Jun 20 04:21:40 gtw01 dnsmasq-dhcp[22736]: DHCPv6, static leases only on 2003::, lease time 1h
Jun 20 04:21:40 gtw01 dnsmasq-dhcp[22736]: DHCPv6, static leases only on 2003:0:0:1::, lease time 1h
Jun 20 04:21:40 gtw01 dnsmasq-dhcp[22736]: DHCPv6, static leases only on 2003:0:0:2::, lease time 1h
Jun 20 04:21:40 gtw01 dnsmasq[22736]: read /var/lib/neutron/dhcp/0697e252-7603-4aea-b2f8-14424897e321/addn_hosts - 4 addresses
Jun 20 04:21:40 gtw01 dnsmasq-dhcp[22736]: read /var/lib/neutron/dhcp/0697e252-7603-4aea-b2f8-14424897e321/host
Jun 20 04:21:40 gtw01 dnsmasq-dhcp[22736]: read /var/lib/neutron/dhcp/0697e252-7603-4aea-b2f8-14424897e321/opts
Jun 20 04:21:41 gtw01 dnsmasq[22758]: started, version 2.80 cachesize 150
Jun 20 04:21:41 gtw01 dnsmasq[22758]: DNS service limited to local subnets
Jun 20 04:21:41 gtw01 dnsmasq[22758]: compile time options: IPv6 GNU-getopt DBus i18n IDN DHCP DHCPv6 no-Lua TFTP conntrack ipset auth DNSSEC loop-detect inotify dumpfile
Jun 20 04:21:41 gtw01 dnsmasq[22758]: warning: no upstream servers configured
Jun 20 04:21:41 gtw01 dnsmasq-dhcp[22758]: DHCP, static leases only on 192.168.123.0, lease time 1h
Jun 20 04:21:41 gtw01 dnsmasq[22758]: read /var/lib/neutron/dhcp/1d21b018-946d-4f75-979e-2d801a49dbc1/addn_hosts - 1 addresses
Jun 20 04:21:41 gtw01 dnsmasq-dhcp[22758]: read /var/lib/neutron/dhcp/1d21b018-946d-4f75-979e-2d801a49dbc1/host
Jun 20 04:21:41 gtw01 dnsmasq-dhcp[22758]: read /var/lib/neutron/dhcp/1d21b018-946d-4f75-979e-2d801a49dbc1/opts
Jun 20 04:21:41 gtw01 haproxy-metadata-proxy-1d21b018-946d-4f75-979e-2d801a49dbc1[22772]: Proxy listener started.
Jun 20 04:21:41 gtw01 dnsmasq[22169]: read /var/lib/neutron/dhcp/28df4925-9ad1-4b7d-881d-60d501cf62d8/addn_hosts - 2 addresses
Jun 20 04:21:41 gtw01 dnsmasq-dhcp[22169]: read /var/lib/neutron/dhcp/28df4925-9ad1-4b7d-881d-60d501cf62d8/host
Jun 20 04:21:41 gtw01 dnsmasq-dhcp[22169]: read /var/lib/neutron/dhcp/28df4925-9ad1-4b7d-881d-60d501cf62d8/opts
Jun 20 04:21:42 gtw01 dnsmasq[22758]: read /var/lib/neutron/dhcp/1d21b018-946d-4f75-979e-2d801a49dbc1/addn_hosts - 2 addresses
Jun 20 04:21:42 gtw01 dnsmasq-dhcp[22758]: read /var/lib/neutron/dhcp/1d21b018-946d-4f75-979e-2d801a49dbc1/host
Jun 20 04:21:42 gtw01 dnsmasq-dhcp[22758]: read /var/lib/neutron/dhcp/1d21b018-946d-4f75-979e-2d801a49dbc1/opts
Jun 20 04:21:42 gtw01 dnsmasq[22169]: read /var/lib/neutron/dhcp/28df4925-9ad1-4b7d-881d-60d501cf62d8/addn_hosts - 2 addresses
Jun 20 04:21:42 gtw01 dnsmasq-dhcp[22169]: read /var/lib/neutron/dhcp/28df4925-9ad1-4b7d-881d-60d501cf62d8/host
Jun 20 04:21:42 gtw01 dnsmasq-dhcp[22169]: read /var/lib/neutron/dhcp/28df4925-9ad1-4b7d-881d-60d501cf62d8/opts
Jun 20 04:21:43 gtw01 kernel: [ 7105.089695] device qr-cd9ca3d3-cc entered promiscuous mode
Jun 20 04:21:43 gtw01 systemd-udevd[22879]: Could not generate persistent MAC address for qr-cd9ca3d3-cc: No such file or directory
Jun 20 04:21:43 gtw01 dnsmasq[22758]: read /var/lib/neutron/dhcp/1d21b018-946d-4f75-979e-2d801a49dbc1/addn_hosts - 2 addresses
Jun 20 04:21:43 gtw01 dnsmasq-dhcp[22758]: read /var/lib/neutron/dhcp/1d21b018-946d-4f75-979e-2d801a49dbc1/host
Jun 20 04:21:43 gtw01 dnsmasq-dhcp[22758]: read /var/lib/neutron/dhcp/1d21b018-946d-4f75-979e-2d801a49dbc1/opts
Jun 20 04:21:43 gtw01 dnsmasq[22169]: read /var/lib/neutron/dhcp/28df4925-9ad1-4b7d-881d-60d501cf62d8/addn_hosts - 2 addresses
Jun 20 04:21:43 gtw01 dnsmasq-dhcp[22169]: read /var/lib/neutron/dhcp/28df4925-9ad1-4b7d-881d-60d501cf62d8/host
Jun 20 04:21:43 gtw01 dnsmasq-dhcp[22169]: read /var/lib/neutron/dhcp/28df4925-9ad1-4b7d-881d-60d501cf62d8/opts
Jun 20 04:21:44 gtw01 dnsmasq[23007]: started, version 2.80 cachesize 150
Jun 20 04:21:44 gtw01 dnsmasq[23007]: DNS service limited to local subnets
Jun 20 04:21:44 gtw01 dnsmasq[23007]: compile time options: IPv6 GNU-getopt DBus i18n IDN DHCP DHCPv6 no-Lua TFTP conntrack ipset auth DNSSEC loop-detect inotify dumpfile
Jun 20 04:21:44 gtw01 dnsmasq[23007]: warning: no upstream servers configured
Jun 20 04:21:44 gtw01 dnsmasq-dhcp[23007]: DHCPv6, static leases only on 2003:0:0:1::, lease time 1h
Jun 20 04:21:44 gtw01 dnsmasq[23007]: read /var/lib/neutron/dhcp/0697e252-7603-4aea-b2f8-14424897e321/addn_hosts - 1 addresses
Jun 20 04:21:44 gtw01 dnsmasq-dhcp[23007]: read /var/lib/neutron/dhcp/0697e252-7603-4aea-b2f8-14424897e321/host
Jun 20 04:21:44 gtw01 dnsmasq-dhcp[23007]: read /var/lib/neutron/dhcp/0697e252-7603-4aea-b2f8-14424897e321/opts
Jun 20 04:21:44 gtw01 kernel: [ 7106.134680] IPv4: martian source 192.168.123.1 from 192.168.123.1, on dev qr-49c0d27e-db
Jun 20 04:21:44 gtw01 kernel: [ 7106.134684] ll header: 00000000: ff ff ff ff ff ff fa 16 3e 49 60 da 08 06        ........>I`...
Jun 20 04:21:44 gtw01 dnsmasq[22758]: read /var/lib/neutron/dhcp/1d21b018-946d-4f75-979e-2d801a49dbc1/addn_hosts - 2 addresses
Jun 20 04:21:44 gtw01 dnsmasq-dhcp[22758]: read /var/lib/neutron/dhcp/1d21b018-946d-4f75-979e-2d801a49dbc1/host
Jun 20 04:21:44 gtw01 dnsmasq-dhcp[22758]: read /var/lib/neutron/dhcp/1d21b018-946d-4f75-979e-2d801a49dbc1/opts
Jun 20 04:21:44 gtw01 kernel: [ 7106.375669] device tapd8061c18-f4 left promiscuous mode
Jun 20 04:21:45 gtw01 dnsmasq[22758]: read /var/lib/neutron/dhcp/1d21b018-946d-4f75-979e-2d801a49dbc1/addn_hosts - 2 addresses
Jun 20 04:21:45 gtw01 dnsmasq-dhcp[22758]: read /var/lib/neutron/dhcp/1d21b018-946d-4f75-979e-2d801a49dbc1/host
Jun 20 04:21:45 gtw01 dnsmasq-dhcp[22758]: read /var/lib/neutron/dhcp/1d21b018-946d-4f75-979e-2d801a49dbc1/opts
Jun 20 04:21:46 gtw01 dnsmasq[22758]: read /var/lib/neutron/dhcp/1d21b018-946d-4f75-979e-2d801a49dbc1/addn_hosts - 2 addresses
Jun 20 04:21:46 gtw01 dnsmasq-dhcp[22758]: read /var/lib/neutron/dhcp/1d21b018-946d-4f75-979e-2d801a49dbc1/host
Jun 20 04:21:46 gtw01 dnsmasq-dhcp[22758]: read /var/lib/neutron/dhcp/1d21b018-946d-4f75-979e-2d801a49dbc1/opts
Jun 20 04:21:46 gtw01 systemd-udevd[23107]: Could not generate persistent MAC address for tape1f1f4e5-ce: No such file or directory
Jun 20 04:21:46 gtw01 kernel: [ 7108.087469] device tape1f1f4e5-ce entered promiscuous mode
Jun 20 04:21:46 gtw01 systemd-udevd[23176]: Process '/sbin/ip link set tape1f1f4e5-ce txqueuelen 10000' failed with exit code 1.
Jun 20 04:21:46 gtw01 kernel: [ 7108.646598] IPv4: martian source 192.168.123.1 from 192.168.123.1, on dev qr-49c0d27e-db
Jun 20 04:21:46 gtw01 kernel: [ 7108.646601] ll header: 00000000: ff ff ff ff ff ff fa 16 3e 49 60 da 08 06        ........>I`...
Jun 20 04:21:47 gtw01 kernel: [ 7109.152373] device qr-cd9ca3d3-cc left promiscuous mode
Jun 20 04:21:47 gtw01 kernel: [ 7109.310389] device tap9937ba19-84 left promiscuous mode
Jun 20 04:21:49 gtw01 dnsmasq[23344]: started, version 2.80 cachesize 150
Jun 20 04:21:49 gtw01 dnsmasq[23344]: DNS service limited to local subnets
Jun 20 04:21:49 gtw01 dnsmasq[23344]: compile time options: IPv6 GNU-getopt DBus i18n IDN DHCP DHCPv6 no-Lua TFTP conntrack ipset auth DNSSEC loop-detect inotify dumpfile
Jun 20 04:21:49 gtw01 dnsmasq[23344]: warning: no upstream servers configured
Jun 20 04:21:49 gtw01 dnsmasq-dhcp[23344]: DHCP, static leases only on 192.168.120.0, lease time 1h
Jun 20 04:21:49 gtw01 dnsmasq[23344]: read /var/lib/neutron/dhcp/4ef2bbb0-1eef-4d35-9057-87c14b8322a1/addn_hosts - 1 addresses
Jun 20 04:21:49 gtw01 dnsmasq-dhcp[23344]: read /var/lib/neutron/dhcp/4ef2bbb0-1eef-4d35-9057-87c14b8322a1/host
Jun 20 04:21:49 gtw01 dnsmasq-dhcp[23344]: read /var/lib/neutron/dhcp/4ef2bbb0-1eef-4d35-9057-87c14b8322a1/opts
Jun 20 04:21:49 gtw01 haproxy-metadata-proxy-4ef2bbb0-1eef-4d35-9057-87c14b8322a1[23348]: Proxy listener started.
Jun 20 04:21:50 gtw01 dnsmasq[22169]: read /var/lib/neutron/dhcp/28df4925-9ad1-4b7d-881d-60d501cf62d8/addn_hosts - 1 addresses
Jun 20 04:21:50 gtw01 dnsmasq-dhcp[22169]: read /var/lib/neutron/dhcp/28df4925-9ad1-4b7d-881d-60d501cf62d8/host
Jun 20 04:21:50 gtw01 dnsmasq-dhcp[22169]: read /var/lib/neutron/dhcp/28df4925-9ad1-4b7d-881d-60d501cf62d8/opts
Jun 20 04:21:50 gtw01 dnsmasq[23344]: read /var/lib/neutron/dhcp/4ef2bbb0-1eef-4d35-9057-87c14b8322a1/addn_hosts - 3 addresses
Jun 20 04:21:50 gtw01 dnsmasq-dhcp[23344]: read /var/lib/neutron/dhcp/4ef2bbb0-1eef-4d35-9057-87c14b8322a1/host
Jun 20 04:21:50 gtw01 dnsmasq-dhcp[23344]: read /var/lib/neutron/dhcp/4ef2bbb0-1eef-4d35-9057-87c14b8322a1/opts
Jun 20 04:21:51 gtw01 haproxy-metadata-proxy-28df4925-9ad1-4b7d-881d-60d501cf62d8[23386]: Proxy listener started.
Jun 20 04:21:51 gtw01 dnsmasq[23344]: read /var/lib/neutron/dhcp/4ef2bbb0-1eef-4d35-9057-87c14b8322a1/addn_hosts - 3 addresses
Jun 20 04:21:51 gtw01 dnsmasq-dhcp[23344]: read /var/lib/neutron/dhcp/4ef2bbb0-1eef-4d35-9057-87c14b8322a1/host
Jun 20 04:21:51 gtw01 dnsmasq-dhcp[23344]: read /var/lib/neutron/dhcp/4ef2bbb0-1eef-4d35-9057-87c14b8322a1/opts
Jun 20 04:21:52 gtw01 kernel: [ 7114.283423] device qr-49c0d27e-db left promiscuous mode
Jun 20 04:21:52 gtw01 dnsmasq[23344]: read /var/lib/neutron/dhcp/4ef2bbb0-1eef-4d35-9057-87c14b8322a1/addn_hosts - 3 addresses
Jun 20 04:21:52 gtw01 dnsmasq-dhcp[23344]: read /var/lib/neutron/dhcp/4ef2bbb0-1eef-4d35-9057-87c14b8322a1/host
Jun 20 04:21:52 gtw01 dnsmasq-dhcp[23344]: read /var/lib/neutron/dhcp/4ef2bbb0-1eef-4d35-9057-87c14b8322a1/opts
Jun 20 04:21:53 gtw01 kernel: [ 7115.364102] device tap07fc58aa-f1 left promiscuous mode
Jun 20 04:21:53 gtw01 dnsmasq[23344]: read /var/lib/neutron/dhcp/4ef2bbb0-1eef-4d35-9057-87c14b8322a1/addn_hosts - 3 addresses
Jun 20 04:21:53 gtw01 dnsmasq-dhcp[23344]: read /var/lib/neutron/dhcp/4ef2bbb0-1eef-4d35-9057-87c14b8322a1/host
Jun 20 04:21:53 gtw01 dnsmasq-dhcp[23344]: read /var/lib/neutron/dhcp/4ef2bbb0-1eef-4d35-9057-87c14b8322a1/opts
Jun 20 04:21:54 gtw01 dnsmasq[23344]: read /var/lib/neutron/dhcp/4ef2bbb0-1eef-4d35-9057-87c14b8322a1/addn_hosts - 3 addresses
Jun 20 04:21:54 gtw01 dnsmasq-dhcp[23344]: read /var/lib/neutron/dhcp/4ef2bbb0-1eef-4d35-9057-87c14b8322a1/host
Jun 20 04:21:54 gtw01 dnsmasq-dhcp[23344]: read /var/lib/neutron/dhcp/4ef2bbb0-1eef-4d35-9057-87c14b8322a1/opts
Jun 20 04:21:55 gtw01 dnsmasq[23344]: read /var/lib/neutron/dhcp/4ef2bbb0-1eef-4d35-9057-87c14b8322a1/addn_hosts - 3 addresses
Jun 20 04:21:55 gtw01 dnsmasq-dhcp[23344]: read /var/lib/neutron/dhcp/4ef2bbb0-1eef-4d35-9057-87c14b8322a1/host
Jun 20 04:21:55 gtw01 dnsmasq-dhcp[23344]: read /var/lib/neutron/dhcp/4ef2bbb0-1eef-4d35-9057-87c14b8322a1/opts
Jun 20 04:21:56 gtw01 dnsmasq[21482]: read /var/lib/neutron/dhcp/660e5ee0-d091-4b0d-bbc5-5a6a6637189c/addn_hosts - 1 addresses
Jun 20 04:21:56 gtw01 dnsmasq-dhcp[21482]: read /var/lib/neutron/dhcp/660e5ee0-d091-4b0d-bbc5-5a6a6637189c/host
Jun 20 04:21:56 gtw01 dnsmasq-dhcp[21482]: read /var/lib/neutron/dhcp/660e5ee0-d091-4b0d-bbc5-5a6a6637189c/opts
Jun 20 04:21:56 gtw01 dnsmasq[23344]: read /var/lib/neutron/dhcp/4ef2bbb0-1eef-4d35-9057-87c14b8322a1/addn_hosts - 2 addresses
Jun 20 04:21:56 gtw01 dnsmasq-dhcp[23344]: read /var/lib/neutron/dhcp/4ef2bbb0-1eef-4d35-9057-87c14b8322a1/host
Jun 20 04:21:56 gtw01 dnsmasq-dhcp[23344]: read /var/lib/neutron/dhcp/4ef2bbb0-1eef-4d35-9057-87c14b8322a1/opts
Jun 20 04:21:57 gtw01 haproxy-metadata-proxy-660e5ee0-d091-4b0d-bbc5-5a6a6637189c[23626]: Proxy listener started.
Jun 20 04:21:57 gtw01 dnsmasq[23344]: read /var/lib/neutron/dhcp/4ef2bbb0-1eef-4d35-9057-87c14b8322a1/addn_hosts - 1 addresses
Jun 20 04:21:57 gtw01 dnsmasq-dhcp[23344]: read /var/lib/neutron/dhcp/4ef2bbb0-1eef-4d35-9057-87c14b8322a1/host
Jun 20 04:21:57 gtw01 dnsmasq-dhcp[23344]: read /var/lib/neutron/dhcp/4ef2bbb0-1eef-4d35-9057-87c14b8322a1/opts
Jun 20 04:21:58 gtw01 haproxy-metadata-proxy-4ef2bbb0-1eef-4d35-9057-87c14b8322a1[23648]: Proxy listener started.
Jun 20 04:21:58 gtw01 kernel: [ 7120.483228] device qr-99982f77-fc left promiscuous mode
Jun 20 04:21:59 gtw01 kernel: [ 7121.181631] device tap869cba55-fc left promiscuous mode
Jun 20 04:21:59 gtw01 systemd-udevd[23700]: Could not generate persistent MAC address for tapb3712407-e3: No such file or directory
Jun 20 04:21:59 gtw01 kernel: [ 7121.343497] device tapb3712407-e3 entered promiscuous mode
Jun 20 04:21:59 gtw01 systemd-udevd[23700]: Process '/sbin/ip link set tapb3712407-e3 txqueuelen 10000' failed with exit code 1.
Jun 20 04:21:59 gtw01 systemd-udevd[23700]: Process '/sbin/ip link set tapb3712407-e3 txqueuelen 10000' failed with exit code 1.
Jun 20 04:22:00 gtw01 kernel: [ 7121.897781] device tape1f1f4e5-ce left promiscuous mode
Jun 20 04:22:02 gtw01 dnsmasq[20975]: read /var/lib/neutron/dhcp/8fd38dbd-e67f-4807-9f37-5c4d2de31f5c/addn_hosts - 1 addresses
Jun 20 04:22:02 gtw01 dnsmasq-dhcp[20975]: read /var/lib/neutron/dhcp/8fd38dbd-e67f-4807-9f37-5c4d2de31f5c/host
Jun 20 04:22:02 gtw01 dnsmasq-dhcp[20975]: read /var/lib/neutron/dhcp/8fd38dbd-e67f-4807-9f37-5c4d2de31f5c/opts
Jun 20 04:22:02 gtw01 dnsmasq[23919]: started, version 2.80 cachesize 150
Jun 20 04:22:02 gtw01 dnsmasq[23919]: DNS service limited to local subnets
Jun 20 04:22:02 gtw01 dnsmasq[23919]: compile time options: IPv6 GNU-getopt DBus i18n IDN DHCP DHCPv6 no-Lua TFTP conntrack ipset auth DNSSEC loop-detect inotify dumpfile
Jun 20 04:22:02 gtw01 dnsmasq[23919]: warning: no upstream servers configured
Jun 20 04:22:02 gtw01 dnsmasq-dhcp[23919]: DHCP, static leases only on 192.168.120.0, lease time 1h
Jun 20 04:22:02 gtw01 dnsmasq[23919]: read /var/lib/neutron/dhcp/85c0a3ed-bc87-4424-b2de-6bba9f09108a/addn_hosts - 1 addresses
Jun 20 04:22:02 gtw01 dnsmasq-dhcp[23919]: read /var/lib/neutron/dhcp/85c0a3ed-bc87-4424-b2de-6bba9f09108a/host
Jun 20 04:22:02 gtw01 dnsmasq-dhcp[23919]: read /var/lib/neutron/dhcp/85c0a3ed-bc87-4424-b2de-6bba9f09108a/opts
Jun 20 04:22:03 gtw01 haproxy-metadata-proxy-85c0a3ed-bc87-4424-b2de-6bba9f09108a[23929]: Proxy listener started.
Jun 20 04:22:03 gtw01 haproxy-metadata-proxy-8fd38dbd-e67f-4807-9f37-5c4d2de31f5c[23931]: Proxy listener started.
Jun 20 04:22:03 gtw01 kernel: [ 7125.334270] device tapb3712407-e3 left promiscuous mode
Jun 20 04:22:03 gtw01 kernel: [ 7125.372727] device qr-db931e89-2f left promiscuous mode
Jun 20 04:22:06 gtw01 systemd-udevd[24016]: Could not generate persistent MAC address for tapead6f0f7-4d: No such file or directory
Jun 20 04:22:06 gtw01 kernel: [ 7127.756336] device tapead6f0f7-4d entered promiscuous mode
Jun 20 04:22:06 gtw01 systemd-udevd[24016]: Process '/sbin/ip link set tapead6f0f7-4d txqueuelen 10000' failed with exit code 1.
Jun 20 04:22:06 gtw01 systemd-udevd[24016]: Process '/sbin/ip link set tapead6f0f7-4d txqueuelen 10000' failed with exit code 1.
Jun 20 04:22:09 gtw01 dnsmasq[24214]: started, version 2.80 cachesize 150
Jun 20 04:22:09 gtw01 dnsmasq[24214]: DNS service limited to local subnets
Jun 20 04:22:09 gtw01 dnsmasq[24214]: compile time options: IPv6 GNU-getopt DBus i18n IDN DHCP DHCPv6 no-Lua TFTP conntrack ipset auth DNSSEC loop-detect inotify dumpfile
Jun 20 04:22:09 gtw01 dnsmasq[24214]: warning: no upstream servers configured
Jun 20 04:22:09 gtw01 dnsmasq-dhcp[24214]: DHCP, static leases only on 192.168.120.0, lease time 1h
Jun 20 04:22:09 gtw01 dnsmasq[24214]: read /var/lib/neutron/dhcp/74b36713-ded2-4a04-bb32-39a0286148c1/addn_hosts - 1 addresses
Jun 20 04:22:09 gtw01 dnsmasq-dhcp[24214]: read /var/lib/neutron/dhcp/74b36713-ded2-4a04-bb32-39a0286148c1/host
Jun 20 04:22:09 gtw01 dnsmasq-dhcp[24214]: read /var/lib/neutron/dhcp/74b36713-ded2-4a04-bb32-39a0286148c1/opts
Jun 20 04:22:09 gtw01 haproxy-metadata-proxy-74b36713-ded2-4a04-bb32-39a0286148c1[24227]: Proxy listener started.
Jun 20 04:22:10 gtw01 kernel: [ 7131.804424] device tap64452bab-57 left promiscuous mode
Jun 20 04:22:10 gtw01 kernel: [ 7131.830235] device tapead6f0f7-4d left promiscuous mode
Jun 20 04:22:14 gtw01 systemd-udevd[24389]: Could not generate persistent MAC address for tap9e2ccb1f-92: No such file or directory
Jun 20 04:22:14 gtw01 kernel: [ 7136.643591] device tap9e2ccb1f-92 entered promiscuous mode
Jun 20 04:22:15 gtw01 systemd-udevd[24460]: Process '/sbin/ip link set tap9e2ccb1f-92 txqueuelen 10000' failed with exit code 1.
Jun 20 04:22:15 gtw01 haproxy-metadata-proxy-f4b412bd-bee6-49e1-aaa8-2e9f17920450[24486]: Proxy listener started.
Jun 20 04:22:15 gtw01 systemd-udevd[24495]: Could not generate persistent MAC address for tapca387148-c9: No such file or directory
Jun 20 04:22:15 gtw01 kernel: [ 7137.027621] device tapca387148-c9 entered promiscuous mode
Jun 20 04:22:15 gtw01 systemd-udevd[24495]: Process '/sbin/ip link set tapca387148-c9 txqueuelen 10000' failed with exit code 1.
Jun 20 04:22:15 gtw01 systemd-udevd[24574]: Process '/sbin/ip link set tapca387148-c9 txqueuelen 10000' failed with exit code 1.
Jun 20 04:22:18 gtw01 dnsmasq[24727]: started, version 2.80 cachesize 150
Jun 20 04:22:18 gtw01 dnsmasq[24727]: DNS service limited to local subnets
Jun 20 04:22:18 gtw01 dnsmasq[24727]: compile time options: IPv6 GNU-getopt DBus i18n IDN DHCP DHCPv6 no-Lua TFTP conntrack ipset auth DNSSEC loop-detect inotify dumpfile
Jun 20 04:22:18 gtw01 dnsmasq[24727]: warning: no upstream servers configured
Jun 20 04:22:18 gtw01 dnsmasq-dhcp[24727]: DHCP, static leases only on 192.168.120.0, lease time 1h
Jun 20 04:22:18 gtw01 dnsmasq[24727]: read /var/lib/neutron/dhcp/a14997cc-a760-47b0-8177-b781a7819199/addn_hosts - 1 addresses
Jun 20 04:22:18 gtw01 dnsmasq-dhcp[24727]: read /var/lib/neutron/dhcp/a14997cc-a760-47b0-8177-b781a7819199/host
Jun 20 04:22:18 gtw01 dnsmasq-dhcp[24727]: read /var/lib/neutron/dhcp/a14997cc-a760-47b0-8177-b781a7819199/opts
Jun 20 04:22:18 gtw01 haproxy-metadata-proxy-a14997cc-a760-47b0-8177-b781a7819199[24742]: Proxy listener started.
Jun 20 04:22:18 gtw01 dnsmasq[24748]: started, version 2.80 cachesize 150
Jun 20 04:22:18 gtw01 dnsmasq[24748]: DNS service limited to local subnets
Jun 20 04:22:18 gtw01 dnsmasq[24748]: compile time options: IPv6 GNU-getopt DBus i18n IDN DHCP DHCPv6 no-Lua TFTP conntrack ipset auth DNSSEC loop-detect inotify dumpfile
Jun 20 04:22:18 gtw01 dnsmasq[24748]: warning: no upstream servers configured
Jun 20 04:22:18 gtw01 dnsmasq-dhcp[24748]: DHCP, static leases only on 192.168.120.16, lease time 1h
Jun 20 04:22:18 gtw01 dnsmasq[24748]: read /var/lib/neutron/dhcp/a6a6be74-7264-4879-8c87-d4b10ff95fb9/addn_hosts - 1 addresses
Jun 20 04:22:18 gtw01 dnsmasq-dhcp[24748]: read /var/lib/neutron/dhcp/a6a6be74-7264-4879-8c87-d4b10ff95fb9/host
Jun 20 04:22:18 gtw01 dnsmasq-dhcp[24748]: read /var/lib/neutron/dhcp/a6a6be74-7264-4879-8c87-d4b10ff95fb9/opts
Jun 20 04:22:18 gtw01 haproxy-metadata-proxy-a6a6be74-7264-4879-8c87-d4b10ff95fb9[24756]: Proxy listener started.
Jun 20 04:22:19 gtw01 systemd-udevd[24773]: Could not generate persistent MAC address for tapcee15dc7-d7: No such file or directory
Jun 20 04:22:19 gtw01 kernel: [ 7140.944986] device tapcee15dc7-d7 entered promiscuous mode
Jun 20 04:22:19 gtw01 systemd-udevd[24773]: Process '/sbin/ip link set tapcee15dc7-d7 txqueuelen 10000' failed with exit code 1.
Jun 20 04:22:19 gtw01 systemd-udevd[24851]: Process '/sbin/ip link set tapcee15dc7-d7 txqueuelen 10000' failed with exit code 1.
Jun 20 04:22:19 gtw01 kernel: [ 7141.200127] device tapca387148-c9 left promiscuous mode
Jun 20 04:22:19 gtw01 kernel: [ 7141.279524] device tap9e2ccb1f-92 left promiscuous mode
Jun 20 04:22:22 gtw01 dnsmasq[24965]: started, version 2.80 cachesize 150
Jun 20 04:22:22 gtw01 dnsmasq[24965]: DNS service limited to local subnets
Jun 20 04:22:22 gtw01 dnsmasq[24965]: compile time options: IPv6 GNU-getopt DBus i18n IDN DHCP DHCPv6 no-Lua TFTP conntrack ipset auth DNSSEC loop-detect inotify dumpfile
Jun 20 04:22:22 gtw01 dnsmasq[24965]: warning: no upstream servers configured
Jun 20 04:22:22 gtw01 dnsmasq-dhcp[24965]: DHCP, static leases only on 192.168.120.0, lease time 1h
Jun 20 04:22:22 gtw01 dnsmasq[24965]: read /var/lib/neutron/dhcp/daad942c-8cb3-4a95-86bd-64773864e14b/addn_hosts - 1 addresses
Jun 20 04:22:22 gtw01 dnsmasq-dhcp[24965]: read /var/lib/neutron/dhcp/daad942c-8cb3-4a95-86bd-64773864e14b/host
Jun 20 04:22:22 gtw01 dnsmasq-dhcp[24965]: read /var/lib/neutron/dhcp/daad942c-8cb3-4a95-86bd-64773864e14b/opts
Jun 20 04:22:22 gtw01 haproxy-metadata-proxy-daad942c-8cb3-4a95-86bd-64773864e14b[24969]: Proxy listener started.
Jun 20 04:22:27 gtw01 dnsmasq[25034]: started, version 2.80 cachesize 150
Jun 20 04:22:27 gtw01 dnsmasq[25034]: DNS service limited to local subnets
Jun 20 04:22:27 gtw01 dnsmasq[25034]: compile time options: IPv6 GNU-getopt DBus i18n IDN DHCP DHCPv6 no-Lua TFTP conntrack ipset auth DNSSEC loop-detect inotify dumpfile
Jun 20 04:22:27 gtw01 dnsmasq[25034]: warning: no upstream servers configured
Jun 20 04:22:27 gtw01 dnsmasq-dhcp[25034]: DHCP, static leases only on 192.168.120.16, lease time 1h
Jun 20 04:22:27 gtw01 dnsmasq-dhcp[25034]: DHCP, static leases only on 192.168.120.0, lease time 1h
Jun 20 04:22:27 gtw01 dnsmasq[25034]: read /var/lib/neutron/dhcp/daad942c-8cb3-4a95-86bd-64773864e14b/addn_hosts - 4 addresses
Jun 20 04:22:27 gtw01 dnsmasq-dhcp[25034]: read /var/lib/neutron/dhcp/daad942c-8cb3-4a95-86bd-64773864e14b/host
Jun 20 04:22:27 gtw01 dnsmasq-dhcp[25034]: read /var/lib/neutron/dhcp/daad942c-8cb3-4a95-86bd-64773864e14b/opts
Jun 20 04:22:27 gtw01 kernel: [ 7149.418196] device tapcee15dc7-d7 left promiscuous mode
Jun 20 04:22:30 gtw01 kernel: [ 7152.117857] device tapb9cb372f-80 entered promiscuous mode
Jun 20 04:22:30 gtw01 systemd-udevd[25089]: Could not generate persistent MAC address for tapb9cb372f-80: No such file or directory
Jun 20 04:22:30 gtw01 systemd-udevd[25089]: Process '/sbin/ip link set tapb9cb372f-80 txqueuelen 10000' failed with exit code 1.
Jun 20 04:22:30 gtw01 systemd-udevd[25162]: Process '/sbin/ip link set tapb9cb372f-80 txqueuelen 10000' failed with exit code 1.
Jun 20 04:22:31 gtw01 systemd-udevd[25231]: Could not generate persistent MAC address for tap35353e0b-54: No such file or directory
Jun 20 04:22:31 gtw01 kernel: [ 7153.632705] device tap35353e0b-54 entered promiscuous mode
Jun 20 04:22:31 gtw01 systemd-udevd[25231]: Process '/sbin/ip link set tap35353e0b-54 txqueuelen 10000' failed with exit code 1.
Jun 20 04:22:32 gtw01 systemd-udevd[25231]: Process '/sbin/ip link set tap35353e0b-54 txqueuelen 10000' failed with exit code 1.
Jun 20 04:22:32 gtw01 systemd-udevd[25352]: Could not generate persistent MAC address for tapea9043b7-9a: No such file or directory
Jun 20 04:22:32 gtw01 kernel: [ 7154.111914] device tapea9043b7-9a entered promiscuous mode
Jun 20 04:22:32 gtw01 systemd-udevd[25423]: Process '/sbin/ip link set tapea9043b7-9a txqueuelen 10000' failed with exit code 1.
Jun 20 04:22:33 gtw01 systemd-udevd[25478]: Could not generate persistent MAC address for tap6280c2df-9b: No such file or directory
Jun 20 04:22:33 gtw01 kernel: [ 7154.928601] device tap6280c2df-9b entered promiscuous mode
Jun 20 04:22:33 gtw01 systemd-udevd[25478]: Process '/sbin/ip link set tap6280c2df-9b txqueuelen 10000' failed with exit code 1.
Jun 20 04:22:33 gtw01 systemd-udevd[25558]: Process '/sbin/ip link set tap6280c2df-9b txqueuelen 10000' failed with exit code 1.
Jun 20 04:22:33 gtw01 dnsmasq[25616]: started, version 2.80 cachesize 150
Jun 20 04:22:33 gtw01 dnsmasq[25616]: DNS service limited to local subnets
Jun 20 04:22:33 gtw01 dnsmasq[25616]: compile time options: IPv6 GNU-getopt DBus i18n IDN DHCP DHCPv6 no-Lua TFTP conntrack ipset auth DNSSEC loop-detect inotify dumpfile
Jun 20 04:22:33 gtw01 dnsmasq[25616]: warning: no upstream servers configured
Jun 20 04:22:33 gtw01 dnsmasq-dhcp[25616]: DHCPv6, static leases only on 2003::, lease time 1h
Jun 20 04:22:33 gtw01 dnsmasq[25616]: read /var/lib/neutron/dhcp/ef8cba2b-035f-486b-98d9-db41890610a9/addn_hosts - 1 addresses
Jun 20 04:22:33 gtw01 dnsmasq-dhcp[25616]: read /var/lib/neutron/dhcp/ef8cba2b-035f-486b-98d9-db41890610a9/host
Jun 20 04:22:33 gtw01 dnsmasq-dhcp[25616]: read /var/lib/neutron/dhcp/ef8cba2b-035f-486b-98d9-db41890610a9/opts
Jun 20 04:22:34 gtw01 dnsmasq[25616]: read /var/lib/neutron/dhcp/ef8cba2b-035f-486b-98d9-db41890610a9/addn_hosts - 1 addresses
Jun 20 04:22:34 gtw01 dnsmasq-dhcp[25616]: read /var/lib/neutron/dhcp/ef8cba2b-035f-486b-98d9-db41890610a9/host
Jun 20 04:22:34 gtw01 dnsmasq-dhcp[25616]: read /var/lib/neutron/dhcp/ef8cba2b-035f-486b-98d9-db41890610a9/opts
Jun 20 04:22:35 gtw01 dnsmasq[25715]: started, version 2.80 cachesize 150
Jun 20 04:22:35 gtw01 dnsmasq[25715]: DNS service limited to local subnets
Jun 20 04:22:35 gtw01 dnsmasq[25715]: compile time options: IPv6 GNU-getopt DBus i18n IDN DHCP DHCPv6 no-Lua TFTP conntrack ipset auth DNSSEC loop-detect inotify dumpfile
Jun 20 04:22:35 gtw01 dnsmasq[25715]: warning: no upstream servers configured
Jun 20 04:22:35 gtw01 dnsmasq-dhcp[25715]: DHCP, static leases only on 192.168.120.0, lease time 1h
Jun 20 04:22:35 gtw01 dnsmasq[25715]: read /var/lib/neutron/dhcp/a3a6f283-430d-44e8-b300-8e95fe90f332/addn_hosts - 1 addresses
Jun 20 04:22:35 gtw01 dnsmasq-dhcp[25715]: read /var/lib/neutron/dhcp/a3a6f283-430d-44e8-b300-8e95fe90f332/host
Jun 20 04:22:35 gtw01 dnsmasq-dhcp[25715]: read /var/lib/neutron/dhcp/a3a6f283-430d-44e8-b300-8e95fe90f332/opts
Jun 20 04:22:35 gtw01 haproxy-metadata-proxy-a3a6f283-430d-44e8-b300-8e95fe90f332[25735]: Proxy listener started.
Jun 20 04:22:35 gtw01 dnsmasq[25616]: read /var/lib/neutron/dhcp/ef8cba2b-035f-486b-98d9-db41890610a9/addn_hosts - 1 addresses
Jun 20 04:22:35 gtw01 dnsmasq-dhcp[25616]: read /var/lib/neutron/dhcp/ef8cba2b-035f-486b-98d9-db41890610a9/host
Jun 20 04:22:35 gtw01 dnsmasq-dhcp[25616]: read /var/lib/neutron/dhcp/ef8cba2b-035f-486b-98d9-db41890610a9/opts
Jun 20 04:22:36 gtw01 dnsmasq[25754]: started, version 2.80 cachesize 150
Jun 20 04:22:36 gtw01 dnsmasq[25754]: DNS service limited to local subnets
Jun 20 04:22:36 gtw01 dnsmasq[25754]: compile time options: IPv6 GNU-getopt DBus i18n IDN DHCP DHCPv6 no-Lua TFTP conntrack ipset auth DNSSEC loop-detect inotify dumpfile
Jun 20 04:22:36 gtw01 dnsmasq[25754]: warning: no upstream servers configured
Jun 20 04:22:36 gtw01 dnsmasq-dhcp[25754]: DHCPv6, static leases only on 2003::, lease time 1h
Jun 20 04:22:36 gtw01 dnsmasq[25754]: read /var/lib/neutron/dhcp/365f7eb8-4140-4541-9985-3495b85aa908/addn_hosts - 1 addresses
Jun 20 04:22:36 gtw01 dnsmasq-dhcp[25754]: read /var/lib/neutron/dhcp/365f7eb8-4140-4541-9985-3495b85aa908/host
Jun 20 04:22:36 gtw01 dnsmasq-dhcp[25754]: read /var/lib/neutron/dhcp/365f7eb8-4140-4541-9985-3495b85aa908/opts
Jun 20 04:22:36 gtw01 kernel: [ 7158.326741] device tap35353e0b-54 left promiscuous mode
Jun 20 04:22:36 gtw01 dnsmasq[25799]: started, version 2.80 cachesize 150
Jun 20 04:22:36 gtw01 dnsmasq[25799]: DNS service limited to local subnets
Jun 20 04:22:36 gtw01 dnsmasq[25799]: compile time options: IPv6 GNU-getopt DBus i18n IDN DHCP DHCPv6 no-Lua TFTP conntrack ipset auth DNSSEC loop-detect inotify dumpfile
Jun 20 04:22:36 gtw01 dnsmasq[25799]: warning: no upstream servers configured
Jun 20 04:22:36 gtw01 dnsmasq-dhcp[25799]: DHCPv6, static leases only on 2003::, lease time 1h
Jun 20 04:22:36 gtw01 dnsmasq[25799]: read /var/lib/neutron/dhcp/30f94ece-ee76-4499-9fce-02bd09ced73b/addn_hosts - 1 addresses
Jun 20 04:22:36 gtw01 dnsmasq-dhcp[25799]: read /var/lib/neutron/dhcp/30f94ece-ee76-4499-9fce-02bd09ced73b/host
Jun 20 04:22:36 gtw01 dnsmasq-dhcp[25799]: read /var/lib/neutron/dhcp/30f94ece-ee76-4499-9fce-02bd09ced73b/opts
Jun 20 04:22:36 gtw01 dnsmasq[25754]: read /var/lib/neutron/dhcp/365f7eb8-4140-4541-9985-3495b85aa908/addn_hosts - 2 addresses
Jun 20 04:22:36 gtw01 dnsmasq-dhcp[25754]: read /var/lib/neutron/dhcp/365f7eb8-4140-4541-9985-3495b85aa908/host
Jun 20 04:22:36 gtw01 dnsmasq-dhcp[25754]: read /var/lib/neutron/dhcp/365f7eb8-4140-4541-9985-3495b85aa908/opts
Jun 20 04:22:37 gtw01 dnsmasq[25616]: read /var/lib/neutron/dhcp/ef8cba2b-035f-486b-98d9-db41890610a9/addn_hosts - 1 addresses
Jun 20 04:22:37 gtw01 dnsmasq-dhcp[25616]: read /var/lib/neutron/dhcp/ef8cba2b-035f-486b-98d9-db41890610a9/host
Jun 20 04:22:37 gtw01 dnsmasq-dhcp[25616]: read /var/lib/neutron/dhcp/ef8cba2b-035f-486b-98d9-db41890610a9/opts
Jun 20 04:22:37 gtw01 dnsmasq[25799]: read /var/lib/neutron/dhcp/30f94ece-ee76-4499-9fce-02bd09ced73b/addn_hosts - 1 addresses
Jun 20 04:22:37 gtw01 dnsmasq-dhcp[25799]: read /var/lib/neutron/dhcp/30f94ece-ee76-4499-9fce-02bd09ced73b/host
Jun 20 04:22:37 gtw01 dnsmasq-dhcp[25799]: read /var/lib/neutron/dhcp/30f94ece-ee76-4499-9fce-02bd09ced73b/opts
Jun 20 04:22:37 gtw01 dnsmasq[25754]: read /var/lib/neutron/dhcp/365f7eb8-4140-4541-9985-3495b85aa908/addn_hosts - 2 addresses
Jun 20 04:22:37 gtw01 dnsmasq-dhcp[25754]: read /var/lib/neutron/dhcp/365f7eb8-4140-4541-9985-3495b85aa908/host
Jun 20 04:22:37 gtw01 dnsmasq-dhcp[25754]: read /var/lib/neutron/dhcp/365f7eb8-4140-4541-9985-3495b85aa908/opts
Jun 20 04:22:38 gtw01 dnsmasq[25799]: read /var/lib/neutron/dhcp/30f94ece-ee76-4499-9fce-02bd09ced73b/addn_hosts - 1 addresses
Jun 20 04:22:38 gtw01 dnsmasq-dhcp[25799]: read /var/lib/neutron/dhcp/30f94ece-ee76-4499-9fce-02bd09ced73b/host
Jun 20 04:22:38 gtw01 dnsmasq-dhcp[25799]: read /var/lib/neutron/dhcp/30f94ece-ee76-4499-9fce-02bd09ced73b/opts
Jun 20 04:22:38 gtw01 dnsmasq[25754]: read /var/lib/neutron/dhcp/365f7eb8-4140-4541-9985-3495b85aa908/addn_hosts - 2 addresses
Jun 20 04:22:38 gtw01 dnsmasq-dhcp[25754]: read /var/lib/neutron/dhcp/365f7eb8-4140-4541-9985-3495b85aa908/host
Jun 20 04:22:38 gtw01 dnsmasq-dhcp[25754]: read /var/lib/neutron/dhcp/365f7eb8-4140-4541-9985-3495b85aa908/opts
Jun 20 04:22:39 gtw01 dnsmasq[25799]: read /var/lib/neutron/dhcp/30f94ece-ee76-4499-9fce-02bd09ced73b/addn_hosts - 1 addresses
Jun 20 04:22:39 gtw01 dnsmasq-dhcp[25799]: read /var/lib/neutron/dhcp/30f94ece-ee76-4499-9fce-02bd09ced73b/host
Jun 20 04:22:39 gtw01 dnsmasq-dhcp[25799]: read /var/lib/neutron/dhcp/30f94ece-ee76-4499-9fce-02bd09ced73b/opts
Jun 20 04:22:39 gtw01 dnsmasq[25754]: read /var/lib/neutron/dhcp/365f7eb8-4140-4541-9985-3495b85aa908/addn_hosts - 2 addresses
Jun 20 04:22:39 gtw01 dnsmasq-dhcp[25754]: read /var/lib/neutron/dhcp/365f7eb8-4140-4541-9985-3495b85aa908/host
Jun 20 04:22:39 gtw01 dnsmasq-dhcp[25754]: read /var/lib/neutron/dhcp/365f7eb8-4140-4541-9985-3495b85aa908/opts
Jun 20 04:22:40 gtw01 dnsmasq[25754]: read /var/lib/neutron/dhcp/365f7eb8-4140-4541-9985-3495b85aa908/addn_hosts - 2 addresses
Jun 20 04:22:40 gtw01 dnsmasq-dhcp[25754]: read /var/lib/neutron/dhcp/365f7eb8-4140-4541-9985-3495b85aa908/host
Jun 20 04:22:40 gtw01 dnsmasq-dhcp[25754]: read /var/lib/neutron/dhcp/365f7eb8-4140-4541-9985-3495b85aa908/opts
Jun 20 04:22:41 gtw01 dnsmasq[25754]: read /var/lib/neutron/dhcp/365f7eb8-4140-4541-9985-3495b85aa908/addn_hosts - 1 addresses
Jun 20 04:22:41 gtw01 dnsmasq-dhcp[25754]: read /var/lib/neutron/dhcp/365f7eb8-4140-4541-9985-3495b85aa908/host
Jun 20 04:22:41 gtw01 dnsmasq-dhcp[25754]: read /var/lib/neutron/dhcp/365f7eb8-4140-4541-9985-3495b85aa908/opts
Jun 20 04:22:42 gtw01 kernel: [ 7164.108296] device tapaf6f9dd9-2c entered promiscuous mode
Jun 20 04:22:42 gtw01 systemd-udevd[26009]: Could not generate persistent MAC address for tapaf6f9dd9-2c: No such file or directory
Jun 20 04:22:42 gtw01 systemd-udevd[26009]: Process '/sbin/ip link set tapaf6f9dd9-2c txqueuelen 10000' failed with exit code 1.
Jun 20 04:22:43 gtw01 systemd-udevd[26120]: Could not generate persistent MAC address for tap7ef5f23e-db: No such file or directory
Jun 20 04:22:43 gtw01 kernel: [ 7164.900866] device tap7ef5f23e-db entered promiscuous mode
Jun 20 04:22:43 gtw01 systemd-udevd[26120]: Process '/sbin/ip link set tap7ef5f23e-db txqueuelen 10000' failed with exit code 1.
Jun 20 04:22:43 gtw01 dnsmasq[25616]: read /var/lib/neutron/dhcp/ef8cba2b-035f-486b-98d9-db41890610a9/addn_hosts - 2 addresses
Jun 20 04:22:43 gtw01 dnsmasq-dhcp[25616]: read /var/lib/neutron/dhcp/ef8cba2b-035f-486b-98d9-db41890610a9/host
Jun 20 04:22:43 gtw01 dnsmasq-dhcp[25616]: read /var/lib/neutron/dhcp/ef8cba2b-035f-486b-98d9-db41890610a9/opts
Jun 20 04:22:43 gtw01 systemd-udevd[26120]: Process '/sbin/ip link set tap7ef5f23e-db txqueuelen 10000' failed with exit code 1.
Jun 20 04:22:44 gtw01 dnsmasq[25616]: read /var/lib/neutron/dhcp/ef8cba2b-035f-486b-98d9-db41890610a9/addn_hosts - 2 addresses
Jun 20 04:22:44 gtw01 dnsmasq-dhcp[25616]: read /var/lib/neutron/dhcp/ef8cba2b-035f-486b-98d9-db41890610a9/host
Jun 20 04:22:44 gtw01 dnsmasq-dhcp[25616]: read /var/lib/neutron/dhcp/ef8cba2b-035f-486b-98d9-db41890610a9/opts
Jun 20 04:22:45 gtw01 dnsmasq[26332]: started, version 2.80 cachesize 150
Jun 20 04:22:45 gtw01 dnsmasq[26332]: DNS service limited to local subnets
Jun 20 04:22:45 gtw01 dnsmasq[26332]: compile time options: IPv6 GNU-getopt DBus i18n IDN DHCP DHCPv6 no-Lua TFTP conntrack ipset auth DNSSEC loop-detect inotify dumpfile
Jun 20 04:22:45 gtw01 dnsmasq[26332]: warning: no upstream servers configured
Jun 20 04:22:45 gtw01 dnsmasq-dhcp[26332]: DHCP, static leases only on 192.168.120.0, lease time 1h
Jun 20 04:22:45 gtw01 dnsmasq[26332]: read /var/lib/neutron/dhcp/78b8e613-3640-47b8-abf4-3030d6a0a005/addn_hosts - 1 addresses
Jun 20 04:22:45 gtw01 dnsmasq-dhcp[26332]: read /var/lib/neutron/dhcp/78b8e613-3640-47b8-abf4-3030d6a0a005/host
Jun 20 04:22:45 gtw01 dnsmasq-dhcp[26332]: read /var/lib/neutron/dhcp/78b8e613-3640-47b8-abf4-3030d6a0a005/opts
Jun 20 04:22:46 gtw01 haproxy-metadata-proxy-78b8e613-3640-47b8-abf4-3030d6a0a005[26343]: Proxy listener started.
Jun 20 04:22:46 gtw01 kernel: [ 7168.379061] device tapaf6f9dd9-2c left promiscuous mode
Jun 20 04:22:46 gtw01 dnsmasq[26378]: started, version 2.80 cachesize 150
Jun 20 04:22:46 gtw01 dnsmasq[26378]: DNS service limited to local subnets
Jun 20 04:22:46 gtw01 dnsmasq[26378]: compile time options: IPv6 GNU-getopt DBus i18n IDN DHCP DHCPv6 no-Lua TFTP conntrack ipset auth DNSSEC loop-detect inotify dumpfile
Jun 20 04:22:46 gtw01 dnsmasq[26378]: warning: no upstream servers configured
Jun 20 04:22:46 gtw01 dnsmasq-dhcp[26378]: DHCPv6, static leases only on 2003:0:1::, lease time 1h
Jun 20 04:22:46 gtw01 dnsmasq[26378]: read /var/lib/neutron/dhcp/e45d3bb8-c874-4e91-841f-04cd665fef9e/addn_hosts - 1 addresses
Jun 20 04:22:46 gtw01 dnsmasq-dhcp[26378]: read /var/lib/neutron/dhcp/e45d3bb8-c874-4e91-841f-04cd665fef9e/host
Jun 20 04:22:46 gtw01 dnsmasq-dhcp[26378]: read /var/lib/neutron/dhcp/e45d3bb8-c874-4e91-841f-04cd665fef9e/opts
Jun 20 04:22:47 gtw01 dnsmasq[25616]: read /var/lib/neutron/dhcp/ef8cba2b-035f-486b-98d9-db41890610a9/addn_hosts - 1 addresses
Jun 20 04:22:47 gtw01 dnsmasq-dhcp[25616]: read /var/lib/neutron/dhcp/ef8cba2b-035f-486b-98d9-db41890610a9/host
Jun 20 04:22:47 gtw01 dnsmasq-dhcp[25616]: read /var/lib/neutron/dhcp/ef8cba2b-035f-486b-98d9-db41890610a9/opts
Jun 20 04:22:47 gtw01 dnsmasq[26378]: read /var/lib/neutron/dhcp/e45d3bb8-c874-4e91-841f-04cd665fef9e/addn_hosts - 1 addresses
Jun 20 04:22:47 gtw01 dnsmasq-dhcp[26378]: read /var/lib/neutron/dhcp/e45d3bb8-c874-4e91-841f-04cd665fef9e/host
Jun 20 04:22:47 gtw01 dnsmasq-dhcp[26378]: read /var/lib/neutron/dhcp/e45d3bb8-c874-4e91-841f-04cd665fef9e/opts
Jun 20 04:22:48 gtw01 dnsmasq[26378]: read /var/lib/neutron/dhcp/e45d3bb8-c874-4e91-841f-04cd665fef9e/addn_hosts - 1 addresses
Jun 20 04:22:48 gtw01 dnsmasq-dhcp[26378]: read /var/lib/neutron/dhcp/e45d3bb8-c874-4e91-841f-04cd665fef9e/host
Jun 20 04:22:48 gtw01 dnsmasq-dhcp[26378]: read /var/lib/neutron/dhcp/e45d3bb8-c874-4e91-841f-04cd665fef9e/opts
Jun 20 04:22:49 gtw01 dnsmasq[26378]: read /var/lib/neutron/dhcp/e45d3bb8-c874-4e91-841f-04cd665fef9e/addn_hosts - 1 addresses
Jun 20 04:22:49 gtw01 dnsmasq-dhcp[26378]: read /var/lib/neutron/dhcp/e45d3bb8-c874-4e91-841f-04cd665fef9e/host
Jun 20 04:22:49 gtw01 dnsmasq-dhcp[26378]: read /var/lib/neutron/dhcp/e45d3bb8-c874-4e91-841f-04cd665fef9e/opts
Jun 20 04:22:50 gtw01 kernel: [ 7172.033047] device tap7ef5f23e-db left promiscuous mode
Jun 20 04:22:50 gtw01 kernel: [ 7172.471513] device tap463678b2-c5 entered promiscuous mode
Jun 20 04:22:50 gtw01 systemd-udevd[26502]: Could not generate persistent MAC address for tap463678b2-c5: No such file or directory
Jun 20 04:22:50 gtw01 systemd-udevd[26502]: Process '/sbin/ip link set tap463678b2-c5 txqueuelen 10000' failed with exit code 1.
Jun 20 04:22:50 gtw01 systemd-udevd[26578]: Process '/sbin/ip link set tap463678b2-c5 txqueuelen 10000' failed with exit code 1.
Jun 20 04:22:53 gtw01 kernel: [ 7174.984165] device tap6280c2df-9b left promiscuous mode
Jun 20 04:22:54 gtw01 dnsmasq[26678]: started, version 2.80 cachesize 150
Jun 20 04:22:54 gtw01 dnsmasq[26678]: DNS service limited to local subnets
Jun 20 04:22:54 gtw01 dnsmasq[26678]: compile time options: IPv6 GNU-getopt DBus i18n IDN DHCP DHCPv6 no-Lua TFTP conntrack ipset auth DNSSEC loop-detect inotify dumpfile
Jun 20 04:22:54 gtw01 dnsmasq[26678]: warning: no upstream servers configured
Jun 20 04:22:54 gtw01 dnsmasq-dhcp[26678]: DHCP, static leases only on 192.168.120.0, lease time 1h
Jun 20 04:22:54 gtw01 dnsmasq[26678]: read /var/lib/neutron/dhcp/19c60d78-8db1-4308-ab1c-051c63f4d621/addn_hosts - 1 addresses
Jun 20 04:22:54 gtw01 dnsmasq-dhcp[26678]: read /var/lib/neutron/dhcp/19c60d78-8db1-4308-ab1c-051c63f4d621/host
Jun 20 04:22:54 gtw01 dnsmasq-dhcp[26678]: read /var/lib/neutron/dhcp/19c60d78-8db1-4308-ab1c-051c63f4d621/opts
Jun 20 04:22:54 gtw01 haproxy-metadata-proxy-19c60d78-8db1-4308-ab1c-051c63f4d621[26682]: Proxy listener started.
Jun 20 04:22:54 gtw01 dnsmasq[26678]: read /var/lib/neutron/dhcp/19c60d78-8db1-4308-ab1c-051c63f4d621/addn_hosts - 1 addresses
Jun 20 04:22:54 gtw01 dnsmasq-dhcp[26678]: read /var/lib/neutron/dhcp/19c60d78-8db1-4308-ab1c-051c63f4d621/host
Jun 20 04:22:54 gtw01 dnsmasq-dhcp[26678]: read /var/lib/neutron/dhcp/19c60d78-8db1-4308-ab1c-051c63f4d621/opts
Jun 20 04:22:55 gtw01 kernel: [ 7176.849286] device tapea9043b7-9a left promiscuous mode
Jun 20 04:22:55 gtw01 dnsmasq[26678]: read /var/lib/neutron/dhcp/19c60d78-8db1-4308-ab1c-051c63f4d621/addn_hosts - 1 addresses
Jun 20 04:22:55 gtw01 dnsmasq-dhcp[26678]: read /var/lib/neutron/dhcp/19c60d78-8db1-4308-ab1c-051c63f4d621/host
Jun 20 04:22:55 gtw01 dnsmasq-dhcp[26678]: read /var/lib/neutron/dhcp/19c60d78-8db1-4308-ab1c-051c63f4d621/opts
Jun 20 04:22:56 gtw01 dnsmasq[26678]: read /var/lib/neutron/dhcp/19c60d78-8db1-4308-ab1c-051c63f4d621/addn_hosts - 2 addresses
Jun 20 04:22:56 gtw01 dnsmasq-dhcp[26678]: read /var/lib/neutron/dhcp/19c60d78-8db1-4308-ab1c-051c63f4d621/host
Jun 20 04:22:56 gtw01 dnsmasq-dhcp[26678]: read /var/lib/neutron/dhcp/19c60d78-8db1-4308-ab1c-051c63f4d621/opts
Jun 20 04:22:58 gtw01 kernel: [ 7179.930366] device tap463678b2-c5 left promiscuous mode
Jun 20 04:22:58 gtw01 kernel: [ 7180.611763] device tapb9cb372f-80 left promiscuous mode
Jun 20 04:23:03 gtw01 kernel: [ 7185.065158] device tapb3728b41-b0 entered promiscuous mode
Jun 20 04:23:03 gtw01 systemd-udevd[26867]: Could not generate persistent MAC address for tapb3728b41-b0: No such file or directory
Jun 20 04:23:03 gtw01 systemd-udevd[26867]: Process '/sbin/ip link set tapb3728b41-b0 txqueuelen 10000' failed with exit code 1.
Jun 20 04:23:03 gtw01 systemd-udevd[26941]: Process '/sbin/ip link set tapb3728b41-b0 txqueuelen 10000' failed with exit code 1.
Jun 20 04:23:06 gtw01 dnsmasq[27017]: started, version 2.80 cachesize 150
Jun 20 04:23:06 gtw01 dnsmasq[27017]: DNS service limited to local subnets
Jun 20 04:23:06 gtw01 dnsmasq[27017]: compile time options: IPv6 GNU-getopt DBus i18n IDN DHCP DHCPv6 no-Lua TFTP conntrack ipset auth DNSSEC loop-detect inotify dumpfile
Jun 20 04:23:06 gtw01 dnsmasq[27017]: warning: no upstream servers configured
Jun 20 04:23:06 gtw01 dnsmasq-dhcp[27017]: DHCP, static leases only on 192.168.120.0, lease time 1h
Jun 20 04:23:06 gtw01 dnsmasq[27017]: read /var/lib/neutron/dhcp/70ca78ea-4aa7-4ec7-a204-9569766268da/addn_hosts - 1 addresses
Jun 20 04:23:06 gtw01 dnsmasq-dhcp[27017]: read /var/lib/neutron/dhcp/70ca78ea-4aa7-4ec7-a204-9569766268da/host
Jun 20 04:23:06 gtw01 dnsmasq-dhcp[27017]: read /var/lib/neutron/dhcp/70ca78ea-4aa7-4ec7-a204-9569766268da/opts
Jun 20 04:23:06 gtw01 haproxy-metadata-proxy-70ca78ea-4aa7-4ec7-a204-9569766268da[27023]: Proxy listener started.
Jun 20 04:23:09 gtw01 kernel: [ 7191.088487] device tap39768f40-e7 entered promiscuous mode
Jun 20 04:23:09 gtw01 systemd-udevd[27072]: Could not generate persistent MAC address for tap39768f40-e7: No such file or directory
Jun 20 04:23:09 gtw01 systemd-udevd[27072]: Process '/sbin/ip link set tap39768f40-e7 txqueuelen 10000' failed with exit code 1.
Jun 20 04:23:09 gtw01 systemd-udevd[27148]: Process '/sbin/ip link set tap39768f40-e7 txqueuelen 10000' failed with exit code 1.
Jun 20 04:23:10 gtw01 dnsmasq[27221]: started, version 2.80 cachesize 150
Jun 20 04:23:10 gtw01 dnsmasq[27221]: DNS service limited to local subnets
Jun 20 04:23:10 gtw01 dnsmasq[27221]: compile time options: IPv6 GNU-getopt DBus i18n IDN DHCP DHCPv6 no-Lua TFTP conntrack ipset auth DNSSEC loop-detect inotify dumpfile
Jun 20 04:23:10 gtw01 dnsmasq[27221]: warning: no upstream servers configured
Jun 20 04:23:10 gtw01 dnsmasq-dhcp[27221]: DHCP, static leases only on 192.168.120.16, lease time 1h
Jun 20 04:23:10 gtw01 dnsmasq-dhcp[27221]: DHCP, static leases only on 192.168.120.0, lease time 1h
Jun 20 04:23:10 gtw01 dnsmasq[27221]: read /var/lib/neutron/dhcp/70ca78ea-4aa7-4ec7-a204-9569766268da/addn_hosts - 2 addresses
Jun 20 04:23:10 gtw01 dnsmasq-dhcp[27221]: read /var/lib/neutron/dhcp/70ca78ea-4aa7-4ec7-a204-9569766268da/host
Jun 20 04:23:10 gtw01 dnsmasq-dhcp[27221]: read /var/lib/neutron/dhcp/70ca78ea-4aa7-4ec7-a204-9569766268da/opts
Jun 20 04:23:11 gtw01 dnsmasq[27221]: read /var/lib/neutron/dhcp/70ca78ea-4aa7-4ec7-a204-9569766268da/addn_hosts - 3 addresses
Jun 20 04:23:11 gtw01 dnsmasq-dhcp[27221]: read /var/lib/neutron/dhcp/70ca78ea-4aa7-4ec7-a204-9569766268da/host
Jun 20 04:23:11 gtw01 dnsmasq-dhcp[27221]: read /var/lib/neutron/dhcp/70ca78ea-4aa7-4ec7-a204-9569766268da/opts
Jun 20 04:23:11 gtw01 kernel: [ 7193.600513] device tap2a90753f-17 entered promiscuous mode
Jun 20 04:23:11 gtw01 systemd-udevd[27287]: Could not generate persistent MAC address for tap2a90753f-17: No such file or directory
Jun 20 04:23:11 gtw01 systemd-udevd[27287]: Process '/sbin/ip link set tap2a90753f-17 txqueuelen 10000' failed with exit code 1.
Jun 20 04:23:11 gtw01 systemd-udevd[27287]: Process '/sbin/ip link set tap2a90753f-17 txqueuelen 10000' failed with exit code 1.
Jun 20 04:23:12 gtw01 dnsmasq[27413]: started, version 2.80 cachesize 150
Jun 20 04:23:12 gtw01 dnsmasq[27413]: DNS service limited to local subnets
Jun 20 04:23:12 gtw01 dnsmasq[27413]: compile time options: IPv6 GNU-getopt DBus i18n IDN DHCP DHCPv6 no-Lua TFTP conntrack ipset auth DNSSEC loop-detect inotify dumpfile
Jun 20 04:23:12 gtw01 dnsmasq[27413]: warning: no upstream servers configured
Jun 20 04:23:12 gtw01 dnsmasq-dhcp[27413]: DHCP, static leases only on 192.168.120.0, lease time 1h
Jun 20 04:23:12 gtw01 dnsmasq[27413]: read /var/lib/neutron/dhcp/f0dd5846-4c4b-49fb-8091-0bebf07eaf0c/addn_hosts - 1 addresses
Jun 20 04:23:12 gtw01 dnsmasq-dhcp[27413]: read /var/lib/neutron/dhcp/f0dd5846-4c4b-49fb-8091-0bebf07eaf0c/host
Jun 20 04:23:12 gtw01 dnsmasq-dhcp[27413]: read /var/lib/neutron/dhcp/f0dd5846-4c4b-49fb-8091-0bebf07eaf0c/opts
Jun 20 04:23:12 gtw01 haproxy-metadata-proxy-f0dd5846-4c4b-49fb-8091-0bebf07eaf0c[27425]: Proxy listener started.
Jun 20 04:23:13 gtw01 systemd-udevd[27445]: Could not generate persistent MAC address for tapc4ccdbb6-d0: No such file or directory
Jun 20 04:23:13 gtw01 kernel: [ 7194.905656] device tapc4ccdbb6-d0 entered promiscuous mode
Jun 20 04:23:13 gtw01 systemd-udevd[27445]: Process '/sbin/ip link set tapc4ccdbb6-d0 txqueuelen 10000' failed with exit code 1.
Jun 20 04:23:13 gtw01 systemd-udevd[27445]: Process '/sbin/ip link set tapc4ccdbb6-d0 txqueuelen 10000' failed with exit code 1.
Jun 20 04:23:13 gtw01 dnsmasq[27413]: read /var/lib/neutron/dhcp/f0dd5846-4c4b-49fb-8091-0bebf07eaf0c/addn_hosts - 1 addresses
Jun 20 04:23:13 gtw01 dnsmasq-dhcp[27413]: read /var/lib/neutron/dhcp/f0dd5846-4c4b-49fb-8091-0bebf07eaf0c/host
Jun 20 04:23:13 gtw01 dnsmasq-dhcp[27413]: read /var/lib/neutron/dhcp/f0dd5846-4c4b-49fb-8091-0bebf07eaf0c/opts
Jun 20 04:23:14 gtw01 dnsmasq[27413]: read /var/lib/neutron/dhcp/f0dd5846-4c4b-49fb-8091-0bebf07eaf0c/addn_hosts - 1 addresses
Jun 20 04:23:14 gtw01 dnsmasq-dhcp[27413]: read /var/lib/neutron/dhcp/f0dd5846-4c4b-49fb-8091-0bebf07eaf0c/host
Jun 20 04:23:14 gtw01 dnsmasq-dhcp[27413]: read /var/lib/neutron/dhcp/f0dd5846-4c4b-49fb-8091-0bebf07eaf0c/opts
Jun 20 04:23:15 gtw01 dnsmasq[27690]: started, version 2.80 cachesize 150
Jun 20 04:23:15 gtw01 dnsmasq[27690]: DNS service limited to local subnets
Jun 20 04:23:15 gtw01 dnsmasq[27690]: compile time options: IPv6 GNU-getopt DBus i18n IDN DHCP DHCPv6 no-Lua TFTP conntrack ipset auth DNSSEC loop-detect inotify dumpfile
Jun 20 04:23:15 gtw01 dnsmasq[27690]: warning: no upstream servers configured
Jun 20 04:23:15 gtw01 dnsmasq-dhcp[27690]: DHCP, static leases only on 192.168.120.0, lease time 1h
Jun 20 04:23:15 gtw01 dnsmasq[27690]: read /var/lib/neutron/dhcp/e1a654b2-7c66-40b0-b12c-9c14b316e911/addn_hosts - 1 addresses
Jun 20 04:23:15 gtw01 dnsmasq-dhcp[27690]: read /var/lib/neutron/dhcp/e1a654b2-7c66-40b0-b12c-9c14b316e911/host
Jun 20 04:23:15 gtw01 dnsmasq-dhcp[27690]: read /var/lib/neutron/dhcp/e1a654b2-7c66-40b0-b12c-9c14b316e911/opts
Jun 20 04:23:15 gtw01 haproxy-metadata-proxy-e1a654b2-7c66-40b0-b12c-9c14b316e911[27709]: Proxy listener started.
Jun 20 04:23:15 gtw01 dnsmasq[27413]: read /var/lib/neutron/dhcp/f0dd5846-4c4b-49fb-8091-0bebf07eaf0c/addn_hosts - 1 addresses
Jun 20 04:23:15 gtw01 dnsmasq-dhcp[27413]: read /var/lib/neutron/dhcp/f0dd5846-4c4b-49fb-8091-0bebf07eaf0c/host
Jun 20 04:23:15 gtw01 dnsmasq-dhcp[27413]: read /var/lib/neutron/dhcp/f0dd5846-4c4b-49fb-8091-0bebf07eaf0c/opts
Jun 20 04:23:16 gtw01 dnsmasq[27761]: started, version 2.80 cachesize 150
Jun 20 04:23:16 gtw01 dnsmasq[27761]: DNS service limited to local subnets
Jun 20 04:23:16 gtw01 dnsmasq[27761]: compile time options: IPv6 GNU-getopt DBus i18n IDN DHCP DHCPv6 no-Lua TFTP conntrack ipset auth DNSSEC loop-detect inotify dumpfile
Jun 20 04:23:16 gtw01 dnsmasq[27761]: warning: no upstream servers configured
Jun 20 04:23:16 gtw01 dnsmasq-dhcp[27761]: DHCP, static leases only on 192.168.120.16, lease time 1h
Jun 20 04:23:16 gtw01 dnsmasq[27761]: read /var/lib/neutron/dhcp/70ca78ea-4aa7-4ec7-a204-9569766268da/addn_hosts - 1 addresses
Jun 20 04:23:16 gtw01 dnsmasq-dhcp[27761]: read /var/lib/neutron/dhcp/70ca78ea-4aa7-4ec7-a204-9569766268da/host
Jun 20 04:23:16 gtw01 dnsmasq-dhcp[27761]: read /var/lib/neutron/dhcp/70ca78ea-4aa7-4ec7-a204-9569766268da/opts
Jun 20 04:23:16 gtw01 dnsmasq[27690]: read /var/lib/neutron/dhcp/e1a654b2-7c66-40b0-b12c-9c14b316e911/addn_hosts - 2 addresses
Jun 20 04:23:16 gtw01 dnsmasq-dhcp[27690]: read /var/lib/neutron/dhcp/e1a654b2-7c66-40b0-b12c-9c14b316e911/host
Jun 20 04:23:16 gtw01 dnsmasq-dhcp[27690]: read /var/lib/neutron/dhcp/e1a654b2-7c66-40b0-b12c-9c14b316e911/opts
Jun 20 04:23:16 gtw01 dnsmasq[27778]: started, version 2.80 cachesize 150
Jun 20 04:23:16 gtw01 dnsmasq[27778]: DNS service limited to local subnets
Jun 20 04:23:16 gtw01 dnsmasq[27778]: compile time options: IPv6 GNU-getopt DBus i18n IDN DHCP DHCPv6 no-Lua TFTP conntrack ipset auth DNSSEC loop-detect inotify dumpfile
Jun 20 04:23:16 gtw01 dnsmasq[27778]: warning: no upstream servers configured
Jun 20 04:23:16 gtw01 dnsmasq-dhcp[27778]: DHCP, static leases only on 192.168.120.0, lease time 1h
Jun 20 04:23:16 gtw01 dnsmasq[27778]: read /var/lib/neutron/dhcp/04ca236a-e761-43d1-85e4-6d78868008b8/addn_hosts - 1 addresses
Jun 20 04:23:16 gtw01 dnsmasq-dhcp[27778]: read /var/lib/neutron/dhcp/04ca236a-e761-43d1-85e4-6d78868008b8/host
Jun 20 04:23:16 gtw01 dnsmasq-dhcp[27778]: read /var/lib/neutron/dhcp/04ca236a-e761-43d1-85e4-6d78868008b8/opts
Jun 20 04:23:17 gtw01 haproxy-metadata-proxy-04ca236a-e761-43d1-85e4-6d78868008b8[27789]: Proxy listener started.
Jun 20 04:23:17 gtw01 dnsmasq[27690]: read /var/lib/neutron/dhcp/e1a654b2-7c66-40b0-b12c-9c14b316e911/addn_hosts - 2 addresses
Jun 20 04:23:17 gtw01 dnsmasq-dhcp[27690]: read /var/lib/neutron/dhcp/e1a654b2-7c66-40b0-b12c-9c14b316e911/host
Jun 20 04:23:17 gtw01 dnsmasq-dhcp[27690]: read /var/lib/neutron/dhcp/e1a654b2-7c66-40b0-b12c-9c14b316e911/opts
Jun 20 04:23:18 gtw01 dnsmasq[27778]: read /var/lib/neutron/dhcp/04ca236a-e761-43d1-85e4-6d78868008b8/addn_hosts - 1 addresses
Jun 20 04:23:18 gtw01 dnsmasq-dhcp[27778]: read /var/lib/neutron/dhcp/04ca236a-e761-43d1-85e4-6d78868008b8/host
Jun 20 04:23:18 gtw01 dnsmasq-dhcp[27778]: read /var/lib/neutron/dhcp/04ca236a-e761-43d1-85e4-6d78868008b8/opts
Jun 20 04:23:18 gtw01 dnsmasq[27690]: read /var/lib/neutron/dhcp/e1a654b2-7c66-40b0-b12c-9c14b316e911/addn_hosts - 2 addresses
Jun 20 04:23:18 gtw01 dnsmasq-dhcp[27690]: read /var/lib/neutron/dhcp/e1a654b2-7c66-40b0-b12c-9c14b316e911/host
Jun 20 04:23:18 gtw01 dnsmasq-dhcp[27690]: read /var/lib/neutron/dhcp/e1a654b2-7c66-40b0-b12c-9c14b316e911/opts
Jun 20 04:23:19 gtw01 dnsmasq[27778]: read /var/lib/neutron/dhcp/04ca236a-e761-43d1-85e4-6d78868008b8/addn_hosts - 1 addresses
Jun 20 04:23:19 gtw01 dnsmasq-dhcp[27778]: read /var/lib/neutron/dhcp/04ca236a-e761-43d1-85e4-6d78868008b8/host
Jun 20 04:23:19 gtw01 dnsmasq-dhcp[27778]: read /var/lib/neutron/dhcp/04ca236a-e761-43d1-85e4-6d78868008b8/opts
Jun 20 04:23:19 gtw01 dnsmasq[27690]: read /var/lib/neutron/dhcp/e1a654b2-7c66-40b0-b12c-9c14b316e911/addn_hosts - 2 addresses
Jun 20 04:23:19 gtw01 dnsmasq-dhcp[27690]: read /var/lib/neutron/dhcp/e1a654b2-7c66-40b0-b12c-9c14b316e911/host
Jun 20 04:23:19 gtw01 dnsmasq-dhcp[27690]: read /var/lib/neutron/dhcp/e1a654b2-7c66-40b0-b12c-9c14b316e911/opts
Jun 20 04:23:20 gtw01 dnsmasq[27778]: read /var/lib/neutron/dhcp/04ca236a-e761-43d1-85e4-6d78868008b8/addn_hosts - 1 addresses
Jun 20 04:23:20 gtw01 dnsmasq-dhcp[27778]: read /var/lib/neutron/dhcp/04ca236a-e761-43d1-85e4-6d78868008b8/host
Jun 20 04:23:20 gtw01 dnsmasq-dhcp[27778]: read /var/lib/neutron/dhcp/04ca236a-e761-43d1-85e4-6d78868008b8/opts
