Jun 20 04:23:20 gtw01 dnsmasq[27690]: read /var/lib/neutron/dhcp/e1a654b2-7c66-40b0-b12c-9c14b316e911/addn_hosts - 2 addresses
Jun 20 04:23:20 gtw01 dnsmasq-dhcp[27690]: read /var/lib/neutron/dhcp/e1a654b2-7c66-40b0-b12c-9c14b316e911/host
Jun 20 04:23:20 gtw01 dnsmasq-dhcp[27690]: read /var/lib/neutron/dhcp/e1a654b2-7c66-40b0-b12c-9c14b316e911/opts
Jun 20 04:23:21 gtw01 dnsmasq[27690]: read /var/lib/neutron/dhcp/e1a654b2-7c66-40b0-b12c-9c14b316e911/addn_hosts - 1 addresses
Jun 20 04:23:21 gtw01 dnsmasq-dhcp[27690]: read /var/lib/neutron/dhcp/e1a654b2-7c66-40b0-b12c-9c14b316e911/host
Jun 20 04:23:21 gtw01 dnsmasq-dhcp[27690]: read /var/lib/neutron/dhcp/e1a654b2-7c66-40b0-b12c-9c14b316e911/opts
Jun 20 04:23:21 gtw01 dnsmasq[27986]: started, version 2.80 cachesize 150
Jun 20 04:23:21 gtw01 dnsmasq[27986]: DNS service limited to local subnets
Jun 20 04:23:21 gtw01 dnsmasq[27986]: compile time options: IPv6 GNU-getopt DBus i18n IDN DHCP DHCPv6 no-Lua TFTP conntrack ipset auth DNSSEC loop-detect inotify dumpfile
Jun 20 04:23:21 gtw01 dnsmasq[27986]: warning: no upstream servers configured
Jun 20 04:23:21 gtw01 dnsmasq-dhcp[27986]: DHCP, static leases only on 192.168.120.16, lease time 1h
Jun 20 04:23:21 gtw01 dnsmasq-dhcp[27986]: DHCP, static leases only on 192.168.120.0, lease time 1h
Jun 20 04:23:21 gtw01 dnsmasq-dhcp[27986]: DHCP, static leases only on 192.168.120.32, lease time 1h
Jun 20 04:23:21 gtw01 dnsmasq[27986]: read /var/lib/neutron/dhcp/70ca78ea-4aa7-4ec7-a204-9569766268da/addn_hosts - 4 addresses
Jun 20 04:23:21 gtw01 dnsmasq[27986]: duplicate dhcp-host IP address 192.168.120.2 at line 3 of /var/lib/neutron/dhcp/70ca78ea-4aa7-4ec7-a204-9569766268da/host
Jun 20 04:23:21 gtw01 dnsmasq-dhcp[27986]: read /var/lib/neutron/dhcp/70ca78ea-4aa7-4ec7-a204-9569766268da/host
Jun 20 04:23:21 gtw01 dnsmasq-dhcp[27986]: read /var/lib/neutron/dhcp/70ca78ea-4aa7-4ec7-a204-9569766268da/opts
Jun 20 04:23:22 gtw01 haproxy-metadata-proxy-e1a654b2-7c66-40b0-b12c-9c14b316e911[28005]: Proxy listener started.
Jun 20 04:23:23 gtw01 systemd-udevd[28066]: Could not generate persistent MAC address for tape8b6f8ea-02: No such file or directory
Jun 20 04:23:23 gtw01 kernel: [ 7205.499506] device tape8b6f8ea-02 entered promiscuous mode
Jun 20 04:23:23 gtw01 systemd-udevd[28066]: Process '/sbin/ip link set tape8b6f8ea-02 txqueuelen 10000' failed with exit code 1.
Jun 20 04:23:23 gtw01 systemd-udevd[28144]: Process '/sbin/ip link set tape8b6f8ea-02 txqueuelen 10000' failed with exit code 1.
Jun 20 04:23:24 gtw01 dnsmasq[28180]: started, version 2.80 cachesize 150
Jun 20 04:23:24 gtw01 dnsmasq[28180]: DNS service limited to local subnets
Jun 20 04:23:24 gtw01 dnsmasq[28180]: compile time options: IPv6 GNU-getopt DBus i18n IDN DHCP DHCPv6 no-Lua TFTP conntrack ipset auth DNSSEC loop-detect inotify dumpfile
Jun 20 04:23:24 gtw01 dnsmasq[28180]: warning: no upstream servers configured
Jun 20 04:23:24 gtw01 dnsmasq-dhcp[28180]: DHCP, static leases only on 192.168.120.16, lease time 1h
Jun 20 04:23:24 gtw01 dnsmasq-dhcp[28180]: DHCP, static leases only on 192.168.120.32, lease time 1h
Jun 20 04:23:24 gtw01 dnsmasq[28180]: read /var/lib/neutron/dhcp/70ca78ea-4aa7-4ec7-a204-9569766268da/addn_hosts - 2 addresses
Jun 20 04:23:24 gtw01 dnsmasq-dhcp[28180]: read /var/lib/neutron/dhcp/70ca78ea-4aa7-4ec7-a204-9569766268da/host
Jun 20 04:23:24 gtw01 dnsmasq-dhcp[28180]: read /var/lib/neutron/dhcp/70ca78ea-4aa7-4ec7-a204-9569766268da/opts
Jun 20 04:23:24 gtw01 dnsmasq[27413]: read /var/lib/neutron/dhcp/f0dd5846-4c4b-49fb-8091-0bebf07eaf0c/addn_hosts - 2 addresses
Jun 20 04:23:24 gtw01 dnsmasq-dhcp[27413]: read /var/lib/neutron/dhcp/f0dd5846-4c4b-49fb-8091-0bebf07eaf0c/host
Jun 20 04:23:24 gtw01 dnsmasq-dhcp[27413]: read /var/lib/neutron/dhcp/f0dd5846-4c4b-49fb-8091-0bebf07eaf0c/opts
Jun 20 04:23:25 gtw01 kernel: [ 7207.094655] device tapb3728b41-b0 left promiscuous mode
Jun 20 04:23:25 gtw01 dnsmasq[27413]: read /var/lib/neutron/dhcp/f0dd5846-4c4b-49fb-8091-0bebf07eaf0c/addn_hosts - 2 addresses
Jun 20 04:23:25 gtw01 dnsmasq-dhcp[27413]: read /var/lib/neutron/dhcp/f0dd5846-4c4b-49fb-8091-0bebf07eaf0c/host
Jun 20 04:23:25 gtw01 dnsmasq-dhcp[27413]: read /var/lib/neutron/dhcp/f0dd5846-4c4b-49fb-8091-0bebf07eaf0c/opts
Jun 20 04:23:27 gtw01 dnsmasq[28288]: started, version 2.80 cachesize 150
Jun 20 04:23:27 gtw01 dnsmasq[28288]: DNS service limited to local subnets
Jun 20 04:23:27 gtw01 dnsmasq[28288]: compile time options: IPv6 GNU-getopt DBus i18n IDN DHCP DHCPv6 no-Lua TFTP conntrack ipset auth DNSSEC loop-detect inotify dumpfile
Jun 20 04:23:27 gtw01 dnsmasq[28288]: warning: no upstream servers configured
Jun 20 04:23:27 gtw01 dnsmasq-dhcp[28288]: DHCP, static leases only on 192.168.121.0, lease time 1h
Jun 20 04:23:27 gtw01 dnsmasq[28288]: read /var/lib/neutron/dhcp/7eb4d919-a604-4d68-99eb-59e0003df6db/addn_hosts - 1 addresses
Jun 20 04:23:27 gtw01 dnsmasq-dhcp[28288]: read /var/lib/neutron/dhcp/7eb4d919-a604-4d68-99eb-59e0003df6db/host
Jun 20 04:23:27 gtw01 dnsmasq-dhcp[28288]: read /var/lib/neutron/dhcp/7eb4d919-a604-4d68-99eb-59e0003df6db/opts
Jun 20 04:23:27 gtw01 haproxy-metadata-proxy-7eb4d919-a604-4d68-99eb-59e0003df6db[28300]: Proxy listener started.
Jun 20 04:23:27 gtw01 dnsmasq[27413]: read /var/lib/neutron/dhcp/f0dd5846-4c4b-49fb-8091-0bebf07eaf0c/addn_hosts - 1 addresses
Jun 20 04:23:27 gtw01 dnsmasq-dhcp[27413]: read /var/lib/neutron/dhcp/f0dd5846-4c4b-49fb-8091-0bebf07eaf0c/host
Jun 20 04:23:27 gtw01 dnsmasq-dhcp[27413]: read /var/lib/neutron/dhcp/f0dd5846-4c4b-49fb-8091-0bebf07eaf0c/opts
Jun 20 04:23:28 gtw01 dnsmasq[28288]: read /var/lib/neutron/dhcp/7eb4d919-a604-4d68-99eb-59e0003df6db/addn_hosts - 1 addresses
Jun 20 04:23:28 gtw01 dnsmasq-dhcp[28288]: read /var/lib/neutron/dhcp/7eb4d919-a604-4d68-99eb-59e0003df6db/host
Jun 20 04:23:28 gtw01 dnsmasq-dhcp[28288]: read /var/lib/neutron/dhcp/7eb4d919-a604-4d68-99eb-59e0003df6db/opts
Jun 20 04:23:28 gtw01 haproxy-metadata-proxy-f0dd5846-4c4b-49fb-8091-0bebf07eaf0c[28340]: Proxy listener started.
Jun 20 04:23:29 gtw01 dnsmasq[28288]: read /var/lib/neutron/dhcp/7eb4d919-a604-4d68-99eb-59e0003df6db/addn_hosts - 1 addresses
Jun 20 04:23:29 gtw01 dnsmasq-dhcp[28288]: read /var/lib/neutron/dhcp/7eb4d919-a604-4d68-99eb-59e0003df6db/host
Jun 20 04:23:29 gtw01 dnsmasq-dhcp[28288]: read /var/lib/neutron/dhcp/7eb4d919-a604-4d68-99eb-59e0003df6db/opts
Jun 20 04:23:30 gtw01 dnsmasq[28288]: read /var/lib/neutron/dhcp/7eb4d919-a604-4d68-99eb-59e0003df6db/addn_hosts - 1 addresses
Jun 20 04:23:30 gtw01 dnsmasq-dhcp[28288]: read /var/lib/neutron/dhcp/7eb4d919-a604-4d68-99eb-59e0003df6db/host
Jun 20 04:23:30 gtw01 dnsmasq-dhcp[28288]: read /var/lib/neutron/dhcp/7eb4d919-a604-4d68-99eb-59e0003df6db/opts
Jun 20 04:23:31 gtw01 kernel: [ 7212.906680] device tape8b6f8ea-02 left promiscuous mode
Jun 20 04:23:34 gtw01 kernel: [ 7216.413335] device tap0b108ef3-ca entered promiscuous mode
Jun 20 04:23:34 gtw01 systemd-udevd[28446]: Could not generate persistent MAC address for tap0b108ef3-ca: No such file or directory
Jun 20 04:23:34 gtw01 systemd-udevd[28446]: Process '/sbin/ip link set tap0b108ef3-ca txqueuelen 10000' failed with exit code 1.
Jun 20 04:23:34 gtw01 systemd-udevd[28521]: Process '/sbin/ip link set tap0b108ef3-ca txqueuelen 10000' failed with exit code 1.
Jun 20 04:23:34 gtw01 kernel: [ 7216.565775] device tapc4ccdbb6-d0 left promiscuous mode
Jun 20 04:23:36 gtw01 kernel: [ 7218.135152] device tap909c647d-f9 entered promiscuous mode
Jun 20 04:23:36 gtw01 systemd-udevd[28584]: Could not generate persistent MAC address for tap909c647d-f9: No such file or directory
Jun 20 04:23:36 gtw01 systemd-udevd[28584]: Process '/sbin/ip link set tap909c647d-f9 txqueuelen 10000' failed with exit code 1.
Jun 20 04:23:36 gtw01 systemd-udevd[28584]: Process '/sbin/ip link set tap909c647d-f9 txqueuelen 10000' failed with exit code 1.
Jun 20 04:23:36 gtw01 kernel: [ 7218.511238] device tap2a90753f-17 left promiscuous mode
Jun 20 04:23:38 gtw01 dnsmasq[28743]: started, version 2.80 cachesize 150
Jun 20 04:23:38 gtw01 dnsmasq[28743]: DNS service limited to local subnets
Jun 20 04:23:38 gtw01 dnsmasq[28743]: compile time options: IPv6 GNU-getopt DBus i18n IDN DHCP DHCPv6 no-Lua TFTP conntrack ipset auth DNSSEC loop-detect inotify dumpfile
Jun 20 04:23:38 gtw01 dnsmasq[28743]: warning: no upstream servers configured
Jun 20 04:23:38 gtw01 dnsmasq-dhcp[28743]: DHCPv6, static leases only on 2003::, lease time 1h
Jun 20 04:23:38 gtw01 dnsmasq[28743]: read /var/lib/neutron/dhcp/a5e01705-11ad-4d5f-aa40-3e3c6ac88f90/addn_hosts - 1 addresses
Jun 20 04:23:38 gtw01 dnsmasq-dhcp[28743]: read /var/lib/neutron/dhcp/a5e01705-11ad-4d5f-aa40-3e3c6ac88f90/host
Jun 20 04:23:38 gtw01 dnsmasq-dhcp[28743]: read /var/lib/neutron/dhcp/a5e01705-11ad-4d5f-aa40-3e3c6ac88f90/opts
Jun 20 04:23:38 gtw01 dnsmasq[28743]: read /var/lib/neutron/dhcp/a5e01705-11ad-4d5f-aa40-3e3c6ac88f90/addn_hosts - 2 addresses
Jun 20 04:23:38 gtw01 dnsmasq-dhcp[28743]: read /var/lib/neutron/dhcp/a5e01705-11ad-4d5f-aa40-3e3c6ac88f90/host
Jun 20 04:23:38 gtw01 dnsmasq-dhcp[28743]: read /var/lib/neutron/dhcp/a5e01705-11ad-4d5f-aa40-3e3c6ac88f90/opts
Jun 20 04:23:39 gtw01 dnsmasq[28824]: started, version 2.80 cachesize 150
Jun 20 04:23:39 gtw01 dnsmasq[28824]: DNS service limited to local subnets
Jun 20 04:23:39 gtw01 dnsmasq[28824]: compile time options: IPv6 GNU-getopt DBus i18n IDN DHCP DHCPv6 no-Lua TFTP conntrack ipset auth DNSSEC loop-detect inotify dumpfile
Jun 20 04:23:39 gtw01 dnsmasq[28824]: warning: no upstream servers configured
Jun 20 04:23:39 gtw01 dnsmasq-dhcp[28824]: DHCPv6, static leases only on 2003:0:1::, lease time 1h
Jun 20 04:23:39 gtw01 dnsmasq[28824]: read /var/lib/neutron/dhcp/d5def043-c837-4f86-999e-cb8a79f708ba/addn_hosts - 1 addresses
Jun 20 04:23:39 gtw01 dnsmasq-dhcp[28824]: read /var/lib/neutron/dhcp/d5def043-c837-4f86-999e-cb8a79f708ba/host
Jun 20 04:23:39 gtw01 dnsmasq-dhcp[28824]: read /var/lib/neutron/dhcp/d5def043-c837-4f86-999e-cb8a79f708ba/opts
Jun 20 04:23:39 gtw01 dnsmasq[28743]: read /var/lib/neutron/dhcp/a5e01705-11ad-4d5f-aa40-3e3c6ac88f90/addn_hosts - 2 addresses
Jun 20 04:23:39 gtw01 dnsmasq-dhcp[28743]: read /var/lib/neutron/dhcp/a5e01705-11ad-4d5f-aa40-3e3c6ac88f90/host
Jun 20 04:23:39 gtw01 dnsmasq-dhcp[28743]: read /var/lib/neutron/dhcp/a5e01705-11ad-4d5f-aa40-3e3c6ac88f90/opts
Jun 20 04:23:40 gtw01 dnsmasq[28824]: read /var/lib/neutron/dhcp/d5def043-c837-4f86-999e-cb8a79f708ba/addn_hosts - 1 addresses
Jun 20 04:23:40 gtw01 dnsmasq-dhcp[28824]: read /var/lib/neutron/dhcp/d5def043-c837-4f86-999e-cb8a79f708ba/host
Jun 20 04:23:40 gtw01 dnsmasq-dhcp[28824]: read /var/lib/neutron/dhcp/d5def043-c837-4f86-999e-cb8a79f708ba/opts
Jun 20 04:23:40 gtw01 dnsmasq[28743]: read /var/lib/neutron/dhcp/a5e01705-11ad-4d5f-aa40-3e3c6ac88f90/addn_hosts - 2 addresses
Jun 20 04:23:40 gtw01 dnsmasq-dhcp[28743]: read /var/lib/neutron/dhcp/a5e01705-11ad-4d5f-aa40-3e3c6ac88f90/host
Jun 20 04:23:40 gtw01 dnsmasq-dhcp[28743]: read /var/lib/neutron/dhcp/a5e01705-11ad-4d5f-aa40-3e3c6ac88f90/opts
Jun 20 04:23:41 gtw01 dnsmasq[28824]: read /var/lib/neutron/dhcp/d5def043-c837-4f86-999e-cb8a79f708ba/addn_hosts - 1 addresses
Jun 20 04:23:41 gtw01 dnsmasq-dhcp[28824]: read /var/lib/neutron/dhcp/d5def043-c837-4f86-999e-cb8a79f708ba/host
Jun 20 04:23:41 gtw01 dnsmasq-dhcp[28824]: read /var/lib/neutron/dhcp/d5def043-c837-4f86-999e-cb8a79f708ba/opts
Jun 20 04:23:41 gtw01 dnsmasq[28743]: read /var/lib/neutron/dhcp/a5e01705-11ad-4d5f-aa40-3e3c6ac88f90/addn_hosts - 2 addresses
Jun 20 04:23:41 gtw01 dnsmasq-dhcp[28743]: read /var/lib/neutron/dhcp/a5e01705-11ad-4d5f-aa40-3e3c6ac88f90/host
Jun 20 04:23:41 gtw01 dnsmasq-dhcp[28743]: read /var/lib/neutron/dhcp/a5e01705-11ad-4d5f-aa40-3e3c6ac88f90/opts
Jun 20 04:23:42 gtw01 dnsmasq[28824]: read /var/lib/neutron/dhcp/d5def043-c837-4f86-999e-cb8a79f708ba/addn_hosts - 2 addresses
Jun 20 04:23:42 gtw01 dnsmasq-dhcp[28824]: read /var/lib/neutron/dhcp/d5def043-c837-4f86-999e-cb8a79f708ba/host
Jun 20 04:23:42 gtw01 dnsmasq-dhcp[28824]: read /var/lib/neutron/dhcp/d5def043-c837-4f86-999e-cb8a79f708ba/opts
Jun 20 04:23:42 gtw01 dnsmasq[28743]: read /var/lib/neutron/dhcp/a5e01705-11ad-4d5f-aa40-3e3c6ac88f90/addn_hosts - 2 addresses
Jun 20 04:23:42 gtw01 dnsmasq-dhcp[28743]: read /var/lib/neutron/dhcp/a5e01705-11ad-4d5f-aa40-3e3c6ac88f90/host
Jun 20 04:23:42 gtw01 dnsmasq-dhcp[28743]: read /var/lib/neutron/dhcp/a5e01705-11ad-4d5f-aa40-3e3c6ac88f90/opts
Jun 20 04:23:42 gtw01 kernel: [ 7224.616699] device tap39768f40-e7 left promiscuous mode
Jun 20 04:23:43 gtw01 dnsmasq[28824]: read /var/lib/neutron/dhcp/d5def043-c837-4f86-999e-cb8a79f708ba/addn_hosts - 2 addresses
Jun 20 04:23:43 gtw01 dnsmasq-dhcp[28824]: read /var/lib/neutron/dhcp/d5def043-c837-4f86-999e-cb8a79f708ba/host
Jun 20 04:23:43 gtw01 dnsmasq-dhcp[28824]: read /var/lib/neutron/dhcp/d5def043-c837-4f86-999e-cb8a79f708ba/opts
Jun 20 04:23:44 gtw01 dnsmasq[28824]: read /var/lib/neutron/dhcp/d5def043-c837-4f86-999e-cb8a79f708ba/addn_hosts - 2 addresses
Jun 20 04:23:44 gtw01 dnsmasq-dhcp[28824]: read /var/lib/neutron/dhcp/d5def043-c837-4f86-999e-cb8a79f708ba/host
Jun 20 04:23:44 gtw01 dnsmasq-dhcp[28824]: read /var/lib/neutron/dhcp/d5def043-c837-4f86-999e-cb8a79f708ba/opts
Jun 20 04:23:45 gtw01 dnsmasq[28824]: read /var/lib/neutron/dhcp/d5def043-c837-4f86-999e-cb8a79f708ba/addn_hosts - 1 addresses
Jun 20 04:23:45 gtw01 dnsmasq-dhcp[28824]: read /var/lib/neutron/dhcp/d5def043-c837-4f86-999e-cb8a79f708ba/host
Jun 20 04:23:45 gtw01 dnsmasq-dhcp[28824]: read /var/lib/neutron/dhcp/d5def043-c837-4f86-999e-cb8a79f708ba/opts
Jun 20 04:23:47 gtw01 dnsmasq[28743]: read /var/lib/neutron/dhcp/a5e01705-11ad-4d5f-aa40-3e3c6ac88f90/addn_hosts - 1 addresses
Jun 20 04:23:47 gtw01 dnsmasq-dhcp[28743]: read /var/lib/neutron/dhcp/a5e01705-11ad-4d5f-aa40-3e3c6ac88f90/host
Jun 20 04:23:47 gtw01 dnsmasq-dhcp[28743]: read /var/lib/neutron/dhcp/a5e01705-11ad-4d5f-aa40-3e3c6ac88f90/opts
Jun 20 04:23:52 gtw01 kernel: [ 7233.866661] device tap909c647d-f9 left promiscuous mode
Jun 20 04:23:52 gtw01 kernel: [ 7234.289583] device vxlan_sys_4789 left promiscuous mode
Jun 20 04:23:53 gtw01 kernel: [ 7235.567960] device tap0b108ef3-ca left promiscuous mode
Jun 20 04:23:58 gtw01 kernel: [ 7239.994559] device qr-c59ec6d8-2e left promiscuous mode
Jun 20 04:23:59 gtw01 kernel: [ 7240.798096] device qg-57cddcd2-aa left promiscuous mode
Jun 20 04:23:59 gtw01 systemd-udevd[29192]: Could not generate persistent MAC address for tapcdc47bce-1d: No such file or directory
Jun 20 04:23:59 gtw01 kernel: [ 7240.996640] device tapcdc47bce-1d entered promiscuous mode
Jun 20 04:23:59 gtw01 systemd-udevd[29192]: Process '/sbin/ip link set tapcdc47bce-1d txqueuelen 10000' failed with exit code 1.
Jun 20 04:23:59 gtw01 systemd-udevd[29270]: Process '/sbin/ip link set tapcdc47bce-1d txqueuelen 10000' failed with exit code 1.
Jun 20 04:24:02 gtw01 dnsmasq[29408]: started, version 2.80 cachesize 150
Jun 20 04:24:02 gtw01 dnsmasq[29408]: DNS service limited to local subnets
Jun 20 04:24:02 gtw01 dnsmasq[29408]: compile time options: IPv6 GNU-getopt DBus i18n IDN DHCP DHCPv6 no-Lua TFTP conntrack ipset auth DNSSEC loop-detect inotify dumpfile
Jun 20 04:24:02 gtw01 dnsmasq[29408]: warning: no upstream servers configured
Jun 20 04:24:02 gtw01 dnsmasq-dhcp[29408]: DHCPv6, static leases only on 2003::, lease time 1h
Jun 20 04:24:02 gtw01 dnsmasq[29408]: read /var/lib/neutron/dhcp/eb4647ee-77a5-4bce-931a-7ac173efd753/addn_hosts - 1 addresses
Jun 20 04:24:02 gtw01 dnsmasq-dhcp[29408]: read /var/lib/neutron/dhcp/eb4647ee-77a5-4bce-931a-7ac173efd753/host
Jun 20 04:24:02 gtw01 dnsmasq-dhcp[29408]: read /var/lib/neutron/dhcp/eb4647ee-77a5-4bce-931a-7ac173efd753/opts
Jun 20 04:24:03 gtw01 dnsmasq[29408]: read /var/lib/neutron/dhcp/eb4647ee-77a5-4bce-931a-7ac173efd753/addn_hosts - 1 addresses
Jun 20 04:24:03 gtw01 dnsmasq-dhcp[29408]: read /var/lib/neutron/dhcp/eb4647ee-77a5-4bce-931a-7ac173efd753/host
Jun 20 04:24:03 gtw01 dnsmasq-dhcp[29408]: read /var/lib/neutron/dhcp/eb4647ee-77a5-4bce-931a-7ac173efd753/opts
Jun 20 04:24:04 gtw01 dnsmasq[29408]: read /var/lib/neutron/dhcp/eb4647ee-77a5-4bce-931a-7ac173efd753/addn_hosts - 1 addresses
Jun 20 04:24:04 gtw01 dnsmasq-dhcp[29408]: read /var/lib/neutron/dhcp/eb4647ee-77a5-4bce-931a-7ac173efd753/host
Jun 20 04:24:04 gtw01 dnsmasq-dhcp[29408]: read /var/lib/neutron/dhcp/eb4647ee-77a5-4bce-931a-7ac173efd753/opts
Jun 20 04:24:05 gtw01 dnsmasq[29408]: read /var/lib/neutron/dhcp/eb4647ee-77a5-4bce-931a-7ac173efd753/addn_hosts - 2 addresses
Jun 20 04:24:05 gtw01 dnsmasq-dhcp[29408]: read /var/lib/neutron/dhcp/eb4647ee-77a5-4bce-931a-7ac173efd753/host
Jun 20 04:24:05 gtw01 dnsmasq-dhcp[29408]: read /var/lib/neutron/dhcp/eb4647ee-77a5-4bce-931a-7ac173efd753/opts
Jun 20 04:24:06 gtw01 dnsmasq[29408]: read /var/lib/neutron/dhcp/eb4647ee-77a5-4bce-931a-7ac173efd753/addn_hosts - 2 addresses
Jun 20 04:24:06 gtw01 dnsmasq-dhcp[29408]: read /var/lib/neutron/dhcp/eb4647ee-77a5-4bce-931a-7ac173efd753/host
Jun 20 04:24:06 gtw01 dnsmasq-dhcp[29408]: read /var/lib/neutron/dhcp/eb4647ee-77a5-4bce-931a-7ac173efd753/opts
Jun 20 04:24:07 gtw01 kernel: [ 7249.042802] device tapcdc47bce-1d left promiscuous mode
Jun 20 04:24:09 gtw01 dnsmasq[16241]: read /var/lib/neutron/dhcp/8bd7fcc4-16e7-4df3-a7dd-878d16565cc0/addn_hosts - 3 addresses
Jun 20 04:24:09 gtw01 dnsmasq-dhcp[16241]: read /var/lib/neutron/dhcp/8bd7fcc4-16e7-4df3-a7dd-878d16565cc0/host
Jun 20 04:24:09 gtw01 dnsmasq-dhcp[16241]: read /var/lib/neutron/dhcp/8bd7fcc4-16e7-4df3-a7dd-878d16565cc0/opts
Jun 20 04:24:10 gtw01 dnsmasq[16241]: read /var/lib/neutron/dhcp/8bd7fcc4-16e7-4df3-a7dd-878d16565cc0/addn_hosts - 3 addresses
Jun 20 04:24:10 gtw01 dnsmasq-dhcp[16241]: read /var/lib/neutron/dhcp/8bd7fcc4-16e7-4df3-a7dd-878d16565cc0/host
Jun 20 04:24:10 gtw01 dnsmasq-dhcp[16241]: read /var/lib/neutron/dhcp/8bd7fcc4-16e7-4df3-a7dd-878d16565cc0/opts
Jun 20 04:24:11 gtw01 dnsmasq[16241]: read /var/lib/neutron/dhcp/8bd7fcc4-16e7-4df3-a7dd-878d16565cc0/addn_hosts - 3 addresses
Jun 20 04:24:11 gtw01 dnsmasq-dhcp[16241]: read /var/lib/neutron/dhcp/8bd7fcc4-16e7-4df3-a7dd-878d16565cc0/host
Jun 20 04:24:11 gtw01 dnsmasq-dhcp[16241]: read /var/lib/neutron/dhcp/8bd7fcc4-16e7-4df3-a7dd-878d16565cc0/opts
Jun 20 04:24:11 gtw01 kernel: [ 7253.349753] device tapbe45231a-38 entered promiscuous mode
Jun 20 04:24:11 gtw01 systemd-udevd[29582]: Could not generate persistent MAC address for tapbe45231a-38: No such file or directory
Jun 20 04:24:11 gtw01 systemd-udevd[29582]: Process '/sbin/ip link set tapbe45231a-38 txqueuelen 10000' failed with exit code 1.
Jun 20 04:24:11 gtw01 systemd-udevd[29656]: Process '/sbin/ip link set tapbe45231a-38 txqueuelen 10000' failed with exit code 1.
Jun 20 04:24:13 gtw01 systemd-udevd[29698]: Could not generate persistent MAC address for vxlan_sys_4789: No such file or directory
Jun 20 04:24:13 gtw01 kernel: [ 7255.110541] device vxlan_sys_4789 entered promiscuous mode
Jun 20 04:24:15 gtw01 dnsmasq[29807]: started, version 2.80 cachesize 150
Jun 20 04:24:15 gtw01 dnsmasq[29807]: DNS service limited to local subnets
Jun 20 04:24:15 gtw01 dnsmasq[29807]: compile time options: IPv6 GNU-getopt DBus i18n IDN DHCP DHCPv6 no-Lua TFTP conntrack ipset auth DNSSEC loop-detect inotify dumpfile
Jun 20 04:24:15 gtw01 dnsmasq[29807]: warning: no upstream servers configured
Jun 20 04:24:15 gtw01 dnsmasq-dhcp[29807]: DHCPv6, static leases only on 2003::, lease time 1h
Jun 20 04:24:15 gtw01 dnsmasq[29807]: read /var/lib/neutron/dhcp/5632a1f6-a0a7-46a2-a463-22270d19d8e0/addn_hosts - 1 addresses
Jun 20 04:24:15 gtw01 dnsmasq-dhcp[29807]: read /var/lib/neutron/dhcp/5632a1f6-a0a7-46a2-a463-22270d19d8e0/host
Jun 20 04:24:15 gtw01 dnsmasq-dhcp[29807]: read /var/lib/neutron/dhcp/5632a1f6-a0a7-46a2-a463-22270d19d8e0/opts
Jun 20 04:24:16 gtw01 dnsmasq[29807]: read /var/lib/neutron/dhcp/5632a1f6-a0a7-46a2-a463-22270d19d8e0/addn_hosts - 1 addresses
Jun 20 04:24:16 gtw01 dnsmasq-dhcp[29807]: read /var/lib/neutron/dhcp/5632a1f6-a0a7-46a2-a463-22270d19d8e0/host
Jun 20 04:24:16 gtw01 dnsmasq-dhcp[29807]: read /var/lib/neutron/dhcp/5632a1f6-a0a7-46a2-a463-22270d19d8e0/opts
Jun 20 04:24:17 gtw01 dnsmasq[29807]: read /var/lib/neutron/dhcp/5632a1f6-a0a7-46a2-a463-22270d19d8e0/addn_hosts - 1 addresses
Jun 20 04:24:17 gtw01 dnsmasq-dhcp[29807]: read /var/lib/neutron/dhcp/5632a1f6-a0a7-46a2-a463-22270d19d8e0/host
Jun 20 04:24:17 gtw01 dnsmasq-dhcp[29807]: read /var/lib/neutron/dhcp/5632a1f6-a0a7-46a2-a463-22270d19d8e0/opts
Jun 20 04:24:18 gtw01 dnsmasq[29807]: read /var/lib/neutron/dhcp/5632a1f6-a0a7-46a2-a463-22270d19d8e0/addn_hosts - 2 addresses
Jun 20 04:24:18 gtw01 dnsmasq-dhcp[29807]: read /var/lib/neutron/dhcp/5632a1f6-a0a7-46a2-a463-22270d19d8e0/host
Jun 20 04:24:18 gtw01 dnsmasq-dhcp[29807]: read /var/lib/neutron/dhcp/5632a1f6-a0a7-46a2-a463-22270d19d8e0/opts
Jun 20 04:24:18 gtw01 kernel: [ 7260.646317] device tapbe45231a-38 left promiscuous mode
Jun 20 04:24:24 gtw01 dnsmasq-dhcp[16241]: DHCPDISCOVER(tap1c74ca54-4e) fa:16:3e:05:81:fc
Jun 20 04:24:24 gtw01 dnsmasq-dhcp[16241]: DHCPOFFER(tap1c74ca54-4e) 192.168.120.3 fa:16:3e:05:81:fc
Jun 20 04:24:24 gtw01 dnsmasq-dhcp[16241]: DHCPREQUEST(tap1c74ca54-4e) 192.168.120.3 fa:16:3e:05:81:fc
Jun 20 04:24:24 gtw01 dnsmasq-dhcp[16241]: DHCPACK(tap1c74ca54-4e) 192.168.120.3 fa:16:3e:05:81:fc host-192-168-120-3
Jun 20 04:24:28 gtw01 kernel: [ 7270.232590] device tapbe9d334e-f1 entered promiscuous mode
Jun 20 04:24:28 gtw01 systemd-udevd[29920]: Could not generate persistent MAC address for tapbe9d334e-f1: No such file or directory
Jun 20 04:24:28 gtw01 systemd-udevd[29920]: Process '/sbin/ip link set tapbe9d334e-f1 txqueuelen 10000' failed with exit code 1.
Jun 20 04:24:28 gtw01 systemd-udevd[29994]: Process '/sbin/ip link set tapbe9d334e-f1 txqueuelen 10000' failed with exit code 1.
Jun 20 04:24:31 gtw01 dnsmasq[30070]: started, version 2.80 cachesize 150
Jun 20 04:24:31 gtw01 dnsmasq[30070]: DNS service limited to local subnets
Jun 20 04:24:31 gtw01 dnsmasq[30070]: compile time options: IPv6 GNU-getopt DBus i18n IDN DHCP DHCPv6 no-Lua TFTP conntrack ipset auth DNSSEC loop-detect inotify dumpfile
Jun 20 04:24:31 gtw01 dnsmasq[30070]: warning: no upstream servers configured
Jun 20 04:24:31 gtw01 dnsmasq-dhcp[30070]: DHCPv6, static leases only on 2003::, lease time 1h
Jun 20 04:24:31 gtw01 dnsmasq[30070]: read /var/lib/neutron/dhcp/558850fa-dcbb-4355-aad1-5a56f3a220b1/addn_hosts - 1 addresses
Jun 20 04:24:31 gtw01 dnsmasq-dhcp[30070]: read /var/lib/neutron/dhcp/558850fa-dcbb-4355-aad1-5a56f3a220b1/host
Jun 20 04:24:31 gtw01 dnsmasq-dhcp[30070]: read /var/lib/neutron/dhcp/558850fa-dcbb-4355-aad1-5a56f3a220b1/opts
Jun 20 04:24:32 gtw01 dnsmasq[30070]: read /var/lib/neutron/dhcp/558850fa-dcbb-4355-aad1-5a56f3a220b1/addn_hosts - 1 addresses
Jun 20 04:24:32 gtw01 dnsmasq-dhcp[30070]: read /var/lib/neutron/dhcp/558850fa-dcbb-4355-aad1-5a56f3a220b1/host
Jun 20 04:24:32 gtw01 dnsmasq-dhcp[30070]: read /var/lib/neutron/dhcp/558850fa-dcbb-4355-aad1-5a56f3a220b1/opts
Jun 20 04:24:33 gtw01 dnsmasq[30070]: read /var/lib/neutron/dhcp/558850fa-dcbb-4355-aad1-5a56f3a220b1/addn_hosts - 1 addresses
Jun 20 04:24:33 gtw01 dnsmasq-dhcp[30070]: read /var/lib/neutron/dhcp/558850fa-dcbb-4355-aad1-5a56f3a220b1/host
Jun 20 04:24:33 gtw01 dnsmasq-dhcp[30070]: read /var/lib/neutron/dhcp/558850fa-dcbb-4355-aad1-5a56f3a220b1/opts
Jun 20 04:24:34 gtw01 dnsmasq[30070]: read /var/lib/neutron/dhcp/558850fa-dcbb-4355-aad1-5a56f3a220b1/addn_hosts - 2 addresses
Jun 20 04:24:34 gtw01 dnsmasq-dhcp[30070]: read /var/lib/neutron/dhcp/558850fa-dcbb-4355-aad1-5a56f3a220b1/host
Jun 20 04:24:34 gtw01 dnsmasq-dhcp[30070]: read /var/lib/neutron/dhcp/558850fa-dcbb-4355-aad1-5a56f3a220b1/opts
Jun 20 04:24:35 gtw01 kernel: [ 7277.067765] device tapbe9d334e-f1 left promiscuous mode
Jun 20 04:24:39 gtw01 systemd-udevd[30185]: Could not generate persistent MAC address for tap48c83c33-2c: No such file or directory
Jun 20 04:24:39 gtw01 kernel: [ 7281.619206] device tap48c83c33-2c entered promiscuous mode
Jun 20 04:24:39 gtw01 systemd-udevd[30185]: Process '/sbin/ip link set tap48c83c33-2c txqueuelen 10000' failed with exit code 1.
Jun 20 04:24:39 gtw01 systemd-udevd[30185]: Process '/sbin/ip link set tap48c83c33-2c txqueuelen 10000' failed with exit code 1.
Jun 20 04:24:43 gtw01 dnsmasq[30340]: started, version 2.80 cachesize 150
Jun 20 04:24:43 gtw01 dnsmasq[30340]: DNS service limited to local subnets
Jun 20 04:24:43 gtw01 dnsmasq[30340]: compile time options: IPv6 GNU-getopt DBus i18n IDN DHCP DHCPv6 no-Lua TFTP conntrack ipset auth DNSSEC loop-detect inotify dumpfile
Jun 20 04:24:43 gtw01 dnsmasq[30340]: warning: no upstream servers configured
Jun 20 04:24:43 gtw01 dnsmasq-dhcp[30340]: DHCPv6, static leases only on 2003::, lease time 1h
Jun 20 04:24:43 gtw01 dnsmasq[30340]: read /var/lib/neutron/dhcp/9599e08b-a4a8-4a13-983a-e633aa7e0d0f/addn_hosts - 1 addresses
Jun 20 04:24:43 gtw01 dnsmasq-dhcp[30340]: read /var/lib/neutron/dhcp/9599e08b-a4a8-4a13-983a-e633aa7e0d0f/host
Jun 20 04:24:43 gtw01 dnsmasq-dhcp[30340]: read /var/lib/neutron/dhcp/9599e08b-a4a8-4a13-983a-e633aa7e0d0f/opts
Jun 20 04:24:43 gtw01 dnsmasq[30340]: read /var/lib/neutron/dhcp/9599e08b-a4a8-4a13-983a-e633aa7e0d0f/addn_hosts - 2 addresses
Jun 20 04:24:43 gtw01 dnsmasq-dhcp[30340]: read /var/lib/neutron/dhcp/9599e08b-a4a8-4a13-983a-e633aa7e0d0f/host
Jun 20 04:24:43 gtw01 dnsmasq-dhcp[30340]: read /var/lib/neutron/dhcp/9599e08b-a4a8-4a13-983a-e633aa7e0d0f/opts
Jun 20 04:24:44 gtw01 kernel: [ 7285.920439] device qr-89274ff3-b7 entered promiscuous mode
Jun 20 04:24:44 gtw01 systemd-udevd[30392]: Could not generate persistent MAC address for qr-89274ff3-b7: No such file or directory
Jun 20 04:24:44 gtw01 systemd-udevd[30477]: Could not generate persistent MAC address for tap29c63d66-49: No such file or directory
Jun 20 04:24:44 gtw01 kernel: [ 7286.117729] device tap29c63d66-49 entered promiscuous mode
Jun 20 04:24:44 gtw01 systemd-udevd[30477]: Process '/sbin/ip link set tap29c63d66-49 txqueuelen 10000' failed with exit code 1.
Jun 20 04:24:44 gtw01 systemd-udevd[30477]: Process '/sbin/ip link set tap29c63d66-49 txqueuelen 10000' failed with exit code 1.
Jun 20 04:24:44 gtw01 dnsmasq[30340]: read /var/lib/neutron/dhcp/9599e08b-a4a8-4a13-983a-e633aa7e0d0f/addn_hosts - 2 addresses
Jun 20 04:24:44 gtw01 dnsmasq-dhcp[30340]: read /var/lib/neutron/dhcp/9599e08b-a4a8-4a13-983a-e633aa7e0d0f/host
Jun 20 04:24:44 gtw01 dnsmasq-dhcp[30340]: read /var/lib/neutron/dhcp/9599e08b-a4a8-4a13-983a-e633aa7e0d0f/opts
Jun 20 04:24:45 gtw01 radvd[30607]: version 2.11 started
Jun 20 04:24:45 gtw01 dnsmasq[30340]: read /var/lib/neutron/dhcp/9599e08b-a4a8-4a13-983a-e633aa7e0d0f/addn_hosts - 2 addresses
Jun 20 04:24:45 gtw01 dnsmasq-dhcp[30340]: read /var/lib/neutron/dhcp/9599e08b-a4a8-4a13-983a-e633aa7e0d0f/host
Jun 20 04:24:45 gtw01 dnsmasq-dhcp[30340]: read /var/lib/neutron/dhcp/9599e08b-a4a8-4a13-983a-e633aa7e0d0f/opts
Jun 20 04:24:46 gtw01 dnsmasq[30340]: read /var/lib/neutron/dhcp/9599e08b-a4a8-4a13-983a-e633aa7e0d0f/addn_hosts - 2 addresses
Jun 20 04:24:46 gtw01 dnsmasq-dhcp[30340]: read /var/lib/neutron/dhcp/9599e08b-a4a8-4a13-983a-e633aa7e0d0f/host
Jun 20 04:24:46 gtw01 dnsmasq-dhcp[30340]: read /var/lib/neutron/dhcp/9599e08b-a4a8-4a13-983a-e633aa7e0d0f/opts
Jun 20 04:24:47 gtw01 dnsmasq[30340]: read /var/lib/neutron/dhcp/9599e08b-a4a8-4a13-983a-e633aa7e0d0f/addn_hosts - 2 addresses
Jun 20 04:24:47 gtw01 dnsmasq-dhcp[30340]: read /var/lib/neutron/dhcp/9599e08b-a4a8-4a13-983a-e633aa7e0d0f/host
Jun 20 04:24:47 gtw01 dnsmasq-dhcp[30340]: read /var/lib/neutron/dhcp/9599e08b-a4a8-4a13-983a-e633aa7e0d0f/opts
Jun 20 04:24:47 gtw01 dnsmasq[30743]: started, version 2.80 cachesize 150
Jun 20 04:24:47 gtw01 dnsmasq[30743]: DNS service limited to local subnets
Jun 20 04:24:47 gtw01 dnsmasq[30743]: compile time options: IPv6 GNU-getopt DBus i18n IDN DHCP DHCPv6 no-Lua TFTP conntrack ipset auth DNSSEC loop-detect inotify dumpfile
Jun 20 04:24:47 gtw01 dnsmasq[30743]: warning: no upstream servers configured
Jun 20 04:24:47 gtw01 dnsmasq-dhcp[30743]: DHCPv6, static leases only on 2003:0:1::, lease time 1h
Jun 20 04:24:47 gtw01 dnsmasq[30743]: read /var/lib/neutron/dhcp/06689dde-ead9-49e7-81fb-e6d9fbcbcd1a/addn_hosts - 1 addresses
Jun 20 04:24:47 gtw01 dnsmasq-dhcp[30743]: read /var/lib/neutron/dhcp/06689dde-ead9-49e7-81fb-e6d9fbcbcd1a/host
Jun 20 04:24:47 gtw01 dnsmasq-dhcp[30743]: read /var/lib/neutron/dhcp/06689dde-ead9-49e7-81fb-e6d9fbcbcd1a/opts
Jun 20 04:24:48 gtw01 systemd-udevd[30782]: Could not generate persistent MAC address for tapa77c586d-24: No such file or directory
Jun 20 04:24:48 gtw01 kernel: [ 7290.283103] device tapa77c586d-24 entered promiscuous mode
Jun 20 04:24:48 gtw01 systemd-udevd[30782]: Process '/sbin/ip link set tapa77c586d-24 txqueuelen 10000' failed with exit code 1.
Jun 20 04:24:48 gtw01 dnsmasq[30340]: read /var/lib/neutron/dhcp/9599e08b-a4a8-4a13-983a-e633aa7e0d0f/addn_hosts - 2 addresses
Jun 20 04:24:48 gtw01 dnsmasq-dhcp[30340]: read /var/lib/neutron/dhcp/9599e08b-a4a8-4a13-983a-e633aa7e0d0f/host
Jun 20 04:24:48 gtw01 dnsmasq-dhcp[30340]: read /var/lib/neutron/dhcp/9599e08b-a4a8-4a13-983a-e633aa7e0d0f/opts
Jun 20 04:24:48 gtw01 systemd-udevd[30782]: Process '/sbin/ip link set tapa77c586d-24 txqueuelen 10000' failed with exit code 1.
Jun 20 04:24:49 gtw01 dnsmasq-dhcp[16241]: DHCPRELEASE(tap1c74ca54-4e) 192.168.120.3 fa:16:3e:05:81:fc
Jun 20 04:24:49 gtw01 haproxy-metadata-proxy-38f9061b-84c7-4889-b896-a701c5fa041e[30918]: Proxy listener started.
Jun 20 04:24:49 gtw01 dnsmasq[30743]: read /var/lib/neutron/dhcp/06689dde-ead9-49e7-81fb-e6d9fbcbcd1a/addn_hosts - 2 addresses
Jun 20 04:24:49 gtw01 dnsmasq-dhcp[30743]: read /var/lib/neutron/dhcp/06689dde-ead9-49e7-81fb-e6d9fbcbcd1a/host
Jun 20 04:24:49 gtw01 dnsmasq-dhcp[30743]: read /var/lib/neutron/dhcp/06689dde-ead9-49e7-81fb-e6d9fbcbcd1a/opts
Jun 20 04:24:49 gtw01 dnsmasq[30340]: read /var/lib/neutron/dhcp/9599e08b-a4a8-4a13-983a-e633aa7e0d0f/addn_hosts - 2 addresses
Jun 20 04:24:49 gtw01 dnsmasq-dhcp[30340]: read /var/lib/neutron/dhcp/9599e08b-a4a8-4a13-983a-e633aa7e0d0f/host
Jun 20 04:24:49 gtw01 dnsmasq-dhcp[30340]: read /var/lib/neutron/dhcp/9599e08b-a4a8-4a13-983a-e633aa7e0d0f/opts
Jun 20 04:24:50 gtw01 dnsmasq[30743]: read /var/lib/neutron/dhcp/06689dde-ead9-49e7-81fb-e6d9fbcbcd1a/addn_hosts - 2 addresses
Jun 20 04:24:50 gtw01 dnsmasq-dhcp[30743]: read /var/lib/neutron/dhcp/06689dde-ead9-49e7-81fb-e6d9fbcbcd1a/host
Jun 20 04:24:50 gtw01 dnsmasq-dhcp[30743]: read /var/lib/neutron/dhcp/06689dde-ead9-49e7-81fb-e6d9fbcbcd1a/opts
Jun 20 04:24:51 gtw01 dnsmasq[30743]: read /var/lib/neutron/dhcp/06689dde-ead9-49e7-81fb-e6d9fbcbcd1a/addn_hosts - 2 addresses
Jun 20 04:24:51 gtw01 dnsmasq-dhcp[30743]: read /var/lib/neutron/dhcp/06689dde-ead9-49e7-81fb-e6d9fbcbcd1a/host
Jun 20 04:24:51 gtw01 dnsmasq-dhcp[30743]: read /var/lib/neutron/dhcp/06689dde-ead9-49e7-81fb-e6d9fbcbcd1a/opts
Jun 20 04:24:51 gtw01 dnsmasq[31046]: started, version 2.80 cachesize 150
Jun 20 04:24:51 gtw01 dnsmasq[31046]: DNS service limited to local subnets
Jun 20 04:24:51 gtw01 dnsmasq[31046]: compile time options: IPv6 GNU-getopt DBus i18n IDN DHCP DHCPv6 no-Lua TFTP conntrack ipset auth DNSSEC loop-detect inotify dumpfile
Jun 20 04:24:51 gtw01 dnsmasq[31046]: warning: no upstream servers configured
Jun 20 04:24:51 gtw01 dnsmasq-dhcp[31046]: DHCPv6, static leases only on 2003:0:2::, lease time 1h
Jun 20 04:24:51 gtw01 dnsmasq[31046]: read /var/lib/neutron/dhcp/40eb39cd-1a77-4a8a-9e2c-7134745efd6c/addn_hosts - 1 addresses
Jun 20 04:24:51 gtw01 dnsmasq-dhcp[31046]: read /var/lib/neutron/dhcp/40eb39cd-1a77-4a8a-9e2c-7134745efd6c/host
Jun 20 04:24:51 gtw01 dnsmasq-dhcp[31046]: read /var/lib/neutron/dhcp/40eb39cd-1a77-4a8a-9e2c-7134745efd6c/opts
Jun 20 04:24:52 gtw01 dnsmasq[30743]: read /var/lib/neutron/dhcp/06689dde-ead9-49e7-81fb-e6d9fbcbcd1a/addn_hosts - 2 addresses
Jun 20 04:24:52 gtw01 dnsmasq-dhcp[30743]: read /var/lib/neutron/dhcp/06689dde-ead9-49e7-81fb-e6d9fbcbcd1a/host
Jun 20 04:24:52 gtw01 dnsmasq-dhcp[30743]: read /var/lib/neutron/dhcp/06689dde-ead9-49e7-81fb-e6d9fbcbcd1a/opts
Jun 20 04:24:52 gtw01 dnsmasq[31046]: read /var/lib/neutron/dhcp/40eb39cd-1a77-4a8a-9e2c-7134745efd6c/addn_hosts - 2 addresses
Jun 20 04:24:52 gtw01 dnsmasq-dhcp[31046]: read /var/lib/neutron/dhcp/40eb39cd-1a77-4a8a-9e2c-7134745efd6c/host
Jun 20 04:24:52 gtw01 dnsmasq-dhcp[31046]: read /var/lib/neutron/dhcp/40eb39cd-1a77-4a8a-9e2c-7134745efd6c/opts
Jun 20 04:24:53 gtw01 dnsmasq[30743]: read /var/lib/neutron/dhcp/06689dde-ead9-49e7-81fb-e6d9fbcbcd1a/addn_hosts - 2 addresses
Jun 20 04:24:53 gtw01 dnsmasq-dhcp[30743]: read /var/lib/neutron/dhcp/06689dde-ead9-49e7-81fb-e6d9fbcbcd1a/host
Jun 20 04:24:53 gtw01 dnsmasq-dhcp[30743]: read /var/lib/neutron/dhcp/06689dde-ead9-49e7-81fb-e6d9fbcbcd1a/opts
Jun 20 04:24:53 gtw01 systemd-udevd[31105]: Could not generate persistent MAC address for qr-8d1813b8-0c: No such file or directory
Jun 20 04:24:53 gtw01 kernel: [ 7295.453954] device qr-8d1813b8-0c entered promiscuous mode
Jun 20 04:24:53 gtw01 dnsmasq[31046]: read /var/lib/neutron/dhcp/40eb39cd-1a77-4a8a-9e2c-7134745efd6c/addn_hosts - 2 addresses
Jun 20 04:24:53 gtw01 dnsmasq-dhcp[31046]: read /var/lib/neutron/dhcp/40eb39cd-1a77-4a8a-9e2c-7134745efd6c/host
Jun 20 04:24:53 gtw01 dnsmasq-dhcp[31046]: read /var/lib/neutron/dhcp/40eb39cd-1a77-4a8a-9e2c-7134745efd6c/opts
Jun 20 04:24:53 gtw01 kernel: [ 7295.552624] device vxlan_sys_4789 left promiscuous mode
Jun 20 04:24:54 gtw01 dnsmasq[30743]: read /var/lib/neutron/dhcp/06689dde-ead9-49e7-81fb-e6d9fbcbcd1a/addn_hosts - 2 addresses
Jun 20 04:24:54 gtw01 dnsmasq-dhcp[30743]: read /var/lib/neutron/dhcp/06689dde-ead9-49e7-81fb-e6d9fbcbcd1a/host
Jun 20 04:24:54 gtw01 dnsmasq-dhcp[30743]: read /var/lib/neutron/dhcp/06689dde-ead9-49e7-81fb-e6d9fbcbcd1a/opts
Jun 20 04:24:54 gtw01 systemd-udevd[31246]: Could not generate persistent MAC address for qr-e151305c-ab: No such file or directory
Jun 20 04:24:54 gtw01 kernel: [ 7296.381581] device qr-e151305c-ab entered promiscuous mode
Jun 20 04:24:54 gtw01 dnsmasq[31046]: read /var/lib/neutron/dhcp/40eb39cd-1a77-4a8a-9e2c-7134745efd6c/addn_hosts - 2 addresses
Jun 20 04:24:54 gtw01 dnsmasq-dhcp[31046]: read /var/lib/neutron/dhcp/40eb39cd-1a77-4a8a-9e2c-7134745efd6c/host
Jun 20 04:24:54 gtw01 dnsmasq-dhcp[31046]: read /var/lib/neutron/dhcp/40eb39cd-1a77-4a8a-9e2c-7134745efd6c/opts
Jun 20 04:24:55 gtw01 systemd-udevd[31355]: Could not generate persistent MAC address for tap505322cf-b0: No such file or directory
Jun 20 04:24:55 gtw01 kernel: [ 7296.846507] device tap505322cf-b0 entered promiscuous mode
Jun 20 04:24:55 gtw01 systemd-udevd[31429]: Process '/sbin/ip link set tap505322cf-b0 txqueuelen 10000' failed with exit code 1.
Jun 20 04:24:55 gtw01 dnsmasq[30743]: read /var/lib/neutron/dhcp/06689dde-ead9-49e7-81fb-e6d9fbcbcd1a/addn_hosts - 2 addresses
Jun 20 04:24:55 gtw01 dnsmasq-dhcp[30743]: read /var/lib/neutron/dhcp/06689dde-ead9-49e7-81fb-e6d9fbcbcd1a/host
Jun 20 04:24:55 gtw01 dnsmasq-dhcp[30743]: read /var/lib/neutron/dhcp/06689dde-ead9-49e7-81fb-e6d9fbcbcd1a/opts
Jun 20 04:24:55 gtw01 dnsmasq[16241]: read /var/lib/neutron/dhcp/8bd7fcc4-16e7-4df3-a7dd-878d16565cc0/addn_hosts - 4 addresses
Jun 20 04:24:55 gtw01 dnsmasq-dhcp[16241]: read /var/lib/neutron/dhcp/8bd7fcc4-16e7-4df3-a7dd-878d16565cc0/host
Jun 20 04:24:55 gtw01 dnsmasq-dhcp[16241]: read /var/lib/neutron/dhcp/8bd7fcc4-16e7-4df3-a7dd-878d16565cc0/opts
Jun 20 04:24:55 gtw01 systemd-udevd[31466]: Could not generate persistent MAC address for vxlan_sys_4789: No such file or directory
Jun 20 04:24:55 gtw01 kernel: [ 7297.342223] device vxlan_sys_4789 entered promiscuous mode
Jun 20 04:24:55 gtw01 radvd[30610]: attempting to reread config file
Jun 20 04:24:55 gtw01 radvd[30610]: resuming normal operation
Jun 20 04:24:56 gtw01 dnsmasq[31046]: read /var/lib/neutron/dhcp/40eb39cd-1a77-4a8a-9e2c-7134745efd6c/addn_hosts - 2 addresses
Jun 20 04:24:56 gtw01 dnsmasq-dhcp[31046]: read /var/lib/neutron/dhcp/40eb39cd-1a77-4a8a-9e2c-7134745efd6c/host
Jun 20 04:24:56 gtw01 dnsmasq-dhcp[31046]: read /var/lib/neutron/dhcp/40eb39cd-1a77-4a8a-9e2c-7134745efd6c/opts
Jun 20 04:24:56 gtw01 dnsmasq[16241]: read /var/lib/neutron/dhcp/8bd7fcc4-16e7-4df3-a7dd-878d16565cc0/addn_hosts - 4 addresses
Jun 20 04:24:56 gtw01 dnsmasq-dhcp[16241]: read /var/lib/neutron/dhcp/8bd7fcc4-16e7-4df3-a7dd-878d16565cc0/host
Jun 20 04:24:56 gtw01 dnsmasq-dhcp[16241]: read /var/lib/neutron/dhcp/8bd7fcc4-16e7-4df3-a7dd-878d16565cc0/opts
Jun 20 04:24:57 gtw01 dnsmasq[31046]: read /var/lib/neutron/dhcp/40eb39cd-1a77-4a8a-9e2c-7134745efd6c/addn_hosts - 2 addresses
Jun 20 04:24:57 gtw01 dnsmasq-dhcp[31046]: read /var/lib/neutron/dhcp/40eb39cd-1a77-4a8a-9e2c-7134745efd6c/host
Jun 20 04:24:57 gtw01 dnsmasq-dhcp[31046]: read /var/lib/neutron/dhcp/40eb39cd-1a77-4a8a-9e2c-7134745efd6c/opts
Jun 20 04:24:57 gtw01 dnsmasq[16241]: read /var/lib/neutron/dhcp/8bd7fcc4-16e7-4df3-a7dd-878d16565cc0/addn_hosts - 4 addresses
Jun 20 04:24:57 gtw01 dnsmasq-dhcp[16241]: read /var/lib/neutron/dhcp/8bd7fcc4-16e7-4df3-a7dd-878d16565cc0/host
Jun 20 04:24:57 gtw01 dnsmasq-dhcp[16241]: read /var/lib/neutron/dhcp/8bd7fcc4-16e7-4df3-a7dd-878d16565cc0/opts
Jun 20 04:24:58 gtw01 dnsmasq[31046]: read /var/lib/neutron/dhcp/40eb39cd-1a77-4a8a-9e2c-7134745efd6c/addn_hosts - 2 addresses
Jun 20 04:24:58 gtw01 dnsmasq-dhcp[31046]: read /var/lib/neutron/dhcp/40eb39cd-1a77-4a8a-9e2c-7134745efd6c/host
Jun 20 04:24:58 gtw01 dnsmasq-dhcp[31046]: read /var/lib/neutron/dhcp/40eb39cd-1a77-4a8a-9e2c-7134745efd6c/opts
Jun 20 04:24:58 gtw01 dnsmasq[31046]: read /var/lib/neutron/dhcp/40eb39cd-1a77-4a8a-9e2c-7134745efd6c/addn_hosts - 2 addresses
Jun 20 04:24:58 gtw01 dnsmasq-dhcp[31046]: read /var/lib/neutron/dhcp/40eb39cd-1a77-4a8a-9e2c-7134745efd6c/host
Jun 20 04:24:58 gtw01 dnsmasq-dhcp[31046]: read /var/lib/neutron/dhcp/40eb39cd-1a77-4a8a-9e2c-7134745efd6c/opts
Jun 20 04:24:58 gtw01 dnsmasq[31726]: started, version 2.80 cachesize 150
Jun 20 04:24:58 gtw01 dnsmasq[31726]: DNS service limited to local subnets
Jun 20 04:24:58 gtw01 dnsmasq[31726]: compile time options: IPv6 GNU-getopt DBus i18n IDN DHCP DHCPv6 no-Lua TFTP conntrack ipset auth DNSSEC loop-detect inotify dumpfile
Jun 20 04:24:58 gtw01 dnsmasq[31726]: warning: no upstream servers configured
Jun 20 04:24:58 gtw01 dnsmasq-dhcp[31726]: DHCPv6, static leases only on 2003:0:3::, lease time 1h
Jun 20 04:24:58 gtw01 dnsmasq[31726]: read /var/lib/neutron/dhcp/70b21313-3f2d-4cd5-bc17-1adab1942ad6/addn_hosts - 1 addresses
Jun 20 04:24:58 gtw01 dnsmasq-dhcp[31726]: read /var/lib/neutron/dhcp/70b21313-3f2d-4cd5-bc17-1adab1942ad6/host
Jun 20 04:24:58 gtw01 dnsmasq-dhcp[31726]: read /var/lib/neutron/dhcp/70b21313-3f2d-4cd5-bc17-1adab1942ad6/opts
Jun 20 04:24:59 gtw01 kernel: [ 7301.176241] device vxlan_sys_4789 left promiscuous mode
Jun 20 04:24:59 gtw01 dnsmasq[16241]: read /var/lib/neutron/dhcp/8bd7fcc4-16e7-4df3-a7dd-878d16565cc0/addn_hosts - 3 addresses
Jun 20 04:24:59 gtw01 dnsmasq-dhcp[16241]: read /var/lib/neutron/dhcp/8bd7fcc4-16e7-4df3-a7dd-878d16565cc0/host
Jun 20 04:24:59 gtw01 dnsmasq-dhcp[16241]: read /var/lib/neutron/dhcp/8bd7fcc4-16e7-4df3-a7dd-878d16565cc0/opts
Jun 20 04:24:59 gtw01 dnsmasq[31726]: read /var/lib/neutron/dhcp/70b21313-3f2d-4cd5-bc17-1adab1942ad6/addn_hosts - 2 addresses
Jun 20 04:24:59 gtw01 dnsmasq-dhcp[31726]: read /var/lib/neutron/dhcp/70b21313-3f2d-4cd5-bc17-1adab1942ad6/host
Jun 20 04:24:59 gtw01 dnsmasq-dhcp[31726]: read /var/lib/neutron/dhcp/70b21313-3f2d-4cd5-bc17-1adab1942ad6/opts
Jun 20 04:25:00 gtw01 dnsmasq[31726]: read /var/lib/neutron/dhcp/70b21313-3f2d-4cd5-bc17-1adab1942ad6/addn_hosts - 2 addresses
Jun 20 04:25:00 gtw01 dnsmasq-dhcp[31726]: read /var/lib/neutron/dhcp/70b21313-3f2d-4cd5-bc17-1adab1942ad6/host
Jun 20 04:25:00 gtw01 dnsmasq-dhcp[31726]: read /var/lib/neutron/dhcp/70b21313-3f2d-4cd5-bc17-1adab1942ad6/opts
Jun 20 04:25:00 gtw01 dnsmasq[16241]: read /var/lib/neutron/dhcp/8bd7fcc4-16e7-4df3-a7dd-878d16565cc0/addn_hosts - 2 addresses
Jun 20 04:25:00 gtw01 dnsmasq-dhcp[16241]: read /var/lib/neutron/dhcp/8bd7fcc4-16e7-4df3-a7dd-878d16565cc0/host
Jun 20 04:25:00 gtw01 dnsmasq-dhcp[16241]: read /var/lib/neutron/dhcp/8bd7fcc4-16e7-4df3-a7dd-878d16565cc0/opts
Jun 20 04:25:01 gtw01 dnsmasq[31726]: read /var/lib/neutron/dhcp/70b21313-3f2d-4cd5-bc17-1adab1942ad6/addn_hosts - 2 addresses
Jun 20 04:25:01 gtw01 dnsmasq-dhcp[31726]: read /var/lib/neutron/dhcp/70b21313-3f2d-4cd5-bc17-1adab1942ad6/host
Jun 20 04:25:01 gtw01 dnsmasq-dhcp[31726]: read /var/lib/neutron/dhcp/70b21313-3f2d-4cd5-bc17-1adab1942ad6/opts
Jun 20 04:25:01 gtw01 systemd-udevd[31834]: Could not generate persistent MAC address for qr-cea08f8b-9b: No such file or directory
Jun 20 04:25:01 gtw01 kernel: [ 7303.646103] device qr-cea08f8b-9b entered promiscuous mode
Jun 20 04:25:02 gtw01 dnsmasq[31726]: read /var/lib/neutron/dhcp/70b21313-3f2d-4cd5-bc17-1adab1942ad6/addn_hosts - 2 addresses
Jun 20 04:25:02 gtw01 dnsmasq-dhcp[31726]: read /var/lib/neutron/dhcp/70b21313-3f2d-4cd5-bc17-1adab1942ad6/host
Jun 20 04:25:02 gtw01 dnsmasq-dhcp[31726]: read /var/lib/neutron/dhcp/70b21313-3f2d-4cd5-bc17-1adab1942ad6/opts
Jun 20 04:25:02 gtw01 radvd[30610]: attempting to reread config file
Jun 20 04:25:02 gtw01 radvd[30610]: resuming normal operation
Jun 20 04:25:03 gtw01 dnsmasq[31726]: read /var/lib/neutron/dhcp/70b21313-3f2d-4cd5-bc17-1adab1942ad6/addn_hosts - 2 addresses
Jun 20 04:25:03 gtw01 dnsmasq-dhcp[31726]: read /var/lib/neutron/dhcp/70b21313-3f2d-4cd5-bc17-1adab1942ad6/host
Jun 20 04:25:03 gtw01 dnsmasq-dhcp[31726]: read /var/lib/neutron/dhcp/70b21313-3f2d-4cd5-bc17-1adab1942ad6/opts
Jun 20 04:25:03 gtw01 dnsmasq[16241]: read /var/lib/neutron/dhcp/8bd7fcc4-16e7-4df3-a7dd-878d16565cc0/addn_hosts - 3 addresses
Jun 20 04:25:03 gtw01 dnsmasq-dhcp[16241]: read /var/lib/neutron/dhcp/8bd7fcc4-16e7-4df3-a7dd-878d16565cc0/host
Jun 20 04:25:03 gtw01 dnsmasq-dhcp[16241]: read /var/lib/neutron/dhcp/8bd7fcc4-16e7-4df3-a7dd-878d16565cc0/opts
Jun 20 04:25:04 gtw01 dnsmasq[31726]: read /var/lib/neutron/dhcp/70b21313-3f2d-4cd5-bc17-1adab1942ad6/addn_hosts - 2 addresses
Jun 20 04:25:04 gtw01 dnsmasq-dhcp[31726]: read /var/lib/neutron/dhcp/70b21313-3f2d-4cd5-bc17-1adab1942ad6/host
Jun 20 04:25:04 gtw01 dnsmasq-dhcp[31726]: read /var/lib/neutron/dhcp/70b21313-3f2d-4cd5-bc17-1adab1942ad6/opts
Jun 20 04:25:04 gtw01 dnsmasq[16241]: read /var/lib/neutron/dhcp/8bd7fcc4-16e7-4df3-a7dd-878d16565cc0/addn_hosts - 3 addresses
Jun 20 04:25:04 gtw01 dnsmasq-dhcp[16241]: read /var/lib/neutron/dhcp/8bd7fcc4-16e7-4df3-a7dd-878d16565cc0/host
Jun 20 04:25:04 gtw01 dnsmasq-dhcp[16241]: read /var/lib/neutron/dhcp/8bd7fcc4-16e7-4df3-a7dd-878d16565cc0/opts
Jun 20 04:25:05 gtw01 dnsmasq[31726]: read /var/lib/neutron/dhcp/70b21313-3f2d-4cd5-bc17-1adab1942ad6/addn_hosts - 2 addresses
Jun 20 04:25:05 gtw01 dnsmasq-dhcp[31726]: read /var/lib/neutron/dhcp/70b21313-3f2d-4cd5-bc17-1adab1942ad6/host
Jun 20 04:25:05 gtw01 dnsmasq-dhcp[31726]: read /var/lib/neutron/dhcp/70b21313-3f2d-4cd5-bc17-1adab1942ad6/opts
Jun 20 04:25:05 gtw01 dnsmasq[16241]: read /var/lib/neutron/dhcp/8bd7fcc4-16e7-4df3-a7dd-878d16565cc0/addn_hosts - 3 addresses
Jun 20 04:25:05 gtw01 dnsmasq-dhcp[16241]: read /var/lib/neutron/dhcp/8bd7fcc4-16e7-4df3-a7dd-878d16565cc0/host
Jun 20 04:25:05 gtw01 dnsmasq-dhcp[16241]: read /var/lib/neutron/dhcp/8bd7fcc4-16e7-4df3-a7dd-878d16565cc0/opts
Jun 20 04:25:06 gtw01 kernel: [ 7307.768887] device qr-cea08f8b-9b left promiscuous mode
Jun 20 04:25:06 gtw01 radvd[30610]: attempting to reread config file
Jun 20 04:25:06 gtw01 radvd[30610]: resuming normal operation
Jun 20 04:25:06 gtw01 kernel: [ 7308.293897] device tap505322cf-b0 left promiscuous mode
Jun 20 04:25:07 gtw01 systemd-udevd[32154]: Could not generate persistent MAC address for vxlan_sys_4789: No such file or directory
Jun 20 04:25:07 gtw01 kernel: [ 7309.106356] device vxlan_sys_4789 entered promiscuous mode
Jun 20 04:25:09 gtw01 dnsmasq[16241]: read /var/lib/neutron/dhcp/8bd7fcc4-16e7-4df3-a7dd-878d16565cc0/addn_hosts - 4 addresses
Jun 20 04:25:09 gtw01 dnsmasq-dhcp[16241]: read /var/lib/neutron/dhcp/8bd7fcc4-16e7-4df3-a7dd-878d16565cc0/host
Jun 20 04:25:09 gtw01 dnsmasq-dhcp[16241]: read /var/lib/neutron/dhcp/8bd7fcc4-16e7-4df3-a7dd-878d16565cc0/opts
Jun 20 04:25:10 gtw01 dnsmasq[31046]: read /var/lib/neutron/dhcp/40eb39cd-1a77-4a8a-9e2c-7134745efd6c/addn_hosts - 1 addresses
Jun 20 04:25:10 gtw01 dnsmasq-dhcp[31046]: read /var/lib/neutron/dhcp/40eb39cd-1a77-4a8a-9e2c-7134745efd6c/host
Jun 20 04:25:10 gtw01 dnsmasq-dhcp[31046]: read /var/lib/neutron/dhcp/40eb39cd-1a77-4a8a-9e2c-7134745efd6c/opts
Jun 20 04:25:10 gtw01 dnsmasq[16241]: read /var/lib/neutron/dhcp/8bd7fcc4-16e7-4df3-a7dd-878d16565cc0/addn_hosts - 4 addresses
Jun 20 04:25:10 gtw01 dnsmasq-dhcp[16241]: read /var/lib/neutron/dhcp/8bd7fcc4-16e7-4df3-a7dd-878d16565cc0/host
Jun 20 04:25:10 gtw01 dnsmasq-dhcp[16241]: read /var/lib/neutron/dhcp/8bd7fcc4-16e7-4df3-a7dd-878d16565cc0/opts
Jun 20 04:25:11 gtw01 dnsmasq[16241]: read /var/lib/neutron/dhcp/8bd7fcc4-16e7-4df3-a7dd-878d16565cc0/addn_hosts - 4 addresses
Jun 20 04:25:11 gtw01 dnsmasq-dhcp[16241]: read /var/lib/neutron/dhcp/8bd7fcc4-16e7-4df3-a7dd-878d16565cc0/host
Jun 20 04:25:11 gtw01 dnsmasq-dhcp[16241]: read /var/lib/neutron/dhcp/8bd7fcc4-16e7-4df3-a7dd-878d16565cc0/opts
Jun 20 04:25:11 gtw01 kernel: [ 7313.616844] device qr-e151305c-ab left promiscuous mode
Jun 20 04:25:12 gtw01 radvd[30610]: attempting to reread config file
Jun 20 04:25:12 gtw01 radvd[30610]: resuming normal operation
Jun 20 04:25:13 gtw01 kernel: [ 7314.840163] device tapa77c586d-24 left promiscuous mode
Jun 20 04:25:14 gtw01 salt-minion[6190]: [INFO    ] Running scheduled job: __mine_interval
Jun 20 04:25:16 gtw01 dnsmasq[30743]: read /var/lib/neutron/dhcp/06689dde-ead9-49e7-81fb-e6d9fbcbcd1a/addn_hosts - 1 addresses
Jun 20 04:25:16 gtw01 dnsmasq-dhcp[30743]: read /var/lib/neutron/dhcp/06689dde-ead9-49e7-81fb-e6d9fbcbcd1a/host
Jun 20 04:25:16 gtw01 dnsmasq-dhcp[30743]: read /var/lib/neutron/dhcp/06689dde-ead9-49e7-81fb-e6d9fbcbcd1a/opts
Jun 20 04:25:18 gtw01 dnsmasq-dhcp[16241]: DHCPDISCOVER(tap1c74ca54-4e) fa:16:3e:2d:05:7a
Jun 20 04:25:18 gtw01 dnsmasq-dhcp[16241]: DHCPOFFER(tap1c74ca54-4e) 192.168.120.16 fa:16:3e:2d:05:7a
Jun 20 04:25:18 gtw01 dnsmasq-dhcp[16241]: DHCPREQUEST(tap1c74ca54-4e) 192.168.120.16 fa:16:3e:2d:05:7a
Jun 20 04:25:18 gtw01 dnsmasq-dhcp[16241]: DHCPACK(tap1c74ca54-4e) 192.168.120.16 fa:16:3e:2d:05:7a host-192-168-120-16
Jun 20 04:25:18 gtw01 kernel: [ 7320.427494] device qr-8d1813b8-0c left promiscuous mode
Jun 20 04:25:18 gtw01 radvd[30610]: attempting to reread config file
Jun 20 04:25:18 gtw01 radvd[30610]: resuming normal operation
Jun 20 04:25:19 gtw01 kernel: [ 7320.793586] device tap29c63d66-49 left promiscuous mode
Jun 20 04:25:22 gtw01 dnsmasq[30340]: read /var/lib/neutron/dhcp/9599e08b-a4a8-4a13-983a-e633aa7e0d0f/addn_hosts - 1 addresses
Jun 20 04:25:22 gtw01 dnsmasq-dhcp[30340]: read /var/lib/neutron/dhcp/9599e08b-a4a8-4a13-983a-e633aa7e0d0f/host
Jun 20 04:25:22 gtw01 dnsmasq-dhcp[30340]: read /var/lib/neutron/dhcp/9599e08b-a4a8-4a13-983a-e633aa7e0d0f/opts
Jun 20 04:25:23 gtw01 kernel: [ 7325.454236] device qr-89274ff3-b7 left promiscuous mode
Jun 20 04:25:23 gtw01 radvd[30611]: Exiting, privsep_read_loop had readn return 0 bytes
Jun 20 04:25:23 gtw01 radvd[30611]: Exiting, privsep_read_loop is complete.
Jun 20 04:25:25 gtw01 kernel: [ 7327.173557] device tap48c83c33-2c left promiscuous mode
Jun 20 04:25:25 gtw01 dnsmasq-dhcp[16241]: DHCPDISCOVER(tap1c74ca54-4e) fa:16:3e:94:90:f3
Jun 20 04:25:25 gtw01 dnsmasq-dhcp[16241]: DHCPOFFER(tap1c74ca54-4e) 192.168.120.14 fa:16:3e:94:90:f3
Jun 20 04:25:25 gtw01 dnsmasq-dhcp[16241]: DHCPREQUEST(tap1c74ca54-4e) 192.168.120.14 fa:16:3e:94:90:f3
Jun 20 04:25:25 gtw01 dnsmasq-dhcp[16241]: DHCPACK(tap1c74ca54-4e) 192.168.120.14 fa:16:3e:94:90:f3 host-192-168-120-14
Jun 20 04:25:27 gtw01 dnsmasq-dhcp[16241]: DHCPRELEASE(tap1c74ca54-4e) 192.168.120.16 fa:16:3e:2d:05:7a
Jun 20 04:25:27 gtw01 dnsmasq-dhcp[16241]: DHCPRELEASE(tap1c74ca54-4e) 192.168.120.16 fa:16:3e:2d:05:7a unknown lease
Jun 20 04:25:28 gtw01 dnsmasq[16241]: read /var/lib/neutron/dhcp/8bd7fcc4-16e7-4df3-a7dd-878d16565cc0/addn_hosts - 3 addresses
Jun 20 04:25:28 gtw01 dnsmasq-dhcp[16241]: read /var/lib/neutron/dhcp/8bd7fcc4-16e7-4df3-a7dd-878d16565cc0/host
Jun 20 04:25:28 gtw01 dnsmasq-dhcp[16241]: read /var/lib/neutron/dhcp/8bd7fcc4-16e7-4df3-a7dd-878d16565cc0/opts
Jun 20 04:25:35 gtw01 haproxy-metadata-proxy-abb7bd90-af70-47f6-846a-56733399aa7a[32745]: Proxy listener started.
Jun 20 04:25:36 gtw01 dnsmasq[16241]: read /var/lib/neutron/dhcp/8bd7fcc4-16e7-4df3-a7dd-878d16565cc0/addn_hosts - 4 addresses
Jun 20 04:25:36 gtw01 dnsmasq-dhcp[16241]: read /var/lib/neutron/dhcp/8bd7fcc4-16e7-4df3-a7dd-878d16565cc0/host
Jun 20 04:25:36 gtw01 dnsmasq-dhcp[16241]: read /var/lib/neutron/dhcp/8bd7fcc4-16e7-4df3-a7dd-878d16565cc0/opts
Jun 20 04:25:37 gtw01 dnsmasq[16241]: read /var/lib/neutron/dhcp/8bd7fcc4-16e7-4df3-a7dd-878d16565cc0/addn_hosts - 4 addresses
Jun 20 04:25:37 gtw01 dnsmasq-dhcp[16241]: read /var/lib/neutron/dhcp/8bd7fcc4-16e7-4df3-a7dd-878d16565cc0/host
Jun 20 04:25:37 gtw01 dnsmasq-dhcp[16241]: read /var/lib/neutron/dhcp/8bd7fcc4-16e7-4df3-a7dd-878d16565cc0/opts
Jun 20 04:25:38 gtw01 dnsmasq[16241]: read /var/lib/neutron/dhcp/8bd7fcc4-16e7-4df3-a7dd-878d16565cc0/addn_hosts - 4 addresses
Jun 20 04:25:38 gtw01 dnsmasq-dhcp[16241]: read /var/lib/neutron/dhcp/8bd7fcc4-16e7-4df3-a7dd-878d16565cc0/host
Jun 20 04:25:38 gtw01 dnsmasq-dhcp[16241]: read /var/lib/neutron/dhcp/8bd7fcc4-16e7-4df3-a7dd-878d16565cc0/opts
Jun 20 04:25:49 gtw01 dnsmasq-dhcp[16241]: DHCPRELEASE(tap1c74ca54-4e) 192.168.120.14 fa:16:3e:94:90:f3
Jun 20 04:25:52 gtw01 dnsmasq-dhcp[16241]: DHCPDISCOVER(tap1c74ca54-4e) fa:16:3e:45:70:6f
