Jun 20 04:20:23 gtw01 dnsmasq[17647]: read /var/lib/neutron/dhcp/fc05b07f-a7a0-428d-8151-0ca384dbe6f8/addn_hosts - 1 addresses
Jun 20 04:20:23 gtw01 dnsmasq-dhcp[17647]: read /var/lib/neutron/dhcp/fc05b07f-a7a0-428d-8151-0ca384dbe6f8/host
Jun 20 04:20:23 gtw01 dnsmasq-dhcp[17647]: read /var/lib/neutron/dhcp/fc05b07f-a7a0-428d-8151-0ca384dbe6f8/opts
Jun 20 04:20:24 gtw01 kernel: [ 7026.112781] device tap5a01a792-83 left promiscuous mode
Jun 20 04:20:24 gtw01 dnsmasq[17319]: read /var/lib/neutron/dhcp/91a41a4f-1bbe-407a-bb5d-959d76918d35/addn_hosts - 1 addresses
Jun 20 04:20:24 gtw01 dnsmasq-dhcp[17319]: read /var/lib/neutron/dhcp/91a41a4f-1bbe-407a-bb5d-959d76918d35/host
Jun 20 04:20:24 gtw01 dnsmasq-dhcp[17319]: read /var/lib/neutron/dhcp/91a41a4f-1bbe-407a-bb5d-959d76918d35/opts
Jun 20 04:20:25 gtw01 dnsmasq[17237]: read /var/lib/neutron/dhcp/47b25648-dd6f-4bf1-a81e-ae05de7378c0/addn_hosts - 1 addresses
Jun 20 04:20:25 gtw01 dnsmasq-dhcp[17237]: read /var/lib/neutron/dhcp/47b25648-dd6f-4bf1-a81e-ae05de7378c0/host
Jun 20 04:20:25 gtw01 dnsmasq-dhcp[17237]: read /var/lib/neutron/dhcp/47b25648-dd6f-4bf1-a81e-ae05de7378c0/opts
Jun 20 04:20:25 gtw01 haproxy-metadata-proxy-91a41a4f-1bbe-407a-bb5d-959d76918d35[17710]: Proxy listener started.
Jun 20 04:20:26 gtw01 haproxy-metadata-proxy-47b25648-dd6f-4bf1-a81e-ae05de7378c0[17719]: Proxy listener started.
Jun 20 04:20:27 gtw01 kernel: [ 7029.453777] device tap7241849b-33 entered promiscuous mode
Jun 20 04:20:27 gtw01 systemd-udevd[17756]: Could not generate persistent MAC address for tap7241849b-33: No such file or directory
Jun 20 04:20:27 gtw01 systemd-udevd[17756]: Process '/sbin/ip link set tap7241849b-33 txqueuelen 10000' failed with exit code 1.
Jun 20 04:20:28 gtw01 kernel: [ 7030.650594] device tap2b64a661-b5 left promiscuous mode
Jun 20 04:20:30 gtw01 kernel: [ 7032.120533] device tap19766312-47 left promiscuous mode
Jun 20 04:20:31 gtw01 dnsmasq[17955]: started, version 2.80 cachesize 150
Jun 20 04:20:31 gtw01 dnsmasq[17955]: DNS service limited to local subnets
Jun 20 04:20:31 gtw01 dnsmasq[17955]: compile time options: IPv6 GNU-getopt DBus i18n IDN DHCP DHCPv6 no-Lua TFTP conntrack ipset auth DNSSEC loop-detect inotify dumpfile
Jun 20 04:20:31 gtw01 dnsmasq[17955]: warning: no upstream servers configured
Jun 20 04:20:31 gtw01 dnsmasq-dhcp[17955]: DHCPv6, static leases only on 2003::, lease time 1h
Jun 20 04:20:31 gtw01 dnsmasq[17955]: read /var/lib/neutron/dhcp/fbb3224d-063c-4b32-a387-acf97a0bf632/addn_hosts - 1 addresses
Jun 20 04:20:31 gtw01 dnsmasq-dhcp[17955]: read /var/lib/neutron/dhcp/fbb3224d-063c-4b32-a387-acf97a0bf632/host
Jun 20 04:20:31 gtw01 dnsmasq-dhcp[17955]: read /var/lib/neutron/dhcp/fbb3224d-063c-4b32-a387-acf97a0bf632/opts
Jun 20 04:20:31 gtw01 kernel: [ 7033.064943] device tap7241849b-33 left promiscuous mode
Jun 20 04:20:35 gtw01 systemd-udevd[18010]: Could not generate persistent MAC address for tap66493dca-24: No such file or directory
Jun 20 04:20:35 gtw01 kernel: [ 7037.148311] device tap66493dca-24 entered promiscuous mode
Jun 20 04:20:35 gtw01 systemd-udevd[18010]: Process '/sbin/ip link set tap66493dca-24 txqueuelen 10000' failed with exit code 1.
Jun 20 04:20:35 gtw01 systemd-udevd[18084]: Process '/sbin/ip link set tap66493dca-24 txqueuelen 10000' failed with exit code 1.
Jun 20 04:20:36 gtw01 systemd-udevd[18140]: Could not generate persistent MAC address for tapd1417b82-34: No such file or directory
Jun 20 04:20:36 gtw01 kernel: [ 7038.369909] device tapd1417b82-34 entered promiscuous mode
Jun 20 04:20:36 gtw01 systemd-udevd[18140]: Process '/sbin/ip link set tapd1417b82-34 txqueuelen 10000' failed with exit code 1.
Jun 20 04:20:36 gtw01 systemd-udevd[18140]: Process '/sbin/ip link set tapd1417b82-34 txqueuelen 10000' failed with exit code 1.
Jun 20 04:20:38 gtw01 dnsmasq[18326]: started, version 2.80 cachesize 150
Jun 20 04:20:38 gtw01 dnsmasq[18326]: DNS service limited to local subnets
Jun 20 04:20:38 gtw01 dnsmasq[18326]: compile time options: IPv6 GNU-getopt DBus i18n IDN DHCP DHCPv6 no-Lua TFTP conntrack ipset auth DNSSEC loop-detect inotify dumpfile
Jun 20 04:20:38 gtw01 dnsmasq[18326]: warning: no upstream servers configured
Jun 20 04:20:38 gtw01 dnsmasq-dhcp[18326]: DHCP, static leases only on 192.168.120.0, lease time 1h
Jun 20 04:20:38 gtw01 dnsmasq[18326]: read /var/lib/neutron/dhcp/e8fd4ea2-f630-4b5a-bd98-61e18d206e14/addn_hosts - 1 addresses
Jun 20 04:20:38 gtw01 dnsmasq-dhcp[18326]: read /var/lib/neutron/dhcp/e8fd4ea2-f630-4b5a-bd98-61e18d206e14/host
Jun 20 04:20:38 gtw01 dnsmasq-dhcp[18326]: read /var/lib/neutron/dhcp/e8fd4ea2-f630-4b5a-bd98-61e18d206e14/opts
Jun 20 04:20:39 gtw01 haproxy-metadata-proxy-e8fd4ea2-f630-4b5a-bd98-61e18d206e14[18342]: Proxy listener started.
Jun 20 04:20:39 gtw01 kernel: [ 7041.310202] device tapd724658b-a9 entered promiscuous mode
Jun 20 04:20:39 gtw01 systemd-udevd[18368]: Could not generate persistent MAC address for tapd724658b-a9: No such file or directory
Jun 20 04:20:39 gtw01 systemd-udevd[18438]: Process '/sbin/ip link set tapd724658b-a9 txqueuelen 10000' failed with exit code 1.
Jun 20 04:20:39 gtw01 dnsmasq[18326]: read /var/lib/neutron/dhcp/e8fd4ea2-f630-4b5a-bd98-61e18d206e14/addn_hosts - 1 addresses
Jun 20 04:20:39 gtw01 dnsmasq-dhcp[18326]: read /var/lib/neutron/dhcp/e8fd4ea2-f630-4b5a-bd98-61e18d206e14/host
Jun 20 04:20:39 gtw01 dnsmasq-dhcp[18326]: read /var/lib/neutron/dhcp/e8fd4ea2-f630-4b5a-bd98-61e18d206e14/opts
Jun 20 04:20:40 gtw01 dnsmasq[18473]: started, version 2.80 cachesize 150
Jun 20 04:20:40 gtw01 dnsmasq[18473]: DNS service limited to local subnets
Jun 20 04:20:40 gtw01 dnsmasq[18473]: compile time options: IPv6 GNU-getopt DBus i18n IDN DHCP DHCPv6 no-Lua TFTP conntrack ipset auth DNSSEC loop-detect inotify dumpfile
Jun 20 04:20:40 gtw01 dnsmasq[18473]: warning: no upstream servers configured
Jun 20 04:20:40 gtw01 dnsmasq-dhcp[18473]: DHCPv6, static leases only on 2003::, lease time 1h
Jun 20 04:20:40 gtw01 dnsmasq[18473]: read /var/lib/neutron/dhcp/4256539e-2301-4b00-9fe3-3dcb36fc4115/addn_hosts - 1 addresses
Jun 20 04:20:40 gtw01 dnsmasq-dhcp[18473]: read /var/lib/neutron/dhcp/4256539e-2301-4b00-9fe3-3dcb36fc4115/host
Jun 20 04:20:40 gtw01 dnsmasq-dhcp[18473]: read /var/lib/neutron/dhcp/4256539e-2301-4b00-9fe3-3dcb36fc4115/opts
Jun 20 04:20:40 gtw01 dnsmasq[18326]: read /var/lib/neutron/dhcp/e8fd4ea2-f630-4b5a-bd98-61e18d206e14/addn_hosts - 1 addresses
Jun 20 04:20:40 gtw01 dnsmasq-dhcp[18326]: read /var/lib/neutron/dhcp/e8fd4ea2-f630-4b5a-bd98-61e18d206e14/host
Jun 20 04:20:40 gtw01 dnsmasq-dhcp[18326]: read /var/lib/neutron/dhcp/e8fd4ea2-f630-4b5a-bd98-61e18d206e14/opts
Jun 20 04:20:40 gtw01 dnsmasq[18473]: read /var/lib/neutron/dhcp/4256539e-2301-4b00-9fe3-3dcb36fc4115/addn_hosts - 3 addresses
Jun 20 04:20:40 gtw01 dnsmasq-dhcp[18473]: read /var/lib/neutron/dhcp/4256539e-2301-4b00-9fe3-3dcb36fc4115/host
Jun 20 04:20:40 gtw01 dnsmasq-dhcp[18473]: read /var/lib/neutron/dhcp/4256539e-2301-4b00-9fe3-3dcb36fc4115/opts
Jun 20 04:20:41 gtw01 dnsmasq[18326]: read /var/lib/neutron/dhcp/e8fd4ea2-f630-4b5a-bd98-61e18d206e14/addn_hosts - 2 addresses
Jun 20 04:20:41 gtw01 dnsmasq-dhcp[18326]: read /var/lib/neutron/dhcp/e8fd4ea2-f630-4b5a-bd98-61e18d206e14/host
Jun 20 04:20:41 gtw01 dnsmasq-dhcp[18326]: read /var/lib/neutron/dhcp/e8fd4ea2-f630-4b5a-bd98-61e18d206e14/opts
Jun 20 04:20:41 gtw01 dnsmasq[18473]: read /var/lib/neutron/dhcp/4256539e-2301-4b00-9fe3-3dcb36fc4115/addn_hosts - 3 addresses
Jun 20 04:20:41 gtw01 dnsmasq-dhcp[18473]: read /var/lib/neutron/dhcp/4256539e-2301-4b00-9fe3-3dcb36fc4115/host
Jun 20 04:20:41 gtw01 dnsmasq-dhcp[18473]: read /var/lib/neutron/dhcp/4256539e-2301-4b00-9fe3-3dcb36fc4115/opts
Jun 20 04:20:42 gtw01 dnsmasq[18326]: read /var/lib/neutron/dhcp/e8fd4ea2-f630-4b5a-bd98-61e18d206e14/addn_hosts - 2 addresses
Jun 20 04:20:42 gtw01 dnsmasq-dhcp[18326]: read /var/lib/neutron/dhcp/e8fd4ea2-f630-4b5a-bd98-61e18d206e14/host
Jun 20 04:20:42 gtw01 dnsmasq-dhcp[18326]: read /var/lib/neutron/dhcp/e8fd4ea2-f630-4b5a-bd98-61e18d206e14/opts
Jun 20 04:20:42 gtw01 dnsmasq[18473]: read /var/lib/neutron/dhcp/4256539e-2301-4b00-9fe3-3dcb36fc4115/addn_hosts - 3 addresses
Jun 20 04:20:42 gtw01 dnsmasq-dhcp[18473]: read /var/lib/neutron/dhcp/4256539e-2301-4b00-9fe3-3dcb36fc4115/host
Jun 20 04:20:42 gtw01 dnsmasq-dhcp[18473]: read /var/lib/neutron/dhcp/4256539e-2301-4b00-9fe3-3dcb36fc4115/opts
Jun 20 04:20:43 gtw01 dnsmasq[18655]: started, version 2.80 cachesize 150
Jun 20 04:20:43 gtw01 dnsmasq[18655]: DNS service limited to local subnets
Jun 20 04:20:43 gtw01 dnsmasq[18655]: compile time options: IPv6 GNU-getopt DBus i18n IDN DHCP DHCPv6 no-Lua TFTP conntrack ipset auth DNSSEC loop-detect inotify dumpfile
Jun 20 04:20:43 gtw01 dnsmasq[18655]: warning: no upstream servers configured
Jun 20 04:20:43 gtw01 dnsmasq-dhcp[18655]: DHCPv6, static leases only on 2003::, lease time 1h
Jun 20 04:20:43 gtw01 dnsmasq[18655]: read /var/lib/neutron/dhcp/3142ada1-53b7-4ebb-8adc-366d79224562/addn_hosts - 1 addresses
Jun 20 04:20:43 gtw01 dnsmasq-dhcp[18655]: read /var/lib/neutron/dhcp/3142ada1-53b7-4ebb-8adc-366d79224562/host
Jun 20 04:20:43 gtw01 dnsmasq-dhcp[18655]: read /var/lib/neutron/dhcp/3142ada1-53b7-4ebb-8adc-366d79224562/opts
Jun 20 04:20:43 gtw01 dnsmasq[18473]: read /var/lib/neutron/dhcp/4256539e-2301-4b00-9fe3-3dcb36fc4115/addn_hosts - 4 addresses
Jun 20 04:20:43 gtw01 dnsmasq-dhcp[18473]: read /var/lib/neutron/dhcp/4256539e-2301-4b00-9fe3-3dcb36fc4115/host
Jun 20 04:20:43 gtw01 dnsmasq-dhcp[18473]: read /var/lib/neutron/dhcp/4256539e-2301-4b00-9fe3-3dcb36fc4115/opts
Jun 20 04:20:43 gtw01 dnsmasq[18655]: read /var/lib/neutron/dhcp/3142ada1-53b7-4ebb-8adc-366d79224562/addn_hosts - 1 addresses
Jun 20 04:20:43 gtw01 dnsmasq-dhcp[18655]: read /var/lib/neutron/dhcp/3142ada1-53b7-4ebb-8adc-366d79224562/host
Jun 20 04:20:43 gtw01 dnsmasq-dhcp[18655]: read /var/lib/neutron/dhcp/3142ada1-53b7-4ebb-8adc-366d79224562/opts
Jun 20 04:20:44 gtw01 kernel: [ 7045.846700] device tap66493dca-24 left promiscuous mode
Jun 20 04:20:44 gtw01 dnsmasq[18473]: read /var/lib/neutron/dhcp/4256539e-2301-4b00-9fe3-3dcb36fc4115/addn_hosts - 5 addresses
Jun 20 04:20:44 gtw01 dnsmasq-dhcp[18473]: read /var/lib/neutron/dhcp/4256539e-2301-4b00-9fe3-3dcb36fc4115/host
Jun 20 04:20:44 gtw01 dnsmasq-dhcp[18473]: read /var/lib/neutron/dhcp/4256539e-2301-4b00-9fe3-3dcb36fc4115/opts
Jun 20 04:20:45 gtw01 dnsmasq[18655]: read /var/lib/neutron/dhcp/3142ada1-53b7-4ebb-8adc-366d79224562/addn_hosts - 1 addresses
Jun 20 04:20:45 gtw01 dnsmasq-dhcp[18655]: read /var/lib/neutron/dhcp/3142ada1-53b7-4ebb-8adc-366d79224562/host
Jun 20 04:20:45 gtw01 dnsmasq-dhcp[18655]: read /var/lib/neutron/dhcp/3142ada1-53b7-4ebb-8adc-366d79224562/opts
Jun 20 04:20:45 gtw01 dnsmasq[18473]: read /var/lib/neutron/dhcp/4256539e-2301-4b00-9fe3-3dcb36fc4115/addn_hosts - 5 addresses
Jun 20 04:20:45 gtw01 dnsmasq-dhcp[18473]: read /var/lib/neutron/dhcp/4256539e-2301-4b00-9fe3-3dcb36fc4115/host
Jun 20 04:20:45 gtw01 dnsmasq-dhcp[18473]: read /var/lib/neutron/dhcp/4256539e-2301-4b00-9fe3-3dcb36fc4115/opts
Jun 20 04:20:46 gtw01 dnsmasq[18655]: read /var/lib/neutron/dhcp/3142ada1-53b7-4ebb-8adc-366d79224562/addn_hosts - 1 addresses
Jun 20 04:20:46 gtw01 dnsmasq-dhcp[18655]: read /var/lib/neutron/dhcp/3142ada1-53b7-4ebb-8adc-366d79224562/host
Jun 20 04:20:46 gtw01 dnsmasq-dhcp[18655]: read /var/lib/neutron/dhcp/3142ada1-53b7-4ebb-8adc-366d79224562/opts
Jun 20 04:20:46 gtw01 dnsmasq[18473]: read /var/lib/neutron/dhcp/4256539e-2301-4b00-9fe3-3dcb36fc4115/addn_hosts - 6 addresses
Jun 20 04:20:46 gtw01 dnsmasq-dhcp[18473]: read /var/lib/neutron/dhcp/4256539e-2301-4b00-9fe3-3dcb36fc4115/host
Jun 20 04:20:46 gtw01 dnsmasq-dhcp[18473]: read /var/lib/neutron/dhcp/4256539e-2301-4b00-9fe3-3dcb36fc4115/opts
Jun 20 04:20:47 gtw01 kernel: [ 7048.848527] device tapd724658b-a9 left promiscuous mode
Jun 20 04:20:47 gtw01 dnsmasq[18473]: read /var/lib/neutron/dhcp/4256539e-2301-4b00-9fe3-3dcb36fc4115/addn_hosts - 7 addresses
Jun 20 04:20:47 gtw01 dnsmasq-dhcp[18473]: read /var/lib/neutron/dhcp/4256539e-2301-4b00-9fe3-3dcb36fc4115/host
Jun 20 04:20:47 gtw01 dnsmasq-dhcp[18473]: read /var/lib/neutron/dhcp/4256539e-2301-4b00-9fe3-3dcb36fc4115/opts
Jun 20 04:20:48 gtw01 systemd-udevd[18879]: Could not generate persistent MAC address for tap3e143a27-03: No such file or directory
Jun 20 04:20:48 gtw01 kernel: [ 7049.989487] device tap3e143a27-03 entered promiscuous mode
Jun 20 04:20:48 gtw01 systemd-udevd[18879]: Process '/sbin/ip link set tap3e143a27-03 txqueuelen 10000' failed with exit code 1.
Jun 20 04:20:48 gtw01 systemd-udevd[18879]: Process '/sbin/ip link set tap3e143a27-03 txqueuelen 10000' failed with exit code 1.
Jun 20 04:20:48 gtw01 dnsmasq[18473]: read /var/lib/neutron/dhcp/4256539e-2301-4b00-9fe3-3dcb36fc4115/addn_hosts - 7 addresses
Jun 20 04:20:48 gtw01 dnsmasq-dhcp[18473]: read /var/lib/neutron/dhcp/4256539e-2301-4b00-9fe3-3dcb36fc4115/host
Jun 20 04:20:48 gtw01 dnsmasq-dhcp[18473]: read /var/lib/neutron/dhcp/4256539e-2301-4b00-9fe3-3dcb36fc4115/opts
Jun 20 04:20:49 gtw01 dnsmasq[18473]: read /var/lib/neutron/dhcp/4256539e-2301-4b00-9fe3-3dcb36fc4115/addn_hosts - 7 addresses
Jun 20 04:20:49 gtw01 dnsmasq-dhcp[18473]: read /var/lib/neutron/dhcp/4256539e-2301-4b00-9fe3-3dcb36fc4115/host
Jun 20 04:20:49 gtw01 dnsmasq-dhcp[18473]: read /var/lib/neutron/dhcp/4256539e-2301-4b00-9fe3-3dcb36fc4115/opts
Jun 20 04:20:50 gtw01 kernel: [ 7052.327522] device tapd1417b82-34 left promiscuous mode
Jun 20 04:20:51 gtw01 systemd-udevd[19113]: Could not generate persistent MAC address for tap7d1dc1e1-3e: No such file or directory
Jun 20 04:20:51 gtw01 kernel: [ 7053.181790] device tap7d1dc1e1-3e entered promiscuous mode
Jun 20 04:20:51 gtw01 systemd-udevd[19113]: Process '/sbin/ip link set tap7d1dc1e1-3e txqueuelen 10000' failed with exit code 1.
Jun 20 04:20:51 gtw01 systemd-udevd[19113]: Process '/sbin/ip link set tap7d1dc1e1-3e txqueuelen 10000' failed with exit code 1.
Jun 20 04:20:51 gtw01 dnsmasq[19204]: started, version 2.80 cachesize 150
Jun 20 04:20:51 gtw01 dnsmasq[19204]: DNS service limited to local subnets
Jun 20 04:20:51 gtw01 dnsmasq[19204]: compile time options: IPv6 GNU-getopt DBus i18n IDN DHCP DHCPv6 no-Lua TFTP conntrack ipset auth DNSSEC loop-detect inotify dumpfile
Jun 20 04:20:51 gtw01 dnsmasq[19204]: warning: no upstream servers configured
Jun 20 04:20:51 gtw01 dnsmasq-dhcp[19204]: DHCP, static leases only on 192.168.120.0, lease time 1h
Jun 20 04:20:51 gtw01 dnsmasq[19204]: read /var/lib/neutron/dhcp/85a55d7a-b79b-468f-bfb3-2280f9c10298/addn_hosts - 1 addresses
Jun 20 04:20:51 gtw01 dnsmasq-dhcp[19204]: read /var/lib/neutron/dhcp/85a55d7a-b79b-468f-bfb3-2280f9c10298/host
Jun 20 04:20:51 gtw01 dnsmasq-dhcp[19204]: read /var/lib/neutron/dhcp/85a55d7a-b79b-468f-bfb3-2280f9c10298/opts
Jun 20 04:20:51 gtw01 haproxy-metadata-proxy-85a55d7a-b79b-468f-bfb3-2280f9c10298[19216]: Proxy listener started.
Jun 20 04:20:52 gtw01 dnsmasq[19204]: read /var/lib/neutron/dhcp/85a55d7a-b79b-468f-bfb3-2280f9c10298/addn_hosts - 2 addresses
Jun 20 04:20:52 gtw01 dnsmasq-dhcp[19204]: read /var/lib/neutron/dhcp/85a55d7a-b79b-468f-bfb3-2280f9c10298/host
Jun 20 04:20:52 gtw01 dnsmasq-dhcp[19204]: read /var/lib/neutron/dhcp/85a55d7a-b79b-468f-bfb3-2280f9c10298/opts
Jun 20 04:20:53 gtw01 dnsmasq[19204]: read /var/lib/neutron/dhcp/85a55d7a-b79b-468f-bfb3-2280f9c10298/addn_hosts - 2 addresses
Jun 20 04:20:53 gtw01 dnsmasq-dhcp[19204]: read /var/lib/neutron/dhcp/85a55d7a-b79b-468f-bfb3-2280f9c10298/host
Jun 20 04:20:53 gtw01 dnsmasq-dhcp[19204]: read /var/lib/neutron/dhcp/85a55d7a-b79b-468f-bfb3-2280f9c10298/opts
Jun 20 04:20:54 gtw01 dnsmasq[19204]: read /var/lib/neutron/dhcp/85a55d7a-b79b-468f-bfb3-2280f9c10298/addn_hosts - 2 addresses
Jun 20 04:20:54 gtw01 dnsmasq-dhcp[19204]: read /var/lib/neutron/dhcp/85a55d7a-b79b-468f-bfb3-2280f9c10298/host
Jun 20 04:20:54 gtw01 dnsmasq-dhcp[19204]: read /var/lib/neutron/dhcp/85a55d7a-b79b-468f-bfb3-2280f9c10298/opts
Jun 20 04:20:54 gtw01 dnsmasq[19346]: started, version 2.80 cachesize 150
Jun 20 04:20:54 gtw01 dnsmasq[19346]: DNS service limited to local subnets
Jun 20 04:20:54 gtw01 dnsmasq[19346]: compile time options: IPv6 GNU-getopt DBus i18n IDN DHCP DHCPv6 no-Lua TFTP conntrack ipset auth DNSSEC loop-detect inotify dumpfile
Jun 20 04:20:54 gtw01 dnsmasq[19346]: warning: no upstream servers configured
Jun 20 04:20:54 gtw01 dnsmasq-dhcp[19346]: DHCPv6, static leases only on 2003::, lease time 1h
Jun 20 04:20:54 gtw01 dnsmasq[19346]: read /var/lib/neutron/dhcp/585a2115-6ffc-4ec0-9ce1-7b86f4f7f95d/addn_hosts - 1 addresses
Jun 20 04:20:54 gtw01 dnsmasq-dhcp[19346]: read /var/lib/neutron/dhcp/585a2115-6ffc-4ec0-9ce1-7b86f4f7f95d/host
Jun 20 04:20:54 gtw01 dnsmasq-dhcp[19346]: read /var/lib/neutron/dhcp/585a2115-6ffc-4ec0-9ce1-7b86f4f7f95d/opts
Jun 20 04:20:55 gtw01 kernel: [ 7056.913621] device tap7d1dc1e1-3e left promiscuous mode
Jun 20 04:20:55 gtw01 dnsmasq[19204]: read /var/lib/neutron/dhcp/85a55d7a-b79b-468f-bfb3-2280f9c10298/addn_hosts - 2 addresses
Jun 20 04:20:55 gtw01 dnsmasq-dhcp[19204]: read /var/lib/neutron/dhcp/85a55d7a-b79b-468f-bfb3-2280f9c10298/host
Jun 20 04:20:55 gtw01 dnsmasq-dhcp[19204]: read /var/lib/neutron/dhcp/85a55d7a-b79b-468f-bfb3-2280f9c10298/opts
Jun 20 04:20:56 gtw01 dnsmasq[19204]: read /var/lib/neutron/dhcp/85a55d7a-b79b-468f-bfb3-2280f9c10298/addn_hosts - 2 addresses
Jun 20 04:20:56 gtw01 dnsmasq-dhcp[19204]: read /var/lib/neutron/dhcp/85a55d7a-b79b-468f-bfb3-2280f9c10298/host
Jun 20 04:20:56 gtw01 dnsmasq-dhcp[19204]: read /var/lib/neutron/dhcp/85a55d7a-b79b-468f-bfb3-2280f9c10298/opts
Jun 20 04:20:57 gtw01 kernel: [ 7059.085612] device tap3e143a27-03 left promiscuous mode
Jun 20 04:20:59 gtw01 kernel: [ 7061.553996] device tap52969717-60 entered promiscuous mode
Jun 20 04:20:59 gtw01 systemd-udevd[19463]: Could not generate persistent MAC address for tap52969717-60: No such file or directory
Jun 20 04:20:59 gtw01 systemd-udevd[19463]: Process '/sbin/ip link set tap52969717-60 txqueuelen 10000' failed with exit code 1.
Jun 20 04:20:59 gtw01 systemd-udevd[19463]: Process '/sbin/ip link set tap52969717-60 txqueuelen 10000' failed with exit code 1.
Jun 20 04:20:59 gtw01 kernel: [ 7061.731864] device tapb3404ece-9e entered promiscuous mode
Jun 20 04:20:59 gtw01 systemd-udevd[19553]: Could not generate persistent MAC address for tapb3404ece-9e: No such file or directory
Jun 20 04:21:00 gtw01 systemd-udevd[19553]: Process '/sbin/ip link set tapb3404ece-9e txqueuelen 10000' failed with exit code 1.
Jun 20 04:21:00 gtw01 systemd-udevd[19553]: Process '/sbin/ip link set tapb3404ece-9e txqueuelen 10000' failed with exit code 1.
Jun 20 04:21:03 gtw01 dnsmasq[19749]: started, version 2.80 cachesize 150
Jun 20 04:21:03 gtw01 dnsmasq[19749]: DNS service limited to local subnets
Jun 20 04:21:03 gtw01 dnsmasq[19749]: compile time options: IPv6 GNU-getopt DBus i18n IDN DHCP DHCPv6 no-Lua TFTP conntrack ipset auth DNSSEC loop-detect inotify dumpfile
Jun 20 04:21:03 gtw01 dnsmasq[19749]: warning: no upstream servers configured
Jun 20 04:21:03 gtw01 dnsmasq-dhcp[19749]: DHCPv6, static leases only on 2003::, lease time 1h
Jun 20 04:21:03 gtw01 dnsmasq[19749]: read /var/lib/neutron/dhcp/fe11e648-2a74-4de1-86a0-458ec809309c/addn_hosts - 1 addresses
Jun 20 04:21:03 gtw01 dnsmasq-dhcp[19749]: read /var/lib/neutron/dhcp/fe11e648-2a74-4de1-86a0-458ec809309c/host
Jun 20 04:21:03 gtw01 dnsmasq-dhcp[19749]: read /var/lib/neutron/dhcp/fe11e648-2a74-4de1-86a0-458ec809309c/opts
Jun 20 04:21:03 gtw01 dnsmasq[19753]: started, version 2.80 cachesize 150
Jun 20 04:21:03 gtw01 dnsmasq[19753]: DNS service limited to local subnets
Jun 20 04:21:03 gtw01 dnsmasq[19753]: compile time options: IPv6 GNU-getopt DBus i18n IDN DHCP DHCPv6 no-Lua TFTP conntrack ipset auth DNSSEC loop-detect inotify dumpfile
Jun 20 04:21:03 gtw01 dnsmasq[19753]: warning: no upstream servers configured
Jun 20 04:21:03 gtw01 dnsmasq-dhcp[19753]: DHCP, static leases only on 192.168.120.0, lease time 1h
Jun 20 04:21:03 gtw01 dnsmasq[19753]: read /var/lib/neutron/dhcp/dc9ce29a-6497-47dd-9b8e-b652ab2cb40f/addn_hosts - 1 addresses
Jun 20 04:21:03 gtw01 dnsmasq-dhcp[19753]: read /var/lib/neutron/dhcp/dc9ce29a-6497-47dd-9b8e-b652ab2cb40f/host
Jun 20 04:21:03 gtw01 dnsmasq-dhcp[19753]: read /var/lib/neutron/dhcp/dc9ce29a-6497-47dd-9b8e-b652ab2cb40f/opts
Jun 20 04:21:03 gtw01 haproxy-metadata-proxy-dc9ce29a-6497-47dd-9b8e-b652ab2cb40f[19757]: Proxy listener started.
Jun 20 04:21:04 gtw01 dnsmasq[19749]: read /var/lib/neutron/dhcp/fe11e648-2a74-4de1-86a0-458ec809309c/addn_hosts - 1 addresses
Jun 20 04:21:04 gtw01 dnsmasq-dhcp[19749]: read /var/lib/neutron/dhcp/fe11e648-2a74-4de1-86a0-458ec809309c/host
Jun 20 04:21:04 gtw01 dnsmasq-dhcp[19749]: read /var/lib/neutron/dhcp/fe11e648-2a74-4de1-86a0-458ec809309c/opts
Jun 20 04:21:04 gtw01 dnsmasq[19753]: read /var/lib/neutron/dhcp/dc9ce29a-6497-47dd-9b8e-b652ab2cb40f/addn_hosts - 3 addresses
Jun 20 04:21:04 gtw01 dnsmasq-dhcp[19753]: read /var/lib/neutron/dhcp/dc9ce29a-6497-47dd-9b8e-b652ab2cb40f/host
Jun 20 04:21:04 gtw01 dnsmasq-dhcp[19753]: read /var/lib/neutron/dhcp/dc9ce29a-6497-47dd-9b8e-b652ab2cb40f/opts
Jun 20 04:21:05 gtw01 dnsmasq[19749]: read /var/lib/neutron/dhcp/fe11e648-2a74-4de1-86a0-458ec809309c/addn_hosts - 1 addresses
Jun 20 04:21:05 gtw01 dnsmasq-dhcp[19749]: read /var/lib/neutron/dhcp/fe11e648-2a74-4de1-86a0-458ec809309c/host
Jun 20 04:21:05 gtw01 dnsmasq-dhcp[19749]: read /var/lib/neutron/dhcp/fe11e648-2a74-4de1-86a0-458ec809309c/opts
Jun 20 04:21:05 gtw01 dnsmasq[19753]: read /var/lib/neutron/dhcp/dc9ce29a-6497-47dd-9b8e-b652ab2cb40f/addn_hosts - 3 addresses
Jun 20 04:21:05 gtw01 dnsmasq-dhcp[19753]: read /var/lib/neutron/dhcp/dc9ce29a-6497-47dd-9b8e-b652ab2cb40f/host
Jun 20 04:21:05 gtw01 dnsmasq-dhcp[19753]: read /var/lib/neutron/dhcp/dc9ce29a-6497-47dd-9b8e-b652ab2cb40f/opts
Jun 20 04:21:06 gtw01 kernel: [ 7068.035564] device tap52969717-60 left promiscuous mode
Jun 20 04:21:06 gtw01 dnsmasq[19753]: read /var/lib/neutron/dhcp/dc9ce29a-6497-47dd-9b8e-b652ab2cb40f/addn_hosts - 3 addresses
Jun 20 04:21:06 gtw01 dnsmasq-dhcp[19753]: read /var/lib/neutron/dhcp/dc9ce29a-6497-47dd-9b8e-b652ab2cb40f/host
Jun 20 04:21:06 gtw01 dnsmasq-dhcp[19753]: read /var/lib/neutron/dhcp/dc9ce29a-6497-47dd-9b8e-b652ab2cb40f/opts
Jun 20 04:21:06 gtw01 systemd-udevd[19886]: Could not generate persistent MAC address for tapf0206608-cc: No such file or directory
Jun 20 04:21:06 gtw01 kernel: [ 7068.411485] device tapf0206608-cc entered promiscuous mode
Jun 20 04:21:06 gtw01 systemd-udevd[19886]: Process '/sbin/ip link set tapf0206608-cc txqueuelen 10000' failed with exit code 1.
Jun 20 04:21:06 gtw01 systemd-udevd[19886]: Process '/sbin/ip link set tapf0206608-cc txqueuelen 10000' failed with exit code 1.
Jun 20 04:21:07 gtw01 dnsmasq[19753]: read /var/lib/neutron/dhcp/dc9ce29a-6497-47dd-9b8e-b652ab2cb40f/addn_hosts - 4 addresses
Jun 20 04:21:07 gtw01 dnsmasq-dhcp[19753]: read /var/lib/neutron/dhcp/dc9ce29a-6497-47dd-9b8e-b652ab2cb40f/host
Jun 20 04:21:07 gtw01 dnsmasq-dhcp[19753]: read /var/lib/neutron/dhcp/dc9ce29a-6497-47dd-9b8e-b652ab2cb40f/opts
Jun 20 04:21:08 gtw01 dnsmasq[19753]: read /var/lib/neutron/dhcp/dc9ce29a-6497-47dd-9b8e-b652ab2cb40f/addn_hosts - 4 addresses
Jun 20 04:21:08 gtw01 dnsmasq-dhcp[19753]: read /var/lib/neutron/dhcp/dc9ce29a-6497-47dd-9b8e-b652ab2cb40f/host
Jun 20 04:21:08 gtw01 dnsmasq-dhcp[19753]: read /var/lib/neutron/dhcp/dc9ce29a-6497-47dd-9b8e-b652ab2cb40f/opts
Jun 20 04:21:09 gtw01 dnsmasq[19753]: read /var/lib/neutron/dhcp/dc9ce29a-6497-47dd-9b8e-b652ab2cb40f/addn_hosts - 5 addresses
Jun 20 04:21:09 gtw01 dnsmasq-dhcp[19753]: read /var/lib/neutron/dhcp/dc9ce29a-6497-47dd-9b8e-b652ab2cb40f/host
Jun 20 04:21:09 gtw01 dnsmasq-dhcp[19753]: read /var/lib/neutron/dhcp/dc9ce29a-6497-47dd-9b8e-b652ab2cb40f/opts
Jun 20 04:21:10 gtw01 dnsmasq[20117]: started, version 2.80 cachesize 150
Jun 20 04:21:10 gtw01 dnsmasq[20117]: DNS service limited to local subnets
Jun 20 04:21:10 gtw01 dnsmasq[20117]: compile time options: IPv6 GNU-getopt DBus i18n IDN DHCP DHCPv6 no-Lua TFTP conntrack ipset auth DNSSEC loop-detect inotify dumpfile
Jun 20 04:21:10 gtw01 dnsmasq[20117]: warning: no upstream servers configured
Jun 20 04:21:10 gtw01 dnsmasq-dhcp[20117]: DHCP, static leases only on 192.168.120.0, lease time 1h
Jun 20 04:21:10 gtw01 dnsmasq[20117]: read /var/lib/neutron/dhcp/635bb81c-8095-462e-baef-bd2517b48890/addn_hosts - 1 addresses
Jun 20 04:21:10 gtw01 dnsmasq-dhcp[20117]: read /var/lib/neutron/dhcp/635bb81c-8095-462e-baef-bd2517b48890/host
Jun 20 04:21:10 gtw01 dnsmasq-dhcp[20117]: read /var/lib/neutron/dhcp/635bb81c-8095-462e-baef-bd2517b48890/opts
Jun 20 04:21:10 gtw01 dnsmasq[19753]: read /var/lib/neutron/dhcp/dc9ce29a-6497-47dd-9b8e-b652ab2cb40f/addn_hosts - 5 addresses
Jun 20 04:21:10 gtw01 dnsmasq-dhcp[19753]: read /var/lib/neutron/dhcp/dc9ce29a-6497-47dd-9b8e-b652ab2cb40f/host
Jun 20 04:21:10 gtw01 dnsmasq-dhcp[19753]: read /var/lib/neutron/dhcp/dc9ce29a-6497-47dd-9b8e-b652ab2cb40f/opts
Jun 20 04:21:10 gtw01 haproxy-metadata-proxy-635bb81c-8095-462e-baef-bd2517b48890[20125]: Proxy listener started.
Jun 20 04:21:11 gtw01 dnsmasq[20117]: read /var/lib/neutron/dhcp/635bb81c-8095-462e-baef-bd2517b48890/addn_hosts - 2 addresses
Jun 20 04:21:11 gtw01 dnsmasq-dhcp[20117]: read /var/lib/neutron/dhcp/635bb81c-8095-462e-baef-bd2517b48890/host
Jun 20 04:21:11 gtw01 dnsmasq-dhcp[20117]: read /var/lib/neutron/dhcp/635bb81c-8095-462e-baef-bd2517b48890/opts
Jun 20 04:21:11 gtw01 systemd-udevd[20171]: Could not generate persistent MAC address for tap43300846-0c: No such file or directory
Jun 20 04:21:11 gtw01 kernel: [ 7072.835454] device tap43300846-0c entered promiscuous mode
Jun 20 04:21:11 gtw01 dnsmasq[19753]: read /var/lib/neutron/dhcp/dc9ce29a-6497-47dd-9b8e-b652ab2cb40f/addn_hosts - 6 addresses
Jun 20 04:21:11 gtw01 dnsmasq-dhcp[19753]: read /var/lib/neutron/dhcp/dc9ce29a-6497-47dd-9b8e-b652ab2cb40f/host
Jun 20 04:21:11 gtw01 dnsmasq-dhcp[19753]: read /var/lib/neutron/dhcp/dc9ce29a-6497-47dd-9b8e-b652ab2cb40f/opts
Jun 20 04:21:11 gtw01 systemd-udevd[20241]: Process '/sbin/ip link set tap43300846-0c txqueuelen 10000' failed with exit code 1.
Jun 20 04:21:12 gtw01 dnsmasq[19753]: read /var/lib/neutron/dhcp/dc9ce29a-6497-47dd-9b8e-b652ab2cb40f/addn_hosts - 7 addresses
Jun 20 04:21:12 gtw01 dnsmasq-dhcp[19753]: read /var/lib/neutron/dhcp/dc9ce29a-6497-47dd-9b8e-b652ab2cb40f/host
Jun 20 04:21:12 gtw01 dnsmasq-dhcp[19753]: read /var/lib/neutron/dhcp/dc9ce29a-6497-47dd-9b8e-b652ab2cb40f/opts
Jun 20 04:21:12 gtw01 dnsmasq[20117]: read /var/lib/neutron/dhcp/635bb81c-8095-462e-baef-bd2517b48890/addn_hosts - 2 addresses
Jun 20 04:21:12 gtw01 dnsmasq-dhcp[20117]: read /var/lib/neutron/dhcp/635bb81c-8095-462e-baef-bd2517b48890/host
Jun 20 04:21:12 gtw01 dnsmasq-dhcp[20117]: read /var/lib/neutron/dhcp/635bb81c-8095-462e-baef-bd2517b48890/opts
Jun 20 04:21:13 gtw01 dnsmasq[19753]: read /var/lib/neutron/dhcp/dc9ce29a-6497-47dd-9b8e-b652ab2cb40f/addn_hosts - 7 addresses
Jun 20 04:21:13 gtw01 dnsmasq-dhcp[19753]: read /var/lib/neutron/dhcp/dc9ce29a-6497-47dd-9b8e-b652ab2cb40f/host
Jun 20 04:21:13 gtw01 dnsmasq-dhcp[19753]: read /var/lib/neutron/dhcp/dc9ce29a-6497-47dd-9b8e-b652ab2cb40f/opts
Jun 20 04:21:13 gtw01 dnsmasq[20117]: read /var/lib/neutron/dhcp/635bb81c-8095-462e-baef-bd2517b48890/addn_hosts - 2 addresses
Jun 20 04:21:13 gtw01 dnsmasq-dhcp[20117]: read /var/lib/neutron/dhcp/635bb81c-8095-462e-baef-bd2517b48890/host
Jun 20 04:21:13 gtw01 dnsmasq-dhcp[20117]: read /var/lib/neutron/dhcp/635bb81c-8095-462e-baef-bd2517b48890/opts
Jun 20 04:21:14 gtw01 dnsmasq[19753]: read /var/lib/neutron/dhcp/dc9ce29a-6497-47dd-9b8e-b652ab2cb40f/addn_hosts - 7 addresses
Jun 20 04:21:14 gtw01 dnsmasq-dhcp[19753]: read /var/lib/neutron/dhcp/dc9ce29a-6497-47dd-9b8e-b652ab2cb40f/host
Jun 20 04:21:14 gtw01 dnsmasq-dhcp[19753]: read /var/lib/neutron/dhcp/dc9ce29a-6497-47dd-9b8e-b652ab2cb40f/opts
Jun 20 04:21:14 gtw01 dnsmasq[20117]: read /var/lib/neutron/dhcp/635bb81c-8095-462e-baef-bd2517b48890/addn_hosts - 2 addresses
Jun 20 04:21:14 gtw01 dnsmasq-dhcp[20117]: read /var/lib/neutron/dhcp/635bb81c-8095-462e-baef-bd2517b48890/host
Jun 20 04:21:14 gtw01 dnsmasq-dhcp[20117]: read /var/lib/neutron/dhcp/635bb81c-8095-462e-baef-bd2517b48890/opts
Jun 20 04:21:14 gtw01 dnsmasq[20462]: started, version 2.80 cachesize 150
Jun 20 04:21:14 gtw01 dnsmasq[20462]: DNS service limited to local subnets
Jun 20 04:21:14 gtw01 dnsmasq[20462]: compile time options: IPv6 GNU-getopt DBus i18n IDN DHCP DHCPv6 no-Lua TFTP conntrack ipset auth DNSSEC loop-detect inotify dumpfile
Jun 20 04:21:14 gtw01 dnsmasq[20462]: warning: no upstream servers configured
Jun 20 04:21:14 gtw01 dnsmasq-dhcp[20462]: DHCPv6, static leases only on 2003::, lease time 1h
Jun 20 04:21:14 gtw01 dnsmasq[20462]: read /var/lib/neutron/dhcp/91c7ce86-c139-4985-8d37-b1db6fb9d141/addn_hosts - 1 addresses
Jun 20 04:21:14 gtw01 dnsmasq-dhcp[20462]: read /var/lib/neutron/dhcp/91c7ce86-c139-4985-8d37-b1db6fb9d141/host
Jun 20 04:21:14 gtw01 dnsmasq-dhcp[20462]: read /var/lib/neutron/dhcp/91c7ce86-c139-4985-8d37-b1db6fb9d141/opts
Jun 20 04:21:14 gtw01 dnsmasq[19753]: read /var/lib/neutron/dhcp/dc9ce29a-6497-47dd-9b8e-b652ab2cb40f/addn_hosts - 7 addresses
Jun 20 04:21:14 gtw01 dnsmasq-dhcp[19753]: read /var/lib/neutron/dhcp/dc9ce29a-6497-47dd-9b8e-b652ab2cb40f/host
Jun 20 04:21:14 gtw01 dnsmasq-dhcp[19753]: read /var/lib/neutron/dhcp/dc9ce29a-6497-47dd-9b8e-b652ab2cb40f/opts
Jun 20 04:21:15 gtw01 dnsmasq[20117]: read /var/lib/neutron/dhcp/635bb81c-8095-462e-baef-bd2517b48890/addn_hosts - 2 addresses
Jun 20 04:21:15 gtw01 dnsmasq-dhcp[20117]: read /var/lib/neutron/dhcp/635bb81c-8095-462e-baef-bd2517b48890/host
Jun 20 04:21:15 gtw01 dnsmasq-dhcp[20117]: read /var/lib/neutron/dhcp/635bb81c-8095-462e-baef-bd2517b48890/opts
Jun 20 04:21:15 gtw01 dnsmasq[20462]: read /var/lib/neutron/dhcp/91c7ce86-c139-4985-8d37-b1db6fb9d141/addn_hosts - 2 addresses
Jun 20 04:21:15 gtw01 dnsmasq-dhcp[20462]: read /var/lib/neutron/dhcp/91c7ce86-c139-4985-8d37-b1db6fb9d141/host
Jun 20 04:21:15 gtw01 dnsmasq-dhcp[20462]: read /var/lib/neutron/dhcp/91c7ce86-c139-4985-8d37-b1db6fb9d141/opts
Jun 20 04:21:15 gtw01 dnsmasq[19753]: read /var/lib/neutron/dhcp/dc9ce29a-6497-47dd-9b8e-b652ab2cb40f/addn_hosts - 6 addresses
Jun 20 04:21:15 gtw01 dnsmasq-dhcp[19753]: read /var/lib/neutron/dhcp/dc9ce29a-6497-47dd-9b8e-b652ab2cb40f/host
Jun 20 04:21:15 gtw01 dnsmasq-dhcp[19753]: read /var/lib/neutron/dhcp/dc9ce29a-6497-47dd-9b8e-b652ab2cb40f/opts
Jun 20 04:21:16 gtw01 kernel: [ 7077.766513] device tapf0206608-cc left promiscuous mode
Jun 20 04:21:16 gtw01 dnsmasq[20462]: read /var/lib/neutron/dhcp/91c7ce86-c139-4985-8d37-b1db6fb9d141/addn_hosts - 2 addresses
Jun 20 04:21:16 gtw01 dnsmasq-dhcp[20462]: read /var/lib/neutron/dhcp/91c7ce86-c139-4985-8d37-b1db6fb9d141/host
Jun 20 04:21:16 gtw01 dnsmasq-dhcp[20462]: read /var/lib/neutron/dhcp/91c7ce86-c139-4985-8d37-b1db6fb9d141/opts
Jun 20 04:21:16 gtw01 dnsmasq[19753]: read /var/lib/neutron/dhcp/dc9ce29a-6497-47dd-9b8e-b652ab2cb40f/addn_hosts - 5 addresses
Jun 20 04:21:16 gtw01 dnsmasq-dhcp[19753]: read /var/lib/neutron/dhcp/dc9ce29a-6497-47dd-9b8e-b652ab2cb40f/host
Jun 20 04:21:16 gtw01 dnsmasq-dhcp[19753]: read /var/lib/neutron/dhcp/dc9ce29a-6497-47dd-9b8e-b652ab2cb40f/opts
Jun 20 04:21:17 gtw01 dnsmasq[20462]: read /var/lib/neutron/dhcp/91c7ce86-c139-4985-8d37-b1db6fb9d141/addn_hosts - 2 addresses
Jun 20 04:21:17 gtw01 dnsmasq-dhcp[20462]: read /var/lib/neutron/dhcp/91c7ce86-c139-4985-8d37-b1db6fb9d141/host
Jun 20 04:21:17 gtw01 dnsmasq-dhcp[20462]: read /var/lib/neutron/dhcp/91c7ce86-c139-4985-8d37-b1db6fb9d141/opts
Jun 20 04:21:18 gtw01 kernel: [ 7079.847934] device tapb3404ece-9e left promiscuous mode
Jun 20 04:21:18 gtw01 dnsmasq[20462]: read /var/lib/neutron/dhcp/91c7ce86-c139-4985-8d37-b1db6fb9d141/addn_hosts - 2 addresses
Jun 20 04:21:18 gtw01 dnsmasq-dhcp[20462]: read /var/lib/neutron/dhcp/91c7ce86-c139-4985-8d37-b1db6fb9d141/host
Jun 20 04:21:18 gtw01 dnsmasq-dhcp[20462]: read /var/lib/neutron/dhcp/91c7ce86-c139-4985-8d37-b1db6fb9d141/opts
Jun 20 04:21:19 gtw01 dnsmasq[20462]: read /var/lib/neutron/dhcp/91c7ce86-c139-4985-8d37-b1db6fb9d141/addn_hosts - 2 addresses
Jun 20 04:21:19 gtw01 dnsmasq-dhcp[20462]: read /var/lib/neutron/dhcp/91c7ce86-c139-4985-8d37-b1db6fb9d141/host
Jun 20 04:21:19 gtw01 dnsmasq-dhcp[20462]: read /var/lib/neutron/dhcp/91c7ce86-c139-4985-8d37-b1db6fb9d141/opts
Jun 20 04:21:20 gtw01 kernel: [ 7081.910845] device tap43300846-0c left promiscuous mode
Jun 20 04:21:20 gtw01 kernel: [ 7082.625642] device tap64452bab-57 entered promiscuous mode
Jun 20 04:21:20 gtw01 systemd-udevd[20699]: Could not generate persistent MAC address for tap64452bab-57: No such file or directory
Jun 20 04:21:20 gtw01 systemd-udevd[20699]: Process '/sbin/ip link set tap64452bab-57 txqueuelen 10000' failed with exit code 1.
Jun 20 04:21:20 gtw01 systemd-udevd[20699]: Process '/sbin/ip link set tap64452bab-57 txqueuelen 10000' failed with exit code 1.
Jun 20 04:21:24 gtw01 kernel: [ 7085.791231] device tapd8061c18-f4 entered promiscuous mode
Jun 20 04:21:24 gtw01 systemd-udevd[20880]: Could not generate persistent MAC address for tapd8061c18-f4: No such file or directory
Jun 20 04:21:24 gtw01 systemd-udevd[20880]: Process '/sbin/ip link set tapd8061c18-f4 txqueuelen 10000' failed with exit code 1.
Jun 20 04:21:24 gtw01 systemd-udevd[20961]: Process '/sbin/ip link set tapd8061c18-f4 txqueuelen 10000' failed with exit code 1.
Jun 20 04:21:24 gtw01 dnsmasq[20975]: started, version 2.80 cachesize 150
Jun 20 04:21:24 gtw01 dnsmasq[20975]: DNS service limited to local subnets
Jun 20 04:21:24 gtw01 dnsmasq[20975]: compile time options: IPv6 GNU-getopt DBus i18n IDN DHCP DHCPv6 no-Lua TFTP conntrack ipset auth DNSSEC loop-detect inotify dumpfile
Jun 20 04:21:24 gtw01 dnsmasq[20975]: warning: no upstream servers configured
Jun 20 04:21:24 gtw01 dnsmasq-dhcp[20975]: DHCP, static leases only on 192.168.120.0, lease time 1h
Jun 20 04:21:24 gtw01 dnsmasq[20975]: read /var/lib/neutron/dhcp/8fd38dbd-e67f-4807-9f37-5c4d2de31f5c/addn_hosts - 1 addresses
Jun 20 04:21:24 gtw01 dnsmasq-dhcp[20975]: read /var/lib/neutron/dhcp/8fd38dbd-e67f-4807-9f37-5c4d2de31f5c/host
Jun 20 04:21:24 gtw01 dnsmasq-dhcp[20975]: read /var/lib/neutron/dhcp/8fd38dbd-e67f-4807-9f37-5c4d2de31f5c/opts
Jun 20 04:21:24 gtw01 haproxy-metadata-proxy-8fd38dbd-e67f-4807-9f37-5c4d2de31f5c[20987]: Proxy listener started.
Jun 20 04:21:25 gtw01 kernel: [ 7087.149469] device qr-db931e89-2f entered promiscuous mode
Jun 20 04:21:25 gtw01 systemd-udevd[21041]: Could not generate persistent MAC address for qr-db931e89-2f: No such file or directory
Jun 20 04:21:25 gtw01 dnsmasq[20975]: read /var/lib/neutron/dhcp/8fd38dbd-e67f-4807-9f37-5c4d2de31f5c/addn_hosts - 2 addresses
Jun 20 04:21:25 gtw01 dnsmasq-dhcp[20975]: read /var/lib/neutron/dhcp/8fd38dbd-e67f-4807-9f37-5c4d2de31f5c/host
Jun 20 04:21:25 gtw01 dnsmasq-dhcp[20975]: read /var/lib/neutron/dhcp/8fd38dbd-e67f-4807-9f37-5c4d2de31f5c/opts
Jun 20 04:21:26 gtw01 kernel: [ 7088.240125] device tap869cba55-fc entered promiscuous mode
Jun 20 04:21:26 gtw01 systemd-udevd[21194]: Could not generate persistent MAC address for tap869cba55-fc: No such file or directory
Jun 20 04:21:26 gtw01 systemd-udevd[21194]: Process '/sbin/ip link set tap869cba55-fc txqueuelen 10000' failed with exit code 1.
Jun 20 04:21:26 gtw01 dnsmasq[20975]: read /var/lib/neutron/dhcp/8fd38dbd-e67f-4807-9f37-5c4d2de31f5c/addn_hosts - 2 addresses
Jun 20 04:21:26 gtw01 dnsmasq-dhcp[20975]: read /var/lib/neutron/dhcp/8fd38dbd-e67f-4807-9f37-5c4d2de31f5c/host
Jun 20 04:21:26 gtw01 dnsmasq-dhcp[20975]: read /var/lib/neutron/dhcp/8fd38dbd-e67f-4807-9f37-5c4d2de31f5c/opts
Jun 20 04:21:27 gtw01 dnsmasq[21356]: started, version 2.80 cachesize 150
Jun 20 04:21:27 gtw01 dnsmasq[21356]: DNS service limited to local subnets
Jun 20 04:21:27 gtw01 dnsmasq[21356]: compile time options: IPv6 GNU-getopt DBus i18n IDN DHCP DHCPv6 no-Lua TFTP conntrack ipset auth DNSSEC loop-detect inotify dumpfile
Jun 20 04:21:27 gtw01 dnsmasq[21356]: warning: no upstream servers configured
Jun 20 04:21:27 gtw01 dnsmasq-dhcp[21356]: DHCPv6, static leases only on 2003::, lease time 1h
Jun 20 04:21:27 gtw01 dnsmasq[21356]: read /var/lib/neutron/dhcp/0697e252-7603-4aea-b2f8-14424897e321/addn_hosts - 1 addresses
Jun 20 04:21:27 gtw01 dnsmasq-dhcp[21356]: read /var/lib/neutron/dhcp/0697e252-7603-4aea-b2f8-14424897e321/host
Jun 20 04:21:27 gtw01 dnsmasq-dhcp[21356]: read /var/lib/neutron/dhcp/0697e252-7603-4aea-b2f8-14424897e321/opts
Jun 20 04:21:27 gtw01 dnsmasq[20975]: read /var/lib/neutron/dhcp/8fd38dbd-e67f-4807-9f37-5c4d2de31f5c/addn_hosts - 2 addresses
Jun 20 04:21:27 gtw01 dnsmasq-dhcp[20975]: read /var/lib/neutron/dhcp/8fd38dbd-e67f-4807-9f37-5c4d2de31f5c/host
Jun 20 04:21:27 gtw01 dnsmasq-dhcp[20975]: read /var/lib/neutron/dhcp/8fd38dbd-e67f-4807-9f37-5c4d2de31f5c/opts
Jun 20 04:21:28 gtw01 dnsmasq[20975]: read /var/lib/neutron/dhcp/8fd38dbd-e67f-4807-9f37-5c4d2de31f5c/addn_hosts - 2 addresses
Jun 20 04:21:28 gtw01 dnsmasq-dhcp[20975]: read /var/lib/neutron/dhcp/8fd38dbd-e67f-4807-9f37-5c4d2de31f5c/host
Jun 20 04:21:28 gtw01 dnsmasq-dhcp[20975]: read /var/lib/neutron/dhcp/8fd38dbd-e67f-4807-9f37-5c4d2de31f5c/opts
Jun 20 04:21:29 gtw01 dnsmasq[20975]: read /var/lib/neutron/dhcp/8fd38dbd-e67f-4807-9f37-5c4d2de31f5c/addn_hosts - 2 addresses
Jun 20 04:21:29 gtw01 dnsmasq-dhcp[20975]: read /var/lib/neutron/dhcp/8fd38dbd-e67f-4807-9f37-5c4d2de31f5c/host
Jun 20 04:21:29 gtw01 dnsmasq-dhcp[20975]: read /var/lib/neutron/dhcp/8fd38dbd-e67f-4807-9f37-5c4d2de31f5c/opts
Jun 20 04:21:30 gtw01 dnsmasq[21482]: started, version 2.80 cachesize 150
Jun 20 04:21:30 gtw01 dnsmasq[21482]: DNS service limited to local subnets
Jun 20 04:21:30 gtw01 dnsmasq[21482]: compile time options: IPv6 GNU-getopt DBus i18n IDN DHCP DHCPv6 no-Lua TFTP conntrack ipset auth DNSSEC loop-detect inotify dumpfile
Jun 20 04:21:30 gtw01 dnsmasq[21482]: warning: no upstream servers configured
Jun 20 04:21:30 gtw01 dnsmasq-dhcp[21482]: DHCP, static leases only on 192.168.121.0, lease time 1h
Jun 20 04:21:30 gtw01 dnsmasq[21482]: read /var/lib/neutron/dhcp/660e5ee0-d091-4b0d-bbc5-5a6a6637189c/addn_hosts - 1 addresses
Jun 20 04:21:30 gtw01 dnsmasq-dhcp[21482]: read /var/lib/neutron/dhcp/660e5ee0-d091-4b0d-bbc5-5a6a6637189c/host
Jun 20 04:21:30 gtw01 dnsmasq-dhcp[21482]: read /var/lib/neutron/dhcp/660e5ee0-d091-4b0d-bbc5-5a6a6637189c/opts
Jun 20 04:21:30 gtw01 haproxy-metadata-proxy-660e5ee0-d091-4b0d-bbc5-5a6a6637189c[21494]: Proxy listener started.
Jun 20 04:21:30 gtw01 haproxy-metadata-proxy-fb792781-40c3-45f2-9569-bd36f00142c7[21502]: Proxy listener started.
Jun 20 04:21:30 gtw01 kernel: [ 7092.529457] device tapd8061c18-f4 left promiscuous mode
Jun 20 04:21:30 gtw01 dnsmasq[20975]: read /var/lib/neutron/dhcp/8fd38dbd-e67f-4807-9f37-5c4d2de31f5c/addn_hosts - 2 addresses
Jun 20 04:21:30 gtw01 dnsmasq-dhcp[20975]: read /var/lib/neutron/dhcp/8fd38dbd-e67f-4807-9f37-5c4d2de31f5c/host
Jun 20 04:21:30 gtw01 dnsmasq-dhcp[20975]: read /var/lib/neutron/dhcp/8fd38dbd-e67f-4807-9f37-5c4d2de31f5c/opts
Jun 20 04:21:31 gtw01 dnsmasq[21482]: read /var/lib/neutron/dhcp/660e5ee0-d091-4b0d-bbc5-5a6a6637189c/addn_hosts - 2 addresses
Jun 20 04:21:31 gtw01 dnsmasq-dhcp[21482]: read /var/lib/neutron/dhcp/660e5ee0-d091-4b0d-bbc5-5a6a6637189c/host
Jun 20 04:21:31 gtw01 dnsmasq-dhcp[21482]: read /var/lib/neutron/dhcp/660e5ee0-d091-4b0d-bbc5-5a6a6637189c/opts
Jun 20 04:21:31 gtw01 kernel: [ 7093.257914] device tap07fc58aa-f1 entered promiscuous mode
Jun 20 04:21:31 gtw01 systemd-udevd[21564]: Could not generate persistent MAC address for tap07fc58aa-f1: No such file or directory
Jun 20 04:21:31 gtw01 systemd-udevd[21564]: Process '/sbin/ip link set tap07fc58aa-f1 txqueuelen 10000' failed with exit code 1.
Jun 20 04:21:31 gtw01 systemd-udevd[21645]: Process '/sbin/ip link set tap07fc58aa-f1 txqueuelen 10000' failed with exit code 1.
Jun 20 04:21:32 gtw01 dnsmasq[20975]: read /var/lib/neutron/dhcp/8fd38dbd-e67f-4807-9f37-5c4d2de31f5c/addn_hosts - 2 addresses
Jun 20 04:21:32 gtw01 dnsmasq-dhcp[20975]: read /var/lib/neutron/dhcp/8fd38dbd-e67f-4807-9f37-5c4d2de31f5c/host
Jun 20 04:21:32 gtw01 dnsmasq-dhcp[20975]: read /var/lib/neutron/dhcp/8fd38dbd-e67f-4807-9f37-5c4d2de31f5c/opts
Jun 20 04:21:32 gtw01 dnsmasq[21482]: read /var/lib/neutron/dhcp/660e5ee0-d091-4b0d-bbc5-5a6a6637189c/addn_hosts - 2 addresses
Jun 20 04:21:32 gtw01 dnsmasq-dhcp[21482]: read /var/lib/neutron/dhcp/660e5ee0-d091-4b0d-bbc5-5a6a6637189c/host
Jun 20 04:21:32 gtw01 dnsmasq-dhcp[21482]: read /var/lib/neutron/dhcp/660e5ee0-d091-4b0d-bbc5-5a6a6637189c/opts
Jun 20 04:21:32 gtw01 systemd-udevd[21737]: Could not generate persistent MAC address for tap335d62ef-e6: No such file or directory
Jun 20 04:21:32 gtw01 kernel: [ 7094.498797] device tap335d62ef-e6 entered promiscuous mode
Jun 20 04:21:32 gtw01 kernel: [ 7094.566081] device tapd8061c18-f4 entered promiscuous mode
Jun 20 04:21:32 gtw01 systemd-udevd[21804]: Could not generate persistent MAC address for tapd8061c18-f4: No such file or directory
Jun 20 04:21:32 gtw01 systemd-udevd[21822]: Process '/sbin/ip link set tap335d62ef-e6 txqueuelen 10000' failed with exit code 1.
Jun 20 04:21:33 gtw01 systemd-udevd[21895]: Process '/sbin/ip link set tapd8061c18-f4 txqueuelen 10000' failed with exit code 1.
Jun 20 04:21:33 gtw01 dnsmasq[21482]: read /var/lib/neutron/dhcp/660e5ee0-d091-4b0d-bbc5-5a6a6637189c/addn_hosts - 2 addresses
Jun 20 04:21:33 gtw01 dnsmasq-dhcp[21482]: read /var/lib/neutron/dhcp/660e5ee0-d091-4b0d-bbc5-5a6a6637189c/host
Jun 20 04:21:33 gtw01 dnsmasq-dhcp[21482]: read /var/lib/neutron/dhcp/660e5ee0-d091-4b0d-bbc5-5a6a6637189c/opts
Jun 20 04:21:34 gtw01 dnsmasq[21482]: read /var/lib/neutron/dhcp/660e5ee0-d091-4b0d-bbc5-5a6a6637189c/addn_hosts - 2 addresses
Jun 20 04:21:34 gtw01 dnsmasq-dhcp[21482]: read /var/lib/neutron/dhcp/660e5ee0-d091-4b0d-bbc5-5a6a6637189c/host
Jun 20 04:21:34 gtw01 dnsmasq-dhcp[21482]: read /var/lib/neutron/dhcp/660e5ee0-d091-4b0d-bbc5-5a6a6637189c/opts
Jun 20 04:21:34 gtw01 kernel: [ 7096.702641] device qr-49c0d27e-db entered promiscuous mode
Jun 20 04:21:34 gtw01 systemd-udevd[22047]: Could not generate persistent MAC address for qr-49c0d27e-db: No such file or directory
Jun 20 04:21:35 gtw01 dnsmasq[22169]: started, version 2.80 cachesize 150
Jun 20 04:21:35 gtw01 dnsmasq[22169]: DNS service limited to local subnets
Jun 20 04:21:35 gtw01 dnsmasq[22169]: compile time options: IPv6 GNU-getopt DBus i18n IDN DHCP DHCPv6 no-Lua TFTP conntrack ipset auth DNSSEC loop-detect inotify dumpfile
Jun 20 04:21:35 gtw01 dnsmasq[22169]: warning: no upstream servers configured
Jun 20 04:21:35 gtw01 dnsmasq-dhcp[22169]: DHCP, static leases only on 192.168.122.0, lease time 1h
Jun 20 04:21:35 gtw01 dnsmasq[22169]: read /var/lib/neutron/dhcp/28df4925-9ad1-4b7d-881d-60d501cf62d8/addn_hosts - 1 addresses
Jun 20 04:21:35 gtw01 dnsmasq-dhcp[22169]: read /var/lib/neutron/dhcp/28df4925-9ad1-4b7d-881d-60d501cf62d8/host
Jun 20 04:21:35 gtw01 dnsmasq-dhcp[22169]: read /var/lib/neutron/dhcp/28df4925-9ad1-4b7d-881d-60d501cf62d8/opts
Jun 20 04:21:35 gtw01 haproxy-metadata-proxy-28df4925-9ad1-4b7d-881d-60d501cf62d8[22193]: Proxy listener started.
Jun 20 04:21:35 gtw01 systemd-udevd[22206]: Could not generate persistent MAC address for qr-99982f77-fc: No such file or directory
Jun 20 04:21:35 gtw01 kernel: [ 7097.689917] device qr-99982f77-fc entered promiscuous mode
Jun 20 04:21:36 gtw01 dnsmasq[22237]: started, version 2.80 cachesize 150
Jun 20 04:21:36 gtw01 dnsmasq[22237]: DNS service limited to local subnets
Jun 20 04:21:36 gtw01 dnsmasq[22237]: compile time options: IPv6 GNU-getopt DBus i18n IDN DHCP DHCPv6 no-Lua TFTP conntrack ipset auth DNSSEC loop-detect inotify dumpfile
Jun 20 04:21:36 gtw01 dnsmasq[22237]: warning: no upstream servers configured
Jun 20 04:21:36 gtw01 dnsmasq-dhcp[22237]: DHCPv6, static leases only on 2003::, lease time 1h
Jun 20 04:21:36 gtw01 dnsmasq-dhcp[22237]: DHCPv6, static leases only on 2003:0:0:1::, lease time 1h
Jun 20 04:21:36 gtw01 dnsmasq[22237]: read /var/lib/neutron/dhcp/0697e252-7603-4aea-b2f8-14424897e321/addn_hosts - 2 addresses
Jun 20 04:21:36 gtw01 dnsmasq-dhcp[22237]: read /var/lib/neutron/dhcp/0697e252-7603-4aea-b2f8-14424897e321/host
Jun 20 04:21:36 gtw01 dnsmasq-dhcp[22237]: read /var/lib/neutron/dhcp/0697e252-7603-4aea-b2f8-14424897e321/opts
Jun 20 04:21:36 gtw01 kernel: [ 7097.902751] IPv4: martian source 192.168.122.1 from 192.168.122.1, on dev qr-99982f77-fc
Jun 20 04:21:36 gtw01 kernel: [ 7097.902754] ll header: 00000000: ff ff ff ff ff ff fa 16 3e 0a b4 61 08 06        ........>..a..
Jun 20 04:21:36 gtw01 dnsmasq[21482]: read /var/lib/neutron/dhcp/660e5ee0-d091-4b0d-bbc5-5a6a6637189c/addn_hosts - 2 addresses
Jun 20 04:21:36 gtw01 dnsmasq-dhcp[21482]: read /var/lib/neutron/dhcp/660e5ee0-d091-4b0d-bbc5-5a6a6637189c/host
Jun 20 04:21:36 gtw01 dnsmasq-dhcp[21482]: read /var/lib/neutron/dhcp/660e5ee0-d091-4b0d-bbc5-5a6a6637189c/opts
Jun 20 04:21:36 gtw01 dnsmasq[22169]: read /var/lib/neutron/dhcp/28df4925-9ad1-4b7d-881d-60d501cf62d8/addn_hosts - 2 addresses
Jun 20 04:21:36 gtw01 dnsmasq-dhcp[22169]: read /var/lib/neutron/dhcp/28df4925-9ad1-4b7d-881d-60d501cf62d8/host
Jun 20 04:21:36 gtw01 dnsmasq-dhcp[22169]: read /var/lib/neutron/dhcp/28df4925-9ad1-4b7d-881d-60d501cf62d8/opts
Jun 20 04:21:37 gtw01 kernel: [ 7099.014601] IPv4: martian source 192.168.121.1 from 192.168.121.1, on dev qr-49c0d27e-db
Jun 20 04:21:37 gtw01 kernel: [ 7099.014604] ll header: 00000000: ff ff ff ff ff ff fa 16 3e 8d 22 03 08 06        ........>."...
Jun 20 04:21:37 gtw01 dnsmasq[22381]: started, version 2.80 cachesize 150
Jun 20 04:21:37 gtw01 dnsmasq[22381]: DNS service limited to local subnets
Jun 20 04:21:37 gtw01 dnsmasq[22381]: compile time options: IPv6 GNU-getopt DBus i18n IDN DHCP DHCPv6 no-Lua TFTP conntrack ipset auth DNSSEC loop-detect inotify dumpfile
Jun 20 04:21:37 gtw01 dnsmasq[22381]: warning: no upstream servers configured
Jun 20 04:21:37 gtw01 dnsmasq-dhcp[22381]: DHCP, static leases only on 192.168.120.0, lease time 1h
Jun 20 04:21:37 gtw01 dnsmasq[22381]: read /var/lib/neutron/dhcp/cf22f4d7-b26d-47a1-99db-7ce23dc1c659/addn_hosts - 1 addresses
Jun 20 04:21:37 gtw01 dnsmasq-dhcp[22381]: read /var/lib/neutron/dhcp/cf22f4d7-b26d-47a1-99db-7ce23dc1c659/host
Jun 20 04:21:37 gtw01 dnsmasq-dhcp[22381]: read /var/lib/neutron/dhcp/cf22f4d7-b26d-47a1-99db-7ce23dc1c659/opts
Jun 20 04:21:37 gtw01 haproxy-metadata-proxy-cf22f4d7-b26d-47a1-99db-7ce23dc1c659[22404]: Proxy listener started.
Jun 20 04:21:37 gtw01 systemd-udevd[22411]: Could not generate persistent MAC address for tap9937ba19-84: No such file or directory
Jun 20 04:21:37 gtw01 kernel: [ 7099.350842] device tap9937ba19-84 entered promiscuous mode
Jun 20 04:21:37 gtw01 dnsmasq[21482]: read /var/lib/neutron/dhcp/660e5ee0-d091-4b0d-bbc5-5a6a6637189c/addn_hosts - 2 addresses
Jun 20 04:21:37 gtw01 dnsmasq-dhcp[21482]: read /var/lib/neutron/dhcp/660e5ee0-d091-4b0d-bbc5-5a6a6637189c/host
Jun 20 04:21:37 gtw01 dnsmasq-dhcp[21482]: read /var/lib/neutron/dhcp/660e5ee0-d091-4b0d-bbc5-5a6a6637189c/opts
Jun 20 04:21:37 gtw01 systemd-udevd[22411]: Process '/sbin/ip link set tap9937ba19-84 txqueuelen 10000' failed with exit code 1.
Jun 20 04:21:37 gtw01 systemd-udevd[22491]: Process '/sbin/ip link set tap9937ba19-84 txqueuelen 10000' failed with exit code 1.
Jun 20 04:21:38 gtw01 dnsmasq[22169]: read /var/lib/neutron/dhcp/28df4925-9ad1-4b7d-881d-60d501cf62d8/addn_hosts - 2 addresses
Jun 20 04:21:38 gtw01 dnsmasq-dhcp[22169]: read /var/lib/neutron/dhcp/28df4925-9ad1-4b7d-881d-60d501cf62d8/host
Jun 20 04:21:38 gtw01 dnsmasq-dhcp[22169]: read /var/lib/neutron/dhcp/28df4925-9ad1-4b7d-881d-60d501cf62d8/opts
Jun 20 04:21:38 gtw01 kernel: [ 7100.290897] device tap335d62ef-e6 left promiscuous mode
Jun 20 04:21:38 gtw01 kernel: [ 7100.562476] IPv4: martian source 192.168.122.1 from 192.168.122.1, on dev qr-99982f77-fc
Jun 20 04:21:38 gtw01 kernel: [ 7100.562480] ll header: 00000000: ff ff ff ff ff ff fa 16 3e 0a b4 61 08 06        ........>..a..
Jun 20 04:21:38 gtw01 dnsmasq[21482]: read /var/lib/neutron/dhcp/660e5ee0-d091-4b0d-bbc5-5a6a6637189c/addn_hosts - 2 addresses
Jun 20 04:21:38 gtw01 dnsmasq-dhcp[21482]: read /var/lib/neutron/dhcp/660e5ee0-d091-4b0d-bbc5-5a6a6637189c/host
Jun 20 04:21:38 gtw01 dnsmasq-dhcp[21482]: read /var/lib/neutron/dhcp/660e5ee0-d091-4b0d-bbc5-5a6a6637189c/opts
Jun 20 04:21:39 gtw01 dnsmasq[22169]: read /var/lib/neutron/dhcp/28df4925-9ad1-4b7d-881d-60d501cf62d8/addn_hosts - 2 addresses
Jun 20 04:21:39 gtw01 dnsmasq-dhcp[22169]: read /var/lib/neutron/dhcp/28df4925-9ad1-4b7d-881d-60d501cf62d8/host
Jun 20 04:21:39 gtw01 dnsmasq-dhcp[22169]: read /var/lib/neutron/dhcp/28df4925-9ad1-4b7d-881d-60d501cf62d8/opts
Jun 20 04:21:39 gtw01 kernel: [ 7101.627016] IPv4: martian source 192.168.121.1 from 192.168.121.1, on dev qr-49c0d27e-db
Jun 20 04:21:39 gtw01 kernel: [ 7101.627020] ll header: 00000000: ff ff ff ff ff ff fa 16 3e 8d 22 03 08 06        ........>."...
Jun 20 04:21:40 gtw01 dnsmasq[22169]: read /var/lib/neutron/dhcp/28df4925-9ad1-4b7d-881d-60d501cf62d8/addn_hosts - 2 addresses
Jun 20 04:21:40 gtw01 dnsmasq-dhcp[22169]: read /var/lib/neutron/dhcp/28df4925-9ad1-4b7d-881d-60d501cf62d8/host
Jun 20 04:21:40 gtw01 dnsmasq-dhcp[22169]: read /var/lib/neutron/dhcp/28df4925-9ad1-4b7d-881d-60d501cf62d8/opts
Jun 20 04:21:40 gtw01 dnsmasq[22736]: started, version 2.80 cachesize 150
Jun 20 04:21:40 gtw01 dnsmasq[22736]: DNS service limited to local subnets
Jun 20 04:21:40 gtw01 dnsmasq[22736]: compile time options: IPv6 GNU-getopt DBus i18n IDN DHCP DHCPv6 no-Lua TFTP conntrack ipset auth DNSSEC loop-detect inotify dumpfile
Jun 20 04:21:40 gtw01 dnsmasq[22736]: warning: no upstream servers configured
