Jun 20 03:16:01 gtw01 dnsmasq[19332]: compile time options: IPv6 GNU-getopt DBus i18n IDN DHCP DHCPv6 no-Lua TFTP conntrack ipset auth DNSSEC loop-detect inotify dumpfile
Jun 20 03:16:01 gtw01 dnsmasq[19332]: warning: no upstream servers configured
Jun 20 03:16:01 gtw01 dnsmasq-dhcp[19332]: DHCP, static leases only on 192.168.120.64, lease time 1h
Jun 20 03:16:01 gtw01 dnsmasq[19332]: read /var/lib/neutron/dhcp/4c88fd9b-74fb-4039-b367-9858d2fdce70/addn_hosts - 1 addresses
Jun 20 03:16:01 gtw01 dnsmasq-dhcp[19332]: read /var/lib/neutron/dhcp/4c88fd9b-74fb-4039-b367-9858d2fdce70/host
Jun 20 03:16:01 gtw01 dnsmasq-dhcp[19332]: read /var/lib/neutron/dhcp/4c88fd9b-74fb-4039-b367-9858d2fdce70/opts
Jun 20 03:16:01 gtw01 haproxy-metadata-proxy-4c88fd9b-74fb-4039-b367-9858d2fdce70[19342]: Proxy listener started.
Jun 20 03:16:01 gtw01 kernel: [ 3163.446288] device tapa733a1b1-94 left promiscuous mode
Jun 20 03:16:03 gtw01 dnsmasq[19414]: started, version 2.80 cachesize 150
Jun 20 03:16:03 gtw01 dnsmasq[19414]: DNS service limited to local subnets
Jun 20 03:16:03 gtw01 dnsmasq[19414]: compile time options: IPv6 GNU-getopt DBus i18n IDN DHCP DHCPv6 no-Lua TFTP conntrack ipset auth DNSSEC loop-detect inotify dumpfile
Jun 20 03:16:03 gtw01 dnsmasq[19414]: warning: no upstream servers configured
Jun 20 03:16:03 gtw01 dnsmasq-dhcp[19414]: DHCP, static leases only on 192.168.120.0, lease time 1h
Jun 20 03:16:03 gtw01 dnsmasq-dhcp[19414]: DHCP, static leases only on 192.168.120.48, lease time 1h
Jun 20 03:16:03 gtw01 dnsmasq-dhcp[19414]: DHCP, static leases only on 192.168.120.32, lease time 1h
Jun 20 03:16:03 gtw01 dnsmasq-dhcp[19414]: DHCP, static leases only on 192.168.120.16, lease time 1h
Jun 20 03:16:03 gtw01 dnsmasq-dhcp[19414]: DHCP, static leases only on 192.168.120.64, lease time 1h
Jun 20 03:16:03 gtw01 dnsmasq[19414]: read /var/lib/neutron/dhcp/7e366329-592b-4276-814b-5016d0dee3c5/addn_hosts - 5 addresses
Jun 20 03:16:03 gtw01 dnsmasq-dhcp[19414]: read /var/lib/neutron/dhcp/7e366329-592b-4276-814b-5016d0dee3c5/host
Jun 20 03:16:03 gtw01 dnsmasq-dhcp[19414]: read /var/lib/neutron/dhcp/7e366329-592b-4276-814b-5016d0dee3c5/opts
Jun 20 03:16:03 gtw01 dnsmasq[19414]: read /var/lib/neutron/dhcp/7e366329-592b-4276-814b-5016d0dee3c5/addn_hosts - 5 addresses
Jun 20 03:16:03 gtw01 dnsmasq-dhcp[19414]: read /var/lib/neutron/dhcp/7e366329-592b-4276-814b-5016d0dee3c5/host
Jun 20 03:16:03 gtw01 dnsmasq-dhcp[19414]: read /var/lib/neutron/dhcp/7e366329-592b-4276-814b-5016d0dee3c5/opts
Jun 20 03:16:04 gtw01 systemd-udevd[19460]: Could not generate persistent MAC address for tapc0659931-f8: No such file or directory
Jun 20 03:16:04 gtw01 kernel: [ 3166.158917] device tapc0659931-f8 entered promiscuous mode
Jun 20 03:16:04 gtw01 systemd-udevd[19460]: Process '/sbin/ip link set tapc0659931-f8 txqueuelen 10000' failed with exit code 1.
Jun 20 03:16:04 gtw01 systemd-udevd[19460]: Process '/sbin/ip link set tapc0659931-f8 txqueuelen 10000' failed with exit code 1.
Jun 20 03:16:05 gtw01 dnsmasq[19414]: read /var/lib/neutron/dhcp/7e366329-592b-4276-814b-5016d0dee3c5/addn_hosts - 5 addresses
Jun 20 03:16:05 gtw01 dnsmasq-dhcp[19414]: read /var/lib/neutron/dhcp/7e366329-592b-4276-814b-5016d0dee3c5/host
Jun 20 03:16:05 gtw01 dnsmasq-dhcp[19414]: read /var/lib/neutron/dhcp/7e366329-592b-4276-814b-5016d0dee3c5/opts
Jun 20 03:16:06 gtw01 dnsmasq-dhcp[19414]: DHCPRELEASE(tap4a0c1c23-8d) 192.168.120.2 fa:16:3e:24:f5:8d unknown lease
Jun 20 03:16:06 gtw01 dnsmasq-dhcp[19414]: DHCPRELEASE(tap4a0c1c23-8d) 192.168.120.2 fa:16:3e:24:f5:8d unknown lease
Jun 20 03:16:07 gtw01 dnsmasq-dhcp[19414]: DHCPRELEASE(tap4a0c1c23-8d) 192.168.120.2 fa:16:3e:24:f5:8d unknown lease
Jun 20 03:16:07 gtw01 dnsmasq[19666]: started, version 2.80 cachesize 150
Jun 20 03:16:07 gtw01 dnsmasq[19666]: DNS service limited to local subnets
Jun 20 03:16:07 gtw01 dnsmasq[19666]: compile time options: IPv6 GNU-getopt DBus i18n IDN DHCP DHCPv6 no-Lua TFTP conntrack ipset auth DNSSEC loop-detect inotify dumpfile
Jun 20 03:16:07 gtw01 dnsmasq[19666]: warning: no upstream servers configured
Jun 20 03:16:07 gtw01 dnsmasq-dhcp[19666]: DHCP, static leases only on 192.168.120.80, lease time 1h
Jun 20 03:16:07 gtw01 dnsmasq[19666]: read /var/lib/neutron/dhcp/f12129e0-84a9-48ce-afcf-130168590b71/addn_hosts - 1 addresses
Jun 20 03:16:07 gtw01 dnsmasq-dhcp[19666]: read /var/lib/neutron/dhcp/f12129e0-84a9-48ce-afcf-130168590b71/host
Jun 20 03:16:07 gtw01 dnsmasq-dhcp[19666]: read /var/lib/neutron/dhcp/f12129e0-84a9-48ce-afcf-130168590b71/opts
Jun 20 03:16:07 gtw01 dnsmasq[19414]: read /var/lib/neutron/dhcp/7e366329-592b-4276-814b-5016d0dee3c5/addn_hosts - 4 addresses
Jun 20 03:16:07 gtw01 dnsmasq-dhcp[19414]: read /var/lib/neutron/dhcp/7e366329-592b-4276-814b-5016d0dee3c5/host
Jun 20 03:16:07 gtw01 dnsmasq-dhcp[19414]: read /var/lib/neutron/dhcp/7e366329-592b-4276-814b-5016d0dee3c5/opts
Jun 20 03:16:08 gtw01 haproxy-metadata-proxy-f12129e0-84a9-48ce-afcf-130168590b71[19678]: Proxy listener started.
Jun 20 03:16:08 gtw01 kernel: [ 3170.235629] device tapc0659931-f8 left promiscuous mode
Jun 20 03:16:11 gtw01 dnsmasq[19772]: started, version 2.80 cachesize 150
Jun 20 03:16:11 gtw01 dnsmasq[19772]: DNS service limited to local subnets
Jun 20 03:16:11 gtw01 dnsmasq[19772]: compile time options: IPv6 GNU-getopt DBus i18n IDN DHCP DHCPv6 no-Lua TFTP conntrack ipset auth DNSSEC loop-detect inotify dumpfile
Jun 20 03:16:11 gtw01 dnsmasq[19772]: warning: no upstream servers configured
Jun 20 03:16:11 gtw01 dnsmasq-dhcp[19772]: DHCP, static leases only on 192.168.120.48, lease time 1h
Jun 20 03:16:11 gtw01 dnsmasq-dhcp[19772]: DHCP, static leases only on 192.168.120.32, lease time 1h
Jun 20 03:16:11 gtw01 dnsmasq-dhcp[19772]: DHCP, static leases only on 192.168.120.64, lease time 1h
Jun 20 03:16:11 gtw01 dnsmasq[19772]: read /var/lib/neutron/dhcp/7e366329-592b-4276-814b-5016d0dee3c5/addn_hosts - 3 addresses
Jun 20 03:16:11 gtw01 dnsmasq-dhcp[19772]: read /var/lib/neutron/dhcp/7e366329-592b-4276-814b-5016d0dee3c5/host
Jun 20 03:16:11 gtw01 dnsmasq-dhcp[19772]: read /var/lib/neutron/dhcp/7e366329-592b-4276-814b-5016d0dee3c5/opts
Jun 20 03:16:13 gtw01 dnsmasq[19850]: started, version 2.80 cachesize 150
Jun 20 03:16:13 gtw01 dnsmasq[19850]: DNS service limited to local subnets
Jun 20 03:16:13 gtw01 dnsmasq[19850]: compile time options: IPv6 GNU-getopt DBus i18n IDN DHCP DHCPv6 no-Lua TFTP conntrack ipset auth DNSSEC loop-detect inotify dumpfile
Jun 20 03:16:13 gtw01 dnsmasq[19850]: warning: no upstream servers configured
Jun 20 03:16:13 gtw01 dnsmasq-dhcp[19850]: DHCP, static leases only on 192.168.120.64, lease time 1h
Jun 20 03:16:13 gtw01 dnsmasq[19850]: read /var/lib/neutron/dhcp/7e366329-592b-4276-814b-5016d0dee3c5/addn_hosts - 1 addresses
Jun 20 03:16:13 gtw01 dnsmasq-dhcp[19850]: read /var/lib/neutron/dhcp/7e366329-592b-4276-814b-5016d0dee3c5/host
Jun 20 03:16:13 gtw01 dnsmasq-dhcp[19850]: read /var/lib/neutron/dhcp/7e366329-592b-4276-814b-5016d0dee3c5/opts
Jun 20 03:16:14 gtw01 kernel: [ 3176.169080] device tap4a0c1c23-8d left promiscuous mode
Jun 20 03:16:24 gtw01 kernel: [ 3186.668332] device tapa1bdea3c-c3 entered promiscuous mode
Jun 20 03:16:24 gtw01 systemd-udevd[19920]: Could not generate persistent MAC address for tapa1bdea3c-c3: No such file or directory
Jun 20 03:16:25 gtw01 systemd-udevd[19920]: Process '/sbin/ip link set tapa1bdea3c-c3 txqueuelen 10000' failed with exit code 1.
Jun 20 03:16:25 gtw01 systemd-udevd[19994]: Process '/sbin/ip link set tapa1bdea3c-c3 txqueuelen 10000' failed with exit code 1.
Jun 20 03:16:28 gtw01 dnsmasq[20086]: started, version 2.80 cachesize 150
Jun 20 03:16:28 gtw01 dnsmasq[20086]: DNS service limited to local subnets
Jun 20 03:16:28 gtw01 dnsmasq[20086]: compile time options: IPv6 GNU-getopt DBus i18n IDN DHCP DHCPv6 no-Lua TFTP conntrack ipset auth DNSSEC loop-detect inotify dumpfile
Jun 20 03:16:28 gtw01 dnsmasq[20086]: warning: no upstream servers configured
Jun 20 03:16:28 gtw01 dnsmasq-dhcp[20086]: DHCP, static leases only on 192.168.120.0, lease time 1h
Jun 20 03:16:28 gtw01 dnsmasq[20086]: read /var/lib/neutron/dhcp/f48c2274-046f-40fe-93b1-e33acf873a22/addn_hosts - 1 addresses
Jun 20 03:16:28 gtw01 dnsmasq-dhcp[20086]: read /var/lib/neutron/dhcp/f48c2274-046f-40fe-93b1-e33acf873a22/host
Jun 20 03:16:28 gtw01 dnsmasq-dhcp[20086]: read /var/lib/neutron/dhcp/f48c2274-046f-40fe-93b1-e33acf873a22/opts
Jun 20 03:16:28 gtw01 haproxy-metadata-proxy-f48c2274-046f-40fe-93b1-e33acf873a22[20090]: Proxy listener started.
Jun 20 03:16:29 gtw01 kernel: [ 3190.823942] device tapa1bdea3c-c3 left promiscuous mode
Jun 20 03:16:40 gtw01 systemd-udevd[20178]: Could not generate persistent MAC address for tap253eec28-c3: No such file or directory
Jun 20 03:16:40 gtw01 kernel: [ 3202.411536] device tap253eec28-c3 entered promiscuous mode
Jun 20 03:16:40 gtw01 systemd-udevd[20178]: Process '/sbin/ip link set tap253eec28-c3 txqueuelen 10000' failed with exit code 1.
Jun 20 03:16:40 gtw01 systemd-udevd[20251]: Process '/sbin/ip link set tap253eec28-c3 txqueuelen 10000' failed with exit code 1.
Jun 20 03:16:42 gtw01 systemd-udevd[20318]: Could not generate persistent MAC address for tap72c4a624-12: No such file or directory
Jun 20 03:16:42 gtw01 kernel: [ 3204.242035] device tap72c4a624-12 entered promiscuous mode
Jun 20 03:16:42 gtw01 systemd-udevd[20318]: Process '/sbin/ip link set tap72c4a624-12 txqueuelen 10000' failed with exit code 1.
Jun 20 03:16:42 gtw01 systemd-udevd[20318]: Process '/sbin/ip link set tap72c4a624-12 txqueuelen 10000' failed with exit code 1.
Jun 20 03:16:44 gtw01 dnsmasq[20467]: started, version 2.80 cachesize 150
Jun 20 03:16:44 gtw01 dnsmasq[20467]: DNS service limited to local subnets
Jun 20 03:16:44 gtw01 dnsmasq[20467]: compile time options: IPv6 GNU-getopt DBus i18n IDN DHCP DHCPv6 no-Lua TFTP conntrack ipset auth DNSSEC loop-detect inotify dumpfile
Jun 20 03:16:44 gtw01 dnsmasq[20467]: warning: no upstream servers configured
Jun 20 03:16:44 gtw01 dnsmasq-dhcp[20467]: DHCP, static leases only on 192.168.120.0, lease time 1h
Jun 20 03:16:44 gtw01 dnsmasq[20467]: read /var/lib/neutron/dhcp/2eddd306-76c0-4b76-82e9-12f623fbffa1/addn_hosts - 1 addresses
Jun 20 03:16:44 gtw01 dnsmasq-dhcp[20467]: read /var/lib/neutron/dhcp/2eddd306-76c0-4b76-82e9-12f623fbffa1/host
Jun 20 03:16:44 gtw01 dnsmasq-dhcp[20467]: read /var/lib/neutron/dhcp/2eddd306-76c0-4b76-82e9-12f623fbffa1/opts
Jun 20 03:16:44 gtw01 haproxy-metadata-proxy-2eddd306-76c0-4b76-82e9-12f623fbffa1[20481]: Proxy listener started.
Jun 20 03:16:45 gtw01 dnsmasq[20467]: read /var/lib/neutron/dhcp/2eddd306-76c0-4b76-82e9-12f623fbffa1/addn_hosts - 1 addresses
Jun 20 03:16:45 gtw01 dnsmasq-dhcp[20467]: read /var/lib/neutron/dhcp/2eddd306-76c0-4b76-82e9-12f623fbffa1/host
Jun 20 03:16:45 gtw01 dnsmasq-dhcp[20467]: read /var/lib/neutron/dhcp/2eddd306-76c0-4b76-82e9-12f623fbffa1/opts
Jun 20 03:16:45 gtw01 dnsmasq[20539]: started, version 2.80 cachesize 150
Jun 20 03:16:45 gtw01 dnsmasq[20539]: DNS service limited to local subnets
Jun 20 03:16:45 gtw01 dnsmasq[20539]: compile time options: IPv6 GNU-getopt DBus i18n IDN DHCP DHCPv6 no-Lua TFTP conntrack ipset auth DNSSEC loop-detect inotify dumpfile
Jun 20 03:16:45 gtw01 dnsmasq[20539]: warning: no upstream servers configured
Jun 20 03:16:45 gtw01 dnsmasq-dhcp[20539]: DHCP, static leases only on 192.168.120.16, lease time 1h
Jun 20 03:16:45 gtw01 dnsmasq[20539]: read /var/lib/neutron/dhcp/ba13a9ca-fefa-469f-8edb-d63169dc62b6/addn_hosts - 1 addresses
Jun 20 03:16:45 gtw01 dnsmasq-dhcp[20539]: read /var/lib/neutron/dhcp/ba13a9ca-fefa-469f-8edb-d63169dc62b6/host
Jun 20 03:16:45 gtw01 dnsmasq-dhcp[20539]: read /var/lib/neutron/dhcp/ba13a9ca-fefa-469f-8edb-d63169dc62b6/opts
Jun 20 03:16:46 gtw01 haproxy-metadata-proxy-ba13a9ca-fefa-469f-8edb-d63169dc62b6[20551]: Proxy listener started.
Jun 20 03:16:46 gtw01 dnsmasq[20467]: read /var/lib/neutron/dhcp/2eddd306-76c0-4b76-82e9-12f623fbffa1/addn_hosts - 1 addresses
Jun 20 03:16:46 gtw01 dnsmasq-dhcp[20467]: read /var/lib/neutron/dhcp/2eddd306-76c0-4b76-82e9-12f623fbffa1/host
Jun 20 03:16:46 gtw01 dnsmasq-dhcp[20467]: read /var/lib/neutron/dhcp/2eddd306-76c0-4b76-82e9-12f623fbffa1/opts
Jun 20 03:16:46 gtw01 kernel: [ 3208.266556] device tap72c4a624-12 left promiscuous mode
Jun 20 03:16:47 gtw01 dnsmasq[20467]: read /var/lib/neutron/dhcp/2eddd306-76c0-4b76-82e9-12f623fbffa1/addn_hosts - 1 addresses
Jun 20 03:16:47 gtw01 dnsmasq-dhcp[20467]: read /var/lib/neutron/dhcp/2eddd306-76c0-4b76-82e9-12f623fbffa1/host
Jun 20 03:16:47 gtw01 dnsmasq-dhcp[20467]: read /var/lib/neutron/dhcp/2eddd306-76c0-4b76-82e9-12f623fbffa1/opts
Jun 20 03:16:50 gtw01 kernel: [ 3212.218618] device tap253eec28-c3 left promiscuous mode
Jun 20 03:17:01 gtw01 CRON[20671]: (root) CMD (   cd / && run-parts --report /etc/cron.hourly)
Jun 20 03:17:03 gtw01 kernel: [ 3225.647594] device tapc91c16c2-bf entered promiscuous mode
Jun 20 03:17:03 gtw01 systemd-udevd[20703]: Could not generate persistent MAC address for tapc91c16c2-bf: No such file or directory
Jun 20 03:17:04 gtw01 systemd-udevd[20703]: Process '/sbin/ip link set tapc91c16c2-bf txqueuelen 10000' failed with exit code 1.
Jun 20 03:17:04 gtw01 systemd-udevd[20777]: Process '/sbin/ip link set tapc91c16c2-bf txqueuelen 10000' failed with exit code 1.
Jun 20 03:17:07 gtw01 dnsmasq[20853]: started, version 2.80 cachesize 150
Jun 20 03:17:07 gtw01 dnsmasq[20853]: DNS service limited to local subnets
Jun 20 03:17:07 gtw01 dnsmasq[20853]: compile time options: IPv6 GNU-getopt DBus i18n IDN DHCP DHCPv6 no-Lua TFTP conntrack ipset auth DNSSEC loop-detect inotify dumpfile
Jun 20 03:17:07 gtw01 dnsmasq[20853]: warning: no upstream servers configured
Jun 20 03:17:07 gtw01 dnsmasq-dhcp[20853]: DHCP, static leases only on 192.168.120.0, lease time 1h
Jun 20 03:17:07 gtw01 dnsmasq[20853]: read /var/lib/neutron/dhcp/4c7b2a7e-01d1-4f6b-a74e-a841ca0743d7/addn_hosts - 1 addresses
Jun 20 03:17:07 gtw01 dnsmasq-dhcp[20853]: read /var/lib/neutron/dhcp/4c7b2a7e-01d1-4f6b-a74e-a841ca0743d7/host
Jun 20 03:17:07 gtw01 dnsmasq-dhcp[20853]: read /var/lib/neutron/dhcp/4c7b2a7e-01d1-4f6b-a74e-a841ca0743d7/opts
Jun 20 03:17:07 gtw01 haproxy-metadata-proxy-4c7b2a7e-01d1-4f6b-a74e-a841ca0743d7[20857]: Proxy listener started.
Jun 20 03:17:08 gtw01 dnsmasq[20853]: read /var/lib/neutron/dhcp/4c7b2a7e-01d1-4f6b-a74e-a841ca0743d7/addn_hosts - 2 addresses
Jun 20 03:17:08 gtw01 dnsmasq-dhcp[20853]: read /var/lib/neutron/dhcp/4c7b2a7e-01d1-4f6b-a74e-a841ca0743d7/host
Jun 20 03:17:08 gtw01 dnsmasq-dhcp[20853]: read /var/lib/neutron/dhcp/4c7b2a7e-01d1-4f6b-a74e-a841ca0743d7/opts
Jun 20 03:17:09 gtw01 dnsmasq[20853]: read /var/lib/neutron/dhcp/4c7b2a7e-01d1-4f6b-a74e-a841ca0743d7/addn_hosts - 2 addresses
Jun 20 03:17:09 gtw01 dnsmasq-dhcp[20853]: read /var/lib/neutron/dhcp/4c7b2a7e-01d1-4f6b-a74e-a841ca0743d7/host
Jun 20 03:17:09 gtw01 dnsmasq-dhcp[20853]: read /var/lib/neutron/dhcp/4c7b2a7e-01d1-4f6b-a74e-a841ca0743d7/opts
Jun 20 03:17:10 gtw01 dnsmasq[20853]: read /var/lib/neutron/dhcp/4c7b2a7e-01d1-4f6b-a74e-a841ca0743d7/addn_hosts - 2 addresses
Jun 20 03:17:10 gtw01 dnsmasq-dhcp[20853]: read /var/lib/neutron/dhcp/4c7b2a7e-01d1-4f6b-a74e-a841ca0743d7/host
Jun 20 03:17:10 gtw01 dnsmasq-dhcp[20853]: read /var/lib/neutron/dhcp/4c7b2a7e-01d1-4f6b-a74e-a841ca0743d7/opts
Jun 20 03:17:11 gtw01 dnsmasq[20853]: read /var/lib/neutron/dhcp/4c7b2a7e-01d1-4f6b-a74e-a841ca0743d7/addn_hosts - 2 addresses
Jun 20 03:17:11 gtw01 dnsmasq-dhcp[20853]: read /var/lib/neutron/dhcp/4c7b2a7e-01d1-4f6b-a74e-a841ca0743d7/host
Jun 20 03:17:11 gtw01 dnsmasq-dhcp[20853]: read /var/lib/neutron/dhcp/4c7b2a7e-01d1-4f6b-a74e-a841ca0743d7/opts
Jun 20 03:17:12 gtw01 dnsmasq[20853]: read /var/lib/neutron/dhcp/4c7b2a7e-01d1-4f6b-a74e-a841ca0743d7/addn_hosts - 2 addresses
Jun 20 03:17:12 gtw01 dnsmasq-dhcp[20853]: read /var/lib/neutron/dhcp/4c7b2a7e-01d1-4f6b-a74e-a841ca0743d7/host
Jun 20 03:17:12 gtw01 dnsmasq-dhcp[20853]: read /var/lib/neutron/dhcp/4c7b2a7e-01d1-4f6b-a74e-a841ca0743d7/opts
Jun 20 03:17:13 gtw01 dnsmasq[20853]: read /var/lib/neutron/dhcp/4c7b2a7e-01d1-4f6b-a74e-a841ca0743d7/addn_hosts - 2 addresses
Jun 20 03:17:13 gtw01 dnsmasq-dhcp[20853]: read /var/lib/neutron/dhcp/4c7b2a7e-01d1-4f6b-a74e-a841ca0743d7/host
Jun 20 03:17:13 gtw01 dnsmasq-dhcp[20853]: read /var/lib/neutron/dhcp/4c7b2a7e-01d1-4f6b-a74e-a841ca0743d7/opts
Jun 20 03:17:14 gtw01 dnsmasq[20853]: read /var/lib/neutron/dhcp/4c7b2a7e-01d1-4f6b-a74e-a841ca0743d7/addn_hosts - 1 addresses
Jun 20 03:17:14 gtw01 dnsmasq-dhcp[20853]: read /var/lib/neutron/dhcp/4c7b2a7e-01d1-4f6b-a74e-a841ca0743d7/host
Jun 20 03:17:14 gtw01 dnsmasq-dhcp[20853]: read /var/lib/neutron/dhcp/4c7b2a7e-01d1-4f6b-a74e-a841ca0743d7/opts
Jun 20 03:17:15 gtw01 kernel: [ 3237.205086] device tapc91c16c2-bf left promiscuous mode
Jun 20 03:17:32 gtw01 kernel: [ 3254.118433] device tap85466308-d4 entered promiscuous mode
Jun 20 03:17:32 gtw01 systemd-udevd[21099]: Could not generate persistent MAC address for tap85466308-d4: No such file or directory
Jun 20 03:17:32 gtw01 systemd-udevd[21099]: Process '/sbin/ip link set tap85466308-d4 txqueuelen 10000' failed with exit code 1.
Jun 20 03:17:32 gtw01 systemd-udevd[21099]: Process '/sbin/ip link set tap85466308-d4 txqueuelen 10000' failed with exit code 1.
Jun 20 03:17:32 gtw01 systemd-udevd[21198]: Could not generate persistent MAC address for tap9b60eaa8-fd: No such file or directory
Jun 20 03:17:32 gtw01 kernel: [ 3254.547619] device tap9b60eaa8-fd entered promiscuous mode
Jun 20 03:17:32 gtw01 systemd-udevd[21198]: Process '/sbin/ip link set tap9b60eaa8-fd txqueuelen 10000' failed with exit code 1.
Jun 20 03:17:32 gtw01 systemd-udevd[21198]: Process '/sbin/ip link set tap9b60eaa8-fd txqueuelen 10000' failed with exit code 1.
Jun 20 03:17:34 gtw01 systemd-udevd[21382]: Could not generate persistent MAC address for tap142e42c8-cb: No such file or directory
Jun 20 03:17:34 gtw01 kernel: [ 3256.512124] device tap142e42c8-cb entered promiscuous mode
Jun 20 03:17:34 gtw01 systemd-udevd[21382]: Process '/sbin/ip link set tap142e42c8-cb txqueuelen 10000' failed with exit code 1.
Jun 20 03:17:34 gtw01 systemd-udevd[21462]: Process '/sbin/ip link set tap142e42c8-cb txqueuelen 10000' failed with exit code 1.
Jun 20 03:17:35 gtw01 systemd-udevd[21530]: Could not generate persistent MAC address for tap9e3c3725-36: No such file or directory
Jun 20 03:17:35 gtw01 kernel: [ 3257.405299] device tap9e3c3725-36 entered promiscuous mode
Jun 20 03:17:35 gtw01 systemd-udevd[21530]: Process '/sbin/ip link set tap9e3c3725-36 txqueuelen 10000' failed with exit code 1.
Jun 20 03:17:35 gtw01 systemd-udevd[21530]: Process '/sbin/ip link set tap9e3c3725-36 txqueuelen 10000' failed with exit code 1.
Jun 20 03:17:36 gtw01 dnsmasq[21639]: started, version 2.80 cachesize 150
Jun 20 03:17:36 gtw01 dnsmasq[21639]: DNS service limited to local subnets
Jun 20 03:17:36 gtw01 dnsmasq[21639]: compile time options: IPv6 GNU-getopt DBus i18n IDN DHCP DHCPv6 no-Lua TFTP conntrack ipset auth DNSSEC loop-detect inotify dumpfile
Jun 20 03:17:36 gtw01 dnsmasq[21639]: warning: no upstream servers configured
Jun 20 03:17:36 gtw01 dnsmasq-dhcp[21639]: DHCP, static leases only on 192.168.120.0, lease time 1h
Jun 20 03:17:36 gtw01 dnsmasq[21639]: read /var/lib/neutron/dhcp/0e272492-6415-4c59-ade9-97940883ae8c/addn_hosts - 1 addresses
Jun 20 03:17:36 gtw01 dnsmasq-dhcp[21639]: read /var/lib/neutron/dhcp/0e272492-6415-4c59-ade9-97940883ae8c/host
Jun 20 03:17:36 gtw01 dnsmasq-dhcp[21639]: read /var/lib/neutron/dhcp/0e272492-6415-4c59-ade9-97940883ae8c/opts
Jun 20 03:17:36 gtw01 haproxy-metadata-proxy-0e272492-6415-4c59-ade9-97940883ae8c[21660]: Proxy listener started.
Jun 20 03:17:36 gtw01 systemd-udevd[21667]: Could not generate persistent MAC address for tap73a65562-4b: No such file or directory
Jun 20 03:17:36 gtw01 kernel: [ 3258.084138] device tap73a65562-4b entered promiscuous mode
Jun 20 03:17:36 gtw01 systemd-udevd[21667]: Process '/sbin/ip link set tap73a65562-4b txqueuelen 10000' failed with exit code 1.
Jun 20 03:17:36 gtw01 systemd-udevd[21667]: Process '/sbin/ip link set tap73a65562-4b txqueuelen 10000' failed with exit code 1.
Jun 20 03:17:36 gtw01 dnsmasq[21759]: started, version 2.80 cachesize 150
Jun 20 03:17:36 gtw01 dnsmasq[21759]: DNS service limited to local subnets
Jun 20 03:17:36 gtw01 dnsmasq[21759]: compile time options: IPv6 GNU-getopt DBus i18n IDN DHCP DHCPv6 no-Lua TFTP conntrack ipset auth DNSSEC loop-detect inotify dumpfile
Jun 20 03:17:36 gtw01 dnsmasq[21759]: warning: no upstream servers configured
Jun 20 03:17:36 gtw01 dnsmasq-dhcp[21759]: DHCP, static leases only on 10.11.12.0, lease time 1h
Jun 20 03:17:36 gtw01 dnsmasq[21759]: read /var/lib/neutron/dhcp/db210427-ac9c-4728-a213-0e770bdabdcd/addn_hosts - 1 addresses
Jun 20 03:17:36 gtw01 dnsmasq-dhcp[21759]: read /var/lib/neutron/dhcp/db210427-ac9c-4728-a213-0e770bdabdcd/host
Jun 20 03:17:36 gtw01 dnsmasq-dhcp[21759]: read /var/lib/neutron/dhcp/db210427-ac9c-4728-a213-0e770bdabdcd/opts
Jun 20 03:17:36 gtw01 haproxy-metadata-proxy-db210427-ac9c-4728-a213-0e770bdabdcd[21771]: Proxy listener started.
Jun 20 03:17:37 gtw01 dnsmasq[21639]: read /var/lib/neutron/dhcp/0e272492-6415-4c59-ade9-97940883ae8c/addn_hosts - 1 addresses
Jun 20 03:17:37 gtw01 dnsmasq-dhcp[21639]: read /var/lib/neutron/dhcp/0e272492-6415-4c59-ade9-97940883ae8c/host
Jun 20 03:17:37 gtw01 dnsmasq-dhcp[21639]: read /var/lib/neutron/dhcp/0e272492-6415-4c59-ade9-97940883ae8c/opts
Jun 20 03:17:38 gtw01 dnsmasq[21759]: read /var/lib/neutron/dhcp/db210427-ac9c-4728-a213-0e770bdabdcd/addn_hosts - 1 addresses
Jun 20 03:17:38 gtw01 dnsmasq-dhcp[21759]: read /var/lib/neutron/dhcp/db210427-ac9c-4728-a213-0e770bdabdcd/host
Jun 20 03:17:38 gtw01 dnsmasq-dhcp[21759]: read /var/lib/neutron/dhcp/db210427-ac9c-4728-a213-0e770bdabdcd/opts
Jun 20 03:17:38 gtw01 dnsmasq[21639]: read /var/lib/neutron/dhcp/0e272492-6415-4c59-ade9-97940883ae8c/addn_hosts - 1 addresses
Jun 20 03:17:38 gtw01 dnsmasq-dhcp[21639]: read /var/lib/neutron/dhcp/0e272492-6415-4c59-ade9-97940883ae8c/host
Jun 20 03:17:38 gtw01 dnsmasq-dhcp[21639]: read /var/lib/neutron/dhcp/0e272492-6415-4c59-ade9-97940883ae8c/opts
Jun 20 03:17:38 gtw01 dnsmasq[21924]: started, version 2.80 cachesize 150
Jun 20 03:17:38 gtw01 dnsmasq[21924]: DNS service limited to local subnets
Jun 20 03:17:38 gtw01 dnsmasq[21924]: compile time options: IPv6 GNU-getopt DBus i18n IDN DHCP DHCPv6 no-Lua TFTP conntrack ipset auth DNSSEC loop-detect inotify dumpfile
Jun 20 03:17:38 gtw01 dnsmasq[21924]: warning: no upstream servers configured
Jun 20 03:17:38 gtw01 dnsmasq-dhcp[21924]: DHCP, static leases only on 10.11.12.0, lease time 1h
Jun 20 03:17:38 gtw01 dnsmasq[21924]: read /var/lib/neutron/dhcp/267aa65d-5923-4b07-913d-fd22539ec21d/addn_hosts - 1 addresses
Jun 20 03:17:38 gtw01 dnsmasq-dhcp[21924]: read /var/lib/neutron/dhcp/267aa65d-5923-4b07-913d-fd22539ec21d/host
Jun 20 03:17:38 gtw01 dnsmasq-dhcp[21924]: read /var/lib/neutron/dhcp/267aa65d-5923-4b07-913d-fd22539ec21d/opts
Jun 20 03:17:39 gtw01 haproxy-metadata-proxy-267aa65d-5923-4b07-913d-fd22539ec21d[21948]: Proxy listener started.
Jun 20 03:17:39 gtw01 systemd-udevd[21978]: Could not generate persistent MAC address for tap334cab0a-28: No such file or directory
Jun 20 03:17:39 gtw01 kernel: [ 3261.087032] device tap334cab0a-28 entered promiscuous mode
Jun 20 03:17:39 gtw01 dnsmasq[21759]: read /var/lib/neutron/dhcp/db210427-ac9c-4728-a213-0e770bdabdcd/addn_hosts - 1 addresses
Jun 20 03:17:39 gtw01 dnsmasq-dhcp[21759]: read /var/lib/neutron/dhcp/db210427-ac9c-4728-a213-0e770bdabdcd/host
Jun 20 03:17:39 gtw01 dnsmasq-dhcp[21759]: read /var/lib/neutron/dhcp/db210427-ac9c-4728-a213-0e770bdabdcd/opts
Jun 20 03:17:39 gtw01 systemd-udevd[22052]: Process '/sbin/ip link set tap334cab0a-28 txqueuelen 10000' failed with exit code 1.
Jun 20 03:17:39 gtw01 dnsmasq[21639]: read /var/lib/neutron/dhcp/0e272492-6415-4c59-ade9-97940883ae8c/addn_hosts - 1 addresses
Jun 20 03:17:39 gtw01 dnsmasq-dhcp[21639]: read /var/lib/neutron/dhcp/0e272492-6415-4c59-ade9-97940883ae8c/host
Jun 20 03:17:39 gtw01 dnsmasq-dhcp[21639]: read /var/lib/neutron/dhcp/0e272492-6415-4c59-ade9-97940883ae8c/opts
Jun 20 03:17:40 gtw01 dnsmasq[22123]: started, version 2.80 cachesize 150
Jun 20 03:17:40 gtw01 dnsmasq[22123]: DNS service limited to local subnets
Jun 20 03:17:40 gtw01 dnsmasq[22123]: compile time options: IPv6 GNU-getopt DBus i18n IDN DHCP DHCPv6 no-Lua TFTP conntrack ipset auth DNSSEC loop-detect inotify dumpfile
Jun 20 03:17:40 gtw01 dnsmasq[22123]: warning: no upstream servers configured
Jun 20 03:17:40 gtw01 dnsmasq-dhcp[22123]: DHCP, static leases only on 192.168.120.16, lease time 1h
Jun 20 03:17:40 gtw01 dnsmasq[22123]: read /var/lib/neutron/dhcp/a53c5be8-18d8-4ccf-afb6-b33e2e7f97e0/addn_hosts - 1 addresses
Jun 20 03:17:40 gtw01 dnsmasq-dhcp[22123]: read /var/lib/neutron/dhcp/a53c5be8-18d8-4ccf-afb6-b33e2e7f97e0/host
Jun 20 03:17:40 gtw01 dnsmasq-dhcp[22123]: read /var/lib/neutron/dhcp/a53c5be8-18d8-4ccf-afb6-b33e2e7f97e0/opts
Jun 20 03:17:40 gtw01 dnsmasq[21924]: read /var/lib/neutron/dhcp/267aa65d-5923-4b07-913d-fd22539ec21d/addn_hosts - 1 addresses
Jun 20 03:17:40 gtw01 dnsmasq-dhcp[21924]: read /var/lib/neutron/dhcp/267aa65d-5923-4b07-913d-fd22539ec21d/host
Jun 20 03:17:40 gtw01 dnsmasq-dhcp[21924]: read /var/lib/neutron/dhcp/267aa65d-5923-4b07-913d-fd22539ec21d/opts
Jun 20 03:17:40 gtw01 dnsmasq[22132]: started, version 2.80 cachesize 150
Jun 20 03:17:40 gtw01 dnsmasq[22132]: DNS service limited to local subnets
Jun 20 03:17:40 gtw01 dnsmasq[22132]: compile time options: IPv6 GNU-getopt DBus i18n IDN DHCP DHCPv6 no-Lua TFTP conntrack ipset auth DNSSEC loop-detect inotify dumpfile
Jun 20 03:17:40 gtw01 dnsmasq[22132]: warning: no upstream servers configured
Jun 20 03:17:40 gtw01 dnsmasq-dhcp[22132]: DHCP, static leases only on 10.11.12.0, lease time 1h
Jun 20 03:17:40 gtw01 dnsmasq[22132]: read /var/lib/neutron/dhcp/6ce37ff1-0414-4df9-8e94-75eaac59b60c/addn_hosts - 1 addresses
Jun 20 03:17:40 gtw01 dnsmasq-dhcp[22132]: read /var/lib/neutron/dhcp/6ce37ff1-0414-4df9-8e94-75eaac59b60c/host
Jun 20 03:17:40 gtw01 dnsmasq-dhcp[22132]: read /var/lib/neutron/dhcp/6ce37ff1-0414-4df9-8e94-75eaac59b60c/opts
Jun 20 03:17:40 gtw01 haproxy-metadata-proxy-a53c5be8-18d8-4ccf-afb6-b33e2e7f97e0[22140]: Proxy listener started.
Jun 20 03:17:40 gtw01 haproxy-metadata-proxy-6ce37ff1-0414-4df9-8e94-75eaac59b60c[22146]: Proxy listener started.
Jun 20 03:17:40 gtw01 dnsmasq[21759]: read /var/lib/neutron/dhcp/db210427-ac9c-4728-a213-0e770bdabdcd/addn_hosts - 1 addresses
Jun 20 03:17:40 gtw01 dnsmasq-dhcp[21759]: read /var/lib/neutron/dhcp/db210427-ac9c-4728-a213-0e770bdabdcd/host
Jun 20 03:17:40 gtw01 dnsmasq-dhcp[21759]: read /var/lib/neutron/dhcp/db210427-ac9c-4728-a213-0e770bdabdcd/opts
Jun 20 03:17:41 gtw01 dnsmasq[21924]: read /var/lib/neutron/dhcp/267aa65d-5923-4b07-913d-fd22539ec21d/addn_hosts - 1 addresses
Jun 20 03:17:41 gtw01 dnsmasq-dhcp[21924]: read /var/lib/neutron/dhcp/267aa65d-5923-4b07-913d-fd22539ec21d/host
Jun 20 03:17:41 gtw01 dnsmasq-dhcp[21924]: read /var/lib/neutron/dhcp/267aa65d-5923-4b07-913d-fd22539ec21d/opts
Jun 20 03:17:41 gtw01 dnsmasq[22123]: read /var/lib/neutron/dhcp/a53c5be8-18d8-4ccf-afb6-b33e2e7f97e0/addn_hosts - 1 addresses
Jun 20 03:17:41 gtw01 dnsmasq-dhcp[22123]: read /var/lib/neutron/dhcp/a53c5be8-18d8-4ccf-afb6-b33e2e7f97e0/host
Jun 20 03:17:41 gtw01 dnsmasq-dhcp[22123]: read /var/lib/neutron/dhcp/a53c5be8-18d8-4ccf-afb6-b33e2e7f97e0/opts
Jun 20 03:17:41 gtw01 dnsmasq[22132]: read /var/lib/neutron/dhcp/6ce37ff1-0414-4df9-8e94-75eaac59b60c/addn_hosts - 1 addresses
Jun 20 03:17:41 gtw01 dnsmasq-dhcp[22132]: read /var/lib/neutron/dhcp/6ce37ff1-0414-4df9-8e94-75eaac59b60c/host
Jun 20 03:17:41 gtw01 dnsmasq-dhcp[22132]: read /var/lib/neutron/dhcp/6ce37ff1-0414-4df9-8e94-75eaac59b60c/opts
Jun 20 03:17:41 gtw01 kernel: [ 3263.592180] device tap9b60eaa8-fd left promiscuous mode
Jun 20 03:17:42 gtw01 systemd-udevd[22277]: Could not generate persistent MAC address for tap2118229f-46: No such file or directory
Jun 20 03:17:42 gtw01 kernel: [ 3263.952638] device tap2118229f-46 entered promiscuous mode
Jun 20 03:17:42 gtw01 systemd-udevd[22277]: Process '/sbin/ip link set tap2118229f-46 txqueuelen 10000' failed with exit code 1.
Jun 20 03:17:42 gtw01 systemd-udevd[22358]: Process '/sbin/ip link set tap2118229f-46 txqueuelen 10000' failed with exit code 1.
Jun 20 03:17:42 gtw01 dnsmasq[21924]: read /var/lib/neutron/dhcp/267aa65d-5923-4b07-913d-fd22539ec21d/addn_hosts - 1 addresses
Jun 20 03:17:42 gtw01 dnsmasq-dhcp[21924]: read /var/lib/neutron/dhcp/267aa65d-5923-4b07-913d-fd22539ec21d/host
Jun 20 03:17:42 gtw01 dnsmasq-dhcp[21924]: read /var/lib/neutron/dhcp/267aa65d-5923-4b07-913d-fd22539ec21d/opts
Jun 20 03:17:42 gtw01 dnsmasq[22123]: read /var/lib/neutron/dhcp/a53c5be8-18d8-4ccf-afb6-b33e2e7f97e0/addn_hosts - 1 addresses
Jun 20 03:17:42 gtw01 dnsmasq-dhcp[22123]: read /var/lib/neutron/dhcp/a53c5be8-18d8-4ccf-afb6-b33e2e7f97e0/host
Jun 20 03:17:42 gtw01 dnsmasq-dhcp[22123]: read /var/lib/neutron/dhcp/a53c5be8-18d8-4ccf-afb6-b33e2e7f97e0/opts
Jun 20 03:17:43 gtw01 dnsmasq[22132]: read /var/lib/neutron/dhcp/6ce37ff1-0414-4df9-8e94-75eaac59b60c/addn_hosts - 1 addresses
Jun 20 03:17:43 gtw01 dnsmasq-dhcp[22132]: read /var/lib/neutron/dhcp/6ce37ff1-0414-4df9-8e94-75eaac59b60c/host
Jun 20 03:17:43 gtw01 dnsmasq-dhcp[22132]: read /var/lib/neutron/dhcp/6ce37ff1-0414-4df9-8e94-75eaac59b60c/opts
Jun 20 03:17:43 gtw01 dnsmasq[22486]: started, version 2.80 cachesize 150
Jun 20 03:17:43 gtw01 dnsmasq[22486]: DNS service limited to local subnets
Jun 20 03:17:43 gtw01 dnsmasq[22486]: compile time options: IPv6 GNU-getopt DBus i18n IDN DHCP DHCPv6 no-Lua TFTP conntrack ipset auth DNSSEC loop-detect inotify dumpfile
Jun 20 03:17:43 gtw01 dnsmasq[22486]: warning: no upstream servers configured
Jun 20 03:17:43 gtw01 dnsmasq-dhcp[22486]: DHCP, static leases only on 10.11.12.0, lease time 1h
Jun 20 03:17:43 gtw01 dnsmasq[22486]: read /var/lib/neutron/dhcp/f360170e-455f-487f-95ad-c464d18cfac1/addn_hosts - 1 addresses
Jun 20 03:17:43 gtw01 dnsmasq-dhcp[22486]: read /var/lib/neutron/dhcp/f360170e-455f-487f-95ad-c464d18cfac1/host
Jun 20 03:17:43 gtw01 dnsmasq-dhcp[22486]: read /var/lib/neutron/dhcp/f360170e-455f-487f-95ad-c464d18cfac1/opts
Jun 20 03:17:44 gtw01 dnsmasq[22123]: read /var/lib/neutron/dhcp/a53c5be8-18d8-4ccf-afb6-b33e2e7f97e0/addn_hosts - 1 addresses
Jun 20 03:17:44 gtw01 dnsmasq-dhcp[22123]: read /var/lib/neutron/dhcp/a53c5be8-18d8-4ccf-afb6-b33e2e7f97e0/host
Jun 20 03:17:44 gtw01 dnsmasq-dhcp[22123]: read /var/lib/neutron/dhcp/a53c5be8-18d8-4ccf-afb6-b33e2e7f97e0/opts
Jun 20 03:17:44 gtw01 kernel: [ 3265.748561] device tap142e42c8-cb left promiscuous mode
Jun 20 03:17:44 gtw01 haproxy-metadata-proxy-f360170e-455f-487f-95ad-c464d18cfac1[22504]: Proxy listener started.
Jun 20 03:17:44 gtw01 dnsmasq[22132]: read /var/lib/neutron/dhcp/6ce37ff1-0414-4df9-8e94-75eaac59b60c/addn_hosts - 1 addresses
Jun 20 03:17:44 gtw01 dnsmasq-dhcp[22132]: read /var/lib/neutron/dhcp/6ce37ff1-0414-4df9-8e94-75eaac59b60c/host
Jun 20 03:17:44 gtw01 dnsmasq-dhcp[22132]: read /var/lib/neutron/dhcp/6ce37ff1-0414-4df9-8e94-75eaac59b60c/opts
Jun 20 03:17:44 gtw01 kernel: [ 3266.546957] device tap85466308-d4 left promiscuous mode
Jun 20 03:17:45 gtw01 dnsmasq[22486]: read /var/lib/neutron/dhcp/f360170e-455f-487f-95ad-c464d18cfac1/addn_hosts - 1 addresses
Jun 20 03:17:45 gtw01 dnsmasq-dhcp[22486]: read /var/lib/neutron/dhcp/f360170e-455f-487f-95ad-c464d18cfac1/host
Jun 20 03:17:45 gtw01 dnsmasq-dhcp[22486]: read /var/lib/neutron/dhcp/f360170e-455f-487f-95ad-c464d18cfac1/opts
Jun 20 03:17:45 gtw01 kernel: [ 3267.101283] device tap73a65562-4b left promiscuous mode
Jun 20 03:17:46 gtw01 dnsmasq[22486]: read /var/lib/neutron/dhcp/f360170e-455f-487f-95ad-c464d18cfac1/addn_hosts - 1 addresses
Jun 20 03:17:46 gtw01 dnsmasq-dhcp[22486]: read /var/lib/neutron/dhcp/f360170e-455f-487f-95ad-c464d18cfac1/host
Jun 20 03:17:46 gtw01 dnsmasq-dhcp[22486]: read /var/lib/neutron/dhcp/f360170e-455f-487f-95ad-c464d18cfac1/opts
Jun 20 03:17:46 gtw01 dnsmasq[22642]: started, version 2.80 cachesize 150
Jun 20 03:17:46 gtw01 dnsmasq[22642]: DNS service limited to local subnets
Jun 20 03:17:46 gtw01 dnsmasq[22642]: compile time options: IPv6 GNU-getopt DBus i18n IDN DHCP DHCPv6 no-Lua TFTP conntrack ipset auth DNSSEC loop-detect inotify dumpfile
Jun 20 03:17:46 gtw01 dnsmasq[22642]: warning: no upstream servers configured
Jun 20 03:17:46 gtw01 dnsmasq-dhcp[22642]: DHCP, static leases only on 192.168.120.32, lease time 1h
Jun 20 03:17:46 gtw01 dnsmasq[22642]: read /var/lib/neutron/dhcp/0fb1c2b8-0e2d-42ef-b89f-cd0b6754e3e3/addn_hosts - 1 addresses
Jun 20 03:17:46 gtw01 dnsmasq-dhcp[22642]: read /var/lib/neutron/dhcp/0fb1c2b8-0e2d-42ef-b89f-cd0b6754e3e3/host
Jun 20 03:17:46 gtw01 dnsmasq-dhcp[22642]: read /var/lib/neutron/dhcp/0fb1c2b8-0e2d-42ef-b89f-cd0b6754e3e3/opts
Jun 20 03:17:46 gtw01 haproxy-metadata-proxy-0fb1c2b8-0e2d-42ef-b89f-cd0b6754e3e3[22658]: Proxy listener started.
Jun 20 03:17:46 gtw01 kernel: [ 3268.268136] device tap9e3c3725-36 left promiscuous mode
Jun 20 03:17:46 gtw01 dnsmasq[22486]: read /var/lib/neutron/dhcp/f360170e-455f-487f-95ad-c464d18cfac1/addn_hosts - 1 addresses
Jun 20 03:17:46 gtw01 dnsmasq-dhcp[22486]: read /var/lib/neutron/dhcp/f360170e-455f-487f-95ad-c464d18cfac1/host
Jun 20 03:17:46 gtw01 dnsmasq-dhcp[22486]: read /var/lib/neutron/dhcp/f360170e-455f-487f-95ad-c464d18cfac1/opts
Jun 20 03:17:47 gtw01 dnsmasq-dhcp[22642]: DHCPRELEASE(tap2118229f-46) 192.168.120.34 fa:16:3e:51:36:55
Jun 20 03:17:48 gtw01 dnsmasq[22642]: read /var/lib/neutron/dhcp/0fb1c2b8-0e2d-42ef-b89f-cd0b6754e3e3/addn_hosts - 0 addresses
Jun 20 03:17:48 gtw01 dnsmasq-dhcp[22642]: read /var/lib/neutron/dhcp/0fb1c2b8-0e2d-42ef-b89f-cd0b6754e3e3/host
Jun 20 03:17:48 gtw01 dnsmasq-dhcp[22642]: read /var/lib/neutron/dhcp/0fb1c2b8-0e2d-42ef-b89f-cd0b6754e3e3/opts
Jun 20 03:17:48 gtw01 kernel: [ 3270.110771] device tap334cab0a-28 left promiscuous mode
Jun 20 03:17:49 gtw01 kernel: [ 3271.133117] device tap2118229f-46 left promiscuous mode
Jun 20 03:18:00 gtw01 kernel: [ 3282.103888] device tap98ff2dbf-f6 entered promiscuous mode
Jun 20 03:18:00 gtw01 systemd-udevd[22819]: Could not generate persistent MAC address for tap98ff2dbf-f6: No such file or directory
Jun 20 03:18:00 gtw01 systemd-udevd[22819]: Process '/sbin/ip link set tap98ff2dbf-f6 txqueuelen 10000' failed with exit code 1.
Jun 20 03:18:00 gtw01 systemd-udevd[22819]: Process '/sbin/ip link set tap98ff2dbf-f6 txqueuelen 10000' failed with exit code 1.
Jun 20 03:18:03 gtw01 dnsmasq[22995]: started, version 2.80 cachesize 150
Jun 20 03:18:03 gtw01 dnsmasq[22995]: DNS service limited to local subnets
Jun 20 03:18:03 gtw01 dnsmasq[22995]: compile time options: IPv6 GNU-getopt DBus i18n IDN DHCP DHCPv6 no-Lua TFTP conntrack ipset auth DNSSEC loop-detect inotify dumpfile
Jun 20 03:18:03 gtw01 dnsmasq[22995]: warning: no upstream servers configured
Jun 20 03:18:03 gtw01 dnsmasq-dhcp[22995]: DHCPv6, static leases only on 2001:db8:3::, lease time 1h
Jun 20 03:18:03 gtw01 dnsmasq[22995]: read /var/lib/neutron/dhcp/eead3844-03f5-468f-a2a2-6b631b49a056/addn_hosts - 1 addresses
Jun 20 03:18:03 gtw01 dnsmasq-dhcp[22995]: read /var/lib/neutron/dhcp/eead3844-03f5-468f-a2a2-6b631b49a056/host
Jun 20 03:18:03 gtw01 dnsmasq-dhcp[22995]: read /var/lib/neutron/dhcp/eead3844-03f5-468f-a2a2-6b631b49a056/opts
Jun 20 03:18:03 gtw01 kernel: [ 3285.302356] device tap5c0e2c7a-f4 entered promiscuous mode
Jun 20 03:18:03 gtw01 systemd-udevd[22999]: Could not generate persistent MAC address for tap5c0e2c7a-f4: No such file or directory
Jun 20 03:18:03 gtw01 systemd-udevd[22999]: Process '/sbin/ip link set tap5c0e2c7a-f4 txqueuelen 10000' failed with exit code 1.
Jun 20 03:18:03 gtw01 systemd-udevd[23073]: Process '/sbin/ip link set tap5c0e2c7a-f4 txqueuelen 10000' failed with exit code 1.
Jun 20 03:18:05 gtw01 kernel: [ 3286.697063] device tap8af0deef-1a entered promiscuous mode
Jun 20 03:18:05 gtw01 systemd-udevd[23131]: Could not generate persistent MAC address for tap8af0deef-1a: No such file or directory
Jun 20 03:18:05 gtw01 systemd-udevd[23131]: Process '/sbin/ip link set tap8af0deef-1a txqueuelen 10000' failed with exit code 1.
Jun 20 03:18:05 gtw01 systemd-udevd[23207]: Process '/sbin/ip link set tap8af0deef-1a txqueuelen 10000' failed with exit code 1.
Jun 20 03:18:06 gtw01 dnsmasq[23338]: started, version 2.80 cachesize 150
Jun 20 03:18:06 gtw01 dnsmasq[23338]: DNS service limited to local subnets
Jun 20 03:18:06 gtw01 dnsmasq[23338]: compile time options: IPv6 GNU-getopt DBus i18n IDN DHCP DHCPv6 no-Lua TFTP conntrack ipset auth DNSSEC loop-detect inotify dumpfile
Jun 20 03:18:06 gtw01 dnsmasq[23338]: warning: no upstream servers configured
Jun 20 03:18:06 gtw01 dnsmasq-dhcp[23338]: DHCPv6, static leases only on 2001:db8:3::, lease time 1h
Jun 20 03:18:06 gtw01 dnsmasq[23338]: read /var/lib/neutron/dhcp/e774ba92-772e-4d22-a095-99f1944abab3/addn_hosts - 1 addresses
Jun 20 03:18:06 gtw01 dnsmasq-dhcp[23338]: read /var/lib/neutron/dhcp/e774ba92-772e-4d22-a095-99f1944abab3/host
Jun 20 03:18:06 gtw01 dnsmasq-dhcp[23338]: read /var/lib/neutron/dhcp/e774ba92-772e-4d22-a095-99f1944abab3/opts
Jun 20 03:18:07 gtw01 dnsmasq[23369]: started, version 2.80 cachesize 150
Jun 20 03:18:07 gtw01 dnsmasq[23369]: DNS service limited to local subnets
Jun 20 03:18:07 gtw01 dnsmasq[23369]: compile time options: IPv6 GNU-getopt DBus i18n IDN DHCP DHCPv6 no-Lua TFTP conntrack ipset auth DNSSEC loop-detect inotify dumpfile
Jun 20 03:18:07 gtw01 dnsmasq[23369]: warning: no upstream servers configured
Jun 20 03:18:07 gtw01 dnsmasq-dhcp[23369]: DHCP, static leases only on 192.168.0.0, lease time 1h
Jun 20 03:18:07 gtw01 dnsmasq-dhcp[23369]: DHCPv6, static leases only on 2001:db8:3::, lease time 1h
Jun 20 03:18:07 gtw01 dnsmasq[23369]: read /var/lib/neutron/dhcp/eead3844-03f5-468f-a2a2-6b631b49a056/addn_hosts - 2 addresses
Jun 20 03:18:07 gtw01 dnsmasq-dhcp[23369]: read /var/lib/neutron/dhcp/eead3844-03f5-468f-a2a2-6b631b49a056/host
Jun 20 03:18:07 gtw01 dnsmasq-dhcp[23369]: read /var/lib/neutron/dhcp/eead3844-03f5-468f-a2a2-6b631b49a056/opts
Jun 20 03:18:07 gtw01 haproxy-metadata-proxy-eead3844-03f5-468f-a2a2-6b631b49a056[23384]: Proxy listener started.
Jun 20 03:18:07 gtw01 kernel: [ 3289.333263] device tap4b39e167-66 entered promiscuous mode
Jun 20 03:18:07 gtw01 systemd-udevd[23396]: Could not generate persistent MAC address for tap4b39e167-66: No such file or directory
Jun 20 03:18:07 gtw01 systemd-udevd[23396]: Process '/sbin/ip link set tap4b39e167-66 txqueuelen 10000' failed with exit code 1.
Jun 20 03:18:07 gtw01 systemd-udevd[23396]: Process '/sbin/ip link set tap4b39e167-66 txqueuelen 10000' failed with exit code 1.
Jun 20 03:18:07 gtw01 dnsmasq[23338]: read /var/lib/neutron/dhcp/e774ba92-772e-4d22-a095-99f1944abab3/addn_hosts - 1 addresses
Jun 20 03:18:07 gtw01 dnsmasq-dhcp[23338]: read /var/lib/neutron/dhcp/e774ba92-772e-4d22-a095-99f1944abab3/host
Jun 20 03:18:07 gtw01 dnsmasq-dhcp[23338]: read /var/lib/neutron/dhcp/e774ba92-772e-4d22-a095-99f1944abab3/opts
Jun 20 03:18:08 gtw01 dnsmasq[23369]: read /var/lib/neutron/dhcp/eead3844-03f5-468f-a2a2-6b631b49a056/addn_hosts - 2 addresses
Jun 20 03:18:08 gtw01 dnsmasq-dhcp[23369]: read /var/lib/neutron/dhcp/eead3844-03f5-468f-a2a2-6b631b49a056/host
Jun 20 03:18:08 gtw01 dnsmasq-dhcp[23369]: read /var/lib/neutron/dhcp/eead3844-03f5-468f-a2a2-6b631b49a056/opts
Jun 20 03:18:08 gtw01 dnsmasq[23543]: started, version 2.80 cachesize 150
Jun 20 03:18:08 gtw01 dnsmasq[23543]: DNS service limited to local subnets
Jun 20 03:18:08 gtw01 dnsmasq[23543]: compile time options: IPv6 GNU-getopt DBus i18n IDN DHCP DHCPv6 no-Lua TFTP conntrack ipset auth DNSSEC loop-detect inotify dumpfile
Jun 20 03:18:08 gtw01 dnsmasq[23543]: warning: no upstream servers configured
Jun 20 03:18:08 gtw01 dnsmasq-dhcp[23543]: DHCPv6, static leases only on 2001:db8:3::, lease time 1h
Jun 20 03:18:08 gtw01 dnsmasq[23543]: read /var/lib/neutron/dhcp/1ca0fe61-7cfe-4b45-9512-f44d142fad1a/addn_hosts - 1 addresses
Jun 20 03:18:08 gtw01 dnsmasq-dhcp[23543]: read /var/lib/neutron/dhcp/1ca0fe61-7cfe-4b45-9512-f44d142fad1a/host
Jun 20 03:18:08 gtw01 dnsmasq-dhcp[23543]: read /var/lib/neutron/dhcp/1ca0fe61-7cfe-4b45-9512-f44d142fad1a/opts
Jun 20 03:18:08 gtw01 dnsmasq[23338]: read /var/lib/neutron/dhcp/e774ba92-772e-4d22-a095-99f1944abab3/addn_hosts - 1 addresses
Jun 20 03:18:08 gtw01 dnsmasq-dhcp[23338]: read /var/lib/neutron/dhcp/e774ba92-772e-4d22-a095-99f1944abab3/host
Jun 20 03:18:08 gtw01 dnsmasq-dhcp[23338]: read /var/lib/neutron/dhcp/e774ba92-772e-4d22-a095-99f1944abab3/opts
Jun 20 03:18:09 gtw01 dnsmasq[23543]: read /var/lib/neutron/dhcp/1ca0fe61-7cfe-4b45-9512-f44d142fad1a/addn_hosts - 1 addresses
Jun 20 03:18:09 gtw01 dnsmasq-dhcp[23543]: read /var/lib/neutron/dhcp/1ca0fe61-7cfe-4b45-9512-f44d142fad1a/host
Jun 20 03:18:09 gtw01 dnsmasq-dhcp[23543]: read /var/lib/neutron/dhcp/1ca0fe61-7cfe-4b45-9512-f44d142fad1a/opts
Jun 20 03:18:09 gtw01 dnsmasq[23369]: read /var/lib/neutron/dhcp/eead3844-03f5-468f-a2a2-6b631b49a056/addn_hosts - 2 addresses
Jun 20 03:18:09 gtw01 dnsmasq-dhcp[23369]: read /var/lib/neutron/dhcp/eead3844-03f5-468f-a2a2-6b631b49a056/host
Jun 20 03:18:09 gtw01 dnsmasq-dhcp[23369]: read /var/lib/neutron/dhcp/eead3844-03f5-468f-a2a2-6b631b49a056/opts
Jun 20 03:18:09 gtw01 dnsmasq[23338]: read /var/lib/neutron/dhcp/e774ba92-772e-4d22-a095-99f1944abab3/addn_hosts - 1 addresses
Jun 20 03:18:09 gtw01 dnsmasq-dhcp[23338]: read /var/lib/neutron/dhcp/e774ba92-772e-4d22-a095-99f1944abab3/host
Jun 20 03:18:09 gtw01 dnsmasq-dhcp[23338]: read /var/lib/neutron/dhcp/e774ba92-772e-4d22-a095-99f1944abab3/opts
Jun 20 03:18:10 gtw01 dnsmasq[23543]: read /var/lib/neutron/dhcp/1ca0fe61-7cfe-4b45-9512-f44d142fad1a/addn_hosts - 1 addresses
Jun 20 03:18:10 gtw01 dnsmasq-dhcp[23543]: read /var/lib/neutron/dhcp/1ca0fe61-7cfe-4b45-9512-f44d142fad1a/host
Jun 20 03:18:10 gtw01 dnsmasq-dhcp[23543]: read /var/lib/neutron/dhcp/1ca0fe61-7cfe-4b45-9512-f44d142fad1a/opts
Jun 20 03:18:10 gtw01 systemd-udevd[23700]: Could not generate persistent MAC address for tapede999aa-b5: No such file or directory
Jun 20 03:18:10 gtw01 kernel: [ 3292.501731] device tapede999aa-b5 entered promiscuous mode
Jun 20 03:18:10 gtw01 systemd-udevd[23700]: Process '/sbin/ip link set tapede999aa-b5 txqueuelen 10000' failed with exit code 1.
Jun 20 03:18:10 gtw01 systemd-udevd[23779]: Process '/sbin/ip link set tapede999aa-b5 txqueuelen 10000' failed with exit code 1.
Jun 20 03:18:11 gtw01 dnsmasq[23543]: read /var/lib/neutron/dhcp/1ca0fe61-7cfe-4b45-9512-f44d142fad1a/addn_hosts - 1 addresses
Jun 20 03:18:11 gtw01 dnsmasq-dhcp[23543]: read /var/lib/neutron/dhcp/1ca0fe61-7cfe-4b45-9512-f44d142fad1a/host
Jun 20 03:18:11 gtw01 dnsmasq-dhcp[23543]: read /var/lib/neutron/dhcp/1ca0fe61-7cfe-4b45-9512-f44d142fad1a/opts
Jun 20 03:18:11 gtw01 dnsmasq[23831]: started, version 2.80 cachesize 150
Jun 20 03:18:11 gtw01 dnsmasq[23831]: DNS service limited to local subnets
Jun 20 03:18:11 gtw01 dnsmasq[23831]: compile time options: IPv6 GNU-getopt DBus i18n IDN DHCP DHCPv6 no-Lua TFTP conntrack ipset auth DNSSEC loop-detect inotify dumpfile
Jun 20 03:18:11 gtw01 dnsmasq[23831]: warning: no upstream servers configured
Jun 20 03:18:11 gtw01 dnsmasq-dhcp[23831]: DHCPv6, static leases only on 2001:db8:3::, lease time 1h
Jun 20 03:18:11 gtw01 dnsmasq[23831]: read /var/lib/neutron/dhcp/e65aa2aa-d9ee-4a9a-b3b6-1afd34d9869d/addn_hosts - 1 addresses
Jun 20 03:18:11 gtw01 dnsmasq-dhcp[23831]: read /var/lib/neutron/dhcp/e65aa2aa-d9ee-4a9a-b3b6-1afd34d9869d/host
Jun 20 03:18:11 gtw01 dnsmasq-dhcp[23831]: read /var/lib/neutron/dhcp/e65aa2aa-d9ee-4a9a-b3b6-1afd34d9869d/opts
Jun 20 03:18:11 gtw01 kernel: [ 3293.419834] device tap98ff2dbf-f6 left promiscuous mode
Jun 20 03:18:12 gtw01 dnsmasq[23831]: read /var/lib/neutron/dhcp/e65aa2aa-d9ee-4a9a-b3b6-1afd34d9869d/addn_hosts - 1 addresses
Jun 20 03:18:12 gtw01 dnsmasq-dhcp[23831]: read /var/lib/neutron/dhcp/e65aa2aa-d9ee-4a9a-b3b6-1afd34d9869d/host
Jun 20 03:18:12 gtw01 dnsmasq-dhcp[23831]: read /var/lib/neutron/dhcp/e65aa2aa-d9ee-4a9a-b3b6-1afd34d9869d/opts
Jun 20 03:18:13 gtw01 dnsmasq[23831]: read /var/lib/neutron/dhcp/e65aa2aa-d9ee-4a9a-b3b6-1afd34d9869d/addn_hosts - 1 addresses
Jun 20 03:18:13 gtw01 dnsmasq-dhcp[23831]: read /var/lib/neutron/dhcp/e65aa2aa-d9ee-4a9a-b3b6-1afd34d9869d/host
Jun 20 03:18:13 gtw01 dnsmasq-dhcp[23831]: read /var/lib/neutron/dhcp/e65aa2aa-d9ee-4a9a-b3b6-1afd34d9869d/opts
Jun 20 03:18:14 gtw01 dnsmasq[23945]: started, version 2.80 cachesize 150
Jun 20 03:18:14 gtw01 dnsmasq[23945]: DNS service limited to local subnets
Jun 20 03:18:14 gtw01 dnsmasq[23945]: compile time options: IPv6 GNU-getopt DBus i18n IDN DHCP DHCPv6 no-Lua TFTP conntrack ipset auth DNSSEC loop-detect inotify dumpfile
Jun 20 03:18:14 gtw01 dnsmasq[23945]: warning: no upstream servers configured
Jun 20 03:18:14 gtw01 dnsmasq-dhcp[23945]: DHCPv6, static leases only on 2001:db8:3::, lease time 1h
Jun 20 03:18:14 gtw01 dnsmasq[23945]: read /var/lib/neutron/dhcp/66298d2c-4236-446a-a59c-6b797e6e145b/addn_hosts - 1 addresses
Jun 20 03:18:14 gtw01 dnsmasq-dhcp[23945]: read /var/lib/neutron/dhcp/66298d2c-4236-446a-a59c-6b797e6e145b/host
Jun 20 03:18:14 gtw01 dnsmasq-dhcp[23945]: read /var/lib/neutron/dhcp/66298d2c-4236-446a-a59c-6b797e6e145b/opts
Jun 20 03:18:14 gtw01 dnsmasq[23831]: read /var/lib/neutron/dhcp/e65aa2aa-d9ee-4a9a-b3b6-1afd34d9869d/addn_hosts - 1 addresses
Jun 20 03:18:14 gtw01 dnsmasq-dhcp[23831]: read /var/lib/neutron/dhcp/e65aa2aa-d9ee-4a9a-b3b6-1afd34d9869d/host
Jun 20 03:18:14 gtw01 dnsmasq-dhcp[23831]: read /var/lib/neutron/dhcp/e65aa2aa-d9ee-4a9a-b3b6-1afd34d9869d/opts
Jun 20 03:18:14 gtw01 dnsmasq[23945]: read /var/lib/neutron/dhcp/66298d2c-4236-446a-a59c-6b797e6e145b/addn_hosts - 1 addresses
Jun 20 03:18:14 gtw01 dnsmasq-dhcp[23945]: read /var/lib/neutron/dhcp/66298d2c-4236-446a-a59c-6b797e6e145b/host
Jun 20 03:18:14 gtw01 dnsmasq-dhcp[23945]: read /var/lib/neutron/dhcp/66298d2c-4236-446a-a59c-6b797e6e145b/opts
Jun 20 03:18:15 gtw01 kernel: [ 3296.886488] device tap5c0e2c7a-f4 left promiscuous mode
Jun 20 03:18:15 gtw01 dnsmasq[23945]: read /var/lib/neutron/dhcp/66298d2c-4236-446a-a59c-6b797e6e145b/addn_hosts - 1 addresses
Jun 20 03:18:15 gtw01 dnsmasq-dhcp[23945]: read /var/lib/neutron/dhcp/66298d2c-4236-446a-a59c-6b797e6e145b/host
Jun 20 03:18:15 gtw01 dnsmasq-dhcp[23945]: read /var/lib/neutron/dhcp/66298d2c-4236-446a-a59c-6b797e6e145b/opts
Jun 20 03:18:16 gtw01 dnsmasq[23945]: read /var/lib/neutron/dhcp/66298d2c-4236-446a-a59c-6b797e6e145b/addn_hosts - 1 addresses
Jun 20 03:18:16 gtw01 dnsmasq-dhcp[23945]: read /var/lib/neutron/dhcp/66298d2c-4236-446a-a59c-6b797e6e145b/host
Jun 20 03:18:16 gtw01 dnsmasq-dhcp[23945]: read /var/lib/neutron/dhcp/66298d2c-4236-446a-a59c-6b797e6e145b/opts
Jun 20 03:18:17 gtw01 kernel: [ 3299.039749] device tap8af0deef-1a left promiscuous mode
Jun 20 03:18:19 gtw01 kernel: [ 3301.315018] device tap4b39e167-66 left promiscuous mode
Jun 20 03:18:22 gtw01 kernel: [ 3303.716147] device tapede999aa-b5 left promiscuous mode
Jun 20 03:18:58 gtw01 dnsmasq[1588]: read /var/lib/neutron/dhcp/58eb6afc-afab-40dc-8c66-fc809d93f877/addn_hosts - 1 addresses
Jun 20 03:18:58 gtw01 dnsmasq-dhcp[1588]: read /var/lib/neutron/dhcp/58eb6afc-afab-40dc-8c66-fc809d93f877/host
Jun 20 03:18:58 gtw01 dnsmasq-dhcp[1588]: read /var/lib/neutron/dhcp/58eb6afc-afab-40dc-8c66-fc809d93f877/opts
Jun 20 03:18:59 gtw01 haproxy-metadata-proxy-58eb6afc-afab-40dc-8c66-fc809d93f877[24192]: Proxy listener started.
Jun 20 03:19:04 gtw01 kernel: [ 3345.771702] device qr-bb9a96b2-5b left promiscuous mode
Jun 20 03:19:07 gtw01 kernel: [ 3349.117833] device qg-ab7d8e42-3a left promiscuous mode
Jun 20 03:19:08 gtw01 kernel: [ 3349.842982] device tap58e1af88-78 left promiscuous mode
Jun 20 03:19:17 gtw01 systemd-udevd[24339]: Could not generate persistent MAC address for tapb6ae3b85-13: No such file or directory
Jun 20 03:19:17 gtw01 kernel: [ 3359.149304] device tapb6ae3b85-13 entered promiscuous mode
Jun 20 03:19:17 gtw01 systemd-udevd[24339]: Process '/sbin/ip link set tapb6ae3b85-13 txqueuelen 10000' failed with exit code 1.
Jun 20 03:19:17 gtw01 systemd-udevd[24412]: Process '/sbin/ip link set tapb6ae3b85-13 txqueuelen 10000' failed with exit code 1.
Jun 20 03:19:20 gtw01 systemd-udevd[24514]: Could not generate persistent MAC address for qg-725f921e-3d: No such file or directory
Jun 20 03:19:20 gtw01 kernel: [ 3362.149076] device qg-725f921e-3d entered promiscuous mode
Jun 20 03:19:20 gtw01 dnsmasq[24598]: started, version 2.80 cachesize 150
Jun 20 03:19:20 gtw01 dnsmasq[24598]: DNS service limited to local subnets
Jun 20 03:19:20 gtw01 dnsmasq[24598]: compile time options: IPv6 GNU-getopt DBus i18n IDN DHCP DHCPv6 no-Lua TFTP conntrack ipset auth DNSSEC loop-detect inotify dumpfile
Jun 20 03:19:20 gtw01 dnsmasq[24598]: warning: no upstream servers configured
Jun 20 03:19:20 gtw01 dnsmasq-dhcp[24598]: DHCP, static leases only on 192.168.120.0, lease time 1h
Jun 20 03:19:20 gtw01 dnsmasq[24598]: read /var/lib/neutron/dhcp/61274e71-af88-4f41-be30-efa6b71f4b3c/addn_hosts - 1 addresses
Jun 20 03:19:20 gtw01 dnsmasq-dhcp[24598]: read /var/lib/neutron/dhcp/61274e71-af88-4f41-be30-efa6b71f4b3c/host
Jun 20 03:19:20 gtw01 dnsmasq-dhcp[24598]: read /var/lib/neutron/dhcp/61274e71-af88-4f41-be30-efa6b71f4b3c/opts
Jun 20 03:19:20 gtw01 haproxy-metadata-proxy-61274e71-af88-4f41-be30-efa6b71f4b3c[24607]: Proxy listener started.
Jun 20 03:19:21 gtw01 dnsmasq[24598]: read /var/lib/neutron/dhcp/61274e71-af88-4f41-be30-efa6b71f4b3c/addn_hosts - 2 addresses
Jun 20 03:19:21 gtw01 dnsmasq-dhcp[24598]: read /var/lib/neutron/dhcp/61274e71-af88-4f41-be30-efa6b71f4b3c/host
