Jun 20 05:01:50 gtw01 dnsmasq-dhcp[2988]: read /var/lib/neutron/dhcp/fd826067-90ba-4200-ae91-d8b7197cd918/opts
Jun 20 05:01:50 gtw01 kernel: [ 9512.125834] device tap080aaa3e-a7 entered promiscuous mode
Jun 20 05:01:50 gtw01 systemd-udevd[3369]: Could not generate persistent MAC address for tap080aaa3e-a7: No such file or directory
Jun 20 05:01:50 gtw01 systemd-udevd[3369]: Process '/sbin/ip link set tap080aaa3e-a7 txqueuelen 10000' failed with exit code 1.
Jun 20 05:01:50 gtw01 haproxy-metadata-proxy-52a990c6-4437-405f-a767-f70fe67eb0dd[3440]: Proxy listener started.
Jun 20 05:01:50 gtw01 systemd-udevd[3369]: Process '/sbin/ip link set tap080aaa3e-a7 txqueuelen 10000' failed with exit code 1.
Jun 20 05:01:50 gtw01 dnsmasq[3473]: started, version 2.80 cachesize 150
Jun 20 05:01:50 gtw01 dnsmasq[3473]: DNS service limited to local subnets
Jun 20 05:01:50 gtw01 dnsmasq[3473]: compile time options: IPv6 GNU-getopt DBus i18n IDN DHCP DHCPv6 no-Lua TFTP conntrack ipset auth DNSSEC loop-detect inotify dumpfile
Jun 20 05:01:50 gtw01 dnsmasq[3473]: warning: no upstream servers configured
Jun 20 05:01:50 gtw01 dnsmasq-dhcp[3473]: DHCP, static leases only on 192.168.120.0, lease time 1h
Jun 20 05:01:50 gtw01 dnsmasq[3473]: read /var/lib/neutron/dhcp/d75ca5d5-2449-4c2d-b764-eb4f3a5554d0/addn_hosts - 1 addresses
Jun 20 05:01:50 gtw01 dnsmasq-dhcp[3473]: read /var/lib/neutron/dhcp/d75ca5d5-2449-4c2d-b764-eb4f3a5554d0/host
Jun 20 05:01:50 gtw01 dnsmasq-dhcp[3473]: read /var/lib/neutron/dhcp/d75ca5d5-2449-4c2d-b764-eb4f3a5554d0/opts
Jun 20 05:01:50 gtw01 kernel: [ 9512.749406] IPv4: martian source 10.16.0.123 from 10.16.0.123, on dev qr-688adcc0-5d
Jun 20 05:01:50 gtw01 kernel: [ 9512.749409] ll header: 00000000: ff ff ff ff ff ff fa 16 3e 84 a3 4d 08 06        ........>..M..
Jun 20 05:01:50 gtw01 kernel: [ 9512.749412] IPv4: martian source 10.16.0.123 from 10.16.0.123, on dev qr-9b7177bf-9c
Jun 20 05:01:50 gtw01 kernel: [ 9512.749413] ll header: 00000000: ff ff ff ff ff ff fa 16 3e 84 a3 4d 08 06        ........>..M..
Jun 20 05:01:51 gtw01 haproxy-metadata-proxy-d75ca5d5-2449-4c2d-b764-eb4f3a5554d0[3512]: Proxy listener started.
Jun 20 05:01:51 gtw01 dnsmasq[390]: read /var/lib/neutron/dhcp/b5eafda9-1794-4494-a337-c15a1262d839/addn_hosts - 2 addresses
Jun 20 05:01:51 gtw01 dnsmasq-dhcp[390]: read /var/lib/neutron/dhcp/b5eafda9-1794-4494-a337-c15a1262d839/host
Jun 20 05:01:51 gtw01 dnsmasq-dhcp[390]: read /var/lib/neutron/dhcp/b5eafda9-1794-4494-a337-c15a1262d839/opts
Jun 20 05:01:52 gtw01 kernel: [ 9513.880577] device vxlan_sys_4789 left promiscuous mode
Jun 20 05:01:52 gtw01 dnsmasq[2988]: read /var/lib/neutron/dhcp/fd826067-90ba-4200-ae91-d8b7197cd918/addn_hosts - 2 addresses
Jun 20 05:01:52 gtw01 dnsmasq-dhcp[2988]: read /var/lib/neutron/dhcp/fd826067-90ba-4200-ae91-d8b7197cd918/host
Jun 20 05:01:52 gtw01 dnsmasq-dhcp[2988]: read /var/lib/neutron/dhcp/fd826067-90ba-4200-ae91-d8b7197cd918/opts
Jun 20 05:01:52 gtw01 kernel: [ 9513.961772] device qr-7e4ac59f-62 entered promiscuous mode
Jun 20 05:01:52 gtw01 systemd-udevd[3629]: Could not generate persistent MAC address for qr-7e4ac59f-62: No such file or directory
Jun 20 05:01:52 gtw01 haproxy-metadata-proxy-d61e5e09-1566-4df8-b797-3ffcb6c3f2d2[3735]: Proxy listener started.
Jun 20 05:01:52 gtw01 dnsmasq[31734]: read /var/lib/neutron/dhcp/96abd3f7-30a8-4e09-bbba-dbff4c6438ae/addn_hosts - 2 addresses
Jun 20 05:01:52 gtw01 dnsmasq-dhcp[31734]: read /var/lib/neutron/dhcp/96abd3f7-30a8-4e09-bbba-dbff4c6438ae/host
Jun 20 05:01:52 gtw01 dnsmasq-dhcp[31734]: read /var/lib/neutron/dhcp/96abd3f7-30a8-4e09-bbba-dbff4c6438ae/opts
Jun 20 05:01:53 gtw01 kernel: [ 9514.873255] IPv4: martian source 10.16.0.127 from 10.16.0.127, on dev qr-688adcc0-5d
Jun 20 05:01:53 gtw01 kernel: [ 9514.873258] ll header: 00000000: ff ff ff ff ff ff fa 16 3e 35 d1 53 08 06        ........>5.S..
Jun 20 05:01:53 gtw01 kernel: [ 9514.873262] IPv4: martian source 10.16.0.127 from 10.16.0.127, on dev qr-9b7177bf-9c
Jun 20 05:01:53 gtw01 kernel: [ 9514.873263] ll header: 00000000: ff ff ff ff ff ff fa 16 3e 35 d1 53 08 06        ........>5.S..
Jun 20 05:01:53 gtw01 dnsmasq[3473]: read /var/lib/neutron/dhcp/d75ca5d5-2449-4c2d-b764-eb4f3a5554d0/addn_hosts - 2 addresses
Jun 20 05:01:53 gtw01 dnsmasq-dhcp[3473]: read /var/lib/neutron/dhcp/d75ca5d5-2449-4c2d-b764-eb4f3a5554d0/host
Jun 20 05:01:53 gtw01 dnsmasq-dhcp[3473]: read /var/lib/neutron/dhcp/d75ca5d5-2449-4c2d-b764-eb4f3a5554d0/opts
Jun 20 05:01:54 gtw01 kernel: [ 9516.377810] device qr-5564dd8d-98 entered promiscuous mode
Jun 20 05:01:54 gtw01 systemd-udevd[3928]: Could not generate persistent MAC address for qr-5564dd8d-98: No such file or directory
Jun 20 05:01:54 gtw01 dnsmasq[2988]: read /var/lib/neutron/dhcp/fd826067-90ba-4200-ae91-d8b7197cd918/addn_hosts - 2 addresses
Jun 20 05:01:54 gtw01 dnsmasq-dhcp[2988]: read /var/lib/neutron/dhcp/fd826067-90ba-4200-ae91-d8b7197cd918/host
Jun 20 05:01:54 gtw01 dnsmasq-dhcp[2988]: read /var/lib/neutron/dhcp/fd826067-90ba-4200-ae91-d8b7197cd918/opts
Jun 20 05:01:54 gtw01 haproxy-metadata-proxy-752729a6-fbf0-4fa0-8f66-40c3ddf85c9a[3956]: Proxy listener started.
Jun 20 05:01:54 gtw01 dnsmasq[4019]: started, version 2.80 cachesize 150
Jun 20 05:01:54 gtw01 dnsmasq[4019]: DNS service limited to local subnets
Jun 20 05:01:54 gtw01 dnsmasq[4019]: compile time options: IPv6 GNU-getopt DBus i18n IDN DHCP DHCPv6 no-Lua TFTP conntrack ipset auth DNSSEC loop-detect inotify dumpfile
Jun 20 05:01:54 gtw01 dnsmasq[4019]: warning: no upstream servers configured
Jun 20 05:01:54 gtw01 dnsmasq-dhcp[4019]: DHCP, static leases only on 192.168.120.0, lease time 1h
Jun 20 05:01:54 gtw01 dnsmasq[4019]: read /var/lib/neutron/dhcp/f59b89d4-b902-413f-8175-49786710a4a1/addn_hosts - 1 addresses
Jun 20 05:01:54 gtw01 dnsmasq-dhcp[4019]: read /var/lib/neutron/dhcp/f59b89d4-b902-413f-8175-49786710a4a1/host
Jun 20 05:01:54 gtw01 dnsmasq-dhcp[4019]: read /var/lib/neutron/dhcp/f59b89d4-b902-413f-8175-49786710a4a1/opts
Jun 20 05:01:55 gtw01 haproxy-metadata-proxy-f59b89d4-b902-413f-8175-49786710a4a1[4077]: Proxy listener started.
Jun 20 05:01:55 gtw01 dnsmasq[31734]: read /var/lib/neutron/dhcp/96abd3f7-30a8-4e09-bbba-dbff4c6438ae/addn_hosts - 2 addresses
Jun 20 05:01:55 gtw01 dnsmasq-dhcp[31734]: read /var/lib/neutron/dhcp/96abd3f7-30a8-4e09-bbba-dbff4c6438ae/host
Jun 20 05:01:55 gtw01 dnsmasq-dhcp[31734]: read /var/lib/neutron/dhcp/96abd3f7-30a8-4e09-bbba-dbff4c6438ae/opts
Jun 20 05:01:55 gtw01 systemd-udevd[4109]: Could not generate persistent MAC address for tapa3d0f89c-0f: No such file or directory
Jun 20 05:01:55 gtw01 kernel: [ 9517.441605] device tapa3d0f89c-0f entered promiscuous mode
Jun 20 05:01:55 gtw01 systemd-udevd[4199]: Process '/sbin/ip link set tapa3d0f89c-0f txqueuelen 10000' failed with exit code 1.
Jun 20 05:01:56 gtw01 dnsmasq[3473]: read /var/lib/neutron/dhcp/d75ca5d5-2449-4c2d-b764-eb4f3a5554d0/addn_hosts - 2 addresses
Jun 20 05:01:56 gtw01 dnsmasq-dhcp[3473]: read /var/lib/neutron/dhcp/d75ca5d5-2449-4c2d-b764-eb4f3a5554d0/host
Jun 20 05:01:56 gtw01 dnsmasq-dhcp[3473]: read /var/lib/neutron/dhcp/d75ca5d5-2449-4c2d-b764-eb4f3a5554d0/opts
Jun 20 05:01:56 gtw01 kernel: [ 9518.749963] device tap8e8d8617-93 entered promiscuous mode
Jun 20 05:01:56 gtw01 systemd-udevd[4311]: Could not generate persistent MAC address for tap8e8d8617-93: No such file or directory
Jun 20 05:01:57 gtw01 dnsmasq[2988]: read /var/lib/neutron/dhcp/fd826067-90ba-4200-ae91-d8b7197cd918/addn_hosts - 2 addresses
Jun 20 05:01:57 gtw01 dnsmasq-dhcp[2988]: read /var/lib/neutron/dhcp/fd826067-90ba-4200-ae91-d8b7197cd918/host
Jun 20 05:01:57 gtw01 dnsmasq-dhcp[2988]: read /var/lib/neutron/dhcp/fd826067-90ba-4200-ae91-d8b7197cd918/opts
Jun 20 05:01:57 gtw01 kernel: [ 9518.833529] net_ratelimit: 10 callbacks suppressed
Jun 20 05:01:57 gtw01 kernel: [ 9518.833531] IPv4: martian source 192.168.120.1 from 192.168.120.1, on dev qr-688adcc0-5d
Jun 20 05:01:57 gtw01 kernel: [ 9518.833534] ll header: 00000000: ff ff ff ff ff ff fa 16 3e d4 db be 08 06        ........>.....
Jun 20 05:01:57 gtw01 kernel: [ 9518.833538] IPv4: martian source 192.168.120.1 from 192.168.120.1, on dev qr-9b7177bf-9c
Jun 20 05:01:57 gtw01 kernel: [ 9518.833539] ll header: 00000000: ff ff ff ff ff ff fa 16 3e d4 db be 08 06        ........>.....
Jun 20 05:01:57 gtw01 dnsmasq[4356]: started, version 2.80 cachesize 150
Jun 20 05:01:57 gtw01 dnsmasq[4356]: DNS service limited to local subnets
Jun 20 05:01:57 gtw01 dnsmasq[4356]: compile time options: IPv6 GNU-getopt DBus i18n IDN DHCP DHCPv6 no-Lua TFTP conntrack ipset auth DNSSEC loop-detect inotify dumpfile
Jun 20 05:01:57 gtw01 dnsmasq[4356]: warning: no upstream servers configured
Jun 20 05:01:57 gtw01 dnsmasq-dhcp[4356]: DHCP, static leases only on 192.168.120.0, lease time 1h
Jun 20 05:01:57 gtw01 dnsmasq[4356]: read /var/lib/neutron/dhcp/e91d1bf2-81cd-4d6e-bbf2-5e3e4dbd9822/addn_hosts - 1 addresses
Jun 20 05:01:57 gtw01 dnsmasq-dhcp[4356]: read /var/lib/neutron/dhcp/e91d1bf2-81cd-4d6e-bbf2-5e3e4dbd9822/host
Jun 20 05:01:57 gtw01 dnsmasq-dhcp[4356]: read /var/lib/neutron/dhcp/e91d1bf2-81cd-4d6e-bbf2-5e3e4dbd9822/opts
Jun 20 05:01:57 gtw01 systemd-udevd[4311]: Process '/sbin/ip link set tap8e8d8617-93 txqueuelen 10000' failed with exit code 1.
Jun 20 05:01:57 gtw01 systemd-udevd[4311]: Process '/sbin/ip link set tap8e8d8617-93 txqueuelen 10000' failed with exit code 1.
Jun 20 05:01:57 gtw01 dnsmasq[4019]: read /var/lib/neutron/dhcp/f59b89d4-b902-413f-8175-49786710a4a1/addn_hosts - 2 addresses
Jun 20 05:01:57 gtw01 dnsmasq-dhcp[4019]: read /var/lib/neutron/dhcp/f59b89d4-b902-413f-8175-49786710a4a1/host
Jun 20 05:01:57 gtw01 dnsmasq-dhcp[4019]: read /var/lib/neutron/dhcp/f59b89d4-b902-413f-8175-49786710a4a1/opts
Jun 20 05:01:57 gtw01 haproxy-metadata-proxy-e91d1bf2-81cd-4d6e-bbf2-5e3e4dbd9822[4444]: Proxy listener started.
Jun 20 05:01:58 gtw01 haproxy-metadata-proxy-9507c7dc-6d31-47d2-8997-c78c31e9627d[4513]: Proxy listener started.
Jun 20 05:01:58 gtw01 dnsmasq[4554]: started, version 2.80 cachesize 150
Jun 20 05:01:58 gtw01 dnsmasq[4554]: DNS service limited to local subnets
Jun 20 05:01:58 gtw01 dnsmasq[4554]: compile time options: IPv6 GNU-getopt DBus i18n IDN DHCP DHCPv6 no-Lua TFTP conntrack ipset auth DNSSEC loop-detect inotify dumpfile
Jun 20 05:01:58 gtw01 dnsmasq[4554]: warning: no upstream servers configured
Jun 20 05:01:58 gtw01 dnsmasq-dhcp[4554]: DHCP, static leases only on 192.168.120.0, lease time 1h
Jun 20 05:01:58 gtw01 dnsmasq[4554]: read /var/lib/neutron/dhcp/0ce7c632-186a-44be-8835-f9a9e2cef5fc/addn_hosts - 1 addresses
Jun 20 05:01:58 gtw01 dnsmasq-dhcp[4554]: read /var/lib/neutron/dhcp/0ce7c632-186a-44be-8835-f9a9e2cef5fc/host
Jun 20 05:01:58 gtw01 dnsmasq-dhcp[4554]: read /var/lib/neutron/dhcp/0ce7c632-186a-44be-8835-f9a9e2cef5fc/opts
Jun 20 05:01:58 gtw01 dnsmasq[3473]: read /var/lib/neutron/dhcp/d75ca5d5-2449-4c2d-b764-eb4f3a5554d0/addn_hosts - 2 addresses
Jun 20 05:01:58 gtw01 dnsmasq-dhcp[3473]: read /var/lib/neutron/dhcp/d75ca5d5-2449-4c2d-b764-eb4f3a5554d0/host
Jun 20 05:01:58 gtw01 dnsmasq-dhcp[3473]: read /var/lib/neutron/dhcp/d75ca5d5-2449-4c2d-b764-eb4f3a5554d0/opts
Jun 20 05:01:58 gtw01 haproxy-metadata-proxy-a1437faf-4b3c-4ce1-9312-8d7983bbcb6c[4580]: Proxy listener started.
Jun 20 05:01:59 gtw01 kernel: [ 9520.939789] device qr-1334f957-66 entered promiscuous mode
Jun 20 05:01:59 gtw01 systemd-udevd[4604]: Could not generate persistent MAC address for qr-1334f957-66: No such file or directory
Jun 20 05:01:59 gtw01 dnsmasq[2988]: read /var/lib/neutron/dhcp/fd826067-90ba-4200-ae91-d8b7197cd918/addn_hosts - 2 addresses
Jun 20 05:01:59 gtw01 dnsmasq-dhcp[2988]: read /var/lib/neutron/dhcp/fd826067-90ba-4200-ae91-d8b7197cd918/host
Jun 20 05:01:59 gtw01 dnsmasq-dhcp[2988]: read /var/lib/neutron/dhcp/fd826067-90ba-4200-ae91-d8b7197cd918/opts
Jun 20 05:01:59 gtw01 haproxy-metadata-proxy-0ce7c632-186a-44be-8835-f9a9e2cef5fc[4696]: Proxy listener started.
Jun 20 05:01:59 gtw01 dnsmasq[4356]: read /var/lib/neutron/dhcp/e91d1bf2-81cd-4d6e-bbf2-5e3e4dbd9822/addn_hosts - 1 addresses
Jun 20 05:01:59 gtw01 dnsmasq-dhcp[4356]: read /var/lib/neutron/dhcp/e91d1bf2-81cd-4d6e-bbf2-5e3e4dbd9822/host
Jun 20 05:01:59 gtw01 dnsmasq-dhcp[4356]: read /var/lib/neutron/dhcp/e91d1bf2-81cd-4d6e-bbf2-5e3e4dbd9822/opts
Jun 20 05:02:00 gtw01 dnsmasq[4019]: read /var/lib/neutron/dhcp/f59b89d4-b902-413f-8175-49786710a4a1/addn_hosts - 2 addresses
Jun 20 05:02:00 gtw01 dnsmasq-dhcp[4019]: read /var/lib/neutron/dhcp/f59b89d4-b902-413f-8175-49786710a4a1/host
Jun 20 05:02:00 gtw01 dnsmasq-dhcp[4019]: read /var/lib/neutron/dhcp/f59b89d4-b902-413f-8175-49786710a4a1/opts
Jun 20 05:02:00 gtw01 kernel: [ 9522.325580] IPv4: martian source 192.168.120.1 from 192.168.120.1, on dev qr-688adcc0-5d
Jun 20 05:02:00 gtw01 kernel: [ 9522.325583] ll header: 00000000: ff ff ff ff ff ff fa 16 3e d4 db be 08 06        ........>.....
Jun 20 05:02:00 gtw01 kernel: [ 9522.325586] IPv4: martian source 192.168.120.1 from 192.168.120.1, on dev qr-9b7177bf-9c
Jun 20 05:02:00 gtw01 kernel: [ 9522.325587] ll header: 00000000: ff ff ff ff ff ff fa 16 3e d4 db be 08 06        ........>.....
Jun 20 05:02:00 gtw01 kernel: [ 9522.325593] IPv4: martian source 192.168.120.1 from 192.168.120.1, on dev qr-1334f957-66
Jun 20 05:02:00 gtw01 kernel: [ 9522.325594] ll header: 00000000: ff ff ff ff ff ff fa 16 3e d4 db be 08 06        ........>.....
Jun 20 05:02:01 gtw01 dnsmasq[31823]: read /var/lib/neutron/dhcp/1abf66f9-aad1-450d-8871-9b7823763abd/addn_hosts - 2 addresses
Jun 20 05:02:01 gtw01 dnsmasq-dhcp[31823]: read /var/lib/neutron/dhcp/1abf66f9-aad1-450d-8871-9b7823763abd/host
Jun 20 05:02:01 gtw01 dnsmasq-dhcp[31823]: read /var/lib/neutron/dhcp/1abf66f9-aad1-450d-8871-9b7823763abd/opts
Jun 20 05:02:01 gtw01 dnsmasq[4356]: read /var/lib/neutron/dhcp/e91d1bf2-81cd-4d6e-bbf2-5e3e4dbd9822/addn_hosts - 1 addresses
Jun 20 05:02:01 gtw01 dnsmasq-dhcp[4356]: read /var/lib/neutron/dhcp/e91d1bf2-81cd-4d6e-bbf2-5e3e4dbd9822/host
Jun 20 05:02:01 gtw01 dnsmasq-dhcp[4356]: read /var/lib/neutron/dhcp/e91d1bf2-81cd-4d6e-bbf2-5e3e4dbd9822/opts
Jun 20 05:02:01 gtw01 dnsmasq[3473]: read /var/lib/neutron/dhcp/d75ca5d5-2449-4c2d-b764-eb4f3a5554d0/addn_hosts - 2 addresses
Jun 20 05:02:01 gtw01 dnsmasq-dhcp[3473]: read /var/lib/neutron/dhcp/d75ca5d5-2449-4c2d-b764-eb4f3a5554d0/host
Jun 20 05:02:01 gtw01 dnsmasq-dhcp[3473]: read /var/lib/neutron/dhcp/d75ca5d5-2449-4c2d-b764-eb4f3a5554d0/opts
Jun 20 05:02:02 gtw01 kernel: [ 9523.889594] IPv4: martian source 192.168.120.1 from 192.168.120.1, on dev qr-688adcc0-5d
Jun 20 05:02:02 gtw01 kernel: [ 9523.889597] ll header: 00000000: ff ff ff ff ff ff fa 16 3e cf 8f b9 08 06        ........>.....
Jun 20 05:02:02 gtw01 kernel: [ 9523.889601] IPv4: martian source 192.168.120.1 from 192.168.120.1, on dev qr-9b7177bf-9c
Jun 20 05:02:02 gtw01 kernel: [ 9523.889602] ll header: 00000000: ff ff ff ff ff ff fa 16 3e cf 8f b9 08 06        ........>.....
Jun 20 05:02:02 gtw01 kernel: [ 9523.889604] IPv4: martian source 192.168.120.1 from 192.168.120.1, on dev qr-5564dd8d-98
Jun 20 05:02:02 gtw01 kernel: [ 9523.889605] ll header: 00000000: ff ff ff ff ff ff fa 16 3e cf 8f b9 08 06        ........>.....
Jun 20 05:02:02 gtw01 dnsmasq[4019]: read /var/lib/neutron/dhcp/f59b89d4-b902-413f-8175-49786710a4a1/addn_hosts - 2 addresses
Jun 20 05:02:02 gtw01 dnsmasq-dhcp[4019]: read /var/lib/neutron/dhcp/f59b89d4-b902-413f-8175-49786710a4a1/host
Jun 20 05:02:02 gtw01 dnsmasq-dhcp[4019]: read /var/lib/neutron/dhcp/f59b89d4-b902-413f-8175-49786710a4a1/opts
Jun 20 05:02:02 gtw01 haproxy-metadata-proxy-21d070cf-ae24-47ba-8053-c23d76bb1fc1[4992]: Proxy listener started.
Jun 20 05:02:02 gtw01 systemd-udevd[5023]: Could not generate persistent MAC address for qr-c7337ccd-04: No such file or directory
Jun 20 05:02:02 gtw01 kernel: [ 9524.572910] device qr-c7337ccd-04 entered promiscuous mode
Jun 20 05:02:02 gtw01 dnsmasq[4554]: read /var/lib/neutron/dhcp/0ce7c632-186a-44be-8835-f9a9e2cef5fc/addn_hosts - 2 addresses
Jun 20 05:02:02 gtw01 dnsmasq-dhcp[4554]: read /var/lib/neutron/dhcp/0ce7c632-186a-44be-8835-f9a9e2cef5fc/host
Jun 20 05:02:02 gtw01 dnsmasq-dhcp[4554]: read /var/lib/neutron/dhcp/0ce7c632-186a-44be-8835-f9a9e2cef5fc/opts
Jun 20 05:02:03 gtw01 kernel: [ 9525.549584] IPv4: martian source 192.168.120.1 from 192.168.120.1, on dev qr-688adcc0-5d
Jun 20 05:02:03 gtw01 kernel: [ 9525.549588] ll header: 00000000: ff ff ff ff ff ff fa 16 3e d4 db be 08 06        ........>.....
Jun 20 05:02:03 gtw01 kernel: [ 9525.549591] IPv4: martian source 192.168.120.1 from 192.168.120.1, on dev qr-9b7177bf-9c
Jun 20 05:02:03 gtw01 kernel: [ 9525.549592] ll header: 00000000: ff ff ff ff ff ff fa 16 3e d4 db be 08 06        ........>.....
Jun 20 05:02:03 gtw01 kernel: [ 9525.549598] IPv4: martian source 192.168.120.1 from 192.168.120.1, on dev qr-1334f957-66
Jun 20 05:02:03 gtw01 kernel: [ 9525.549599] ll header: 00000000: ff ff ff ff ff ff fa 16 3e d4 db be 08 06        ........>.....
Jun 20 05:02:03 gtw01 kernel: [ 9525.549602] IPv4: martian source 192.168.120.1 from 192.168.120.1, on dev qr-c7337ccd-04
Jun 20 05:02:03 gtw01 kernel: [ 9525.549603] ll header: 00000000: ff ff ff ff ff ff fa 16 3e d4 db be 08 06        ........>.....
Jun 20 05:02:03 gtw01 dnsmasq[31823]: read /var/lib/neutron/dhcp/1abf66f9-aad1-450d-8871-9b7823763abd/addn_hosts - 2 addresses
Jun 20 05:02:03 gtw01 dnsmasq-dhcp[31823]: read /var/lib/neutron/dhcp/1abf66f9-aad1-450d-8871-9b7823763abd/host
Jun 20 05:02:03 gtw01 dnsmasq-dhcp[31823]: read /var/lib/neutron/dhcp/1abf66f9-aad1-450d-8871-9b7823763abd/opts
Jun 20 05:02:03 gtw01 dnsmasq[5189]: started, version 2.80 cachesize 150
Jun 20 05:02:03 gtw01 dnsmasq[5189]: DNS service limited to local subnets
Jun 20 05:02:03 gtw01 dnsmasq[5189]: compile time options: IPv6 GNU-getopt DBus i18n IDN DHCP DHCPv6 no-Lua TFTP conntrack ipset auth DNSSEC loop-detect inotify dumpfile
Jun 20 05:02:03 gtw01 dnsmasq[5189]: warning: no upstream servers configured
Jun 20 05:02:03 gtw01 dnsmasq-dhcp[5189]: DHCP, static leases only on 192.168.120.0, lease time 1h
Jun 20 05:02:03 gtw01 dnsmasq[5189]: read /var/lib/neutron/dhcp/a6ba596c-c010-4310-b790-2f3e1f7a8f19/addn_hosts - 1 addresses
Jun 20 05:02:03 gtw01 dnsmasq-dhcp[5189]: read /var/lib/neutron/dhcp/a6ba596c-c010-4310-b790-2f3e1f7a8f19/host
Jun 20 05:02:03 gtw01 dnsmasq-dhcp[5189]: read /var/lib/neutron/dhcp/a6ba596c-c010-4310-b790-2f3e1f7a8f19/opts
Jun 20 05:02:03 gtw01 dnsmasq[4356]: read /var/lib/neutron/dhcp/e91d1bf2-81cd-4d6e-bbf2-5e3e4dbd9822/addn_hosts - 2 addresses
Jun 20 05:02:03 gtw01 dnsmasq-dhcp[4356]: read /var/lib/neutron/dhcp/e91d1bf2-81cd-4d6e-bbf2-5e3e4dbd9822/host
Jun 20 05:02:03 gtw01 dnsmasq-dhcp[4356]: read /var/lib/neutron/dhcp/e91d1bf2-81cd-4d6e-bbf2-5e3e4dbd9822/opts
Jun 20 05:02:04 gtw01 dnsmasq[3473]: read /var/lib/neutron/dhcp/d75ca5d5-2449-4c2d-b764-eb4f3a5554d0/addn_hosts - 2 addresses
Jun 20 05:02:04 gtw01 dnsmasq-dhcp[3473]: read /var/lib/neutron/dhcp/d75ca5d5-2449-4c2d-b764-eb4f3a5554d0/host
Jun 20 05:02:04 gtw01 dnsmasq-dhcp[3473]: read /var/lib/neutron/dhcp/d75ca5d5-2449-4c2d-b764-eb4f3a5554d0/opts
Jun 20 05:02:04 gtw01 dnsmasq[5247]: started, version 2.80 cachesize 150
Jun 20 05:02:04 gtw01 dnsmasq[5247]: DNS service limited to local subnets
Jun 20 05:02:04 gtw01 dnsmasq[5247]: compile time options: IPv6 GNU-getopt DBus i18n IDN DHCP DHCPv6 no-Lua TFTP conntrack ipset auth DNSSEC loop-detect inotify dumpfile
Jun 20 05:02:04 gtw01 dnsmasq[5247]: warning: no upstream servers configured
Jun 20 05:02:04 gtw01 dnsmasq-dhcp[5247]: DHCP, static leases only on 192.168.120.0, lease time 1h
Jun 20 05:02:04 gtw01 dnsmasq[5247]: read /var/lib/neutron/dhcp/cebf735f-da64-4f3b-8570-51af92afa19a/addn_hosts - 1 addresses
Jun 20 05:02:04 gtw01 dnsmasq-dhcp[5247]: read /var/lib/neutron/dhcp/cebf735f-da64-4f3b-8570-51af92afa19a/host
Jun 20 05:02:04 gtw01 dnsmasq-dhcp[5247]: read /var/lib/neutron/dhcp/cebf735f-da64-4f3b-8570-51af92afa19a/opts
Jun 20 05:02:04 gtw01 haproxy-metadata-proxy-a6ba596c-c010-4310-b790-2f3e1f7a8f19[5250]: Proxy listener started.
Jun 20 05:02:04 gtw01 dnsmasq[4019]: read /var/lib/neutron/dhcp/f59b89d4-b902-413f-8175-49786710a4a1/addn_hosts - 2 addresses
Jun 20 05:02:04 gtw01 dnsmasq-dhcp[4019]: read /var/lib/neutron/dhcp/f59b89d4-b902-413f-8175-49786710a4a1/host
Jun 20 05:02:04 gtw01 dnsmasq-dhcp[4019]: read /var/lib/neutron/dhcp/f59b89d4-b902-413f-8175-49786710a4a1/opts
Jun 20 05:02:04 gtw01 haproxy-metadata-proxy-cebf735f-da64-4f3b-8570-51af92afa19a[5295]: Proxy listener started.
Jun 20 05:02:05 gtw01 systemd-udevd[5324]: Could not generate persistent MAC address for tap0e1dbf34-9a: No such file or directory
Jun 20 05:02:05 gtw01 kernel: [ 9526.976095] device tap0e1dbf34-9a entered promiscuous mode
Jun 20 05:02:05 gtw01 systemd-udevd[5409]: Process '/sbin/ip link set tap0e1dbf34-9a txqueuelen 10000' failed with exit code 1.
Jun 20 05:02:05 gtw01 kernel: [ 9527.409581] IPv4: martian source 192.168.120.1 from 192.168.120.1, on dev qr-688adcc0-5d
Jun 20 05:02:05 gtw01 kernel: [ 9527.409585] ll header: 00000000: ff ff ff ff ff ff fa 16 3e cf 8f b9 08 06        ........>.....
Jun 20 05:02:05 gtw01 kernel: [ 9527.409589] IPv4: martian source 192.168.120.1 from 192.168.120.1, on dev qr-9b7177bf-9c
Jun 20 05:02:05 gtw01 kernel: [ 9527.409590] ll header: 00000000: ff ff ff ff ff ff fa 16 3e cf 8f b9 08 06        ........>.....
Jun 20 05:02:05 gtw01 kernel: [ 9527.409592] IPv4: martian source 192.168.120.1 from 192.168.120.1, on dev qr-5564dd8d-98
Jun 20 05:02:05 gtw01 kernel: [ 9527.409593] ll header: 00000000: ff ff ff ff ff ff fa 16 3e cf 8f b9 08 06        ........>.....
Jun 20 05:02:06 gtw01 dnsmasq[31790]: read /var/lib/neutron/dhcp/d35c37bc-fa40-4f98-8d1c-426796a56f73/addn_hosts - 2 addresses
Jun 20 05:02:06 gtw01 dnsmasq-dhcp[31790]: read /var/lib/neutron/dhcp/d35c37bc-fa40-4f98-8d1c-426796a56f73/host
Jun 20 05:02:06 gtw01 dnsmasq-dhcp[31790]: read /var/lib/neutron/dhcp/d35c37bc-fa40-4f98-8d1c-426796a56f73/opts
Jun 20 05:02:06 gtw01 dnsmasq[4554]: read /var/lib/neutron/dhcp/0ce7c632-186a-44be-8835-f9a9e2cef5fc/addn_hosts - 2 addresses
Jun 20 05:02:06 gtw01 dnsmasq-dhcp[4554]: read /var/lib/neutron/dhcp/0ce7c632-186a-44be-8835-f9a9e2cef5fc/host
Jun 20 05:02:06 gtw01 dnsmasq-dhcp[4554]: read /var/lib/neutron/dhcp/0ce7c632-186a-44be-8835-f9a9e2cef5fc/opts
Jun 20 05:02:06 gtw01 dnsmasq[320]: read /var/lib/neutron/dhcp/4750a653-e78c-445a-b26b-edefff918f98/addn_hosts - 2 addresses
Jun 20 05:02:06 gtw01 dnsmasq-dhcp[320]: read /var/lib/neutron/dhcp/4750a653-e78c-445a-b26b-edefff918f98/host
Jun 20 05:02:06 gtw01 dnsmasq-dhcp[320]: read /var/lib/neutron/dhcp/4750a653-e78c-445a-b26b-edefff918f98/opts
Jun 20 05:02:06 gtw01 dnsmasq[4356]: read /var/lib/neutron/dhcp/e91d1bf2-81cd-4d6e-bbf2-5e3e4dbd9822/addn_hosts - 2 addresses
Jun 20 05:02:06 gtw01 dnsmasq-dhcp[4356]: read /var/lib/neutron/dhcp/e91d1bf2-81cd-4d6e-bbf2-5e3e4dbd9822/host
Jun 20 05:02:06 gtw01 dnsmasq-dhcp[4356]: read /var/lib/neutron/dhcp/e91d1bf2-81cd-4d6e-bbf2-5e3e4dbd9822/opts
Jun 20 05:02:07 gtw01 dnsmasq[4019]: read /var/lib/neutron/dhcp/f59b89d4-b902-413f-8175-49786710a4a1/addn_hosts - 2 addresses
Jun 20 05:02:07 gtw01 dnsmasq-dhcp[4019]: read /var/lib/neutron/dhcp/f59b89d4-b902-413f-8175-49786710a4a1/host
Jun 20 05:02:07 gtw01 dnsmasq-dhcp[4019]: read /var/lib/neutron/dhcp/f59b89d4-b902-413f-8175-49786710a4a1/opts
Jun 20 05:02:07 gtw01 dnsmasq[5247]: read /var/lib/neutron/dhcp/cebf735f-da64-4f3b-8570-51af92afa19a/addn_hosts - 1 addresses
Jun 20 05:02:07 gtw01 dnsmasq-dhcp[5247]: read /var/lib/neutron/dhcp/cebf735f-da64-4f3b-8570-51af92afa19a/host
Jun 20 05:02:07 gtw01 dnsmasq-dhcp[5247]: read /var/lib/neutron/dhcp/cebf735f-da64-4f3b-8570-51af92afa19a/opts
Jun 20 05:02:07 gtw01 dnsmasq[5189]: read /var/lib/neutron/dhcp/a6ba596c-c010-4310-b790-2f3e1f7a8f19/addn_hosts - 2 addresses
Jun 20 05:02:07 gtw01 dnsmasq-dhcp[5189]: read /var/lib/neutron/dhcp/a6ba596c-c010-4310-b790-2f3e1f7a8f19/host
Jun 20 05:02:07 gtw01 dnsmasq-dhcp[5189]: read /var/lib/neutron/dhcp/a6ba596c-c010-4310-b790-2f3e1f7a8f19/opts
Jun 20 05:02:07 gtw01 systemd-udevd[5644]: Could not generate persistent MAC address for qr-533fa042-be: No such file or directory
Jun 20 05:02:07 gtw01 kernel: [ 9529.626284] device qr-533fa042-be entered promiscuous mode
Jun 20 05:02:08 gtw01 dnsmasq[4554]: read /var/lib/neutron/dhcp/0ce7c632-186a-44be-8835-f9a9e2cef5fc/addn_hosts - 2 addresses
Jun 20 05:02:08 gtw01 dnsmasq-dhcp[4554]: read /var/lib/neutron/dhcp/0ce7c632-186a-44be-8835-f9a9e2cef5fc/host
Jun 20 05:02:08 gtw01 dnsmasq-dhcp[4554]: read /var/lib/neutron/dhcp/0ce7c632-186a-44be-8835-f9a9e2cef5fc/opts
Jun 20 05:02:08 gtw01 kernel: [ 9530.453689] net_ratelimit: 5 callbacks suppressed
Jun 20 05:02:08 gtw01 kernel: [ 9530.453691] IPv4: martian source 192.168.120.1 from 192.168.120.1, on dev qr-688adcc0-5d
Jun 20 05:02:08 gtw01 kernel: [ 9530.453694] ll header: 00000000: ff ff ff ff ff ff fa 16 3e cf 8f b9 08 06        ........>.....
Jun 20 05:02:08 gtw01 kernel: [ 9530.453698] IPv4: martian source 192.168.120.1 from 192.168.120.1, on dev qr-9b7177bf-9c
Jun 20 05:02:08 gtw01 kernel: [ 9530.453699] ll header: 00000000: ff ff ff ff ff ff fa 16 3e cf 8f b9 08 06        ........>.....
Jun 20 05:02:08 gtw01 kernel: [ 9530.453701] IPv4: martian source 192.168.120.1 from 192.168.120.1, on dev qr-5564dd8d-98
Jun 20 05:02:08 gtw01 kernel: [ 9530.453702] ll header: 00000000: ff ff ff ff ff ff fa 16 3e cf 8f b9 08 06        ........>.....
Jun 20 05:02:08 gtw01 kernel: [ 9530.453734] IPv4: martian source 192.168.120.1 from 192.168.120.1, on dev qr-c7337ccd-04
Jun 20 05:02:08 gtw01 kernel: [ 9530.453735] ll header: 00000000: ff ff ff ff ff ff fa 16 3e cf 8f b9 08 06        ........>.....
Jun 20 05:02:08 gtw01 kernel: [ 9530.453739] IPv4: martian source 192.168.120.1 from 192.168.120.1, on dev qr-533fa042-be
Jun 20 05:02:08 gtw01 kernel: [ 9530.453739] ll header: 00000000: ff ff ff ff ff ff fa 16 3e cf 8f b9 08 06        ........>.....
Jun 20 05:02:08 gtw01 dnsmasq[31790]: read /var/lib/neutron/dhcp/d35c37bc-fa40-4f98-8d1c-426796a56f73/addn_hosts - 2 addresses
Jun 20 05:02:08 gtw01 dnsmasq-dhcp[31790]: read /var/lib/neutron/dhcp/d35c37bc-fa40-4f98-8d1c-426796a56f73/host
Jun 20 05:02:08 gtw01 dnsmasq-dhcp[31790]: read /var/lib/neutron/dhcp/d35c37bc-fa40-4f98-8d1c-426796a56f73/opts
Jun 20 05:02:08 gtw01 dnsmasq[320]: read /var/lib/neutron/dhcp/4750a653-e78c-445a-b26b-edefff918f98/addn_hosts - 2 addresses
Jun 20 05:02:08 gtw01 dnsmasq-dhcp[320]: read /var/lib/neutron/dhcp/4750a653-e78c-445a-b26b-edefff918f98/host
Jun 20 05:02:08 gtw01 dnsmasq-dhcp[320]: read /var/lib/neutron/dhcp/4750a653-e78c-445a-b26b-edefff918f98/opts
Jun 20 05:02:09 gtw01 dnsmasq[1263]: read /var/lib/neutron/dhcp/12b9c773-d835-4c04-9644-8d5e3708a6c4/addn_hosts - 2 addresses
Jun 20 05:02:09 gtw01 dnsmasq-dhcp[1263]: read /var/lib/neutron/dhcp/12b9c773-d835-4c04-9644-8d5e3708a6c4/host
Jun 20 05:02:09 gtw01 dnsmasq-dhcp[1263]: read /var/lib/neutron/dhcp/12b9c773-d835-4c04-9644-8d5e3708a6c4/opts
Jun 20 05:02:09 gtw01 kernel: [ 9531.017564] IPv4: martian source 192.168.120.1 from 192.168.120.1, on dev qr-688adcc0-5d
Jun 20 05:02:09 gtw01 kernel: [ 9531.017568] ll header: 00000000: ff ff ff ff ff ff fa 16 3e 2d 62 a2 08 06        ........>-b...
Jun 20 05:02:09 gtw01 kernel: [ 9531.017571] IPv4: martian source 192.168.120.1 from 192.168.120.1, on dev qr-9b7177bf-9c
Jun 20 05:02:09 gtw01 kernel: [ 9531.017572] ll header: 00000000: ff ff ff ff ff ff fa 16 3e 2d 62 a2 08 06        ........>-b...
Jun 20 05:02:09 gtw01 kernel: [ 9531.017574] IPv4: martian source 192.168.120.1 from 192.168.120.1, on dev qr-5564dd8d-98
Jun 20 05:02:09 gtw01 kernel: [ 9531.017575] ll header: 00000000: ff ff ff ff ff ff fa 16 3e 2d 62 a2 08 06        ........>-b...
Jun 20 05:02:09 gtw01 kernel: [ 9531.017581] IPv4: martian source 192.168.120.1 from 192.168.120.1, on dev qr-1334f957-66
Jun 20 05:02:09 gtw01 kernel: [ 9531.017581] ll header: 00000000: ff ff ff ff ff ff fa 16 3e 2d 62 a2 08 06        ........>-b...
Jun 20 05:02:09 gtw01 kernel: [ 9531.017584] IPv4: martian source 192.168.120.1 from 192.168.120.1, on dev qr-533fa042-be
Jun 20 05:02:09 gtw01 kernel: [ 9531.017585] ll header: 00000000: ff ff ff ff ff ff fa 16 3e 2d 62 a2 08 06        ........>-b...
Jun 20 05:02:09 gtw01 dnsmasq[4356]: read /var/lib/neutron/dhcp/e91d1bf2-81cd-4d6e-bbf2-5e3e4dbd9822/addn_hosts - 2 addresses
Jun 20 05:02:09 gtw01 dnsmasq-dhcp[4356]: read /var/lib/neutron/dhcp/e91d1bf2-81cd-4d6e-bbf2-5e3e4dbd9822/host
Jun 20 05:02:09 gtw01 dnsmasq-dhcp[4356]: read /var/lib/neutron/dhcp/e91d1bf2-81cd-4d6e-bbf2-5e3e4dbd9822/opts
Jun 20 05:02:09 gtw01 dnsmasq[5247]: read /var/lib/neutron/dhcp/cebf735f-da64-4f3b-8570-51af92afa19a/addn_hosts - 1 addresses
Jun 20 05:02:09 gtw01 dnsmasq-dhcp[5247]: read /var/lib/neutron/dhcp/cebf735f-da64-4f3b-8570-51af92afa19a/host
Jun 20 05:02:09 gtw01 dnsmasq-dhcp[5247]: read /var/lib/neutron/dhcp/cebf735f-da64-4f3b-8570-51af92afa19a/opts
Jun 20 05:02:09 gtw01 systemd-udevd[5915]: Could not generate persistent MAC address for qr-877cb05d-ca: No such file or directory
Jun 20 05:02:09 gtw01 kernel: [ 9531.694207] device qr-877cb05d-ca entered promiscuous mode
Jun 20 05:02:10 gtw01 dnsmasq[5189]: read /var/lib/neutron/dhcp/a6ba596c-c010-4310-b790-2f3e1f7a8f19/addn_hosts - 2 addresses
Jun 20 05:02:10 gtw01 dnsmasq-dhcp[5189]: read /var/lib/neutron/dhcp/a6ba596c-c010-4310-b790-2f3e1f7a8f19/host
Jun 20 05:02:10 gtw01 dnsmasq-dhcp[5189]: read /var/lib/neutron/dhcp/a6ba596c-c010-4310-b790-2f3e1f7a8f19/opts
Jun 20 05:02:10 gtw01 dnsmasq[4554]: read /var/lib/neutron/dhcp/0ce7c632-186a-44be-8835-f9a9e2cef5fc/addn_hosts - 2 addresses
Jun 20 05:02:10 gtw01 dnsmasq-dhcp[4554]: read /var/lib/neutron/dhcp/0ce7c632-186a-44be-8835-f9a9e2cef5fc/host
Jun 20 05:02:10 gtw01 dnsmasq-dhcp[4554]: read /var/lib/neutron/dhcp/0ce7c632-186a-44be-8835-f9a9e2cef5fc/opts
Jun 20 05:02:11 gtw01 dnsmasq[594]: read /var/lib/neutron/dhcp/af22e160-70ab-44c1-8b14-a6a2a1284772/addn_hosts - 2 addresses
Jun 20 05:02:11 gtw01 dnsmasq-dhcp[594]: read /var/lib/neutron/dhcp/af22e160-70ab-44c1-8b14-a6a2a1284772/host
Jun 20 05:02:11 gtw01 dnsmasq-dhcp[594]: read /var/lib/neutron/dhcp/af22e160-70ab-44c1-8b14-a6a2a1284772/opts
Jun 20 05:02:11 gtw01 dnsmasq[1263]: read /var/lib/neutron/dhcp/12b9c773-d835-4c04-9644-8d5e3708a6c4/addn_hosts - 2 addresses
Jun 20 05:02:11 gtw01 dnsmasq-dhcp[1263]: read /var/lib/neutron/dhcp/12b9c773-d835-4c04-9644-8d5e3708a6c4/host
Jun 20 05:02:11 gtw01 dnsmasq-dhcp[1263]: read /var/lib/neutron/dhcp/12b9c773-d835-4c04-9644-8d5e3708a6c4/opts
Jun 20 05:02:11 gtw01 dnsmasq[3473]: read /var/lib/neutron/dhcp/d75ca5d5-2449-4c2d-b764-eb4f3a5554d0/addn_hosts - 2 addresses
Jun 20 05:02:11 gtw01 dnsmasq-dhcp[3473]: read /var/lib/neutron/dhcp/d75ca5d5-2449-4c2d-b764-eb4f3a5554d0/host
Jun 20 05:02:11 gtw01 dnsmasq-dhcp[3473]: read /var/lib/neutron/dhcp/d75ca5d5-2449-4c2d-b764-eb4f3a5554d0/opts
Jun 20 05:02:11 gtw01 dnsmasq[1306]: read /var/lib/neutron/dhcp/c532713b-d779-4de3-997c-48541f2166d5/addn_hosts - 2 addresses
Jun 20 05:02:11 gtw01 dnsmasq-dhcp[1306]: read /var/lib/neutron/dhcp/c532713b-d779-4de3-997c-48541f2166d5/host
Jun 20 05:02:11 gtw01 dnsmasq-dhcp[1306]: read /var/lib/neutron/dhcp/c532713b-d779-4de3-997c-48541f2166d5/opts
Jun 20 05:02:12 gtw01 systemd-udevd[6220]: Could not generate persistent MAC address for qg-b2226775-e3: No such file or directory
Jun 20 05:02:12 gtw01 kernel: [ 9534.166129] device qg-b2226775-e3 entered promiscuous mode
Jun 20 05:02:12 gtw01 dnsmasq[5247]: read /var/lib/neutron/dhcp/cebf735f-da64-4f3b-8570-51af92afa19a/addn_hosts - 1 addresses
Jun 20 05:02:12 gtw01 dnsmasq-dhcp[5247]: read /var/lib/neutron/dhcp/cebf735f-da64-4f3b-8570-51af92afa19a/host
Jun 20 05:02:12 gtw01 dnsmasq-dhcp[5247]: read /var/lib/neutron/dhcp/cebf735f-da64-4f3b-8570-51af92afa19a/opts
Jun 20 05:02:13 gtw01 dnsmasq[5189]: read /var/lib/neutron/dhcp/a6ba596c-c010-4310-b790-2f3e1f7a8f19/addn_hosts - 2 addresses
Jun 20 05:02:13 gtw01 dnsmasq-dhcp[5189]: read /var/lib/neutron/dhcp/a6ba596c-c010-4310-b790-2f3e1f7a8f19/host
Jun 20 05:02:13 gtw01 dnsmasq-dhcp[5189]: read /var/lib/neutron/dhcp/a6ba596c-c010-4310-b790-2f3e1f7a8f19/opts
Jun 20 05:02:13 gtw01 dnsmasq[4554]: read /var/lib/neutron/dhcp/0ce7c632-186a-44be-8835-f9a9e2cef5fc/addn_hosts - 2 addresses
Jun 20 05:02:13 gtw01 dnsmasq-dhcp[4554]: read /var/lib/neutron/dhcp/0ce7c632-186a-44be-8835-f9a9e2cef5fc/host
Jun 20 05:02:13 gtw01 dnsmasq-dhcp[4554]: read /var/lib/neutron/dhcp/0ce7c632-186a-44be-8835-f9a9e2cef5fc/opts
Jun 20 05:02:13 gtw01 dnsmasq[6385]: started, version 2.80 cachesize 150
Jun 20 05:02:13 gtw01 dnsmasq[6385]: DNS service limited to local subnets
Jun 20 05:02:13 gtw01 dnsmasq[6385]: compile time options: IPv6 GNU-getopt DBus i18n IDN DHCP DHCPv6 no-Lua TFTP conntrack ipset auth DNSSEC loop-detect inotify dumpfile
Jun 20 05:02:13 gtw01 dnsmasq[6385]: warning: no upstream servers configured
Jun 20 05:02:13 gtw01 dnsmasq-dhcp[6385]: DHCP, static leases only on 192.168.120.0, lease time 1h
Jun 20 05:02:13 gtw01 dnsmasq[6385]: read /var/lib/neutron/dhcp/65d00a38-38b1-4070-ac13-50b9ff8859af/addn_hosts - 1 addresses
Jun 20 05:02:13 gtw01 dnsmasq-dhcp[6385]: read /var/lib/neutron/dhcp/65d00a38-38b1-4070-ac13-50b9ff8859af/host
Jun 20 05:02:13 gtw01 dnsmasq-dhcp[6385]: read /var/lib/neutron/dhcp/65d00a38-38b1-4070-ac13-50b9ff8859af/opts
Jun 20 05:02:13 gtw01 dnsmasq[594]: read /var/lib/neutron/dhcp/af22e160-70ab-44c1-8b14-a6a2a1284772/addn_hosts - 2 addresses
Jun 20 05:02:13 gtw01 dnsmasq-dhcp[594]: read /var/lib/neutron/dhcp/af22e160-70ab-44c1-8b14-a6a2a1284772/host
Jun 20 05:02:13 gtw01 dnsmasq-dhcp[594]: read /var/lib/neutron/dhcp/af22e160-70ab-44c1-8b14-a6a2a1284772/opts
Jun 20 05:02:13 gtw01 haproxy-metadata-proxy-65d00a38-38b1-4070-ac13-50b9ff8859af[6439]: Proxy listener started.
Jun 20 05:02:13 gtw01 dnsmasq[31823]: read /var/lib/neutron/dhcp/1abf66f9-aad1-450d-8871-9b7823763abd/addn_hosts - 3 addresses
Jun 20 05:02:13 gtw01 dnsmasq-dhcp[31823]: read /var/lib/neutron/dhcp/1abf66f9-aad1-450d-8871-9b7823763abd/host
Jun 20 05:02:13 gtw01 dnsmasq-dhcp[31823]: read /var/lib/neutron/dhcp/1abf66f9-aad1-450d-8871-9b7823763abd/opts
Jun 20 05:02:14 gtw01 dnsmasq[1306]: read /var/lib/neutron/dhcp/c532713b-d779-4de3-997c-48541f2166d5/addn_hosts - 2 addresses
Jun 20 05:02:14 gtw01 dnsmasq-dhcp[1306]: read /var/lib/neutron/dhcp/c532713b-d779-4de3-997c-48541f2166d5/host
Jun 20 05:02:14 gtw01 dnsmasq-dhcp[1306]: read /var/lib/neutron/dhcp/c532713b-d779-4de3-997c-48541f2166d5/opts
Jun 20 05:02:14 gtw01 systemd-udevd[6462]: Could not generate persistent MAC address for qr-799d7566-40: No such file or directory
Jun 20 05:02:14 gtw01 kernel: [ 9535.886146] device qr-799d7566-40 entered promiscuous mode
Jun 20 05:02:14 gtw01 dnsmasq[3473]: read /var/lib/neutron/dhcp/d75ca5d5-2449-4c2d-b764-eb4f3a5554d0/addn_hosts - 2 addresses
Jun 20 05:02:14 gtw01 dnsmasq-dhcp[3473]: read /var/lib/neutron/dhcp/d75ca5d5-2449-4c2d-b764-eb4f3a5554d0/host
Jun 20 05:02:14 gtw01 dnsmasq-dhcp[3473]: read /var/lib/neutron/dhcp/d75ca5d5-2449-4c2d-b764-eb4f3a5554d0/opts
Jun 20 05:02:14 gtw01 dnsmasq[5189]: read /var/lib/neutron/dhcp/a6ba596c-c010-4310-b790-2f3e1f7a8f19/addn_hosts - 2 addresses
Jun 20 05:02:14 gtw01 dnsmasq-dhcp[5189]: read /var/lib/neutron/dhcp/a6ba596c-c010-4310-b790-2f3e1f7a8f19/host
Jun 20 05:02:14 gtw01 dnsmasq-dhcp[5189]: read /var/lib/neutron/dhcp/a6ba596c-c010-4310-b790-2f3e1f7a8f19/opts
Jun 20 05:02:15 gtw01 dnsmasq[2988]: read /var/lib/neutron/dhcp/fd826067-90ba-4200-ae91-d8b7197cd918/addn_hosts - 2 addresses
Jun 20 05:02:15 gtw01 dnsmasq-dhcp[2988]: read /var/lib/neutron/dhcp/fd826067-90ba-4200-ae91-d8b7197cd918/host
Jun 20 05:02:15 gtw01 dnsmasq-dhcp[2988]: read /var/lib/neutron/dhcp/fd826067-90ba-4200-ae91-d8b7197cd918/opts
Jun 20 05:02:15 gtw01 dnsmasq[4019]: read /var/lib/neutron/dhcp/f59b89d4-b902-413f-8175-49786710a4a1/addn_hosts - 2 addresses
Jun 20 05:02:15 gtw01 dnsmasq-dhcp[4019]: read /var/lib/neutron/dhcp/f59b89d4-b902-413f-8175-49786710a4a1/host
Jun 20 05:02:15 gtw01 dnsmasq-dhcp[4019]: read /var/lib/neutron/dhcp/f59b89d4-b902-413f-8175-49786710a4a1/opts
Jun 20 05:02:15 gtw01 kernel: [ 9537.328339] device tap90dcdf8f-8c left promiscuous mode
Jun 20 05:02:15 gtw01 kernel: [ 9537.346410] net_ratelimit: 24 callbacks suppressed
Jun 20 05:02:15 gtw01 kernel: [ 9537.346412] IPv4: martian source 192.168.120.1 from 192.168.120.1, on dev qr-688adcc0-5d
Jun 20 05:02:15 gtw01 kernel: [ 9537.346414] ll header: 00000000: ff ff ff ff ff ff fa 16 3e e5 21 7a 08 06        ........>.!z..
Jun 20 05:02:15 gtw01 kernel: [ 9537.346417] IPv4: martian source 192.168.120.1 from 192.168.120.1, on dev qr-9b7177bf-9c
Jun 20 05:02:15 gtw01 kernel: [ 9537.346418] ll header: 00000000: ff ff ff ff ff ff fa 16 3e e5 21 7a 08 06        ........>.!z..
Jun 20 05:02:15 gtw01 kernel: [ 9537.346420] IPv4: martian source 192.168.120.1 from 192.168.120.1, on dev qr-5564dd8d-98
Jun 20 05:02:15 gtw01 kernel: [ 9537.346421] ll header: 00000000: ff ff ff ff ff ff fa 16 3e e5 21 7a 08 06        ........>.!z..
Jun 20 05:02:15 gtw01 kernel: [ 9537.346427] IPv4: martian source 192.168.120.1 from 192.168.120.1, on dev qr-1334f957-66
Jun 20 05:02:15 gtw01 kernel: [ 9537.346428] ll header: 00000000: ff ff ff ff ff ff fa 16 3e e5 21 7a 08 06        ........>.!z..
Jun 20 05:02:15 gtw01 kernel: [ 9537.346430] IPv4: martian source 192.168.120.1 from 192.168.120.1, on dev qr-c7337ccd-04
Jun 20 05:02:15 gtw01 kernel: [ 9537.346431] ll header: 00000000: ff ff ff ff ff ff fa 16 3e e5 21 7a 08 06        ........>.!z..
Jun 20 05:02:15 gtw01 kernel: [ 9537.346435] IPv4: martian source 192.168.120.1 from 192.168.120.1, on dev qr-533fa042-be
Jun 20 05:02:15 gtw01 kernel: [ 9537.346436] ll header: 00000000: ff ff ff ff ff ff fa 16 3e e5 21 7a 08 06        ........>.!z..
Jun 20 05:02:15 gtw01 kernel: [ 9537.346437] IPv4: martian source 192.168.120.1 from 192.168.120.1, on dev qg-b2226775-e3
Jun 20 05:02:15 gtw01 kernel: [ 9537.346438] ll header: 00000000: ff ff ff ff ff ff fa 16 3e e5 21 7a 08 06        ........>.!z..
Jun 20 05:02:15 gtw01 kernel: [ 9537.346440] IPv4: martian source 192.168.120.1 from 192.168.120.1, on dev qr-799d7566-40
Jun 20 05:02:15 gtw01 kernel: [ 9537.346441] ll header: 00000000: ff ff ff ff ff ff fa 16 3e e5 21 7a 08 06        ........>.!z..
Jun 20 05:02:15 gtw01 kernel: [ 9537.362088] IPv4: martian source 192.168.120.1 from 192.168.120.1, on dev qr-688adcc0-5d
Jun 20 05:02:15 gtw01 kernel: [ 9537.362091] ll header: 00000000: ff ff ff ff ff ff fa 16 3e 09 0a 20 08 06        ........>.. ..
Jun 20 05:02:15 gtw01 kernel: [ 9537.362094] IPv4: martian source 192.168.120.1 from 192.168.120.1, on dev qr-9b7177bf-9c
Jun 20 05:02:15 gtw01 kernel: [ 9537.362095] ll header: 00000000: ff ff ff ff ff ff fa 16 3e 09 0a 20 08 06        ........>.. ..
Jun 20 05:02:15 gtw01 dnsmasq[4554]: read /var/lib/neutron/dhcp/0ce7c632-186a-44be-8835-f9a9e2cef5fc/addn_hosts - 2 addresses
Jun 20 05:02:15 gtw01 dnsmasq-dhcp[4554]: read /var/lib/neutron/dhcp/0ce7c632-186a-44be-8835-f9a9e2cef5fc/host
Jun 20 05:02:15 gtw01 dnsmasq-dhcp[4554]: read /var/lib/neutron/dhcp/0ce7c632-186a-44be-8835-f9a9e2cef5fc/opts
Jun 20 05:02:16 gtw01 dnsmasq[320]: read /var/lib/neutron/dhcp/4750a653-e78c-445a-b26b-edefff918f98/addn_hosts - 1 addresses
Jun 20 05:02:16 gtw01 dnsmasq-dhcp[320]: read /var/lib/neutron/dhcp/4750a653-e78c-445a-b26b-edefff918f98/host
Jun 20 05:02:16 gtw01 dnsmasq-dhcp[320]: read /var/lib/neutron/dhcp/4750a653-e78c-445a-b26b-edefff918f98/opts
Jun 20 05:02:16 gtw01 dnsmasq[30798]: read /var/lib/neutron/dhcp/3b768f31-e651-4db2-bf55-3fcdeb92964e/addn_hosts - 2 addresses
Jun 20 05:02:16 gtw01 dnsmasq-dhcp[30798]: read /var/lib/neutron/dhcp/3b768f31-e651-4db2-bf55-3fcdeb92964e/host
Jun 20 05:02:16 gtw01 dnsmasq-dhcp[30798]: read /var/lib/neutron/dhcp/3b768f31-e651-4db2-bf55-3fcdeb92964e/opts
Jun 20 05:02:16 gtw01 systemd-udevd[6734]: Could not generate persistent MAC address for qg-44e1f22d-fb: No such file or directory
Jun 20 05:02:16 gtw01 kernel: [ 9537.962294] device qg-44e1f22d-fb entered promiscuous mode
Jun 20 05:02:16 gtw01 dnsmasq[6385]: read /var/lib/neutron/dhcp/65d00a38-38b1-4070-ac13-50b9ff8859af/addn_hosts - 2 addresses
Jun 20 05:02:16 gtw01 dnsmasq-dhcp[6385]: read /var/lib/neutron/dhcp/65d00a38-38b1-4070-ac13-50b9ff8859af/host
Jun 20 05:02:16 gtw01 dnsmasq-dhcp[6385]: read /var/lib/neutron/dhcp/65d00a38-38b1-4070-ac13-50b9ff8859af/opts
Jun 20 05:02:17 gtw01 dnsmasq[4356]: read /var/lib/neutron/dhcp/e91d1bf2-81cd-4d6e-bbf2-5e3e4dbd9822/addn_hosts - 2 addresses
Jun 20 05:02:17 gtw01 dnsmasq-dhcp[4356]: read /var/lib/neutron/dhcp/e91d1bf2-81cd-4d6e-bbf2-5e3e4dbd9822/host
Jun 20 05:02:17 gtw01 dnsmasq-dhcp[4356]: read /var/lib/neutron/dhcp/e91d1bf2-81cd-4d6e-bbf2-5e3e4dbd9822/opts
Jun 20 05:02:17 gtw01 dnsmasq[2988]: read /var/lib/neutron/dhcp/fd826067-90ba-4200-ae91-d8b7197cd918/addn_hosts - 2 addresses
Jun 20 05:02:17 gtw01 dnsmasq-dhcp[2988]: read /var/lib/neutron/dhcp/fd826067-90ba-4200-ae91-d8b7197cd918/host
Jun 20 05:02:17 gtw01 dnsmasq-dhcp[2988]: read /var/lib/neutron/dhcp/fd826067-90ba-4200-ae91-d8b7197cd918/opts
Jun 20 05:02:17 gtw01 dnsmasq[4019]: read /var/lib/neutron/dhcp/f59b89d4-b902-413f-8175-49786710a4a1/addn_hosts - 2 addresses
Jun 20 05:02:17 gtw01 dnsmasq-dhcp[4019]: read /var/lib/neutron/dhcp/f59b89d4-b902-413f-8175-49786710a4a1/host
Jun 20 05:02:17 gtw01 dnsmasq-dhcp[4019]: read /var/lib/neutron/dhcp/f59b89d4-b902-413f-8175-49786710a4a1/opts
Jun 20 05:02:17 gtw01 dnsmasq[5189]: read /var/lib/neutron/dhcp/a6ba596c-c010-4310-b790-2f3e1f7a8f19/addn_hosts - 2 addresses
Jun 20 05:02:17 gtw01 dnsmasq-dhcp[5189]: read /var/lib/neutron/dhcp/a6ba596c-c010-4310-b790-2f3e1f7a8f19/host
Jun 20 05:02:17 gtw01 dnsmasq-dhcp[5189]: read /var/lib/neutron/dhcp/a6ba596c-c010-4310-b790-2f3e1f7a8f19/opts
Jun 20 05:02:17 gtw01 systemd-udevd[6971]: Could not generate persistent MAC address for qr-96b92483-44: No such file or directory
Jun 20 05:02:17 gtw01 kernel: [ 9539.678274] device qr-96b92483-44 entered promiscuous mode
Jun 20 05:02:18 gtw01 dnsmasq[4554]: read /var/lib/neutron/dhcp/0ce7c632-186a-44be-8835-f9a9e2cef5fc/addn_hosts - 2 addresses
Jun 20 05:02:18 gtw01 dnsmasq-dhcp[4554]: read /var/lib/neutron/dhcp/0ce7c632-186a-44be-8835-f9a9e2cef5fc/host
Jun 20 05:02:18 gtw01 dnsmasq-dhcp[4554]: read /var/lib/neutron/dhcp/0ce7c632-186a-44be-8835-f9a9e2cef5fc/opts
Jun 20 05:02:18 gtw01 haproxy-metadata-proxy-4750a653-e78c-445a-b26b-edefff918f98[7073]: Proxy listener started.
Jun 20 05:02:19 gtw01 systemd-udevd[7156]: Could not generate persistent MAC address for qr-c0e2dbcd-b9: No such file or directory
Jun 20 05:02:19 gtw01 kernel: [ 9540.834197] device qr-c0e2dbcd-b9 entered promiscuous mode
Jun 20 05:02:19 gtw01 systemd-udevd[7240]: Could not generate persistent MAC address for qr-3337fd08-b4: No such file or directory
Jun 20 05:02:19 gtw01 kernel: [ 9541.018269] device qr-3337fd08-b4 entered promiscuous mode
Jun 20 05:02:19 gtw01 kernel: [ 9541.029079] device tap5809f8a4-02 left promiscuous mode
Jun 20 05:02:19 gtw01 dnsmasq[5247]: read /var/lib/neutron/dhcp/cebf735f-da64-4f3b-8570-51af92afa19a/addn_hosts - 2 addresses
Jun 20 05:02:19 gtw01 dnsmasq-dhcp[5247]: read /var/lib/neutron/dhcp/cebf735f-da64-4f3b-8570-51af92afa19a/host
Jun 20 05:02:19 gtw01 dnsmasq-dhcp[5247]: read /var/lib/neutron/dhcp/cebf735f-da64-4f3b-8570-51af92afa19a/opts
Jun 20 05:02:19 gtw01 kernel: [ 9541.710120] device tap23025bfb-ab left promiscuous mode
Jun 20 05:02:20 gtw01 dnsmasq[6385]: read /var/lib/neutron/dhcp/65d00a38-38b1-4070-ac13-50b9ff8859af/addn_hosts - 2 addresses
Jun 20 05:02:20 gtw01 dnsmasq-dhcp[6385]: read /var/lib/neutron/dhcp/65d00a38-38b1-4070-ac13-50b9ff8859af/host
Jun 20 05:02:20 gtw01 dnsmasq-dhcp[6385]: read /var/lib/neutron/dhcp/65d00a38-38b1-4070-ac13-50b9ff8859af/opts
Jun 20 05:02:20 gtw01 dnsmasq[4356]: read /var/lib/neutron/dhcp/e91d1bf2-81cd-4d6e-bbf2-5e3e4dbd9822/addn_hosts - 2 addresses
Jun 20 05:02:20 gtw01 dnsmasq-dhcp[4356]: read /var/lib/neutron/dhcp/e91d1bf2-81cd-4d6e-bbf2-5e3e4dbd9822/host
Jun 20 05:02:20 gtw01 dnsmasq-dhcp[4356]: read /var/lib/neutron/dhcp/e91d1bf2-81cd-4d6e-bbf2-5e3e4dbd9822/opts
Jun 20 05:02:20 gtw01 dnsmasq[31823]: read /var/lib/neutron/dhcp/1abf66f9-aad1-450d-8871-9b7823763abd/addn_hosts - 3 addresses
Jun 20 05:02:20 gtw01 dnsmasq-dhcp[31823]: read /var/lib/neutron/dhcp/1abf66f9-aad1-450d-8871-9b7823763abd/host
Jun 20 05:02:20 gtw01 dnsmasq-dhcp[31823]: read /var/lib/neutron/dhcp/1abf66f9-aad1-450d-8871-9b7823763abd/opts
Jun 20 05:02:20 gtw01 dnsmasq[594]: read /var/lib/neutron/dhcp/af22e160-70ab-44c1-8b14-a6a2a1284772/addn_hosts - 1 addresses
Jun 20 05:02:20 gtw01 dnsmasq-dhcp[594]: read /var/lib/neutron/dhcp/af22e160-70ab-44c1-8b14-a6a2a1284772/host
Jun 20 05:02:20 gtw01 dnsmasq-dhcp[594]: read /var/lib/neutron/dhcp/af22e160-70ab-44c1-8b14-a6a2a1284772/opts
Jun 20 05:02:20 gtw01 dnsmasq[5189]: read /var/lib/neutron/dhcp/a6ba596c-c010-4310-b790-2f3e1f7a8f19/addn_hosts - 2 addresses
Jun 20 05:02:20 gtw01 dnsmasq-dhcp[5189]: read /var/lib/neutron/dhcp/a6ba596c-c010-4310-b790-2f3e1f7a8f19/host
Jun 20 05:02:20 gtw01 dnsmasq-dhcp[5189]: read /var/lib/neutron/dhcp/a6ba596c-c010-4310-b790-2f3e1f7a8f19/opts
Jun 20 05:02:21 gtw01 dnsmasq[4554]: read /var/lib/neutron/dhcp/0ce7c632-186a-44be-8835-f9a9e2cef5fc/addn_hosts - 1 addresses
Jun 20 05:02:21 gtw01 dnsmasq-dhcp[4554]: read /var/lib/neutron/dhcp/0ce7c632-186a-44be-8835-f9a9e2cef5fc/host
Jun 20 05:02:21 gtw01 dnsmasq-dhcp[4554]: read /var/lib/neutron/dhcp/0ce7c632-186a-44be-8835-f9a9e2cef5fc/opts
Jun 20 05:02:21 gtw01 systemd-udevd[7508]: Could not generate persistent MAC address for qg-f28e8eea-6a: No such file or directory
Jun 20 05:02:21 gtw01 kernel: [ 9542.986297] device qg-f28e8eea-6a entered promiscuous mode
Jun 20 05:02:21 gtw01 kernel: [ 9543.139405] net_ratelimit: 47 callbacks suppressed
Jun 20 05:02:21 gtw01 kernel: [ 9543.139417] IPv4: martian source 192.168.120.1 from 192.168.120.1, on dev qr-688adcc0-5d
Jun 20 05:02:21 gtw01 kernel: [ 9543.139420] ll header: 00000000: ff ff ff ff ff ff fa 16 3e 9a 7c f1 08 06        ........>.|...
Jun 20 05:02:21 gtw01 kernel: [ 9543.139434] IPv4: martian source 192.168.120.1 from 192.168.120.1, on dev qr-9b7177bf-9c
Jun 20 05:02:21 gtw01 kernel: [ 9543.139435] ll header: 00000000: ff ff ff ff ff ff fa 16 3e 9a 7c f1 08 06        ........>.|...
Jun 20 05:02:21 gtw01 kernel: [ 9543.139437] IPv4: martian source 192.168.120.1 from 192.168.120.1, on dev qr-5564dd8d-98
Jun 20 05:02:21 gtw01 kernel: [ 9543.139438] ll header: 00000000: ff ff ff ff ff ff fa 16 3e 9a 7c f1 08 06        ........>.|...
Jun 20 05:02:21 gtw01 kernel: [ 9543.139444] IPv4: martian source 192.168.120.1 from 192.168.120.1, on dev qr-1334f957-66
Jun 20 05:02:21 gtw01 kernel: [ 9543.139445] ll header: 00000000: ff ff ff ff ff ff fa 16 3e 9a 7c f1 08 06        ........>.|...
Jun 20 05:02:21 gtw01 kernel: [ 9543.139448] IPv4: martian source 192.168.120.1 from 192.168.120.1, on dev qr-c7337ccd-04
Jun 20 05:02:21 gtw01 kernel: [ 9543.139448] ll header: 00000000: ff ff ff ff ff ff fa 16 3e 9a 7c f1 08 06        ........>.|...
Jun 20 05:02:21 gtw01 kernel: [ 9543.139453] IPv4: martian source 192.168.120.1 from 192.168.120.1, on dev qr-533fa042-be
Jun 20 05:02:21 gtw01 kernel: [ 9543.139453] ll header: 00000000: ff ff ff ff ff ff fa 16 3e 9a 7c f1 08 06        ........>.|...
Jun 20 05:02:21 gtw01 kernel: [ 9543.139455] IPv4: martian source 192.168.120.1 from 192.168.120.1, on dev qr-877cb05d-ca
Jun 20 05:02:21 gtw01 kernel: [ 9543.139456] ll header: 00000000: ff ff ff ff ff ff fa 16 3e 9a 7c f1 08 06        ........>.|...
Jun 20 05:02:21 gtw01 kernel: [ 9543.139458] IPv4: martian source 192.168.120.1 from 192.168.120.1, on dev qg-b2226775-e3
Jun 20 05:02:21 gtw01 kernel: [ 9543.139458] ll header: 00000000: ff ff ff ff ff ff fa 16 3e 9a 7c f1 08 06        ........>.|...
Jun 20 05:02:21 gtw01 kernel: [ 9543.139461] IPv4: martian source 192.168.120.1 from 192.168.120.1, on dev qr-799d7566-40
Jun 20 05:02:21 gtw01 kernel: [ 9543.139461] ll header: 00000000: ff ff ff ff ff ff fa 16 3e 9a 7c f1 08 06        ........>.|...
Jun 20 05:02:21 gtw01 kernel: [ 9543.139463] IPv4: martian source 192.168.120.1 from 192.168.120.1, on dev qg-44e1f22d-fb
Jun 20 05:02:21 gtw01 kernel: [ 9543.139463] ll header: 00000000: ff ff ff ff ff ff fa 16 3e 9a 7c f1 08 06        ........>.|...
Jun 20 05:02:21 gtw01 kernel: [ 9543.193641] device qg-23d5f1f5-54 entered promiscuous mode
Jun 20 05:02:21 gtw01 systemd-udevd[7594]: Could not generate persistent MAC address for qg-23d5f1f5-54: No such file or directory
Jun 20 05:02:22 gtw01 systemd-udevd[7788]: Could not generate persistent MAC address for qr-f3f9c2d5-86: No such file or directory
Jun 20 05:02:22 gtw01 kernel: [ 9544.426331] device qr-f3f9c2d5-86 entered promiscuous mode
Jun 20 05:02:22 gtw01 dnsmasq[5247]: read /var/lib/neutron/dhcp/cebf735f-da64-4f3b-8570-51af92afa19a/addn_hosts - 2 addresses
Jun 20 05:02:22 gtw01 dnsmasq-dhcp[5247]: read /var/lib/neutron/dhcp/cebf735f-da64-4f3b-8570-51af92afa19a/host
Jun 20 05:02:22 gtw01 dnsmasq-dhcp[5247]: read /var/lib/neutron/dhcp/cebf735f-da64-4f3b-8570-51af92afa19a/opts
Jun 20 05:02:22 gtw01 dnsmasq[3473]: read /var/lib/neutron/dhcp/d75ca5d5-2449-4c2d-b764-eb4f3a5554d0/addn_hosts - 1 addresses
Jun 20 05:02:22 gtw01 dnsmasq-dhcp[3473]: read /var/lib/neutron/dhcp/d75ca5d5-2449-4c2d-b764-eb4f3a5554d0/host
Jun 20 05:02:22 gtw01 dnsmasq-dhcp[3473]: read /var/lib/neutron/dhcp/d75ca5d5-2449-4c2d-b764-eb4f3a5554d0/opts
Jun 20 05:02:22 gtw01 haproxy-metadata-proxy-0ce7c632-186a-44be-8835-f9a9e2cef5fc[7873]: Proxy listener started.
Jun 20 05:02:22 gtw01 haproxy-metadata-proxy-af22e160-70ab-44c1-8b14-a6a2a1284772[7879]: Proxy listener started.
Jun 20 05:02:22 gtw01 dnsmasq[6385]: read /var/lib/neutron/dhcp/65d00a38-38b1-4070-ac13-50b9ff8859af/addn_hosts - 2 addresses
