Jun 20 04:07:01 gtw01 dnsmasq-dhcp[27171]: read /var/lib/neutron/dhcp/45a8fd7f-b63b-4213-8721-3e6672dd62b0/host
Jun 20 04:07:01 gtw01 dnsmasq-dhcp[27171]: read /var/lib/neutron/dhcp/45a8fd7f-b63b-4213-8721-3e6672dd62b0/opts
Jun 20 04:07:01 gtw01 haproxy-metadata-proxy-afe2a8a3-6f35-420f-b379-9fb940d91f5a[30918]: Proxy listener started.
Jun 20 04:07:02 gtw01 dnsmasq[30676]: read /var/lib/neutron/dhcp/c2f361c7-6254-43c1-9d01-a24ff8f1268f/addn_hosts - 2 addresses
Jun 20 04:07:02 gtw01 dnsmasq-dhcp[30676]: read /var/lib/neutron/dhcp/c2f361c7-6254-43c1-9d01-a24ff8f1268f/host
Jun 20 04:07:02 gtw01 dnsmasq-dhcp[30676]: read /var/lib/neutron/dhcp/c2f361c7-6254-43c1-9d01-a24ff8f1268f/opts
Jun 20 04:07:03 gtw01 kernel: [ 6224.730279] IPv4: martian source 192.168.120.1 from 192.168.120.1, on dev qg-05f9ffa5-5a
Jun 20 04:07:03 gtw01 kernel: [ 6224.730283] ll header: 00000000: ff ff ff ff ff ff fa 16 3e 94 ef 2f 08 06        ........>../..
Jun 20 04:07:03 gtw01 dnsmasq[30676]: read /var/lib/neutron/dhcp/c2f361c7-6254-43c1-9d01-a24ff8f1268f/addn_hosts - 2 addresses
Jun 20 04:07:03 gtw01 dnsmasq-dhcp[30676]: read /var/lib/neutron/dhcp/c2f361c7-6254-43c1-9d01-a24ff8f1268f/host
Jun 20 04:07:03 gtw01 dnsmasq-dhcp[30676]: read /var/lib/neutron/dhcp/c2f361c7-6254-43c1-9d01-a24ff8f1268f/opts
Jun 20 04:07:03 gtw01 kernel: [ 6225.218344] IPv4: martian source 10.16.0.137 from 10.16.0.137, on dev qr-2f3c2c2a-8a
Jun 20 04:07:03 gtw01 kernel: [ 6225.218347] ll header: 00000000: ff ff ff ff ff ff fa 16 3e fc 5a 2f 08 06        ........>.Z/..
Jun 20 04:07:03 gtw01 dnsmasq[29999]: read /var/lib/neutron/dhcp/f23c6fd1-c454-4080-948b-6c423ab6e966/addn_hosts - 3 addresses
Jun 20 04:07:03 gtw01 dnsmasq-dhcp[29999]: read /var/lib/neutron/dhcp/f23c6fd1-c454-4080-948b-6c423ab6e966/host
Jun 20 04:07:03 gtw01 dnsmasq-dhcp[29999]: read /var/lib/neutron/dhcp/f23c6fd1-c454-4080-948b-6c423ab6e966/opts
Jun 20 04:07:04 gtw01 dnsmasq[30676]: read /var/lib/neutron/dhcp/c2f361c7-6254-43c1-9d01-a24ff8f1268f/addn_hosts - 2 addresses
Jun 20 04:07:04 gtw01 dnsmasq-dhcp[30676]: read /var/lib/neutron/dhcp/c2f361c7-6254-43c1-9d01-a24ff8f1268f/host
Jun 20 04:07:04 gtw01 dnsmasq-dhcp[30676]: read /var/lib/neutron/dhcp/c2f361c7-6254-43c1-9d01-a24ff8f1268f/opts
Jun 20 04:07:04 gtw01 systemd-udevd[31100]: Could not generate persistent MAC address for qr-20df7278-f7: No such file or directory
Jun 20 04:07:04 gtw01 kernel: [ 6226.206544] device qr-20df7278-f7 entered promiscuous mode
Jun 20 04:07:05 gtw01 dnsmasq[29999]: read /var/lib/neutron/dhcp/f23c6fd1-c454-4080-948b-6c423ab6e966/addn_hosts - 3 addresses
Jun 20 04:07:05 gtw01 dnsmasq-dhcp[29999]: read /var/lib/neutron/dhcp/f23c6fd1-c454-4080-948b-6c423ab6e966/host
Jun 20 04:07:05 gtw01 dnsmasq-dhcp[29999]: read /var/lib/neutron/dhcp/f23c6fd1-c454-4080-948b-6c423ab6e966/opts
Jun 20 04:07:05 gtw01 dnsmasq[30676]: read /var/lib/neutron/dhcp/c2f361c7-6254-43c1-9d01-a24ff8f1268f/addn_hosts - 3 addresses
Jun 20 04:07:05 gtw01 dnsmasq-dhcp[30676]: read /var/lib/neutron/dhcp/c2f361c7-6254-43c1-9d01-a24ff8f1268f/host
Jun 20 04:07:05 gtw01 dnsmasq-dhcp[30676]: read /var/lib/neutron/dhcp/c2f361c7-6254-43c1-9d01-a24ff8f1268f/opts
Jun 20 04:07:05 gtw01 kernel: [ 6227.414270] IPv4: martian source 192.168.120.1 from 192.168.120.1, on dev qg-05f9ffa5-5a
Jun 20 04:07:05 gtw01 kernel: [ 6227.414273] ll header: 00000000: ff ff ff ff ff ff fa 16 3e 94 ef 2f 08 06        ........>../..
Jun 20 04:07:05 gtw01 kernel: [ 6227.414277] IPv4: martian source 192.168.120.1 from 192.168.120.1, on dev qr-20df7278-f7
Jun 20 04:07:05 gtw01 kernel: [ 6227.414278] ll header: 00000000: ff ff ff ff ff ff fa 16 3e 94 ef 2f 08 06        ........>../..
Jun 20 04:07:05 gtw01 dnsmasq[27171]: read /var/lib/neutron/dhcp/45a8fd7f-b63b-4213-8721-3e6672dd62b0/addn_hosts - 1 addresses
Jun 20 04:07:05 gtw01 dnsmasq-dhcp[27171]: read /var/lib/neutron/dhcp/45a8fd7f-b63b-4213-8721-3e6672dd62b0/host
Jun 20 04:07:05 gtw01 dnsmasq-dhcp[27171]: read /var/lib/neutron/dhcp/45a8fd7f-b63b-4213-8721-3e6672dd62b0/opts
Jun 20 04:07:06 gtw01 dnsmasq[29999]: read /var/lib/neutron/dhcp/f23c6fd1-c454-4080-948b-6c423ab6e966/addn_hosts - 3 addresses
Jun 20 04:07:06 gtw01 dnsmasq-dhcp[29999]: read /var/lib/neutron/dhcp/f23c6fd1-c454-4080-948b-6c423ab6e966/host
Jun 20 04:07:06 gtw01 dnsmasq-dhcp[29999]: read /var/lib/neutron/dhcp/f23c6fd1-c454-4080-948b-6c423ab6e966/opts
Jun 20 04:07:06 gtw01 kernel: [ 6228.674660] IPv4: martian source 192.168.120.1 from 192.168.120.1, on dev qr-2f3c2c2a-8a
Jun 20 04:07:06 gtw01 kernel: [ 6228.674664] ll header: 00000000: ff ff ff ff ff ff fa 16 3e db 51 17 08 06        ........>.Q...
Jun 20 04:07:07 gtw01 dnsmasq[30676]: read /var/lib/neutron/dhcp/c2f361c7-6254-43c1-9d01-a24ff8f1268f/addn_hosts - 3 addresses
Jun 20 04:07:07 gtw01 dnsmasq-dhcp[30676]: read /var/lib/neutron/dhcp/c2f361c7-6254-43c1-9d01-a24ff8f1268f/host
Jun 20 04:07:07 gtw01 dnsmasq-dhcp[30676]: read /var/lib/neutron/dhcp/c2f361c7-6254-43c1-9d01-a24ff8f1268f/opts
Jun 20 04:07:07 gtw01 haproxy-metadata-proxy-45a8fd7f-b63b-4213-8721-3e6672dd62b0[31382]: Proxy listener started.
Jun 20 04:07:07 gtw01 dnsmasq-dhcp[29322]: DHCPDISCOVER(tapbedbc98b-8a) fa:16:3e:f9:99:b8
Jun 20 04:07:07 gtw01 dnsmasq-dhcp[29322]: DHCPOFFER(tapbedbc98b-8a) 192.168.120.10 fa:16:3e:f9:99:b8
Jun 20 04:07:07 gtw01 dnsmasq-dhcp[29322]: DHCPREQUEST(tapbedbc98b-8a) 192.168.120.10 fa:16:3e:f9:99:b8
Jun 20 04:07:07 gtw01 dnsmasq-dhcp[29322]: DHCPACK(tapbedbc98b-8a) 192.168.120.10 fa:16:3e:f9:99:b8 host-192-168-120-10
Jun 20 04:07:07 gtw01 kernel: [ 6229.533448] device qr-b4030ae7-28 left promiscuous mode
Jun 20 04:07:07 gtw01 dnsmasq[29999]: read /var/lib/neutron/dhcp/f23c6fd1-c454-4080-948b-6c423ab6e966/addn_hosts - 3 addresses
Jun 20 04:07:07 gtw01 dnsmasq-dhcp[29999]: read /var/lib/neutron/dhcp/f23c6fd1-c454-4080-948b-6c423ab6e966/host
Jun 20 04:07:07 gtw01 dnsmasq-dhcp[29999]: read /var/lib/neutron/dhcp/f23c6fd1-c454-4080-948b-6c423ab6e966/opts
Jun 20 04:07:08 gtw01 dnsmasq[30676]: read /var/lib/neutron/dhcp/c2f361c7-6254-43c1-9d01-a24ff8f1268f/addn_hosts - 3 addresses
Jun 20 04:07:08 gtw01 dnsmasq-dhcp[30676]: read /var/lib/neutron/dhcp/c2f361c7-6254-43c1-9d01-a24ff8f1268f/host
Jun 20 04:07:08 gtw01 dnsmasq-dhcp[30676]: read /var/lib/neutron/dhcp/c2f361c7-6254-43c1-9d01-a24ff8f1268f/opts
Jun 20 04:07:08 gtw01 kernel: [ 6230.400822] device qg-b9999087-df left promiscuous mode
Jun 20 04:07:08 gtw01 haproxy-metadata-proxy-ef6e0e42-5c20-481b-ac38-f0dd5b6cf6ed[31488]: Proxy listener started.
Jun 20 04:07:08 gtw01 dnsmasq[29999]: read /var/lib/neutron/dhcp/f23c6fd1-c454-4080-948b-6c423ab6e966/addn_hosts - 3 addresses
Jun 20 04:07:08 gtw01 dnsmasq-dhcp[29999]: read /var/lib/neutron/dhcp/f23c6fd1-c454-4080-948b-6c423ab6e966/host
Jun 20 04:07:08 gtw01 dnsmasq-dhcp[29999]: read /var/lib/neutron/dhcp/f23c6fd1-c454-4080-948b-6c423ab6e966/opts
Jun 20 04:07:09 gtw01 dnsmasq[30676]: read /var/lib/neutron/dhcp/c2f361c7-6254-43c1-9d01-a24ff8f1268f/addn_hosts - 3 addresses
Jun 20 04:07:09 gtw01 dnsmasq-dhcp[30676]: read /var/lib/neutron/dhcp/c2f361c7-6254-43c1-9d01-a24ff8f1268f/host
Jun 20 04:07:09 gtw01 dnsmasq-dhcp[30676]: read /var/lib/neutron/dhcp/c2f361c7-6254-43c1-9d01-a24ff8f1268f/opts
Jun 20 04:07:09 gtw01 kernel: [ 6231.598257] IPv4: martian source 192.168.120.1 from 192.168.120.1, on dev qr-2f3c2c2a-8a
Jun 20 04:07:09 gtw01 kernel: [ 6231.598260] ll header: 00000000: ff ff ff ff ff ff fa 16 3e db 51 17 08 06        ........>.Q...
Jun 20 04:07:10 gtw01 kernel: [ 6232.156950] device tap648a4dc0-6b left promiscuous mode
Jun 20 04:07:10 gtw01 dnsmasq[30676]: read /var/lib/neutron/dhcp/c2f361c7-6254-43c1-9d01-a24ff8f1268f/addn_hosts - 3 addresses
Jun 20 04:07:10 gtw01 dnsmasq-dhcp[30676]: read /var/lib/neutron/dhcp/c2f361c7-6254-43c1-9d01-a24ff8f1268f/host
Jun 20 04:07:10 gtw01 dnsmasq-dhcp[30676]: read /var/lib/neutron/dhcp/c2f361c7-6254-43c1-9d01-a24ff8f1268f/opts
Jun 20 04:07:11 gtw01 dnsmasq[30676]: read /var/lib/neutron/dhcp/c2f361c7-6254-43c1-9d01-a24ff8f1268f/addn_hosts - 3 addresses
Jun 20 04:07:11 gtw01 dnsmasq-dhcp[30676]: read /var/lib/neutron/dhcp/c2f361c7-6254-43c1-9d01-a24ff8f1268f/host
Jun 20 04:07:11 gtw01 dnsmasq-dhcp[30676]: read /var/lib/neutron/dhcp/c2f361c7-6254-43c1-9d01-a24ff8f1268f/opts
Jun 20 04:07:15 gtw01 dnsmasq[29322]: read /var/lib/neutron/dhcp/c1b4e40d-e548-4dc3-b364-6d4a14bcc9c0/addn_hosts - 4 addresses
Jun 20 04:07:15 gtw01 dnsmasq-dhcp[29322]: read /var/lib/neutron/dhcp/c1b4e40d-e548-4dc3-b364-6d4a14bcc9c0/host
Jun 20 04:07:15 gtw01 dnsmasq-dhcp[29322]: read /var/lib/neutron/dhcp/c1b4e40d-e548-4dc3-b364-6d4a14bcc9c0/opts
Jun 20 04:07:16 gtw01 dnsmasq[29322]: read /var/lib/neutron/dhcp/c1b4e40d-e548-4dc3-b364-6d4a14bcc9c0/addn_hosts - 4 addresses
Jun 20 04:07:16 gtw01 dnsmasq-dhcp[29322]: read /var/lib/neutron/dhcp/c1b4e40d-e548-4dc3-b364-6d4a14bcc9c0/host
Jun 20 04:07:16 gtw01 dnsmasq-dhcp[29322]: read /var/lib/neutron/dhcp/c1b4e40d-e548-4dc3-b364-6d4a14bcc9c0/opts
Jun 20 04:07:17 gtw01 dnsmasq[29322]: read /var/lib/neutron/dhcp/c1b4e40d-e548-4dc3-b364-6d4a14bcc9c0/addn_hosts - 4 addresses
Jun 20 04:07:17 gtw01 dnsmasq-dhcp[29322]: read /var/lib/neutron/dhcp/c1b4e40d-e548-4dc3-b364-6d4a14bcc9c0/host
Jun 20 04:07:17 gtw01 dnsmasq-dhcp[29322]: read /var/lib/neutron/dhcp/c1b4e40d-e548-4dc3-b364-6d4a14bcc9c0/opts
Jun 20 04:07:18 gtw01 dnsmasq-dhcp[29999]: DHCPDISCOVER(tap06a9f0ea-5b) fa:16:3e:ca:7d:e7
Jun 20 04:07:18 gtw01 dnsmasq-dhcp[29999]: DHCPOFFER(tap06a9f0ea-5b) 192.168.120.12 fa:16:3e:ca:7d:e7
Jun 20 04:07:18 gtw01 dnsmasq-dhcp[29999]: DHCPREQUEST(tap06a9f0ea-5b) 192.168.120.12 fa:16:3e:ca:7d:e7
Jun 20 04:07:18 gtw01 dnsmasq-dhcp[29999]: DHCPACK(tap06a9f0ea-5b) 192.168.120.12 fa:16:3e:ca:7d:e7 host-192-168-120-12
Jun 20 04:07:18 gtw01 dnsmasq-dhcp[30676]: DHCPDISCOVER(tap997da0e3-be) fa:16:3e:cb:5a:c6
Jun 20 04:07:18 gtw01 dnsmasq-dhcp[30676]: DHCPOFFER(tap997da0e3-be) 192.168.120.7 fa:16:3e:cb:5a:c6
Jun 20 04:07:18 gtw01 dnsmasq-dhcp[30676]: DHCPREQUEST(tap997da0e3-be) 192.168.120.7 fa:16:3e:cb:5a:c6
Jun 20 04:07:18 gtw01 dnsmasq-dhcp[30676]: DHCPACK(tap997da0e3-be) 192.168.120.7 fa:16:3e:cb:5a:c6 host-192-168-120-7
Jun 20 04:07:22 gtw01 dnsmasq[29322]: read /var/lib/neutron/dhcp/c1b4e40d-e548-4dc3-b364-6d4a14bcc9c0/addn_hosts - 3 addresses
Jun 20 04:07:22 gtw01 dnsmasq-dhcp[29322]: read /var/lib/neutron/dhcp/c1b4e40d-e548-4dc3-b364-6d4a14bcc9c0/host
Jun 20 04:07:22 gtw01 dnsmasq-dhcp[29322]: read /var/lib/neutron/dhcp/c1b4e40d-e548-4dc3-b364-6d4a14bcc9c0/opts
Jun 20 04:07:23 gtw01 dnsmasq[16241]: read /var/lib/neutron/dhcp/8bd7fcc4-16e7-4df3-a7dd-878d16565cc0/addn_hosts - 3 addresses
Jun 20 04:07:23 gtw01 dnsmasq-dhcp[16241]: read /var/lib/neutron/dhcp/8bd7fcc4-16e7-4df3-a7dd-878d16565cc0/host
Jun 20 04:07:23 gtw01 dnsmasq-dhcp[16241]: read /var/lib/neutron/dhcp/8bd7fcc4-16e7-4df3-a7dd-878d16565cc0/opts
Jun 20 04:07:23 gtw01 dnsmasq-dhcp[29999]: DHCPRELEASE(tap06a9f0ea-5b) 192.168.120.12 fa:16:3e:ca:7d:e7
Jun 20 04:07:24 gtw01 dnsmasq-dhcp[29999]: DHCPRELEASE(tap06a9f0ea-5b) 192.168.120.12 fa:16:3e:ca:7d:e7 unknown lease
Jun 20 04:07:24 gtw01 dnsmasq[29999]: read /var/lib/neutron/dhcp/f23c6fd1-c454-4080-948b-6c423ab6e966/addn_hosts - 2 addresses
Jun 20 04:07:24 gtw01 dnsmasq-dhcp[29999]: read /var/lib/neutron/dhcp/f23c6fd1-c454-4080-948b-6c423ab6e966/host
Jun 20 04:07:24 gtw01 dnsmasq-dhcp[29999]: read /var/lib/neutron/dhcp/f23c6fd1-c454-4080-948b-6c423ab6e966/opts
Jun 20 04:07:25 gtw01 dnsmasq[16241]: read /var/lib/neutron/dhcp/8bd7fcc4-16e7-4df3-a7dd-878d16565cc0/addn_hosts - 3 addresses
Jun 20 04:07:25 gtw01 dnsmasq-dhcp[16241]: read /var/lib/neutron/dhcp/8bd7fcc4-16e7-4df3-a7dd-878d16565cc0/host
Jun 20 04:07:25 gtw01 dnsmasq-dhcp[16241]: read /var/lib/neutron/dhcp/8bd7fcc4-16e7-4df3-a7dd-878d16565cc0/opts
Jun 20 04:07:26 gtw01 dnsmasq[16241]: read /var/lib/neutron/dhcp/8bd7fcc4-16e7-4df3-a7dd-878d16565cc0/addn_hosts - 3 addresses
Jun 20 04:07:26 gtw01 dnsmasq-dhcp[16241]: read /var/lib/neutron/dhcp/8bd7fcc4-16e7-4df3-a7dd-878d16565cc0/host
Jun 20 04:07:26 gtw01 dnsmasq-dhcp[16241]: read /var/lib/neutron/dhcp/8bd7fcc4-16e7-4df3-a7dd-878d16565cc0/opts
Jun 20 04:07:26 gtw01 dnsmasq-dhcp[29322]: DHCPRELEASE(tapbedbc98b-8a) 192.168.120.10 fa:16:3e:f9:99:b8
Jun 20 04:07:26 gtw01 dnsmasq-dhcp[29322]: DHCPRELEASE(tapbedbc98b-8a) 192.168.120.10 fa:16:3e:f9:99:b8 unknown lease
Jun 20 04:07:27 gtw01 dnsmasq[29322]: read /var/lib/neutron/dhcp/c1b4e40d-e548-4dc3-b364-6d4a14bcc9c0/addn_hosts - 2 addresses
Jun 20 04:07:27 gtw01 dnsmasq-dhcp[29322]: read /var/lib/neutron/dhcp/c1b4e40d-e548-4dc3-b364-6d4a14bcc9c0/host
Jun 20 04:07:27 gtw01 dnsmasq-dhcp[29322]: read /var/lib/neutron/dhcp/c1b4e40d-e548-4dc3-b364-6d4a14bcc9c0/opts
Jun 20 04:07:30 gtw01 dnsmasq[29999]: read /var/lib/neutron/dhcp/f23c6fd1-c454-4080-948b-6c423ab6e966/addn_hosts - 1 addresses
Jun 20 04:07:30 gtw01 dnsmasq-dhcp[29999]: read /var/lib/neutron/dhcp/f23c6fd1-c454-4080-948b-6c423ab6e966/host
Jun 20 04:07:30 gtw01 dnsmasq-dhcp[29999]: read /var/lib/neutron/dhcp/f23c6fd1-c454-4080-948b-6c423ab6e966/opts
Jun 20 04:07:31 gtw01 haproxy-metadata-proxy-f23c6fd1-c454-4080-948b-6c423ab6e966[32325]: Proxy listener started.
Jun 20 04:07:32 gtw01 dnsmasq[16241]: read /var/lib/neutron/dhcp/8bd7fcc4-16e7-4df3-a7dd-878d16565cc0/addn_hosts - 2 addresses
Jun 20 04:07:32 gtw01 dnsmasq-dhcp[16241]: read /var/lib/neutron/dhcp/8bd7fcc4-16e7-4df3-a7dd-878d16565cc0/host
Jun 20 04:07:32 gtw01 dnsmasq-dhcp[16241]: read /var/lib/neutron/dhcp/8bd7fcc4-16e7-4df3-a7dd-878d16565cc0/opts
Jun 20 04:07:34 gtw01 kernel: [ 6256.244784] device qr-20df7278-f7 left promiscuous mode
Jun 20 04:07:34 gtw01 kernel: [ 6256.399529] device vxlan_sys_4789 left promiscuous mode
Jun 20 04:07:36 gtw01 dnsmasq-dhcp[30676]: DHCPRELEASE(tap997da0e3-be) 192.168.120.7 fa:16:3e:cb:5a:c6
Jun 20 04:07:36 gtw01 dnsmasq-dhcp[30676]: DHCPRELEASE(tap997da0e3-be) 192.168.120.7 fa:16:3e:cb:5a:c6 unknown lease
Jun 20 04:07:36 gtw01 dnsmasq[29322]: read /var/lib/neutron/dhcp/c1b4e40d-e548-4dc3-b364-6d4a14bcc9c0/addn_hosts - 3 addresses
Jun 20 04:07:36 gtw01 dnsmasq-dhcp[29322]: read /var/lib/neutron/dhcp/c1b4e40d-e548-4dc3-b364-6d4a14bcc9c0/host
Jun 20 04:07:36 gtw01 dnsmasq-dhcp[29322]: read /var/lib/neutron/dhcp/c1b4e40d-e548-4dc3-b364-6d4a14bcc9c0/opts
Jun 20 04:07:37 gtw01 dnsmasq[30676]: read /var/lib/neutron/dhcp/c2f361c7-6254-43c1-9d01-a24ff8f1268f/addn_hosts - 2 addresses
Jun 20 04:07:37 gtw01 dnsmasq-dhcp[30676]: read /var/lib/neutron/dhcp/c2f361c7-6254-43c1-9d01-a24ff8f1268f/host
Jun 20 04:07:37 gtw01 dnsmasq-dhcp[30676]: read /var/lib/neutron/dhcp/c2f361c7-6254-43c1-9d01-a24ff8f1268f/opts
Jun 20 04:07:37 gtw01 kernel: [ 6259.299551] device qg-54b57f15-30 left promiscuous mode
Jun 20 04:07:37 gtw01 dnsmasq[29322]: read /var/lib/neutron/dhcp/c1b4e40d-e548-4dc3-b364-6d4a14bcc9c0/addn_hosts - 3 addresses
Jun 20 04:07:37 gtw01 dnsmasq-dhcp[29322]: read /var/lib/neutron/dhcp/c1b4e40d-e548-4dc3-b364-6d4a14bcc9c0/host
Jun 20 04:07:37 gtw01 dnsmasq-dhcp[29322]: read /var/lib/neutron/dhcp/c1b4e40d-e548-4dc3-b364-6d4a14bcc9c0/opts
Jun 20 04:07:38 gtw01 dnsmasq[16241]: read /var/lib/neutron/dhcp/8bd7fcc4-16e7-4df3-a7dd-878d16565cc0/addn_hosts - 3 addresses
Jun 20 04:07:38 gtw01 dnsmasq-dhcp[16241]: read /var/lib/neutron/dhcp/8bd7fcc4-16e7-4df3-a7dd-878d16565cc0/host
Jun 20 04:07:38 gtw01 dnsmasq-dhcp[16241]: read /var/lib/neutron/dhcp/8bd7fcc4-16e7-4df3-a7dd-878d16565cc0/opts
Jun 20 04:07:38 gtw01 dnsmasq[29322]: read /var/lib/neutron/dhcp/c1b4e40d-e548-4dc3-b364-6d4a14bcc9c0/addn_hosts - 3 addresses
Jun 20 04:07:38 gtw01 dnsmasq-dhcp[29322]: read /var/lib/neutron/dhcp/c1b4e40d-e548-4dc3-b364-6d4a14bcc9c0/host
Jun 20 04:07:38 gtw01 dnsmasq-dhcp[29322]: read /var/lib/neutron/dhcp/c1b4e40d-e548-4dc3-b364-6d4a14bcc9c0/opts
Jun 20 04:07:38 gtw01 kernel: [ 6260.624640] device tap06a9f0ea-5b left promiscuous mode
Jun 20 04:07:39 gtw01 dnsmasq[16241]: read /var/lib/neutron/dhcp/8bd7fcc4-16e7-4df3-a7dd-878d16565cc0/addn_hosts - 3 addresses
Jun 20 04:07:39 gtw01 dnsmasq-dhcp[16241]: read /var/lib/neutron/dhcp/8bd7fcc4-16e7-4df3-a7dd-878d16565cc0/host
Jun 20 04:07:39 gtw01 dnsmasq-dhcp[16241]: read /var/lib/neutron/dhcp/8bd7fcc4-16e7-4df3-a7dd-878d16565cc0/opts
Jun 20 04:07:39 gtw01 dnsmasq[30676]: read /var/lib/neutron/dhcp/c2f361c7-6254-43c1-9d01-a24ff8f1268f/addn_hosts - 1 addresses
Jun 20 04:07:39 gtw01 dnsmasq-dhcp[30676]: read /var/lib/neutron/dhcp/c2f361c7-6254-43c1-9d01-a24ff8f1268f/host
Jun 20 04:07:39 gtw01 dnsmasq-dhcp[30676]: read /var/lib/neutron/dhcp/c2f361c7-6254-43c1-9d01-a24ff8f1268f/opts
Jun 20 04:07:40 gtw01 dnsmasq[16241]: read /var/lib/neutron/dhcp/8bd7fcc4-16e7-4df3-a7dd-878d16565cc0/addn_hosts - 3 addresses
Jun 20 04:07:40 gtw01 dnsmasq-dhcp[16241]: read /var/lib/neutron/dhcp/8bd7fcc4-16e7-4df3-a7dd-878d16565cc0/host
Jun 20 04:07:40 gtw01 dnsmasq-dhcp[16241]: read /var/lib/neutron/dhcp/8bd7fcc4-16e7-4df3-a7dd-878d16565cc0/opts
Jun 20 04:07:40 gtw01 haproxy-metadata-proxy-c2f361c7-6254-43c1-9d01-a24ff8f1268f[32628]: Proxy listener started.
Jun 20 04:07:42 gtw01 kernel: [ 6264.277692] device qr-2f3c2c2a-8a left promiscuous mode
Jun 20 04:07:42 gtw01 kernel: [ 6264.698837] device vxlan_sys_4789 entered promiscuous mode
Jun 20 04:07:42 gtw01 systemd-udevd[32666]: Could not generate persistent MAC address for vxlan_sys_4789: No such file or directory
Jun 20 04:07:45 gtw01 kernel: [ 6266.954597] device qg-05f9ffa5-5a left promiscuous mode
Jun 20 04:07:45 gtw01 kernel: [ 6267.185951] device tap997da0e3-be left promiscuous mode
Jun 20 04:07:46 gtw01 systemd-udevd[384]: Could not generate persistent MAC address for tap5ed34106-6b: No such file or directory
Jun 20 04:07:46 gtw01 kernel: [ 6268.548505] device tap5ed34106-6b entered promiscuous mode
Jun 20 04:07:46 gtw01 systemd-udevd[384]: Process '/sbin/ip link set tap5ed34106-6b txqueuelen 10000' failed with exit code 1.
Jun 20 04:07:46 gtw01 systemd-udevd[470]: Process '/sbin/ip link set tap5ed34106-6b txqueuelen 10000' failed with exit code 1.
Jun 20 04:07:50 gtw01 dnsmasq[592]: started, version 2.80 cachesize 150
Jun 20 04:07:50 gtw01 dnsmasq[592]: DNS service limited to local subnets
Jun 20 04:07:50 gtw01 dnsmasq[592]: compile time options: IPv6 GNU-getopt DBus i18n IDN DHCP DHCPv6 no-Lua TFTP conntrack ipset auth DNSSEC loop-detect inotify dumpfile
Jun 20 04:07:50 gtw01 dnsmasq[592]: warning: no upstream servers configured
Jun 20 04:07:50 gtw01 dnsmasq-dhcp[592]: DHCP, static leases only on 192.168.120.0, lease time 1h
Jun 20 04:07:50 gtw01 dnsmasq[592]: read /var/lib/neutron/dhcp/cdab040a-76e7-45b6-a6e2-1649fbbef6ba/addn_hosts - 1 addresses
Jun 20 04:07:50 gtw01 dnsmasq-dhcp[592]: read /var/lib/neutron/dhcp/cdab040a-76e7-45b6-a6e2-1649fbbef6ba/host
Jun 20 04:07:50 gtw01 dnsmasq-dhcp[592]: read /var/lib/neutron/dhcp/cdab040a-76e7-45b6-a6e2-1649fbbef6ba/opts
Jun 20 04:07:50 gtw01 haproxy-metadata-proxy-cdab040a-76e7-45b6-a6e2-1649fbbef6ba[596]: Proxy listener started.
Jun 20 04:07:50 gtw01 dnsmasq[592]: read /var/lib/neutron/dhcp/cdab040a-76e7-45b6-a6e2-1649fbbef6ba/addn_hosts - 2 addresses
Jun 20 04:07:50 gtw01 dnsmasq-dhcp[592]: read /var/lib/neutron/dhcp/cdab040a-76e7-45b6-a6e2-1649fbbef6ba/host
Jun 20 04:07:50 gtw01 dnsmasq-dhcp[592]: read /var/lib/neutron/dhcp/cdab040a-76e7-45b6-a6e2-1649fbbef6ba/opts
Jun 20 04:07:51 gtw01 kernel: [ 6273.517479] device qr-b284950b-d0 entered promiscuous mode
Jun 20 04:07:51 gtw01 systemd-udevd[652]: Could not generate persistent MAC address for qr-b284950b-d0: No such file or directory
Jun 20 04:07:52 gtw01 dnsmasq[592]: read /var/lib/neutron/dhcp/cdab040a-76e7-45b6-a6e2-1649fbbef6ba/addn_hosts - 2 addresses
Jun 20 04:07:52 gtw01 dnsmasq-dhcp[592]: read /var/lib/neutron/dhcp/cdab040a-76e7-45b6-a6e2-1649fbbef6ba/host
Jun 20 04:07:52 gtw01 dnsmasq-dhcp[592]: read /var/lib/neutron/dhcp/cdab040a-76e7-45b6-a6e2-1649fbbef6ba/opts
Jun 20 04:07:52 gtw01 kernel: [ 6274.673218] device qg-90f41146-e0 entered promiscuous mode
Jun 20 04:07:52 gtw01 systemd-udevd[793]: Could not generate persistent MAC address for qg-90f41146-e0: No such file or directory
Jun 20 04:07:52 gtw01 dnsmasq[592]: read /var/lib/neutron/dhcp/cdab040a-76e7-45b6-a6e2-1649fbbef6ba/addn_hosts - 2 addresses
Jun 20 04:07:52 gtw01 dnsmasq-dhcp[592]: read /var/lib/neutron/dhcp/cdab040a-76e7-45b6-a6e2-1649fbbef6ba/host
Jun 20 04:07:52 gtw01 dnsmasq-dhcp[592]: read /var/lib/neutron/dhcp/cdab040a-76e7-45b6-a6e2-1649fbbef6ba/opts
Jun 20 04:07:53 gtw01 dnsmasq-dhcp[29322]: DHCPDISCOVER(tapbedbc98b-8a) fa:16:3e:92:38:91
Jun 20 04:07:53 gtw01 dnsmasq-dhcp[29322]: DHCPOFFER(tapbedbc98b-8a) 192.168.120.11 fa:16:3e:92:38:91
Jun 20 04:07:53 gtw01 dnsmasq-dhcp[29322]: DHCPREQUEST(tapbedbc98b-8a) 192.168.120.11 fa:16:3e:92:38:91
Jun 20 04:07:53 gtw01 dnsmasq-dhcp[29322]: DHCPACK(tapbedbc98b-8a) 192.168.120.11 fa:16:3e:92:38:91 host-192-168-120-11
Jun 20 04:07:53 gtw01 dnsmasq[592]: read /var/lib/neutron/dhcp/cdab040a-76e7-45b6-a6e2-1649fbbef6ba/addn_hosts - 2 addresses
Jun 20 04:07:53 gtw01 dnsmasq-dhcp[592]: read /var/lib/neutron/dhcp/cdab040a-76e7-45b6-a6e2-1649fbbef6ba/host
Jun 20 04:07:53 gtw01 dnsmasq-dhcp[592]: read /var/lib/neutron/dhcp/cdab040a-76e7-45b6-a6e2-1649fbbef6ba/opts
Jun 20 04:07:54 gtw01 dnsmasq[592]: read /var/lib/neutron/dhcp/cdab040a-76e7-45b6-a6e2-1649fbbef6ba/addn_hosts - 2 addresses
Jun 20 04:07:54 gtw01 dnsmasq-dhcp[592]: read /var/lib/neutron/dhcp/cdab040a-76e7-45b6-a6e2-1649fbbef6ba/host
Jun 20 04:07:54 gtw01 dnsmasq-dhcp[592]: read /var/lib/neutron/dhcp/cdab040a-76e7-45b6-a6e2-1649fbbef6ba/opts
Jun 20 04:07:57 gtw01 dnsmasq[16241]: read /var/lib/neutron/dhcp/8bd7fcc4-16e7-4df3-a7dd-878d16565cc0/addn_hosts - 2 addresses
Jun 20 04:07:57 gtw01 dnsmasq-dhcp[16241]: read /var/lib/neutron/dhcp/8bd7fcc4-16e7-4df3-a7dd-878d16565cc0/host
Jun 20 04:07:57 gtw01 dnsmasq-dhcp[16241]: read /var/lib/neutron/dhcp/8bd7fcc4-16e7-4df3-a7dd-878d16565cc0/opts
Jun 20 04:07:58 gtw01 dnsmasq[592]: read /var/lib/neutron/dhcp/cdab040a-76e7-45b6-a6e2-1649fbbef6ba/addn_hosts - 3 addresses
Jun 20 04:07:58 gtw01 dnsmasq-dhcp[592]: read /var/lib/neutron/dhcp/cdab040a-76e7-45b6-a6e2-1649fbbef6ba/host
Jun 20 04:07:58 gtw01 dnsmasq-dhcp[592]: read /var/lib/neutron/dhcp/cdab040a-76e7-45b6-a6e2-1649fbbef6ba/opts
Jun 20 04:07:59 gtw01 haproxy-metadata-proxy-aadcd21c-6b12-42e6-999b-e3e8182a288e[1120]: Proxy listener started.
Jun 20 04:07:59 gtw01 dnsmasq[592]: read /var/lib/neutron/dhcp/cdab040a-76e7-45b6-a6e2-1649fbbef6ba/addn_hosts - 3 addresses
Jun 20 04:07:59 gtw01 dnsmasq-dhcp[592]: read /var/lib/neutron/dhcp/cdab040a-76e7-45b6-a6e2-1649fbbef6ba/host
Jun 20 04:07:59 gtw01 dnsmasq-dhcp[592]: read /var/lib/neutron/dhcp/cdab040a-76e7-45b6-a6e2-1649fbbef6ba/opts
Jun 20 04:08:00 gtw01 dnsmasq[592]: read /var/lib/neutron/dhcp/cdab040a-76e7-45b6-a6e2-1649fbbef6ba/addn_hosts - 3 addresses
Jun 20 04:08:00 gtw01 dnsmasq-dhcp[592]: read /var/lib/neutron/dhcp/cdab040a-76e7-45b6-a6e2-1649fbbef6ba/host
Jun 20 04:08:00 gtw01 dnsmasq-dhcp[592]: read /var/lib/neutron/dhcp/cdab040a-76e7-45b6-a6e2-1649fbbef6ba/opts
Jun 20 04:08:01 gtw01 dnsmasq[592]: read /var/lib/neutron/dhcp/cdab040a-76e7-45b6-a6e2-1649fbbef6ba/addn_hosts - 3 addresses
Jun 20 04:08:01 gtw01 dnsmasq-dhcp[592]: read /var/lib/neutron/dhcp/cdab040a-76e7-45b6-a6e2-1649fbbef6ba/host
Jun 20 04:08:01 gtw01 dnsmasq-dhcp[592]: read /var/lib/neutron/dhcp/cdab040a-76e7-45b6-a6e2-1649fbbef6ba/opts
Jun 20 04:08:01 gtw01 kernel: [ 6283.451732] device qr-2e02c6b1-8e entered promiscuous mode
Jun 20 04:08:01 gtw01 systemd-udevd[1215]: Could not generate persistent MAC address for qr-2e02c6b1-8e: No such file or directory
Jun 20 04:08:02 gtw01 dnsmasq[592]: read /var/lib/neutron/dhcp/cdab040a-76e7-45b6-a6e2-1649fbbef6ba/addn_hosts - 3 addresses
Jun 20 04:08:02 gtw01 dnsmasq-dhcp[592]: read /var/lib/neutron/dhcp/cdab040a-76e7-45b6-a6e2-1649fbbef6ba/host
Jun 20 04:08:02 gtw01 dnsmasq-dhcp[592]: read /var/lib/neutron/dhcp/cdab040a-76e7-45b6-a6e2-1649fbbef6ba/opts
Jun 20 04:08:02 gtw01 kernel: [ 6284.579645] IPv4: martian source 192.168.120.1 from 192.168.120.1, on dev qr-b284950b-d0
Jun 20 04:08:02 gtw01 kernel: [ 6284.579648] ll header: 00000000: ff ff ff ff ff ff fa 16 3e ec 54 fb 08 06        ........>.T...
Jun 20 04:08:02 gtw01 kernel: [ 6284.711808] device qg-50707cfa-93 entered promiscuous mode
Jun 20 04:08:02 gtw01 systemd-udevd[1367]: Could not generate persistent MAC address for qg-50707cfa-93: No such file or directory
Jun 20 04:08:04 gtw01 dnsmasq[29322]: read /var/lib/neutron/dhcp/c1b4e40d-e548-4dc3-b364-6d4a14bcc9c0/addn_hosts - 4 addresses
Jun 20 04:08:04 gtw01 dnsmasq-dhcp[29322]: read /var/lib/neutron/dhcp/c1b4e40d-e548-4dc3-b364-6d4a14bcc9c0/host
Jun 20 04:08:04 gtw01 dnsmasq-dhcp[29322]: read /var/lib/neutron/dhcp/c1b4e40d-e548-4dc3-b364-6d4a14bcc9c0/opts
Jun 20 04:08:05 gtw01 dnsmasq[29322]: read /var/lib/neutron/dhcp/c1b4e40d-e548-4dc3-b364-6d4a14bcc9c0/addn_hosts - 4 addresses
Jun 20 04:08:05 gtw01 dnsmasq-dhcp[29322]: read /var/lib/neutron/dhcp/c1b4e40d-e548-4dc3-b364-6d4a14bcc9c0/host
Jun 20 04:08:05 gtw01 dnsmasq-dhcp[29322]: read /var/lib/neutron/dhcp/c1b4e40d-e548-4dc3-b364-6d4a14bcc9c0/opts
Jun 20 04:08:05 gtw01 kernel: [ 6287.275342] IPv4: martian source 192.168.120.1 from 192.168.120.1, on dev qg-50707cfa-93
Jun 20 04:08:05 gtw01 kernel: [ 6287.275345] ll header: 00000000: ff ff ff ff ff ff fa 16 3e ec 54 fb 08 06        ........>.T...
Jun 20 04:08:05 gtw01 kernel: [ 6287.407557] IPv4: martian source 10.16.0.119 from 10.16.0.119, on dev qr-2e02c6b1-8e
Jun 20 04:08:05 gtw01 kernel: [ 6287.407560] ll header: 00000000: ff ff ff ff ff ff fa 16 3e 36 56 a3 08 06        ........>6V...
Jun 20 04:08:06 gtw01 dnsmasq[16241]: read /var/lib/neutron/dhcp/8bd7fcc4-16e7-4df3-a7dd-878d16565cc0/addn_hosts - 3 addresses
Jun 20 04:08:06 gtw01 dnsmasq-dhcp[16241]: read /var/lib/neutron/dhcp/8bd7fcc4-16e7-4df3-a7dd-878d16565cc0/host
Jun 20 04:08:06 gtw01 dnsmasq-dhcp[16241]: read /var/lib/neutron/dhcp/8bd7fcc4-16e7-4df3-a7dd-878d16565cc0/opts
Jun 20 04:08:06 gtw01 dnsmasq[29322]: read /var/lib/neutron/dhcp/c1b4e40d-e548-4dc3-b364-6d4a14bcc9c0/addn_hosts - 4 addresses
Jun 20 04:08:06 gtw01 dnsmasq-dhcp[29322]: read /var/lib/neutron/dhcp/c1b4e40d-e548-4dc3-b364-6d4a14bcc9c0/host
Jun 20 04:08:06 gtw01 dnsmasq-dhcp[29322]: read /var/lib/neutron/dhcp/c1b4e40d-e548-4dc3-b364-6d4a14bcc9c0/opts
Jun 20 04:08:07 gtw01 dnsmasq[16241]: read /var/lib/neutron/dhcp/8bd7fcc4-16e7-4df3-a7dd-878d16565cc0/addn_hosts - 3 addresses
Jun 20 04:08:07 gtw01 dnsmasq-dhcp[16241]: read /var/lib/neutron/dhcp/8bd7fcc4-16e7-4df3-a7dd-878d16565cc0/host
Jun 20 04:08:07 gtw01 dnsmasq-dhcp[16241]: read /var/lib/neutron/dhcp/8bd7fcc4-16e7-4df3-a7dd-878d16565cc0/opts
Jun 20 04:08:08 gtw01 dnsmasq[16241]: read /var/lib/neutron/dhcp/8bd7fcc4-16e7-4df3-a7dd-878d16565cc0/addn_hosts - 3 addresses
Jun 20 04:08:08 gtw01 dnsmasq-dhcp[16241]: read /var/lib/neutron/dhcp/8bd7fcc4-16e7-4df3-a7dd-878d16565cc0/host
Jun 20 04:08:08 gtw01 dnsmasq-dhcp[16241]: read /var/lib/neutron/dhcp/8bd7fcc4-16e7-4df3-a7dd-878d16565cc0/opts
Jun 20 04:08:09 gtw01 haproxy-metadata-proxy-d0ce97f5-c23e-48ae-83a7-9e8bbd016369[1807]: Proxy listener started.
Jun 20 04:08:12 gtw01 dnsmasq-dhcp[592]: DHCPDISCOVER(tap5ed34106-6b) fa:16:3e:d2:d3:25
Jun 20 04:08:12 gtw01 dnsmasq-dhcp[592]: DHCPOFFER(tap5ed34106-6b) 192.168.120.3 fa:16:3e:d2:d3:25
Jun 20 04:08:12 gtw01 dnsmasq-dhcp[592]: DHCPREQUEST(tap5ed34106-6b) 192.168.120.3 fa:16:3e:d2:d3:25
Jun 20 04:08:12 gtw01 dnsmasq-dhcp[592]: DHCPACK(tap5ed34106-6b) 192.168.120.3 fa:16:3e:d2:d3:25 host-192-168-120-3
Jun 20 04:08:13 gtw01 dnsmasq[29322]: read /var/lib/neutron/dhcp/c1b4e40d-e548-4dc3-b364-6d4a14bcc9c0/addn_hosts - 5 addresses
Jun 20 04:08:13 gtw01 dnsmasq-dhcp[29322]: read /var/lib/neutron/dhcp/c1b4e40d-e548-4dc3-b364-6d4a14bcc9c0/host
Jun 20 04:08:13 gtw01 dnsmasq-dhcp[29322]: read /var/lib/neutron/dhcp/c1b4e40d-e548-4dc3-b364-6d4a14bcc9c0/opts
Jun 20 04:08:14 gtw01 dnsmasq[16241]: read /var/lib/neutron/dhcp/8bd7fcc4-16e7-4df3-a7dd-878d16565cc0/addn_hosts - 2 addresses
Jun 20 04:08:14 gtw01 dnsmasq-dhcp[16241]: read /var/lib/neutron/dhcp/8bd7fcc4-16e7-4df3-a7dd-878d16565cc0/host
Jun 20 04:08:14 gtw01 dnsmasq-dhcp[16241]: read /var/lib/neutron/dhcp/8bd7fcc4-16e7-4df3-a7dd-878d16565cc0/opts
Jun 20 04:08:15 gtw01 dnsmasq[29322]: read /var/lib/neutron/dhcp/c1b4e40d-e548-4dc3-b364-6d4a14bcc9c0/addn_hosts - 5 addresses
Jun 20 04:08:15 gtw01 dnsmasq-dhcp[29322]: read /var/lib/neutron/dhcp/c1b4e40d-e548-4dc3-b364-6d4a14bcc9c0/host
Jun 20 04:08:15 gtw01 dnsmasq-dhcp[29322]: read /var/lib/neutron/dhcp/c1b4e40d-e548-4dc3-b364-6d4a14bcc9c0/opts
Jun 20 04:08:16 gtw01 dnsmasq[29322]: read /var/lib/neutron/dhcp/c1b4e40d-e548-4dc3-b364-6d4a14bcc9c0/addn_hosts - 5 addresses
Jun 20 04:08:16 gtw01 dnsmasq-dhcp[29322]: read /var/lib/neutron/dhcp/c1b4e40d-e548-4dc3-b364-6d4a14bcc9c0/host
Jun 20 04:08:16 gtw01 dnsmasq-dhcp[29322]: read /var/lib/neutron/dhcp/c1b4e40d-e548-4dc3-b364-6d4a14bcc9c0/opts
Jun 20 04:08:19 gtw01 dnsmasq[16241]: read /var/lib/neutron/dhcp/8bd7fcc4-16e7-4df3-a7dd-878d16565cc0/addn_hosts - 3 addresses
Jun 20 04:08:19 gtw01 dnsmasq-dhcp[16241]: read /var/lib/neutron/dhcp/8bd7fcc4-16e7-4df3-a7dd-878d16565cc0/host
Jun 20 04:08:19 gtw01 dnsmasq-dhcp[16241]: read /var/lib/neutron/dhcp/8bd7fcc4-16e7-4df3-a7dd-878d16565cc0/opts
Jun 20 04:08:20 gtw01 dnsmasq[16241]: read /var/lib/neutron/dhcp/8bd7fcc4-16e7-4df3-a7dd-878d16565cc0/addn_hosts - 3 addresses
Jun 20 04:08:20 gtw01 dnsmasq-dhcp[16241]: read /var/lib/neutron/dhcp/8bd7fcc4-16e7-4df3-a7dd-878d16565cc0/host
Jun 20 04:08:20 gtw01 dnsmasq-dhcp[16241]: read /var/lib/neutron/dhcp/8bd7fcc4-16e7-4df3-a7dd-878d16565cc0/opts
Jun 20 04:08:21 gtw01 dnsmasq[16241]: read /var/lib/neutron/dhcp/8bd7fcc4-16e7-4df3-a7dd-878d16565cc0/addn_hosts - 3 addresses
Jun 20 04:08:21 gtw01 dnsmasq-dhcp[16241]: read /var/lib/neutron/dhcp/8bd7fcc4-16e7-4df3-a7dd-878d16565cc0/host
Jun 20 04:08:21 gtw01 dnsmasq-dhcp[16241]: read /var/lib/neutron/dhcp/8bd7fcc4-16e7-4df3-a7dd-878d16565cc0/opts
Jun 20 04:08:22 gtw01 dnsmasq[29322]: read /var/lib/neutron/dhcp/c1b4e40d-e548-4dc3-b364-6d4a14bcc9c0/addn_hosts - 4 addresses
Jun 20 04:08:22 gtw01 dnsmasq-dhcp[29322]: read /var/lib/neutron/dhcp/c1b4e40d-e548-4dc3-b364-6d4a14bcc9c0/host
Jun 20 04:08:22 gtw01 dnsmasq-dhcp[29322]: read /var/lib/neutron/dhcp/c1b4e40d-e548-4dc3-b364-6d4a14bcc9c0/opts
Jun 20 04:08:23 gtw01 dnsmasq-dhcp[592]: DHCPRELEASE(tap5ed34106-6b) 192.168.120.3 fa:16:3e:d2:d3:25
Jun 20 04:08:23 gtw01 dnsmasq-dhcp[592]: DHCPRELEASE(tap5ed34106-6b) 192.168.120.3 fa:16:3e:d2:d3:25 unknown lease
Jun 20 04:08:24 gtw01 dnsmasq[29322]: read /var/lib/neutron/dhcp/c1b4e40d-e548-4dc3-b364-6d4a14bcc9c0/addn_hosts - 3 addresses
Jun 20 04:08:24 gtw01 dnsmasq-dhcp[29322]: read /var/lib/neutron/dhcp/c1b4e40d-e548-4dc3-b364-6d4a14bcc9c0/host
Jun 20 04:08:24 gtw01 dnsmasq-dhcp[29322]: read /var/lib/neutron/dhcp/c1b4e40d-e548-4dc3-b364-6d4a14bcc9c0/opts
Jun 20 04:08:24 gtw01 dnsmasq[592]: read /var/lib/neutron/dhcp/cdab040a-76e7-45b6-a6e2-1649fbbef6ba/addn_hosts - 2 addresses
Jun 20 04:08:24 gtw01 dnsmasq-dhcp[592]: read /var/lib/neutron/dhcp/cdab040a-76e7-45b6-a6e2-1649fbbef6ba/host
Jun 20 04:08:24 gtw01 dnsmasq-dhcp[592]: read /var/lib/neutron/dhcp/cdab040a-76e7-45b6-a6e2-1649fbbef6ba/opts
Jun 20 04:08:27 gtw01 dnsmasq-dhcp[29322]: DHCPRELEASE(tapbedbc98b-8a) 192.168.120.11 fa:16:3e:92:38:91
Jun 20 04:08:27 gtw01 dnsmasq[592]: read /var/lib/neutron/dhcp/cdab040a-76e7-45b6-a6e2-1649fbbef6ba/addn_hosts - 1 addresses
Jun 20 04:08:27 gtw01 dnsmasq-dhcp[592]: read /var/lib/neutron/dhcp/cdab040a-76e7-45b6-a6e2-1649fbbef6ba/host
Jun 20 04:08:27 gtw01 dnsmasq-dhcp[592]: read /var/lib/neutron/dhcp/cdab040a-76e7-45b6-a6e2-1649fbbef6ba/opts
Jun 20 04:08:27 gtw01 dnsmasq-dhcp[29322]: DHCPRELEASE(tapbedbc98b-8a) 192.168.120.11 fa:16:3e:92:38:91 unknown lease
Jun 20 04:08:28 gtw01 haproxy-metadata-proxy-cdab040a-76e7-45b6-a6e2-1649fbbef6ba[2225]: Proxy listener started.
Jun 20 04:08:28 gtw01 dnsmasq[29322]: read /var/lib/neutron/dhcp/c1b4e40d-e548-4dc3-b364-6d4a14bcc9c0/addn_hosts - 2 addresses
Jun 20 04:08:28 gtw01 dnsmasq-dhcp[29322]: read /var/lib/neutron/dhcp/c1b4e40d-e548-4dc3-b364-6d4a14bcc9c0/host
Jun 20 04:08:28 gtw01 dnsmasq-dhcp[29322]: read /var/lib/neutron/dhcp/c1b4e40d-e548-4dc3-b364-6d4a14bcc9c0/opts
Jun 20 04:08:28 gtw01 kernel: [ 6310.711981] device qr-b284950b-d0 left promiscuous mode
Jun 20 04:08:29 gtw01 kernel: [ 6311.520582] device qg-90f41146-e0 left promiscuous mode
Jun 20 04:08:31 gtw01 dnsmasq[29322]: read /var/lib/neutron/dhcp/c1b4e40d-e548-4dc3-b364-6d4a14bcc9c0/addn_hosts - 3 addresses
Jun 20 04:08:31 gtw01 dnsmasq-dhcp[29322]: read /var/lib/neutron/dhcp/c1b4e40d-e548-4dc3-b364-6d4a14bcc9c0/host
Jun 20 04:08:31 gtw01 dnsmasq-dhcp[29322]: read /var/lib/neutron/dhcp/c1b4e40d-e548-4dc3-b364-6d4a14bcc9c0/opts
Jun 20 04:08:32 gtw01 kernel: [ 6313.812597] device tap5ed34106-6b left promiscuous mode
Jun 20 04:08:34 gtw01 dnsmasq-dhcp[16241]: DHCPDISCOVER(tap1c74ca54-4e) fa:16:3e:c5:ed:c3
Jun 20 04:08:34 gtw01 dnsmasq-dhcp[16241]: DHCPOFFER(tap1c74ca54-4e) 192.168.120.10 fa:16:3e:c5:ed:c3
Jun 20 04:08:34 gtw01 dnsmasq-dhcp[16241]: DHCPREQUEST(tap1c74ca54-4e) 192.168.120.10 fa:16:3e:c5:ed:c3
Jun 20 04:08:34 gtw01 dnsmasq-dhcp[16241]: DHCPACK(tap1c74ca54-4e) 192.168.120.10 fa:16:3e:c5:ed:c3 host-192-168-120-10
Jun 20 04:08:37 gtw01 dnsmasq[29322]: read /var/lib/neutron/dhcp/c1b4e40d-e548-4dc3-b364-6d4a14bcc9c0/addn_hosts - 4 addresses
Jun 20 04:08:37 gtw01 dnsmasq-dhcp[29322]: read /var/lib/neutron/dhcp/c1b4e40d-e548-4dc3-b364-6d4a14bcc9c0/host
Jun 20 04:08:37 gtw01 dnsmasq-dhcp[29322]: read /var/lib/neutron/dhcp/c1b4e40d-e548-4dc3-b364-6d4a14bcc9c0/opts
Jun 20 04:08:38 gtw01 dnsmasq[29322]: read /var/lib/neutron/dhcp/c1b4e40d-e548-4dc3-b364-6d4a14bcc9c0/addn_hosts - 4 addresses
Jun 20 04:08:38 gtw01 dnsmasq-dhcp[29322]: read /var/lib/neutron/dhcp/c1b4e40d-e548-4dc3-b364-6d4a14bcc9c0/host
Jun 20 04:08:38 gtw01 dnsmasq-dhcp[29322]: read /var/lib/neutron/dhcp/c1b4e40d-e548-4dc3-b364-6d4a14bcc9c0/opts
Jun 20 04:08:39 gtw01 dnsmasq[29322]: read /var/lib/neutron/dhcp/c1b4e40d-e548-4dc3-b364-6d4a14bcc9c0/addn_hosts - 4 addresses
Jun 20 04:08:39 gtw01 dnsmasq-dhcp[29322]: read /var/lib/neutron/dhcp/c1b4e40d-e548-4dc3-b364-6d4a14bcc9c0/host
Jun 20 04:08:39 gtw01 dnsmasq-dhcp[29322]: read /var/lib/neutron/dhcp/c1b4e40d-e548-4dc3-b364-6d4a14bcc9c0/opts
Jun 20 04:08:41 gtw01 dnsmasq[16241]: read /var/lib/neutron/dhcp/8bd7fcc4-16e7-4df3-a7dd-878d16565cc0/addn_hosts - 4 addresses
Jun 20 04:08:41 gtw01 dnsmasq-dhcp[16241]: read /var/lib/neutron/dhcp/8bd7fcc4-16e7-4df3-a7dd-878d16565cc0/host
Jun 20 04:08:41 gtw01 dnsmasq-dhcp[16241]: read /var/lib/neutron/dhcp/8bd7fcc4-16e7-4df3-a7dd-878d16565cc0/opts
Jun 20 04:08:42 gtw01 dnsmasq[16241]: read /var/lib/neutron/dhcp/8bd7fcc4-16e7-4df3-a7dd-878d16565cc0/addn_hosts - 4 addresses
Jun 20 04:08:42 gtw01 dnsmasq-dhcp[16241]: read /var/lib/neutron/dhcp/8bd7fcc4-16e7-4df3-a7dd-878d16565cc0/host
Jun 20 04:08:42 gtw01 dnsmasq-dhcp[16241]: read /var/lib/neutron/dhcp/8bd7fcc4-16e7-4df3-a7dd-878d16565cc0/opts
Jun 20 04:08:43 gtw01 dnsmasq[16241]: read /var/lib/neutron/dhcp/8bd7fcc4-16e7-4df3-a7dd-878d16565cc0/addn_hosts - 4 addresses
Jun 20 04:08:43 gtw01 dnsmasq-dhcp[16241]: read /var/lib/neutron/dhcp/8bd7fcc4-16e7-4df3-a7dd-878d16565cc0/host
Jun 20 04:08:43 gtw01 dnsmasq-dhcp[16241]: read /var/lib/neutron/dhcp/8bd7fcc4-16e7-4df3-a7dd-878d16565cc0/opts
Jun 20 04:08:49 gtw01 dnsmasq[29322]: read /var/lib/neutron/dhcp/c1b4e40d-e548-4dc3-b364-6d4a14bcc9c0/addn_hosts - 5 addresses
Jun 20 04:08:49 gtw01 dnsmasq-dhcp[29322]: read /var/lib/neutron/dhcp/c1b4e40d-e548-4dc3-b364-6d4a14bcc9c0/host
Jun 20 04:08:49 gtw01 dnsmasq-dhcp[29322]: read /var/lib/neutron/dhcp/c1b4e40d-e548-4dc3-b364-6d4a14bcc9c0/opts
Jun 20 04:08:50 gtw01 dnsmasq[29322]: read /var/lib/neutron/dhcp/c1b4e40d-e548-4dc3-b364-6d4a14bcc9c0/addn_hosts - 5 addresses
Jun 20 04:08:50 gtw01 dnsmasq-dhcp[29322]: read /var/lib/neutron/dhcp/c1b4e40d-e548-4dc3-b364-6d4a14bcc9c0/host
Jun 20 04:08:50 gtw01 dnsmasq-dhcp[29322]: read /var/lib/neutron/dhcp/c1b4e40d-e548-4dc3-b364-6d4a14bcc9c0/opts
Jun 20 04:08:51 gtw01 dnsmasq[29322]: read /var/lib/neutron/dhcp/c1b4e40d-e548-4dc3-b364-6d4a14bcc9c0/addn_hosts - 5 addresses
Jun 20 04:08:51 gtw01 dnsmasq-dhcp[29322]: read /var/lib/neutron/dhcp/c1b4e40d-e548-4dc3-b364-6d4a14bcc9c0/host
Jun 20 04:08:51 gtw01 dnsmasq-dhcp[29322]: read /var/lib/neutron/dhcp/c1b4e40d-e548-4dc3-b364-6d4a14bcc9c0/opts
Jun 20 04:08:52 gtw01 dnsmasq-dhcp[29322]: DHCPDISCOVER(tapbedbc98b-8a) fa:16:3e:8d:21:f9
Jun 20 04:08:52 gtw01 dnsmasq-dhcp[29322]: DHCPOFFER(tapbedbc98b-8a) 192.168.120.9 fa:16:3e:8d:21:f9
Jun 20 04:08:52 gtw01 dnsmasq-dhcp[29322]: DHCPREQUEST(tapbedbc98b-8a) 192.168.120.9 fa:16:3e:8d:21:f9
Jun 20 04:08:52 gtw01 dnsmasq-dhcp[29322]: DHCPACK(tapbedbc98b-8a) 192.168.120.9 fa:16:3e:8d:21:f9 host-192-168-120-9
Jun 20 04:08:53 gtw01 dnsmasq[16241]: read /var/lib/neutron/dhcp/8bd7fcc4-16e7-4df3-a7dd-878d16565cc0/addn_hosts - 3 addresses
Jun 20 04:08:53 gtw01 dnsmasq-dhcp[16241]: read /var/lib/neutron/dhcp/8bd7fcc4-16e7-4df3-a7dd-878d16565cc0/host
Jun 20 04:08:53 gtw01 dnsmasq-dhcp[16241]: read /var/lib/neutron/dhcp/8bd7fcc4-16e7-4df3-a7dd-878d16565cc0/opts
Jun 20 04:08:59 gtw01 dnsmasq[29322]: read /var/lib/neutron/dhcp/c1b4e40d-e548-4dc3-b364-6d4a14bcc9c0/addn_hosts - 5 addresses
Jun 20 04:08:59 gtw01 dnsmasq-dhcp[29322]: read /var/lib/neutron/dhcp/c1b4e40d-e548-4dc3-b364-6d4a14bcc9c0/host
Jun 20 04:08:59 gtw01 dnsmasq-dhcp[29322]: read /var/lib/neutron/dhcp/c1b4e40d-e548-4dc3-b364-6d4a14bcc9c0/opts
Jun 20 04:09:00 gtw01 dnsmasq[29322]: read /var/lib/neutron/dhcp/c1b4e40d-e548-4dc3-b364-6d4a14bcc9c0/addn_hosts - 5 addresses
Jun 20 04:09:00 gtw01 dnsmasq-dhcp[29322]: read /var/lib/neutron/dhcp/c1b4e40d-e548-4dc3-b364-6d4a14bcc9c0/host
Jun 20 04:09:00 gtw01 dnsmasq-dhcp[29322]: read /var/lib/neutron/dhcp/c1b4e40d-e548-4dc3-b364-6d4a14bcc9c0/opts
Jun 20 04:09:01 gtw01 dnsmasq[16241]: read /var/lib/neutron/dhcp/8bd7fcc4-16e7-4df3-a7dd-878d16565cc0/addn_hosts - 4 addresses
Jun 20 04:09:01 gtw01 dnsmasq-dhcp[16241]: read /var/lib/neutron/dhcp/8bd7fcc4-16e7-4df3-a7dd-878d16565cc0/host
Jun 20 04:09:01 gtw01 dnsmasq-dhcp[16241]: read /var/lib/neutron/dhcp/8bd7fcc4-16e7-4df3-a7dd-878d16565cc0/opts
Jun 20 04:09:02 gtw01 dnsmasq[16241]: read /var/lib/neutron/dhcp/8bd7fcc4-16e7-4df3-a7dd-878d16565cc0/addn_hosts - 4 addresses
Jun 20 04:09:02 gtw01 dnsmasq-dhcp[16241]: read /var/lib/neutron/dhcp/8bd7fcc4-16e7-4df3-a7dd-878d16565cc0/host
Jun 20 04:09:02 gtw01 dnsmasq-dhcp[16241]: read /var/lib/neutron/dhcp/8bd7fcc4-16e7-4df3-a7dd-878d16565cc0/opts
Jun 20 04:09:03 gtw01 dnsmasq[16241]: read /var/lib/neutron/dhcp/8bd7fcc4-16e7-4df3-a7dd-878d16565cc0/addn_hosts - 4 addresses
Jun 20 04:09:03 gtw01 dnsmasq-dhcp[16241]: read /var/lib/neutron/dhcp/8bd7fcc4-16e7-4df3-a7dd-878d16565cc0/host
Jun 20 04:09:03 gtw01 dnsmasq-dhcp[16241]: read /var/lib/neutron/dhcp/8bd7fcc4-16e7-4df3-a7dd-878d16565cc0/opts
Jun 20 04:09:04 gtw01 dnsmasq-dhcp[29322]: DHCPDISCOVER(tapbedbc98b-8a) fa:16:3e:4d:18:f3
Jun 20 04:09:04 gtw01 dnsmasq-dhcp[29322]: DHCPOFFER(tapbedbc98b-8a) 192.168.120.14 fa:16:3e:4d:18:f3
Jun 20 04:09:04 gtw01 dnsmasq-dhcp[29322]: DHCPREQUEST(tapbedbc98b-8a) 192.168.120.14 fa:16:3e:4d:18:f3
Jun 20 04:09:04 gtw01 dnsmasq-dhcp[29322]: DHCPACK(tapbedbc98b-8a) 192.168.120.14 fa:16:3e:4d:18:f3 host-192-168-120-14
Jun 20 04:09:06 gtw01 dnsmasq[29322]: read /var/lib/neutron/dhcp/c1b4e40d-e548-4dc3-b364-6d4a14bcc9c0/addn_hosts - 5 addresses
Jun 20 04:09:06 gtw01 dnsmasq-dhcp[29322]: read /var/lib/neutron/dhcp/c1b4e40d-e548-4dc3-b364-6d4a14bcc9c0/host
Jun 20 04:09:06 gtw01 dnsmasq-dhcp[29322]: read /var/lib/neutron/dhcp/c1b4e40d-e548-4dc3-b364-6d4a14bcc9c0/opts
Jun 20 04:09:07 gtw01 dnsmasq[29322]: read /var/lib/neutron/dhcp/c1b4e40d-e548-4dc3-b364-6d4a14bcc9c0/addn_hosts - 5 addresses
Jun 20 04:09:07 gtw01 dnsmasq-dhcp[29322]: read /var/lib/neutron/dhcp/c1b4e40d-e548-4dc3-b364-6d4a14bcc9c0/host
Jun 20 04:09:07 gtw01 dnsmasq-dhcp[29322]: read /var/lib/neutron/dhcp/c1b4e40d-e548-4dc3-b364-6d4a14bcc9c0/opts
Jun 20 04:09:08 gtw01 dnsmasq-dhcp[16241]: DHCPRELEASE(tap1c74ca54-4e) 192.168.120.10 fa:16:3e:c5:ed:c3
Jun 20 04:09:08 gtw01 dnsmasq[29322]: read /var/lib/neutron/dhcp/c1b4e40d-e548-4dc3-b364-6d4a14bcc9c0/addn_hosts - 5 addresses
Jun 20 04:09:08 gtw01 dnsmasq-dhcp[29322]: read /var/lib/neutron/dhcp/c1b4e40d-e548-4dc3-b364-6d4a14bcc9c0/host
Jun 20 04:09:08 gtw01 dnsmasq-dhcp[29322]: read /var/lib/neutron/dhcp/c1b4e40d-e548-4dc3-b364-6d4a14bcc9c0/opts
Jun 20 04:09:09 gtw01 dnsmasq[16241]: read /var/lib/neutron/dhcp/8bd7fcc4-16e7-4df3-a7dd-878d16565cc0/addn_hosts - 3 addresses
Jun 20 04:09:09 gtw01 dnsmasq-dhcp[16241]: read /var/lib/neutron/dhcp/8bd7fcc4-16e7-4df3-a7dd-878d16565cc0/host
Jun 20 04:09:09 gtw01 dnsmasq-dhcp[16241]: read /var/lib/neutron/dhcp/8bd7fcc4-16e7-4df3-a7dd-878d16565cc0/opts
Jun 20 04:09:14 gtw01 dnsmasq[29322]: read /var/lib/neutron/dhcp/c1b4e40d-e548-4dc3-b364-6d4a14bcc9c0/addn_hosts - 5 addresses
Jun 20 04:09:14 gtw01 dnsmasq-dhcp[29322]: read /var/lib/neutron/dhcp/c1b4e40d-e548-4dc3-b364-6d4a14bcc9c0/host
Jun 20 04:09:14 gtw01 dnsmasq-dhcp[29322]: read /var/lib/neutron/dhcp/c1b4e40d-e548-4dc3-b364-6d4a14bcc9c0/opts
Jun 20 04:09:14 gtw01 dnsmasq[16241]: read /var/lib/neutron/dhcp/8bd7fcc4-16e7-4df3-a7dd-878d16565cc0/addn_hosts - 2 addresses
Jun 20 04:09:14 gtw01 dnsmasq-dhcp[16241]: read /var/lib/neutron/dhcp/8bd7fcc4-16e7-4df3-a7dd-878d16565cc0/host
Jun 20 04:09:14 gtw01 dnsmasq-dhcp[16241]: read /var/lib/neutron/dhcp/8bd7fcc4-16e7-4df3-a7dd-878d16565cc0/opts
Jun 20 04:09:17 gtw01 dnsmasq-dhcp[29322]: DHCPRELEASE(tapbedbc98b-8a) 192.168.120.14 fa:16:3e:4d:18:f3
Jun 20 04:09:17 gtw01 dnsmasq-dhcp[29322]: DHCPRELEASE(tapbedbc98b-8a) 192.168.120.14 fa:16:3e:4d:18:f3 unknown lease
Jun 20 04:09:18 gtw01 dnsmasq[29322]: read /var/lib/neutron/dhcp/c1b4e40d-e548-4dc3-b364-6d4a14bcc9c0/addn_hosts - 4 addresses
Jun 20 04:09:18 gtw01 dnsmasq-dhcp[29322]: read /var/lib/neutron/dhcp/c1b4e40d-e548-4dc3-b364-6d4a14bcc9c0/host
Jun 20 04:09:18 gtw01 dnsmasq-dhcp[29322]: read /var/lib/neutron/dhcp/c1b4e40d-e548-4dc3-b364-6d4a14bcc9c0/opts
Jun 20 04:09:18 gtw01 kernel: [ 6360.183801] device tap13bf2404-0b entered promiscuous mode
Jun 20 04:09:18 gtw01 systemd-udevd[2992]: Could not generate persistent MAC address for tap13bf2404-0b: No such file or directory
Jun 20 04:09:18 gtw01 systemd-udevd[2992]: Process '/sbin/ip link set tap13bf2404-0b txqueuelen 10000' failed with exit code 1.
Jun 20 04:09:18 gtw01 systemd-udevd[3069]: Process '/sbin/ip link set tap13bf2404-0b txqueuelen 10000' failed with exit code 1.
Jun 20 04:09:19 gtw01 dnsmasq[16241]: read /var/lib/neutron/dhcp/8bd7fcc4-16e7-4df3-a7dd-878d16565cc0/addn_hosts - 3 addresses
Jun 20 04:09:19 gtw01 dnsmasq-dhcp[16241]: read /var/lib/neutron/dhcp/8bd7fcc4-16e7-4df3-a7dd-878d16565cc0/host
Jun 20 04:09:19 gtw01 dnsmasq-dhcp[16241]: read /var/lib/neutron/dhcp/8bd7fcc4-16e7-4df3-a7dd-878d16565cc0/opts
Jun 20 04:09:19 gtw01 dnsmasq-dhcp[29322]: DHCPRELEASE(tapbedbc98b-8a) 192.168.120.9 fa:16:3e:8d:21:f9
Jun 20 04:09:20 gtw01 dnsmasq-dhcp[29322]: DHCPRELEASE(tapbedbc98b-8a) 192.168.120.9 fa:16:3e:8d:21:f9 unknown lease
Jun 20 04:09:20 gtw01 dnsmasq[16241]: read /var/lib/neutron/dhcp/8bd7fcc4-16e7-4df3-a7dd-878d16565cc0/addn_hosts - 3 addresses
Jun 20 04:09:20 gtw01 dnsmasq-dhcp[16241]: read /var/lib/neutron/dhcp/8bd7fcc4-16e7-4df3-a7dd-878d16565cc0/host
Jun 20 04:09:20 gtw01 dnsmasq-dhcp[16241]: read /var/lib/neutron/dhcp/8bd7fcc4-16e7-4df3-a7dd-878d16565cc0/opts
Jun 20 04:09:20 gtw01 kernel: [ 6362.222699] device vxlan_sys_4789 left promiscuous mode
Jun 20 04:09:20 gtw01 dnsmasq[29322]: read /var/lib/neutron/dhcp/c1b4e40d-e548-4dc3-b364-6d4a14bcc9c0/addn_hosts - 3 addresses
Jun 20 04:09:20 gtw01 dnsmasq-dhcp[29322]: read /var/lib/neutron/dhcp/c1b4e40d-e548-4dc3-b364-6d4a14bcc9c0/host
Jun 20 04:09:20 gtw01 dnsmasq-dhcp[29322]: read /var/lib/neutron/dhcp/c1b4e40d-e548-4dc3-b364-6d4a14bcc9c0/opts
Jun 20 04:09:21 gtw01 dnsmasq[16241]: read /var/lib/neutron/dhcp/8bd7fcc4-16e7-4df3-a7dd-878d16565cc0/addn_hosts - 3 addresses
Jun 20 04:09:21 gtw01 dnsmasq-dhcp[16241]: read /var/lib/neutron/dhcp/8bd7fcc4-16e7-4df3-a7dd-878d16565cc0/host
Jun 20 04:09:21 gtw01 dnsmasq-dhcp[16241]: read /var/lib/neutron/dhcp/8bd7fcc4-16e7-4df3-a7dd-878d16565cc0/opts
Jun 20 04:09:22 gtw01 dnsmasq[3262]: started, version 2.80 cachesize 150
Jun 20 04:09:22 gtw01 dnsmasq[3262]: DNS service limited to local subnets
Jun 20 04:09:22 gtw01 dnsmasq[3262]: compile time options: IPv6 GNU-getopt DBus i18n IDN DHCP DHCPv6 no-Lua TFTP conntrack ipset auth DNSSEC loop-detect inotify dumpfile
Jun 20 04:09:22 gtw01 dnsmasq[3262]: warning: no upstream servers configured
Jun 20 04:09:22 gtw01 dnsmasq-dhcp[3262]: DHCP, static leases only on 192.168.120.0, lease time 1h
Jun 20 04:09:22 gtw01 dnsmasq[3262]: read /var/lib/neutron/dhcp/7355789f-b9db-4963-b23a-f56b6afd9a2e/addn_hosts - 1 addresses
Jun 20 04:09:22 gtw01 dnsmasq-dhcp[3262]: read /var/lib/neutron/dhcp/7355789f-b9db-4963-b23a-f56b6afd9a2e/host
Jun 20 04:09:22 gtw01 dnsmasq-dhcp[3262]: read /var/lib/neutron/dhcp/7355789f-b9db-4963-b23a-f56b6afd9a2e/opts
Jun 20 04:09:22 gtw01 haproxy-metadata-proxy-7355789f-b9db-4963-b23a-f56b6afd9a2e[3266]: Proxy listener started.
Jun 20 04:09:22 gtw01 kernel: [ 6364.231649] device vxlan_sys_4789 entered promiscuous mode
Jun 20 04:09:22 gtw01 systemd-udevd[3268]: Could not generate persistent MAC address for vxlan_sys_4789: No such file or directory
Jun 20 04:09:23 gtw01 dnsmasq[3262]: read /var/lib/neutron/dhcp/7355789f-b9db-4963-b23a-f56b6afd9a2e/addn_hosts - 1 addresses
Jun 20 04:09:23 gtw01 dnsmasq-dhcp[3262]: read /var/lib/neutron/dhcp/7355789f-b9db-4963-b23a-f56b6afd9a2e/host
Jun 20 04:09:23 gtw01 dnsmasq-dhcp[3262]: read /var/lib/neutron/dhcp/7355789f-b9db-4963-b23a-f56b6afd9a2e/opts
Jun 20 04:09:24 gtw01 dnsmasq[3262]: read /var/lib/neutron/dhcp/7355789f-b9db-4963-b23a-f56b6afd9a2e/addn_hosts - 1 addresses
Jun 20 04:09:24 gtw01 dnsmasq-dhcp[3262]: read /var/lib/neutron/dhcp/7355789f-b9db-4963-b23a-f56b6afd9a2e/host
Jun 20 04:09:24 gtw01 dnsmasq-dhcp[3262]: read /var/lib/neutron/dhcp/7355789f-b9db-4963-b23a-f56b6afd9a2e/opts
Jun 20 04:09:24 gtw01 dnsmasq[3262]: read /var/lib/neutron/dhcp/7355789f-b9db-4963-b23a-f56b6afd9a2e/addn_hosts - 2 addresses
Jun 20 04:09:24 gtw01 dnsmasq-dhcp[3262]: read /var/lib/neutron/dhcp/7355789f-b9db-4963-b23a-f56b6afd9a2e/host
Jun 20 04:09:24 gtw01 dnsmasq-dhcp[3262]: read /var/lib/neutron/dhcp/7355789f-b9db-4963-b23a-f56b6afd9a2e/opts
Jun 20 04:09:25 gtw01 dnsmasq[29322]: read /var/lib/neutron/dhcp/c1b4e40d-e548-4dc3-b364-6d4a14bcc9c0/addn_hosts - 2 addresses
Jun 20 04:09:25 gtw01 dnsmasq-dhcp[29322]: read /var/lib/neutron/dhcp/c1b4e40d-e548-4dc3-b364-6d4a14bcc9c0/host
Jun 20 04:09:25 gtw01 dnsmasq-dhcp[29322]: read /var/lib/neutron/dhcp/c1b4e40d-e548-4dc3-b364-6d4a14bcc9c0/opts
Jun 20 04:09:25 gtw01 dnsmasq[3262]: read /var/lib/neutron/dhcp/7355789f-b9db-4963-b23a-f56b6afd9a2e/addn_hosts - 3 addresses
Jun 20 04:09:25 gtw01 dnsmasq-dhcp[3262]: read /var/lib/neutron/dhcp/7355789f-b9db-4963-b23a-f56b6afd9a2e/host
Jun 20 04:09:25 gtw01 dnsmasq-dhcp[3262]: read /var/lib/neutron/dhcp/7355789f-b9db-4963-b23a-f56b6afd9a2e/opts
Jun 20 04:09:26 gtw01 dnsmasq[3262]: read /var/lib/neutron/dhcp/7355789f-b9db-4963-b23a-f56b6afd9a2e/addn_hosts - 3 addresses
Jun 20 04:09:26 gtw01 dnsmasq-dhcp[3262]: read /var/lib/neutron/dhcp/7355789f-b9db-4963-b23a-f56b6afd9a2e/host
Jun 20 04:09:26 gtw01 dnsmasq-dhcp[3262]: read /var/lib/neutron/dhcp/7355789f-b9db-4963-b23a-f56b6afd9a2e/opts
Jun 20 04:09:27 gtw01 dnsmasq[3262]: read /var/lib/neutron/dhcp/7355789f-b9db-4963-b23a-f56b6afd9a2e/addn_hosts - 3 addresses
Jun 20 04:09:27 gtw01 dnsmasq-dhcp[3262]: read /var/lib/neutron/dhcp/7355789f-b9db-4963-b23a-f56b6afd9a2e/host
Jun 20 04:09:27 gtw01 dnsmasq-dhcp[3262]: read /var/lib/neutron/dhcp/7355789f-b9db-4963-b23a-f56b6afd9a2e/opts
Jun 20 04:09:28 gtw01 dnsmasq[3262]: read /var/lib/neutron/dhcp/7355789f-b9db-4963-b23a-f56b6afd9a2e/addn_hosts - 3 addresses
Jun 20 04:09:28 gtw01 dnsmasq-dhcp[3262]: read /var/lib/neutron/dhcp/7355789f-b9db-4963-b23a-f56b6afd9a2e/host
Jun 20 04:09:28 gtw01 dnsmasq-dhcp[3262]: read /var/lib/neutron/dhcp/7355789f-b9db-4963-b23a-f56b6afd9a2e/opts
Jun 20 04:09:29 gtw01 dnsmasq[3262]: read /var/lib/neutron/dhcp/7355789f-b9db-4963-b23a-f56b6afd9a2e/addn_hosts - 4 addresses
Jun 20 04:09:29 gtw01 dnsmasq-dhcp[3262]: read /var/lib/neutron/dhcp/7355789f-b9db-4963-b23a-f56b6afd9a2e/host
Jun 20 04:09:29 gtw01 dnsmasq-dhcp[3262]: read /var/lib/neutron/dhcp/7355789f-b9db-4963-b23a-f56b6afd9a2e/opts
Jun 20 04:09:30 gtw01 dnsmasq[3262]: read /var/lib/neutron/dhcp/7355789f-b9db-4963-b23a-f56b6afd9a2e/addn_hosts - 4 addresses
Jun 20 04:09:30 gtw01 dnsmasq-dhcp[3262]: read /var/lib/neutron/dhcp/7355789f-b9db-4963-b23a-f56b6afd9a2e/host
Jun 20 04:09:30 gtw01 dnsmasq-dhcp[3262]: read /var/lib/neutron/dhcp/7355789f-b9db-4963-b23a-f56b6afd9a2e/opts
Jun 20 04:09:30 gtw01 dnsmasq[29322]: read /var/lib/neutron/dhcp/c1b4e40d-e548-4dc3-b364-6d4a14bcc9c0/addn_hosts - 1 addresses
Jun 20 04:09:30 gtw01 dnsmasq-dhcp[29322]: read /var/lib/neutron/dhcp/c1b4e40d-e548-4dc3-b364-6d4a14bcc9c0/host
Jun 20 04:09:30 gtw01 dnsmasq-dhcp[29322]: read /var/lib/neutron/dhcp/c1b4e40d-e548-4dc3-b364-6d4a14bcc9c0/opts
Jun 20 04:09:30 gtw01 dnsmasq[16241]: read /var/lib/neutron/dhcp/8bd7fcc4-16e7-4df3-a7dd-878d16565cc0/addn_hosts - 2 addresses
Jun 20 04:09:30 gtw01 dnsmasq-dhcp[16241]: read /var/lib/neutron/dhcp/8bd7fcc4-16e7-4df3-a7dd-878d16565cc0/host
Jun 20 04:09:30 gtw01 dnsmasq-dhcp[16241]: read /var/lib/neutron/dhcp/8bd7fcc4-16e7-4df3-a7dd-878d16565cc0/opts
Jun 20 04:09:31 gtw01 dnsmasq[3262]: read /var/lib/neutron/dhcp/7355789f-b9db-4963-b23a-f56b6afd9a2e/addn_hosts - 4 addresses
Jun 20 04:09:31 gtw01 dnsmasq-dhcp[3262]: read /var/lib/neutron/dhcp/7355789f-b9db-4963-b23a-f56b6afd9a2e/host
