Jun 20 04:55:21 gtw01 neutron-keepalived-state-change: 2019-06-20 04:55:21.960 25607 DEBUG neutron.agent.linux.utils [-] Found cmdline ['ip', '-o', 'monitor', 'address'] for rocess with PID 25608. get_cmdline_from_pid /usr/lib/python2.7/dist-packages/neutron/agent/linux/utils.py:329
Jun 20 04:55:21 gtw01 neutron-keepalived-state-change: 2019-06-20 04:55:21.962 25607 INFO neutron.agent.linux.daemon [-] Process runs with uid/gid: 114/118
Jun 20 04:55:21 gtw01 neutron-keepalived-state-change: 2019-06-20 04:55:21.964 25607 DEBUG neutron.agent.linux.utils [-] Running command: ['sudo', '/usr/bin/neutron-rootwrap', '/etc/neutron/rootwrap.conf', 'ip', 'netns', 'exec', 'qrouter-4b65de05-4014-4832-888d-c20c9ffed9b2', 'ip', 'addr', 'show', 'ha-87a2804c-36'] create_process /usr/lib/python2.7/dist-packages/neutron/agent/linux/utils.py:87
Jun 20 04:55:22 gtw01 neutron-keepalived-state-change: 2019-06-20 04:55:22.256 25607 DEBUG neutron.agent.l3.keepalived_state_change [-] Initial status of router 4b65de05-4014-4832-888d-c20c9ffed9b2 is backup handle_initial_state /usr/lib/python2.7/dist-packages/neutron/agent/l3/keepalived_state_change.py:106
Jun 20 04:55:23 gtw01 dnsmasq[24590]: read /var/lib/neutron/dhcp/2552e8d7-ac79-4edf-8a94-6e3c5b63d000/addn_hosts - 1 addresses
Jun 20 04:55:23 gtw01 dnsmasq-dhcp[24590]: read /var/lib/neutron/dhcp/2552e8d7-ac79-4edf-8a94-6e3c5b63d000/host
Jun 20 04:55:23 gtw01 dnsmasq-dhcp[24590]: read /var/lib/neutron/dhcp/2552e8d7-ac79-4edf-8a94-6e3c5b63d000/opts
Jun 20 04:55:24 gtw01 neutron-keepalived-state-change: 2019-06-20 04:55:24.594 25607 DEBUG neutron.agent.linux.utils [-] Running command: ['sudo', '/usr/bin/neutron-rootwrap', '/etc/neutron/rootwrap.conf', 'kill', '-9', '25608'] create_process /usr/lib/python2.7/dist-packages/neutron/agent/linux/utils.py:87
Jun 20 04:55:24 gtw01 neutron-keepalived-state-change: 2019-06-20 04:55:24.627 25607 CRITICAL neutron [-] Unhandled error: AssertionError: do not call blocking functions from the mainloop#0122019-06-20 04:55:24.627 25607 ERROR neutron Traceback (most recent call last):#0122019-06-20 04:55:24.627 25607 ERROR neutron   File "/usr/bin/neutron-keepalived-state-change", line 10, in <module>#0122019-06-20 04:55:24.627 25607 ERROR neutron     sys.exit(main())#0122019-06-20 04:55:24.627 25607 ERROR neutron   File "/usr/lib/python2.7/dist-packages/neutron/cmd/keepalived_state_change.py", line 19, in main#0122019-06-20 04:55:24.627 25607 ERROR neutron     keepalived_state_change.main()#0122019-06-20 04:55:24.627 25607 ERROR neutron   File "/usr/lib/python2.7/dist-packages/neutron/agent/l3/keepalived_state_change.py", line 176, in main#0122019-06-20 04:55:24.627 25607 ERROR neutron     cfg.CONF.monitor_cidr).start()#0122019-06-20 04:55:24.627 25607 ERROR neutron   File "/usr/lib/python2.7/dist-packages/neutron/agent/linux/daemon.py", line 248, in start#0122019-06-20 04:55:24.627 25607 ERROR neutron     self.run()#0122019-06-20 04:55:24.627 25607 ERROR neutron   File "/usr/lib/python2.7/dist-packages/neutron/agent/l3/keepalived_state_change.py", line 71, in run#0122019-06-20 04:55:24.627 25607 ERROR neutron     for iterable in self.monitor:#0122019-06-20 04:55:24.627 25607 ERROR neutron   File "/usr/lib/python2.7/dist-packages/neutron/agent/linux/async_process.py", line 284, in _iter_queue#0122019-06-20 04:55:24.627 25607 ERROR neutron     yield queue.get(block=block)#0122019-06-20 04:55:24.627 25607 ERROR neutron   File "/usr/lib/python2.7/dist-packages/eventlet/queue.py", line 313, in get#0122019-06-20 04:55:24.627 25607 ERROR neutron     return waiter.wait()#0122019-06-20 04:55:24.627 25607 ERROR neutron   File "/usr/lib/python2.7/dist-packages/eventlet/queue.py", line 141, in wait#0122019-06-20 04:55:24.627 25607 ERROR neutron     return get_hub().switch()#0122019-06-20 04:55:24.627 25607 ERROR neutron   File "/usr/lib/python2.7/dist-packages/eventlet/hubs/hub.py", line 294, in switch#0122019-06-20 04:55:24.627 25607 ERROR neutron     return self.greenlet.switch()#0122019-06-20 04:55:24.627 25607 ERROR neutron   File "/usr/lib/python2.7/dist-packages/eventlet/hubs/hub.py", line 346, in run#0122019-06-20 04:55:24.627 25607 ERROR neutron     self.wait(sleep_time)#0122019-06-20 04:55:24.627 25607 ERROR neutron   File "/usr/lib/python2.7/dist-packages/eventlet/hubs/poll.py", line 85, in wait#0122019-06-20 04:55:24.627 25607 ERROR neutron     presult = self.do_poll(seconds)#0122019-06-20 04:55:24.627 25607 ERROR neutron   File "/usr/lib/python2.7/dist-packages/eventlet/hubs/epolls.py", line 62, in do_poll#0122019-06-20 04:55:24.627 25607 ERROR neutron     return self.poll.poll(seconds)#0122019-06-20 04:55:24.627 25607 ERROR neutron   File "/usr/lib/python2.7/dist-packages/neutron/agent/l3/keepalived_state_change.py", line 152, in handle_sigterm#0122019-06-20 04:55:24.627 25607 ERROR neutron     self._kill_monitor()#0122019-06-20 04:55:24.627 25607 ERROR neutron   File "/usr/lib/python2.7/dist-packages/neutron/agent/l3/keepalived_state_change.py", line 149, in _kill_monitor#0122019-06-20 04:55:24.627 25607 ERROR neutron     run_as_root=True)#0122019-06-20 04:55:24.627 25607 ERROR neutron   File "/usr/lib/python2.7/dist-packages/neutron/agent/linux/utils.py", line 219, in kill_process#0122019-06-20 04:55:24.627 25607 ERROR neutron     execute(['kill', '-%d' % signal, pid], run_as_root=run_as_root)#0122019-06-20 04:55:24.627 25607 ERROR neutron   File "/usr/lib/python2.7/dist-packages/neutron/agent/linux/utils.py", line 126, in execute#0122019-06-20 04:55:24.627 25607 ERROR neutron     _stdout, _stderr = obj.communicate(_process_input)#0122019-06-20 04:55:24.627 25607 ERROR neutron   File "/usr/lib/python2.7/subprocess.py", line 800, in communicate#0122019-06-20 04:55:24.627 25607 ERROR neutron     return self._communicate(input)#0122019-06-20 04:55:24.627 25607 ERROR neutron   File "/usr/lib/python2.7/subprocess.py", line 1419, in _communicate#0122019-06-20 04:55:24.627 25607 ERROR neutron     stdout, stderr = self._communicate_with_select(input)#0122019-06-20 04:55:24.627 25607 ERROR neutron   File "/usr/lib/python2.7/subprocess.py", line 1520, in _communicate_with_select#0122019-06-20 04:55:24.627 25607 ERROR neutron     rlist, wlist, xlist = select.select(read_set, write_set, [])#0122019-06-20 04:55:24.627 25607 ERROR neutron   File "/usr/lib/python2.7/dist-packages/eventlet/green/select.py", line 40, in select#0122019-06-20 04:55:24.627 25607 ERROR neutron     assert hub.greenlet is not current, 'do not call blocking functions from the mainloop'#0122019-06-20 04:55:24.627 25607 ERROR neutron AssertionError: do not call blocking functions from the mainloop#0122019-06-20 04:55:24.627 25607 ERROR neutron
Jun 20 04:55:25 gtw01 dnsmasq[24359]: read /var/lib/neutron/dhcp/275ec4ba-d804-40b4-adca-88741a152721/addn_hosts - 6 addresses
Jun 20 04:55:25 gtw01 dnsmasq-dhcp[24359]: read /var/lib/neutron/dhcp/275ec4ba-d804-40b4-adca-88741a152721/host
Jun 20 04:55:25 gtw01 dnsmasq-dhcp[24359]: read /var/lib/neutron/dhcp/275ec4ba-d804-40b4-adca-88741a152721/opts
Jun 20 04:55:25 gtw01 kernel: [ 9127.415689] device ha-87a2804c-36 left promiscuous mode
Jun 20 04:55:27 gtw01 dnsmasq[24590]: read /var/lib/neutron/dhcp/2552e8d7-ac79-4edf-8a94-6e3c5b63d000/addn_hosts - 2 addresses
Jun 20 04:55:27 gtw01 dnsmasq-dhcp[24590]: read /var/lib/neutron/dhcp/2552e8d7-ac79-4edf-8a94-6e3c5b63d000/host
Jun 20 04:55:27 gtw01 dnsmasq-dhcp[24590]: read /var/lib/neutron/dhcp/2552e8d7-ac79-4edf-8a94-6e3c5b63d000/opts
Jun 20 04:55:28 gtw01 dnsmasq[24590]: read /var/lib/neutron/dhcp/2552e8d7-ac79-4edf-8a94-6e3c5b63d000/addn_hosts - 2 addresses
Jun 20 04:55:28 gtw01 dnsmasq-dhcp[24590]: read /var/lib/neutron/dhcp/2552e8d7-ac79-4edf-8a94-6e3c5b63d000/host
Jun 20 04:55:28 gtw01 dnsmasq-dhcp[24590]: read /var/lib/neutron/dhcp/2552e8d7-ac79-4edf-8a94-6e3c5b63d000/opts
Jun 20 04:55:30 gtw01 dnsmasq[24359]: read /var/lib/neutron/dhcp/275ec4ba-d804-40b4-adca-88741a152721/addn_hosts - 7 addresses
Jun 20 04:55:30 gtw01 dnsmasq-dhcp[24359]: read /var/lib/neutron/dhcp/275ec4ba-d804-40b4-adca-88741a152721/host
Jun 20 04:55:30 gtw01 dnsmasq-dhcp[24359]: read /var/lib/neutron/dhcp/275ec4ba-d804-40b4-adca-88741a152721/opts
Jun 20 04:55:33 gtw01 dnsmasq[25837]: started, version 2.80 cachesize 150
Jun 20 04:55:33 gtw01 dnsmasq[25837]: DNS service limited to local subnets
Jun 20 04:55:33 gtw01 dnsmasq[25837]: compile time options: IPv6 GNU-getopt DBus i18n IDN DHCP DHCPv6 no-Lua TFTP conntrack ipset auth DNSSEC loop-detect inotify dumpfile
Jun 20 04:55:33 gtw01 dnsmasq[25837]: warning: no upstream servers configured
Jun 20 04:55:33 gtw01 dnsmasq-dhcp[25837]: DHCP, static leases only on 192.168.120.0, lease time 1h
Jun 20 04:55:33 gtw01 dnsmasq-dhcp[25837]: DHCP, static leases only on 192.168.120.16, lease time 1h
Jun 20 04:55:33 gtw01 dnsmasq[25837]: read /var/lib/neutron/dhcp/8b049cde-9b3c-4280-9cee-6dfacba2b549/addn_hosts - 2 addresses
Jun 20 04:55:33 gtw01 dnsmasq-dhcp[25837]: read /var/lib/neutron/dhcp/8b049cde-9b3c-4280-9cee-6dfacba2b549/host
Jun 20 04:55:33 gtw01 dnsmasq-dhcp[25837]: read /var/lib/neutron/dhcp/8b049cde-9b3c-4280-9cee-6dfacba2b549/opts
Jun 20 04:55:34 gtw01 dnsmasq[24428]: read /var/lib/neutron/dhcp/53ecb3ef-c609-4ea2-b676-f5c0f1586344/addn_hosts - 2 addresses
Jun 20 04:55:34 gtw01 dnsmasq-dhcp[24428]: read /var/lib/neutron/dhcp/53ecb3ef-c609-4ea2-b676-f5c0f1586344/host
Jun 20 04:55:34 gtw01 dnsmasq-dhcp[24428]: read /var/lib/neutron/dhcp/53ecb3ef-c609-4ea2-b676-f5c0f1586344/opts
Jun 20 04:55:34 gtw01 dnsmasq-dhcp[25837]: DHCPRELEASE(tapbe34ef1b-37) 192.168.120.18 fa:16:3e:60:36:3b unknown lease
Jun 20 04:55:35 gtw01 dnsmasq[24590]: read /var/lib/neutron/dhcp/2552e8d7-ac79-4edf-8a94-6e3c5b63d000/addn_hosts - 1 addresses
Jun 20 04:55:35 gtw01 dnsmasq-dhcp[24590]: read /var/lib/neutron/dhcp/2552e8d7-ac79-4edf-8a94-6e3c5b63d000/host
Jun 20 04:55:35 gtw01 dnsmasq-dhcp[24590]: read /var/lib/neutron/dhcp/2552e8d7-ac79-4edf-8a94-6e3c5b63d000/opts
Jun 20 04:55:35 gtw01 dnsmasq-dhcp[25837]: DHCPRELEASE(tapbe34ef1b-37) 192.168.120.18 fa:16:3e:60:36:3b unknown lease
Jun 20 04:55:35 gtw01 dnsmasq[24428]: read /var/lib/neutron/dhcp/53ecb3ef-c609-4ea2-b676-f5c0f1586344/addn_hosts - 2 addresses
Jun 20 04:55:35 gtw01 dnsmasq-dhcp[24428]: read /var/lib/neutron/dhcp/53ecb3ef-c609-4ea2-b676-f5c0f1586344/host
Jun 20 04:55:35 gtw01 dnsmasq-dhcp[24428]: read /var/lib/neutron/dhcp/53ecb3ef-c609-4ea2-b676-f5c0f1586344/opts
Jun 20 04:55:35 gtw01 dnsmasq-dhcp[25837]: DHCPRELEASE(tapbe34ef1b-37) 192.168.120.18 fa:16:3e:60:36:3b unknown lease
Jun 20 04:55:35 gtw01 dnsmasq[24359]: read /var/lib/neutron/dhcp/275ec4ba-d804-40b4-adca-88741a152721/addn_hosts - 9 addresses
Jun 20 04:55:35 gtw01 dnsmasq-dhcp[24359]: read /var/lib/neutron/dhcp/275ec4ba-d804-40b4-adca-88741a152721/host
Jun 20 04:55:35 gtw01 dnsmasq-dhcp[24359]: read /var/lib/neutron/dhcp/275ec4ba-d804-40b4-adca-88741a152721/opts
Jun 20 04:55:36 gtw01 dnsmasq[24428]: read /var/lib/neutron/dhcp/53ecb3ef-c609-4ea2-b676-f5c0f1586344/addn_hosts - 2 addresses
Jun 20 04:55:36 gtw01 dnsmasq-dhcp[24428]: read /var/lib/neutron/dhcp/53ecb3ef-c609-4ea2-b676-f5c0f1586344/host
Jun 20 04:55:36 gtw01 dnsmasq-dhcp[24428]: read /var/lib/neutron/dhcp/53ecb3ef-c609-4ea2-b676-f5c0f1586344/opts
Jun 20 04:55:36 gtw01 dnsmasq[25837]: read /var/lib/neutron/dhcp/8b049cde-9b3c-4280-9cee-6dfacba2b549/addn_hosts - 1 addresses
Jun 20 04:55:36 gtw01 dnsmasq-dhcp[25837]: read /var/lib/neutron/dhcp/8b049cde-9b3c-4280-9cee-6dfacba2b549/host
Jun 20 04:55:36 gtw01 dnsmasq-dhcp[25837]: read /var/lib/neutron/dhcp/8b049cde-9b3c-4280-9cee-6dfacba2b549/opts
Jun 20 04:55:37 gtw01 dnsmasq[24590]: read /var/lib/neutron/dhcp/2552e8d7-ac79-4edf-8a94-6e3c5b63d000/addn_hosts - 2 addresses
Jun 20 04:55:37 gtw01 dnsmasq-dhcp[24590]: read /var/lib/neutron/dhcp/2552e8d7-ac79-4edf-8a94-6e3c5b63d000/host
Jun 20 04:55:37 gtw01 dnsmasq-dhcp[24590]: read /var/lib/neutron/dhcp/2552e8d7-ac79-4edf-8a94-6e3c5b63d000/opts
Jun 20 04:55:37 gtw01 dnsmasq[24428]: read /var/lib/neutron/dhcp/53ecb3ef-c609-4ea2-b676-f5c0f1586344/addn_hosts - 1 addresses
Jun 20 04:55:37 gtw01 dnsmasq-dhcp[24428]: read /var/lib/neutron/dhcp/53ecb3ef-c609-4ea2-b676-f5c0f1586344/host
Jun 20 04:55:37 gtw01 dnsmasq-dhcp[24428]: read /var/lib/neutron/dhcp/53ecb3ef-c609-4ea2-b676-f5c0f1586344/opts
Jun 20 04:55:38 gtw01 dnsmasq[24590]: read /var/lib/neutron/dhcp/2552e8d7-ac79-4edf-8a94-6e3c5b63d000/addn_hosts - 2 addresses
Jun 20 04:55:38 gtw01 dnsmasq-dhcp[24590]: read /var/lib/neutron/dhcp/2552e8d7-ac79-4edf-8a94-6e3c5b63d000/host
Jun 20 04:55:38 gtw01 dnsmasq-dhcp[24590]: read /var/lib/neutron/dhcp/2552e8d7-ac79-4edf-8a94-6e3c5b63d000/opts
Jun 20 04:55:38 gtw01 kernel: [ 9140.177251] device tapbe34ef1b-37 left promiscuous mode
Jun 20 04:55:39 gtw01 dnsmasq[24359]: read /var/lib/neutron/dhcp/275ec4ba-d804-40b4-adca-88741a152721/addn_hosts - 10 addresses
Jun 20 04:55:39 gtw01 dnsmasq-dhcp[24359]: read /var/lib/neutron/dhcp/275ec4ba-d804-40b4-adca-88741a152721/host
Jun 20 04:55:39 gtw01 dnsmasq-dhcp[24359]: read /var/lib/neutron/dhcp/275ec4ba-d804-40b4-adca-88741a152721/opts
Jun 20 04:55:41 gtw01 haproxy-metadata-proxy-e44f92ca-8e17-403b-bed1-6e0107185c02[26137]: Proxy listener started.
Jun 20 04:55:42 gtw01 dnsmasq[24428]: read /var/lib/neutron/dhcp/53ecb3ef-c609-4ea2-b676-f5c0f1586344/addn_hosts - 2 addresses
Jun 20 04:55:42 gtw01 dnsmasq-dhcp[24428]: read /var/lib/neutron/dhcp/53ecb3ef-c609-4ea2-b676-f5c0f1586344/host
Jun 20 04:55:42 gtw01 dnsmasq-dhcp[24428]: read /var/lib/neutron/dhcp/53ecb3ef-c609-4ea2-b676-f5c0f1586344/opts
Jun 20 04:55:42 gtw01 dnsmasq[24359]: read /var/lib/neutron/dhcp/275ec4ba-d804-40b4-adca-88741a152721/addn_hosts - 11 addresses
Jun 20 04:55:42 gtw01 dnsmasq-dhcp[24359]: read /var/lib/neutron/dhcp/275ec4ba-d804-40b4-adca-88741a152721/host
Jun 20 04:55:42 gtw01 dnsmasq-dhcp[24359]: read /var/lib/neutron/dhcp/275ec4ba-d804-40b4-adca-88741a152721/opts
Jun 20 04:55:42 gtw01 dnsmasq[24590]: read /var/lib/neutron/dhcp/2552e8d7-ac79-4edf-8a94-6e3c5b63d000/addn_hosts - 1 addresses
Jun 20 04:55:42 gtw01 dnsmasq-dhcp[24590]: read /var/lib/neutron/dhcp/2552e8d7-ac79-4edf-8a94-6e3c5b63d000/host
Jun 20 04:55:42 gtw01 dnsmasq-dhcp[24590]: read /var/lib/neutron/dhcp/2552e8d7-ac79-4edf-8a94-6e3c5b63d000/opts
Jun 20 04:55:44 gtw01 dnsmasq[24428]: read /var/lib/neutron/dhcp/53ecb3ef-c609-4ea2-b676-f5c0f1586344/addn_hosts - 2 addresses
Jun 20 04:55:44 gtw01 dnsmasq-dhcp[24428]: read /var/lib/neutron/dhcp/53ecb3ef-c609-4ea2-b676-f5c0f1586344/host
Jun 20 04:55:44 gtw01 dnsmasq-dhcp[24428]: read /var/lib/neutron/dhcp/53ecb3ef-c609-4ea2-b676-f5c0f1586344/opts
Jun 20 04:55:44 gtw01 dnsmasq[24359]: read /var/lib/neutron/dhcp/275ec4ba-d804-40b4-adca-88741a152721/addn_hosts - 12 addresses
Jun 20 04:55:44 gtw01 dnsmasq-dhcp[24359]: read /var/lib/neutron/dhcp/275ec4ba-d804-40b4-adca-88741a152721/host
Jun 20 04:55:44 gtw01 dnsmasq-dhcp[24359]: read /var/lib/neutron/dhcp/275ec4ba-d804-40b4-adca-88741a152721/opts
Jun 20 04:55:45 gtw01 kernel: [ 9146.893629] device tape79248c3-1c left promiscuous mode
Jun 20 04:55:45 gtw01 dnsmasq[24428]: read /var/lib/neutron/dhcp/53ecb3ef-c609-4ea2-b676-f5c0f1586344/addn_hosts - 2 addresses
Jun 20 04:55:45 gtw01 dnsmasq-dhcp[24428]: read /var/lib/neutron/dhcp/53ecb3ef-c609-4ea2-b676-f5c0f1586344/host
Jun 20 04:55:45 gtw01 dnsmasq-dhcp[24428]: read /var/lib/neutron/dhcp/53ecb3ef-c609-4ea2-b676-f5c0f1586344/opts
Jun 20 04:55:46 gtw01 dnsmasq[24428]: read /var/lib/neutron/dhcp/53ecb3ef-c609-4ea2-b676-f5c0f1586344/addn_hosts - 1 addresses
Jun 20 04:55:46 gtw01 dnsmasq-dhcp[24428]: read /var/lib/neutron/dhcp/53ecb3ef-c609-4ea2-b676-f5c0f1586344/host
Jun 20 04:55:46 gtw01 dnsmasq-dhcp[24428]: read /var/lib/neutron/dhcp/53ecb3ef-c609-4ea2-b676-f5c0f1586344/opts
Jun 20 04:55:46 gtw01 dnsmasq[24359]: read /var/lib/neutron/dhcp/275ec4ba-d804-40b4-adca-88741a152721/addn_hosts - 11 addresses
Jun 20 04:55:46 gtw01 dnsmasq-dhcp[24359]: read /var/lib/neutron/dhcp/275ec4ba-d804-40b4-adca-88741a152721/host
Jun 20 04:55:46 gtw01 dnsmasq-dhcp[24359]: read /var/lib/neutron/dhcp/275ec4ba-d804-40b4-adca-88741a152721/opts
Jun 20 04:55:49 gtw01 dnsmasq[24359]: read /var/lib/neutron/dhcp/275ec4ba-d804-40b4-adca-88741a152721/addn_hosts - 12 addresses
Jun 20 04:55:49 gtw01 dnsmasq-dhcp[24359]: read /var/lib/neutron/dhcp/275ec4ba-d804-40b4-adca-88741a152721/host
Jun 20 04:55:49 gtw01 dnsmasq-dhcp[24359]: read /var/lib/neutron/dhcp/275ec4ba-d804-40b4-adca-88741a152721/opts
Jun 20 04:55:50 gtw01 haproxy-metadata-proxy-f78d7361-24c0-4f0b-9dbb-2b820f36f9ea[26416]: Proxy listener started.
Jun 20 04:55:50 gtw01 dnsmasq[24359]: read /var/lib/neutron/dhcp/275ec4ba-d804-40b4-adca-88741a152721/addn_hosts - 12 addresses
Jun 20 04:55:50 gtw01 dnsmasq-dhcp[24359]: read /var/lib/neutron/dhcp/275ec4ba-d804-40b4-adca-88741a152721/host
Jun 20 04:55:50 gtw01 dnsmasq-dhcp[24359]: read /var/lib/neutron/dhcp/275ec4ba-d804-40b4-adca-88741a152721/opts
Jun 20 04:55:52 gtw01 systemd-udevd[26480]: Could not generate persistent MAC address for tap247ac11e-0e: No such file or directory
Jun 20 04:55:52 gtw01 kernel: [ 9154.042158] device tap247ac11e-0e entered promiscuous mode
Jun 20 04:55:52 gtw01 systemd-udevd[26480]: Process '/sbin/ip link set tap247ac11e-0e txqueuelen 10000' failed with exit code 1.
Jun 20 04:55:52 gtw01 dnsmasq[24359]: read /var/lib/neutron/dhcp/275ec4ba-d804-40b4-adca-88741a152721/addn_hosts - 13 addresses
Jun 20 04:55:52 gtw01 dnsmasq-dhcp[24359]: read /var/lib/neutron/dhcp/275ec4ba-d804-40b4-adca-88741a152721/host
Jun 20 04:55:52 gtw01 dnsmasq-dhcp[24359]: read /var/lib/neutron/dhcp/275ec4ba-d804-40b4-adca-88741a152721/opts
Jun 20 04:55:52 gtw01 systemd-udevd[26557]: Process '/sbin/ip link set tap247ac11e-0e txqueuelen 10000' failed with exit code 1.
Jun 20 04:55:55 gtw01 dnsmasq[26650]: started, version 2.80 cachesize 150
Jun 20 04:55:55 gtw01 dnsmasq[26650]: DNS service limited to local subnets
Jun 20 04:55:55 gtw01 dnsmasq[26650]: compile time options: IPv6 GNU-getopt DBus i18n IDN DHCP DHCPv6 no-Lua TFTP conntrack ipset auth DNSSEC loop-detect inotify dumpfile
Jun 20 04:55:55 gtw01 dnsmasq[26650]: warning: no upstream servers configured
Jun 20 04:55:55 gtw01 dnsmasq-dhcp[26650]: DHCP, static leases only on 192.168.120.0, lease time 1h
Jun 20 04:55:55 gtw01 dnsmasq[26650]: read /var/lib/neutron/dhcp/418e7bd6-8dd7-4034-a4b4-28b6fda6752c/addn_hosts - 1 addresses
Jun 20 04:55:55 gtw01 dnsmasq-dhcp[26650]: read /var/lib/neutron/dhcp/418e7bd6-8dd7-4034-a4b4-28b6fda6752c/host
Jun 20 04:55:55 gtw01 dnsmasq-dhcp[26650]: read /var/lib/neutron/dhcp/418e7bd6-8dd7-4034-a4b4-28b6fda6752c/opts
Jun 20 04:55:56 gtw01 haproxy-metadata-proxy-418e7bd6-8dd7-4034-a4b4-28b6fda6752c[26657]: Proxy listener started.
Jun 20 04:55:56 gtw01 dnsmasq[24359]: read /var/lib/neutron/dhcp/275ec4ba-d804-40b4-adca-88741a152721/addn_hosts - 13 addresses
Jun 20 04:55:56 gtw01 dnsmasq-dhcp[24359]: read /var/lib/neutron/dhcp/275ec4ba-d804-40b4-adca-88741a152721/host
Jun 20 04:55:56 gtw01 dnsmasq-dhcp[24359]: read /var/lib/neutron/dhcp/275ec4ba-d804-40b4-adca-88741a152721/opts
Jun 20 04:55:56 gtw01 dnsmasq[26650]: read /var/lib/neutron/dhcp/418e7bd6-8dd7-4034-a4b4-28b6fda6752c/addn_hosts - 1 addresses
Jun 20 04:55:56 gtw01 dnsmasq-dhcp[26650]: read /var/lib/neutron/dhcp/418e7bd6-8dd7-4034-a4b4-28b6fda6752c/host
Jun 20 04:55:56 gtw01 dnsmasq-dhcp[26650]: read /var/lib/neutron/dhcp/418e7bd6-8dd7-4034-a4b4-28b6fda6752c/opts
Jun 20 04:55:57 gtw01 dnsmasq[24359]: read /var/lib/neutron/dhcp/275ec4ba-d804-40b4-adca-88741a152721/addn_hosts - 13 addresses
Jun 20 04:55:57 gtw01 dnsmasq-dhcp[24359]: read /var/lib/neutron/dhcp/275ec4ba-d804-40b4-adca-88741a152721/host
Jun 20 04:55:57 gtw01 dnsmasq-dhcp[24359]: read /var/lib/neutron/dhcp/275ec4ba-d804-40b4-adca-88741a152721/opts
Jun 20 04:55:57 gtw01 dnsmasq[26650]: read /var/lib/neutron/dhcp/418e7bd6-8dd7-4034-a4b4-28b6fda6752c/addn_hosts - 1 addresses
Jun 20 04:55:57 gtw01 dnsmasq-dhcp[26650]: read /var/lib/neutron/dhcp/418e7bd6-8dd7-4034-a4b4-28b6fda6752c/host
Jun 20 04:55:57 gtw01 dnsmasq-dhcp[26650]: read /var/lib/neutron/dhcp/418e7bd6-8dd7-4034-a4b4-28b6fda6752c/opts
Jun 20 04:55:58 gtw01 dnsmasq[26650]: read /var/lib/neutron/dhcp/418e7bd6-8dd7-4034-a4b4-28b6fda6752c/addn_hosts - 2 addresses
Jun 20 04:55:58 gtw01 dnsmasq-dhcp[26650]: read /var/lib/neutron/dhcp/418e7bd6-8dd7-4034-a4b4-28b6fda6752c/host
Jun 20 04:55:58 gtw01 dnsmasq-dhcp[26650]: read /var/lib/neutron/dhcp/418e7bd6-8dd7-4034-a4b4-28b6fda6752c/opts
Jun 20 04:55:59 gtw01 dnsmasq[24359]: read /var/lib/neutron/dhcp/275ec4ba-d804-40b4-adca-88741a152721/addn_hosts - 14 addresses
Jun 20 04:55:59 gtw01 dnsmasq-dhcp[24359]: read /var/lib/neutron/dhcp/275ec4ba-d804-40b4-adca-88741a152721/host
Jun 20 04:55:59 gtw01 dnsmasq-dhcp[24359]: read /var/lib/neutron/dhcp/275ec4ba-d804-40b4-adca-88741a152721/opts
Jun 20 04:55:59 gtw01 dnsmasq[26650]: read /var/lib/neutron/dhcp/418e7bd6-8dd7-4034-a4b4-28b6fda6752c/addn_hosts - 2 addresses
Jun 20 04:55:59 gtw01 dnsmasq-dhcp[26650]: read /var/lib/neutron/dhcp/418e7bd6-8dd7-4034-a4b4-28b6fda6752c/host
Jun 20 04:55:59 gtw01 dnsmasq-dhcp[26650]: read /var/lib/neutron/dhcp/418e7bd6-8dd7-4034-a4b4-28b6fda6752c/opts
Jun 20 04:56:00 gtw01 dnsmasq[24359]: read /var/lib/neutron/dhcp/275ec4ba-d804-40b4-adca-88741a152721/addn_hosts - 14 addresses
Jun 20 04:56:00 gtw01 dnsmasq-dhcp[24359]: read /var/lib/neutron/dhcp/275ec4ba-d804-40b4-adca-88741a152721/host
Jun 20 04:56:00 gtw01 dnsmasq-dhcp[24359]: read /var/lib/neutron/dhcp/275ec4ba-d804-40b4-adca-88741a152721/opts
Jun 20 04:56:00 gtw01 dnsmasq[26650]: read /var/lib/neutron/dhcp/418e7bd6-8dd7-4034-a4b4-28b6fda6752c/addn_hosts - 2 addresses
Jun 20 04:56:00 gtw01 dnsmasq-dhcp[26650]: read /var/lib/neutron/dhcp/418e7bd6-8dd7-4034-a4b4-28b6fda6752c/host
Jun 20 04:56:00 gtw01 dnsmasq-dhcp[26650]: read /var/lib/neutron/dhcp/418e7bd6-8dd7-4034-a4b4-28b6fda6752c/opts
Jun 20 04:56:01 gtw01 dnsmasq[24359]: read /var/lib/neutron/dhcp/275ec4ba-d804-40b4-adca-88741a152721/addn_hosts - 15 addresses
Jun 20 04:56:01 gtw01 dnsmasq-dhcp[24359]: read /var/lib/neutron/dhcp/275ec4ba-d804-40b4-adca-88741a152721/host
Jun 20 04:56:01 gtw01 dnsmasq-dhcp[24359]: read /var/lib/neutron/dhcp/275ec4ba-d804-40b4-adca-88741a152721/opts
Jun 20 04:56:01 gtw01 dnsmasq[26650]: read /var/lib/neutron/dhcp/418e7bd6-8dd7-4034-a4b4-28b6fda6752c/addn_hosts - 1 addresses
Jun 20 04:56:01 gtw01 dnsmasq-dhcp[26650]: read /var/lib/neutron/dhcp/418e7bd6-8dd7-4034-a4b4-28b6fda6752c/host
Jun 20 04:56:01 gtw01 dnsmasq-dhcp[26650]: read /var/lib/neutron/dhcp/418e7bd6-8dd7-4034-a4b4-28b6fda6752c/opts
Jun 20 04:56:02 gtw01 haproxy-metadata-proxy-418e7bd6-8dd7-4034-a4b4-28b6fda6752c[26876]: Proxy listener started.
Jun 20 04:56:02 gtw01 dnsmasq[24359]: read /var/lib/neutron/dhcp/275ec4ba-d804-40b4-adca-88741a152721/addn_hosts - 15 addresses
Jun 20 04:56:02 gtw01 dnsmasq-dhcp[24359]: read /var/lib/neutron/dhcp/275ec4ba-d804-40b4-adca-88741a152721/host
Jun 20 04:56:02 gtw01 dnsmasq-dhcp[24359]: read /var/lib/neutron/dhcp/275ec4ba-d804-40b4-adca-88741a152721/opts
Jun 20 04:56:02 gtw01 kernel: [ 9164.267644] device ha-030c9034-8b entered promiscuous mode
Jun 20 04:56:02 gtw01 systemd-udevd[26889]: Could not generate persistent MAC address for ha-030c9034-8b: No such file or directory
Jun 20 04:56:03 gtw01 dnsmasq[24359]: read /var/lib/neutron/dhcp/275ec4ba-d804-40b4-adca-88741a152721/addn_hosts - 15 addresses
Jun 20 04:56:03 gtw01 dnsmasq-dhcp[24359]: read /var/lib/neutron/dhcp/275ec4ba-d804-40b4-adca-88741a152721/host
Jun 20 04:56:03 gtw01 dnsmasq-dhcp[24359]: read /var/lib/neutron/dhcp/275ec4ba-d804-40b4-adca-88741a152721/opts
Jun 20 04:56:04 gtw01 dnsmasq[24359]: read /var/lib/neutron/dhcp/275ec4ba-d804-40b4-adca-88741a152721/addn_hosts - 15 addresses
Jun 20 04:56:04 gtw01 dnsmasq-dhcp[24359]: read /var/lib/neutron/dhcp/275ec4ba-d804-40b4-adca-88741a152721/host
Jun 20 04:56:04 gtw01 dnsmasq-dhcp[24359]: read /var/lib/neutron/dhcp/275ec4ba-d804-40b4-adca-88741a152721/opts
Jun 20 04:56:05 gtw01 neutron-keepalived-state-change: 2019-06-20 04:56:05.194 26995 INFO neutron.common.config [-] Logging enabled!
Jun 20 04:56:05 gtw01 neutron-keepalived-state-change: 2019-06-20 04:56:05.195 26995 INFO neutron.common.config [-] /usr/bin/neutron-keepalived-state-change version 13.0.3
Jun 20 04:56:05 gtw01 neutron-keepalived-state-change: 2019-06-20 04:56:05.196 26995 DEBUG neutron.common.config [-] command line: /usr/bin/neutron-keepalived-state-change --router_id=0f3ec3fd-f3ad-4f59-b372-3f16835a0bcc --namespace=qrouter-0f3ec3fd-f3ad-4f59-b372-3f16835a0bcc --conf_dir=/var/lib/neutron/ha_confs/0f3ec3fd-f3ad-4f59-b372-3f16835a0bcc --monitor_interface=ha-030c9034-8b --monitor_cidr=169.254.0.172/24 --pid_file=/var/lib/neutron/external/pids/0f3ec3fd-f3ad-4f59-b372-3f16835a0bcc.monitor.pid --state_path=/var/lib/neutron --user=114 --group=118 setup_logging /usr/lib/python2.7/dist-packages/neutron/common/config.py:103
Jun 20 04:56:05 gtw01 neutron-keepalived-state-change: 2019-06-20 04:56:05.217 27046 DEBUG neutron.agent.linux.async_process [-] Launching async process [ip netns exec qrouter-0f3ec3fd-f3ad-4f59-b372-3f16835a0bcc ip -o monitor address]. start /usr/lib/python2.7/dist-packages/neutron/agent/linux/async_process.py:112
Jun 20 04:56:05 gtw01 neutron-keepalived-state-change: 2019-06-20 04:56:05.218 27046 DEBUG neutron.agent.linux.utils [-] Running command: ['ip', 'netns', 'exec', 'qrouter-0f3ec3fd-f3ad-4f59-b372-3f16835a0bcc', 'ip', '-o', 'monitor', 'address'] create_process /usr/lib/python2.7/dist-packages/neutron/agent/linux/utils.py:87
Jun 20 04:56:05 gtw01 neutron-keepalived-state-change: 2019-06-20 04:56:05.256 27046 DEBUG neutron.agent.linux.utils [-] Found cmdline ['ip', 'netns', 'exec', 'qrouter-0f3ec3fd-f3ad-4f59-b372-3f16835a0bcc', 'ip', '-o', 'monitor', 'address'] for rocess with PID 27048. get_cmdline_from_pid /usr/lib/python2.7/dist-packages/neutron/agent/linux/utils.py:329
Jun 20 04:56:05 gtw01 dnsmasq[24359]: read /var/lib/neutron/dhcp/275ec4ba-d804-40b4-adca-88741a152721/addn_hosts - 16 addresses
Jun 20 04:56:05 gtw01 dnsmasq-dhcp[24359]: read /var/lib/neutron/dhcp/275ec4ba-d804-40b4-adca-88741a152721/host
Jun 20 04:56:05 gtw01 dnsmasq-dhcp[24359]: read /var/lib/neutron/dhcp/275ec4ba-d804-40b4-adca-88741a152721/opts
Jun 20 04:56:06 gtw01 neutron-keepalived-state-change: 2019-06-20 04:56:06.257 27046 DEBUG neutron.agent.linux.utils [-] Found cmdline ['ip', '-o', 'monitor', 'address'] for rocess with PID 27048. get_cmdline_from_pid /usr/lib/python2.7/dist-packages/neutron/agent/linux/utils.py:329
Jun 20 04:56:06 gtw01 neutron-keepalived-state-change: 2019-06-20 04:56:06.258 27046 INFO neutron.agent.linux.daemon [-] Process runs with uid/gid: 114/118
Jun 20 04:56:06 gtw01 neutron-keepalived-state-change: 2019-06-20 04:56:06.259 27046 DEBUG neutron.agent.linux.utils [-] Running command: ['sudo', '/usr/bin/neutron-rootwrap', '/etc/neutron/rootwrap.conf', 'ip', 'netns', 'exec', 'qrouter-0f3ec3fd-f3ad-4f59-b372-3f16835a0bcc', 'ip', 'addr', 'show', 'ha-030c9034-8b'] create_process /usr/lib/python2.7/dist-packages/neutron/agent/linux/utils.py:87
Jun 20 04:56:06 gtw01 neutron-keepalived-state-change: 2019-06-20 04:56:06.510 27046 DEBUG neutron.agent.l3.keepalived_state_change [-] Initial status of router 0f3ec3fd-f3ad-4f59-b372-3f16835a0bcc is backup handle_initial_state /usr/lib/python2.7/dist-packages/neutron/agent/l3/keepalived_state_change.py:106
Jun 20 04:56:06 gtw01 dnsmasq[24359]: read /var/lib/neutron/dhcp/275ec4ba-d804-40b4-adca-88741a152721/addn_hosts - 16 addresses
Jun 20 04:56:06 gtw01 dnsmasq-dhcp[24359]: read /var/lib/neutron/dhcp/275ec4ba-d804-40b4-adca-88741a152721/host
Jun 20 04:56:06 gtw01 dnsmasq-dhcp[24359]: read /var/lib/neutron/dhcp/275ec4ba-d804-40b4-adca-88741a152721/opts
Jun 20 04:56:08 gtw01 dnsmasq[24359]: read /var/lib/neutron/dhcp/275ec4ba-d804-40b4-adca-88741a152721/addn_hosts - 16 addresses
Jun 20 04:56:08 gtw01 dnsmasq-dhcp[24359]: read /var/lib/neutron/dhcp/275ec4ba-d804-40b4-adca-88741a152721/host
Jun 20 04:56:08 gtw01 dnsmasq-dhcp[24359]: read /var/lib/neutron/dhcp/275ec4ba-d804-40b4-adca-88741a152721/opts
Jun 20 04:56:09 gtw01 neutron-keepalived-state-change: 2019-06-20 04:56:09.060 27046 DEBUG neutron.agent.linux.utils [-] Running command: ['sudo', '/usr/bin/neutron-rootwrap', '/etc/neutron/rootwrap.conf', 'kill', '-9', '27048'] create_process /usr/lib/python2.7/dist-packages/neutron/agent/linux/utils.py:87
Jun 20 04:56:09 gtw01 neutron-keepalived-state-change: 2019-06-20 04:56:09.089 27046 CRITICAL neutron [-] Unhandled error: AssertionError: do not call blocking functions from the mainloop#0122019-06-20 04:56:09.089 27046 ERROR neutron Traceback (most recent call last):#0122019-06-20 04:56:09.089 27046 ERROR neutron   File "/usr/bin/neutron-keepalived-state-change", line 10, in <module>#0122019-06-20 04:56:09.089 27046 ERROR neutron     sys.exit(main())#0122019-06-20 04:56:09.089 27046 ERROR neutron   File "/usr/lib/python2.7/dist-packages/neutron/cmd/keepalived_state_change.py", line 19, in main#0122019-06-20 04:56:09.089 27046 ERROR neutron     keepalived_state_change.main()#0122019-06-20 04:56:09.089 27046 ERROR neutron   File "/usr/lib/python2.7/dist-packages/neutron/agent/l3/keepalived_state_change.py", line 176, in main#0122019-06-20 04:56:09.089 27046 ERROR neutron     cfg.CONF.monitor_cidr).start()#0122019-06-20 04:56:09.089 27046 ERROR neutron   File "/usr/lib/python2.7/dist-packages/neutron/agent/linux/daemon.py", line 248, in start#0122019-06-20 04:56:09.089 27046 ERROR neutron     self.run()#0122019-06-20 04:56:09.089 27046 ERROR neutron   File "/usr/lib/python2.7/dist-packages/neutron/agent/l3/keepalived_state_change.py", line 71, in run#0122019-06-20 04:56:09.089 27046 ERROR neutron     for iterable in self.monitor:#0122019-06-20 04:56:09.089 27046 ERROR neutron   File "/usr/lib/python2.7/dist-packages/neutron/agent/linux/async_process.py", line 284, in _iter_queue#0122019-06-20 04:56:09.089 27046 ERROR neutron     yield queue.get(block=block)#0122019-06-20 04:56:09.089 27046 ERROR neutron   File "/usr/lib/python2.7/dist-packages/eventlet/queue.py", line 313, in get#0122019-06-20 04:56:09.089 27046 ERROR neutron     return waiter.wait()#0122019-06-20 04:56:09.089 27046 ERROR neutron   File "/usr/lib/python2.7/dist-packages/eventlet/queue.py", line 141, in wait#0122019-06-20 04:56:09.089 27046 ERROR neutron     return get_hub().switch()#0122019-06-20 04:56:09.089 27046 ERROR neutron   File "/usr/lib/python2.7/dist-packages/eventlet/hubs/hub.py", line 294, in switch#0122019-06-20 04:56:09.089 27046 ERROR neutron     return self.greenlet.switch()#0122019-06-20 04:56:09.089 27046 ERROR neutron   File "/usr/lib/python2.7/dist-packages/eventlet/hubs/hub.py", line 346, in run#0122019-06-20 04:56:09.089 27046 ERROR neutron     self.wait(sleep_time)#0122019-06-20 04:56:09.089 27046 ERROR neutron   File "/usr/lib/python2.7/dist-packages/eventlet/hubs/poll.py", line 85, in wait#0122019-06-20 04:56:09.089 27046 ERROR neutron     presult = self.do_poll(seconds)#0122019-06-20 04:56:09.089 27046 ERROR neutron   File "/usr/lib/python2.7/dist-packages/eventlet/hubs/epolls.py", line 62, in do_poll#0122019-06-20 04:56:09.089 27046 ERROR neutron     return self.poll.poll(seconds)#0122019-06-20 04:56:09.089 27046 ERROR neutron   File "/usr/lib/python2.7/dist-packages/neutron/agent/l3/keepalived_state_change.py", line 152, in handle_sigterm#0122019-06-20 04:56:09.089 27046 ERROR neutron     self._kill_monitor()#0122019-06-20 04:56:09.089 27046 ERROR neutron   File "/usr/lib/python2.7/dist-packages/neutron/agent/l3/keepalived_state_change.py", line 149, in _kill_monitor#0122019-06-20 04:56:09.089 27046 ERROR neutron     run_as_root=True)#0122019-06-20 04:56:09.089 27046 ERROR neutron   File "/usr/lib/python2.7/dist-packages/neutron/agent/linux/utils.py", line 219, in kill_process#0122019-06-20 04:56:09.089 27046 ERROR neutron     execute(['kill', '-%d' % signal, pid], run_as_root=run_as_root)#0122019-06-20 04:56:09.089 27046 ERROR neutron   File "/usr/lib/python2.7/dist-packages/neutron/agent/linux/utils.py", line 126, in execute#0122019-06-20 04:56:09.089 27046 ERROR neutron     _stdout, _stderr = obj.communicate(_process_input)#0122019-06-20 04:56:09.089 27046 ERROR neutron   File "/usr/lib/python2.7/subprocess.py", line 800, in communicate#0122019-06-20 04:56:09.089 27046 ERROR neutron     return self._communicate(input)#0122019-06-20 04:56:09.089 27046 ERROR neutron   File "/usr/lib/python2.7/subprocess.py", line 1419, in _communicate#0122019-06-20 04:56:09.089 27046 ERROR neutron     stdout, stderr = self._communicate_with_select(input)#0122019-06-20 04:56:09.089 27046 ERROR neutron   File "/usr/lib/python2.7/subprocess.py", line 1520, in _communicate_with_select#0122019-06-20 04:56:09.089 27046 ERROR neutron     rlist, wlist, xlist = select.select(read_set, write_set, [])#0122019-06-20 04:56:09.089 27046 ERROR neutron   File "/usr/lib/python2.7/dist-packages/eventlet/green/select.py", line 40, in select#0122019-06-20 04:56:09.089 27046 ERROR neutron     assert hub.greenlet is not current, 'do not call blocking functions from the mainloop'#0122019-06-20 04:56:09.089 27046 ERROR neutron AssertionError: do not call blocking functions from the mainloop#0122019-06-20 04:56:09.089 27046 ERROR neutron
Jun 20 04:56:09 gtw01 dnsmasq[24359]: read /var/lib/neutron/dhcp/275ec4ba-d804-40b4-adca-88741a152721/addn_hosts - 16 addresses
Jun 20 04:56:09 gtw01 dnsmasq-dhcp[24359]: read /var/lib/neutron/dhcp/275ec4ba-d804-40b4-adca-88741a152721/host
Jun 20 04:56:09 gtw01 dnsmasq-dhcp[24359]: read /var/lib/neutron/dhcp/275ec4ba-d804-40b4-adca-88741a152721/opts
Jun 20 04:56:10 gtw01 kernel: [ 9171.875002] device ha-030c9034-8b left promiscuous mode
Jun 20 04:56:10 gtw01 dnsmasq[24359]: read /var/lib/neutron/dhcp/275ec4ba-d804-40b4-adca-88741a152721/addn_hosts - 17 addresses
Jun 20 04:56:10 gtw01 dnsmasq-dhcp[24359]: read /var/lib/neutron/dhcp/275ec4ba-d804-40b4-adca-88741a152721/host
Jun 20 04:56:10 gtw01 dnsmasq-dhcp[24359]: read /var/lib/neutron/dhcp/275ec4ba-d804-40b4-adca-88741a152721/opts
Jun 20 04:56:11 gtw01 dnsmasq[24359]: read /var/lib/neutron/dhcp/275ec4ba-d804-40b4-adca-88741a152721/addn_hosts - 17 addresses
Jun 20 04:56:11 gtw01 dnsmasq-dhcp[24359]: read /var/lib/neutron/dhcp/275ec4ba-d804-40b4-adca-88741a152721/host
Jun 20 04:56:11 gtw01 dnsmasq-dhcp[24359]: read /var/lib/neutron/dhcp/275ec4ba-d804-40b4-adca-88741a152721/opts
Jun 20 04:56:13 gtw01 dnsmasq[24359]: read /var/lib/neutron/dhcp/275ec4ba-d804-40b4-adca-88741a152721/addn_hosts - 17 addresses
Jun 20 04:56:13 gtw01 dnsmasq-dhcp[24359]: read /var/lib/neutron/dhcp/275ec4ba-d804-40b4-adca-88741a152721/host
Jun 20 04:56:13 gtw01 dnsmasq-dhcp[24359]: read /var/lib/neutron/dhcp/275ec4ba-d804-40b4-adca-88741a152721/opts
Jun 20 04:56:14 gtw01 dnsmasq[24359]: read /var/lib/neutron/dhcp/275ec4ba-d804-40b4-adca-88741a152721/addn_hosts - 17 addresses
Jun 20 04:56:14 gtw01 dnsmasq-dhcp[24359]: read /var/lib/neutron/dhcp/275ec4ba-d804-40b4-adca-88741a152721/host
Jun 20 04:56:14 gtw01 dnsmasq-dhcp[24359]: read /var/lib/neutron/dhcp/275ec4ba-d804-40b4-adca-88741a152721/opts
Jun 20 04:56:16 gtw01 dnsmasq[24428]: read /var/lib/neutron/dhcp/53ecb3ef-c609-4ea2-b676-f5c0f1586344/addn_hosts - 2 addresses
Jun 20 04:56:16 gtw01 dnsmasq-dhcp[24428]: read /var/lib/neutron/dhcp/53ecb3ef-c609-4ea2-b676-f5c0f1586344/host
Jun 20 04:56:16 gtw01 dnsmasq-dhcp[24428]: read /var/lib/neutron/dhcp/53ecb3ef-c609-4ea2-b676-f5c0f1586344/opts
Jun 20 04:56:16 gtw01 dnsmasq[24359]: read /var/lib/neutron/dhcp/275ec4ba-d804-40b4-adca-88741a152721/addn_hosts - 16 addresses
Jun 20 04:56:16 gtw01 dnsmasq-dhcp[24359]: read /var/lib/neutron/dhcp/275ec4ba-d804-40b4-adca-88741a152721/host
Jun 20 04:56:16 gtw01 dnsmasq-dhcp[24359]: read /var/lib/neutron/dhcp/275ec4ba-d804-40b4-adca-88741a152721/opts
Jun 20 04:56:17 gtw01 dnsmasq[24359]: read /var/lib/neutron/dhcp/275ec4ba-d804-40b4-adca-88741a152721/addn_hosts - 15 addresses
Jun 20 04:56:17 gtw01 dnsmasq-dhcp[24359]: read /var/lib/neutron/dhcp/275ec4ba-d804-40b4-adca-88741a152721/host
Jun 20 04:56:17 gtw01 dnsmasq-dhcp[24359]: read /var/lib/neutron/dhcp/275ec4ba-d804-40b4-adca-88741a152721/opts
Jun 20 04:56:18 gtw01 dnsmasq[24359]: read /var/lib/neutron/dhcp/275ec4ba-d804-40b4-adca-88741a152721/addn_hosts - 14 addresses
Jun 20 04:56:18 gtw01 dnsmasq-dhcp[24359]: read /var/lib/neutron/dhcp/275ec4ba-d804-40b4-adca-88741a152721/host
Jun 20 04:56:18 gtw01 dnsmasq-dhcp[24359]: read /var/lib/neutron/dhcp/275ec4ba-d804-40b4-adca-88741a152721/opts
Jun 20 04:56:19 gtw01 dnsmasq[24428]: read /var/lib/neutron/dhcp/53ecb3ef-c609-4ea2-b676-f5c0f1586344/addn_hosts - 1 addresses
Jun 20 04:56:19 gtw01 dnsmasq-dhcp[24428]: read /var/lib/neutron/dhcp/53ecb3ef-c609-4ea2-b676-f5c0f1586344/host
Jun 20 04:56:19 gtw01 dnsmasq-dhcp[24428]: read /var/lib/neutron/dhcp/53ecb3ef-c609-4ea2-b676-f5c0f1586344/opts
Jun 20 04:56:19 gtw01 dnsmasq[24359]: read /var/lib/neutron/dhcp/275ec4ba-d804-40b4-adca-88741a152721/addn_hosts - 13 addresses
Jun 20 04:56:19 gtw01 dnsmasq-dhcp[24359]: read /var/lib/neutron/dhcp/275ec4ba-d804-40b4-adca-88741a152721/host
Jun 20 04:56:19 gtw01 dnsmasq-dhcp[24359]: read /var/lib/neutron/dhcp/275ec4ba-d804-40b4-adca-88741a152721/opts
Jun 20 04:56:20 gtw01 dnsmasq[24359]: read /var/lib/neutron/dhcp/275ec4ba-d804-40b4-adca-88741a152721/addn_hosts - 12 addresses
Jun 20 04:56:20 gtw01 dnsmasq-dhcp[24359]: read /var/lib/neutron/dhcp/275ec4ba-d804-40b4-adca-88741a152721/host
Jun 20 04:56:20 gtw01 dnsmasq-dhcp[24359]: read /var/lib/neutron/dhcp/275ec4ba-d804-40b4-adca-88741a152721/opts
Jun 20 04:56:21 gtw01 dnsmasq[24359]: read /var/lib/neutron/dhcp/275ec4ba-d804-40b4-adca-88741a152721/addn_hosts - 11 addresses
Jun 20 04:56:21 gtw01 dnsmasq-dhcp[24359]: read /var/lib/neutron/dhcp/275ec4ba-d804-40b4-adca-88741a152721/host
Jun 20 04:56:21 gtw01 dnsmasq-dhcp[24359]: read /var/lib/neutron/dhcp/275ec4ba-d804-40b4-adca-88741a152721/opts
Jun 20 04:56:22 gtw01 dnsmasq[24428]: read /var/lib/neutron/dhcp/53ecb3ef-c609-4ea2-b676-f5c0f1586344/addn_hosts - 2 addresses
Jun 20 04:56:22 gtw01 dnsmasq-dhcp[24428]: read /var/lib/neutron/dhcp/53ecb3ef-c609-4ea2-b676-f5c0f1586344/host
Jun 20 04:56:22 gtw01 dnsmasq-dhcp[24428]: read /var/lib/neutron/dhcp/53ecb3ef-c609-4ea2-b676-f5c0f1586344/opts
Jun 20 04:56:22 gtw01 dnsmasq[24359]: read /var/lib/neutron/dhcp/275ec4ba-d804-40b4-adca-88741a152721/addn_hosts - 10 addresses
Jun 20 04:56:22 gtw01 dnsmasq-dhcp[24359]: read /var/lib/neutron/dhcp/275ec4ba-d804-40b4-adca-88741a152721/host
Jun 20 04:56:22 gtw01 dnsmasq-dhcp[24359]: read /var/lib/neutron/dhcp/275ec4ba-d804-40b4-adca-88741a152721/opts
Jun 20 04:56:23 gtw01 dnsmasq[24359]: read /var/lib/neutron/dhcp/275ec4ba-d804-40b4-adca-88741a152721/addn_hosts - 9 addresses
Jun 20 04:56:23 gtw01 dnsmasq-dhcp[24359]: read /var/lib/neutron/dhcp/275ec4ba-d804-40b4-adca-88741a152721/host
Jun 20 04:56:23 gtw01 dnsmasq-dhcp[24359]: read /var/lib/neutron/dhcp/275ec4ba-d804-40b4-adca-88741a152721/opts
Jun 20 04:56:24 gtw01 dnsmasq[24428]: read /var/lib/neutron/dhcp/53ecb3ef-c609-4ea2-b676-f5c0f1586344/addn_hosts - 1 addresses
Jun 20 04:56:24 gtw01 dnsmasq-dhcp[24428]: read /var/lib/neutron/dhcp/53ecb3ef-c609-4ea2-b676-f5c0f1586344/host
Jun 20 04:56:24 gtw01 dnsmasq-dhcp[24428]: read /var/lib/neutron/dhcp/53ecb3ef-c609-4ea2-b676-f5c0f1586344/opts
Jun 20 04:56:24 gtw01 dnsmasq[24359]: read /var/lib/neutron/dhcp/275ec4ba-d804-40b4-adca-88741a152721/addn_hosts - 7 addresses
Jun 20 04:56:24 gtw01 dnsmasq-dhcp[24359]: read /var/lib/neutron/dhcp/275ec4ba-d804-40b4-adca-88741a152721/host
Jun 20 04:56:24 gtw01 dnsmasq-dhcp[24359]: read /var/lib/neutron/dhcp/275ec4ba-d804-40b4-adca-88741a152721/opts
Jun 20 04:56:25 gtw01 dnsmasq[24359]: read /var/lib/neutron/dhcp/275ec4ba-d804-40b4-adca-88741a152721/addn_hosts - 6 addresses
Jun 20 04:56:25 gtw01 dnsmasq-dhcp[24359]: read /var/lib/neutron/dhcp/275ec4ba-d804-40b4-adca-88741a152721/host
Jun 20 04:56:25 gtw01 dnsmasq-dhcp[24359]: read /var/lib/neutron/dhcp/275ec4ba-d804-40b4-adca-88741a152721/opts
Jun 20 04:56:26 gtw01 dnsmasq[24359]: read /var/lib/neutron/dhcp/275ec4ba-d804-40b4-adca-88741a152721/addn_hosts - 5 addresses
Jun 20 04:56:26 gtw01 dnsmasq-dhcp[24359]: read /var/lib/neutron/dhcp/275ec4ba-d804-40b4-adca-88741a152721/host
Jun 20 04:56:26 gtw01 dnsmasq-dhcp[24359]: read /var/lib/neutron/dhcp/275ec4ba-d804-40b4-adca-88741a152721/opts
Jun 20 04:56:27 gtw01 dnsmasq[24359]: read /var/lib/neutron/dhcp/275ec4ba-d804-40b4-adca-88741a152721/addn_hosts - 4 addresses
Jun 20 04:56:27 gtw01 dnsmasq-dhcp[24359]: read /var/lib/neutron/dhcp/275ec4ba-d804-40b4-adca-88741a152721/host
Jun 20 04:56:27 gtw01 dnsmasq-dhcp[24359]: read /var/lib/neutron/dhcp/275ec4ba-d804-40b4-adca-88741a152721/opts
Jun 20 04:56:28 gtw01 dnsmasq[24359]: read /var/lib/neutron/dhcp/275ec4ba-d804-40b4-adca-88741a152721/addn_hosts - 3 addresses
Jun 20 04:56:28 gtw01 dnsmasq-dhcp[24359]: read /var/lib/neutron/dhcp/275ec4ba-d804-40b4-adca-88741a152721/host
Jun 20 04:56:28 gtw01 dnsmasq-dhcp[24359]: read /var/lib/neutron/dhcp/275ec4ba-d804-40b4-adca-88741a152721/opts
Jun 20 04:56:29 gtw01 dnsmasq[24428]: read /var/lib/neutron/dhcp/53ecb3ef-c609-4ea2-b676-f5c0f1586344/addn_hosts - 2 addresses
Jun 20 04:56:29 gtw01 dnsmasq-dhcp[24428]: read /var/lib/neutron/dhcp/53ecb3ef-c609-4ea2-b676-f5c0f1586344/host
Jun 20 04:56:29 gtw01 dnsmasq-dhcp[24428]: read /var/lib/neutron/dhcp/53ecb3ef-c609-4ea2-b676-f5c0f1586344/opts
Jun 20 04:56:30 gtw01 kernel: [ 9191.871180] device tap323a435f-4b left promiscuous mode
Jun 20 04:56:32 gtw01 dnsmasq[24428]: read /var/lib/neutron/dhcp/53ecb3ef-c609-4ea2-b676-f5c0f1586344/addn_hosts - 1 addresses
Jun 20 04:56:32 gtw01 dnsmasq-dhcp[24428]: read /var/lib/neutron/dhcp/53ecb3ef-c609-4ea2-b676-f5c0f1586344/host
Jun 20 04:56:32 gtw01 dnsmasq-dhcp[24428]: read /var/lib/neutron/dhcp/53ecb3ef-c609-4ea2-b676-f5c0f1586344/opts
Jun 20 04:56:35 gtw01 kernel: [ 9197.226788] device tap247ac11e-0e left promiscuous mode
Jun 20 04:56:39 gtw01 kernel: [ 9201.058401] device tap5e0c5bde-4d left promiscuous mode
Jun 20 04:56:42 gtw01 kernel: [ 9204.647362] device tap036f3015-7a left promiscuous mode
Jun 20 04:56:57 gtw01 dnsmasq[23328]: read /var/lib/neutron/dhcp/051f97d3-7160-4d41-b270-8a84e559ac67/addn_hosts - 1 addresses
Jun 20 04:56:57 gtw01 dnsmasq-dhcp[23328]: read /var/lib/neutron/dhcp/051f97d3-7160-4d41-b270-8a84e559ac67/host
Jun 20 04:56:57 gtw01 dnsmasq-dhcp[23328]: read /var/lib/neutron/dhcp/051f97d3-7160-4d41-b270-8a84e559ac67/opts
Jun 20 04:56:58 gtw01 haproxy-metadata-proxy-051f97d3-7160-4d41-b270-8a84e559ac67[27775]: Proxy listener started.
Jun 20 04:56:59 gtw01 kernel: [ 9221.000041] device qr-907f3e92-6e left promiscuous mode
Jun 20 04:56:59 gtw01 kernel: [ 9221.785121] device qg-ccdf432e-80 left promiscuous mode
Jun 20 04:57:02 gtw01 kernel: [ 9224.166203] device tapa82eaa2c-9b left promiscuous mode
Jun 20 04:57:11 gtw01 kernel: [ 9233.411050] device tapb4569ece-25 entered promiscuous mode
Jun 20 04:57:11 gtw01 systemd-udevd[27923]: Could not generate persistent MAC address for tapb4569ece-25: No such file or directory
Jun 20 04:57:11 gtw01 systemd-udevd[27923]: Process '/sbin/ip link set tapb4569ece-25 txqueuelen 10000' failed with exit code 1.
Jun 20 04:57:11 gtw01 systemd-udevd[27997]: Process '/sbin/ip link set tapb4569ece-25 txqueuelen 10000' failed with exit code 1.
Jun 20 04:57:14 gtw01 systemd-udevd[28100]: Could not generate persistent MAC address for qg-f54074e1-77: No such file or directory
Jun 20 04:57:14 gtw01 kernel: [ 9236.462305] device qg-f54074e1-77 entered promiscuous mode
Jun 20 04:57:15 gtw01 dnsmasq[28185]: started, version 2.80 cachesize 150
Jun 20 04:57:15 gtw01 dnsmasq[28185]: DNS service limited to local subnets
Jun 20 04:57:15 gtw01 dnsmasq[28185]: compile time options: IPv6 GNU-getopt DBus i18n IDN DHCP DHCPv6 no-Lua TFTP conntrack ipset auth DNSSEC loop-detect inotify dumpfile
Jun 20 04:57:15 gtw01 dnsmasq[28185]: warning: no upstream servers configured
Jun 20 04:57:15 gtw01 dnsmasq-dhcp[28185]: DHCP, static leases only on 192.168.120.0, lease time 1h
Jun 20 04:57:15 gtw01 dnsmasq[28185]: read /var/lib/neutron/dhcp/ec674272-f755-4b3f-a4b4-46ae256901d7/addn_hosts - 1 addresses
Jun 20 04:57:15 gtw01 dnsmasq-dhcp[28185]: read /var/lib/neutron/dhcp/ec674272-f755-4b3f-a4b4-46ae256901d7/host
Jun 20 04:57:15 gtw01 dnsmasq-dhcp[28185]: read /var/lib/neutron/dhcp/ec674272-f755-4b3f-a4b4-46ae256901d7/opts
Jun 20 04:57:15 gtw01 haproxy-metadata-proxy-ec674272-f755-4b3f-a4b4-46ae256901d7[28194]: Proxy listener started.
Jun 20 04:57:15 gtw01 dnsmasq[28185]: read /var/lib/neutron/dhcp/ec674272-f755-4b3f-a4b4-46ae256901d7/addn_hosts - 2 addresses
Jun 20 04:57:15 gtw01 dnsmasq-dhcp[28185]: read /var/lib/neutron/dhcp/ec674272-f755-4b3f-a4b4-46ae256901d7/host
Jun 20 04:57:15 gtw01 dnsmasq-dhcp[28185]: read /var/lib/neutron/dhcp/ec674272-f755-4b3f-a4b4-46ae256901d7/opts
Jun 20 04:57:17 gtw01 dnsmasq[28185]: read /var/lib/neutron/dhcp/ec674272-f755-4b3f-a4b4-46ae256901d7/addn_hosts - 2 addresses
Jun 20 04:57:17 gtw01 dnsmasq-dhcp[28185]: read /var/lib/neutron/dhcp/ec674272-f755-4b3f-a4b4-46ae256901d7/host
Jun 20 04:57:17 gtw01 dnsmasq-dhcp[28185]: read /var/lib/neutron/dhcp/ec674272-f755-4b3f-a4b4-46ae256901d7/opts
Jun 20 04:57:17 gtw01 dnsmasq[28185]: read /var/lib/neutron/dhcp/ec674272-f755-4b3f-a4b4-46ae256901d7/addn_hosts - 2 addresses
Jun 20 04:57:17 gtw01 dnsmasq-dhcp[28185]: read /var/lib/neutron/dhcp/ec674272-f755-4b3f-a4b4-46ae256901d7/host
Jun 20 04:57:17 gtw01 dnsmasq-dhcp[28185]: read /var/lib/neutron/dhcp/ec674272-f755-4b3f-a4b4-46ae256901d7/opts
Jun 20 04:57:18 gtw01 dnsmasq[28185]: read /var/lib/neutron/dhcp/ec674272-f755-4b3f-a4b4-46ae256901d7/addn_hosts - 2 addresses
Jun 20 04:57:18 gtw01 dnsmasq-dhcp[28185]: read /var/lib/neutron/dhcp/ec674272-f755-4b3f-a4b4-46ae256901d7/host
Jun 20 04:57:18 gtw01 dnsmasq-dhcp[28185]: read /var/lib/neutron/dhcp/ec674272-f755-4b3f-a4b4-46ae256901d7/opts
Jun 20 04:57:19 gtw01 dnsmasq[28185]: read /var/lib/neutron/dhcp/ec674272-f755-4b3f-a4b4-46ae256901d7/addn_hosts - 2 addresses
Jun 20 04:57:19 gtw01 dnsmasq-dhcp[28185]: read /var/lib/neutron/dhcp/ec674272-f755-4b3f-a4b4-46ae256901d7/host
Jun 20 04:57:19 gtw01 dnsmasq-dhcp[28185]: read /var/lib/neutron/dhcp/ec674272-f755-4b3f-a4b4-46ae256901d7/opts
Jun 20 04:57:21 gtw01 haproxy-metadata-proxy-50086eaa-6957-4fce-8803-4bbe4a520c58[28409]: Proxy listener started.
Jun 20 04:57:22 gtw01 dnsmasq[28185]: read /var/lib/neutron/dhcp/ec674272-f755-4b3f-a4b4-46ae256901d7/addn_hosts - 2 addresses
Jun 20 04:57:22 gtw01 dnsmasq-dhcp[28185]: read /var/lib/neutron/dhcp/ec674272-f755-4b3f-a4b4-46ae256901d7/host
Jun 20 04:57:22 gtw01 dnsmasq-dhcp[28185]: read /var/lib/neutron/dhcp/ec674272-f755-4b3f-a4b4-46ae256901d7/opts
Jun 20 04:57:23 gtw01 systemd-udevd[28438]: Could not generate persistent MAC address for qr-38653293-09: No such file or directory
Jun 20 04:57:23 gtw01 kernel: [ 9244.867480] device qr-38653293-09 entered promiscuous mode
Jun 20 04:57:23 gtw01 dnsmasq[28185]: read /var/lib/neutron/dhcp/ec674272-f755-4b3f-a4b4-46ae256901d7/addn_hosts - 2 addresses
Jun 20 04:57:23 gtw01 dnsmasq-dhcp[28185]: read /var/lib/neutron/dhcp/ec674272-f755-4b3f-a4b4-46ae256901d7/host
Jun 20 04:57:23 gtw01 dnsmasq-dhcp[28185]: read /var/lib/neutron/dhcp/ec674272-f755-4b3f-a4b4-46ae256901d7/opts
Jun 20 04:58:03 gtw01 kernel: [ 9284.788439] device tap5c0faa66-3f entered promiscuous mode
Jun 20 04:58:03 gtw01 systemd-udevd[28710]: Could not generate persistent MAC address for tap5c0faa66-3f: No such file or directory
Jun 20 04:58:03 gtw01 systemd-udevd[28710]: Process '/sbin/ip link set tap5c0faa66-3f txqueuelen 10000' failed with exit code 1.
Jun 20 04:58:03 gtw01 systemd-udevd[28784]: Process '/sbin/ip link set tap5c0faa66-3f txqueuelen 10000' failed with exit code 1.
Jun 20 04:58:06 gtw01 dnsmasq[28895]: started, version 2.80 cachesize 150
Jun 20 04:58:06 gtw01 dnsmasq[28895]: DNS service limited to local subnets
Jun 20 04:58:06 gtw01 dnsmasq[28895]: compile time options: IPv6 GNU-getopt DBus i18n IDN DHCP DHCPv6 no-Lua TFTP conntrack ipset auth DNSSEC loop-detect inotify dumpfile
Jun 20 04:58:06 gtw01 dnsmasq[28895]: warning: no upstream servers configured
Jun 20 04:58:06 gtw01 dnsmasq-dhcp[28895]: DHCP, static leases only on 192.168.120.0, lease time 1h
Jun 20 04:58:06 gtw01 dnsmasq[28895]: read /var/lib/neutron/dhcp/9af25d52-35c1-42c9-a6d1-33370412af4f/addn_hosts - 1 addresses
Jun 20 04:58:06 gtw01 dnsmasq-dhcp[28895]: read /var/lib/neutron/dhcp/9af25d52-35c1-42c9-a6d1-33370412af4f/host
Jun 20 04:58:06 gtw01 dnsmasq-dhcp[28895]: read /var/lib/neutron/dhcp/9af25d52-35c1-42c9-a6d1-33370412af4f/opts
Jun 20 04:58:06 gtw01 kernel: [ 9288.128155] device qg-5b367d5a-ae entered promiscuous mode
Jun 20 04:58:06 gtw01 systemd-udevd[28901]: Could not generate persistent MAC address for qg-5b367d5a-ae: No such file or directory
Jun 20 04:58:06 gtw01 haproxy-metadata-proxy-9af25d52-35c1-42c9-a6d1-33370412af4f[28980]: Proxy listener started.
Jun 20 04:58:07 gtw01 dnsmasq[28895]: read /var/lib/neutron/dhcp/9af25d52-35c1-42c9-a6d1-33370412af4f/addn_hosts - 2 addresses
Jun 20 04:58:07 gtw01 dnsmasq-dhcp[28895]: read /var/lib/neutron/dhcp/9af25d52-35c1-42c9-a6d1-33370412af4f/host
Jun 20 04:58:07 gtw01 dnsmasq-dhcp[28895]: read /var/lib/neutron/dhcp/9af25d52-35c1-42c9-a6d1-33370412af4f/opts
Jun 20 04:58:08 gtw01 dnsmasq[28895]: read /var/lib/neutron/dhcp/9af25d52-35c1-42c9-a6d1-33370412af4f/addn_hosts - 2 addresses
Jun 20 04:58:08 gtw01 dnsmasq-dhcp[28895]: read /var/lib/neutron/dhcp/9af25d52-35c1-42c9-a6d1-33370412af4f/host
Jun 20 04:58:08 gtw01 dnsmasq-dhcp[28895]: read /var/lib/neutron/dhcp/9af25d52-35c1-42c9-a6d1-33370412af4f/opts
Jun 20 04:58:09 gtw01 dnsmasq[28895]: read /var/lib/neutron/dhcp/9af25d52-35c1-42c9-a6d1-33370412af4f/addn_hosts - 2 addresses
Jun 20 04:58:09 gtw01 dnsmasq-dhcp[28895]: read /var/lib/neutron/dhcp/9af25d52-35c1-42c9-a6d1-33370412af4f/host
