Jun 20 04:51:03 gtw01 dnsmasq-dhcp[18998]: read /var/lib/neutron/dhcp/a0a95d55-9442-4fec-b1d4-fea6b52e0799/opts
Jun 20 04:51:03 gtw01 dnsmasq[19626]: read /var/lib/neutron/dhcp/0e37e6ad-2258-4509-b520-4aae82b6378d/addn_hosts - 2 addresses
Jun 20 04:51:03 gtw01 dnsmasq-dhcp[19626]: read /var/lib/neutron/dhcp/0e37e6ad-2258-4509-b520-4aae82b6378d/host
Jun 20 04:51:03 gtw01 dnsmasq-dhcp[19626]: read /var/lib/neutron/dhcp/0e37e6ad-2258-4509-b520-4aae82b6378d/opts
Jun 20 04:51:04 gtw01 dnsmasq[18998]: read /var/lib/neutron/dhcp/a0a95d55-9442-4fec-b1d4-fea6b52e0799/addn_hosts - 3 addresses
Jun 20 04:51:04 gtw01 dnsmasq-dhcp[18998]: read /var/lib/neutron/dhcp/a0a95d55-9442-4fec-b1d4-fea6b52e0799/host
Jun 20 04:51:04 gtw01 dnsmasq-dhcp[18998]: read /var/lib/neutron/dhcp/a0a95d55-9442-4fec-b1d4-fea6b52e0799/opts
Jun 20 04:51:04 gtw01 dnsmasq[19626]: read /var/lib/neutron/dhcp/0e37e6ad-2258-4509-b520-4aae82b6378d/addn_hosts - 2 addresses
Jun 20 04:51:04 gtw01 dnsmasq-dhcp[19626]: read /var/lib/neutron/dhcp/0e37e6ad-2258-4509-b520-4aae82b6378d/host
Jun 20 04:51:04 gtw01 dnsmasq-dhcp[19626]: read /var/lib/neutron/dhcp/0e37e6ad-2258-4509-b520-4aae82b6378d/opts
Jun 20 04:51:05 gtw01 dnsmasq[18998]: read /var/lib/neutron/dhcp/a0a95d55-9442-4fec-b1d4-fea6b52e0799/addn_hosts - 3 addresses
Jun 20 04:51:05 gtw01 dnsmasq-dhcp[18998]: read /var/lib/neutron/dhcp/a0a95d55-9442-4fec-b1d4-fea6b52e0799/host
Jun 20 04:51:05 gtw01 dnsmasq-dhcp[18998]: read /var/lib/neutron/dhcp/a0a95d55-9442-4fec-b1d4-fea6b52e0799/opts
Jun 20 04:51:05 gtw01 haproxy-metadata-proxy-d67a993c-8484-474b-b443-4500e5493601[20002]: Proxy listener started.
Jun 20 04:51:06 gtw01 systemd-udevd[20013]: Could not generate persistent MAC address for vxlan_sys_4789: No such file or directory
Jun 20 04:51:06 gtw01 kernel: [ 8868.200379] device vxlan_sys_4789 entered promiscuous mode
Jun 20 04:51:07 gtw01 dnsmasq[19626]: read /var/lib/neutron/dhcp/0e37e6ad-2258-4509-b520-4aae82b6378d/addn_hosts - 2 addresses
Jun 20 04:51:07 gtw01 dnsmasq-dhcp[19626]: read /var/lib/neutron/dhcp/0e37e6ad-2258-4509-b520-4aae82b6378d/host
Jun 20 04:51:07 gtw01 dnsmasq-dhcp[19626]: read /var/lib/neutron/dhcp/0e37e6ad-2258-4509-b520-4aae82b6378d/opts
Jun 20 04:51:07 gtw01 kernel: [ 8869.167450] device qr-ae7eefb9-4e entered promiscuous mode
Jun 20 04:51:07 gtw01 systemd-udevd[20111]: Could not generate persistent MAC address for qr-ae7eefb9-4e: No such file or directory
Jun 20 04:51:07 gtw01 dnsmasq[19626]: read /var/lib/neutron/dhcp/0e37e6ad-2258-4509-b520-4aae82b6378d/addn_hosts - 2 addresses
Jun 20 04:51:07 gtw01 dnsmasq-dhcp[19626]: read /var/lib/neutron/dhcp/0e37e6ad-2258-4509-b520-4aae82b6378d/host
Jun 20 04:51:07 gtw01 dnsmasq-dhcp[19626]: read /var/lib/neutron/dhcp/0e37e6ad-2258-4509-b520-4aae82b6378d/opts
Jun 20 04:51:10 gtw01 dnsmasq[18998]: read /var/lib/neutron/dhcp/a0a95d55-9442-4fec-b1d4-fea6b52e0799/addn_hosts - 4 addresses
Jun 20 04:51:10 gtw01 dnsmasq-dhcp[18998]: read /var/lib/neutron/dhcp/a0a95d55-9442-4fec-b1d4-fea6b52e0799/host
Jun 20 04:51:10 gtw01 dnsmasq-dhcp[18998]: read /var/lib/neutron/dhcp/a0a95d55-9442-4fec-b1d4-fea6b52e0799/opts
Jun 20 04:51:11 gtw01 dnsmasq[18998]: read /var/lib/neutron/dhcp/a0a95d55-9442-4fec-b1d4-fea6b52e0799/addn_hosts - 4 addresses
Jun 20 04:51:11 gtw01 dnsmasq-dhcp[18998]: read /var/lib/neutron/dhcp/a0a95d55-9442-4fec-b1d4-fea6b52e0799/host
Jun 20 04:51:11 gtw01 dnsmasq-dhcp[18998]: read /var/lib/neutron/dhcp/a0a95d55-9442-4fec-b1d4-fea6b52e0799/opts
Jun 20 04:51:12 gtw01 dnsmasq[18998]: read /var/lib/neutron/dhcp/a0a95d55-9442-4fec-b1d4-fea6b52e0799/addn_hosts - 4 addresses
Jun 20 04:51:12 gtw01 dnsmasq-dhcp[18998]: read /var/lib/neutron/dhcp/a0a95d55-9442-4fec-b1d4-fea6b52e0799/host
Jun 20 04:51:12 gtw01 dnsmasq-dhcp[18998]: read /var/lib/neutron/dhcp/a0a95d55-9442-4fec-b1d4-fea6b52e0799/opts
Jun 20 04:51:17 gtw01 dnsmasq-dhcp[18998]: DHCPDISCOVER(tap7969502e-e9) fa:16:3e:33:9d:fb
Jun 20 04:51:17 gtw01 dnsmasq-dhcp[18998]: DHCPOFFER(tap7969502e-e9) 192.168.120.8 fa:16:3e:33:9d:fb
Jun 20 04:51:17 gtw01 dnsmasq-dhcp[18998]: DHCPREQUEST(tap7969502e-e9) 192.168.120.8 fa:16:3e:33:9d:fb
Jun 20 04:51:17 gtw01 dnsmasq-dhcp[18998]: DHCPACK(tap7969502e-e9) 192.168.120.8 fa:16:3e:33:9d:fb host-192-168-120-8
Jun 20 04:51:17 gtw01 dnsmasq[18998]: read /var/lib/neutron/dhcp/a0a95d55-9442-4fec-b1d4-fea6b52e0799/addn_hosts - 3 addresses
Jun 20 04:51:17 gtw01 dnsmasq-dhcp[18998]: read /var/lib/neutron/dhcp/a0a95d55-9442-4fec-b1d4-fea6b52e0799/host
Jun 20 04:51:17 gtw01 dnsmasq-dhcp[18998]: read /var/lib/neutron/dhcp/a0a95d55-9442-4fec-b1d4-fea6b52e0799/opts
Jun 20 04:51:20 gtw01 kernel: [ 8882.264344] device vxlan_sys_4789 left promiscuous mode
Jun 20 04:51:20 gtw01 dnsmasq-dhcp[18998]: DHCPRELEASE(tap7969502e-e9) 192.168.120.8 fa:16:3e:33:9d:fb
Jun 20 04:51:20 gtw01 dnsmasq-dhcp[18998]: DHCPRELEASE(tap7969502e-e9) 192.168.120.8 fa:16:3e:33:9d:fb unknown lease
Jun 20 04:51:21 gtw01 dnsmasq[18998]: read /var/lib/neutron/dhcp/a0a95d55-9442-4fec-b1d4-fea6b52e0799/addn_hosts - 2 addresses
Jun 20 04:51:21 gtw01 dnsmasq-dhcp[18998]: read /var/lib/neutron/dhcp/a0a95d55-9442-4fec-b1d4-fea6b52e0799/host
Jun 20 04:51:21 gtw01 dnsmasq-dhcp[18998]: read /var/lib/neutron/dhcp/a0a95d55-9442-4fec-b1d4-fea6b52e0799/opts
Jun 20 04:51:23 gtw01 dnsmasq[19626]: read /var/lib/neutron/dhcp/0e37e6ad-2258-4509-b520-4aae82b6378d/addn_hosts - 1 addresses
Jun 20 04:51:23 gtw01 dnsmasq-dhcp[19626]: read /var/lib/neutron/dhcp/0e37e6ad-2258-4509-b520-4aae82b6378d/host
Jun 20 04:51:23 gtw01 dnsmasq-dhcp[19626]: read /var/lib/neutron/dhcp/0e37e6ad-2258-4509-b520-4aae82b6378d/opts
Jun 20 04:51:24 gtw01 haproxy-metadata-proxy-0e37e6ad-2258-4509-b520-4aae82b6378d[20515]: Proxy listener started.
Jun 20 04:51:25 gtw01 kernel: [ 8886.858873] device qr-ae7eefb9-4e left promiscuous mode
Jun 20 04:51:25 gtw01 kernel: [ 8887.742302] device qg-7c6496af-95 left promiscuous mode
Jun 20 04:51:27 gtw01 kernel: [ 8889.418633] device tap587a85af-68 left promiscuous mode
Jun 20 04:51:30 gtw01 dnsmasq[18998]: read /var/lib/neutron/dhcp/a0a95d55-9442-4fec-b1d4-fea6b52e0799/addn_hosts - 1 addresses
Jun 20 04:51:30 gtw01 dnsmasq-dhcp[18998]: read /var/lib/neutron/dhcp/a0a95d55-9442-4fec-b1d4-fea6b52e0799/host
Jun 20 04:51:30 gtw01 dnsmasq-dhcp[18998]: read /var/lib/neutron/dhcp/a0a95d55-9442-4fec-b1d4-fea6b52e0799/opts
Jun 20 04:51:31 gtw01 haproxy-metadata-proxy-a0a95d55-9442-4fec-b1d4-fea6b52e0799[20671]: Proxy listener started.
Jun 20 04:51:32 gtw01 kernel: [ 8894.350249] device qr-b6767967-23 left promiscuous mode
Jun 20 04:51:35 gtw01 kernel: [ 8896.970302] device tap7969502e-e9 left promiscuous mode
Jun 20 04:51:35 gtw01 kernel: [ 8897.541481] device qg-c7cca313-fb left promiscuous mode
Jun 20 04:51:42 gtw01 kernel: [ 8904.752284] device tap673d9ae0-88 entered promiscuous mode
Jun 20 04:51:42 gtw01 systemd-udevd[20830]: Could not generate persistent MAC address for tap673d9ae0-88: No such file or directory
Jun 20 04:51:43 gtw01 systemd-udevd[20830]: Process '/sbin/ip link set tap673d9ae0-88 txqueuelen 10000' failed with exit code 1.
Jun 20 04:51:43 gtw01 systemd-udevd[20904]: Process '/sbin/ip link set tap673d9ae0-88 txqueuelen 10000' failed with exit code 1.
Jun 20 04:51:45 gtw01 kernel: [ 8907.515687] device qg-9c24f2cd-8b entered promiscuous mode
Jun 20 04:51:45 gtw01 systemd-udevd[21001]: Could not generate persistent MAC address for qg-9c24f2cd-8b: No such file or directory
Jun 20 04:51:46 gtw01 dnsmasq[21097]: started, version 2.80 cachesize 150
Jun 20 04:51:46 gtw01 dnsmasq[21097]: DNS service limited to local subnets
Jun 20 04:51:46 gtw01 dnsmasq[21097]: compile time options: IPv6 GNU-getopt DBus i18n IDN DHCP DHCPv6 no-Lua TFTP conntrack ipset auth DNSSEC loop-detect inotify dumpfile
Jun 20 04:51:46 gtw01 dnsmasq[21097]: warning: no upstream servers configured
Jun 20 04:51:46 gtw01 dnsmasq-dhcp[21097]: DHCP, static leases only on 192.168.120.0, lease time 1h
Jun 20 04:51:46 gtw01 dnsmasq[21097]: read /var/lib/neutron/dhcp/8de16134-997c-491f-9cf9-90a4825efecf/addn_hosts - 1 addresses
Jun 20 04:51:46 gtw01 dnsmasq-dhcp[21097]: read /var/lib/neutron/dhcp/8de16134-997c-491f-9cf9-90a4825efecf/host
Jun 20 04:51:46 gtw01 dnsmasq-dhcp[21097]: read /var/lib/neutron/dhcp/8de16134-997c-491f-9cf9-90a4825efecf/opts
Jun 20 04:51:46 gtw01 haproxy-metadata-proxy-8de16134-997c-491f-9cf9-90a4825efecf[21104]: Proxy listener started.
Jun 20 04:51:47 gtw01 dnsmasq[21097]: read /var/lib/neutron/dhcp/8de16134-997c-491f-9cf9-90a4825efecf/addn_hosts - 2 addresses
Jun 20 04:51:47 gtw01 dnsmasq-dhcp[21097]: read /var/lib/neutron/dhcp/8de16134-997c-491f-9cf9-90a4825efecf/host
Jun 20 04:51:47 gtw01 dnsmasq-dhcp[21097]: read /var/lib/neutron/dhcp/8de16134-997c-491f-9cf9-90a4825efecf/opts
Jun 20 04:51:48 gtw01 dnsmasq[21097]: read /var/lib/neutron/dhcp/8de16134-997c-491f-9cf9-90a4825efecf/addn_hosts - 2 addresses
Jun 20 04:51:48 gtw01 dnsmasq-dhcp[21097]: read /var/lib/neutron/dhcp/8de16134-997c-491f-9cf9-90a4825efecf/host
Jun 20 04:51:48 gtw01 dnsmasq-dhcp[21097]: read /var/lib/neutron/dhcp/8de16134-997c-491f-9cf9-90a4825efecf/opts
Jun 20 04:51:49 gtw01 dnsmasq[21097]: read /var/lib/neutron/dhcp/8de16134-997c-491f-9cf9-90a4825efecf/addn_hosts - 2 addresses
Jun 20 04:51:49 gtw01 dnsmasq-dhcp[21097]: read /var/lib/neutron/dhcp/8de16134-997c-491f-9cf9-90a4825efecf/host
Jun 20 04:51:49 gtw01 dnsmasq-dhcp[21097]: read /var/lib/neutron/dhcp/8de16134-997c-491f-9cf9-90a4825efecf/opts
Jun 20 04:51:49 gtw01 kernel: [ 8911.341081] device tap4115e634-4d entered promiscuous mode
Jun 20 04:51:49 gtw01 systemd-udevd[21247]: Could not generate persistent MAC address for tap4115e634-4d: No such file or directory
Jun 20 04:51:49 gtw01 systemd-udevd[21247]: Process '/sbin/ip link set tap4115e634-4d txqueuelen 10000' failed with exit code 1.
Jun 20 04:51:49 gtw01 systemd-udevd[21322]: Process '/sbin/ip link set tap4115e634-4d txqueuelen 10000' failed with exit code 1.
Jun 20 04:51:50 gtw01 dnsmasq[21097]: read /var/lib/neutron/dhcp/8de16134-997c-491f-9cf9-90a4825efecf/addn_hosts - 2 addresses
Jun 20 04:51:50 gtw01 dnsmasq-dhcp[21097]: read /var/lib/neutron/dhcp/8de16134-997c-491f-9cf9-90a4825efecf/host
Jun 20 04:51:50 gtw01 dnsmasq-dhcp[21097]: read /var/lib/neutron/dhcp/8de16134-997c-491f-9cf9-90a4825efecf/opts
Jun 20 04:51:51 gtw01 dnsmasq[21097]: read /var/lib/neutron/dhcp/8de16134-997c-491f-9cf9-90a4825efecf/addn_hosts - 2 addresses
Jun 20 04:51:51 gtw01 dnsmasq-dhcp[21097]: read /var/lib/neutron/dhcp/8de16134-997c-491f-9cf9-90a4825efecf/host
Jun 20 04:51:51 gtw01 dnsmasq-dhcp[21097]: read /var/lib/neutron/dhcp/8de16134-997c-491f-9cf9-90a4825efecf/opts
Jun 20 04:51:52 gtw01 haproxy-metadata-proxy-0364c2ad-629f-46ad-a81a-70e4015f7806[21497]: Proxy listener started.
Jun 20 04:51:52 gtw01 kernel: [ 8914.373134] device qg-d78b798a-3c entered promiscuous mode
Jun 20 04:51:52 gtw01 systemd-udevd[21509]: Could not generate persistent MAC address for qg-d78b798a-3c: No such file or directory
Jun 20 04:51:53 gtw01 dnsmasq[21601]: started, version 2.80 cachesize 150
Jun 20 04:51:53 gtw01 dnsmasq[21601]: DNS service limited to local subnets
Jun 20 04:51:53 gtw01 dnsmasq[21601]: compile time options: IPv6 GNU-getopt DBus i18n IDN DHCP DHCPv6 no-Lua TFTP conntrack ipset auth DNSSEC loop-detect inotify dumpfile
Jun 20 04:51:53 gtw01 dnsmasq[21601]: warning: no upstream servers configured
Jun 20 04:51:53 gtw01 dnsmasq-dhcp[21601]: DHCP, static leases only on 192.168.120.0, lease time 1h
Jun 20 04:51:53 gtw01 dnsmasq[21601]: read /var/lib/neutron/dhcp/78ac75b9-9673-4d4f-a93e-37bc4c1c6898/addn_hosts - 1 addresses
Jun 20 04:51:53 gtw01 dnsmasq-dhcp[21601]: read /var/lib/neutron/dhcp/78ac75b9-9673-4d4f-a93e-37bc4c1c6898/host
Jun 20 04:51:53 gtw01 dnsmasq-dhcp[21601]: read /var/lib/neutron/dhcp/78ac75b9-9673-4d4f-a93e-37bc4c1c6898/opts
Jun 20 04:51:53 gtw01 haproxy-metadata-proxy-78ac75b9-9673-4d4f-a93e-37bc4c1c6898[21609]: Proxy listener started.
Jun 20 04:51:53 gtw01 dnsmasq[21097]: read /var/lib/neutron/dhcp/8de16134-997c-491f-9cf9-90a4825efecf/addn_hosts - 2 addresses
Jun 20 04:51:53 gtw01 dnsmasq-dhcp[21097]: read /var/lib/neutron/dhcp/8de16134-997c-491f-9cf9-90a4825efecf/host
Jun 20 04:51:53 gtw01 dnsmasq-dhcp[21097]: read /var/lib/neutron/dhcp/8de16134-997c-491f-9cf9-90a4825efecf/opts
Jun 20 04:51:54 gtw01 dnsmasq[21601]: read /var/lib/neutron/dhcp/78ac75b9-9673-4d4f-a93e-37bc4c1c6898/addn_hosts - 2 addresses
Jun 20 04:51:54 gtw01 dnsmasq-dhcp[21601]: read /var/lib/neutron/dhcp/78ac75b9-9673-4d4f-a93e-37bc4c1c6898/host
Jun 20 04:51:54 gtw01 dnsmasq-dhcp[21601]: read /var/lib/neutron/dhcp/78ac75b9-9673-4d4f-a93e-37bc4c1c6898/opts
Jun 20 04:51:54 gtw01 kernel: [ 8916.191127] device qr-c6f761a5-cd entered promiscuous mode
Jun 20 04:51:54 gtw01 systemd-udevd[21676]: Could not generate persistent MAC address for qr-c6f761a5-cd: No such file or directory
Jun 20 04:51:54 gtw01 dnsmasq[21097]: read /var/lib/neutron/dhcp/8de16134-997c-491f-9cf9-90a4825efecf/addn_hosts - 2 addresses
Jun 20 04:51:54 gtw01 dnsmasq-dhcp[21097]: read /var/lib/neutron/dhcp/8de16134-997c-491f-9cf9-90a4825efecf/host
Jun 20 04:51:54 gtw01 dnsmasq-dhcp[21097]: read /var/lib/neutron/dhcp/8de16134-997c-491f-9cf9-90a4825efecf/opts
Jun 20 04:51:55 gtw01 dnsmasq[21601]: read /var/lib/neutron/dhcp/78ac75b9-9673-4d4f-a93e-37bc4c1c6898/addn_hosts - 2 addresses
Jun 20 04:51:55 gtw01 dnsmasq-dhcp[21601]: read /var/lib/neutron/dhcp/78ac75b9-9673-4d4f-a93e-37bc4c1c6898/host
Jun 20 04:51:55 gtw01 dnsmasq-dhcp[21601]: read /var/lib/neutron/dhcp/78ac75b9-9673-4d4f-a93e-37bc4c1c6898/opts
Jun 20 04:51:56 gtw01 dnsmasq[21601]: read /var/lib/neutron/dhcp/78ac75b9-9673-4d4f-a93e-37bc4c1c6898/addn_hosts - 2 addresses
Jun 20 04:51:56 gtw01 dnsmasq-dhcp[21601]: read /var/lib/neutron/dhcp/78ac75b9-9673-4d4f-a93e-37bc4c1c6898/host
Jun 20 04:51:56 gtw01 dnsmasq-dhcp[21601]: read /var/lib/neutron/dhcp/78ac75b9-9673-4d4f-a93e-37bc4c1c6898/opts
Jun 20 04:51:57 gtw01 dnsmasq[21601]: read /var/lib/neutron/dhcp/78ac75b9-9673-4d4f-a93e-37bc4c1c6898/addn_hosts - 2 addresses
Jun 20 04:51:57 gtw01 dnsmasq-dhcp[21601]: read /var/lib/neutron/dhcp/78ac75b9-9673-4d4f-a93e-37bc4c1c6898/host
Jun 20 04:51:57 gtw01 dnsmasq-dhcp[21601]: read /var/lib/neutron/dhcp/78ac75b9-9673-4d4f-a93e-37bc4c1c6898/opts
Jun 20 04:51:58 gtw01 dnsmasq[21601]: read /var/lib/neutron/dhcp/78ac75b9-9673-4d4f-a93e-37bc4c1c6898/addn_hosts - 2 addresses
Jun 20 04:51:58 gtw01 dnsmasq-dhcp[21601]: read /var/lib/neutron/dhcp/78ac75b9-9673-4d4f-a93e-37bc4c1c6898/host
Jun 20 04:51:58 gtw01 dnsmasq-dhcp[21601]: read /var/lib/neutron/dhcp/78ac75b9-9673-4d4f-a93e-37bc4c1c6898/opts
Jun 20 04:51:59 gtw01 haproxy-metadata-proxy-9d11a683-9dcb-43d8-9f14-34346d209710[22057]: Proxy listener started.
Jun 20 04:52:00 gtw01 dnsmasq[21601]: read /var/lib/neutron/dhcp/78ac75b9-9673-4d4f-a93e-37bc4c1c6898/addn_hosts - 2 addresses
Jun 20 04:52:00 gtw01 dnsmasq-dhcp[21601]: read /var/lib/neutron/dhcp/78ac75b9-9673-4d4f-a93e-37bc4c1c6898/host
Jun 20 04:52:00 gtw01 dnsmasq-dhcp[21601]: read /var/lib/neutron/dhcp/78ac75b9-9673-4d4f-a93e-37bc4c1c6898/opts
Jun 20 04:52:01 gtw01 kernel: [ 8923.167080] device qr-f6798ecf-a1 entered promiscuous mode
Jun 20 04:52:01 gtw01 systemd-udevd[22121]: Could not generate persistent MAC address for qr-f6798ecf-a1: No such file or directory
Jun 20 04:52:01 gtw01 dnsmasq[21097]: read /var/lib/neutron/dhcp/8de16134-997c-491f-9cf9-90a4825efecf/addn_hosts - 3 addresses
Jun 20 04:52:01 gtw01 dnsmasq-dhcp[21097]: read /var/lib/neutron/dhcp/8de16134-997c-491f-9cf9-90a4825efecf/host
Jun 20 04:52:01 gtw01 dnsmasq-dhcp[21097]: read /var/lib/neutron/dhcp/8de16134-997c-491f-9cf9-90a4825efecf/opts
Jun 20 04:52:01 gtw01 dnsmasq[21601]: read /var/lib/neutron/dhcp/78ac75b9-9673-4d4f-a93e-37bc4c1c6898/addn_hosts - 2 addresses
Jun 20 04:52:01 gtw01 dnsmasq-dhcp[21601]: read /var/lib/neutron/dhcp/78ac75b9-9673-4d4f-a93e-37bc4c1c6898/host
Jun 20 04:52:01 gtw01 dnsmasq-dhcp[21601]: read /var/lib/neutron/dhcp/78ac75b9-9673-4d4f-a93e-37bc4c1c6898/opts
Jun 20 04:52:02 gtw01 dnsmasq[21097]: read /var/lib/neutron/dhcp/8de16134-997c-491f-9cf9-90a4825efecf/addn_hosts - 3 addresses
Jun 20 04:52:02 gtw01 dnsmasq-dhcp[21097]: read /var/lib/neutron/dhcp/8de16134-997c-491f-9cf9-90a4825efecf/host
Jun 20 04:52:02 gtw01 dnsmasq-dhcp[21097]: read /var/lib/neutron/dhcp/8de16134-997c-491f-9cf9-90a4825efecf/opts
Jun 20 04:52:03 gtw01 dnsmasq[21097]: read /var/lib/neutron/dhcp/8de16134-997c-491f-9cf9-90a4825efecf/addn_hosts - 3 addresses
Jun 20 04:52:03 gtw01 dnsmasq-dhcp[21097]: read /var/lib/neutron/dhcp/8de16134-997c-491f-9cf9-90a4825efecf/host
Jun 20 04:52:03 gtw01 dnsmasq-dhcp[21097]: read /var/lib/neutron/dhcp/8de16134-997c-491f-9cf9-90a4825efecf/opts
Jun 20 04:52:06 gtw01 systemd-udevd[22397]: Could not generate persistent MAC address for vxlan_sys_4789: No such file or directory
Jun 20 04:52:06 gtw01 kernel: [ 8928.110176] device vxlan_sys_4789 entered promiscuous mode
Jun 20 04:52:13 gtw01 dnsmasq[21097]: read /var/lib/neutron/dhcp/8de16134-997c-491f-9cf9-90a4825efecf/addn_hosts - 4 addresses
Jun 20 04:52:13 gtw01 dnsmasq-dhcp[21097]: read /var/lib/neutron/dhcp/8de16134-997c-491f-9cf9-90a4825efecf/host
Jun 20 04:52:13 gtw01 dnsmasq-dhcp[21097]: read /var/lib/neutron/dhcp/8de16134-997c-491f-9cf9-90a4825efecf/opts
Jun 20 04:52:14 gtw01 dnsmasq[21097]: read /var/lib/neutron/dhcp/8de16134-997c-491f-9cf9-90a4825efecf/addn_hosts - 4 addresses
Jun 20 04:52:14 gtw01 dnsmasq-dhcp[21097]: read /var/lib/neutron/dhcp/8de16134-997c-491f-9cf9-90a4825efecf/host
Jun 20 04:52:14 gtw01 dnsmasq-dhcp[21097]: read /var/lib/neutron/dhcp/8de16134-997c-491f-9cf9-90a4825efecf/opts
Jun 20 04:52:15 gtw01 dnsmasq[21097]: read /var/lib/neutron/dhcp/8de16134-997c-491f-9cf9-90a4825efecf/addn_hosts - 4 addresses
Jun 20 04:52:15 gtw01 dnsmasq-dhcp[21097]: read /var/lib/neutron/dhcp/8de16134-997c-491f-9cf9-90a4825efecf/host
Jun 20 04:52:15 gtw01 dnsmasq-dhcp[21097]: read /var/lib/neutron/dhcp/8de16134-997c-491f-9cf9-90a4825efecf/opts
Jun 20 04:52:17 gtw01 dnsmasq-dhcp[21097]: DHCPDISCOVER(tap673d9ae0-88) fa:16:3e:6a:27:63
Jun 20 04:52:17 gtw01 dnsmasq-dhcp[21097]: DHCPOFFER(tap673d9ae0-88) 192.168.120.5 fa:16:3e:6a:27:63
Jun 20 04:52:17 gtw01 dnsmasq-dhcp[21097]: DHCPREQUEST(tap673d9ae0-88) 192.168.120.5 fa:16:3e:6a:27:63
Jun 20 04:52:17 gtw01 dnsmasq-dhcp[21097]: DHCPACK(tap673d9ae0-88) 192.168.120.5 fa:16:3e:6a:27:63 host-192-168-120-5
Jun 20 04:52:34 gtw01 dnsmasq[21097]: read /var/lib/neutron/dhcp/8de16134-997c-491f-9cf9-90a4825efecf/addn_hosts - 3 addresses
Jun 20 04:52:34 gtw01 dnsmasq-dhcp[21097]: read /var/lib/neutron/dhcp/8de16134-997c-491f-9cf9-90a4825efecf/host
Jun 20 04:52:34 gtw01 dnsmasq-dhcp[21097]: read /var/lib/neutron/dhcp/8de16134-997c-491f-9cf9-90a4825efecf/opts
Jun 20 04:52:40 gtw01 kernel: [ 8962.337064] device vxlan_sys_4789 left promiscuous mode
Jun 20 04:52:42 gtw01 dnsmasq-dhcp[21097]: DHCPRELEASE(tap673d9ae0-88) 192.168.120.5 fa:16:3e:6a:27:63
Jun 20 04:52:42 gtw01 dnsmasq-dhcp[21097]: DHCPRELEASE(tap673d9ae0-88) 192.168.120.5 fa:16:3e:6a:27:63 unknown lease
Jun 20 04:52:43 gtw01 dnsmasq[21097]: read /var/lib/neutron/dhcp/8de16134-997c-491f-9cf9-90a4825efecf/addn_hosts - 2 addresses
Jun 20 04:52:43 gtw01 dnsmasq-dhcp[21097]: read /var/lib/neutron/dhcp/8de16134-997c-491f-9cf9-90a4825efecf/host
Jun 20 04:52:43 gtw01 dnsmasq-dhcp[21097]: read /var/lib/neutron/dhcp/8de16134-997c-491f-9cf9-90a4825efecf/opts
Jun 20 04:52:48 gtw01 dnsmasq[21601]: read /var/lib/neutron/dhcp/78ac75b9-9673-4d4f-a93e-37bc4c1c6898/addn_hosts - 1 addresses
Jun 20 04:52:48 gtw01 dnsmasq-dhcp[21601]: read /var/lib/neutron/dhcp/78ac75b9-9673-4d4f-a93e-37bc4c1c6898/host
Jun 20 04:52:48 gtw01 dnsmasq-dhcp[21601]: read /var/lib/neutron/dhcp/78ac75b9-9673-4d4f-a93e-37bc4c1c6898/opts
Jun 20 04:52:49 gtw01 haproxy-metadata-proxy-78ac75b9-9673-4d4f-a93e-37bc4c1c6898[22632]: Proxy listener started.
Jun 20 04:52:50 gtw01 kernel: [ 8972.239057] device qr-f6798ecf-a1 left promiscuous mode
Jun 20 04:52:53 gtw01 kernel: [ 8975.181848] device tap4115e634-4d left promiscuous mode
Jun 20 04:52:53 gtw01 kernel: [ 8975.250445] device qg-d78b798a-3c left promiscuous mode
Jun 20 04:52:56 gtw01 dnsmasq[21097]: read /var/lib/neutron/dhcp/8de16134-997c-491f-9cf9-90a4825efecf/addn_hosts - 1 addresses
Jun 20 04:52:56 gtw01 dnsmasq-dhcp[21097]: read /var/lib/neutron/dhcp/8de16134-997c-491f-9cf9-90a4825efecf/host
Jun 20 04:52:56 gtw01 dnsmasq-dhcp[21097]: read /var/lib/neutron/dhcp/8de16134-997c-491f-9cf9-90a4825efecf/opts
Jun 20 04:52:57 gtw01 haproxy-metadata-proxy-8de16134-997c-491f-9cf9-90a4825efecf[22780]: Proxy listener started.
Jun 20 04:52:57 gtw01 kernel: [ 8979.501532] device qr-c6f761a5-cd left promiscuous mode
Jun 20 04:52:58 gtw01 kernel: [ 8980.309635] device qg-9c24f2cd-8b left promiscuous mode
Jun 20 04:53:00 gtw01 kernel: [ 8982.051679] device tap673d9ae0-88 left promiscuous mode
Jun 20 04:53:17 gtw01 dnsmasq[9259]: read /var/lib/neutron/dhcp/a28eb103-76d3-4174-99b1-b992d1c8b173/addn_hosts - 1 addresses
Jun 20 04:53:17 gtw01 dnsmasq-dhcp[9259]: read /var/lib/neutron/dhcp/a28eb103-76d3-4174-99b1-b992d1c8b173/host
Jun 20 04:53:17 gtw01 dnsmasq-dhcp[9259]: read /var/lib/neutron/dhcp/a28eb103-76d3-4174-99b1-b992d1c8b173/opts
Jun 20 04:53:18 gtw01 haproxy-metadata-proxy-a28eb103-76d3-4174-99b1-b992d1c8b173[22920]: Proxy listener started.
Jun 20 04:53:19 gtw01 kernel: [ 9001.379883] device qr-b1b01643-f2 left promiscuous mode
Jun 20 04:53:22 gtw01 kernel: [ 9004.096520] device tap78ffe0f2-37 left promiscuous mode
Jun 20 04:53:22 gtw01 kernel: [ 9004.474623] device qg-0a4f1b63-21 left promiscuous mode
Jun 20 04:53:32 gtw01 kernel: [ 9014.494739] device tapa82eaa2c-9b entered promiscuous mode
Jun 20 04:53:32 gtw01 systemd-udevd[23069]: Could not generate persistent MAC address for tapa82eaa2c-9b: No such file or directory
Jun 20 04:53:32 gtw01 systemd-udevd[23069]: Process '/sbin/ip link set tapa82eaa2c-9b txqueuelen 10000' failed with exit code 1.
Jun 20 04:53:32 gtw01 systemd-udevd[23143]: Process '/sbin/ip link set tapa82eaa2c-9b txqueuelen 10000' failed with exit code 1.
Jun 20 04:53:35 gtw01 systemd-udevd[23241]: Could not generate persistent MAC address for qr-907f3e92-6e: No such file or directory
Jun 20 04:53:35 gtw01 kernel: [ 9017.517279] device qr-907f3e92-6e entered promiscuous mode
Jun 20 04:53:36 gtw01 dnsmasq[23328]: started, version 2.80 cachesize 150
Jun 20 04:53:36 gtw01 dnsmasq[23328]: DNS service limited to local subnets
Jun 20 04:53:36 gtw01 dnsmasq[23328]: compile time options: IPv6 GNU-getopt DBus i18n IDN DHCP DHCPv6 no-Lua TFTP conntrack ipset auth DNSSEC loop-detect inotify dumpfile
Jun 20 04:53:36 gtw01 dnsmasq[23328]: warning: no upstream servers configured
Jun 20 04:53:36 gtw01 dnsmasq-dhcp[23328]: DHCP, static leases only on 192.168.120.0, lease time 1h
Jun 20 04:53:36 gtw01 dnsmasq[23328]: read /var/lib/neutron/dhcp/051f97d3-7160-4d41-b270-8a84e559ac67/addn_hosts - 1 addresses
Jun 20 04:53:36 gtw01 dnsmasq-dhcp[23328]: read /var/lib/neutron/dhcp/051f97d3-7160-4d41-b270-8a84e559ac67/host
Jun 20 04:53:36 gtw01 dnsmasq-dhcp[23328]: read /var/lib/neutron/dhcp/051f97d3-7160-4d41-b270-8a84e559ac67/opts
Jun 20 04:53:36 gtw01 haproxy-metadata-proxy-051f97d3-7160-4d41-b270-8a84e559ac67[23336]: Proxy listener started.
Jun 20 04:53:36 gtw01 systemd-udevd[23361]: Could not generate persistent MAC address for qg-ccdf432e-80: No such file or directory
Jun 20 04:53:36 gtw01 kernel: [ 9018.696197] device qg-ccdf432e-80 entered promiscuous mode
Jun 20 04:53:37 gtw01 dnsmasq[23328]: read /var/lib/neutron/dhcp/051f97d3-7160-4d41-b270-8a84e559ac67/addn_hosts - 2 addresses
Jun 20 04:53:37 gtw01 dnsmasq-dhcp[23328]: read /var/lib/neutron/dhcp/051f97d3-7160-4d41-b270-8a84e559ac67/host
Jun 20 04:53:37 gtw01 dnsmasq-dhcp[23328]: read /var/lib/neutron/dhcp/051f97d3-7160-4d41-b270-8a84e559ac67/opts
Jun 20 04:53:38 gtw01 dnsmasq[23328]: read /var/lib/neutron/dhcp/051f97d3-7160-4d41-b270-8a84e559ac67/addn_hosts - 2 addresses
Jun 20 04:53:38 gtw01 dnsmasq-dhcp[23328]: read /var/lib/neutron/dhcp/051f97d3-7160-4d41-b270-8a84e559ac67/host
Jun 20 04:53:38 gtw01 dnsmasq-dhcp[23328]: read /var/lib/neutron/dhcp/051f97d3-7160-4d41-b270-8a84e559ac67/opts
Jun 20 04:53:39 gtw01 dnsmasq[23328]: read /var/lib/neutron/dhcp/051f97d3-7160-4d41-b270-8a84e559ac67/addn_hosts - 2 addresses
Jun 20 04:53:39 gtw01 dnsmasq-dhcp[23328]: read /var/lib/neutron/dhcp/051f97d3-7160-4d41-b270-8a84e559ac67/host
Jun 20 04:53:39 gtw01 dnsmasq-dhcp[23328]: read /var/lib/neutron/dhcp/051f97d3-7160-4d41-b270-8a84e559ac67/opts
Jun 20 04:53:39 gtw01 dnsmasq[23328]: read /var/lib/neutron/dhcp/051f97d3-7160-4d41-b270-8a84e559ac67/addn_hosts - 2 addresses
Jun 20 04:53:39 gtw01 dnsmasq-dhcp[23328]: read /var/lib/neutron/dhcp/051f97d3-7160-4d41-b270-8a84e559ac67/host
Jun 20 04:53:39 gtw01 dnsmasq-dhcp[23328]: read /var/lib/neutron/dhcp/051f97d3-7160-4d41-b270-8a84e559ac67/opts
Jun 20 04:53:40 gtw01 dnsmasq[23328]: read /var/lib/neutron/dhcp/051f97d3-7160-4d41-b270-8a84e559ac67/addn_hosts - 2 addresses
Jun 20 04:53:40 gtw01 dnsmasq-dhcp[23328]: read /var/lib/neutron/dhcp/051f97d3-7160-4d41-b270-8a84e559ac67/host
Jun 20 04:53:40 gtw01 dnsmasq-dhcp[23328]: read /var/lib/neutron/dhcp/051f97d3-7160-4d41-b270-8a84e559ac67/opts
Jun 20 04:53:43 gtw01 haproxy-metadata-proxy-acea5ee6-22df-4701-b06b-5e8601911d84[23671]: Proxy listener started.
Jun 20 04:53:44 gtw01 dnsmasq[23328]: read /var/lib/neutron/dhcp/051f97d3-7160-4d41-b270-8a84e559ac67/addn_hosts - 2 addresses
Jun 20 04:53:44 gtw01 dnsmasq-dhcp[23328]: read /var/lib/neutron/dhcp/051f97d3-7160-4d41-b270-8a84e559ac67/host
Jun 20 04:53:44 gtw01 dnsmasq-dhcp[23328]: read /var/lib/neutron/dhcp/051f97d3-7160-4d41-b270-8a84e559ac67/opts
Jun 20 04:53:45 gtw01 dnsmasq[23328]: read /var/lib/neutron/dhcp/051f97d3-7160-4d41-b270-8a84e559ac67/addn_hosts - 2 addresses
Jun 20 04:53:45 gtw01 dnsmasq-dhcp[23328]: read /var/lib/neutron/dhcp/051f97d3-7160-4d41-b270-8a84e559ac67/host
Jun 20 04:53:45 gtw01 dnsmasq-dhcp[23328]: read /var/lib/neutron/dhcp/051f97d3-7160-4d41-b270-8a84e559ac67/opts
Jun 20 04:54:45 gtw01 kernel: [ 9087.478553] device tap323a435f-4b entered promiscuous mode
Jun 20 04:54:45 gtw01 systemd-udevd[23846]: Could not generate persistent MAC address for tap323a435f-4b: No such file or directory
Jun 20 04:54:45 gtw01 systemd-udevd[23846]: Process '/sbin/ip link set tap323a435f-4b txqueuelen 10000' failed with exit code 1.
Jun 20 04:54:45 gtw01 systemd-udevd[23846]: Process '/sbin/ip link set tap323a435f-4b txqueuelen 10000' failed with exit code 1.
Jun 20 04:54:46 gtw01 kernel: [ 9088.444311] device tap036f3015-7a entered promiscuous mode
Jun 20 04:54:46 gtw01 systemd-udevd[23960]: Could not generate persistent MAC address for tap036f3015-7a: No such file or directory
Jun 20 04:54:46 gtw01 systemd-udevd[23960]: Process '/sbin/ip link set tap036f3015-7a txqueuelen 10000' failed with exit code 1.
Jun 20 04:54:46 gtw01 systemd-udevd[24037]: Process '/sbin/ip link set tap036f3015-7a txqueuelen 10000' failed with exit code 1.
Jun 20 04:54:47 gtw01 kernel: [ 9089.300587] device tapbe34ef1b-37 entered promiscuous mode
Jun 20 04:54:47 gtw01 systemd-udevd[24082]: Could not generate persistent MAC address for tapbe34ef1b-37: No such file or directory
Jun 20 04:54:47 gtw01 systemd-udevd[24158]: Process '/sbin/ip link set tapbe34ef1b-37 txqueuelen 10000' failed with exit code 1.
Jun 20 04:54:48 gtw01 kernel: [ 9090.660137] device tape79248c3-1c entered promiscuous mode
Jun 20 04:54:48 gtw01 systemd-udevd[24258]: Could not generate persistent MAC address for tape79248c3-1c: No such file or directory
Jun 20 04:54:48 gtw01 systemd-udevd[24258]: Process '/sbin/ip link set tape79248c3-1c txqueuelen 10000' failed with exit code 1.
Jun 20 04:54:49 gtw01 systemd-udevd[24336]: Process '/sbin/ip link set tape79248c3-1c txqueuelen 10000' failed with exit code 1.
Jun 20 04:54:49 gtw01 dnsmasq[24359]: started, version 2.80 cachesize 150
Jun 20 04:54:49 gtw01 dnsmasq[24359]: DNS service limited to local subnets
Jun 20 04:54:49 gtw01 dnsmasq[24359]: compile time options: IPv6 GNU-getopt DBus i18n IDN DHCP DHCPv6 no-Lua TFTP conntrack ipset auth DNSSEC loop-detect inotify dumpfile
Jun 20 04:54:49 gtw01 dnsmasq[24359]: warning: no upstream servers configured
Jun 20 04:54:49 gtw01 dnsmasq-dhcp[24359]: DHCP, static leases only on 192.168.120.0, lease time 1h
Jun 20 04:54:49 gtw01 dnsmasq[24359]: read /var/lib/neutron/dhcp/275ec4ba-d804-40b4-adca-88741a152721/addn_hosts - 1 addresses
Jun 20 04:54:49 gtw01 dnsmasq-dhcp[24359]: read /var/lib/neutron/dhcp/275ec4ba-d804-40b4-adca-88741a152721/host
Jun 20 04:54:49 gtw01 dnsmasq-dhcp[24359]: read /var/lib/neutron/dhcp/275ec4ba-d804-40b4-adca-88741a152721/opts
Jun 20 04:54:49 gtw01 haproxy-metadata-proxy-275ec4ba-d804-40b4-adca-88741a152721[24372]: Proxy listener started.
Jun 20 04:54:50 gtw01 dnsmasq[24428]: started, version 2.80 cachesize 150
Jun 20 04:54:50 gtw01 dnsmasq[24428]: DNS service limited to local subnets
Jun 20 04:54:50 gtw01 dnsmasq[24428]: compile time options: IPv6 GNU-getopt DBus i18n IDN DHCP DHCPv6 no-Lua TFTP conntrack ipset auth DNSSEC loop-detect inotify dumpfile
Jun 20 04:54:50 gtw01 dnsmasq[24428]: warning: no upstream servers configured
Jun 20 04:54:50 gtw01 dnsmasq-dhcp[24428]: DHCP, static leases only on 192.168.120.0, lease time 1h
Jun 20 04:54:50 gtw01 dnsmasq[24428]: read /var/lib/neutron/dhcp/53ecb3ef-c609-4ea2-b676-f5c0f1586344/addn_hosts - 1 addresses
Jun 20 04:54:50 gtw01 dnsmasq-dhcp[24428]: read /var/lib/neutron/dhcp/53ecb3ef-c609-4ea2-b676-f5c0f1586344/host
Jun 20 04:54:50 gtw01 dnsmasq-dhcp[24428]: read /var/lib/neutron/dhcp/53ecb3ef-c609-4ea2-b676-f5c0f1586344/opts
Jun 20 04:54:50 gtw01 dnsmasq[24359]: read /var/lib/neutron/dhcp/275ec4ba-d804-40b4-adca-88741a152721/addn_hosts - 2 addresses
Jun 20 04:54:50 gtw01 dnsmasq-dhcp[24359]: read /var/lib/neutron/dhcp/275ec4ba-d804-40b4-adca-88741a152721/host
Jun 20 04:54:50 gtw01 dnsmasq-dhcp[24359]: read /var/lib/neutron/dhcp/275ec4ba-d804-40b4-adca-88741a152721/opts
Jun 20 04:54:50 gtw01 haproxy-metadata-proxy-53ecb3ef-c609-4ea2-b676-f5c0f1586344[24443]: Proxy listener started.
Jun 20 04:54:51 gtw01 dnsmasq[24492]: started, version 2.80 cachesize 150
Jun 20 04:54:51 gtw01 dnsmasq[24492]: DNS service limited to local subnets
Jun 20 04:54:51 gtw01 dnsmasq[24492]: compile time options: IPv6 GNU-getopt DBus i18n IDN DHCP DHCPv6 no-Lua TFTP conntrack ipset auth DNSSEC loop-detect inotify dumpfile
Jun 20 04:54:51 gtw01 dnsmasq[24492]: warning: no upstream servers configured
Jun 20 04:54:51 gtw01 dnsmasq-dhcp[24492]: DHCP, static leases only on 192.168.120.0, lease time 1h
Jun 20 04:54:51 gtw01 dnsmasq[24492]: read /var/lib/neutron/dhcp/8b049cde-9b3c-4280-9cee-6dfacba2b549/addn_hosts - 1 addresses
Jun 20 04:54:51 gtw01 dnsmasq-dhcp[24492]: read /var/lib/neutron/dhcp/8b049cde-9b3c-4280-9cee-6dfacba2b549/host
Jun 20 04:54:51 gtw01 dnsmasq-dhcp[24492]: read /var/lib/neutron/dhcp/8b049cde-9b3c-4280-9cee-6dfacba2b549/opts
Jun 20 04:54:51 gtw01 dnsmasq[24359]: read /var/lib/neutron/dhcp/275ec4ba-d804-40b4-adca-88741a152721/addn_hosts - 2 addresses
Jun 20 04:54:51 gtw01 dnsmasq-dhcp[24359]: read /var/lib/neutron/dhcp/275ec4ba-d804-40b4-adca-88741a152721/host
Jun 20 04:54:51 gtw01 dnsmasq-dhcp[24359]: read /var/lib/neutron/dhcp/275ec4ba-d804-40b4-adca-88741a152721/opts
Jun 20 04:54:51 gtw01 dnsmasq[24428]: read /var/lib/neutron/dhcp/53ecb3ef-c609-4ea2-b676-f5c0f1586344/addn_hosts - 1 addresses
Jun 20 04:54:51 gtw01 dnsmasq-dhcp[24428]: read /var/lib/neutron/dhcp/53ecb3ef-c609-4ea2-b676-f5c0f1586344/host
Jun 20 04:54:51 gtw01 dnsmasq-dhcp[24428]: read /var/lib/neutron/dhcp/53ecb3ef-c609-4ea2-b676-f5c0f1586344/opts
Jun 20 04:54:51 gtw01 haproxy-metadata-proxy-8b049cde-9b3c-4280-9cee-6dfacba2b549[24509]: Proxy listener started.
Jun 20 04:54:52 gtw01 dnsmasq[24492]: read /var/lib/neutron/dhcp/8b049cde-9b3c-4280-9cee-6dfacba2b549/addn_hosts - 1 addresses
Jun 20 04:54:52 gtw01 dnsmasq-dhcp[24492]: read /var/lib/neutron/dhcp/8b049cde-9b3c-4280-9cee-6dfacba2b549/host
Jun 20 04:54:52 gtw01 dnsmasq-dhcp[24492]: read /var/lib/neutron/dhcp/8b049cde-9b3c-4280-9cee-6dfacba2b549/opts
Jun 20 04:54:52 gtw01 dnsmasq[24359]: read /var/lib/neutron/dhcp/275ec4ba-d804-40b4-adca-88741a152721/addn_hosts - 2 addresses
Jun 20 04:54:52 gtw01 dnsmasq-dhcp[24359]: read /var/lib/neutron/dhcp/275ec4ba-d804-40b4-adca-88741a152721/host
Jun 20 04:54:52 gtw01 dnsmasq-dhcp[24359]: read /var/lib/neutron/dhcp/275ec4ba-d804-40b4-adca-88741a152721/opts
Jun 20 04:54:52 gtw01 dnsmasq[24590]: started, version 2.80 cachesize 150
Jun 20 04:54:52 gtw01 dnsmasq[24590]: DNS service limited to local subnets
Jun 20 04:54:52 gtw01 dnsmasq[24590]: compile time options: IPv6 GNU-getopt DBus i18n IDN DHCP DHCPv6 no-Lua TFTP conntrack ipset auth DNSSEC loop-detect inotify dumpfile
Jun 20 04:54:52 gtw01 dnsmasq[24590]: warning: no upstream servers configured
Jun 20 04:54:52 gtw01 dnsmasq-dhcp[24590]: DHCP, static leases only on 192.168.120.0, lease time 1h
Jun 20 04:54:52 gtw01 dnsmasq[24590]: read /var/lib/neutron/dhcp/2552e8d7-ac79-4edf-8a94-6e3c5b63d000/addn_hosts - 1 addresses
Jun 20 04:54:52 gtw01 dnsmasq-dhcp[24590]: read /var/lib/neutron/dhcp/2552e8d7-ac79-4edf-8a94-6e3c5b63d000/host
Jun 20 04:54:52 gtw01 dnsmasq-dhcp[24590]: read /var/lib/neutron/dhcp/2552e8d7-ac79-4edf-8a94-6e3c5b63d000/opts
Jun 20 04:54:52 gtw01 kernel: [ 9094.298204] device tap5e0c5bde-4d entered promiscuous mode
Jun 20 04:54:52 gtw01 systemd-udevd[24596]: Could not generate persistent MAC address for tap5e0c5bde-4d: No such file or directory
Jun 20 04:54:52 gtw01 dnsmasq[24428]: read /var/lib/neutron/dhcp/53ecb3ef-c609-4ea2-b676-f5c0f1586344/addn_hosts - 1 addresses
Jun 20 04:54:52 gtw01 dnsmasq-dhcp[24428]: read /var/lib/neutron/dhcp/53ecb3ef-c609-4ea2-b676-f5c0f1586344/host
Jun 20 04:54:52 gtw01 dnsmasq-dhcp[24428]: read /var/lib/neutron/dhcp/53ecb3ef-c609-4ea2-b676-f5c0f1586344/opts
Jun 20 04:54:52 gtw01 systemd-udevd[24596]: Process '/sbin/ip link set tap5e0c5bde-4d txqueuelen 10000' failed with exit code 1.
Jun 20 04:54:52 gtw01 systemd-udevd[24596]: Process '/sbin/ip link set tap5e0c5bde-4d txqueuelen 10000' failed with exit code 1.
Jun 20 04:54:52 gtw01 haproxy-metadata-proxy-2552e8d7-ac79-4edf-8a94-6e3c5b63d000[24692]: Proxy listener started.
Jun 20 04:54:53 gtw01 dnsmasq[24492]: read /var/lib/neutron/dhcp/8b049cde-9b3c-4280-9cee-6dfacba2b549/addn_hosts - 1 addresses
Jun 20 04:54:53 gtw01 dnsmasq-dhcp[24492]: read /var/lib/neutron/dhcp/8b049cde-9b3c-4280-9cee-6dfacba2b549/host
Jun 20 04:54:53 gtw01 dnsmasq-dhcp[24492]: read /var/lib/neutron/dhcp/8b049cde-9b3c-4280-9cee-6dfacba2b549/opts
Jun 20 04:54:53 gtw01 dnsmasq[24359]: read /var/lib/neutron/dhcp/275ec4ba-d804-40b4-adca-88741a152721/addn_hosts - 2 addresses
Jun 20 04:54:53 gtw01 dnsmasq-dhcp[24359]: read /var/lib/neutron/dhcp/275ec4ba-d804-40b4-adca-88741a152721/host
Jun 20 04:54:53 gtw01 dnsmasq-dhcp[24359]: read /var/lib/neutron/dhcp/275ec4ba-d804-40b4-adca-88741a152721/opts
Jun 20 04:54:53 gtw01 dnsmasq[24590]: read /var/lib/neutron/dhcp/2552e8d7-ac79-4edf-8a94-6e3c5b63d000/addn_hosts - 1 addresses
Jun 20 04:54:53 gtw01 dnsmasq-dhcp[24590]: read /var/lib/neutron/dhcp/2552e8d7-ac79-4edf-8a94-6e3c5b63d000/host
Jun 20 04:54:53 gtw01 dnsmasq-dhcp[24590]: read /var/lib/neutron/dhcp/2552e8d7-ac79-4edf-8a94-6e3c5b63d000/opts
Jun 20 04:54:53 gtw01 dnsmasq[24428]: read /var/lib/neutron/dhcp/53ecb3ef-c609-4ea2-b676-f5c0f1586344/addn_hosts - 1 addresses
Jun 20 04:54:53 gtw01 dnsmasq-dhcp[24428]: read /var/lib/neutron/dhcp/53ecb3ef-c609-4ea2-b676-f5c0f1586344/host
Jun 20 04:54:53 gtw01 dnsmasq-dhcp[24428]: read /var/lib/neutron/dhcp/53ecb3ef-c609-4ea2-b676-f5c0f1586344/opts
Jun 20 04:54:54 gtw01 dnsmasq[24492]: read /var/lib/neutron/dhcp/8b049cde-9b3c-4280-9cee-6dfacba2b549/addn_hosts - 1 addresses
Jun 20 04:54:54 gtw01 dnsmasq-dhcp[24492]: read /var/lib/neutron/dhcp/8b049cde-9b3c-4280-9cee-6dfacba2b549/host
Jun 20 04:54:54 gtw01 dnsmasq-dhcp[24492]: read /var/lib/neutron/dhcp/8b049cde-9b3c-4280-9cee-6dfacba2b549/opts
Jun 20 04:54:54 gtw01 dnsmasq[24590]: read /var/lib/neutron/dhcp/2552e8d7-ac79-4edf-8a94-6e3c5b63d000/addn_hosts - 1 addresses
Jun 20 04:54:54 gtw01 dnsmasq-dhcp[24590]: read /var/lib/neutron/dhcp/2552e8d7-ac79-4edf-8a94-6e3c5b63d000/host
Jun 20 04:54:54 gtw01 dnsmasq-dhcp[24590]: read /var/lib/neutron/dhcp/2552e8d7-ac79-4edf-8a94-6e3c5b63d000/opts
Jun 20 04:54:55 gtw01 dnsmasq[24590]: read /var/lib/neutron/dhcp/2552e8d7-ac79-4edf-8a94-6e3c5b63d000/addn_hosts - 1 addresses
Jun 20 04:54:55 gtw01 dnsmasq-dhcp[24590]: read /var/lib/neutron/dhcp/2552e8d7-ac79-4edf-8a94-6e3c5b63d000/host
Jun 20 04:54:55 gtw01 dnsmasq-dhcp[24590]: read /var/lib/neutron/dhcp/2552e8d7-ac79-4edf-8a94-6e3c5b63d000/opts
Jun 20 04:54:56 gtw01 dnsmasq[24891]: started, version 2.80 cachesize 150
Jun 20 04:54:56 gtw01 dnsmasq[24891]: DNS service limited to local subnets
Jun 20 04:54:56 gtw01 dnsmasq[24891]: compile time options: IPv6 GNU-getopt DBus i18n IDN DHCP DHCPv6 no-Lua TFTP conntrack ipset auth DNSSEC loop-detect inotify dumpfile
Jun 20 04:54:56 gtw01 dnsmasq[24891]: warning: no upstream servers configured
Jun 20 04:54:56 gtw01 dnsmasq-dhcp[24891]: DHCP, static leases only on 192.168.120.0, lease time 1h
Jun 20 04:54:56 gtw01 dnsmasq[24891]: read /var/lib/neutron/dhcp/bc8fff20-31bc-4e5a-96a9-08822e7d545c/addn_hosts - 1 addresses
Jun 20 04:54:56 gtw01 dnsmasq-dhcp[24891]: read /var/lib/neutron/dhcp/bc8fff20-31bc-4e5a-96a9-08822e7d545c/host
Jun 20 04:54:56 gtw01 dnsmasq-dhcp[24891]: read /var/lib/neutron/dhcp/bc8fff20-31bc-4e5a-96a9-08822e7d545c/opts
Jun 20 04:54:56 gtw01 haproxy-metadata-proxy-bc8fff20-31bc-4e5a-96a9-08822e7d545c[24895]: Proxy listener started.
Jun 20 04:54:57 gtw01 dnsmasq[24891]: read /var/lib/neutron/dhcp/bc8fff20-31bc-4e5a-96a9-08822e7d545c/addn_hosts - 2 addresses
Jun 20 04:54:57 gtw01 dnsmasq-dhcp[24891]: read /var/lib/neutron/dhcp/bc8fff20-31bc-4e5a-96a9-08822e7d545c/host
Jun 20 04:54:57 gtw01 dnsmasq-dhcp[24891]: read /var/lib/neutron/dhcp/bc8fff20-31bc-4e5a-96a9-08822e7d545c/opts
Jun 20 04:54:58 gtw01 dnsmasq[24359]: read /var/lib/neutron/dhcp/275ec4ba-d804-40b4-adca-88741a152721/addn_hosts - 3 addresses
Jun 20 04:54:58 gtw01 dnsmasq-dhcp[24359]: read /var/lib/neutron/dhcp/275ec4ba-d804-40b4-adca-88741a152721/host
Jun 20 04:54:58 gtw01 dnsmasq-dhcp[24359]: read /var/lib/neutron/dhcp/275ec4ba-d804-40b4-adca-88741a152721/opts
Jun 20 04:54:58 gtw01 dnsmasq[24891]: read /var/lib/neutron/dhcp/bc8fff20-31bc-4e5a-96a9-08822e7d545c/addn_hosts - 2 addresses
Jun 20 04:54:58 gtw01 dnsmasq-dhcp[24891]: read /var/lib/neutron/dhcp/bc8fff20-31bc-4e5a-96a9-08822e7d545c/host
Jun 20 04:54:58 gtw01 dnsmasq-dhcp[24891]: read /var/lib/neutron/dhcp/bc8fff20-31bc-4e5a-96a9-08822e7d545c/opts
Jun 20 04:54:59 gtw01 dnsmasq[24891]: read /var/lib/neutron/dhcp/bc8fff20-31bc-4e5a-96a9-08822e7d545c/addn_hosts - 2 addresses
Jun 20 04:54:59 gtw01 dnsmasq-dhcp[24891]: read /var/lib/neutron/dhcp/bc8fff20-31bc-4e5a-96a9-08822e7d545c/host
Jun 20 04:54:59 gtw01 dnsmasq-dhcp[24891]: read /var/lib/neutron/dhcp/bc8fff20-31bc-4e5a-96a9-08822e7d545c/opts
Jun 20 04:55:00 gtw01 dnsmasq[24590]: read /var/lib/neutron/dhcp/2552e8d7-ac79-4edf-8a94-6e3c5b63d000/addn_hosts - 2 addresses
Jun 20 04:55:00 gtw01 dnsmasq-dhcp[24590]: read /var/lib/neutron/dhcp/2552e8d7-ac79-4edf-8a94-6e3c5b63d000/host
Jun 20 04:55:00 gtw01 dnsmasq-dhcp[24590]: read /var/lib/neutron/dhcp/2552e8d7-ac79-4edf-8a94-6e3c5b63d000/opts
Jun 20 04:55:00 gtw01 dnsmasq[24891]: read /var/lib/neutron/dhcp/bc8fff20-31bc-4e5a-96a9-08822e7d545c/addn_hosts - 2 addresses
Jun 20 04:55:00 gtw01 dnsmasq-dhcp[24891]: read /var/lib/neutron/dhcp/bc8fff20-31bc-4e5a-96a9-08822e7d545c/host
Jun 20 04:55:00 gtw01 dnsmasq-dhcp[24891]: read /var/lib/neutron/dhcp/bc8fff20-31bc-4e5a-96a9-08822e7d545c/opts
Jun 20 04:55:01 gtw01 dnsmasq[24590]: read /var/lib/neutron/dhcp/2552e8d7-ac79-4edf-8a94-6e3c5b63d000/addn_hosts - 2 addresses
Jun 20 04:55:01 gtw01 dnsmasq-dhcp[24590]: read /var/lib/neutron/dhcp/2552e8d7-ac79-4edf-8a94-6e3c5b63d000/host
Jun 20 04:55:01 gtw01 dnsmasq-dhcp[24590]: read /var/lib/neutron/dhcp/2552e8d7-ac79-4edf-8a94-6e3c5b63d000/opts
Jun 20 04:55:01 gtw01 dnsmasq[24891]: read /var/lib/neutron/dhcp/bc8fff20-31bc-4e5a-96a9-08822e7d545c/addn_hosts - 2 addresses
Jun 20 04:55:01 gtw01 dnsmasq-dhcp[24891]: read /var/lib/neutron/dhcp/bc8fff20-31bc-4e5a-96a9-08822e7d545c/host
Jun 20 04:55:01 gtw01 dnsmasq-dhcp[24891]: read /var/lib/neutron/dhcp/bc8fff20-31bc-4e5a-96a9-08822e7d545c/opts
Jun 20 04:55:03 gtw01 dnsmasq[24891]: read /var/lib/neutron/dhcp/bc8fff20-31bc-4e5a-96a9-08822e7d545c/addn_hosts - 1 addresses
Jun 20 04:55:03 gtw01 dnsmasq-dhcp[24891]: read /var/lib/neutron/dhcp/bc8fff20-31bc-4e5a-96a9-08822e7d545c/host
Jun 20 04:55:03 gtw01 dnsmasq-dhcp[24891]: read /var/lib/neutron/dhcp/bc8fff20-31bc-4e5a-96a9-08822e7d545c/opts
Jun 20 04:55:04 gtw01 dnsmasq[25119]: started, version 2.80 cachesize 150
Jun 20 04:55:04 gtw01 dnsmasq[25119]: DNS service limited to local subnets
Jun 20 04:55:04 gtw01 dnsmasq[25119]: compile time options: IPv6 GNU-getopt DBus i18n IDN DHCP DHCPv6 no-Lua TFTP conntrack ipset auth DNSSEC loop-detect inotify dumpfile
Jun 20 04:55:04 gtw01 dnsmasq[25119]: warning: no upstream servers configured
Jun 20 04:55:04 gtw01 dnsmasq-dhcp[25119]: DHCP, static leases only on 192.168.120.0, lease time 1h
Jun 20 04:55:04 gtw01 dnsmasq-dhcp[25119]: DHCP, static leases only on 192.168.120.16, lease time 1h
Jun 20 04:55:04 gtw01 dnsmasq[25119]: read /var/lib/neutron/dhcp/8b049cde-9b3c-4280-9cee-6dfacba2b549/addn_hosts - 2 addresses
Jun 20 04:55:04 gtw01 dnsmasq-dhcp[25119]: read /var/lib/neutron/dhcp/8b049cde-9b3c-4280-9cee-6dfacba2b549/host
Jun 20 04:55:04 gtw01 dnsmasq-dhcp[25119]: read /var/lib/neutron/dhcp/8b049cde-9b3c-4280-9cee-6dfacba2b549/opts
Jun 20 04:55:04 gtw01 dnsmasq[25119]: read /var/lib/neutron/dhcp/8b049cde-9b3c-4280-9cee-6dfacba2b549/addn_hosts - 2 addresses
Jun 20 04:55:04 gtw01 dnsmasq-dhcp[25119]: read /var/lib/neutron/dhcp/8b049cde-9b3c-4280-9cee-6dfacba2b549/host
Jun 20 04:55:04 gtw01 dnsmasq-dhcp[25119]: read /var/lib/neutron/dhcp/8b049cde-9b3c-4280-9cee-6dfacba2b549/opts
Jun 20 04:55:04 gtw01 haproxy-metadata-proxy-bc8fff20-31bc-4e5a-96a9-08822e7d545c[25138]: Proxy listener started.
Jun 20 04:55:07 gtw01 dnsmasq[24590]: read /var/lib/neutron/dhcp/2552e8d7-ac79-4edf-8a94-6e3c5b63d000/addn_hosts - 1 addresses
Jun 20 04:55:07 gtw01 dnsmasq-dhcp[24590]: read /var/lib/neutron/dhcp/2552e8d7-ac79-4edf-8a94-6e3c5b63d000/host
Jun 20 04:55:07 gtw01 dnsmasq-dhcp[24590]: read /var/lib/neutron/dhcp/2552e8d7-ac79-4edf-8a94-6e3c5b63d000/opts
Jun 20 04:55:07 gtw01 dnsmasq[24359]: read /var/lib/neutron/dhcp/275ec4ba-d804-40b4-adca-88741a152721/addn_hosts - 4 addresses
Jun 20 04:55:07 gtw01 dnsmasq-dhcp[24359]: read /var/lib/neutron/dhcp/275ec4ba-d804-40b4-adca-88741a152721/host
Jun 20 04:55:07 gtw01 dnsmasq-dhcp[24359]: read /var/lib/neutron/dhcp/275ec4ba-d804-40b4-adca-88741a152721/opts
Jun 20 04:55:10 gtw01 dnsmasq[25249]: started, version 2.80 cachesize 150
Jun 20 04:55:10 gtw01 dnsmasq[25249]: DNS service limited to local subnets
Jun 20 04:55:10 gtw01 dnsmasq[25249]: compile time options: IPv6 GNU-getopt DBus i18n IDN DHCP DHCPv6 no-Lua TFTP conntrack ipset auth DNSSEC loop-detect inotify dumpfile
Jun 20 04:55:10 gtw01 dnsmasq[25249]: warning: no upstream servers configured
Jun 20 04:55:10 gtw01 dnsmasq-dhcp[25249]: DHCP, static leases only on 192.168.120.0, lease time 1h
Jun 20 04:55:10 gtw01 dnsmasq-dhcp[25249]: DHCP, static leases only on 192.168.120.32, lease time 1h
Jun 20 04:55:10 gtw01 dnsmasq-dhcp[25249]: DHCP, static leases only on 192.168.120.16, lease time 1h
Jun 20 04:55:10 gtw01 dnsmasq[25249]: read /var/lib/neutron/dhcp/8b049cde-9b3c-4280-9cee-6dfacba2b549/addn_hosts - 3 addresses
Jun 20 04:55:10 gtw01 dnsmasq-dhcp[25249]: read /var/lib/neutron/dhcp/8b049cde-9b3c-4280-9cee-6dfacba2b549/host
Jun 20 04:55:10 gtw01 dnsmasq-dhcp[25249]: read /var/lib/neutron/dhcp/8b049cde-9b3c-4280-9cee-6dfacba2b549/opts
Jun 20 04:55:11 gtw01 dnsmasq[25249]: read /var/lib/neutron/dhcp/8b049cde-9b3c-4280-9cee-6dfacba2b549/addn_hosts - 3 addresses
Jun 20 04:55:11 gtw01 dnsmasq-dhcp[25249]: read /var/lib/neutron/dhcp/8b049cde-9b3c-4280-9cee-6dfacba2b549/host
Jun 20 04:55:11 gtw01 dnsmasq-dhcp[25249]: read /var/lib/neutron/dhcp/8b049cde-9b3c-4280-9cee-6dfacba2b549/opts
Jun 20 04:55:11 gtw01 dnsmasq[24590]: read /var/lib/neutron/dhcp/2552e8d7-ac79-4edf-8a94-6e3c5b63d000/addn_hosts - 2 addresses
Jun 20 04:55:11 gtw01 dnsmasq-dhcp[24590]: read /var/lib/neutron/dhcp/2552e8d7-ac79-4edf-8a94-6e3c5b63d000/host
Jun 20 04:55:11 gtw01 dnsmasq-dhcp[24590]: read /var/lib/neutron/dhcp/2552e8d7-ac79-4edf-8a94-6e3c5b63d000/opts
Jun 20 04:55:12 gtw01 dnsmasq[24590]: read /var/lib/neutron/dhcp/2552e8d7-ac79-4edf-8a94-6e3c5b63d000/addn_hosts - 2 addresses
Jun 20 04:55:12 gtw01 dnsmasq-dhcp[24590]: read /var/lib/neutron/dhcp/2552e8d7-ac79-4edf-8a94-6e3c5b63d000/host
Jun 20 04:55:12 gtw01 dnsmasq-dhcp[24590]: read /var/lib/neutron/dhcp/2552e8d7-ac79-4edf-8a94-6e3c5b63d000/opts
Jun 20 04:55:15 gtw01 dnsmasq[25354]: started, version 2.80 cachesize 150
Jun 20 04:55:15 gtw01 dnsmasq[25354]: DNS service limited to local subnets
Jun 20 04:55:15 gtw01 dnsmasq[25354]: compile time options: IPv6 GNU-getopt DBus i18n IDN DHCP DHCPv6 no-Lua TFTP conntrack ipset auth DNSSEC loop-detect inotify dumpfile
Jun 20 04:55:15 gtw01 dnsmasq[25354]: warning: no upstream servers configured
Jun 20 04:55:15 gtw01 dnsmasq-dhcp[25354]: DHCP, static leases only on 192.168.120.0, lease time 1h
Jun 20 04:55:15 gtw01 dnsmasq-dhcp[25354]: DHCP, static leases only on 192.168.120.16, lease time 1h
Jun 20 04:55:15 gtw01 dnsmasq[25354]: read /var/lib/neutron/dhcp/8b049cde-9b3c-4280-9cee-6dfacba2b549/addn_hosts - 2 addresses
Jun 20 04:55:15 gtw01 dnsmasq-dhcp[25354]: read /var/lib/neutron/dhcp/8b049cde-9b3c-4280-9cee-6dfacba2b549/host
Jun 20 04:55:15 gtw01 dnsmasq-dhcp[25354]: read /var/lib/neutron/dhcp/8b049cde-9b3c-4280-9cee-6dfacba2b549/opts
Jun 20 04:55:16 gtw01 dnsmasq[24359]: read /var/lib/neutron/dhcp/275ec4ba-d804-40b4-adca-88741a152721/addn_hosts - 5 addresses
Jun 20 04:55:16 gtw01 dnsmasq-dhcp[24359]: read /var/lib/neutron/dhcp/275ec4ba-d804-40b4-adca-88741a152721/host
Jun 20 04:55:16 gtw01 dnsmasq-dhcp[24359]: read /var/lib/neutron/dhcp/275ec4ba-d804-40b4-adca-88741a152721/opts
Jun 20 04:55:16 gtw01 dnsmasq[24590]: read /var/lib/neutron/dhcp/2552e8d7-ac79-4edf-8a94-6e3c5b63d000/addn_hosts - 1 addresses
Jun 20 04:55:16 gtw01 dnsmasq-dhcp[24590]: read /var/lib/neutron/dhcp/2552e8d7-ac79-4edf-8a94-6e3c5b63d000/host
Jun 20 04:55:16 gtw01 dnsmasq-dhcp[24590]: read /var/lib/neutron/dhcp/2552e8d7-ac79-4edf-8a94-6e3c5b63d000/opts
Jun 20 04:55:17 gtw01 dnsmasq[24359]: read /var/lib/neutron/dhcp/275ec4ba-d804-40b4-adca-88741a152721/addn_hosts - 5 addresses
Jun 20 04:55:17 gtw01 dnsmasq-dhcp[24359]: read /var/lib/neutron/dhcp/275ec4ba-d804-40b4-adca-88741a152721/host
Jun 20 04:55:17 gtw01 dnsmasq-dhcp[24359]: read /var/lib/neutron/dhcp/275ec4ba-d804-40b4-adca-88741a152721/opts
Jun 20 04:55:17 gtw01 kernel: [ 9119.089156] device ha-87a2804c-36 entered promiscuous mode
Jun 20 04:55:17 gtw01 systemd-udevd[25430]: Could not generate persistent MAC address for ha-87a2804c-36: No such file or directory
Jun 20 04:55:18 gtw01 dnsmasq[24590]: read /var/lib/neutron/dhcp/2552e8d7-ac79-4edf-8a94-6e3c5b63d000/addn_hosts - 2 addresses
Jun 20 04:55:18 gtw01 dnsmasq-dhcp[24590]: read /var/lib/neutron/dhcp/2552e8d7-ac79-4edf-8a94-6e3c5b63d000/host
Jun 20 04:55:18 gtw01 dnsmasq-dhcp[24590]: read /var/lib/neutron/dhcp/2552e8d7-ac79-4edf-8a94-6e3c5b63d000/opts
Jun 20 04:55:20 gtw01 dnsmasq[24590]: read /var/lib/neutron/dhcp/2552e8d7-ac79-4edf-8a94-6e3c5b63d000/addn_hosts - 2 addresses
Jun 20 04:55:20 gtw01 dnsmasq-dhcp[24590]: read /var/lib/neutron/dhcp/2552e8d7-ac79-4edf-8a94-6e3c5b63d000/host
Jun 20 04:55:20 gtw01 dnsmasq-dhcp[24590]: read /var/lib/neutron/dhcp/2552e8d7-ac79-4edf-8a94-6e3c5b63d000/opts
Jun 20 04:55:20 gtw01 neutron-keepalived-state-change: 2019-06-20 04:55:20.918 25538 INFO neutron.common.config [-] Logging enabled!
Jun 20 04:55:20 gtw01 neutron-keepalived-state-change: 2019-06-20 04:55:20.919 25538 INFO neutron.common.config [-] /usr/bin/neutron-keepalived-state-change version 13.0.3
Jun 20 04:55:20 gtw01 neutron-keepalived-state-change: 2019-06-20 04:55:20.919 25538 DEBUG neutron.common.config [-] command line: /usr/bin/neutron-keepalived-state-change --router_id=4b65de05-4014-4832-888d-c20c9ffed9b2 --namespace=qrouter-4b65de05-4014-4832-888d-c20c9ffed9b2 --conf_dir=/var/lib/neutron/ha_confs/4b65de05-4014-4832-888d-c20c9ffed9b2 --monitor_interface=ha-87a2804c-36 --monitor_cidr=169.254.0.53/24 --pid_file=/var/lib/neutron/external/pids/4b65de05-4014-4832-888d-c20c9ffed9b2.monitor.pid --state_path=/var/lib/neutron --user=114 --group=118 setup_logging /usr/lib/python2.7/dist-packages/neutron/common/config.py:103
Jun 20 04:55:20 gtw01 neutron-keepalived-state-change: 2019-06-20 04:55:20.927 25607 DEBUG neutron.agent.linux.async_process [-] Launching async process [ip netns exec qrouter-4b65de05-4014-4832-888d-c20c9ffed9b2 ip -o monitor address]. start /usr/lib/python2.7/dist-packages/neutron/agent/linux/async_process.py:112
Jun 20 04:55:20 gtw01 neutron-keepalived-state-change: 2019-06-20 04:55:20.928 25607 DEBUG neutron.agent.linux.utils [-] Running command: ['ip', 'netns', 'exec', 'qrouter-4b65de05-4014-4832-888d-c20c9ffed9b2', 'ip', '-o', 'monitor', 'address'] create_process /usr/lib/python2.7/dist-packages/neutron/agent/linux/utils.py:87
Jun 20 04:55:20 gtw01 neutron-keepalived-state-change: 2019-06-20 04:55:20.959 25607 DEBUG neutron.agent.linux.utils [-] Found cmdline ['ip', 'netns', 'exec', 'qrouter-4b65de05-4014-4832-888d-c20c9ffed9b2', 'ip', '-o', 'monitor', 'address'] for rocess with PID 25608. get_cmdline_from_pid /usr/lib/python2.7/dist-packages/neutron/agent/linux/utils.py:329
