Jun 20 03:05:57 gtw01 dnsmasq-dhcp[29400]: read /var/lib/neutron/dhcp/905a407b-a962-485e-a586-3ee622ad3bcb/opts
Jun 20 03:05:58 gtw01 dnsmasq[29400]: read /var/lib/neutron/dhcp/905a407b-a962-485e-a586-3ee622ad3bcb/addn_hosts - 1 addresses
Jun 20 03:05:58 gtw01 dnsmasq-dhcp[29400]: read /var/lib/neutron/dhcp/905a407b-a962-485e-a586-3ee622ad3bcb/host
Jun 20 03:05:58 gtw01 dnsmasq-dhcp[29400]: read /var/lib/neutron/dhcp/905a407b-a962-485e-a586-3ee622ad3bcb/opts
Jun 20 03:05:58 gtw01 dnsmasq[29527]: started, version 2.80 cachesize 150
Jun 20 03:05:58 gtw01 dnsmasq[29527]: DNS service limited to local subnets
Jun 20 03:05:58 gtw01 dnsmasq[29527]: compile time options: IPv6 GNU-getopt DBus i18n IDN DHCP DHCPv6 no-Lua TFTP conntrack ipset auth DNSSEC loop-detect inotify dumpfile
Jun 20 03:05:58 gtw01 dnsmasq[29527]: warning: no upstream servers configured
Jun 20 03:05:58 gtw01 dnsmasq-dhcp[29527]: DHCPv6, static leases only on 2003::, lease time 1h
Jun 20 03:05:58 gtw01 dnsmasq[29527]: read /var/lib/neutron/dhcp/e11c0875-aa2e-45fe-8224-824e31cfb829/addn_hosts - 1 addresses
Jun 20 03:05:58 gtw01 dnsmasq-dhcp[29527]: read /var/lib/neutron/dhcp/e11c0875-aa2e-45fe-8224-824e31cfb829/host
Jun 20 03:05:58 gtw01 dnsmasq-dhcp[29527]: read /var/lib/neutron/dhcp/e11c0875-aa2e-45fe-8224-824e31cfb829/opts
Jun 20 03:05:59 gtw01 kernel: [ 2560.864277] device tape68036c7-65 left promiscuous mode
Jun 20 03:06:00 gtw01 kernel: [ 2561.811542] device tapa86d4b36-3e left promiscuous mode
Jun 20 03:06:04 gtw01 kernel: [ 2566.335977] device tap7b7cd844-74 entered promiscuous mode
Jun 20 03:06:04 gtw01 systemd-udevd[29608]: Could not generate persistent MAC address for tap7b7cd844-74: No such file or directory
Jun 20 03:06:04 gtw01 systemd-udevd[29608]: Process '/sbin/ip link set tap7b7cd844-74 txqueuelen 10000' failed with exit code 1.
Jun 20 03:06:04 gtw01 systemd-udevd[29683]: Process '/sbin/ip link set tap7b7cd844-74 txqueuelen 10000' failed with exit code 1.
Jun 20 03:06:05 gtw01 systemd-udevd[29709]: Could not generate persistent MAC address for tap38497d42-ff: No such file or directory
Jun 20 03:06:05 gtw01 kernel: [ 2566.844441] device tap38497d42-ff entered promiscuous mode
Jun 20 03:06:05 gtw01 systemd-udevd[29776]: Process '/sbin/ip link set tap38497d42-ff txqueuelen 10000' failed with exit code 1.
Jun 20 03:06:07 gtw01 dnsmasq[22405]: read /var/lib/neutron/dhcp/dd50e8d7-3f98-454f-a3a3-3025ae2675c0/addn_hosts - 3 addresses
Jun 20 03:06:07 gtw01 dnsmasq-dhcp[22405]: read /var/lib/neutron/dhcp/dd50e8d7-3f98-454f-a3a3-3025ae2675c0/host
Jun 20 03:06:07 gtw01 dnsmasq-dhcp[22405]: read /var/lib/neutron/dhcp/dd50e8d7-3f98-454f-a3a3-3025ae2675c0/opts
Jun 20 03:06:08 gtw01 dnsmasq[29918]: started, version 2.80 cachesize 150
Jun 20 03:06:08 gtw01 dnsmasq[29918]: DNS service limited to local subnets
Jun 20 03:06:08 gtw01 dnsmasq[29918]: compile time options: IPv6 GNU-getopt DBus i18n IDN DHCP DHCPv6 no-Lua TFTP conntrack ipset auth DNSSEC loop-detect inotify dumpfile
Jun 20 03:06:08 gtw01 dnsmasq[29918]: warning: no upstream servers configured
Jun 20 03:06:08 gtw01 dnsmasq-dhcp[29918]: DHCPv6, static leases only on 2003::, lease time 1h
Jun 20 03:06:08 gtw01 dnsmasq[29918]: read /var/lib/neutron/dhcp/02e34afe-9a31-4ef8-b1c2-8032750d745f/addn_hosts - 1 addresses
Jun 20 03:06:08 gtw01 dnsmasq-dhcp[29918]: read /var/lib/neutron/dhcp/02e34afe-9a31-4ef8-b1c2-8032750d745f/host
Jun 20 03:06:08 gtw01 dnsmasq-dhcp[29918]: read /var/lib/neutron/dhcp/02e34afe-9a31-4ef8-b1c2-8032750d745f/opts
Jun 20 03:06:08 gtw01 dnsmasq[29930]: started, version 2.80 cachesize 150
Jun 20 03:06:08 gtw01 dnsmasq[29930]: DNS service limited to local subnets
Jun 20 03:06:08 gtw01 dnsmasq[29930]: compile time options: IPv6 GNU-getopt DBus i18n IDN DHCP DHCPv6 no-Lua TFTP conntrack ipset auth DNSSEC loop-detect inotify dumpfile
Jun 20 03:06:08 gtw01 dnsmasq[29930]: warning: no upstream servers configured
Jun 20 03:06:08 gtw01 dnsmasq-dhcp[29930]: DHCPv6, static leases only on 2003:0:0:1::, lease time 1h
Jun 20 03:06:08 gtw01 dnsmasq[29930]: read /var/lib/neutron/dhcp/c089140b-3bf8-4685-abf0-4215b435dfd4/addn_hosts - 1 addresses
Jun 20 03:06:08 gtw01 dnsmasq-dhcp[29930]: read /var/lib/neutron/dhcp/c089140b-3bf8-4685-abf0-4215b435dfd4/host
Jun 20 03:06:08 gtw01 dnsmasq-dhcp[29930]: read /var/lib/neutron/dhcp/c089140b-3bf8-4685-abf0-4215b435dfd4/opts
Jun 20 03:06:08 gtw01 kernel: [ 2570.337293] device tap7b7cd844-74 left promiscuous mode
Jun 20 03:06:08 gtw01 kernel: [ 2570.433246] device tap38497d42-ff left promiscuous mode
Jun 20 03:06:08 gtw01 dnsmasq[22405]: read /var/lib/neutron/dhcp/dd50e8d7-3f98-454f-a3a3-3025ae2675c0/addn_hosts - 3 addresses
Jun 20 03:06:08 gtw01 dnsmasq-dhcp[22405]: read /var/lib/neutron/dhcp/dd50e8d7-3f98-454f-a3a3-3025ae2675c0/host
Jun 20 03:06:08 gtw01 dnsmasq-dhcp[22405]: read /var/lib/neutron/dhcp/dd50e8d7-3f98-454f-a3a3-3025ae2675c0/opts
Jun 20 03:06:09 gtw01 dnsmasq[22405]: read /var/lib/neutron/dhcp/dd50e8d7-3f98-454f-a3a3-3025ae2675c0/addn_hosts - 3 addresses
Jun 20 03:06:09 gtw01 dnsmasq-dhcp[22405]: read /var/lib/neutron/dhcp/dd50e8d7-3f98-454f-a3a3-3025ae2675c0/host
Jun 20 03:06:09 gtw01 dnsmasq-dhcp[22405]: read /var/lib/neutron/dhcp/dd50e8d7-3f98-454f-a3a3-3025ae2675c0/opts
Jun 20 03:06:12 gtw01 systemd-udevd[30004]: Could not generate persistent MAC address for tap9cfce1d3-4e: No such file or directory
Jun 20 03:06:12 gtw01 kernel: [ 2574.388943] device tap9cfce1d3-4e entered promiscuous mode
Jun 20 03:06:12 gtw01 systemd-udevd[30004]: Process '/sbin/ip link set tap9cfce1d3-4e txqueuelen 10000' failed with exit code 1.
Jun 20 03:06:12 gtw01 systemd-udevd[30004]: Process '/sbin/ip link set tap9cfce1d3-4e txqueuelen 10000' failed with exit code 1.
Jun 20 03:06:13 gtw01 systemd-udevd[30100]: Could not generate persistent MAC address for vxlan_sys_4789: No such file or directory
Jun 20 03:06:13 gtw01 kernel: [ 2575.282829] device vxlan_sys_4789 entered promiscuous mode
Jun 20 03:06:15 gtw01 dnsmasq[30236]: started, version 2.80 cachesize 150
Jun 20 03:06:15 gtw01 dnsmasq[30236]: DNS service limited to local subnets
Jun 20 03:06:15 gtw01 dnsmasq[30236]: compile time options: IPv6 GNU-getopt DBus i18n IDN DHCP DHCPv6 no-Lua TFTP conntrack ipset auth DNSSEC loop-detect inotify dumpfile
Jun 20 03:06:15 gtw01 dnsmasq[30236]: warning: no upstream servers configured
Jun 20 03:06:15 gtw01 dnsmasq-dhcp[30236]: DHCPv6, static leases only on 2003::, lease time 1h
Jun 20 03:06:15 gtw01 dnsmasq[30236]: read /var/lib/neutron/dhcp/7a0bf612-3f23-4909-96a9-07f5d21e3550/addn_hosts - 1 addresses
Jun 20 03:06:15 gtw01 dnsmasq-dhcp[30236]: read /var/lib/neutron/dhcp/7a0bf612-3f23-4909-96a9-07f5d21e3550/host
Jun 20 03:06:15 gtw01 dnsmasq-dhcp[30236]: read /var/lib/neutron/dhcp/7a0bf612-3f23-4909-96a9-07f5d21e3550/opts
Jun 20 03:06:16 gtw01 kernel: [ 2577.819302] device tap9cfce1d3-4e left promiscuous mode
Jun 20 03:06:17 gtw01 kernel: [ 2579.238051] device vxlan_sys_4789 left promiscuous mode
Jun 20 03:06:18 gtw01 dnsmasq[22405]: read /var/lib/neutron/dhcp/dd50e8d7-3f98-454f-a3a3-3025ae2675c0/addn_hosts - 2 addresses
Jun 20 03:06:18 gtw01 dnsmasq-dhcp[22405]: read /var/lib/neutron/dhcp/dd50e8d7-3f98-454f-a3a3-3025ae2675c0/host
Jun 20 03:06:18 gtw01 dnsmasq-dhcp[22405]: read /var/lib/neutron/dhcp/dd50e8d7-3f98-454f-a3a3-3025ae2675c0/opts
Jun 20 03:06:20 gtw01 systemd-udevd[30312]: Could not generate persistent MAC address for tap14a0fa26-c1: No such file or directory
Jun 20 03:06:20 gtw01 kernel: [ 2581.846450] device tap14a0fa26-c1 entered promiscuous mode
Jun 20 03:06:20 gtw01 systemd-udevd[30312]: Process '/sbin/ip link set tap14a0fa26-c1 txqueuelen 10000' failed with exit code 1.
Jun 20 03:06:20 gtw01 systemd-udevd[30312]: Process '/sbin/ip link set tap14a0fa26-c1 txqueuelen 10000' failed with exit code 1.
Jun 20 03:06:23 gtw01 dnsmasq[30471]: started, version 2.80 cachesize 150
Jun 20 03:06:23 gtw01 dnsmasq[30471]: DNS service limited to local subnets
Jun 20 03:06:23 gtw01 dnsmasq[30471]: compile time options: IPv6 GNU-getopt DBus i18n IDN DHCP DHCPv6 no-Lua TFTP conntrack ipset auth DNSSEC loop-detect inotify dumpfile
Jun 20 03:06:23 gtw01 dnsmasq[30471]: warning: no upstream servers configured
Jun 20 03:06:23 gtw01 dnsmasq-dhcp[30471]: DHCPv6, static leases only on 2003::, lease time 1h
Jun 20 03:06:23 gtw01 dnsmasq[30471]: read /var/lib/neutron/dhcp/cf16838c-e5a8-4dfa-8027-6d207c85fed0/addn_hosts - 1 addresses
Jun 20 03:06:23 gtw01 dnsmasq-dhcp[30471]: read /var/lib/neutron/dhcp/cf16838c-e5a8-4dfa-8027-6d207c85fed0/host
Jun 20 03:06:23 gtw01 dnsmasq-dhcp[30471]: read /var/lib/neutron/dhcp/cf16838c-e5a8-4dfa-8027-6d207c85fed0/opts
Jun 20 03:06:23 gtw01 kernel: [ 2585.513591] device tap14a0fa26-c1 left promiscuous mode
Jun 20 03:06:29 gtw01 systemd-udevd[30523]: Could not generate persistent MAC address for tapdaf4389e-a6: No such file or directory
Jun 20 03:06:29 gtw01 kernel: [ 2590.743013] device tapdaf4389e-a6 entered promiscuous mode
Jun 20 03:06:29 gtw01 systemd-udevd[30593]: Process '/sbin/ip link set tapdaf4389e-a6 txqueuelen 10000' failed with exit code 1.
Jun 20 03:06:29 gtw01 systemd-udevd[30630]: Could not generate persistent MAC address for tapb3eb8cc8-1d: No such file or directory
Jun 20 03:06:29 gtw01 kernel: [ 2591.622925] device tapb3eb8cc8-1d entered promiscuous mode
Jun 20 03:06:30 gtw01 systemd-udevd[30630]: Process '/sbin/ip link set tapb3eb8cc8-1d txqueuelen 10000' failed with exit code 1.
Jun 20 03:06:30 gtw01 systemd-udevd[30707]: Process '/sbin/ip link set tapb3eb8cc8-1d txqueuelen 10000' failed with exit code 1.
Jun 20 03:06:32 gtw01 dnsmasq[30822]: started, version 2.80 cachesize 150
Jun 20 03:06:32 gtw01 dnsmasq[30822]: DNS service limited to local subnets
Jun 20 03:06:32 gtw01 dnsmasq[30822]: compile time options: IPv6 GNU-getopt DBus i18n IDN DHCP DHCPv6 no-Lua TFTP conntrack ipset auth DNSSEC loop-detect inotify dumpfile
Jun 20 03:06:32 gtw01 dnsmasq[30822]: warning: no upstream servers configured
Jun 20 03:06:32 gtw01 dnsmasq-dhcp[30822]: DHCP, static leases only on 192.168.120.0, lease time 1h
Jun 20 03:06:32 gtw01 dnsmasq[30822]: read /var/lib/neutron/dhcp/bf6cf20f-41be-429e-9af7-9223d30d26cd/addn_hosts - 1 addresses
Jun 20 03:06:32 gtw01 dnsmasq-dhcp[30822]: read /var/lib/neutron/dhcp/bf6cf20f-41be-429e-9af7-9223d30d26cd/host
Jun 20 03:06:32 gtw01 dnsmasq-dhcp[30822]: read /var/lib/neutron/dhcp/bf6cf20f-41be-429e-9af7-9223d30d26cd/opts
Jun 20 03:06:32 gtw01 haproxy-metadata-proxy-bf6cf20f-41be-429e-9af7-9223d30d26cd[30834]: Proxy listener started.
Jun 20 03:06:33 gtw01 kernel: [ 2595.049466] device tapdaf4389e-a6 left promiscuous mode
Jun 20 03:06:33 gtw01 dnsmasq[30869]: started, version 2.80 cachesize 150
Jun 20 03:06:33 gtw01 dnsmasq[30869]: DNS service limited to local subnets
Jun 20 03:06:33 gtw01 dnsmasq[30869]: compile time options: IPv6 GNU-getopt DBus i18n IDN DHCP DHCPv6 no-Lua TFTP conntrack ipset auth DNSSEC loop-detect inotify dumpfile
Jun 20 03:06:33 gtw01 dnsmasq[30869]: warning: no upstream servers configured
Jun 20 03:06:33 gtw01 dnsmasq-dhcp[30869]: DHCP, static leases only on 192.168.120.16, lease time 1h
Jun 20 03:06:33 gtw01 dnsmasq[30869]: read /var/lib/neutron/dhcp/cd702210-c9f2-460d-8ab7-966511213c8d/addn_hosts - 1 addresses
Jun 20 03:06:33 gtw01 dnsmasq-dhcp[30869]: read /var/lib/neutron/dhcp/cd702210-c9f2-460d-8ab7-966511213c8d/host
Jun 20 03:06:33 gtw01 dnsmasq-dhcp[30869]: read /var/lib/neutron/dhcp/cd702210-c9f2-460d-8ab7-966511213c8d/opts
Jun 20 03:06:33 gtw01 haproxy-metadata-proxy-cd702210-c9f2-460d-8ab7-966511213c8d[30874]: Proxy listener started.
Jun 20 03:06:34 gtw01 kernel: [ 2595.792713] device tapb3eb8cc8-1d left promiscuous mode
Jun 20 03:06:40 gtw01 systemd-udevd[30929]: Could not generate persistent MAC address for tap07021b5a-4b: No such file or directory
Jun 20 03:06:40 gtw01 kernel: [ 2602.309926] device tap07021b5a-4b entered promiscuous mode
Jun 20 03:06:40 gtw01 systemd-udevd[30929]: Process '/sbin/ip link set tap07021b5a-4b txqueuelen 10000' failed with exit code 1.
Jun 20 03:06:40 gtw01 systemd-udevd[30929]: Process '/sbin/ip link set tap07021b5a-4b txqueuelen 10000' failed with exit code 1.
Jun 20 03:06:42 gtw01 systemd-udevd[31081]: Could not generate persistent MAC address for tap6c0958b8-6e: No such file or directory
Jun 20 03:06:42 gtw01 kernel: [ 2604.656572] device tap6c0958b8-6e entered promiscuous mode
Jun 20 03:06:43 gtw01 systemd-udevd[31081]: Process '/sbin/ip link set tap6c0958b8-6e txqueuelen 10000' failed with exit code 1.
Jun 20 03:06:43 gtw01 systemd-udevd[31081]: Process '/sbin/ip link set tap6c0958b8-6e txqueuelen 10000' failed with exit code 1.
Jun 20 03:06:44 gtw01 dnsmasq[31195]: started, version 2.80 cachesize 150
Jun 20 03:06:44 gtw01 dnsmasq[31195]: DNS service limited to local subnets
Jun 20 03:06:44 gtw01 dnsmasq[31195]: compile time options: IPv6 GNU-getopt DBus i18n IDN DHCP DHCPv6 no-Lua TFTP conntrack ipset auth DNSSEC loop-detect inotify dumpfile
Jun 20 03:06:44 gtw01 dnsmasq[31195]: warning: no upstream servers configured
Jun 20 03:06:44 gtw01 dnsmasq-dhcp[31195]: DHCPv6, static leases only on 2003::, lease time 1h
Jun 20 03:06:44 gtw01 dnsmasq[31195]: read /var/lib/neutron/dhcp/eafe2be4-679f-4d6b-a30a-585144f52f5f/addn_hosts - 1 addresses
Jun 20 03:06:44 gtw01 dnsmasq-dhcp[31195]: read /var/lib/neutron/dhcp/eafe2be4-679f-4d6b-a30a-585144f52f5f/host
Jun 20 03:06:44 gtw01 dnsmasq-dhcp[31195]: read /var/lib/neutron/dhcp/eafe2be4-679f-4d6b-a30a-585144f52f5f/opts
Jun 20 03:06:44 gtw01 dnsmasq[31195]: read /var/lib/neutron/dhcp/eafe2be4-679f-4d6b-a30a-585144f52f5f/addn_hosts - 2 addresses
Jun 20 03:06:44 gtw01 dnsmasq-dhcp[31195]: read /var/lib/neutron/dhcp/eafe2be4-679f-4d6b-a30a-585144f52f5f/host
Jun 20 03:06:44 gtw01 dnsmasq-dhcp[31195]: read /var/lib/neutron/dhcp/eafe2be4-679f-4d6b-a30a-585144f52f5f/opts
Jun 20 03:06:45 gtw01 systemd-udevd[31282]: Could not generate persistent MAC address for tapf7a59f1e-dd: No such file or directory
Jun 20 03:06:45 gtw01 kernel: [ 2607.497490] device tapf7a59f1e-dd entered promiscuous mode
Jun 20 03:06:45 gtw01 dnsmasq[31195]: read /var/lib/neutron/dhcp/eafe2be4-679f-4d6b-a30a-585144f52f5f/addn_hosts - 2 addresses
Jun 20 03:06:45 gtw01 dnsmasq-dhcp[31195]: read /var/lib/neutron/dhcp/eafe2be4-679f-4d6b-a30a-585144f52f5f/host
Jun 20 03:06:45 gtw01 dnsmasq-dhcp[31195]: read /var/lib/neutron/dhcp/eafe2be4-679f-4d6b-a30a-585144f52f5f/opts
Jun 20 03:06:45 gtw01 systemd-udevd[31282]: Process '/sbin/ip link set tapf7a59f1e-dd txqueuelen 10000' failed with exit code 1.
Jun 20 03:06:45 gtw01 systemd-udevd[31358]: Process '/sbin/ip link set tapf7a59f1e-dd txqueuelen 10000' failed with exit code 1.
Jun 20 03:06:46 gtw01 dnsmasq[31412]: started, version 2.80 cachesize 150
Jun 20 03:06:46 gtw01 dnsmasq[31412]: DNS service limited to local subnets
Jun 20 03:06:46 gtw01 dnsmasq[31412]: compile time options: IPv6 GNU-getopt DBus i18n IDN DHCP DHCPv6 no-Lua TFTP conntrack ipset auth DNSSEC loop-detect inotify dumpfile
Jun 20 03:06:46 gtw01 dnsmasq[31412]: warning: no upstream servers configured
Jun 20 03:06:46 gtw01 dnsmasq-dhcp[31412]: DHCPv6, static leases only on 2003:0:1::, lease time 1h
Jun 20 03:06:46 gtw01 dnsmasq[31412]: read /var/lib/neutron/dhcp/68f575b0-ca27-4769-9409-880b3d82ab55/addn_hosts - 1 addresses
Jun 20 03:06:46 gtw01 dnsmasq-dhcp[31412]: read /var/lib/neutron/dhcp/68f575b0-ca27-4769-9409-880b3d82ab55/host
Jun 20 03:06:46 gtw01 dnsmasq-dhcp[31412]: read /var/lib/neutron/dhcp/68f575b0-ca27-4769-9409-880b3d82ab55/opts
Jun 20 03:06:46 gtw01 dnsmasq[31195]: read /var/lib/neutron/dhcp/eafe2be4-679f-4d6b-a30a-585144f52f5f/addn_hosts - 2 addresses
Jun 20 03:06:46 gtw01 dnsmasq-dhcp[31195]: read /var/lib/neutron/dhcp/eafe2be4-679f-4d6b-a30a-585144f52f5f/host
Jun 20 03:06:46 gtw01 dnsmasq-dhcp[31195]: read /var/lib/neutron/dhcp/eafe2be4-679f-4d6b-a30a-585144f52f5f/opts
Jun 20 03:06:47 gtw01 systemd-udevd[31464]: Could not generate persistent MAC address for tap784e0310-93: No such file or directory
Jun 20 03:06:47 gtw01 kernel: [ 2608.933429] device tap784e0310-93 entered promiscuous mode
Jun 20 03:06:47 gtw01 systemd-udevd[31464]: Process '/sbin/ip link set tap784e0310-93 txqueuelen 10000' failed with exit code 1.
Jun 20 03:06:47 gtw01 dnsmasq[31412]: read /var/lib/neutron/dhcp/68f575b0-ca27-4769-9409-880b3d82ab55/addn_hosts - 2 addresses
Jun 20 03:06:47 gtw01 dnsmasq-dhcp[31412]: read /var/lib/neutron/dhcp/68f575b0-ca27-4769-9409-880b3d82ab55/host
Jun 20 03:06:47 gtw01 dnsmasq-dhcp[31412]: read /var/lib/neutron/dhcp/68f575b0-ca27-4769-9409-880b3d82ab55/opts
Jun 20 03:06:47 gtw01 systemd-udevd[31464]: Process '/sbin/ip link set tap784e0310-93 txqueuelen 10000' failed with exit code 1.
Jun 20 03:06:48 gtw01 dnsmasq[31195]: read /var/lib/neutron/dhcp/eafe2be4-679f-4d6b-a30a-585144f52f5f/addn_hosts - 2 addresses
Jun 20 03:06:48 gtw01 dnsmasq-dhcp[31195]: read /var/lib/neutron/dhcp/eafe2be4-679f-4d6b-a30a-585144f52f5f/host
Jun 20 03:06:48 gtw01 dnsmasq-dhcp[31195]: read /var/lib/neutron/dhcp/eafe2be4-679f-4d6b-a30a-585144f52f5f/opts
Jun 20 03:06:48 gtw01 dnsmasq[31412]: read /var/lib/neutron/dhcp/68f575b0-ca27-4769-9409-880b3d82ab55/addn_hosts - 2 addresses
Jun 20 03:06:48 gtw01 dnsmasq-dhcp[31412]: read /var/lib/neutron/dhcp/68f575b0-ca27-4769-9409-880b3d82ab55/host
Jun 20 03:06:48 gtw01 dnsmasq-dhcp[31412]: read /var/lib/neutron/dhcp/68f575b0-ca27-4769-9409-880b3d82ab55/opts
Jun 20 03:06:49 gtw01 dnsmasq[31195]: read /var/lib/neutron/dhcp/eafe2be4-679f-4d6b-a30a-585144f52f5f/addn_hosts - 2 addresses
Jun 20 03:06:49 gtw01 dnsmasq-dhcp[31195]: read /var/lib/neutron/dhcp/eafe2be4-679f-4d6b-a30a-585144f52f5f/host
Jun 20 03:06:49 gtw01 dnsmasq-dhcp[31195]: read /var/lib/neutron/dhcp/eafe2be4-679f-4d6b-a30a-585144f52f5f/opts
Jun 20 03:06:49 gtw01 dnsmasq[31412]: read /var/lib/neutron/dhcp/68f575b0-ca27-4769-9409-880b3d82ab55/addn_hosts - 2 addresses
Jun 20 03:06:49 gtw01 dnsmasq-dhcp[31412]: read /var/lib/neutron/dhcp/68f575b0-ca27-4769-9409-880b3d82ab55/host
Jun 20 03:06:49 gtw01 dnsmasq-dhcp[31412]: read /var/lib/neutron/dhcp/68f575b0-ca27-4769-9409-880b3d82ab55/opts
Jun 20 03:06:49 gtw01 dnsmasq[31712]: started, version 2.80 cachesize 150
Jun 20 03:06:49 gtw01 dnsmasq[31712]: DNS service limited to local subnets
Jun 20 03:06:49 gtw01 dnsmasq[31712]: compile time options: IPv6 GNU-getopt DBus i18n IDN DHCP DHCPv6 no-Lua TFTP conntrack ipset auth DNSSEC loop-detect inotify dumpfile
Jun 20 03:06:49 gtw01 dnsmasq[31712]: warning: no upstream servers configured
Jun 20 03:06:49 gtw01 dnsmasq-dhcp[31712]: DHCP, static leases only on 192.168.120.0, lease time 1h
Jun 20 03:06:49 gtw01 dnsmasq[31712]: read /var/lib/neutron/dhcp/8d87c73d-fe0a-45fb-855b-eb05b75fc8ed/addn_hosts - 1 addresses
Jun 20 03:06:49 gtw01 dnsmasq-dhcp[31712]: read /var/lib/neutron/dhcp/8d87c73d-fe0a-45fb-855b-eb05b75fc8ed/host
Jun 20 03:06:49 gtw01 dnsmasq-dhcp[31712]: read /var/lib/neutron/dhcp/8d87c73d-fe0a-45fb-855b-eb05b75fc8ed/opts
Jun 20 03:06:49 gtw01 haproxy-metadata-proxy-8d87c73d-fe0a-45fb-855b-eb05b75fc8ed[31727]: Proxy listener started.
Jun 20 03:06:50 gtw01 dnsmasq[31412]: read /var/lib/neutron/dhcp/68f575b0-ca27-4769-9409-880b3d82ab55/addn_hosts - 2 addresses
Jun 20 03:06:50 gtw01 dnsmasq-dhcp[31412]: read /var/lib/neutron/dhcp/68f575b0-ca27-4769-9409-880b3d82ab55/host
Jun 20 03:06:50 gtw01 dnsmasq-dhcp[31412]: read /var/lib/neutron/dhcp/68f575b0-ca27-4769-9409-880b3d82ab55/opts
Jun 20 03:06:50 gtw01 dnsmasq[31712]: read /var/lib/neutron/dhcp/8d87c73d-fe0a-45fb-855b-eb05b75fc8ed/addn_hosts - 2 addresses
Jun 20 03:06:50 gtw01 dnsmasq-dhcp[31712]: read /var/lib/neutron/dhcp/8d87c73d-fe0a-45fb-855b-eb05b75fc8ed/host
Jun 20 03:06:50 gtw01 dnsmasq-dhcp[31712]: read /var/lib/neutron/dhcp/8d87c73d-fe0a-45fb-855b-eb05b75fc8ed/opts
Jun 20 03:06:51 gtw01 dnsmasq[31782]: started, version 2.80 cachesize 150
Jun 20 03:06:51 gtw01 dnsmasq[31782]: DNS service limited to local subnets
Jun 20 03:06:51 gtw01 dnsmasq[31782]: compile time options: IPv6 GNU-getopt DBus i18n IDN DHCP DHCPv6 no-Lua TFTP conntrack ipset auth DNSSEC loop-detect inotify dumpfile
Jun 20 03:06:51 gtw01 dnsmasq[31782]: warning: no upstream servers configured
Jun 20 03:06:51 gtw01 dnsmasq-dhcp[31782]: DHCP, static leases only on 192.168.121.0, lease time 1h
Jun 20 03:06:51 gtw01 dnsmasq[31782]: read /var/lib/neutron/dhcp/e4517234-01db-4245-9c29-8b8ea41d46d1/addn_hosts - 1 addresses
Jun 20 03:06:51 gtw01 dnsmasq-dhcp[31782]: read /var/lib/neutron/dhcp/e4517234-01db-4245-9c29-8b8ea41d46d1/host
Jun 20 03:06:51 gtw01 dnsmasq-dhcp[31782]: read /var/lib/neutron/dhcp/e4517234-01db-4245-9c29-8b8ea41d46d1/opts
Jun 20 03:06:51 gtw01 haproxy-metadata-proxy-e4517234-01db-4245-9c29-8b8ea41d46d1[31795]: Proxy listener started.
Jun 20 03:06:51 gtw01 dnsmasq[31412]: read /var/lib/neutron/dhcp/68f575b0-ca27-4769-9409-880b3d82ab55/addn_hosts - 2 addresses
Jun 20 03:06:51 gtw01 dnsmasq-dhcp[31412]: read /var/lib/neutron/dhcp/68f575b0-ca27-4769-9409-880b3d82ab55/host
Jun 20 03:06:51 gtw01 dnsmasq-dhcp[31412]: read /var/lib/neutron/dhcp/68f575b0-ca27-4769-9409-880b3d82ab55/opts
Jun 20 03:06:51 gtw01 dnsmasq[31712]: read /var/lib/neutron/dhcp/8d87c73d-fe0a-45fb-855b-eb05b75fc8ed/addn_hosts - 2 addresses
Jun 20 03:06:51 gtw01 dnsmasq-dhcp[31712]: read /var/lib/neutron/dhcp/8d87c73d-fe0a-45fb-855b-eb05b75fc8ed/host
Jun 20 03:06:51 gtw01 dnsmasq-dhcp[31712]: read /var/lib/neutron/dhcp/8d87c73d-fe0a-45fb-855b-eb05b75fc8ed/opts
Jun 20 03:06:52 gtw01 dnsmasq[31782]: read /var/lib/neutron/dhcp/e4517234-01db-4245-9c29-8b8ea41d46d1/addn_hosts - 2 addresses
Jun 20 03:06:52 gtw01 dnsmasq-dhcp[31782]: read /var/lib/neutron/dhcp/e4517234-01db-4245-9c29-8b8ea41d46d1/host
Jun 20 03:06:52 gtw01 dnsmasq-dhcp[31782]: read /var/lib/neutron/dhcp/e4517234-01db-4245-9c29-8b8ea41d46d1/opts
Jun 20 03:06:52 gtw01 dnsmasq[31195]: read /var/lib/neutron/dhcp/eafe2be4-679f-4d6b-a30a-585144f52f5f/addn_hosts - 1 addresses
Jun 20 03:06:52 gtw01 dnsmasq-dhcp[31195]: read /var/lib/neutron/dhcp/eafe2be4-679f-4d6b-a30a-585144f52f5f/host
Jun 20 03:06:52 gtw01 dnsmasq-dhcp[31195]: read /var/lib/neutron/dhcp/eafe2be4-679f-4d6b-a30a-585144f52f5f/opts
Jun 20 03:06:52 gtw01 dnsmasq[31412]: read /var/lib/neutron/dhcp/68f575b0-ca27-4769-9409-880b3d82ab55/addn_hosts - 1 addresses
Jun 20 03:06:52 gtw01 dnsmasq-dhcp[31412]: read /var/lib/neutron/dhcp/68f575b0-ca27-4769-9409-880b3d82ab55/host
Jun 20 03:06:52 gtw01 dnsmasq-dhcp[31412]: read /var/lib/neutron/dhcp/68f575b0-ca27-4769-9409-880b3d82ab55/opts
Jun 20 03:06:52 gtw01 dnsmasq[31712]: read /var/lib/neutron/dhcp/8d87c73d-fe0a-45fb-855b-eb05b75fc8ed/addn_hosts - 2 addresses
Jun 20 03:06:52 gtw01 dnsmasq-dhcp[31712]: read /var/lib/neutron/dhcp/8d87c73d-fe0a-45fb-855b-eb05b75fc8ed/host
Jun 20 03:06:52 gtw01 dnsmasq-dhcp[31712]: read /var/lib/neutron/dhcp/8d87c73d-fe0a-45fb-855b-eb05b75fc8ed/opts
Jun 20 03:06:53 gtw01 dnsmasq[31782]: read /var/lib/neutron/dhcp/e4517234-01db-4245-9c29-8b8ea41d46d1/addn_hosts - 2 addresses
Jun 20 03:06:53 gtw01 dnsmasq-dhcp[31782]: read /var/lib/neutron/dhcp/e4517234-01db-4245-9c29-8b8ea41d46d1/host
Jun 20 03:06:53 gtw01 dnsmasq-dhcp[31782]: read /var/lib/neutron/dhcp/e4517234-01db-4245-9c29-8b8ea41d46d1/opts
Jun 20 03:06:53 gtw01 dnsmasq[31712]: read /var/lib/neutron/dhcp/8d87c73d-fe0a-45fb-855b-eb05b75fc8ed/addn_hosts - 2 addresses
Jun 20 03:06:53 gtw01 dnsmasq-dhcp[31712]: read /var/lib/neutron/dhcp/8d87c73d-fe0a-45fb-855b-eb05b75fc8ed/host
Jun 20 03:06:53 gtw01 dnsmasq-dhcp[31712]: read /var/lib/neutron/dhcp/8d87c73d-fe0a-45fb-855b-eb05b75fc8ed/opts
Jun 20 03:06:54 gtw01 dnsmasq[31782]: read /var/lib/neutron/dhcp/e4517234-01db-4245-9c29-8b8ea41d46d1/addn_hosts - 2 addresses
Jun 20 03:06:54 gtw01 dnsmasq-dhcp[31782]: read /var/lib/neutron/dhcp/e4517234-01db-4245-9c29-8b8ea41d46d1/host
Jun 20 03:06:54 gtw01 dnsmasq-dhcp[31782]: read /var/lib/neutron/dhcp/e4517234-01db-4245-9c29-8b8ea41d46d1/opts
Jun 20 03:06:54 gtw01 dnsmasq[31712]: read /var/lib/neutron/dhcp/8d87c73d-fe0a-45fb-855b-eb05b75fc8ed/addn_hosts - 2 addresses
Jun 20 03:06:54 gtw01 dnsmasq-dhcp[31712]: read /var/lib/neutron/dhcp/8d87c73d-fe0a-45fb-855b-eb05b75fc8ed/host
Jun 20 03:06:54 gtw01 dnsmasq-dhcp[31712]: read /var/lib/neutron/dhcp/8d87c73d-fe0a-45fb-855b-eb05b75fc8ed/opts
Jun 20 03:06:54 gtw01 kernel: [ 2616.628916] device tap6c0958b8-6e left promiscuous mode
Jun 20 03:06:55 gtw01 dnsmasq[31782]: read /var/lib/neutron/dhcp/e4517234-01db-4245-9c29-8b8ea41d46d1/addn_hosts - 2 addresses
Jun 20 03:06:55 gtw01 dnsmasq-dhcp[31782]: read /var/lib/neutron/dhcp/e4517234-01db-4245-9c29-8b8ea41d46d1/host
Jun 20 03:06:55 gtw01 dnsmasq-dhcp[31782]: read /var/lib/neutron/dhcp/e4517234-01db-4245-9c29-8b8ea41d46d1/opts
Jun 20 03:06:55 gtw01 dnsmasq[31712]: read /var/lib/neutron/dhcp/8d87c73d-fe0a-45fb-855b-eb05b75fc8ed/addn_hosts - 1 addresses
Jun 20 03:06:55 gtw01 dnsmasq-dhcp[31712]: read /var/lib/neutron/dhcp/8d87c73d-fe0a-45fb-855b-eb05b75fc8ed/host
Jun 20 03:06:55 gtw01 dnsmasq-dhcp[31712]: read /var/lib/neutron/dhcp/8d87c73d-fe0a-45fb-855b-eb05b75fc8ed/opts
Jun 20 03:06:56 gtw01 dnsmasq[31782]: read /var/lib/neutron/dhcp/e4517234-01db-4245-9c29-8b8ea41d46d1/addn_hosts - 2 addresses
Jun 20 03:06:56 gtw01 dnsmasq-dhcp[31782]: read /var/lib/neutron/dhcp/e4517234-01db-4245-9c29-8b8ea41d46d1/host
Jun 20 03:06:56 gtw01 dnsmasq-dhcp[31782]: read /var/lib/neutron/dhcp/e4517234-01db-4245-9c29-8b8ea41d46d1/opts
Jun 20 03:06:56 gtw01 kernel: [ 2618.077547] device tap07021b5a-4b left promiscuous mode
Jun 20 03:06:56 gtw01 haproxy-metadata-proxy-8d87c73d-fe0a-45fb-855b-eb05b75fc8ed[32062]: Proxy listener started.
Jun 20 03:06:57 gtw01 dnsmasq[31782]: read /var/lib/neutron/dhcp/e4517234-01db-4245-9c29-8b8ea41d46d1/addn_hosts - 1 addresses
Jun 20 03:06:57 gtw01 dnsmasq-dhcp[31782]: read /var/lib/neutron/dhcp/e4517234-01db-4245-9c29-8b8ea41d46d1/host
Jun 20 03:06:57 gtw01 dnsmasq-dhcp[31782]: read /var/lib/neutron/dhcp/e4517234-01db-4245-9c29-8b8ea41d46d1/opts
Jun 20 03:06:57 gtw01 haproxy-metadata-proxy-e4517234-01db-4245-9c29-8b8ea41d46d1[32102]: Proxy listener started.
Jun 20 03:06:58 gtw01 kernel: [ 2620.398523] device tap784e0310-93 left promiscuous mode
Jun 20 03:06:58 gtw01 kernel: [ 2620.573401] device tapf7a59f1e-dd left promiscuous mode
Jun 20 03:07:01 gtw01 systemd-udevd[32187]: Could not generate persistent MAC address for tapf336b0d5-e7: No such file or directory
Jun 20 03:07:01 gtw01 kernel: [ 2622.764014] device tapf336b0d5-e7 entered promiscuous mode
Jun 20 03:07:01 gtw01 systemd-udevd[32187]: Process '/sbin/ip link set tapf336b0d5-e7 txqueuelen 10000' failed with exit code 1.
Jun 20 03:07:01 gtw01 systemd-udevd[32260]: Process '/sbin/ip link set tapf336b0d5-e7 txqueuelen 10000' failed with exit code 1.
Jun 20 03:07:01 gtw01 systemd-udevd[32283]: Could not generate persistent MAC address for tap21f17dda-36: No such file or directory
Jun 20 03:07:01 gtw01 kernel: [ 2623.092280] device tap21f17dda-36 entered promiscuous mode
Jun 20 03:07:01 gtw01 systemd-udevd[32283]: Process '/sbin/ip link set tap21f17dda-36 txqueuelen 10000' failed with exit code 1.
Jun 20 03:07:04 gtw01 kernel: [ 2626.245377] device tap0337135d-7f entered promiscuous mode
Jun 20 03:07:04 gtw01 systemd-udevd[32517]: Could not generate persistent MAC address for tap0337135d-7f: No such file or directory
Jun 20 03:07:04 gtw01 dnsmasq[32513]: started, version 2.80 cachesize 150
Jun 20 03:07:04 gtw01 dnsmasq[32513]: DNS service limited to local subnets
Jun 20 03:07:04 gtw01 dnsmasq[32513]: compile time options: IPv6 GNU-getopt DBus i18n IDN DHCP DHCPv6 no-Lua TFTP conntrack ipset auth DNSSEC loop-detect inotify dumpfile
Jun 20 03:07:04 gtw01 dnsmasq[32513]: warning: no upstream servers configured
Jun 20 03:07:04 gtw01 dnsmasq-dhcp[32513]: DHCP, static leases only on 192.168.120.0, lease time 1h
Jun 20 03:07:04 gtw01 dnsmasq[32513]: read /var/lib/neutron/dhcp/066b99ff-e06a-4135-a25a-22975a32b74f/addn_hosts - 1 addresses
Jun 20 03:07:04 gtw01 dnsmasq-dhcp[32513]: read /var/lib/neutron/dhcp/066b99ff-e06a-4135-a25a-22975a32b74f/host
Jun 20 03:07:04 gtw01 dnsmasq-dhcp[32513]: read /var/lib/neutron/dhcp/066b99ff-e06a-4135-a25a-22975a32b74f/opts
Jun 20 03:07:04 gtw01 systemd-udevd[32587]: Process '/sbin/ip link set tap0337135d-7f txqueuelen 10000' failed with exit code 1.
Jun 20 03:07:04 gtw01 haproxy-metadata-proxy-066b99ff-e06a-4135-a25a-22975a32b74f[32606]: Proxy listener started.
Jun 20 03:07:04 gtw01 dnsmasq[32610]: started, version 2.80 cachesize 150
Jun 20 03:07:04 gtw01 dnsmasq[32610]: DNS service limited to local subnets
Jun 20 03:07:04 gtw01 dnsmasq[32610]: compile time options: IPv6 GNU-getopt DBus i18n IDN DHCP DHCPv6 no-Lua TFTP conntrack ipset auth DNSSEC loop-detect inotify dumpfile
Jun 20 03:07:04 gtw01 dnsmasq[32610]: warning: no upstream servers configured
Jun 20 03:07:04 gtw01 dnsmasq-dhcp[32610]: DHCPv6, static leases only on 2003::, lease time 1h
Jun 20 03:07:04 gtw01 dnsmasq[32610]: read /var/lib/neutron/dhcp/8de05e24-edf2-429f-81d9-1c99ba4c2d7c/addn_hosts - 1 addresses
Jun 20 03:07:04 gtw01 dnsmasq-dhcp[32610]: read /var/lib/neutron/dhcp/8de05e24-edf2-429f-81d9-1c99ba4c2d7c/host
Jun 20 03:07:04 gtw01 dnsmasq-dhcp[32610]: read /var/lib/neutron/dhcp/8de05e24-edf2-429f-81d9-1c99ba4c2d7c/opts
Jun 20 03:07:05 gtw01 kernel: [ 2626.916543] device tapf336b0d5-e7 left promiscuous mode
Jun 20 03:07:05 gtw01 dnsmasq[32610]: read /var/lib/neutron/dhcp/8de05e24-edf2-429f-81d9-1c99ba4c2d7c/addn_hosts - 1 addresses
Jun 20 03:07:05 gtw01 dnsmasq-dhcp[32610]: read /var/lib/neutron/dhcp/8de05e24-edf2-429f-81d9-1c99ba4c2d7c/host
Jun 20 03:07:05 gtw01 dnsmasq-dhcp[32610]: read /var/lib/neutron/dhcp/8de05e24-edf2-429f-81d9-1c99ba4c2d7c/opts
Jun 20 03:07:06 gtw01 systemd-udevd[32714]: Could not generate persistent MAC address for tap758ebce0-41: No such file or directory
Jun 20 03:07:06 gtw01 kernel: [ 2628.474372] device tap758ebce0-41 entered promiscuous mode
Jun 20 03:07:06 gtw01 systemd-udevd[32714]: Process '/sbin/ip link set tap758ebce0-41 txqueuelen 10000' failed with exit code 1.
Jun 20 03:07:06 gtw01 dnsmasq[32610]: read /var/lib/neutron/dhcp/8de05e24-edf2-429f-81d9-1c99ba4c2d7c/addn_hosts - 1 addresses
Jun 20 03:07:06 gtw01 dnsmasq-dhcp[32610]: read /var/lib/neutron/dhcp/8de05e24-edf2-429f-81d9-1c99ba4c2d7c/host
Jun 20 03:07:06 gtw01 dnsmasq-dhcp[32610]: read /var/lib/neutron/dhcp/8de05e24-edf2-429f-81d9-1c99ba4c2d7c/opts
Jun 20 03:07:06 gtw01 systemd-udevd[323]: Process '/sbin/ip link set tap758ebce0-41 txqueuelen 10000' failed with exit code 1.
Jun 20 03:07:07 gtw01 dnsmasq[32610]: read /var/lib/neutron/dhcp/8de05e24-edf2-429f-81d9-1c99ba4c2d7c/addn_hosts - 2 addresses
Jun 20 03:07:07 gtw01 dnsmasq-dhcp[32610]: read /var/lib/neutron/dhcp/8de05e24-edf2-429f-81d9-1c99ba4c2d7c/host
Jun 20 03:07:07 gtw01 dnsmasq-dhcp[32610]: read /var/lib/neutron/dhcp/8de05e24-edf2-429f-81d9-1c99ba4c2d7c/opts
Jun 20 03:07:08 gtw01 dnsmasq[403]: started, version 2.80 cachesize 150
Jun 20 03:07:08 gtw01 dnsmasq[403]: DNS service limited to local subnets
Jun 20 03:07:08 gtw01 dnsmasq[403]: compile time options: IPv6 GNU-getopt DBus i18n IDN DHCP DHCPv6 no-Lua TFTP conntrack ipset auth DNSSEC loop-detect inotify dumpfile
Jun 20 03:07:08 gtw01 dnsmasq[403]: warning: no upstream servers configured
Jun 20 03:07:08 gtw01 dnsmasq-dhcp[403]: DHCP, static leases only on 192.168.120.0, lease time 1h
Jun 20 03:07:08 gtw01 dnsmasq[403]: read /var/lib/neutron/dhcp/95ebd89a-7774-47f2-91ea-fe87924d381c/addn_hosts - 1 addresses
Jun 20 03:07:08 gtw01 dnsmasq-dhcp[403]: read /var/lib/neutron/dhcp/95ebd89a-7774-47f2-91ea-fe87924d381c/host
Jun 20 03:07:08 gtw01 dnsmasq-dhcp[403]: read /var/lib/neutron/dhcp/95ebd89a-7774-47f2-91ea-fe87924d381c/opts
Jun 20 03:07:08 gtw01 haproxy-metadata-proxy-95ebd89a-7774-47f2-91ea-fe87924d381c[420]: Proxy listener started.
Jun 20 03:07:08 gtw01 dnsmasq[403]: read /var/lib/neutron/dhcp/95ebd89a-7774-47f2-91ea-fe87924d381c/addn_hosts - 1 addresses
Jun 20 03:07:08 gtw01 dnsmasq-dhcp[403]: read /var/lib/neutron/dhcp/95ebd89a-7774-47f2-91ea-fe87924d381c/host
Jun 20 03:07:08 gtw01 dnsmasq-dhcp[403]: read /var/lib/neutron/dhcp/95ebd89a-7774-47f2-91ea-fe87924d381c/opts
Jun 20 03:07:08 gtw01 kernel: [ 2630.582022] device tap21f17dda-36 left promiscuous mode
Jun 20 03:07:09 gtw01 dnsmasq[403]: read /var/lib/neutron/dhcp/95ebd89a-7774-47f2-91ea-fe87924d381c/addn_hosts - 1 addresses
Jun 20 03:07:09 gtw01 dnsmasq-dhcp[403]: read /var/lib/neutron/dhcp/95ebd89a-7774-47f2-91ea-fe87924d381c/host
Jun 20 03:07:09 gtw01 dnsmasq-dhcp[403]: read /var/lib/neutron/dhcp/95ebd89a-7774-47f2-91ea-fe87924d381c/opts
Jun 20 03:07:10 gtw01 dnsmasq[539]: started, version 2.80 cachesize 150
Jun 20 03:07:10 gtw01 dnsmasq[539]: DNS service limited to local subnets
Jun 20 03:07:10 gtw01 dnsmasq[539]: compile time options: IPv6 GNU-getopt DBus i18n IDN DHCP DHCPv6 no-Lua TFTP conntrack ipset auth DNSSEC loop-detect inotify dumpfile
Jun 20 03:07:10 gtw01 dnsmasq[539]: warning: no upstream servers configured
Jun 20 03:07:10 gtw01 dnsmasq-dhcp[539]: DHCP, static leases only on 192.168.120.0, lease time 1h
Jun 20 03:07:10 gtw01 dnsmasq[539]: read /var/lib/neutron/dhcp/ba8ff286-3461-4090-bdaa-db1cc4bfcf0e/addn_hosts - 1 addresses
Jun 20 03:07:10 gtw01 dnsmasq-dhcp[539]: read /var/lib/neutron/dhcp/ba8ff286-3461-4090-bdaa-db1cc4bfcf0e/host
Jun 20 03:07:10 gtw01 dnsmasq-dhcp[539]: read /var/lib/neutron/dhcp/ba8ff286-3461-4090-bdaa-db1cc4bfcf0e/opts
Jun 20 03:07:10 gtw01 haproxy-metadata-proxy-ba8ff286-3461-4090-bdaa-db1cc4bfcf0e[550]: Proxy listener started.
Jun 20 03:07:10 gtw01 dnsmasq[403]: read /var/lib/neutron/dhcp/95ebd89a-7774-47f2-91ea-fe87924d381c/addn_hosts - 2 addresses
Jun 20 03:07:10 gtw01 dnsmasq-dhcp[403]: read /var/lib/neutron/dhcp/95ebd89a-7774-47f2-91ea-fe87924d381c/host
Jun 20 03:07:10 gtw01 dnsmasq-dhcp[403]: read /var/lib/neutron/dhcp/95ebd89a-7774-47f2-91ea-fe87924d381c/opts
Jun 20 03:07:11 gtw01 kernel: [ 2632.665067] device tap758ebce0-41 left promiscuous mode
Jun 20 03:07:12 gtw01 kernel: [ 2633.683673] device tap0337135d-7f left promiscuous mode
Jun 20 03:07:12 gtw01 systemd-udevd[638]: Could not generate persistent MAC address for tap078e2c45-7f: No such file or directory
Jun 20 03:07:12 gtw01 kernel: [ 2634.415522] device tap078e2c45-7f entered promiscuous mode
Jun 20 03:07:12 gtw01 systemd-udevd[705]: Process '/sbin/ip link set tap078e2c45-7f txqueuelen 10000' failed with exit code 1.
Jun 20 03:07:15 gtw01 dnsmasq[820]: started, version 2.80 cachesize 150
Jun 20 03:07:15 gtw01 dnsmasq[820]: DNS service limited to local subnets
Jun 20 03:07:15 gtw01 dnsmasq[820]: compile time options: IPv6 GNU-getopt DBus i18n IDN DHCP DHCPv6 no-Lua TFTP conntrack ipset auth DNSSEC loop-detect inotify dumpfile
Jun 20 03:07:15 gtw01 dnsmasq[820]: warning: no upstream servers configured
Jun 20 03:07:15 gtw01 dnsmasq-dhcp[820]: DHCPv6, static leases only on 2003::, lease time 1h
Jun 20 03:07:15 gtw01 dnsmasq[820]: read /var/lib/neutron/dhcp/6b4c6d39-e3df-465a-ac59-e135dfa07490/addn_hosts - 1 addresses
Jun 20 03:07:15 gtw01 dnsmasq-dhcp[820]: read /var/lib/neutron/dhcp/6b4c6d39-e3df-465a-ac59-e135dfa07490/host
Jun 20 03:07:15 gtw01 dnsmasq-dhcp[820]: read /var/lib/neutron/dhcp/6b4c6d39-e3df-465a-ac59-e135dfa07490/opts
Jun 20 03:07:16 gtw01 kernel: [ 2637.785535] device tap17277543-4a entered promiscuous mode
Jun 20 03:07:16 gtw01 systemd-udevd[828]: Could not generate persistent MAC address for tap17277543-4a: No such file or directory
Jun 20 03:07:16 gtw01 systemd-udevd[828]: Process '/sbin/ip link set tap17277543-4a txqueuelen 10000' failed with exit code 1.
Jun 20 03:07:16 gtw01 systemd-udevd[828]: Process '/sbin/ip link set tap17277543-4a txqueuelen 10000' failed with exit code 1.
Jun 20 03:07:16 gtw01 dnsmasq[820]: read /var/lib/neutron/dhcp/6b4c6d39-e3df-465a-ac59-e135dfa07490/addn_hosts - 1 addresses
Jun 20 03:07:16 gtw01 dnsmasq-dhcp[820]: read /var/lib/neutron/dhcp/6b4c6d39-e3df-465a-ac59-e135dfa07490/host
Jun 20 03:07:16 gtw01 dnsmasq-dhcp[820]: read /var/lib/neutron/dhcp/6b4c6d39-e3df-465a-ac59-e135dfa07490/opts
Jun 20 03:07:17 gtw01 dnsmasq[820]: read /var/lib/neutron/dhcp/6b4c6d39-e3df-465a-ac59-e135dfa07490/addn_hosts - 1 addresses
Jun 20 03:07:17 gtw01 dnsmasq-dhcp[820]: read /var/lib/neutron/dhcp/6b4c6d39-e3df-465a-ac59-e135dfa07490/host
Jun 20 03:07:17 gtw01 dnsmasq-dhcp[820]: read /var/lib/neutron/dhcp/6b4c6d39-e3df-465a-ac59-e135dfa07490/opts
Jun 20 03:07:18 gtw01 dnsmasq[820]: read /var/lib/neutron/dhcp/6b4c6d39-e3df-465a-ac59-e135dfa07490/addn_hosts - 2 addresses
Jun 20 03:07:18 gtw01 dnsmasq-dhcp[820]: read /var/lib/neutron/dhcp/6b4c6d39-e3df-465a-ac59-e135dfa07490/host
Jun 20 03:07:18 gtw01 dnsmasq-dhcp[820]: read /var/lib/neutron/dhcp/6b4c6d39-e3df-465a-ac59-e135dfa07490/opts
Jun 20 03:07:19 gtw01 kernel: [ 2641.079093] device tap078e2c45-7f left promiscuous mode
Jun 20 03:07:19 gtw01 dnsmasq[1047]: started, version 2.80 cachesize 150
Jun 20 03:07:19 gtw01 dnsmasq[1047]: DNS service limited to local subnets
Jun 20 03:07:19 gtw01 dnsmasq[1047]: compile time options: IPv6 GNU-getopt DBus i18n IDN DHCP DHCPv6 no-Lua TFTP conntrack ipset auth DNSSEC loop-detect inotify dumpfile
Jun 20 03:07:19 gtw01 dnsmasq[1047]: warning: no upstream servers configured
Jun 20 03:07:19 gtw01 dnsmasq-dhcp[1047]: DHCP, static leases only on 192.168.120.0, lease time 1h
Jun 20 03:07:19 gtw01 dnsmasq[1047]: read /var/lib/neutron/dhcp/70135e37-017d-4fe3-a2ff-b3c64667ca7c/addn_hosts - 1 addresses
Jun 20 03:07:19 gtw01 dnsmasq-dhcp[1047]: read /var/lib/neutron/dhcp/70135e37-017d-4fe3-a2ff-b3c64667ca7c/host
Jun 20 03:07:19 gtw01 dnsmasq-dhcp[1047]: read /var/lib/neutron/dhcp/70135e37-017d-4fe3-a2ff-b3c64667ca7c/opts
Jun 20 03:07:19 gtw01 haproxy-metadata-proxy-70135e37-017d-4fe3-a2ff-b3c64667ca7c[1051]: Proxy listener started.
Jun 20 03:07:20 gtw01 dnsmasq[1047]: read /var/lib/neutron/dhcp/70135e37-017d-4fe3-a2ff-b3c64667ca7c/addn_hosts - 1 addresses
Jun 20 03:07:20 gtw01 dnsmasq-dhcp[1047]: read /var/lib/neutron/dhcp/70135e37-017d-4fe3-a2ff-b3c64667ca7c/host
Jun 20 03:07:20 gtw01 dnsmasq-dhcp[1047]: read /var/lib/neutron/dhcp/70135e37-017d-4fe3-a2ff-b3c64667ca7c/opts
Jun 20 03:07:21 gtw01 dnsmasq[1047]: read /var/lib/neutron/dhcp/70135e37-017d-4fe3-a2ff-b3c64667ca7c/addn_hosts - 1 addresses
Jun 20 03:07:21 gtw01 dnsmasq-dhcp[1047]: read /var/lib/neutron/dhcp/70135e37-017d-4fe3-a2ff-b3c64667ca7c/host
Jun 20 03:07:21 gtw01 dnsmasq-dhcp[1047]: read /var/lib/neutron/dhcp/70135e37-017d-4fe3-a2ff-b3c64667ca7c/opts
Jun 20 03:07:22 gtw01 kernel: [ 2644.251164] device tap17277543-4a left promiscuous mode
Jun 20 03:07:58 gtw01 dnsmasq[22405]: read /var/lib/neutron/dhcp/dd50e8d7-3f98-454f-a3a3-3025ae2675c0/addn_hosts - 1 addresses
Jun 20 03:07:59 gtw01 dnsmasq-dhcp[22405]: read /var/lib/neutron/dhcp/dd50e8d7-3f98-454f-a3a3-3025ae2675c0/host
Jun 20 03:07:59 gtw01 dnsmasq-dhcp[22405]: read /var/lib/neutron/dhcp/dd50e8d7-3f98-454f-a3a3-3025ae2675c0/opts
Jun 20 03:07:59 gtw01 haproxy-metadata-proxy-dd50e8d7-3f98-454f-a3a3-3025ae2675c0[1177]: Proxy listener started.
Jun 20 03:08:00 gtw01 kernel: [ 2682.164776] device qr-4533088b-62 left promiscuous mode
Jun 20 03:08:01 gtw01 kernel: [ 2682.962529] device qg-07031363-81 left promiscuous mode
Jun 20 03:08:03 gtw01 kernel: [ 2685.260156] device tap5fbd2b0d-16 left promiscuous mode
Jun 20 03:08:19 gtw01 kernel: [ 2700.873229] device tap58e1af88-78 entered promiscuous mode
Jun 20 03:08:19 gtw01 systemd-udevd[1320]: Could not generate persistent MAC address for tap58e1af88-78: No such file or directory
Jun 20 03:08:19 gtw01 systemd-udevd[1320]: Process '/sbin/ip link set tap58e1af88-78 txqueuelen 10000' failed with exit code 1.
Jun 20 03:08:19 gtw01 systemd-udevd[1394]: Process '/sbin/ip link set tap58e1af88-78 txqueuelen 10000' failed with exit code 1.
Jun 20 03:08:22 gtw01 systemd-udevd[1490]: Could not generate persistent MAC address for qr-bb9a96b2-5b: No such file or directory
Jun 20 03:08:22 gtw01 kernel: [ 2703.769181] device qr-bb9a96b2-5b entered promiscuous mode
Jun 20 03:08:22 gtw01 dnsmasq[1588]: started, version 2.80 cachesize 150
Jun 20 03:08:22 gtw01 dnsmasq[1588]: DNS service limited to local subnets
Jun 20 03:08:22 gtw01 dnsmasq[1588]: compile time options: IPv6 GNU-getopt DBus i18n IDN DHCP DHCPv6 no-Lua TFTP conntrack ipset auth DNSSEC loop-detect inotify dumpfile
Jun 20 03:08:22 gtw01 dnsmasq[1588]: warning: no upstream servers configured
Jun 20 03:08:22 gtw01 dnsmasq-dhcp[1588]: DHCP, static leases only on 192.168.120.0, lease time 1h
Jun 20 03:08:22 gtw01 dnsmasq[1588]: read /var/lib/neutron/dhcp/58eb6afc-afab-40dc-8c66-fc809d93f877/addn_hosts - 1 addresses
Jun 20 03:08:22 gtw01 dnsmasq-dhcp[1588]: read /var/lib/neutron/dhcp/58eb6afc-afab-40dc-8c66-fc809d93f877/host
Jun 20 03:08:22 gtw01 dnsmasq-dhcp[1588]: read /var/lib/neutron/dhcp/58eb6afc-afab-40dc-8c66-fc809d93f877/opts
Jun 20 03:08:22 gtw01 haproxy-metadata-proxy-58eb6afc-afab-40dc-8c66-fc809d93f877[1600]: Proxy listener started.
Jun 20 03:08:23 gtw01 kernel: [ 2704.873559] device qg-ab7d8e42-3a entered promiscuous mode
Jun 20 03:08:23 gtw01 systemd-udevd[1624]: Could not generate persistent MAC address for qg-ab7d8e42-3a: No such file or directory
Jun 20 03:08:23 gtw01 dnsmasq[1588]: read /var/lib/neutron/dhcp/58eb6afc-afab-40dc-8c66-fc809d93f877/addn_hosts - 2 addresses
Jun 20 03:08:23 gtw01 dnsmasq-dhcp[1588]: read /var/lib/neutron/dhcp/58eb6afc-afab-40dc-8c66-fc809d93f877/host
Jun 20 03:08:23 gtw01 dnsmasq-dhcp[1588]: read /var/lib/neutron/dhcp/58eb6afc-afab-40dc-8c66-fc809d93f877/opts
Jun 20 03:08:24 gtw01 dnsmasq[1588]: read /var/lib/neutron/dhcp/58eb6afc-afab-40dc-8c66-fc809d93f877/addn_hosts - 2 addresses
Jun 20 03:08:24 gtw01 dnsmasq-dhcp[1588]: read /var/lib/neutron/dhcp/58eb6afc-afab-40dc-8c66-fc809d93f877/host
Jun 20 03:08:24 gtw01 dnsmasq-dhcp[1588]: read /var/lib/neutron/dhcp/58eb6afc-afab-40dc-8c66-fc809d93f877/opts
Jun 20 03:08:25 gtw01 dnsmasq[1588]: read /var/lib/neutron/dhcp/58eb6afc-afab-40dc-8c66-fc809d93f877/addn_hosts - 2 addresses
Jun 20 03:08:25 gtw01 dnsmasq-dhcp[1588]: read /var/lib/neutron/dhcp/58eb6afc-afab-40dc-8c66-fc809d93f877/host
Jun 20 03:08:25 gtw01 dnsmasq-dhcp[1588]: read /var/lib/neutron/dhcp/58eb6afc-afab-40dc-8c66-fc809d93f877/opts
Jun 20 03:08:26 gtw01 dnsmasq[1588]: read /var/lib/neutron/dhcp/58eb6afc-afab-40dc-8c66-fc809d93f877/addn_hosts - 2 addresses
Jun 20 03:08:26 gtw01 dnsmasq-dhcp[1588]: read /var/lib/neutron/dhcp/58eb6afc-afab-40dc-8c66-fc809d93f877/host
Jun 20 03:08:26 gtw01 dnsmasq-dhcp[1588]: read /var/lib/neutron/dhcp/58eb6afc-afab-40dc-8c66-fc809d93f877/opts
Jun 20 03:08:27 gtw01 dnsmasq[1588]: read /var/lib/neutron/dhcp/58eb6afc-afab-40dc-8c66-fc809d93f877/addn_hosts - 2 addresses
Jun 20 03:08:27 gtw01 dnsmasq-dhcp[1588]: read /var/lib/neutron/dhcp/58eb6afc-afab-40dc-8c66-fc809d93f877/host
Jun 20 03:08:27 gtw01 dnsmasq-dhcp[1588]: read /var/lib/neutron/dhcp/58eb6afc-afab-40dc-8c66-fc809d93f877/opts
Jun 20 03:08:29 gtw01 haproxy-metadata-proxy-0b0c824c-97d1-48ea-8dc4-cb64438178db[1939]: Proxy listener started.
Jun 20 03:08:30 gtw01 dnsmasq[1588]: read /var/lib/neutron/dhcp/58eb6afc-afab-40dc-8c66-fc809d93f877/addn_hosts - 2 addresses
Jun 20 03:08:30 gtw01 dnsmasq-dhcp[1588]: read /var/lib/neutron/dhcp/58eb6afc-afab-40dc-8c66-fc809d93f877/host
Jun 20 03:08:30 gtw01 dnsmasq-dhcp[1588]: read /var/lib/neutron/dhcp/58eb6afc-afab-40dc-8c66-fc809d93f877/opts
Jun 20 03:08:31 gtw01 dnsmasq[1588]: read /var/lib/neutron/dhcp/58eb6afc-afab-40dc-8c66-fc809d93f877/addn_hosts - 2 addresses
Jun 20 03:08:31 gtw01 dnsmasq-dhcp[1588]: read /var/lib/neutron/dhcp/58eb6afc-afab-40dc-8c66-fc809d93f877/host
Jun 20 03:08:31 gtw01 dnsmasq-dhcp[1588]: read /var/lib/neutron/dhcp/58eb6afc-afab-40dc-8c66-fc809d93f877/opts
Jun 20 03:09:12 gtw01 systemd-udevd[2112]: Could not generate persistent MAC address for tap747456e3-1f: No such file or directory
Jun 20 03:09:12 gtw01 kernel: [ 2753.806857] device tap747456e3-1f entered promiscuous mode
Jun 20 03:09:12 gtw01 systemd-udevd[2179]: Process '/sbin/ip link set tap747456e3-1f txqueuelen 10000' failed with exit code 1.
Jun 20 03:09:15 gtw01 dnsmasq[2268]: started, version 2.80 cachesize 150
Jun 20 03:09:15 gtw01 dnsmasq[2268]: DNS service limited to local subnets
Jun 20 03:09:15 gtw01 dnsmasq[2268]: compile time options: IPv6 GNU-getopt DBus i18n IDN DHCP DHCPv6 no-Lua TFTP conntrack ipset auth DNSSEC loop-detect inotify dumpfile
Jun 20 03:09:15 gtw01 dnsmasq[2268]: warning: no upstream servers configured
Jun 20 03:09:15 gtw01 dnsmasq-dhcp[2268]: DHCP, static leases only on 192.168.120.0, lease time 1h
Jun 20 03:09:15 gtw01 dnsmasq[2268]: read /var/lib/neutron/dhcp/cac55a60-4c50-4779-9521-01aae88b2d19/addn_hosts - 1 addresses
Jun 20 03:09:15 gtw01 dnsmasq-dhcp[2268]: read /var/lib/neutron/dhcp/cac55a60-4c50-4779-9521-01aae88b2d19/host
Jun 20 03:09:15 gtw01 dnsmasq-dhcp[2268]: read /var/lib/neutron/dhcp/cac55a60-4c50-4779-9521-01aae88b2d19/opts
Jun 20 03:09:15 gtw01 haproxy-metadata-proxy-cac55a60-4c50-4779-9521-01aae88b2d19[2275]: Proxy listener started.
Jun 20 03:09:15 gtw01 systemd-udevd[2285]: Could not generate persistent MAC address for tap77fd831d-a1: No such file or directory
Jun 20 03:09:15 gtw01 kernel: [ 2757.635961] device tap77fd831d-a1 entered promiscuous mode
Jun 20 03:09:16 gtw01 systemd-udevd[2285]: Process '/sbin/ip link set tap77fd831d-a1 txqueuelen 10000' failed with exit code 1.
Jun 20 03:09:16 gtw01 systemd-udevd[2361]: Process '/sbin/ip link set tap77fd831d-a1 txqueuelen 10000' failed with exit code 1.
Jun 20 03:09:16 gtw01 dnsmasq[2268]: read /var/lib/neutron/dhcp/cac55a60-4c50-4779-9521-01aae88b2d19/addn_hosts - 3 addresses
Jun 20 03:09:16 gtw01 dnsmasq-dhcp[2268]: read /var/lib/neutron/dhcp/cac55a60-4c50-4779-9521-01aae88b2d19/host
Jun 20 03:09:16 gtw01 dnsmasq-dhcp[2268]: read /var/lib/neutron/dhcp/cac55a60-4c50-4779-9521-01aae88b2d19/opts
Jun 20 03:09:17 gtw01 dnsmasq[2268]: read /var/lib/neutron/dhcp/cac55a60-4c50-4779-9521-01aae88b2d19/addn_hosts - 3 addresses
Jun 20 03:09:17 gtw01 dnsmasq-dhcp[2268]: read /var/lib/neutron/dhcp/cac55a60-4c50-4779-9521-01aae88b2d19/host
Jun 20 03:09:17 gtw01 dnsmasq-dhcp[2268]: read /var/lib/neutron/dhcp/cac55a60-4c50-4779-9521-01aae88b2d19/opts
Jun 20 03:09:18 gtw01 systemd-udevd[2465]: Could not generate persistent MAC address for tap2c53f6f9-9b: No such file or directory
Jun 20 03:09:18 gtw01 kernel: [ 2759.685778] device tap2c53f6f9-9b entered promiscuous mode
Jun 20 03:09:18 gtw01 systemd-udevd[2536]: Process '/sbin/ip link set tap2c53f6f9-9b txqueuelen 10000' failed with exit code 1.
Jun 20 03:09:18 gtw01 dnsmasq[2268]: read /var/lib/neutron/dhcp/cac55a60-4c50-4779-9521-01aae88b2d19/addn_hosts - 3 addresses
Jun 20 03:09:18 gtw01 dnsmasq-dhcp[2268]: read /var/lib/neutron/dhcp/cac55a60-4c50-4779-9521-01aae88b2d19/host
Jun 20 03:09:18 gtw01 dnsmasq-dhcp[2268]: read /var/lib/neutron/dhcp/cac55a60-4c50-4779-9521-01aae88b2d19/opts
Jun 20 03:09:19 gtw01 dnsmasq[2637]: started, version 2.80 cachesize 150
Jun 20 03:09:19 gtw01 dnsmasq[2637]: DNS service limited to local subnets
Jun 20 03:09:19 gtw01 dnsmasq[2637]: compile time options: IPv6 GNU-getopt DBus i18n IDN DHCP DHCPv6 no-Lua TFTP conntrack ipset auth DNSSEC loop-detect inotify dumpfile
Jun 20 03:09:19 gtw01 dnsmasq[2637]: warning: no upstream servers configured
Jun 20 03:09:19 gtw01 dnsmasq-dhcp[2637]: DHCP, static leases only on 192.168.120.0, lease time 1h
Jun 20 03:09:19 gtw01 dnsmasq[2637]: read /var/lib/neutron/dhcp/6114e982-e643-4306-86cb-8377cad05e5a/addn_hosts - 1 addresses
Jun 20 03:09:19 gtw01 dnsmasq-dhcp[2637]: read /var/lib/neutron/dhcp/6114e982-e643-4306-86cb-8377cad05e5a/host
Jun 20 03:09:19 gtw01 dnsmasq-dhcp[2637]: read /var/lib/neutron/dhcp/6114e982-e643-4306-86cb-8377cad05e5a/opts
Jun 20 03:09:19 gtw01 haproxy-metadata-proxy-6114e982-e643-4306-86cb-8377cad05e5a[2649]: Proxy listener started.
Jun 20 03:09:19 gtw01 dnsmasq[2268]: read /var/lib/neutron/dhcp/cac55a60-4c50-4779-9521-01aae88b2d19/addn_hosts - 3 addresses
Jun 20 03:09:19 gtw01 dnsmasq-dhcp[2268]: read /var/lib/neutron/dhcp/cac55a60-4c50-4779-9521-01aae88b2d19/host
Jun 20 03:09:19 gtw01 dnsmasq-dhcp[2268]: read /var/lib/neutron/dhcp/cac55a60-4c50-4779-9521-01aae88b2d19/opts
Jun 20 03:09:20 gtw01 dnsmasq[2637]: read /var/lib/neutron/dhcp/6114e982-e643-4306-86cb-8377cad05e5a/addn_hosts - 1 addresses
Jun 20 03:09:20 gtw01 dnsmasq-dhcp[2637]: read /var/lib/neutron/dhcp/6114e982-e643-4306-86cb-8377cad05e5a/host
Jun 20 03:09:20 gtw01 dnsmasq-dhcp[2637]: read /var/lib/neutron/dhcp/6114e982-e643-4306-86cb-8377cad05e5a/opts
Jun 20 03:09:20 gtw01 dnsmasq[2268]: read /var/lib/neutron/dhcp/cac55a60-4c50-4779-9521-01aae88b2d19/addn_hosts - 3 addresses
Jun 20 03:09:20 gtw01 dnsmasq-dhcp[2268]: read /var/lib/neutron/dhcp/cac55a60-4c50-4779-9521-01aae88b2d19/host
Jun 20 03:09:20 gtw01 dnsmasq-dhcp[2268]: read /var/lib/neutron/dhcp/cac55a60-4c50-4779-9521-01aae88b2d19/opts
Jun 20 03:09:21 gtw01 dnsmasq[2637]: read /var/lib/neutron/dhcp/6114e982-e643-4306-86cb-8377cad05e5a/addn_hosts - 1 addresses
Jun 20 03:09:21 gtw01 dnsmasq-dhcp[2637]: read /var/lib/neutron/dhcp/6114e982-e643-4306-86cb-8377cad05e5a/host
Jun 20 03:09:21 gtw01 dnsmasq-dhcp[2637]: read /var/lib/neutron/dhcp/6114e982-e643-4306-86cb-8377cad05e5a/opts
Jun 20 03:09:21 gtw01 dnsmasq[2776]: started, version 2.80 cachesize 150
Jun 20 03:09:21 gtw01 dnsmasq[2776]: DNS service limited to local subnets
Jun 20 03:09:21 gtw01 dnsmasq[2776]: compile time options: IPv6 GNU-getopt DBus i18n IDN DHCP DHCPv6 no-Lua TFTP conntrack ipset auth DNSSEC loop-detect inotify dumpfile
Jun 20 03:09:21 gtw01 dnsmasq[2776]: warning: no upstream servers configured
Jun 20 03:09:21 gtw01 dnsmasq-dhcp[2776]: DHCP, static leases only on 192.168.120.0, lease time 1h
Jun 20 03:09:21 gtw01 dnsmasq[2776]: read /var/lib/neutron/dhcp/322f4bbf-91e6-4652-b31e-cc122a14e769/addn_hosts - 1 addresses
Jun 20 03:09:21 gtw01 dnsmasq-dhcp[2776]: read /var/lib/neutron/dhcp/322f4bbf-91e6-4652-b31e-cc122a14e769/host
