Jun 20 03:01:56 gtw01 dnsmasq-dhcp[21020]: DHCPDISCOVER(tapd8ee033b-7f) fa:16:3e:ac:8c:6b
Jun 20 03:01:56 gtw01 dnsmasq-dhcp[21020]: DHCPOFFER(tapd8ee033b-7f) 192.168.120.7 fa:16:3e:ac:8c:6b
Jun 20 03:01:56 gtw01 dnsmasq-dhcp[21020]: DHCPREQUEST(tapd8ee033b-7f) 192.168.120.7 fa:16:3e:ac:8c:6b
Jun 20 03:01:56 gtw01 dnsmasq-dhcp[21020]: DHCPACK(tapd8ee033b-7f) 192.168.120.7 fa:16:3e:ac:8c:6b host-192-168-120-7
Jun 20 03:02:54 gtw01 dnsmasq-dhcp[21020]: DHCPRELEASE(tapd8ee033b-7f) 192.168.120.5 fa:16:3e:f6:c1:98
Jun 20 03:02:55 gtw01 dnsmasq-dhcp[21020]: DHCPRELEASE(tapd8ee033b-7f) 192.168.120.5 fa:16:3e:f6:c1:98 unknown lease
Jun 20 03:02:55 gtw01 dnsmasq[21020]: read /var/lib/neutron/dhcp/360198b2-1004-4fc0-9837-3a42944aa528/addn_hosts - 3 addresses
Jun 20 03:02:55 gtw01 dnsmasq-dhcp[21020]: read /var/lib/neutron/dhcp/360198b2-1004-4fc0-9837-3a42944aa528/host
Jun 20 03:02:55 gtw01 dnsmasq-dhcp[21020]: read /var/lib/neutron/dhcp/360198b2-1004-4fc0-9837-3a42944aa528/opts
Jun 20 03:03:02 gtw01 kernel: [ 2383.930913] device vxlan_sys_4789 left promiscuous mode
Jun 20 03:03:02 gtw01 dnsmasq-dhcp[21020]: DHCPRELEASE(tapd8ee033b-7f) 192.168.120.7 fa:16:3e:ac:8c:6b
Jun 20 03:03:02 gtw01 dnsmasq-dhcp[21020]: DHCPRELEASE(tapd8ee033b-7f) 192.168.120.7 fa:16:3e:ac:8c:6b unknown lease
Jun 20 03:03:03 gtw01 dnsmasq[21020]: read /var/lib/neutron/dhcp/360198b2-1004-4fc0-9837-3a42944aa528/addn_hosts - 2 addresses
Jun 20 03:03:03 gtw01 dnsmasq-dhcp[21020]: read /var/lib/neutron/dhcp/360198b2-1004-4fc0-9837-3a42944aa528/host
Jun 20 03:03:03 gtw01 dnsmasq-dhcp[21020]: read /var/lib/neutron/dhcp/360198b2-1004-4fc0-9837-3a42944aa528/opts
Jun 20 03:03:05 gtw01 dnsmasq[21020]: read /var/lib/neutron/dhcp/360198b2-1004-4fc0-9837-3a42944aa528/addn_hosts - 1 addresses
Jun 20 03:03:05 gtw01 dnsmasq-dhcp[21020]: read /var/lib/neutron/dhcp/360198b2-1004-4fc0-9837-3a42944aa528/host
Jun 20 03:03:05 gtw01 dnsmasq-dhcp[21020]: read /var/lib/neutron/dhcp/360198b2-1004-4fc0-9837-3a42944aa528/opts
Jun 20 03:03:06 gtw01 haproxy-metadata-proxy-360198b2-1004-4fc0-9837-3a42944aa528[21989]: Proxy listener started.
Jun 20 03:03:07 gtw01 kernel: [ 2388.917446] device qr-26d585d5-fe left promiscuous mode
Jun 20 03:03:10 gtw01 kernel: [ 2391.962657] device qg-df5c2a54-ad left promiscuous mode
Jun 20 03:03:10 gtw01 kernel: [ 2392.076182] device tapd8ee033b-7f left promiscuous mode
Jun 20 03:03:19 gtw01 systemd-udevd[22145]: Could not generate persistent MAC address for tap5fbd2b0d-16: No such file or directory
Jun 20 03:03:19 gtw01 kernel: [ 2401.637566] device tap5fbd2b0d-16 entered promiscuous mode
Jun 20 03:03:20 gtw01 systemd-udevd[22145]: Process '/sbin/ip link set tap5fbd2b0d-16 txqueuelen 10000' failed with exit code 1.
Jun 20 03:03:20 gtw01 systemd-udevd[22219]: Process '/sbin/ip link set tap5fbd2b0d-16 txqueuelen 10000' failed with exit code 1.
Jun 20 03:03:22 gtw01 kernel: [ 2404.568305] device qr-4533088b-62 entered promiscuous mode
Jun 20 03:03:22 gtw01 systemd-udevd[22314]: Could not generate persistent MAC address for qr-4533088b-62: No such file or directory
Jun 20 03:03:23 gtw01 dnsmasq[22405]: started, version 2.80 cachesize 150
Jun 20 03:03:23 gtw01 dnsmasq[22405]: DNS service limited to local subnets
Jun 20 03:03:23 gtw01 dnsmasq[22405]: compile time options: IPv6 GNU-getopt DBus i18n IDN DHCP DHCPv6 no-Lua TFTP conntrack ipset auth DNSSEC loop-detect inotify dumpfile
Jun 20 03:03:23 gtw01 dnsmasq[22405]: warning: no upstream servers configured
Jun 20 03:03:23 gtw01 dnsmasq-dhcp[22405]: DHCP, static leases only on 192.168.120.0, lease time 1h
Jun 20 03:03:23 gtw01 dnsmasq[22405]: read /var/lib/neutron/dhcp/dd50e8d7-3f98-454f-a3a3-3025ae2675c0/addn_hosts - 1 addresses
Jun 20 03:03:23 gtw01 dnsmasq-dhcp[22405]: read /var/lib/neutron/dhcp/dd50e8d7-3f98-454f-a3a3-3025ae2675c0/host
Jun 20 03:03:23 gtw01 dnsmasq-dhcp[22405]: read /var/lib/neutron/dhcp/dd50e8d7-3f98-454f-a3a3-3025ae2675c0/opts
Jun 20 03:03:23 gtw01 haproxy-metadata-proxy-dd50e8d7-3f98-454f-a3a3-3025ae2675c0[22413]: Proxy listener started.
Jun 20 03:03:23 gtw01 systemd-udevd[22431]: Could not generate persistent MAC address for qg-07031363-81: No such file or directory
Jun 20 03:03:23 gtw01 kernel: [ 2405.630328] device qg-07031363-81 entered promiscuous mode
Jun 20 03:03:24 gtw01 dnsmasq[22405]: read /var/lib/neutron/dhcp/dd50e8d7-3f98-454f-a3a3-3025ae2675c0/addn_hosts - 2 addresses
Jun 20 03:03:24 gtw01 dnsmasq-dhcp[22405]: read /var/lib/neutron/dhcp/dd50e8d7-3f98-454f-a3a3-3025ae2675c0/host
Jun 20 03:03:24 gtw01 dnsmasq-dhcp[22405]: read /var/lib/neutron/dhcp/dd50e8d7-3f98-454f-a3a3-3025ae2675c0/opts
Jun 20 03:03:25 gtw01 dnsmasq[22405]: read /var/lib/neutron/dhcp/dd50e8d7-3f98-454f-a3a3-3025ae2675c0/addn_hosts - 2 addresses
Jun 20 03:03:25 gtw01 dnsmasq-dhcp[22405]: read /var/lib/neutron/dhcp/dd50e8d7-3f98-454f-a3a3-3025ae2675c0/host
Jun 20 03:03:25 gtw01 dnsmasq-dhcp[22405]: read /var/lib/neutron/dhcp/dd50e8d7-3f98-454f-a3a3-3025ae2675c0/opts
Jun 20 03:03:26 gtw01 dnsmasq[22405]: read /var/lib/neutron/dhcp/dd50e8d7-3f98-454f-a3a3-3025ae2675c0/addn_hosts - 2 addresses
Jun 20 03:03:26 gtw01 dnsmasq-dhcp[22405]: read /var/lib/neutron/dhcp/dd50e8d7-3f98-454f-a3a3-3025ae2675c0/host
Jun 20 03:03:26 gtw01 dnsmasq-dhcp[22405]: read /var/lib/neutron/dhcp/dd50e8d7-3f98-454f-a3a3-3025ae2675c0/opts
Jun 20 03:03:27 gtw01 dnsmasq[22405]: read /var/lib/neutron/dhcp/dd50e8d7-3f98-454f-a3a3-3025ae2675c0/addn_hosts - 2 addresses
Jun 20 03:03:27 gtw01 dnsmasq-dhcp[22405]: read /var/lib/neutron/dhcp/dd50e8d7-3f98-454f-a3a3-3025ae2675c0/host
Jun 20 03:03:27 gtw01 dnsmasq-dhcp[22405]: read /var/lib/neutron/dhcp/dd50e8d7-3f98-454f-a3a3-3025ae2675c0/opts
Jun 20 03:03:28 gtw01 dnsmasq[22405]: read /var/lib/neutron/dhcp/dd50e8d7-3f98-454f-a3a3-3025ae2675c0/addn_hosts - 2 addresses
Jun 20 03:03:28 gtw01 dnsmasq-dhcp[22405]: read /var/lib/neutron/dhcp/dd50e8d7-3f98-454f-a3a3-3025ae2675c0/host
Jun 20 03:03:28 gtw01 dnsmasq-dhcp[22405]: read /var/lib/neutron/dhcp/dd50e8d7-3f98-454f-a3a3-3025ae2675c0/opts
Jun 20 03:03:30 gtw01 haproxy-metadata-proxy-e7f03d12-a6cd-4a0a-a0ab-7b20fcc13189[22745]: Proxy listener started.
Jun 20 03:03:31 gtw01 dnsmasq[22405]: read /var/lib/neutron/dhcp/dd50e8d7-3f98-454f-a3a3-3025ae2675c0/addn_hosts - 2 addresses
Jun 20 03:03:31 gtw01 dnsmasq-dhcp[22405]: read /var/lib/neutron/dhcp/dd50e8d7-3f98-454f-a3a3-3025ae2675c0/host
Jun 20 03:03:31 gtw01 dnsmasq-dhcp[22405]: read /var/lib/neutron/dhcp/dd50e8d7-3f98-454f-a3a3-3025ae2675c0/opts
Jun 20 03:03:32 gtw01 dnsmasq[22405]: read /var/lib/neutron/dhcp/dd50e8d7-3f98-454f-a3a3-3025ae2675c0/addn_hosts - 2 addresses
Jun 20 03:03:32 gtw01 dnsmasq-dhcp[22405]: read /var/lib/neutron/dhcp/dd50e8d7-3f98-454f-a3a3-3025ae2675c0/host
Jun 20 03:03:32 gtw01 dnsmasq-dhcp[22405]: read /var/lib/neutron/dhcp/dd50e8d7-3f98-454f-a3a3-3025ae2675c0/opts
Jun 20 03:04:03 gtw01 systemd-udevd[22917]: Could not generate persistent MAC address for tap876b1086-53: No such file or directory
Jun 20 03:04:03 gtw01 kernel: [ 2445.640426] device tap876b1086-53 entered promiscuous mode
Jun 20 03:04:04 gtw01 systemd-udevd[22917]: Process '/sbin/ip link set tap876b1086-53 txqueuelen 10000' failed with exit code 1.
Jun 20 03:04:04 gtw01 systemd-udevd[22917]: Process '/sbin/ip link set tap876b1086-53 txqueuelen 10000' failed with exit code 1.
Jun 20 03:04:05 gtw01 kernel: [ 2447.154136] device tap649e14bf-d4 entered promiscuous mode
Jun 20 03:04:05 gtw01 systemd-udevd[23052]: Could not generate persistent MAC address for tap649e14bf-d4: No such file or directory
Jun 20 03:04:05 gtw01 systemd-udevd[23052]: Process '/sbin/ip link set tap649e14bf-d4 txqueuelen 10000' failed with exit code 1.
Jun 20 03:04:05 gtw01 systemd-udevd[23052]: Process '/sbin/ip link set tap649e14bf-d4 txqueuelen 10000' failed with exit code 1.
Jun 20 03:04:07 gtw01 dnsmasq[23234]: started, version 2.80 cachesize 150
Jun 20 03:04:07 gtw01 dnsmasq[23234]: DNS service limited to local subnets
Jun 20 03:04:07 gtw01 dnsmasq[23234]: compile time options: IPv6 GNU-getopt DBus i18n IDN DHCP DHCPv6 no-Lua TFTP conntrack ipset auth DNSSEC loop-detect inotify dumpfile
Jun 20 03:04:07 gtw01 dnsmasq[23234]: warning: no upstream servers configured
Jun 20 03:04:07 gtw01 dnsmasq-dhcp[23234]: DHCP, static leases only on 192.168.120.0, lease time 1h
Jun 20 03:04:07 gtw01 dnsmasq[23234]: read /var/lib/neutron/dhcp/d98b5b4b-0f55-4d44-85ab-23788eccb2e3/addn_hosts - 1 addresses
Jun 20 03:04:07 gtw01 dnsmasq-dhcp[23234]: read /var/lib/neutron/dhcp/d98b5b4b-0f55-4d44-85ab-23788eccb2e3/host
Jun 20 03:04:07 gtw01 dnsmasq-dhcp[23234]: read /var/lib/neutron/dhcp/d98b5b4b-0f55-4d44-85ab-23788eccb2e3/opts
Jun 20 03:04:07 gtw01 haproxy-metadata-proxy-d98b5b4b-0f55-4d44-85ab-23788eccb2e3[23245]: Proxy listener started.
Jun 20 03:04:07 gtw01 systemd-udevd[23255]: Could not generate persistent MAC address for qg-43ec9946-01: No such file or directory
Jun 20 03:04:07 gtw01 kernel: [ 2449.609695] device qg-43ec9946-01 entered promiscuous mode
Jun 20 03:04:09 gtw01 dnsmasq[23411]: started, version 2.80 cachesize 150
Jun 20 03:04:09 gtw01 dnsmasq[23411]: DNS service limited to local subnets
Jun 20 03:04:09 gtw01 dnsmasq[23411]: compile time options: IPv6 GNU-getopt DBus i18n IDN DHCP DHCPv6 no-Lua TFTP conntrack ipset auth DNSSEC loop-detect inotify dumpfile
Jun 20 03:04:09 gtw01 dnsmasq[23411]: warning: no upstream servers configured
Jun 20 03:04:09 gtw01 dnsmasq-dhcp[23411]: DHCP, static leases only on 192.168.120.0, lease time 1h
Jun 20 03:04:09 gtw01 dnsmasq[23411]: read /var/lib/neutron/dhcp/f1eec735-fb62-41b2-9f73-ce21e828341a/addn_hosts - 1 addresses
Jun 20 03:04:09 gtw01 dnsmasq-dhcp[23411]: read /var/lib/neutron/dhcp/f1eec735-fb62-41b2-9f73-ce21e828341a/host
Jun 20 03:04:09 gtw01 dnsmasq-dhcp[23411]: read /var/lib/neutron/dhcp/f1eec735-fb62-41b2-9f73-ce21e828341a/opts
Jun 20 03:04:09 gtw01 dnsmasq[23234]: read /var/lib/neutron/dhcp/d98b5b4b-0f55-4d44-85ab-23788eccb2e3/addn_hosts - 2 addresses
Jun 20 03:04:09 gtw01 dnsmasq-dhcp[23234]: read /var/lib/neutron/dhcp/d98b5b4b-0f55-4d44-85ab-23788eccb2e3/host
Jun 20 03:04:09 gtw01 dnsmasq-dhcp[23234]: read /var/lib/neutron/dhcp/d98b5b4b-0f55-4d44-85ab-23788eccb2e3/opts
Jun 20 03:04:09 gtw01 haproxy-metadata-proxy-f1eec735-fb62-41b2-9f73-ce21e828341a[23436]: Proxy listener started.
Jun 20 03:04:09 gtw01 systemd-udevd[23450]: Could not generate persistent MAC address for tap2b16cfb6-25: No such file or directory
Jun 20 03:04:09 gtw01 kernel: [ 2451.445264] device tap2b16cfb6-25 entered promiscuous mode
Jun 20 03:04:09 gtw01 systemd-udevd[23450]: Process '/sbin/ip link set tap2b16cfb6-25 txqueuelen 10000' failed with exit code 1.
Jun 20 03:04:09 gtw01 systemd-udevd[23450]: Process '/sbin/ip link set tap2b16cfb6-25 txqueuelen 10000' failed with exit code 1.
Jun 20 03:04:10 gtw01 kernel: [ 2451.930706] device qr-5f3e1e03-cd entered promiscuous mode
Jun 20 03:04:10 gtw01 systemd-udevd[23566]: Could not generate persistent MAC address for qr-5f3e1e03-cd: No such file or directory
Jun 20 03:04:10 gtw01 dnsmasq[23411]: read /var/lib/neutron/dhcp/f1eec735-fb62-41b2-9f73-ce21e828341a/addn_hosts - 2 addresses
Jun 20 03:04:10 gtw01 dnsmasq-dhcp[23411]: read /var/lib/neutron/dhcp/f1eec735-fb62-41b2-9f73-ce21e828341a/host
Jun 20 03:04:10 gtw01 dnsmasq-dhcp[23411]: read /var/lib/neutron/dhcp/f1eec735-fb62-41b2-9f73-ce21e828341a/opts
Jun 20 03:04:10 gtw01 dnsmasq[23234]: read /var/lib/neutron/dhcp/d98b5b4b-0f55-4d44-85ab-23788eccb2e3/addn_hosts - 2 addresses
Jun 20 03:04:10 gtw01 dnsmasq-dhcp[23234]: read /var/lib/neutron/dhcp/d98b5b4b-0f55-4d44-85ab-23788eccb2e3/host
Jun 20 03:04:10 gtw01 dnsmasq-dhcp[23234]: read /var/lib/neutron/dhcp/d98b5b4b-0f55-4d44-85ab-23788eccb2e3/opts
Jun 20 03:04:11 gtw01 kernel: [ 2453.338434] device qg-63cbbfaa-aa entered promiscuous mode
Jun 20 03:04:11 gtw01 systemd-udevd[23747]: Could not generate persistent MAC address for qg-63cbbfaa-aa: No such file or directory
Jun 20 03:04:11 gtw01 dnsmasq[23234]: read /var/lib/neutron/dhcp/d98b5b4b-0f55-4d44-85ab-23788eccb2e3/addn_hosts - 2 addresses
Jun 20 03:04:11 gtw01 dnsmasq-dhcp[23234]: read /var/lib/neutron/dhcp/d98b5b4b-0f55-4d44-85ab-23788eccb2e3/host
Jun 20 03:04:11 gtw01 dnsmasq-dhcp[23234]: read /var/lib/neutron/dhcp/d98b5b4b-0f55-4d44-85ab-23788eccb2e3/opts
Jun 20 03:04:12 gtw01 dnsmasq[23411]: read /var/lib/neutron/dhcp/f1eec735-fb62-41b2-9f73-ce21e828341a/addn_hosts - 2 addresses
Jun 20 03:04:12 gtw01 dnsmasq-dhcp[23411]: read /var/lib/neutron/dhcp/f1eec735-fb62-41b2-9f73-ce21e828341a/host
Jun 20 03:04:12 gtw01 dnsmasq-dhcp[23411]: read /var/lib/neutron/dhcp/f1eec735-fb62-41b2-9f73-ce21e828341a/opts
Jun 20 03:04:13 gtw01 dnsmasq[23234]: read /var/lib/neutron/dhcp/d98b5b4b-0f55-4d44-85ab-23788eccb2e3/addn_hosts - 2 addresses
Jun 20 03:04:13 gtw01 dnsmasq-dhcp[23234]: read /var/lib/neutron/dhcp/d98b5b4b-0f55-4d44-85ab-23788eccb2e3/host
Jun 20 03:04:13 gtw01 dnsmasq-dhcp[23234]: read /var/lib/neutron/dhcp/d98b5b4b-0f55-4d44-85ab-23788eccb2e3/opts
Jun 20 03:04:13 gtw01 dnsmasq[23411]: read /var/lib/neutron/dhcp/f1eec735-fb62-41b2-9f73-ce21e828341a/addn_hosts - 2 addresses
Jun 20 03:04:13 gtw01 dnsmasq-dhcp[23411]: read /var/lib/neutron/dhcp/f1eec735-fb62-41b2-9f73-ce21e828341a/host
Jun 20 03:04:13 gtw01 dnsmasq-dhcp[23411]: read /var/lib/neutron/dhcp/f1eec735-fb62-41b2-9f73-ce21e828341a/opts
Jun 20 03:04:14 gtw01 dnsmasq[24035]: started, version 2.80 cachesize 150
Jun 20 03:04:14 gtw01 dnsmasq[24035]: DNS service limited to local subnets
Jun 20 03:04:14 gtw01 dnsmasq[24035]: compile time options: IPv6 GNU-getopt DBus i18n IDN DHCP DHCPv6 no-Lua TFTP conntrack ipset auth DNSSEC loop-detect inotify dumpfile
Jun 20 03:04:14 gtw01 dnsmasq[24035]: warning: no upstream servers configured
Jun 20 03:04:14 gtw01 dnsmasq-dhcp[24035]: DHCP, static leases only on 192.168.120.0, lease time 1h
Jun 20 03:04:14 gtw01 dnsmasq[24035]: read /var/lib/neutron/dhcp/56ea7c8b-39ab-4da0-a830-1cfac21123ea/addn_hosts - 1 addresses
Jun 20 03:04:14 gtw01 dnsmasq-dhcp[24035]: read /var/lib/neutron/dhcp/56ea7c8b-39ab-4da0-a830-1cfac21123ea/host
Jun 20 03:04:14 gtw01 dnsmasq-dhcp[24035]: read /var/lib/neutron/dhcp/56ea7c8b-39ab-4da0-a830-1cfac21123ea/opts
Jun 20 03:04:14 gtw01 systemd-udevd[24053]: Could not generate persistent MAC address for qg-f43065d3-51: No such file or directory
Jun 20 03:04:14 gtw01 kernel: [ 2456.325416] device qg-f43065d3-51 entered promiscuous mode
Jun 20 03:04:14 gtw01 haproxy-metadata-proxy-56ea7c8b-39ab-4da0-a830-1cfac21123ea[24112]: Proxy listener started.
Jun 20 03:04:14 gtw01 dnsmasq[23234]: read /var/lib/neutron/dhcp/d98b5b4b-0f55-4d44-85ab-23788eccb2e3/addn_hosts - 2 addresses
Jun 20 03:04:14 gtw01 dnsmasq-dhcp[23234]: read /var/lib/neutron/dhcp/d98b5b4b-0f55-4d44-85ab-23788eccb2e3/host
Jun 20 03:04:14 gtw01 dnsmasq-dhcp[23234]: read /var/lib/neutron/dhcp/d98b5b4b-0f55-4d44-85ab-23788eccb2e3/opts
Jun 20 03:04:15 gtw01 dnsmasq[23411]: read /var/lib/neutron/dhcp/f1eec735-fb62-41b2-9f73-ce21e828341a/addn_hosts - 2 addresses
Jun 20 03:04:15 gtw01 dnsmasq-dhcp[23411]: read /var/lib/neutron/dhcp/f1eec735-fb62-41b2-9f73-ce21e828341a/host
Jun 20 03:04:15 gtw01 dnsmasq-dhcp[23411]: read /var/lib/neutron/dhcp/f1eec735-fb62-41b2-9f73-ce21e828341a/opts
Jun 20 03:04:15 gtw01 dnsmasq[24035]: read /var/lib/neutron/dhcp/56ea7c8b-39ab-4da0-a830-1cfac21123ea/addn_hosts - 2 addresses
Jun 20 03:04:15 gtw01 dnsmasq-dhcp[24035]: read /var/lib/neutron/dhcp/56ea7c8b-39ab-4da0-a830-1cfac21123ea/host
Jun 20 03:04:15 gtw01 dnsmasq-dhcp[24035]: read /var/lib/neutron/dhcp/56ea7c8b-39ab-4da0-a830-1cfac21123ea/opts
Jun 20 03:04:16 gtw01 haproxy-metadata-proxy-603ce39b-2f27-414d-bf2a-ece7030a1dec[24245]: Proxy listener started.
Jun 20 03:04:16 gtw01 dnsmasq[23411]: read /var/lib/neutron/dhcp/f1eec735-fb62-41b2-9f73-ce21e828341a/addn_hosts - 2 addresses
Jun 20 03:04:16 gtw01 dnsmasq-dhcp[23411]: read /var/lib/neutron/dhcp/f1eec735-fb62-41b2-9f73-ce21e828341a/host
Jun 20 03:04:16 gtw01 dnsmasq-dhcp[23411]: read /var/lib/neutron/dhcp/f1eec735-fb62-41b2-9f73-ce21e828341a/opts
Jun 20 03:04:17 gtw01 dnsmasq[24035]: read /var/lib/neutron/dhcp/56ea7c8b-39ab-4da0-a830-1cfac21123ea/addn_hosts - 2 addresses
Jun 20 03:04:17 gtw01 dnsmasq-dhcp[24035]: read /var/lib/neutron/dhcp/56ea7c8b-39ab-4da0-a830-1cfac21123ea/host
Jun 20 03:04:17 gtw01 dnsmasq-dhcp[24035]: read /var/lib/neutron/dhcp/56ea7c8b-39ab-4da0-a830-1cfac21123ea/opts
Jun 20 03:04:17 gtw01 dnsmasq[23234]: read /var/lib/neutron/dhcp/d98b5b4b-0f55-4d44-85ab-23788eccb2e3/addn_hosts - 3 addresses
Jun 20 03:04:17 gtw01 dnsmasq-dhcp[23234]: read /var/lib/neutron/dhcp/d98b5b4b-0f55-4d44-85ab-23788eccb2e3/host
Jun 20 03:04:17 gtw01 dnsmasq-dhcp[23234]: read /var/lib/neutron/dhcp/d98b5b4b-0f55-4d44-85ab-23788eccb2e3/opts
Jun 20 03:04:18 gtw01 dnsmasq[24035]: read /var/lib/neutron/dhcp/56ea7c8b-39ab-4da0-a830-1cfac21123ea/addn_hosts - 2 addresses
Jun 20 03:04:18 gtw01 dnsmasq-dhcp[24035]: read /var/lib/neutron/dhcp/56ea7c8b-39ab-4da0-a830-1cfac21123ea/host
Jun 20 03:04:18 gtw01 dnsmasq-dhcp[24035]: read /var/lib/neutron/dhcp/56ea7c8b-39ab-4da0-a830-1cfac21123ea/opts
Jun 20 03:04:18 gtw01 dnsmasq[23234]: read /var/lib/neutron/dhcp/d98b5b4b-0f55-4d44-85ab-23788eccb2e3/addn_hosts - 3 addresses
Jun 20 03:04:18 gtw01 dnsmasq-dhcp[23234]: read /var/lib/neutron/dhcp/d98b5b4b-0f55-4d44-85ab-23788eccb2e3/host
Jun 20 03:04:18 gtw01 dnsmasq-dhcp[23234]: read /var/lib/neutron/dhcp/d98b5b4b-0f55-4d44-85ab-23788eccb2e3/opts
Jun 20 03:04:18 gtw01 systemd-udevd[24417]: Could not generate persistent MAC address for qr-84d797f8-c8: No such file or directory
Jun 20 03:04:18 gtw01 kernel: [ 2460.149492] device qr-84d797f8-c8 entered promiscuous mode
Jun 20 03:04:19 gtw01 dnsmasq[24035]: read /var/lib/neutron/dhcp/56ea7c8b-39ab-4da0-a830-1cfac21123ea/addn_hosts - 2 addresses
Jun 20 03:04:19 gtw01 dnsmasq-dhcp[24035]: read /var/lib/neutron/dhcp/56ea7c8b-39ab-4da0-a830-1cfac21123ea/host
Jun 20 03:04:19 gtw01 dnsmasq-dhcp[24035]: read /var/lib/neutron/dhcp/56ea7c8b-39ab-4da0-a830-1cfac21123ea/opts
Jun 20 03:04:19 gtw01 dnsmasq[23234]: read /var/lib/neutron/dhcp/d98b5b4b-0f55-4d44-85ab-23788eccb2e3/addn_hosts - 3 addresses
Jun 20 03:04:19 gtw01 dnsmasq-dhcp[23234]: read /var/lib/neutron/dhcp/d98b5b4b-0f55-4d44-85ab-23788eccb2e3/host
Jun 20 03:04:19 gtw01 dnsmasq-dhcp[23234]: read /var/lib/neutron/dhcp/d98b5b4b-0f55-4d44-85ab-23788eccb2e3/opts
Jun 20 03:04:19 gtw01 kernel: [ 2461.649218] IPv4: martian source 192.168.120.1 from 192.168.120.1, on dev qr-5f3e1e03-cd
Jun 20 03:04:19 gtw01 kernel: [ 2461.649222] ll header: 00000000: ff ff ff ff ff ff fa 16 3e ad ec 65 08 06        ........>..e..
Jun 20 03:04:20 gtw01 haproxy-metadata-proxy-9a748a53-fe36-4fa0-aa21-63a3ea35017f[24624]: Proxy listener started.
Jun 20 03:04:20 gtw01 dnsmasq[24035]: read /var/lib/neutron/dhcp/56ea7c8b-39ab-4da0-a830-1cfac21123ea/addn_hosts - 2 addresses
Jun 20 03:04:20 gtw01 dnsmasq-dhcp[24035]: read /var/lib/neutron/dhcp/56ea7c8b-39ab-4da0-a830-1cfac21123ea/host
Jun 20 03:04:20 gtw01 dnsmasq-dhcp[24035]: read /var/lib/neutron/dhcp/56ea7c8b-39ab-4da0-a830-1cfac21123ea/opts
Jun 20 03:04:20 gtw01 dnsmasq[23234]: read /var/lib/neutron/dhcp/d98b5b4b-0f55-4d44-85ab-23788eccb2e3/addn_hosts - 3 addresses
Jun 20 03:04:20 gtw01 dnsmasq-dhcp[23234]: read /var/lib/neutron/dhcp/d98b5b4b-0f55-4d44-85ab-23788eccb2e3/host
Jun 20 03:04:20 gtw01 dnsmasq-dhcp[23234]: read /var/lib/neutron/dhcp/d98b5b4b-0f55-4d44-85ab-23788eccb2e3/opts
Jun 20 03:04:21 gtw01 dnsmasq[23234]: read /var/lib/neutron/dhcp/d98b5b4b-0f55-4d44-85ab-23788eccb2e3/addn_hosts - 3 addresses
Jun 20 03:04:21 gtw01 dnsmasq-dhcp[23234]: read /var/lib/neutron/dhcp/d98b5b4b-0f55-4d44-85ab-23788eccb2e3/host
Jun 20 03:04:21 gtw01 dnsmasq-dhcp[23234]: read /var/lib/neutron/dhcp/d98b5b4b-0f55-4d44-85ab-23788eccb2e3/opts
Jun 20 03:04:22 gtw01 systemd-udevd[24759]: Could not generate persistent MAC address for vxlan_sys_4789: No such file or directory
Jun 20 03:04:22 gtw01 kernel: [ 2464.130953] device vxlan_sys_4789 entered promiscuous mode
Jun 20 03:04:22 gtw01 dnsmasq[23411]: read /var/lib/neutron/dhcp/f1eec735-fb62-41b2-9f73-ce21e828341a/addn_hosts - 2 addresses
Jun 20 03:04:22 gtw01 dnsmasq-dhcp[23411]: read /var/lib/neutron/dhcp/f1eec735-fb62-41b2-9f73-ce21e828341a/host
Jun 20 03:04:22 gtw01 dnsmasq-dhcp[23411]: read /var/lib/neutron/dhcp/f1eec735-fb62-41b2-9f73-ce21e828341a/opts
Jun 20 03:04:22 gtw01 haproxy-metadata-proxy-39aba1b7-c3db-4fee-8cb3-98029b711ae1[24842]: Proxy listener started.
Jun 20 03:04:23 gtw01 dnsmasq[23411]: read /var/lib/neutron/dhcp/f1eec735-fb62-41b2-9f73-ce21e828341a/addn_hosts - 2 addresses
Jun 20 03:04:23 gtw01 dnsmasq-dhcp[23411]: read /var/lib/neutron/dhcp/f1eec735-fb62-41b2-9f73-ce21e828341a/host
Jun 20 03:04:23 gtw01 dnsmasq-dhcp[23411]: read /var/lib/neutron/dhcp/f1eec735-fb62-41b2-9f73-ce21e828341a/opts
Jun 20 03:04:24 gtw01 dnsmasq[23411]: read /var/lib/neutron/dhcp/f1eec735-fb62-41b2-9f73-ce21e828341a/addn_hosts - 3 addresses
Jun 20 03:04:24 gtw01 dnsmasq-dhcp[23411]: read /var/lib/neutron/dhcp/f1eec735-fb62-41b2-9f73-ce21e828341a/host
Jun 20 03:04:24 gtw01 dnsmasq-dhcp[23411]: read /var/lib/neutron/dhcp/f1eec735-fb62-41b2-9f73-ce21e828341a/opts
Jun 20 03:04:24 gtw01 dnsmasq[24035]: read /var/lib/neutron/dhcp/56ea7c8b-39ab-4da0-a830-1cfac21123ea/addn_hosts - 3 addresses
Jun 20 03:04:24 gtw01 dnsmasq-dhcp[24035]: read /var/lib/neutron/dhcp/56ea7c8b-39ab-4da0-a830-1cfac21123ea/host
Jun 20 03:04:24 gtw01 dnsmasq-dhcp[24035]: read /var/lib/neutron/dhcp/56ea7c8b-39ab-4da0-a830-1cfac21123ea/opts
Jun 20 03:04:25 gtw01 dnsmasq[23411]: read /var/lib/neutron/dhcp/f1eec735-fb62-41b2-9f73-ce21e828341a/addn_hosts - 3 addresses
Jun 20 03:04:25 gtw01 dnsmasq-dhcp[23411]: read /var/lib/neutron/dhcp/f1eec735-fb62-41b2-9f73-ce21e828341a/host
Jun 20 03:04:25 gtw01 dnsmasq-dhcp[23411]: read /var/lib/neutron/dhcp/f1eec735-fb62-41b2-9f73-ce21e828341a/opts
Jun 20 03:04:25 gtw01 systemd-udevd[25021]: Could not generate persistent MAC address for qr-aaffd6bb-c1: No such file or directory
Jun 20 03:04:25 gtw01 kernel: [ 2467.541712] device qr-aaffd6bb-c1 entered promiscuous mode
Jun 20 03:04:26 gtw01 dnsmasq[24035]: read /var/lib/neutron/dhcp/56ea7c8b-39ab-4da0-a830-1cfac21123ea/addn_hosts - 3 addresses
Jun 20 03:04:26 gtw01 dnsmasq-dhcp[24035]: read /var/lib/neutron/dhcp/56ea7c8b-39ab-4da0-a830-1cfac21123ea/host
Jun 20 03:04:26 gtw01 dnsmasq-dhcp[24035]: read /var/lib/neutron/dhcp/56ea7c8b-39ab-4da0-a830-1cfac21123ea/opts
Jun 20 03:04:26 gtw01 dnsmasq[23411]: read /var/lib/neutron/dhcp/f1eec735-fb62-41b2-9f73-ce21e828341a/addn_hosts - 3 addresses
Jun 20 03:04:26 gtw01 dnsmasq-dhcp[23411]: read /var/lib/neutron/dhcp/f1eec735-fb62-41b2-9f73-ce21e828341a/host
Jun 20 03:04:26 gtw01 dnsmasq-dhcp[23411]: read /var/lib/neutron/dhcp/f1eec735-fb62-41b2-9f73-ce21e828341a/opts
Jun 20 03:04:26 gtw01 dnsmasq[24035]: read /var/lib/neutron/dhcp/56ea7c8b-39ab-4da0-a830-1cfac21123ea/addn_hosts - 3 addresses
Jun 20 03:04:26 gtw01 dnsmasq-dhcp[24035]: read /var/lib/neutron/dhcp/56ea7c8b-39ab-4da0-a830-1cfac21123ea/host
Jun 20 03:04:26 gtw01 dnsmasq-dhcp[24035]: read /var/lib/neutron/dhcp/56ea7c8b-39ab-4da0-a830-1cfac21123ea/opts
Jun 20 03:04:27 gtw01 dnsmasq[24035]: read /var/lib/neutron/dhcp/56ea7c8b-39ab-4da0-a830-1cfac21123ea/addn_hosts - 3 addresses
Jun 20 03:04:27 gtw01 dnsmasq-dhcp[24035]: read /var/lib/neutron/dhcp/56ea7c8b-39ab-4da0-a830-1cfac21123ea/host
Jun 20 03:04:27 gtw01 dnsmasq-dhcp[24035]: read /var/lib/neutron/dhcp/56ea7c8b-39ab-4da0-a830-1cfac21123ea/opts
Jun 20 03:04:28 gtw01 kernel: [ 2470.358623] device tap53ee387c-6b entered promiscuous mode
Jun 20 03:04:28 gtw01 systemd-udevd[25298]: Could not generate persistent MAC address for tap53ee387c-6b: No such file or directory
Jun 20 03:04:28 gtw01 systemd-udevd[25298]: Process '/sbin/ip link set tap53ee387c-6b txqueuelen 10000' failed with exit code 1.
Jun 20 03:04:28 gtw01 systemd-udevd[25298]: Process '/sbin/ip link set tap53ee387c-6b txqueuelen 10000' failed with exit code 1.
Jun 20 03:04:29 gtw01 dnsmasq[24035]: read /var/lib/neutron/dhcp/56ea7c8b-39ab-4da0-a830-1cfac21123ea/addn_hosts - 3 addresses
Jun 20 03:04:29 gtw01 dnsmasq-dhcp[24035]: read /var/lib/neutron/dhcp/56ea7c8b-39ab-4da0-a830-1cfac21123ea/host
Jun 20 03:04:29 gtw01 dnsmasq-dhcp[24035]: read /var/lib/neutron/dhcp/56ea7c8b-39ab-4da0-a830-1cfac21123ea/opts
Jun 20 03:04:31 gtw01 dnsmasq[23234]: read /var/lib/neutron/dhcp/d98b5b4b-0f55-4d44-85ab-23788eccb2e3/addn_hosts - 2 addresses
Jun 20 03:04:31 gtw01 dnsmasq-dhcp[23234]: read /var/lib/neutron/dhcp/d98b5b4b-0f55-4d44-85ab-23788eccb2e3/host
Jun 20 03:04:31 gtw01 dnsmasq-dhcp[23234]: read /var/lib/neutron/dhcp/d98b5b4b-0f55-4d44-85ab-23788eccb2e3/opts
Jun 20 03:04:32 gtw01 dnsmasq[25599]: started, version 2.80 cachesize 150
Jun 20 03:04:32 gtw01 dnsmasq[25599]: DNS service limited to local subnets
Jun 20 03:04:32 gtw01 dnsmasq[25599]: compile time options: IPv6 GNU-getopt DBus i18n IDN DHCP DHCPv6 no-Lua TFTP conntrack ipset auth DNSSEC loop-detect inotify dumpfile
Jun 20 03:04:32 gtw01 dnsmasq[25599]: warning: no upstream servers configured
Jun 20 03:04:32 gtw01 dnsmasq-dhcp[25599]: DHCP, static leases only on 192.168.120.0, lease time 1h
Jun 20 03:04:32 gtw01 dnsmasq[25599]: read /var/lib/neutron/dhcp/92069543-afea-40e9-9a4d-3fd424093e03/addn_hosts - 1 addresses
Jun 20 03:04:32 gtw01 dnsmasq-dhcp[25599]: read /var/lib/neutron/dhcp/92069543-afea-40e9-9a4d-3fd424093e03/host
Jun 20 03:04:32 gtw01 dnsmasq-dhcp[25599]: read /var/lib/neutron/dhcp/92069543-afea-40e9-9a4d-3fd424093e03/opts
Jun 20 03:04:32 gtw01 haproxy-metadata-proxy-92069543-afea-40e9-9a4d-3fd424093e03[25615]: Proxy listener started.
Jun 20 03:04:33 gtw01 dnsmasq[25599]: read /var/lib/neutron/dhcp/92069543-afea-40e9-9a4d-3fd424093e03/addn_hosts - 2 addresses
Jun 20 03:04:33 gtw01 dnsmasq-dhcp[25599]: read /var/lib/neutron/dhcp/92069543-afea-40e9-9a4d-3fd424093e03/host
Jun 20 03:04:33 gtw01 dnsmasq-dhcp[25599]: read /var/lib/neutron/dhcp/92069543-afea-40e9-9a4d-3fd424093e03/opts
Jun 20 03:04:34 gtw01 dnsmasq[25599]: read /var/lib/neutron/dhcp/92069543-afea-40e9-9a4d-3fd424093e03/addn_hosts - 2 addresses
Jun 20 03:04:34 gtw01 dnsmasq-dhcp[25599]: read /var/lib/neutron/dhcp/92069543-afea-40e9-9a4d-3fd424093e03/host
Jun 20 03:04:34 gtw01 dnsmasq-dhcp[25599]: read /var/lib/neutron/dhcp/92069543-afea-40e9-9a4d-3fd424093e03/opts
Jun 20 03:04:35 gtw01 dnsmasq[25599]: read /var/lib/neutron/dhcp/92069543-afea-40e9-9a4d-3fd424093e03/addn_hosts - 2 addresses
Jun 20 03:04:35 gtw01 dnsmasq-dhcp[25599]: read /var/lib/neutron/dhcp/92069543-afea-40e9-9a4d-3fd424093e03/host
Jun 20 03:04:35 gtw01 dnsmasq-dhcp[25599]: read /var/lib/neutron/dhcp/92069543-afea-40e9-9a4d-3fd424093e03/opts
Jun 20 03:04:35 gtw01 systemd-udevd[25775]: Could not generate persistent MAC address for qg-b5645d57-77: No such file or directory
Jun 20 03:04:35 gtw01 kernel: [ 2477.170877] device qg-b5645d57-77 entered promiscuous mode
Jun 20 03:04:36 gtw01 dnsmasq[25599]: read /var/lib/neutron/dhcp/92069543-afea-40e9-9a4d-3fd424093e03/addn_hosts - 2 addresses
Jun 20 03:04:36 gtw01 dnsmasq-dhcp[25599]: read /var/lib/neutron/dhcp/92069543-afea-40e9-9a4d-3fd424093e03/host
Jun 20 03:04:36 gtw01 dnsmasq-dhcp[25599]: read /var/lib/neutron/dhcp/92069543-afea-40e9-9a4d-3fd424093e03/opts
Jun 20 03:04:36 gtw01 dnsmasq[25599]: read /var/lib/neutron/dhcp/92069543-afea-40e9-9a4d-3fd424093e03/addn_hosts - 2 addresses
Jun 20 03:04:36 gtw01 dnsmasq-dhcp[25599]: read /var/lib/neutron/dhcp/92069543-afea-40e9-9a4d-3fd424093e03/host
Jun 20 03:04:36 gtw01 dnsmasq-dhcp[25599]: read /var/lib/neutron/dhcp/92069543-afea-40e9-9a4d-3fd424093e03/opts
Jun 20 03:04:39 gtw01 dnsmasq[23234]: read /var/lib/neutron/dhcp/d98b5b4b-0f55-4d44-85ab-23788eccb2e3/addn_hosts - 1 addresses
Jun 20 03:04:39 gtw01 dnsmasq-dhcp[23234]: read /var/lib/neutron/dhcp/d98b5b4b-0f55-4d44-85ab-23788eccb2e3/host
Jun 20 03:04:39 gtw01 dnsmasq-dhcp[23234]: read /var/lib/neutron/dhcp/d98b5b4b-0f55-4d44-85ab-23788eccb2e3/opts
Jun 20 03:04:40 gtw01 haproxy-metadata-proxy-d98b5b4b-0f55-4d44-85ab-23788eccb2e3[26065]: Proxy listener started.
Jun 20 03:04:41 gtw01 dnsmasq-dhcp[24035]: DHCPDISCOVER(tap2b16cfb6-25) fa:16:3e:19:ed:28
Jun 20 03:04:41 gtw01 dnsmasq-dhcp[24035]: DHCPOFFER(tap2b16cfb6-25) 192.168.120.3 fa:16:3e:19:ed:28
Jun 20 03:04:41 gtw01 dnsmasq-dhcp[24035]: DHCPREQUEST(tap2b16cfb6-25) 192.168.120.3 fa:16:3e:19:ed:28
Jun 20 03:04:41 gtw01 dnsmasq-dhcp[24035]: DHCPACK(tap2b16cfb6-25) 192.168.120.3 fa:16:3e:19:ed:28 host-192-168-120-3
Jun 20 03:04:41 gtw01 haproxy-metadata-proxy-4e377bfc-0cec-48c6-a21d-843f22368206[26153]: Proxy listener started.
Jun 20 03:04:41 gtw01 kernel: [ 2483.510095] device qr-84d797f8-c8 left promiscuous mode
Jun 20 03:04:42 gtw01 kernel: [ 2484.306479] device qg-43ec9946-01 left promiscuous mode
Jun 20 03:04:45 gtw01 dnsmasq[25599]: read /var/lib/neutron/dhcp/92069543-afea-40e9-9a4d-3fd424093e03/addn_hosts - 2 addresses
Jun 20 03:04:45 gtw01 dnsmasq-dhcp[25599]: read /var/lib/neutron/dhcp/92069543-afea-40e9-9a4d-3fd424093e03/host
Jun 20 03:04:45 gtw01 dnsmasq-dhcp[25599]: read /var/lib/neutron/dhcp/92069543-afea-40e9-9a4d-3fd424093e03/opts
Jun 20 03:04:45 gtw01 dnsmasq[23411]: read /var/lib/neutron/dhcp/f1eec735-fb62-41b2-9f73-ce21e828341a/addn_hosts - 2 addresses
Jun 20 03:04:45 gtw01 dnsmasq-dhcp[23411]: read /var/lib/neutron/dhcp/f1eec735-fb62-41b2-9f73-ce21e828341a/host
Jun 20 03:04:45 gtw01 dnsmasq-dhcp[23411]: read /var/lib/neutron/dhcp/f1eec735-fb62-41b2-9f73-ce21e828341a/opts
Jun 20 03:04:45 gtw01 systemd-udevd[26325]: Could not generate persistent MAC address for qr-6e22535f-e9: No such file or directory
Jun 20 03:04:45 gtw01 kernel: [ 2487.426704] device qr-6e22535f-e9 entered promiscuous mode
Jun 20 03:04:45 gtw01 dnsmasq[25599]: read /var/lib/neutron/dhcp/92069543-afea-40e9-9a4d-3fd424093e03/addn_hosts - 2 addresses
Jun 20 03:04:45 gtw01 dnsmasq-dhcp[25599]: read /var/lib/neutron/dhcp/92069543-afea-40e9-9a4d-3fd424093e03/host
Jun 20 03:04:45 gtw01 dnsmasq-dhcp[25599]: read /var/lib/neutron/dhcp/92069543-afea-40e9-9a4d-3fd424093e03/opts
Jun 20 03:04:46 gtw01 kernel: [ 2488.250265] device tap876b1086-53 left promiscuous mode
Jun 20 03:04:46 gtw01 dnsmasq[24035]: read /var/lib/neutron/dhcp/56ea7c8b-39ab-4da0-a830-1cfac21123ea/addn_hosts - 4 addresses
Jun 20 03:04:46 gtw01 dnsmasq-dhcp[24035]: read /var/lib/neutron/dhcp/56ea7c8b-39ab-4da0-a830-1cfac21123ea/host
Jun 20 03:04:46 gtw01 dnsmasq-dhcp[24035]: read /var/lib/neutron/dhcp/56ea7c8b-39ab-4da0-a830-1cfac21123ea/opts
Jun 20 03:04:49 gtw01 dnsmasq[25599]: read /var/lib/neutron/dhcp/92069543-afea-40e9-9a4d-3fd424093e03/addn_hosts - 3 addresses
Jun 20 03:04:49 gtw01 dnsmasq-dhcp[25599]: read /var/lib/neutron/dhcp/92069543-afea-40e9-9a4d-3fd424093e03/host
Jun 20 03:04:49 gtw01 dnsmasq-dhcp[25599]: read /var/lib/neutron/dhcp/92069543-afea-40e9-9a4d-3fd424093e03/opts
Jun 20 03:04:50 gtw01 dnsmasq[24035]: read /var/lib/neutron/dhcp/56ea7c8b-39ab-4da0-a830-1cfac21123ea/addn_hosts - 3 addresses
Jun 20 03:04:50 gtw01 dnsmasq-dhcp[24035]: read /var/lib/neutron/dhcp/56ea7c8b-39ab-4da0-a830-1cfac21123ea/host
Jun 20 03:04:50 gtw01 dnsmasq-dhcp[24035]: read /var/lib/neutron/dhcp/56ea7c8b-39ab-4da0-a830-1cfac21123ea/opts
Jun 20 03:04:51 gtw01 dnsmasq[25599]: read /var/lib/neutron/dhcp/92069543-afea-40e9-9a4d-3fd424093e03/addn_hosts - 3 addresses
Jun 20 03:04:51 gtw01 dnsmasq-dhcp[25599]: read /var/lib/neutron/dhcp/92069543-afea-40e9-9a4d-3fd424093e03/host
Jun 20 03:04:51 gtw01 dnsmasq-dhcp[25599]: read /var/lib/neutron/dhcp/92069543-afea-40e9-9a4d-3fd424093e03/opts
Jun 20 03:04:51 gtw01 dnsmasq[23411]: read /var/lib/neutron/dhcp/f1eec735-fb62-41b2-9f73-ce21e828341a/addn_hosts - 1 addresses
Jun 20 03:04:51 gtw01 dnsmasq-dhcp[23411]: read /var/lib/neutron/dhcp/f1eec735-fb62-41b2-9f73-ce21e828341a/host
Jun 20 03:04:51 gtw01 dnsmasq-dhcp[23411]: read /var/lib/neutron/dhcp/f1eec735-fb62-41b2-9f73-ce21e828341a/opts
Jun 20 03:04:52 gtw01 dnsmasq[25599]: read /var/lib/neutron/dhcp/92069543-afea-40e9-9a4d-3fd424093e03/addn_hosts - 3 addresses
Jun 20 03:04:52 gtw01 dnsmasq-dhcp[25599]: read /var/lib/neutron/dhcp/92069543-afea-40e9-9a4d-3fd424093e03/host
Jun 20 03:04:52 gtw01 dnsmasq-dhcp[25599]: read /var/lib/neutron/dhcp/92069543-afea-40e9-9a4d-3fd424093e03/opts
Jun 20 03:04:52 gtw01 haproxy-metadata-proxy-f1eec735-fb62-41b2-9f73-ce21e828341a[26758]: Proxy listener started.
Jun 20 03:04:53 gtw01 kernel: [ 2495.367143] device vxlan_sys_4789 left promiscuous mode
Jun 20 03:04:53 gtw01 dnsmasq-dhcp[24035]: DHCPRELEASE(tap2b16cfb6-25) 192.168.120.3 fa:16:3e:19:ed:28
Jun 20 03:04:54 gtw01 dnsmasq-dhcp[24035]: DHCPRELEASE(tap2b16cfb6-25) 192.168.120.3 fa:16:3e:19:ed:28 unknown lease
Jun 20 03:04:54 gtw01 kernel: [ 2495.965070] device qr-5f3e1e03-cd left promiscuous mode
Jun 20 03:04:54 gtw01 dnsmasq[24035]: read /var/lib/neutron/dhcp/56ea7c8b-39ab-4da0-a830-1cfac21123ea/addn_hosts - 2 addresses
Jun 20 03:04:54 gtw01 dnsmasq-dhcp[24035]: read /var/lib/neutron/dhcp/56ea7c8b-39ab-4da0-a830-1cfac21123ea/host
Jun 20 03:04:54 gtw01 dnsmasq-dhcp[24035]: read /var/lib/neutron/dhcp/56ea7c8b-39ab-4da0-a830-1cfac21123ea/opts
Jun 20 03:04:55 gtw01 kernel: [ 2496.756975] device qg-63cbbfaa-aa left promiscuous mode
Jun 20 03:04:55 gtw01 systemd-udevd[26855]: Could not generate persistent MAC address for vxlan_sys_4789: No such file or directory
Jun 20 03:04:55 gtw01 kernel: [ 2497.178631] device vxlan_sys_4789 entered promiscuous mode
Jun 20 03:04:55 gtw01 systemd-udevd[26937]: Could not generate persistent MAC address for tapc7f2cf32-0c: No such file or directory
Jun 20 03:04:55 gtw01 kernel: [ 2497.432653] device tapc7f2cf32-0c entered promiscuous mode
Jun 20 03:04:55 gtw01 systemd-udevd[26937]: Process '/sbin/ip link set tapc7f2cf32-0c txqueuelen 10000' failed with exit code 1.
Jun 20 03:04:55 gtw01 systemd-udevd[26937]: Process '/sbin/ip link set tapc7f2cf32-0c txqueuelen 10000' failed with exit code 1.
Jun 20 03:04:57 gtw01 kernel: [ 2499.555397] device tap649e14bf-d4 left promiscuous mode
Jun 20 03:04:57 gtw01 dnsmasq[24035]: read /var/lib/neutron/dhcp/56ea7c8b-39ab-4da0-a830-1cfac21123ea/addn_hosts - 1 addresses
Jun 20 03:04:57 gtw01 dnsmasq-dhcp[24035]: read /var/lib/neutron/dhcp/56ea7c8b-39ab-4da0-a830-1cfac21123ea/host
Jun 20 03:04:57 gtw01 dnsmasq-dhcp[24035]: read /var/lib/neutron/dhcp/56ea7c8b-39ab-4da0-a830-1cfac21123ea/opts
Jun 20 03:04:58 gtw01 haproxy-metadata-proxy-56ea7c8b-39ab-4da0-a830-1cfac21123ea[27184]: Proxy listener started.
Jun 20 03:04:59 gtw01 dnsmasq[27216]: started, version 2.80 cachesize 150
Jun 20 03:04:59 gtw01 dnsmasq[27216]: DNS service limited to local subnets
Jun 20 03:04:59 gtw01 dnsmasq[27216]: compile time options: IPv6 GNU-getopt DBus i18n IDN DHCP DHCPv6 no-Lua TFTP conntrack ipset auth DNSSEC loop-detect inotify dumpfile
Jun 20 03:04:59 gtw01 dnsmasq[27216]: warning: no upstream servers configured
Jun 20 03:04:59 gtw01 dnsmasq-dhcp[27216]: DHCP, static leases only on 192.168.120.0, lease time 1h
Jun 20 03:04:59 gtw01 dnsmasq[27216]: read /var/lib/neutron/dhcp/c4045fe3-b652-4bab-99ba-eac2b0abdb7a/addn_hosts - 1 addresses
Jun 20 03:04:59 gtw01 dnsmasq-dhcp[27216]: read /var/lib/neutron/dhcp/c4045fe3-b652-4bab-99ba-eac2b0abdb7a/host
Jun 20 03:04:59 gtw01 dnsmasq-dhcp[27216]: read /var/lib/neutron/dhcp/c4045fe3-b652-4bab-99ba-eac2b0abdb7a/opts
Jun 20 03:04:59 gtw01 haproxy-metadata-proxy-c4045fe3-b652-4bab-99ba-eac2b0abdb7a[27225]: Proxy listener started.
Jun 20 03:04:59 gtw01 systemd-udevd[27246]: Could not generate persistent MAC address for qg-76c5b3bb-e4: No such file or directory
Jun 20 03:04:59 gtw01 kernel: [ 2501.403198] device qg-76c5b3bb-e4 entered promiscuous mode
Jun 20 03:04:59 gtw01 kernel: [ 2501.483650] device qr-aaffd6bb-c1 left promiscuous mode
Jun 20 03:05:00 gtw01 dnsmasq[27216]: read /var/lib/neutron/dhcp/c4045fe3-b652-4bab-99ba-eac2b0abdb7a/addn_hosts - 2 addresses
Jun 20 03:05:00 gtw01 dnsmasq-dhcp[27216]: read /var/lib/neutron/dhcp/c4045fe3-b652-4bab-99ba-eac2b0abdb7a/host
Jun 20 03:05:00 gtw01 dnsmasq-dhcp[27216]: read /var/lib/neutron/dhcp/c4045fe3-b652-4bab-99ba-eac2b0abdb7a/opts
Jun 20 03:05:00 gtw01 kernel: [ 2502.296352] device qg-f43065d3-51 left promiscuous mode
Jun 20 03:05:01 gtw01 dnsmasq[27216]: read /var/lib/neutron/dhcp/c4045fe3-b652-4bab-99ba-eac2b0abdb7a/addn_hosts - 2 addresses
Jun 20 03:05:01 gtw01 dnsmasq-dhcp[27216]: read /var/lib/neutron/dhcp/c4045fe3-b652-4bab-99ba-eac2b0abdb7a/host
Jun 20 03:05:01 gtw01 dnsmasq-dhcp[27216]: read /var/lib/neutron/dhcp/c4045fe3-b652-4bab-99ba-eac2b0abdb7a/opts
Jun 20 03:05:02 gtw01 dnsmasq[27216]: read /var/lib/neutron/dhcp/c4045fe3-b652-4bab-99ba-eac2b0abdb7a/addn_hosts - 2 addresses
Jun 20 03:05:02 gtw01 dnsmasq-dhcp[27216]: read /var/lib/neutron/dhcp/c4045fe3-b652-4bab-99ba-eac2b0abdb7a/host
Jun 20 03:05:02 gtw01 dnsmasq-dhcp[27216]: read /var/lib/neutron/dhcp/c4045fe3-b652-4bab-99ba-eac2b0abdb7a/opts
Jun 20 03:05:03 gtw01 kernel: [ 2505.005624] device tap2b16cfb6-25 left promiscuous mode
Jun 20 03:05:03 gtw01 dnsmasq[27216]: read /var/lib/neutron/dhcp/c4045fe3-b652-4bab-99ba-eac2b0abdb7a/addn_hosts - 2 addresses
Jun 20 03:05:03 gtw01 dnsmasq-dhcp[27216]: read /var/lib/neutron/dhcp/c4045fe3-b652-4bab-99ba-eac2b0abdb7a/host
Jun 20 03:05:03 gtw01 dnsmasq-dhcp[27216]: read /var/lib/neutron/dhcp/c4045fe3-b652-4bab-99ba-eac2b0abdb7a/opts
Jun 20 03:05:04 gtw01 dnsmasq[27216]: read /var/lib/neutron/dhcp/c4045fe3-b652-4bab-99ba-eac2b0abdb7a/addn_hosts - 2 addresses
Jun 20 03:05:04 gtw01 dnsmasq-dhcp[27216]: read /var/lib/neutron/dhcp/c4045fe3-b652-4bab-99ba-eac2b0abdb7a/host
Jun 20 03:05:04 gtw01 dnsmasq-dhcp[27216]: read /var/lib/neutron/dhcp/c4045fe3-b652-4bab-99ba-eac2b0abdb7a/opts
Jun 20 03:05:06 gtw01 haproxy-metadata-proxy-e6df5533-1145-4ff8-8620-056e59f48c74[27710]: Proxy listener started.
Jun 20 03:05:06 gtw01 dnsmasq-dhcp[25599]: DHCPDISCOVER(tap53ee387c-6b) fa:16:3e:b0:c7:52
Jun 20 03:05:06 gtw01 dnsmasq-dhcp[25599]: DHCPOFFER(tap53ee387c-6b) 192.168.120.6 fa:16:3e:b0:c7:52
Jun 20 03:05:06 gtw01 dnsmasq-dhcp[25599]: DHCPREQUEST(tap53ee387c-6b) 192.168.120.6 fa:16:3e:b0:c7:52
Jun 20 03:05:06 gtw01 dnsmasq-dhcp[25599]: DHCPACK(tap53ee387c-6b) 192.168.120.6 fa:16:3e:b0:c7:52 host-192-168-120-6
Jun 20 03:05:07 gtw01 dnsmasq[27216]: read /var/lib/neutron/dhcp/c4045fe3-b652-4bab-99ba-eac2b0abdb7a/addn_hosts - 3 addresses
Jun 20 03:05:07 gtw01 dnsmasq-dhcp[27216]: read /var/lib/neutron/dhcp/c4045fe3-b652-4bab-99ba-eac2b0abdb7a/host
Jun 20 03:05:07 gtw01 dnsmasq-dhcp[27216]: read /var/lib/neutron/dhcp/c4045fe3-b652-4bab-99ba-eac2b0abdb7a/opts
Jun 20 03:05:08 gtw01 dnsmasq[27216]: read /var/lib/neutron/dhcp/c4045fe3-b652-4bab-99ba-eac2b0abdb7a/addn_hosts - 3 addresses
Jun 20 03:05:08 gtw01 dnsmasq-dhcp[27216]: read /var/lib/neutron/dhcp/c4045fe3-b652-4bab-99ba-eac2b0abdb7a/host
Jun 20 03:05:08 gtw01 dnsmasq-dhcp[27216]: read /var/lib/neutron/dhcp/c4045fe3-b652-4bab-99ba-eac2b0abdb7a/opts
Jun 20 03:05:09 gtw01 systemd-udevd[27776]: Could not generate persistent MAC address for qr-b77fef46-5b: No such file or directory
Jun 20 03:05:09 gtw01 kernel: [ 2511.031216] device qr-b77fef46-5b entered promiscuous mode
Jun 20 03:05:09 gtw01 dnsmasq[27216]: read /var/lib/neutron/dhcp/c4045fe3-b652-4bab-99ba-eac2b0abdb7a/addn_hosts - 3 addresses
Jun 20 03:05:09 gtw01 dnsmasq-dhcp[27216]: read /var/lib/neutron/dhcp/c4045fe3-b652-4bab-99ba-eac2b0abdb7a/host
Jun 20 03:05:09 gtw01 dnsmasq-dhcp[27216]: read /var/lib/neutron/dhcp/c4045fe3-b652-4bab-99ba-eac2b0abdb7a/opts
Jun 20 03:05:10 gtw01 dnsmasq[27216]: read /var/lib/neutron/dhcp/c4045fe3-b652-4bab-99ba-eac2b0abdb7a/addn_hosts - 3 addresses
Jun 20 03:05:10 gtw01 dnsmasq-dhcp[27216]: read /var/lib/neutron/dhcp/c4045fe3-b652-4bab-99ba-eac2b0abdb7a/host
Jun 20 03:05:10 gtw01 dnsmasq-dhcp[27216]: read /var/lib/neutron/dhcp/c4045fe3-b652-4bab-99ba-eac2b0abdb7a/opts
Jun 20 03:05:11 gtw01 dnsmasq[27216]: read /var/lib/neutron/dhcp/c4045fe3-b652-4bab-99ba-eac2b0abdb7a/addn_hosts - 3 addresses
Jun 20 03:05:11 gtw01 dnsmasq-dhcp[27216]: read /var/lib/neutron/dhcp/c4045fe3-b652-4bab-99ba-eac2b0abdb7a/host
Jun 20 03:05:11 gtw01 dnsmasq-dhcp[27216]: read /var/lib/neutron/dhcp/c4045fe3-b652-4bab-99ba-eac2b0abdb7a/opts
Jun 20 03:05:11 gtw01 kernel: [ 2513.404434] device vxlan_sys_4789 left promiscuous mode
Jun 20 03:05:12 gtw01 systemd-udevd[27990]: Could not generate persistent MAC address for vxlan_sys_4789: No such file or directory
Jun 20 03:05:12 gtw01 kernel: [ 2514.609520] device vxlan_sys_4789 entered promiscuous mode
Jun 20 03:05:19 gtw01 dnsmasq[27216]: read /var/lib/neutron/dhcp/c4045fe3-b652-4bab-99ba-eac2b0abdb7a/addn_hosts - 2 addresses
Jun 20 03:05:19 gtw01 dnsmasq-dhcp[27216]: read /var/lib/neutron/dhcp/c4045fe3-b652-4bab-99ba-eac2b0abdb7a/host
Jun 20 03:05:19 gtw01 dnsmasq-dhcp[27216]: read /var/lib/neutron/dhcp/c4045fe3-b652-4bab-99ba-eac2b0abdb7a/opts
Jun 20 03:05:21 gtw01 dnsmasq-dhcp[25599]: DHCPDISCOVER(tap53ee387c-6b) fa:16:3e:b0:c7:52
Jun 20 03:05:21 gtw01 dnsmasq-dhcp[25599]: DHCPOFFER(tap53ee387c-6b) 192.168.120.6 fa:16:3e:b0:c7:52
Jun 20 03:05:21 gtw01 dnsmasq-dhcp[25599]: DHCPREQUEST(tap53ee387c-6b) 192.168.120.6 fa:16:3e:b0:c7:52
Jun 20 03:05:21 gtw01 dnsmasq-dhcp[25599]: DHCPACK(tap53ee387c-6b) 192.168.120.6 fa:16:3e:b0:c7:52 host-192-168-120-6
Jun 20 03:05:23 gtw01 dnsmasq[27216]: read /var/lib/neutron/dhcp/c4045fe3-b652-4bab-99ba-eac2b0abdb7a/addn_hosts - 1 addresses
Jun 20 03:05:23 gtw01 dnsmasq-dhcp[27216]: read /var/lib/neutron/dhcp/c4045fe3-b652-4bab-99ba-eac2b0abdb7a/host
Jun 20 03:05:23 gtw01 dnsmasq-dhcp[27216]: read /var/lib/neutron/dhcp/c4045fe3-b652-4bab-99ba-eac2b0abdb7a/opts
Jun 20 03:05:24 gtw01 haproxy-metadata-proxy-c4045fe3-b652-4bab-99ba-eac2b0abdb7a[28293]: Proxy listener started.
Jun 20 03:05:25 gtw01 kernel: [ 2526.720079] device qr-b77fef46-5b left promiscuous mode
Jun 20 03:05:25 gtw01 kernel: [ 2527.555713] device qg-76c5b3bb-e4 left promiscuous mode
Jun 20 03:05:28 gtw01 kernel: [ 2529.835387] device tapc7f2cf32-0c left promiscuous mode
Jun 20 03:05:29 gtw01 kernel: [ 2530.905499] device vxlan_sys_4789 left promiscuous mode
Jun 20 03:05:29 gtw01 dnsmasq-dhcp[25599]: DHCPRELEASE(tap53ee387c-6b) 192.168.120.6 fa:16:3e:b0:c7:52
Jun 20 03:05:29 gtw01 dnsmasq-dhcp[25599]: DHCPRELEASE(tap53ee387c-6b) 192.168.120.6 fa:16:3e:b0:c7:52 unknown lease
Jun 20 03:05:30 gtw01 dnsmasq[25599]: read /var/lib/neutron/dhcp/92069543-afea-40e9-9a4d-3fd424093e03/addn_hosts - 2 addresses
Jun 20 03:05:30 gtw01 dnsmasq-dhcp[25599]: read /var/lib/neutron/dhcp/92069543-afea-40e9-9a4d-3fd424093e03/host
Jun 20 03:05:30 gtw01 dnsmasq-dhcp[25599]: read /var/lib/neutron/dhcp/92069543-afea-40e9-9a4d-3fd424093e03/opts
Jun 20 03:05:33 gtw01 dnsmasq[25599]: read /var/lib/neutron/dhcp/92069543-afea-40e9-9a4d-3fd424093e03/addn_hosts - 1 addresses
Jun 20 03:05:33 gtw01 dnsmasq-dhcp[25599]: read /var/lib/neutron/dhcp/92069543-afea-40e9-9a4d-3fd424093e03/host
Jun 20 03:05:33 gtw01 dnsmasq-dhcp[25599]: read /var/lib/neutron/dhcp/92069543-afea-40e9-9a4d-3fd424093e03/opts
Jun 20 03:05:34 gtw01 haproxy-metadata-proxy-92069543-afea-40e9-9a4d-3fd424093e03[28527]: Proxy listener started.
Jun 20 03:05:35 gtw01 kernel: [ 2536.965683] device qr-6e22535f-e9 left promiscuous mode
Jun 20 03:05:37 gtw01 kernel: [ 2539.634931] device tap53ee387c-6b left promiscuous mode
Jun 20 03:05:38 gtw01 kernel: [ 2539.949265] device qg-b5645d57-77 left promiscuous mode
Jun 20 03:05:43 gtw01 systemd-udevd[28675]: Could not generate persistent MAC address for tap047a8105-7f: No such file or directory
Jun 20 03:05:43 gtw01 kernel: [ 2544.707616] device tap047a8105-7f entered promiscuous mode
Jun 20 03:05:43 gtw01 systemd-udevd[28675]: Process '/sbin/ip link set tap047a8105-7f txqueuelen 10000' failed with exit code 1.
Jun 20 03:05:43 gtw01 systemd-udevd[28675]: Process '/sbin/ip link set tap047a8105-7f txqueuelen 10000' failed with exit code 1.
Jun 20 03:05:45 gtw01 systemd-udevd[28839]: Could not generate persistent MAC address for tap18d26c84-2f: No such file or directory
Jun 20 03:05:45 gtw01 kernel: [ 2547.551022] device tap18d26c84-2f entered promiscuous mode
Jun 20 03:05:45 gtw01 systemd-udevd[28839]: Process '/sbin/ip link set tap18d26c84-2f txqueuelen 10000' failed with exit code 1.
Jun 20 03:05:45 gtw01 systemd-udevd[28915]: Process '/sbin/ip link set tap18d26c84-2f txqueuelen 10000' failed with exit code 1.
Jun 20 03:05:46 gtw01 dnsmasq[28933]: started, version 2.80 cachesize 150
Jun 20 03:05:46 gtw01 dnsmasq[28933]: DNS service limited to local subnets
Jun 20 03:05:46 gtw01 dnsmasq[28933]: compile time options: IPv6 GNU-getopt DBus i18n IDN DHCP DHCPv6 no-Lua TFTP conntrack ipset auth DNSSEC loop-detect inotify dumpfile
Jun 20 03:05:46 gtw01 dnsmasq[28933]: warning: no upstream servers configured
Jun 20 03:05:46 gtw01 dnsmasq-dhcp[28933]: DHCP, static leases only on 192.168.120.240, lease time 1h
Jun 20 03:05:46 gtw01 dnsmasq[28933]: read /var/lib/neutron/dhcp/bce35b27-4542-4090-8e3d-d5da57635393/addn_hosts - 1 addresses
Jun 20 03:05:46 gtw01 dnsmasq-dhcp[28933]: read /var/lib/neutron/dhcp/bce35b27-4542-4090-8e3d-d5da57635393/host
Jun 20 03:05:46 gtw01 dnsmasq-dhcp[28933]: read /var/lib/neutron/dhcp/bce35b27-4542-4090-8e3d-d5da57635393/opts
Jun 20 03:05:46 gtw01 haproxy-metadata-proxy-bce35b27-4542-4090-8e3d-d5da57635393[28940]: Proxy listener started.
Jun 20 03:05:47 gtw01 dnsmasq[28933]: read /var/lib/neutron/dhcp/bce35b27-4542-4090-8e3d-d5da57635393/addn_hosts - 1 addresses
Jun 20 03:05:47 gtw01 dnsmasq-dhcp[28933]: read /var/lib/neutron/dhcp/bce35b27-4542-4090-8e3d-d5da57635393/host
Jun 20 03:05:47 gtw01 dnsmasq-dhcp[28933]: read /var/lib/neutron/dhcp/bce35b27-4542-4090-8e3d-d5da57635393/opts
Jun 20 03:05:48 gtw01 dnsmasq[28933]: read /var/lib/neutron/dhcp/bce35b27-4542-4090-8e3d-d5da57635393/addn_hosts - 1 addresses
Jun 20 03:05:48 gtw01 dnsmasq-dhcp[28933]: read /var/lib/neutron/dhcp/bce35b27-4542-4090-8e3d-d5da57635393/host
Jun 20 03:05:48 gtw01 dnsmasq-dhcp[28933]: read /var/lib/neutron/dhcp/bce35b27-4542-4090-8e3d-d5da57635393/opts
Jun 20 03:05:49 gtw01 dnsmasq[28933]: read /var/lib/neutron/dhcp/bce35b27-4542-4090-8e3d-d5da57635393/addn_hosts - 1 addresses
Jun 20 03:05:49 gtw01 dnsmasq-dhcp[28933]: read /var/lib/neutron/dhcp/bce35b27-4542-4090-8e3d-d5da57635393/host
Jun 20 03:05:49 gtw01 dnsmasq-dhcp[28933]: read /var/lib/neutron/dhcp/bce35b27-4542-4090-8e3d-d5da57635393/opts
Jun 20 03:05:49 gtw01 dnsmasq[29058]: started, version 2.80 cachesize 150
Jun 20 03:05:49 gtw01 dnsmasq[29058]: DNS service limited to local subnets
Jun 20 03:05:49 gtw01 dnsmasq[29058]: compile time options: IPv6 GNU-getopt DBus i18n IDN DHCP DHCPv6 no-Lua TFTP conntrack ipset auth DNSSEC loop-detect inotify dumpfile
Jun 20 03:05:49 gtw01 dnsmasq[29058]: warning: no upstream servers configured
Jun 20 03:05:49 gtw01 dnsmasq-dhcp[29058]: DHCP, static leases only on 192.168.120.0, lease time 1h
Jun 20 03:05:49 gtw01 dnsmasq[29058]: read /var/lib/neutron/dhcp/bca33af8-c699-4910-9cd3-d32b6e96655e/addn_hosts - 1 addresses
Jun 20 03:05:49 gtw01 dnsmasq-dhcp[29058]: read /var/lib/neutron/dhcp/bca33af8-c699-4910-9cd3-d32b6e96655e/host
Jun 20 03:05:49 gtw01 dnsmasq-dhcp[29058]: read /var/lib/neutron/dhcp/bca33af8-c699-4910-9cd3-d32b6e96655e/opts
Jun 20 03:05:49 gtw01 haproxy-metadata-proxy-bca33af8-c699-4910-9cd3-d32b6e96655e[29068]: Proxy listener started.
Jun 20 03:05:49 gtw01 kernel: [ 2551.578931] device tap18d26c84-2f left promiscuous mode
Jun 20 03:05:50 gtw01 kernel: [ 2552.180466] device tap047a8105-7f left promiscuous mode
Jun 20 03:05:52 gtw01 systemd-udevd[29134]: Could not generate persistent MAC address for tapa86d4b36-3e: No such file or directory
Jun 20 03:05:52 gtw01 kernel: [ 2554.399012] device tapa86d4b36-3e entered promiscuous mode
Jun 20 03:05:52 gtw01 systemd-udevd[29134]: Process '/sbin/ip link set tapa86d4b36-3e txqueuelen 10000' failed with exit code 1.
Jun 20 03:05:52 gtw01 systemd-udevd[29208]: Process '/sbin/ip link set tapa86d4b36-3e txqueuelen 10000' failed with exit code 1.
Jun 20 03:05:55 gtw01 systemd-udevd[29304]: Could not generate persistent MAC address for tape68036c7-65: No such file or directory
Jun 20 03:05:55 gtw01 kernel: [ 2557.268769] device tape68036c7-65 entered promiscuous mode
Jun 20 03:05:55 gtw01 systemd-udevd[29304]: Process '/sbin/ip link set tape68036c7-65 txqueuelen 10000' failed with exit code 1.
Jun 20 03:05:55 gtw01 systemd-udevd[29380]: Process '/sbin/ip link set tape68036c7-65 txqueuelen 10000' failed with exit code 1.
Jun 20 03:05:55 gtw01 dnsmasq[29400]: started, version 2.80 cachesize 150
Jun 20 03:05:55 gtw01 dnsmasq[29400]: DNS service limited to local subnets
Jun 20 03:05:55 gtw01 dnsmasq[29400]: compile time options: IPv6 GNU-getopt DBus i18n IDN DHCP DHCPv6 no-Lua TFTP conntrack ipset auth DNSSEC loop-detect inotify dumpfile
Jun 20 03:05:55 gtw01 dnsmasq[29400]: warning: no upstream servers configured
Jun 20 03:05:55 gtw01 dnsmasq-dhcp[29400]: DHCPv6, static leases only on 2003:0:0:ffff::, lease time 1h
Jun 20 03:05:55 gtw01 dnsmasq[29400]: read /var/lib/neutron/dhcp/905a407b-a962-485e-a586-3ee622ad3bcb/addn_hosts - 1 addresses
Jun 20 03:05:55 gtw01 dnsmasq-dhcp[29400]: read /var/lib/neutron/dhcp/905a407b-a962-485e-a586-3ee622ad3bcb/host
Jun 20 03:05:55 gtw01 dnsmasq-dhcp[29400]: read /var/lib/neutron/dhcp/905a407b-a962-485e-a586-3ee622ad3bcb/opts
Jun 20 03:05:56 gtw01 dnsmasq[29400]: read /var/lib/neutron/dhcp/905a407b-a962-485e-a586-3ee622ad3bcb/addn_hosts - 1 addresses
Jun 20 03:05:56 gtw01 dnsmasq-dhcp[29400]: read /var/lib/neutron/dhcp/905a407b-a962-485e-a586-3ee622ad3bcb/host
Jun 20 03:05:56 gtw01 dnsmasq-dhcp[29400]: read /var/lib/neutron/dhcp/905a407b-a962-485e-a586-3ee622ad3bcb/opts
Jun 20 03:05:57 gtw01 dnsmasq[29400]: read /var/lib/neutron/dhcp/905a407b-a962-485e-a586-3ee622ad3bcb/addn_hosts - 1 addresses
Jun 20 03:05:57 gtw01 dnsmasq-dhcp[29400]: read /var/lib/neutron/dhcp/905a407b-a962-485e-a586-3ee622ad3bcb/host
