Jun 20 04:11:30 gtw01 dnsmasq[6332]: read /var/lib/neutron/dhcp/5de20df5-1bb3-4e9a-ba34-f99287ca7ca1/addn_hosts - 4 addresses
Jun 20 04:11:30 gtw01 dnsmasq-dhcp[6332]: read /var/lib/neutron/dhcp/5de20df5-1bb3-4e9a-ba34-f99287ca7ca1/host
Jun 20 04:11:30 gtw01 dnsmasq-dhcp[6332]: read /var/lib/neutron/dhcp/5de20df5-1bb3-4e9a-ba34-f99287ca7ca1/opts
Jun 20 04:11:32 gtw01 dnsmasq[7591]: read /var/lib/neutron/dhcp/56598ddb-1873-4e5c-9b68-3056eec15d4c/addn_hosts - 3 addresses
Jun 20 04:11:32 gtw01 dnsmasq-dhcp[7591]: read /var/lib/neutron/dhcp/56598ddb-1873-4e5c-9b68-3056eec15d4c/host
Jun 20 04:11:32 gtw01 dnsmasq-dhcp[7591]: read /var/lib/neutron/dhcp/56598ddb-1873-4e5c-9b68-3056eec15d4c/opts
Jun 20 04:11:34 gtw01 dnsmasq[7591]: read /var/lib/neutron/dhcp/56598ddb-1873-4e5c-9b68-3056eec15d4c/addn_hosts - 3 addresses
Jun 20 04:11:34 gtw01 dnsmasq-dhcp[7591]: read /var/lib/neutron/dhcp/56598ddb-1873-4e5c-9b68-3056eec15d4c/host
Jun 20 04:11:34 gtw01 dnsmasq-dhcp[7591]: read /var/lib/neutron/dhcp/56598ddb-1873-4e5c-9b68-3056eec15d4c/opts
Jun 20 04:11:34 gtw01 dnsmasq[7591]: read /var/lib/neutron/dhcp/56598ddb-1873-4e5c-9b68-3056eec15d4c/addn_hosts - 3 addresses
Jun 20 04:11:34 gtw01 dnsmasq-dhcp[7591]: read /var/lib/neutron/dhcp/56598ddb-1873-4e5c-9b68-3056eec15d4c/host
Jun 20 04:11:34 gtw01 dnsmasq-dhcp[7591]: read /var/lib/neutron/dhcp/56598ddb-1873-4e5c-9b68-3056eec15d4c/opts
Jun 20 04:11:35 gtw01 dnsmasq-dhcp[16241]: DHCPDISCOVER(tap1c74ca54-4e) fa:16:3e:85:38:35
Jun 20 04:11:35 gtw01 dnsmasq-dhcp[16241]: DHCPOFFER(tap1c74ca54-4e) 192.168.120.5 fa:16:3e:85:38:35
Jun 20 04:11:35 gtw01 dnsmasq-dhcp[16241]: DHCPREQUEST(tap1c74ca54-4e) 192.168.120.5 fa:16:3e:85:38:35
Jun 20 04:11:35 gtw01 dnsmasq-dhcp[16241]: DHCPACK(tap1c74ca54-4e) 192.168.120.5 fa:16:3e:85:38:35 host-192-168-120-5
Jun 20 04:11:42 gtw01 dnsmasq[8349]: read /var/lib/neutron/dhcp/c6d7cc6d-17f8-486d-95fc-e33363420c9f/addn_hosts - 2 addresses
Jun 20 04:11:42 gtw01 dnsmasq-dhcp[8349]: read /var/lib/neutron/dhcp/c6d7cc6d-17f8-486d-95fc-e33363420c9f/host
Jun 20 04:11:42 gtw01 dnsmasq-dhcp[8349]: read /var/lib/neutron/dhcp/c6d7cc6d-17f8-486d-95fc-e33363420c9f/opts
Jun 20 04:11:42 gtw01 dnsmasq-dhcp[16241]: DHCPDISCOVER(tap1c74ca54-4e) fa:16:3e:53:25:88
Jun 20 04:11:42 gtw01 dnsmasq-dhcp[16241]: DHCPOFFER(tap1c74ca54-4e) 192.168.120.3 fa:16:3e:53:25:88
Jun 20 04:11:42 gtw01 dnsmasq-dhcp[16241]: DHCPREQUEST(tap1c74ca54-4e) 192.168.120.3 fa:16:3e:53:25:88
Jun 20 04:11:42 gtw01 dnsmasq-dhcp[16241]: DHCPACK(tap1c74ca54-4e) 192.168.120.3 fa:16:3e:53:25:88 host-192-168-120-3
Jun 20 04:11:43 gtw01 dnsmasq[8349]: read /var/lib/neutron/dhcp/c6d7cc6d-17f8-486d-95fc-e33363420c9f/addn_hosts - 2 addresses
Jun 20 04:11:43 gtw01 dnsmasq-dhcp[8349]: read /var/lib/neutron/dhcp/c6d7cc6d-17f8-486d-95fc-e33363420c9f/host
Jun 20 04:11:43 gtw01 dnsmasq-dhcp[8349]: read /var/lib/neutron/dhcp/c6d7cc6d-17f8-486d-95fc-e33363420c9f/opts
Jun 20 04:11:44 gtw01 dnsmasq[8349]: read /var/lib/neutron/dhcp/c6d7cc6d-17f8-486d-95fc-e33363420c9f/addn_hosts - 2 addresses
Jun 20 04:11:44 gtw01 dnsmasq-dhcp[8349]: read /var/lib/neutron/dhcp/c6d7cc6d-17f8-486d-95fc-e33363420c9f/host
Jun 20 04:11:44 gtw01 dnsmasq-dhcp[8349]: read /var/lib/neutron/dhcp/c6d7cc6d-17f8-486d-95fc-e33363420c9f/opts
Jun 20 04:11:46 gtw01 dnsmasq-dhcp[6332]: DHCPDISCOVER(tap7035d661-6c) fa:16:3e:af:68:6e
Jun 20 04:11:46 gtw01 dnsmasq-dhcp[6332]: DHCPOFFER(tap7035d661-6c) 192.168.120.13 fa:16:3e:af:68:6e
Jun 20 04:11:46 gtw01 dnsmasq-dhcp[6332]: DHCPREQUEST(tap7035d661-6c) 192.168.120.13 fa:16:3e:af:68:6e
Jun 20 04:11:46 gtw01 dnsmasq-dhcp[6332]: DHCPACK(tap7035d661-6c) 192.168.120.13 fa:16:3e:af:68:6e host-192-168-120-13
Jun 20 04:11:49 gtw01 dnsmasq-dhcp[7591]: DHCPDISCOVER(tapf6e4192f-c6) fa:16:3e:cf:a9:ae
Jun 20 04:11:49 gtw01 dnsmasq-dhcp[7591]: DHCPOFFER(tapf6e4192f-c6) 192.168.120.3 fa:16:3e:cf:a9:ae
Jun 20 04:11:49 gtw01 dnsmasq-dhcp[7591]: DHCPREQUEST(tapf6e4192f-c6) 192.168.120.3 fa:16:3e:cf:a9:ae
Jun 20 04:11:49 gtw01 dnsmasq-dhcp[7591]: DHCPACK(tapf6e4192f-c6) 192.168.120.3 fa:16:3e:cf:a9:ae host-192-168-120-3
Jun 20 04:11:53 gtw01 haproxy-metadata-proxy-a9b64d81-af35-4d5e-8a51-028596e357b5[8039]: 192.168.120.3:39982 [20/Jun/2019:04:11:52.882] listener listener/metadata 2/0/0/1089/1091 200 2285 - - ---- 1/1/0/1/0 0/0 "GET /openstack/latest/meta_data.json HTTP/1.1"
Jun 20 04:11:57 gtw01 dnsmasq-dhcp[6332]: DHCPRELEASE(tap7035d661-6c) 192.168.120.13 fa:16:3e:af:68:6e
Jun 20 04:11:59 gtw01 dnsmasq[8349]: read /var/lib/neutron/dhcp/c6d7cc6d-17f8-486d-95fc-e33363420c9f/addn_hosts - 1 addresses
Jun 20 04:11:59 gtw01 dnsmasq-dhcp[8349]: read /var/lib/neutron/dhcp/c6d7cc6d-17f8-486d-95fc-e33363420c9f/host
Jun 20 04:11:59 gtw01 dnsmasq-dhcp[8349]: read /var/lib/neutron/dhcp/c6d7cc6d-17f8-486d-95fc-e33363420c9f/opts
Jun 20 04:12:00 gtw01 dnsmasq-dhcp[16241]: DHCPRELEASE(tap1c74ca54-4e) 192.168.120.5 fa:16:3e:85:38:35
Jun 20 04:12:01 gtw01 dnsmasq-dhcp[7591]: DHCPRELEASE(tapf6e4192f-c6) 192.168.120.3 fa:16:3e:cf:a9:ae
Jun 20 04:12:01 gtw01 dnsmasq-dhcp[7591]: DHCPRELEASE(tapf6e4192f-c6) 192.168.120.3 fa:16:3e:cf:a9:ae unknown lease
Jun 20 04:12:02 gtw01 dnsmasq[7591]: read /var/lib/neutron/dhcp/56598ddb-1873-4e5c-9b68-3056eec15d4c/addn_hosts - 2 addresses
Jun 20 04:12:02 gtw01 dnsmasq-dhcp[7591]: read /var/lib/neutron/dhcp/56598ddb-1873-4e5c-9b68-3056eec15d4c/host
Jun 20 04:12:02 gtw01 dnsmasq-dhcp[7591]: read /var/lib/neutron/dhcp/56598ddb-1873-4e5c-9b68-3056eec15d4c/opts
Jun 20 04:12:05 gtw01 kernel: [ 6527.162842] device tapc95859c8-f7 left promiscuous mode
Jun 20 04:12:06 gtw01 dnsmasq-dhcp[16241]: DHCPRELEASE(tap1c74ca54-4e) 192.168.120.3 fa:16:3e:53:25:88
Jun 20 04:12:07 gtw01 dnsmasq[6332]: read /var/lib/neutron/dhcp/5de20df5-1bb3-4e9a-ba34-f99287ca7ca1/addn_hosts - 5 addresses
Jun 20 04:12:07 gtw01 dnsmasq-dhcp[6332]: read /var/lib/neutron/dhcp/5de20df5-1bb3-4e9a-ba34-f99287ca7ca1/host
Jun 20 04:12:07 gtw01 dnsmasq-dhcp[6332]: read /var/lib/neutron/dhcp/5de20df5-1bb3-4e9a-ba34-f99287ca7ca1/opts
Jun 20 04:12:08 gtw01 dnsmasq[6332]: read /var/lib/neutron/dhcp/5de20df5-1bb3-4e9a-ba34-f99287ca7ca1/addn_hosts - 5 addresses
Jun 20 04:12:08 gtw01 dnsmasq-dhcp[6332]: read /var/lib/neutron/dhcp/5de20df5-1bb3-4e9a-ba34-f99287ca7ca1/host
Jun 20 04:12:08 gtw01 dnsmasq-dhcp[6332]: read /var/lib/neutron/dhcp/5de20df5-1bb3-4e9a-ba34-f99287ca7ca1/opts
Jun 20 04:12:09 gtw01 dnsmasq[6332]: read /var/lib/neutron/dhcp/5de20df5-1bb3-4e9a-ba34-f99287ca7ca1/addn_hosts - 5 addresses
Jun 20 04:12:09 gtw01 dnsmasq-dhcp[6332]: read /var/lib/neutron/dhcp/5de20df5-1bb3-4e9a-ba34-f99287ca7ca1/host
Jun 20 04:12:09 gtw01 dnsmasq-dhcp[6332]: read /var/lib/neutron/dhcp/5de20df5-1bb3-4e9a-ba34-f99287ca7ca1/opts
Jun 20 04:12:11 gtw01 dnsmasq[16241]: read /var/lib/neutron/dhcp/8bd7fcc4-16e7-4df3-a7dd-878d16565cc0/addn_hosts - 3 addresses
Jun 20 04:12:11 gtw01 dnsmasq-dhcp[16241]: read /var/lib/neutron/dhcp/8bd7fcc4-16e7-4df3-a7dd-878d16565cc0/host
Jun 20 04:12:11 gtw01 dnsmasq-dhcp[16241]: read /var/lib/neutron/dhcp/8bd7fcc4-16e7-4df3-a7dd-878d16565cc0/opts
Jun 20 04:12:12 gtw01 dnsmasq[7591]: read /var/lib/neutron/dhcp/56598ddb-1873-4e5c-9b68-3056eec15d4c/addn_hosts - 1 addresses
Jun 20 04:12:12 gtw01 dnsmasq-dhcp[7591]: read /var/lib/neutron/dhcp/56598ddb-1873-4e5c-9b68-3056eec15d4c/host
Jun 20 04:12:12 gtw01 dnsmasq-dhcp[7591]: read /var/lib/neutron/dhcp/56598ddb-1873-4e5c-9b68-3056eec15d4c/opts
Jun 20 04:12:12 gtw01 haproxy-metadata-proxy-56598ddb-1873-4e5c-9b68-3056eec15d4c[9024]: Proxy listener started.
Jun 20 04:12:13 gtw01 dnsmasq[16241]: read /var/lib/neutron/dhcp/8bd7fcc4-16e7-4df3-a7dd-878d16565cc0/addn_hosts - 4 addresses
Jun 20 04:12:13 gtw01 dnsmasq-dhcp[16241]: read /var/lib/neutron/dhcp/8bd7fcc4-16e7-4df3-a7dd-878d16565cc0/host
Jun 20 04:12:13 gtw01 dnsmasq-dhcp[16241]: read /var/lib/neutron/dhcp/8bd7fcc4-16e7-4df3-a7dd-878d16565cc0/opts
Jun 20 04:12:14 gtw01 kernel: [ 6535.855850] device qr-d83e1945-9b left promiscuous mode
Jun 20 04:12:14 gtw01 dnsmasq[16241]: read /var/lib/neutron/dhcp/8bd7fcc4-16e7-4df3-a7dd-878d16565cc0/addn_hosts - 4 addresses
Jun 20 04:12:14 gtw01 dnsmasq-dhcp[16241]: read /var/lib/neutron/dhcp/8bd7fcc4-16e7-4df3-a7dd-878d16565cc0/host
Jun 20 04:12:14 gtw01 dnsmasq-dhcp[16241]: read /var/lib/neutron/dhcp/8bd7fcc4-16e7-4df3-a7dd-878d16565cc0/opts
Jun 20 04:12:14 gtw01 kernel: [ 6536.565066] device qg-bd6e8927-f1 left promiscuous mode
Jun 20 04:12:15 gtw01 dnsmasq[16241]: read /var/lib/neutron/dhcp/8bd7fcc4-16e7-4df3-a7dd-878d16565cc0/addn_hosts - 4 addresses
Jun 20 04:12:15 gtw01 dnsmasq-dhcp[16241]: read /var/lib/neutron/dhcp/8bd7fcc4-16e7-4df3-a7dd-878d16565cc0/host
Jun 20 04:12:15 gtw01 dnsmasq-dhcp[16241]: read /var/lib/neutron/dhcp/8bd7fcc4-16e7-4df3-a7dd-878d16565cc0/opts
Jun 20 04:12:17 gtw01 kernel: [ 6538.992381] device tapf6e4192f-c6 left promiscuous mode
Jun 20 04:12:18 gtw01 dnsmasq-dhcp[6332]: DHCPRELEASE(tap7035d661-6c) 192.168.120.3 fa:16:3e:73:1f:2e
Jun 20 04:12:19 gtw01 dnsmasq[16241]: read /var/lib/neutron/dhcp/8bd7fcc4-16e7-4df3-a7dd-878d16565cc0/addn_hosts - 3 addresses
Jun 20 04:12:19 gtw01 dnsmasq-dhcp[16241]: read /var/lib/neutron/dhcp/8bd7fcc4-16e7-4df3-a7dd-878d16565cc0/host
Jun 20 04:12:19 gtw01 dnsmasq-dhcp[16241]: read /var/lib/neutron/dhcp/8bd7fcc4-16e7-4df3-a7dd-878d16565cc0/opts
Jun 20 04:12:22 gtw01 dnsmasq-dhcp[6332]: DHCPDISCOVER(tap7035d661-6c) fa:16:3e:a4:2e:9a
Jun 20 04:12:22 gtw01 dnsmasq-dhcp[6332]: DHCPOFFER(tap7035d661-6c) 192.168.120.4 fa:16:3e:a4:2e:9a
Jun 20 04:12:22 gtw01 dnsmasq-dhcp[6332]: DHCPREQUEST(tap7035d661-6c) 192.168.120.4 fa:16:3e:a4:2e:9a
Jun 20 04:12:22 gtw01 dnsmasq-dhcp[6332]: DHCPACK(tap7035d661-6c) 192.168.120.4 fa:16:3e:a4:2e:9a host-192-168-120-4
Jun 20 04:12:26 gtw01 dnsmasq[16241]: read /var/lib/neutron/dhcp/8bd7fcc4-16e7-4df3-a7dd-878d16565cc0/addn_hosts - 4 addresses
Jun 20 04:12:26 gtw01 dnsmasq-dhcp[16241]: read /var/lib/neutron/dhcp/8bd7fcc4-16e7-4df3-a7dd-878d16565cc0/host
Jun 20 04:12:26 gtw01 dnsmasq-dhcp[16241]: read /var/lib/neutron/dhcp/8bd7fcc4-16e7-4df3-a7dd-878d16565cc0/opts
Jun 20 04:12:27 gtw01 dnsmasq[16241]: read /var/lib/neutron/dhcp/8bd7fcc4-16e7-4df3-a7dd-878d16565cc0/addn_hosts - 4 addresses
Jun 20 04:12:27 gtw01 dnsmasq-dhcp[16241]: read /var/lib/neutron/dhcp/8bd7fcc4-16e7-4df3-a7dd-878d16565cc0/host
Jun 20 04:12:27 gtw01 dnsmasq-dhcp[16241]: read /var/lib/neutron/dhcp/8bd7fcc4-16e7-4df3-a7dd-878d16565cc0/opts
Jun 20 04:12:28 gtw01 dnsmasq[16241]: read /var/lib/neutron/dhcp/8bd7fcc4-16e7-4df3-a7dd-878d16565cc0/addn_hosts - 4 addresses
Jun 20 04:12:28 gtw01 dnsmasq-dhcp[16241]: read /var/lib/neutron/dhcp/8bd7fcc4-16e7-4df3-a7dd-878d16565cc0/host
Jun 20 04:12:28 gtw01 dnsmasq-dhcp[16241]: read /var/lib/neutron/dhcp/8bd7fcc4-16e7-4df3-a7dd-878d16565cc0/opts
Jun 20 04:12:29 gtw01 dnsmasq-dhcp[16241]: DHCPDISCOVER(tap1c74ca54-4e) fa:16:3e:0c:98:98
Jun 20 04:12:29 gtw01 dnsmasq-dhcp[16241]: DHCPOFFER(tap1c74ca54-4e) 192.168.120.20 fa:16:3e:0c:98:98
Jun 20 04:12:29 gtw01 dnsmasq-dhcp[16241]: DHCPREQUEST(tap1c74ca54-4e) 192.168.120.20 fa:16:3e:0c:98:98
Jun 20 04:12:29 gtw01 dnsmasq-dhcp[16241]: DHCPACK(tap1c74ca54-4e) 192.168.120.20 fa:16:3e:0c:98:98 host-192-168-120-20
Jun 20 04:12:33 gtw01 dnsmasq[16241]: read /var/lib/neutron/dhcp/8bd7fcc4-16e7-4df3-a7dd-878d16565cc0/addn_hosts - 3 addresses
Jun 20 04:12:33 gtw01 dnsmasq-dhcp[16241]: read /var/lib/neutron/dhcp/8bd7fcc4-16e7-4df3-a7dd-878d16565cc0/host
Jun 20 04:12:33 gtw01 dnsmasq-dhcp[16241]: read /var/lib/neutron/dhcp/8bd7fcc4-16e7-4df3-a7dd-878d16565cc0/opts
Jun 20 04:12:36 gtw01 dnsmasq-dhcp[6332]: DHCPDISCOVER(tap7035d661-6c) fa:16:3e:73:1f:2e
Jun 20 04:12:36 gtw01 dnsmasq-dhcp[6332]: DHCPOFFER(tap7035d661-6c) 192.168.120.3 fa:16:3e:73:1f:2e
Jun 20 04:12:36 gtw01 dnsmasq-dhcp[6332]: DHCPREQUEST(tap7035d661-6c) 192.168.120.3 fa:16:3e:73:1f:2e
Jun 20 04:12:36 gtw01 dnsmasq-dhcp[6332]: DHCPACK(tap7035d661-6c) 192.168.120.3 fa:16:3e:73:1f:2e host-192-168-120-3
Jun 20 04:12:44 gtw01 dnsmasq[16241]: read /var/lib/neutron/dhcp/8bd7fcc4-16e7-4df3-a7dd-878d16565cc0/addn_hosts - 4 addresses
Jun 20 04:12:44 gtw01 dnsmasq-dhcp[16241]: read /var/lib/neutron/dhcp/8bd7fcc4-16e7-4df3-a7dd-878d16565cc0/host
Jun 20 04:12:44 gtw01 dnsmasq-dhcp[16241]: read /var/lib/neutron/dhcp/8bd7fcc4-16e7-4df3-a7dd-878d16565cc0/opts
Jun 20 04:12:45 gtw01 dnsmasq[16241]: read /var/lib/neutron/dhcp/8bd7fcc4-16e7-4df3-a7dd-878d16565cc0/addn_hosts - 5 addresses
Jun 20 04:12:45 gtw01 dnsmasq-dhcp[16241]: read /var/lib/neutron/dhcp/8bd7fcc4-16e7-4df3-a7dd-878d16565cc0/host
Jun 20 04:12:45 gtw01 dnsmasq-dhcp[16241]: read /var/lib/neutron/dhcp/8bd7fcc4-16e7-4df3-a7dd-878d16565cc0/opts
Jun 20 04:12:45 gtw01 dnsmasq[16241]: read /var/lib/neutron/dhcp/8bd7fcc4-16e7-4df3-a7dd-878d16565cc0/addn_hosts - 6 addresses
Jun 20 04:12:45 gtw01 dnsmasq-dhcp[16241]: read /var/lib/neutron/dhcp/8bd7fcc4-16e7-4df3-a7dd-878d16565cc0/host
Jun 20 04:12:45 gtw01 dnsmasq-dhcp[16241]: read /var/lib/neutron/dhcp/8bd7fcc4-16e7-4df3-a7dd-878d16565cc0/opts
Jun 20 04:12:46 gtw01 dnsmasq[16241]: read /var/lib/neutron/dhcp/8bd7fcc4-16e7-4df3-a7dd-878d16565cc0/addn_hosts - 6 addresses
Jun 20 04:12:46 gtw01 dnsmasq-dhcp[16241]: read /var/lib/neutron/dhcp/8bd7fcc4-16e7-4df3-a7dd-878d16565cc0/host
Jun 20 04:12:46 gtw01 dnsmasq-dhcp[16241]: read /var/lib/neutron/dhcp/8bd7fcc4-16e7-4df3-a7dd-878d16565cc0/opts
Jun 20 04:12:47 gtw01 dnsmasq[16241]: read /var/lib/neutron/dhcp/8bd7fcc4-16e7-4df3-a7dd-878d16565cc0/addn_hosts - 6 addresses
Jun 20 04:12:47 gtw01 dnsmasq-dhcp[16241]: read /var/lib/neutron/dhcp/8bd7fcc4-16e7-4df3-a7dd-878d16565cc0/host
Jun 20 04:12:47 gtw01 dnsmasq-dhcp[16241]: read /var/lib/neutron/dhcp/8bd7fcc4-16e7-4df3-a7dd-878d16565cc0/opts
Jun 20 04:12:48 gtw01 dnsmasq[16241]: read /var/lib/neutron/dhcp/8bd7fcc4-16e7-4df3-a7dd-878d16565cc0/addn_hosts - 6 addresses
Jun 20 04:12:48 gtw01 dnsmasq-dhcp[16241]: read /var/lib/neutron/dhcp/8bd7fcc4-16e7-4df3-a7dd-878d16565cc0/host
Jun 20 04:12:48 gtw01 dnsmasq-dhcp[16241]: read /var/lib/neutron/dhcp/8bd7fcc4-16e7-4df3-a7dd-878d16565cc0/opts
Jun 20 04:12:49 gtw01 dnsmasq[16241]: read /var/lib/neutron/dhcp/8bd7fcc4-16e7-4df3-a7dd-878d16565cc0/addn_hosts - 6 addresses
Jun 20 04:12:49 gtw01 dnsmasq-dhcp[16241]: read /var/lib/neutron/dhcp/8bd7fcc4-16e7-4df3-a7dd-878d16565cc0/host
Jun 20 04:12:49 gtw01 dnsmasq-dhcp[16241]: read /var/lib/neutron/dhcp/8bd7fcc4-16e7-4df3-a7dd-878d16565cc0/opts
Jun 20 04:12:50 gtw01 dnsmasq[16241]: read /var/lib/neutron/dhcp/8bd7fcc4-16e7-4df3-a7dd-878d16565cc0/addn_hosts - 6 addresses
Jun 20 04:12:50 gtw01 dnsmasq-dhcp[16241]: read /var/lib/neutron/dhcp/8bd7fcc4-16e7-4df3-a7dd-878d16565cc0/host
Jun 20 04:12:50 gtw01 dnsmasq-dhcp[16241]: read /var/lib/neutron/dhcp/8bd7fcc4-16e7-4df3-a7dd-878d16565cc0/opts
Jun 20 04:12:51 gtw01 dnsmasq-dhcp[6332]: DHCPDISCOVER(tap7035d661-6c) fa:16:3e:73:1f:2e
Jun 20 04:12:51 gtw01 dnsmasq-dhcp[6332]: DHCPOFFER(tap7035d661-6c) 192.168.120.3 fa:16:3e:73:1f:2e
Jun 20 04:12:51 gtw01 dnsmasq-dhcp[6332]: DHCPREQUEST(tap7035d661-6c) 192.168.120.3 fa:16:3e:73:1f:2e
Jun 20 04:12:51 gtw01 dnsmasq-dhcp[6332]: DHCPACK(tap7035d661-6c) 192.168.120.3 fa:16:3e:73:1f:2e host-192-168-120-3
Jun 20 04:12:51 gtw01 dnsmasq[16241]: read /var/lib/neutron/dhcp/8bd7fcc4-16e7-4df3-a7dd-878d16565cc0/addn_hosts - 6 addresses
Jun 20 04:12:51 gtw01 dnsmasq-dhcp[16241]: read /var/lib/neutron/dhcp/8bd7fcc4-16e7-4df3-a7dd-878d16565cc0/host
Jun 20 04:12:51 gtw01 dnsmasq-dhcp[16241]: read /var/lib/neutron/dhcp/8bd7fcc4-16e7-4df3-a7dd-878d16565cc0/opts
Jun 20 04:12:55 gtw01 dnsmasq-dhcp[16241]: DHCPRELEASE(tap1c74ca54-4e) 192.168.120.20 fa:16:3e:0c:98:98
Jun 20 04:12:58 gtw01 dnsmasq[16241]: read /var/lib/neutron/dhcp/8bd7fcc4-16e7-4df3-a7dd-878d16565cc0/addn_hosts - 5 addresses
Jun 20 04:12:58 gtw01 dnsmasq-dhcp[16241]: read /var/lib/neutron/dhcp/8bd7fcc4-16e7-4df3-a7dd-878d16565cc0/host
Jun 20 04:12:58 gtw01 dnsmasq-dhcp[16241]: read /var/lib/neutron/dhcp/8bd7fcc4-16e7-4df3-a7dd-878d16565cc0/opts
Jun 20 04:12:58 gtw01 dnsmasq-dhcp[6332]: DHCPRELEASE(tap7035d661-6c) 192.168.120.3 fa:16:3e:73:1f:2e
Jun 20 04:13:00 gtw01 dnsmasq-dhcp[16241]: DHCPDISCOVER(tap1c74ca54-4e) fa:16:3e:08:f9:6a
Jun 20 04:13:00 gtw01 dnsmasq-dhcp[16241]: DHCPOFFER(tap1c74ca54-4e) 192.168.120.26 fa:16:3e:08:f9:6a
Jun 20 04:13:00 gtw01 dnsmasq-dhcp[16241]: DHCPREQUEST(tap1c74ca54-4e) 192.168.120.26 fa:16:3e:08:f9:6a
Jun 20 04:13:00 gtw01 dnsmasq-dhcp[16241]: DHCPACK(tap1c74ca54-4e) 192.168.120.26 fa:16:3e:08:f9:6a host-192-168-120-26
Jun 20 04:13:00 gtw01 dnsmasq[16241]: read /var/lib/neutron/dhcp/8bd7fcc4-16e7-4df3-a7dd-878d16565cc0/addn_hosts - 5 addresses
Jun 20 04:13:00 gtw01 dnsmasq-dhcp[16241]: read /var/lib/neutron/dhcp/8bd7fcc4-16e7-4df3-a7dd-878d16565cc0/host
Jun 20 04:13:00 gtw01 dnsmasq-dhcp[16241]: read /var/lib/neutron/dhcp/8bd7fcc4-16e7-4df3-a7dd-878d16565cc0/opts
Jun 20 04:13:01 gtw01 dnsmasq[16241]: read /var/lib/neutron/dhcp/8bd7fcc4-16e7-4df3-a7dd-878d16565cc0/addn_hosts - 5 addresses
Jun 20 04:13:01 gtw01 dnsmasq-dhcp[16241]: read /var/lib/neutron/dhcp/8bd7fcc4-16e7-4df3-a7dd-878d16565cc0/host
Jun 20 04:13:01 gtw01 dnsmasq-dhcp[16241]: read /var/lib/neutron/dhcp/8bd7fcc4-16e7-4df3-a7dd-878d16565cc0/opts
Jun 20 04:13:02 gtw01 dnsmasq-dhcp[16241]: DHCPRELEASE(tap1c74ca54-4e) 192.168.120.26 fa:16:3e:08:f9:6a
Jun 20 04:13:02 gtw01 dnsmasq-dhcp[16241]: DHCPRELEASE(tap1c74ca54-4e) 192.168.120.26 fa:16:3e:08:f9:6a unknown lease
Jun 20 04:13:03 gtw01 dnsmasq[16241]: read /var/lib/neutron/dhcp/8bd7fcc4-16e7-4df3-a7dd-878d16565cc0/addn_hosts - 4 addresses
Jun 20 04:13:03 gtw01 dnsmasq-dhcp[16241]: read /var/lib/neutron/dhcp/8bd7fcc4-16e7-4df3-a7dd-878d16565cc0/host
Jun 20 04:13:03 gtw01 dnsmasq-dhcp[16241]: read /var/lib/neutron/dhcp/8bd7fcc4-16e7-4df3-a7dd-878d16565cc0/opts
Jun 20 04:13:04 gtw01 dnsmasq[16241]: read /var/lib/neutron/dhcp/8bd7fcc4-16e7-4df3-a7dd-878d16565cc0/addn_hosts - 3 addresses
Jun 20 04:13:04 gtw01 dnsmasq-dhcp[16241]: read /var/lib/neutron/dhcp/8bd7fcc4-16e7-4df3-a7dd-878d16565cc0/host
Jun 20 04:13:04 gtw01 dnsmasq-dhcp[16241]: read /var/lib/neutron/dhcp/8bd7fcc4-16e7-4df3-a7dd-878d16565cc0/opts
Jun 20 04:13:09 gtw01 dnsmasq[16241]: read /var/lib/neutron/dhcp/8bd7fcc4-16e7-4df3-a7dd-878d16565cc0/addn_hosts - 2 addresses
Jun 20 04:13:09 gtw01 dnsmasq-dhcp[16241]: read /var/lib/neutron/dhcp/8bd7fcc4-16e7-4df3-a7dd-878d16565cc0/host
Jun 20 04:13:09 gtw01 dnsmasq-dhcp[16241]: read /var/lib/neutron/dhcp/8bd7fcc4-16e7-4df3-a7dd-878d16565cc0/opts
Jun 20 04:13:12 gtw01 dnsmasq[16241]: read /var/lib/neutron/dhcp/8bd7fcc4-16e7-4df3-a7dd-878d16565cc0/addn_hosts - 3 addresses
Jun 20 04:13:12 gtw01 dnsmasq-dhcp[16241]: read /var/lib/neutron/dhcp/8bd7fcc4-16e7-4df3-a7dd-878d16565cc0/host
Jun 20 04:13:12 gtw01 dnsmasq-dhcp[16241]: read /var/lib/neutron/dhcp/8bd7fcc4-16e7-4df3-a7dd-878d16565cc0/opts
Jun 20 04:13:13 gtw01 dnsmasq[16241]: read /var/lib/neutron/dhcp/8bd7fcc4-16e7-4df3-a7dd-878d16565cc0/addn_hosts - 3 addresses
Jun 20 04:13:13 gtw01 dnsmasq-dhcp[16241]: read /var/lib/neutron/dhcp/8bd7fcc4-16e7-4df3-a7dd-878d16565cc0/host
Jun 20 04:13:13 gtw01 dnsmasq-dhcp[16241]: read /var/lib/neutron/dhcp/8bd7fcc4-16e7-4df3-a7dd-878d16565cc0/opts
Jun 20 04:13:14 gtw01 dnsmasq[16241]: read /var/lib/neutron/dhcp/8bd7fcc4-16e7-4df3-a7dd-878d16565cc0/addn_hosts - 3 addresses
Jun 20 04:13:14 gtw01 dnsmasq-dhcp[16241]: read /var/lib/neutron/dhcp/8bd7fcc4-16e7-4df3-a7dd-878d16565cc0/host
Jun 20 04:13:14 gtw01 dnsmasq-dhcp[16241]: read /var/lib/neutron/dhcp/8bd7fcc4-16e7-4df3-a7dd-878d16565cc0/opts
Jun 20 04:13:14 gtw01 dnsmasq[16241]: read /var/lib/neutron/dhcp/8bd7fcc4-16e7-4df3-a7dd-878d16565cc0/addn_hosts - 4 addresses
Jun 20 04:13:14 gtw01 dnsmasq-dhcp[16241]: read /var/lib/neutron/dhcp/8bd7fcc4-16e7-4df3-a7dd-878d16565cc0/host
Jun 20 04:13:14 gtw01 dnsmasq-dhcp[16241]: read /var/lib/neutron/dhcp/8bd7fcc4-16e7-4df3-a7dd-878d16565cc0/opts
Jun 20 04:13:15 gtw01 dnsmasq-dhcp[6332]: DHCPDISCOVER(tap7035d661-6c) fa:16:3e:73:1f:2e
Jun 20 04:13:15 gtw01 dnsmasq-dhcp[6332]: DHCPOFFER(tap7035d661-6c) 192.168.120.3 fa:16:3e:73:1f:2e
Jun 20 04:13:15 gtw01 dnsmasq-dhcp[6332]: DHCPREQUEST(tap7035d661-6c) 192.168.120.3 fa:16:3e:73:1f:2e
Jun 20 04:13:15 gtw01 dnsmasq-dhcp[6332]: DHCPACK(tap7035d661-6c) 192.168.120.3 fa:16:3e:73:1f:2e host-192-168-120-3
Jun 20 04:13:15 gtw01 dnsmasq[16241]: read /var/lib/neutron/dhcp/8bd7fcc4-16e7-4df3-a7dd-878d16565cc0/addn_hosts - 4 addresses
Jun 20 04:13:15 gtw01 dnsmasq-dhcp[16241]: read /var/lib/neutron/dhcp/8bd7fcc4-16e7-4df3-a7dd-878d16565cc0/host
Jun 20 04:13:15 gtw01 dnsmasq-dhcp[16241]: read /var/lib/neutron/dhcp/8bd7fcc4-16e7-4df3-a7dd-878d16565cc0/opts
Jun 20 04:13:16 gtw01 dnsmasq[16241]: read /var/lib/neutron/dhcp/8bd7fcc4-16e7-4df3-a7dd-878d16565cc0/addn_hosts - 5 addresses
Jun 20 04:13:16 gtw01 dnsmasq-dhcp[16241]: read /var/lib/neutron/dhcp/8bd7fcc4-16e7-4df3-a7dd-878d16565cc0/host
Jun 20 04:13:16 gtw01 dnsmasq-dhcp[16241]: read /var/lib/neutron/dhcp/8bd7fcc4-16e7-4df3-a7dd-878d16565cc0/opts
Jun 20 04:13:17 gtw01 dnsmasq[16241]: read /var/lib/neutron/dhcp/8bd7fcc4-16e7-4df3-a7dd-878d16565cc0/addn_hosts - 5 addresses
Jun 20 04:13:17 gtw01 dnsmasq-dhcp[16241]: read /var/lib/neutron/dhcp/8bd7fcc4-16e7-4df3-a7dd-878d16565cc0/host
Jun 20 04:13:17 gtw01 dnsmasq-dhcp[16241]: read /var/lib/neutron/dhcp/8bd7fcc4-16e7-4df3-a7dd-878d16565cc0/opts
Jun 20 04:13:18 gtw01 dnsmasq[16241]: read /var/lib/neutron/dhcp/8bd7fcc4-16e7-4df3-a7dd-878d16565cc0/addn_hosts - 5 addresses
Jun 20 04:13:18 gtw01 dnsmasq-dhcp[16241]: read /var/lib/neutron/dhcp/8bd7fcc4-16e7-4df3-a7dd-878d16565cc0/host
Jun 20 04:13:18 gtw01 dnsmasq-dhcp[16241]: read /var/lib/neutron/dhcp/8bd7fcc4-16e7-4df3-a7dd-878d16565cc0/opts
Jun 20 04:13:19 gtw01 dnsmasq[16241]: read /var/lib/neutron/dhcp/8bd7fcc4-16e7-4df3-a7dd-878d16565cc0/addn_hosts - 5 addresses
Jun 20 04:13:19 gtw01 dnsmasq-dhcp[16241]: read /var/lib/neutron/dhcp/8bd7fcc4-16e7-4df3-a7dd-878d16565cc0/host
Jun 20 04:13:19 gtw01 dnsmasq-dhcp[16241]: read /var/lib/neutron/dhcp/8bd7fcc4-16e7-4df3-a7dd-878d16565cc0/opts
Jun 20 04:13:23 gtw01 dnsmasq-dhcp[6332]: DHCPRELEASE(tap7035d661-6c) 192.168.120.3 fa:16:3e:73:1f:2e
Jun 20 04:13:25 gtw01 dnsmasq[16241]: read /var/lib/neutron/dhcp/8bd7fcc4-16e7-4df3-a7dd-878d16565cc0/addn_hosts - 4 addresses
Jun 20 04:13:25 gtw01 dnsmasq-dhcp[16241]: read /var/lib/neutron/dhcp/8bd7fcc4-16e7-4df3-a7dd-878d16565cc0/host
Jun 20 04:13:25 gtw01 dnsmasq-dhcp[16241]: read /var/lib/neutron/dhcp/8bd7fcc4-16e7-4df3-a7dd-878d16565cc0/opts
Jun 20 04:13:26 gtw01 dnsmasq[16241]: read /var/lib/neutron/dhcp/8bd7fcc4-16e7-4df3-a7dd-878d16565cc0/addn_hosts - 3 addresses
Jun 20 04:13:26 gtw01 dnsmasq-dhcp[16241]: read /var/lib/neutron/dhcp/8bd7fcc4-16e7-4df3-a7dd-878d16565cc0/host
Jun 20 04:13:26 gtw01 dnsmasq-dhcp[16241]: read /var/lib/neutron/dhcp/8bd7fcc4-16e7-4df3-a7dd-878d16565cc0/opts
Jun 20 04:13:27 gtw01 dnsmasq-dhcp[16241]: DHCPDISCOVER(tap1c74ca54-4e) fa:16:3e:fe:0e:79
Jun 20 04:13:27 gtw01 dnsmasq-dhcp[16241]: DHCPOFFER(tap1c74ca54-4e) 192.168.120.4 fa:16:3e:fe:0e:79
Jun 20 04:13:27 gtw01 dnsmasq-dhcp[16241]: DHCPREQUEST(tap1c74ca54-4e) 192.168.120.4 fa:16:3e:fe:0e:79
Jun 20 04:13:27 gtw01 dnsmasq-dhcp[16241]: DHCPACK(tap1c74ca54-4e) 192.168.120.4 fa:16:3e:fe:0e:79 host-192-168-120-4
Jun 20 04:13:30 gtw01 dnsmasq[16241]: read /var/lib/neutron/dhcp/8bd7fcc4-16e7-4df3-a7dd-878d16565cc0/addn_hosts - 4 addresses
Jun 20 04:13:30 gtw01 dnsmasq-dhcp[16241]: read /var/lib/neutron/dhcp/8bd7fcc4-16e7-4df3-a7dd-878d16565cc0/host
Jun 20 04:13:30 gtw01 dnsmasq-dhcp[16241]: read /var/lib/neutron/dhcp/8bd7fcc4-16e7-4df3-a7dd-878d16565cc0/opts
Jun 20 04:13:31 gtw01 dnsmasq[16241]: read /var/lib/neutron/dhcp/8bd7fcc4-16e7-4df3-a7dd-878d16565cc0/addn_hosts - 5 addresses
Jun 20 04:13:31 gtw01 dnsmasq-dhcp[16241]: read /var/lib/neutron/dhcp/8bd7fcc4-16e7-4df3-a7dd-878d16565cc0/host
Jun 20 04:13:31 gtw01 dnsmasq-dhcp[16241]: read /var/lib/neutron/dhcp/8bd7fcc4-16e7-4df3-a7dd-878d16565cc0/opts
Jun 20 04:13:31 gtw01 dnsmasq-dhcp[16241]: DHCPRELEASE(tap1c74ca54-4e) 192.168.120.4 fa:16:3e:fe:0e:79
Jun 20 04:13:32 gtw01 dnsmasq[16241]: read /var/lib/neutron/dhcp/8bd7fcc4-16e7-4df3-a7dd-878d16565cc0/addn_hosts - 5 addresses
Jun 20 04:13:32 gtw01 dnsmasq-dhcp[16241]: read /var/lib/neutron/dhcp/8bd7fcc4-16e7-4df3-a7dd-878d16565cc0/host
Jun 20 04:13:32 gtw01 dnsmasq-dhcp[16241]: read /var/lib/neutron/dhcp/8bd7fcc4-16e7-4df3-a7dd-878d16565cc0/opts
Jun 20 04:13:32 gtw01 dnsmasq[16241]: read /var/lib/neutron/dhcp/8bd7fcc4-16e7-4df3-a7dd-878d16565cc0/addn_hosts - 5 addresses
Jun 20 04:13:32 gtw01 dnsmasq-dhcp[16241]: read /var/lib/neutron/dhcp/8bd7fcc4-16e7-4df3-a7dd-878d16565cc0/host
Jun 20 04:13:32 gtw01 dnsmasq-dhcp[16241]: read /var/lib/neutron/dhcp/8bd7fcc4-16e7-4df3-a7dd-878d16565cc0/opts
Jun 20 04:13:33 gtw01 dnsmasq[16241]: read /var/lib/neutron/dhcp/8bd7fcc4-16e7-4df3-a7dd-878d16565cc0/addn_hosts - 5 addresses
Jun 20 04:13:33 gtw01 dnsmasq-dhcp[16241]: read /var/lib/neutron/dhcp/8bd7fcc4-16e7-4df3-a7dd-878d16565cc0/host
Jun 20 04:13:33 gtw01 dnsmasq-dhcp[16241]: read /var/lib/neutron/dhcp/8bd7fcc4-16e7-4df3-a7dd-878d16565cc0/opts
Jun 20 04:13:34 gtw01 dnsmasq[16241]: read /var/lib/neutron/dhcp/8bd7fcc4-16e7-4df3-a7dd-878d16565cc0/addn_hosts - 5 addresses
Jun 20 04:13:34 gtw01 dnsmasq-dhcp[16241]: read /var/lib/neutron/dhcp/8bd7fcc4-16e7-4df3-a7dd-878d16565cc0/host
Jun 20 04:13:34 gtw01 dnsmasq-dhcp[16241]: read /var/lib/neutron/dhcp/8bd7fcc4-16e7-4df3-a7dd-878d16565cc0/opts
Jun 20 04:13:37 gtw01 dnsmasq[16241]: read /var/lib/neutron/dhcp/8bd7fcc4-16e7-4df3-a7dd-878d16565cc0/addn_hosts - 4 addresses
Jun 20 04:13:37 gtw01 dnsmasq-dhcp[16241]: read /var/lib/neutron/dhcp/8bd7fcc4-16e7-4df3-a7dd-878d16565cc0/host
Jun 20 04:13:37 gtw01 dnsmasq-dhcp[16241]: read /var/lib/neutron/dhcp/8bd7fcc4-16e7-4df3-a7dd-878d16565cc0/opts
Jun 20 04:13:38 gtw01 dnsmasq[16241]: read /var/lib/neutron/dhcp/8bd7fcc4-16e7-4df3-a7dd-878d16565cc0/addn_hosts - 3 addresses
Jun 20 04:13:38 gtw01 dnsmasq-dhcp[16241]: read /var/lib/neutron/dhcp/8bd7fcc4-16e7-4df3-a7dd-878d16565cc0/host
Jun 20 04:13:38 gtw01 dnsmasq-dhcp[16241]: read /var/lib/neutron/dhcp/8bd7fcc4-16e7-4df3-a7dd-878d16565cc0/opts
Jun 20 04:13:39 gtw01 dnsmasq-dhcp[6332]: DHCPDISCOVER(tap7035d661-6c) fa:16:3e:73:1f:2e
Jun 20 04:13:39 gtw01 dnsmasq-dhcp[6332]: DHCPOFFER(tap7035d661-6c) 192.168.120.3 fa:16:3e:73:1f:2e
Jun 20 04:13:39 gtw01 dnsmasq-dhcp[6332]: DHCPREQUEST(tap7035d661-6c) 192.168.120.3 fa:16:3e:73:1f:2e
Jun 20 04:13:39 gtw01 dnsmasq-dhcp[6332]: DHCPACK(tap7035d661-6c) 192.168.120.3 fa:16:3e:73:1f:2e host-192-168-120-3
Jun 20 04:13:41 gtw01 dnsmasq-dhcp[6332]: DHCPRELEASE(tap7035d661-6c) 192.168.120.3 fa:16:3e:73:1f:2e
Jun 20 04:13:43 gtw01 dnsmasq[16241]: read /var/lib/neutron/dhcp/8bd7fcc4-16e7-4df3-a7dd-878d16565cc0/addn_hosts - 2 addresses
Jun 20 04:13:43 gtw01 dnsmasq-dhcp[16241]: read /var/lib/neutron/dhcp/8bd7fcc4-16e7-4df3-a7dd-878d16565cc0/host
Jun 20 04:13:43 gtw01 dnsmasq-dhcp[16241]: read /var/lib/neutron/dhcp/8bd7fcc4-16e7-4df3-a7dd-878d16565cc0/opts
Jun 20 04:13:45 gtw01 dnsmasq[16241]: read /var/lib/neutron/dhcp/8bd7fcc4-16e7-4df3-a7dd-878d16565cc0/addn_hosts - 3 addresses
Jun 20 04:13:45 gtw01 dnsmasq-dhcp[16241]: read /var/lib/neutron/dhcp/8bd7fcc4-16e7-4df3-a7dd-878d16565cc0/host
Jun 20 04:13:45 gtw01 dnsmasq-dhcp[16241]: read /var/lib/neutron/dhcp/8bd7fcc4-16e7-4df3-a7dd-878d16565cc0/opts
Jun 20 04:13:47 gtw01 dnsmasq[16241]: read /var/lib/neutron/dhcp/8bd7fcc4-16e7-4df3-a7dd-878d16565cc0/addn_hosts - 3 addresses
Jun 20 04:13:47 gtw01 dnsmasq-dhcp[16241]: read /var/lib/neutron/dhcp/8bd7fcc4-16e7-4df3-a7dd-878d16565cc0/host
Jun 20 04:13:47 gtw01 dnsmasq-dhcp[16241]: read /var/lib/neutron/dhcp/8bd7fcc4-16e7-4df3-a7dd-878d16565cc0/opts
Jun 20 04:13:47 gtw01 dnsmasq[16241]: read /var/lib/neutron/dhcp/8bd7fcc4-16e7-4df3-a7dd-878d16565cc0/addn_hosts - 3 addresses
Jun 20 04:13:47 gtw01 dnsmasq-dhcp[16241]: read /var/lib/neutron/dhcp/8bd7fcc4-16e7-4df3-a7dd-878d16565cc0/host
Jun 20 04:13:47 gtw01 dnsmasq-dhcp[16241]: read /var/lib/neutron/dhcp/8bd7fcc4-16e7-4df3-a7dd-878d16565cc0/opts
Jun 20 04:13:54 gtw01 dnsmasq[16241]: read /var/lib/neutron/dhcp/8bd7fcc4-16e7-4df3-a7dd-878d16565cc0/addn_hosts - 2 addresses
Jun 20 04:13:54 gtw01 dnsmasq-dhcp[16241]: read /var/lib/neutron/dhcp/8bd7fcc4-16e7-4df3-a7dd-878d16565cc0/host
Jun 20 04:13:54 gtw01 dnsmasq-dhcp[16241]: read /var/lib/neutron/dhcp/8bd7fcc4-16e7-4df3-a7dd-878d16565cc0/opts
Jun 20 04:14:02 gtw01 dnsmasq-dhcp[6332]: DHCPDISCOVER(tap7035d661-6c) fa:16:3e:73:1f:2e
Jun 20 04:14:02 gtw01 dnsmasq-dhcp[6332]: DHCPOFFER(tap7035d661-6c) 192.168.120.3 fa:16:3e:73:1f:2e
Jun 20 04:14:02 gtw01 dnsmasq-dhcp[6332]: DHCPREQUEST(tap7035d661-6c) 192.168.120.3 fa:16:3e:73:1f:2e
Jun 20 04:14:02 gtw01 dnsmasq-dhcp[6332]: DHCPACK(tap7035d661-6c) 192.168.120.3 fa:16:3e:73:1f:2e host-192-168-120-3
Jun 20 04:14:03 gtw01 dnsmasq-dhcp[6332]: DHCPRELEASE(tap7035d661-6c) 192.168.120.3 fa:16:3e:73:1f:2e
Jun 20 04:14:17 gtw01 dnsmasq[6332]: read /var/lib/neutron/dhcp/5de20df5-1bb3-4e9a-ba34-f99287ca7ca1/addn_hosts - 6 addresses
Jun 20 04:14:17 gtw01 dnsmasq-dhcp[6332]: read /var/lib/neutron/dhcp/5de20df5-1bb3-4e9a-ba34-f99287ca7ca1/host
Jun 20 04:14:17 gtw01 dnsmasq-dhcp[6332]: read /var/lib/neutron/dhcp/5de20df5-1bb3-4e9a-ba34-f99287ca7ca1/opts
Jun 20 04:14:18 gtw01 dnsmasq[6332]: read /var/lib/neutron/dhcp/5de20df5-1bb3-4e9a-ba34-f99287ca7ca1/addn_hosts - 6 addresses
Jun 20 04:14:18 gtw01 dnsmasq-dhcp[6332]: read /var/lib/neutron/dhcp/5de20df5-1bb3-4e9a-ba34-f99287ca7ca1/host
Jun 20 04:14:18 gtw01 dnsmasq-dhcp[6332]: read /var/lib/neutron/dhcp/5de20df5-1bb3-4e9a-ba34-f99287ca7ca1/opts
Jun 20 04:14:19 gtw01 dnsmasq[6332]: read /var/lib/neutron/dhcp/5de20df5-1bb3-4e9a-ba34-f99287ca7ca1/addn_hosts - 6 addresses
Jun 20 04:14:19 gtw01 dnsmasq-dhcp[6332]: read /var/lib/neutron/dhcp/5de20df5-1bb3-4e9a-ba34-f99287ca7ca1/host
Jun 20 04:14:19 gtw01 dnsmasq-dhcp[6332]: read /var/lib/neutron/dhcp/5de20df5-1bb3-4e9a-ba34-f99287ca7ca1/opts
Jun 20 04:14:21 gtw01 dnsmasq[16241]: read /var/lib/neutron/dhcp/8bd7fcc4-16e7-4df3-a7dd-878d16565cc0/addn_hosts - 3 addresses
Jun 20 04:14:21 gtw01 dnsmasq-dhcp[16241]: read /var/lib/neutron/dhcp/8bd7fcc4-16e7-4df3-a7dd-878d16565cc0/host
Jun 20 04:14:21 gtw01 dnsmasq-dhcp[16241]: read /var/lib/neutron/dhcp/8bd7fcc4-16e7-4df3-a7dd-878d16565cc0/opts
Jun 20 04:14:21 gtw01 dnsmasq[16241]: read /var/lib/neutron/dhcp/8bd7fcc4-16e7-4df3-a7dd-878d16565cc0/addn_hosts - 3 addresses
Jun 20 04:14:21 gtw01 dnsmasq-dhcp[16241]: read /var/lib/neutron/dhcp/8bd7fcc4-16e7-4df3-a7dd-878d16565cc0/host
Jun 20 04:14:21 gtw01 dnsmasq-dhcp[16241]: read /var/lib/neutron/dhcp/8bd7fcc4-16e7-4df3-a7dd-878d16565cc0/opts
Jun 20 04:14:22 gtw01 dnsmasq[16241]: read /var/lib/neutron/dhcp/8bd7fcc4-16e7-4df3-a7dd-878d16565cc0/addn_hosts - 3 addresses
Jun 20 04:14:22 gtw01 dnsmasq-dhcp[16241]: read /var/lib/neutron/dhcp/8bd7fcc4-16e7-4df3-a7dd-878d16565cc0/host
Jun 20 04:14:22 gtw01 dnsmasq-dhcp[16241]: read /var/lib/neutron/dhcp/8bd7fcc4-16e7-4df3-a7dd-878d16565cc0/opts
Jun 20 04:14:23 gtw01 dnsmasq-dhcp[6332]: DHCPDISCOVER(tap7035d661-6c) fa:16:3e:73:1f:2e
Jun 20 04:14:23 gtw01 dnsmasq-dhcp[6332]: DHCPOFFER(tap7035d661-6c) 192.168.120.3 fa:16:3e:73:1f:2e
Jun 20 04:14:23 gtw01 dnsmasq-dhcp[6332]: DHCPREQUEST(tap7035d661-6c) 192.168.120.3 fa:16:3e:73:1f:2e
Jun 20 04:14:23 gtw01 dnsmasq-dhcp[6332]: DHCPACK(tap7035d661-6c) 192.168.120.3 fa:16:3e:73:1f:2e host-192-168-120-3
Jun 20 04:14:24 gtw01 dnsmasq[6332]: read /var/lib/neutron/dhcp/5de20df5-1bb3-4e9a-ba34-f99287ca7ca1/addn_hosts - 6 addresses
Jun 20 04:14:24 gtw01 dnsmasq-dhcp[6332]: read /var/lib/neutron/dhcp/5de20df5-1bb3-4e9a-ba34-f99287ca7ca1/host
Jun 20 04:14:24 gtw01 dnsmasq-dhcp[6332]: read /var/lib/neutron/dhcp/5de20df5-1bb3-4e9a-ba34-f99287ca7ca1/opts
Jun 20 04:14:24 gtw01 dnsmasq[16241]: read /var/lib/neutron/dhcp/8bd7fcc4-16e7-4df3-a7dd-878d16565cc0/addn_hosts - 4 addresses
Jun 20 04:14:24 gtw01 dnsmasq-dhcp[16241]: read /var/lib/neutron/dhcp/8bd7fcc4-16e7-4df3-a7dd-878d16565cc0/host
Jun 20 04:14:24 gtw01 dnsmasq-dhcp[16241]: read /var/lib/neutron/dhcp/8bd7fcc4-16e7-4df3-a7dd-878d16565cc0/opts
Jun 20 04:14:25 gtw01 dnsmasq[16241]: read /var/lib/neutron/dhcp/8bd7fcc4-16e7-4df3-a7dd-878d16565cc0/addn_hosts - 4 addresses
Jun 20 04:14:25 gtw01 dnsmasq-dhcp[16241]: read /var/lib/neutron/dhcp/8bd7fcc4-16e7-4df3-a7dd-878d16565cc0/host
Jun 20 04:14:25 gtw01 dnsmasq-dhcp[16241]: read /var/lib/neutron/dhcp/8bd7fcc4-16e7-4df3-a7dd-878d16565cc0/opts
Jun 20 04:14:26 gtw01 dnsmasq[16241]: read /var/lib/neutron/dhcp/8bd7fcc4-16e7-4df3-a7dd-878d16565cc0/addn_hosts - 4 addresses
Jun 20 04:14:26 gtw01 dnsmasq-dhcp[16241]: read /var/lib/neutron/dhcp/8bd7fcc4-16e7-4df3-a7dd-878d16565cc0/host
Jun 20 04:14:26 gtw01 dnsmasq-dhcp[16241]: read /var/lib/neutron/dhcp/8bd7fcc4-16e7-4df3-a7dd-878d16565cc0/opts
Jun 20 04:14:27 gtw01 dnsmasq-dhcp[6332]: DHCPRELEASE(tap7035d661-6c) 192.168.120.3 fa:16:3e:73:1f:2e
Jun 20 04:14:31 gtw01 dnsmasq[16241]: read /var/lib/neutron/dhcp/8bd7fcc4-16e7-4df3-a7dd-878d16565cc0/addn_hosts - 3 addresses
Jun 20 04:14:31 gtw01 dnsmasq-dhcp[16241]: read /var/lib/neutron/dhcp/8bd7fcc4-16e7-4df3-a7dd-878d16565cc0/host
Jun 20 04:14:31 gtw01 dnsmasq-dhcp[16241]: read /var/lib/neutron/dhcp/8bd7fcc4-16e7-4df3-a7dd-878d16565cc0/opts
Jun 20 04:14:32 gtw01 dnsmasq-dhcp[6332]: DHCPDISCOVER(tap7035d661-6c) fa:16:3e:c0:26:cf
Jun 20 04:14:32 gtw01 dnsmasq-dhcp[6332]: DHCPOFFER(tap7035d661-6c) 192.168.120.8 fa:16:3e:c0:26:cf
Jun 20 04:14:32 gtw01 dnsmasq-dhcp[6332]: DHCPREQUEST(tap7035d661-6c) 192.168.120.8 fa:16:3e:c0:26:cf
Jun 20 04:14:32 gtw01 dnsmasq-dhcp[6332]: DHCPACK(tap7035d661-6c) 192.168.120.8 fa:16:3e:c0:26:cf host-192-168-120-8
Jun 20 04:14:37 gtw01 dnsmasq[16241]: read /var/lib/neutron/dhcp/8bd7fcc4-16e7-4df3-a7dd-878d16565cc0/addn_hosts - 2 addresses
Jun 20 04:14:37 gtw01 dnsmasq-dhcp[16241]: read /var/lib/neutron/dhcp/8bd7fcc4-16e7-4df3-a7dd-878d16565cc0/host
Jun 20 04:14:37 gtw01 dnsmasq-dhcp[16241]: read /var/lib/neutron/dhcp/8bd7fcc4-16e7-4df3-a7dd-878d16565cc0/opts
Jun 20 04:14:39 gtw01 dnsmasq[6332]: read /var/lib/neutron/dhcp/5de20df5-1bb3-4e9a-ba34-f99287ca7ca1/addn_hosts - 5 addresses
Jun 20 04:14:39 gtw01 dnsmasq-dhcp[6332]: read /var/lib/neutron/dhcp/5de20df5-1bb3-4e9a-ba34-f99287ca7ca1/host
Jun 20 04:14:39 gtw01 dnsmasq-dhcp[6332]: read /var/lib/neutron/dhcp/5de20df5-1bb3-4e9a-ba34-f99287ca7ca1/opts
Jun 20 04:14:41 gtw01 dnsmasq[16241]: read /var/lib/neutron/dhcp/8bd7fcc4-16e7-4df3-a7dd-878d16565cc0/addn_hosts - 3 addresses
Jun 20 04:14:41 gtw01 dnsmasq-dhcp[16241]: read /var/lib/neutron/dhcp/8bd7fcc4-16e7-4df3-a7dd-878d16565cc0/host
Jun 20 04:14:41 gtw01 dnsmasq-dhcp[16241]: read /var/lib/neutron/dhcp/8bd7fcc4-16e7-4df3-a7dd-878d16565cc0/opts
Jun 20 04:14:43 gtw01 dnsmasq[16241]: read /var/lib/neutron/dhcp/8bd7fcc4-16e7-4df3-a7dd-878d16565cc0/addn_hosts - 3 addresses
Jun 20 04:14:43 gtw01 dnsmasq-dhcp[16241]: read /var/lib/neutron/dhcp/8bd7fcc4-16e7-4df3-a7dd-878d16565cc0/host
Jun 20 04:14:43 gtw01 dnsmasq-dhcp[16241]: read /var/lib/neutron/dhcp/8bd7fcc4-16e7-4df3-a7dd-878d16565cc0/opts
Jun 20 04:14:44 gtw01 dnsmasq[16241]: read /var/lib/neutron/dhcp/8bd7fcc4-16e7-4df3-a7dd-878d16565cc0/addn_hosts - 3 addresses
Jun 20 04:14:44 gtw01 dnsmasq-dhcp[16241]: read /var/lib/neutron/dhcp/8bd7fcc4-16e7-4df3-a7dd-878d16565cc0/host
Jun 20 04:14:44 gtw01 dnsmasq-dhcp[16241]: read /var/lib/neutron/dhcp/8bd7fcc4-16e7-4df3-a7dd-878d16565cc0/opts
Jun 20 04:14:44 gtw01 dnsmasq[6332]: read /var/lib/neutron/dhcp/5de20df5-1bb3-4e9a-ba34-f99287ca7ca1/addn_hosts - 6 addresses
Jun 20 04:14:44 gtw01 dnsmasq-dhcp[6332]: read /var/lib/neutron/dhcp/5de20df5-1bb3-4e9a-ba34-f99287ca7ca1/host
Jun 20 04:14:44 gtw01 dnsmasq-dhcp[6332]: read /var/lib/neutron/dhcp/5de20df5-1bb3-4e9a-ba34-f99287ca7ca1/opts
Jun 20 04:14:45 gtw01 dnsmasq[6332]: read /var/lib/neutron/dhcp/5de20df5-1bb3-4e9a-ba34-f99287ca7ca1/addn_hosts - 6 addresses
Jun 20 04:14:45 gtw01 dnsmasq-dhcp[6332]: read /var/lib/neutron/dhcp/5de20df5-1bb3-4e9a-ba34-f99287ca7ca1/host
Jun 20 04:14:45 gtw01 dnsmasq-dhcp[6332]: read /var/lib/neutron/dhcp/5de20df5-1bb3-4e9a-ba34-f99287ca7ca1/opts
Jun 20 04:14:46 gtw01 dnsmasq[6332]: read /var/lib/neutron/dhcp/5de20df5-1bb3-4e9a-ba34-f99287ca7ca1/addn_hosts - 6 addresses
Jun 20 04:14:46 gtw01 dnsmasq-dhcp[6332]: read /var/lib/neutron/dhcp/5de20df5-1bb3-4e9a-ba34-f99287ca7ca1/host
Jun 20 04:14:46 gtw01 dnsmasq-dhcp[6332]: read /var/lib/neutron/dhcp/5de20df5-1bb3-4e9a-ba34-f99287ca7ca1/opts
Jun 20 04:14:49 gtw01 dnsmasq[16241]: read /var/lib/neutron/dhcp/8bd7fcc4-16e7-4df3-a7dd-878d16565cc0/addn_hosts - 2 addresses
Jun 20 04:14:49 gtw01 dnsmasq-dhcp[16241]: read /var/lib/neutron/dhcp/8bd7fcc4-16e7-4df3-a7dd-878d16565cc0/host
Jun 20 04:14:49 gtw01 dnsmasq-dhcp[16241]: read /var/lib/neutron/dhcp/8bd7fcc4-16e7-4df3-a7dd-878d16565cc0/opts
Jun 20 04:14:51 gtw01 kernel: [ 6692.836998] device qg-75c1b435-f9 entered promiscuous mode
Jun 20 04:14:51 gtw01 systemd-udevd[10443]: Could not generate persistent MAC address for qg-75c1b435-f9: No such file or directory
Jun 20 04:14:57 gtw01 haproxy-metadata-proxy-4bd7d026-313b-46d1-b7f3-99c55715f135[10697]: Proxy listener started.
Jun 20 04:15:00 gtw01 kernel: [ 6701.995685] device qr-a5e9a08d-fe entered promiscuous mode
Jun 20 04:15:00 gtw01 systemd-udevd[10719]: Could not generate persistent MAC address for qr-a5e9a08d-fe: No such file or directory
Jun 20 04:15:00 gtw01 dnsmasq-dhcp[6332]: DHCPDISCOVER(tap7035d661-6c) fa:16:3e:f8:69:97
Jun 20 04:15:00 gtw01 dnsmasq-dhcp[6332]: DHCPOFFER(tap7035d661-6c) 192.168.120.5 fa:16:3e:f8:69:97
Jun 20 04:15:00 gtw01 dnsmasq-dhcp[6332]: DHCPREQUEST(tap7035d661-6c) 192.168.120.5 fa:16:3e:f8:69:97
Jun 20 04:15:00 gtw01 dnsmasq-dhcp[6332]: DHCPACK(tap7035d661-6c) 192.168.120.5 fa:16:3e:f8:69:97 host-192-168-120-5
Jun 20 04:15:00 gtw01 dnsmasq[16241]: read /var/lib/neutron/dhcp/8bd7fcc4-16e7-4df3-a7dd-878d16565cc0/addn_hosts - 3 addresses
Jun 20 04:15:00 gtw01 dnsmasq-dhcp[16241]: read /var/lib/neutron/dhcp/8bd7fcc4-16e7-4df3-a7dd-878d16565cc0/host
Jun 20 04:15:00 gtw01 dnsmasq-dhcp[16241]: read /var/lib/neutron/dhcp/8bd7fcc4-16e7-4df3-a7dd-878d16565cc0/opts
Jun 20 04:15:01 gtw01 dnsmasq[16241]: read /var/lib/neutron/dhcp/8bd7fcc4-16e7-4df3-a7dd-878d16565cc0/addn_hosts - 3 addresses
Jun 20 04:15:01 gtw01 dnsmasq-dhcp[16241]: read /var/lib/neutron/dhcp/8bd7fcc4-16e7-4df3-a7dd-878d16565cc0/host
Jun 20 04:15:01 gtw01 dnsmasq-dhcp[16241]: read /var/lib/neutron/dhcp/8bd7fcc4-16e7-4df3-a7dd-878d16565cc0/opts
Jun 20 04:15:02 gtw01 dnsmasq-dhcp[6332]: DHCPRELEASE(tap7035d661-6c) 192.168.120.5 fa:16:3e:f8:69:97
Jun 20 04:15:02 gtw01 dnsmasq[16241]: read /var/lib/neutron/dhcp/8bd7fcc4-16e7-4df3-a7dd-878d16565cc0/addn_hosts - 4 addresses
Jun 20 04:15:02 gtw01 dnsmasq-dhcp[16241]: read /var/lib/neutron/dhcp/8bd7fcc4-16e7-4df3-a7dd-878d16565cc0/host
Jun 20 04:15:02 gtw01 dnsmasq-dhcp[16241]: read /var/lib/neutron/dhcp/8bd7fcc4-16e7-4df3-a7dd-878d16565cc0/opts
Jun 20 04:15:03 gtw01 dnsmasq[16241]: read /var/lib/neutron/dhcp/8bd7fcc4-16e7-4df3-a7dd-878d16565cc0/addn_hosts - 4 addresses
Jun 20 04:15:03 gtw01 dnsmasq-dhcp[16241]: read /var/lib/neutron/dhcp/8bd7fcc4-16e7-4df3-a7dd-878d16565cc0/host
Jun 20 04:15:03 gtw01 dnsmasq-dhcp[16241]: read /var/lib/neutron/dhcp/8bd7fcc4-16e7-4df3-a7dd-878d16565cc0/opts
Jun 20 04:15:04 gtw01 dnsmasq[16241]: read /var/lib/neutron/dhcp/8bd7fcc4-16e7-4df3-a7dd-878d16565cc0/addn_hosts - 4 addresses
Jun 20 04:15:04 gtw01 dnsmasq-dhcp[16241]: read /var/lib/neutron/dhcp/8bd7fcc4-16e7-4df3-a7dd-878d16565cc0/host
Jun 20 04:15:04 gtw01 dnsmasq-dhcp[16241]: read /var/lib/neutron/dhcp/8bd7fcc4-16e7-4df3-a7dd-878d16565cc0/opts
Jun 20 04:15:05 gtw01 dnsmasq[16241]: read /var/lib/neutron/dhcp/8bd7fcc4-16e7-4df3-a7dd-878d16565cc0/addn_hosts - 4 addresses
Jun 20 04:15:05 gtw01 dnsmasq-dhcp[16241]: read /var/lib/neutron/dhcp/8bd7fcc4-16e7-4df3-a7dd-878d16565cc0/host
Jun 20 04:15:05 gtw01 dnsmasq-dhcp[16241]: read /var/lib/neutron/dhcp/8bd7fcc4-16e7-4df3-a7dd-878d16565cc0/opts
Jun 20 04:15:15 gtw01 dnsmasq-dhcp[16241]: DHCPDISCOVER(tap1c74ca54-4e) fa:16:3e:c2:21:b8
Jun 20 04:15:15 gtw01 dnsmasq-dhcp[16241]: DHCPOFFER(tap1c74ca54-4e) 192.168.120.18 fa:16:3e:c2:21:b8
Jun 20 04:15:15 gtw01 dnsmasq-dhcp[16241]: DHCPREQUEST(tap1c74ca54-4e) 192.168.120.18 fa:16:3e:c2:21:b8
Jun 20 04:15:15 gtw01 dnsmasq-dhcp[16241]: DHCPACK(tap1c74ca54-4e) 192.168.120.18 fa:16:3e:c2:21:b8 host-192-168-120-18
Jun 20 04:15:18 gtw01 dnsmasq-dhcp[16241]: DHCPDISCOVER(tap1c74ca54-4e) fa:16:3e:aa:81:81
Jun 20 04:15:18 gtw01 dnsmasq-dhcp[16241]: DHCPOFFER(tap1c74ca54-4e) 192.168.120.5 fa:16:3e:aa:81:81
Jun 20 04:15:18 gtw01 dnsmasq-dhcp[16241]: DHCPREQUEST(tap1c74ca54-4e) 192.168.120.5 fa:16:3e:aa:81:81
Jun 20 04:15:18 gtw01 dnsmasq-dhcp[16241]: DHCPACK(tap1c74ca54-4e) 192.168.120.5 fa:16:3e:aa:81:81 host-192-168-120-5
Jun 20 04:15:21 gtw01 dnsmasq[6332]: read /var/lib/neutron/dhcp/5de20df5-1bb3-4e9a-ba34-f99287ca7ca1/addn_hosts - 5 addresses
Jun 20 04:15:21 gtw01 dnsmasq-dhcp[6332]: read /var/lib/neutron/dhcp/5de20df5-1bb3-4e9a-ba34-f99287ca7ca1/host
Jun 20 04:15:21 gtw01 dnsmasq-dhcp[6332]: read /var/lib/neutron/dhcp/5de20df5-1bb3-4e9a-ba34-f99287ca7ca1/opts
Jun 20 04:15:25 gtw01 dnsmasq[6332]: read /var/lib/neutron/dhcp/5de20df5-1bb3-4e9a-ba34-f99287ca7ca1/addn_hosts - 6 addresses
Jun 20 04:15:25 gtw01 dnsmasq-dhcp[6332]: read /var/lib/neutron/dhcp/5de20df5-1bb3-4e9a-ba34-f99287ca7ca1/host
Jun 20 04:15:25 gtw01 dnsmasq-dhcp[6332]: read /var/lib/neutron/dhcp/5de20df5-1bb3-4e9a-ba34-f99287ca7ca1/opts
Jun 20 04:15:26 gtw01 dnsmasq[6332]: read /var/lib/neutron/dhcp/5de20df5-1bb3-4e9a-ba34-f99287ca7ca1/addn_hosts - 6 addresses
Jun 20 04:15:26 gtw01 dnsmasq-dhcp[6332]: read /var/lib/neutron/dhcp/5de20df5-1bb3-4e9a-ba34-f99287ca7ca1/host
Jun 20 04:15:26 gtw01 dnsmasq-dhcp[6332]: read /var/lib/neutron/dhcp/5de20df5-1bb3-4e9a-ba34-f99287ca7ca1/opts
Jun 20 04:15:27 gtw01 dnsmasq[6332]: read /var/lib/neutron/dhcp/5de20df5-1bb3-4e9a-ba34-f99287ca7ca1/addn_hosts - 6 addresses
Jun 20 04:15:27 gtw01 dnsmasq-dhcp[6332]: read /var/lib/neutron/dhcp/5de20df5-1bb3-4e9a-ba34-f99287ca7ca1/host
Jun 20 04:15:27 gtw01 dnsmasq-dhcp[6332]: read /var/lib/neutron/dhcp/5de20df5-1bb3-4e9a-ba34-f99287ca7ca1/opts
Jun 20 04:15:40 gtw01 dnsmasq-dhcp[6332]: DHCPDISCOVER(tap7035d661-6c) fa:16:3e:01:e2:90
Jun 20 04:15:40 gtw01 dnsmasq-dhcp[6332]: DHCPOFFER(tap7035d661-6c) 192.168.120.6 fa:16:3e:01:e2:90
Jun 20 04:15:40 gtw01 dnsmasq-dhcp[6332]: DHCPREQUEST(tap7035d661-6c) 192.168.120.6 fa:16:3e:01:e2:90
Jun 20 04:15:40 gtw01 dnsmasq-dhcp[6332]: DHCPACK(tap7035d661-6c) 192.168.120.6 fa:16:3e:01:e2:90 host-192-168-120-6
Jun 20 04:15:42 gtw01 dnsmasq-dhcp[16241]: DHCPRELEASE(tap1c74ca54-4e) 192.168.120.5 fa:16:3e:aa:81:81
Jun 20 04:15:45 gtw01 dnsmasq-dhcp[6332]: DHCPRELEASE(tap7035d661-6c) 192.168.120.6 fa:16:3e:01:e2:90
Jun 20 04:15:51 gtw01 dnsmasq[16241]: read /var/lib/neutron/dhcp/8bd7fcc4-16e7-4df3-a7dd-878d16565cc0/addn_hosts - 3 addresses
Jun 20 04:15:51 gtw01 dnsmasq-dhcp[16241]: read /var/lib/neutron/dhcp/8bd7fcc4-16e7-4df3-a7dd-878d16565cc0/host
Jun 20 04:15:51 gtw01 dnsmasq-dhcp[16241]: read /var/lib/neutron/dhcp/8bd7fcc4-16e7-4df3-a7dd-878d16565cc0/opts
Jun 20 04:15:54 gtw01 systemd-udevd[11322]: Could not generate persistent MAC address for qg-65f7de64-6e: No such file or directory
Jun 20 04:15:54 gtw01 kernel: [ 6756.608958] device qg-65f7de64-6e entered promiscuous mode
Jun 20 04:15:55 gtw01 dnsmasq-dhcp[16241]: DHCPRELEASE(tap1c74ca54-4e) 192.168.120.18 fa:16:3e:c2:21:b8
Jun 20 04:15:55 gtw01 dnsmasq-dhcp[16241]: DHCPRELEASE(tap1c74ca54-4e) 192.168.120.18 fa:16:3e:c2:21:b8 unknown lease
Jun 20 04:15:56 gtw01 dnsmasq[16241]: read /var/lib/neutron/dhcp/8bd7fcc4-16e7-4df3-a7dd-878d16565cc0/addn_hosts - 2 addresses
Jun 20 04:15:56 gtw01 dnsmasq-dhcp[16241]: read /var/lib/neutron/dhcp/8bd7fcc4-16e7-4df3-a7dd-878d16565cc0/host
Jun 20 04:15:56 gtw01 dnsmasq-dhcp[16241]: read /var/lib/neutron/dhcp/8bd7fcc4-16e7-4df3-a7dd-878d16565cc0/opts
Jun 20 04:16:00 gtw01 haproxy-metadata-proxy-58431e3c-7318-4d88-9c24-11d41ad79992[11642]: Proxy listener started.
Jun 20 04:16:01 gtw01 haproxy-metadata-proxy-f5523407-92b3-4aed-89af-47801f423ad2[11669]: Proxy listener started.
Jun 20 04:16:01 gtw01 dnsmasq[6332]: read /var/lib/neutron/dhcp/5de20df5-1bb3-4e9a-ba34-f99287ca7ca1/addn_hosts - 5 addresses
Jun 20 04:16:01 gtw01 dnsmasq-dhcp[6332]: read /var/lib/neutron/dhcp/5de20df5-1bb3-4e9a-ba34-f99287ca7ca1/host
Jun 20 04:16:01 gtw01 dnsmasq-dhcp[6332]: read /var/lib/neutron/dhcp/5de20df5-1bb3-4e9a-ba34-f99287ca7ca1/opts
Jun 20 04:16:02 gtw01 kernel: [ 6763.970909] device qg-65f7de64-6e left promiscuous mode
Jun 20 04:16:05 gtw01 dnsmasq[16241]: read /var/lib/neutron/dhcp/8bd7fcc4-16e7-4df3-a7dd-878d16565cc0/addn_hosts - 3 addresses
Jun 20 04:16:05 gtw01 dnsmasq-dhcp[16241]: read /var/lib/neutron/dhcp/8bd7fcc4-16e7-4df3-a7dd-878d16565cc0/host
Jun 20 04:16:05 gtw01 dnsmasq-dhcp[16241]: read /var/lib/neutron/dhcp/8bd7fcc4-16e7-4df3-a7dd-878d16565cc0/opts
Jun 20 04:16:06 gtw01 dnsmasq[16241]: read /var/lib/neutron/dhcp/8bd7fcc4-16e7-4df3-a7dd-878d16565cc0/addn_hosts - 3 addresses
Jun 20 04:16:06 gtw01 dnsmasq-dhcp[16241]: read /var/lib/neutron/dhcp/8bd7fcc4-16e7-4df3-a7dd-878d16565cc0/host
Jun 20 04:16:06 gtw01 dnsmasq-dhcp[16241]: read /var/lib/neutron/dhcp/8bd7fcc4-16e7-4df3-a7dd-878d16565cc0/opts
Jun 20 04:16:07 gtw01 dnsmasq[6332]: read /var/lib/neutron/dhcp/5de20df5-1bb3-4e9a-ba34-f99287ca7ca1/addn_hosts - 6 addresses
Jun 20 04:16:07 gtw01 dnsmasq-dhcp[6332]: read /var/lib/neutron/dhcp/5de20df5-1bb3-4e9a-ba34-f99287ca7ca1/host
Jun 20 04:16:07 gtw01 dnsmasq-dhcp[6332]: read /var/lib/neutron/dhcp/5de20df5-1bb3-4e9a-ba34-f99287ca7ca1/opts
Jun 20 04:16:07 gtw01 dnsmasq[16241]: read /var/lib/neutron/dhcp/8bd7fcc4-16e7-4df3-a7dd-878d16565cc0/addn_hosts - 3 addresses
Jun 20 04:16:07 gtw01 dnsmasq-dhcp[16241]: read /var/lib/neutron/dhcp/8bd7fcc4-16e7-4df3-a7dd-878d16565cc0/host
Jun 20 04:16:07 gtw01 dnsmasq-dhcp[16241]: read /var/lib/neutron/dhcp/8bd7fcc4-16e7-4df3-a7dd-878d16565cc0/opts
Jun 20 04:16:08 gtw01 dnsmasq[6332]: read /var/lib/neutron/dhcp/5de20df5-1bb3-4e9a-ba34-f99287ca7ca1/addn_hosts - 6 addresses
Jun 20 04:16:08 gtw01 dnsmasq-dhcp[6332]: read /var/lib/neutron/dhcp/5de20df5-1bb3-4e9a-ba34-f99287ca7ca1/host
Jun 20 04:16:08 gtw01 dnsmasq-dhcp[6332]: read /var/lib/neutron/dhcp/5de20df5-1bb3-4e9a-ba34-f99287ca7ca1/opts
Jun 20 04:16:09 gtw01 dnsmasq[6332]: read /var/lib/neutron/dhcp/5de20df5-1bb3-4e9a-ba34-f99287ca7ca1/addn_hosts - 6 addresses
Jun 20 04:16:09 gtw01 dnsmasq-dhcp[6332]: read /var/lib/neutron/dhcp/5de20df5-1bb3-4e9a-ba34-f99287ca7ca1/host
Jun 20 04:16:09 gtw01 dnsmasq-dhcp[6332]: read /var/lib/neutron/dhcp/5de20df5-1bb3-4e9a-ba34-f99287ca7ca1/opts
Jun 20 04:16:20 gtw01 dnsmasq[16241]: read /var/lib/neutron/dhcp/8bd7fcc4-16e7-4df3-a7dd-878d16565cc0/addn_hosts - 4 addresses
Jun 20 04:16:20 gtw01 dnsmasq-dhcp[16241]: read /var/lib/neutron/dhcp/8bd7fcc4-16e7-4df3-a7dd-878d16565cc0/host
Jun 20 04:16:20 gtw01 dnsmasq-dhcp[16241]: read /var/lib/neutron/dhcp/8bd7fcc4-16e7-4df3-a7dd-878d16565cc0/opts
Jun 20 04:16:21 gtw01 dnsmasq[16241]: read /var/lib/neutron/dhcp/8bd7fcc4-16e7-4df3-a7dd-878d16565cc0/addn_hosts - 4 addresses
Jun 20 04:16:21 gtw01 dnsmasq-dhcp[16241]: read /var/lib/neutron/dhcp/8bd7fcc4-16e7-4df3-a7dd-878d16565cc0/host
Jun 20 04:16:21 gtw01 dnsmasq-dhcp[16241]: read /var/lib/neutron/dhcp/8bd7fcc4-16e7-4df3-a7dd-878d16565cc0/opts
Jun 20 04:16:21 gtw01 dnsmasq[16241]: read /var/lib/neutron/dhcp/8bd7fcc4-16e7-4df3-a7dd-878d16565cc0/addn_hosts - 4 addresses
Jun 20 04:16:21 gtw01 dnsmasq-dhcp[16241]: read /var/lib/neutron/dhcp/8bd7fcc4-16e7-4df3-a7dd-878d16565cc0/host
Jun 20 04:16:21 gtw01 dnsmasq-dhcp[16241]: read /var/lib/neutron/dhcp/8bd7fcc4-16e7-4df3-a7dd-878d16565cc0/opts
Jun 20 04:16:23 gtw01 dnsmasq-dhcp[16241]: DHCPDISCOVER(tap1c74ca54-4e) fa:16:3e:9e:25:50
Jun 20 04:16:23 gtw01 dnsmasq-dhcp[16241]: DHCPOFFER(tap1c74ca54-4e) 192.168.120.4 fa:16:3e:9e:25:50
Jun 20 04:16:23 gtw01 dnsmasq-dhcp[16241]: DHCPREQUEST(tap1c74ca54-4e) 192.168.120.4 fa:16:3e:9e:25:50
Jun 20 04:16:23 gtw01 dnsmasq-dhcp[16241]: DHCPACK(tap1c74ca54-4e) 192.168.120.4 fa:16:3e:9e:25:50 host-192-168-120-4
Jun 20 04:16:23 gtw01 dnsmasq-dhcp[6332]: DHCPDISCOVER(tap7035d661-6c) fa:16:3e:cb:b0:42
Jun 20 04:16:23 gtw01 dnsmasq-dhcp[6332]: DHCPOFFER(tap7035d661-6c) 192.168.120.7 fa:16:3e:cb:b0:42
Jun 20 04:16:23 gtw01 dnsmasq-dhcp[6332]: DHCPREQUEST(tap7035d661-6c) 192.168.120.7 fa:16:3e:cb:b0:42
Jun 20 04:16:23 gtw01 dnsmasq-dhcp[6332]: DHCPACK(tap7035d661-6c) 192.168.120.7 fa:16:3e:cb:b0:42 host-192-168-120-7
Jun 20 04:16:27 gtw01 dnsmasq-dhcp[6332]: DHCPRELEASE(tap7035d661-6c) 192.168.120.7 fa:16:3e:cb:b0:42
Jun 20 04:16:29 gtw01 dnsmasq[16241]: read /var/lib/neutron/dhcp/8bd7fcc4-16e7-4df3-a7dd-878d16565cc0/addn_hosts - 3 addresses
Jun 20 04:16:29 gtw01 dnsmasq-dhcp[16241]: read /var/lib/neutron/dhcp/8bd7fcc4-16e7-4df3-a7dd-878d16565cc0/host
Jun 20 04:16:29 gtw01 dnsmasq-dhcp[16241]: read /var/lib/neutron/dhcp/8bd7fcc4-16e7-4df3-a7dd-878d16565cc0/opts
Jun 20 04:16:31 gtw01 kernel: [ 6793.348990] device qr-a5e9a08d-fe left promiscuous mode
Jun 20 04:16:34 gtw01 dnsmasq[6332]: read /var/lib/neutron/dhcp/5de20df5-1bb3-4e9a-ba34-f99287ca7ca1/addn_hosts - 6 addresses
Jun 20 04:16:34 gtw01 dnsmasq-dhcp[6332]: read /var/lib/neutron/dhcp/5de20df5-1bb3-4e9a-ba34-f99287ca7ca1/host
Jun 20 04:16:34 gtw01 dnsmasq-dhcp[6332]: read /var/lib/neutron/dhcp/5de20df5-1bb3-4e9a-ba34-f99287ca7ca1/opts
Jun 20 04:16:34 gtw01 kernel: [ 6796.507166] device qg-75c1b435-f9 left promiscuous mode
Jun 20 04:16:34 gtw01 dnsmasq[16241]: read /var/lib/neutron/dhcp/8bd7fcc4-16e7-4df3-a7dd-878d16565cc0/addn_hosts - 4 addresses
Jun 20 04:16:34 gtw01 dnsmasq-dhcp[16241]: read /var/lib/neutron/dhcp/8bd7fcc4-16e7-4df3-a7dd-878d16565cc0/host
Jun 20 04:16:34 gtw01 dnsmasq-dhcp[16241]: read /var/lib/neutron/dhcp/8bd7fcc4-16e7-4df3-a7dd-878d16565cc0/opts
