Jun 20 04:16:35 gtw01 dnsmasq[6332]: read /var/lib/neutron/dhcp/5de20df5-1bb3-4e9a-ba34-f99287ca7ca1/addn_hosts - 6 addresses
Jun 20 04:16:35 gtw01 dnsmasq-dhcp[6332]: read /var/lib/neutron/dhcp/5de20df5-1bb3-4e9a-ba34-f99287ca7ca1/host
Jun 20 04:16:35 gtw01 dnsmasq-dhcp[6332]: read /var/lib/neutron/dhcp/5de20df5-1bb3-4e9a-ba34-f99287ca7ca1/opts
Jun 20 04:16:35 gtw01 dnsmasq[16241]: read /var/lib/neutron/dhcp/8bd7fcc4-16e7-4df3-a7dd-878d16565cc0/addn_hosts - 4 addresses
Jun 20 04:16:35 gtw01 dnsmasq-dhcp[16241]: read /var/lib/neutron/dhcp/8bd7fcc4-16e7-4df3-a7dd-878d16565cc0/host
Jun 20 04:16:35 gtw01 dnsmasq-dhcp[16241]: read /var/lib/neutron/dhcp/8bd7fcc4-16e7-4df3-a7dd-878d16565cc0/opts
Jun 20 04:16:36 gtw01 dnsmasq[16241]: read /var/lib/neutron/dhcp/8bd7fcc4-16e7-4df3-a7dd-878d16565cc0/addn_hosts - 4 addresses
Jun 20 04:16:36 gtw01 dnsmasq-dhcp[16241]: read /var/lib/neutron/dhcp/8bd7fcc4-16e7-4df3-a7dd-878d16565cc0/host
Jun 20 04:16:36 gtw01 dnsmasq-dhcp[16241]: read /var/lib/neutron/dhcp/8bd7fcc4-16e7-4df3-a7dd-878d16565cc0/opts
Jun 20 04:16:42 gtw01 dnsmasq[16241]: read /var/lib/neutron/dhcp/8bd7fcc4-16e7-4df3-a7dd-878d16565cc0/addn_hosts - 3 addresses
Jun 20 04:16:42 gtw01 dnsmasq-dhcp[16241]: read /var/lib/neutron/dhcp/8bd7fcc4-16e7-4df3-a7dd-878d16565cc0/host
Jun 20 04:16:42 gtw01 dnsmasq-dhcp[16241]: read /var/lib/neutron/dhcp/8bd7fcc4-16e7-4df3-a7dd-878d16565cc0/opts
Jun 20 04:16:45 gtw01 dnsmasq[16241]: read /var/lib/neutron/dhcp/8bd7fcc4-16e7-4df3-a7dd-878d16565cc0/addn_hosts - 4 addresses
Jun 20 04:16:45 gtw01 dnsmasq-dhcp[16241]: read /var/lib/neutron/dhcp/8bd7fcc4-16e7-4df3-a7dd-878d16565cc0/host
Jun 20 04:16:45 gtw01 dnsmasq-dhcp[16241]: read /var/lib/neutron/dhcp/8bd7fcc4-16e7-4df3-a7dd-878d16565cc0/opts
Jun 20 04:16:46 gtw01 kernel: [ 6808.612089] device qg-35880332-22 entered promiscuous mode
Jun 20 04:16:46 gtw01 systemd-udevd[12417]: Could not generate persistent MAC address for qg-35880332-22: No such file or directory
Jun 20 04:16:47 gtw01 dnsmasq[16241]: read /var/lib/neutron/dhcp/8bd7fcc4-16e7-4df3-a7dd-878d16565cc0/addn_hosts - 4 addresses
Jun 20 04:16:47 gtw01 dnsmasq-dhcp[16241]: read /var/lib/neutron/dhcp/8bd7fcc4-16e7-4df3-a7dd-878d16565cc0/host
Jun 20 04:16:47 gtw01 dnsmasq-dhcp[16241]: read /var/lib/neutron/dhcp/8bd7fcc4-16e7-4df3-a7dd-878d16565cc0/opts
Jun 20 04:16:48 gtw01 dnsmasq[16241]: read /var/lib/neutron/dhcp/8bd7fcc4-16e7-4df3-a7dd-878d16565cc0/addn_hosts - 5 addresses
Jun 20 04:16:48 gtw01 dnsmasq-dhcp[16241]: read /var/lib/neutron/dhcp/8bd7fcc4-16e7-4df3-a7dd-878d16565cc0/host
Jun 20 04:16:48 gtw01 dnsmasq-dhcp[16241]: read /var/lib/neutron/dhcp/8bd7fcc4-16e7-4df3-a7dd-878d16565cc0/opts
Jun 20 04:16:49 gtw01 dnsmasq[16241]: read /var/lib/neutron/dhcp/8bd7fcc4-16e7-4df3-a7dd-878d16565cc0/addn_hosts - 5 addresses
Jun 20 04:16:49 gtw01 dnsmasq-dhcp[16241]: read /var/lib/neutron/dhcp/8bd7fcc4-16e7-4df3-a7dd-878d16565cc0/host
Jun 20 04:16:49 gtw01 dnsmasq-dhcp[16241]: read /var/lib/neutron/dhcp/8bd7fcc4-16e7-4df3-a7dd-878d16565cc0/opts
Jun 20 04:16:50 gtw01 dnsmasq[16241]: read /var/lib/neutron/dhcp/8bd7fcc4-16e7-4df3-a7dd-878d16565cc0/addn_hosts - 5 addresses
Jun 20 04:16:50 gtw01 dnsmasq-dhcp[16241]: read /var/lib/neutron/dhcp/8bd7fcc4-16e7-4df3-a7dd-878d16565cc0/host
Jun 20 04:16:50 gtw01 dnsmasq-dhcp[16241]: read /var/lib/neutron/dhcp/8bd7fcc4-16e7-4df3-a7dd-878d16565cc0/opts
Jun 20 04:16:50 gtw01 dnsmasq[6332]: read /var/lib/neutron/dhcp/5de20df5-1bb3-4e9a-ba34-f99287ca7ca1/addn_hosts - 6 addresses
Jun 20 04:16:50 gtw01 dnsmasq-dhcp[6332]: read /var/lib/neutron/dhcp/5de20df5-1bb3-4e9a-ba34-f99287ca7ca1/host
Jun 20 04:16:50 gtw01 dnsmasq-dhcp[6332]: read /var/lib/neutron/dhcp/5de20df5-1bb3-4e9a-ba34-f99287ca7ca1/opts
Jun 20 04:16:51 gtw01 dnsmasq[16241]: read /var/lib/neutron/dhcp/8bd7fcc4-16e7-4df3-a7dd-878d16565cc0/addn_hosts - 5 addresses
Jun 20 04:16:51 gtw01 dnsmasq-dhcp[16241]: read /var/lib/neutron/dhcp/8bd7fcc4-16e7-4df3-a7dd-878d16565cc0/host
Jun 20 04:16:51 gtw01 dnsmasq-dhcp[16241]: read /var/lib/neutron/dhcp/8bd7fcc4-16e7-4df3-a7dd-878d16565cc0/opts
Jun 20 04:16:51 gtw01 dnsmasq[6332]: read /var/lib/neutron/dhcp/5de20df5-1bb3-4e9a-ba34-f99287ca7ca1/addn_hosts - 6 addresses
Jun 20 04:16:51 gtw01 dnsmasq-dhcp[6332]: read /var/lib/neutron/dhcp/5de20df5-1bb3-4e9a-ba34-f99287ca7ca1/host
Jun 20 04:16:51 gtw01 dnsmasq-dhcp[6332]: read /var/lib/neutron/dhcp/5de20df5-1bb3-4e9a-ba34-f99287ca7ca1/opts
Jun 20 04:16:52 gtw01 haproxy-metadata-proxy-f0034dde-7857-4efb-a225-f1b4e27663d7[12818]: Proxy listener started.
Jun 20 04:16:53 gtw01 haproxy-metadata-proxy-68da8433-098c-4232-b3ea-6d26b360de5f[12850]: Proxy listener started.
Jun 20 04:16:54 gtw01 kernel: [ 6816.010743] device qg-35880332-22 left promiscuous mode
Jun 20 04:16:56 gtw01 dnsmasq[16241]: read /var/lib/neutron/dhcp/8bd7fcc4-16e7-4df3-a7dd-878d16565cc0/addn_hosts - 4 addresses
Jun 20 04:16:56 gtw01 dnsmasq-dhcp[16241]: read /var/lib/neutron/dhcp/8bd7fcc4-16e7-4df3-a7dd-878d16565cc0/host
Jun 20 04:16:56 gtw01 dnsmasq-dhcp[16241]: read /var/lib/neutron/dhcp/8bd7fcc4-16e7-4df3-a7dd-878d16565cc0/opts
Jun 20 04:16:57 gtw01 dnsmasq[16241]: read /var/lib/neutron/dhcp/8bd7fcc4-16e7-4df3-a7dd-878d16565cc0/addn_hosts - 5 addresses
Jun 20 04:16:57 gtw01 dnsmasq-dhcp[16241]: read /var/lib/neutron/dhcp/8bd7fcc4-16e7-4df3-a7dd-878d16565cc0/host
Jun 20 04:16:57 gtw01 dnsmasq-dhcp[16241]: read /var/lib/neutron/dhcp/8bd7fcc4-16e7-4df3-a7dd-878d16565cc0/opts
Jun 20 04:16:58 gtw01 dnsmasq[16241]: read /var/lib/neutron/dhcp/8bd7fcc4-16e7-4df3-a7dd-878d16565cc0/addn_hosts - 5 addresses
Jun 20 04:16:58 gtw01 dnsmasq-dhcp[16241]: read /var/lib/neutron/dhcp/8bd7fcc4-16e7-4df3-a7dd-878d16565cc0/host
Jun 20 04:16:58 gtw01 dnsmasq-dhcp[16241]: read /var/lib/neutron/dhcp/8bd7fcc4-16e7-4df3-a7dd-878d16565cc0/opts
Jun 20 04:16:59 gtw01 dnsmasq[16241]: read /var/lib/neutron/dhcp/8bd7fcc4-16e7-4df3-a7dd-878d16565cc0/addn_hosts - 5 addresses
Jun 20 04:16:59 gtw01 dnsmasq-dhcp[16241]: read /var/lib/neutron/dhcp/8bd7fcc4-16e7-4df3-a7dd-878d16565cc0/host
Jun 20 04:16:59 gtw01 dnsmasq-dhcp[16241]: read /var/lib/neutron/dhcp/8bd7fcc4-16e7-4df3-a7dd-878d16565cc0/opts
Jun 20 04:17:01 gtw01 CRON[12971]: (root) CMD (   cd / && run-parts --report /etc/cron.hourly)
Jun 20 04:17:02 gtw01 dnsmasq-dhcp[16241]: DHCPDISCOVER(tap1c74ca54-4e) fa:16:3e:5b:46:c3
Jun 20 04:17:02 gtw01 dnsmasq-dhcp[16241]: DHCPOFFER(tap1c74ca54-4e) 192.168.120.29 fa:16:3e:5b:46:c3
Jun 20 04:17:02 gtw01 dnsmasq-dhcp[16241]: DHCPREQUEST(tap1c74ca54-4e) 192.168.120.29 fa:16:3e:5b:46:c3
Jun 20 04:17:02 gtw01 dnsmasq-dhcp[16241]: DHCPACK(tap1c74ca54-4e) 192.168.120.29 fa:16:3e:5b:46:c3 host-192-168-120-29
Jun 20 04:17:03 gtw01 dnsmasq[6332]: read /var/lib/neutron/dhcp/5de20df5-1bb3-4e9a-ba34-f99287ca7ca1/addn_hosts - 5 addresses
Jun 20 04:17:03 gtw01 dnsmasq-dhcp[6332]: read /var/lib/neutron/dhcp/5de20df5-1bb3-4e9a-ba34-f99287ca7ca1/host
Jun 20 04:17:03 gtw01 dnsmasq-dhcp[6332]: read /var/lib/neutron/dhcp/5de20df5-1bb3-4e9a-ba34-f99287ca7ca1/opts
Jun 20 04:17:05 gtw01 dnsmasq[16241]: read /var/lib/neutron/dhcp/8bd7fcc4-16e7-4df3-a7dd-878d16565cc0/addn_hosts - 4 addresses
Jun 20 04:17:05 gtw01 dnsmasq-dhcp[16241]: read /var/lib/neutron/dhcp/8bd7fcc4-16e7-4df3-a7dd-878d16565cc0/host
Jun 20 04:17:05 gtw01 dnsmasq-dhcp[16241]: read /var/lib/neutron/dhcp/8bd7fcc4-16e7-4df3-a7dd-878d16565cc0/opts
Jun 20 04:17:08 gtw01 dnsmasq-dhcp[16241]: DHCPRELEASE(tap1c74ca54-4e) 192.168.120.29 fa:16:3e:5b:46:c3
Jun 20 04:17:08 gtw01 dnsmasq-dhcp[16241]: DHCPRELEASE(tap1c74ca54-4e) 192.168.120.29 fa:16:3e:5b:46:c3 unknown lease
Jun 20 04:17:09 gtw01 dnsmasq[16241]: read /var/lib/neutron/dhcp/8bd7fcc4-16e7-4df3-a7dd-878d16565cc0/addn_hosts - 3 addresses
Jun 20 04:17:09 gtw01 dnsmasq-dhcp[16241]: read /var/lib/neutron/dhcp/8bd7fcc4-16e7-4df3-a7dd-878d16565cc0/host
Jun 20 04:17:09 gtw01 dnsmasq-dhcp[16241]: read /var/lib/neutron/dhcp/8bd7fcc4-16e7-4df3-a7dd-878d16565cc0/opts
Jun 20 04:17:10 gtw01 dnsmasq[6332]: read /var/lib/neutron/dhcp/5de20df5-1bb3-4e9a-ba34-f99287ca7ca1/addn_hosts - 6 addresses
Jun 20 04:17:10 gtw01 dnsmasq-dhcp[6332]: read /var/lib/neutron/dhcp/5de20df5-1bb3-4e9a-ba34-f99287ca7ca1/host
Jun 20 04:17:10 gtw01 dnsmasq-dhcp[6332]: read /var/lib/neutron/dhcp/5de20df5-1bb3-4e9a-ba34-f99287ca7ca1/opts
Jun 20 04:17:11 gtw01 dnsmasq[6332]: read /var/lib/neutron/dhcp/5de20df5-1bb3-4e9a-ba34-f99287ca7ca1/addn_hosts - 6 addresses
Jun 20 04:17:11 gtw01 dnsmasq-dhcp[6332]: read /var/lib/neutron/dhcp/5de20df5-1bb3-4e9a-ba34-f99287ca7ca1/host
Jun 20 04:17:11 gtw01 dnsmasq-dhcp[6332]: read /var/lib/neutron/dhcp/5de20df5-1bb3-4e9a-ba34-f99287ca7ca1/opts
Jun 20 04:17:11 gtw01 dnsmasq[6332]: read /var/lib/neutron/dhcp/5de20df5-1bb3-4e9a-ba34-f99287ca7ca1/addn_hosts - 6 addresses
Jun 20 04:17:11 gtw01 dnsmasq-dhcp[6332]: read /var/lib/neutron/dhcp/5de20df5-1bb3-4e9a-ba34-f99287ca7ca1/host
Jun 20 04:17:11 gtw01 dnsmasq-dhcp[6332]: read /var/lib/neutron/dhcp/5de20df5-1bb3-4e9a-ba34-f99287ca7ca1/opts
Jun 20 04:17:15 gtw01 dnsmasq[16241]: read /var/lib/neutron/dhcp/8bd7fcc4-16e7-4df3-a7dd-878d16565cc0/addn_hosts - 4 addresses
Jun 20 04:17:15 gtw01 dnsmasq-dhcp[16241]: read /var/lib/neutron/dhcp/8bd7fcc4-16e7-4df3-a7dd-878d16565cc0/host
Jun 20 04:17:15 gtw01 dnsmasq-dhcp[16241]: read /var/lib/neutron/dhcp/8bd7fcc4-16e7-4df3-a7dd-878d16565cc0/opts
Jun 20 04:17:16 gtw01 dnsmasq[16241]: read /var/lib/neutron/dhcp/8bd7fcc4-16e7-4df3-a7dd-878d16565cc0/addn_hosts - 4 addresses
Jun 20 04:17:16 gtw01 dnsmasq-dhcp[16241]: read /var/lib/neutron/dhcp/8bd7fcc4-16e7-4df3-a7dd-878d16565cc0/host
Jun 20 04:17:16 gtw01 dnsmasq-dhcp[16241]: read /var/lib/neutron/dhcp/8bd7fcc4-16e7-4df3-a7dd-878d16565cc0/opts
Jun 20 04:17:17 gtw01 dnsmasq[16241]: read /var/lib/neutron/dhcp/8bd7fcc4-16e7-4df3-a7dd-878d16565cc0/addn_hosts - 4 addresses
Jun 20 04:17:17 gtw01 dnsmasq-dhcp[16241]: read /var/lib/neutron/dhcp/8bd7fcc4-16e7-4df3-a7dd-878d16565cc0/host
Jun 20 04:17:17 gtw01 dnsmasq-dhcp[16241]: read /var/lib/neutron/dhcp/8bd7fcc4-16e7-4df3-a7dd-878d16565cc0/opts
Jun 20 04:17:23 gtw01 dnsmasq[16241]: read /var/lib/neutron/dhcp/8bd7fcc4-16e7-4df3-a7dd-878d16565cc0/addn_hosts - 3 addresses
Jun 20 04:17:23 gtw01 dnsmasq-dhcp[16241]: read /var/lib/neutron/dhcp/8bd7fcc4-16e7-4df3-a7dd-878d16565cc0/host
Jun 20 04:17:23 gtw01 dnsmasq-dhcp[16241]: read /var/lib/neutron/dhcp/8bd7fcc4-16e7-4df3-a7dd-878d16565cc0/opts
Jun 20 04:17:25 gtw01 dnsmasq-dhcp[6332]: DHCPDISCOVER(tap7035d661-6c) fa:16:3e:3b:44:08
Jun 20 04:17:25 gtw01 dnsmasq-dhcp[6332]: DHCPOFFER(tap7035d661-6c) 192.168.120.7 fa:16:3e:3b:44:08
Jun 20 04:17:25 gtw01 dnsmasq-dhcp[6332]: DHCPREQUEST(tap7035d661-6c) 192.168.120.7 fa:16:3e:3b:44:08
Jun 20 04:17:25 gtw01 dnsmasq-dhcp[6332]: DHCPACK(tap7035d661-6c) 192.168.120.7 fa:16:3e:3b:44:08 host-192-168-120-7
Jun 20 04:17:26 gtw01 dnsmasq[6332]: read /var/lib/neutron/dhcp/5de20df5-1bb3-4e9a-ba34-f99287ca7ca1/addn_hosts - 7 addresses
Jun 20 04:17:26 gtw01 dnsmasq-dhcp[6332]: read /var/lib/neutron/dhcp/5de20df5-1bb3-4e9a-ba34-f99287ca7ca1/host
Jun 20 04:17:26 gtw01 dnsmasq-dhcp[6332]: read /var/lib/neutron/dhcp/5de20df5-1bb3-4e9a-ba34-f99287ca7ca1/opts
Jun 20 04:17:27 gtw01 dnsmasq[6332]: read /var/lib/neutron/dhcp/5de20df5-1bb3-4e9a-ba34-f99287ca7ca1/addn_hosts - 7 addresses
Jun 20 04:17:27 gtw01 dnsmasq-dhcp[6332]: read /var/lib/neutron/dhcp/5de20df5-1bb3-4e9a-ba34-f99287ca7ca1/host
Jun 20 04:17:27 gtw01 dnsmasq-dhcp[6332]: read /var/lib/neutron/dhcp/5de20df5-1bb3-4e9a-ba34-f99287ca7ca1/opts
Jun 20 04:17:28 gtw01 dnsmasq[6332]: read /var/lib/neutron/dhcp/5de20df5-1bb3-4e9a-ba34-f99287ca7ca1/addn_hosts - 7 addresses
Jun 20 04:17:28 gtw01 dnsmasq-dhcp[6332]: read /var/lib/neutron/dhcp/5de20df5-1bb3-4e9a-ba34-f99287ca7ca1/host
Jun 20 04:17:28 gtw01 dnsmasq-dhcp[6332]: read /var/lib/neutron/dhcp/5de20df5-1bb3-4e9a-ba34-f99287ca7ca1/opts
Jun 20 04:17:29 gtw01 dnsmasq[16241]: read /var/lib/neutron/dhcp/8bd7fcc4-16e7-4df3-a7dd-878d16565cc0/addn_hosts - 4 addresses
Jun 20 04:17:29 gtw01 dnsmasq-dhcp[16241]: read /var/lib/neutron/dhcp/8bd7fcc4-16e7-4df3-a7dd-878d16565cc0/host
Jun 20 04:17:29 gtw01 dnsmasq-dhcp[16241]: read /var/lib/neutron/dhcp/8bd7fcc4-16e7-4df3-a7dd-878d16565cc0/opts
Jun 20 04:17:30 gtw01 dnsmasq[16241]: read /var/lib/neutron/dhcp/8bd7fcc4-16e7-4df3-a7dd-878d16565cc0/addn_hosts - 4 addresses
Jun 20 04:17:30 gtw01 dnsmasq-dhcp[16241]: read /var/lib/neutron/dhcp/8bd7fcc4-16e7-4df3-a7dd-878d16565cc0/host
Jun 20 04:17:30 gtw01 dnsmasq-dhcp[16241]: read /var/lib/neutron/dhcp/8bd7fcc4-16e7-4df3-a7dd-878d16565cc0/opts
Jun 20 04:17:31 gtw01 dnsmasq[16241]: read /var/lib/neutron/dhcp/8bd7fcc4-16e7-4df3-a7dd-878d16565cc0/addn_hosts - 4 addresses
Jun 20 04:17:31 gtw01 dnsmasq-dhcp[16241]: read /var/lib/neutron/dhcp/8bd7fcc4-16e7-4df3-a7dd-878d16565cc0/host
Jun 20 04:17:31 gtw01 dnsmasq-dhcp[16241]: read /var/lib/neutron/dhcp/8bd7fcc4-16e7-4df3-a7dd-878d16565cc0/opts
Jun 20 04:17:43 gtw01 dnsmasq-dhcp[6332]: DHCPDISCOVER(tap7035d661-6c) fa:16:3e:82:6b:a0
Jun 20 04:17:43 gtw01 dnsmasq-dhcp[6332]: DHCPOFFER(tap7035d661-6c) 192.168.120.6 fa:16:3e:82:6b:a0
Jun 20 04:17:43 gtw01 dnsmasq-dhcp[6332]: DHCPREQUEST(tap7035d661-6c) 192.168.120.6 fa:16:3e:82:6b:a0
Jun 20 04:17:43 gtw01 dnsmasq-dhcp[6332]: DHCPACK(tap7035d661-6c) 192.168.120.6 fa:16:3e:82:6b:a0 host-192-168-120-6
Jun 20 04:17:44 gtw01 dnsmasq-dhcp[16241]: DHCPDISCOVER(tap1c74ca54-4e) fa:16:3e:12:0d:fe
Jun 20 04:17:44 gtw01 dnsmasq-dhcp[16241]: DHCPOFFER(tap1c74ca54-4e) 192.168.120.3 fa:16:3e:12:0d:fe
Jun 20 04:17:44 gtw01 dnsmasq-dhcp[16241]: DHCPREQUEST(tap1c74ca54-4e) 192.168.120.3 fa:16:3e:12:0d:fe
Jun 20 04:17:44 gtw01 dnsmasq-dhcp[16241]: DHCPACK(tap1c74ca54-4e) 192.168.120.3 fa:16:3e:12:0d:fe host-192-168-120-3
Jun 20 04:18:07 gtw01 dnsmasq-dhcp[16241]: DHCPRELEASE(tap1c74ca54-4e) 192.168.120.3 fa:16:3e:12:0d:fe
Jun 20 04:18:09 gtw01 dnsmasq-dhcp[6332]: DHCPRELEASE(tap7035d661-6c) 192.168.120.6 fa:16:3e:82:6b:a0
Jun 20 04:18:10 gtw01 kernel: [ 6892.223482] device tape625d8e1-09 entered promiscuous mode
Jun 20 04:18:10 gtw01 systemd-udevd[13448]: Could not generate persistent MAC address for tape625d8e1-09: No such file or directory
Jun 20 04:18:10 gtw01 systemd-udevd[13448]: Process '/sbin/ip link set tape625d8e1-09 txqueuelen 10000' failed with exit code 1.
Jun 20 04:18:10 gtw01 systemd-udevd[13448]: Process '/sbin/ip link set tape625d8e1-09 txqueuelen 10000' failed with exit code 1.
Jun 20 04:18:13 gtw01 dnsmasq[13602]: started, version 2.80 cachesize 150
Jun 20 04:18:13 gtw01 dnsmasq[13602]: DNS service limited to local subnets
Jun 20 04:18:13 gtw01 dnsmasq[13602]: compile time options: IPv6 GNU-getopt DBus i18n IDN DHCP DHCPv6 no-Lua TFTP conntrack ipset auth DNSSEC loop-detect inotify dumpfile
Jun 20 04:18:13 gtw01 dnsmasq[13602]: warning: no upstream servers configured
Jun 20 04:18:13 gtw01 dnsmasq-dhcp[13602]: DHCP, static leases only on 192.168.120.0, lease time 1h
Jun 20 04:18:13 gtw01 dnsmasq[13602]: read /var/lib/neutron/dhcp/2834b254-1a3f-4cbe-8379-c78034406c0a/addn_hosts - 1 addresses
Jun 20 04:18:13 gtw01 dnsmasq-dhcp[13602]: read /var/lib/neutron/dhcp/2834b254-1a3f-4cbe-8379-c78034406c0a/host
Jun 20 04:18:13 gtw01 dnsmasq-dhcp[13602]: read /var/lib/neutron/dhcp/2834b254-1a3f-4cbe-8379-c78034406c0a/opts
Jun 20 04:18:14 gtw01 haproxy-metadata-proxy-2834b254-1a3f-4cbe-8379-c78034406c0a[13610]: Proxy listener started.
Jun 20 04:18:14 gtw01 dnsmasq[16241]: read /var/lib/neutron/dhcp/8bd7fcc4-16e7-4df3-a7dd-878d16565cc0/addn_hosts - 3 addresses
Jun 20 04:18:14 gtw01 dnsmasq-dhcp[16241]: read /var/lib/neutron/dhcp/8bd7fcc4-16e7-4df3-a7dd-878d16565cc0/host
Jun 20 04:18:14 gtw01 dnsmasq-dhcp[16241]: read /var/lib/neutron/dhcp/8bd7fcc4-16e7-4df3-a7dd-878d16565cc0/opts
Jun 20 04:18:14 gtw01 dnsmasq[13602]: read /var/lib/neutron/dhcp/2834b254-1a3f-4cbe-8379-c78034406c0a/addn_hosts - 2 addresses
Jun 20 04:18:14 gtw01 dnsmasq-dhcp[13602]: read /var/lib/neutron/dhcp/2834b254-1a3f-4cbe-8379-c78034406c0a/host
Jun 20 04:18:14 gtw01 dnsmasq-dhcp[13602]: read /var/lib/neutron/dhcp/2834b254-1a3f-4cbe-8379-c78034406c0a/opts
Jun 20 04:18:15 gtw01 dnsmasq[6332]: read /var/lib/neutron/dhcp/5de20df5-1bb3-4e9a-ba34-f99287ca7ca1/addn_hosts - 7 addresses
Jun 20 04:18:15 gtw01 dnsmasq-dhcp[6332]: read /var/lib/neutron/dhcp/5de20df5-1bb3-4e9a-ba34-f99287ca7ca1/host
Jun 20 04:18:15 gtw01 dnsmasq-dhcp[6332]: read /var/lib/neutron/dhcp/5de20df5-1bb3-4e9a-ba34-f99287ca7ca1/opts
Jun 20 04:18:15 gtw01 dnsmasq[13602]: read /var/lib/neutron/dhcp/2834b254-1a3f-4cbe-8379-c78034406c0a/addn_hosts - 2 addresses
Jun 20 04:18:15 gtw01 dnsmasq-dhcp[13602]: read /var/lib/neutron/dhcp/2834b254-1a3f-4cbe-8379-c78034406c0a/host
Jun 20 04:18:15 gtw01 dnsmasq-dhcp[13602]: read /var/lib/neutron/dhcp/2834b254-1a3f-4cbe-8379-c78034406c0a/opts
Jun 20 04:18:16 gtw01 dnsmasq[6332]: read /var/lib/neutron/dhcp/5de20df5-1bb3-4e9a-ba34-f99287ca7ca1/addn_hosts - 7 addresses
Jun 20 04:18:16 gtw01 dnsmasq-dhcp[6332]: read /var/lib/neutron/dhcp/5de20df5-1bb3-4e9a-ba34-f99287ca7ca1/host
Jun 20 04:18:16 gtw01 dnsmasq-dhcp[6332]: read /var/lib/neutron/dhcp/5de20df5-1bb3-4e9a-ba34-f99287ca7ca1/opts
Jun 20 04:18:16 gtw01 dnsmasq[13602]: read /var/lib/neutron/dhcp/2834b254-1a3f-4cbe-8379-c78034406c0a/addn_hosts - 2 addresses
Jun 20 04:18:16 gtw01 dnsmasq-dhcp[13602]: read /var/lib/neutron/dhcp/2834b254-1a3f-4cbe-8379-c78034406c0a/host
Jun 20 04:18:16 gtw01 dnsmasq-dhcp[13602]: read /var/lib/neutron/dhcp/2834b254-1a3f-4cbe-8379-c78034406c0a/opts
Jun 20 04:18:17 gtw01 dnsmasq[13602]: read /var/lib/neutron/dhcp/2834b254-1a3f-4cbe-8379-c78034406c0a/addn_hosts - 2 addresses
Jun 20 04:18:17 gtw01 dnsmasq-dhcp[13602]: read /var/lib/neutron/dhcp/2834b254-1a3f-4cbe-8379-c78034406c0a/host
Jun 20 04:18:17 gtw01 dnsmasq-dhcp[13602]: read /var/lib/neutron/dhcp/2834b254-1a3f-4cbe-8379-c78034406c0a/opts
Jun 20 04:18:18 gtw01 dnsmasq[13602]: read /var/lib/neutron/dhcp/2834b254-1a3f-4cbe-8379-c78034406c0a/addn_hosts - 3 addresses
Jun 20 04:18:18 gtw01 dnsmasq-dhcp[13602]: read /var/lib/neutron/dhcp/2834b254-1a3f-4cbe-8379-c78034406c0a/host
Jun 20 04:18:18 gtw01 dnsmasq-dhcp[13602]: read /var/lib/neutron/dhcp/2834b254-1a3f-4cbe-8379-c78034406c0a/opts
Jun 20 04:18:19 gtw01 dnsmasq-dhcp[16241]: DHCPRELEASE(tap1c74ca54-4e) 192.168.120.4 fa:16:3e:9e:25:50
Jun 20 04:18:19 gtw01 dnsmasq-dhcp[16241]: DHCPRELEASE(tap1c74ca54-4e) 192.168.120.4 fa:16:3e:9e:25:50 unknown lease
Jun 20 04:18:19 gtw01 dnsmasq[13602]: read /var/lib/neutron/dhcp/2834b254-1a3f-4cbe-8379-c78034406c0a/addn_hosts - 3 addresses
Jun 20 04:18:19 gtw01 dnsmasq-dhcp[13602]: read /var/lib/neutron/dhcp/2834b254-1a3f-4cbe-8379-c78034406c0a/host
Jun 20 04:18:19 gtw01 dnsmasq-dhcp[13602]: read /var/lib/neutron/dhcp/2834b254-1a3f-4cbe-8379-c78034406c0a/opts
Jun 20 04:18:20 gtw01 dnsmasq[16241]: read /var/lib/neutron/dhcp/8bd7fcc4-16e7-4df3-a7dd-878d16565cc0/addn_hosts - 2 addresses
Jun 20 04:18:20 gtw01 dnsmasq-dhcp[16241]: read /var/lib/neutron/dhcp/8bd7fcc4-16e7-4df3-a7dd-878d16565cc0/host
Jun 20 04:18:20 gtw01 dnsmasq-dhcp[16241]: read /var/lib/neutron/dhcp/8bd7fcc4-16e7-4df3-a7dd-878d16565cc0/opts
Jun 20 04:18:20 gtw01 dnsmasq[13602]: read /var/lib/neutron/dhcp/2834b254-1a3f-4cbe-8379-c78034406c0a/addn_hosts - 2 addresses
Jun 20 04:18:20 gtw01 dnsmasq-dhcp[13602]: read /var/lib/neutron/dhcp/2834b254-1a3f-4cbe-8379-c78034406c0a/host
Jun 20 04:18:20 gtw01 dnsmasq-dhcp[13602]: read /var/lib/neutron/dhcp/2834b254-1a3f-4cbe-8379-c78034406c0a/opts
Jun 20 04:18:22 gtw01 dnsmasq[13602]: read /var/lib/neutron/dhcp/2834b254-1a3f-4cbe-8379-c78034406c0a/addn_hosts - 1 addresses
Jun 20 04:18:22 gtw01 dnsmasq-dhcp[13602]: read /var/lib/neutron/dhcp/2834b254-1a3f-4cbe-8379-c78034406c0a/host
Jun 20 04:18:22 gtw01 dnsmasq-dhcp[13602]: read /var/lib/neutron/dhcp/2834b254-1a3f-4cbe-8379-c78034406c0a/opts
Jun 20 04:18:22 gtw01 haproxy-metadata-proxy-2834b254-1a3f-4cbe-8379-c78034406c0a[13849]: Proxy listener started.
Jun 20 04:18:27 gtw01 kernel: [ 6908.791391] device tape625d8e1-09 left promiscuous mode
Jun 20 04:18:31 gtw01 dnsmasq[6332]: read /var/lib/neutron/dhcp/5de20df5-1bb3-4e9a-ba34-f99287ca7ca1/addn_hosts - 6 addresses
Jun 20 04:18:31 gtw01 dnsmasq-dhcp[6332]: read /var/lib/neutron/dhcp/5de20df5-1bb3-4e9a-ba34-f99287ca7ca1/host
Jun 20 04:18:31 gtw01 dnsmasq-dhcp[6332]: read /var/lib/neutron/dhcp/5de20df5-1bb3-4e9a-ba34-f99287ca7ca1/opts
Jun 20 04:18:34 gtw01 dnsmasq-dhcp[6332]: DHCPRELEASE(tap7035d661-6c) 192.168.120.7 fa:16:3e:3b:44:08
Jun 20 04:18:50 gtw01 systemd-udevd[13964]: Could not generate persistent MAC address for tapd4f0b01a-65: No such file or directory
Jun 20 04:18:50 gtw01 kernel: [ 6931.771197] device tapd4f0b01a-65 entered promiscuous mode
Jun 20 04:18:50 gtw01 systemd-udevd[13964]: Process '/sbin/ip link set tapd4f0b01a-65 txqueuelen 10000' failed with exit code 1.
Jun 20 04:18:50 gtw01 systemd-udevd[14042]: Process '/sbin/ip link set tapd4f0b01a-65 txqueuelen 10000' failed with exit code 1.
Jun 20 04:18:50 gtw01 dnsmasq[6332]: read /var/lib/neutron/dhcp/5de20df5-1bb3-4e9a-ba34-f99287ca7ca1/addn_hosts - 5 addresses
Jun 20 04:18:50 gtw01 dnsmasq-dhcp[6332]: read /var/lib/neutron/dhcp/5de20df5-1bb3-4e9a-ba34-f99287ca7ca1/host
Jun 20 04:18:50 gtw01 dnsmasq-dhcp[6332]: read /var/lib/neutron/dhcp/5de20df5-1bb3-4e9a-ba34-f99287ca7ca1/opts
Jun 20 04:18:53 gtw01 dnsmasq[14175]: started, version 2.80 cachesize 150
Jun 20 04:18:53 gtw01 dnsmasq[14175]: DNS service limited to local subnets
Jun 20 04:18:53 gtw01 dnsmasq[14175]: compile time options: IPv6 GNU-getopt DBus i18n IDN DHCP DHCPv6 no-Lua TFTP conntrack ipset auth DNSSEC loop-detect inotify dumpfile
Jun 20 04:18:53 gtw01 dnsmasq[14175]: warning: no upstream servers configured
Jun 20 04:18:53 gtw01 dnsmasq-dhcp[14175]: DHCPv6, static leases only on 2003:0:0:ffff::, lease time 1h
Jun 20 04:18:53 gtw01 dnsmasq[14175]: read /var/lib/neutron/dhcp/30c8dc78-dfce-4439-97f3-d4da528f49ff/addn_hosts - 1 addresses
Jun 20 04:18:53 gtw01 dnsmasq-dhcp[14175]: read /var/lib/neutron/dhcp/30c8dc78-dfce-4439-97f3-d4da528f49ff/host
Jun 20 04:18:53 gtw01 dnsmasq-dhcp[14175]: read /var/lib/neutron/dhcp/30c8dc78-dfce-4439-97f3-d4da528f49ff/opts
Jun 20 04:18:54 gtw01 dnsmasq-dhcp[6332]: DHCPRELEASE(tap7035d661-6c) 192.168.120.8 fa:16:3e:c0:26:cf
Jun 20 04:18:54 gtw01 dnsmasq[14175]: read /var/lib/neutron/dhcp/30c8dc78-dfce-4439-97f3-d4da528f49ff/addn_hosts - 1 addresses
Jun 20 04:18:54 gtw01 dnsmasq-dhcp[14175]: read /var/lib/neutron/dhcp/30c8dc78-dfce-4439-97f3-d4da528f49ff/host
Jun 20 04:18:54 gtw01 dnsmasq-dhcp[14175]: read /var/lib/neutron/dhcp/30c8dc78-dfce-4439-97f3-d4da528f49ff/opts
Jun 20 04:18:54 gtw01 dnsmasq-dhcp[6332]: DHCPRELEASE(tap7035d661-6c) 192.168.120.8 fa:16:3e:c0:26:cf unknown lease
Jun 20 04:18:55 gtw01 dnsmasq[14175]: read /var/lib/neutron/dhcp/30c8dc78-dfce-4439-97f3-d4da528f49ff/addn_hosts - 1 addresses
Jun 20 04:18:55 gtw01 dnsmasq-dhcp[14175]: read /var/lib/neutron/dhcp/30c8dc78-dfce-4439-97f3-d4da528f49ff/host
Jun 20 04:18:55 gtw01 dnsmasq-dhcp[14175]: read /var/lib/neutron/dhcp/30c8dc78-dfce-4439-97f3-d4da528f49ff/opts
Jun 20 04:18:55 gtw01 dnsmasq[6332]: read /var/lib/neutron/dhcp/5de20df5-1bb3-4e9a-ba34-f99287ca7ca1/addn_hosts - 4 addresses
Jun 20 04:18:55 gtw01 dnsmasq-dhcp[6332]: read /var/lib/neutron/dhcp/5de20df5-1bb3-4e9a-ba34-f99287ca7ca1/host
Jun 20 04:18:55 gtw01 dnsmasq-dhcp[6332]: read /var/lib/neutron/dhcp/5de20df5-1bb3-4e9a-ba34-f99287ca7ca1/opts
Jun 20 04:18:56 gtw01 dnsmasq[14175]: read /var/lib/neutron/dhcp/30c8dc78-dfce-4439-97f3-d4da528f49ff/addn_hosts - 1 addresses
Jun 20 04:18:56 gtw01 dnsmasq-dhcp[14175]: read /var/lib/neutron/dhcp/30c8dc78-dfce-4439-97f3-d4da528f49ff/host
Jun 20 04:18:56 gtw01 dnsmasq-dhcp[14175]: read /var/lib/neutron/dhcp/30c8dc78-dfce-4439-97f3-d4da528f49ff/opts
Jun 20 04:18:56 gtw01 kernel: [ 6938.127023] device vxlan_sys_4789 left promiscuous mode
Jun 20 04:18:56 gtw01 dnsmasq-dhcp[6332]: DHCPRELEASE(tap7035d661-6c) 192.168.120.4 fa:16:3e:a4:2e:9a
Jun 20 04:18:56 gtw01 dnsmasq-dhcp[6332]: DHCPRELEASE(tap7035d661-6c) 192.168.120.4 fa:16:3e:a4:2e:9a unknown lease
Jun 20 04:18:57 gtw01 dnsmasq[6332]: read /var/lib/neutron/dhcp/5de20df5-1bb3-4e9a-ba34-f99287ca7ca1/addn_hosts - 3 addresses
Jun 20 04:18:57 gtw01 dnsmasq-dhcp[6332]: read /var/lib/neutron/dhcp/5de20df5-1bb3-4e9a-ba34-f99287ca7ca1/host
Jun 20 04:18:57 gtw01 dnsmasq-dhcp[6332]: read /var/lib/neutron/dhcp/5de20df5-1bb3-4e9a-ba34-f99287ca7ca1/opts
Jun 20 04:18:59 gtw01 dnsmasq[6332]: read /var/lib/neutron/dhcp/5de20df5-1bb3-4e9a-ba34-f99287ca7ca1/addn_hosts - 2 addresses
Jun 20 04:18:59 gtw01 dnsmasq-dhcp[6332]: read /var/lib/neutron/dhcp/5de20df5-1bb3-4e9a-ba34-f99287ca7ca1/host
Jun 20 04:18:59 gtw01 dnsmasq-dhcp[6332]: read /var/lib/neutron/dhcp/5de20df5-1bb3-4e9a-ba34-f99287ca7ca1/opts
Jun 20 04:19:02 gtw01 kernel: [ 6943.964463] device tapf7fb8113-bb entered promiscuous mode
Jun 20 04:19:02 gtw01 systemd-udevd[14358]: Could not generate persistent MAC address for tapf7fb8113-bb: No such file or directory
Jun 20 04:19:02 gtw01 systemd-udevd[14358]: Process '/sbin/ip link set tapf7fb8113-bb txqueuelen 10000' failed with exit code 1.
Jun 20 04:19:02 gtw01 systemd-udevd[14358]: Process '/sbin/ip link set tapf7fb8113-bb txqueuelen 10000' failed with exit code 1.
Jun 20 04:19:03 gtw01 dnsmasq[6332]: read /var/lib/neutron/dhcp/5de20df5-1bb3-4e9a-ba34-f99287ca7ca1/addn_hosts - 1 addresses
Jun 20 04:19:03 gtw01 dnsmasq-dhcp[6332]: read /var/lib/neutron/dhcp/5de20df5-1bb3-4e9a-ba34-f99287ca7ca1/host
Jun 20 04:19:03 gtw01 dnsmasq-dhcp[6332]: read /var/lib/neutron/dhcp/5de20df5-1bb3-4e9a-ba34-f99287ca7ca1/opts
Jun 20 04:19:04 gtw01 haproxy-metadata-proxy-5de20df5-1bb3-4e9a-ba34-f99287ca7ca1[14494]: Proxy listener started.
Jun 20 04:19:05 gtw01 dnsmasq[14546]: started, version 2.80 cachesize 150
Jun 20 04:19:05 gtw01 dnsmasq[14546]: DNS service limited to local subnets
Jun 20 04:19:05 gtw01 dnsmasq[14546]: compile time options: IPv6 GNU-getopt DBus i18n IDN DHCP DHCPv6 no-Lua TFTP conntrack ipset auth DNSSEC loop-detect inotify dumpfile
Jun 20 04:19:05 gtw01 dnsmasq[14546]: warning: no upstream servers configured
Jun 20 04:19:05 gtw01 dnsmasq-dhcp[14546]: DHCPv6, static leases only on 2003::, lease time 1h
Jun 20 04:19:05 gtw01 dnsmasq[14546]: read /var/lib/neutron/dhcp/b1b8e6f3-3472-4c4c-96da-896c995351ff/addn_hosts - 1 addresses
Jun 20 04:19:05 gtw01 dnsmasq-dhcp[14546]: read /var/lib/neutron/dhcp/b1b8e6f3-3472-4c4c-96da-896c995351ff/host
Jun 20 04:19:05 gtw01 dnsmasq-dhcp[14546]: read /var/lib/neutron/dhcp/b1b8e6f3-3472-4c4c-96da-896c995351ff/opts
Jun 20 04:19:06 gtw01 kernel: [ 6948.736508] device qr-c48dde7d-43 left promiscuous mode
Jun 20 04:19:07 gtw01 dnsmasq[14546]: read /var/lib/neutron/dhcp/b1b8e6f3-3472-4c4c-96da-896c995351ff/addn_hosts - 1 addresses
Jun 20 04:19:07 gtw01 dnsmasq-dhcp[14546]: read /var/lib/neutron/dhcp/b1b8e6f3-3472-4c4c-96da-896c995351ff/host
Jun 20 04:19:07 gtw01 dnsmasq-dhcp[14546]: read /var/lib/neutron/dhcp/b1b8e6f3-3472-4c4c-96da-896c995351ff/opts
Jun 20 04:19:07 gtw01 systemd-udevd[14601]: Could not generate persistent MAC address for tapa9416104-69: No such file or directory
Jun 20 04:19:07 gtw01 kernel: [ 6949.453273] device tapa9416104-69 entered promiscuous mode
Jun 20 04:19:07 gtw01 systemd-udevd[14601]: Process '/sbin/ip link set tapa9416104-69 txqueuelen 10000' failed with exit code 1.
Jun 20 04:19:07 gtw01 systemd-udevd[14675]: Process '/sbin/ip link set tapa9416104-69 txqueuelen 10000' failed with exit code 1.
Jun 20 04:19:07 gtw01 dnsmasq[14546]: read /var/lib/neutron/dhcp/b1b8e6f3-3472-4c4c-96da-896c995351ff/addn_hosts - 1 addresses
Jun 20 04:19:07 gtw01 dnsmasq-dhcp[14546]: read /var/lib/neutron/dhcp/b1b8e6f3-3472-4c4c-96da-896c995351ff/host
Jun 20 04:19:07 gtw01 dnsmasq-dhcp[14546]: read /var/lib/neutron/dhcp/b1b8e6f3-3472-4c4c-96da-896c995351ff/opts
Jun 20 04:19:08 gtw01 dnsmasq[14546]: read /var/lib/neutron/dhcp/b1b8e6f3-3472-4c4c-96da-896c995351ff/addn_hosts - 1 addresses
Jun 20 04:19:08 gtw01 dnsmasq-dhcp[14546]: read /var/lib/neutron/dhcp/b1b8e6f3-3472-4c4c-96da-896c995351ff/host
Jun 20 04:19:08 gtw01 dnsmasq-dhcp[14546]: read /var/lib/neutron/dhcp/b1b8e6f3-3472-4c4c-96da-896c995351ff/opts
Jun 20 04:19:09 gtw01 kernel: [ 6950.820138] device tap9cb8be74-db entered promiscuous mode
Jun 20 04:19:09 gtw01 systemd-udevd[14779]: Could not generate persistent MAC address for tap9cb8be74-db: No such file or directory
Jun 20 04:19:09 gtw01 systemd-udevd[14779]: Process '/sbin/ip link set tap9cb8be74-db txqueuelen 10000' failed with exit code 1.
Jun 20 04:19:09 gtw01 systemd-udevd[14779]: Process '/sbin/ip link set tap9cb8be74-db txqueuelen 10000' failed with exit code 1.
Jun 20 04:19:09 gtw01 kernel: [ 6951.629555] device qg-4ecdd874-55 left promiscuous mode
Jun 20 04:19:10 gtw01 kernel: [ 6952.391215] device tap7035d661-6c left promiscuous mode
Jun 20 04:19:11 gtw01 dnsmasq[14990]: started, version 2.80 cachesize 150
Jun 20 04:19:11 gtw01 dnsmasq[14990]: DNS service limited to local subnets
Jun 20 04:19:11 gtw01 dnsmasq[14990]: compile time options: IPv6 GNU-getopt DBus i18n IDN DHCP DHCPv6 no-Lua TFTP conntrack ipset auth DNSSEC loop-detect inotify dumpfile
Jun 20 04:19:11 gtw01 dnsmasq[14990]: warning: no upstream servers configured
Jun 20 04:19:11 gtw01 dnsmasq-dhcp[14990]: DHCPv6, static leases only on 2003::, lease time 1h
Jun 20 04:19:11 gtw01 dnsmasq[14990]: read /var/lib/neutron/dhcp/c419a1df-2b51-4873-8409-ac5de1df74d9/addn_hosts - 1 addresses
Jun 20 04:19:11 gtw01 dnsmasq-dhcp[14990]: read /var/lib/neutron/dhcp/c419a1df-2b51-4873-8409-ac5de1df74d9/host
Jun 20 04:19:11 gtw01 dnsmasq-dhcp[14990]: read /var/lib/neutron/dhcp/c419a1df-2b51-4873-8409-ac5de1df74d9/opts
Jun 20 04:19:12 gtw01 dnsmasq[14990]: read /var/lib/neutron/dhcp/c419a1df-2b51-4873-8409-ac5de1df74d9/addn_hosts - 1 addresses
Jun 20 04:19:12 gtw01 dnsmasq-dhcp[14990]: read /var/lib/neutron/dhcp/c419a1df-2b51-4873-8409-ac5de1df74d9/host
Jun 20 04:19:12 gtw01 dnsmasq-dhcp[14990]: read /var/lib/neutron/dhcp/c419a1df-2b51-4873-8409-ac5de1df74d9/opts
Jun 20 04:19:12 gtw01 dnsmasq[15044]: started, version 2.80 cachesize 150
Jun 20 04:19:12 gtw01 dnsmasq[15044]: DNS service limited to local subnets
Jun 20 04:19:12 gtw01 dnsmasq[15044]: compile time options: IPv6 GNU-getopt DBus i18n IDN DHCP DHCPv6 no-Lua TFTP conntrack ipset auth DNSSEC loop-detect inotify dumpfile
Jun 20 04:19:12 gtw01 dnsmasq[15044]: warning: no upstream servers configured
Jun 20 04:19:12 gtw01 dnsmasq-dhcp[15044]: DHCPv6, static leases only on 2003::, lease time 1h
Jun 20 04:19:12 gtw01 dnsmasq[15044]: read /var/lib/neutron/dhcp/df4f905c-e5b7-45c9-a7c2-3c31b3465912/addn_hosts - 1 addresses
Jun 20 04:19:12 gtw01 dnsmasq-dhcp[15044]: read /var/lib/neutron/dhcp/df4f905c-e5b7-45c9-a7c2-3c31b3465912/host
Jun 20 04:19:12 gtw01 dnsmasq-dhcp[15044]: read /var/lib/neutron/dhcp/df4f905c-e5b7-45c9-a7c2-3c31b3465912/opts
Jun 20 04:19:12 gtw01 kernel: [ 6954.526613] device tap9cb8be74-db left promiscuous mode
Jun 20 04:19:13 gtw01 dnsmasq[14990]: read /var/lib/neutron/dhcp/c419a1df-2b51-4873-8409-ac5de1df74d9/addn_hosts - 1 addresses
Jun 20 04:19:13 gtw01 dnsmasq-dhcp[14990]: read /var/lib/neutron/dhcp/c419a1df-2b51-4873-8409-ac5de1df74d9/host
Jun 20 04:19:13 gtw01 dnsmasq-dhcp[14990]: read /var/lib/neutron/dhcp/c419a1df-2b51-4873-8409-ac5de1df74d9/opts
Jun 20 04:19:13 gtw01 dnsmasq[14990]: read /var/lib/neutron/dhcp/c419a1df-2b51-4873-8409-ac5de1df74d9/addn_hosts - 1 addresses
Jun 20 04:19:13 gtw01 dnsmasq-dhcp[14990]: read /var/lib/neutron/dhcp/c419a1df-2b51-4873-8409-ac5de1df74d9/host
Jun 20 04:19:13 gtw01 dnsmasq-dhcp[14990]: read /var/lib/neutron/dhcp/c419a1df-2b51-4873-8409-ac5de1df74d9/opts
Jun 20 04:19:20 gtw01 dnsmasq[16241]: read /var/lib/neutron/dhcp/8bd7fcc4-16e7-4df3-a7dd-878d16565cc0/addn_hosts - 3 addresses
Jun 20 04:19:20 gtw01 dnsmasq-dhcp[16241]: read /var/lib/neutron/dhcp/8bd7fcc4-16e7-4df3-a7dd-878d16565cc0/host
Jun 20 04:19:20 gtw01 dnsmasq-dhcp[16241]: read /var/lib/neutron/dhcp/8bd7fcc4-16e7-4df3-a7dd-878d16565cc0/opts
Jun 20 04:19:21 gtw01 dnsmasq[16241]: read /var/lib/neutron/dhcp/8bd7fcc4-16e7-4df3-a7dd-878d16565cc0/addn_hosts - 3 addresses
Jun 20 04:19:21 gtw01 dnsmasq-dhcp[16241]: read /var/lib/neutron/dhcp/8bd7fcc4-16e7-4df3-a7dd-878d16565cc0/host
Jun 20 04:19:21 gtw01 dnsmasq-dhcp[16241]: read /var/lib/neutron/dhcp/8bd7fcc4-16e7-4df3-a7dd-878d16565cc0/opts
Jun 20 04:19:22 gtw01 dnsmasq[16241]: read /var/lib/neutron/dhcp/8bd7fcc4-16e7-4df3-a7dd-878d16565cc0/addn_hosts - 3 addresses
Jun 20 04:19:22 gtw01 dnsmasq-dhcp[16241]: read /var/lib/neutron/dhcp/8bd7fcc4-16e7-4df3-a7dd-878d16565cc0/host
Jun 20 04:19:22 gtw01 dnsmasq-dhcp[16241]: read /var/lib/neutron/dhcp/8bd7fcc4-16e7-4df3-a7dd-878d16565cc0/opts
Jun 20 04:19:24 gtw01 kernel: [ 6966.426232] device tap6cd9cbe3-ad entered promiscuous mode
Jun 20 04:19:24 gtw01 systemd-udevd[15225]: Could not generate persistent MAC address for tap6cd9cbe3-ad: No such file or directory
Jun 20 04:19:24 gtw01 systemd-udevd[15225]: Process '/sbin/ip link set tap6cd9cbe3-ad txqueuelen 10000' failed with exit code 1.
Jun 20 04:19:24 gtw01 systemd-udevd[15225]: Process '/sbin/ip link set tap6cd9cbe3-ad txqueuelen 10000' failed with exit code 1.
Jun 20 04:19:26 gtw01 systemd-udevd[15324]: Could not generate persistent MAC address for vxlan_sys_4789: No such file or directory
Jun 20 04:19:26 gtw01 kernel: [ 6967.978804] device vxlan_sys_4789 entered promiscuous mode
Jun 20 04:19:28 gtw01 dnsmasq[15456]: started, version 2.80 cachesize 150
Jun 20 04:19:28 gtw01 dnsmasq[15456]: DNS service limited to local subnets
Jun 20 04:19:28 gtw01 dnsmasq[15456]: compile time options: IPv6 GNU-getopt DBus i18n IDN DHCP DHCPv6 no-Lua TFTP conntrack ipset auth DNSSEC loop-detect inotify dumpfile
Jun 20 04:19:28 gtw01 dnsmasq[15456]: warning: no upstream servers configured
Jun 20 04:19:28 gtw01 dnsmasq-dhcp[15456]: DHCPv6, static leases only on 2003::, lease time 1h
Jun 20 04:19:28 gtw01 dnsmasq[15456]: read /var/lib/neutron/dhcp/b42c6cf4-61fb-4372-8b81-5d73e31a4291/addn_hosts - 1 addresses
Jun 20 04:19:28 gtw01 dnsmasq-dhcp[15456]: read /var/lib/neutron/dhcp/b42c6cf4-61fb-4372-8b81-5d73e31a4291/host
Jun 20 04:19:28 gtw01 dnsmasq-dhcp[15456]: read /var/lib/neutron/dhcp/b42c6cf4-61fb-4372-8b81-5d73e31a4291/opts
Jun 20 04:19:28 gtw01 systemd-udevd[15464]: Could not generate persistent MAC address for tap3b51ebf1-48: No such file or directory
Jun 20 04:19:28 gtw01 kernel: [ 6970.051460] device tap3b51ebf1-48 entered promiscuous mode
Jun 20 04:19:28 gtw01 systemd-udevd[15531]: Process '/sbin/ip link set tap3b51ebf1-48 txqueuelen 10000' failed with exit code 1.
Jun 20 04:19:31 gtw01 dnsmasq[15656]: started, version 2.80 cachesize 150
Jun 20 04:19:31 gtw01 dnsmasq[15656]: DNS service limited to local subnets
Jun 20 04:19:31 gtw01 dnsmasq[15656]: compile time options: IPv6 GNU-getopt DBus i18n IDN DHCP DHCPv6 no-Lua TFTP conntrack ipset auth DNSSEC loop-detect inotify dumpfile
Jun 20 04:19:31 gtw01 dnsmasq[15656]: warning: no upstream servers configured
Jun 20 04:19:31 gtw01 dnsmasq-dhcp[15656]: DHCPv6, static leases only on 2003::, lease time 1h
Jun 20 04:19:31 gtw01 dnsmasq[15656]: read /var/lib/neutron/dhcp/0e4d16eb-85b2-4053-bcb1-bcaaf175a50c/addn_hosts - 1 addresses
Jun 20 04:19:31 gtw01 dnsmasq-dhcp[15656]: read /var/lib/neutron/dhcp/0e4d16eb-85b2-4053-bcb1-bcaaf175a50c/host
Jun 20 04:19:31 gtw01 dnsmasq-dhcp[15656]: read /var/lib/neutron/dhcp/0e4d16eb-85b2-4053-bcb1-bcaaf175a50c/opts
Jun 20 04:19:31 gtw01 kernel: [ 6973.438817] device tap3b51ebf1-48 left promiscuous mode
Jun 20 04:19:32 gtw01 dnsmasq[15680]: started, version 2.80 cachesize 150
Jun 20 04:19:32 gtw01 dnsmasq[15680]: DNS service limited to local subnets
Jun 20 04:19:32 gtw01 dnsmasq[15680]: compile time options: IPv6 GNU-getopt DBus i18n IDN DHCP DHCPv6 no-Lua TFTP conntrack ipset auth DNSSEC loop-detect inotify dumpfile
Jun 20 04:19:32 gtw01 dnsmasq[15680]: warning: no upstream servers configured
Jun 20 04:19:32 gtw01 dnsmasq-dhcp[15680]: DHCP, static leases only on 192.168.120.0, lease time 1h
Jun 20 04:19:32 gtw01 dnsmasq-dhcp[15680]: DHCPv6, static leases only on 2003::, lease time 1h
Jun 20 04:19:32 gtw01 dnsmasq[15680]: read /var/lib/neutron/dhcp/b42c6cf4-61fb-4372-8b81-5d73e31a4291/addn_hosts - 2 addresses
Jun 20 04:19:32 gtw01 dnsmasq-dhcp[15680]: read /var/lib/neutron/dhcp/b42c6cf4-61fb-4372-8b81-5d73e31a4291/host
Jun 20 04:19:32 gtw01 dnsmasq-dhcp[15680]: read /var/lib/neutron/dhcp/b42c6cf4-61fb-4372-8b81-5d73e31a4291/opts
Jun 20 04:19:32 gtw01 haproxy-metadata-proxy-b42c6cf4-61fb-4372-8b81-5d73e31a4291[15684]: Proxy listener started.
Jun 20 04:19:33 gtw01 dnsmasq[15680]: read /var/lib/neutron/dhcp/b42c6cf4-61fb-4372-8b81-5d73e31a4291/addn_hosts - 2 addresses
Jun 20 04:19:33 gtw01 dnsmasq-dhcp[15680]: read /var/lib/neutron/dhcp/b42c6cf4-61fb-4372-8b81-5d73e31a4291/host
Jun 20 04:19:33 gtw01 dnsmasq-dhcp[15680]: read /var/lib/neutron/dhcp/b42c6cf4-61fb-4372-8b81-5d73e31a4291/opts
Jun 20 04:19:33 gtw01 kernel: [ 6975.599835] device vxlan_sys_4789 left promiscuous mode
Jun 20 04:19:34 gtw01 dnsmasq[15680]: read /var/lib/neutron/dhcp/b42c6cf4-61fb-4372-8b81-5d73e31a4291/addn_hosts - 2 addresses
Jun 20 04:19:34 gtw01 dnsmasq-dhcp[15680]: read /var/lib/neutron/dhcp/b42c6cf4-61fb-4372-8b81-5d73e31a4291/host
Jun 20 04:19:34 gtw01 dnsmasq-dhcp[15680]: read /var/lib/neutron/dhcp/b42c6cf4-61fb-4372-8b81-5d73e31a4291/opts
Jun 20 04:19:34 gtw01 dnsmasq[16241]: read /var/lib/neutron/dhcp/8bd7fcc4-16e7-4df3-a7dd-878d16565cc0/addn_hosts - 2 addresses
Jun 20 04:19:34 gtw01 dnsmasq-dhcp[16241]: read /var/lib/neutron/dhcp/8bd7fcc4-16e7-4df3-a7dd-878d16565cc0/host
Jun 20 04:19:34 gtw01 dnsmasq-dhcp[16241]: read /var/lib/neutron/dhcp/8bd7fcc4-16e7-4df3-a7dd-878d16565cc0/opts
Jun 20 04:19:41 gtw01 kernel: [ 6983.257643] device tap84528da5-96 entered promiscuous mode
Jun 20 04:19:41 gtw01 systemd-udevd[15793]: Could not generate persistent MAC address for tap84528da5-96: No such file or directory
Jun 20 04:19:41 gtw01 systemd-udevd[15793]: Process '/sbin/ip link set tap84528da5-96 txqueuelen 10000' failed with exit code 1.
Jun 20 04:19:41 gtw01 systemd-udevd[15793]: Process '/sbin/ip link set tap84528da5-96 txqueuelen 10000' failed with exit code 1.
Jun 20 04:19:44 gtw01 dnsmasq[15958]: started, version 2.80 cachesize 150
Jun 20 04:19:44 gtw01 dnsmasq[15958]: DNS service limited to local subnets
Jun 20 04:19:44 gtw01 dnsmasq[15958]: compile time options: IPv6 GNU-getopt DBus i18n IDN DHCP DHCPv6 no-Lua TFTP conntrack ipset auth DNSSEC loop-detect inotify dumpfile
Jun 20 04:19:44 gtw01 dnsmasq[15958]: warning: no upstream servers configured
Jun 20 04:19:44 gtw01 dnsmasq-dhcp[15958]: DHCPv6, static leases only on 2003::, lease time 1h
Jun 20 04:19:44 gtw01 dnsmasq[15958]: read /var/lib/neutron/dhcp/c1e0ab39-bc24-4905-a04c-08e51900f339/addn_hosts - 1 addresses
Jun 20 04:19:44 gtw01 dnsmasq-dhcp[15958]: read /var/lib/neutron/dhcp/c1e0ab39-bc24-4905-a04c-08e51900f339/host
Jun 20 04:19:44 gtw01 dnsmasq-dhcp[15958]: read /var/lib/neutron/dhcp/c1e0ab39-bc24-4905-a04c-08e51900f339/opts
Jun 20 04:19:44 gtw01 kernel: [ 6986.694538] device tap84528da5-96 left promiscuous mode
Jun 20 04:19:46 gtw01 systemd-udevd[16009]: Could not generate persistent MAC address for qg-57cddcd2-aa: No such file or directory
Jun 20 04:19:46 gtw01 kernel: [ 6988.185023] device qg-57cddcd2-aa entered promiscuous mode
Jun 20 04:19:48 gtw01 dnsmasq[16170]: started, version 2.80 cachesize 150
Jun 20 04:19:48 gtw01 dnsmasq[16170]: DNS service limited to local subnets
Jun 20 04:19:48 gtw01 dnsmasq[16170]: compile time options: IPv6 GNU-getopt DBus i18n IDN DHCP DHCPv6 no-Lua TFTP conntrack ipset auth DNSSEC loop-detect inotify dumpfile
Jun 20 04:19:48 gtw01 dnsmasq[16170]: warning: no upstream servers configured
Jun 20 04:19:48 gtw01 dnsmasq-dhcp[16170]: DHCPv6, static leases only on 2003::, lease time 1h
Jun 20 04:19:48 gtw01 dnsmasq[16170]: read /var/lib/neutron/dhcp/b42c6cf4-61fb-4372-8b81-5d73e31a4291/addn_hosts - 1 addresses
Jun 20 04:19:48 gtw01 dnsmasq-dhcp[16170]: read /var/lib/neutron/dhcp/b42c6cf4-61fb-4372-8b81-5d73e31a4291/host
Jun 20 04:19:48 gtw01 dnsmasq-dhcp[16170]: read /var/lib/neutron/dhcp/b42c6cf4-61fb-4372-8b81-5d73e31a4291/opts
Jun 20 04:19:48 gtw01 kernel: [ 6990.645315] device tap6cd9cbe3-ad left promiscuous mode
Jun 20 04:19:52 gtw01 haproxy-metadata-proxy-21b94942-3ffb-490c-a0bf-69281a7fc9c8[16312]: Proxy listener started.
Jun 20 04:19:52 gtw01 kernel: [ 6994.635639] device tapea3dee87-1d entered promiscuous mode
Jun 20 04:19:52 gtw01 systemd-udevd[16327]: Could not generate persistent MAC address for tapea3dee87-1d: No such file or directory
Jun 20 04:19:52 gtw01 systemd-udevd[16327]: Process '/sbin/ip link set tapea3dee87-1d txqueuelen 10000' failed with exit code 1.
Jun 20 04:19:53 gtw01 systemd-udevd[16404]: Process '/sbin/ip link set tapea3dee87-1d txqueuelen 10000' failed with exit code 1.
Jun 20 04:19:54 gtw01 kernel: [ 6996.159536] device tapa9416104-69 left promiscuous mode
Jun 20 04:19:56 gtw01 dnsmasq[16509]: started, version 2.80 cachesize 150
Jun 20 04:19:56 gtw01 dnsmasq[16509]: DNS service limited to local subnets
Jun 20 04:19:56 gtw01 dnsmasq[16509]: compile time options: IPv6 GNU-getopt DBus i18n IDN DHCP DHCPv6 no-Lua TFTP conntrack ipset auth DNSSEC loop-detect inotify dumpfile
Jun 20 04:19:56 gtw01 dnsmasq[16509]: warning: no upstream servers configured
Jun 20 04:19:56 gtw01 dnsmasq-dhcp[16509]: DHCPv6, static leases only on 2003:0:0:1::, lease time 1h
Jun 20 04:19:56 gtw01 dnsmasq[16509]: read /var/lib/neutron/dhcp/d0bb89aa-687d-41d2-a92c-ee89c86c7c28/addn_hosts - 1 addresses
Jun 20 04:19:56 gtw01 dnsmasq-dhcp[16509]: read /var/lib/neutron/dhcp/d0bb89aa-687d-41d2-a92c-ee89c86c7c28/host
Jun 20 04:19:56 gtw01 dnsmasq-dhcp[16509]: read /var/lib/neutron/dhcp/d0bb89aa-687d-41d2-a92c-ee89c86c7c28/opts
Jun 20 04:19:56 gtw01 systemd-udevd[16524]: Could not generate persistent MAC address for qr-c59ec6d8-2e: No such file or directory
Jun 20 04:19:56 gtw01 kernel: [ 6998.359214] device qr-c59ec6d8-2e entered promiscuous mode
Jun 20 04:19:56 gtw01 kernel: [ 6998.477791] device tapea3dee87-1d left promiscuous mode
Jun 20 04:19:59 gtw01 kernel: [ 7001.433205] device tapf7fb8113-bb left promiscuous mode
Jun 20 04:20:01 gtw01 systemd-udevd[16754]: Could not generate persistent MAC address for vxlan_sys_4789: No such file or directory
Jun 20 04:20:01 gtw01 kernel: [ 7003.070985] device vxlan_sys_4789 entered promiscuous mode
Jun 20 04:20:03 gtw01 kernel: [ 7005.320821] device tapd4f0b01a-65 left promiscuous mode
Jun 20 04:20:13 gtw01 kernel: [ 7015.311524] device tap19766312-47 entered promiscuous mode
Jun 20 04:20:13 gtw01 systemd-udevd[16950]: Could not generate persistent MAC address for tap19766312-47: No such file or directory
Jun 20 04:20:13 gtw01 systemd-udevd[16950]: Process '/sbin/ip link set tap19766312-47 txqueuelen 10000' failed with exit code 1.
Jun 20 04:20:13 gtw01 systemd-udevd[16950]: Process '/sbin/ip link set tap19766312-47 txqueuelen 10000' failed with exit code 1.
Jun 20 04:20:15 gtw01 kernel: [ 7017.212497] device tap2b64a661-b5 entered promiscuous mode
Jun 20 04:20:15 gtw01 systemd-udevd[17097]: Could not generate persistent MAC address for tap2b64a661-b5: No such file or directory
Jun 20 04:20:15 gtw01 systemd-udevd[17097]: Process '/sbin/ip link set tap2b64a661-b5 txqueuelen 10000' failed with exit code 1.
Jun 20 04:20:15 gtw01 systemd-udevd[17097]: Process '/sbin/ip link set tap2b64a661-b5 txqueuelen 10000' failed with exit code 1.
Jun 20 04:20:16 gtw01 dnsmasq[17237]: started, version 2.80 cachesize 150
Jun 20 04:20:16 gtw01 dnsmasq[17237]: DNS service limited to local subnets
Jun 20 04:20:16 gtw01 dnsmasq[17237]: compile time options: IPv6 GNU-getopt DBus i18n IDN DHCP DHCPv6 no-Lua TFTP conntrack ipset auth DNSSEC loop-detect inotify dumpfile
Jun 20 04:20:16 gtw01 dnsmasq[17237]: warning: no upstream servers configured
Jun 20 04:20:16 gtw01 dnsmasq-dhcp[17237]: DHCP, static leases only on 192.168.120.0, lease time 1h
Jun 20 04:20:16 gtw01 dnsmasq[17237]: read /var/lib/neutron/dhcp/47b25648-dd6f-4bf1-a81e-ae05de7378c0/addn_hosts - 1 addresses
Jun 20 04:20:16 gtw01 dnsmasq-dhcp[17237]: read /var/lib/neutron/dhcp/47b25648-dd6f-4bf1-a81e-ae05de7378c0/host
Jun 20 04:20:16 gtw01 dnsmasq-dhcp[17237]: read /var/lib/neutron/dhcp/47b25648-dd6f-4bf1-a81e-ae05de7378c0/opts
Jun 20 04:20:17 gtw01 haproxy-metadata-proxy-47b25648-dd6f-4bf1-a81e-ae05de7378c0[17248]: Proxy listener started.
Jun 20 04:20:17 gtw01 dnsmasq[17237]: read /var/lib/neutron/dhcp/47b25648-dd6f-4bf1-a81e-ae05de7378c0/addn_hosts - 2 addresses
Jun 20 04:20:17 gtw01 dnsmasq-dhcp[17237]: read /var/lib/neutron/dhcp/47b25648-dd6f-4bf1-a81e-ae05de7378c0/host
Jun 20 04:20:17 gtw01 dnsmasq-dhcp[17237]: read /var/lib/neutron/dhcp/47b25648-dd6f-4bf1-a81e-ae05de7378c0/opts
Jun 20 04:20:18 gtw01 dnsmasq[17319]: started, version 2.80 cachesize 150
Jun 20 04:20:18 gtw01 dnsmasq[17319]: DNS service limited to local subnets
Jun 20 04:20:18 gtw01 dnsmasq[17319]: compile time options: IPv6 GNU-getopt DBus i18n IDN DHCP DHCPv6 no-Lua TFTP conntrack ipset auth DNSSEC loop-detect inotify dumpfile
Jun 20 04:20:18 gtw01 dnsmasq[17319]: warning: no upstream servers configured
Jun 20 04:20:18 gtw01 dnsmasq-dhcp[17319]: DHCP, static leases only on 192.168.121.0, lease time 1h
Jun 20 04:20:18 gtw01 dnsmasq[17319]: read /var/lib/neutron/dhcp/91a41a4f-1bbe-407a-bb5d-959d76918d35/addn_hosts - 1 addresses
Jun 20 04:20:18 gtw01 dnsmasq-dhcp[17319]: read /var/lib/neutron/dhcp/91a41a4f-1bbe-407a-bb5d-959d76918d35/host
Jun 20 04:20:18 gtw01 dnsmasq-dhcp[17319]: read /var/lib/neutron/dhcp/91a41a4f-1bbe-407a-bb5d-959d76918d35/opts
Jun 20 04:20:18 gtw01 dnsmasq[17237]: read /var/lib/neutron/dhcp/47b25648-dd6f-4bf1-a81e-ae05de7378c0/addn_hosts - 2 addresses
Jun 20 04:20:18 gtw01 dnsmasq-dhcp[17237]: read /var/lib/neutron/dhcp/47b25648-dd6f-4bf1-a81e-ae05de7378c0/host
Jun 20 04:20:18 gtw01 dnsmasq-dhcp[17237]: read /var/lib/neutron/dhcp/47b25648-dd6f-4bf1-a81e-ae05de7378c0/opts
Jun 20 04:20:19 gtw01 haproxy-metadata-proxy-91a41a4f-1bbe-407a-bb5d-959d76918d35[17328]: Proxy listener started.
Jun 20 04:20:19 gtw01 dnsmasq[17237]: read /var/lib/neutron/dhcp/47b25648-dd6f-4bf1-a81e-ae05de7378c0/addn_hosts - 2 addresses
Jun 20 04:20:19 gtw01 dnsmasq-dhcp[17237]: read /var/lib/neutron/dhcp/47b25648-dd6f-4bf1-a81e-ae05de7378c0/host
Jun 20 04:20:19 gtw01 dnsmasq-dhcp[17237]: read /var/lib/neutron/dhcp/47b25648-dd6f-4bf1-a81e-ae05de7378c0/opts
Jun 20 04:20:19 gtw01 dnsmasq[17319]: read /var/lib/neutron/dhcp/91a41a4f-1bbe-407a-bb5d-959d76918d35/addn_hosts - 2 addresses
Jun 20 04:20:19 gtw01 dnsmasq-dhcp[17319]: read /var/lib/neutron/dhcp/91a41a4f-1bbe-407a-bb5d-959d76918d35/host
Jun 20 04:20:19 gtw01 dnsmasq-dhcp[17319]: read /var/lib/neutron/dhcp/91a41a4f-1bbe-407a-bb5d-959d76918d35/opts
Jun 20 04:20:20 gtw01 systemd-udevd[17406]: Could not generate persistent MAC address for tap5a01a792-83: No such file or directory
Jun 20 04:20:20 gtw01 kernel: [ 7022.374514] device tap5a01a792-83 entered promiscuous mode
Jun 20 04:20:20 gtw01 systemd-udevd[17406]: Process '/sbin/ip link set tap5a01a792-83 txqueuelen 10000' failed with exit code 1.
Jun 20 04:20:20 gtw01 systemd-udevd[17481]: Process '/sbin/ip link set tap5a01a792-83 txqueuelen 10000' failed with exit code 1.
Jun 20 04:20:20 gtw01 dnsmasq[17237]: read /var/lib/neutron/dhcp/47b25648-dd6f-4bf1-a81e-ae05de7378c0/addn_hosts - 2 addresses
Jun 20 04:20:20 gtw01 dnsmasq-dhcp[17237]: read /var/lib/neutron/dhcp/47b25648-dd6f-4bf1-a81e-ae05de7378c0/host
Jun 20 04:20:20 gtw01 dnsmasq-dhcp[17237]: read /var/lib/neutron/dhcp/47b25648-dd6f-4bf1-a81e-ae05de7378c0/opts
Jun 20 04:20:21 gtw01 dnsmasq[17319]: read /var/lib/neutron/dhcp/91a41a4f-1bbe-407a-bb5d-959d76918d35/addn_hosts - 2 addresses
Jun 20 04:20:21 gtw01 dnsmasq-dhcp[17319]: read /var/lib/neutron/dhcp/91a41a4f-1bbe-407a-bb5d-959d76918d35/host
Jun 20 04:20:21 gtw01 dnsmasq-dhcp[17319]: read /var/lib/neutron/dhcp/91a41a4f-1bbe-407a-bb5d-959d76918d35/opts
Jun 20 04:20:21 gtw01 dnsmasq[17237]: read /var/lib/neutron/dhcp/47b25648-dd6f-4bf1-a81e-ae05de7378c0/addn_hosts - 2 addresses
Jun 20 04:20:21 gtw01 dnsmasq-dhcp[17237]: read /var/lib/neutron/dhcp/47b25648-dd6f-4bf1-a81e-ae05de7378c0/host
Jun 20 04:20:21 gtw01 dnsmasq-dhcp[17237]: read /var/lib/neutron/dhcp/47b25648-dd6f-4bf1-a81e-ae05de7378c0/opts
Jun 20 04:20:22 gtw01 dnsmasq[17319]: read /var/lib/neutron/dhcp/91a41a4f-1bbe-407a-bb5d-959d76918d35/addn_hosts - 2 addresses
Jun 20 04:20:22 gtw01 dnsmasq-dhcp[17319]: read /var/lib/neutron/dhcp/91a41a4f-1bbe-407a-bb5d-959d76918d35/host
Jun 20 04:20:22 gtw01 dnsmasq-dhcp[17319]: read /var/lib/neutron/dhcp/91a41a4f-1bbe-407a-bb5d-959d76918d35/opts
Jun 20 04:20:22 gtw01 dnsmasq[17319]: read /var/lib/neutron/dhcp/91a41a4f-1bbe-407a-bb5d-959d76918d35/addn_hosts - 2 addresses
Jun 20 04:20:22 gtw01 dnsmasq-dhcp[17319]: read /var/lib/neutron/dhcp/91a41a4f-1bbe-407a-bb5d-959d76918d35/host
Jun 20 04:20:22 gtw01 dnsmasq-dhcp[17319]: read /var/lib/neutron/dhcp/91a41a4f-1bbe-407a-bb5d-959d76918d35/opts
Jun 20 04:20:23 gtw01 dnsmasq[17319]: read /var/lib/neutron/dhcp/91a41a4f-1bbe-407a-bb5d-959d76918d35/addn_hosts - 2 addresses
Jun 20 04:20:23 gtw01 dnsmasq-dhcp[17319]: read /var/lib/neutron/dhcp/91a41a4f-1bbe-407a-bb5d-959d76918d35/host
Jun 20 04:20:23 gtw01 dnsmasq-dhcp[17319]: read /var/lib/neutron/dhcp/91a41a4f-1bbe-407a-bb5d-959d76918d35/opts
Jun 20 04:20:23 gtw01 dnsmasq[17647]: started, version 2.80 cachesize 150
Jun 20 04:20:23 gtw01 dnsmasq[17647]: DNS service limited to local subnets
Jun 20 04:20:23 gtw01 dnsmasq[17647]: compile time options: IPv6 GNU-getopt DBus i18n IDN DHCP DHCPv6 no-Lua TFTP conntrack ipset auth DNSSEC loop-detect inotify dumpfile
Jun 20 04:20:23 gtw01 dnsmasq[17647]: warning: no upstream servers configured
Jun 20 04:20:23 gtw01 dnsmasq-dhcp[17647]: DHCPv6, static leases only on 2003::, lease time 1h
