Jun 20 04:04:42 gtw01 dnsmasq[16241]: read /var/lib/neutron/dhcp/8bd7fcc4-16e7-4df3-a7dd-878d16565cc0/addn_hosts - 7 addresses
Jun 20 04:04:42 gtw01 dnsmasq-dhcp[16241]: read /var/lib/neutron/dhcp/8bd7fcc4-16e7-4df3-a7dd-878d16565cc0/host
Jun 20 04:04:42 gtw01 dnsmasq-dhcp[16241]: read /var/lib/neutron/dhcp/8bd7fcc4-16e7-4df3-a7dd-878d16565cc0/opts
Jun 20 04:04:43 gtw01 dnsmasq[16241]: read /var/lib/neutron/dhcp/8bd7fcc4-16e7-4df3-a7dd-878d16565cc0/addn_hosts - 6 addresses
Jun 20 04:04:43 gtw01 dnsmasq-dhcp[16241]: read /var/lib/neutron/dhcp/8bd7fcc4-16e7-4df3-a7dd-878d16565cc0/host
Jun 20 04:04:43 gtw01 dnsmasq-dhcp[16241]: read /var/lib/neutron/dhcp/8bd7fcc4-16e7-4df3-a7dd-878d16565cc0/opts
Jun 20 04:04:47 gtw01 dnsmasq-dhcp[16241]: DHCPRELEASE(tap1c74ca54-4e) 192.168.120.16 fa:16:3e:d3:09:b2
Jun 20 04:04:47 gtw01 dnsmasq-dhcp[16241]: DHCPRELEASE(tap1c74ca54-4e) 192.168.120.16 fa:16:3e:d3:09:b2 unknown lease
Jun 20 04:04:48 gtw01 dnsmasq[16241]: read /var/lib/neutron/dhcp/8bd7fcc4-16e7-4df3-a7dd-878d16565cc0/addn_hosts - 5 addresses
Jun 20 04:04:48 gtw01 dnsmasq-dhcp[16241]: read /var/lib/neutron/dhcp/8bd7fcc4-16e7-4df3-a7dd-878d16565cc0/host
Jun 20 04:04:48 gtw01 dnsmasq-dhcp[16241]: read /var/lib/neutron/dhcp/8bd7fcc4-16e7-4df3-a7dd-878d16565cc0/opts
Jun 20 04:04:49 gtw01 kernel: [ 6091.362831] device vxlan_sys_4789 left promiscuous mode
Jun 20 04:04:49 gtw01 dnsmasq-dhcp[16241]: DHCPRELEASE(tap1c74ca54-4e) 192.168.120.10 fa:16:3e:87:d9:80
Jun 20 04:04:49 gtw01 dnsmasq-dhcp[16241]: DHCPRELEASE(tap1c74ca54-4e) 192.168.120.10 fa:16:3e:87:d9:80 unknown lease
Jun 20 04:04:50 gtw01 dnsmasq[16241]: read /var/lib/neutron/dhcp/8bd7fcc4-16e7-4df3-a7dd-878d16565cc0/addn_hosts - 4 addresses
Jun 20 04:04:50 gtw01 dnsmasq-dhcp[16241]: read /var/lib/neutron/dhcp/8bd7fcc4-16e7-4df3-a7dd-878d16565cc0/host
Jun 20 04:04:50 gtw01 dnsmasq-dhcp[16241]: read /var/lib/neutron/dhcp/8bd7fcc4-16e7-4df3-a7dd-878d16565cc0/opts
Jun 20 04:04:52 gtw01 dnsmasq[16241]: read /var/lib/neutron/dhcp/8bd7fcc4-16e7-4df3-a7dd-878d16565cc0/addn_hosts - 3 addresses
Jun 20 04:04:52 gtw01 dnsmasq-dhcp[16241]: read /var/lib/neutron/dhcp/8bd7fcc4-16e7-4df3-a7dd-878d16565cc0/host
Jun 20 04:04:52 gtw01 dnsmasq-dhcp[16241]: read /var/lib/neutron/dhcp/8bd7fcc4-16e7-4df3-a7dd-878d16565cc0/opts
Jun 20 04:04:53 gtw01 dnsmasq[16241]: read /var/lib/neutron/dhcp/8bd7fcc4-16e7-4df3-a7dd-878d16565cc0/addn_hosts - 2 addresses
Jun 20 04:04:53 gtw01 dnsmasq-dhcp[16241]: read /var/lib/neutron/dhcp/8bd7fcc4-16e7-4df3-a7dd-878d16565cc0/host
Jun 20 04:04:53 gtw01 dnsmasq-dhcp[16241]: read /var/lib/neutron/dhcp/8bd7fcc4-16e7-4df3-a7dd-878d16565cc0/opts
Jun 20 04:04:55 gtw01 dnsmasq[16241]: read /var/lib/neutron/dhcp/8bd7fcc4-16e7-4df3-a7dd-878d16565cc0/addn_hosts - 3 addresses
Jun 20 04:04:55 gtw01 dnsmasq-dhcp[16241]: read /var/lib/neutron/dhcp/8bd7fcc4-16e7-4df3-a7dd-878d16565cc0/host
Jun 20 04:04:55 gtw01 dnsmasq-dhcp[16241]: read /var/lib/neutron/dhcp/8bd7fcc4-16e7-4df3-a7dd-878d16565cc0/opts
Jun 20 04:04:57 gtw01 dnsmasq[16241]: read /var/lib/neutron/dhcp/8bd7fcc4-16e7-4df3-a7dd-878d16565cc0/addn_hosts - 3 addresses
Jun 20 04:04:57 gtw01 dnsmasq-dhcp[16241]: read /var/lib/neutron/dhcp/8bd7fcc4-16e7-4df3-a7dd-878d16565cc0/host
Jun 20 04:04:57 gtw01 dnsmasq-dhcp[16241]: read /var/lib/neutron/dhcp/8bd7fcc4-16e7-4df3-a7dd-878d16565cc0/opts
Jun 20 04:04:57 gtw01 systemd-udevd[24769]: Could not generate persistent MAC address for tapd93d3fe4-b6: No such file or directory
Jun 20 04:04:57 gtw01 kernel: [ 6099.299588] device tapd93d3fe4-b6 entered promiscuous mode
Jun 20 04:04:57 gtw01 systemd-udevd[24769]: Process '/sbin/ip link set tapd93d3fe4-b6 txqueuelen 10000' failed with exit code 1.
Jun 20 04:04:57 gtw01 systemd-udevd[24769]: Process '/sbin/ip link set tapd93d3fe4-b6 txqueuelen 10000' failed with exit code 1.
Jun 20 04:04:58 gtw01 dnsmasq[16241]: read /var/lib/neutron/dhcp/8bd7fcc4-16e7-4df3-a7dd-878d16565cc0/addn_hosts - 3 addresses
Jun 20 04:04:58 gtw01 dnsmasq-dhcp[16241]: read /var/lib/neutron/dhcp/8bd7fcc4-16e7-4df3-a7dd-878d16565cc0/host
Jun 20 04:04:58 gtw01 dnsmasq-dhcp[16241]: read /var/lib/neutron/dhcp/8bd7fcc4-16e7-4df3-a7dd-878d16565cc0/opts
Jun 20 04:05:00 gtw01 kernel: [ 6102.253292] device qg-619cdf05-53 entered promiscuous mode
Jun 20 04:05:00 gtw01 systemd-udevd[24964]: Could not generate persistent MAC address for qg-619cdf05-53: No such file or directory
Jun 20 04:05:00 gtw01 dnsmasq[25051]: started, version 2.80 cachesize 150
Jun 20 04:05:00 gtw01 dnsmasq[25051]: DNS service limited to local subnets
Jun 20 04:05:00 gtw01 dnsmasq[25051]: compile time options: IPv6 GNU-getopt DBus i18n IDN DHCP DHCPv6 no-Lua TFTP conntrack ipset auth DNSSEC loop-detect inotify dumpfile
Jun 20 04:05:00 gtw01 dnsmasq[25051]: warning: no upstream servers configured
Jun 20 04:05:00 gtw01 dnsmasq-dhcp[25051]: DHCP, static leases only on 192.168.120.0, lease time 1h
Jun 20 04:05:00 gtw01 dnsmasq[25051]: read /var/lib/neutron/dhcp/aba21d55-f5b5-4884-b9b5-f1070d76914b/addn_hosts - 1 addresses
Jun 20 04:05:00 gtw01 dnsmasq-dhcp[25051]: read /var/lib/neutron/dhcp/aba21d55-f5b5-4884-b9b5-f1070d76914b/host
Jun 20 04:05:00 gtw01 dnsmasq-dhcp[25051]: read /var/lib/neutron/dhcp/aba21d55-f5b5-4884-b9b5-f1070d76914b/opts
Jun 20 04:05:01 gtw01 haproxy-metadata-proxy-aba21d55-f5b5-4884-b9b5-f1070d76914b[25060]: Proxy listener started.
Jun 20 04:05:01 gtw01 systemd-udevd[25094]: Could not generate persistent MAC address for vxlan_sys_4789: No such file or directory
Jun 20 04:05:01 gtw01 kernel: [ 6103.545191] device vxlan_sys_4789 entered promiscuous mode
Jun 20 04:05:02 gtw01 dnsmasq[25051]: read /var/lib/neutron/dhcp/aba21d55-f5b5-4884-b9b5-f1070d76914b/addn_hosts - 2 addresses
Jun 20 04:05:02 gtw01 dnsmasq-dhcp[25051]: read /var/lib/neutron/dhcp/aba21d55-f5b5-4884-b9b5-f1070d76914b/host
Jun 20 04:05:02 gtw01 dnsmasq-dhcp[25051]: read /var/lib/neutron/dhcp/aba21d55-f5b5-4884-b9b5-f1070d76914b/opts
Jun 20 04:05:03 gtw01 dnsmasq[25051]: read /var/lib/neutron/dhcp/aba21d55-f5b5-4884-b9b5-f1070d76914b/addn_hosts - 2 addresses
Jun 20 04:05:03 gtw01 dnsmasq-dhcp[25051]: read /var/lib/neutron/dhcp/aba21d55-f5b5-4884-b9b5-f1070d76914b/host
Jun 20 04:05:03 gtw01 dnsmasq-dhcp[25051]: read /var/lib/neutron/dhcp/aba21d55-f5b5-4884-b9b5-f1070d76914b/opts
Jun 20 04:05:04 gtw01 dnsmasq[25051]: read /var/lib/neutron/dhcp/aba21d55-f5b5-4884-b9b5-f1070d76914b/addn_hosts - 2 addresses
Jun 20 04:05:04 gtw01 dnsmasq-dhcp[25051]: read /var/lib/neutron/dhcp/aba21d55-f5b5-4884-b9b5-f1070d76914b/host
Jun 20 04:05:04 gtw01 dnsmasq-dhcp[25051]: read /var/lib/neutron/dhcp/aba21d55-f5b5-4884-b9b5-f1070d76914b/opts
Jun 20 04:05:05 gtw01 dnsmasq[25051]: read /var/lib/neutron/dhcp/aba21d55-f5b5-4884-b9b5-f1070d76914b/addn_hosts - 2 addresses
Jun 20 04:05:05 gtw01 dnsmasq-dhcp[25051]: read /var/lib/neutron/dhcp/aba21d55-f5b5-4884-b9b5-f1070d76914b/host
Jun 20 04:05:05 gtw01 dnsmasq-dhcp[25051]: read /var/lib/neutron/dhcp/aba21d55-f5b5-4884-b9b5-f1070d76914b/opts
Jun 20 04:05:05 gtw01 kernel: [ 6107.405209] device vxlan_sys_4789 left promiscuous mode
Jun 20 04:05:05 gtw01 dnsmasq[16241]: read /var/lib/neutron/dhcp/8bd7fcc4-16e7-4df3-a7dd-878d16565cc0/addn_hosts - 2 addresses
Jun 20 04:05:05 gtw01 dnsmasq-dhcp[16241]: read /var/lib/neutron/dhcp/8bd7fcc4-16e7-4df3-a7dd-878d16565cc0/host
Jun 20 04:05:05 gtw01 dnsmasq-dhcp[16241]: read /var/lib/neutron/dhcp/8bd7fcc4-16e7-4df3-a7dd-878d16565cc0/opts
Jun 20 04:05:06 gtw01 dnsmasq[25051]: read /var/lib/neutron/dhcp/aba21d55-f5b5-4884-b9b5-f1070d76914b/addn_hosts - 2 addresses
Jun 20 04:05:06 gtw01 dnsmasq-dhcp[25051]: read /var/lib/neutron/dhcp/aba21d55-f5b5-4884-b9b5-f1070d76914b/host
Jun 20 04:05:06 gtw01 dnsmasq-dhcp[25051]: read /var/lib/neutron/dhcp/aba21d55-f5b5-4884-b9b5-f1070d76914b/opts
Jun 20 04:05:06 gtw01 haproxy-metadata-proxy-2e5ad396-1ed7-46a1-bf67-0e114865fd9b[25365]: Proxy listener started.
Jun 20 04:05:07 gtw01 dnsmasq[25051]: read /var/lib/neutron/dhcp/aba21d55-f5b5-4884-b9b5-f1070d76914b/addn_hosts - 1 addresses
Jun 20 04:05:07 gtw01 dnsmasq-dhcp[25051]: read /var/lib/neutron/dhcp/aba21d55-f5b5-4884-b9b5-f1070d76914b/host
Jun 20 04:05:07 gtw01 dnsmasq-dhcp[25051]: read /var/lib/neutron/dhcp/aba21d55-f5b5-4884-b9b5-f1070d76914b/opts
Jun 20 04:05:07 gtw01 haproxy-metadata-proxy-aba21d55-f5b5-4884-b9b5-f1070d76914b[25391]: Proxy listener started.
Jun 20 04:05:08 gtw01 kernel: [ 6109.991450] device qg-619cdf05-53 left promiscuous mode
Jun 20 04:05:11 gtw01 kernel: [ 6113.023789] device tapd93d3fe4-b6 left promiscuous mode
Jun 20 04:05:13 gtw01 dnsmasq[16241]: read /var/lib/neutron/dhcp/8bd7fcc4-16e7-4df3-a7dd-878d16565cc0/addn_hosts - 3 addresses
Jun 20 04:05:13 gtw01 dnsmasq-dhcp[16241]: read /var/lib/neutron/dhcp/8bd7fcc4-16e7-4df3-a7dd-878d16565cc0/host
Jun 20 04:05:13 gtw01 dnsmasq-dhcp[16241]: read /var/lib/neutron/dhcp/8bd7fcc4-16e7-4df3-a7dd-878d16565cc0/opts
Jun 20 04:05:14 gtw01 dnsmasq[16241]: read /var/lib/neutron/dhcp/8bd7fcc4-16e7-4df3-a7dd-878d16565cc0/addn_hosts - 3 addresses
Jun 20 04:05:14 gtw01 dnsmasq-dhcp[16241]: read /var/lib/neutron/dhcp/8bd7fcc4-16e7-4df3-a7dd-878d16565cc0/host
Jun 20 04:05:14 gtw01 dnsmasq-dhcp[16241]: read /var/lib/neutron/dhcp/8bd7fcc4-16e7-4df3-a7dd-878d16565cc0/opts
Jun 20 04:05:15 gtw01 dnsmasq[16241]: read /var/lib/neutron/dhcp/8bd7fcc4-16e7-4df3-a7dd-878d16565cc0/addn_hosts - 3 addresses
Jun 20 04:05:15 gtw01 dnsmasq-dhcp[16241]: read /var/lib/neutron/dhcp/8bd7fcc4-16e7-4df3-a7dd-878d16565cc0/host
Jun 20 04:05:15 gtw01 dnsmasq-dhcp[16241]: read /var/lib/neutron/dhcp/8bd7fcc4-16e7-4df3-a7dd-878d16565cc0/opts
Jun 20 04:05:16 gtw01 dnsmasq[16241]: read /var/lib/neutron/dhcp/8bd7fcc4-16e7-4df3-a7dd-878d16565cc0/addn_hosts - 4 addresses
Jun 20 04:05:16 gtw01 dnsmasq-dhcp[16241]: read /var/lib/neutron/dhcp/8bd7fcc4-16e7-4df3-a7dd-878d16565cc0/host
Jun 20 04:05:16 gtw01 dnsmasq-dhcp[16241]: read /var/lib/neutron/dhcp/8bd7fcc4-16e7-4df3-a7dd-878d16565cc0/opts
Jun 20 04:05:18 gtw01 kernel: [ 6119.838187] device vxlan_sys_4789 entered promiscuous mode
Jun 20 04:05:18 gtw01 systemd-udevd[25563]: Could not generate persistent MAC address for vxlan_sys_4789: No such file or directory
Jun 20 04:05:18 gtw01 dnsmasq[16241]: read /var/lib/neutron/dhcp/8bd7fcc4-16e7-4df3-a7dd-878d16565cc0/addn_hosts - 4 addresses
Jun 20 04:05:18 gtw01 dnsmasq-dhcp[16241]: read /var/lib/neutron/dhcp/8bd7fcc4-16e7-4df3-a7dd-878d16565cc0/host
Jun 20 04:05:18 gtw01 dnsmasq-dhcp[16241]: read /var/lib/neutron/dhcp/8bd7fcc4-16e7-4df3-a7dd-878d16565cc0/opts
Jun 20 04:05:19 gtw01 dnsmasq[16241]: read /var/lib/neutron/dhcp/8bd7fcc4-16e7-4df3-a7dd-878d16565cc0/addn_hosts - 4 addresses
Jun 20 04:05:19 gtw01 dnsmasq-dhcp[16241]: read /var/lib/neutron/dhcp/8bd7fcc4-16e7-4df3-a7dd-878d16565cc0/host
Jun 20 04:05:19 gtw01 dnsmasq-dhcp[16241]: read /var/lib/neutron/dhcp/8bd7fcc4-16e7-4df3-a7dd-878d16565cc0/opts
Jun 20 04:05:25 gtw01 dnsmasq[16241]: read /var/lib/neutron/dhcp/8bd7fcc4-16e7-4df3-a7dd-878d16565cc0/addn_hosts - 3 addresses
Jun 20 04:05:25 gtw01 dnsmasq-dhcp[16241]: read /var/lib/neutron/dhcp/8bd7fcc4-16e7-4df3-a7dd-878d16565cc0/host
Jun 20 04:05:25 gtw01 dnsmasq-dhcp[16241]: read /var/lib/neutron/dhcp/8bd7fcc4-16e7-4df3-a7dd-878d16565cc0/opts
Jun 20 04:05:28 gtw01 dnsmasq-dhcp[16241]: DHCPDISCOVER(tap1c74ca54-4e) fa:16:3e:d2:76:d7
Jun 20 04:05:28 gtw01 dnsmasq-dhcp[16241]: DHCPOFFER(tap1c74ca54-4e) 192.168.120.16 fa:16:3e:d2:76:d7
Jun 20 04:05:28 gtw01 dnsmasq-dhcp[16241]: DHCPREQUEST(tap1c74ca54-4e) 192.168.120.16 fa:16:3e:d2:76:d7
Jun 20 04:05:28 gtw01 dnsmasq-dhcp[16241]: DHCPACK(tap1c74ca54-4e) 192.168.120.16 fa:16:3e:d2:76:d7 host-192-168-120-16
Jun 20 04:05:30 gtw01 kernel: [ 6132.479723] device vxlan_sys_4789 left promiscuous mode
Jun 20 04:05:30 gtw01 dnsmasq-dhcp[16241]: DHCPRELEASE(tap1c74ca54-4e) 192.168.120.16 fa:16:3e:d2:76:d7
Jun 20 04:05:31 gtw01 dnsmasq-dhcp[16241]: DHCPRELEASE(tap1c74ca54-4e) 192.168.120.16 fa:16:3e:d2:76:d7 unknown lease
Jun 20 04:05:31 gtw01 dnsmasq[16241]: read /var/lib/neutron/dhcp/8bd7fcc4-16e7-4df3-a7dd-878d16565cc0/addn_hosts - 2 addresses
Jun 20 04:05:31 gtw01 dnsmasq-dhcp[16241]: read /var/lib/neutron/dhcp/8bd7fcc4-16e7-4df3-a7dd-878d16565cc0/host
Jun 20 04:05:31 gtw01 dnsmasq-dhcp[16241]: read /var/lib/neutron/dhcp/8bd7fcc4-16e7-4df3-a7dd-878d16565cc0/opts
Jun 20 04:05:36 gtw01 dnsmasq[16241]: read /var/lib/neutron/dhcp/8bd7fcc4-16e7-4df3-a7dd-878d16565cc0/addn_hosts - 3 addresses
Jun 20 04:05:36 gtw01 dnsmasq-dhcp[16241]: read /var/lib/neutron/dhcp/8bd7fcc4-16e7-4df3-a7dd-878d16565cc0/host
Jun 20 04:05:36 gtw01 dnsmasq-dhcp[16241]: read /var/lib/neutron/dhcp/8bd7fcc4-16e7-4df3-a7dd-878d16565cc0/opts
Jun 20 04:05:37 gtw01 dnsmasq[16241]: read /var/lib/neutron/dhcp/8bd7fcc4-16e7-4df3-a7dd-878d16565cc0/addn_hosts - 3 addresses
Jun 20 04:05:37 gtw01 dnsmasq-dhcp[16241]: read /var/lib/neutron/dhcp/8bd7fcc4-16e7-4df3-a7dd-878d16565cc0/host
Jun 20 04:05:37 gtw01 dnsmasq-dhcp[16241]: read /var/lib/neutron/dhcp/8bd7fcc4-16e7-4df3-a7dd-878d16565cc0/opts
Jun 20 04:05:38 gtw01 dnsmasq[16241]: read /var/lib/neutron/dhcp/8bd7fcc4-16e7-4df3-a7dd-878d16565cc0/addn_hosts - 3 addresses
Jun 20 04:05:38 gtw01 dnsmasq-dhcp[16241]: read /var/lib/neutron/dhcp/8bd7fcc4-16e7-4df3-a7dd-878d16565cc0/host
Jun 20 04:05:38 gtw01 dnsmasq-dhcp[16241]: read /var/lib/neutron/dhcp/8bd7fcc4-16e7-4df3-a7dd-878d16565cc0/opts
Jun 20 04:05:42 gtw01 kernel: [ 6144.349262] device vxlan_sys_4789 entered promiscuous mode
Jun 20 04:05:42 gtw01 systemd-udevd[25769]: Could not generate persistent MAC address for vxlan_sys_4789: No such file or directory
Jun 20 04:05:48 gtw01 kernel: [ 6150.046801] device tap38b4e1df-95 entered promiscuous mode
Jun 20 04:05:48 gtw01 systemd-udevd[25856]: Could not generate persistent MAC address for tap38b4e1df-95: No such file or directory
Jun 20 04:05:48 gtw01 systemd-udevd[25856]: Process '/sbin/ip link set tap38b4e1df-95 txqueuelen 10000' failed with exit code 1.
Jun 20 04:05:48 gtw01 systemd-udevd[25930]: Process '/sbin/ip link set tap38b4e1df-95 txqueuelen 10000' failed with exit code 1.
Jun 20 04:05:49 gtw01 kernel: [ 6151.375455] device vxlan_sys_4789 left promiscuous mode
Jun 20 04:05:49 gtw01 dnsmasq[16241]: read /var/lib/neutron/dhcp/8bd7fcc4-16e7-4df3-a7dd-878d16565cc0/addn_hosts - 2 addresses
Jun 20 04:05:49 gtw01 dnsmasq-dhcp[16241]: read /var/lib/neutron/dhcp/8bd7fcc4-16e7-4df3-a7dd-878d16565cc0/host
Jun 20 04:05:49 gtw01 dnsmasq-dhcp[16241]: read /var/lib/neutron/dhcp/8bd7fcc4-16e7-4df3-a7dd-878d16565cc0/opts
Jun 20 04:05:51 gtw01 dnsmasq[26046]: started, version 2.80 cachesize 150
Jun 20 04:05:51 gtw01 dnsmasq[26046]: DNS service limited to local subnets
Jun 20 04:05:51 gtw01 dnsmasq[26046]: compile time options: IPv6 GNU-getopt DBus i18n IDN DHCP DHCPv6 no-Lua TFTP conntrack ipset auth DNSSEC loop-detect inotify dumpfile
Jun 20 04:05:51 gtw01 dnsmasq[26046]: warning: no upstream servers configured
Jun 20 04:05:51 gtw01 dnsmasq-dhcp[26046]: DHCP, static leases only on 192.168.120.0, lease time 1h
Jun 20 04:05:51 gtw01 dnsmasq[26046]: read /var/lib/neutron/dhcp/21d3986a-cb76-453d-9915-363973d5b8b6/addn_hosts - 1 addresses
Jun 20 04:05:51 gtw01 dnsmasq-dhcp[26046]: read /var/lib/neutron/dhcp/21d3986a-cb76-453d-9915-363973d5b8b6/host
Jun 20 04:05:51 gtw01 dnsmasq-dhcp[26046]: read /var/lib/neutron/dhcp/21d3986a-cb76-453d-9915-363973d5b8b6/opts
Jun 20 04:05:51 gtw01 haproxy-metadata-proxy-21d3986a-cb76-453d-9915-363973d5b8b6[26053]: Proxy listener started.
Jun 20 04:05:52 gtw01 dnsmasq[26046]: read /var/lib/neutron/dhcp/21d3986a-cb76-453d-9915-363973d5b8b6/addn_hosts - 2 addresses
Jun 20 04:05:52 gtw01 dnsmasq-dhcp[26046]: read /var/lib/neutron/dhcp/21d3986a-cb76-453d-9915-363973d5b8b6/host
Jun 20 04:05:52 gtw01 dnsmasq-dhcp[26046]: read /var/lib/neutron/dhcp/21d3986a-cb76-453d-9915-363973d5b8b6/opts
Jun 20 04:05:52 gtw01 systemd-udevd[26091]: Could not generate persistent MAC address for qg-c86a4806-2b: No such file or directory
Jun 20 04:05:52 gtw01 kernel: [ 6154.370343] device qg-c86a4806-2b entered promiscuous mode
Jun 20 04:05:53 gtw01 dnsmasq[26046]: read /var/lib/neutron/dhcp/21d3986a-cb76-453d-9915-363973d5b8b6/addn_hosts - 2 addresses
Jun 20 04:05:53 gtw01 dnsmasq-dhcp[26046]: read /var/lib/neutron/dhcp/21d3986a-cb76-453d-9915-363973d5b8b6/host
Jun 20 04:05:53 gtw01 dnsmasq-dhcp[26046]: read /var/lib/neutron/dhcp/21d3986a-cb76-453d-9915-363973d5b8b6/opts
Jun 20 04:05:54 gtw01 dnsmasq[26046]: read /var/lib/neutron/dhcp/21d3986a-cb76-453d-9915-363973d5b8b6/addn_hosts - 2 addresses
Jun 20 04:05:54 gtw01 dnsmasq-dhcp[26046]: read /var/lib/neutron/dhcp/21d3986a-cb76-453d-9915-363973d5b8b6/host
Jun 20 04:05:54 gtw01 dnsmasq-dhcp[26046]: read /var/lib/neutron/dhcp/21d3986a-cb76-453d-9915-363973d5b8b6/opts
Jun 20 04:05:55 gtw01 dnsmasq[26046]: read /var/lib/neutron/dhcp/21d3986a-cb76-453d-9915-363973d5b8b6/addn_hosts - 2 addresses
Jun 20 04:05:55 gtw01 dnsmasq-dhcp[26046]: read /var/lib/neutron/dhcp/21d3986a-cb76-453d-9915-363973d5b8b6/host
Jun 20 04:05:55 gtw01 dnsmasq-dhcp[26046]: read /var/lib/neutron/dhcp/21d3986a-cb76-453d-9915-363973d5b8b6/opts
Jun 20 04:05:56 gtw01 dnsmasq[26046]: read /var/lib/neutron/dhcp/21d3986a-cb76-453d-9915-363973d5b8b6/addn_hosts - 2 addresses
Jun 20 04:05:56 gtw01 dnsmasq-dhcp[26046]: read /var/lib/neutron/dhcp/21d3986a-cb76-453d-9915-363973d5b8b6/host
Jun 20 04:05:56 gtw01 dnsmasq-dhcp[26046]: read /var/lib/neutron/dhcp/21d3986a-cb76-453d-9915-363973d5b8b6/opts
Jun 20 04:05:57 gtw01 dnsmasq[16241]: read /var/lib/neutron/dhcp/8bd7fcc4-16e7-4df3-a7dd-878d16565cc0/addn_hosts - 3 addresses
Jun 20 04:05:57 gtw01 dnsmasq-dhcp[16241]: read /var/lib/neutron/dhcp/8bd7fcc4-16e7-4df3-a7dd-878d16565cc0/host
Jun 20 04:05:57 gtw01 dnsmasq-dhcp[16241]: read /var/lib/neutron/dhcp/8bd7fcc4-16e7-4df3-a7dd-878d16565cc0/opts
Jun 20 04:05:58 gtw01 dnsmasq[16241]: read /var/lib/neutron/dhcp/8bd7fcc4-16e7-4df3-a7dd-878d16565cc0/addn_hosts - 3 addresses
Jun 20 04:05:58 gtw01 dnsmasq-dhcp[16241]: read /var/lib/neutron/dhcp/8bd7fcc4-16e7-4df3-a7dd-878d16565cc0/host
Jun 20 04:05:58 gtw01 dnsmasq-dhcp[16241]: read /var/lib/neutron/dhcp/8bd7fcc4-16e7-4df3-a7dd-878d16565cc0/opts
Jun 20 04:05:58 gtw01 haproxy-metadata-proxy-82bc0b6d-4cc0-4ee6-ba5c-faa93e6b4705[26408]: Proxy listener started.
Jun 20 04:05:59 gtw01 dnsmasq[16241]: read /var/lib/neutron/dhcp/8bd7fcc4-16e7-4df3-a7dd-878d16565cc0/addn_hosts - 4 addresses
Jun 20 04:05:59 gtw01 dnsmasq-dhcp[16241]: read /var/lib/neutron/dhcp/8bd7fcc4-16e7-4df3-a7dd-878d16565cc0/host
Jun 20 04:05:59 gtw01 dnsmasq-dhcp[16241]: read /var/lib/neutron/dhcp/8bd7fcc4-16e7-4df3-a7dd-878d16565cc0/opts
Jun 20 04:06:00 gtw01 dnsmasq[26046]: read /var/lib/neutron/dhcp/21d3986a-cb76-453d-9915-363973d5b8b6/addn_hosts - 2 addresses
Jun 20 04:06:00 gtw01 dnsmasq-dhcp[26046]: read /var/lib/neutron/dhcp/21d3986a-cb76-453d-9915-363973d5b8b6/host
Jun 20 04:06:00 gtw01 dnsmasq-dhcp[26046]: read /var/lib/neutron/dhcp/21d3986a-cb76-453d-9915-363973d5b8b6/opts
Jun 20 04:06:00 gtw01 systemd-udevd[26468]: Could not generate persistent MAC address for qr-ed56bd5a-12: No such file or directory
Jun 20 04:06:00 gtw01 kernel: [ 6162.520232] device qr-ed56bd5a-12 entered promiscuous mode
Jun 20 04:06:00 gtw01 dnsmasq[16241]: read /var/lib/neutron/dhcp/8bd7fcc4-16e7-4df3-a7dd-878d16565cc0/addn_hosts - 4 addresses
Jun 20 04:06:00 gtw01 dnsmasq-dhcp[16241]: read /var/lib/neutron/dhcp/8bd7fcc4-16e7-4df3-a7dd-878d16565cc0/host
Jun 20 04:06:00 gtw01 dnsmasq-dhcp[16241]: read /var/lib/neutron/dhcp/8bd7fcc4-16e7-4df3-a7dd-878d16565cc0/opts
Jun 20 04:06:01 gtw01 dnsmasq[26046]: read /var/lib/neutron/dhcp/21d3986a-cb76-453d-9915-363973d5b8b6/addn_hosts - 2 addresses
Jun 20 04:06:01 gtw01 dnsmasq-dhcp[26046]: read /var/lib/neutron/dhcp/21d3986a-cb76-453d-9915-363973d5b8b6/host
Jun 20 04:06:01 gtw01 dnsmasq-dhcp[26046]: read /var/lib/neutron/dhcp/21d3986a-cb76-453d-9915-363973d5b8b6/opts
Jun 20 04:06:01 gtw01 dnsmasq[16241]: read /var/lib/neutron/dhcp/8bd7fcc4-16e7-4df3-a7dd-878d16565cc0/addn_hosts - 4 addresses
Jun 20 04:06:01 gtw01 dnsmasq-dhcp[16241]: read /var/lib/neutron/dhcp/8bd7fcc4-16e7-4df3-a7dd-878d16565cc0/host
Jun 20 04:06:01 gtw01 dnsmasq-dhcp[16241]: read /var/lib/neutron/dhcp/8bd7fcc4-16e7-4df3-a7dd-878d16565cc0/opts
Jun 20 04:06:02 gtw01 dnsmasq[16241]: read /var/lib/neutron/dhcp/8bd7fcc4-16e7-4df3-a7dd-878d16565cc0/addn_hosts - 4 addresses
Jun 20 04:06:02 gtw01 dnsmasq-dhcp[16241]: read /var/lib/neutron/dhcp/8bd7fcc4-16e7-4df3-a7dd-878d16565cc0/host
Jun 20 04:06:02 gtw01 dnsmasq-dhcp[16241]: read /var/lib/neutron/dhcp/8bd7fcc4-16e7-4df3-a7dd-878d16565cc0/opts
Jun 20 04:06:03 gtw01 systemd-udevd[26682]: Could not generate persistent MAC address for vxlan_sys_4789: No such file or directory
Jun 20 04:06:03 gtw01 kernel: [ 6165.305716] device vxlan_sys_4789 entered promiscuous mode
Jun 20 04:06:08 gtw01 dnsmasq[26046]: read /var/lib/neutron/dhcp/21d3986a-cb76-453d-9915-363973d5b8b6/addn_hosts - 3 addresses
Jun 20 04:06:08 gtw01 dnsmasq-dhcp[26046]: read /var/lib/neutron/dhcp/21d3986a-cb76-453d-9915-363973d5b8b6/host
Jun 20 04:06:08 gtw01 dnsmasq-dhcp[26046]: read /var/lib/neutron/dhcp/21d3986a-cb76-453d-9915-363973d5b8b6/opts
Jun 20 04:06:09 gtw01 dnsmasq[26046]: read /var/lib/neutron/dhcp/21d3986a-cb76-453d-9915-363973d5b8b6/addn_hosts - 3 addresses
Jun 20 04:06:09 gtw01 dnsmasq-dhcp[26046]: read /var/lib/neutron/dhcp/21d3986a-cb76-453d-9915-363973d5b8b6/host
Jun 20 04:06:09 gtw01 dnsmasq-dhcp[26046]: read /var/lib/neutron/dhcp/21d3986a-cb76-453d-9915-363973d5b8b6/opts
Jun 20 04:06:09 gtw01 dnsmasq[16241]: read /var/lib/neutron/dhcp/8bd7fcc4-16e7-4df3-a7dd-878d16565cc0/addn_hosts - 3 addresses
Jun 20 04:06:09 gtw01 dnsmasq-dhcp[16241]: read /var/lib/neutron/dhcp/8bd7fcc4-16e7-4df3-a7dd-878d16565cc0/host
Jun 20 04:06:09 gtw01 dnsmasq-dhcp[16241]: read /var/lib/neutron/dhcp/8bd7fcc4-16e7-4df3-a7dd-878d16565cc0/opts
Jun 20 04:06:10 gtw01 kernel: [ 6172.429643] device vxlan_sys_4789 left promiscuous mode
Jun 20 04:06:10 gtw01 dnsmasq[26046]: read /var/lib/neutron/dhcp/21d3986a-cb76-453d-9915-363973d5b8b6/addn_hosts - 3 addresses
Jun 20 04:06:10 gtw01 dnsmasq-dhcp[26046]: read /var/lib/neutron/dhcp/21d3986a-cb76-453d-9915-363973d5b8b6/host
Jun 20 04:06:10 gtw01 dnsmasq-dhcp[26046]: read /var/lib/neutron/dhcp/21d3986a-cb76-453d-9915-363973d5b8b6/opts
Jun 20 04:06:11 gtw01 dnsmasq[16241]: read /var/lib/neutron/dhcp/8bd7fcc4-16e7-4df3-a7dd-878d16565cc0/addn_hosts - 2 addresses
Jun 20 04:06:11 gtw01 dnsmasq-dhcp[16241]: read /var/lib/neutron/dhcp/8bd7fcc4-16e7-4df3-a7dd-878d16565cc0/host
Jun 20 04:06:11 gtw01 dnsmasq-dhcp[16241]: read /var/lib/neutron/dhcp/8bd7fcc4-16e7-4df3-a7dd-878d16565cc0/opts
Jun 20 04:06:13 gtw01 systemd-udevd[26944]: Could not generate persistent MAC address for tap648a4dc0-6b: No such file or directory
Jun 20 04:06:13 gtw01 kernel: [ 6175.341331] device tap648a4dc0-6b entered promiscuous mode
Jun 20 04:06:13 gtw01 systemd-udevd[26944]: Process '/sbin/ip link set tap648a4dc0-6b txqueuelen 10000' failed with exit code 1.
Jun 20 04:06:13 gtw01 systemd-udevd[26944]: Process '/sbin/ip link set tap648a4dc0-6b txqueuelen 10000' failed with exit code 1.
Jun 20 04:06:14 gtw01 kernel: [ 6176.383740] device vxlan_sys_4789 entered promiscuous mode
Jun 20 04:06:14 gtw01 systemd-udevd[27041]: Could not generate persistent MAC address for vxlan_sys_4789: No such file or directory
Jun 20 04:06:16 gtw01 dnsmasq[27171]: started, version 2.80 cachesize 150
Jun 20 04:06:16 gtw01 dnsmasq[27171]: DNS service limited to local subnets
Jun 20 04:06:16 gtw01 dnsmasq[27171]: compile time options: IPv6 GNU-getopt DBus i18n IDN DHCP DHCPv6 no-Lua TFTP conntrack ipset auth DNSSEC loop-detect inotify dumpfile
Jun 20 04:06:16 gtw01 dnsmasq[27171]: warning: no upstream servers configured
Jun 20 04:06:16 gtw01 dnsmasq-dhcp[27171]: DHCP, static leases only on 192.168.120.0, lease time 1h
Jun 20 04:06:16 gtw01 dnsmasq[27171]: read /var/lib/neutron/dhcp/45a8fd7f-b63b-4213-8721-3e6672dd62b0/addn_hosts - 1 addresses
Jun 20 04:06:16 gtw01 dnsmasq-dhcp[27171]: read /var/lib/neutron/dhcp/45a8fd7f-b63b-4213-8721-3e6672dd62b0/host
Jun 20 04:06:16 gtw01 dnsmasq-dhcp[27171]: read /var/lib/neutron/dhcp/45a8fd7f-b63b-4213-8721-3e6672dd62b0/opts
Jun 20 04:06:16 gtw01 dnsmasq[16241]: read /var/lib/neutron/dhcp/8bd7fcc4-16e7-4df3-a7dd-878d16565cc0/addn_hosts - 3 addresses
Jun 20 04:06:16 gtw01 dnsmasq-dhcp[16241]: read /var/lib/neutron/dhcp/8bd7fcc4-16e7-4df3-a7dd-878d16565cc0/host
Jun 20 04:06:16 gtw01 dnsmasq-dhcp[16241]: read /var/lib/neutron/dhcp/8bd7fcc4-16e7-4df3-a7dd-878d16565cc0/opts
Jun 20 04:06:16 gtw01 haproxy-metadata-proxy-45a8fd7f-b63b-4213-8721-3e6672dd62b0[27182]: Proxy listener started.
Jun 20 04:06:17 gtw01 dnsmasq[27171]: read /var/lib/neutron/dhcp/45a8fd7f-b63b-4213-8721-3e6672dd62b0/addn_hosts - 2 addresses
Jun 20 04:06:17 gtw01 dnsmasq-dhcp[27171]: read /var/lib/neutron/dhcp/45a8fd7f-b63b-4213-8721-3e6672dd62b0/host
Jun 20 04:06:17 gtw01 dnsmasq-dhcp[27171]: read /var/lib/neutron/dhcp/45a8fd7f-b63b-4213-8721-3e6672dd62b0/opts
Jun 20 04:06:17 gtw01 systemd-udevd[27227]: Could not generate persistent MAC address for qr-b4030ae7-28: No such file or directory
Jun 20 04:06:17 gtw01 kernel: [ 6179.614687] device qr-b4030ae7-28 entered promiscuous mode
Jun 20 04:06:17 gtw01 dnsmasq[16241]: read /var/lib/neutron/dhcp/8bd7fcc4-16e7-4df3-a7dd-878d16565cc0/addn_hosts - 3 addresses
Jun 20 04:06:17 gtw01 dnsmasq-dhcp[16241]: read /var/lib/neutron/dhcp/8bd7fcc4-16e7-4df3-a7dd-878d16565cc0/host
Jun 20 04:06:17 gtw01 dnsmasq-dhcp[16241]: read /var/lib/neutron/dhcp/8bd7fcc4-16e7-4df3-a7dd-878d16565cc0/opts
Jun 20 04:06:18 gtw01 dnsmasq[16241]: read /var/lib/neutron/dhcp/8bd7fcc4-16e7-4df3-a7dd-878d16565cc0/addn_hosts - 3 addresses
Jun 20 04:06:18 gtw01 dnsmasq-dhcp[16241]: read /var/lib/neutron/dhcp/8bd7fcc4-16e7-4df3-a7dd-878d16565cc0/host
Jun 20 04:06:18 gtw01 dnsmasq-dhcp[16241]: read /var/lib/neutron/dhcp/8bd7fcc4-16e7-4df3-a7dd-878d16565cc0/opts
Jun 20 04:06:18 gtw01 dnsmasq[27171]: read /var/lib/neutron/dhcp/45a8fd7f-b63b-4213-8721-3e6672dd62b0/addn_hosts - 2 addresses
Jun 20 04:06:18 gtw01 dnsmasq-dhcp[27171]: read /var/lib/neutron/dhcp/45a8fd7f-b63b-4213-8721-3e6672dd62b0/host
Jun 20 04:06:18 gtw01 dnsmasq-dhcp[27171]: read /var/lib/neutron/dhcp/45a8fd7f-b63b-4213-8721-3e6672dd62b0/opts
Jun 20 04:06:18 gtw01 kernel: [ 6180.707384] device qg-b9999087-df entered promiscuous mode
Jun 20 04:06:18 gtw01 systemd-udevd[27365]: Could not generate persistent MAC address for qg-b9999087-df: No such file or directory
Jun 20 04:06:19 gtw01 dnsmasq[27171]: read /var/lib/neutron/dhcp/45a8fd7f-b63b-4213-8721-3e6672dd62b0/addn_hosts - 2 addresses
Jun 20 04:06:19 gtw01 dnsmasq-dhcp[27171]: read /var/lib/neutron/dhcp/45a8fd7f-b63b-4213-8721-3e6672dd62b0/host
Jun 20 04:06:19 gtw01 dnsmasq-dhcp[27171]: read /var/lib/neutron/dhcp/45a8fd7f-b63b-4213-8721-3e6672dd62b0/opts
Jun 20 04:06:20 gtw01 dnsmasq[27171]: read /var/lib/neutron/dhcp/45a8fd7f-b63b-4213-8721-3e6672dd62b0/addn_hosts - 2 addresses
Jun 20 04:06:20 gtw01 dnsmasq-dhcp[27171]: read /var/lib/neutron/dhcp/45a8fd7f-b63b-4213-8721-3e6672dd62b0/host
Jun 20 04:06:20 gtw01 dnsmasq-dhcp[27171]: read /var/lib/neutron/dhcp/45a8fd7f-b63b-4213-8721-3e6672dd62b0/opts
Jun 20 04:06:21 gtw01 dnsmasq[27171]: read /var/lib/neutron/dhcp/45a8fd7f-b63b-4213-8721-3e6672dd62b0/addn_hosts - 2 addresses
Jun 20 04:06:21 gtw01 dnsmasq-dhcp[27171]: read /var/lib/neutron/dhcp/45a8fd7f-b63b-4213-8721-3e6672dd62b0/host
Jun 20 04:06:21 gtw01 dnsmasq-dhcp[27171]: read /var/lib/neutron/dhcp/45a8fd7f-b63b-4213-8721-3e6672dd62b0/opts
Jun 20 04:06:22 gtw01 dnsmasq[16241]: read /var/lib/neutron/dhcp/8bd7fcc4-16e7-4df3-a7dd-878d16565cc0/addn_hosts - 2 addresses
Jun 20 04:06:22 gtw01 dnsmasq-dhcp[16241]: read /var/lib/neutron/dhcp/8bd7fcc4-16e7-4df3-a7dd-878d16565cc0/host
Jun 20 04:06:22 gtw01 dnsmasq-dhcp[16241]: read /var/lib/neutron/dhcp/8bd7fcc4-16e7-4df3-a7dd-878d16565cc0/opts
Jun 20 04:06:23 gtw01 kernel: [ 6185.424336] device tap042f05da-d0 entered promiscuous mode
Jun 20 04:06:23 gtw01 systemd-udevd[27699]: Could not generate persistent MAC address for tap042f05da-d0: No such file or directory
Jun 20 04:06:23 gtw01 systemd-udevd[27699]: Process '/sbin/ip link set tap042f05da-d0 txqueuelen 10000' failed with exit code 1.
Jun 20 04:06:23 gtw01 systemd-udevd[27699]: Process '/sbin/ip link set tap042f05da-d0 txqueuelen 10000' failed with exit code 1.
Jun 20 04:06:25 gtw01 dnsmasq-dhcp[26046]: DHCPDISCOVER(tap38b4e1df-95) fa:16:3e:ff:e6:6c
Jun 20 04:06:25 gtw01 dnsmasq-dhcp[26046]: DHCPOFFER(tap38b4e1df-95) 192.168.120.11 fa:16:3e:ff:e6:6c
Jun 20 04:06:25 gtw01 dnsmasq-dhcp[26046]: DHCPREQUEST(tap38b4e1df-95) 192.168.120.11 fa:16:3e:ff:e6:6c
Jun 20 04:06:25 gtw01 dnsmasq-dhcp[26046]: DHCPACK(tap38b4e1df-95) 192.168.120.11 fa:16:3e:ff:e6:6c host-192-168-120-11
Jun 20 04:06:26 gtw01 haproxy-metadata-proxy-f065322c-4f5d-4602-99ee-fb9c51933a14[27871]: Proxy listener started.
Jun 20 04:06:26 gtw01 dnsmasq[27171]: read /var/lib/neutron/dhcp/45a8fd7f-b63b-4213-8721-3e6672dd62b0/addn_hosts - 3 addresses
Jun 20 04:06:26 gtw01 dnsmasq-dhcp[27171]: read /var/lib/neutron/dhcp/45a8fd7f-b63b-4213-8721-3e6672dd62b0/host
Jun 20 04:06:26 gtw01 dnsmasq-dhcp[27171]: read /var/lib/neutron/dhcp/45a8fd7f-b63b-4213-8721-3e6672dd62b0/opts
Jun 20 04:06:27 gtw01 dnsmasq[27960]: started, version 2.80 cachesize 150
Jun 20 04:06:27 gtw01 dnsmasq[27960]: DNS service limited to local subnets
Jun 20 04:06:27 gtw01 dnsmasq[27960]: compile time options: IPv6 GNU-getopt DBus i18n IDN DHCP DHCPv6 no-Lua TFTP conntrack ipset auth DNSSEC loop-detect inotify dumpfile
Jun 20 04:06:27 gtw01 dnsmasq[27960]: warning: no upstream servers configured
Jun 20 04:06:27 gtw01 dnsmasq-dhcp[27960]: DHCP, static leases only on 192.168.120.0, lease time 1h
Jun 20 04:06:27 gtw01 dnsmasq[27960]: read /var/lib/neutron/dhcp/73cbe81d-6585-4a81-ad34-3b50a35e98e4/addn_hosts - 1 addresses
Jun 20 04:06:27 gtw01 dnsmasq-dhcp[27960]: read /var/lib/neutron/dhcp/73cbe81d-6585-4a81-ad34-3b50a35e98e4/host
Jun 20 04:06:27 gtw01 dnsmasq-dhcp[27960]: read /var/lib/neutron/dhcp/73cbe81d-6585-4a81-ad34-3b50a35e98e4/opts
Jun 20 04:06:28 gtw01 dnsmasq[27171]: read /var/lib/neutron/dhcp/45a8fd7f-b63b-4213-8721-3e6672dd62b0/addn_hosts - 3 addresses
Jun 20 04:06:28 gtw01 dnsmasq-dhcp[27171]: read /var/lib/neutron/dhcp/45a8fd7f-b63b-4213-8721-3e6672dd62b0/host
Jun 20 04:06:28 gtw01 dnsmasq-dhcp[27171]: read /var/lib/neutron/dhcp/45a8fd7f-b63b-4213-8721-3e6672dd62b0/opts
Jun 20 04:06:28 gtw01 haproxy-metadata-proxy-73cbe81d-6585-4a81-ad34-3b50a35e98e4[27974]: Proxy listener started.
Jun 20 04:06:29 gtw01 systemd-udevd[28024]: Could not generate persistent MAC address for qg-4c2dd94c-86: No such file or directory
Jun 20 04:06:29 gtw01 kernel: [ 6190.757309] device qg-4c2dd94c-86 entered promiscuous mode
Jun 20 04:06:29 gtw01 dnsmasq[27171]: read /var/lib/neutron/dhcp/45a8fd7f-b63b-4213-8721-3e6672dd62b0/addn_hosts - 3 addresses
Jun 20 04:06:29 gtw01 dnsmasq-dhcp[27171]: read /var/lib/neutron/dhcp/45a8fd7f-b63b-4213-8721-3e6672dd62b0/host
Jun 20 04:06:29 gtw01 dnsmasq-dhcp[27171]: read /var/lib/neutron/dhcp/45a8fd7f-b63b-4213-8721-3e6672dd62b0/opts
Jun 20 04:06:29 gtw01 kernel: [ 6190.854070] device vxlan_sys_4789 left promiscuous mode
Jun 20 04:06:29 gtw01 dnsmasq[27960]: read /var/lib/neutron/dhcp/73cbe81d-6585-4a81-ad34-3b50a35e98e4/addn_hosts - 2 addresses
Jun 20 04:06:29 gtw01 dnsmasq-dhcp[27960]: read /var/lib/neutron/dhcp/73cbe81d-6585-4a81-ad34-3b50a35e98e4/host
Jun 20 04:06:29 gtw01 dnsmasq-dhcp[27960]: read /var/lib/neutron/dhcp/73cbe81d-6585-4a81-ad34-3b50a35e98e4/opts
Jun 20 04:06:30 gtw01 dnsmasq[27171]: read /var/lib/neutron/dhcp/45a8fd7f-b63b-4213-8721-3e6672dd62b0/addn_hosts - 3 addresses
Jun 20 04:06:30 gtw01 dnsmasq-dhcp[27171]: read /var/lib/neutron/dhcp/45a8fd7f-b63b-4213-8721-3e6672dd62b0/host
Jun 20 04:06:30 gtw01 dnsmasq-dhcp[27171]: read /var/lib/neutron/dhcp/45a8fd7f-b63b-4213-8721-3e6672dd62b0/opts
Jun 20 04:06:30 gtw01 dnsmasq[27960]: read /var/lib/neutron/dhcp/73cbe81d-6585-4a81-ad34-3b50a35e98e4/addn_hosts - 2 addresses
Jun 20 04:06:30 gtw01 dnsmasq-dhcp[27960]: read /var/lib/neutron/dhcp/73cbe81d-6585-4a81-ad34-3b50a35e98e4/host
Jun 20 04:06:30 gtw01 dnsmasq-dhcp[27960]: read /var/lib/neutron/dhcp/73cbe81d-6585-4a81-ad34-3b50a35e98e4/opts
Jun 20 04:06:30 gtw01 dnsmasq-dhcp[26046]: DHCPRELEASE(tap38b4e1df-95) 192.168.120.11 fa:16:3e:ff:e6:6c
Jun 20 04:06:31 gtw01 dnsmasq-dhcp[26046]: DHCPRELEASE(tap38b4e1df-95) 192.168.120.11 fa:16:3e:ff:e6:6c unknown lease
Jun 20 04:06:31 gtw01 dnsmasq[27171]: read /var/lib/neutron/dhcp/45a8fd7f-b63b-4213-8721-3e6672dd62b0/addn_hosts - 3 addresses
Jun 20 04:06:31 gtw01 dnsmasq-dhcp[27171]: read /var/lib/neutron/dhcp/45a8fd7f-b63b-4213-8721-3e6672dd62b0/host
Jun 20 04:06:31 gtw01 dnsmasq-dhcp[27171]: read /var/lib/neutron/dhcp/45a8fd7f-b63b-4213-8721-3e6672dd62b0/opts
Jun 20 04:06:31 gtw01 dnsmasq[27960]: read /var/lib/neutron/dhcp/73cbe81d-6585-4a81-ad34-3b50a35e98e4/addn_hosts - 2 addresses
Jun 20 04:06:31 gtw01 dnsmasq-dhcp[27960]: read /var/lib/neutron/dhcp/73cbe81d-6585-4a81-ad34-3b50a35e98e4/host
Jun 20 04:06:31 gtw01 dnsmasq-dhcp[27960]: read /var/lib/neutron/dhcp/73cbe81d-6585-4a81-ad34-3b50a35e98e4/opts
Jun 20 04:06:32 gtw01 kernel: [ 6193.841661] IPv4: martian source 10.16.0.141 from 10.16.0.141, on dev qr-b4030ae7-28
Jun 20 04:06:32 gtw01 kernel: [ 6193.841665] ll header: 00000000: ff ff ff ff ff ff fa 16 3e 04 f4 64 08 06        ........>..d..
Jun 20 04:06:32 gtw01 dnsmasq[26046]: read /var/lib/neutron/dhcp/21d3986a-cb76-453d-9915-363973d5b8b6/addn_hosts - 2 addresses
Jun 20 04:06:32 gtw01 dnsmasq-dhcp[26046]: read /var/lib/neutron/dhcp/21d3986a-cb76-453d-9915-363973d5b8b6/host
Jun 20 04:06:32 gtw01 dnsmasq-dhcp[26046]: read /var/lib/neutron/dhcp/21d3986a-cb76-453d-9915-363973d5b8b6/opts
Jun 20 04:06:32 gtw01 kernel: [ 6194.508659] device vxlan_sys_4789 entered promiscuous mode
Jun 20 04:06:32 gtw01 systemd-udevd[28371]: Could not generate persistent MAC address for vxlan_sys_4789: No such file or directory
Jun 20 04:06:33 gtw01 dnsmasq[27960]: read /var/lib/neutron/dhcp/73cbe81d-6585-4a81-ad34-3b50a35e98e4/addn_hosts - 2 addresses
Jun 20 04:06:33 gtw01 dnsmasq-dhcp[27960]: read /var/lib/neutron/dhcp/73cbe81d-6585-4a81-ad34-3b50a35e98e4/host
Jun 20 04:06:33 gtw01 dnsmasq-dhcp[27960]: read /var/lib/neutron/dhcp/73cbe81d-6585-4a81-ad34-3b50a35e98e4/opts
Jun 20 04:06:33 gtw01 dnsmasq[27960]: read /var/lib/neutron/dhcp/73cbe81d-6585-4a81-ad34-3b50a35e98e4/addn_hosts - 2 addresses
Jun 20 04:06:33 gtw01 dnsmasq-dhcp[27960]: read /var/lib/neutron/dhcp/73cbe81d-6585-4a81-ad34-3b50a35e98e4/host
Jun 20 04:06:33 gtw01 dnsmasq-dhcp[27960]: read /var/lib/neutron/dhcp/73cbe81d-6585-4a81-ad34-3b50a35e98e4/opts
Jun 20 04:06:36 gtw01 dnsmasq[26046]: read /var/lib/neutron/dhcp/21d3986a-cb76-453d-9915-363973d5b8b6/addn_hosts - 1 addresses
Jun 20 04:06:36 gtw01 dnsmasq-dhcp[26046]: read /var/lib/neutron/dhcp/21d3986a-cb76-453d-9915-363973d5b8b6/host
Jun 20 04:06:36 gtw01 dnsmasq-dhcp[26046]: read /var/lib/neutron/dhcp/21d3986a-cb76-453d-9915-363973d5b8b6/opts
Jun 20 04:06:36 gtw01 haproxy-metadata-proxy-14ec828b-b2ed-4e7a-a00a-3df079e885ad[28596]: Proxy listener started.
Jun 20 04:06:36 gtw01 haproxy-metadata-proxy-21d3986a-cb76-453d-9915-363973d5b8b6[28612]: Proxy listener started.
Jun 20 04:06:38 gtw01 dnsmasq[27960]: read /var/lib/neutron/dhcp/73cbe81d-6585-4a81-ad34-3b50a35e98e4/addn_hosts - 2 addresses
Jun 20 04:06:38 gtw01 dnsmasq-dhcp[27960]: read /var/lib/neutron/dhcp/73cbe81d-6585-4a81-ad34-3b50a35e98e4/host
Jun 20 04:06:38 gtw01 dnsmasq-dhcp[27960]: read /var/lib/neutron/dhcp/73cbe81d-6585-4a81-ad34-3b50a35e98e4/opts
Jun 20 04:06:38 gtw01 kernel: [ 6200.296506] device qr-ed56bd5a-12 left promiscuous mode
Jun 20 04:06:39 gtw01 kernel: [ 6200.911818] device qr-860e0693-ac entered promiscuous mode
Jun 20 04:06:39 gtw01 systemd-udevd[28686]: Could not generate persistent MAC address for qr-860e0693-ac: No such file or directory
Jun 20 04:06:39 gtw01 dnsmasq[27960]: read /var/lib/neutron/dhcp/73cbe81d-6585-4a81-ad34-3b50a35e98e4/addn_hosts - 2 addresses
Jun 20 04:06:39 gtw01 dnsmasq-dhcp[27960]: read /var/lib/neutron/dhcp/73cbe81d-6585-4a81-ad34-3b50a35e98e4/host
Jun 20 04:06:39 gtw01 dnsmasq-dhcp[27960]: read /var/lib/neutron/dhcp/73cbe81d-6585-4a81-ad34-3b50a35e98e4/opts
Jun 20 04:06:39 gtw01 kernel: [ 6201.095269] device qg-c86a4806-2b left promiscuous mode
Jun 20 04:06:40 gtw01 systemd-udevd[28855]: Could not generate persistent MAC address for tapbedbc98b-8a: No such file or directory
Jun 20 04:06:40 gtw01 kernel: [ 6202.307859] device tapbedbc98b-8a entered promiscuous mode
Jun 20 04:06:40 gtw01 systemd-udevd[28855]: Process '/sbin/ip link set tapbedbc98b-8a txqueuelen 10000' failed with exit code 1.
Jun 20 04:06:40 gtw01 systemd-udevd[28939]: Process '/sbin/ip link set tapbedbc98b-8a txqueuelen 10000' failed with exit code 1.
Jun 20 04:06:41 gtw01 kernel: [ 6203.652102] device tap38b4e1df-95 left promiscuous mode
Jun 20 04:06:42 gtw01 dnsmasq[27960]: read /var/lib/neutron/dhcp/73cbe81d-6585-4a81-ad34-3b50a35e98e4/addn_hosts - 1 addresses
Jun 20 04:06:42 gtw01 dnsmasq-dhcp[27960]: read /var/lib/neutron/dhcp/73cbe81d-6585-4a81-ad34-3b50a35e98e4/host
Jun 20 04:06:42 gtw01 dnsmasq-dhcp[27960]: read /var/lib/neutron/dhcp/73cbe81d-6585-4a81-ad34-3b50a35e98e4/opts
Jun 20 04:06:43 gtw01 haproxy-metadata-proxy-73cbe81d-6585-4a81-ad34-3b50a35e98e4[29149]: Proxy listener started.
Jun 20 04:06:43 gtw01 dnsmasq-dhcp[27171]: DHCPDISCOVER(tap648a4dc0-6b) fa:16:3e:34:a2:c2
Jun 20 04:06:43 gtw01 dnsmasq-dhcp[27171]: DHCPOFFER(tap648a4dc0-6b) 192.168.120.5 fa:16:3e:34:a2:c2
Jun 20 04:06:43 gtw01 dnsmasq-dhcp[27171]: DHCPREQUEST(tap648a4dc0-6b) 192.168.120.5 fa:16:3e:34:a2:c2
Jun 20 04:06:43 gtw01 dnsmasq-dhcp[27171]: DHCPACK(tap648a4dc0-6b) 192.168.120.5 fa:16:3e:34:a2:c2 host-192-168-120-5
Jun 20 04:06:43 gtw01 kernel: [ 6205.314171] device qg-efa25963-2f entered promiscuous mode
Jun 20 04:06:43 gtw01 systemd-udevd[29177]: Could not generate persistent MAC address for qg-efa25963-2f: No such file or directory
Jun 20 04:06:44 gtw01 dnsmasq[29322]: started, version 2.80 cachesize 150
Jun 20 04:06:44 gtw01 dnsmasq[29322]: DNS service limited to local subnets
Jun 20 04:06:44 gtw01 dnsmasq[29322]: compile time options: IPv6 GNU-getopt DBus i18n IDN DHCP DHCPv6 no-Lua TFTP conntrack ipset auth DNSSEC loop-detect inotify dumpfile
Jun 20 04:06:44 gtw01 dnsmasq[29322]: warning: no upstream servers configured
Jun 20 04:06:44 gtw01 dnsmasq-dhcp[29322]: DHCP, static leases only on 192.168.120.0, lease time 1h
Jun 20 04:06:44 gtw01 dnsmasq[29322]: read /var/lib/neutron/dhcp/c1b4e40d-e548-4dc3-b364-6d4a14bcc9c0/addn_hosts - 1 addresses
Jun 20 04:06:44 gtw01 dnsmasq-dhcp[29322]: read /var/lib/neutron/dhcp/c1b4e40d-e548-4dc3-b364-6d4a14bcc9c0/host
Jun 20 04:06:44 gtw01 dnsmasq-dhcp[29322]: read /var/lib/neutron/dhcp/c1b4e40d-e548-4dc3-b364-6d4a14bcc9c0/opts
Jun 20 04:06:44 gtw01 haproxy-metadata-proxy-c1b4e40d-e548-4dc3-b364-6d4a14bcc9c0[29337]: Proxy listener started.
Jun 20 04:06:45 gtw01 dnsmasq[29322]: read /var/lib/neutron/dhcp/c1b4e40d-e548-4dc3-b364-6d4a14bcc9c0/addn_hosts - 2 addresses
Jun 20 04:06:45 gtw01 dnsmasq-dhcp[29322]: read /var/lib/neutron/dhcp/c1b4e40d-e548-4dc3-b364-6d4a14bcc9c0/host
Jun 20 04:06:45 gtw01 dnsmasq-dhcp[29322]: read /var/lib/neutron/dhcp/c1b4e40d-e548-4dc3-b364-6d4a14bcc9c0/opts
Jun 20 04:06:45 gtw01 kernel: [ 6207.380845] device qr-860e0693-ac left promiscuous mode
Jun 20 04:06:46 gtw01 dnsmasq[29322]: read /var/lib/neutron/dhcp/c1b4e40d-e548-4dc3-b364-6d4a14bcc9c0/addn_hosts - 2 addresses
Jun 20 04:06:46 gtw01 dnsmasq-dhcp[29322]: read /var/lib/neutron/dhcp/c1b4e40d-e548-4dc3-b364-6d4a14bcc9c0/host
Jun 20 04:06:46 gtw01 dnsmasq-dhcp[29322]: read /var/lib/neutron/dhcp/c1b4e40d-e548-4dc3-b364-6d4a14bcc9c0/opts
Jun 20 04:06:46 gtw01 kernel: [ 6208.564199] device qg-4c2dd94c-86 left promiscuous mode
Jun 20 04:06:46 gtw01 kernel: [ 6208.696847] device tap042f05da-d0 left promiscuous mode
Jun 20 04:06:47 gtw01 dnsmasq[29322]: read /var/lib/neutron/dhcp/c1b4e40d-e548-4dc3-b364-6d4a14bcc9c0/addn_hosts - 2 addresses
Jun 20 04:06:47 gtw01 dnsmasq-dhcp[29322]: read /var/lib/neutron/dhcp/c1b4e40d-e548-4dc3-b364-6d4a14bcc9c0/host
Jun 20 04:06:47 gtw01 dnsmasq-dhcp[29322]: read /var/lib/neutron/dhcp/c1b4e40d-e548-4dc3-b364-6d4a14bcc9c0/opts
Jun 20 04:06:48 gtw01 dnsmasq[29322]: read /var/lib/neutron/dhcp/c1b4e40d-e548-4dc3-b364-6d4a14bcc9c0/addn_hosts - 2 addresses
Jun 20 04:06:48 gtw01 dnsmasq-dhcp[29322]: read /var/lib/neutron/dhcp/c1b4e40d-e548-4dc3-b364-6d4a14bcc9c0/host
Jun 20 04:06:48 gtw01 dnsmasq-dhcp[29322]: read /var/lib/neutron/dhcp/c1b4e40d-e548-4dc3-b364-6d4a14bcc9c0/opts
Jun 20 04:06:49 gtw01 dnsmasq[27171]: read /var/lib/neutron/dhcp/45a8fd7f-b63b-4213-8721-3e6672dd62b0/addn_hosts - 4 addresses
Jun 20 04:06:49 gtw01 dnsmasq-dhcp[27171]: read /var/lib/neutron/dhcp/45a8fd7f-b63b-4213-8721-3e6672dd62b0/host
Jun 20 04:06:49 gtw01 dnsmasq-dhcp[27171]: read /var/lib/neutron/dhcp/45a8fd7f-b63b-4213-8721-3e6672dd62b0/opts
Jun 20 04:06:49 gtw01 dnsmasq[29322]: read /var/lib/neutron/dhcp/c1b4e40d-e548-4dc3-b364-6d4a14bcc9c0/addn_hosts - 2 addresses
Jun 20 04:06:49 gtw01 dnsmasq-dhcp[29322]: read /var/lib/neutron/dhcp/c1b4e40d-e548-4dc3-b364-6d4a14bcc9c0/host
Jun 20 04:06:49 gtw01 dnsmasq-dhcp[29322]: read /var/lib/neutron/dhcp/c1b4e40d-e548-4dc3-b364-6d4a14bcc9c0/opts
Jun 20 04:06:50 gtw01 systemd-udevd[29678]: Could not generate persistent MAC address for tap06a9f0ea-5b: No such file or directory
Jun 20 04:06:50 gtw01 kernel: [ 6212.083405] device tap06a9f0ea-5b entered promiscuous mode
Jun 20 04:06:50 gtw01 systemd-udevd[29678]: Process '/sbin/ip link set tap06a9f0ea-5b txqueuelen 10000' failed with exit code 1.
Jun 20 04:06:50 gtw01 systemd-udevd[29756]: Process '/sbin/ip link set tap06a9f0ea-5b txqueuelen 10000' failed with exit code 1.
Jun 20 04:06:50 gtw01 haproxy-metadata-proxy-9b7532d9-349e-4e89-a4ea-7c892fac7deb[29769]: Proxy listener started.
Jun 20 04:06:50 gtw01 dnsmasq[29322]: read /var/lib/neutron/dhcp/c1b4e40d-e548-4dc3-b364-6d4a14bcc9c0/addn_hosts - 3 addresses
Jun 20 04:06:50 gtw01 dnsmasq-dhcp[29322]: read /var/lib/neutron/dhcp/c1b4e40d-e548-4dc3-b364-6d4a14bcc9c0/host
Jun 20 04:06:50 gtw01 dnsmasq-dhcp[29322]: read /var/lib/neutron/dhcp/c1b4e40d-e548-4dc3-b364-6d4a14bcc9c0/opts
Jun 20 04:06:52 gtw01 dnsmasq[29322]: read /var/lib/neutron/dhcp/c1b4e40d-e548-4dc3-b364-6d4a14bcc9c0/addn_hosts - 3 addresses
Jun 20 04:06:52 gtw01 dnsmasq-dhcp[29322]: read /var/lib/neutron/dhcp/c1b4e40d-e548-4dc3-b364-6d4a14bcc9c0/host
Jun 20 04:06:52 gtw01 dnsmasq-dhcp[29322]: read /var/lib/neutron/dhcp/c1b4e40d-e548-4dc3-b364-6d4a14bcc9c0/opts
Jun 20 04:06:53 gtw01 dnsmasq[29322]: read /var/lib/neutron/dhcp/c1b4e40d-e548-4dc3-b364-6d4a14bcc9c0/addn_hosts - 3 addresses
Jun 20 04:06:53 gtw01 dnsmasq-dhcp[29322]: read /var/lib/neutron/dhcp/c1b4e40d-e548-4dc3-b364-6d4a14bcc9c0/host
Jun 20 04:06:53 gtw01 dnsmasq-dhcp[29322]: read /var/lib/neutron/dhcp/c1b4e40d-e548-4dc3-b364-6d4a14bcc9c0/opts
Jun 20 04:06:53 gtw01 systemd-udevd[29911]: Could not generate persistent MAC address for qr-3e7978e3-de: No such file or directory
Jun 20 04:06:53 gtw01 kernel: [ 6215.416069] device qr-3e7978e3-de entered promiscuous mode
Jun 20 04:06:53 gtw01 dnsmasq[29999]: started, version 2.80 cachesize 150
Jun 20 04:06:53 gtw01 dnsmasq[29999]: DNS service limited to local subnets
Jun 20 04:06:53 gtw01 dnsmasq[29999]: compile time options: IPv6 GNU-getopt DBus i18n IDN DHCP DHCPv6 no-Lua TFTP conntrack ipset auth DNSSEC loop-detect inotify dumpfile
Jun 20 04:06:53 gtw01 dnsmasq[29999]: warning: no upstream servers configured
Jun 20 04:06:53 gtw01 dnsmasq-dhcp[29999]: DHCP, static leases only on 192.168.120.0, lease time 1h
Jun 20 04:06:53 gtw01 dnsmasq[29999]: read /var/lib/neutron/dhcp/f23c6fd1-c454-4080-948b-6c423ab6e966/addn_hosts - 1 addresses
Jun 20 04:06:53 gtw01 dnsmasq-dhcp[29999]: read /var/lib/neutron/dhcp/f23c6fd1-c454-4080-948b-6c423ab6e966/host
Jun 20 04:06:53 gtw01 dnsmasq-dhcp[29999]: read /var/lib/neutron/dhcp/f23c6fd1-c454-4080-948b-6c423ab6e966/opts
Jun 20 04:06:54 gtw01 haproxy-metadata-proxy-f23c6fd1-c454-4080-948b-6c423ab6e966[30017]: Proxy listener started.
Jun 20 04:06:54 gtw01 kernel: [ 6215.955346] device qg-54b57f15-30 entered promiscuous mode
Jun 20 04:06:54 gtw01 systemd-udevd[30024]: Could not generate persistent MAC address for qg-54b57f15-30: No such file or directory
Jun 20 04:06:54 gtw01 dnsmasq[29322]: read /var/lib/neutron/dhcp/c1b4e40d-e548-4dc3-b364-6d4a14bcc9c0/addn_hosts - 3 addresses
Jun 20 04:06:54 gtw01 dnsmasq-dhcp[29322]: read /var/lib/neutron/dhcp/c1b4e40d-e548-4dc3-b364-6d4a14bcc9c0/host
Jun 20 04:06:54 gtw01 dnsmasq-dhcp[29322]: read /var/lib/neutron/dhcp/c1b4e40d-e548-4dc3-b364-6d4a14bcc9c0/opts
Jun 20 04:06:55 gtw01 dnsmasq[29999]: read /var/lib/neutron/dhcp/f23c6fd1-c454-4080-948b-6c423ab6e966/addn_hosts - 2 addresses
Jun 20 04:06:55 gtw01 dnsmasq-dhcp[29999]: read /var/lib/neutron/dhcp/f23c6fd1-c454-4080-948b-6c423ab6e966/host
Jun 20 04:06:55 gtw01 dnsmasq-dhcp[29999]: read /var/lib/neutron/dhcp/f23c6fd1-c454-4080-948b-6c423ab6e966/opts
Jun 20 04:06:55 gtw01 systemd-udevd[30193]: Could not generate persistent MAC address for tap997da0e3-be: No such file or directory
Jun 20 04:06:55 gtw01 kernel: [ 6217.043560] device tap997da0e3-be entered promiscuous mode
Jun 20 04:06:55 gtw01 systemd-udevd[30193]: Process '/sbin/ip link set tap997da0e3-be txqueuelen 10000' failed with exit code 1.
Jun 20 04:06:55 gtw01 systemd-udevd[30193]: Process '/sbin/ip link set tap997da0e3-be txqueuelen 10000' failed with exit code 1.
Jun 20 04:06:55 gtw01 dnsmasq[29322]: read /var/lib/neutron/dhcp/c1b4e40d-e548-4dc3-b364-6d4a14bcc9c0/addn_hosts - 3 addresses
Jun 20 04:06:55 gtw01 dnsmasq-dhcp[29322]: read /var/lib/neutron/dhcp/c1b4e40d-e548-4dc3-b364-6d4a14bcc9c0/host
Jun 20 04:06:55 gtw01 dnsmasq-dhcp[29322]: read /var/lib/neutron/dhcp/c1b4e40d-e548-4dc3-b364-6d4a14bcc9c0/opts
Jun 20 04:06:56 gtw01 dnsmasq[29999]: read /var/lib/neutron/dhcp/f23c6fd1-c454-4080-948b-6c423ab6e966/addn_hosts - 2 addresses
Jun 20 04:06:56 gtw01 dnsmasq-dhcp[29999]: read /var/lib/neutron/dhcp/f23c6fd1-c454-4080-948b-6c423ab6e966/host
Jun 20 04:06:56 gtw01 dnsmasq-dhcp[29999]: read /var/lib/neutron/dhcp/f23c6fd1-c454-4080-948b-6c423ab6e966/opts
Jun 20 04:06:56 gtw01 dnsmasq[27171]: read /var/lib/neutron/dhcp/45a8fd7f-b63b-4213-8721-3e6672dd62b0/addn_hosts - 3 addresses
Jun 20 04:06:56 gtw01 dnsmasq-dhcp[27171]: read /var/lib/neutron/dhcp/45a8fd7f-b63b-4213-8721-3e6672dd62b0/host
Jun 20 04:06:56 gtw01 dnsmasq-dhcp[27171]: read /var/lib/neutron/dhcp/45a8fd7f-b63b-4213-8721-3e6672dd62b0/opts
Jun 20 04:06:57 gtw01 dnsmasq[29999]: read /var/lib/neutron/dhcp/f23c6fd1-c454-4080-948b-6c423ab6e966/addn_hosts - 2 addresses
Jun 20 04:06:57 gtw01 dnsmasq-dhcp[29999]: read /var/lib/neutron/dhcp/f23c6fd1-c454-4080-948b-6c423ab6e966/host
Jun 20 04:06:57 gtw01 dnsmasq-dhcp[29999]: read /var/lib/neutron/dhcp/f23c6fd1-c454-4080-948b-6c423ab6e966/opts
Jun 20 04:06:58 gtw01 dnsmasq[29999]: read /var/lib/neutron/dhcp/f23c6fd1-c454-4080-948b-6c423ab6e966/addn_hosts - 2 addresses
Jun 20 04:06:58 gtw01 dnsmasq-dhcp[29999]: read /var/lib/neutron/dhcp/f23c6fd1-c454-4080-948b-6c423ab6e966/host
Jun 20 04:06:58 gtw01 dnsmasq-dhcp[29999]: read /var/lib/neutron/dhcp/f23c6fd1-c454-4080-948b-6c423ab6e966/opts
Jun 20 04:06:58 gtw01 systemd-udevd[30548]: Could not generate persistent MAC address for qr-2f3c2c2a-8a: No such file or directory
Jun 20 04:06:58 gtw01 kernel: [ 6220.527796] device qr-2f3c2c2a-8a entered promiscuous mode
Jun 20 04:06:59 gtw01 dnsmasq[30676]: started, version 2.80 cachesize 150
Jun 20 04:06:59 gtw01 dnsmasq[30676]: DNS service limited to local subnets
Jun 20 04:06:59 gtw01 dnsmasq[30676]: compile time options: IPv6 GNU-getopt DBus i18n IDN DHCP DHCPv6 no-Lua TFTP conntrack ipset auth DNSSEC loop-detect inotify dumpfile
Jun 20 04:06:59 gtw01 dnsmasq[30676]: warning: no upstream servers configured
Jun 20 04:06:59 gtw01 dnsmasq-dhcp[30676]: DHCP, static leases only on 192.168.120.0, lease time 1h
Jun 20 04:06:59 gtw01 dnsmasq[30676]: read /var/lib/neutron/dhcp/c2f361c7-6254-43c1-9d01-a24ff8f1268f/addn_hosts - 1 addresses
Jun 20 04:06:59 gtw01 dnsmasq-dhcp[30676]: read /var/lib/neutron/dhcp/c2f361c7-6254-43c1-9d01-a24ff8f1268f/host
Jun 20 04:06:59 gtw01 dnsmasq-dhcp[30676]: read /var/lib/neutron/dhcp/c2f361c7-6254-43c1-9d01-a24ff8f1268f/opts
Jun 20 04:06:59 gtw01 dnsmasq[29999]: read /var/lib/neutron/dhcp/f23c6fd1-c454-4080-948b-6c423ab6e966/addn_hosts - 2 addresses
Jun 20 04:06:59 gtw01 dnsmasq-dhcp[29999]: read /var/lib/neutron/dhcp/f23c6fd1-c454-4080-948b-6c423ab6e966/host
Jun 20 04:06:59 gtw01 dnsmasq-dhcp[29999]: read /var/lib/neutron/dhcp/f23c6fd1-c454-4080-948b-6c423ab6e966/opts
Jun 20 04:06:59 gtw01 haproxy-metadata-proxy-c2f361c7-6254-43c1-9d01-a24ff8f1268f[30694]: Proxy listener started.
Jun 20 04:07:00 gtw01 dnsmasq-dhcp[27171]: DHCPRELEASE(tap648a4dc0-6b) 192.168.120.5 fa:16:3e:34:a2:c2
Jun 20 04:07:00 gtw01 kernel: [ 6222.133184] device qg-05f9ffa5-5a entered promiscuous mode
Jun 20 04:07:00 gtw01 systemd-udevd[30741]: Could not generate persistent MAC address for qg-05f9ffa5-5a: No such file or directory
Jun 20 04:07:00 gtw01 dnsmasq-dhcp[27171]: DHCPRELEASE(tap648a4dc0-6b) 192.168.120.5 fa:16:3e:34:a2:c2 unknown lease
Jun 20 04:07:01 gtw01 dnsmasq[30676]: read /var/lib/neutron/dhcp/c2f361c7-6254-43c1-9d01-a24ff8f1268f/addn_hosts - 2 addresses
Jun 20 04:07:01 gtw01 dnsmasq-dhcp[30676]: read /var/lib/neutron/dhcp/c2f361c7-6254-43c1-9d01-a24ff8f1268f/host
Jun 20 04:07:01 gtw01 dnsmasq-dhcp[30676]: read /var/lib/neutron/dhcp/c2f361c7-6254-43c1-9d01-a24ff8f1268f/opts
Jun 20 04:07:01 gtw01 dnsmasq[27171]: read /var/lib/neutron/dhcp/45a8fd7f-b63b-4213-8721-3e6672dd62b0/addn_hosts - 2 addresses
