Jun 20 03:49:49 gtw01 dnsmasq[4521]: read /var/lib/neutron/dhcp/419c9fef-bcfa-409b-b2cf-77bf6d4eaeac/addn_hosts - 2 addresses
Jun 20 03:49:49 gtw01 dnsmasq-dhcp[4521]: read /var/lib/neutron/dhcp/419c9fef-bcfa-409b-b2cf-77bf6d4eaeac/host
Jun 20 03:49:49 gtw01 dnsmasq-dhcp[4521]: read /var/lib/neutron/dhcp/419c9fef-bcfa-409b-b2cf-77bf6d4eaeac/opts
Jun 20 03:49:49 gtw01 systemd-udevd[4694]: Could not generate persistent MAC address for qr-41294216-84: No such file or directory
Jun 20 03:49:49 gtw01 kernel: [ 5191.507537] device qr-41294216-84 entered promiscuous mode
Jun 20 03:49:49 gtw01 kernel: [ 5191.679252] IPv4: martian source 192.168.120.1 from 192.168.120.1, on dev qr-41294216-84
Jun 20 03:49:49 gtw01 kernel: [ 5191.679256] ll header: 00000000: ff ff ff ff ff ff fa 16 3e 73 d4 ed 08 06        ........>s....
Jun 20 03:49:50 gtw01 dnsmasq[3811]: read /var/lib/neutron/dhcp/706b9e8b-bcc5-4d13-af8d-ae73a32af459/addn_hosts - 2 addresses
Jun 20 03:49:50 gtw01 dnsmasq-dhcp[3811]: read /var/lib/neutron/dhcp/706b9e8b-bcc5-4d13-af8d-ae73a32af459/host
Jun 20 03:49:50 gtw01 dnsmasq-dhcp[3811]: read /var/lib/neutron/dhcp/706b9e8b-bcc5-4d13-af8d-ae73a32af459/opts
Jun 20 03:49:50 gtw01 systemd-udevd[4793]: Could not generate persistent MAC address for qg-6b82c4f4-21: No such file or directory
Jun 20 03:49:50 gtw01 kernel: [ 5191.819550] device qg-6b82c4f4-21 entered promiscuous mode
Jun 20 03:49:50 gtw01 dnsmasq[4521]: read /var/lib/neutron/dhcp/419c9fef-bcfa-409b-b2cf-77bf6d4eaeac/addn_hosts - 2 addresses
Jun 20 03:49:50 gtw01 dnsmasq-dhcp[4521]: read /var/lib/neutron/dhcp/419c9fef-bcfa-409b-b2cf-77bf6d4eaeac/host
Jun 20 03:49:50 gtw01 dnsmasq-dhcp[4521]: read /var/lib/neutron/dhcp/419c9fef-bcfa-409b-b2cf-77bf6d4eaeac/opts
Jun 20 03:49:51 gtw01 dnsmasq[3811]: read /var/lib/neutron/dhcp/706b9e8b-bcc5-4d13-af8d-ae73a32af459/addn_hosts - 3 addresses
Jun 20 03:49:51 gtw01 dnsmasq-dhcp[3811]: read /var/lib/neutron/dhcp/706b9e8b-bcc5-4d13-af8d-ae73a32af459/host
Jun 20 03:49:51 gtw01 dnsmasq-dhcp[3811]: read /var/lib/neutron/dhcp/706b9e8b-bcc5-4d13-af8d-ae73a32af459/opts
Jun 20 03:49:51 gtw01 kernel: [ 5192.879325] IPv4: martian source 192.168.120.1 from 192.168.120.1, on dev qr-907221bb-f0
Jun 20 03:49:51 gtw01 kernel: [ 5192.879328] ll header: 00000000: ff ff ff ff ff ff fa 16 3e f6 31 e8 08 06        ........>.1...
Jun 20 03:49:51 gtw01 kernel: [ 5192.879331] IPv4: martian source 192.168.120.1 from 192.168.120.1, on dev qg-6b82c4f4-21
Jun 20 03:49:51 gtw01 kernel: [ 5192.879332] ll header: 00000000: ff ff ff ff ff ff fa 16 3e f6 31 e8 08 06        ........>.1...
Jun 20 03:49:51 gtw01 dnsmasq[4521]: read /var/lib/neutron/dhcp/419c9fef-bcfa-409b-b2cf-77bf6d4eaeac/addn_hosts - 2 addresses
Jun 20 03:49:51 gtw01 dnsmasq-dhcp[4521]: read /var/lib/neutron/dhcp/419c9fef-bcfa-409b-b2cf-77bf6d4eaeac/host
Jun 20 03:49:51 gtw01 dnsmasq-dhcp[4521]: read /var/lib/neutron/dhcp/419c9fef-bcfa-409b-b2cf-77bf6d4eaeac/opts
Jun 20 03:49:52 gtw01 dnsmasq[3811]: read /var/lib/neutron/dhcp/706b9e8b-bcc5-4d13-af8d-ae73a32af459/addn_hosts - 3 addresses
Jun 20 03:49:52 gtw01 dnsmasq-dhcp[3811]: read /var/lib/neutron/dhcp/706b9e8b-bcc5-4d13-af8d-ae73a32af459/host
Jun 20 03:49:52 gtw01 dnsmasq-dhcp[3811]: read /var/lib/neutron/dhcp/706b9e8b-bcc5-4d13-af8d-ae73a32af459/opts
Jun 20 03:49:52 gtw01 kernel: [ 5194.483844] IPv4: martian source 192.168.120.1 from 192.168.120.1, on dev qr-41294216-84
Jun 20 03:49:52 gtw01 kernel: [ 5194.483848] ll header: 00000000: ff ff ff ff ff ff fa 16 3e 73 d4 ed 08 06        ........>s....
Jun 20 03:49:52 gtw01 kernel: [ 5194.483851] IPv4: martian source 192.168.120.1 from 192.168.120.1, on dev qg-6b82c4f4-21
Jun 20 03:49:52 gtw01 kernel: [ 5194.483852] ll header: 00000000: ff ff ff ff ff ff fa 16 3e 73 d4 ed 08 06        ........>s....
Jun 20 03:49:52 gtw01 dnsmasq[4521]: read /var/lib/neutron/dhcp/419c9fef-bcfa-409b-b2cf-77bf6d4eaeac/addn_hosts - 2 addresses
Jun 20 03:49:52 gtw01 dnsmasq-dhcp[4521]: read /var/lib/neutron/dhcp/419c9fef-bcfa-409b-b2cf-77bf6d4eaeac/host
Jun 20 03:49:52 gtw01 dnsmasq-dhcp[4521]: read /var/lib/neutron/dhcp/419c9fef-bcfa-409b-b2cf-77bf6d4eaeac/opts
Jun 20 03:49:53 gtw01 dnsmasq[3811]: read /var/lib/neutron/dhcp/706b9e8b-bcc5-4d13-af8d-ae73a32af459/addn_hosts - 3 addresses
Jun 20 03:49:53 gtw01 dnsmasq-dhcp[3811]: read /var/lib/neutron/dhcp/706b9e8b-bcc5-4d13-af8d-ae73a32af459/host
Jun 20 03:49:53 gtw01 dnsmasq-dhcp[3811]: read /var/lib/neutron/dhcp/706b9e8b-bcc5-4d13-af8d-ae73a32af459/opts
Jun 20 03:49:54 gtw01 dnsmasq[4521]: read /var/lib/neutron/dhcp/419c9fef-bcfa-409b-b2cf-77bf6d4eaeac/addn_hosts - 2 addresses
Jun 20 03:49:54 gtw01 dnsmasq-dhcp[4521]: read /var/lib/neutron/dhcp/419c9fef-bcfa-409b-b2cf-77bf6d4eaeac/host
Jun 20 03:49:54 gtw01 dnsmasq-dhcp[4521]: read /var/lib/neutron/dhcp/419c9fef-bcfa-409b-b2cf-77bf6d4eaeac/opts
Jun 20 03:49:54 gtw01 kernel: [ 5195.900475] device tapfd1222ce-c3 entered promiscuous mode
Jun 20 03:49:54 gtw01 systemd-udevd[5192]: Could not generate persistent MAC address for tapfd1222ce-c3: No such file or directory
Jun 20 03:49:54 gtw01 systemd-udevd[5192]: Process '/sbin/ip link set tapfd1222ce-c3 txqueuelen 10000' failed with exit code 1.
Jun 20 03:49:54 gtw01 systemd-udevd[5192]: Process '/sbin/ip link set tapfd1222ce-c3 txqueuelen 10000' failed with exit code 1.
Jun 20 03:49:55 gtw01 systemd-udevd[5337]: Could not generate persistent MAC address for tap1d271eda-72: No such file or directory
Jun 20 03:49:55 gtw01 kernel: [ 5196.886706] device tap1d271eda-72 entered promiscuous mode
Jun 20 03:49:55 gtw01 systemd-udevd[5337]: Process '/sbin/ip link set tap1d271eda-72 txqueuelen 10000' failed with exit code 1.
Jun 20 03:49:55 gtw01 systemd-udevd[5337]: Process '/sbin/ip link set tap1d271eda-72 txqueuelen 10000' failed with exit code 1.
Jun 20 03:49:55 gtw01 systemd-udevd[5458]: Could not generate persistent MAC address for vxlan_sys_4789: No such file or directory
Jun 20 03:49:55 gtw01 kernel: [ 5197.438836] device vxlan_sys_4789 entered promiscuous mode
Jun 20 03:49:57 gtw01 kernel: [ 5199.361045] device tapdf8ec967-ab entered promiscuous mode
Jun 20 03:49:57 gtw01 systemd-udevd[5669]: Could not generate persistent MAC address for tapdf8ec967-ab: No such file or directory
Jun 20 03:49:57 gtw01 haproxy-metadata-proxy-4af65397-1a95-44e4-add4-ce5774afaabd[5687]: Proxy listener started.
Jun 20 03:49:57 gtw01 systemd-udevd[5669]: Process '/sbin/ip link set tapdf8ec967-ab txqueuelen 10000' failed with exit code 1.
Jun 20 03:49:57 gtw01 systemd-udevd[5747]: Process '/sbin/ip link set tapdf8ec967-ab txqueuelen 10000' failed with exit code 1.
Jun 20 03:49:58 gtw01 dnsmasq[5777]: started, version 2.80 cachesize 150
Jun 20 03:49:58 gtw01 dnsmasq[5777]: DNS service limited to local subnets
Jun 20 03:49:58 gtw01 dnsmasq[5777]: compile time options: IPv6 GNU-getopt DBus i18n IDN DHCP DHCPv6 no-Lua TFTP conntrack ipset auth DNSSEC loop-detect inotify dumpfile
Jun 20 03:49:58 gtw01 dnsmasq[5777]: warning: no upstream servers configured
Jun 20 03:49:58 gtw01 dnsmasq-dhcp[5777]: DHCP, static leases only on 192.168.120.0, lease time 1h
Jun 20 03:49:58 gtw01 dnsmasq[5777]: read /var/lib/neutron/dhcp/1070a31b-0de6-4b49-b4e2-76197577b8cc/addn_hosts - 1 addresses
Jun 20 03:49:58 gtw01 dnsmasq-dhcp[5777]: read /var/lib/neutron/dhcp/1070a31b-0de6-4b49-b4e2-76197577b8cc/host
Jun 20 03:49:58 gtw01 dnsmasq-dhcp[5777]: read /var/lib/neutron/dhcp/1070a31b-0de6-4b49-b4e2-76197577b8cc/opts
Jun 20 03:49:58 gtw01 haproxy-metadata-proxy-1070a31b-0de6-4b49-b4e2-76197577b8cc[5789]: Proxy listener started.
Jun 20 03:49:58 gtw01 dnsmasq[4521]: read /var/lib/neutron/dhcp/419c9fef-bcfa-409b-b2cf-77bf6d4eaeac/addn_hosts - 3 addresses
Jun 20 03:49:58 gtw01 dnsmasq-dhcp[4521]: read /var/lib/neutron/dhcp/419c9fef-bcfa-409b-b2cf-77bf6d4eaeac/host
Jun 20 03:49:58 gtw01 dnsmasq-dhcp[4521]: read /var/lib/neutron/dhcp/419c9fef-bcfa-409b-b2cf-77bf6d4eaeac/opts
Jun 20 03:49:58 gtw01 dnsmasq[5828]: started, version 2.80 cachesize 150
Jun 20 03:49:58 gtw01 dnsmasq[5828]: DNS service limited to local subnets
Jun 20 03:49:58 gtw01 dnsmasq[5828]: compile time options: IPv6 GNU-getopt DBus i18n IDN DHCP DHCPv6 no-Lua TFTP conntrack ipset auth DNSSEC loop-detect inotify dumpfile
Jun 20 03:49:58 gtw01 dnsmasq[5828]: warning: no upstream servers configured
Jun 20 03:49:58 gtw01 dnsmasq-dhcp[5828]: DHCP, static leases only on 192.168.120.0, lease time 1h
Jun 20 03:49:58 gtw01 dnsmasq[5828]: read /var/lib/neutron/dhcp/9f3ffa3a-7c20-41e9-b8a1-564e2ca2a728/addn_hosts - 1 addresses
Jun 20 03:49:58 gtw01 dnsmasq-dhcp[5828]: read /var/lib/neutron/dhcp/9f3ffa3a-7c20-41e9-b8a1-564e2ca2a728/host
Jun 20 03:49:58 gtw01 dnsmasq-dhcp[5828]: read /var/lib/neutron/dhcp/9f3ffa3a-7c20-41e9-b8a1-564e2ca2a728/opts
Jun 20 03:49:59 gtw01 haproxy-metadata-proxy-9f3ffa3a-7c20-41e9-b8a1-564e2ca2a728[5844]: Proxy listener started.
Jun 20 03:49:59 gtw01 dnsmasq[5777]: read /var/lib/neutron/dhcp/1070a31b-0de6-4b49-b4e2-76197577b8cc/addn_hosts - 1 addresses
Jun 20 03:49:59 gtw01 dnsmasq-dhcp[5777]: read /var/lib/neutron/dhcp/1070a31b-0de6-4b49-b4e2-76197577b8cc/host
Jun 20 03:49:59 gtw01 dnsmasq-dhcp[5777]: read /var/lib/neutron/dhcp/1070a31b-0de6-4b49-b4e2-76197577b8cc/opts
Jun 20 03:49:59 gtw01 dnsmasq[4521]: read /var/lib/neutron/dhcp/419c9fef-bcfa-409b-b2cf-77bf6d4eaeac/addn_hosts - 3 addresses
Jun 20 03:49:59 gtw01 dnsmasq-dhcp[4521]: read /var/lib/neutron/dhcp/419c9fef-bcfa-409b-b2cf-77bf6d4eaeac/host
Jun 20 03:49:59 gtw01 dnsmasq-dhcp[4521]: read /var/lib/neutron/dhcp/419c9fef-bcfa-409b-b2cf-77bf6d4eaeac/opts
Jun 20 03:50:00 gtw01 dnsmasq[5828]: read /var/lib/neutron/dhcp/9f3ffa3a-7c20-41e9-b8a1-564e2ca2a728/addn_hosts - 2 addresses
Jun 20 03:50:00 gtw01 dnsmasq-dhcp[5828]: read /var/lib/neutron/dhcp/9f3ffa3a-7c20-41e9-b8a1-564e2ca2a728/host
Jun 20 03:50:00 gtw01 dnsmasq-dhcp[5828]: read /var/lib/neutron/dhcp/9f3ffa3a-7c20-41e9-b8a1-564e2ca2a728/opts
Jun 20 03:50:00 gtw01 dnsmasq[5777]: read /var/lib/neutron/dhcp/1070a31b-0de6-4b49-b4e2-76197577b8cc/addn_hosts - 1 addresses
Jun 20 03:50:00 gtw01 dnsmasq-dhcp[5777]: read /var/lib/neutron/dhcp/1070a31b-0de6-4b49-b4e2-76197577b8cc/host
Jun 20 03:50:00 gtw01 dnsmasq-dhcp[5777]: read /var/lib/neutron/dhcp/1070a31b-0de6-4b49-b4e2-76197577b8cc/opts
Jun 20 03:50:00 gtw01 dnsmasq[4521]: read /var/lib/neutron/dhcp/419c9fef-bcfa-409b-b2cf-77bf6d4eaeac/addn_hosts - 3 addresses
Jun 20 03:50:00 gtw01 dnsmasq-dhcp[4521]: read /var/lib/neutron/dhcp/419c9fef-bcfa-409b-b2cf-77bf6d4eaeac/host
Jun 20 03:50:00 gtw01 dnsmasq-dhcp[4521]: read /var/lib/neutron/dhcp/419c9fef-bcfa-409b-b2cf-77bf6d4eaeac/opts
Jun 20 03:50:01 gtw01 dnsmasq[5984]: started, version 2.80 cachesize 150
Jun 20 03:50:01 gtw01 dnsmasq[5984]: DNS service limited to local subnets
Jun 20 03:50:01 gtw01 dnsmasq[5984]: compile time options: IPv6 GNU-getopt DBus i18n IDN DHCP DHCPv6 no-Lua TFTP conntrack ipset auth DNSSEC loop-detect inotify dumpfile
Jun 20 03:50:01 gtw01 dnsmasq[5984]: warning: no upstream servers configured
Jun 20 03:50:01 gtw01 dnsmasq-dhcp[5984]: DHCP, static leases only on 192.168.121.0, lease time 1h
Jun 20 03:50:01 gtw01 dnsmasq[5984]: read /var/lib/neutron/dhcp/5b386320-7abc-466a-842f-44e1fe3e871b/addn_hosts - 1 addresses
Jun 20 03:50:01 gtw01 dnsmasq-dhcp[5984]: read /var/lib/neutron/dhcp/5b386320-7abc-466a-842f-44e1fe3e871b/host
Jun 20 03:50:01 gtw01 dnsmasq-dhcp[5984]: read /var/lib/neutron/dhcp/5b386320-7abc-466a-842f-44e1fe3e871b/opts
Jun 20 03:50:01 gtw01 dnsmasq[5777]: read /var/lib/neutron/dhcp/1070a31b-0de6-4b49-b4e2-76197577b8cc/addn_hosts - 2 addresses
Jun 20 03:50:01 gtw01 dnsmasq-dhcp[5777]: read /var/lib/neutron/dhcp/1070a31b-0de6-4b49-b4e2-76197577b8cc/host
Jun 20 03:50:01 gtw01 dnsmasq-dhcp[5777]: read /var/lib/neutron/dhcp/1070a31b-0de6-4b49-b4e2-76197577b8cc/opts
Jun 20 03:50:01 gtw01 haproxy-metadata-proxy-5b386320-7abc-466a-842f-44e1fe3e871b[6002]: Proxy listener started.
Jun 20 03:50:01 gtw01 dnsmasq[5828]: read /var/lib/neutron/dhcp/9f3ffa3a-7c20-41e9-b8a1-564e2ca2a728/addn_hosts - 2 addresses
Jun 20 03:50:01 gtw01 dnsmasq-dhcp[5828]: read /var/lib/neutron/dhcp/9f3ffa3a-7c20-41e9-b8a1-564e2ca2a728/host
Jun 20 03:50:01 gtw01 dnsmasq-dhcp[5828]: read /var/lib/neutron/dhcp/9f3ffa3a-7c20-41e9-b8a1-564e2ca2a728/opts
Jun 20 03:50:01 gtw01 dnsmasq[4521]: read /var/lib/neutron/dhcp/419c9fef-bcfa-409b-b2cf-77bf6d4eaeac/addn_hosts - 3 addresses
Jun 20 03:50:01 gtw01 dnsmasq-dhcp[4521]: read /var/lib/neutron/dhcp/419c9fef-bcfa-409b-b2cf-77bf6d4eaeac/host
Jun 20 03:50:01 gtw01 dnsmasq-dhcp[4521]: read /var/lib/neutron/dhcp/419c9fef-bcfa-409b-b2cf-77bf6d4eaeac/opts
Jun 20 03:50:02 gtw01 dnsmasq[5984]: read /var/lib/neutron/dhcp/5b386320-7abc-466a-842f-44e1fe3e871b/addn_hosts - 2 addresses
Jun 20 03:50:02 gtw01 dnsmasq-dhcp[5984]: read /var/lib/neutron/dhcp/5b386320-7abc-466a-842f-44e1fe3e871b/host
Jun 20 03:50:02 gtw01 dnsmasq-dhcp[5984]: read /var/lib/neutron/dhcp/5b386320-7abc-466a-842f-44e1fe3e871b/opts
Jun 20 03:50:02 gtw01 dnsmasq[5777]: read /var/lib/neutron/dhcp/1070a31b-0de6-4b49-b4e2-76197577b8cc/addn_hosts - 2 addresses
Jun 20 03:50:02 gtw01 dnsmasq-dhcp[5777]: read /var/lib/neutron/dhcp/1070a31b-0de6-4b49-b4e2-76197577b8cc/host
Jun 20 03:50:02 gtw01 dnsmasq-dhcp[5777]: read /var/lib/neutron/dhcp/1070a31b-0de6-4b49-b4e2-76197577b8cc/opts
Jun 20 03:50:02 gtw01 dnsmasq[5828]: read /var/lib/neutron/dhcp/9f3ffa3a-7c20-41e9-b8a1-564e2ca2a728/addn_hosts - 2 addresses
Jun 20 03:50:02 gtw01 dnsmasq-dhcp[5828]: read /var/lib/neutron/dhcp/9f3ffa3a-7c20-41e9-b8a1-564e2ca2a728/host
Jun 20 03:50:02 gtw01 dnsmasq-dhcp[5828]: read /var/lib/neutron/dhcp/9f3ffa3a-7c20-41e9-b8a1-564e2ca2a728/opts
Jun 20 03:50:03 gtw01 dnsmasq[4521]: read /var/lib/neutron/dhcp/419c9fef-bcfa-409b-b2cf-77bf6d4eaeac/addn_hosts - 3 addresses
Jun 20 03:50:03 gtw01 dnsmasq-dhcp[4521]: read /var/lib/neutron/dhcp/419c9fef-bcfa-409b-b2cf-77bf6d4eaeac/host
Jun 20 03:50:03 gtw01 dnsmasq-dhcp[4521]: read /var/lib/neutron/dhcp/419c9fef-bcfa-409b-b2cf-77bf6d4eaeac/opts
Jun 20 03:50:04 gtw01 dnsmasq[5828]: read /var/lib/neutron/dhcp/9f3ffa3a-7c20-41e9-b8a1-564e2ca2a728/addn_hosts - 2 addresses
Jun 20 03:50:04 gtw01 dnsmasq-dhcp[5828]: read /var/lib/neutron/dhcp/9f3ffa3a-7c20-41e9-b8a1-564e2ca2a728/host
Jun 20 03:50:04 gtw01 dnsmasq-dhcp[5828]: read /var/lib/neutron/dhcp/9f3ffa3a-7c20-41e9-b8a1-564e2ca2a728/opts
Jun 20 03:50:04 gtw01 kernel: [ 5205.791599] device tapfd1222ce-c3 left promiscuous mode
Jun 20 03:50:04 gtw01 dnsmasq[5984]: read /var/lib/neutron/dhcp/5b386320-7abc-466a-842f-44e1fe3e871b/addn_hosts - 2 addresses
Jun 20 03:50:04 gtw01 dnsmasq-dhcp[5984]: read /var/lib/neutron/dhcp/5b386320-7abc-466a-842f-44e1fe3e871b/host
Jun 20 03:50:04 gtw01 dnsmasq-dhcp[5984]: read /var/lib/neutron/dhcp/5b386320-7abc-466a-842f-44e1fe3e871b/opts
Jun 20 03:50:04 gtw01 dnsmasq[5828]: read /var/lib/neutron/dhcp/9f3ffa3a-7c20-41e9-b8a1-564e2ca2a728/addn_hosts - 2 addresses
Jun 20 03:50:04 gtw01 dnsmasq-dhcp[5828]: read /var/lib/neutron/dhcp/9f3ffa3a-7c20-41e9-b8a1-564e2ca2a728/host
Jun 20 03:50:04 gtw01 dnsmasq-dhcp[5828]: read /var/lib/neutron/dhcp/9f3ffa3a-7c20-41e9-b8a1-564e2ca2a728/opts
Jun 20 03:50:05 gtw01 dnsmasq[5984]: read /var/lib/neutron/dhcp/5b386320-7abc-466a-842f-44e1fe3e871b/addn_hosts - 2 addresses
Jun 20 03:50:05 gtw01 dnsmasq-dhcp[5984]: read /var/lib/neutron/dhcp/5b386320-7abc-466a-842f-44e1fe3e871b/host
Jun 20 03:50:05 gtw01 dnsmasq-dhcp[5984]: read /var/lib/neutron/dhcp/5b386320-7abc-466a-842f-44e1fe3e871b/opts
Jun 20 03:50:05 gtw01 dnsmasq-dhcp[3811]: DHCPDISCOVER(tapc66572f3-0a) fa:16:3e:03:85:5b
Jun 20 03:50:05 gtw01 dnsmasq-dhcp[3811]: DHCPOFFER(tapc66572f3-0a) 192.168.120.5 fa:16:3e:03:85:5b
Jun 20 03:50:05 gtw01 dnsmasq-dhcp[3811]: DHCPREQUEST(tapc66572f3-0a) 192.168.120.5 fa:16:3e:03:85:5b
Jun 20 03:50:05 gtw01 dnsmasq-dhcp[3811]: DHCPACK(tapc66572f3-0a) 192.168.120.5 fa:16:3e:03:85:5b host-192-168-120-5
Jun 20 03:50:06 gtw01 dnsmasq[5984]: read /var/lib/neutron/dhcp/5b386320-7abc-466a-842f-44e1fe3e871b/addn_hosts - 2 addresses
Jun 20 03:50:06 gtw01 dnsmasq-dhcp[5984]: read /var/lib/neutron/dhcp/5b386320-7abc-466a-842f-44e1fe3e871b/host
Jun 20 03:50:06 gtw01 dnsmasq-dhcp[5984]: read /var/lib/neutron/dhcp/5b386320-7abc-466a-842f-44e1fe3e871b/opts
Jun 20 03:50:06 gtw01 dnsmasq[5984]: read /var/lib/neutron/dhcp/5b386320-7abc-466a-842f-44e1fe3e871b/addn_hosts - 2 addresses
Jun 20 03:50:06 gtw01 dnsmasq-dhcp[5984]: read /var/lib/neutron/dhcp/5b386320-7abc-466a-842f-44e1fe3e871b/host
Jun 20 03:50:06 gtw01 dnsmasq-dhcp[5984]: read /var/lib/neutron/dhcp/5b386320-7abc-466a-842f-44e1fe3e871b/opts
Jun 20 03:50:07 gtw01 dnsmasq[5984]: read /var/lib/neutron/dhcp/5b386320-7abc-466a-842f-44e1fe3e871b/addn_hosts - 1 addresses
Jun 20 03:50:07 gtw01 dnsmasq-dhcp[5984]: read /var/lib/neutron/dhcp/5b386320-7abc-466a-842f-44e1fe3e871b/host
Jun 20 03:50:07 gtw01 dnsmasq-dhcp[5984]: read /var/lib/neutron/dhcp/5b386320-7abc-466a-842f-44e1fe3e871b/opts
Jun 20 03:50:08 gtw01 haproxy-metadata-proxy-5b386320-7abc-466a-842f-44e1fe3e871b[6425]: Proxy listener started.
Jun 20 03:50:09 gtw01 dnsmasq[5828]: read /var/lib/neutron/dhcp/9f3ffa3a-7c20-41e9-b8a1-564e2ca2a728/addn_hosts - 1 addresses
Jun 20 03:50:09 gtw01 dnsmasq-dhcp[5828]: read /var/lib/neutron/dhcp/9f3ffa3a-7c20-41e9-b8a1-564e2ca2a728/host
Jun 20 03:50:09 gtw01 dnsmasq-dhcp[5828]: read /var/lib/neutron/dhcp/9f3ffa3a-7c20-41e9-b8a1-564e2ca2a728/opts
Jun 20 03:50:10 gtw01 haproxy-metadata-proxy-9f3ffa3a-7c20-41e9-b8a1-564e2ca2a728[6461]: Proxy listener started.
Jun 20 03:50:13 gtw01 dnsmasq-dhcp[3811]: DHCPRELEASE(tapc66572f3-0a) 192.168.120.5 fa:16:3e:03:85:5b
Jun 20 03:50:13 gtw01 kernel: [ 5215.604738] device tapdf8ec967-ab left promiscuous mode
Jun 20 03:50:13 gtw01 dnsmasq-dhcp[3811]: DHCPRELEASE(tapc66572f3-0a) 192.168.120.5 fa:16:3e:03:85:5b unknown lease
Jun 20 03:50:14 gtw01 dnsmasq[3811]: read /var/lib/neutron/dhcp/706b9e8b-bcc5-4d13-af8d-ae73a32af459/addn_hosts - 2 addresses
Jun 20 03:50:14 gtw01 dnsmasq-dhcp[3811]: read /var/lib/neutron/dhcp/706b9e8b-bcc5-4d13-af8d-ae73a32af459/host
Jun 20 03:50:14 gtw01 dnsmasq-dhcp[3811]: read /var/lib/neutron/dhcp/706b9e8b-bcc5-4d13-af8d-ae73a32af459/opts
Jun 20 03:50:15 gtw01 kernel: [ 5217.493120] device tap1d271eda-72 left promiscuous mode
Jun 20 03:50:16 gtw01 dnsmasq-dhcp[4521]: DHCPDISCOVER(tap5cc11b41-69) fa:16:3e:65:f4:82
Jun 20 03:50:16 gtw01 dnsmasq-dhcp[4521]: DHCPOFFER(tap5cc11b41-69) 192.168.120.6 fa:16:3e:65:f4:82
Jun 20 03:50:16 gtw01 dnsmasq-dhcp[4521]: DHCPREQUEST(tap5cc11b41-69) 192.168.120.6 fa:16:3e:65:f4:82
Jun 20 03:50:16 gtw01 dnsmasq-dhcp[4521]: DHCPACK(tap5cc11b41-69) 192.168.120.6 fa:16:3e:65:f4:82 host-192-168-120-6
Jun 20 03:50:17 gtw01 dnsmasq[3811]: read /var/lib/neutron/dhcp/706b9e8b-bcc5-4d13-af8d-ae73a32af459/addn_hosts - 1 addresses
Jun 20 03:50:17 gtw01 dnsmasq-dhcp[3811]: read /var/lib/neutron/dhcp/706b9e8b-bcc5-4d13-af8d-ae73a32af459/host
Jun 20 03:50:17 gtw01 dnsmasq-dhcp[3811]: read /var/lib/neutron/dhcp/706b9e8b-bcc5-4d13-af8d-ae73a32af459/opts
Jun 20 03:50:18 gtw01 haproxy-metadata-proxy-706b9e8b-bcc5-4d13-af8d-ae73a32af459[6685]: Proxy listener started.
Jun 20 03:50:19 gtw01 kernel: [ 5221.118325] device qr-41294216-84 left promiscuous mode
Jun 20 03:50:19 gtw01 kernel: [ 5221.444445] device tapd39137e7-3d entered promiscuous mode
Jun 20 03:50:19 gtw01 systemd-udevd[6719]: Could not generate persistent MAC address for tapd39137e7-3d: No such file or directory
Jun 20 03:50:19 gtw01 systemd-udevd[6719]: Process '/sbin/ip link set tapd39137e7-3d txqueuelen 10000' failed with exit code 1.
Jun 20 03:50:19 gtw01 systemd-udevd[6719]: Process '/sbin/ip link set tapd39137e7-3d txqueuelen 10000' failed with exit code 1.
Jun 20 03:50:22 gtw01 dnsmasq-dhcp[4521]: DHCPRELEASE(tap5cc11b41-69) 192.168.120.6 fa:16:3e:65:f4:82
Jun 20 03:50:22 gtw01 kernel: [ 5224.116339] device qg-f09e1537-6c left promiscuous mode
Jun 20 03:50:23 gtw01 kernel: [ 5224.838877] device tapc66572f3-0a left promiscuous mode
Jun 20 03:50:23 gtw01 dnsmasq[6954]: started, version 2.80 cachesize 150
Jun 20 03:50:23 gtw01 dnsmasq[6954]: DNS service limited to local subnets
Jun 20 03:50:23 gtw01 dnsmasq[6954]: compile time options: IPv6 GNU-getopt DBus i18n IDN DHCP DHCPv6 no-Lua TFTP conntrack ipset auth DNSSEC loop-detect inotify dumpfile
Jun 20 03:50:23 gtw01 dnsmasq[6954]: warning: no upstream servers configured
Jun 20 03:50:23 gtw01 dnsmasq-dhcp[6954]: DHCP, static leases only on 192.168.120.0, lease time 1h
Jun 20 03:50:23 gtw01 dnsmasq[6954]: read /var/lib/neutron/dhcp/43535e4e-0f86-414b-9dbe-eb339d76dd41/addn_hosts - 1 addresses
Jun 20 03:50:23 gtw01 dnsmasq-dhcp[6954]: read /var/lib/neutron/dhcp/43535e4e-0f86-414b-9dbe-eb339d76dd41/host
Jun 20 03:50:23 gtw01 dnsmasq-dhcp[6954]: read /var/lib/neutron/dhcp/43535e4e-0f86-414b-9dbe-eb339d76dd41/opts
Jun 20 03:50:23 gtw01 haproxy-metadata-proxy-43535e4e-0f86-414b-9dbe-eb339d76dd41[6958]: Proxy listener started.
Jun 20 03:50:24 gtw01 dnsmasq[6954]: read /var/lib/neutron/dhcp/43535e4e-0f86-414b-9dbe-eb339d76dd41/addn_hosts - 2 addresses
Jun 20 03:50:24 gtw01 dnsmasq-dhcp[6954]: read /var/lib/neutron/dhcp/43535e4e-0f86-414b-9dbe-eb339d76dd41/host
Jun 20 03:50:24 gtw01 dnsmasq-dhcp[6954]: read /var/lib/neutron/dhcp/43535e4e-0f86-414b-9dbe-eb339d76dd41/opts
Jun 20 03:50:25 gtw01 dnsmasq[6954]: read /var/lib/neutron/dhcp/43535e4e-0f86-414b-9dbe-eb339d76dd41/addn_hosts - 2 addresses
Jun 20 03:50:25 gtw01 dnsmasq-dhcp[6954]: read /var/lib/neutron/dhcp/43535e4e-0f86-414b-9dbe-eb339d76dd41/host
Jun 20 03:50:25 gtw01 dnsmasq-dhcp[6954]: read /var/lib/neutron/dhcp/43535e4e-0f86-414b-9dbe-eb339d76dd41/opts
Jun 20 03:50:25 gtw01 kernel: [ 5227.398085] device vxlan_sys_4789 left promiscuous mode
Jun 20 03:50:25 gtw01 dnsmasq[6954]: read /var/lib/neutron/dhcp/43535e4e-0f86-414b-9dbe-eb339d76dd41/addn_hosts - 2 addresses
Jun 20 03:50:25 gtw01 dnsmasq-dhcp[6954]: read /var/lib/neutron/dhcp/43535e4e-0f86-414b-9dbe-eb339d76dd41/host
Jun 20 03:50:25 gtw01 dnsmasq-dhcp[6954]: read /var/lib/neutron/dhcp/43535e4e-0f86-414b-9dbe-eb339d76dd41/opts
Jun 20 03:50:26 gtw01 dnsmasq[6954]: read /var/lib/neutron/dhcp/43535e4e-0f86-414b-9dbe-eb339d76dd41/addn_hosts - 2 addresses
Jun 20 03:50:26 gtw01 dnsmasq-dhcp[6954]: read /var/lib/neutron/dhcp/43535e4e-0f86-414b-9dbe-eb339d76dd41/host
Jun 20 03:50:26 gtw01 dnsmasq-dhcp[6954]: read /var/lib/neutron/dhcp/43535e4e-0f86-414b-9dbe-eb339d76dd41/opts
Jun 20 03:50:27 gtw01 dnsmasq[6954]: read /var/lib/neutron/dhcp/43535e4e-0f86-414b-9dbe-eb339d76dd41/addn_hosts - 2 addresses
Jun 20 03:50:27 gtw01 dnsmasq-dhcp[6954]: read /var/lib/neutron/dhcp/43535e4e-0f86-414b-9dbe-eb339d76dd41/host
Jun 20 03:50:27 gtw01 dnsmasq-dhcp[6954]: read /var/lib/neutron/dhcp/43535e4e-0f86-414b-9dbe-eb339d76dd41/opts
Jun 20 03:50:28 gtw01 dnsmasq[6954]: read /var/lib/neutron/dhcp/43535e4e-0f86-414b-9dbe-eb339d76dd41/addn_hosts - 2 addresses
Jun 20 03:50:28 gtw01 dnsmasq-dhcp[6954]: read /var/lib/neutron/dhcp/43535e4e-0f86-414b-9dbe-eb339d76dd41/host
Jun 20 03:50:28 gtw01 dnsmasq-dhcp[6954]: read /var/lib/neutron/dhcp/43535e4e-0f86-414b-9dbe-eb339d76dd41/opts
Jun 20 03:50:29 gtw01 systemd-udevd[7101]: Could not generate persistent MAC address for vxlan_sys_4789: No such file or directory
Jun 20 03:50:29 gtw01 kernel: [ 5231.425883] device vxlan_sys_4789 entered promiscuous mode
Jun 20 03:50:29 gtw01 kernel: [ 5231.685569] device tapd39137e7-3d left promiscuous mode
Jun 20 03:50:30 gtw01 systemd-udevd[7197]: Could not generate persistent MAC address for tap7bb400e7-32: No such file or directory
Jun 20 03:50:30 gtw01 kernel: [ 5232.123931] device tap7bb400e7-32 entered promiscuous mode
Jun 20 03:50:30 gtw01 systemd-udevd[7197]: Process '/sbin/ip link set tap7bb400e7-32 txqueuelen 10000' failed with exit code 1.
Jun 20 03:50:30 gtw01 systemd-udevd[7272]: Process '/sbin/ip link set tap7bb400e7-32 txqueuelen 10000' failed with exit code 1.
Jun 20 03:50:33 gtw01 dnsmasq[7371]: started, version 2.80 cachesize 150
Jun 20 03:50:33 gtw01 dnsmasq[7371]: DNS service limited to local subnets
Jun 20 03:50:33 gtw01 dnsmasq[7371]: compile time options: IPv6 GNU-getopt DBus i18n IDN DHCP DHCPv6 no-Lua TFTP conntrack ipset auth DNSSEC loop-detect inotify dumpfile
Jun 20 03:50:33 gtw01 dnsmasq[7371]: warning: no upstream servers configured
Jun 20 03:50:33 gtw01 dnsmasq-dhcp[7371]: DHCP, static leases only on 192.168.120.0, lease time 1h
Jun 20 03:50:33 gtw01 dnsmasq[7371]: read /var/lib/neutron/dhcp/f2cded22-d9f8-4ab8-8c36-7af6efed8823/addn_hosts - 1 addresses
Jun 20 03:50:33 gtw01 dnsmasq-dhcp[7371]: read /var/lib/neutron/dhcp/f2cded22-d9f8-4ab8-8c36-7af6efed8823/host
Jun 20 03:50:33 gtw01 dnsmasq-dhcp[7371]: read /var/lib/neutron/dhcp/f2cded22-d9f8-4ab8-8c36-7af6efed8823/opts
Jun 20 03:50:33 gtw01 haproxy-metadata-proxy-f2cded22-d9f8-4ab8-8c36-7af6efed8823[7381]: Proxy listener started.
Jun 20 03:50:34 gtw01 kernel: [ 5235.758072] device qr-283194af-1d entered promiscuous mode
Jun 20 03:50:34 gtw01 systemd-udevd[7407]: Could not generate persistent MAC address for qr-283194af-1d: No such file or directory
Jun 20 03:50:34 gtw01 dnsmasq[7371]: read /var/lib/neutron/dhcp/f2cded22-d9f8-4ab8-8c36-7af6efed8823/addn_hosts - 2 addresses
Jun 20 03:50:34 gtw01 dnsmasq-dhcp[7371]: read /var/lib/neutron/dhcp/f2cded22-d9f8-4ab8-8c36-7af6efed8823/host
Jun 20 03:50:34 gtw01 dnsmasq-dhcp[7371]: read /var/lib/neutron/dhcp/f2cded22-d9f8-4ab8-8c36-7af6efed8823/opts
Jun 20 03:50:34 gtw01 kernel: [ 5236.229174] device tap4a8351fc-b2 entered promiscuous mode
Jun 20 03:50:34 gtw01 systemd-udevd[7510]: Could not generate persistent MAC address for tap4a8351fc-b2: No such file or directory
Jun 20 03:50:34 gtw01 systemd-udevd[7510]: Process '/sbin/ip link set tap4a8351fc-b2 txqueuelen 10000' failed with exit code 1.
Jun 20 03:50:34 gtw01 systemd-udevd[7586]: Process '/sbin/ip link set tap4a8351fc-b2 txqueuelen 10000' failed with exit code 1.
Jun 20 03:50:35 gtw01 kernel: [ 5236.902913] device qg-582aec20-e0 entered promiscuous mode
Jun 20 03:50:35 gtw01 systemd-udevd[7630]: Could not generate persistent MAC address for qg-582aec20-e0: No such file or directory
Jun 20 03:50:35 gtw01 dnsmasq[7371]: read /var/lib/neutron/dhcp/f2cded22-d9f8-4ab8-8c36-7af6efed8823/addn_hosts - 2 addresses
Jun 20 03:50:35 gtw01 dnsmasq-dhcp[7371]: read /var/lib/neutron/dhcp/f2cded22-d9f8-4ab8-8c36-7af6efed8823/host
Jun 20 03:50:35 gtw01 dnsmasq-dhcp[7371]: read /var/lib/neutron/dhcp/f2cded22-d9f8-4ab8-8c36-7af6efed8823/opts
Jun 20 03:50:36 gtw01 dnsmasq[7371]: read /var/lib/neutron/dhcp/f2cded22-d9f8-4ab8-8c36-7af6efed8823/addn_hosts - 2 addresses
Jun 20 03:50:36 gtw01 dnsmasq-dhcp[7371]: read /var/lib/neutron/dhcp/f2cded22-d9f8-4ab8-8c36-7af6efed8823/host
Jun 20 03:50:36 gtw01 dnsmasq-dhcp[7371]: read /var/lib/neutron/dhcp/f2cded22-d9f8-4ab8-8c36-7af6efed8823/opts
Jun 20 03:50:37 gtw01 dnsmasq[7371]: read /var/lib/neutron/dhcp/f2cded22-d9f8-4ab8-8c36-7af6efed8823/addn_hosts - 2 addresses
Jun 20 03:50:37 gtw01 dnsmasq-dhcp[7371]: read /var/lib/neutron/dhcp/f2cded22-d9f8-4ab8-8c36-7af6efed8823/host
Jun 20 03:50:37 gtw01 dnsmasq-dhcp[7371]: read /var/lib/neutron/dhcp/f2cded22-d9f8-4ab8-8c36-7af6efed8823/opts
Jun 20 03:50:37 gtw01 dnsmasq[7878]: started, version 2.80 cachesize 150
Jun 20 03:50:37 gtw01 dnsmasq[7878]: DNS service limited to local subnets
Jun 20 03:50:37 gtw01 dnsmasq[7878]: compile time options: IPv6 GNU-getopt DBus i18n IDN DHCP DHCPv6 no-Lua TFTP conntrack ipset auth DNSSEC loop-detect inotify dumpfile
Jun 20 03:50:37 gtw01 dnsmasq[7878]: warning: no upstream servers configured
Jun 20 03:50:37 gtw01 dnsmasq-dhcp[7878]: DHCP, static leases only on 192.168.120.0, lease time 1h
Jun 20 03:50:37 gtw01 dnsmasq[7878]: read /var/lib/neutron/dhcp/e35f37ae-222f-40e6-aa92-aa51e6a1a07f/addn_hosts - 1 addresses
Jun 20 03:50:37 gtw01 dnsmasq-dhcp[7878]: read /var/lib/neutron/dhcp/e35f37ae-222f-40e6-aa92-aa51e6a1a07f/host
Jun 20 03:50:37 gtw01 dnsmasq-dhcp[7878]: read /var/lib/neutron/dhcp/e35f37ae-222f-40e6-aa92-aa51e6a1a07f/opts
Jun 20 03:50:38 gtw01 haproxy-metadata-proxy-e35f37ae-222f-40e6-aa92-aa51e6a1a07f[7893]: Proxy listener started.
Jun 20 03:50:38 gtw01 dnsmasq[7371]: read /var/lib/neutron/dhcp/f2cded22-d9f8-4ab8-8c36-7af6efed8823/addn_hosts - 2 addresses
Jun 20 03:50:38 gtw01 dnsmasq-dhcp[7371]: read /var/lib/neutron/dhcp/f2cded22-d9f8-4ab8-8c36-7af6efed8823/host
Jun 20 03:50:38 gtw01 dnsmasq-dhcp[7371]: read /var/lib/neutron/dhcp/f2cded22-d9f8-4ab8-8c36-7af6efed8823/opts
Jun 20 03:50:38 gtw01 dnsmasq[7878]: read /var/lib/neutron/dhcp/e35f37ae-222f-40e6-aa92-aa51e6a1a07f/addn_hosts - 1 addresses
Jun 20 03:50:38 gtw01 dnsmasq-dhcp[7878]: read /var/lib/neutron/dhcp/e35f37ae-222f-40e6-aa92-aa51e6a1a07f/host
Jun 20 03:50:38 gtw01 dnsmasq-dhcp[7878]: read /var/lib/neutron/dhcp/e35f37ae-222f-40e6-aa92-aa51e6a1a07f/opts
Jun 20 03:50:39 gtw01 dnsmasq-dhcp[4521]: DHCPDISCOVER(tap5cc11b41-69) fa:16:3e:65:f4:82
Jun 20 03:50:39 gtw01 dnsmasq-dhcp[4521]: DHCPOFFER(tap5cc11b41-69) 192.168.120.6 fa:16:3e:65:f4:82
Jun 20 03:50:39 gtw01 dnsmasq-dhcp[4521]: DHCPREQUEST(tap5cc11b41-69) 192.168.120.6 fa:16:3e:65:f4:82
Jun 20 03:50:39 gtw01 dnsmasq-dhcp[4521]: DHCPACK(tap5cc11b41-69) 192.168.120.6 fa:16:3e:65:f4:82 host-192-168-120-6
Jun 20 03:50:39 gtw01 dnsmasq[7878]: read /var/lib/neutron/dhcp/e35f37ae-222f-40e6-aa92-aa51e6a1a07f/addn_hosts - 1 addresses
Jun 20 03:50:39 gtw01 dnsmasq-dhcp[7878]: read /var/lib/neutron/dhcp/e35f37ae-222f-40e6-aa92-aa51e6a1a07f/host
Jun 20 03:50:39 gtw01 dnsmasq-dhcp[7878]: read /var/lib/neutron/dhcp/e35f37ae-222f-40e6-aa92-aa51e6a1a07f/opts
Jun 20 03:50:40 gtw01 dnsmasq[7878]: read /var/lib/neutron/dhcp/e35f37ae-222f-40e6-aa92-aa51e6a1a07f/addn_hosts - 2 addresses
Jun 20 03:50:40 gtw01 dnsmasq-dhcp[7878]: read /var/lib/neutron/dhcp/e35f37ae-222f-40e6-aa92-aa51e6a1a07f/host
Jun 20 03:50:40 gtw01 dnsmasq-dhcp[7878]: read /var/lib/neutron/dhcp/e35f37ae-222f-40e6-aa92-aa51e6a1a07f/opts
Jun 20 03:50:41 gtw01 haproxy-metadata-proxy-b818aeae-e5af-48f4-8dff-7c2c1f935606[8020]: Proxy listener started.
Jun 20 03:50:41 gtw01 dnsmasq[7878]: read /var/lib/neutron/dhcp/e35f37ae-222f-40e6-aa92-aa51e6a1a07f/addn_hosts - 2 addresses
Jun 20 03:50:41 gtw01 dnsmasq-dhcp[7878]: read /var/lib/neutron/dhcp/e35f37ae-222f-40e6-aa92-aa51e6a1a07f/host
Jun 20 03:50:41 gtw01 dnsmasq-dhcp[7878]: read /var/lib/neutron/dhcp/e35f37ae-222f-40e6-aa92-aa51e6a1a07f/opts
Jun 20 03:50:42 gtw01 kernel: [ 5244.483731] device tap4a8351fc-b2 left promiscuous mode
Jun 20 03:50:43 gtw01 dnsmasq[7371]: read /var/lib/neutron/dhcp/f2cded22-d9f8-4ab8-8c36-7af6efed8823/addn_hosts - 2 addresses
Jun 20 03:50:43 gtw01 dnsmasq-dhcp[7371]: read /var/lib/neutron/dhcp/f2cded22-d9f8-4ab8-8c36-7af6efed8823/host
Jun 20 03:50:43 gtw01 dnsmasq-dhcp[7371]: read /var/lib/neutron/dhcp/f2cded22-d9f8-4ab8-8c36-7af6efed8823/opts
Jun 20 03:50:44 gtw01 dnsmasq[7371]: read /var/lib/neutron/dhcp/f2cded22-d9f8-4ab8-8c36-7af6efed8823/addn_hosts - 3 addresses
Jun 20 03:50:44 gtw01 dnsmasq-dhcp[7371]: read /var/lib/neutron/dhcp/f2cded22-d9f8-4ab8-8c36-7af6efed8823/host
Jun 20 03:50:44 gtw01 dnsmasq-dhcp[7371]: read /var/lib/neutron/dhcp/f2cded22-d9f8-4ab8-8c36-7af6efed8823/opts
Jun 20 03:50:44 gtw01 dnsmasq[7371]: read /var/lib/neutron/dhcp/f2cded22-d9f8-4ab8-8c36-7af6efed8823/addn_hosts - 3 addresses
Jun 20 03:50:44 gtw01 dnsmasq-dhcp[7371]: read /var/lib/neutron/dhcp/f2cded22-d9f8-4ab8-8c36-7af6efed8823/host
Jun 20 03:50:44 gtw01 dnsmasq-dhcp[7371]: read /var/lib/neutron/dhcp/f2cded22-d9f8-4ab8-8c36-7af6efed8823/opts
Jun 20 03:50:45 gtw01 dnsmasq[7371]: read /var/lib/neutron/dhcp/f2cded22-d9f8-4ab8-8c36-7af6efed8823/addn_hosts - 3 addresses
Jun 20 03:50:45 gtw01 dnsmasq-dhcp[7371]: read /var/lib/neutron/dhcp/f2cded22-d9f8-4ab8-8c36-7af6efed8823/host
Jun 20 03:50:45 gtw01 dnsmasq-dhcp[7371]: read /var/lib/neutron/dhcp/f2cded22-d9f8-4ab8-8c36-7af6efed8823/opts
Jun 20 03:50:46 gtw01 dnsmasq[7371]: read /var/lib/neutron/dhcp/f2cded22-d9f8-4ab8-8c36-7af6efed8823/addn_hosts - 3 addresses
Jun 20 03:50:46 gtw01 dnsmasq-dhcp[7371]: read /var/lib/neutron/dhcp/f2cded22-d9f8-4ab8-8c36-7af6efed8823/host
Jun 20 03:50:46 gtw01 dnsmasq-dhcp[7371]: read /var/lib/neutron/dhcp/f2cded22-d9f8-4ab8-8c36-7af6efed8823/opts
Jun 20 03:50:53 gtw01 kernel: [ 5254.837969] device tapaa311fbd-c5 entered promiscuous mode
Jun 20 03:50:53 gtw01 systemd-udevd[8327]: Could not generate persistent MAC address for tapaa311fbd-c5: No such file or directory
Jun 20 03:50:53 gtw01 systemd-udevd[8327]: Process '/sbin/ip link set tapaa311fbd-c5 txqueuelen 10000' failed with exit code 1.
Jun 20 03:50:53 gtw01 systemd-udevd[8403]: Process '/sbin/ip link set tapaa311fbd-c5 txqueuelen 10000' failed with exit code 1.
Jun 20 03:50:56 gtw01 dnsmasq[8513]: started, version 2.80 cachesize 150
Jun 20 03:50:56 gtw01 dnsmasq[8513]: DNS service limited to local subnets
Jun 20 03:50:56 gtw01 dnsmasq[8513]: compile time options: IPv6 GNU-getopt DBus i18n IDN DHCP DHCPv6 no-Lua TFTP conntrack ipset auth DNSSEC loop-detect inotify dumpfile
Jun 20 03:50:56 gtw01 dnsmasq[8513]: warning: no upstream servers configured
Jun 20 03:50:56 gtw01 dnsmasq-dhcp[8513]: DHCP, static leases only on 192.168.120.0, lease time 1h
Jun 20 03:50:56 gtw01 dnsmasq[8513]: read /var/lib/neutron/dhcp/510494dc-5297-4c54-a22e-959e0af3ffe6/addn_hosts - 1 addresses
Jun 20 03:50:56 gtw01 dnsmasq-dhcp[8513]: read /var/lib/neutron/dhcp/510494dc-5297-4c54-a22e-959e0af3ffe6/host
Jun 20 03:50:56 gtw01 dnsmasq-dhcp[8513]: read /var/lib/neutron/dhcp/510494dc-5297-4c54-a22e-959e0af3ffe6/opts
Jun 20 03:50:56 gtw01 haproxy-metadata-proxy-510494dc-5297-4c54-a22e-959e0af3ffe6[8524]: Proxy listener started.
Jun 20 03:50:56 gtw01 kernel: [ 5258.647863] device qr-6a51c251-65 entered promiscuous mode
Jun 20 03:50:56 gtw01 systemd-udevd[8547]: Could not generate persistent MAC address for qr-6a51c251-65: No such file or directory
Jun 20 03:50:57 gtw01 kernel: [ 5258.910349] device tap7703006d-dc entered promiscuous mode
Jun 20 03:50:57 gtw01 systemd-udevd[8636]: Could not generate persistent MAC address for tap7703006d-dc: No such file or directory
Jun 20 03:50:57 gtw01 dnsmasq[8513]: read /var/lib/neutron/dhcp/510494dc-5297-4c54-a22e-959e0af3ffe6/addn_hosts - 2 addresses
Jun 20 03:50:57 gtw01 dnsmasq-dhcp[8513]: read /var/lib/neutron/dhcp/510494dc-5297-4c54-a22e-959e0af3ffe6/host
Jun 20 03:50:57 gtw01 dnsmasq-dhcp[8513]: read /var/lib/neutron/dhcp/510494dc-5297-4c54-a22e-959e0af3ffe6/opts
Jun 20 03:50:57 gtw01 systemd-udevd[8636]: Process '/sbin/ip link set tap7703006d-dc txqueuelen 10000' failed with exit code 1.
Jun 20 03:50:57 gtw01 systemd-udevd[8709]: Process '/sbin/ip link set tap7703006d-dc txqueuelen 10000' failed with exit code 1.
Jun 20 03:50:58 gtw01 dnsmasq-dhcp[7371]: DHCPDISCOVER(tap7bb400e7-32) fa:16:3e:1d:9c:40
Jun 20 03:50:58 gtw01 dnsmasq-dhcp[7371]: DHCPOFFER(tap7bb400e7-32) 192.168.120.8 fa:16:3e:1d:9c:40
Jun 20 03:50:58 gtw01 dnsmasq-dhcp[7371]: DHCPREQUEST(tap7bb400e7-32) 192.168.120.8 fa:16:3e:1d:9c:40
Jun 20 03:50:58 gtw01 dnsmasq-dhcp[7371]: DHCPACK(tap7bb400e7-32) 192.168.120.8 fa:16:3e:1d:9c:40 host-192-168-120-8
Jun 20 03:50:58 gtw01 dnsmasq[8513]: read /var/lib/neutron/dhcp/510494dc-5297-4c54-a22e-959e0af3ffe6/addn_hosts - 2 addresses
Jun 20 03:50:58 gtw01 dnsmasq-dhcp[8513]: read /var/lib/neutron/dhcp/510494dc-5297-4c54-a22e-959e0af3ffe6/host
Jun 20 03:50:58 gtw01 dnsmasq-dhcp[8513]: read /var/lib/neutron/dhcp/510494dc-5297-4c54-a22e-959e0af3ffe6/opts
Jun 20 03:50:59 gtw01 dnsmasq[8513]: read /var/lib/neutron/dhcp/510494dc-5297-4c54-a22e-959e0af3ffe6/addn_hosts - 2 addresses
Jun 20 03:50:59 gtw01 dnsmasq-dhcp[8513]: read /var/lib/neutron/dhcp/510494dc-5297-4c54-a22e-959e0af3ffe6/host
Jun 20 03:50:59 gtw01 dnsmasq-dhcp[8513]: read /var/lib/neutron/dhcp/510494dc-5297-4c54-a22e-959e0af3ffe6/opts
Jun 20 03:51:00 gtw01 dnsmasq[8513]: read /var/lib/neutron/dhcp/510494dc-5297-4c54-a22e-959e0af3ffe6/addn_hosts - 2 addresses
Jun 20 03:51:00 gtw01 dnsmasq-dhcp[8513]: read /var/lib/neutron/dhcp/510494dc-5297-4c54-a22e-959e0af3ffe6/host
Jun 20 03:51:00 gtw01 dnsmasq-dhcp[8513]: read /var/lib/neutron/dhcp/510494dc-5297-4c54-a22e-959e0af3ffe6/opts
Jun 20 03:51:00 gtw01 dnsmasq[8906]: started, version 2.80 cachesize 150
Jun 20 03:51:00 gtw01 dnsmasq[8906]: DNS service limited to local subnets
Jun 20 03:51:00 gtw01 dnsmasq[8906]: compile time options: IPv6 GNU-getopt DBus i18n IDN DHCP DHCPv6 no-Lua TFTP conntrack ipset auth DNSSEC loop-detect inotify dumpfile
Jun 20 03:51:00 gtw01 dnsmasq[8906]: warning: no upstream servers configured
Jun 20 03:51:00 gtw01 dnsmasq-dhcp[8906]: DHCP, static leases only on 192.168.121.0, lease time 1h
Jun 20 03:51:00 gtw01 dnsmasq[8906]: read /var/lib/neutron/dhcp/2761d6f8-6902-4d33-9650-25c6c581085c/addn_hosts - 1 addresses
Jun 20 03:51:00 gtw01 dnsmasq-dhcp[8906]: read /var/lib/neutron/dhcp/2761d6f8-6902-4d33-9650-25c6c581085c/host
Jun 20 03:51:00 gtw01 dnsmasq-dhcp[8906]: read /var/lib/neutron/dhcp/2761d6f8-6902-4d33-9650-25c6c581085c/opts
Jun 20 03:51:00 gtw01 haproxy-metadata-proxy-2761d6f8-6902-4d33-9650-25c6c581085c[8919]: Proxy listener started.
Jun 20 03:51:01 gtw01 dnsmasq-dhcp[4521]: DHCPDISCOVER(tap5cc11b41-69) fa:16:3e:65:f4:82
Jun 20 03:51:01 gtw01 dnsmasq-dhcp[4521]: DHCPOFFER(tap5cc11b41-69) 192.168.120.6 fa:16:3e:65:f4:82
Jun 20 03:51:01 gtw01 dnsmasq-dhcp[4521]: DHCPREQUEST(tap5cc11b41-69) 192.168.120.6 fa:16:3e:65:f4:82
Jun 20 03:51:01 gtw01 dnsmasq-dhcp[4521]: DHCPACK(tap5cc11b41-69) 192.168.120.6 fa:16:3e:65:f4:82 host-192-168-120-6
Jun 20 03:51:01 gtw01 dnsmasq[8513]: read /var/lib/neutron/dhcp/510494dc-5297-4c54-a22e-959e0af3ffe6/addn_hosts - 2 addresses
Jun 20 03:51:01 gtw01 dnsmasq-dhcp[8513]: read /var/lib/neutron/dhcp/510494dc-5297-4c54-a22e-959e0af3ffe6/host
Jun 20 03:51:01 gtw01 dnsmasq-dhcp[8513]: read /var/lib/neutron/dhcp/510494dc-5297-4c54-a22e-959e0af3ffe6/opts
Jun 20 03:51:01 gtw01 haproxy-metadata-proxy-8bd9e953-6978-4593-ab11-b4930688a5d0[8967]: Proxy listener started.
Jun 20 03:51:02 gtw01 dnsmasq[8513]: read /var/lib/neutron/dhcp/510494dc-5297-4c54-a22e-959e0af3ffe6/addn_hosts - 2 addresses
Jun 20 03:51:02 gtw01 dnsmasq-dhcp[8513]: read /var/lib/neutron/dhcp/510494dc-5297-4c54-a22e-959e0af3ffe6/host
Jun 20 03:51:02 gtw01 dnsmasq-dhcp[8513]: read /var/lib/neutron/dhcp/510494dc-5297-4c54-a22e-959e0af3ffe6/opts
Jun 20 03:51:02 gtw01 dnsmasq[8906]: read /var/lib/neutron/dhcp/2761d6f8-6902-4d33-9650-25c6c581085c/addn_hosts - 2 addresses
Jun 20 03:51:02 gtw01 dnsmasq-dhcp[8906]: read /var/lib/neutron/dhcp/2761d6f8-6902-4d33-9650-25c6c581085c/host
Jun 20 03:51:02 gtw01 dnsmasq-dhcp[8906]: read /var/lib/neutron/dhcp/2761d6f8-6902-4d33-9650-25c6c581085c/opts
Jun 20 03:51:02 gtw01 kernel: [ 5264.482707] device tap7e5085d5-be entered promiscuous mode
Jun 20 03:51:02 gtw01 systemd-udevd[9021]: Could not generate persistent MAC address for tap7e5085d5-be: No such file or directory
Jun 20 03:51:02 gtw01 systemd-udevd[9021]: Process '/sbin/ip link set tap7e5085d5-be txqueuelen 10000' failed with exit code 1.
Jun 20 03:51:02 gtw01 systemd-udevd[9096]: Process '/sbin/ip link set tap7e5085d5-be txqueuelen 10000' failed with exit code 1.
Jun 20 03:51:03 gtw01 dnsmasq[8513]: read /var/lib/neutron/dhcp/510494dc-5297-4c54-a22e-959e0af3ffe6/addn_hosts - 2 addresses
Jun 20 03:51:03 gtw01 dnsmasq-dhcp[8513]: read /var/lib/neutron/dhcp/510494dc-5297-4c54-a22e-959e0af3ffe6/host
Jun 20 03:51:03 gtw01 dnsmasq-dhcp[8513]: read /var/lib/neutron/dhcp/510494dc-5297-4c54-a22e-959e0af3ffe6/opts
Jun 20 03:51:03 gtw01 dnsmasq[8906]: read /var/lib/neutron/dhcp/2761d6f8-6902-4d33-9650-25c6c581085c/addn_hosts - 2 addresses
Jun 20 03:51:03 gtw01 dnsmasq-dhcp[8906]: read /var/lib/neutron/dhcp/2761d6f8-6902-4d33-9650-25c6c581085c/host
Jun 20 03:51:03 gtw01 dnsmasq-dhcp[8906]: read /var/lib/neutron/dhcp/2761d6f8-6902-4d33-9650-25c6c581085c/opts
Jun 20 03:51:04 gtw01 kernel: [ 5265.821769] device qr-46cb1f29-b6 entered promiscuous mode
Jun 20 03:51:04 gtw01 systemd-udevd[9186]: Could not generate persistent MAC address for qr-46cb1f29-b6: No such file or directory
Jun 20 03:51:04 gtw01 dnsmasq[8906]: read /var/lib/neutron/dhcp/2761d6f8-6902-4d33-9650-25c6c581085c/addn_hosts - 2 addresses
Jun 20 03:51:04 gtw01 dnsmasq-dhcp[8906]: read /var/lib/neutron/dhcp/2761d6f8-6902-4d33-9650-25c6c581085c/host
Jun 20 03:51:04 gtw01 dnsmasq-dhcp[8906]: read /var/lib/neutron/dhcp/2761d6f8-6902-4d33-9650-25c6c581085c/opts
Jun 20 03:51:05 gtw01 systemd-udevd[9317]: Could not generate persistent MAC address for qr-5ca25b7d-49: No such file or directory
Jun 20 03:51:05 gtw01 kernel: [ 5266.732962] device qr-5ca25b7d-49 entered promiscuous mode
Jun 20 03:51:05 gtw01 kernel: [ 5266.912345] IPv4: martian source 192.168.121.1 from 192.168.121.1, on dev qr-5ca25b7d-49
Jun 20 03:51:05 gtw01 kernel: [ 5266.912348] ll header: 00000000: ff ff ff ff ff ff fa 16 3e c0 19 b1 08 06        ........>.....
Jun 20 03:51:05 gtw01 dnsmasq[8906]: read /var/lib/neutron/dhcp/2761d6f8-6902-4d33-9650-25c6c581085c/addn_hosts - 2 addresses
Jun 20 03:51:05 gtw01 dnsmasq-dhcp[8906]: read /var/lib/neutron/dhcp/2761d6f8-6902-4d33-9650-25c6c581085c/host
Jun 20 03:51:05 gtw01 dnsmasq-dhcp[8906]: read /var/lib/neutron/dhcp/2761d6f8-6902-4d33-9650-25c6c581085c/opts
Jun 20 03:51:06 gtw01 kernel: [ 5267.940680] IPv4: martian source 192.168.122.1 from 192.168.122.1, on dev qr-46cb1f29-b6
Jun 20 03:51:06 gtw01 kernel: [ 5267.940683] ll header: 00000000: ff ff ff ff ff ff fa 16 3e 01 f8 82 08 06        ........>.....
Jun 20 03:51:06 gtw01 dnsmasq[9480]: started, version 2.80 cachesize 150
Jun 20 03:51:06 gtw01 dnsmasq[9480]: DNS service limited to local subnets
Jun 20 03:51:06 gtw01 dnsmasq[9480]: compile time options: IPv6 GNU-getopt DBus i18n IDN DHCP DHCPv6 no-Lua TFTP conntrack ipset auth DNSSEC loop-detect inotify dumpfile
Jun 20 03:51:06 gtw01 dnsmasq[9480]: warning: no upstream servers configured
Jun 20 03:51:06 gtw01 dnsmasq-dhcp[9480]: DHCP, static leases only on 192.168.122.0, lease time 1h
Jun 20 03:51:06 gtw01 dnsmasq[9480]: read /var/lib/neutron/dhcp/8929c5df-eaea-4759-a9b2-0bdfffc08d77/addn_hosts - 1 addresses
Jun 20 03:51:06 gtw01 dnsmasq-dhcp[9480]: read /var/lib/neutron/dhcp/8929c5df-eaea-4759-a9b2-0bdfffc08d77/host
Jun 20 03:51:06 gtw01 dnsmasq-dhcp[9480]: read /var/lib/neutron/dhcp/8929c5df-eaea-4759-a9b2-0bdfffc08d77/opts
Jun 20 03:51:06 gtw01 dnsmasq[8906]: read /var/lib/neutron/dhcp/2761d6f8-6902-4d33-9650-25c6c581085c/addn_hosts - 2 addresses
Jun 20 03:51:06 gtw01 dnsmasq-dhcp[8906]: read /var/lib/neutron/dhcp/2761d6f8-6902-4d33-9650-25c6c581085c/host
Jun 20 03:51:06 gtw01 dnsmasq-dhcp[8906]: read /var/lib/neutron/dhcp/2761d6f8-6902-4d33-9650-25c6c581085c/opts
Jun 20 03:51:06 gtw01 haproxy-metadata-proxy-8929c5df-eaea-4759-a9b2-0bdfffc08d77[9494]: Proxy listener started.
Jun 20 03:51:07 gtw01 dnsmasq[8906]: read /var/lib/neutron/dhcp/2761d6f8-6902-4d33-9650-25c6c581085c/addn_hosts - 2 addresses
Jun 20 03:51:07 gtw01 dnsmasq-dhcp[8906]: read /var/lib/neutron/dhcp/2761d6f8-6902-4d33-9650-25c6c581085c/host
Jun 20 03:51:07 gtw01 dnsmasq-dhcp[8906]: read /var/lib/neutron/dhcp/2761d6f8-6902-4d33-9650-25c6c581085c/opts
Jun 20 03:51:07 gtw01 dnsmasq[9480]: read /var/lib/neutron/dhcp/8929c5df-eaea-4759-a9b2-0bdfffc08d77/addn_hosts - 2 addresses
Jun 20 03:51:07 gtw01 dnsmasq-dhcp[9480]: read /var/lib/neutron/dhcp/8929c5df-eaea-4759-a9b2-0bdfffc08d77/host
Jun 20 03:51:07 gtw01 dnsmasq-dhcp[9480]: read /var/lib/neutron/dhcp/8929c5df-eaea-4759-a9b2-0bdfffc08d77/opts
Jun 20 03:51:08 gtw01 kernel: [ 5270.158485] device tap8c7d7344-99 entered promiscuous mode
Jun 20 03:51:08 gtw01 systemd-udevd[9591]: Could not generate persistent MAC address for tap8c7d7344-99: No such file or directory
Jun 20 03:51:08 gtw01 dnsmasq[8906]: read /var/lib/neutron/dhcp/2761d6f8-6902-4d33-9650-25c6c581085c/addn_hosts - 2 addresses
Jun 20 03:51:08 gtw01 dnsmasq-dhcp[8906]: read /var/lib/neutron/dhcp/2761d6f8-6902-4d33-9650-25c6c581085c/host
Jun 20 03:51:08 gtw01 dnsmasq-dhcp[8906]: read /var/lib/neutron/dhcp/2761d6f8-6902-4d33-9650-25c6c581085c/opts
Jun 20 03:51:08 gtw01 systemd-udevd[9591]: Process '/sbin/ip link set tap8c7d7344-99 txqueuelen 10000' failed with exit code 1.
Jun 20 03:51:08 gtw01 systemd-udevd[9591]: Process '/sbin/ip link set tap8c7d7344-99 txqueuelen 10000' failed with exit code 1.
Jun 20 03:51:09 gtw01 dnsmasq[9480]: read /var/lib/neutron/dhcp/8929c5df-eaea-4759-a9b2-0bdfffc08d77/addn_hosts - 2 addresses
Jun 20 03:51:09 gtw01 dnsmasq-dhcp[9480]: read /var/lib/neutron/dhcp/8929c5df-eaea-4759-a9b2-0bdfffc08d77/host
Jun 20 03:51:09 gtw01 dnsmasq-dhcp[9480]: read /var/lib/neutron/dhcp/8929c5df-eaea-4759-a9b2-0bdfffc08d77/opts
Jun 20 03:51:09 gtw01 dnsmasq-dhcp[4521]: DHCPRELEASE(tap5cc11b41-69) 192.168.120.6 fa:16:3e:65:f4:82
Jun 20 03:51:09 gtw01 dnsmasq-dhcp[7371]: DHCPRELEASE(tap7bb400e7-32) 192.168.120.8 fa:16:3e:1d:9c:40
Jun 20 03:51:10 gtw01 dnsmasq[9480]: read /var/lib/neutron/dhcp/8929c5df-eaea-4759-a9b2-0bdfffc08d77/addn_hosts - 2 addresses
Jun 20 03:51:10 gtw01 dnsmasq-dhcp[9480]: read /var/lib/neutron/dhcp/8929c5df-eaea-4759-a9b2-0bdfffc08d77/host
Jun 20 03:51:10 gtw01 dnsmasq-dhcp[9480]: read /var/lib/neutron/dhcp/8929c5df-eaea-4759-a9b2-0bdfffc08d77/opts
Jun 20 03:51:10 gtw01 dnsmasq-dhcp[7371]: DHCPRELEASE(tap7bb400e7-32) 192.168.120.8 fa:16:3e:1d:9c:40 unknown lease
Jun 20 03:51:10 gtw01 dnsmasq[7371]: read /var/lib/neutron/dhcp/f2cded22-d9f8-4ab8-8c36-7af6efed8823/addn_hosts - 2 addresses
Jun 20 03:51:10 gtw01 dnsmasq-dhcp[7371]: read /var/lib/neutron/dhcp/f2cded22-d9f8-4ab8-8c36-7af6efed8823/host
Jun 20 03:51:10 gtw01 dnsmasq-dhcp[7371]: read /var/lib/neutron/dhcp/f2cded22-d9f8-4ab8-8c36-7af6efed8823/opts
Jun 20 03:51:10 gtw01 dnsmasq[9480]: read /var/lib/neutron/dhcp/8929c5df-eaea-4759-a9b2-0bdfffc08d77/addn_hosts - 2 addresses
Jun 20 03:51:10 gtw01 dnsmasq-dhcp[9480]: read /var/lib/neutron/dhcp/8929c5df-eaea-4759-a9b2-0bdfffc08d77/host
Jun 20 03:51:10 gtw01 dnsmasq-dhcp[9480]: read /var/lib/neutron/dhcp/8929c5df-eaea-4759-a9b2-0bdfffc08d77/opts
Jun 20 03:51:10 gtw01 kernel: [ 5272.690305] device qr-a086d303-be entered promiscuous mode
Jun 20 03:51:10 gtw01 systemd-udevd[9821]: Could not generate persistent MAC address for qr-a086d303-be: No such file or directory
Jun 20 03:51:11 gtw01 kernel: [ 5273.224615] IPv4: martian source 192.168.122.1 from 192.168.122.1, on dev qr-a086d303-be
Jun 20 03:51:11 gtw01 kernel: [ 5273.224619] ll header: 00000000: ff ff ff ff ff ff fa 16 3e 01 f8 82 08 06        ........>.....
Jun 20 03:51:11 gtw01 kernel: [ 5273.559591] device vxlan_sys_4789 left promiscuous mode
Jun 20 03:51:12 gtw01 dnsmasq[9480]: read /var/lib/neutron/dhcp/8929c5df-eaea-4759-a9b2-0bdfffc08d77/addn_hosts - 2 addresses
Jun 20 03:51:12 gtw01 dnsmasq-dhcp[9480]: read /var/lib/neutron/dhcp/8929c5df-eaea-4759-a9b2-0bdfffc08d77/host
Jun 20 03:51:12 gtw01 dnsmasq-dhcp[9480]: read /var/lib/neutron/dhcp/8929c5df-eaea-4759-a9b2-0bdfffc08d77/opts
Jun 20 03:51:12 gtw01 dnsmasq[9975]: started, version 2.80 cachesize 150
Jun 20 03:51:12 gtw01 dnsmasq[9975]: DNS service limited to local subnets
Jun 20 03:51:12 gtw01 dnsmasq[9975]: compile time options: IPv6 GNU-getopt DBus i18n IDN DHCP DHCPv6 no-Lua TFTP conntrack ipset auth DNSSEC loop-detect inotify dumpfile
Jun 20 03:51:12 gtw01 dnsmasq[9975]: warning: no upstream servers configured
Jun 20 03:51:12 gtw01 dnsmasq-dhcp[9975]: DHCP, static leases only on 192.168.123.0, lease time 1h
Jun 20 03:51:12 gtw01 dnsmasq[9975]: read /var/lib/neutron/dhcp/d14174e4-f7f1-4939-93b6-6fe1a27f163a/addn_hosts - 1 addresses
Jun 20 03:51:12 gtw01 dnsmasq-dhcp[9975]: read /var/lib/neutron/dhcp/d14174e4-f7f1-4939-93b6-6fe1a27f163a/host
Jun 20 03:51:12 gtw01 dnsmasq-dhcp[9975]: read /var/lib/neutron/dhcp/d14174e4-f7f1-4939-93b6-6fe1a27f163a/opts
Jun 20 03:51:12 gtw01 kernel: [ 5274.028797] IPv4: martian source 192.168.123.1 from 192.168.123.1, on dev qr-5ca25b7d-49
Jun 20 03:51:12 gtw01 kernel: [ 5274.028800] ll header: 00000000: ff ff ff ff ff ff fa 16 3e d7 44 4a 08 06        ........>.DJ..
Jun 20 03:51:12 gtw01 haproxy-metadata-proxy-d14174e4-f7f1-4939-93b6-6fe1a27f163a[9997]: Proxy listener started.
Jun 20 03:51:13 gtw01 dnsmasq[9480]: read /var/lib/neutron/dhcp/8929c5df-eaea-4759-a9b2-0bdfffc08d77/addn_hosts - 2 addresses
Jun 20 03:51:13 gtw01 dnsmasq-dhcp[9480]: read /var/lib/neutron/dhcp/8929c5df-eaea-4759-a9b2-0bdfffc08d77/host
Jun 20 03:51:13 gtw01 dnsmasq-dhcp[9480]: read /var/lib/neutron/dhcp/8929c5df-eaea-4759-a9b2-0bdfffc08d77/opts
Jun 20 03:51:13 gtw01 dnsmasq[9975]: read /var/lib/neutron/dhcp/d14174e4-f7f1-4939-93b6-6fe1a27f163a/addn_hosts - 2 addresses
Jun 20 03:51:13 gtw01 dnsmasq-dhcp[9975]: read /var/lib/neutron/dhcp/d14174e4-f7f1-4939-93b6-6fe1a27f163a/host
Jun 20 03:51:13 gtw01 dnsmasq-dhcp[9975]: read /var/lib/neutron/dhcp/d14174e4-f7f1-4939-93b6-6fe1a27f163a/opts
Jun 20 03:51:13 gtw01 dnsmasq[7371]: read /var/lib/neutron/dhcp/f2cded22-d9f8-4ab8-8c36-7af6efed8823/addn_hosts - 1 addresses
Jun 20 03:51:13 gtw01 dnsmasq-dhcp[7371]: read /var/lib/neutron/dhcp/f2cded22-d9f8-4ab8-8c36-7af6efed8823/host
Jun 20 03:51:13 gtw01 dnsmasq-dhcp[7371]: read /var/lib/neutron/dhcp/f2cded22-d9f8-4ab8-8c36-7af6efed8823/opts
Jun 20 03:51:14 gtw01 dnsmasq[9480]: read /var/lib/neutron/dhcp/8929c5df-eaea-4759-a9b2-0bdfffc08d77/addn_hosts - 2 addresses
Jun 20 03:51:14 gtw01 dnsmasq-dhcp[9480]: read /var/lib/neutron/dhcp/8929c5df-eaea-4759-a9b2-0bdfffc08d77/host
Jun 20 03:51:14 gtw01 dnsmasq-dhcp[9480]: read /var/lib/neutron/dhcp/8929c5df-eaea-4759-a9b2-0bdfffc08d77/opts
Jun 20 03:51:14 gtw01 dnsmasq[9975]: read /var/lib/neutron/dhcp/d14174e4-f7f1-4939-93b6-6fe1a27f163a/addn_hosts - 2 addresses
Jun 20 03:51:14 gtw01 dnsmasq-dhcp[9975]: read /var/lib/neutron/dhcp/d14174e4-f7f1-4939-93b6-6fe1a27f163a/host
Jun 20 03:51:14 gtw01 dnsmasq-dhcp[9975]: read /var/lib/neutron/dhcp/d14174e4-f7f1-4939-93b6-6fe1a27f163a/opts
Jun 20 03:51:14 gtw01 haproxy-metadata-proxy-f2cded22-d9f8-4ab8-8c36-7af6efed8823[10164]: Proxy listener started.
