Jun 20 03:55:36 gtw01 dnsmasq-dhcp[15190]: read /var/lib/neutron/dhcp/8e93bfb3-021a-45ee-ab43-22b70d058d33/opts
Jun 20 03:55:36 gtw01 dnsmasq[15152]: read /var/lib/neutron/dhcp/ba52c66a-8c14-4347-b1f2-49b272364339/addn_hosts - 2 addresses
Jun 20 03:55:36 gtw01 dnsmasq-dhcp[15152]: read /var/lib/neutron/dhcp/ba52c66a-8c14-4347-b1f2-49b272364339/host
Jun 20 03:55:36 gtw01 dnsmasq-dhcp[15152]: read /var/lib/neutron/dhcp/ba52c66a-8c14-4347-b1f2-49b272364339/opts
Jun 20 03:55:37 gtw01 dnsmasq[15152]: read /var/lib/neutron/dhcp/ba52c66a-8c14-4347-b1f2-49b272364339/addn_hosts - 2 addresses
Jun 20 03:55:37 gtw01 dnsmasq-dhcp[15152]: read /var/lib/neutron/dhcp/ba52c66a-8c14-4347-b1f2-49b272364339/host
Jun 20 03:55:37 gtw01 dnsmasq-dhcp[15152]: read /var/lib/neutron/dhcp/ba52c66a-8c14-4347-b1f2-49b272364339/opts
Jun 20 03:55:37 gtw01 kernel: [ 5539.475814] device tapf8cffbb0-f8 entered promiscuous mode
Jun 20 03:55:37 gtw01 systemd-udevd[15376]: Could not generate persistent MAC address for tapf8cffbb0-f8: No such file or directory
Jun 20 03:55:37 gtw01 systemd-udevd[15376]: Process '/sbin/ip link set tapf8cffbb0-f8 txqueuelen 10000' failed with exit code 1.
Jun 20 03:55:37 gtw01 systemd-udevd[15376]: Process '/sbin/ip link set tapf8cffbb0-f8 txqueuelen 10000' failed with exit code 1.
Jun 20 03:55:38 gtw01 dnsmasq[15152]: read /var/lib/neutron/dhcp/ba52c66a-8c14-4347-b1f2-49b272364339/addn_hosts - 1 addresses
Jun 20 03:55:38 gtw01 dnsmasq-dhcp[15152]: read /var/lib/neutron/dhcp/ba52c66a-8c14-4347-b1f2-49b272364339/host
Jun 20 03:55:38 gtw01 dnsmasq-dhcp[15152]: read /var/lib/neutron/dhcp/ba52c66a-8c14-4347-b1f2-49b272364339/opts
Jun 20 03:55:38 gtw01 dnsmasq[15056]: read /var/lib/neutron/dhcp/2de1af0d-b922-45bd-a2e0-eab3ba674f54/addn_hosts - 2 addresses
Jun 20 03:55:38 gtw01 dnsmasq-dhcp[15056]: read /var/lib/neutron/dhcp/2de1af0d-b922-45bd-a2e0-eab3ba674f54/host
Jun 20 03:55:38 gtw01 dnsmasq-dhcp[15056]: read /var/lib/neutron/dhcp/2de1af0d-b922-45bd-a2e0-eab3ba674f54/opts
Jun 20 03:55:39 gtw01 haproxy-metadata-proxy-ba52c66a-8c14-4347-b1f2-49b272364339[15533]: Proxy listener started.
Jun 20 03:55:39 gtw01 dnsmasq[15056]: read /var/lib/neutron/dhcp/2de1af0d-b922-45bd-a2e0-eab3ba674f54/addn_hosts - 2 addresses
Jun 20 03:55:39 gtw01 dnsmasq-dhcp[15056]: read /var/lib/neutron/dhcp/2de1af0d-b922-45bd-a2e0-eab3ba674f54/host
Jun 20 03:55:39 gtw01 dnsmasq-dhcp[15056]: read /var/lib/neutron/dhcp/2de1af0d-b922-45bd-a2e0-eab3ba674f54/opts
Jun 20 03:55:41 gtw01 dnsmasq[15587]: started, version 2.80 cachesize 150
Jun 20 03:55:41 gtw01 dnsmasq[15587]: DNS service limited to local subnets
Jun 20 03:55:41 gtw01 dnsmasq[15587]: compile time options: IPv6 GNU-getopt DBus i18n IDN DHCP DHCPv6 no-Lua TFTP conntrack ipset auth DNSSEC loop-detect inotify dumpfile
Jun 20 03:55:41 gtw01 dnsmasq[15587]: warning: no upstream servers configured
Jun 20 03:55:41 gtw01 dnsmasq-dhcp[15587]: DHCP, static leases only on 192.168.121.0, lease time 1h
Jun 20 03:55:41 gtw01 dnsmasq[15587]: read /var/lib/neutron/dhcp/e8708dba-e336-462d-84f7-2b2e35ada084/addn_hosts - 1 addresses
Jun 20 03:55:41 gtw01 dnsmasq-dhcp[15587]: read /var/lib/neutron/dhcp/e8708dba-e336-462d-84f7-2b2e35ada084/host
Jun 20 03:55:41 gtw01 dnsmasq-dhcp[15587]: read /var/lib/neutron/dhcp/e8708dba-e336-462d-84f7-2b2e35ada084/opts
Jun 20 03:55:41 gtw01 haproxy-metadata-proxy-e8708dba-e336-462d-84f7-2b2e35ada084[15595]: Proxy listener started.
Jun 20 03:55:41 gtw01 dnsmasq[15056]: read /var/lib/neutron/dhcp/2de1af0d-b922-45bd-a2e0-eab3ba674f54/addn_hosts - 1 addresses
Jun 20 03:55:41 gtw01 dnsmasq-dhcp[15056]: read /var/lib/neutron/dhcp/2de1af0d-b922-45bd-a2e0-eab3ba674f54/host
Jun 20 03:55:41 gtw01 dnsmasq-dhcp[15056]: read /var/lib/neutron/dhcp/2de1af0d-b922-45bd-a2e0-eab3ba674f54/opts
Jun 20 03:55:42 gtw01 dnsmasq[15587]: read /var/lib/neutron/dhcp/e8708dba-e336-462d-84f7-2b2e35ada084/addn_hosts - 1 addresses
Jun 20 03:55:42 gtw01 dnsmasq-dhcp[15587]: read /var/lib/neutron/dhcp/e8708dba-e336-462d-84f7-2b2e35ada084/host
Jun 20 03:55:42 gtw01 dnsmasq-dhcp[15587]: read /var/lib/neutron/dhcp/e8708dba-e336-462d-84f7-2b2e35ada084/opts
Jun 20 03:55:42 gtw01 haproxy-metadata-proxy-2de1af0d-b922-45bd-a2e0-eab3ba674f54[15625]: Proxy listener started.
Jun 20 03:55:43 gtw01 dnsmasq[15587]: read /var/lib/neutron/dhcp/e8708dba-e336-462d-84f7-2b2e35ada084/addn_hosts - 1 addresses
Jun 20 03:55:43 gtw01 dnsmasq-dhcp[15587]: read /var/lib/neutron/dhcp/e8708dba-e336-462d-84f7-2b2e35ada084/host
Jun 20 03:55:43 gtw01 dnsmasq-dhcp[15587]: read /var/lib/neutron/dhcp/e8708dba-e336-462d-84f7-2b2e35ada084/opts
Jun 20 03:55:44 gtw01 dnsmasq[15587]: read /var/lib/neutron/dhcp/e8708dba-e336-462d-84f7-2b2e35ada084/addn_hosts - 1 addresses
Jun 20 03:55:44 gtw01 dnsmasq-dhcp[15587]: read /var/lib/neutron/dhcp/e8708dba-e336-462d-84f7-2b2e35ada084/host
Jun 20 03:55:44 gtw01 dnsmasq-dhcp[15587]: read /var/lib/neutron/dhcp/e8708dba-e336-462d-84f7-2b2e35ada084/opts
Jun 20 03:55:45 gtw01 kernel: [ 5546.864278] device tapf8cffbb0-f8 left promiscuous mode
Jun 20 03:55:47 gtw01 kernel: [ 5549.330348] device tap79cc7f0b-d3 left promiscuous mode
Jun 20 03:55:49 gtw01 kernel: [ 5550.768206] device tapfa3e0f7b-b4 left promiscuous mode
Jun 20 03:55:52 gtw01 kernel: [ 5553.882183] device tap5ddbe63a-e2 left promiscuous mode
Jun 20 03:56:16 gtw01 dnsmasq[2474]: read /var/lib/neutron/dhcp/7d331d54-c68b-4805-9798-625f47842b82/addn_hosts - 1 addresses
Jun 20 03:56:16 gtw01 dnsmasq-dhcp[2474]: read /var/lib/neutron/dhcp/7d331d54-c68b-4805-9798-625f47842b82/host
Jun 20 03:56:16 gtw01 dnsmasq-dhcp[2474]: read /var/lib/neutron/dhcp/7d331d54-c68b-4805-9798-625f47842b82/opts
Jun 20 03:56:17 gtw01 haproxy-metadata-proxy-7d331d54-c68b-4805-9798-625f47842b82[15839]: Proxy listener started.
Jun 20 03:56:18 gtw01 kernel: [ 5580.319187] device qr-1c41bf04-2a left promiscuous mode
Jun 20 03:56:21 gtw01 kernel: [ 5583.237142] device qg-eb7deb44-14 left promiscuous mode
Jun 20 03:56:21 gtw01 kernel: [ 5583.409026] device tap19c3349b-82 left promiscuous mode
Jun 20 03:56:31 gtw01 systemd-udevd[15971]: Could not generate persistent MAC address for tap1c74ca54-4e: No such file or directory
Jun 20 03:56:31 gtw01 kernel: [ 5592.898198] device tap1c74ca54-4e entered promiscuous mode
Jun 20 03:56:31 gtw01 systemd-udevd[15971]: Process '/sbin/ip link set tap1c74ca54-4e txqueuelen 10000' failed with exit code 1.
Jun 20 03:56:31 gtw01 systemd-udevd[15971]: Process '/sbin/ip link set tap1c74ca54-4e txqueuelen 10000' failed with exit code 1.
Jun 20 03:56:34 gtw01 kernel: [ 5595.719249] device qr-b90f711c-4d entered promiscuous mode
Jun 20 03:56:34 gtw01 systemd-udevd[16141]: Could not generate persistent MAC address for qr-b90f711c-4d: No such file or directory
Jun 20 03:56:34 gtw01 dnsmasq[16241]: started, version 2.80 cachesize 150
Jun 20 03:56:34 gtw01 dnsmasq[16241]: DNS service limited to local subnets
Jun 20 03:56:34 gtw01 dnsmasq[16241]: compile time options: IPv6 GNU-getopt DBus i18n IDN DHCP DHCPv6 no-Lua TFTP conntrack ipset auth DNSSEC loop-detect inotify dumpfile
Jun 20 03:56:34 gtw01 dnsmasq[16241]: warning: no upstream servers configured
Jun 20 03:56:34 gtw01 dnsmasq-dhcp[16241]: DHCP, static leases only on 192.168.120.0, lease time 1h
Jun 20 03:56:34 gtw01 dnsmasq[16241]: read /var/lib/neutron/dhcp/8bd7fcc4-16e7-4df3-a7dd-878d16565cc0/addn_hosts - 1 addresses
Jun 20 03:56:34 gtw01 dnsmasq-dhcp[16241]: read /var/lib/neutron/dhcp/8bd7fcc4-16e7-4df3-a7dd-878d16565cc0/host
Jun 20 03:56:34 gtw01 dnsmasq-dhcp[16241]: read /var/lib/neutron/dhcp/8bd7fcc4-16e7-4df3-a7dd-878d16565cc0/opts
Jun 20 03:56:34 gtw01 haproxy-metadata-proxy-8bd7fcc4-16e7-4df3-a7dd-878d16565cc0[16253]: Proxy listener started.
Jun 20 03:56:35 gtw01 kernel: [ 5596.859280] device qg-2b9a5ef9-12 entered promiscuous mode
Jun 20 03:56:35 gtw01 systemd-udevd[16278]: Could not generate persistent MAC address for qg-2b9a5ef9-12: No such file or directory
Jun 20 03:56:35 gtw01 dnsmasq[16241]: read /var/lib/neutron/dhcp/8bd7fcc4-16e7-4df3-a7dd-878d16565cc0/addn_hosts - 2 addresses
Jun 20 03:56:35 gtw01 dnsmasq-dhcp[16241]: read /var/lib/neutron/dhcp/8bd7fcc4-16e7-4df3-a7dd-878d16565cc0/host
Jun 20 03:56:35 gtw01 dnsmasq-dhcp[16241]: read /var/lib/neutron/dhcp/8bd7fcc4-16e7-4df3-a7dd-878d16565cc0/opts
Jun 20 03:56:36 gtw01 dnsmasq[16241]: read /var/lib/neutron/dhcp/8bd7fcc4-16e7-4df3-a7dd-878d16565cc0/addn_hosts - 2 addresses
Jun 20 03:56:36 gtw01 dnsmasq-dhcp[16241]: read /var/lib/neutron/dhcp/8bd7fcc4-16e7-4df3-a7dd-878d16565cc0/host
Jun 20 03:56:36 gtw01 dnsmasq-dhcp[16241]: read /var/lib/neutron/dhcp/8bd7fcc4-16e7-4df3-a7dd-878d16565cc0/opts
Jun 20 03:56:37 gtw01 dnsmasq[16241]: read /var/lib/neutron/dhcp/8bd7fcc4-16e7-4df3-a7dd-878d16565cc0/addn_hosts - 2 addresses
Jun 20 03:56:37 gtw01 dnsmasq-dhcp[16241]: read /var/lib/neutron/dhcp/8bd7fcc4-16e7-4df3-a7dd-878d16565cc0/host
Jun 20 03:56:37 gtw01 dnsmasq-dhcp[16241]: read /var/lib/neutron/dhcp/8bd7fcc4-16e7-4df3-a7dd-878d16565cc0/opts
Jun 20 03:56:38 gtw01 dnsmasq[16241]: read /var/lib/neutron/dhcp/8bd7fcc4-16e7-4df3-a7dd-878d16565cc0/addn_hosts - 2 addresses
Jun 20 03:56:38 gtw01 dnsmasq-dhcp[16241]: read /var/lib/neutron/dhcp/8bd7fcc4-16e7-4df3-a7dd-878d16565cc0/host
Jun 20 03:56:38 gtw01 dnsmasq-dhcp[16241]: read /var/lib/neutron/dhcp/8bd7fcc4-16e7-4df3-a7dd-878d16565cc0/opts
Jun 20 03:56:39 gtw01 dnsmasq[16241]: read /var/lib/neutron/dhcp/8bd7fcc4-16e7-4df3-a7dd-878d16565cc0/addn_hosts - 2 addresses
Jun 20 03:56:39 gtw01 dnsmasq-dhcp[16241]: read /var/lib/neutron/dhcp/8bd7fcc4-16e7-4df3-a7dd-878d16565cc0/host
Jun 20 03:56:39 gtw01 dnsmasq-dhcp[16241]: read /var/lib/neutron/dhcp/8bd7fcc4-16e7-4df3-a7dd-878d16565cc0/opts
Jun 20 03:56:41 gtw01 haproxy-metadata-proxy-418ba8ed-87c1-42a4-a5cb-3a71d0e706d2[16591]: Proxy listener started.
Jun 20 03:56:42 gtw01 dnsmasq[16241]: read /var/lib/neutron/dhcp/8bd7fcc4-16e7-4df3-a7dd-878d16565cc0/addn_hosts - 2 addresses
Jun 20 03:56:42 gtw01 dnsmasq-dhcp[16241]: read /var/lib/neutron/dhcp/8bd7fcc4-16e7-4df3-a7dd-878d16565cc0/host
Jun 20 03:56:42 gtw01 dnsmasq-dhcp[16241]: read /var/lib/neutron/dhcp/8bd7fcc4-16e7-4df3-a7dd-878d16565cc0/opts
Jun 20 03:56:43 gtw01 dnsmasq[16241]: read /var/lib/neutron/dhcp/8bd7fcc4-16e7-4df3-a7dd-878d16565cc0/addn_hosts - 2 addresses
Jun 20 03:56:43 gtw01 dnsmasq-dhcp[16241]: read /var/lib/neutron/dhcp/8bd7fcc4-16e7-4df3-a7dd-878d16565cc0/host
Jun 20 03:56:43 gtw01 dnsmasq-dhcp[16241]: read /var/lib/neutron/dhcp/8bd7fcc4-16e7-4df3-a7dd-878d16565cc0/opts
Jun 20 03:57:27 gtw01 systemd-udevd[16773]: Could not generate persistent MAC address for tap1e2d44d1-b2: No such file or directory
Jun 20 03:57:27 gtw01 kernel: [ 5649.291929] device tap1e2d44d1-b2 entered promiscuous mode
Jun 20 03:57:27 gtw01 systemd-udevd[16773]: Process '/sbin/ip link set tap1e2d44d1-b2 txqueuelen 10000' failed with exit code 1.
Jun 20 03:57:27 gtw01 systemd-udevd[16773]: Process '/sbin/ip link set tap1e2d44d1-b2 txqueuelen 10000' failed with exit code 1.
Jun 20 03:57:30 gtw01 dnsmasq[16950]: started, version 2.80 cachesize 150
Jun 20 03:57:30 gtw01 dnsmasq[16950]: DNS service limited to local subnets
Jun 20 03:57:30 gtw01 dnsmasq[16950]: compile time options: IPv6 GNU-getopt DBus i18n IDN DHCP DHCPv6 no-Lua TFTP conntrack ipset auth DNSSEC loop-detect inotify dumpfile
Jun 20 03:57:30 gtw01 dnsmasq[16950]: warning: no upstream servers configured
Jun 20 03:57:30 gtw01 dnsmasq-dhcp[16950]: DHCP, static leases only on 192.168.120.0, lease time 1h
Jun 20 03:57:30 gtw01 dnsmasq[16950]: read /var/lib/neutron/dhcp/28b7e9ee-1d52-40d4-8f0d-32c430609d04/addn_hosts - 1 addresses
Jun 20 03:57:30 gtw01 dnsmasq-dhcp[16950]: read /var/lib/neutron/dhcp/28b7e9ee-1d52-40d4-8f0d-32c430609d04/host
Jun 20 03:57:30 gtw01 dnsmasq-dhcp[16950]: read /var/lib/neutron/dhcp/28b7e9ee-1d52-40d4-8f0d-32c430609d04/opts
Jun 20 03:57:31 gtw01 kernel: [ 5652.779232] device qg-a45bbb78-46 entered promiscuous mode
Jun 20 03:57:31 gtw01 systemd-udevd[16957]: Could not generate persistent MAC address for qg-a45bbb78-46: No such file or directory
Jun 20 03:57:31 gtw01 haproxy-metadata-proxy-28b7e9ee-1d52-40d4-8f0d-32c430609d04[17031]: Proxy listener started.
Jun 20 03:57:32 gtw01 dnsmasq[16950]: read /var/lib/neutron/dhcp/28b7e9ee-1d52-40d4-8f0d-32c430609d04/addn_hosts - 2 addresses
Jun 20 03:57:32 gtw01 dnsmasq-dhcp[16950]: read /var/lib/neutron/dhcp/28b7e9ee-1d52-40d4-8f0d-32c430609d04/host
Jun 20 03:57:32 gtw01 dnsmasq-dhcp[16950]: read /var/lib/neutron/dhcp/28b7e9ee-1d52-40d4-8f0d-32c430609d04/opts
Jun 20 03:57:33 gtw01 dnsmasq[16950]: read /var/lib/neutron/dhcp/28b7e9ee-1d52-40d4-8f0d-32c430609d04/addn_hosts - 2 addresses
Jun 20 03:57:33 gtw01 dnsmasq-dhcp[16950]: read /var/lib/neutron/dhcp/28b7e9ee-1d52-40d4-8f0d-32c430609d04/host
Jun 20 03:57:33 gtw01 dnsmasq-dhcp[16950]: read /var/lib/neutron/dhcp/28b7e9ee-1d52-40d4-8f0d-32c430609d04/opts
Jun 20 03:57:34 gtw01 dnsmasq[16950]: read /var/lib/neutron/dhcp/28b7e9ee-1d52-40d4-8f0d-32c430609d04/addn_hosts - 2 addresses
Jun 20 03:57:34 gtw01 dnsmasq-dhcp[16950]: read /var/lib/neutron/dhcp/28b7e9ee-1d52-40d4-8f0d-32c430609d04/host
Jun 20 03:57:34 gtw01 dnsmasq-dhcp[16950]: read /var/lib/neutron/dhcp/28b7e9ee-1d52-40d4-8f0d-32c430609d04/opts
Jun 20 03:57:34 gtw01 dnsmasq[16950]: read /var/lib/neutron/dhcp/28b7e9ee-1d52-40d4-8f0d-32c430609d04/addn_hosts - 2 addresses
Jun 20 03:57:34 gtw01 dnsmasq-dhcp[16950]: read /var/lib/neutron/dhcp/28b7e9ee-1d52-40d4-8f0d-32c430609d04/host
Jun 20 03:57:34 gtw01 dnsmasq-dhcp[16950]: read /var/lib/neutron/dhcp/28b7e9ee-1d52-40d4-8f0d-32c430609d04/opts
Jun 20 03:57:35 gtw01 dnsmasq[16241]: read /var/lib/neutron/dhcp/8bd7fcc4-16e7-4df3-a7dd-878d16565cc0/addn_hosts - 3 addresses
Jun 20 03:57:35 gtw01 dnsmasq-dhcp[16241]: read /var/lib/neutron/dhcp/8bd7fcc4-16e7-4df3-a7dd-878d16565cc0/host
Jun 20 03:57:35 gtw01 dnsmasq-dhcp[16241]: read /var/lib/neutron/dhcp/8bd7fcc4-16e7-4df3-a7dd-878d16565cc0/opts
Jun 20 03:57:36 gtw01 dnsmasq[16950]: read /var/lib/neutron/dhcp/28b7e9ee-1d52-40d4-8f0d-32c430609d04/addn_hosts - 2 addresses
Jun 20 03:57:36 gtw01 dnsmasq-dhcp[16950]: read /var/lib/neutron/dhcp/28b7e9ee-1d52-40d4-8f0d-32c430609d04/host
Jun 20 03:57:36 gtw01 dnsmasq-dhcp[16950]: read /var/lib/neutron/dhcp/28b7e9ee-1d52-40d4-8f0d-32c430609d04/opts
Jun 20 03:57:36 gtw01 kernel: [ 5657.877421] device tap605d1003-97 entered promiscuous mode
Jun 20 03:57:36 gtw01 systemd-udevd[17259]: Could not generate persistent MAC address for tap605d1003-97: No such file or directory
Jun 20 03:57:36 gtw01 systemd-udevd[17259]: Process '/sbin/ip link set tap605d1003-97 txqueuelen 10000' failed with exit code 1.
Jun 20 03:57:36 gtw01 systemd-udevd[17343]: Process '/sbin/ip link set tap605d1003-97 txqueuelen 10000' failed with exit code 1.
Jun 20 03:57:36 gtw01 dnsmasq[16241]: read /var/lib/neutron/dhcp/8bd7fcc4-16e7-4df3-a7dd-878d16565cc0/addn_hosts - 4 addresses
Jun 20 03:57:36 gtw01 dnsmasq-dhcp[16241]: read /var/lib/neutron/dhcp/8bd7fcc4-16e7-4df3-a7dd-878d16565cc0/host
Jun 20 03:57:36 gtw01 dnsmasq-dhcp[16241]: read /var/lib/neutron/dhcp/8bd7fcc4-16e7-4df3-a7dd-878d16565cc0/opts
Jun 20 03:57:37 gtw01 haproxy-metadata-proxy-18c76aaf-d533-43c7-8775-b19c8f115ddc[17408]: Proxy listener started.
Jun 20 03:57:37 gtw01 dnsmasq[16241]: read /var/lib/neutron/dhcp/8bd7fcc4-16e7-4df3-a7dd-878d16565cc0/addn_hosts - 4 addresses
Jun 20 03:57:37 gtw01 dnsmasq-dhcp[16241]: read /var/lib/neutron/dhcp/8bd7fcc4-16e7-4df3-a7dd-878d16565cc0/host
Jun 20 03:57:37 gtw01 dnsmasq-dhcp[16241]: read /var/lib/neutron/dhcp/8bd7fcc4-16e7-4df3-a7dd-878d16565cc0/opts
Jun 20 03:57:38 gtw01 dnsmasq[16241]: read /var/lib/neutron/dhcp/8bd7fcc4-16e7-4df3-a7dd-878d16565cc0/addn_hosts - 4 addresses
Jun 20 03:57:38 gtw01 dnsmasq-dhcp[16241]: read /var/lib/neutron/dhcp/8bd7fcc4-16e7-4df3-a7dd-878d16565cc0/host
Jun 20 03:57:38 gtw01 dnsmasq-dhcp[16241]: read /var/lib/neutron/dhcp/8bd7fcc4-16e7-4df3-a7dd-878d16565cc0/opts
Jun 20 03:57:39 gtw01 systemd-udevd[17523]: Could not generate persistent MAC address for qg-adca5630-f5: No such file or directory
Jun 20 03:57:39 gtw01 kernel: [ 5660.924204] device qg-adca5630-f5 entered promiscuous mode
Jun 20 03:57:39 gtw01 dnsmasq[16950]: read /var/lib/neutron/dhcp/28b7e9ee-1d52-40d4-8f0d-32c430609d04/addn_hosts - 2 addresses
Jun 20 03:57:39 gtw01 dnsmasq-dhcp[16950]: read /var/lib/neutron/dhcp/28b7e9ee-1d52-40d4-8f0d-32c430609d04/host
Jun 20 03:57:39 gtw01 dnsmasq-dhcp[16950]: read /var/lib/neutron/dhcp/28b7e9ee-1d52-40d4-8f0d-32c430609d04/opts
Jun 20 03:57:39 gtw01 systemd-udevd[17637]: Could not generate persistent MAC address for qr-2178b691-35: No such file or directory
Jun 20 03:57:39 gtw01 kernel: [ 5661.496324] device qr-2178b691-35 entered promiscuous mode
Jun 20 03:57:39 gtw01 dnsmasq[16241]: read /var/lib/neutron/dhcp/8bd7fcc4-16e7-4df3-a7dd-878d16565cc0/addn_hosts - 4 addresses
Jun 20 03:57:39 gtw01 dnsmasq-dhcp[16241]: read /var/lib/neutron/dhcp/8bd7fcc4-16e7-4df3-a7dd-878d16565cc0/host
Jun 20 03:57:39 gtw01 dnsmasq-dhcp[16241]: read /var/lib/neutron/dhcp/8bd7fcc4-16e7-4df3-a7dd-878d16565cc0/opts
Jun 20 03:57:40 gtw01 dnsmasq[17730]: started, version 2.80 cachesize 150
Jun 20 03:57:40 gtw01 dnsmasq[17730]: DNS service limited to local subnets
Jun 20 03:57:40 gtw01 dnsmasq[17730]: compile time options: IPv6 GNU-getopt DBus i18n IDN DHCP DHCPv6 no-Lua TFTP conntrack ipset auth DNSSEC loop-detect inotify dumpfile
Jun 20 03:57:40 gtw01 dnsmasq[17730]: warning: no upstream servers configured
Jun 20 03:57:40 gtw01 dnsmasq-dhcp[17730]: DHCP, static leases only on 192.168.120.0, lease time 1h
Jun 20 03:57:40 gtw01 dnsmasq[17730]: read /var/lib/neutron/dhcp/b2338c06-4721-4efa-88d3-d3a04dcce86d/addn_hosts - 1 addresses
Jun 20 03:57:40 gtw01 dnsmasq-dhcp[17730]: read /var/lib/neutron/dhcp/b2338c06-4721-4efa-88d3-d3a04dcce86d/host
Jun 20 03:57:40 gtw01 dnsmasq-dhcp[17730]: read /var/lib/neutron/dhcp/b2338c06-4721-4efa-88d3-d3a04dcce86d/opts
Jun 20 03:57:40 gtw01 haproxy-metadata-proxy-b2338c06-4721-4efa-88d3-d3a04dcce86d[17748]: Proxy listener started.
Jun 20 03:57:40 gtw01 dnsmasq[16950]: read /var/lib/neutron/dhcp/28b7e9ee-1d52-40d4-8f0d-32c430609d04/addn_hosts - 2 addresses
Jun 20 03:57:40 gtw01 dnsmasq-dhcp[16950]: read /var/lib/neutron/dhcp/28b7e9ee-1d52-40d4-8f0d-32c430609d04/host
Jun 20 03:57:40 gtw01 dnsmasq-dhcp[16950]: read /var/lib/neutron/dhcp/28b7e9ee-1d52-40d4-8f0d-32c430609d04/opts
Jun 20 03:57:41 gtw01 dnsmasq[16241]: read /var/lib/neutron/dhcp/8bd7fcc4-16e7-4df3-a7dd-878d16565cc0/addn_hosts - 4 addresses
Jun 20 03:57:41 gtw01 dnsmasq-dhcp[16241]: read /var/lib/neutron/dhcp/8bd7fcc4-16e7-4df3-a7dd-878d16565cc0/host
Jun 20 03:57:41 gtw01 dnsmasq-dhcp[16241]: read /var/lib/neutron/dhcp/8bd7fcc4-16e7-4df3-a7dd-878d16565cc0/opts
Jun 20 03:57:41 gtw01 dnsmasq[17730]: read /var/lib/neutron/dhcp/b2338c06-4721-4efa-88d3-d3a04dcce86d/addn_hosts - 2 addresses
Jun 20 03:57:41 gtw01 dnsmasq-dhcp[17730]: read /var/lib/neutron/dhcp/b2338c06-4721-4efa-88d3-d3a04dcce86d/host
Jun 20 03:57:41 gtw01 dnsmasq-dhcp[17730]: read /var/lib/neutron/dhcp/b2338c06-4721-4efa-88d3-d3a04dcce86d/opts
Jun 20 03:57:41 gtw01 kernel: [ 5663.686187] IPv4: martian source 10.16.0.136 from 10.16.0.136, on dev qr-2178b691-35
Jun 20 03:57:41 gtw01 kernel: [ 5663.686190] ll header: 00000000: ff ff ff ff ff ff fa 16 3e d9 1d 68 08 06        ........>..h..
Jun 20 03:57:42 gtw01 kernel: [ 5663.861736] device vxlan_sys_4789 entered promiscuous mode
Jun 20 03:57:42 gtw01 systemd-udevd[17894]: Could not generate persistent MAC address for vxlan_sys_4789: No such file or directory
Jun 20 03:57:42 gtw01 dnsmasq[17730]: read /var/lib/neutron/dhcp/b2338c06-4721-4efa-88d3-d3a04dcce86d/addn_hosts - 2 addresses
Jun 20 03:57:42 gtw01 dnsmasq-dhcp[17730]: read /var/lib/neutron/dhcp/b2338c06-4721-4efa-88d3-d3a04dcce86d/host
Jun 20 03:57:42 gtw01 dnsmasq-dhcp[17730]: read /var/lib/neutron/dhcp/b2338c06-4721-4efa-88d3-d3a04dcce86d/opts
Jun 20 03:57:43 gtw01 dnsmasq[17730]: read /var/lib/neutron/dhcp/b2338c06-4721-4efa-88d3-d3a04dcce86d/addn_hosts - 2 addresses
Jun 20 03:57:43 gtw01 dnsmasq-dhcp[17730]: read /var/lib/neutron/dhcp/b2338c06-4721-4efa-88d3-d3a04dcce86d/host
Jun 20 03:57:43 gtw01 dnsmasq-dhcp[17730]: read /var/lib/neutron/dhcp/b2338c06-4721-4efa-88d3-d3a04dcce86d/opts
Jun 20 03:57:44 gtw01 dnsmasq[17730]: read /var/lib/neutron/dhcp/b2338c06-4721-4efa-88d3-d3a04dcce86d/addn_hosts - 2 addresses
Jun 20 03:57:44 gtw01 dnsmasq-dhcp[17730]: read /var/lib/neutron/dhcp/b2338c06-4721-4efa-88d3-d3a04dcce86d/host
Jun 20 03:57:44 gtw01 dnsmasq-dhcp[17730]: read /var/lib/neutron/dhcp/b2338c06-4721-4efa-88d3-d3a04dcce86d/opts
Jun 20 03:57:44 gtw01 dnsmasq[17730]: read /var/lib/neutron/dhcp/b2338c06-4721-4efa-88d3-d3a04dcce86d/addn_hosts - 2 addresses
Jun 20 03:57:44 gtw01 dnsmasq-dhcp[17730]: read /var/lib/neutron/dhcp/b2338c06-4721-4efa-88d3-d3a04dcce86d/host
Jun 20 03:57:44 gtw01 dnsmasq-dhcp[17730]: read /var/lib/neutron/dhcp/b2338c06-4721-4efa-88d3-d3a04dcce86d/opts
Jun 20 03:57:45 gtw01 haproxy-metadata-proxy-8955c9cd-449e-48ed-a51a-cc9bcb668ed2[18154]: Proxy listener started.
Jun 20 03:57:48 gtw01 dnsmasq[17730]: read /var/lib/neutron/dhcp/b2338c06-4721-4efa-88d3-d3a04dcce86d/addn_hosts - 2 addresses
Jun 20 03:57:48 gtw01 dnsmasq-dhcp[17730]: read /var/lib/neutron/dhcp/b2338c06-4721-4efa-88d3-d3a04dcce86d/host
Jun 20 03:57:48 gtw01 dnsmasq-dhcp[17730]: read /var/lib/neutron/dhcp/b2338c06-4721-4efa-88d3-d3a04dcce86d/opts
Jun 20 03:57:48 gtw01 kernel: [ 5669.967654] device vxlan_sys_4789 left promiscuous mode
Jun 20 03:57:48 gtw01 dnsmasq[16241]: read /var/lib/neutron/dhcp/8bd7fcc4-16e7-4df3-a7dd-878d16565cc0/addn_hosts - 3 addresses
Jun 20 03:57:48 gtw01 dnsmasq-dhcp[16241]: read /var/lib/neutron/dhcp/8bd7fcc4-16e7-4df3-a7dd-878d16565cc0/host
Jun 20 03:57:48 gtw01 dnsmasq-dhcp[16241]: read /var/lib/neutron/dhcp/8bd7fcc4-16e7-4df3-a7dd-878d16565cc0/opts
Jun 20 03:57:49 gtw01 systemd-udevd[18238]: Could not generate persistent MAC address for qr-2ddee65c-ae: No such file or directory
Jun 20 03:57:49 gtw01 kernel: [ 5670.796379] device qr-2ddee65c-ae entered promiscuous mode
Jun 20 03:57:49 gtw01 dnsmasq[17730]: read /var/lib/neutron/dhcp/b2338c06-4721-4efa-88d3-d3a04dcce86d/addn_hosts - 2 addresses
Jun 20 03:57:49 gtw01 dnsmasq-dhcp[17730]: read /var/lib/neutron/dhcp/b2338c06-4721-4efa-88d3-d3a04dcce86d/host
Jun 20 03:57:49 gtw01 dnsmasq-dhcp[17730]: read /var/lib/neutron/dhcp/b2338c06-4721-4efa-88d3-d3a04dcce86d/opts
Jun 20 03:57:49 gtw01 dnsmasq[16241]: read /var/lib/neutron/dhcp/8bd7fcc4-16e7-4df3-a7dd-878d16565cc0/addn_hosts - 2 addresses
Jun 20 03:57:49 gtw01 dnsmasq-dhcp[16241]: read /var/lib/neutron/dhcp/8bd7fcc4-16e7-4df3-a7dd-878d16565cc0/host
Jun 20 03:57:49 gtw01 dnsmasq-dhcp[16241]: read /var/lib/neutron/dhcp/8bd7fcc4-16e7-4df3-a7dd-878d16565cc0/opts
Jun 20 03:57:49 gtw01 dnsmasq[16950]: read /var/lib/neutron/dhcp/28b7e9ee-1d52-40d4-8f0d-32c430609d04/addn_hosts - 3 addresses
Jun 20 03:57:49 gtw01 dnsmasq-dhcp[16950]: read /var/lib/neutron/dhcp/28b7e9ee-1d52-40d4-8f0d-32c430609d04/host
Jun 20 03:57:49 gtw01 dnsmasq-dhcp[16950]: read /var/lib/neutron/dhcp/28b7e9ee-1d52-40d4-8f0d-32c430609d04/opts
Jun 20 03:57:50 gtw01 dnsmasq[16950]: read /var/lib/neutron/dhcp/28b7e9ee-1d52-40d4-8f0d-32c430609d04/addn_hosts - 3 addresses
Jun 20 03:57:50 gtw01 dnsmasq-dhcp[16950]: read /var/lib/neutron/dhcp/28b7e9ee-1d52-40d4-8f0d-32c430609d04/host
Jun 20 03:57:50 gtw01 dnsmasq-dhcp[16950]: read /var/lib/neutron/dhcp/28b7e9ee-1d52-40d4-8f0d-32c430609d04/opts
Jun 20 03:57:51 gtw01 dnsmasq[16950]: read /var/lib/neutron/dhcp/28b7e9ee-1d52-40d4-8f0d-32c430609d04/addn_hosts - 3 addresses
Jun 20 03:57:51 gtw01 dnsmasq-dhcp[16950]: read /var/lib/neutron/dhcp/28b7e9ee-1d52-40d4-8f0d-32c430609d04/host
Jun 20 03:57:51 gtw01 dnsmasq-dhcp[16950]: read /var/lib/neutron/dhcp/28b7e9ee-1d52-40d4-8f0d-32c430609d04/opts
Jun 20 03:57:54 gtw01 kernel: [ 5675.862035] device vxlan_sys_4789 entered promiscuous mode
Jun 20 03:57:54 gtw01 systemd-udevd[18528]: Could not generate persistent MAC address for vxlan_sys_4789: No such file or directory
Jun 20 03:57:58 gtw01 dnsmasq[16241]: read /var/lib/neutron/dhcp/8bd7fcc4-16e7-4df3-a7dd-878d16565cc0/addn_hosts - 3 addresses
Jun 20 03:57:58 gtw01 dnsmasq-dhcp[16241]: read /var/lib/neutron/dhcp/8bd7fcc4-16e7-4df3-a7dd-878d16565cc0/host
Jun 20 03:57:58 gtw01 dnsmasq-dhcp[16241]: read /var/lib/neutron/dhcp/8bd7fcc4-16e7-4df3-a7dd-878d16565cc0/opts
Jun 20 03:58:00 gtw01 dnsmasq[16241]: read /var/lib/neutron/dhcp/8bd7fcc4-16e7-4df3-a7dd-878d16565cc0/addn_hosts - 3 addresses
Jun 20 03:58:00 gtw01 dnsmasq-dhcp[16241]: read /var/lib/neutron/dhcp/8bd7fcc4-16e7-4df3-a7dd-878d16565cc0/host
Jun 20 03:58:00 gtw01 dnsmasq-dhcp[16241]: read /var/lib/neutron/dhcp/8bd7fcc4-16e7-4df3-a7dd-878d16565cc0/opts
Jun 20 03:58:01 gtw01 dnsmasq[16241]: read /var/lib/neutron/dhcp/8bd7fcc4-16e7-4df3-a7dd-878d16565cc0/addn_hosts - 3 addresses
Jun 20 03:58:01 gtw01 dnsmasq-dhcp[16241]: read /var/lib/neutron/dhcp/8bd7fcc4-16e7-4df3-a7dd-878d16565cc0/host
Jun 20 03:58:01 gtw01 dnsmasq-dhcp[16241]: read /var/lib/neutron/dhcp/8bd7fcc4-16e7-4df3-a7dd-878d16565cc0/opts
Jun 20 03:58:07 gtw01 dnsmasq-dhcp[16950]: DHCPDISCOVER(tap1e2d44d1-b2) fa:16:3e:f8:55:27
Jun 20 03:58:07 gtw01 dnsmasq-dhcp[16950]: DHCPOFFER(tap1e2d44d1-b2) 192.168.120.8 fa:16:3e:f8:55:27
Jun 20 03:58:07 gtw01 dnsmasq-dhcp[16950]: DHCPREQUEST(tap1e2d44d1-b2) 192.168.120.8 fa:16:3e:f8:55:27
Jun 20 03:58:07 gtw01 dnsmasq-dhcp[16950]: DHCPACK(tap1e2d44d1-b2) 192.168.120.8 fa:16:3e:f8:55:27 host-192-168-120-8
Jun 20 03:58:08 gtw01 dnsmasq[16241]: read /var/lib/neutron/dhcp/8bd7fcc4-16e7-4df3-a7dd-878d16565cc0/addn_hosts - 2 addresses
Jun 20 03:58:08 gtw01 dnsmasq-dhcp[16241]: read /var/lib/neutron/dhcp/8bd7fcc4-16e7-4df3-a7dd-878d16565cc0/host
Jun 20 03:58:08 gtw01 dnsmasq-dhcp[16241]: read /var/lib/neutron/dhcp/8bd7fcc4-16e7-4df3-a7dd-878d16565cc0/opts
Jun 20 03:58:17 gtw01 dnsmasq[16241]: read /var/lib/neutron/dhcp/8bd7fcc4-16e7-4df3-a7dd-878d16565cc0/addn_hosts - 3 addresses
Jun 20 03:58:17 gtw01 dnsmasq-dhcp[16241]: read /var/lib/neutron/dhcp/8bd7fcc4-16e7-4df3-a7dd-878d16565cc0/host
Jun 20 03:58:17 gtw01 dnsmasq-dhcp[16241]: read /var/lib/neutron/dhcp/8bd7fcc4-16e7-4df3-a7dd-878d16565cc0/opts
Jun 20 03:58:17 gtw01 kernel: [ 5699.678851] device vxlan_sys_4789 left promiscuous mode
Jun 20 03:58:17 gtw01 dnsmasq-dhcp[16950]: DHCPRELEASE(tap1e2d44d1-b2) 192.168.120.8 fa:16:3e:f8:55:27
Jun 20 03:58:18 gtw01 dnsmasq-dhcp[16950]: DHCPRELEASE(tap1e2d44d1-b2) 192.168.120.8 fa:16:3e:f8:55:27 unknown lease
Jun 20 03:58:19 gtw01 dnsmasq[16950]: read /var/lib/neutron/dhcp/28b7e9ee-1d52-40d4-8f0d-32c430609d04/addn_hosts - 2 addresses
Jun 20 03:58:19 gtw01 dnsmasq-dhcp[16950]: read /var/lib/neutron/dhcp/28b7e9ee-1d52-40d4-8f0d-32c430609d04/host
Jun 20 03:58:19 gtw01 dnsmasq-dhcp[16950]: read /var/lib/neutron/dhcp/28b7e9ee-1d52-40d4-8f0d-32c430609d04/opts
Jun 20 03:58:19 gtw01 dnsmasq[16241]: read /var/lib/neutron/dhcp/8bd7fcc4-16e7-4df3-a7dd-878d16565cc0/addn_hosts - 3 addresses
Jun 20 03:58:19 gtw01 dnsmasq-dhcp[16241]: read /var/lib/neutron/dhcp/8bd7fcc4-16e7-4df3-a7dd-878d16565cc0/host
Jun 20 03:58:19 gtw01 dnsmasq-dhcp[16241]: read /var/lib/neutron/dhcp/8bd7fcc4-16e7-4df3-a7dd-878d16565cc0/opts
Jun 20 03:58:19 gtw01 dnsmasq[16950]: read /var/lib/neutron/dhcp/28b7e9ee-1d52-40d4-8f0d-32c430609d04/addn_hosts - 3 addresses
Jun 20 03:58:19 gtw01 dnsmasq-dhcp[16950]: read /var/lib/neutron/dhcp/28b7e9ee-1d52-40d4-8f0d-32c430609d04/host
Jun 20 03:58:19 gtw01 dnsmasq-dhcp[16950]: read /var/lib/neutron/dhcp/28b7e9ee-1d52-40d4-8f0d-32c430609d04/opts
Jun 20 03:58:20 gtw01 dnsmasq[16241]: read /var/lib/neutron/dhcp/8bd7fcc4-16e7-4df3-a7dd-878d16565cc0/addn_hosts - 3 addresses
Jun 20 03:58:20 gtw01 dnsmasq-dhcp[16241]: read /var/lib/neutron/dhcp/8bd7fcc4-16e7-4df3-a7dd-878d16565cc0/host
Jun 20 03:58:20 gtw01 dnsmasq-dhcp[16241]: read /var/lib/neutron/dhcp/8bd7fcc4-16e7-4df3-a7dd-878d16565cc0/opts
Jun 20 03:58:20 gtw01 dnsmasq[16950]: read /var/lib/neutron/dhcp/28b7e9ee-1d52-40d4-8f0d-32c430609d04/addn_hosts - 3 addresses
Jun 20 03:58:20 gtw01 dnsmasq-dhcp[16950]: read /var/lib/neutron/dhcp/28b7e9ee-1d52-40d4-8f0d-32c430609d04/host
Jun 20 03:58:20 gtw01 dnsmasq-dhcp[16950]: read /var/lib/neutron/dhcp/28b7e9ee-1d52-40d4-8f0d-32c430609d04/opts
Jun 20 03:58:21 gtw01 dnsmasq[16950]: read /var/lib/neutron/dhcp/28b7e9ee-1d52-40d4-8f0d-32c430609d04/addn_hosts - 3 addresses
Jun 20 03:58:21 gtw01 dnsmasq-dhcp[16950]: read /var/lib/neutron/dhcp/28b7e9ee-1d52-40d4-8f0d-32c430609d04/host
Jun 20 03:58:21 gtw01 dnsmasq-dhcp[16950]: read /var/lib/neutron/dhcp/28b7e9ee-1d52-40d4-8f0d-32c430609d04/opts
Jun 20 03:58:22 gtw01 kernel: [ 5703.958592] device vxlan_sys_4789 entered promiscuous mode
Jun 20 03:58:22 gtw01 systemd-udevd[18925]: Could not generate persistent MAC address for vxlan_sys_4789: No such file or directory
Jun 20 03:58:29 gtw01 dnsmasq[16241]: read /var/lib/neutron/dhcp/8bd7fcc4-16e7-4df3-a7dd-878d16565cc0/addn_hosts - 4 addresses
Jun 20 03:58:29 gtw01 dnsmasq-dhcp[16241]: read /var/lib/neutron/dhcp/8bd7fcc4-16e7-4df3-a7dd-878d16565cc0/host
Jun 20 03:58:29 gtw01 dnsmasq-dhcp[16241]: read /var/lib/neutron/dhcp/8bd7fcc4-16e7-4df3-a7dd-878d16565cc0/opts
Jun 20 03:58:29 gtw01 dnsmasq[16241]: read /var/lib/neutron/dhcp/8bd7fcc4-16e7-4df3-a7dd-878d16565cc0/addn_hosts - 4 addresses
Jun 20 03:58:29 gtw01 dnsmasq-dhcp[16241]: read /var/lib/neutron/dhcp/8bd7fcc4-16e7-4df3-a7dd-878d16565cc0/host
Jun 20 03:58:29 gtw01 dnsmasq-dhcp[16241]: read /var/lib/neutron/dhcp/8bd7fcc4-16e7-4df3-a7dd-878d16565cc0/opts
Jun 20 03:58:30 gtw01 dnsmasq[16241]: read /var/lib/neutron/dhcp/8bd7fcc4-16e7-4df3-a7dd-878d16565cc0/addn_hosts - 4 addresses
Jun 20 03:58:30 gtw01 dnsmasq-dhcp[16241]: read /var/lib/neutron/dhcp/8bd7fcc4-16e7-4df3-a7dd-878d16565cc0/host
Jun 20 03:58:30 gtw01 dnsmasq-dhcp[16241]: read /var/lib/neutron/dhcp/8bd7fcc4-16e7-4df3-a7dd-878d16565cc0/opts
Jun 20 03:58:32 gtw01 dnsmasq-dhcp[16241]: DHCPDISCOVER(tap1c74ca54-4e) fa:16:3e:e4:3d:d7
Jun 20 03:58:32 gtw01 dnsmasq-dhcp[16241]: DHCPOFFER(tap1c74ca54-4e) 192.168.120.14 fa:16:3e:e4:3d:d7
Jun 20 03:58:32 gtw01 dnsmasq-dhcp[16241]: DHCPREQUEST(tap1c74ca54-4e) 192.168.120.14 fa:16:3e:e4:3d:d7
Jun 20 03:58:32 gtw01 dnsmasq-dhcp[16241]: DHCPACK(tap1c74ca54-4e) 192.168.120.14 fa:16:3e:e4:3d:d7 host-192-168-120-14
Jun 20 03:58:41 gtw01 dnsmasq-dhcp[16950]: DHCPDISCOVER(tap1e2d44d1-b2) fa:16:3e:a3:2e:1f
Jun 20 03:58:41 gtw01 dnsmasq-dhcp[16950]: DHCPOFFER(tap1e2d44d1-b2) 192.168.120.5 fa:16:3e:a3:2e:1f
Jun 20 03:58:41 gtw01 dnsmasq-dhcp[16950]: DHCPREQUEST(tap1e2d44d1-b2) 192.168.120.5 fa:16:3e:a3:2e:1f
Jun 20 03:58:41 gtw01 dnsmasq-dhcp[16950]: DHCPACK(tap1e2d44d1-b2) 192.168.120.5 fa:16:3e:a3:2e:1f host-192-168-120-5
Jun 20 03:58:49 gtw01 dnsmasq-dhcp[16950]: DHCPRELEASE(tap1e2d44d1-b2) 192.168.120.5 fa:16:3e:a3:2e:1f
Jun 20 03:58:49 gtw01 dnsmasq-dhcp[16950]: DHCPRELEASE(tap1e2d44d1-b2) 192.168.120.5 fa:16:3e:a3:2e:1f unknown lease
Jun 20 03:58:50 gtw01 dnsmasq[16241]: read /var/lib/neutron/dhcp/8bd7fcc4-16e7-4df3-a7dd-878d16565cc0/addn_hosts - 3 addresses
Jun 20 03:58:50 gtw01 dnsmasq-dhcp[16241]: read /var/lib/neutron/dhcp/8bd7fcc4-16e7-4df3-a7dd-878d16565cc0/host
Jun 20 03:58:50 gtw01 dnsmasq-dhcp[16241]: read /var/lib/neutron/dhcp/8bd7fcc4-16e7-4df3-a7dd-878d16565cc0/opts
Jun 20 03:58:50 gtw01 dnsmasq[16950]: read /var/lib/neutron/dhcp/28b7e9ee-1d52-40d4-8f0d-32c430609d04/addn_hosts - 2 addresses
Jun 20 03:58:50 gtw01 dnsmasq-dhcp[16950]: read /var/lib/neutron/dhcp/28b7e9ee-1d52-40d4-8f0d-32c430609d04/host
Jun 20 03:58:50 gtw01 dnsmasq-dhcp[16950]: read /var/lib/neutron/dhcp/28b7e9ee-1d52-40d4-8f0d-32c430609d04/opts
Jun 20 03:58:51 gtw01 kernel: [ 5733.441611] device vxlan_sys_4789 left promiscuous mode
Jun 20 03:58:52 gtw01 dnsmasq-dhcp[16241]: DHCPRELEASE(tap1c74ca54-4e) 192.168.120.14 fa:16:3e:e4:3d:d7
Jun 20 03:58:52 gtw01 dnsmasq-dhcp[16241]: DHCPRELEASE(tap1c74ca54-4e) 192.168.120.14 fa:16:3e:e4:3d:d7 unknown lease
Jun 20 03:58:53 gtw01 dnsmasq[16241]: read /var/lib/neutron/dhcp/8bd7fcc4-16e7-4df3-a7dd-878d16565cc0/addn_hosts - 2 addresses
Jun 20 03:58:53 gtw01 dnsmasq-dhcp[16241]: read /var/lib/neutron/dhcp/8bd7fcc4-16e7-4df3-a7dd-878d16565cc0/host
Jun 20 03:58:53 gtw01 dnsmasq-dhcp[16241]: read /var/lib/neutron/dhcp/8bd7fcc4-16e7-4df3-a7dd-878d16565cc0/opts
Jun 20 03:58:54 gtw01 dnsmasq[17730]: read /var/lib/neutron/dhcp/b2338c06-4721-4efa-88d3-d3a04dcce86d/addn_hosts - 1 addresses
Jun 20 03:58:54 gtw01 dnsmasq-dhcp[17730]: read /var/lib/neutron/dhcp/b2338c06-4721-4efa-88d3-d3a04dcce86d/host
Jun 20 03:58:54 gtw01 dnsmasq-dhcp[17730]: read /var/lib/neutron/dhcp/b2338c06-4721-4efa-88d3-d3a04dcce86d/opts
Jun 20 03:58:55 gtw01 haproxy-metadata-proxy-b2338c06-4721-4efa-88d3-d3a04dcce86d[19253]: Proxy listener started.
Jun 20 03:58:55 gtw01 kernel: [ 5737.688939] device qr-2ddee65c-ae left promiscuous mode
Jun 20 03:58:56 gtw01 kernel: [ 5738.504859] device qg-adca5630-f5 left promiscuous mode
Jun 20 03:58:58 gtw01 kernel: [ 5740.266345] device tap605d1003-97 left promiscuous mode
Jun 20 03:59:01 gtw01 dnsmasq[16950]: read /var/lib/neutron/dhcp/28b7e9ee-1d52-40d4-8f0d-32c430609d04/addn_hosts - 1 addresses
Jun 20 03:59:01 gtw01 dnsmasq-dhcp[16950]: read /var/lib/neutron/dhcp/28b7e9ee-1d52-40d4-8f0d-32c430609d04/host
Jun 20 03:59:01 gtw01 dnsmasq-dhcp[16950]: read /var/lib/neutron/dhcp/28b7e9ee-1d52-40d4-8f0d-32c430609d04/opts
Jun 20 03:59:02 gtw01 haproxy-metadata-proxy-28b7e9ee-1d52-40d4-8f0d-32c430609d04[19389]: Proxy listener started.
Jun 20 03:59:03 gtw01 kernel: [ 5745.513897] device qr-2178b691-35 left promiscuous mode
Jun 20 03:59:04 gtw01 kernel: [ 5746.283015] device qg-a45bbb78-46 left promiscuous mode
Jun 20 03:59:06 gtw01 dnsmasq[16241]: read /var/lib/neutron/dhcp/8bd7fcc4-16e7-4df3-a7dd-878d16565cc0/addn_hosts - 3 addresses
Jun 20 03:59:06 gtw01 dnsmasq-dhcp[16241]: read /var/lib/neutron/dhcp/8bd7fcc4-16e7-4df3-a7dd-878d16565cc0/host
Jun 20 03:59:06 gtw01 dnsmasq-dhcp[16241]: read /var/lib/neutron/dhcp/8bd7fcc4-16e7-4df3-a7dd-878d16565cc0/opts
Jun 20 03:59:07 gtw01 dnsmasq[16241]: read /var/lib/neutron/dhcp/8bd7fcc4-16e7-4df3-a7dd-878d16565cc0/addn_hosts - 3 addresses
Jun 20 03:59:07 gtw01 dnsmasq-dhcp[16241]: read /var/lib/neutron/dhcp/8bd7fcc4-16e7-4df3-a7dd-878d16565cc0/host
Jun 20 03:59:07 gtw01 dnsmasq-dhcp[16241]: read /var/lib/neutron/dhcp/8bd7fcc4-16e7-4df3-a7dd-878d16565cc0/opts
Jun 20 03:59:07 gtw01 kernel: [ 5749.330366] device tap1e2d44d1-b2 left promiscuous mode
Jun 20 03:59:08 gtw01 dnsmasq[16241]: read /var/lib/neutron/dhcp/8bd7fcc4-16e7-4df3-a7dd-878d16565cc0/addn_hosts - 3 addresses
Jun 20 03:59:08 gtw01 dnsmasq-dhcp[16241]: read /var/lib/neutron/dhcp/8bd7fcc4-16e7-4df3-a7dd-878d16565cc0/host
Jun 20 03:59:08 gtw01 dnsmasq-dhcp[16241]: read /var/lib/neutron/dhcp/8bd7fcc4-16e7-4df3-a7dd-878d16565cc0/opts
Jun 20 03:59:10 gtw01 kernel: [ 5752.075869] device vxlan_sys_4789 entered promiscuous mode
Jun 20 03:59:10 gtw01 systemd-udevd[19565]: Could not generate persistent MAC address for vxlan_sys_4789: No such file or directory
Jun 20 03:59:17 gtw01 dnsmasq[16241]: read /var/lib/neutron/dhcp/8bd7fcc4-16e7-4df3-a7dd-878d16565cc0/addn_hosts - 4 addresses
Jun 20 03:59:17 gtw01 dnsmasq-dhcp[16241]: read /var/lib/neutron/dhcp/8bd7fcc4-16e7-4df3-a7dd-878d16565cc0/host
Jun 20 03:59:17 gtw01 dnsmasq-dhcp[16241]: read /var/lib/neutron/dhcp/8bd7fcc4-16e7-4df3-a7dd-878d16565cc0/opts
Jun 20 03:59:19 gtw01 dnsmasq[16241]: read /var/lib/neutron/dhcp/8bd7fcc4-16e7-4df3-a7dd-878d16565cc0/addn_hosts - 5 addresses
Jun 20 03:59:19 gtw01 dnsmasq-dhcp[16241]: read /var/lib/neutron/dhcp/8bd7fcc4-16e7-4df3-a7dd-878d16565cc0/host
Jun 20 03:59:19 gtw01 dnsmasq-dhcp[16241]: read /var/lib/neutron/dhcp/8bd7fcc4-16e7-4df3-a7dd-878d16565cc0/opts
Jun 20 03:59:19 gtw01 dnsmasq[16241]: read /var/lib/neutron/dhcp/8bd7fcc4-16e7-4df3-a7dd-878d16565cc0/addn_hosts - 5 addresses
Jun 20 03:59:19 gtw01 dnsmasq-dhcp[16241]: read /var/lib/neutron/dhcp/8bd7fcc4-16e7-4df3-a7dd-878d16565cc0/host
Jun 20 03:59:19 gtw01 dnsmasq-dhcp[16241]: read /var/lib/neutron/dhcp/8bd7fcc4-16e7-4df3-a7dd-878d16565cc0/opts
Jun 20 03:59:20 gtw01 dnsmasq-dhcp[16241]: DHCPDISCOVER(tap1c74ca54-4e) fa:16:3e:dd:58:a5
Jun 20 03:59:20 gtw01 dnsmasq-dhcp[16241]: DHCPOFFER(tap1c74ca54-4e) 192.168.120.25 fa:16:3e:dd:58:a5
Jun 20 03:59:20 gtw01 dnsmasq-dhcp[16241]: DHCPREQUEST(tap1c74ca54-4e) 192.168.120.25 fa:16:3e:dd:58:a5
Jun 20 03:59:20 gtw01 dnsmasq-dhcp[16241]: DHCPACK(tap1c74ca54-4e) 192.168.120.25 fa:16:3e:dd:58:a5 host-192-168-120-25
Jun 20 03:59:20 gtw01 dnsmasq[16241]: read /var/lib/neutron/dhcp/8bd7fcc4-16e7-4df3-a7dd-878d16565cc0/addn_hosts - 5 addresses
Jun 20 03:59:20 gtw01 dnsmasq-dhcp[16241]: read /var/lib/neutron/dhcp/8bd7fcc4-16e7-4df3-a7dd-878d16565cc0/host
Jun 20 03:59:20 gtw01 dnsmasq-dhcp[16241]: read /var/lib/neutron/dhcp/8bd7fcc4-16e7-4df3-a7dd-878d16565cc0/opts
Jun 20 03:59:21 gtw01 dnsmasq[16241]: read /var/lib/neutron/dhcp/8bd7fcc4-16e7-4df3-a7dd-878d16565cc0/addn_hosts - 5 addresses
Jun 20 03:59:21 gtw01 dnsmasq-dhcp[16241]: read /var/lib/neutron/dhcp/8bd7fcc4-16e7-4df3-a7dd-878d16565cc0/host
Jun 20 03:59:21 gtw01 dnsmasq-dhcp[16241]: read /var/lib/neutron/dhcp/8bd7fcc4-16e7-4df3-a7dd-878d16565cc0/opts
Jun 20 03:59:22 gtw01 dnsmasq[16241]: read /var/lib/neutron/dhcp/8bd7fcc4-16e7-4df3-a7dd-878d16565cc0/addn_hosts - 5 addresses
Jun 20 03:59:22 gtw01 dnsmasq-dhcp[16241]: read /var/lib/neutron/dhcp/8bd7fcc4-16e7-4df3-a7dd-878d16565cc0/host
Jun 20 03:59:22 gtw01 dnsmasq-dhcp[16241]: read /var/lib/neutron/dhcp/8bd7fcc4-16e7-4df3-a7dd-878d16565cc0/opts
Jun 20 03:59:33 gtw01 dnsmasq-dhcp[16241]: DHCPDISCOVER(tap1c74ca54-4e) fa:16:3e:17:3f:ba
Jun 20 03:59:33 gtw01 dnsmasq-dhcp[16241]: DHCPOFFER(tap1c74ca54-4e) 192.168.120.5 fa:16:3e:17:3f:ba
Jun 20 03:59:34 gtw01 dnsmasq-dhcp[16241]: DHCPREQUEST(tap1c74ca54-4e) 192.168.120.5 fa:16:3e:17:3f:ba
Jun 20 03:59:34 gtw01 dnsmasq-dhcp[16241]: DHCPACK(tap1c74ca54-4e) 192.168.120.5 fa:16:3e:17:3f:ba host-192-168-120-5
Jun 20 03:59:35 gtw01 dnsmasq[16241]: read /var/lib/neutron/dhcp/8bd7fcc4-16e7-4df3-a7dd-878d16565cc0/addn_hosts - 6 addresses
Jun 20 03:59:35 gtw01 dnsmasq-dhcp[16241]: read /var/lib/neutron/dhcp/8bd7fcc4-16e7-4df3-a7dd-878d16565cc0/host
Jun 20 03:59:35 gtw01 dnsmasq-dhcp[16241]: read /var/lib/neutron/dhcp/8bd7fcc4-16e7-4df3-a7dd-878d16565cc0/opts
Jun 20 03:59:36 gtw01 dnsmasq[16241]: read /var/lib/neutron/dhcp/8bd7fcc4-16e7-4df3-a7dd-878d16565cc0/addn_hosts - 6 addresses
Jun 20 03:59:36 gtw01 dnsmasq-dhcp[16241]: read /var/lib/neutron/dhcp/8bd7fcc4-16e7-4df3-a7dd-878d16565cc0/host
Jun 20 03:59:36 gtw01 dnsmasq-dhcp[16241]: read /var/lib/neutron/dhcp/8bd7fcc4-16e7-4df3-a7dd-878d16565cc0/opts
Jun 20 03:59:37 gtw01 dnsmasq[16241]: read /var/lib/neutron/dhcp/8bd7fcc4-16e7-4df3-a7dd-878d16565cc0/addn_hosts - 7 addresses
Jun 20 03:59:37 gtw01 dnsmasq-dhcp[16241]: read /var/lib/neutron/dhcp/8bd7fcc4-16e7-4df3-a7dd-878d16565cc0/host
Jun 20 03:59:37 gtw01 dnsmasq-dhcp[16241]: read /var/lib/neutron/dhcp/8bd7fcc4-16e7-4df3-a7dd-878d16565cc0/opts
Jun 20 03:59:38 gtw01 dnsmasq[16241]: read /var/lib/neutron/dhcp/8bd7fcc4-16e7-4df3-a7dd-878d16565cc0/addn_hosts - 7 addresses
Jun 20 03:59:38 gtw01 dnsmasq-dhcp[16241]: read /var/lib/neutron/dhcp/8bd7fcc4-16e7-4df3-a7dd-878d16565cc0/host
Jun 20 03:59:38 gtw01 dnsmasq-dhcp[16241]: read /var/lib/neutron/dhcp/8bd7fcc4-16e7-4df3-a7dd-878d16565cc0/opts
Jun 20 03:59:39 gtw01 dnsmasq[16241]: read /var/lib/neutron/dhcp/8bd7fcc4-16e7-4df3-a7dd-878d16565cc0/addn_hosts - 7 addresses
Jun 20 03:59:39 gtw01 dnsmasq-dhcp[16241]: read /var/lib/neutron/dhcp/8bd7fcc4-16e7-4df3-a7dd-878d16565cc0/host
Jun 20 03:59:39 gtw01 dnsmasq-dhcp[16241]: read /var/lib/neutron/dhcp/8bd7fcc4-16e7-4df3-a7dd-878d16565cc0/opts
Jun 20 03:59:40 gtw01 dnsmasq[16241]: read /var/lib/neutron/dhcp/8bd7fcc4-16e7-4df3-a7dd-878d16565cc0/addn_hosts - 7 addresses
Jun 20 03:59:40 gtw01 dnsmasq-dhcp[16241]: read /var/lib/neutron/dhcp/8bd7fcc4-16e7-4df3-a7dd-878d16565cc0/host
Jun 20 03:59:40 gtw01 dnsmasq-dhcp[16241]: read /var/lib/neutron/dhcp/8bd7fcc4-16e7-4df3-a7dd-878d16565cc0/opts
Jun 20 03:59:42 gtw01 dnsmasq-dhcp[16241]: DHCPDISCOVER(tap1c74ca54-4e) fa:16:3e:fb:9a:c5
Jun 20 03:59:42 gtw01 dnsmasq-dhcp[16241]: DHCPOFFER(tap1c74ca54-4e) 192.168.120.26 fa:16:3e:fb:9a:c5
Jun 20 03:59:42 gtw01 dnsmasq-dhcp[16241]: DHCPREQUEST(tap1c74ca54-4e) 192.168.120.26 fa:16:3e:fb:9a:c5
Jun 20 03:59:42 gtw01 dnsmasq-dhcp[16241]: DHCPACK(tap1c74ca54-4e) 192.168.120.26 fa:16:3e:fb:9a:c5 host-192-168-120-26
Jun 20 03:59:59 gtw01 dnsmasq-dhcp[16241]: DHCPDISCOVER(tap1c74ca54-4e) fa:16:3e:98:65:2a
Jun 20 03:59:59 gtw01 dnsmasq-dhcp[16241]: DHCPOFFER(tap1c74ca54-4e) 192.168.120.11 fa:16:3e:98:65:2a
Jun 20 03:59:59 gtw01 dnsmasq-dhcp[16241]: DHCPREQUEST(tap1c74ca54-4e) 192.168.120.11 fa:16:3e:98:65:2a
Jun 20 03:59:59 gtw01 dnsmasq-dhcp[16241]: DHCPACK(tap1c74ca54-4e) 192.168.120.11 fa:16:3e:98:65:2a host-192-168-120-11
Jun 20 04:00:06 gtw01 dnsmasq[16241]: read /var/lib/neutron/dhcp/8bd7fcc4-16e7-4df3-a7dd-878d16565cc0/addn_hosts - 6 addresses
Jun 20 04:00:06 gtw01 dnsmasq-dhcp[16241]: read /var/lib/neutron/dhcp/8bd7fcc4-16e7-4df3-a7dd-878d16565cc0/host
Jun 20 04:00:06 gtw01 dnsmasq-dhcp[16241]: read /var/lib/neutron/dhcp/8bd7fcc4-16e7-4df3-a7dd-878d16565cc0/opts
Jun 20 04:00:08 gtw01 dnsmasq-dhcp[16241]: DHCPRELEASE(tap1c74ca54-4e) 192.168.120.11 fa:16:3e:98:65:2a
Jun 20 04:00:08 gtw01 dnsmasq-dhcp[16241]: DHCPRELEASE(tap1c74ca54-4e) 192.168.120.11 fa:16:3e:98:65:2a unknown lease
Jun 20 04:00:09 gtw01 dnsmasq[16241]: read /var/lib/neutron/dhcp/8bd7fcc4-16e7-4df3-a7dd-878d16565cc0/addn_hosts - 5 addresses
Jun 20 04:00:09 gtw01 dnsmasq-dhcp[16241]: read /var/lib/neutron/dhcp/8bd7fcc4-16e7-4df3-a7dd-878d16565cc0/host
Jun 20 04:00:09 gtw01 dnsmasq-dhcp[16241]: read /var/lib/neutron/dhcp/8bd7fcc4-16e7-4df3-a7dd-878d16565cc0/opts
Jun 20 04:00:12 gtw01 dnsmasq-dhcp[16241]: DHCPRELEASE(tap1c74ca54-4e) 192.168.120.26 fa:16:3e:fb:9a:c5
Jun 20 04:00:12 gtw01 dnsmasq-dhcp[16241]: DHCPRELEASE(tap1c74ca54-4e) 192.168.120.26 fa:16:3e:fb:9a:c5 unknown lease
Jun 20 04:00:13 gtw01 dnsmasq[16241]: read /var/lib/neutron/dhcp/8bd7fcc4-16e7-4df3-a7dd-878d16565cc0/addn_hosts - 4 addresses
Jun 20 04:00:13 gtw01 dnsmasq-dhcp[16241]: read /var/lib/neutron/dhcp/8bd7fcc4-16e7-4df3-a7dd-878d16565cc0/host
Jun 20 04:00:13 gtw01 dnsmasq-dhcp[16241]: read /var/lib/neutron/dhcp/8bd7fcc4-16e7-4df3-a7dd-878d16565cc0/opts
Jun 20 04:00:14 gtw01 dnsmasq-dhcp[16241]: DHCPRELEASE(tap1c74ca54-4e) 192.168.120.5 fa:16:3e:17:3f:ba
Jun 20 04:00:14 gtw01 dnsmasq-dhcp[16241]: DHCPRELEASE(tap1c74ca54-4e) 192.168.120.5 fa:16:3e:17:3f:ba unknown lease
Jun 20 04:00:15 gtw01 dnsmasq[16241]: read /var/lib/neutron/dhcp/8bd7fcc4-16e7-4df3-a7dd-878d16565cc0/addn_hosts - 3 addresses
Jun 20 04:00:15 gtw01 dnsmasq-dhcp[16241]: read /var/lib/neutron/dhcp/8bd7fcc4-16e7-4df3-a7dd-878d16565cc0/host
Jun 20 04:00:15 gtw01 dnsmasq-dhcp[16241]: read /var/lib/neutron/dhcp/8bd7fcc4-16e7-4df3-a7dd-878d16565cc0/opts
Jun 20 04:00:15 gtw01 kernel: [ 5817.651829] device vxlan_sys_4789 left promiscuous mode
Jun 20 04:00:16 gtw01 dnsmasq-dhcp[16241]: DHCPRELEASE(tap1c74ca54-4e) 192.168.120.25 fa:16:3e:dd:58:a5
Jun 20 04:00:16 gtw01 dnsmasq-dhcp[16241]: DHCPRELEASE(tap1c74ca54-4e) 192.168.120.25 fa:16:3e:dd:58:a5 unknown lease
Jun 20 04:00:17 gtw01 dnsmasq[16241]: read /var/lib/neutron/dhcp/8bd7fcc4-16e7-4df3-a7dd-878d16565cc0/addn_hosts - 2 addresses
Jun 20 04:00:17 gtw01 dnsmasq-dhcp[16241]: read /var/lib/neutron/dhcp/8bd7fcc4-16e7-4df3-a7dd-878d16565cc0/host
Jun 20 04:00:17 gtw01 dnsmasq-dhcp[16241]: read /var/lib/neutron/dhcp/8bd7fcc4-16e7-4df3-a7dd-878d16565cc0/opts
Jun 20 04:00:25 gtw01 dnsmasq[16241]: read /var/lib/neutron/dhcp/8bd7fcc4-16e7-4df3-a7dd-878d16565cc0/addn_hosts - 3 addresses
Jun 20 04:00:25 gtw01 dnsmasq-dhcp[16241]: read /var/lib/neutron/dhcp/8bd7fcc4-16e7-4df3-a7dd-878d16565cc0/host
Jun 20 04:00:25 gtw01 dnsmasq-dhcp[16241]: read /var/lib/neutron/dhcp/8bd7fcc4-16e7-4df3-a7dd-878d16565cc0/opts
Jun 20 04:00:26 gtw01 dnsmasq[16241]: read /var/lib/neutron/dhcp/8bd7fcc4-16e7-4df3-a7dd-878d16565cc0/addn_hosts - 3 addresses
Jun 20 04:00:26 gtw01 dnsmasq-dhcp[16241]: read /var/lib/neutron/dhcp/8bd7fcc4-16e7-4df3-a7dd-878d16565cc0/host
Jun 20 04:00:26 gtw01 dnsmasq-dhcp[16241]: read /var/lib/neutron/dhcp/8bd7fcc4-16e7-4df3-a7dd-878d16565cc0/opts
Jun 20 04:00:27 gtw01 dnsmasq[16241]: read /var/lib/neutron/dhcp/8bd7fcc4-16e7-4df3-a7dd-878d16565cc0/addn_hosts - 3 addresses
Jun 20 04:00:27 gtw01 dnsmasq-dhcp[16241]: read /var/lib/neutron/dhcp/8bd7fcc4-16e7-4df3-a7dd-878d16565cc0/host
Jun 20 04:00:27 gtw01 dnsmasq-dhcp[16241]: read /var/lib/neutron/dhcp/8bd7fcc4-16e7-4df3-a7dd-878d16565cc0/opts
Jun 20 04:00:29 gtw01 systemd-udevd[20054]: Could not generate persistent MAC address for tap65fb062a-a5: No such file or directory
Jun 20 04:00:29 gtw01 kernel: [ 5831.640628] device tap65fb062a-a5 entered promiscuous mode
Jun 20 04:00:29 gtw01 systemd-udevd[20054]: Process '/sbin/ip link set tap65fb062a-a5 txqueuelen 10000' failed with exit code 1.
Jun 20 04:00:30 gtw01 systemd-udevd[20128]: Process '/sbin/ip link set tap65fb062a-a5 txqueuelen 10000' failed with exit code 1.
Jun 20 04:00:33 gtw01 dnsmasq[20218]: started, version 2.80 cachesize 150
Jun 20 04:00:33 gtw01 dnsmasq[20218]: DNS service limited to local subnets
Jun 20 04:00:33 gtw01 dnsmasq[20218]: compile time options: IPv6 GNU-getopt DBus i18n IDN DHCP DHCPv6 no-Lua TFTP conntrack ipset auth DNSSEC loop-detect inotify dumpfile
Jun 20 04:00:33 gtw01 dnsmasq[20218]: warning: no upstream servers configured
Jun 20 04:00:33 gtw01 dnsmasq-dhcp[20218]: DHCP, static leases only on 192.168.120.0, lease time 1h
Jun 20 04:00:33 gtw01 dnsmasq[20218]: read /var/lib/neutron/dhcp/889ab9ac-44a4-4c54-addf-00fc385c692b/addn_hosts - 1 addresses
Jun 20 04:00:33 gtw01 dnsmasq-dhcp[20218]: read /var/lib/neutron/dhcp/889ab9ac-44a4-4c54-addf-00fc385c692b/host
Jun 20 04:00:33 gtw01 dnsmasq-dhcp[20218]: read /var/lib/neutron/dhcp/889ab9ac-44a4-4c54-addf-00fc385c692b/opts
Jun 20 04:00:33 gtw01 haproxy-metadata-proxy-889ab9ac-44a4-4c54-addf-00fc385c692b[20226]: Proxy listener started.
Jun 20 04:00:33 gtw01 systemd-udevd[20240]: Could not generate persistent MAC address for qr-0820ba13-ac: No such file or directory
Jun 20 04:00:33 gtw01 kernel: [ 5835.473297] device qr-0820ba13-ac entered promiscuous mode
Jun 20 04:00:34 gtw01 dnsmasq[20218]: read /var/lib/neutron/dhcp/889ab9ac-44a4-4c54-addf-00fc385c692b/addn_hosts - 2 addresses
Jun 20 04:00:34 gtw01 dnsmasq-dhcp[20218]: read /var/lib/neutron/dhcp/889ab9ac-44a4-4c54-addf-00fc385c692b/host
Jun 20 04:00:34 gtw01 dnsmasq-dhcp[20218]: read /var/lib/neutron/dhcp/889ab9ac-44a4-4c54-addf-00fc385c692b/opts
Jun 20 04:00:34 gtw01 kernel: [ 5836.579533] device qg-106baae3-2f entered promiscuous mode
Jun 20 04:00:34 gtw01 systemd-udevd[20360]: Could not generate persistent MAC address for qg-106baae3-2f: No such file or directory
Jun 20 04:00:35 gtw01 dnsmasq[20218]: read /var/lib/neutron/dhcp/889ab9ac-44a4-4c54-addf-00fc385c692b/addn_hosts - 2 addresses
Jun 20 04:00:35 gtw01 dnsmasq-dhcp[20218]: read /var/lib/neutron/dhcp/889ab9ac-44a4-4c54-addf-00fc385c692b/host
Jun 20 04:00:35 gtw01 dnsmasq-dhcp[20218]: read /var/lib/neutron/dhcp/889ab9ac-44a4-4c54-addf-00fc385c692b/opts
Jun 20 04:00:36 gtw01 dnsmasq[20218]: read /var/lib/neutron/dhcp/889ab9ac-44a4-4c54-addf-00fc385c692b/addn_hosts - 2 addresses
Jun 20 04:00:36 gtw01 dnsmasq-dhcp[20218]: read /var/lib/neutron/dhcp/889ab9ac-44a4-4c54-addf-00fc385c692b/host
Jun 20 04:00:36 gtw01 dnsmasq-dhcp[20218]: read /var/lib/neutron/dhcp/889ab9ac-44a4-4c54-addf-00fc385c692b/opts
Jun 20 04:00:37 gtw01 dnsmasq[20218]: read /var/lib/neutron/dhcp/889ab9ac-44a4-4c54-addf-00fc385c692b/addn_hosts - 2 addresses
Jun 20 04:00:37 gtw01 dnsmasq-dhcp[20218]: read /var/lib/neutron/dhcp/889ab9ac-44a4-4c54-addf-00fc385c692b/host
Jun 20 04:00:37 gtw01 dnsmasq-dhcp[20218]: read /var/lib/neutron/dhcp/889ab9ac-44a4-4c54-addf-00fc385c692b/opts
Jun 20 04:00:37 gtw01 systemd-udevd[20545]: Could not generate persistent MAC address for vxlan_sys_4789: No such file or directory
Jun 20 04:00:37 gtw01 kernel: [ 5838.920462] device vxlan_sys_4789 entered promiscuous mode
Jun 20 04:00:38 gtw01 dnsmasq[20218]: read /var/lib/neutron/dhcp/889ab9ac-44a4-4c54-addf-00fc385c692b/addn_hosts - 2 addresses
Jun 20 04:00:38 gtw01 dnsmasq-dhcp[20218]: read /var/lib/neutron/dhcp/889ab9ac-44a4-4c54-addf-00fc385c692b/host
Jun 20 04:00:38 gtw01 dnsmasq-dhcp[20218]: read /var/lib/neutron/dhcp/889ab9ac-44a4-4c54-addf-00fc385c692b/opts
Jun 20 04:00:40 gtw01 dnsmasq[20218]: read /var/lib/neutron/dhcp/889ab9ac-44a4-4c54-addf-00fc385c692b/addn_hosts - 3 addresses
Jun 20 04:00:40 gtw01 dnsmasq-dhcp[20218]: read /var/lib/neutron/dhcp/889ab9ac-44a4-4c54-addf-00fc385c692b/host
Jun 20 04:00:40 gtw01 dnsmasq-dhcp[20218]: read /var/lib/neutron/dhcp/889ab9ac-44a4-4c54-addf-00fc385c692b/opts
Jun 20 04:00:41 gtw01 haproxy-metadata-proxy-7accde06-3457-49c7-95fa-8a4d79f029a9[20745]: Proxy listener started.
Jun 20 04:00:41 gtw01 dnsmasq[20218]: read /var/lib/neutron/dhcp/889ab9ac-44a4-4c54-addf-00fc385c692b/addn_hosts - 3 addresses
Jun 20 04:00:41 gtw01 dnsmasq-dhcp[20218]: read /var/lib/neutron/dhcp/889ab9ac-44a4-4c54-addf-00fc385c692b/host
Jun 20 04:00:41 gtw01 dnsmasq-dhcp[20218]: read /var/lib/neutron/dhcp/889ab9ac-44a4-4c54-addf-00fc385c692b/opts
Jun 20 04:00:42 gtw01 dnsmasq[20218]: read /var/lib/neutron/dhcp/889ab9ac-44a4-4c54-addf-00fc385c692b/addn_hosts - 3 addresses
Jun 20 04:00:42 gtw01 dnsmasq-dhcp[20218]: read /var/lib/neutron/dhcp/889ab9ac-44a4-4c54-addf-00fc385c692b/host
Jun 20 04:00:42 gtw01 dnsmasq-dhcp[20218]: read /var/lib/neutron/dhcp/889ab9ac-44a4-4c54-addf-00fc385c692b/opts
Jun 20 04:00:43 gtw01 dnsmasq[20218]: read /var/lib/neutron/dhcp/889ab9ac-44a4-4c54-addf-00fc385c692b/addn_hosts - 3 addresses
