Jun 20 04:09:31 gtw01 dnsmasq-dhcp[3262]: read /var/lib/neutron/dhcp/7355789f-b9db-4963-b23a-f56b6afd9a2e/opts
Jun 20 04:09:31 gtw01 haproxy-metadata-proxy-c1b4e40d-e548-4dc3-b364-6d4a14bcc9c0[3575]: Proxy listener started.
Jun 20 04:09:31 gtw01 dnsmasq[3262]: read /var/lib/neutron/dhcp/7355789f-b9db-4963-b23a-f56b6afd9a2e/addn_hosts - 4 addresses
Jun 20 04:09:31 gtw01 dnsmasq-dhcp[3262]: read /var/lib/neutron/dhcp/7355789f-b9db-4963-b23a-f56b6afd9a2e/host
Jun 20 04:09:31 gtw01 dnsmasq-dhcp[3262]: read /var/lib/neutron/dhcp/7355789f-b9db-4963-b23a-f56b6afd9a2e/opts
Jun 20 04:09:32 gtw01 dnsmasq[3262]: read /var/lib/neutron/dhcp/7355789f-b9db-4963-b23a-f56b6afd9a2e/addn_hosts - 4 addresses
Jun 20 04:09:32 gtw01 dnsmasq-dhcp[3262]: read /var/lib/neutron/dhcp/7355789f-b9db-4963-b23a-f56b6afd9a2e/host
Jun 20 04:09:32 gtw01 dnsmasq-dhcp[3262]: read /var/lib/neutron/dhcp/7355789f-b9db-4963-b23a-f56b6afd9a2e/opts
Jun 20 04:09:34 gtw01 kernel: [ 6375.945011] device qr-3e7978e3-de left promiscuous mode
Jun 20 04:09:36 gtw01 kernel: [ 6378.653137] device qg-efa25963-2f left promiscuous mode
Jun 20 04:09:37 gtw01 dnsmasq[16241]: read /var/lib/neutron/dhcp/8bd7fcc4-16e7-4df3-a7dd-878d16565cc0/addn_hosts - 3 addresses
Jun 20 04:09:37 gtw01 dnsmasq-dhcp[16241]: read /var/lib/neutron/dhcp/8bd7fcc4-16e7-4df3-a7dd-878d16565cc0/host
Jun 20 04:09:37 gtw01 dnsmasq-dhcp[16241]: read /var/lib/neutron/dhcp/8bd7fcc4-16e7-4df3-a7dd-878d16565cc0/opts
Jun 20 04:09:37 gtw01 kernel: [ 6379.403335] device tapbedbc98b-8a left promiscuous mode
Jun 20 04:09:37 gtw01 dnsmasq[16241]: read /var/lib/neutron/dhcp/8bd7fcc4-16e7-4df3-a7dd-878d16565cc0/addn_hosts - 3 addresses
Jun 20 04:09:37 gtw01 dnsmasq-dhcp[16241]: read /var/lib/neutron/dhcp/8bd7fcc4-16e7-4df3-a7dd-878d16565cc0/host
Jun 20 04:09:37 gtw01 dnsmasq-dhcp[16241]: read /var/lib/neutron/dhcp/8bd7fcc4-16e7-4df3-a7dd-878d16565cc0/opts
Jun 20 04:09:38 gtw01 dnsmasq[16241]: read /var/lib/neutron/dhcp/8bd7fcc4-16e7-4df3-a7dd-878d16565cc0/addn_hosts - 3 addresses
Jun 20 04:09:38 gtw01 dnsmasq-dhcp[16241]: read /var/lib/neutron/dhcp/8bd7fcc4-16e7-4df3-a7dd-878d16565cc0/host
Jun 20 04:09:38 gtw01 dnsmasq-dhcp[16241]: read /var/lib/neutron/dhcp/8bd7fcc4-16e7-4df3-a7dd-878d16565cc0/opts
Jun 20 04:09:41 gtw01 dnsmasq-dhcp[3262]: DHCPDISCOVER(tap13bf2404-0b) fa:16:3e:22:d7:ab
Jun 20 04:09:41 gtw01 dnsmasq-dhcp[3262]: DHCPOFFER(tap13bf2404-0b) 192.168.120.12 fa:16:3e:22:d7:ab
Jun 20 04:09:41 gtw01 dnsmasq-dhcp[3262]: DHCPREQUEST(tap13bf2404-0b) 192.168.120.12 fa:16:3e:22:d7:ab
Jun 20 04:09:41 gtw01 dnsmasq-dhcp[3262]: DHCPACK(tap13bf2404-0b) 192.168.120.12 fa:16:3e:22:d7:ab host-192-168-120-12
Jun 20 04:09:42 gtw01 dnsmasq-dhcp[3262]: DHCPDISCOVER(tap13bf2404-0b) fa:16:3e:70:80:af
Jun 20 04:09:42 gtw01 dnsmasq-dhcp[3262]: DHCPOFFER(tap13bf2404-0b) 192.168.120.3 fa:16:3e:70:80:af
Jun 20 04:09:42 gtw01 dnsmasq-dhcp[3262]: DHCPREQUEST(tap13bf2404-0b) 192.168.120.3 fa:16:3e:70:80:af
Jun 20 04:09:42 gtw01 dnsmasq-dhcp[3262]: DHCPACK(tap13bf2404-0b) 192.168.120.3 fa:16:3e:70:80:af host-192-168-120-3
Jun 20 04:09:45 gtw01 kernel: [ 6387.318738] device tapbce6c875-15 entered promiscuous mode
Jun 20 04:09:45 gtw01 systemd-udevd[3809]: Could not generate persistent MAC address for tapbce6c875-15: No such file or directory
Jun 20 04:09:45 gtw01 systemd-udevd[3809]: Process '/sbin/ip link set tapbce6c875-15 txqueuelen 10000' failed with exit code 1.
Jun 20 04:09:45 gtw01 systemd-udevd[3809]: Process '/sbin/ip link set tapbce6c875-15 txqueuelen 10000' failed with exit code 1.
Jun 20 04:09:46 gtw01 dnsmasq-dhcp[3262]: DHCPDISCOVER(tap13bf2404-0b) fa:16:3e:26:c3:34
Jun 20 04:09:46 gtw01 dnsmasq-dhcp[3262]: DHCPOFFER(tap13bf2404-0b) 192.168.120.7 fa:16:3e:26:c3:34
Jun 20 04:09:46 gtw01 dnsmasq-dhcp[3262]: DHCPREQUEST(tap13bf2404-0b) 192.168.120.7 fa:16:3e:26:c3:34
Jun 20 04:09:46 gtw01 dnsmasq-dhcp[3262]: DHCPACK(tap13bf2404-0b) 192.168.120.7 fa:16:3e:26:c3:34 host-192-168-120-7
Jun 20 04:09:48 gtw01 kernel: [ 6390.274745] device qr-73a56d46-2d entered promiscuous mode
Jun 20 04:09:48 gtw01 systemd-udevd[3984]: Could not generate persistent MAC address for qr-73a56d46-2d: No such file or directory
Jun 20 04:09:48 gtw01 dnsmasq[4061]: started, version 2.80 cachesize 150
Jun 20 04:09:48 gtw01 dnsmasq[4061]: DNS service limited to local subnets
Jun 20 04:09:48 gtw01 dnsmasq[4061]: compile time options: IPv6 GNU-getopt DBus i18n IDN DHCP DHCPv6 no-Lua TFTP conntrack ipset auth DNSSEC loop-detect inotify dumpfile
Jun 20 04:09:48 gtw01 dnsmasq[4061]: warning: no upstream servers configured
Jun 20 04:09:48 gtw01 dnsmasq-dhcp[4061]: DHCP, static leases only on 192.168.120.0, lease time 1h
Jun 20 04:09:48 gtw01 dnsmasq[4061]: read /var/lib/neutron/dhcp/55fe6503-68b4-4d9b-8438-90ce02b70d9a/addn_hosts - 1 addresses
Jun 20 04:09:48 gtw01 dnsmasq-dhcp[4061]: read /var/lib/neutron/dhcp/55fe6503-68b4-4d9b-8438-90ce02b70d9a/host
Jun 20 04:09:48 gtw01 dnsmasq-dhcp[4061]: read /var/lib/neutron/dhcp/55fe6503-68b4-4d9b-8438-90ce02b70d9a/opts
Jun 20 04:09:48 gtw01 haproxy-metadata-proxy-55fe6503-68b4-4d9b-8438-90ce02b70d9a[4068]: Proxy listener started.
Jun 20 04:09:49 gtw01 dnsmasq[4061]: read /var/lib/neutron/dhcp/55fe6503-68b4-4d9b-8438-90ce02b70d9a/addn_hosts - 2 addresses
Jun 20 04:09:49 gtw01 dnsmasq-dhcp[4061]: read /var/lib/neutron/dhcp/55fe6503-68b4-4d9b-8438-90ce02b70d9a/host
Jun 20 04:09:49 gtw01 dnsmasq-dhcp[4061]: read /var/lib/neutron/dhcp/55fe6503-68b4-4d9b-8438-90ce02b70d9a/opts
Jun 20 04:09:49 gtw01 systemd-udevd[4106]: Could not generate persistent MAC address for qg-644948c0-fb: No such file or directory
Jun 20 04:09:49 gtw01 kernel: [ 6391.457557] device qg-644948c0-fb entered promiscuous mode
Jun 20 04:09:50 gtw01 dnsmasq[4061]: read /var/lib/neutron/dhcp/55fe6503-68b4-4d9b-8438-90ce02b70d9a/addn_hosts - 2 addresses
Jun 20 04:09:50 gtw01 dnsmasq-dhcp[4061]: read /var/lib/neutron/dhcp/55fe6503-68b4-4d9b-8438-90ce02b70d9a/host
Jun 20 04:09:50 gtw01 dnsmasq-dhcp[4061]: read /var/lib/neutron/dhcp/55fe6503-68b4-4d9b-8438-90ce02b70d9a/opts
Jun 20 04:09:51 gtw01 dnsmasq[4061]: read /var/lib/neutron/dhcp/55fe6503-68b4-4d9b-8438-90ce02b70d9a/addn_hosts - 2 addresses
Jun 20 04:09:51 gtw01 dnsmasq-dhcp[4061]: read /var/lib/neutron/dhcp/55fe6503-68b4-4d9b-8438-90ce02b70d9a/host
Jun 20 04:09:51 gtw01 dnsmasq-dhcp[4061]: read /var/lib/neutron/dhcp/55fe6503-68b4-4d9b-8438-90ce02b70d9a/opts
Jun 20 04:09:52 gtw01 dnsmasq-dhcp[16241]: DHCPDISCOVER(tap1c74ca54-4e) fa:16:3e:0a:66:fd
Jun 20 04:09:52 gtw01 dnsmasq-dhcp[16241]: DHCPOFFER(tap1c74ca54-4e) 192.168.120.12 fa:16:3e:0a:66:fd
Jun 20 04:09:52 gtw01 dnsmasq-dhcp[16241]: DHCPREQUEST(tap1c74ca54-4e) 192.168.120.12 fa:16:3e:0a:66:fd
Jun 20 04:09:52 gtw01 dnsmasq-dhcp[16241]: DHCPACK(tap1c74ca54-4e) 192.168.120.12 fa:16:3e:0a:66:fd host-192-168-120-12
Jun 20 04:09:52 gtw01 dnsmasq[4061]: read /var/lib/neutron/dhcp/55fe6503-68b4-4d9b-8438-90ce02b70d9a/addn_hosts - 2 addresses
Jun 20 04:09:52 gtw01 dnsmasq-dhcp[4061]: read /var/lib/neutron/dhcp/55fe6503-68b4-4d9b-8438-90ce02b70d9a/host
Jun 20 04:09:52 gtw01 dnsmasq-dhcp[4061]: read /var/lib/neutron/dhcp/55fe6503-68b4-4d9b-8438-90ce02b70d9a/opts
Jun 20 04:09:52 gtw01 systemd-udevd[4350]: Could not generate persistent MAC address for tap615395f4-83: No such file or directory
Jun 20 04:09:52 gtw01 kernel: [ 6394.501728] device tap615395f4-83 entered promiscuous mode
Jun 20 04:09:52 gtw01 systemd-udevd[4419]: Process '/sbin/ip link set tap615395f4-83 txqueuelen 10000' failed with exit code 1.
Jun 20 04:09:53 gtw01 dnsmasq[4061]: read /var/lib/neutron/dhcp/55fe6503-68b4-4d9b-8438-90ce02b70d9a/addn_hosts - 2 addresses
Jun 20 04:09:53 gtw01 dnsmasq-dhcp[4061]: read /var/lib/neutron/dhcp/55fe6503-68b4-4d9b-8438-90ce02b70d9a/host
Jun 20 04:09:53 gtw01 dnsmasq-dhcp[4061]: read /var/lib/neutron/dhcp/55fe6503-68b4-4d9b-8438-90ce02b70d9a/opts
Jun 20 04:09:53 gtw01 systemd-udevd[4496]: Could not generate persistent MAC address for tap90d100b3-5c: No such file or directory
Jun 20 04:09:53 gtw01 kernel: [ 6395.701587] device tap90d100b3-5c entered promiscuous mode
Jun 20 04:09:54 gtw01 systemd-udevd[4567]: Process '/sbin/ip link set tap90d100b3-5c txqueuelen 10000' failed with exit code 1.
Jun 20 04:09:55 gtw01 dnsmasq-dhcp[16241]: DHCPRELEASE(tap1c74ca54-4e) 192.168.120.12 fa:16:3e:0a:66:fd
Jun 20 04:09:56 gtw01 haproxy-metadata-proxy-d3d994ae-a62d-4fc5-8b20-d05efcc9e77d[4698]: Proxy listener started.
Jun 20 04:09:56 gtw01 dnsmasq[4712]: started, version 2.80 cachesize 150
Jun 20 04:09:56 gtw01 dnsmasq[4712]: DNS service limited to local subnets
Jun 20 04:09:56 gtw01 dnsmasq[4712]: compile time options: IPv6 GNU-getopt DBus i18n IDN DHCP DHCPv6 no-Lua TFTP conntrack ipset auth DNSSEC loop-detect inotify dumpfile
Jun 20 04:09:56 gtw01 dnsmasq[4712]: LOUD WARNING: listening on 19.80.0.2 may accept requests via interfaces other than tap615395f4-83
Jun 20 04:09:56 gtw01 dnsmasq[4712]: LOUD WARNING: use --bind-dynamic rather than --bind-interfaces to avoid DNS amplification attacks via these interface(s)
Jun 20 04:09:56 gtw01 dnsmasq[4712]: warning: no upstream servers configured
Jun 20 04:09:56 gtw01 dnsmasq-dhcp[4712]: DHCP, static leases only on 19.80.0.0, lease time 1h
Jun 20 04:09:56 gtw01 dnsmasq[4712]: read /var/lib/neutron/dhcp/c24a2a46-71ef-4043-bbf0-e007b3ca1388/addn_hosts - 1 addresses
Jun 20 04:09:56 gtw01 dnsmasq-dhcp[4712]: read /var/lib/neutron/dhcp/c24a2a46-71ef-4043-bbf0-e007b3ca1388/host
Jun 20 04:09:56 gtw01 dnsmasq-dhcp[4712]: read /var/lib/neutron/dhcp/c24a2a46-71ef-4043-bbf0-e007b3ca1388/opts
Jun 20 04:09:56 gtw01 haproxy-metadata-proxy-c24a2a46-71ef-4043-bbf0-e007b3ca1388[4720]: Proxy listener started.
Jun 20 04:09:57 gtw01 dnsmasq[4712]: read /var/lib/neutron/dhcp/c24a2a46-71ef-4043-bbf0-e007b3ca1388/addn_hosts - 2 addresses
Jun 20 04:09:57 gtw01 dnsmasq-dhcp[4712]: read /var/lib/neutron/dhcp/c24a2a46-71ef-4043-bbf0-e007b3ca1388/host
Jun 20 04:09:57 gtw01 dnsmasq-dhcp[4712]: read /var/lib/neutron/dhcp/c24a2a46-71ef-4043-bbf0-e007b3ca1388/opts
Jun 20 04:09:57 gtw01 dnsmasq[4758]: started, version 2.80 cachesize 150
Jun 20 04:09:57 gtw01 dnsmasq[4758]: DNS service limited to local subnets
Jun 20 04:09:57 gtw01 dnsmasq[4758]: compile time options: IPv6 GNU-getopt DBus i18n IDN DHCP DHCPv6 no-Lua TFTP conntrack ipset auth DNSSEC loop-detect inotify dumpfile
Jun 20 04:09:57 gtw01 dnsmasq[4758]: LOUD WARNING: listening on 19.86.0.2 may accept requests via interfaces other than tap90d100b3-5c
Jun 20 04:09:57 gtw01 dnsmasq[4758]: LOUD WARNING: use --bind-dynamic rather than --bind-interfaces to avoid DNS amplification attacks via these interface(s)
Jun 20 04:09:57 gtw01 dnsmasq[4758]: warning: no upstream servers configured
Jun 20 04:09:57 gtw01 dnsmasq-dhcp[4758]: DHCP, static leases only on 19.86.0.0, lease time 1h
Jun 20 04:09:57 gtw01 dnsmasq[4758]: read /var/lib/neutron/dhcp/97eac5ed-7122-49e9-ac7b-1647d5f2c4bf/addn_hosts - 1 addresses
Jun 20 04:09:57 gtw01 dnsmasq-dhcp[4758]: read /var/lib/neutron/dhcp/97eac5ed-7122-49e9-ac7b-1647d5f2c4bf/host
Jun 20 04:09:57 gtw01 dnsmasq-dhcp[4758]: read /var/lib/neutron/dhcp/97eac5ed-7122-49e9-ac7b-1647d5f2c4bf/opts
Jun 20 04:09:57 gtw01 dnsmasq[4061]: read /var/lib/neutron/dhcp/55fe6503-68b4-4d9b-8438-90ce02b70d9a/addn_hosts - 2 addresses
Jun 20 04:09:57 gtw01 dnsmasq-dhcp[4061]: read /var/lib/neutron/dhcp/55fe6503-68b4-4d9b-8438-90ce02b70d9a/host
Jun 20 04:09:57 gtw01 dnsmasq-dhcp[4061]: read /var/lib/neutron/dhcp/55fe6503-68b4-4d9b-8438-90ce02b70d9a/opts
Jun 20 04:09:57 gtw01 haproxy-metadata-proxy-97eac5ed-7122-49e9-ac7b-1647d5f2c4bf[4773]: Proxy listener started.
Jun 20 04:09:58 gtw01 dnsmasq[4712]: read /var/lib/neutron/dhcp/c24a2a46-71ef-4043-bbf0-e007b3ca1388/addn_hosts - 2 addresses
Jun 20 04:09:58 gtw01 dnsmasq-dhcp[4712]: read /var/lib/neutron/dhcp/c24a2a46-71ef-4043-bbf0-e007b3ca1388/host
Jun 20 04:09:58 gtw01 dnsmasq-dhcp[4712]: read /var/lib/neutron/dhcp/c24a2a46-71ef-4043-bbf0-e007b3ca1388/opts
Jun 20 04:09:58 gtw01 dnsmasq[4061]: read /var/lib/neutron/dhcp/55fe6503-68b4-4d9b-8438-90ce02b70d9a/addn_hosts - 2 addresses
Jun 20 04:09:58 gtw01 dnsmasq-dhcp[4061]: read /var/lib/neutron/dhcp/55fe6503-68b4-4d9b-8438-90ce02b70d9a/host
Jun 20 04:09:58 gtw01 dnsmasq-dhcp[4061]: read /var/lib/neutron/dhcp/55fe6503-68b4-4d9b-8438-90ce02b70d9a/opts
Jun 20 04:09:58 gtw01 dnsmasq[4758]: read /var/lib/neutron/dhcp/97eac5ed-7122-49e9-ac7b-1647d5f2c4bf/addn_hosts - 2 addresses
Jun 20 04:09:58 gtw01 dnsmasq-dhcp[4758]: read /var/lib/neutron/dhcp/97eac5ed-7122-49e9-ac7b-1647d5f2c4bf/host
Jun 20 04:09:58 gtw01 dnsmasq-dhcp[4758]: read /var/lib/neutron/dhcp/97eac5ed-7122-49e9-ac7b-1647d5f2c4bf/opts
Jun 20 04:09:59 gtw01 dnsmasq[4712]: read /var/lib/neutron/dhcp/c24a2a46-71ef-4043-bbf0-e007b3ca1388/addn_hosts - 2 addresses
Jun 20 04:09:59 gtw01 dnsmasq-dhcp[4712]: read /var/lib/neutron/dhcp/c24a2a46-71ef-4043-bbf0-e007b3ca1388/host
Jun 20 04:09:59 gtw01 dnsmasq-dhcp[4712]: read /var/lib/neutron/dhcp/c24a2a46-71ef-4043-bbf0-e007b3ca1388/opts
Jun 20 04:09:59 gtw01 dnsmasq[4758]: read /var/lib/neutron/dhcp/97eac5ed-7122-49e9-ac7b-1647d5f2c4bf/addn_hosts - 2 addresses
Jun 20 04:09:59 gtw01 dnsmasq-dhcp[4758]: read /var/lib/neutron/dhcp/97eac5ed-7122-49e9-ac7b-1647d5f2c4bf/host
Jun 20 04:09:59 gtw01 dnsmasq-dhcp[4758]: read /var/lib/neutron/dhcp/97eac5ed-7122-49e9-ac7b-1647d5f2c4bf/opts
Jun 20 04:10:00 gtw01 dnsmasq[4712]: read /var/lib/neutron/dhcp/c24a2a46-71ef-4043-bbf0-e007b3ca1388/addn_hosts - 3 addresses
Jun 20 04:10:00 gtw01 dnsmasq-dhcp[4712]: read /var/lib/neutron/dhcp/c24a2a46-71ef-4043-bbf0-e007b3ca1388/host
Jun 20 04:10:00 gtw01 dnsmasq-dhcp[4712]: read /var/lib/neutron/dhcp/c24a2a46-71ef-4043-bbf0-e007b3ca1388/opts
Jun 20 04:10:00 gtw01 dnsmasq[4758]: read /var/lib/neutron/dhcp/97eac5ed-7122-49e9-ac7b-1647d5f2c4bf/addn_hosts - 2 addresses
Jun 20 04:10:00 gtw01 dnsmasq-dhcp[4758]: read /var/lib/neutron/dhcp/97eac5ed-7122-49e9-ac7b-1647d5f2c4bf/host
Jun 20 04:10:00 gtw01 dnsmasq-dhcp[4758]: read /var/lib/neutron/dhcp/97eac5ed-7122-49e9-ac7b-1647d5f2c4bf/opts
Jun 20 04:10:01 gtw01 dnsmasq[4712]: read /var/lib/neutron/dhcp/c24a2a46-71ef-4043-bbf0-e007b3ca1388/addn_hosts - 3 addresses
Jun 20 04:10:01 gtw01 dnsmasq-dhcp[4712]: read /var/lib/neutron/dhcp/c24a2a46-71ef-4043-bbf0-e007b3ca1388/host
Jun 20 04:10:01 gtw01 dnsmasq-dhcp[4712]: read /var/lib/neutron/dhcp/c24a2a46-71ef-4043-bbf0-e007b3ca1388/opts
Jun 20 04:10:01 gtw01 dnsmasq[4758]: read /var/lib/neutron/dhcp/97eac5ed-7122-49e9-ac7b-1647d5f2c4bf/addn_hosts - 2 addresses
Jun 20 04:10:01 gtw01 dnsmasq-dhcp[4758]: read /var/lib/neutron/dhcp/97eac5ed-7122-49e9-ac7b-1647d5f2c4bf/host
Jun 20 04:10:01 gtw01 dnsmasq-dhcp[4758]: read /var/lib/neutron/dhcp/97eac5ed-7122-49e9-ac7b-1647d5f2c4bf/opts
Jun 20 04:10:02 gtw01 dnsmasq[4712]: read /var/lib/neutron/dhcp/c24a2a46-71ef-4043-bbf0-e007b3ca1388/addn_hosts - 3 addresses
Jun 20 04:10:02 gtw01 dnsmasq-dhcp[4712]: read /var/lib/neutron/dhcp/c24a2a46-71ef-4043-bbf0-e007b3ca1388/host
Jun 20 04:10:02 gtw01 dnsmasq-dhcp[4712]: read /var/lib/neutron/dhcp/c24a2a46-71ef-4043-bbf0-e007b3ca1388/opts
Jun 20 04:10:02 gtw01 dnsmasq[16241]: read /var/lib/neutron/dhcp/8bd7fcc4-16e7-4df3-a7dd-878d16565cc0/addn_hosts - 3 addresses
Jun 20 04:10:02 gtw01 dnsmasq-dhcp[16241]: read /var/lib/neutron/dhcp/8bd7fcc4-16e7-4df3-a7dd-878d16565cc0/host
Jun 20 04:10:02 gtw01 dnsmasq-dhcp[16241]: read /var/lib/neutron/dhcp/8bd7fcc4-16e7-4df3-a7dd-878d16565cc0/opts
Jun 20 04:10:02 gtw01 dnsmasq[4758]: read /var/lib/neutron/dhcp/97eac5ed-7122-49e9-ac7b-1647d5f2c4bf/addn_hosts - 2 addresses
Jun 20 04:10:02 gtw01 dnsmasq-dhcp[4758]: read /var/lib/neutron/dhcp/97eac5ed-7122-49e9-ac7b-1647d5f2c4bf/host
Jun 20 04:10:02 gtw01 dnsmasq-dhcp[4758]: read /var/lib/neutron/dhcp/97eac5ed-7122-49e9-ac7b-1647d5f2c4bf/opts
Jun 20 04:10:03 gtw01 dnsmasq[4712]: read /var/lib/neutron/dhcp/c24a2a46-71ef-4043-bbf0-e007b3ca1388/addn_hosts - 3 addresses
Jun 20 04:10:03 gtw01 dnsmasq-dhcp[4712]: read /var/lib/neutron/dhcp/c24a2a46-71ef-4043-bbf0-e007b3ca1388/host
Jun 20 04:10:03 gtw01 dnsmasq-dhcp[4712]: read /var/lib/neutron/dhcp/c24a2a46-71ef-4043-bbf0-e007b3ca1388/opts
Jun 20 04:10:03 gtw01 dnsmasq[16241]: read /var/lib/neutron/dhcp/8bd7fcc4-16e7-4df3-a7dd-878d16565cc0/addn_hosts - 3 addresses
Jun 20 04:10:03 gtw01 dnsmasq-dhcp[16241]: read /var/lib/neutron/dhcp/8bd7fcc4-16e7-4df3-a7dd-878d16565cc0/host
Jun 20 04:10:03 gtw01 dnsmasq-dhcp[16241]: read /var/lib/neutron/dhcp/8bd7fcc4-16e7-4df3-a7dd-878d16565cc0/opts
Jun 20 04:10:03 gtw01 dnsmasq[4758]: read /var/lib/neutron/dhcp/97eac5ed-7122-49e9-ac7b-1647d5f2c4bf/addn_hosts - 2 addresses
Jun 20 04:10:03 gtw01 dnsmasq-dhcp[4758]: read /var/lib/neutron/dhcp/97eac5ed-7122-49e9-ac7b-1647d5f2c4bf/host
Jun 20 04:10:03 gtw01 dnsmasq-dhcp[4758]: read /var/lib/neutron/dhcp/97eac5ed-7122-49e9-ac7b-1647d5f2c4bf/opts
Jun 20 04:10:04 gtw01 dnsmasq[4712]: read /var/lib/neutron/dhcp/c24a2a46-71ef-4043-bbf0-e007b3ca1388/addn_hosts - 3 addresses
Jun 20 04:10:04 gtw01 dnsmasq-dhcp[4712]: read /var/lib/neutron/dhcp/c24a2a46-71ef-4043-bbf0-e007b3ca1388/host
Jun 20 04:10:04 gtw01 dnsmasq-dhcp[4712]: read /var/lib/neutron/dhcp/c24a2a46-71ef-4043-bbf0-e007b3ca1388/opts
Jun 20 04:10:05 gtw01 dnsmasq[4712]: read /var/lib/neutron/dhcp/c24a2a46-71ef-4043-bbf0-e007b3ca1388/addn_hosts - 3 addresses
Jun 20 04:10:05 gtw01 dnsmasq-dhcp[4712]: read /var/lib/neutron/dhcp/c24a2a46-71ef-4043-bbf0-e007b3ca1388/host
Jun 20 04:10:05 gtw01 dnsmasq-dhcp[4712]: read /var/lib/neutron/dhcp/c24a2a46-71ef-4043-bbf0-e007b3ca1388/opts
Jun 20 04:10:11 gtw01 dnsmasq[16241]: read /var/lib/neutron/dhcp/8bd7fcc4-16e7-4df3-a7dd-878d16565cc0/addn_hosts - 2 addresses
Jun 20 04:10:11 gtw01 dnsmasq-dhcp[16241]: read /var/lib/neutron/dhcp/8bd7fcc4-16e7-4df3-a7dd-878d16565cc0/host
Jun 20 04:10:11 gtw01 dnsmasq-dhcp[16241]: read /var/lib/neutron/dhcp/8bd7fcc4-16e7-4df3-a7dd-878d16565cc0/opts
Jun 20 04:10:13 gtw01 dnsmasq-dhcp[3262]: DHCPRELEASE(tap13bf2404-0b) 192.168.120.3 fa:16:3e:70:80:af
Jun 20 04:10:14 gtw01 dnsmasq[4712]: read /var/lib/neutron/dhcp/c24a2a46-71ef-4043-bbf0-e007b3ca1388/addn_hosts - 2 addresses
Jun 20 04:10:14 gtw01 dnsmasq-dhcp[4712]: read /var/lib/neutron/dhcp/c24a2a46-71ef-4043-bbf0-e007b3ca1388/host
Jun 20 04:10:14 gtw01 dnsmasq-dhcp[4712]: read /var/lib/neutron/dhcp/c24a2a46-71ef-4043-bbf0-e007b3ca1388/opts
Jun 20 04:10:15 gtw01 dnsmasq[4712]: read /var/lib/neutron/dhcp/c24a2a46-71ef-4043-bbf0-e007b3ca1388/addn_hosts - 1 addresses
Jun 20 04:10:15 gtw01 dnsmasq-dhcp[4712]: read /var/lib/neutron/dhcp/c24a2a46-71ef-4043-bbf0-e007b3ca1388/host
Jun 20 04:10:15 gtw01 dnsmasq-dhcp[4712]: read /var/lib/neutron/dhcp/c24a2a46-71ef-4043-bbf0-e007b3ca1388/opts
Jun 20 04:10:16 gtw01 dnsmasq[4758]: read /var/lib/neutron/dhcp/97eac5ed-7122-49e9-ac7b-1647d5f2c4bf/addn_hosts - 1 addresses
Jun 20 04:10:16 gtw01 dnsmasq-dhcp[4758]: read /var/lib/neutron/dhcp/97eac5ed-7122-49e9-ac7b-1647d5f2c4bf/host
Jun 20 04:10:16 gtw01 dnsmasq-dhcp[4758]: read /var/lib/neutron/dhcp/97eac5ed-7122-49e9-ac7b-1647d5f2c4bf/opts
Jun 20 04:10:18 gtw01 kernel: [ 6420.384369] device tap90d100b3-5c left promiscuous mode
Jun 20 04:10:21 gtw01 kernel: [ 6423.638175] device tap615395f4-83 left promiscuous mode
Jun 20 04:10:23 gtw01 dnsmasq[16241]: read /var/lib/neutron/dhcp/8bd7fcc4-16e7-4df3-a7dd-878d16565cc0/addn_hosts - 3 addresses
Jun 20 04:10:23 gtw01 dnsmasq-dhcp[16241]: read /var/lib/neutron/dhcp/8bd7fcc4-16e7-4df3-a7dd-878d16565cc0/host
Jun 20 04:10:23 gtw01 dnsmasq-dhcp[16241]: read /var/lib/neutron/dhcp/8bd7fcc4-16e7-4df3-a7dd-878d16565cc0/opts
Jun 20 04:10:24 gtw01 dnsmasq-dhcp[3262]: DHCPRELEASE(tap13bf2404-0b) 192.168.120.7 fa:16:3e:26:c3:34
Jun 20 04:10:24 gtw01 dnsmasq[16241]: read /var/lib/neutron/dhcp/8bd7fcc4-16e7-4df3-a7dd-878d16565cc0/addn_hosts - 3 addresses
Jun 20 04:10:24 gtw01 dnsmasq-dhcp[16241]: read /var/lib/neutron/dhcp/8bd7fcc4-16e7-4df3-a7dd-878d16565cc0/host
Jun 20 04:10:24 gtw01 dnsmasq-dhcp[16241]: read /var/lib/neutron/dhcp/8bd7fcc4-16e7-4df3-a7dd-878d16565cc0/opts
Jun 20 04:10:24 gtw01 dnsmasq-dhcp[3262]: DHCPRELEASE(tap13bf2404-0b) 192.168.120.7 fa:16:3e:26:c3:34 unknown lease
Jun 20 04:10:25 gtw01 dnsmasq[3262]: read /var/lib/neutron/dhcp/7355789f-b9db-4963-b23a-f56b6afd9a2e/addn_hosts - 3 addresses
Jun 20 04:10:25 gtw01 dnsmasq-dhcp[3262]: read /var/lib/neutron/dhcp/7355789f-b9db-4963-b23a-f56b6afd9a2e/host
Jun 20 04:10:25 gtw01 dnsmasq-dhcp[3262]: read /var/lib/neutron/dhcp/7355789f-b9db-4963-b23a-f56b6afd9a2e/opts
Jun 20 04:10:25 gtw01 dnsmasq[16241]: read /var/lib/neutron/dhcp/8bd7fcc4-16e7-4df3-a7dd-878d16565cc0/addn_hosts - 3 addresses
Jun 20 04:10:25 gtw01 dnsmasq-dhcp[16241]: read /var/lib/neutron/dhcp/8bd7fcc4-16e7-4df3-a7dd-878d16565cc0/host
Jun 20 04:10:25 gtw01 dnsmasq-dhcp[16241]: read /var/lib/neutron/dhcp/8bd7fcc4-16e7-4df3-a7dd-878d16565cc0/opts
Jun 20 04:10:26 gtw01 kernel: [ 6428.391413] device tapc48c625a-ad entered promiscuous mode
Jun 20 04:10:26 gtw01 systemd-udevd[5416]: Could not generate persistent MAC address for tapc48c625a-ad: No such file or directory
Jun 20 04:10:26 gtw01 systemd-udevd[5416]: Process '/sbin/ip link set tapc48c625a-ad txqueuelen 10000' failed with exit code 1.
Jun 20 04:10:26 gtw01 dnsmasq-dhcp[3262]: DHCPRELEASE(tap13bf2404-0b) 192.168.120.12 fa:16:3e:22:d7:ab
Jun 20 04:10:26 gtw01 systemd-udevd[5416]: Process '/sbin/ip link set tapc48c625a-ad txqueuelen 10000' failed with exit code 1.
Jun 20 04:10:26 gtw01 dnsmasq-dhcp[3262]: DHCPRELEASE(tap13bf2404-0b) 192.168.120.12 fa:16:3e:22:d7:ab unknown lease
Jun 20 04:10:27 gtw01 dnsmasq[3262]: read /var/lib/neutron/dhcp/7355789f-b9db-4963-b23a-f56b6afd9a2e/addn_hosts - 2 addresses
Jun 20 04:10:27 gtw01 dnsmasq-dhcp[3262]: read /var/lib/neutron/dhcp/7355789f-b9db-4963-b23a-f56b6afd9a2e/host
Jun 20 04:10:27 gtw01 dnsmasq-dhcp[3262]: read /var/lib/neutron/dhcp/7355789f-b9db-4963-b23a-f56b6afd9a2e/opts
Jun 20 04:10:28 gtw01 systemd-udevd[5570]: Could not generate persistent MAC address for tap79950349-3f: No such file or directory
Jun 20 04:10:28 gtw01 kernel: [ 6429.738333] device tap79950349-3f entered promiscuous mode
Jun 20 04:10:28 gtw01 systemd-udevd[5640]: Process '/sbin/ip link set tap79950349-3f txqueuelen 10000' failed with exit code 1.
Jun 20 04:10:29 gtw01 dnsmasq[5738]: started, version 2.80 cachesize 150
Jun 20 04:10:29 gtw01 dnsmasq[5738]: DNS service limited to local subnets
Jun 20 04:10:29 gtw01 dnsmasq[5738]: compile time options: IPv6 GNU-getopt DBus i18n IDN DHCP DHCPv6 no-Lua TFTP conntrack ipset auth DNSSEC loop-detect inotify dumpfile
Jun 20 04:10:29 gtw01 dnsmasq[5738]: LOUD WARNING: listening on 19.80.0.2 may accept requests via interfaces other than tapc48c625a-ad
Jun 20 04:10:29 gtw01 dnsmasq[5738]: LOUD WARNING: use --bind-dynamic rather than --bind-interfaces to avoid DNS amplification attacks via these interface(s)
Jun 20 04:10:29 gtw01 dnsmasq[5738]: warning: no upstream servers configured
Jun 20 04:10:29 gtw01 dnsmasq-dhcp[5738]: DHCP, static leases only on 19.80.0.0, lease time 1h
Jun 20 04:10:29 gtw01 dnsmasq[5738]: read /var/lib/neutron/dhcp/8846ed33-876a-4404-b19d-efb52beb70e4/addn_hosts - 1 addresses
Jun 20 04:10:29 gtw01 dnsmasq-dhcp[5738]: read /var/lib/neutron/dhcp/8846ed33-876a-4404-b19d-efb52beb70e4/host
Jun 20 04:10:29 gtw01 dnsmasq-dhcp[5738]: read /var/lib/neutron/dhcp/8846ed33-876a-4404-b19d-efb52beb70e4/opts
Jun 20 04:10:30 gtw01 haproxy-metadata-proxy-8846ed33-876a-4404-b19d-efb52beb70e4[5745]: Proxy listener started.
Jun 20 04:10:30 gtw01 dnsmasq[5738]: read /var/lib/neutron/dhcp/8846ed33-876a-4404-b19d-efb52beb70e4/addn_hosts - 1 addresses
Jun 20 04:10:30 gtw01 dnsmasq-dhcp[5738]: read /var/lib/neutron/dhcp/8846ed33-876a-4404-b19d-efb52beb70e4/host
Jun 20 04:10:30 gtw01 dnsmasq-dhcp[5738]: read /var/lib/neutron/dhcp/8846ed33-876a-4404-b19d-efb52beb70e4/opts
Jun 20 04:10:30 gtw01 dnsmasq[3262]: read /var/lib/neutron/dhcp/7355789f-b9db-4963-b23a-f56b6afd9a2e/addn_hosts - 1 addresses
Jun 20 04:10:30 gtw01 dnsmasq-dhcp[3262]: read /var/lib/neutron/dhcp/7355789f-b9db-4963-b23a-f56b6afd9a2e/host
Jun 20 04:10:30 gtw01 dnsmasq-dhcp[3262]: read /var/lib/neutron/dhcp/7355789f-b9db-4963-b23a-f56b6afd9a2e/opts
Jun 20 04:10:31 gtw01 dnsmasq[5802]: started, version 2.80 cachesize 150
Jun 20 04:10:31 gtw01 dnsmasq[5802]: DNS service limited to local subnets
Jun 20 04:10:31 gtw01 dnsmasq[5802]: compile time options: IPv6 GNU-getopt DBus i18n IDN DHCP DHCPv6 no-Lua TFTP conntrack ipset auth DNSSEC loop-detect inotify dumpfile
Jun 20 04:10:31 gtw01 dnsmasq[5802]: LOUD WARNING: listening on 19.86.0.2 may accept requests via interfaces other than tap79950349-3f
Jun 20 04:10:31 gtw01 dnsmasq[5802]: LOUD WARNING: use --bind-dynamic rather than --bind-interfaces to avoid DNS amplification attacks via these interface(s)
Jun 20 04:10:31 gtw01 dnsmasq[5802]: warning: no upstream servers configured
Jun 20 04:10:31 gtw01 dnsmasq-dhcp[5802]: DHCP, static leases only on 19.86.0.0, lease time 1h
Jun 20 04:10:31 gtw01 dnsmasq[5802]: read /var/lib/neutron/dhcp/68bda35b-08c3-42ce-a8ab-a8e81f6776de/addn_hosts - 1 addresses
Jun 20 04:10:31 gtw01 dnsmasq-dhcp[5802]: read /var/lib/neutron/dhcp/68bda35b-08c3-42ce-a8ab-a8e81f6776de/host
Jun 20 04:10:31 gtw01 dnsmasq-dhcp[5802]: read /var/lib/neutron/dhcp/68bda35b-08c3-42ce-a8ab-a8e81f6776de/opts
Jun 20 04:10:31 gtw01 haproxy-metadata-proxy-68bda35b-08c3-42ce-a8ab-a8e81f6776de[5815]: Proxy listener started.
Jun 20 04:10:31 gtw01 dnsmasq[5738]: read /var/lib/neutron/dhcp/8846ed33-876a-4404-b19d-efb52beb70e4/addn_hosts - 1 addresses
Jun 20 04:10:31 gtw01 dnsmasq-dhcp[5738]: read /var/lib/neutron/dhcp/8846ed33-876a-4404-b19d-efb52beb70e4/host
Jun 20 04:10:31 gtw01 dnsmasq-dhcp[5738]: read /var/lib/neutron/dhcp/8846ed33-876a-4404-b19d-efb52beb70e4/opts
Jun 20 04:10:32 gtw01 dnsmasq[5802]: read /var/lib/neutron/dhcp/68bda35b-08c3-42ce-a8ab-a8e81f6776de/addn_hosts - 2 addresses
Jun 20 04:10:32 gtw01 dnsmasq-dhcp[5802]: read /var/lib/neutron/dhcp/68bda35b-08c3-42ce-a8ab-a8e81f6776de/host
Jun 20 04:10:32 gtw01 dnsmasq-dhcp[5802]: read /var/lib/neutron/dhcp/68bda35b-08c3-42ce-a8ab-a8e81f6776de/opts
Jun 20 04:10:32 gtw01 dnsmasq[5738]: read /var/lib/neutron/dhcp/8846ed33-876a-4404-b19d-efb52beb70e4/addn_hosts - 2 addresses
Jun 20 04:10:32 gtw01 dnsmasq-dhcp[5738]: read /var/lib/neutron/dhcp/8846ed33-876a-4404-b19d-efb52beb70e4/host
Jun 20 04:10:32 gtw01 dnsmasq-dhcp[5738]: read /var/lib/neutron/dhcp/8846ed33-876a-4404-b19d-efb52beb70e4/opts
Jun 20 04:10:33 gtw01 dnsmasq[5802]: read /var/lib/neutron/dhcp/68bda35b-08c3-42ce-a8ab-a8e81f6776de/addn_hosts - 2 addresses
Jun 20 04:10:33 gtw01 dnsmasq-dhcp[5802]: read /var/lib/neutron/dhcp/68bda35b-08c3-42ce-a8ab-a8e81f6776de/host
Jun 20 04:10:33 gtw01 dnsmasq-dhcp[5802]: read /var/lib/neutron/dhcp/68bda35b-08c3-42ce-a8ab-a8e81f6776de/opts
Jun 20 04:10:33 gtw01 dnsmasq[5738]: read /var/lib/neutron/dhcp/8846ed33-876a-4404-b19d-efb52beb70e4/addn_hosts - 2 addresses
Jun 20 04:10:33 gtw01 dnsmasq-dhcp[5738]: read /var/lib/neutron/dhcp/8846ed33-876a-4404-b19d-efb52beb70e4/host
Jun 20 04:10:33 gtw01 dnsmasq-dhcp[5738]: read /var/lib/neutron/dhcp/8846ed33-876a-4404-b19d-efb52beb70e4/opts
Jun 20 04:10:34 gtw01 kernel: [ 6435.768026] device tap13bf2404-0b left promiscuous mode
Jun 20 04:10:34 gtw01 dnsmasq[5802]: read /var/lib/neutron/dhcp/68bda35b-08c3-42ce-a8ab-a8e81f6776de/addn_hosts - 2 addresses
Jun 20 04:10:34 gtw01 dnsmasq-dhcp[5802]: read /var/lib/neutron/dhcp/68bda35b-08c3-42ce-a8ab-a8e81f6776de/host
Jun 20 04:10:34 gtw01 dnsmasq-dhcp[5802]: read /var/lib/neutron/dhcp/68bda35b-08c3-42ce-a8ab-a8e81f6776de/opts
Jun 20 04:10:34 gtw01 dnsmasq[5738]: read /var/lib/neutron/dhcp/8846ed33-876a-4404-b19d-efb52beb70e4/addn_hosts - 2 addresses
Jun 20 04:10:34 gtw01 dnsmasq-dhcp[5738]: read /var/lib/neutron/dhcp/8846ed33-876a-4404-b19d-efb52beb70e4/host
Jun 20 04:10:34 gtw01 dnsmasq-dhcp[5738]: read /var/lib/neutron/dhcp/8846ed33-876a-4404-b19d-efb52beb70e4/opts
Jun 20 04:10:35 gtw01 dnsmasq[5802]: read /var/lib/neutron/dhcp/68bda35b-08c3-42ce-a8ab-a8e81f6776de/addn_hosts - 2 addresses
Jun 20 04:10:35 gtw01 dnsmasq-dhcp[5802]: read /var/lib/neutron/dhcp/68bda35b-08c3-42ce-a8ab-a8e81f6776de/host
Jun 20 04:10:35 gtw01 dnsmasq-dhcp[5802]: read /var/lib/neutron/dhcp/68bda35b-08c3-42ce-a8ab-a8e81f6776de/opts
Jun 20 04:10:35 gtw01 dnsmasq[5738]: read /var/lib/neutron/dhcp/8846ed33-876a-4404-b19d-efb52beb70e4/addn_hosts - 2 addresses
Jun 20 04:10:35 gtw01 dnsmasq-dhcp[5738]: read /var/lib/neutron/dhcp/8846ed33-876a-4404-b19d-efb52beb70e4/host
Jun 20 04:10:35 gtw01 dnsmasq-dhcp[5738]: read /var/lib/neutron/dhcp/8846ed33-876a-4404-b19d-efb52beb70e4/opts
Jun 20 04:10:35 gtw01 dnsmasq[5802]: read /var/lib/neutron/dhcp/68bda35b-08c3-42ce-a8ab-a8e81f6776de/addn_hosts - 2 addresses
Jun 20 04:10:35 gtw01 dnsmasq-dhcp[5802]: read /var/lib/neutron/dhcp/68bda35b-08c3-42ce-a8ab-a8e81f6776de/host
Jun 20 04:10:35 gtw01 dnsmasq-dhcp[5802]: read /var/lib/neutron/dhcp/68bda35b-08c3-42ce-a8ab-a8e81f6776de/opts
Jun 20 04:10:36 gtw01 dnsmasq[5802]: read /var/lib/neutron/dhcp/68bda35b-08c3-42ce-a8ab-a8e81f6776de/addn_hosts - 2 addresses
Jun 20 04:10:36 gtw01 dnsmasq-dhcp[5802]: read /var/lib/neutron/dhcp/68bda35b-08c3-42ce-a8ab-a8e81f6776de/host
Jun 20 04:10:36 gtw01 dnsmasq-dhcp[5802]: read /var/lib/neutron/dhcp/68bda35b-08c3-42ce-a8ab-a8e81f6776de/opts
Jun 20 04:10:38 gtw01 dnsmasq-dhcp[16241]: DHCPDISCOVER(tap1c74ca54-4e) fa:16:3e:6a:34:b4
Jun 20 04:10:38 gtw01 dnsmasq-dhcp[16241]: DHCPOFFER(tap1c74ca54-4e) 192.168.120.11 fa:16:3e:6a:34:b4
Jun 20 04:10:38 gtw01 dnsmasq-dhcp[16241]: DHCPREQUEST(tap1c74ca54-4e) 192.168.120.11 fa:16:3e:6a:34:b4
Jun 20 04:10:38 gtw01 dnsmasq-dhcp[16241]: DHCPACK(tap1c74ca54-4e) 192.168.120.11 fa:16:3e:6a:34:b4 host-192-168-120-11
Jun 20 04:10:41 gtw01 kernel: [ 6442.919322] device tap7035d661-6c entered promiscuous mode
Jun 20 04:10:41 gtw01 systemd-udevd[6052]: Could not generate persistent MAC address for tap7035d661-6c: No such file or directory
Jun 20 04:10:41 gtw01 systemd-udevd[6052]: Process '/sbin/ip link set tap7035d661-6c txqueuelen 10000' failed with exit code 1.
Jun 20 04:10:41 gtw01 systemd-udevd[6052]: Process '/sbin/ip link set tap7035d661-6c txqueuelen 10000' failed with exit code 1.
Jun 20 04:10:43 gtw01 dnsmasq[5802]: read /var/lib/neutron/dhcp/68bda35b-08c3-42ce-a8ab-a8e81f6776de/addn_hosts - 1 addresses
Jun 20 04:10:43 gtw01 dnsmasq-dhcp[5802]: read /var/lib/neutron/dhcp/68bda35b-08c3-42ce-a8ab-a8e81f6776de/host
Jun 20 04:10:43 gtw01 dnsmasq-dhcp[5802]: read /var/lib/neutron/dhcp/68bda35b-08c3-42ce-a8ab-a8e81f6776de/opts
Jun 20 04:10:44 gtw01 systemd-udevd[6254]: Could not generate persistent MAC address for qg-4ecdd874-55: No such file or directory
Jun 20 04:10:44 gtw01 kernel: [ 6446.032475] device qg-4ecdd874-55 entered promiscuous mode
Jun 20 04:10:44 gtw01 dnsmasq[6332]: started, version 2.80 cachesize 150
Jun 20 04:10:44 gtw01 dnsmasq[6332]: DNS service limited to local subnets
Jun 20 04:10:44 gtw01 dnsmasq[6332]: compile time options: IPv6 GNU-getopt DBus i18n IDN DHCP DHCPv6 no-Lua TFTP conntrack ipset auth DNSSEC loop-detect inotify dumpfile
Jun 20 04:10:44 gtw01 dnsmasq[6332]: warning: no upstream servers configured
Jun 20 04:10:44 gtw01 dnsmasq-dhcp[6332]: DHCP, static leases only on 192.168.120.0, lease time 1h
Jun 20 04:10:44 gtw01 dnsmasq[6332]: read /var/lib/neutron/dhcp/5de20df5-1bb3-4e9a-ba34-f99287ca7ca1/addn_hosts - 1 addresses
Jun 20 04:10:44 gtw01 dnsmasq-dhcp[6332]: read /var/lib/neutron/dhcp/5de20df5-1bb3-4e9a-ba34-f99287ca7ca1/host
Jun 20 04:10:44 gtw01 dnsmasq-dhcp[6332]: read /var/lib/neutron/dhcp/5de20df5-1bb3-4e9a-ba34-f99287ca7ca1/opts
Jun 20 04:10:44 gtw01 haproxy-metadata-proxy-5de20df5-1bb3-4e9a-ba34-f99287ca7ca1[6340]: Proxy listener started.
Jun 20 04:10:45 gtw01 dnsmasq[5738]: read /var/lib/neutron/dhcp/8846ed33-876a-4404-b19d-efb52beb70e4/addn_hosts - 1 addresses
Jun 20 04:10:45 gtw01 dnsmasq-dhcp[5738]: read /var/lib/neutron/dhcp/8846ed33-876a-4404-b19d-efb52beb70e4/host
Jun 20 04:10:45 gtw01 dnsmasq-dhcp[5738]: read /var/lib/neutron/dhcp/8846ed33-876a-4404-b19d-efb52beb70e4/opts
Jun 20 04:10:45 gtw01 dnsmasq[6332]: read /var/lib/neutron/dhcp/5de20df5-1bb3-4e9a-ba34-f99287ca7ca1/addn_hosts - 2 addresses
Jun 20 04:10:45 gtw01 dnsmasq-dhcp[6332]: read /var/lib/neutron/dhcp/5de20df5-1bb3-4e9a-ba34-f99287ca7ca1/host
Jun 20 04:10:45 gtw01 dnsmasq-dhcp[6332]: read /var/lib/neutron/dhcp/5de20df5-1bb3-4e9a-ba34-f99287ca7ca1/opts
Jun 20 04:10:46 gtw01 dnsmasq[6332]: read /var/lib/neutron/dhcp/5de20df5-1bb3-4e9a-ba34-f99287ca7ca1/addn_hosts - 2 addresses
Jun 20 04:10:46 gtw01 dnsmasq-dhcp[6332]: read /var/lib/neutron/dhcp/5de20df5-1bb3-4e9a-ba34-f99287ca7ca1/host
Jun 20 04:10:46 gtw01 dnsmasq-dhcp[6332]: read /var/lib/neutron/dhcp/5de20df5-1bb3-4e9a-ba34-f99287ca7ca1/opts
Jun 20 04:10:47 gtw01 dnsmasq[6332]: read /var/lib/neutron/dhcp/5de20df5-1bb3-4e9a-ba34-f99287ca7ca1/addn_hosts - 2 addresses
Jun 20 04:10:47 gtw01 dnsmasq-dhcp[6332]: read /var/lib/neutron/dhcp/5de20df5-1bb3-4e9a-ba34-f99287ca7ca1/host
Jun 20 04:10:47 gtw01 dnsmasq-dhcp[6332]: read /var/lib/neutron/dhcp/5de20df5-1bb3-4e9a-ba34-f99287ca7ca1/opts
Jun 20 04:10:47 gtw01 kernel: [ 6449.679786] device tap79950349-3f left promiscuous mode
Jun 20 04:10:48 gtw01 dnsmasq[6332]: read /var/lib/neutron/dhcp/5de20df5-1bb3-4e9a-ba34-f99287ca7ca1/addn_hosts - 2 addresses
Jun 20 04:10:48 gtw01 dnsmasq-dhcp[6332]: read /var/lib/neutron/dhcp/5de20df5-1bb3-4e9a-ba34-f99287ca7ca1/host
Jun 20 04:10:48 gtw01 dnsmasq-dhcp[6332]: read /var/lib/neutron/dhcp/5de20df5-1bb3-4e9a-ba34-f99287ca7ca1/opts
Jun 20 04:10:49 gtw01 dnsmasq[6332]: read /var/lib/neutron/dhcp/5de20df5-1bb3-4e9a-ba34-f99287ca7ca1/addn_hosts - 2 addresses
Jun 20 04:10:49 gtw01 dnsmasq-dhcp[6332]: read /var/lib/neutron/dhcp/5de20df5-1bb3-4e9a-ba34-f99287ca7ca1/host
Jun 20 04:10:49 gtw01 dnsmasq-dhcp[6332]: read /var/lib/neutron/dhcp/5de20df5-1bb3-4e9a-ba34-f99287ca7ca1/opts
Jun 20 04:10:50 gtw01 haproxy-metadata-proxy-156fa5f4-0c90-488a-9689-2e5334ffad94[6616]: Proxy listener started.
Jun 20 04:10:52 gtw01 dnsmasq[6332]: read /var/lib/neutron/dhcp/5de20df5-1bb3-4e9a-ba34-f99287ca7ca1/addn_hosts - 2 addresses
Jun 20 04:10:52 gtw01 dnsmasq-dhcp[6332]: read /var/lib/neutron/dhcp/5de20df5-1bb3-4e9a-ba34-f99287ca7ca1/host
Jun 20 04:10:52 gtw01 dnsmasq-dhcp[6332]: read /var/lib/neutron/dhcp/5de20df5-1bb3-4e9a-ba34-f99287ca7ca1/opts
Jun 20 04:10:52 gtw01 kernel: [ 6454.370336] device qr-2e02c6b1-8e left promiscuous mode
Jun 20 04:10:52 gtw01 systemd-udevd[6667]: Could not generate persistent MAC address for qr-c48dde7d-43: No such file or directory
Jun 20 04:10:52 gtw01 kernel: [ 6454.453928] device qr-c48dde7d-43 entered promiscuous mode
Jun 20 04:10:53 gtw01 dnsmasq[6332]: read /var/lib/neutron/dhcp/5de20df5-1bb3-4e9a-ba34-f99287ca7ca1/addn_hosts - 2 addresses
Jun 20 04:10:53 gtw01 dnsmasq-dhcp[6332]: read /var/lib/neutron/dhcp/5de20df5-1bb3-4e9a-ba34-f99287ca7ca1/host
Jun 20 04:10:53 gtw01 dnsmasq-dhcp[6332]: read /var/lib/neutron/dhcp/5de20df5-1bb3-4e9a-ba34-f99287ca7ca1/opts
Jun 20 04:10:53 gtw01 kernel: [ 6454.939347] device tapc48c625a-ad left promiscuous mode
Jun 20 04:10:53 gtw01 kernel: [ 6455.233093] device qg-50707cfa-93 left promiscuous mode
Jun 20 04:10:53 gtw01 dnsmasq[6332]: read /var/lib/neutron/dhcp/5de20df5-1bb3-4e9a-ba34-f99287ca7ca1/addn_hosts - 3 addresses
Jun 20 04:10:53 gtw01 dnsmasq-dhcp[6332]: read /var/lib/neutron/dhcp/5de20df5-1bb3-4e9a-ba34-f99287ca7ca1/host
Jun 20 04:10:53 gtw01 dnsmasq-dhcp[6332]: read /var/lib/neutron/dhcp/5de20df5-1bb3-4e9a-ba34-f99287ca7ca1/opts
Jun 20 04:10:54 gtw01 dnsmasq[6332]: read /var/lib/neutron/dhcp/5de20df5-1bb3-4e9a-ba34-f99287ca7ca1/addn_hosts - 3 addresses
Jun 20 04:10:54 gtw01 dnsmasq-dhcp[6332]: read /var/lib/neutron/dhcp/5de20df5-1bb3-4e9a-ba34-f99287ca7ca1/host
Jun 20 04:10:54 gtw01 dnsmasq-dhcp[6332]: read /var/lib/neutron/dhcp/5de20df5-1bb3-4e9a-ba34-f99287ca7ca1/opts
Jun 20 04:10:55 gtw01 dnsmasq[6332]: read /var/lib/neutron/dhcp/5de20df5-1bb3-4e9a-ba34-f99287ca7ca1/addn_hosts - 3 addresses
Jun 20 04:10:55 gtw01 dnsmasq-dhcp[6332]: read /var/lib/neutron/dhcp/5de20df5-1bb3-4e9a-ba34-f99287ca7ca1/host
Jun 20 04:10:55 gtw01 dnsmasq-dhcp[6332]: read /var/lib/neutron/dhcp/5de20df5-1bb3-4e9a-ba34-f99287ca7ca1/opts
Jun 20 04:10:56 gtw01 dnsmasq[4061]: read /var/lib/neutron/dhcp/55fe6503-68b4-4d9b-8438-90ce02b70d9a/addn_hosts - 1 addresses
Jun 20 04:10:56 gtw01 dnsmasq-dhcp[4061]: read /var/lib/neutron/dhcp/55fe6503-68b4-4d9b-8438-90ce02b70d9a/host
Jun 20 04:10:56 gtw01 dnsmasq-dhcp[4061]: read /var/lib/neutron/dhcp/55fe6503-68b4-4d9b-8438-90ce02b70d9a/opts
Jun 20 04:10:56 gtw01 haproxy-metadata-proxy-55fe6503-68b4-4d9b-8438-90ce02b70d9a[7026]: Proxy listener started.
Jun 20 04:10:58 gtw01 kernel: [ 6460.299123] device qr-73a56d46-2d left promiscuous mode
Jun 20 04:11:01 gtw01 kernel: [ 6463.279072] device qg-644948c0-fb left promiscuous mode
Jun 20 04:11:02 gtw01 dnsmasq-dhcp[16241]: DHCPRELEASE(tap1c74ca54-4e) 192.168.120.11 fa:16:3e:6a:34:b4
Jun 20 04:11:02 gtw01 kernel: [ 6464.040328] device tapbce6c875-15 left promiscuous mode
Jun 20 04:11:04 gtw01 dnsmasq[16241]: read /var/lib/neutron/dhcp/8bd7fcc4-16e7-4df3-a7dd-878d16565cc0/addn_hosts - 4 addresses
Jun 20 04:11:04 gtw01 dnsmasq-dhcp[16241]: read /var/lib/neutron/dhcp/8bd7fcc4-16e7-4df3-a7dd-878d16565cc0/host
Jun 20 04:11:04 gtw01 dnsmasq-dhcp[16241]: read /var/lib/neutron/dhcp/8bd7fcc4-16e7-4df3-a7dd-878d16565cc0/opts
Jun 20 04:11:05 gtw01 dnsmasq[16241]: read /var/lib/neutron/dhcp/8bd7fcc4-16e7-4df3-a7dd-878d16565cc0/addn_hosts - 4 addresses
Jun 20 04:11:05 gtw01 dnsmasq-dhcp[16241]: read /var/lib/neutron/dhcp/8bd7fcc4-16e7-4df3-a7dd-878d16565cc0/host
Jun 20 04:11:05 gtw01 dnsmasq-dhcp[16241]: read /var/lib/neutron/dhcp/8bd7fcc4-16e7-4df3-a7dd-878d16565cc0/opts
Jun 20 04:11:06 gtw01 dnsmasq[16241]: read /var/lib/neutron/dhcp/8bd7fcc4-16e7-4df3-a7dd-878d16565cc0/addn_hosts - 4 addresses
Jun 20 04:11:06 gtw01 dnsmasq-dhcp[16241]: read /var/lib/neutron/dhcp/8bd7fcc4-16e7-4df3-a7dd-878d16565cc0/host
Jun 20 04:11:06 gtw01 dnsmasq-dhcp[16241]: read /var/lib/neutron/dhcp/8bd7fcc4-16e7-4df3-a7dd-878d16565cc0/opts
Jun 20 04:11:10 gtw01 kernel: [ 6472.616999] device tapf6e4192f-c6 entered promiscuous mode
Jun 20 04:11:10 gtw01 systemd-udevd[7343]: Could not generate persistent MAC address for tapf6e4192f-c6: No such file or directory
Jun 20 04:11:10 gtw01 systemd-udevd[7343]: Process '/sbin/ip link set tapf6e4192f-c6 txqueuelen 10000' failed with exit code 1.
Jun 20 04:11:10 gtw01 systemd-udevd[7417]: Process '/sbin/ip link set tapf6e4192f-c6 txqueuelen 10000' failed with exit code 1.
Jun 20 04:11:13 gtw01 dnsmasq[7494]: started, version 2.80 cachesize 150
Jun 20 04:11:13 gtw01 dnsmasq[7494]: DNS service limited to local subnets
Jun 20 04:11:13 gtw01 dnsmasq[7494]: compile time options: IPv6 GNU-getopt DBus i18n IDN DHCP DHCPv6 no-Lua TFTP conntrack ipset auth DNSSEC loop-detect inotify dumpfile
Jun 20 04:11:13 gtw01 dnsmasq[7494]: warning: no upstream servers configured
Jun 20 04:11:13 gtw01 dnsmasq-dhcp[7494]: DHCP, static leases only on 192.168.120.0, lease time 1h
Jun 20 04:11:13 gtw01 dnsmasq[7494]: read /var/lib/neutron/dhcp/56598ddb-1873-4e5c-9b68-3056eec15d4c/addn_hosts - 1 addresses
Jun 20 04:11:13 gtw01 dnsmasq-dhcp[7494]: read /var/lib/neutron/dhcp/56598ddb-1873-4e5c-9b68-3056eec15d4c/host
Jun 20 04:11:13 gtw01 dnsmasq-dhcp[7494]: read /var/lib/neutron/dhcp/56598ddb-1873-4e5c-9b68-3056eec15d4c/opts
Jun 20 04:11:14 gtw01 haproxy-metadata-proxy-56598ddb-1873-4e5c-9b68-3056eec15d4c[7498]: Proxy listener started.
Jun 20 04:11:16 gtw01 dnsmasq[16241]: read /var/lib/neutron/dhcp/8bd7fcc4-16e7-4df3-a7dd-878d16565cc0/addn_hosts - 3 addresses
Jun 20 04:11:16 gtw01 dnsmasq-dhcp[16241]: read /var/lib/neutron/dhcp/8bd7fcc4-16e7-4df3-a7dd-878d16565cc0/host
Jun 20 04:11:16 gtw01 dnsmasq-dhcp[16241]: read /var/lib/neutron/dhcp/8bd7fcc4-16e7-4df3-a7dd-878d16565cc0/opts
Jun 20 04:11:16 gtw01 dnsmasq[7591]: started, version 2.80 cachesize 150
Jun 20 04:11:16 gtw01 dnsmasq[7591]: DNS service limited to local subnets
Jun 20 04:11:16 gtw01 dnsmasq[7591]: compile time options: IPv6 GNU-getopt DBus i18n IDN DHCP DHCPv6 no-Lua TFTP conntrack ipset auth DNSSEC loop-detect inotify dumpfile
Jun 20 04:11:16 gtw01 dnsmasq[7591]: warning: no upstream servers configured
Jun 20 04:11:16 gtw01 dnsmasq-dhcp[7591]: DHCP, static leases only on 192.168.120.0, lease time 1h
Jun 20 04:11:16 gtw01 dnsmasq[7591]: read /var/lib/neutron/dhcp/56598ddb-1873-4e5c-9b68-3056eec15d4c/addn_hosts - 1 addresses
Jun 20 04:11:16 gtw01 dnsmasq-dhcp[7591]: read /var/lib/neutron/dhcp/56598ddb-1873-4e5c-9b68-3056eec15d4c/host
Jun 20 04:11:16 gtw01 dnsmasq-dhcp[7591]: read /var/lib/neutron/dhcp/56598ddb-1873-4e5c-9b68-3056eec15d4c/opts
Jun 20 04:11:16 gtw01 kernel: [ 6478.697597] device qg-bd6e8927-f1 entered promiscuous mode
Jun 20 04:11:16 gtw01 systemd-udevd[7600]: Could not generate persistent MAC address for qg-bd6e8927-f1: No such file or directory
Jun 20 04:11:17 gtw01 dnsmasq[7591]: read /var/lib/neutron/dhcp/56598ddb-1873-4e5c-9b68-3056eec15d4c/addn_hosts - 2 addresses
Jun 20 04:11:17 gtw01 dnsmasq-dhcp[7591]: read /var/lib/neutron/dhcp/56598ddb-1873-4e5c-9b68-3056eec15d4c/host
Jun 20 04:11:17 gtw01 dnsmasq-dhcp[7591]: read /var/lib/neutron/dhcp/56598ddb-1873-4e5c-9b68-3056eec15d4c/opts
Jun 20 04:11:17 gtw01 dnsmasq[16241]: read /var/lib/neutron/dhcp/8bd7fcc4-16e7-4df3-a7dd-878d16565cc0/addn_hosts - 2 addresses
Jun 20 04:11:17 gtw01 dnsmasq-dhcp[16241]: read /var/lib/neutron/dhcp/8bd7fcc4-16e7-4df3-a7dd-878d16565cc0/host
Jun 20 04:11:17 gtw01 dnsmasq-dhcp[16241]: read /var/lib/neutron/dhcp/8bd7fcc4-16e7-4df3-a7dd-878d16565cc0/opts
Jun 20 04:11:18 gtw01 dnsmasq[7591]: read /var/lib/neutron/dhcp/56598ddb-1873-4e5c-9b68-3056eec15d4c/addn_hosts - 2 addresses
Jun 20 04:11:18 gtw01 dnsmasq-dhcp[7591]: read /var/lib/neutron/dhcp/56598ddb-1873-4e5c-9b68-3056eec15d4c/host
Jun 20 04:11:18 gtw01 dnsmasq-dhcp[7591]: read /var/lib/neutron/dhcp/56598ddb-1873-4e5c-9b68-3056eec15d4c/opts
Jun 20 04:11:19 gtw01 kernel: [ 6480.851020] device vxlan_sys_4789 left promiscuous mode
Jun 20 04:11:19 gtw01 dnsmasq[7591]: read /var/lib/neutron/dhcp/56598ddb-1873-4e5c-9b68-3056eec15d4c/addn_hosts - 2 addresses
Jun 20 04:11:19 gtw01 dnsmasq-dhcp[7591]: read /var/lib/neutron/dhcp/56598ddb-1873-4e5c-9b68-3056eec15d4c/host
Jun 20 04:11:19 gtw01 dnsmasq-dhcp[7591]: read /var/lib/neutron/dhcp/56598ddb-1873-4e5c-9b68-3056eec15d4c/opts
Jun 20 04:11:20 gtw01 dnsmasq[7591]: read /var/lib/neutron/dhcp/56598ddb-1873-4e5c-9b68-3056eec15d4c/addn_hosts - 2 addresses
Jun 20 04:11:20 gtw01 dnsmasq-dhcp[7591]: read /var/lib/neutron/dhcp/56598ddb-1873-4e5c-9b68-3056eec15d4c/host
Jun 20 04:11:20 gtw01 dnsmasq-dhcp[7591]: read /var/lib/neutron/dhcp/56598ddb-1873-4e5c-9b68-3056eec15d4c/opts
Jun 20 04:11:21 gtw01 dnsmasq[16241]: read /var/lib/neutron/dhcp/8bd7fcc4-16e7-4df3-a7dd-878d16565cc0/addn_hosts - 3 addresses
Jun 20 04:11:21 gtw01 dnsmasq-dhcp[16241]: read /var/lib/neutron/dhcp/8bd7fcc4-16e7-4df3-a7dd-878d16565cc0/host
Jun 20 04:11:21 gtw01 dnsmasq-dhcp[16241]: read /var/lib/neutron/dhcp/8bd7fcc4-16e7-4df3-a7dd-878d16565cc0/opts
Jun 20 04:11:21 gtw01 dnsmasq[7591]: read /var/lib/neutron/dhcp/56598ddb-1873-4e5c-9b68-3056eec15d4c/addn_hosts - 2 addresses
Jun 20 04:11:21 gtw01 dnsmasq-dhcp[7591]: read /var/lib/neutron/dhcp/56598ddb-1873-4e5c-9b68-3056eec15d4c/host
Jun 20 04:11:21 gtw01 dnsmasq-dhcp[7591]: read /var/lib/neutron/dhcp/56598ddb-1873-4e5c-9b68-3056eec15d4c/opts
Jun 20 04:11:21 gtw01 systemd-udevd[7899]: Could not generate persistent MAC address for vxlan_sys_4789: No such file or directory
Jun 20 04:11:21 gtw01 kernel: [ 6483.351144] device vxlan_sys_4789 entered promiscuous mode
Jun 20 04:11:22 gtw01 dnsmasq[16241]: read /var/lib/neutron/dhcp/8bd7fcc4-16e7-4df3-a7dd-878d16565cc0/addn_hosts - 3 addresses
Jun 20 04:11:22 gtw01 dnsmasq-dhcp[16241]: read /var/lib/neutron/dhcp/8bd7fcc4-16e7-4df3-a7dd-878d16565cc0/host
Jun 20 04:11:22 gtw01 dnsmasq-dhcp[16241]: read /var/lib/neutron/dhcp/8bd7fcc4-16e7-4df3-a7dd-878d16565cc0/opts
Jun 20 04:11:23 gtw01 haproxy-metadata-proxy-a9b64d81-af35-4d5e-8a51-028596e357b5[8038]: Proxy listener started.
Jun 20 04:11:23 gtw01 systemd-udevd[8046]: Could not generate persistent MAC address for tapc95859c8-f7: No such file or directory
Jun 20 04:11:23 gtw01 kernel: [ 6484.887556] device tapc95859c8-f7 entered promiscuous mode
Jun 20 04:11:23 gtw01 systemd-udevd[8116]: Process '/sbin/ip link set tapc95859c8-f7 txqueuelen 10000' failed with exit code 1.
Jun 20 04:11:23 gtw01 dnsmasq[16241]: read /var/lib/neutron/dhcp/8bd7fcc4-16e7-4df3-a7dd-878d16565cc0/addn_hosts - 3 addresses
Jun 20 04:11:23 gtw01 dnsmasq-dhcp[16241]: read /var/lib/neutron/dhcp/8bd7fcc4-16e7-4df3-a7dd-878d16565cc0/host
Jun 20 04:11:23 gtw01 dnsmasq-dhcp[16241]: read /var/lib/neutron/dhcp/8bd7fcc4-16e7-4df3-a7dd-878d16565cc0/opts
Jun 20 04:11:24 gtw01 dnsmasq[7591]: read /var/lib/neutron/dhcp/56598ddb-1873-4e5c-9b68-3056eec15d4c/addn_hosts - 2 addresses
Jun 20 04:11:24 gtw01 dnsmasq-dhcp[7591]: read /var/lib/neutron/dhcp/56598ddb-1873-4e5c-9b68-3056eec15d4c/host
Jun 20 04:11:24 gtw01 dnsmasq-dhcp[7591]: read /var/lib/neutron/dhcp/56598ddb-1873-4e5c-9b68-3056eec15d4c/opts
Jun 20 04:11:25 gtw01 dnsmasq[7591]: read /var/lib/neutron/dhcp/56598ddb-1873-4e5c-9b68-3056eec15d4c/addn_hosts - 2 addresses
Jun 20 04:11:25 gtw01 dnsmasq-dhcp[7591]: read /var/lib/neutron/dhcp/56598ddb-1873-4e5c-9b68-3056eec15d4c/host
Jun 20 04:11:25 gtw01 dnsmasq-dhcp[7591]: read /var/lib/neutron/dhcp/56598ddb-1873-4e5c-9b68-3056eec15d4c/opts
Jun 20 04:11:25 gtw01 systemd-udevd[8232]: Could not generate persistent MAC address for qr-d83e1945-9b: No such file or directory
Jun 20 04:11:25 gtw01 kernel: [ 6487.605993] device qr-d83e1945-9b entered promiscuous mode
Jun 20 04:11:26 gtw01 dnsmasq[16241]: read /var/lib/neutron/dhcp/8bd7fcc4-16e7-4df3-a7dd-878d16565cc0/addn_hosts - 4 addresses
Jun 20 04:11:26 gtw01 dnsmasq-dhcp[16241]: read /var/lib/neutron/dhcp/8bd7fcc4-16e7-4df3-a7dd-878d16565cc0/host
Jun 20 04:11:26 gtw01 dnsmasq-dhcp[16241]: read /var/lib/neutron/dhcp/8bd7fcc4-16e7-4df3-a7dd-878d16565cc0/opts
Jun 20 04:11:26 gtw01 dnsmasq[8349]: started, version 2.80 cachesize 150
Jun 20 04:11:26 gtw01 dnsmasq[8349]: DNS service limited to local subnets
Jun 20 04:11:26 gtw01 dnsmasq[8349]: compile time options: IPv6 GNU-getopt DBus i18n IDN DHCP DHCPv6 no-Lua TFTP conntrack ipset auth DNSSEC loop-detect inotify dumpfile
Jun 20 04:11:26 gtw01 dnsmasq[8349]: warning: no upstream servers configured
Jun 20 04:11:26 gtw01 dnsmasq-dhcp[8349]: DHCP, static leases only on 10.10.10.0, lease time 1h
Jun 20 04:11:26 gtw01 dnsmasq[8349]: read /var/lib/neutron/dhcp/c6d7cc6d-17f8-486d-95fc-e33363420c9f/addn_hosts - 1 addresses
Jun 20 04:11:26 gtw01 dnsmasq-dhcp[8349]: read /var/lib/neutron/dhcp/c6d7cc6d-17f8-486d-95fc-e33363420c9f/host
Jun 20 04:11:26 gtw01 dnsmasq-dhcp[8349]: read /var/lib/neutron/dhcp/c6d7cc6d-17f8-486d-95fc-e33363420c9f/opts
Jun 20 04:11:26 gtw01 haproxy-metadata-proxy-c6d7cc6d-17f8-486d-95fc-e33363420c9f[8362]: Proxy listener started.
Jun 20 04:11:27 gtw01 dnsmasq[16241]: read /var/lib/neutron/dhcp/8bd7fcc4-16e7-4df3-a7dd-878d16565cc0/addn_hosts - 4 addresses
Jun 20 04:11:27 gtw01 dnsmasq-dhcp[16241]: read /var/lib/neutron/dhcp/8bd7fcc4-16e7-4df3-a7dd-878d16565cc0/host
Jun 20 04:11:27 gtw01 dnsmasq-dhcp[16241]: read /var/lib/neutron/dhcp/8bd7fcc4-16e7-4df3-a7dd-878d16565cc0/opts
Jun 20 04:11:28 gtw01 dnsmasq[8349]: read /var/lib/neutron/dhcp/c6d7cc6d-17f8-486d-95fc-e33363420c9f/addn_hosts - 1 addresses
Jun 20 04:11:28 gtw01 dnsmasq-dhcp[8349]: read /var/lib/neutron/dhcp/c6d7cc6d-17f8-486d-95fc-e33363420c9f/host
Jun 20 04:11:28 gtw01 dnsmasq-dhcp[8349]: read /var/lib/neutron/dhcp/c6d7cc6d-17f8-486d-95fc-e33363420c9f/opts
Jun 20 04:11:28 gtw01 dnsmasq[16241]: read /var/lib/neutron/dhcp/8bd7fcc4-16e7-4df3-a7dd-878d16565cc0/addn_hosts - 4 addresses
Jun 20 04:11:28 gtw01 dnsmasq-dhcp[16241]: read /var/lib/neutron/dhcp/8bd7fcc4-16e7-4df3-a7dd-878d16565cc0/host
Jun 20 04:11:28 gtw01 dnsmasq-dhcp[16241]: read /var/lib/neutron/dhcp/8bd7fcc4-16e7-4df3-a7dd-878d16565cc0/opts
Jun 20 04:11:28 gtw01 dnsmasq[6332]: read /var/lib/neutron/dhcp/5de20df5-1bb3-4e9a-ba34-f99287ca7ca1/addn_hosts - 4 addresses
Jun 20 04:11:28 gtw01 dnsmasq-dhcp[6332]: read /var/lib/neutron/dhcp/5de20df5-1bb3-4e9a-ba34-f99287ca7ca1/host
Jun 20 04:11:28 gtw01 dnsmasq-dhcp[6332]: read /var/lib/neutron/dhcp/5de20df5-1bb3-4e9a-ba34-f99287ca7ca1/opts
Jun 20 04:11:29 gtw01 dnsmasq[8349]: read /var/lib/neutron/dhcp/c6d7cc6d-17f8-486d-95fc-e33363420c9f/addn_hosts - 1 addresses
Jun 20 04:11:29 gtw01 dnsmasq-dhcp[8349]: read /var/lib/neutron/dhcp/c6d7cc6d-17f8-486d-95fc-e33363420c9f/host
Jun 20 04:11:29 gtw01 dnsmasq-dhcp[8349]: read /var/lib/neutron/dhcp/c6d7cc6d-17f8-486d-95fc-e33363420c9f/opts
Jun 20 04:11:29 gtw01 dnsmasq-dhcp[6332]: DHCPDISCOVER(tap7035d661-6c) fa:16:3e:73:1f:2e
Jun 20 04:11:29 gtw01 dnsmasq-dhcp[6332]: DHCPOFFER(tap7035d661-6c) 192.168.120.3 fa:16:3e:73:1f:2e
Jun 20 04:11:29 gtw01 dnsmasq-dhcp[6332]: DHCPREQUEST(tap7035d661-6c) 192.168.120.3 fa:16:3e:73:1f:2e
Jun 20 04:11:29 gtw01 dnsmasq-dhcp[6332]: DHCPACK(tap7035d661-6c) 192.168.120.3 fa:16:3e:73:1f:2e host-192-168-120-3
Jun 20 04:11:29 gtw01 dnsmasq[6332]: read /var/lib/neutron/dhcp/5de20df5-1bb3-4e9a-ba34-f99287ca7ca1/addn_hosts - 4 addresses
Jun 20 04:11:29 gtw01 dnsmasq-dhcp[6332]: read /var/lib/neutron/dhcp/5de20df5-1bb3-4e9a-ba34-f99287ca7ca1/host
Jun 20 04:11:29 gtw01 dnsmasq-dhcp[6332]: read /var/lib/neutron/dhcp/5de20df5-1bb3-4e9a-ba34-f99287ca7ca1/opts
Jun 20 04:11:30 gtw01 dnsmasq[8349]: read /var/lib/neutron/dhcp/c6d7cc6d-17f8-486d-95fc-e33363420c9f/addn_hosts - 1 addresses
Jun 20 04:11:30 gtw01 dnsmasq-dhcp[8349]: read /var/lib/neutron/dhcp/c6d7cc6d-17f8-486d-95fc-e33363420c9f/host
Jun 20 04:11:30 gtw01 dnsmasq-dhcp[8349]: read /var/lib/neutron/dhcp/c6d7cc6d-17f8-486d-95fc-e33363420c9f/opts
