Jun 20 03:12:15 gtw01 dnsmasq-dhcp[8818]: read /var/lib/neutron/dhcp/997793d3-8d59-4825-8a94-a97538d75509/host
Jun 20 03:12:15 gtw01 dnsmasq-dhcp[8818]: read /var/lib/neutron/dhcp/997793d3-8d59-4825-8a94-a97538d75509/opts
Jun 20 03:12:15 gtw01 dnsmasq[9115]: read /var/lib/neutron/dhcp/4a7ec8de-103c-4e13-b718-f3eb1edc8a06/addn_hosts - 1 addresses
Jun 20 03:12:15 gtw01 dnsmasq-dhcp[9115]: read /var/lib/neutron/dhcp/4a7ec8de-103c-4e13-b718-f3eb1edc8a06/host
Jun 20 03:12:15 gtw01 dnsmasq-dhcp[9115]: read /var/lib/neutron/dhcp/4a7ec8de-103c-4e13-b718-f3eb1edc8a06/opts
Jun 20 03:12:15 gtw01 dnsmasq[8759]: read /var/lib/neutron/dhcp/1c7d354a-d9aa-4f96-a830-773c4f437370/addn_hosts - 3 addresses
Jun 20 03:12:15 gtw01 dnsmasq-dhcp[8759]: read /var/lib/neutron/dhcp/1c7d354a-d9aa-4f96-a830-773c4f437370/host
Jun 20 03:12:15 gtw01 dnsmasq-dhcp[8759]: read /var/lib/neutron/dhcp/1c7d354a-d9aa-4f96-a830-773c4f437370/opts
Jun 20 03:12:15 gtw01 dnsmasq[9038]: read /var/lib/neutron/dhcp/10906948-39ff-45c1-9b17-2f5095ca76a0/addn_hosts - 1 addresses
Jun 20 03:12:15 gtw01 dnsmasq-dhcp[9038]: read /var/lib/neutron/dhcp/10906948-39ff-45c1-9b17-2f5095ca76a0/host
Jun 20 03:12:15 gtw01 dnsmasq-dhcp[9038]: read /var/lib/neutron/dhcp/10906948-39ff-45c1-9b17-2f5095ca76a0/opts
Jun 20 03:12:16 gtw01 dnsmasq[9278]: started, version 2.80 cachesize 150
Jun 20 03:12:16 gtw01 dnsmasq[9278]: DNS service limited to local subnets
Jun 20 03:12:16 gtw01 dnsmasq[9278]: compile time options: IPv6 GNU-getopt DBus i18n IDN DHCP DHCPv6 no-Lua TFTP conntrack ipset auth DNSSEC loop-detect inotify dumpfile
Jun 20 03:12:16 gtw01 dnsmasq[9278]: warning: no upstream servers configured
Jun 20 03:12:16 gtw01 dnsmasq-dhcp[9278]: DHCP, static leases only on 192.168.120.64, lease time 1h
Jun 20 03:12:16 gtw01 dnsmasq[9278]: read /var/lib/neutron/dhcp/5c64c0ab-3dbd-4a7d-a47d-6717e8a26120/addn_hosts - 1 addresses
Jun 20 03:12:16 gtw01 dnsmasq-dhcp[9278]: read /var/lib/neutron/dhcp/5c64c0ab-3dbd-4a7d-a47d-6717e8a26120/host
Jun 20 03:12:16 gtw01 dnsmasq-dhcp[9278]: read /var/lib/neutron/dhcp/5c64c0ab-3dbd-4a7d-a47d-6717e8a26120/opts
Jun 20 03:12:16 gtw01 haproxy-metadata-proxy-5c64c0ab-3dbd-4a7d-a47d-6717e8a26120[9298]: Proxy listener started.
Jun 20 03:12:16 gtw01 kernel: [ 2938.282602] device tapef07b60a-93 left promiscuous mode
Jun 20 03:12:16 gtw01 dnsmasq[9115]: read /var/lib/neutron/dhcp/4a7ec8de-103c-4e13-b718-f3eb1edc8a06/addn_hosts - 1 addresses
Jun 20 03:12:16 gtw01 dnsmasq-dhcp[9115]: read /var/lib/neutron/dhcp/4a7ec8de-103c-4e13-b718-f3eb1edc8a06/host
Jun 20 03:12:16 gtw01 dnsmasq-dhcp[9115]: read /var/lib/neutron/dhcp/4a7ec8de-103c-4e13-b718-f3eb1edc8a06/opts
Jun 20 03:12:16 gtw01 dnsmasq[8759]: read /var/lib/neutron/dhcp/1c7d354a-d9aa-4f96-a830-773c4f437370/addn_hosts - 3 addresses
Jun 20 03:12:16 gtw01 dnsmasq-dhcp[8759]: read /var/lib/neutron/dhcp/1c7d354a-d9aa-4f96-a830-773c4f437370/host
Jun 20 03:12:16 gtw01 dnsmasq-dhcp[8759]: read /var/lib/neutron/dhcp/1c7d354a-d9aa-4f96-a830-773c4f437370/opts
Jun 20 03:12:16 gtw01 dnsmasq[9038]: read /var/lib/neutron/dhcp/10906948-39ff-45c1-9b17-2f5095ca76a0/addn_hosts - 1 addresses
Jun 20 03:12:16 gtw01 dnsmasq-dhcp[9038]: read /var/lib/neutron/dhcp/10906948-39ff-45c1-9b17-2f5095ca76a0/host
Jun 20 03:12:16 gtw01 dnsmasq-dhcp[9038]: read /var/lib/neutron/dhcp/10906948-39ff-45c1-9b17-2f5095ca76a0/opts
Jun 20 03:12:17 gtw01 dnsmasq[9278]: read /var/lib/neutron/dhcp/5c64c0ab-3dbd-4a7d-a47d-6717e8a26120/addn_hosts - 1 addresses
Jun 20 03:12:17 gtw01 dnsmasq-dhcp[9278]: read /var/lib/neutron/dhcp/5c64c0ab-3dbd-4a7d-a47d-6717e8a26120/host
Jun 20 03:12:17 gtw01 dnsmasq-dhcp[9278]: read /var/lib/neutron/dhcp/5c64c0ab-3dbd-4a7d-a47d-6717e8a26120/opts
Jun 20 03:12:17 gtw01 dnsmasq[9115]: read /var/lib/neutron/dhcp/4a7ec8de-103c-4e13-b718-f3eb1edc8a06/addn_hosts - 1 addresses
Jun 20 03:12:17 gtw01 dnsmasq-dhcp[9115]: read /var/lib/neutron/dhcp/4a7ec8de-103c-4e13-b718-f3eb1edc8a06/host
Jun 20 03:12:17 gtw01 dnsmasq-dhcp[9115]: read /var/lib/neutron/dhcp/4a7ec8de-103c-4e13-b718-f3eb1edc8a06/opts
Jun 20 03:12:17 gtw01 dnsmasq[8759]: read /var/lib/neutron/dhcp/1c7d354a-d9aa-4f96-a830-773c4f437370/addn_hosts - 3 addresses
Jun 20 03:12:17 gtw01 dnsmasq-dhcp[8759]: read /var/lib/neutron/dhcp/1c7d354a-d9aa-4f96-a830-773c4f437370/host
Jun 20 03:12:17 gtw01 dnsmasq-dhcp[8759]: read /var/lib/neutron/dhcp/1c7d354a-d9aa-4f96-a830-773c4f437370/opts
Jun 20 03:12:18 gtw01 kernel: [ 2939.892729] device tap4b018786-6e left promiscuous mode
Jun 20 03:12:18 gtw01 dnsmasq[9278]: read /var/lib/neutron/dhcp/5c64c0ab-3dbd-4a7d-a47d-6717e8a26120/addn_hosts - 1 addresses
Jun 20 03:12:18 gtw01 dnsmasq-dhcp[9278]: read /var/lib/neutron/dhcp/5c64c0ab-3dbd-4a7d-a47d-6717e8a26120/host
Jun 20 03:12:18 gtw01 dnsmasq-dhcp[9278]: read /var/lib/neutron/dhcp/5c64c0ab-3dbd-4a7d-a47d-6717e8a26120/opts
Jun 20 03:12:19 gtw01 dnsmasq[9278]: read /var/lib/neutron/dhcp/5c64c0ab-3dbd-4a7d-a47d-6717e8a26120/addn_hosts - 1 addresses
Jun 20 03:12:19 gtw01 dnsmasq-dhcp[9278]: read /var/lib/neutron/dhcp/5c64c0ab-3dbd-4a7d-a47d-6717e8a26120/host
Jun 20 03:12:19 gtw01 dnsmasq-dhcp[9278]: read /var/lib/neutron/dhcp/5c64c0ab-3dbd-4a7d-a47d-6717e8a26120/opts
Jun 20 03:12:19 gtw01 kernel: [ 2941.188490] device tap801e12f9-9d left promiscuous mode
Jun 20 03:12:21 gtw01 kernel: [ 2942.980280] device tap8ecf1460-3a left promiscuous mode
Jun 20 03:12:25 gtw01 dnsmasq[7869]: read /var/lib/neutron/dhcp/0454668a-df36-467e-af73-d7697582ecbc/addn_hosts - 2 addresses
Jun 20 03:12:25 gtw01 dnsmasq-dhcp[7869]: read /var/lib/neutron/dhcp/0454668a-df36-467e-af73-d7697582ecbc/host
Jun 20 03:12:25 gtw01 dnsmasq-dhcp[7869]: read /var/lib/neutron/dhcp/0454668a-df36-467e-af73-d7697582ecbc/opts
Jun 20 03:12:26 gtw01 haproxy-metadata-proxy-0454668a-df36-467e-af73-d7697582ecbc[9556]: Proxy listener started.
Jun 20 03:12:30 gtw01 dnsmasq[8759]: read /var/lib/neutron/dhcp/1c7d354a-d9aa-4f96-a830-773c4f437370/addn_hosts - 2 addresses
Jun 20 03:12:30 gtw01 dnsmasq-dhcp[8759]: read /var/lib/neutron/dhcp/1c7d354a-d9aa-4f96-a830-773c4f437370/host
Jun 20 03:12:30 gtw01 dnsmasq-dhcp[8759]: read /var/lib/neutron/dhcp/1c7d354a-d9aa-4f96-a830-773c4f437370/opts
Jun 20 03:12:31 gtw01 dnsmasq[7568]: read /var/lib/neutron/dhcp/25217174-a596-4cf9-8913-859ea4f45b3e/addn_hosts - 3 addresses
Jun 20 03:12:31 gtw01 dnsmasq-dhcp[7568]: read /var/lib/neutron/dhcp/25217174-a596-4cf9-8913-859ea4f45b3e/host
Jun 20 03:12:31 gtw01 dnsmasq-dhcp[7568]: read /var/lib/neutron/dhcp/25217174-a596-4cf9-8913-859ea4f45b3e/opts
Jun 20 03:12:31 gtw01 haproxy-metadata-proxy-1c7d354a-d9aa-4f96-a830-773c4f437370[9608]: Proxy listener started.
Jun 20 03:12:31 gtw01 haproxy-metadata-proxy-25217174-a596-4cf9-8913-859ea4f45b3e[9616]: Proxy listener started.
Jun 20 03:12:33 gtw01 dnsmasq[7869]: read /var/lib/neutron/dhcp/0454668a-df36-467e-af73-d7697582ecbc/addn_hosts - 1 addresses
Jun 20 03:12:33 gtw01 dnsmasq-dhcp[7869]: read /var/lib/neutron/dhcp/0454668a-df36-467e-af73-d7697582ecbc/host
Jun 20 03:12:33 gtw01 dnsmasq-dhcp[7869]: read /var/lib/neutron/dhcp/0454668a-df36-467e-af73-d7697582ecbc/opts
Jun 20 03:12:34 gtw01 dnsmasq[7568]: read /var/lib/neutron/dhcp/25217174-a596-4cf9-8913-859ea4f45b3e/addn_hosts - 2 addresses
Jun 20 03:12:34 gtw01 dnsmasq-dhcp[7568]: read /var/lib/neutron/dhcp/25217174-a596-4cf9-8913-859ea4f45b3e/host
Jun 20 03:12:34 gtw01 dnsmasq-dhcp[7568]: read /var/lib/neutron/dhcp/25217174-a596-4cf9-8913-859ea4f45b3e/opts
Jun 20 03:12:34 gtw01 dnsmasq[8759]: read /var/lib/neutron/dhcp/1c7d354a-d9aa-4f96-a830-773c4f437370/addn_hosts - 1 addresses
Jun 20 03:12:34 gtw01 dnsmasq-dhcp[8759]: read /var/lib/neutron/dhcp/1c7d354a-d9aa-4f96-a830-773c4f437370/host
Jun 20 03:12:34 gtw01 dnsmasq-dhcp[8759]: read /var/lib/neutron/dhcp/1c7d354a-d9aa-4f96-a830-773c4f437370/opts
Jun 20 03:12:35 gtw01 dnsmasq[7568]: read /var/lib/neutron/dhcp/25217174-a596-4cf9-8913-859ea4f45b3e/addn_hosts - 1 addresses
Jun 20 03:12:35 gtw01 dnsmasq-dhcp[7568]: read /var/lib/neutron/dhcp/25217174-a596-4cf9-8913-859ea4f45b3e/host
Jun 20 03:12:35 gtw01 dnsmasq-dhcp[7568]: read /var/lib/neutron/dhcp/25217174-a596-4cf9-8913-859ea4f45b3e/opts
Jun 20 03:12:36 gtw01 kernel: [ 2957.960613] device tap62f5acf4-31 left promiscuous mode
Jun 20 03:12:36 gtw01 kernel: [ 2958.511741] device tap3afbb145-e7 left promiscuous mode
Jun 20 03:12:37 gtw01 kernel: [ 2959.393101] device tap847610c1-7d left promiscuous mode
Jun 20 03:12:54 gtw01 kernel: [ 2976.544061] device tap15bc0994-fc entered promiscuous mode
Jun 20 03:12:54 gtw01 systemd-udevd[9800]: Could not generate persistent MAC address for tap15bc0994-fc: No such file or directory
Jun 20 03:12:54 gtw01 systemd-udevd[9800]: Process '/sbin/ip link set tap15bc0994-fc txqueuelen 10000' failed with exit code 1.
Jun 20 03:12:54 gtw01 systemd-udevd[9874]: Process '/sbin/ip link set tap15bc0994-fc txqueuelen 10000' failed with exit code 1.
Jun 20 03:12:57 gtw01 systemd-udevd[9961]: Could not generate persistent MAC address for tapb2c454bf-b5: No such file or directory
Jun 20 03:12:57 gtw01 kernel: [ 2979.320372] device tapb2c454bf-b5 entered promiscuous mode
Jun 20 03:12:57 gtw01 systemd-udevd[9961]: Process '/sbin/ip link set tapb2c454bf-b5 txqueuelen 10000' failed with exit code 1.
Jun 20 03:12:57 gtw01 systemd-udevd[9961]: Process '/sbin/ip link set tapb2c454bf-b5 txqueuelen 10000' failed with exit code 1.
Jun 20 03:12:58 gtw01 dnsmasq[10063]: started, version 2.80 cachesize 150
Jun 20 03:12:58 gtw01 dnsmasq[10063]: DNS service limited to local subnets
Jun 20 03:12:58 gtw01 dnsmasq[10063]: compile time options: IPv6 GNU-getopt DBus i18n IDN DHCP DHCPv6 no-Lua TFTP conntrack ipset auth DNSSEC loop-detect inotify dumpfile
Jun 20 03:12:58 gtw01 dnsmasq[10063]: warning: no upstream servers configured
Jun 20 03:12:58 gtw01 dnsmasq-dhcp[10063]: DHCP, static leases only on 192.168.120.0, lease time 1h
Jun 20 03:12:58 gtw01 dnsmasq[10063]: read /var/lib/neutron/dhcp/4adf572a-a5c5-48e8-8900-adeae4979fcd/addn_hosts - 1 addresses
Jun 20 03:12:58 gtw01 dnsmasq-dhcp[10063]: read /var/lib/neutron/dhcp/4adf572a-a5c5-48e8-8900-adeae4979fcd/host
Jun 20 03:12:58 gtw01 dnsmasq-dhcp[10063]: read /var/lib/neutron/dhcp/4adf572a-a5c5-48e8-8900-adeae4979fcd/opts
Jun 20 03:12:58 gtw01 haproxy-metadata-proxy-4adf572a-a5c5-48e8-8900-adeae4979fcd[10072]: Proxy listener started.
Jun 20 03:12:59 gtw01 dnsmasq[10063]: read /var/lib/neutron/dhcp/4adf572a-a5c5-48e8-8900-adeae4979fcd/addn_hosts - 4 addresses
Jun 20 03:12:59 gtw01 dnsmasq-dhcp[10063]: read /var/lib/neutron/dhcp/4adf572a-a5c5-48e8-8900-adeae4979fcd/host
Jun 20 03:12:59 gtw01 dnsmasq-dhcp[10063]: read /var/lib/neutron/dhcp/4adf572a-a5c5-48e8-8900-adeae4979fcd/opts
Jun 20 03:12:59 gtw01 dnsmasq[10063]: read /var/lib/neutron/dhcp/4adf572a-a5c5-48e8-8900-adeae4979fcd/addn_hosts - 4 addresses
Jun 20 03:12:59 gtw01 dnsmasq-dhcp[10063]: read /var/lib/neutron/dhcp/4adf572a-a5c5-48e8-8900-adeae4979fcd/host
Jun 20 03:12:59 gtw01 dnsmasq-dhcp[10063]: read /var/lib/neutron/dhcp/4adf572a-a5c5-48e8-8900-adeae4979fcd/opts
Jun 20 03:13:00 gtw01 dnsmasq[10182]: started, version 2.80 cachesize 150
Jun 20 03:13:00 gtw01 dnsmasq[10182]: DNS service limited to local subnets
Jun 20 03:13:00 gtw01 dnsmasq[10182]: compile time options: IPv6 GNU-getopt DBus i18n IDN DHCP DHCPv6 no-Lua TFTP conntrack ipset auth DNSSEC loop-detect inotify dumpfile
Jun 20 03:13:00 gtw01 dnsmasq[10182]: warning: no upstream servers configured
Jun 20 03:13:00 gtw01 dnsmasq-dhcp[10182]: DHCP, static leases only on 192.168.120.0, lease time 1h
Jun 20 03:13:00 gtw01 dnsmasq[10182]: read /var/lib/neutron/dhcp/544fbc4d-c5e2-407b-9c8a-aad010198e1c/addn_hosts - 1 addresses
Jun 20 03:13:00 gtw01 dnsmasq-dhcp[10182]: read /var/lib/neutron/dhcp/544fbc4d-c5e2-407b-9c8a-aad010198e1c/host
Jun 20 03:13:00 gtw01 dnsmasq-dhcp[10182]: read /var/lib/neutron/dhcp/544fbc4d-c5e2-407b-9c8a-aad010198e1c/opts
Jun 20 03:13:00 gtw01 dnsmasq[10063]: read /var/lib/neutron/dhcp/4adf572a-a5c5-48e8-8900-adeae4979fcd/addn_hosts - 4 addresses
Jun 20 03:13:00 gtw01 dnsmasq-dhcp[10063]: read /var/lib/neutron/dhcp/4adf572a-a5c5-48e8-8900-adeae4979fcd/host
Jun 20 03:13:00 gtw01 dnsmasq-dhcp[10063]: read /var/lib/neutron/dhcp/4adf572a-a5c5-48e8-8900-adeae4979fcd/opts
Jun 20 03:13:01 gtw01 haproxy-metadata-proxy-544fbc4d-c5e2-407b-9c8a-aad010198e1c[10190]: Proxy listener started.
Jun 20 03:13:01 gtw01 dnsmasq[10182]: read /var/lib/neutron/dhcp/544fbc4d-c5e2-407b-9c8a-aad010198e1c/addn_hosts - 4 addresses
Jun 20 03:13:01 gtw01 dnsmasq-dhcp[10182]: read /var/lib/neutron/dhcp/544fbc4d-c5e2-407b-9c8a-aad010198e1c/host
Jun 20 03:13:01 gtw01 dnsmasq-dhcp[10182]: read /var/lib/neutron/dhcp/544fbc4d-c5e2-407b-9c8a-aad010198e1c/opts
Jun 20 03:13:01 gtw01 dnsmasq[10063]: read /var/lib/neutron/dhcp/4adf572a-a5c5-48e8-8900-adeae4979fcd/addn_hosts - 4 addresses
Jun 20 03:13:01 gtw01 dnsmasq-dhcp[10063]: read /var/lib/neutron/dhcp/4adf572a-a5c5-48e8-8900-adeae4979fcd/host
Jun 20 03:13:01 gtw01 dnsmasq-dhcp[10063]: read /var/lib/neutron/dhcp/4adf572a-a5c5-48e8-8900-adeae4979fcd/opts
Jun 20 03:13:02 gtw01 dnsmasq[10063]: read /var/lib/neutron/dhcp/4adf572a-a5c5-48e8-8900-adeae4979fcd/addn_hosts - 4 addresses
Jun 20 03:13:02 gtw01 dnsmasq-dhcp[10063]: read /var/lib/neutron/dhcp/4adf572a-a5c5-48e8-8900-adeae4979fcd/host
Jun 20 03:13:02 gtw01 dnsmasq-dhcp[10063]: read /var/lib/neutron/dhcp/4adf572a-a5c5-48e8-8900-adeae4979fcd/opts
Jun 20 03:13:03 gtw01 dnsmasq[10063]: read /var/lib/neutron/dhcp/4adf572a-a5c5-48e8-8900-adeae4979fcd/addn_hosts - 5 addresses
Jun 20 03:13:03 gtw01 dnsmasq-dhcp[10063]: read /var/lib/neutron/dhcp/4adf572a-a5c5-48e8-8900-adeae4979fcd/host
Jun 20 03:13:03 gtw01 dnsmasq-dhcp[10063]: read /var/lib/neutron/dhcp/4adf572a-a5c5-48e8-8900-adeae4979fcd/opts
Jun 20 03:13:04 gtw01 dnsmasq[10063]: read /var/lib/neutron/dhcp/4adf572a-a5c5-48e8-8900-adeae4979fcd/addn_hosts - 6 addresses
Jun 20 03:13:04 gtw01 dnsmasq-dhcp[10063]: read /var/lib/neutron/dhcp/4adf572a-a5c5-48e8-8900-adeae4979fcd/host
Jun 20 03:13:04 gtw01 dnsmasq-dhcp[10063]: read /var/lib/neutron/dhcp/4adf572a-a5c5-48e8-8900-adeae4979fcd/opts
Jun 20 03:13:05 gtw01 dnsmasq[10063]: read /var/lib/neutron/dhcp/4adf572a-a5c5-48e8-8900-adeae4979fcd/addn_hosts - 7 addresses
Jun 20 03:13:05 gtw01 dnsmasq-dhcp[10063]: read /var/lib/neutron/dhcp/4adf572a-a5c5-48e8-8900-adeae4979fcd/host
Jun 20 03:13:05 gtw01 dnsmasq-dhcp[10063]: read /var/lib/neutron/dhcp/4adf572a-a5c5-48e8-8900-adeae4979fcd/opts
Jun 20 03:13:06 gtw01 dnsmasq[10361]: started, version 2.80 cachesize 150
Jun 20 03:13:06 gtw01 dnsmasq[10361]: DNS service limited to local subnets
Jun 20 03:13:06 gtw01 dnsmasq[10361]: compile time options: IPv6 GNU-getopt DBus i18n IDN DHCP DHCPv6 no-Lua TFTP conntrack ipset auth DNSSEC loop-detect inotify dumpfile
Jun 20 03:13:06 gtw01 dnsmasq[10361]: warning: no upstream servers configured
Jun 20 03:13:06 gtw01 dnsmasq-dhcp[10361]: DHCP, static leases only on 192.168.120.0, lease time 1h
Jun 20 03:13:06 gtw01 dnsmasq-dhcp[10361]: DHCP, static leases only on 192.168.120.16, lease time 1h
Jun 20 03:13:06 gtw01 dnsmasq[10361]: read /var/lib/neutron/dhcp/544fbc4d-c5e2-407b-9c8a-aad010198e1c/addn_hosts - 5 addresses
Jun 20 03:13:06 gtw01 dnsmasq-dhcp[10361]: read /var/lib/neutron/dhcp/544fbc4d-c5e2-407b-9c8a-aad010198e1c/host
Jun 20 03:13:06 gtw01 dnsmasq-dhcp[10361]: read /var/lib/neutron/dhcp/544fbc4d-c5e2-407b-9c8a-aad010198e1c/opts
Jun 20 03:13:06 gtw01 dnsmasq[10063]: read /var/lib/neutron/dhcp/4adf572a-a5c5-48e8-8900-adeae4979fcd/addn_hosts - 7 addresses
Jun 20 03:13:06 gtw01 dnsmasq-dhcp[10063]: read /var/lib/neutron/dhcp/4adf572a-a5c5-48e8-8900-adeae4979fcd/host
Jun 20 03:13:06 gtw01 dnsmasq-dhcp[10063]: read /var/lib/neutron/dhcp/4adf572a-a5c5-48e8-8900-adeae4979fcd/opts
Jun 20 03:13:06 gtw01 dnsmasq[10361]: read /var/lib/neutron/dhcp/544fbc4d-c5e2-407b-9c8a-aad010198e1c/addn_hosts - 7 addresses
Jun 20 03:13:06 gtw01 dnsmasq-dhcp[10361]: read /var/lib/neutron/dhcp/544fbc4d-c5e2-407b-9c8a-aad010198e1c/host
Jun 20 03:13:06 gtw01 dnsmasq-dhcp[10361]: read /var/lib/neutron/dhcp/544fbc4d-c5e2-407b-9c8a-aad010198e1c/opts
Jun 20 03:13:07 gtw01 dnsmasq-dhcp[10361]: DHCPRELEASE(tapb2c454bf-b5) 192.168.120.4 fa:16:3e:07:c1:07 unknown lease
Jun 20 03:13:07 gtw01 dnsmasq[10063]: read /var/lib/neutron/dhcp/4adf572a-a5c5-48e8-8900-adeae4979fcd/addn_hosts - 7 addresses
Jun 20 03:13:07 gtw01 dnsmasq-dhcp[10063]: read /var/lib/neutron/dhcp/4adf572a-a5c5-48e8-8900-adeae4979fcd/host
Jun 20 03:13:07 gtw01 dnsmasq-dhcp[10063]: read /var/lib/neutron/dhcp/4adf572a-a5c5-48e8-8900-adeae4979fcd/opts
Jun 20 03:13:08 gtw01 dnsmasq-dhcp[10361]: DHCPRELEASE(tapb2c454bf-b5) 192.168.120.4 fa:16:3e:07:c1:07 unknown lease
Jun 20 03:13:08 gtw01 dnsmasq-dhcp[10361]: DHCPRELEASE(tapb2c454bf-b5) 192.168.120.4 fa:16:3e:07:c1:07 unknown lease
Jun 20 03:13:08 gtw01 dnsmasq[10063]: read /var/lib/neutron/dhcp/4adf572a-a5c5-48e8-8900-adeae4979fcd/addn_hosts - 7 addresses
Jun 20 03:13:08 gtw01 dnsmasq-dhcp[10063]: read /var/lib/neutron/dhcp/4adf572a-a5c5-48e8-8900-adeae4979fcd/host
Jun 20 03:13:08 gtw01 dnsmasq-dhcp[10063]: read /var/lib/neutron/dhcp/4adf572a-a5c5-48e8-8900-adeae4979fcd/opts
Jun 20 03:13:08 gtw01 kernel: [ 2990.665842] device tap1727510c-dc entered promiscuous mode
Jun 20 03:13:08 gtw01 systemd-udevd[10473]: Could not generate persistent MAC address for tap1727510c-dc: No such file or directory
Jun 20 03:13:09 gtw01 systemd-udevd[10473]: Process '/sbin/ip link set tap1727510c-dc txqueuelen 10000' failed with exit code 1.
Jun 20 03:13:09 gtw01 systemd-udevd[10473]: Process '/sbin/ip link set tap1727510c-dc txqueuelen 10000' failed with exit code 1.
Jun 20 03:13:09 gtw01 dnsmasq[10361]: read /var/lib/neutron/dhcp/544fbc4d-c5e2-407b-9c8a-aad010198e1c/addn_hosts - 6 addresses
Jun 20 03:13:09 gtw01 dnsmasq-dhcp[10361]: read /var/lib/neutron/dhcp/544fbc4d-c5e2-407b-9c8a-aad010198e1c/host
Jun 20 03:13:09 gtw01 dnsmasq-dhcp[10361]: read /var/lib/neutron/dhcp/544fbc4d-c5e2-407b-9c8a-aad010198e1c/opts
Jun 20 03:13:09 gtw01 dnsmasq[10063]: read /var/lib/neutron/dhcp/4adf572a-a5c5-48e8-8900-adeae4979fcd/addn_hosts - 7 addresses
Jun 20 03:13:09 gtw01 dnsmasq-dhcp[10063]: read /var/lib/neutron/dhcp/4adf572a-a5c5-48e8-8900-adeae4979fcd/host
Jun 20 03:13:09 gtw01 dnsmasq-dhcp[10063]: read /var/lib/neutron/dhcp/4adf572a-a5c5-48e8-8900-adeae4979fcd/opts
Jun 20 03:13:10 gtw01 dnsmasq-dhcp[10361]: DHCPRELEASE(tapb2c454bf-b5) 192.168.120.4 fa:16:3e:07:c1:07 unknown lease
Jun 20 03:13:10 gtw01 dnsmasq[10063]: read /var/lib/neutron/dhcp/4adf572a-a5c5-48e8-8900-adeae4979fcd/addn_hosts - 6 addresses
Jun 20 03:13:10 gtw01 dnsmasq-dhcp[10063]: read /var/lib/neutron/dhcp/4adf572a-a5c5-48e8-8900-adeae4979fcd/host
Jun 20 03:13:10 gtw01 dnsmasq-dhcp[10063]: read /var/lib/neutron/dhcp/4adf572a-a5c5-48e8-8900-adeae4979fcd/opts
Jun 20 03:13:10 gtw01 dnsmasq-dhcp[10361]: DHCPRELEASE(tapb2c454bf-b5) 192.168.120.4 fa:16:3e:07:c1:07 unknown lease
Jun 20 03:13:11 gtw01 dnsmasq-dhcp[10361]: DHCPRELEASE(tapb2c454bf-b5) 192.168.120.4 fa:16:3e:07:c1:07 unknown lease
Jun 20 03:13:11 gtw01 dnsmasq[10063]: read /var/lib/neutron/dhcp/4adf572a-a5c5-48e8-8900-adeae4979fcd/addn_hosts - 5 addresses
Jun 20 03:13:11 gtw01 dnsmasq-dhcp[10063]: read /var/lib/neutron/dhcp/4adf572a-a5c5-48e8-8900-adeae4979fcd/host
Jun 20 03:13:11 gtw01 dnsmasq-dhcp[10063]: read /var/lib/neutron/dhcp/4adf572a-a5c5-48e8-8900-adeae4979fcd/opts
Jun 20 03:13:11 gtw01 dnsmasq[10361]: read /var/lib/neutron/dhcp/544fbc4d-c5e2-407b-9c8a-aad010198e1c/addn_hosts - 6 addresses
Jun 20 03:13:11 gtw01 dnsmasq-dhcp[10361]: read /var/lib/neutron/dhcp/544fbc4d-c5e2-407b-9c8a-aad010198e1c/host
Jun 20 03:13:12 gtw01 dnsmasq-dhcp[10361]: read /var/lib/neutron/dhcp/544fbc4d-c5e2-407b-9c8a-aad010198e1c/opts
Jun 20 03:13:12 gtw01 dnsmasq[10742]: started, version 2.80 cachesize 150
Jun 20 03:13:12 gtw01 dnsmasq[10742]: DNS service limited to local subnets
Jun 20 03:13:12 gtw01 dnsmasq[10742]: compile time options: IPv6 GNU-getopt DBus i18n IDN DHCP DHCPv6 no-Lua TFTP conntrack ipset auth DNSSEC loop-detect inotify dumpfile
Jun 20 03:13:12 gtw01 dnsmasq[10742]: warning: no upstream servers configured
Jun 20 03:13:12 gtw01 dnsmasq-dhcp[10742]: DHCPv6, static leases only on 2003::, lease time 1h
Jun 20 03:13:12 gtw01 dnsmasq[10742]: read /var/lib/neutron/dhcp/f71a4bc2-bb03-42f9-aeeb-7c6194145c23/addn_hosts - 1 addresses
Jun 20 03:13:12 gtw01 dnsmasq-dhcp[10742]: read /var/lib/neutron/dhcp/f71a4bc2-bb03-42f9-aeeb-7c6194145c23/host
Jun 20 03:13:12 gtw01 dnsmasq-dhcp[10742]: read /var/lib/neutron/dhcp/f71a4bc2-bb03-42f9-aeeb-7c6194145c23/opts
Jun 20 03:13:12 gtw01 kernel: [ 2994.252141] device tap15bc0994-fc left promiscuous mode
Jun 20 03:13:13 gtw01 dnsmasq[10742]: read /var/lib/neutron/dhcp/f71a4bc2-bb03-42f9-aeeb-7c6194145c23/addn_hosts - 5 addresses
Jun 20 03:13:13 gtw01 dnsmasq-dhcp[10742]: read /var/lib/neutron/dhcp/f71a4bc2-bb03-42f9-aeeb-7c6194145c23/host
Jun 20 03:13:13 gtw01 dnsmasq-dhcp[10742]: read /var/lib/neutron/dhcp/f71a4bc2-bb03-42f9-aeeb-7c6194145c23/opts
Jun 20 03:13:13 gtw01 kernel: [ 2995.632086] device tapb2c454bf-b5 left promiscuous mode
Jun 20 03:13:14 gtw01 dnsmasq[10742]: read /var/lib/neutron/dhcp/f71a4bc2-bb03-42f9-aeeb-7c6194145c23/addn_hosts - 5 addresses
Jun 20 03:13:14 gtw01 dnsmasq-dhcp[10742]: read /var/lib/neutron/dhcp/f71a4bc2-bb03-42f9-aeeb-7c6194145c23/host
Jun 20 03:13:14 gtw01 dnsmasq-dhcp[10742]: read /var/lib/neutron/dhcp/f71a4bc2-bb03-42f9-aeeb-7c6194145c23/opts
Jun 20 03:13:15 gtw01 dnsmasq[10742]: read /var/lib/neutron/dhcp/f71a4bc2-bb03-42f9-aeeb-7c6194145c23/addn_hosts - 5 addresses
Jun 20 03:13:15 gtw01 dnsmasq-dhcp[10742]: read /var/lib/neutron/dhcp/f71a4bc2-bb03-42f9-aeeb-7c6194145c23/host
Jun 20 03:13:15 gtw01 dnsmasq-dhcp[10742]: read /var/lib/neutron/dhcp/f71a4bc2-bb03-42f9-aeeb-7c6194145c23/opts
Jun 20 03:13:16 gtw01 dnsmasq[10742]: read /var/lib/neutron/dhcp/f71a4bc2-bb03-42f9-aeeb-7c6194145c23/addn_hosts - 5 addresses
Jun 20 03:13:16 gtw01 dnsmasq-dhcp[10742]: read /var/lib/neutron/dhcp/f71a4bc2-bb03-42f9-aeeb-7c6194145c23/host
Jun 20 03:13:16 gtw01 dnsmasq-dhcp[10742]: read /var/lib/neutron/dhcp/f71a4bc2-bb03-42f9-aeeb-7c6194145c23/opts
Jun 20 03:13:17 gtw01 dnsmasq[10742]: read /var/lib/neutron/dhcp/f71a4bc2-bb03-42f9-aeeb-7c6194145c23/addn_hosts - 5 addresses
Jun 20 03:13:17 gtw01 dnsmasq-dhcp[10742]: read /var/lib/neutron/dhcp/f71a4bc2-bb03-42f9-aeeb-7c6194145c23/host
Jun 20 03:13:17 gtw01 dnsmasq-dhcp[10742]: read /var/lib/neutron/dhcp/f71a4bc2-bb03-42f9-aeeb-7c6194145c23/opts
Jun 20 03:13:17 gtw01 dnsmasq[10742]: read /var/lib/neutron/dhcp/f71a4bc2-bb03-42f9-aeeb-7c6194145c23/addn_hosts - 5 addresses
Jun 20 03:13:17 gtw01 dnsmasq-dhcp[10742]: read /var/lib/neutron/dhcp/f71a4bc2-bb03-42f9-aeeb-7c6194145c23/host
Jun 20 03:13:17 gtw01 dnsmasq-dhcp[10742]: read /var/lib/neutron/dhcp/f71a4bc2-bb03-42f9-aeeb-7c6194145c23/opts
Jun 20 03:13:18 gtw01 dnsmasq[10742]: read /var/lib/neutron/dhcp/f71a4bc2-bb03-42f9-aeeb-7c6194145c23/addn_hosts - 6 addresses
Jun 20 03:13:18 gtw01 dnsmasq-dhcp[10742]: read /var/lib/neutron/dhcp/f71a4bc2-bb03-42f9-aeeb-7c6194145c23/host
Jun 20 03:13:18 gtw01 dnsmasq-dhcp[10742]: read /var/lib/neutron/dhcp/f71a4bc2-bb03-42f9-aeeb-7c6194145c23/opts
Jun 20 03:13:19 gtw01 dnsmasq[10742]: read /var/lib/neutron/dhcp/f71a4bc2-bb03-42f9-aeeb-7c6194145c23/addn_hosts - 7 addresses
Jun 20 03:13:19 gtw01 dnsmasq-dhcp[10742]: read /var/lib/neutron/dhcp/f71a4bc2-bb03-42f9-aeeb-7c6194145c23/host
Jun 20 03:13:19 gtw01 dnsmasq-dhcp[10742]: read /var/lib/neutron/dhcp/f71a4bc2-bb03-42f9-aeeb-7c6194145c23/opts
Jun 20 03:13:20 gtw01 dnsmasq[10742]: read /var/lib/neutron/dhcp/f71a4bc2-bb03-42f9-aeeb-7c6194145c23/addn_hosts - 7 addresses
Jun 20 03:13:20 gtw01 dnsmasq-dhcp[10742]: read /var/lib/neutron/dhcp/f71a4bc2-bb03-42f9-aeeb-7c6194145c23/host
Jun 20 03:13:20 gtw01 dnsmasq-dhcp[10742]: read /var/lib/neutron/dhcp/f71a4bc2-bb03-42f9-aeeb-7c6194145c23/opts
Jun 20 03:13:21 gtw01 dnsmasq[10742]: read /var/lib/neutron/dhcp/f71a4bc2-bb03-42f9-aeeb-7c6194145c23/addn_hosts - 7 addresses
Jun 20 03:13:21 gtw01 dnsmasq-dhcp[10742]: read /var/lib/neutron/dhcp/f71a4bc2-bb03-42f9-aeeb-7c6194145c23/host
Jun 20 03:13:21 gtw01 dnsmasq-dhcp[10742]: read /var/lib/neutron/dhcp/f71a4bc2-bb03-42f9-aeeb-7c6194145c23/opts
Jun 20 03:13:22 gtw01 dnsmasq[10742]: read /var/lib/neutron/dhcp/f71a4bc2-bb03-42f9-aeeb-7c6194145c23/addn_hosts - 7 addresses
Jun 20 03:13:22 gtw01 dnsmasq-dhcp[10742]: read /var/lib/neutron/dhcp/f71a4bc2-bb03-42f9-aeeb-7c6194145c23/host
Jun 20 03:13:22 gtw01 dnsmasq-dhcp[10742]: read /var/lib/neutron/dhcp/f71a4bc2-bb03-42f9-aeeb-7c6194145c23/opts
Jun 20 03:13:23 gtw01 dnsmasq[10742]: read /var/lib/neutron/dhcp/f71a4bc2-bb03-42f9-aeeb-7c6194145c23/addn_hosts - 7 addresses
Jun 20 03:13:23 gtw01 dnsmasq-dhcp[10742]: read /var/lib/neutron/dhcp/f71a4bc2-bb03-42f9-aeeb-7c6194145c23/host
Jun 20 03:13:23 gtw01 dnsmasq-dhcp[10742]: read /var/lib/neutron/dhcp/f71a4bc2-bb03-42f9-aeeb-7c6194145c23/opts
Jun 20 03:13:24 gtw01 kernel: [ 3006.376871] device tap1727510c-dc left promiscuous mode
Jun 20 03:13:33 gtw01 systemd-udevd[11113]: Could not generate persistent MAC address for qg-348eb945-07: No such file or directory
Jun 20 03:13:33 gtw01 kernel: [ 3015.630792] device qg-348eb945-07 entered promiscuous mode
Jun 20 03:13:34 gtw01 kernel: [ 3015.922172] device tap5eb4c794-6f entered promiscuous mode
Jun 20 03:13:34 gtw01 systemd-udevd[11200]: Could not generate persistent MAC address for tap5eb4c794-6f: No such file or directory
Jun 20 03:13:34 gtw01 systemd-udevd[11200]: Process '/sbin/ip link set tap5eb4c794-6f txqueuelen 10000' failed with exit code 1.
Jun 20 03:13:34 gtw01 systemd-udevd[11200]: Process '/sbin/ip link set tap5eb4c794-6f txqueuelen 10000' failed with exit code 1.
Jun 20 03:13:37 gtw01 dnsmasq[11463]: started, version 2.80 cachesize 150
Jun 20 03:13:37 gtw01 dnsmasq[11463]: DNS service limited to local subnets
Jun 20 03:13:37 gtw01 dnsmasq[11463]: compile time options: IPv6 GNU-getopt DBus i18n IDN DHCP DHCPv6 no-Lua TFTP conntrack ipset auth DNSSEC loop-detect inotify dumpfile
Jun 20 03:13:37 gtw01 dnsmasq[11463]: warning: no upstream servers configured
Jun 20 03:13:37 gtw01 dnsmasq-dhcp[11463]: DHCP, static leases only on 192.168.120.0, lease time 1h
Jun 20 03:13:37 gtw01 dnsmasq[11463]: read /var/lib/neutron/dhcp/1b68171a-116a-4099-b988-e0911b1fd4f5/addn_hosts - 1 addresses
Jun 20 03:13:37 gtw01 dnsmasq-dhcp[11463]: read /var/lib/neutron/dhcp/1b68171a-116a-4099-b988-e0911b1fd4f5/host
Jun 20 03:13:37 gtw01 dnsmasq-dhcp[11463]: read /var/lib/neutron/dhcp/1b68171a-116a-4099-b988-e0911b1fd4f5/opts
Jun 20 03:13:37 gtw01 haproxy-metadata-proxy-1b68171a-116a-4099-b988-e0911b1fd4f5[11480]: Proxy listener started.
Jun 20 03:13:38 gtw01 systemd-udevd[11502]: Could not generate persistent MAC address for tap36ea8e37-e5: No such file or directory
Jun 20 03:13:38 gtw01 kernel: [ 3019.739318] device tap36ea8e37-e5 entered promiscuous mode
Jun 20 03:13:38 gtw01 systemd-udevd[11502]: Process '/sbin/ip link set tap36ea8e37-e5 txqueuelen 10000' failed with exit code 1.
Jun 20 03:13:38 gtw01 systemd-udevd[11579]: Process '/sbin/ip link set tap36ea8e37-e5 txqueuelen 10000' failed with exit code 1.
Jun 20 03:13:38 gtw01 dnsmasq[11463]: read /var/lib/neutron/dhcp/1b68171a-116a-4099-b988-e0911b1fd4f5/addn_hosts - 2 addresses
Jun 20 03:13:38 gtw01 dnsmasq-dhcp[11463]: read /var/lib/neutron/dhcp/1b68171a-116a-4099-b988-e0911b1fd4f5/host
Jun 20 03:13:38 gtw01 dnsmasq-dhcp[11463]: read /var/lib/neutron/dhcp/1b68171a-116a-4099-b988-e0911b1fd4f5/opts
Jun 20 03:13:39 gtw01 dnsmasq[11463]: read /var/lib/neutron/dhcp/1b68171a-116a-4099-b988-e0911b1fd4f5/addn_hosts - 2 addresses
Jun 20 03:13:39 gtw01 dnsmasq-dhcp[11463]: read /var/lib/neutron/dhcp/1b68171a-116a-4099-b988-e0911b1fd4f5/host
Jun 20 03:13:39 gtw01 dnsmasq-dhcp[11463]: read /var/lib/neutron/dhcp/1b68171a-116a-4099-b988-e0911b1fd4f5/opts
Jun 20 03:13:39 gtw01 haproxy-metadata-proxy-b47d1bfd-819e-4572-9213-21c6202ac6fa[11694]: Proxy listener started.
Jun 20 03:13:40 gtw01 haproxy-metadata-proxy-b3a06498-4e2c-4564-acaf-3cc8205c5938[11736]: Proxy listener started.
Jun 20 03:13:40 gtw01 dnsmasq[11463]: read /var/lib/neutron/dhcp/1b68171a-116a-4099-b988-e0911b1fd4f5/addn_hosts - 2 addresses
Jun 20 03:13:40 gtw01 dnsmasq-dhcp[11463]: read /var/lib/neutron/dhcp/1b68171a-116a-4099-b988-e0911b1fd4f5/host
Jun 20 03:13:40 gtw01 dnsmasq-dhcp[11463]: read /var/lib/neutron/dhcp/1b68171a-116a-4099-b988-e0911b1fd4f5/opts
Jun 20 03:13:41 gtw01 kernel: [ 3022.986571] device qg-348eb945-07 left promiscuous mode
Jun 20 03:13:41 gtw01 dnsmasq[11463]: read /var/lib/neutron/dhcp/1b68171a-116a-4099-b988-e0911b1fd4f5/addn_hosts - 2 addresses
Jun 20 03:13:41 gtw01 dnsmasq-dhcp[11463]: read /var/lib/neutron/dhcp/1b68171a-116a-4099-b988-e0911b1fd4f5/host
Jun 20 03:13:41 gtw01 dnsmasq-dhcp[11463]: read /var/lib/neutron/dhcp/1b68171a-116a-4099-b988-e0911b1fd4f5/opts
Jun 20 03:13:41 gtw01 dnsmasq[11853]: started, version 2.80 cachesize 150
Jun 20 03:13:41 gtw01 dnsmasq[11853]: DNS service limited to local subnets
Jun 20 03:13:41 gtw01 dnsmasq[11853]: compile time options: IPv6 GNU-getopt DBus i18n IDN DHCP DHCPv6 no-Lua TFTP conntrack ipset auth DNSSEC loop-detect inotify dumpfile
Jun 20 03:13:41 gtw01 dnsmasq[11853]: warning: no upstream servers configured
Jun 20 03:13:41 gtw01 dnsmasq-dhcp[11853]: DHCP, static leases only on 192.168.120.16, lease time 1h
Jun 20 03:13:41 gtw01 dnsmasq[11853]: read /var/lib/neutron/dhcp/72dc7fb5-5cb3-4bf6-9f1e-b3c2b1127c03/addn_hosts - 1 addresses
Jun 20 03:13:41 gtw01 dnsmasq-dhcp[11853]: read /var/lib/neutron/dhcp/72dc7fb5-5cb3-4bf6-9f1e-b3c2b1127c03/host
Jun 20 03:13:41 gtw01 dnsmasq-dhcp[11853]: read /var/lib/neutron/dhcp/72dc7fb5-5cb3-4bf6-9f1e-b3c2b1127c03/opts
Jun 20 03:13:41 gtw01 haproxy-metadata-proxy-72dc7fb5-5cb3-4bf6-9f1e-b3c2b1127c03[11865]: Proxy listener started.
Jun 20 03:13:43 gtw01 dnsmasq[11853]: read /var/lib/neutron/dhcp/72dc7fb5-5cb3-4bf6-9f1e-b3c2b1127c03/addn_hosts - 2 addresses
Jun 20 03:13:43 gtw01 dnsmasq-dhcp[11853]: read /var/lib/neutron/dhcp/72dc7fb5-5cb3-4bf6-9f1e-b3c2b1127c03/host
Jun 20 03:13:43 gtw01 dnsmasq-dhcp[11853]: read /var/lib/neutron/dhcp/72dc7fb5-5cb3-4bf6-9f1e-b3c2b1127c03/opts
Jun 20 03:13:43 gtw01 dnsmasq[11853]: read /var/lib/neutron/dhcp/72dc7fb5-5cb3-4bf6-9f1e-b3c2b1127c03/addn_hosts - 2 addresses
Jun 20 03:13:43 gtw01 dnsmasq-dhcp[11853]: read /var/lib/neutron/dhcp/72dc7fb5-5cb3-4bf6-9f1e-b3c2b1127c03/host
Jun 20 03:13:43 gtw01 dnsmasq-dhcp[11853]: read /var/lib/neutron/dhcp/72dc7fb5-5cb3-4bf6-9f1e-b3c2b1127c03/opts
Jun 20 03:13:44 gtw01 dnsmasq[11853]: read /var/lib/neutron/dhcp/72dc7fb5-5cb3-4bf6-9f1e-b3c2b1127c03/addn_hosts - 2 addresses
Jun 20 03:13:44 gtw01 dnsmasq-dhcp[11853]: read /var/lib/neutron/dhcp/72dc7fb5-5cb3-4bf6-9f1e-b3c2b1127c03/host
Jun 20 03:13:44 gtw01 dnsmasq-dhcp[11853]: read /var/lib/neutron/dhcp/72dc7fb5-5cb3-4bf6-9f1e-b3c2b1127c03/opts
Jun 20 03:13:44 gtw01 kernel: [ 3026.505755] device tap2506a13d-41 entered promiscuous mode
Jun 20 03:13:44 gtw01 systemd-udevd[11956]: Could not generate persistent MAC address for tap2506a13d-41: No such file or directory
Jun 20 03:13:44 gtw01 systemd-udevd[12026]: Process '/sbin/ip link set tap2506a13d-41 txqueuelen 10000' failed with exit code 1.
Jun 20 03:13:45 gtw01 dnsmasq[11853]: read /var/lib/neutron/dhcp/72dc7fb5-5cb3-4bf6-9f1e-b3c2b1127c03/addn_hosts - 2 addresses
Jun 20 03:13:45 gtw01 dnsmasq-dhcp[11853]: read /var/lib/neutron/dhcp/72dc7fb5-5cb3-4bf6-9f1e-b3c2b1127c03/host
Jun 20 03:13:45 gtw01 dnsmasq-dhcp[11853]: read /var/lib/neutron/dhcp/72dc7fb5-5cb3-4bf6-9f1e-b3c2b1127c03/opts
Jun 20 03:13:47 gtw01 kernel: [ 3029.497782] device tap42e44277-b9 entered promiscuous mode
Jun 20 03:13:47 gtw01 systemd-udevd[12159]: Could not generate persistent MAC address for tap42e44277-b9: No such file or directory
Jun 20 03:13:47 gtw01 systemd-udevd[12159]: Process '/sbin/ip link set tap42e44277-b9 txqueuelen 10000' failed with exit code 1.
Jun 20 03:13:47 gtw01 systemd-udevd[12159]: Process '/sbin/ip link set tap42e44277-b9 txqueuelen 10000' failed with exit code 1.
Jun 20 03:13:48 gtw01 dnsmasq[12250]: started, version 2.80 cachesize 150
Jun 20 03:13:48 gtw01 dnsmasq[12250]: DNS service limited to local subnets
Jun 20 03:13:48 gtw01 dnsmasq[12250]: compile time options: IPv6 GNU-getopt DBus i18n IDN DHCP DHCPv6 no-Lua TFTP conntrack ipset auth DNSSEC loop-detect inotify dumpfile
Jun 20 03:13:48 gtw01 dnsmasq[12250]: warning: no upstream servers configured
Jun 20 03:13:48 gtw01 dnsmasq-dhcp[12250]: DHCP, static leases only on 192.168.120.0, lease time 1h
Jun 20 03:13:48 gtw01 dnsmasq[12250]: read /var/lib/neutron/dhcp/276b067e-7556-4627-856f-907a9c154007/addn_hosts - 1 addresses
Jun 20 03:13:48 gtw01 dnsmasq-dhcp[12250]: read /var/lib/neutron/dhcp/276b067e-7556-4627-856f-907a9c154007/host
Jun 20 03:13:48 gtw01 dnsmasq-dhcp[12250]: read /var/lib/neutron/dhcp/276b067e-7556-4627-856f-907a9c154007/opts
Jun 20 03:13:48 gtw01 haproxy-metadata-proxy-276b067e-7556-4627-856f-907a9c154007[12258]: Proxy listener started.
Jun 20 03:13:49 gtw01 dnsmasq[12250]: read /var/lib/neutron/dhcp/276b067e-7556-4627-856f-907a9c154007/addn_hosts - 3 addresses
Jun 20 03:13:49 gtw01 dnsmasq-dhcp[12250]: read /var/lib/neutron/dhcp/276b067e-7556-4627-856f-907a9c154007/host
Jun 20 03:13:49 gtw01 dnsmasq-dhcp[12250]: read /var/lib/neutron/dhcp/276b067e-7556-4627-856f-907a9c154007/opts
Jun 20 03:13:50 gtw01 dnsmasq[12250]: read /var/lib/neutron/dhcp/276b067e-7556-4627-856f-907a9c154007/addn_hosts - 3 addresses
Jun 20 03:13:50 gtw01 dnsmasq-dhcp[12250]: read /var/lib/neutron/dhcp/276b067e-7556-4627-856f-907a9c154007/host
Jun 20 03:13:50 gtw01 dnsmasq-dhcp[12250]: read /var/lib/neutron/dhcp/276b067e-7556-4627-856f-907a9c154007/opts
Jun 20 03:13:50 gtw01 systemd-udevd[12359]: Could not generate persistent MAC address for tap639c8d38-a5: No such file or directory
Jun 20 03:13:50 gtw01 kernel: [ 3032.229941] device tap639c8d38-a5 entered promiscuous mode
Jun 20 03:13:50 gtw01 systemd-udevd[12359]: Process '/sbin/ip link set tap639c8d38-a5 txqueuelen 10000' failed with exit code 1.
Jun 20 03:13:51 gtw01 dnsmasq[12466]: started, version 2.80 cachesize 150
Jun 20 03:13:51 gtw01 dnsmasq[12466]: DNS service limited to local subnets
Jun 20 03:13:51 gtw01 dnsmasq[12466]: compile time options: IPv6 GNU-getopt DBus i18n IDN DHCP DHCPv6 no-Lua TFTP conntrack ipset auth DNSSEC loop-detect inotify dumpfile
Jun 20 03:13:51 gtw01 dnsmasq[12466]: warning: no upstream servers configured
Jun 20 03:13:51 gtw01 dnsmasq-dhcp[12466]: DHCP, static leases only on 192.168.120.32, lease time 1h
Jun 20 03:13:51 gtw01 dnsmasq[12466]: read /var/lib/neutron/dhcp/12058997-bb09-4041-a820-5832d5e71968/addn_hosts - 1 addresses
Jun 20 03:13:51 gtw01 dnsmasq-dhcp[12466]: read /var/lib/neutron/dhcp/12058997-bb09-4041-a820-5832d5e71968/host
Jun 20 03:13:51 gtw01 dnsmasq-dhcp[12466]: read /var/lib/neutron/dhcp/12058997-bb09-4041-a820-5832d5e71968/opts
Jun 20 03:13:51 gtw01 dnsmasq[12250]: read /var/lib/neutron/dhcp/276b067e-7556-4627-856f-907a9c154007/addn_hosts - 3 addresses
Jun 20 03:13:51 gtw01 dnsmasq-dhcp[12250]: read /var/lib/neutron/dhcp/276b067e-7556-4627-856f-907a9c154007/host
Jun 20 03:13:51 gtw01 dnsmasq-dhcp[12250]: read /var/lib/neutron/dhcp/276b067e-7556-4627-856f-907a9c154007/opts
Jun 20 03:13:51 gtw01 haproxy-metadata-proxy-12058997-bb09-4041-a820-5832d5e71968[12475]: Proxy listener started.
Jun 20 03:13:52 gtw01 dnsmasq[12466]: read /var/lib/neutron/dhcp/12058997-bb09-4041-a820-5832d5e71968/addn_hosts - 2 addresses
Jun 20 03:13:52 gtw01 dnsmasq-dhcp[12466]: read /var/lib/neutron/dhcp/12058997-bb09-4041-a820-5832d5e71968/host
Jun 20 03:13:52 gtw01 dnsmasq-dhcp[12466]: read /var/lib/neutron/dhcp/12058997-bb09-4041-a820-5832d5e71968/opts
Jun 20 03:13:52 gtw01 dnsmasq[12250]: read /var/lib/neutron/dhcp/276b067e-7556-4627-856f-907a9c154007/addn_hosts - 3 addresses
Jun 20 03:13:52 gtw01 dnsmasq-dhcp[12250]: read /var/lib/neutron/dhcp/276b067e-7556-4627-856f-907a9c154007/host
Jun 20 03:13:52 gtw01 dnsmasq-dhcp[12250]: read /var/lib/neutron/dhcp/276b067e-7556-4627-856f-907a9c154007/opts
Jun 20 03:13:53 gtw01 dnsmasq[12466]: read /var/lib/neutron/dhcp/12058997-bb09-4041-a820-5832d5e71968/addn_hosts - 2 addresses
Jun 20 03:13:53 gtw01 dnsmasq-dhcp[12466]: read /var/lib/neutron/dhcp/12058997-bb09-4041-a820-5832d5e71968/host
Jun 20 03:13:53 gtw01 dnsmasq-dhcp[12466]: read /var/lib/neutron/dhcp/12058997-bb09-4041-a820-5832d5e71968/opts
Jun 20 03:13:53 gtw01 dnsmasq[12250]: read /var/lib/neutron/dhcp/276b067e-7556-4627-856f-907a9c154007/addn_hosts - 3 addresses
Jun 20 03:13:53 gtw01 dnsmasq-dhcp[12250]: read /var/lib/neutron/dhcp/276b067e-7556-4627-856f-907a9c154007/host
Jun 20 03:13:53 gtw01 dnsmasq-dhcp[12250]: read /var/lib/neutron/dhcp/276b067e-7556-4627-856f-907a9c154007/opts
Jun 20 03:13:53 gtw01 systemd-udevd[12637]: Could not generate persistent MAC address for qg-ca1f5f51-87: No such file or directory
Jun 20 03:13:53 gtw01 kernel: [ 3035.139400] device qg-ca1f5f51-87 entered promiscuous mode
Jun 20 03:13:53 gtw01 kernel: [ 3035.405267] device tap14010d79-1c entered promiscuous mode
Jun 20 03:13:53 gtw01 systemd-udevd[12734]: Could not generate persistent MAC address for tap14010d79-1c: No such file or directory
Jun 20 03:13:53 gtw01 systemd-udevd[12734]: Process '/sbin/ip link set tap14010d79-1c txqueuelen 10000' failed with exit code 1.
Jun 20 03:13:54 gtw01 dnsmasq[12870]: started, version 2.80 cachesize 150
Jun 20 03:13:54 gtw01 dnsmasq[12870]: DNS service limited to local subnets
Jun 20 03:13:54 gtw01 dnsmasq[12870]: compile time options: IPv6 GNU-getopt DBus i18n IDN DHCP DHCPv6 no-Lua TFTP conntrack ipset auth DNSSEC loop-detect inotify dumpfile
Jun 20 03:13:54 gtw01 dnsmasq[12870]: warning: no upstream servers configured
Jun 20 03:13:54 gtw01 dnsmasq-dhcp[12870]: DHCP, static leases only on 192.168.120.48, lease time 1h
Jun 20 03:13:54 gtw01 dnsmasq[12870]: read /var/lib/neutron/dhcp/1bddde20-2336-4743-a0b2-f66712c4c4de/addn_hosts - 1 addresses
Jun 20 03:13:54 gtw01 dnsmasq-dhcp[12870]: read /var/lib/neutron/dhcp/1bddde20-2336-4743-a0b2-f66712c4c4de/host
Jun 20 03:13:54 gtw01 dnsmasq-dhcp[12870]: read /var/lib/neutron/dhcp/1bddde20-2336-4743-a0b2-f66712c4c4de/opts
Jun 20 03:13:54 gtw01 dnsmasq[12466]: read /var/lib/neutron/dhcp/12058997-bb09-4041-a820-5832d5e71968/addn_hosts - 2 addresses
Jun 20 03:13:54 gtw01 dnsmasq-dhcp[12466]: read /var/lib/neutron/dhcp/12058997-bb09-4041-a820-5832d5e71968/host
Jun 20 03:13:54 gtw01 dnsmasq-dhcp[12466]: read /var/lib/neutron/dhcp/12058997-bb09-4041-a820-5832d5e71968/opts
Jun 20 03:13:54 gtw01 dnsmasq[12250]: read /var/lib/neutron/dhcp/276b067e-7556-4627-856f-907a9c154007/addn_hosts - 3 addresses
Jun 20 03:13:54 gtw01 dnsmasq-dhcp[12250]: read /var/lib/neutron/dhcp/276b067e-7556-4627-856f-907a9c154007/host
Jun 20 03:13:54 gtw01 dnsmasq-dhcp[12250]: read /var/lib/neutron/dhcp/276b067e-7556-4627-856f-907a9c154007/opts
Jun 20 03:13:54 gtw01 haproxy-metadata-proxy-1bddde20-2336-4743-a0b2-f66712c4c4de[12884]: Proxy listener started.
Jun 20 03:13:55 gtw01 dnsmasq[12466]: read /var/lib/neutron/dhcp/12058997-bb09-4041-a820-5832d5e71968/addn_hosts - 2 addresses
Jun 20 03:13:55 gtw01 dnsmasq-dhcp[12466]: read /var/lib/neutron/dhcp/12058997-bb09-4041-a820-5832d5e71968/host
Jun 20 03:13:55 gtw01 dnsmasq-dhcp[12466]: read /var/lib/neutron/dhcp/12058997-bb09-4041-a820-5832d5e71968/opts
Jun 20 03:13:55 gtw01 dnsmasq[12250]: read /var/lib/neutron/dhcp/276b067e-7556-4627-856f-907a9c154007/addn_hosts - 3 addresses
Jun 20 03:13:55 gtw01 dnsmasq-dhcp[12250]: read /var/lib/neutron/dhcp/276b067e-7556-4627-856f-907a9c154007/host
Jun 20 03:13:55 gtw01 dnsmasq-dhcp[12250]: read /var/lib/neutron/dhcp/276b067e-7556-4627-856f-907a9c154007/opts
Jun 20 03:13:56 gtw01 dnsmasq[12870]: read /var/lib/neutron/dhcp/1bddde20-2336-4743-a0b2-f66712c4c4de/addn_hosts - 2 addresses
Jun 20 03:13:56 gtw01 dnsmasq-dhcp[12870]: read /var/lib/neutron/dhcp/1bddde20-2336-4743-a0b2-f66712c4c4de/host
Jun 20 03:13:56 gtw01 dnsmasq-dhcp[12870]: read /var/lib/neutron/dhcp/1bddde20-2336-4743-a0b2-f66712c4c4de/opts
Jun 20 03:13:57 gtw01 systemd-udevd[13102]: Could not generate persistent MAC address for tap349494e0-4b: No such file or directory
Jun 20 03:13:57 gtw01 kernel: [ 3039.164016] device tap349494e0-4b entered promiscuous mode
Jun 20 03:13:57 gtw01 systemd-udevd[13102]: Process '/sbin/ip link set tap349494e0-4b txqueuelen 10000' failed with exit code 1.
Jun 20 03:13:57 gtw01 dnsmasq[12250]: read /var/lib/neutron/dhcp/276b067e-7556-4627-856f-907a9c154007/addn_hosts - 3 addresses
Jun 20 03:13:57 gtw01 dnsmasq-dhcp[12250]: read /var/lib/neutron/dhcp/276b067e-7556-4627-856f-907a9c154007/host
Jun 20 03:13:57 gtw01 dnsmasq-dhcp[12250]: read /var/lib/neutron/dhcp/276b067e-7556-4627-856f-907a9c154007/opts
Jun 20 03:13:57 gtw01 systemd-udevd[13102]: Process '/sbin/ip link set tap349494e0-4b txqueuelen 10000' failed with exit code 1.
Jun 20 03:13:57 gtw01 dnsmasq[12870]: read /var/lib/neutron/dhcp/1bddde20-2336-4743-a0b2-f66712c4c4de/addn_hosts - 2 addresses
Jun 20 03:13:57 gtw01 dnsmasq-dhcp[12870]: read /var/lib/neutron/dhcp/1bddde20-2336-4743-a0b2-f66712c4c4de/host
Jun 20 03:13:57 gtw01 dnsmasq-dhcp[12870]: read /var/lib/neutron/dhcp/1bddde20-2336-4743-a0b2-f66712c4c4de/opts
Jun 20 03:13:58 gtw01 dnsmasq[13259]: started, version 2.80 cachesize 150
Jun 20 03:13:58 gtw01 dnsmasq[13259]: DNS service limited to local subnets
Jun 20 03:13:58 gtw01 dnsmasq[13259]: compile time options: IPv6 GNU-getopt DBus i18n IDN DHCP DHCPv6 no-Lua TFTP conntrack ipset auth DNSSEC loop-detect inotify dumpfile
Jun 20 03:13:58 gtw01 dnsmasq[13259]: warning: no upstream servers configured
Jun 20 03:13:58 gtw01 dnsmasq-dhcp[13259]: DHCP, static leases only on 192.168.120.64, lease time 1h
Jun 20 03:13:58 gtw01 dnsmasq[13259]: read /var/lib/neutron/dhcp/a6ef533d-6d2c-48ce-afbe-5b86c199ec16/addn_hosts - 1 addresses
Jun 20 03:13:58 gtw01 dnsmasq-dhcp[13259]: read /var/lib/neutron/dhcp/a6ef533d-6d2c-48ce-afbe-5b86c199ec16/host
Jun 20 03:13:58 gtw01 dnsmasq-dhcp[13259]: read /var/lib/neutron/dhcp/a6ef533d-6d2c-48ce-afbe-5b86c199ec16/opts
Jun 20 03:13:58 gtw01 haproxy-metadata-proxy-a6ef533d-6d2c-48ce-afbe-5b86c199ec16[13282]: Proxy listener started.
Jun 20 03:13:58 gtw01 dnsmasq[12250]: read /var/lib/neutron/dhcp/276b067e-7556-4627-856f-907a9c154007/addn_hosts - 3 addresses
Jun 20 03:13:58 gtw01 dnsmasq-dhcp[12250]: read /var/lib/neutron/dhcp/276b067e-7556-4627-856f-907a9c154007/host
Jun 20 03:13:58 gtw01 dnsmasq-dhcp[12250]: read /var/lib/neutron/dhcp/276b067e-7556-4627-856f-907a9c154007/opts
Jun 20 03:13:59 gtw01 dnsmasq[12870]: read /var/lib/neutron/dhcp/1bddde20-2336-4743-a0b2-f66712c4c4de/addn_hosts - 2 addresses
Jun 20 03:13:59 gtw01 dnsmasq-dhcp[12870]: read /var/lib/neutron/dhcp/1bddde20-2336-4743-a0b2-f66712c4c4de/host
Jun 20 03:13:59 gtw01 dnsmasq-dhcp[12870]: read /var/lib/neutron/dhcp/1bddde20-2336-4743-a0b2-f66712c4c4de/opts
Jun 20 03:13:59 gtw01 dnsmasq[13259]: read /var/lib/neutron/dhcp/a6ef533d-6d2c-48ce-afbe-5b86c199ec16/addn_hosts - 2 addresses
Jun 20 03:13:59 gtw01 dnsmasq-dhcp[13259]: read /var/lib/neutron/dhcp/a6ef533d-6d2c-48ce-afbe-5b86c199ec16/host
Jun 20 03:13:59 gtw01 dnsmasq-dhcp[13259]: read /var/lib/neutron/dhcp/a6ef533d-6d2c-48ce-afbe-5b86c199ec16/opts
Jun 20 03:13:59 gtw01 systemd-udevd[13382]: Could not generate persistent MAC address for tapa0c8919a-ff: No such file or directory
Jun 20 03:13:59 gtw01 kernel: [ 3041.540484] device tapa0c8919a-ff entered promiscuous mode
Jun 20 03:14:00 gtw01 systemd-udevd[13459]: Process '/sbin/ip link set tapa0c8919a-ff txqueuelen 10000' failed with exit code 1.
Jun 20 03:14:00 gtw01 dnsmasq[12250]: read /var/lib/neutron/dhcp/276b067e-7556-4627-856f-907a9c154007/addn_hosts - 2 addresses
Jun 20 03:14:00 gtw01 dnsmasq-dhcp[12250]: read /var/lib/neutron/dhcp/276b067e-7556-4627-856f-907a9c154007/host
Jun 20 03:14:00 gtw01 dnsmasq-dhcp[12250]: read /var/lib/neutron/dhcp/276b067e-7556-4627-856f-907a9c154007/opts
Jun 20 03:14:00 gtw01 dnsmasq[12870]: read /var/lib/neutron/dhcp/1bddde20-2336-4743-a0b2-f66712c4c4de/addn_hosts - 2 addresses
Jun 20 03:14:00 gtw01 dnsmasq-dhcp[12870]: read /var/lib/neutron/dhcp/1bddde20-2336-4743-a0b2-f66712c4c4de/host
Jun 20 03:14:00 gtw01 dnsmasq-dhcp[12870]: read /var/lib/neutron/dhcp/1bddde20-2336-4743-a0b2-f66712c4c4de/opts
Jun 20 03:14:01 gtw01 dnsmasq[13259]: read /var/lib/neutron/dhcp/a6ef533d-6d2c-48ce-afbe-5b86c199ec16/addn_hosts - 2 addresses
Jun 20 03:14:01 gtw01 dnsmasq-dhcp[13259]: read /var/lib/neutron/dhcp/a6ef533d-6d2c-48ce-afbe-5b86c199ec16/host
Jun 20 03:14:01 gtw01 dnsmasq-dhcp[13259]: read /var/lib/neutron/dhcp/a6ef533d-6d2c-48ce-afbe-5b86c199ec16/opts
Jun 20 03:14:01 gtw01 haproxy-metadata-proxy-92a23bc9-c65f-4d53-98fa-2845748accf0[13599]: Proxy listener started.
Jun 20 03:14:01 gtw01 haproxy-metadata-proxy-19afb446-7d5c-4d39-8a2d-6831a5c6d0da[13623]: Proxy listener started.
Jun 20 03:14:01 gtw01 dnsmasq[12250]: read /var/lib/neutron/dhcp/276b067e-7556-4627-856f-907a9c154007/addn_hosts - 1 addresses
Jun 20 03:14:01 gtw01 dnsmasq-dhcp[12250]: read /var/lib/neutron/dhcp/276b067e-7556-4627-856f-907a9c154007/host
Jun 20 03:14:01 gtw01 dnsmasq-dhcp[12250]: read /var/lib/neutron/dhcp/276b067e-7556-4627-856f-907a9c154007/opts
Jun 20 03:14:02 gtw01 kernel: [ 3044.356067] device qg-ca1f5f51-87 left promiscuous mode
Jun 20 03:14:02 gtw01 dnsmasq[13259]: read /var/lib/neutron/dhcp/a6ef533d-6d2c-48ce-afbe-5b86c199ec16/addn_hosts - 2 addresses
Jun 20 03:14:02 gtw01 dnsmasq-dhcp[13259]: read /var/lib/neutron/dhcp/a6ef533d-6d2c-48ce-afbe-5b86c199ec16/host
Jun 20 03:14:02 gtw01 dnsmasq-dhcp[13259]: read /var/lib/neutron/dhcp/a6ef533d-6d2c-48ce-afbe-5b86c199ec16/opts
Jun 20 03:14:02 gtw01 dnsmasq[13749]: started, version 2.80 cachesize 150
Jun 20 03:14:02 gtw01 dnsmasq[13749]: DNS service limited to local subnets
Jun 20 03:14:02 gtw01 dnsmasq[13749]: compile time options: IPv6 GNU-getopt DBus i18n IDN DHCP DHCPv6 no-Lua TFTP conntrack ipset auth DNSSEC loop-detect inotify dumpfile
Jun 20 03:14:02 gtw01 dnsmasq[13749]: warning: no upstream servers configured
Jun 20 03:14:02 gtw01 dnsmasq-dhcp[13749]: DHCP, static leases only on 192.168.120.0, lease time 1h
Jun 20 03:14:02 gtw01 dnsmasq[13749]: read /var/lib/neutron/dhcp/5d9b9faf-8db5-4757-b706-bba9877c0c84/addn_hosts - 1 addresses
Jun 20 03:14:02 gtw01 dnsmasq-dhcp[13749]: read /var/lib/neutron/dhcp/5d9b9faf-8db5-4757-b706-bba9877c0c84/host
Jun 20 03:14:02 gtw01 dnsmasq-dhcp[13749]: read /var/lib/neutron/dhcp/5d9b9faf-8db5-4757-b706-bba9877c0c84/opts
Jun 20 03:14:03 gtw01 haproxy-metadata-proxy-5d9b9faf-8db5-4757-b706-bba9877c0c84[13775]: Proxy listener started.
Jun 20 03:14:03 gtw01 systemd-udevd[13813]: Could not generate persistent MAC address for tapc95e0bc8-57: No such file or directory
Jun 20 03:14:03 gtw01 kernel: [ 3045.299231] device tapc95e0bc8-57 entered promiscuous mode
Jun 20 03:14:03 gtw01 kernel: [ 3045.329348] device tap349494e0-4b left promiscuous mode
Jun 20 03:14:03 gtw01 systemd-udevd[13882]: Process '/sbin/ip link set tapc95e0bc8-57 txqueuelen 10000' failed with exit code 1.
Jun 20 03:14:03 gtw01 dnsmasq[13259]: read /var/lib/neutron/dhcp/a6ef533d-6d2c-48ce-afbe-5b86c199ec16/addn_hosts - 2 addresses
Jun 20 03:14:03 gtw01 dnsmasq-dhcp[13259]: read /var/lib/neutron/dhcp/a6ef533d-6d2c-48ce-afbe-5b86c199ec16/host
Jun 20 03:14:03 gtw01 dnsmasq-dhcp[13259]: read /var/lib/neutron/dhcp/a6ef533d-6d2c-48ce-afbe-5b86c199ec16/opts
Jun 20 03:14:04 gtw01 dnsmasq[13940]: started, version 2.80 cachesize 150
Jun 20 03:14:04 gtw01 dnsmasq[13940]: DNS service limited to local subnets
Jun 20 03:14:04 gtw01 dnsmasq[13940]: compile time options: IPv6 GNU-getopt DBus i18n IDN DHCP DHCPv6 no-Lua TFTP conntrack ipset auth DNSSEC loop-detect inotify dumpfile
Jun 20 03:14:04 gtw01 dnsmasq[13940]: warning: no upstream servers configured
Jun 20 03:14:04 gtw01 dnsmasq-dhcp[13940]: DHCP, static leases only on 192.168.120.80, lease time 1h
Jun 20 03:14:04 gtw01 dnsmasq[13940]: read /var/lib/neutron/dhcp/617ee8a1-41a6-4d6e-997a-bb93db8a96fa/addn_hosts - 1 addresses
Jun 20 03:14:04 gtw01 dnsmasq-dhcp[13940]: read /var/lib/neutron/dhcp/617ee8a1-41a6-4d6e-997a-bb93db8a96fa/host
Jun 20 03:14:04 gtw01 dnsmasq-dhcp[13940]: read /var/lib/neutron/dhcp/617ee8a1-41a6-4d6e-997a-bb93db8a96fa/opts
Jun 20 03:14:04 gtw01 haproxy-metadata-proxy-617ee8a1-41a6-4d6e-997a-bb93db8a96fa[13953]: Proxy listener started.
Jun 20 03:14:04 gtw01 systemd-udevd[13976]: Could not generate persistent MAC address for tapb7df8139-90: No such file or directory
Jun 20 03:14:04 gtw01 kernel: [ 3046.493420] device tapb7df8139-90 entered promiscuous mode
Jun 20 03:14:04 gtw01 systemd-udevd[14046]: Process '/sbin/ip link set tapb7df8139-90 txqueuelen 10000' failed with exit code 1.
Jun 20 03:14:05 gtw01 dnsmasq[13940]: read /var/lib/neutron/dhcp/617ee8a1-41a6-4d6e-997a-bb93db8a96fa/addn_hosts - 2 addresses
Jun 20 03:14:05 gtw01 dnsmasq-dhcp[13940]: read /var/lib/neutron/dhcp/617ee8a1-41a6-4d6e-997a-bb93db8a96fa/host
Jun 20 03:14:05 gtw01 dnsmasq-dhcp[13940]: read /var/lib/neutron/dhcp/617ee8a1-41a6-4d6e-997a-bb93db8a96fa/opts
Jun 20 03:14:06 gtw01 dnsmasq[13940]: read /var/lib/neutron/dhcp/617ee8a1-41a6-4d6e-997a-bb93db8a96fa/addn_hosts - 2 addresses
Jun 20 03:14:06 gtw01 dnsmasq-dhcp[13940]: read /var/lib/neutron/dhcp/617ee8a1-41a6-4d6e-997a-bb93db8a96fa/host
Jun 20 03:14:06 gtw01 dnsmasq-dhcp[13940]: read /var/lib/neutron/dhcp/617ee8a1-41a6-4d6e-997a-bb93db8a96fa/opts
Jun 20 03:14:06 gtw01 dnsmasq[14180]: started, version 2.80 cachesize 150
Jun 20 03:14:06 gtw01 dnsmasq[14180]: DNS service limited to local subnets
Jun 20 03:14:06 gtw01 dnsmasq[14180]: compile time options: IPv6 GNU-getopt DBus i18n IDN DHCP DHCPv6 no-Lua TFTP conntrack ipset auth DNSSEC loop-detect inotify dumpfile
Jun 20 03:14:06 gtw01 dnsmasq[14180]: warning: no upstream servers configured
