Jun 20 03:14:06 gtw01 dnsmasq-dhcp[14180]: DHCP, static leases only on 192.168.120.96, lease time 1h
Jun 20 03:14:06 gtw01 dnsmasq[14180]: read /var/lib/neutron/dhcp/d1600f5d-9399-4df2-ad3f-275ea82ab1c2/addn_hosts - 1 addresses
Jun 20 03:14:06 gtw01 dnsmasq-dhcp[14180]: read /var/lib/neutron/dhcp/d1600f5d-9399-4df2-ad3f-275ea82ab1c2/host
Jun 20 03:14:06 gtw01 dnsmasq-dhcp[14180]: read /var/lib/neutron/dhcp/d1600f5d-9399-4df2-ad3f-275ea82ab1c2/opts
Jun 20 03:14:07 gtw01 haproxy-metadata-proxy-d1600f5d-9399-4df2-ad3f-275ea82ab1c2[14205]: Proxy listener started.
Jun 20 03:14:07 gtw01 systemd-udevd[14214]: Could not generate persistent MAC address for tap3d74b0ef-a2: No such file or directory
Jun 20 03:14:07 gtw01 kernel: [ 3048.892451] device tap3d74b0ef-a2 entered promiscuous mode
Jun 20 03:14:07 gtw01 systemd-udevd[14214]: Process '/sbin/ip link set tap3d74b0ef-a2 txqueuelen 10000' failed with exit code 1.
Jun 20 03:14:07 gtw01 systemd-udevd[14299]: Process '/sbin/ip link set tap3d74b0ef-a2 txqueuelen 10000' failed with exit code 1.
Jun 20 03:14:07 gtw01 dnsmasq[11463]: read /var/lib/neutron/dhcp/1b68171a-116a-4099-b988-e0911b1fd4f5/addn_hosts - 1 addresses
Jun 20 03:14:07 gtw01 dnsmasq-dhcp[11463]: read /var/lib/neutron/dhcp/1b68171a-116a-4099-b988-e0911b1fd4f5/host
Jun 20 03:14:07 gtw01 dnsmasq-dhcp[11463]: read /var/lib/neutron/dhcp/1b68171a-116a-4099-b988-e0911b1fd4f5/opts
Jun 20 03:14:07 gtw01 dnsmasq[13940]: read /var/lib/neutron/dhcp/617ee8a1-41a6-4d6e-997a-bb93db8a96fa/addn_hosts - 2 addresses
Jun 20 03:14:07 gtw01 dnsmasq-dhcp[13940]: read /var/lib/neutron/dhcp/617ee8a1-41a6-4d6e-997a-bb93db8a96fa/host
Jun 20 03:14:07 gtw01 dnsmasq-dhcp[13940]: read /var/lib/neutron/dhcp/617ee8a1-41a6-4d6e-997a-bb93db8a96fa/opts
Jun 20 03:14:08 gtw01 dnsmasq[14180]: read /var/lib/neutron/dhcp/d1600f5d-9399-4df2-ad3f-275ea82ab1c2/addn_hosts - 2 addresses
Jun 20 03:14:08 gtw01 dnsmasq-dhcp[14180]: read /var/lib/neutron/dhcp/d1600f5d-9399-4df2-ad3f-275ea82ab1c2/host
Jun 20 03:14:08 gtw01 dnsmasq-dhcp[14180]: read /var/lib/neutron/dhcp/d1600f5d-9399-4df2-ad3f-275ea82ab1c2/opts
Jun 20 03:14:08 gtw01 dnsmasq[11853]: read /var/lib/neutron/dhcp/72dc7fb5-5cb3-4bf6-9f1e-b3c2b1127c03/addn_hosts - 1 addresses
Jun 20 03:14:08 gtw01 dnsmasq-dhcp[11853]: read /var/lib/neutron/dhcp/72dc7fb5-5cb3-4bf6-9f1e-b3c2b1127c03/host
Jun 20 03:14:08 gtw01 dnsmasq-dhcp[11853]: read /var/lib/neutron/dhcp/72dc7fb5-5cb3-4bf6-9f1e-b3c2b1127c03/opts
Jun 20 03:14:08 gtw01 dnsmasq[14409]: started, version 2.80 cachesize 150
Jun 20 03:14:08 gtw01 dnsmasq[14409]: DNS service limited to local subnets
Jun 20 03:14:08 gtw01 dnsmasq[14409]: compile time options: IPv6 GNU-getopt DBus i18n IDN DHCP DHCPv6 no-Lua TFTP conntrack ipset auth DNSSEC loop-detect inotify dumpfile
Jun 20 03:14:08 gtw01 dnsmasq[14409]: warning: no upstream servers configured
Jun 20 03:14:08 gtw01 dnsmasq-dhcp[14409]: DHCPv6, static leases only on 2003::, lease time 1h
Jun 20 03:14:08 gtw01 dnsmasq[14409]: read /var/lib/neutron/dhcp/a216a2f5-ae26-4d46-ac76-83080952cc08/addn_hosts - 1 addresses
Jun 20 03:14:08 gtw01 dnsmasq-dhcp[14409]: read /var/lib/neutron/dhcp/a216a2f5-ae26-4d46-ac76-83080952cc08/host
Jun 20 03:14:08 gtw01 dnsmasq-dhcp[14409]: read /var/lib/neutron/dhcp/a216a2f5-ae26-4d46-ac76-83080952cc08/opts
Jun 20 03:14:08 gtw01 dnsmasq[13940]: read /var/lib/neutron/dhcp/617ee8a1-41a6-4d6e-997a-bb93db8a96fa/addn_hosts - 2 addresses
Jun 20 03:14:08 gtw01 dnsmasq-dhcp[13940]: read /var/lib/neutron/dhcp/617ee8a1-41a6-4d6e-997a-bb93db8a96fa/host
Jun 20 03:14:08 gtw01 dnsmasq-dhcp[13940]: read /var/lib/neutron/dhcp/617ee8a1-41a6-4d6e-997a-bb93db8a96fa/opts
Jun 20 03:14:09 gtw01 dnsmasq[14180]: read /var/lib/neutron/dhcp/d1600f5d-9399-4df2-ad3f-275ea82ab1c2/addn_hosts - 2 addresses
Jun 20 03:14:09 gtw01 dnsmasq-dhcp[14180]: read /var/lib/neutron/dhcp/d1600f5d-9399-4df2-ad3f-275ea82ab1c2/host
Jun 20 03:14:09 gtw01 dnsmasq-dhcp[14180]: read /var/lib/neutron/dhcp/d1600f5d-9399-4df2-ad3f-275ea82ab1c2/opts
Jun 20 03:14:09 gtw01 dnsmasq[14409]: read /var/lib/neutron/dhcp/a216a2f5-ae26-4d46-ac76-83080952cc08/addn_hosts - 3 addresses
Jun 20 03:14:09 gtw01 dnsmasq-dhcp[14409]: read /var/lib/neutron/dhcp/a216a2f5-ae26-4d46-ac76-83080952cc08/host
Jun 20 03:14:09 gtw01 dnsmasq-dhcp[14409]: read /var/lib/neutron/dhcp/a216a2f5-ae26-4d46-ac76-83080952cc08/opts
Jun 20 03:14:10 gtw01 dnsmasq[13940]: read /var/lib/neutron/dhcp/617ee8a1-41a6-4d6e-997a-bb93db8a96fa/addn_hosts - 2 addresses
Jun 20 03:14:10 gtw01 dnsmasq-dhcp[13940]: read /var/lib/neutron/dhcp/617ee8a1-41a6-4d6e-997a-bb93db8a96fa/host
Jun 20 03:14:10 gtw01 dnsmasq-dhcp[13940]: read /var/lib/neutron/dhcp/617ee8a1-41a6-4d6e-997a-bb93db8a96fa/opts
Jun 20 03:14:10 gtw01 dnsmasq[12466]: read /var/lib/neutron/dhcp/12058997-bb09-4041-a820-5832d5e71968/addn_hosts - 1 addresses
Jun 20 03:14:10 gtw01 dnsmasq-dhcp[12466]: read /var/lib/neutron/dhcp/12058997-bb09-4041-a820-5832d5e71968/host
Jun 20 03:14:10 gtw01 dnsmasq-dhcp[12466]: read /var/lib/neutron/dhcp/12058997-bb09-4041-a820-5832d5e71968/opts
Jun 20 03:14:10 gtw01 dnsmasq[14180]: read /var/lib/neutron/dhcp/d1600f5d-9399-4df2-ad3f-275ea82ab1c2/addn_hosts - 2 addresses
Jun 20 03:14:10 gtw01 dnsmasq-dhcp[14180]: read /var/lib/neutron/dhcp/d1600f5d-9399-4df2-ad3f-275ea82ab1c2/host
Jun 20 03:14:10 gtw01 dnsmasq-dhcp[14180]: read /var/lib/neutron/dhcp/d1600f5d-9399-4df2-ad3f-275ea82ab1c2/opts
Jun 20 03:14:11 gtw01 dnsmasq[12870]: read /var/lib/neutron/dhcp/1bddde20-2336-4743-a0b2-f66712c4c4de/addn_hosts - 1 addresses
Jun 20 03:14:11 gtw01 dnsmasq-dhcp[12870]: read /var/lib/neutron/dhcp/1bddde20-2336-4743-a0b2-f66712c4c4de/host
Jun 20 03:14:11 gtw01 dnsmasq-dhcp[12870]: read /var/lib/neutron/dhcp/1bddde20-2336-4743-a0b2-f66712c4c4de/opts
Jun 20 03:14:11 gtw01 kernel: [ 3053.080380] device qr-3cf1adca-a4 entered promiscuous mode
Jun 20 03:14:11 gtw01 systemd-udevd[14612]: Could not generate persistent MAC address for qr-3cf1adca-a4: No such file or directory
Jun 20 03:14:11 gtw01 dnsmasq[14409]: read /var/lib/neutron/dhcp/a216a2f5-ae26-4d46-ac76-83080952cc08/addn_hosts - 3 addresses
Jun 20 03:14:11 gtw01 dnsmasq-dhcp[14409]: read /var/lib/neutron/dhcp/a216a2f5-ae26-4d46-ac76-83080952cc08/host
Jun 20 03:14:11 gtw01 dnsmasq-dhcp[14409]: read /var/lib/neutron/dhcp/a216a2f5-ae26-4d46-ac76-83080952cc08/opts
Jun 20 03:14:11 gtw01 dnsmasq[13940]: read /var/lib/neutron/dhcp/617ee8a1-41a6-4d6e-997a-bb93db8a96fa/addn_hosts - 2 addresses
Jun 20 03:14:11 gtw01 dnsmasq-dhcp[13940]: read /var/lib/neutron/dhcp/617ee8a1-41a6-4d6e-997a-bb93db8a96fa/host
Jun 20 03:14:11 gtw01 dnsmasq-dhcp[13940]: read /var/lib/neutron/dhcp/617ee8a1-41a6-4d6e-997a-bb93db8a96fa/opts
Jun 20 03:14:12 gtw01 dnsmasq[13259]: read /var/lib/neutron/dhcp/a6ef533d-6d2c-48ce-afbe-5b86c199ec16/addn_hosts - 1 addresses
Jun 20 03:14:12 gtw01 dnsmasq-dhcp[13259]: read /var/lib/neutron/dhcp/a6ef533d-6d2c-48ce-afbe-5b86c199ec16/host
Jun 20 03:14:12 gtw01 dnsmasq-dhcp[13259]: read /var/lib/neutron/dhcp/a6ef533d-6d2c-48ce-afbe-5b86c199ec16/opts
Jun 20 03:14:12 gtw01 dnsmasq[14744]: started, version 2.80 cachesize 150
Jun 20 03:14:12 gtw01 dnsmasq[14744]: DNS service limited to local subnets
Jun 20 03:14:12 gtw01 dnsmasq[14744]: compile time options: IPv6 GNU-getopt DBus i18n IDN DHCP DHCPv6 no-Lua TFTP conntrack ipset auth DNSSEC loop-detect inotify dumpfile
Jun 20 03:14:12 gtw01 dnsmasq[14744]: warning: no upstream servers configured
Jun 20 03:14:12 gtw01 dnsmasq-dhcp[14744]: DHCP, static leases only on 192.168.120.16, lease time 1h
Jun 20 03:14:12 gtw01 dnsmasq[14744]: read /var/lib/neutron/dhcp/b3f8851c-5f46-4671-9035-c9b60aedf0b4/addn_hosts - 1 addresses
Jun 20 03:14:12 gtw01 dnsmasq-dhcp[14744]: read /var/lib/neutron/dhcp/b3f8851c-5f46-4671-9035-c9b60aedf0b4/host
Jun 20 03:14:12 gtw01 dnsmasq-dhcp[14744]: read /var/lib/neutron/dhcp/b3f8851c-5f46-4671-9035-c9b60aedf0b4/opts
Jun 20 03:14:12 gtw01 dnsmasq[14180]: read /var/lib/neutron/dhcp/d1600f5d-9399-4df2-ad3f-275ea82ab1c2/addn_hosts - 2 addresses
Jun 20 03:14:12 gtw01 dnsmasq-dhcp[14180]: read /var/lib/neutron/dhcp/d1600f5d-9399-4df2-ad3f-275ea82ab1c2/host
Jun 20 03:14:12 gtw01 dnsmasq-dhcp[14180]: read /var/lib/neutron/dhcp/d1600f5d-9399-4df2-ad3f-275ea82ab1c2/opts
Jun 20 03:14:12 gtw01 haproxy-metadata-proxy-b3f8851c-5f46-4671-9035-c9b60aedf0b4[14780]: Proxy listener started.
Jun 20 03:14:13 gtw01 dnsmasq[14409]: read /var/lib/neutron/dhcp/a216a2f5-ae26-4d46-ac76-83080952cc08/addn_hosts - 3 addresses
Jun 20 03:14:13 gtw01 dnsmasq-dhcp[14409]: read /var/lib/neutron/dhcp/a216a2f5-ae26-4d46-ac76-83080952cc08/host
Jun 20 03:14:13 gtw01 dnsmasq-dhcp[14409]: read /var/lib/neutron/dhcp/a216a2f5-ae26-4d46-ac76-83080952cc08/opts
Jun 20 03:14:13 gtw01 dnsmasq[13940]: read /var/lib/neutron/dhcp/617ee8a1-41a6-4d6e-997a-bb93db8a96fa/addn_hosts - 2 addresses
Jun 20 03:14:13 gtw01 dnsmasq-dhcp[13940]: read /var/lib/neutron/dhcp/617ee8a1-41a6-4d6e-997a-bb93db8a96fa/host
Jun 20 03:14:13 gtw01 dnsmasq-dhcp[13940]: read /var/lib/neutron/dhcp/617ee8a1-41a6-4d6e-997a-bb93db8a96fa/opts
Jun 20 03:14:13 gtw01 dnsmasq[14744]: read /var/lib/neutron/dhcp/b3f8851c-5f46-4671-9035-c9b60aedf0b4/addn_hosts - 2 addresses
Jun 20 03:14:13 gtw01 dnsmasq-dhcp[14744]: read /var/lib/neutron/dhcp/b3f8851c-5f46-4671-9035-c9b60aedf0b4/host
Jun 20 03:14:13 gtw01 dnsmasq-dhcp[14744]: read /var/lib/neutron/dhcp/b3f8851c-5f46-4671-9035-c9b60aedf0b4/opts
Jun 20 03:14:13 gtw01 dnsmasq[14180]: read /var/lib/neutron/dhcp/d1600f5d-9399-4df2-ad3f-275ea82ab1c2/addn_hosts - 2 addresses
Jun 20 03:14:13 gtw01 dnsmasq-dhcp[14180]: read /var/lib/neutron/dhcp/d1600f5d-9399-4df2-ad3f-275ea82ab1c2/host
Jun 20 03:14:13 gtw01 dnsmasq-dhcp[14180]: read /var/lib/neutron/dhcp/d1600f5d-9399-4df2-ad3f-275ea82ab1c2/opts
Jun 20 03:14:14 gtw01 dnsmasq[14409]: read /var/lib/neutron/dhcp/a216a2f5-ae26-4d46-ac76-83080952cc08/addn_hosts - 3 addresses
Jun 20 03:14:14 gtw01 dnsmasq-dhcp[14409]: read /var/lib/neutron/dhcp/a216a2f5-ae26-4d46-ac76-83080952cc08/host
Jun 20 03:14:14 gtw01 dnsmasq-dhcp[14409]: read /var/lib/neutron/dhcp/a216a2f5-ae26-4d46-ac76-83080952cc08/opts
Jun 20 03:14:14 gtw01 kernel: [ 3056.425774] device tap5eb4c794-6f left promiscuous mode
Jun 20 03:14:14 gtw01 dnsmasq[13940]: read /var/lib/neutron/dhcp/617ee8a1-41a6-4d6e-997a-bb93db8a96fa/addn_hosts - 1 addresses
Jun 20 03:14:14 gtw01 dnsmasq-dhcp[13940]: read /var/lib/neutron/dhcp/617ee8a1-41a6-4d6e-997a-bb93db8a96fa/host
Jun 20 03:14:14 gtw01 dnsmasq-dhcp[13940]: read /var/lib/neutron/dhcp/617ee8a1-41a6-4d6e-997a-bb93db8a96fa/opts
Jun 20 03:14:14 gtw01 dnsmasq[14744]: read /var/lib/neutron/dhcp/b3f8851c-5f46-4671-9035-c9b60aedf0b4/addn_hosts - 2 addresses
Jun 20 03:14:14 gtw01 dnsmasq-dhcp[14744]: read /var/lib/neutron/dhcp/b3f8851c-5f46-4671-9035-c9b60aedf0b4/host
Jun 20 03:14:14 gtw01 dnsmasq-dhcp[14744]: read /var/lib/neutron/dhcp/b3f8851c-5f46-4671-9035-c9b60aedf0b4/opts
Jun 20 03:14:14 gtw01 dnsmasq[14180]: read /var/lib/neutron/dhcp/d1600f5d-9399-4df2-ad3f-275ea82ab1c2/addn_hosts - 2 addresses
Jun 20 03:14:14 gtw01 dnsmasq-dhcp[14180]: read /var/lib/neutron/dhcp/d1600f5d-9399-4df2-ad3f-275ea82ab1c2/host
Jun 20 03:14:14 gtw01 dnsmasq-dhcp[14180]: read /var/lib/neutron/dhcp/d1600f5d-9399-4df2-ad3f-275ea82ab1c2/opts
Jun 20 03:14:15 gtw01 dnsmasq[14409]: read /var/lib/neutron/dhcp/a216a2f5-ae26-4d46-ac76-83080952cc08/addn_hosts - 3 addresses
Jun 20 03:14:15 gtw01 dnsmasq-dhcp[14409]: read /var/lib/neutron/dhcp/a216a2f5-ae26-4d46-ac76-83080952cc08/host
Jun 20 03:14:15 gtw01 dnsmasq-dhcp[14409]: read /var/lib/neutron/dhcp/a216a2f5-ae26-4d46-ac76-83080952cc08/opts
Jun 20 03:14:16 gtw01 dnsmasq[14744]: read /var/lib/neutron/dhcp/b3f8851c-5f46-4671-9035-c9b60aedf0b4/addn_hosts - 2 addresses
Jun 20 03:14:16 gtw01 dnsmasq-dhcp[14744]: read /var/lib/neutron/dhcp/b3f8851c-5f46-4671-9035-c9b60aedf0b4/host
Jun 20 03:14:16 gtw01 dnsmasq-dhcp[14744]: read /var/lib/neutron/dhcp/b3f8851c-5f46-4671-9035-c9b60aedf0b4/opts
Jun 20 03:14:16 gtw01 dnsmasq[14180]: read /var/lib/neutron/dhcp/d1600f5d-9399-4df2-ad3f-275ea82ab1c2/addn_hosts - 2 addresses
Jun 20 03:14:16 gtw01 dnsmasq-dhcp[14180]: read /var/lib/neutron/dhcp/d1600f5d-9399-4df2-ad3f-275ea82ab1c2/host
Jun 20 03:14:16 gtw01 dnsmasq-dhcp[14180]: read /var/lib/neutron/dhcp/d1600f5d-9399-4df2-ad3f-275ea82ab1c2/opts
Jun 20 03:14:16 gtw01 kernel: [ 3058.088494] device tap36ea8e37-e5 left promiscuous mode
Jun 20 03:14:16 gtw01 haproxy-metadata-proxy-213dce60-6060-4a61-bc33-87885d803eee[15079]: Proxy listener started.
Jun 20 03:14:16 gtw01 dnsmasq[14409]: read /var/lib/neutron/dhcp/a216a2f5-ae26-4d46-ac76-83080952cc08/addn_hosts - 3 addresses
Jun 20 03:14:16 gtw01 dnsmasq-dhcp[14409]: read /var/lib/neutron/dhcp/a216a2f5-ae26-4d46-ac76-83080952cc08/host
Jun 20 03:14:16 gtw01 dnsmasq-dhcp[14409]: read /var/lib/neutron/dhcp/a216a2f5-ae26-4d46-ac76-83080952cc08/opts
Jun 20 03:14:17 gtw01 dnsmasq[14744]: read /var/lib/neutron/dhcp/b3f8851c-5f46-4671-9035-c9b60aedf0b4/addn_hosts - 2 addresses
Jun 20 03:14:17 gtw01 dnsmasq-dhcp[14744]: read /var/lib/neutron/dhcp/b3f8851c-5f46-4671-9035-c9b60aedf0b4/host
Jun 20 03:14:17 gtw01 dnsmasq-dhcp[14744]: read /var/lib/neutron/dhcp/b3f8851c-5f46-4671-9035-c9b60aedf0b4/opts
Jun 20 03:14:17 gtw01 dnsmasq[14180]: read /var/lib/neutron/dhcp/d1600f5d-9399-4df2-ad3f-275ea82ab1c2/addn_hosts - 1 addresses
Jun 20 03:14:17 gtw01 dnsmasq-dhcp[14180]: read /var/lib/neutron/dhcp/d1600f5d-9399-4df2-ad3f-275ea82ab1c2/host
Jun 20 03:14:17 gtw01 dnsmasq-dhcp[14180]: read /var/lib/neutron/dhcp/d1600f5d-9399-4df2-ad3f-275ea82ab1c2/opts
Jun 20 03:14:17 gtw01 dnsmasq[14409]: read /var/lib/neutron/dhcp/a216a2f5-ae26-4d46-ac76-83080952cc08/addn_hosts - 3 addresses
Jun 20 03:14:17 gtw01 dnsmasq-dhcp[14409]: read /var/lib/neutron/dhcp/a216a2f5-ae26-4d46-ac76-83080952cc08/host
Jun 20 03:14:17 gtw01 dnsmasq-dhcp[14409]: read /var/lib/neutron/dhcp/a216a2f5-ae26-4d46-ac76-83080952cc08/opts
Jun 20 03:14:18 gtw01 kernel: [ 3059.752723] device tap42e44277-b9 left promiscuous mode
Jun 20 03:14:18 gtw01 dnsmasq[14744]: read /var/lib/neutron/dhcp/b3f8851c-5f46-4671-9035-c9b60aedf0b4/addn_hosts - 2 addresses
Jun 20 03:14:18 gtw01 dnsmasq-dhcp[14744]: read /var/lib/neutron/dhcp/b3f8851c-5f46-4671-9035-c9b60aedf0b4/host
Jun 20 03:14:18 gtw01 dnsmasq-dhcp[14744]: read /var/lib/neutron/dhcp/b3f8851c-5f46-4671-9035-c9b60aedf0b4/opts
Jun 20 03:14:18 gtw01 dnsmasq[14409]: read /var/lib/neutron/dhcp/a216a2f5-ae26-4d46-ac76-83080952cc08/addn_hosts - 3 addresses
Jun 20 03:14:18 gtw01 dnsmasq-dhcp[14409]: read /var/lib/neutron/dhcp/a216a2f5-ae26-4d46-ac76-83080952cc08/host
Jun 20 03:14:18 gtw01 dnsmasq-dhcp[14409]: read /var/lib/neutron/dhcp/a216a2f5-ae26-4d46-ac76-83080952cc08/opts
Jun 20 03:14:19 gtw01 dnsmasq[14744]: read /var/lib/neutron/dhcp/b3f8851c-5f46-4671-9035-c9b60aedf0b4/addn_hosts - 2 addresses
Jun 20 03:14:19 gtw01 dnsmasq-dhcp[14744]: read /var/lib/neutron/dhcp/b3f8851c-5f46-4671-9035-c9b60aedf0b4/host
Jun 20 03:14:19 gtw01 dnsmasq-dhcp[14744]: read /var/lib/neutron/dhcp/b3f8851c-5f46-4671-9035-c9b60aedf0b4/opts
Jun 20 03:14:19 gtw01 kernel: [ 3061.407999] device tap639c8d38-a5 left promiscuous mode
Jun 20 03:14:19 gtw01 dnsmasq[14409]: read /var/lib/neutron/dhcp/a216a2f5-ae26-4d46-ac76-83080952cc08/addn_hosts - 3 addresses
Jun 20 03:14:19 gtw01 dnsmasq-dhcp[14409]: read /var/lib/neutron/dhcp/a216a2f5-ae26-4d46-ac76-83080952cc08/host
Jun 20 03:14:19 gtw01 dnsmasq-dhcp[14409]: read /var/lib/neutron/dhcp/a216a2f5-ae26-4d46-ac76-83080952cc08/opts
Jun 20 03:14:20 gtw01 kernel: [ 3061.690946] device qr-3cf1adca-a4 left promiscuous mode
Jun 20 03:14:20 gtw01 dnsmasq[14744]: read /var/lib/neutron/dhcp/b3f8851c-5f46-4671-9035-c9b60aedf0b4/addn_hosts - 2 addresses
Jun 20 03:14:20 gtw01 dnsmasq-dhcp[14744]: read /var/lib/neutron/dhcp/b3f8851c-5f46-4671-9035-c9b60aedf0b4/host
Jun 20 03:14:20 gtw01 dnsmasq-dhcp[14744]: read /var/lib/neutron/dhcp/b3f8851c-5f46-4671-9035-c9b60aedf0b4/opts
Jun 20 03:14:20 gtw01 dnsmasq[14409]: read /var/lib/neutron/dhcp/a216a2f5-ae26-4d46-ac76-83080952cc08/addn_hosts - 2 addresses
Jun 20 03:14:20 gtw01 dnsmasq-dhcp[14409]: read /var/lib/neutron/dhcp/a216a2f5-ae26-4d46-ac76-83080952cc08/host
Jun 20 03:14:20 gtw01 dnsmasq-dhcp[14409]: read /var/lib/neutron/dhcp/a216a2f5-ae26-4d46-ac76-83080952cc08/opts
Jun 20 03:14:21 gtw01 dnsmasq[14744]: read /var/lib/neutron/dhcp/b3f8851c-5f46-4671-9035-c9b60aedf0b4/addn_hosts - 1 addresses
Jun 20 03:14:21 gtw01 dnsmasq-dhcp[14744]: read /var/lib/neutron/dhcp/b3f8851c-5f46-4671-9035-c9b60aedf0b4/host
Jun 20 03:14:21 gtw01 dnsmasq-dhcp[14744]: read /var/lib/neutron/dhcp/b3f8851c-5f46-4671-9035-c9b60aedf0b4/opts
Jun 20 03:14:21 gtw01 kernel: [ 3063.115904] device tap14010d79-1c left promiscuous mode
Jun 20 03:14:21 gtw01 dnsmasq[14409]: read /var/lib/neutron/dhcp/a216a2f5-ae26-4d46-ac76-83080952cc08/addn_hosts - 1 addresses
Jun 20 03:14:21 gtw01 dnsmasq-dhcp[14409]: read /var/lib/neutron/dhcp/a216a2f5-ae26-4d46-ac76-83080952cc08/host
Jun 20 03:14:21 gtw01 dnsmasq-dhcp[14409]: read /var/lib/neutron/dhcp/a216a2f5-ae26-4d46-ac76-83080952cc08/opts
Jun 20 03:14:22 gtw01 haproxy-metadata-proxy-b3f8851c-5f46-4671-9035-c9b60aedf0b4[15443]: Proxy listener started.
Jun 20 03:14:22 gtw01 systemd-udevd[15470]: Could not generate persistent MAC address for tapd8e7bb01-ae: No such file or directory
Jun 20 03:14:22 gtw01 kernel: [ 3064.236748] device tapd8e7bb01-ae entered promiscuous mode
Jun 20 03:14:22 gtw01 systemd-udevd[15538]: Process '/sbin/ip link set tapd8e7bb01-ae txqueuelen 10000' failed with exit code 1.
Jun 20 03:14:22 gtw01 kernel: [ 3064.638711] device tapa0c8919a-ff left promiscuous mode
Jun 20 03:14:24 gtw01 kernel: [ 3066.284665] device tapc95e0bc8-57 left promiscuous mode
Jun 20 03:14:24 gtw01 kernel: [ 3066.513387] device tapa7ebfc38-3e entered promiscuous mode
Jun 20 03:14:24 gtw01 systemd-udevd[15650]: Could not generate persistent MAC address for tapa7ebfc38-3e: No such file or directory
Jun 20 03:14:24 gtw01 systemd-udevd[15650]: Process '/sbin/ip link set tapa7ebfc38-3e txqueuelen 10000' failed with exit code 1.
Jun 20 03:14:24 gtw01 systemd-udevd[15650]: Process '/sbin/ip link set tapa7ebfc38-3e txqueuelen 10000' failed with exit code 1.
Jun 20 03:14:25 gtw01 dnsmasq[15782]: started, version 2.80 cachesize 150
Jun 20 03:14:25 gtw01 dnsmasq[15782]: DNS service limited to local subnets
Jun 20 03:14:25 gtw01 dnsmasq[15782]: compile time options: IPv6 GNU-getopt DBus i18n IDN DHCP DHCPv6 no-Lua TFTP conntrack ipset auth DNSSEC loop-detect inotify dumpfile
Jun 20 03:14:25 gtw01 dnsmasq[15782]: warning: no upstream servers configured
Jun 20 03:14:25 gtw01 dnsmasq-dhcp[15782]: DHCP, static leases only on 192.168.120.32, lease time 1h
Jun 20 03:14:25 gtw01 dnsmasq[15782]: read /var/lib/neutron/dhcp/3c6ee4dd-0448-4ebf-9173-7fb7f1170f2c/addn_hosts - 1 addresses
Jun 20 03:14:25 gtw01 dnsmasq-dhcp[15782]: read /var/lib/neutron/dhcp/3c6ee4dd-0448-4ebf-9173-7fb7f1170f2c/host
Jun 20 03:14:25 gtw01 dnsmasq-dhcp[15782]: read /var/lib/neutron/dhcp/3c6ee4dd-0448-4ebf-9173-7fb7f1170f2c/opts
Jun 20 03:14:26 gtw01 haproxy-metadata-proxy-3c6ee4dd-0448-4ebf-9173-7fb7f1170f2c[15793]: Proxy listener started.
Jun 20 03:14:26 gtw01 dnsmasq[15782]: read /var/lib/neutron/dhcp/3c6ee4dd-0448-4ebf-9173-7fb7f1170f2c/addn_hosts - 2 addresses
Jun 20 03:14:26 gtw01 dnsmasq-dhcp[15782]: read /var/lib/neutron/dhcp/3c6ee4dd-0448-4ebf-9173-7fb7f1170f2c/host
Jun 20 03:14:26 gtw01 dnsmasq-dhcp[15782]: read /var/lib/neutron/dhcp/3c6ee4dd-0448-4ebf-9173-7fb7f1170f2c/opts
Jun 20 03:14:27 gtw01 systemd-udevd[15914]: Could not generate persistent MAC address for qr-3dce288e-91: No such file or directory
Jun 20 03:14:27 gtw01 kernel: [ 3069.596771] device qr-3dce288e-91 entered promiscuous mode
Jun 20 03:14:28 gtw01 dnsmasq[15782]: read /var/lib/neutron/dhcp/3c6ee4dd-0448-4ebf-9173-7fb7f1170f2c/addn_hosts - 2 addresses
Jun 20 03:14:28 gtw01 dnsmasq-dhcp[15782]: read /var/lib/neutron/dhcp/3c6ee4dd-0448-4ebf-9173-7fb7f1170f2c/host
Jun 20 03:14:28 gtw01 dnsmasq-dhcp[15782]: read /var/lib/neutron/dhcp/3c6ee4dd-0448-4ebf-9173-7fb7f1170f2c/opts
Jun 20 03:14:28 gtw01 dnsmasq[16035]: started, version 2.80 cachesize 150
Jun 20 03:14:28 gtw01 dnsmasq[16035]: DNS service limited to local subnets
Jun 20 03:14:28 gtw01 dnsmasq[16035]: compile time options: IPv6 GNU-getopt DBus i18n IDN DHCP DHCPv6 no-Lua TFTP conntrack ipset auth DNSSEC loop-detect inotify dumpfile
Jun 20 03:14:28 gtw01 dnsmasq[16035]: warning: no upstream servers configured
Jun 20 03:14:28 gtw01 dnsmasq-dhcp[16035]: DHCPv6, static leases only on 2003:0:0:1::, lease time 1h
Jun 20 03:14:28 gtw01 dnsmasq[16035]: read /var/lib/neutron/dhcp/68e34dd9-d877-4b72-9874-1f300d8fde64/addn_hosts - 1 addresses
Jun 20 03:14:28 gtw01 dnsmasq-dhcp[16035]: read /var/lib/neutron/dhcp/68e34dd9-d877-4b72-9874-1f300d8fde64/host
Jun 20 03:14:28 gtw01 dnsmasq-dhcp[16035]: read /var/lib/neutron/dhcp/68e34dd9-d877-4b72-9874-1f300d8fde64/opts
Jun 20 03:14:28 gtw01 systemd-udevd[16039]: Could not generate persistent MAC address for tapcc443397-6c: No such file or directory
Jun 20 03:14:28 gtw01 kernel: [ 3070.100789] device tapcc443397-6c entered promiscuous mode
Jun 20 03:14:28 gtw01 systemd-udevd[16039]: Process '/sbin/ip link set tapcc443397-6c txqueuelen 10000' failed with exit code 1.
Jun 20 03:14:28 gtw01 systemd-udevd[16124]: Process '/sbin/ip link set tapcc443397-6c txqueuelen 10000' failed with exit code 1.
Jun 20 03:14:29 gtw01 dnsmasq[16035]: read /var/lib/neutron/dhcp/68e34dd9-d877-4b72-9874-1f300d8fde64/addn_hosts - 2 addresses
Jun 20 03:14:29 gtw01 dnsmasq-dhcp[16035]: read /var/lib/neutron/dhcp/68e34dd9-d877-4b72-9874-1f300d8fde64/host
Jun 20 03:14:29 gtw01 dnsmasq-dhcp[16035]: read /var/lib/neutron/dhcp/68e34dd9-d877-4b72-9874-1f300d8fde64/opts
Jun 20 03:14:29 gtw01 kernel: [ 3071.172659] device qr-faf91b75-de entered promiscuous mode
Jun 20 03:14:29 gtw01 systemd-udevd[16204]: Could not generate persistent MAC address for qr-faf91b75-de: No such file or directory
Jun 20 03:14:29 gtw01 dnsmasq[15782]: read /var/lib/neutron/dhcp/3c6ee4dd-0448-4ebf-9173-7fb7f1170f2c/addn_hosts - 2 addresses
Jun 20 03:14:29 gtw01 dnsmasq-dhcp[15782]: read /var/lib/neutron/dhcp/3c6ee4dd-0448-4ebf-9173-7fb7f1170f2c/host
Jun 20 03:14:29 gtw01 dnsmasq-dhcp[15782]: read /var/lib/neutron/dhcp/3c6ee4dd-0448-4ebf-9173-7fb7f1170f2c/opts
Jun 20 03:14:30 gtw01 dnsmasq[16035]: read /var/lib/neutron/dhcp/68e34dd9-d877-4b72-9874-1f300d8fde64/addn_hosts - 2 addresses
Jun 20 03:14:30 gtw01 dnsmasq-dhcp[16035]: read /var/lib/neutron/dhcp/68e34dd9-d877-4b72-9874-1f300d8fde64/host
Jun 20 03:14:30 gtw01 dnsmasq-dhcp[16035]: read /var/lib/neutron/dhcp/68e34dd9-d877-4b72-9874-1f300d8fde64/opts
Jun 20 03:14:30 gtw01 dnsmasq[15782]: read /var/lib/neutron/dhcp/3c6ee4dd-0448-4ebf-9173-7fb7f1170f2c/addn_hosts - 2 addresses
Jun 20 03:14:30 gtw01 dnsmasq-dhcp[15782]: read /var/lib/neutron/dhcp/3c6ee4dd-0448-4ebf-9173-7fb7f1170f2c/host
Jun 20 03:14:30 gtw01 dnsmasq-dhcp[15782]: read /var/lib/neutron/dhcp/3c6ee4dd-0448-4ebf-9173-7fb7f1170f2c/opts
Jun 20 03:14:30 gtw01 radvd[16375]: version 2.11 started
Jun 20 03:14:31 gtw01 dnsmasq[16035]: read /var/lib/neutron/dhcp/68e34dd9-d877-4b72-9874-1f300d8fde64/addn_hosts - 2 addresses
Jun 20 03:14:31 gtw01 dnsmasq-dhcp[16035]: read /var/lib/neutron/dhcp/68e34dd9-d877-4b72-9874-1f300d8fde64/host
Jun 20 03:14:31 gtw01 dnsmasq-dhcp[16035]: read /var/lib/neutron/dhcp/68e34dd9-d877-4b72-9874-1f300d8fde64/opts
Jun 20 03:14:31 gtw01 dnsmasq[15782]: read /var/lib/neutron/dhcp/3c6ee4dd-0448-4ebf-9173-7fb7f1170f2c/addn_hosts - 2 addresses
Jun 20 03:14:31 gtw01 dnsmasq-dhcp[15782]: read /var/lib/neutron/dhcp/3c6ee4dd-0448-4ebf-9173-7fb7f1170f2c/host
Jun 20 03:14:31 gtw01 dnsmasq-dhcp[15782]: read /var/lib/neutron/dhcp/3c6ee4dd-0448-4ebf-9173-7fb7f1170f2c/opts
Jun 20 03:14:32 gtw01 dnsmasq[16542]: started, version 2.80 cachesize 150
Jun 20 03:14:32 gtw01 dnsmasq[16542]: DNS service limited to local subnets
Jun 20 03:14:32 gtw01 dnsmasq[16542]: compile time options: IPv6 GNU-getopt DBus i18n IDN DHCP DHCPv6 no-Lua TFTP conntrack ipset auth DNSSEC loop-detect inotify dumpfile
Jun 20 03:14:32 gtw01 dnsmasq[16542]: warning: no upstream servers configured
Jun 20 03:14:32 gtw01 dnsmasq-dhcp[16542]: DHCP, static leases only on 192.168.120.0, lease time 1h
Jun 20 03:14:32 gtw01 dnsmasq[16542]: read /var/lib/neutron/dhcp/11f19569-2914-404a-82db-b4e1beac98a3/addn_hosts - 1 addresses
Jun 20 03:14:32 gtw01 dnsmasq-dhcp[16542]: read /var/lib/neutron/dhcp/11f19569-2914-404a-82db-b4e1beac98a3/host
Jun 20 03:14:32 gtw01 dnsmasq-dhcp[16542]: read /var/lib/neutron/dhcp/11f19569-2914-404a-82db-b4e1beac98a3/opts
Jun 20 03:14:33 gtw01 dnsmasq[16035]: read /var/lib/neutron/dhcp/68e34dd9-d877-4b72-9874-1f300d8fde64/addn_hosts - 2 addresses
Jun 20 03:14:33 gtw01 dnsmasq-dhcp[16035]: read /var/lib/neutron/dhcp/68e34dd9-d877-4b72-9874-1f300d8fde64/host
Jun 20 03:14:33 gtw01 dnsmasq-dhcp[16035]: read /var/lib/neutron/dhcp/68e34dd9-d877-4b72-9874-1f300d8fde64/opts
Jun 20 03:14:33 gtw01 haproxy-metadata-proxy-11f19569-2914-404a-82db-b4e1beac98a3[16563]: Proxy listener started.
Jun 20 03:14:33 gtw01 dnsmasq[15782]: read /var/lib/neutron/dhcp/3c6ee4dd-0448-4ebf-9173-7fb7f1170f2c/addn_hosts - 2 addresses
Jun 20 03:14:33 gtw01 dnsmasq-dhcp[15782]: read /var/lib/neutron/dhcp/3c6ee4dd-0448-4ebf-9173-7fb7f1170f2c/host
Jun 20 03:14:33 gtw01 dnsmasq-dhcp[15782]: read /var/lib/neutron/dhcp/3c6ee4dd-0448-4ebf-9173-7fb7f1170f2c/opts
Jun 20 03:14:34 gtw01 haproxy-metadata-proxy-aea2418e-67b6-4b81-9251-e345977a3580[16614]: Proxy listener started.
Jun 20 03:14:34 gtw01 dnsmasq[16542]: read /var/lib/neutron/dhcp/11f19569-2914-404a-82db-b4e1beac98a3/addn_hosts - 3 addresses
Jun 20 03:14:34 gtw01 dnsmasq-dhcp[16542]: read /var/lib/neutron/dhcp/11f19569-2914-404a-82db-b4e1beac98a3/host
Jun 20 03:14:34 gtw01 dnsmasq-dhcp[16542]: read /var/lib/neutron/dhcp/11f19569-2914-404a-82db-b4e1beac98a3/opts
Jun 20 03:14:34 gtw01 dnsmasq[16035]: read /var/lib/neutron/dhcp/68e34dd9-d877-4b72-9874-1f300d8fde64/addn_hosts - 2 addresses
Jun 20 03:14:34 gtw01 dnsmasq-dhcp[16035]: read /var/lib/neutron/dhcp/68e34dd9-d877-4b72-9874-1f300d8fde64/host
Jun 20 03:14:34 gtw01 dnsmasq-dhcp[16035]: read /var/lib/neutron/dhcp/68e34dd9-d877-4b72-9874-1f300d8fde64/opts
Jun 20 03:14:34 gtw01 kernel: [ 3076.056148] device qr-3dce288e-91 left promiscuous mode
Jun 20 03:14:34 gtw01 dnsmasq[15782]: read /var/lib/neutron/dhcp/3c6ee4dd-0448-4ebf-9173-7fb7f1170f2c/addn_hosts - 2 addresses
Jun 20 03:14:34 gtw01 dnsmasq-dhcp[15782]: read /var/lib/neutron/dhcp/3c6ee4dd-0448-4ebf-9173-7fb7f1170f2c/host
Jun 20 03:14:34 gtw01 dnsmasq-dhcp[15782]: read /var/lib/neutron/dhcp/3c6ee4dd-0448-4ebf-9173-7fb7f1170f2c/opts
Jun 20 03:14:35 gtw01 dnsmasq[16035]: read /var/lib/neutron/dhcp/68e34dd9-d877-4b72-9874-1f300d8fde64/addn_hosts - 2 addresses
Jun 20 03:14:35 gtw01 dnsmasq-dhcp[16035]: read /var/lib/neutron/dhcp/68e34dd9-d877-4b72-9874-1f300d8fde64/host
Jun 20 03:14:35 gtw01 dnsmasq-dhcp[16035]: read /var/lib/neutron/dhcp/68e34dd9-d877-4b72-9874-1f300d8fde64/opts
Jun 20 03:14:35 gtw01 dnsmasq[15782]: read /var/lib/neutron/dhcp/3c6ee4dd-0448-4ebf-9173-7fb7f1170f2c/addn_hosts - 1 addresses
Jun 20 03:14:35 gtw01 dnsmasq-dhcp[15782]: read /var/lib/neutron/dhcp/3c6ee4dd-0448-4ebf-9173-7fb7f1170f2c/host
Jun 20 03:14:35 gtw01 dnsmasq-dhcp[15782]: read /var/lib/neutron/dhcp/3c6ee4dd-0448-4ebf-9173-7fb7f1170f2c/opts
Jun 20 03:14:35 gtw01 haproxy-metadata-proxy-834d32dc-fcff-4477-a5e1-bd7d549930de[16733]: Proxy listener started.
Jun 20 03:14:35 gtw01 dnsmasq[16542]: read /var/lib/neutron/dhcp/11f19569-2914-404a-82db-b4e1beac98a3/addn_hosts - 3 addresses
Jun 20 03:14:35 gtw01 dnsmasq-dhcp[16542]: read /var/lib/neutron/dhcp/11f19569-2914-404a-82db-b4e1beac98a3/host
Jun 20 03:14:35 gtw01 dnsmasq-dhcp[16542]: read /var/lib/neutron/dhcp/11f19569-2914-404a-82db-b4e1beac98a3/opts
Jun 20 03:14:36 gtw01 haproxy-metadata-proxy-3c6ee4dd-0448-4ebf-9173-7fb7f1170f2c[16769]: Proxy listener started.
Jun 20 03:14:36 gtw01 dnsmasq[16035]: read /var/lib/neutron/dhcp/68e34dd9-d877-4b72-9874-1f300d8fde64/addn_hosts - 2 addresses
Jun 20 03:14:36 gtw01 dnsmasq-dhcp[16035]: read /var/lib/neutron/dhcp/68e34dd9-d877-4b72-9874-1f300d8fde64/host
Jun 20 03:14:36 gtw01 dnsmasq-dhcp[16035]: read /var/lib/neutron/dhcp/68e34dd9-d877-4b72-9874-1f300d8fde64/opts
Jun 20 03:14:36 gtw01 dnsmasq[16542]: read /var/lib/neutron/dhcp/11f19569-2914-404a-82db-b4e1beac98a3/addn_hosts - 3 addresses
Jun 20 03:14:36 gtw01 dnsmasq-dhcp[16542]: read /var/lib/neutron/dhcp/11f19569-2914-404a-82db-b4e1beac98a3/host
Jun 20 03:14:36 gtw01 dnsmasq-dhcp[16542]: read /var/lib/neutron/dhcp/11f19569-2914-404a-82db-b4e1beac98a3/opts
Jun 20 03:14:37 gtw01 dnsmasq[16542]: read /var/lib/neutron/dhcp/11f19569-2914-404a-82db-b4e1beac98a3/addn_hosts - 3 addresses
Jun 20 03:14:37 gtw01 dnsmasq-dhcp[16542]: read /var/lib/neutron/dhcp/11f19569-2914-404a-82db-b4e1beac98a3/host
Jun 20 03:14:37 gtw01 dnsmasq-dhcp[16542]: read /var/lib/neutron/dhcp/11f19569-2914-404a-82db-b4e1beac98a3/opts
Jun 20 03:14:38 gtw01 dnsmasq[16035]: read /var/lib/neutron/dhcp/68e34dd9-d877-4b72-9874-1f300d8fde64/addn_hosts - 1 addresses
Jun 20 03:14:38 gtw01 dnsmasq-dhcp[16035]: read /var/lib/neutron/dhcp/68e34dd9-d877-4b72-9874-1f300d8fde64/host
Jun 20 03:14:38 gtw01 dnsmasq-dhcp[16035]: read /var/lib/neutron/dhcp/68e34dd9-d877-4b72-9874-1f300d8fde64/opts
Jun 20 03:14:38 gtw01 dnsmasq[16542]: read /var/lib/neutron/dhcp/11f19569-2914-404a-82db-b4e1beac98a3/addn_hosts - 3 addresses
Jun 20 03:14:38 gtw01 dnsmasq-dhcp[16542]: read /var/lib/neutron/dhcp/11f19569-2914-404a-82db-b4e1beac98a3/host
Jun 20 03:14:38 gtw01 dnsmasq-dhcp[16542]: read /var/lib/neutron/dhcp/11f19569-2914-404a-82db-b4e1beac98a3/opts
Jun 20 03:14:38 gtw01 systemd-udevd[16886]: Could not generate persistent MAC address for tap50f0009c-2f: No such file or directory
Jun 20 03:14:38 gtw01 kernel: [ 3080.284978] device tap50f0009c-2f entered promiscuous mode
Jun 20 03:14:38 gtw01 systemd-udevd[16886]: Process '/sbin/ip link set tap50f0009c-2f txqueuelen 10000' failed with exit code 1.
Jun 20 03:14:38 gtw01 systemd-udevd[16964]: Process '/sbin/ip link set tap50f0009c-2f txqueuelen 10000' failed with exit code 1.
Jun 20 03:14:39 gtw01 kernel: [ 3080.857070] device qr-faf91b75-de left promiscuous mode
Jun 20 03:14:39 gtw01 radvd[16381]: Exiting, privsep_read_loop had readn return 0 bytes
Jun 20 03:14:39 gtw01 radvd[16381]: Exiting, privsep_read_loop is complete.
Jun 20 03:14:39 gtw01 dnsmasq[16542]: read /var/lib/neutron/dhcp/11f19569-2914-404a-82db-b4e1beac98a3/addn_hosts - 3 addresses
Jun 20 03:14:39 gtw01 dnsmasq-dhcp[16542]: read /var/lib/neutron/dhcp/11f19569-2914-404a-82db-b4e1beac98a3/host
Jun 20 03:14:39 gtw01 dnsmasq-dhcp[16542]: read /var/lib/neutron/dhcp/11f19569-2914-404a-82db-b4e1beac98a3/opts
Jun 20 03:14:40 gtw01 dnsmasq[16542]: read /var/lib/neutron/dhcp/11f19569-2914-404a-82db-b4e1beac98a3/addn_hosts - 2 addresses
Jun 20 03:14:40 gtw01 dnsmasq-dhcp[16542]: read /var/lib/neutron/dhcp/11f19569-2914-404a-82db-b4e1beac98a3/host
Jun 20 03:14:40 gtw01 dnsmasq-dhcp[16542]: read /var/lib/neutron/dhcp/11f19569-2914-404a-82db-b4e1beac98a3/opts
Jun 20 03:14:41 gtw01 dnsmasq[16542]: read /var/lib/neutron/dhcp/11f19569-2914-404a-82db-b4e1beac98a3/addn_hosts - 1 addresses
Jun 20 03:14:41 gtw01 dnsmasq-dhcp[16542]: read /var/lib/neutron/dhcp/11f19569-2914-404a-82db-b4e1beac98a3/host
Jun 20 03:14:41 gtw01 dnsmasq-dhcp[16542]: read /var/lib/neutron/dhcp/11f19569-2914-404a-82db-b4e1beac98a3/opts
Jun 20 03:14:42 gtw01 dnsmasq[17186]: started, version 2.80 cachesize 150
Jun 20 03:14:42 gtw01 dnsmasq[17186]: DNS service limited to local subnets
Jun 20 03:14:42 gtw01 dnsmasq[17186]: compile time options: IPv6 GNU-getopt DBus i18n IDN DHCP DHCPv6 no-Lua TFTP conntrack ipset auth DNSSEC loop-detect inotify dumpfile
Jun 20 03:14:42 gtw01 dnsmasq[17186]: warning: no upstream servers configured
Jun 20 03:14:42 gtw01 dnsmasq-dhcp[17186]: DHCP, static leases only on 192.168.120.0, lease time 1h
Jun 20 03:14:42 gtw01 dnsmasq[17186]: read /var/lib/neutron/dhcp/27cb9d04-5aa4-421d-9928-95d38fd1b1e2/addn_hosts - 1 addresses
Jun 20 03:14:42 gtw01 dnsmasq-dhcp[17186]: read /var/lib/neutron/dhcp/27cb9d04-5aa4-421d-9928-95d38fd1b1e2/host
Jun 20 03:14:42 gtw01 dnsmasq-dhcp[17186]: read /var/lib/neutron/dhcp/27cb9d04-5aa4-421d-9928-95d38fd1b1e2/opts
Jun 20 03:14:42 gtw01 haproxy-metadata-proxy-11f19569-2914-404a-82db-b4e1beac98a3[17185]: Proxy listener started.
Jun 20 03:14:42 gtw01 haproxy-metadata-proxy-27cb9d04-5aa4-421d-9928-95d38fd1b1e2[17198]: Proxy listener started.
Jun 20 03:14:42 gtw01 systemd-udevd[17209]: Could not generate persistent MAC address for tap5afe3aaa-5e: No such file or directory
Jun 20 03:14:42 gtw01 kernel: [ 3084.180892] device tap5afe3aaa-5e entered promiscuous mode
Jun 20 03:14:42 gtw01 systemd-udevd[17209]: Process '/sbin/ip link set tap5afe3aaa-5e txqueuelen 10000' failed with exit code 1.
Jun 20 03:14:42 gtw01 systemd-udevd[17284]: Process '/sbin/ip link set tap5afe3aaa-5e txqueuelen 10000' failed with exit code 1.
Jun 20 03:14:43 gtw01 dnsmasq[17186]: read /var/lib/neutron/dhcp/27cb9d04-5aa4-421d-9928-95d38fd1b1e2/addn_hosts - 1 addresses
Jun 20 03:14:43 gtw01 dnsmasq-dhcp[17186]: read /var/lib/neutron/dhcp/27cb9d04-5aa4-421d-9928-95d38fd1b1e2/host
Jun 20 03:14:43 gtw01 dnsmasq-dhcp[17186]: read /var/lib/neutron/dhcp/27cb9d04-5aa4-421d-9928-95d38fd1b1e2/opts
Jun 20 03:14:44 gtw01 dnsmasq[17186]: read /var/lib/neutron/dhcp/27cb9d04-5aa4-421d-9928-95d38fd1b1e2/addn_hosts - 1 addresses
Jun 20 03:14:44 gtw01 dnsmasq-dhcp[17186]: read /var/lib/neutron/dhcp/27cb9d04-5aa4-421d-9928-95d38fd1b1e2/host
Jun 20 03:14:44 gtw01 dnsmasq-dhcp[17186]: read /var/lib/neutron/dhcp/27cb9d04-5aa4-421d-9928-95d38fd1b1e2/opts
Jun 20 03:14:44 gtw01 dnsmasq[17186]: read /var/lib/neutron/dhcp/27cb9d04-5aa4-421d-9928-95d38fd1b1e2/addn_hosts - 2 addresses
Jun 20 03:14:44 gtw01 dnsmasq-dhcp[17186]: read /var/lib/neutron/dhcp/27cb9d04-5aa4-421d-9928-95d38fd1b1e2/host
Jun 20 03:14:44 gtw01 dnsmasq-dhcp[17186]: read /var/lib/neutron/dhcp/27cb9d04-5aa4-421d-9928-95d38fd1b1e2/opts
Jun 20 03:14:45 gtw01 kernel: [ 3087.185135] device tapcc443397-6c left promiscuous mode
Jun 20 03:14:45 gtw01 dnsmasq[17433]: started, version 2.80 cachesize 150
Jun 20 03:14:45 gtw01 dnsmasq[17433]: DNS service limited to local subnets
Jun 20 03:14:45 gtw01 dnsmasq[17433]: compile time options: IPv6 GNU-getopt DBus i18n IDN DHCP DHCPv6 no-Lua TFTP conntrack ipset auth DNSSEC loop-detect inotify dumpfile
Jun 20 03:14:45 gtw01 dnsmasq[17433]: warning: no upstream servers configured
Jun 20 03:14:45 gtw01 dnsmasq-dhcp[17433]: DHCPv6, static leases only on 2003:0:0:2::, lease time 1h
Jun 20 03:14:45 gtw01 dnsmasq[17433]: read /var/lib/neutron/dhcp/ef4222d5-cdb3-47ea-bb3e-efc15fcc1dd0/addn_hosts - 1 addresses
Jun 20 03:14:45 gtw01 dnsmasq-dhcp[17433]: read /var/lib/neutron/dhcp/ef4222d5-cdb3-47ea-bb3e-efc15fcc1dd0/host
Jun 20 03:14:45 gtw01 dnsmasq-dhcp[17433]: read /var/lib/neutron/dhcp/ef4222d5-cdb3-47ea-bb3e-efc15fcc1dd0/opts
Jun 20 03:14:46 gtw01 kernel: [ 3088.051561] device tap50f0009c-2f left promiscuous mode
Jun 20 03:14:46 gtw01 dnsmasq[17433]: read /var/lib/neutron/dhcp/ef4222d5-cdb3-47ea-bb3e-efc15fcc1dd0/addn_hosts - 2 addresses
Jun 20 03:14:46 gtw01 dnsmasq-dhcp[17433]: read /var/lib/neutron/dhcp/ef4222d5-cdb3-47ea-bb3e-efc15fcc1dd0/host
Jun 20 03:14:46 gtw01 dnsmasq-dhcp[17433]: read /var/lib/neutron/dhcp/ef4222d5-cdb3-47ea-bb3e-efc15fcc1dd0/opts
Jun 20 03:14:47 gtw01 dnsmasq[17433]: read /var/lib/neutron/dhcp/ef4222d5-cdb3-47ea-bb3e-efc15fcc1dd0/addn_hosts - 2 addresses
Jun 20 03:14:47 gtw01 dnsmasq-dhcp[17433]: read /var/lib/neutron/dhcp/ef4222d5-cdb3-47ea-bb3e-efc15fcc1dd0/host
Jun 20 03:14:47 gtw01 dnsmasq-dhcp[17433]: read /var/lib/neutron/dhcp/ef4222d5-cdb3-47ea-bb3e-efc15fcc1dd0/opts
Jun 20 03:14:48 gtw01 systemd-udevd[17530]: Could not generate persistent MAC address for qr-71418050-7a: No such file or directory
Jun 20 03:14:48 gtw01 kernel: [ 3089.723879] device qr-71418050-7a entered promiscuous mode
Jun 20 03:14:48 gtw01 dnsmasq[17433]: read /var/lib/neutron/dhcp/ef4222d5-cdb3-47ea-bb3e-efc15fcc1dd0/addn_hosts - 2 addresses
Jun 20 03:14:48 gtw01 dnsmasq-dhcp[17433]: read /var/lib/neutron/dhcp/ef4222d5-cdb3-47ea-bb3e-efc15fcc1dd0/host
Jun 20 03:14:48 gtw01 dnsmasq-dhcp[17433]: read /var/lib/neutron/dhcp/ef4222d5-cdb3-47ea-bb3e-efc15fcc1dd0/opts
Jun 20 03:14:49 gtw01 radvd[17661]: version 2.11 started
Jun 20 03:14:49 gtw01 dnsmasq[17433]: read /var/lib/neutron/dhcp/ef4222d5-cdb3-47ea-bb3e-efc15fcc1dd0/addn_hosts - 2 addresses
Jun 20 03:14:49 gtw01 dnsmasq-dhcp[17433]: read /var/lib/neutron/dhcp/ef4222d5-cdb3-47ea-bb3e-efc15fcc1dd0/host
Jun 20 03:14:49 gtw01 dnsmasq-dhcp[17433]: read /var/lib/neutron/dhcp/ef4222d5-cdb3-47ea-bb3e-efc15fcc1dd0/opts
Jun 20 03:14:50 gtw01 dnsmasq[17433]: read /var/lib/neutron/dhcp/ef4222d5-cdb3-47ea-bb3e-efc15fcc1dd0/addn_hosts - 2 addresses
Jun 20 03:14:50 gtw01 dnsmasq-dhcp[17433]: read /var/lib/neutron/dhcp/ef4222d5-cdb3-47ea-bb3e-efc15fcc1dd0/host
Jun 20 03:14:50 gtw01 dnsmasq-dhcp[17433]: read /var/lib/neutron/dhcp/ef4222d5-cdb3-47ea-bb3e-efc15fcc1dd0/opts
Jun 20 03:14:51 gtw01 dnsmasq[17433]: read /var/lib/neutron/dhcp/ef4222d5-cdb3-47ea-bb3e-efc15fcc1dd0/addn_hosts - 2 addresses
Jun 20 03:14:51 gtw01 dnsmasq-dhcp[17433]: read /var/lib/neutron/dhcp/ef4222d5-cdb3-47ea-bb3e-efc15fcc1dd0/host
Jun 20 03:14:51 gtw01 dnsmasq-dhcp[17433]: read /var/lib/neutron/dhcp/ef4222d5-cdb3-47ea-bb3e-efc15fcc1dd0/opts
Jun 20 03:14:52 gtw01 dnsmasq[17433]: read /var/lib/neutron/dhcp/ef4222d5-cdb3-47ea-bb3e-efc15fcc1dd0/addn_hosts - 2 addresses
Jun 20 03:14:52 gtw01 dnsmasq-dhcp[17433]: read /var/lib/neutron/dhcp/ef4222d5-cdb3-47ea-bb3e-efc15fcc1dd0/host
Jun 20 03:14:52 gtw01 dnsmasq-dhcp[17433]: read /var/lib/neutron/dhcp/ef4222d5-cdb3-47ea-bb3e-efc15fcc1dd0/opts
Jun 20 03:14:52 gtw01 haproxy-metadata-proxy-da8b9730-b4a4-489e-8368-679063eaefec[17809]: Proxy listener started.
Jun 20 03:14:53 gtw01 dnsmasq[17433]: read /var/lib/neutron/dhcp/ef4222d5-cdb3-47ea-bb3e-efc15fcc1dd0/addn_hosts - 1 addresses
Jun 20 03:14:53 gtw01 dnsmasq-dhcp[17433]: read /var/lib/neutron/dhcp/ef4222d5-cdb3-47ea-bb3e-efc15fcc1dd0/host
Jun 20 03:14:53 gtw01 dnsmasq-dhcp[17433]: read /var/lib/neutron/dhcp/ef4222d5-cdb3-47ea-bb3e-efc15fcc1dd0/opts
Jun 20 03:14:53 gtw01 kernel: [ 3094.852613] device qr-71418050-7a left promiscuous mode
Jun 20 03:14:53 gtw01 radvd[17663]: Exiting, privsep_read_loop had readn return 0 bytes
Jun 20 03:14:53 gtw01 radvd[17663]: Exiting, privsep_read_loop is complete.
Jun 20 03:14:58 gtw01 kernel: [ 3100.135779] device tap2506a13d-41 left promiscuous mode
Jun 20 03:15:00 gtw01 kernel: [ 3101.778921] device tap3d74b0ef-a2 left promiscuous mode
Jun 20 03:15:01 gtw01 kernel: [ 3103.489103] device tapd8e7bb01-ae left promiscuous mode
Jun 20 03:15:05 gtw01 kernel: [ 3107.152137] device tape1f5f0c4-0b entered promiscuous mode
Jun 20 03:15:05 gtw01 systemd-udevd[17990]: Could not generate persistent MAC address for tape1f5f0c4-0b: No such file or directory
Jun 20 03:15:05 gtw01 systemd-udevd[17990]: Process '/sbin/ip link set tape1f5f0c4-0b txqueuelen 10000' failed with exit code 1.
Jun 20 03:15:05 gtw01 systemd-udevd[17990]: Process '/sbin/ip link set tape1f5f0c4-0b txqueuelen 10000' failed with exit code 1.
Jun 20 03:15:08 gtw01 dnsmasq[18148]: started, version 2.80 cachesize 150
Jun 20 03:15:08 gtw01 dnsmasq[18148]: DNS service limited to local subnets
Jun 20 03:15:08 gtw01 dnsmasq[18148]: compile time options: IPv6 GNU-getopt DBus i18n IDN DHCP DHCPv6 no-Lua TFTP conntrack ipset auth DNSSEC loop-detect inotify dumpfile
Jun 20 03:15:08 gtw01 dnsmasq[18148]: warning: no upstream servers configured
Jun 20 03:15:08 gtw01 dnsmasq-dhcp[18148]: DHCP, static leases only on 192.168.120.16, lease time 1h
Jun 20 03:15:08 gtw01 dnsmasq[18148]: read /var/lib/neutron/dhcp/b00fb37b-040e-48ec-9779-caf38c13b1e6/addn_hosts - 1 addresses
Jun 20 03:15:08 gtw01 dnsmasq-dhcp[18148]: read /var/lib/neutron/dhcp/b00fb37b-040e-48ec-9779-caf38c13b1e6/host
Jun 20 03:15:08 gtw01 dnsmasq-dhcp[18148]: read /var/lib/neutron/dhcp/b00fb37b-040e-48ec-9779-caf38c13b1e6/opts
Jun 20 03:15:09 gtw01 haproxy-metadata-proxy-b00fb37b-040e-48ec-9779-caf38c13b1e6[18152]: Proxy listener started.
Jun 20 03:15:10 gtw01 dnsmasq[18148]: read /var/lib/neutron/dhcp/b00fb37b-040e-48ec-9779-caf38c13b1e6/addn_hosts - 1 addresses
Jun 20 03:15:10 gtw01 dnsmasq-dhcp[18148]: read /var/lib/neutron/dhcp/b00fb37b-040e-48ec-9779-caf38c13b1e6/host
Jun 20 03:15:10 gtw01 dnsmasq-dhcp[18148]: read /var/lib/neutron/dhcp/b00fb37b-040e-48ec-9779-caf38c13b1e6/opts
Jun 20 03:15:10 gtw01 dnsmasq[18148]: read /var/lib/neutron/dhcp/b00fb37b-040e-48ec-9779-caf38c13b1e6/addn_hosts - 1 addresses
Jun 20 03:15:10 gtw01 dnsmasq-dhcp[18148]: read /var/lib/neutron/dhcp/b00fb37b-040e-48ec-9779-caf38c13b1e6/host
Jun 20 03:15:10 gtw01 dnsmasq-dhcp[18148]: read /var/lib/neutron/dhcp/b00fb37b-040e-48ec-9779-caf38c13b1e6/opts
Jun 20 03:15:11 gtw01 dnsmasq[18148]: read /var/lib/neutron/dhcp/b00fb37b-040e-48ec-9779-caf38c13b1e6/addn_hosts - 2 addresses
Jun 20 03:15:11 gtw01 dnsmasq-dhcp[18148]: read /var/lib/neutron/dhcp/b00fb37b-040e-48ec-9779-caf38c13b1e6/host
Jun 20 03:15:11 gtw01 dnsmasq-dhcp[18148]: read /var/lib/neutron/dhcp/b00fb37b-040e-48ec-9779-caf38c13b1e6/opts
Jun 20 03:15:13 gtw01 dnsmasq[18148]: read /var/lib/neutron/dhcp/b00fb37b-040e-48ec-9779-caf38c13b1e6/addn_hosts - 2 addresses
Jun 20 03:15:13 gtw01 dnsmasq-dhcp[18148]: read /var/lib/neutron/dhcp/b00fb37b-040e-48ec-9779-caf38c13b1e6/host
Jun 20 03:15:13 gtw01 dnsmasq-dhcp[18148]: read /var/lib/neutron/dhcp/b00fb37b-040e-48ec-9779-caf38c13b1e6/opts
Jun 20 03:15:14 gtw01 dnsmasq[18148]: read /var/lib/neutron/dhcp/b00fb37b-040e-48ec-9779-caf38c13b1e6/addn_hosts - 2 addresses
Jun 20 03:15:14 gtw01 dnsmasq-dhcp[18148]: read /var/lib/neutron/dhcp/b00fb37b-040e-48ec-9779-caf38c13b1e6/host
Jun 20 03:15:14 gtw01 dnsmasq-dhcp[18148]: read /var/lib/neutron/dhcp/b00fb37b-040e-48ec-9779-caf38c13b1e6/opts
Jun 20 03:15:15 gtw01 kernel: [ 3117.005183] device tape1f5f0c4-0b left promiscuous mode
Jun 20 03:15:27 gtw01 kernel: [ 3128.995413] device tapb7df8139-90 left promiscuous mode
Jun 20 03:15:27 gtw01 kernel: [ 3129.629815] device tapa7ebfc38-3e left promiscuous mode
Jun 20 03:15:31 gtw01 kernel: [ 3132.909559] device tap5afe3aaa-5e left promiscuous mode
Jun 20 03:15:36 gtw01 systemd-udevd[18429]: Could not generate persistent MAC address for tap47b576b1-b0: No such file or directory
Jun 20 03:15:36 gtw01 kernel: [ 3138.282192] device tap47b576b1-b0 entered promiscuous mode
Jun 20 03:15:36 gtw01 systemd-udevd[18429]: Process '/sbin/ip link set tap47b576b1-b0 txqueuelen 10000' failed with exit code 1.
Jun 20 03:15:36 gtw01 systemd-udevd[18429]: Process '/sbin/ip link set tap47b576b1-b0 txqueuelen 10000' failed with exit code 1.
Jun 20 03:15:40 gtw01 dnsmasq[18588]: started, version 2.80 cachesize 150
Jun 20 03:15:40 gtw01 dnsmasq[18588]: DNS service limited to local subnets
Jun 20 03:15:40 gtw01 dnsmasq[18588]: compile time options: IPv6 GNU-getopt DBus i18n IDN DHCP DHCPv6 no-Lua TFTP conntrack ipset auth DNSSEC loop-detect inotify dumpfile
Jun 20 03:15:40 gtw01 dnsmasq[18588]: warning: no upstream servers configured
Jun 20 03:15:40 gtw01 dnsmasq-dhcp[18588]: DHCP, static leases only on 192.168.120.32, lease time 1h
Jun 20 03:15:40 gtw01 dnsmasq[18588]: read /var/lib/neutron/dhcp/7b33bc93-c9af-40b9-8076-a7ffcfc88d9f/addn_hosts - 1 addresses
Jun 20 03:15:40 gtw01 dnsmasq-dhcp[18588]: read /var/lib/neutron/dhcp/7b33bc93-c9af-40b9-8076-a7ffcfc88d9f/host
Jun 20 03:15:40 gtw01 dnsmasq-dhcp[18588]: read /var/lib/neutron/dhcp/7b33bc93-c9af-40b9-8076-a7ffcfc88d9f/opts
Jun 20 03:15:40 gtw01 haproxy-metadata-proxy-7b33bc93-c9af-40b9-8076-a7ffcfc88d9f[18592]: Proxy listener started.
Jun 20 03:15:41 gtw01 dnsmasq[18588]: read /var/lib/neutron/dhcp/7b33bc93-c9af-40b9-8076-a7ffcfc88d9f/addn_hosts - 2 addresses
Jun 20 03:15:41 gtw01 dnsmasq-dhcp[18588]: read /var/lib/neutron/dhcp/7b33bc93-c9af-40b9-8076-a7ffcfc88d9f/host
Jun 20 03:15:41 gtw01 dnsmasq-dhcp[18588]: read /var/lib/neutron/dhcp/7b33bc93-c9af-40b9-8076-a7ffcfc88d9f/opts
Jun 20 03:15:42 gtw01 dnsmasq[18588]: read /var/lib/neutron/dhcp/7b33bc93-c9af-40b9-8076-a7ffcfc88d9f/addn_hosts - 2 addresses
Jun 20 03:15:42 gtw01 dnsmasq-dhcp[18588]: read /var/lib/neutron/dhcp/7b33bc93-c9af-40b9-8076-a7ffcfc88d9f/host
Jun 20 03:15:42 gtw01 dnsmasq-dhcp[18588]: read /var/lib/neutron/dhcp/7b33bc93-c9af-40b9-8076-a7ffcfc88d9f/opts
Jun 20 03:15:43 gtw01 dnsmasq[18588]: read /var/lib/neutron/dhcp/7b33bc93-c9af-40b9-8076-a7ffcfc88d9f/addn_hosts - 2 addresses
Jun 20 03:15:43 gtw01 dnsmasq-dhcp[18588]: read /var/lib/neutron/dhcp/7b33bc93-c9af-40b9-8076-a7ffcfc88d9f/host
Jun 20 03:15:43 gtw01 dnsmasq-dhcp[18588]: read /var/lib/neutron/dhcp/7b33bc93-c9af-40b9-8076-a7ffcfc88d9f/opts
Jun 20 03:15:44 gtw01 dnsmasq[18588]: read /var/lib/neutron/dhcp/7b33bc93-c9af-40b9-8076-a7ffcfc88d9f/addn_hosts - 2 addresses
Jun 20 03:15:44 gtw01 dnsmasq-dhcp[18588]: read /var/lib/neutron/dhcp/7b33bc93-c9af-40b9-8076-a7ffcfc88d9f/host
Jun 20 03:15:44 gtw01 dnsmasq-dhcp[18588]: read /var/lib/neutron/dhcp/7b33bc93-c9af-40b9-8076-a7ffcfc88d9f/opts
Jun 20 03:15:45 gtw01 dnsmasq[18588]: read /var/lib/neutron/dhcp/7b33bc93-c9af-40b9-8076-a7ffcfc88d9f/addn_hosts - 2 addresses
Jun 20 03:15:45 gtw01 dnsmasq-dhcp[18588]: read /var/lib/neutron/dhcp/7b33bc93-c9af-40b9-8076-a7ffcfc88d9f/host
Jun 20 03:15:45 gtw01 dnsmasq-dhcp[18588]: read /var/lib/neutron/dhcp/7b33bc93-c9af-40b9-8076-a7ffcfc88d9f/opts
Jun 20 03:15:46 gtw01 dnsmasq[18588]: read /var/lib/neutron/dhcp/7b33bc93-c9af-40b9-8076-a7ffcfc88d9f/addn_hosts - 1 addresses
Jun 20 03:15:46 gtw01 dnsmasq-dhcp[18588]: read /var/lib/neutron/dhcp/7b33bc93-c9af-40b9-8076-a7ffcfc88d9f/host
Jun 20 03:15:46 gtw01 dnsmasq-dhcp[18588]: read /var/lib/neutron/dhcp/7b33bc93-c9af-40b9-8076-a7ffcfc88d9f/opts
Jun 20 03:15:46 gtw01 haproxy-metadata-proxy-7b33bc93-c9af-40b9-8076-a7ffcfc88d9f[18713]: Proxy listener started.
Jun 20 03:15:47 gtw01 kernel: [ 3149.128539] device tap47b576b1-b0 left promiscuous mode
Jun 20 03:15:52 gtw01 kernel: [ 3153.744358] device tap322a14ca-b7 entered promiscuous mode
Jun 20 03:15:52 gtw01 systemd-udevd[18769]: Could not generate persistent MAC address for tap322a14ca-b7: No such file or directory
Jun 20 03:15:52 gtw01 systemd-udevd[18769]: Process '/sbin/ip link set tap322a14ca-b7 txqueuelen 10000' failed with exit code 1.
Jun 20 03:15:52 gtw01 systemd-udevd[18769]: Process '/sbin/ip link set tap322a14ca-b7 txqueuelen 10000' failed with exit code 1.
Jun 20 03:15:54 gtw01 systemd-udevd[18937]: Could not generate persistent MAC address for tap4a0c1c23-8d: No such file or directory
Jun 20 03:15:54 gtw01 kernel: [ 3156.370060] device tap4a0c1c23-8d entered promiscuous mode
Jun 20 03:15:54 gtw01 systemd-udevd[18937]: Process '/sbin/ip link set tap4a0c1c23-8d txqueuelen 10000' failed with exit code 1.
Jun 20 03:15:54 gtw01 systemd-udevd[18937]: Process '/sbin/ip link set tap4a0c1c23-8d txqueuelen 10000' failed with exit code 1.
Jun 20 03:15:55 gtw01 dnsmasq[19042]: started, version 2.80 cachesize 150
Jun 20 03:15:55 gtw01 dnsmasq[19042]: DNS service limited to local subnets
Jun 20 03:15:55 gtw01 dnsmasq[19042]: compile time options: IPv6 GNU-getopt DBus i18n IDN DHCP DHCPv6 no-Lua TFTP conntrack ipset auth DNSSEC loop-detect inotify dumpfile
Jun 20 03:15:55 gtw01 dnsmasq[19042]: warning: no upstream servers configured
Jun 20 03:15:55 gtw01 dnsmasq-dhcp[19042]: DHCP, static leases only on 192.168.120.48, lease time 1h
Jun 20 03:15:55 gtw01 dnsmasq[19042]: read /var/lib/neutron/dhcp/f0940431-96f3-46df-988f-91d70f881138/addn_hosts - 1 addresses
Jun 20 03:15:55 gtw01 dnsmasq-dhcp[19042]: read /var/lib/neutron/dhcp/f0940431-96f3-46df-988f-91d70f881138/host
Jun 20 03:15:55 gtw01 dnsmasq-dhcp[19042]: read /var/lib/neutron/dhcp/f0940431-96f3-46df-988f-91d70f881138/opts
Jun 20 03:15:55 gtw01 haproxy-metadata-proxy-f0940431-96f3-46df-988f-91d70f881138[19050]: Proxy listener started.
Jun 20 03:15:56 gtw01 kernel: [ 3157.693794] device tap322a14ca-b7 left promiscuous mode
Jun 20 03:15:57 gtw01 systemd-udevd[19144]: Could not generate persistent MAC address for tapa733a1b1-94: No such file or directory
Jun 20 03:15:57 gtw01 kernel: [ 3159.456374] device tapa733a1b1-94 entered promiscuous mode
Jun 20 03:15:57 gtw01 systemd-udevd[19144]: Process '/sbin/ip link set tapa733a1b1-94 txqueuelen 10000' failed with exit code 1.
Jun 20 03:15:57 gtw01 systemd-udevd[19220]: Process '/sbin/ip link set tapa733a1b1-94 txqueuelen 10000' failed with exit code 1.
Jun 20 03:15:57 gtw01 dnsmasq[19234]: started, version 2.80 cachesize 150
Jun 20 03:15:57 gtw01 dnsmasq[19234]: DNS service limited to local subnets
Jun 20 03:15:57 gtw01 dnsmasq[19234]: compile time options: IPv6 GNU-getopt DBus i18n IDN DHCP DHCPv6 no-Lua TFTP conntrack ipset auth DNSSEC loop-detect inotify dumpfile
Jun 20 03:15:57 gtw01 dnsmasq[19234]: warning: no upstream servers configured
Jun 20 03:15:57 gtw01 dnsmasq-dhcp[19234]: DHCP, static leases only on 192.168.120.0, lease time 1h
Jun 20 03:15:57 gtw01 dnsmasq[19234]: read /var/lib/neutron/dhcp/7e366329-592b-4276-814b-5016d0dee3c5/addn_hosts - 1 addresses
Jun 20 03:15:57 gtw01 dnsmasq-dhcp[19234]: read /var/lib/neutron/dhcp/7e366329-592b-4276-814b-5016d0dee3c5/host
Jun 20 03:15:57 gtw01 dnsmasq-dhcp[19234]: read /var/lib/neutron/dhcp/7e366329-592b-4276-814b-5016d0dee3c5/opts
Jun 20 03:15:58 gtw01 haproxy-metadata-proxy-7e366329-592b-4276-814b-5016d0dee3c5[19246]: Proxy listener started.
Jun 20 03:16:01 gtw01 dnsmasq[19332]: started, version 2.80 cachesize 150
Jun 20 03:16:01 gtw01 dnsmasq[19332]: DNS service limited to local subnets
