Jun 20 04:58:09 gtw01 dnsmasq-dhcp[28895]: read /var/lib/neutron/dhcp/9af25d52-35c1-42c9-a6d1-33370412af4f/opts
Jun 20 04:58:10 gtw01 dnsmasq[28895]: read /var/lib/neutron/dhcp/9af25d52-35c1-42c9-a6d1-33370412af4f/addn_hosts - 2 addresses
Jun 20 04:58:10 gtw01 dnsmasq-dhcp[28895]: read /var/lib/neutron/dhcp/9af25d52-35c1-42c9-a6d1-33370412af4f/host
Jun 20 04:58:10 gtw01 dnsmasq-dhcp[28895]: read /var/lib/neutron/dhcp/9af25d52-35c1-42c9-a6d1-33370412af4f/opts
Jun 20 04:58:11 gtw01 dnsmasq[28895]: read /var/lib/neutron/dhcp/9af25d52-35c1-42c9-a6d1-33370412af4f/addn_hosts - 3 addresses
Jun 20 04:58:11 gtw01 dnsmasq-dhcp[28895]: read /var/lib/neutron/dhcp/9af25d52-35c1-42c9-a6d1-33370412af4f/host
Jun 20 04:58:11 gtw01 dnsmasq-dhcp[28895]: read /var/lib/neutron/dhcp/9af25d52-35c1-42c9-a6d1-33370412af4f/opts
Jun 20 04:58:12 gtw01 dnsmasq[28895]: read /var/lib/neutron/dhcp/9af25d52-35c1-42c9-a6d1-33370412af4f/addn_hosts - 3 addresses
Jun 20 04:58:12 gtw01 dnsmasq-dhcp[28895]: read /var/lib/neutron/dhcp/9af25d52-35c1-42c9-a6d1-33370412af4f/host
Jun 20 04:58:12 gtw01 dnsmasq-dhcp[28895]: read /var/lib/neutron/dhcp/9af25d52-35c1-42c9-a6d1-33370412af4f/opts
Jun 20 04:58:12 gtw01 haproxy-metadata-proxy-2db55cd0-85ac-41c2-82a3-70591c59af4c[29227]: Proxy listener started.
Jun 20 04:58:14 gtw01 dnsmasq[28895]: read /var/lib/neutron/dhcp/9af25d52-35c1-42c9-a6d1-33370412af4f/addn_hosts - 3 addresses
Jun 20 04:58:14 gtw01 dnsmasq-dhcp[28895]: read /var/lib/neutron/dhcp/9af25d52-35c1-42c9-a6d1-33370412af4f/host
Jun 20 04:58:14 gtw01 dnsmasq-dhcp[28895]: read /var/lib/neutron/dhcp/9af25d52-35c1-42c9-a6d1-33370412af4f/opts
Jun 20 04:58:15 gtw01 systemd-udevd[29276]: Could not generate persistent MAC address for qr-fe847a45-ff: No such file or directory
Jun 20 04:58:15 gtw01 kernel: [ 9297.286656] device qr-fe847a45-ff entered promiscuous mode
Jun 20 04:58:15 gtw01 dnsmasq[28895]: read /var/lib/neutron/dhcp/9af25d52-35c1-42c9-a6d1-33370412af4f/addn_hosts - 3 addresses
Jun 20 04:58:15 gtw01 dnsmasq-dhcp[28895]: read /var/lib/neutron/dhcp/9af25d52-35c1-42c9-a6d1-33370412af4f/host
Jun 20 04:58:15 gtw01 dnsmasq-dhcp[28895]: read /var/lib/neutron/dhcp/9af25d52-35c1-42c9-a6d1-33370412af4f/opts
Jun 20 04:58:19 gtw01 dnsmasq[28895]: read /var/lib/neutron/dhcp/9af25d52-35c1-42c9-a6d1-33370412af4f/addn_hosts - 4 addresses
Jun 20 04:58:19 gtw01 dnsmasq-dhcp[28895]: read /var/lib/neutron/dhcp/9af25d52-35c1-42c9-a6d1-33370412af4f/host
Jun 20 04:58:19 gtw01 dnsmasq-dhcp[28895]: read /var/lib/neutron/dhcp/9af25d52-35c1-42c9-a6d1-33370412af4f/opts
Jun 20 04:58:22 gtw01 dnsmasq[28895]: read /var/lib/neutron/dhcp/9af25d52-35c1-42c9-a6d1-33370412af4f/addn_hosts - 4 addresses
Jun 20 04:58:22 gtw01 dnsmasq-dhcp[28895]: read /var/lib/neutron/dhcp/9af25d52-35c1-42c9-a6d1-33370412af4f/host
Jun 20 04:58:22 gtw01 dnsmasq-dhcp[28895]: read /var/lib/neutron/dhcp/9af25d52-35c1-42c9-a6d1-33370412af4f/opts
Jun 20 04:58:23 gtw01 dnsmasq[28895]: read /var/lib/neutron/dhcp/9af25d52-35c1-42c9-a6d1-33370412af4f/addn_hosts - 4 addresses
Jun 20 04:58:23 gtw01 dnsmasq-dhcp[28895]: read /var/lib/neutron/dhcp/9af25d52-35c1-42c9-a6d1-33370412af4f/host
Jun 20 04:58:23 gtw01 dnsmasq-dhcp[28895]: read /var/lib/neutron/dhcp/9af25d52-35c1-42c9-a6d1-33370412af4f/opts
Jun 20 04:58:26 gtw01 kernel: [ 9308.688721] device vxlan_sys_4789 entered promiscuous mode
Jun 20 04:58:26 gtw01 systemd-udevd[29709]: Could not generate persistent MAC address for vxlan_sys_4789: No such file or directory
Jun 20 04:58:30 gtw01 dnsmasq[28895]: read /var/lib/neutron/dhcp/9af25d52-35c1-42c9-a6d1-33370412af4f/addn_hosts - 4 addresses
Jun 20 04:58:30 gtw01 dnsmasq-dhcp[28895]: read /var/lib/neutron/dhcp/9af25d52-35c1-42c9-a6d1-33370412af4f/host
Jun 20 04:58:30 gtw01 dnsmasq-dhcp[28895]: read /var/lib/neutron/dhcp/9af25d52-35c1-42c9-a6d1-33370412af4f/opts
Jun 20 04:58:31 gtw01 dnsmasq[28895]: read /var/lib/neutron/dhcp/9af25d52-35c1-42c9-a6d1-33370412af4f/addn_hosts - 4 addresses
Jun 20 04:58:31 gtw01 dnsmasq-dhcp[28895]: read /var/lib/neutron/dhcp/9af25d52-35c1-42c9-a6d1-33370412af4f/host
Jun 20 04:58:31 gtw01 dnsmasq-dhcp[28895]: read /var/lib/neutron/dhcp/9af25d52-35c1-42c9-a6d1-33370412af4f/opts
Jun 20 04:58:38 gtw01 dnsmasq-dhcp[28895]: DHCPDISCOVER(tap5c0faa66-3f) fa:16:3e:66:7f:f0
Jun 20 04:58:38 gtw01 dnsmasq-dhcp[28895]: DHCPOFFER(tap5c0faa66-3f) 192.168.120.3 fa:16:3e:66:7f:f0
Jun 20 04:58:38 gtw01 dnsmasq-dhcp[28895]: DHCPREQUEST(tap5c0faa66-3f) 192.168.120.3 fa:16:3e:66:7f:f0
Jun 20 04:58:38 gtw01 dnsmasq-dhcp[28895]: DHCPACK(tap5c0faa66-3f) 192.168.120.3 fa:16:3e:66:7f:f0 host-192-168-120-3
Jun 20 04:58:47 gtw01 dnsmasq-dhcp[28895]: DHCPDISCOVER(tap5c0faa66-3f) fa:16:3e:92:90:55
Jun 20 04:58:47 gtw01 dnsmasq-dhcp[28895]: DHCPOFFER(tap5c0faa66-3f) 192.168.120.11 fa:16:3e:92:90:55
Jun 20 04:58:47 gtw01 dnsmasq-dhcp[28895]: DHCPREQUEST(tap5c0faa66-3f) 192.168.120.11 fa:16:3e:92:90:55
Jun 20 04:58:47 gtw01 dnsmasq-dhcp[28895]: DHCPACK(tap5c0faa66-3f) 192.168.120.11 fa:16:3e:92:90:55 host-192-168-120-11
Jun 20 04:59:23 gtw01 dnsmasq[28895]: read /var/lib/neutron/dhcp/9af25d52-35c1-42c9-a6d1-33370412af4f/addn_hosts - 4 addresses
Jun 20 04:59:23 gtw01 dnsmasq-dhcp[28895]: read /var/lib/neutron/dhcp/9af25d52-35c1-42c9-a6d1-33370412af4f/host
Jun 20 04:59:23 gtw01 dnsmasq-dhcp[28895]: read /var/lib/neutron/dhcp/9af25d52-35c1-42c9-a6d1-33370412af4f/opts
Jun 20 04:59:25 gtw01 kernel: [ 9367.335566] device vxlan_sys_4789 left promiscuous mode
Jun 20 04:59:25 gtw01 dnsmasq[28895]: read /var/lib/neutron/dhcp/9af25d52-35c1-42c9-a6d1-33370412af4f/addn_hosts - 4 addresses
Jun 20 04:59:25 gtw01 dnsmasq-dhcp[28895]: read /var/lib/neutron/dhcp/9af25d52-35c1-42c9-a6d1-33370412af4f/host
Jun 20 04:59:25 gtw01 dnsmasq-dhcp[28895]: read /var/lib/neutron/dhcp/9af25d52-35c1-42c9-a6d1-33370412af4f/opts
Jun 20 04:59:34 gtw01 dnsmasq[28895]: read /var/lib/neutron/dhcp/9af25d52-35c1-42c9-a6d1-33370412af4f/addn_hosts - 3 addresses
Jun 20 04:59:34 gtw01 dnsmasq-dhcp[28895]: read /var/lib/neutron/dhcp/9af25d52-35c1-42c9-a6d1-33370412af4f/host
Jun 20 04:59:34 gtw01 dnsmasq-dhcp[28895]: read /var/lib/neutron/dhcp/9af25d52-35c1-42c9-a6d1-33370412af4f/opts
Jun 20 04:59:35 gtw01 haproxy-metadata-proxy-9af25d52-35c1-42c9-a6d1-33370412af4f[30139]: Proxy listener started.
Jun 20 04:59:37 gtw01 kernel: [ 9378.794530] device qr-fe847a45-ff left promiscuous mode
Jun 20 04:59:37 gtw01 kernel: [ 9379.647748] device qg-5b367d5a-ae left promiscuous mode
Jun 20 04:59:38 gtw01 dnsmasq-dhcp[28895]: DHCPRELEASE(tap5c0faa66-3f) 192.168.120.3 fa:16:3e:66:7f:f0
Jun 20 04:59:38 gtw01 dnsmasq-dhcp[28895]: DHCPRELEASE(tap5c0faa66-3f) 192.168.120.3 fa:16:3e:66:7f:f0 unknown lease
Jun 20 04:59:39 gtw01 dnsmasq[28895]: read /var/lib/neutron/dhcp/9af25d52-35c1-42c9-a6d1-33370412af4f/addn_hosts - 2 addresses
Jun 20 04:59:39 gtw01 dnsmasq-dhcp[28895]: read /var/lib/neutron/dhcp/9af25d52-35c1-42c9-a6d1-33370412af4f/host
Jun 20 04:59:39 gtw01 dnsmasq-dhcp[28895]: read /var/lib/neutron/dhcp/9af25d52-35c1-42c9-a6d1-33370412af4f/opts
Jun 20 04:59:40 gtw01 dnsmasq-dhcp[28895]: DHCPRELEASE(tap5c0faa66-3f) 192.168.120.11 fa:16:3e:92:90:55
Jun 20 04:59:40 gtw01 dnsmasq-dhcp[28895]: DHCPRELEASE(tap5c0faa66-3f) 192.168.120.11 fa:16:3e:92:90:55 unknown lease
Jun 20 04:59:41 gtw01 dnsmasq[28895]: read /var/lib/neutron/dhcp/9af25d52-35c1-42c9-a6d1-33370412af4f/addn_hosts - 1 addresses
Jun 20 04:59:41 gtw01 dnsmasq-dhcp[28895]: read /var/lib/neutron/dhcp/9af25d52-35c1-42c9-a6d1-33370412af4f/host
Jun 20 04:59:41 gtw01 dnsmasq-dhcp[28895]: read /var/lib/neutron/dhcp/9af25d52-35c1-42c9-a6d1-33370412af4f/opts
Jun 20 04:59:44 gtw01 kernel: [ 9386.332049] device tap5c0faa66-3f left promiscuous mode
Jun 20 05:00:02 gtw01 dnsmasq[28185]: read /var/lib/neutron/dhcp/ec674272-f755-4b3f-a4b4-46ae256901d7/addn_hosts - 1 addresses
Jun 20 05:00:02 gtw01 dnsmasq-dhcp[28185]: read /var/lib/neutron/dhcp/ec674272-f755-4b3f-a4b4-46ae256901d7/host
Jun 20 05:00:02 gtw01 dnsmasq-dhcp[28185]: read /var/lib/neutron/dhcp/ec674272-f755-4b3f-a4b4-46ae256901d7/opts
Jun 20 05:00:03 gtw01 haproxy-metadata-proxy-ec674272-f755-4b3f-a4b4-46ae256901d7[30383]: Proxy listener started.
Jun 20 05:00:04 gtw01 kernel: [ 9406.447170] device qr-38653293-09 left promiscuous mode
Jun 20 05:00:07 gtw01 kernel: [ 9409.616385] device tapb4569ece-25 left promiscuous mode
Jun 20 05:00:07 gtw01 kernel: [ 9409.647432] device qg-f54074e1-77 left promiscuous mode
Jun 20 05:00:26 gtw01 systemd-udevd[30542]: Could not generate persistent MAC address for tap5906e921-96: No such file or directory
Jun 20 05:00:26 gtw01 kernel: [ 9428.230029] device tap5906e921-96 entered promiscuous mode
Jun 20 05:00:26 gtw01 systemd-udevd[30542]: Process '/sbin/ip link set tap5906e921-96 txqueuelen 10000' failed with exit code 1.
Jun 20 05:00:26 gtw01 systemd-udevd[30616]: Process '/sbin/ip link set tap5906e921-96 txqueuelen 10000' failed with exit code 1.
Jun 20 05:00:29 gtw01 kernel: [ 9431.453742] device qg-0bacf97d-85 entered promiscuous mode
Jun 20 05:00:29 gtw01 systemd-udevd[30721]: Could not generate persistent MAC address for qg-0bacf97d-85: No such file or directory
Jun 20 05:00:29 gtw01 dnsmasq[30798]: started, version 2.80 cachesize 150
Jun 20 05:00:29 gtw01 dnsmasq[30798]: DNS service limited to local subnets
Jun 20 05:00:29 gtw01 dnsmasq[30798]: compile time options: IPv6 GNU-getopt DBus i18n IDN DHCP DHCPv6 no-Lua TFTP conntrack ipset auth DNSSEC loop-detect inotify dumpfile
Jun 20 05:00:29 gtw01 dnsmasq[30798]: warning: no upstream servers configured
Jun 20 05:00:29 gtw01 dnsmasq-dhcp[30798]: DHCP, static leases only on 192.168.120.0, lease time 1h
Jun 20 05:00:29 gtw01 dnsmasq[30798]: read /var/lib/neutron/dhcp/3b768f31-e651-4db2-bf55-3fcdeb92964e/addn_hosts - 1 addresses
Jun 20 05:00:29 gtw01 dnsmasq-dhcp[30798]: read /var/lib/neutron/dhcp/3b768f31-e651-4db2-bf55-3fcdeb92964e/host
Jun 20 05:00:29 gtw01 dnsmasq-dhcp[30798]: read /var/lib/neutron/dhcp/3b768f31-e651-4db2-bf55-3fcdeb92964e/opts
Jun 20 05:00:29 gtw01 haproxy-metadata-proxy-3b768f31-e651-4db2-bf55-3fcdeb92964e[30808]: Proxy listener started.
Jun 20 05:00:30 gtw01 dnsmasq[30798]: read /var/lib/neutron/dhcp/3b768f31-e651-4db2-bf55-3fcdeb92964e/addn_hosts - 2 addresses
Jun 20 05:00:30 gtw01 dnsmasq-dhcp[30798]: read /var/lib/neutron/dhcp/3b768f31-e651-4db2-bf55-3fcdeb92964e/host
Jun 20 05:00:30 gtw01 dnsmasq-dhcp[30798]: read /var/lib/neutron/dhcp/3b768f31-e651-4db2-bf55-3fcdeb92964e/opts
Jun 20 05:00:31 gtw01 dnsmasq[30798]: read /var/lib/neutron/dhcp/3b768f31-e651-4db2-bf55-3fcdeb92964e/addn_hosts - 2 addresses
Jun 20 05:00:31 gtw01 dnsmasq-dhcp[30798]: read /var/lib/neutron/dhcp/3b768f31-e651-4db2-bf55-3fcdeb92964e/host
Jun 20 05:00:31 gtw01 dnsmasq-dhcp[30798]: read /var/lib/neutron/dhcp/3b768f31-e651-4db2-bf55-3fcdeb92964e/opts
Jun 20 05:00:32 gtw01 dnsmasq[30798]: read /var/lib/neutron/dhcp/3b768f31-e651-4db2-bf55-3fcdeb92964e/addn_hosts - 2 addresses
Jun 20 05:00:32 gtw01 dnsmasq-dhcp[30798]: read /var/lib/neutron/dhcp/3b768f31-e651-4db2-bf55-3fcdeb92964e/host
Jun 20 05:00:32 gtw01 dnsmasq-dhcp[30798]: read /var/lib/neutron/dhcp/3b768f31-e651-4db2-bf55-3fcdeb92964e/opts
Jun 20 05:00:33 gtw01 dnsmasq[30798]: read /var/lib/neutron/dhcp/3b768f31-e651-4db2-bf55-3fcdeb92964e/addn_hosts - 2 addresses
Jun 20 05:00:33 gtw01 dnsmasq-dhcp[30798]: read /var/lib/neutron/dhcp/3b768f31-e651-4db2-bf55-3fcdeb92964e/host
Jun 20 05:00:33 gtw01 dnsmasq-dhcp[30798]: read /var/lib/neutron/dhcp/3b768f31-e651-4db2-bf55-3fcdeb92964e/opts
Jun 20 05:00:34 gtw01 dnsmasq[30798]: read /var/lib/neutron/dhcp/3b768f31-e651-4db2-bf55-3fcdeb92964e/addn_hosts - 2 addresses
Jun 20 05:00:34 gtw01 dnsmasq-dhcp[30798]: read /var/lib/neutron/dhcp/3b768f31-e651-4db2-bf55-3fcdeb92964e/host
Jun 20 05:00:34 gtw01 dnsmasq-dhcp[30798]: read /var/lib/neutron/dhcp/3b768f31-e651-4db2-bf55-3fcdeb92964e/opts
Jun 20 05:00:35 gtw01 haproxy-metadata-proxy-e414811f-54ec-426b-b9ea-116567928248[31017]: Proxy listener started.
Jun 20 05:00:37 gtw01 dnsmasq[30798]: read /var/lib/neutron/dhcp/3b768f31-e651-4db2-bf55-3fcdeb92964e/addn_hosts - 2 addresses
Jun 20 05:00:37 gtw01 dnsmasq-dhcp[30798]: read /var/lib/neutron/dhcp/3b768f31-e651-4db2-bf55-3fcdeb92964e/host
Jun 20 05:00:37 gtw01 dnsmasq-dhcp[30798]: read /var/lib/neutron/dhcp/3b768f31-e651-4db2-bf55-3fcdeb92964e/opts
Jun 20 05:00:38 gtw01 systemd-udevd[31048]: Could not generate persistent MAC address for qr-bd7ad041-1d: No such file or directory
Jun 20 05:00:38 gtw01 kernel: [ 9439.799496] device qr-bd7ad041-1d entered promiscuous mode
Jun 20 05:00:38 gtw01 dnsmasq[30798]: read /var/lib/neutron/dhcp/3b768f31-e651-4db2-bf55-3fcdeb92964e/addn_hosts - 2 addresses
Jun 20 05:00:38 gtw01 dnsmasq-dhcp[30798]: read /var/lib/neutron/dhcp/3b768f31-e651-4db2-bf55-3fcdeb92964e/host
Jun 20 05:00:38 gtw01 dnsmasq-dhcp[30798]: read /var/lib/neutron/dhcp/3b768f31-e651-4db2-bf55-3fcdeb92964e/opts
Jun 20 05:01:18 gtw01 systemd-udevd[31321]: Could not generate persistent MAC address for tap90dcdf8f-8c: No such file or directory
Jun 20 05:01:18 gtw01 kernel: [ 9480.218028] device tap90dcdf8f-8c entered promiscuous mode
Jun 20 05:01:18 gtw01 systemd-udevd[31390]: Process '/sbin/ip link set tap90dcdf8f-8c txqueuelen 10000' failed with exit code 1.
Jun 20 05:01:19 gtw01 systemd-udevd[31433]: Could not generate persistent MAC address for tap5809f8a4-02: No such file or directory
Jun 20 05:01:19 gtw01 kernel: [ 9481.016375] device tap5809f8a4-02 entered promiscuous mode
Jun 20 05:01:19 gtw01 systemd-udevd[31433]: Process '/sbin/ip link set tap5809f8a4-02 txqueuelen 10000' failed with exit code 1.
Jun 20 05:01:19 gtw01 systemd-udevd[31433]: Process '/sbin/ip link set tap5809f8a4-02 txqueuelen 10000' failed with exit code 1.
Jun 20 05:01:19 gtw01 systemd-udevd[31548]: Could not generate persistent MAC address for tapfd1ccd3f-5e: No such file or directory
Jun 20 05:01:19 gtw01 kernel: [ 9481.664369] device tapfd1ccd3f-5e entered promiscuous mode
Jun 20 05:01:19 gtw01 systemd-udevd[31548]: Process '/sbin/ip link set tapfd1ccd3f-5e txqueuelen 10000' failed with exit code 1.
Jun 20 05:01:19 gtw01 systemd-udevd[31548]: Process '/sbin/ip link set tapfd1ccd3f-5e txqueuelen 10000' failed with exit code 1.
Jun 20 05:01:21 gtw01 dnsmasq[31734]: started, version 2.80 cachesize 150
Jun 20 05:01:21 gtw01 dnsmasq[31734]: DNS service limited to local subnets
Jun 20 05:01:21 gtw01 dnsmasq[31734]: compile time options: IPv6 GNU-getopt DBus i18n IDN DHCP DHCPv6 no-Lua TFTP conntrack ipset auth DNSSEC loop-detect inotify dumpfile
Jun 20 05:01:21 gtw01 dnsmasq[31734]: warning: no upstream servers configured
Jun 20 05:01:21 gtw01 dnsmasq-dhcp[31734]: DHCP, static leases only on 192.168.120.0, lease time 1h
Jun 20 05:01:21 gtw01 dnsmasq[31734]: read /var/lib/neutron/dhcp/96abd3f7-30a8-4e09-bbba-dbff4c6438ae/addn_hosts - 1 addresses
Jun 20 05:01:21 gtw01 dnsmasq-dhcp[31734]: read /var/lib/neutron/dhcp/96abd3f7-30a8-4e09-bbba-dbff4c6438ae/host
Jun 20 05:01:21 gtw01 dnsmasq-dhcp[31734]: read /var/lib/neutron/dhcp/96abd3f7-30a8-4e09-bbba-dbff4c6438ae/opts
Jun 20 05:01:22 gtw01 haproxy-metadata-proxy-96abd3f7-30a8-4e09-bbba-dbff4c6438ae[31748]: Proxy listener started.
Jun 20 05:01:22 gtw01 dnsmasq[31790]: started, version 2.80 cachesize 150
Jun 20 05:01:22 gtw01 dnsmasq[31790]: DNS service limited to local subnets
Jun 20 05:01:22 gtw01 dnsmasq[31790]: compile time options: IPv6 GNU-getopt DBus i18n IDN DHCP DHCPv6 no-Lua TFTP conntrack ipset auth DNSSEC loop-detect inotify dumpfile
Jun 20 05:01:22 gtw01 dnsmasq[31790]: warning: no upstream servers configured
Jun 20 05:01:22 gtw01 dnsmasq-dhcp[31790]: DHCP, static leases only on 192.168.120.0, lease time 1h
Jun 20 05:01:22 gtw01 dnsmasq[31790]: read /var/lib/neutron/dhcp/d35c37bc-fa40-4f98-8d1c-426796a56f73/addn_hosts - 1 addresses
Jun 20 05:01:22 gtw01 dnsmasq-dhcp[31790]: read /var/lib/neutron/dhcp/d35c37bc-fa40-4f98-8d1c-426796a56f73/host
Jun 20 05:01:22 gtw01 dnsmasq-dhcp[31790]: read /var/lib/neutron/dhcp/d35c37bc-fa40-4f98-8d1c-426796a56f73/opts
Jun 20 05:01:22 gtw01 dnsmasq[31734]: read /var/lib/neutron/dhcp/96abd3f7-30a8-4e09-bbba-dbff4c6438ae/addn_hosts - 1 addresses
Jun 20 05:01:22 gtw01 dnsmasq-dhcp[31734]: read /var/lib/neutron/dhcp/96abd3f7-30a8-4e09-bbba-dbff4c6438ae/host
Jun 20 05:01:22 gtw01 dnsmasq-dhcp[31734]: read /var/lib/neutron/dhcp/96abd3f7-30a8-4e09-bbba-dbff4c6438ae/opts
Jun 20 05:01:23 gtw01 haproxy-metadata-proxy-d35c37bc-fa40-4f98-8d1c-426796a56f73[31807]: Proxy listener started.
Jun 20 05:01:23 gtw01 dnsmasq[31823]: started, version 2.80 cachesize 150
Jun 20 05:01:23 gtw01 dnsmasq[31823]: DNS service limited to local subnets
Jun 20 05:01:23 gtw01 dnsmasq[31823]: compile time options: IPv6 GNU-getopt DBus i18n IDN DHCP DHCPv6 no-Lua TFTP conntrack ipset auth DNSSEC loop-detect inotify dumpfile
Jun 20 05:01:23 gtw01 dnsmasq[31823]: warning: no upstream servers configured
Jun 20 05:01:23 gtw01 dnsmasq-dhcp[31823]: DHCP, static leases only on 192.168.120.0, lease time 1h
Jun 20 05:01:23 gtw01 dnsmasq[31823]: read /var/lib/neutron/dhcp/1abf66f9-aad1-450d-8871-9b7823763abd/addn_hosts - 1 addresses
Jun 20 05:01:23 gtw01 dnsmasq-dhcp[31823]: read /var/lib/neutron/dhcp/1abf66f9-aad1-450d-8871-9b7823763abd/host
Jun 20 05:01:23 gtw01 dnsmasq-dhcp[31823]: read /var/lib/neutron/dhcp/1abf66f9-aad1-450d-8871-9b7823763abd/opts
Jun 20 05:01:23 gtw01 haproxy-metadata-proxy-1abf66f9-aad1-450d-8871-9b7823763abd[31831]: Proxy listener started.
Jun 20 05:01:23 gtw01 dnsmasq[31734]: read /var/lib/neutron/dhcp/96abd3f7-30a8-4e09-bbba-dbff4c6438ae/addn_hosts - 1 addresses
Jun 20 05:01:23 gtw01 dnsmasq-dhcp[31734]: read /var/lib/neutron/dhcp/96abd3f7-30a8-4e09-bbba-dbff4c6438ae/host
Jun 20 05:01:23 gtw01 dnsmasq-dhcp[31734]: read /var/lib/neutron/dhcp/96abd3f7-30a8-4e09-bbba-dbff4c6438ae/opts
Jun 20 05:01:24 gtw01 dnsmasq[31823]: read /var/lib/neutron/dhcp/1abf66f9-aad1-450d-8871-9b7823763abd/addn_hosts - 1 addresses
Jun 20 05:01:24 gtw01 dnsmasq-dhcp[31823]: read /var/lib/neutron/dhcp/1abf66f9-aad1-450d-8871-9b7823763abd/host
Jun 20 05:01:24 gtw01 dnsmasq-dhcp[31823]: read /var/lib/neutron/dhcp/1abf66f9-aad1-450d-8871-9b7823763abd/opts
Jun 20 05:01:24 gtw01 dnsmasq[31734]: read /var/lib/neutron/dhcp/96abd3f7-30a8-4e09-bbba-dbff4c6438ae/addn_hosts - 1 addresses
Jun 20 05:01:24 gtw01 dnsmasq-dhcp[31734]: read /var/lib/neutron/dhcp/96abd3f7-30a8-4e09-bbba-dbff4c6438ae/host
Jun 20 05:01:24 gtw01 dnsmasq-dhcp[31734]: read /var/lib/neutron/dhcp/96abd3f7-30a8-4e09-bbba-dbff4c6438ae/opts
Jun 20 05:01:25 gtw01 kernel: [ 9486.987132] device tap6f8ed36f-71 entered promiscuous mode
Jun 20 05:01:25 gtw01 systemd-udevd[31912]: Could not generate persistent MAC address for tap6f8ed36f-71: No such file or directory
Jun 20 05:01:25 gtw01 systemd-udevd[31912]: Process '/sbin/ip link set tap6f8ed36f-71 txqueuelen 10000' failed with exit code 1.
Jun 20 05:01:25 gtw01 systemd-udevd[31993]: Process '/sbin/ip link set tap6f8ed36f-71 txqueuelen 10000' failed with exit code 1.
Jun 20 05:01:25 gtw01 systemd-udevd[32030]: Could not generate persistent MAC address for tap23025bfb-ab: No such file or directory
Jun 20 05:01:25 gtw01 kernel: [ 9487.422189] device tap23025bfb-ab entered promiscuous mode
Jun 20 05:01:25 gtw01 systemd-udevd[32108]: Process '/sbin/ip link set tap23025bfb-ab txqueuelen 10000' failed with exit code 1.
Jun 20 05:01:25 gtw01 dnsmasq[31823]: read /var/lib/neutron/dhcp/1abf66f9-aad1-450d-8871-9b7823763abd/addn_hosts - 1 addresses
Jun 20 05:01:25 gtw01 dnsmasq-dhcp[31823]: read /var/lib/neutron/dhcp/1abf66f9-aad1-450d-8871-9b7823763abd/host
Jun 20 05:01:25 gtw01 dnsmasq-dhcp[31823]: read /var/lib/neutron/dhcp/1abf66f9-aad1-450d-8871-9b7823763abd/opts
Jun 20 05:01:25 gtw01 dnsmasq[31790]: read /var/lib/neutron/dhcp/d35c37bc-fa40-4f98-8d1c-426796a56f73/addn_hosts - 1 addresses
Jun 20 05:01:25 gtw01 dnsmasq-dhcp[31790]: read /var/lib/neutron/dhcp/d35c37bc-fa40-4f98-8d1c-426796a56f73/host
Jun 20 05:01:25 gtw01 dnsmasq-dhcp[31790]: read /var/lib/neutron/dhcp/d35c37bc-fa40-4f98-8d1c-426796a56f73/opts
Jun 20 05:01:26 gtw01 systemd-udevd[32160]: Could not generate persistent MAC address for tap7870e7b7-b7: No such file or directory
Jun 20 05:01:26 gtw01 kernel: [ 9488.144541] device tap7870e7b7-b7 entered promiscuous mode
Jun 20 05:01:26 gtw01 systemd-udevd[32160]: Process '/sbin/ip link set tap7870e7b7-b7 txqueuelen 10000' failed with exit code 1.
Jun 20 05:01:26 gtw01 systemd-udevd[32160]: Process '/sbin/ip link set tap7870e7b7-b7 txqueuelen 10000' failed with exit code 1.
Jun 20 05:01:26 gtw01 dnsmasq[31823]: read /var/lib/neutron/dhcp/1abf66f9-aad1-450d-8871-9b7823763abd/addn_hosts - 1 addresses
Jun 20 05:01:26 gtw01 dnsmasq-dhcp[31823]: read /var/lib/neutron/dhcp/1abf66f9-aad1-450d-8871-9b7823763abd/host
Jun 20 05:01:26 gtw01 dnsmasq-dhcp[31823]: read /var/lib/neutron/dhcp/1abf66f9-aad1-450d-8871-9b7823763abd/opts
Jun 20 05:01:27 gtw01 dnsmasq[31790]: read /var/lib/neutron/dhcp/d35c37bc-fa40-4f98-8d1c-426796a56f73/addn_hosts - 1 addresses
Jun 20 05:01:27 gtw01 dnsmasq-dhcp[31790]: read /var/lib/neutron/dhcp/d35c37bc-fa40-4f98-8d1c-426796a56f73/host
Jun 20 05:01:27 gtw01 dnsmasq-dhcp[31790]: read /var/lib/neutron/dhcp/d35c37bc-fa40-4f98-8d1c-426796a56f73/opts
Jun 20 05:01:27 gtw01 kernel: [ 9489.653524] device tap27208eb4-15 entered promiscuous mode
Jun 20 05:01:27 gtw01 systemd-udevd[32365]: Could not generate persistent MAC address for tap27208eb4-15: No such file or directory
Jun 20 05:01:28 gtw01 systemd-udevd[32455]: Process '/sbin/ip link set tap27208eb4-15 txqueuelen 10000' failed with exit code 1.
Jun 20 05:01:28 gtw01 systemd-udevd[32477]: Could not generate persistent MAC address for tapd06bdba5-28: No such file or directory
Jun 20 05:01:28 gtw01 kernel: [ 9489.984453] device tapd06bdba5-28 entered promiscuous mode
Jun 20 05:01:28 gtw01 dnsmasq[31790]: read /var/lib/neutron/dhcp/d35c37bc-fa40-4f98-8d1c-426796a56f73/addn_hosts - 2 addresses
Jun 20 05:01:28 gtw01 dnsmasq-dhcp[31790]: read /var/lib/neutron/dhcp/d35c37bc-fa40-4f98-8d1c-426796a56f73/host
Jun 20 05:01:28 gtw01 dnsmasq-dhcp[31790]: read /var/lib/neutron/dhcp/d35c37bc-fa40-4f98-8d1c-426796a56f73/opts
Jun 20 05:01:28 gtw01 systemd-udevd[32564]: Process '/sbin/ip link set tapd06bdba5-28 txqueuelen 10000' failed with exit code 1.
Jun 20 05:01:29 gtw01 systemd-udevd[32689]: Could not generate persistent MAC address for qg-6cbe9986-f9: No such file or directory
Jun 20 05:01:29 gtw01 kernel: [ 9491.577281] device qg-6cbe9986-f9 entered promiscuous mode
Jun 20 05:01:30 gtw01 dnsmasq[320]: started, version 2.80 cachesize 150
Jun 20 05:01:30 gtw01 dnsmasq[320]: DNS service limited to local subnets
Jun 20 05:01:30 gtw01 dnsmasq[320]: compile time options: IPv6 GNU-getopt DBus i18n IDN DHCP DHCPv6 no-Lua TFTP conntrack ipset auth DNSSEC loop-detect inotify dumpfile
Jun 20 05:01:30 gtw01 dnsmasq[320]: warning: no upstream servers configured
Jun 20 05:01:30 gtw01 dnsmasq-dhcp[320]: DHCP, static leases only on 192.168.120.0, lease time 1h
Jun 20 05:01:30 gtw01 dnsmasq[320]: read /var/lib/neutron/dhcp/4750a653-e78c-445a-b26b-edefff918f98/addn_hosts - 1 addresses
Jun 20 05:01:30 gtw01 dnsmasq-dhcp[320]: read /var/lib/neutron/dhcp/4750a653-e78c-445a-b26b-edefff918f98/host
Jun 20 05:01:30 gtw01 dnsmasq-dhcp[320]: read /var/lib/neutron/dhcp/4750a653-e78c-445a-b26b-edefff918f98/opts
Jun 20 05:01:30 gtw01 haproxy-metadata-proxy-4750a653-e78c-445a-b26b-edefff918f98[373]: Proxy listener started.
Jun 20 05:01:30 gtw01 dnsmasq[390]: started, version 2.80 cachesize 150
Jun 20 05:01:30 gtw01 dnsmasq[390]: DNS service limited to local subnets
Jun 20 05:01:30 gtw01 dnsmasq[390]: compile time options: IPv6 GNU-getopt DBus i18n IDN DHCP DHCPv6 no-Lua TFTP conntrack ipset auth DNSSEC loop-detect inotify dumpfile
Jun 20 05:01:30 gtw01 dnsmasq[390]: warning: no upstream servers configured
Jun 20 05:01:30 gtw01 dnsmasq-dhcp[390]: DHCP, static leases only on 192.168.120.0, lease time 1h
Jun 20 05:01:30 gtw01 dnsmasq[390]: read /var/lib/neutron/dhcp/b5eafda9-1794-4494-a337-c15a1262d839/addn_hosts - 1 addresses
Jun 20 05:01:30 gtw01 dnsmasq-dhcp[390]: read /var/lib/neutron/dhcp/b5eafda9-1794-4494-a337-c15a1262d839/host
Jun 20 05:01:30 gtw01 dnsmasq-dhcp[390]: read /var/lib/neutron/dhcp/b5eafda9-1794-4494-a337-c15a1262d839/opts
Jun 20 05:01:30 gtw01 dnsmasq[31790]: read /var/lib/neutron/dhcp/d35c37bc-fa40-4f98-8d1c-426796a56f73/addn_hosts - 2 addresses
Jun 20 05:01:30 gtw01 dnsmasq-dhcp[31790]: read /var/lib/neutron/dhcp/d35c37bc-fa40-4f98-8d1c-426796a56f73/host
Jun 20 05:01:30 gtw01 dnsmasq-dhcp[31790]: read /var/lib/neutron/dhcp/d35c37bc-fa40-4f98-8d1c-426796a56f73/opts
Jun 20 05:01:31 gtw01 kernel: [ 9492.849463] device qr-688adcc0-5d entered promiscuous mode
Jun 20 05:01:31 gtw01 systemd-udevd[417]: Could not generate persistent MAC address for qr-688adcc0-5d: No such file or directory
Jun 20 05:01:31 gtw01 haproxy-metadata-proxy-b5eafda9-1794-4494-a337-c15a1262d839[511]: Proxy listener started.
Jun 20 05:01:31 gtw01 dnsmasq[31823]: read /var/lib/neutron/dhcp/1abf66f9-aad1-450d-8871-9b7823763abd/addn_hosts - 2 addresses
Jun 20 05:01:31 gtw01 dnsmasq-dhcp[31823]: read /var/lib/neutron/dhcp/1abf66f9-aad1-450d-8871-9b7823763abd/host
Jun 20 05:01:31 gtw01 dnsmasq-dhcp[31823]: read /var/lib/neutron/dhcp/1abf66f9-aad1-450d-8871-9b7823763abd/opts
Jun 20 05:01:32 gtw01 dnsmasq[320]: read /var/lib/neutron/dhcp/4750a653-e78c-445a-b26b-edefff918f98/addn_hosts - 2 addresses
Jun 20 05:01:32 gtw01 dnsmasq-dhcp[320]: read /var/lib/neutron/dhcp/4750a653-e78c-445a-b26b-edefff918f98/host
Jun 20 05:01:32 gtw01 dnsmasq-dhcp[320]: read /var/lib/neutron/dhcp/4750a653-e78c-445a-b26b-edefff918f98/opts
Jun 20 05:01:32 gtw01 dnsmasq[594]: started, version 2.80 cachesize 150
Jun 20 05:01:32 gtw01 dnsmasq[594]: DNS service limited to local subnets
Jun 20 05:01:32 gtw01 dnsmasq[594]: compile time options: IPv6 GNU-getopt DBus i18n IDN DHCP DHCPv6 no-Lua TFTP conntrack ipset auth DNSSEC loop-detect inotify dumpfile
Jun 20 05:01:32 gtw01 dnsmasq[594]: warning: no upstream servers configured
Jun 20 05:01:32 gtw01 dnsmasq-dhcp[594]: DHCP, static leases only on 192.168.120.0, lease time 1h
Jun 20 05:01:32 gtw01 dnsmasq[594]: read /var/lib/neutron/dhcp/af22e160-70ab-44c1-8b14-a6a2a1284772/addn_hosts - 1 addresses
Jun 20 05:01:32 gtw01 dnsmasq-dhcp[594]: read /var/lib/neutron/dhcp/af22e160-70ab-44c1-8b14-a6a2a1284772/host
Jun 20 05:01:32 gtw01 dnsmasq-dhcp[594]: read /var/lib/neutron/dhcp/af22e160-70ab-44c1-8b14-a6a2a1284772/opts
Jun 20 05:01:32 gtw01 dnsmasq[30798]: read /var/lib/neutron/dhcp/3b768f31-e651-4db2-bf55-3fcdeb92964e/addn_hosts - 3 addresses
Jun 20 05:01:32 gtw01 dnsmasq-dhcp[30798]: read /var/lib/neutron/dhcp/3b768f31-e651-4db2-bf55-3fcdeb92964e/host
Jun 20 05:01:32 gtw01 dnsmasq-dhcp[30798]: read /var/lib/neutron/dhcp/3b768f31-e651-4db2-bf55-3fcdeb92964e/opts
Jun 20 05:01:32 gtw01 systemd-udevd[635]: Could not generate persistent MAC address for qr-9b7177bf-9c: No such file or directory
Jun 20 05:01:32 gtw01 kernel: [ 9494.377394] device qr-9b7177bf-9c entered promiscuous mode
Jun 20 05:01:32 gtw01 haproxy-metadata-proxy-af22e160-70ab-44c1-8b14-a6a2a1284772[726]: Proxy listener started.
Jun 20 05:01:32 gtw01 dnsmasq[390]: read /var/lib/neutron/dhcp/b5eafda9-1794-4494-a337-c15a1262d839/addn_hosts - 1 addresses
Jun 20 05:01:32 gtw01 dnsmasq-dhcp[390]: read /var/lib/neutron/dhcp/b5eafda9-1794-4494-a337-c15a1262d839/host
Jun 20 05:01:32 gtw01 dnsmasq-dhcp[390]: read /var/lib/neutron/dhcp/b5eafda9-1794-4494-a337-c15a1262d839/opts
Jun 20 05:01:33 gtw01 systemd-udevd[757]: Could not generate persistent MAC address for qg-18eec8f1-06: No such file or directory
Jun 20 05:01:33 gtw01 kernel: [ 9494.887284] device qg-18eec8f1-06 entered promiscuous mode
Jun 20 05:01:33 gtw01 systemd-udevd[775]: Could not generate persistent MAC address for qg-f02f0d59-d7: No such file or directory
Jun 20 05:01:33 gtw01 kernel: [ 9494.925923] device qg-f02f0d59-d7 entered promiscuous mode
Jun 20 05:01:33 gtw01 dnsmasq[31790]: read /var/lib/neutron/dhcp/d35c37bc-fa40-4f98-8d1c-426796a56f73/addn_hosts - 2 addresses
Jun 20 05:01:33 gtw01 dnsmasq-dhcp[31790]: read /var/lib/neutron/dhcp/d35c37bc-fa40-4f98-8d1c-426796a56f73/host
Jun 20 05:01:33 gtw01 dnsmasq-dhcp[31790]: read /var/lib/neutron/dhcp/d35c37bc-fa40-4f98-8d1c-426796a56f73/opts
Jun 20 05:01:34 gtw01 dnsmasq[594]: read /var/lib/neutron/dhcp/af22e160-70ab-44c1-8b14-a6a2a1284772/addn_hosts - 1 addresses
Jun 20 05:01:34 gtw01 dnsmasq-dhcp[594]: read /var/lib/neutron/dhcp/af22e160-70ab-44c1-8b14-a6a2a1284772/host
Jun 20 05:01:34 gtw01 dnsmasq-dhcp[594]: read /var/lib/neutron/dhcp/af22e160-70ab-44c1-8b14-a6a2a1284772/opts
Jun 20 05:01:34 gtw01 dnsmasq[31734]: read /var/lib/neutron/dhcp/96abd3f7-30a8-4e09-bbba-dbff4c6438ae/addn_hosts - 2 addresses
Jun 20 05:01:34 gtw01 dnsmasq-dhcp[31734]: read /var/lib/neutron/dhcp/96abd3f7-30a8-4e09-bbba-dbff4c6438ae/host
Jun 20 05:01:34 gtw01 dnsmasq-dhcp[31734]: read /var/lib/neutron/dhcp/96abd3f7-30a8-4e09-bbba-dbff4c6438ae/opts
Jun 20 05:01:35 gtw01 kernel: [ 9496.913260] IPv4: martian source 10.16.0.122 from 10.16.0.122, on dev qr-688adcc0-5d
Jun 20 05:01:35 gtw01 kernel: [ 9496.913263] ll header: 00000000: ff ff ff ff ff ff fa 16 3e 32 5f e5 08 06        ........>2_...
Jun 20 05:01:35 gtw01 dnsmasq[390]: read /var/lib/neutron/dhcp/b5eafda9-1794-4494-a337-c15a1262d839/addn_hosts - 1 addresses
Jun 20 05:01:35 gtw01 dnsmasq-dhcp[390]: read /var/lib/neutron/dhcp/b5eafda9-1794-4494-a337-c15a1262d839/host
Jun 20 05:01:35 gtw01 dnsmasq-dhcp[390]: read /var/lib/neutron/dhcp/b5eafda9-1794-4494-a337-c15a1262d839/opts
Jun 20 05:01:35 gtw01 kernel: [ 9497.141256] IPv4: martian source 192.168.120.1 from 192.168.120.1, on dev qr-688adcc0-5d
Jun 20 05:01:35 gtw01 kernel: [ 9497.141259] ll header: 00000000: ff ff ff ff ff ff fa 16 3e a5 ab 25 08 06        ........>..%..
Jun 20 05:01:35 gtw01 kernel: [ 9497.141263] IPv4: martian source 192.168.120.1 from 192.168.120.1, on dev qg-f02f0d59-d7
Jun 20 05:01:35 gtw01 kernel: [ 9497.141263] ll header: 00000000: ff ff ff ff ff ff fa 16 3e a5 ab 25 08 06        ........>..%..
Jun 20 05:01:35 gtw01 dnsmasq[320]: read /var/lib/neutron/dhcp/4750a653-e78c-445a-b26b-edefff918f98/addn_hosts - 2 addresses
Jun 20 05:01:35 gtw01 dnsmasq-dhcp[320]: read /var/lib/neutron/dhcp/4750a653-e78c-445a-b26b-edefff918f98/host
Jun 20 05:01:35 gtw01 dnsmasq-dhcp[320]: read /var/lib/neutron/dhcp/4750a653-e78c-445a-b26b-edefff918f98/opts
Jun 20 05:01:35 gtw01 systemd-udevd[1138]: Could not generate persistent MAC address for qg-9380d402-d9: No such file or directory
Jun 20 05:01:35 gtw01 kernel: [ 9497.385502] device qg-9380d402-d9 entered promiscuous mode
Jun 20 05:01:36 gtw01 dnsmasq[1263]: started, version 2.80 cachesize 150
Jun 20 05:01:36 gtw01 dnsmasq[1263]: DNS service limited to local subnets
Jun 20 05:01:36 gtw01 dnsmasq[1263]: compile time options: IPv6 GNU-getopt DBus i18n IDN DHCP DHCPv6 no-Lua TFTP conntrack ipset auth DNSSEC loop-detect inotify dumpfile
Jun 20 05:01:36 gtw01 dnsmasq[1263]: warning: no upstream servers configured
Jun 20 05:01:36 gtw01 dnsmasq-dhcp[1263]: DHCP, static leases only on 192.168.120.0, lease time 1h
Jun 20 05:01:36 gtw01 dnsmasq[1263]: read /var/lib/neutron/dhcp/12b9c773-d835-4c04-9644-8d5e3708a6c4/addn_hosts - 1 addresses
Jun 20 05:01:36 gtw01 dnsmasq-dhcp[1263]: read /var/lib/neutron/dhcp/12b9c773-d835-4c04-9644-8d5e3708a6c4/host
Jun 20 05:01:36 gtw01 dnsmasq-dhcp[1263]: read /var/lib/neutron/dhcp/12b9c773-d835-4c04-9644-8d5e3708a6c4/opts
Jun 20 05:01:36 gtw01 kernel: [ 9498.257724] IPv4: martian source 192.168.120.1 from 192.168.120.1, on dev qr-9b7177bf-9c
Jun 20 05:01:36 gtw01 kernel: [ 9498.257727] ll header: 00000000: ff ff ff ff ff ff fa 16 3e 98 fe 61 08 06        ........>..a..
Jun 20 05:01:36 gtw01 kernel: [ 9498.257730] IPv4: martian source 192.168.120.1 from 192.168.120.1, on dev qg-9380d402-d9
Jun 20 05:01:36 gtw01 kernel: [ 9498.257730] ll header: 00000000: ff ff ff ff ff ff fa 16 3e 98 fe 61 08 06        ........>..a..
Jun 20 05:01:36 gtw01 dnsmasq[31823]: read /var/lib/neutron/dhcp/1abf66f9-aad1-450d-8871-9b7823763abd/addn_hosts - 2 addresses
Jun 20 05:01:36 gtw01 dnsmasq-dhcp[31823]: read /var/lib/neutron/dhcp/1abf66f9-aad1-450d-8871-9b7823763abd/host
Jun 20 05:01:36 gtw01 dnsmasq-dhcp[31823]: read /var/lib/neutron/dhcp/1abf66f9-aad1-450d-8871-9b7823763abd/opts
Jun 20 05:01:36 gtw01 dnsmasq[1306]: started, version 2.80 cachesize 150
Jun 20 05:01:36 gtw01 dnsmasq[1306]: DNS service limited to local subnets
Jun 20 05:01:36 gtw01 dnsmasq[1306]: compile time options: IPv6 GNU-getopt DBus i18n IDN DHCP DHCPv6 no-Lua TFTP conntrack ipset auth DNSSEC loop-detect inotify dumpfile
Jun 20 05:01:36 gtw01 dnsmasq[1306]: warning: no upstream servers configured
Jun 20 05:01:36 gtw01 dnsmasq-dhcp[1306]: DHCP, static leases only on 192.168.120.0, lease time 1h
Jun 20 05:01:36 gtw01 dnsmasq[1306]: read /var/lib/neutron/dhcp/c532713b-d779-4de3-997c-48541f2166d5/addn_hosts - 1 addresses
Jun 20 05:01:36 gtw01 dnsmasq-dhcp[1306]: read /var/lib/neutron/dhcp/c532713b-d779-4de3-997c-48541f2166d5/host
Jun 20 05:01:36 gtw01 dnsmasq-dhcp[1306]: read /var/lib/neutron/dhcp/c532713b-d779-4de3-997c-48541f2166d5/opts
Jun 20 05:01:36 gtw01 haproxy-metadata-proxy-12b9c773-d835-4c04-9644-8d5e3708a6c4[1299]: Proxy listener started.
Jun 20 05:01:37 gtw01 dnsmasq[594]: read /var/lib/neutron/dhcp/af22e160-70ab-44c1-8b14-a6a2a1284772/addn_hosts - 1 addresses
Jun 20 05:01:37 gtw01 dnsmasq-dhcp[594]: read /var/lib/neutron/dhcp/af22e160-70ab-44c1-8b14-a6a2a1284772/host
Jun 20 05:01:37 gtw01 dnsmasq-dhcp[594]: read /var/lib/neutron/dhcp/af22e160-70ab-44c1-8b14-a6a2a1284772/opts
Jun 20 05:01:37 gtw01 haproxy-metadata-proxy-c532713b-d779-4de3-997c-48541f2166d5[1359]: Proxy listener started.
Jun 20 05:01:37 gtw01 systemd-udevd[1412]: Could not generate persistent MAC address for qg-f9a09f92-33: No such file or directory
Jun 20 05:01:37 gtw01 kernel: [ 9499.421632] device qg-f9a09f92-33 entered promiscuous mode
Jun 20 05:01:37 gtw01 dnsmasq[390]: read /var/lib/neutron/dhcp/b5eafda9-1794-4494-a337-c15a1262d839/addn_hosts - 1 addresses
Jun 20 05:01:37 gtw01 dnsmasq-dhcp[390]: read /var/lib/neutron/dhcp/b5eafda9-1794-4494-a337-c15a1262d839/host
Jun 20 05:01:37 gtw01 dnsmasq-dhcp[390]: read /var/lib/neutron/dhcp/b5eafda9-1794-4494-a337-c15a1262d839/opts
Jun 20 05:01:37 gtw01 dnsmasq[1263]: read /var/lib/neutron/dhcp/12b9c773-d835-4c04-9644-8d5e3708a6c4/addn_hosts - 2 addresses
Jun 20 05:01:37 gtw01 dnsmasq-dhcp[1263]: read /var/lib/neutron/dhcp/12b9c773-d835-4c04-9644-8d5e3708a6c4/host
Jun 20 05:01:37 gtw01 dnsmasq-dhcp[1263]: read /var/lib/neutron/dhcp/12b9c773-d835-4c04-9644-8d5e3708a6c4/opts
Jun 20 05:01:38 gtw01 dnsmasq[320]: read /var/lib/neutron/dhcp/4750a653-e78c-445a-b26b-edefff918f98/addn_hosts - 2 addresses
Jun 20 05:01:38 gtw01 dnsmasq-dhcp[320]: read /var/lib/neutron/dhcp/4750a653-e78c-445a-b26b-edefff918f98/host
Jun 20 05:01:38 gtw01 dnsmasq-dhcp[320]: read /var/lib/neutron/dhcp/4750a653-e78c-445a-b26b-edefff918f98/opts
Jun 20 05:01:38 gtw01 kernel: [ 9500.437228] IPv4: martian source 192.168.120.1 from 192.168.120.1, on dev qr-688adcc0-5d
Jun 20 05:01:38 gtw01 kernel: [ 9500.437231] ll header: 00000000: ff ff ff ff ff ff fa 16 3e a5 ab 25 08 06        ........>..%..
Jun 20 05:01:38 gtw01 kernel: [ 9500.437234] IPv4: martian source 192.168.120.1 from 192.168.120.1, on dev qg-9380d402-d9
Jun 20 05:01:38 gtw01 kernel: [ 9500.437235] ll header: 00000000: ff ff ff ff ff ff fa 16 3e a5 ab 25 08 06        ........>..%..
Jun 20 05:01:38 gtw01 dnsmasq[31734]: read /var/lib/neutron/dhcp/96abd3f7-30a8-4e09-bbba-dbff4c6438ae/addn_hosts - 2 addresses
Jun 20 05:01:38 gtw01 dnsmasq-dhcp[31734]: read /var/lib/neutron/dhcp/96abd3f7-30a8-4e09-bbba-dbff4c6438ae/host
Jun 20 05:01:38 gtw01 dnsmasq-dhcp[31734]: read /var/lib/neutron/dhcp/96abd3f7-30a8-4e09-bbba-dbff4c6438ae/opts
Jun 20 05:01:38 gtw01 dnsmasq[1306]: read /var/lib/neutron/dhcp/c532713b-d779-4de3-997c-48541f2166d5/addn_hosts - 2 addresses
Jun 20 05:01:38 gtw01 dnsmasq-dhcp[1306]: read /var/lib/neutron/dhcp/c532713b-d779-4de3-997c-48541f2166d5/host
Jun 20 05:01:38 gtw01 dnsmasq-dhcp[1306]: read /var/lib/neutron/dhcp/c532713b-d779-4de3-997c-48541f2166d5/opts
Jun 20 05:01:39 gtw01 dnsmasq[594]: read /var/lib/neutron/dhcp/af22e160-70ab-44c1-8b14-a6a2a1284772/addn_hosts - 1 addresses
Jun 20 05:01:39 gtw01 dnsmasq-dhcp[594]: read /var/lib/neutron/dhcp/af22e160-70ab-44c1-8b14-a6a2a1284772/host
Jun 20 05:01:39 gtw01 dnsmasq-dhcp[594]: read /var/lib/neutron/dhcp/af22e160-70ab-44c1-8b14-a6a2a1284772/opts
Jun 20 05:01:39 gtw01 kernel: [ 9501.657061] IPv4: martian source 192.168.120.1 from 192.168.120.1, on dev qr-9b7177bf-9c
Jun 20 05:01:39 gtw01 kernel: [ 9501.657065] ll header: 00000000: ff ff ff ff ff ff fa 16 3e 98 fe 61 08 06        ........>..a..
Jun 20 05:01:39 gtw01 kernel: [ 9501.657067] IPv4: martian source 192.168.120.1 from 192.168.120.1, on dev qg-9380d402-d9
Jun 20 05:01:39 gtw01 kernel: [ 9501.657068] ll header: 00000000: ff ff ff ff ff ff fa 16 3e 98 fe 61 08 06        ........>..a..
Jun 20 05:01:39 gtw01 systemd-udevd[1710]: Could not generate persistent MAC address for tap1fa3f945-69: No such file or directory
Jun 20 05:01:39 gtw01 kernel: [ 9501.781514] device tap1fa3f945-69 entered promiscuous mode
Jun 20 05:01:40 gtw01 systemd-udevd[1797]: Process '/sbin/ip link set tap1fa3f945-69 txqueuelen 10000' failed with exit code 1.
Jun 20 05:01:40 gtw01 dnsmasq[30798]: read /var/lib/neutron/dhcp/3b768f31-e651-4db2-bf55-3fcdeb92964e/addn_hosts - 3 addresses
Jun 20 05:01:40 gtw01 dnsmasq-dhcp[30798]: read /var/lib/neutron/dhcp/3b768f31-e651-4db2-bf55-3fcdeb92964e/host
Jun 20 05:01:40 gtw01 dnsmasq-dhcp[30798]: read /var/lib/neutron/dhcp/3b768f31-e651-4db2-bf55-3fcdeb92964e/opts
Jun 20 05:01:40 gtw01 dnsmasq[320]: read /var/lib/neutron/dhcp/4750a653-e78c-445a-b26b-edefff918f98/addn_hosts - 2 addresses
Jun 20 05:01:40 gtw01 dnsmasq-dhcp[320]: read /var/lib/neutron/dhcp/4750a653-e78c-445a-b26b-edefff918f98/host
Jun 20 05:01:40 gtw01 dnsmasq-dhcp[320]: read /var/lib/neutron/dhcp/4750a653-e78c-445a-b26b-edefff918f98/opts
Jun 20 05:01:41 gtw01 dnsmasq[1263]: read /var/lib/neutron/dhcp/12b9c773-d835-4c04-9644-8d5e3708a6c4/addn_hosts - 2 addresses
Jun 20 05:01:41 gtw01 dnsmasq-dhcp[1263]: read /var/lib/neutron/dhcp/12b9c773-d835-4c04-9644-8d5e3708a6c4/host
Jun 20 05:01:41 gtw01 dnsmasq-dhcp[1263]: read /var/lib/neutron/dhcp/12b9c773-d835-4c04-9644-8d5e3708a6c4/opts
Jun 20 05:01:41 gtw01 systemd-udevd[1894]: Could not generate persistent MAC address for qg-b44d30e1-97: No such file or directory
Jun 20 05:01:41 gtw01 kernel: [ 9502.901560] device qg-b44d30e1-97 entered promiscuous mode
Jun 20 05:01:41 gtw01 systemd-udevd[1959]: Could not generate persistent MAC address for qg-1cc1ee08-75: No such file or directory
Jun 20 05:01:41 gtw01 kernel: [ 9503.001308] device qg-1cc1ee08-75 entered promiscuous mode
Jun 20 05:01:41 gtw01 systemd-udevd[2073]: Could not generate persistent MAC address for vxlan_sys_4789: No such file or directory
Jun 20 05:01:41 gtw01 kernel: [ 9503.310919] device vxlan_sys_4789 entered promiscuous mode
Jun 20 05:01:41 gtw01 dnsmasq[594]: read /var/lib/neutron/dhcp/af22e160-70ab-44c1-8b14-a6a2a1284772/addn_hosts - 2 addresses
Jun 20 05:01:41 gtw01 dnsmasq-dhcp[594]: read /var/lib/neutron/dhcp/af22e160-70ab-44c1-8b14-a6a2a1284772/host
Jun 20 05:01:41 gtw01 dnsmasq-dhcp[594]: read /var/lib/neutron/dhcp/af22e160-70ab-44c1-8b14-a6a2a1284772/opts
Jun 20 05:01:42 gtw01 dnsmasq[1306]: read /var/lib/neutron/dhcp/c532713b-d779-4de3-997c-48541f2166d5/addn_hosts - 2 addresses
Jun 20 05:01:42 gtw01 dnsmasq-dhcp[1306]: read /var/lib/neutron/dhcp/c532713b-d779-4de3-997c-48541f2166d5/host
Jun 20 05:01:42 gtw01 dnsmasq-dhcp[1306]: read /var/lib/neutron/dhcp/c532713b-d779-4de3-997c-48541f2166d5/opts
Jun 20 05:01:42 gtw01 systemd-udevd[2235]: Could not generate persistent MAC address for tap90df6888-f1: No such file or directory
Jun 20 05:01:42 gtw01 kernel: [ 9504.274572] device tap90df6888-f1 entered promiscuous mode
Jun 20 05:01:42 gtw01 dnsmasq[30798]: read /var/lib/neutron/dhcp/3b768f31-e651-4db2-bf55-3fcdeb92964e/addn_hosts - 3 addresses
Jun 20 05:01:42 gtw01 dnsmasq-dhcp[30798]: read /var/lib/neutron/dhcp/3b768f31-e651-4db2-bf55-3fcdeb92964e/host
Jun 20 05:01:42 gtw01 dnsmasq-dhcp[30798]: read /var/lib/neutron/dhcp/3b768f31-e651-4db2-bf55-3fcdeb92964e/opts
Jun 20 05:01:42 gtw01 systemd-udevd[2316]: Process '/sbin/ip link set tap90df6888-f1 txqueuelen 10000' failed with exit code 1.
Jun 20 05:01:42 gtw01 kernel: [ 9504.501302] IPv4: martian source 192.168.120.1 from 192.168.120.1, on dev qr-688adcc0-5d
Jun 20 05:01:42 gtw01 kernel: [ 9504.501305] ll header: 00000000: ff ff ff ff ff ff fa 16 3e a5 ab 25 08 06        ........>..%..
Jun 20 05:01:42 gtw01 kernel: [ 9504.501307] IPv4: martian source 192.168.120.1 from 192.168.120.1, on dev qg-9380d402-d9
Jun 20 05:01:42 gtw01 kernel: [ 9504.501308] ll header: 00000000: ff ff ff ff ff ff fa 16 3e a5 ab 25 08 06        ........>..%..
Jun 20 05:01:43 gtw01 dnsmasq[320]: read /var/lib/neutron/dhcp/4750a653-e78c-445a-b26b-edefff918f98/addn_hosts - 2 addresses
Jun 20 05:01:43 gtw01 dnsmasq-dhcp[320]: read /var/lib/neutron/dhcp/4750a653-e78c-445a-b26b-edefff918f98/host
Jun 20 05:01:43 gtw01 dnsmasq-dhcp[320]: read /var/lib/neutron/dhcp/4750a653-e78c-445a-b26b-edefff918f98/opts
Jun 20 05:01:43 gtw01 dnsmasq[1263]: read /var/lib/neutron/dhcp/12b9c773-d835-4c04-9644-8d5e3708a6c4/addn_hosts - 2 addresses
Jun 20 05:01:43 gtw01 dnsmasq-dhcp[1263]: read /var/lib/neutron/dhcp/12b9c773-d835-4c04-9644-8d5e3708a6c4/host
Jun 20 05:01:43 gtw01 dnsmasq-dhcp[1263]: read /var/lib/neutron/dhcp/12b9c773-d835-4c04-9644-8d5e3708a6c4/opts
Jun 20 05:01:43 gtw01 kernel: [ 9505.564853] IPv4: martian source 10.16.0.123 from 10.16.0.123, on dev qr-688adcc0-5d
Jun 20 05:01:43 gtw01 kernel: [ 9505.564856] ll header: 00000000: ff ff ff ff ff ff fa 16 3e 84 a3 4d 08 06        ........>..M..
Jun 20 05:01:43 gtw01 kernel: [ 9505.564858] IPv4: martian source 10.16.0.123 from 10.16.0.123, on dev qr-9b7177bf-9c
Jun 20 05:01:43 gtw01 kernel: [ 9505.564859] ll header: 00000000: ff ff ff ff ff ff fa 16 3e 84 a3 4d 08 06        ........>..M..
Jun 20 05:01:44 gtw01 dnsmasq[1306]: read /var/lib/neutron/dhcp/c532713b-d779-4de3-997c-48541f2166d5/addn_hosts - 2 addresses
Jun 20 05:01:44 gtw01 dnsmasq-dhcp[1306]: read /var/lib/neutron/dhcp/c532713b-d779-4de3-997c-48541f2166d5/host
Jun 20 05:01:44 gtw01 dnsmasq-dhcp[1306]: read /var/lib/neutron/dhcp/c532713b-d779-4de3-997c-48541f2166d5/opts
Jun 20 05:01:44 gtw01 dnsmasq[594]: read /var/lib/neutron/dhcp/af22e160-70ab-44c1-8b14-a6a2a1284772/addn_hosts - 2 addresses
Jun 20 05:01:44 gtw01 dnsmasq-dhcp[594]: read /var/lib/neutron/dhcp/af22e160-70ab-44c1-8b14-a6a2a1284772/host
Jun 20 05:01:44 gtw01 dnsmasq-dhcp[594]: read /var/lib/neutron/dhcp/af22e160-70ab-44c1-8b14-a6a2a1284772/opts
Jun 20 05:01:45 gtw01 dnsmasq[1263]: read /var/lib/neutron/dhcp/12b9c773-d835-4c04-9644-8d5e3708a6c4/addn_hosts - 2 addresses
Jun 20 05:01:45 gtw01 dnsmasq-dhcp[1263]: read /var/lib/neutron/dhcp/12b9c773-d835-4c04-9644-8d5e3708a6c4/host
Jun 20 05:01:45 gtw01 dnsmasq-dhcp[1263]: read /var/lib/neutron/dhcp/12b9c773-d835-4c04-9644-8d5e3708a6c4/opts
Jun 20 05:01:46 gtw01 kernel: [ 9508.053434] IPv4: martian source 10.16.0.113 from 10.16.0.113, on dev qr-688adcc0-5d
Jun 20 05:01:46 gtw01 kernel: [ 9508.053438] ll header: 00000000: ff ff ff ff ff ff fa 16 3e bf a7 00 08 06        ........>.....
Jun 20 05:01:46 gtw01 kernel: [ 9508.053442] IPv4: martian source 10.16.0.113 from 10.16.0.113, on dev qr-9b7177bf-9c
Jun 20 05:01:46 gtw01 kernel: [ 9508.053443] ll header: 00000000: ff ff ff ff ff ff fa 16 3e bf a7 00 08 06        ........>.....
Jun 20 05:01:46 gtw01 systemd-udevd[2673]: Could not generate persistent MAC address for qg-ec8b6095-d1: No such file or directory
Jun 20 05:01:46 gtw01 kernel: [ 9508.085801] device qg-ec8b6095-d1 entered promiscuous mode
Jun 20 05:01:46 gtw01 dnsmasq[1306]: read /var/lib/neutron/dhcp/c532713b-d779-4de3-997c-48541f2166d5/addn_hosts - 2 addresses
Jun 20 05:01:46 gtw01 dnsmasq-dhcp[1306]: read /var/lib/neutron/dhcp/c532713b-d779-4de3-997c-48541f2166d5/host
Jun 20 05:01:46 gtw01 dnsmasq-dhcp[1306]: read /var/lib/neutron/dhcp/c532713b-d779-4de3-997c-48541f2166d5/opts
Jun 20 05:01:46 gtw01 haproxy-metadata-proxy-2d5544dd-491e-40fe-900f-6bcd443746a1[2769]: Proxy listener started.
Jun 20 05:01:46 gtw01 systemd-udevd[2812]: Could not generate persistent MAC address for tap2ea55500-f3: No such file or directory
Jun 20 05:01:46 gtw01 kernel: [ 9508.673739] device tap2ea55500-f3 entered promiscuous mode
Jun 20 05:01:47 gtw01 dnsmasq[390]: read /var/lib/neutron/dhcp/b5eafda9-1794-4494-a337-c15a1262d839/addn_hosts - 2 addresses
Jun 20 05:01:47 gtw01 dnsmasq-dhcp[390]: read /var/lib/neutron/dhcp/b5eafda9-1794-4494-a337-c15a1262d839/host
Jun 20 05:01:47 gtw01 dnsmasq-dhcp[390]: read /var/lib/neutron/dhcp/b5eafda9-1794-4494-a337-c15a1262d839/opts
Jun 20 05:01:47 gtw01 systemd-udevd[2912]: Process '/sbin/ip link set tap2ea55500-f3 txqueuelen 10000' failed with exit code 1.
Jun 20 05:01:47 gtw01 kernel: [ 9509.405885] IPv4: martian source 10.16.0.123 from 10.16.0.123, on dev qr-688adcc0-5d
Jun 20 05:01:47 gtw01 kernel: [ 9509.405888] ll header: 00000000: ff ff ff ff ff ff fa 16 3e 84 a3 4d 08 06        ........>..M..
Jun 20 05:01:47 gtw01 kernel: [ 9509.405891] IPv4: martian source 10.16.0.123 from 10.16.0.123, on dev qr-9b7177bf-9c
Jun 20 05:01:47 gtw01 kernel: [ 9509.405892] ll header: 00000000: ff ff ff ff ff ff fa 16 3e 84 a3 4d 08 06        ........>..M..
Jun 20 05:01:47 gtw01 dnsmasq[2988]: started, version 2.80 cachesize 150
Jun 20 05:01:47 gtw01 dnsmasq[2988]: DNS service limited to local subnets
Jun 20 05:01:47 gtw01 dnsmasq[2988]: compile time options: IPv6 GNU-getopt DBus i18n IDN DHCP DHCPv6 no-Lua TFTP conntrack ipset auth DNSSEC loop-detect inotify dumpfile
Jun 20 05:01:47 gtw01 dnsmasq[2988]: warning: no upstream servers configured
Jun 20 05:01:47 gtw01 dnsmasq-dhcp[2988]: DHCP, static leases only on 192.168.120.0, lease time 1h
Jun 20 05:01:47 gtw01 dnsmasq[2988]: read /var/lib/neutron/dhcp/fd826067-90ba-4200-ae91-d8b7197cd918/addn_hosts - 1 addresses
Jun 20 05:01:47 gtw01 dnsmasq-dhcp[2988]: read /var/lib/neutron/dhcp/fd826067-90ba-4200-ae91-d8b7197cd918/host
Jun 20 05:01:47 gtw01 dnsmasq-dhcp[2988]: read /var/lib/neutron/dhcp/fd826067-90ba-4200-ae91-d8b7197cd918/opts
Jun 20 05:01:48 gtw01 kernel: [ 9509.834414] device vxlan_sys_4789 left promiscuous mode
Jun 20 05:01:48 gtw01 dnsmasq[1263]: read /var/lib/neutron/dhcp/12b9c773-d835-4c04-9644-8d5e3708a6c4/addn_hosts - 2 addresses
Jun 20 05:01:48 gtw01 dnsmasq-dhcp[1263]: read /var/lib/neutron/dhcp/12b9c773-d835-4c04-9644-8d5e3708a6c4/host
Jun 20 05:01:48 gtw01 dnsmasq-dhcp[1263]: read /var/lib/neutron/dhcp/12b9c773-d835-4c04-9644-8d5e3708a6c4/opts
Jun 20 05:01:48 gtw01 haproxy-metadata-proxy-fd826067-90ba-4200-ae91-d8b7197cd918[3044]: Proxy listener started.
Jun 20 05:01:49 gtw01 dnsmasq[1306]: read /var/lib/neutron/dhcp/c532713b-d779-4de3-997c-48541f2166d5/addn_hosts - 2 addresses
Jun 20 05:01:49 gtw01 dnsmasq-dhcp[1306]: read /var/lib/neutron/dhcp/c532713b-d779-4de3-997c-48541f2166d5/host
Jun 20 05:01:49 gtw01 dnsmasq-dhcp[1306]: read /var/lib/neutron/dhcp/c532713b-d779-4de3-997c-48541f2166d5/opts
Jun 20 05:01:49 gtw01 systemd-udevd[3137]: Could not generate persistent MAC address for tapc69fbb3b-30: No such file or directory
Jun 20 05:01:49 gtw01 kernel: [ 9511.181800] device tapc69fbb3b-30 entered promiscuous mode
Jun 20 05:01:49 gtw01 kernel: [ 9511.247474] IPv4: martian source 10.16.0.127 from 10.16.0.127, on dev qr-688adcc0-5d
Jun 20 05:01:49 gtw01 kernel: [ 9511.247477] ll header: 00000000: ff ff ff ff ff ff fa 16 3e 35 d1 53 08 06        ........>5.S..
Jun 20 05:01:49 gtw01 kernel: [ 9511.247480] IPv4: martian source 10.16.0.127 from 10.16.0.127, on dev qr-9b7177bf-9c
Jun 20 05:01:49 gtw01 kernel: [ 9511.247481] ll header: 00000000: ff ff ff ff ff ff fa 16 3e 35 d1 53 08 06        ........>5.S..
Jun 20 05:01:49 gtw01 systemd-udevd[3137]: Process '/sbin/ip link set tapc69fbb3b-30 txqueuelen 10000' failed with exit code 1.
Jun 20 05:01:49 gtw01 systemd-udevd[3219]: Could not generate persistent MAC address for vxlan_sys_4789: No such file or directory
Jun 20 05:01:49 gtw01 kernel: [ 9511.349051] device vxlan_sys_4789 entered promiscuous mode
Jun 20 05:01:49 gtw01 haproxy-metadata-proxy-33b3c454-58bb-4129-bbba-19f2e05d14fc[3218]: Proxy listener started.
Jun 20 05:01:49 gtw01 systemd-udevd[3137]: Process '/sbin/ip link set tapc69fbb3b-30 txqueuelen 10000' failed with exit code 1.
Jun 20 05:01:49 gtw01 kernel: [ 9511.425562] IPv4: martian source 10.16.0.117 from 10.16.0.117, on dev qr-688adcc0-5d
Jun 20 05:01:49 gtw01 kernel: [ 9511.425565] ll header: 00000000: ff ff ff ff ff ff fa 16 3e 9d 77 eb 08 06        ........>.w...
Jun 20 05:01:49 gtw01 kernel: [ 9511.425569] IPv4: martian source 10.16.0.117 from 10.16.0.117, on dev qr-9b7177bf-9c
Jun 20 05:01:49 gtw01 kernel: [ 9511.425570] ll header: 00000000: ff ff ff ff ff ff fa 16 3e 9d 77 eb 08 06        ........>.w...
Jun 20 05:01:50 gtw01 kernel: [ 9511.821435] IPv4: martian source 10.16.0.113 from 10.16.0.113, on dev qr-688adcc0-5d
Jun 20 05:01:50 gtw01 kernel: [ 9511.821438] ll header: 00000000: ff ff ff ff ff ff fa 16 3e bf a7 00 08 06        ........>.....
Jun 20 05:01:50 gtw01 kernel: [ 9511.821442] IPv4: martian source 10.16.0.113 from 10.16.0.113, on dev qr-9b7177bf-9c
Jun 20 05:01:50 gtw01 kernel: [ 9511.821443] ll header: 00000000: ff ff ff ff ff ff fa 16 3e bf a7 00 08 06        ........>.....
Jun 20 05:01:50 gtw01 dnsmasq[2988]: read /var/lib/neutron/dhcp/fd826067-90ba-4200-ae91-d8b7197cd918/addn_hosts - 2 addresses
Jun 20 05:01:50 gtw01 dnsmasq-dhcp[2988]: read /var/lib/neutron/dhcp/fd826067-90ba-4200-ae91-d8b7197cd918/host
