Jun 20 05:45:22 gtw01 dnsmasq-dhcp[17622]: read /var/lib/neutron/dhcp/b7dbfd1a-ed0d-470b-86cc-10b45a1b90d9/host
Jun 20 05:45:22 gtw01 dnsmasq-dhcp[17622]: read /var/lib/neutron/dhcp/b7dbfd1a-ed0d-470b-86cc-10b45a1b90d9/opts
Jun 20 05:45:22 gtw01 haproxy-metadata-proxy-b1f3fd19-22ce-406d-a528-59ae1cce5966[18695]: Proxy listener started.
Jun 20 05:45:22 gtw01 kernel: [12124.341319] device vxlan_sys_4789 entered promiscuous mode
Jun 20 05:45:22 gtw01 systemd-udevd[18698]: Could not generate persistent MAC address for vxlan_sys_4789: No such file or directory
Jun 20 05:45:22 gtw01 dnsmasq[17719]: read /var/lib/neutron/dhcp/536503b6-1804-4602-8d3e-4d1e0fee1efe/addn_hosts - 3 addresses
Jun 20 05:45:22 gtw01 dnsmasq-dhcp[17719]: read /var/lib/neutron/dhcp/536503b6-1804-4602-8d3e-4d1e0fee1efe/host
Jun 20 05:45:22 gtw01 dnsmasq-dhcp[17719]: read /var/lib/neutron/dhcp/536503b6-1804-4602-8d3e-4d1e0fee1efe/opts
Jun 20 05:45:23 gtw01 dnsmasq[17707]: read /var/lib/neutron/dhcp/ed55866b-bf36-4514-b4db-ea0638eca7af/addn_hosts - 3 addresses
Jun 20 05:45:23 gtw01 dnsmasq-dhcp[17707]: read /var/lib/neutron/dhcp/ed55866b-bf36-4514-b4db-ea0638eca7af/host
Jun 20 05:45:23 gtw01 dnsmasq-dhcp[17707]: read /var/lib/neutron/dhcp/ed55866b-bf36-4514-b4db-ea0638eca7af/opts
Jun 20 05:45:23 gtw01 dnsmasq[17622]: read /var/lib/neutron/dhcp/b7dbfd1a-ed0d-470b-86cc-10b45a1b90d9/addn_hosts - 3 addresses
Jun 20 05:45:23 gtw01 dnsmasq-dhcp[17622]: read /var/lib/neutron/dhcp/b7dbfd1a-ed0d-470b-86cc-10b45a1b90d9/host
Jun 20 05:45:23 gtw01 dnsmasq-dhcp[17622]: read /var/lib/neutron/dhcp/b7dbfd1a-ed0d-470b-86cc-10b45a1b90d9/opts
Jun 20 05:45:23 gtw01 dnsmasq[17719]: read /var/lib/neutron/dhcp/536503b6-1804-4602-8d3e-4d1e0fee1efe/addn_hosts - 3 addresses
Jun 20 05:45:23 gtw01 dnsmasq-dhcp[17719]: read /var/lib/neutron/dhcp/536503b6-1804-4602-8d3e-4d1e0fee1efe/host
Jun 20 05:45:23 gtw01 dnsmasq-dhcp[17719]: read /var/lib/neutron/dhcp/536503b6-1804-4602-8d3e-4d1e0fee1efe/opts
Jun 20 05:45:24 gtw01 dnsmasq[17707]: read /var/lib/neutron/dhcp/ed55866b-bf36-4514-b4db-ea0638eca7af/addn_hosts - 3 addresses
Jun 20 05:45:24 gtw01 dnsmasq-dhcp[17707]: read /var/lib/neutron/dhcp/ed55866b-bf36-4514-b4db-ea0638eca7af/host
Jun 20 05:45:24 gtw01 dnsmasq-dhcp[17707]: read /var/lib/neutron/dhcp/ed55866b-bf36-4514-b4db-ea0638eca7af/opts
Jun 20 05:45:24 gtw01 dnsmasq[17296]: read /var/lib/neutron/dhcp/fae982b2-8a57-4b43-ae6b-806c10a7a1ea/addn_hosts - 3 addresses
Jun 20 05:45:24 gtw01 dnsmasq-dhcp[17296]: read /var/lib/neutron/dhcp/fae982b2-8a57-4b43-ae6b-806c10a7a1ea/host
Jun 20 05:45:24 gtw01 dnsmasq-dhcp[17296]: read /var/lib/neutron/dhcp/fae982b2-8a57-4b43-ae6b-806c10a7a1ea/opts
Jun 20 05:45:24 gtw01 dnsmasq[17719]: read /var/lib/neutron/dhcp/536503b6-1804-4602-8d3e-4d1e0fee1efe/addn_hosts - 3 addresses
Jun 20 05:45:24 gtw01 dnsmasq-dhcp[17719]: read /var/lib/neutron/dhcp/536503b6-1804-4602-8d3e-4d1e0fee1efe/host
Jun 20 05:45:24 gtw01 dnsmasq-dhcp[17719]: read /var/lib/neutron/dhcp/536503b6-1804-4602-8d3e-4d1e0fee1efe/opts
Jun 20 05:45:25 gtw01 systemd-udevd[18963]: Could not generate persistent MAC address for qr-2af06d2f-ee: No such file or directory
Jun 20 05:45:25 gtw01 kernel: [12126.904657] device qr-2af06d2f-ee entered promiscuous mode
Jun 20 05:45:25 gtw01 dnsmasq[17707]: read /var/lib/neutron/dhcp/ed55866b-bf36-4514-b4db-ea0638eca7af/addn_hosts - 3 addresses
Jun 20 05:45:25 gtw01 dnsmasq-dhcp[17707]: read /var/lib/neutron/dhcp/ed55866b-bf36-4514-b4db-ea0638eca7af/host
Jun 20 05:45:25 gtw01 dnsmasq-dhcp[17707]: read /var/lib/neutron/dhcp/ed55866b-bf36-4514-b4db-ea0638eca7af/opts
Jun 20 05:45:25 gtw01 kernel: [12127.533493] device qr-181ab48d-a8 entered promiscuous mode
Jun 20 05:45:25 gtw01 systemd-udevd[19085]: Could not generate persistent MAC address for qr-181ab48d-a8: No such file or directory
Jun 20 05:45:25 gtw01 dnsmasq[17296]: read /var/lib/neutron/dhcp/fae982b2-8a57-4b43-ae6b-806c10a7a1ea/addn_hosts - 3 addresses
Jun 20 05:45:25 gtw01 dnsmasq-dhcp[17296]: read /var/lib/neutron/dhcp/fae982b2-8a57-4b43-ae6b-806c10a7a1ea/host
Jun 20 05:45:25 gtw01 dnsmasq-dhcp[17296]: read /var/lib/neutron/dhcp/fae982b2-8a57-4b43-ae6b-806c10a7a1ea/opts
Jun 20 05:45:25 gtw01 dnsmasq[17622]: read /var/lib/neutron/dhcp/b7dbfd1a-ed0d-470b-86cc-10b45a1b90d9/addn_hosts - 3 addresses
Jun 20 05:45:25 gtw01 dnsmasq-dhcp[17622]: read /var/lib/neutron/dhcp/b7dbfd1a-ed0d-470b-86cc-10b45a1b90d9/host
Jun 20 05:45:25 gtw01 dnsmasq-dhcp[17622]: read /var/lib/neutron/dhcp/b7dbfd1a-ed0d-470b-86cc-10b45a1b90d9/opts
Jun 20 05:45:26 gtw01 dnsmasq[17719]: read /var/lib/neutron/dhcp/536503b6-1804-4602-8d3e-4d1e0fee1efe/addn_hosts - 3 addresses
Jun 20 05:45:26 gtw01 dnsmasq-dhcp[17719]: read /var/lib/neutron/dhcp/536503b6-1804-4602-8d3e-4d1e0fee1efe/host
Jun 20 05:45:26 gtw01 dnsmasq-dhcp[17719]: read /var/lib/neutron/dhcp/536503b6-1804-4602-8d3e-4d1e0fee1efe/opts
Jun 20 05:45:26 gtw01 kernel: [12128.598457] IPv4: martian source 11.11.11.1 from 11.11.11.1, on dev qr-181ab48d-a8
Jun 20 05:45:26 gtw01 kernel: [12128.598471] ll header: 00000000: ff ff ff ff ff ff fa 16 3e 5e f4 6b 08 06        ........>^.k..
Jun 20 05:45:26 gtw01 dnsmasq[17707]: read /var/lib/neutron/dhcp/ed55866b-bf36-4514-b4db-ea0638eca7af/addn_hosts - 3 addresses
Jun 20 05:45:26 gtw01 dnsmasq-dhcp[17707]: read /var/lib/neutron/dhcp/ed55866b-bf36-4514-b4db-ea0638eca7af/host
Jun 20 05:45:26 gtw01 dnsmasq-dhcp[17707]: read /var/lib/neutron/dhcp/ed55866b-bf36-4514-b4db-ea0638eca7af/opts
Jun 20 05:45:26 gtw01 systemd-udevd[19261]: Could not generate persistent MAC address for qr-674bdcdf-ec: No such file or directory
Jun 20 05:45:26 gtw01 kernel: [12128.670884] device qr-674bdcdf-ec entered promiscuous mode
Jun 20 05:45:27 gtw01 dnsmasq[17622]: read /var/lib/neutron/dhcp/b7dbfd1a-ed0d-470b-86cc-10b45a1b90d9/addn_hosts - 3 addresses
Jun 20 05:45:27 gtw01 dnsmasq-dhcp[17622]: read /var/lib/neutron/dhcp/b7dbfd1a-ed0d-470b-86cc-10b45a1b90d9/host
Jun 20 05:45:27 gtw01 dnsmasq-dhcp[17622]: read /var/lib/neutron/dhcp/b7dbfd1a-ed0d-470b-86cc-10b45a1b90d9/opts
Jun 20 05:45:27 gtw01 kernel: [12129.242782] IPv4: martian source 11.11.11.1 from 11.11.11.1, on dev qr-2af06d2f-ee
Jun 20 05:45:27 gtw01 kernel: [12129.242786] ll header: 00000000: ff ff ff ff ff ff fa 16 3e 42 f6 6e 08 06        ........>B.n..
Jun 20 05:45:27 gtw01 kernel: [12129.242791] IPv4: martian source 11.11.11.1 from 11.11.11.1, on dev qr-674bdcdf-ec
Jun 20 05:45:27 gtw01 kernel: [12129.242792] ll header: 00000000: ff ff ff ff ff ff fa 16 3e 42 f6 6e 08 06        ........>B.n..
Jun 20 05:45:27 gtw01 dnsmasq[17719]: read /var/lib/neutron/dhcp/536503b6-1804-4602-8d3e-4d1e0fee1efe/addn_hosts - 3 addresses
Jun 20 05:45:27 gtw01 dnsmasq-dhcp[17719]: read /var/lib/neutron/dhcp/536503b6-1804-4602-8d3e-4d1e0fee1efe/host
Jun 20 05:45:27 gtw01 dnsmasq-dhcp[17719]: read /var/lib/neutron/dhcp/536503b6-1804-4602-8d3e-4d1e0fee1efe/opts
Jun 20 05:45:28 gtw01 kernel: [12130.582923] IPv4: martian source 11.11.11.1 from 11.11.11.1, on dev qr-2af06d2f-ee
Jun 20 05:45:28 gtw01 kernel: [12130.582926] ll header: 00000000: ff ff ff ff ff ff fa 16 3e 8d 97 b3 08 06        ........>.....
Jun 20 05:45:28 gtw01 kernel: [12130.582931] IPv4: martian source 11.11.11.1 from 11.11.11.1, on dev qr-181ab48d-a8
Jun 20 05:45:28 gtw01 kernel: [12130.582932] ll header: 00000000: ff ff ff ff ff ff fa 16 3e 8d 97 b3 08 06        ........>.....
Jun 20 05:45:29 gtw01 kernel: [12131.266746] IPv4: martian source 11.11.11.1 from 11.11.11.1, on dev qr-181ab48d-a8
Jun 20 05:45:29 gtw01 kernel: [12131.266750] ll header: 00000000: ff ff ff ff ff ff fa 16 3e 5e f4 6b 08 06        ........>^.k..
Jun 20 05:45:29 gtw01 kernel: [12131.266757] IPv4: martian source 11.11.11.1 from 11.11.11.1, on dev qr-674bdcdf-ec
Jun 20 05:45:29 gtw01 kernel: [12131.266758] ll header: 00000000: ff ff ff ff ff ff fa 16 3e 5e f4 6b 08 06        ........>^.k..
Jun 20 05:45:30 gtw01 kernel: [12131.954531] IPv4: martian source 11.11.11.1 from 11.11.11.1, on dev qr-2af06d2f-ee
Jun 20 05:45:30 gtw01 kernel: [12131.954534] ll header: 00000000: ff ff ff ff ff ff fa 16 3e 42 f6 6e 08 06        ........>B.n..
Jun 20 05:45:30 gtw01 kernel: [12131.954540] IPv4: martian source 11.11.11.1 from 11.11.11.1, on dev qr-674bdcdf-ec
Jun 20 05:45:30 gtw01 kernel: [12131.954541] ll header: 00000000: ff ff ff ff ff ff fa 16 3e 42 f6 6e 08 06        ........>B.n..
Jun 20 05:45:30 gtw01 dnsmasq[17707]: read /var/lib/neutron/dhcp/ed55866b-bf36-4514-b4db-ea0638eca7af/addn_hosts - 3 addresses
Jun 20 05:45:30 gtw01 dnsmasq-dhcp[17707]: read /var/lib/neutron/dhcp/ed55866b-bf36-4514-b4db-ea0638eca7af/host
Jun 20 05:45:30 gtw01 dnsmasq-dhcp[17707]: read /var/lib/neutron/dhcp/ed55866b-bf36-4514-b4db-ea0638eca7af/opts
Jun 20 05:45:31 gtw01 kernel: [12133.150565] IPv4: martian source 11.11.11.1 from 11.11.11.1, on dev qr-2af06d2f-ee
Jun 20 05:45:31 gtw01 kernel: [12133.150569] ll header: 00000000: ff ff ff ff ff ff fa 16 3e 8d 97 b3 08 06        ........>.....
Jun 20 05:45:31 gtw01 dnsmasq[17707]: read /var/lib/neutron/dhcp/ed55866b-bf36-4514-b4db-ea0638eca7af/addn_hosts - 2 addresses
Jun 20 05:45:31 gtw01 dnsmasq-dhcp[17707]: read /var/lib/neutron/dhcp/ed55866b-bf36-4514-b4db-ea0638eca7af/host
Jun 20 05:45:31 gtw01 dnsmasq-dhcp[17707]: read /var/lib/neutron/dhcp/ed55866b-bf36-4514-b4db-ea0638eca7af/opts
Jun 20 05:45:32 gtw01 kernel: [12134.066644] net_ratelimit: 1 callbacks suppressed
Jun 20 05:45:32 gtw01 kernel: [12134.066687] IPv4: martian source 11.11.11.1 from 11.11.11.1, on dev qr-feff9343-8b
Jun 20 05:45:32 gtw01 kernel: [12134.066691] ll header: 00000000: ff ff ff ff ff ff fa 16 3e 5e f4 6b 08 06        ........>^.k..
Jun 20 05:45:32 gtw01 kernel: [12134.066697] IPv4: martian source 11.11.11.1 from 11.11.11.1, on dev qr-181ab48d-a8
Jun 20 05:45:32 gtw01 kernel: [12134.066698] ll header: 00000000: ff ff ff ff ff ff fa 16 3e 5e f4 6b 08 06        ........>^.k..
Jun 20 05:45:32 gtw01 kernel: [12134.066702] IPv4: martian source 11.11.11.1 from 11.11.11.1, on dev qr-674bdcdf-ec
Jun 20 05:45:32 gtw01 kernel: [12134.066703] ll header: 00000000: ff ff ff ff ff ff fa 16 3e 5e f4 6b 08 06        ........>^.k..
Jun 20 05:45:32 gtw01 haproxy-metadata-proxy-ed55866b-bf36-4514-b4db-ea0638eca7af[19720]: Proxy listener started.
Jun 20 05:45:32 gtw01 dnsmasq[17719]: read /var/lib/neutron/dhcp/536503b6-1804-4602-8d3e-4d1e0fee1efe/addn_hosts - 3 addresses
Jun 20 05:45:32 gtw01 dnsmasq-dhcp[17719]: read /var/lib/neutron/dhcp/536503b6-1804-4602-8d3e-4d1e0fee1efe/host
Jun 20 05:45:32 gtw01 dnsmasq-dhcp[17719]: read /var/lib/neutron/dhcp/536503b6-1804-4602-8d3e-4d1e0fee1efe/opts
Jun 20 05:45:33 gtw01 kernel: [12134.882636] IPv4: martian source 11.11.11.1 from 11.11.11.1, on dev qr-feff9343-8b
Jun 20 05:45:33 gtw01 kernel: [12134.882640] ll header: 00000000: ff ff ff ff ff ff fa 16 3e 42 f6 6e 08 06        ........>B.n..
Jun 20 05:45:33 gtw01 kernel: [12134.882645] IPv4: martian source 11.11.11.1 from 11.11.11.1, on dev qr-2af06d2f-ee
Jun 20 05:45:33 gtw01 kernel: [12134.882646] ll header: 00000000: ff ff ff ff ff ff fa 16 3e 42 f6 6e 08 06        ........>B.n..
Jun 20 05:45:33 gtw01 kernel: [12134.882649] IPv4: martian source 11.11.11.1 from 11.11.11.1, on dev qr-674bdcdf-ec
Jun 20 05:45:33 gtw01 kernel: [12134.882650] ll header: 00000000: ff ff ff ff ff ff fa 16 3e 42 f6 6e 08 06        ........>B.n..
Jun 20 05:45:34 gtw01 dnsmasq[17719]: read /var/lib/neutron/dhcp/536503b6-1804-4602-8d3e-4d1e0fee1efe/addn_hosts - 2 addresses
Jun 20 05:45:34 gtw01 dnsmasq-dhcp[17719]: read /var/lib/neutron/dhcp/536503b6-1804-4602-8d3e-4d1e0fee1efe/host
Jun 20 05:45:34 gtw01 dnsmasq-dhcp[17719]: read /var/lib/neutron/dhcp/536503b6-1804-4602-8d3e-4d1e0fee1efe/opts
Jun 20 05:45:34 gtw01 dnsmasq[17707]: read /var/lib/neutron/dhcp/ed55866b-bf36-4514-b4db-ea0638eca7af/addn_hosts - 1 addresses
Jun 20 05:45:34 gtw01 dnsmasq-dhcp[17707]: read /var/lib/neutron/dhcp/ed55866b-bf36-4514-b4db-ea0638eca7af/host
Jun 20 05:45:34 gtw01 dnsmasq-dhcp[17707]: read /var/lib/neutron/dhcp/ed55866b-bf36-4514-b4db-ea0638eca7af/opts
Jun 20 05:45:35 gtw01 haproxy-metadata-proxy-536503b6-1804-4602-8d3e-4d1e0fee1efe[19863]: Proxy listener started.
Jun 20 05:45:35 gtw01 dnsmasq[17719]: read /var/lib/neutron/dhcp/536503b6-1804-4602-8d3e-4d1e0fee1efe/addn_hosts - 1 addresses
Jun 20 05:45:35 gtw01 dnsmasq-dhcp[17719]: read /var/lib/neutron/dhcp/536503b6-1804-4602-8d3e-4d1e0fee1efe/host
Jun 20 05:45:35 gtw01 dnsmasq-dhcp[17719]: read /var/lib/neutron/dhcp/536503b6-1804-4602-8d3e-4d1e0fee1efe/opts
Jun 20 05:45:36 gtw01 kernel: [12138.300446] device qr-feff9343-8b left promiscuous mode
Jun 20 05:45:36 gtw01 dnsmasq[17622]: read /var/lib/neutron/dhcp/b7dbfd1a-ed0d-470b-86cc-10b45a1b90d9/addn_hosts - 3 addresses
Jun 20 05:45:36 gtw01 dnsmasq-dhcp[17622]: read /var/lib/neutron/dhcp/b7dbfd1a-ed0d-470b-86cc-10b45a1b90d9/host
Jun 20 05:45:36 gtw01 dnsmasq-dhcp[17622]: read /var/lib/neutron/dhcp/b7dbfd1a-ed0d-470b-86cc-10b45a1b90d9/opts
Jun 20 05:45:37 gtw01 kernel: [12139.020865] device vxlan_sys_4789 left promiscuous mode
Jun 20 05:45:37 gtw01 dnsmasq[17296]: read /var/lib/neutron/dhcp/fae982b2-8a57-4b43-ae6b-806c10a7a1ea/addn_hosts - 3 addresses
Jun 20 05:45:37 gtw01 dnsmasq-dhcp[17296]: read /var/lib/neutron/dhcp/fae982b2-8a57-4b43-ae6b-806c10a7a1ea/host
Jun 20 05:45:37 gtw01 dnsmasq-dhcp[17296]: read /var/lib/neutron/dhcp/fae982b2-8a57-4b43-ae6b-806c10a7a1ea/opts
Jun 20 05:45:37 gtw01 dnsmasq[17622]: read /var/lib/neutron/dhcp/b7dbfd1a-ed0d-470b-86cc-10b45a1b90d9/addn_hosts - 2 addresses
Jun 20 05:45:37 gtw01 dnsmasq-dhcp[17622]: read /var/lib/neutron/dhcp/b7dbfd1a-ed0d-470b-86cc-10b45a1b90d9/host
Jun 20 05:45:37 gtw01 dnsmasq-dhcp[17622]: read /var/lib/neutron/dhcp/b7dbfd1a-ed0d-470b-86cc-10b45a1b90d9/opts
Jun 20 05:45:38 gtw01 haproxy-metadata-proxy-b7dbfd1a-ed0d-470b-86cc-10b45a1b90d9[20011]: Proxy listener started.
Jun 20 05:45:39 gtw01 dnsmasq[17622]: read /var/lib/neutron/dhcp/b7dbfd1a-ed0d-470b-86cc-10b45a1b90d9/addn_hosts - 1 addresses
Jun 20 05:45:39 gtw01 dnsmasq-dhcp[17622]: read /var/lib/neutron/dhcp/b7dbfd1a-ed0d-470b-86cc-10b45a1b90d9/host
Jun 20 05:45:39 gtw01 dnsmasq-dhcp[17622]: read /var/lib/neutron/dhcp/b7dbfd1a-ed0d-470b-86cc-10b45a1b90d9/opts
Jun 20 05:45:40 gtw01 kernel: [12141.918554] device qr-674bdcdf-ec left promiscuous mode
Jun 20 05:45:40 gtw01 dnsmasq[17296]: read /var/lib/neutron/dhcp/fae982b2-8a57-4b43-ae6b-806c10a7a1ea/addn_hosts - 2 addresses
Jun 20 05:45:40 gtw01 dnsmasq-dhcp[17296]: read /var/lib/neutron/dhcp/fae982b2-8a57-4b43-ae6b-806c10a7a1ea/host
Jun 20 05:45:40 gtw01 dnsmasq-dhcp[17296]: read /var/lib/neutron/dhcp/fae982b2-8a57-4b43-ae6b-806c10a7a1ea/opts
Jun 20 05:45:40 gtw01 kernel: [12142.385461] device qg-92368159-c7 left promiscuous mode
Jun 20 05:45:40 gtw01 kernel: [12142.622240] device tapd65ff44f-40 left promiscuous mode
Jun 20 05:45:41 gtw01 kernel: [12142.919923] device qg-36db37cc-cc left promiscuous mode
Jun 20 05:45:41 gtw01 dnsmasq[17296]: read /var/lib/neutron/dhcp/fae982b2-8a57-4b43-ae6b-806c10a7a1ea/addn_hosts - 1 addresses
Jun 20 05:45:41 gtw01 dnsmasq-dhcp[17296]: read /var/lib/neutron/dhcp/fae982b2-8a57-4b43-ae6b-806c10a7a1ea/host
Jun 20 05:45:41 gtw01 dnsmasq-dhcp[17296]: read /var/lib/neutron/dhcp/fae982b2-8a57-4b43-ae6b-806c10a7a1ea/opts
Jun 20 05:45:42 gtw01 haproxy-metadata-proxy-fae982b2-8a57-4b43-ae6b-806c10a7a1ea[20182]: Proxy listener started.
Jun 20 05:45:42 gtw01 kernel: [12144.618851] device qr-181ab48d-a8 left promiscuous mode
Jun 20 05:45:43 gtw01 kernel: [12145.005519] device tap82aaaeb6-f9 left promiscuous mode
Jun 20 05:45:44 gtw01 kernel: [12146.072440] device qr-2af06d2f-ee left promiscuous mode
Jun 20 05:45:45 gtw01 kernel: [12146.857278] device tap3e80cb98-65 left promiscuous mode
Jun 20 05:45:45 gtw01 kernel: [12146.896235] device qg-037205d9-6a left promiscuous mode
Jun 20 05:45:46 gtw01 kernel: [12148.036843] device qg-bf56822c-2a left promiscuous mode
Jun 20 05:45:46 gtw01 kernel: [12148.228988] device tap354986c3-54 left promiscuous mode
Jun 20 05:45:55 gtw01 kernel: [12157.436594] device tapb3b3c888-74 entered promiscuous mode
Jun 20 05:45:55 gtw01 systemd-udevd[20482]: Could not generate persistent MAC address for tapb3b3c888-74: No such file or directory
Jun 20 05:45:55 gtw01 systemd-udevd[20482]: Process '/sbin/ip link set tapb3b3c888-74 txqueuelen 10000' failed with exit code 1.
Jun 20 05:45:55 gtw01 systemd-udevd[20560]: Process '/sbin/ip link set tapb3b3c888-74 txqueuelen 10000' failed with exit code 1.
Jun 20 05:45:57 gtw01 systemd-udevd[20658]: Could not generate persistent MAC address for qg-8cc25d9f-0a: No such file or directory
Jun 20 05:45:57 gtw01 kernel: [12159.722493] device qg-8cc25d9f-0a entered promiscuous mode
Jun 20 05:45:58 gtw01 dnsmasq[20805]: started, version 2.80 cachesize 150
Jun 20 05:45:58 gtw01 dnsmasq[20805]: DNS service limited to local subnets
Jun 20 05:45:58 gtw01 dnsmasq[20805]: compile time options: IPv6 GNU-getopt DBus i18n IDN DHCP DHCPv6 no-Lua TFTP conntrack ipset auth DNSSEC loop-detect inotify dumpfile
Jun 20 05:45:58 gtw01 dnsmasq[20805]: LOUD WARNING: listening on 11.11.11.2 may accept requests via interfaces other than tapb3b3c888-74
Jun 20 05:45:58 gtw01 dnsmasq[20805]: LOUD WARNING: use --bind-dynamic rather than --bind-interfaces to avoid DNS amplification attacks via these interface(s)
Jun 20 05:45:58 gtw01 dnsmasq[20805]: warning: no upstream servers configured
Jun 20 05:45:58 gtw01 dnsmasq-dhcp[20805]: DHCP, static leases only on 11.11.11.0, lease time 1h
Jun 20 05:45:58 gtw01 dnsmasq[20805]: read /var/lib/neutron/dhcp/5270d8b3-f6bc-4a11-873b-213e004a6150/addn_hosts - 1 addresses
Jun 20 05:45:58 gtw01 dnsmasq-dhcp[20805]: read /var/lib/neutron/dhcp/5270d8b3-f6bc-4a11-873b-213e004a6150/host
Jun 20 05:45:58 gtw01 dnsmasq-dhcp[20805]: read /var/lib/neutron/dhcp/5270d8b3-f6bc-4a11-873b-213e004a6150/opts
Jun 20 05:45:59 gtw01 systemd-udevd[20820]: Could not generate persistent MAC address for qg-1baa393c-a5: No such file or directory
Jun 20 05:45:59 gtw01 kernel: [12161.076548] device qg-1baa393c-a5 entered promiscuous mode
Jun 20 05:45:59 gtw01 haproxy-metadata-proxy-5270d8b3-f6bc-4a11-873b-213e004a6150[20833]: Proxy listener started.
Jun 20 05:46:00 gtw01 systemd-udevd[20953]: Could not generate persistent MAC address for tapc8d674b3-6a: No such file or directory
Jun 20 05:46:00 gtw01 kernel: [12161.883560] device tapc8d674b3-6a entered promiscuous mode
Jun 20 05:46:00 gtw01 systemd-udevd[20953]: Process '/sbin/ip link set tapc8d674b3-6a txqueuelen 10000' failed with exit code 1.
Jun 20 05:46:00 gtw01 systemd-udevd[20953]: Process '/sbin/ip link set tapc8d674b3-6a txqueuelen 10000' failed with exit code 1.
Jun 20 05:46:00 gtw01 dnsmasq[20805]: read /var/lib/neutron/dhcp/5270d8b3-f6bc-4a11-873b-213e004a6150/addn_hosts - 2 addresses
Jun 20 05:46:00 gtw01 dnsmasq-dhcp[20805]: read /var/lib/neutron/dhcp/5270d8b3-f6bc-4a11-873b-213e004a6150/host
Jun 20 05:46:00 gtw01 dnsmasq-dhcp[20805]: read /var/lib/neutron/dhcp/5270d8b3-f6bc-4a11-873b-213e004a6150/opts
Jun 20 05:46:00 gtw01 systemd-udevd[21084]: Could not generate persistent MAC address for tapf9c06fcc-48: No such file or directory
Jun 20 05:46:00 gtw01 kernel: [12162.575584] device tapf9c06fcc-48 entered promiscuous mode
Jun 20 05:46:00 gtw01 systemd-udevd[21084]: Process '/sbin/ip link set tapf9c06fcc-48 txqueuelen 10000' failed with exit code 1.
Jun 20 05:46:00 gtw01 systemd-udevd[21084]: Process '/sbin/ip link set tapf9c06fcc-48 txqueuelen 10000' failed with exit code 1.
Jun 20 05:46:01 gtw01 dnsmasq[20805]: read /var/lib/neutron/dhcp/5270d8b3-f6bc-4a11-873b-213e004a6150/addn_hosts - 2 addresses
Jun 20 05:46:01 gtw01 dnsmasq-dhcp[20805]: read /var/lib/neutron/dhcp/5270d8b3-f6bc-4a11-873b-213e004a6150/host
Jun 20 05:46:01 gtw01 dnsmasq-dhcp[20805]: read /var/lib/neutron/dhcp/5270d8b3-f6bc-4a11-873b-213e004a6150/opts
Jun 20 05:46:02 gtw01 dnsmasq[20805]: read /var/lib/neutron/dhcp/5270d8b3-f6bc-4a11-873b-213e004a6150/addn_hosts - 2 addresses
Jun 20 05:46:02 gtw01 dnsmasq-dhcp[20805]: read /var/lib/neutron/dhcp/5270d8b3-f6bc-4a11-873b-213e004a6150/host
Jun 20 05:46:02 gtw01 dnsmasq-dhcp[20805]: read /var/lib/neutron/dhcp/5270d8b3-f6bc-4a11-873b-213e004a6150/opts
Jun 20 05:46:03 gtw01 dnsmasq[20805]: read /var/lib/neutron/dhcp/5270d8b3-f6bc-4a11-873b-213e004a6150/addn_hosts - 3 addresses
Jun 20 05:46:03 gtw01 dnsmasq-dhcp[20805]: read /var/lib/neutron/dhcp/5270d8b3-f6bc-4a11-873b-213e004a6150/host
Jun 20 05:46:03 gtw01 dnsmasq-dhcp[20805]: read /var/lib/neutron/dhcp/5270d8b3-f6bc-4a11-873b-213e004a6150/opts
Jun 20 05:46:04 gtw01 dnsmasq[21444]: started, version 2.80 cachesize 150
Jun 20 05:46:04 gtw01 dnsmasq[21444]: DNS service limited to local subnets
Jun 20 05:46:04 gtw01 dnsmasq[21444]: compile time options: IPv6 GNU-getopt DBus i18n IDN DHCP DHCPv6 no-Lua TFTP conntrack ipset auth DNSSEC loop-detect inotify dumpfile
Jun 20 05:46:04 gtw01 dnsmasq[21444]: LOUD WARNING: listening on 11.11.11.2 may accept requests via interfaces other than tapc8d674b3-6a
Jun 20 05:46:04 gtw01 dnsmasq[21444]: LOUD WARNING: use --bind-dynamic rather than --bind-interfaces to avoid DNS amplification attacks via these interface(s)
Jun 20 05:46:04 gtw01 dnsmasq[21444]: warning: no upstream servers configured
Jun 20 05:46:04 gtw01 dnsmasq-dhcp[21444]: DHCP, static leases only on 11.11.11.0, lease time 1h
Jun 20 05:46:04 gtw01 dnsmasq[21444]: read /var/lib/neutron/dhcp/1352b622-528f-4084-b2f0-93028fd36cfe/addn_hosts - 1 addresses
Jun 20 05:46:04 gtw01 dnsmasq-dhcp[21444]: read /var/lib/neutron/dhcp/1352b622-528f-4084-b2f0-93028fd36cfe/host
Jun 20 05:46:04 gtw01 dnsmasq-dhcp[21444]: read /var/lib/neutron/dhcp/1352b622-528f-4084-b2f0-93028fd36cfe/opts
Jun 20 05:46:05 gtw01 kernel: [12166.857364] device qg-75058230-05 entered promiscuous mode
Jun 20 05:46:05 gtw01 systemd-udevd[21482]: Could not generate persistent MAC address for qg-75058230-05: No such file or directory
Jun 20 05:46:05 gtw01 haproxy-metadata-proxy-1352b622-528f-4084-b2f0-93028fd36cfe[21478]: Proxy listener started.
Jun 20 05:46:05 gtw01 dnsmasq[21608]: started, version 2.80 cachesize 150
Jun 20 05:46:05 gtw01 dnsmasq[21608]: DNS service limited to local subnets
Jun 20 05:46:05 gtw01 dnsmasq[21608]: compile time options: IPv6 GNU-getopt DBus i18n IDN DHCP DHCPv6 no-Lua TFTP conntrack ipset auth DNSSEC loop-detect inotify dumpfile
Jun 20 05:46:05 gtw01 dnsmasq[21608]: LOUD WARNING: listening on 11.11.11.2 may accept requests via interfaces other than tapf9c06fcc-48
Jun 20 05:46:05 gtw01 dnsmasq[21608]: LOUD WARNING: use --bind-dynamic rather than --bind-interfaces to avoid DNS amplification attacks via these interface(s)
Jun 20 05:46:05 gtw01 dnsmasq[21608]: warning: no upstream servers configured
Jun 20 05:46:05 gtw01 dnsmasq-dhcp[21608]: DHCP, static leases only on 11.11.11.0, lease time 1h
Jun 20 05:46:05 gtw01 dnsmasq[21608]: read /var/lib/neutron/dhcp/2f579355-4770-4b9b-a137-4c6c8c7a3ad8/addn_hosts - 1 addresses
Jun 20 05:46:05 gtw01 dnsmasq-dhcp[21608]: read /var/lib/neutron/dhcp/2f579355-4770-4b9b-a137-4c6c8c7a3ad8/host
Jun 20 05:46:05 gtw01 dnsmasq-dhcp[21608]: read /var/lib/neutron/dhcp/2f579355-4770-4b9b-a137-4c6c8c7a3ad8/opts
Jun 20 05:46:05 gtw01 kernel: [12167.759313] device tap559b3ca8-a5 entered promiscuous mode
Jun 20 05:46:05 gtw01 systemd-udevd[21633]: Could not generate persistent MAC address for tap559b3ca8-a5: No such file or directory
Jun 20 05:46:06 gtw01 systemd-udevd[21633]: Process '/sbin/ip link set tap559b3ca8-a5 txqueuelen 10000' failed with exit code 1.
Jun 20 05:46:06 gtw01 dnsmasq[20805]: read /var/lib/neutron/dhcp/5270d8b3-f6bc-4a11-873b-213e004a6150/addn_hosts - 3 addresses
Jun 20 05:46:06 gtw01 dnsmasq-dhcp[20805]: read /var/lib/neutron/dhcp/5270d8b3-f6bc-4a11-873b-213e004a6150/host
Jun 20 05:46:06 gtw01 dnsmasq-dhcp[20805]: read /var/lib/neutron/dhcp/5270d8b3-f6bc-4a11-873b-213e004a6150/opts
Jun 20 05:46:06 gtw01 haproxy-metadata-proxy-2f579355-4770-4b9b-a137-4c6c8c7a3ad8[21699]: Proxy listener started.
Jun 20 05:46:06 gtw01 systemd-udevd[21633]: Process '/sbin/ip link set tap559b3ca8-a5 txqueuelen 10000' failed with exit code 1.
Jun 20 05:46:06 gtw01 dnsmasq[21444]: read /var/lib/neutron/dhcp/1352b622-528f-4084-b2f0-93028fd36cfe/addn_hosts - 3 addresses
Jun 20 05:46:06 gtw01 dnsmasq-dhcp[21444]: read /var/lib/neutron/dhcp/1352b622-528f-4084-b2f0-93028fd36cfe/host
Jun 20 05:46:06 gtw01 dnsmasq-dhcp[21444]: read /var/lib/neutron/dhcp/1352b622-528f-4084-b2f0-93028fd36cfe/opts
Jun 20 05:46:06 gtw01 haproxy-metadata-proxy-f17045ec-73a2-4637-bece-fcc7f6f68793[21758]: Proxy listener started.
Jun 20 05:46:07 gtw01 systemd-udevd[21809]: Could not generate persistent MAC address for qg-806f29d9-7f: No such file or directory
Jun 20 05:46:07 gtw01 kernel: [12168.963304] device qg-806f29d9-7f entered promiscuous mode
Jun 20 05:46:07 gtw01 dnsmasq[21608]: read /var/lib/neutron/dhcp/2f579355-4770-4b9b-a137-4c6c8c7a3ad8/addn_hosts - 2 addresses
Jun 20 05:46:07 gtw01 dnsmasq-dhcp[21608]: read /var/lib/neutron/dhcp/2f579355-4770-4b9b-a137-4c6c8c7a3ad8/host
Jun 20 05:46:07 gtw01 dnsmasq-dhcp[21608]: read /var/lib/neutron/dhcp/2f579355-4770-4b9b-a137-4c6c8c7a3ad8/opts
Jun 20 05:46:07 gtw01 dnsmasq[20805]: read /var/lib/neutron/dhcp/5270d8b3-f6bc-4a11-873b-213e004a6150/addn_hosts - 3 addresses
Jun 20 05:46:07 gtw01 dnsmasq-dhcp[20805]: read /var/lib/neutron/dhcp/5270d8b3-f6bc-4a11-873b-213e004a6150/host
Jun 20 05:46:07 gtw01 dnsmasq-dhcp[20805]: read /var/lib/neutron/dhcp/5270d8b3-f6bc-4a11-873b-213e004a6150/opts
Jun 20 05:46:07 gtw01 haproxy-metadata-proxy-868303f9-ed6d-4de7-9b1a-c2034b3f452e[21936]: Proxy listener started.
Jun 20 05:46:08 gtw01 dnsmasq[21444]: read /var/lib/neutron/dhcp/1352b622-528f-4084-b2f0-93028fd36cfe/addn_hosts - 3 addresses
Jun 20 05:46:08 gtw01 dnsmasq-dhcp[21444]: read /var/lib/neutron/dhcp/1352b622-528f-4084-b2f0-93028fd36cfe/host
Jun 20 05:46:08 gtw01 dnsmasq-dhcp[21444]: read /var/lib/neutron/dhcp/1352b622-528f-4084-b2f0-93028fd36cfe/opts
Jun 20 05:46:08 gtw01 dnsmasq[20805]: read /var/lib/neutron/dhcp/5270d8b3-f6bc-4a11-873b-213e004a6150/addn_hosts - 3 addresses
Jun 20 05:46:08 gtw01 dnsmasq-dhcp[20805]: read /var/lib/neutron/dhcp/5270d8b3-f6bc-4a11-873b-213e004a6150/host
Jun 20 05:46:08 gtw01 dnsmasq-dhcp[20805]: read /var/lib/neutron/dhcp/5270d8b3-f6bc-4a11-873b-213e004a6150/opts
Jun 20 05:46:08 gtw01 dnsmasq[21608]: read /var/lib/neutron/dhcp/2f579355-4770-4b9b-a137-4c6c8c7a3ad8/addn_hosts - 2 addresses
Jun 20 05:46:08 gtw01 dnsmasq-dhcp[21608]: read /var/lib/neutron/dhcp/2f579355-4770-4b9b-a137-4c6c8c7a3ad8/host
Jun 20 05:46:08 gtw01 dnsmasq-dhcp[21608]: read /var/lib/neutron/dhcp/2f579355-4770-4b9b-a137-4c6c8c7a3ad8/opts
Jun 20 05:46:09 gtw01 dnsmasq[21444]: read /var/lib/neutron/dhcp/1352b622-528f-4084-b2f0-93028fd36cfe/addn_hosts - 3 addresses
Jun 20 05:46:09 gtw01 dnsmasq-dhcp[21444]: read /var/lib/neutron/dhcp/1352b622-528f-4084-b2f0-93028fd36cfe/host
Jun 20 05:46:09 gtw01 dnsmasq-dhcp[21444]: read /var/lib/neutron/dhcp/1352b622-528f-4084-b2f0-93028fd36cfe/opts
Jun 20 05:46:10 gtw01 dnsmasq[20805]: read /var/lib/neutron/dhcp/5270d8b3-f6bc-4a11-873b-213e004a6150/addn_hosts - 3 addresses
Jun 20 05:46:10 gtw01 dnsmasq-dhcp[20805]: read /var/lib/neutron/dhcp/5270d8b3-f6bc-4a11-873b-213e004a6150/host
Jun 20 05:46:10 gtw01 dnsmasq-dhcp[20805]: read /var/lib/neutron/dhcp/5270d8b3-f6bc-4a11-873b-213e004a6150/opts
Jun 20 05:46:10 gtw01 dnsmasq[21608]: read /var/lib/neutron/dhcp/2f579355-4770-4b9b-a137-4c6c8c7a3ad8/addn_hosts - 2 addresses
Jun 20 05:46:10 gtw01 dnsmasq-dhcp[21608]: read /var/lib/neutron/dhcp/2f579355-4770-4b9b-a137-4c6c8c7a3ad8/host
Jun 20 05:46:10 gtw01 dnsmasq-dhcp[21608]: read /var/lib/neutron/dhcp/2f579355-4770-4b9b-a137-4c6c8c7a3ad8/opts
Jun 20 05:46:10 gtw01 dnsmasq[21444]: read /var/lib/neutron/dhcp/1352b622-528f-4084-b2f0-93028fd36cfe/addn_hosts - 3 addresses
Jun 20 05:46:10 gtw01 dnsmasq-dhcp[21444]: read /var/lib/neutron/dhcp/1352b622-528f-4084-b2f0-93028fd36cfe/host
Jun 20 05:46:10 gtw01 dnsmasq-dhcp[21444]: read /var/lib/neutron/dhcp/1352b622-528f-4084-b2f0-93028fd36cfe/opts
Jun 20 05:46:10 gtw01 dnsmasq[22176]: started, version 2.80 cachesize 150
Jun 20 05:46:10 gtw01 dnsmasq[22176]: DNS service limited to local subnets
Jun 20 05:46:10 gtw01 dnsmasq[22176]: compile time options: IPv6 GNU-getopt DBus i18n IDN DHCP DHCPv6 no-Lua TFTP conntrack ipset auth DNSSEC loop-detect inotify dumpfile
Jun 20 05:46:10 gtw01 dnsmasq[22176]: LOUD WARNING: listening on 11.11.11.2 may accept requests via interfaces other than tap559b3ca8-a5
Jun 20 05:46:10 gtw01 dnsmasq[22176]: LOUD WARNING: use --bind-dynamic rather than --bind-interfaces to avoid DNS amplification attacks via these interface(s)
Jun 20 05:46:10 gtw01 dnsmasq[22176]: warning: no upstream servers configured
Jun 20 05:46:10 gtw01 dnsmasq-dhcp[22176]: DHCP, static leases only on 11.11.11.0, lease time 1h
Jun 20 05:46:10 gtw01 dnsmasq[22176]: read /var/lib/neutron/dhcp/8cdf77dd-4ba0-4cd9-8d92-13a51a4a3672/addn_hosts - 1 addresses
Jun 20 05:46:10 gtw01 dnsmasq-dhcp[22176]: read /var/lib/neutron/dhcp/8cdf77dd-4ba0-4cd9-8d92-13a51a4a3672/host
Jun 20 05:46:10 gtw01 dnsmasq-dhcp[22176]: read /var/lib/neutron/dhcp/8cdf77dd-4ba0-4cd9-8d92-13a51a4a3672/opts
Jun 20 05:46:11 gtw01 haproxy-metadata-proxy-8cdf77dd-4ba0-4cd9-8d92-13a51a4a3672[22193]: Proxy listener started.
Jun 20 05:46:11 gtw01 dnsmasq[21608]: read /var/lib/neutron/dhcp/2f579355-4770-4b9b-a137-4c6c8c7a3ad8/addn_hosts - 3 addresses
Jun 20 05:46:11 gtw01 dnsmasq-dhcp[21608]: read /var/lib/neutron/dhcp/2f579355-4770-4b9b-a137-4c6c8c7a3ad8/host
Jun 20 05:46:11 gtw01 dnsmasq-dhcp[21608]: read /var/lib/neutron/dhcp/2f579355-4770-4b9b-a137-4c6c8c7a3ad8/opts
Jun 20 05:46:11 gtw01 dnsmasq[20805]: read /var/lib/neutron/dhcp/5270d8b3-f6bc-4a11-873b-213e004a6150/addn_hosts - 3 addresses
Jun 20 05:46:11 gtw01 dnsmasq-dhcp[20805]: read /var/lib/neutron/dhcp/5270d8b3-f6bc-4a11-873b-213e004a6150/host
Jun 20 05:46:11 gtw01 dnsmasq-dhcp[20805]: read /var/lib/neutron/dhcp/5270d8b3-f6bc-4a11-873b-213e004a6150/opts
Jun 20 05:46:12 gtw01 dnsmasq[21444]: read /var/lib/neutron/dhcp/1352b622-528f-4084-b2f0-93028fd36cfe/addn_hosts - 3 addresses
Jun 20 05:46:12 gtw01 dnsmasq-dhcp[21444]: read /var/lib/neutron/dhcp/1352b622-528f-4084-b2f0-93028fd36cfe/host
Jun 20 05:46:12 gtw01 dnsmasq-dhcp[21444]: read /var/lib/neutron/dhcp/1352b622-528f-4084-b2f0-93028fd36cfe/opts
Jun 20 05:46:12 gtw01 systemd-udevd[22306]: Could not generate persistent MAC address for qr-80ec2e91-fb: No such file or directory
Jun 20 05:46:12 gtw01 kernel: [12174.734159] device qr-80ec2e91-fb entered promiscuous mode
Jun 20 05:46:12 gtw01 dnsmasq[20805]: read /var/lib/neutron/dhcp/5270d8b3-f6bc-4a11-873b-213e004a6150/addn_hosts - 3 addresses
Jun 20 05:46:12 gtw01 dnsmasq-dhcp[20805]: read /var/lib/neutron/dhcp/5270d8b3-f6bc-4a11-873b-213e004a6150/host
Jun 20 05:46:12 gtw01 dnsmasq-dhcp[20805]: read /var/lib/neutron/dhcp/5270d8b3-f6bc-4a11-873b-213e004a6150/opts
Jun 20 05:46:13 gtw01 systemd-udevd[22400]: Could not generate persistent MAC address for vxlan_sys_4789: No such file or directory
Jun 20 05:46:13 gtw01 kernel: [12175.009150] device vxlan_sys_4789 entered promiscuous mode
Jun 20 05:46:13 gtw01 kernel: [12175.335766] IPv4: martian source 10.16.0.123 from 10.16.0.123, on dev qr-80ec2e91-fb
Jun 20 05:46:13 gtw01 kernel: [12175.335793] ll header: 00000000: ff ff ff ff ff ff fa 16 3e 64 b0 6c 08 06        ........>d.l..
Jun 20 05:46:13 gtw01 dnsmasq[21608]: read /var/lib/neutron/dhcp/2f579355-4770-4b9b-a137-4c6c8c7a3ad8/addn_hosts - 3 addresses
Jun 20 05:46:13 gtw01 dnsmasq-dhcp[21608]: read /var/lib/neutron/dhcp/2f579355-4770-4b9b-a137-4c6c8c7a3ad8/host
Jun 20 05:46:13 gtw01 dnsmasq-dhcp[21608]: read /var/lib/neutron/dhcp/2f579355-4770-4b9b-a137-4c6c8c7a3ad8/opts
Jun 20 05:46:13 gtw01 systemd-udevd[22495]: Could not generate persistent MAC address for qr-85a78fc6-df: No such file or directory
Jun 20 05:46:13 gtw01 kernel: [12175.403841] device qr-85a78fc6-df entered promiscuous mode
Jun 20 05:46:13 gtw01 dnsmasq[21444]: read /var/lib/neutron/dhcp/1352b622-528f-4084-b2f0-93028fd36cfe/addn_hosts - 3 addresses
Jun 20 05:46:13 gtw01 dnsmasq-dhcp[21444]: read /var/lib/neutron/dhcp/1352b622-528f-4084-b2f0-93028fd36cfe/host
Jun 20 05:46:13 gtw01 dnsmasq-dhcp[21444]: read /var/lib/neutron/dhcp/1352b622-528f-4084-b2f0-93028fd36cfe/opts
Jun 20 05:46:13 gtw01 dnsmasq[22176]: read /var/lib/neutron/dhcp/8cdf77dd-4ba0-4cd9-8d92-13a51a4a3672/addn_hosts - 3 addresses
Jun 20 05:46:13 gtw01 dnsmasq-dhcp[22176]: read /var/lib/neutron/dhcp/8cdf77dd-4ba0-4cd9-8d92-13a51a4a3672/host
Jun 20 05:46:13 gtw01 dnsmasq-dhcp[22176]: read /var/lib/neutron/dhcp/8cdf77dd-4ba0-4cd9-8d92-13a51a4a3672/opts
Jun 20 05:46:14 gtw01 haproxy-metadata-proxy-ec58022a-bd5d-421c-8b40-ac8d828f281c[22644]: Proxy listener started.
Jun 20 05:46:15 gtw01 dnsmasq[21608]: read /var/lib/neutron/dhcp/2f579355-4770-4b9b-a137-4c6c8c7a3ad8/addn_hosts - 3 addresses
Jun 20 05:46:15 gtw01 dnsmasq-dhcp[21608]: read /var/lib/neutron/dhcp/2f579355-4770-4b9b-a137-4c6c8c7a3ad8/host
Jun 20 05:46:15 gtw01 dnsmasq-dhcp[21608]: read /var/lib/neutron/dhcp/2f579355-4770-4b9b-a137-4c6c8c7a3ad8/opts
Jun 20 05:46:15 gtw01 dnsmasq[21444]: read /var/lib/neutron/dhcp/1352b622-528f-4084-b2f0-93028fd36cfe/addn_hosts - 3 addresses
Jun 20 05:46:15 gtw01 dnsmasq-dhcp[21444]: read /var/lib/neutron/dhcp/1352b622-528f-4084-b2f0-93028fd36cfe/host
Jun 20 05:46:15 gtw01 dnsmasq-dhcp[21444]: read /var/lib/neutron/dhcp/1352b622-528f-4084-b2f0-93028fd36cfe/opts
Jun 20 05:46:15 gtw01 kernel: [12177.307538] IPv4: martian source 11.11.11.1 from 11.11.11.1, on dev qr-85a78fc6-df
Jun 20 05:46:15 gtw01 kernel: [12177.307541] ll header: 00000000: ff ff ff ff ff ff fa 16 3e 59 13 ad 08 06        ........>Y....
Jun 20 05:46:15 gtw01 kernel: [12177.671437] IPv4: martian source 11.11.11.1 from 11.11.11.1, on dev qr-80ec2e91-fb
Jun 20 05:46:15 gtw01 kernel: [12177.671441] ll header: 00000000: ff ff ff ff ff ff fa 16 3e a5 e0 d3 08 06        ........>.....
Jun 20 05:46:16 gtw01 dnsmasq[22176]: read /var/lib/neutron/dhcp/8cdf77dd-4ba0-4cd9-8d92-13a51a4a3672/addn_hosts - 3 addresses
Jun 20 05:46:16 gtw01 dnsmasq-dhcp[22176]: read /var/lib/neutron/dhcp/8cdf77dd-4ba0-4cd9-8d92-13a51a4a3672/host
Jun 20 05:46:16 gtw01 dnsmasq-dhcp[22176]: read /var/lib/neutron/dhcp/8cdf77dd-4ba0-4cd9-8d92-13a51a4a3672/opts
Jun 20 05:46:16 gtw01 haproxy-metadata-proxy-ae3d657f-1abe-4bf1-924e-760ee44f6ceb[22798]: Proxy listener started.
Jun 20 05:46:16 gtw01 dnsmasq[21608]: read /var/lib/neutron/dhcp/2f579355-4770-4b9b-a137-4c6c8c7a3ad8/addn_hosts - 3 addresses
Jun 20 05:46:16 gtw01 dnsmasq-dhcp[21608]: read /var/lib/neutron/dhcp/2f579355-4770-4b9b-a137-4c6c8c7a3ad8/host
Jun 20 05:46:16 gtw01 dnsmasq-dhcp[21608]: read /var/lib/neutron/dhcp/2f579355-4770-4b9b-a137-4c6c8c7a3ad8/opts
Jun 20 05:46:16 gtw01 dnsmasq[21444]: read /var/lib/neutron/dhcp/1352b622-528f-4084-b2f0-93028fd36cfe/addn_hosts - 3 addresses
Jun 20 05:46:16 gtw01 dnsmasq-dhcp[21444]: read /var/lib/neutron/dhcp/1352b622-528f-4084-b2f0-93028fd36cfe/host
Jun 20 05:46:16 gtw01 dnsmasq-dhcp[21444]: read /var/lib/neutron/dhcp/1352b622-528f-4084-b2f0-93028fd36cfe/opts
Jun 20 05:46:17 gtw01 dnsmasq[22176]: read /var/lib/neutron/dhcp/8cdf77dd-4ba0-4cd9-8d92-13a51a4a3672/addn_hosts - 3 addresses
Jun 20 05:46:17 gtw01 dnsmasq-dhcp[22176]: read /var/lib/neutron/dhcp/8cdf77dd-4ba0-4cd9-8d92-13a51a4a3672/host
Jun 20 05:46:17 gtw01 dnsmasq-dhcp[22176]: read /var/lib/neutron/dhcp/8cdf77dd-4ba0-4cd9-8d92-13a51a4a3672/opts
Jun 20 05:46:17 gtw01 dnsmasq[21608]: read /var/lib/neutron/dhcp/2f579355-4770-4b9b-a137-4c6c8c7a3ad8/addn_hosts - 3 addresses
Jun 20 05:46:17 gtw01 dnsmasq-dhcp[21608]: read /var/lib/neutron/dhcp/2f579355-4770-4b9b-a137-4c6c8c7a3ad8/host
Jun 20 05:46:17 gtw01 dnsmasq-dhcp[21608]: read /var/lib/neutron/dhcp/2f579355-4770-4b9b-a137-4c6c8c7a3ad8/opts
Jun 20 05:46:18 gtw01 dnsmasq[21444]: read /var/lib/neutron/dhcp/1352b622-528f-4084-b2f0-93028fd36cfe/addn_hosts - 3 addresses
Jun 20 05:46:18 gtw01 dnsmasq-dhcp[21444]: read /var/lib/neutron/dhcp/1352b622-528f-4084-b2f0-93028fd36cfe/host
Jun 20 05:46:18 gtw01 dnsmasq-dhcp[21444]: read /var/lib/neutron/dhcp/1352b622-528f-4084-b2f0-93028fd36cfe/opts
Jun 20 05:46:18 gtw01 kernel: [12180.215453] IPv4: martian source 11.11.11.1 from 11.11.11.1, on dev qr-85a78fc6-df
Jun 20 05:46:18 gtw01 kernel: [12180.215456] ll header: 00000000: ff ff ff ff ff ff fa 16 3e 59 13 ad 08 06        ........>Y....
Jun 20 05:46:18 gtw01 dnsmasq[22176]: read /var/lib/neutron/dhcp/8cdf77dd-4ba0-4cd9-8d92-13a51a4a3672/addn_hosts - 3 addresses
Jun 20 05:46:18 gtw01 dnsmasq-dhcp[22176]: read /var/lib/neutron/dhcp/8cdf77dd-4ba0-4cd9-8d92-13a51a4a3672/host
Jun 20 05:46:18 gtw01 dnsmasq-dhcp[22176]: read /var/lib/neutron/dhcp/8cdf77dd-4ba0-4cd9-8d92-13a51a4a3672/opts
Jun 20 05:46:18 gtw01 kernel: [12180.643530] IPv4: martian source 11.11.11.1 from 11.11.11.1, on dev qr-80ec2e91-fb
Jun 20 05:46:18 gtw01 kernel: [12180.643533] ll header: 00000000: ff ff ff ff ff ff fa 16 3e a5 e0 d3 08 06        ........>.....
Jun 20 05:46:19 gtw01 dnsmasq[21444]: read /var/lib/neutron/dhcp/1352b622-528f-4084-b2f0-93028fd36cfe/addn_hosts - 3 addresses
Jun 20 05:46:19 gtw01 dnsmasq-dhcp[21444]: read /var/lib/neutron/dhcp/1352b622-528f-4084-b2f0-93028fd36cfe/host
Jun 20 05:46:19 gtw01 dnsmasq-dhcp[21444]: read /var/lib/neutron/dhcp/1352b622-528f-4084-b2f0-93028fd36cfe/opts
Jun 20 05:46:19 gtw01 dnsmasq[21608]: read /var/lib/neutron/dhcp/2f579355-4770-4b9b-a137-4c6c8c7a3ad8/addn_hosts - 3 addresses
Jun 20 05:46:19 gtw01 dnsmasq-dhcp[21608]: read /var/lib/neutron/dhcp/2f579355-4770-4b9b-a137-4c6c8c7a3ad8/host
Jun 20 05:46:19 gtw01 dnsmasq-dhcp[21608]: read /var/lib/neutron/dhcp/2f579355-4770-4b9b-a137-4c6c8c7a3ad8/opts
Jun 20 05:46:20 gtw01 dnsmasq[22176]: read /var/lib/neutron/dhcp/8cdf77dd-4ba0-4cd9-8d92-13a51a4a3672/addn_hosts - 3 addresses
Jun 20 05:46:20 gtw01 dnsmasq-dhcp[22176]: read /var/lib/neutron/dhcp/8cdf77dd-4ba0-4cd9-8d92-13a51a4a3672/host
Jun 20 05:46:20 gtw01 dnsmasq-dhcp[22176]: read /var/lib/neutron/dhcp/8cdf77dd-4ba0-4cd9-8d92-13a51a4a3672/opts
Jun 20 05:46:20 gtw01 dnsmasq[20805]: read /var/lib/neutron/dhcp/5270d8b3-f6bc-4a11-873b-213e004a6150/addn_hosts - 2 addresses
Jun 20 05:46:20 gtw01 dnsmasq-dhcp[20805]: read /var/lib/neutron/dhcp/5270d8b3-f6bc-4a11-873b-213e004a6150/host
Jun 20 05:46:20 gtw01 dnsmasq-dhcp[20805]: read /var/lib/neutron/dhcp/5270d8b3-f6bc-4a11-873b-213e004a6150/opts
Jun 20 05:46:20 gtw01 dnsmasq[21608]: read /var/lib/neutron/dhcp/2f579355-4770-4b9b-a137-4c6c8c7a3ad8/addn_hosts - 3 addresses
Jun 20 05:46:20 gtw01 dnsmasq-dhcp[21608]: read /var/lib/neutron/dhcp/2f579355-4770-4b9b-a137-4c6c8c7a3ad8/host
Jun 20 05:46:20 gtw01 dnsmasq-dhcp[21608]: read /var/lib/neutron/dhcp/2f579355-4770-4b9b-a137-4c6c8c7a3ad8/opts
Jun 20 05:46:21 gtw01 systemd-udevd[23118]: Could not generate persistent MAC address for qr-a46c8bd7-27: No such file or directory
Jun 20 05:46:21 gtw01 kernel: [12182.886990] device qr-a46c8bd7-27 entered promiscuous mode
Jun 20 05:46:21 gtw01 kernel: [12183.136264] IPv4: martian source 11.11.11.1 from 11.11.11.1, on dev qr-85a78fc6-df
Jun 20 05:46:21 gtw01 kernel: [12183.136273] ll header: 00000000: ff ff ff ff ff ff fa 16 3e 59 13 ad 08 06        ........>Y....
Jun 20 05:46:21 gtw01 kernel: [12183.136283] IPv4: martian source 11.11.11.1 from 11.11.11.1, on dev qr-a46c8bd7-27
Jun 20 05:46:21 gtw01 kernel: [12183.136284] ll header: 00000000: ff ff ff ff ff ff fa 16 3e 59 13 ad 08 06        ........>Y....
Jun 20 05:46:21 gtw01 dnsmasq[22176]: read /var/lib/neutron/dhcp/8cdf77dd-4ba0-4cd9-8d92-13a51a4a3672/addn_hosts - 3 addresses
Jun 20 05:46:21 gtw01 dnsmasq-dhcp[22176]: read /var/lib/neutron/dhcp/8cdf77dd-4ba0-4cd9-8d92-13a51a4a3672/host
Jun 20 05:46:21 gtw01 dnsmasq-dhcp[22176]: read /var/lib/neutron/dhcp/8cdf77dd-4ba0-4cd9-8d92-13a51a4a3672/opts
Jun 20 05:46:21 gtw01 haproxy-metadata-proxy-5270d8b3-f6bc-4a11-873b-213e004a6150[23216]: Proxy listener started.
Jun 20 05:46:21 gtw01 systemd-udevd[23241]: Could not generate persistent MAC address for qr-399ee1c4-a9: No such file or directory
Jun 20 05:46:21 gtw01 kernel: [12183.504213] device qr-399ee1c4-a9 entered promiscuous mode
Jun 20 05:46:21 gtw01 kernel: [12183.748493] IPv4: martian source 11.11.11.1 from 11.11.11.1, on dev qr-80ec2e91-fb
Jun 20 05:46:21 gtw01 kernel: [12183.748497] ll header: 00000000: ff ff ff ff ff ff fa 16 3e a5 e0 d3 08 06        ........>.....
Jun 20 05:46:21 gtw01 kernel: [12183.748504] IPv4: martian source 11.11.11.1 from 11.11.11.1, on dev qr-a46c8bd7-27
Jun 20 05:46:21 gtw01 kernel: [12183.748505] ll header: 00000000: ff ff ff ff ff ff fa 16 3e a5 e0 d3 08 06        ........>.....
Jun 20 05:46:21 gtw01 kernel: [12183.748509] IPv4: martian source 11.11.11.1 from 11.11.11.1, on dev qr-399ee1c4-a9
Jun 20 05:46:21 gtw01 kernel: [12183.748510] ll header: 00000000: ff ff ff ff ff ff fa 16 3e a5 e0 d3 08 06        ........>.....
Jun 20 05:46:22 gtw01 dnsmasq[20805]: read /var/lib/neutron/dhcp/5270d8b3-f6bc-4a11-873b-213e004a6150/addn_hosts - 2 addresses
Jun 20 05:46:22 gtw01 dnsmasq-dhcp[20805]: read /var/lib/neutron/dhcp/5270d8b3-f6bc-4a11-873b-213e004a6150/host
Jun 20 05:46:22 gtw01 dnsmasq-dhcp[20805]: read /var/lib/neutron/dhcp/5270d8b3-f6bc-4a11-873b-213e004a6150/opts
Jun 20 05:46:22 gtw01 dnsmasq[22176]: read /var/lib/neutron/dhcp/8cdf77dd-4ba0-4cd9-8d92-13a51a4a3672/addn_hosts - 3 addresses
Jun 20 05:46:22 gtw01 dnsmasq-dhcp[22176]: read /var/lib/neutron/dhcp/8cdf77dd-4ba0-4cd9-8d92-13a51a4a3672/host
Jun 20 05:46:22 gtw01 dnsmasq-dhcp[22176]: read /var/lib/neutron/dhcp/8cdf77dd-4ba0-4cd9-8d92-13a51a4a3672/opts
Jun 20 05:46:22 gtw01 kernel: [12184.515568] IPv4: martian source 11.11.11.1 from 11.11.11.1, on dev qr-80ec2e91-fb
Jun 20 05:46:22 gtw01 kernel: [12184.515571] ll header: 00000000: ff ff ff ff ff ff fa 16 3e a4 ab c9 08 06        ........>.....
Jun 20 05:46:22 gtw01 kernel: [12184.515576] IPv4: martian source 11.11.11.1 from 11.11.11.1, on dev qr-85a78fc6-df
Jun 20 05:46:22 gtw01 kernel: [12184.515577] ll header: 00000000: ff ff ff ff ff ff fa 16 3e a4 ab c9 08 06        ........>.....
Jun 20 05:46:22 gtw01 kernel: [12184.515581] IPv4: martian source 11.11.11.1 from 11.11.11.1, on dev qr-399ee1c4-a9
Jun 20 05:46:22 gtw01 kernel: [12184.515582] ll header: 00000000: ff ff ff ff ff ff fa 16 3e a4 ab c9 08 06        ........>.....
Jun 20 05:46:23 gtw01 dnsmasq[21608]: read /var/lib/neutron/dhcp/2f579355-4770-4b9b-a137-4c6c8c7a3ad8/addn_hosts - 3 addresses
Jun 20 05:46:23 gtw01 dnsmasq-dhcp[21608]: read /var/lib/neutron/dhcp/2f579355-4770-4b9b-a137-4c6c8c7a3ad8/host
Jun 20 05:46:23 gtw01 dnsmasq-dhcp[21608]: read /var/lib/neutron/dhcp/2f579355-4770-4b9b-a137-4c6c8c7a3ad8/opts
Jun 20 05:46:23 gtw01 kernel: [12185.271728] IPv4: martian source 11.11.11.1 from 11.11.11.1, on dev qr-80ec2e91-fb
Jun 20 05:46:23 gtw01 kernel: [12185.271732] ll header: 00000000: ff ff ff ff ff ff fa 16 3e 65 e8 8f 08 06        ........>e....
Jun 20 05:46:23 gtw01 dnsmasq[22176]: read /var/lib/neutron/dhcp/8cdf77dd-4ba0-4cd9-8d92-13a51a4a3672/addn_hosts - 3 addresses
Jun 20 05:46:23 gtw01 dnsmasq-dhcp[22176]: read /var/lib/neutron/dhcp/8cdf77dd-4ba0-4cd9-8d92-13a51a4a3672/host
Jun 20 05:46:23 gtw01 dnsmasq-dhcp[22176]: read /var/lib/neutron/dhcp/8cdf77dd-4ba0-4cd9-8d92-13a51a4a3672/opts
Jun 20 05:46:24 gtw01 dnsmasq[21608]: read /var/lib/neutron/dhcp/2f579355-4770-4b9b-a137-4c6c8c7a3ad8/addn_hosts - 2 addresses
Jun 20 05:46:24 gtw01 dnsmasq-dhcp[21608]: read /var/lib/neutron/dhcp/2f579355-4770-4b9b-a137-4c6c8c7a3ad8/host
Jun 20 05:46:24 gtw01 dnsmasq-dhcp[21608]: read /var/lib/neutron/dhcp/2f579355-4770-4b9b-a137-4c6c8c7a3ad8/opts
Jun 20 05:46:24 gtw01 dnsmasq[22176]: read /var/lib/neutron/dhcp/8cdf77dd-4ba0-4cd9-8d92-13a51a4a3672/addn_hosts - 3 addresses
Jun 20 05:46:24 gtw01 dnsmasq-dhcp[22176]: read /var/lib/neutron/dhcp/8cdf77dd-4ba0-4cd9-8d92-13a51a4a3672/host
Jun 20 05:46:24 gtw01 dnsmasq-dhcp[22176]: read /var/lib/neutron/dhcp/8cdf77dd-4ba0-4cd9-8d92-13a51a4a3672/opts
Jun 20 05:46:25 gtw01 kernel: [12186.914847] device qr-80ec2e91-fb left promiscuous mode
Jun 20 05:46:25 gtw01 haproxy-metadata-proxy-2f579355-4770-4b9b-a137-4c6c8c7a3ad8[23549]: Proxy listener started.
Jun 20 05:46:25 gtw01 kernel: [12187.235594] net_ratelimit: 2 callbacks suppressed
Jun 20 05:46:25 gtw01 kernel: [12187.235597] IPv4: martian source 11.11.11.1 from 11.11.11.1, on dev qr-85a78fc6-df
Jun 20 05:46:25 gtw01 kernel: [12187.235600] ll header: 00000000: ff ff ff ff ff ff fa 16 3e a4 ab c9 08 06        ........>.....
Jun 20 05:46:25 gtw01 kernel: [12187.235605] IPv4: martian source 11.11.11.1 from 11.11.11.1, on dev qr-399ee1c4-a9
Jun 20 05:46:25 gtw01 kernel: [12187.235606] ll header: 00000000: ff ff ff ff ff ff fa 16 3e a4 ab c9 08 06        ........>.....
Jun 20 05:46:25 gtw01 dnsmasq[22176]: read /var/lib/neutron/dhcp/8cdf77dd-4ba0-4cd9-8d92-13a51a4a3672/addn_hosts - 3 addresses
Jun 20 05:46:25 gtw01 dnsmasq-dhcp[22176]: read /var/lib/neutron/dhcp/8cdf77dd-4ba0-4cd9-8d92-13a51a4a3672/host
Jun 20 05:46:25 gtw01 dnsmasq-dhcp[22176]: read /var/lib/neutron/dhcp/8cdf77dd-4ba0-4cd9-8d92-13a51a4a3672/opts
Jun 20 05:46:25 gtw01 dnsmasq[20805]: read /var/lib/neutron/dhcp/5270d8b3-f6bc-4a11-873b-213e004a6150/addn_hosts - 1 addresses
Jun 20 05:46:25 gtw01 dnsmasq-dhcp[20805]: read /var/lib/neutron/dhcp/5270d8b3-f6bc-4a11-873b-213e004a6150/host
Jun 20 05:46:25 gtw01 dnsmasq-dhcp[20805]: read /var/lib/neutron/dhcp/5270d8b3-f6bc-4a11-873b-213e004a6150/opts
Jun 20 05:46:26 gtw01 kernel: [12187.916163] IPv4: martian source 11.11.11.1 from 11.11.11.1, on dev qr-85a78fc6-df
Jun 20 05:46:26 gtw01 kernel: [12187.916168] ll header: 00000000: ff ff ff ff ff ff fa 16 3e 65 e8 8f 08 06        ........>e....
Jun 20 05:46:26 gtw01 kernel: [12187.916175] IPv4: martian source 11.11.11.1 from 11.11.11.1, on dev qr-a46c8bd7-27
Jun 20 05:46:26 gtw01 kernel: [12187.916177] ll header: 00000000: ff ff ff ff ff ff fa 16 3e 65 e8 8f 08 06        ........>e....
Jun 20 05:46:27 gtw01 dnsmasq[21608]: read /var/lib/neutron/dhcp/2f579355-4770-4b9b-a137-4c6c8c7a3ad8/addn_hosts - 1 addresses
Jun 20 05:46:27 gtw01 dnsmasq-dhcp[21608]: read /var/lib/neutron/dhcp/2f579355-4770-4b9b-a137-4c6c8c7a3ad8/host
Jun 20 05:46:27 gtw01 dnsmasq-dhcp[21608]: read /var/lib/neutron/dhcp/2f579355-4770-4b9b-a137-4c6c8c7a3ad8/opts
Jun 20 05:46:27 gtw01 kernel: [12189.823495] IPv4: martian source 11.11.11.1 from 11.11.11.1, on dev qr-85a78fc6-df
Jun 20 05:46:27 gtw01 kernel: [12189.823498] ll header: 00000000: ff ff ff ff ff ff fa 16 3e a4 ab c9 08 06        ........>.....
Jun 20 05:46:27 gtw01 kernel: [12189.823502] IPv4: martian source 11.11.11.1 from 11.11.11.1, on dev qr-399ee1c4-a9
Jun 20 05:46:27 gtw01 kernel: [12189.823503] ll header: 00000000: ff ff ff ff ff ff fa 16 3e a4 ab c9 08 06        ........>.....
Jun 20 05:46:28 gtw01 dnsmasq[22176]: read /var/lib/neutron/dhcp/8cdf77dd-4ba0-4cd9-8d92-13a51a4a3672/addn_hosts - 3 addresses
Jun 20 05:46:28 gtw01 dnsmasq-dhcp[22176]: read /var/lib/neutron/dhcp/8cdf77dd-4ba0-4cd9-8d92-13a51a4a3672/host
Jun 20 05:46:28 gtw01 dnsmasq-dhcp[22176]: read /var/lib/neutron/dhcp/8cdf77dd-4ba0-4cd9-8d92-13a51a4a3672/opts
Jun 20 05:46:28 gtw01 kernel: [12190.153649] device qr-399ee1c4-a9 left promiscuous mode
Jun 20 05:46:28 gtw01 dnsmasq[21444]: read /var/lib/neutron/dhcp/1352b622-528f-4084-b2f0-93028fd36cfe/addn_hosts - 3 addresses
Jun 20 05:46:28 gtw01 dnsmasq-dhcp[21444]: read /var/lib/neutron/dhcp/1352b622-528f-4084-b2f0-93028fd36cfe/host
Jun 20 05:46:28 gtw01 dnsmasq-dhcp[21444]: read /var/lib/neutron/dhcp/1352b622-528f-4084-b2f0-93028fd36cfe/opts
Jun 20 05:46:28 gtw01 kernel: [12190.570718] device qg-8cc25d9f-0a left promiscuous mode
Jun 20 05:46:29 gtw01 kernel: [12190.967337] device vxlan_sys_4789 left promiscuous mode
Jun 20 05:46:29 gtw01 kernel: [12191.104449] device qg-806f29d9-7f left promiscuous mode
Jun 20 05:46:30 gtw01 kernel: [12192.045514] device tapb3b3c888-74 left promiscuous mode
Jun 20 05:46:30 gtw01 dnsmasq[21444]: read /var/lib/neutron/dhcp/1352b622-528f-4084-b2f0-93028fd36cfe/addn_hosts - 2 addresses
Jun 20 05:46:30 gtw01 dnsmasq-dhcp[21444]: read /var/lib/neutron/dhcp/1352b622-528f-4084-b2f0-93028fd36cfe/host
Jun 20 05:46:30 gtw01 dnsmasq-dhcp[21444]: read /var/lib/neutron/dhcp/1352b622-528f-4084-b2f0-93028fd36cfe/opts
Jun 20 05:46:31 gtw01 haproxy-metadata-proxy-1352b622-528f-4084-b2f0-93028fd36cfe[23846]: Proxy listener started.
Jun 20 05:46:32 gtw01 kernel: [12193.896850] device tapf9c06fcc-48 left promiscuous mode
Jun 20 05:46:32 gtw01 dnsmasq[21444]: read /var/lib/neutron/dhcp/1352b622-528f-4084-b2f0-93028fd36cfe/addn_hosts - 1 addresses
Jun 20 05:46:32 gtw01 dnsmasq-dhcp[21444]: read /var/lib/neutron/dhcp/1352b622-528f-4084-b2f0-93028fd36cfe/host
Jun 20 05:46:32 gtw01 dnsmasq-dhcp[21444]: read /var/lib/neutron/dhcp/1352b622-528f-4084-b2f0-93028fd36cfe/opts
Jun 20 05:46:32 gtw01 dnsmasq[22176]: read /var/lib/neutron/dhcp/8cdf77dd-4ba0-4cd9-8d92-13a51a4a3672/addn_hosts - 2 addresses
Jun 20 05:46:32 gtw01 dnsmasq-dhcp[22176]: read /var/lib/neutron/dhcp/8cdf77dd-4ba0-4cd9-8d92-13a51a4a3672/host
Jun 20 05:46:32 gtw01 dnsmasq-dhcp[22176]: read /var/lib/neutron/dhcp/8cdf77dd-4ba0-4cd9-8d92-13a51a4a3672/opts
Jun 20 05:46:34 gtw01 dnsmasq[22176]: read /var/lib/neutron/dhcp/8cdf77dd-4ba0-4cd9-8d92-13a51a4a3672/addn_hosts - 1 addresses
Jun 20 05:46:34 gtw01 dnsmasq-dhcp[22176]: read /var/lib/neutron/dhcp/8cdf77dd-4ba0-4cd9-8d92-13a51a4a3672/host
Jun 20 05:46:34 gtw01 dnsmasq-dhcp[22176]: read /var/lib/neutron/dhcp/8cdf77dd-4ba0-4cd9-8d92-13a51a4a3672/opts
Jun 20 05:46:34 gtw01 kernel: [12196.092289] device qr-85a78fc6-df left promiscuous mode
Jun 20 05:46:34 gtw01 haproxy-metadata-proxy-8cdf77dd-4ba0-4cd9-8d92-13a51a4a3672[23941]: Proxy listener started.
Jun 20 05:46:35 gtw01 kernel: [12196.929819] device qg-1baa393c-a5 left promiscuous mode
