May 25 18:15:17 gtw01 dnsmasq-dhcp[19993]: read /var/lib/neutron/dhcp/29d27f5d-dbe9-4940-be28-833ce7d98b61/host
May 25 18:15:17 gtw01 dnsmasq-dhcp[19993]: read /var/lib/neutron/dhcp/29d27f5d-dbe9-4940-be28-833ce7d98b61/opts
May 25 18:15:17 gtw01 kernel: [10940.447959] device qr-05202b8c-9a left promiscuous mode
May 25 18:15:18 gtw01 dnsmasq[19656]: read /var/lib/neutron/dhcp/67464391-17a8-4550-9013-8742ff0642c2/addn_hosts - 1 addresses
May 25 18:15:18 gtw01 dnsmasq-dhcp[19656]: read /var/lib/neutron/dhcp/67464391-17a8-4550-9013-8742ff0642c2/host
May 25 18:15:18 gtw01 dnsmasq-dhcp[19656]: read /var/lib/neutron/dhcp/67464391-17a8-4550-9013-8742ff0642c2/opts
May 25 18:15:18 gtw01 kernel: [10941.097111] device tapb8c4bab7-40 left promiscuous mode
May 25 18:15:18 gtw01 kernel: [10941.378310] device qg-3cf4beb1-ae left promiscuous mode
May 25 18:15:19 gtw01 dnsmasq[19993]: read /var/lib/neutron/dhcp/29d27f5d-dbe9-4940-be28-833ce7d98b61/addn_hosts - 2 addresses
May 25 18:15:19 gtw01 dnsmasq-dhcp[19993]: read /var/lib/neutron/dhcp/29d27f5d-dbe9-4940-be28-833ce7d98b61/host
May 25 18:15:19 gtw01 dnsmasq-dhcp[19993]: read /var/lib/neutron/dhcp/29d27f5d-dbe9-4940-be28-833ce7d98b61/opts
May 25 18:15:19 gtw01 dnsmasq[19037]: read /var/lib/neutron/dhcp/8428a8e4-d2ab-4e52-8c3f-0035abc0076e/addn_hosts - 2 addresses
May 25 18:15:19 gtw01 dnsmasq-dhcp[19037]: read /var/lib/neutron/dhcp/8428a8e4-d2ab-4e52-8c3f-0035abc0076e/host
May 25 18:15:19 gtw01 dnsmasq-dhcp[19037]: read /var/lib/neutron/dhcp/8428a8e4-d2ab-4e52-8c3f-0035abc0076e/opts
May 25 18:15:19 gtw01 haproxy-metadata-proxy-29d27f5d-dbe9-4940-be28-833ce7d98b61[21900]: Proxy listener started.
May 25 18:15:20 gtw01 haproxy-metadata-proxy-8428a8e4-d2ab-4e52-8c3f-0035abc0076e[21931]: Proxy listener started.
May 25 18:15:20 gtw01 dnsmasq[19993]: read /var/lib/neutron/dhcp/29d27f5d-dbe9-4940-be28-833ce7d98b61/addn_hosts - 1 addresses
May 25 18:15:20 gtw01 dnsmasq-dhcp[19993]: read /var/lib/neutron/dhcp/29d27f5d-dbe9-4940-be28-833ce7d98b61/host
May 25 18:15:20 gtw01 dnsmasq-dhcp[19993]: read /var/lib/neutron/dhcp/29d27f5d-dbe9-4940-be28-833ce7d98b61/opts
May 25 18:15:20 gtw01 dnsmasq[19037]: read /var/lib/neutron/dhcp/8428a8e4-d2ab-4e52-8c3f-0035abc0076e/addn_hosts - 1 addresses
May 25 18:15:20 gtw01 dnsmasq-dhcp[19037]: read /var/lib/neutron/dhcp/8428a8e4-d2ab-4e52-8c3f-0035abc0076e/host
May 25 18:15:20 gtw01 dnsmasq-dhcp[19037]: read /var/lib/neutron/dhcp/8428a8e4-d2ab-4e52-8c3f-0035abc0076e/opts
May 25 18:15:22 gtw01 kernel: [10945.466149] device tapc100c354-6e left promiscuous mode
May 25 18:15:23 gtw01 kernel: [10945.561224] device qr-ae75e434-bf left promiscuous mode
May 25 18:15:23 gtw01 kernel: [10945.637778] device qr-eca276a6-3d left promiscuous mode
May 25 18:15:23 gtw01 kernel: [10946.378975] device qg-0bd7e983-86 left promiscuous mode
May 25 18:15:24 gtw01 kernel: [10947.187769] device tap7ad412c9-29 left promiscuous mode
May 25 18:15:25 gtw01 kernel: [10947.540209] device tapd84a728f-b0 left promiscuous mode
May 25 18:15:26 gtw01 kernel: [10948.756955] device qg-3d876fac-00 left promiscuous mode
May 25 18:15:30 gtw01 systemd-udevd[22263]: Could not generate persistent MAC address for qg-6c7436f0-ac: No such file or directory
May 25 18:15:30 gtw01 kernel: [10953.196913] device qg-6c7436f0-ac entered promiscuous mode
May 25 18:15:31 gtw01 kernel: [10954.414859] device tap7cdb47bd-2f entered promiscuous mode
May 25 18:15:31 gtw01 systemd-udevd[22389]: Could not generate persistent MAC address for tap7cdb47bd-2f: No such file or directory
May 25 18:15:31 gtw01 systemd-udevd[22389]: Process '/sbin/ip link set tap7cdb47bd-2f txqueuelen 10000' failed with exit code 1.
May 25 18:15:32 gtw01 systemd-udevd[22474]: Process '/sbin/ip link set tap7cdb47bd-2f txqueuelen 10000' failed with exit code 1.
May 25 18:15:35 gtw01 dnsmasq[22610]: started, version 2.80 cachesize 150
May 25 18:15:35 gtw01 dnsmasq[22610]: DNS service limited to local subnets
May 25 18:15:35 gtw01 dnsmasq[22610]: compile time options: IPv6 GNU-getopt DBus i18n IDN DHCP DHCPv6 no-Lua TFTP conntrack ipset auth DNSSEC loop-detect inotify dumpfile
May 25 18:15:35 gtw01 dnsmasq[22610]: LOUD WARNING: listening on 11.11.11.2 may accept requests via interfaces other than tap7cdb47bd-2f
May 25 18:15:35 gtw01 dnsmasq[22610]: LOUD WARNING: use --bind-dynamic rather than --bind-interfaces to avoid DNS amplification attacks via these interface(s)
May 25 18:15:35 gtw01 dnsmasq[22610]: warning: no upstream servers configured
May 25 18:15:35 gtw01 dnsmasq-dhcp[22610]: DHCP, static leases only on 11.11.11.0, lease time 1h
May 25 18:15:35 gtw01 dnsmasq[22610]: read /var/lib/neutron/dhcp/1ba4dac1-42a4-4d05-928e-8301474e24b0/addn_hosts - 1 addresses
May 25 18:15:35 gtw01 dnsmasq-dhcp[22610]: read /var/lib/neutron/dhcp/1ba4dac1-42a4-4d05-928e-8301474e24b0/host
May 25 18:15:35 gtw01 dnsmasq-dhcp[22610]: read /var/lib/neutron/dhcp/1ba4dac1-42a4-4d05-928e-8301474e24b0/opts
May 25 18:15:35 gtw01 haproxy-metadata-proxy-1ba4dac1-42a4-4d05-928e-8301474e24b0[22623]: Proxy listener started.
May 25 18:15:35 gtw01 systemd-udevd[22646]: Could not generate persistent MAC address for tap6c49539d-d7: No such file or directory
May 25 18:15:35 gtw01 kernel: [10958.458440] device tap6c49539d-d7 entered promiscuous mode
May 25 18:15:36 gtw01 systemd-udevd[22646]: Process '/sbin/ip link set tap6c49539d-d7 txqueuelen 10000' failed with exit code 1.
May 25 18:15:36 gtw01 systemd-udevd[22726]: Process '/sbin/ip link set tap6c49539d-d7 txqueuelen 10000' failed with exit code 1.
May 25 18:15:36 gtw01 dnsmasq[22610]: read /var/lib/neutron/dhcp/1ba4dac1-42a4-4d05-928e-8301474e24b0/addn_hosts - 3 addresses
May 25 18:15:36 gtw01 dnsmasq-dhcp[22610]: read /var/lib/neutron/dhcp/1ba4dac1-42a4-4d05-928e-8301474e24b0/host
May 25 18:15:36 gtw01 dnsmasq-dhcp[22610]: read /var/lib/neutron/dhcp/1ba4dac1-42a4-4d05-928e-8301474e24b0/opts
May 25 18:15:37 gtw01 haproxy-metadata-proxy-b3181613-b5c2-45c7-a613-c40e677d34a0[22799]: Proxy listener started.
May 25 18:15:37 gtw01 dnsmasq[22610]: read /var/lib/neutron/dhcp/1ba4dac1-42a4-4d05-928e-8301474e24b0/addn_hosts - 3 addresses
May 25 18:15:37 gtw01 dnsmasq-dhcp[22610]: read /var/lib/neutron/dhcp/1ba4dac1-42a4-4d05-928e-8301474e24b0/host
May 25 18:15:37 gtw01 dnsmasq-dhcp[22610]: read /var/lib/neutron/dhcp/1ba4dac1-42a4-4d05-928e-8301474e24b0/opts
May 25 18:15:38 gtw01 dnsmasq[22610]: read /var/lib/neutron/dhcp/1ba4dac1-42a4-4d05-928e-8301474e24b0/addn_hosts - 3 addresses
May 25 18:15:38 gtw01 dnsmasq-dhcp[22610]: read /var/lib/neutron/dhcp/1ba4dac1-42a4-4d05-928e-8301474e24b0/host
May 25 18:15:38 gtw01 dnsmasq-dhcp[22610]: read /var/lib/neutron/dhcp/1ba4dac1-42a4-4d05-928e-8301474e24b0/opts
May 25 18:15:39 gtw01 dnsmasq[22896]: started, version 2.80 cachesize 150
May 25 18:15:39 gtw01 dnsmasq[22896]: DNS service limited to local subnets
May 25 18:15:39 gtw01 dnsmasq[22896]: compile time options: IPv6 GNU-getopt DBus i18n IDN DHCP DHCPv6 no-Lua TFTP conntrack ipset auth DNSSEC loop-detect inotify dumpfile
May 25 18:15:39 gtw01 dnsmasq[22896]: LOUD WARNING: listening on 11.11.11.2 may accept requests via interfaces other than tap6c49539d-d7
May 25 18:15:39 gtw01 dnsmasq[22896]: LOUD WARNING: use --bind-dynamic rather than --bind-interfaces to avoid DNS amplification attacks via these interface(s)
May 25 18:15:39 gtw01 dnsmasq[22896]: warning: no upstream servers configured
May 25 18:15:39 gtw01 dnsmasq-dhcp[22896]: DHCP, static leases only on 11.11.11.0, lease time 1h
May 25 18:15:39 gtw01 dnsmasq[22896]: read /var/lib/neutron/dhcp/d8c373d7-cefc-4ad2-8bec-ed675e54c69b/addn_hosts - 1 addresses
May 25 18:15:39 gtw01 dnsmasq-dhcp[22896]: read /var/lib/neutron/dhcp/d8c373d7-cefc-4ad2-8bec-ed675e54c69b/host
May 25 18:15:39 gtw01 dnsmasq-dhcp[22896]: read /var/lib/neutron/dhcp/d8c373d7-cefc-4ad2-8bec-ed675e54c69b/opts
May 25 18:15:39 gtw01 dnsmasq[22610]: read /var/lib/neutron/dhcp/1ba4dac1-42a4-4d05-928e-8301474e24b0/addn_hosts - 3 addresses
May 25 18:15:39 gtw01 dnsmasq-dhcp[22610]: read /var/lib/neutron/dhcp/1ba4dac1-42a4-4d05-928e-8301474e24b0/host
May 25 18:15:39 gtw01 dnsmasq-dhcp[22610]: read /var/lib/neutron/dhcp/1ba4dac1-42a4-4d05-928e-8301474e24b0/opts
May 25 18:15:39 gtw01 haproxy-metadata-proxy-d8c373d7-cefc-4ad2-8bec-ed675e54c69b[22904]: Proxy listener started.
May 25 18:15:40 gtw01 dnsmasq[22610]: read /var/lib/neutron/dhcp/1ba4dac1-42a4-4d05-928e-8301474e24b0/addn_hosts - 3 addresses
May 25 18:15:40 gtw01 dnsmasq-dhcp[22610]: read /var/lib/neutron/dhcp/1ba4dac1-42a4-4d05-928e-8301474e24b0/host
May 25 18:15:40 gtw01 dnsmasq-dhcp[22610]: read /var/lib/neutron/dhcp/1ba4dac1-42a4-4d05-928e-8301474e24b0/opts
May 25 18:15:40 gtw01 dnsmasq[22896]: read /var/lib/neutron/dhcp/d8c373d7-cefc-4ad2-8bec-ed675e54c69b/addn_hosts - 2 addresses
May 25 18:15:40 gtw01 dnsmasq-dhcp[22896]: read /var/lib/neutron/dhcp/d8c373d7-cefc-4ad2-8bec-ed675e54c69b/host
May 25 18:15:40 gtw01 dnsmasq-dhcp[22896]: read /var/lib/neutron/dhcp/d8c373d7-cefc-4ad2-8bec-ed675e54c69b/opts
May 25 18:15:40 gtw01 systemd-udevd[22975]: Could not generate persistent MAC address for tap9f8a87a6-4f: No such file or directory
May 25 18:15:40 gtw01 kernel: [10963.397868] device tap9f8a87a6-4f entered promiscuous mode
May 25 18:15:40 gtw01 systemd-udevd[22975]: Process '/sbin/ip link set tap9f8a87a6-4f txqueuelen 10000' failed with exit code 1.
May 25 18:15:41 gtw01 systemd-udevd[22975]: Process '/sbin/ip link set tap9f8a87a6-4f txqueuelen 10000' failed with exit code 1.
May 25 18:15:41 gtw01 dnsmasq[22610]: read /var/lib/neutron/dhcp/1ba4dac1-42a4-4d05-928e-8301474e24b0/addn_hosts - 3 addresses
May 25 18:15:41 gtw01 dnsmasq-dhcp[22610]: read /var/lib/neutron/dhcp/1ba4dac1-42a4-4d05-928e-8301474e24b0/host
May 25 18:15:41 gtw01 dnsmasq-dhcp[22610]: read /var/lib/neutron/dhcp/1ba4dac1-42a4-4d05-928e-8301474e24b0/opts
May 25 18:15:41 gtw01 kernel: [10964.505030] device qr-aba0eb3b-93 entered promiscuous mode
May 25 18:15:41 gtw01 systemd-udevd[23151]: Could not generate persistent MAC address for qr-aba0eb3b-93: No such file or directory
May 25 18:15:41 gtw01 dnsmasq[22896]: read /var/lib/neutron/dhcp/d8c373d7-cefc-4ad2-8bec-ed675e54c69b/addn_hosts - 2 addresses
May 25 18:15:41 gtw01 dnsmasq-dhcp[22896]: read /var/lib/neutron/dhcp/d8c373d7-cefc-4ad2-8bec-ed675e54c69b/host
May 25 18:15:41 gtw01 dnsmasq-dhcp[22896]: read /var/lib/neutron/dhcp/d8c373d7-cefc-4ad2-8bec-ed675e54c69b/opts
May 25 18:15:42 gtw01 kernel: [10964.564712] device qg-add7fa7b-d3 entered promiscuous mode
May 25 18:15:42 gtw01 systemd-udevd[23201]: Could not generate persistent MAC address for qg-add7fa7b-d3: No such file or directory
May 25 18:15:42 gtw01 systemd-udevd[23310]: Could not generate persistent MAC address for tap6e6ebc67-67: No such file or directory
May 25 18:15:42 gtw01 kernel: [10964.776624] device tap6e6ebc67-67 entered promiscuous mode
May 25 18:15:42 gtw01 systemd-udevd[23310]: Process '/sbin/ip link set tap6e6ebc67-67 txqueuelen 10000' failed with exit code 1.
May 25 18:15:42 gtw01 systemd-udevd[23309]: Process '/sbin/ip link set tap6e6ebc67-67 txqueuelen 10000' failed with exit code 1.
May 25 18:15:43 gtw01 dnsmasq[22610]: read /var/lib/neutron/dhcp/1ba4dac1-42a4-4d05-928e-8301474e24b0/addn_hosts - 3 addresses
May 25 18:15:43 gtw01 dnsmasq-dhcp[22610]: read /var/lib/neutron/dhcp/1ba4dac1-42a4-4d05-928e-8301474e24b0/host
May 25 18:15:43 gtw01 dnsmasq-dhcp[22610]: read /var/lib/neutron/dhcp/1ba4dac1-42a4-4d05-928e-8301474e24b0/opts
May 25 18:15:43 gtw01 dnsmasq[22896]: read /var/lib/neutron/dhcp/d8c373d7-cefc-4ad2-8bec-ed675e54c69b/addn_hosts - 2 addresses
May 25 18:15:43 gtw01 dnsmasq-dhcp[22896]: read /var/lib/neutron/dhcp/d8c373d7-cefc-4ad2-8bec-ed675e54c69b/host
May 25 18:15:43 gtw01 dnsmasq-dhcp[22896]: read /var/lib/neutron/dhcp/d8c373d7-cefc-4ad2-8bec-ed675e54c69b/opts
May 25 18:15:44 gtw01 salt-minion[13792]: [INFO    ] Running scheduled job: __mine_interval
May 25 18:15:44 gtw01 systemd-udevd[23555]: Could not generate persistent MAC address for qg-c27517fe-d0: No such file or directory
May 25 18:15:44 gtw01 kernel: [10966.589061] device qg-c27517fe-d0 entered promiscuous mode
May 25 18:15:44 gtw01 dnsmasq[22610]: read /var/lib/neutron/dhcp/1ba4dac1-42a4-4d05-928e-8301474e24b0/addn_hosts - 3 addresses
May 25 18:15:44 gtw01 dnsmasq-dhcp[22610]: read /var/lib/neutron/dhcp/1ba4dac1-42a4-4d05-928e-8301474e24b0/host
May 25 18:15:44 gtw01 dnsmasq-dhcp[22610]: read /var/lib/neutron/dhcp/1ba4dac1-42a4-4d05-928e-8301474e24b0/opts
May 25 18:15:45 gtw01 dnsmasq[22896]: read /var/lib/neutron/dhcp/d8c373d7-cefc-4ad2-8bec-ed675e54c69b/addn_hosts - 3 addresses
May 25 18:15:45 gtw01 dnsmasq-dhcp[22896]: read /var/lib/neutron/dhcp/d8c373d7-cefc-4ad2-8bec-ed675e54c69b/host
May 25 18:15:45 gtw01 dnsmasq-dhcp[22896]: read /var/lib/neutron/dhcp/d8c373d7-cefc-4ad2-8bec-ed675e54c69b/opts
May 25 18:15:46 gtw01 dnsmasq[22610]: read /var/lib/neutron/dhcp/1ba4dac1-42a4-4d05-928e-8301474e24b0/addn_hosts - 3 addresses
May 25 18:15:46 gtw01 dnsmasq-dhcp[22610]: read /var/lib/neutron/dhcp/1ba4dac1-42a4-4d05-928e-8301474e24b0/host
May 25 18:15:46 gtw01 dnsmasq-dhcp[22610]: read /var/lib/neutron/dhcp/1ba4dac1-42a4-4d05-928e-8301474e24b0/opts
May 25 18:15:46 gtw01 dnsmasq[23847]: started, version 2.80 cachesize 150
May 25 18:15:46 gtw01 dnsmasq[23847]: DNS service limited to local subnets
May 25 18:15:46 gtw01 dnsmasq[23847]: compile time options: IPv6 GNU-getopt DBus i18n IDN DHCP DHCPv6 no-Lua TFTP conntrack ipset auth DNSSEC loop-detect inotify dumpfile
May 25 18:15:46 gtw01 dnsmasq[23847]: LOUD WARNING: listening on 11.11.11.2 may accept requests via interfaces other than tap9f8a87a6-4f
May 25 18:15:46 gtw01 dnsmasq[23847]: LOUD WARNING: use --bind-dynamic rather than --bind-interfaces to avoid DNS amplification attacks via these interface(s)
May 25 18:15:46 gtw01 dnsmasq[23847]: warning: no upstream servers configured
May 25 18:15:46 gtw01 dnsmasq-dhcp[23847]: DHCP, static leases only on 11.11.11.0, lease time 1h
May 25 18:15:46 gtw01 dnsmasq[23847]: read /var/lib/neutron/dhcp/e03ce91d-2b80-42c8-a213-dfcfe86ccdb8/addn_hosts - 1 addresses
May 25 18:15:46 gtw01 dnsmasq-dhcp[23847]: read /var/lib/neutron/dhcp/e03ce91d-2b80-42c8-a213-dfcfe86ccdb8/host
May 25 18:15:46 gtw01 dnsmasq-dhcp[23847]: read /var/lib/neutron/dhcp/e03ce91d-2b80-42c8-a213-dfcfe86ccdb8/opts
May 25 18:15:46 gtw01 systemd-udevd[23858]: Could not generate persistent MAC address for qg-f632b104-40: No such file or directory
May 25 18:15:46 gtw01 kernel: [10969.273145] device qg-f632b104-40 entered promiscuous mode
May 25 18:15:47 gtw01 dnsmasq[22896]: read /var/lib/neutron/dhcp/d8c373d7-cefc-4ad2-8bec-ed675e54c69b/addn_hosts - 3 addresses
May 25 18:15:47 gtw01 dnsmasq-dhcp[22896]: read /var/lib/neutron/dhcp/d8c373d7-cefc-4ad2-8bec-ed675e54c69b/host
May 25 18:15:47 gtw01 dnsmasq-dhcp[22896]: read /var/lib/neutron/dhcp/d8c373d7-cefc-4ad2-8bec-ed675e54c69b/opts
May 25 18:15:47 gtw01 haproxy-metadata-proxy-e03ce91d-2b80-42c8-a213-dfcfe86ccdb8[23963]: Proxy listener started.
May 25 18:15:47 gtw01 dnsmasq[24025]: started, version 2.80 cachesize 150
May 25 18:15:47 gtw01 dnsmasq[24025]: DNS service limited to local subnets
May 25 18:15:47 gtw01 dnsmasq[24025]: compile time options: IPv6 GNU-getopt DBus i18n IDN DHCP DHCPv6 no-Lua TFTP conntrack ipset auth DNSSEC loop-detect inotify dumpfile
May 25 18:15:47 gtw01 dnsmasq[24025]: LOUD WARNING: listening on 11.11.11.2 may accept requests via interfaces other than tap6e6ebc67-67
May 25 18:15:47 gtw01 dnsmasq[24025]: LOUD WARNING: use --bind-dynamic rather than --bind-interfaces to avoid DNS amplification attacks via these interface(s)
May 25 18:15:47 gtw01 dnsmasq[24025]: warning: no upstream servers configured
May 25 18:15:47 gtw01 dnsmasq-dhcp[24025]: DHCP, static leases only on 11.11.11.0, lease time 1h
May 25 18:15:47 gtw01 dnsmasq[24025]: read /var/lib/neutron/dhcp/d5b72d62-50db-45f4-b3bc-e4c9024c5b32/addn_hosts - 1 addresses
May 25 18:15:47 gtw01 dnsmasq-dhcp[24025]: read /var/lib/neutron/dhcp/d5b72d62-50db-45f4-b3bc-e4c9024c5b32/host
May 25 18:15:47 gtw01 dnsmasq-dhcp[24025]: read /var/lib/neutron/dhcp/d5b72d62-50db-45f4-b3bc-e4c9024c5b32/opts
May 25 18:15:48 gtw01 systemd-udevd[24039]: Could not generate persistent MAC address for vxlan_sys_4789: No such file or directory
May 25 18:15:48 gtw01 kernel: [10970.588271] device vxlan_sys_4789 entered promiscuous mode
May 25 18:15:48 gtw01 dnsmasq[22610]: read /var/lib/neutron/dhcp/1ba4dac1-42a4-4d05-928e-8301474e24b0/addn_hosts - 3 addresses
May 25 18:15:48 gtw01 dnsmasq-dhcp[22610]: read /var/lib/neutron/dhcp/1ba4dac1-42a4-4d05-928e-8301474e24b0/host
May 25 18:15:48 gtw01 dnsmasq-dhcp[22610]: read /var/lib/neutron/dhcp/1ba4dac1-42a4-4d05-928e-8301474e24b0/opts
May 25 18:15:48 gtw01 haproxy-metadata-proxy-d5b72d62-50db-45f4-b3bc-e4c9024c5b32[24122]: Proxy listener started.
May 25 18:15:48 gtw01 dnsmasq[22896]: read /var/lib/neutron/dhcp/d8c373d7-cefc-4ad2-8bec-ed675e54c69b/addn_hosts - 3 addresses
May 25 18:15:48 gtw01 dnsmasq-dhcp[22896]: read /var/lib/neutron/dhcp/d8c373d7-cefc-4ad2-8bec-ed675e54c69b/host
May 25 18:15:48 gtw01 dnsmasq-dhcp[22896]: read /var/lib/neutron/dhcp/d8c373d7-cefc-4ad2-8bec-ed675e54c69b/opts
May 25 18:15:48 gtw01 dnsmasq[23847]: read /var/lib/neutron/dhcp/e03ce91d-2b80-42c8-a213-dfcfe86ccdb8/addn_hosts - 3 addresses
May 25 18:15:48 gtw01 dnsmasq-dhcp[23847]: read /var/lib/neutron/dhcp/e03ce91d-2b80-42c8-a213-dfcfe86ccdb8/host
May 25 18:15:48 gtw01 dnsmasq-dhcp[23847]: read /var/lib/neutron/dhcp/e03ce91d-2b80-42c8-a213-dfcfe86ccdb8/opts
May 25 18:15:49 gtw01 dnsmasq[24025]: read /var/lib/neutron/dhcp/d5b72d62-50db-45f4-b3bc-e4c9024c5b32/addn_hosts - 3 addresses
May 25 18:15:49 gtw01 dnsmasq-dhcp[24025]: read /var/lib/neutron/dhcp/d5b72d62-50db-45f4-b3bc-e4c9024c5b32/host
May 25 18:15:49 gtw01 dnsmasq-dhcp[24025]: read /var/lib/neutron/dhcp/d5b72d62-50db-45f4-b3bc-e4c9024c5b32/opts
May 25 18:15:49 gtw01 dnsmasq[22896]: read /var/lib/neutron/dhcp/d8c373d7-cefc-4ad2-8bec-ed675e54c69b/addn_hosts - 3 addresses
May 25 18:15:49 gtw01 dnsmasq-dhcp[22896]: read /var/lib/neutron/dhcp/d8c373d7-cefc-4ad2-8bec-ed675e54c69b/host
May 25 18:15:49 gtw01 dnsmasq-dhcp[22896]: read /var/lib/neutron/dhcp/d8c373d7-cefc-4ad2-8bec-ed675e54c69b/opts
May 25 18:15:50 gtw01 dnsmasq[23847]: read /var/lib/neutron/dhcp/e03ce91d-2b80-42c8-a213-dfcfe86ccdb8/addn_hosts - 3 addresses
May 25 18:15:50 gtw01 dnsmasq-dhcp[23847]: read /var/lib/neutron/dhcp/e03ce91d-2b80-42c8-a213-dfcfe86ccdb8/host
May 25 18:15:50 gtw01 dnsmasq-dhcp[23847]: read /var/lib/neutron/dhcp/e03ce91d-2b80-42c8-a213-dfcfe86ccdb8/opts
May 25 18:15:51 gtw01 dnsmasq[22896]: read /var/lib/neutron/dhcp/d8c373d7-cefc-4ad2-8bec-ed675e54c69b/addn_hosts - 3 addresses
May 25 18:15:51 gtw01 dnsmasq-dhcp[22896]: read /var/lib/neutron/dhcp/d8c373d7-cefc-4ad2-8bec-ed675e54c69b/host
May 25 18:15:51 gtw01 dnsmasq-dhcp[22896]: read /var/lib/neutron/dhcp/d8c373d7-cefc-4ad2-8bec-ed675e54c69b/opts
May 25 18:15:51 gtw01 dnsmasq[24025]: read /var/lib/neutron/dhcp/d5b72d62-50db-45f4-b3bc-e4c9024c5b32/addn_hosts - 3 addresses
May 25 18:15:51 gtw01 dnsmasq-dhcp[24025]: read /var/lib/neutron/dhcp/d5b72d62-50db-45f4-b3bc-e4c9024c5b32/host
May 25 18:15:51 gtw01 dnsmasq-dhcp[24025]: read /var/lib/neutron/dhcp/d5b72d62-50db-45f4-b3bc-e4c9024c5b32/opts
May 25 18:15:52 gtw01 dnsmasq[23847]: read /var/lib/neutron/dhcp/e03ce91d-2b80-42c8-a213-dfcfe86ccdb8/addn_hosts - 3 addresses
May 25 18:15:52 gtw01 dnsmasq-dhcp[23847]: read /var/lib/neutron/dhcp/e03ce91d-2b80-42c8-a213-dfcfe86ccdb8/host
May 25 18:15:52 gtw01 dnsmasq-dhcp[23847]: read /var/lib/neutron/dhcp/e03ce91d-2b80-42c8-a213-dfcfe86ccdb8/opts
May 25 18:15:52 gtw01 haproxy-metadata-proxy-91f5f8cd-384f-4f8a-8f22-ec95683c9740[24470]: Proxy listener started.
May 25 18:15:52 gtw01 dnsmasq[24025]: read /var/lib/neutron/dhcp/d5b72d62-50db-45f4-b3bc-e4c9024c5b32/addn_hosts - 3 addresses
May 25 18:15:52 gtw01 dnsmasq-dhcp[24025]: read /var/lib/neutron/dhcp/d5b72d62-50db-45f4-b3bc-e4c9024c5b32/host
May 25 18:15:52 gtw01 dnsmasq-dhcp[24025]: read /var/lib/neutron/dhcp/d5b72d62-50db-45f4-b3bc-e4c9024c5b32/opts
May 25 18:15:53 gtw01 dnsmasq[22610]: read /var/lib/neutron/dhcp/1ba4dac1-42a4-4d05-928e-8301474e24b0/addn_hosts - 2 addresses
May 25 18:15:53 gtw01 dnsmasq-dhcp[22610]: read /var/lib/neutron/dhcp/1ba4dac1-42a4-4d05-928e-8301474e24b0/host
May 25 18:15:53 gtw01 dnsmasq-dhcp[22610]: read /var/lib/neutron/dhcp/1ba4dac1-42a4-4d05-928e-8301474e24b0/opts
May 25 18:15:53 gtw01 dnsmasq[23847]: read /var/lib/neutron/dhcp/e03ce91d-2b80-42c8-a213-dfcfe86ccdb8/addn_hosts - 3 addresses
May 25 18:15:53 gtw01 dnsmasq-dhcp[23847]: read /var/lib/neutron/dhcp/e03ce91d-2b80-42c8-a213-dfcfe86ccdb8/host
May 25 18:15:53 gtw01 dnsmasq-dhcp[23847]: read /var/lib/neutron/dhcp/e03ce91d-2b80-42c8-a213-dfcfe86ccdb8/opts
May 25 18:15:53 gtw01 dnsmasq[24025]: read /var/lib/neutron/dhcp/d5b72d62-50db-45f4-b3bc-e4c9024c5b32/addn_hosts - 3 addresses
May 25 18:15:53 gtw01 dnsmasq-dhcp[24025]: read /var/lib/neutron/dhcp/d5b72d62-50db-45f4-b3bc-e4c9024c5b32/host
May 25 18:15:53 gtw01 dnsmasq-dhcp[24025]: read /var/lib/neutron/dhcp/d5b72d62-50db-45f4-b3bc-e4c9024c5b32/opts
May 25 18:15:53 gtw01 haproxy-metadata-proxy-1ba4dac1-42a4-4d05-928e-8301474e24b0[24558]: Proxy listener started.
May 25 18:15:54 gtw01 haproxy-metadata-proxy-48f8c3f9-60f3-412f-8774-5246884121dd[24577]: Proxy listener started.
May 25 18:15:54 gtw01 dnsmasq[23847]: read /var/lib/neutron/dhcp/e03ce91d-2b80-42c8-a213-dfcfe86ccdb8/addn_hosts - 3 addresses
May 25 18:15:54 gtw01 dnsmasq-dhcp[23847]: read /var/lib/neutron/dhcp/e03ce91d-2b80-42c8-a213-dfcfe86ccdb8/host
May 25 18:15:54 gtw01 dnsmasq-dhcp[23847]: read /var/lib/neutron/dhcp/e03ce91d-2b80-42c8-a213-dfcfe86ccdb8/opts
May 25 18:15:54 gtw01 dnsmasq[24025]: read /var/lib/neutron/dhcp/d5b72d62-50db-45f4-b3bc-e4c9024c5b32/addn_hosts - 3 addresses
May 25 18:15:54 gtw01 dnsmasq-dhcp[24025]: read /var/lib/neutron/dhcp/d5b72d62-50db-45f4-b3bc-e4c9024c5b32/host
May 25 18:15:54 gtw01 dnsmasq-dhcp[24025]: read /var/lib/neutron/dhcp/d5b72d62-50db-45f4-b3bc-e4c9024c5b32/opts
May 25 18:15:55 gtw01 dnsmasq[23847]: read /var/lib/neutron/dhcp/e03ce91d-2b80-42c8-a213-dfcfe86ccdb8/addn_hosts - 3 addresses
May 25 18:15:55 gtw01 dnsmasq-dhcp[23847]: read /var/lib/neutron/dhcp/e03ce91d-2b80-42c8-a213-dfcfe86ccdb8/host
May 25 18:15:55 gtw01 dnsmasq-dhcp[23847]: read /var/lib/neutron/dhcp/e03ce91d-2b80-42c8-a213-dfcfe86ccdb8/opts
May 25 18:15:55 gtw01 dnsmasq[22610]: read /var/lib/neutron/dhcp/1ba4dac1-42a4-4d05-928e-8301474e24b0/addn_hosts - 2 addresses
May 25 18:15:55 gtw01 dnsmasq-dhcp[22610]: read /var/lib/neutron/dhcp/1ba4dac1-42a4-4d05-928e-8301474e24b0/host
May 25 18:15:55 gtw01 dnsmasq-dhcp[22610]: read /var/lib/neutron/dhcp/1ba4dac1-42a4-4d05-928e-8301474e24b0/opts
May 25 18:15:55 gtw01 dnsmasq[24025]: read /var/lib/neutron/dhcp/d5b72d62-50db-45f4-b3bc-e4c9024c5b32/addn_hosts - 3 addresses
May 25 18:15:55 gtw01 dnsmasq-dhcp[24025]: read /var/lib/neutron/dhcp/d5b72d62-50db-45f4-b3bc-e4c9024c5b32/host
May 25 18:15:55 gtw01 dnsmasq-dhcp[24025]: read /var/lib/neutron/dhcp/d5b72d62-50db-45f4-b3bc-e4c9024c5b32/opts
May 25 18:15:55 gtw01 kernel: [10978.445964] device qr-aba0eb3b-93 left promiscuous mode
May 25 18:15:56 gtw01 haproxy-metadata-proxy-59027ffa-b1e1-474c-89a1-64b1ef239baa[24709]: Proxy listener started.
May 25 18:15:56 gtw01 dnsmasq[23847]: read /var/lib/neutron/dhcp/e03ce91d-2b80-42c8-a213-dfcfe86ccdb8/addn_hosts - 3 addresses
May 25 18:15:56 gtw01 dnsmasq-dhcp[23847]: read /var/lib/neutron/dhcp/e03ce91d-2b80-42c8-a213-dfcfe86ccdb8/host
May 25 18:15:56 gtw01 dnsmasq-dhcp[23847]: read /var/lib/neutron/dhcp/e03ce91d-2b80-42c8-a213-dfcfe86ccdb8/opts
May 25 18:15:56 gtw01 kernel: [10979.082765] device qr-d916636d-9b entered promiscuous mode
May 25 18:15:56 gtw01 systemd-udevd[24742]: Could not generate persistent MAC address for qr-d916636d-9b: No such file or directory
May 25 18:15:56 gtw01 dnsmasq[24025]: read /var/lib/neutron/dhcp/d5b72d62-50db-45f4-b3bc-e4c9024c5b32/addn_hosts - 3 addresses
May 25 18:15:56 gtw01 dnsmasq-dhcp[24025]: read /var/lib/neutron/dhcp/d5b72d62-50db-45f4-b3bc-e4c9024c5b32/host
May 25 18:15:56 gtw01 dnsmasq-dhcp[24025]: read /var/lib/neutron/dhcp/d5b72d62-50db-45f4-b3bc-e4c9024c5b32/opts
May 25 18:15:56 gtw01 kernel: [10979.263803] device qg-6c7436f0-ac left promiscuous mode
May 25 18:15:57 gtw01 dnsmasq[23847]: read /var/lib/neutron/dhcp/e03ce91d-2b80-42c8-a213-dfcfe86ccdb8/addn_hosts - 3 addresses
May 25 18:15:57 gtw01 dnsmasq-dhcp[23847]: read /var/lib/neutron/dhcp/e03ce91d-2b80-42c8-a213-dfcfe86ccdb8/host
May 25 18:15:57 gtw01 dnsmasq-dhcp[23847]: read /var/lib/neutron/dhcp/e03ce91d-2b80-42c8-a213-dfcfe86ccdb8/opts
May 25 18:15:57 gtw01 dnsmasq[24025]: read /var/lib/neutron/dhcp/d5b72d62-50db-45f4-b3bc-e4c9024c5b32/addn_hosts - 3 addresses
May 25 18:15:57 gtw01 dnsmasq-dhcp[24025]: read /var/lib/neutron/dhcp/d5b72d62-50db-45f4-b3bc-e4c9024c5b32/host
May 25 18:15:57 gtw01 dnsmasq-dhcp[24025]: read /var/lib/neutron/dhcp/d5b72d62-50db-45f4-b3bc-e4c9024c5b32/opts
May 25 18:15:58 gtw01 dnsmasq[22610]: read /var/lib/neutron/dhcp/1ba4dac1-42a4-4d05-928e-8301474e24b0/addn_hosts - 1 addresses
May 25 18:15:58 gtw01 dnsmasq-dhcp[22610]: read /var/lib/neutron/dhcp/1ba4dac1-42a4-4d05-928e-8301474e24b0/host
May 25 18:15:58 gtw01 dnsmasq-dhcp[22610]: read /var/lib/neutron/dhcp/1ba4dac1-42a4-4d05-928e-8301474e24b0/opts
May 25 18:15:58 gtw01 dnsmasq[23847]: read /var/lib/neutron/dhcp/e03ce91d-2b80-42c8-a213-dfcfe86ccdb8/addn_hosts - 3 addresses
May 25 18:15:58 gtw01 dnsmasq-dhcp[23847]: read /var/lib/neutron/dhcp/e03ce91d-2b80-42c8-a213-dfcfe86ccdb8/host
May 25 18:15:58 gtw01 dnsmasq-dhcp[23847]: read /var/lib/neutron/dhcp/e03ce91d-2b80-42c8-a213-dfcfe86ccdb8/opts
May 25 18:15:59 gtw01 dnsmasq[22896]: read /var/lib/neutron/dhcp/d8c373d7-cefc-4ad2-8bec-ed675e54c69b/addn_hosts - 3 addresses
May 25 18:15:59 gtw01 dnsmasq-dhcp[22896]: read /var/lib/neutron/dhcp/d8c373d7-cefc-4ad2-8bec-ed675e54c69b/host
May 25 18:15:59 gtw01 dnsmasq-dhcp[22896]: read /var/lib/neutron/dhcp/d8c373d7-cefc-4ad2-8bec-ed675e54c69b/opts
May 25 18:15:59 gtw01 dnsmasq[23847]: read /var/lib/neutron/dhcp/e03ce91d-2b80-42c8-a213-dfcfe86ccdb8/addn_hosts - 3 addresses
May 25 18:15:59 gtw01 dnsmasq-dhcp[23847]: read /var/lib/neutron/dhcp/e03ce91d-2b80-42c8-a213-dfcfe86ccdb8/host
May 25 18:15:59 gtw01 dnsmasq-dhcp[23847]: read /var/lib/neutron/dhcp/e03ce91d-2b80-42c8-a213-dfcfe86ccdb8/opts
May 25 18:16:00 gtw01 dnsmasq[24025]: read /var/lib/neutron/dhcp/d5b72d62-50db-45f4-b3bc-e4c9024c5b32/addn_hosts - 3 addresses
May 25 18:16:00 gtw01 dnsmasq-dhcp[24025]: read /var/lib/neutron/dhcp/d5b72d62-50db-45f4-b3bc-e4c9024c5b32/host
May 25 18:16:00 gtw01 dnsmasq-dhcp[24025]: read /var/lib/neutron/dhcp/d5b72d62-50db-45f4-b3bc-e4c9024c5b32/opts
May 25 18:16:00 gtw01 dnsmasq[22896]: read /var/lib/neutron/dhcp/d8c373d7-cefc-4ad2-8bec-ed675e54c69b/addn_hosts - 3 addresses
May 25 18:16:00 gtw01 dnsmasq-dhcp[22896]: read /var/lib/neutron/dhcp/d8c373d7-cefc-4ad2-8bec-ed675e54c69b/host
May 25 18:16:00 gtw01 dnsmasq-dhcp[22896]: read /var/lib/neutron/dhcp/d8c373d7-cefc-4ad2-8bec-ed675e54c69b/opts
May 25 18:16:01 gtw01 dnsmasq[24025]: read /var/lib/neutron/dhcp/d5b72d62-50db-45f4-b3bc-e4c9024c5b32/addn_hosts - 3 addresses
May 25 18:16:01 gtw01 dnsmasq-dhcp[24025]: read /var/lib/neutron/dhcp/d5b72d62-50db-45f4-b3bc-e4c9024c5b32/host
May 25 18:16:01 gtw01 dnsmasq-dhcp[24025]: read /var/lib/neutron/dhcp/d5b72d62-50db-45f4-b3bc-e4c9024c5b32/opts
May 25 18:16:01 gtw01 dnsmasq[22896]: read /var/lib/neutron/dhcp/d8c373d7-cefc-4ad2-8bec-ed675e54c69b/addn_hosts - 3 addresses
May 25 18:16:01 gtw01 dnsmasq-dhcp[22896]: read /var/lib/neutron/dhcp/d8c373d7-cefc-4ad2-8bec-ed675e54c69b/host
May 25 18:16:01 gtw01 dnsmasq-dhcp[22896]: read /var/lib/neutron/dhcp/d8c373d7-cefc-4ad2-8bec-ed675e54c69b/opts
May 25 18:16:01 gtw01 systemd-udevd[25142]: Could not generate persistent MAC address for qr-dfac0c5f-08: No such file or directory
May 25 18:16:01 gtw01 kernel: [10984.021425] device qr-dfac0c5f-08 entered promiscuous mode
May 25 18:16:01 gtw01 systemd-udevd[25230]: Could not generate persistent MAC address for qr-f50cf73c-07: No such file or directory
May 25 18:16:01 gtw01 kernel: [10984.230488] device qr-f50cf73c-07 entered promiscuous mode
May 25 18:16:02 gtw01 dnsmasq[24025]: read /var/lib/neutron/dhcp/d5b72d62-50db-45f4-b3bc-e4c9024c5b32/addn_hosts - 3 addresses
May 25 18:16:02 gtw01 dnsmasq-dhcp[24025]: read /var/lib/neutron/dhcp/d5b72d62-50db-45f4-b3bc-e4c9024c5b32/host
May 25 18:16:02 gtw01 dnsmasq-dhcp[24025]: read /var/lib/neutron/dhcp/d5b72d62-50db-45f4-b3bc-e4c9024c5b32/opts
May 25 18:16:02 gtw01 dnsmasq[22896]: read /var/lib/neutron/dhcp/d8c373d7-cefc-4ad2-8bec-ed675e54c69b/addn_hosts - 2 addresses
May 25 18:16:02 gtw01 dnsmasq-dhcp[22896]: read /var/lib/neutron/dhcp/d8c373d7-cefc-4ad2-8bec-ed675e54c69b/host
May 25 18:16:02 gtw01 dnsmasq-dhcp[22896]: read /var/lib/neutron/dhcp/d8c373d7-cefc-4ad2-8bec-ed675e54c69b/opts
May 25 18:16:03 gtw01 kernel: [10985.673026] IPv4: martian source 11.11.11.1 from 11.11.11.1, on dev qr-d916636d-9b
May 25 18:16:03 gtw01 kernel: [10985.673030] ll header: 00000000: ff ff ff ff ff ff fa 16 3e 69 26 4d 08 06        ........>i&M..
May 25 18:16:03 gtw01 kernel: [10985.673034] IPv4: martian source 11.11.11.1 from 11.11.11.1, on dev qr-f50cf73c-07
May 25 18:16:03 gtw01 kernel: [10985.673035] ll header: 00000000: ff ff ff ff ff ff fa 16 3e 69 26 4d 08 06        ........>i&M..
May 25 18:16:03 gtw01 kernel: [10985.901096] IPv4: martian source 11.11.11.1 from 11.11.11.1, on dev qr-dfac0c5f-08
May 25 18:16:03 gtw01 kernel: [10985.901109] ll header: 00000000: ff ff ff ff ff ff fa 16 3e 8f bc a1 08 06        ........>.....
May 25 18:16:03 gtw01 kernel: [10985.901113] IPv4: martian source 11.11.11.1 from 11.11.11.1, on dev qr-f50cf73c-07
May 25 18:16:03 gtw01 kernel: [10985.901114] ll header: 00000000: ff ff ff ff ff ff fa 16 3e 8f bc a1 08 06        ........>.....
May 25 18:16:03 gtw01 kernel: [10986.033424] device tap7cdb47bd-2f left promiscuous mode
May 25 18:16:03 gtw01 kernel: [10986.120100] IPv4: martian source 11.11.11.1 from 11.11.11.1, on dev qr-d916636d-9b
May 25 18:16:03 gtw01 kernel: [10986.120104] ll header: 00000000: ff ff ff ff ff ff fa 16 3e 75 c3 67 08 06        ........>u.g..
May 25 18:16:03 gtw01 kernel: [10986.120107] IPv4: martian source 11.11.11.1 from 11.11.11.1, on dev qr-dfac0c5f-08
May 25 18:16:03 gtw01 kernel: [10986.120108] ll header: 00000000: ff ff ff ff ff ff fa 16 3e 75 c3 67 08 06        ........>u.g..
May 25 18:16:03 gtw01 dnsmasq[24025]: read /var/lib/neutron/dhcp/d5b72d62-50db-45f4-b3bc-e4c9024c5b32/addn_hosts - 2 addresses
May 25 18:16:03 gtw01 dnsmasq-dhcp[24025]: read /var/lib/neutron/dhcp/d5b72d62-50db-45f4-b3bc-e4c9024c5b32/host
May 25 18:16:03 gtw01 dnsmasq-dhcp[24025]: read /var/lib/neutron/dhcp/d5b72d62-50db-45f4-b3bc-e4c9024c5b32/opts
May 25 18:16:04 gtw01 dnsmasq[22896]: read /var/lib/neutron/dhcp/d8c373d7-cefc-4ad2-8bec-ed675e54c69b/addn_hosts - 1 addresses
May 25 18:16:04 gtw01 dnsmasq-dhcp[22896]: read /var/lib/neutron/dhcp/d8c373d7-cefc-4ad2-8bec-ed675e54c69b/host
May 25 18:16:04 gtw01 dnsmasq-dhcp[22896]: read /var/lib/neutron/dhcp/d8c373d7-cefc-4ad2-8bec-ed675e54c69b/opts
May 25 18:16:04 gtw01 haproxy-metadata-proxy-d5b72d62-50db-45f4-b3bc-e4c9024c5b32[25538]: Proxy listener started.
May 25 18:16:04 gtw01 haproxy-metadata-proxy-d8c373d7-cefc-4ad2-8bec-ed675e54c69b[25543]: Proxy listener started.
May 25 18:16:04 gtw01 dnsmasq[23847]: read /var/lib/neutron/dhcp/e03ce91d-2b80-42c8-a213-dfcfe86ccdb8/addn_hosts - 3 addresses
May 25 18:16:04 gtw01 dnsmasq-dhcp[23847]: read /var/lib/neutron/dhcp/e03ce91d-2b80-42c8-a213-dfcfe86ccdb8/host
May 25 18:16:04 gtw01 dnsmasq-dhcp[23847]: read /var/lib/neutron/dhcp/e03ce91d-2b80-42c8-a213-dfcfe86ccdb8/opts
May 25 18:16:05 gtw01 kernel: [10987.582624] device vxlan_sys_4789 left promiscuous mode
May 25 18:16:05 gtw01 dnsmasq[24025]: read /var/lib/neutron/dhcp/d5b72d62-50db-45f4-b3bc-e4c9024c5b32/addn_hosts - 1 addresses
May 25 18:16:05 gtw01 dnsmasq-dhcp[24025]: read /var/lib/neutron/dhcp/d5b72d62-50db-45f4-b3bc-e4c9024c5b32/host
May 25 18:16:05 gtw01 dnsmasq-dhcp[24025]: read /var/lib/neutron/dhcp/d5b72d62-50db-45f4-b3bc-e4c9024c5b32/opts
May 25 18:16:06 gtw01 kernel: [10988.549086] IPv4: martian source 11.11.11.1 from 11.11.11.1, on dev qr-f50cf73c-07
May 25 18:16:06 gtw01 kernel: [10988.549091] ll header: 00000000: ff ff ff ff ff ff fa 16 3e 69 26 4d 08 06        ........>i&M..
May 25 18:16:06 gtw01 kernel: [10988.922859] IPv4: martian source 11.11.11.1 from 11.11.11.1, on dev qr-dfac0c5f-08
May 25 18:16:06 gtw01 kernel: [10988.922862] ll header: 00000000: ff ff ff ff ff ff fa 16 3e 75 c3 67 08 06        ........>u.g..
May 25 18:16:07 gtw01 dnsmasq[23847]: read /var/lib/neutron/dhcp/e03ce91d-2b80-42c8-a213-dfcfe86ccdb8/addn_hosts - 2 addresses
May 25 18:16:07 gtw01 dnsmasq-dhcp[23847]: read /var/lib/neutron/dhcp/e03ce91d-2b80-42c8-a213-dfcfe86ccdb8/host
May 25 18:16:07 gtw01 dnsmasq-dhcp[23847]: read /var/lib/neutron/dhcp/e03ce91d-2b80-42c8-a213-dfcfe86ccdb8/opts
May 25 18:16:07 gtw01 haproxy-metadata-proxy-e03ce91d-2b80-42c8-a213-dfcfe86ccdb8[25737]: Proxy listener started.
May 25 18:16:08 gtw01 kernel: [10990.562967] device qr-dfac0c5f-08 left promiscuous mode
May 25 18:16:08 gtw01 kernel: [10990.965573] device tap6c49539d-d7 left promiscuous mode
May 25 18:16:08 gtw01 dnsmasq[23847]: read /var/lib/neutron/dhcp/e03ce91d-2b80-42c8-a213-dfcfe86ccdb8/addn_hosts - 1 addresses
May 25 18:16:08 gtw01 dnsmasq-dhcp[23847]: read /var/lib/neutron/dhcp/e03ce91d-2b80-42c8-a213-dfcfe86ccdb8/host
May 25 18:16:08 gtw01 dnsmasq-dhcp[23847]: read /var/lib/neutron/dhcp/e03ce91d-2b80-42c8-a213-dfcfe86ccdb8/opts
May 25 18:16:08 gtw01 kernel: [10991.298776] device qr-f50cf73c-07 left promiscuous mode
May 25 18:16:08 gtw01 kernel: [10991.461550] device tap6e6ebc67-67 left promiscuous mode
May 25 18:16:09 gtw01 kernel: [10991.681499] device qg-c27517fe-d0 left promiscuous mode
May 25 18:16:09 gtw01 kernel: [10992.363136] device qg-f632b104-40 left promiscuous mode
May 25 18:16:12 gtw01 kernel: [10995.042463] device qr-d916636d-9b left promiscuous mode
May 25 18:16:13 gtw01 kernel: [10995.768285] device qg-add7fa7b-d3 left promiscuous mode
May 25 18:16:14 gtw01 kernel: [10996.543031] device tap9f8a87a6-4f left promiscuous mode
May 25 18:16:15 gtw01 systemd-udevd[26114]: Could not generate persistent MAC address for tap291499fb-e9: No such file or directory
May 25 18:16:15 gtw01 kernel: [10998.285291] device tap291499fb-e9 entered promiscuous mode
May 25 18:16:15 gtw01 systemd-udevd[26114]: Process '/sbin/ip link set tap291499fb-e9 txqueuelen 10000' failed with exit code 1.
May 25 18:16:15 gtw01 systemd-udevd[26114]: Process '/sbin/ip link set tap291499fb-e9 txqueuelen 10000' failed with exit code 1.
May 25 18:16:16 gtw01 systemd-udevd[26227]: Could not generate persistent MAC address for qg-910707ff-d3: No such file or directory
May 25 18:16:16 gtw01 kernel: [10998.826821] device qg-910707ff-d3 entered promiscuous mode
May 25 18:16:18 gtw01 systemd-udevd[26416]: Could not generate persistent MAC address for tap44a99774-ac: No such file or directory
May 25 18:16:18 gtw01 kernel: [11000.821732] device tap44a99774-ac entered promiscuous mode
May 25 18:16:18 gtw01 systemd-udevd[26416]: Process '/sbin/ip link set tap44a99774-ac txqueuelen 10000' failed with exit code 1.
May 25 18:16:18 gtw01 systemd-udevd[26416]: Process '/sbin/ip link set tap44a99774-ac txqueuelen 10000' failed with exit code 1.
May 25 18:16:19 gtw01 dnsmasq[26552]: started, version 2.80 cachesize 150
May 25 18:16:19 gtw01 dnsmasq[26552]: DNS service limited to local subnets
May 25 18:16:19 gtw01 dnsmasq[26552]: compile time options: IPv6 GNU-getopt DBus i18n IDN DHCP DHCPv6 no-Lua TFTP conntrack ipset auth DNSSEC loop-detect inotify dumpfile
May 25 18:16:19 gtw01 dnsmasq[26552]: LOUD WARNING: listening on 11.11.11.2 may accept requests via interfaces other than tap291499fb-e9
May 25 18:16:19 gtw01 dnsmasq[26552]: LOUD WARNING: use --bind-dynamic rather than --bind-interfaces to avoid DNS amplification attacks via these interface(s)
May 25 18:16:19 gtw01 dnsmasq[26552]: warning: no upstream servers configured
May 25 18:16:19 gtw01 dnsmasq-dhcp[26552]: DHCP, static leases only on 11.11.11.0, lease time 1h
May 25 18:16:19 gtw01 dnsmasq[26552]: read /var/lib/neutron/dhcp/b8019e40-77ac-4b92-8597-2690dafc23bb/addn_hosts - 1 addresses
May 25 18:16:19 gtw01 dnsmasq-dhcp[26552]: read /var/lib/neutron/dhcp/b8019e40-77ac-4b92-8597-2690dafc23bb/host
May 25 18:16:19 gtw01 dnsmasq-dhcp[26552]: read /var/lib/neutron/dhcp/b8019e40-77ac-4b92-8597-2690dafc23bb/opts
May 25 18:16:19 gtw01 haproxy-metadata-proxy-b8019e40-77ac-4b92-8597-2690dafc23bb[26561]: Proxy listener started.
May 25 18:16:20 gtw01 dnsmasq[26552]: read /var/lib/neutron/dhcp/b8019e40-77ac-4b92-8597-2690dafc23bb/addn_hosts - 3 addresses
May 25 18:16:20 gtw01 dnsmasq-dhcp[26552]: read /var/lib/neutron/dhcp/b8019e40-77ac-4b92-8597-2690dafc23bb/host
May 25 18:16:20 gtw01 dnsmasq-dhcp[26552]: read /var/lib/neutron/dhcp/b8019e40-77ac-4b92-8597-2690dafc23bb/opts
May 25 18:16:21 gtw01 dnsmasq[26552]: read /var/lib/neutron/dhcp/b8019e40-77ac-4b92-8597-2690dafc23bb/addn_hosts - 3 addresses
May 25 18:16:21 gtw01 dnsmasq-dhcp[26552]: read /var/lib/neutron/dhcp/b8019e40-77ac-4b92-8597-2690dafc23bb/host
May 25 18:16:21 gtw01 dnsmasq-dhcp[26552]: read /var/lib/neutron/dhcp/b8019e40-77ac-4b92-8597-2690dafc23bb/opts
May 25 18:16:21 gtw01 systemd-udevd[26721]: Could not generate persistent MAC address for qg-953c00b1-76: No such file or directory
May 25 18:16:21 gtw01 kernel: [11004.365164] device qg-953c00b1-76 entered promiscuous mode
May 25 18:16:21 gtw01 dnsmasq[26798]: started, version 2.80 cachesize 150
May 25 18:16:21 gtw01 dnsmasq[26798]: DNS service limited to local subnets
May 25 18:16:21 gtw01 dnsmasq[26798]: compile time options: IPv6 GNU-getopt DBus i18n IDN DHCP DHCPv6 no-Lua TFTP conntrack ipset auth DNSSEC loop-detect inotify dumpfile
May 25 18:16:21 gtw01 dnsmasq[26798]: LOUD WARNING: listening on 11.11.11.2 may accept requests via interfaces other than tap44a99774-ac
May 25 18:16:21 gtw01 dnsmasq[26798]: LOUD WARNING: use --bind-dynamic rather than --bind-interfaces to avoid DNS amplification attacks via these interface(s)
May 25 18:16:21 gtw01 dnsmasq[26798]: warning: no upstream servers configured
May 25 18:16:21 gtw01 dnsmasq-dhcp[26798]: DHCP, static leases only on 11.11.11.0, lease time 1h
May 25 18:16:21 gtw01 dnsmasq[26798]: read /var/lib/neutron/dhcp/2b59b8e8-0b7b-4f26-bc44-b832a34e8422/addn_hosts - 1 addresses
May 25 18:16:21 gtw01 dnsmasq-dhcp[26798]: read /var/lib/neutron/dhcp/2b59b8e8-0b7b-4f26-bc44-b832a34e8422/host
May 25 18:16:21 gtw01 dnsmasq-dhcp[26798]: read /var/lib/neutron/dhcp/2b59b8e8-0b7b-4f26-bc44-b832a34e8422/opts
May 25 18:16:22 gtw01 haproxy-metadata-proxy-2b59b8e8-0b7b-4f26-bc44-b832a34e8422[26819]: Proxy listener started.
May 25 18:16:22 gtw01 dnsmasq[26552]: read /var/lib/neutron/dhcp/b8019e40-77ac-4b92-8597-2690dafc23bb/addn_hosts - 3 addresses
May 25 18:16:22 gtw01 dnsmasq-dhcp[26552]: read /var/lib/neutron/dhcp/b8019e40-77ac-4b92-8597-2690dafc23bb/host
May 25 18:16:22 gtw01 dnsmasq-dhcp[26552]: read /var/lib/neutron/dhcp/b8019e40-77ac-4b92-8597-2690dafc23bb/opts
May 25 18:16:22 gtw01 systemd-udevd[26868]: Could not generate persistent MAC address for vxlan_sys_4789: No such file or directory
May 25 18:16:22 gtw01 kernel: [11005.315325] device vxlan_sys_4789 entered promiscuous mode
May 25 18:16:22 gtw01 haproxy-metadata-proxy-cf5ada28-8b98-4473-965b-09ae74c653ec[26944]: Proxy listener started.
May 25 18:16:23 gtw01 dnsmasq[26798]: read /var/lib/neutron/dhcp/2b59b8e8-0b7b-4f26-bc44-b832a34e8422/addn_hosts - 3 addresses
May 25 18:16:23 gtw01 dnsmasq-dhcp[26798]: read /var/lib/neutron/dhcp/2b59b8e8-0b7b-4f26-bc44-b832a34e8422/host
May 25 18:16:23 gtw01 dnsmasq-dhcp[26798]: read /var/lib/neutron/dhcp/2b59b8e8-0b7b-4f26-bc44-b832a34e8422/opts
May 25 18:16:23 gtw01 dnsmasq[26552]: read /var/lib/neutron/dhcp/b8019e40-77ac-4b92-8597-2690dafc23bb/addn_hosts - 3 addresses
May 25 18:16:23 gtw01 dnsmasq-dhcp[26552]: read /var/lib/neutron/dhcp/b8019e40-77ac-4b92-8597-2690dafc23bb/host
May 25 18:16:23 gtw01 dnsmasq-dhcp[26552]: read /var/lib/neutron/dhcp/b8019e40-77ac-4b92-8597-2690dafc23bb/opts
May 25 18:16:24 gtw01 dnsmasq[26798]: read /var/lib/neutron/dhcp/2b59b8e8-0b7b-4f26-bc44-b832a34e8422/addn_hosts - 3 addresses
May 25 18:16:24 gtw01 dnsmasq-dhcp[26798]: read /var/lib/neutron/dhcp/2b59b8e8-0b7b-4f26-bc44-b832a34e8422/host
May 25 18:16:24 gtw01 dnsmasq-dhcp[26798]: read /var/lib/neutron/dhcp/2b59b8e8-0b7b-4f26-bc44-b832a34e8422/opts
May 25 18:16:24 gtw01 dnsmasq[26552]: read /var/lib/neutron/dhcp/b8019e40-77ac-4b92-8597-2690dafc23bb/addn_hosts - 3 addresses
May 25 18:16:24 gtw01 dnsmasq-dhcp[26552]: read /var/lib/neutron/dhcp/b8019e40-77ac-4b92-8597-2690dafc23bb/host
May 25 18:16:24 gtw01 dnsmasq-dhcp[26552]: read /var/lib/neutron/dhcp/b8019e40-77ac-4b92-8597-2690dafc23bb/opts
May 25 18:16:24 gtw01 systemd-udevd[27068]: Could not generate persistent MAC address for qr-2d7e4f82-00: No such file or directory
May 25 18:16:24 gtw01 kernel: [11007.401816] device qr-2d7e4f82-00 entered promiscuous mode
May 25 18:16:25 gtw01 dnsmasq[26798]: read /var/lib/neutron/dhcp/2b59b8e8-0b7b-4f26-bc44-b832a34e8422/addn_hosts - 3 addresses
May 25 18:16:25 gtw01 dnsmasq-dhcp[26798]: read /var/lib/neutron/dhcp/2b59b8e8-0b7b-4f26-bc44-b832a34e8422/host
May 25 18:16:25 gtw01 dnsmasq-dhcp[26798]: read /var/lib/neutron/dhcp/2b59b8e8-0b7b-4f26-bc44-b832a34e8422/opts
May 25 18:16:25 gtw01 dnsmasq[26552]: read /var/lib/neutron/dhcp/b8019e40-77ac-4b92-8597-2690dafc23bb/addn_hosts - 3 addresses
May 25 18:16:25 gtw01 dnsmasq-dhcp[26552]: read /var/lib/neutron/dhcp/b8019e40-77ac-4b92-8597-2690dafc23bb/host
May 25 18:16:25 gtw01 dnsmasq-dhcp[26552]: read /var/lib/neutron/dhcp/b8019e40-77ac-4b92-8597-2690dafc23bb/opts
May 25 18:16:26 gtw01 dnsmasq[26798]: read /var/lib/neutron/dhcp/2b59b8e8-0b7b-4f26-bc44-b832a34e8422/addn_hosts - 3 addresses
May 25 18:16:26 gtw01 dnsmasq-dhcp[26798]: read /var/lib/neutron/dhcp/2b59b8e8-0b7b-4f26-bc44-b832a34e8422/host
May 25 18:16:26 gtw01 dnsmasq-dhcp[26798]: read /var/lib/neutron/dhcp/2b59b8e8-0b7b-4f26-bc44-b832a34e8422/opts
May 25 18:16:26 gtw01 dnsmasq[26552]: read /var/lib/neutron/dhcp/b8019e40-77ac-4b92-8597-2690dafc23bb/addn_hosts - 3 addresses
May 25 18:16:26 gtw01 dnsmasq-dhcp[26552]: read /var/lib/neutron/dhcp/b8019e40-77ac-4b92-8597-2690dafc23bb/host
May 25 18:16:26 gtw01 dnsmasq-dhcp[26552]: read /var/lib/neutron/dhcp/b8019e40-77ac-4b92-8597-2690dafc23bb/opts
May 25 18:16:27 gtw01 dnsmasq[26798]: read /var/lib/neutron/dhcp/2b59b8e8-0b7b-4f26-bc44-b832a34e8422/addn_hosts - 3 addresses
May 25 18:16:27 gtw01 dnsmasq-dhcp[26798]: read /var/lib/neutron/dhcp/2b59b8e8-0b7b-4f26-bc44-b832a34e8422/host
May 25 18:16:27 gtw01 dnsmasq-dhcp[26798]: read /var/lib/neutron/dhcp/2b59b8e8-0b7b-4f26-bc44-b832a34e8422/opts
May 25 18:16:27 gtw01 dnsmasq[26552]: read /var/lib/neutron/dhcp/b8019e40-77ac-4b92-8597-2690dafc23bb/addn_hosts - 3 addresses
May 25 18:16:27 gtw01 dnsmasq-dhcp[26552]: read /var/lib/neutron/dhcp/b8019e40-77ac-4b92-8597-2690dafc23bb/host
May 25 18:16:27 gtw01 dnsmasq-dhcp[26552]: read /var/lib/neutron/dhcp/b8019e40-77ac-4b92-8597-2690dafc23bb/opts
May 25 18:16:28 gtw01 dnsmasq[26798]: read /var/lib/neutron/dhcp/2b59b8e8-0b7b-4f26-bc44-b832a34e8422/addn_hosts - 3 addresses
May 25 18:16:28 gtw01 dnsmasq-dhcp[26798]: read /var/lib/neutron/dhcp/2b59b8e8-0b7b-4f26-bc44-b832a34e8422/host
May 25 18:16:28 gtw01 dnsmasq-dhcp[26798]: read /var/lib/neutron/dhcp/2b59b8e8-0b7b-4f26-bc44-b832a34e8422/opts
May 25 18:16:28 gtw01 dnsmasq[26552]: read /var/lib/neutron/dhcp/b8019e40-77ac-4b92-8597-2690dafc23bb/addn_hosts - 3 addresses
May 25 18:16:28 gtw01 dnsmasq-dhcp[26552]: read /var/lib/neutron/dhcp/b8019e40-77ac-4b92-8597-2690dafc23bb/host
May 25 18:16:28 gtw01 dnsmasq-dhcp[26552]: read /var/lib/neutron/dhcp/b8019e40-77ac-4b92-8597-2690dafc23bb/opts
May 25 18:16:29 gtw01 haproxy-metadata-proxy-6a1b3d00-69ff-47b5-860d-db1307b4117e[27439]: Proxy listener started.
May 25 18:16:29 gtw01 dnsmasq[26798]: read /var/lib/neutron/dhcp/2b59b8e8-0b7b-4f26-bc44-b832a34e8422/addn_hosts - 3 addresses
May 25 18:16:29 gtw01 dnsmasq-dhcp[26798]: read /var/lib/neutron/dhcp/2b59b8e8-0b7b-4f26-bc44-b832a34e8422/host
May 25 18:16:29 gtw01 dnsmasq-dhcp[26798]: read /var/lib/neutron/dhcp/2b59b8e8-0b7b-4f26-bc44-b832a34e8422/opts
May 25 18:16:29 gtw01 dnsmasq[26552]: read /var/lib/neutron/dhcp/b8019e40-77ac-4b92-8597-2690dafc23bb/addn_hosts - 3 addresses
May 25 18:16:29 gtw01 dnsmasq-dhcp[26552]: read /var/lib/neutron/dhcp/b8019e40-77ac-4b92-8597-2690dafc23bb/host
May 25 18:16:29 gtw01 dnsmasq-dhcp[26552]: read /var/lib/neutron/dhcp/b8019e40-77ac-4b92-8597-2690dafc23bb/opts
May 25 18:16:30 gtw01 kernel: [11012.751159] device vxlan_sys_4789 left promiscuous mode
May 25 18:16:30 gtw01 dnsmasq[26798]: read /var/lib/neutron/dhcp/2b59b8e8-0b7b-4f26-bc44-b832a34e8422/addn_hosts - 3 addresses
May 25 18:16:30 gtw01 dnsmasq-dhcp[26798]: read /var/lib/neutron/dhcp/2b59b8e8-0b7b-4f26-bc44-b832a34e8422/host
May 25 18:16:30 gtw01 dnsmasq-dhcp[26798]: read /var/lib/neutron/dhcp/2b59b8e8-0b7b-4f26-bc44-b832a34e8422/opts
May 25 18:16:30 gtw01 dnsmasq[26552]: read /var/lib/neutron/dhcp/b8019e40-77ac-4b92-8597-2690dafc23bb/addn_hosts - 3 addresses
May 25 18:16:30 gtw01 dnsmasq-dhcp[26552]: read /var/lib/neutron/dhcp/b8019e40-77ac-4b92-8597-2690dafc23bb/host
May 25 18:16:30 gtw01 dnsmasq-dhcp[26552]: read /var/lib/neutron/dhcp/b8019e40-77ac-4b92-8597-2690dafc23bb/opts
May 25 18:16:31 gtw01 dnsmasq[26798]: read /var/lib/neutron/dhcp/2b59b8e8-0b7b-4f26-bc44-b832a34e8422/addn_hosts - 3 addresses
May 25 18:16:31 gtw01 dnsmasq-dhcp[26798]: read /var/lib/neutron/dhcp/2b59b8e8-0b7b-4f26-bc44-b832a34e8422/host
May 25 18:16:31 gtw01 dnsmasq-dhcp[26798]: read /var/lib/neutron/dhcp/2b59b8e8-0b7b-4f26-bc44-b832a34e8422/opts
May 25 18:16:31 gtw01 dnsmasq[26552]: read /var/lib/neutron/dhcp/b8019e40-77ac-4b92-8597-2690dafc23bb/addn_hosts - 2 addresses
May 25 18:16:31 gtw01 dnsmasq-dhcp[26552]: read /var/lib/neutron/dhcp/b8019e40-77ac-4b92-8597-2690dafc23bb/host
May 25 18:16:31 gtw01 dnsmasq-dhcp[26552]: read /var/lib/neutron/dhcp/b8019e40-77ac-4b92-8597-2690dafc23bb/opts
May 25 18:16:31 gtw01 kernel: [11014.348547] device qr-2d7e4f82-00 left promiscuous mode
May 25 18:16:32 gtw01 systemd-udevd[27616]: Could not generate persistent MAC address for qr-6f9cfb79-7a: No such file or directory
May 25 18:16:32 gtw01 kernel: [11014.529787] device qr-6f9cfb79-7a entered promiscuous mode
May 25 18:16:32 gtw01 dnsmasq[26798]: read /var/lib/neutron/dhcp/2b59b8e8-0b7b-4f26-bc44-b832a34e8422/addn_hosts - 3 addresses
May 25 18:16:32 gtw01 dnsmasq-dhcp[26798]: read /var/lib/neutron/dhcp/2b59b8e8-0b7b-4f26-bc44-b832a34e8422/host
May 25 18:16:32 gtw01 dnsmasq-dhcp[26798]: read /var/lib/neutron/dhcp/2b59b8e8-0b7b-4f26-bc44-b832a34e8422/opts
May 25 18:16:32 gtw01 haproxy-metadata-proxy-b8019e40-77ac-4b92-8597-2690dafc23bb[27711]: Proxy listener started.
May 25 18:16:32 gtw01 kernel: [11015.142575] device qg-910707ff-d3 left promiscuous mode
May 25 18:16:33 gtw01 kernel: [11015.691103] device tap291499fb-e9 left promiscuous mode
May 25 18:16:33 gtw01 dnsmasq[26798]: read /var/lib/neutron/dhcp/2b59b8e8-0b7b-4f26-bc44-b832a34e8422/addn_hosts - 3 addresses
May 25 18:16:33 gtw01 dnsmasq-dhcp[26798]: read /var/lib/neutron/dhcp/2b59b8e8-0b7b-4f26-bc44-b832a34e8422/host
May 25 18:16:33 gtw01 dnsmasq-dhcp[26798]: read /var/lib/neutron/dhcp/2b59b8e8-0b7b-4f26-bc44-b832a34e8422/opts
May 25 18:16:34 gtw01 dnsmasq[26798]: read /var/lib/neutron/dhcp/2b59b8e8-0b7b-4f26-bc44-b832a34e8422/addn_hosts - 2 addresses
May 25 18:16:34 gtw01 dnsmasq-dhcp[26798]: read /var/lib/neutron/dhcp/2b59b8e8-0b7b-4f26-bc44-b832a34e8422/host
May 25 18:16:34 gtw01 dnsmasq-dhcp[26798]: read /var/lib/neutron/dhcp/2b59b8e8-0b7b-4f26-bc44-b832a34e8422/opts
May 25 18:16:34 gtw01 haproxy-metadata-proxy-2b59b8e8-0b7b-4f26-bc44-b832a34e8422[27904]: Proxy listener started.
May 25 18:16:35 gtw01 dnsmasq[26798]: read /var/lib/neutron/dhcp/2b59b8e8-0b7b-4f26-bc44-b832a34e8422/addn_hosts - 1 addresses
May 25 18:16:35 gtw01 dnsmasq-dhcp[26798]: read /var/lib/neutron/dhcp/2b59b8e8-0b7b-4f26-bc44-b832a34e8422/host
May 25 18:16:35 gtw01 dnsmasq-dhcp[26798]: read /var/lib/neutron/dhcp/2b59b8e8-0b7b-4f26-bc44-b832a34e8422/opts
May 25 18:16:36 gtw01 kernel: [11019.282806] device tap44a99774-ac left promiscuous mode
May 25 18:16:37 gtw01 kernel: [11020.501617] device qr-6f9cfb79-7a left promiscuous mode
May 25 18:16:38 gtw01 kernel: [11021.409903] device qg-953c00b1-76 left promiscuous mode
May 25 18:17:01 gtw01 CRON[28136]: (root) CMD (   cd / && run-parts --report /etc/cron.hourly)
May 25 18:17:12 gtw01 dnsmasq[13417]: read /var/lib/neutron/dhcp/b2af8e15-a3ba-4261-b14f-af7ee6f9e528/addn_hosts - 3 addresses
May 25 18:17:12 gtw01 dnsmasq-dhcp[13417]: read /var/lib/neutron/dhcp/b2af8e15-a3ba-4261-b14f-af7ee6f9e528/host
May 25 18:17:12 gtw01 dnsmasq-dhcp[13417]: read /var/lib/neutron/dhcp/b2af8e15-a3ba-4261-b14f-af7ee6f9e528/opts
May 25 18:17:13 gtw01 dnsmasq[13417]: read /var/lib/neutron/dhcp/b2af8e15-a3ba-4261-b14f-af7ee6f9e528/addn_hosts - 3 addresses
May 25 18:17:13 gtw01 dnsmasq-dhcp[13417]: read /var/lib/neutron/dhcp/b2af8e15-a3ba-4261-b14f-af7ee6f9e528/host
May 25 18:17:13 gtw01 dnsmasq-dhcp[13417]: read /var/lib/neutron/dhcp/b2af8e15-a3ba-4261-b14f-af7ee6f9e528/opts
May 25 18:17:14 gtw01 dnsmasq[13417]: read /var/lib/neutron/dhcp/b2af8e15-a3ba-4261-b14f-af7ee6f9e528/addn_hosts - 4 addresses
May 25 18:17:14 gtw01 dnsmasq-dhcp[13417]: read /var/lib/neutron/dhcp/b2af8e15-a3ba-4261-b14f-af7ee6f9e528/host
