May 25 18:17:14 gtw01 dnsmasq-dhcp[13417]: read /var/lib/neutron/dhcp/b2af8e15-a3ba-4261-b14f-af7ee6f9e528/opts
May 25 18:17:15 gtw01 dnsmasq[13417]: read /var/lib/neutron/dhcp/b2af8e15-a3ba-4261-b14f-af7ee6f9e528/addn_hosts - 5 addresses
May 25 18:17:15 gtw01 dnsmasq-dhcp[13417]: read /var/lib/neutron/dhcp/b2af8e15-a3ba-4261-b14f-af7ee6f9e528/host
May 25 18:17:15 gtw01 dnsmasq-dhcp[13417]: read /var/lib/neutron/dhcp/b2af8e15-a3ba-4261-b14f-af7ee6f9e528/opts
May 25 18:17:16 gtw01 dnsmasq[13417]: read /var/lib/neutron/dhcp/b2af8e15-a3ba-4261-b14f-af7ee6f9e528/addn_hosts - 6 addresses
May 25 18:17:16 gtw01 dnsmasq-dhcp[13417]: read /var/lib/neutron/dhcp/b2af8e15-a3ba-4261-b14f-af7ee6f9e528/host
May 25 18:17:16 gtw01 dnsmasq-dhcp[13417]: read /var/lib/neutron/dhcp/b2af8e15-a3ba-4261-b14f-af7ee6f9e528/opts
May 25 18:17:17 gtw01 dnsmasq[13417]: read /var/lib/neutron/dhcp/b2af8e15-a3ba-4261-b14f-af7ee6f9e528/addn_hosts - 6 addresses
May 25 18:17:17 gtw01 dnsmasq-dhcp[13417]: read /var/lib/neutron/dhcp/b2af8e15-a3ba-4261-b14f-af7ee6f9e528/host
May 25 18:17:17 gtw01 dnsmasq-dhcp[13417]: read /var/lib/neutron/dhcp/b2af8e15-a3ba-4261-b14f-af7ee6f9e528/opts
May 25 18:17:17 gtw01 dnsmasq[13417]: read /var/lib/neutron/dhcp/b2af8e15-a3ba-4261-b14f-af7ee6f9e528/addn_hosts - 6 addresses
May 25 18:17:17 gtw01 dnsmasq-dhcp[13417]: read /var/lib/neutron/dhcp/b2af8e15-a3ba-4261-b14f-af7ee6f9e528/host
May 25 18:17:17 gtw01 dnsmasq-dhcp[13417]: read /var/lib/neutron/dhcp/b2af8e15-a3ba-4261-b14f-af7ee6f9e528/opts
May 25 18:17:18 gtw01 kernel: [11061.092251] device vxlan_sys_4789 entered promiscuous mode
May 25 18:17:18 gtw01 systemd-udevd[28252]: Could not generate persistent MAC address for vxlan_sys_4789: No such file or directory
May 25 18:17:18 gtw01 dnsmasq[13417]: read /var/lib/neutron/dhcp/b2af8e15-a3ba-4261-b14f-af7ee6f9e528/addn_hosts - 6 addresses
May 25 18:17:18 gtw01 dnsmasq-dhcp[13417]: read /var/lib/neutron/dhcp/b2af8e15-a3ba-4261-b14f-af7ee6f9e528/host
May 25 18:17:18 gtw01 dnsmasq-dhcp[13417]: read /var/lib/neutron/dhcp/b2af8e15-a3ba-4261-b14f-af7ee6f9e528/opts
May 25 18:17:19 gtw01 dnsmasq[13417]: read /var/lib/neutron/dhcp/b2af8e15-a3ba-4261-b14f-af7ee6f9e528/addn_hosts - 6 addresses
May 25 18:17:19 gtw01 dnsmasq-dhcp[13417]: read /var/lib/neutron/dhcp/b2af8e15-a3ba-4261-b14f-af7ee6f9e528/host
May 25 18:17:19 gtw01 dnsmasq-dhcp[13417]: read /var/lib/neutron/dhcp/b2af8e15-a3ba-4261-b14f-af7ee6f9e528/opts
May 25 18:17:20 gtw01 dnsmasq[13417]: read /var/lib/neutron/dhcp/b2af8e15-a3ba-4261-b14f-af7ee6f9e528/addn_hosts - 6 addresses
May 25 18:17:20 gtw01 dnsmasq-dhcp[13417]: read /var/lib/neutron/dhcp/b2af8e15-a3ba-4261-b14f-af7ee6f9e528/host
May 25 18:17:20 gtw01 dnsmasq-dhcp[13417]: read /var/lib/neutron/dhcp/b2af8e15-a3ba-4261-b14f-af7ee6f9e528/opts
May 25 18:17:21 gtw01 dnsmasq[13417]: read /var/lib/neutron/dhcp/b2af8e15-a3ba-4261-b14f-af7ee6f9e528/addn_hosts - 6 addresses
May 25 18:17:21 gtw01 dnsmasq-dhcp[13417]: read /var/lib/neutron/dhcp/b2af8e15-a3ba-4261-b14f-af7ee6f9e528/host
May 25 18:17:21 gtw01 dnsmasq-dhcp[13417]: read /var/lib/neutron/dhcp/b2af8e15-a3ba-4261-b14f-af7ee6f9e528/opts
May 25 18:17:22 gtw01 dnsmasq[13417]: read /var/lib/neutron/dhcp/b2af8e15-a3ba-4261-b14f-af7ee6f9e528/addn_hosts - 6 addresses
May 25 18:17:22 gtw01 dnsmasq-dhcp[13417]: read /var/lib/neutron/dhcp/b2af8e15-a3ba-4261-b14f-af7ee6f9e528/host
May 25 18:17:22 gtw01 dnsmasq-dhcp[13417]: read /var/lib/neutron/dhcp/b2af8e15-a3ba-4261-b14f-af7ee6f9e528/opts
May 25 18:17:29 gtw01 dnsmasq-dhcp[13417]: DHCPDISCOVER(tapbf90dfa7-89) fa:16:3e:84:9c:bd
May 25 18:17:29 gtw01 dnsmasq-dhcp[13417]: DHCPOFFER(tapbf90dfa7-89) 192.168.120.11 fa:16:3e:84:9c:bd
May 25 18:17:29 gtw01 dnsmasq-dhcp[13417]: DHCPREQUEST(tapbf90dfa7-89) 192.168.120.11 fa:16:3e:84:9c:bd
May 25 18:17:29 gtw01 dnsmasq-dhcp[13417]: DHCPACK(tapbf90dfa7-89) 192.168.120.11 fa:16:3e:84:9c:bd host-192-168-120-11
May 25 18:17:29 gtw01 dnsmasq-dhcp[13417]: DHCPDISCOVER(tapbf90dfa7-89) fa:16:3e:9a:17:34
May 25 18:17:29 gtw01 dnsmasq-dhcp[13417]: DHCPOFFER(tapbf90dfa7-89) 192.168.120.13 fa:16:3e:9a:17:34
May 25 18:17:29 gtw01 dnsmasq-dhcp[13417]: DHCPREQUEST(tapbf90dfa7-89) 192.168.120.13 fa:16:3e:9a:17:34
May 25 18:17:29 gtw01 dnsmasq-dhcp[13417]: DHCPACK(tapbf90dfa7-89) 192.168.120.13 fa:16:3e:9a:17:34 host-192-168-120-13
May 25 18:17:31 gtw01 dnsmasq-dhcp[13417]: DHCPDISCOVER(tapbf90dfa7-89) fa:16:3e:72:4b:3c
May 25 18:17:31 gtw01 dnsmasq-dhcp[13417]: DHCPOFFER(tapbf90dfa7-89) 192.168.120.19 fa:16:3e:72:4b:3c
May 25 18:17:31 gtw01 dnsmasq-dhcp[13417]: DHCPREQUEST(tapbf90dfa7-89) 192.168.120.19 fa:16:3e:72:4b:3c
May 25 18:17:31 gtw01 dnsmasq-dhcp[13417]: DHCPACK(tapbf90dfa7-89) 192.168.120.19 fa:16:3e:72:4b:3c host-192-168-120-19
May 25 18:17:32 gtw01 dnsmasq-dhcp[13417]: DHCPRELEASE(tapbf90dfa7-89) 192.168.120.11 fa:16:3e:84:9c:bd
May 25 18:17:32 gtw01 dnsmasq-dhcp[13417]: DHCPRELEASE(tapbf90dfa7-89) 192.168.120.11 fa:16:3e:84:9c:bd unknown lease
May 25 18:17:33 gtw01 dnsmasq[13417]: read /var/lib/neutron/dhcp/b2af8e15-a3ba-4261-b14f-af7ee6f9e528/addn_hosts - 5 addresses
May 25 18:17:33 gtw01 dnsmasq-dhcp[13417]: read /var/lib/neutron/dhcp/b2af8e15-a3ba-4261-b14f-af7ee6f9e528/host
May 25 18:17:33 gtw01 dnsmasq-dhcp[13417]: read /var/lib/neutron/dhcp/b2af8e15-a3ba-4261-b14f-af7ee6f9e528/opts
May 25 18:17:33 gtw01 dnsmasq-dhcp[13417]: DHCPRELEASE(tapbf90dfa7-89) 192.168.120.13 fa:16:3e:9a:17:34
May 25 18:17:33 gtw01 dnsmasq-dhcp[13417]: DHCPRELEASE(tapbf90dfa7-89) 192.168.120.13 fa:16:3e:9a:17:34 unknown lease
May 25 18:17:34 gtw01 dnsmasq[13417]: read /var/lib/neutron/dhcp/b2af8e15-a3ba-4261-b14f-af7ee6f9e528/addn_hosts - 4 addresses
May 25 18:17:34 gtw01 dnsmasq-dhcp[13417]: read /var/lib/neutron/dhcp/b2af8e15-a3ba-4261-b14f-af7ee6f9e528/host
May 25 18:17:34 gtw01 dnsmasq-dhcp[13417]: read /var/lib/neutron/dhcp/b2af8e15-a3ba-4261-b14f-af7ee6f9e528/opts
May 25 18:17:34 gtw01 dnsmasq-dhcp[13417]: DHCPDISCOVER(tapbf90dfa7-89) fa:16:3e:28:7b:24
May 25 18:17:34 gtw01 dnsmasq-dhcp[13417]: DHCPOFFER(tapbf90dfa7-89) 192.168.120.3 fa:16:3e:28:7b:24
May 25 18:17:34 gtw01 dnsmasq-dhcp[13417]: DHCPREQUEST(tapbf90dfa7-89) 192.168.120.3 fa:16:3e:28:7b:24
May 25 18:17:34 gtw01 dnsmasq-dhcp[13417]: DHCPACK(tapbf90dfa7-89) 192.168.120.3 fa:16:3e:28:7b:24 host-192-168-120-3
May 25 18:17:36 gtw01 dnsmasq-dhcp[13417]: DHCPRELEASE(tapbf90dfa7-89) 192.168.120.19 fa:16:3e:72:4b:3c
May 25 18:17:36 gtw01 dnsmasq-dhcp[13417]: DHCPRELEASE(tapbf90dfa7-89) 192.168.120.19 fa:16:3e:72:4b:3c unknown lease
May 25 18:17:37 gtw01 dnsmasq[13417]: read /var/lib/neutron/dhcp/b2af8e15-a3ba-4261-b14f-af7ee6f9e528/addn_hosts - 3 addresses
May 25 18:17:37 gtw01 dnsmasq-dhcp[13417]: read /var/lib/neutron/dhcp/b2af8e15-a3ba-4261-b14f-af7ee6f9e528/host
May 25 18:17:37 gtw01 dnsmasq-dhcp[13417]: read /var/lib/neutron/dhcp/b2af8e15-a3ba-4261-b14f-af7ee6f9e528/opts
May 25 18:17:39 gtw01 kernel: [11081.764335] device vxlan_sys_4789 left promiscuous mode
May 25 18:17:39 gtw01 dnsmasq-dhcp[13417]: DHCPRELEASE(tapbf90dfa7-89) 192.168.120.3 fa:16:3e:28:7b:24
May 25 18:17:39 gtw01 dnsmasq-dhcp[13417]: DHCPRELEASE(tapbf90dfa7-89) 192.168.120.3 fa:16:3e:28:7b:24 unknown lease
May 25 18:17:40 gtw01 dnsmasq[13417]: read /var/lib/neutron/dhcp/b2af8e15-a3ba-4261-b14f-af7ee6f9e528/addn_hosts - 2 addresses
May 25 18:17:40 gtw01 dnsmasq-dhcp[13417]: read /var/lib/neutron/dhcp/b2af8e15-a3ba-4261-b14f-af7ee6f9e528/host
May 25 18:17:40 gtw01 dnsmasq-dhcp[13417]: read /var/lib/neutron/dhcp/b2af8e15-a3ba-4261-b14f-af7ee6f9e528/opts
May 25 18:17:42 gtw01 dnsmasq[13417]: read /var/lib/neutron/dhcp/b2af8e15-a3ba-4261-b14f-af7ee6f9e528/addn_hosts - 3 addresses
May 25 18:17:42 gtw01 dnsmasq-dhcp[13417]: read /var/lib/neutron/dhcp/b2af8e15-a3ba-4261-b14f-af7ee6f9e528/host
May 25 18:17:42 gtw01 dnsmasq-dhcp[13417]: read /var/lib/neutron/dhcp/b2af8e15-a3ba-4261-b14f-af7ee6f9e528/opts
May 25 18:17:43 gtw01 dnsmasq[13417]: read /var/lib/neutron/dhcp/b2af8e15-a3ba-4261-b14f-af7ee6f9e528/addn_hosts - 3 addresses
May 25 18:17:43 gtw01 dnsmasq-dhcp[13417]: read /var/lib/neutron/dhcp/b2af8e15-a3ba-4261-b14f-af7ee6f9e528/host
May 25 18:17:43 gtw01 dnsmasq-dhcp[13417]: read /var/lib/neutron/dhcp/b2af8e15-a3ba-4261-b14f-af7ee6f9e528/opts
May 25 18:17:44 gtw01 dnsmasq[13417]: read /var/lib/neutron/dhcp/b2af8e15-a3ba-4261-b14f-af7ee6f9e528/addn_hosts - 4 addresses
May 25 18:17:44 gtw01 dnsmasq-dhcp[13417]: read /var/lib/neutron/dhcp/b2af8e15-a3ba-4261-b14f-af7ee6f9e528/host
May 25 18:17:44 gtw01 dnsmasq-dhcp[13417]: read /var/lib/neutron/dhcp/b2af8e15-a3ba-4261-b14f-af7ee6f9e528/opts
May 25 18:17:45 gtw01 dnsmasq[13417]: read /var/lib/neutron/dhcp/b2af8e15-a3ba-4261-b14f-af7ee6f9e528/addn_hosts - 4 addresses
May 25 18:17:45 gtw01 dnsmasq-dhcp[13417]: read /var/lib/neutron/dhcp/b2af8e15-a3ba-4261-b14f-af7ee6f9e528/host
May 25 18:17:45 gtw01 dnsmasq-dhcp[13417]: read /var/lib/neutron/dhcp/b2af8e15-a3ba-4261-b14f-af7ee6f9e528/opts
May 25 18:17:46 gtw01 dnsmasq[13417]: read /var/lib/neutron/dhcp/b2af8e15-a3ba-4261-b14f-af7ee6f9e528/addn_hosts - 4 addresses
May 25 18:17:46 gtw01 dnsmasq-dhcp[13417]: read /var/lib/neutron/dhcp/b2af8e15-a3ba-4261-b14f-af7ee6f9e528/host
May 25 18:17:46 gtw01 dnsmasq-dhcp[13417]: read /var/lib/neutron/dhcp/b2af8e15-a3ba-4261-b14f-af7ee6f9e528/opts
May 25 18:17:47 gtw01 dnsmasq[13417]: read /var/lib/neutron/dhcp/b2af8e15-a3ba-4261-b14f-af7ee6f9e528/addn_hosts - 4 addresses
May 25 18:17:47 gtw01 dnsmasq-dhcp[13417]: read /var/lib/neutron/dhcp/b2af8e15-a3ba-4261-b14f-af7ee6f9e528/host
May 25 18:17:47 gtw01 dnsmasq-dhcp[13417]: read /var/lib/neutron/dhcp/b2af8e15-a3ba-4261-b14f-af7ee6f9e528/opts
May 25 18:17:48 gtw01 systemd-udevd[28630]: Could not generate persistent MAC address for vxlan_sys_4789: No such file or directory
May 25 18:17:48 gtw01 kernel: [11090.875702] device vxlan_sys_4789 entered promiscuous mode
May 25 18:17:48 gtw01 dnsmasq[13417]: read /var/lib/neutron/dhcp/b2af8e15-a3ba-4261-b14f-af7ee6f9e528/addn_hosts - 5 addresses
May 25 18:17:48 gtw01 dnsmasq-dhcp[13417]: read /var/lib/neutron/dhcp/b2af8e15-a3ba-4261-b14f-af7ee6f9e528/host
May 25 18:17:48 gtw01 dnsmasq-dhcp[13417]: read /var/lib/neutron/dhcp/b2af8e15-a3ba-4261-b14f-af7ee6f9e528/opts
May 25 18:17:49 gtw01 dnsmasq[13417]: read /var/lib/neutron/dhcp/b2af8e15-a3ba-4261-b14f-af7ee6f9e528/addn_hosts - 5 addresses
May 25 18:17:49 gtw01 dnsmasq-dhcp[13417]: read /var/lib/neutron/dhcp/b2af8e15-a3ba-4261-b14f-af7ee6f9e528/host
May 25 18:17:49 gtw01 dnsmasq-dhcp[13417]: read /var/lib/neutron/dhcp/b2af8e15-a3ba-4261-b14f-af7ee6f9e528/opts
May 25 18:17:50 gtw01 dnsmasq[13417]: read /var/lib/neutron/dhcp/b2af8e15-a3ba-4261-b14f-af7ee6f9e528/addn_hosts - 5 addresses
May 25 18:17:50 gtw01 dnsmasq-dhcp[13417]: read /var/lib/neutron/dhcp/b2af8e15-a3ba-4261-b14f-af7ee6f9e528/host
May 25 18:17:50 gtw01 dnsmasq-dhcp[13417]: read /var/lib/neutron/dhcp/b2af8e15-a3ba-4261-b14f-af7ee6f9e528/opts
May 25 18:17:51 gtw01 dnsmasq[13417]: read /var/lib/neutron/dhcp/b2af8e15-a3ba-4261-b14f-af7ee6f9e528/addn_hosts - 6 addresses
May 25 18:17:51 gtw01 dnsmasq-dhcp[13417]: read /var/lib/neutron/dhcp/b2af8e15-a3ba-4261-b14f-af7ee6f9e528/host
May 25 18:17:51 gtw01 dnsmasq-dhcp[13417]: read /var/lib/neutron/dhcp/b2af8e15-a3ba-4261-b14f-af7ee6f9e528/opts
May 25 18:17:52 gtw01 dnsmasq[13417]: read /var/lib/neutron/dhcp/b2af8e15-a3ba-4261-b14f-af7ee6f9e528/addn_hosts - 6 addresses
May 25 18:17:52 gtw01 dnsmasq-dhcp[13417]: read /var/lib/neutron/dhcp/b2af8e15-a3ba-4261-b14f-af7ee6f9e528/host
May 25 18:17:52 gtw01 dnsmasq-dhcp[13417]: read /var/lib/neutron/dhcp/b2af8e15-a3ba-4261-b14f-af7ee6f9e528/opts
May 25 18:17:53 gtw01 dnsmasq[13417]: read /var/lib/neutron/dhcp/b2af8e15-a3ba-4261-b14f-af7ee6f9e528/addn_hosts - 6 addresses
May 25 18:17:53 gtw01 dnsmasq-dhcp[13417]: read /var/lib/neutron/dhcp/b2af8e15-a3ba-4261-b14f-af7ee6f9e528/host
May 25 18:17:53 gtw01 dnsmasq-dhcp[13417]: read /var/lib/neutron/dhcp/b2af8e15-a3ba-4261-b14f-af7ee6f9e528/opts
May 25 18:17:59 gtw01 dnsmasq-dhcp[13417]: DHCPDISCOVER(tapbf90dfa7-89) fa:16:3e:12:0e:fe
May 25 18:17:59 gtw01 dnsmasq-dhcp[13417]: DHCPOFFER(tapbf90dfa7-89) 192.168.120.7 fa:16:3e:12:0e:fe
May 25 18:17:59 gtw01 dnsmasq-dhcp[13417]: DHCPREQUEST(tapbf90dfa7-89) 192.168.120.7 fa:16:3e:12:0e:fe
May 25 18:17:59 gtw01 dnsmasq-dhcp[13417]: DHCPACK(tapbf90dfa7-89) 192.168.120.7 fa:16:3e:12:0e:fe host-192-168-120-7
May 25 18:18:00 gtw01 dnsmasq-dhcp[13417]: DHCPDISCOVER(tapbf90dfa7-89) fa:16:3e:6e:76:36
May 25 18:18:00 gtw01 dnsmasq-dhcp[13417]: DHCPOFFER(tapbf90dfa7-89) 192.168.120.4 fa:16:3e:6e:76:36
May 25 18:18:00 gtw01 dnsmasq-dhcp[13417]: DHCPREQUEST(tapbf90dfa7-89) 192.168.120.4 fa:16:3e:6e:76:36
May 25 18:18:00 gtw01 dnsmasq-dhcp[13417]: DHCPACK(tapbf90dfa7-89) 192.168.120.4 fa:16:3e:6e:76:36 host-192-168-120-4
May 25 18:18:02 gtw01 dnsmasq-dhcp[13417]: DHCPRELEASE(tapbf90dfa7-89) 192.168.120.7 fa:16:3e:12:0e:fe
May 25 18:18:02 gtw01 dnsmasq-dhcp[13417]: DHCPRELEASE(tapbf90dfa7-89) 192.168.120.7 fa:16:3e:12:0e:fe unknown lease
May 25 18:18:03 gtw01 dnsmasq[13417]: read /var/lib/neutron/dhcp/b2af8e15-a3ba-4261-b14f-af7ee6f9e528/addn_hosts - 5 addresses
May 25 18:18:03 gtw01 dnsmasq-dhcp[13417]: read /var/lib/neutron/dhcp/b2af8e15-a3ba-4261-b14f-af7ee6f9e528/host
May 25 18:18:03 gtw01 dnsmasq-dhcp[13417]: read /var/lib/neutron/dhcp/b2af8e15-a3ba-4261-b14f-af7ee6f9e528/opts
May 25 18:18:03 gtw01 dnsmasq-dhcp[13417]: DHCPDISCOVER(tapbf90dfa7-89) fa:16:3e:f3:7d:e9
May 25 18:18:03 gtw01 dnsmasq-dhcp[13417]: DHCPOFFER(tapbf90dfa7-89) 192.168.120.3 fa:16:3e:f3:7d:e9
May 25 18:18:03 gtw01 dnsmasq-dhcp[13417]: DHCPREQUEST(tapbf90dfa7-89) 192.168.120.3 fa:16:3e:f3:7d:e9
May 25 18:18:03 gtw01 dnsmasq-dhcp[13417]: DHCPACK(tapbf90dfa7-89) 192.168.120.3 fa:16:3e:f3:7d:e9 host-192-168-120-3
May 25 18:18:03 gtw01 dnsmasq-dhcp[13417]: DHCPRELEASE(tapbf90dfa7-89) 192.168.120.4 fa:16:3e:6e:76:36
May 25 18:18:04 gtw01 dnsmasq-dhcp[13417]: DHCPRELEASE(tapbf90dfa7-89) 192.168.120.4 fa:16:3e:6e:76:36 unknown lease
May 25 18:18:04 gtw01 dnsmasq[13417]: read /var/lib/neutron/dhcp/b2af8e15-a3ba-4261-b14f-af7ee6f9e528/addn_hosts - 4 addresses
May 25 18:18:04 gtw01 dnsmasq-dhcp[13417]: read /var/lib/neutron/dhcp/b2af8e15-a3ba-4261-b14f-af7ee6f9e528/host
May 25 18:18:04 gtw01 dnsmasq-dhcp[13417]: read /var/lib/neutron/dhcp/b2af8e15-a3ba-4261-b14f-af7ee6f9e528/opts
May 25 18:18:06 gtw01 dnsmasq-dhcp[13417]: DHCPDISCOVER(tapbf90dfa7-89) fa:16:3e:f7:0b:33
May 25 18:18:06 gtw01 dnsmasq-dhcp[13417]: DHCPOFFER(tapbf90dfa7-89) 192.168.120.5 fa:16:3e:f7:0b:33
May 25 18:18:06 gtw01 dnsmasq-dhcp[13417]: DHCPREQUEST(tapbf90dfa7-89) 192.168.120.5 fa:16:3e:f7:0b:33
May 25 18:18:06 gtw01 dnsmasq-dhcp[13417]: DHCPACK(tapbf90dfa7-89) 192.168.120.5 fa:16:3e:f7:0b:33 host-192-168-120-5
May 25 18:18:07 gtw01 dnsmasq-dhcp[13417]: DHCPRELEASE(tapbf90dfa7-89) 192.168.120.3 fa:16:3e:f3:7d:e9
May 25 18:18:07 gtw01 dnsmasq-dhcp[13417]: DHCPRELEASE(tapbf90dfa7-89) 192.168.120.3 fa:16:3e:f3:7d:e9 unknown lease
May 25 18:18:08 gtw01 dnsmasq[13417]: read /var/lib/neutron/dhcp/b2af8e15-a3ba-4261-b14f-af7ee6f9e528/addn_hosts - 3 addresses
May 25 18:18:08 gtw01 dnsmasq-dhcp[13417]: read /var/lib/neutron/dhcp/b2af8e15-a3ba-4261-b14f-af7ee6f9e528/host
May 25 18:18:08 gtw01 dnsmasq-dhcp[13417]: read /var/lib/neutron/dhcp/b2af8e15-a3ba-4261-b14f-af7ee6f9e528/opts
May 25 18:18:09 gtw01 kernel: [11111.904610] device vxlan_sys_4789 left promiscuous mode
May 25 18:18:09 gtw01 dnsmasq-dhcp[13417]: DHCPRELEASE(tapbf90dfa7-89) 192.168.120.5 fa:16:3e:f7:0b:33
May 25 18:18:09 gtw01 dnsmasq-dhcp[13417]: DHCPRELEASE(tapbf90dfa7-89) 192.168.120.5 fa:16:3e:f7:0b:33 unknown lease
May 25 18:18:10 gtw01 dnsmasq[13417]: read /var/lib/neutron/dhcp/b2af8e15-a3ba-4261-b14f-af7ee6f9e528/addn_hosts - 2 addresses
May 25 18:18:10 gtw01 dnsmasq-dhcp[13417]: read /var/lib/neutron/dhcp/b2af8e15-a3ba-4261-b14f-af7ee6f9e528/host
May 25 18:18:10 gtw01 dnsmasq-dhcp[13417]: read /var/lib/neutron/dhcp/b2af8e15-a3ba-4261-b14f-af7ee6f9e528/opts
May 25 18:18:14 gtw01 dnsmasq[13417]: read /var/lib/neutron/dhcp/b2af8e15-a3ba-4261-b14f-af7ee6f9e528/addn_hosts - 3 addresses
May 25 18:18:14 gtw01 dnsmasq-dhcp[13417]: read /var/lib/neutron/dhcp/b2af8e15-a3ba-4261-b14f-af7ee6f9e528/host
May 25 18:18:14 gtw01 dnsmasq-dhcp[13417]: read /var/lib/neutron/dhcp/b2af8e15-a3ba-4261-b14f-af7ee6f9e528/opts
May 25 18:18:15 gtw01 dnsmasq[13417]: read /var/lib/neutron/dhcp/b2af8e15-a3ba-4261-b14f-af7ee6f9e528/addn_hosts - 4 addresses
May 25 18:18:15 gtw01 dnsmasq-dhcp[13417]: read /var/lib/neutron/dhcp/b2af8e15-a3ba-4261-b14f-af7ee6f9e528/host
May 25 18:18:15 gtw01 dnsmasq-dhcp[13417]: read /var/lib/neutron/dhcp/b2af8e15-a3ba-4261-b14f-af7ee6f9e528/opts
May 25 18:18:16 gtw01 dnsmasq[13417]: read /var/lib/neutron/dhcp/b2af8e15-a3ba-4261-b14f-af7ee6f9e528/addn_hosts - 4 addresses
May 25 18:18:16 gtw01 dnsmasq-dhcp[13417]: read /var/lib/neutron/dhcp/b2af8e15-a3ba-4261-b14f-af7ee6f9e528/host
May 25 18:18:16 gtw01 dnsmasq-dhcp[13417]: read /var/lib/neutron/dhcp/b2af8e15-a3ba-4261-b14f-af7ee6f9e528/opts
May 25 18:18:17 gtw01 dnsmasq[13417]: read /var/lib/neutron/dhcp/b2af8e15-a3ba-4261-b14f-af7ee6f9e528/addn_hosts - 4 addresses
May 25 18:18:17 gtw01 dnsmasq-dhcp[13417]: read /var/lib/neutron/dhcp/b2af8e15-a3ba-4261-b14f-af7ee6f9e528/host
May 25 18:18:17 gtw01 dnsmasq-dhcp[13417]: read /var/lib/neutron/dhcp/b2af8e15-a3ba-4261-b14f-af7ee6f9e528/opts
May 25 18:18:17 gtw01 kernel: [11120.466395] device vxlan_sys_4789 entered promiscuous mode
May 25 18:18:17 gtw01 systemd-udevd[28999]: Could not generate persistent MAC address for vxlan_sys_4789: No such file or directory
May 25 18:18:18 gtw01 dnsmasq[13417]: read /var/lib/neutron/dhcp/b2af8e15-a3ba-4261-b14f-af7ee6f9e528/addn_hosts - 4 addresses
May 25 18:18:18 gtw01 dnsmasq-dhcp[13417]: read /var/lib/neutron/dhcp/b2af8e15-a3ba-4261-b14f-af7ee6f9e528/host
May 25 18:18:18 gtw01 dnsmasq-dhcp[13417]: read /var/lib/neutron/dhcp/b2af8e15-a3ba-4261-b14f-af7ee6f9e528/opts
May 25 18:18:18 gtw01 dnsmasq[13417]: read /var/lib/neutron/dhcp/b2af8e15-a3ba-4261-b14f-af7ee6f9e528/addn_hosts - 4 addresses
May 25 18:18:18 gtw01 dnsmasq-dhcp[13417]: read /var/lib/neutron/dhcp/b2af8e15-a3ba-4261-b14f-af7ee6f9e528/host
May 25 18:18:18 gtw01 dnsmasq-dhcp[13417]: read /var/lib/neutron/dhcp/b2af8e15-a3ba-4261-b14f-af7ee6f9e528/opts
May 25 18:18:28 gtw01 dnsmasq-dhcp[13417]: DHCPDISCOVER(tapbf90dfa7-89) fa:16:3e:3f:fb:4e
May 25 18:18:28 gtw01 dnsmasq-dhcp[13417]: DHCPOFFER(tapbf90dfa7-89) 192.168.120.5 fa:16:3e:3f:fb:4e
May 25 18:18:28 gtw01 dnsmasq-dhcp[13417]: DHCPREQUEST(tapbf90dfa7-89) 192.168.120.5 fa:16:3e:3f:fb:4e
May 25 18:18:28 gtw01 dnsmasq-dhcp[13417]: DHCPACK(tapbf90dfa7-89) 192.168.120.5 fa:16:3e:3f:fb:4e host-192-168-120-5
May 25 18:18:29 gtw01 dnsmasq-dhcp[13417]: DHCPRELEASE(tapbf90dfa7-89) 192.168.120.5 fa:16:3e:3f:fb:4e
May 25 18:18:30 gtw01 dnsmasq-dhcp[13417]: DHCPRELEASE(tapbf90dfa7-89) 192.168.120.5 fa:16:3e:3f:fb:4e unknown lease
May 25 18:18:30 gtw01 dnsmasq-dhcp[13417]: DHCPDISCOVER(tapbf90dfa7-89) fa:16:3e:dc:52:d9
May 25 18:18:30 gtw01 dnsmasq-dhcp[13417]: DHCPOFFER(tapbf90dfa7-89) 192.168.120.13 fa:16:3e:dc:52:d9
May 25 18:18:30 gtw01 dnsmasq-dhcp[13417]: DHCPREQUEST(tapbf90dfa7-89) 192.168.120.13 fa:16:3e:dc:52:d9
May 25 18:18:30 gtw01 dnsmasq-dhcp[13417]: DHCPACK(tapbf90dfa7-89) 192.168.120.13 fa:16:3e:dc:52:d9 host-192-168-120-13
May 25 18:18:31 gtw01 dnsmasq[13417]: read /var/lib/neutron/dhcp/b2af8e15-a3ba-4261-b14f-af7ee6f9e528/addn_hosts - 3 addresses
May 25 18:18:31 gtw01 dnsmasq-dhcp[13417]: read /var/lib/neutron/dhcp/b2af8e15-a3ba-4261-b14f-af7ee6f9e528/host
May 25 18:18:31 gtw01 dnsmasq-dhcp[13417]: read /var/lib/neutron/dhcp/b2af8e15-a3ba-4261-b14f-af7ee6f9e528/opts
May 25 18:18:32 gtw01 dnsmasq-dhcp[13417]: DHCPRELEASE(tapbf90dfa7-89) 192.168.120.13 fa:16:3e:dc:52:d9
May 25 18:18:32 gtw01 kernel: [11135.316203] device vxlan_sys_4789 left promiscuous mode
May 25 18:18:32 gtw01 dnsmasq-dhcp[13417]: DHCPRELEASE(tapbf90dfa7-89) 192.168.120.13 fa:16:3e:dc:52:d9 unknown lease
May 25 18:18:33 gtw01 dnsmasq[13417]: read /var/lib/neutron/dhcp/b2af8e15-a3ba-4261-b14f-af7ee6f9e528/addn_hosts - 2 addresses
May 25 18:18:33 gtw01 dnsmasq-dhcp[13417]: read /var/lib/neutron/dhcp/b2af8e15-a3ba-4261-b14f-af7ee6f9e528/host
May 25 18:18:33 gtw01 dnsmasq-dhcp[13417]: read /var/lib/neutron/dhcp/b2af8e15-a3ba-4261-b14f-af7ee6f9e528/opts
May 25 18:33:51 gtw01 systemd-udevd[29185]: Could not generate persistent MAC address for tap012dc6b4-5a: No such file or directory
May 25 18:33:51 gtw01 kernel: [12054.155817] device tap012dc6b4-5a entered promiscuous mode
May 25 18:33:51 gtw01 systemd-udevd[29185]: Process '/sbin/ip link set tap012dc6b4-5a txqueuelen 10000' failed with exit code 1.
May 25 18:33:51 gtw01 systemd-udevd[29185]: Process '/sbin/ip link set tap012dc6b4-5a txqueuelen 10000' failed with exit code 1.
May 25 18:33:52 gtw01 systemd-udevd[29299]: Could not generate persistent MAC address for tapc26a0d95-b5: No such file or directory
May 25 18:33:52 gtw01 kernel: [12055.112536] device tapc26a0d95-b5 entered promiscuous mode
May 25 18:33:52 gtw01 systemd-udevd[29299]: Process '/sbin/ip link set tapc26a0d95-b5 txqueuelen 10000' failed with exit code 1.
May 25 18:33:52 gtw01 systemd-udevd[29299]: Process '/sbin/ip link set tapc26a0d95-b5 txqueuelen 10000' failed with exit code 1.
May 25 18:33:53 gtw01 systemd-udevd[29454]: Could not generate persistent MAC address for tapa89b67f4-37: No such file or directory
May 25 18:33:53 gtw01 kernel: [12056.463489] device tapa89b67f4-37 entered promiscuous mode
May 25 18:33:53 gtw01 systemd-udevd[29454]: Process '/sbin/ip link set tapa89b67f4-37 txqueuelen 10000' failed with exit code 1.
May 25 18:33:54 gtw01 systemd-udevd[29532]: Process '/sbin/ip link set tapa89b67f4-37 txqueuelen 10000' failed with exit code 1.
May 25 18:33:55 gtw01 dnsmasq[29584]: started, version 2.80 cachesize 150
May 25 18:33:55 gtw01 dnsmasq[29584]: DNS service limited to local subnets
May 25 18:33:55 gtw01 dnsmasq[29584]: compile time options: IPv6 GNU-getopt DBus i18n IDN DHCP DHCPv6 no-Lua TFTP conntrack ipset auth DNSSEC loop-detect inotify dumpfile
May 25 18:33:55 gtw01 dnsmasq[29584]: warning: no upstream servers configured
May 25 18:33:55 gtw01 dnsmasq-dhcp[29584]: DHCP, static leases only on 10.2.0.0, lease time 1h
May 25 18:33:55 gtw01 dnsmasq[29584]: read /var/lib/neutron/dhcp/4eec4f75-a68a-4990-9ec9-67edcaba7a93/addn_hosts - 1 addresses
May 25 18:33:55 gtw01 dnsmasq-dhcp[29584]: read /var/lib/neutron/dhcp/4eec4f75-a68a-4990-9ec9-67edcaba7a93/host
May 25 18:33:55 gtw01 dnsmasq-dhcp[29584]: read /var/lib/neutron/dhcp/4eec4f75-a68a-4990-9ec9-67edcaba7a93/opts
May 25 18:33:55 gtw01 haproxy-metadata-proxy-4eec4f75-a68a-4990-9ec9-67edcaba7a93[29598]: Proxy listener started.
May 25 18:33:55 gtw01 dnsmasq[29584]: read /var/lib/neutron/dhcp/4eec4f75-a68a-4990-9ec9-67edcaba7a93/addn_hosts - 4 addresses
May 25 18:33:55 gtw01 dnsmasq-dhcp[29584]: read /var/lib/neutron/dhcp/4eec4f75-a68a-4990-9ec9-67edcaba7a93/host
May 25 18:33:55 gtw01 dnsmasq-dhcp[29584]: read /var/lib/neutron/dhcp/4eec4f75-a68a-4990-9ec9-67edcaba7a93/opts
May 25 18:33:56 gtw01 dnsmasq[29654]: started, version 2.80 cachesize 150
May 25 18:33:56 gtw01 dnsmasq[29654]: DNS service limited to local subnets
May 25 18:33:56 gtw01 dnsmasq[29654]: compile time options: IPv6 GNU-getopt DBus i18n IDN DHCP DHCPv6 no-Lua TFTP conntrack ipset auth DNSSEC loop-detect inotify dumpfile
May 25 18:33:56 gtw01 dnsmasq[29654]: warning: no upstream servers configured
May 25 18:33:56 gtw01 dnsmasq-dhcp[29654]: DHCP, static leases only on 10.2.1.0, lease time 1h
May 25 18:33:56 gtw01 dnsmasq[29654]: read /var/lib/neutron/dhcp/b1066afa-ad9d-4d08-99bd-e8ffad10b6f7/addn_hosts - 1 addresses
May 25 18:33:56 gtw01 dnsmasq-dhcp[29654]: read /var/lib/neutron/dhcp/b1066afa-ad9d-4d08-99bd-e8ffad10b6f7/host
May 25 18:33:56 gtw01 dnsmasq-dhcp[29654]: read /var/lib/neutron/dhcp/b1066afa-ad9d-4d08-99bd-e8ffad10b6f7/opts
May 25 18:33:56 gtw01 haproxy-metadata-proxy-b1066afa-ad9d-4d08-99bd-e8ffad10b6f7[29664]: Proxy listener started.
May 25 18:33:56 gtw01 dnsmasq[29584]: read /var/lib/neutron/dhcp/4eec4f75-a68a-4990-9ec9-67edcaba7a93/addn_hosts - 4 addresses
May 25 18:33:56 gtw01 dnsmasq-dhcp[29584]: read /var/lib/neutron/dhcp/4eec4f75-a68a-4990-9ec9-67edcaba7a93/host
May 25 18:33:56 gtw01 dnsmasq-dhcp[29584]: read /var/lib/neutron/dhcp/4eec4f75-a68a-4990-9ec9-67edcaba7a93/opts
May 25 18:33:57 gtw01 dnsmasq[29654]: read /var/lib/neutron/dhcp/b1066afa-ad9d-4d08-99bd-e8ffad10b6f7/addn_hosts - 1 addresses
May 25 18:33:57 gtw01 dnsmasq-dhcp[29654]: read /var/lib/neutron/dhcp/b1066afa-ad9d-4d08-99bd-e8ffad10b6f7/host
May 25 18:33:57 gtw01 dnsmasq-dhcp[29654]: read /var/lib/neutron/dhcp/b1066afa-ad9d-4d08-99bd-e8ffad10b6f7/opts
May 25 18:33:57 gtw01 dnsmasq[29729]: started, version 2.80 cachesize 150
May 25 18:33:57 gtw01 dnsmasq[29729]: DNS service limited to local subnets
May 25 18:33:57 gtw01 dnsmasq[29729]: compile time options: IPv6 GNU-getopt DBus i18n IDN DHCP DHCPv6 no-Lua TFTP conntrack ipset auth DNSSEC loop-detect inotify dumpfile
May 25 18:33:57 gtw01 dnsmasq[29729]: warning: no upstream servers configured
May 25 18:33:57 gtw01 dnsmasq-dhcp[29729]: DHCP, static leases only on 10.2.2.0, lease time 1h
May 25 18:33:57 gtw01 dnsmasq[29729]: read /var/lib/neutron/dhcp/0368514e-869f-4502-bb46-3470b1ee8e58/addn_hosts - 1 addresses
May 25 18:33:57 gtw01 dnsmasq-dhcp[29729]: read /var/lib/neutron/dhcp/0368514e-869f-4502-bb46-3470b1ee8e58/host
May 25 18:33:57 gtw01 dnsmasq-dhcp[29729]: read /var/lib/neutron/dhcp/0368514e-869f-4502-bb46-3470b1ee8e58/opts
May 25 18:33:57 gtw01 haproxy-metadata-proxy-0368514e-869f-4502-bb46-3470b1ee8e58[29740]: Proxy listener started.
May 25 18:33:57 gtw01 dnsmasq[29584]: read /var/lib/neutron/dhcp/4eec4f75-a68a-4990-9ec9-67edcaba7a93/addn_hosts - 4 addresses
May 25 18:33:57 gtw01 dnsmasq-dhcp[29584]: read /var/lib/neutron/dhcp/4eec4f75-a68a-4990-9ec9-67edcaba7a93/host
May 25 18:33:57 gtw01 dnsmasq-dhcp[29584]: read /var/lib/neutron/dhcp/4eec4f75-a68a-4990-9ec9-67edcaba7a93/opts
May 25 18:33:58 gtw01 dnsmasq[29654]: read /var/lib/neutron/dhcp/b1066afa-ad9d-4d08-99bd-e8ffad10b6f7/addn_hosts - 1 addresses
May 25 18:33:58 gtw01 dnsmasq-dhcp[29654]: read /var/lib/neutron/dhcp/b1066afa-ad9d-4d08-99bd-e8ffad10b6f7/host
May 25 18:33:58 gtw01 dnsmasq-dhcp[29654]: read /var/lib/neutron/dhcp/b1066afa-ad9d-4d08-99bd-e8ffad10b6f7/opts
May 25 18:33:58 gtw01 dnsmasq[29729]: read /var/lib/neutron/dhcp/0368514e-869f-4502-bb46-3470b1ee8e58/addn_hosts - 3 addresses
May 25 18:33:58 gtw01 dnsmasq-dhcp[29729]: read /var/lib/neutron/dhcp/0368514e-869f-4502-bb46-3470b1ee8e58/host
May 25 18:33:58 gtw01 dnsmasq-dhcp[29729]: read /var/lib/neutron/dhcp/0368514e-869f-4502-bb46-3470b1ee8e58/opts
May 25 18:33:58 gtw01 dnsmasq[29584]: read /var/lib/neutron/dhcp/4eec4f75-a68a-4990-9ec9-67edcaba7a93/addn_hosts - 4 addresses
May 25 18:33:58 gtw01 dnsmasq-dhcp[29584]: read /var/lib/neutron/dhcp/4eec4f75-a68a-4990-9ec9-67edcaba7a93/host
May 25 18:33:58 gtw01 dnsmasq-dhcp[29584]: read /var/lib/neutron/dhcp/4eec4f75-a68a-4990-9ec9-67edcaba7a93/opts
May 25 18:33:59 gtw01 dnsmasq[29654]: read /var/lib/neutron/dhcp/b1066afa-ad9d-4d08-99bd-e8ffad10b6f7/addn_hosts - 2 addresses
May 25 18:33:59 gtw01 dnsmasq-dhcp[29654]: read /var/lib/neutron/dhcp/b1066afa-ad9d-4d08-99bd-e8ffad10b6f7/host
May 25 18:33:59 gtw01 dnsmasq-dhcp[29654]: read /var/lib/neutron/dhcp/b1066afa-ad9d-4d08-99bd-e8ffad10b6f7/opts
May 25 18:33:59 gtw01 dnsmasq[29729]: read /var/lib/neutron/dhcp/0368514e-869f-4502-bb46-3470b1ee8e58/addn_hosts - 3 addresses
May 25 18:33:59 gtw01 dnsmasq-dhcp[29729]: read /var/lib/neutron/dhcp/0368514e-869f-4502-bb46-3470b1ee8e58/host
May 25 18:33:59 gtw01 dnsmasq-dhcp[29729]: read /var/lib/neutron/dhcp/0368514e-869f-4502-bb46-3470b1ee8e58/opts
May 25 18:33:59 gtw01 dnsmasq[29584]: read /var/lib/neutron/dhcp/4eec4f75-a68a-4990-9ec9-67edcaba7a93/addn_hosts - 4 addresses
May 25 18:33:59 gtw01 dnsmasq-dhcp[29584]: read /var/lib/neutron/dhcp/4eec4f75-a68a-4990-9ec9-67edcaba7a93/host
May 25 18:33:59 gtw01 dnsmasq-dhcp[29584]: read /var/lib/neutron/dhcp/4eec4f75-a68a-4990-9ec9-67edcaba7a93/opts
May 25 18:33:59 gtw01 dnsmasq[29654]: read /var/lib/neutron/dhcp/b1066afa-ad9d-4d08-99bd-e8ffad10b6f7/addn_hosts - 2 addresses
May 25 18:33:59 gtw01 dnsmasq-dhcp[29654]: read /var/lib/neutron/dhcp/b1066afa-ad9d-4d08-99bd-e8ffad10b6f7/host
May 25 18:33:59 gtw01 dnsmasq-dhcp[29654]: read /var/lib/neutron/dhcp/b1066afa-ad9d-4d08-99bd-e8ffad10b6f7/opts
May 25 18:34:00 gtw01 dnsmasq[29729]: read /var/lib/neutron/dhcp/0368514e-869f-4502-bb46-3470b1ee8e58/addn_hosts - 3 addresses
May 25 18:34:00 gtw01 dnsmasq-dhcp[29729]: read /var/lib/neutron/dhcp/0368514e-869f-4502-bb46-3470b1ee8e58/host
May 25 18:34:00 gtw01 dnsmasq-dhcp[29729]: read /var/lib/neutron/dhcp/0368514e-869f-4502-bb46-3470b1ee8e58/opts
May 25 18:34:00 gtw01 dnsmasq[29584]: read /var/lib/neutron/dhcp/4eec4f75-a68a-4990-9ec9-67edcaba7a93/addn_hosts - 5 addresses
May 25 18:34:00 gtw01 dnsmasq-dhcp[29584]: read /var/lib/neutron/dhcp/4eec4f75-a68a-4990-9ec9-67edcaba7a93/host
May 25 18:34:00 gtw01 dnsmasq-dhcp[29584]: read /var/lib/neutron/dhcp/4eec4f75-a68a-4990-9ec9-67edcaba7a93/opts
May 25 18:34:00 gtw01 dnsmasq[29654]: read /var/lib/neutron/dhcp/b1066afa-ad9d-4d08-99bd-e8ffad10b6f7/addn_hosts - 2 addresses
May 25 18:34:00 gtw01 dnsmasq-dhcp[29654]: read /var/lib/neutron/dhcp/b1066afa-ad9d-4d08-99bd-e8ffad10b6f7/host
May 25 18:34:00 gtw01 dnsmasq-dhcp[29654]: read /var/lib/neutron/dhcp/b1066afa-ad9d-4d08-99bd-e8ffad10b6f7/opts
May 25 18:34:01 gtw01 dnsmasq[29729]: read /var/lib/neutron/dhcp/0368514e-869f-4502-bb46-3470b1ee8e58/addn_hosts - 3 addresses
May 25 18:34:01 gtw01 dnsmasq-dhcp[29729]: read /var/lib/neutron/dhcp/0368514e-869f-4502-bb46-3470b1ee8e58/host
May 25 18:34:01 gtw01 dnsmasq-dhcp[29729]: read /var/lib/neutron/dhcp/0368514e-869f-4502-bb46-3470b1ee8e58/opts
May 25 18:34:01 gtw01 dnsmasq[29584]: read /var/lib/neutron/dhcp/4eec4f75-a68a-4990-9ec9-67edcaba7a93/addn_hosts - 6 addresses
May 25 18:34:01 gtw01 dnsmasq-dhcp[29584]: read /var/lib/neutron/dhcp/4eec4f75-a68a-4990-9ec9-67edcaba7a93/host
May 25 18:34:01 gtw01 dnsmasq-dhcp[29584]: read /var/lib/neutron/dhcp/4eec4f75-a68a-4990-9ec9-67edcaba7a93/opts
May 25 18:34:02 gtw01 dnsmasq[29729]: read /var/lib/neutron/dhcp/0368514e-869f-4502-bb46-3470b1ee8e58/addn_hosts - 4 addresses
May 25 18:34:02 gtw01 dnsmasq-dhcp[29729]: read /var/lib/neutron/dhcp/0368514e-869f-4502-bb46-3470b1ee8e58/host
May 25 18:34:02 gtw01 dnsmasq-dhcp[29729]: read /var/lib/neutron/dhcp/0368514e-869f-4502-bb46-3470b1ee8e58/opts
May 25 18:34:02 gtw01 dnsmasq[29584]: read /var/lib/neutron/dhcp/4eec4f75-a68a-4990-9ec9-67edcaba7a93/addn_hosts - 7 addresses
May 25 18:34:02 gtw01 dnsmasq-dhcp[29584]: read /var/lib/neutron/dhcp/4eec4f75-a68a-4990-9ec9-67edcaba7a93/host
May 25 18:34:02 gtw01 dnsmasq-dhcp[29584]: read /var/lib/neutron/dhcp/4eec4f75-a68a-4990-9ec9-67edcaba7a93/opts
May 25 18:34:03 gtw01 dnsmasq[29729]: read /var/lib/neutron/dhcp/0368514e-869f-4502-bb46-3470b1ee8e58/addn_hosts - 4 addresses
May 25 18:34:03 gtw01 dnsmasq-dhcp[29729]: read /var/lib/neutron/dhcp/0368514e-869f-4502-bb46-3470b1ee8e58/host
May 25 18:34:03 gtw01 dnsmasq-dhcp[29729]: read /var/lib/neutron/dhcp/0368514e-869f-4502-bb46-3470b1ee8e58/opts
May 25 18:34:03 gtw01 dnsmasq[29584]: read /var/lib/neutron/dhcp/4eec4f75-a68a-4990-9ec9-67edcaba7a93/addn_hosts - 7 addresses
May 25 18:34:03 gtw01 dnsmasq-dhcp[29584]: read /var/lib/neutron/dhcp/4eec4f75-a68a-4990-9ec9-67edcaba7a93/host
May 25 18:34:03 gtw01 dnsmasq-dhcp[29584]: read /var/lib/neutron/dhcp/4eec4f75-a68a-4990-9ec9-67edcaba7a93/opts
May 25 18:34:04 gtw01 dnsmasq[29729]: read /var/lib/neutron/dhcp/0368514e-869f-4502-bb46-3470b1ee8e58/addn_hosts - 4 addresses
May 25 18:34:04 gtw01 dnsmasq-dhcp[29729]: read /var/lib/neutron/dhcp/0368514e-869f-4502-bb46-3470b1ee8e58/host
May 25 18:34:04 gtw01 dnsmasq-dhcp[29729]: read /var/lib/neutron/dhcp/0368514e-869f-4502-bb46-3470b1ee8e58/opts
May 25 18:34:04 gtw01 dnsmasq[29584]: read /var/lib/neutron/dhcp/4eec4f75-a68a-4990-9ec9-67edcaba7a93/addn_hosts - 7 addresses
May 25 18:34:04 gtw01 dnsmasq-dhcp[29584]: read /var/lib/neutron/dhcp/4eec4f75-a68a-4990-9ec9-67edcaba7a93/host
May 25 18:34:04 gtw01 dnsmasq-dhcp[29584]: read /var/lib/neutron/dhcp/4eec4f75-a68a-4990-9ec9-67edcaba7a93/opts
May 25 18:34:05 gtw01 dnsmasq[29729]: read /var/lib/neutron/dhcp/0368514e-869f-4502-bb46-3470b1ee8e58/addn_hosts - 4 addresses
May 25 18:34:05 gtw01 dnsmasq-dhcp[29729]: read /var/lib/neutron/dhcp/0368514e-869f-4502-bb46-3470b1ee8e58/host
May 25 18:34:05 gtw01 dnsmasq-dhcp[29729]: read /var/lib/neutron/dhcp/0368514e-869f-4502-bb46-3470b1ee8e58/opts
May 25 18:34:05 gtw01 dnsmasq[29584]: read /var/lib/neutron/dhcp/4eec4f75-a68a-4990-9ec9-67edcaba7a93/addn_hosts - 7 addresses
May 25 18:34:05 gtw01 dnsmasq-dhcp[29584]: read /var/lib/neutron/dhcp/4eec4f75-a68a-4990-9ec9-67edcaba7a93/host
May 25 18:34:05 gtw01 dnsmasq-dhcp[29584]: read /var/lib/neutron/dhcp/4eec4f75-a68a-4990-9ec9-67edcaba7a93/opts
May 25 18:34:06 gtw01 dnsmasq[29729]: read /var/lib/neutron/dhcp/0368514e-869f-4502-bb46-3470b1ee8e58/addn_hosts - 4 addresses
May 25 18:34:06 gtw01 dnsmasq-dhcp[29729]: read /var/lib/neutron/dhcp/0368514e-869f-4502-bb46-3470b1ee8e58/host
May 25 18:34:06 gtw01 dnsmasq-dhcp[29729]: read /var/lib/neutron/dhcp/0368514e-869f-4502-bb46-3470b1ee8e58/opts
May 25 18:34:06 gtw01 dnsmasq[29584]: read /var/lib/neutron/dhcp/4eec4f75-a68a-4990-9ec9-67edcaba7a93/addn_hosts - 7 addresses
May 25 18:34:06 gtw01 dnsmasq-dhcp[29584]: read /var/lib/neutron/dhcp/4eec4f75-a68a-4990-9ec9-67edcaba7a93/host
May 25 18:34:06 gtw01 dnsmasq-dhcp[29584]: read /var/lib/neutron/dhcp/4eec4f75-a68a-4990-9ec9-67edcaba7a93/opts
May 25 18:34:07 gtw01 dnsmasq[29584]: read /var/lib/neutron/dhcp/4eec4f75-a68a-4990-9ec9-67edcaba7a93/addn_hosts - 7 addresses
May 25 18:34:07 gtw01 dnsmasq-dhcp[29584]: read /var/lib/neutron/dhcp/4eec4f75-a68a-4990-9ec9-67edcaba7a93/host
May 25 18:34:07 gtw01 dnsmasq-dhcp[29584]: read /var/lib/neutron/dhcp/4eec4f75-a68a-4990-9ec9-67edcaba7a93/opts
May 25 18:34:08 gtw01 dnsmasq[29584]: read /var/lib/neutron/dhcp/4eec4f75-a68a-4990-9ec9-67edcaba7a93/addn_hosts - 7 addresses
May 25 18:34:08 gtw01 dnsmasq-dhcp[29584]: read /var/lib/neutron/dhcp/4eec4f75-a68a-4990-9ec9-67edcaba7a93/host
May 25 18:34:08 gtw01 dnsmasq-dhcp[29584]: read /var/lib/neutron/dhcp/4eec4f75-a68a-4990-9ec9-67edcaba7a93/opts
May 25 18:34:09 gtw01 dnsmasq[29584]: read /var/lib/neutron/dhcp/4eec4f75-a68a-4990-9ec9-67edcaba7a93/addn_hosts - 7 addresses
May 25 18:34:09 gtw01 dnsmasq-dhcp[29584]: read /var/lib/neutron/dhcp/4eec4f75-a68a-4990-9ec9-67edcaba7a93/host
May 25 18:34:09 gtw01 dnsmasq-dhcp[29584]: read /var/lib/neutron/dhcp/4eec4f75-a68a-4990-9ec9-67edcaba7a93/opts
May 25 18:34:13 gtw01 dnsmasq[29584]: read /var/lib/neutron/dhcp/4eec4f75-a68a-4990-9ec9-67edcaba7a93/addn_hosts - 6 addresses
May 25 18:34:13 gtw01 dnsmasq-dhcp[29584]: read /var/lib/neutron/dhcp/4eec4f75-a68a-4990-9ec9-67edcaba7a93/host
May 25 18:34:13 gtw01 dnsmasq-dhcp[29584]: read /var/lib/neutron/dhcp/4eec4f75-a68a-4990-9ec9-67edcaba7a93/opts
May 25 18:34:13 gtw01 dnsmasq[29584]: read /var/lib/neutron/dhcp/4eec4f75-a68a-4990-9ec9-67edcaba7a93/addn_hosts - 5 addresses
May 25 18:34:13 gtw01 dnsmasq-dhcp[29584]: read /var/lib/neutron/dhcp/4eec4f75-a68a-4990-9ec9-67edcaba7a93/host
May 25 18:34:13 gtw01 dnsmasq-dhcp[29584]: read /var/lib/neutron/dhcp/4eec4f75-a68a-4990-9ec9-67edcaba7a93/opts
May 25 18:34:15 gtw01 dnsmasq[29584]: read /var/lib/neutron/dhcp/4eec4f75-a68a-4990-9ec9-67edcaba7a93/addn_hosts - 4 addresses
May 25 18:34:15 gtw01 dnsmasq-dhcp[29584]: read /var/lib/neutron/dhcp/4eec4f75-a68a-4990-9ec9-67edcaba7a93/host
May 25 18:34:15 gtw01 dnsmasq-dhcp[29584]: read /var/lib/neutron/dhcp/4eec4f75-a68a-4990-9ec9-67edcaba7a93/opts
May 25 18:34:15 gtw01 dnsmasq[29654]: read /var/lib/neutron/dhcp/b1066afa-ad9d-4d08-99bd-e8ffad10b6f7/addn_hosts - 1 addresses
May 25 18:34:15 gtw01 dnsmasq-dhcp[29654]: read /var/lib/neutron/dhcp/b1066afa-ad9d-4d08-99bd-e8ffad10b6f7/host
May 25 18:34:15 gtw01 dnsmasq-dhcp[29654]: read /var/lib/neutron/dhcp/b1066afa-ad9d-4d08-99bd-e8ffad10b6f7/opts
May 25 18:34:15 gtw01 dnsmasq[29729]: read /var/lib/neutron/dhcp/0368514e-869f-4502-bb46-3470b1ee8e58/addn_hosts - 3 addresses
May 25 18:34:15 gtw01 dnsmasq-dhcp[29729]: read /var/lib/neutron/dhcp/0368514e-869f-4502-bb46-3470b1ee8e58/host
May 25 18:34:15 gtw01 dnsmasq-dhcp[29729]: read /var/lib/neutron/dhcp/0368514e-869f-4502-bb46-3470b1ee8e58/opts
May 25 18:34:15 gtw01 dnsmasq[29584]: read /var/lib/neutron/dhcp/4eec4f75-a68a-4990-9ec9-67edcaba7a93/addn_hosts - 3 addresses
May 25 18:34:15 gtw01 dnsmasq-dhcp[29584]: read /var/lib/neutron/dhcp/4eec4f75-a68a-4990-9ec9-67edcaba7a93/host
May 25 18:34:15 gtw01 dnsmasq-dhcp[29584]: read /var/lib/neutron/dhcp/4eec4f75-a68a-4990-9ec9-67edcaba7a93/opts
May 25 18:34:16 gtw01 dnsmasq[29729]: read /var/lib/neutron/dhcp/0368514e-869f-4502-bb46-3470b1ee8e58/addn_hosts - 2 addresses
May 25 18:34:16 gtw01 dnsmasq-dhcp[29729]: read /var/lib/neutron/dhcp/0368514e-869f-4502-bb46-3470b1ee8e58/host
May 25 18:34:16 gtw01 dnsmasq-dhcp[29729]: read /var/lib/neutron/dhcp/0368514e-869f-4502-bb46-3470b1ee8e58/opts
May 25 18:34:16 gtw01 dnsmasq[29584]: read /var/lib/neutron/dhcp/4eec4f75-a68a-4990-9ec9-67edcaba7a93/addn_hosts - 2 addresses
May 25 18:34:16 gtw01 dnsmasq-dhcp[29584]: read /var/lib/neutron/dhcp/4eec4f75-a68a-4990-9ec9-67edcaba7a93/host
May 25 18:34:16 gtw01 dnsmasq-dhcp[29584]: read /var/lib/neutron/dhcp/4eec4f75-a68a-4990-9ec9-67edcaba7a93/opts
May 25 18:34:17 gtw01 dnsmasq[29729]: read /var/lib/neutron/dhcp/0368514e-869f-4502-bb46-3470b1ee8e58/addn_hosts - 1 addresses
May 25 18:34:17 gtw01 dnsmasq-dhcp[29729]: read /var/lib/neutron/dhcp/0368514e-869f-4502-bb46-3470b1ee8e58/host
May 25 18:34:17 gtw01 dnsmasq-dhcp[29729]: read /var/lib/neutron/dhcp/0368514e-869f-4502-bb46-3470b1ee8e58/opts
May 25 18:34:17 gtw01 dnsmasq[29584]: read /var/lib/neutron/dhcp/4eec4f75-a68a-4990-9ec9-67edcaba7a93/addn_hosts - 1 addresses
May 25 18:34:17 gtw01 dnsmasq-dhcp[29584]: read /var/lib/neutron/dhcp/4eec4f75-a68a-4990-9ec9-67edcaba7a93/host
May 25 18:34:17 gtw01 dnsmasq-dhcp[29584]: read /var/lib/neutron/dhcp/4eec4f75-a68a-4990-9ec9-67edcaba7a93/opts
May 25 18:34:27 gtw01 dnsmasq[29584]: read /var/lib/neutron/dhcp/4eec4f75-a68a-4990-9ec9-67edcaba7a93/addn_hosts - 1 addresses
May 25 18:34:27 gtw01 dnsmasq-dhcp[29584]: read /var/lib/neutron/dhcp/4eec4f75-a68a-4990-9ec9-67edcaba7a93/host
May 25 18:34:27 gtw01 dnsmasq-dhcp[29584]: read /var/lib/neutron/dhcp/4eec4f75-a68a-4990-9ec9-67edcaba7a93/opts
May 25 18:34:28 gtw01 kernel: [12090.751909] device tap012dc6b4-5a left promiscuous mode
May 25 18:34:30 gtw01 dnsmasq[29654]: read /var/lib/neutron/dhcp/b1066afa-ad9d-4d08-99bd-e8ffad10b6f7/addn_hosts - 1 addresses
May 25 18:34:30 gtw01 dnsmasq-dhcp[29654]: read /var/lib/neutron/dhcp/b1066afa-ad9d-4d08-99bd-e8ffad10b6f7/host
May 25 18:34:30 gtw01 dnsmasq-dhcp[29654]: read /var/lib/neutron/dhcp/b1066afa-ad9d-4d08-99bd-e8ffad10b6f7/opts
May 25 18:34:31 gtw01 kernel: [12094.106408] device tapc26a0d95-b5 left promiscuous mode
May 25 18:34:33 gtw01 dnsmasq[29729]: read /var/lib/neutron/dhcp/0368514e-869f-4502-bb46-3470b1ee8e58/addn_hosts - 1 addresses
May 25 18:34:33 gtw01 dnsmasq-dhcp[29729]: read /var/lib/neutron/dhcp/0368514e-869f-4502-bb46-3470b1ee8e58/host
May 25 18:34:33 gtw01 dnsmasq-dhcp[29729]: read /var/lib/neutron/dhcp/0368514e-869f-4502-bb46-3470b1ee8e58/opts
May 25 18:34:34 gtw01 kernel: [12097.262682] device tapa89b67f4-37 left promiscuous mode
May 25 18:34:52 gtw01 systemd-udevd[30518]: Could not generate persistent MAC address for tape858c8d2-a6: No such file or directory
May 25 18:34:52 gtw01 kernel: [12115.114199] device tape858c8d2-a6 entered promiscuous mode
May 25 18:34:52 gtw01 systemd-udevd[30518]: Process '/sbin/ip link set tape858c8d2-a6 txqueuelen 10000' failed with exit code 1.
May 25 18:34:52 gtw01 systemd-udevd[30592]: Process '/sbin/ip link set tape858c8d2-a6 txqueuelen 10000' failed with exit code 1.
May 25 18:34:52 gtw01 systemd-udevd[30608]: Could not generate persistent MAC address for tap67541b74-17: No such file or directory
May 25 18:34:52 gtw01 kernel: [12115.296023] device tap67541b74-17 entered promiscuous mode
May 25 18:34:52 gtw01 systemd-udevd[30608]: Process '/sbin/ip link set tap67541b74-17 txqueuelen 10000' failed with exit code 1.
May 25 18:34:52 gtw01 systemd-udevd[30680]: Process '/sbin/ip link set tap67541b74-17 txqueuelen 10000' failed with exit code 1.
May 25 18:34:53 gtw01 kernel: [12116.486471] device tap2985dfa1-5c entered promiscuous mode
May 25 18:34:53 gtw01 systemd-udevd[30765]: Could not generate persistent MAC address for tap2985dfa1-5c: No such file or directory
May 25 18:34:54 gtw01 systemd-udevd[30838]: Process '/sbin/ip link set tap2985dfa1-5c txqueuelen 10000' failed with exit code 1.
May 25 18:34:54 gtw01 kernel: [12116.701760] device tapc44e1ab9-15 entered promiscuous mode
May 25 18:34:54 gtw01 systemd-udevd[30859]: Could not generate persistent MAC address for tapc44e1ab9-15: No such file or directory
May 25 18:34:54 gtw01 systemd-udevd[30859]: Process '/sbin/ip link set tapc44e1ab9-15 txqueuelen 10000' failed with exit code 1.
May 25 18:34:54 gtw01 systemd-udevd[30935]: Process '/sbin/ip link set tapc44e1ab9-15 txqueuelen 10000' failed with exit code 1.
May 25 18:34:56 gtw01 dnsmasq[31069]: started, version 2.80 cachesize 150
May 25 18:34:56 gtw01 dnsmasq[31069]: DNS service limited to local subnets
May 25 18:34:56 gtw01 dnsmasq[31069]: compile time options: IPv6 GNU-getopt DBus i18n IDN DHCP DHCPv6 no-Lua TFTP conntrack ipset auth DNSSEC loop-detect inotify dumpfile
May 25 18:34:56 gtw01 dnsmasq[31069]: LOUD WARNING: listening on 1.1.0.22 may accept requests via interfaces other than tape858c8d2-a6
May 25 18:34:56 gtw01 dnsmasq[31069]: LOUD WARNING: use --bind-dynamic rather than --bind-interfaces to avoid DNS amplification attacks via these interface(s)
May 25 18:34:56 gtw01 dnsmasq[31069]: warning: no upstream servers configured
May 25 18:34:56 gtw01 dnsmasq-dhcp[31069]: DHCP, static leases only on 1.1.0.20, lease time 1h
May 25 18:34:56 gtw01 dnsmasq[31069]: read /var/lib/neutron/dhcp/c5fc9bfe-b2f1-4a34-9fdc-f4652baadfb2/addn_hosts - 1 addresses
May 25 18:34:56 gtw01 dnsmasq-dhcp[31069]: read /var/lib/neutron/dhcp/c5fc9bfe-b2f1-4a34-9fdc-f4652baadfb2/host
May 25 18:34:56 gtw01 dnsmasq-dhcp[31069]: read /var/lib/neutron/dhcp/c5fc9bfe-b2f1-4a34-9fdc-f4652baadfb2/opts
May 25 18:34:56 gtw01 dnsmasq[31080]: started, version 2.80 cachesize 150
May 25 18:34:56 gtw01 dnsmasq[31080]: DNS service limited to local subnets
May 25 18:34:56 gtw01 dnsmasq[31080]: compile time options: IPv6 GNU-getopt DBus i18n IDN DHCP DHCPv6 no-Lua TFTP conntrack ipset auth DNSSEC loop-detect inotify dumpfile
May 25 18:34:56 gtw01 dnsmasq[31080]: LOUD WARNING: listening on 1.1.0.18 may accept requests via interfaces other than tap67541b74-17
May 25 18:34:56 gtw01 dnsmasq[31080]: LOUD WARNING: use --bind-dynamic rather than --bind-interfaces to avoid DNS amplification attacks via these interface(s)
May 25 18:34:56 gtw01 dnsmasq[31080]: warning: no upstream servers configured
May 25 18:34:56 gtw01 dnsmasq-dhcp[31080]: DHCP, static leases only on 1.1.0.16, lease time 1h
May 25 18:34:56 gtw01 dnsmasq[31080]: read /var/lib/neutron/dhcp/6fa0fa46-c9af-4e13-856b-e919f2538ec7/addn_hosts - 1 addresses
May 25 18:34:56 gtw01 dnsmasq-dhcp[31080]: read /var/lib/neutron/dhcp/6fa0fa46-c9af-4e13-856b-e919f2538ec7/host
May 25 18:34:56 gtw01 dnsmasq-dhcp[31080]: read /var/lib/neutron/dhcp/6fa0fa46-c9af-4e13-856b-e919f2538ec7/opts
May 25 18:34:56 gtw01 haproxy-metadata-proxy-c5fc9bfe-b2f1-4a34-9fdc-f4652baadfb2[31093]: Proxy listener started.
May 25 18:34:56 gtw01 haproxy-metadata-proxy-6fa0fa46-c9af-4e13-856b-e919f2538ec7[31101]: Proxy listener started.
May 25 18:34:57 gtw01 dnsmasq[31069]: read /var/lib/neutron/dhcp/c5fc9bfe-b2f1-4a34-9fdc-f4652baadfb2/addn_hosts - 2 addresses
May 25 18:34:57 gtw01 dnsmasq-dhcp[31069]: read /var/lib/neutron/dhcp/c5fc9bfe-b2f1-4a34-9fdc-f4652baadfb2/host
May 25 18:34:57 gtw01 dnsmasq-dhcp[31069]: read /var/lib/neutron/dhcp/c5fc9bfe-b2f1-4a34-9fdc-f4652baadfb2/opts
May 25 18:34:57 gtw01 dnsmasq[31153]: started, version 2.80 cachesize 150
May 25 18:34:57 gtw01 dnsmasq[31153]: DNS service limited to local subnets
May 25 18:34:57 gtw01 dnsmasq[31153]: compile time options: IPv6 GNU-getopt DBus i18n IDN DHCP DHCPv6 no-Lua TFTP conntrack ipset auth DNSSEC loop-detect inotify dumpfile
May 25 18:34:57 gtw01 dnsmasq[31153]: LOUD WARNING: listening on 1.1.0.14 may accept requests via interfaces other than tap2985dfa1-5c
May 25 18:34:57 gtw01 dnsmasq[31153]: LOUD WARNING: use --bind-dynamic rather than --bind-interfaces to avoid DNS amplification attacks via these interface(s)
May 25 18:34:57 gtw01 dnsmasq[31153]: warning: no upstream servers configured
May 25 18:34:57 gtw01 dnsmasq-dhcp[31153]: DHCP, static leases only on 1.1.0.12, lease time 1h
May 25 18:34:57 gtw01 dnsmasq[31153]: read /var/lib/neutron/dhcp/76d59e54-47e9-449f-86a4-ded2c8dad820/addn_hosts - 1 addresses
May 25 18:34:57 gtw01 dnsmasq-dhcp[31153]: read /var/lib/neutron/dhcp/76d59e54-47e9-449f-86a4-ded2c8dad820/host
May 25 18:34:57 gtw01 dnsmasq-dhcp[31153]: read /var/lib/neutron/dhcp/76d59e54-47e9-449f-86a4-ded2c8dad820/opts
May 25 18:34:57 gtw01 dnsmasq[31080]: read /var/lib/neutron/dhcp/6fa0fa46-c9af-4e13-856b-e919f2538ec7/addn_hosts - 2 addresses
May 25 18:34:57 gtw01 dnsmasq-dhcp[31080]: read /var/lib/neutron/dhcp/6fa0fa46-c9af-4e13-856b-e919f2538ec7/host
May 25 18:34:57 gtw01 dnsmasq-dhcp[31080]: read /var/lib/neutron/dhcp/6fa0fa46-c9af-4e13-856b-e919f2538ec7/opts
May 25 18:34:57 gtw01 dnsmasq[31167]: started, version 2.80 cachesize 150
May 25 18:34:57 gtw01 dnsmasq[31167]: DNS service limited to local subnets
May 25 18:34:57 gtw01 dnsmasq[31167]: compile time options: IPv6 GNU-getopt DBus i18n IDN DHCP DHCPv6 no-Lua TFTP conntrack ipset auth DNSSEC loop-detect inotify dumpfile
May 25 18:34:57 gtw01 dnsmasq[31167]: LOUD WARNING: listening on 1.1.0.26 may accept requests via interfaces other than tapc44e1ab9-15
May 25 18:34:57 gtw01 dnsmasq[31167]: LOUD WARNING: use --bind-dynamic rather than --bind-interfaces to avoid DNS amplification attacks via these interface(s)
May 25 18:34:57 gtw01 dnsmasq[31167]: warning: no upstream servers configured
May 25 18:34:57 gtw01 dnsmasq-dhcp[31167]: DHCP, static leases only on 1.1.0.24, lease time 1h
May 25 18:34:57 gtw01 dnsmasq[31167]: read /var/lib/neutron/dhcp/15eb1ed9-2861-4b07-a758-7d1c71f0cffd/addn_hosts - 1 addresses
May 25 18:34:57 gtw01 dnsmasq-dhcp[31167]: read /var/lib/neutron/dhcp/15eb1ed9-2861-4b07-a758-7d1c71f0cffd/host
May 25 18:34:57 gtw01 dnsmasq-dhcp[31167]: read /var/lib/neutron/dhcp/15eb1ed9-2861-4b07-a758-7d1c71f0cffd/opts
May 25 18:34:57 gtw01 haproxy-metadata-proxy-76d59e54-47e9-449f-86a4-ded2c8dad820[31169]: Proxy listener started.
May 25 18:34:57 gtw01 haproxy-metadata-proxy-15eb1ed9-2861-4b07-a758-7d1c71f0cffd[31180]: Proxy listener started.
May 25 18:34:58 gtw01 dnsmasq[31069]: read /var/lib/neutron/dhcp/c5fc9bfe-b2f1-4a34-9fdc-f4652baadfb2/addn_hosts - 2 addresses
May 25 18:34:58 gtw01 dnsmasq-dhcp[31069]: read /var/lib/neutron/dhcp/c5fc9bfe-b2f1-4a34-9fdc-f4652baadfb2/host
May 25 18:34:58 gtw01 dnsmasq-dhcp[31069]: read /var/lib/neutron/dhcp/c5fc9bfe-b2f1-4a34-9fdc-f4652baadfb2/opts
May 25 18:34:58 gtw01 dnsmasq[31080]: read /var/lib/neutron/dhcp/6fa0fa46-c9af-4e13-856b-e919f2538ec7/addn_hosts - 2 addresses
May 25 18:34:58 gtw01 dnsmasq-dhcp[31080]: read /var/lib/neutron/dhcp/6fa0fa46-c9af-4e13-856b-e919f2538ec7/host
May 25 18:34:58 gtw01 dnsmasq-dhcp[31080]: read /var/lib/neutron/dhcp/6fa0fa46-c9af-4e13-856b-e919f2538ec7/opts
May 25 18:34:58 gtw01 dnsmasq[31153]: read /var/lib/neutron/dhcp/76d59e54-47e9-449f-86a4-ded2c8dad820/addn_hosts - 2 addresses
May 25 18:34:58 gtw01 dnsmasq-dhcp[31153]: read /var/lib/neutron/dhcp/76d59e54-47e9-449f-86a4-ded2c8dad820/host
May 25 18:34:58 gtw01 dnsmasq-dhcp[31153]: read /var/lib/neutron/dhcp/76d59e54-47e9-449f-86a4-ded2c8dad820/opts
May 25 18:34:58 gtw01 dnsmasq[31167]: read /var/lib/neutron/dhcp/15eb1ed9-2861-4b07-a758-7d1c71f0cffd/addn_hosts - 2 addresses
May 25 18:34:58 gtw01 dnsmasq-dhcp[31167]: read /var/lib/neutron/dhcp/15eb1ed9-2861-4b07-a758-7d1c71f0cffd/host
May 25 18:34:58 gtw01 dnsmasq-dhcp[31167]: read /var/lib/neutron/dhcp/15eb1ed9-2861-4b07-a758-7d1c71f0cffd/opts
May 25 18:34:59 gtw01 dnsmasq[31069]: read /var/lib/neutron/dhcp/c5fc9bfe-b2f1-4a34-9fdc-f4652baadfb2/addn_hosts - 2 addresses
May 25 18:34:59 gtw01 dnsmasq-dhcp[31069]: read /var/lib/neutron/dhcp/c5fc9bfe-b2f1-4a34-9fdc-f4652baadfb2/host
May 25 18:34:59 gtw01 dnsmasq-dhcp[31069]: read /var/lib/neutron/dhcp/c5fc9bfe-b2f1-4a34-9fdc-f4652baadfb2/opts
May 25 18:34:59 gtw01 dnsmasq[31080]: read /var/lib/neutron/dhcp/6fa0fa46-c9af-4e13-856b-e919f2538ec7/addn_hosts - 2 addresses
May 25 18:34:59 gtw01 dnsmasq-dhcp[31080]: read /var/lib/neutron/dhcp/6fa0fa46-c9af-4e13-856b-e919f2538ec7/host
May 25 18:34:59 gtw01 dnsmasq-dhcp[31080]: read /var/lib/neutron/dhcp/6fa0fa46-c9af-4e13-856b-e919f2538ec7/opts
May 25 18:35:00 gtw01 dnsmasq[31167]: read /var/lib/neutron/dhcp/15eb1ed9-2861-4b07-a758-7d1c71f0cffd/addn_hosts - 2 addresses
May 25 18:35:00 gtw01 dnsmasq-dhcp[31167]: read /var/lib/neutron/dhcp/15eb1ed9-2861-4b07-a758-7d1c71f0cffd/host
May 25 18:35:00 gtw01 dnsmasq-dhcp[31167]: read /var/lib/neutron/dhcp/15eb1ed9-2861-4b07-a758-7d1c71f0cffd/opts
May 25 18:35:00 gtw01 dnsmasq[31153]: read /var/lib/neutron/dhcp/76d59e54-47e9-449f-86a4-ded2c8dad820/addn_hosts - 2 addresses
May 25 18:35:00 gtw01 dnsmasq-dhcp[31153]: read /var/lib/neutron/dhcp/76d59e54-47e9-449f-86a4-ded2c8dad820/host
