May 25 17:55:17 gtw01 dnsmasq-dhcp[13417]: DHCPRELEASE(tapbf90dfa7-89) 192.168.120.3 fa:16:3e:35:a3:c8 unknown lease
May 25 17:55:18 gtw01 dnsmasq[13417]: read /var/lib/neutron/dhcp/b2af8e15-a3ba-4261-b14f-af7ee6f9e528/addn_hosts - 4 addresses
May 25 17:55:18 gtw01 dnsmasq-dhcp[13417]: read /var/lib/neutron/dhcp/b2af8e15-a3ba-4261-b14f-af7ee6f9e528/host
May 25 17:55:18 gtw01 dnsmasq-dhcp[13417]: read /var/lib/neutron/dhcp/b2af8e15-a3ba-4261-b14f-af7ee6f9e528/opts
May 25 17:55:26 gtw01 dnsmasq-dhcp[13417]: DHCPDISCOVER(tapbf90dfa7-89) fa:16:3e:1c:2b:93
May 25 17:55:26 gtw01 dnsmasq-dhcp[13417]: DHCPOFFER(tapbf90dfa7-89) 192.168.120.12 fa:16:3e:1c:2b:93
May 25 17:55:26 gtw01 dnsmasq-dhcp[13417]: DHCPREQUEST(tapbf90dfa7-89) 192.168.120.12 fa:16:3e:1c:2b:93
May 25 17:55:26 gtw01 dnsmasq-dhcp[13417]: DHCPACK(tapbf90dfa7-89) 192.168.120.12 fa:16:3e:1c:2b:93 host-192-168-120-12
May 25 17:55:29 gtw01 dnsmasq-dhcp[13417]: DHCPDISCOVER(tapbf90dfa7-89) fa:16:3e:65:76:c9
May 25 17:55:29 gtw01 dnsmasq-dhcp[13417]: DHCPOFFER(tapbf90dfa7-89) 192.168.120.5 fa:16:3e:65:76:c9
May 25 17:55:29 gtw01 dnsmasq-dhcp[13417]: DHCPREQUEST(tapbf90dfa7-89) 192.168.120.5 fa:16:3e:65:76:c9
May 25 17:55:29 gtw01 dnsmasq-dhcp[13417]: DHCPACK(tapbf90dfa7-89) 192.168.120.5 fa:16:3e:65:76:c9 host-192-168-120-5
May 25 17:55:41 gtw01 kernel: [ 9763.895312] device vxlan_sys_4789 left promiscuous mode
May 25 17:55:41 gtw01 dnsmasq-dhcp[13417]: DHCPRELEASE(tapbf90dfa7-89) 192.168.120.5 fa:16:3e:65:76:c9
May 25 17:55:41 gtw01 dnsmasq-dhcp[13417]: DHCPRELEASE(tapbf90dfa7-89) 192.168.120.5 fa:16:3e:65:76:c9 unknown lease
May 25 17:55:42 gtw01 dnsmasq[13417]: read /var/lib/neutron/dhcp/b2af8e15-a3ba-4261-b14f-af7ee6f9e528/addn_hosts - 3 addresses
May 25 17:55:42 gtw01 dnsmasq-dhcp[13417]: read /var/lib/neutron/dhcp/b2af8e15-a3ba-4261-b14f-af7ee6f9e528/host
May 25 17:55:42 gtw01 dnsmasq-dhcp[13417]: read /var/lib/neutron/dhcp/b2af8e15-a3ba-4261-b14f-af7ee6f9e528/opts
May 25 17:55:43 gtw01 dnsmasq-dhcp[13417]: DHCPRELEASE(tapbf90dfa7-89) 192.168.120.12 fa:16:3e:1c:2b:93
May 25 17:55:43 gtw01 dnsmasq-dhcp[13417]: DHCPRELEASE(tapbf90dfa7-89) 192.168.120.12 fa:16:3e:1c:2b:93 unknown lease
May 25 17:55:44 gtw01 dnsmasq[13417]: read /var/lib/neutron/dhcp/b2af8e15-a3ba-4261-b14f-af7ee6f9e528/addn_hosts - 2 addresses
May 25 17:55:44 gtw01 dnsmasq-dhcp[13417]: read /var/lib/neutron/dhcp/b2af8e15-a3ba-4261-b14f-af7ee6f9e528/host
May 25 17:55:44 gtw01 dnsmasq-dhcp[13417]: read /var/lib/neutron/dhcp/b2af8e15-a3ba-4261-b14f-af7ee6f9e528/opts
May 25 17:56:22 gtw01 dnsmasq[13417]: read /var/lib/neutron/dhcp/b2af8e15-a3ba-4261-b14f-af7ee6f9e528/addn_hosts - 3 addresses
May 25 17:56:22 gtw01 dnsmasq-dhcp[13417]: read /var/lib/neutron/dhcp/b2af8e15-a3ba-4261-b14f-af7ee6f9e528/host
May 25 17:56:22 gtw01 dnsmasq-dhcp[13417]: read /var/lib/neutron/dhcp/b2af8e15-a3ba-4261-b14f-af7ee6f9e528/opts
May 25 17:56:23 gtw01 dnsmasq[13417]: read /var/lib/neutron/dhcp/b2af8e15-a3ba-4261-b14f-af7ee6f9e528/addn_hosts - 3 addresses
May 25 17:56:23 gtw01 dnsmasq-dhcp[13417]: read /var/lib/neutron/dhcp/b2af8e15-a3ba-4261-b14f-af7ee6f9e528/host
May 25 17:56:23 gtw01 dnsmasq-dhcp[13417]: read /var/lib/neutron/dhcp/b2af8e15-a3ba-4261-b14f-af7ee6f9e528/opts
May 25 17:56:25 gtw01 dnsmasq[13417]: read /var/lib/neutron/dhcp/b2af8e15-a3ba-4261-b14f-af7ee6f9e528/addn_hosts - 3 addresses
May 25 17:56:25 gtw01 dnsmasq-dhcp[13417]: read /var/lib/neutron/dhcp/b2af8e15-a3ba-4261-b14f-af7ee6f9e528/host
May 25 17:56:25 gtw01 dnsmasq-dhcp[13417]: read /var/lib/neutron/dhcp/b2af8e15-a3ba-4261-b14f-af7ee6f9e528/opts
May 25 17:56:26 gtw01 dnsmasq[13417]: read /var/lib/neutron/dhcp/b2af8e15-a3ba-4261-b14f-af7ee6f9e528/addn_hosts - 4 addresses
May 25 17:56:26 gtw01 dnsmasq-dhcp[13417]: read /var/lib/neutron/dhcp/b2af8e15-a3ba-4261-b14f-af7ee6f9e528/host
May 25 17:56:26 gtw01 dnsmasq-dhcp[13417]: read /var/lib/neutron/dhcp/b2af8e15-a3ba-4261-b14f-af7ee6f9e528/opts
May 25 17:56:28 gtw01 dnsmasq[13417]: read /var/lib/neutron/dhcp/b2af8e15-a3ba-4261-b14f-af7ee6f9e528/addn_hosts - 5 addresses
May 25 17:56:28 gtw01 dnsmasq-dhcp[13417]: read /var/lib/neutron/dhcp/b2af8e15-a3ba-4261-b14f-af7ee6f9e528/host
May 25 17:56:28 gtw01 dnsmasq-dhcp[13417]: read /var/lib/neutron/dhcp/b2af8e15-a3ba-4261-b14f-af7ee6f9e528/opts
May 25 17:56:29 gtw01 dnsmasq[13417]: read /var/lib/neutron/dhcp/b2af8e15-a3ba-4261-b14f-af7ee6f9e528/addn_hosts - 6 addresses
May 25 17:56:29 gtw01 dnsmasq-dhcp[13417]: read /var/lib/neutron/dhcp/b2af8e15-a3ba-4261-b14f-af7ee6f9e528/host
May 25 17:56:29 gtw01 dnsmasq-dhcp[13417]: read /var/lib/neutron/dhcp/b2af8e15-a3ba-4261-b14f-af7ee6f9e528/opts
May 25 17:56:30 gtw01 dnsmasq[13417]: read /var/lib/neutron/dhcp/b2af8e15-a3ba-4261-b14f-af7ee6f9e528/addn_hosts - 6 addresses
May 25 17:56:30 gtw01 dnsmasq-dhcp[13417]: read /var/lib/neutron/dhcp/b2af8e15-a3ba-4261-b14f-af7ee6f9e528/host
May 25 17:56:30 gtw01 dnsmasq-dhcp[13417]: read /var/lib/neutron/dhcp/b2af8e15-a3ba-4261-b14f-af7ee6f9e528/opts
May 25 17:56:30 gtw01 systemd-udevd[17593]: Could not generate persistent MAC address for vxlan_sys_4789: No such file or directory
May 25 17:56:30 gtw01 kernel: [ 9813.409130] device vxlan_sys_4789 entered promiscuous mode
May 25 17:56:31 gtw01 dnsmasq[13417]: read /var/lib/neutron/dhcp/b2af8e15-a3ba-4261-b14f-af7ee6f9e528/addn_hosts - 6 addresses
May 25 17:56:31 gtw01 dnsmasq-dhcp[13417]: read /var/lib/neutron/dhcp/b2af8e15-a3ba-4261-b14f-af7ee6f9e528/host
May 25 17:56:31 gtw01 dnsmasq-dhcp[13417]: read /var/lib/neutron/dhcp/b2af8e15-a3ba-4261-b14f-af7ee6f9e528/opts
May 25 17:56:31 gtw01 dnsmasq[13417]: read /var/lib/neutron/dhcp/b2af8e15-a3ba-4261-b14f-af7ee6f9e528/addn_hosts - 6 addresses
May 25 17:56:31 gtw01 dnsmasq-dhcp[13417]: read /var/lib/neutron/dhcp/b2af8e15-a3ba-4261-b14f-af7ee6f9e528/host
May 25 17:56:31 gtw01 dnsmasq-dhcp[13417]: read /var/lib/neutron/dhcp/b2af8e15-a3ba-4261-b14f-af7ee6f9e528/opts
May 25 17:56:32 gtw01 dnsmasq[13417]: read /var/lib/neutron/dhcp/b2af8e15-a3ba-4261-b14f-af7ee6f9e528/addn_hosts - 6 addresses
May 25 17:56:32 gtw01 dnsmasq-dhcp[13417]: read /var/lib/neutron/dhcp/b2af8e15-a3ba-4261-b14f-af7ee6f9e528/host
May 25 17:56:32 gtw01 dnsmasq-dhcp[13417]: read /var/lib/neutron/dhcp/b2af8e15-a3ba-4261-b14f-af7ee6f9e528/opts
May 25 17:56:33 gtw01 dnsmasq[13417]: read /var/lib/neutron/dhcp/b2af8e15-a3ba-4261-b14f-af7ee6f9e528/addn_hosts - 6 addresses
May 25 17:56:33 gtw01 dnsmasq-dhcp[13417]: read /var/lib/neutron/dhcp/b2af8e15-a3ba-4261-b14f-af7ee6f9e528/host
May 25 17:56:33 gtw01 dnsmasq-dhcp[13417]: read /var/lib/neutron/dhcp/b2af8e15-a3ba-4261-b14f-af7ee6f9e528/opts
May 25 17:56:34 gtw01 dnsmasq[13417]: read /var/lib/neutron/dhcp/b2af8e15-a3ba-4261-b14f-af7ee6f9e528/addn_hosts - 6 addresses
May 25 17:56:34 gtw01 dnsmasq-dhcp[13417]: read /var/lib/neutron/dhcp/b2af8e15-a3ba-4261-b14f-af7ee6f9e528/host
May 25 17:56:34 gtw01 dnsmasq-dhcp[13417]: read /var/lib/neutron/dhcp/b2af8e15-a3ba-4261-b14f-af7ee6f9e528/opts
May 25 17:56:41 gtw01 dnsmasq-dhcp[13417]: DHCPDISCOVER(tapbf90dfa7-89) fa:16:3e:5a:cf:89
May 25 17:56:41 gtw01 dnsmasq-dhcp[13417]: DHCPOFFER(tapbf90dfa7-89) 192.168.120.6 fa:16:3e:5a:cf:89
May 25 17:56:41 gtw01 dnsmasq-dhcp[13417]: DHCPREQUEST(tapbf90dfa7-89) 192.168.120.6 fa:16:3e:5a:cf:89
May 25 17:56:41 gtw01 dnsmasq-dhcp[13417]: DHCPACK(tapbf90dfa7-89) 192.168.120.6 fa:16:3e:5a:cf:89 host-192-168-120-6
May 25 17:56:45 gtw01 dnsmasq-dhcp[13417]: DHCPDISCOVER(tapbf90dfa7-89) fa:16:3e:ad:c5:28
May 25 17:56:45 gtw01 dnsmasq-dhcp[13417]: DHCPOFFER(tapbf90dfa7-89) 192.168.120.5 fa:16:3e:ad:c5:28
May 25 17:56:45 gtw01 dnsmasq-dhcp[13417]: DHCPREQUEST(tapbf90dfa7-89) 192.168.120.5 fa:16:3e:ad:c5:28
May 25 17:56:45 gtw01 dnsmasq-dhcp[13417]: DHCPACK(tapbf90dfa7-89) 192.168.120.5 fa:16:3e:ad:c5:28 host-192-168-120-5
May 25 17:56:47 gtw01 dnsmasq-dhcp[13417]: DHCPDISCOVER(tapbf90dfa7-89) fa:16:3e:ef:ef:bc
May 25 17:56:47 gtw01 dnsmasq-dhcp[13417]: DHCPOFFER(tapbf90dfa7-89) 192.168.120.15 fa:16:3e:ef:ef:bc
May 25 17:56:47 gtw01 dnsmasq-dhcp[13417]: DHCPREQUEST(tapbf90dfa7-89) 192.168.120.15 fa:16:3e:ef:ef:bc
May 25 17:56:47 gtw01 dnsmasq-dhcp[13417]: DHCPACK(tapbf90dfa7-89) 192.168.120.15 fa:16:3e:ef:ef:bc host-192-168-120-15
May 25 17:56:48 gtw01 dnsmasq-dhcp[13417]: DHCPRELEASE(tapbf90dfa7-89) 192.168.120.6 fa:16:3e:5a:cf:89
May 25 17:56:48 gtw01 dnsmasq-dhcp[13417]: DHCPRELEASE(tapbf90dfa7-89) 192.168.120.6 fa:16:3e:5a:cf:89 unknown lease
May 25 17:56:49 gtw01 dnsmasq[13417]: read /var/lib/neutron/dhcp/b2af8e15-a3ba-4261-b14f-af7ee6f9e528/addn_hosts - 5 addresses
May 25 17:56:49 gtw01 dnsmasq-dhcp[13417]: read /var/lib/neutron/dhcp/b2af8e15-a3ba-4261-b14f-af7ee6f9e528/host
May 25 17:56:49 gtw01 dnsmasq-dhcp[13417]: read /var/lib/neutron/dhcp/b2af8e15-a3ba-4261-b14f-af7ee6f9e528/opts
May 25 17:56:49 gtw01 dnsmasq-dhcp[13417]: DHCPDISCOVER(tapbf90dfa7-89) fa:16:3e:c5:bb:c0
May 25 17:56:49 gtw01 dnsmasq-dhcp[13417]: DHCPOFFER(tapbf90dfa7-89) 192.168.120.16 fa:16:3e:c5:bb:c0
May 25 17:56:49 gtw01 dnsmasq-dhcp[13417]: DHCPREQUEST(tapbf90dfa7-89) 192.168.120.16 fa:16:3e:c5:bb:c0
May 25 17:56:49 gtw01 dnsmasq-dhcp[13417]: DHCPACK(tapbf90dfa7-89) 192.168.120.16 fa:16:3e:c5:bb:c0 host-192-168-120-16
May 25 17:56:52 gtw01 dnsmasq-dhcp[13417]: DHCPRELEASE(tapbf90dfa7-89) 192.168.120.5 fa:16:3e:ad:c5:28
May 25 17:56:52 gtw01 dnsmasq-dhcp[13417]: DHCPRELEASE(tapbf90dfa7-89) 192.168.120.5 fa:16:3e:ad:c5:28 unknown lease
May 25 17:56:53 gtw01 dnsmasq[13417]: read /var/lib/neutron/dhcp/b2af8e15-a3ba-4261-b14f-af7ee6f9e528/addn_hosts - 4 addresses
May 25 17:56:53 gtw01 dnsmasq-dhcp[13417]: read /var/lib/neutron/dhcp/b2af8e15-a3ba-4261-b14f-af7ee6f9e528/host
May 25 17:56:53 gtw01 dnsmasq-dhcp[13417]: read /var/lib/neutron/dhcp/b2af8e15-a3ba-4261-b14f-af7ee6f9e528/opts
May 25 17:56:54 gtw01 dnsmasq-dhcp[13417]: DHCPRELEASE(tapbf90dfa7-89) 192.168.120.15 fa:16:3e:ef:ef:bc
May 25 17:56:54 gtw01 dnsmasq-dhcp[13417]: DHCPRELEASE(tapbf90dfa7-89) 192.168.120.15 fa:16:3e:ef:ef:bc unknown lease
May 25 17:56:55 gtw01 dnsmasq[13417]: read /var/lib/neutron/dhcp/b2af8e15-a3ba-4261-b14f-af7ee6f9e528/addn_hosts - 3 addresses
May 25 17:56:55 gtw01 dnsmasq-dhcp[13417]: read /var/lib/neutron/dhcp/b2af8e15-a3ba-4261-b14f-af7ee6f9e528/host
May 25 17:56:55 gtw01 dnsmasq-dhcp[13417]: read /var/lib/neutron/dhcp/b2af8e15-a3ba-4261-b14f-af7ee6f9e528/opts
May 25 17:56:56 gtw01 kernel: [ 9839.247143] device vxlan_sys_4789 left promiscuous mode
May 25 17:56:56 gtw01 dnsmasq-dhcp[13417]: DHCPRELEASE(tapbf90dfa7-89) 192.168.120.16 fa:16:3e:c5:bb:c0
May 25 17:56:57 gtw01 dnsmasq-dhcp[13417]: DHCPRELEASE(tapbf90dfa7-89) 192.168.120.16 fa:16:3e:c5:bb:c0 unknown lease
May 25 17:56:57 gtw01 dnsmasq[13417]: read /var/lib/neutron/dhcp/b2af8e15-a3ba-4261-b14f-af7ee6f9e528/addn_hosts - 2 addresses
May 25 17:56:57 gtw01 dnsmasq-dhcp[13417]: read /var/lib/neutron/dhcp/b2af8e15-a3ba-4261-b14f-af7ee6f9e528/host
May 25 17:56:57 gtw01 dnsmasq-dhcp[13417]: read /var/lib/neutron/dhcp/b2af8e15-a3ba-4261-b14f-af7ee6f9e528/opts
May 25 17:56:58 gtw01 dnsmasq[13417]: read /var/lib/neutron/dhcp/b2af8e15-a3ba-4261-b14f-af7ee6f9e528/addn_hosts - 3 addresses
May 25 17:56:58 gtw01 dnsmasq-dhcp[13417]: read /var/lib/neutron/dhcp/b2af8e15-a3ba-4261-b14f-af7ee6f9e528/host
May 25 17:56:58 gtw01 dnsmasq-dhcp[13417]: read /var/lib/neutron/dhcp/b2af8e15-a3ba-4261-b14f-af7ee6f9e528/opts
May 25 17:56:59 gtw01 dnsmasq[13417]: read /var/lib/neutron/dhcp/b2af8e15-a3ba-4261-b14f-af7ee6f9e528/addn_hosts - 3 addresses
May 25 17:56:59 gtw01 dnsmasq-dhcp[13417]: read /var/lib/neutron/dhcp/b2af8e15-a3ba-4261-b14f-af7ee6f9e528/host
May 25 17:56:59 gtw01 dnsmasq-dhcp[13417]: read /var/lib/neutron/dhcp/b2af8e15-a3ba-4261-b14f-af7ee6f9e528/opts
May 25 17:57:00 gtw01 dnsmasq[13417]: read /var/lib/neutron/dhcp/b2af8e15-a3ba-4261-b14f-af7ee6f9e528/addn_hosts - 3 addresses
May 25 17:57:00 gtw01 dnsmasq-dhcp[13417]: read /var/lib/neutron/dhcp/b2af8e15-a3ba-4261-b14f-af7ee6f9e528/host
May 25 17:57:00 gtw01 dnsmasq-dhcp[13417]: read /var/lib/neutron/dhcp/b2af8e15-a3ba-4261-b14f-af7ee6f9e528/opts
May 25 17:57:02 gtw01 dnsmasq[13417]: read /var/lib/neutron/dhcp/b2af8e15-a3ba-4261-b14f-af7ee6f9e528/addn_hosts - 4 addresses
May 25 17:57:02 gtw01 dnsmasq-dhcp[13417]: read /var/lib/neutron/dhcp/b2af8e15-a3ba-4261-b14f-af7ee6f9e528/host
May 25 17:57:02 gtw01 dnsmasq-dhcp[13417]: read /var/lib/neutron/dhcp/b2af8e15-a3ba-4261-b14f-af7ee6f9e528/opts
May 25 17:57:02 gtw01 systemd-udevd[17939]: Could not generate persistent MAC address for vxlan_sys_4789: No such file or directory
May 25 17:57:02 gtw01 kernel: [ 9845.414093] device vxlan_sys_4789 entered promiscuous mode
May 25 17:57:03 gtw01 dnsmasq[13417]: read /var/lib/neutron/dhcp/b2af8e15-a3ba-4261-b14f-af7ee6f9e528/addn_hosts - 4 addresses
May 25 17:57:03 gtw01 dnsmasq-dhcp[13417]: read /var/lib/neutron/dhcp/b2af8e15-a3ba-4261-b14f-af7ee6f9e528/host
May 25 17:57:03 gtw01 dnsmasq-dhcp[13417]: read /var/lib/neutron/dhcp/b2af8e15-a3ba-4261-b14f-af7ee6f9e528/opts
May 25 17:57:03 gtw01 dnsmasq[13417]: read /var/lib/neutron/dhcp/b2af8e15-a3ba-4261-b14f-af7ee6f9e528/addn_hosts - 4 addresses
May 25 17:57:03 gtw01 dnsmasq-dhcp[13417]: read /var/lib/neutron/dhcp/b2af8e15-a3ba-4261-b14f-af7ee6f9e528/host
May 25 17:57:03 gtw01 dnsmasq-dhcp[13417]: read /var/lib/neutron/dhcp/b2af8e15-a3ba-4261-b14f-af7ee6f9e528/opts
May 25 17:57:05 gtw01 dnsmasq[13417]: read /var/lib/neutron/dhcp/b2af8e15-a3ba-4261-b14f-af7ee6f9e528/addn_hosts - 5 addresses
May 25 17:57:05 gtw01 dnsmasq-dhcp[13417]: read /var/lib/neutron/dhcp/b2af8e15-a3ba-4261-b14f-af7ee6f9e528/host
May 25 17:57:05 gtw01 dnsmasq-dhcp[13417]: read /var/lib/neutron/dhcp/b2af8e15-a3ba-4261-b14f-af7ee6f9e528/opts
May 25 17:57:06 gtw01 dnsmasq[13417]: read /var/lib/neutron/dhcp/b2af8e15-a3ba-4261-b14f-af7ee6f9e528/addn_hosts - 5 addresses
May 25 17:57:06 gtw01 dnsmasq-dhcp[13417]: read /var/lib/neutron/dhcp/b2af8e15-a3ba-4261-b14f-af7ee6f9e528/host
May 25 17:57:06 gtw01 dnsmasq-dhcp[13417]: read /var/lib/neutron/dhcp/b2af8e15-a3ba-4261-b14f-af7ee6f9e528/opts
May 25 17:57:07 gtw01 dnsmasq[13417]: read /var/lib/neutron/dhcp/b2af8e15-a3ba-4261-b14f-af7ee6f9e528/addn_hosts - 5 addresses
May 25 17:57:07 gtw01 dnsmasq-dhcp[13417]: read /var/lib/neutron/dhcp/b2af8e15-a3ba-4261-b14f-af7ee6f9e528/host
May 25 17:57:07 gtw01 dnsmasq-dhcp[13417]: read /var/lib/neutron/dhcp/b2af8e15-a3ba-4261-b14f-af7ee6f9e528/opts
May 25 17:57:08 gtw01 dnsmasq[13417]: read /var/lib/neutron/dhcp/b2af8e15-a3ba-4261-b14f-af7ee6f9e528/addn_hosts - 6 addresses
May 25 17:57:08 gtw01 dnsmasq-dhcp[13417]: read /var/lib/neutron/dhcp/b2af8e15-a3ba-4261-b14f-af7ee6f9e528/host
May 25 17:57:08 gtw01 dnsmasq-dhcp[13417]: read /var/lib/neutron/dhcp/b2af8e15-a3ba-4261-b14f-af7ee6f9e528/opts
May 25 17:57:10 gtw01 dnsmasq[13417]: read /var/lib/neutron/dhcp/b2af8e15-a3ba-4261-b14f-af7ee6f9e528/addn_hosts - 6 addresses
May 25 17:57:10 gtw01 dnsmasq-dhcp[13417]: read /var/lib/neutron/dhcp/b2af8e15-a3ba-4261-b14f-af7ee6f9e528/host
May 25 17:57:10 gtw01 dnsmasq-dhcp[13417]: read /var/lib/neutron/dhcp/b2af8e15-a3ba-4261-b14f-af7ee6f9e528/opts
May 25 17:57:11 gtw01 dnsmasq[13417]: read /var/lib/neutron/dhcp/b2af8e15-a3ba-4261-b14f-af7ee6f9e528/addn_hosts - 6 addresses
May 25 17:57:11 gtw01 dnsmasq-dhcp[13417]: read /var/lib/neutron/dhcp/b2af8e15-a3ba-4261-b14f-af7ee6f9e528/host
May 25 17:57:11 gtw01 dnsmasq-dhcp[13417]: read /var/lib/neutron/dhcp/b2af8e15-a3ba-4261-b14f-af7ee6f9e528/opts
May 25 17:57:13 gtw01 dnsmasq-dhcp[13417]: DHCPDISCOVER(tapbf90dfa7-89) fa:16:3e:fb:14:6c
May 25 17:57:13 gtw01 dnsmasq-dhcp[13417]: DHCPOFFER(tapbf90dfa7-89) 192.168.120.6 fa:16:3e:fb:14:6c
May 25 17:57:13 gtw01 dnsmasq-dhcp[13417]: DHCPREQUEST(tapbf90dfa7-89) 192.168.120.6 fa:16:3e:fb:14:6c
May 25 17:57:13 gtw01 dnsmasq-dhcp[13417]: DHCPACK(tapbf90dfa7-89) 192.168.120.6 fa:16:3e:fb:14:6c host-192-168-120-6
May 25 17:57:16 gtw01 dnsmasq-dhcp[13417]: DHCPDISCOVER(tapbf90dfa7-89) fa:16:3e:9f:da:6e
May 25 17:57:16 gtw01 dnsmasq-dhcp[13417]: DHCPOFFER(tapbf90dfa7-89) 192.168.120.4 fa:16:3e:9f:da:6e
May 25 17:57:16 gtw01 dnsmasq-dhcp[13417]: DHCPREQUEST(tapbf90dfa7-89) 192.168.120.4 fa:16:3e:9f:da:6e
May 25 17:57:16 gtw01 dnsmasq-dhcp[13417]: DHCPACK(tapbf90dfa7-89) 192.168.120.4 fa:16:3e:9f:da:6e host-192-168-120-4
May 25 17:57:19 gtw01 dnsmasq-dhcp[13417]: DHCPRELEASE(tapbf90dfa7-89) 192.168.120.6 fa:16:3e:fb:14:6c
May 25 17:57:19 gtw01 dnsmasq-dhcp[13417]: DHCPRELEASE(tapbf90dfa7-89) 192.168.120.6 fa:16:3e:fb:14:6c unknown lease
May 25 17:57:20 gtw01 dnsmasq[13417]: read /var/lib/neutron/dhcp/b2af8e15-a3ba-4261-b14f-af7ee6f9e528/addn_hosts - 5 addresses
May 25 17:57:20 gtw01 dnsmasq-dhcp[13417]: read /var/lib/neutron/dhcp/b2af8e15-a3ba-4261-b14f-af7ee6f9e528/host
May 25 17:57:20 gtw01 dnsmasq-dhcp[13417]: read /var/lib/neutron/dhcp/b2af8e15-a3ba-4261-b14f-af7ee6f9e528/opts
May 25 17:57:22 gtw01 dnsmasq-dhcp[13417]: DHCPDISCOVER(tapbf90dfa7-89) fa:16:3e:58:97:a7
May 25 17:57:22 gtw01 dnsmasq-dhcp[13417]: DHCPOFFER(tapbf90dfa7-89) 192.168.120.21 fa:16:3e:58:97:a7
May 25 17:57:22 gtw01 dnsmasq-dhcp[13417]: DHCPREQUEST(tapbf90dfa7-89) 192.168.120.21 fa:16:3e:58:97:a7
May 25 17:57:22 gtw01 dnsmasq-dhcp[13417]: DHCPACK(tapbf90dfa7-89) 192.168.120.21 fa:16:3e:58:97:a7 host-192-168-120-21
May 25 17:57:23 gtw01 dnsmasq-dhcp[13417]: DHCPRELEASE(tapbf90dfa7-89) 192.168.120.4 fa:16:3e:9f:da:6e
May 25 17:57:23 gtw01 dnsmasq-dhcp[13417]: DHCPRELEASE(tapbf90dfa7-89) 192.168.120.4 fa:16:3e:9f:da:6e unknown lease
May 25 17:57:23 gtw01 dnsmasq-dhcp[13417]: DHCPDISCOVER(tapbf90dfa7-89) fa:16:3e:ab:c3:07
May 25 17:57:23 gtw01 dnsmasq-dhcp[13417]: DHCPOFFER(tapbf90dfa7-89) 192.168.120.11 fa:16:3e:ab:c3:07
May 25 17:57:23 gtw01 dnsmasq-dhcp[13417]: DHCPREQUEST(tapbf90dfa7-89) 192.168.120.11 fa:16:3e:ab:c3:07
May 25 17:57:23 gtw01 dnsmasq-dhcp[13417]: DHCPACK(tapbf90dfa7-89) 192.168.120.11 fa:16:3e:ab:c3:07 host-192-168-120-11
May 25 17:57:24 gtw01 dnsmasq[13417]: read /var/lib/neutron/dhcp/b2af8e15-a3ba-4261-b14f-af7ee6f9e528/addn_hosts - 4 addresses
May 25 17:57:24 gtw01 dnsmasq-dhcp[13417]: read /var/lib/neutron/dhcp/b2af8e15-a3ba-4261-b14f-af7ee6f9e528/host
May 25 17:57:24 gtw01 dnsmasq-dhcp[13417]: read /var/lib/neutron/dhcp/b2af8e15-a3ba-4261-b14f-af7ee6f9e528/opts
May 25 17:57:30 gtw01 dnsmasq[13417]: read /var/lib/neutron/dhcp/b2af8e15-a3ba-4261-b14f-af7ee6f9e528/addn_hosts - 5 addresses
May 25 17:57:30 gtw01 dnsmasq-dhcp[13417]: read /var/lib/neutron/dhcp/b2af8e15-a3ba-4261-b14f-af7ee6f9e528/host
May 25 17:57:30 gtw01 dnsmasq-dhcp[13417]: read /var/lib/neutron/dhcp/b2af8e15-a3ba-4261-b14f-af7ee6f9e528/opts
May 25 17:57:31 gtw01 dnsmasq-dhcp[13417]: DHCPRELEASE(tapbf90dfa7-89) 192.168.120.21 fa:16:3e:58:97:a7
May 25 17:57:31 gtw01 dnsmasq-dhcp[13417]: DHCPRELEASE(tapbf90dfa7-89) 192.168.120.21 fa:16:3e:58:97:a7 unknown lease
May 25 17:57:31 gtw01 kernel: [ 9874.101765] device vxlan_sys_4789 left promiscuous mode
May 25 17:57:32 gtw01 dnsmasq[13417]: read /var/lib/neutron/dhcp/b2af8e15-a3ba-4261-b14f-af7ee6f9e528/addn_hosts - 4 addresses
May 25 17:57:32 gtw01 dnsmasq-dhcp[13417]: read /var/lib/neutron/dhcp/b2af8e15-a3ba-4261-b14f-af7ee6f9e528/host
May 25 17:57:32 gtw01 dnsmasq-dhcp[13417]: read /var/lib/neutron/dhcp/b2af8e15-a3ba-4261-b14f-af7ee6f9e528/opts
May 25 17:57:33 gtw01 dnsmasq[13417]: read /var/lib/neutron/dhcp/b2af8e15-a3ba-4261-b14f-af7ee6f9e528/addn_hosts - 4 addresses
May 25 17:57:33 gtw01 dnsmasq-dhcp[13417]: read /var/lib/neutron/dhcp/b2af8e15-a3ba-4261-b14f-af7ee6f9e528/host
May 25 17:57:33 gtw01 dnsmasq-dhcp[13417]: read /var/lib/neutron/dhcp/b2af8e15-a3ba-4261-b14f-af7ee6f9e528/opts
May 25 17:57:34 gtw01 dnsmasq[13417]: read /var/lib/neutron/dhcp/b2af8e15-a3ba-4261-b14f-af7ee6f9e528/addn_hosts - 4 addresses
May 25 17:57:34 gtw01 dnsmasq-dhcp[13417]: read /var/lib/neutron/dhcp/b2af8e15-a3ba-4261-b14f-af7ee6f9e528/host
May 25 17:57:34 gtw01 dnsmasq-dhcp[13417]: read /var/lib/neutron/dhcp/b2af8e15-a3ba-4261-b14f-af7ee6f9e528/opts
May 25 17:57:35 gtw01 dnsmasq[13417]: read /var/lib/neutron/dhcp/b2af8e15-a3ba-4261-b14f-af7ee6f9e528/addn_hosts - 5 addresses
May 25 17:57:35 gtw01 dnsmasq-dhcp[13417]: read /var/lib/neutron/dhcp/b2af8e15-a3ba-4261-b14f-af7ee6f9e528/host
May 25 17:57:35 gtw01 dnsmasq-dhcp[13417]: read /var/lib/neutron/dhcp/b2af8e15-a3ba-4261-b14f-af7ee6f9e528/opts
May 25 17:57:36 gtw01 dnsmasq[13417]: read /var/lib/neutron/dhcp/b2af8e15-a3ba-4261-b14f-af7ee6f9e528/addn_hosts - 5 addresses
May 25 17:57:36 gtw01 dnsmasq-dhcp[13417]: read /var/lib/neutron/dhcp/b2af8e15-a3ba-4261-b14f-af7ee6f9e528/host
May 25 17:57:36 gtw01 dnsmasq-dhcp[13417]: read /var/lib/neutron/dhcp/b2af8e15-a3ba-4261-b14f-af7ee6f9e528/opts
May 25 17:57:36 gtw01 kernel: [ 9879.324255] device vxlan_sys_4789 entered promiscuous mode
May 25 17:57:36 gtw01 systemd-udevd[18325]: Could not generate persistent MAC address for vxlan_sys_4789: No such file or directory
May 25 17:57:37 gtw01 dnsmasq[13417]: read /var/lib/neutron/dhcp/b2af8e15-a3ba-4261-b14f-af7ee6f9e528/addn_hosts - 5 addresses
May 25 17:57:37 gtw01 dnsmasq-dhcp[13417]: read /var/lib/neutron/dhcp/b2af8e15-a3ba-4261-b14f-af7ee6f9e528/host
May 25 17:57:37 gtw01 dnsmasq-dhcp[13417]: read /var/lib/neutron/dhcp/b2af8e15-a3ba-4261-b14f-af7ee6f9e528/opts
May 25 17:57:37 gtw01 dnsmasq-dhcp[13417]: DHCPRELEASE(tapbf90dfa7-89) 192.168.120.11 fa:16:3e:ab:c3:07
May 25 17:57:38 gtw01 dnsmasq-dhcp[13417]: DHCPRELEASE(tapbf90dfa7-89) 192.168.120.11 fa:16:3e:ab:c3:07 unknown lease
May 25 17:57:38 gtw01 dnsmasq[13417]: read /var/lib/neutron/dhcp/b2af8e15-a3ba-4261-b14f-af7ee6f9e528/addn_hosts - 4 addresses
May 25 17:57:38 gtw01 dnsmasq-dhcp[13417]: read /var/lib/neutron/dhcp/b2af8e15-a3ba-4261-b14f-af7ee6f9e528/host
May 25 17:57:38 gtw01 dnsmasq-dhcp[13417]: read /var/lib/neutron/dhcp/b2af8e15-a3ba-4261-b14f-af7ee6f9e528/opts
May 25 17:57:47 gtw01 dnsmasq-dhcp[13417]: DHCPDISCOVER(tapbf90dfa7-89) fa:16:3e:23:b0:2e
May 25 17:57:47 gtw01 dnsmasq-dhcp[13417]: DHCPOFFER(tapbf90dfa7-89) 192.168.120.3 fa:16:3e:23:b0:2e
May 25 17:57:47 gtw01 dnsmasq-dhcp[13417]: DHCPREQUEST(tapbf90dfa7-89) 192.168.120.3 fa:16:3e:23:b0:2e
May 25 17:57:47 gtw01 dnsmasq-dhcp[13417]: DHCPACK(tapbf90dfa7-89) 192.168.120.3 fa:16:3e:23:b0:2e host-192-168-120-3
May 25 17:57:48 gtw01 dnsmasq-dhcp[13417]: DHCPDISCOVER(tapbf90dfa7-89) fa:16:3e:84:71:b3
May 25 17:57:48 gtw01 dnsmasq-dhcp[13417]: DHCPOFFER(tapbf90dfa7-89) 192.168.120.8 fa:16:3e:84:71:b3
May 25 17:57:48 gtw01 dnsmasq-dhcp[13417]: DHCPREQUEST(tapbf90dfa7-89) 192.168.120.8 fa:16:3e:84:71:b3
May 25 17:57:48 gtw01 dnsmasq-dhcp[13417]: DHCPACK(tapbf90dfa7-89) 192.168.120.8 fa:16:3e:84:71:b3 host-192-168-120-8
May 25 17:57:56 gtw01 dnsmasq-dhcp[13417]: DHCPRELEASE(tapbf90dfa7-89) 192.168.120.8 fa:16:3e:84:71:b3
May 25 17:57:56 gtw01 kernel: [ 9899.019970] device vxlan_sys_4789 left promiscuous mode
May 25 17:57:56 gtw01 dnsmasq-dhcp[13417]: DHCPRELEASE(tapbf90dfa7-89) 192.168.120.8 fa:16:3e:84:71:b3 unknown lease
May 25 17:57:57 gtw01 dnsmasq[13417]: read /var/lib/neutron/dhcp/b2af8e15-a3ba-4261-b14f-af7ee6f9e528/addn_hosts - 3 addresses
May 25 17:57:57 gtw01 dnsmasq-dhcp[13417]: read /var/lib/neutron/dhcp/b2af8e15-a3ba-4261-b14f-af7ee6f9e528/host
May 25 17:57:57 gtw01 dnsmasq-dhcp[13417]: read /var/lib/neutron/dhcp/b2af8e15-a3ba-4261-b14f-af7ee6f9e528/opts
May 25 17:57:58 gtw01 dnsmasq-dhcp[13417]: DHCPRELEASE(tapbf90dfa7-89) 192.168.120.3 fa:16:3e:23:b0:2e
May 25 17:57:58 gtw01 dnsmasq-dhcp[13417]: DHCPRELEASE(tapbf90dfa7-89) 192.168.120.3 fa:16:3e:23:b0:2e unknown lease
May 25 17:57:59 gtw01 dnsmasq[13417]: read /var/lib/neutron/dhcp/b2af8e15-a3ba-4261-b14f-af7ee6f9e528/addn_hosts - 2 addresses
May 25 17:57:59 gtw01 dnsmasq-dhcp[13417]: read /var/lib/neutron/dhcp/b2af8e15-a3ba-4261-b14f-af7ee6f9e528/host
May 25 17:57:59 gtw01 dnsmasq-dhcp[13417]: read /var/lib/neutron/dhcp/b2af8e15-a3ba-4261-b14f-af7ee6f9e528/opts
May 25 18:14:45 gtw01 systemd-udevd[18518]: Could not generate persistent MAC address for tapb8c4bab7-40: No such file or directory
May 25 18:14:45 gtw01 kernel: [10907.957965] device tapb8c4bab7-40 entered promiscuous mode
May 25 18:14:45 gtw01 systemd-udevd[18585]: Process '/sbin/ip link set tapb8c4bab7-40 txqueuelen 10000' failed with exit code 1.
May 25 18:14:47 gtw01 systemd-udevd[18690]: Could not generate persistent MAC address for tap7ad412c9-29: No such file or directory
May 25 18:14:47 gtw01 kernel: [10910.391490] device tap7ad412c9-29 entered promiscuous mode
May 25 18:14:47 gtw01 systemd-udevd[18690]: Process '/sbin/ip link set tap7ad412c9-29 txqueuelen 10000' failed with exit code 1.
May 25 18:14:47 gtw01 systemd-udevd[18690]: Process '/sbin/ip link set tap7ad412c9-29 txqueuelen 10000' failed with exit code 1.
May 25 18:14:48 gtw01 systemd-udevd[18807]: Could not generate persistent MAC address for qg-3cf4beb1-ae: No such file or directory
May 25 18:14:48 gtw01 kernel: [10910.938938] device qg-3cf4beb1-ae entered promiscuous mode
May 25 18:14:48 gtw01 dnsmasq[18900]: started, version 2.80 cachesize 150
May 25 18:14:48 gtw01 dnsmasq[18900]: DNS service limited to local subnets
May 25 18:14:48 gtw01 dnsmasq[18900]: compile time options: IPv6 GNU-getopt DBus i18n IDN DHCP DHCPv6 no-Lua TFTP conntrack ipset auth DNSSEC loop-detect inotify dumpfile
May 25 18:14:48 gtw01 dnsmasq[18900]: LOUD WARNING: listening on 11.11.11.2 may accept requests via interfaces other than tapb8c4bab7-40
May 25 18:14:48 gtw01 dnsmasq[18900]: LOUD WARNING: use --bind-dynamic rather than --bind-interfaces to avoid DNS amplification attacks via these interface(s)
May 25 18:14:48 gtw01 dnsmasq[18900]: warning: no upstream servers configured
May 25 18:14:48 gtw01 dnsmasq-dhcp[18900]: DHCP, static leases only on 11.11.11.0, lease time 1h
May 25 18:14:48 gtw01 dnsmasq[18900]: read /var/lib/neutron/dhcp/2e1ee7c5-4da0-4531-bc93-6292ee5ab300/addn_hosts - 1 addresses
May 25 18:14:48 gtw01 dnsmasq-dhcp[18900]: read /var/lib/neutron/dhcp/2e1ee7c5-4da0-4531-bc93-6292ee5ab300/host
May 25 18:14:48 gtw01 dnsmasq-dhcp[18900]: read /var/lib/neutron/dhcp/2e1ee7c5-4da0-4531-bc93-6292ee5ab300/opts
May 25 18:14:49 gtw01 haproxy-metadata-proxy-2e1ee7c5-4da0-4531-bc93-6292ee5ab300[18915]: Proxy listener started.
May 25 18:14:49 gtw01 dnsmasq[18900]: read /var/lib/neutron/dhcp/2e1ee7c5-4da0-4531-bc93-6292ee5ab300/addn_hosts - 2 addresses
May 25 18:14:49 gtw01 dnsmasq-dhcp[18900]: read /var/lib/neutron/dhcp/2e1ee7c5-4da0-4531-bc93-6292ee5ab300/host
May 25 18:14:49 gtw01 dnsmasq-dhcp[18900]: read /var/lib/neutron/dhcp/2e1ee7c5-4da0-4531-bc93-6292ee5ab300/opts
May 25 18:14:50 gtw01 dnsmasq[18900]: read /var/lib/neutron/dhcp/2e1ee7c5-4da0-4531-bc93-6292ee5ab300/addn_hosts - 2 addresses
May 25 18:14:50 gtw01 dnsmasq-dhcp[18900]: read /var/lib/neutron/dhcp/2e1ee7c5-4da0-4531-bc93-6292ee5ab300/host
May 25 18:14:50 gtw01 dnsmasq-dhcp[18900]: read /var/lib/neutron/dhcp/2e1ee7c5-4da0-4531-bc93-6292ee5ab300/opts
May 25 18:14:51 gtw01 dnsmasq[19037]: started, version 2.80 cachesize 150
May 25 18:14:51 gtw01 dnsmasq[19037]: DNS service limited to local subnets
May 25 18:14:51 gtw01 dnsmasq[19037]: compile time options: IPv6 GNU-getopt DBus i18n IDN DHCP DHCPv6 no-Lua TFTP conntrack ipset auth DNSSEC loop-detect inotify dumpfile
May 25 18:14:51 gtw01 dnsmasq[19037]: LOUD WARNING: listening on 11.11.11.2 may accept requests via interfaces other than tap7ad412c9-29
May 25 18:14:51 gtw01 dnsmasq[19037]: LOUD WARNING: use --bind-dynamic rather than --bind-interfaces to avoid DNS amplification attacks via these interface(s)
May 25 18:14:51 gtw01 dnsmasq[19037]: warning: no upstream servers configured
May 25 18:14:51 gtw01 dnsmasq-dhcp[19037]: DHCP, static leases only on 11.11.11.0, lease time 1h
May 25 18:14:51 gtw01 dnsmasq[19037]: read /var/lib/neutron/dhcp/8428a8e4-d2ab-4e52-8c3f-0035abc0076e/addn_hosts - 1 addresses
May 25 18:14:51 gtw01 dnsmasq-dhcp[19037]: read /var/lib/neutron/dhcp/8428a8e4-d2ab-4e52-8c3f-0035abc0076e/host
May 25 18:14:51 gtw01 dnsmasq-dhcp[19037]: read /var/lib/neutron/dhcp/8428a8e4-d2ab-4e52-8c3f-0035abc0076e/opts
May 25 18:14:51 gtw01 haproxy-metadata-proxy-8428a8e4-d2ab-4e52-8c3f-0035abc0076e[19053]: Proxy listener started.
May 25 18:14:51 gtw01 kernel: [10914.334525] device tapc100c354-6e entered promiscuous mode
May 25 18:14:51 gtw01 systemd-udevd[19076]: Could not generate persistent MAC address for tapc100c354-6e: No such file or directory
May 25 18:14:51 gtw01 systemd-udevd[19076]: Process '/sbin/ip link set tapc100c354-6e txqueuelen 10000' failed with exit code 1.
May 25 18:14:51 gtw01 dnsmasq[18900]: read /var/lib/neutron/dhcp/2e1ee7c5-4da0-4531-bc93-6292ee5ab300/addn_hosts - 2 addresses
May 25 18:14:51 gtw01 dnsmasq-dhcp[18900]: read /var/lib/neutron/dhcp/2e1ee7c5-4da0-4531-bc93-6292ee5ab300/host
May 25 18:14:51 gtw01 dnsmasq-dhcp[18900]: read /var/lib/neutron/dhcp/2e1ee7c5-4da0-4531-bc93-6292ee5ab300/opts
May 25 18:14:51 gtw01 systemd-udevd[19076]: Process '/sbin/ip link set tapc100c354-6e txqueuelen 10000' failed with exit code 1.
May 25 18:14:52 gtw01 dnsmasq[19037]: read /var/lib/neutron/dhcp/8428a8e4-d2ab-4e52-8c3f-0035abc0076e/addn_hosts - 2 addresses
May 25 18:14:52 gtw01 dnsmasq-dhcp[19037]: read /var/lib/neutron/dhcp/8428a8e4-d2ab-4e52-8c3f-0035abc0076e/host
May 25 18:14:52 gtw01 dnsmasq-dhcp[19037]: read /var/lib/neutron/dhcp/8428a8e4-d2ab-4e52-8c3f-0035abc0076e/opts
May 25 18:14:52 gtw01 dnsmasq[18900]: read /var/lib/neutron/dhcp/2e1ee7c5-4da0-4531-bc93-6292ee5ab300/addn_hosts - 2 addresses
May 25 18:14:52 gtw01 dnsmasq-dhcp[18900]: read /var/lib/neutron/dhcp/2e1ee7c5-4da0-4531-bc93-6292ee5ab300/host
May 25 18:14:52 gtw01 dnsmasq-dhcp[18900]: read /var/lib/neutron/dhcp/2e1ee7c5-4da0-4531-bc93-6292ee5ab300/opts
May 25 18:14:53 gtw01 dnsmasq[19037]: read /var/lib/neutron/dhcp/8428a8e4-d2ab-4e52-8c3f-0035abc0076e/addn_hosts - 2 addresses
May 25 18:14:53 gtw01 dnsmasq-dhcp[19037]: read /var/lib/neutron/dhcp/8428a8e4-d2ab-4e52-8c3f-0035abc0076e/host
May 25 18:14:53 gtw01 dnsmasq-dhcp[19037]: read /var/lib/neutron/dhcp/8428a8e4-d2ab-4e52-8c3f-0035abc0076e/opts
May 25 18:14:54 gtw01 dnsmasq[18900]: read /var/lib/neutron/dhcp/2e1ee7c5-4da0-4531-bc93-6292ee5ab300/addn_hosts - 2 addresses
May 25 18:14:54 gtw01 dnsmasq-dhcp[18900]: read /var/lib/neutron/dhcp/2e1ee7c5-4da0-4531-bc93-6292ee5ab300/host
May 25 18:14:54 gtw01 dnsmasq-dhcp[18900]: read /var/lib/neutron/dhcp/2e1ee7c5-4da0-4531-bc93-6292ee5ab300/opts
May 25 18:14:54 gtw01 systemd-udevd[19360]: Could not generate persistent MAC address for tapd84a728f-b0: No such file or directory
May 25 18:14:54 gtw01 kernel: [10916.952144] device tapd84a728f-b0 entered promiscuous mode
May 25 18:14:54 gtw01 systemd-udevd[19360]: Process '/sbin/ip link set tapd84a728f-b0 txqueuelen 10000' failed with exit code 1.
May 25 18:14:54 gtw01 systemd-udevd[19360]: Process '/sbin/ip link set tapd84a728f-b0 txqueuelen 10000' failed with exit code 1.
May 25 18:14:55 gtw01 dnsmasq[19037]: read /var/lib/neutron/dhcp/8428a8e4-d2ab-4e52-8c3f-0035abc0076e/addn_hosts - 2 addresses
May 25 18:14:55 gtw01 dnsmasq-dhcp[19037]: read /var/lib/neutron/dhcp/8428a8e4-d2ab-4e52-8c3f-0035abc0076e/host
May 25 18:14:55 gtw01 dnsmasq-dhcp[19037]: read /var/lib/neutron/dhcp/8428a8e4-d2ab-4e52-8c3f-0035abc0076e/opts
May 25 18:14:55 gtw01 systemd-udevd[19500]: Could not generate persistent MAC address for qg-3d876fac-00: No such file or directory
May 25 18:14:55 gtw01 kernel: [10917.660247] device qg-3d876fac-00 entered promiscuous mode
May 25 18:14:55 gtw01 haproxy-metadata-proxy-3d4d2ada-19d2-44df-93bb-ccce6b3b1319[19529]: Proxy listener started.
May 25 18:14:55 gtw01 dnsmasq[18900]: read /var/lib/neutron/dhcp/2e1ee7c5-4da0-4531-bc93-6292ee5ab300/addn_hosts - 2 addresses
May 25 18:14:55 gtw01 dnsmasq-dhcp[18900]: read /var/lib/neutron/dhcp/2e1ee7c5-4da0-4531-bc93-6292ee5ab300/host
May 25 18:14:55 gtw01 dnsmasq-dhcp[18900]: read /var/lib/neutron/dhcp/2e1ee7c5-4da0-4531-bc93-6292ee5ab300/opts
May 25 18:14:56 gtw01 dnsmasq[19656]: started, version 2.80 cachesize 150
May 25 18:14:56 gtw01 dnsmasq[19656]: DNS service limited to local subnets
May 25 18:14:56 gtw01 dnsmasq[19656]: compile time options: IPv6 GNU-getopt DBus i18n IDN DHCP DHCPv6 no-Lua TFTP conntrack ipset auth DNSSEC loop-detect inotify dumpfile
May 25 18:14:56 gtw01 dnsmasq[19656]: LOUD WARNING: listening on 11.11.11.2 may accept requests via interfaces other than tapc100c354-6e
May 25 18:14:56 gtw01 dnsmasq[19656]: LOUD WARNING: use --bind-dynamic rather than --bind-interfaces to avoid DNS amplification attacks via these interface(s)
May 25 18:14:56 gtw01 dnsmasq[19656]: warning: no upstream servers configured
May 25 18:14:56 gtw01 dnsmasq-dhcp[19656]: DHCP, static leases only on 11.11.11.0, lease time 1h
May 25 18:14:56 gtw01 dnsmasq[19656]: read /var/lib/neutron/dhcp/67464391-17a8-4550-9013-8742ff0642c2/addn_hosts - 1 addresses
May 25 18:14:56 gtw01 dnsmasq-dhcp[19656]: read /var/lib/neutron/dhcp/67464391-17a8-4550-9013-8742ff0642c2/host
May 25 18:14:56 gtw01 dnsmasq-dhcp[19656]: read /var/lib/neutron/dhcp/67464391-17a8-4550-9013-8742ff0642c2/opts
May 25 18:14:56 gtw01 dnsmasq[19037]: read /var/lib/neutron/dhcp/8428a8e4-d2ab-4e52-8c3f-0035abc0076e/addn_hosts - 2 addresses
May 25 18:14:56 gtw01 dnsmasq-dhcp[19037]: read /var/lib/neutron/dhcp/8428a8e4-d2ab-4e52-8c3f-0035abc0076e/host
May 25 18:14:56 gtw01 dnsmasq-dhcp[19037]: read /var/lib/neutron/dhcp/8428a8e4-d2ab-4e52-8c3f-0035abc0076e/opts
May 25 18:14:56 gtw01 kernel: [10918.974273] device qg-36e95e01-a6 entered promiscuous mode
May 25 18:14:56 gtw01 systemd-udevd[19680]: Could not generate persistent MAC address for qg-36e95e01-a6: No such file or directory
May 25 18:14:56 gtw01 haproxy-metadata-proxy-67464391-17a8-4550-9013-8742ff0642c2[19696]: Proxy listener started.
May 25 18:14:57 gtw01 dnsmasq[18900]: read /var/lib/neutron/dhcp/2e1ee7c5-4da0-4531-bc93-6292ee5ab300/addn_hosts - 3 addresses
May 25 18:14:57 gtw01 dnsmasq-dhcp[18900]: read /var/lib/neutron/dhcp/2e1ee7c5-4da0-4531-bc93-6292ee5ab300/host
May 25 18:14:57 gtw01 dnsmasq-dhcp[18900]: read /var/lib/neutron/dhcp/2e1ee7c5-4da0-4531-bc93-6292ee5ab300/opts
May 25 18:14:57 gtw01 dnsmasq[19037]: read /var/lib/neutron/dhcp/8428a8e4-d2ab-4e52-8c3f-0035abc0076e/addn_hosts - 2 addresses
May 25 18:14:57 gtw01 dnsmasq-dhcp[19037]: read /var/lib/neutron/dhcp/8428a8e4-d2ab-4e52-8c3f-0035abc0076e/host
May 25 18:14:57 gtw01 dnsmasq-dhcp[19037]: read /var/lib/neutron/dhcp/8428a8e4-d2ab-4e52-8c3f-0035abc0076e/opts
May 25 18:14:58 gtw01 dnsmasq[19656]: read /var/lib/neutron/dhcp/67464391-17a8-4550-9013-8742ff0642c2/addn_hosts - 3 addresses
May 25 18:14:58 gtw01 dnsmasq-dhcp[19656]: read /var/lib/neutron/dhcp/67464391-17a8-4550-9013-8742ff0642c2/host
May 25 18:14:58 gtw01 dnsmasq-dhcp[19656]: read /var/lib/neutron/dhcp/67464391-17a8-4550-9013-8742ff0642c2/opts
May 25 18:14:58 gtw01 dnsmasq[18900]: read /var/lib/neutron/dhcp/2e1ee7c5-4da0-4531-bc93-6292ee5ab300/addn_hosts - 3 addresses
May 25 18:14:58 gtw01 dnsmasq-dhcp[18900]: read /var/lib/neutron/dhcp/2e1ee7c5-4da0-4531-bc93-6292ee5ab300/host
May 25 18:14:58 gtw01 dnsmasq-dhcp[18900]: read /var/lib/neutron/dhcp/2e1ee7c5-4da0-4531-bc93-6292ee5ab300/opts
May 25 18:14:59 gtw01 dnsmasq[19993]: started, version 2.80 cachesize 150
May 25 18:14:59 gtw01 dnsmasq[19993]: DNS service limited to local subnets
May 25 18:14:59 gtw01 dnsmasq[19993]: compile time options: IPv6 GNU-getopt DBus i18n IDN DHCP DHCPv6 no-Lua TFTP conntrack ipset auth DNSSEC loop-detect inotify dumpfile
May 25 18:14:59 gtw01 dnsmasq[19993]: LOUD WARNING: listening on 11.11.11.2 may accept requests via interfaces other than tapd84a728f-b0
May 25 18:14:59 gtw01 dnsmasq[19993]: LOUD WARNING: use --bind-dynamic rather than --bind-interfaces to avoid DNS amplification attacks via these interface(s)
May 25 18:14:59 gtw01 dnsmasq[19993]: warning: no upstream servers configured
May 25 18:14:59 gtw01 dnsmasq-dhcp[19993]: DHCP, static leases only on 11.11.11.0, lease time 1h
May 25 18:14:59 gtw01 dnsmasq[19993]: read /var/lib/neutron/dhcp/29d27f5d-dbe9-4940-be28-833ce7d98b61/addn_hosts - 1 addresses
May 25 18:14:59 gtw01 dnsmasq-dhcp[19993]: read /var/lib/neutron/dhcp/29d27f5d-dbe9-4940-be28-833ce7d98b61/host
May 25 18:14:59 gtw01 dnsmasq-dhcp[19993]: read /var/lib/neutron/dhcp/29d27f5d-dbe9-4940-be28-833ce7d98b61/opts
May 25 18:14:59 gtw01 dnsmasq[19037]: read /var/lib/neutron/dhcp/8428a8e4-d2ab-4e52-8c3f-0035abc0076e/addn_hosts - 2 addresses
May 25 18:14:59 gtw01 dnsmasq-dhcp[19037]: read /var/lib/neutron/dhcp/8428a8e4-d2ab-4e52-8c3f-0035abc0076e/host
May 25 18:14:59 gtw01 dnsmasq-dhcp[19037]: read /var/lib/neutron/dhcp/8428a8e4-d2ab-4e52-8c3f-0035abc0076e/opts
May 25 18:14:59 gtw01 haproxy-metadata-proxy-29d27f5d-dbe9-4940-be28-833ce7d98b61[20018]: Proxy listener started.
May 25 18:15:00 gtw01 dnsmasq[19656]: read /var/lib/neutron/dhcp/67464391-17a8-4550-9013-8742ff0642c2/addn_hosts - 3 addresses
May 25 18:15:00 gtw01 dnsmasq-dhcp[19656]: read /var/lib/neutron/dhcp/67464391-17a8-4550-9013-8742ff0642c2/host
May 25 18:15:00 gtw01 dnsmasq-dhcp[19656]: read /var/lib/neutron/dhcp/67464391-17a8-4550-9013-8742ff0642c2/opts
May 25 18:15:00 gtw01 systemd-udevd[20076]: Could not generate persistent MAC address for qg-0bd7e983-86: No such file or directory
May 25 18:15:00 gtw01 kernel: [10923.008209] device qg-0bd7e983-86 entered promiscuous mode
May 25 18:15:00 gtw01 dnsmasq[19993]: read /var/lib/neutron/dhcp/29d27f5d-dbe9-4940-be28-833ce7d98b61/addn_hosts - 3 addresses
May 25 18:15:00 gtw01 dnsmasq-dhcp[19993]: read /var/lib/neutron/dhcp/29d27f5d-dbe9-4940-be28-833ce7d98b61/host
May 25 18:15:00 gtw01 dnsmasq-dhcp[19993]: read /var/lib/neutron/dhcp/29d27f5d-dbe9-4940-be28-833ce7d98b61/opts
May 25 18:15:00 gtw01 dnsmasq[19656]: read /var/lib/neutron/dhcp/67464391-17a8-4550-9013-8742ff0642c2/addn_hosts - 3 addresses
May 25 18:15:00 gtw01 dnsmasq-dhcp[19656]: read /var/lib/neutron/dhcp/67464391-17a8-4550-9013-8742ff0642c2/host
May 25 18:15:00 gtw01 dnsmasq-dhcp[19656]: read /var/lib/neutron/dhcp/67464391-17a8-4550-9013-8742ff0642c2/opts
May 25 18:15:01 gtw01 dnsmasq[19037]: read /var/lib/neutron/dhcp/8428a8e4-d2ab-4e52-8c3f-0035abc0076e/addn_hosts - 3 addresses
May 25 18:15:01 gtw01 dnsmasq-dhcp[19037]: read /var/lib/neutron/dhcp/8428a8e4-d2ab-4e52-8c3f-0035abc0076e/host
May 25 18:15:01 gtw01 dnsmasq-dhcp[19037]: read /var/lib/neutron/dhcp/8428a8e4-d2ab-4e52-8c3f-0035abc0076e/opts
May 25 18:15:02 gtw01 dnsmasq[19656]: read /var/lib/neutron/dhcp/67464391-17a8-4550-9013-8742ff0642c2/addn_hosts - 3 addresses
May 25 18:15:02 gtw01 dnsmasq-dhcp[19656]: read /var/lib/neutron/dhcp/67464391-17a8-4550-9013-8742ff0642c2/host
May 25 18:15:02 gtw01 dnsmasq-dhcp[19656]: read /var/lib/neutron/dhcp/67464391-17a8-4550-9013-8742ff0642c2/opts
May 25 18:15:02 gtw01 kernel: [10924.924823] device vxlan_sys_4789 entered promiscuous mode
May 25 18:15:02 gtw01 systemd-udevd[20289]: Could not generate persistent MAC address for vxlan_sys_4789: No such file or directory
May 25 18:15:02 gtw01 dnsmasq[19993]: read /var/lib/neutron/dhcp/29d27f5d-dbe9-4940-be28-833ce7d98b61/addn_hosts - 3 addresses
May 25 18:15:02 gtw01 dnsmasq-dhcp[19993]: read /var/lib/neutron/dhcp/29d27f5d-dbe9-4940-be28-833ce7d98b61/host
May 25 18:15:02 gtw01 dnsmasq-dhcp[19993]: read /var/lib/neutron/dhcp/29d27f5d-dbe9-4940-be28-833ce7d98b61/opts
May 25 18:15:03 gtw01 haproxy-metadata-proxy-3dd6e483-e3d6-42dc-a2a3-47edc5dd9b56[20409]: Proxy listener started.
May 25 18:15:03 gtw01 dnsmasq[19656]: read /var/lib/neutron/dhcp/67464391-17a8-4550-9013-8742ff0642c2/addn_hosts - 3 addresses
May 25 18:15:03 gtw01 dnsmasq-dhcp[19656]: read /var/lib/neutron/dhcp/67464391-17a8-4550-9013-8742ff0642c2/host
May 25 18:15:03 gtw01 dnsmasq-dhcp[19656]: read /var/lib/neutron/dhcp/67464391-17a8-4550-9013-8742ff0642c2/opts
May 25 18:15:03 gtw01 dnsmasq[19993]: read /var/lib/neutron/dhcp/29d27f5d-dbe9-4940-be28-833ce7d98b61/addn_hosts - 3 addresses
May 25 18:15:03 gtw01 dnsmasq-dhcp[19993]: read /var/lib/neutron/dhcp/29d27f5d-dbe9-4940-be28-833ce7d98b61/host
May 25 18:15:03 gtw01 dnsmasq-dhcp[19993]: read /var/lib/neutron/dhcp/29d27f5d-dbe9-4940-be28-833ce7d98b61/opts
May 25 18:15:03 gtw01 systemd-udevd[20481]: Could not generate persistent MAC address for qr-05202b8c-9a: No such file or directory
May 25 18:15:03 gtw01 kernel: [10926.500426] device qr-05202b8c-9a entered promiscuous mode
May 25 18:15:04 gtw01 dnsmasq[19656]: read /var/lib/neutron/dhcp/67464391-17a8-4550-9013-8742ff0642c2/addn_hosts - 3 addresses
May 25 18:15:04 gtw01 dnsmasq-dhcp[19656]: read /var/lib/neutron/dhcp/67464391-17a8-4550-9013-8742ff0642c2/host
May 25 18:15:04 gtw01 dnsmasq-dhcp[19656]: read /var/lib/neutron/dhcp/67464391-17a8-4550-9013-8742ff0642c2/opts
May 25 18:15:04 gtw01 dnsmasq[19037]: read /var/lib/neutron/dhcp/8428a8e4-d2ab-4e52-8c3f-0035abc0076e/addn_hosts - 3 addresses
May 25 18:15:04 gtw01 dnsmasq-dhcp[19037]: read /var/lib/neutron/dhcp/8428a8e4-d2ab-4e52-8c3f-0035abc0076e/host
May 25 18:15:04 gtw01 dnsmasq-dhcp[19037]: read /var/lib/neutron/dhcp/8428a8e4-d2ab-4e52-8c3f-0035abc0076e/opts
May 25 18:15:05 gtw01 haproxy-metadata-proxy-5e8e969c-7344-4b87-8a91-fa6cca5c5613[20645]: Proxy listener started.
May 25 18:15:05 gtw01 dnsmasq[19993]: read /var/lib/neutron/dhcp/29d27f5d-dbe9-4940-be28-833ce7d98b61/addn_hosts - 3 addresses
May 25 18:15:05 gtw01 dnsmasq-dhcp[19993]: read /var/lib/neutron/dhcp/29d27f5d-dbe9-4940-be28-833ce7d98b61/host
May 25 18:15:05 gtw01 dnsmasq-dhcp[19993]: read /var/lib/neutron/dhcp/29d27f5d-dbe9-4940-be28-833ce7d98b61/opts
May 25 18:15:05 gtw01 dnsmasq[19656]: read /var/lib/neutron/dhcp/67464391-17a8-4550-9013-8742ff0642c2/addn_hosts - 3 addresses
May 25 18:15:05 gtw01 dnsmasq-dhcp[19656]: read /var/lib/neutron/dhcp/67464391-17a8-4550-9013-8742ff0642c2/host
May 25 18:15:05 gtw01 dnsmasq-dhcp[19656]: read /var/lib/neutron/dhcp/67464391-17a8-4550-9013-8742ff0642c2/opts
May 25 18:15:05 gtw01 dnsmasq[19037]: read /var/lib/neutron/dhcp/8428a8e4-d2ab-4e52-8c3f-0035abc0076e/addn_hosts - 3 addresses
May 25 18:15:05 gtw01 dnsmasq-dhcp[19037]: read /var/lib/neutron/dhcp/8428a8e4-d2ab-4e52-8c3f-0035abc0076e/host
May 25 18:15:05 gtw01 dnsmasq-dhcp[19037]: read /var/lib/neutron/dhcp/8428a8e4-d2ab-4e52-8c3f-0035abc0076e/opts
May 25 18:15:06 gtw01 dnsmasq[19993]: read /var/lib/neutron/dhcp/29d27f5d-dbe9-4940-be28-833ce7d98b61/addn_hosts - 3 addresses
May 25 18:15:06 gtw01 dnsmasq-dhcp[19993]: read /var/lib/neutron/dhcp/29d27f5d-dbe9-4940-be28-833ce7d98b61/host
May 25 18:15:06 gtw01 dnsmasq-dhcp[19993]: read /var/lib/neutron/dhcp/29d27f5d-dbe9-4940-be28-833ce7d98b61/opts
May 25 18:15:06 gtw01 systemd-udevd[20775]: Could not generate persistent MAC address for qr-ae75e434-bf: No such file or directory
May 25 18:15:06 gtw01 kernel: [10929.212494] device qr-ae75e434-bf entered promiscuous mode
May 25 18:15:06 gtw01 dnsmasq[19656]: read /var/lib/neutron/dhcp/67464391-17a8-4550-9013-8742ff0642c2/addn_hosts - 3 addresses
May 25 18:15:06 gtw01 dnsmasq-dhcp[19656]: read /var/lib/neutron/dhcp/67464391-17a8-4550-9013-8742ff0642c2/host
May 25 18:15:06 gtw01 dnsmasq-dhcp[19656]: read /var/lib/neutron/dhcp/67464391-17a8-4550-9013-8742ff0642c2/opts
May 25 18:15:07 gtw01 dnsmasq[19037]: read /var/lib/neutron/dhcp/8428a8e4-d2ab-4e52-8c3f-0035abc0076e/addn_hosts - 3 addresses
May 25 18:15:07 gtw01 dnsmasq-dhcp[19037]: read /var/lib/neutron/dhcp/8428a8e4-d2ab-4e52-8c3f-0035abc0076e/host
May 25 18:15:07 gtw01 dnsmasq-dhcp[19037]: read /var/lib/neutron/dhcp/8428a8e4-d2ab-4e52-8c3f-0035abc0076e/opts
May 25 18:15:07 gtw01 dnsmasq[19993]: read /var/lib/neutron/dhcp/29d27f5d-dbe9-4940-be28-833ce7d98b61/addn_hosts - 3 addresses
May 25 18:15:07 gtw01 dnsmasq-dhcp[19993]: read /var/lib/neutron/dhcp/29d27f5d-dbe9-4940-be28-833ce7d98b61/host
May 25 18:15:07 gtw01 dnsmasq-dhcp[19993]: read /var/lib/neutron/dhcp/29d27f5d-dbe9-4940-be28-833ce7d98b61/opts
May 25 18:15:07 gtw01 dnsmasq[18900]: read /var/lib/neutron/dhcp/2e1ee7c5-4da0-4531-bc93-6292ee5ab300/addn_hosts - 2 addresses
May 25 18:15:07 gtw01 dnsmasq-dhcp[18900]: read /var/lib/neutron/dhcp/2e1ee7c5-4da0-4531-bc93-6292ee5ab300/host
May 25 18:15:07 gtw01 dnsmasq-dhcp[18900]: read /var/lib/neutron/dhcp/2e1ee7c5-4da0-4531-bc93-6292ee5ab300/opts
May 25 18:15:08 gtw01 dnsmasq[19656]: read /var/lib/neutron/dhcp/67464391-17a8-4550-9013-8742ff0642c2/addn_hosts - 3 addresses
May 25 18:15:08 gtw01 dnsmasq-dhcp[19656]: read /var/lib/neutron/dhcp/67464391-17a8-4550-9013-8742ff0642c2/host
May 25 18:15:08 gtw01 dnsmasq-dhcp[19656]: read /var/lib/neutron/dhcp/67464391-17a8-4550-9013-8742ff0642c2/opts
May 25 18:15:08 gtw01 kernel: [10930.880035] net_ratelimit: 1 callbacks suppressed
May 25 18:15:08 gtw01 kernel: [10930.880037] IPv4: martian source 11.11.11.1 from 11.11.11.1, on dev qr-05202b8c-9a
May 25 18:15:08 gtw01 kernel: [10930.880040] ll header: 00000000: ff ff ff ff ff ff fa 16 3e 7f d7 ed 08 06        ........>.....
May 25 18:15:08 gtw01 kernel: [10931.203971] IPv4: martian source 11.11.11.1 from 11.11.11.1, on dev qr-ae75e434-bf
May 25 18:15:08 gtw01 kernel: [10931.203974] ll header: 00000000: ff ff ff ff ff ff fa 16 3e 82 c4 18 08 06        ........>.....
May 25 18:15:09 gtw01 haproxy-metadata-proxy-2e1ee7c5-4da0-4531-bc93-6292ee5ab300[21048]: Proxy listener started.
May 25 18:15:09 gtw01 dnsmasq[19993]: read /var/lib/neutron/dhcp/29d27f5d-dbe9-4940-be28-833ce7d98b61/addn_hosts - 3 addresses
May 25 18:15:09 gtw01 dnsmasq-dhcp[19993]: read /var/lib/neutron/dhcp/29d27f5d-dbe9-4940-be28-833ce7d98b61/host
May 25 18:15:09 gtw01 dnsmasq-dhcp[19993]: read /var/lib/neutron/dhcp/29d27f5d-dbe9-4940-be28-833ce7d98b61/opts
May 25 18:15:09 gtw01 haproxy-metadata-proxy-0823a14a-c892-474b-889c-275f772bacb3[21081]: Proxy listener started.
May 25 18:15:09 gtw01 dnsmasq[19656]: read /var/lib/neutron/dhcp/67464391-17a8-4550-9013-8742ff0642c2/addn_hosts - 3 addresses
May 25 18:15:09 gtw01 dnsmasq-dhcp[19656]: read /var/lib/neutron/dhcp/67464391-17a8-4550-9013-8742ff0642c2/host
May 25 18:15:09 gtw01 dnsmasq-dhcp[19656]: read /var/lib/neutron/dhcp/67464391-17a8-4550-9013-8742ff0642c2/opts
May 25 18:15:10 gtw01 dnsmasq[19993]: read /var/lib/neutron/dhcp/29d27f5d-dbe9-4940-be28-833ce7d98b61/addn_hosts - 3 addresses
May 25 18:15:10 gtw01 dnsmasq-dhcp[19993]: read /var/lib/neutron/dhcp/29d27f5d-dbe9-4940-be28-833ce7d98b61/host
May 25 18:15:10 gtw01 dnsmasq-dhcp[19993]: read /var/lib/neutron/dhcp/29d27f5d-dbe9-4940-be28-833ce7d98b61/opts
May 25 18:15:10 gtw01 dnsmasq[18900]: read /var/lib/neutron/dhcp/2e1ee7c5-4da0-4531-bc93-6292ee5ab300/addn_hosts - 2 addresses
May 25 18:15:10 gtw01 dnsmasq-dhcp[18900]: read /var/lib/neutron/dhcp/2e1ee7c5-4da0-4531-bc93-6292ee5ab300/host
May 25 18:15:10 gtw01 dnsmasq-dhcp[18900]: read /var/lib/neutron/dhcp/2e1ee7c5-4da0-4531-bc93-6292ee5ab300/opts
May 25 18:15:11 gtw01 kernel: [10933.736132] IPv4: martian source 11.11.11.1 from 11.11.11.1, on dev qr-05202b8c-9a
May 25 18:15:11 gtw01 kernel: [10933.736136] ll header: 00000000: ff ff ff ff ff ff fa 16 3e 7f d7 ed 08 06        ........>.....
May 25 18:15:11 gtw01 kernel: [10933.996331] IPv4: martian source 11.11.11.1 from 11.11.11.1, on dev qr-ae75e434-bf
May 25 18:15:11 gtw01 kernel: [10933.996335] ll header: 00000000: ff ff ff ff ff ff fa 16 3e 82 c4 18 08 06        ........>.....
May 25 18:15:11 gtw01 dnsmasq[19993]: read /var/lib/neutron/dhcp/29d27f5d-dbe9-4940-be28-833ce7d98b61/addn_hosts - 3 addresses
May 25 18:15:11 gtw01 dnsmasq-dhcp[19993]: read /var/lib/neutron/dhcp/29d27f5d-dbe9-4940-be28-833ce7d98b61/host
May 25 18:15:11 gtw01 dnsmasq-dhcp[19993]: read /var/lib/neutron/dhcp/29d27f5d-dbe9-4940-be28-833ce7d98b61/opts
May 25 18:15:12 gtw01 dnsmasq[19993]: read /var/lib/neutron/dhcp/29d27f5d-dbe9-4940-be28-833ce7d98b61/addn_hosts - 3 addresses
May 25 18:15:12 gtw01 dnsmasq-dhcp[19993]: read /var/lib/neutron/dhcp/29d27f5d-dbe9-4940-be28-833ce7d98b61/host
May 25 18:15:12 gtw01 dnsmasq-dhcp[19993]: read /var/lib/neutron/dhcp/29d27f5d-dbe9-4940-be28-833ce7d98b61/opts
May 25 18:15:13 gtw01 kernel: [10935.908617] device qr-eca276a6-3d entered promiscuous mode
May 25 18:15:13 gtw01 systemd-udevd[21379]: Could not generate persistent MAC address for qr-eca276a6-3d: No such file or directory
May 25 18:15:13 gtw01 dnsmasq[19656]: read /var/lib/neutron/dhcp/67464391-17a8-4550-9013-8742ff0642c2/addn_hosts - 2 addresses
May 25 18:15:13 gtw01 dnsmasq-dhcp[19656]: read /var/lib/neutron/dhcp/67464391-17a8-4550-9013-8742ff0642c2/host
May 25 18:15:13 gtw01 dnsmasq-dhcp[19656]: read /var/lib/neutron/dhcp/67464391-17a8-4550-9013-8742ff0642c2/opts
May 25 18:15:13 gtw01 dnsmasq[18900]: read /var/lib/neutron/dhcp/2e1ee7c5-4da0-4531-bc93-6292ee5ab300/addn_hosts - 1 addresses
May 25 18:15:13 gtw01 dnsmasq-dhcp[18900]: read /var/lib/neutron/dhcp/2e1ee7c5-4da0-4531-bc93-6292ee5ab300/host
May 25 18:15:13 gtw01 dnsmasq-dhcp[18900]: read /var/lib/neutron/dhcp/2e1ee7c5-4da0-4531-bc93-6292ee5ab300/opts
May 25 18:15:14 gtw01 haproxy-metadata-proxy-67464391-17a8-4550-9013-8742ff0642c2[21517]: Proxy listener started.
May 25 18:15:15 gtw01 dnsmasq[19656]: read /var/lib/neutron/dhcp/67464391-17a8-4550-9013-8742ff0642c2/addn_hosts - 2 addresses
May 25 18:15:15 gtw01 dnsmasq-dhcp[19656]: read /var/lib/neutron/dhcp/67464391-17a8-4550-9013-8742ff0642c2/host
May 25 18:15:15 gtw01 dnsmasq-dhcp[19656]: read /var/lib/neutron/dhcp/67464391-17a8-4550-9013-8742ff0642c2/opts
May 25 18:15:15 gtw01 kernel: [10938.408534] device qg-36e95e01-a6 left promiscuous mode
May 25 18:15:17 gtw01 dnsmasq[19037]: read /var/lib/neutron/dhcp/8428a8e4-d2ab-4e52-8c3f-0035abc0076e/addn_hosts - 3 addresses
May 25 18:15:17 gtw01 dnsmasq-dhcp[19037]: read /var/lib/neutron/dhcp/8428a8e4-d2ab-4e52-8c3f-0035abc0076e/host
May 25 18:15:17 gtw01 dnsmasq-dhcp[19037]: read /var/lib/neutron/dhcp/8428a8e4-d2ab-4e52-8c3f-0035abc0076e/opts
May 25 18:15:17 gtw01 kernel: [10940.004455] device vxlan_sys_4789 left promiscuous mode
May 25 18:15:17 gtw01 dnsmasq[19993]: read /var/lib/neutron/dhcp/29d27f5d-dbe9-4940-be28-833ce7d98b61/addn_hosts - 3 addresses
