May 25 16:32:45 gtw01 systemd-udevd[12994]: Could not generate persistent MAC address for vxlan_sys_4789: No such file or directory
May 25 16:32:45 gtw01 kernel: [ 4787.837799] device vxlan_sys_4789 entered promiscuous mode
May 25 16:32:52 gtw01 dnsmasq[2739]: read /var/lib/neutron/dhcp/d06e64aa-9efe-4857-be0b-2b059910ad4b/addn_hosts - 2 addresses
May 25 16:32:52 gtw01 dnsmasq-dhcp[2739]: read /var/lib/neutron/dhcp/d06e64aa-9efe-4857-be0b-2b059910ad4b/host
May 25 16:32:52 gtw01 dnsmasq-dhcp[2739]: read /var/lib/neutron/dhcp/d06e64aa-9efe-4857-be0b-2b059910ad4b/opts
May 25 16:32:56 gtw01 dnsmasq-dhcp[12396]: DHCPDISCOVER(tap66cdcfd4-a1) fa:16:3e:3b:90:1e
May 25 16:32:56 gtw01 dnsmasq-dhcp[12396]: DHCPOFFER(tap66cdcfd4-a1) 192.168.120.8 fa:16:3e:3b:90:1e
May 25 16:32:56 gtw01 dnsmasq-dhcp[12396]: DHCPREQUEST(tap66cdcfd4-a1) 192.168.120.8 fa:16:3e:3b:90:1e
May 25 16:32:56 gtw01 dnsmasq-dhcp[12396]: DHCPACK(tap66cdcfd4-a1) 192.168.120.8 fa:16:3e:3b:90:1e host-192-168-120-8
May 25 16:32:57 gtw01 dnsmasq[2739]: read /var/lib/neutron/dhcp/d06e64aa-9efe-4857-be0b-2b059910ad4b/addn_hosts - 3 addresses
May 25 16:32:57 gtw01 dnsmasq-dhcp[2739]: read /var/lib/neutron/dhcp/d06e64aa-9efe-4857-be0b-2b059910ad4b/host
May 25 16:32:57 gtw01 dnsmasq-dhcp[2739]: read /var/lib/neutron/dhcp/d06e64aa-9efe-4857-be0b-2b059910ad4b/opts
May 25 16:32:58 gtw01 dnsmasq[2739]: read /var/lib/neutron/dhcp/d06e64aa-9efe-4857-be0b-2b059910ad4b/addn_hosts - 3 addresses
May 25 16:32:58 gtw01 dnsmasq-dhcp[2739]: read /var/lib/neutron/dhcp/d06e64aa-9efe-4857-be0b-2b059910ad4b/host
May 25 16:32:58 gtw01 dnsmasq-dhcp[2739]: read /var/lib/neutron/dhcp/d06e64aa-9efe-4857-be0b-2b059910ad4b/opts
May 25 16:32:59 gtw01 dnsmasq[2739]: read /var/lib/neutron/dhcp/d06e64aa-9efe-4857-be0b-2b059910ad4b/addn_hosts - 3 addresses
May 25 16:32:59 gtw01 dnsmasq-dhcp[2739]: read /var/lib/neutron/dhcp/d06e64aa-9efe-4857-be0b-2b059910ad4b/host
May 25 16:32:59 gtw01 dnsmasq-dhcp[2739]: read /var/lib/neutron/dhcp/d06e64aa-9efe-4857-be0b-2b059910ad4b/opts
May 25 16:33:06 gtw01 dnsmasq[2739]: read /var/lib/neutron/dhcp/d06e64aa-9efe-4857-be0b-2b059910ad4b/addn_hosts - 4 addresses
May 25 16:33:06 gtw01 dnsmasq-dhcp[2739]: read /var/lib/neutron/dhcp/d06e64aa-9efe-4857-be0b-2b059910ad4b/host
May 25 16:33:06 gtw01 dnsmasq-dhcp[2739]: read /var/lib/neutron/dhcp/d06e64aa-9efe-4857-be0b-2b059910ad4b/opts
May 25 16:33:07 gtw01 dnsmasq[2739]: read /var/lib/neutron/dhcp/d06e64aa-9efe-4857-be0b-2b059910ad4b/addn_hosts - 4 addresses
May 25 16:33:07 gtw01 dnsmasq-dhcp[2739]: read /var/lib/neutron/dhcp/d06e64aa-9efe-4857-be0b-2b059910ad4b/host
May 25 16:33:07 gtw01 dnsmasq-dhcp[2739]: read /var/lib/neutron/dhcp/d06e64aa-9efe-4857-be0b-2b059910ad4b/opts
May 25 16:33:08 gtw01 dnsmasq[2739]: read /var/lib/neutron/dhcp/d06e64aa-9efe-4857-be0b-2b059910ad4b/addn_hosts - 4 addresses
May 25 16:33:08 gtw01 dnsmasq-dhcp[2739]: read /var/lib/neutron/dhcp/d06e64aa-9efe-4857-be0b-2b059910ad4b/host
May 25 16:33:08 gtw01 dnsmasq-dhcp[2739]: read /var/lib/neutron/dhcp/d06e64aa-9efe-4857-be0b-2b059910ad4b/opts
May 25 16:33:11 gtw01 dnsmasq-dhcp[12396]: DHCPRELEASE(tap66cdcfd4-a1) 192.168.120.8 fa:16:3e:3b:90:1e
May 25 16:33:11 gtw01 dnsmasq-dhcp[2739]: DHCPDISCOVER(tapa186c095-fa) fa:16:3e:2d:be:07
May 25 16:33:11 gtw01 dnsmasq-dhcp[2739]: DHCPOFFER(tapa186c095-fa) 192.168.120.3 fa:16:3e:2d:be:07
May 25 16:33:11 gtw01 dnsmasq-dhcp[2739]: DHCPREQUEST(tapa186c095-fa) 192.168.120.3 fa:16:3e:2d:be:07
May 25 16:33:11 gtw01 dnsmasq-dhcp[2739]: DHCPACK(tapa186c095-fa) 192.168.120.3 fa:16:3e:2d:be:07 host-192-168-120-3
May 25 16:33:14 gtw01 dnsmasq[2739]: read /var/lib/neutron/dhcp/d06e64aa-9efe-4857-be0b-2b059910ad4b/addn_hosts - 3 addresses
May 25 16:33:14 gtw01 dnsmasq-dhcp[2739]: read /var/lib/neutron/dhcp/d06e64aa-9efe-4857-be0b-2b059910ad4b/host
May 25 16:33:14 gtw01 dnsmasq-dhcp[2739]: read /var/lib/neutron/dhcp/d06e64aa-9efe-4857-be0b-2b059910ad4b/opts
May 25 16:33:16 gtw01 dnsmasq-dhcp[2739]: DHCPRELEASE(tapa186c095-fa) 192.168.120.3 fa:16:3e:2d:be:07
May 25 16:33:16 gtw01 dnsmasq-dhcp[2739]: DHCPRELEASE(tapa186c095-fa) 192.168.120.3 fa:16:3e:2d:be:07 unknown lease
May 25 16:33:16 gtw01 kernel: [ 4819.256759] device vxlan_sys_4789 left promiscuous mode
May 25 16:33:17 gtw01 dnsmasq[2739]: read /var/lib/neutron/dhcp/d06e64aa-9efe-4857-be0b-2b059910ad4b/addn_hosts - 2 addresses
May 25 16:33:17 gtw01 dnsmasq-dhcp[2739]: read /var/lib/neutron/dhcp/d06e64aa-9efe-4857-be0b-2b059910ad4b/host
May 25 16:33:17 gtw01 dnsmasq-dhcp[2739]: read /var/lib/neutron/dhcp/d06e64aa-9efe-4857-be0b-2b059910ad4b/opts
May 25 16:33:21 gtw01 dnsmasq[2739]: read /var/lib/neutron/dhcp/d06e64aa-9efe-4857-be0b-2b059910ad4b/addn_hosts - 3 addresses
May 25 16:33:21 gtw01 dnsmasq-dhcp[2739]: read /var/lib/neutron/dhcp/d06e64aa-9efe-4857-be0b-2b059910ad4b/host
May 25 16:33:21 gtw01 dnsmasq-dhcp[2739]: read /var/lib/neutron/dhcp/d06e64aa-9efe-4857-be0b-2b059910ad4b/opts
May 25 16:33:22 gtw01 systemd-udevd[13340]: Could not generate persistent MAC address for vxlan_sys_4789: No such file or directory
May 25 16:33:22 gtw01 kernel: [ 4824.503590] device vxlan_sys_4789 entered promiscuous mode
May 25 16:33:22 gtw01 dnsmasq[2739]: read /var/lib/neutron/dhcp/d06e64aa-9efe-4857-be0b-2b059910ad4b/addn_hosts - 3 addresses
May 25 16:33:22 gtw01 dnsmasq-dhcp[2739]: read /var/lib/neutron/dhcp/d06e64aa-9efe-4857-be0b-2b059910ad4b/host
May 25 16:33:22 gtw01 dnsmasq-dhcp[2739]: read /var/lib/neutron/dhcp/d06e64aa-9efe-4857-be0b-2b059910ad4b/opts
May 25 16:33:23 gtw01 dnsmasq[2739]: read /var/lib/neutron/dhcp/d06e64aa-9efe-4857-be0b-2b059910ad4b/addn_hosts - 3 addresses
May 25 16:33:23 gtw01 dnsmasq-dhcp[2739]: read /var/lib/neutron/dhcp/d06e64aa-9efe-4857-be0b-2b059910ad4b/host
May 25 16:33:23 gtw01 dnsmasq-dhcp[2739]: read /var/lib/neutron/dhcp/d06e64aa-9efe-4857-be0b-2b059910ad4b/opts
May 25 16:33:27 gtw01 dnsmasq[2739]: read /var/lib/neutron/dhcp/d06e64aa-9efe-4857-be0b-2b059910ad4b/addn_hosts - 2 addresses
May 25 16:33:27 gtw01 dnsmasq-dhcp[2739]: read /var/lib/neutron/dhcp/d06e64aa-9efe-4857-be0b-2b059910ad4b/host
May 25 16:33:27 gtw01 dnsmasq-dhcp[2739]: read /var/lib/neutron/dhcp/d06e64aa-9efe-4857-be0b-2b059910ad4b/opts
May 25 16:33:30 gtw01 dnsmasq-dhcp[12396]: DHCPDISCOVER(tap66cdcfd4-a1) fa:16:3e:3b:90:1e
May 25 16:33:30 gtw01 dnsmasq-dhcp[12396]: DHCPOFFER(tap66cdcfd4-a1) 192.168.120.8 fa:16:3e:3b:90:1e
May 25 16:33:30 gtw01 dnsmasq-dhcp[12396]: DHCPREQUEST(tap66cdcfd4-a1) 192.168.120.8 fa:16:3e:3b:90:1e
May 25 16:33:30 gtw01 dnsmasq-dhcp[12396]: DHCPACK(tap66cdcfd4-a1) 192.168.120.8 fa:16:3e:3b:90:1e host-192-168-120-8
May 25 16:33:32 gtw01 dnsmasq[2739]: read /var/lib/neutron/dhcp/d06e64aa-9efe-4857-be0b-2b059910ad4b/addn_hosts - 3 addresses
May 25 16:33:32 gtw01 dnsmasq-dhcp[2739]: read /var/lib/neutron/dhcp/d06e64aa-9efe-4857-be0b-2b059910ad4b/host
May 25 16:33:32 gtw01 dnsmasq-dhcp[2739]: read /var/lib/neutron/dhcp/d06e64aa-9efe-4857-be0b-2b059910ad4b/opts
May 25 16:33:33 gtw01 dnsmasq[2739]: read /var/lib/neutron/dhcp/d06e64aa-9efe-4857-be0b-2b059910ad4b/addn_hosts - 3 addresses
May 25 16:33:33 gtw01 dnsmasq-dhcp[2739]: read /var/lib/neutron/dhcp/d06e64aa-9efe-4857-be0b-2b059910ad4b/host
May 25 16:33:33 gtw01 dnsmasq-dhcp[2739]: read /var/lib/neutron/dhcp/d06e64aa-9efe-4857-be0b-2b059910ad4b/opts
May 25 16:33:34 gtw01 dnsmasq[2739]: read /var/lib/neutron/dhcp/d06e64aa-9efe-4857-be0b-2b059910ad4b/addn_hosts - 3 addresses
May 25 16:33:34 gtw01 dnsmasq-dhcp[2739]: read /var/lib/neutron/dhcp/d06e64aa-9efe-4857-be0b-2b059910ad4b/host
May 25 16:33:34 gtw01 dnsmasq-dhcp[2739]: read /var/lib/neutron/dhcp/d06e64aa-9efe-4857-be0b-2b059910ad4b/opts
May 25 16:33:40 gtw01 dnsmasq-dhcp[12396]: DHCPRELEASE(tap66cdcfd4-a1) 192.168.120.8 fa:16:3e:3b:90:1e
May 25 16:33:46 gtw01 dnsmasq-dhcp[2739]: DHCPDISCOVER(tapa186c095-fa) fa:16:3e:a2:42:90
May 25 16:33:46 gtw01 dnsmasq-dhcp[2739]: DHCPOFFER(tapa186c095-fa) 192.168.120.10 fa:16:3e:a2:42:90
May 25 16:33:46 gtw01 dnsmasq-dhcp[2739]: DHCPREQUEST(tapa186c095-fa) 192.168.120.10 fa:16:3e:a2:42:90
May 25 16:33:46 gtw01 dnsmasq-dhcp[2739]: DHCPACK(tapa186c095-fa) 192.168.120.10 fa:16:3e:a2:42:90 host-192-168-120-10
May 25 16:33:48 gtw01 dnsmasq-dhcp[2739]: DHCPRELEASE(tapa186c095-fa) 192.168.120.10 fa:16:3e:a2:42:90
May 25 16:33:53 gtw01 dnsmasq[2739]: read /var/lib/neutron/dhcp/d06e64aa-9efe-4857-be0b-2b059910ad4b/addn_hosts - 2 addresses
May 25 16:33:53 gtw01 dnsmasq-dhcp[2739]: read /var/lib/neutron/dhcp/d06e64aa-9efe-4857-be0b-2b059910ad4b/host
May 25 16:33:53 gtw01 dnsmasq-dhcp[2739]: read /var/lib/neutron/dhcp/d06e64aa-9efe-4857-be0b-2b059910ad4b/opts
May 25 16:33:56 gtw01 dnsmasq-dhcp[12396]: DHCPDISCOVER(tap66cdcfd4-a1) fa:16:3e:3b:90:1e
May 25 16:33:56 gtw01 dnsmasq-dhcp[12396]: DHCPOFFER(tap66cdcfd4-a1) 192.168.120.8 fa:16:3e:3b:90:1e
May 25 16:33:56 gtw01 dnsmasq-dhcp[12396]: DHCPREQUEST(tap66cdcfd4-a1) 192.168.120.8 fa:16:3e:3b:90:1e
May 25 16:33:56 gtw01 dnsmasq-dhcp[12396]: DHCPACK(tap66cdcfd4-a1) 192.168.120.8 fa:16:3e:3b:90:1e host-192-168-120-8
May 25 16:34:04 gtw01 dnsmasq-dhcp[12396]: DHCPRELEASE(tap66cdcfd4-a1) 192.168.120.8 fa:16:3e:3b:90:1e
May 25 16:34:04 gtw01 kernel: [ 4866.903547] device vxlan_sys_4789 left promiscuous mode
May 25 16:34:04 gtw01 dnsmasq-dhcp[12396]: DHCPRELEASE(tap66cdcfd4-a1) 192.168.120.8 fa:16:3e:3b:90:1e unknown lease
May 25 16:34:05 gtw01 dnsmasq[12396]: read /var/lib/neutron/dhcp/cdf8e1f1-9815-4c85-96ca-1c8685779219/addn_hosts - 2 addresses
May 25 16:34:05 gtw01 dnsmasq-dhcp[12396]: read /var/lib/neutron/dhcp/cdf8e1f1-9815-4c85-96ca-1c8685779219/host
May 25 16:34:05 gtw01 dnsmasq-dhcp[12396]: read /var/lib/neutron/dhcp/cdf8e1f1-9815-4c85-96ca-1c8685779219/opts
May 25 16:34:10 gtw01 kernel: [ 4872.844021] device tap2ac411f7-c7 entered promiscuous mode
May 25 16:34:10 gtw01 systemd-udevd[13655]: Could not generate persistent MAC address for tap2ac411f7-c7: No such file or directory
May 25 16:34:10 gtw01 systemd-udevd[13655]: Process '/sbin/ip link set tap2ac411f7-c7 txqueuelen 10000' failed with exit code 1.
May 25 16:34:10 gtw01 systemd-udevd[13730]: Process '/sbin/ip link set tap2ac411f7-c7 txqueuelen 10000' failed with exit code 1.
May 25 16:34:13 gtw01 dnsmasq[13811]: started, version 2.80 cachesize 150
May 25 16:34:13 gtw01 dnsmasq[13811]: DNS service limited to local subnets
May 25 16:34:13 gtw01 dnsmasq[13811]: compile time options: IPv6 GNU-getopt DBus i18n IDN DHCP DHCPv6 no-Lua TFTP conntrack ipset auth DNSSEC loop-detect inotify dumpfile
May 25 16:34:13 gtw01 dnsmasq[13811]: warning: no upstream servers configured
May 25 16:34:13 gtw01 dnsmasq-dhcp[13811]: DHCP, static leases only on 192.168.120.240, lease time 1h
May 25 16:34:13 gtw01 dnsmasq[13811]: read /var/lib/neutron/dhcp/24857eaa-dd6d-4596-9e70-1fd7cb2f11bb/addn_hosts - 1 addresses
May 25 16:34:13 gtw01 dnsmasq-dhcp[13811]: read /var/lib/neutron/dhcp/24857eaa-dd6d-4596-9e70-1fd7cb2f11bb/host
May 25 16:34:13 gtw01 dnsmasq-dhcp[13811]: read /var/lib/neutron/dhcp/24857eaa-dd6d-4596-9e70-1fd7cb2f11bb/opts
May 25 16:34:13 gtw01 haproxy-metadata-proxy-24857eaa-dd6d-4596-9e70-1fd7cb2f11bb[13820]: Proxy listener started.
May 25 16:34:14 gtw01 dnsmasq[12396]: read /var/lib/neutron/dhcp/cdf8e1f1-9815-4c85-96ca-1c8685779219/addn_hosts - 3 addresses
May 25 16:34:14 gtw01 dnsmasq-dhcp[12396]: read /var/lib/neutron/dhcp/cdf8e1f1-9815-4c85-96ca-1c8685779219/host
May 25 16:34:14 gtw01 dnsmasq-dhcp[12396]: read /var/lib/neutron/dhcp/cdf8e1f1-9815-4c85-96ca-1c8685779219/opts
May 25 16:34:14 gtw01 dnsmasq[13811]: read /var/lib/neutron/dhcp/24857eaa-dd6d-4596-9e70-1fd7cb2f11bb/addn_hosts - 1 addresses
May 25 16:34:14 gtw01 dnsmasq-dhcp[13811]: read /var/lib/neutron/dhcp/24857eaa-dd6d-4596-9e70-1fd7cb2f11bb/host
May 25 16:34:14 gtw01 dnsmasq-dhcp[13811]: read /var/lib/neutron/dhcp/24857eaa-dd6d-4596-9e70-1fd7cb2f11bb/opts
May 25 16:34:15 gtw01 dnsmasq[12396]: read /var/lib/neutron/dhcp/cdf8e1f1-9815-4c85-96ca-1c8685779219/addn_hosts - 3 addresses
May 25 16:34:15 gtw01 dnsmasq-dhcp[12396]: read /var/lib/neutron/dhcp/cdf8e1f1-9815-4c85-96ca-1c8685779219/host
May 25 16:34:15 gtw01 dnsmasq-dhcp[12396]: read /var/lib/neutron/dhcp/cdf8e1f1-9815-4c85-96ca-1c8685779219/opts
May 25 16:34:15 gtw01 dnsmasq[13811]: read /var/lib/neutron/dhcp/24857eaa-dd6d-4596-9e70-1fd7cb2f11bb/addn_hosts - 1 addresses
May 25 16:34:15 gtw01 dnsmasq-dhcp[13811]: read /var/lib/neutron/dhcp/24857eaa-dd6d-4596-9e70-1fd7cb2f11bb/host
May 25 16:34:15 gtw01 dnsmasq-dhcp[13811]: read /var/lib/neutron/dhcp/24857eaa-dd6d-4596-9e70-1fd7cb2f11bb/opts
May 25 16:34:16 gtw01 dnsmasq[12396]: read /var/lib/neutron/dhcp/cdf8e1f1-9815-4c85-96ca-1c8685779219/addn_hosts - 3 addresses
May 25 16:34:16 gtw01 dnsmasq-dhcp[12396]: read /var/lib/neutron/dhcp/cdf8e1f1-9815-4c85-96ca-1c8685779219/host
May 25 16:34:16 gtw01 dnsmasq-dhcp[12396]: read /var/lib/neutron/dhcp/cdf8e1f1-9815-4c85-96ca-1c8685779219/opts
May 25 16:34:16 gtw01 dnsmasq[13811]: read /var/lib/neutron/dhcp/24857eaa-dd6d-4596-9e70-1fd7cb2f11bb/addn_hosts - 1 addresses
May 25 16:34:16 gtw01 dnsmasq-dhcp[13811]: read /var/lib/neutron/dhcp/24857eaa-dd6d-4596-9e70-1fd7cb2f11bb/host
May 25 16:34:16 gtw01 dnsmasq-dhcp[13811]: read /var/lib/neutron/dhcp/24857eaa-dd6d-4596-9e70-1fd7cb2f11bb/opts
May 25 16:34:18 gtw01 kernel: [ 4880.687945] device vxlan_sys_4789 entered promiscuous mode
May 25 16:34:18 gtw01 systemd-udevd[13939]: Could not generate persistent MAC address for vxlan_sys_4789: No such file or directory
May 25 16:34:28 gtw01 dnsmasq-dhcp[12396]: DHCPDISCOVER(tap66cdcfd4-a1) fa:16:3e:2d:f5:6f
May 25 16:34:28 gtw01 dnsmasq-dhcp[12396]: DHCPOFFER(tap66cdcfd4-a1) 192.168.120.5 fa:16:3e:2d:f5:6f
May 25 16:34:28 gtw01 dnsmasq-dhcp[12396]: DHCPREQUEST(tap66cdcfd4-a1) 192.168.120.5 fa:16:3e:2d:f5:6f
May 25 16:34:28 gtw01 dnsmasq-dhcp[12396]: DHCPACK(tap66cdcfd4-a1) 192.168.120.5 fa:16:3e:2d:f5:6f host-192-168-120-5
May 25 16:34:41 gtw01 dnsmasq-dhcp[12396]: DHCPRELEASE(tap66cdcfd4-a1) 192.168.120.5 fa:16:3e:2d:f5:6f
May 25 16:34:41 gtw01 kernel: [ 4904.284463] device vxlan_sys_4789 left promiscuous mode
May 25 16:34:41 gtw01 dnsmasq-dhcp[12396]: DHCPRELEASE(tap66cdcfd4-a1) 192.168.120.5 fa:16:3e:2d:f5:6f unknown lease
May 25 16:34:42 gtw01 dnsmasq[12396]: read /var/lib/neutron/dhcp/cdf8e1f1-9815-4c85-96ca-1c8685779219/addn_hosts - 2 addresses
May 25 16:34:42 gtw01 dnsmasq-dhcp[12396]: read /var/lib/neutron/dhcp/cdf8e1f1-9815-4c85-96ca-1c8685779219/host
May 25 16:34:42 gtw01 dnsmasq-dhcp[12396]: read /var/lib/neutron/dhcp/cdf8e1f1-9815-4c85-96ca-1c8685779219/opts
May 25 16:34:44 gtw01 kernel: [ 4907.156633] device tap2a31112f-84 entered promiscuous mode
May 25 16:34:44 gtw01 systemd-udevd[14194]: Could not generate persistent MAC address for tap2a31112f-84: No such file or directory
May 25 16:34:44 gtw01 systemd-udevd[14194]: Process '/sbin/ip link set tap2a31112f-84 txqueuelen 10000' failed with exit code 1.
May 25 16:34:44 gtw01 systemd-udevd[14194]: Process '/sbin/ip link set tap2a31112f-84 txqueuelen 10000' failed with exit code 1.
May 25 16:34:48 gtw01 dnsmasq[14365]: started, version 2.80 cachesize 150
May 25 16:34:48 gtw01 dnsmasq[14365]: DNS service limited to local subnets
May 25 16:34:48 gtw01 dnsmasq[14365]: compile time options: IPv6 GNU-getopt DBus i18n IDN DHCP DHCPv6 no-Lua TFTP conntrack ipset auth DNSSEC loop-detect inotify dumpfile
May 25 16:34:48 gtw01 dnsmasq[14365]: warning: no upstream servers configured
May 25 16:34:48 gtw01 dnsmasq-dhcp[14365]: DHCP, static leases only on 192.168.120.0, lease time 1h
May 25 16:34:48 gtw01 dnsmasq[14365]: read /var/lib/neutron/dhcp/4e8892cf-6729-4979-be13-6ff1e825c08d/addn_hosts - 1 addresses
May 25 16:34:48 gtw01 dnsmasq-dhcp[14365]: read /var/lib/neutron/dhcp/4e8892cf-6729-4979-be13-6ff1e825c08d/host
May 25 16:34:48 gtw01 dnsmasq-dhcp[14365]: read /var/lib/neutron/dhcp/4e8892cf-6729-4979-be13-6ff1e825c08d/opts
May 25 16:34:48 gtw01 haproxy-metadata-proxy-4e8892cf-6729-4979-be13-6ff1e825c08d[14369]: Proxy listener started.
May 25 16:34:48 gtw01 kernel: [ 4911.150979] device tap2a31112f-84 left promiscuous mode
May 25 16:34:52 gtw01 dnsmasq[12396]: read /var/lib/neutron/dhcp/cdf8e1f1-9815-4c85-96ca-1c8685779219/addn_hosts - 1 addresses
May 25 16:34:52 gtw01 dnsmasq-dhcp[12396]: read /var/lib/neutron/dhcp/cdf8e1f1-9815-4c85-96ca-1c8685779219/host
May 25 16:34:52 gtw01 dnsmasq-dhcp[12396]: read /var/lib/neutron/dhcp/cdf8e1f1-9815-4c85-96ca-1c8685779219/opts
May 25 16:34:53 gtw01 haproxy-metadata-proxy-cdf8e1f1-9815-4c85-96ca-1c8685779219[14424]: Proxy listener started.
May 25 16:34:53 gtw01 kernel: [ 4915.954968] device tap26466db7-99 entered promiscuous mode
May 25 16:34:53 gtw01 systemd-udevd[14438]: Could not generate persistent MAC address for tap26466db7-99: No such file or directory
May 25 16:34:53 gtw01 systemd-udevd[14438]: Process '/sbin/ip link set tap26466db7-99 txqueuelen 10000' failed with exit code 1.
May 25 16:34:53 gtw01 systemd-udevd[14512]: Process '/sbin/ip link set tap26466db7-99 txqueuelen 10000' failed with exit code 1.
May 25 16:34:53 gtw01 kernel: [ 4916.251143] device qr-e5dbf1a8-1d left promiscuous mode
May 25 16:34:54 gtw01 kernel: [ 4917.108474] device qg-5c847bbf-16 left promiscuous mode
May 25 16:34:56 gtw01 kernel: [ 4918.782574] device tap66cdcfd4-a1 left promiscuous mode
May 25 16:34:56 gtw01 dnsmasq[14694]: started, version 2.80 cachesize 150
May 25 16:34:56 gtw01 dnsmasq[14694]: DNS service limited to local subnets
May 25 16:34:56 gtw01 dnsmasq[14694]: compile time options: IPv6 GNU-getopt DBus i18n IDN DHCP DHCPv6 no-Lua TFTP conntrack ipset auth DNSSEC loop-detect inotify dumpfile
May 25 16:34:56 gtw01 dnsmasq[14694]: warning: no upstream servers configured
May 25 16:34:56 gtw01 dnsmasq-dhcp[14694]: DHCP, static leases only on 192.168.120.0, lease time 1h
May 25 16:34:56 gtw01 dnsmasq[14694]: read /var/lib/neutron/dhcp/13a6ee89-683a-4a56-a4a3-a4cea03fde62/addn_hosts - 1 addresses
May 25 16:34:56 gtw01 dnsmasq-dhcp[14694]: read /var/lib/neutron/dhcp/13a6ee89-683a-4a56-a4a3-a4cea03fde62/host
May 25 16:34:56 gtw01 dnsmasq-dhcp[14694]: read /var/lib/neutron/dhcp/13a6ee89-683a-4a56-a4a3-a4cea03fde62/opts
May 25 16:34:57 gtw01 kernel: [ 4919.513833] device tap2ac411f7-c7 left promiscuous mode
May 25 16:34:57 gtw01 haproxy-metadata-proxy-13a6ee89-683a-4a56-a4a3-a4cea03fde62[14707]: Proxy listener started.
May 25 16:34:57 gtw01 kernel: [ 4920.120532] device tap26466db7-99 left promiscuous mode
May 25 16:35:04 gtw01 systemd-udevd[14754]: Could not generate persistent MAC address for tape58146b6-03: No such file or directory
May 25 16:35:04 gtw01 kernel: [ 4927.053005] device tape58146b6-03 entered promiscuous mode
May 25 16:35:04 gtw01 systemd-udevd[14821]: Process '/sbin/ip link set tape58146b6-03 txqueuelen 10000' failed with exit code 1.
May 25 16:35:06 gtw01 kernel: [ 4929.139830] device tapc639d1bd-65 entered promiscuous mode
May 25 16:35:06 gtw01 systemd-udevd[14904]: Could not generate persistent MAC address for tapc639d1bd-65: No such file or directory
May 25 16:35:06 gtw01 systemd-udevd[14904]: Process '/sbin/ip link set tapc639d1bd-65 txqueuelen 10000' failed with exit code 1.
May 25 16:35:06 gtw01 systemd-udevd[14979]: Process '/sbin/ip link set tapc639d1bd-65 txqueuelen 10000' failed with exit code 1.
May 25 16:35:07 gtw01 dnsmasq[15031]: started, version 2.80 cachesize 150
May 25 16:35:07 gtw01 dnsmasq[15031]: DNS service limited to local subnets
May 25 16:35:07 gtw01 dnsmasq[15031]: compile time options: IPv6 GNU-getopt DBus i18n IDN DHCP DHCPv6 no-Lua TFTP conntrack ipset auth DNSSEC loop-detect inotify dumpfile
May 25 16:35:07 gtw01 dnsmasq[15031]: warning: no upstream servers configured
May 25 16:35:07 gtw01 dnsmasq-dhcp[15031]: DHCP, static leases only on 192.168.120.0, lease time 1h
May 25 16:35:07 gtw01 dnsmasq[15031]: read /var/lib/neutron/dhcp/b082a69c-9350-440d-a5b2-db5fb2205cdd/addn_hosts - 1 addresses
May 25 16:35:07 gtw01 dnsmasq-dhcp[15031]: read /var/lib/neutron/dhcp/b082a69c-9350-440d-a5b2-db5fb2205cdd/host
May 25 16:35:07 gtw01 dnsmasq-dhcp[15031]: read /var/lib/neutron/dhcp/b082a69c-9350-440d-a5b2-db5fb2205cdd/opts
May 25 16:35:07 gtw01 systemd-udevd[15046]: Could not generate persistent MAC address for tap2deb3636-2e: No such file or directory
May 25 16:35:07 gtw01 kernel: [ 4930.380058] device tap2deb3636-2e entered promiscuous mode
May 25 16:35:08 gtw01 haproxy-metadata-proxy-b082a69c-9350-440d-a5b2-db5fb2205cdd[15073]: Proxy listener started.
May 25 16:35:08 gtw01 systemd-udevd[15046]: Process '/sbin/ip link set tap2deb3636-2e txqueuelen 10000' failed with exit code 1.
May 25 16:35:08 gtw01 systemd-udevd[15046]: Process '/sbin/ip link set tap2deb3636-2e txqueuelen 10000' failed with exit code 1.
May 25 16:35:08 gtw01 dnsmasq[15031]: read /var/lib/neutron/dhcp/b082a69c-9350-440d-a5b2-db5fb2205cdd/addn_hosts - 1 addresses
May 25 16:35:08 gtw01 dnsmasq-dhcp[15031]: read /var/lib/neutron/dhcp/b082a69c-9350-440d-a5b2-db5fb2205cdd/host
May 25 16:35:08 gtw01 dnsmasq-dhcp[15031]: read /var/lib/neutron/dhcp/b082a69c-9350-440d-a5b2-db5fb2205cdd/opts
May 25 16:35:09 gtw01 dnsmasq[15031]: read /var/lib/neutron/dhcp/b082a69c-9350-440d-a5b2-db5fb2205cdd/addn_hosts - 1 addresses
May 25 16:35:09 gtw01 dnsmasq-dhcp[15031]: read /var/lib/neutron/dhcp/b082a69c-9350-440d-a5b2-db5fb2205cdd/host
May 25 16:35:09 gtw01 dnsmasq-dhcp[15031]: read /var/lib/neutron/dhcp/b082a69c-9350-440d-a5b2-db5fb2205cdd/opts
May 25 16:35:10 gtw01 dnsmasq[15253]: started, version 2.80 cachesize 150
May 25 16:35:10 gtw01 dnsmasq[15253]: DNS service limited to local subnets
May 25 16:35:10 gtw01 dnsmasq[15253]: compile time options: IPv6 GNU-getopt DBus i18n IDN DHCP DHCPv6 no-Lua TFTP conntrack ipset auth DNSSEC loop-detect inotify dumpfile
May 25 16:35:10 gtw01 dnsmasq[15253]: warning: no upstream servers configured
May 25 16:35:10 gtw01 dnsmasq-dhcp[15253]: DHCP, static leases only on 192.168.120.0, lease time 1h
May 25 16:35:10 gtw01 dnsmasq[15253]: read /var/lib/neutron/dhcp/cf64bfbf-0b71-428c-8c73-3cb9665ee13b/addn_hosts - 1 addresses
May 25 16:35:10 gtw01 dnsmasq-dhcp[15253]: read /var/lib/neutron/dhcp/cf64bfbf-0b71-428c-8c73-3cb9665ee13b/host
May 25 16:35:10 gtw01 dnsmasq-dhcp[15253]: read /var/lib/neutron/dhcp/cf64bfbf-0b71-428c-8c73-3cb9665ee13b/opts
May 25 16:35:10 gtw01 haproxy-metadata-proxy-cf64bfbf-0b71-428c-8c73-3cb9665ee13b[15267]: Proxy listener started.
May 25 16:35:10 gtw01 dnsmasq[15031]: read /var/lib/neutron/dhcp/b082a69c-9350-440d-a5b2-db5fb2205cdd/addn_hosts - 1 addresses
May 25 16:35:10 gtw01 dnsmasq-dhcp[15031]: read /var/lib/neutron/dhcp/b082a69c-9350-440d-a5b2-db5fb2205cdd/host
May 25 16:35:10 gtw01 dnsmasq-dhcp[15031]: read /var/lib/neutron/dhcp/b082a69c-9350-440d-a5b2-db5fb2205cdd/opts
May 25 16:35:11 gtw01 dnsmasq[15253]: read /var/lib/neutron/dhcp/cf64bfbf-0b71-428c-8c73-3cb9665ee13b/addn_hosts - 1 addresses
May 25 16:35:11 gtw01 dnsmasq-dhcp[15253]: read /var/lib/neutron/dhcp/cf64bfbf-0b71-428c-8c73-3cb9665ee13b/host
May 25 16:35:11 gtw01 dnsmasq-dhcp[15253]: read /var/lib/neutron/dhcp/cf64bfbf-0b71-428c-8c73-3cb9665ee13b/opts
May 25 16:35:11 gtw01 dnsmasq[15323]: started, version 2.80 cachesize 150
May 25 16:35:11 gtw01 dnsmasq[15323]: DNS service limited to local subnets
May 25 16:35:11 gtw01 dnsmasq[15323]: compile time options: IPv6 GNU-getopt DBus i18n IDN DHCP DHCPv6 no-Lua TFTP conntrack ipset auth DNSSEC loop-detect inotify dumpfile
May 25 16:35:11 gtw01 dnsmasq[15323]: warning: no upstream servers configured
May 25 16:35:11 gtw01 dnsmasq-dhcp[15323]: DHCP, static leases only on 192.168.120.0, lease time 1h
May 25 16:35:11 gtw01 dnsmasq[15323]: read /var/lib/neutron/dhcp/31c06b99-ef68-4a9d-8c05-2b1baad80264/addn_hosts - 1 addresses
May 25 16:35:11 gtw01 dnsmasq-dhcp[15323]: read /var/lib/neutron/dhcp/31c06b99-ef68-4a9d-8c05-2b1baad80264/host
May 25 16:35:11 gtw01 dnsmasq-dhcp[15323]: read /var/lib/neutron/dhcp/31c06b99-ef68-4a9d-8c05-2b1baad80264/opts
May 25 16:35:11 gtw01 haproxy-metadata-proxy-31c06b99-ef68-4a9d-8c05-2b1baad80264[15330]: Proxy listener started.
May 25 16:35:11 gtw01 dnsmasq[15253]: read /var/lib/neutron/dhcp/cf64bfbf-0b71-428c-8c73-3cb9665ee13b/addn_hosts - 1 addresses
May 25 16:35:11 gtw01 dnsmasq-dhcp[15253]: read /var/lib/neutron/dhcp/cf64bfbf-0b71-428c-8c73-3cb9665ee13b/host
May 25 16:35:11 gtw01 dnsmasq-dhcp[15253]: read /var/lib/neutron/dhcp/cf64bfbf-0b71-428c-8c73-3cb9665ee13b/opts
May 25 16:35:12 gtw01 dnsmasq[15323]: read /var/lib/neutron/dhcp/31c06b99-ef68-4a9d-8c05-2b1baad80264/addn_hosts - 1 addresses
May 25 16:35:12 gtw01 dnsmasq-dhcp[15323]: read /var/lib/neutron/dhcp/31c06b99-ef68-4a9d-8c05-2b1baad80264/host
May 25 16:35:12 gtw01 dnsmasq-dhcp[15323]: read /var/lib/neutron/dhcp/31c06b99-ef68-4a9d-8c05-2b1baad80264/opts
May 25 16:35:12 gtw01 dnsmasq[15253]: read /var/lib/neutron/dhcp/cf64bfbf-0b71-428c-8c73-3cb9665ee13b/addn_hosts - 2 addresses
May 25 16:35:12 gtw01 dnsmasq-dhcp[15253]: read /var/lib/neutron/dhcp/cf64bfbf-0b71-428c-8c73-3cb9665ee13b/host
May 25 16:35:12 gtw01 dnsmasq-dhcp[15253]: read /var/lib/neutron/dhcp/cf64bfbf-0b71-428c-8c73-3cb9665ee13b/opts
May 25 16:35:13 gtw01 dnsmasq[15323]: read /var/lib/neutron/dhcp/31c06b99-ef68-4a9d-8c05-2b1baad80264/addn_hosts - 1 addresses
May 25 16:35:13 gtw01 dnsmasq-dhcp[15323]: read /var/lib/neutron/dhcp/31c06b99-ef68-4a9d-8c05-2b1baad80264/host
May 25 16:35:13 gtw01 dnsmasq-dhcp[15323]: read /var/lib/neutron/dhcp/31c06b99-ef68-4a9d-8c05-2b1baad80264/opts
May 25 16:35:13 gtw01 dnsmasq[15253]: read /var/lib/neutron/dhcp/cf64bfbf-0b71-428c-8c73-3cb9665ee13b/addn_hosts - 2 addresses
May 25 16:35:13 gtw01 dnsmasq-dhcp[15253]: read /var/lib/neutron/dhcp/cf64bfbf-0b71-428c-8c73-3cb9665ee13b/host
May 25 16:35:13 gtw01 dnsmasq-dhcp[15253]: read /var/lib/neutron/dhcp/cf64bfbf-0b71-428c-8c73-3cb9665ee13b/opts
May 25 16:35:14 gtw01 dnsmasq[15323]: read /var/lib/neutron/dhcp/31c06b99-ef68-4a9d-8c05-2b1baad80264/addn_hosts - 1 addresses
May 25 16:35:14 gtw01 dnsmasq-dhcp[15323]: read /var/lib/neutron/dhcp/31c06b99-ef68-4a9d-8c05-2b1baad80264/host
May 25 16:35:14 gtw01 dnsmasq-dhcp[15323]: read /var/lib/neutron/dhcp/31c06b99-ef68-4a9d-8c05-2b1baad80264/opts
May 25 16:35:14 gtw01 dnsmasq[15253]: read /var/lib/neutron/dhcp/cf64bfbf-0b71-428c-8c73-3cb9665ee13b/addn_hosts - 2 addresses
May 25 16:35:14 gtw01 dnsmasq-dhcp[15253]: read /var/lib/neutron/dhcp/cf64bfbf-0b71-428c-8c73-3cb9665ee13b/host
May 25 16:35:14 gtw01 dnsmasq-dhcp[15253]: read /var/lib/neutron/dhcp/cf64bfbf-0b71-428c-8c73-3cb9665ee13b/opts
May 25 16:35:15 gtw01 dnsmasq[15253]: read /var/lib/neutron/dhcp/cf64bfbf-0b71-428c-8c73-3cb9665ee13b/addn_hosts - 1 addresses
May 25 16:35:15 gtw01 dnsmasq-dhcp[15253]: read /var/lib/neutron/dhcp/cf64bfbf-0b71-428c-8c73-3cb9665ee13b/host
May 25 16:35:15 gtw01 dnsmasq-dhcp[15253]: read /var/lib/neutron/dhcp/cf64bfbf-0b71-428c-8c73-3cb9665ee13b/opts
May 25 16:35:16 gtw01 systemd-udevd[15506]: Could not generate persistent MAC address for tapdec63c17-f3: No such file or directory
May 25 16:35:16 gtw01 kernel: [ 4938.445212] device tapdec63c17-f3 entered promiscuous mode
May 25 16:35:16 gtw01 systemd-udevd[15506]: Process '/sbin/ip link set tapdec63c17-f3 txqueuelen 10000' failed with exit code 1.
May 25 16:35:16 gtw01 systemd-udevd[15577]: Process '/sbin/ip link set tapdec63c17-f3 txqueuelen 10000' failed with exit code 1.
May 25 16:35:16 gtw01 haproxy-metadata-proxy-cf64bfbf-0b71-428c-8c73-3cb9665ee13b[15605]: Proxy listener started.
May 25 16:35:16 gtw01 dnsmasq[15031]: read /var/lib/neutron/dhcp/b082a69c-9350-440d-a5b2-db5fb2205cdd/addn_hosts - 2 addresses
May 25 16:35:16 gtw01 dnsmasq-dhcp[15031]: read /var/lib/neutron/dhcp/b082a69c-9350-440d-a5b2-db5fb2205cdd/host
May 25 16:35:16 gtw01 dnsmasq-dhcp[15031]: read /var/lib/neutron/dhcp/b082a69c-9350-440d-a5b2-db5fb2205cdd/opts
May 25 16:35:17 gtw01 dnsmasq[15031]: read /var/lib/neutron/dhcp/b082a69c-9350-440d-a5b2-db5fb2205cdd/addn_hosts - 2 addresses
May 25 16:35:17 gtw01 dnsmasq-dhcp[15031]: read /var/lib/neutron/dhcp/b082a69c-9350-440d-a5b2-db5fb2205cdd/host
May 25 16:35:17 gtw01 dnsmasq-dhcp[15031]: read /var/lib/neutron/dhcp/b082a69c-9350-440d-a5b2-db5fb2205cdd/opts
May 25 16:35:19 gtw01 dnsmasq[15701]: started, version 2.80 cachesize 150
May 25 16:35:19 gtw01 dnsmasq[15701]: DNS service limited to local subnets
May 25 16:35:19 gtw01 dnsmasq[15701]: compile time options: IPv6 GNU-getopt DBus i18n IDN DHCP DHCPv6 no-Lua TFTP conntrack ipset auth DNSSEC loop-detect inotify dumpfile
May 25 16:35:19 gtw01 dnsmasq[15701]: warning: no upstream servers configured
May 25 16:35:19 gtw01 dnsmasq-dhcp[15701]: DHCP, static leases only on 192.168.121.0, lease time 1h
May 25 16:35:19 gtw01 dnsmasq[15701]: read /var/lib/neutron/dhcp/135233a6-556c-4d20-9cfa-e535e4896371/addn_hosts - 1 addresses
May 25 16:35:19 gtw01 dnsmasq-dhcp[15701]: read /var/lib/neutron/dhcp/135233a6-556c-4d20-9cfa-e535e4896371/host
May 25 16:35:19 gtw01 dnsmasq-dhcp[15701]: read /var/lib/neutron/dhcp/135233a6-556c-4d20-9cfa-e535e4896371/opts
May 25 16:35:19 gtw01 haproxy-metadata-proxy-135233a6-556c-4d20-9cfa-e535e4896371[15706]: Proxy listener started.
May 25 16:35:19 gtw01 dnsmasq[15031]: read /var/lib/neutron/dhcp/b082a69c-9350-440d-a5b2-db5fb2205cdd/addn_hosts - 1 addresses
May 25 16:35:19 gtw01 dnsmasq-dhcp[15031]: read /var/lib/neutron/dhcp/b082a69c-9350-440d-a5b2-db5fb2205cdd/host
May 25 16:35:19 gtw01 dnsmasq-dhcp[15031]: read /var/lib/neutron/dhcp/b082a69c-9350-440d-a5b2-db5fb2205cdd/opts
May 25 16:35:20 gtw01 dnsmasq[15701]: read /var/lib/neutron/dhcp/135233a6-556c-4d20-9cfa-e535e4896371/addn_hosts - 1 addresses
May 25 16:35:20 gtw01 dnsmasq-dhcp[15701]: read /var/lib/neutron/dhcp/135233a6-556c-4d20-9cfa-e535e4896371/host
May 25 16:35:20 gtw01 dnsmasq-dhcp[15701]: read /var/lib/neutron/dhcp/135233a6-556c-4d20-9cfa-e535e4896371/opts
May 25 16:35:20 gtw01 haproxy-metadata-proxy-b082a69c-9350-440d-a5b2-db5fb2205cdd[15749]: Proxy listener started.
May 25 16:35:21 gtw01 dnsmasq[15701]: read /var/lib/neutron/dhcp/135233a6-556c-4d20-9cfa-e535e4896371/addn_hosts - 1 addresses
May 25 16:35:21 gtw01 dnsmasq-dhcp[15701]: read /var/lib/neutron/dhcp/135233a6-556c-4d20-9cfa-e535e4896371/host
May 25 16:35:21 gtw01 dnsmasq-dhcp[15701]: read /var/lib/neutron/dhcp/135233a6-556c-4d20-9cfa-e535e4896371/opts
May 25 16:35:22 gtw01 dnsmasq[15701]: read /var/lib/neutron/dhcp/135233a6-556c-4d20-9cfa-e535e4896371/addn_hosts - 1 addresses
May 25 16:35:22 gtw01 dnsmasq-dhcp[15701]: read /var/lib/neutron/dhcp/135233a6-556c-4d20-9cfa-e535e4896371/host
May 25 16:35:22 gtw01 dnsmasq-dhcp[15701]: read /var/lib/neutron/dhcp/135233a6-556c-4d20-9cfa-e535e4896371/opts
May 25 16:35:23 gtw01 kernel: [ 4945.630720] device tapdec63c17-f3 left promiscuous mode
May 25 16:35:25 gtw01 kernel: [ 4947.788076] device tap2deb3636-2e left promiscuous mode
May 25 16:35:27 gtw01 kernel: [ 4949.461279] device tapc639d1bd-65 left promiscuous mode
May 25 16:35:31 gtw01 kernel: [ 4953.460752] device tape58146b6-03 left promiscuous mode
May 25 16:36:02 gtw01 dnsmasq[2739]: read /var/lib/neutron/dhcp/d06e64aa-9efe-4857-be0b-2b059910ad4b/addn_hosts - 1 addresses
May 25 16:36:02 gtw01 dnsmasq-dhcp[2739]: read /var/lib/neutron/dhcp/d06e64aa-9efe-4857-be0b-2b059910ad4b/host
May 25 16:36:02 gtw01 dnsmasq-dhcp[2739]: read /var/lib/neutron/dhcp/d06e64aa-9efe-4857-be0b-2b059910ad4b/opts
May 25 16:36:03 gtw01 haproxy-metadata-proxy-d06e64aa-9efe-4857-be0b-2b059910ad4b[15921]: Proxy listener started.
May 25 16:36:04 gtw01 kernel: [ 4986.821171] device qr-831130b4-5b left promiscuous mode
May 25 16:36:05 gtw01 kernel: [ 4987.625850] device qg-f7aaf269-f6 left promiscuous mode
May 25 16:36:07 gtw01 kernel: [ 4989.822542] device tapa186c095-fa left promiscuous mode
May 25 16:36:17 gtw01 kernel: [ 4999.470039] device tap5dbf6d42-f5 entered promiscuous mode
May 25 16:36:17 gtw01 systemd-udevd[16069]: Could not generate persistent MAC address for tap5dbf6d42-f5: No such file or directory
May 25 16:36:17 gtw01 systemd-udevd[16069]: Process '/sbin/ip link set tap5dbf6d42-f5 txqueuelen 10000' failed with exit code 1.
May 25 16:36:17 gtw01 systemd-udevd[16069]: Process '/sbin/ip link set tap5dbf6d42-f5 txqueuelen 10000' failed with exit code 1.
May 25 16:36:20 gtw01 dnsmasq[16242]: started, version 2.80 cachesize 150
May 25 16:36:20 gtw01 dnsmasq[16242]: DNS service limited to local subnets
May 25 16:36:20 gtw01 dnsmasq[16242]: compile time options: IPv6 GNU-getopt DBus i18n IDN DHCP DHCPv6 no-Lua TFTP conntrack ipset auth DNSSEC loop-detect inotify dumpfile
May 25 16:36:20 gtw01 dnsmasq[16242]: warning: no upstream servers configured
May 25 16:36:20 gtw01 dnsmasq-dhcp[16242]: DHCP, static leases only on 192.168.120.0, lease time 1h
May 25 16:36:20 gtw01 dnsmasq[16242]: read /var/lib/neutron/dhcp/ca8edbbf-c59c-449c-9890-4e53a478c062/addn_hosts - 1 addresses
May 25 16:36:20 gtw01 dnsmasq-dhcp[16242]: read /var/lib/neutron/dhcp/ca8edbbf-c59c-449c-9890-4e53a478c062/host
May 25 16:36:20 gtw01 dnsmasq-dhcp[16242]: read /var/lib/neutron/dhcp/ca8edbbf-c59c-449c-9890-4e53a478c062/opts
May 25 16:36:20 gtw01 haproxy-metadata-proxy-ca8edbbf-c59c-449c-9890-4e53a478c062[16249]: Proxy listener started.
May 25 16:36:20 gtw01 systemd-udevd[16256]: Could not generate persistent MAC address for qg-051ad316-a1: No such file or directory
May 25 16:36:20 gtw01 kernel: [ 5003.019347] device qg-051ad316-a1 entered promiscuous mode
May 25 16:36:21 gtw01 dnsmasq[16242]: read /var/lib/neutron/dhcp/ca8edbbf-c59c-449c-9890-4e53a478c062/addn_hosts - 2 addresses
May 25 16:36:21 gtw01 dnsmasq-dhcp[16242]: read /var/lib/neutron/dhcp/ca8edbbf-c59c-449c-9890-4e53a478c062/host
May 25 16:36:21 gtw01 dnsmasq-dhcp[16242]: read /var/lib/neutron/dhcp/ca8edbbf-c59c-449c-9890-4e53a478c062/opts
May 25 16:36:22 gtw01 dnsmasq[16242]: read /var/lib/neutron/dhcp/ca8edbbf-c59c-449c-9890-4e53a478c062/addn_hosts - 2 addresses
May 25 16:36:22 gtw01 dnsmasq-dhcp[16242]: read /var/lib/neutron/dhcp/ca8edbbf-c59c-449c-9890-4e53a478c062/host
May 25 16:36:22 gtw01 dnsmasq-dhcp[16242]: read /var/lib/neutron/dhcp/ca8edbbf-c59c-449c-9890-4e53a478c062/opts
May 25 16:36:23 gtw01 dnsmasq[16242]: read /var/lib/neutron/dhcp/ca8edbbf-c59c-449c-9890-4e53a478c062/addn_hosts - 2 addresses
May 25 16:36:23 gtw01 dnsmasq-dhcp[16242]: read /var/lib/neutron/dhcp/ca8edbbf-c59c-449c-9890-4e53a478c062/host
May 25 16:36:23 gtw01 dnsmasq-dhcp[16242]: read /var/lib/neutron/dhcp/ca8edbbf-c59c-449c-9890-4e53a478c062/opts
May 25 16:36:23 gtw01 dnsmasq[16242]: read /var/lib/neutron/dhcp/ca8edbbf-c59c-449c-9890-4e53a478c062/addn_hosts - 2 addresses
May 25 16:36:23 gtw01 dnsmasq-dhcp[16242]: read /var/lib/neutron/dhcp/ca8edbbf-c59c-449c-9890-4e53a478c062/host
May 25 16:36:23 gtw01 dnsmasq-dhcp[16242]: read /var/lib/neutron/dhcp/ca8edbbf-c59c-449c-9890-4e53a478c062/opts
May 25 16:36:24 gtw01 dnsmasq[16242]: read /var/lib/neutron/dhcp/ca8edbbf-c59c-449c-9890-4e53a478c062/addn_hosts - 2 addresses
May 25 16:36:24 gtw01 dnsmasq-dhcp[16242]: read /var/lib/neutron/dhcp/ca8edbbf-c59c-449c-9890-4e53a478c062/host
May 25 16:36:24 gtw01 dnsmasq-dhcp[16242]: read /var/lib/neutron/dhcp/ca8edbbf-c59c-449c-9890-4e53a478c062/opts
May 25 16:36:26 gtw01 haproxy-metadata-proxy-6f5aa8f4-03e4-4ba4-a0b1-4c32f47d8b11[16553]: Proxy listener started.
May 25 16:36:28 gtw01 dnsmasq[16242]: read /var/lib/neutron/dhcp/ca8edbbf-c59c-449c-9890-4e53a478c062/addn_hosts - 2 addresses
May 25 16:36:28 gtw01 dnsmasq-dhcp[16242]: read /var/lib/neutron/dhcp/ca8edbbf-c59c-449c-9890-4e53a478c062/host
May 25 16:36:28 gtw01 dnsmasq-dhcp[16242]: read /var/lib/neutron/dhcp/ca8edbbf-c59c-449c-9890-4e53a478c062/opts
May 25 16:36:28 gtw01 kernel: [ 5011.356507] device qr-487c3508-67 entered promiscuous mode
May 25 16:36:28 gtw01 systemd-udevd[16584]: Could not generate persistent MAC address for qr-487c3508-67: No such file or directory
May 25 16:36:29 gtw01 dnsmasq[16242]: read /var/lib/neutron/dhcp/ca8edbbf-c59c-449c-9890-4e53a478c062/addn_hosts - 2 addresses
May 25 16:36:29 gtw01 dnsmasq-dhcp[16242]: read /var/lib/neutron/dhcp/ca8edbbf-c59c-449c-9890-4e53a478c062/host
May 25 16:36:29 gtw01 dnsmasq-dhcp[16242]: read /var/lib/neutron/dhcp/ca8edbbf-c59c-449c-9890-4e53a478c062/opts
May 25 16:37:13 gtw01 kernel: [ 5055.938484] device tap684f6825-8d entered promiscuous mode
May 25 16:37:13 gtw01 systemd-udevd[16855]: Could not generate persistent MAC address for tap684f6825-8d: No such file or directory
May 25 16:37:13 gtw01 systemd-udevd[16855]: Process '/sbin/ip link set tap684f6825-8d txqueuelen 10000' failed with exit code 1.
May 25 16:37:13 gtw01 systemd-udevd[16928]: Process '/sbin/ip link set tap684f6825-8d txqueuelen 10000' failed with exit code 1.
May 25 16:37:16 gtw01 dnsmasq[17026]: started, version 2.80 cachesize 150
May 25 16:37:16 gtw01 dnsmasq[17026]: DNS service limited to local subnets
May 25 16:37:16 gtw01 dnsmasq[17026]: compile time options: IPv6 GNU-getopt DBus i18n IDN DHCP DHCPv6 no-Lua TFTP conntrack ipset auth DNSSEC loop-detect inotify dumpfile
May 25 16:37:16 gtw01 dnsmasq[17026]: warning: no upstream servers configured
May 25 16:37:16 gtw01 dnsmasq-dhcp[17026]: DHCP, static leases only on 192.168.120.0, lease time 1h
May 25 16:37:16 gtw01 dnsmasq[17026]: read /var/lib/neutron/dhcp/3c4ad8d5-a4f4-462b-b6f5-646bb9100631/addn_hosts - 1 addresses
May 25 16:37:16 gtw01 dnsmasq-dhcp[17026]: read /var/lib/neutron/dhcp/3c4ad8d5-a4f4-462b-b6f5-646bb9100631/host
May 25 16:37:16 gtw01 dnsmasq-dhcp[17026]: read /var/lib/neutron/dhcp/3c4ad8d5-a4f4-462b-b6f5-646bb9100631/opts
May 25 16:37:17 gtw01 haproxy-metadata-proxy-3c4ad8d5-a4f4-462b-b6f5-646bb9100631[17036]: Proxy listener started.
May 25 16:37:17 gtw01 dnsmasq[16242]: read /var/lib/neutron/dhcp/ca8edbbf-c59c-449c-9890-4e53a478c062/addn_hosts - 3 addresses
May 25 16:37:17 gtw01 dnsmasq-dhcp[16242]: read /var/lib/neutron/dhcp/ca8edbbf-c59c-449c-9890-4e53a478c062/host
May 25 16:37:17 gtw01 dnsmasq-dhcp[16242]: read /var/lib/neutron/dhcp/ca8edbbf-c59c-449c-9890-4e53a478c062/opts
May 25 16:37:17 gtw01 systemd-udevd[17053]: Could not generate persistent MAC address for qg-c60ec0bb-de: No such file or directory
May 25 16:37:17 gtw01 kernel: [ 5059.781023] device qg-c60ec0bb-de entered promiscuous mode
May 25 16:37:17 gtw01 dnsmasq[17026]: read /var/lib/neutron/dhcp/3c4ad8d5-a4f4-462b-b6f5-646bb9100631/addn_hosts - 2 addresses
May 25 16:37:17 gtw01 dnsmasq-dhcp[17026]: read /var/lib/neutron/dhcp/3c4ad8d5-a4f4-462b-b6f5-646bb9100631/host
May 25 16:37:17 gtw01 dnsmasq-dhcp[17026]: read /var/lib/neutron/dhcp/3c4ad8d5-a4f4-462b-b6f5-646bb9100631/opts
May 25 16:37:18 gtw01 dnsmasq[16242]: read /var/lib/neutron/dhcp/ca8edbbf-c59c-449c-9890-4e53a478c062/addn_hosts - 3 addresses
May 25 16:37:18 gtw01 dnsmasq-dhcp[16242]: read /var/lib/neutron/dhcp/ca8edbbf-c59c-449c-9890-4e53a478c062/host
May 25 16:37:18 gtw01 dnsmasq-dhcp[16242]: read /var/lib/neutron/dhcp/ca8edbbf-c59c-449c-9890-4e53a478c062/opts
May 25 16:37:19 gtw01 dnsmasq[17026]: read /var/lib/neutron/dhcp/3c4ad8d5-a4f4-462b-b6f5-646bb9100631/addn_hosts - 2 addresses
May 25 16:37:19 gtw01 dnsmasq-dhcp[17026]: read /var/lib/neutron/dhcp/3c4ad8d5-a4f4-462b-b6f5-646bb9100631/host
May 25 16:37:19 gtw01 dnsmasq-dhcp[17026]: read /var/lib/neutron/dhcp/3c4ad8d5-a4f4-462b-b6f5-646bb9100631/opts
May 25 16:37:19 gtw01 dnsmasq[16242]: read /var/lib/neutron/dhcp/ca8edbbf-c59c-449c-9890-4e53a478c062/addn_hosts - 4 addresses
May 25 16:37:19 gtw01 dnsmasq-dhcp[16242]: read /var/lib/neutron/dhcp/ca8edbbf-c59c-449c-9890-4e53a478c062/host
May 25 16:37:19 gtw01 dnsmasq-dhcp[16242]: read /var/lib/neutron/dhcp/ca8edbbf-c59c-449c-9890-4e53a478c062/opts
May 25 16:37:20 gtw01 dnsmasq[17026]: read /var/lib/neutron/dhcp/3c4ad8d5-a4f4-462b-b6f5-646bb9100631/addn_hosts - 2 addresses
May 25 16:37:20 gtw01 dnsmasq-dhcp[17026]: read /var/lib/neutron/dhcp/3c4ad8d5-a4f4-462b-b6f5-646bb9100631/host
May 25 16:37:20 gtw01 dnsmasq-dhcp[17026]: read /var/lib/neutron/dhcp/3c4ad8d5-a4f4-462b-b6f5-646bb9100631/opts
May 25 16:37:20 gtw01 dnsmasq[16242]: read /var/lib/neutron/dhcp/ca8edbbf-c59c-449c-9890-4e53a478c062/addn_hosts - 4 addresses
May 25 16:37:20 gtw01 dnsmasq-dhcp[16242]: read /var/lib/neutron/dhcp/ca8edbbf-c59c-449c-9890-4e53a478c062/host
May 25 16:37:20 gtw01 dnsmasq-dhcp[16242]: read /var/lib/neutron/dhcp/ca8edbbf-c59c-449c-9890-4e53a478c062/opts
May 25 16:37:20 gtw01 dnsmasq[17026]: read /var/lib/neutron/dhcp/3c4ad8d5-a4f4-462b-b6f5-646bb9100631/addn_hosts - 2 addresses
May 25 16:37:20 gtw01 dnsmasq-dhcp[17026]: read /var/lib/neutron/dhcp/3c4ad8d5-a4f4-462b-b6f5-646bb9100631/host
May 25 16:37:20 gtw01 dnsmasq-dhcp[17026]: read /var/lib/neutron/dhcp/3c4ad8d5-a4f4-462b-b6f5-646bb9100631/opts
May 25 16:37:21 gtw01 systemd-udevd[17348]: Could not generate persistent MAC address for vxlan_sys_4789: No such file or directory
May 25 16:37:21 gtw01 kernel: [ 5063.502180] device vxlan_sys_4789 entered promiscuous mode
May 25 16:37:21 gtw01 dnsmasq[16242]: read /var/lib/neutron/dhcp/ca8edbbf-c59c-449c-9890-4e53a478c062/addn_hosts - 4 addresses
May 25 16:37:21 gtw01 dnsmasq-dhcp[16242]: read /var/lib/neutron/dhcp/ca8edbbf-c59c-449c-9890-4e53a478c062/host
May 25 16:37:21 gtw01 dnsmasq-dhcp[16242]: read /var/lib/neutron/dhcp/ca8edbbf-c59c-449c-9890-4e53a478c062/opts
May 25 16:37:21 gtw01 systemd-udevd[17455]: Could not generate persistent MAC address for tapae21233e-b8: No such file or directory
May 25 16:37:21 gtw01 kernel: [ 5064.077665] device tapae21233e-b8 entered promiscuous mode
May 25 16:37:21 gtw01 systemd-udevd[17455]: Process '/sbin/ip link set tapae21233e-b8 txqueuelen 10000' failed with exit code 1.
May 25 16:37:21 gtw01 systemd-udevd[17455]: Process '/sbin/ip link set tapae21233e-b8 txqueuelen 10000' failed with exit code 1.
May 25 16:37:22 gtw01 dnsmasq[17026]: read /var/lib/neutron/dhcp/3c4ad8d5-a4f4-462b-b6f5-646bb9100631/addn_hosts - 2 addresses
May 25 16:37:22 gtw01 dnsmasq-dhcp[17026]: read /var/lib/neutron/dhcp/3c4ad8d5-a4f4-462b-b6f5-646bb9100631/host
May 25 16:37:22 gtw01 dnsmasq-dhcp[17026]: read /var/lib/neutron/dhcp/3c4ad8d5-a4f4-462b-b6f5-646bb9100631/opts
May 25 16:37:22 gtw01 dnsmasq[16242]: read /var/lib/neutron/dhcp/ca8edbbf-c59c-449c-9890-4e53a478c062/addn_hosts - 4 addresses
May 25 16:37:22 gtw01 dnsmasq-dhcp[16242]: read /var/lib/neutron/dhcp/ca8edbbf-c59c-449c-9890-4e53a478c062/host
May 25 16:37:22 gtw01 dnsmasq-dhcp[16242]: read /var/lib/neutron/dhcp/ca8edbbf-c59c-449c-9890-4e53a478c062/opts
May 25 16:37:23 gtw01 haproxy-metadata-proxy-ecd7f2cc-eabd-4a03-b329-142e5b80fe79[17630]: Proxy listener started.
May 25 16:37:24 gtw01 dnsmasq[17686]: started, version 2.80 cachesize 150
May 25 16:37:24 gtw01 dnsmasq[17686]: DNS service limited to local subnets
May 25 16:37:24 gtw01 dnsmasq[17686]: compile time options: IPv6 GNU-getopt DBus i18n IDN DHCP DHCPv6 no-Lua TFTP conntrack ipset auth DNSSEC loop-detect inotify dumpfile
May 25 16:37:24 gtw01 dnsmasq[17686]: warning: no upstream servers configured
May 25 16:37:24 gtw01 dnsmasq-dhcp[17686]: DHCP, static leases only on 192.168.120.0, lease time 1h
May 25 16:37:24 gtw01 dnsmasq[17686]: read /var/lib/neutron/dhcp/a3cb9062-f0c5-4423-a478-e99aed7aff17/addn_hosts - 1 addresses
May 25 16:37:24 gtw01 dnsmasq-dhcp[17686]: read /var/lib/neutron/dhcp/a3cb9062-f0c5-4423-a478-e99aed7aff17/host
May 25 16:37:24 gtw01 dnsmasq-dhcp[17686]: read /var/lib/neutron/dhcp/a3cb9062-f0c5-4423-a478-e99aed7aff17/opts
May 25 16:37:25 gtw01 haproxy-metadata-proxy-a3cb9062-f0c5-4423-a478-e99aed7aff17[17697]: Proxy listener started.
May 25 16:37:25 gtw01 dnsmasq[17026]: read /var/lib/neutron/dhcp/3c4ad8d5-a4f4-462b-b6f5-646bb9100631/addn_hosts - 2 addresses
May 25 16:37:25 gtw01 dnsmasq-dhcp[17026]: read /var/lib/neutron/dhcp/3c4ad8d5-a4f4-462b-b6f5-646bb9100631/host
May 25 16:37:25 gtw01 dnsmasq-dhcp[17026]: read /var/lib/neutron/dhcp/3c4ad8d5-a4f4-462b-b6f5-646bb9100631/opts
May 25 16:37:25 gtw01 kernel: [ 5068.408474] device qr-ddd2889b-4d entered promiscuous mode
May 25 16:37:25 gtw01 systemd-udevd[17731]: Could not generate persistent MAC address for qr-ddd2889b-4d: No such file or directory
May 25 16:37:26 gtw01 dnsmasq[17686]: read /var/lib/neutron/dhcp/a3cb9062-f0c5-4423-a478-e99aed7aff17/addn_hosts - 2 addresses
May 25 16:37:26 gtw01 dnsmasq-dhcp[17686]: read /var/lib/neutron/dhcp/a3cb9062-f0c5-4423-a478-e99aed7aff17/host
May 25 16:37:26 gtw01 dnsmasq-dhcp[17686]: read /var/lib/neutron/dhcp/a3cb9062-f0c5-4423-a478-e99aed7aff17/opts
May 25 16:37:26 gtw01 systemd-udevd[17848]: Could not generate persistent MAC address for qr-3435c945-f9: No such file or directory
May 25 16:37:26 gtw01 kernel: [ 5069.173615] device qr-3435c945-f9 entered promiscuous mode
May 25 16:37:26 gtw01 dnsmasq[17026]: read /var/lib/neutron/dhcp/3c4ad8d5-a4f4-462b-b6f5-646bb9100631/addn_hosts - 2 addresses
May 25 16:37:26 gtw01 dnsmasq-dhcp[17026]: read /var/lib/neutron/dhcp/3c4ad8d5-a4f4-462b-b6f5-646bb9100631/host
May 25 16:37:26 gtw01 dnsmasq-dhcp[17026]: read /var/lib/neutron/dhcp/3c4ad8d5-a4f4-462b-b6f5-646bb9100631/opts
May 25 16:37:27 gtw01 kernel: [ 5069.573719] IPv4: martian source 192.168.120.1 from 192.168.120.1, on dev qr-3435c945-f9
May 25 16:37:27 gtw01 kernel: [ 5069.573722] ll header: 00000000: ff ff ff ff ff ff fa 16 3e 27 a1 c5 08 06        ........>'....
May 25 16:37:27 gtw01 systemd-udevd[17957]: Could not generate persistent MAC address for qg-4b3c6fec-21: No such file or directory
May 25 16:37:27 gtw01 kernel: [ 5069.649791] device qg-4b3c6fec-21 entered promiscuous mode
May 25 16:37:27 gtw01 dnsmasq[17686]: read /var/lib/neutron/dhcp/a3cb9062-f0c5-4423-a478-e99aed7aff17/addn_hosts - 2 addresses
May 25 16:37:27 gtw01 dnsmasq-dhcp[17686]: read /var/lib/neutron/dhcp/a3cb9062-f0c5-4423-a478-e99aed7aff17/host
May 25 16:37:27 gtw01 dnsmasq-dhcp[17686]: read /var/lib/neutron/dhcp/a3cb9062-f0c5-4423-a478-e99aed7aff17/opts
May 25 16:37:27 gtw01 kernel: [ 5070.209053] device vxlan_sys_4789 left promiscuous mode
May 25 16:37:28 gtw01 dnsmasq[16242]: read /var/lib/neutron/dhcp/ca8edbbf-c59c-449c-9890-4e53a478c062/addn_hosts - 3 addresses
May 25 16:37:28 gtw01 dnsmasq-dhcp[16242]: read /var/lib/neutron/dhcp/ca8edbbf-c59c-449c-9890-4e53a478c062/host
May 25 16:37:28 gtw01 dnsmasq-dhcp[16242]: read /var/lib/neutron/dhcp/ca8edbbf-c59c-449c-9890-4e53a478c062/opts
May 25 16:37:28 gtw01 dnsmasq[17686]: read /var/lib/neutron/dhcp/a3cb9062-f0c5-4423-a478-e99aed7aff17/addn_hosts - 2 addresses
May 25 16:37:28 gtw01 dnsmasq-dhcp[17686]: read /var/lib/neutron/dhcp/a3cb9062-f0c5-4423-a478-e99aed7aff17/host
May 25 16:37:28 gtw01 dnsmasq-dhcp[17686]: read /var/lib/neutron/dhcp/a3cb9062-f0c5-4423-a478-e99aed7aff17/opts
May 25 16:37:29 gtw01 dnsmasq[16242]: read /var/lib/neutron/dhcp/ca8edbbf-c59c-449c-9890-4e53a478c062/addn_hosts - 2 addresses
May 25 16:37:29 gtw01 dnsmasq-dhcp[16242]: read /var/lib/neutron/dhcp/ca8edbbf-c59c-449c-9890-4e53a478c062/host
May 25 16:37:29 gtw01 dnsmasq-dhcp[16242]: read /var/lib/neutron/dhcp/ca8edbbf-c59c-449c-9890-4e53a478c062/opts
May 25 16:37:29 gtw01 dnsmasq[17686]: read /var/lib/neutron/dhcp/a3cb9062-f0c5-4423-a478-e99aed7aff17/addn_hosts - 2 addresses
May 25 16:37:29 gtw01 dnsmasq-dhcp[17686]: read /var/lib/neutron/dhcp/a3cb9062-f0c5-4423-a478-e99aed7aff17/host
May 25 16:37:29 gtw01 dnsmasq-dhcp[17686]: read /var/lib/neutron/dhcp/a3cb9062-f0c5-4423-a478-e99aed7aff17/opts
May 25 16:37:29 gtw01 kernel: [ 5072.229614] IPv4: martian source 192.168.120.1 from 192.168.120.1, on dev qg-4b3c6fec-21
May 25 16:37:29 gtw01 kernel: [ 5072.229617] ll header: 00000000: ff ff ff ff ff ff fa 16 3e 27 a1 c5 08 06        ........>'....
May 25 16:37:30 gtw01 kernel: [ 5072.737793] IPv4: martian source 10.16.0.123 from 10.16.0.123, on dev qr-ddd2889b-4d
May 25 16:37:30 gtw01 kernel: [ 5072.737797] ll header: 00000000: ff ff ff ff ff ff fa 16 3e 43 26 35 08 06        ........>C&5..
May 25 16:37:30 gtw01 dnsmasq[17686]: read /var/lib/neutron/dhcp/a3cb9062-f0c5-4423-a478-e99aed7aff17/addn_hosts - 2 addresses
May 25 16:37:30 gtw01 dnsmasq-dhcp[17686]: read /var/lib/neutron/dhcp/a3cb9062-f0c5-4423-a478-e99aed7aff17/host
May 25 16:37:30 gtw01 dnsmasq-dhcp[17686]: read /var/lib/neutron/dhcp/a3cb9062-f0c5-4423-a478-e99aed7aff17/opts
May 25 16:37:33 gtw01 dnsmasq[16242]: read /var/lib/neutron/dhcp/ca8edbbf-c59c-449c-9890-4e53a478c062/addn_hosts - 3 addresses
May 25 16:37:33 gtw01 dnsmasq-dhcp[16242]: read /var/lib/neutron/dhcp/ca8edbbf-c59c-449c-9890-4e53a478c062/host
May 25 16:37:33 gtw01 dnsmasq-dhcp[16242]: read /var/lib/neutron/dhcp/ca8edbbf-c59c-449c-9890-4e53a478c062/opts
May 25 16:37:34 gtw01 haproxy-metadata-proxy-8916b286-84d9-4cee-9cc7-ec7cda067493[18458]: Proxy listener started.
May 25 16:37:34 gtw01 dnsmasq[16242]: read /var/lib/neutron/dhcp/ca8edbbf-c59c-449c-9890-4e53a478c062/addn_hosts - 3 addresses
May 25 16:37:34 gtw01 dnsmasq-dhcp[16242]: read /var/lib/neutron/dhcp/ca8edbbf-c59c-449c-9890-4e53a478c062/host
May 25 16:37:34 gtw01 dnsmasq-dhcp[16242]: read /var/lib/neutron/dhcp/ca8edbbf-c59c-449c-9890-4e53a478c062/opts
May 25 16:37:35 gtw01 dnsmasq[17026]: read /var/lib/neutron/dhcp/3c4ad8d5-a4f4-462b-b6f5-646bb9100631/addn_hosts - 3 addresses
May 25 16:37:35 gtw01 dnsmasq-dhcp[17026]: read /var/lib/neutron/dhcp/3c4ad8d5-a4f4-462b-b6f5-646bb9100631/host
May 25 16:37:35 gtw01 dnsmasq-dhcp[17026]: read /var/lib/neutron/dhcp/3c4ad8d5-a4f4-462b-b6f5-646bb9100631/opts
May 25 16:37:35 gtw01 dnsmasq[16242]: read /var/lib/neutron/dhcp/ca8edbbf-c59c-449c-9890-4e53a478c062/addn_hosts - 3 addresses
May 25 16:37:35 gtw01 dnsmasq-dhcp[16242]: read /var/lib/neutron/dhcp/ca8edbbf-c59c-449c-9890-4e53a478c062/host
May 25 16:37:35 gtw01 dnsmasq-dhcp[16242]: read /var/lib/neutron/dhcp/ca8edbbf-c59c-449c-9890-4e53a478c062/opts
May 25 16:37:36 gtw01 dnsmasq[17026]: read /var/lib/neutron/dhcp/3c4ad8d5-a4f4-462b-b6f5-646bb9100631/addn_hosts - 3 addresses
May 25 16:37:36 gtw01 dnsmasq-dhcp[17026]: read /var/lib/neutron/dhcp/3c4ad8d5-a4f4-462b-b6f5-646bb9100631/host
