May 25 16:51:50 gtw01 dnsmasq-dhcp[6835]: DHCPACK(tap7cc8934c-9d) 192.168.120.11 fa:16:3e:d5:43:5e host-192-168-120-11
May 25 16:51:50 gtw01 dnsmasq[16242]: read /var/lib/neutron/dhcp/ca8edbbf-c59c-449c-9890-4e53a478c062/addn_hosts - 5 addresses
May 25 16:51:50 gtw01 dnsmasq-dhcp[16242]: read /var/lib/neutron/dhcp/ca8edbbf-c59c-449c-9890-4e53a478c062/host
May 25 16:51:50 gtw01 dnsmasq-dhcp[16242]: read /var/lib/neutron/dhcp/ca8edbbf-c59c-449c-9890-4e53a478c062/opts
May 25 16:51:51 gtw01 dnsmasq[16242]: read /var/lib/neutron/dhcp/ca8edbbf-c59c-449c-9890-4e53a478c062/addn_hosts - 5 addresses
May 25 16:51:51 gtw01 dnsmasq-dhcp[16242]: read /var/lib/neutron/dhcp/ca8edbbf-c59c-449c-9890-4e53a478c062/host
May 25 16:51:51 gtw01 dnsmasq-dhcp[16242]: read /var/lib/neutron/dhcp/ca8edbbf-c59c-449c-9890-4e53a478c062/opts
May 25 16:51:52 gtw01 dnsmasq-dhcp[6835]: DHCPRELEASE(tap7cc8934c-9d) 192.168.120.11 fa:16:3e:d5:43:5e
May 25 16:51:58 gtw01 dnsmasq[16242]: read /var/lib/neutron/dhcp/ca8edbbf-c59c-449c-9890-4e53a478c062/addn_hosts - 4 addresses
May 25 16:51:58 gtw01 dnsmasq-dhcp[16242]: read /var/lib/neutron/dhcp/ca8edbbf-c59c-449c-9890-4e53a478c062/host
May 25 16:51:58 gtw01 dnsmasq-dhcp[16242]: read /var/lib/neutron/dhcp/ca8edbbf-c59c-449c-9890-4e53a478c062/opts
May 25 16:51:59 gtw01 dnsmasq[16242]: read /var/lib/neutron/dhcp/ca8edbbf-c59c-449c-9890-4e53a478c062/addn_hosts - 3 addresses
May 25 16:51:59 gtw01 dnsmasq-dhcp[16242]: read /var/lib/neutron/dhcp/ca8edbbf-c59c-449c-9890-4e53a478c062/host
May 25 16:51:59 gtw01 dnsmasq-dhcp[16242]: read /var/lib/neutron/dhcp/ca8edbbf-c59c-449c-9890-4e53a478c062/opts
May 25 16:52:00 gtw01 dnsmasq[16242]: read /var/lib/neutron/dhcp/ca8edbbf-c59c-449c-9890-4e53a478c062/addn_hosts - 2 addresses
May 25 16:52:00 gtw01 dnsmasq-dhcp[16242]: read /var/lib/neutron/dhcp/ca8edbbf-c59c-449c-9890-4e53a478c062/host
May 25 16:52:00 gtw01 dnsmasq-dhcp[16242]: read /var/lib/neutron/dhcp/ca8edbbf-c59c-449c-9890-4e53a478c062/opts
May 25 16:52:07 gtw01 kernel: [ 5949.805028] device qg-b4b531b0-aa entered promiscuous mode
May 25 16:52:07 gtw01 systemd-udevd[10459]: Could not generate persistent MAC address for qg-b4b531b0-aa: No such file or directory
May 25 16:52:11 gtw01 systemd-udevd[10713]: Could not generate persistent MAC address for qg-cff34aa7-62: No such file or directory
May 25 16:52:11 gtw01 kernel: [ 5954.229783] device qg-cff34aa7-62 entered promiscuous mode
May 25 16:52:13 gtw01 haproxy-metadata-proxy-f72fb9ba-cc0d-4a92-9b7c-324724cc9b7d[10880]: Proxy listener started.
May 25 16:52:13 gtw01 haproxy-metadata-proxy-3de91f81-99f9-4e35-8fea-ba6dd52b30e9[10901]: Proxy listener started.
May 25 16:52:14 gtw01 dnsmasq-dhcp[6835]: DHCPDISCOVER(tap7cc8934c-9d) fa:16:3e:d5:43:5e
May 25 16:52:14 gtw01 dnsmasq-dhcp[6835]: DHCPOFFER(tap7cc8934c-9d) 192.168.120.11 fa:16:3e:d5:43:5e
May 25 16:52:14 gtw01 dnsmasq-dhcp[6835]: DHCPREQUEST(tap7cc8934c-9d) 192.168.120.11 fa:16:3e:d5:43:5e
May 25 16:52:14 gtw01 dnsmasq-dhcp[6835]: DHCPACK(tap7cc8934c-9d) 192.168.120.11 fa:16:3e:d5:43:5e host-192-168-120-11
May 25 16:52:14 gtw01 kernel: [ 5957.120555] device qg-b4b531b0-aa left promiscuous mode
May 25 16:52:15 gtw01 dnsmasq-dhcp[6835]: DHCPRELEASE(tap7cc8934c-9d) 192.168.120.11 fa:16:3e:d5:43:5e
May 25 16:52:18 gtw01 haproxy-metadata-proxy-39e69318-97bc-490a-b964-319207a40be1[11048]: Proxy listener started.
May 25 16:52:20 gtw01 kernel: [ 5963.302286] device qr-07dc7660-a3 entered promiscuous mode
May 25 16:52:20 gtw01 systemd-udevd[11062]: Could not generate persistent MAC address for qr-07dc7660-a3: No such file or directory
May 25 16:52:27 gtw01 dnsmasq[6835]: read /var/lib/neutron/dhcp/783bc7b6-0f78-474b-8738-6272ae3d6f4c/addn_hosts - 6 addresses
May 25 16:52:27 gtw01 dnsmasq-dhcp[6835]: read /var/lib/neutron/dhcp/783bc7b6-0f78-474b-8738-6272ae3d6f4c/host
May 25 16:52:27 gtw01 dnsmasq-dhcp[6835]: read /var/lib/neutron/dhcp/783bc7b6-0f78-474b-8738-6272ae3d6f4c/opts
May 25 16:52:28 gtw01 dnsmasq[6835]: read /var/lib/neutron/dhcp/783bc7b6-0f78-474b-8738-6272ae3d6f4c/addn_hosts - 6 addresses
May 25 16:52:28 gtw01 dnsmasq-dhcp[6835]: read /var/lib/neutron/dhcp/783bc7b6-0f78-474b-8738-6272ae3d6f4c/host
May 25 16:52:28 gtw01 dnsmasq-dhcp[6835]: read /var/lib/neutron/dhcp/783bc7b6-0f78-474b-8738-6272ae3d6f4c/opts
May 25 16:52:29 gtw01 dnsmasq[6835]: read /var/lib/neutron/dhcp/783bc7b6-0f78-474b-8738-6272ae3d6f4c/addn_hosts - 6 addresses
May 25 16:52:29 gtw01 dnsmasq-dhcp[6835]: read /var/lib/neutron/dhcp/783bc7b6-0f78-474b-8738-6272ae3d6f4c/host
May 25 16:52:29 gtw01 dnsmasq-dhcp[6835]: read /var/lib/neutron/dhcp/783bc7b6-0f78-474b-8738-6272ae3d6f4c/opts
May 25 16:52:31 gtw01 dnsmasq-dhcp[6835]: DHCPDISCOVER(tap7cc8934c-9d) fa:16:3e:d5:43:5e
May 25 16:52:31 gtw01 dnsmasq-dhcp[6835]: DHCPOFFER(tap7cc8934c-9d) 192.168.120.11 fa:16:3e:d5:43:5e
May 25 16:52:31 gtw01 dnsmasq-dhcp[6835]: DHCPREQUEST(tap7cc8934c-9d) 192.168.120.11 fa:16:3e:d5:43:5e
May 25 16:52:31 gtw01 dnsmasq-dhcp[6835]: DHCPACK(tap7cc8934c-9d) 192.168.120.11 fa:16:3e:d5:43:5e host-192-168-120-11
May 25 16:52:34 gtw01 dnsmasq[6835]: read /var/lib/neutron/dhcp/783bc7b6-0f78-474b-8738-6272ae3d6f4c/addn_hosts - 6 addresses
May 25 16:52:34 gtw01 dnsmasq-dhcp[6835]: read /var/lib/neutron/dhcp/783bc7b6-0f78-474b-8738-6272ae3d6f4c/host
May 25 16:52:34 gtw01 dnsmasq-dhcp[6835]: read /var/lib/neutron/dhcp/783bc7b6-0f78-474b-8738-6272ae3d6f4c/opts
May 25 16:52:36 gtw01 dnsmasq[16242]: read /var/lib/neutron/dhcp/ca8edbbf-c59c-449c-9890-4e53a478c062/addn_hosts - 3 addresses
May 25 16:52:36 gtw01 dnsmasq-dhcp[16242]: read /var/lib/neutron/dhcp/ca8edbbf-c59c-449c-9890-4e53a478c062/host
May 25 16:52:36 gtw01 dnsmasq-dhcp[16242]: read /var/lib/neutron/dhcp/ca8edbbf-c59c-449c-9890-4e53a478c062/opts
May 25 16:52:37 gtw01 dnsmasq[16242]: read /var/lib/neutron/dhcp/ca8edbbf-c59c-449c-9890-4e53a478c062/addn_hosts - 3 addresses
May 25 16:52:37 gtw01 dnsmasq-dhcp[16242]: read /var/lib/neutron/dhcp/ca8edbbf-c59c-449c-9890-4e53a478c062/host
May 25 16:52:37 gtw01 dnsmasq-dhcp[16242]: read /var/lib/neutron/dhcp/ca8edbbf-c59c-449c-9890-4e53a478c062/opts
May 25 16:52:37 gtw01 dnsmasq[16242]: read /var/lib/neutron/dhcp/ca8edbbf-c59c-449c-9890-4e53a478c062/addn_hosts - 3 addresses
May 25 16:52:37 gtw01 dnsmasq-dhcp[16242]: read /var/lib/neutron/dhcp/ca8edbbf-c59c-449c-9890-4e53a478c062/host
May 25 16:52:37 gtw01 dnsmasq-dhcp[16242]: read /var/lib/neutron/dhcp/ca8edbbf-c59c-449c-9890-4e53a478c062/opts
May 25 16:52:39 gtw01 dnsmasq-dhcp[6835]: DHCPRELEASE(tap7cc8934c-9d) 192.168.120.11 fa:16:3e:d5:43:5e
May 25 16:52:42 gtw01 dnsmasq-dhcp[6835]: DHCPDISCOVER(tap7cc8934c-9d) fa:16:3e:69:de:2e
May 25 16:52:42 gtw01 dnsmasq-dhcp[6835]: DHCPOFFER(tap7cc8934c-9d) 192.168.120.6 fa:16:3e:69:de:2e
May 25 16:52:42 gtw01 dnsmasq-dhcp[6835]: DHCPREQUEST(tap7cc8934c-9d) 192.168.120.6 fa:16:3e:69:de:2e
May 25 16:52:42 gtw01 dnsmasq-dhcp[6835]: DHCPACK(tap7cc8934c-9d) 192.168.120.6 fa:16:3e:69:de:2e host-192-168-120-6
May 25 16:52:43 gtw01 dnsmasq[16242]: read /var/lib/neutron/dhcp/ca8edbbf-c59c-449c-9890-4e53a478c062/addn_hosts - 2 addresses
May 25 16:52:43 gtw01 dnsmasq-dhcp[16242]: read /var/lib/neutron/dhcp/ca8edbbf-c59c-449c-9890-4e53a478c062/host
May 25 16:52:43 gtw01 dnsmasq-dhcp[16242]: read /var/lib/neutron/dhcp/ca8edbbf-c59c-449c-9890-4e53a478c062/opts
May 25 16:52:43 gtw01 dnsmasq[6835]: read /var/lib/neutron/dhcp/783bc7b6-0f78-474b-8738-6272ae3d6f4c/addn_hosts - 6 addresses
May 25 16:52:43 gtw01 dnsmasq-dhcp[6835]: read /var/lib/neutron/dhcp/783bc7b6-0f78-474b-8738-6272ae3d6f4c/host
May 25 16:52:43 gtw01 dnsmasq-dhcp[6835]: read /var/lib/neutron/dhcp/783bc7b6-0f78-474b-8738-6272ae3d6f4c/opts
May 25 16:52:44 gtw01 dnsmasq[6835]: read /var/lib/neutron/dhcp/783bc7b6-0f78-474b-8738-6272ae3d6f4c/addn_hosts - 6 addresses
May 25 16:52:44 gtw01 dnsmasq-dhcp[6835]: read /var/lib/neutron/dhcp/783bc7b6-0f78-474b-8738-6272ae3d6f4c/host
May 25 16:52:44 gtw01 dnsmasq-dhcp[6835]: read /var/lib/neutron/dhcp/783bc7b6-0f78-474b-8738-6272ae3d6f4c/opts
May 25 16:52:53 gtw01 dnsmasq[6835]: read /var/lib/neutron/dhcp/783bc7b6-0f78-474b-8738-6272ae3d6f4c/addn_hosts - 5 addresses
May 25 16:52:53 gtw01 dnsmasq-dhcp[6835]: read /var/lib/neutron/dhcp/783bc7b6-0f78-474b-8738-6272ae3d6f4c/host
May 25 16:52:53 gtw01 dnsmasq-dhcp[6835]: read /var/lib/neutron/dhcp/783bc7b6-0f78-474b-8738-6272ae3d6f4c/opts
May 25 16:52:54 gtw01 dnsmasq[16242]: read /var/lib/neutron/dhcp/ca8edbbf-c59c-449c-9890-4e53a478c062/addn_hosts - 3 addresses
May 25 16:52:54 gtw01 dnsmasq-dhcp[16242]: read /var/lib/neutron/dhcp/ca8edbbf-c59c-449c-9890-4e53a478c062/host
May 25 16:52:54 gtw01 dnsmasq-dhcp[16242]: read /var/lib/neutron/dhcp/ca8edbbf-c59c-449c-9890-4e53a478c062/opts
May 25 16:52:55 gtw01 dnsmasq[16242]: read /var/lib/neutron/dhcp/ca8edbbf-c59c-449c-9890-4e53a478c062/addn_hosts - 3 addresses
May 25 16:52:55 gtw01 dnsmasq-dhcp[16242]: read /var/lib/neutron/dhcp/ca8edbbf-c59c-449c-9890-4e53a478c062/host
May 25 16:52:55 gtw01 dnsmasq-dhcp[16242]: read /var/lib/neutron/dhcp/ca8edbbf-c59c-449c-9890-4e53a478c062/opts
May 25 16:52:56 gtw01 dnsmasq[16242]: read /var/lib/neutron/dhcp/ca8edbbf-c59c-449c-9890-4e53a478c062/addn_hosts - 3 addresses
May 25 16:52:56 gtw01 dnsmasq-dhcp[16242]: read /var/lib/neutron/dhcp/ca8edbbf-c59c-449c-9890-4e53a478c062/host
May 25 16:52:56 gtw01 dnsmasq-dhcp[16242]: read /var/lib/neutron/dhcp/ca8edbbf-c59c-449c-9890-4e53a478c062/opts
May 25 16:52:56 gtw01 systemd-udevd[11629]: Could not generate persistent MAC address for qg-41bc3807-61: No such file or directory
May 25 16:52:56 gtw01 kernel: [ 5999.032887] device qg-41bc3807-61 entered promiscuous mode
May 25 16:52:59 gtw01 dnsmasq[6835]: read /var/lib/neutron/dhcp/783bc7b6-0f78-474b-8738-6272ae3d6f4c/addn_hosts - 6 addresses
May 25 16:52:59 gtw01 dnsmasq-dhcp[6835]: read /var/lib/neutron/dhcp/783bc7b6-0f78-474b-8738-6272ae3d6f4c/host
May 25 16:52:59 gtw01 dnsmasq-dhcp[6835]: read /var/lib/neutron/dhcp/783bc7b6-0f78-474b-8738-6272ae3d6f4c/opts
May 25 16:53:00 gtw01 dnsmasq[6835]: read /var/lib/neutron/dhcp/783bc7b6-0f78-474b-8738-6272ae3d6f4c/addn_hosts - 6 addresses
May 25 16:53:00 gtw01 dnsmasq-dhcp[6835]: read /var/lib/neutron/dhcp/783bc7b6-0f78-474b-8738-6272ae3d6f4c/host
May 25 16:53:00 gtw01 dnsmasq-dhcp[6835]: read /var/lib/neutron/dhcp/783bc7b6-0f78-474b-8738-6272ae3d6f4c/opts
May 25 16:53:01 gtw01 dnsmasq[6835]: read /var/lib/neutron/dhcp/783bc7b6-0f78-474b-8738-6272ae3d6f4c/addn_hosts - 6 addresses
May 25 16:53:01 gtw01 dnsmasq-dhcp[6835]: read /var/lib/neutron/dhcp/783bc7b6-0f78-474b-8738-6272ae3d6f4c/host
May 25 16:53:01 gtw01 dnsmasq-dhcp[6835]: read /var/lib/neutron/dhcp/783bc7b6-0f78-474b-8738-6272ae3d6f4c/opts
May 25 16:53:02 gtw01 haproxy-metadata-proxy-5df8d139-2a0e-4e15-943f-992f47ea968f[11990]: Proxy listener started.
May 25 16:53:02 gtw01 dnsmasq[16242]: read /var/lib/neutron/dhcp/ca8edbbf-c59c-449c-9890-4e53a478c062/addn_hosts - 2 addresses
May 25 16:53:02 gtw01 dnsmasq-dhcp[16242]: read /var/lib/neutron/dhcp/ca8edbbf-c59c-449c-9890-4e53a478c062/host
May 25 16:53:02 gtw01 dnsmasq-dhcp[16242]: read /var/lib/neutron/dhcp/ca8edbbf-c59c-449c-9890-4e53a478c062/opts
May 25 16:53:02 gtw01 haproxy-metadata-proxy-82f53b73-ba92-499f-b610-97a02f0a23d9[12025]: Proxy listener started.
May 25 16:53:03 gtw01 kernel: [ 6006.244359] device qg-41bc3807-61 left promiscuous mode
May 25 16:53:12 gtw01 dnsmasq[16242]: read /var/lib/neutron/dhcp/ca8edbbf-c59c-449c-9890-4e53a478c062/addn_hosts - 3 addresses
May 25 16:53:12 gtw01 dnsmasq-dhcp[16242]: read /var/lib/neutron/dhcp/ca8edbbf-c59c-449c-9890-4e53a478c062/host
May 25 16:53:12 gtw01 dnsmasq-dhcp[16242]: read /var/lib/neutron/dhcp/ca8edbbf-c59c-449c-9890-4e53a478c062/opts
May 25 16:53:13 gtw01 dnsmasq[16242]: read /var/lib/neutron/dhcp/ca8edbbf-c59c-449c-9890-4e53a478c062/addn_hosts - 3 addresses
May 25 16:53:13 gtw01 dnsmasq-dhcp[16242]: read /var/lib/neutron/dhcp/ca8edbbf-c59c-449c-9890-4e53a478c062/host
May 25 16:53:13 gtw01 dnsmasq-dhcp[16242]: read /var/lib/neutron/dhcp/ca8edbbf-c59c-449c-9890-4e53a478c062/opts
May 25 16:53:13 gtw01 dnsmasq-dhcp[6835]: DHCPDISCOVER(tap7cc8934c-9d) fa:16:3e:3c:17:5c
May 25 16:53:13 gtw01 dnsmasq-dhcp[6835]: DHCPOFFER(tap7cc8934c-9d) 192.168.120.4 fa:16:3e:3c:17:5c
May 25 16:53:13 gtw01 dnsmasq-dhcp[6835]: DHCPREQUEST(tap7cc8934c-9d) 192.168.120.4 fa:16:3e:3c:17:5c
May 25 16:53:13 gtw01 dnsmasq-dhcp[6835]: DHCPACK(tap7cc8934c-9d) 192.168.120.4 fa:16:3e:3c:17:5c host-192-168-120-4
May 25 16:53:14 gtw01 dnsmasq[16242]: read /var/lib/neutron/dhcp/ca8edbbf-c59c-449c-9890-4e53a478c062/addn_hosts - 4 addresses
May 25 16:53:14 gtw01 dnsmasq-dhcp[16242]: read /var/lib/neutron/dhcp/ca8edbbf-c59c-449c-9890-4e53a478c062/host
May 25 16:53:14 gtw01 dnsmasq-dhcp[16242]: read /var/lib/neutron/dhcp/ca8edbbf-c59c-449c-9890-4e53a478c062/opts
May 25 16:53:15 gtw01 dnsmasq[16242]: read /var/lib/neutron/dhcp/ca8edbbf-c59c-449c-9890-4e53a478c062/addn_hosts - 4 addresses
May 25 16:53:15 gtw01 dnsmasq-dhcp[16242]: read /var/lib/neutron/dhcp/ca8edbbf-c59c-449c-9890-4e53a478c062/host
May 25 16:53:15 gtw01 dnsmasq-dhcp[16242]: read /var/lib/neutron/dhcp/ca8edbbf-c59c-449c-9890-4e53a478c062/opts
May 25 16:53:16 gtw01 dnsmasq[16242]: read /var/lib/neutron/dhcp/ca8edbbf-c59c-449c-9890-4e53a478c062/addn_hosts - 4 addresses
May 25 16:53:16 gtw01 dnsmasq-dhcp[16242]: read /var/lib/neutron/dhcp/ca8edbbf-c59c-449c-9890-4e53a478c062/host
May 25 16:53:16 gtw01 dnsmasq-dhcp[16242]: read /var/lib/neutron/dhcp/ca8edbbf-c59c-449c-9890-4e53a478c062/opts
May 25 16:53:16 gtw01 dnsmasq-dhcp[6835]: DHCPRELEASE(tap7cc8934c-9d) 192.168.120.4 fa:16:3e:3c:17:5c
May 25 16:53:17 gtw01 dnsmasq[16242]: read /var/lib/neutron/dhcp/ca8edbbf-c59c-449c-9890-4e53a478c062/addn_hosts - 4 addresses
May 25 16:53:17 gtw01 dnsmasq-dhcp[16242]: read /var/lib/neutron/dhcp/ca8edbbf-c59c-449c-9890-4e53a478c062/host
May 25 16:53:17 gtw01 dnsmasq-dhcp[16242]: read /var/lib/neutron/dhcp/ca8edbbf-c59c-449c-9890-4e53a478c062/opts
May 25 16:53:27 gtw01 dnsmasq-dhcp[16242]: DHCPDISCOVER(tap5dbf6d42-f5) fa:16:3e:2d:e9:a3
May 25 16:53:27 gtw01 dnsmasq-dhcp[16242]: DHCPOFFER(tap5dbf6d42-f5) 192.168.120.19 fa:16:3e:2d:e9:a3
May 25 16:53:27 gtw01 dnsmasq-dhcp[16242]: DHCPREQUEST(tap5dbf6d42-f5) 192.168.120.19 fa:16:3e:2d:e9:a3
May 25 16:53:27 gtw01 dnsmasq-dhcp[16242]: DHCPACK(tap5dbf6d42-f5) 192.168.120.19 fa:16:3e:2d:e9:a3 host-192-168-120-19
May 25 16:53:30 gtw01 dnsmasq-dhcp[16242]: DHCPDISCOVER(tap5dbf6d42-f5) fa:16:3e:e2:9b:92
May 25 16:53:30 gtw01 dnsmasq-dhcp[16242]: DHCPOFFER(tap5dbf6d42-f5) 192.168.120.6 fa:16:3e:e2:9b:92
May 25 16:53:30 gtw01 dnsmasq-dhcp[16242]: DHCPREQUEST(tap5dbf6d42-f5) 192.168.120.6 fa:16:3e:e2:9b:92
May 25 16:53:30 gtw01 dnsmasq-dhcp[16242]: DHCPACK(tap5dbf6d42-f5) 192.168.120.6 fa:16:3e:e2:9b:92 host-192-168-120-6
May 25 16:53:38 gtw01 dnsmasq[6835]: read /var/lib/neutron/dhcp/783bc7b6-0f78-474b-8738-6272ae3d6f4c/addn_hosts - 5 addresses
May 25 16:53:38 gtw01 dnsmasq-dhcp[6835]: read /var/lib/neutron/dhcp/783bc7b6-0f78-474b-8738-6272ae3d6f4c/host
May 25 16:53:38 gtw01 dnsmasq-dhcp[6835]: read /var/lib/neutron/dhcp/783bc7b6-0f78-474b-8738-6272ae3d6f4c/opts
May 25 16:53:45 gtw01 dnsmasq[6835]: read /var/lib/neutron/dhcp/783bc7b6-0f78-474b-8738-6272ae3d6f4c/addn_hosts - 6 addresses
May 25 16:53:45 gtw01 dnsmasq-dhcp[6835]: read /var/lib/neutron/dhcp/783bc7b6-0f78-474b-8738-6272ae3d6f4c/host
May 25 16:53:45 gtw01 dnsmasq-dhcp[6835]: read /var/lib/neutron/dhcp/783bc7b6-0f78-474b-8738-6272ae3d6f4c/opts
May 25 16:53:46 gtw01 dnsmasq[6835]: read /var/lib/neutron/dhcp/783bc7b6-0f78-474b-8738-6272ae3d6f4c/addn_hosts - 6 addresses
May 25 16:53:46 gtw01 dnsmasq-dhcp[6835]: read /var/lib/neutron/dhcp/783bc7b6-0f78-474b-8738-6272ae3d6f4c/host
May 25 16:53:46 gtw01 dnsmasq-dhcp[6835]: read /var/lib/neutron/dhcp/783bc7b6-0f78-474b-8738-6272ae3d6f4c/opts
May 25 16:53:47 gtw01 dnsmasq[6835]: read /var/lib/neutron/dhcp/783bc7b6-0f78-474b-8738-6272ae3d6f4c/addn_hosts - 6 addresses
May 25 16:53:47 gtw01 dnsmasq-dhcp[6835]: read /var/lib/neutron/dhcp/783bc7b6-0f78-474b-8738-6272ae3d6f4c/host
May 25 16:53:47 gtw01 dnsmasq-dhcp[6835]: read /var/lib/neutron/dhcp/783bc7b6-0f78-474b-8738-6272ae3d6f4c/opts
May 25 16:53:48 gtw01 kernel: [ 6051.188113] device qr-07dc7660-a3 left promiscuous mode
May 25 16:53:49 gtw01 kernel: [ 6051.968990] device qg-cff34aa7-62 left promiscuous mode
May 25 16:53:54 gtw01 dnsmasq-dhcp[16242]: DHCPRELEASE(tap5dbf6d42-f5) 192.168.120.6 fa:16:3e:e2:9b:92
May 25 16:53:59 gtw01 dnsmasq-dhcp[6835]: DHCPDISCOVER(tap7cc8934c-9d) fa:16:3e:8c:37:3d
May 25 16:53:59 gtw01 dnsmasq-dhcp[6835]: DHCPOFFER(tap7cc8934c-9d) 192.168.120.7 fa:16:3e:8c:37:3d
May 25 16:53:59 gtw01 dnsmasq-dhcp[6835]: DHCPREQUEST(tap7cc8934c-9d) 192.168.120.7 fa:16:3e:8c:37:3d
May 25 16:53:59 gtw01 dnsmasq-dhcp[6835]: DHCPACK(tap7cc8934c-9d) 192.168.120.7 fa:16:3e:8c:37:3d host-192-168-120-7
May 25 16:54:01 gtw01 dnsmasq[16242]: read /var/lib/neutron/dhcp/ca8edbbf-c59c-449c-9890-4e53a478c062/addn_hosts - 5 addresses
May 25 16:54:01 gtw01 dnsmasq-dhcp[16242]: read /var/lib/neutron/dhcp/ca8edbbf-c59c-449c-9890-4e53a478c062/host
May 25 16:54:01 gtw01 dnsmasq-dhcp[16242]: read /var/lib/neutron/dhcp/ca8edbbf-c59c-449c-9890-4e53a478c062/opts
May 25 16:54:02 gtw01 dnsmasq[16242]: read /var/lib/neutron/dhcp/ca8edbbf-c59c-449c-9890-4e53a478c062/addn_hosts - 5 addresses
May 25 16:54:02 gtw01 dnsmasq-dhcp[16242]: read /var/lib/neutron/dhcp/ca8edbbf-c59c-449c-9890-4e53a478c062/host
May 25 16:54:02 gtw01 dnsmasq-dhcp[16242]: read /var/lib/neutron/dhcp/ca8edbbf-c59c-449c-9890-4e53a478c062/opts
May 25 16:54:02 gtw01 dnsmasq[16242]: read /var/lib/neutron/dhcp/ca8edbbf-c59c-449c-9890-4e53a478c062/addn_hosts - 5 addresses
May 25 16:54:02 gtw01 dnsmasq-dhcp[16242]: read /var/lib/neutron/dhcp/ca8edbbf-c59c-449c-9890-4e53a478c062/host
May 25 16:54:02 gtw01 dnsmasq-dhcp[16242]: read /var/lib/neutron/dhcp/ca8edbbf-c59c-449c-9890-4e53a478c062/opts
May 25 16:54:04 gtw01 dnsmasq[16242]: read /var/lib/neutron/dhcp/ca8edbbf-c59c-449c-9890-4e53a478c062/addn_hosts - 4 addresses
May 25 16:54:04 gtw01 dnsmasq-dhcp[16242]: read /var/lib/neutron/dhcp/ca8edbbf-c59c-449c-9890-4e53a478c062/host
May 25 16:54:04 gtw01 dnsmasq-dhcp[16242]: read /var/lib/neutron/dhcp/ca8edbbf-c59c-449c-9890-4e53a478c062/opts
May 25 16:54:05 gtw01 dnsmasq-dhcp[6835]: DHCPRELEASE(tap7cc8934c-9d) 192.168.120.7 fa:16:3e:8c:37:3d
May 25 16:54:07 gtw01 dnsmasq-dhcp[16242]: DHCPRELEASE(tap5dbf6d42-f5) 192.168.120.19 fa:16:3e:2d:e9:a3
May 25 16:54:07 gtw01 dnsmasq-dhcp[16242]: DHCPRELEASE(tap5dbf6d42-f5) 192.168.120.19 fa:16:3e:2d:e9:a3 unknown lease
May 25 16:54:08 gtw01 dnsmasq[16242]: read /var/lib/neutron/dhcp/ca8edbbf-c59c-449c-9890-4e53a478c062/addn_hosts - 3 addresses
May 25 16:54:08 gtw01 dnsmasq-dhcp[16242]: read /var/lib/neutron/dhcp/ca8edbbf-c59c-449c-9890-4e53a478c062/host
May 25 16:54:08 gtw01 dnsmasq-dhcp[16242]: read /var/lib/neutron/dhcp/ca8edbbf-c59c-449c-9890-4e53a478c062/opts
May 25 16:54:10 gtw01 dnsmasq[16242]: read /var/lib/neutron/dhcp/ca8edbbf-c59c-449c-9890-4e53a478c062/addn_hosts - 2 addresses
May 25 16:54:10 gtw01 dnsmasq-dhcp[16242]: read /var/lib/neutron/dhcp/ca8edbbf-c59c-449c-9890-4e53a478c062/host
May 25 16:54:10 gtw01 dnsmasq-dhcp[16242]: read /var/lib/neutron/dhcp/ca8edbbf-c59c-449c-9890-4e53a478c062/opts
May 25 16:54:10 gtw01 dnsmasq[6835]: read /var/lib/neutron/dhcp/783bc7b6-0f78-474b-8738-6272ae3d6f4c/addn_hosts - 6 addresses
May 25 16:54:10 gtw01 dnsmasq-dhcp[6835]: read /var/lib/neutron/dhcp/783bc7b6-0f78-474b-8738-6272ae3d6f4c/host
May 25 16:54:10 gtw01 dnsmasq-dhcp[6835]: read /var/lib/neutron/dhcp/783bc7b6-0f78-474b-8738-6272ae3d6f4c/opts
May 25 16:54:11 gtw01 dnsmasq[6835]: read /var/lib/neutron/dhcp/783bc7b6-0f78-474b-8738-6272ae3d6f4c/addn_hosts - 6 addresses
May 25 16:54:11 gtw01 dnsmasq-dhcp[6835]: read /var/lib/neutron/dhcp/783bc7b6-0f78-474b-8738-6272ae3d6f4c/host
May 25 16:54:11 gtw01 dnsmasq-dhcp[6835]: read /var/lib/neutron/dhcp/783bc7b6-0f78-474b-8738-6272ae3d6f4c/opts
May 25 16:54:17 gtw01 dnsmasq[6835]: read /var/lib/neutron/dhcp/783bc7b6-0f78-474b-8738-6272ae3d6f4c/addn_hosts - 6 addresses
May 25 16:54:17 gtw01 dnsmasq-dhcp[6835]: read /var/lib/neutron/dhcp/783bc7b6-0f78-474b-8738-6272ae3d6f4c/host
May 25 16:54:17 gtw01 dnsmasq-dhcp[6835]: read /var/lib/neutron/dhcp/783bc7b6-0f78-474b-8738-6272ae3d6f4c/opts
May 25 16:54:17 gtw01 dnsmasq[16242]: read /var/lib/neutron/dhcp/ca8edbbf-c59c-449c-9890-4e53a478c062/addn_hosts - 3 addresses
May 25 16:54:17 gtw01 dnsmasq-dhcp[16242]: read /var/lib/neutron/dhcp/ca8edbbf-c59c-449c-9890-4e53a478c062/host
May 25 16:54:17 gtw01 dnsmasq-dhcp[16242]: read /var/lib/neutron/dhcp/ca8edbbf-c59c-449c-9890-4e53a478c062/opts
May 25 16:54:18 gtw01 dnsmasq[6835]: read /var/lib/neutron/dhcp/783bc7b6-0f78-474b-8738-6272ae3d6f4c/addn_hosts - 6 addresses
May 25 16:54:18 gtw01 dnsmasq-dhcp[6835]: read /var/lib/neutron/dhcp/783bc7b6-0f78-474b-8738-6272ae3d6f4c/host
May 25 16:54:18 gtw01 dnsmasq-dhcp[6835]: read /var/lib/neutron/dhcp/783bc7b6-0f78-474b-8738-6272ae3d6f4c/opts
May 25 16:54:18 gtw01 dnsmasq[16242]: read /var/lib/neutron/dhcp/ca8edbbf-c59c-449c-9890-4e53a478c062/addn_hosts - 3 addresses
May 25 16:54:18 gtw01 dnsmasq-dhcp[16242]: read /var/lib/neutron/dhcp/ca8edbbf-c59c-449c-9890-4e53a478c062/host
May 25 16:54:18 gtw01 dnsmasq-dhcp[16242]: read /var/lib/neutron/dhcp/ca8edbbf-c59c-449c-9890-4e53a478c062/opts
May 25 16:54:19 gtw01 dnsmasq[16242]: read /var/lib/neutron/dhcp/ca8edbbf-c59c-449c-9890-4e53a478c062/addn_hosts - 3 addresses
May 25 16:54:19 gtw01 dnsmasq-dhcp[16242]: read /var/lib/neutron/dhcp/ca8edbbf-c59c-449c-9890-4e53a478c062/host
May 25 16:54:19 gtw01 dnsmasq-dhcp[16242]: read /var/lib/neutron/dhcp/ca8edbbf-c59c-449c-9890-4e53a478c062/opts
May 25 16:54:24 gtw01 systemd-udevd[12942]: Could not generate persistent MAC address for tape36f0f9f-1d: No such file or directory
May 25 16:54:24 gtw01 kernel: [ 6087.095306] device tape36f0f9f-1d entered promiscuous mode
May 25 16:54:24 gtw01 systemd-udevd[12942]: Process '/sbin/ip link set tape36f0f9f-1d txqueuelen 10000' failed with exit code 1.
May 25 16:54:24 gtw01 dnsmasq[6835]: read /var/lib/neutron/dhcp/783bc7b6-0f78-474b-8738-6272ae3d6f4c/addn_hosts - 5 addresses
May 25 16:54:24 gtw01 dnsmasq-dhcp[6835]: read /var/lib/neutron/dhcp/783bc7b6-0f78-474b-8738-6272ae3d6f4c/host
May 25 16:54:24 gtw01 dnsmasq-dhcp[6835]: read /var/lib/neutron/dhcp/783bc7b6-0f78-474b-8738-6272ae3d6f4c/opts
May 25 16:54:27 gtw01 dnsmasq[13126]: started, version 2.80 cachesize 150
May 25 16:54:27 gtw01 dnsmasq[13126]: DNS service limited to local subnets
May 25 16:54:27 gtw01 dnsmasq[13126]: compile time options: IPv6 GNU-getopt DBus i18n IDN DHCP DHCPv6 no-Lua TFTP conntrack ipset auth DNSSEC loop-detect inotify dumpfile
May 25 16:54:27 gtw01 dnsmasq[13126]: warning: no upstream servers configured
May 25 16:54:27 gtw01 dnsmasq-dhcp[13126]: DHCP, static leases only on 192.168.120.0, lease time 1h
May 25 16:54:27 gtw01 dnsmasq[13126]: read /var/lib/neutron/dhcp/99f06d7c-3c4e-4c80-b072-f9002062bc1c/addn_hosts - 1 addresses
May 25 16:54:27 gtw01 dnsmasq-dhcp[13126]: read /var/lib/neutron/dhcp/99f06d7c-3c4e-4c80-b072-f9002062bc1c/host
May 25 16:54:27 gtw01 dnsmasq-dhcp[13126]: read /var/lib/neutron/dhcp/99f06d7c-3c4e-4c80-b072-f9002062bc1c/opts
May 25 16:54:28 gtw01 haproxy-metadata-proxy-99f06d7c-3c4e-4c80-b072-f9002062bc1c[13134]: Proxy listener started.
May 25 16:54:28 gtw01 dnsmasq[13126]: read /var/lib/neutron/dhcp/99f06d7c-3c4e-4c80-b072-f9002062bc1c/addn_hosts - 2 addresses
May 25 16:54:28 gtw01 dnsmasq-dhcp[13126]: read /var/lib/neutron/dhcp/99f06d7c-3c4e-4c80-b072-f9002062bc1c/host
May 25 16:54:28 gtw01 dnsmasq-dhcp[13126]: read /var/lib/neutron/dhcp/99f06d7c-3c4e-4c80-b072-f9002062bc1c/opts
May 25 16:54:29 gtw01 dnsmasq[13126]: read /var/lib/neutron/dhcp/99f06d7c-3c4e-4c80-b072-f9002062bc1c/addn_hosts - 2 addresses
May 25 16:54:29 gtw01 dnsmasq-dhcp[13126]: read /var/lib/neutron/dhcp/99f06d7c-3c4e-4c80-b072-f9002062bc1c/host
May 25 16:54:29 gtw01 dnsmasq-dhcp[13126]: read /var/lib/neutron/dhcp/99f06d7c-3c4e-4c80-b072-f9002062bc1c/opts
May 25 16:54:30 gtw01 dnsmasq[16242]: read /var/lib/neutron/dhcp/ca8edbbf-c59c-449c-9890-4e53a478c062/addn_hosts - 4 addresses
May 25 16:54:30 gtw01 dnsmasq-dhcp[16242]: read /var/lib/neutron/dhcp/ca8edbbf-c59c-449c-9890-4e53a478c062/host
May 25 16:54:30 gtw01 dnsmasq-dhcp[16242]: read /var/lib/neutron/dhcp/ca8edbbf-c59c-449c-9890-4e53a478c062/opts
May 25 16:54:30 gtw01 dnsmasq[13126]: read /var/lib/neutron/dhcp/99f06d7c-3c4e-4c80-b072-f9002062bc1c/addn_hosts - 2 addresses
May 25 16:54:30 gtw01 dnsmasq-dhcp[13126]: read /var/lib/neutron/dhcp/99f06d7c-3c4e-4c80-b072-f9002062bc1c/host
May 25 16:54:30 gtw01 dnsmasq-dhcp[13126]: read /var/lib/neutron/dhcp/99f06d7c-3c4e-4c80-b072-f9002062bc1c/opts
May 25 16:54:31 gtw01 dnsmasq[16242]: read /var/lib/neutron/dhcp/ca8edbbf-c59c-449c-9890-4e53a478c062/addn_hosts - 4 addresses
May 25 16:54:31 gtw01 dnsmasq-dhcp[16242]: read /var/lib/neutron/dhcp/ca8edbbf-c59c-449c-9890-4e53a478c062/host
May 25 16:54:31 gtw01 dnsmasq-dhcp[16242]: read /var/lib/neutron/dhcp/ca8edbbf-c59c-449c-9890-4e53a478c062/opts
May 25 16:54:31 gtw01 dnsmasq[13126]: read /var/lib/neutron/dhcp/99f06d7c-3c4e-4c80-b072-f9002062bc1c/addn_hosts - 2 addresses
May 25 16:54:31 gtw01 dnsmasq-dhcp[13126]: read /var/lib/neutron/dhcp/99f06d7c-3c4e-4c80-b072-f9002062bc1c/host
May 25 16:54:31 gtw01 dnsmasq-dhcp[13126]: read /var/lib/neutron/dhcp/99f06d7c-3c4e-4c80-b072-f9002062bc1c/opts
May 25 16:54:31 gtw01 dnsmasq[6835]: read /var/lib/neutron/dhcp/783bc7b6-0f78-474b-8738-6272ae3d6f4c/addn_hosts - 6 addresses
May 25 16:54:31 gtw01 dnsmasq-dhcp[6835]: read /var/lib/neutron/dhcp/783bc7b6-0f78-474b-8738-6272ae3d6f4c/host
May 25 16:54:31 gtw01 dnsmasq-dhcp[6835]: read /var/lib/neutron/dhcp/783bc7b6-0f78-474b-8738-6272ae3d6f4c/opts
May 25 16:54:32 gtw01 dnsmasq[16242]: read /var/lib/neutron/dhcp/ca8edbbf-c59c-449c-9890-4e53a478c062/addn_hosts - 4 addresses
May 25 16:54:32 gtw01 dnsmasq-dhcp[16242]: read /var/lib/neutron/dhcp/ca8edbbf-c59c-449c-9890-4e53a478c062/host
May 25 16:54:32 gtw01 dnsmasq-dhcp[16242]: read /var/lib/neutron/dhcp/ca8edbbf-c59c-449c-9890-4e53a478c062/opts
May 25 16:54:32 gtw01 dnsmasq[13126]: read /var/lib/neutron/dhcp/99f06d7c-3c4e-4c80-b072-f9002062bc1c/addn_hosts - 3 addresses
May 25 16:54:32 gtw01 dnsmasq-dhcp[13126]: read /var/lib/neutron/dhcp/99f06d7c-3c4e-4c80-b072-f9002062bc1c/host
May 25 16:54:32 gtw01 dnsmasq-dhcp[13126]: read /var/lib/neutron/dhcp/99f06d7c-3c4e-4c80-b072-f9002062bc1c/opts
May 25 16:54:32 gtw01 dnsmasq-dhcp[16242]: DHCPDISCOVER(tap5dbf6d42-f5) fa:16:3e:2d:1f:b2
May 25 16:54:32 gtw01 dnsmasq-dhcp[16242]: DHCPOFFER(tap5dbf6d42-f5) 192.168.120.5 fa:16:3e:2d:1f:b2
May 25 16:54:32 gtw01 dnsmasq-dhcp[16242]: DHCPREQUEST(tap5dbf6d42-f5) 192.168.120.5 fa:16:3e:2d:1f:b2
May 25 16:54:32 gtw01 dnsmasq-dhcp[16242]: DHCPACK(tap5dbf6d42-f5) 192.168.120.5 fa:16:3e:2d:1f:b2 host-192-168-120-5
May 25 16:54:32 gtw01 dnsmasq[6835]: read /var/lib/neutron/dhcp/783bc7b6-0f78-474b-8738-6272ae3d6f4c/addn_hosts - 6 addresses
May 25 16:54:32 gtw01 dnsmasq-dhcp[6835]: read /var/lib/neutron/dhcp/783bc7b6-0f78-474b-8738-6272ae3d6f4c/host
May 25 16:54:32 gtw01 dnsmasq-dhcp[6835]: read /var/lib/neutron/dhcp/783bc7b6-0f78-474b-8738-6272ae3d6f4c/opts
May 25 16:54:33 gtw01 dnsmasq[13126]: read /var/lib/neutron/dhcp/99f06d7c-3c4e-4c80-b072-f9002062bc1c/addn_hosts - 3 addresses
May 25 16:54:33 gtw01 dnsmasq-dhcp[13126]: read /var/lib/neutron/dhcp/99f06d7c-3c4e-4c80-b072-f9002062bc1c/host
May 25 16:54:33 gtw01 dnsmasq-dhcp[13126]: read /var/lib/neutron/dhcp/99f06d7c-3c4e-4c80-b072-f9002062bc1c/opts
May 25 16:54:33 gtw01 dnsmasq[6835]: read /var/lib/neutron/dhcp/783bc7b6-0f78-474b-8738-6272ae3d6f4c/addn_hosts - 6 addresses
May 25 16:54:33 gtw01 dnsmasq-dhcp[6835]: read /var/lib/neutron/dhcp/783bc7b6-0f78-474b-8738-6272ae3d6f4c/host
May 25 16:54:33 gtw01 dnsmasq-dhcp[6835]: read /var/lib/neutron/dhcp/783bc7b6-0f78-474b-8738-6272ae3d6f4c/opts
May 25 16:54:35 gtw01 dnsmasq[13126]: read /var/lib/neutron/dhcp/99f06d7c-3c4e-4c80-b072-f9002062bc1c/addn_hosts - 2 addresses
May 25 16:54:35 gtw01 dnsmasq-dhcp[13126]: read /var/lib/neutron/dhcp/99f06d7c-3c4e-4c80-b072-f9002062bc1c/host
May 25 16:54:35 gtw01 dnsmasq-dhcp[13126]: read /var/lib/neutron/dhcp/99f06d7c-3c4e-4c80-b072-f9002062bc1c/opts
May 25 16:54:38 gtw01 dnsmasq[13126]: read /var/lib/neutron/dhcp/99f06d7c-3c4e-4c80-b072-f9002062bc1c/addn_hosts - 1 addresses
May 25 16:54:38 gtw01 dnsmasq-dhcp[13126]: read /var/lib/neutron/dhcp/99f06d7c-3c4e-4c80-b072-f9002062bc1c/host
May 25 16:54:38 gtw01 dnsmasq-dhcp[13126]: read /var/lib/neutron/dhcp/99f06d7c-3c4e-4c80-b072-f9002062bc1c/opts
May 25 16:54:38 gtw01 dnsmasq[16242]: read /var/lib/neutron/dhcp/ca8edbbf-c59c-449c-9890-4e53a478c062/addn_hosts - 3 addresses
May 25 16:54:38 gtw01 dnsmasq-dhcp[16242]: read /var/lib/neutron/dhcp/ca8edbbf-c59c-449c-9890-4e53a478c062/host
May 25 16:54:38 gtw01 dnsmasq-dhcp[16242]: read /var/lib/neutron/dhcp/ca8edbbf-c59c-449c-9890-4e53a478c062/opts
May 25 16:54:38 gtw01 haproxy-metadata-proxy-99f06d7c-3c4e-4c80-b072-f9002062bc1c[13423]: Proxy listener started.
May 25 16:54:43 gtw01 dnsmasq[16242]: read /var/lib/neutron/dhcp/ca8edbbf-c59c-449c-9890-4e53a478c062/addn_hosts - 4 addresses
May 25 16:54:43 gtw01 dnsmasq-dhcp[16242]: read /var/lib/neutron/dhcp/ca8edbbf-c59c-449c-9890-4e53a478c062/host
May 25 16:54:43 gtw01 dnsmasq-dhcp[16242]: read /var/lib/neutron/dhcp/ca8edbbf-c59c-449c-9890-4e53a478c062/opts
May 25 16:54:44 gtw01 kernel: [ 6106.760061] device tape36f0f9f-1d left promiscuous mode
May 25 16:54:44 gtw01 dnsmasq[16242]: read /var/lib/neutron/dhcp/ca8edbbf-c59c-449c-9890-4e53a478c062/addn_hosts - 4 addresses
May 25 16:54:44 gtw01 dnsmasq-dhcp[16242]: read /var/lib/neutron/dhcp/ca8edbbf-c59c-449c-9890-4e53a478c062/host
May 25 16:54:44 gtw01 dnsmasq-dhcp[16242]: read /var/lib/neutron/dhcp/ca8edbbf-c59c-449c-9890-4e53a478c062/opts
May 25 16:54:45 gtw01 dnsmasq[16242]: read /var/lib/neutron/dhcp/ca8edbbf-c59c-449c-9890-4e53a478c062/addn_hosts - 4 addresses
May 25 16:54:45 gtw01 dnsmasq-dhcp[16242]: read /var/lib/neutron/dhcp/ca8edbbf-c59c-449c-9890-4e53a478c062/host
May 25 16:54:45 gtw01 dnsmasq-dhcp[16242]: read /var/lib/neutron/dhcp/ca8edbbf-c59c-449c-9890-4e53a478c062/opts
May 25 16:54:47 gtw01 dnsmasq-dhcp[6835]: DHCPDISCOVER(tap7cc8934c-9d) fa:16:3e:27:d8:eb
May 25 16:54:47 gtw01 dnsmasq-dhcp[6835]: DHCPOFFER(tap7cc8934c-9d) 192.168.120.13 fa:16:3e:27:d8:eb
May 25 16:54:47 gtw01 dnsmasq-dhcp[6835]: DHCPREQUEST(tap7cc8934c-9d) 192.168.120.13 fa:16:3e:27:d8:eb
May 25 16:54:47 gtw01 dnsmasq-dhcp[6835]: DHCPACK(tap7cc8934c-9d) 192.168.120.13 fa:16:3e:27:d8:eb host-192-168-120-13
May 25 16:54:50 gtw01 dnsmasq[16242]: read /var/lib/neutron/dhcp/ca8edbbf-c59c-449c-9890-4e53a478c062/addn_hosts - 3 addresses
May 25 16:54:50 gtw01 dnsmasq-dhcp[16242]: read /var/lib/neutron/dhcp/ca8edbbf-c59c-449c-9890-4e53a478c062/host
May 25 16:54:50 gtw01 dnsmasq-dhcp[16242]: read /var/lib/neutron/dhcp/ca8edbbf-c59c-449c-9890-4e53a478c062/opts
May 25 16:54:52 gtw01 dnsmasq-dhcp[6835]: DHCPRELEASE(tap7cc8934c-9d) 192.168.120.13 fa:16:3e:27:d8:eb
May 25 16:54:56 gtw01 dnsmasq[16242]: read /var/lib/neutron/dhcp/ca8edbbf-c59c-449c-9890-4e53a478c062/addn_hosts - 4 addresses
May 25 16:54:56 gtw01 dnsmasq-dhcp[16242]: read /var/lib/neutron/dhcp/ca8edbbf-c59c-449c-9890-4e53a478c062/host
May 25 16:54:56 gtw01 dnsmasq-dhcp[16242]: read /var/lib/neutron/dhcp/ca8edbbf-c59c-449c-9890-4e53a478c062/opts
May 25 16:54:57 gtw01 dnsmasq[16242]: read /var/lib/neutron/dhcp/ca8edbbf-c59c-449c-9890-4e53a478c062/addn_hosts - 4 addresses
May 25 16:54:57 gtw01 dnsmasq-dhcp[16242]: read /var/lib/neutron/dhcp/ca8edbbf-c59c-449c-9890-4e53a478c062/host
May 25 16:54:57 gtw01 dnsmasq-dhcp[16242]: read /var/lib/neutron/dhcp/ca8edbbf-c59c-449c-9890-4e53a478c062/opts
May 25 16:54:58 gtw01 dnsmasq[16242]: read /var/lib/neutron/dhcp/ca8edbbf-c59c-449c-9890-4e53a478c062/addn_hosts - 4 addresses
May 25 16:54:58 gtw01 dnsmasq-dhcp[16242]: read /var/lib/neutron/dhcp/ca8edbbf-c59c-449c-9890-4e53a478c062/host
May 25 16:54:58 gtw01 dnsmasq-dhcp[16242]: read /var/lib/neutron/dhcp/ca8edbbf-c59c-449c-9890-4e53a478c062/opts
May 25 16:54:59 gtw01 dnsmasq[6835]: read /var/lib/neutron/dhcp/783bc7b6-0f78-474b-8738-6272ae3d6f4c/addn_hosts - 6 addresses
May 25 16:54:59 gtw01 dnsmasq-dhcp[6835]: read /var/lib/neutron/dhcp/783bc7b6-0f78-474b-8738-6272ae3d6f4c/host
May 25 16:54:59 gtw01 dnsmasq-dhcp[6835]: read /var/lib/neutron/dhcp/783bc7b6-0f78-474b-8738-6272ae3d6f4c/opts
May 25 16:55:00 gtw01 dnsmasq[6835]: read /var/lib/neutron/dhcp/783bc7b6-0f78-474b-8738-6272ae3d6f4c/addn_hosts - 6 addresses
May 25 16:55:00 gtw01 dnsmasq-dhcp[6835]: read /var/lib/neutron/dhcp/783bc7b6-0f78-474b-8738-6272ae3d6f4c/host
May 25 16:55:00 gtw01 dnsmasq-dhcp[6835]: read /var/lib/neutron/dhcp/783bc7b6-0f78-474b-8738-6272ae3d6f4c/opts
May 25 16:55:06 gtw01 dnsmasq[16242]: read /var/lib/neutron/dhcp/ca8edbbf-c59c-449c-9890-4e53a478c062/addn_hosts - 5 addresses
May 25 16:55:06 gtw01 dnsmasq-dhcp[16242]: read /var/lib/neutron/dhcp/ca8edbbf-c59c-449c-9890-4e53a478c062/host
May 25 16:55:06 gtw01 dnsmasq-dhcp[16242]: read /var/lib/neutron/dhcp/ca8edbbf-c59c-449c-9890-4e53a478c062/opts
May 25 16:55:07 gtw01 dnsmasq[16242]: read /var/lib/neutron/dhcp/ca8edbbf-c59c-449c-9890-4e53a478c062/addn_hosts - 5 addresses
May 25 16:55:07 gtw01 dnsmasq-dhcp[16242]: read /var/lib/neutron/dhcp/ca8edbbf-c59c-449c-9890-4e53a478c062/host
May 25 16:55:07 gtw01 dnsmasq-dhcp[16242]: read /var/lib/neutron/dhcp/ca8edbbf-c59c-449c-9890-4e53a478c062/opts
May 25 16:55:08 gtw01 dnsmasq[16242]: read /var/lib/neutron/dhcp/ca8edbbf-c59c-449c-9890-4e53a478c062/addn_hosts - 5 addresses
May 25 16:55:08 gtw01 dnsmasq-dhcp[16242]: read /var/lib/neutron/dhcp/ca8edbbf-c59c-449c-9890-4e53a478c062/host
May 25 16:55:08 gtw01 dnsmasq-dhcp[16242]: read /var/lib/neutron/dhcp/ca8edbbf-c59c-449c-9890-4e53a478c062/opts
May 25 16:55:08 gtw01 kernel: [ 6131.261194] device tap8fd3ebe2-f5 entered promiscuous mode
May 25 16:55:08 gtw01 systemd-udevd[13778]: Could not generate persistent MAC address for tap8fd3ebe2-f5: No such file or directory
May 25 16:55:08 gtw01 systemd-udevd[13778]: Process '/sbin/ip link set tap8fd3ebe2-f5 txqueuelen 10000' failed with exit code 1.
May 25 16:55:08 gtw01 systemd-udevd[13778]: Process '/sbin/ip link set tap8fd3ebe2-f5 txqueuelen 10000' failed with exit code 1.
May 25 16:55:11 gtw01 kernel: [ 6133.799142] device tap1d04583a-27 entered promiscuous mode
May 25 16:55:11 gtw01 systemd-udevd[13948]: Could not generate persistent MAC address for tap1d04583a-27: No such file or directory
May 25 16:55:11 gtw01 systemd-udevd[13948]: Process '/sbin/ip link set tap1d04583a-27 txqueuelen 10000' failed with exit code 1.
May 25 16:55:11 gtw01 dnsmasq-dhcp[16242]: DHCPDISCOVER(tap5dbf6d42-f5) fa:16:3e:05:cf:c1
May 25 16:55:11 gtw01 dnsmasq-dhcp[16242]: DHCPOFFER(tap5dbf6d42-f5) 192.168.120.10 fa:16:3e:05:cf:c1
May 25 16:55:11 gtw01 dnsmasq-dhcp[16242]: DHCPREQUEST(tap5dbf6d42-f5) 192.168.120.10 fa:16:3e:05:cf:c1
May 25 16:55:11 gtw01 dnsmasq-dhcp[16242]: DHCPACK(tap5dbf6d42-f5) 192.168.120.10 fa:16:3e:05:cf:c1 host-192-168-120-10
May 25 16:55:12 gtw01 dnsmasq[14048]: started, version 2.80 cachesize 150
May 25 16:55:12 gtw01 dnsmasq[14048]: DNS service limited to local subnets
May 25 16:55:12 gtw01 dnsmasq[14048]: compile time options: IPv6 GNU-getopt DBus i18n IDN DHCP DHCPv6 no-Lua TFTP conntrack ipset auth DNSSEC loop-detect inotify dumpfile
May 25 16:55:12 gtw01 dnsmasq[14048]: warning: no upstream servers configured
May 25 16:55:12 gtw01 dnsmasq-dhcp[14048]: DHCPv6, static leases only on 2003:0:0:ffff::, lease time 1h
May 25 16:55:12 gtw01 dnsmasq[14048]: read /var/lib/neutron/dhcp/1b11dc7f-2bdf-4901-bafd-c1e8cc938b6c/addn_hosts - 1 addresses
May 25 16:55:12 gtw01 dnsmasq-dhcp[14048]: read /var/lib/neutron/dhcp/1b11dc7f-2bdf-4901-bafd-c1e8cc938b6c/host
May 25 16:55:12 gtw01 dnsmasq-dhcp[14048]: read /var/lib/neutron/dhcp/1b11dc7f-2bdf-4901-bafd-c1e8cc938b6c/opts
May 25 16:55:12 gtw01 dnsmasq[14048]: read /var/lib/neutron/dhcp/1b11dc7f-2bdf-4901-bafd-c1e8cc938b6c/addn_hosts - 1 addresses
May 25 16:55:12 gtw01 dnsmasq-dhcp[14048]: read /var/lib/neutron/dhcp/1b11dc7f-2bdf-4901-bafd-c1e8cc938b6c/host
May 25 16:55:12 gtw01 dnsmasq-dhcp[14048]: read /var/lib/neutron/dhcp/1b11dc7f-2bdf-4901-bafd-c1e8cc938b6c/opts
May 25 16:55:13 gtw01 dnsmasq[6835]: read /var/lib/neutron/dhcp/783bc7b6-0f78-474b-8738-6272ae3d6f4c/addn_hosts - 6 addresses
May 25 16:55:13 gtw01 dnsmasq-dhcp[6835]: read /var/lib/neutron/dhcp/783bc7b6-0f78-474b-8738-6272ae3d6f4c/host
May 25 16:55:13 gtw01 dnsmasq-dhcp[6835]: read /var/lib/neutron/dhcp/783bc7b6-0f78-474b-8738-6272ae3d6f4c/opts
May 25 16:55:13 gtw01 dnsmasq[14048]: read /var/lib/neutron/dhcp/1b11dc7f-2bdf-4901-bafd-c1e8cc938b6c/addn_hosts - 1 addresses
May 25 16:55:13 gtw01 dnsmasq-dhcp[14048]: read /var/lib/neutron/dhcp/1b11dc7f-2bdf-4901-bafd-c1e8cc938b6c/host
May 25 16:55:13 gtw01 dnsmasq-dhcp[14048]: read /var/lib/neutron/dhcp/1b11dc7f-2bdf-4901-bafd-c1e8cc938b6c/opts
May 25 16:55:14 gtw01 dnsmasq[14178]: started, version 2.80 cachesize 150
May 25 16:55:14 gtw01 dnsmasq[14178]: DNS service limited to local subnets
May 25 16:55:14 gtw01 dnsmasq[14178]: compile time options: IPv6 GNU-getopt DBus i18n IDN DHCP DHCPv6 no-Lua TFTP conntrack ipset auth DNSSEC loop-detect inotify dumpfile
May 25 16:55:14 gtw01 dnsmasq[14178]: warning: no upstream servers configured
May 25 16:55:14 gtw01 dnsmasq-dhcp[14178]: DHCPv6, static leases only on 2003::, lease time 1h
May 25 16:55:14 gtw01 dnsmasq[14178]: read /var/lib/neutron/dhcp/a2273066-7be8-43f2-b1e1-60844c7959ab/addn_hosts - 1 addresses
May 25 16:55:14 gtw01 dnsmasq-dhcp[14178]: read /var/lib/neutron/dhcp/a2273066-7be8-43f2-b1e1-60844c7959ab/host
May 25 16:55:14 gtw01 dnsmasq-dhcp[14178]: read /var/lib/neutron/dhcp/a2273066-7be8-43f2-b1e1-60844c7959ab/opts
May 25 16:55:14 gtw01 dnsmasq[14048]: read /var/lib/neutron/dhcp/1b11dc7f-2bdf-4901-bafd-c1e8cc938b6c/addn_hosts - 1 addresses
May 25 16:55:14 gtw01 dnsmasq-dhcp[14048]: read /var/lib/neutron/dhcp/1b11dc7f-2bdf-4901-bafd-c1e8cc938b6c/host
May 25 16:55:14 gtw01 dnsmasq-dhcp[14048]: read /var/lib/neutron/dhcp/1b11dc7f-2bdf-4901-bafd-c1e8cc938b6c/opts
May 25 16:55:15 gtw01 kernel: [ 6137.522638] device tap1d04583a-27 left promiscuous mode
May 25 16:55:16 gtw01 dnsmasq[16242]: read /var/lib/neutron/dhcp/ca8edbbf-c59c-449c-9890-4e53a478c062/addn_hosts - 4 addresses
May 25 16:55:16 gtw01 dnsmasq-dhcp[16242]: read /var/lib/neutron/dhcp/ca8edbbf-c59c-449c-9890-4e53a478c062/host
May 25 16:55:16 gtw01 dnsmasq-dhcp[16242]: read /var/lib/neutron/dhcp/ca8edbbf-c59c-449c-9890-4e53a478c062/opts
May 25 16:55:20 gtw01 systemd-udevd[14261]: Could not generate persistent MAC address for tap78a8383d-5e: No such file or directory
May 25 16:55:20 gtw01 kernel: [ 6142.801875] device tap78a8383d-5e entered promiscuous mode
May 25 16:55:20 gtw01 dnsmasq-dhcp[16242]: DHCPRELEASE(tap5dbf6d42-f5) 192.168.120.10 fa:16:3e:05:cf:c1
May 25 16:55:20 gtw01 systemd-udevd[14261]: Process '/sbin/ip link set tap78a8383d-5e txqueuelen 10000' failed with exit code 1.
May 25 16:55:20 gtw01 dnsmasq-dhcp[16242]: DHCPRELEASE(tap5dbf6d42-f5) 192.168.120.10 fa:16:3e:05:cf:c1 unknown lease
May 25 16:55:21 gtw01 dnsmasq[16242]: read /var/lib/neutron/dhcp/ca8edbbf-c59c-449c-9890-4e53a478c062/addn_hosts - 3 addresses
May 25 16:55:21 gtw01 dnsmasq-dhcp[16242]: read /var/lib/neutron/dhcp/ca8edbbf-c59c-449c-9890-4e53a478c062/host
May 25 16:55:21 gtw01 dnsmasq-dhcp[16242]: read /var/lib/neutron/dhcp/ca8edbbf-c59c-449c-9890-4e53a478c062/opts
May 25 16:55:23 gtw01 dnsmasq[14433]: started, version 2.80 cachesize 150
May 25 16:55:23 gtw01 dnsmasq[14433]: DNS service limited to local subnets
May 25 16:55:23 gtw01 dnsmasq[14433]: compile time options: IPv6 GNU-getopt DBus i18n IDN DHCP DHCPv6 no-Lua TFTP conntrack ipset auth DNSSEC loop-detect inotify dumpfile
May 25 16:55:23 gtw01 dnsmasq[14433]: warning: no upstream servers configured
May 25 16:55:23 gtw01 dnsmasq-dhcp[14433]: DHCPv6, static leases only on 2003::, lease time 1h
May 25 16:55:23 gtw01 dnsmasq[14433]: read /var/lib/neutron/dhcp/f8748c8a-1bbb-4473-87d0-f26eab4b936a/addn_hosts - 1 addresses
May 25 16:55:23 gtw01 dnsmasq-dhcp[14433]: read /var/lib/neutron/dhcp/f8748c8a-1bbb-4473-87d0-f26eab4b936a/host
May 25 16:55:23 gtw01 dnsmasq-dhcp[14433]: read /var/lib/neutron/dhcp/f8748c8a-1bbb-4473-87d0-f26eab4b936a/opts
May 25 16:55:24 gtw01 dnsmasq[14433]: read /var/lib/neutron/dhcp/f8748c8a-1bbb-4473-87d0-f26eab4b936a/addn_hosts - 1 addresses
May 25 16:55:24 gtw01 dnsmasq-dhcp[14433]: read /var/lib/neutron/dhcp/f8748c8a-1bbb-4473-87d0-f26eab4b936a/host
May 25 16:55:24 gtw01 dnsmasq-dhcp[14433]: read /var/lib/neutron/dhcp/f8748c8a-1bbb-4473-87d0-f26eab4b936a/opts
May 25 16:55:25 gtw01 dnsmasq[14433]: read /var/lib/neutron/dhcp/f8748c8a-1bbb-4473-87d0-f26eab4b936a/addn_hosts - 1 addresses
May 25 16:55:25 gtw01 dnsmasq-dhcp[14433]: read /var/lib/neutron/dhcp/f8748c8a-1bbb-4473-87d0-f26eab4b936a/host
May 25 16:55:25 gtw01 dnsmasq-dhcp[14433]: read /var/lib/neutron/dhcp/f8748c8a-1bbb-4473-87d0-f26eab4b936a/opts
May 25 16:55:26 gtw01 dnsmasq[14433]: read /var/lib/neutron/dhcp/f8748c8a-1bbb-4473-87d0-f26eab4b936a/addn_hosts - 1 addresses
May 25 16:55:26 gtw01 dnsmasq-dhcp[14433]: read /var/lib/neutron/dhcp/f8748c8a-1bbb-4473-87d0-f26eab4b936a/host
May 25 16:55:26 gtw01 dnsmasq-dhcp[14433]: read /var/lib/neutron/dhcp/f8748c8a-1bbb-4473-87d0-f26eab4b936a/opts
May 25 16:55:27 gtw01 dnsmasq[16242]: read /var/lib/neutron/dhcp/ca8edbbf-c59c-449c-9890-4e53a478c062/addn_hosts - 4 addresses
May 25 16:55:27 gtw01 dnsmasq-dhcp[16242]: read /var/lib/neutron/dhcp/ca8edbbf-c59c-449c-9890-4e53a478c062/host
May 25 16:55:27 gtw01 dnsmasq-dhcp[16242]: read /var/lib/neutron/dhcp/ca8edbbf-c59c-449c-9890-4e53a478c062/opts
May 25 16:55:27 gtw01 kernel: [ 6149.741929] device tap221d55f0-db entered promiscuous mode
May 25 16:55:27 gtw01 systemd-udevd[14532]: Could not generate persistent MAC address for tap221d55f0-db: No such file or directory
May 25 16:55:27 gtw01 systemd-udevd[14601]: Process '/sbin/ip link set tap221d55f0-db txqueuelen 10000' failed with exit code 1.
May 25 16:55:28 gtw01 dnsmasq[16242]: read /var/lib/neutron/dhcp/ca8edbbf-c59c-449c-9890-4e53a478c062/addn_hosts - 4 addresses
May 25 16:55:28 gtw01 dnsmasq-dhcp[16242]: read /var/lib/neutron/dhcp/ca8edbbf-c59c-449c-9890-4e53a478c062/host
May 25 16:55:28 gtw01 dnsmasq-dhcp[16242]: read /var/lib/neutron/dhcp/ca8edbbf-c59c-449c-9890-4e53a478c062/opts
May 25 16:55:29 gtw01 dnsmasq[6835]: read /var/lib/neutron/dhcp/783bc7b6-0f78-474b-8738-6272ae3d6f4c/addn_hosts - 5 addresses
May 25 16:55:29 gtw01 dnsmasq-dhcp[6835]: read /var/lib/neutron/dhcp/783bc7b6-0f78-474b-8738-6272ae3d6f4c/host
May 25 16:55:29 gtw01 dnsmasq-dhcp[6835]: read /var/lib/neutron/dhcp/783bc7b6-0f78-474b-8738-6272ae3d6f4c/opts
May 25 16:55:29 gtw01 dnsmasq[16242]: read /var/lib/neutron/dhcp/ca8edbbf-c59c-449c-9890-4e53a478c062/addn_hosts - 4 addresses
May 25 16:55:29 gtw01 dnsmasq-dhcp[16242]: read /var/lib/neutron/dhcp/ca8edbbf-c59c-449c-9890-4e53a478c062/host
May 25 16:55:29 gtw01 dnsmasq-dhcp[16242]: read /var/lib/neutron/dhcp/ca8edbbf-c59c-449c-9890-4e53a478c062/opts
May 25 16:55:30 gtw01 dnsmasq[14743]: started, version 2.80 cachesize 150
May 25 16:55:30 gtw01 dnsmasq[14743]: DNS service limited to local subnets
May 25 16:55:30 gtw01 dnsmasq[14743]: compile time options: IPv6 GNU-getopt DBus i18n IDN DHCP DHCPv6 no-Lua TFTP conntrack ipset auth DNSSEC loop-detect inotify dumpfile
May 25 16:55:30 gtw01 dnsmasq[14743]: warning: no upstream servers configured
May 25 16:55:30 gtw01 dnsmasq-dhcp[14743]: DHCPv6, static leases only on 2003::, lease time 1h
May 25 16:55:30 gtw01 dnsmasq[14743]: read /var/lib/neutron/dhcp/c9d24f2a-98a9-45a5-b1f3-3f8b4adaa033/addn_hosts - 1 addresses
May 25 16:55:30 gtw01 dnsmasq-dhcp[14743]: read /var/lib/neutron/dhcp/c9d24f2a-98a9-45a5-b1f3-3f8b4adaa033/host
May 25 16:55:30 gtw01 dnsmasq-dhcp[14743]: read /var/lib/neutron/dhcp/c9d24f2a-98a9-45a5-b1f3-3f8b4adaa033/opts
May 25 16:55:31 gtw01 dnsmasq[14743]: read /var/lib/neutron/dhcp/c9d24f2a-98a9-45a5-b1f3-3f8b4adaa033/addn_hosts - 1 addresses
May 25 16:55:31 gtw01 dnsmasq-dhcp[14743]: read /var/lib/neutron/dhcp/c9d24f2a-98a9-45a5-b1f3-3f8b4adaa033/host
May 25 16:55:31 gtw01 dnsmasq-dhcp[14743]: read /var/lib/neutron/dhcp/c9d24f2a-98a9-45a5-b1f3-3f8b4adaa033/opts
May 25 16:55:32 gtw01 dnsmasq[14743]: read /var/lib/neutron/dhcp/c9d24f2a-98a9-45a5-b1f3-3f8b4adaa033/addn_hosts - 1 addresses
May 25 16:55:32 gtw01 dnsmasq-dhcp[14743]: read /var/lib/neutron/dhcp/c9d24f2a-98a9-45a5-b1f3-3f8b4adaa033/host
May 25 16:55:32 gtw01 dnsmasq-dhcp[14743]: read /var/lib/neutron/dhcp/c9d24f2a-98a9-45a5-b1f3-3f8b4adaa033/opts
May 25 16:55:33 gtw01 dnsmasq[14743]: read /var/lib/neutron/dhcp/c9d24f2a-98a9-45a5-b1f3-3f8b4adaa033/addn_hosts - 1 addresses
May 25 16:55:33 gtw01 dnsmasq-dhcp[14743]: read /var/lib/neutron/dhcp/c9d24f2a-98a9-45a5-b1f3-3f8b4adaa033/host
May 25 16:55:33 gtw01 dnsmasq-dhcp[14743]: read /var/lib/neutron/dhcp/c9d24f2a-98a9-45a5-b1f3-3f8b4adaa033/opts
May 25 16:55:35 gtw01 dnsmasq[16242]: read /var/lib/neutron/dhcp/ca8edbbf-c59c-449c-9890-4e53a478c062/addn_hosts - 3 addresses
May 25 16:55:35 gtw01 dnsmasq-dhcp[16242]: read /var/lib/neutron/dhcp/ca8edbbf-c59c-449c-9890-4e53a478c062/host
May 25 16:55:35 gtw01 dnsmasq-dhcp[16242]: read /var/lib/neutron/dhcp/ca8edbbf-c59c-449c-9890-4e53a478c062/opts
May 25 16:55:37 gtw01 dnsmasq[6835]: read /var/lib/neutron/dhcp/783bc7b6-0f78-474b-8738-6272ae3d6f4c/addn_hosts - 6 addresses
May 25 16:55:37 gtw01 dnsmasq-dhcp[6835]: read /var/lib/neutron/dhcp/783bc7b6-0f78-474b-8738-6272ae3d6f4c/host
May 25 16:55:37 gtw01 dnsmasq-dhcp[6835]: read /var/lib/neutron/dhcp/783bc7b6-0f78-474b-8738-6272ae3d6f4c/opts
May 25 16:55:38 gtw01 dnsmasq[6835]: read /var/lib/neutron/dhcp/783bc7b6-0f78-474b-8738-6272ae3d6f4c/addn_hosts - 6 addresses
May 25 16:55:38 gtw01 dnsmasq-dhcp[6835]: read /var/lib/neutron/dhcp/783bc7b6-0f78-474b-8738-6272ae3d6f4c/host
May 25 16:55:38 gtw01 dnsmasq-dhcp[6835]: read /var/lib/neutron/dhcp/783bc7b6-0f78-474b-8738-6272ae3d6f4c/opts
May 25 16:55:39 gtw01 dnsmasq[6835]: read /var/lib/neutron/dhcp/783bc7b6-0f78-474b-8738-6272ae3d6f4c/addn_hosts - 6 addresses
May 25 16:55:39 gtw01 dnsmasq-dhcp[6835]: read /var/lib/neutron/dhcp/783bc7b6-0f78-474b-8738-6272ae3d6f4c/host
May 25 16:55:39 gtw01 dnsmasq-dhcp[6835]: read /var/lib/neutron/dhcp/783bc7b6-0f78-474b-8738-6272ae3d6f4c/opts
May 25 16:55:43 gtw01 dnsmasq[16242]: read /var/lib/neutron/dhcp/ca8edbbf-c59c-449c-9890-4e53a478c062/addn_hosts - 4 addresses
May 25 16:55:43 gtw01 dnsmasq-dhcp[16242]: read /var/lib/neutron/dhcp/ca8edbbf-c59c-449c-9890-4e53a478c062/host
May 25 16:55:43 gtw01 dnsmasq-dhcp[16242]: read /var/lib/neutron/dhcp/ca8edbbf-c59c-449c-9890-4e53a478c062/opts
May 25 16:55:44 gtw01 kernel: [ 6167.133262] device tap8961b148-ae entered promiscuous mode
May 25 16:55:44 gtw01 systemd-udevd[14971]: Could not generate persistent MAC address for tap8961b148-ae: No such file or directory
May 25 16:55:44 gtw01 dnsmasq[16242]: read /var/lib/neutron/dhcp/ca8edbbf-c59c-449c-9890-4e53a478c062/addn_hosts - 4 addresses
May 25 16:55:44 gtw01 dnsmasq-dhcp[16242]: read /var/lib/neutron/dhcp/ca8edbbf-c59c-449c-9890-4e53a478c062/host
May 25 16:55:44 gtw01 dnsmasq-dhcp[16242]: read /var/lib/neutron/dhcp/ca8edbbf-c59c-449c-9890-4e53a478c062/opts
May 25 16:55:44 gtw01 systemd-udevd[14971]: Process '/sbin/ip link set tap8961b148-ae txqueuelen 10000' failed with exit code 1.
May 25 16:55:44 gtw01 systemd-udevd[14971]: Process '/sbin/ip link set tap8961b148-ae txqueuelen 10000' failed with exit code 1.
May 25 16:55:45 gtw01 dnsmasq[16242]: read /var/lib/neutron/dhcp/ca8edbbf-c59c-449c-9890-4e53a478c062/addn_hosts - 4 addresses
May 25 16:55:45 gtw01 dnsmasq-dhcp[16242]: read /var/lib/neutron/dhcp/ca8edbbf-c59c-449c-9890-4e53a478c062/host
May 25 16:55:45 gtw01 dnsmasq-dhcp[16242]: read /var/lib/neutron/dhcp/ca8edbbf-c59c-449c-9890-4e53a478c062/opts
May 25 16:55:47 gtw01 dnsmasq[15174]: started, version 2.80 cachesize 150
May 25 16:55:47 gtw01 dnsmasq[15174]: DNS service limited to local subnets
May 25 16:55:47 gtw01 dnsmasq[15174]: compile time options: IPv6 GNU-getopt DBus i18n IDN DHCP DHCPv6 no-Lua TFTP conntrack ipset auth DNSSEC loop-detect inotify dumpfile
May 25 16:55:47 gtw01 dnsmasq[15174]: warning: no upstream servers configured
May 25 16:55:47 gtw01 dnsmasq-dhcp[15174]: DHCPv6, static leases only on 2003::, lease time 1h
May 25 16:55:47 gtw01 dnsmasq[15174]: read /var/lib/neutron/dhcp/f273453a-55d7-4f7d-9ff5-a080f1e16603/addn_hosts - 1 addresses
May 25 16:55:47 gtw01 dnsmasq-dhcp[15174]: read /var/lib/neutron/dhcp/f273453a-55d7-4f7d-9ff5-a080f1e16603/host
May 25 16:55:47 gtw01 dnsmasq-dhcp[15174]: read /var/lib/neutron/dhcp/f273453a-55d7-4f7d-9ff5-a080f1e16603/opts
May 25 16:55:48 gtw01 kernel: [ 6171.198359] device tap974b80b7-16 entered promiscuous mode
May 25 16:55:48 gtw01 systemd-udevd[15212]: Could not generate persistent MAC address for tap974b80b7-16: No such file or directory
May 25 16:55:48 gtw01 systemd-udevd[15212]: Process '/sbin/ip link set tap974b80b7-16 txqueuelen 10000' failed with exit code 1.
May 25 16:55:48 gtw01 systemd-udevd[15212]: Process '/sbin/ip link set tap974b80b7-16 txqueuelen 10000' failed with exit code 1.
May 25 16:55:51 gtw01 dnsmasq[15422]: started, version 2.80 cachesize 150
May 25 16:55:51 gtw01 dnsmasq[15422]: DNS service limited to local subnets
May 25 16:55:51 gtw01 dnsmasq[15422]: compile time options: IPv6 GNU-getopt DBus i18n IDN DHCP DHCPv6 no-Lua TFTP conntrack ipset auth DNSSEC loop-detect inotify dumpfile
May 25 16:55:51 gtw01 dnsmasq[15422]: warning: no upstream servers configured
