May 25 17:37:09 gtw01 dnsmasq[2830]: read /var/lib/neutron/dhcp/be733482-ec25-4b92-b4a0-3e71a1b28ae3/addn_hosts - 2 addresses
May 25 17:37:09 gtw01 dnsmasq-dhcp[2830]: read /var/lib/neutron/dhcp/be733482-ec25-4b92-b4a0-3e71a1b28ae3/host
May 25 17:37:09 gtw01 dnsmasq-dhcp[2830]: read /var/lib/neutron/dhcp/be733482-ec25-4b92-b4a0-3e71a1b28ae3/opts
May 25 17:37:10 gtw01 dnsmasq[5615]: read /var/lib/neutron/dhcp/e28da346-1755-4959-a41d-14990c7e80b7/addn_hosts - 2 addresses
May 25 17:37:10 gtw01 dnsmasq-dhcp[5615]: read /var/lib/neutron/dhcp/e28da346-1755-4959-a41d-14990c7e80b7/host
May 25 17:37:10 gtw01 dnsmasq-dhcp[5615]: read /var/lib/neutron/dhcp/e28da346-1755-4959-a41d-14990c7e80b7/opts
May 25 17:37:10 gtw01 dnsmasq[6384]: read /var/lib/neutron/dhcp/c5135f1c-5ed1-41ae-bed0-1b70ab3591a0/addn_hosts - 2 addresses
May 25 17:37:10 gtw01 dnsmasq-dhcp[6384]: read /var/lib/neutron/dhcp/c5135f1c-5ed1-41ae-bed0-1b70ab3591a0/host
May 25 17:37:10 gtw01 dnsmasq-dhcp[6384]: read /var/lib/neutron/dhcp/c5135f1c-5ed1-41ae-bed0-1b70ab3591a0/opts
May 25 17:37:10 gtw01 systemd-udevd[6839]: Could not generate persistent MAC address for qr-96646430-85: No such file or directory
May 25 17:37:10 gtw01 kernel: [ 8652.740547] device qr-96646430-85 entered promiscuous mode
May 25 17:37:10 gtw01 dnsmasq[6512]: read /var/lib/neutron/dhcp/8a503919-c9d7-4a7a-ba20-12dccadba69e/addn_hosts - 2 addresses
May 25 17:37:10 gtw01 dnsmasq-dhcp[6512]: read /var/lib/neutron/dhcp/8a503919-c9d7-4a7a-ba20-12dccadba69e/host
May 25 17:37:10 gtw01 dnsmasq-dhcp[6512]: read /var/lib/neutron/dhcp/8a503919-c9d7-4a7a-ba20-12dccadba69e/opts
May 25 17:37:10 gtw01 kernel: [ 8653.256691] device qr-a96e09ea-19 left promiscuous mode
May 25 17:37:11 gtw01 dnsmasq[6998]: started, version 2.80 cachesize 150
May 25 17:37:11 gtw01 dnsmasq[6998]: DNS service limited to local subnets
May 25 17:37:11 gtw01 dnsmasq[6998]: compile time options: IPv6 GNU-getopt DBus i18n IDN DHCP DHCPv6 no-Lua TFTP conntrack ipset auth DNSSEC loop-detect inotify dumpfile
May 25 17:37:11 gtw01 dnsmasq[6998]: warning: no upstream servers configured
May 25 17:37:11 gtw01 dnsmasq-dhcp[6998]: DHCP, static leases only on 192.168.120.0, lease time 1h
May 25 17:37:11 gtw01 dnsmasq[6998]: read /var/lib/neutron/dhcp/0dc7ce65-306a-4e55-80f1-0ce05010427e/addn_hosts - 1 addresses
May 25 17:37:11 gtw01 dnsmasq-dhcp[6998]: read /var/lib/neutron/dhcp/0dc7ce65-306a-4e55-80f1-0ce05010427e/host
May 25 17:37:11 gtw01 dnsmasq-dhcp[6998]: read /var/lib/neutron/dhcp/0dc7ce65-306a-4e55-80f1-0ce05010427e/opts
May 25 17:37:11 gtw01 systemd-udevd[7019]: Could not generate persistent MAC address for qr-33cee5ab-45: No such file or directory
May 25 17:37:11 gtw01 kernel: [ 8653.859164] device qr-33cee5ab-45 entered promiscuous mode
May 25 17:37:11 gtw01 dnsmasq[7109]: started, version 2.80 cachesize 150
May 25 17:37:11 gtw01 dnsmasq[7109]: DNS service limited to local subnets
May 25 17:37:11 gtw01 dnsmasq[7109]: compile time options: IPv6 GNU-getopt DBus i18n IDN DHCP DHCPv6 no-Lua TFTP conntrack ipset auth DNSSEC loop-detect inotify dumpfile
May 25 17:37:11 gtw01 dnsmasq[7109]: warning: no upstream servers configured
May 25 17:37:11 gtw01 dnsmasq-dhcp[7109]: DHCP, static leases only on 192.168.120.0, lease time 1h
May 25 17:37:11 gtw01 dnsmasq[7109]: read /var/lib/neutron/dhcp/779933c8-2b50-4bc3-ba6f-b5613f7e70be/addn_hosts - 1 addresses
May 25 17:37:11 gtw01 dnsmasq-dhcp[7109]: read /var/lib/neutron/dhcp/779933c8-2b50-4bc3-ba6f-b5613f7e70be/host
May 25 17:37:11 gtw01 dnsmasq-dhcp[7109]: read /var/lib/neutron/dhcp/779933c8-2b50-4bc3-ba6f-b5613f7e70be/opts
May 25 17:37:11 gtw01 haproxy-metadata-proxy-0dc7ce65-306a-4e55-80f1-0ce05010427e[7105]: Proxy listener started.
May 25 17:37:11 gtw01 dnsmasq[6525]: read /var/lib/neutron/dhcp/3550dfe7-d6fc-46f1-9584-08b06a30a1bc/addn_hosts - 2 addresses
May 25 17:37:11 gtw01 dnsmasq-dhcp[6525]: read /var/lib/neutron/dhcp/3550dfe7-d6fc-46f1-9584-08b06a30a1bc/host
May 25 17:37:11 gtw01 dnsmasq-dhcp[6525]: read /var/lib/neutron/dhcp/3550dfe7-d6fc-46f1-9584-08b06a30a1bc/opts
May 25 17:37:11 gtw01 dnsmasq[5754]: read /var/lib/neutron/dhcp/d6a77d30-4dcf-493c-b18a-440ea96f6465/addn_hosts - 2 addresses
May 25 17:37:11 gtw01 dnsmasq-dhcp[5754]: read /var/lib/neutron/dhcp/d6a77d30-4dcf-493c-b18a-440ea96f6465/host
May 25 17:37:11 gtw01 dnsmasq-dhcp[5754]: read /var/lib/neutron/dhcp/d6a77d30-4dcf-493c-b18a-440ea96f6465/opts
May 25 17:37:12 gtw01 haproxy-metadata-proxy-779933c8-2b50-4bc3-ba6f-b5613f7e70be[7178]: Proxy listener started.
May 25 17:37:12 gtw01 kernel: [ 8655.048274] net_ratelimit: 15 callbacks suppressed
May 25 17:37:12 gtw01 kernel: [ 8655.048275] IPv4: martian source 192.168.120.1 from 192.168.120.1, on dev qr-56ed1ac2-0e
May 25 17:37:12 gtw01 kernel: [ 8655.048278] ll header: 00000000: ff ff ff ff ff ff fa 16 3e 91 e1 70 08 06        ........>..p..
May 25 17:37:12 gtw01 kernel: [ 8655.048282] IPv4: martian source 192.168.120.1 from 192.168.120.1, on dev qr-d4249583-7e
May 25 17:37:12 gtw01 kernel: [ 8655.048283] ll header: 00000000: ff ff ff ff ff ff fa 16 3e 91 e1 70 08 06        ........>..p..
May 25 17:37:12 gtw01 kernel: [ 8655.048288] IPv4: martian source 192.168.120.1 from 192.168.120.1, on dev qg-d8150f2b-92
May 25 17:37:12 gtw01 kernel: [ 8655.048288] ll header: 00000000: ff ff ff ff ff ff fa 16 3e 91 e1 70 08 06        ........>..p..
May 25 17:37:12 gtw01 kernel: [ 8655.048300] IPv4: martian source 192.168.120.1 from 192.168.120.1, on dev qr-911f5a8d-50
May 25 17:37:12 gtw01 kernel: [ 8655.048301] ll header: 00000000: ff ff ff ff ff ff fa 16 3e 91 e1 70 08 06        ........>..p..
May 25 17:37:12 gtw01 kernel: [ 8655.048306] IPv4: martian source 192.168.120.1 from 192.168.120.1, on dev qr-9f31f458-d3
May 25 17:37:12 gtw01 kernel: [ 8655.048307] ll header: 00000000: ff ff ff ff ff ff fa 16 3e 91 e1 70 08 06        ........>..p..
May 25 17:37:12 gtw01 kernel: [ 8655.048309] IPv4: martian source 192.168.120.1 from 192.168.120.1, on dev qr-33cee5ab-45
May 25 17:37:12 gtw01 kernel: [ 8655.048310] ll header: 00000000: ff ff ff ff ff ff fa 16 3e 91 e1 70 08 06        ........>..p..
May 25 17:37:12 gtw01 kernel: [ 8655.112313] IPv4: martian source 192.168.120.1 from 192.168.120.1, on dev qr-56ed1ac2-0e
May 25 17:37:12 gtw01 kernel: [ 8655.112316] ll header: 00000000: ff ff ff ff ff ff fa 16 3e 1f 63 c7 08 06        ........>.c...
May 25 17:37:12 gtw01 kernel: [ 8655.112320] IPv4: martian source 192.168.120.1 from 192.168.120.1, on dev qr-d4249583-7e
May 25 17:37:12 gtw01 kernel: [ 8655.112321] ll header: 00000000: ff ff ff ff ff ff fa 16 3e 1f 63 c7 08 06        ........>.c...
May 25 17:37:12 gtw01 kernel: [ 8655.112326] IPv4: martian source 192.168.120.1 from 192.168.120.1, on dev qg-d8150f2b-92
May 25 17:37:12 gtw01 kernel: [ 8655.112326] ll header: 00000000: ff ff ff ff ff ff fa 16 3e 1f 63 c7 08 06        ........>.c...
May 25 17:37:12 gtw01 kernel: [ 8655.112341] IPv4: martian source 192.168.120.1 from 192.168.120.1, on dev qr-9f31f458-d3
May 25 17:37:12 gtw01 kernel: [ 8655.112341] ll header: 00000000: ff ff ff ff ff ff fa 16 3e 1f 63 c7 08 06        ........>.c...
May 25 17:37:12 gtw01 dnsmasq[32704]: read /var/lib/neutron/dhcp/fd009b4d-2b93-462e-9ee8-3194af48705d/addn_hosts - 3 addresses
May 25 17:37:12 gtw01 dnsmasq-dhcp[32704]: read /var/lib/neutron/dhcp/fd009b4d-2b93-462e-9ee8-3194af48705d/host
May 25 17:37:12 gtw01 dnsmasq-dhcp[32704]: read /var/lib/neutron/dhcp/fd009b4d-2b93-462e-9ee8-3194af48705d/opts
May 25 17:37:13 gtw01 dnsmasq[5077]: read /var/lib/neutron/dhcp/a36438d4-c9de-4e77-ad53-9027da771c4c/addn_hosts - 2 addresses
May 25 17:37:13 gtw01 dnsmasq-dhcp[5077]: read /var/lib/neutron/dhcp/a36438d4-c9de-4e77-ad53-9027da771c4c/host
May 25 17:37:13 gtw01 dnsmasq-dhcp[5077]: read /var/lib/neutron/dhcp/a36438d4-c9de-4e77-ad53-9027da771c4c/opts
May 25 17:37:13 gtw01 dnsmasq[6512]: read /var/lib/neutron/dhcp/8a503919-c9d7-4a7a-ba20-12dccadba69e/addn_hosts - 2 addresses
May 25 17:37:13 gtw01 dnsmasq-dhcp[6512]: read /var/lib/neutron/dhcp/8a503919-c9d7-4a7a-ba20-12dccadba69e/host
May 25 17:37:13 gtw01 dnsmasq-dhcp[6512]: read /var/lib/neutron/dhcp/8a503919-c9d7-4a7a-ba20-12dccadba69e/opts
May 25 17:37:13 gtw01 dnsmasq[6998]: read /var/lib/neutron/dhcp/0dc7ce65-306a-4e55-80f1-0ce05010427e/addn_hosts - 1 addresses
May 25 17:37:13 gtw01 dnsmasq-dhcp[6998]: read /var/lib/neutron/dhcp/0dc7ce65-306a-4e55-80f1-0ce05010427e/host
May 25 17:37:13 gtw01 dnsmasq-dhcp[6998]: read /var/lib/neutron/dhcp/0dc7ce65-306a-4e55-80f1-0ce05010427e/opts
May 25 17:37:13 gtw01 dnsmasq[6384]: read /var/lib/neutron/dhcp/c5135f1c-5ed1-41ae-bed0-1b70ab3591a0/addn_hosts - 2 addresses
May 25 17:37:13 gtw01 dnsmasq-dhcp[6384]: read /var/lib/neutron/dhcp/c5135f1c-5ed1-41ae-bed0-1b70ab3591a0/host
May 25 17:37:13 gtw01 dnsmasq-dhcp[6384]: read /var/lib/neutron/dhcp/c5135f1c-5ed1-41ae-bed0-1b70ab3591a0/opts
May 25 17:37:14 gtw01 dnsmasq[7109]: read /var/lib/neutron/dhcp/779933c8-2b50-4bc3-ba6f-b5613f7e70be/addn_hosts - 2 addresses
May 25 17:37:14 gtw01 dnsmasq-dhcp[7109]: read /var/lib/neutron/dhcp/779933c8-2b50-4bc3-ba6f-b5613f7e70be/host
May 25 17:37:14 gtw01 dnsmasq-dhcp[7109]: read /var/lib/neutron/dhcp/779933c8-2b50-4bc3-ba6f-b5613f7e70be/opts
May 25 17:37:14 gtw01 dnsmasq[1986]: read /var/lib/neutron/dhcp/1936bb55-57d0-4f3e-8197-26b4235e7b49/addn_hosts - 3 addresses
May 25 17:37:14 gtw01 dnsmasq-dhcp[1986]: read /var/lib/neutron/dhcp/1936bb55-57d0-4f3e-8197-26b4235e7b49/host
May 25 17:37:14 gtw01 dnsmasq-dhcp[1986]: read /var/lib/neutron/dhcp/1936bb55-57d0-4f3e-8197-26b4235e7b49/opts
May 25 17:37:15 gtw01 dnsmasq[6525]: read /var/lib/neutron/dhcp/3550dfe7-d6fc-46f1-9584-08b06a30a1bc/addn_hosts - 2 addresses
May 25 17:37:15 gtw01 dnsmasq-dhcp[6525]: read /var/lib/neutron/dhcp/3550dfe7-d6fc-46f1-9584-08b06a30a1bc/host
May 25 17:37:15 gtw01 dnsmasq-dhcp[6525]: read /var/lib/neutron/dhcp/3550dfe7-d6fc-46f1-9584-08b06a30a1bc/opts
May 25 17:37:15 gtw01 dnsmasq[32704]: read /var/lib/neutron/dhcp/fd009b4d-2b93-462e-9ee8-3194af48705d/addn_hosts - 3 addresses
May 25 17:37:15 gtw01 dnsmasq-dhcp[32704]: read /var/lib/neutron/dhcp/fd009b4d-2b93-462e-9ee8-3194af48705d/host
May 25 17:37:15 gtw01 dnsmasq-dhcp[32704]: read /var/lib/neutron/dhcp/fd009b4d-2b93-462e-9ee8-3194af48705d/opts
May 25 17:37:15 gtw01 dnsmasq[5615]: read /var/lib/neutron/dhcp/e28da346-1755-4959-a41d-14990c7e80b7/addn_hosts - 2 addresses
May 25 17:37:15 gtw01 dnsmasq-dhcp[5615]: read /var/lib/neutron/dhcp/e28da346-1755-4959-a41d-14990c7e80b7/host
May 25 17:37:15 gtw01 dnsmasq-dhcp[5615]: read /var/lib/neutron/dhcp/e28da346-1755-4959-a41d-14990c7e80b7/opts
May 25 17:37:15 gtw01 dnsmasq[6512]: read /var/lib/neutron/dhcp/8a503919-c9d7-4a7a-ba20-12dccadba69e/addn_hosts - 2 addresses
May 25 17:37:15 gtw01 dnsmasq-dhcp[6512]: read /var/lib/neutron/dhcp/8a503919-c9d7-4a7a-ba20-12dccadba69e/host
May 25 17:37:15 gtw01 dnsmasq-dhcp[6512]: read /var/lib/neutron/dhcp/8a503919-c9d7-4a7a-ba20-12dccadba69e/opts
May 25 17:37:15 gtw01 dnsmasq[6384]: read /var/lib/neutron/dhcp/c5135f1c-5ed1-41ae-bed0-1b70ab3591a0/addn_hosts - 2 addresses
May 25 17:37:15 gtw01 dnsmasq-dhcp[6384]: read /var/lib/neutron/dhcp/c5135f1c-5ed1-41ae-bed0-1b70ab3591a0/host
May 25 17:37:15 gtw01 dnsmasq-dhcp[6384]: read /var/lib/neutron/dhcp/c5135f1c-5ed1-41ae-bed0-1b70ab3591a0/opts
May 25 17:37:16 gtw01 dnsmasq[6998]: read /var/lib/neutron/dhcp/0dc7ce65-306a-4e55-80f1-0ce05010427e/addn_hosts - 1 addresses
May 25 17:37:16 gtw01 dnsmasq-dhcp[6998]: read /var/lib/neutron/dhcp/0dc7ce65-306a-4e55-80f1-0ce05010427e/host
May 25 17:37:16 gtw01 dnsmasq-dhcp[6998]: read /var/lib/neutron/dhcp/0dc7ce65-306a-4e55-80f1-0ce05010427e/opts
May 25 17:37:17 gtw01 dnsmasq[5754]: read /var/lib/neutron/dhcp/d6a77d30-4dcf-493c-b18a-440ea96f6465/addn_hosts - 2 addresses
May 25 17:37:17 gtw01 dnsmasq-dhcp[5754]: read /var/lib/neutron/dhcp/d6a77d30-4dcf-493c-b18a-440ea96f6465/host
May 25 17:37:17 gtw01 dnsmasq-dhcp[5754]: read /var/lib/neutron/dhcp/d6a77d30-4dcf-493c-b18a-440ea96f6465/opts
May 25 17:37:17 gtw01 dnsmasq[7109]: read /var/lib/neutron/dhcp/779933c8-2b50-4bc3-ba6f-b5613f7e70be/addn_hosts - 2 addresses
May 25 17:37:17 gtw01 dnsmasq-dhcp[7109]: read /var/lib/neutron/dhcp/779933c8-2b50-4bc3-ba6f-b5613f7e70be/host
May 25 17:37:17 gtw01 dnsmasq-dhcp[7109]: read /var/lib/neutron/dhcp/779933c8-2b50-4bc3-ba6f-b5613f7e70be/opts
May 25 17:37:17 gtw01 dnsmasq[6525]: read /var/lib/neutron/dhcp/3550dfe7-d6fc-46f1-9584-08b06a30a1bc/addn_hosts - 2 addresses
May 25 17:37:17 gtw01 dnsmasq-dhcp[6525]: read /var/lib/neutron/dhcp/3550dfe7-d6fc-46f1-9584-08b06a30a1bc/host
May 25 17:37:17 gtw01 dnsmasq-dhcp[6525]: read /var/lib/neutron/dhcp/3550dfe7-d6fc-46f1-9584-08b06a30a1bc/opts
May 25 17:37:17 gtw01 systemd-udevd[7684]: Could not generate persistent MAC address for qr-9b5ae0ca-7d: No such file or directory
May 25 17:37:17 gtw01 kernel: [ 8660.100836] device qr-9b5ae0ca-7d entered promiscuous mode
May 25 17:37:17 gtw01 kernel: [ 8660.468629] net_ratelimit: 26 callbacks suppressed
May 25 17:37:17 gtw01 kernel: [ 8660.468630] IPv4: martian source 192.168.120.1 from 192.168.120.1, on dev qr-56ed1ac2-0e
May 25 17:37:17 gtw01 kernel: [ 8660.468633] ll header: 00000000: ff ff ff ff ff ff fa 16 3e 66 d5 09 08 06        ........>f....
May 25 17:37:17 gtw01 kernel: [ 8660.468637] IPv4: martian source 192.168.120.1 from 192.168.120.1, on dev qr-d4249583-7e
May 25 17:37:17 gtw01 kernel: [ 8660.468638] ll header: 00000000: ff ff ff ff ff ff fa 16 3e 66 d5 09 08 06        ........>f....
May 25 17:37:17 gtw01 kernel: [ 8660.468643] IPv4: martian source 192.168.120.1 from 192.168.120.1, on dev qg-d8150f2b-92
May 25 17:37:17 gtw01 kernel: [ 8660.468643] ll header: 00000000: ff ff ff ff ff ff fa 16 3e 66 d5 09 08 06        ........>f....
May 25 17:37:17 gtw01 kernel: [ 8660.468656] IPv4: martian source 192.168.120.1 from 192.168.120.1, on dev qr-911f5a8d-50
May 25 17:37:17 gtw01 kernel: [ 8660.468656] ll header: 00000000: ff ff ff ff ff ff fa 16 3e 66 d5 09 08 06        ........>f....
May 25 17:37:17 gtw01 kernel: [ 8660.468662] IPv4: martian source 192.168.120.1 from 192.168.120.1, on dev qr-9f31f458-d3
May 25 17:37:17 gtw01 kernel: [ 8660.468663] ll header: 00000000: ff ff ff ff ff ff fa 16 3e 66 d5 09 08 06        ........>f....
May 25 17:37:17 gtw01 kernel: [ 8660.468666] IPv4: martian source 192.168.120.1 from 192.168.120.1, on dev qr-96646430-85
May 25 17:37:17 gtw01 kernel: [ 8660.468666] ll header: 00000000: ff ff ff ff ff ff fa 16 3e 66 d5 09 08 06        ........>f....
May 25 17:37:17 gtw01 kernel: [ 8660.468669] IPv4: martian source 192.168.120.1 from 192.168.120.1, on dev qr-9b5ae0ca-7d
May 25 17:37:17 gtw01 kernel: [ 8660.468670] ll header: 00000000: ff ff ff ff ff ff fa 16 3e 66 d5 09 08 06        ........>f....
May 25 17:37:18 gtw01 dnsmasq[1986]: read /var/lib/neutron/dhcp/1936bb55-57d0-4f3e-8197-26b4235e7b49/addn_hosts - 3 addresses
May 25 17:37:18 gtw01 dnsmasq-dhcp[1986]: read /var/lib/neutron/dhcp/1936bb55-57d0-4f3e-8197-26b4235e7b49/host
May 25 17:37:18 gtw01 dnsmasq-dhcp[1986]: read /var/lib/neutron/dhcp/1936bb55-57d0-4f3e-8197-26b4235e7b49/opts
May 25 17:37:18 gtw01 dnsmasq[6512]: read /var/lib/neutron/dhcp/8a503919-c9d7-4a7a-ba20-12dccadba69e/addn_hosts - 2 addresses
May 25 17:37:18 gtw01 dnsmasq-dhcp[6512]: read /var/lib/neutron/dhcp/8a503919-c9d7-4a7a-ba20-12dccadba69e/host
May 25 17:37:18 gtw01 dnsmasq-dhcp[6512]: read /var/lib/neutron/dhcp/8a503919-c9d7-4a7a-ba20-12dccadba69e/opts
May 25 17:37:18 gtw01 dnsmasq[1797]: read /var/lib/neutron/dhcp/6083a92f-2903-465b-8834-83583ba47df3/addn_hosts - 2 addresses
May 25 17:37:18 gtw01 dnsmasq-dhcp[1797]: read /var/lib/neutron/dhcp/6083a92f-2903-465b-8834-83583ba47df3/host
May 25 17:37:18 gtw01 dnsmasq-dhcp[1797]: read /var/lib/neutron/dhcp/6083a92f-2903-465b-8834-83583ba47df3/opts
May 25 17:37:18 gtw01 dnsmasq[6384]: read /var/lib/neutron/dhcp/c5135f1c-5ed1-41ae-bed0-1b70ab3591a0/addn_hosts - 2 addresses
May 25 17:37:18 gtw01 dnsmasq-dhcp[6384]: read /var/lib/neutron/dhcp/c5135f1c-5ed1-41ae-bed0-1b70ab3591a0/host
May 25 17:37:18 gtw01 dnsmasq-dhcp[6384]: read /var/lib/neutron/dhcp/c5135f1c-5ed1-41ae-bed0-1b70ab3591a0/opts
May 25 17:37:19 gtw01 kernel: [ 8661.544453] IPv4: martian source 192.168.120.1 from 192.168.120.1, on dev qr-56ed1ac2-0e
May 25 17:37:19 gtw01 kernel: [ 8661.544456] ll header: 00000000: ff ff ff ff ff ff fa 16 3e 91 e1 70 08 06        ........>..p..
May 25 17:37:19 gtw01 kernel: [ 8661.544459] IPv4: martian source 192.168.120.1 from 192.168.120.1, on dev qr-d4249583-7e
May 25 17:37:19 gtw01 kernel: [ 8661.544460] ll header: 00000000: ff ff ff ff ff ff fa 16 3e 91 e1 70 08 06        ........>..p..
May 25 17:37:19 gtw01 kernel: [ 8661.544466] IPv4: martian source 192.168.120.1 from 192.168.120.1, on dev qg-d8150f2b-92
May 25 17:37:19 gtw01 kernel: [ 8661.544467] ll header: 00000000: ff ff ff ff ff ff fa 16 3e 91 e1 70 08 06        ........>..p..
May 25 17:37:19 gtw01 dnsmasq[6998]: read /var/lib/neutron/dhcp/0dc7ce65-306a-4e55-80f1-0ce05010427e/addn_hosts - 2 addresses
May 25 17:37:19 gtw01 dnsmasq-dhcp[6998]: read /var/lib/neutron/dhcp/0dc7ce65-306a-4e55-80f1-0ce05010427e/host
May 25 17:37:19 gtw01 dnsmasq-dhcp[6998]: read /var/lib/neutron/dhcp/0dc7ce65-306a-4e55-80f1-0ce05010427e/opts
May 25 17:37:20 gtw01 systemd-udevd[7986]: Could not generate persistent MAC address for qr-e30c8d15-6a: No such file or directory
May 25 17:37:20 gtw01 kernel: [ 8662.712896] device qr-e30c8d15-6a entered promiscuous mode
May 25 17:37:20 gtw01 dnsmasq[7109]: read /var/lib/neutron/dhcp/779933c8-2b50-4bc3-ba6f-b5613f7e70be/addn_hosts - 2 addresses
May 25 17:37:20 gtw01 dnsmasq-dhcp[7109]: read /var/lib/neutron/dhcp/779933c8-2b50-4bc3-ba6f-b5613f7e70be/host
May 25 17:37:20 gtw01 dnsmasq-dhcp[7109]: read /var/lib/neutron/dhcp/779933c8-2b50-4bc3-ba6f-b5613f7e70be/opts
May 25 17:37:20 gtw01 dnsmasq[6525]: read /var/lib/neutron/dhcp/3550dfe7-d6fc-46f1-9584-08b06a30a1bc/addn_hosts - 2 addresses
May 25 17:37:20 gtw01 dnsmasq-dhcp[6525]: read /var/lib/neutron/dhcp/3550dfe7-d6fc-46f1-9584-08b06a30a1bc/host
May 25 17:37:20 gtw01 dnsmasq-dhcp[6525]: read /var/lib/neutron/dhcp/3550dfe7-d6fc-46f1-9584-08b06a30a1bc/opts
May 25 17:37:20 gtw01 dnsmasq[2830]: read /var/lib/neutron/dhcp/be733482-ec25-4b92-b4a0-3e71a1b28ae3/addn_hosts - 2 addresses
May 25 17:37:20 gtw01 dnsmasq-dhcp[2830]: read /var/lib/neutron/dhcp/be733482-ec25-4b92-b4a0-3e71a1b28ae3/host
May 25 17:37:20 gtw01 dnsmasq-dhcp[2830]: read /var/lib/neutron/dhcp/be733482-ec25-4b92-b4a0-3e71a1b28ae3/opts
May 25 17:37:21 gtw01 dnsmasq[1986]: read /var/lib/neutron/dhcp/1936bb55-57d0-4f3e-8197-26b4235e7b49/addn_hosts - 3 addresses
May 25 17:37:21 gtw01 dnsmasq-dhcp[1986]: read /var/lib/neutron/dhcp/1936bb55-57d0-4f3e-8197-26b4235e7b49/host
May 25 17:37:21 gtw01 dnsmasq-dhcp[1986]: read /var/lib/neutron/dhcp/1936bb55-57d0-4f3e-8197-26b4235e7b49/opts
May 25 17:37:21 gtw01 dnsmasq[6512]: read /var/lib/neutron/dhcp/8a503919-c9d7-4a7a-ba20-12dccadba69e/addn_hosts - 2 addresses
May 25 17:37:21 gtw01 dnsmasq-dhcp[6512]: read /var/lib/neutron/dhcp/8a503919-c9d7-4a7a-ba20-12dccadba69e/host
May 25 17:37:21 gtw01 dnsmasq-dhcp[6512]: read /var/lib/neutron/dhcp/8a503919-c9d7-4a7a-ba20-12dccadba69e/opts
May 25 17:37:21 gtw01 dnsmasq[1797]: read /var/lib/neutron/dhcp/6083a92f-2903-465b-8834-83583ba47df3/addn_hosts - 2 addresses
May 25 17:37:21 gtw01 dnsmasq-dhcp[1797]: read /var/lib/neutron/dhcp/6083a92f-2903-465b-8834-83583ba47df3/host
May 25 17:37:21 gtw01 dnsmasq-dhcp[1797]: read /var/lib/neutron/dhcp/6083a92f-2903-465b-8834-83583ba47df3/opts
May 25 17:37:22 gtw01 dnsmasq[6384]: read /var/lib/neutron/dhcp/c5135f1c-5ed1-41ae-bed0-1b70ab3591a0/addn_hosts - 2 addresses
May 25 17:37:22 gtw01 dnsmasq-dhcp[6384]: read /var/lib/neutron/dhcp/c5135f1c-5ed1-41ae-bed0-1b70ab3591a0/host
May 25 17:37:22 gtw01 dnsmasq-dhcp[6384]: read /var/lib/neutron/dhcp/c5135f1c-5ed1-41ae-bed0-1b70ab3591a0/opts
May 25 17:37:22 gtw01 kernel: [ 8665.204832] device qr-e33e235e-c8 entered promiscuous mode
May 25 17:37:22 gtw01 systemd-udevd[8301]: Could not generate persistent MAC address for qr-e33e235e-c8: No such file or directory
May 25 17:37:22 gtw01 dnsmasq[6998]: read /var/lib/neutron/dhcp/0dc7ce65-306a-4e55-80f1-0ce05010427e/addn_hosts - 2 addresses
May 25 17:37:22 gtw01 dnsmasq-dhcp[6998]: read /var/lib/neutron/dhcp/0dc7ce65-306a-4e55-80f1-0ce05010427e/host
May 25 17:37:22 gtw01 dnsmasq-dhcp[6998]: read /var/lib/neutron/dhcp/0dc7ce65-306a-4e55-80f1-0ce05010427e/opts
May 25 17:37:22 gtw01 dnsmasq[7109]: read /var/lib/neutron/dhcp/779933c8-2b50-4bc3-ba6f-b5613f7e70be/addn_hosts - 2 addresses
May 25 17:37:22 gtw01 dnsmasq-dhcp[7109]: read /var/lib/neutron/dhcp/779933c8-2b50-4bc3-ba6f-b5613f7e70be/host
May 25 17:37:22 gtw01 dnsmasq-dhcp[7109]: read /var/lib/neutron/dhcp/779933c8-2b50-4bc3-ba6f-b5613f7e70be/opts
May 25 17:37:23 gtw01 dnsmasq[6525]: read /var/lib/neutron/dhcp/3550dfe7-d6fc-46f1-9584-08b06a30a1bc/addn_hosts - 2 addresses
May 25 17:37:23 gtw01 dnsmasq-dhcp[6525]: read /var/lib/neutron/dhcp/3550dfe7-d6fc-46f1-9584-08b06a30a1bc/host
May 25 17:37:23 gtw01 dnsmasq-dhcp[6525]: read /var/lib/neutron/dhcp/3550dfe7-d6fc-46f1-9584-08b06a30a1bc/opts
May 25 17:37:23 gtw01 systemd-udevd[8430]: Could not generate persistent MAC address for vxlan_sys_4789: No such file or directory
May 25 17:37:23 gtw01 kernel: [ 8665.812701] device vxlan_sys_4789 entered promiscuous mode
May 25 17:37:23 gtw01 kernel: [ 8666.248804] net_ratelimit: 5 callbacks suppressed
May 25 17:37:23 gtw01 kernel: [ 8666.248806] IPv4: martian source 192.168.120.1 from 192.168.120.1, on dev qr-d4249583-7e
May 25 17:37:23 gtw01 kernel: [ 8666.248809] ll header: 00000000: ff ff ff ff ff ff fa 16 3e b1 5a 3b 08 06        ........>.Z;..
May 25 17:37:23 gtw01 kernel: [ 8666.248814] IPv4: martian source 192.168.120.1 from 192.168.120.1, on dev qr-9b5ae0ca-7d
May 25 17:37:23 gtw01 kernel: [ 8666.248814] ll header: 00000000: ff ff ff ff ff ff fa 16 3e b1 5a 3b 08 06        ........>.Z;..
May 25 17:37:23 gtw01 kernel: [ 8666.317810] device tap89b1b14b-1f left promiscuous mode
May 25 17:37:24 gtw01 systemd-udevd[8588]: Could not generate persistent MAC address for qg-8a6e7a90-f1: No such file or directory
May 25 17:37:24 gtw01 kernel: [ 8666.740764] device qg-8a6e7a90-f1 entered promiscuous mode
May 25 17:37:24 gtw01 dnsmasq[2830]: read /var/lib/neutron/dhcp/be733482-ec25-4b92-b4a0-3e71a1b28ae3/addn_hosts - 2 addresses
May 25 17:37:24 gtw01 dnsmasq-dhcp[2830]: read /var/lib/neutron/dhcp/be733482-ec25-4b92-b4a0-3e71a1b28ae3/host
May 25 17:37:24 gtw01 dnsmasq-dhcp[2830]: read /var/lib/neutron/dhcp/be733482-ec25-4b92-b4a0-3e71a1b28ae3/opts
May 25 17:37:24 gtw01 dnsmasq[2682]: read /var/lib/neutron/dhcp/3333ef4e-4551-4763-931b-b9b74ba057a8/addn_hosts - 2 addresses
May 25 17:37:24 gtw01 dnsmasq-dhcp[2682]: read /var/lib/neutron/dhcp/3333ef4e-4551-4763-931b-b9b74ba057a8/host
May 25 17:37:24 gtw01 dnsmasq-dhcp[2682]: read /var/lib/neutron/dhcp/3333ef4e-4551-4763-931b-b9b74ba057a8/opts
May 25 17:37:24 gtw01 systemd-udevd[8674]: Could not generate persistent MAC address for qr-76c4a238-14: No such file or directory
May 25 17:37:24 gtw01 kernel: [ 8666.988792] device qr-76c4a238-14 entered promiscuous mode
May 25 17:37:24 gtw01 dnsmasq[2040]: read /var/lib/neutron/dhcp/b58060b3-8c43-4c01-b7dc-2d30c098305a/addn_hosts - 3 addresses
May 25 17:37:24 gtw01 dnsmasq-dhcp[2040]: read /var/lib/neutron/dhcp/b58060b3-8c43-4c01-b7dc-2d30c098305a/host
May 25 17:37:24 gtw01 dnsmasq-dhcp[2040]: read /var/lib/neutron/dhcp/b58060b3-8c43-4c01-b7dc-2d30c098305a/opts
May 25 17:37:24 gtw01 kernel: [ 8667.216458] IPv4: martian source 192.168.120.1 from 192.168.120.1, on dev qr-d4249583-7e
May 25 17:37:24 gtw01 kernel: [ 8667.216461] ll header: 00000000: ff ff ff ff ff ff fa 16 3e f2 11 90 08 06        ........>.....
May 25 17:37:24 gtw01 kernel: [ 8667.216466] IPv4: martian source 192.168.120.1 from 192.168.120.1, on dev qr-e30c8d15-6a
May 25 17:37:24 gtw01 kernel: [ 8667.216467] ll header: 00000000: ff ff ff ff ff ff fa 16 3e f2 11 90 08 06        ........>.....
May 25 17:37:24 gtw01 kernel: [ 8667.216468] IPv4: martian source 192.168.120.1 from 192.168.120.1, on dev qr-e33e235e-c8
May 25 17:37:24 gtw01 kernel: [ 8667.216469] ll header: 00000000: ff ff ff ff ff ff fa 16 3e f2 11 90 08 06        ........>.....
May 25 17:37:24 gtw01 kernel: [ 8667.216471] IPv4: martian source 192.168.120.1 from 192.168.120.1, on dev qg-8a6e7a90-f1
May 25 17:37:24 gtw01 kernel: [ 8667.216471] ll header: 00000000: ff ff ff ff ff ff fa 16 3e f2 11 90 08 06        ........>.....
May 25 17:37:24 gtw01 dnsmasq[1616]: read /var/lib/neutron/dhcp/1f723cd6-31b1-4160-ab19-b7ef1b4539d4/addn_hosts - 2 addresses
May 25 17:37:24 gtw01 dnsmasq-dhcp[1616]: read /var/lib/neutron/dhcp/1f723cd6-31b1-4160-ab19-b7ef1b4539d4/host
May 25 17:37:24 gtw01 dnsmasq-dhcp[1616]: read /var/lib/neutron/dhcp/1f723cd6-31b1-4160-ab19-b7ef1b4539d4/opts
May 25 17:37:25 gtw01 dnsmasq[7109]: read /var/lib/neutron/dhcp/779933c8-2b50-4bc3-ba6f-b5613f7e70be/addn_hosts - 2 addresses
May 25 17:37:25 gtw01 dnsmasq-dhcp[7109]: read /var/lib/neutron/dhcp/779933c8-2b50-4bc3-ba6f-b5613f7e70be/host
May 25 17:37:25 gtw01 dnsmasq-dhcp[7109]: read /var/lib/neutron/dhcp/779933c8-2b50-4bc3-ba6f-b5613f7e70be/opts
May 25 17:37:25 gtw01 systemd-udevd[8832]: Could not generate persistent MAC address for qr-5df41381-22: No such file or directory
May 25 17:37:25 gtw01 kernel: [ 8667.828945] device qr-5df41381-22 entered promiscuous mode
May 25 17:37:25 gtw01 dnsmasq[6998]: read /var/lib/neutron/dhcp/0dc7ce65-306a-4e55-80f1-0ce05010427e/addn_hosts - 2 addresses
May 25 17:37:25 gtw01 dnsmasq-dhcp[6998]: read /var/lib/neutron/dhcp/0dc7ce65-306a-4e55-80f1-0ce05010427e/host
May 25 17:37:25 gtw01 dnsmasq-dhcp[6998]: read /var/lib/neutron/dhcp/0dc7ce65-306a-4e55-80f1-0ce05010427e/opts
May 25 17:37:25 gtw01 systemd-udevd[8942]: Could not generate persistent MAC address for qr-e32853c3-2d: No such file or directory
May 25 17:37:25 gtw01 kernel: [ 8668.229004] device qr-e32853c3-2d entered promiscuous mode
May 25 17:37:25 gtw01 kernel: [ 8668.456518] IPv4: martian source 192.168.120.1 from 192.168.120.1, on dev qr-d4249583-7e
May 25 17:37:25 gtw01 kernel: [ 8668.456521] ll header: 00000000: ff ff ff ff ff ff fa 16 3e ec f7 84 08 06        ........>.....
May 25 17:37:25 gtw01 kernel: [ 8668.456526] IPv4: martian source 192.168.120.1 from 192.168.120.1, on dev qr-9b5ae0ca-7d
May 25 17:37:25 gtw01 kernel: [ 8668.456527] ll header: 00000000: ff ff ff ff ff ff fa 16 3e ec f7 84 08 06        ........>.....
May 25 17:37:25 gtw01 kernel: [ 8668.456530] IPv4: martian source 192.168.120.1 from 192.168.120.1, on dev qr-e30c8d15-6a
May 25 17:37:25 gtw01 kernel: [ 8668.456531] ll header: 00000000: ff ff ff ff ff ff fa 16 3e ec f7 84 08 06        ........>.....
May 25 17:37:25 gtw01 kernel: [ 8668.456533] IPv4: martian source 192.168.120.1 from 192.168.120.1, on dev qg-8a6e7a90-f1
May 25 17:37:25 gtw01 kernel: [ 8668.456534] ll header: 00000000: ff ff ff ff ff ff fa 16 3e ec f7 84 08 06        ........>.....
May 25 17:37:26 gtw01 dnsmasq[1925]: read /var/lib/neutron/dhcp/49b78b5d-80f8-436d-9130-cb7c06337683/addn_hosts - 2 addresses
May 25 17:37:26 gtw01 dnsmasq-dhcp[1925]: read /var/lib/neutron/dhcp/49b78b5d-80f8-436d-9130-cb7c06337683/host
May 25 17:37:26 gtw01 dnsmasq-dhcp[1925]: read /var/lib/neutron/dhcp/49b78b5d-80f8-436d-9130-cb7c06337683/opts
May 25 17:37:26 gtw01 systemd-udevd[9071]: Could not generate persistent MAC address for qg-a46acf55-7e: No such file or directory
May 25 17:37:26 gtw01 kernel: [ 8668.809020] device qg-a46acf55-7e entered promiscuous mode
May 25 17:37:26 gtw01 dnsmasq[1986]: read /var/lib/neutron/dhcp/1936bb55-57d0-4f3e-8197-26b4235e7b49/addn_hosts - 3 addresses
May 25 17:37:26 gtw01 dnsmasq-dhcp[1986]: read /var/lib/neutron/dhcp/1936bb55-57d0-4f3e-8197-26b4235e7b49/host
May 25 17:37:26 gtw01 dnsmasq-dhcp[1986]: read /var/lib/neutron/dhcp/1936bb55-57d0-4f3e-8197-26b4235e7b49/opts
May 25 17:37:27 gtw01 dnsmasq[5615]: read /var/lib/neutron/dhcp/e28da346-1755-4959-a41d-14990c7e80b7/addn_hosts - 2 addresses
May 25 17:37:27 gtw01 dnsmasq-dhcp[5615]: read /var/lib/neutron/dhcp/e28da346-1755-4959-a41d-14990c7e80b7/host
May 25 17:37:27 gtw01 dnsmasq-dhcp[5615]: read /var/lib/neutron/dhcp/e28da346-1755-4959-a41d-14990c7e80b7/opts
May 25 17:37:27 gtw01 dnsmasq[2040]: read /var/lib/neutron/dhcp/b58060b3-8c43-4c01-b7dc-2d30c098305a/addn_hosts - 3 addresses
May 25 17:37:27 gtw01 dnsmasq-dhcp[2040]: read /var/lib/neutron/dhcp/b58060b3-8c43-4c01-b7dc-2d30c098305a/host
May 25 17:37:27 gtw01 dnsmasq-dhcp[2040]: read /var/lib/neutron/dhcp/b58060b3-8c43-4c01-b7dc-2d30c098305a/opts
May 25 17:37:27 gtw01 dnsmasq[2682]: read /var/lib/neutron/dhcp/3333ef4e-4551-4763-931b-b9b74ba057a8/addn_hosts - 2 addresses
May 25 17:37:27 gtw01 dnsmasq-dhcp[2682]: read /var/lib/neutron/dhcp/3333ef4e-4551-4763-931b-b9b74ba057a8/host
May 25 17:37:27 gtw01 dnsmasq-dhcp[2682]: read /var/lib/neutron/dhcp/3333ef4e-4551-4763-931b-b9b74ba057a8/opts
May 25 17:37:27 gtw01 dnsmasq[1616]: read /var/lib/neutron/dhcp/1f723cd6-31b1-4160-ab19-b7ef1b4539d4/addn_hosts - 2 addresses
May 25 17:37:27 gtw01 dnsmasq-dhcp[1616]: read /var/lib/neutron/dhcp/1f723cd6-31b1-4160-ab19-b7ef1b4539d4/host
May 25 17:37:27 gtw01 dnsmasq-dhcp[1616]: read /var/lib/neutron/dhcp/1f723cd6-31b1-4160-ab19-b7ef1b4539d4/opts
May 25 17:37:28 gtw01 dnsmasq[5077]: read /var/lib/neutron/dhcp/a36438d4-c9de-4e77-ad53-9027da771c4c/addn_hosts - 2 addresses
May 25 17:37:28 gtw01 dnsmasq-dhcp[5077]: read /var/lib/neutron/dhcp/a36438d4-c9de-4e77-ad53-9027da771c4c/host
May 25 17:37:28 gtw01 dnsmasq-dhcp[5077]: read /var/lib/neutron/dhcp/a36438d4-c9de-4e77-ad53-9027da771c4c/opts
May 25 17:37:28 gtw01 dnsmasq[6525]: read /var/lib/neutron/dhcp/3550dfe7-d6fc-46f1-9584-08b06a30a1bc/addn_hosts - 2 addresses
May 25 17:37:28 gtw01 dnsmasq-dhcp[6525]: read /var/lib/neutron/dhcp/3550dfe7-d6fc-46f1-9584-08b06a30a1bc/host
May 25 17:37:28 gtw01 dnsmasq-dhcp[6525]: read /var/lib/neutron/dhcp/3550dfe7-d6fc-46f1-9584-08b06a30a1bc/opts
May 25 17:37:28 gtw01 dnsmasq[1925]: read /var/lib/neutron/dhcp/49b78b5d-80f8-436d-9130-cb7c06337683/addn_hosts - 2 addresses
May 25 17:37:28 gtw01 dnsmasq-dhcp[1925]: read /var/lib/neutron/dhcp/49b78b5d-80f8-436d-9130-cb7c06337683/host
May 25 17:37:28 gtw01 dnsmasq-dhcp[1925]: read /var/lib/neutron/dhcp/49b78b5d-80f8-436d-9130-cb7c06337683/opts
May 25 17:37:28 gtw01 kernel: [ 8671.445328] net_ratelimit: 24 callbacks suppressed
May 25 17:37:28 gtw01 kernel: [ 8671.445330] IPv4: martian source 192.168.120.1 from 192.168.120.1, on dev qr-d4249583-7e
May 25 17:37:28 gtw01 kernel: [ 8671.445333] ll header: 00000000: ff ff ff ff ff ff fa 16 3e 7e d2 8e 08 06        ........>~....
May 25 17:37:28 gtw01 kernel: [ 8671.445338] IPv4: martian source 192.168.120.1 from 192.168.120.1, on dev qr-9b5ae0ca-7d
May 25 17:37:28 gtw01 kernel: [ 8671.445339] ll header: 00000000: ff ff ff ff ff ff fa 16 3e 7e d2 8e 08 06        ........>~....
May 25 17:37:28 gtw01 kernel: [ 8671.445341] IPv4: martian source 192.168.120.1 from 192.168.120.1, on dev qr-e30c8d15-6a
May 25 17:37:28 gtw01 kernel: [ 8671.445342] ll header: 00000000: ff ff ff ff ff ff fa 16 3e 7e d2 8e 08 06        ........>~....
May 25 17:37:28 gtw01 kernel: [ 8671.445344] IPv4: martian source 192.168.120.1 from 192.168.120.1, on dev qr-e33e235e-c8
May 25 17:37:28 gtw01 kernel: [ 8671.445345] ll header: 00000000: ff ff ff ff ff ff fa 16 3e 7e d2 8e 08 06        ........>~....
May 25 17:37:28 gtw01 kernel: [ 8671.445346] IPv4: martian source 192.168.120.1 from 192.168.120.1, on dev qg-8a6e7a90-f1
May 25 17:37:28 gtw01 kernel: [ 8671.445347] ll header: 00000000: ff ff ff ff ff ff fa 16 3e 7e d2 8e 08 06        ........>~....
May 25 17:37:28 gtw01 kernel: [ 8671.445349] IPv4: martian source 192.168.120.1 from 192.168.120.1, on dev qr-76c4a238-14
May 25 17:37:28 gtw01 kernel: [ 8671.445350] ll header: 00000000: ff ff ff ff ff ff fa 16 3e 7e d2 8e 08 06        ........>~....
May 25 17:37:28 gtw01 kernel: [ 8671.445352] IPv4: martian source 192.168.120.1 from 192.168.120.1, on dev qr-e32853c3-2d
May 25 17:37:28 gtw01 kernel: [ 8671.445353] ll header: 00000000: ff ff ff ff ff ff fa 16 3e 7e d2 8e 08 06        ........>~....
May 25 17:37:28 gtw01 kernel: [ 8671.445354] IPv4: martian source 192.168.120.1 from 192.168.120.1, on dev qg-a46acf55-7e
May 25 17:37:28 gtw01 kernel: [ 8671.445355] ll header: 00000000: ff ff ff ff ff ff fa 16 3e 7e d2 8e 08 06        ........>~....
May 25 17:37:29 gtw01 kernel: [ 8671.920383] IPv4: martian source 192.168.120.1 from 192.168.120.1, on dev qr-d4249583-7e
May 25 17:37:29 gtw01 kernel: [ 8671.920386] ll header: 00000000: ff ff ff ff ff ff fa 16 3e ec f7 84 08 06        ........>.....
May 25 17:37:29 gtw01 kernel: [ 8671.920391] IPv4: martian source 192.168.120.1 from 192.168.120.1, on dev qr-9b5ae0ca-7d
May 25 17:37:29 gtw01 kernel: [ 8671.920392] ll header: 00000000: ff ff ff ff ff ff fa 16 3e ec f7 84 08 06        ........>.....
May 25 17:37:29 gtw01 dnsmasq[1986]: read /var/lib/neutron/dhcp/1936bb55-57d0-4f3e-8197-26b4235e7b49/addn_hosts - 3 addresses
May 25 17:37:29 gtw01 dnsmasq-dhcp[1986]: read /var/lib/neutron/dhcp/1936bb55-57d0-4f3e-8197-26b4235e7b49/host
May 25 17:37:29 gtw01 dnsmasq-dhcp[1986]: read /var/lib/neutron/dhcp/1936bb55-57d0-4f3e-8197-26b4235e7b49/opts
May 25 17:37:29 gtw01 kernel: [ 8672.093089] device qg-f570b9c9-10 entered promiscuous mode
May 25 17:37:29 gtw01 systemd-udevd[9454]: Could not generate persistent MAC address for qg-f570b9c9-10: No such file or directory
May 25 17:37:30 gtw01 systemd-udevd[9560]: Could not generate persistent MAC address for qg-1e0a0b78-ea: No such file or directory
May 25 17:37:30 gtw01 kernel: [ 8672.544943] device qg-1e0a0b78-ea entered promiscuous mode
May 25 17:37:30 gtw01 dnsmasq[5615]: read /var/lib/neutron/dhcp/e28da346-1755-4959-a41d-14990c7e80b7/addn_hosts - 2 addresses
May 25 17:37:30 gtw01 dnsmasq-dhcp[5615]: read /var/lib/neutron/dhcp/e28da346-1755-4959-a41d-14990c7e80b7/host
May 25 17:37:30 gtw01 dnsmasq-dhcp[5615]: read /var/lib/neutron/dhcp/e28da346-1755-4959-a41d-14990c7e80b7/opts
May 25 17:37:30 gtw01 dnsmasq[2040]: read /var/lib/neutron/dhcp/b58060b3-8c43-4c01-b7dc-2d30c098305a/addn_hosts - 3 addresses
May 25 17:37:30 gtw01 dnsmasq-dhcp[2040]: read /var/lib/neutron/dhcp/b58060b3-8c43-4c01-b7dc-2d30c098305a/host
May 25 17:37:30 gtw01 dnsmasq-dhcp[2040]: read /var/lib/neutron/dhcp/b58060b3-8c43-4c01-b7dc-2d30c098305a/opts
May 25 17:37:30 gtw01 dnsmasq[6384]: read /var/lib/neutron/dhcp/c5135f1c-5ed1-41ae-bed0-1b70ab3591a0/addn_hosts - 2 addresses
May 25 17:37:30 gtw01 dnsmasq-dhcp[6384]: read /var/lib/neutron/dhcp/c5135f1c-5ed1-41ae-bed0-1b70ab3591a0/host
May 25 17:37:30 gtw01 dnsmasq-dhcp[6384]: read /var/lib/neutron/dhcp/c5135f1c-5ed1-41ae-bed0-1b70ab3591a0/opts
May 25 17:37:30 gtw01 systemd-udevd[9670]: Could not generate persistent MAC address for qg-c8b9dbbd-e5: No such file or directory
May 25 17:37:30 gtw01 kernel: [ 8672.992929] device qg-c8b9dbbd-e5 entered promiscuous mode
May 25 17:37:30 gtw01 dnsmasq[5077]: read /var/lib/neutron/dhcp/a36438d4-c9de-4e77-ad53-9027da771c4c/addn_hosts - 2 addresses
May 25 17:37:30 gtw01 dnsmasq-dhcp[5077]: read /var/lib/neutron/dhcp/a36438d4-c9de-4e77-ad53-9027da771c4c/host
May 25 17:37:30 gtw01 dnsmasq-dhcp[5077]: read /var/lib/neutron/dhcp/a36438d4-c9de-4e77-ad53-9027da771c4c/opts
May 25 17:37:31 gtw01 dnsmasq[6525]: read /var/lib/neutron/dhcp/3550dfe7-d6fc-46f1-9584-08b06a30a1bc/addn_hosts - 2 addresses
May 25 17:37:31 gtw01 dnsmasq-dhcp[6525]: read /var/lib/neutron/dhcp/3550dfe7-d6fc-46f1-9584-08b06a30a1bc/host
May 25 17:37:31 gtw01 dnsmasq-dhcp[6525]: read /var/lib/neutron/dhcp/3550dfe7-d6fc-46f1-9584-08b06a30a1bc/opts
May 25 17:37:31 gtw01 kernel: [ 8673.888143] device tap5f2a5b01-6f left promiscuous mode
May 25 17:37:31 gtw01 kernel: [ 8674.029486] device tap6688440f-d3 left promiscuous mode
May 25 17:37:32 gtw01 dnsmasq[5754]: read /var/lib/neutron/dhcp/d6a77d30-4dcf-493c-b18a-440ea96f6465/addn_hosts - 2 addresses
May 25 17:37:32 gtw01 dnsmasq-dhcp[5754]: read /var/lib/neutron/dhcp/d6a77d30-4dcf-493c-b18a-440ea96f6465/host
May 25 17:37:32 gtw01 dnsmasq-dhcp[5754]: read /var/lib/neutron/dhcp/d6a77d30-4dcf-493c-b18a-440ea96f6465/opts
May 25 17:37:32 gtw01 dnsmasq[6512]: read /var/lib/neutron/dhcp/8a503919-c9d7-4a7a-ba20-12dccadba69e/addn_hosts - 2 addresses
May 25 17:37:32 gtw01 dnsmasq-dhcp[6512]: read /var/lib/neutron/dhcp/8a503919-c9d7-4a7a-ba20-12dccadba69e/host
May 25 17:37:32 gtw01 dnsmasq-dhcp[6512]: read /var/lib/neutron/dhcp/8a503919-c9d7-4a7a-ba20-12dccadba69e/opts
May 25 17:37:32 gtw01 dnsmasq[2040]: read /var/lib/neutron/dhcp/b58060b3-8c43-4c01-b7dc-2d30c098305a/addn_hosts - 3 addresses
May 25 17:37:32 gtw01 dnsmasq-dhcp[2040]: read /var/lib/neutron/dhcp/b58060b3-8c43-4c01-b7dc-2d30c098305a/host
May 25 17:37:32 gtw01 dnsmasq-dhcp[2040]: read /var/lib/neutron/dhcp/b58060b3-8c43-4c01-b7dc-2d30c098305a/opts
May 25 17:37:32 gtw01 dnsmasq[6384]: read /var/lib/neutron/dhcp/c5135f1c-5ed1-41ae-bed0-1b70ab3591a0/addn_hosts - 2 addresses
May 25 17:37:32 gtw01 dnsmasq-dhcp[6384]: read /var/lib/neutron/dhcp/c5135f1c-5ed1-41ae-bed0-1b70ab3591a0/host
May 25 17:37:32 gtw01 dnsmasq-dhcp[6384]: read /var/lib/neutron/dhcp/c5135f1c-5ed1-41ae-bed0-1b70ab3591a0/opts
May 25 17:37:32 gtw01 dnsmasq[7109]: read /var/lib/neutron/dhcp/779933c8-2b50-4bc3-ba6f-b5613f7e70be/addn_hosts - 2 addresses
May 25 17:37:32 gtw01 dnsmasq-dhcp[7109]: read /var/lib/neutron/dhcp/779933c8-2b50-4bc3-ba6f-b5613f7e70be/host
May 25 17:37:32 gtw01 dnsmasq-dhcp[7109]: read /var/lib/neutron/dhcp/779933c8-2b50-4bc3-ba6f-b5613f7e70be/opts
May 25 17:37:33 gtw01 systemd-udevd[10033]: Could not generate persistent MAC address for qr-ab940081-d8: No such file or directory
May 25 17:37:33 gtw01 kernel: [ 8676.053022] device qr-ab940081-d8 entered promiscuous mode
May 25 17:37:33 gtw01 dnsmasq[1797]: read /var/lib/neutron/dhcp/6083a92f-2903-465b-8834-83583ba47df3/addn_hosts - 1 addresses
May 25 17:37:33 gtw01 dnsmasq-dhcp[1797]: read /var/lib/neutron/dhcp/6083a92f-2903-465b-8834-83583ba47df3/host
May 25 17:37:33 gtw01 dnsmasq-dhcp[1797]: read /var/lib/neutron/dhcp/6083a92f-2903-465b-8834-83583ba47df3/opts
May 25 17:37:33 gtw01 dnsmasq[32704]: read /var/lib/neutron/dhcp/fd009b4d-2b93-462e-9ee8-3194af48705d/addn_hosts - 2 addresses
May 25 17:37:33 gtw01 dnsmasq-dhcp[32704]: read /var/lib/neutron/dhcp/fd009b4d-2b93-462e-9ee8-3194af48705d/host
May 25 17:37:33 gtw01 dnsmasq-dhcp[32704]: read /var/lib/neutron/dhcp/fd009b4d-2b93-462e-9ee8-3194af48705d/opts
May 25 17:37:34 gtw01 dnsmasq[2682]: read /var/lib/neutron/dhcp/3333ef4e-4551-4763-931b-b9b74ba057a8/addn_hosts - 1 addresses
May 25 17:37:34 gtw01 dnsmasq-dhcp[2682]: read /var/lib/neutron/dhcp/3333ef4e-4551-4763-931b-b9b74ba057a8/host
May 25 17:37:34 gtw01 dnsmasq-dhcp[2682]: read /var/lib/neutron/dhcp/3333ef4e-4551-4763-931b-b9b74ba057a8/opts
May 25 17:37:34 gtw01 systemd-udevd[10181]: Could not generate persistent MAC address for qr-aeaf635e-37: No such file or directory
May 25 17:37:34 gtw01 kernel: [ 8676.873026] device qr-aeaf635e-37 entered promiscuous mode
May 25 17:37:35 gtw01 kernel: [ 8677.484644] net_ratelimit: 73 callbacks suppressed
May 25 17:37:35 gtw01 kernel: [ 8677.484646] IPv4: martian source 10.16.0.128 from 10.16.0.128, on dev qr-d4249583-7e
May 25 17:37:35 gtw01 kernel: [ 8677.484648] ll header: 00000000: ff ff ff ff ff ff fa 16 3e 99 b6 f9 08 06        ........>.....
May 25 17:37:35 gtw01 kernel: [ 8677.484654] IPv4: martian source 10.16.0.128 from 10.16.0.128, on dev qr-9b5ae0ca-7d
May 25 17:37:35 gtw01 kernel: [ 8677.484655] ll header: 00000000: ff ff ff ff ff ff fa 16 3e 99 b6 f9 08 06        ........>.....
May 25 17:37:35 gtw01 kernel: [ 8677.484659] IPv4: martian source 10.16.0.128 from 10.16.0.128, on dev qr-e30c8d15-6a
May 25 17:37:35 gtw01 kernel: [ 8677.484660] ll header: 00000000: ff ff ff ff ff ff fa 16 3e 99 b6 f9 08 06        ........>.....
May 25 17:37:35 gtw01 kernel: [ 8677.484661] IPv4: martian source 10.16.0.128 from 10.16.0.128, on dev qr-e33e235e-c8
May 25 17:37:35 gtw01 kernel: [ 8677.484662] ll header: 00000000: ff ff ff ff ff ff fa 16 3e 99 b6 f9 08 06        ........>.....
May 25 17:37:35 gtw01 kernel: [ 8677.484665] IPv4: martian source 10.16.0.128 from 10.16.0.128, on dev qr-76c4a238-14
May 25 17:37:35 gtw01 kernel: [ 8677.484666] ll header: 00000000: ff ff ff ff ff ff fa 16 3e 99 b6 f9 08 06        ........>.....
May 25 17:37:35 gtw01 kernel: [ 8677.484668] IPv4: martian source 10.16.0.128 from 10.16.0.128, on dev qr-5df41381-22
May 25 17:37:35 gtw01 kernel: [ 8677.484669] ll header: 00000000: ff ff ff ff ff ff fa 16 3e 99 b6 f9 08 06        ........>.....
May 25 17:37:35 gtw01 kernel: [ 8677.484671] IPv4: martian source 10.16.0.128 from 10.16.0.128, on dev qr-e32853c3-2d
May 25 17:37:35 gtw01 kernel: [ 8677.484672] ll header: 00000000: ff ff ff ff ff ff fa 16 3e 99 b6 f9 08 06        ........>.....
May 25 17:37:35 gtw01 dnsmasq[5754]: read /var/lib/neutron/dhcp/d6a77d30-4dcf-493c-b18a-440ea96f6465/addn_hosts - 2 addresses
May 25 17:37:35 gtw01 dnsmasq-dhcp[5754]: read /var/lib/neutron/dhcp/d6a77d30-4dcf-493c-b18a-440ea96f6465/host
May 25 17:37:35 gtw01 dnsmasq-dhcp[5754]: read /var/lib/neutron/dhcp/d6a77d30-4dcf-493c-b18a-440ea96f6465/opts
May 25 17:37:35 gtw01 dnsmasq[6512]: read /var/lib/neutron/dhcp/8a503919-c9d7-4a7a-ba20-12dccadba69e/addn_hosts - 2 addresses
May 25 17:37:35 gtw01 dnsmasq-dhcp[6512]: read /var/lib/neutron/dhcp/8a503919-c9d7-4a7a-ba20-12dccadba69e/host
May 25 17:37:35 gtw01 dnsmasq-dhcp[6512]: read /var/lib/neutron/dhcp/8a503919-c9d7-4a7a-ba20-12dccadba69e/opts
May 25 17:37:35 gtw01 dnsmasq[7109]: read /var/lib/neutron/dhcp/779933c8-2b50-4bc3-ba6f-b5613f7e70be/addn_hosts - 2 addresses
May 25 17:37:35 gtw01 dnsmasq-dhcp[7109]: read /var/lib/neutron/dhcp/779933c8-2b50-4bc3-ba6f-b5613f7e70be/host
May 25 17:37:35 gtw01 dnsmasq-dhcp[7109]: read /var/lib/neutron/dhcp/779933c8-2b50-4bc3-ba6f-b5613f7e70be/opts
May 25 17:37:35 gtw01 haproxy-metadata-proxy-6083a92f-2903-465b-8834-83583ba47df3[10368]: Proxy listener started.
May 25 17:37:35 gtw01 dnsmasq[2040]: read /var/lib/neutron/dhcp/b58060b3-8c43-4c01-b7dc-2d30c098305a/addn_hosts - 3 addresses
May 25 17:37:35 gtw01 dnsmasq-dhcp[2040]: read /var/lib/neutron/dhcp/b58060b3-8c43-4c01-b7dc-2d30c098305a/host
May 25 17:37:35 gtw01 dnsmasq-dhcp[2040]: read /var/lib/neutron/dhcp/b58060b3-8c43-4c01-b7dc-2d30c098305a/opts
May 25 17:37:36 gtw01 haproxy-metadata-proxy-3333ef4e-4551-4763-931b-b9b74ba057a8[10406]: Proxy listener started.
May 25 17:37:36 gtw01 kernel: [ 8678.836664] IPv4: martian source 10.16.0.142 from 10.16.0.142, on dev qr-d4249583-7e
May 25 17:37:36 gtw01 kernel: [ 8678.836668] ll header: 00000000: ff ff ff ff ff ff fa 16 3e 19 32 06 08 06        ........>.2...
May 25 17:37:36 gtw01 kernel: [ 8678.836674] IPv4: martian source 10.16.0.142 from 10.16.0.142, on dev qr-9b5ae0ca-7d
May 25 17:37:36 gtw01 kernel: [ 8678.836675] ll header: 00000000: ff ff ff ff ff ff fa 16 3e 19 32 06 08 06        ........>.2...
May 25 17:37:36 gtw01 kernel: [ 8678.836677] IPv4: martian source 10.16.0.142 from 10.16.0.142, on dev qr-e30c8d15-6a
May 25 17:37:36 gtw01 kernel: [ 8678.836678] ll header: 00000000: ff ff ff ff ff ff fa 16 3e 19 32 06 08 06        ........>.2...
May 25 17:37:36 gtw01 dnsmasq[2830]: read /var/lib/neutron/dhcp/be733482-ec25-4b92-b4a0-3e71a1b28ae3/addn_hosts - 1 addresses
May 25 17:37:36 gtw01 dnsmasq-dhcp[2830]: read /var/lib/neutron/dhcp/be733482-ec25-4b92-b4a0-3e71a1b28ae3/host
May 25 17:37:36 gtw01 dnsmasq-dhcp[2830]: read /var/lib/neutron/dhcp/be733482-ec25-4b92-b4a0-3e71a1b28ae3/opts
May 25 17:37:36 gtw01 dnsmasq[1986]: read /var/lib/neutron/dhcp/1936bb55-57d0-4f3e-8197-26b4235e7b49/addn_hosts - 2 addresses
May 25 17:37:36 gtw01 dnsmasq-dhcp[1986]: read /var/lib/neutron/dhcp/1936bb55-57d0-4f3e-8197-26b4235e7b49/host
May 25 17:37:36 gtw01 dnsmasq-dhcp[1986]: read /var/lib/neutron/dhcp/1936bb55-57d0-4f3e-8197-26b4235e7b49/opts
May 25 17:37:37 gtw01 systemd-udevd[10582]: Could not generate persistent MAC address for qg-5e8d0552-bf: No such file or directory
May 25 17:37:38 gtw01 kernel: [ 8680.481038] device qg-5e8d0552-bf entered promiscuous mode
May 25 17:37:38 gtw01 kernel: [ 8680.518139] device tap51e84f0b-8b left promiscuous mode
May 25 17:37:38 gtw01 dnsmasq[5615]: read /var/lib/neutron/dhcp/e28da346-1755-4959-a41d-14990c7e80b7/addn_hosts - 1 addresses
May 25 17:37:38 gtw01 dnsmasq-dhcp[5615]: read /var/lib/neutron/dhcp/e28da346-1755-4959-a41d-14990c7e80b7/host
May 25 17:37:38 gtw01 dnsmasq-dhcp[5615]: read /var/lib/neutron/dhcp/e28da346-1755-4959-a41d-14990c7e80b7/opts
May 25 17:37:38 gtw01 kernel: [ 8680.652450] device tap1536f4dd-dc left promiscuous mode
May 25 17:37:38 gtw01 dnsmasq[6512]: read /var/lib/neutron/dhcp/8a503919-c9d7-4a7a-ba20-12dccadba69e/addn_hosts - 1 addresses
May 25 17:37:38 gtw01 dnsmasq-dhcp[6512]: read /var/lib/neutron/dhcp/8a503919-c9d7-4a7a-ba20-12dccadba69e/host
May 25 17:37:38 gtw01 dnsmasq-dhcp[6512]: read /var/lib/neutron/dhcp/8a503919-c9d7-4a7a-ba20-12dccadba69e/opts
May 25 17:37:38 gtw01 haproxy-metadata-proxy-be733482-ec25-4b92-b4a0-3e71a1b28ae3[10667]: Proxy listener started.
May 25 17:37:38 gtw01 dnsmasq-dhcp[2040]: DHCPDISCOVER(tap42078020-d1) fa:16:3e:4f:c1:8b
May 25 17:37:38 gtw01 dnsmasq-dhcp[2040]: DHCPOFFER(tap42078020-d1) 192.168.120.4 fa:16:3e:4f:c1:8b
May 25 17:37:38 gtw01 dnsmasq-dhcp[2040]: DHCPREQUEST(tap42078020-d1) 192.168.120.4 fa:16:3e:4f:c1:8b
May 25 17:37:38 gtw01 dnsmasq-dhcp[2040]: DHCPACK(tap42078020-d1) 192.168.120.4 fa:16:3e:4f:c1:8b host-192-168-120-4
May 25 17:37:38 gtw01 dnsmasq[5077]: read /var/lib/neutron/dhcp/a36438d4-c9de-4e77-ad53-9027da771c4c/addn_hosts - 1 addresses
May 25 17:37:38 gtw01 dnsmasq-dhcp[5077]: read /var/lib/neutron/dhcp/a36438d4-c9de-4e77-ad53-9027da771c4c/host
May 25 17:37:38 gtw01 dnsmasq-dhcp[5077]: read /var/lib/neutron/dhcp/a36438d4-c9de-4e77-ad53-9027da771c4c/opts
May 25 17:37:38 gtw01 dnsmasq[6998]: read /var/lib/neutron/dhcp/0dc7ce65-306a-4e55-80f1-0ce05010427e/addn_hosts - 2 addresses
May 25 17:37:38 gtw01 dnsmasq-dhcp[6998]: read /var/lib/neutron/dhcp/0dc7ce65-306a-4e55-80f1-0ce05010427e/host
May 25 17:37:38 gtw01 dnsmasq-dhcp[6998]: read /var/lib/neutron/dhcp/0dc7ce65-306a-4e55-80f1-0ce05010427e/opts
May 25 17:37:39 gtw01 dnsmasq[5754]: read /var/lib/neutron/dhcp/d6a77d30-4dcf-493c-b18a-440ea96f6465/addn_hosts - 1 addresses
May 25 17:37:39 gtw01 dnsmasq-dhcp[5754]: read /var/lib/neutron/dhcp/d6a77d30-4dcf-493c-b18a-440ea96f6465/host
May 25 17:37:39 gtw01 dnsmasq-dhcp[5754]: read /var/lib/neutron/dhcp/d6a77d30-4dcf-493c-b18a-440ea96f6465/opts
May 25 17:37:39 gtw01 haproxy-metadata-proxy-8a503919-c9d7-4a7a-ba20-12dccadba69e[10812]: Proxy listener started.
May 25 17:37:39 gtw01 haproxy-metadata-proxy-e28da346-1755-4959-a41d-14990c7e80b7[10818]: Proxy listener started.
May 25 17:37:39 gtw01 haproxy-metadata-proxy-a36438d4-c9de-4e77-ad53-9027da771c4c[10823]: Proxy listener started.
May 25 17:37:40 gtw01 kernel: [ 8682.540183] net_ratelimit: 90 callbacks suppressed
May 25 17:37:40 gtw01 kernel: [ 8682.540185] IPv4: martian source 10.16.0.121 from 10.16.0.121, on dev qr-d4249583-7e
May 25 17:37:40 gtw01 kernel: [ 8682.540188] ll header: 00000000: ff ff ff ff ff ff fa 16 3e 46 38 20 08 06        ........>F8 ..
May 25 17:37:40 gtw01 kernel: [ 8682.540193] IPv4: martian source 10.16.0.121 from 10.16.0.121, on dev qr-9b5ae0ca-7d
May 25 17:37:40 gtw01 kernel: [ 8682.540194] ll header: 00000000: ff ff ff ff ff ff fa 16 3e 46 38 20 08 06        ........>F8 ..
May 25 17:37:40 gtw01 kernel: [ 8682.540197] IPv4: martian source 10.16.0.121 from 10.16.0.121, on dev qr-e30c8d15-6a
May 25 17:37:40 gtw01 kernel: [ 8682.540198] ll header: 00000000: ff ff ff ff ff ff fa 16 3e 46 38 20 08 06        ........>F8 ..
May 25 17:37:40 gtw01 kernel: [ 8682.540201] IPv4: martian source 10.16.0.121 from 10.16.0.121, on dev qr-e33e235e-c8
May 25 17:37:40 gtw01 kernel: [ 8682.540202] ll header: 00000000: ff ff ff ff ff ff fa 16 3e 46 38 20 08 06        ........>F8 ..
May 25 17:37:40 gtw01 kernel: [ 8682.540205] IPv4: martian source 10.16.0.121 from 10.16.0.121, on dev qr-76c4a238-14
May 25 17:37:40 gtw01 kernel: [ 8682.540206] ll header: 00000000: ff ff ff ff ff ff fa 16 3e 46 38 20 08 06        ........>F8 ..
May 25 17:37:40 gtw01 kernel: [ 8682.540208] IPv4: martian source 10.16.0.121 from 10.16.0.121, on dev qr-5df41381-22
May 25 17:37:40 gtw01 kernel: [ 8682.540209] ll header: 00000000: ff ff ff ff ff ff fa 16 3e 46 38 20 08 06        ........>F8 ..
May 25 17:37:40 gtw01 kernel: [ 8682.540211] IPv4: martian source 10.16.0.121 from 10.16.0.121, on dev qr-e32853c3-2d
May 25 17:37:40 gtw01 kernel: [ 8682.540212] ll header: 00000000: ff ff ff ff ff ff fa 16 3e 46 38 20 08 06        ........>F8 ..
May 25 17:37:40 gtw01 haproxy-metadata-proxy-d6a77d30-4dcf-493c-b18a-440ea96f6465[10856]: Proxy listener started.
May 25 17:37:40 gtw01 dnsmasq[6998]: read /var/lib/neutron/dhcp/0dc7ce65-306a-4e55-80f1-0ce05010427e/addn_hosts - 2 addresses
May 25 17:37:40 gtw01 dnsmasq-dhcp[6998]: read /var/lib/neutron/dhcp/0dc7ce65-306a-4e55-80f1-0ce05010427e/host
May 25 17:37:40 gtw01 dnsmasq-dhcp[6998]: read /var/lib/neutron/dhcp/0dc7ce65-306a-4e55-80f1-0ce05010427e/opts
May 25 17:37:40 gtw01 systemd-udevd[10874]: Could not generate persistent MAC address for qg-eb6eb033-07: No such file or directory
May 25 17:37:40 gtw01 kernel: [ 8682.833166] device qg-eb6eb033-07 entered promiscuous mode
May 25 17:37:40 gtw01 kernel: [ 8682.843549] IPv4: martian source 10.16.0.142 from 10.16.0.142, on dev qr-d4249583-7e
May 25 17:37:40 gtw01 kernel: [ 8682.843551] ll header: 00000000: ff ff ff ff ff ff fa 16 3e 19 32 06 08 06        ........>.2...
May 25 17:37:40 gtw01 kernel: [ 8682.843557] IPv4: martian source 10.16.0.142 from 10.16.0.142, on dev qr-9b5ae0ca-7d
