May 25 16:30:34 gtw01 dnsmasq-dhcp[7536]: read /var/lib/neutron/dhcp/13b448bd-c38d-438e-894a-cfeaff6008e5/opts
May 25 16:30:34 gtw01 haproxy-metadata-proxy-13b448bd-c38d-438e-894a-cfeaff6008e5[7551]: Proxy listener started.
May 25 16:30:34 gtw01 dnsmasq[7423]: read /var/lib/neutron/dhcp/f469cb8f-c9f3-4dd9-bab6-548829995ddc/addn_hosts - 2 addresses
May 25 16:30:34 gtw01 dnsmasq-dhcp[7423]: read /var/lib/neutron/dhcp/f469cb8f-c9f3-4dd9-bab6-548829995ddc/host
May 25 16:30:34 gtw01 dnsmasq-dhcp[7423]: read /var/lib/neutron/dhcp/f469cb8f-c9f3-4dd9-bab6-548829995ddc/opts
May 25 16:30:35 gtw01 dnsmasq[7536]: read /var/lib/neutron/dhcp/13b448bd-c38d-438e-894a-cfeaff6008e5/addn_hosts - 1 addresses
May 25 16:30:35 gtw01 dnsmasq-dhcp[7536]: read /var/lib/neutron/dhcp/13b448bd-c38d-438e-894a-cfeaff6008e5/host
May 25 16:30:35 gtw01 dnsmasq-dhcp[7536]: read /var/lib/neutron/dhcp/13b448bd-c38d-438e-894a-cfeaff6008e5/opts
May 25 16:30:35 gtw01 dnsmasq[7423]: read /var/lib/neutron/dhcp/f469cb8f-c9f3-4dd9-bab6-548829995ddc/addn_hosts - 2 addresses
May 25 16:30:35 gtw01 dnsmasq-dhcp[7423]: read /var/lib/neutron/dhcp/f469cb8f-c9f3-4dd9-bab6-548829995ddc/host
May 25 16:30:35 gtw01 dnsmasq-dhcp[7423]: read /var/lib/neutron/dhcp/f469cb8f-c9f3-4dd9-bab6-548829995ddc/opts
May 25 16:30:35 gtw01 dnsmasq-dhcp[5354]: DHCPRELEASE(tap5ebaa891-ab) 192.168.120.12 fa:16:3e:43:33:e5
May 25 16:30:35 gtw01 dnsmasq[7536]: read /var/lib/neutron/dhcp/13b448bd-c38d-438e-894a-cfeaff6008e5/addn_hosts - 2 addresses
May 25 16:30:35 gtw01 dnsmasq-dhcp[7536]: read /var/lib/neutron/dhcp/13b448bd-c38d-438e-894a-cfeaff6008e5/host
May 25 16:30:35 gtw01 dnsmasq-dhcp[7536]: read /var/lib/neutron/dhcp/13b448bd-c38d-438e-894a-cfeaff6008e5/opts
May 25 16:30:36 gtw01 dnsmasq[7423]: read /var/lib/neutron/dhcp/f469cb8f-c9f3-4dd9-bab6-548829995ddc/addn_hosts - 2 addresses
May 25 16:30:36 gtw01 dnsmasq-dhcp[7423]: read /var/lib/neutron/dhcp/f469cb8f-c9f3-4dd9-bab6-548829995ddc/host
May 25 16:30:36 gtw01 dnsmasq-dhcp[7423]: read /var/lib/neutron/dhcp/f469cb8f-c9f3-4dd9-bab6-548829995ddc/opts
May 25 16:30:37 gtw01 kernel: [ 4659.620030] device tapae6026a5-4b left promiscuous mode
May 25 16:30:37 gtw01 dnsmasq[7423]: read /var/lib/neutron/dhcp/f469cb8f-c9f3-4dd9-bab6-548829995ddc/addn_hosts - 2 addresses
May 25 16:30:37 gtw01 dnsmasq-dhcp[7423]: read /var/lib/neutron/dhcp/f469cb8f-c9f3-4dd9-bab6-548829995ddc/host
May 25 16:30:37 gtw01 dnsmasq-dhcp[7423]: read /var/lib/neutron/dhcp/f469cb8f-c9f3-4dd9-bab6-548829995ddc/opts
May 25 16:30:38 gtw01 dnsmasq[7423]: read /var/lib/neutron/dhcp/f469cb8f-c9f3-4dd9-bab6-548829995ddc/addn_hosts - 2 addresses
May 25 16:30:38 gtw01 dnsmasq-dhcp[7423]: read /var/lib/neutron/dhcp/f469cb8f-c9f3-4dd9-bab6-548829995ddc/host
May 25 16:30:38 gtw01 dnsmasq-dhcp[7423]: read /var/lib/neutron/dhcp/f469cb8f-c9f3-4dd9-bab6-548829995ddc/opts
May 25 16:30:38 gtw01 kernel: [ 4661.156177] device vxlan_sys_4789 left promiscuous mode
May 25 16:30:39 gtw01 haproxy-metadata-proxy-08739405-af12-4ca3-b76b-087594ae7e4e[7807]: Proxy listener started.
May 25 16:30:41 gtw01 kernel: [ 4663.595859] device tapbdf25471-8f entered promiscuous mode
May 25 16:30:41 gtw01 systemd-udevd[7845]: Could not generate persistent MAC address for tapbdf25471-8f: No such file or directory
May 25 16:30:41 gtw01 systemd-udevd[7845]: Process '/sbin/ip link set tapbdf25471-8f txqueuelen 10000' failed with exit code 1.
May 25 16:30:41 gtw01 systemd-udevd[7845]: Process '/sbin/ip link set tapbdf25471-8f txqueuelen 10000' failed with exit code 1.
May 25 16:30:42 gtw01 kernel: [ 4665.122280] device qr-25f16527-9f entered promiscuous mode
May 25 16:30:42 gtw01 systemd-udevd[7960]: Could not generate persistent MAC address for qr-25f16527-9f: No such file or directory
May 25 16:30:44 gtw01 systemd-udevd[8121]: Could not generate persistent MAC address for vxlan_sys_4789: No such file or directory
May 25 16:30:44 gtw01 kernel: [ 4666.828977] device vxlan_sys_4789 entered promiscuous mode
May 25 16:30:44 gtw01 dnsmasq[8157]: started, version 2.80 cachesize 150
May 25 16:30:44 gtw01 dnsmasq[8157]: DNS service limited to local subnets
May 25 16:30:44 gtw01 dnsmasq[8157]: compile time options: IPv6 GNU-getopt DBus i18n IDN DHCP DHCPv6 no-Lua TFTP conntrack ipset auth DNSSEC loop-detect inotify dumpfile
May 25 16:30:44 gtw01 dnsmasq[8157]: warning: no upstream servers configured
May 25 16:30:44 gtw01 dnsmasq-dhcp[8157]: DHCP, static leases only on 192.168.120.0, lease time 1h
May 25 16:30:44 gtw01 dnsmasq[8157]: read /var/lib/neutron/dhcp/4c26b024-dd93-4680-a9c7-bee52d6060db/addn_hosts - 1 addresses
May 25 16:30:44 gtw01 dnsmasq-dhcp[8157]: read /var/lib/neutron/dhcp/4c26b024-dd93-4680-a9c7-bee52d6060db/host
May 25 16:30:44 gtw01 dnsmasq-dhcp[8157]: read /var/lib/neutron/dhcp/4c26b024-dd93-4680-a9c7-bee52d6060db/opts
May 25 16:30:44 gtw01 haproxy-metadata-proxy-4c26b024-dd93-4680-a9c7-bee52d6060db[8197]: Proxy listener started.
May 25 16:30:45 gtw01 dnsmasq[7423]: read /var/lib/neutron/dhcp/f469cb8f-c9f3-4dd9-bab6-548829995ddc/addn_hosts - 3 addresses
May 25 16:30:45 gtw01 dnsmasq-dhcp[7423]: read /var/lib/neutron/dhcp/f469cb8f-c9f3-4dd9-bab6-548829995ddc/host
May 25 16:30:45 gtw01 dnsmasq-dhcp[7423]: read /var/lib/neutron/dhcp/f469cb8f-c9f3-4dd9-bab6-548829995ddc/opts
May 25 16:30:45 gtw01 dnsmasq[8157]: read /var/lib/neutron/dhcp/4c26b024-dd93-4680-a9c7-bee52d6060db/addn_hosts - 1 addresses
May 25 16:30:45 gtw01 dnsmasq-dhcp[8157]: read /var/lib/neutron/dhcp/4c26b024-dd93-4680-a9c7-bee52d6060db/host
May 25 16:30:45 gtw01 dnsmasq-dhcp[8157]: read /var/lib/neutron/dhcp/4c26b024-dd93-4680-a9c7-bee52d6060db/opts
May 25 16:30:46 gtw01 dnsmasq[7423]: read /var/lib/neutron/dhcp/f469cb8f-c9f3-4dd9-bab6-548829995ddc/addn_hosts - 3 addresses
May 25 16:30:46 gtw01 dnsmasq-dhcp[7423]: read /var/lib/neutron/dhcp/f469cb8f-c9f3-4dd9-bab6-548829995ddc/host
May 25 16:30:46 gtw01 dnsmasq-dhcp[7423]: read /var/lib/neutron/dhcp/f469cb8f-c9f3-4dd9-bab6-548829995ddc/opts
May 25 16:30:46 gtw01 dnsmasq[8157]: read /var/lib/neutron/dhcp/4c26b024-dd93-4680-a9c7-bee52d6060db/addn_hosts - 1 addresses
May 25 16:30:46 gtw01 dnsmasq-dhcp[8157]: read /var/lib/neutron/dhcp/4c26b024-dd93-4680-a9c7-bee52d6060db/host
May 25 16:30:46 gtw01 dnsmasq-dhcp[8157]: read /var/lib/neutron/dhcp/4c26b024-dd93-4680-a9c7-bee52d6060db/opts
May 25 16:30:47 gtw01 dnsmasq[7423]: read /var/lib/neutron/dhcp/f469cb8f-c9f3-4dd9-bab6-548829995ddc/addn_hosts - 3 addresses
May 25 16:30:47 gtw01 dnsmasq-dhcp[7423]: read /var/lib/neutron/dhcp/f469cb8f-c9f3-4dd9-bab6-548829995ddc/host
May 25 16:30:47 gtw01 dnsmasq-dhcp[7423]: read /var/lib/neutron/dhcp/f469cb8f-c9f3-4dd9-bab6-548829995ddc/opts
May 25 16:30:47 gtw01 dnsmasq[8157]: read /var/lib/neutron/dhcp/4c26b024-dd93-4680-a9c7-bee52d6060db/addn_hosts - 2 addresses
May 25 16:30:47 gtw01 dnsmasq-dhcp[8157]: read /var/lib/neutron/dhcp/4c26b024-dd93-4680-a9c7-bee52d6060db/host
May 25 16:30:47 gtw01 dnsmasq-dhcp[8157]: read /var/lib/neutron/dhcp/4c26b024-dd93-4680-a9c7-bee52d6060db/opts
May 25 16:30:48 gtw01 dnsmasq[7423]: read /var/lib/neutron/dhcp/f469cb8f-c9f3-4dd9-bab6-548829995ddc/addn_hosts - 3 addresses
May 25 16:30:48 gtw01 dnsmasq-dhcp[7423]: read /var/lib/neutron/dhcp/f469cb8f-c9f3-4dd9-bab6-548829995ddc/host
May 25 16:30:48 gtw01 dnsmasq-dhcp[7423]: read /var/lib/neutron/dhcp/f469cb8f-c9f3-4dd9-bab6-548829995ddc/opts
May 25 16:30:48 gtw01 dnsmasq[8157]: read /var/lib/neutron/dhcp/4c26b024-dd93-4680-a9c7-bee52d6060db/addn_hosts - 2 addresses
May 25 16:30:48 gtw01 dnsmasq-dhcp[8157]: read /var/lib/neutron/dhcp/4c26b024-dd93-4680-a9c7-bee52d6060db/host
May 25 16:30:48 gtw01 dnsmasq-dhcp[8157]: read /var/lib/neutron/dhcp/4c26b024-dd93-4680-a9c7-bee52d6060db/opts
May 25 16:30:48 gtw01 dnsmasq[7423]: read /var/lib/neutron/dhcp/f469cb8f-c9f3-4dd9-bab6-548829995ddc/addn_hosts - 3 addresses
May 25 16:30:48 gtw01 dnsmasq-dhcp[7423]: read /var/lib/neutron/dhcp/f469cb8f-c9f3-4dd9-bab6-548829995ddc/host
May 25 16:30:48 gtw01 dnsmasq-dhcp[7423]: read /var/lib/neutron/dhcp/f469cb8f-c9f3-4dd9-bab6-548829995ddc/opts
May 25 16:30:49 gtw01 dnsmasq[8157]: read /var/lib/neutron/dhcp/4c26b024-dd93-4680-a9c7-bee52d6060db/addn_hosts - 2 addresses
May 25 16:30:49 gtw01 dnsmasq-dhcp[8157]: read /var/lib/neutron/dhcp/4c26b024-dd93-4680-a9c7-bee52d6060db/host
May 25 16:30:49 gtw01 dnsmasq-dhcp[8157]: read /var/lib/neutron/dhcp/4c26b024-dd93-4680-a9c7-bee52d6060db/opts
May 25 16:30:50 gtw01 kernel: [ 4672.534653] device tapbdf25471-8f left promiscuous mode
May 25 16:30:52 gtw01 dnsmasq-dhcp[5354]: DHCPDISCOVER(tap5ebaa891-ab) fa:16:3e:43:33:e5
May 25 16:30:52 gtw01 dnsmasq-dhcp[5354]: DHCPOFFER(tap5ebaa891-ab) 192.168.120.12 fa:16:3e:43:33:e5
May 25 16:30:52 gtw01 dnsmasq-dhcp[5354]: DHCPREQUEST(tap5ebaa891-ab) 192.168.120.12 fa:16:3e:43:33:e5
May 25 16:30:52 gtw01 dnsmasq-dhcp[5354]: DHCPACK(tap5ebaa891-ab) 192.168.120.12 fa:16:3e:43:33:e5 host-192-168-120-12
May 25 16:30:56 gtw01 dnsmasq-dhcp[7423]: DHCPDISCOVER(tap96dce877-c1) fa:16:3e:58:ee:26
May 25 16:30:56 gtw01 dnsmasq-dhcp[7423]: DHCPOFFER(tap96dce877-c1) 192.168.120.11 fa:16:3e:58:ee:26
May 25 16:30:56 gtw01 dnsmasq-dhcp[7423]: DHCPREQUEST(tap96dce877-c1) 192.168.120.11 fa:16:3e:58:ee:26
May 25 16:30:56 gtw01 dnsmasq-dhcp[7423]: DHCPACK(tap96dce877-c1) 192.168.120.11 fa:16:3e:58:ee:26 host-192-168-120-11
May 25 16:30:59 gtw01 dnsmasq-dhcp[7423]: DHCPRELEASE(tap96dce877-c1) 192.168.120.11 fa:16:3e:58:ee:26
May 25 16:30:59 gtw01 dnsmasq-dhcp[7423]: DHCPRELEASE(tap96dce877-c1) 192.168.120.11 fa:16:3e:58:ee:26 unknown lease
May 25 16:30:59 gtw01 systemd-udevd[8610]: Could not generate persistent MAC address for tapf0d494be-e3: No such file or directory
May 25 16:30:59 gtw01 kernel: [ 4682.004279] device tapf0d494be-e3 entered promiscuous mode
May 25 16:30:59 gtw01 systemd-udevd[8610]: Process '/sbin/ip link set tapf0d494be-e3 txqueuelen 10000' failed with exit code 1.
May 25 16:30:59 gtw01 systemd-udevd[8610]: Process '/sbin/ip link set tapf0d494be-e3 txqueuelen 10000' failed with exit code 1.
May 25 16:31:00 gtw01 dnsmasq[7423]: read /var/lib/neutron/dhcp/f469cb8f-c9f3-4dd9-bab6-548829995ddc/addn_hosts - 2 addresses
May 25 16:31:00 gtw01 dnsmasq-dhcp[7423]: read /var/lib/neutron/dhcp/f469cb8f-c9f3-4dd9-bab6-548829995ddc/host
May 25 16:31:00 gtw01 dnsmasq-dhcp[7423]: read /var/lib/neutron/dhcp/f469cb8f-c9f3-4dd9-bab6-548829995ddc/opts
May 25 16:31:02 gtw01 dnsmasq[8827]: started, version 2.80 cachesize 150
May 25 16:31:02 gtw01 dnsmasq[8827]: DNS service limited to local subnets
May 25 16:31:02 gtw01 dnsmasq[8827]: compile time options: IPv6 GNU-getopt DBus i18n IDN DHCP DHCPv6 no-Lua TFTP conntrack ipset auth DNSSEC loop-detect inotify dumpfile
May 25 16:31:02 gtw01 dnsmasq[8827]: warning: no upstream servers configured
May 25 16:31:02 gtw01 dnsmasq-dhcp[8827]: DHCP, static leases only on 192.168.120.0, lease time 1h
May 25 16:31:02 gtw01 dnsmasq[8827]: read /var/lib/neutron/dhcp/a7c84cfb-f699-40f7-bd00-82c3cb95a72e/addn_hosts - 1 addresses
May 25 16:31:02 gtw01 dnsmasq-dhcp[8827]: read /var/lib/neutron/dhcp/a7c84cfb-f699-40f7-bd00-82c3cb95a72e/host
May 25 16:31:02 gtw01 dnsmasq-dhcp[8827]: read /var/lib/neutron/dhcp/a7c84cfb-f699-40f7-bd00-82c3cb95a72e/opts
May 25 16:31:03 gtw01 haproxy-metadata-proxy-a7c84cfb-f699-40f7-bd00-82c3cb95a72e[8832]: Proxy listener started.
May 25 16:31:03 gtw01 kernel: [ 4685.720870] device vxlan_sys_4789 left promiscuous mode
May 25 16:31:03 gtw01 dnsmasq[8827]: read /var/lib/neutron/dhcp/a7c84cfb-f699-40f7-bd00-82c3cb95a72e/addn_hosts - 2 addresses
May 25 16:31:03 gtw01 dnsmasq-dhcp[8827]: read /var/lib/neutron/dhcp/a7c84cfb-f699-40f7-bd00-82c3cb95a72e/host
May 25 16:31:03 gtw01 dnsmasq-dhcp[8827]: read /var/lib/neutron/dhcp/a7c84cfb-f699-40f7-bd00-82c3cb95a72e/opts
May 25 16:31:04 gtw01 dnsmasq[7423]: read /var/lib/neutron/dhcp/f469cb8f-c9f3-4dd9-bab6-548829995ddc/addn_hosts - 1 addresses
May 25 16:31:04 gtw01 dnsmasq-dhcp[7423]: read /var/lib/neutron/dhcp/f469cb8f-c9f3-4dd9-bab6-548829995ddc/host
May 25 16:31:04 gtw01 dnsmasq-dhcp[7423]: read /var/lib/neutron/dhcp/f469cb8f-c9f3-4dd9-bab6-548829995ddc/opts
May 25 16:31:04 gtw01 dnsmasq[8827]: read /var/lib/neutron/dhcp/a7c84cfb-f699-40f7-bd00-82c3cb95a72e/addn_hosts - 2 addresses
May 25 16:31:04 gtw01 dnsmasq-dhcp[8827]: read /var/lib/neutron/dhcp/a7c84cfb-f699-40f7-bd00-82c3cb95a72e/host
May 25 16:31:04 gtw01 dnsmasq-dhcp[8827]: read /var/lib/neutron/dhcp/a7c84cfb-f699-40f7-bd00-82c3cb95a72e/opts
May 25 16:31:04 gtw01 haproxy-metadata-proxy-f469cb8f-c9f3-4dd9-bab6-548829995ddc[8917]: Proxy listener started.
May 25 16:31:05 gtw01 kernel: [ 4687.641668] device qr-44769df2-f5 entered promiscuous mode
May 25 16:31:05 gtw01 systemd-udevd[8938]: Could not generate persistent MAC address for qr-44769df2-f5: No such file or directory
May 25 16:31:05 gtw01 kernel: [ 4687.760312] device tap9e0f393a-71 entered promiscuous mode
May 25 16:31:05 gtw01 systemd-udevd[9020]: Could not generate persistent MAC address for tap9e0f393a-71: No such file or directory
May 25 16:31:05 gtw01 systemd-udevd[9020]: Process '/sbin/ip link set tap9e0f393a-71 txqueuelen 10000' failed with exit code 1.
May 25 16:31:05 gtw01 systemd-udevd[9020]: Process '/sbin/ip link set tap9e0f393a-71 txqueuelen 10000' failed with exit code 1.
May 25 16:31:05 gtw01 dnsmasq[8827]: read /var/lib/neutron/dhcp/a7c84cfb-f699-40f7-bd00-82c3cb95a72e/addn_hosts - 2 addresses
May 25 16:31:05 gtw01 dnsmasq-dhcp[8827]: read /var/lib/neutron/dhcp/a7c84cfb-f699-40f7-bd00-82c3cb95a72e/host
May 25 16:31:05 gtw01 dnsmasq-dhcp[8827]: read /var/lib/neutron/dhcp/a7c84cfb-f699-40f7-bd00-82c3cb95a72e/opts
May 25 16:31:05 gtw01 systemd-udevd[9148]: Could not generate persistent MAC address for vxlan_sys_4789: No such file or directory
May 25 16:31:05 gtw01 kernel: [ 4688.406962] device vxlan_sys_4789 entered promiscuous mode
May 25 16:31:06 gtw01 kernel: [ 4688.418769] device qr-25f16527-9f left promiscuous mode
May 25 16:31:06 gtw01 dnsmasq[8827]: read /var/lib/neutron/dhcp/a7c84cfb-f699-40f7-bd00-82c3cb95a72e/addn_hosts - 2 addresses
May 25 16:31:06 gtw01 dnsmasq-dhcp[8827]: read /var/lib/neutron/dhcp/a7c84cfb-f699-40f7-bd00-82c3cb95a72e/host
May 25 16:31:06 gtw01 dnsmasq-dhcp[8827]: read /var/lib/neutron/dhcp/a7c84cfb-f699-40f7-bd00-82c3cb95a72e/opts
May 25 16:31:07 gtw01 kernel: [ 4689.461006] device qg-e73406be-0e left promiscuous mode
May 25 16:31:07 gtw01 dnsmasq[8827]: read /var/lib/neutron/dhcp/a7c84cfb-f699-40f7-bd00-82c3cb95a72e/addn_hosts - 2 addresses
May 25 16:31:07 gtw01 dnsmasq-dhcp[8827]: read /var/lib/neutron/dhcp/a7c84cfb-f699-40f7-bd00-82c3cb95a72e/host
May 25 16:31:07 gtw01 dnsmasq-dhcp[8827]: read /var/lib/neutron/dhcp/a7c84cfb-f699-40f7-bd00-82c3cb95a72e/opts
May 25 16:31:09 gtw01 dnsmasq[9428]: started, version 2.80 cachesize 150
May 25 16:31:09 gtw01 dnsmasq[9428]: DNS service limited to local subnets
May 25 16:31:09 gtw01 dnsmasq[9428]: compile time options: IPv6 GNU-getopt DBus i18n IDN DHCP DHCPv6 no-Lua TFTP conntrack ipset auth DNSSEC loop-detect inotify dumpfile
May 25 16:31:09 gtw01 dnsmasq[9428]: warning: no upstream servers configured
May 25 16:31:09 gtw01 dnsmasq-dhcp[9428]: DHCP, static leases only on 192.168.121.0, lease time 1h
May 25 16:31:09 gtw01 dnsmasq[9428]: read /var/lib/neutron/dhcp/d2fe61a9-0734-4baf-b6b8-6856da3d466c/addn_hosts - 1 addresses
May 25 16:31:09 gtw01 dnsmasq-dhcp[9428]: read /var/lib/neutron/dhcp/d2fe61a9-0734-4baf-b6b8-6856da3d466c/host
May 25 16:31:09 gtw01 dnsmasq-dhcp[9428]: read /var/lib/neutron/dhcp/d2fe61a9-0734-4baf-b6b8-6856da3d466c/opts
May 25 16:31:09 gtw01 dnsmasq[8827]: read /var/lib/neutron/dhcp/a7c84cfb-f699-40f7-bd00-82c3cb95a72e/addn_hosts - 2 addresses
May 25 16:31:09 gtw01 dnsmasq-dhcp[8827]: read /var/lib/neutron/dhcp/a7c84cfb-f699-40f7-bd00-82c3cb95a72e/host
May 25 16:31:09 gtw01 dnsmasq-dhcp[8827]: read /var/lib/neutron/dhcp/a7c84cfb-f699-40f7-bd00-82c3cb95a72e/opts
May 25 16:31:09 gtw01 haproxy-metadata-proxy-d2fe61a9-0734-4baf-b6b8-6856da3d466c[9451]: Proxy listener started.
May 25 16:31:09 gtw01 kernel: [ 4691.781015] device tap96dce877-c1 left promiscuous mode
May 25 16:31:09 gtw01 systemd-udevd[9490]: Could not generate persistent MAC address for tap13af1588-57: No such file or directory
May 25 16:31:09 gtw01 kernel: [ 4692.143002] device tap13af1588-57 entered promiscuous mode
May 25 16:31:09 gtw01 systemd-udevd[9490]: Process '/sbin/ip link set tap13af1588-57 txqueuelen 10000' failed with exit code 1.
May 25 16:31:09 gtw01 systemd-udevd[9490]: Process '/sbin/ip link set tap13af1588-57 txqueuelen 10000' failed with exit code 1.
May 25 16:31:10 gtw01 dnsmasq[9428]: read /var/lib/neutron/dhcp/d2fe61a9-0734-4baf-b6b8-6856da3d466c/addn_hosts - 2 addresses
May 25 16:31:10 gtw01 dnsmasq-dhcp[9428]: read /var/lib/neutron/dhcp/d2fe61a9-0734-4baf-b6b8-6856da3d466c/host
May 25 16:31:10 gtw01 dnsmasq-dhcp[9428]: read /var/lib/neutron/dhcp/d2fe61a9-0734-4baf-b6b8-6856da3d466c/opts
May 25 16:31:10 gtw01 dnsmasq[8827]: read /var/lib/neutron/dhcp/a7c84cfb-f699-40f7-bd00-82c3cb95a72e/addn_hosts - 2 addresses
May 25 16:31:10 gtw01 dnsmasq-dhcp[8827]: read /var/lib/neutron/dhcp/a7c84cfb-f699-40f7-bd00-82c3cb95a72e/host
May 25 16:31:10 gtw01 dnsmasq-dhcp[8827]: read /var/lib/neutron/dhcp/a7c84cfb-f699-40f7-bd00-82c3cb95a72e/opts
May 25 16:31:10 gtw01 haproxy-metadata-proxy-739f4aa7-1f42-4403-9f84-f872f3a7742e[9648]: Proxy listener started.
May 25 16:31:11 gtw01 dnsmasq[9428]: read /var/lib/neutron/dhcp/d2fe61a9-0734-4baf-b6b8-6856da3d466c/addn_hosts - 2 addresses
May 25 16:31:11 gtw01 dnsmasq-dhcp[9428]: read /var/lib/neutron/dhcp/d2fe61a9-0734-4baf-b6b8-6856da3d466c/host
May 25 16:31:11 gtw01 dnsmasq-dhcp[9428]: read /var/lib/neutron/dhcp/d2fe61a9-0734-4baf-b6b8-6856da3d466c/opts
May 25 16:31:12 gtw01 dnsmasq-dhcp[5354]: DHCPDISCOVER(tap5ebaa891-ab) fa:16:3e:43:33:e5
May 25 16:31:12 gtw01 dnsmasq-dhcp[5354]: DHCPOFFER(tap5ebaa891-ab) 192.168.120.12 fa:16:3e:43:33:e5
May 25 16:31:12 gtw01 dnsmasq-dhcp[5354]: DHCPREQUEST(tap5ebaa891-ab) 192.168.120.12 fa:16:3e:43:33:e5
May 25 16:31:12 gtw01 dnsmasq-dhcp[5354]: DHCPACK(tap5ebaa891-ab) 192.168.120.12 fa:16:3e:43:33:e5 host-192-168-120-12
May 25 16:31:12 gtw01 dnsmasq[9428]: read /var/lib/neutron/dhcp/d2fe61a9-0734-4baf-b6b8-6856da3d466c/addn_hosts - 2 addresses
May 25 16:31:12 gtw01 dnsmasq-dhcp[9428]: read /var/lib/neutron/dhcp/d2fe61a9-0734-4baf-b6b8-6856da3d466c/host
May 25 16:31:12 gtw01 dnsmasq-dhcp[9428]: read /var/lib/neutron/dhcp/d2fe61a9-0734-4baf-b6b8-6856da3d466c/opts
May 25 16:31:13 gtw01 dnsmasq[9428]: read /var/lib/neutron/dhcp/d2fe61a9-0734-4baf-b6b8-6856da3d466c/addn_hosts - 2 addresses
May 25 16:31:13 gtw01 dnsmasq-dhcp[9428]: read /var/lib/neutron/dhcp/d2fe61a9-0734-4baf-b6b8-6856da3d466c/host
May 25 16:31:13 gtw01 dnsmasq-dhcp[9428]: read /var/lib/neutron/dhcp/d2fe61a9-0734-4baf-b6b8-6856da3d466c/opts
May 25 16:31:13 gtw01 dnsmasq[9764]: started, version 2.80 cachesize 150
May 25 16:31:13 gtw01 dnsmasq[9764]: DNS service limited to local subnets
May 25 16:31:13 gtw01 dnsmasq[9764]: compile time options: IPv6 GNU-getopt DBus i18n IDN DHCP DHCPv6 no-Lua TFTP conntrack ipset auth DNSSEC loop-detect inotify dumpfile
May 25 16:31:13 gtw01 dnsmasq[9764]: warning: no upstream servers configured
May 25 16:31:13 gtw01 dnsmasq-dhcp[9764]: DHCP, static leases only on 192.168.122.0, lease time 1h
May 25 16:31:13 gtw01 dnsmasq[9764]: read /var/lib/neutron/dhcp/af5f6d08-b5ff-4d3b-a379-3e30278f5409/addn_hosts - 1 addresses
May 25 16:31:13 gtw01 dnsmasq-dhcp[9764]: read /var/lib/neutron/dhcp/af5f6d08-b5ff-4d3b-a379-3e30278f5409/host
May 25 16:31:13 gtw01 dnsmasq-dhcp[9764]: read /var/lib/neutron/dhcp/af5f6d08-b5ff-4d3b-a379-3e30278f5409/opts
May 25 16:31:13 gtw01 haproxy-metadata-proxy-af5f6d08-b5ff-4d3b-a379-3e30278f5409[9776]: Proxy listener started.
May 25 16:31:14 gtw01 dnsmasq[9428]: read /var/lib/neutron/dhcp/d2fe61a9-0734-4baf-b6b8-6856da3d466c/addn_hosts - 2 addresses
May 25 16:31:14 gtw01 dnsmasq-dhcp[9428]: read /var/lib/neutron/dhcp/d2fe61a9-0734-4baf-b6b8-6856da3d466c/host
May 25 16:31:14 gtw01 dnsmasq-dhcp[9428]: read /var/lib/neutron/dhcp/d2fe61a9-0734-4baf-b6b8-6856da3d466c/opts
May 25 16:31:14 gtw01 dnsmasq[9764]: read /var/lib/neutron/dhcp/af5f6d08-b5ff-4d3b-a379-3e30278f5409/addn_hosts - 2 addresses
May 25 16:31:14 gtw01 dnsmasq-dhcp[9764]: read /var/lib/neutron/dhcp/af5f6d08-b5ff-4d3b-a379-3e30278f5409/host
May 25 16:31:14 gtw01 dnsmasq-dhcp[9764]: read /var/lib/neutron/dhcp/af5f6d08-b5ff-4d3b-a379-3e30278f5409/opts
May 25 16:31:14 gtw01 kernel: [ 4697.122730] device tap42fafea2-13 entered promiscuous mode
May 25 16:31:14 gtw01 systemd-udevd[9853]: Could not generate persistent MAC address for tap42fafea2-13: No such file or directory
May 25 16:31:14 gtw01 systemd-udevd[9853]: Process '/sbin/ip link set tap42fafea2-13 txqueuelen 10000' failed with exit code 1.
May 25 16:31:14 gtw01 systemd-udevd[9853]: Process '/sbin/ip link set tap42fafea2-13 txqueuelen 10000' failed with exit code 1.
May 25 16:31:15 gtw01 dnsmasq[9428]: read /var/lib/neutron/dhcp/d2fe61a9-0734-4baf-b6b8-6856da3d466c/addn_hosts - 2 addresses
May 25 16:31:15 gtw01 dnsmasq-dhcp[9428]: read /var/lib/neutron/dhcp/d2fe61a9-0734-4baf-b6b8-6856da3d466c/host
May 25 16:31:15 gtw01 dnsmasq-dhcp[9428]: read /var/lib/neutron/dhcp/d2fe61a9-0734-4baf-b6b8-6856da3d466c/opts
May 25 16:31:15 gtw01 dnsmasq[9764]: read /var/lib/neutron/dhcp/af5f6d08-b5ff-4d3b-a379-3e30278f5409/addn_hosts - 2 addresses
May 25 16:31:15 gtw01 dnsmasq-dhcp[9764]: read /var/lib/neutron/dhcp/af5f6d08-b5ff-4d3b-a379-3e30278f5409/host
May 25 16:31:15 gtw01 dnsmasq-dhcp[9764]: read /var/lib/neutron/dhcp/af5f6d08-b5ff-4d3b-a379-3e30278f5409/opts
May 25 16:31:15 gtw01 dnsmasq[9428]: read /var/lib/neutron/dhcp/d2fe61a9-0734-4baf-b6b8-6856da3d466c/addn_hosts - 2 addresses
May 25 16:31:15 gtw01 dnsmasq-dhcp[9428]: read /var/lib/neutron/dhcp/d2fe61a9-0734-4baf-b6b8-6856da3d466c/host
May 25 16:31:15 gtw01 dnsmasq-dhcp[9428]: read /var/lib/neutron/dhcp/d2fe61a9-0734-4baf-b6b8-6856da3d466c/opts
May 25 16:31:16 gtw01 systemd-udevd[10012]: Could not generate persistent MAC address for qr-51e7dbf6-b9: No such file or directory
May 25 16:31:16 gtw01 kernel: [ 4698.593749] device qr-51e7dbf6-b9 entered promiscuous mode
May 25 16:31:16 gtw01 dnsmasq[9764]: read /var/lib/neutron/dhcp/af5f6d08-b5ff-4d3b-a379-3e30278f5409/addn_hosts - 2 addresses
May 25 16:31:16 gtw01 dnsmasq-dhcp[9764]: read /var/lib/neutron/dhcp/af5f6d08-b5ff-4d3b-a379-3e30278f5409/host
May 25 16:31:16 gtw01 dnsmasq-dhcp[9764]: read /var/lib/neutron/dhcp/af5f6d08-b5ff-4d3b-a379-3e30278f5409/opts
May 25 16:31:17 gtw01 systemd-udevd[10163]: Could not generate persistent MAC address for qr-7e19461b-c1: No such file or directory
May 25 16:31:17 gtw01 kernel: [ 4699.533851] device qr-7e19461b-c1 entered promiscuous mode
May 25 16:31:17 gtw01 kernel: [ 4699.741624] IPv4: martian source 192.168.123.1 from 192.168.123.1, on dev qr-7e19461b-c1
May 25 16:31:17 gtw01 kernel: [ 4699.741628] ll header: 00000000: ff ff ff ff ff ff fa 16 3e 24 57 05 08 06        ........>$W...
May 25 16:31:17 gtw01 dnsmasq[9764]: read /var/lib/neutron/dhcp/af5f6d08-b5ff-4d3b-a379-3e30278f5409/addn_hosts - 2 addresses
May 25 16:31:17 gtw01 dnsmasq-dhcp[9764]: read /var/lib/neutron/dhcp/af5f6d08-b5ff-4d3b-a379-3e30278f5409/host
May 25 16:31:17 gtw01 dnsmasq-dhcp[9764]: read /var/lib/neutron/dhcp/af5f6d08-b5ff-4d3b-a379-3e30278f5409/opts
May 25 16:31:17 gtw01 systemd-udevd[10284]: Could not generate persistent MAC address for tap6c871b80-2a: No such file or directory
May 25 16:31:17 gtw01 kernel: [ 4700.073855] device tap6c871b80-2a entered promiscuous mode
May 25 16:31:17 gtw01 systemd-udevd[10284]: Process '/sbin/ip link set tap6c871b80-2a txqueuelen 10000' failed with exit code 1.
May 25 16:31:17 gtw01 systemd-udevd[10362]: Process '/sbin/ip link set tap6c871b80-2a txqueuelen 10000' failed with exit code 1.
May 25 16:31:18 gtw01 systemd-udevd[10407]: Could not generate persistent MAC address for qr-9294946e-e3: No such file or directory
May 25 16:31:18 gtw01 kernel: [ 4700.658212] device qr-9294946e-e3 entered promiscuous mode
May 25 16:31:18 gtw01 kernel: [ 4700.841549] IPv4: martian source 192.168.121.1 from 192.168.121.1, on dev qr-51e7dbf6-b9
May 25 16:31:18 gtw01 kernel: [ 4700.841553] ll header: 00000000: ff ff ff ff ff ff fa 16 3e 89 43 d0 08 06        ........>.C...
May 25 16:31:18 gtw01 kernel: [ 4700.841557] IPv4: martian source 192.168.121.1 from 192.168.121.1, on dev qr-9294946e-e3
May 25 16:31:18 gtw01 kernel: [ 4700.841558] ll header: 00000000: ff ff ff ff ff ff fa 16 3e 89 43 d0 08 06        ........>.C...
May 25 16:31:18 gtw01 dnsmasq[10518]: started, version 2.80 cachesize 150
May 25 16:31:18 gtw01 dnsmasq[10518]: DNS service limited to local subnets
May 25 16:31:18 gtw01 dnsmasq[10518]: compile time options: IPv6 GNU-getopt DBus i18n IDN DHCP DHCPv6 no-Lua TFTP conntrack ipset auth DNSSEC loop-detect inotify dumpfile
May 25 16:31:18 gtw01 dnsmasq[10518]: warning: no upstream servers configured
May 25 16:31:18 gtw01 dnsmasq-dhcp[10518]: DHCP, static leases only on 192.168.123.0, lease time 1h
May 25 16:31:18 gtw01 dnsmasq[10518]: read /var/lib/neutron/dhcp/9cfc7233-9dc3-4501-8e8d-5313e9aa96d0/addn_hosts - 1 addresses
May 25 16:31:18 gtw01 dnsmasq-dhcp[10518]: read /var/lib/neutron/dhcp/9cfc7233-9dc3-4501-8e8d-5313e9aa96d0/host
May 25 16:31:18 gtw01 dnsmasq-dhcp[10518]: read /var/lib/neutron/dhcp/9cfc7233-9dc3-4501-8e8d-5313e9aa96d0/opts
May 25 16:31:18 gtw01 dnsmasq[9764]: read /var/lib/neutron/dhcp/af5f6d08-b5ff-4d3b-a379-3e30278f5409/addn_hosts - 2 addresses
May 25 16:31:18 gtw01 dnsmasq-dhcp[9764]: read /var/lib/neutron/dhcp/af5f6d08-b5ff-4d3b-a379-3e30278f5409/host
May 25 16:31:18 gtw01 dnsmasq-dhcp[9764]: read /var/lib/neutron/dhcp/af5f6d08-b5ff-4d3b-a379-3e30278f5409/opts
May 25 16:31:18 gtw01 haproxy-metadata-proxy-9cfc7233-9dc3-4501-8e8d-5313e9aa96d0[10531]: Proxy listener started.
May 25 16:31:19 gtw01 kernel: [ 4701.829710] IPv4: martian source 192.168.122.1 from 192.168.122.1, on dev qr-51e7dbf6-b9
May 25 16:31:19 gtw01 kernel: [ 4701.829714] ll header: 00000000: ff ff ff ff ff ff fa 16 3e 45 95 27 08 06        ........>E.'..
May 25 16:31:19 gtw01 kernel: [ 4701.829716] IPv4: martian source 192.168.122.1 from 192.168.122.1, on dev qr-7e19461b-c1
May 25 16:31:19 gtw01 kernel: [ 4701.829717] ll header: 00000000: ff ff ff ff ff ff fa 16 3e 45 95 27 08 06        ........>E.'..
May 25 16:31:19 gtw01 dnsmasq[9764]: read /var/lib/neutron/dhcp/af5f6d08-b5ff-4d3b-a379-3e30278f5409/addn_hosts - 2 addresses
May 25 16:31:19 gtw01 dnsmasq-dhcp[9764]: read /var/lib/neutron/dhcp/af5f6d08-b5ff-4d3b-a379-3e30278f5409/host
May 25 16:31:19 gtw01 dnsmasq-dhcp[9764]: read /var/lib/neutron/dhcp/af5f6d08-b5ff-4d3b-a379-3e30278f5409/opts
May 25 16:31:20 gtw01 kernel: [ 4702.473560] IPv4: martian source 192.168.123.1 from 192.168.123.1, on dev qr-7e19461b-c1
May 25 16:31:20 gtw01 kernel: [ 4702.473563] ll header: 00000000: ff ff ff ff ff ff fa 16 3e 24 57 05 08 06        ........>$W...
May 25 16:31:20 gtw01 kernel: [ 4702.473568] IPv4: martian source 192.168.123.1 from 192.168.123.1, on dev qr-9294946e-e3
May 25 16:31:20 gtw01 kernel: [ 4702.473570] ll header: 00000000: ff ff ff ff ff ff fa 16 3e 24 57 05 08 06        ........>$W...
May 25 16:31:20 gtw01 dnsmasq[10518]: read /var/lib/neutron/dhcp/9cfc7233-9dc3-4501-8e8d-5313e9aa96d0/addn_hosts - 2 addresses
May 25 16:31:20 gtw01 dnsmasq-dhcp[10518]: read /var/lib/neutron/dhcp/9cfc7233-9dc3-4501-8e8d-5313e9aa96d0/host
May 25 16:31:20 gtw01 dnsmasq-dhcp[10518]: read /var/lib/neutron/dhcp/9cfc7233-9dc3-4501-8e8d-5313e9aa96d0/opts
May 25 16:31:20 gtw01 dnsmasq[9764]: read /var/lib/neutron/dhcp/af5f6d08-b5ff-4d3b-a379-3e30278f5409/addn_hosts - 2 addresses
May 25 16:31:20 gtw01 dnsmasq-dhcp[9764]: read /var/lib/neutron/dhcp/af5f6d08-b5ff-4d3b-a379-3e30278f5409/host
May 25 16:31:20 gtw01 dnsmasq-dhcp[9764]: read /var/lib/neutron/dhcp/af5f6d08-b5ff-4d3b-a379-3e30278f5409/opts
May 25 16:31:21 gtw01 dnsmasq[10518]: read /var/lib/neutron/dhcp/9cfc7233-9dc3-4501-8e8d-5313e9aa96d0/addn_hosts - 2 addresses
May 25 16:31:21 gtw01 dnsmasq-dhcp[10518]: read /var/lib/neutron/dhcp/9cfc7233-9dc3-4501-8e8d-5313e9aa96d0/host
May 25 16:31:21 gtw01 dnsmasq-dhcp[10518]: read /var/lib/neutron/dhcp/9cfc7233-9dc3-4501-8e8d-5313e9aa96d0/opts
May 25 16:31:21 gtw01 dnsmasq[10720]: started, version 2.80 cachesize 150
May 25 16:31:21 gtw01 dnsmasq[10720]: DNS service limited to local subnets
May 25 16:31:21 gtw01 dnsmasq[10720]: compile time options: IPv6 GNU-getopt DBus i18n IDN DHCP DHCPv6 no-Lua TFTP conntrack ipset auth DNSSEC loop-detect inotify dumpfile
May 25 16:31:21 gtw01 dnsmasq[10720]: warning: no upstream servers configured
May 25 16:31:21 gtw01 dnsmasq-dhcp[10720]: DHCP, static leases only on 192.168.120.0, lease time 1h
May 25 16:31:21 gtw01 dnsmasq[10720]: read /var/lib/neutron/dhcp/8c04344d-1f11-4748-be6b-26c749a44866/addn_hosts - 1 addresses
May 25 16:31:21 gtw01 dnsmasq-dhcp[10720]: read /var/lib/neutron/dhcp/8c04344d-1f11-4748-be6b-26c749a44866/host
May 25 16:31:21 gtw01 dnsmasq-dhcp[10720]: read /var/lib/neutron/dhcp/8c04344d-1f11-4748-be6b-26c749a44866/opts
May 25 16:31:21 gtw01 dnsmasq-dhcp[5354]: DHCPRELEASE(tap5ebaa891-ab) 192.168.120.12 fa:16:3e:43:33:e5
May 25 16:31:21 gtw01 haproxy-metadata-proxy-8c04344d-1f11-4748-be6b-26c749a44866[10734]: Proxy listener started.
May 25 16:31:22 gtw01 dnsmasq[10518]: read /var/lib/neutron/dhcp/9cfc7233-9dc3-4501-8e8d-5313e9aa96d0/addn_hosts - 2 addresses
May 25 16:31:22 gtw01 dnsmasq-dhcp[10518]: read /var/lib/neutron/dhcp/9cfc7233-9dc3-4501-8e8d-5313e9aa96d0/host
May 25 16:31:22 gtw01 dnsmasq-dhcp[10518]: read /var/lib/neutron/dhcp/9cfc7233-9dc3-4501-8e8d-5313e9aa96d0/opts
May 25 16:31:22 gtw01 dnsmasq[10720]: read /var/lib/neutron/dhcp/8c04344d-1f11-4748-be6b-26c749a44866/addn_hosts - 4 addresses
May 25 16:31:22 gtw01 dnsmasq-dhcp[10720]: read /var/lib/neutron/dhcp/8c04344d-1f11-4748-be6b-26c749a44866/host
May 25 16:31:22 gtw01 dnsmasq-dhcp[10720]: read /var/lib/neutron/dhcp/8c04344d-1f11-4748-be6b-26c749a44866/opts
May 25 16:31:23 gtw01 kernel: [ 4705.559600] device qr-51e7dbf6-b9 left promiscuous mode
May 25 16:31:23 gtw01 dnsmasq[10518]: read /var/lib/neutron/dhcp/9cfc7233-9dc3-4501-8e8d-5313e9aa96d0/addn_hosts - 2 addresses
May 25 16:31:23 gtw01 dnsmasq-dhcp[10518]: read /var/lib/neutron/dhcp/9cfc7233-9dc3-4501-8e8d-5313e9aa96d0/host
May 25 16:31:23 gtw01 dnsmasq-dhcp[10518]: read /var/lib/neutron/dhcp/9cfc7233-9dc3-4501-8e8d-5313e9aa96d0/opts
May 25 16:31:23 gtw01 dnsmasq[10720]: read /var/lib/neutron/dhcp/8c04344d-1f11-4748-be6b-26c749a44866/addn_hosts - 4 addresses
May 25 16:31:23 gtw01 dnsmasq-dhcp[10720]: read /var/lib/neutron/dhcp/8c04344d-1f11-4748-be6b-26c749a44866/host
May 25 16:31:23 gtw01 dnsmasq-dhcp[10720]: read /var/lib/neutron/dhcp/8c04344d-1f11-4748-be6b-26c749a44866/opts
May 25 16:31:24 gtw01 dnsmasq[10518]: read /var/lib/neutron/dhcp/9cfc7233-9dc3-4501-8e8d-5313e9aa96d0/addn_hosts - 2 addresses
May 25 16:31:24 gtw01 dnsmasq-dhcp[10518]: read /var/lib/neutron/dhcp/9cfc7233-9dc3-4501-8e8d-5313e9aa96d0/host
May 25 16:31:24 gtw01 dnsmasq-dhcp[10518]: read /var/lib/neutron/dhcp/9cfc7233-9dc3-4501-8e8d-5313e9aa96d0/opts
May 25 16:31:24 gtw01 dnsmasq[10720]: read /var/lib/neutron/dhcp/8c04344d-1f11-4748-be6b-26c749a44866/addn_hosts - 4 addresses
May 25 16:31:24 gtw01 dnsmasq-dhcp[10720]: read /var/lib/neutron/dhcp/8c04344d-1f11-4748-be6b-26c749a44866/host
May 25 16:31:24 gtw01 dnsmasq-dhcp[10720]: read /var/lib/neutron/dhcp/8c04344d-1f11-4748-be6b-26c749a44866/opts
May 25 16:31:25 gtw01 dnsmasq[10518]: read /var/lib/neutron/dhcp/9cfc7233-9dc3-4501-8e8d-5313e9aa96d0/addn_hosts - 1 addresses
May 25 16:31:25 gtw01 dnsmasq-dhcp[10518]: read /var/lib/neutron/dhcp/9cfc7233-9dc3-4501-8e8d-5313e9aa96d0/host
May 25 16:31:25 gtw01 dnsmasq-dhcp[10518]: read /var/lib/neutron/dhcp/9cfc7233-9dc3-4501-8e8d-5313e9aa96d0/opts
May 25 16:31:25 gtw01 dnsmasq[10720]: read /var/lib/neutron/dhcp/8c04344d-1f11-4748-be6b-26c749a44866/addn_hosts - 4 addresses
May 25 16:31:25 gtw01 dnsmasq-dhcp[10720]: read /var/lib/neutron/dhcp/8c04344d-1f11-4748-be6b-26c749a44866/host
May 25 16:31:25 gtw01 dnsmasq-dhcp[10720]: read /var/lib/neutron/dhcp/8c04344d-1f11-4748-be6b-26c749a44866/opts
May 25 16:31:25 gtw01 kernel: [ 4707.862703] device vxlan_sys_4789 left promiscuous mode
May 25 16:31:26 gtw01 haproxy-metadata-proxy-9cfc7233-9dc3-4501-8e8d-5313e9aa96d0[10965]: Proxy listener started.
May 25 16:31:26 gtw01 dnsmasq[10720]: read /var/lib/neutron/dhcp/8c04344d-1f11-4748-be6b-26c749a44866/addn_hosts - 4 addresses
May 25 16:31:26 gtw01 dnsmasq-dhcp[10720]: read /var/lib/neutron/dhcp/8c04344d-1f11-4748-be6b-26c749a44866/host
May 25 16:31:26 gtw01 dnsmasq-dhcp[10720]: read /var/lib/neutron/dhcp/8c04344d-1f11-4748-be6b-26c749a44866/opts
May 25 16:31:27 gtw01 kernel: [ 4709.481473] device tap42fafea2-13 left promiscuous mode
May 25 16:31:27 gtw01 dnsmasq[10720]: read /var/lib/neutron/dhcp/8c04344d-1f11-4748-be6b-26c749a44866/addn_hosts - 4 addresses
May 25 16:31:27 gtw01 dnsmasq-dhcp[10720]: read /var/lib/neutron/dhcp/8c04344d-1f11-4748-be6b-26c749a44866/host
May 25 16:31:27 gtw01 dnsmasq-dhcp[10720]: read /var/lib/neutron/dhcp/8c04344d-1f11-4748-be6b-26c749a44866/opts
May 25 16:31:27 gtw01 kernel: [ 4710.125193] device vxlan_sys_4789 entered promiscuous mode
May 25 16:31:27 gtw01 systemd-udevd[11012]: Could not generate persistent MAC address for vxlan_sys_4789: No such file or directory
May 25 16:31:28 gtw01 dnsmasq[10720]: read /var/lib/neutron/dhcp/8c04344d-1f11-4748-be6b-26c749a44866/addn_hosts - 4 addresses
May 25 16:31:28 gtw01 dnsmasq-dhcp[10720]: read /var/lib/neutron/dhcp/8c04344d-1f11-4748-be6b-26c749a44866/host
May 25 16:31:28 gtw01 dnsmasq-dhcp[10720]: read /var/lib/neutron/dhcp/8c04344d-1f11-4748-be6b-26c749a44866/opts
May 25 16:31:29 gtw01 dnsmasq[10720]: read /var/lib/neutron/dhcp/8c04344d-1f11-4748-be6b-26c749a44866/addn_hosts - 4 addresses
May 25 16:31:29 gtw01 dnsmasq-dhcp[10720]: read /var/lib/neutron/dhcp/8c04344d-1f11-4748-be6b-26c749a44866/host
May 25 16:31:29 gtw01 dnsmasq-dhcp[10720]: read /var/lib/neutron/dhcp/8c04344d-1f11-4748-be6b-26c749a44866/opts
May 25 16:31:29 gtw01 dnsmasq[9764]: read /var/lib/neutron/dhcp/af5f6d08-b5ff-4d3b-a379-3e30278f5409/addn_hosts - 1 addresses
May 25 16:31:29 gtw01 dnsmasq-dhcp[9764]: read /var/lib/neutron/dhcp/af5f6d08-b5ff-4d3b-a379-3e30278f5409/host
May 25 16:31:29 gtw01 dnsmasq-dhcp[9764]: read /var/lib/neutron/dhcp/af5f6d08-b5ff-4d3b-a379-3e30278f5409/opts
May 25 16:31:30 gtw01 dnsmasq[10720]: read /var/lib/neutron/dhcp/8c04344d-1f11-4748-be6b-26c749a44866/addn_hosts - 4 addresses
May 25 16:31:30 gtw01 dnsmasq-dhcp[10720]: read /var/lib/neutron/dhcp/8c04344d-1f11-4748-be6b-26c749a44866/host
May 25 16:31:30 gtw01 dnsmasq-dhcp[10720]: read /var/lib/neutron/dhcp/8c04344d-1f11-4748-be6b-26c749a44866/opts
May 25 16:31:30 gtw01 haproxy-metadata-proxy-af5f6d08-b5ff-4d3b-a379-3e30278f5409[11196]: Proxy listener started.
May 25 16:31:30 gtw01 dnsmasq[10720]: read /var/lib/neutron/dhcp/8c04344d-1f11-4748-be6b-26c749a44866/addn_hosts - 4 addresses
May 25 16:31:30 gtw01 dnsmasq-dhcp[10720]: read /var/lib/neutron/dhcp/8c04344d-1f11-4748-be6b-26c749a44866/host
May 25 16:31:30 gtw01 dnsmasq-dhcp[10720]: read /var/lib/neutron/dhcp/8c04344d-1f11-4748-be6b-26c749a44866/opts
May 25 16:31:31 gtw01 kernel: [ 4714.240692] device qr-9294946e-e3 left promiscuous mode
May 25 16:31:31 gtw01 dnsmasq[10720]: read /var/lib/neutron/dhcp/8c04344d-1f11-4748-be6b-26c749a44866/addn_hosts - 4 addresses
May 25 16:31:31 gtw01 dnsmasq-dhcp[10720]: read /var/lib/neutron/dhcp/8c04344d-1f11-4748-be6b-26c749a44866/host
May 25 16:31:31 gtw01 dnsmasq-dhcp[10720]: read /var/lib/neutron/dhcp/8c04344d-1f11-4748-be6b-26c749a44866/opts
May 25 16:31:32 gtw01 dnsmasq[10720]: read /var/lib/neutron/dhcp/8c04344d-1f11-4748-be6b-26c749a44866/addn_hosts - 4 addresses
May 25 16:31:32 gtw01 dnsmasq-dhcp[10720]: read /var/lib/neutron/dhcp/8c04344d-1f11-4748-be6b-26c749a44866/host
May 25 16:31:32 gtw01 dnsmasq-dhcp[10720]: read /var/lib/neutron/dhcp/8c04344d-1f11-4748-be6b-26c749a44866/opts
May 25 16:31:33 gtw01 kernel: [ 4715.605102] device tap13af1588-57 left promiscuous mode
May 25 16:31:34 gtw01 dnsmasq[10720]: read /var/lib/neutron/dhcp/8c04344d-1f11-4748-be6b-26c749a44866/addn_hosts - 3 addresses
May 25 16:31:34 gtw01 dnsmasq-dhcp[10720]: read /var/lib/neutron/dhcp/8c04344d-1f11-4748-be6b-26c749a44866/host
May 25 16:31:34 gtw01 dnsmasq-dhcp[10720]: read /var/lib/neutron/dhcp/8c04344d-1f11-4748-be6b-26c749a44866/opts
May 25 16:31:36 gtw01 dnsmasq[9428]: read /var/lib/neutron/dhcp/d2fe61a9-0734-4baf-b6b8-6856da3d466c/addn_hosts - 1 addresses
May 25 16:31:36 gtw01 dnsmasq-dhcp[9428]: read /var/lib/neutron/dhcp/d2fe61a9-0734-4baf-b6b8-6856da3d466c/host
May 25 16:31:36 gtw01 dnsmasq-dhcp[9428]: read /var/lib/neutron/dhcp/d2fe61a9-0734-4baf-b6b8-6856da3d466c/opts
May 25 16:31:36 gtw01 dnsmasq[10720]: read /var/lib/neutron/dhcp/8c04344d-1f11-4748-be6b-26c749a44866/addn_hosts - 2 addresses
May 25 16:31:36 gtw01 dnsmasq-dhcp[10720]: read /var/lib/neutron/dhcp/8c04344d-1f11-4748-be6b-26c749a44866/host
May 25 16:31:36 gtw01 dnsmasq-dhcp[10720]: read /var/lib/neutron/dhcp/8c04344d-1f11-4748-be6b-26c749a44866/opts
May 25 16:31:36 gtw01 haproxy-metadata-proxy-d2fe61a9-0734-4baf-b6b8-6856da3d466c[11392]: Proxy listener started.
May 25 16:31:37 gtw01 dnsmasq-dhcp[5354]: DHCPDISCOVER(tap5ebaa891-ab) fa:16:3e:43:33:e5
May 25 16:31:37 gtw01 dnsmasq-dhcp[5354]: DHCPOFFER(tap5ebaa891-ab) 192.168.120.12 fa:16:3e:43:33:e5
May 25 16:31:37 gtw01 dnsmasq-dhcp[5354]: DHCPREQUEST(tap5ebaa891-ab) 192.168.120.12 fa:16:3e:43:33:e5
May 25 16:31:37 gtw01 dnsmasq-dhcp[5354]: DHCPACK(tap5ebaa891-ab) 192.168.120.12 fa:16:3e:43:33:e5 host-192-168-120-12
May 25 16:31:38 gtw01 kernel: [ 4720.586695] device qr-7e19461b-c1 left promiscuous mode
May 25 16:31:39 gtw01 kernel: [ 4722.286037] device tap9e0f393a-71 left promiscuous mode
May 25 16:31:40 gtw01 dnsmasq[10720]: read /var/lib/neutron/dhcp/8c04344d-1f11-4748-be6b-26c749a44866/addn_hosts - 1 addresses
May 25 16:31:40 gtw01 dnsmasq-dhcp[10720]: read /var/lib/neutron/dhcp/8c04344d-1f11-4748-be6b-26c749a44866/host
May 25 16:31:40 gtw01 dnsmasq-dhcp[10720]: read /var/lib/neutron/dhcp/8c04344d-1f11-4748-be6b-26c749a44866/opts
May 25 16:31:43 gtw01 kernel: [ 4725.476040] device tap6c871b80-2a left promiscuous mode
May 25 16:31:43 gtw01 dnsmasq[8827]: read /var/lib/neutron/dhcp/a7c84cfb-f699-40f7-bd00-82c3cb95a72e/addn_hosts - 1 addresses
May 25 16:31:43 gtw01 dnsmasq-dhcp[8827]: read /var/lib/neutron/dhcp/a7c84cfb-f699-40f7-bd00-82c3cb95a72e/host
May 25 16:31:43 gtw01 dnsmasq-dhcp[8827]: read /var/lib/neutron/dhcp/a7c84cfb-f699-40f7-bd00-82c3cb95a72e/opts
May 25 16:31:43 gtw01 haproxy-metadata-proxy-a7c84cfb-f699-40f7-bd00-82c3cb95a72e[11553]: Proxy listener started.
May 25 16:31:44 gtw01 kernel: [ 4726.793773] device qr-44769df2-f5 left promiscuous mode
May 25 16:31:45 gtw01 dnsmasq-dhcp[5354]: DHCPRELEASE(tap5ebaa891-ab) 192.168.120.12 fa:16:3e:43:33:e5
May 25 16:31:45 gtw01 kernel: [ 4728.154483] device tapf0d494be-e3 left promiscuous mode
May 25 16:31:48 gtw01 kernel: [ 4731.359249] device vxlan_sys_4789 left promiscuous mode
May 25 16:31:50 gtw01 systemd-udevd[11697]: Could not generate persistent MAC address for vxlan_sys_4789: No such file or directory
May 25 16:31:50 gtw01 kernel: [ 4733.007667] device vxlan_sys_4789 entered promiscuous mode
May 25 16:31:52 gtw01 dnsmasq[2739]: read /var/lib/neutron/dhcp/d06e64aa-9efe-4857-be0b-2b059910ad4b/addn_hosts - 3 addresses
May 25 16:31:52 gtw01 dnsmasq-dhcp[2739]: read /var/lib/neutron/dhcp/d06e64aa-9efe-4857-be0b-2b059910ad4b/host
May 25 16:31:52 gtw01 dnsmasq-dhcp[2739]: read /var/lib/neutron/dhcp/d06e64aa-9efe-4857-be0b-2b059910ad4b/opts
May 25 16:31:53 gtw01 dnsmasq[2739]: read /var/lib/neutron/dhcp/d06e64aa-9efe-4857-be0b-2b059910ad4b/addn_hosts - 3 addresses
May 25 16:31:53 gtw01 dnsmasq-dhcp[2739]: read /var/lib/neutron/dhcp/d06e64aa-9efe-4857-be0b-2b059910ad4b/host
May 25 16:31:53 gtw01 dnsmasq-dhcp[2739]: read /var/lib/neutron/dhcp/d06e64aa-9efe-4857-be0b-2b059910ad4b/opts
May 25 16:31:53 gtw01 dnsmasq[2739]: read /var/lib/neutron/dhcp/d06e64aa-9efe-4857-be0b-2b059910ad4b/addn_hosts - 3 addresses
May 25 16:31:53 gtw01 dnsmasq-dhcp[2739]: read /var/lib/neutron/dhcp/d06e64aa-9efe-4857-be0b-2b059910ad4b/host
May 25 16:31:53 gtw01 dnsmasq-dhcp[2739]: read /var/lib/neutron/dhcp/d06e64aa-9efe-4857-be0b-2b059910ad4b/opts
May 25 16:31:54 gtw01 haproxy-metadata-proxy-8b3691b4-dd2b-45ed-adb6-eb576f618ba2[11869]: Proxy listener started.
May 25 16:32:00 gtw01 dnsmasq-dhcp[5354]: DHCPDISCOVER(tap5ebaa891-ab) fa:16:3e:43:33:e5
May 25 16:32:00 gtw01 dnsmasq-dhcp[5354]: DHCPOFFER(tap5ebaa891-ab) 192.168.120.12 fa:16:3e:43:33:e5
May 25 16:32:00 gtw01 dnsmasq-dhcp[5354]: DHCPREQUEST(tap5ebaa891-ab) 192.168.120.12 fa:16:3e:43:33:e5
May 25 16:32:00 gtw01 dnsmasq-dhcp[5354]: DHCPACK(tap5ebaa891-ab) 192.168.120.12 fa:16:3e:43:33:e5 host-192-168-120-12
May 25 16:32:06 gtw01 dnsmasq-dhcp[2739]: DHCPDISCOVER(tapa186c095-fa) fa:16:3e:f5:fb:09
May 25 16:32:06 gtw01 dnsmasq-dhcp[2739]: DHCPOFFER(tapa186c095-fa) 192.168.120.6 fa:16:3e:f5:fb:09
May 25 16:32:06 gtw01 dnsmasq-dhcp[2739]: DHCPREQUEST(tapa186c095-fa) 192.168.120.6 fa:16:3e:f5:fb:09
May 25 16:32:06 gtw01 dnsmasq-dhcp[2739]: DHCPACK(tapa186c095-fa) 192.168.120.6 fa:16:3e:f5:fb:09 host-192-168-120-6
May 25 16:32:12 gtw01 dnsmasq-dhcp[5354]: DHCPRELEASE(tap5ebaa891-ab) 192.168.120.12 fa:16:3e:43:33:e5
May 25 16:32:17 gtw01 dnsmasq-dhcp[2739]: DHCPRELEASE(tapa186c095-fa) 192.168.120.6 fa:16:3e:f5:fb:09
May 25 16:32:17 gtw01 dnsmasq-dhcp[2739]: DHCPRELEASE(tapa186c095-fa) 192.168.120.6 fa:16:3e:f5:fb:09 unknown lease
May 25 16:32:17 gtw01 kernel: [ 4759.702609] device vxlan_sys_4789 left promiscuous mode
May 25 16:32:18 gtw01 dnsmasq[2739]: read /var/lib/neutron/dhcp/d06e64aa-9efe-4857-be0b-2b059910ad4b/addn_hosts - 2 addresses
May 25 16:32:18 gtw01 dnsmasq-dhcp[2739]: read /var/lib/neutron/dhcp/d06e64aa-9efe-4857-be0b-2b059910ad4b/host
May 25 16:32:18 gtw01 dnsmasq-dhcp[2739]: read /var/lib/neutron/dhcp/d06e64aa-9efe-4857-be0b-2b059910ad4b/opts
May 25 16:32:21 gtw01 dnsmasq[5354]: read /var/lib/neutron/dhcp/d45bfe6e-5f6f-4464-86d5-b09d682eea21/addn_hosts - 2 addresses
May 25 16:32:21 gtw01 dnsmasq-dhcp[5354]: read /var/lib/neutron/dhcp/d45bfe6e-5f6f-4464-86d5-b09d682eea21/host
May 25 16:32:21 gtw01 dnsmasq-dhcp[5354]: read /var/lib/neutron/dhcp/d45bfe6e-5f6f-4464-86d5-b09d682eea21/opts
May 25 16:32:25 gtw01 dnsmasq[5354]: read /var/lib/neutron/dhcp/d45bfe6e-5f6f-4464-86d5-b09d682eea21/addn_hosts - 1 addresses
May 25 16:32:25 gtw01 dnsmasq-dhcp[5354]: read /var/lib/neutron/dhcp/d45bfe6e-5f6f-4464-86d5-b09d682eea21/host
May 25 16:32:25 gtw01 dnsmasq-dhcp[5354]: read /var/lib/neutron/dhcp/d45bfe6e-5f6f-4464-86d5-b09d682eea21/opts
May 25 16:32:26 gtw01 haproxy-metadata-proxy-d45bfe6e-5f6f-4464-86d5-b09d682eea21[12027]: Proxy listener started.
May 25 16:32:27 gtw01 kernel: [ 4769.614650] device qr-2f613de9-cb left promiscuous mode
May 25 16:32:28 gtw01 kernel: [ 4771.029664] device tap66cdcfd4-a1 entered promiscuous mode
May 25 16:32:28 gtw01 systemd-udevd[12075]: Could not generate persistent MAC address for tap66cdcfd4-a1: No such file or directory
May 25 16:32:28 gtw01 systemd-udevd[12075]: Process '/sbin/ip link set tap66cdcfd4-a1 txqueuelen 10000' failed with exit code 1.
May 25 16:32:28 gtw01 systemd-udevd[12149]: Process '/sbin/ip link set tap66cdcfd4-a1 txqueuelen 10000' failed with exit code 1.
May 25 16:32:30 gtw01 kernel: [ 4772.540771] device qg-af05a62b-f7 left promiscuous mode
May 25 16:32:30 gtw01 kernel: [ 4772.566392] device tap5ebaa891-ab left promiscuous mode
May 25 16:32:31 gtw01 systemd-udevd[12337]: Could not generate persistent MAC address for qg-5c847bbf-16: No such file or directory
May 25 16:32:31 gtw01 kernel: [ 4774.320897] device qg-5c847bbf-16 entered promiscuous mode
May 25 16:32:31 gtw01 dnsmasq[12396]: started, version 2.80 cachesize 150
May 25 16:32:31 gtw01 dnsmasq[12396]: DNS service limited to local subnets
May 25 16:32:31 gtw01 dnsmasq[12396]: compile time options: IPv6 GNU-getopt DBus i18n IDN DHCP DHCPv6 no-Lua TFTP conntrack ipset auth DNSSEC loop-detect inotify dumpfile
May 25 16:32:31 gtw01 dnsmasq[12396]: warning: no upstream servers configured
May 25 16:32:31 gtw01 dnsmasq-dhcp[12396]: DHCP, static leases only on 192.168.120.0, lease time 1h
May 25 16:32:31 gtw01 dnsmasq[12396]: read /var/lib/neutron/dhcp/cdf8e1f1-9815-4c85-96ca-1c8685779219/addn_hosts - 1 addresses
May 25 16:32:31 gtw01 dnsmasq-dhcp[12396]: read /var/lib/neutron/dhcp/cdf8e1f1-9815-4c85-96ca-1c8685779219/host
May 25 16:32:31 gtw01 dnsmasq-dhcp[12396]: read /var/lib/neutron/dhcp/cdf8e1f1-9815-4c85-96ca-1c8685779219/opts
May 25 16:32:32 gtw01 haproxy-metadata-proxy-cdf8e1f1-9815-4c85-96ca-1c8685779219[12423]: Proxy listener started.
May 25 16:32:32 gtw01 dnsmasq[12396]: read /var/lib/neutron/dhcp/cdf8e1f1-9815-4c85-96ca-1c8685779219/addn_hosts - 2 addresses
May 25 16:32:32 gtw01 dnsmasq-dhcp[12396]: read /var/lib/neutron/dhcp/cdf8e1f1-9815-4c85-96ca-1c8685779219/host
May 25 16:32:32 gtw01 dnsmasq-dhcp[12396]: read /var/lib/neutron/dhcp/cdf8e1f1-9815-4c85-96ca-1c8685779219/opts
May 25 16:32:34 gtw01 dnsmasq[12396]: read /var/lib/neutron/dhcp/cdf8e1f1-9815-4c85-96ca-1c8685779219/addn_hosts - 2 addresses
May 25 16:32:34 gtw01 dnsmasq-dhcp[12396]: read /var/lib/neutron/dhcp/cdf8e1f1-9815-4c85-96ca-1c8685779219/host
May 25 16:32:34 gtw01 dnsmasq-dhcp[12396]: read /var/lib/neutron/dhcp/cdf8e1f1-9815-4c85-96ca-1c8685779219/opts
May 25 16:32:34 gtw01 dnsmasq[12396]: read /var/lib/neutron/dhcp/cdf8e1f1-9815-4c85-96ca-1c8685779219/addn_hosts - 2 addresses
May 25 16:32:34 gtw01 dnsmasq-dhcp[12396]: read /var/lib/neutron/dhcp/cdf8e1f1-9815-4c85-96ca-1c8685779219/host
May 25 16:32:34 gtw01 dnsmasq-dhcp[12396]: read /var/lib/neutron/dhcp/cdf8e1f1-9815-4c85-96ca-1c8685779219/opts
May 25 16:32:35 gtw01 dnsmasq[12396]: read /var/lib/neutron/dhcp/cdf8e1f1-9815-4c85-96ca-1c8685779219/addn_hosts - 2 addresses
May 25 16:32:35 gtw01 dnsmasq-dhcp[12396]: read /var/lib/neutron/dhcp/cdf8e1f1-9815-4c85-96ca-1c8685779219/host
May 25 16:32:35 gtw01 dnsmasq-dhcp[12396]: read /var/lib/neutron/dhcp/cdf8e1f1-9815-4c85-96ca-1c8685779219/opts
May 25 16:32:36 gtw01 dnsmasq[12396]: read /var/lib/neutron/dhcp/cdf8e1f1-9815-4c85-96ca-1c8685779219/addn_hosts - 2 addresses
May 25 16:32:36 gtw01 dnsmasq-dhcp[12396]: read /var/lib/neutron/dhcp/cdf8e1f1-9815-4c85-96ca-1c8685779219/host
May 25 16:32:36 gtw01 dnsmasq-dhcp[12396]: read /var/lib/neutron/dhcp/cdf8e1f1-9815-4c85-96ca-1c8685779219/opts
May 25 16:32:37 gtw01 haproxy-metadata-proxy-a706ccff-ebd3-488b-a015-f8acc2df23b5[12642]: Proxy listener started.
May 25 16:32:39 gtw01 dnsmasq[12396]: read /var/lib/neutron/dhcp/cdf8e1f1-9815-4c85-96ca-1c8685779219/addn_hosts - 2 addresses
May 25 16:32:39 gtw01 dnsmasq-dhcp[12396]: read /var/lib/neutron/dhcp/cdf8e1f1-9815-4c85-96ca-1c8685779219/host
May 25 16:32:39 gtw01 dnsmasq-dhcp[12396]: read /var/lib/neutron/dhcp/cdf8e1f1-9815-4c85-96ca-1c8685779219/opts
May 25 16:32:39 gtw01 kernel: [ 4782.349694] device qr-e5dbf1a8-1d entered promiscuous mode
May 25 16:32:39 gtw01 systemd-udevd[12670]: Could not generate persistent MAC address for qr-e5dbf1a8-1d: No such file or directory
May 25 16:32:40 gtw01 dnsmasq[12396]: read /var/lib/neutron/dhcp/cdf8e1f1-9815-4c85-96ca-1c8685779219/addn_hosts - 3 addresses
May 25 16:32:40 gtw01 dnsmasq-dhcp[12396]: read /var/lib/neutron/dhcp/cdf8e1f1-9815-4c85-96ca-1c8685779219/host
May 25 16:32:40 gtw01 dnsmasq-dhcp[12396]: read /var/lib/neutron/dhcp/cdf8e1f1-9815-4c85-96ca-1c8685779219/opts
May 25 16:32:41 gtw01 dnsmasq[12396]: read /var/lib/neutron/dhcp/cdf8e1f1-9815-4c85-96ca-1c8685779219/addn_hosts - 3 addresses
May 25 16:32:41 gtw01 dnsmasq-dhcp[12396]: read /var/lib/neutron/dhcp/cdf8e1f1-9815-4c85-96ca-1c8685779219/host
May 25 16:32:41 gtw01 dnsmasq-dhcp[12396]: read /var/lib/neutron/dhcp/cdf8e1f1-9815-4c85-96ca-1c8685779219/opts
May 25 16:32:41 gtw01 dnsmasq[2739]: read /var/lib/neutron/dhcp/d06e64aa-9efe-4857-be0b-2b059910ad4b/addn_hosts - 3 addresses
May 25 16:32:41 gtw01 dnsmasq-dhcp[2739]: read /var/lib/neutron/dhcp/d06e64aa-9efe-4857-be0b-2b059910ad4b/host
May 25 16:32:41 gtw01 dnsmasq-dhcp[2739]: read /var/lib/neutron/dhcp/d06e64aa-9efe-4857-be0b-2b059910ad4b/opts
May 25 16:32:42 gtw01 dnsmasq[12396]: read /var/lib/neutron/dhcp/cdf8e1f1-9815-4c85-96ca-1c8685779219/addn_hosts - 3 addresses
May 25 16:32:42 gtw01 dnsmasq-dhcp[12396]: read /var/lib/neutron/dhcp/cdf8e1f1-9815-4c85-96ca-1c8685779219/host
May 25 16:32:42 gtw01 dnsmasq-dhcp[12396]: read /var/lib/neutron/dhcp/cdf8e1f1-9815-4c85-96ca-1c8685779219/opts
May 25 16:32:43 gtw01 dnsmasq[12396]: read /var/lib/neutron/dhcp/cdf8e1f1-9815-4c85-96ca-1c8685779219/addn_hosts - 3 addresses
May 25 16:32:43 gtw01 dnsmasq-dhcp[12396]: read /var/lib/neutron/dhcp/cdf8e1f1-9815-4c85-96ca-1c8685779219/host
May 25 16:32:43 gtw01 dnsmasq-dhcp[12396]: read /var/lib/neutron/dhcp/cdf8e1f1-9815-4c85-96ca-1c8685779219/opts
May 25 16:32:43 gtw01 dnsmasq[2739]: read /var/lib/neutron/dhcp/d06e64aa-9efe-4857-be0b-2b059910ad4b/addn_hosts - 3 addresses
May 25 16:32:43 gtw01 dnsmasq-dhcp[2739]: read /var/lib/neutron/dhcp/d06e64aa-9efe-4857-be0b-2b059910ad4b/host
May 25 16:32:43 gtw01 dnsmasq-dhcp[2739]: read /var/lib/neutron/dhcp/d06e64aa-9efe-4857-be0b-2b059910ad4b/opts
May 25 16:32:44 gtw01 dnsmasq[2739]: read /var/lib/neutron/dhcp/d06e64aa-9efe-4857-be0b-2b059910ad4b/addn_hosts - 3 addresses
May 25 16:32:44 gtw01 dnsmasq-dhcp[2739]: read /var/lib/neutron/dhcp/d06e64aa-9efe-4857-be0b-2b059910ad4b/host
May 25 16:32:44 gtw01 dnsmasq-dhcp[2739]: read /var/lib/neutron/dhcp/d06e64aa-9efe-4857-be0b-2b059910ad4b/opts
