May 25 16:59:47 gtw01 systemd-udevd[25780]: Process '/sbin/ip link set tap449f0331-97 txqueuelen 10000' failed with exit code 1.
May 25 16:59:47 gtw01 systemd-udevd[25780]: Process '/sbin/ip link set tap449f0331-97 txqueuelen 10000' failed with exit code 1.
May 25 16:59:50 gtw01 dnsmasq[25930]: started, version 2.80 cachesize 150
May 25 16:59:50 gtw01 dnsmasq[25930]: DNS service limited to local subnets
May 25 16:59:50 gtw01 dnsmasq[25930]: compile time options: IPv6 GNU-getopt DBus i18n IDN DHCP DHCPv6 no-Lua TFTP conntrack ipset auth DNSSEC loop-detect inotify dumpfile
May 25 16:59:50 gtw01 dnsmasq[25930]: warning: no upstream servers configured
May 25 16:59:50 gtw01 dnsmasq-dhcp[25930]: DHCP, static leases only on 192.168.120.0, lease time 1h
May 25 16:59:50 gtw01 dnsmasq[25930]: read /var/lib/neutron/dhcp/12b723e0-eb39-42d7-9631-729d13891e48/addn_hosts - 1 addresses
May 25 16:59:50 gtw01 dnsmasq-dhcp[25930]: read /var/lib/neutron/dhcp/12b723e0-eb39-42d7-9631-729d13891e48/host
May 25 16:59:50 gtw01 dnsmasq-dhcp[25930]: read /var/lib/neutron/dhcp/12b723e0-eb39-42d7-9631-729d13891e48/opts
May 25 16:59:50 gtw01 haproxy-metadata-proxy-12b723e0-eb39-42d7-9631-729d13891e48[25934]: Proxy listener started.
May 25 16:59:50 gtw01 dnsmasq[25930]: read /var/lib/neutron/dhcp/12b723e0-eb39-42d7-9631-729d13891e48/addn_hosts - 1 addresses
May 25 16:59:50 gtw01 dnsmasq-dhcp[25930]: read /var/lib/neutron/dhcp/12b723e0-eb39-42d7-9631-729d13891e48/host
May 25 16:59:50 gtw01 dnsmasq-dhcp[25930]: read /var/lib/neutron/dhcp/12b723e0-eb39-42d7-9631-729d13891e48/opts
May 25 16:59:51 gtw01 dnsmasq[25930]: read /var/lib/neutron/dhcp/12b723e0-eb39-42d7-9631-729d13891e48/addn_hosts - 2 addresses
May 25 16:59:51 gtw01 dnsmasq-dhcp[25930]: read /var/lib/neutron/dhcp/12b723e0-eb39-42d7-9631-729d13891e48/host
May 25 16:59:51 gtw01 dnsmasq-dhcp[25930]: read /var/lib/neutron/dhcp/12b723e0-eb39-42d7-9631-729d13891e48/opts
May 25 16:59:52 gtw01 dnsmasq[25930]: read /var/lib/neutron/dhcp/12b723e0-eb39-42d7-9631-729d13891e48/addn_hosts - 2 addresses
May 25 16:59:52 gtw01 dnsmasq-dhcp[25930]: read /var/lib/neutron/dhcp/12b723e0-eb39-42d7-9631-729d13891e48/host
May 25 16:59:52 gtw01 dnsmasq-dhcp[25930]: read /var/lib/neutron/dhcp/12b723e0-eb39-42d7-9631-729d13891e48/opts
May 25 16:59:53 gtw01 dnsmasq[25930]: read /var/lib/neutron/dhcp/12b723e0-eb39-42d7-9631-729d13891e48/addn_hosts - 2 addresses
May 25 16:59:53 gtw01 dnsmasq-dhcp[25930]: read /var/lib/neutron/dhcp/12b723e0-eb39-42d7-9631-729d13891e48/host
May 25 16:59:53 gtw01 dnsmasq-dhcp[25930]: read /var/lib/neutron/dhcp/12b723e0-eb39-42d7-9631-729d13891e48/opts
May 25 16:59:54 gtw01 kernel: [ 6417.362192] device tap449f0331-97 left promiscuous mode
May 25 16:59:58 gtw01 kernel: [ 6421.133238] device tap433c6e08-b5 entered promiscuous mode
May 25 16:59:58 gtw01 systemd-udevd[26079]: Could not generate persistent MAC address for tap433c6e08-b5: No such file or directory
May 25 16:59:58 gtw01 systemd-udevd[26079]: Process '/sbin/ip link set tap433c6e08-b5 txqueuelen 10000' failed with exit code 1.
May 25 16:59:58 gtw01 systemd-udevd[26079]: Process '/sbin/ip link set tap433c6e08-b5 txqueuelen 10000' failed with exit code 1.
May 25 16:59:59 gtw01 kernel: [ 6421.656396] device tapb089f917-f1 entered promiscuous mode
May 25 16:59:59 gtw01 systemd-udevd[26197]: Could not generate persistent MAC address for tapb089f917-f1: No such file or directory
May 25 16:59:59 gtw01 systemd-udevd[26197]: Process '/sbin/ip link set tapb089f917-f1 txqueuelen 10000' failed with exit code 1.
May 25 16:59:59 gtw01 systemd-udevd[26277]: Process '/sbin/ip link set tapb089f917-f1 txqueuelen 10000' failed with exit code 1.
May 25 16:59:59 gtw01 kernel: [ 6422.170735] device tapb207741c-a3 entered promiscuous mode
May 25 16:59:59 gtw01 systemd-udevd[26310]: Could not generate persistent MAC address for tapb207741c-a3: No such file or directory
May 25 16:59:59 gtw01 systemd-udevd[26310]: Process '/sbin/ip link set tapb207741c-a3 txqueuelen 10000' failed with exit code 1.
May 25 16:59:59 gtw01 systemd-udevd[26310]: Process '/sbin/ip link set tapb207741c-a3 txqueuelen 10000' failed with exit code 1.
May 25 17:00:02 gtw01 dnsmasq[26523]: started, version 2.80 cachesize 150
May 25 17:00:02 gtw01 dnsmasq[26523]: DNS service limited to local subnets
May 25 17:00:02 gtw01 dnsmasq[26523]: compile time options: IPv6 GNU-getopt DBus i18n IDN DHCP DHCPv6 no-Lua TFTP conntrack ipset auth DNSSEC loop-detect inotify dumpfile
May 25 17:00:02 gtw01 dnsmasq[26523]: warning: no upstream servers configured
May 25 17:00:02 gtw01 dnsmasq-dhcp[26523]: DHCP, static leases only on 192.168.120.0, lease time 1h
May 25 17:00:02 gtw01 dnsmasq[26523]: read /var/lib/neutron/dhcp/8278c864-ea1e-49e4-9ff7-99122be62f1e/addn_hosts - 1 addresses
May 25 17:00:02 gtw01 dnsmasq-dhcp[26523]: read /var/lib/neutron/dhcp/8278c864-ea1e-49e4-9ff7-99122be62f1e/host
May 25 17:00:02 gtw01 dnsmasq-dhcp[26523]: read /var/lib/neutron/dhcp/8278c864-ea1e-49e4-9ff7-99122be62f1e/opts
May 25 17:00:02 gtw01 haproxy-metadata-proxy-8278c864-ea1e-49e4-9ff7-99122be62f1e[26533]: Proxy listener started.
May 25 17:00:02 gtw01 dnsmasq[26549]: started, version 2.80 cachesize 150
May 25 17:00:02 gtw01 dnsmasq[26549]: DNS service limited to local subnets
May 25 17:00:02 gtw01 dnsmasq[26549]: compile time options: IPv6 GNU-getopt DBus i18n IDN DHCP DHCPv6 no-Lua TFTP conntrack ipset auth DNSSEC loop-detect inotify dumpfile
May 25 17:00:02 gtw01 dnsmasq[26549]: warning: no upstream servers configured
May 25 17:00:02 gtw01 dnsmasq-dhcp[26549]: DHCP, static leases only on 192.168.120.0, lease time 1h
May 25 17:00:02 gtw01 dnsmasq[26549]: read /var/lib/neutron/dhcp/effd1704-622c-4b1c-9513-704211b7ef4f/addn_hosts - 1 addresses
May 25 17:00:02 gtw01 dnsmasq-dhcp[26549]: read /var/lib/neutron/dhcp/effd1704-622c-4b1c-9513-704211b7ef4f/host
May 25 17:00:02 gtw01 dnsmasq-dhcp[26549]: read /var/lib/neutron/dhcp/effd1704-622c-4b1c-9513-704211b7ef4f/opts
May 25 17:00:02 gtw01 haproxy-metadata-proxy-effd1704-622c-4b1c-9513-704211b7ef4f[26557]: Proxy listener started.
May 25 17:00:03 gtw01 dnsmasq[26571]: started, version 2.80 cachesize 150
May 25 17:00:03 gtw01 dnsmasq[26571]: DNS service limited to local subnets
May 25 17:00:03 gtw01 dnsmasq[26571]: compile time options: IPv6 GNU-getopt DBus i18n IDN DHCP DHCPv6 no-Lua TFTP conntrack ipset auth DNSSEC loop-detect inotify dumpfile
May 25 17:00:03 gtw01 dnsmasq[26571]: warning: no upstream servers configured
May 25 17:00:03 gtw01 dnsmasq-dhcp[26571]: DHCP, static leases only on 192.168.120.16, lease time 1h
May 25 17:00:03 gtw01 dnsmasq[26571]: read /var/lib/neutron/dhcp/d754b899-3cb4-46df-893b-9507f7b2c22c/addn_hosts - 1 addresses
May 25 17:00:03 gtw01 dnsmasq-dhcp[26571]: read /var/lib/neutron/dhcp/d754b899-3cb4-46df-893b-9507f7b2c22c/host
May 25 17:00:03 gtw01 dnsmasq-dhcp[26571]: read /var/lib/neutron/dhcp/d754b899-3cb4-46df-893b-9507f7b2c22c/opts
May 25 17:00:03 gtw01 kernel: [ 6425.746189] device tap433c6e08-b5 left promiscuous mode
May 25 17:00:03 gtw01 haproxy-metadata-proxy-d754b899-3cb4-46df-893b-9507f7b2c22c[26577]: Proxy listener started.
May 25 17:00:03 gtw01 kernel: [ 6426.333001] device tapb207741c-a3 left promiscuous mode
May 25 17:00:05 gtw01 kernel: [ 6427.934953] device tapb089f917-f1 left promiscuous mode
May 25 17:00:07 gtw01 kernel: [ 6429.493384] device tapb089f917-f1 entered promiscuous mode
May 25 17:00:07 gtw01 systemd-udevd[26656]: Could not generate persistent MAC address for tapb089f917-f1: No such file or directory
May 25 17:00:07 gtw01 systemd-udevd[26656]: Process '/sbin/ip link set tapb089f917-f1 txqueuelen 10000' failed with exit code 1.
May 25 17:00:07 gtw01 systemd-udevd[26731]: Process '/sbin/ip link set tapb089f917-f1 txqueuelen 10000' failed with exit code 1.
May 25 17:00:09 gtw01 dnsmasq[26800]: started, version 2.80 cachesize 150
May 25 17:00:09 gtw01 dnsmasq[26800]: DNS service limited to local subnets
May 25 17:00:09 gtw01 dnsmasq[26800]: compile time options: IPv6 GNU-getopt DBus i18n IDN DHCP DHCPv6 no-Lua TFTP conntrack ipset auth DNSSEC loop-detect inotify dumpfile
May 25 17:00:09 gtw01 dnsmasq[26800]: warning: no upstream servers configured
May 25 17:00:09 gtw01 dnsmasq-dhcp[26800]: DHCP, static leases only on 192.168.120.16, lease time 1h
May 25 17:00:09 gtw01 dnsmasq[26800]: read /var/lib/neutron/dhcp/effd1704-622c-4b1c-9513-704211b7ef4f/addn_hosts - 1 addresses
May 25 17:00:09 gtw01 dnsmasq-dhcp[26800]: read /var/lib/neutron/dhcp/effd1704-622c-4b1c-9513-704211b7ef4f/host
May 25 17:00:09 gtw01 dnsmasq-dhcp[26800]: read /var/lib/neutron/dhcp/effd1704-622c-4b1c-9513-704211b7ef4f/opts
May 25 17:00:12 gtw01 dnsmasq[26856]: started, version 2.80 cachesize 150
May 25 17:00:12 gtw01 dnsmasq[26856]: DNS service limited to local subnets
May 25 17:00:12 gtw01 dnsmasq[26856]: compile time options: IPv6 GNU-getopt DBus i18n IDN DHCP DHCPv6 no-Lua TFTP conntrack ipset auth DNSSEC loop-detect inotify dumpfile
May 25 17:00:12 gtw01 dnsmasq[26856]: warning: no upstream servers configured
May 25 17:00:12 gtw01 dnsmasq-dhcp[26856]: DHCP, static leases only on 192.168.120.0, lease time 1h
May 25 17:00:12 gtw01 dnsmasq-dhcp[26856]: DHCP, static leases only on 192.168.120.16, lease time 1h
May 25 17:00:12 gtw01 dnsmasq[26856]: read /var/lib/neutron/dhcp/effd1704-622c-4b1c-9513-704211b7ef4f/addn_hosts - 3 addresses
May 25 17:00:12 gtw01 dnsmasq-dhcp[26856]: read /var/lib/neutron/dhcp/effd1704-622c-4b1c-9513-704211b7ef4f/host
May 25 17:00:12 gtw01 dnsmasq-dhcp[26856]: read /var/lib/neutron/dhcp/effd1704-622c-4b1c-9513-704211b7ef4f/opts
May 25 17:00:15 gtw01 kernel: [ 6438.157858] device tap8b712c33-30 entered promiscuous mode
May 25 17:00:15 gtw01 systemd-udevd[26912]: Could not generate persistent MAC address for tap8b712c33-30: No such file or directory
May 25 17:00:15 gtw01 systemd-udevd[26982]: Process '/sbin/ip link set tap8b712c33-30 txqueuelen 10000' failed with exit code 1.
May 25 17:00:16 gtw01 dnsmasq[27056]: started, version 2.80 cachesize 150
May 25 17:00:16 gtw01 dnsmasq[27056]: DNS service limited to local subnets
May 25 17:00:16 gtw01 dnsmasq[27056]: compile time options: IPv6 GNU-getopt DBus i18n IDN DHCP DHCPv6 no-Lua TFTP conntrack ipset auth DNSSEC loop-detect inotify dumpfile
May 25 17:00:16 gtw01 dnsmasq[27056]: warning: no upstream servers configured
May 25 17:00:16 gtw01 dnsmasq-dhcp[27056]: DHCP, static leases only on 192.168.120.0, lease time 1h
May 25 17:00:16 gtw01 dnsmasq-dhcp[27056]: DHCP, static leases only on 192.168.120.32, lease time 1h
May 25 17:00:16 gtw01 dnsmasq-dhcp[27056]: DHCP, static leases only on 192.168.120.16, lease time 1h
May 25 17:00:16 gtw01 dnsmasq[27056]: read /var/lib/neutron/dhcp/effd1704-622c-4b1c-9513-704211b7ef4f/addn_hosts - 3 addresses
May 25 17:00:16 gtw01 dnsmasq-dhcp[27056]: read /var/lib/neutron/dhcp/effd1704-622c-4b1c-9513-704211b7ef4f/host
May 25 17:00:16 gtw01 dnsmasq-dhcp[27056]: read /var/lib/neutron/dhcp/effd1704-622c-4b1c-9513-704211b7ef4f/opts
May 25 17:00:17 gtw01 systemd-udevd[27075]: Could not generate persistent MAC address for tap3de41ce6-12: No such file or directory
May 25 17:00:17 gtw01 kernel: [ 6439.810203] device tap3de41ce6-12 entered promiscuous mode
May 25 17:00:17 gtw01 systemd-udevd[27075]: Process '/sbin/ip link set tap3de41ce6-12 txqueuelen 10000' failed with exit code 1.
May 25 17:00:17 gtw01 systemd-udevd[27147]: Process '/sbin/ip link set tap3de41ce6-12 txqueuelen 10000' failed with exit code 1.
May 25 17:00:18 gtw01 kernel: [ 6441.115809] device tap8a93f23e-19 entered promiscuous mode
May 25 17:00:18 gtw01 systemd-udevd[27255]: Could not generate persistent MAC address for tap8a93f23e-19: No such file or directory
May 25 17:00:18 gtw01 systemd-udevd[27327]: Process '/sbin/ip link set tap8a93f23e-19 txqueuelen 10000' failed with exit code 1.
May 25 17:00:19 gtw01 dnsmasq[27387]: started, version 2.80 cachesize 150
May 25 17:00:19 gtw01 dnsmasq[27387]: DNS service limited to local subnets
May 25 17:00:19 gtw01 dnsmasq[27387]: compile time options: IPv6 GNU-getopt DBus i18n IDN DHCP DHCPv6 no-Lua TFTP conntrack ipset auth DNSSEC loop-detect inotify dumpfile
May 25 17:00:19 gtw01 dnsmasq[27387]: warning: no upstream servers configured
May 25 17:00:19 gtw01 dnsmasq-dhcp[27387]: DHCPv6, static leases only on 2003::, lease time 1h
May 25 17:00:19 gtw01 dnsmasq[27387]: read /var/lib/neutron/dhcp/cd6b460c-ce76-40e4-890b-844212d68fa2/addn_hosts - 1 addresses
May 25 17:00:19 gtw01 dnsmasq-dhcp[27387]: read /var/lib/neutron/dhcp/cd6b460c-ce76-40e4-890b-844212d68fa2/host
May 25 17:00:19 gtw01 dnsmasq-dhcp[27387]: read /var/lib/neutron/dhcp/cd6b460c-ce76-40e4-890b-844212d68fa2/opts
May 25 17:00:19 gtw01 dnsmasq[27406]: started, version 2.80 cachesize 150
May 25 17:00:19 gtw01 dnsmasq[27406]: DNS service limited to local subnets
May 25 17:00:19 gtw01 dnsmasq[27406]: compile time options: IPv6 GNU-getopt DBus i18n IDN DHCP DHCPv6 no-Lua TFTP conntrack ipset auth DNSSEC loop-detect inotify dumpfile
May 25 17:00:19 gtw01 dnsmasq[27406]: warning: no upstream servers configured
May 25 17:00:19 gtw01 dnsmasq-dhcp[27406]: DHCP, static leases only on 192.168.120.16, lease time 1h
May 25 17:00:19 gtw01 dnsmasq[27406]: read /var/lib/neutron/dhcp/effd1704-622c-4b1c-9513-704211b7ef4f/addn_hosts - 1 addresses
May 25 17:00:19 gtw01 dnsmasq-dhcp[27406]: read /var/lib/neutron/dhcp/effd1704-622c-4b1c-9513-704211b7ef4f/host
May 25 17:00:19 gtw01 dnsmasq-dhcp[27406]: read /var/lib/neutron/dhcp/effd1704-622c-4b1c-9513-704211b7ef4f/opts
May 25 17:00:20 gtw01 dnsmasq[27387]: read /var/lib/neutron/dhcp/cd6b460c-ce76-40e4-890b-844212d68fa2/addn_hosts - 1 addresses
May 25 17:00:20 gtw01 dnsmasq-dhcp[27387]: read /var/lib/neutron/dhcp/cd6b460c-ce76-40e4-890b-844212d68fa2/host
May 25 17:00:20 gtw01 dnsmasq-dhcp[27387]: read /var/lib/neutron/dhcp/cd6b460c-ce76-40e4-890b-844212d68fa2/opts
May 25 17:00:20 gtw01 kernel: [ 6443.108133] device tapb089f917-f1 left promiscuous mode
May 25 17:00:20 gtw01 dnsmasq[27482]: started, version 2.80 cachesize 150
May 25 17:00:20 gtw01 dnsmasq[27482]: DNS service limited to local subnets
May 25 17:00:20 gtw01 dnsmasq[27482]: compile time options: IPv6 GNU-getopt DBus i18n IDN DHCP DHCPv6 no-Lua TFTP conntrack ipset auth DNSSEC loop-detect inotify dumpfile
May 25 17:00:20 gtw01 dnsmasq[27482]: warning: no upstream servers configured
May 25 17:00:20 gtw01 dnsmasq-dhcp[27482]: DHCPv6, static leases only on 2003::, lease time 1h
May 25 17:00:20 gtw01 dnsmasq[27482]: read /var/lib/neutron/dhcp/ca25e60c-13c9-48f9-a5d5-fc1b8117bfb3/addn_hosts - 1 addresses
May 25 17:00:20 gtw01 dnsmasq-dhcp[27482]: read /var/lib/neutron/dhcp/ca25e60c-13c9-48f9-a5d5-fc1b8117bfb3/host
May 25 17:00:20 gtw01 dnsmasq-dhcp[27482]: read /var/lib/neutron/dhcp/ca25e60c-13c9-48f9-a5d5-fc1b8117bfb3/opts
May 25 17:00:21 gtw01 dnsmasq[27387]: read /var/lib/neutron/dhcp/cd6b460c-ce76-40e4-890b-844212d68fa2/addn_hosts - 1 addresses
May 25 17:00:21 gtw01 dnsmasq-dhcp[27387]: read /var/lib/neutron/dhcp/cd6b460c-ce76-40e4-890b-844212d68fa2/host
May 25 17:00:21 gtw01 dnsmasq-dhcp[27387]: read /var/lib/neutron/dhcp/cd6b460c-ce76-40e4-890b-844212d68fa2/opts
May 25 17:00:21 gtw01 dnsmasq[27482]: read /var/lib/neutron/dhcp/ca25e60c-13c9-48f9-a5d5-fc1b8117bfb3/addn_hosts - 2 addresses
May 25 17:00:21 gtw01 dnsmasq-dhcp[27482]: read /var/lib/neutron/dhcp/ca25e60c-13c9-48f9-a5d5-fc1b8117bfb3/host
May 25 17:00:21 gtw01 dnsmasq-dhcp[27482]: read /var/lib/neutron/dhcp/ca25e60c-13c9-48f9-a5d5-fc1b8117bfb3/opts
May 25 17:00:22 gtw01 dnsmasq[27387]: read /var/lib/neutron/dhcp/cd6b460c-ce76-40e4-890b-844212d68fa2/addn_hosts - 1 addresses
May 25 17:00:22 gtw01 dnsmasq-dhcp[27387]: read /var/lib/neutron/dhcp/cd6b460c-ce76-40e4-890b-844212d68fa2/host
May 25 17:00:22 gtw01 dnsmasq-dhcp[27387]: read /var/lib/neutron/dhcp/cd6b460c-ce76-40e4-890b-844212d68fa2/opts
May 25 17:00:22 gtw01 dnsmasq[27571]: started, version 2.80 cachesize 150
May 25 17:00:22 gtw01 dnsmasq[27571]: DNS service limited to local subnets
May 25 17:00:22 gtw01 dnsmasq[27571]: compile time options: IPv6 GNU-getopt DBus i18n IDN DHCP DHCPv6 no-Lua TFTP conntrack ipset auth DNSSEC loop-detect inotify dumpfile
May 25 17:00:22 gtw01 dnsmasq[27571]: warning: no upstream servers configured
May 25 17:00:22 gtw01 dnsmasq-dhcp[27571]: DHCPv6, static leases only on 2003::, lease time 1h
May 25 17:00:22 gtw01 dnsmasq[27571]: read /var/lib/neutron/dhcp/36383857-2b0b-4003-896a-6dd14e775f9a/addn_hosts - 1 addresses
May 25 17:00:22 gtw01 dnsmasq-dhcp[27571]: read /var/lib/neutron/dhcp/36383857-2b0b-4003-896a-6dd14e775f9a/host
May 25 17:00:22 gtw01 dnsmasq-dhcp[27571]: read /var/lib/neutron/dhcp/36383857-2b0b-4003-896a-6dd14e775f9a/opts
May 25 17:00:22 gtw01 dnsmasq[27482]: read /var/lib/neutron/dhcp/ca25e60c-13c9-48f9-a5d5-fc1b8117bfb3/addn_hosts - 2 addresses
May 25 17:00:22 gtw01 dnsmasq-dhcp[27482]: read /var/lib/neutron/dhcp/ca25e60c-13c9-48f9-a5d5-fc1b8117bfb3/host
May 25 17:00:22 gtw01 dnsmasq-dhcp[27482]: read /var/lib/neutron/dhcp/ca25e60c-13c9-48f9-a5d5-fc1b8117bfb3/opts
May 25 17:00:23 gtw01 dnsmasq[27571]: read /var/lib/neutron/dhcp/36383857-2b0b-4003-896a-6dd14e775f9a/addn_hosts - 1 addresses
May 25 17:00:23 gtw01 dnsmasq-dhcp[27571]: read /var/lib/neutron/dhcp/36383857-2b0b-4003-896a-6dd14e775f9a/host
May 25 17:00:23 gtw01 dnsmasq-dhcp[27571]: read /var/lib/neutron/dhcp/36383857-2b0b-4003-896a-6dd14e775f9a/opts
May 25 17:00:23 gtw01 dnsmasq[27482]: read /var/lib/neutron/dhcp/ca25e60c-13c9-48f9-a5d5-fc1b8117bfb3/addn_hosts - 2 addresses
May 25 17:00:23 gtw01 dnsmasq-dhcp[27482]: read /var/lib/neutron/dhcp/ca25e60c-13c9-48f9-a5d5-fc1b8117bfb3/host
May 25 17:00:23 gtw01 dnsmasq-dhcp[27482]: read /var/lib/neutron/dhcp/ca25e60c-13c9-48f9-a5d5-fc1b8117bfb3/opts
May 25 17:00:24 gtw01 dnsmasq[27571]: read /var/lib/neutron/dhcp/36383857-2b0b-4003-896a-6dd14e775f9a/addn_hosts - 1 addresses
May 25 17:00:24 gtw01 dnsmasq-dhcp[27571]: read /var/lib/neutron/dhcp/36383857-2b0b-4003-896a-6dd14e775f9a/host
May 25 17:00:24 gtw01 dnsmasq-dhcp[27571]: read /var/lib/neutron/dhcp/36383857-2b0b-4003-896a-6dd14e775f9a/opts
May 25 17:00:24 gtw01 dnsmasq[27482]: read /var/lib/neutron/dhcp/ca25e60c-13c9-48f9-a5d5-fc1b8117bfb3/addn_hosts - 2 addresses
May 25 17:00:24 gtw01 dnsmasq-dhcp[27482]: read /var/lib/neutron/dhcp/ca25e60c-13c9-48f9-a5d5-fc1b8117bfb3/host
May 25 17:00:24 gtw01 dnsmasq-dhcp[27482]: read /var/lib/neutron/dhcp/ca25e60c-13c9-48f9-a5d5-fc1b8117bfb3/opts
May 25 17:00:24 gtw01 dnsmasq[27571]: read /var/lib/neutron/dhcp/36383857-2b0b-4003-896a-6dd14e775f9a/addn_hosts - 1 addresses
May 25 17:00:24 gtw01 dnsmasq-dhcp[27571]: read /var/lib/neutron/dhcp/36383857-2b0b-4003-896a-6dd14e775f9a/host
May 25 17:00:24 gtw01 dnsmasq-dhcp[27571]: read /var/lib/neutron/dhcp/36383857-2b0b-4003-896a-6dd14e775f9a/opts
May 25 17:00:25 gtw01 dnsmasq[27482]: read /var/lib/neutron/dhcp/ca25e60c-13c9-48f9-a5d5-fc1b8117bfb3/addn_hosts - 2 addresses
May 25 17:00:25 gtw01 dnsmasq-dhcp[27482]: read /var/lib/neutron/dhcp/ca25e60c-13c9-48f9-a5d5-fc1b8117bfb3/host
May 25 17:00:25 gtw01 dnsmasq-dhcp[27482]: read /var/lib/neutron/dhcp/ca25e60c-13c9-48f9-a5d5-fc1b8117bfb3/opts
May 25 17:00:26 gtw01 dnsmasq[27482]: read /var/lib/neutron/dhcp/ca25e60c-13c9-48f9-a5d5-fc1b8117bfb3/addn_hosts - 1 addresses
May 25 17:00:26 gtw01 dnsmasq-dhcp[27482]: read /var/lib/neutron/dhcp/ca25e60c-13c9-48f9-a5d5-fc1b8117bfb3/host
May 25 17:00:26 gtw01 dnsmasq-dhcp[27482]: read /var/lib/neutron/dhcp/ca25e60c-13c9-48f9-a5d5-fc1b8117bfb3/opts
May 25 17:00:27 gtw01 systemd-udevd[27760]: Could not generate persistent MAC address for tapaa45dde7-8d: No such file or directory
May 25 17:00:27 gtw01 kernel: [ 6449.593198] device tapaa45dde7-8d entered promiscuous mode
May 25 17:00:27 gtw01 systemd-udevd[27760]: Process '/sbin/ip link set tapaa45dde7-8d txqueuelen 10000' failed with exit code 1.
May 25 17:00:27 gtw01 systemd-udevd[27834]: Process '/sbin/ip link set tapaa45dde7-8d txqueuelen 10000' failed with exit code 1.
May 25 17:00:27 gtw01 dnsmasq[27387]: read /var/lib/neutron/dhcp/cd6b460c-ce76-40e4-890b-844212d68fa2/addn_hosts - 2 addresses
May 25 17:00:27 gtw01 dnsmasq-dhcp[27387]: read /var/lib/neutron/dhcp/cd6b460c-ce76-40e4-890b-844212d68fa2/host
May 25 17:00:27 gtw01 dnsmasq-dhcp[27387]: read /var/lib/neutron/dhcp/cd6b460c-ce76-40e4-890b-844212d68fa2/opts
May 25 17:00:28 gtw01 dnsmasq[27387]: read /var/lib/neutron/dhcp/cd6b460c-ce76-40e4-890b-844212d68fa2/addn_hosts - 2 addresses
May 25 17:00:28 gtw01 dnsmasq-dhcp[27387]: read /var/lib/neutron/dhcp/cd6b460c-ce76-40e4-890b-844212d68fa2/host
May 25 17:00:28 gtw01 dnsmasq-dhcp[27387]: read /var/lib/neutron/dhcp/cd6b460c-ce76-40e4-890b-844212d68fa2/opts
May 25 17:00:29 gtw01 kernel: [ 6452.408444] device tapece9e38c-e9 entered promiscuous mode
May 25 17:00:29 gtw01 systemd-udevd[27953]: Could not generate persistent MAC address for tapece9e38c-e9: No such file or directory
May 25 17:00:30 gtw01 systemd-udevd[27953]: Process '/sbin/ip link set tapece9e38c-e9 txqueuelen 10000' failed with exit code 1.
May 25 17:00:30 gtw01 systemd-udevd[27953]: Process '/sbin/ip link set tapece9e38c-e9 txqueuelen 10000' failed with exit code 1.
May 25 17:00:30 gtw01 dnsmasq[28061]: started, version 2.80 cachesize 150
May 25 17:00:30 gtw01 dnsmasq[28061]: DNS service limited to local subnets
May 25 17:00:30 gtw01 dnsmasq[28061]: compile time options: IPv6 GNU-getopt DBus i18n IDN DHCP DHCPv6 no-Lua TFTP conntrack ipset auth DNSSEC loop-detect inotify dumpfile
May 25 17:00:30 gtw01 dnsmasq[28061]: warning: no upstream servers configured
May 25 17:00:30 gtw01 dnsmasq-dhcp[28061]: DHCPv6, static leases only on 2003:0:1::, lease time 1h
May 25 17:00:30 gtw01 dnsmasq[28061]: read /var/lib/neutron/dhcp/65fa1bbb-9839-4452-9c8b-abc914b1785d/addn_hosts - 1 addresses
May 25 17:00:30 gtw01 dnsmasq-dhcp[28061]: read /var/lib/neutron/dhcp/65fa1bbb-9839-4452-9c8b-abc914b1785d/host
May 25 17:00:30 gtw01 dnsmasq-dhcp[28061]: read /var/lib/neutron/dhcp/65fa1bbb-9839-4452-9c8b-abc914b1785d/opts
May 25 17:00:31 gtw01 systemd-udevd[28094]: Could not generate persistent MAC address for tap32afe7d1-3e: No such file or directory
May 25 17:00:31 gtw01 kernel: [ 6453.682535] device tap32afe7d1-3e entered promiscuous mode
May 25 17:00:31 gtw01 systemd-udevd[28094]: Process '/sbin/ip link set tap32afe7d1-3e txqueuelen 10000' failed with exit code 1.
May 25 17:00:31 gtw01 systemd-udevd[28094]: Process '/sbin/ip link set tap32afe7d1-3e txqueuelen 10000' failed with exit code 1.
May 25 17:00:31 gtw01 dnsmasq[28061]: read /var/lib/neutron/dhcp/65fa1bbb-9839-4452-9c8b-abc914b1785d/addn_hosts - 1 addresses
May 25 17:00:31 gtw01 dnsmasq-dhcp[28061]: read /var/lib/neutron/dhcp/65fa1bbb-9839-4452-9c8b-abc914b1785d/host
May 25 17:00:31 gtw01 dnsmasq-dhcp[28061]: read /var/lib/neutron/dhcp/65fa1bbb-9839-4452-9c8b-abc914b1785d/opts
May 25 17:00:32 gtw01 dnsmasq[27387]: read /var/lib/neutron/dhcp/cd6b460c-ce76-40e4-890b-844212d68fa2/addn_hosts - 1 addresses
May 25 17:00:32 gtw01 dnsmasq-dhcp[27387]: read /var/lib/neutron/dhcp/cd6b460c-ce76-40e4-890b-844212d68fa2/host
May 25 17:00:32 gtw01 dnsmasq-dhcp[27387]: read /var/lib/neutron/dhcp/cd6b460c-ce76-40e4-890b-844212d68fa2/opts
May 25 17:00:32 gtw01 dnsmasq[28061]: read /var/lib/neutron/dhcp/65fa1bbb-9839-4452-9c8b-abc914b1785d/addn_hosts - 1 addresses
May 25 17:00:32 gtw01 dnsmasq-dhcp[28061]: read /var/lib/neutron/dhcp/65fa1bbb-9839-4452-9c8b-abc914b1785d/host
May 25 17:00:32 gtw01 dnsmasq-dhcp[28061]: read /var/lib/neutron/dhcp/65fa1bbb-9839-4452-9c8b-abc914b1785d/opts
May 25 17:00:33 gtw01 dnsmasq[28300]: started, version 2.80 cachesize 150
May 25 17:00:33 gtw01 dnsmasq[28300]: DNS service limited to local subnets
May 25 17:00:33 gtw01 dnsmasq[28300]: compile time options: IPv6 GNU-getopt DBus i18n IDN DHCP DHCPv6 no-Lua TFTP conntrack ipset auth DNSSEC loop-detect inotify dumpfile
May 25 17:00:33 gtw01 dnsmasq[28300]: warning: no upstream servers configured
May 25 17:00:33 gtw01 dnsmasq-dhcp[28300]: DHCPv6, static leases only on 2003::, lease time 1h
May 25 17:00:33 gtw01 dnsmasq[28300]: read /var/lib/neutron/dhcp/467736f2-d742-416c-86d2-99aa95be34ff/addn_hosts - 1 addresses
May 25 17:00:33 gtw01 dnsmasq-dhcp[28300]: read /var/lib/neutron/dhcp/467736f2-d742-416c-86d2-99aa95be34ff/host
May 25 17:00:33 gtw01 dnsmasq-dhcp[28300]: read /var/lib/neutron/dhcp/467736f2-d742-416c-86d2-99aa95be34ff/opts
May 25 17:00:33 gtw01 dnsmasq[28061]: read /var/lib/neutron/dhcp/65fa1bbb-9839-4452-9c8b-abc914b1785d/addn_hosts - 1 addresses
May 25 17:00:33 gtw01 dnsmasq-dhcp[28061]: read /var/lib/neutron/dhcp/65fa1bbb-9839-4452-9c8b-abc914b1785d/host
May 25 17:00:33 gtw01 dnsmasq-dhcp[28061]: read /var/lib/neutron/dhcp/65fa1bbb-9839-4452-9c8b-abc914b1785d/opts
May 25 17:00:34 gtw01 dnsmasq[28300]: read /var/lib/neutron/dhcp/467736f2-d742-416c-86d2-99aa95be34ff/addn_hosts - 2 addresses
May 25 17:00:34 gtw01 dnsmasq-dhcp[28300]: read /var/lib/neutron/dhcp/467736f2-d742-416c-86d2-99aa95be34ff/host
May 25 17:00:34 gtw01 dnsmasq-dhcp[28300]: read /var/lib/neutron/dhcp/467736f2-d742-416c-86d2-99aa95be34ff/opts
May 25 17:00:34 gtw01 dnsmasq[28382]: started, version 2.80 cachesize 150
May 25 17:00:34 gtw01 dnsmasq[28382]: DNS service limited to local subnets
May 25 17:00:34 gtw01 dnsmasq[28382]: compile time options: IPv6 GNU-getopt DBus i18n IDN DHCP DHCPv6 no-Lua TFTP conntrack ipset auth DNSSEC loop-detect inotify dumpfile
May 25 17:00:34 gtw01 dnsmasq[28382]: warning: no upstream servers configured
May 25 17:00:34 gtw01 dnsmasq-dhcp[28382]: DHCPv6, static leases only on 2003:0:1::, lease time 1h
May 25 17:00:34 gtw01 dnsmasq[28382]: read /var/lib/neutron/dhcp/d19feb16-51a3-4679-a547-c1014cbabf31/addn_hosts - 1 addresses
May 25 17:00:34 gtw01 dnsmasq-dhcp[28382]: read /var/lib/neutron/dhcp/d19feb16-51a3-4679-a547-c1014cbabf31/host
May 25 17:00:34 gtw01 dnsmasq-dhcp[28382]: read /var/lib/neutron/dhcp/d19feb16-51a3-4679-a547-c1014cbabf31/opts
May 25 17:00:35 gtw01 dnsmasq[28300]: read /var/lib/neutron/dhcp/467736f2-d742-416c-86d2-99aa95be34ff/addn_hosts - 2 addresses
May 25 17:00:35 gtw01 dnsmasq-dhcp[28300]: read /var/lib/neutron/dhcp/467736f2-d742-416c-86d2-99aa95be34ff/host
May 25 17:00:35 gtw01 dnsmasq-dhcp[28300]: read /var/lib/neutron/dhcp/467736f2-d742-416c-86d2-99aa95be34ff/opts
May 25 17:00:35 gtw01 dnsmasq[28382]: read /var/lib/neutron/dhcp/d19feb16-51a3-4679-a547-c1014cbabf31/addn_hosts - 2 addresses
May 25 17:00:35 gtw01 dnsmasq-dhcp[28382]: read /var/lib/neutron/dhcp/d19feb16-51a3-4679-a547-c1014cbabf31/host
May 25 17:00:35 gtw01 dnsmasq-dhcp[28382]: read /var/lib/neutron/dhcp/d19feb16-51a3-4679-a547-c1014cbabf31/opts
May 25 17:00:36 gtw01 dnsmasq[28300]: read /var/lib/neutron/dhcp/467736f2-d742-416c-86d2-99aa95be34ff/addn_hosts - 2 addresses
May 25 17:00:36 gtw01 dnsmasq-dhcp[28300]: read /var/lib/neutron/dhcp/467736f2-d742-416c-86d2-99aa95be34ff/host
May 25 17:00:36 gtw01 dnsmasq-dhcp[28300]: read /var/lib/neutron/dhcp/467736f2-d742-416c-86d2-99aa95be34ff/opts
May 25 17:00:36 gtw01 dnsmasq[28382]: read /var/lib/neutron/dhcp/d19feb16-51a3-4679-a547-c1014cbabf31/addn_hosts - 2 addresses
May 25 17:00:36 gtw01 dnsmasq-dhcp[28382]: read /var/lib/neutron/dhcp/d19feb16-51a3-4679-a547-c1014cbabf31/host
May 25 17:00:36 gtw01 dnsmasq-dhcp[28382]: read /var/lib/neutron/dhcp/d19feb16-51a3-4679-a547-c1014cbabf31/opts
May 25 17:00:36 gtw01 kernel: [ 6458.740631] device tapaa45dde7-8d left promiscuous mode
May 25 17:00:37 gtw01 dnsmasq[28300]: read /var/lib/neutron/dhcp/467736f2-d742-416c-86d2-99aa95be34ff/addn_hosts - 2 addresses
May 25 17:00:37 gtw01 dnsmasq-dhcp[28300]: read /var/lib/neutron/dhcp/467736f2-d742-416c-86d2-99aa95be34ff/host
May 25 17:00:37 gtw01 dnsmasq-dhcp[28300]: read /var/lib/neutron/dhcp/467736f2-d742-416c-86d2-99aa95be34ff/opts
May 25 17:00:37 gtw01 dnsmasq[28382]: read /var/lib/neutron/dhcp/d19feb16-51a3-4679-a547-c1014cbabf31/addn_hosts - 2 addresses
May 25 17:00:37 gtw01 dnsmasq-dhcp[28382]: read /var/lib/neutron/dhcp/d19feb16-51a3-4679-a547-c1014cbabf31/host
May 25 17:00:37 gtw01 dnsmasq-dhcp[28382]: read /var/lib/neutron/dhcp/d19feb16-51a3-4679-a547-c1014cbabf31/opts
May 25 17:00:37 gtw01 dnsmasq[28300]: read /var/lib/neutron/dhcp/467736f2-d742-416c-86d2-99aa95be34ff/addn_hosts - 2 addresses
May 25 17:00:37 gtw01 dnsmasq-dhcp[28300]: read /var/lib/neutron/dhcp/467736f2-d742-416c-86d2-99aa95be34ff/host
May 25 17:00:37 gtw01 dnsmasq-dhcp[28300]: read /var/lib/neutron/dhcp/467736f2-d742-416c-86d2-99aa95be34ff/opts
May 25 17:00:38 gtw01 dnsmasq[28382]: read /var/lib/neutron/dhcp/d19feb16-51a3-4679-a547-c1014cbabf31/addn_hosts - 2 addresses
May 25 17:00:38 gtw01 dnsmasq-dhcp[28382]: read /var/lib/neutron/dhcp/d19feb16-51a3-4679-a547-c1014cbabf31/host
May 25 17:00:38 gtw01 dnsmasq-dhcp[28382]: read /var/lib/neutron/dhcp/d19feb16-51a3-4679-a547-c1014cbabf31/opts
May 25 17:00:38 gtw01 dnsmasq[28382]: read /var/lib/neutron/dhcp/d19feb16-51a3-4679-a547-c1014cbabf31/addn_hosts - 2 addresses
May 25 17:00:38 gtw01 dnsmasq-dhcp[28382]: read /var/lib/neutron/dhcp/d19feb16-51a3-4679-a547-c1014cbabf31/host
May 25 17:00:38 gtw01 dnsmasq-dhcp[28382]: read /var/lib/neutron/dhcp/d19feb16-51a3-4679-a547-c1014cbabf31/opts
May 25 17:00:39 gtw01 dnsmasq[28382]: read /var/lib/neutron/dhcp/d19feb16-51a3-4679-a547-c1014cbabf31/addn_hosts - 1 addresses
May 25 17:00:39 gtw01 dnsmasq-dhcp[28382]: read /var/lib/neutron/dhcp/d19feb16-51a3-4679-a547-c1014cbabf31/host
May 25 17:00:39 gtw01 dnsmasq-dhcp[28382]: read /var/lib/neutron/dhcp/d19feb16-51a3-4679-a547-c1014cbabf31/opts
May 25 17:00:39 gtw01 kernel: [ 6462.342525] device tap8a93f23e-19 left promiscuous mode
May 25 17:00:40 gtw01 dnsmasq[28300]: read /var/lib/neutron/dhcp/467736f2-d742-416c-86d2-99aa95be34ff/addn_hosts - 1 addresses
May 25 17:00:40 gtw01 dnsmasq-dhcp[28300]: read /var/lib/neutron/dhcp/467736f2-d742-416c-86d2-99aa95be34ff/host
May 25 17:00:40 gtw01 dnsmasq-dhcp[28300]: read /var/lib/neutron/dhcp/467736f2-d742-416c-86d2-99aa95be34ff/opts
May 25 17:00:41 gtw01 kernel: [ 6464.109050] device tap3de41ce6-12 left promiscuous mode
May 25 17:00:44 gtw01 kernel: [ 6466.526673] device tap32afe7d1-3e left promiscuous mode
May 25 17:00:45 gtw01 kernel: [ 6467.628498] device tap8b712c33-30 left promiscuous mode
May 25 17:00:45 gtw01 kernel: [ 6468.154139] device tapece9e38c-e9 left promiscuous mode
May 25 17:00:51 gtw01 kernel: [ 6473.728767] device tap68e255d3-1a entered promiscuous mode
May 25 17:00:51 gtw01 systemd-udevd[28739]: Could not generate persistent MAC address for tap68e255d3-1a: No such file or directory
May 25 17:00:51 gtw01 systemd-udevd[28739]: Process '/sbin/ip link set tap68e255d3-1a txqueuelen 10000' failed with exit code 1.
May 25 17:00:51 gtw01 systemd-udevd[28813]: Process '/sbin/ip link set tap68e255d3-1a txqueuelen 10000' failed with exit code 1.
May 25 17:00:54 gtw01 dnsmasq[28892]: started, version 2.80 cachesize 150
May 25 17:00:54 gtw01 dnsmasq[28892]: DNS service limited to local subnets
May 25 17:00:54 gtw01 dnsmasq[28892]: compile time options: IPv6 GNU-getopt DBus i18n IDN DHCP DHCPv6 no-Lua TFTP conntrack ipset auth DNSSEC loop-detect inotify dumpfile
May 25 17:00:54 gtw01 dnsmasq[28892]: warning: no upstream servers configured
May 25 17:00:54 gtw01 dnsmasq-dhcp[28892]: DHCPv6, static leases only on 2003::, lease time 1h
May 25 17:00:54 gtw01 dnsmasq[28892]: read /var/lib/neutron/dhcp/9c2cf6db-2171-45bd-b558-183369db93c7/addn_hosts - 1 addresses
May 25 17:00:54 gtw01 dnsmasq-dhcp[28892]: read /var/lib/neutron/dhcp/9c2cf6db-2171-45bd-b558-183369db93c7/host
May 25 17:00:54 gtw01 dnsmasq-dhcp[28892]: read /var/lib/neutron/dhcp/9c2cf6db-2171-45bd-b558-183369db93c7/opts
May 25 17:00:55 gtw01 dnsmasq[28892]: read /var/lib/neutron/dhcp/9c2cf6db-2171-45bd-b558-183369db93c7/addn_hosts - 1 addresses
May 25 17:00:55 gtw01 dnsmasq-dhcp[28892]: read /var/lib/neutron/dhcp/9c2cf6db-2171-45bd-b558-183369db93c7/host
May 25 17:00:55 gtw01 dnsmasq-dhcp[28892]: read /var/lib/neutron/dhcp/9c2cf6db-2171-45bd-b558-183369db93c7/opts
May 25 17:00:55 gtw01 systemd-udevd[28924]: Could not generate persistent MAC address for tapb3022dd5-35: No such file or directory
May 25 17:00:55 gtw01 kernel: [ 6477.854622] device tapb3022dd5-35 entered promiscuous mode
May 25 17:00:55 gtw01 systemd-udevd[28924]: Process '/sbin/ip link set tapb3022dd5-35 txqueuelen 10000' failed with exit code 1.
May 25 17:00:55 gtw01 systemd-udevd[28924]: Process '/sbin/ip link set tapb3022dd5-35 txqueuelen 10000' failed with exit code 1.
May 25 17:00:56 gtw01 dnsmasq[28892]: read /var/lib/neutron/dhcp/9c2cf6db-2171-45bd-b558-183369db93c7/addn_hosts - 1 addresses
May 25 17:00:56 gtw01 dnsmasq-dhcp[28892]: read /var/lib/neutron/dhcp/9c2cf6db-2171-45bd-b558-183369db93c7/host
May 25 17:00:56 gtw01 dnsmasq-dhcp[28892]: read /var/lib/neutron/dhcp/9c2cf6db-2171-45bd-b558-183369db93c7/opts
May 25 17:00:57 gtw01 systemd-udevd[29075]: Could not generate persistent MAC address for tap995ba908-b8: No such file or directory
May 25 17:00:57 gtw01 kernel: [ 6479.445132] device tap995ba908-b8 entered promiscuous mode
May 25 17:00:57 gtw01 systemd-udevd[29075]: Process '/sbin/ip link set tap995ba908-b8 txqueuelen 10000' failed with exit code 1.
May 25 17:00:57 gtw01 dnsmasq[28892]: read /var/lib/neutron/dhcp/9c2cf6db-2171-45bd-b558-183369db93c7/addn_hosts - 2 addresses
May 25 17:00:57 gtw01 dnsmasq-dhcp[28892]: read /var/lib/neutron/dhcp/9c2cf6db-2171-45bd-b558-183369db93c7/host
May 25 17:00:57 gtw01 dnsmasq-dhcp[28892]: read /var/lib/neutron/dhcp/9c2cf6db-2171-45bd-b558-183369db93c7/opts
May 25 17:00:58 gtw01 dnsmasq[28892]: read /var/lib/neutron/dhcp/9c2cf6db-2171-45bd-b558-183369db93c7/addn_hosts - 2 addresses
May 25 17:00:58 gtw01 dnsmasq-dhcp[28892]: read /var/lib/neutron/dhcp/9c2cf6db-2171-45bd-b558-183369db93c7/host
May 25 17:00:58 gtw01 dnsmasq-dhcp[28892]: read /var/lib/neutron/dhcp/9c2cf6db-2171-45bd-b558-183369db93c7/opts
May 25 17:00:58 gtw01 kernel: [ 6480.719431] device tap98bac7a7-82 entered promiscuous mode
May 25 17:00:58 gtw01 systemd-udevd[29250]: Could not generate persistent MAC address for tap98bac7a7-82: No such file or directory
May 25 17:00:58 gtw01 systemd-udevd[29326]: Process '/sbin/ip link set tap98bac7a7-82 txqueuelen 10000' failed with exit code 1.
May 25 17:00:59 gtw01 dnsmasq[29370]: started, version 2.80 cachesize 150
May 25 17:00:59 gtw01 dnsmasq[29370]: DNS service limited to local subnets
May 25 17:00:59 gtw01 dnsmasq[29370]: compile time options: IPv6 GNU-getopt DBus i18n IDN DHCP DHCPv6 no-Lua TFTP conntrack ipset auth DNSSEC loop-detect inotify dumpfile
May 25 17:00:59 gtw01 dnsmasq[29370]: warning: no upstream servers configured
May 25 17:00:59 gtw01 dnsmasq-dhcp[29370]: DHCP, static leases only on 192.168.120.0, lease time 1h
May 25 17:00:59 gtw01 dnsmasq[29370]: read /var/lib/neutron/dhcp/6b01004a-ad56-4f3d-8f42-021388f2554a/addn_hosts - 1 addresses
May 25 17:00:59 gtw01 dnsmasq-dhcp[29370]: read /var/lib/neutron/dhcp/6b01004a-ad56-4f3d-8f42-021388f2554a/host
May 25 17:00:59 gtw01 dnsmasq-dhcp[29370]: read /var/lib/neutron/dhcp/6b01004a-ad56-4f3d-8f42-021388f2554a/opts
May 25 17:00:59 gtw01 haproxy-metadata-proxy-6b01004a-ad56-4f3d-8f42-021388f2554a[29383]: Proxy listener started.
May 25 17:00:59 gtw01 kernel: [ 6481.821518] device tap68e255d3-1a left promiscuous mode
May 25 17:01:00 gtw01 dnsmasq[29370]: read /var/lib/neutron/dhcp/6b01004a-ad56-4f3d-8f42-021388f2554a/addn_hosts - 1 addresses
May 25 17:01:00 gtw01 dnsmasq-dhcp[29370]: read /var/lib/neutron/dhcp/6b01004a-ad56-4f3d-8f42-021388f2554a/host
May 25 17:01:00 gtw01 dnsmasq-dhcp[29370]: read /var/lib/neutron/dhcp/6b01004a-ad56-4f3d-8f42-021388f2554a/opts
May 25 17:01:00 gtw01 dnsmasq[29470]: started, version 2.80 cachesize 150
May 25 17:01:00 gtw01 dnsmasq[29470]: DNS service limited to local subnets
May 25 17:01:00 gtw01 dnsmasq[29470]: compile time options: IPv6 GNU-getopt DBus i18n IDN DHCP DHCPv6 no-Lua TFTP conntrack ipset auth DNSSEC loop-detect inotify dumpfile
May 25 17:01:00 gtw01 dnsmasq[29470]: warning: no upstream servers configured
May 25 17:01:00 gtw01 dnsmasq-dhcp[29470]: DHCP, static leases only on 192.168.120.0, lease time 1h
May 25 17:01:00 gtw01 dnsmasq[29470]: read /var/lib/neutron/dhcp/79750b3e-3651-4556-b4b5-e6a819fb897c/addn_hosts - 1 addresses
May 25 17:01:00 gtw01 dnsmasq-dhcp[29470]: read /var/lib/neutron/dhcp/79750b3e-3651-4556-b4b5-e6a819fb897c/host
May 25 17:01:00 gtw01 dnsmasq-dhcp[29470]: read /var/lib/neutron/dhcp/79750b3e-3651-4556-b4b5-e6a819fb897c/opts
May 25 17:01:01 gtw01 haproxy-metadata-proxy-79750b3e-3651-4556-b4b5-e6a819fb897c[29482]: Proxy listener started.
May 25 17:01:01 gtw01 dnsmasq[29370]: read /var/lib/neutron/dhcp/6b01004a-ad56-4f3d-8f42-021388f2554a/addn_hosts - 1 addresses
May 25 17:01:01 gtw01 dnsmasq-dhcp[29370]: read /var/lib/neutron/dhcp/6b01004a-ad56-4f3d-8f42-021388f2554a/host
May 25 17:01:01 gtw01 dnsmasq-dhcp[29370]: read /var/lib/neutron/dhcp/6b01004a-ad56-4f3d-8f42-021388f2554a/opts
May 25 17:01:01 gtw01 dnsmasq[29470]: read /var/lib/neutron/dhcp/79750b3e-3651-4556-b4b5-e6a819fb897c/addn_hosts - 2 addresses
May 25 17:01:01 gtw01 dnsmasq-dhcp[29470]: read /var/lib/neutron/dhcp/79750b3e-3651-4556-b4b5-e6a819fb897c/host
May 25 17:01:01 gtw01 dnsmasq-dhcp[29470]: read /var/lib/neutron/dhcp/79750b3e-3651-4556-b4b5-e6a819fb897c/opts
May 25 17:01:01 gtw01 dnsmasq[29538]: started, version 2.80 cachesize 150
May 25 17:01:01 gtw01 dnsmasq[29538]: DNS service limited to local subnets
May 25 17:01:01 gtw01 dnsmasq[29538]: compile time options: IPv6 GNU-getopt DBus i18n IDN DHCP DHCPv6 no-Lua TFTP conntrack ipset auth DNSSEC loop-detect inotify dumpfile
May 25 17:01:01 gtw01 dnsmasq[29538]: warning: no upstream servers configured
May 25 17:01:01 gtw01 dnsmasq-dhcp[29538]: DHCP, static leases only on 192.168.120.0, lease time 1h
May 25 17:01:01 gtw01 dnsmasq[29538]: read /var/lib/neutron/dhcp/da4ff239-c13f-4750-9501-fe7f676a95bb/addn_hosts - 1 addresses
May 25 17:01:01 gtw01 dnsmasq-dhcp[29538]: read /var/lib/neutron/dhcp/da4ff239-c13f-4750-9501-fe7f676a95bb/host
May 25 17:01:01 gtw01 dnsmasq-dhcp[29538]: read /var/lib/neutron/dhcp/da4ff239-c13f-4750-9501-fe7f676a95bb/opts
May 25 17:01:02 gtw01 haproxy-metadata-proxy-da4ff239-c13f-4750-9501-fe7f676a95bb[29553]: Proxy listener started.
May 25 17:01:02 gtw01 dnsmasq[29370]: read /var/lib/neutron/dhcp/6b01004a-ad56-4f3d-8f42-021388f2554a/addn_hosts - 1 addresses
May 25 17:01:02 gtw01 dnsmasq-dhcp[29370]: read /var/lib/neutron/dhcp/6b01004a-ad56-4f3d-8f42-021388f2554a/host
May 25 17:01:02 gtw01 dnsmasq-dhcp[29370]: read /var/lib/neutron/dhcp/6b01004a-ad56-4f3d-8f42-021388f2554a/opts
May 25 17:01:02 gtw01 dnsmasq[29470]: read /var/lib/neutron/dhcp/79750b3e-3651-4556-b4b5-e6a819fb897c/addn_hosts - 2 addresses
May 25 17:01:02 gtw01 dnsmasq-dhcp[29470]: read /var/lib/neutron/dhcp/79750b3e-3651-4556-b4b5-e6a819fb897c/host
May 25 17:01:02 gtw01 dnsmasq-dhcp[29470]: read /var/lib/neutron/dhcp/79750b3e-3651-4556-b4b5-e6a819fb897c/opts
May 25 17:01:02 gtw01 dnsmasq[29538]: read /var/lib/neutron/dhcp/da4ff239-c13f-4750-9501-fe7f676a95bb/addn_hosts - 1 addresses
May 25 17:01:02 gtw01 dnsmasq-dhcp[29538]: read /var/lib/neutron/dhcp/da4ff239-c13f-4750-9501-fe7f676a95bb/host
May 25 17:01:02 gtw01 dnsmasq-dhcp[29538]: read /var/lib/neutron/dhcp/da4ff239-c13f-4750-9501-fe7f676a95bb/opts
May 25 17:01:03 gtw01 dnsmasq[29470]: read /var/lib/neutron/dhcp/79750b3e-3651-4556-b4b5-e6a819fb897c/addn_hosts - 2 addresses
May 25 17:01:03 gtw01 dnsmasq-dhcp[29470]: read /var/lib/neutron/dhcp/79750b3e-3651-4556-b4b5-e6a819fb897c/host
May 25 17:01:03 gtw01 dnsmasq-dhcp[29470]: read /var/lib/neutron/dhcp/79750b3e-3651-4556-b4b5-e6a819fb897c/opts
May 25 17:01:03 gtw01 dnsmasq[29538]: read /var/lib/neutron/dhcp/da4ff239-c13f-4750-9501-fe7f676a95bb/addn_hosts - 1 addresses
May 25 17:01:03 gtw01 dnsmasq-dhcp[29538]: read /var/lib/neutron/dhcp/da4ff239-c13f-4750-9501-fe7f676a95bb/host
May 25 17:01:03 gtw01 dnsmasq-dhcp[29538]: read /var/lib/neutron/dhcp/da4ff239-c13f-4750-9501-fe7f676a95bb/opts
May 25 17:01:04 gtw01 kernel: [ 6486.494821] device tap22a32aae-21 entered promiscuous mode
May 25 17:01:04 gtw01 systemd-udevd[29664]: Could not generate persistent MAC address for tap22a32aae-21: No such file or directory
May 25 17:01:04 gtw01 systemd-udevd[29738]: Process '/sbin/ip link set tap22a32aae-21 txqueuelen 10000' failed with exit code 1.
May 25 17:01:04 gtw01 dnsmasq[29470]: read /var/lib/neutron/dhcp/79750b3e-3651-4556-b4b5-e6a819fb897c/addn_hosts - 2 addresses
May 25 17:01:04 gtw01 dnsmasq-dhcp[29470]: read /var/lib/neutron/dhcp/79750b3e-3651-4556-b4b5-e6a819fb897c/host
May 25 17:01:04 gtw01 dnsmasq-dhcp[29470]: read /var/lib/neutron/dhcp/79750b3e-3651-4556-b4b5-e6a819fb897c/opts
May 25 17:01:04 gtw01 dnsmasq[29538]: read /var/lib/neutron/dhcp/da4ff239-c13f-4750-9501-fe7f676a95bb/addn_hosts - 1 addresses
May 25 17:01:04 gtw01 dnsmasq-dhcp[29538]: read /var/lib/neutron/dhcp/da4ff239-c13f-4750-9501-fe7f676a95bb/host
May 25 17:01:04 gtw01 dnsmasq-dhcp[29538]: read /var/lib/neutron/dhcp/da4ff239-c13f-4750-9501-fe7f676a95bb/opts
May 25 17:01:05 gtw01 dnsmasq[29470]: read /var/lib/neutron/dhcp/79750b3e-3651-4556-b4b5-e6a819fb897c/addn_hosts - 2 addresses
May 25 17:01:05 gtw01 dnsmasq-dhcp[29470]: read /var/lib/neutron/dhcp/79750b3e-3651-4556-b4b5-e6a819fb897c/host
May 25 17:01:05 gtw01 dnsmasq-dhcp[29470]: read /var/lib/neutron/dhcp/79750b3e-3651-4556-b4b5-e6a819fb897c/opts
May 25 17:01:06 gtw01 dnsmasq[29470]: read /var/lib/neutron/dhcp/79750b3e-3651-4556-b4b5-e6a819fb897c/addn_hosts - 1 addresses
May 25 17:01:06 gtw01 dnsmasq-dhcp[29470]: read /var/lib/neutron/dhcp/79750b3e-3651-4556-b4b5-e6a819fb897c/host
May 25 17:01:06 gtw01 dnsmasq-dhcp[29470]: read /var/lib/neutron/dhcp/79750b3e-3651-4556-b4b5-e6a819fb897c/opts
May 25 17:01:07 gtw01 haproxy-metadata-proxy-79750b3e-3651-4556-b4b5-e6a819fb897c[29903]: Proxy listener started.
May 25 17:01:07 gtw01 dnsmasq[29909]: started, version 2.80 cachesize 150
May 25 17:01:07 gtw01 dnsmasq[29909]: DNS service limited to local subnets
May 25 17:01:07 gtw01 dnsmasq[29909]: compile time options: IPv6 GNU-getopt DBus i18n IDN DHCP DHCPv6 no-Lua TFTP conntrack ipset auth DNSSEC loop-detect inotify dumpfile
May 25 17:01:07 gtw01 dnsmasq[29909]: warning: no upstream servers configured
May 25 17:01:07 gtw01 dnsmasq-dhcp[29909]: DHCPv6, static leases only on 2003::, lease time 1h
May 25 17:01:07 gtw01 dnsmasq[29909]: read /var/lib/neutron/dhcp/e7a0701b-77ff-4cc8-9da2-e7771b4b289f/addn_hosts - 1 addresses
May 25 17:01:07 gtw01 dnsmasq-dhcp[29909]: read /var/lib/neutron/dhcp/e7a0701b-77ff-4cc8-9da2-e7771b4b289f/host
May 25 17:01:07 gtw01 dnsmasq-dhcp[29909]: read /var/lib/neutron/dhcp/e7a0701b-77ff-4cc8-9da2-e7771b4b289f/opts
May 25 17:01:07 gtw01 kernel: [ 6490.130101] device tap7a51d4c5-50 entered promiscuous mode
May 25 17:01:07 gtw01 systemd-udevd[29918]: Could not generate persistent MAC address for tap7a51d4c5-50: No such file or directory
May 25 17:01:07 gtw01 systemd-udevd[29918]: Process '/sbin/ip link set tap7a51d4c5-50 txqueuelen 10000' failed with exit code 1.
May 25 17:01:07 gtw01 systemd-udevd[29992]: Process '/sbin/ip link set tap7a51d4c5-50 txqueuelen 10000' failed with exit code 1.
May 25 17:01:08 gtw01 dnsmasq[29370]: read /var/lib/neutron/dhcp/6b01004a-ad56-4f3d-8f42-021388f2554a/addn_hosts - 2 addresses
May 25 17:01:08 gtw01 dnsmasq-dhcp[29370]: read /var/lib/neutron/dhcp/6b01004a-ad56-4f3d-8f42-021388f2554a/host
May 25 17:01:08 gtw01 dnsmasq-dhcp[29370]: read /var/lib/neutron/dhcp/6b01004a-ad56-4f3d-8f42-021388f2554a/opts
May 25 17:01:08 gtw01 dnsmasq[29909]: read /var/lib/neutron/dhcp/e7a0701b-77ff-4cc8-9da2-e7771b4b289f/addn_hosts - 1 addresses
May 25 17:01:08 gtw01 dnsmasq-dhcp[29909]: read /var/lib/neutron/dhcp/e7a0701b-77ff-4cc8-9da2-e7771b4b289f/host
May 25 17:01:08 gtw01 dnsmasq-dhcp[29909]: read /var/lib/neutron/dhcp/e7a0701b-77ff-4cc8-9da2-e7771b4b289f/opts
May 25 17:01:09 gtw01 dnsmasq[16242]: read /var/lib/neutron/dhcp/ca8edbbf-c59c-449c-9890-4e53a478c062/addn_hosts - 3 addresses
May 25 17:01:09 gtw01 dnsmasq-dhcp[16242]: read /var/lib/neutron/dhcp/ca8edbbf-c59c-449c-9890-4e53a478c062/host
May 25 17:01:09 gtw01 dnsmasq-dhcp[16242]: read /var/lib/neutron/dhcp/ca8edbbf-c59c-449c-9890-4e53a478c062/opts
May 25 17:01:09 gtw01 dnsmasq[29909]: read /var/lib/neutron/dhcp/e7a0701b-77ff-4cc8-9da2-e7771b4b289f/addn_hosts - 1 addresses
May 25 17:01:09 gtw01 dnsmasq-dhcp[29909]: read /var/lib/neutron/dhcp/e7a0701b-77ff-4cc8-9da2-e7771b4b289f/host
May 25 17:01:09 gtw01 dnsmasq-dhcp[29909]: read /var/lib/neutron/dhcp/e7a0701b-77ff-4cc8-9da2-e7771b4b289f/opts
May 25 17:01:09 gtw01 dnsmasq[29370]: read /var/lib/neutron/dhcp/6b01004a-ad56-4f3d-8f42-021388f2554a/addn_hosts - 2 addresses
May 25 17:01:09 gtw01 dnsmasq-dhcp[29370]: read /var/lib/neutron/dhcp/6b01004a-ad56-4f3d-8f42-021388f2554a/host
May 25 17:01:09 gtw01 dnsmasq-dhcp[29370]: read /var/lib/neutron/dhcp/6b01004a-ad56-4f3d-8f42-021388f2554a/opts
May 25 17:01:10 gtw01 dnsmasq[16242]: read /var/lib/neutron/dhcp/ca8edbbf-c59c-449c-9890-4e53a478c062/addn_hosts - 3 addresses
May 25 17:01:10 gtw01 dnsmasq-dhcp[16242]: read /var/lib/neutron/dhcp/ca8edbbf-c59c-449c-9890-4e53a478c062/host
May 25 17:01:10 gtw01 dnsmasq-dhcp[16242]: read /var/lib/neutron/dhcp/ca8edbbf-c59c-449c-9890-4e53a478c062/opts
May 25 17:01:10 gtw01 kernel: [ 6493.142503] device tap22a32aae-21 left promiscuous mode
May 25 17:01:11 gtw01 dnsmasq[30195]: started, version 2.80 cachesize 150
May 25 17:01:11 gtw01 dnsmasq[30195]: DNS service limited to local subnets
May 25 17:01:11 gtw01 dnsmasq[30195]: compile time options: IPv6 GNU-getopt DBus i18n IDN DHCP DHCPv6 no-Lua TFTP conntrack ipset auth DNSSEC loop-detect inotify dumpfile
May 25 17:01:11 gtw01 dnsmasq[30195]: warning: no upstream servers configured
May 25 17:01:11 gtw01 dnsmasq-dhcp[30195]: DHCP, static leases only on 192.168.121.0, lease time 1h
May 25 17:01:11 gtw01 dnsmasq[30195]: read /var/lib/neutron/dhcp/b68ef326-1b67-4dd2-9bf8-5b3ba4cff31c/addn_hosts - 1 addresses
May 25 17:01:11 gtw01 dnsmasq-dhcp[30195]: read /var/lib/neutron/dhcp/b68ef326-1b67-4dd2-9bf8-5b3ba4cff31c/host
May 25 17:01:11 gtw01 dnsmasq-dhcp[30195]: read /var/lib/neutron/dhcp/b68ef326-1b67-4dd2-9bf8-5b3ba4cff31c/opts
May 25 17:01:11 gtw01 dnsmasq[16242]: read /var/lib/neutron/dhcp/ca8edbbf-c59c-449c-9890-4e53a478c062/addn_hosts - 3 addresses
May 25 17:01:11 gtw01 dnsmasq-dhcp[16242]: read /var/lib/neutron/dhcp/ca8edbbf-c59c-449c-9890-4e53a478c062/host
May 25 17:01:11 gtw01 dnsmasq-dhcp[16242]: read /var/lib/neutron/dhcp/ca8edbbf-c59c-449c-9890-4e53a478c062/opts
May 25 17:01:11 gtw01 haproxy-metadata-proxy-b68ef326-1b67-4dd2-9bf8-5b3ba4cff31c[30203]: Proxy listener started.
May 25 17:01:11 gtw01 dnsmasq[30195]: read /var/lib/neutron/dhcp/b68ef326-1b67-4dd2-9bf8-5b3ba4cff31c/addn_hosts - 1 addresses
May 25 17:01:11 gtw01 dnsmasq-dhcp[30195]: read /var/lib/neutron/dhcp/b68ef326-1b67-4dd2-9bf8-5b3ba4cff31c/host
May 25 17:01:11 gtw01 dnsmasq-dhcp[30195]: read /var/lib/neutron/dhcp/b68ef326-1b67-4dd2-9bf8-5b3ba4cff31c/opts
May 25 17:01:12 gtw01 dnsmasq[29370]: read /var/lib/neutron/dhcp/6b01004a-ad56-4f3d-8f42-021388f2554a/addn_hosts - 1 addresses
May 25 17:01:12 gtw01 dnsmasq-dhcp[29370]: read /var/lib/neutron/dhcp/6b01004a-ad56-4f3d-8f42-021388f2554a/host
May 25 17:01:12 gtw01 dnsmasq-dhcp[29370]: read /var/lib/neutron/dhcp/6b01004a-ad56-4f3d-8f42-021388f2554a/opts
May 25 17:01:12 gtw01 dnsmasq[30195]: read /var/lib/neutron/dhcp/b68ef326-1b67-4dd2-9bf8-5b3ba4cff31c/addn_hosts - 1 addresses
May 25 17:01:12 gtw01 dnsmasq-dhcp[30195]: read /var/lib/neutron/dhcp/b68ef326-1b67-4dd2-9bf8-5b3ba4cff31c/host
May 25 17:01:12 gtw01 dnsmasq-dhcp[30195]: read /var/lib/neutron/dhcp/b68ef326-1b67-4dd2-9bf8-5b3ba4cff31c/opts
May 25 17:01:13 gtw01 haproxy-metadata-proxy-6b01004a-ad56-4f3d-8f42-021388f2554a[30275]: Proxy listener started.
May 25 17:01:13 gtw01 dnsmasq[30195]: read /var/lib/neutron/dhcp/b68ef326-1b67-4dd2-9bf8-5b3ba4cff31c/addn_hosts - 1 addresses
May 25 17:01:13 gtw01 dnsmasq-dhcp[30195]: read /var/lib/neutron/dhcp/b68ef326-1b67-4dd2-9bf8-5b3ba4cff31c/host
May 25 17:01:13 gtw01 dnsmasq-dhcp[30195]: read /var/lib/neutron/dhcp/b68ef326-1b67-4dd2-9bf8-5b3ba4cff31c/opts
May 25 17:01:16 gtw01 kernel: [ 6498.565420] device tap7a51d4c5-50 left promiscuous mode
May 25 17:01:19 gtw01 kernel: [ 6501.726225] device tap98bac7a7-82 left promiscuous mode
May 25 17:01:20 gtw01 kernel: [ 6503.116699] device tap995ba908-b8 left promiscuous mode
May 25 17:01:21 gtw01 systemd-udevd[30406]: Could not generate persistent MAC address for tapecaab00e-89: No such file or directory
May 25 17:01:21 gtw01 kernel: [ 6503.589398] device tapecaab00e-89 entered promiscuous mode
May 25 17:01:21 gtw01 systemd-udevd[30406]: Process '/sbin/ip link set tapecaab00e-89 txqueuelen 10000' failed with exit code 1.
May 25 17:01:21 gtw01 systemd-udevd[30481]: Process '/sbin/ip link set tapecaab00e-89 txqueuelen 10000' failed with exit code 1.
May 25 17:01:22 gtw01 dnsmasq-dhcp[16242]: DHCPDISCOVER(tap5dbf6d42-f5) fa:16:3e:99:40:d1
May 25 17:01:22 gtw01 dnsmasq-dhcp[16242]: DHCPOFFER(tap5dbf6d42-f5) 192.168.120.6 fa:16:3e:99:40:d1
May 25 17:01:22 gtw01 dnsmasq-dhcp[16242]: DHCPREQUEST(tap5dbf6d42-f5) 192.168.120.6 fa:16:3e:99:40:d1
May 25 17:01:22 gtw01 dnsmasq-dhcp[16242]: DHCPACK(tap5dbf6d42-f5) 192.168.120.6 fa:16:3e:99:40:d1 host-192-168-120-6
May 25 17:01:24 gtw01 dnsmasq[30591]: started, version 2.80 cachesize 150
May 25 17:01:24 gtw01 dnsmasq[30591]: DNS service limited to local subnets
May 25 17:01:24 gtw01 dnsmasq[30591]: compile time options: IPv6 GNU-getopt DBus i18n IDN DHCP DHCPv6 no-Lua TFTP conntrack ipset auth DNSSEC loop-detect inotify dumpfile
May 25 17:01:24 gtw01 dnsmasq[30591]: warning: no upstream servers configured
May 25 17:01:24 gtw01 dnsmasq-dhcp[30591]: DHCPv6, static leases only on 2003::, lease time 1h
