May 25 17:36:31 gtw01 systemd-udevd[1034]: Could not generate persistent MAC address for tap89b1b14b-1f: No such file or directory
May 25 17:36:31 gtw01 systemd-udevd[1108]: Process '/sbin/ip link set tap89b1b14b-1f txqueuelen 10000' failed with exit code 1.
May 25 17:36:31 gtw01 systemd-udevd[1140]: Could not generate persistent MAC address for tap3b309765-a9: No such file or directory
May 25 17:36:31 gtw01 kernel: [ 8613.916037] device tap3b309765-a9 entered promiscuous mode
May 25 17:36:31 gtw01 kernel: [ 8613.985356] device tap6688440f-d3 entered promiscuous mode
May 25 17:36:31 gtw01 systemd-udevd[1181]: Could not generate persistent MAC address for tap6688440f-d3: No such file or directory
May 25 17:36:31 gtw01 systemd-udevd[1140]: Process '/sbin/ip link set tap3b309765-a9 txqueuelen 10000' failed with exit code 1.
May 25 17:36:31 gtw01 systemd-udevd[1300]: Process '/sbin/ip link set tap6688440f-d3 txqueuelen 10000' failed with exit code 1.
May 25 17:36:31 gtw01 kernel: [ 8614.447219] device tap42078020-d1 entered promiscuous mode
May 25 17:36:31 gtw01 systemd-udevd[1338]: Could not generate persistent MAC address for tap42078020-d1: No such file or directory
May 25 17:36:32 gtw01 systemd-udevd[1338]: Process '/sbin/ip link set tap42078020-d1 txqueuelen 10000' failed with exit code 1.
May 25 17:36:34 gtw01 dnsmasq[1616]: started, version 2.80 cachesize 150
May 25 17:36:34 gtw01 dnsmasq[1616]: DNS service limited to local subnets
May 25 17:36:34 gtw01 dnsmasq[1616]: compile time options: IPv6 GNU-getopt DBus i18n IDN DHCP DHCPv6 no-Lua TFTP conntrack ipset auth DNSSEC loop-detect inotify dumpfile
May 25 17:36:34 gtw01 dnsmasq[1616]: warning: no upstream servers configured
May 25 17:36:34 gtw01 dnsmasq-dhcp[1616]: DHCP, static leases only on 192.168.120.0, lease time 1h
May 25 17:36:34 gtw01 dnsmasq[1616]: read /var/lib/neutron/dhcp/1f723cd6-31b1-4160-ab19-b7ef1b4539d4/addn_hosts - 1 addresses
May 25 17:36:34 gtw01 dnsmasq-dhcp[1616]: read /var/lib/neutron/dhcp/1f723cd6-31b1-4160-ab19-b7ef1b4539d4/host
May 25 17:36:34 gtw01 dnsmasq-dhcp[1616]: read /var/lib/neutron/dhcp/1f723cd6-31b1-4160-ab19-b7ef1b4539d4/opts
May 25 17:36:34 gtw01 haproxy-metadata-proxy-1f723cd6-31b1-4160-ab19-b7ef1b4539d4[1640]: Proxy listener started.
May 25 17:36:34 gtw01 kernel: [ 8617.407245] device tap51e84f0b-8b entered promiscuous mode
May 25 17:36:34 gtw01 systemd-udevd[1680]: Could not generate persistent MAC address for tap51e84f0b-8b: No such file or directory
May 25 17:36:35 gtw01 systemd-udevd[1680]: Process '/sbin/ip link set tap51e84f0b-8b txqueuelen 10000' failed with exit code 1.
May 25 17:36:35 gtw01 systemd-udevd[1759]: Process '/sbin/ip link set tap51e84f0b-8b txqueuelen 10000' failed with exit code 1.
May 25 17:36:35 gtw01 dnsmasq[1797]: started, version 2.80 cachesize 150
May 25 17:36:35 gtw01 dnsmasq[1797]: DNS service limited to local subnets
May 25 17:36:35 gtw01 dnsmasq[1797]: compile time options: IPv6 GNU-getopt DBus i18n IDN DHCP DHCPv6 no-Lua TFTP conntrack ipset auth DNSSEC loop-detect inotify dumpfile
May 25 17:36:35 gtw01 dnsmasq[1797]: warning: no upstream servers configured
May 25 17:36:35 gtw01 dnsmasq-dhcp[1797]: DHCP, static leases only on 192.168.120.0, lease time 1h
May 25 17:36:35 gtw01 systemd-udevd[1799]: Could not generate persistent MAC address for tap50d410bc-95: No such file or directory
May 25 17:36:35 gtw01 kernel: [ 8617.848311] device tap50d410bc-95 entered promiscuous mode
May 25 17:36:35 gtw01 dnsmasq[1797]: read /var/lib/neutron/dhcp/6083a92f-2903-465b-8834-83583ba47df3/addn_hosts - 1 addresses
May 25 17:36:35 gtw01 dnsmasq-dhcp[1797]: read /var/lib/neutron/dhcp/6083a92f-2903-465b-8834-83583ba47df3/host
May 25 17:36:35 gtw01 dnsmasq-dhcp[1797]: read /var/lib/neutron/dhcp/6083a92f-2903-465b-8834-83583ba47df3/opts
May 25 17:36:35 gtw01 systemd-udevd[1881]: Process '/sbin/ip link set tap50d410bc-95 txqueuelen 10000' failed with exit code 1.
May 25 17:36:35 gtw01 dnsmasq[1899]: started, version 2.80 cachesize 150
May 25 17:36:35 gtw01 dnsmasq[1899]: DNS service limited to local subnets
May 25 17:36:35 gtw01 dnsmasq[1899]: compile time options: IPv6 GNU-getopt DBus i18n IDN DHCP DHCPv6 no-Lua TFTP conntrack ipset auth DNSSEC loop-detect inotify dumpfile
May 25 17:36:35 gtw01 dnsmasq[1899]: warning: no upstream servers configured
May 25 17:36:35 gtw01 dnsmasq-dhcp[1899]: DHCP, static leases only on 192.168.120.0, lease time 1h
May 25 17:36:35 gtw01 dnsmasq[1899]: read /var/lib/neutron/dhcp/df27d48a-ca0c-4856-969c-d5ae62e81d60/addn_hosts - 1 addresses
May 25 17:36:35 gtw01 dnsmasq-dhcp[1899]: read /var/lib/neutron/dhcp/df27d48a-ca0c-4856-969c-d5ae62e81d60/host
May 25 17:36:35 gtw01 dnsmasq-dhcp[1899]: read /var/lib/neutron/dhcp/df27d48a-ca0c-4856-969c-d5ae62e81d60/opts
May 25 17:36:35 gtw01 haproxy-metadata-proxy-6083a92f-2903-465b-8834-83583ba47df3[1906]: Proxy listener started.
May 25 17:36:35 gtw01 dnsmasq[1925]: started, version 2.80 cachesize 150
May 25 17:36:35 gtw01 dnsmasq[1925]: DNS service limited to local subnets
May 25 17:36:35 gtw01 dnsmasq[1925]: compile time options: IPv6 GNU-getopt DBus i18n IDN DHCP DHCPv6 no-Lua TFTP conntrack ipset auth DNSSEC loop-detect inotify dumpfile
May 25 17:36:35 gtw01 dnsmasq[1925]: warning: no upstream servers configured
May 25 17:36:35 gtw01 dnsmasq-dhcp[1925]: DHCP, static leases only on 192.168.120.0, lease time 1h
May 25 17:36:35 gtw01 dnsmasq[1925]: read /var/lib/neutron/dhcp/49b78b5d-80f8-436d-9130-cb7c06337683/addn_hosts - 1 addresses
May 25 17:36:35 gtw01 dnsmasq-dhcp[1925]: read /var/lib/neutron/dhcp/49b78b5d-80f8-436d-9130-cb7c06337683/host
May 25 17:36:35 gtw01 dnsmasq-dhcp[1925]: read /var/lib/neutron/dhcp/49b78b5d-80f8-436d-9130-cb7c06337683/opts
May 25 17:36:36 gtw01 haproxy-metadata-proxy-df27d48a-ca0c-4856-969c-d5ae62e81d60[1935]: Proxy listener started.
May 25 17:36:36 gtw01 haproxy-metadata-proxy-49b78b5d-80f8-436d-9130-cb7c06337683[1963]: Proxy listener started.
May 25 17:36:36 gtw01 dnsmasq[1616]: read /var/lib/neutron/dhcp/1f723cd6-31b1-4160-ab19-b7ef1b4539d4/addn_hosts - 1 addresses
May 25 17:36:36 gtw01 dnsmasq-dhcp[1616]: read /var/lib/neutron/dhcp/1f723cd6-31b1-4160-ab19-b7ef1b4539d4/host
May 25 17:36:36 gtw01 dnsmasq-dhcp[1616]: read /var/lib/neutron/dhcp/1f723cd6-31b1-4160-ab19-b7ef1b4539d4/opts
May 25 17:36:36 gtw01 dnsmasq[1986]: started, version 2.80 cachesize 150
May 25 17:36:36 gtw01 dnsmasq[1986]: DNS service limited to local subnets
May 25 17:36:36 gtw01 dnsmasq[1986]: compile time options: IPv6 GNU-getopt DBus i18n IDN DHCP DHCPv6 no-Lua TFTP conntrack ipset auth DNSSEC loop-detect inotify dumpfile
May 25 17:36:36 gtw01 dnsmasq[1986]: warning: no upstream servers configured
May 25 17:36:36 gtw01 dnsmasq-dhcp[1986]: DHCP, static leases only on 192.168.120.0, lease time 1h
May 25 17:36:36 gtw01 dnsmasq[1986]: read /var/lib/neutron/dhcp/1936bb55-57d0-4f3e-8197-26b4235e7b49/addn_hosts - 1 addresses
May 25 17:36:36 gtw01 dnsmasq-dhcp[1986]: read /var/lib/neutron/dhcp/1936bb55-57d0-4f3e-8197-26b4235e7b49/host
May 25 17:36:36 gtw01 dnsmasq-dhcp[1986]: read /var/lib/neutron/dhcp/1936bb55-57d0-4f3e-8197-26b4235e7b49/opts
May 25 17:36:36 gtw01 haproxy-metadata-proxy-1936bb55-57d0-4f3e-8197-26b4235e7b49[2015]: Proxy listener started.
May 25 17:36:37 gtw01 dnsmasq[2040]: started, version 2.80 cachesize 150
May 25 17:36:37 gtw01 dnsmasq[2040]: DNS service limited to local subnets
May 25 17:36:37 gtw01 dnsmasq[2040]: compile time options: IPv6 GNU-getopt DBus i18n IDN DHCP DHCPv6 no-Lua TFTP conntrack ipset auth DNSSEC loop-detect inotify dumpfile
May 25 17:36:37 gtw01 dnsmasq[2040]: warning: no upstream servers configured
May 25 17:36:37 gtw01 dnsmasq-dhcp[2040]: DHCP, static leases only on 192.168.120.0, lease time 1h
May 25 17:36:37 gtw01 dnsmasq[2040]: read /var/lib/neutron/dhcp/b58060b3-8c43-4c01-b7dc-2d30c098305a/addn_hosts - 1 addresses
May 25 17:36:37 gtw01 dnsmasq-dhcp[2040]: read /var/lib/neutron/dhcp/b58060b3-8c43-4c01-b7dc-2d30c098305a/host
May 25 17:36:37 gtw01 dnsmasq-dhcp[2040]: read /var/lib/neutron/dhcp/b58060b3-8c43-4c01-b7dc-2d30c098305a/opts
May 25 17:36:37 gtw01 dnsmasq[1797]: read /var/lib/neutron/dhcp/6083a92f-2903-465b-8834-83583ba47df3/addn_hosts - 2 addresses
May 25 17:36:37 gtw01 dnsmasq-dhcp[1797]: read /var/lib/neutron/dhcp/6083a92f-2903-465b-8834-83583ba47df3/host
May 25 17:36:37 gtw01 dnsmasq-dhcp[1797]: read /var/lib/neutron/dhcp/6083a92f-2903-465b-8834-83583ba47df3/opts
May 25 17:36:37 gtw01 systemd-udevd[2062]: Could not generate persistent MAC address for qr-56ed1ac2-0e: No such file or directory
May 25 17:36:37 gtw01 kernel: [ 8619.912202] device qr-56ed1ac2-0e entered promiscuous mode
May 25 17:36:37 gtw01 haproxy-metadata-proxy-b58060b3-8c43-4c01-b7dc-2d30c098305a[2138]: Proxy listener started.
May 25 17:36:37 gtw01 dnsmasq[1899]: read /var/lib/neutron/dhcp/df27d48a-ca0c-4856-969c-d5ae62e81d60/addn_hosts - 2 addresses
May 25 17:36:37 gtw01 dnsmasq-dhcp[1899]: read /var/lib/neutron/dhcp/df27d48a-ca0c-4856-969c-d5ae62e81d60/host
May 25 17:36:37 gtw01 dnsmasq-dhcp[1899]: read /var/lib/neutron/dhcp/df27d48a-ca0c-4856-969c-d5ae62e81d60/opts
May 25 17:36:37 gtw01 systemd-udevd[2168]: Could not generate persistent MAC address for qg-a42e3b80-43: No such file or directory
May 25 17:36:37 gtw01 kernel: [ 8620.276113] device qg-a42e3b80-43 entered promiscuous mode
May 25 17:36:38 gtw01 dnsmasq[1616]: read /var/lib/neutron/dhcp/1f723cd6-31b1-4160-ab19-b7ef1b4539d4/addn_hosts - 1 addresses
May 25 17:36:38 gtw01 dnsmasq-dhcp[1616]: read /var/lib/neutron/dhcp/1f723cd6-31b1-4160-ab19-b7ef1b4539d4/host
May 25 17:36:38 gtw01 dnsmasq-dhcp[1616]: read /var/lib/neutron/dhcp/1f723cd6-31b1-4160-ab19-b7ef1b4539d4/opts
May 25 17:36:38 gtw01 dnsmasq[1986]: read /var/lib/neutron/dhcp/1936bb55-57d0-4f3e-8197-26b4235e7b49/addn_hosts - 2 addresses
May 25 17:36:38 gtw01 dnsmasq-dhcp[1986]: read /var/lib/neutron/dhcp/1936bb55-57d0-4f3e-8197-26b4235e7b49/host
May 25 17:36:38 gtw01 dnsmasq-dhcp[1986]: read /var/lib/neutron/dhcp/1936bb55-57d0-4f3e-8197-26b4235e7b49/opts
May 25 17:36:39 gtw01 systemd-udevd[2364]: Could not generate persistent MAC address for qg-627513df-31: No such file or directory
May 25 17:36:39 gtw01 kernel: [ 8621.681184] device qg-627513df-31 entered promiscuous mode
May 25 17:36:39 gtw01 dnsmasq[1797]: read /var/lib/neutron/dhcp/6083a92f-2903-465b-8834-83583ba47df3/addn_hosts - 2 addresses
May 25 17:36:39 gtw01 dnsmasq-dhcp[1797]: read /var/lib/neutron/dhcp/6083a92f-2903-465b-8834-83583ba47df3/host
May 25 17:36:39 gtw01 dnsmasq-dhcp[1797]: read /var/lib/neutron/dhcp/6083a92f-2903-465b-8834-83583ba47df3/opts
May 25 17:36:39 gtw01 dnsmasq[1925]: read /var/lib/neutron/dhcp/49b78b5d-80f8-436d-9130-cb7c06337683/addn_hosts - 1 addresses
May 25 17:36:39 gtw01 dnsmasq-dhcp[1925]: read /var/lib/neutron/dhcp/49b78b5d-80f8-436d-9130-cb7c06337683/host
May 25 17:36:39 gtw01 dnsmasq-dhcp[1925]: read /var/lib/neutron/dhcp/49b78b5d-80f8-436d-9130-cb7c06337683/opts
May 25 17:36:40 gtw01 dnsmasq[1899]: read /var/lib/neutron/dhcp/df27d48a-ca0c-4856-969c-d5ae62e81d60/addn_hosts - 2 addresses
May 25 17:36:40 gtw01 dnsmasq-dhcp[1899]: read /var/lib/neutron/dhcp/df27d48a-ca0c-4856-969c-d5ae62e81d60/host
May 25 17:36:40 gtw01 dnsmasq-dhcp[1899]: read /var/lib/neutron/dhcp/df27d48a-ca0c-4856-969c-d5ae62e81d60/opts
May 25 17:36:40 gtw01 dnsmasq[2040]: read /var/lib/neutron/dhcp/b58060b3-8c43-4c01-b7dc-2d30c098305a/addn_hosts - 1 addresses
May 25 17:36:40 gtw01 dnsmasq-dhcp[2040]: read /var/lib/neutron/dhcp/b58060b3-8c43-4c01-b7dc-2d30c098305a/host
May 25 17:36:40 gtw01 dnsmasq-dhcp[2040]: read /var/lib/neutron/dhcp/b58060b3-8c43-4c01-b7dc-2d30c098305a/opts
May 25 17:36:41 gtw01 dnsmasq[2682]: started, version 2.80 cachesize 150
May 25 17:36:41 gtw01 dnsmasq[2682]: DNS service limited to local subnets
May 25 17:36:41 gtw01 dnsmasq[2682]: compile time options: IPv6 GNU-getopt DBus i18n IDN DHCP DHCPv6 no-Lua TFTP conntrack ipset auth DNSSEC loop-detect inotify dumpfile
May 25 17:36:41 gtw01 dnsmasq[2682]: warning: no upstream servers configured
May 25 17:36:41 gtw01 dnsmasq-dhcp[2682]: DHCP, static leases only on 192.168.120.0, lease time 1h
May 25 17:36:41 gtw01 dnsmasq[2682]: read /var/lib/neutron/dhcp/3333ef4e-4551-4763-931b-b9b74ba057a8/addn_hosts - 1 addresses
May 25 17:36:41 gtw01 dnsmasq-dhcp[2682]: read /var/lib/neutron/dhcp/3333ef4e-4551-4763-931b-b9b74ba057a8/host
May 25 17:36:41 gtw01 dnsmasq-dhcp[2682]: read /var/lib/neutron/dhcp/3333ef4e-4551-4763-931b-b9b74ba057a8/opts
May 25 17:36:41 gtw01 kernel: [ 8624.363875] IPv4: martian source 10.16.0.118 from 10.16.0.118, on dev qr-56ed1ac2-0e
May 25 17:36:41 gtw01 kernel: [ 8624.363878] ll header: 00000000: ff ff ff ff ff ff fa 16 3e 19 1b 00 08 06        ........>.....
May 25 17:36:41 gtw01 dnsmasq[1986]: read /var/lib/neutron/dhcp/1936bb55-57d0-4f3e-8197-26b4235e7b49/addn_hosts - 2 addresses
May 25 17:36:41 gtw01 dnsmasq-dhcp[1986]: read /var/lib/neutron/dhcp/1936bb55-57d0-4f3e-8197-26b4235e7b49/host
May 25 17:36:41 gtw01 dnsmasq-dhcp[1986]: read /var/lib/neutron/dhcp/1936bb55-57d0-4f3e-8197-26b4235e7b49/opts
May 25 17:36:42 gtw01 kernel: [ 8624.623987] IPv4: martian source 192.168.120.1 from 192.168.120.1, on dev qg-627513df-31
May 25 17:36:42 gtw01 kernel: [ 8624.623990] ll header: 00000000: ff ff ff ff ff ff fa 16 3e 80 53 f2 08 06        ........>.S...
May 25 17:36:42 gtw01 haproxy-metadata-proxy-3333ef4e-4551-4763-931b-b9b74ba057a8[2741]: Proxy listener started.
May 25 17:36:42 gtw01 dnsmasq[32704]: read /var/lib/neutron/dhcp/fd009b4d-2b93-462e-9ee8-3194af48705d/addn_hosts - 3 addresses
May 25 17:36:42 gtw01 dnsmasq-dhcp[32704]: read /var/lib/neutron/dhcp/fd009b4d-2b93-462e-9ee8-3194af48705d/host
May 25 17:36:42 gtw01 dnsmasq-dhcp[32704]: read /var/lib/neutron/dhcp/fd009b4d-2b93-462e-9ee8-3194af48705d/opts
May 25 17:36:42 gtw01 dnsmasq[1797]: read /var/lib/neutron/dhcp/6083a92f-2903-465b-8834-83583ba47df3/addn_hosts - 2 addresses
May 25 17:36:42 gtw01 dnsmasq-dhcp[1797]: read /var/lib/neutron/dhcp/6083a92f-2903-465b-8834-83583ba47df3/host
May 25 17:36:42 gtw01 dnsmasq-dhcp[1797]: read /var/lib/neutron/dhcp/6083a92f-2903-465b-8834-83583ba47df3/opts
May 25 17:36:43 gtw01 dnsmasq[1925]: read /var/lib/neutron/dhcp/49b78b5d-80f8-436d-9130-cb7c06337683/addn_hosts - 1 addresses
May 25 17:36:43 gtw01 dnsmasq-dhcp[1925]: read /var/lib/neutron/dhcp/49b78b5d-80f8-436d-9130-cb7c06337683/host
May 25 17:36:43 gtw01 dnsmasq-dhcp[1925]: read /var/lib/neutron/dhcp/49b78b5d-80f8-436d-9130-cb7c06337683/opts
May 25 17:36:43 gtw01 dnsmasq[2830]: started, version 2.80 cachesize 150
May 25 17:36:43 gtw01 dnsmasq[2830]: DNS service limited to local subnets
May 25 17:36:43 gtw01 dnsmasq[2830]: compile time options: IPv6 GNU-getopt DBus i18n IDN DHCP DHCPv6 no-Lua TFTP conntrack ipset auth DNSSEC loop-detect inotify dumpfile
May 25 17:36:43 gtw01 dnsmasq[2830]: warning: no upstream servers configured
May 25 17:36:43 gtw01 dnsmasq-dhcp[2830]: DHCP, static leases only on 192.168.120.0, lease time 1h
May 25 17:36:43 gtw01 dnsmasq[2830]: read /var/lib/neutron/dhcp/be733482-ec25-4b92-b4a0-3e71a1b28ae3/addn_hosts - 1 addresses
May 25 17:36:43 gtw01 dnsmasq-dhcp[2830]: read /var/lib/neutron/dhcp/be733482-ec25-4b92-b4a0-3e71a1b28ae3/host
May 25 17:36:43 gtw01 dnsmasq-dhcp[2830]: read /var/lib/neutron/dhcp/be733482-ec25-4b92-b4a0-3e71a1b28ae3/opts
May 25 17:36:43 gtw01 dnsmasq[2040]: read /var/lib/neutron/dhcp/b58060b3-8c43-4c01-b7dc-2d30c098305a/addn_hosts - 1 addresses
May 25 17:36:43 gtw01 dnsmasq-dhcp[2040]: read /var/lib/neutron/dhcp/b58060b3-8c43-4c01-b7dc-2d30c098305a/host
May 25 17:36:43 gtw01 dnsmasq-dhcp[2040]: read /var/lib/neutron/dhcp/b58060b3-8c43-4c01-b7dc-2d30c098305a/opts
May 25 17:36:43 gtw01 systemd-udevd[2888]: Could not generate persistent MAC address for qg-de67e8f0-69: No such file or directory
May 25 17:36:43 gtw01 kernel: [ 8626.332230] device qg-de67e8f0-69 entered promiscuous mode
May 25 17:36:44 gtw01 dnsmasq[1899]: read /var/lib/neutron/dhcp/df27d48a-ca0c-4856-969c-d5ae62e81d60/addn_hosts - 2 addresses
May 25 17:36:44 gtw01 dnsmasq-dhcp[1899]: read /var/lib/neutron/dhcp/df27d48a-ca0c-4856-969c-d5ae62e81d60/host
May 25 17:36:44 gtw01 dnsmasq-dhcp[1899]: read /var/lib/neutron/dhcp/df27d48a-ca0c-4856-969c-d5ae62e81d60/opts
May 25 17:36:44 gtw01 haproxy-metadata-proxy-be733482-ec25-4b92-b4a0-3e71a1b28ae3[2982]: Proxy listener started.
May 25 17:36:44 gtw01 systemd-udevd[3017]: Could not generate persistent MAC address for qg-94a4303f-df: No such file or directory
May 25 17:36:44 gtw01 kernel: [ 8626.925350] device qg-94a4303f-df entered promiscuous mode
May 25 17:36:44 gtw01 dnsmasq[2682]: read /var/lib/neutron/dhcp/3333ef4e-4551-4763-931b-b9b74ba057a8/addn_hosts - 2 addresses
May 25 17:36:44 gtw01 dnsmasq-dhcp[2682]: read /var/lib/neutron/dhcp/3333ef4e-4551-4763-931b-b9b74ba057a8/host
May 25 17:36:44 gtw01 dnsmasq-dhcp[2682]: read /var/lib/neutron/dhcp/3333ef4e-4551-4763-931b-b9b74ba057a8/opts
May 25 17:36:44 gtw01 systemd-udevd[3104]: Could not generate persistent MAC address for qr-a96e09ea-19: No such file or directory
May 25 17:36:44 gtw01 kernel: [ 8627.119457] device qr-a96e09ea-19 entered promiscuous mode
May 25 17:36:44 gtw01 dnsmasq[1986]: read /var/lib/neutron/dhcp/1936bb55-57d0-4f3e-8197-26b4235e7b49/addn_hosts - 2 addresses
May 25 17:36:44 gtw01 dnsmasq-dhcp[1986]: read /var/lib/neutron/dhcp/1936bb55-57d0-4f3e-8197-26b4235e7b49/host
May 25 17:36:44 gtw01 dnsmasq-dhcp[1986]: read /var/lib/neutron/dhcp/1936bb55-57d0-4f3e-8197-26b4235e7b49/opts
May 25 17:36:45 gtw01 dnsmasq[1616]: read /var/lib/neutron/dhcp/1f723cd6-31b1-4160-ab19-b7ef1b4539d4/addn_hosts - 2 addresses
May 25 17:36:45 gtw01 dnsmasq-dhcp[1616]: read /var/lib/neutron/dhcp/1f723cd6-31b1-4160-ab19-b7ef1b4539d4/host
May 25 17:36:45 gtw01 dnsmasq-dhcp[1616]: read /var/lib/neutron/dhcp/1f723cd6-31b1-4160-ab19-b7ef1b4539d4/opts
May 25 17:36:45 gtw01 dnsmasq[1797]: read /var/lib/neutron/dhcp/6083a92f-2903-465b-8834-83583ba47df3/addn_hosts - 2 addresses
May 25 17:36:45 gtw01 dnsmasq-dhcp[1797]: read /var/lib/neutron/dhcp/6083a92f-2903-465b-8834-83583ba47df3/host
May 25 17:36:45 gtw01 dnsmasq-dhcp[1797]: read /var/lib/neutron/dhcp/6083a92f-2903-465b-8834-83583ba47df3/opts
May 25 17:36:46 gtw01 dnsmasq[2830]: read /var/lib/neutron/dhcp/be733482-ec25-4b92-b4a0-3e71a1b28ae3/addn_hosts - 2 addresses
May 25 17:36:46 gtw01 dnsmasq-dhcp[2830]: read /var/lib/neutron/dhcp/be733482-ec25-4b92-b4a0-3e71a1b28ae3/host
May 25 17:36:46 gtw01 dnsmasq-dhcp[2830]: read /var/lib/neutron/dhcp/be733482-ec25-4b92-b4a0-3e71a1b28ae3/opts
May 25 17:36:46 gtw01 dnsmasq[1899]: read /var/lib/neutron/dhcp/df27d48a-ca0c-4856-969c-d5ae62e81d60/addn_hosts - 2 addresses
May 25 17:36:46 gtw01 dnsmasq-dhcp[1899]: read /var/lib/neutron/dhcp/df27d48a-ca0c-4856-969c-d5ae62e81d60/host
May 25 17:36:46 gtw01 dnsmasq-dhcp[1899]: read /var/lib/neutron/dhcp/df27d48a-ca0c-4856-969c-d5ae62e81d60/opts
May 25 17:36:46 gtw01 dnsmasq[1925]: read /var/lib/neutron/dhcp/49b78b5d-80f8-436d-9130-cb7c06337683/addn_hosts - 2 addresses
May 25 17:36:46 gtw01 dnsmasq-dhcp[1925]: read /var/lib/neutron/dhcp/49b78b5d-80f8-436d-9130-cb7c06337683/host
May 25 17:36:46 gtw01 dnsmasq-dhcp[1925]: read /var/lib/neutron/dhcp/49b78b5d-80f8-436d-9130-cb7c06337683/opts
May 25 17:36:47 gtw01 systemd-udevd[3410]: Could not generate persistent MAC address for qr-d4249583-7e: No such file or directory
May 25 17:36:47 gtw01 kernel: [ 8629.532237] device qr-d4249583-7e entered promiscuous mode
May 25 17:36:47 gtw01 dnsmasq[1986]: read /var/lib/neutron/dhcp/1936bb55-57d0-4f3e-8197-26b4235e7b49/addn_hosts - 2 addresses
May 25 17:36:47 gtw01 dnsmasq-dhcp[1986]: read /var/lib/neutron/dhcp/1936bb55-57d0-4f3e-8197-26b4235e7b49/host
May 25 17:36:47 gtw01 dnsmasq-dhcp[1986]: read /var/lib/neutron/dhcp/1936bb55-57d0-4f3e-8197-26b4235e7b49/opts
May 25 17:36:47 gtw01 systemd-udevd[3546]: Could not generate persistent MAC address for qg-3dd7b748-38: No such file or directory
May 25 17:36:47 gtw01 kernel: [ 8630.145300] device qg-3dd7b748-38 entered promiscuous mode
May 25 17:36:47 gtw01 systemd-udevd[3622]: Could not generate persistent MAC address for qg-86eb8f0f-4b: No such file or directory
May 25 17:36:47 gtw01 kernel: [ 8630.308253] device qg-86eb8f0f-4b entered promiscuous mode
May 25 17:36:47 gtw01 dnsmasq[2682]: read /var/lib/neutron/dhcp/3333ef4e-4551-4763-931b-b9b74ba057a8/addn_hosts - 2 addresses
May 25 17:36:47 gtw01 dnsmasq-dhcp[2682]: read /var/lib/neutron/dhcp/3333ef4e-4551-4763-931b-b9b74ba057a8/host
May 25 17:36:47 gtw01 dnsmasq-dhcp[2682]: read /var/lib/neutron/dhcp/3333ef4e-4551-4763-931b-b9b74ba057a8/opts
May 25 17:36:47 gtw01 dnsmasq[2040]: read /var/lib/neutron/dhcp/b58060b3-8c43-4c01-b7dc-2d30c098305a/addn_hosts - 2 addresses
May 25 17:36:47 gtw01 dnsmasq-dhcp[2040]: read /var/lib/neutron/dhcp/b58060b3-8c43-4c01-b7dc-2d30c098305a/host
May 25 17:36:47 gtw01 dnsmasq-dhcp[2040]: read /var/lib/neutron/dhcp/b58060b3-8c43-4c01-b7dc-2d30c098305a/opts
May 25 17:36:48 gtw01 systemd-udevd[3739]: Could not generate persistent MAC address for vxlan_sys_4789: No such file or directory
May 25 17:36:48 gtw01 kernel: [ 8630.681495] device vxlan_sys_4789 entered promiscuous mode
May 25 17:36:48 gtw01 dnsmasq[1616]: read /var/lib/neutron/dhcp/1f723cd6-31b1-4160-ab19-b7ef1b4539d4/addn_hosts - 2 addresses
May 25 17:36:48 gtw01 dnsmasq-dhcp[1616]: read /var/lib/neutron/dhcp/1f723cd6-31b1-4160-ab19-b7ef1b4539d4/host
May 25 17:36:48 gtw01 dnsmasq-dhcp[1616]: read /var/lib/neutron/dhcp/1f723cd6-31b1-4160-ab19-b7ef1b4539d4/opts
May 25 17:36:48 gtw01 kernel: [ 8631.292183] IPv4: martian source 192.168.120.1 from 192.168.120.1, on dev qr-56ed1ac2-0e
May 25 17:36:48 gtw01 kernel: [ 8631.292186] ll header: 00000000: ff ff ff ff ff ff fa 16 3e 2c 4b 86 08 06        ........>,K...
May 25 17:36:48 gtw01 kernel: [ 8631.292193] IPv4: martian source 192.168.120.1 from 192.168.120.1, on dev qr-d4249583-7e
May 25 17:36:48 gtw01 kernel: [ 8631.292194] ll header: 00000000: ff ff ff ff ff ff fa 16 3e 2c 4b 86 08 06        ........>,K...
May 25 17:36:49 gtw01 dnsmasq[2830]: read /var/lib/neutron/dhcp/be733482-ec25-4b92-b4a0-3e71a1b28ae3/addn_hosts - 2 addresses
May 25 17:36:49 gtw01 dnsmasq-dhcp[2830]: read /var/lib/neutron/dhcp/be733482-ec25-4b92-b4a0-3e71a1b28ae3/host
May 25 17:36:49 gtw01 dnsmasq-dhcp[2830]: read /var/lib/neutron/dhcp/be733482-ec25-4b92-b4a0-3e71a1b28ae3/opts
May 25 17:36:49 gtw01 systemd-udevd[3967]: Could not generate persistent MAC address for qg-bb2b23b5-72: No such file or directory
May 25 17:36:49 gtw01 kernel: [ 8632.379355] device qg-bb2b23b5-72 entered promiscuous mode
May 25 17:36:49 gtw01 dnsmasq[1925]: read /var/lib/neutron/dhcp/49b78b5d-80f8-436d-9130-cb7c06337683/addn_hosts - 2 addresses
May 25 17:36:49 gtw01 dnsmasq-dhcp[1925]: read /var/lib/neutron/dhcp/49b78b5d-80f8-436d-9130-cb7c06337683/host
May 25 17:36:49 gtw01 dnsmasq-dhcp[1925]: read /var/lib/neutron/dhcp/49b78b5d-80f8-436d-9130-cb7c06337683/opts
May 25 17:36:50 gtw01 dnsmasq[1797]: read /var/lib/neutron/dhcp/6083a92f-2903-465b-8834-83583ba47df3/addn_hosts - 2 addresses
May 25 17:36:50 gtw01 dnsmasq-dhcp[1797]: read /var/lib/neutron/dhcp/6083a92f-2903-465b-8834-83583ba47df3/host
May 25 17:36:50 gtw01 dnsmasq-dhcp[1797]: read /var/lib/neutron/dhcp/6083a92f-2903-465b-8834-83583ba47df3/opts
May 25 17:36:50 gtw01 systemd-udevd[4055]: Could not generate persistent MAC address for tapc1d7737f-47: No such file or directory
May 25 17:36:50 gtw01 kernel: [ 8632.628328] device tapc1d7737f-47 entered promiscuous mode
May 25 17:36:50 gtw01 systemd-udevd[4166]: Process '/sbin/ip link set tapc1d7737f-47 txqueuelen 10000' failed with exit code 1.
May 25 17:36:50 gtw01 dnsmasq[2682]: read /var/lib/neutron/dhcp/3333ef4e-4551-4763-931b-b9b74ba057a8/addn_hosts - 2 addresses
May 25 17:36:50 gtw01 dnsmasq-dhcp[2682]: read /var/lib/neutron/dhcp/3333ef4e-4551-4763-931b-b9b74ba057a8/host
May 25 17:36:50 gtw01 dnsmasq-dhcp[2682]: read /var/lib/neutron/dhcp/3333ef4e-4551-4763-931b-b9b74ba057a8/opts
May 25 17:36:50 gtw01 kernel: [ 8633.464039] IPv4: martian source 192.168.120.1 from 192.168.120.1, on dev qr-56ed1ac2-0e
May 25 17:36:50 gtw01 kernel: [ 8633.464043] ll header: 00000000: ff ff ff ff ff ff fa 16 3e 6b c4 65 08 06        ........>k.e..
May 25 17:36:50 gtw01 kernel: [ 8633.464046] IPv4: martian source 192.168.120.1 from 192.168.120.1, on dev qr-a96e09ea-19
May 25 17:36:50 gtw01 kernel: [ 8633.464047] ll header: 00000000: ff ff ff ff ff ff fa 16 3e 6b c4 65 08 06        ........>k.e..
May 25 17:36:51 gtw01 dnsmasq[1616]: read /var/lib/neutron/dhcp/1f723cd6-31b1-4160-ab19-b7ef1b4539d4/addn_hosts - 2 addresses
May 25 17:36:51 gtw01 dnsmasq-dhcp[1616]: read /var/lib/neutron/dhcp/1f723cd6-31b1-4160-ab19-b7ef1b4539d4/host
May 25 17:36:51 gtw01 dnsmasq-dhcp[1616]: read /var/lib/neutron/dhcp/1f723cd6-31b1-4160-ab19-b7ef1b4539d4/opts
May 25 17:36:51 gtw01 dnsmasq[2040]: read /var/lib/neutron/dhcp/b58060b3-8c43-4c01-b7dc-2d30c098305a/addn_hosts - 2 addresses
May 25 17:36:51 gtw01 dnsmasq-dhcp[2040]: read /var/lib/neutron/dhcp/b58060b3-8c43-4c01-b7dc-2d30c098305a/host
May 25 17:36:51 gtw01 dnsmasq-dhcp[2040]: read /var/lib/neutron/dhcp/b58060b3-8c43-4c01-b7dc-2d30c098305a/opts
May 25 17:36:51 gtw01 kernel: [ 8634.216394] device qg-d8150f2b-92 entered promiscuous mode
May 25 17:36:51 gtw01 systemd-udevd[4285]: Could not generate persistent MAC address for qg-d8150f2b-92: No such file or directory
May 25 17:36:52 gtw01 haproxy-metadata-proxy-0663b6f3-71cb-4e8b-9e16-4c3c5442aca4[4384]: Proxy listener started.
May 25 17:36:52 gtw01 dnsmasq[2830]: read /var/lib/neutron/dhcp/be733482-ec25-4b92-b4a0-3e71a1b28ae3/addn_hosts - 2 addresses
May 25 17:36:52 gtw01 dnsmasq-dhcp[2830]: read /var/lib/neutron/dhcp/be733482-ec25-4b92-b4a0-3e71a1b28ae3/host
May 25 17:36:52 gtw01 dnsmasq-dhcp[2830]: read /var/lib/neutron/dhcp/be733482-ec25-4b92-b4a0-3e71a1b28ae3/opts
May 25 17:36:52 gtw01 kernel: [ 8635.252063] IPv4: martian source 192.168.120.1 from 192.168.120.1, on dev qr-56ed1ac2-0e
May 25 17:36:52 gtw01 kernel: [ 8635.252066] ll header: 00000000: ff ff ff ff ff ff fa 16 3e 2c 4b 86 08 06        ........>,K...
May 25 17:36:52 gtw01 kernel: [ 8635.252070] IPv4: martian source 192.168.120.1 from 192.168.120.1, on dev qr-d4249583-7e
May 25 17:36:52 gtw01 kernel: [ 8635.252071] ll header: 00000000: ff ff ff ff ff ff fa 16 3e 2c 4b 86 08 06        ........>,K...
May 25 17:36:52 gtw01 kernel: [ 8635.252072] IPv4: martian source 192.168.120.1 from 192.168.120.1, on dev qg-bb2b23b5-72
May 25 17:36:52 gtw01 kernel: [ 8635.252073] ll header: 00000000: ff ff ff ff ff ff fa 16 3e 2c 4b 86 08 06        ........>,K...
May 25 17:36:52 gtw01 kernel: [ 8635.252076] IPv4: martian source 192.168.120.1 from 192.168.120.1, on dev qg-d8150f2b-92
May 25 17:36:52 gtw01 kernel: [ 8635.252077] ll header: 00000000: ff ff ff ff ff ff fa 16 3e 2c 4b 86 08 06        ........>,K...
May 25 17:36:53 gtw01 dnsmasq[2682]: read /var/lib/neutron/dhcp/3333ef4e-4551-4763-931b-b9b74ba057a8/addn_hosts - 2 addresses
May 25 17:36:53 gtw01 dnsmasq-dhcp[2682]: read /var/lib/neutron/dhcp/3333ef4e-4551-4763-931b-b9b74ba057a8/host
May 25 17:36:53 gtw01 dnsmasq-dhcp[2682]: read /var/lib/neutron/dhcp/3333ef4e-4551-4763-931b-b9b74ba057a8/opts
May 25 17:36:53 gtw01 dnsmasq[1899]: read /var/lib/neutron/dhcp/df27d48a-ca0c-4856-969c-d5ae62e81d60/addn_hosts - 2 addresses
May 25 17:36:53 gtw01 dnsmasq-dhcp[1899]: read /var/lib/neutron/dhcp/df27d48a-ca0c-4856-969c-d5ae62e81d60/host
May 25 17:36:53 gtw01 dnsmasq-dhcp[1899]: read /var/lib/neutron/dhcp/df27d48a-ca0c-4856-969c-d5ae62e81d60/opts
May 25 17:36:53 gtw01 kernel: [ 8635.844413] device tap6b78a876-17 entered promiscuous mode
May 25 17:36:53 gtw01 systemd-udevd[4508]: Could not generate persistent MAC address for tap6b78a876-17: No such file or directory
May 25 17:36:53 gtw01 systemd-udevd[4592]: Process '/sbin/ip link set tap6b78a876-17 txqueuelen 10000' failed with exit code 1.
May 25 17:36:53 gtw01 dnsmasq[1986]: read /var/lib/neutron/dhcp/1936bb55-57d0-4f3e-8197-26b4235e7b49/addn_hosts - 2 addresses
May 25 17:36:53 gtw01 dnsmasq-dhcp[1986]: read /var/lib/neutron/dhcp/1936bb55-57d0-4f3e-8197-26b4235e7b49/host
May 25 17:36:53 gtw01 dnsmasq-dhcp[1986]: read /var/lib/neutron/dhcp/1936bb55-57d0-4f3e-8197-26b4235e7b49/opts
May 25 17:36:54 gtw01 dnsmasq[2830]: read /var/lib/neutron/dhcp/be733482-ec25-4b92-b4a0-3e71a1b28ae3/addn_hosts - 2 addresses
May 25 17:36:54 gtw01 dnsmasq-dhcp[2830]: read /var/lib/neutron/dhcp/be733482-ec25-4b92-b4a0-3e71a1b28ae3/host
May 25 17:36:54 gtw01 dnsmasq-dhcp[2830]: read /var/lib/neutron/dhcp/be733482-ec25-4b92-b4a0-3e71a1b28ae3/opts
May 25 17:36:54 gtw01 kernel: [ 8637.067862] IPv4: martian source 192.168.120.1 from 192.168.120.1, on dev qr-56ed1ac2-0e
May 25 17:36:54 gtw01 kernel: [ 8637.067865] ll header: 00000000: ff ff ff ff ff ff fa 16 3e 6b c4 65 08 06        ........>k.e..
May 25 17:36:54 gtw01 kernel: [ 8637.067868] IPv4: martian source 192.168.120.1 from 192.168.120.1, on dev qr-a96e09ea-19
May 25 17:36:54 gtw01 kernel: [ 8637.067869] ll header: 00000000: ff ff ff ff ff ff fa 16 3e 6b c4 65 08 06        ........>k.e..
May 25 17:36:54 gtw01 kernel: [ 8637.067871] IPv4: martian source 192.168.120.1 from 192.168.120.1, on dev qg-bb2b23b5-72
May 25 17:36:54 gtw01 kernel: [ 8637.067872] ll header: 00000000: ff ff ff ff ff ff fa 16 3e 6b c4 65 08 06        ........>k.e..
May 25 17:36:54 gtw01 kernel: [ 8637.067875] IPv4: martian source 192.168.120.1 from 192.168.120.1, on dev qg-d8150f2b-92
May 25 17:36:54 gtw01 kernel: [ 8637.067876] ll header: 00000000: ff ff ff ff ff ff fa 16 3e 6b c4 65 08 06        ........>k.e..
May 25 17:36:55 gtw01 dnsmasq[1925]: read /var/lib/neutron/dhcp/49b78b5d-80f8-436d-9130-cb7c06337683/addn_hosts - 2 addresses
May 25 17:36:55 gtw01 dnsmasq-dhcp[1925]: read /var/lib/neutron/dhcp/49b78b5d-80f8-436d-9130-cb7c06337683/host
May 25 17:36:55 gtw01 dnsmasq-dhcp[1925]: read /var/lib/neutron/dhcp/49b78b5d-80f8-436d-9130-cb7c06337683/opts
May 25 17:36:55 gtw01 kernel: [ 8638.280407] device tap0f3635e7-6b entered promiscuous mode
May 25 17:36:55 gtw01 systemd-udevd[4813]: Could not generate persistent MAC address for tap0f3635e7-6b: No such file or directory
May 25 17:36:55 gtw01 systemd-udevd[4813]: Process '/sbin/ip link set tap0f3635e7-6b txqueuelen 10000' failed with exit code 1.
May 25 17:36:55 gtw01 systemd-udevd[4813]: Process '/sbin/ip link set tap0f3635e7-6b txqueuelen 10000' failed with exit code 1.
May 25 17:36:56 gtw01 haproxy-metadata-proxy-e60dcd40-6fc3-41c7-a638-fe3a4b34e043[4893]: Proxy listener started.
May 25 17:36:56 gtw01 dnsmasq[2040]: read /var/lib/neutron/dhcp/b58060b3-8c43-4c01-b7dc-2d30c098305a/addn_hosts - 2 addresses
May 25 17:36:56 gtw01 dnsmasq-dhcp[2040]: read /var/lib/neutron/dhcp/b58060b3-8c43-4c01-b7dc-2d30c098305a/host
May 25 17:36:56 gtw01 dnsmasq-dhcp[2040]: read /var/lib/neutron/dhcp/b58060b3-8c43-4c01-b7dc-2d30c098305a/opts
May 25 17:36:56 gtw01 kernel: [ 8639.380082] IPv4: martian source 192.168.120.1 from 192.168.120.1, on dev qr-56ed1ac2-0e
May 25 17:36:56 gtw01 kernel: [ 8639.380085] ll header: 00000000: ff ff ff ff ff ff fa 16 3e 2c 4b 86 08 06        ........>,K...
May 25 17:36:56 gtw01 kernel: [ 8639.380090] IPv4: martian source 192.168.120.1 from 192.168.120.1, on dev qr-d4249583-7e
May 25 17:36:56 gtw01 kernel: [ 8639.380090] ll header: 00000000: ff ff ff ff ff ff fa 16 3e 2c 4b 86 08 06        ........>,K...
May 25 17:36:56 gtw01 kernel: [ 8639.380092] IPv4: martian source 192.168.120.1 from 192.168.120.1, on dev qg-bb2b23b5-72
May 25 17:36:56 gtw01 kernel: [ 8639.380093] ll header: 00000000: ff ff ff ff ff ff fa 16 3e 2c 4b 86 08 06        ........>,K...
May 25 17:36:56 gtw01 kernel: [ 8639.380097] IPv4: martian source 192.168.120.1 from 192.168.120.1, on dev qg-d8150f2b-92
May 25 17:36:56 gtw01 kernel: [ 8639.380097] ll header: 00000000: ff ff ff ff ff ff fa 16 3e 2c 4b 86 08 06        ........>,K...
May 25 17:36:56 gtw01 kernel: [ 8639.461352] device vxlan_sys_4789 left promiscuous mode
May 25 17:36:57 gtw01 dnsmasq[5077]: started, version 2.80 cachesize 150
May 25 17:36:57 gtw01 dnsmasq[5077]: DNS service limited to local subnets
May 25 17:36:57 gtw01 dnsmasq[5077]: compile time options: IPv6 GNU-getopt DBus i18n IDN DHCP DHCPv6 no-Lua TFTP conntrack ipset auth DNSSEC loop-detect inotify dumpfile
May 25 17:36:57 gtw01 dnsmasq[5077]: warning: no upstream servers configured
May 25 17:36:57 gtw01 dnsmasq-dhcp[5077]: DHCP, static leases only on 192.168.120.0, lease time 1h
May 25 17:36:57 gtw01 dnsmasq[5077]: read /var/lib/neutron/dhcp/a36438d4-c9de-4e77-ad53-9027da771c4c/addn_hosts - 1 addresses
May 25 17:36:57 gtw01 dnsmasq-dhcp[5077]: read /var/lib/neutron/dhcp/a36438d4-c9de-4e77-ad53-9027da771c4c/host
May 25 17:36:57 gtw01 dnsmasq-dhcp[5077]: read /var/lib/neutron/dhcp/a36438d4-c9de-4e77-ad53-9027da771c4c/opts
May 25 17:36:57 gtw01 dnsmasq[2682]: read /var/lib/neutron/dhcp/3333ef4e-4551-4763-931b-b9b74ba057a8/addn_hosts - 2 addresses
May 25 17:36:57 gtw01 dnsmasq-dhcp[2682]: read /var/lib/neutron/dhcp/3333ef4e-4551-4763-931b-b9b74ba057a8/host
May 25 17:36:57 gtw01 dnsmasq-dhcp[2682]: read /var/lib/neutron/dhcp/3333ef4e-4551-4763-931b-b9b74ba057a8/opts
May 25 17:36:58 gtw01 kernel: [ 8640.572131] IPv4: martian source 192.168.120.1 from 192.168.120.1, on dev qr-56ed1ac2-0e
May 25 17:36:58 gtw01 kernel: [ 8640.572134] ll header: 00000000: ff ff ff ff ff ff fa 16 3e 6b c4 65 08 06        ........>k.e..
May 25 17:36:58 gtw01 kernel: [ 8640.572137] IPv4: martian source 192.168.120.1 from 192.168.120.1, on dev qr-a96e09ea-19
May 25 17:36:58 gtw01 kernel: [ 8640.572138] ll header: 00000000: ff ff ff ff ff ff fa 16 3e 6b c4 65 08 06        ........>k.e..
May 25 17:36:58 gtw01 haproxy-metadata-proxy-a36438d4-c9de-4e77-ad53-9027da771c4c[5131]: Proxy listener started.
May 25 17:36:58 gtw01 systemd-udevd[5149]: Could not generate persistent MAC address for tapf376b22c-72: No such file or directory
May 25 17:36:58 gtw01 kernel: [ 8640.836632] device tapf376b22c-72 entered promiscuous mode
May 25 17:36:58 gtw01 systemd-udevd[5149]: Process '/sbin/ip link set tapf376b22c-72 txqueuelen 10000' failed with exit code 1.
May 25 17:36:58 gtw01 systemd-udevd[5149]: Process '/sbin/ip link set tapf376b22c-72 txqueuelen 10000' failed with exit code 1.
May 25 17:36:59 gtw01 systemd-udevd[5350]: Could not generate persistent MAC address for tap4293145d-a4: No such file or directory
May 25 17:36:59 gtw01 kernel: [ 8642.055624] device tap4293145d-a4 entered promiscuous mode
May 25 17:36:59 gtw01 kernel: [ 8642.096014] net_ratelimit: 5 callbacks suppressed
May 25 17:36:59 gtw01 kernel: [ 8642.096016] IPv4: martian source 10.16.0.117 from 10.16.0.117, on dev qr-56ed1ac2-0e
May 25 17:36:59 gtw01 kernel: [ 8642.096019] ll header: 00000000: ff ff ff ff ff ff fa 16 3e d6 4d de 08 06        ........>.M...
May 25 17:36:59 gtw01 kernel: [ 8642.096023] IPv4: martian source 10.16.0.117 from 10.16.0.117, on dev qr-a96e09ea-19
May 25 17:36:59 gtw01 kernel: [ 8642.096024] ll header: 00000000: ff ff ff ff ff ff fa 16 3e d6 4d de 08 06        ........>.M...
May 25 17:36:59 gtw01 kernel: [ 8642.096026] IPv4: martian source 10.16.0.117 from 10.16.0.117, on dev qr-d4249583-7e
May 25 17:36:59 gtw01 kernel: [ 8642.096026] ll header: 00000000: ff ff ff ff ff ff fa 16 3e d6 4d de 08 06        ........>.M...
May 25 17:36:59 gtw01 dnsmasq[5077]: read /var/lib/neutron/dhcp/a36438d4-c9de-4e77-ad53-9027da771c4c/addn_hosts - 2 addresses
May 25 17:36:59 gtw01 dnsmasq-dhcp[5077]: read /var/lib/neutron/dhcp/a36438d4-c9de-4e77-ad53-9027da771c4c/host
May 25 17:36:59 gtw01 dnsmasq-dhcp[5077]: read /var/lib/neutron/dhcp/a36438d4-c9de-4e77-ad53-9027da771c4c/opts
May 25 17:37:00 gtw01 systemd-udevd[5453]: Could not generate persistent MAC address for tap53540d9a-dc: No such file or directory
May 25 17:37:00 gtw01 kernel: [ 8642.499798] device tap53540d9a-dc entered promiscuous mode
May 25 17:37:00 gtw01 systemd-udevd[5452]: Process '/sbin/ip link set tap4293145d-a4 txqueuelen 10000' failed with exit code 1.
May 25 17:37:00 gtw01 systemd-udevd[5547]: Process '/sbin/ip link set tap53540d9a-dc txqueuelen 10000' failed with exit code 1.
May 25 17:37:00 gtw01 dnsmasq[5615]: started, version 2.80 cachesize 150
May 25 17:37:00 gtw01 dnsmasq[5615]: DNS service limited to local subnets
May 25 17:37:00 gtw01 dnsmasq[5615]: compile time options: IPv6 GNU-getopt DBus i18n IDN DHCP DHCPv6 no-Lua TFTP conntrack ipset auth DNSSEC loop-detect inotify dumpfile
May 25 17:37:00 gtw01 dnsmasq[5615]: warning: no upstream servers configured
May 25 17:37:00 gtw01 dnsmasq-dhcp[5615]: DHCP, static leases only on 192.168.120.0, lease time 1h
May 25 17:37:00 gtw01 dnsmasq[5615]: read /var/lib/neutron/dhcp/e28da346-1755-4959-a41d-14990c7e80b7/addn_hosts - 1 addresses
May 25 17:37:00 gtw01 dnsmasq-dhcp[5615]: read /var/lib/neutron/dhcp/e28da346-1755-4959-a41d-14990c7e80b7/host
May 25 17:37:00 gtw01 dnsmasq-dhcp[5615]: read /var/lib/neutron/dhcp/e28da346-1755-4959-a41d-14990c7e80b7/opts
May 25 17:37:01 gtw01 haproxy-metadata-proxy-e28da346-1755-4959-a41d-14990c7e80b7[5662]: Proxy listener started.
May 25 17:37:02 gtw01 kernel: [ 8644.668448] IPv4: martian source 10.16.0.114 from 10.16.0.114, on dev qr-56ed1ac2-0e
May 25 17:37:02 gtw01 kernel: [ 8644.668451] ll header: 00000000: ff ff ff ff ff ff fa 16 3e 0a ec 96 08 06        ........>.....
May 25 17:37:02 gtw01 kernel: [ 8644.668453] IPv4: martian source 10.16.0.114 from 10.16.0.114, on dev qr-a96e09ea-19
May 25 17:37:02 gtw01 kernel: [ 8644.668454] ll header: 00000000: ff ff ff ff ff ff fa 16 3e 0a ec 96 08 06        ........>.....
May 25 17:37:02 gtw01 kernel: [ 8644.668457] IPv4: martian source 10.16.0.114 from 10.16.0.114, on dev qr-d4249583-7e
May 25 17:37:02 gtw01 kernel: [ 8644.668458] ll header: 00000000: ff ff ff ff ff ff fa 16 3e 0a ec 96 08 06        ........>.....
May 25 17:37:02 gtw01 dnsmasq[5754]: started, version 2.80 cachesize 150
May 25 17:37:02 gtw01 dnsmasq[5754]: DNS service limited to local subnets
May 25 17:37:02 gtw01 dnsmasq[5754]: compile time options: IPv6 GNU-getopt DBus i18n IDN DHCP DHCPv6 no-Lua TFTP conntrack ipset auth DNSSEC loop-detect inotify dumpfile
May 25 17:37:02 gtw01 dnsmasq[5754]: warning: no upstream servers configured
May 25 17:37:02 gtw01 dnsmasq-dhcp[5754]: DHCP, static leases only on 192.168.120.0, lease time 1h
May 25 17:37:02 gtw01 dnsmasq[5754]: read /var/lib/neutron/dhcp/d6a77d30-4dcf-493c-b18a-440ea96f6465/addn_hosts - 1 addresses
May 25 17:37:02 gtw01 dnsmasq-dhcp[5754]: read /var/lib/neutron/dhcp/d6a77d30-4dcf-493c-b18a-440ea96f6465/host
May 25 17:37:02 gtw01 dnsmasq-dhcp[5754]: read /var/lib/neutron/dhcp/d6a77d30-4dcf-493c-b18a-440ea96f6465/opts
May 25 17:37:02 gtw01 dnsmasq[5077]: read /var/lib/neutron/dhcp/a36438d4-c9de-4e77-ad53-9027da771c4c/addn_hosts - 2 addresses
May 25 17:37:02 gtw01 dnsmasq-dhcp[5077]: read /var/lib/neutron/dhcp/a36438d4-c9de-4e77-ad53-9027da771c4c/host
May 25 17:37:02 gtw01 dnsmasq-dhcp[5077]: read /var/lib/neutron/dhcp/a36438d4-c9de-4e77-ad53-9027da771c4c/opts
May 25 17:37:02 gtw01 haproxy-metadata-proxy-c3301810-32a8-41ef-a09e-2315ca84513d[5804]: Proxy listener started.
May 25 17:37:02 gtw01 haproxy-metadata-proxy-d6a77d30-4dcf-493c-b18a-440ea96f6465[5821]: Proxy listener started.
May 25 17:37:03 gtw01 kernel: [ 8645.492601] device qr-911f5a8d-50 entered promiscuous mode
May 25 17:37:03 gtw01 systemd-udevd[5836]: Could not generate persistent MAC address for qr-911f5a8d-50: No such file or directory
May 25 17:37:03 gtw01 kernel: [ 8645.572316] IPv4: martian source 10.16.0.117 from 10.16.0.117, on dev qr-56ed1ac2-0e
May 25 17:37:03 gtw01 kernel: [ 8645.572319] ll header: 00000000: ff ff ff ff ff ff fa 16 3e d6 4d de 08 06        ........>.M...
May 25 17:37:03 gtw01 kernel: [ 8645.572324] IPv4: martian source 10.16.0.117 from 10.16.0.117, on dev qr-a96e09ea-19
May 25 17:37:03 gtw01 kernel: [ 8645.572325] ll header: 00000000: ff ff ff ff ff ff fa 16 3e d6 4d de 08 06        ........>.M...
May 25 17:37:03 gtw01 kernel: [ 8645.572327] IPv4: martian source 10.16.0.117 from 10.16.0.117, on dev qr-d4249583-7e
May 25 17:37:03 gtw01 kernel: [ 8645.572330] ll header: 00000000: ff ff ff ff ff ff fa 16 3e d6 4d de 08 06        ........>.M...
May 25 17:37:03 gtw01 haproxy-metadata-proxy-0eb4e27f-fd75-468b-a135-54523d2e1298[5925]: Proxy listener started.
May 25 17:37:03 gtw01 dnsmasq[5615]: read /var/lib/neutron/dhcp/e28da346-1755-4959-a41d-14990c7e80b7/addn_hosts - 2 addresses
May 25 17:37:03 gtw01 dnsmasq-dhcp[5615]: read /var/lib/neutron/dhcp/e28da346-1755-4959-a41d-14990c7e80b7/host
May 25 17:37:03 gtw01 dnsmasq-dhcp[5615]: read /var/lib/neutron/dhcp/e28da346-1755-4959-a41d-14990c7e80b7/opts
May 25 17:37:03 gtw01 systemd-udevd[5982]: Could not generate persistent MAC address for tap5aff630f-84: No such file or directory
May 25 17:37:03 gtw01 kernel: [ 8646.236634] device tap5aff630f-84 entered promiscuous mode
May 25 17:37:04 gtw01 systemd-udevd[6089]: Process '/sbin/ip link set tap5aff630f-84 txqueuelen 10000' failed with exit code 1.
May 25 17:37:04 gtw01 dnsmasq[5754]: read /var/lib/neutron/dhcp/d6a77d30-4dcf-493c-b18a-440ea96f6465/addn_hosts - 2 addresses
May 25 17:37:04 gtw01 dnsmasq-dhcp[5754]: read /var/lib/neutron/dhcp/d6a77d30-4dcf-493c-b18a-440ea96f6465/host
May 25 17:37:04 gtw01 dnsmasq-dhcp[5754]: read /var/lib/neutron/dhcp/d6a77d30-4dcf-493c-b18a-440ea96f6465/opts
May 25 17:37:04 gtw01 systemd-udevd[6140]: Could not generate persistent MAC address for tap3dc975d7-be: No such file or directory
May 25 17:37:04 gtw01 kernel: [ 8647.044428] device tap3dc975d7-be entered promiscuous mode
May 25 17:37:05 gtw01 systemd-udevd[6247]: Process '/sbin/ip link set tap3dc975d7-be txqueuelen 10000' failed with exit code 1.
May 25 17:37:05 gtw01 haproxy-metadata-proxy-c2b0743d-cdec-4b63-b527-6f529be00063[6264]: Proxy listener started.
May 25 17:37:05 gtw01 kernel: [ 8647.948311] IPv4: martian source 10.16.0.114 from 10.16.0.114, on dev qr-56ed1ac2-0e
May 25 17:37:05 gtw01 kernel: [ 8647.948314] ll header: 00000000: ff ff ff ff ff ff fa 16 3e 0a ec 96 08 06        ........>.....
May 25 17:37:05 gtw01 kernel: [ 8647.948317] IPv4: martian source 10.16.0.114 from 10.16.0.114, on dev qr-a96e09ea-19
May 25 17:37:05 gtw01 kernel: [ 8647.948318] ll header: 00000000: ff ff ff ff ff ff fa 16 3e 0a ec 96 08 06        ........>.....
May 25 17:37:05 gtw01 kernel: [ 8647.948321] IPv4: martian source 10.16.0.114 from 10.16.0.114, on dev qr-d4249583-7e
May 25 17:37:05 gtw01 kernel: [ 8647.948322] ll header: 00000000: ff ff ff ff ff ff fa 16 3e 0a ec 96 08 06        ........>.....
May 25 17:37:05 gtw01 kernel: [ 8647.948336] IPv4: martian source 10.16.0.114 from 10.16.0.114, on dev qr-911f5a8d-50
May 25 17:37:05 gtw01 kernel: [ 8647.948336] ll header: 00000000: ff ff ff ff ff ff fa 16 3e 0a ec 96 08 06        ........>.....
May 25 17:37:05 gtw01 dnsmasq[5077]: read /var/lib/neutron/dhcp/a36438d4-c9de-4e77-ad53-9027da771c4c/addn_hosts - 2 addresses
May 25 17:37:05 gtw01 dnsmasq-dhcp[5077]: read /var/lib/neutron/dhcp/a36438d4-c9de-4e77-ad53-9027da771c4c/host
May 25 17:37:05 gtw01 dnsmasq-dhcp[5077]: read /var/lib/neutron/dhcp/a36438d4-c9de-4e77-ad53-9027da771c4c/opts
May 25 17:37:05 gtw01 haproxy-metadata-proxy-43ee06c1-8015-4f09-8c0b-558c563646a2[6344]: Proxy listener started.
May 25 17:37:06 gtw01 dnsmasq[5615]: read /var/lib/neutron/dhcp/e28da346-1755-4959-a41d-14990c7e80b7/addn_hosts - 2 addresses
May 25 17:37:06 gtw01 dnsmasq-dhcp[5615]: read /var/lib/neutron/dhcp/e28da346-1755-4959-a41d-14990c7e80b7/host
May 25 17:37:06 gtw01 dnsmasq-dhcp[5615]: read /var/lib/neutron/dhcp/e28da346-1755-4959-a41d-14990c7e80b7/opts
May 25 17:37:06 gtw01 dnsmasq[6384]: started, version 2.80 cachesize 150
May 25 17:37:06 gtw01 dnsmasq[6384]: DNS service limited to local subnets
May 25 17:37:06 gtw01 dnsmasq[6384]: compile time options: IPv6 GNU-getopt DBus i18n IDN DHCP DHCPv6 no-Lua TFTP conntrack ipset auth DNSSEC loop-detect inotify dumpfile
May 25 17:37:06 gtw01 dnsmasq[6384]: warning: no upstream servers configured
May 25 17:37:06 gtw01 dnsmasq-dhcp[6384]: DHCP, static leases only on 192.168.120.0, lease time 1h
May 25 17:37:06 gtw01 dnsmasq[6384]: read /var/lib/neutron/dhcp/c5135f1c-5ed1-41ae-bed0-1b70ab3591a0/addn_hosts - 1 addresses
May 25 17:37:06 gtw01 dnsmasq-dhcp[6384]: read /var/lib/neutron/dhcp/c5135f1c-5ed1-41ae-bed0-1b70ab3591a0/host
May 25 17:37:06 gtw01 dnsmasq-dhcp[6384]: read /var/lib/neutron/dhcp/c5135f1c-5ed1-41ae-bed0-1b70ab3591a0/opts
May 25 17:37:06 gtw01 kernel: [ 8648.940206] IPv4: martian source 10.16.0.117 from 10.16.0.117, on dev qr-56ed1ac2-0e
May 25 17:37:06 gtw01 kernel: [ 8648.940209] ll header: 00000000: ff ff ff ff ff ff fa 16 3e d6 4d de 08 06        ........>.M...
May 25 17:37:06 gtw01 kernel: [ 8648.940213] IPv4: martian source 10.16.0.117 from 10.16.0.117, on dev qr-a96e09ea-19
May 25 17:37:06 gtw01 kernel: [ 8648.940214] ll header: 00000000: ff ff ff ff ff ff fa 16 3e d6 4d de 08 06        ........>.M...
May 25 17:37:06 gtw01 kernel: [ 8648.940216] IPv4: martian source 10.16.0.117 from 10.16.0.117, on dev qr-d4249583-7e
May 25 17:37:06 gtw01 kernel: [ 8648.940217] ll header: 00000000: ff ff ff ff ff ff fa 16 3e d6 4d de 08 06        ........>.M...
May 25 17:37:06 gtw01 kernel: [ 8648.940230] IPv4: martian source 10.16.0.117 from 10.16.0.117, on dev qr-911f5a8d-50
May 25 17:37:06 gtw01 kernel: [ 8648.940230] ll header: 00000000: ff ff ff ff ff ff fa 16 3e d6 4d de 08 06        ........>.M...
May 25 17:37:06 gtw01 kernel: [ 8649.123416] IPv4: martian source 192.168.120.1 from 192.168.120.1, on dev qr-56ed1ac2-0e
May 25 17:37:06 gtw01 kernel: [ 8649.123419] ll header: 00000000: ff ff ff ff ff ff fa 16 3e 1f 63 c7 08 06        ........>.c...
May 25 17:37:06 gtw01 kernel: [ 8649.123422] IPv4: martian source 192.168.120.1 from 192.168.120.1, on dev qr-a96e09ea-19
May 25 17:37:06 gtw01 kernel: [ 8649.123423] ll header: 00000000: ff ff ff ff ff ff fa 16 3e 1f 63 c7 08 06        ........>.c...
May 25 17:37:06 gtw01 haproxy-metadata-proxy-c5135f1c-5ed1-41ae-bed0-1b70ab3591a0[6444]: Proxy listener started.
May 25 17:37:07 gtw01 haproxy-metadata-proxy-5df02774-9184-45cd-a31f-b751ad87c30f[6462]: Proxy listener started.
May 25 17:37:07 gtw01 haproxy-metadata-proxy-2ae04517-cc0f-4fac-8bb4-cc168b7e6dfb[6466]: Proxy listener started.
May 25 17:37:07 gtw01 dnsmasq[6512]: started, version 2.80 cachesize 150
May 25 17:37:07 gtw01 dnsmasq[6512]: DNS service limited to local subnets
May 25 17:37:07 gtw01 dnsmasq[6512]: compile time options: IPv6 GNU-getopt DBus i18n IDN DHCP DHCPv6 no-Lua TFTP conntrack ipset auth DNSSEC loop-detect inotify dumpfile
May 25 17:37:07 gtw01 dnsmasq[6512]: warning: no upstream servers configured
May 25 17:37:07 gtw01 dnsmasq-dhcp[6512]: DHCP, static leases only on 192.168.120.0, lease time 1h
May 25 17:37:07 gtw01 dnsmasq[6512]: read /var/lib/neutron/dhcp/8a503919-c9d7-4a7a-ba20-12dccadba69e/addn_hosts - 1 addresses
May 25 17:37:07 gtw01 dnsmasq-dhcp[6512]: read /var/lib/neutron/dhcp/8a503919-c9d7-4a7a-ba20-12dccadba69e/host
May 25 17:37:07 gtw01 dnsmasq-dhcp[6512]: read /var/lib/neutron/dhcp/8a503919-c9d7-4a7a-ba20-12dccadba69e/opts
May 25 17:37:07 gtw01 dnsmasq[5754]: read /var/lib/neutron/dhcp/d6a77d30-4dcf-493c-b18a-440ea96f6465/addn_hosts - 2 addresses
May 25 17:37:07 gtw01 dnsmasq-dhcp[5754]: read /var/lib/neutron/dhcp/d6a77d30-4dcf-493c-b18a-440ea96f6465/host
May 25 17:37:07 gtw01 dnsmasq-dhcp[5754]: read /var/lib/neutron/dhcp/d6a77d30-4dcf-493c-b18a-440ea96f6465/opts
May 25 17:37:07 gtw01 dnsmasq[5077]: read /var/lib/neutron/dhcp/a36438d4-c9de-4e77-ad53-9027da771c4c/addn_hosts - 2 addresses
May 25 17:37:07 gtw01 dnsmasq-dhcp[5077]: read /var/lib/neutron/dhcp/a36438d4-c9de-4e77-ad53-9027da771c4c/host
May 25 17:37:07 gtw01 dnsmasq-dhcp[5077]: read /var/lib/neutron/dhcp/a36438d4-c9de-4e77-ad53-9027da771c4c/opts
May 25 17:37:07 gtw01 dnsmasq[6525]: started, version 2.80 cachesize 150
May 25 17:37:07 gtw01 dnsmasq[6525]: DNS service limited to local subnets
May 25 17:37:07 gtw01 dnsmasq[6525]: compile time options: IPv6 GNU-getopt DBus i18n IDN DHCP DHCPv6 no-Lua TFTP conntrack ipset auth DNSSEC loop-detect inotify dumpfile
May 25 17:37:07 gtw01 dnsmasq[6525]: warning: no upstream servers configured
May 25 17:37:07 gtw01 dnsmasq-dhcp[6525]: DHCP, static leases only on 192.168.120.0, lease time 1h
May 25 17:37:07 gtw01 dnsmasq[6525]: read /var/lib/neutron/dhcp/3550dfe7-d6fc-46f1-9584-08b06a30a1bc/addn_hosts - 1 addresses
May 25 17:37:07 gtw01 dnsmasq-dhcp[6525]: read /var/lib/neutron/dhcp/3550dfe7-d6fc-46f1-9584-08b06a30a1bc/host
May 25 17:37:07 gtw01 dnsmasq-dhcp[6525]: read /var/lib/neutron/dhcp/3550dfe7-d6fc-46f1-9584-08b06a30a1bc/opts
May 25 17:37:08 gtw01 haproxy-metadata-proxy-8a503919-c9d7-4a7a-ba20-12dccadba69e[6546]: Proxy listener started.
May 25 17:37:08 gtw01 haproxy-metadata-proxy-3550dfe7-d6fc-46f1-9584-08b06a30a1bc[6565]: Proxy listener started.
May 25 17:37:08 gtw01 dnsmasq[5615]: read /var/lib/neutron/dhcp/e28da346-1755-4959-a41d-14990c7e80b7/addn_hosts - 2 addresses
May 25 17:37:08 gtw01 dnsmasq-dhcp[5615]: read /var/lib/neutron/dhcp/e28da346-1755-4959-a41d-14990c7e80b7/host
May 25 17:37:08 gtw01 dnsmasq-dhcp[5615]: read /var/lib/neutron/dhcp/e28da346-1755-4959-a41d-14990c7e80b7/opts
May 25 17:37:08 gtw01 systemd-udevd[6619]: Could not generate persistent MAC address for qr-9f31f458-d3: No such file or directory
May 25 17:37:08 gtw01 kernel: [ 8651.160565] device qr-9f31f458-d3 entered promiscuous mode
May 25 17:37:09 gtw01 dnsmasq[5754]: read /var/lib/neutron/dhcp/d6a77d30-4dcf-493c-b18a-440ea96f6465/addn_hosts - 2 addresses
May 25 17:37:09 gtw01 dnsmasq-dhcp[5754]: read /var/lib/neutron/dhcp/d6a77d30-4dcf-493c-b18a-440ea96f6465/host
May 25 17:37:09 gtw01 dnsmasq-dhcp[5754]: read /var/lib/neutron/dhcp/d6a77d30-4dcf-493c-b18a-440ea96f6465/opts
