May 25 16:01:39 gtw01 dnsmasq-dhcp[17635]: DHCPRELEASE(tap3034e227-3b) 192.168.120.8 fa:16:3e:c9:50:ca
May 25 16:01:40 gtw01 dnsmasq[17635]: read /var/lib/neutron/dhcp/71339358-5a1b-42a4-a7dc-f3921533fe03/addn_hosts - 6 addresses
May 25 16:01:40 gtw01 dnsmasq-dhcp[17635]: read /var/lib/neutron/dhcp/71339358-5a1b-42a4-a7dc-f3921533fe03/host
May 25 16:01:40 gtw01 dnsmasq-dhcp[17635]: read /var/lib/neutron/dhcp/71339358-5a1b-42a4-a7dc-f3921533fe03/opts
May 25 16:01:41 gtw01 dnsmasq[17635]: read /var/lib/neutron/dhcp/71339358-5a1b-42a4-a7dc-f3921533fe03/addn_hosts - 6 addresses
May 25 16:01:41 gtw01 dnsmasq-dhcp[17635]: read /var/lib/neutron/dhcp/71339358-5a1b-42a4-a7dc-f3921533fe03/host
May 25 16:01:41 gtw01 dnsmasq-dhcp[17635]: read /var/lib/neutron/dhcp/71339358-5a1b-42a4-a7dc-f3921533fe03/opts
May 25 16:01:42 gtw01 dnsmasq[17635]: read /var/lib/neutron/dhcp/71339358-5a1b-42a4-a7dc-f3921533fe03/addn_hosts - 6 addresses
May 25 16:01:42 gtw01 dnsmasq-dhcp[17635]: read /var/lib/neutron/dhcp/71339358-5a1b-42a4-a7dc-f3921533fe03/host
May 25 16:01:42 gtw01 dnsmasq-dhcp[17635]: read /var/lib/neutron/dhcp/71339358-5a1b-42a4-a7dc-f3921533fe03/opts
May 25 16:01:43 gtw01 systemd-udevd[17774]: Could not generate persistent MAC address for tapc4ca390e-08: No such file or directory
May 25 16:01:43 gtw01 kernel: [ 2925.751969] device tapc4ca390e-08 entered promiscuous mode
May 25 16:01:43 gtw01 dnsmasq[17635]: read /var/lib/neutron/dhcp/71339358-5a1b-42a4-a7dc-f3921533fe03/addn_hosts - 6 addresses
May 25 16:01:43 gtw01 dnsmasq-dhcp[17635]: read /var/lib/neutron/dhcp/71339358-5a1b-42a4-a7dc-f3921533fe03/host
May 25 16:01:43 gtw01 dnsmasq-dhcp[17635]: read /var/lib/neutron/dhcp/71339358-5a1b-42a4-a7dc-f3921533fe03/opts
May 25 16:01:43 gtw01 systemd-udevd[17774]: Process '/sbin/ip link set tapc4ca390e-08 txqueuelen 10000' failed with exit code 1.
May 25 16:01:43 gtw01 systemd-udevd[17854]: Process '/sbin/ip link set tapc4ca390e-08 txqueuelen 10000' failed with exit code 1.
May 25 16:01:44 gtw01 kernel: [ 2927.349723] device tap3034e227-3b left promiscuous mode
May 25 16:01:46 gtw01 dnsmasq[17963]: started, version 2.80 cachesize 150
May 25 16:01:46 gtw01 dnsmasq[17963]: DNS service limited to local subnets
May 25 16:01:46 gtw01 dnsmasq[17963]: compile time options: IPv6 GNU-getopt DBus i18n IDN DHCP DHCPv6 no-Lua TFTP conntrack ipset auth DNSSEC loop-detect inotify dumpfile
May 25 16:01:46 gtw01 dnsmasq[17963]: warning: no upstream servers configured
May 25 16:01:46 gtw01 dnsmasq-dhcp[17963]: DHCPv6, static leases only on 2003::, lease time 1h
May 25 16:01:46 gtw01 dnsmasq[17963]: read /var/lib/neutron/dhcp/e0858c5d-0dbd-4482-ad7f-699db1fbb4c7/addn_hosts - 1 addresses
May 25 16:01:46 gtw01 dnsmasq-dhcp[17963]: read /var/lib/neutron/dhcp/e0858c5d-0dbd-4482-ad7f-699db1fbb4c7/host
May 25 16:01:46 gtw01 dnsmasq-dhcp[17963]: read /var/lib/neutron/dhcp/e0858c5d-0dbd-4482-ad7f-699db1fbb4c7/opts
May 25 16:01:47 gtw01 dnsmasq[17963]: read /var/lib/neutron/dhcp/e0858c5d-0dbd-4482-ad7f-699db1fbb4c7/addn_hosts - 4 addresses
May 25 16:01:47 gtw01 dnsmasq-dhcp[17963]: read /var/lib/neutron/dhcp/e0858c5d-0dbd-4482-ad7f-699db1fbb4c7/host
May 25 16:01:47 gtw01 dnsmasq-dhcp[17963]: read /var/lib/neutron/dhcp/e0858c5d-0dbd-4482-ad7f-699db1fbb4c7/opts
May 25 16:01:48 gtw01 dnsmasq[17963]: read /var/lib/neutron/dhcp/e0858c5d-0dbd-4482-ad7f-699db1fbb4c7/addn_hosts - 4 addresses
May 25 16:01:48 gtw01 dnsmasq-dhcp[17963]: read /var/lib/neutron/dhcp/e0858c5d-0dbd-4482-ad7f-699db1fbb4c7/host
May 25 16:01:48 gtw01 dnsmasq-dhcp[17963]: read /var/lib/neutron/dhcp/e0858c5d-0dbd-4482-ad7f-699db1fbb4c7/opts
May 25 16:01:49 gtw01 dnsmasq[17963]: read /var/lib/neutron/dhcp/e0858c5d-0dbd-4482-ad7f-699db1fbb4c7/addn_hosts - 4 addresses
May 25 16:01:49 gtw01 dnsmasq-dhcp[17963]: read /var/lib/neutron/dhcp/e0858c5d-0dbd-4482-ad7f-699db1fbb4c7/host
May 25 16:01:49 gtw01 dnsmasq-dhcp[17963]: read /var/lib/neutron/dhcp/e0858c5d-0dbd-4482-ad7f-699db1fbb4c7/opts
May 25 16:01:50 gtw01 dnsmasq[17963]: read /var/lib/neutron/dhcp/e0858c5d-0dbd-4482-ad7f-699db1fbb4c7/addn_hosts - 4 addresses
May 25 16:01:50 gtw01 dnsmasq-dhcp[17963]: read /var/lib/neutron/dhcp/e0858c5d-0dbd-4482-ad7f-699db1fbb4c7/host
May 25 16:01:50 gtw01 dnsmasq-dhcp[17963]: read /var/lib/neutron/dhcp/e0858c5d-0dbd-4482-ad7f-699db1fbb4c7/opts
May 25 16:01:51 gtw01 dnsmasq[17963]: read /var/lib/neutron/dhcp/e0858c5d-0dbd-4482-ad7f-699db1fbb4c7/addn_hosts - 4 addresses
May 25 16:01:51 gtw01 dnsmasq-dhcp[17963]: read /var/lib/neutron/dhcp/e0858c5d-0dbd-4482-ad7f-699db1fbb4c7/host
May 25 16:01:51 gtw01 dnsmasq-dhcp[17963]: read /var/lib/neutron/dhcp/e0858c5d-0dbd-4482-ad7f-699db1fbb4c7/opts
May 25 16:01:51 gtw01 dnsmasq[17963]: read /var/lib/neutron/dhcp/e0858c5d-0dbd-4482-ad7f-699db1fbb4c7/addn_hosts - 5 addresses
May 25 16:01:51 gtw01 dnsmasq-dhcp[17963]: read /var/lib/neutron/dhcp/e0858c5d-0dbd-4482-ad7f-699db1fbb4c7/host
May 25 16:01:51 gtw01 dnsmasq-dhcp[17963]: read /var/lib/neutron/dhcp/e0858c5d-0dbd-4482-ad7f-699db1fbb4c7/opts
May 25 16:01:52 gtw01 dnsmasq[17963]: read /var/lib/neutron/dhcp/e0858c5d-0dbd-4482-ad7f-699db1fbb4c7/addn_hosts - 6 addresses
May 25 16:01:52 gtw01 dnsmasq-dhcp[17963]: read /var/lib/neutron/dhcp/e0858c5d-0dbd-4482-ad7f-699db1fbb4c7/host
May 25 16:01:52 gtw01 dnsmasq-dhcp[17963]: read /var/lib/neutron/dhcp/e0858c5d-0dbd-4482-ad7f-699db1fbb4c7/opts
May 25 16:01:53 gtw01 dnsmasq[17963]: read /var/lib/neutron/dhcp/e0858c5d-0dbd-4482-ad7f-699db1fbb4c7/addn_hosts - 7 addresses
May 25 16:01:53 gtw01 dnsmasq-dhcp[17963]: read /var/lib/neutron/dhcp/e0858c5d-0dbd-4482-ad7f-699db1fbb4c7/host
May 25 16:01:53 gtw01 dnsmasq-dhcp[17963]: read /var/lib/neutron/dhcp/e0858c5d-0dbd-4482-ad7f-699db1fbb4c7/opts
May 25 16:01:54 gtw01 dnsmasq[17963]: read /var/lib/neutron/dhcp/e0858c5d-0dbd-4482-ad7f-699db1fbb4c7/addn_hosts - 7 addresses
May 25 16:01:54 gtw01 dnsmasq-dhcp[17963]: read /var/lib/neutron/dhcp/e0858c5d-0dbd-4482-ad7f-699db1fbb4c7/host
May 25 16:01:54 gtw01 dnsmasq-dhcp[17963]: read /var/lib/neutron/dhcp/e0858c5d-0dbd-4482-ad7f-699db1fbb4c7/opts
May 25 16:01:55 gtw01 dnsmasq[17963]: read /var/lib/neutron/dhcp/e0858c5d-0dbd-4482-ad7f-699db1fbb4c7/addn_hosts - 7 addresses
May 25 16:01:55 gtw01 dnsmasq-dhcp[17963]: read /var/lib/neutron/dhcp/e0858c5d-0dbd-4482-ad7f-699db1fbb4c7/host
May 25 16:01:55 gtw01 dnsmasq-dhcp[17963]: read /var/lib/neutron/dhcp/e0858c5d-0dbd-4482-ad7f-699db1fbb4c7/opts
May 25 16:01:56 gtw01 dnsmasq[17963]: read /var/lib/neutron/dhcp/e0858c5d-0dbd-4482-ad7f-699db1fbb4c7/addn_hosts - 7 addresses
May 25 16:01:56 gtw01 dnsmasq-dhcp[17963]: read /var/lib/neutron/dhcp/e0858c5d-0dbd-4482-ad7f-699db1fbb4c7/host
May 25 16:01:56 gtw01 dnsmasq-dhcp[17963]: read /var/lib/neutron/dhcp/e0858c5d-0dbd-4482-ad7f-699db1fbb4c7/opts
May 25 16:01:57 gtw01 kernel: [ 2939.588939] device tapc4ca390e-08 left promiscuous mode
May 25 16:02:03 gtw01 systemd-udevd[18263]: Could not generate persistent MAC address for qg-7a4f31ab-6a: No such file or directory
May 25 16:02:03 gtw01 kernel: [ 2946.206772] device qg-7a4f31ab-6a entered promiscuous mode
May 25 16:02:05 gtw01 kernel: [ 2947.654220] device tapa9624e1b-c4 entered promiscuous mode
May 25 16:02:05 gtw01 systemd-udevd[18388]: Could not generate persistent MAC address for tapa9624e1b-c4: No such file or directory
May 25 16:02:05 gtw01 systemd-udevd[18388]: Process '/sbin/ip link set tapa9624e1b-c4 txqueuelen 10000' failed with exit code 1.
May 25 16:02:05 gtw01 systemd-udevd[18388]: Process '/sbin/ip link set tapa9624e1b-c4 txqueuelen 10000' failed with exit code 1.
May 25 16:02:08 gtw01 dnsmasq[18658]: started, version 2.80 cachesize 150
May 25 16:02:08 gtw01 dnsmasq[18658]: DNS service limited to local subnets
May 25 16:02:08 gtw01 dnsmasq[18658]: compile time options: IPv6 GNU-getopt DBus i18n IDN DHCP DHCPv6 no-Lua TFTP conntrack ipset auth DNSSEC loop-detect inotify dumpfile
May 25 16:02:08 gtw01 dnsmasq[18658]: warning: no upstream servers configured
May 25 16:02:08 gtw01 dnsmasq-dhcp[18658]: DHCP, static leases only on 192.168.120.0, lease time 1h
May 25 16:02:08 gtw01 dnsmasq[18658]: read /var/lib/neutron/dhcp/dffb9cad-9955-4b4d-be8b-9d8e66c72868/addn_hosts - 1 addresses
May 25 16:02:08 gtw01 dnsmasq-dhcp[18658]: read /var/lib/neutron/dhcp/dffb9cad-9955-4b4d-be8b-9d8e66c72868/host
May 25 16:02:08 gtw01 dnsmasq-dhcp[18658]: read /var/lib/neutron/dhcp/dffb9cad-9955-4b4d-be8b-9d8e66c72868/opts
May 25 16:02:08 gtw01 haproxy-metadata-proxy-dffb9cad-9955-4b4d-be8b-9d8e66c72868[18670]: Proxy listener started.
May 25 16:02:09 gtw01 systemd-udevd[18698]: Could not generate persistent MAC address for tap65490099-3e: No such file or directory
May 25 16:02:09 gtw01 kernel: [ 2951.447924] device tap65490099-3e entered promiscuous mode
May 25 16:02:09 gtw01 systemd-udevd[18698]: Process '/sbin/ip link set tap65490099-3e txqueuelen 10000' failed with exit code 1.
May 25 16:02:09 gtw01 systemd-udevd[18786]: Process '/sbin/ip link set tap65490099-3e txqueuelen 10000' failed with exit code 1.
May 25 16:02:09 gtw01 dnsmasq[18658]: read /var/lib/neutron/dhcp/dffb9cad-9955-4b4d-be8b-9d8e66c72868/addn_hosts - 2 addresses
May 25 16:02:09 gtw01 dnsmasq-dhcp[18658]: read /var/lib/neutron/dhcp/dffb9cad-9955-4b4d-be8b-9d8e66c72868/host
May 25 16:02:09 gtw01 dnsmasq-dhcp[18658]: read /var/lib/neutron/dhcp/dffb9cad-9955-4b4d-be8b-9d8e66c72868/opts
May 25 16:02:10 gtw01 haproxy-metadata-proxy-76bd85df-bed8-49c3-9caa-15019d0e5030[18873]: Proxy listener started.
May 25 16:02:10 gtw01 haproxy-metadata-proxy-d9c0e57f-7dbf-4972-ae8e-2adccdcebe78[18885]: Proxy listener started.
May 25 16:02:10 gtw01 dnsmasq[18658]: read /var/lib/neutron/dhcp/dffb9cad-9955-4b4d-be8b-9d8e66c72868/addn_hosts - 2 addresses
May 25 16:02:10 gtw01 dnsmasq-dhcp[18658]: read /var/lib/neutron/dhcp/dffb9cad-9955-4b4d-be8b-9d8e66c72868/host
May 25 16:02:10 gtw01 dnsmasq-dhcp[18658]: read /var/lib/neutron/dhcp/dffb9cad-9955-4b4d-be8b-9d8e66c72868/opts
May 25 16:02:11 gtw01 kernel: [ 2953.768341] device qg-7a4f31ab-6a left promiscuous mode
May 25 16:02:11 gtw01 dnsmasq[18658]: read /var/lib/neutron/dhcp/dffb9cad-9955-4b4d-be8b-9d8e66c72868/addn_hosts - 2 addresses
May 25 16:02:11 gtw01 dnsmasq-dhcp[18658]: read /var/lib/neutron/dhcp/dffb9cad-9955-4b4d-be8b-9d8e66c72868/host
May 25 16:02:11 gtw01 dnsmasq-dhcp[18658]: read /var/lib/neutron/dhcp/dffb9cad-9955-4b4d-be8b-9d8e66c72868/opts
May 25 16:02:12 gtw01 dnsmasq[18658]: read /var/lib/neutron/dhcp/dffb9cad-9955-4b4d-be8b-9d8e66c72868/addn_hosts - 2 addresses
May 25 16:02:12 gtw01 dnsmasq-dhcp[18658]: read /var/lib/neutron/dhcp/dffb9cad-9955-4b4d-be8b-9d8e66c72868/host
May 25 16:02:12 gtw01 dnsmasq-dhcp[18658]: read /var/lib/neutron/dhcp/dffb9cad-9955-4b4d-be8b-9d8e66c72868/opts
May 25 16:02:12 gtw01 systemd-udevd[19055]: Could not generate persistent MAC address for tap0483aa5d-88: No such file or directory
May 25 16:02:12 gtw01 kernel: [ 2955.191336] device tap0483aa5d-88 entered promiscuous mode
May 25 16:02:12 gtw01 dnsmasq[19073]: started, version 2.80 cachesize 150
May 25 16:02:12 gtw01 dnsmasq[19073]: DNS service limited to local subnets
May 25 16:02:12 gtw01 dnsmasq[19073]: compile time options: IPv6 GNU-getopt DBus i18n IDN DHCP DHCPv6 no-Lua TFTP conntrack ipset auth DNSSEC loop-detect inotify dumpfile
May 25 16:02:12 gtw01 dnsmasq[19073]: warning: no upstream servers configured
May 25 16:02:12 gtw01 dnsmasq-dhcp[19073]: DHCP, static leases only on 192.168.120.16, lease time 1h
May 25 16:02:12 gtw01 dnsmasq[19073]: read /var/lib/neutron/dhcp/cf9d37d9-440e-4b63-9f71-f88506515830/addn_hosts - 1 addresses
May 25 16:02:12 gtw01 dnsmasq-dhcp[19073]: read /var/lib/neutron/dhcp/cf9d37d9-440e-4b63-9f71-f88506515830/host
May 25 16:02:12 gtw01 dnsmasq-dhcp[19073]: read /var/lib/neutron/dhcp/cf9d37d9-440e-4b63-9f71-f88506515830/opts
May 25 16:02:12 gtw01 systemd-udevd[19055]: Process '/sbin/ip link set tap0483aa5d-88 txqueuelen 10000' failed with exit code 1.
May 25 16:02:13 gtw01 systemd-udevd[19140]: Process '/sbin/ip link set tap0483aa5d-88 txqueuelen 10000' failed with exit code 1.
May 25 16:02:13 gtw01 haproxy-metadata-proxy-cf9d37d9-440e-4b63-9f71-f88506515830[19153]: Proxy listener started.
May 25 16:02:14 gtw01 dnsmasq[19073]: read /var/lib/neutron/dhcp/cf9d37d9-440e-4b63-9f71-f88506515830/addn_hosts - 2 addresses
May 25 16:02:14 gtw01 dnsmasq-dhcp[19073]: read /var/lib/neutron/dhcp/cf9d37d9-440e-4b63-9f71-f88506515830/host
May 25 16:02:14 gtw01 dnsmasq-dhcp[19073]: read /var/lib/neutron/dhcp/cf9d37d9-440e-4b63-9f71-f88506515830/opts
May 25 16:02:15 gtw01 dnsmasq[19073]: read /var/lib/neutron/dhcp/cf9d37d9-440e-4b63-9f71-f88506515830/addn_hosts - 2 addresses
May 25 16:02:15 gtw01 dnsmasq-dhcp[19073]: read /var/lib/neutron/dhcp/cf9d37d9-440e-4b63-9f71-f88506515830/host
May 25 16:02:15 gtw01 dnsmasq-dhcp[19073]: read /var/lib/neutron/dhcp/cf9d37d9-440e-4b63-9f71-f88506515830/opts
May 25 16:02:15 gtw01 kernel: [ 2958.324963] device qg-7a0aa9ab-16 entered promiscuous mode
May 25 16:02:15 gtw01 systemd-udevd[19289]: Could not generate persistent MAC address for qg-7a0aa9ab-16: No such file or directory
May 25 16:02:16 gtw01 dnsmasq[19371]: started, version 2.80 cachesize 150
May 25 16:02:16 gtw01 dnsmasq[19371]: DNS service limited to local subnets
May 25 16:02:16 gtw01 dnsmasq[19371]: compile time options: IPv6 GNU-getopt DBus i18n IDN DHCP DHCPv6 no-Lua TFTP conntrack ipset auth DNSSEC loop-detect inotify dumpfile
May 25 16:02:16 gtw01 dnsmasq[19371]: warning: no upstream servers configured
May 25 16:02:16 gtw01 dnsmasq-dhcp[19371]: DHCP, static leases only on 192.168.120.0, lease time 1h
May 25 16:02:16 gtw01 dnsmasq[19371]: read /var/lib/neutron/dhcp/86d7ad2f-ee37-41bd-8786-a9436a1a462d/addn_hosts - 1 addresses
May 25 16:02:16 gtw01 dnsmasq-dhcp[19371]: read /var/lib/neutron/dhcp/86d7ad2f-ee37-41bd-8786-a9436a1a462d/host
May 25 16:02:16 gtw01 dnsmasq-dhcp[19371]: read /var/lib/neutron/dhcp/86d7ad2f-ee37-41bd-8786-a9436a1a462d/opts
May 25 16:02:16 gtw01 haproxy-metadata-proxy-86d7ad2f-ee37-41bd-8786-a9436a1a462d[19385]: Proxy listener started.
May 25 16:02:16 gtw01 dnsmasq[19073]: read /var/lib/neutron/dhcp/cf9d37d9-440e-4b63-9f71-f88506515830/addn_hosts - 2 addresses
May 25 16:02:16 gtw01 dnsmasq-dhcp[19073]: read /var/lib/neutron/dhcp/cf9d37d9-440e-4b63-9f71-f88506515830/host
May 25 16:02:16 gtw01 dnsmasq-dhcp[19073]: read /var/lib/neutron/dhcp/cf9d37d9-440e-4b63-9f71-f88506515830/opts
May 25 16:02:17 gtw01 dnsmasq[19371]: read /var/lib/neutron/dhcp/86d7ad2f-ee37-41bd-8786-a9436a1a462d/addn_hosts - 3 addresses
May 25 16:02:17 gtw01 dnsmasq-dhcp[19371]: read /var/lib/neutron/dhcp/86d7ad2f-ee37-41bd-8786-a9436a1a462d/host
May 25 16:02:17 gtw01 dnsmasq-dhcp[19371]: read /var/lib/neutron/dhcp/86d7ad2f-ee37-41bd-8786-a9436a1a462d/opts
May 25 16:02:17 gtw01 dnsmasq[19073]: read /var/lib/neutron/dhcp/cf9d37d9-440e-4b63-9f71-f88506515830/addn_hosts - 2 addresses
May 25 16:02:17 gtw01 dnsmasq-dhcp[19073]: read /var/lib/neutron/dhcp/cf9d37d9-440e-4b63-9f71-f88506515830/host
May 25 16:02:17 gtw01 dnsmasq-dhcp[19073]: read /var/lib/neutron/dhcp/cf9d37d9-440e-4b63-9f71-f88506515830/opts
May 25 16:02:18 gtw01 dnsmasq[19371]: read /var/lib/neutron/dhcp/86d7ad2f-ee37-41bd-8786-a9436a1a462d/addn_hosts - 3 addresses
May 25 16:02:18 gtw01 dnsmasq-dhcp[19371]: read /var/lib/neutron/dhcp/86d7ad2f-ee37-41bd-8786-a9436a1a462d/host
May 25 16:02:18 gtw01 dnsmasq-dhcp[19371]: read /var/lib/neutron/dhcp/86d7ad2f-ee37-41bd-8786-a9436a1a462d/opts
May 25 16:02:18 gtw01 systemd-udevd[19560]: Could not generate persistent MAC address for tap2aaa9033-26: No such file or directory
May 25 16:02:18 gtw01 kernel: [ 2961.061217] device tap2aaa9033-26 entered promiscuous mode
May 25 16:02:18 gtw01 systemd-udevd[19560]: Process '/sbin/ip link set tap2aaa9033-26 txqueuelen 10000' failed with exit code 1.
May 25 16:02:19 gtw01 kernel: [ 2961.448045] device tapd6a93544-ef entered promiscuous mode
May 25 16:02:19 gtw01 systemd-udevd[19671]: Could not generate persistent MAC address for tapd6a93544-ef: No such file or directory
May 25 16:02:19 gtw01 systemd-udevd[19671]: Process '/sbin/ip link set tapd6a93544-ef txqueuelen 10000' failed with exit code 1.
May 25 16:02:19 gtw01 systemd-udevd[19671]: Process '/sbin/ip link set tapd6a93544-ef txqueuelen 10000' failed with exit code 1.
May 25 16:02:19 gtw01 dnsmasq[19371]: read /var/lib/neutron/dhcp/86d7ad2f-ee37-41bd-8786-a9436a1a462d/addn_hosts - 3 addresses
May 25 16:02:19 gtw01 dnsmasq-dhcp[19371]: read /var/lib/neutron/dhcp/86d7ad2f-ee37-41bd-8786-a9436a1a462d/host
May 25 16:02:19 gtw01 dnsmasq-dhcp[19371]: read /var/lib/neutron/dhcp/86d7ad2f-ee37-41bd-8786-a9436a1a462d/opts
May 25 16:02:20 gtw01 kernel: [ 2963.008072] device tapf1c43ddd-e6 entered promiscuous mode
May 25 16:02:20 gtw01 systemd-udevd[19872]: Could not generate persistent MAC address for tapf1c43ddd-e6: No such file or directory
May 25 16:02:20 gtw01 systemd-udevd[19872]: Process '/sbin/ip link set tapf1c43ddd-e6 txqueuelen 10000' failed with exit code 1.
May 25 16:02:20 gtw01 systemd-udevd[19956]: Process '/sbin/ip link set tapf1c43ddd-e6 txqueuelen 10000' failed with exit code 1.
May 25 16:02:21 gtw01 dnsmasq[19371]: read /var/lib/neutron/dhcp/86d7ad2f-ee37-41bd-8786-a9436a1a462d/addn_hosts - 3 addresses
May 25 16:02:21 gtw01 dnsmasq-dhcp[19371]: read /var/lib/neutron/dhcp/86d7ad2f-ee37-41bd-8786-a9436a1a462d/host
May 25 16:02:21 gtw01 dnsmasq-dhcp[19371]: read /var/lib/neutron/dhcp/86d7ad2f-ee37-41bd-8786-a9436a1a462d/opts
May 25 16:02:22 gtw01 haproxy-metadata-proxy-8944ac98-9665-4b67-a36f-40b8025265f8[20121]: Proxy listener started.
May 25 16:02:22 gtw01 dnsmasq[19371]: read /var/lib/neutron/dhcp/86d7ad2f-ee37-41bd-8786-a9436a1a462d/addn_hosts - 3 addresses
May 25 16:02:22 gtw01 dnsmasq-dhcp[19371]: read /var/lib/neutron/dhcp/86d7ad2f-ee37-41bd-8786-a9436a1a462d/host
May 25 16:02:22 gtw01 dnsmasq-dhcp[19371]: read /var/lib/neutron/dhcp/86d7ad2f-ee37-41bd-8786-a9436a1a462d/opts
May 25 16:02:22 gtw01 haproxy-metadata-proxy-492fd949-4895-4f09-a087-f7c85f4ecde8[20151]: Proxy listener started.
May 25 16:02:23 gtw01 systemd-udevd[20182]: Could not generate persistent MAC address for tapb856495d-f4: No such file or directory
May 25 16:02:23 gtw01 kernel: [ 2965.572186] device tapb856495d-f4 entered promiscuous mode
May 25 16:02:23 gtw01 systemd-udevd[20260]: Process '/sbin/ip link set tapb856495d-f4 txqueuelen 10000' failed with exit code 1.
May 25 16:02:23 gtw01 dnsmasq[20302]: started, version 2.80 cachesize 150
May 25 16:02:23 gtw01 dnsmasq[20302]: DNS service limited to local subnets
May 25 16:02:23 gtw01 dnsmasq[20302]: compile time options: IPv6 GNU-getopt DBus i18n IDN DHCP DHCPv6 no-Lua TFTP conntrack ipset auth DNSSEC loop-detect inotify dumpfile
May 25 16:02:23 gtw01 dnsmasq[20302]: warning: no upstream servers configured
May 25 16:02:23 gtw01 dnsmasq-dhcp[20302]: DHCP, static leases only on 192.168.120.32, lease time 1h
May 25 16:02:23 gtw01 dnsmasq[20302]: read /var/lib/neutron/dhcp/cbd85bc3-e93f-433f-8207-f969e57e19d7/addn_hosts - 1 addresses
May 25 16:02:23 gtw01 dnsmasq-dhcp[20302]: read /var/lib/neutron/dhcp/cbd85bc3-e93f-433f-8207-f969e57e19d7/host
May 25 16:02:23 gtw01 dnsmasq-dhcp[20302]: read /var/lib/neutron/dhcp/cbd85bc3-e93f-433f-8207-f969e57e19d7/opts
May 25 16:02:23 gtw01 dnsmasq[20316]: started, version 2.80 cachesize 150
May 25 16:02:23 gtw01 dnsmasq[20316]: DNS service limited to local subnets
May 25 16:02:23 gtw01 dnsmasq[20316]: compile time options: IPv6 GNU-getopt DBus i18n IDN DHCP DHCPv6 no-Lua TFTP conntrack ipset auth DNSSEC loop-detect inotify dumpfile
May 25 16:02:23 gtw01 dnsmasq[20316]: warning: no upstream servers configured
May 25 16:02:23 gtw01 dnsmasq-dhcp[20316]: DHCP, static leases only on 192.168.120.0, lease time 1h
May 25 16:02:23 gtw01 dnsmasq[20316]: read /var/lib/neutron/dhcp/8ec2c647-6523-4995-ac0b-4da742c70cd5/addn_hosts - 1 addresses
May 25 16:02:23 gtw01 dnsmasq-dhcp[20316]: read /var/lib/neutron/dhcp/8ec2c647-6523-4995-ac0b-4da742c70cd5/host
May 25 16:02:23 gtw01 dnsmasq-dhcp[20316]: read /var/lib/neutron/dhcp/8ec2c647-6523-4995-ac0b-4da742c70cd5/opts
May 25 16:02:24 gtw01 haproxy-metadata-proxy-cbd85bc3-e93f-433f-8207-f969e57e19d7[20344]: Proxy listener started.
May 25 16:02:24 gtw01 kernel: [ 2966.676806] device qg-7a0aa9ab-16 left promiscuous mode
May 25 16:02:24 gtw01 haproxy-metadata-proxy-8ec2c647-6523-4995-ac0b-4da742c70cd5[20360]: Proxy listener started.
May 25 16:02:24 gtw01 dnsmasq[19371]: read /var/lib/neutron/dhcp/86d7ad2f-ee37-41bd-8786-a9436a1a462d/addn_hosts - 3 addresses
May 25 16:02:24 gtw01 dnsmasq-dhcp[19371]: read /var/lib/neutron/dhcp/86d7ad2f-ee37-41bd-8786-a9436a1a462d/host
May 25 16:02:24 gtw01 dnsmasq-dhcp[19371]: read /var/lib/neutron/dhcp/86d7ad2f-ee37-41bd-8786-a9436a1a462d/opts
May 25 16:02:25 gtw01 systemd-udevd[20434]: Could not generate persistent MAC address for tape671592c-cf: No such file or directory
May 25 16:02:25 gtw01 kernel: [ 2967.648120] device tape671592c-cf entered promiscuous mode
May 25 16:02:25 gtw01 kernel: [ 2967.658621] device tapd6a93544-ef left promiscuous mode
May 25 16:02:25 gtw01 systemd-udevd[20434]: Process '/sbin/ip link set tape671592c-cf txqueuelen 10000' failed with exit code 1.
May 25 16:02:25 gtw01 systemd-udevd[20434]: Process '/sbin/ip link set tape671592c-cf txqueuelen 10000' failed with exit code 1.
May 25 16:02:25 gtw01 dnsmasq[20302]: read /var/lib/neutron/dhcp/cbd85bc3-e93f-433f-8207-f969e57e19d7/addn_hosts - 2 addresses
May 25 16:02:25 gtw01 dnsmasq-dhcp[20302]: read /var/lib/neutron/dhcp/cbd85bc3-e93f-433f-8207-f969e57e19d7/host
May 25 16:02:25 gtw01 dnsmasq-dhcp[20302]: read /var/lib/neutron/dhcp/cbd85bc3-e93f-433f-8207-f969e57e19d7/opts
May 25 16:02:25 gtw01 dnsmasq[19371]: read /var/lib/neutron/dhcp/86d7ad2f-ee37-41bd-8786-a9436a1a462d/addn_hosts - 3 addresses
May 25 16:02:25 gtw01 dnsmasq-dhcp[19371]: read /var/lib/neutron/dhcp/86d7ad2f-ee37-41bd-8786-a9436a1a462d/host
May 25 16:02:25 gtw01 dnsmasq-dhcp[19371]: read /var/lib/neutron/dhcp/86d7ad2f-ee37-41bd-8786-a9436a1a462d/opts
May 25 16:02:25 gtw01 dnsmasq[20569]: started, version 2.80 cachesize 150
May 25 16:02:25 gtw01 dnsmasq[20569]: DNS service limited to local subnets
May 25 16:02:25 gtw01 dnsmasq[20569]: compile time options: IPv6 GNU-getopt DBus i18n IDN DHCP DHCPv6 no-Lua TFTP conntrack ipset auth DNSSEC loop-detect inotify dumpfile
May 25 16:02:25 gtw01 dnsmasq[20569]: warning: no upstream servers configured
May 25 16:02:25 gtw01 dnsmasq-dhcp[20569]: DHCP, static leases only on 192.168.120.48, lease time 1h
May 25 16:02:25 gtw01 dnsmasq[20569]: read /var/lib/neutron/dhcp/3d4d0850-3116-4be5-8c11-d7c60b76c7c8/addn_hosts - 1 addresses
May 25 16:02:25 gtw01 dnsmasq-dhcp[20569]: read /var/lib/neutron/dhcp/3d4d0850-3116-4be5-8c11-d7c60b76c7c8/host
May 25 16:02:25 gtw01 dnsmasq-dhcp[20569]: read /var/lib/neutron/dhcp/3d4d0850-3116-4be5-8c11-d7c60b76c7c8/opts
May 25 16:02:26 gtw01 haproxy-metadata-proxy-3d4d0850-3116-4be5-8c11-d7c60b76c7c8[20598]: Proxy listener started.
May 25 16:02:26 gtw01 dnsmasq[20302]: read /var/lib/neutron/dhcp/cbd85bc3-e93f-433f-8207-f969e57e19d7/addn_hosts - 2 addresses
May 25 16:02:26 gtw01 dnsmasq-dhcp[20302]: read /var/lib/neutron/dhcp/cbd85bc3-e93f-433f-8207-f969e57e19d7/host
May 25 16:02:26 gtw01 dnsmasq-dhcp[20302]: read /var/lib/neutron/dhcp/cbd85bc3-e93f-433f-8207-f969e57e19d7/opts
May 25 16:02:26 gtw01 systemd-udevd[20663]: Could not generate persistent MAC address for tapef18f106-68: No such file or directory
May 25 16:02:26 gtw01 kernel: [ 2969.304250] device tapef18f106-68 entered promiscuous mode
May 25 16:02:27 gtw01 systemd-udevd[20663]: Process '/sbin/ip link set tapef18f106-68 txqueuelen 10000' failed with exit code 1.
May 25 16:02:27 gtw01 systemd-udevd[20663]: Process '/sbin/ip link set tapef18f106-68 txqueuelen 10000' failed with exit code 1.
May 25 16:02:27 gtw01 dnsmasq[19371]: read /var/lib/neutron/dhcp/86d7ad2f-ee37-41bd-8786-a9436a1a462d/addn_hosts - 3 addresses
May 25 16:02:27 gtw01 dnsmasq-dhcp[19371]: read /var/lib/neutron/dhcp/86d7ad2f-ee37-41bd-8786-a9436a1a462d/host
May 25 16:02:27 gtw01 dnsmasq-dhcp[19371]: read /var/lib/neutron/dhcp/86d7ad2f-ee37-41bd-8786-a9436a1a462d/opts
May 25 16:02:27 gtw01 dnsmasq[20569]: read /var/lib/neutron/dhcp/3d4d0850-3116-4be5-8c11-d7c60b76c7c8/addn_hosts - 2 addresses
May 25 16:02:27 gtw01 dnsmasq-dhcp[20569]: read /var/lib/neutron/dhcp/3d4d0850-3116-4be5-8c11-d7c60b76c7c8/host
May 25 16:02:27 gtw01 dnsmasq-dhcp[20569]: read /var/lib/neutron/dhcp/3d4d0850-3116-4be5-8c11-d7c60b76c7c8/opts
May 25 16:02:28 gtw01 dnsmasq[20302]: read /var/lib/neutron/dhcp/cbd85bc3-e93f-433f-8207-f969e57e19d7/addn_hosts - 2 addresses
May 25 16:02:28 gtw01 dnsmasq-dhcp[20302]: read /var/lib/neutron/dhcp/cbd85bc3-e93f-433f-8207-f969e57e19d7/host
May 25 16:02:28 gtw01 dnsmasq-dhcp[20302]: read /var/lib/neutron/dhcp/cbd85bc3-e93f-433f-8207-f969e57e19d7/opts
May 25 16:02:28 gtw01 dnsmasq[20865]: started, version 2.80 cachesize 150
May 25 16:02:28 gtw01 dnsmasq[20865]: DNS service limited to local subnets
May 25 16:02:28 gtw01 dnsmasq[20865]: compile time options: IPv6 GNU-getopt DBus i18n IDN DHCP DHCPv6 no-Lua TFTP conntrack ipset auth DNSSEC loop-detect inotify dumpfile
May 25 16:02:28 gtw01 dnsmasq[20865]: warning: no upstream servers configured
May 25 16:02:28 gtw01 dnsmasq-dhcp[20865]: DHCP, static leases only on 192.168.120.64, lease time 1h
May 25 16:02:28 gtw01 dnsmasq[20865]: read /var/lib/neutron/dhcp/d6f6d5bd-7c22-439d-8bea-ac4a79d29d77/addn_hosts - 1 addresses
May 25 16:02:28 gtw01 dnsmasq-dhcp[20865]: read /var/lib/neutron/dhcp/d6f6d5bd-7c22-439d-8bea-ac4a79d29d77/host
May 25 16:02:28 gtw01 dnsmasq-dhcp[20865]: read /var/lib/neutron/dhcp/d6f6d5bd-7c22-439d-8bea-ac4a79d29d77/opts
May 25 16:02:28 gtw01 dnsmasq[19371]: read /var/lib/neutron/dhcp/86d7ad2f-ee37-41bd-8786-a9436a1a462d/addn_hosts - 3 addresses
May 25 16:02:28 gtw01 dnsmasq-dhcp[19371]: read /var/lib/neutron/dhcp/86d7ad2f-ee37-41bd-8786-a9436a1a462d/host
May 25 16:02:28 gtw01 dnsmasq-dhcp[19371]: read /var/lib/neutron/dhcp/86d7ad2f-ee37-41bd-8786-a9436a1a462d/opts
May 25 16:02:28 gtw01 dnsmasq[20569]: read /var/lib/neutron/dhcp/3d4d0850-3116-4be5-8c11-d7c60b76c7c8/addn_hosts - 2 addresses
May 25 16:02:28 gtw01 dnsmasq-dhcp[20569]: read /var/lib/neutron/dhcp/3d4d0850-3116-4be5-8c11-d7c60b76c7c8/host
May 25 16:02:28 gtw01 dnsmasq-dhcp[20569]: read /var/lib/neutron/dhcp/3d4d0850-3116-4be5-8c11-d7c60b76c7c8/opts
May 25 16:02:28 gtw01 haproxy-metadata-proxy-d6f6d5bd-7c22-439d-8bea-ac4a79d29d77[20891]: Proxy listener started.
May 25 16:02:29 gtw01 dnsmasq[20302]: read /var/lib/neutron/dhcp/cbd85bc3-e93f-433f-8207-f969e57e19d7/addn_hosts - 2 addresses
May 25 16:02:29 gtw01 dnsmasq-dhcp[20302]: read /var/lib/neutron/dhcp/cbd85bc3-e93f-433f-8207-f969e57e19d7/host
May 25 16:02:29 gtw01 dnsmasq-dhcp[20302]: read /var/lib/neutron/dhcp/cbd85bc3-e93f-433f-8207-f969e57e19d7/opts
May 25 16:02:29 gtw01 dnsmasq[20865]: read /var/lib/neutron/dhcp/d6f6d5bd-7c22-439d-8bea-ac4a79d29d77/addn_hosts - 2 addresses
May 25 16:02:29 gtw01 dnsmasq-dhcp[20865]: read /var/lib/neutron/dhcp/d6f6d5bd-7c22-439d-8bea-ac4a79d29d77/host
May 25 16:02:29 gtw01 dnsmasq-dhcp[20865]: read /var/lib/neutron/dhcp/d6f6d5bd-7c22-439d-8bea-ac4a79d29d77/opts
May 25 16:02:29 gtw01 dnsmasq[20991]: started, version 2.80 cachesize 150
May 25 16:02:29 gtw01 dnsmasq[20991]: DNS service limited to local subnets
May 25 16:02:29 gtw01 dnsmasq[20991]: compile time options: IPv6 GNU-getopt DBus i18n IDN DHCP DHCPv6 no-Lua TFTP conntrack ipset auth DNSSEC loop-detect inotify dumpfile
May 25 16:02:29 gtw01 dnsmasq[20991]: warning: no upstream servers configured
May 25 16:02:29 gtw01 dnsmasq-dhcp[20991]: DHCPv6, static leases only on 2003::, lease time 1h
May 25 16:02:29 gtw01 dnsmasq[19371]: read /var/lib/neutron/dhcp/86d7ad2f-ee37-41bd-8786-a9436a1a462d/addn_hosts - 2 addresses
May 25 16:02:29 gtw01 dnsmasq-dhcp[19371]: read /var/lib/neutron/dhcp/86d7ad2f-ee37-41bd-8786-a9436a1a462d/host
May 25 16:02:29 gtw01 dnsmasq-dhcp[19371]: read /var/lib/neutron/dhcp/86d7ad2f-ee37-41bd-8786-a9436a1a462d/opts
May 25 16:02:29 gtw01 dnsmasq[20991]: read /var/lib/neutron/dhcp/576521ef-cd55-472c-8eea-929917bcf4f2/addn_hosts - 1 addresses
May 25 16:02:29 gtw01 dnsmasq-dhcp[20991]: read /var/lib/neutron/dhcp/576521ef-cd55-472c-8eea-929917bcf4f2/host
May 25 16:02:29 gtw01 dnsmasq-dhcp[20991]: read /var/lib/neutron/dhcp/576521ef-cd55-472c-8eea-929917bcf4f2/opts
May 25 16:02:30 gtw01 dnsmasq[20569]: read /var/lib/neutron/dhcp/3d4d0850-3116-4be5-8c11-d7c60b76c7c8/addn_hosts - 2 addresses
May 25 16:02:30 gtw01 dnsmasq-dhcp[20569]: read /var/lib/neutron/dhcp/3d4d0850-3116-4be5-8c11-d7c60b76c7c8/host
May 25 16:02:30 gtw01 dnsmasq-dhcp[20569]: read /var/lib/neutron/dhcp/3d4d0850-3116-4be5-8c11-d7c60b76c7c8/opts
May 25 16:02:31 gtw01 dnsmasq[20865]: read /var/lib/neutron/dhcp/d6f6d5bd-7c22-439d-8bea-ac4a79d29d77/addn_hosts - 2 addresses
May 25 16:02:31 gtw01 dnsmasq-dhcp[20865]: read /var/lib/neutron/dhcp/d6f6d5bd-7c22-439d-8bea-ac4a79d29d77/host
May 25 16:02:31 gtw01 dnsmasq-dhcp[20865]: read /var/lib/neutron/dhcp/d6f6d5bd-7c22-439d-8bea-ac4a79d29d77/opts
May 25 16:02:31 gtw01 dnsmasq[20991]: read /var/lib/neutron/dhcp/576521ef-cd55-472c-8eea-929917bcf4f2/addn_hosts - 3 addresses
May 25 16:02:31 gtw01 dnsmasq-dhcp[20991]: read /var/lib/neutron/dhcp/576521ef-cd55-472c-8eea-929917bcf4f2/host
May 25 16:02:31 gtw01 dnsmasq-dhcp[20991]: read /var/lib/neutron/dhcp/576521ef-cd55-472c-8eea-929917bcf4f2/opts
May 25 16:02:31 gtw01 dnsmasq[19371]: read /var/lib/neutron/dhcp/86d7ad2f-ee37-41bd-8786-a9436a1a462d/addn_hosts - 1 addresses
May 25 16:02:31 gtw01 dnsmasq-dhcp[19371]: read /var/lib/neutron/dhcp/86d7ad2f-ee37-41bd-8786-a9436a1a462d/host
May 25 16:02:31 gtw01 dnsmasq-dhcp[19371]: read /var/lib/neutron/dhcp/86d7ad2f-ee37-41bd-8786-a9436a1a462d/opts
May 25 16:02:31 gtw01 dnsmasq[20569]: read /var/lib/neutron/dhcp/3d4d0850-3116-4be5-8c11-d7c60b76c7c8/addn_hosts - 2 addresses
May 25 16:02:31 gtw01 dnsmasq-dhcp[20569]: read /var/lib/neutron/dhcp/3d4d0850-3116-4be5-8c11-d7c60b76c7c8/host
May 25 16:02:31 gtw01 dnsmasq-dhcp[20569]: read /var/lib/neutron/dhcp/3d4d0850-3116-4be5-8c11-d7c60b76c7c8/opts
May 25 16:02:31 gtw01 dnsmasq[21106]: started, version 2.80 cachesize 150
May 25 16:02:31 gtw01 dnsmasq[21106]: DNS service limited to local subnets
May 25 16:02:31 gtw01 dnsmasq[21106]: compile time options: IPv6 GNU-getopt DBus i18n IDN DHCP DHCPv6 no-Lua TFTP conntrack ipset auth DNSSEC loop-detect inotify dumpfile
May 25 16:02:31 gtw01 dnsmasq[21106]: warning: no upstream servers configured
May 25 16:02:31 gtw01 dnsmasq-dhcp[21106]: DHCP, static leases only on 192.168.120.80, lease time 1h
May 25 16:02:31 gtw01 dnsmasq[21106]: read /var/lib/neutron/dhcp/3a5f9a7c-0ba4-4cd7-bede-d2ad367932e8/addn_hosts - 1 addresses
May 25 16:02:31 gtw01 dnsmasq-dhcp[21106]: read /var/lib/neutron/dhcp/3a5f9a7c-0ba4-4cd7-bede-d2ad367932e8/host
May 25 16:02:31 gtw01 dnsmasq-dhcp[21106]: read /var/lib/neutron/dhcp/3a5f9a7c-0ba4-4cd7-bede-d2ad367932e8/opts
May 25 16:02:31 gtw01 haproxy-metadata-proxy-3a5f9a7c-0ba4-4cd7-bede-d2ad367932e8[21123]: Proxy listener started.
May 25 16:02:32 gtw01 dnsmasq[20865]: read /var/lib/neutron/dhcp/d6f6d5bd-7c22-439d-8bea-ac4a79d29d77/addn_hosts - 2 addresses
May 25 16:02:32 gtw01 dnsmasq-dhcp[20865]: read /var/lib/neutron/dhcp/d6f6d5bd-7c22-439d-8bea-ac4a79d29d77/host
May 25 16:02:32 gtw01 dnsmasq-dhcp[20865]: read /var/lib/neutron/dhcp/d6f6d5bd-7c22-439d-8bea-ac4a79d29d77/opts
May 25 16:02:32 gtw01 dnsmasq[20991]: read /var/lib/neutron/dhcp/576521ef-cd55-472c-8eea-929917bcf4f2/addn_hosts - 3 addresses
May 25 16:02:32 gtw01 dnsmasq-dhcp[20991]: read /var/lib/neutron/dhcp/576521ef-cd55-472c-8eea-929917bcf4f2/host
May 25 16:02:32 gtw01 dnsmasq-dhcp[20991]: read /var/lib/neutron/dhcp/576521ef-cd55-472c-8eea-929917bcf4f2/opts
May 25 16:02:32 gtw01 dnsmasq[21106]: read /var/lib/neutron/dhcp/3a5f9a7c-0ba4-4cd7-bede-d2ad367932e8/addn_hosts - 2 addresses
May 25 16:02:32 gtw01 dnsmasq-dhcp[21106]: read /var/lib/neutron/dhcp/3a5f9a7c-0ba4-4cd7-bede-d2ad367932e8/host
May 25 16:02:32 gtw01 dnsmasq-dhcp[21106]: read /var/lib/neutron/dhcp/3a5f9a7c-0ba4-4cd7-bede-d2ad367932e8/opts
May 25 16:02:32 gtw01 systemd-udevd[21194]: Could not generate persistent MAC address for tap447a11bc-47: No such file or directory
May 25 16:02:32 gtw01 kernel: [ 2975.012220] device tap447a11bc-47 entered promiscuous mode
May 25 16:02:32 gtw01 systemd-udevd[21194]: Process '/sbin/ip link set tap447a11bc-47 txqueuelen 10000' failed with exit code 1.
May 25 16:02:32 gtw01 systemd-udevd[21194]: Process '/sbin/ip link set tap447a11bc-47 txqueuelen 10000' failed with exit code 1.
May 25 16:02:33 gtw01 dnsmasq[20865]: read /var/lib/neutron/dhcp/d6f6d5bd-7c22-439d-8bea-ac4a79d29d77/addn_hosts - 2 addresses
May 25 16:02:33 gtw01 dnsmasq-dhcp[20865]: read /var/lib/neutron/dhcp/d6f6d5bd-7c22-439d-8bea-ac4a79d29d77/host
May 25 16:02:33 gtw01 dnsmasq-dhcp[20865]: read /var/lib/neutron/dhcp/d6f6d5bd-7c22-439d-8bea-ac4a79d29d77/opts
May 25 16:02:33 gtw01 dnsmasq[20991]: read /var/lib/neutron/dhcp/576521ef-cd55-472c-8eea-929917bcf4f2/addn_hosts - 3 addresses
May 25 16:02:33 gtw01 dnsmasq-dhcp[20991]: read /var/lib/neutron/dhcp/576521ef-cd55-472c-8eea-929917bcf4f2/host
May 25 16:02:33 gtw01 dnsmasq-dhcp[20991]: read /var/lib/neutron/dhcp/576521ef-cd55-472c-8eea-929917bcf4f2/opts
May 25 16:02:33 gtw01 dnsmasq[21106]: read /var/lib/neutron/dhcp/3a5f9a7c-0ba4-4cd7-bede-d2ad367932e8/addn_hosts - 2 addresses
May 25 16:02:33 gtw01 dnsmasq-dhcp[21106]: read /var/lib/neutron/dhcp/3a5f9a7c-0ba4-4cd7-bede-d2ad367932e8/host
May 25 16:02:33 gtw01 dnsmasq-dhcp[21106]: read /var/lib/neutron/dhcp/3a5f9a7c-0ba4-4cd7-bede-d2ad367932e8/opts
May 25 16:02:34 gtw01 dnsmasq[20991]: read /var/lib/neutron/dhcp/576521ef-cd55-472c-8eea-929917bcf4f2/addn_hosts - 3 addresses
May 25 16:02:34 gtw01 dnsmasq-dhcp[20991]: read /var/lib/neutron/dhcp/576521ef-cd55-472c-8eea-929917bcf4f2/host
May 25 16:02:34 gtw01 dnsmasq-dhcp[20991]: read /var/lib/neutron/dhcp/576521ef-cd55-472c-8eea-929917bcf4f2/opts
May 25 16:02:34 gtw01 dnsmasq[21106]: read /var/lib/neutron/dhcp/3a5f9a7c-0ba4-4cd7-bede-d2ad367932e8/addn_hosts - 2 addresses
May 25 16:02:34 gtw01 dnsmasq-dhcp[21106]: read /var/lib/neutron/dhcp/3a5f9a7c-0ba4-4cd7-bede-d2ad367932e8/host
May 25 16:02:34 gtw01 dnsmasq-dhcp[21106]: read /var/lib/neutron/dhcp/3a5f9a7c-0ba4-4cd7-bede-d2ad367932e8/opts
May 25 16:02:35 gtw01 dnsmasq[20991]: read /var/lib/neutron/dhcp/576521ef-cd55-472c-8eea-929917bcf4f2/addn_hosts - 3 addresses
May 25 16:02:35 gtw01 dnsmasq-dhcp[20991]: read /var/lib/neutron/dhcp/576521ef-cd55-472c-8eea-929917bcf4f2/host
May 25 16:02:35 gtw01 dnsmasq-dhcp[20991]: read /var/lib/neutron/dhcp/576521ef-cd55-472c-8eea-929917bcf4f2/opts
May 25 16:02:35 gtw01 kernel: [ 2977.866932] device tapb0abcd37-10 entered promiscuous mode
May 25 16:02:35 gtw01 systemd-udevd[21462]: Could not generate persistent MAC address for tapb0abcd37-10: No such file or directory
May 25 16:02:35 gtw01 systemd-udevd[21544]: Process '/sbin/ip link set tapb0abcd37-10 txqueuelen 10000' failed with exit code 1.
May 25 16:02:35 gtw01 dnsmasq[21106]: read /var/lib/neutron/dhcp/3a5f9a7c-0ba4-4cd7-bede-d2ad367932e8/addn_hosts - 2 addresses
May 25 16:02:35 gtw01 dnsmasq-dhcp[21106]: read /var/lib/neutron/dhcp/3a5f9a7c-0ba4-4cd7-bede-d2ad367932e8/host
May 25 16:02:35 gtw01 dnsmasq-dhcp[21106]: read /var/lib/neutron/dhcp/3a5f9a7c-0ba4-4cd7-bede-d2ad367932e8/opts
May 25 16:02:36 gtw01 dnsmasq[18658]: read /var/lib/neutron/dhcp/dffb9cad-9955-4b4d-be8b-9d8e66c72868/addn_hosts - 1 addresses
May 25 16:02:36 gtw01 dnsmasq-dhcp[18658]: read /var/lib/neutron/dhcp/dffb9cad-9955-4b4d-be8b-9d8e66c72868/host
May 25 16:02:36 gtw01 dnsmasq-dhcp[18658]: read /var/lib/neutron/dhcp/dffb9cad-9955-4b4d-be8b-9d8e66c72868/opts
May 25 16:02:36 gtw01 dnsmasq[21604]: started, version 2.80 cachesize 150
May 25 16:02:36 gtw01 dnsmasq[21604]: DNS service limited to local subnets
May 25 16:02:36 gtw01 dnsmasq[21604]: compile time options: IPv6 GNU-getopt DBus i18n IDN DHCP DHCPv6 no-Lua TFTP conntrack ipset auth DNSSEC loop-detect inotify dumpfile
May 25 16:02:36 gtw01 dnsmasq[21604]: warning: no upstream servers configured
May 25 16:02:36 gtw01 dnsmasq-dhcp[21604]: DHCP, static leases only on 192.168.120.96, lease time 1h
May 25 16:02:36 gtw01 dnsmasq[21604]: read /var/lib/neutron/dhcp/4a9c9a5b-c1e8-4c1f-b91f-dc0002ad7c2c/addn_hosts - 1 addresses
May 25 16:02:36 gtw01 dnsmasq-dhcp[21604]: read /var/lib/neutron/dhcp/4a9c9a5b-c1e8-4c1f-b91f-dc0002ad7c2c/host
May 25 16:02:36 gtw01 dnsmasq-dhcp[21604]: read /var/lib/neutron/dhcp/4a9c9a5b-c1e8-4c1f-b91f-dc0002ad7c2c/opts
May 25 16:02:36 gtw01 dnsmasq[20991]: read /var/lib/neutron/dhcp/576521ef-cd55-472c-8eea-929917bcf4f2/addn_hosts - 3 addresses
May 25 16:02:36 gtw01 dnsmasq-dhcp[20991]: read /var/lib/neutron/dhcp/576521ef-cd55-472c-8eea-929917bcf4f2/host
May 25 16:02:36 gtw01 dnsmasq-dhcp[20991]: read /var/lib/neutron/dhcp/576521ef-cd55-472c-8eea-929917bcf4f2/opts
May 25 16:02:36 gtw01 haproxy-metadata-proxy-4a9c9a5b-c1e8-4c1f-b91f-dc0002ad7c2c[21623]: Proxy listener started.
May 25 16:02:36 gtw01 dnsmasq[21106]: read /var/lib/neutron/dhcp/3a5f9a7c-0ba4-4cd7-bede-d2ad367932e8/addn_hosts - 2 addresses
May 25 16:02:36 gtw01 dnsmasq-dhcp[21106]: read /var/lib/neutron/dhcp/3a5f9a7c-0ba4-4cd7-bede-d2ad367932e8/host
May 25 16:02:36 gtw01 dnsmasq-dhcp[21106]: read /var/lib/neutron/dhcp/3a5f9a7c-0ba4-4cd7-bede-d2ad367932e8/opts
May 25 16:02:36 gtw01 dnsmasq[19073]: read /var/lib/neutron/dhcp/cf9d37d9-440e-4b63-9f71-f88506515830/addn_hosts - 1 addresses
May 25 16:02:36 gtw01 dnsmasq-dhcp[19073]: read /var/lib/neutron/dhcp/cf9d37d9-440e-4b63-9f71-f88506515830/host
May 25 16:02:36 gtw01 dnsmasq-dhcp[19073]: read /var/lib/neutron/dhcp/cf9d37d9-440e-4b63-9f71-f88506515830/opts
May 25 16:02:37 gtw01 dnsmasq[21604]: read /var/lib/neutron/dhcp/4a9c9a5b-c1e8-4c1f-b91f-dc0002ad7c2c/addn_hosts - 2 addresses
May 25 16:02:37 gtw01 dnsmasq-dhcp[21604]: read /var/lib/neutron/dhcp/4a9c9a5b-c1e8-4c1f-b91f-dc0002ad7c2c/host
May 25 16:02:37 gtw01 dnsmasq-dhcp[21604]: read /var/lib/neutron/dhcp/4a9c9a5b-c1e8-4c1f-b91f-dc0002ad7c2c/opts
May 25 16:02:37 gtw01 dnsmasq[20991]: read /var/lib/neutron/dhcp/576521ef-cd55-472c-8eea-929917bcf4f2/addn_hosts - 3 addresses
May 25 16:02:37 gtw01 dnsmasq-dhcp[20991]: read /var/lib/neutron/dhcp/576521ef-cd55-472c-8eea-929917bcf4f2/host
May 25 16:02:37 gtw01 dnsmasq-dhcp[20991]: read /var/lib/neutron/dhcp/576521ef-cd55-472c-8eea-929917bcf4f2/opts
May 25 16:02:37 gtw01 dnsmasq[21106]: read /var/lib/neutron/dhcp/3a5f9a7c-0ba4-4cd7-bede-d2ad367932e8/addn_hosts - 2 addresses
May 25 16:02:37 gtw01 dnsmasq-dhcp[21106]: read /var/lib/neutron/dhcp/3a5f9a7c-0ba4-4cd7-bede-d2ad367932e8/host
May 25 16:02:37 gtw01 dnsmasq-dhcp[21106]: read /var/lib/neutron/dhcp/3a5f9a7c-0ba4-4cd7-bede-d2ad367932e8/opts
May 25 16:02:38 gtw01 dnsmasq[20302]: read /var/lib/neutron/dhcp/cbd85bc3-e93f-433f-8207-f969e57e19d7/addn_hosts - 1 addresses
May 25 16:02:38 gtw01 dnsmasq-dhcp[20302]: read /var/lib/neutron/dhcp/cbd85bc3-e93f-433f-8207-f969e57e19d7/host
May 25 16:02:38 gtw01 dnsmasq-dhcp[20302]: read /var/lib/neutron/dhcp/cbd85bc3-e93f-433f-8207-f969e57e19d7/opts
May 25 16:02:38 gtw01 kernel: [ 2981.104427] device qr-9d63d0fa-af entered promiscuous mode
May 25 16:02:38 gtw01 systemd-udevd[21791]: Could not generate persistent MAC address for qr-9d63d0fa-af: No such file or directory
May 25 16:02:38 gtw01 dnsmasq[21604]: read /var/lib/neutron/dhcp/4a9c9a5b-c1e8-4c1f-b91f-dc0002ad7c2c/addn_hosts - 2 addresses
May 25 16:02:38 gtw01 dnsmasq-dhcp[21604]: read /var/lib/neutron/dhcp/4a9c9a5b-c1e8-4c1f-b91f-dc0002ad7c2c/host
May 25 16:02:38 gtw01 dnsmasq-dhcp[21604]: read /var/lib/neutron/dhcp/4a9c9a5b-c1e8-4c1f-b91f-dc0002ad7c2c/opts
May 25 16:02:38 gtw01 dnsmasq[20991]: read /var/lib/neutron/dhcp/576521ef-cd55-472c-8eea-929917bcf4f2/addn_hosts - 3 addresses
May 25 16:02:38 gtw01 dnsmasq-dhcp[20991]: read /var/lib/neutron/dhcp/576521ef-cd55-472c-8eea-929917bcf4f2/host
May 25 16:02:38 gtw01 dnsmasq-dhcp[20991]: read /var/lib/neutron/dhcp/576521ef-cd55-472c-8eea-929917bcf4f2/opts
May 25 16:02:39 gtw01 dnsmasq[20569]: read /var/lib/neutron/dhcp/3d4d0850-3116-4be5-8c11-d7c60b76c7c8/addn_hosts - 1 addresses
May 25 16:02:39 gtw01 dnsmasq-dhcp[20569]: read /var/lib/neutron/dhcp/3d4d0850-3116-4be5-8c11-d7c60b76c7c8/host
May 25 16:02:39 gtw01 dnsmasq-dhcp[20569]: read /var/lib/neutron/dhcp/3d4d0850-3116-4be5-8c11-d7c60b76c7c8/opts
May 25 16:02:40 gtw01 dnsmasq[21106]: read /var/lib/neutron/dhcp/3a5f9a7c-0ba4-4cd7-bede-d2ad367932e8/addn_hosts - 2 addresses
May 25 16:02:40 gtw01 dnsmasq-dhcp[21106]: read /var/lib/neutron/dhcp/3a5f9a7c-0ba4-4cd7-bede-d2ad367932e8/host
May 25 16:02:40 gtw01 dnsmasq-dhcp[21106]: read /var/lib/neutron/dhcp/3a5f9a7c-0ba4-4cd7-bede-d2ad367932e8/opts
May 25 16:02:40 gtw01 dnsmasq[21995]: started, version 2.80 cachesize 150
May 25 16:02:40 gtw01 dnsmasq[21995]: DNS service limited to local subnets
May 25 16:02:40 gtw01 dnsmasq[21995]: compile time options: IPv6 GNU-getopt DBus i18n IDN DHCP DHCPv6 no-Lua TFTP conntrack ipset auth DNSSEC loop-detect inotify dumpfile
May 25 16:02:40 gtw01 dnsmasq[21995]: warning: no upstream servers configured
May 25 16:02:40 gtw01 dnsmasq-dhcp[21995]: DHCP, static leases only on 192.168.120.16, lease time 1h
May 25 16:02:40 gtw01 dnsmasq[21995]: read /var/lib/neutron/dhcp/cde3afed-1fa1-4797-b581-b6eed884d6ed/addn_hosts - 1 addresses
May 25 16:02:40 gtw01 dnsmasq-dhcp[21995]: read /var/lib/neutron/dhcp/cde3afed-1fa1-4797-b581-b6eed884d6ed/host
May 25 16:02:40 gtw01 dnsmasq-dhcp[21995]: read /var/lib/neutron/dhcp/cde3afed-1fa1-4797-b581-b6eed884d6ed/opts
May 25 16:02:40 gtw01 dnsmasq[20865]: read /var/lib/neutron/dhcp/d6f6d5bd-7c22-439d-8bea-ac4a79d29d77/addn_hosts - 1 addresses
May 25 16:02:40 gtw01 dnsmasq-dhcp[20865]: read /var/lib/neutron/dhcp/d6f6d5bd-7c22-439d-8bea-ac4a79d29d77/host
May 25 16:02:40 gtw01 dnsmasq-dhcp[20865]: read /var/lib/neutron/dhcp/d6f6d5bd-7c22-439d-8bea-ac4a79d29d77/opts
May 25 16:02:40 gtw01 haproxy-metadata-proxy-cde3afed-1fa1-4797-b581-b6eed884d6ed[22026]: Proxy listener started.
May 25 16:02:40 gtw01 dnsmasq[21604]: read /var/lib/neutron/dhcp/4a9c9a5b-c1e8-4c1f-b91f-dc0002ad7c2c/addn_hosts - 2 addresses
May 25 16:02:40 gtw01 dnsmasq-dhcp[21604]: read /var/lib/neutron/dhcp/4a9c9a5b-c1e8-4c1f-b91f-dc0002ad7c2c/host
May 25 16:02:40 gtw01 dnsmasq-dhcp[21604]: read /var/lib/neutron/dhcp/4a9c9a5b-c1e8-4c1f-b91f-dc0002ad7c2c/opts
May 25 16:02:40 gtw01 dnsmasq[20991]: read /var/lib/neutron/dhcp/576521ef-cd55-472c-8eea-929917bcf4f2/addn_hosts - 3 addresses
May 25 16:02:40 gtw01 dnsmasq-dhcp[20991]: read /var/lib/neutron/dhcp/576521ef-cd55-472c-8eea-929917bcf4f2/host
May 25 16:02:40 gtw01 dnsmasq-dhcp[20991]: read /var/lib/neutron/dhcp/576521ef-cd55-472c-8eea-929917bcf4f2/opts
May 25 16:02:41 gtw01 dnsmasq[21106]: read /var/lib/neutron/dhcp/3a5f9a7c-0ba4-4cd7-bede-d2ad367932e8/addn_hosts - 1 addresses
May 25 16:02:41 gtw01 dnsmasq-dhcp[21106]: read /var/lib/neutron/dhcp/3a5f9a7c-0ba4-4cd7-bede-d2ad367932e8/host
May 25 16:02:41 gtw01 dnsmasq-dhcp[21106]: read /var/lib/neutron/dhcp/3a5f9a7c-0ba4-4cd7-bede-d2ad367932e8/opts
May 25 16:02:41 gtw01 dnsmasq[21995]: read /var/lib/neutron/dhcp/cde3afed-1fa1-4797-b581-b6eed884d6ed/addn_hosts - 2 addresses
May 25 16:02:41 gtw01 dnsmasq-dhcp[21995]: read /var/lib/neutron/dhcp/cde3afed-1fa1-4797-b581-b6eed884d6ed/host
May 25 16:02:41 gtw01 dnsmasq-dhcp[21995]: read /var/lib/neutron/dhcp/cde3afed-1fa1-4797-b581-b6eed884d6ed/opts
May 25 16:02:41 gtw01 dnsmasq[21604]: read /var/lib/neutron/dhcp/4a9c9a5b-c1e8-4c1f-b91f-dc0002ad7c2c/addn_hosts - 2 addresses
May 25 16:02:41 gtw01 dnsmasq-dhcp[21604]: read /var/lib/neutron/dhcp/4a9c9a5b-c1e8-4c1f-b91f-dc0002ad7c2c/host
May 25 16:02:41 gtw01 dnsmasq-dhcp[21604]: read /var/lib/neutron/dhcp/4a9c9a5b-c1e8-4c1f-b91f-dc0002ad7c2c/opts
May 25 16:02:41 gtw01 dnsmasq[20991]: read /var/lib/neutron/dhcp/576521ef-cd55-472c-8eea-929917bcf4f2/addn_hosts - 2 addresses
May 25 16:02:42 gtw01 dnsmasq-dhcp[20991]: read /var/lib/neutron/dhcp/576521ef-cd55-472c-8eea-929917bcf4f2/host
May 25 16:02:42 gtw01 dnsmasq-dhcp[20991]: read /var/lib/neutron/dhcp/576521ef-cd55-472c-8eea-929917bcf4f2/opts
May 25 16:02:43 gtw01 dnsmasq[21995]: read /var/lib/neutron/dhcp/cde3afed-1fa1-4797-b581-b6eed884d6ed/addn_hosts - 2 addresses
May 25 16:02:43 gtw01 dnsmasq-dhcp[21995]: read /var/lib/neutron/dhcp/cde3afed-1fa1-4797-b581-b6eed884d6ed/host
May 25 16:02:43 gtw01 dnsmasq-dhcp[21995]: read /var/lib/neutron/dhcp/cde3afed-1fa1-4797-b581-b6eed884d6ed/opts
May 25 16:02:43 gtw01 dnsmasq[20991]: read /var/lib/neutron/dhcp/576521ef-cd55-472c-8eea-929917bcf4f2/addn_hosts - 1 addresses
May 25 16:02:43 gtw01 dnsmasq-dhcp[20991]: read /var/lib/neutron/dhcp/576521ef-cd55-472c-8eea-929917bcf4f2/host
May 25 16:02:43 gtw01 dnsmasq-dhcp[20991]: read /var/lib/neutron/dhcp/576521ef-cd55-472c-8eea-929917bcf4f2/opts
May 25 16:02:43 gtw01 dnsmasq[21604]: read /var/lib/neutron/dhcp/4a9c9a5b-c1e8-4c1f-b91f-dc0002ad7c2c/addn_hosts - 2 addresses
May 25 16:02:43 gtw01 dnsmasq-dhcp[21604]: read /var/lib/neutron/dhcp/4a9c9a5b-c1e8-4c1f-b91f-dc0002ad7c2c/host
May 25 16:02:43 gtw01 dnsmasq-dhcp[21604]: read /var/lib/neutron/dhcp/4a9c9a5b-c1e8-4c1f-b91f-dc0002ad7c2c/opts
May 25 16:02:43 gtw01 kernel: [ 2986.222983] device tapa9624e1b-c4 left promiscuous mode
May 25 16:02:43 gtw01 haproxy-metadata-proxy-01facc9a-30e8-40a6-bec0-a2b4f258aa08[22266]: Proxy listener started.
May 25 16:02:44 gtw01 systemd-udevd[22293]: Could not generate persistent MAC address for tap4af46afb-6c: No such file or directory
May 25 16:02:44 gtw01 kernel: [ 2986.633411] device tap4af46afb-6c entered promiscuous mode
May 25 16:02:44 gtw01 systemd-udevd[22367]: Process '/sbin/ip link set tap4af46afb-6c txqueuelen 10000' failed with exit code 1.
May 25 16:02:44 gtw01 dnsmasq[21995]: read /var/lib/neutron/dhcp/cde3afed-1fa1-4797-b581-b6eed884d6ed/addn_hosts - 2 addresses
May 25 16:02:44 gtw01 dnsmasq-dhcp[21995]: read /var/lib/neutron/dhcp/cde3afed-1fa1-4797-b581-b6eed884d6ed/host
May 25 16:02:44 gtw01 dnsmasq-dhcp[21995]: read /var/lib/neutron/dhcp/cde3afed-1fa1-4797-b581-b6eed884d6ed/opts
May 25 16:02:44 gtw01 dnsmasq[21604]: read /var/lib/neutron/dhcp/4a9c9a5b-c1e8-4c1f-b91f-dc0002ad7c2c/addn_hosts - 2 addresses
May 25 16:02:44 gtw01 dnsmasq-dhcp[21604]: read /var/lib/neutron/dhcp/4a9c9a5b-c1e8-4c1f-b91f-dc0002ad7c2c/host
May 25 16:02:44 gtw01 dnsmasq-dhcp[21604]: read /var/lib/neutron/dhcp/4a9c9a5b-c1e8-4c1f-b91f-dc0002ad7c2c/opts
May 25 16:02:44 gtw01 kernel: [ 2986.962680] device tap65490099-3e left promiscuous mode
May 25 16:02:45 gtw01 dnsmasq[21995]: read /var/lib/neutron/dhcp/cde3afed-1fa1-4797-b581-b6eed884d6ed/addn_hosts - 2 addresses
May 25 16:02:45 gtw01 dnsmasq-dhcp[21995]: read /var/lib/neutron/dhcp/cde3afed-1fa1-4797-b581-b6eed884d6ed/host
May 25 16:02:45 gtw01 dnsmasq-dhcp[21995]: read /var/lib/neutron/dhcp/cde3afed-1fa1-4797-b581-b6eed884d6ed/opts
May 25 16:02:45 gtw01 dnsmasq[21604]: read /var/lib/neutron/dhcp/4a9c9a5b-c1e8-4c1f-b91f-dc0002ad7c2c/addn_hosts - 2 addresses
May 25 16:02:45 gtw01 dnsmasq-dhcp[21604]: read /var/lib/neutron/dhcp/4a9c9a5b-c1e8-4c1f-b91f-dc0002ad7c2c/host
May 25 16:02:45 gtw01 dnsmasq-dhcp[21604]: read /var/lib/neutron/dhcp/4a9c9a5b-c1e8-4c1f-b91f-dc0002ad7c2c/opts
May 25 16:02:46 gtw01 dnsmasq[21604]: read /var/lib/neutron/dhcp/4a9c9a5b-c1e8-4c1f-b91f-dc0002ad7c2c/addn_hosts - 1 addresses
May 25 16:02:46 gtw01 dnsmasq-dhcp[21604]: read /var/lib/neutron/dhcp/4a9c9a5b-c1e8-4c1f-b91f-dc0002ad7c2c/host
May 25 16:02:46 gtw01 dnsmasq-dhcp[21604]: read /var/lib/neutron/dhcp/4a9c9a5b-c1e8-4c1f-b91f-dc0002ad7c2c/opts
May 25 16:02:46 gtw01 dnsmasq[21995]: read /var/lib/neutron/dhcp/cde3afed-1fa1-4797-b581-b6eed884d6ed/addn_hosts - 2 addresses
May 25 16:02:46 gtw01 dnsmasq-dhcp[21995]: read /var/lib/neutron/dhcp/cde3afed-1fa1-4797-b581-b6eed884d6ed/host
May 25 16:02:46 gtw01 dnsmasq-dhcp[21995]: read /var/lib/neutron/dhcp/cde3afed-1fa1-4797-b581-b6eed884d6ed/opts
May 25 16:02:46 gtw01 kernel: [ 2989.316690] device tap2aaa9033-26 left promiscuous mode
May 25 16:02:47 gtw01 dnsmasq[21995]: read /var/lib/neutron/dhcp/cde3afed-1fa1-4797-b581-b6eed884d6ed/addn_hosts - 2 addresses
May 25 16:02:47 gtw01 dnsmasq-dhcp[21995]: read /var/lib/neutron/dhcp/cde3afed-1fa1-4797-b581-b6eed884d6ed/host
May 25 16:02:47 gtw01 dnsmasq-dhcp[21995]: read /var/lib/neutron/dhcp/cde3afed-1fa1-4797-b581-b6eed884d6ed/opts
May 25 16:02:47 gtw01 systemd-udevd[22590]: Could not generate persistent MAC address for qr-c0be9736-5c: No such file or directory
May 25 16:02:47 gtw01 kernel: [ 2989.982236] device qr-c0be9736-5c entered promiscuous mode
May 25 16:02:48 gtw01 dnsmasq[22714]: started, version 2.80 cachesize 150
May 25 16:02:48 gtw01 dnsmasq[22714]: DNS service limited to local subnets
May 25 16:02:48 gtw01 dnsmasq[22714]: compile time options: IPv6 GNU-getopt DBus i18n IDN DHCP DHCPv6 no-Lua TFTP conntrack ipset auth DNSSEC loop-detect inotify dumpfile
May 25 16:02:48 gtw01 dnsmasq[22714]: warning: no upstream servers configured
May 25 16:02:48 gtw01 dnsmasq-dhcp[22714]: DHCPv6, static leases only on 2003:0:0:1::, lease time 1h
May 25 16:02:48 gtw01 dnsmasq[22714]: read /var/lib/neutron/dhcp/d58bbb7c-aa21-4271-9f5f-baa5da807ca5/addn_hosts - 1 addresses
May 25 16:02:48 gtw01 dnsmasq-dhcp[22714]: read /var/lib/neutron/dhcp/d58bbb7c-aa21-4271-9f5f-baa5da807ca5/host
May 25 16:02:48 gtw01 dnsmasq-dhcp[22714]: read /var/lib/neutron/dhcp/d58bbb7c-aa21-4271-9f5f-baa5da807ca5/opts
May 25 16:02:48 gtw01 radvd[22754]: version 2.11 started
May 25 16:02:48 gtw01 dnsmasq[21995]: read /var/lib/neutron/dhcp/cde3afed-1fa1-4797-b581-b6eed884d6ed/addn_hosts - 2 addresses
May 25 16:02:48 gtw01 dnsmasq-dhcp[21995]: read /var/lib/neutron/dhcp/cde3afed-1fa1-4797-b581-b6eed884d6ed/host
