May 25 16:23:58 gtw01 dnsmasq[1315]: read /var/lib/neutron/dhcp/595f5163-2411-40a2-8620-523bc3668e6b/addn_hosts - 2 addresses
May 25 16:23:58 gtw01 dnsmasq-dhcp[1315]: read /var/lib/neutron/dhcp/595f5163-2411-40a2-8620-523bc3668e6b/host
May 25 16:23:58 gtw01 dnsmasq-dhcp[1315]: read /var/lib/neutron/dhcp/595f5163-2411-40a2-8620-523bc3668e6b/opts
May 25 16:23:59 gtw01 dnsmasq[1315]: read /var/lib/neutron/dhcp/595f5163-2411-40a2-8620-523bc3668e6b/addn_hosts - 2 addresses
May 25 16:23:59 gtw01 dnsmasq-dhcp[1315]: read /var/lib/neutron/dhcp/595f5163-2411-40a2-8620-523bc3668e6b/host
May 25 16:23:59 gtw01 dnsmasq-dhcp[1315]: read /var/lib/neutron/dhcp/595f5163-2411-40a2-8620-523bc3668e6b/opts
May 25 16:23:59 gtw01 dnsmasq[1315]: read /var/lib/neutron/dhcp/595f5163-2411-40a2-8620-523bc3668e6b/addn_hosts - 2 addresses
May 25 16:23:59 gtw01 dnsmasq-dhcp[1315]: read /var/lib/neutron/dhcp/595f5163-2411-40a2-8620-523bc3668e6b/host
May 25 16:23:59 gtw01 dnsmasq-dhcp[1315]: read /var/lib/neutron/dhcp/595f5163-2411-40a2-8620-523bc3668e6b/opts
May 25 16:24:00 gtw01 dnsmasq[1315]: read /var/lib/neutron/dhcp/595f5163-2411-40a2-8620-523bc3668e6b/addn_hosts - 2 addresses
May 25 16:24:00 gtw01 dnsmasq-dhcp[1315]: read /var/lib/neutron/dhcp/595f5163-2411-40a2-8620-523bc3668e6b/host
May 25 16:24:00 gtw01 dnsmasq-dhcp[1315]: read /var/lib/neutron/dhcp/595f5163-2411-40a2-8620-523bc3668e6b/opts
May 25 16:24:01 gtw01 dnsmasq[1315]: read /var/lib/neutron/dhcp/595f5163-2411-40a2-8620-523bc3668e6b/addn_hosts - 2 addresses
May 25 16:24:01 gtw01 dnsmasq-dhcp[1315]: read /var/lib/neutron/dhcp/595f5163-2411-40a2-8620-523bc3668e6b/host
May 25 16:24:01 gtw01 dnsmasq-dhcp[1315]: read /var/lib/neutron/dhcp/595f5163-2411-40a2-8620-523bc3668e6b/opts
May 25 16:24:01 gtw01 haproxy-metadata-proxy-d55df800-2ecf-4892-8658-69e5eed91c14[1639]: Proxy listener started.
May 25 16:24:02 gtw01 kernel: [ 4265.037976] device qr-f0cd745c-e3 left promiscuous mode
May 25 16:24:02 gtw01 dnsmasq[1315]: read /var/lib/neutron/dhcp/595f5163-2411-40a2-8620-523bc3668e6b/addn_hosts - 2 addresses
May 25 16:24:02 gtw01 dnsmasq-dhcp[1315]: read /var/lib/neutron/dhcp/595f5163-2411-40a2-8620-523bc3668e6b/host
May 25 16:24:02 gtw01 dnsmasq-dhcp[1315]: read /var/lib/neutron/dhcp/595f5163-2411-40a2-8620-523bc3668e6b/opts
May 25 16:24:03 gtw01 dnsmasq[1315]: read /var/lib/neutron/dhcp/595f5163-2411-40a2-8620-523bc3668e6b/addn_hosts - 1 addresses
May 25 16:24:03 gtw01 dnsmasq-dhcp[1315]: read /var/lib/neutron/dhcp/595f5163-2411-40a2-8620-523bc3668e6b/host
May 25 16:24:03 gtw01 dnsmasq-dhcp[1315]: read /var/lib/neutron/dhcp/595f5163-2411-40a2-8620-523bc3668e6b/opts
May 25 16:24:04 gtw01 haproxy-metadata-proxy-595f5163-2411-40a2-8620-523bc3668e6b[1728]: Proxy listener started.
May 25 16:24:05 gtw01 kernel: [ 4267.651835] device tapddab5722-ed left promiscuous mode
May 25 16:24:25 gtw01 systemd-udevd[1801]: Could not generate persistent MAC address for tapa133ce69-43: No such file or directory
May 25 16:24:25 gtw01 kernel: [ 4287.469667] device tapa133ce69-43 entered promiscuous mode
May 25 16:24:25 gtw01 systemd-udevd[1869]: Process '/sbin/ip link set tapa133ce69-43 txqueuelen 10000' failed with exit code 1.
May 25 16:24:28 gtw01 dnsmasq[1950]: started, version 2.80 cachesize 150
May 25 16:24:28 gtw01 dnsmasq[1950]: DNS service limited to local subnets
May 25 16:24:28 gtw01 dnsmasq[1950]: compile time options: IPv6 GNU-getopt DBus i18n IDN DHCP DHCPv6 no-Lua TFTP conntrack ipset auth DNSSEC loop-detect inotify dumpfile
May 25 16:24:28 gtw01 dnsmasq[1950]: LOUD WARNING: listening on 1.1.0.26 may accept requests via interfaces other than tapa133ce69-43
May 25 16:24:28 gtw01 dnsmasq[1950]: LOUD WARNING: use --bind-dynamic rather than --bind-interfaces to avoid DNS amplification attacks via these interface(s)
May 25 16:24:28 gtw01 dnsmasq[1950]: warning: no upstream servers configured
May 25 16:24:28 gtw01 dnsmasq-dhcp[1950]: DHCP, static leases only on 1.1.0.24, lease time 1h
May 25 16:24:28 gtw01 dnsmasq[1950]: read /var/lib/neutron/dhcp/2062666d-4085-4b65-a8c0-b6031c7a53e9/addn_hosts - 1 addresses
May 25 16:24:28 gtw01 dnsmasq-dhcp[1950]: read /var/lib/neutron/dhcp/2062666d-4085-4b65-a8c0-b6031c7a53e9/host
May 25 16:24:28 gtw01 dnsmasq-dhcp[1950]: read /var/lib/neutron/dhcp/2062666d-4085-4b65-a8c0-b6031c7a53e9/opts
May 25 16:24:28 gtw01 haproxy-metadata-proxy-2062666d-4085-4b65-a8c0-b6031c7a53e9[1954]: Proxy listener started.
May 25 16:24:29 gtw01 dnsmasq-dhcp[1950]: DHCPRELEASE(tapa133ce69-43) 1.1.0.26 fa:16:3e:7b:c0:87
May 25 16:24:29 gtw01 dnsmasq[1950]: read /var/lib/neutron/dhcp/2062666d-4085-4b65-a8c0-b6031c7a53e9/addn_hosts - 0 addresses
May 25 16:24:29 gtw01 dnsmasq-dhcp[1950]: read /var/lib/neutron/dhcp/2062666d-4085-4b65-a8c0-b6031c7a53e9/host
May 25 16:24:29 gtw01 dnsmasq-dhcp[1950]: read /var/lib/neutron/dhcp/2062666d-4085-4b65-a8c0-b6031c7a53e9/opts
May 25 16:24:31 gtw01 kernel: [ 4293.454117] device tapa133ce69-43 left promiscuous mode
May 25 16:25:29 gtw01 haproxy-metadata-proxy-1faf1048-e961-47cc-acc1-60af385dfee6[2088]: Proxy listener started.
May 25 16:26:30 gtw01 dnsmasq[31335]: read /var/lib/neutron/dhcp/303695d1-ffef-486d-97f3-cbda885be26c/addn_hosts - 3 addresses
May 25 16:26:30 gtw01 dnsmasq-dhcp[31335]: read /var/lib/neutron/dhcp/303695d1-ffef-486d-97f3-cbda885be26c/host
May 25 16:26:30 gtw01 dnsmasq-dhcp[31335]: read /var/lib/neutron/dhcp/303695d1-ffef-486d-97f3-cbda885be26c/opts
May 25 16:26:31 gtw01 dnsmasq[31335]: read /var/lib/neutron/dhcp/303695d1-ffef-486d-97f3-cbda885be26c/addn_hosts - 3 addresses
May 25 16:26:31 gtw01 dnsmasq-dhcp[31335]: read /var/lib/neutron/dhcp/303695d1-ffef-486d-97f3-cbda885be26c/host
May 25 16:26:31 gtw01 dnsmasq-dhcp[31335]: read /var/lib/neutron/dhcp/303695d1-ffef-486d-97f3-cbda885be26c/opts
May 25 16:26:32 gtw01 dnsmasq[31335]: read /var/lib/neutron/dhcp/303695d1-ffef-486d-97f3-cbda885be26c/addn_hosts - 3 addresses
May 25 16:26:32 gtw01 dnsmasq-dhcp[31335]: read /var/lib/neutron/dhcp/303695d1-ffef-486d-97f3-cbda885be26c/host
May 25 16:26:32 gtw01 dnsmasq-dhcp[31335]: read /var/lib/neutron/dhcp/303695d1-ffef-486d-97f3-cbda885be26c/opts
May 25 16:26:34 gtw01 systemd-udevd[2179]: Could not generate persistent MAC address for vxlan_sys_4789: No such file or directory
May 25 16:26:34 gtw01 kernel: [ 4416.744404] device vxlan_sys_4789 entered promiscuous mode
May 25 16:26:41 gtw01 kernel: [ 4424.202107] device vxlan_sys_4789 left promiscuous mode
May 25 16:26:42 gtw01 dnsmasq[31335]: read /var/lib/neutron/dhcp/303695d1-ffef-486d-97f3-cbda885be26c/addn_hosts - 2 addresses
May 25 16:26:42 gtw01 dnsmasq-dhcp[31335]: read /var/lib/neutron/dhcp/303695d1-ffef-486d-97f3-cbda885be26c/host
May 25 16:26:42 gtw01 dnsmasq-dhcp[31335]: read /var/lib/neutron/dhcp/303695d1-ffef-486d-97f3-cbda885be26c/opts
May 25 16:28:08 gtw01 dnsmasq[31335]: read /var/lib/neutron/dhcp/303695d1-ffef-486d-97f3-cbda885be26c/addn_hosts - 1 addresses
May 25 16:28:08 gtw01 dnsmasq-dhcp[31335]: read /var/lib/neutron/dhcp/303695d1-ffef-486d-97f3-cbda885be26c/host
May 25 16:28:08 gtw01 dnsmasq-dhcp[31335]: read /var/lib/neutron/dhcp/303695d1-ffef-486d-97f3-cbda885be26c/opts
May 25 16:28:08 gtw01 haproxy-metadata-proxy-303695d1-ffef-486d-97f3-cbda885be26c[2295]: Proxy listener started.
May 25 16:28:10 gtw01 kernel: [ 4512.614384] device qr-606253ba-cf left promiscuous mode
May 25 16:28:12 gtw01 kernel: [ 4515.333511] device tap83a3de36-4b left promiscuous mode
May 25 16:28:13 gtw01 kernel: [ 4515.485710] device qg-8f2e0c30-e6 left promiscuous mode
May 25 16:28:22 gtw01 kernel: [ 4524.964580] device tapa186c095-fa entered promiscuous mode
May 25 16:28:22 gtw01 systemd-udevd[2461]: Could not generate persistent MAC address for tapa186c095-fa: No such file or directory
May 25 16:28:22 gtw01 systemd-udevd[2461]: Process '/sbin/ip link set tapa186c095-fa txqueuelen 10000' failed with exit code 1.
May 25 16:28:22 gtw01 systemd-udevd[2461]: Process '/sbin/ip link set tapa186c095-fa txqueuelen 10000' failed with exit code 1.
May 25 16:28:25 gtw01 systemd-udevd[2648]: Could not generate persistent MAC address for qr-831130b4-5b: No such file or directory
May 25 16:28:25 gtw01 kernel: [ 4528.002281] device qr-831130b4-5b entered promiscuous mode
May 25 16:28:25 gtw01 dnsmasq[2739]: started, version 2.80 cachesize 150
May 25 16:28:25 gtw01 dnsmasq[2739]: DNS service limited to local subnets
May 25 16:28:25 gtw01 dnsmasq[2739]: compile time options: IPv6 GNU-getopt DBus i18n IDN DHCP DHCPv6 no-Lua TFTP conntrack ipset auth DNSSEC loop-detect inotify dumpfile
May 25 16:28:25 gtw01 dnsmasq[2739]: warning: no upstream servers configured
May 25 16:28:25 gtw01 dnsmasq-dhcp[2739]: DHCP, static leases only on 192.168.120.0, lease time 1h
May 25 16:28:25 gtw01 dnsmasq[2739]: read /var/lib/neutron/dhcp/d06e64aa-9efe-4857-be0b-2b059910ad4b/addn_hosts - 1 addresses
May 25 16:28:25 gtw01 dnsmasq-dhcp[2739]: read /var/lib/neutron/dhcp/d06e64aa-9efe-4857-be0b-2b059910ad4b/host
May 25 16:28:25 gtw01 dnsmasq-dhcp[2739]: read /var/lib/neutron/dhcp/d06e64aa-9efe-4857-be0b-2b059910ad4b/opts
May 25 16:28:26 gtw01 haproxy-metadata-proxy-d06e64aa-9efe-4857-be0b-2b059910ad4b[2748]: Proxy listener started.
May 25 16:28:26 gtw01 kernel: [ 4529.176955] device qg-f7aaf269-f6 entered promiscuous mode
May 25 16:28:26 gtw01 systemd-udevd[2774]: Could not generate persistent MAC address for qg-f7aaf269-f6: No such file or directory
May 25 16:28:26 gtw01 dnsmasq[2739]: read /var/lib/neutron/dhcp/d06e64aa-9efe-4857-be0b-2b059910ad4b/addn_hosts - 2 addresses
May 25 16:28:26 gtw01 dnsmasq-dhcp[2739]: read /var/lib/neutron/dhcp/d06e64aa-9efe-4857-be0b-2b059910ad4b/host
May 25 16:28:26 gtw01 dnsmasq-dhcp[2739]: read /var/lib/neutron/dhcp/d06e64aa-9efe-4857-be0b-2b059910ad4b/opts
May 25 16:28:27 gtw01 dnsmasq[2739]: read /var/lib/neutron/dhcp/d06e64aa-9efe-4857-be0b-2b059910ad4b/addn_hosts - 2 addresses
May 25 16:28:27 gtw01 dnsmasq-dhcp[2739]: read /var/lib/neutron/dhcp/d06e64aa-9efe-4857-be0b-2b059910ad4b/host
May 25 16:28:27 gtw01 dnsmasq-dhcp[2739]: read /var/lib/neutron/dhcp/d06e64aa-9efe-4857-be0b-2b059910ad4b/opts
May 25 16:28:28 gtw01 dnsmasq[2739]: read /var/lib/neutron/dhcp/d06e64aa-9efe-4857-be0b-2b059910ad4b/addn_hosts - 2 addresses
May 25 16:28:28 gtw01 dnsmasq-dhcp[2739]: read /var/lib/neutron/dhcp/d06e64aa-9efe-4857-be0b-2b059910ad4b/host
May 25 16:28:28 gtw01 dnsmasq-dhcp[2739]: read /var/lib/neutron/dhcp/d06e64aa-9efe-4857-be0b-2b059910ad4b/opts
May 25 16:28:29 gtw01 dnsmasq[2739]: read /var/lib/neutron/dhcp/d06e64aa-9efe-4857-be0b-2b059910ad4b/addn_hosts - 2 addresses
May 25 16:28:29 gtw01 dnsmasq-dhcp[2739]: read /var/lib/neutron/dhcp/d06e64aa-9efe-4857-be0b-2b059910ad4b/host
May 25 16:28:29 gtw01 dnsmasq-dhcp[2739]: read /var/lib/neutron/dhcp/d06e64aa-9efe-4857-be0b-2b059910ad4b/opts
May 25 16:28:30 gtw01 dnsmasq[2739]: read /var/lib/neutron/dhcp/d06e64aa-9efe-4857-be0b-2b059910ad4b/addn_hosts - 2 addresses
May 25 16:28:30 gtw01 dnsmasq-dhcp[2739]: read /var/lib/neutron/dhcp/d06e64aa-9efe-4857-be0b-2b059910ad4b/host
May 25 16:28:30 gtw01 dnsmasq-dhcp[2739]: read /var/lib/neutron/dhcp/d06e64aa-9efe-4857-be0b-2b059910ad4b/opts
May 25 16:28:33 gtw01 haproxy-metadata-proxy-f7991a03-8cd4-4990-9381-a4ef5c0ddd4d[3087]: Proxy listener started.
May 25 16:28:34 gtw01 dnsmasq[2739]: read /var/lib/neutron/dhcp/d06e64aa-9efe-4857-be0b-2b059910ad4b/addn_hosts - 2 addresses
May 25 16:28:34 gtw01 dnsmasq-dhcp[2739]: read /var/lib/neutron/dhcp/d06e64aa-9efe-4857-be0b-2b059910ad4b/host
May 25 16:28:34 gtw01 dnsmasq-dhcp[2739]: read /var/lib/neutron/dhcp/d06e64aa-9efe-4857-be0b-2b059910ad4b/opts
May 25 16:28:35 gtw01 dnsmasq[2739]: read /var/lib/neutron/dhcp/d06e64aa-9efe-4857-be0b-2b059910ad4b/addn_hosts - 2 addresses
May 25 16:28:35 gtw01 dnsmasq-dhcp[2739]: read /var/lib/neutron/dhcp/d06e64aa-9efe-4857-be0b-2b059910ad4b/host
May 25 16:28:35 gtw01 dnsmasq-dhcp[2739]: read /var/lib/neutron/dhcp/d06e64aa-9efe-4857-be0b-2b059910ad4b/opts
May 25 16:29:15 gtw01 dnsmasq[2739]: read /var/lib/neutron/dhcp/d06e64aa-9efe-4857-be0b-2b059910ad4b/addn_hosts - 3 addresses
May 25 16:29:15 gtw01 dnsmasq-dhcp[2739]: read /var/lib/neutron/dhcp/d06e64aa-9efe-4857-be0b-2b059910ad4b/host
May 25 16:29:15 gtw01 dnsmasq-dhcp[2739]: read /var/lib/neutron/dhcp/d06e64aa-9efe-4857-be0b-2b059910ad4b/opts
May 25 16:29:16 gtw01 dnsmasq[2739]: read /var/lib/neutron/dhcp/d06e64aa-9efe-4857-be0b-2b059910ad4b/addn_hosts - 3 addresses
May 25 16:29:16 gtw01 dnsmasq-dhcp[2739]: read /var/lib/neutron/dhcp/d06e64aa-9efe-4857-be0b-2b059910ad4b/host
May 25 16:29:16 gtw01 dnsmasq-dhcp[2739]: read /var/lib/neutron/dhcp/d06e64aa-9efe-4857-be0b-2b059910ad4b/opts
May 25 16:29:17 gtw01 dnsmasq[2739]: read /var/lib/neutron/dhcp/d06e64aa-9efe-4857-be0b-2b059910ad4b/addn_hosts - 3 addresses
May 25 16:29:17 gtw01 dnsmasq-dhcp[2739]: read /var/lib/neutron/dhcp/d06e64aa-9efe-4857-be0b-2b059910ad4b/host
May 25 16:29:17 gtw01 dnsmasq-dhcp[2739]: read /var/lib/neutron/dhcp/d06e64aa-9efe-4857-be0b-2b059910ad4b/opts
May 25 16:29:19 gtw01 dnsmasq[2739]: read /var/lib/neutron/dhcp/d06e64aa-9efe-4857-be0b-2b059910ad4b/addn_hosts - 4 addresses
May 25 16:29:19 gtw01 dnsmasq-dhcp[2739]: read /var/lib/neutron/dhcp/d06e64aa-9efe-4857-be0b-2b059910ad4b/host
May 25 16:29:19 gtw01 dnsmasq-dhcp[2739]: read /var/lib/neutron/dhcp/d06e64aa-9efe-4857-be0b-2b059910ad4b/opts
May 25 16:29:20 gtw01 dnsmasq[2739]: read /var/lib/neutron/dhcp/d06e64aa-9efe-4857-be0b-2b059910ad4b/addn_hosts - 5 addresses
May 25 16:29:20 gtw01 dnsmasq-dhcp[2739]: read /var/lib/neutron/dhcp/d06e64aa-9efe-4857-be0b-2b059910ad4b/host
May 25 16:29:20 gtw01 dnsmasq-dhcp[2739]: read /var/lib/neutron/dhcp/d06e64aa-9efe-4857-be0b-2b059910ad4b/opts
May 25 16:29:20 gtw01 systemd-udevd[3315]: Could not generate persistent MAC address for vxlan_sys_4789: No such file or directory
May 25 16:29:20 gtw01 kernel: [ 4583.239523] device vxlan_sys_4789 entered promiscuous mode
May 25 16:29:21 gtw01 dnsmasq[2739]: read /var/lib/neutron/dhcp/d06e64aa-9efe-4857-be0b-2b059910ad4b/addn_hosts - 6 addresses
May 25 16:29:21 gtw01 dnsmasq-dhcp[2739]: read /var/lib/neutron/dhcp/d06e64aa-9efe-4857-be0b-2b059910ad4b/host
May 25 16:29:21 gtw01 dnsmasq-dhcp[2739]: read /var/lib/neutron/dhcp/d06e64aa-9efe-4857-be0b-2b059910ad4b/opts
May 25 16:29:22 gtw01 dnsmasq[2739]: read /var/lib/neutron/dhcp/d06e64aa-9efe-4857-be0b-2b059910ad4b/addn_hosts - 7 addresses
May 25 16:29:22 gtw01 dnsmasq-dhcp[2739]: read /var/lib/neutron/dhcp/d06e64aa-9efe-4857-be0b-2b059910ad4b/host
May 25 16:29:22 gtw01 dnsmasq-dhcp[2739]: read /var/lib/neutron/dhcp/d06e64aa-9efe-4857-be0b-2b059910ad4b/opts
May 25 16:29:23 gtw01 dnsmasq[2739]: read /var/lib/neutron/dhcp/d06e64aa-9efe-4857-be0b-2b059910ad4b/addn_hosts - 7 addresses
May 25 16:29:23 gtw01 dnsmasq-dhcp[2739]: read /var/lib/neutron/dhcp/d06e64aa-9efe-4857-be0b-2b059910ad4b/host
May 25 16:29:23 gtw01 dnsmasq-dhcp[2739]: read /var/lib/neutron/dhcp/d06e64aa-9efe-4857-be0b-2b059910ad4b/opts
May 25 16:29:24 gtw01 dnsmasq[2739]: read /var/lib/neutron/dhcp/d06e64aa-9efe-4857-be0b-2b059910ad4b/addn_hosts - 7 addresses
May 25 16:29:24 gtw01 dnsmasq-dhcp[2739]: read /var/lib/neutron/dhcp/d06e64aa-9efe-4857-be0b-2b059910ad4b/host
May 25 16:29:24 gtw01 dnsmasq-dhcp[2739]: read /var/lib/neutron/dhcp/d06e64aa-9efe-4857-be0b-2b059910ad4b/opts
May 25 16:29:25 gtw01 dnsmasq[2739]: read /var/lib/neutron/dhcp/d06e64aa-9efe-4857-be0b-2b059910ad4b/addn_hosts - 7 addresses
May 25 16:29:25 gtw01 dnsmasq-dhcp[2739]: read /var/lib/neutron/dhcp/d06e64aa-9efe-4857-be0b-2b059910ad4b/host
May 25 16:29:25 gtw01 dnsmasq-dhcp[2739]: read /var/lib/neutron/dhcp/d06e64aa-9efe-4857-be0b-2b059910ad4b/opts
May 25 16:29:26 gtw01 dnsmasq[2739]: read /var/lib/neutron/dhcp/d06e64aa-9efe-4857-be0b-2b059910ad4b/addn_hosts - 8 addresses
May 25 16:29:26 gtw01 dnsmasq-dhcp[2739]: read /var/lib/neutron/dhcp/d06e64aa-9efe-4857-be0b-2b059910ad4b/host
May 25 16:29:26 gtw01 dnsmasq-dhcp[2739]: read /var/lib/neutron/dhcp/d06e64aa-9efe-4857-be0b-2b059910ad4b/opts
May 25 16:29:27 gtw01 dnsmasq[2739]: read /var/lib/neutron/dhcp/d06e64aa-9efe-4857-be0b-2b059910ad4b/addn_hosts - 8 addresses
May 25 16:29:27 gtw01 dnsmasq-dhcp[2739]: read /var/lib/neutron/dhcp/d06e64aa-9efe-4857-be0b-2b059910ad4b/host
May 25 16:29:27 gtw01 dnsmasq-dhcp[2739]: read /var/lib/neutron/dhcp/d06e64aa-9efe-4857-be0b-2b059910ad4b/opts
May 25 16:29:28 gtw01 dnsmasq[2739]: read /var/lib/neutron/dhcp/d06e64aa-9efe-4857-be0b-2b059910ad4b/addn_hosts - 8 addresses
May 25 16:29:28 gtw01 dnsmasq-dhcp[2739]: read /var/lib/neutron/dhcp/d06e64aa-9efe-4857-be0b-2b059910ad4b/host
May 25 16:29:28 gtw01 dnsmasq-dhcp[2739]: read /var/lib/neutron/dhcp/d06e64aa-9efe-4857-be0b-2b059910ad4b/opts
May 25 16:29:28 gtw01 dnsmasq[2739]: read /var/lib/neutron/dhcp/d06e64aa-9efe-4857-be0b-2b059910ad4b/addn_hosts - 8 addresses
May 25 16:29:28 gtw01 dnsmasq-dhcp[2739]: read /var/lib/neutron/dhcp/d06e64aa-9efe-4857-be0b-2b059910ad4b/host
May 25 16:29:28 gtw01 dnsmasq-dhcp[2739]: read /var/lib/neutron/dhcp/d06e64aa-9efe-4857-be0b-2b059910ad4b/opts
May 25 16:29:29 gtw01 dnsmasq[2739]: read /var/lib/neutron/dhcp/d06e64aa-9efe-4857-be0b-2b059910ad4b/addn_hosts - 8 addresses
May 25 16:29:29 gtw01 dnsmasq-dhcp[2739]: read /var/lib/neutron/dhcp/d06e64aa-9efe-4857-be0b-2b059910ad4b/host
May 25 16:29:29 gtw01 dnsmasq-dhcp[2739]: read /var/lib/neutron/dhcp/d06e64aa-9efe-4857-be0b-2b059910ad4b/opts
May 25 16:29:30 gtw01 dnsmasq[2739]: read /var/lib/neutron/dhcp/d06e64aa-9efe-4857-be0b-2b059910ad4b/addn_hosts - 8 addresses
May 25 16:29:30 gtw01 dnsmasq-dhcp[2739]: read /var/lib/neutron/dhcp/d06e64aa-9efe-4857-be0b-2b059910ad4b/host
May 25 16:29:30 gtw01 dnsmasq-dhcp[2739]: read /var/lib/neutron/dhcp/d06e64aa-9efe-4857-be0b-2b059910ad4b/opts
May 25 16:29:31 gtw01 dnsmasq[2739]: read /var/lib/neutron/dhcp/d06e64aa-9efe-4857-be0b-2b059910ad4b/addn_hosts - 8 addresses
May 25 16:29:31 gtw01 dnsmasq-dhcp[2739]: read /var/lib/neutron/dhcp/d06e64aa-9efe-4857-be0b-2b059910ad4b/host
May 25 16:29:31 gtw01 dnsmasq-dhcp[2739]: read /var/lib/neutron/dhcp/d06e64aa-9efe-4857-be0b-2b059910ad4b/opts
May 25 16:29:32 gtw01 dnsmasq[2739]: read /var/lib/neutron/dhcp/d06e64aa-9efe-4857-be0b-2b059910ad4b/addn_hosts - 8 addresses
May 25 16:29:32 gtw01 dnsmasq-dhcp[2739]: read /var/lib/neutron/dhcp/d06e64aa-9efe-4857-be0b-2b059910ad4b/host
May 25 16:29:32 gtw01 dnsmasq-dhcp[2739]: read /var/lib/neutron/dhcp/d06e64aa-9efe-4857-be0b-2b059910ad4b/opts
May 25 16:29:33 gtw01 dnsmasq[2739]: read /var/lib/neutron/dhcp/d06e64aa-9efe-4857-be0b-2b059910ad4b/addn_hosts - 7 addresses
May 25 16:29:33 gtw01 dnsmasq-dhcp[2739]: read /var/lib/neutron/dhcp/d06e64aa-9efe-4857-be0b-2b059910ad4b/host
May 25 16:29:33 gtw01 dnsmasq-dhcp[2739]: read /var/lib/neutron/dhcp/d06e64aa-9efe-4857-be0b-2b059910ad4b/opts
May 25 16:29:34 gtw01 dnsmasq[2739]: read /var/lib/neutron/dhcp/d06e64aa-9efe-4857-be0b-2b059910ad4b/addn_hosts - 6 addresses
May 25 16:29:34 gtw01 dnsmasq-dhcp[2739]: read /var/lib/neutron/dhcp/d06e64aa-9efe-4857-be0b-2b059910ad4b/host
May 25 16:29:34 gtw01 dnsmasq-dhcp[2739]: read /var/lib/neutron/dhcp/d06e64aa-9efe-4857-be0b-2b059910ad4b/opts
May 25 16:29:35 gtw01 dnsmasq[2739]: read /var/lib/neutron/dhcp/d06e64aa-9efe-4857-be0b-2b059910ad4b/addn_hosts - 5 addresses
May 25 16:29:35 gtw01 dnsmasq-dhcp[2739]: read /var/lib/neutron/dhcp/d06e64aa-9efe-4857-be0b-2b059910ad4b/host
May 25 16:29:35 gtw01 dnsmasq-dhcp[2739]: read /var/lib/neutron/dhcp/d06e64aa-9efe-4857-be0b-2b059910ad4b/opts
May 25 16:29:36 gtw01 dnsmasq[2739]: read /var/lib/neutron/dhcp/d06e64aa-9efe-4857-be0b-2b059910ad4b/addn_hosts - 4 addresses
May 25 16:29:36 gtw01 dnsmasq-dhcp[2739]: read /var/lib/neutron/dhcp/d06e64aa-9efe-4857-be0b-2b059910ad4b/host
May 25 16:29:36 gtw01 dnsmasq-dhcp[2739]: read /var/lib/neutron/dhcp/d06e64aa-9efe-4857-be0b-2b059910ad4b/opts
May 25 16:29:38 gtw01 kernel: [ 4601.154263] device tap3fa7a417-89 entered promiscuous mode
May 25 16:29:38 gtw01 systemd-udevd[3713]: Could not generate persistent MAC address for tap3fa7a417-89: No such file or directory
May 25 16:29:38 gtw01 systemd-udevd[3713]: Process '/sbin/ip link set tap3fa7a417-89 txqueuelen 10000' failed with exit code 1.
May 25 16:29:38 gtw01 systemd-udevd[3787]: Process '/sbin/ip link set tap3fa7a417-89 txqueuelen 10000' failed with exit code 1.
May 25 16:29:39 gtw01 kernel: [ 4601.931196] device vxlan_sys_4789 left promiscuous mode
May 25 16:29:39 gtw01 dnsmasq[2739]: read /var/lib/neutron/dhcp/d06e64aa-9efe-4857-be0b-2b059910ad4b/addn_hosts - 3 addresses
May 25 16:29:39 gtw01 dnsmasq-dhcp[2739]: read /var/lib/neutron/dhcp/d06e64aa-9efe-4857-be0b-2b059910ad4b/host
May 25 16:29:39 gtw01 dnsmasq-dhcp[2739]: read /var/lib/neutron/dhcp/d06e64aa-9efe-4857-be0b-2b059910ad4b/opts
May 25 16:29:41 gtw01 dnsmasq[2739]: read /var/lib/neutron/dhcp/d06e64aa-9efe-4857-be0b-2b059910ad4b/addn_hosts - 2 addresses
May 25 16:29:41 gtw01 dnsmasq-dhcp[2739]: read /var/lib/neutron/dhcp/d06e64aa-9efe-4857-be0b-2b059910ad4b/host
May 25 16:29:41 gtw01 dnsmasq-dhcp[2739]: read /var/lib/neutron/dhcp/d06e64aa-9efe-4857-be0b-2b059910ad4b/opts
May 25 16:29:41 gtw01 dnsmasq[3914]: started, version 2.80 cachesize 150
May 25 16:29:41 gtw01 dnsmasq[3914]: DNS service limited to local subnets
May 25 16:29:41 gtw01 dnsmasq[3914]: compile time options: IPv6 GNU-getopt DBus i18n IDN DHCP DHCPv6 no-Lua TFTP conntrack ipset auth DNSSEC loop-detect inotify dumpfile
May 25 16:29:41 gtw01 dnsmasq[3914]: warning: no upstream servers configured
May 25 16:29:41 gtw01 dnsmasq-dhcp[3914]: DHCP, static leases only on 192.168.120.0, lease time 1h
May 25 16:29:41 gtw01 dnsmasq[3914]: read /var/lib/neutron/dhcp/19f716a5-014d-440b-b971-9ea4d901c027/addn_hosts - 1 addresses
May 25 16:29:41 gtw01 dnsmasq-dhcp[3914]: read /var/lib/neutron/dhcp/19f716a5-014d-440b-b971-9ea4d901c027/host
May 25 16:29:41 gtw01 dnsmasq-dhcp[3914]: read /var/lib/neutron/dhcp/19f716a5-014d-440b-b971-9ea4d901c027/opts
May 25 16:29:42 gtw01 dnsmasq[2739]: read /var/lib/neutron/dhcp/d06e64aa-9efe-4857-be0b-2b059910ad4b/addn_hosts - 3 addresses
May 25 16:29:42 gtw01 dnsmasq-dhcp[2739]: read /var/lib/neutron/dhcp/d06e64aa-9efe-4857-be0b-2b059910ad4b/host
May 25 16:29:42 gtw01 dnsmasq-dhcp[2739]: read /var/lib/neutron/dhcp/d06e64aa-9efe-4857-be0b-2b059910ad4b/opts
May 25 16:29:42 gtw01 haproxy-metadata-proxy-19f716a5-014d-440b-b971-9ea4d901c027[3922]: Proxy listener started.
May 25 16:29:43 gtw01 dnsmasq[3914]: read /var/lib/neutron/dhcp/19f716a5-014d-440b-b971-9ea4d901c027/addn_hosts - 2 addresses
May 25 16:29:43 gtw01 dnsmasq-dhcp[3914]: read /var/lib/neutron/dhcp/19f716a5-014d-440b-b971-9ea4d901c027/host
May 25 16:29:43 gtw01 dnsmasq-dhcp[3914]: read /var/lib/neutron/dhcp/19f716a5-014d-440b-b971-9ea4d901c027/opts
May 25 16:29:43 gtw01 dnsmasq[2739]: read /var/lib/neutron/dhcp/d06e64aa-9efe-4857-be0b-2b059910ad4b/addn_hosts - 3 addresses
May 25 16:29:43 gtw01 dnsmasq-dhcp[2739]: read /var/lib/neutron/dhcp/d06e64aa-9efe-4857-be0b-2b059910ad4b/host
May 25 16:29:43 gtw01 dnsmasq-dhcp[2739]: read /var/lib/neutron/dhcp/d06e64aa-9efe-4857-be0b-2b059910ad4b/opts
May 25 16:29:44 gtw01 dnsmasq[3914]: read /var/lib/neutron/dhcp/19f716a5-014d-440b-b971-9ea4d901c027/addn_hosts - 2 addresses
May 25 16:29:44 gtw01 dnsmasq-dhcp[3914]: read /var/lib/neutron/dhcp/19f716a5-014d-440b-b971-9ea4d901c027/host
May 25 16:29:44 gtw01 dnsmasq-dhcp[3914]: read /var/lib/neutron/dhcp/19f716a5-014d-440b-b971-9ea4d901c027/opts
May 25 16:29:44 gtw01 dnsmasq[2739]: read /var/lib/neutron/dhcp/d06e64aa-9efe-4857-be0b-2b059910ad4b/addn_hosts - 3 addresses
May 25 16:29:44 gtw01 dnsmasq-dhcp[2739]: read /var/lib/neutron/dhcp/d06e64aa-9efe-4857-be0b-2b059910ad4b/host
May 25 16:29:44 gtw01 dnsmasq-dhcp[2739]: read /var/lib/neutron/dhcp/d06e64aa-9efe-4857-be0b-2b059910ad4b/opts
May 25 16:29:44 gtw01 kernel: [ 4607.001469] device qg-c4f3af2f-32 entered promiscuous mode
May 25 16:29:44 gtw01 systemd-udevd[4034]: Could not generate persistent MAC address for qg-c4f3af2f-32: No such file or directory
May 25 16:29:45 gtw01 dnsmasq[3914]: read /var/lib/neutron/dhcp/19f716a5-014d-440b-b971-9ea4d901c027/addn_hosts - 2 addresses
May 25 16:29:45 gtw01 dnsmasq-dhcp[3914]: read /var/lib/neutron/dhcp/19f716a5-014d-440b-b971-9ea4d901c027/host
May 25 16:29:45 gtw01 dnsmasq-dhcp[3914]: read /var/lib/neutron/dhcp/19f716a5-014d-440b-b971-9ea4d901c027/opts
May 25 16:29:45 gtw01 dnsmasq[3914]: read /var/lib/neutron/dhcp/19f716a5-014d-440b-b971-9ea4d901c027/addn_hosts - 2 addresses
May 25 16:29:45 gtw01 dnsmasq-dhcp[3914]: read /var/lib/neutron/dhcp/19f716a5-014d-440b-b971-9ea4d901c027/host
May 25 16:29:45 gtw01 dnsmasq-dhcp[3914]: read /var/lib/neutron/dhcp/19f716a5-014d-440b-b971-9ea4d901c027/opts
May 25 16:29:46 gtw01 dnsmasq[3914]: read /var/lib/neutron/dhcp/19f716a5-014d-440b-b971-9ea4d901c027/addn_hosts - 2 addresses
May 25 16:29:46 gtw01 dnsmasq-dhcp[3914]: read /var/lib/neutron/dhcp/19f716a5-014d-440b-b971-9ea4d901c027/host
May 25 16:29:46 gtw01 dnsmasq-dhcp[3914]: read /var/lib/neutron/dhcp/19f716a5-014d-440b-b971-9ea4d901c027/opts
May 25 16:29:47 gtw01 systemd-udevd[4242]: Could not generate persistent MAC address for vxlan_sys_4789: No such file or directory
May 25 16:29:47 gtw01 kernel: [ 4610.331946] device vxlan_sys_4789 entered promiscuous mode
May 25 16:29:50 gtw01 haproxy-metadata-proxy-f109d07c-8cea-4b23-ab06-7e28163b254d[4356]: Proxy listener started.
May 25 16:29:52 gtw01 dnsmasq[3914]: read /var/lib/neutron/dhcp/19f716a5-014d-440b-b971-9ea4d901c027/addn_hosts - 3 addresses
May 25 16:29:52 gtw01 dnsmasq-dhcp[3914]: read /var/lib/neutron/dhcp/19f716a5-014d-440b-b971-9ea4d901c027/host
May 25 16:29:52 gtw01 dnsmasq-dhcp[3914]: read /var/lib/neutron/dhcp/19f716a5-014d-440b-b971-9ea4d901c027/opts
May 25 16:29:53 gtw01 kernel: [ 4615.559904] device vxlan_sys_4789 left promiscuous mode
May 25 16:29:53 gtw01 dnsmasq[3914]: read /var/lib/neutron/dhcp/19f716a5-014d-440b-b971-9ea4d901c027/addn_hosts - 3 addresses
May 25 16:29:53 gtw01 dnsmasq-dhcp[3914]: read /var/lib/neutron/dhcp/19f716a5-014d-440b-b971-9ea4d901c027/host
May 25 16:29:53 gtw01 dnsmasq-dhcp[3914]: read /var/lib/neutron/dhcp/19f716a5-014d-440b-b971-9ea4d901c027/opts
May 25 16:29:53 gtw01 kernel: [ 4616.164046] device qr-de4ec881-54 entered promiscuous mode
May 25 16:29:53 gtw01 systemd-udevd[4411]: Could not generate persistent MAC address for qr-de4ec881-54: No such file or directory
May 25 16:29:54 gtw01 dnsmasq[3914]: read /var/lib/neutron/dhcp/19f716a5-014d-440b-b971-9ea4d901c027/addn_hosts - 3 addresses
May 25 16:29:54 gtw01 dnsmasq-dhcp[3914]: read /var/lib/neutron/dhcp/19f716a5-014d-440b-b971-9ea4d901c027/host
May 25 16:29:54 gtw01 dnsmasq-dhcp[3914]: read /var/lib/neutron/dhcp/19f716a5-014d-440b-b971-9ea4d901c027/opts
May 25 16:29:55 gtw01 dnsmasq[2739]: read /var/lib/neutron/dhcp/d06e64aa-9efe-4857-be0b-2b059910ad4b/addn_hosts - 2 addresses
May 25 16:29:55 gtw01 dnsmasq-dhcp[2739]: read /var/lib/neutron/dhcp/d06e64aa-9efe-4857-be0b-2b059910ad4b/host
May 25 16:29:55 gtw01 dnsmasq-dhcp[2739]: read /var/lib/neutron/dhcp/d06e64aa-9efe-4857-be0b-2b059910ad4b/opts
May 25 16:29:55 gtw01 dnsmasq[3914]: read /var/lib/neutron/dhcp/19f716a5-014d-440b-b971-9ea4d901c027/addn_hosts - 3 addresses
May 25 16:29:55 gtw01 dnsmasq-dhcp[3914]: read /var/lib/neutron/dhcp/19f716a5-014d-440b-b971-9ea4d901c027/host
May 25 16:29:55 gtw01 dnsmasq-dhcp[3914]: read /var/lib/neutron/dhcp/19f716a5-014d-440b-b971-9ea4d901c027/opts
May 25 16:29:56 gtw01 dnsmasq[3914]: read /var/lib/neutron/dhcp/19f716a5-014d-440b-b971-9ea4d901c027/addn_hosts - 3 addresses
May 25 16:29:56 gtw01 dnsmasq-dhcp[3914]: read /var/lib/neutron/dhcp/19f716a5-014d-440b-b971-9ea4d901c027/host
May 25 16:29:56 gtw01 dnsmasq-dhcp[3914]: read /var/lib/neutron/dhcp/19f716a5-014d-440b-b971-9ea4d901c027/opts
May 25 16:29:57 gtw01 kernel: [ 4619.704844] device vxlan_sys_4789 entered promiscuous mode
May 25 16:29:57 gtw01 systemd-udevd[4661]: Could not generate persistent MAC address for vxlan_sys_4789: No such file or directory
May 25 16:29:58 gtw01 systemd-udevd[4784]: Could not generate persistent MAC address for tapc874ef59-59: No such file or directory
May 25 16:29:58 gtw01 kernel: [ 4621.332451] device tapc874ef59-59 entered promiscuous mode
May 25 16:29:58 gtw01 systemd-udevd[4784]: Process '/sbin/ip link set tapc874ef59-59 txqueuelen 10000' failed with exit code 1.
May 25 16:29:59 gtw01 systemd-udevd[4784]: Process '/sbin/ip link set tapc874ef59-59 txqueuelen 10000' failed with exit code 1.
May 25 16:30:02 gtw01 dnsmasq[4981]: started, version 2.80 cachesize 150
May 25 16:30:02 gtw01 dnsmasq[4981]: DNS service limited to local subnets
May 25 16:30:02 gtw01 dnsmasq[4981]: compile time options: IPv6 GNU-getopt DBus i18n IDN DHCP DHCPv6 no-Lua TFTP conntrack ipset auth DNSSEC loop-detect inotify dumpfile
May 25 16:30:02 gtw01 dnsmasq[4981]: warning: no upstream servers configured
May 25 16:30:02 gtw01 dnsmasq-dhcp[4981]: DHCP, static leases only on 192.168.120.0, lease time 1h
May 25 16:30:02 gtw01 dnsmasq[4981]: read /var/lib/neutron/dhcp/b8cbed9b-b46a-46a9-92ba-9b4f8b74f838/addn_hosts - 1 addresses
May 25 16:30:02 gtw01 dnsmasq-dhcp[4981]: read /var/lib/neutron/dhcp/b8cbed9b-b46a-46a9-92ba-9b4f8b74f838/host
May 25 16:30:02 gtw01 dnsmasq-dhcp[4981]: read /var/lib/neutron/dhcp/b8cbed9b-b46a-46a9-92ba-9b4f8b74f838/opts
May 25 16:30:02 gtw01 haproxy-metadata-proxy-b8cbed9b-b46a-46a9-92ba-9b4f8b74f838[4993]: Proxy listener started.
May 25 16:30:03 gtw01 kernel: [ 4625.674640] device tapc874ef59-59 left promiscuous mode
May 25 16:30:04 gtw01 systemd-udevd[5052]: Could not generate persistent MAC address for tap5ebaa891-ab: No such file or directory
May 25 16:30:04 gtw01 kernel: [ 4626.652243] device tap5ebaa891-ab entered promiscuous mode
May 25 16:30:04 gtw01 systemd-udevd[5052]: Process '/sbin/ip link set tap5ebaa891-ab txqueuelen 10000' failed with exit code 1.
May 25 16:30:04 gtw01 systemd-udevd[5052]: Process '/sbin/ip link set tap5ebaa891-ab txqueuelen 10000' failed with exit code 1.
May 25 16:30:06 gtw01 systemd-udevd[5255]: Could not generate persistent MAC address for qg-af05a62b-f7: No such file or directory
May 25 16:30:06 gtw01 kernel: [ 4629.312803] device qg-af05a62b-f7 entered promiscuous mode
May 25 16:30:07 gtw01 dnsmasq-dhcp[3914]: DHCPDISCOVER(tap3fa7a417-89) fa:16:3e:e4:d2:4f
May 25 16:30:07 gtw01 dnsmasq-dhcp[3914]: DHCPOFFER(tap3fa7a417-89) 192.168.120.4 fa:16:3e:e4:d2:4f
May 25 16:30:07 gtw01 dnsmasq-dhcp[3914]: DHCPREQUEST(tap3fa7a417-89) 192.168.120.4 fa:16:3e:e4:d2:4f
May 25 16:30:07 gtw01 dnsmasq-dhcp[3914]: DHCPACK(tap3fa7a417-89) 192.168.120.4 fa:16:3e:e4:d2:4f host-192-168-120-4
May 25 16:30:07 gtw01 dnsmasq[5354]: started, version 2.80 cachesize 150
May 25 16:30:07 gtw01 dnsmasq[5354]: DNS service limited to local subnets
May 25 16:30:07 gtw01 dnsmasq[5354]: compile time options: IPv6 GNU-getopt DBus i18n IDN DHCP DHCPv6 no-Lua TFTP conntrack ipset auth DNSSEC loop-detect inotify dumpfile
May 25 16:30:07 gtw01 dnsmasq[5354]: warning: no upstream servers configured
May 25 16:30:07 gtw01 dnsmasq-dhcp[5354]: DHCP, static leases only on 192.168.120.0, lease time 1h
May 25 16:30:07 gtw01 dnsmasq[5354]: read /var/lib/neutron/dhcp/d45bfe6e-5f6f-4464-86d5-b09d682eea21/addn_hosts - 1 addresses
May 25 16:30:07 gtw01 dnsmasq-dhcp[5354]: read /var/lib/neutron/dhcp/d45bfe6e-5f6f-4464-86d5-b09d682eea21/host
May 25 16:30:07 gtw01 dnsmasq-dhcp[5354]: read /var/lib/neutron/dhcp/d45bfe6e-5f6f-4464-86d5-b09d682eea21/opts
May 25 16:30:07 gtw01 haproxy-metadata-proxy-d45bfe6e-5f6f-4464-86d5-b09d682eea21[5364]: Proxy listener started.
May 25 16:30:08 gtw01 dnsmasq[5354]: read /var/lib/neutron/dhcp/d45bfe6e-5f6f-4464-86d5-b09d682eea21/addn_hosts - 2 addresses
May 25 16:30:08 gtw01 dnsmasq-dhcp[5354]: read /var/lib/neutron/dhcp/d45bfe6e-5f6f-4464-86d5-b09d682eea21/host
May 25 16:30:08 gtw01 dnsmasq-dhcp[5354]: read /var/lib/neutron/dhcp/d45bfe6e-5f6f-4464-86d5-b09d682eea21/opts
May 25 16:30:09 gtw01 dnsmasq[5354]: read /var/lib/neutron/dhcp/d45bfe6e-5f6f-4464-86d5-b09d682eea21/addn_hosts - 2 addresses
May 25 16:30:09 gtw01 dnsmasq-dhcp[5354]: read /var/lib/neutron/dhcp/d45bfe6e-5f6f-4464-86d5-b09d682eea21/host
May 25 16:30:09 gtw01 dnsmasq-dhcp[5354]: read /var/lib/neutron/dhcp/d45bfe6e-5f6f-4464-86d5-b09d682eea21/opts
May 25 16:30:09 gtw01 systemd-udevd[5479]: Could not generate persistent MAC address for tap07406225-dc: No such file or directory
May 25 16:30:09 gtw01 kernel: [ 4632.126820] device tap07406225-dc entered promiscuous mode
May 25 16:30:09 gtw01 systemd-udevd[5479]: Process '/sbin/ip link set tap07406225-dc txqueuelen 10000' failed with exit code 1.
May 25 16:30:10 gtw01 systemd-udevd[5612]: Could not generate persistent MAC address for tapef75ef61-3c: No such file or directory
May 25 16:30:10 gtw01 kernel: [ 4632.896561] device tapef75ef61-3c entered promiscuous mode
May 25 16:30:10 gtw01 systemd-udevd[5612]: Process '/sbin/ip link set tapef75ef61-3c txqueuelen 10000' failed with exit code 1.
May 25 16:30:10 gtw01 systemd-udevd[5612]: Process '/sbin/ip link set tapef75ef61-3c txqueuelen 10000' failed with exit code 1.
May 25 16:30:10 gtw01 dnsmasq[5354]: read /var/lib/neutron/dhcp/d45bfe6e-5f6f-4464-86d5-b09d682eea21/addn_hosts - 2 addresses
May 25 16:30:10 gtw01 dnsmasq-dhcp[5354]: read /var/lib/neutron/dhcp/d45bfe6e-5f6f-4464-86d5-b09d682eea21/host
May 25 16:30:10 gtw01 dnsmasq-dhcp[5354]: read /var/lib/neutron/dhcp/d45bfe6e-5f6f-4464-86d5-b09d682eea21/opts
May 25 16:30:10 gtw01 systemd-udevd[5727]: Could not generate persistent MAC address for tap94fc3e38-82: No such file or directory
May 25 16:30:10 gtw01 kernel: [ 4633.328600] device tap94fc3e38-82 entered promiscuous mode
May 25 16:30:11 gtw01 systemd-udevd[5727]: Process '/sbin/ip link set tap94fc3e38-82 txqueuelen 10000' failed with exit code 1.
May 25 16:30:12 gtw01 dnsmasq[5354]: read /var/lib/neutron/dhcp/d45bfe6e-5f6f-4464-86d5-b09d682eea21/addn_hosts - 2 addresses
May 25 16:30:12 gtw01 dnsmasq-dhcp[5354]: read /var/lib/neutron/dhcp/d45bfe6e-5f6f-4464-86d5-b09d682eea21/host
May 25 16:30:12 gtw01 dnsmasq-dhcp[5354]: read /var/lib/neutron/dhcp/d45bfe6e-5f6f-4464-86d5-b09d682eea21/opts
May 25 16:30:12 gtw01 haproxy-metadata-proxy-e2edd66b-c0cf-409d-bfd8-f4a4aee90343[5951]: Proxy listener started.
May 25 16:30:12 gtw01 dnsmasq-dhcp[3914]: DHCPRELEASE(tap3fa7a417-89) 192.168.120.4 fa:16:3e:e4:d2:4f
May 25 16:30:13 gtw01 dnsmasq-dhcp[3914]: DHCPRELEASE(tap3fa7a417-89) 192.168.120.4 fa:16:3e:e4:d2:4f unknown lease
May 25 16:30:13 gtw01 kernel: [ 4635.618552] device vxlan_sys_4789 left promiscuous mode
May 25 16:30:13 gtw01 dnsmasq[5354]: read /var/lib/neutron/dhcp/d45bfe6e-5f6f-4464-86d5-b09d682eea21/addn_hosts - 2 addresses
May 25 16:30:13 gtw01 dnsmasq-dhcp[5354]: read /var/lib/neutron/dhcp/d45bfe6e-5f6f-4464-86d5-b09d682eea21/host
May 25 16:30:13 gtw01 dnsmasq-dhcp[5354]: read /var/lib/neutron/dhcp/d45bfe6e-5f6f-4464-86d5-b09d682eea21/opts
May 25 16:30:13 gtw01 dnsmasq[6026]: started, version 2.80 cachesize 150
May 25 16:30:13 gtw01 dnsmasq[6026]: DNS service limited to local subnets
May 25 16:30:13 gtw01 dnsmasq[6026]: compile time options: IPv6 GNU-getopt DBus i18n IDN DHCP DHCPv6 no-Lua TFTP conntrack ipset auth DNSSEC loop-detect inotify dumpfile
May 25 16:30:13 gtw01 dnsmasq[6026]: warning: no upstream servers configured
May 25 16:30:13 gtw01 dnsmasq-dhcp[6026]: DHCP, static leases only on 192.168.120.0, lease time 1h
May 25 16:30:13 gtw01 dnsmasq[6026]: read /var/lib/neutron/dhcp/19d7ff2b-bc0e-4f2f-b541-10b4d7ca936e/addn_hosts - 1 addresses
May 25 16:30:13 gtw01 dnsmasq-dhcp[6026]: read /var/lib/neutron/dhcp/19d7ff2b-bc0e-4f2f-b541-10b4d7ca936e/host
May 25 16:30:13 gtw01 dnsmasq-dhcp[6026]: read /var/lib/neutron/dhcp/19d7ff2b-bc0e-4f2f-b541-10b4d7ca936e/opts
May 25 16:30:13 gtw01 haproxy-metadata-proxy-19d7ff2b-bc0e-4f2f-b541-10b4d7ca936e[6040]: Proxy listener started.
May 25 16:30:13 gtw01 dnsmasq[3914]: read /var/lib/neutron/dhcp/19f716a5-014d-440b-b971-9ea4d901c027/addn_hosts - 2 addresses
May 25 16:30:13 gtw01 dnsmasq-dhcp[3914]: read /var/lib/neutron/dhcp/19f716a5-014d-440b-b971-9ea4d901c027/host
May 25 16:30:13 gtw01 dnsmasq-dhcp[3914]: read /var/lib/neutron/dhcp/19f716a5-014d-440b-b971-9ea4d901c027/opts
May 25 16:30:14 gtw01 dnsmasq[5354]: read /var/lib/neutron/dhcp/d45bfe6e-5f6f-4464-86d5-b09d682eea21/addn_hosts - 2 addresses
May 25 16:30:14 gtw01 dnsmasq-dhcp[5354]: read /var/lib/neutron/dhcp/d45bfe6e-5f6f-4464-86d5-b09d682eea21/host
May 25 16:30:14 gtw01 dnsmasq-dhcp[5354]: read /var/lib/neutron/dhcp/d45bfe6e-5f6f-4464-86d5-b09d682eea21/opts
May 25 16:30:14 gtw01 dnsmasq[6096]: started, version 2.80 cachesize 150
May 25 16:30:14 gtw01 dnsmasq[6096]: DNS service limited to local subnets
May 25 16:30:14 gtw01 dnsmasq[6096]: compile time options: IPv6 GNU-getopt DBus i18n IDN DHCP DHCPv6 no-Lua TFTP conntrack ipset auth DNSSEC loop-detect inotify dumpfile
May 25 16:30:14 gtw01 dnsmasq[6096]: warning: no upstream servers configured
May 25 16:30:14 gtw01 dnsmasq-dhcp[6096]: DHCP, static leases only on 192.168.120.0, lease time 1h
May 25 16:30:14 gtw01 dnsmasq[6096]: read /var/lib/neutron/dhcp/a2a05df6-e686-4c93-8869-d11d3667c815/addn_hosts - 1 addresses
May 25 16:30:14 gtw01 dnsmasq-dhcp[6096]: read /var/lib/neutron/dhcp/a2a05df6-e686-4c93-8869-d11d3667c815/host
May 25 16:30:14 gtw01 dnsmasq-dhcp[6096]: read /var/lib/neutron/dhcp/a2a05df6-e686-4c93-8869-d11d3667c815/opts
May 25 16:30:14 gtw01 dnsmasq[6103]: started, version 2.80 cachesize 150
May 25 16:30:14 gtw01 dnsmasq[6103]: DNS service limited to local subnets
May 25 16:30:14 gtw01 dnsmasq[6103]: compile time options: IPv6 GNU-getopt DBus i18n IDN DHCP DHCPv6 no-Lua TFTP conntrack ipset auth DNSSEC loop-detect inotify dumpfile
May 25 16:30:14 gtw01 dnsmasq[6103]: warning: no upstream servers configured
May 25 16:30:14 gtw01 dnsmasq-dhcp[6103]: DHCP, static leases only on 192.168.121.0, lease time 1h
May 25 16:30:14 gtw01 dnsmasq[6103]: read /var/lib/neutron/dhcp/80a47b8c-333d-4b3c-ac7c-253e5fe428ed/addn_hosts - 1 addresses
May 25 16:30:14 gtw01 dnsmasq-dhcp[6103]: read /var/lib/neutron/dhcp/80a47b8c-333d-4b3c-ac7c-253e5fe428ed/host
May 25 16:30:14 gtw01 dnsmasq-dhcp[6103]: read /var/lib/neutron/dhcp/80a47b8c-333d-4b3c-ac7c-253e5fe428ed/opts
May 25 16:30:14 gtw01 haproxy-metadata-proxy-a2a05df6-e686-4c93-8869-d11d3667c815[6114]: Proxy listener started.
May 25 16:30:15 gtw01 haproxy-metadata-proxy-80a47b8c-333d-4b3c-ac7c-253e5fe428ed[6122]: Proxy listener started.
May 25 16:30:15 gtw01 dnsmasq[6026]: read /var/lib/neutron/dhcp/19d7ff2b-bc0e-4f2f-b541-10b4d7ca936e/addn_hosts - 2 addresses
May 25 16:30:15 gtw01 dnsmasq-dhcp[6026]: read /var/lib/neutron/dhcp/19d7ff2b-bc0e-4f2f-b541-10b4d7ca936e/host
May 25 16:30:15 gtw01 dnsmasq-dhcp[6026]: read /var/lib/neutron/dhcp/19d7ff2b-bc0e-4f2f-b541-10b4d7ca936e/opts
May 25 16:30:15 gtw01 kernel: [ 4638.093073] device qr-2f613de9-cb entered promiscuous mode
May 25 16:30:15 gtw01 systemd-udevd[6176]: Could not generate persistent MAC address for qr-2f613de9-cb: No such file or directory
May 25 16:30:15 gtw01 dnsmasq[5354]: read /var/lib/neutron/dhcp/d45bfe6e-5f6f-4464-86d5-b09d682eea21/addn_hosts - 2 addresses
May 25 16:30:15 gtw01 dnsmasq-dhcp[5354]: read /var/lib/neutron/dhcp/d45bfe6e-5f6f-4464-86d5-b09d682eea21/host
May 25 16:30:15 gtw01 dnsmasq-dhcp[5354]: read /var/lib/neutron/dhcp/d45bfe6e-5f6f-4464-86d5-b09d682eea21/opts
May 25 16:30:16 gtw01 dnsmasq[6103]: read /var/lib/neutron/dhcp/80a47b8c-333d-4b3c-ac7c-253e5fe428ed/addn_hosts - 2 addresses
May 25 16:30:16 gtw01 dnsmasq-dhcp[6103]: read /var/lib/neutron/dhcp/80a47b8c-333d-4b3c-ac7c-253e5fe428ed/host
May 25 16:30:16 gtw01 dnsmasq-dhcp[6103]: read /var/lib/neutron/dhcp/80a47b8c-333d-4b3c-ac7c-253e5fe428ed/opts
May 25 16:30:16 gtw01 dnsmasq[6096]: read /var/lib/neutron/dhcp/a2a05df6-e686-4c93-8869-d11d3667c815/addn_hosts - 1 addresses
May 25 16:30:16 gtw01 dnsmasq-dhcp[6096]: read /var/lib/neutron/dhcp/a2a05df6-e686-4c93-8869-d11d3667c815/host
May 25 16:30:16 gtw01 dnsmasq-dhcp[6096]: read /var/lib/neutron/dhcp/a2a05df6-e686-4c93-8869-d11d3667c815/opts
May 25 16:30:17 gtw01 dnsmasq[6026]: read /var/lib/neutron/dhcp/19d7ff2b-bc0e-4f2f-b541-10b4d7ca936e/addn_hosts - 2 addresses
May 25 16:30:17 gtw01 dnsmasq-dhcp[6026]: read /var/lib/neutron/dhcp/19d7ff2b-bc0e-4f2f-b541-10b4d7ca936e/host
May 25 16:30:17 gtw01 dnsmasq-dhcp[6026]: read /var/lib/neutron/dhcp/19d7ff2b-bc0e-4f2f-b541-10b4d7ca936e/opts
May 25 16:30:17 gtw01 dnsmasq[5354]: read /var/lib/neutron/dhcp/d45bfe6e-5f6f-4464-86d5-b09d682eea21/addn_hosts - 3 addresses
May 25 16:30:17 gtw01 dnsmasq-dhcp[5354]: read /var/lib/neutron/dhcp/d45bfe6e-5f6f-4464-86d5-b09d682eea21/host
May 25 16:30:17 gtw01 dnsmasq-dhcp[5354]: read /var/lib/neutron/dhcp/d45bfe6e-5f6f-4464-86d5-b09d682eea21/opts
May 25 16:30:17 gtw01 dnsmasq[6096]: read /var/lib/neutron/dhcp/a2a05df6-e686-4c93-8869-d11d3667c815/addn_hosts - 1 addresses
May 25 16:30:17 gtw01 dnsmasq-dhcp[6096]: read /var/lib/neutron/dhcp/a2a05df6-e686-4c93-8869-d11d3667c815/host
May 25 16:30:17 gtw01 dnsmasq-dhcp[6096]: read /var/lib/neutron/dhcp/a2a05df6-e686-4c93-8869-d11d3667c815/opts
May 25 16:30:17 gtw01 dnsmasq[6103]: read /var/lib/neutron/dhcp/80a47b8c-333d-4b3c-ac7c-253e5fe428ed/addn_hosts - 2 addresses
May 25 16:30:17 gtw01 dnsmasq-dhcp[6103]: read /var/lib/neutron/dhcp/80a47b8c-333d-4b3c-ac7c-253e5fe428ed/host
May 25 16:30:17 gtw01 dnsmasq-dhcp[6103]: read /var/lib/neutron/dhcp/80a47b8c-333d-4b3c-ac7c-253e5fe428ed/opts
May 25 16:30:18 gtw01 dnsmasq[3914]: read /var/lib/neutron/dhcp/19f716a5-014d-440b-b971-9ea4d901c027/addn_hosts - 1 addresses
May 25 16:30:18 gtw01 dnsmasq-dhcp[3914]: read /var/lib/neutron/dhcp/19f716a5-014d-440b-b971-9ea4d901c027/host
May 25 16:30:18 gtw01 dnsmasq-dhcp[3914]: read /var/lib/neutron/dhcp/19f716a5-014d-440b-b971-9ea4d901c027/opts
May 25 16:30:18 gtw01 dnsmasq[6026]: read /var/lib/neutron/dhcp/19d7ff2b-bc0e-4f2f-b541-10b4d7ca936e/addn_hosts - 2 addresses
May 25 16:30:18 gtw01 dnsmasq-dhcp[6026]: read /var/lib/neutron/dhcp/19d7ff2b-bc0e-4f2f-b541-10b4d7ca936e/host
May 25 16:30:18 gtw01 dnsmasq-dhcp[6026]: read /var/lib/neutron/dhcp/19d7ff2b-bc0e-4f2f-b541-10b4d7ca936e/opts
May 25 16:30:18 gtw01 dnsmasq[5354]: read /var/lib/neutron/dhcp/d45bfe6e-5f6f-4464-86d5-b09d682eea21/addn_hosts - 3 addresses
May 25 16:30:18 gtw01 dnsmasq-dhcp[5354]: read /var/lib/neutron/dhcp/d45bfe6e-5f6f-4464-86d5-b09d682eea21/host
May 25 16:30:18 gtw01 dnsmasq-dhcp[5354]: read /var/lib/neutron/dhcp/d45bfe6e-5f6f-4464-86d5-b09d682eea21/opts
May 25 16:30:19 gtw01 dnsmasq[6096]: read /var/lib/neutron/dhcp/a2a05df6-e686-4c93-8869-d11d3667c815/addn_hosts - 2 addresses
May 25 16:30:19 gtw01 dnsmasq-dhcp[6096]: read /var/lib/neutron/dhcp/a2a05df6-e686-4c93-8869-d11d3667c815/host
May 25 16:30:19 gtw01 dnsmasq-dhcp[6096]: read /var/lib/neutron/dhcp/a2a05df6-e686-4c93-8869-d11d3667c815/opts
May 25 16:30:19 gtw01 dnsmasq[6103]: read /var/lib/neutron/dhcp/80a47b8c-333d-4b3c-ac7c-253e5fe428ed/addn_hosts - 2 addresses
May 25 16:30:19 gtw01 dnsmasq-dhcp[6103]: read /var/lib/neutron/dhcp/80a47b8c-333d-4b3c-ac7c-253e5fe428ed/host
May 25 16:30:19 gtw01 dnsmasq-dhcp[6103]: read /var/lib/neutron/dhcp/80a47b8c-333d-4b3c-ac7c-253e5fe428ed/opts
May 25 16:30:19 gtw01 haproxy-metadata-proxy-19f716a5-014d-440b-b971-9ea4d901c027[6564]: Proxy listener started.
May 25 16:30:20 gtw01 kernel: [ 4642.604298] device qr-de4ec881-54 left promiscuous mode
May 25 16:30:20 gtw01 dnsmasq[5354]: read /var/lib/neutron/dhcp/d45bfe6e-5f6f-4464-86d5-b09d682eea21/addn_hosts - 3 addresses
May 25 16:30:20 gtw01 dnsmasq-dhcp[5354]: read /var/lib/neutron/dhcp/d45bfe6e-5f6f-4464-86d5-b09d682eea21/host
May 25 16:30:20 gtw01 dnsmasq-dhcp[5354]: read /var/lib/neutron/dhcp/d45bfe6e-5f6f-4464-86d5-b09d682eea21/opts
May 25 16:30:20 gtw01 dnsmasq[6026]: read /var/lib/neutron/dhcp/19d7ff2b-bc0e-4f2f-b541-10b4d7ca936e/addn_hosts - 2 addresses
May 25 16:30:20 gtw01 dnsmasq-dhcp[6026]: read /var/lib/neutron/dhcp/19d7ff2b-bc0e-4f2f-b541-10b4d7ca936e/host
May 25 16:30:20 gtw01 dnsmasq-dhcp[6026]: read /var/lib/neutron/dhcp/19d7ff2b-bc0e-4f2f-b541-10b4d7ca936e/opts
May 25 16:30:20 gtw01 dnsmasq[6103]: read /var/lib/neutron/dhcp/80a47b8c-333d-4b3c-ac7c-253e5fe428ed/addn_hosts - 2 addresses
May 25 16:30:20 gtw01 dnsmasq-dhcp[6103]: read /var/lib/neutron/dhcp/80a47b8c-333d-4b3c-ac7c-253e5fe428ed/host
May 25 16:30:20 gtw01 dnsmasq-dhcp[6103]: read /var/lib/neutron/dhcp/80a47b8c-333d-4b3c-ac7c-253e5fe428ed/opts
May 25 16:30:20 gtw01 kernel: [ 4643.310937] device tapef75ef61-3c left promiscuous mode
May 25 16:30:21 gtw01 kernel: [ 4643.460742] device qg-c4f3af2f-32 left promiscuous mode
May 25 16:30:21 gtw01 systemd-udevd[6695]: Could not generate persistent MAC address for vxlan_sys_4789: No such file or directory
May 25 16:30:21 gtw01 kernel: [ 4643.697686] device vxlan_sys_4789 entered promiscuous mode
May 25 16:30:21 gtw01 dnsmasq[6026]: read /var/lib/neutron/dhcp/19d7ff2b-bc0e-4f2f-b541-10b4d7ca936e/addn_hosts - 2 addresses
May 25 16:30:21 gtw01 dnsmasq-dhcp[6026]: read /var/lib/neutron/dhcp/19d7ff2b-bc0e-4f2f-b541-10b4d7ca936e/host
May 25 16:30:21 gtw01 dnsmasq-dhcp[6026]: read /var/lib/neutron/dhcp/19d7ff2b-bc0e-4f2f-b541-10b4d7ca936e/opts
May 25 16:30:21 gtw01 dnsmasq[6103]: read /var/lib/neutron/dhcp/80a47b8c-333d-4b3c-ac7c-253e5fe428ed/addn_hosts - 2 addresses
May 25 16:30:21 gtw01 dnsmasq-dhcp[6103]: read /var/lib/neutron/dhcp/80a47b8c-333d-4b3c-ac7c-253e5fe428ed/host
May 25 16:30:21 gtw01 dnsmasq-dhcp[6103]: read /var/lib/neutron/dhcp/80a47b8c-333d-4b3c-ac7c-253e5fe428ed/opts
May 25 16:30:22 gtw01 dnsmasq[6026]: read /var/lib/neutron/dhcp/19d7ff2b-bc0e-4f2f-b541-10b4d7ca936e/addn_hosts - 1 addresses
May 25 16:30:22 gtw01 dnsmasq-dhcp[6026]: read /var/lib/neutron/dhcp/19d7ff2b-bc0e-4f2f-b541-10b4d7ca936e/host
May 25 16:30:22 gtw01 dnsmasq-dhcp[6026]: read /var/lib/neutron/dhcp/19d7ff2b-bc0e-4f2f-b541-10b4d7ca936e/opts
May 25 16:30:22 gtw01 dnsmasq[6103]: read /var/lib/neutron/dhcp/80a47b8c-333d-4b3c-ac7c-253e5fe428ed/addn_hosts - 1 addresses
May 25 16:30:22 gtw01 dnsmasq-dhcp[6103]: read /var/lib/neutron/dhcp/80a47b8c-333d-4b3c-ac7c-253e5fe428ed/host
May 25 16:30:22 gtw01 dnsmasq-dhcp[6103]: read /var/lib/neutron/dhcp/80a47b8c-333d-4b3c-ac7c-253e5fe428ed/opts
May 25 16:30:23 gtw01 haproxy-metadata-proxy-19d7ff2b-bc0e-4f2f-b541-10b4d7ca936e[6918]: Proxy listener started.
May 25 16:30:23 gtw01 haproxy-metadata-proxy-80a47b8c-333d-4b3c-ac7c-253e5fe428ed[6926]: Proxy listener started.
May 25 16:30:23 gtw01 kernel: [ 4646.251170] device tap3fa7a417-89 left promiscuous mode
May 25 16:30:24 gtw01 kernel: [ 4647.116069] device tap94fc3e38-82 left promiscuous mode
May 25 16:30:25 gtw01 kernel: [ 4648.400320] device tap07406225-dc left promiscuous mode
May 25 16:30:30 gtw01 systemd-udevd[7107]: Could not generate persistent MAC address for tap96dce877-c1: No such file or directory
May 25 16:30:30 gtw01 kernel: [ 4652.620097] device tap96dce877-c1 entered promiscuous mode
May 25 16:30:30 gtw01 systemd-udevd[7107]: Process '/sbin/ip link set tap96dce877-c1 txqueuelen 10000' failed with exit code 1.
May 25 16:30:30 gtw01 systemd-udevd[7183]: Process '/sbin/ip link set tap96dce877-c1 txqueuelen 10000' failed with exit code 1.
May 25 16:30:30 gtw01 systemd-udevd[7215]: Could not generate persistent MAC address for tapae6026a5-4b: No such file or directory
May 25 16:30:30 gtw01 kernel: [ 4653.258957] device tapae6026a5-4b entered promiscuous mode
May 25 16:30:30 gtw01 systemd-udevd[7282]: Process '/sbin/ip link set tapae6026a5-4b txqueuelen 10000' failed with exit code 1.
May 25 16:30:31 gtw01 dnsmasq-dhcp[5354]: DHCPDISCOVER(tap5ebaa891-ab) fa:16:3e:43:33:e5
May 25 16:30:31 gtw01 dnsmasq-dhcp[5354]: DHCPOFFER(tap5ebaa891-ab) 192.168.120.12 fa:16:3e:43:33:e5
May 25 16:30:31 gtw01 dnsmasq-dhcp[5354]: DHCPREQUEST(tap5ebaa891-ab) 192.168.120.12 fa:16:3e:43:33:e5
May 25 16:30:31 gtw01 dnsmasq-dhcp[5354]: DHCPACK(tap5ebaa891-ab) 192.168.120.12 fa:16:3e:43:33:e5 host-192-168-120-12
May 25 16:30:33 gtw01 dnsmasq[7423]: started, version 2.80 cachesize 150
May 25 16:30:33 gtw01 dnsmasq[7423]: DNS service limited to local subnets
May 25 16:30:33 gtw01 dnsmasq[7423]: compile time options: IPv6 GNU-getopt DBus i18n IDN DHCP DHCPv6 no-Lua TFTP conntrack ipset auth DNSSEC loop-detect inotify dumpfile
May 25 16:30:33 gtw01 dnsmasq[7423]: warning: no upstream servers configured
May 25 16:30:33 gtw01 dnsmasq-dhcp[7423]: DHCP, static leases only on 192.168.120.0, lease time 1h
May 25 16:30:33 gtw01 dnsmasq[7423]: read /var/lib/neutron/dhcp/f469cb8f-c9f3-4dd9-bab6-548829995ddc/addn_hosts - 1 addresses
May 25 16:30:33 gtw01 dnsmasq-dhcp[7423]: read /var/lib/neutron/dhcp/f469cb8f-c9f3-4dd9-bab6-548829995ddc/host
May 25 16:30:33 gtw01 dnsmasq-dhcp[7423]: read /var/lib/neutron/dhcp/f469cb8f-c9f3-4dd9-bab6-548829995ddc/opts
May 25 16:30:33 gtw01 haproxy-metadata-proxy-f469cb8f-c9f3-4dd9-bab6-548829995ddc[7433]: Proxy listener started.
May 25 16:30:33 gtw01 kernel: [ 4656.340967] device qg-e73406be-0e entered promiscuous mode
May 25 16:30:33 gtw01 systemd-udevd[7450]: Could not generate persistent MAC address for qg-e73406be-0e: No such file or directory
May 25 16:30:34 gtw01 dnsmasq[7536]: started, version 2.80 cachesize 150
May 25 16:30:34 gtw01 dnsmasq[7536]: DNS service limited to local subnets
May 25 16:30:34 gtw01 dnsmasq[7536]: compile time options: IPv6 GNU-getopt DBus i18n IDN DHCP DHCPv6 no-Lua TFTP conntrack ipset auth DNSSEC loop-detect inotify dumpfile
May 25 16:30:34 gtw01 dnsmasq[7536]: warning: no upstream servers configured
May 25 16:30:34 gtw01 dnsmasq-dhcp[7536]: DHCP, static leases only on 192.168.120.0, lease time 1h
May 25 16:30:34 gtw01 dnsmasq[7536]: read /var/lib/neutron/dhcp/13b448bd-c38d-438e-894a-cfeaff6008e5/addn_hosts - 1 addresses
May 25 16:30:34 gtw01 dnsmasq-dhcp[7536]: read /var/lib/neutron/dhcp/13b448bd-c38d-438e-894a-cfeaff6008e5/host
