May 25 16:46:12 gtw01 dnsmasq-dhcp[1345]: read /var/lib/neutron/dhcp/8457a8ba-b96e-4c32-8253-4123ba526873/opts
May 25 16:46:13 gtw01 dnsmasq[1345]: read /var/lib/neutron/dhcp/8457a8ba-b96e-4c32-8253-4123ba526873/addn_hosts - 3 addresses
May 25 16:46:13 gtw01 dnsmasq-dhcp[1345]: read /var/lib/neutron/dhcp/8457a8ba-b96e-4c32-8253-4123ba526873/host
May 25 16:46:13 gtw01 dnsmasq-dhcp[1345]: read /var/lib/neutron/dhcp/8457a8ba-b96e-4c32-8253-4123ba526873/opts
May 25 16:46:14 gtw01 dnsmasq[1345]: read /var/lib/neutron/dhcp/8457a8ba-b96e-4c32-8253-4123ba526873/addn_hosts - 3 addresses
May 25 16:46:14 gtw01 dnsmasq-dhcp[1345]: read /var/lib/neutron/dhcp/8457a8ba-b96e-4c32-8253-4123ba526873/host
May 25 16:46:14 gtw01 dnsmasq-dhcp[1345]: read /var/lib/neutron/dhcp/8457a8ba-b96e-4c32-8253-4123ba526873/opts
May 25 16:46:14 gtw01 dnsmasq[30731]: read /var/lib/neutron/dhcp/076c066b-6add-446f-a81a-49d9109799d2/addn_hosts - 4 addresses
May 25 16:46:14 gtw01 dnsmasq-dhcp[30731]: read /var/lib/neutron/dhcp/076c066b-6add-446f-a81a-49d9109799d2/host
May 25 16:46:14 gtw01 dnsmasq-dhcp[30731]: read /var/lib/neutron/dhcp/076c066b-6add-446f-a81a-49d9109799d2/opts
May 25 16:46:15 gtw01 dnsmasq[30731]: read /var/lib/neutron/dhcp/076c066b-6add-446f-a81a-49d9109799d2/addn_hosts - 4 addresses
May 25 16:46:15 gtw01 dnsmasq-dhcp[30731]: read /var/lib/neutron/dhcp/076c066b-6add-446f-a81a-49d9109799d2/host
May 25 16:46:15 gtw01 dnsmasq-dhcp[30731]: read /var/lib/neutron/dhcp/076c066b-6add-446f-a81a-49d9109799d2/opts
May 25 16:46:16 gtw01 dnsmasq[30731]: read /var/lib/neutron/dhcp/076c066b-6add-446f-a81a-49d9109799d2/addn_hosts - 4 addresses
May 25 16:46:16 gtw01 dnsmasq-dhcp[30731]: read /var/lib/neutron/dhcp/076c066b-6add-446f-a81a-49d9109799d2/host
May 25 16:46:16 gtw01 dnsmasq-dhcp[30731]: read /var/lib/neutron/dhcp/076c066b-6add-446f-a81a-49d9109799d2/opts
May 25 16:46:20 gtw01 dnsmasq-dhcp[16242]: DHCPDISCOVER(tap5dbf6d42-f5) fa:16:3e:2e:81:fe
May 25 16:46:20 gtw01 dnsmasq-dhcp[16242]: DHCPOFFER(tap5dbf6d42-f5) 192.168.120.14 fa:16:3e:2e:81:fe
May 25 16:46:20 gtw01 dnsmasq-dhcp[16242]: DHCPREQUEST(tap5dbf6d42-f5) 192.168.120.14 fa:16:3e:2e:81:fe
May 25 16:46:20 gtw01 dnsmasq-dhcp[16242]: DHCPACK(tap5dbf6d42-f5) 192.168.120.14 fa:16:3e:2e:81:fe host-192-168-120-14
May 25 16:46:21 gtw01 dnsmasq[30731]: read /var/lib/neutron/dhcp/076c066b-6add-446f-a81a-49d9109799d2/addn_hosts - 5 addresses
May 25 16:46:21 gtw01 dnsmasq-dhcp[30731]: read /var/lib/neutron/dhcp/076c066b-6add-446f-a81a-49d9109799d2/host
May 25 16:46:21 gtw01 dnsmasq-dhcp[30731]: read /var/lib/neutron/dhcp/076c066b-6add-446f-a81a-49d9109799d2/opts
May 25 16:46:22 gtw01 dnsmasq[30731]: read /var/lib/neutron/dhcp/076c066b-6add-446f-a81a-49d9109799d2/addn_hosts - 5 addresses
May 25 16:46:22 gtw01 dnsmasq-dhcp[30731]: read /var/lib/neutron/dhcp/076c066b-6add-446f-a81a-49d9109799d2/host
May 25 16:46:22 gtw01 dnsmasq-dhcp[30731]: read /var/lib/neutron/dhcp/076c066b-6add-446f-a81a-49d9109799d2/opts
May 25 16:46:23 gtw01 dnsmasq[30731]: read /var/lib/neutron/dhcp/076c066b-6add-446f-a81a-49d9109799d2/addn_hosts - 5 addresses
May 25 16:46:23 gtw01 dnsmasq-dhcp[30731]: read /var/lib/neutron/dhcp/076c066b-6add-446f-a81a-49d9109799d2/host
May 25 16:46:23 gtw01 dnsmasq-dhcp[30731]: read /var/lib/neutron/dhcp/076c066b-6add-446f-a81a-49d9109799d2/opts
May 25 16:46:26 gtw01 dnsmasq-dhcp[1345]: DHCPDISCOVER(tap760d349b-e4) fa:16:3e:f2:a1:a8
May 25 16:46:26 gtw01 dnsmasq-dhcp[1345]: DHCPOFFER(tap760d349b-e4) 192.168.120.12 fa:16:3e:f2:a1:a8
May 25 16:46:26 gtw01 dnsmasq-dhcp[1345]: DHCPREQUEST(tap760d349b-e4) 192.168.120.12 fa:16:3e:f2:a1:a8
May 25 16:46:26 gtw01 dnsmasq-dhcp[1345]: DHCPACK(tap760d349b-e4) 192.168.120.12 fa:16:3e:f2:a1:a8 host-192-168-120-12
May 25 16:46:28 gtw01 dnsmasq[30731]: read /var/lib/neutron/dhcp/076c066b-6add-446f-a81a-49d9109799d2/addn_hosts - 4 addresses
May 25 16:46:28 gtw01 dnsmasq-dhcp[30731]: read /var/lib/neutron/dhcp/076c066b-6add-446f-a81a-49d9109799d2/host
May 25 16:46:28 gtw01 dnsmasq-dhcp[30731]: read /var/lib/neutron/dhcp/076c066b-6add-446f-a81a-49d9109799d2/opts
May 25 16:46:29 gtw01 dnsmasq[30731]: read /var/lib/neutron/dhcp/076c066b-6add-446f-a81a-49d9109799d2/addn_hosts - 3 addresses
May 25 16:46:29 gtw01 dnsmasq-dhcp[30731]: read /var/lib/neutron/dhcp/076c066b-6add-446f-a81a-49d9109799d2/host
May 25 16:46:29 gtw01 dnsmasq-dhcp[30731]: read /var/lib/neutron/dhcp/076c066b-6add-446f-a81a-49d9109799d2/opts
May 25 16:46:31 gtw01 dnsmasq-dhcp[16242]: DHCPRELEASE(tap5dbf6d42-f5) 192.168.120.14 fa:16:3e:2e:81:fe
May 25 16:46:37 gtw01 dnsmasq-dhcp[30731]: DHCPRELEASE(tap0284c42b-10) 192.168.120.9 fa:16:3e:52:8f:60
May 25 16:46:37 gtw01 dnsmasq-dhcp[30731]: DHCPRELEASE(tap0284c42b-10) 192.168.120.9 fa:16:3e:52:8f:60 unknown lease
May 25 16:46:37 gtw01 dnsmasq[16242]: read /var/lib/neutron/dhcp/ca8edbbf-c59c-449c-9890-4e53a478c062/addn_hosts - 2 addresses
May 25 16:46:37 gtw01 dnsmasq-dhcp[16242]: read /var/lib/neutron/dhcp/ca8edbbf-c59c-449c-9890-4e53a478c062/host
May 25 16:46:37 gtw01 dnsmasq-dhcp[16242]: read /var/lib/neutron/dhcp/ca8edbbf-c59c-449c-9890-4e53a478c062/opts
May 25 16:46:37 gtw01 dnsmasq-dhcp[1345]: DHCPRELEASE(tap760d349b-e4) 192.168.120.12 fa:16:3e:f2:a1:a8
May 25 16:46:37 gtw01 dnsmasq-dhcp[1345]: DHCPRELEASE(tap760d349b-e4) 192.168.120.12 fa:16:3e:f2:a1:a8 unknown lease
May 25 16:46:38 gtw01 dnsmasq[30731]: read /var/lib/neutron/dhcp/076c066b-6add-446f-a81a-49d9109799d2/addn_hosts - 2 addresses
May 25 16:46:38 gtw01 dnsmasq-dhcp[30731]: read /var/lib/neutron/dhcp/076c066b-6add-446f-a81a-49d9109799d2/host
May 25 16:46:38 gtw01 dnsmasq-dhcp[30731]: read /var/lib/neutron/dhcp/076c066b-6add-446f-a81a-49d9109799d2/opts
May 25 16:46:38 gtw01 dnsmasq[1345]: read /var/lib/neutron/dhcp/8457a8ba-b96e-4c32-8253-4123ba526873/addn_hosts - 2 addresses
May 25 16:46:38 gtw01 dnsmasq-dhcp[1345]: read /var/lib/neutron/dhcp/8457a8ba-b96e-4c32-8253-4123ba526873/host
May 25 16:46:38 gtw01 dnsmasq-dhcp[1345]: read /var/lib/neutron/dhcp/8457a8ba-b96e-4c32-8253-4123ba526873/opts
May 25 16:46:41 gtw01 dnsmasq[16242]: read /var/lib/neutron/dhcp/ca8edbbf-c59c-449c-9890-4e53a478c062/addn_hosts - 3 addresses
May 25 16:46:41 gtw01 dnsmasq-dhcp[16242]: read /var/lib/neutron/dhcp/ca8edbbf-c59c-449c-9890-4e53a478c062/host
May 25 16:46:41 gtw01 dnsmasq-dhcp[16242]: read /var/lib/neutron/dhcp/ca8edbbf-c59c-449c-9890-4e53a478c062/opts
May 25 16:46:42 gtw01 dnsmasq[1345]: read /var/lib/neutron/dhcp/8457a8ba-b96e-4c32-8253-4123ba526873/addn_hosts - 1 addresses
May 25 16:46:42 gtw01 dnsmasq-dhcp[1345]: read /var/lib/neutron/dhcp/8457a8ba-b96e-4c32-8253-4123ba526873/host
May 25 16:46:42 gtw01 dnsmasq-dhcp[1345]: read /var/lib/neutron/dhcp/8457a8ba-b96e-4c32-8253-4123ba526873/opts
May 25 16:46:42 gtw01 dnsmasq[30731]: read /var/lib/neutron/dhcp/076c066b-6add-446f-a81a-49d9109799d2/addn_hosts - 3 addresses
May 25 16:46:42 gtw01 dnsmasq-dhcp[30731]: read /var/lib/neutron/dhcp/076c066b-6add-446f-a81a-49d9109799d2/host
May 25 16:46:42 gtw01 dnsmasq-dhcp[30731]: read /var/lib/neutron/dhcp/076c066b-6add-446f-a81a-49d9109799d2/opts
May 25 16:46:42 gtw01 dnsmasq[16242]: read /var/lib/neutron/dhcp/ca8edbbf-c59c-449c-9890-4e53a478c062/addn_hosts - 3 addresses
May 25 16:46:42 gtw01 dnsmasq-dhcp[16242]: read /var/lib/neutron/dhcp/ca8edbbf-c59c-449c-9890-4e53a478c062/host
May 25 16:46:42 gtw01 dnsmasq-dhcp[16242]: read /var/lib/neutron/dhcp/ca8edbbf-c59c-449c-9890-4e53a478c062/opts
May 25 16:46:43 gtw01 haproxy-metadata-proxy-8457a8ba-b96e-4c32-8253-4123ba526873[2600]: Proxy listener started.
May 25 16:46:43 gtw01 dnsmasq[16242]: read /var/lib/neutron/dhcp/ca8edbbf-c59c-449c-9890-4e53a478c062/addn_hosts - 3 addresses
May 25 16:46:43 gtw01 dnsmasq-dhcp[16242]: read /var/lib/neutron/dhcp/ca8edbbf-c59c-449c-9890-4e53a478c062/host
May 25 16:46:43 gtw01 dnsmasq-dhcp[16242]: read /var/lib/neutron/dhcp/ca8edbbf-c59c-449c-9890-4e53a478c062/opts
May 25 16:46:44 gtw01 kernel: [ 5626.704872] device qr-19cd3976-ad left promiscuous mode
May 25 16:46:45 gtw01 kernel: [ 5627.559293] device qg-e1d3bcb9-9c left promiscuous mode
May 25 16:46:48 gtw01 kernel: [ 5630.742491] device tap760d349b-e4 left promiscuous mode
May 25 16:46:49 gtw01 dnsmasq[30731]: read /var/lib/neutron/dhcp/076c066b-6add-446f-a81a-49d9109799d2/addn_hosts - 4 addresses
May 25 16:46:49 gtw01 dnsmasq-dhcp[30731]: read /var/lib/neutron/dhcp/076c066b-6add-446f-a81a-49d9109799d2/host
May 25 16:46:49 gtw01 dnsmasq-dhcp[30731]: read /var/lib/neutron/dhcp/076c066b-6add-446f-a81a-49d9109799d2/opts
May 25 16:46:50 gtw01 dnsmasq[30731]: read /var/lib/neutron/dhcp/076c066b-6add-446f-a81a-49d9109799d2/addn_hosts - 4 addresses
May 25 16:46:50 gtw01 dnsmasq-dhcp[30731]: read /var/lib/neutron/dhcp/076c066b-6add-446f-a81a-49d9109799d2/host
May 25 16:46:50 gtw01 dnsmasq-dhcp[30731]: read /var/lib/neutron/dhcp/076c066b-6add-446f-a81a-49d9109799d2/opts
May 25 16:46:50 gtw01 dnsmasq[16242]: read /var/lib/neutron/dhcp/ca8edbbf-c59c-449c-9890-4e53a478c062/addn_hosts - 2 addresses
May 25 16:46:50 gtw01 dnsmasq-dhcp[16242]: read /var/lib/neutron/dhcp/ca8edbbf-c59c-449c-9890-4e53a478c062/host
May 25 16:46:50 gtw01 dnsmasq-dhcp[16242]: read /var/lib/neutron/dhcp/ca8edbbf-c59c-449c-9890-4e53a478c062/opts
May 25 16:46:51 gtw01 dnsmasq[30731]: read /var/lib/neutron/dhcp/076c066b-6add-446f-a81a-49d9109799d2/addn_hosts - 4 addresses
May 25 16:46:51 gtw01 dnsmasq-dhcp[30731]: read /var/lib/neutron/dhcp/076c066b-6add-446f-a81a-49d9109799d2/host
May 25 16:46:51 gtw01 dnsmasq-dhcp[30731]: read /var/lib/neutron/dhcp/076c066b-6add-446f-a81a-49d9109799d2/opts
May 25 16:46:56 gtw01 dnsmasq[16242]: read /var/lib/neutron/dhcp/ca8edbbf-c59c-449c-9890-4e53a478c062/addn_hosts - 3 addresses
May 25 16:46:56 gtw01 dnsmasq-dhcp[16242]: read /var/lib/neutron/dhcp/ca8edbbf-c59c-449c-9890-4e53a478c062/host
May 25 16:46:56 gtw01 dnsmasq-dhcp[16242]: read /var/lib/neutron/dhcp/ca8edbbf-c59c-449c-9890-4e53a478c062/opts
May 25 16:46:57 gtw01 dnsmasq[16242]: read /var/lib/neutron/dhcp/ca8edbbf-c59c-449c-9890-4e53a478c062/addn_hosts - 3 addresses
May 25 16:46:57 gtw01 dnsmasq-dhcp[16242]: read /var/lib/neutron/dhcp/ca8edbbf-c59c-449c-9890-4e53a478c062/host
May 25 16:46:57 gtw01 dnsmasq-dhcp[16242]: read /var/lib/neutron/dhcp/ca8edbbf-c59c-449c-9890-4e53a478c062/opts
May 25 16:46:58 gtw01 dnsmasq[16242]: read /var/lib/neutron/dhcp/ca8edbbf-c59c-449c-9890-4e53a478c062/addn_hosts - 3 addresses
May 25 16:46:58 gtw01 dnsmasq-dhcp[16242]: read /var/lib/neutron/dhcp/ca8edbbf-c59c-449c-9890-4e53a478c062/host
May 25 16:46:58 gtw01 dnsmasq-dhcp[16242]: read /var/lib/neutron/dhcp/ca8edbbf-c59c-449c-9890-4e53a478c062/opts
May 25 16:46:59 gtw01 dnsmasq[16242]: read /var/lib/neutron/dhcp/ca8edbbf-c59c-449c-9890-4e53a478c062/addn_hosts - 4 addresses
May 25 16:46:59 gtw01 dnsmasq-dhcp[16242]: read /var/lib/neutron/dhcp/ca8edbbf-c59c-449c-9890-4e53a478c062/host
May 25 16:46:59 gtw01 dnsmasq-dhcp[16242]: read /var/lib/neutron/dhcp/ca8edbbf-c59c-449c-9890-4e53a478c062/opts
May 25 16:47:00 gtw01 dnsmasq[16242]: read /var/lib/neutron/dhcp/ca8edbbf-c59c-449c-9890-4e53a478c062/addn_hosts - 4 addresses
May 25 16:47:00 gtw01 dnsmasq-dhcp[16242]: read /var/lib/neutron/dhcp/ca8edbbf-c59c-449c-9890-4e53a478c062/host
May 25 16:47:00 gtw01 dnsmasq-dhcp[16242]: read /var/lib/neutron/dhcp/ca8edbbf-c59c-449c-9890-4e53a478c062/opts
May 25 16:47:01 gtw01 dnsmasq[30731]: read /var/lib/neutron/dhcp/076c066b-6add-446f-a81a-49d9109799d2/addn_hosts - 5 addresses
May 25 16:47:01 gtw01 dnsmasq-dhcp[30731]: read /var/lib/neutron/dhcp/076c066b-6add-446f-a81a-49d9109799d2/host
May 25 16:47:01 gtw01 dnsmasq-dhcp[30731]: read /var/lib/neutron/dhcp/076c066b-6add-446f-a81a-49d9109799d2/opts
May 25 16:47:01 gtw01 dnsmasq[16242]: read /var/lib/neutron/dhcp/ca8edbbf-c59c-449c-9890-4e53a478c062/addn_hosts - 4 addresses
May 25 16:47:01 gtw01 dnsmasq-dhcp[16242]: read /var/lib/neutron/dhcp/ca8edbbf-c59c-449c-9890-4e53a478c062/host
May 25 16:47:01 gtw01 dnsmasq-dhcp[16242]: read /var/lib/neutron/dhcp/ca8edbbf-c59c-449c-9890-4e53a478c062/opts
May 25 16:47:02 gtw01 dnsmasq[30731]: read /var/lib/neutron/dhcp/076c066b-6add-446f-a81a-49d9109799d2/addn_hosts - 5 addresses
May 25 16:47:02 gtw01 dnsmasq-dhcp[30731]: read /var/lib/neutron/dhcp/076c066b-6add-446f-a81a-49d9109799d2/host
May 25 16:47:02 gtw01 dnsmasq-dhcp[30731]: read /var/lib/neutron/dhcp/076c066b-6add-446f-a81a-49d9109799d2/opts
May 25 16:47:03 gtw01 dnsmasq[30731]: read /var/lib/neutron/dhcp/076c066b-6add-446f-a81a-49d9109799d2/addn_hosts - 5 addresses
May 25 16:47:03 gtw01 dnsmasq-dhcp[30731]: read /var/lib/neutron/dhcp/076c066b-6add-446f-a81a-49d9109799d2/host
May 25 16:47:03 gtw01 dnsmasq-dhcp[30731]: read /var/lib/neutron/dhcp/076c066b-6add-446f-a81a-49d9109799d2/opts
May 25 16:47:04 gtw01 dnsmasq-dhcp[30731]: DHCPDISCOVER(tap0284c42b-10) fa:16:3e:51:73:0b
May 25 16:47:04 gtw01 dnsmasq-dhcp[30731]: DHCPOFFER(tap0284c42b-10) 192.168.120.4 fa:16:3e:51:73:0b
May 25 16:47:04 gtw01 dnsmasq-dhcp[30731]: DHCPREQUEST(tap0284c42b-10) 192.168.120.4 fa:16:3e:51:73:0b
May 25 16:47:04 gtw01 dnsmasq-dhcp[30731]: DHCPACK(tap0284c42b-10) 192.168.120.4 fa:16:3e:51:73:0b host-192-168-120-4
May 25 16:47:12 gtw01 dnsmasq[16242]: read /var/lib/neutron/dhcp/ca8edbbf-c59c-449c-9890-4e53a478c062/addn_hosts - 3 addresses
May 25 16:47:12 gtw01 dnsmasq-dhcp[16242]: read /var/lib/neutron/dhcp/ca8edbbf-c59c-449c-9890-4e53a478c062/host
May 25 16:47:12 gtw01 dnsmasq-dhcp[16242]: read /var/lib/neutron/dhcp/ca8edbbf-c59c-449c-9890-4e53a478c062/opts
May 25 16:47:13 gtw01 dnsmasq-dhcp[16242]: DHCPDISCOVER(tap5dbf6d42-f5) fa:16:3e:e8:e2:e7
May 25 16:47:13 gtw01 dnsmasq-dhcp[16242]: DHCPOFFER(tap5dbf6d42-f5) 192.168.120.18 fa:16:3e:e8:e2:e7
May 25 16:47:13 gtw01 dnsmasq-dhcp[16242]: DHCPREQUEST(tap5dbf6d42-f5) 192.168.120.18 fa:16:3e:e8:e2:e7
May 25 16:47:13 gtw01 dnsmasq-dhcp[16242]: DHCPACK(tap5dbf6d42-f5) 192.168.120.18 fa:16:3e:e8:e2:e7 host-192-168-120-18
May 25 16:47:14 gtw01 dnsmasq[30731]: read /var/lib/neutron/dhcp/076c066b-6add-446f-a81a-49d9109799d2/addn_hosts - 5 addresses
May 25 16:47:14 gtw01 dnsmasq-dhcp[30731]: read /var/lib/neutron/dhcp/076c066b-6add-446f-a81a-49d9109799d2/host
May 25 16:47:14 gtw01 dnsmasq-dhcp[30731]: read /var/lib/neutron/dhcp/076c066b-6add-446f-a81a-49d9109799d2/opts
May 25 16:47:15 gtw01 dnsmasq[30731]: read /var/lib/neutron/dhcp/076c066b-6add-446f-a81a-49d9109799d2/addn_hosts - 5 addresses
May 25 16:47:15 gtw01 dnsmasq-dhcp[30731]: read /var/lib/neutron/dhcp/076c066b-6add-446f-a81a-49d9109799d2/host
May 25 16:47:15 gtw01 dnsmasq-dhcp[30731]: read /var/lib/neutron/dhcp/076c066b-6add-446f-a81a-49d9109799d2/opts
May 25 16:47:16 gtw01 dnsmasq-dhcp[16242]: DHCPRELEASE(tap5dbf6d42-f5) 192.168.120.18 fa:16:3e:e8:e2:e7
May 25 16:47:17 gtw01 kernel: [ 5660.041891] device qr-e99d4d07-cd left promiscuous mode
May 25 16:47:19 gtw01 dnsmasq[30731]: read /var/lib/neutron/dhcp/076c066b-6add-446f-a81a-49d9109799d2/addn_hosts - 5 addresses
May 25 16:47:19 gtw01 dnsmasq-dhcp[30731]: read /var/lib/neutron/dhcp/076c066b-6add-446f-a81a-49d9109799d2/host
May 25 16:47:19 gtw01 dnsmasq-dhcp[30731]: read /var/lib/neutron/dhcp/076c066b-6add-446f-a81a-49d9109799d2/opts
May 25 16:47:19 gtw01 dnsmasq-dhcp[30731]: DHCPDISCOVER(tap0284c42b-10) fa:16:3e:64:d9:d3
May 25 16:47:19 gtw01 dnsmasq-dhcp[30731]: DHCPOFFER(tap0284c42b-10) 192.168.120.12 fa:16:3e:64:d9:d3
May 25 16:47:19 gtw01 dnsmasq-dhcp[30731]: DHCPREQUEST(tap0284c42b-10) 192.168.120.12 fa:16:3e:64:d9:d3
May 25 16:47:19 gtw01 dnsmasq-dhcp[30731]: DHCPACK(tap0284c42b-10) 192.168.120.12 fa:16:3e:64:d9:d3 host-192-168-120-12
May 25 16:47:20 gtw01 kernel: [ 5662.803380] device qg-18b2c563-1b left promiscuous mode
May 25 16:47:20 gtw01 dnsmasq[16242]: read /var/lib/neutron/dhcp/ca8edbbf-c59c-449c-9890-4e53a478c062/addn_hosts - 4 addresses
May 25 16:47:20 gtw01 dnsmasq-dhcp[16242]: read /var/lib/neutron/dhcp/ca8edbbf-c59c-449c-9890-4e53a478c062/host
May 25 16:47:20 gtw01 dnsmasq-dhcp[16242]: read /var/lib/neutron/dhcp/ca8edbbf-c59c-449c-9890-4e53a478c062/opts
May 25 16:47:21 gtw01 dnsmasq[16242]: read /var/lib/neutron/dhcp/ca8edbbf-c59c-449c-9890-4e53a478c062/addn_hosts - 4 addresses
May 25 16:47:21 gtw01 dnsmasq-dhcp[16242]: read /var/lib/neutron/dhcp/ca8edbbf-c59c-449c-9890-4e53a478c062/host
May 25 16:47:21 gtw01 dnsmasq-dhcp[16242]: read /var/lib/neutron/dhcp/ca8edbbf-c59c-449c-9890-4e53a478c062/opts
May 25 16:47:22 gtw01 dnsmasq[16242]: read /var/lib/neutron/dhcp/ca8edbbf-c59c-449c-9890-4e53a478c062/addn_hosts - 4 addresses
May 25 16:47:22 gtw01 dnsmasq-dhcp[16242]: read /var/lib/neutron/dhcp/ca8edbbf-c59c-449c-9890-4e53a478c062/host
May 25 16:47:22 gtw01 dnsmasq-dhcp[16242]: read /var/lib/neutron/dhcp/ca8edbbf-c59c-449c-9890-4e53a478c062/opts
May 25 16:47:24 gtw01 dnsmasq[30731]: read /var/lib/neutron/dhcp/076c066b-6add-446f-a81a-49d9109799d2/addn_hosts - 5 addresses
May 25 16:47:24 gtw01 dnsmasq-dhcp[30731]: read /var/lib/neutron/dhcp/076c066b-6add-446f-a81a-49d9109799d2/host
May 25 16:47:24 gtw01 dnsmasq-dhcp[30731]: read /var/lib/neutron/dhcp/076c066b-6add-446f-a81a-49d9109799d2/opts
May 25 16:47:25 gtw01 dnsmasq[30731]: read /var/lib/neutron/dhcp/076c066b-6add-446f-a81a-49d9109799d2/addn_hosts - 5 addresses
May 25 16:47:25 gtw01 dnsmasq-dhcp[30731]: read /var/lib/neutron/dhcp/076c066b-6add-446f-a81a-49d9109799d2/host
May 25 16:47:25 gtw01 dnsmasq-dhcp[30731]: read /var/lib/neutron/dhcp/076c066b-6add-446f-a81a-49d9109799d2/opts
May 25 16:47:27 gtw01 dnsmasq[16242]: read /var/lib/neutron/dhcp/ca8edbbf-c59c-449c-9890-4e53a478c062/addn_hosts - 3 addresses
May 25 16:47:27 gtw01 dnsmasq-dhcp[16242]: read /var/lib/neutron/dhcp/ca8edbbf-c59c-449c-9890-4e53a478c062/host
May 25 16:47:27 gtw01 dnsmasq-dhcp[16242]: read /var/lib/neutron/dhcp/ca8edbbf-c59c-449c-9890-4e53a478c062/opts
May 25 16:47:29 gtw01 dnsmasq[16242]: read /var/lib/neutron/dhcp/ca8edbbf-c59c-449c-9890-4e53a478c062/addn_hosts - 4 addresses
May 25 16:47:29 gtw01 dnsmasq-dhcp[16242]: read /var/lib/neutron/dhcp/ca8edbbf-c59c-449c-9890-4e53a478c062/host
May 25 16:47:29 gtw01 dnsmasq-dhcp[16242]: read /var/lib/neutron/dhcp/ca8edbbf-c59c-449c-9890-4e53a478c062/opts
May 25 16:47:30 gtw01 dnsmasq[16242]: read /var/lib/neutron/dhcp/ca8edbbf-c59c-449c-9890-4e53a478c062/addn_hosts - 4 addresses
May 25 16:47:30 gtw01 dnsmasq-dhcp[16242]: read /var/lib/neutron/dhcp/ca8edbbf-c59c-449c-9890-4e53a478c062/host
May 25 16:47:30 gtw01 dnsmasq-dhcp[16242]: read /var/lib/neutron/dhcp/ca8edbbf-c59c-449c-9890-4e53a478c062/opts
May 25 16:47:31 gtw01 dnsmasq[30731]: read /var/lib/neutron/dhcp/076c066b-6add-446f-a81a-49d9109799d2/addn_hosts - 5 addresses
May 25 16:47:31 gtw01 dnsmasq-dhcp[30731]: read /var/lib/neutron/dhcp/076c066b-6add-446f-a81a-49d9109799d2/host
May 25 16:47:31 gtw01 dnsmasq-dhcp[30731]: read /var/lib/neutron/dhcp/076c066b-6add-446f-a81a-49d9109799d2/opts
May 25 16:47:31 gtw01 dnsmasq[16242]: read /var/lib/neutron/dhcp/ca8edbbf-c59c-449c-9890-4e53a478c062/addn_hosts - 4 addresses
May 25 16:47:31 gtw01 dnsmasq-dhcp[16242]: read /var/lib/neutron/dhcp/ca8edbbf-c59c-449c-9890-4e53a478c062/host
May 25 16:47:31 gtw01 dnsmasq-dhcp[16242]: read /var/lib/neutron/dhcp/ca8edbbf-c59c-449c-9890-4e53a478c062/opts
May 25 16:47:32 gtw01 dnsmasq[16242]: read /var/lib/neutron/dhcp/ca8edbbf-c59c-449c-9890-4e53a478c062/addn_hosts - 3 addresses
May 25 16:47:32 gtw01 dnsmasq-dhcp[16242]: read /var/lib/neutron/dhcp/ca8edbbf-c59c-449c-9890-4e53a478c062/host
May 25 16:47:32 gtw01 dnsmasq-dhcp[16242]: read /var/lib/neutron/dhcp/ca8edbbf-c59c-449c-9890-4e53a478c062/opts
May 25 16:47:34 gtw01 dnsmasq-dhcp[30731]: DHCPRELEASE(tap0284c42b-10) 192.168.120.12 fa:16:3e:64:d9:d3
May 25 16:47:35 gtw01 dnsmasq-dhcp[30731]: DHCPRELEASE(tap0284c42b-10) 192.168.120.12 fa:16:3e:64:d9:d3 unknown lease
May 25 16:47:35 gtw01 dnsmasq[30731]: read /var/lib/neutron/dhcp/076c066b-6add-446f-a81a-49d9109799d2/addn_hosts - 4 addresses
May 25 16:47:35 gtw01 dnsmasq-dhcp[30731]: read /var/lib/neutron/dhcp/076c066b-6add-446f-a81a-49d9109799d2/host
May 25 16:47:35 gtw01 dnsmasq-dhcp[30731]: read /var/lib/neutron/dhcp/076c066b-6add-446f-a81a-49d9109799d2/opts
May 25 16:47:38 gtw01 dnsmasq-dhcp[30731]: DHCPRELEASE(tap0284c42b-10) 192.168.120.4 fa:16:3e:51:73:0b
May 25 16:47:38 gtw01 dnsmasq-dhcp[30731]: DHCPRELEASE(tap0284c42b-10) 192.168.120.4 fa:16:3e:51:73:0b unknown lease
May 25 16:47:39 gtw01 kernel: [ 5681.824773] device tapb7192fc7-d5 entered promiscuous mode
May 25 16:47:39 gtw01 systemd-udevd[3563]: Could not generate persistent MAC address for tapb7192fc7-d5: No such file or directory
May 25 16:47:39 gtw01 systemd-udevd[3563]: Process '/sbin/ip link set tapb7192fc7-d5 txqueuelen 10000' failed with exit code 1.
May 25 16:47:39 gtw01 systemd-udevd[3563]: Process '/sbin/ip link set tapb7192fc7-d5 txqueuelen 10000' failed with exit code 1.
May 25 16:47:39 gtw01 dnsmasq[30731]: read /var/lib/neutron/dhcp/076c066b-6add-446f-a81a-49d9109799d2/addn_hosts - 3 addresses
May 25 16:47:39 gtw01 dnsmasq-dhcp[30731]: read /var/lib/neutron/dhcp/076c066b-6add-446f-a81a-49d9109799d2/host
May 25 16:47:39 gtw01 dnsmasq-dhcp[30731]: read /var/lib/neutron/dhcp/076c066b-6add-446f-a81a-49d9109799d2/opts
May 25 16:47:39 gtw01 kernel: [ 5682.284365] device vxlan_sys_4789 left promiscuous mode
May 25 16:47:40 gtw01 dnsmasq[16242]: read /var/lib/neutron/dhcp/ca8edbbf-c59c-449c-9890-4e53a478c062/addn_hosts - 2 addresses
May 25 16:47:40 gtw01 dnsmasq-dhcp[16242]: read /var/lib/neutron/dhcp/ca8edbbf-c59c-449c-9890-4e53a478c062/host
May 25 16:47:40 gtw01 dnsmasq-dhcp[16242]: read /var/lib/neutron/dhcp/ca8edbbf-c59c-449c-9890-4e53a478c062/opts
May 25 16:47:41 gtw01 dnsmasq[16242]: read /var/lib/neutron/dhcp/ca8edbbf-c59c-449c-9890-4e53a478c062/addn_hosts - 3 addresses
May 25 16:47:41 gtw01 dnsmasq-dhcp[16242]: read /var/lib/neutron/dhcp/ca8edbbf-c59c-449c-9890-4e53a478c062/host
May 25 16:47:41 gtw01 dnsmasq-dhcp[16242]: read /var/lib/neutron/dhcp/ca8edbbf-c59c-449c-9890-4e53a478c062/opts
May 25 16:47:42 gtw01 dnsmasq[30731]: read /var/lib/neutron/dhcp/076c066b-6add-446f-a81a-49d9109799d2/addn_hosts - 2 addresses
May 25 16:47:42 gtw01 dnsmasq-dhcp[30731]: read /var/lib/neutron/dhcp/076c066b-6add-446f-a81a-49d9109799d2/host
May 25 16:47:42 gtw01 dnsmasq-dhcp[30731]: read /var/lib/neutron/dhcp/076c066b-6add-446f-a81a-49d9109799d2/opts
May 25 16:47:42 gtw01 dnsmasq[16242]: read /var/lib/neutron/dhcp/ca8edbbf-c59c-449c-9890-4e53a478c062/addn_hosts - 3 addresses
May 25 16:47:42 gtw01 dnsmasq-dhcp[16242]: read /var/lib/neutron/dhcp/ca8edbbf-c59c-449c-9890-4e53a478c062/host
May 25 16:47:42 gtw01 dnsmasq-dhcp[16242]: read /var/lib/neutron/dhcp/ca8edbbf-c59c-449c-9890-4e53a478c062/opts
May 25 16:47:42 gtw01 dnsmasq[3814]: started, version 2.80 cachesize 150
May 25 16:47:42 gtw01 dnsmasq[3814]: DNS service limited to local subnets
May 25 16:47:42 gtw01 dnsmasq[3814]: compile time options: IPv6 GNU-getopt DBus i18n IDN DHCP DHCPv6 no-Lua TFTP conntrack ipset auth DNSSEC loop-detect inotify dumpfile
May 25 16:47:42 gtw01 dnsmasq[3814]: warning: no upstream servers configured
May 25 16:47:42 gtw01 dnsmasq-dhcp[3814]: DHCP, static leases only on 192.168.120.0, lease time 1h
May 25 16:47:42 gtw01 dnsmasq[3814]: read /var/lib/neutron/dhcp/5274a0b1-520b-4f75-8987-4686f87d2206/addn_hosts - 1 addresses
May 25 16:47:42 gtw01 dnsmasq-dhcp[3814]: read /var/lib/neutron/dhcp/5274a0b1-520b-4f75-8987-4686f87d2206/host
May 25 16:47:42 gtw01 dnsmasq-dhcp[3814]: read /var/lib/neutron/dhcp/5274a0b1-520b-4f75-8987-4686f87d2206/opts
May 25 16:47:43 gtw01 haproxy-metadata-proxy-5274a0b1-520b-4f75-8987-4686f87d2206[3822]: Proxy listener started.
May 25 16:47:43 gtw01 dnsmasq[16242]: read /var/lib/neutron/dhcp/ca8edbbf-c59c-449c-9890-4e53a478c062/addn_hosts - 3 addresses
May 25 16:47:43 gtw01 dnsmasq-dhcp[16242]: read /var/lib/neutron/dhcp/ca8edbbf-c59c-449c-9890-4e53a478c062/host
May 25 16:47:43 gtw01 dnsmasq-dhcp[16242]: read /var/lib/neutron/dhcp/ca8edbbf-c59c-449c-9890-4e53a478c062/opts
May 25 16:47:43 gtw01 dnsmasq[3814]: read /var/lib/neutron/dhcp/5274a0b1-520b-4f75-8987-4686f87d2206/addn_hosts - 1 addresses
May 25 16:47:43 gtw01 dnsmasq-dhcp[3814]: read /var/lib/neutron/dhcp/5274a0b1-520b-4f75-8987-4686f87d2206/host
May 25 16:47:43 gtw01 dnsmasq-dhcp[3814]: read /var/lib/neutron/dhcp/5274a0b1-520b-4f75-8987-4686f87d2206/opts
May 25 16:47:44 gtw01 dnsmasq[3814]: read /var/lib/neutron/dhcp/5274a0b1-520b-4f75-8987-4686f87d2206/addn_hosts - 1 addresses
May 25 16:47:44 gtw01 dnsmasq-dhcp[3814]: read /var/lib/neutron/dhcp/5274a0b1-520b-4f75-8987-4686f87d2206/host
May 25 16:47:44 gtw01 dnsmasq-dhcp[3814]: read /var/lib/neutron/dhcp/5274a0b1-520b-4f75-8987-4686f87d2206/opts
May 25 16:47:45 gtw01 dnsmasq[3814]: read /var/lib/neutron/dhcp/5274a0b1-520b-4f75-8987-4686f87d2206/addn_hosts - 2 addresses
May 25 16:47:45 gtw01 dnsmasq-dhcp[3814]: read /var/lib/neutron/dhcp/5274a0b1-520b-4f75-8987-4686f87d2206/host
May 25 16:47:45 gtw01 dnsmasq-dhcp[3814]: read /var/lib/neutron/dhcp/5274a0b1-520b-4f75-8987-4686f87d2206/opts
May 25 16:47:46 gtw01 kernel: [ 5688.809777] device vxlan_sys_4789 entered promiscuous mode
May 25 16:47:46 gtw01 systemd-udevd[3905]: Could not generate persistent MAC address for vxlan_sys_4789: No such file or directory
May 25 16:47:46 gtw01 dnsmasq[3814]: read /var/lib/neutron/dhcp/5274a0b1-520b-4f75-8987-4686f87d2206/addn_hosts - 3 addresses
May 25 16:47:46 gtw01 dnsmasq-dhcp[3814]: read /var/lib/neutron/dhcp/5274a0b1-520b-4f75-8987-4686f87d2206/host
May 25 16:47:46 gtw01 dnsmasq-dhcp[3814]: read /var/lib/neutron/dhcp/5274a0b1-520b-4f75-8987-4686f87d2206/opts
May 25 16:47:47 gtw01 dnsmasq[30731]: read /var/lib/neutron/dhcp/076c066b-6add-446f-a81a-49d9109799d2/addn_hosts - 1 addresses
May 25 16:47:47 gtw01 dnsmasq-dhcp[30731]: read /var/lib/neutron/dhcp/076c066b-6add-446f-a81a-49d9109799d2/host
May 25 16:47:47 gtw01 dnsmasq-dhcp[30731]: read /var/lib/neutron/dhcp/076c066b-6add-446f-a81a-49d9109799d2/opts
May 25 16:47:47 gtw01 dnsmasq[3814]: read /var/lib/neutron/dhcp/5274a0b1-520b-4f75-8987-4686f87d2206/addn_hosts - 3 addresses
May 25 16:47:47 gtw01 dnsmasq-dhcp[3814]: read /var/lib/neutron/dhcp/5274a0b1-520b-4f75-8987-4686f87d2206/host
May 25 16:47:47 gtw01 dnsmasq-dhcp[3814]: read /var/lib/neutron/dhcp/5274a0b1-520b-4f75-8987-4686f87d2206/opts
May 25 16:47:48 gtw01 haproxy-metadata-proxy-076c066b-6add-446f-a81a-49d9109799d2[4038]: Proxy listener started.
May 25 16:47:48 gtw01 dnsmasq[3814]: read /var/lib/neutron/dhcp/5274a0b1-520b-4f75-8987-4686f87d2206/addn_hosts - 4 addresses
May 25 16:47:48 gtw01 dnsmasq-dhcp[3814]: read /var/lib/neutron/dhcp/5274a0b1-520b-4f75-8987-4686f87d2206/host
May 25 16:47:48 gtw01 dnsmasq-dhcp[3814]: read /var/lib/neutron/dhcp/5274a0b1-520b-4f75-8987-4686f87d2206/opts
May 25 16:47:49 gtw01 dnsmasq[3814]: read /var/lib/neutron/dhcp/5274a0b1-520b-4f75-8987-4686f87d2206/addn_hosts - 4 addresses
May 25 16:47:49 gtw01 dnsmasq-dhcp[3814]: read /var/lib/neutron/dhcp/5274a0b1-520b-4f75-8987-4686f87d2206/host
May 25 16:47:49 gtw01 dnsmasq-dhcp[3814]: read /var/lib/neutron/dhcp/5274a0b1-520b-4f75-8987-4686f87d2206/opts
May 25 16:47:50 gtw01 dnsmasq[3814]: read /var/lib/neutron/dhcp/5274a0b1-520b-4f75-8987-4686f87d2206/addn_hosts - 4 addresses
May 25 16:47:50 gtw01 dnsmasq-dhcp[3814]: read /var/lib/neutron/dhcp/5274a0b1-520b-4f75-8987-4686f87d2206/host
May 25 16:47:50 gtw01 dnsmasq-dhcp[3814]: read /var/lib/neutron/dhcp/5274a0b1-520b-4f75-8987-4686f87d2206/opts
May 25 16:47:51 gtw01 dnsmasq[3814]: read /var/lib/neutron/dhcp/5274a0b1-520b-4f75-8987-4686f87d2206/addn_hosts - 4 addresses
May 25 16:47:51 gtw01 dnsmasq-dhcp[3814]: read /var/lib/neutron/dhcp/5274a0b1-520b-4f75-8987-4686f87d2206/host
May 25 16:47:51 gtw01 dnsmasq-dhcp[3814]: read /var/lib/neutron/dhcp/5274a0b1-520b-4f75-8987-4686f87d2206/opts
May 25 16:47:51 gtw01 kernel: [ 5693.883837] device qr-e72ff7f9-51 left promiscuous mode
May 25 16:47:51 gtw01 dnsmasq[16242]: read /var/lib/neutron/dhcp/ca8edbbf-c59c-449c-9890-4e53a478c062/addn_hosts - 4 addresses
May 25 16:47:51 gtw01 dnsmasq-dhcp[16242]: read /var/lib/neutron/dhcp/ca8edbbf-c59c-449c-9890-4e53a478c062/host
May 25 16:47:51 gtw01 dnsmasq-dhcp[16242]: read /var/lib/neutron/dhcp/ca8edbbf-c59c-449c-9890-4e53a478c062/opts
May 25 16:47:51 gtw01 dnsmasq[3814]: read /var/lib/neutron/dhcp/5274a0b1-520b-4f75-8987-4686f87d2206/addn_hosts - 4 addresses
May 25 16:47:51 gtw01 dnsmasq-dhcp[3814]: read /var/lib/neutron/dhcp/5274a0b1-520b-4f75-8987-4686f87d2206/host
May 25 16:47:51 gtw01 dnsmasq-dhcp[3814]: read /var/lib/neutron/dhcp/5274a0b1-520b-4f75-8987-4686f87d2206/opts
May 25 16:47:52 gtw01 kernel: [ 5694.657271] device qg-657029a4-48 left promiscuous mode
May 25 16:47:52 gtw01 dnsmasq[16242]: read /var/lib/neutron/dhcp/ca8edbbf-c59c-449c-9890-4e53a478c062/addn_hosts - 4 addresses
May 25 16:47:52 gtw01 dnsmasq-dhcp[16242]: read /var/lib/neutron/dhcp/ca8edbbf-c59c-449c-9890-4e53a478c062/host
May 25 16:47:52 gtw01 dnsmasq-dhcp[16242]: read /var/lib/neutron/dhcp/ca8edbbf-c59c-449c-9890-4e53a478c062/opts
May 25 16:47:52 gtw01 dnsmasq[3814]: read /var/lib/neutron/dhcp/5274a0b1-520b-4f75-8987-4686f87d2206/addn_hosts - 4 addresses
May 25 16:47:52 gtw01 dnsmasq-dhcp[3814]: read /var/lib/neutron/dhcp/5274a0b1-520b-4f75-8987-4686f87d2206/host
May 25 16:47:52 gtw01 dnsmasq-dhcp[3814]: read /var/lib/neutron/dhcp/5274a0b1-520b-4f75-8987-4686f87d2206/opts
May 25 16:47:53 gtw01 dnsmasq[16242]: read /var/lib/neutron/dhcp/ca8edbbf-c59c-449c-9890-4e53a478c062/addn_hosts - 4 addresses
May 25 16:47:53 gtw01 dnsmasq-dhcp[16242]: read /var/lib/neutron/dhcp/ca8edbbf-c59c-449c-9890-4e53a478c062/host
May 25 16:47:53 gtw01 dnsmasq-dhcp[16242]: read /var/lib/neutron/dhcp/ca8edbbf-c59c-449c-9890-4e53a478c062/opts
May 25 16:47:53 gtw01 dnsmasq[3814]: read /var/lib/neutron/dhcp/5274a0b1-520b-4f75-8987-4686f87d2206/addn_hosts - 4 addresses
May 25 16:47:53 gtw01 dnsmasq-dhcp[3814]: read /var/lib/neutron/dhcp/5274a0b1-520b-4f75-8987-4686f87d2206/host
May 25 16:47:53 gtw01 dnsmasq-dhcp[3814]: read /var/lib/neutron/dhcp/5274a0b1-520b-4f75-8987-4686f87d2206/opts
May 25 16:47:55 gtw01 kernel: [ 5697.735552] device tap0284c42b-10 left promiscuous mode
May 25 16:47:56 gtw01 dnsmasq-dhcp[16242]: DHCPDISCOVER(tap5dbf6d42-f5) fa:16:3e:b0:2a:59
May 25 16:47:56 gtw01 dnsmasq-dhcp[16242]: DHCPOFFER(tap5dbf6d42-f5) 192.168.120.8 fa:16:3e:b0:2a:59
May 25 16:47:56 gtw01 dnsmasq-dhcp[16242]: DHCPREQUEST(tap5dbf6d42-f5) 192.168.120.8 fa:16:3e:b0:2a:59
May 25 16:47:56 gtw01 dnsmasq-dhcp[16242]: DHCPACK(tap5dbf6d42-f5) 192.168.120.8 fa:16:3e:b0:2a:59 host-192-168-120-8
May 25 16:48:02 gtw01 systemd-udevd[4329]: Could not generate persistent MAC address for tap589b33e6-6b: No such file or directory
May 25 16:48:02 gtw01 kernel: [ 5704.872536] device tap589b33e6-6b entered promiscuous mode
May 25 16:48:02 gtw01 systemd-udevd[4329]: Process '/sbin/ip link set tap589b33e6-6b txqueuelen 10000' failed with exit code 1.
May 25 16:48:02 gtw01 systemd-udevd[4403]: Process '/sbin/ip link set tap589b33e6-6b txqueuelen 10000' failed with exit code 1.
May 25 16:48:03 gtw01 dnsmasq-dhcp[3814]: DHCPDISCOVER(tapb7192fc7-d5) fa:16:3e:22:07:e0
May 25 16:48:03 gtw01 dnsmasq-dhcp[3814]: DHCPOFFER(tapb7192fc7-d5) 192.168.120.6 fa:16:3e:22:07:e0
May 25 16:48:03 gtw01 dnsmasq-dhcp[3814]: DHCPREQUEST(tapb7192fc7-d5) 192.168.120.6 fa:16:3e:22:07:e0
May 25 16:48:03 gtw01 dnsmasq-dhcp[3814]: DHCPACK(tapb7192fc7-d5) 192.168.120.6 fa:16:3e:22:07:e0 host-192-168-120-6
May 25 16:48:04 gtw01 dnsmasq-dhcp[3814]: DHCPDISCOVER(tapb7192fc7-d5) fa:16:3e:f4:8c:13
May 25 16:48:04 gtw01 dnsmasq-dhcp[3814]: DHCPOFFER(tapb7192fc7-d5) 192.168.120.11 fa:16:3e:f4:8c:13
May 25 16:48:04 gtw01 dnsmasq-dhcp[3814]: DHCPREQUEST(tapb7192fc7-d5) 192.168.120.11 fa:16:3e:f4:8c:13
May 25 16:48:04 gtw01 dnsmasq-dhcp[3814]: DHCPACK(tapb7192fc7-d5) 192.168.120.11 fa:16:3e:f4:8c:13 host-192-168-120-11
May 25 16:48:05 gtw01 dnsmasq-dhcp[3814]: DHCPDISCOVER(tapb7192fc7-d5) fa:16:3e:c5:98:2b
May 25 16:48:05 gtw01 dnsmasq-dhcp[3814]: DHCPOFFER(tapb7192fc7-d5) 192.168.120.7 fa:16:3e:c5:98:2b
May 25 16:48:05 gtw01 dnsmasq-dhcp[3814]: DHCPREQUEST(tapb7192fc7-d5) 192.168.120.7 fa:16:3e:c5:98:2b
May 25 16:48:05 gtw01 dnsmasq-dhcp[3814]: DHCPACK(tapb7192fc7-d5) 192.168.120.7 fa:16:3e:c5:98:2b host-192-168-120-7
May 25 16:48:05 gtw01 dnsmasq[4498]: started, version 2.80 cachesize 150
May 25 16:48:05 gtw01 dnsmasq[4498]: DNS service limited to local subnets
May 25 16:48:05 gtw01 dnsmasq[4498]: compile time options: IPv6 GNU-getopt DBus i18n IDN DHCP DHCPv6 no-Lua TFTP conntrack ipset auth DNSSEC loop-detect inotify dumpfile
May 25 16:48:05 gtw01 dnsmasq[4498]: warning: no upstream servers configured
May 25 16:48:05 gtw01 dnsmasq-dhcp[4498]: DHCP, static leases only on 192.168.120.0, lease time 1h
May 25 16:48:05 gtw01 dnsmasq[4498]: read /var/lib/neutron/dhcp/7f4774cd-2aa4-45da-8813-40239658f87e/addn_hosts - 1 addresses
May 25 16:48:05 gtw01 dnsmasq-dhcp[4498]: read /var/lib/neutron/dhcp/7f4774cd-2aa4-45da-8813-40239658f87e/host
May 25 16:48:05 gtw01 dnsmasq-dhcp[4498]: read /var/lib/neutron/dhcp/7f4774cd-2aa4-45da-8813-40239658f87e/opts
May 25 16:48:05 gtw01 haproxy-metadata-proxy-7f4774cd-2aa4-45da-8813-40239658f87e[4505]: Proxy listener started.
May 25 16:48:06 gtw01 kernel: [ 5708.512957] device qg-81579373-8e entered promiscuous mode
May 25 16:48:06 gtw01 systemd-udevd[4516]: Could not generate persistent MAC address for qg-81579373-8e: No such file or directory
May 25 16:48:06 gtw01 dnsmasq[4498]: read /var/lib/neutron/dhcp/7f4774cd-2aa4-45da-8813-40239658f87e/addn_hosts - 2 addresses
May 25 16:48:06 gtw01 dnsmasq-dhcp[4498]: read /var/lib/neutron/dhcp/7f4774cd-2aa4-45da-8813-40239658f87e/host
May 25 16:48:06 gtw01 dnsmasq-dhcp[4498]: read /var/lib/neutron/dhcp/7f4774cd-2aa4-45da-8813-40239658f87e/opts
May 25 16:48:07 gtw01 dnsmasq[4498]: read /var/lib/neutron/dhcp/7f4774cd-2aa4-45da-8813-40239658f87e/addn_hosts - 2 addresses
May 25 16:48:07 gtw01 dnsmasq-dhcp[4498]: read /var/lib/neutron/dhcp/7f4774cd-2aa4-45da-8813-40239658f87e/host
May 25 16:48:07 gtw01 dnsmasq-dhcp[4498]: read /var/lib/neutron/dhcp/7f4774cd-2aa4-45da-8813-40239658f87e/opts
May 25 16:48:08 gtw01 dnsmasq[4498]: read /var/lib/neutron/dhcp/7f4774cd-2aa4-45da-8813-40239658f87e/addn_hosts - 2 addresses
May 25 16:48:08 gtw01 dnsmasq-dhcp[4498]: read /var/lib/neutron/dhcp/7f4774cd-2aa4-45da-8813-40239658f87e/host
May 25 16:48:08 gtw01 dnsmasq-dhcp[4498]: read /var/lib/neutron/dhcp/7f4774cd-2aa4-45da-8813-40239658f87e/opts
May 25 16:48:08 gtw01 dnsmasq-dhcp[16242]: DHCPDISCOVER(tap5dbf6d42-f5) fa:16:3e:65:02:a5
May 25 16:48:08 gtw01 dnsmasq-dhcp[16242]: DHCPOFFER(tap5dbf6d42-f5) 192.168.120.10 fa:16:3e:65:02:a5
May 25 16:48:08 gtw01 dnsmasq-dhcp[16242]: DHCPREQUEST(tap5dbf6d42-f5) 192.168.120.10 fa:16:3e:65:02:a5
May 25 16:48:08 gtw01 dnsmasq-dhcp[16242]: DHCPACK(tap5dbf6d42-f5) 192.168.120.10 fa:16:3e:65:02:a5 host-192-168-120-10
May 25 16:48:09 gtw01 kernel: [ 5711.550199] device tap5f0d4fbc-2e entered promiscuous mode
May 25 16:48:09 gtw01 systemd-udevd[4745]: Could not generate persistent MAC address for tap5f0d4fbc-2e: No such file or directory
May 25 16:48:09 gtw01 systemd-udevd[4745]: Process '/sbin/ip link set tap5f0d4fbc-2e txqueuelen 10000' failed with exit code 1.
May 25 16:48:09 gtw01 systemd-udevd[4745]: Process '/sbin/ip link set tap5f0d4fbc-2e txqueuelen 10000' failed with exit code 1.
May 25 16:48:09 gtw01 dnsmasq[4498]: read /var/lib/neutron/dhcp/7f4774cd-2aa4-45da-8813-40239658f87e/addn_hosts - 2 addresses
May 25 16:48:09 gtw01 dnsmasq-dhcp[4498]: read /var/lib/neutron/dhcp/7f4774cd-2aa4-45da-8813-40239658f87e/host
May 25 16:48:09 gtw01 dnsmasq-dhcp[4498]: read /var/lib/neutron/dhcp/7f4774cd-2aa4-45da-8813-40239658f87e/opts
May 25 16:48:10 gtw01 systemd-udevd[4918]: Could not generate persistent MAC address for tap887a5845-8f: No such file or directory
May 25 16:48:10 gtw01 kernel: [ 5713.164452] device tap887a5845-8f entered promiscuous mode
May 25 16:48:10 gtw01 dnsmasq[4498]: read /var/lib/neutron/dhcp/7f4774cd-2aa4-45da-8813-40239658f87e/addn_hosts - 2 addresses
May 25 16:48:10 gtw01 dnsmasq-dhcp[4498]: read /var/lib/neutron/dhcp/7f4774cd-2aa4-45da-8813-40239658f87e/host
May 25 16:48:10 gtw01 dnsmasq-dhcp[4498]: read /var/lib/neutron/dhcp/7f4774cd-2aa4-45da-8813-40239658f87e/opts
May 25 16:48:10 gtw01 systemd-udevd[5002]: Process '/sbin/ip link set tap887a5845-8f txqueuelen 10000' failed with exit code 1.
May 25 16:48:12 gtw01 haproxy-metadata-proxy-1f26cc05-1ac4-4df6-b056-4947bd4c2812[5092]: Proxy listener started.
May 25 16:48:12 gtw01 dnsmasq[5121]: started, version 2.80 cachesize 150
May 25 16:48:12 gtw01 dnsmasq[5121]: DNS service limited to local subnets
May 25 16:48:12 gtw01 dnsmasq[5121]: compile time options: IPv6 GNU-getopt DBus i18n IDN DHCP DHCPv6 no-Lua TFTP conntrack ipset auth DNSSEC loop-detect inotify dumpfile
May 25 16:48:12 gtw01 dnsmasq[5121]: LOUD WARNING: listening on 19.80.0.2 may accept requests via interfaces other than tap5f0d4fbc-2e
May 25 16:48:12 gtw01 dnsmasq[5121]: LOUD WARNING: use --bind-dynamic rather than --bind-interfaces to avoid DNS amplification attacks via these interface(s)
May 25 16:48:12 gtw01 dnsmasq[5121]: warning: no upstream servers configured
May 25 16:48:12 gtw01 dnsmasq-dhcp[5121]: DHCP, static leases only on 19.80.0.0, lease time 1h
May 25 16:48:12 gtw01 dnsmasq[5121]: read /var/lib/neutron/dhcp/05b48c3d-a7b3-4d4e-b9d1-e277d387be4b/addn_hosts - 1 addresses
May 25 16:48:12 gtw01 dnsmasq-dhcp[5121]: read /var/lib/neutron/dhcp/05b48c3d-a7b3-4d4e-b9d1-e277d387be4b/host
May 25 16:48:12 gtw01 dnsmasq-dhcp[5121]: read /var/lib/neutron/dhcp/05b48c3d-a7b3-4d4e-b9d1-e277d387be4b/opts
May 25 16:48:12 gtw01 haproxy-metadata-proxy-05b48c3d-a7b3-4d4e-b9d1-e277d387be4b[5132]: Proxy listener started.
May 25 16:48:13 gtw01 dnsmasq[5121]: read /var/lib/neutron/dhcp/05b48c3d-a7b3-4d4e-b9d1-e277d387be4b/addn_hosts - 2 addresses
May 25 16:48:13 gtw01 dnsmasq-dhcp[5121]: read /var/lib/neutron/dhcp/05b48c3d-a7b3-4d4e-b9d1-e277d387be4b/host
May 25 16:48:13 gtw01 dnsmasq-dhcp[5121]: read /var/lib/neutron/dhcp/05b48c3d-a7b3-4d4e-b9d1-e277d387be4b/opts
May 25 16:48:13 gtw01 dnsmasq[4498]: read /var/lib/neutron/dhcp/7f4774cd-2aa4-45da-8813-40239658f87e/addn_hosts - 2 addresses
May 25 16:48:13 gtw01 dnsmasq-dhcp[4498]: read /var/lib/neutron/dhcp/7f4774cd-2aa4-45da-8813-40239658f87e/host
May 25 16:48:13 gtw01 dnsmasq-dhcp[4498]: read /var/lib/neutron/dhcp/7f4774cd-2aa4-45da-8813-40239658f87e/opts
May 25 16:48:14 gtw01 kernel: [ 5716.714458] device qr-f4e73008-55 entered promiscuous mode
May 25 16:48:14 gtw01 systemd-udevd[5207]: Could not generate persistent MAC address for qr-f4e73008-55: No such file or directory
May 25 16:48:14 gtw01 dnsmasq[5292]: started, version 2.80 cachesize 150
May 25 16:48:14 gtw01 dnsmasq[5292]: DNS service limited to local subnets
May 25 16:48:14 gtw01 dnsmasq[5292]: compile time options: IPv6 GNU-getopt DBus i18n IDN DHCP DHCPv6 no-Lua TFTP conntrack ipset auth DNSSEC loop-detect inotify dumpfile
May 25 16:48:14 gtw01 dnsmasq[5292]: LOUD WARNING: listening on 19.86.0.2 may accept requests via interfaces other than tap887a5845-8f
May 25 16:48:14 gtw01 dnsmasq[5292]: LOUD WARNING: use --bind-dynamic rather than --bind-interfaces to avoid DNS amplification attacks via these interface(s)
May 25 16:48:14 gtw01 dnsmasq[5292]: warning: no upstream servers configured
May 25 16:48:14 gtw01 dnsmasq-dhcp[5292]: DHCP, static leases only on 19.86.0.0, lease time 1h
May 25 16:48:14 gtw01 dnsmasq[5292]: read /var/lib/neutron/dhcp/120c220c-f153-481b-88ae-b27206155342/addn_hosts - 1 addresses
May 25 16:48:14 gtw01 dnsmasq-dhcp[5292]: read /var/lib/neutron/dhcp/120c220c-f153-481b-88ae-b27206155342/host
May 25 16:48:14 gtw01 dnsmasq-dhcp[5292]: read /var/lib/neutron/dhcp/120c220c-f153-481b-88ae-b27206155342/opts
May 25 16:48:14 gtw01 haproxy-metadata-proxy-120c220c-f153-481b-88ae-b27206155342[5306]: Proxy listener started.
May 25 16:48:14 gtw01 dnsmasq[5121]: read /var/lib/neutron/dhcp/05b48c3d-a7b3-4d4e-b9d1-e277d387be4b/addn_hosts - 2 addresses
May 25 16:48:14 gtw01 dnsmasq-dhcp[5121]: read /var/lib/neutron/dhcp/05b48c3d-a7b3-4d4e-b9d1-e277d387be4b/host
May 25 16:48:14 gtw01 dnsmasq-dhcp[5121]: read /var/lib/neutron/dhcp/05b48c3d-a7b3-4d4e-b9d1-e277d387be4b/opts
May 25 16:48:14 gtw01 dnsmasq[4498]: read /var/lib/neutron/dhcp/7f4774cd-2aa4-45da-8813-40239658f87e/addn_hosts - 2 addresses
May 25 16:48:14 gtw01 dnsmasq-dhcp[4498]: read /var/lib/neutron/dhcp/7f4774cd-2aa4-45da-8813-40239658f87e/host
May 25 16:48:14 gtw01 dnsmasq-dhcp[4498]: read /var/lib/neutron/dhcp/7f4774cd-2aa4-45da-8813-40239658f87e/opts
May 25 16:48:15 gtw01 dnsmasq[5292]: read /var/lib/neutron/dhcp/120c220c-f153-481b-88ae-b27206155342/addn_hosts - 2 addresses
May 25 16:48:15 gtw01 dnsmasq-dhcp[5292]: read /var/lib/neutron/dhcp/120c220c-f153-481b-88ae-b27206155342/host
May 25 16:48:15 gtw01 dnsmasq-dhcp[5292]: read /var/lib/neutron/dhcp/120c220c-f153-481b-88ae-b27206155342/opts
May 25 16:48:15 gtw01 dnsmasq[5121]: read /var/lib/neutron/dhcp/05b48c3d-a7b3-4d4e-b9d1-e277d387be4b/addn_hosts - 2 addresses
May 25 16:48:15 gtw01 dnsmasq-dhcp[5121]: read /var/lib/neutron/dhcp/05b48c3d-a7b3-4d4e-b9d1-e277d387be4b/host
May 25 16:48:15 gtw01 dnsmasq-dhcp[5121]: read /var/lib/neutron/dhcp/05b48c3d-a7b3-4d4e-b9d1-e277d387be4b/opts
May 25 16:48:16 gtw01 dnsmasq[5292]: read /var/lib/neutron/dhcp/120c220c-f153-481b-88ae-b27206155342/addn_hosts - 2 addresses
May 25 16:48:16 gtw01 dnsmasq-dhcp[5292]: read /var/lib/neutron/dhcp/120c220c-f153-481b-88ae-b27206155342/host
May 25 16:48:16 gtw01 dnsmasq-dhcp[5292]: read /var/lib/neutron/dhcp/120c220c-f153-481b-88ae-b27206155342/opts
May 25 16:48:16 gtw01 dnsmasq[5121]: read /var/lib/neutron/dhcp/05b48c3d-a7b3-4d4e-b9d1-e277d387be4b/addn_hosts - 3 addresses
May 25 16:48:16 gtw01 dnsmasq-dhcp[5121]: read /var/lib/neutron/dhcp/05b48c3d-a7b3-4d4e-b9d1-e277d387be4b/host
May 25 16:48:16 gtw01 dnsmasq-dhcp[5121]: read /var/lib/neutron/dhcp/05b48c3d-a7b3-4d4e-b9d1-e277d387be4b/opts
May 25 16:48:17 gtw01 dnsmasq[5292]: read /var/lib/neutron/dhcp/120c220c-f153-481b-88ae-b27206155342/addn_hosts - 2 addresses
May 25 16:48:17 gtw01 dnsmasq-dhcp[5292]: read /var/lib/neutron/dhcp/120c220c-f153-481b-88ae-b27206155342/host
May 25 16:48:17 gtw01 dnsmasq-dhcp[5292]: read /var/lib/neutron/dhcp/120c220c-f153-481b-88ae-b27206155342/opts
May 25 16:48:17 gtw01 dnsmasq[5121]: read /var/lib/neutron/dhcp/05b48c3d-a7b3-4d4e-b9d1-e277d387be4b/addn_hosts - 3 addresses
May 25 16:48:17 gtw01 dnsmasq-dhcp[5121]: read /var/lib/neutron/dhcp/05b48c3d-a7b3-4d4e-b9d1-e277d387be4b/host
May 25 16:48:17 gtw01 dnsmasq-dhcp[5121]: read /var/lib/neutron/dhcp/05b48c3d-a7b3-4d4e-b9d1-e277d387be4b/opts
May 25 16:48:18 gtw01 dnsmasq[5292]: read /var/lib/neutron/dhcp/120c220c-f153-481b-88ae-b27206155342/addn_hosts - 2 addresses
May 25 16:48:18 gtw01 dnsmasq-dhcp[5292]: read /var/lib/neutron/dhcp/120c220c-f153-481b-88ae-b27206155342/host
May 25 16:48:18 gtw01 dnsmasq-dhcp[5292]: read /var/lib/neutron/dhcp/120c220c-f153-481b-88ae-b27206155342/opts
May 25 16:48:18 gtw01 dnsmasq[5121]: read /var/lib/neutron/dhcp/05b48c3d-a7b3-4d4e-b9d1-e277d387be4b/addn_hosts - 3 addresses
May 25 16:48:18 gtw01 dnsmasq-dhcp[5121]: read /var/lib/neutron/dhcp/05b48c3d-a7b3-4d4e-b9d1-e277d387be4b/host
May 25 16:48:18 gtw01 dnsmasq-dhcp[5121]: read /var/lib/neutron/dhcp/05b48c3d-a7b3-4d4e-b9d1-e277d387be4b/opts
May 25 16:48:19 gtw01 dnsmasq[5292]: read /var/lib/neutron/dhcp/120c220c-f153-481b-88ae-b27206155342/addn_hosts - 2 addresses
May 25 16:48:19 gtw01 dnsmasq-dhcp[5292]: read /var/lib/neutron/dhcp/120c220c-f153-481b-88ae-b27206155342/host
May 25 16:48:19 gtw01 dnsmasq-dhcp[5292]: read /var/lib/neutron/dhcp/120c220c-f153-481b-88ae-b27206155342/opts
May 25 16:48:19 gtw01 dnsmasq[5121]: read /var/lib/neutron/dhcp/05b48c3d-a7b3-4d4e-b9d1-e277d387be4b/addn_hosts - 3 addresses
May 25 16:48:19 gtw01 dnsmasq-dhcp[5121]: read /var/lib/neutron/dhcp/05b48c3d-a7b3-4d4e-b9d1-e277d387be4b/host
May 25 16:48:19 gtw01 dnsmasq-dhcp[5121]: read /var/lib/neutron/dhcp/05b48c3d-a7b3-4d4e-b9d1-e277d387be4b/opts
May 25 16:48:20 gtw01 dnsmasq[5292]: read /var/lib/neutron/dhcp/120c220c-f153-481b-88ae-b27206155342/addn_hosts - 2 addresses
May 25 16:48:20 gtw01 dnsmasq-dhcp[5292]: read /var/lib/neutron/dhcp/120c220c-f153-481b-88ae-b27206155342/host
May 25 16:48:20 gtw01 dnsmasq-dhcp[5292]: read /var/lib/neutron/dhcp/120c220c-f153-481b-88ae-b27206155342/opts
May 25 16:48:20 gtw01 dnsmasq[5121]: read /var/lib/neutron/dhcp/05b48c3d-a7b3-4d4e-b9d1-e277d387be4b/addn_hosts - 3 addresses
May 25 16:48:20 gtw01 dnsmasq-dhcp[5121]: read /var/lib/neutron/dhcp/05b48c3d-a7b3-4d4e-b9d1-e277d387be4b/host
May 25 16:48:20 gtw01 dnsmasq-dhcp[5121]: read /var/lib/neutron/dhcp/05b48c3d-a7b3-4d4e-b9d1-e277d387be4b/opts
May 25 16:48:20 gtw01 dnsmasq-dhcp[16242]: DHCPRELEASE(tap5dbf6d42-f5) 192.168.120.10 fa:16:3e:65:02:a5
May 25 16:48:21 gtw01 dnsmasq-dhcp[16242]: DHCPRELEASE(tap5dbf6d42-f5) 192.168.120.8 fa:16:3e:b0:2a:59
May 25 16:48:21 gtw01 dnsmasq[5121]: read /var/lib/neutron/dhcp/05b48c3d-a7b3-4d4e-b9d1-e277d387be4b/addn_hosts - 3 addresses
May 25 16:48:21 gtw01 dnsmasq-dhcp[5121]: read /var/lib/neutron/dhcp/05b48c3d-a7b3-4d4e-b9d1-e277d387be4b/host
May 25 16:48:21 gtw01 dnsmasq-dhcp[5121]: read /var/lib/neutron/dhcp/05b48c3d-a7b3-4d4e-b9d1-e277d387be4b/opts
May 25 16:48:27 gtw01 dnsmasq[5121]: read /var/lib/neutron/dhcp/05b48c3d-a7b3-4d4e-b9d1-e277d387be4b/addn_hosts - 2 addresses
May 25 16:48:27 gtw01 dnsmasq-dhcp[5121]: read /var/lib/neutron/dhcp/05b48c3d-a7b3-4d4e-b9d1-e277d387be4b/host
May 25 16:48:27 gtw01 dnsmasq-dhcp[5121]: read /var/lib/neutron/dhcp/05b48c3d-a7b3-4d4e-b9d1-e277d387be4b/opts
May 25 16:48:28 gtw01 dnsmasq[5292]: read /var/lib/neutron/dhcp/120c220c-f153-481b-88ae-b27206155342/addn_hosts - 1 addresses
May 25 16:48:28 gtw01 dnsmasq-dhcp[5292]: read /var/lib/neutron/dhcp/120c220c-f153-481b-88ae-b27206155342/host
May 25 16:48:28 gtw01 dnsmasq-dhcp[5292]: read /var/lib/neutron/dhcp/120c220c-f153-481b-88ae-b27206155342/opts
May 25 16:48:29 gtw01 dnsmasq[5121]: read /var/lib/neutron/dhcp/05b48c3d-a7b3-4d4e-b9d1-e277d387be4b/addn_hosts - 1 addresses
May 25 16:48:29 gtw01 dnsmasq-dhcp[5121]: read /var/lib/neutron/dhcp/05b48c3d-a7b3-4d4e-b9d1-e277d387be4b/host
May 25 16:48:29 gtw01 dnsmasq-dhcp[5121]: read /var/lib/neutron/dhcp/05b48c3d-a7b3-4d4e-b9d1-e277d387be4b/opts
May 25 16:48:30 gtw01 dnsmasq-dhcp[3814]: DHCPRELEASE(tapb7192fc7-d5) 192.168.120.7 fa:16:3e:c5:98:2b
May 25 16:48:31 gtw01 kernel: [ 5734.054488] device tap887a5845-8f left promiscuous mode
May 25 16:48:34 gtw01 dnsmasq[16242]: read /var/lib/neutron/dhcp/ca8edbbf-c59c-449c-9890-4e53a478c062/addn_hosts - 3 addresses
May 25 16:48:34 gtw01 dnsmasq-dhcp[16242]: read /var/lib/neutron/dhcp/ca8edbbf-c59c-449c-9890-4e53a478c062/host
May 25 16:48:34 gtw01 dnsmasq-dhcp[16242]: read /var/lib/neutron/dhcp/ca8edbbf-c59c-449c-9890-4e53a478c062/opts
May 25 16:48:35 gtw01 dnsmasq[16242]: read /var/lib/neutron/dhcp/ca8edbbf-c59c-449c-9890-4e53a478c062/addn_hosts - 2 addresses
May 25 16:48:35 gtw01 dnsmasq-dhcp[16242]: read /var/lib/neutron/dhcp/ca8edbbf-c59c-449c-9890-4e53a478c062/host
May 25 16:48:35 gtw01 dnsmasq-dhcp[16242]: read /var/lib/neutron/dhcp/ca8edbbf-c59c-449c-9890-4e53a478c062/opts
May 25 16:48:36 gtw01 kernel: [ 5739.006317] device tap5f0d4fbc-2e left promiscuous mode
May 25 16:48:37 gtw01 dnsmasq[16242]: read /var/lib/neutron/dhcp/ca8edbbf-c59c-449c-9890-4e53a478c062/addn_hosts - 3 addresses
May 25 16:48:37 gtw01 dnsmasq-dhcp[16242]: read /var/lib/neutron/dhcp/ca8edbbf-c59c-449c-9890-4e53a478c062/host
May 25 16:48:37 gtw01 dnsmasq-dhcp[16242]: read /var/lib/neutron/dhcp/ca8edbbf-c59c-449c-9890-4e53a478c062/opts
May 25 16:48:38 gtw01 dnsmasq[16242]: read /var/lib/neutron/dhcp/ca8edbbf-c59c-449c-9890-4e53a478c062/addn_hosts - 3 addresses
May 25 16:48:38 gtw01 dnsmasq-dhcp[16242]: read /var/lib/neutron/dhcp/ca8edbbf-c59c-449c-9890-4e53a478c062/host
May 25 16:48:38 gtw01 dnsmasq-dhcp[16242]: read /var/lib/neutron/dhcp/ca8edbbf-c59c-449c-9890-4e53a478c062/opts
May 25 16:48:39 gtw01 dnsmasq[16242]: read /var/lib/neutron/dhcp/ca8edbbf-c59c-449c-9890-4e53a478c062/addn_hosts - 3 addresses
May 25 16:48:39 gtw01 dnsmasq-dhcp[16242]: read /var/lib/neutron/dhcp/ca8edbbf-c59c-449c-9890-4e53a478c062/host
May 25 16:48:39 gtw01 dnsmasq-dhcp[16242]: read /var/lib/neutron/dhcp/ca8edbbf-c59c-449c-9890-4e53a478c062/opts
May 25 16:48:41 gtw01 kernel: [ 5743.903839] device tapa69442a2-ba entered promiscuous mode
May 25 16:48:41 gtw01 systemd-udevd[5931]: Could not generate persistent MAC address for tapa69442a2-ba: No such file or directory
May 25 16:48:41 gtw01 systemd-udevd[5931]: Process '/sbin/ip link set tapa69442a2-ba txqueuelen 10000' failed with exit code 1.
May 25 16:48:41 gtw01 systemd-udevd[5931]: Process '/sbin/ip link set tapa69442a2-ba txqueuelen 10000' failed with exit code 1.
May 25 16:48:42 gtw01 dnsmasq-dhcp[3814]: DHCPRELEASE(tapb7192fc7-d5) 192.168.120.11 fa:16:3e:f4:8c:13
May 25 16:48:42 gtw01 dnsmasq-dhcp[3814]: DHCPRELEASE(tapb7192fc7-d5) 192.168.120.11 fa:16:3e:f4:8c:13 unknown lease
May 25 16:48:43 gtw01 systemd-udevd[6096]: Could not generate persistent MAC address for tap759f4553-c5: No such file or directory
May 25 16:48:43 gtw01 kernel: [ 5746.004925] device tap759f4553-c5 entered promiscuous mode
May 25 16:48:43 gtw01 dnsmasq[3814]: read /var/lib/neutron/dhcp/5274a0b1-520b-4f75-8987-4686f87d2206/addn_hosts - 3 addresses
May 25 16:48:43 gtw01 dnsmasq-dhcp[3814]: read /var/lib/neutron/dhcp/5274a0b1-520b-4f75-8987-4686f87d2206/host
May 25 16:48:43 gtw01 dnsmasq-dhcp[3814]: read /var/lib/neutron/dhcp/5274a0b1-520b-4f75-8987-4686f87d2206/opts
May 25 16:48:43 gtw01 systemd-udevd[6096]: Process '/sbin/ip link set tap759f4553-c5 txqueuelen 10000' failed with exit code 1.
May 25 16:48:43 gtw01 systemd-udevd[6096]: Process '/sbin/ip link set tap759f4553-c5 txqueuelen 10000' failed with exit code 1.
