May 25 16:48:44 gtw01 dnsmasq[6231]: started, version 2.80 cachesize 150
May 25 16:48:44 gtw01 dnsmasq[6231]: DNS service limited to local subnets
May 25 16:48:44 gtw01 dnsmasq[6231]: compile time options: IPv6 GNU-getopt DBus i18n IDN DHCP DHCPv6 no-Lua TFTP conntrack ipset auth DNSSEC loop-detect inotify dumpfile
May 25 16:48:44 gtw01 dnsmasq[6231]: LOUD WARNING: listening on 19.80.0.2 may accept requests via interfaces other than tapa69442a2-ba
May 25 16:48:44 gtw01 dnsmasq[6231]: LOUD WARNING: use --bind-dynamic rather than --bind-interfaces to avoid DNS amplification attacks via these interface(s)
May 25 16:48:44 gtw01 dnsmasq[6231]: warning: no upstream servers configured
May 25 16:48:44 gtw01 dnsmasq-dhcp[6231]: DHCP, static leases only on 19.80.0.0, lease time 1h
May 25 16:48:44 gtw01 dnsmasq[6231]: read /var/lib/neutron/dhcp/a0bccb5c-bb09-4cb6-92b2-e45e69e1f81a/addn_hosts - 1 addresses
May 25 16:48:44 gtw01 dnsmasq-dhcp[6231]: read /var/lib/neutron/dhcp/a0bccb5c-bb09-4cb6-92b2-e45e69e1f81a/host
May 25 16:48:44 gtw01 dnsmasq-dhcp[6231]: read /var/lib/neutron/dhcp/a0bccb5c-bb09-4cb6-92b2-e45e69e1f81a/opts
May 25 16:48:44 gtw01 haproxy-metadata-proxy-a0bccb5c-bb09-4cb6-92b2-e45e69e1f81a[6240]: Proxy listener started.
May 25 16:48:46 gtw01 dnsmasq-dhcp[3814]: DHCPRELEASE(tapb7192fc7-d5) 192.168.120.6 fa:16:3e:22:07:e0
May 25 16:48:46 gtw01 dnsmasq[6231]: read /var/lib/neutron/dhcp/a0bccb5c-bb09-4cb6-92b2-e45e69e1f81a/addn_hosts - 1 addresses
May 25 16:48:46 gtw01 dnsmasq-dhcp[6231]: read /var/lib/neutron/dhcp/a0bccb5c-bb09-4cb6-92b2-e45e69e1f81a/host
May 25 16:48:46 gtw01 dnsmasq-dhcp[6231]: read /var/lib/neutron/dhcp/a0bccb5c-bb09-4cb6-92b2-e45e69e1f81a/opts
May 25 16:48:46 gtw01 dnsmasq-dhcp[3814]: DHCPRELEASE(tapb7192fc7-d5) 192.168.120.6 fa:16:3e:22:07:e0 unknown lease
May 25 16:48:46 gtw01 dnsmasq[6328]: started, version 2.80 cachesize 150
May 25 16:48:46 gtw01 dnsmasq[6328]: DNS service limited to local subnets
May 25 16:48:46 gtw01 dnsmasq[6328]: compile time options: IPv6 GNU-getopt DBus i18n IDN DHCP DHCPv6 no-Lua TFTP conntrack ipset auth DNSSEC loop-detect inotify dumpfile
May 25 16:48:46 gtw01 dnsmasq[6328]: LOUD WARNING: listening on 19.86.0.2 may accept requests via interfaces other than tap759f4553-c5
May 25 16:48:46 gtw01 dnsmasq[6328]: LOUD WARNING: use --bind-dynamic rather than --bind-interfaces to avoid DNS amplification attacks via these interface(s)
May 25 16:48:46 gtw01 dnsmasq[6328]: warning: no upstream servers configured
May 25 16:48:46 gtw01 dnsmasq-dhcp[6328]: DHCP, static leases only on 19.86.0.0, lease time 1h
May 25 16:48:46 gtw01 dnsmasq[6328]: read /var/lib/neutron/dhcp/92330a27-c016-4606-a841-7e934d988146/addn_hosts - 1 addresses
May 25 16:48:46 gtw01 dnsmasq-dhcp[6328]: read /var/lib/neutron/dhcp/92330a27-c016-4606-a841-7e934d988146/host
May 25 16:48:46 gtw01 dnsmasq-dhcp[6328]: read /var/lib/neutron/dhcp/92330a27-c016-4606-a841-7e934d988146/opts
May 25 16:48:47 gtw01 dnsmasq[3814]: read /var/lib/neutron/dhcp/5274a0b1-520b-4f75-8987-4686f87d2206/addn_hosts - 2 addresses
May 25 16:48:47 gtw01 dnsmasq-dhcp[3814]: read /var/lib/neutron/dhcp/5274a0b1-520b-4f75-8987-4686f87d2206/host
May 25 16:48:47 gtw01 dnsmasq-dhcp[3814]: read /var/lib/neutron/dhcp/5274a0b1-520b-4f75-8987-4686f87d2206/opts
May 25 16:48:47 gtw01 dnsmasq[6231]: read /var/lib/neutron/dhcp/a0bccb5c-bb09-4cb6-92b2-e45e69e1f81a/addn_hosts - 1 addresses
May 25 16:48:47 gtw01 dnsmasq-dhcp[6231]: read /var/lib/neutron/dhcp/a0bccb5c-bb09-4cb6-92b2-e45e69e1f81a/host
May 25 16:48:47 gtw01 dnsmasq-dhcp[6231]: read /var/lib/neutron/dhcp/a0bccb5c-bb09-4cb6-92b2-e45e69e1f81a/opts
May 25 16:48:47 gtw01 haproxy-metadata-proxy-92330a27-c016-4606-a841-7e934d988146[6345]: Proxy listener started.
May 25 16:48:47 gtw01 dnsmasq[6328]: read /var/lib/neutron/dhcp/92330a27-c016-4606-a841-7e934d988146/addn_hosts - 1 addresses
May 25 16:48:47 gtw01 dnsmasq-dhcp[6328]: read /var/lib/neutron/dhcp/92330a27-c016-4606-a841-7e934d988146/host
May 25 16:48:47 gtw01 dnsmasq-dhcp[6328]: read /var/lib/neutron/dhcp/92330a27-c016-4606-a841-7e934d988146/opts
May 25 16:48:47 gtw01 dnsmasq[6231]: read /var/lib/neutron/dhcp/a0bccb5c-bb09-4cb6-92b2-e45e69e1f81a/addn_hosts - 2 addresses
May 25 16:48:47 gtw01 dnsmasq-dhcp[6231]: read /var/lib/neutron/dhcp/a0bccb5c-bb09-4cb6-92b2-e45e69e1f81a/host
May 25 16:48:47 gtw01 dnsmasq-dhcp[6231]: read /var/lib/neutron/dhcp/a0bccb5c-bb09-4cb6-92b2-e45e69e1f81a/opts
May 25 16:48:48 gtw01 dnsmasq[6328]: read /var/lib/neutron/dhcp/92330a27-c016-4606-a841-7e934d988146/addn_hosts - 1 addresses
May 25 16:48:48 gtw01 dnsmasq-dhcp[6328]: read /var/lib/neutron/dhcp/92330a27-c016-4606-a841-7e934d988146/host
May 25 16:48:48 gtw01 dnsmasq-dhcp[6328]: read /var/lib/neutron/dhcp/92330a27-c016-4606-a841-7e934d988146/opts
May 25 16:48:48 gtw01 dnsmasq[6231]: read /var/lib/neutron/dhcp/a0bccb5c-bb09-4cb6-92b2-e45e69e1f81a/addn_hosts - 2 addresses
May 25 16:48:48 gtw01 dnsmasq-dhcp[6231]: read /var/lib/neutron/dhcp/a0bccb5c-bb09-4cb6-92b2-e45e69e1f81a/host
May 25 16:48:48 gtw01 dnsmasq-dhcp[6231]: read /var/lib/neutron/dhcp/a0bccb5c-bb09-4cb6-92b2-e45e69e1f81a/opts
May 25 16:48:49 gtw01 dnsmasq[6328]: read /var/lib/neutron/dhcp/92330a27-c016-4606-a841-7e934d988146/addn_hosts - 1 addresses
May 25 16:48:49 gtw01 dnsmasq-dhcp[6328]: read /var/lib/neutron/dhcp/92330a27-c016-4606-a841-7e934d988146/host
May 25 16:48:49 gtw01 dnsmasq-dhcp[6328]: read /var/lib/neutron/dhcp/92330a27-c016-4606-a841-7e934d988146/opts
May 25 16:48:49 gtw01 dnsmasq[3814]: read /var/lib/neutron/dhcp/5274a0b1-520b-4f75-8987-4686f87d2206/addn_hosts - 1 addresses
May 25 16:48:49 gtw01 dnsmasq-dhcp[3814]: read /var/lib/neutron/dhcp/5274a0b1-520b-4f75-8987-4686f87d2206/host
May 25 16:48:49 gtw01 dnsmasq-dhcp[3814]: read /var/lib/neutron/dhcp/5274a0b1-520b-4f75-8987-4686f87d2206/opts
May 25 16:48:50 gtw01 dnsmasq[6328]: read /var/lib/neutron/dhcp/92330a27-c016-4606-a841-7e934d988146/addn_hosts - 2 addresses
May 25 16:48:50 gtw01 dnsmasq-dhcp[6328]: read /var/lib/neutron/dhcp/92330a27-c016-4606-a841-7e934d988146/host
May 25 16:48:50 gtw01 dnsmasq-dhcp[6328]: read /var/lib/neutron/dhcp/92330a27-c016-4606-a841-7e934d988146/opts
May 25 16:48:50 gtw01 dnsmasq[6231]: read /var/lib/neutron/dhcp/a0bccb5c-bb09-4cb6-92b2-e45e69e1f81a/addn_hosts - 2 addresses
May 25 16:48:50 gtw01 dnsmasq-dhcp[6231]: read /var/lib/neutron/dhcp/a0bccb5c-bb09-4cb6-92b2-e45e69e1f81a/host
May 25 16:48:50 gtw01 dnsmasq-dhcp[6231]: read /var/lib/neutron/dhcp/a0bccb5c-bb09-4cb6-92b2-e45e69e1f81a/opts
May 25 16:48:51 gtw01 dnsmasq[6231]: read /var/lib/neutron/dhcp/a0bccb5c-bb09-4cb6-92b2-e45e69e1f81a/addn_hosts - 2 addresses
May 25 16:48:51 gtw01 dnsmasq-dhcp[6231]: read /var/lib/neutron/dhcp/a0bccb5c-bb09-4cb6-92b2-e45e69e1f81a/host
May 25 16:48:51 gtw01 dnsmasq-dhcp[6231]: read /var/lib/neutron/dhcp/a0bccb5c-bb09-4cb6-92b2-e45e69e1f81a/opts
May 25 16:48:51 gtw01 dnsmasq[6328]: read /var/lib/neutron/dhcp/92330a27-c016-4606-a841-7e934d988146/addn_hosts - 2 addresses
May 25 16:48:51 gtw01 dnsmasq-dhcp[6328]: read /var/lib/neutron/dhcp/92330a27-c016-4606-a841-7e934d988146/host
May 25 16:48:51 gtw01 dnsmasq-dhcp[6328]: read /var/lib/neutron/dhcp/92330a27-c016-4606-a841-7e934d988146/opts
May 25 16:48:52 gtw01 dnsmasq[6328]: read /var/lib/neutron/dhcp/92330a27-c016-4606-a841-7e934d988146/addn_hosts - 2 addresses
May 25 16:48:52 gtw01 dnsmasq-dhcp[6328]: read /var/lib/neutron/dhcp/92330a27-c016-4606-a841-7e934d988146/host
May 25 16:48:52 gtw01 dnsmasq-dhcp[6328]: read /var/lib/neutron/dhcp/92330a27-c016-4606-a841-7e934d988146/opts
May 25 16:48:53 gtw01 kernel: [ 5755.671470] device tapb7192fc7-d5 left promiscuous mode
May 25 16:48:53 gtw01 dnsmasq-dhcp[16242]: DHCPDISCOVER(tap5dbf6d42-f5) fa:16:3e:7a:b3:cc
May 25 16:48:53 gtw01 dnsmasq-dhcp[16242]: DHCPOFFER(tap5dbf6d42-f5) 192.168.120.22 fa:16:3e:7a:b3:cc
May 25 16:48:53 gtw01 dnsmasq-dhcp[16242]: DHCPREQUEST(tap5dbf6d42-f5) 192.168.120.22 fa:16:3e:7a:b3:cc
May 25 16:48:53 gtw01 dnsmasq-dhcp[16242]: DHCPACK(tap5dbf6d42-f5) 192.168.120.22 fa:16:3e:7a:b3:cc host-192-168-120-22
May 25 16:49:00 gtw01 kernel: [ 5762.685594] device tap7cc8934c-9d entered promiscuous mode
May 25 16:49:00 gtw01 systemd-udevd[6614]: Could not generate persistent MAC address for tap7cc8934c-9d: No such file or directory
May 25 16:49:00 gtw01 systemd-udevd[6614]: Process '/sbin/ip link set tap7cc8934c-9d txqueuelen 10000' failed with exit code 1.
May 25 16:49:00 gtw01 systemd-udevd[6688]: Process '/sbin/ip link set tap7cc8934c-9d txqueuelen 10000' failed with exit code 1.
May 25 16:49:01 gtw01 dnsmasq[6328]: read /var/lib/neutron/dhcp/92330a27-c016-4606-a841-7e934d988146/addn_hosts - 1 addresses
May 25 16:49:01 gtw01 dnsmasq-dhcp[6328]: read /var/lib/neutron/dhcp/92330a27-c016-4606-a841-7e934d988146/host
May 25 16:49:01 gtw01 dnsmasq-dhcp[6328]: read /var/lib/neutron/dhcp/92330a27-c016-4606-a841-7e934d988146/opts
May 25 16:49:03 gtw01 dnsmasq[6231]: read /var/lib/neutron/dhcp/a0bccb5c-bb09-4cb6-92b2-e45e69e1f81a/addn_hosts - 1 addresses
May 25 16:49:03 gtw01 dnsmasq-dhcp[6231]: read /var/lib/neutron/dhcp/a0bccb5c-bb09-4cb6-92b2-e45e69e1f81a/host
May 25 16:49:03 gtw01 dnsmasq-dhcp[6231]: read /var/lib/neutron/dhcp/a0bccb5c-bb09-4cb6-92b2-e45e69e1f81a/opts
May 25 16:49:03 gtw01 dnsmasq[6835]: started, version 2.80 cachesize 150
May 25 16:49:03 gtw01 dnsmasq[6835]: DNS service limited to local subnets
May 25 16:49:03 gtw01 dnsmasq[6835]: compile time options: IPv6 GNU-getopt DBus i18n IDN DHCP DHCPv6 no-Lua TFTP conntrack ipset auth DNSSEC loop-detect inotify dumpfile
May 25 16:49:03 gtw01 dnsmasq[6835]: warning: no upstream servers configured
May 25 16:49:03 gtw01 dnsmasq-dhcp[6835]: DHCP, static leases only on 192.168.120.0, lease time 1h
May 25 16:49:03 gtw01 dnsmasq[6835]: read /var/lib/neutron/dhcp/783bc7b6-0f78-474b-8738-6272ae3d6f4c/addn_hosts - 1 addresses
May 25 16:49:03 gtw01 dnsmasq-dhcp[6835]: read /var/lib/neutron/dhcp/783bc7b6-0f78-474b-8738-6272ae3d6f4c/host
May 25 16:49:03 gtw01 dnsmasq-dhcp[6835]: read /var/lib/neutron/dhcp/783bc7b6-0f78-474b-8738-6272ae3d6f4c/opts
May 25 16:49:03 gtw01 systemd-udevd[6842]: Could not generate persistent MAC address for qr-89876faa-65: No such file or directory
May 25 16:49:03 gtw01 kernel: [ 5766.128284] device qr-89876faa-65 entered promiscuous mode
May 25 16:49:03 gtw01 haproxy-metadata-proxy-783bc7b6-0f78-474b-8738-6272ae3d6f4c[6919]: Proxy listener started.
May 25 16:49:04 gtw01 dnsmasq[6835]: read /var/lib/neutron/dhcp/783bc7b6-0f78-474b-8738-6272ae3d6f4c/addn_hosts - 2 addresses
May 25 16:49:04 gtw01 dnsmasq-dhcp[6835]: read /var/lib/neutron/dhcp/783bc7b6-0f78-474b-8738-6272ae3d6f4c/host
May 25 16:49:04 gtw01 dnsmasq-dhcp[6835]: read /var/lib/neutron/dhcp/783bc7b6-0f78-474b-8738-6272ae3d6f4c/opts
May 25 16:49:04 gtw01 systemd-udevd[6956]: Could not generate persistent MAC address for qg-48e76282-a7: No such file or directory
May 25 16:49:04 gtw01 kernel: [ 5767.308246] device qg-48e76282-a7 entered promiscuous mode
May 25 16:49:05 gtw01 dnsmasq[6835]: read /var/lib/neutron/dhcp/783bc7b6-0f78-474b-8738-6272ae3d6f4c/addn_hosts - 2 addresses
May 25 16:49:05 gtw01 dnsmasq-dhcp[6835]: read /var/lib/neutron/dhcp/783bc7b6-0f78-474b-8738-6272ae3d6f4c/host
May 25 16:49:05 gtw01 dnsmasq-dhcp[6835]: read /var/lib/neutron/dhcp/783bc7b6-0f78-474b-8738-6272ae3d6f4c/opts
May 25 16:49:06 gtw01 kernel: [ 5768.443589] device tap759f4553-c5 left promiscuous mode
May 25 16:49:06 gtw01 dnsmasq[6835]: read /var/lib/neutron/dhcp/783bc7b6-0f78-474b-8738-6272ae3d6f4c/addn_hosts - 2 addresses
May 25 16:49:06 gtw01 dnsmasq-dhcp[6835]: read /var/lib/neutron/dhcp/783bc7b6-0f78-474b-8738-6272ae3d6f4c/host
May 25 16:49:06 gtw01 dnsmasq-dhcp[6835]: read /var/lib/neutron/dhcp/783bc7b6-0f78-474b-8738-6272ae3d6f4c/opts
May 25 16:49:07 gtw01 dnsmasq[6835]: read /var/lib/neutron/dhcp/783bc7b6-0f78-474b-8738-6272ae3d6f4c/addn_hosts - 2 addresses
May 25 16:49:07 gtw01 dnsmasq-dhcp[6835]: read /var/lib/neutron/dhcp/783bc7b6-0f78-474b-8738-6272ae3d6f4c/host
May 25 16:49:07 gtw01 dnsmasq-dhcp[6835]: read /var/lib/neutron/dhcp/783bc7b6-0f78-474b-8738-6272ae3d6f4c/opts
May 25 16:49:08 gtw01 dnsmasq[6835]: read /var/lib/neutron/dhcp/783bc7b6-0f78-474b-8738-6272ae3d6f4c/addn_hosts - 2 addresses
May 25 16:49:08 gtw01 dnsmasq-dhcp[6835]: read /var/lib/neutron/dhcp/783bc7b6-0f78-474b-8738-6272ae3d6f4c/host
May 25 16:49:08 gtw01 dnsmasq-dhcp[6835]: read /var/lib/neutron/dhcp/783bc7b6-0f78-474b-8738-6272ae3d6f4c/opts
May 25 16:49:09 gtw01 kernel: [ 5771.883417] device tapa69442a2-ba left promiscuous mode
May 25 16:49:11 gtw01 dnsmasq[6835]: read /var/lib/neutron/dhcp/783bc7b6-0f78-474b-8738-6272ae3d6f4c/addn_hosts - 3 addresses
May 25 16:49:11 gtw01 dnsmasq-dhcp[6835]: read /var/lib/neutron/dhcp/783bc7b6-0f78-474b-8738-6272ae3d6f4c/host
May 25 16:49:11 gtw01 dnsmasq-dhcp[6835]: read /var/lib/neutron/dhcp/783bc7b6-0f78-474b-8738-6272ae3d6f4c/opts
May 25 16:49:11 gtw01 haproxy-metadata-proxy-f5e716a7-7934-45d0-8cd2-f3984a27179c[7319]: Proxy listener started.
May 25 16:49:12 gtw01 dnsmasq[6835]: read /var/lib/neutron/dhcp/783bc7b6-0f78-474b-8738-6272ae3d6f4c/addn_hosts - 3 addresses
May 25 16:49:12 gtw01 dnsmasq-dhcp[6835]: read /var/lib/neutron/dhcp/783bc7b6-0f78-474b-8738-6272ae3d6f4c/host
May 25 16:49:12 gtw01 dnsmasq-dhcp[6835]: read /var/lib/neutron/dhcp/783bc7b6-0f78-474b-8738-6272ae3d6f4c/opts
May 25 16:49:12 gtw01 dnsmasq[6835]: read /var/lib/neutron/dhcp/783bc7b6-0f78-474b-8738-6272ae3d6f4c/addn_hosts - 3 addresses
May 25 16:49:12 gtw01 dnsmasq-dhcp[6835]: read /var/lib/neutron/dhcp/783bc7b6-0f78-474b-8738-6272ae3d6f4c/host
May 25 16:49:12 gtw01 dnsmasq-dhcp[6835]: read /var/lib/neutron/dhcp/783bc7b6-0f78-474b-8738-6272ae3d6f4c/opts
May 25 16:49:13 gtw01 dnsmasq[4498]: read /var/lib/neutron/dhcp/7f4774cd-2aa4-45da-8813-40239658f87e/addn_hosts - 1 addresses
May 25 16:49:13 gtw01 dnsmasq-dhcp[4498]: read /var/lib/neutron/dhcp/7f4774cd-2aa4-45da-8813-40239658f87e/host
May 25 16:49:13 gtw01 dnsmasq-dhcp[4498]: read /var/lib/neutron/dhcp/7f4774cd-2aa4-45da-8813-40239658f87e/opts
May 25 16:49:13 gtw01 haproxy-metadata-proxy-7f4774cd-2aa4-45da-8813-40239658f87e[7409]: Proxy listener started.
May 25 16:49:13 gtw01 dnsmasq[6835]: read /var/lib/neutron/dhcp/783bc7b6-0f78-474b-8738-6272ae3d6f4c/addn_hosts - 3 addresses
May 25 16:49:13 gtw01 dnsmasq-dhcp[6835]: read /var/lib/neutron/dhcp/783bc7b6-0f78-474b-8738-6272ae3d6f4c/host
May 25 16:49:13 gtw01 dnsmasq-dhcp[6835]: read /var/lib/neutron/dhcp/783bc7b6-0f78-474b-8738-6272ae3d6f4c/opts
May 25 16:49:14 gtw01 kernel: [ 5777.178681] device qr-f4e73008-55 left promiscuous mode
May 25 16:49:14 gtw01 dnsmasq[6835]: read /var/lib/neutron/dhcp/783bc7b6-0f78-474b-8738-6272ae3d6f4c/addn_hosts - 3 addresses
May 25 16:49:14 gtw01 dnsmasq-dhcp[6835]: read /var/lib/neutron/dhcp/783bc7b6-0f78-474b-8738-6272ae3d6f4c/host
May 25 16:49:14 gtw01 dnsmasq-dhcp[6835]: read /var/lib/neutron/dhcp/783bc7b6-0f78-474b-8738-6272ae3d6f4c/opts
May 25 16:49:15 gtw01 kernel: [ 5777.940683] device qg-81579373-8e left promiscuous mode
May 25 16:49:18 gtw01 kernel: [ 5780.608317] device tap589b33e6-6b left promiscuous mode
May 25 16:49:20 gtw01 dnsmasq-dhcp[16242]: DHCPRELEASE(tap5dbf6d42-f5) 192.168.120.22 fa:16:3e:7a:b3:cc
May 25 16:49:24 gtw01 kernel: [ 5787.395160] device vxlan_sys_4789 left promiscuous mode
May 25 16:49:26 gtw01 systemd-udevd[7752]: Could not generate persistent MAC address for tap2b7daf3e-d9: No such file or directory
May 25 16:49:26 gtw01 kernel: [ 5789.399027] device tap2b7daf3e-d9 entered promiscuous mode
May 25 16:49:27 gtw01 systemd-udevd[7752]: Process '/sbin/ip link set tap2b7daf3e-d9 txqueuelen 10000' failed with exit code 1.
May 25 16:49:27 gtw01 systemd-udevd[7752]: Process '/sbin/ip link set tap2b7daf3e-d9 txqueuelen 10000' failed with exit code 1.
May 25 16:49:27 gtw01 systemd-udevd[7836]: Could not generate persistent MAC address for vxlan_sys_4789: No such file or directory
May 25 16:49:27 gtw01 kernel: [ 5789.512701] device vxlan_sys_4789 entered promiscuous mode
May 25 16:49:30 gtw01 kernel: [ 5792.446570] device vxlan_sys_4789 left promiscuous mode
May 25 16:49:30 gtw01 dnsmasq[7989]: started, version 2.80 cachesize 150
May 25 16:49:30 gtw01 dnsmasq[7989]: DNS service limited to local subnets
May 25 16:49:30 gtw01 dnsmasq[7989]: compile time options: IPv6 GNU-getopt DBus i18n IDN DHCP DHCPv6 no-Lua TFTP conntrack ipset auth DNSSEC loop-detect inotify dumpfile
May 25 16:49:30 gtw01 dnsmasq[7989]: warning: no upstream servers configured
May 25 16:49:30 gtw01 dnsmasq-dhcp[7989]: DHCP, static leases only on 192.168.120.0, lease time 1h
May 25 16:49:30 gtw01 dnsmasq[7989]: read /var/lib/neutron/dhcp/ae087e78-91e5-4bb0-a05b-1574a8e793b9/addn_hosts - 1 addresses
May 25 16:49:30 gtw01 dnsmasq-dhcp[7989]: read /var/lib/neutron/dhcp/ae087e78-91e5-4bb0-a05b-1574a8e793b9/host
May 25 16:49:30 gtw01 dnsmasq-dhcp[7989]: read /var/lib/neutron/dhcp/ae087e78-91e5-4bb0-a05b-1574a8e793b9/opts
May 25 16:49:30 gtw01 dnsmasq[16242]: read /var/lib/neutron/dhcp/ca8edbbf-c59c-449c-9890-4e53a478c062/addn_hosts - 2 addresses
May 25 16:49:30 gtw01 dnsmasq-dhcp[16242]: read /var/lib/neutron/dhcp/ca8edbbf-c59c-449c-9890-4e53a478c062/host
May 25 16:49:30 gtw01 dnsmasq-dhcp[16242]: read /var/lib/neutron/dhcp/ca8edbbf-c59c-449c-9890-4e53a478c062/opts
May 25 16:49:30 gtw01 haproxy-metadata-proxy-ae087e78-91e5-4bb0-a05b-1574a8e793b9[7997]: Proxy listener started.
May 25 16:49:31 gtw01 dnsmasq[7989]: read /var/lib/neutron/dhcp/ae087e78-91e5-4bb0-a05b-1574a8e793b9/addn_hosts - 2 addresses
May 25 16:49:31 gtw01 dnsmasq-dhcp[7989]: read /var/lib/neutron/dhcp/ae087e78-91e5-4bb0-a05b-1574a8e793b9/host
May 25 16:49:31 gtw01 dnsmasq-dhcp[7989]: read /var/lib/neutron/dhcp/ae087e78-91e5-4bb0-a05b-1574a8e793b9/opts
May 25 16:49:31 gtw01 systemd-udevd[8017]: Could not generate persistent MAC address for vxlan_sys_4789: No such file or directory
May 25 16:49:31 gtw01 kernel: [ 5794.110232] device vxlan_sys_4789 entered promiscuous mode
May 25 16:49:32 gtw01 dnsmasq[7989]: read /var/lib/neutron/dhcp/ae087e78-91e5-4bb0-a05b-1574a8e793b9/addn_hosts - 2 addresses
May 25 16:49:32 gtw01 dnsmasq-dhcp[7989]: read /var/lib/neutron/dhcp/ae087e78-91e5-4bb0-a05b-1574a8e793b9/host
May 25 16:49:32 gtw01 dnsmasq-dhcp[7989]: read /var/lib/neutron/dhcp/ae087e78-91e5-4bb0-a05b-1574a8e793b9/opts
May 25 16:49:33 gtw01 dnsmasq[16242]: read /var/lib/neutron/dhcp/ca8edbbf-c59c-449c-9890-4e53a478c062/addn_hosts - 3 addresses
May 25 16:49:33 gtw01 dnsmasq-dhcp[16242]: read /var/lib/neutron/dhcp/ca8edbbf-c59c-449c-9890-4e53a478c062/host
May 25 16:49:33 gtw01 dnsmasq-dhcp[16242]: read /var/lib/neutron/dhcp/ca8edbbf-c59c-449c-9890-4e53a478c062/opts
May 25 16:49:33 gtw01 systemd-udevd[8160]: Could not generate persistent MAC address for qr-72468b92-45: No such file or directory
May 25 16:49:33 gtw01 kernel: [ 5795.822754] device qr-72468b92-45 entered promiscuous mode
May 25 16:49:33 gtw01 dnsmasq[7989]: read /var/lib/neutron/dhcp/ae087e78-91e5-4bb0-a05b-1574a8e793b9/addn_hosts - 2 addresses
May 25 16:49:33 gtw01 dnsmasq-dhcp[7989]: read /var/lib/neutron/dhcp/ae087e78-91e5-4bb0-a05b-1574a8e793b9/host
May 25 16:49:33 gtw01 dnsmasq-dhcp[7989]: read /var/lib/neutron/dhcp/ae087e78-91e5-4bb0-a05b-1574a8e793b9/opts
May 25 16:49:34 gtw01 dnsmasq[16242]: read /var/lib/neutron/dhcp/ca8edbbf-c59c-449c-9890-4e53a478c062/addn_hosts - 3 addresses
May 25 16:49:34 gtw01 dnsmasq-dhcp[16242]: read /var/lib/neutron/dhcp/ca8edbbf-c59c-449c-9890-4e53a478c062/host
May 25 16:49:34 gtw01 dnsmasq-dhcp[16242]: read /var/lib/neutron/dhcp/ca8edbbf-c59c-449c-9890-4e53a478c062/opts
May 25 16:49:34 gtw01 dnsmasq[7989]: read /var/lib/neutron/dhcp/ae087e78-91e5-4bb0-a05b-1574a8e793b9/addn_hosts - 2 addresses
May 25 16:49:34 gtw01 dnsmasq-dhcp[7989]: read /var/lib/neutron/dhcp/ae087e78-91e5-4bb0-a05b-1574a8e793b9/host
May 25 16:49:34 gtw01 dnsmasq-dhcp[7989]: read /var/lib/neutron/dhcp/ae087e78-91e5-4bb0-a05b-1574a8e793b9/opts
May 25 16:49:34 gtw01 systemd-udevd[8319]: Could not generate persistent MAC address for qg-137b1706-e4: No such file or directory
May 25 16:49:34 gtw01 kernel: [ 5797.067409] device qg-137b1706-e4 entered promiscuous mode
May 25 16:49:34 gtw01 kernel: [ 5797.082984] device vxlan_sys_4789 left promiscuous mode
May 25 16:49:35 gtw01 dnsmasq[16242]: read /var/lib/neutron/dhcp/ca8edbbf-c59c-449c-9890-4e53a478c062/addn_hosts - 3 addresses
May 25 16:49:35 gtw01 dnsmasq-dhcp[16242]: read /var/lib/neutron/dhcp/ca8edbbf-c59c-449c-9890-4e53a478c062/host
May 25 16:49:35 gtw01 dnsmasq-dhcp[16242]: read /var/lib/neutron/dhcp/ca8edbbf-c59c-449c-9890-4e53a478c062/opts
May 25 16:49:35 gtw01 dnsmasq[7989]: read /var/lib/neutron/dhcp/ae087e78-91e5-4bb0-a05b-1574a8e793b9/addn_hosts - 2 addresses
May 25 16:49:35 gtw01 dnsmasq-dhcp[7989]: read /var/lib/neutron/dhcp/ae087e78-91e5-4bb0-a05b-1574a8e793b9/host
May 25 16:49:35 gtw01 dnsmasq-dhcp[7989]: read /var/lib/neutron/dhcp/ae087e78-91e5-4bb0-a05b-1574a8e793b9/opts
May 25 16:49:36 gtw01 kernel: [ 5799.182348] device vxlan_sys_4789 entered promiscuous mode
May 25 16:49:36 gtw01 systemd-udevd[8499]: Could not generate persistent MAC address for vxlan_sys_4789: No such file or directory
May 25 16:49:37 gtw01 kernel: [ 5799.476846] device tap4f8c24f9-2f entered promiscuous mode
May 25 16:49:37 gtw01 systemd-udevd[8585]: Could not generate persistent MAC address for tap4f8c24f9-2f: No such file or directory
May 25 16:49:37 gtw01 systemd-udevd[8585]: Process '/sbin/ip link set tap4f8c24f9-2f txqueuelen 10000' failed with exit code 1.
May 25 16:49:37 gtw01 systemd-udevd[8664]: Process '/sbin/ip link set tap4f8c24f9-2f txqueuelen 10000' failed with exit code 1.
May 25 16:49:40 gtw01 dnsmasq[8808]: started, version 2.80 cachesize 150
May 25 16:49:40 gtw01 dnsmasq[8808]: DNS service limited to local subnets
May 25 16:49:40 gtw01 dnsmasq[8808]: compile time options: IPv6 GNU-getopt DBus i18n IDN DHCP DHCPv6 no-Lua TFTP conntrack ipset auth DNSSEC loop-detect inotify dumpfile
May 25 16:49:40 gtw01 dnsmasq[8808]: warning: no upstream servers configured
May 25 16:49:40 gtw01 dnsmasq-dhcp[8808]: DHCP, static leases only on 10.10.10.0, lease time 1h
May 25 16:49:40 gtw01 dnsmasq[8808]: read /var/lib/neutron/dhcp/d328a3d7-7c72-49a3-aeed-5016cc5ffbb8/addn_hosts - 1 addresses
May 25 16:49:40 gtw01 dnsmasq-dhcp[8808]: read /var/lib/neutron/dhcp/d328a3d7-7c72-49a3-aeed-5016cc5ffbb8/host
May 25 16:49:40 gtw01 dnsmasq-dhcp[8808]: read /var/lib/neutron/dhcp/d328a3d7-7c72-49a3-aeed-5016cc5ffbb8/opts
May 25 16:49:40 gtw01 haproxy-metadata-proxy-d328a3d7-7c72-49a3-aeed-5016cc5ffbb8[8815]: Proxy listener started.
May 25 16:49:40 gtw01 haproxy-metadata-proxy-8d4284f3-ff17-4c8a-8140-fb771c7c9114[8829]: Proxy listener started.
May 25 16:49:41 gtw01 dnsmasq[8808]: read /var/lib/neutron/dhcp/d328a3d7-7c72-49a3-aeed-5016cc5ffbb8/addn_hosts - 1 addresses
May 25 16:49:41 gtw01 dnsmasq-dhcp[8808]: read /var/lib/neutron/dhcp/d328a3d7-7c72-49a3-aeed-5016cc5ffbb8/host
May 25 16:49:41 gtw01 dnsmasq-dhcp[8808]: read /var/lib/neutron/dhcp/d328a3d7-7c72-49a3-aeed-5016cc5ffbb8/opts
May 25 16:49:41 gtw01 dnsmasq[8808]: read /var/lib/neutron/dhcp/d328a3d7-7c72-49a3-aeed-5016cc5ffbb8/addn_hosts - 1 addresses
May 25 16:49:41 gtw01 dnsmasq-dhcp[8808]: read /var/lib/neutron/dhcp/d328a3d7-7c72-49a3-aeed-5016cc5ffbb8/host
May 25 16:49:41 gtw01 dnsmasq-dhcp[8808]: read /var/lib/neutron/dhcp/d328a3d7-7c72-49a3-aeed-5016cc5ffbb8/opts
May 25 16:49:42 gtw01 dnsmasq[8808]: read /var/lib/neutron/dhcp/d328a3d7-7c72-49a3-aeed-5016cc5ffbb8/addn_hosts - 1 addresses
May 25 16:49:42 gtw01 dnsmasq-dhcp[8808]: read /var/lib/neutron/dhcp/d328a3d7-7c72-49a3-aeed-5016cc5ffbb8/host
May 25 16:49:42 gtw01 dnsmasq-dhcp[8808]: read /var/lib/neutron/dhcp/d328a3d7-7c72-49a3-aeed-5016cc5ffbb8/opts
May 25 16:49:42 gtw01 dnsmasq[7989]: read /var/lib/neutron/dhcp/ae087e78-91e5-4bb0-a05b-1574a8e793b9/addn_hosts - 2 addresses
May 25 16:49:42 gtw01 dnsmasq-dhcp[7989]: read /var/lib/neutron/dhcp/ae087e78-91e5-4bb0-a05b-1574a8e793b9/host
May 25 16:49:42 gtw01 dnsmasq-dhcp[7989]: read /var/lib/neutron/dhcp/ae087e78-91e5-4bb0-a05b-1574a8e793b9/opts
May 25 16:49:43 gtw01 dnsmasq[6835]: read /var/lib/neutron/dhcp/783bc7b6-0f78-474b-8738-6272ae3d6f4c/addn_hosts - 4 addresses
May 25 16:49:43 gtw01 dnsmasq-dhcp[6835]: read /var/lib/neutron/dhcp/783bc7b6-0f78-474b-8738-6272ae3d6f4c/host
May 25 16:49:43 gtw01 dnsmasq-dhcp[6835]: read /var/lib/neutron/dhcp/783bc7b6-0f78-474b-8738-6272ae3d6f4c/opts
May 25 16:49:43 gtw01 dnsmasq[7989]: read /var/lib/neutron/dhcp/ae087e78-91e5-4bb0-a05b-1574a8e793b9/addn_hosts - 2 addresses
May 25 16:49:43 gtw01 dnsmasq-dhcp[7989]: read /var/lib/neutron/dhcp/ae087e78-91e5-4bb0-a05b-1574a8e793b9/host
May 25 16:49:43 gtw01 dnsmasq-dhcp[7989]: read /var/lib/neutron/dhcp/ae087e78-91e5-4bb0-a05b-1574a8e793b9/opts
May 25 16:49:44 gtw01 dnsmasq[6835]: read /var/lib/neutron/dhcp/783bc7b6-0f78-474b-8738-6272ae3d6f4c/addn_hosts - 4 addresses
May 25 16:49:44 gtw01 dnsmasq-dhcp[6835]: read /var/lib/neutron/dhcp/783bc7b6-0f78-474b-8738-6272ae3d6f4c/host
May 25 16:49:44 gtw01 dnsmasq-dhcp[6835]: read /var/lib/neutron/dhcp/783bc7b6-0f78-474b-8738-6272ae3d6f4c/opts
May 25 16:49:44 gtw01 dnsmasq-dhcp[6835]: DHCPDISCOVER(tap7cc8934c-9d) fa:16:3e:d5:43:5e
May 25 16:49:44 gtw01 dnsmasq-dhcp[6835]: DHCPOFFER(tap7cc8934c-9d) 192.168.120.11 fa:16:3e:d5:43:5e
May 25 16:49:44 gtw01 dnsmasq-dhcp[6835]: DHCPREQUEST(tap7cc8934c-9d) 192.168.120.11 fa:16:3e:d5:43:5e
May 25 16:49:44 gtw01 dnsmasq-dhcp[6835]: DHCPACK(tap7cc8934c-9d) 192.168.120.11 fa:16:3e:d5:43:5e host-192-168-120-11
May 25 16:49:45 gtw01 dnsmasq[6835]: read /var/lib/neutron/dhcp/783bc7b6-0f78-474b-8738-6272ae3d6f4c/addn_hosts - 4 addresses
May 25 16:49:45 gtw01 dnsmasq-dhcp[6835]: read /var/lib/neutron/dhcp/783bc7b6-0f78-474b-8738-6272ae3d6f4c/host
May 25 16:49:45 gtw01 dnsmasq-dhcp[6835]: read /var/lib/neutron/dhcp/783bc7b6-0f78-474b-8738-6272ae3d6f4c/opts
May 25 16:49:45 gtw01 dnsmasq[7989]: read /var/lib/neutron/dhcp/ae087e78-91e5-4bb0-a05b-1574a8e793b9/addn_hosts - 3 addresses
May 25 16:49:45 gtw01 dnsmasq-dhcp[7989]: read /var/lib/neutron/dhcp/ae087e78-91e5-4bb0-a05b-1574a8e793b9/host
May 25 16:49:45 gtw01 dnsmasq-dhcp[7989]: read /var/lib/neutron/dhcp/ae087e78-91e5-4bb0-a05b-1574a8e793b9/opts
May 25 16:49:46 gtw01 dnsmasq[7989]: read /var/lib/neutron/dhcp/ae087e78-91e5-4bb0-a05b-1574a8e793b9/addn_hosts - 3 addresses
May 25 16:49:46 gtw01 dnsmasq-dhcp[7989]: read /var/lib/neutron/dhcp/ae087e78-91e5-4bb0-a05b-1574a8e793b9/host
May 25 16:49:46 gtw01 dnsmasq-dhcp[7989]: read /var/lib/neutron/dhcp/ae087e78-91e5-4bb0-a05b-1574a8e793b9/opts
May 25 16:49:46 gtw01 dnsmasq-dhcp[16242]: DHCPDISCOVER(tap5dbf6d42-f5) fa:16:3e:a0:68:ab
May 25 16:49:46 gtw01 dnsmasq-dhcp[16242]: DHCPOFFER(tap5dbf6d42-f5) 192.168.120.6 fa:16:3e:a0:68:ab
May 25 16:49:46 gtw01 dnsmasq-dhcp[16242]: DHCPREQUEST(tap5dbf6d42-f5) 192.168.120.6 fa:16:3e:a0:68:ab
May 25 16:49:46 gtw01 dnsmasq-dhcp[16242]: DHCPACK(tap5dbf6d42-f5) 192.168.120.6 fa:16:3e:a0:68:ab host-192-168-120-6
May 25 16:49:47 gtw01 dnsmasq[7989]: read /var/lib/neutron/dhcp/ae087e78-91e5-4bb0-a05b-1574a8e793b9/addn_hosts - 3 addresses
May 25 16:49:47 gtw01 dnsmasq-dhcp[7989]: read /var/lib/neutron/dhcp/ae087e78-91e5-4bb0-a05b-1574a8e793b9/host
May 25 16:49:47 gtw01 dnsmasq-dhcp[7989]: read /var/lib/neutron/dhcp/ae087e78-91e5-4bb0-a05b-1574a8e793b9/opts
May 25 16:49:54 gtw01 dnsmasq[8808]: read /var/lib/neutron/dhcp/d328a3d7-7c72-49a3-aeed-5016cc5ffbb8/addn_hosts - 2 addresses
May 25 16:49:54 gtw01 dnsmasq-dhcp[8808]: read /var/lib/neutron/dhcp/d328a3d7-7c72-49a3-aeed-5016cc5ffbb8/host
May 25 16:49:54 gtw01 dnsmasq-dhcp[8808]: read /var/lib/neutron/dhcp/d328a3d7-7c72-49a3-aeed-5016cc5ffbb8/opts
May 25 16:49:55 gtw01 dnsmasq[8808]: read /var/lib/neutron/dhcp/d328a3d7-7c72-49a3-aeed-5016cc5ffbb8/addn_hosts - 2 addresses
May 25 16:49:55 gtw01 dnsmasq-dhcp[8808]: read /var/lib/neutron/dhcp/d328a3d7-7c72-49a3-aeed-5016cc5ffbb8/host
May 25 16:49:55 gtw01 dnsmasq-dhcp[8808]: read /var/lib/neutron/dhcp/d328a3d7-7c72-49a3-aeed-5016cc5ffbb8/opts
May 25 16:49:56 gtw01 dnsmasq[8808]: read /var/lib/neutron/dhcp/d328a3d7-7c72-49a3-aeed-5016cc5ffbb8/addn_hosts - 2 addresses
May 25 16:49:56 gtw01 dnsmasq-dhcp[8808]: read /var/lib/neutron/dhcp/d328a3d7-7c72-49a3-aeed-5016cc5ffbb8/host
May 25 16:49:56 gtw01 dnsmasq-dhcp[8808]: read /var/lib/neutron/dhcp/d328a3d7-7c72-49a3-aeed-5016cc5ffbb8/opts
May 25 16:50:00 gtw01 dnsmasq-dhcp[7989]: DHCPDISCOVER(tap2b7daf3e-d9) fa:16:3e:07:ed:34
May 25 16:50:00 gtw01 dnsmasq-dhcp[7989]: DHCPOFFER(tap2b7daf3e-d9) 192.168.120.3 fa:16:3e:07:ed:34
May 25 16:50:00 gtw01 dnsmasq-dhcp[7989]: DHCPREQUEST(tap2b7daf3e-d9) 192.168.120.3 fa:16:3e:07:ed:34
May 25 16:50:00 gtw01 dnsmasq-dhcp[7989]: DHCPACK(tap2b7daf3e-d9) 192.168.120.3 fa:16:3e:07:ed:34 host-192-168-120-3
May 25 16:50:01 gtw01 dnsmasq-dhcp[6835]: DHCPDISCOVER(tap7cc8934c-9d) fa:16:3e:40:a2:04
May 25 16:50:01 gtw01 dnsmasq-dhcp[6835]: DHCPOFFER(tap7cc8934c-9d) 192.168.120.12 fa:16:3e:40:a2:04
May 25 16:50:01 gtw01 dnsmasq-dhcp[6835]: DHCPREQUEST(tap7cc8934c-9d) 192.168.120.12 fa:16:3e:40:a2:04
May 25 16:50:01 gtw01 dnsmasq-dhcp[6835]: DHCPACK(tap7cc8934c-9d) 192.168.120.12 fa:16:3e:40:a2:04 host-192-168-120-12
May 25 16:50:05 gtw01 haproxy-metadata-proxy-8d4284f3-ff17-4c8a-8140-fb771c7c9114[8831]: 192.168.120.3:37546 [25/May/2019:16:50:04.172] listener listener/metadata 2/0/0/1346/1348 200 2285 - - ---- 1/1/0/1/0 0/0 "GET /openstack/latest/meta_data.json HTTP/1.1"
May 25 16:50:10 gtw01 dnsmasq[8808]: read /var/lib/neutron/dhcp/d328a3d7-7c72-49a3-aeed-5016cc5ffbb8/addn_hosts - 1 addresses
May 25 16:50:10 gtw01 dnsmasq-dhcp[8808]: read /var/lib/neutron/dhcp/d328a3d7-7c72-49a3-aeed-5016cc5ffbb8/host
May 25 16:50:10 gtw01 dnsmasq-dhcp[8808]: read /var/lib/neutron/dhcp/d328a3d7-7c72-49a3-aeed-5016cc5ffbb8/opts
May 25 16:50:11 gtw01 dnsmasq-dhcp[7989]: DHCPRELEASE(tap2b7daf3e-d9) 192.168.120.3 fa:16:3e:07:ed:34
May 25 16:50:12 gtw01 dnsmasq-dhcp[7989]: DHCPRELEASE(tap2b7daf3e-d9) 192.168.120.3 fa:16:3e:07:ed:34 unknown lease
May 25 16:50:12 gtw01 dnsmasq[7989]: read /var/lib/neutron/dhcp/ae087e78-91e5-4bb0-a05b-1574a8e793b9/addn_hosts - 2 addresses
May 25 16:50:12 gtw01 dnsmasq-dhcp[7989]: read /var/lib/neutron/dhcp/ae087e78-91e5-4bb0-a05b-1574a8e793b9/host
May 25 16:50:12 gtw01 dnsmasq-dhcp[7989]: read /var/lib/neutron/dhcp/ae087e78-91e5-4bb0-a05b-1574a8e793b9/opts
May 25 16:50:13 gtw01 dnsmasq-dhcp[6835]: DHCPRELEASE(tap7cc8934c-9d) 192.168.120.12 fa:16:3e:40:a2:04
May 25 16:50:13 gtw01 dnsmasq-dhcp[16242]: DHCPRELEASE(tap5dbf6d42-f5) 192.168.120.6 fa:16:3e:a0:68:ab
May 25 16:50:16 gtw01 kernel: [ 5838.546100] device tap4f8c24f9-2f left promiscuous mode
May 25 16:50:21 gtw01 dnsmasq[7989]: read /var/lib/neutron/dhcp/ae087e78-91e5-4bb0-a05b-1574a8e793b9/addn_hosts - 1 addresses
May 25 16:50:21 gtw01 dnsmasq-dhcp[7989]: read /var/lib/neutron/dhcp/ae087e78-91e5-4bb0-a05b-1574a8e793b9/host
May 25 16:50:21 gtw01 dnsmasq-dhcp[7989]: read /var/lib/neutron/dhcp/ae087e78-91e5-4bb0-a05b-1574a8e793b9/opts
May 25 16:50:22 gtw01 haproxy-metadata-proxy-ae087e78-91e5-4bb0-a05b-1574a8e793b9[9415]: Proxy listener started.
May 25 16:50:22 gtw01 dnsmasq[6835]: read /var/lib/neutron/dhcp/783bc7b6-0f78-474b-8738-6272ae3d6f4c/addn_hosts - 5 addresses
May 25 16:50:22 gtw01 dnsmasq-dhcp[6835]: read /var/lib/neutron/dhcp/783bc7b6-0f78-474b-8738-6272ae3d6f4c/host
May 25 16:50:22 gtw01 dnsmasq-dhcp[6835]: read /var/lib/neutron/dhcp/783bc7b6-0f78-474b-8738-6272ae3d6f4c/opts
May 25 16:50:23 gtw01 dnsmasq[6835]: read /var/lib/neutron/dhcp/783bc7b6-0f78-474b-8738-6272ae3d6f4c/addn_hosts - 5 addresses
May 25 16:50:23 gtw01 dnsmasq-dhcp[6835]: read /var/lib/neutron/dhcp/783bc7b6-0f78-474b-8738-6272ae3d6f4c/host
May 25 16:50:23 gtw01 dnsmasq-dhcp[6835]: read /var/lib/neutron/dhcp/783bc7b6-0f78-474b-8738-6272ae3d6f4c/opts
May 25 16:50:24 gtw01 kernel: [ 5846.629880] device qr-72468b92-45 left promiscuous mode
May 25 16:50:24 gtw01 dnsmasq[6835]: read /var/lib/neutron/dhcp/783bc7b6-0f78-474b-8738-6272ae3d6f4c/addn_hosts - 5 addresses
May 25 16:50:24 gtw01 dnsmasq-dhcp[6835]: read /var/lib/neutron/dhcp/783bc7b6-0f78-474b-8738-6272ae3d6f4c/host
May 25 16:50:24 gtw01 dnsmasq-dhcp[6835]: read /var/lib/neutron/dhcp/783bc7b6-0f78-474b-8738-6272ae3d6f4c/opts
May 25 16:50:27 gtw01 kernel: [ 5849.442663] device qg-137b1706-e4 left promiscuous mode
May 25 16:50:27 gtw01 kernel: [ 5850.063170] device tap2b7daf3e-d9 left promiscuous mode
May 25 16:50:28 gtw01 dnsmasq[16242]: read /var/lib/neutron/dhcp/ca8edbbf-c59c-449c-9890-4e53a478c062/addn_hosts - 2 addresses
May 25 16:50:28 gtw01 dnsmasq-dhcp[16242]: read /var/lib/neutron/dhcp/ca8edbbf-c59c-449c-9890-4e53a478c062/host
May 25 16:50:28 gtw01 dnsmasq-dhcp[16242]: read /var/lib/neutron/dhcp/ca8edbbf-c59c-449c-9890-4e53a478c062/opts
May 25 16:50:30 gtw01 dnsmasq[16242]: read /var/lib/neutron/dhcp/ca8edbbf-c59c-449c-9890-4e53a478c062/addn_hosts - 3 addresses
May 25 16:50:30 gtw01 dnsmasq-dhcp[16242]: read /var/lib/neutron/dhcp/ca8edbbf-c59c-449c-9890-4e53a478c062/host
May 25 16:50:30 gtw01 dnsmasq-dhcp[16242]: read /var/lib/neutron/dhcp/ca8edbbf-c59c-449c-9890-4e53a478c062/opts
May 25 16:50:31 gtw01 dnsmasq[16242]: read /var/lib/neutron/dhcp/ca8edbbf-c59c-449c-9890-4e53a478c062/addn_hosts - 3 addresses
May 25 16:50:31 gtw01 dnsmasq-dhcp[16242]: read /var/lib/neutron/dhcp/ca8edbbf-c59c-449c-9890-4e53a478c062/host
May 25 16:50:31 gtw01 dnsmasq-dhcp[16242]: read /var/lib/neutron/dhcp/ca8edbbf-c59c-449c-9890-4e53a478c062/opts
May 25 16:50:31 gtw01 dnsmasq-dhcp[6835]: DHCPRELEASE(tap7cc8934c-9d) 192.168.120.11 fa:16:3e:d5:43:5e
May 25 16:50:32 gtw01 dnsmasq[16242]: read /var/lib/neutron/dhcp/ca8edbbf-c59c-449c-9890-4e53a478c062/addn_hosts - 3 addresses
May 25 16:50:32 gtw01 dnsmasq-dhcp[16242]: read /var/lib/neutron/dhcp/ca8edbbf-c59c-449c-9890-4e53a478c062/host
May 25 16:50:32 gtw01 dnsmasq-dhcp[16242]: read /var/lib/neutron/dhcp/ca8edbbf-c59c-449c-9890-4e53a478c062/opts
May 25 16:50:36 gtw01 dnsmasq-dhcp[6835]: DHCPDISCOVER(tap7cc8934c-9d) fa:16:3e:39:a7:56
May 25 16:50:36 gtw01 dnsmasq-dhcp[6835]: DHCPOFFER(tap7cc8934c-9d) 192.168.120.3 fa:16:3e:39:a7:56
May 25 16:50:36 gtw01 dnsmasq-dhcp[6835]: DHCPREQUEST(tap7cc8934c-9d) 192.168.120.3 fa:16:3e:39:a7:56
May 25 16:50:36 gtw01 dnsmasq-dhcp[6835]: DHCPACK(tap7cc8934c-9d) 192.168.120.3 fa:16:3e:39:a7:56 host-192-168-120-3
May 25 16:50:37 gtw01 dnsmasq[16242]: read /var/lib/neutron/dhcp/ca8edbbf-c59c-449c-9890-4e53a478c062/addn_hosts - 4 addresses
May 25 16:50:37 gtw01 dnsmasq-dhcp[16242]: read /var/lib/neutron/dhcp/ca8edbbf-c59c-449c-9890-4e53a478c062/host
May 25 16:50:37 gtw01 dnsmasq-dhcp[16242]: read /var/lib/neutron/dhcp/ca8edbbf-c59c-449c-9890-4e53a478c062/opts
May 25 16:50:38 gtw01 dnsmasq[16242]: read /var/lib/neutron/dhcp/ca8edbbf-c59c-449c-9890-4e53a478c062/addn_hosts - 4 addresses
May 25 16:50:38 gtw01 dnsmasq-dhcp[16242]: read /var/lib/neutron/dhcp/ca8edbbf-c59c-449c-9890-4e53a478c062/host
May 25 16:50:38 gtw01 dnsmasq-dhcp[16242]: read /var/lib/neutron/dhcp/ca8edbbf-c59c-449c-9890-4e53a478c062/opts
May 25 16:50:39 gtw01 dnsmasq[16242]: read /var/lib/neutron/dhcp/ca8edbbf-c59c-449c-9890-4e53a478c062/addn_hosts - 4 addresses
May 25 16:50:39 gtw01 dnsmasq-dhcp[16242]: read /var/lib/neutron/dhcp/ca8edbbf-c59c-449c-9890-4e53a478c062/host
May 25 16:50:39 gtw01 dnsmasq-dhcp[16242]: read /var/lib/neutron/dhcp/ca8edbbf-c59c-449c-9890-4e53a478c062/opts
May 25 16:50:44 gtw01 dnsmasq-dhcp[16242]: DHCPDISCOVER(tap5dbf6d42-f5) fa:16:3e:a8:dc:bf
May 25 16:50:44 gtw01 dnsmasq-dhcp[16242]: DHCPOFFER(tap5dbf6d42-f5) 192.168.120.13 fa:16:3e:a8:dc:bf
May 25 16:50:44 gtw01 dnsmasq[16242]: read /var/lib/neutron/dhcp/ca8edbbf-c59c-449c-9890-4e53a478c062/addn_hosts - 3 addresses
May 25 16:50:44 gtw01 dnsmasq-dhcp[16242]: read /var/lib/neutron/dhcp/ca8edbbf-c59c-449c-9890-4e53a478c062/host
May 25 16:50:44 gtw01 dnsmasq-dhcp[16242]: read /var/lib/neutron/dhcp/ca8edbbf-c59c-449c-9890-4e53a478c062/opts
May 25 16:50:44 gtw01 dnsmasq-dhcp[16242]: DHCPREQUEST(tap5dbf6d42-f5) 192.168.120.13 fa:16:3e:a8:dc:bf
May 25 16:50:44 gtw01 dnsmasq-dhcp[16242]: DHCPACK(tap5dbf6d42-f5) 192.168.120.13 fa:16:3e:a8:dc:bf host-192-168-120-13
May 25 16:50:49 gtw01 dnsmasq-dhcp[16242]: DHCPRELEASE(tap5dbf6d42-f5) 192.168.120.13 fa:16:3e:a8:dc:bf
May 25 16:50:50 gtw01 dnsmasq-dhcp[6835]: DHCPDISCOVER(tap7cc8934c-9d) fa:16:3e:d5:43:5e
May 25 16:50:50 gtw01 dnsmasq-dhcp[6835]: DHCPOFFER(tap7cc8934c-9d) 192.168.120.11 fa:16:3e:d5:43:5e
May 25 16:50:50 gtw01 dnsmasq-dhcp[6835]: DHCPREQUEST(tap7cc8934c-9d) 192.168.120.11 fa:16:3e:d5:43:5e
May 25 16:50:50 gtw01 dnsmasq-dhcp[6835]: DHCPACK(tap7cc8934c-9d) 192.168.120.11 fa:16:3e:d5:43:5e host-192-168-120-11
May 25 16:50:56 gtw01 dnsmasq[16242]: read /var/lib/neutron/dhcp/ca8edbbf-c59c-449c-9890-4e53a478c062/addn_hosts - 4 addresses
May 25 16:50:56 gtw01 dnsmasq-dhcp[16242]: read /var/lib/neutron/dhcp/ca8edbbf-c59c-449c-9890-4e53a478c062/host
May 25 16:50:56 gtw01 dnsmasq-dhcp[16242]: read /var/lib/neutron/dhcp/ca8edbbf-c59c-449c-9890-4e53a478c062/opts
May 25 16:50:57 gtw01 dnsmasq[16242]: read /var/lib/neutron/dhcp/ca8edbbf-c59c-449c-9890-4e53a478c062/addn_hosts - 5 addresses
May 25 16:50:57 gtw01 dnsmasq-dhcp[16242]: read /var/lib/neutron/dhcp/ca8edbbf-c59c-449c-9890-4e53a478c062/host
May 25 16:50:57 gtw01 dnsmasq-dhcp[16242]: read /var/lib/neutron/dhcp/ca8edbbf-c59c-449c-9890-4e53a478c062/opts
May 25 16:50:58 gtw01 dnsmasq[16242]: read /var/lib/neutron/dhcp/ca8edbbf-c59c-449c-9890-4e53a478c062/addn_hosts - 6 addresses
May 25 16:50:58 gtw01 dnsmasq-dhcp[16242]: read /var/lib/neutron/dhcp/ca8edbbf-c59c-449c-9890-4e53a478c062/host
May 25 16:50:58 gtw01 dnsmasq-dhcp[16242]: read /var/lib/neutron/dhcp/ca8edbbf-c59c-449c-9890-4e53a478c062/opts
May 25 16:50:59 gtw01 dnsmasq[16242]: read /var/lib/neutron/dhcp/ca8edbbf-c59c-449c-9890-4e53a478c062/addn_hosts - 6 addresses
May 25 16:50:59 gtw01 dnsmasq-dhcp[16242]: read /var/lib/neutron/dhcp/ca8edbbf-c59c-449c-9890-4e53a478c062/host
May 25 16:50:59 gtw01 dnsmasq-dhcp[16242]: read /var/lib/neutron/dhcp/ca8edbbf-c59c-449c-9890-4e53a478c062/opts
May 25 16:51:00 gtw01 dnsmasq[16242]: read /var/lib/neutron/dhcp/ca8edbbf-c59c-449c-9890-4e53a478c062/addn_hosts - 6 addresses
May 25 16:51:00 gtw01 dnsmasq-dhcp[16242]: read /var/lib/neutron/dhcp/ca8edbbf-c59c-449c-9890-4e53a478c062/host
May 25 16:51:00 gtw01 dnsmasq-dhcp[16242]: read /var/lib/neutron/dhcp/ca8edbbf-c59c-449c-9890-4e53a478c062/opts
May 25 16:51:01 gtw01 dnsmasq[16242]: read /var/lib/neutron/dhcp/ca8edbbf-c59c-449c-9890-4e53a478c062/addn_hosts - 6 addresses
May 25 16:51:01 gtw01 dnsmasq-dhcp[16242]: read /var/lib/neutron/dhcp/ca8edbbf-c59c-449c-9890-4e53a478c062/host
May 25 16:51:01 gtw01 dnsmasq-dhcp[16242]: read /var/lib/neutron/dhcp/ca8edbbf-c59c-449c-9890-4e53a478c062/opts
May 25 16:51:02 gtw01 dnsmasq[16242]: read /var/lib/neutron/dhcp/ca8edbbf-c59c-449c-9890-4e53a478c062/addn_hosts - 6 addresses
May 25 16:51:02 gtw01 dnsmasq-dhcp[16242]: read /var/lib/neutron/dhcp/ca8edbbf-c59c-449c-9890-4e53a478c062/host
May 25 16:51:02 gtw01 dnsmasq-dhcp[16242]: read /var/lib/neutron/dhcp/ca8edbbf-c59c-449c-9890-4e53a478c062/opts
May 25 16:51:03 gtw01 dnsmasq[16242]: read /var/lib/neutron/dhcp/ca8edbbf-c59c-449c-9890-4e53a478c062/addn_hosts - 6 addresses
May 25 16:51:03 gtw01 dnsmasq-dhcp[16242]: read /var/lib/neutron/dhcp/ca8edbbf-c59c-449c-9890-4e53a478c062/host
May 25 16:51:03 gtw01 dnsmasq-dhcp[16242]: read /var/lib/neutron/dhcp/ca8edbbf-c59c-449c-9890-4e53a478c062/opts
May 25 16:51:04 gtw01 dnsmasq-dhcp[6835]: DHCPDISCOVER(tap7cc8934c-9d) fa:16:3e:d5:43:5e
May 25 16:51:04 gtw01 dnsmasq-dhcp[6835]: DHCPOFFER(tap7cc8934c-9d) 192.168.120.11 fa:16:3e:d5:43:5e
May 25 16:51:04 gtw01 dnsmasq-dhcp[6835]: DHCPREQUEST(tap7cc8934c-9d) 192.168.120.11 fa:16:3e:d5:43:5e
May 25 16:51:04 gtw01 dnsmasq-dhcp[6835]: DHCPACK(tap7cc8934c-9d) 192.168.120.11 fa:16:3e:d5:43:5e host-192-168-120-11
May 25 16:51:04 gtw01 dnsmasq[16242]: read /var/lib/neutron/dhcp/ca8edbbf-c59c-449c-9890-4e53a478c062/addn_hosts - 6 addresses
May 25 16:51:04 gtw01 dnsmasq-dhcp[16242]: read /var/lib/neutron/dhcp/ca8edbbf-c59c-449c-9890-4e53a478c062/host
May 25 16:51:04 gtw01 dnsmasq-dhcp[16242]: read /var/lib/neutron/dhcp/ca8edbbf-c59c-449c-9890-4e53a478c062/opts
May 25 16:51:04 gtw01 dnsmasq[16242]: read /var/lib/neutron/dhcp/ca8edbbf-c59c-449c-9890-4e53a478c062/addn_hosts - 5 addresses
May 25 16:51:04 gtw01 dnsmasq-dhcp[16242]: read /var/lib/neutron/dhcp/ca8edbbf-c59c-449c-9890-4e53a478c062/host
May 25 16:51:04 gtw01 dnsmasq-dhcp[16242]: read /var/lib/neutron/dhcp/ca8edbbf-c59c-449c-9890-4e53a478c062/opts
May 25 16:51:05 gtw01 dnsmasq[16242]: read /var/lib/neutron/dhcp/ca8edbbf-c59c-449c-9890-4e53a478c062/addn_hosts - 6 addresses
May 25 16:51:05 gtw01 dnsmasq-dhcp[16242]: read /var/lib/neutron/dhcp/ca8edbbf-c59c-449c-9890-4e53a478c062/host
May 25 16:51:05 gtw01 dnsmasq-dhcp[16242]: read /var/lib/neutron/dhcp/ca8edbbf-c59c-449c-9890-4e53a478c062/opts
May 25 16:51:06 gtw01 dnsmasq[16242]: read /var/lib/neutron/dhcp/ca8edbbf-c59c-449c-9890-4e53a478c062/addn_hosts - 6 addresses
May 25 16:51:06 gtw01 dnsmasq-dhcp[16242]: read /var/lib/neutron/dhcp/ca8edbbf-c59c-449c-9890-4e53a478c062/host
May 25 16:51:06 gtw01 dnsmasq-dhcp[16242]: read /var/lib/neutron/dhcp/ca8edbbf-c59c-449c-9890-4e53a478c062/opts
May 25 16:51:07 gtw01 dnsmasq[16242]: read /var/lib/neutron/dhcp/ca8edbbf-c59c-449c-9890-4e53a478c062/addn_hosts - 6 addresses
May 25 16:51:07 gtw01 dnsmasq-dhcp[16242]: read /var/lib/neutron/dhcp/ca8edbbf-c59c-449c-9890-4e53a478c062/host
May 25 16:51:07 gtw01 dnsmasq-dhcp[16242]: read /var/lib/neutron/dhcp/ca8edbbf-c59c-449c-9890-4e53a478c062/opts
May 25 16:51:12 gtw01 dnsmasq-dhcp[6835]: DHCPRELEASE(tap7cc8934c-9d) 192.168.120.11 fa:16:3e:d5:43:5e
May 25 16:51:12 gtw01 dnsmasq-dhcp[16242]: DHCPDISCOVER(tap5dbf6d42-f5) fa:16:3e:72:e0:b8
May 25 16:51:12 gtw01 dnsmasq-dhcp[16242]: DHCPOFFER(tap5dbf6d42-f5) 192.168.120.3 fa:16:3e:72:e0:b8
May 25 16:51:12 gtw01 dnsmasq-dhcp[16242]: DHCPREQUEST(tap5dbf6d42-f5) 192.168.120.3 fa:16:3e:72:e0:b8
May 25 16:51:12 gtw01 dnsmasq-dhcp[16242]: DHCPACK(tap5dbf6d42-f5) 192.168.120.3 fa:16:3e:72:e0:b8 host-192-168-120-3
May 25 16:51:13 gtw01 dnsmasq[16242]: read /var/lib/neutron/dhcp/ca8edbbf-c59c-449c-9890-4e53a478c062/addn_hosts - 5 addresses
May 25 16:51:13 gtw01 dnsmasq-dhcp[16242]: read /var/lib/neutron/dhcp/ca8edbbf-c59c-449c-9890-4e53a478c062/host
May 25 16:51:13 gtw01 dnsmasq-dhcp[16242]: read /var/lib/neutron/dhcp/ca8edbbf-c59c-449c-9890-4e53a478c062/opts
May 25 16:51:15 gtw01 dnsmasq[16242]: read /var/lib/neutron/dhcp/ca8edbbf-c59c-449c-9890-4e53a478c062/addn_hosts - 4 addresses
May 25 16:51:15 gtw01 dnsmasq-dhcp[16242]: read /var/lib/neutron/dhcp/ca8edbbf-c59c-449c-9890-4e53a478c062/host
May 25 16:51:15 gtw01 dnsmasq-dhcp[16242]: read /var/lib/neutron/dhcp/ca8edbbf-c59c-449c-9890-4e53a478c062/opts
May 25 16:51:16 gtw01 dnsmasq-dhcp[16242]: DHCPRELEASE(tap5dbf6d42-f5) 192.168.120.3 fa:16:3e:72:e0:b8
May 25 16:51:17 gtw01 dnsmasq-dhcp[16242]: DHCPRELEASE(tap5dbf6d42-f5) 192.168.120.3 fa:16:3e:72:e0:b8 unknown lease
May 25 16:51:17 gtw01 dnsmasq[16242]: read /var/lib/neutron/dhcp/ca8edbbf-c59c-449c-9890-4e53a478c062/addn_hosts - 3 addresses
May 25 16:51:17 gtw01 dnsmasq-dhcp[16242]: read /var/lib/neutron/dhcp/ca8edbbf-c59c-449c-9890-4e53a478c062/host
May 25 16:51:17 gtw01 dnsmasq-dhcp[16242]: read /var/lib/neutron/dhcp/ca8edbbf-c59c-449c-9890-4e53a478c062/opts
May 25 16:51:18 gtw01 dnsmasq[16242]: read /var/lib/neutron/dhcp/ca8edbbf-c59c-449c-9890-4e53a478c062/addn_hosts - 2 addresses
May 25 16:51:18 gtw01 dnsmasq-dhcp[16242]: read /var/lib/neutron/dhcp/ca8edbbf-c59c-449c-9890-4e53a478c062/host
May 25 16:51:18 gtw01 dnsmasq-dhcp[16242]: read /var/lib/neutron/dhcp/ca8edbbf-c59c-449c-9890-4e53a478c062/opts
May 25 16:51:27 gtw01 dnsmasq-dhcp[6835]: DHCPDISCOVER(tap7cc8934c-9d) fa:16:3e:d5:43:5e
May 25 16:51:27 gtw01 dnsmasq-dhcp[6835]: DHCPOFFER(tap7cc8934c-9d) 192.168.120.11 fa:16:3e:d5:43:5e
May 25 16:51:27 gtw01 dnsmasq-dhcp[6835]: DHCPREQUEST(tap7cc8934c-9d) 192.168.120.11 fa:16:3e:d5:43:5e
May 25 16:51:27 gtw01 dnsmasq-dhcp[6835]: DHCPACK(tap7cc8934c-9d) 192.168.120.11 fa:16:3e:d5:43:5e host-192-168-120-11
May 25 16:51:28 gtw01 dnsmasq[16242]: read /var/lib/neutron/dhcp/ca8edbbf-c59c-449c-9890-4e53a478c062/addn_hosts - 3 addresses
May 25 16:51:28 gtw01 dnsmasq-dhcp[16242]: read /var/lib/neutron/dhcp/ca8edbbf-c59c-449c-9890-4e53a478c062/host
May 25 16:51:28 gtw01 dnsmasq-dhcp[16242]: read /var/lib/neutron/dhcp/ca8edbbf-c59c-449c-9890-4e53a478c062/opts
May 25 16:51:29 gtw01 dnsmasq[16242]: read /var/lib/neutron/dhcp/ca8edbbf-c59c-449c-9890-4e53a478c062/addn_hosts - 4 addresses
May 25 16:51:29 gtw01 dnsmasq-dhcp[16242]: read /var/lib/neutron/dhcp/ca8edbbf-c59c-449c-9890-4e53a478c062/host
May 25 16:51:29 gtw01 dnsmasq-dhcp[16242]: read /var/lib/neutron/dhcp/ca8edbbf-c59c-449c-9890-4e53a478c062/opts
May 25 16:51:30 gtw01 dnsmasq[16242]: read /var/lib/neutron/dhcp/ca8edbbf-c59c-449c-9890-4e53a478c062/addn_hosts - 4 addresses
May 25 16:51:30 gtw01 dnsmasq-dhcp[16242]: read /var/lib/neutron/dhcp/ca8edbbf-c59c-449c-9890-4e53a478c062/host
May 25 16:51:30 gtw01 dnsmasq-dhcp[16242]: read /var/lib/neutron/dhcp/ca8edbbf-c59c-449c-9890-4e53a478c062/opts
May 25 16:51:31 gtw01 dnsmasq[16242]: read /var/lib/neutron/dhcp/ca8edbbf-c59c-449c-9890-4e53a478c062/addn_hosts - 4 addresses
May 25 16:51:31 gtw01 dnsmasq-dhcp[16242]: read /var/lib/neutron/dhcp/ca8edbbf-c59c-449c-9890-4e53a478c062/host
May 25 16:51:31 gtw01 dnsmasq-dhcp[16242]: read /var/lib/neutron/dhcp/ca8edbbf-c59c-449c-9890-4e53a478c062/opts
May 25 16:51:32 gtw01 dnsmasq[16242]: read /var/lib/neutron/dhcp/ca8edbbf-c59c-449c-9890-4e53a478c062/addn_hosts - 4 addresses
May 25 16:51:32 gtw01 dnsmasq-dhcp[16242]: read /var/lib/neutron/dhcp/ca8edbbf-c59c-449c-9890-4e53a478c062/host
May 25 16:51:32 gtw01 dnsmasq-dhcp[16242]: read /var/lib/neutron/dhcp/ca8edbbf-c59c-449c-9890-4e53a478c062/opts
May 25 16:51:32 gtw01 dnsmasq[16242]: read /var/lib/neutron/dhcp/ca8edbbf-c59c-449c-9890-4e53a478c062/addn_hosts - 4 addresses
May 25 16:51:32 gtw01 dnsmasq-dhcp[16242]: read /var/lib/neutron/dhcp/ca8edbbf-c59c-449c-9890-4e53a478c062/host
May 25 16:51:32 gtw01 dnsmasq-dhcp[16242]: read /var/lib/neutron/dhcp/ca8edbbf-c59c-449c-9890-4e53a478c062/opts
May 25 16:51:35 gtw01 dnsmasq-dhcp[6835]: DHCPRELEASE(tap7cc8934c-9d) 192.168.120.11 fa:16:3e:d5:43:5e
May 25 16:51:39 gtw01 dnsmasq[16242]: read /var/lib/neutron/dhcp/ca8edbbf-c59c-449c-9890-4e53a478c062/addn_hosts - 3 addresses
May 25 16:51:39 gtw01 dnsmasq-dhcp[16242]: read /var/lib/neutron/dhcp/ca8edbbf-c59c-449c-9890-4e53a478c062/host
May 25 16:51:39 gtw01 dnsmasq-dhcp[16242]: read /var/lib/neutron/dhcp/ca8edbbf-c59c-449c-9890-4e53a478c062/opts
May 25 16:51:41 gtw01 dnsmasq[16242]: read /var/lib/neutron/dhcp/ca8edbbf-c59c-449c-9890-4e53a478c062/addn_hosts - 2 addresses
May 25 16:51:41 gtw01 dnsmasq-dhcp[16242]: read /var/lib/neutron/dhcp/ca8edbbf-c59c-449c-9890-4e53a478c062/host
May 25 16:51:41 gtw01 dnsmasq-dhcp[16242]: read /var/lib/neutron/dhcp/ca8edbbf-c59c-449c-9890-4e53a478c062/opts
May 25 16:51:44 gtw01 dnsmasq[16242]: read /var/lib/neutron/dhcp/ca8edbbf-c59c-449c-9890-4e53a478c062/addn_hosts - 3 addresses
May 25 16:51:44 gtw01 dnsmasq-dhcp[16242]: read /var/lib/neutron/dhcp/ca8edbbf-c59c-449c-9890-4e53a478c062/host
May 25 16:51:44 gtw01 dnsmasq-dhcp[16242]: read /var/lib/neutron/dhcp/ca8edbbf-c59c-449c-9890-4e53a478c062/opts
May 25 16:51:45 gtw01 dnsmasq[16242]: read /var/lib/neutron/dhcp/ca8edbbf-c59c-449c-9890-4e53a478c062/addn_hosts - 4 addresses
May 25 16:51:45 gtw01 dnsmasq-dhcp[16242]: read /var/lib/neutron/dhcp/ca8edbbf-c59c-449c-9890-4e53a478c062/host
May 25 16:51:45 gtw01 dnsmasq-dhcp[16242]: read /var/lib/neutron/dhcp/ca8edbbf-c59c-449c-9890-4e53a478c062/opts
May 25 16:51:46 gtw01 dnsmasq[16242]: read /var/lib/neutron/dhcp/ca8edbbf-c59c-449c-9890-4e53a478c062/addn_hosts - 5 addresses
May 25 16:51:46 gtw01 dnsmasq-dhcp[16242]: read /var/lib/neutron/dhcp/ca8edbbf-c59c-449c-9890-4e53a478c062/host
May 25 16:51:46 gtw01 dnsmasq-dhcp[16242]: read /var/lib/neutron/dhcp/ca8edbbf-c59c-449c-9890-4e53a478c062/opts
May 25 16:51:47 gtw01 dnsmasq[16242]: read /var/lib/neutron/dhcp/ca8edbbf-c59c-449c-9890-4e53a478c062/addn_hosts - 5 addresses
May 25 16:51:47 gtw01 dnsmasq-dhcp[16242]: read /var/lib/neutron/dhcp/ca8edbbf-c59c-449c-9890-4e53a478c062/host
May 25 16:51:47 gtw01 dnsmasq-dhcp[16242]: read /var/lib/neutron/dhcp/ca8edbbf-c59c-449c-9890-4e53a478c062/opts
May 25 16:51:48 gtw01 dnsmasq[16242]: read /var/lib/neutron/dhcp/ca8edbbf-c59c-449c-9890-4e53a478c062/addn_hosts - 5 addresses
May 25 16:51:48 gtw01 dnsmasq-dhcp[16242]: read /var/lib/neutron/dhcp/ca8edbbf-c59c-449c-9890-4e53a478c062/host
May 25 16:51:48 gtw01 dnsmasq-dhcp[16242]: read /var/lib/neutron/dhcp/ca8edbbf-c59c-449c-9890-4e53a478c062/opts
May 25 16:51:49 gtw01 dnsmasq[16242]: read /var/lib/neutron/dhcp/ca8edbbf-c59c-449c-9890-4e53a478c062/addn_hosts - 5 addresses
May 25 16:51:49 gtw01 dnsmasq-dhcp[16242]: read /var/lib/neutron/dhcp/ca8edbbf-c59c-449c-9890-4e53a478c062/host
May 25 16:51:49 gtw01 dnsmasq-dhcp[16242]: read /var/lib/neutron/dhcp/ca8edbbf-c59c-449c-9890-4e53a478c062/opts
May 25 16:51:49 gtw01 dnsmasq[16242]: read /var/lib/neutron/dhcp/ca8edbbf-c59c-449c-9890-4e53a478c062/addn_hosts - 5 addresses
May 25 16:51:49 gtw01 dnsmasq-dhcp[16242]: read /var/lib/neutron/dhcp/ca8edbbf-c59c-449c-9890-4e53a478c062/host
May 25 16:51:49 gtw01 dnsmasq-dhcp[16242]: read /var/lib/neutron/dhcp/ca8edbbf-c59c-449c-9890-4e53a478c062/opts
May 25 16:51:50 gtw01 dnsmasq-dhcp[6835]: DHCPDISCOVER(tap7cc8934c-9d) fa:16:3e:d5:43:5e
May 25 16:51:50 gtw01 dnsmasq-dhcp[6835]: DHCPOFFER(tap7cc8934c-9d) 192.168.120.11 fa:16:3e:d5:43:5e
May 25 16:51:50 gtw01 dnsmasq-dhcp[6835]: DHCPREQUEST(tap7cc8934c-9d) 192.168.120.11 fa:16:3e:d5:43:5e
