May 25 16:37:36 gtw01 dnsmasq-dhcp[17026]: read /var/lib/neutron/dhcp/3c4ad8d5-a4f4-462b-b6f5-646bb9100631/opts
May 25 16:37:36 gtw01 dnsmasq[17686]: read /var/lib/neutron/dhcp/a3cb9062-f0c5-4423-a478-e99aed7aff17/addn_hosts - 2 addresses
May 25 16:37:36 gtw01 dnsmasq-dhcp[17686]: read /var/lib/neutron/dhcp/a3cb9062-f0c5-4423-a478-e99aed7aff17/host
May 25 16:37:36 gtw01 dnsmasq-dhcp[17686]: read /var/lib/neutron/dhcp/a3cb9062-f0c5-4423-a478-e99aed7aff17/opts
May 25 16:37:37 gtw01 dnsmasq[17026]: read /var/lib/neutron/dhcp/3c4ad8d5-a4f4-462b-b6f5-646bb9100631/addn_hosts - 3 addresses
May 25 16:37:37 gtw01 dnsmasq-dhcp[17026]: read /var/lib/neutron/dhcp/3c4ad8d5-a4f4-462b-b6f5-646bb9100631/host
May 25 16:37:37 gtw01 dnsmasq-dhcp[17026]: read /var/lib/neutron/dhcp/3c4ad8d5-a4f4-462b-b6f5-646bb9100631/opts
May 25 16:37:37 gtw01 dnsmasq[17686]: read /var/lib/neutron/dhcp/a3cb9062-f0c5-4423-a478-e99aed7aff17/addn_hosts - 2 addresses
May 25 16:37:37 gtw01 dnsmasq-dhcp[17686]: read /var/lib/neutron/dhcp/a3cb9062-f0c5-4423-a478-e99aed7aff17/host
May 25 16:37:37 gtw01 dnsmasq-dhcp[17686]: read /var/lib/neutron/dhcp/a3cb9062-f0c5-4423-a478-e99aed7aff17/opts
May 25 16:37:38 gtw01 systemd-udevd[18630]: Could not generate persistent MAC address for vxlan_sys_4789: No such file or directory
May 25 16:37:38 gtw01 kernel: [ 5081.271992] device vxlan_sys_4789 entered promiscuous mode
May 25 16:37:41 gtw01 kernel: [ 5083.857838] device vxlan_sys_4789 left promiscuous mode
May 25 16:37:41 gtw01 systemd-udevd[18758]: Could not generate persistent MAC address for vxlan_sys_4789: No such file or directory
May 25 16:37:41 gtw01 kernel: [ 5083.977343] device vxlan_sys_4789 entered promiscuous mode
May 25 16:37:41 gtw01 dnsmasq[16242]: read /var/lib/neutron/dhcp/ca8edbbf-c59c-449c-9890-4e53a478c062/addn_hosts - 2 addresses
May 25 16:37:41 gtw01 dnsmasq-dhcp[16242]: read /var/lib/neutron/dhcp/ca8edbbf-c59c-449c-9890-4e53a478c062/host
May 25 16:37:41 gtw01 dnsmasq-dhcp[16242]: read /var/lib/neutron/dhcp/ca8edbbf-c59c-449c-9890-4e53a478c062/opts
May 25 16:37:50 gtw01 dnsmasq[16242]: read /var/lib/neutron/dhcp/ca8edbbf-c59c-449c-9890-4e53a478c062/addn_hosts - 3 addresses
May 25 16:37:50 gtw01 dnsmasq-dhcp[16242]: read /var/lib/neutron/dhcp/ca8edbbf-c59c-449c-9890-4e53a478c062/host
May 25 16:37:50 gtw01 dnsmasq-dhcp[16242]: read /var/lib/neutron/dhcp/ca8edbbf-c59c-449c-9890-4e53a478c062/opts
May 25 16:37:51 gtw01 dnsmasq[16242]: read /var/lib/neutron/dhcp/ca8edbbf-c59c-449c-9890-4e53a478c062/addn_hosts - 3 addresses
May 25 16:37:51 gtw01 dnsmasq-dhcp[16242]: read /var/lib/neutron/dhcp/ca8edbbf-c59c-449c-9890-4e53a478c062/host
May 25 16:37:51 gtw01 dnsmasq-dhcp[16242]: read /var/lib/neutron/dhcp/ca8edbbf-c59c-449c-9890-4e53a478c062/opts
May 25 16:37:51 gtw01 dnsmasq-dhcp[17026]: DHCPDISCOVER(tap684f6825-8d) fa:16:3e:e6:80:62
May 25 16:37:51 gtw01 dnsmasq-dhcp[17026]: DHCPOFFER(tap684f6825-8d) 192.168.120.6 fa:16:3e:e6:80:62
May 25 16:37:51 gtw01 dnsmasq-dhcp[17026]: DHCPREQUEST(tap684f6825-8d) 192.168.120.6 fa:16:3e:e6:80:62
May 25 16:37:51 gtw01 dnsmasq-dhcp[17026]: DHCPACK(tap684f6825-8d) 192.168.120.6 fa:16:3e:e6:80:62 host-192-168-120-6
May 25 16:37:52 gtw01 dnsmasq[16242]: read /var/lib/neutron/dhcp/ca8edbbf-c59c-449c-9890-4e53a478c062/addn_hosts - 3 addresses
May 25 16:37:52 gtw01 dnsmasq-dhcp[16242]: read /var/lib/neutron/dhcp/ca8edbbf-c59c-449c-9890-4e53a478c062/host
May 25 16:37:52 gtw01 dnsmasq-dhcp[16242]: read /var/lib/neutron/dhcp/ca8edbbf-c59c-449c-9890-4e53a478c062/opts
May 25 16:37:54 gtw01 dnsmasq-dhcp[17026]: DHCPRELEASE(tap684f6825-8d) 192.168.120.6 fa:16:3e:e6:80:62
May 25 16:37:54 gtw01 dnsmasq-dhcp[17026]: DHCPRELEASE(tap684f6825-8d) 192.168.120.6 fa:16:3e:e6:80:62 unknown lease
May 25 16:37:54 gtw01 kernel: [ 5097.080394] device vxlan_sys_4789 left promiscuous mode
May 25 16:37:55 gtw01 systemd-udevd[18994]: Could not generate persistent MAC address for vxlan_sys_4789: No such file or directory
May 25 16:37:55 gtw01 kernel: [ 5097.637677] device vxlan_sys_4789 entered promiscuous mode
May 25 16:37:55 gtw01 dnsmasq[17026]: read /var/lib/neutron/dhcp/3c4ad8d5-a4f4-462b-b6f5-646bb9100631/addn_hosts - 2 addresses
May 25 16:37:55 gtw01 dnsmasq-dhcp[17026]: read /var/lib/neutron/dhcp/3c4ad8d5-a4f4-462b-b6f5-646bb9100631/host
May 25 16:37:55 gtw01 dnsmasq-dhcp[17026]: read /var/lib/neutron/dhcp/3c4ad8d5-a4f4-462b-b6f5-646bb9100631/opts
May 25 16:37:57 gtw01 dnsmasq[17026]: read /var/lib/neutron/dhcp/3c4ad8d5-a4f4-462b-b6f5-646bb9100631/addn_hosts - 3 addresses
May 25 16:37:57 gtw01 dnsmasq-dhcp[17026]: read /var/lib/neutron/dhcp/3c4ad8d5-a4f4-462b-b6f5-646bb9100631/host
May 25 16:37:57 gtw01 dnsmasq-dhcp[17026]: read /var/lib/neutron/dhcp/3c4ad8d5-a4f4-462b-b6f5-646bb9100631/opts
May 25 16:37:58 gtw01 dnsmasq[17026]: read /var/lib/neutron/dhcp/3c4ad8d5-a4f4-462b-b6f5-646bb9100631/addn_hosts - 3 addresses
May 25 16:37:58 gtw01 dnsmasq-dhcp[17026]: read /var/lib/neutron/dhcp/3c4ad8d5-a4f4-462b-b6f5-646bb9100631/host
May 25 16:37:58 gtw01 dnsmasq-dhcp[17026]: read /var/lib/neutron/dhcp/3c4ad8d5-a4f4-462b-b6f5-646bb9100631/opts
May 25 16:37:59 gtw01 dnsmasq[17026]: read /var/lib/neutron/dhcp/3c4ad8d5-a4f4-462b-b6f5-646bb9100631/addn_hosts - 3 addresses
May 25 16:37:59 gtw01 dnsmasq-dhcp[17026]: read /var/lib/neutron/dhcp/3c4ad8d5-a4f4-462b-b6f5-646bb9100631/host
May 25 16:37:59 gtw01 dnsmasq-dhcp[17026]: read /var/lib/neutron/dhcp/3c4ad8d5-a4f4-462b-b6f5-646bb9100631/opts
May 25 16:38:00 gtw01 dnsmasq[16242]: read /var/lib/neutron/dhcp/ca8edbbf-c59c-449c-9890-4e53a478c062/addn_hosts - 4 addresses
May 25 16:38:00 gtw01 dnsmasq-dhcp[16242]: read /var/lib/neutron/dhcp/ca8edbbf-c59c-449c-9890-4e53a478c062/host
May 25 16:38:00 gtw01 dnsmasq-dhcp[16242]: read /var/lib/neutron/dhcp/ca8edbbf-c59c-449c-9890-4e53a478c062/opts
May 25 16:38:01 gtw01 dnsmasq[16242]: read /var/lib/neutron/dhcp/ca8edbbf-c59c-449c-9890-4e53a478c062/addn_hosts - 4 addresses
May 25 16:38:01 gtw01 dnsmasq-dhcp[16242]: read /var/lib/neutron/dhcp/ca8edbbf-c59c-449c-9890-4e53a478c062/host
May 25 16:38:01 gtw01 dnsmasq-dhcp[16242]: read /var/lib/neutron/dhcp/ca8edbbf-c59c-449c-9890-4e53a478c062/opts
May 25 16:38:02 gtw01 dnsmasq[16242]: read /var/lib/neutron/dhcp/ca8edbbf-c59c-449c-9890-4e53a478c062/addn_hosts - 4 addresses
May 25 16:38:02 gtw01 dnsmasq-dhcp[16242]: read /var/lib/neutron/dhcp/ca8edbbf-c59c-449c-9890-4e53a478c062/host
May 25 16:38:02 gtw01 dnsmasq-dhcp[16242]: read /var/lib/neutron/dhcp/ca8edbbf-c59c-449c-9890-4e53a478c062/opts
May 25 16:38:05 gtw01 dnsmasq-dhcp[16242]: DHCPDISCOVER(tap5dbf6d42-f5) fa:16:3e:00:43:83
May 25 16:38:05 gtw01 dnsmasq-dhcp[16242]: DHCPOFFER(tap5dbf6d42-f5) 192.168.120.11 fa:16:3e:00:43:83
May 25 16:38:05 gtw01 dnsmasq-dhcp[16242]: DHCPREQUEST(tap5dbf6d42-f5) 192.168.120.11 fa:16:3e:00:43:83
May 25 16:38:05 gtw01 dnsmasq-dhcp[16242]: DHCPACK(tap5dbf6d42-f5) 192.168.120.11 fa:16:3e:00:43:83 host-192-168-120-11
May 25 16:38:11 gtw01 dnsmasq[16242]: read /var/lib/neutron/dhcp/ca8edbbf-c59c-449c-9890-4e53a478c062/addn_hosts - 3 addresses
May 25 16:38:11 gtw01 dnsmasq-dhcp[16242]: read /var/lib/neutron/dhcp/ca8edbbf-c59c-449c-9890-4e53a478c062/host
May 25 16:38:11 gtw01 dnsmasq-dhcp[16242]: read /var/lib/neutron/dhcp/ca8edbbf-c59c-449c-9890-4e53a478c062/opts
May 25 16:38:12 gtw01 dnsmasq-dhcp[16242]: DHCPRELEASE(tap5dbf6d42-f5) 192.168.120.11 fa:16:3e:00:43:83
May 25 16:38:12 gtw01 dnsmasq-dhcp[17026]: DHCPDISCOVER(tap684f6825-8d) fa:16:3e:61:90:2f
May 25 16:38:12 gtw01 dnsmasq-dhcp[17026]: DHCPOFFER(tap684f6825-8d) 192.168.120.4 fa:16:3e:61:90:2f
May 25 16:38:12 gtw01 dnsmasq-dhcp[17026]: DHCPREQUEST(tap684f6825-8d) 192.168.120.4 fa:16:3e:61:90:2f
May 25 16:38:12 gtw01 dnsmasq-dhcp[17026]: DHCPACK(tap684f6825-8d) 192.168.120.4 fa:16:3e:61:90:2f host-192-168-120-4
May 25 16:38:12 gtw01 dnsmasq-dhcp[16242]: DHCPRELEASE(tap5dbf6d42-f5) 192.168.120.11 fa:16:3e:00:43:83 unknown lease
May 25 16:38:13 gtw01 dnsmasq[16242]: read /var/lib/neutron/dhcp/ca8edbbf-c59c-449c-9890-4e53a478c062/addn_hosts - 2 addresses
May 25 16:38:13 gtw01 dnsmasq-dhcp[16242]: read /var/lib/neutron/dhcp/ca8edbbf-c59c-449c-9890-4e53a478c062/host
May 25 16:38:13 gtw01 dnsmasq-dhcp[16242]: read /var/lib/neutron/dhcp/ca8edbbf-c59c-449c-9890-4e53a478c062/opts
May 25 16:38:16 gtw01 dnsmasq-dhcp[17026]: DHCPRELEASE(tap684f6825-8d) 192.168.120.4 fa:16:3e:61:90:2f
May 25 16:38:16 gtw01 dnsmasq-dhcp[17026]: DHCPRELEASE(tap684f6825-8d) 192.168.120.4 fa:16:3e:61:90:2f unknown lease
May 25 16:38:16 gtw01 kernel: [ 5118.916218] device vxlan_sys_4789 left promiscuous mode
May 25 16:38:17 gtw01 dnsmasq[17026]: read /var/lib/neutron/dhcp/3c4ad8d5-a4f4-462b-b6f5-646bb9100631/addn_hosts - 2 addresses
May 25 16:38:17 gtw01 dnsmasq-dhcp[17026]: read /var/lib/neutron/dhcp/3c4ad8d5-a4f4-462b-b6f5-646bb9100631/host
May 25 16:38:17 gtw01 dnsmasq-dhcp[17026]: read /var/lib/neutron/dhcp/3c4ad8d5-a4f4-462b-b6f5-646bb9100631/opts
May 25 16:38:21 gtw01 dnsmasq[17686]: read /var/lib/neutron/dhcp/a3cb9062-f0c5-4423-a478-e99aed7aff17/addn_hosts - 1 addresses
May 25 16:38:21 gtw01 dnsmasq-dhcp[17686]: read /var/lib/neutron/dhcp/a3cb9062-f0c5-4423-a478-e99aed7aff17/host
May 25 16:38:21 gtw01 dnsmasq-dhcp[17686]: read /var/lib/neutron/dhcp/a3cb9062-f0c5-4423-a478-e99aed7aff17/opts
May 25 16:38:21 gtw01 haproxy-metadata-proxy-a3cb9062-f0c5-4423-a478-e99aed7aff17[19447]: Proxy listener started.
May 25 16:38:23 gtw01 kernel: [ 5125.881788] device qr-ddd2889b-4d left promiscuous mode
May 25 16:38:24 gtw01 kernel: [ 5126.622356] device qg-4b3c6fec-21 left promiscuous mode
May 25 16:38:25 gtw01 kernel: [ 5128.373765] device tapae21233e-b8 left promiscuous mode
May 25 16:38:26 gtw01 dnsmasq[16242]: read /var/lib/neutron/dhcp/ca8edbbf-c59c-449c-9890-4e53a478c062/addn_hosts - 3 addresses
May 25 16:38:26 gtw01 dnsmasq-dhcp[16242]: read /var/lib/neutron/dhcp/ca8edbbf-c59c-449c-9890-4e53a478c062/host
May 25 16:38:26 gtw01 dnsmasq-dhcp[16242]: read /var/lib/neutron/dhcp/ca8edbbf-c59c-449c-9890-4e53a478c062/opts
May 25 16:38:27 gtw01 dnsmasq[16242]: read /var/lib/neutron/dhcp/ca8edbbf-c59c-449c-9890-4e53a478c062/addn_hosts - 3 addresses
May 25 16:38:27 gtw01 dnsmasq-dhcp[16242]: read /var/lib/neutron/dhcp/ca8edbbf-c59c-449c-9890-4e53a478c062/host
May 25 16:38:27 gtw01 dnsmasq-dhcp[16242]: read /var/lib/neutron/dhcp/ca8edbbf-c59c-449c-9890-4e53a478c062/opts
May 25 16:38:28 gtw01 dnsmasq[16242]: read /var/lib/neutron/dhcp/ca8edbbf-c59c-449c-9890-4e53a478c062/addn_hosts - 3 addresses
May 25 16:38:28 gtw01 dnsmasq-dhcp[16242]: read /var/lib/neutron/dhcp/ca8edbbf-c59c-449c-9890-4e53a478c062/host
May 25 16:38:28 gtw01 dnsmasq-dhcp[16242]: read /var/lib/neutron/dhcp/ca8edbbf-c59c-449c-9890-4e53a478c062/opts
May 25 16:38:29 gtw01 dnsmasq[17026]: read /var/lib/neutron/dhcp/3c4ad8d5-a4f4-462b-b6f5-646bb9100631/addn_hosts - 1 addresses
May 25 16:38:29 gtw01 dnsmasq-dhcp[17026]: read /var/lib/neutron/dhcp/3c4ad8d5-a4f4-462b-b6f5-646bb9100631/host
May 25 16:38:29 gtw01 dnsmasq-dhcp[17026]: read /var/lib/neutron/dhcp/3c4ad8d5-a4f4-462b-b6f5-646bb9100631/opts
May 25 16:38:30 gtw01 haproxy-metadata-proxy-3c4ad8d5-a4f4-462b-b6f5-646bb9100631[19618]: Proxy listener started.
May 25 16:38:30 gtw01 systemd-udevd[19620]: Could not generate persistent MAC address for vxlan_sys_4789: No such file or directory
May 25 16:38:30 gtw01 kernel: [ 5133.046290] device vxlan_sys_4789 entered promiscuous mode
May 25 16:38:31 gtw01 kernel: [ 5134.404093] device qr-3435c945-f9 left promiscuous mode
May 25 16:38:32 gtw01 kernel: [ 5135.139588] device qg-c60ec0bb-de left promiscuous mode
May 25 16:38:34 gtw01 kernel: [ 5137.290181] device tap684f6825-8d left promiscuous mode
May 25 16:38:38 gtw01 dnsmasq[16242]: read /var/lib/neutron/dhcp/ca8edbbf-c59c-449c-9890-4e53a478c062/addn_hosts - 4 addresses
May 25 16:38:38 gtw01 dnsmasq-dhcp[16242]: read /var/lib/neutron/dhcp/ca8edbbf-c59c-449c-9890-4e53a478c062/host
May 25 16:38:38 gtw01 dnsmasq-dhcp[16242]: read /var/lib/neutron/dhcp/ca8edbbf-c59c-449c-9890-4e53a478c062/opts
May 25 16:38:39 gtw01 dnsmasq[16242]: read /var/lib/neutron/dhcp/ca8edbbf-c59c-449c-9890-4e53a478c062/addn_hosts - 5 addresses
May 25 16:38:39 gtw01 dnsmasq-dhcp[16242]: read /var/lib/neutron/dhcp/ca8edbbf-c59c-449c-9890-4e53a478c062/host
May 25 16:38:39 gtw01 dnsmasq-dhcp[16242]: read /var/lib/neutron/dhcp/ca8edbbf-c59c-449c-9890-4e53a478c062/opts
May 25 16:38:39 gtw01 dnsmasq[16242]: read /var/lib/neutron/dhcp/ca8edbbf-c59c-449c-9890-4e53a478c062/addn_hosts - 5 addresses
May 25 16:38:39 gtw01 dnsmasq-dhcp[16242]: read /var/lib/neutron/dhcp/ca8edbbf-c59c-449c-9890-4e53a478c062/host
May 25 16:38:39 gtw01 dnsmasq-dhcp[16242]: read /var/lib/neutron/dhcp/ca8edbbf-c59c-449c-9890-4e53a478c062/opts
May 25 16:38:40 gtw01 dnsmasq[16242]: read /var/lib/neutron/dhcp/ca8edbbf-c59c-449c-9890-4e53a478c062/addn_hosts - 5 addresses
May 25 16:38:40 gtw01 dnsmasq-dhcp[16242]: read /var/lib/neutron/dhcp/ca8edbbf-c59c-449c-9890-4e53a478c062/host
May 25 16:38:40 gtw01 dnsmasq-dhcp[16242]: read /var/lib/neutron/dhcp/ca8edbbf-c59c-449c-9890-4e53a478c062/opts
May 25 16:38:40 gtw01 dnsmasq-dhcp[16242]: DHCPDISCOVER(tap5dbf6d42-f5) fa:16:3e:1d:48:2b
May 25 16:38:40 gtw01 dnsmasq-dhcp[16242]: DHCPOFFER(tap5dbf6d42-f5) 192.168.120.6 fa:16:3e:1d:48:2b
May 25 16:38:40 gtw01 dnsmasq-dhcp[16242]: DHCPREQUEST(tap5dbf6d42-f5) 192.168.120.6 fa:16:3e:1d:48:2b
May 25 16:38:40 gtw01 dnsmasq-dhcp[16242]: DHCPACK(tap5dbf6d42-f5) 192.168.120.6 fa:16:3e:1d:48:2b host-192-168-120-6
May 25 16:38:41 gtw01 dnsmasq[16242]: read /var/lib/neutron/dhcp/ca8edbbf-c59c-449c-9890-4e53a478c062/addn_hosts - 5 addresses
May 25 16:38:41 gtw01 dnsmasq-dhcp[16242]: read /var/lib/neutron/dhcp/ca8edbbf-c59c-449c-9890-4e53a478c062/host
May 25 16:38:41 gtw01 dnsmasq-dhcp[16242]: read /var/lib/neutron/dhcp/ca8edbbf-c59c-449c-9890-4e53a478c062/opts
May 25 16:38:42 gtw01 dnsmasq[16242]: read /var/lib/neutron/dhcp/ca8edbbf-c59c-449c-9890-4e53a478c062/addn_hosts - 5 addresses
May 25 16:38:42 gtw01 dnsmasq-dhcp[16242]: read /var/lib/neutron/dhcp/ca8edbbf-c59c-449c-9890-4e53a478c062/host
May 25 16:38:42 gtw01 dnsmasq-dhcp[16242]: read /var/lib/neutron/dhcp/ca8edbbf-c59c-449c-9890-4e53a478c062/opts
May 25 16:38:52 gtw01 dnsmasq-dhcp[16242]: DHCPDISCOVER(tap5dbf6d42-f5) fa:16:3e:c9:45:11
May 25 16:38:52 gtw01 dnsmasq-dhcp[16242]: DHCPOFFER(tap5dbf6d42-f5) 192.168.120.3 fa:16:3e:c9:45:11
May 25 16:38:52 gtw01 dnsmasq-dhcp[16242]: DHCPREQUEST(tap5dbf6d42-f5) 192.168.120.3 fa:16:3e:c9:45:11
May 25 16:38:52 gtw01 dnsmasq-dhcp[16242]: DHCPACK(tap5dbf6d42-f5) 192.168.120.3 fa:16:3e:c9:45:11 host-192-168-120-3
May 25 16:38:53 gtw01 dnsmasq[16242]: read /var/lib/neutron/dhcp/ca8edbbf-c59c-449c-9890-4e53a478c062/addn_hosts - 6 addresses
May 25 16:38:53 gtw01 dnsmasq-dhcp[16242]: read /var/lib/neutron/dhcp/ca8edbbf-c59c-449c-9890-4e53a478c062/host
May 25 16:38:53 gtw01 dnsmasq-dhcp[16242]: read /var/lib/neutron/dhcp/ca8edbbf-c59c-449c-9890-4e53a478c062/opts
May 25 16:38:54 gtw01 dnsmasq[16242]: read /var/lib/neutron/dhcp/ca8edbbf-c59c-449c-9890-4e53a478c062/addn_hosts - 6 addresses
May 25 16:38:54 gtw01 dnsmasq-dhcp[16242]: read /var/lib/neutron/dhcp/ca8edbbf-c59c-449c-9890-4e53a478c062/host
May 25 16:38:54 gtw01 dnsmasq-dhcp[16242]: read /var/lib/neutron/dhcp/ca8edbbf-c59c-449c-9890-4e53a478c062/opts
May 25 16:38:55 gtw01 dnsmasq[16242]: read /var/lib/neutron/dhcp/ca8edbbf-c59c-449c-9890-4e53a478c062/addn_hosts - 7 addresses
May 25 16:38:55 gtw01 dnsmasq-dhcp[16242]: read /var/lib/neutron/dhcp/ca8edbbf-c59c-449c-9890-4e53a478c062/host
May 25 16:38:55 gtw01 dnsmasq-dhcp[16242]: read /var/lib/neutron/dhcp/ca8edbbf-c59c-449c-9890-4e53a478c062/opts
May 25 16:38:56 gtw01 dnsmasq[16242]: read /var/lib/neutron/dhcp/ca8edbbf-c59c-449c-9890-4e53a478c062/addn_hosts - 7 addresses
May 25 16:38:56 gtw01 dnsmasq-dhcp[16242]: read /var/lib/neutron/dhcp/ca8edbbf-c59c-449c-9890-4e53a478c062/host
May 25 16:38:56 gtw01 dnsmasq-dhcp[16242]: read /var/lib/neutron/dhcp/ca8edbbf-c59c-449c-9890-4e53a478c062/opts
May 25 16:38:56 gtw01 dnsmasq-dhcp[16242]: DHCPDISCOVER(tap5dbf6d42-f5) fa:16:3e:26:55:0d
May 25 16:38:56 gtw01 dnsmasq-dhcp[16242]: DHCPOFFER(tap5dbf6d42-f5) 192.168.120.16 fa:16:3e:26:55:0d
May 25 16:38:56 gtw01 dnsmasq-dhcp[16242]: DHCPREQUEST(tap5dbf6d42-f5) 192.168.120.16 fa:16:3e:26:55:0d
May 25 16:38:56 gtw01 dnsmasq-dhcp[16242]: DHCPACK(tap5dbf6d42-f5) 192.168.120.16 fa:16:3e:26:55:0d host-192-168-120-16
May 25 16:38:56 gtw01 dnsmasq[16242]: read /var/lib/neutron/dhcp/ca8edbbf-c59c-449c-9890-4e53a478c062/addn_hosts - 7 addresses
May 25 16:38:56 gtw01 dnsmasq-dhcp[16242]: read /var/lib/neutron/dhcp/ca8edbbf-c59c-449c-9890-4e53a478c062/host
May 25 16:38:56 gtw01 dnsmasq-dhcp[16242]: read /var/lib/neutron/dhcp/ca8edbbf-c59c-449c-9890-4e53a478c062/opts
May 25 16:38:57 gtw01 dnsmasq[16242]: read /var/lib/neutron/dhcp/ca8edbbf-c59c-449c-9890-4e53a478c062/addn_hosts - 7 addresses
May 25 16:38:57 gtw01 dnsmasq-dhcp[16242]: read /var/lib/neutron/dhcp/ca8edbbf-c59c-449c-9890-4e53a478c062/host
May 25 16:38:57 gtw01 dnsmasq-dhcp[16242]: read /var/lib/neutron/dhcp/ca8edbbf-c59c-449c-9890-4e53a478c062/opts
May 25 16:39:08 gtw01 dnsmasq-dhcp[16242]: DHCPDISCOVER(tap5dbf6d42-f5) fa:16:3e:80:96:ab
May 25 16:39:08 gtw01 dnsmasq-dhcp[16242]: DHCPOFFER(tap5dbf6d42-f5) 192.168.120.9 fa:16:3e:80:96:ab
May 25 16:39:08 gtw01 dnsmasq-dhcp[16242]: DHCPREQUEST(tap5dbf6d42-f5) 192.168.120.9 fa:16:3e:80:96:ab
May 25 16:39:08 gtw01 dnsmasq-dhcp[16242]: DHCPACK(tap5dbf6d42-f5) 192.168.120.9 fa:16:3e:80:96:ab host-192-168-120-9
May 25 16:39:15 gtw01 dnsmasq[16242]: read /var/lib/neutron/dhcp/ca8edbbf-c59c-449c-9890-4e53a478c062/addn_hosts - 6 addresses
May 25 16:39:15 gtw01 dnsmasq-dhcp[16242]: read /var/lib/neutron/dhcp/ca8edbbf-c59c-449c-9890-4e53a478c062/host
May 25 16:39:15 gtw01 dnsmasq-dhcp[16242]: read /var/lib/neutron/dhcp/ca8edbbf-c59c-449c-9890-4e53a478c062/opts
May 25 16:39:16 gtw01 dnsmasq-dhcp[16242]: DHCPRELEASE(tap5dbf6d42-f5) 192.168.120.9 fa:16:3e:80:96:ab
May 25 16:39:16 gtw01 dnsmasq-dhcp[16242]: DHCPRELEASE(tap5dbf6d42-f5) 192.168.120.9 fa:16:3e:80:96:ab unknown lease
May 25 16:39:17 gtw01 dnsmasq[16242]: read /var/lib/neutron/dhcp/ca8edbbf-c59c-449c-9890-4e53a478c062/addn_hosts - 5 addresses
May 25 16:39:17 gtw01 dnsmasq-dhcp[16242]: read /var/lib/neutron/dhcp/ca8edbbf-c59c-449c-9890-4e53a478c062/host
May 25 16:39:17 gtw01 dnsmasq-dhcp[16242]: read /var/lib/neutron/dhcp/ca8edbbf-c59c-449c-9890-4e53a478c062/opts
May 25 16:39:19 gtw01 dnsmasq-dhcp[16242]: DHCPRELEASE(tap5dbf6d42-f5) 192.168.120.16 fa:16:3e:26:55:0d
May 25 16:39:19 gtw01 dnsmasq-dhcp[16242]: DHCPRELEASE(tap5dbf6d42-f5) 192.168.120.16 fa:16:3e:26:55:0d unknown lease
May 25 16:39:20 gtw01 dnsmasq[16242]: read /var/lib/neutron/dhcp/ca8edbbf-c59c-449c-9890-4e53a478c062/addn_hosts - 4 addresses
May 25 16:39:20 gtw01 dnsmasq-dhcp[16242]: read /var/lib/neutron/dhcp/ca8edbbf-c59c-449c-9890-4e53a478c062/host
May 25 16:39:20 gtw01 dnsmasq-dhcp[16242]: read /var/lib/neutron/dhcp/ca8edbbf-c59c-449c-9890-4e53a478c062/opts
May 25 16:39:20 gtw01 dnsmasq-dhcp[16242]: DHCPRELEASE(tap5dbf6d42-f5) 192.168.120.3 fa:16:3e:c9:45:11
May 25 16:39:21 gtw01 dnsmasq-dhcp[16242]: DHCPRELEASE(tap5dbf6d42-f5) 192.168.120.3 fa:16:3e:c9:45:11 unknown lease
May 25 16:39:21 gtw01 dnsmasq[16242]: read /var/lib/neutron/dhcp/ca8edbbf-c59c-449c-9890-4e53a478c062/addn_hosts - 3 addresses
May 25 16:39:21 gtw01 dnsmasq-dhcp[16242]: read /var/lib/neutron/dhcp/ca8edbbf-c59c-449c-9890-4e53a478c062/host
May 25 16:39:21 gtw01 dnsmasq-dhcp[16242]: read /var/lib/neutron/dhcp/ca8edbbf-c59c-449c-9890-4e53a478c062/opts
May 25 16:39:23 gtw01 kernel: [ 5185.458046] device vxlan_sys_4789 left promiscuous mode
May 25 16:39:23 gtw01 dnsmasq-dhcp[16242]: DHCPRELEASE(tap5dbf6d42-f5) 192.168.120.6 fa:16:3e:1d:48:2b
May 25 16:39:23 gtw01 dnsmasq-dhcp[16242]: DHCPRELEASE(tap5dbf6d42-f5) 192.168.120.6 fa:16:3e:1d:48:2b unknown lease
May 25 16:39:24 gtw01 dnsmasq[16242]: read /var/lib/neutron/dhcp/ca8edbbf-c59c-449c-9890-4e53a478c062/addn_hosts - 2 addresses
May 25 16:39:24 gtw01 dnsmasq-dhcp[16242]: read /var/lib/neutron/dhcp/ca8edbbf-c59c-449c-9890-4e53a478c062/host
May 25 16:39:24 gtw01 dnsmasq-dhcp[16242]: read /var/lib/neutron/dhcp/ca8edbbf-c59c-449c-9890-4e53a478c062/opts
May 25 16:39:27 gtw01 dnsmasq[16242]: read /var/lib/neutron/dhcp/ca8edbbf-c59c-449c-9890-4e53a478c062/addn_hosts - 3 addresses
May 25 16:39:27 gtw01 dnsmasq-dhcp[16242]: read /var/lib/neutron/dhcp/ca8edbbf-c59c-449c-9890-4e53a478c062/host
May 25 16:39:27 gtw01 dnsmasq-dhcp[16242]: read /var/lib/neutron/dhcp/ca8edbbf-c59c-449c-9890-4e53a478c062/opts
May 25 16:39:28 gtw01 dnsmasq[16242]: read /var/lib/neutron/dhcp/ca8edbbf-c59c-449c-9890-4e53a478c062/addn_hosts - 3 addresses
May 25 16:39:28 gtw01 dnsmasq-dhcp[16242]: read /var/lib/neutron/dhcp/ca8edbbf-c59c-449c-9890-4e53a478c062/host
May 25 16:39:28 gtw01 dnsmasq-dhcp[16242]: read /var/lib/neutron/dhcp/ca8edbbf-c59c-449c-9890-4e53a478c062/opts
May 25 16:39:29 gtw01 dnsmasq[16242]: read /var/lib/neutron/dhcp/ca8edbbf-c59c-449c-9890-4e53a478c062/addn_hosts - 3 addresses
May 25 16:39:29 gtw01 dnsmasq-dhcp[16242]: read /var/lib/neutron/dhcp/ca8edbbf-c59c-449c-9890-4e53a478c062/host
May 25 16:39:29 gtw01 dnsmasq-dhcp[16242]: read /var/lib/neutron/dhcp/ca8edbbf-c59c-449c-9890-4e53a478c062/opts
May 25 16:39:33 gtw01 systemd-udevd[20214]: Could not generate persistent MAC address for vxlan_sys_4789: No such file or directory
May 25 16:39:33 gtw01 kernel: [ 5195.629252] device vxlan_sys_4789 entered promiscuous mode
May 25 16:39:36 gtw01 kernel: [ 5198.957188] device tape4fee43b-22 entered promiscuous mode
May 25 16:39:36 gtw01 systemd-udevd[20301]: Could not generate persistent MAC address for tape4fee43b-22: No such file or directory
May 25 16:39:36 gtw01 systemd-udevd[20301]: Process '/sbin/ip link set tape4fee43b-22 txqueuelen 10000' failed with exit code 1.
May 25 16:39:36 gtw01 systemd-udevd[20376]: Process '/sbin/ip link set tape4fee43b-22 txqueuelen 10000' failed with exit code 1.
May 25 16:39:39 gtw01 dnsmasq[20459]: started, version 2.80 cachesize 150
May 25 16:39:39 gtw01 dnsmasq[20459]: DNS service limited to local subnets
May 25 16:39:39 gtw01 dnsmasq[20459]: compile time options: IPv6 GNU-getopt DBus i18n IDN DHCP DHCPv6 no-Lua TFTP conntrack ipset auth DNSSEC loop-detect inotify dumpfile
May 25 16:39:39 gtw01 dnsmasq[20459]: warning: no upstream servers configured
May 25 16:39:39 gtw01 dnsmasq-dhcp[20459]: DHCP, static leases only on 192.168.120.0, lease time 1h
May 25 16:39:39 gtw01 dnsmasq[20459]: read /var/lib/neutron/dhcp/1aed4c27-e8db-4934-a882-f7832af6e274/addn_hosts - 1 addresses
May 25 16:39:39 gtw01 dnsmasq-dhcp[20459]: read /var/lib/neutron/dhcp/1aed4c27-e8db-4934-a882-f7832af6e274/host
May 25 16:39:39 gtw01 dnsmasq-dhcp[20459]: read /var/lib/neutron/dhcp/1aed4c27-e8db-4934-a882-f7832af6e274/opts
May 25 16:39:39 gtw01 haproxy-metadata-proxy-1aed4c27-e8db-4934-a882-f7832af6e274[20468]: Proxy listener started.
May 25 16:39:40 gtw01 dnsmasq[20459]: read /var/lib/neutron/dhcp/1aed4c27-e8db-4934-a882-f7832af6e274/addn_hosts - 2 addresses
May 25 16:39:40 gtw01 dnsmasq-dhcp[20459]: read /var/lib/neutron/dhcp/1aed4c27-e8db-4934-a882-f7832af6e274/host
May 25 16:39:40 gtw01 dnsmasq-dhcp[20459]: read /var/lib/neutron/dhcp/1aed4c27-e8db-4934-a882-f7832af6e274/opts
May 25 16:39:41 gtw01 systemd-udevd[20511]: Could not generate persistent MAC address for qg-b96d8dff-cd: No such file or directory
May 25 16:39:41 gtw01 kernel: [ 5203.463522] device qg-b96d8dff-cd entered promiscuous mode
May 25 16:39:41 gtw01 dnsmasq[20459]: read /var/lib/neutron/dhcp/1aed4c27-e8db-4934-a882-f7832af6e274/addn_hosts - 2 addresses
May 25 16:39:41 gtw01 dnsmasq-dhcp[20459]: read /var/lib/neutron/dhcp/1aed4c27-e8db-4934-a882-f7832af6e274/host
May 25 16:39:41 gtw01 dnsmasq-dhcp[20459]: read /var/lib/neutron/dhcp/1aed4c27-e8db-4934-a882-f7832af6e274/opts
May 25 16:39:42 gtw01 dnsmasq[16242]: read /var/lib/neutron/dhcp/ca8edbbf-c59c-449c-9890-4e53a478c062/addn_hosts - 4 addresses
May 25 16:39:42 gtw01 dnsmasq-dhcp[16242]: read /var/lib/neutron/dhcp/ca8edbbf-c59c-449c-9890-4e53a478c062/host
May 25 16:39:42 gtw01 dnsmasq-dhcp[16242]: read /var/lib/neutron/dhcp/ca8edbbf-c59c-449c-9890-4e53a478c062/opts
May 25 16:39:42 gtw01 dnsmasq[20459]: read /var/lib/neutron/dhcp/1aed4c27-e8db-4934-a882-f7832af6e274/addn_hosts - 2 addresses
May 25 16:39:42 gtw01 dnsmasq-dhcp[20459]: read /var/lib/neutron/dhcp/1aed4c27-e8db-4934-a882-f7832af6e274/host
May 25 16:39:42 gtw01 dnsmasq-dhcp[20459]: read /var/lib/neutron/dhcp/1aed4c27-e8db-4934-a882-f7832af6e274/opts
May 25 16:39:43 gtw01 dnsmasq[16242]: read /var/lib/neutron/dhcp/ca8edbbf-c59c-449c-9890-4e53a478c062/addn_hosts - 5 addresses
May 25 16:39:43 gtw01 dnsmasq-dhcp[16242]: read /var/lib/neutron/dhcp/ca8edbbf-c59c-449c-9890-4e53a478c062/host
May 25 16:39:43 gtw01 dnsmasq-dhcp[16242]: read /var/lib/neutron/dhcp/ca8edbbf-c59c-449c-9890-4e53a478c062/opts
May 25 16:39:43 gtw01 dnsmasq-dhcp[16242]: DHCPDISCOVER(tap5dbf6d42-f5) fa:16:3e:64:7a:5e
May 25 16:39:43 gtw01 dnsmasq-dhcp[16242]: DHCPOFFER(tap5dbf6d42-f5) 192.168.120.22 fa:16:3e:64:7a:5e
May 25 16:39:43 gtw01 dnsmasq-dhcp[16242]: DHCPREQUEST(tap5dbf6d42-f5) 192.168.120.22 fa:16:3e:64:7a:5e
May 25 16:39:43 gtw01 dnsmasq-dhcp[16242]: DHCPACK(tap5dbf6d42-f5) 192.168.120.22 fa:16:3e:64:7a:5e host-192-168-120-22
May 25 16:39:43 gtw01 dnsmasq[20459]: read /var/lib/neutron/dhcp/1aed4c27-e8db-4934-a882-f7832af6e274/addn_hosts - 2 addresses
May 25 16:39:43 gtw01 dnsmasq-dhcp[20459]: read /var/lib/neutron/dhcp/1aed4c27-e8db-4934-a882-f7832af6e274/host
May 25 16:39:43 gtw01 dnsmasq-dhcp[20459]: read /var/lib/neutron/dhcp/1aed4c27-e8db-4934-a882-f7832af6e274/opts
May 25 16:39:44 gtw01 dnsmasq[16242]: read /var/lib/neutron/dhcp/ca8edbbf-c59c-449c-9890-4e53a478c062/addn_hosts - 5 addresses
May 25 16:39:44 gtw01 dnsmasq-dhcp[16242]: read /var/lib/neutron/dhcp/ca8edbbf-c59c-449c-9890-4e53a478c062/host
May 25 16:39:44 gtw01 dnsmasq-dhcp[16242]: read /var/lib/neutron/dhcp/ca8edbbf-c59c-449c-9890-4e53a478c062/opts
May 25 16:39:44 gtw01 dnsmasq[20459]: read /var/lib/neutron/dhcp/1aed4c27-e8db-4934-a882-f7832af6e274/addn_hosts - 2 addresses
May 25 16:39:44 gtw01 dnsmasq-dhcp[20459]: read /var/lib/neutron/dhcp/1aed4c27-e8db-4934-a882-f7832af6e274/host
May 25 16:39:44 gtw01 dnsmasq-dhcp[20459]: read /var/lib/neutron/dhcp/1aed4c27-e8db-4934-a882-f7832af6e274/opts
May 25 16:39:45 gtw01 dnsmasq[16242]: read /var/lib/neutron/dhcp/ca8edbbf-c59c-449c-9890-4e53a478c062/addn_hosts - 5 addresses
May 25 16:39:45 gtw01 dnsmasq-dhcp[16242]: read /var/lib/neutron/dhcp/ca8edbbf-c59c-449c-9890-4e53a478c062/host
May 25 16:39:45 gtw01 dnsmasq-dhcp[16242]: read /var/lib/neutron/dhcp/ca8edbbf-c59c-449c-9890-4e53a478c062/opts
May 25 16:39:46 gtw01 dnsmasq[16242]: read /var/lib/neutron/dhcp/ca8edbbf-c59c-449c-9890-4e53a478c062/addn_hosts - 5 addresses
May 25 16:39:46 gtw01 dnsmasq-dhcp[16242]: read /var/lib/neutron/dhcp/ca8edbbf-c59c-449c-9890-4e53a478c062/host
May 25 16:39:46 gtw01 dnsmasq-dhcp[16242]: read /var/lib/neutron/dhcp/ca8edbbf-c59c-449c-9890-4e53a478c062/opts
May 25 16:39:47 gtw01 dnsmasq[16242]: read /var/lib/neutron/dhcp/ca8edbbf-c59c-449c-9890-4e53a478c062/addn_hosts - 5 addresses
May 25 16:39:47 gtw01 dnsmasq-dhcp[16242]: read /var/lib/neutron/dhcp/ca8edbbf-c59c-449c-9890-4e53a478c062/host
May 25 16:39:47 gtw01 dnsmasq-dhcp[16242]: read /var/lib/neutron/dhcp/ca8edbbf-c59c-449c-9890-4e53a478c062/opts
May 25 16:39:47 gtw01 haproxy-metadata-proxy-b1d8cb6c-6bc4-4d4d-a835-8cecf7df8bf5[20891]: Proxy listener started.
May 25 16:39:50 gtw01 dnsmasq[20459]: read /var/lib/neutron/dhcp/1aed4c27-e8db-4934-a882-f7832af6e274/addn_hosts - 2 addresses
May 25 16:39:50 gtw01 dnsmasq-dhcp[20459]: read /var/lib/neutron/dhcp/1aed4c27-e8db-4934-a882-f7832af6e274/host
May 25 16:39:50 gtw01 dnsmasq-dhcp[20459]: read /var/lib/neutron/dhcp/1aed4c27-e8db-4934-a882-f7832af6e274/opts
May 25 16:39:51 gtw01 dnsmasq[20459]: read /var/lib/neutron/dhcp/1aed4c27-e8db-4934-a882-f7832af6e274/addn_hosts - 3 addresses
May 25 16:39:51 gtw01 dnsmasq-dhcp[20459]: read /var/lib/neutron/dhcp/1aed4c27-e8db-4934-a882-f7832af6e274/host
May 25 16:39:51 gtw01 dnsmasq-dhcp[20459]: read /var/lib/neutron/dhcp/1aed4c27-e8db-4934-a882-f7832af6e274/opts
May 25 16:39:51 gtw01 kernel: [ 5214.096492] device qr-0f9ae4ab-de entered promiscuous mode
May 25 16:39:51 gtw01 systemd-udevd[20949]: Could not generate persistent MAC address for qr-0f9ae4ab-de: No such file or directory
May 25 16:39:52 gtw01 dnsmasq[20459]: read /var/lib/neutron/dhcp/1aed4c27-e8db-4934-a882-f7832af6e274/addn_hosts - 3 addresses
May 25 16:39:52 gtw01 dnsmasq-dhcp[20459]: read /var/lib/neutron/dhcp/1aed4c27-e8db-4934-a882-f7832af6e274/host
May 25 16:39:52 gtw01 dnsmasq-dhcp[20459]: read /var/lib/neutron/dhcp/1aed4c27-e8db-4934-a882-f7832af6e274/opts
May 25 16:39:53 gtw01 dnsmasq[20459]: read /var/lib/neutron/dhcp/1aed4c27-e8db-4934-a882-f7832af6e274/addn_hosts - 3 addresses
May 25 16:39:53 gtw01 dnsmasq-dhcp[20459]: read /var/lib/neutron/dhcp/1aed4c27-e8db-4934-a882-f7832af6e274/host
May 25 16:39:53 gtw01 dnsmasq-dhcp[20459]: read /var/lib/neutron/dhcp/1aed4c27-e8db-4934-a882-f7832af6e274/opts
May 25 16:39:54 gtw01 dnsmasq[20459]: read /var/lib/neutron/dhcp/1aed4c27-e8db-4934-a882-f7832af6e274/addn_hosts - 3 addresses
May 25 16:39:54 gtw01 dnsmasq-dhcp[20459]: read /var/lib/neutron/dhcp/1aed4c27-e8db-4934-a882-f7832af6e274/host
May 25 16:39:54 gtw01 dnsmasq-dhcp[20459]: read /var/lib/neutron/dhcp/1aed4c27-e8db-4934-a882-f7832af6e274/opts
May 25 16:39:55 gtw01 dnsmasq-dhcp[16242]: DHCPDISCOVER(tap5dbf6d42-f5) fa:16:3e:b9:ba:41
May 25 16:39:55 gtw01 dnsmasq-dhcp[16242]: DHCPOFFER(tap5dbf6d42-f5) 192.168.120.8 fa:16:3e:b9:ba:41
May 25 16:39:55 gtw01 dnsmasq-dhcp[16242]: DHCPREQUEST(tap5dbf6d42-f5) 192.168.120.8 fa:16:3e:b9:ba:41
May 25 16:39:55 gtw01 dnsmasq-dhcp[16242]: DHCPACK(tap5dbf6d42-f5) 192.168.120.8 fa:16:3e:b9:ba:41 host-192-168-120-8
May 25 16:39:56 gtw01 dnsmasq[16242]: read /var/lib/neutron/dhcp/ca8edbbf-c59c-449c-9890-4e53a478c062/addn_hosts - 4 addresses
May 25 16:39:56 gtw01 dnsmasq-dhcp[16242]: read /var/lib/neutron/dhcp/ca8edbbf-c59c-449c-9890-4e53a478c062/host
May 25 16:39:56 gtw01 dnsmasq-dhcp[16242]: read /var/lib/neutron/dhcp/ca8edbbf-c59c-449c-9890-4e53a478c062/opts
May 25 16:39:58 gtw01 dnsmasq-dhcp[16242]: DHCPRELEASE(tap5dbf6d42-f5) 192.168.120.22 fa:16:3e:64:7a:5e
May 25 16:39:58 gtw01 dnsmasq-dhcp[16242]: DHCPRELEASE(tap5dbf6d42-f5) 192.168.120.22 fa:16:3e:64:7a:5e unknown lease
May 25 16:39:59 gtw01 dnsmasq[16242]: read /var/lib/neutron/dhcp/ca8edbbf-c59c-449c-9890-4e53a478c062/addn_hosts - 3 addresses
May 25 16:39:59 gtw01 dnsmasq-dhcp[16242]: read /var/lib/neutron/dhcp/ca8edbbf-c59c-449c-9890-4e53a478c062/host
May 25 16:39:59 gtw01 dnsmasq-dhcp[16242]: read /var/lib/neutron/dhcp/ca8edbbf-c59c-449c-9890-4e53a478c062/opts
May 25 16:40:02 gtw01 dnsmasq[20459]: read /var/lib/neutron/dhcp/1aed4c27-e8db-4934-a882-f7832af6e274/addn_hosts - 4 addresses
May 25 16:40:02 gtw01 dnsmasq-dhcp[20459]: read /var/lib/neutron/dhcp/1aed4c27-e8db-4934-a882-f7832af6e274/host
May 25 16:40:02 gtw01 dnsmasq-dhcp[20459]: read /var/lib/neutron/dhcp/1aed4c27-e8db-4934-a882-f7832af6e274/opts
May 25 16:40:03 gtw01 dnsmasq[20459]: read /var/lib/neutron/dhcp/1aed4c27-e8db-4934-a882-f7832af6e274/addn_hosts - 4 addresses
May 25 16:40:03 gtw01 dnsmasq-dhcp[20459]: read /var/lib/neutron/dhcp/1aed4c27-e8db-4934-a882-f7832af6e274/host
May 25 16:40:03 gtw01 dnsmasq-dhcp[20459]: read /var/lib/neutron/dhcp/1aed4c27-e8db-4934-a882-f7832af6e274/opts
May 25 16:40:03 gtw01 dnsmasq-dhcp[16242]: DHCPRELEASE(tap5dbf6d42-f5) 192.168.120.8 fa:16:3e:b9:ba:41
May 25 16:40:04 gtw01 dnsmasq[20459]: read /var/lib/neutron/dhcp/1aed4c27-e8db-4934-a882-f7832af6e274/addn_hosts - 4 addresses
May 25 16:40:04 gtw01 dnsmasq-dhcp[20459]: read /var/lib/neutron/dhcp/1aed4c27-e8db-4934-a882-f7832af6e274/host
May 25 16:40:04 gtw01 dnsmasq-dhcp[20459]: read /var/lib/neutron/dhcp/1aed4c27-e8db-4934-a882-f7832af6e274/opts
May 25 16:40:05 gtw01 dnsmasq-dhcp[20459]: DHCPDISCOVER(tape4fee43b-22) fa:16:3e:c0:ae:ad
May 25 16:40:05 gtw01 dnsmasq-dhcp[20459]: DHCPOFFER(tape4fee43b-22) 192.168.120.7 fa:16:3e:c0:ae:ad
May 25 16:40:05 gtw01 dnsmasq-dhcp[20459]: DHCPREQUEST(tape4fee43b-22) 192.168.120.7 fa:16:3e:c0:ae:ad
May 25 16:40:05 gtw01 dnsmasq-dhcp[20459]: DHCPACK(tape4fee43b-22) 192.168.120.7 fa:16:3e:c0:ae:ad host-192-168-120-7
May 25 16:40:08 gtw01 dnsmasq[16242]: read /var/lib/neutron/dhcp/ca8edbbf-c59c-449c-9890-4e53a478c062/addn_hosts - 3 addresses
May 25 16:40:08 gtw01 dnsmasq-dhcp[16242]: read /var/lib/neutron/dhcp/ca8edbbf-c59c-449c-9890-4e53a478c062/host
May 25 16:40:08 gtw01 dnsmasq-dhcp[16242]: read /var/lib/neutron/dhcp/ca8edbbf-c59c-449c-9890-4e53a478c062/opts
May 25 16:40:09 gtw01 dnsmasq[16242]: read /var/lib/neutron/dhcp/ca8edbbf-c59c-449c-9890-4e53a478c062/addn_hosts - 3 addresses
May 25 16:40:09 gtw01 dnsmasq-dhcp[16242]: read /var/lib/neutron/dhcp/ca8edbbf-c59c-449c-9890-4e53a478c062/host
May 25 16:40:09 gtw01 dnsmasq-dhcp[16242]: read /var/lib/neutron/dhcp/ca8edbbf-c59c-449c-9890-4e53a478c062/opts
May 25 16:40:16 gtw01 dnsmasq-dhcp[20459]: DHCPDISCOVER(tape4fee43b-22) fa:16:3e:c4:0a:49
May 25 16:40:16 gtw01 dnsmasq-dhcp[20459]: DHCPOFFER(tape4fee43b-22) 192.168.120.5 fa:16:3e:c4:0a:49
May 25 16:40:16 gtw01 dnsmasq-dhcp[20459]: DHCPREQUEST(tape4fee43b-22) 192.168.120.5 fa:16:3e:c4:0a:49
May 25 16:40:16 gtw01 dnsmasq-dhcp[20459]: DHCPACK(tape4fee43b-22) 192.168.120.5 fa:16:3e:c4:0a:49 host-192-168-120-5
May 25 16:40:20 gtw01 dnsmasq-dhcp[16242]: DHCPDISCOVER(tap5dbf6d42-f5) fa:16:3e:b9:ba:41
May 25 16:40:20 gtw01 dnsmasq-dhcp[16242]: DHCPOFFER(tap5dbf6d42-f5) 192.168.120.8 fa:16:3e:b9:ba:41
May 25 16:40:20 gtw01 dnsmasq-dhcp[16242]: DHCPREQUEST(tap5dbf6d42-f5) 192.168.120.8 fa:16:3e:b9:ba:41
May 25 16:40:20 gtw01 dnsmasq-dhcp[16242]: DHCPACK(tap5dbf6d42-f5) 192.168.120.8 fa:16:3e:b9:ba:41 host-192-168-120-8
May 25 16:40:21 gtw01 dnsmasq[16242]: read /var/lib/neutron/dhcp/ca8edbbf-c59c-449c-9890-4e53a478c062/addn_hosts - 4 addresses
May 25 16:40:21 gtw01 dnsmasq-dhcp[16242]: read /var/lib/neutron/dhcp/ca8edbbf-c59c-449c-9890-4e53a478c062/host
May 25 16:40:21 gtw01 dnsmasq-dhcp[16242]: read /var/lib/neutron/dhcp/ca8edbbf-c59c-449c-9890-4e53a478c062/opts
May 25 16:40:22 gtw01 dnsmasq[16242]: read /var/lib/neutron/dhcp/ca8edbbf-c59c-449c-9890-4e53a478c062/addn_hosts - 4 addresses
May 25 16:40:22 gtw01 dnsmasq-dhcp[16242]: read /var/lib/neutron/dhcp/ca8edbbf-c59c-449c-9890-4e53a478c062/host
May 25 16:40:22 gtw01 dnsmasq-dhcp[16242]: read /var/lib/neutron/dhcp/ca8edbbf-c59c-449c-9890-4e53a478c062/opts
May 25 16:40:23 gtw01 dnsmasq-dhcp[20459]: DHCPRELEASE(tape4fee43b-22) 192.168.120.5 fa:16:3e:c4:0a:49
May 25 16:40:23 gtw01 dnsmasq[16242]: read /var/lib/neutron/dhcp/ca8edbbf-c59c-449c-9890-4e53a478c062/addn_hosts - 4 addresses
May 25 16:40:23 gtw01 dnsmasq-dhcp[16242]: read /var/lib/neutron/dhcp/ca8edbbf-c59c-449c-9890-4e53a478c062/host
May 25 16:40:23 gtw01 dnsmasq-dhcp[16242]: read /var/lib/neutron/dhcp/ca8edbbf-c59c-449c-9890-4e53a478c062/opts
May 25 16:40:23 gtw01 dnsmasq-dhcp[20459]: DHCPRELEASE(tape4fee43b-22) 192.168.120.5 fa:16:3e:c4:0a:49 unknown lease
May 25 16:40:24 gtw01 dnsmasq[20459]: read /var/lib/neutron/dhcp/1aed4c27-e8db-4934-a882-f7832af6e274/addn_hosts - 3 addresses
May 25 16:40:24 gtw01 dnsmasq-dhcp[20459]: read /var/lib/neutron/dhcp/1aed4c27-e8db-4934-a882-f7832af6e274/host
May 25 16:40:24 gtw01 dnsmasq-dhcp[20459]: read /var/lib/neutron/dhcp/1aed4c27-e8db-4934-a882-f7832af6e274/opts
May 25 16:40:32 gtw01 dnsmasq-dhcp[20459]: DHCPRELEASE(tape4fee43b-22) 192.168.120.7 fa:16:3e:c0:ae:ad
May 25 16:40:32 gtw01 dnsmasq-dhcp[20459]: DHCPRELEASE(tape4fee43b-22) 192.168.120.7 fa:16:3e:c0:ae:ad unknown lease
May 25 16:40:33 gtw01 dnsmasq[20459]: read /var/lib/neutron/dhcp/1aed4c27-e8db-4934-a882-f7832af6e274/addn_hosts - 2 addresses
May 25 16:40:33 gtw01 dnsmasq-dhcp[20459]: read /var/lib/neutron/dhcp/1aed4c27-e8db-4934-a882-f7832af6e274/host
May 25 16:40:33 gtw01 dnsmasq-dhcp[20459]: read /var/lib/neutron/dhcp/1aed4c27-e8db-4934-a882-f7832af6e274/opts
May 25 16:40:35 gtw01 dnsmasq[20459]: read /var/lib/neutron/dhcp/1aed4c27-e8db-4934-a882-f7832af6e274/addn_hosts - 1 addresses
May 25 16:40:35 gtw01 dnsmasq-dhcp[20459]: read /var/lib/neutron/dhcp/1aed4c27-e8db-4934-a882-f7832af6e274/host
May 25 16:40:35 gtw01 dnsmasq-dhcp[20459]: read /var/lib/neutron/dhcp/1aed4c27-e8db-4934-a882-f7832af6e274/opts
May 25 16:40:35 gtw01 dnsmasq[16242]: read /var/lib/neutron/dhcp/ca8edbbf-c59c-449c-9890-4e53a478c062/addn_hosts - 5 addresses
May 25 16:40:35 gtw01 dnsmasq-dhcp[16242]: read /var/lib/neutron/dhcp/ca8edbbf-c59c-449c-9890-4e53a478c062/host
May 25 16:40:35 gtw01 dnsmasq-dhcp[16242]: read /var/lib/neutron/dhcp/ca8edbbf-c59c-449c-9890-4e53a478c062/opts
May 25 16:40:36 gtw01 haproxy-metadata-proxy-1aed4c27-e8db-4934-a882-f7832af6e274[21793]: Proxy listener started.
May 25 16:40:36 gtw01 dnsmasq-dhcp[16242]: DHCPDISCOVER(tap5dbf6d42-f5) fa:16:3e:d5:4c:b9
May 25 16:40:36 gtw01 dnsmasq-dhcp[16242]: DHCPOFFER(tap5dbf6d42-f5) 192.168.120.31 fa:16:3e:d5:4c:b9
May 25 16:40:36 gtw01 dnsmasq-dhcp[16242]: DHCPREQUEST(tap5dbf6d42-f5) 192.168.120.31 fa:16:3e:d5:4c:b9
May 25 16:40:36 gtw01 dnsmasq-dhcp[16242]: DHCPACK(tap5dbf6d42-f5) 192.168.120.31 fa:16:3e:d5:4c:b9 host-192-168-120-31
May 25 16:40:36 gtw01 dnsmasq[16242]: read /var/lib/neutron/dhcp/ca8edbbf-c59c-449c-9890-4e53a478c062/addn_hosts - 5 addresses
May 25 16:40:36 gtw01 dnsmasq-dhcp[16242]: read /var/lib/neutron/dhcp/ca8edbbf-c59c-449c-9890-4e53a478c062/host
May 25 16:40:36 gtw01 dnsmasq-dhcp[16242]: read /var/lib/neutron/dhcp/ca8edbbf-c59c-449c-9890-4e53a478c062/opts
May 25 16:40:37 gtw01 kernel: [ 5259.716425] device qr-0f9ae4ab-de left promiscuous mode
May 25 16:40:37 gtw01 dnsmasq[16242]: read /var/lib/neutron/dhcp/ca8edbbf-c59c-449c-9890-4e53a478c062/addn_hosts - 5 addresses
May 25 16:40:37 gtw01 dnsmasq-dhcp[16242]: read /var/lib/neutron/dhcp/ca8edbbf-c59c-449c-9890-4e53a478c062/host
May 25 16:40:37 gtw01 dnsmasq-dhcp[16242]: read /var/lib/neutron/dhcp/ca8edbbf-c59c-449c-9890-4e53a478c062/opts
May 25 16:40:40 gtw01 kernel: [ 5262.548960] device qg-b96d8dff-cd left promiscuous mode
May 25 16:40:40 gtw01 dnsmasq-dhcp[16242]: DHCPRELEASE(tap5dbf6d42-f5) 192.168.120.31 fa:16:3e:d5:4c:b9
May 25 16:40:40 gtw01 kernel: [ 5263.007867] device tape4fee43b-22 left promiscuous mode
May 25 16:40:44 gtw01 dnsmasq[16242]: read /var/lib/neutron/dhcp/ca8edbbf-c59c-449c-9890-4e53a478c062/addn_hosts - 4 addresses
May 25 16:40:44 gtw01 dnsmasq-dhcp[16242]: read /var/lib/neutron/dhcp/ca8edbbf-c59c-449c-9890-4e53a478c062/host
May 25 16:40:44 gtw01 dnsmasq-dhcp[16242]: read /var/lib/neutron/dhcp/ca8edbbf-c59c-449c-9890-4e53a478c062/opts
May 25 16:40:45 gtw01 dnsmasq[16242]: read /var/lib/neutron/dhcp/ca8edbbf-c59c-449c-9890-4e53a478c062/addn_hosts - 5 addresses
May 25 16:40:45 gtw01 dnsmasq-dhcp[16242]: read /var/lib/neutron/dhcp/ca8edbbf-c59c-449c-9890-4e53a478c062/host
May 25 16:40:45 gtw01 dnsmasq-dhcp[16242]: read /var/lib/neutron/dhcp/ca8edbbf-c59c-449c-9890-4e53a478c062/opts
May 25 16:40:46 gtw01 dnsmasq[16242]: read /var/lib/neutron/dhcp/ca8edbbf-c59c-449c-9890-4e53a478c062/addn_hosts - 5 addresses
May 25 16:40:46 gtw01 dnsmasq-dhcp[16242]: read /var/lib/neutron/dhcp/ca8edbbf-c59c-449c-9890-4e53a478c062/host
May 25 16:40:46 gtw01 dnsmasq-dhcp[16242]: read /var/lib/neutron/dhcp/ca8edbbf-c59c-449c-9890-4e53a478c062/opts
May 25 16:40:47 gtw01 dnsmasq[16242]: read /var/lib/neutron/dhcp/ca8edbbf-c59c-449c-9890-4e53a478c062/addn_hosts - 5 addresses
May 25 16:40:47 gtw01 dnsmasq-dhcp[16242]: read /var/lib/neutron/dhcp/ca8edbbf-c59c-449c-9890-4e53a478c062/host
May 25 16:40:47 gtw01 dnsmasq-dhcp[16242]: read /var/lib/neutron/dhcp/ca8edbbf-c59c-449c-9890-4e53a478c062/opts
May 25 16:40:48 gtw01 systemd-udevd[22048]: Could not generate persistent MAC address for tap1841a058-60: No such file or directory
May 25 16:40:48 gtw01 kernel: [ 5270.661172] device tap1841a058-60 entered promiscuous mode
May 25 16:40:48 gtw01 systemd-udevd[22048]: Process '/sbin/ip link set tap1841a058-60 txqueuelen 10000' failed with exit code 1.
May 25 16:40:48 gtw01 systemd-udevd[22048]: Process '/sbin/ip link set tap1841a058-60 txqueuelen 10000' failed with exit code 1.
May 25 16:40:51 gtw01 dnsmasq[22217]: started, version 2.80 cachesize 150
May 25 16:40:51 gtw01 dnsmasq[22217]: DNS service limited to local subnets
May 25 16:40:51 gtw01 dnsmasq[22217]: compile time options: IPv6 GNU-getopt DBus i18n IDN DHCP DHCPv6 no-Lua TFTP conntrack ipset auth DNSSEC loop-detect inotify dumpfile
May 25 16:40:51 gtw01 dnsmasq[22217]: warning: no upstream servers configured
May 25 16:40:51 gtw01 dnsmasq-dhcp[22217]: DHCP, static leases only on 192.168.120.0, lease time 1h
May 25 16:40:51 gtw01 dnsmasq[22217]: read /var/lib/neutron/dhcp/0433dba2-641d-4864-9edc-ef79e6a46512/addn_hosts - 1 addresses
May 25 16:40:51 gtw01 dnsmasq-dhcp[22217]: read /var/lib/neutron/dhcp/0433dba2-641d-4864-9edc-ef79e6a46512/host
May 25 16:40:51 gtw01 dnsmasq-dhcp[22217]: read /var/lib/neutron/dhcp/0433dba2-641d-4864-9edc-ef79e6a46512/opts
May 25 16:40:51 gtw01 haproxy-metadata-proxy-0433dba2-641d-4864-9edc-ef79e6a46512[22224]: Proxy listener started.
May 25 16:40:51 gtw01 kernel: [ 5274.406540] device qr-3d071c42-ea entered promiscuous mode
May 25 16:40:51 gtw01 systemd-udevd[22235]: Could not generate persistent MAC address for qr-3d071c42-ea: No such file or directory
May 25 16:40:52 gtw01 dnsmasq[22217]: read /var/lib/neutron/dhcp/0433dba2-641d-4864-9edc-ef79e6a46512/addn_hosts - 2 addresses
May 25 16:40:52 gtw01 dnsmasq-dhcp[22217]: read /var/lib/neutron/dhcp/0433dba2-641d-4864-9edc-ef79e6a46512/host
May 25 16:40:52 gtw01 dnsmasq-dhcp[22217]: read /var/lib/neutron/dhcp/0433dba2-641d-4864-9edc-ef79e6a46512/opts
May 25 16:40:53 gtw01 systemd-udevd[22357]: Could not generate persistent MAC address for qg-d133a9db-f3: No such file or directory
May 25 16:40:53 gtw01 kernel: [ 5275.536626] device qg-d133a9db-f3 entered promiscuous mode
May 25 16:40:53 gtw01 dnsmasq[22217]: read /var/lib/neutron/dhcp/0433dba2-641d-4864-9edc-ef79e6a46512/addn_hosts - 2 addresses
May 25 16:40:53 gtw01 dnsmasq-dhcp[22217]: read /var/lib/neutron/dhcp/0433dba2-641d-4864-9edc-ef79e6a46512/host
May 25 16:40:53 gtw01 dnsmasq-dhcp[22217]: read /var/lib/neutron/dhcp/0433dba2-641d-4864-9edc-ef79e6a46512/opts
May 25 16:40:54 gtw01 dnsmasq[22217]: read /var/lib/neutron/dhcp/0433dba2-641d-4864-9edc-ef79e6a46512/addn_hosts - 2 addresses
May 25 16:40:54 gtw01 dnsmasq-dhcp[22217]: read /var/lib/neutron/dhcp/0433dba2-641d-4864-9edc-ef79e6a46512/host
May 25 16:40:54 gtw01 dnsmasq-dhcp[22217]: read /var/lib/neutron/dhcp/0433dba2-641d-4864-9edc-ef79e6a46512/opts
May 25 16:40:55 gtw01 dnsmasq[16242]: read /var/lib/neutron/dhcp/ca8edbbf-c59c-449c-9890-4e53a478c062/addn_hosts - 6 addresses
May 25 16:40:55 gtw01 dnsmasq-dhcp[16242]: read /var/lib/neutron/dhcp/ca8edbbf-c59c-449c-9890-4e53a478c062/host
May 25 16:40:55 gtw01 dnsmasq-dhcp[16242]: read /var/lib/neutron/dhcp/ca8edbbf-c59c-449c-9890-4e53a478c062/opts
May 25 16:40:55 gtw01 dnsmasq[22217]: read /var/lib/neutron/dhcp/0433dba2-641d-4864-9edc-ef79e6a46512/addn_hosts - 2 addresses
May 25 16:40:55 gtw01 dnsmasq-dhcp[22217]: read /var/lib/neutron/dhcp/0433dba2-641d-4864-9edc-ef79e6a46512/host
May 25 16:40:55 gtw01 dnsmasq-dhcp[22217]: read /var/lib/neutron/dhcp/0433dba2-641d-4864-9edc-ef79e6a46512/opts
May 25 16:40:55 gtw01 kernel: [ 5278.098577] IPv4: martian source 192.168.120.1 from 192.168.120.1, on dev qg-d133a9db-f3
May 25 16:40:55 gtw01 kernel: [ 5278.098580] ll header: 00000000: ff ff ff ff ff ff fa 16 3e 7f 20 13 08 06        ........>. ...
May 25 16:40:55 gtw01 kernel: [ 5278.158243] IPv4: martian source 10.16.0.128 from 10.16.0.128, on dev qr-3d071c42-ea
May 25 16:40:55 gtw01 kernel: [ 5278.158247] ll header: 00000000: ff ff ff ff ff ff fa 16 3e 77 74 0e 08 06        ........>wt...
May 25 16:40:56 gtw01 dnsmasq[22217]: read /var/lib/neutron/dhcp/0433dba2-641d-4864-9edc-ef79e6a46512/addn_hosts - 2 addresses
May 25 16:40:56 gtw01 dnsmasq-dhcp[22217]: read /var/lib/neutron/dhcp/0433dba2-641d-4864-9edc-ef79e6a46512/host
May 25 16:40:56 gtw01 dnsmasq-dhcp[22217]: read /var/lib/neutron/dhcp/0433dba2-641d-4864-9edc-ef79e6a46512/opts
May 25 16:40:56 gtw01 dnsmasq[16242]: read /var/lib/neutron/dhcp/ca8edbbf-c59c-449c-9890-4e53a478c062/addn_hosts - 7 addresses
May 25 16:40:56 gtw01 dnsmasq-dhcp[16242]: read /var/lib/neutron/dhcp/ca8edbbf-c59c-449c-9890-4e53a478c062/host
May 25 16:40:56 gtw01 dnsmasq-dhcp[16242]: read /var/lib/neutron/dhcp/ca8edbbf-c59c-449c-9890-4e53a478c062/opts
May 25 16:40:56 gtw01 dnsmasq-dhcp[16242]: DHCPDISCOVER(tap5dbf6d42-f5) fa:16:3e:d5:4c:b9
May 25 16:40:56 gtw01 dnsmasq-dhcp[16242]: DHCPOFFER(tap5dbf6d42-f5) 192.168.120.31 fa:16:3e:d5:4c:b9
May 25 16:40:56 gtw01 dnsmasq-dhcp[16242]: DHCPREQUEST(tap5dbf6d42-f5) 192.168.120.31 fa:16:3e:d5:4c:b9
May 25 16:40:56 gtw01 dnsmasq-dhcp[16242]: DHCPACK(tap5dbf6d42-f5) 192.168.120.31 fa:16:3e:d5:4c:b9 host-192-168-120-31
May 25 16:40:57 gtw01 dnsmasq[16242]: read /var/lib/neutron/dhcp/ca8edbbf-c59c-449c-9890-4e53a478c062/addn_hosts - 7 addresses
May 25 16:40:57 gtw01 dnsmasq-dhcp[16242]: read /var/lib/neutron/dhcp/ca8edbbf-c59c-449c-9890-4e53a478c062/host
May 25 16:40:57 gtw01 dnsmasq-dhcp[16242]: read /var/lib/neutron/dhcp/ca8edbbf-c59c-449c-9890-4e53a478c062/opts
May 25 16:40:58 gtw01 dnsmasq[16242]: read /var/lib/neutron/dhcp/ca8edbbf-c59c-449c-9890-4e53a478c062/addn_hosts - 7 addresses
May 25 16:40:58 gtw01 dnsmasq-dhcp[16242]: read /var/lib/neutron/dhcp/ca8edbbf-c59c-449c-9890-4e53a478c062/host
May 25 16:40:58 gtw01 dnsmasq-dhcp[16242]: read /var/lib/neutron/dhcp/ca8edbbf-c59c-449c-9890-4e53a478c062/opts
May 25 16:40:59 gtw01 dnsmasq[16242]: read /var/lib/neutron/dhcp/ca8edbbf-c59c-449c-9890-4e53a478c062/addn_hosts - 7 addresses
May 25 16:40:59 gtw01 dnsmasq-dhcp[16242]: read /var/lib/neutron/dhcp/ca8edbbf-c59c-449c-9890-4e53a478c062/host
May 25 16:40:59 gtw01 dnsmasq-dhcp[16242]: read /var/lib/neutron/dhcp/ca8edbbf-c59c-449c-9890-4e53a478c062/opts
May 25 16:40:59 gtw01 haproxy-metadata-proxy-1bf1d5c2-020e-43a1-bca3-c52237c5abde[22742]: Proxy listener started.
May 25 16:41:00 gtw01 dnsmasq[16242]: read /var/lib/neutron/dhcp/ca8edbbf-c59c-449c-9890-4e53a478c062/addn_hosts - 7 addresses
May 25 16:41:00 gtw01 dnsmasq-dhcp[16242]: read /var/lib/neutron/dhcp/ca8edbbf-c59c-449c-9890-4e53a478c062/host
May 25 16:41:00 gtw01 dnsmasq-dhcp[16242]: read /var/lib/neutron/dhcp/ca8edbbf-c59c-449c-9890-4e53a478c062/opts
May 25 16:41:01 gtw01 dnsmasq[22217]: read /var/lib/neutron/dhcp/0433dba2-641d-4864-9edc-ef79e6a46512/addn_hosts - 2 addresses
May 25 16:41:01 gtw01 dnsmasq-dhcp[22217]: read /var/lib/neutron/dhcp/0433dba2-641d-4864-9edc-ef79e6a46512/host
May 25 16:41:01 gtw01 dnsmasq-dhcp[22217]: read /var/lib/neutron/dhcp/0433dba2-641d-4864-9edc-ef79e6a46512/opts
May 25 16:41:02 gtw01 dnsmasq-dhcp[16242]: DHCPDISCOVER(tap5dbf6d42-f5) fa:16:3e:9b:cf:7d
May 25 16:41:02 gtw01 dnsmasq-dhcp[16242]: DHCPOFFER(tap5dbf6d42-f5) 192.168.120.15 fa:16:3e:9b:cf:7d
May 25 16:41:02 gtw01 dnsmasq-dhcp[16242]: DHCPREQUEST(tap5dbf6d42-f5) 192.168.120.15 fa:16:3e:9b:cf:7d
May 25 16:41:02 gtw01 dnsmasq-dhcp[16242]: DHCPACK(tap5dbf6d42-f5) 192.168.120.15 fa:16:3e:9b:cf:7d host-192-168-120-15
May 25 16:41:02 gtw01 dnsmasq[22217]: read /var/lib/neutron/dhcp/0433dba2-641d-4864-9edc-ef79e6a46512/addn_hosts - 2 addresses
May 25 16:41:02 gtw01 dnsmasq-dhcp[22217]: read /var/lib/neutron/dhcp/0433dba2-641d-4864-9edc-ef79e6a46512/host
May 25 16:41:02 gtw01 dnsmasq-dhcp[22217]: read /var/lib/neutron/dhcp/0433dba2-641d-4864-9edc-ef79e6a46512/opts
May 25 16:41:05 gtw01 dnsmasq[16242]: read /var/lib/neutron/dhcp/ca8edbbf-c59c-449c-9890-4e53a478c062/addn_hosts - 6 addresses
May 25 16:41:05 gtw01 dnsmasq-dhcp[16242]: read /var/lib/neutron/dhcp/ca8edbbf-c59c-449c-9890-4e53a478c062/host
May 25 16:41:05 gtw01 dnsmasq-dhcp[16242]: read /var/lib/neutron/dhcp/ca8edbbf-c59c-449c-9890-4e53a478c062/opts
May 25 16:41:11 gtw01 dnsmasq-dhcp[16242]: DHCPDISCOVER(tap5dbf6d42-f5) fa:16:3e:6e:0a:92
May 25 16:41:11 gtw01 dnsmasq-dhcp[16242]: DHCPOFFER(tap5dbf6d42-f5) 192.168.120.16 fa:16:3e:6e:0a:92
May 25 16:41:11 gtw01 dnsmasq-dhcp[16242]: DHCPREQUEST(tap5dbf6d42-f5) 192.168.120.16 fa:16:3e:6e:0a:92
May 25 16:41:11 gtw01 dnsmasq-dhcp[16242]: DHCPACK(tap5dbf6d42-f5) 192.168.120.16 fa:16:3e:6e:0a:92 host-192-168-120-16
May 25 16:41:11 gtw01 dnsmasq-dhcp[16242]: DHCPRELEASE(tap5dbf6d42-f5) 192.168.120.15 fa:16:3e:9b:cf:7d
May 25 16:41:11 gtw01 dnsmasq-dhcp[16242]: DHCPRELEASE(tap5dbf6d42-f5) 192.168.120.15 fa:16:3e:9b:cf:7d unknown lease
May 25 16:41:12 gtw01 dnsmasq[16242]: read /var/lib/neutron/dhcp/ca8edbbf-c59c-449c-9890-4e53a478c062/addn_hosts - 5 addresses
May 25 16:41:12 gtw01 dnsmasq-dhcp[16242]: read /var/lib/neutron/dhcp/ca8edbbf-c59c-449c-9890-4e53a478c062/host
May 25 16:41:12 gtw01 dnsmasq-dhcp[16242]: read /var/lib/neutron/dhcp/ca8edbbf-c59c-449c-9890-4e53a478c062/opts
May 25 16:41:13 gtw01 dnsmasq[22217]: read /var/lib/neutron/dhcp/0433dba2-641d-4864-9edc-ef79e6a46512/addn_hosts - 1 addresses
May 25 16:41:13 gtw01 dnsmasq-dhcp[22217]: read /var/lib/neutron/dhcp/0433dba2-641d-4864-9edc-ef79e6a46512/host
May 25 16:41:13 gtw01 dnsmasq-dhcp[22217]: read /var/lib/neutron/dhcp/0433dba2-641d-4864-9edc-ef79e6a46512/opts
May 25 16:41:14 gtw01 haproxy-metadata-proxy-0433dba2-641d-4864-9edc-ef79e6a46512[23023]: Proxy listener started.
May 25 16:41:15 gtw01 kernel: [ 5298.088078] device qr-3d071c42-ea left promiscuous mode
May 25 16:41:17 gtw01 dnsmasq[16242]: read /var/lib/neutron/dhcp/ca8edbbf-c59c-449c-9890-4e53a478c062/addn_hosts - 6 addresses
May 25 16:41:17 gtw01 dnsmasq-dhcp[16242]: read /var/lib/neutron/dhcp/ca8edbbf-c59c-449c-9890-4e53a478c062/host
