May 25 16:44:12 gtw01 dnsmasq-dhcp[26860]: read /var/lib/neutron/dhcp/ea7fef22-0626-434b-a010-9487824ec6a0/host
May 25 16:44:12 gtw01 dnsmasq-dhcp[26860]: read /var/lib/neutron/dhcp/ea7fef22-0626-434b-a010-9487824ec6a0/opts
May 25 16:44:12 gtw01 kernel: [ 5475.249025] device vxlan_sys_4789 entered promiscuous mode
May 25 16:44:12 gtw01 systemd-udevd[27393]: Could not generate persistent MAC address for vxlan_sys_4789: No such file or directory
May 25 16:44:13 gtw01 dnsmasq[26860]: read /var/lib/neutron/dhcp/ea7fef22-0626-434b-a010-9487824ec6a0/addn_hosts - 2 addresses
May 25 16:44:13 gtw01 dnsmasq-dhcp[26860]: read /var/lib/neutron/dhcp/ea7fef22-0626-434b-a010-9487824ec6a0/host
May 25 16:44:13 gtw01 dnsmasq-dhcp[26860]: read /var/lib/neutron/dhcp/ea7fef22-0626-434b-a010-9487824ec6a0/opts
May 25 16:44:16 gtw01 systemd-udevd[27596]: Could not generate persistent MAC address for tap09a7e7c1-0c: No such file or directory
May 25 16:44:16 gtw01 kernel: [ 5478.828511] device tap09a7e7c1-0c entered promiscuous mode
May 25 16:44:16 gtw01 systemd-udevd[27596]: Process '/sbin/ip link set tap09a7e7c1-0c txqueuelen 10000' failed with exit code 1.
May 25 16:44:16 gtw01 systemd-udevd[27673]: Process '/sbin/ip link set tap09a7e7c1-0c txqueuelen 10000' failed with exit code 1.
May 25 16:44:16 gtw01 haproxy-metadata-proxy-3819b86e-4b84-41e1-9a33-6967800f2663[27691]: Proxy listener started.
May 25 16:44:17 gtw01 dnsmasq[16242]: read /var/lib/neutron/dhcp/ca8edbbf-c59c-449c-9890-4e53a478c062/addn_hosts - 3 addresses
May 25 16:44:17 gtw01 dnsmasq-dhcp[16242]: read /var/lib/neutron/dhcp/ca8edbbf-c59c-449c-9890-4e53a478c062/host
May 25 16:44:17 gtw01 dnsmasq-dhcp[16242]: read /var/lib/neutron/dhcp/ca8edbbf-c59c-449c-9890-4e53a478c062/opts
May 25 16:44:18 gtw01 dnsmasq[26860]: read /var/lib/neutron/dhcp/ea7fef22-0626-434b-a010-9487824ec6a0/addn_hosts - 2 addresses
May 25 16:44:18 gtw01 dnsmasq-dhcp[26860]: read /var/lib/neutron/dhcp/ea7fef22-0626-434b-a010-9487824ec6a0/host
May 25 16:44:18 gtw01 dnsmasq-dhcp[26860]: read /var/lib/neutron/dhcp/ea7fef22-0626-434b-a010-9487824ec6a0/opts
May 25 16:44:19 gtw01 dnsmasq[26860]: read /var/lib/neutron/dhcp/ea7fef22-0626-434b-a010-9487824ec6a0/addn_hosts - 3 addresses
May 25 16:44:19 gtw01 dnsmasq-dhcp[26860]: read /var/lib/neutron/dhcp/ea7fef22-0626-434b-a010-9487824ec6a0/host
May 25 16:44:19 gtw01 dnsmasq-dhcp[26860]: read /var/lib/neutron/dhcp/ea7fef22-0626-434b-a010-9487824ec6a0/opts
May 25 16:44:19 gtw01 dnsmasq[27860]: started, version 2.80 cachesize 150
May 25 16:44:19 gtw01 dnsmasq[27860]: DNS service limited to local subnets
May 25 16:44:19 gtw01 dnsmasq[27860]: compile time options: IPv6 GNU-getopt DBus i18n IDN DHCP DHCPv6 no-Lua TFTP conntrack ipset auth DNSSEC loop-detect inotify dumpfile
May 25 16:44:19 gtw01 dnsmasq[27860]: warning: no upstream servers configured
May 25 16:44:19 gtw01 dnsmasq-dhcp[27860]: DHCP, static leases only on 192.168.120.0, lease time 1h
May 25 16:44:19 gtw01 dnsmasq[27860]: read /var/lib/neutron/dhcp/ec6cfd62-2511-487d-9c98-d2c16f206499/addn_hosts - 1 addresses
May 25 16:44:19 gtw01 dnsmasq-dhcp[27860]: read /var/lib/neutron/dhcp/ec6cfd62-2511-487d-9c98-d2c16f206499/host
May 25 16:44:19 gtw01 dnsmasq-dhcp[27860]: read /var/lib/neutron/dhcp/ec6cfd62-2511-487d-9c98-d2c16f206499/opts
May 25 16:44:20 gtw01 haproxy-metadata-proxy-ec6cfd62-2511-487d-9c98-d2c16f206499[27886]: Proxy listener started.
May 25 16:44:20 gtw01 dnsmasq[16242]: read /var/lib/neutron/dhcp/ca8edbbf-c59c-449c-9890-4e53a478c062/addn_hosts - 3 addresses
May 25 16:44:20 gtw01 dnsmasq-dhcp[16242]: read /var/lib/neutron/dhcp/ca8edbbf-c59c-449c-9890-4e53a478c062/host
May 25 16:44:20 gtw01 dnsmasq-dhcp[16242]: read /var/lib/neutron/dhcp/ca8edbbf-c59c-449c-9890-4e53a478c062/opts
May 25 16:44:20 gtw01 dnsmasq[27860]: read /var/lib/neutron/dhcp/ec6cfd62-2511-487d-9c98-d2c16f206499/addn_hosts - 2 addresses
May 25 16:44:20 gtw01 dnsmasq-dhcp[27860]: read /var/lib/neutron/dhcp/ec6cfd62-2511-487d-9c98-d2c16f206499/host
May 25 16:44:20 gtw01 dnsmasq-dhcp[27860]: read /var/lib/neutron/dhcp/ec6cfd62-2511-487d-9c98-d2c16f206499/opts
May 25 16:44:20 gtw01 dnsmasq[26860]: read /var/lib/neutron/dhcp/ea7fef22-0626-434b-a010-9487824ec6a0/addn_hosts - 3 addresses
May 25 16:44:20 gtw01 dnsmasq-dhcp[26860]: read /var/lib/neutron/dhcp/ea7fef22-0626-434b-a010-9487824ec6a0/host
May 25 16:44:20 gtw01 dnsmasq-dhcp[26860]: read /var/lib/neutron/dhcp/ea7fef22-0626-434b-a010-9487824ec6a0/opts
May 25 16:44:21 gtw01 systemd-udevd[27971]: Could not generate persistent MAC address for qg-2e27fb1a-27: No such file or directory
May 25 16:44:21 gtw01 kernel: [ 5483.553135] device qg-2e27fb1a-27 entered promiscuous mode
May 25 16:44:21 gtw01 dnsmasq[16242]: read /var/lib/neutron/dhcp/ca8edbbf-c59c-449c-9890-4e53a478c062/addn_hosts - 3 addresses
May 25 16:44:21 gtw01 dnsmasq-dhcp[16242]: read /var/lib/neutron/dhcp/ca8edbbf-c59c-449c-9890-4e53a478c062/host
May 25 16:44:21 gtw01 dnsmasq-dhcp[16242]: read /var/lib/neutron/dhcp/ca8edbbf-c59c-449c-9890-4e53a478c062/opts
May 25 16:44:22 gtw01 dnsmasq[26860]: read /var/lib/neutron/dhcp/ea7fef22-0626-434b-a010-9487824ec6a0/addn_hosts - 3 addresses
May 25 16:44:22 gtw01 dnsmasq-dhcp[26860]: read /var/lib/neutron/dhcp/ea7fef22-0626-434b-a010-9487824ec6a0/host
May 25 16:44:22 gtw01 dnsmasq-dhcp[26860]: read /var/lib/neutron/dhcp/ea7fef22-0626-434b-a010-9487824ec6a0/opts
May 25 16:44:22 gtw01 dnsmasq[27860]: read /var/lib/neutron/dhcp/ec6cfd62-2511-487d-9c98-d2c16f206499/addn_hosts - 2 addresses
May 25 16:44:22 gtw01 dnsmasq-dhcp[27860]: read /var/lib/neutron/dhcp/ec6cfd62-2511-487d-9c98-d2c16f206499/host
May 25 16:44:22 gtw01 dnsmasq-dhcp[27860]: read /var/lib/neutron/dhcp/ec6cfd62-2511-487d-9c98-d2c16f206499/opts
May 25 16:44:23 gtw01 dnsmasq-dhcp[26194]: DHCPDISCOVER(tap7b3f3529-fd) fa:16:3e:a2:2a:df
May 25 16:44:23 gtw01 dnsmasq-dhcp[26194]: DHCPOFFER(tap7b3f3529-fd) 192.168.120.11 fa:16:3e:a2:2a:df
May 25 16:44:23 gtw01 dnsmasq-dhcp[26194]: DHCPREQUEST(tap7b3f3529-fd) 192.168.120.11 fa:16:3e:a2:2a:df
May 25 16:44:23 gtw01 dnsmasq-dhcp[26194]: DHCPACK(tap7b3f3529-fd) 192.168.120.11 fa:16:3e:a2:2a:df host-192-168-120-11
May 25 16:44:23 gtw01 dnsmasq[26860]: read /var/lib/neutron/dhcp/ea7fef22-0626-434b-a010-9487824ec6a0/addn_hosts - 3 addresses
May 25 16:44:23 gtw01 dnsmasq-dhcp[26860]: read /var/lib/neutron/dhcp/ea7fef22-0626-434b-a010-9487824ec6a0/host
May 25 16:44:23 gtw01 dnsmasq-dhcp[26860]: read /var/lib/neutron/dhcp/ea7fef22-0626-434b-a010-9487824ec6a0/opts
May 25 16:44:23 gtw01 dnsmasq[27860]: read /var/lib/neutron/dhcp/ec6cfd62-2511-487d-9c98-d2c16f206499/addn_hosts - 2 addresses
May 25 16:44:23 gtw01 dnsmasq-dhcp[27860]: read /var/lib/neutron/dhcp/ec6cfd62-2511-487d-9c98-d2c16f206499/host
May 25 16:44:23 gtw01 dnsmasq-dhcp[27860]: read /var/lib/neutron/dhcp/ec6cfd62-2511-487d-9c98-d2c16f206499/opts
May 25 16:44:24 gtw01 dnsmasq[27860]: read /var/lib/neutron/dhcp/ec6cfd62-2511-487d-9c98-d2c16f206499/addn_hosts - 2 addresses
May 25 16:44:24 gtw01 dnsmasq-dhcp[27860]: read /var/lib/neutron/dhcp/ec6cfd62-2511-487d-9c98-d2c16f206499/host
May 25 16:44:24 gtw01 dnsmasq-dhcp[27860]: read /var/lib/neutron/dhcp/ec6cfd62-2511-487d-9c98-d2c16f206499/opts
May 25 16:44:25 gtw01 dnsmasq[27860]: read /var/lib/neutron/dhcp/ec6cfd62-2511-487d-9c98-d2c16f206499/addn_hosts - 2 addresses
May 25 16:44:25 gtw01 dnsmasq-dhcp[27860]: read /var/lib/neutron/dhcp/ec6cfd62-2511-487d-9c98-d2c16f206499/host
May 25 16:44:25 gtw01 dnsmasq-dhcp[27860]: read /var/lib/neutron/dhcp/ec6cfd62-2511-487d-9c98-d2c16f206499/opts
May 25 16:44:27 gtw01 haproxy-metadata-proxy-863c1ec3-7861-4e0e-9091-6dad2a965e18[28391]: Proxy listener started.
May 25 16:44:29 gtw01 dnsmasq[27860]: read /var/lib/neutron/dhcp/ec6cfd62-2511-487d-9c98-d2c16f206499/addn_hosts - 2 addresses
May 25 16:44:29 gtw01 dnsmasq-dhcp[27860]: read /var/lib/neutron/dhcp/ec6cfd62-2511-487d-9c98-d2c16f206499/host
May 25 16:44:29 gtw01 dnsmasq-dhcp[27860]: read /var/lib/neutron/dhcp/ec6cfd62-2511-487d-9c98-d2c16f206499/opts
May 25 16:44:29 gtw01 systemd-udevd[28450]: Could not generate persistent MAC address for qr-52a0d10e-42: No such file or directory
May 25 16:44:29 gtw01 kernel: [ 5492.240727] device qr-52a0d10e-42 entered promiscuous mode
May 25 16:44:29 gtw01 dnsmasq[16242]: read /var/lib/neutron/dhcp/ca8edbbf-c59c-449c-9890-4e53a478c062/addn_hosts - 2 addresses
May 25 16:44:29 gtw01 dnsmasq-dhcp[16242]: read /var/lib/neutron/dhcp/ca8edbbf-c59c-449c-9890-4e53a478c062/host
May 25 16:44:29 gtw01 dnsmasq-dhcp[16242]: read /var/lib/neutron/dhcp/ca8edbbf-c59c-449c-9890-4e53a478c062/opts
May 25 16:44:30 gtw01 dnsmasq[27860]: read /var/lib/neutron/dhcp/ec6cfd62-2511-487d-9c98-d2c16f206499/addn_hosts - 2 addresses
May 25 16:44:30 gtw01 dnsmasq-dhcp[27860]: read /var/lib/neutron/dhcp/ec6cfd62-2511-487d-9c98-d2c16f206499/host
May 25 16:44:30 gtw01 dnsmasq-dhcp[27860]: read /var/lib/neutron/dhcp/ec6cfd62-2511-487d-9c98-d2c16f206499/opts
May 25 16:44:32 gtw01 dnsmasq[27860]: read /var/lib/neutron/dhcp/ec6cfd62-2511-487d-9c98-d2c16f206499/addn_hosts - 1 addresses
May 25 16:44:32 gtw01 dnsmasq-dhcp[27860]: read /var/lib/neutron/dhcp/ec6cfd62-2511-487d-9c98-d2c16f206499/host
May 25 16:44:32 gtw01 dnsmasq-dhcp[27860]: read /var/lib/neutron/dhcp/ec6cfd62-2511-487d-9c98-d2c16f206499/opts
May 25 16:44:33 gtw01 haproxy-metadata-proxy-ec6cfd62-2511-487d-9c98-d2c16f206499[28713]: Proxy listener started.
May 25 16:44:34 gtw01 dnsmasq[26194]: read /var/lib/neutron/dhcp/5bf1a915-27e9-4d03-a5f8-bc89b648ae8c/addn_hosts - 4 addresses
May 25 16:44:34 gtw01 dnsmasq-dhcp[26194]: read /var/lib/neutron/dhcp/5bf1a915-27e9-4d03-a5f8-bc89b648ae8c/host
May 25 16:44:34 gtw01 dnsmasq-dhcp[26194]: read /var/lib/neutron/dhcp/5bf1a915-27e9-4d03-a5f8-bc89b648ae8c/opts
May 25 16:44:35 gtw01 dnsmasq[16242]: read /var/lib/neutron/dhcp/ca8edbbf-c59c-449c-9890-4e53a478c062/addn_hosts - 3 addresses
May 25 16:44:35 gtw01 dnsmasq-dhcp[16242]: read /var/lib/neutron/dhcp/ca8edbbf-c59c-449c-9890-4e53a478c062/host
May 25 16:44:35 gtw01 dnsmasq-dhcp[16242]: read /var/lib/neutron/dhcp/ca8edbbf-c59c-449c-9890-4e53a478c062/opts
May 25 16:44:35 gtw01 dnsmasq-dhcp[26860]: DHCPDISCOVER(tap530c42b8-aa) fa:16:3e:19:02:8c
May 25 16:44:35 gtw01 dnsmasq-dhcp[26860]: DHCPOFFER(tap530c42b8-aa) 192.168.120.5 fa:16:3e:19:02:8c
May 25 16:44:35 gtw01 dnsmasq-dhcp[26860]: DHCPREQUEST(tap530c42b8-aa) 192.168.120.5 fa:16:3e:19:02:8c
May 25 16:44:35 gtw01 dnsmasq-dhcp[26860]: DHCPACK(tap530c42b8-aa) 192.168.120.5 fa:16:3e:19:02:8c host-192-168-120-5
May 25 16:44:36 gtw01 kernel: [ 5498.454902] device qr-52a0d10e-42 left promiscuous mode
May 25 16:44:36 gtw01 dnsmasq[16242]: read /var/lib/neutron/dhcp/ca8edbbf-c59c-449c-9890-4e53a478c062/addn_hosts - 3 addresses
May 25 16:44:36 gtw01 dnsmasq-dhcp[16242]: read /var/lib/neutron/dhcp/ca8edbbf-c59c-449c-9890-4e53a478c062/host
May 25 16:44:36 gtw01 dnsmasq-dhcp[16242]: read /var/lib/neutron/dhcp/ca8edbbf-c59c-449c-9890-4e53a478c062/opts
May 25 16:44:37 gtw01 dnsmasq[16242]: read /var/lib/neutron/dhcp/ca8edbbf-c59c-449c-9890-4e53a478c062/addn_hosts - 3 addresses
May 25 16:44:37 gtw01 dnsmasq-dhcp[16242]: read /var/lib/neutron/dhcp/ca8edbbf-c59c-449c-9890-4e53a478c062/host
May 25 16:44:37 gtw01 dnsmasq-dhcp[16242]: read /var/lib/neutron/dhcp/ca8edbbf-c59c-449c-9890-4e53a478c062/opts
May 25 16:44:37 gtw01 dnsmasq[26194]: read /var/lib/neutron/dhcp/5bf1a915-27e9-4d03-a5f8-bc89b648ae8c/addn_hosts - 3 addresses
May 25 16:44:37 gtw01 dnsmasq-dhcp[26194]: read /var/lib/neutron/dhcp/5bf1a915-27e9-4d03-a5f8-bc89b648ae8c/host
May 25 16:44:37 gtw01 dnsmasq-dhcp[26194]: read /var/lib/neutron/dhcp/5bf1a915-27e9-4d03-a5f8-bc89b648ae8c/opts
May 25 16:44:38 gtw01 kernel: [ 5501.389402] device qg-2e27fb1a-27 left promiscuous mode
May 25 16:44:39 gtw01 kernel: [ 5501.489269] device tap09a7e7c1-0c left promiscuous mode
May 25 16:44:41 gtw01 dnsmasq-dhcp[26194]: DHCPRELEASE(tap7b3f3529-fd) 192.168.120.11 fa:16:3e:a2:2a:df
May 25 16:44:41 gtw01 dnsmasq-dhcp[26194]: DHCPRELEASE(tap7b3f3529-fd) 192.168.120.11 fa:16:3e:a2:2a:df unknown lease
May 25 16:44:42 gtw01 dnsmasq[26194]: read /var/lib/neutron/dhcp/5bf1a915-27e9-4d03-a5f8-bc89b648ae8c/addn_hosts - 2 addresses
May 25 16:44:42 gtw01 dnsmasq-dhcp[26194]: read /var/lib/neutron/dhcp/5bf1a915-27e9-4d03-a5f8-bc89b648ae8c/host
May 25 16:44:42 gtw01 dnsmasq-dhcp[26194]: read /var/lib/neutron/dhcp/5bf1a915-27e9-4d03-a5f8-bc89b648ae8c/opts
May 25 16:44:44 gtw01 kernel: [ 5506.773735] device vxlan_sys_4789 left promiscuous mode
May 25 16:44:44 gtw01 dnsmasq-dhcp[26860]: DHCPRELEASE(tap530c42b8-aa) 192.168.120.5 fa:16:3e:19:02:8c
May 25 16:44:44 gtw01 dnsmasq-dhcp[26860]: DHCPRELEASE(tap530c42b8-aa) 192.168.120.5 fa:16:3e:19:02:8c unknown lease
May 25 16:44:44 gtw01 dnsmasq[16242]: read /var/lib/neutron/dhcp/ca8edbbf-c59c-449c-9890-4e53a478c062/addn_hosts - 2 addresses
May 25 16:44:44 gtw01 dnsmasq-dhcp[16242]: read /var/lib/neutron/dhcp/ca8edbbf-c59c-449c-9890-4e53a478c062/host
May 25 16:44:44 gtw01 dnsmasq-dhcp[16242]: read /var/lib/neutron/dhcp/ca8edbbf-c59c-449c-9890-4e53a478c062/opts
May 25 16:44:45 gtw01 dnsmasq[26860]: read /var/lib/neutron/dhcp/ea7fef22-0626-434b-a010-9487824ec6a0/addn_hosts - 2 addresses
May 25 16:44:45 gtw01 dnsmasq-dhcp[26860]: read /var/lib/neutron/dhcp/ea7fef22-0626-434b-a010-9487824ec6a0/host
May 25 16:44:45 gtw01 dnsmasq-dhcp[26860]: read /var/lib/neutron/dhcp/ea7fef22-0626-434b-a010-9487824ec6a0/opts
May 25 16:44:47 gtw01 dnsmasq[26194]: read /var/lib/neutron/dhcp/5bf1a915-27e9-4d03-a5f8-bc89b648ae8c/addn_hosts - 1 addresses
May 25 16:44:47 gtw01 dnsmasq-dhcp[26194]: read /var/lib/neutron/dhcp/5bf1a915-27e9-4d03-a5f8-bc89b648ae8c/host
May 25 16:44:47 gtw01 dnsmasq-dhcp[26194]: read /var/lib/neutron/dhcp/5bf1a915-27e9-4d03-a5f8-bc89b648ae8c/opts
May 25 16:44:47 gtw01 systemd-udevd[29202]: Could not generate persistent MAC address for tapd611c45e-a2: No such file or directory
May 25 16:44:47 gtw01 kernel: [ 5510.293564] device tapd611c45e-a2 entered promiscuous mode
May 25 16:44:47 gtw01 haproxy-metadata-proxy-5bf1a915-27e9-4d03-a5f8-bc89b648ae8c[29221]: Proxy listener started.
May 25 16:44:47 gtw01 systemd-udevd[29274]: Process '/sbin/ip link set tapd611c45e-a2 txqueuelen 10000' failed with exit code 1.
May 25 16:44:50 gtw01 kernel: [ 5512.673011] device qr-986d72a0-a3 left promiscuous mode
May 25 16:44:51 gtw01 kernel: [ 5513.530382] device qg-a8c4efe1-a9 left promiscuous mode
May 25 16:44:51 gtw01 dnsmasq[29442]: started, version 2.80 cachesize 150
May 25 16:44:51 gtw01 dnsmasq[29442]: DNS service limited to local subnets
May 25 16:44:51 gtw01 dnsmasq[29442]: compile time options: IPv6 GNU-getopt DBus i18n IDN DHCP DHCPv6 no-Lua TFTP conntrack ipset auth DNSSEC loop-detect inotify dumpfile
May 25 16:44:51 gtw01 dnsmasq[29442]: warning: no upstream servers configured
May 25 16:44:51 gtw01 dnsmasq-dhcp[29442]: DHCP, static leases only on 192.168.120.0, lease time 1h
May 25 16:44:51 gtw01 dnsmasq[29442]: read /var/lib/neutron/dhcp/05c066a2-80fe-4529-a8e3-dd90bb95ccb0/addn_hosts - 1 addresses
May 25 16:44:51 gtw01 dnsmasq-dhcp[29442]: read /var/lib/neutron/dhcp/05c066a2-80fe-4529-a8e3-dd90bb95ccb0/host
May 25 16:44:51 gtw01 dnsmasq-dhcp[29442]: read /var/lib/neutron/dhcp/05c066a2-80fe-4529-a8e3-dd90bb95ccb0/opts
May 25 16:44:51 gtw01 systemd-udevd[29449]: Could not generate persistent MAC address for qg-5dbb05ea-e3: No such file or directory
May 25 16:44:51 gtw01 kernel: [ 5513.598475] device qg-5dbb05ea-e3 entered promiscuous mode
May 25 16:44:51 gtw01 dnsmasq[26860]: read /var/lib/neutron/dhcp/ea7fef22-0626-434b-a010-9487824ec6a0/addn_hosts - 1 addresses
May 25 16:44:51 gtw01 dnsmasq-dhcp[26860]: read /var/lib/neutron/dhcp/ea7fef22-0626-434b-a010-9487824ec6a0/host
May 25 16:44:51 gtw01 dnsmasq-dhcp[26860]: read /var/lib/neutron/dhcp/ea7fef22-0626-434b-a010-9487824ec6a0/opts
May 25 16:44:51 gtw01 haproxy-metadata-proxy-05c066a2-80fe-4529-a8e3-dd90bb95ccb0[29536]: Proxy listener started.
May 25 16:44:51 gtw01 haproxy-metadata-proxy-ea7fef22-0626-434b-a010-9487824ec6a0[29576]: Proxy listener started.
May 25 16:44:52 gtw01 dnsmasq[29442]: read /var/lib/neutron/dhcp/05c066a2-80fe-4529-a8e3-dd90bb95ccb0/addn_hosts - 2 addresses
May 25 16:44:52 gtw01 dnsmasq-dhcp[29442]: read /var/lib/neutron/dhcp/05c066a2-80fe-4529-a8e3-dd90bb95ccb0/host
May 25 16:44:52 gtw01 dnsmasq-dhcp[29442]: read /var/lib/neutron/dhcp/05c066a2-80fe-4529-a8e3-dd90bb95ccb0/opts
May 25 16:44:52 gtw01 kernel: [ 5515.314599] device tap7b3f3529-fd left promiscuous mode
May 25 16:44:53 gtw01 kernel: [ 5515.669015] device qr-78b3e1eb-cd left promiscuous mode
May 25 16:44:53 gtw01 dnsmasq[29442]: read /var/lib/neutron/dhcp/05c066a2-80fe-4529-a8e3-dd90bb95ccb0/addn_hosts - 2 addresses
May 25 16:44:53 gtw01 dnsmasq-dhcp[29442]: read /var/lib/neutron/dhcp/05c066a2-80fe-4529-a8e3-dd90bb95ccb0/host
May 25 16:44:53 gtw01 dnsmasq-dhcp[29442]: read /var/lib/neutron/dhcp/05c066a2-80fe-4529-a8e3-dd90bb95ccb0/opts
May 25 16:44:54 gtw01 dnsmasq[29442]: read /var/lib/neutron/dhcp/05c066a2-80fe-4529-a8e3-dd90bb95ccb0/addn_hosts - 2 addresses
May 25 16:44:54 gtw01 dnsmasq-dhcp[29442]: read /var/lib/neutron/dhcp/05c066a2-80fe-4529-a8e3-dd90bb95ccb0/host
May 25 16:44:54 gtw01 dnsmasq-dhcp[29442]: read /var/lib/neutron/dhcp/05c066a2-80fe-4529-a8e3-dd90bb95ccb0/opts
May 25 16:44:55 gtw01 dnsmasq[29442]: read /var/lib/neutron/dhcp/05c066a2-80fe-4529-a8e3-dd90bb95ccb0/addn_hosts - 2 addresses
May 25 16:44:55 gtw01 dnsmasq-dhcp[29442]: read /var/lib/neutron/dhcp/05c066a2-80fe-4529-a8e3-dd90bb95ccb0/host
May 25 16:44:55 gtw01 dnsmasq-dhcp[29442]: read /var/lib/neutron/dhcp/05c066a2-80fe-4529-a8e3-dd90bb95ccb0/opts
May 25 16:44:56 gtw01 dnsmasq[29442]: read /var/lib/neutron/dhcp/05c066a2-80fe-4529-a8e3-dd90bb95ccb0/addn_hosts - 3 addresses
May 25 16:44:56 gtw01 dnsmasq-dhcp[29442]: read /var/lib/neutron/dhcp/05c066a2-80fe-4529-a8e3-dd90bb95ccb0/host
May 25 16:44:56 gtw01 dnsmasq-dhcp[29442]: read /var/lib/neutron/dhcp/05c066a2-80fe-4529-a8e3-dd90bb95ccb0/opts
May 25 16:44:56 gtw01 kernel: [ 5518.961191] device tap530c42b8-aa left promiscuous mode
May 25 16:44:56 gtw01 kernel: [ 5519.039400] device qg-fd53d7db-22 left promiscuous mode
May 25 16:44:57 gtw01 dnsmasq[29442]: read /var/lib/neutron/dhcp/05c066a2-80fe-4529-a8e3-dd90bb95ccb0/addn_hosts - 3 addresses
May 25 16:44:57 gtw01 dnsmasq-dhcp[29442]: read /var/lib/neutron/dhcp/05c066a2-80fe-4529-a8e3-dd90bb95ccb0/host
May 25 16:44:57 gtw01 dnsmasq-dhcp[29442]: read /var/lib/neutron/dhcp/05c066a2-80fe-4529-a8e3-dd90bb95ccb0/opts
May 25 16:44:58 gtw01 haproxy-metadata-proxy-00ab2016-c60c-4588-9be2-e3f9290b6496[29955]: Proxy listener started.
May 25 16:44:58 gtw01 dnsmasq[29442]: read /var/lib/neutron/dhcp/05c066a2-80fe-4529-a8e3-dd90bb95ccb0/addn_hosts - 3 addresses
May 25 16:44:58 gtw01 dnsmasq-dhcp[29442]: read /var/lib/neutron/dhcp/05c066a2-80fe-4529-a8e3-dd90bb95ccb0/host
May 25 16:44:58 gtw01 dnsmasq-dhcp[29442]: read /var/lib/neutron/dhcp/05c066a2-80fe-4529-a8e3-dd90bb95ccb0/opts
May 25 16:44:59 gtw01 dnsmasq[29442]: read /var/lib/neutron/dhcp/05c066a2-80fe-4529-a8e3-dd90bb95ccb0/addn_hosts - 3 addresses
May 25 16:44:59 gtw01 dnsmasq-dhcp[29442]: read /var/lib/neutron/dhcp/05c066a2-80fe-4529-a8e3-dd90bb95ccb0/host
May 25 16:44:59 gtw01 dnsmasq-dhcp[29442]: read /var/lib/neutron/dhcp/05c066a2-80fe-4529-a8e3-dd90bb95ccb0/opts
May 25 16:45:00 gtw01 dnsmasq[29442]: read /var/lib/neutron/dhcp/05c066a2-80fe-4529-a8e3-dd90bb95ccb0/addn_hosts - 3 addresses
May 25 16:45:00 gtw01 dnsmasq-dhcp[29442]: read /var/lib/neutron/dhcp/05c066a2-80fe-4529-a8e3-dd90bb95ccb0/host
May 25 16:45:00 gtw01 dnsmasq-dhcp[29442]: read /var/lib/neutron/dhcp/05c066a2-80fe-4529-a8e3-dd90bb95ccb0/opts
May 25 16:45:01 gtw01 dnsmasq[29442]: read /var/lib/neutron/dhcp/05c066a2-80fe-4529-a8e3-dd90bb95ccb0/addn_hosts - 3 addresses
May 25 16:45:01 gtw01 dnsmasq-dhcp[29442]: read /var/lib/neutron/dhcp/05c066a2-80fe-4529-a8e3-dd90bb95ccb0/host
May 25 16:45:01 gtw01 dnsmasq-dhcp[29442]: read /var/lib/neutron/dhcp/05c066a2-80fe-4529-a8e3-dd90bb95ccb0/opts
May 25 16:45:01 gtw01 kernel: [ 5523.591944] device vxlan_sys_4789 entered promiscuous mode
May 25 16:45:01 gtw01 systemd-udevd[30036]: Could not generate persistent MAC address for vxlan_sys_4789: No such file or directory
May 25 16:45:01 gtw01 systemd-udevd[30115]: Could not generate persistent MAC address for qr-ffdad6b0-25: No such file or directory
May 25 16:45:01 gtw01 kernel: [ 5523.836748] device qr-ffdad6b0-25 entered promiscuous mode
May 25 16:45:01 gtw01 systemd-udevd[30221]: Could not generate persistent MAC address for tap0284c42b-10: No such file or directory
May 25 16:45:01 gtw01 kernel: [ 5524.364030] device tap0284c42b-10 entered promiscuous mode
May 25 16:45:02 gtw01 systemd-udevd[30221]: Process '/sbin/ip link set tap0284c42b-10 txqueuelen 10000' failed with exit code 1.
May 25 16:45:02 gtw01 systemd-udevd[30221]: Process '/sbin/ip link set tap0284c42b-10 txqueuelen 10000' failed with exit code 1.
May 25 16:45:04 gtw01 systemd-udevd[30440]: Could not generate persistent MAC address for tapeb59be56-58: No such file or directory
May 25 16:45:04 gtw01 kernel: [ 5526.633490] device tapeb59be56-58 entered promiscuous mode
May 25 16:45:04 gtw01 systemd-udevd[30440]: Process '/sbin/ip link set tapeb59be56-58 txqueuelen 10000' failed with exit code 1.
May 25 16:45:04 gtw01 systemd-udevd[30524]: Process '/sbin/ip link set tapeb59be56-58 txqueuelen 10000' failed with exit code 1.
May 25 16:45:04 gtw01 systemd-udevd[30554]: Could not generate persistent MAC address for qg-657029a4-48: No such file or directory
May 25 16:45:04 gtw01 kernel: [ 5527.051061] device qg-657029a4-48 entered promiscuous mode
May 25 16:45:05 gtw01 dnsmasq[16242]: read /var/lib/neutron/dhcp/ca8edbbf-c59c-449c-9890-4e53a478c062/addn_hosts - 3 addresses
May 25 16:45:05 gtw01 dnsmasq-dhcp[16242]: read /var/lib/neutron/dhcp/ca8edbbf-c59c-449c-9890-4e53a478c062/host
May 25 16:45:05 gtw01 dnsmasq-dhcp[16242]: read /var/lib/neutron/dhcp/ca8edbbf-c59c-449c-9890-4e53a478c062/opts
May 25 16:45:05 gtw01 dnsmasq[30731]: started, version 2.80 cachesize 150
May 25 16:45:05 gtw01 dnsmasq[30731]: DNS service limited to local subnets
May 25 16:45:05 gtw01 dnsmasq[30731]: compile time options: IPv6 GNU-getopt DBus i18n IDN DHCP DHCPv6 no-Lua TFTP conntrack ipset auth DNSSEC loop-detect inotify dumpfile
May 25 16:45:05 gtw01 dnsmasq[30731]: warning: no upstream servers configured
May 25 16:45:05 gtw01 dnsmasq-dhcp[30731]: DHCP, static leases only on 192.168.120.0, lease time 1h
May 25 16:45:05 gtw01 dnsmasq[30731]: read /var/lib/neutron/dhcp/076c066b-6add-446f-a81a-49d9109799d2/addn_hosts - 1 addresses
May 25 16:45:05 gtw01 dnsmasq-dhcp[30731]: read /var/lib/neutron/dhcp/076c066b-6add-446f-a81a-49d9109799d2/host
May 25 16:45:05 gtw01 dnsmasq-dhcp[30731]: read /var/lib/neutron/dhcp/076c066b-6add-446f-a81a-49d9109799d2/opts
May 25 16:45:06 gtw01 haproxy-metadata-proxy-076c066b-6add-446f-a81a-49d9109799d2[30746]: Proxy listener started.
May 25 16:45:06 gtw01 dnsmasq[16242]: read /var/lib/neutron/dhcp/ca8edbbf-c59c-449c-9890-4e53a478c062/addn_hosts - 3 addresses
May 25 16:45:06 gtw01 dnsmasq-dhcp[16242]: read /var/lib/neutron/dhcp/ca8edbbf-c59c-449c-9890-4e53a478c062/host
May 25 16:45:06 gtw01 dnsmasq-dhcp[16242]: read /var/lib/neutron/dhcp/ca8edbbf-c59c-449c-9890-4e53a478c062/opts
May 25 16:45:07 gtw01 dnsmasq[30731]: read /var/lib/neutron/dhcp/076c066b-6add-446f-a81a-49d9109799d2/addn_hosts - 2 addresses
May 25 16:45:07 gtw01 dnsmasq-dhcp[30731]: read /var/lib/neutron/dhcp/076c066b-6add-446f-a81a-49d9109799d2/host
May 25 16:45:07 gtw01 dnsmasq-dhcp[30731]: read /var/lib/neutron/dhcp/076c066b-6add-446f-a81a-49d9109799d2/opts
May 25 16:45:07 gtw01 dnsmasq[16242]: read /var/lib/neutron/dhcp/ca8edbbf-c59c-449c-9890-4e53a478c062/addn_hosts - 3 addresses
May 25 16:45:07 gtw01 dnsmasq-dhcp[16242]: read /var/lib/neutron/dhcp/ca8edbbf-c59c-449c-9890-4e53a478c062/host
May 25 16:45:07 gtw01 dnsmasq-dhcp[16242]: read /var/lib/neutron/dhcp/ca8edbbf-c59c-449c-9890-4e53a478c062/opts
May 25 16:45:08 gtw01 dnsmasq[30928]: started, version 2.80 cachesize 150
May 25 16:45:08 gtw01 dnsmasq[30928]: DNS service limited to local subnets
May 25 16:45:08 gtw01 dnsmasq[30928]: compile time options: IPv6 GNU-getopt DBus i18n IDN DHCP DHCPv6 no-Lua TFTP conntrack ipset auth DNSSEC loop-detect inotify dumpfile
May 25 16:45:08 gtw01 dnsmasq[30928]: warning: no upstream servers configured
May 25 16:45:08 gtw01 dnsmasq-dhcp[30928]: DHCP, static leases only on 192.168.120.0, lease time 1h
May 25 16:45:08 gtw01 dnsmasq[30928]: read /var/lib/neutron/dhcp/9150dede-7815-4b2c-8008-981bcaa483bc/addn_hosts - 1 addresses
May 25 16:45:08 gtw01 dnsmasq-dhcp[30928]: read /var/lib/neutron/dhcp/9150dede-7815-4b2c-8008-981bcaa483bc/host
May 25 16:45:08 gtw01 dnsmasq-dhcp[30928]: read /var/lib/neutron/dhcp/9150dede-7815-4b2c-8008-981bcaa483bc/opts
May 25 16:45:08 gtw01 dnsmasq[30731]: read /var/lib/neutron/dhcp/076c066b-6add-446f-a81a-49d9109799d2/addn_hosts - 2 addresses
May 25 16:45:08 gtw01 dnsmasq-dhcp[30731]: read /var/lib/neutron/dhcp/076c066b-6add-446f-a81a-49d9109799d2/host
May 25 16:45:08 gtw01 dnsmasq-dhcp[30731]: read /var/lib/neutron/dhcp/076c066b-6add-446f-a81a-49d9109799d2/opts
May 25 16:45:08 gtw01 haproxy-metadata-proxy-9150dede-7815-4b2c-8008-981bcaa483bc[30946]: Proxy listener started.
May 25 16:45:09 gtw01 dnsmasq[30731]: read /var/lib/neutron/dhcp/076c066b-6add-446f-a81a-49d9109799d2/addn_hosts - 2 addresses
May 25 16:45:09 gtw01 dnsmasq-dhcp[30731]: read /var/lib/neutron/dhcp/076c066b-6add-446f-a81a-49d9109799d2/host
May 25 16:45:09 gtw01 dnsmasq-dhcp[30731]: read /var/lib/neutron/dhcp/076c066b-6add-446f-a81a-49d9109799d2/opts
May 25 16:45:09 gtw01 kernel: [ 5532.174089] device qg-38f231af-86 entered promiscuous mode
May 25 16:45:09 gtw01 systemd-udevd[30994]: Could not generate persistent MAC address for qg-38f231af-86: No such file or directory
May 25 16:45:10 gtw01 dnsmasq[30928]: read /var/lib/neutron/dhcp/9150dede-7815-4b2c-8008-981bcaa483bc/addn_hosts - 2 addresses
May 25 16:45:10 gtw01 dnsmasq-dhcp[30928]: read /var/lib/neutron/dhcp/9150dede-7815-4b2c-8008-981bcaa483bc/host
May 25 16:45:10 gtw01 dnsmasq-dhcp[30928]: read /var/lib/neutron/dhcp/9150dede-7815-4b2c-8008-981bcaa483bc/opts
May 25 16:45:10 gtw01 dnsmasq[30731]: read /var/lib/neutron/dhcp/076c066b-6add-446f-a81a-49d9109799d2/addn_hosts - 2 addresses
May 25 16:45:10 gtw01 dnsmasq-dhcp[30731]: read /var/lib/neutron/dhcp/076c066b-6add-446f-a81a-49d9109799d2/host
May 25 16:45:10 gtw01 dnsmasq-dhcp[30731]: read /var/lib/neutron/dhcp/076c066b-6add-446f-a81a-49d9109799d2/opts
May 25 16:45:11 gtw01 dnsmasq-dhcp[29442]: DHCPDISCOVER(tapd611c45e-a2) fa:16:3e:1e:f2:d4
May 25 16:45:11 gtw01 dnsmasq-dhcp[29442]: DHCPOFFER(tapd611c45e-a2) 192.168.120.5 fa:16:3e:1e:f2:d4
May 25 16:45:11 gtw01 dnsmasq-dhcp[29442]: DHCPREQUEST(tapd611c45e-a2) 192.168.120.5 fa:16:3e:1e:f2:d4
May 25 16:45:11 gtw01 dnsmasq-dhcp[29442]: DHCPACK(tapd611c45e-a2) 192.168.120.5 fa:16:3e:1e:f2:d4 host-192-168-120-5
May 25 16:45:11 gtw01 dnsmasq[30731]: read /var/lib/neutron/dhcp/076c066b-6add-446f-a81a-49d9109799d2/addn_hosts - 2 addresses
May 25 16:45:11 gtw01 dnsmasq-dhcp[30731]: read /var/lib/neutron/dhcp/076c066b-6add-446f-a81a-49d9109799d2/host
May 25 16:45:11 gtw01 dnsmasq-dhcp[30731]: read /var/lib/neutron/dhcp/076c066b-6add-446f-a81a-49d9109799d2/opts
May 25 16:45:11 gtw01 dnsmasq[30928]: read /var/lib/neutron/dhcp/9150dede-7815-4b2c-8008-981bcaa483bc/addn_hosts - 2 addresses
May 25 16:45:11 gtw01 dnsmasq-dhcp[30928]: read /var/lib/neutron/dhcp/9150dede-7815-4b2c-8008-981bcaa483bc/host
May 25 16:45:11 gtw01 dnsmasq-dhcp[30928]: read /var/lib/neutron/dhcp/9150dede-7815-4b2c-8008-981bcaa483bc/opts
May 25 16:45:12 gtw01 haproxy-metadata-proxy-984cb3be-69cf-4165-8292-229024bd875b[31276]: Proxy listener started.
May 25 16:45:12 gtw01 dnsmasq[16242]: read /var/lib/neutron/dhcp/ca8edbbf-c59c-449c-9890-4e53a478c062/addn_hosts - 2 addresses
May 25 16:45:12 gtw01 dnsmasq-dhcp[16242]: read /var/lib/neutron/dhcp/ca8edbbf-c59c-449c-9890-4e53a478c062/host
May 25 16:45:12 gtw01 dnsmasq-dhcp[16242]: read /var/lib/neutron/dhcp/ca8edbbf-c59c-449c-9890-4e53a478c062/opts
May 25 16:45:13 gtw01 dnsmasq[30928]: read /var/lib/neutron/dhcp/9150dede-7815-4b2c-8008-981bcaa483bc/addn_hosts - 2 addresses
May 25 16:45:13 gtw01 dnsmasq-dhcp[30928]: read /var/lib/neutron/dhcp/9150dede-7815-4b2c-8008-981bcaa483bc/host
May 25 16:45:13 gtw01 dnsmasq-dhcp[30928]: read /var/lib/neutron/dhcp/9150dede-7815-4b2c-8008-981bcaa483bc/opts
May 25 16:45:14 gtw01 dnsmasq[30928]: read /var/lib/neutron/dhcp/9150dede-7815-4b2c-8008-981bcaa483bc/addn_hosts - 2 addresses
May 25 16:45:14 gtw01 dnsmasq-dhcp[30928]: read /var/lib/neutron/dhcp/9150dede-7815-4b2c-8008-981bcaa483bc/host
May 25 16:45:14 gtw01 dnsmasq-dhcp[30928]: read /var/lib/neutron/dhcp/9150dede-7815-4b2c-8008-981bcaa483bc/opts
May 25 16:45:14 gtw01 dnsmasq[30731]: read /var/lib/neutron/dhcp/076c066b-6add-446f-a81a-49d9109799d2/addn_hosts - 3 addresses
May 25 16:45:14 gtw01 dnsmasq-dhcp[30731]: read /var/lib/neutron/dhcp/076c066b-6add-446f-a81a-49d9109799d2/host
May 25 16:45:14 gtw01 dnsmasq-dhcp[30731]: read /var/lib/neutron/dhcp/076c066b-6add-446f-a81a-49d9109799d2/opts
May 25 16:45:14 gtw01 dnsmasq[30928]: read /var/lib/neutron/dhcp/9150dede-7815-4b2c-8008-981bcaa483bc/addn_hosts - 2 addresses
May 25 16:45:14 gtw01 dnsmasq-dhcp[30928]: read /var/lib/neutron/dhcp/9150dede-7815-4b2c-8008-981bcaa483bc/host
May 25 16:45:14 gtw01 dnsmasq-dhcp[30928]: read /var/lib/neutron/dhcp/9150dede-7815-4b2c-8008-981bcaa483bc/opts
May 25 16:45:15 gtw01 dnsmasq[30731]: read /var/lib/neutron/dhcp/076c066b-6add-446f-a81a-49d9109799d2/addn_hosts - 3 addresses
May 25 16:45:15 gtw01 dnsmasq-dhcp[30731]: read /var/lib/neutron/dhcp/076c066b-6add-446f-a81a-49d9109799d2/host
May 25 16:45:15 gtw01 dnsmasq-dhcp[30731]: read /var/lib/neutron/dhcp/076c066b-6add-446f-a81a-49d9109799d2/opts
May 25 16:45:15 gtw01 kernel: [ 5537.785396] device qr-e72ff7f9-51 entered promiscuous mode
May 25 16:45:15 gtw01 systemd-udevd[31452]: Could not generate persistent MAC address for qr-e72ff7f9-51: No such file or directory
May 25 16:45:16 gtw01 dnsmasq[30731]: read /var/lib/neutron/dhcp/076c066b-6add-446f-a81a-49d9109799d2/addn_hosts - 3 addresses
May 25 16:45:16 gtw01 dnsmasq-dhcp[30731]: read /var/lib/neutron/dhcp/076c066b-6add-446f-a81a-49d9109799d2/host
May 25 16:45:16 gtw01 dnsmasq-dhcp[30731]: read /var/lib/neutron/dhcp/076c066b-6add-446f-a81a-49d9109799d2/opts
May 25 16:45:17 gtw01 dnsmasq[30731]: read /var/lib/neutron/dhcp/076c066b-6add-446f-a81a-49d9109799d2/addn_hosts - 3 addresses
May 25 16:45:17 gtw01 dnsmasq-dhcp[30731]: read /var/lib/neutron/dhcp/076c066b-6add-446f-a81a-49d9109799d2/host
May 25 16:45:17 gtw01 dnsmasq-dhcp[30731]: read /var/lib/neutron/dhcp/076c066b-6add-446f-a81a-49d9109799d2/opts
May 25 16:45:17 gtw01 haproxy-metadata-proxy-282676d9-e60d-4a5e-b4d0-3558c3e49d5a[31676]: Proxy listener started.
May 25 16:45:17 gtw01 dnsmasq[30731]: read /var/lib/neutron/dhcp/076c066b-6add-446f-a81a-49d9109799d2/addn_hosts - 3 addresses
May 25 16:45:17 gtw01 dnsmasq-dhcp[30731]: read /var/lib/neutron/dhcp/076c066b-6add-446f-a81a-49d9109799d2/host
May 25 16:45:17 gtw01 dnsmasq-dhcp[30731]: read /var/lib/neutron/dhcp/076c066b-6add-446f-a81a-49d9109799d2/opts
May 25 16:45:18 gtw01 dnsmasq[16242]: read /var/lib/neutron/dhcp/ca8edbbf-c59c-449c-9890-4e53a478c062/addn_hosts - 3 addresses
May 25 16:45:18 gtw01 dnsmasq-dhcp[16242]: read /var/lib/neutron/dhcp/ca8edbbf-c59c-449c-9890-4e53a478c062/host
May 25 16:45:18 gtw01 dnsmasq-dhcp[16242]: read /var/lib/neutron/dhcp/ca8edbbf-c59c-449c-9890-4e53a478c062/opts
May 25 16:45:19 gtw01 dnsmasq[30928]: read /var/lib/neutron/dhcp/9150dede-7815-4b2c-8008-981bcaa483bc/addn_hosts - 3 addresses
May 25 16:45:19 gtw01 dnsmasq-dhcp[30928]: read /var/lib/neutron/dhcp/9150dede-7815-4b2c-8008-981bcaa483bc/host
May 25 16:45:19 gtw01 dnsmasq-dhcp[30928]: read /var/lib/neutron/dhcp/9150dede-7815-4b2c-8008-981bcaa483bc/opts
May 25 16:45:19 gtw01 dnsmasq[16242]: read /var/lib/neutron/dhcp/ca8edbbf-c59c-449c-9890-4e53a478c062/addn_hosts - 3 addresses
May 25 16:45:19 gtw01 dnsmasq-dhcp[16242]: read /var/lib/neutron/dhcp/ca8edbbf-c59c-449c-9890-4e53a478c062/host
May 25 16:45:19 gtw01 dnsmasq-dhcp[16242]: read /var/lib/neutron/dhcp/ca8edbbf-c59c-449c-9890-4e53a478c062/opts
May 25 16:45:19 gtw01 kernel: [ 5542.389536] device qr-e5192327-ff entered promiscuous mode
May 25 16:45:19 gtw01 systemd-udevd[31844]: Could not generate persistent MAC address for qr-e5192327-ff: No such file or directory
May 25 16:45:20 gtw01 dnsmasq[30928]: read /var/lib/neutron/dhcp/9150dede-7815-4b2c-8008-981bcaa483bc/addn_hosts - 3 addresses
May 25 16:45:20 gtw01 dnsmasq-dhcp[30928]: read /var/lib/neutron/dhcp/9150dede-7815-4b2c-8008-981bcaa483bc/host
May 25 16:45:20 gtw01 dnsmasq-dhcp[30928]: read /var/lib/neutron/dhcp/9150dede-7815-4b2c-8008-981bcaa483bc/opts
May 25 16:45:20 gtw01 dnsmasq[16242]: read /var/lib/neutron/dhcp/ca8edbbf-c59c-449c-9890-4e53a478c062/addn_hosts - 3 addresses
May 25 16:45:20 gtw01 dnsmasq-dhcp[16242]: read /var/lib/neutron/dhcp/ca8edbbf-c59c-449c-9890-4e53a478c062/host
May 25 16:45:20 gtw01 dnsmasq-dhcp[16242]: read /var/lib/neutron/dhcp/ca8edbbf-c59c-449c-9890-4e53a478c062/opts
May 25 16:45:21 gtw01 dnsmasq[30928]: read /var/lib/neutron/dhcp/9150dede-7815-4b2c-8008-981bcaa483bc/addn_hosts - 3 addresses
May 25 16:45:21 gtw01 dnsmasq-dhcp[30928]: read /var/lib/neutron/dhcp/9150dede-7815-4b2c-8008-981bcaa483bc/host
May 25 16:45:21 gtw01 dnsmasq-dhcp[30928]: read /var/lib/neutron/dhcp/9150dede-7815-4b2c-8008-981bcaa483bc/opts
May 25 16:45:22 gtw01 dnsmasq[30928]: read /var/lib/neutron/dhcp/9150dede-7815-4b2c-8008-981bcaa483bc/addn_hosts - 3 addresses
May 25 16:45:22 gtw01 dnsmasq-dhcp[30928]: read /var/lib/neutron/dhcp/9150dede-7815-4b2c-8008-981bcaa483bc/host
May 25 16:45:22 gtw01 dnsmasq-dhcp[30928]: read /var/lib/neutron/dhcp/9150dede-7815-4b2c-8008-981bcaa483bc/opts
May 25 16:45:23 gtw01 dnsmasq[30928]: read /var/lib/neutron/dhcp/9150dede-7815-4b2c-8008-981bcaa483bc/addn_hosts - 3 addresses
May 25 16:45:23 gtw01 dnsmasq-dhcp[30928]: read /var/lib/neutron/dhcp/9150dede-7815-4b2c-8008-981bcaa483bc/host
May 25 16:45:23 gtw01 dnsmasq-dhcp[30928]: read /var/lib/neutron/dhcp/9150dede-7815-4b2c-8008-981bcaa483bc/opts
May 25 16:45:24 gtw01 dnsmasq-dhcp[29442]: DHCPRELEASE(tapd611c45e-a2) 192.168.120.5 fa:16:3e:1e:f2:d4
May 25 16:45:24 gtw01 dnsmasq-dhcp[29442]: DHCPRELEASE(tapd611c45e-a2) 192.168.120.5 fa:16:3e:1e:f2:d4 unknown lease
May 25 16:45:25 gtw01 dnsmasq[29442]: read /var/lib/neutron/dhcp/05c066a2-80fe-4529-a8e3-dd90bb95ccb0/addn_hosts - 2 addresses
May 25 16:45:25 gtw01 dnsmasq-dhcp[29442]: read /var/lib/neutron/dhcp/05c066a2-80fe-4529-a8e3-dd90bb95ccb0/host
May 25 16:45:25 gtw01 dnsmasq-dhcp[29442]: read /var/lib/neutron/dhcp/05c066a2-80fe-4529-a8e3-dd90bb95ccb0/opts
May 25 16:45:27 gtw01 dnsmasq[29442]: read /var/lib/neutron/dhcp/05c066a2-80fe-4529-a8e3-dd90bb95ccb0/addn_hosts - 1 addresses
May 25 16:45:27 gtw01 dnsmasq-dhcp[29442]: read /var/lib/neutron/dhcp/05c066a2-80fe-4529-a8e3-dd90bb95ccb0/host
May 25 16:45:27 gtw01 dnsmasq-dhcp[29442]: read /var/lib/neutron/dhcp/05c066a2-80fe-4529-a8e3-dd90bb95ccb0/opts
May 25 16:45:28 gtw01 haproxy-metadata-proxy-05c066a2-80fe-4529-a8e3-dd90bb95ccb0[32309]: Proxy listener started.
May 25 16:45:29 gtw01 dnsmasq-dhcp[30731]: DHCPDISCOVER(tap0284c42b-10) fa:16:3e:01:57:1a
May 25 16:45:29 gtw01 dnsmasq-dhcp[30731]: DHCPOFFER(tap0284c42b-10) 192.168.120.10 fa:16:3e:01:57:1a
May 25 16:45:29 gtw01 dnsmasq-dhcp[30731]: DHCPREQUEST(tap0284c42b-10) 192.168.120.10 fa:16:3e:01:57:1a
May 25 16:45:29 gtw01 dnsmasq-dhcp[30731]: DHCPACK(tap0284c42b-10) 192.168.120.10 fa:16:3e:01:57:1a host-192-168-120-10
May 25 16:45:30 gtw01 kernel: [ 5552.439301] device qr-ffdad6b0-25 left promiscuous mode
May 25 16:45:32 gtw01 dnsmasq[30731]: read /var/lib/neutron/dhcp/076c066b-6add-446f-a81a-49d9109799d2/addn_hosts - 4 addresses
May 25 16:45:32 gtw01 dnsmasq-dhcp[30731]: read /var/lib/neutron/dhcp/076c066b-6add-446f-a81a-49d9109799d2/host
May 25 16:45:32 gtw01 dnsmasq-dhcp[30731]: read /var/lib/neutron/dhcp/076c066b-6add-446f-a81a-49d9109799d2/opts
May 25 16:45:32 gtw01 kernel: [ 5555.373472] device qg-5dbb05ea-e3 left promiscuous mode
May 25 16:45:33 gtw01 kernel: [ 5555.691482] device tapd611c45e-a2 left promiscuous mode
May 25 16:45:33 gtw01 dnsmasq[30731]: read /var/lib/neutron/dhcp/076c066b-6add-446f-a81a-49d9109799d2/addn_hosts - 4 addresses
May 25 16:45:33 gtw01 dnsmasq-dhcp[30731]: read /var/lib/neutron/dhcp/076c066b-6add-446f-a81a-49d9109799d2/host
May 25 16:45:33 gtw01 dnsmasq-dhcp[30731]: read /var/lib/neutron/dhcp/076c066b-6add-446f-a81a-49d9109799d2/opts
May 25 16:45:34 gtw01 dnsmasq-dhcp[30928]: DHCPDISCOVER(tapeb59be56-58) fa:16:3e:e4:98:77
May 25 16:45:34 gtw01 dnsmasq-dhcp[30928]: DHCPOFFER(tapeb59be56-58) 192.168.120.3 fa:16:3e:e4:98:77
May 25 16:45:34 gtw01 dnsmasq-dhcp[30928]: DHCPREQUEST(tapeb59be56-58) 192.168.120.3 fa:16:3e:e4:98:77
May 25 16:45:34 gtw01 dnsmasq-dhcp[30928]: DHCPACK(tapeb59be56-58) 192.168.120.3 fa:16:3e:e4:98:77 host-192-168-120-3
May 25 16:45:34 gtw01 dnsmasq[30731]: read /var/lib/neutron/dhcp/076c066b-6add-446f-a81a-49d9109799d2/addn_hosts - 4 addresses
May 25 16:45:34 gtw01 dnsmasq-dhcp[30731]: read /var/lib/neutron/dhcp/076c066b-6add-446f-a81a-49d9109799d2/host
May 25 16:45:34 gtw01 dnsmasq-dhcp[30731]: read /var/lib/neutron/dhcp/076c066b-6add-446f-a81a-49d9109799d2/opts
May 25 16:45:38 gtw01 dnsmasq[30731]: read /var/lib/neutron/dhcp/076c066b-6add-446f-a81a-49d9109799d2/addn_hosts - 3 addresses
May 25 16:45:38 gtw01 dnsmasq-dhcp[30731]: read /var/lib/neutron/dhcp/076c066b-6add-446f-a81a-49d9109799d2/host
May 25 16:45:38 gtw01 dnsmasq-dhcp[30731]: read /var/lib/neutron/dhcp/076c066b-6add-446f-a81a-49d9109799d2/opts
May 25 16:45:38 gtw01 dnsmasq[16242]: read /var/lib/neutron/dhcp/ca8edbbf-c59c-449c-9890-4e53a478c062/addn_hosts - 2 addresses
May 25 16:45:38 gtw01 dnsmasq-dhcp[16242]: read /var/lib/neutron/dhcp/ca8edbbf-c59c-449c-9890-4e53a478c062/host
May 25 16:45:38 gtw01 dnsmasq-dhcp[16242]: read /var/lib/neutron/dhcp/ca8edbbf-c59c-449c-9890-4e53a478c062/opts
May 25 16:45:40 gtw01 dnsmasq-dhcp[30928]: DHCPRELEASE(tapeb59be56-58) 192.168.120.3 fa:16:3e:e4:98:77
May 25 16:45:40 gtw01 dnsmasq-dhcp[30928]: DHCPRELEASE(tapeb59be56-58) 192.168.120.3 fa:16:3e:e4:98:77 unknown lease
May 25 16:45:41 gtw01 dnsmasq-dhcp[30731]: DHCPRELEASE(tap0284c42b-10) 192.168.120.10 fa:16:3e:01:57:1a
May 25 16:45:41 gtw01 dnsmasq[30928]: read /var/lib/neutron/dhcp/9150dede-7815-4b2c-8008-981bcaa483bc/addn_hosts - 2 addresses
May 25 16:45:41 gtw01 dnsmasq-dhcp[30928]: read /var/lib/neutron/dhcp/9150dede-7815-4b2c-8008-981bcaa483bc/host
May 25 16:45:41 gtw01 dnsmasq-dhcp[30928]: read /var/lib/neutron/dhcp/9150dede-7815-4b2c-8008-981bcaa483bc/opts
May 25 16:45:41 gtw01 kernel: [ 5563.661463] device vxlan_sys_4789 left promiscuous mode
May 25 16:45:41 gtw01 dnsmasq-dhcp[30731]: DHCPRELEASE(tap0284c42b-10) 192.168.120.10 fa:16:3e:01:57:1a unknown lease
May 25 16:45:42 gtw01 dnsmasq[30731]: read /var/lib/neutron/dhcp/076c066b-6add-446f-a81a-49d9109799d2/addn_hosts - 2 addresses
May 25 16:45:42 gtw01 dnsmasq-dhcp[30731]: read /var/lib/neutron/dhcp/076c066b-6add-446f-a81a-49d9109799d2/host
May 25 16:45:42 gtw01 dnsmasq-dhcp[30731]: read /var/lib/neutron/dhcp/076c066b-6add-446f-a81a-49d9109799d2/opts
May 25 16:45:45 gtw01 dnsmasq[30928]: read /var/lib/neutron/dhcp/9150dede-7815-4b2c-8008-981bcaa483bc/addn_hosts - 1 addresses
May 25 16:45:45 gtw01 dnsmasq-dhcp[30928]: read /var/lib/neutron/dhcp/9150dede-7815-4b2c-8008-981bcaa483bc/host
May 25 16:45:45 gtw01 dnsmasq-dhcp[30928]: read /var/lib/neutron/dhcp/9150dede-7815-4b2c-8008-981bcaa483bc/opts
May 25 16:45:46 gtw01 haproxy-metadata-proxy-9150dede-7815-4b2c-8008-981bcaa483bc[336]: Proxy listener started.
May 25 16:45:47 gtw01 kernel: [ 5570.083350] device qr-e5192327-ff left promiscuous mode
May 25 16:45:48 gtw01 kernel: [ 5571.204686] device qg-18b2c563-1b entered promiscuous mode
May 25 16:45:48 gtw01 systemd-udevd[416]: Could not generate persistent MAC address for qg-18b2c563-1b: No such file or directory
May 25 16:45:49 gtw01 dnsmasq[16242]: read /var/lib/neutron/dhcp/ca8edbbf-c59c-449c-9890-4e53a478c062/addn_hosts - 3 addresses
May 25 16:45:49 gtw01 dnsmasq-dhcp[16242]: read /var/lib/neutron/dhcp/ca8edbbf-c59c-449c-9890-4e53a478c062/host
May 25 16:45:49 gtw01 dnsmasq-dhcp[16242]: read /var/lib/neutron/dhcp/ca8edbbf-c59c-449c-9890-4e53a478c062/opts
May 25 16:45:50 gtw01 dnsmasq[16242]: read /var/lib/neutron/dhcp/ca8edbbf-c59c-449c-9890-4e53a478c062/addn_hosts - 3 addresses
May 25 16:45:50 gtw01 dnsmasq-dhcp[16242]: read /var/lib/neutron/dhcp/ca8edbbf-c59c-449c-9890-4e53a478c062/host
May 25 16:45:50 gtw01 dnsmasq-dhcp[16242]: read /var/lib/neutron/dhcp/ca8edbbf-c59c-449c-9890-4e53a478c062/opts
May 25 16:45:50 gtw01 kernel: [ 5572.950835] device qg-38f231af-86 left promiscuous mode
May 25 16:45:51 gtw01 kernel: [ 5573.581383] device tapeb59be56-58 left promiscuous mode
May 25 16:45:51 gtw01 dnsmasq[16242]: read /var/lib/neutron/dhcp/ca8edbbf-c59c-449c-9890-4e53a478c062/addn_hosts - 3 addresses
May 25 16:45:51 gtw01 dnsmasq-dhcp[16242]: read /var/lib/neutron/dhcp/ca8edbbf-c59c-449c-9890-4e53a478c062/host
May 25 16:45:51 gtw01 dnsmasq-dhcp[16242]: read /var/lib/neutron/dhcp/ca8edbbf-c59c-449c-9890-4e53a478c062/opts
May 25 16:45:53 gtw01 dnsmasq[30731]: read /var/lib/neutron/dhcp/076c066b-6add-446f-a81a-49d9109799d2/addn_hosts - 3 addresses
May 25 16:45:53 gtw01 dnsmasq-dhcp[30731]: read /var/lib/neutron/dhcp/076c066b-6add-446f-a81a-49d9109799d2/host
May 25 16:45:53 gtw01 dnsmasq-dhcp[30731]: read /var/lib/neutron/dhcp/076c066b-6add-446f-a81a-49d9109799d2/opts
May 25 16:45:53 gtw01 systemd-udevd[741]: Could not generate persistent MAC address for vxlan_sys_4789: No such file or directory
May 25 16:45:53 gtw01 kernel: [ 5576.006412] device vxlan_sys_4789 entered promiscuous mode
May 25 16:45:54 gtw01 haproxy-metadata-proxy-42abfc78-d831-41ea-ab1a-5b840f2feb2d[865]: Proxy listener started.
May 25 16:45:54 gtw01 dnsmasq[30731]: read /var/lib/neutron/dhcp/076c066b-6add-446f-a81a-49d9109799d2/addn_hosts - 3 addresses
May 25 16:45:54 gtw01 dnsmasq-dhcp[30731]: read /var/lib/neutron/dhcp/076c066b-6add-446f-a81a-49d9109799d2/host
May 25 16:45:54 gtw01 dnsmasq-dhcp[30731]: read /var/lib/neutron/dhcp/076c066b-6add-446f-a81a-49d9109799d2/opts
May 25 16:45:55 gtw01 dnsmasq[30731]: read /var/lib/neutron/dhcp/076c066b-6add-446f-a81a-49d9109799d2/addn_hosts - 3 addresses
May 25 16:45:55 gtw01 dnsmasq-dhcp[30731]: read /var/lib/neutron/dhcp/076c066b-6add-446f-a81a-49d9109799d2/host
May 25 16:45:55 gtw01 dnsmasq-dhcp[30731]: read /var/lib/neutron/dhcp/076c066b-6add-446f-a81a-49d9109799d2/opts
May 25 16:45:58 gtw01 systemd-udevd[906]: Could not generate persistent MAC address for qr-e99d4d07-cd: No such file or directory
May 25 16:45:58 gtw01 kernel: [ 5580.589493] device qr-e99d4d07-cd entered promiscuous mode
May 25 16:45:58 gtw01 kernel: [ 5580.724172] device vxlan_sys_4789 left promiscuous mode
May 25 16:45:58 gtw01 dnsmasq[16242]: read /var/lib/neutron/dhcp/ca8edbbf-c59c-449c-9890-4e53a478c062/addn_hosts - 2 addresses
May 25 16:45:58 gtw01 dnsmasq-dhcp[16242]: read /var/lib/neutron/dhcp/ca8edbbf-c59c-449c-9890-4e53a478c062/host
May 25 16:45:58 gtw01 dnsmasq-dhcp[16242]: read /var/lib/neutron/dhcp/ca8edbbf-c59c-449c-9890-4e53a478c062/opts
May 25 16:45:59 gtw01 systemd-udevd[1039]: Could not generate persistent MAC address for tap760d349b-e4: No such file or directory
May 25 16:45:59 gtw01 kernel: [ 5581.554830] device tap760d349b-e4 entered promiscuous mode
May 25 16:45:59 gtw01 systemd-udevd[1039]: Process '/sbin/ip link set tap760d349b-e4 txqueuelen 10000' failed with exit code 1.
May 25 16:45:59 gtw01 systemd-udevd[1122]: Process '/sbin/ip link set tap760d349b-e4 txqueuelen 10000' failed with exit code 1.
May 25 16:46:00 gtw01 kernel: [ 5583.092043] device vxlan_sys_4789 entered promiscuous mode
May 25 16:46:00 gtw01 systemd-udevd[1200]: Could not generate persistent MAC address for vxlan_sys_4789: No such file or directory
May 25 16:46:02 gtw01 dnsmasq[1345]: started, version 2.80 cachesize 150
May 25 16:46:02 gtw01 dnsmasq[1345]: DNS service limited to local subnets
May 25 16:46:02 gtw01 dnsmasq[1345]: compile time options: IPv6 GNU-getopt DBus i18n IDN DHCP DHCPv6 no-Lua TFTP conntrack ipset auth DNSSEC loop-detect inotify dumpfile
May 25 16:46:02 gtw01 dnsmasq[1345]: warning: no upstream servers configured
May 25 16:46:02 gtw01 dnsmasq-dhcp[1345]: DHCP, static leases only on 192.168.120.0, lease time 1h
May 25 16:46:02 gtw01 dnsmasq[1345]: read /var/lib/neutron/dhcp/8457a8ba-b96e-4c32-8253-4123ba526873/addn_hosts - 1 addresses
May 25 16:46:02 gtw01 dnsmasq-dhcp[1345]: read /var/lib/neutron/dhcp/8457a8ba-b96e-4c32-8253-4123ba526873/host
May 25 16:46:02 gtw01 dnsmasq-dhcp[1345]: read /var/lib/neutron/dhcp/8457a8ba-b96e-4c32-8253-4123ba526873/opts
May 25 16:46:02 gtw01 haproxy-metadata-proxy-8457a8ba-b96e-4c32-8253-4123ba526873[1353]: Proxy listener started.
May 25 16:46:03 gtw01 dnsmasq[1345]: read /var/lib/neutron/dhcp/8457a8ba-b96e-4c32-8253-4123ba526873/addn_hosts - 2 addresses
May 25 16:46:03 gtw01 dnsmasq-dhcp[1345]: read /var/lib/neutron/dhcp/8457a8ba-b96e-4c32-8253-4123ba526873/host
May 25 16:46:03 gtw01 dnsmasq-dhcp[1345]: read /var/lib/neutron/dhcp/8457a8ba-b96e-4c32-8253-4123ba526873/opts
May 25 16:46:04 gtw01 systemd-udevd[1433]: Could not generate persistent MAC address for qr-19cd3976-ad: No such file or directory
May 25 16:46:04 gtw01 kernel: [ 5586.794331] device qr-19cd3976-ad entered promiscuous mode
May 25 16:46:04 gtw01 dnsmasq[1345]: read /var/lib/neutron/dhcp/8457a8ba-b96e-4c32-8253-4123ba526873/addn_hosts - 2 addresses
May 25 16:46:04 gtw01 dnsmasq-dhcp[1345]: read /var/lib/neutron/dhcp/8457a8ba-b96e-4c32-8253-4123ba526873/host
May 25 16:46:04 gtw01 dnsmasq-dhcp[1345]: read /var/lib/neutron/dhcp/8457a8ba-b96e-4c32-8253-4123ba526873/opts
May 25 16:46:05 gtw01 dnsmasq[16242]: read /var/lib/neutron/dhcp/ca8edbbf-c59c-449c-9890-4e53a478c062/addn_hosts - 3 addresses
May 25 16:46:05 gtw01 dnsmasq-dhcp[16242]: read /var/lib/neutron/dhcp/ca8edbbf-c59c-449c-9890-4e53a478c062/host
May 25 16:46:05 gtw01 dnsmasq-dhcp[16242]: read /var/lib/neutron/dhcp/ca8edbbf-c59c-449c-9890-4e53a478c062/opts
May 25 16:46:05 gtw01 systemd-udevd[1576]: Could not generate persistent MAC address for qg-e1d3bcb9-9c: No such file or directory
May 25 16:46:05 gtw01 kernel: [ 5587.974194] device qg-e1d3bcb9-9c entered promiscuous mode
May 25 16:46:05 gtw01 dnsmasq[1345]: read /var/lib/neutron/dhcp/8457a8ba-b96e-4c32-8253-4123ba526873/addn_hosts - 2 addresses
May 25 16:46:05 gtw01 dnsmasq-dhcp[1345]: read /var/lib/neutron/dhcp/8457a8ba-b96e-4c32-8253-4123ba526873/host
May 25 16:46:05 gtw01 dnsmasq-dhcp[1345]: read /var/lib/neutron/dhcp/8457a8ba-b96e-4c32-8253-4123ba526873/opts
May 25 16:46:06 gtw01 dnsmasq[1345]: read /var/lib/neutron/dhcp/8457a8ba-b96e-4c32-8253-4123ba526873/addn_hosts - 2 addresses
May 25 16:46:06 gtw01 dnsmasq-dhcp[1345]: read /var/lib/neutron/dhcp/8457a8ba-b96e-4c32-8253-4123ba526873/host
May 25 16:46:06 gtw01 dnsmasq-dhcp[1345]: read /var/lib/neutron/dhcp/8457a8ba-b96e-4c32-8253-4123ba526873/opts
May 25 16:46:06 gtw01 dnsmasq[16242]: read /var/lib/neutron/dhcp/ca8edbbf-c59c-449c-9890-4e53a478c062/addn_hosts - 3 addresses
May 25 16:46:06 gtw01 dnsmasq-dhcp[16242]: read /var/lib/neutron/dhcp/ca8edbbf-c59c-449c-9890-4e53a478c062/host
May 25 16:46:06 gtw01 dnsmasq-dhcp[16242]: read /var/lib/neutron/dhcp/ca8edbbf-c59c-449c-9890-4e53a478c062/opts
May 25 16:46:07 gtw01 dnsmasq[1345]: read /var/lib/neutron/dhcp/8457a8ba-b96e-4c32-8253-4123ba526873/addn_hosts - 2 addresses
May 25 16:46:07 gtw01 dnsmasq-dhcp[1345]: read /var/lib/neutron/dhcp/8457a8ba-b96e-4c32-8253-4123ba526873/host
May 25 16:46:07 gtw01 dnsmasq-dhcp[1345]: read /var/lib/neutron/dhcp/8457a8ba-b96e-4c32-8253-4123ba526873/opts
May 25 16:46:07 gtw01 dnsmasq[16242]: read /var/lib/neutron/dhcp/ca8edbbf-c59c-449c-9890-4e53a478c062/addn_hosts - 3 addresses
May 25 16:46:07 gtw01 dnsmasq-dhcp[16242]: read /var/lib/neutron/dhcp/ca8edbbf-c59c-449c-9890-4e53a478c062/host
May 25 16:46:07 gtw01 dnsmasq-dhcp[16242]: read /var/lib/neutron/dhcp/ca8edbbf-c59c-449c-9890-4e53a478c062/opts
May 25 16:46:10 gtw01 dnsmasq[1345]: read /var/lib/neutron/dhcp/8457a8ba-b96e-4c32-8253-4123ba526873/addn_hosts - 3 addresses
May 25 16:46:10 gtw01 dnsmasq-dhcp[1345]: read /var/lib/neutron/dhcp/8457a8ba-b96e-4c32-8253-4123ba526873/host
May 25 16:46:10 gtw01 dnsmasq-dhcp[1345]: read /var/lib/neutron/dhcp/8457a8ba-b96e-4c32-8253-4123ba526873/opts
May 25 16:46:11 gtw01 dnsmasq-dhcp[30731]: DHCPDISCOVER(tap0284c42b-10) fa:16:3e:52:8f:60
May 25 16:46:11 gtw01 dnsmasq-dhcp[30731]: DHCPOFFER(tap0284c42b-10) 192.168.120.9 fa:16:3e:52:8f:60
May 25 16:46:11 gtw01 dnsmasq-dhcp[30731]: DHCPREQUEST(tap0284c42b-10) 192.168.120.9 fa:16:3e:52:8f:60
May 25 16:46:11 gtw01 dnsmasq-dhcp[30731]: DHCPACK(tap0284c42b-10) 192.168.120.9 fa:16:3e:52:8f:60 host-192-168-120-9
May 25 16:46:11 gtw01 dnsmasq[1345]: read /var/lib/neutron/dhcp/8457a8ba-b96e-4c32-8253-4123ba526873/addn_hosts - 3 addresses
May 25 16:46:11 gtw01 dnsmasq-dhcp[1345]: read /var/lib/neutron/dhcp/8457a8ba-b96e-4c32-8253-4123ba526873/host
May 25 16:46:11 gtw01 dnsmasq-dhcp[1345]: read /var/lib/neutron/dhcp/8457a8ba-b96e-4c32-8253-4123ba526873/opts
May 25 16:46:12 gtw01 haproxy-metadata-proxy-7a0a0e9e-7dfa-4d0c-82d8-03eb8425bb15[1995]: Proxy listener started.
May 25 16:46:12 gtw01 dnsmasq[1345]: read /var/lib/neutron/dhcp/8457a8ba-b96e-4c32-8253-4123ba526873/addn_hosts - 3 addresses
May 25 16:46:12 gtw01 dnsmasq-dhcp[1345]: read /var/lib/neutron/dhcp/8457a8ba-b96e-4c32-8253-4123ba526873/host
