May 25 17:27:17 gtw01 dnsmasq-dhcp[22639]: read /var/lib/neutron/dhcp/f6f840e7-60c9-4e31-810b-74fbd0069aa6/opts
May 25 17:27:17 gtw01 dnsmasq[23128]: read /var/lib/neutron/dhcp/ed2c2535-e397-47bc-a7a3-3695eda4fddd/addn_hosts - 2 addresses
May 25 17:27:17 gtw01 dnsmasq-dhcp[23128]: read /var/lib/neutron/dhcp/ed2c2535-e397-47bc-a7a3-3695eda4fddd/host
May 25 17:27:17 gtw01 dnsmasq-dhcp[23128]: read /var/lib/neutron/dhcp/ed2c2535-e397-47bc-a7a3-3695eda4fddd/opts
May 25 17:27:18 gtw01 dnsmasq[22639]: read /var/lib/neutron/dhcp/f6f840e7-60c9-4e31-810b-74fbd0069aa6/addn_hosts - 3 addresses
May 25 17:27:18 gtw01 dnsmasq-dhcp[22639]: read /var/lib/neutron/dhcp/f6f840e7-60c9-4e31-810b-74fbd0069aa6/host
May 25 17:27:18 gtw01 dnsmasq-dhcp[22639]: read /var/lib/neutron/dhcp/f6f840e7-60c9-4e31-810b-74fbd0069aa6/opts
May 25 17:27:18 gtw01 dnsmasq[23128]: read /var/lib/neutron/dhcp/ed2c2535-e397-47bc-a7a3-3695eda4fddd/addn_hosts - 2 addresses
May 25 17:27:18 gtw01 dnsmasq-dhcp[23128]: read /var/lib/neutron/dhcp/ed2c2535-e397-47bc-a7a3-3695eda4fddd/host
May 25 17:27:18 gtw01 dnsmasq-dhcp[23128]: read /var/lib/neutron/dhcp/ed2c2535-e397-47bc-a7a3-3695eda4fddd/opts
May 25 17:27:22 gtw01 kernel: [ 8064.598018] device vxlan_sys_4789 entered promiscuous mode
May 25 17:27:22 gtw01 systemd-udevd[23920]: Could not generate persistent MAC address for vxlan_sys_4789: No such file or directory
May 25 17:27:29 gtw01 dnsmasq[22639]: read /var/lib/neutron/dhcp/f6f840e7-60c9-4e31-810b-74fbd0069aa6/addn_hosts - 4 addresses
May 25 17:27:29 gtw01 dnsmasq-dhcp[22639]: read /var/lib/neutron/dhcp/f6f840e7-60c9-4e31-810b-74fbd0069aa6/host
May 25 17:27:29 gtw01 dnsmasq-dhcp[22639]: read /var/lib/neutron/dhcp/f6f840e7-60c9-4e31-810b-74fbd0069aa6/opts
May 25 17:27:29 gtw01 dnsmasq[22639]: read /var/lib/neutron/dhcp/f6f840e7-60c9-4e31-810b-74fbd0069aa6/addn_hosts - 4 addresses
May 25 17:27:29 gtw01 dnsmasq-dhcp[22639]: read /var/lib/neutron/dhcp/f6f840e7-60c9-4e31-810b-74fbd0069aa6/host
May 25 17:27:29 gtw01 dnsmasq-dhcp[22639]: read /var/lib/neutron/dhcp/f6f840e7-60c9-4e31-810b-74fbd0069aa6/opts
May 25 17:27:30 gtw01 dnsmasq[22639]: read /var/lib/neutron/dhcp/f6f840e7-60c9-4e31-810b-74fbd0069aa6/addn_hosts - 4 addresses
May 25 17:27:30 gtw01 dnsmasq-dhcp[22639]: read /var/lib/neutron/dhcp/f6f840e7-60c9-4e31-810b-74fbd0069aa6/host
May 25 17:27:30 gtw01 dnsmasq-dhcp[22639]: read /var/lib/neutron/dhcp/f6f840e7-60c9-4e31-810b-74fbd0069aa6/opts
May 25 17:27:32 gtw01 dnsmasq-dhcp[22639]: DHCPDISCOVER(tapd38a25f9-13) fa:16:3e:d3:9f:c6
May 25 17:27:32 gtw01 dnsmasq-dhcp[22639]: DHCPOFFER(tapd38a25f9-13) 192.168.120.7 fa:16:3e:d3:9f:c6
May 25 17:27:32 gtw01 dnsmasq-dhcp[22639]: DHCPREQUEST(tapd38a25f9-13) 192.168.120.7 fa:16:3e:d3:9f:c6
May 25 17:27:32 gtw01 dnsmasq-dhcp[22639]: DHCPACK(tapd38a25f9-13) 192.168.120.7 fa:16:3e:d3:9f:c6 host-192-168-120-7
May 25 17:27:50 gtw01 dnsmasq[22639]: read /var/lib/neutron/dhcp/f6f840e7-60c9-4e31-810b-74fbd0069aa6/addn_hosts - 3 addresses
May 25 17:27:50 gtw01 dnsmasq-dhcp[22639]: read /var/lib/neutron/dhcp/f6f840e7-60c9-4e31-810b-74fbd0069aa6/host
May 25 17:27:50 gtw01 dnsmasq-dhcp[22639]: read /var/lib/neutron/dhcp/f6f840e7-60c9-4e31-810b-74fbd0069aa6/opts
May 25 17:27:57 gtw01 kernel: [ 8099.969078] device vxlan_sys_4789 left promiscuous mode
May 25 17:27:57 gtw01 dnsmasq-dhcp[22639]: DHCPRELEASE(tapd38a25f9-13) 192.168.120.7 fa:16:3e:d3:9f:c6
May 25 17:27:57 gtw01 dnsmasq-dhcp[22639]: DHCPRELEASE(tapd38a25f9-13) 192.168.120.7 fa:16:3e:d3:9f:c6 unknown lease
May 25 17:27:58 gtw01 dnsmasq[22639]: read /var/lib/neutron/dhcp/f6f840e7-60c9-4e31-810b-74fbd0069aa6/addn_hosts - 2 addresses
May 25 17:27:58 gtw01 dnsmasq-dhcp[22639]: read /var/lib/neutron/dhcp/f6f840e7-60c9-4e31-810b-74fbd0069aa6/host
May 25 17:27:58 gtw01 dnsmasq-dhcp[22639]: read /var/lib/neutron/dhcp/f6f840e7-60c9-4e31-810b-74fbd0069aa6/opts
May 25 17:28:03 gtw01 dnsmasq[23128]: read /var/lib/neutron/dhcp/ed2c2535-e397-47bc-a7a3-3695eda4fddd/addn_hosts - 1 addresses
May 25 17:28:03 gtw01 dnsmasq-dhcp[23128]: read /var/lib/neutron/dhcp/ed2c2535-e397-47bc-a7a3-3695eda4fddd/host
May 25 17:28:03 gtw01 dnsmasq-dhcp[23128]: read /var/lib/neutron/dhcp/ed2c2535-e397-47bc-a7a3-3695eda4fddd/opts
May 25 17:28:04 gtw01 haproxy-metadata-proxy-ed2c2535-e397-47bc-a7a3-3695eda4fddd[24136]: Proxy listener started.
May 25 17:28:04 gtw01 kernel: [ 8107.338441] device qr-ae9a2ed4-d7 left promiscuous mode
May 25 17:28:05 gtw01 kernel: [ 8108.092325] device qg-bf4be52e-59 left promiscuous mode
May 25 17:28:07 gtw01 kernel: [ 8110.001646] device tapa1dcfe7f-7c left promiscuous mode
May 25 17:28:10 gtw01 dnsmasq[22639]: read /var/lib/neutron/dhcp/f6f840e7-60c9-4e31-810b-74fbd0069aa6/addn_hosts - 1 addresses
May 25 17:28:10 gtw01 dnsmasq-dhcp[22639]: read /var/lib/neutron/dhcp/f6f840e7-60c9-4e31-810b-74fbd0069aa6/host
May 25 17:28:10 gtw01 dnsmasq-dhcp[22639]: read /var/lib/neutron/dhcp/f6f840e7-60c9-4e31-810b-74fbd0069aa6/opts
May 25 17:28:11 gtw01 haproxy-metadata-proxy-f6f840e7-60c9-4e31-810b-74fbd0069aa6[24281]: Proxy listener started.
May 25 17:28:12 gtw01 kernel: [ 8114.692868] device qr-2d303a96-1f left promiscuous mode
May 25 17:28:14 gtw01 kernel: [ 8117.281243] device tapd38a25f9-13 left promiscuous mode
May 25 17:28:15 gtw01 kernel: [ 8117.626950] device qg-95bf5fcb-8c left promiscuous mode
May 25 17:28:31 gtw01 dnsmasq[10804]: read /var/lib/neutron/dhcp/c8ab784a-5322-48ea-9c95-d135294f7ccd/addn_hosts - 1 addresses
May 25 17:28:31 gtw01 dnsmasq-dhcp[10804]: read /var/lib/neutron/dhcp/c8ab784a-5322-48ea-9c95-d135294f7ccd/host
May 25 17:28:31 gtw01 dnsmasq-dhcp[10804]: read /var/lib/neutron/dhcp/c8ab784a-5322-48ea-9c95-d135294f7ccd/opts
May 25 17:28:31 gtw01 haproxy-metadata-proxy-c8ab784a-5322-48ea-9c95-d135294f7ccd[24429]: Proxy listener started.
May 25 17:28:32 gtw01 kernel: [ 8135.181405] device qr-866dd6e0-ec left promiscuous mode
May 25 17:28:35 gtw01 kernel: [ 8138.292083] device qg-d54ca308-20 left promiscuous mode
May 25 17:28:35 gtw01 kernel: [ 8138.471176] device tap44137283-42 left promiscuous mode
May 25 17:28:45 gtw01 systemd-udevd[24577]: Could not generate persistent MAC address for tap76de404e-53: No such file or directory
May 25 17:28:45 gtw01 kernel: [ 8148.190495] device tap76de404e-53 entered promiscuous mode
May 25 17:28:45 gtw01 systemd-udevd[24577]: Process '/sbin/ip link set tap76de404e-53 txqueuelen 10000' failed with exit code 1.
May 25 17:28:45 gtw01 systemd-udevd[24651]: Process '/sbin/ip link set tap76de404e-53 txqueuelen 10000' failed with exit code 1.
May 25 17:28:49 gtw01 dnsmasq[24751]: started, version 2.80 cachesize 150
May 25 17:28:49 gtw01 dnsmasq[24751]: DNS service limited to local subnets
May 25 17:28:49 gtw01 dnsmasq[24751]: compile time options: IPv6 GNU-getopt DBus i18n IDN DHCP DHCPv6 no-Lua TFTP conntrack ipset auth DNSSEC loop-detect inotify dumpfile
May 25 17:28:49 gtw01 dnsmasq[24751]: warning: no upstream servers configured
May 25 17:28:49 gtw01 dnsmasq-dhcp[24751]: DHCP, static leases only on 192.168.120.0, lease time 1h
May 25 17:28:49 gtw01 dnsmasq[24751]: read /var/lib/neutron/dhcp/98d6daa7-22ad-4f53-821c-534d7f260ef5/addn_hosts - 1 addresses
May 25 17:28:49 gtw01 dnsmasq-dhcp[24751]: read /var/lib/neutron/dhcp/98d6daa7-22ad-4f53-821c-534d7f260ef5/host
May 25 17:28:49 gtw01 dnsmasq-dhcp[24751]: read /var/lib/neutron/dhcp/98d6daa7-22ad-4f53-821c-534d7f260ef5/opts
May 25 17:28:49 gtw01 systemd-udevd[24760]: Could not generate persistent MAC address for qr-b9c150b2-96: No such file or directory
May 25 17:28:49 gtw01 kernel: [ 8151.710604] device qr-b9c150b2-96 entered promiscuous mode
May 25 17:28:49 gtw01 haproxy-metadata-proxy-98d6daa7-22ad-4f53-821c-534d7f260ef5[24821]: Proxy listener started.
May 25 17:28:50 gtw01 dnsmasq[24751]: read /var/lib/neutron/dhcp/98d6daa7-22ad-4f53-821c-534d7f260ef5/addn_hosts - 2 addresses
May 25 17:28:50 gtw01 dnsmasq-dhcp[24751]: read /var/lib/neutron/dhcp/98d6daa7-22ad-4f53-821c-534d7f260ef5/host
May 25 17:28:50 gtw01 dnsmasq-dhcp[24751]: read /var/lib/neutron/dhcp/98d6daa7-22ad-4f53-821c-534d7f260ef5/opts
May 25 17:28:50 gtw01 systemd-udevd[24875]: Could not generate persistent MAC address for qg-a1e9ff1e-a0: No such file or directory
May 25 17:28:50 gtw01 kernel: [ 8152.911005] device qg-a1e9ff1e-a0 entered promiscuous mode
May 25 17:28:51 gtw01 dnsmasq[24751]: read /var/lib/neutron/dhcp/98d6daa7-22ad-4f53-821c-534d7f260ef5/addn_hosts - 2 addresses
May 25 17:28:51 gtw01 dnsmasq-dhcp[24751]: read /var/lib/neutron/dhcp/98d6daa7-22ad-4f53-821c-534d7f260ef5/host
May 25 17:28:51 gtw01 dnsmasq-dhcp[24751]: read /var/lib/neutron/dhcp/98d6daa7-22ad-4f53-821c-534d7f260ef5/opts
May 25 17:28:52 gtw01 dnsmasq[24751]: read /var/lib/neutron/dhcp/98d6daa7-22ad-4f53-821c-534d7f260ef5/addn_hosts - 2 addresses
May 25 17:28:52 gtw01 dnsmasq-dhcp[24751]: read /var/lib/neutron/dhcp/98d6daa7-22ad-4f53-821c-534d7f260ef5/host
May 25 17:28:52 gtw01 dnsmasq-dhcp[24751]: read /var/lib/neutron/dhcp/98d6daa7-22ad-4f53-821c-534d7f260ef5/opts
May 25 17:28:53 gtw01 dnsmasq[24751]: read /var/lib/neutron/dhcp/98d6daa7-22ad-4f53-821c-534d7f260ef5/addn_hosts - 2 addresses
May 25 17:28:53 gtw01 dnsmasq-dhcp[24751]: read /var/lib/neutron/dhcp/98d6daa7-22ad-4f53-821c-534d7f260ef5/host
May 25 17:28:53 gtw01 dnsmasq-dhcp[24751]: read /var/lib/neutron/dhcp/98d6daa7-22ad-4f53-821c-534d7f260ef5/opts
May 25 17:28:53 gtw01 dnsmasq[24751]: read /var/lib/neutron/dhcp/98d6daa7-22ad-4f53-821c-534d7f260ef5/addn_hosts - 2 addresses
May 25 17:28:53 gtw01 dnsmasq-dhcp[24751]: read /var/lib/neutron/dhcp/98d6daa7-22ad-4f53-821c-534d7f260ef5/host
May 25 17:28:53 gtw01 dnsmasq-dhcp[24751]: read /var/lib/neutron/dhcp/98d6daa7-22ad-4f53-821c-534d7f260ef5/opts
May 25 17:28:56 gtw01 haproxy-metadata-proxy-767de9c6-2466-4b15-ba85-73da3e11e11a[25179]: Proxy listener started.
May 25 17:28:58 gtw01 dnsmasq[24751]: read /var/lib/neutron/dhcp/98d6daa7-22ad-4f53-821c-534d7f260ef5/addn_hosts - 2 addresses
May 25 17:28:58 gtw01 dnsmasq-dhcp[24751]: read /var/lib/neutron/dhcp/98d6daa7-22ad-4f53-821c-534d7f260ef5/host
May 25 17:28:58 gtw01 dnsmasq-dhcp[24751]: read /var/lib/neutron/dhcp/98d6daa7-22ad-4f53-821c-534d7f260ef5/opts
May 25 17:28:59 gtw01 dnsmasq[24751]: read /var/lib/neutron/dhcp/98d6daa7-22ad-4f53-821c-534d7f260ef5/addn_hosts - 2 addresses
May 25 17:28:59 gtw01 dnsmasq-dhcp[24751]: read /var/lib/neutron/dhcp/98d6daa7-22ad-4f53-821c-534d7f260ef5/host
May 25 17:28:59 gtw01 dnsmasq-dhcp[24751]: read /var/lib/neutron/dhcp/98d6daa7-22ad-4f53-821c-534d7f260ef5/opts
May 25 17:29:53 gtw01 systemd-udevd[25354]: Could not generate persistent MAC address for tapa409f26f-7a: No such file or directory
May 25 17:29:53 gtw01 kernel: [ 8215.936521] device tapa409f26f-7a entered promiscuous mode
May 25 17:29:53 gtw01 systemd-udevd[25354]: Process '/sbin/ip link set tapa409f26f-7a txqueuelen 10000' failed with exit code 1.
May 25 17:29:53 gtw01 systemd-udevd[25427]: Process '/sbin/ip link set tapa409f26f-7a txqueuelen 10000' failed with exit code 1.
May 25 17:29:56 gtw01 dnsmasq[25504]: started, version 2.80 cachesize 150
May 25 17:29:56 gtw01 dnsmasq[25504]: DNS service limited to local subnets
May 25 17:29:56 gtw01 dnsmasq[25504]: compile time options: IPv6 GNU-getopt DBus i18n IDN DHCP DHCPv6 no-Lua TFTP conntrack ipset auth DNSSEC loop-detect inotify dumpfile
May 25 17:29:56 gtw01 dnsmasq[25504]: warning: no upstream servers configured
May 25 17:29:56 gtw01 dnsmasq-dhcp[25504]: DHCP, static leases only on 192.168.120.0, lease time 1h
May 25 17:29:56 gtw01 dnsmasq[25504]: read /var/lib/neutron/dhcp/7e44e4e1-b145-4172-b7ed-4344637f8aa0/addn_hosts - 1 addresses
May 25 17:29:56 gtw01 dnsmasq-dhcp[25504]: read /var/lib/neutron/dhcp/7e44e4e1-b145-4172-b7ed-4344637f8aa0/host
May 25 17:29:56 gtw01 dnsmasq-dhcp[25504]: read /var/lib/neutron/dhcp/7e44e4e1-b145-4172-b7ed-4344637f8aa0/opts
May 25 17:29:56 gtw01 haproxy-metadata-proxy-7e44e4e1-b145-4172-b7ed-4344637f8aa0[25512]: Proxy listener started.
May 25 17:29:57 gtw01 systemd-udevd[25537]: Could not generate persistent MAC address for tap41b9b3d2-66: No such file or directory
May 25 17:29:57 gtw01 kernel: [ 8219.935618] device tap41b9b3d2-66 entered promiscuous mode
May 25 17:29:57 gtw01 systemd-udevd[25537]: Process '/sbin/ip link set tap41b9b3d2-66 txqueuelen 10000' failed with exit code 1.
May 25 17:29:57 gtw01 systemd-udevd[25612]: Process '/sbin/ip link set tap41b9b3d2-66 txqueuelen 10000' failed with exit code 1.
May 25 17:29:57 gtw01 dnsmasq[25504]: read /var/lib/neutron/dhcp/7e44e4e1-b145-4172-b7ed-4344637f8aa0/addn_hosts - 1 addresses
May 25 17:29:57 gtw01 dnsmasq-dhcp[25504]: read /var/lib/neutron/dhcp/7e44e4e1-b145-4172-b7ed-4344637f8aa0/host
May 25 17:29:57 gtw01 dnsmasq-dhcp[25504]: read /var/lib/neutron/dhcp/7e44e4e1-b145-4172-b7ed-4344637f8aa0/opts
May 25 17:29:58 gtw01 dnsmasq[25504]: read /var/lib/neutron/dhcp/7e44e4e1-b145-4172-b7ed-4344637f8aa0/addn_hosts - 1 addresses
May 25 17:29:58 gtw01 dnsmasq-dhcp[25504]: read /var/lib/neutron/dhcp/7e44e4e1-b145-4172-b7ed-4344637f8aa0/host
May 25 17:29:58 gtw01 dnsmasq-dhcp[25504]: read /var/lib/neutron/dhcp/7e44e4e1-b145-4172-b7ed-4344637f8aa0/opts
May 25 17:29:59 gtw01 kernel: [ 8221.748721] device tap0df7e954-82 entered promiscuous mode
May 25 17:29:59 gtw01 systemd-udevd[25706]: Could not generate persistent MAC address for tap0df7e954-82: No such file or directory
May 25 17:29:59 gtw01 systemd-udevd[25780]: Process '/sbin/ip link set tap0df7e954-82 txqueuelen 10000' failed with exit code 1.
May 25 17:29:59 gtw01 dnsmasq[25504]: read /var/lib/neutron/dhcp/7e44e4e1-b145-4172-b7ed-4344637f8aa0/addn_hosts - 1 addresses
May 25 17:29:59 gtw01 dnsmasq-dhcp[25504]: read /var/lib/neutron/dhcp/7e44e4e1-b145-4172-b7ed-4344637f8aa0/host
May 25 17:29:59 gtw01 dnsmasq-dhcp[25504]: read /var/lib/neutron/dhcp/7e44e4e1-b145-4172-b7ed-4344637f8aa0/opts
May 25 17:29:59 gtw01 kernel: [ 8222.391184] device tap0fcf084c-ea entered promiscuous mode
May 25 17:29:59 gtw01 systemd-udevd[25835]: Could not generate persistent MAC address for tap0fcf084c-ea: No such file or directory
May 25 17:29:59 gtw01 systemd-udevd[25835]: Process '/sbin/ip link set tap0fcf084c-ea txqueuelen 10000' failed with exit code 1.
May 25 17:30:00 gtw01 systemd-udevd[25835]: Process '/sbin/ip link set tap0fcf084c-ea txqueuelen 10000' failed with exit code 1.
May 25 17:30:01 gtw01 dnsmasq[25973]: started, version 2.80 cachesize 150
May 25 17:30:01 gtw01 dnsmasq[25973]: DNS service limited to local subnets
May 25 17:30:01 gtw01 dnsmasq[25973]: compile time options: IPv6 GNU-getopt DBus i18n IDN DHCP DHCPv6 no-Lua TFTP conntrack ipset auth DNSSEC loop-detect inotify dumpfile
May 25 17:30:01 gtw01 dnsmasq[25973]: warning: no upstream servers configured
May 25 17:30:01 gtw01 dnsmasq-dhcp[25973]: DHCP, static leases only on 192.168.120.0, lease time 1h
May 25 17:30:01 gtw01 dnsmasq[25973]: read /var/lib/neutron/dhcp/d9899c53-d41b-48f5-af27-19c2acb0b9f4/addn_hosts - 1 addresses
May 25 17:30:01 gtw01 dnsmasq-dhcp[25973]: read /var/lib/neutron/dhcp/d9899c53-d41b-48f5-af27-19c2acb0b9f4/host
May 25 17:30:01 gtw01 dnsmasq-dhcp[25973]: read /var/lib/neutron/dhcp/d9899c53-d41b-48f5-af27-19c2acb0b9f4/opts
May 25 17:30:01 gtw01 haproxy-metadata-proxy-d9899c53-d41b-48f5-af27-19c2acb0b9f4[25986]: Proxy listener started.
May 25 17:30:02 gtw01 dnsmasq[25973]: read /var/lib/neutron/dhcp/d9899c53-d41b-48f5-af27-19c2acb0b9f4/addn_hosts - 2 addresses
May 25 17:30:02 gtw01 dnsmasq-dhcp[25973]: read /var/lib/neutron/dhcp/d9899c53-d41b-48f5-af27-19c2acb0b9f4/host
May 25 17:30:02 gtw01 dnsmasq-dhcp[25973]: read /var/lib/neutron/dhcp/d9899c53-d41b-48f5-af27-19c2acb0b9f4/opts
May 25 17:30:02 gtw01 dnsmasq[26070]: started, version 2.80 cachesize 150
May 25 17:30:02 gtw01 dnsmasq[26070]: DNS service limited to local subnets
May 25 17:30:02 gtw01 dnsmasq[26070]: compile time options: IPv6 GNU-getopt DBus i18n IDN DHCP DHCPv6 no-Lua TFTP conntrack ipset auth DNSSEC loop-detect inotify dumpfile
May 25 17:30:02 gtw01 dnsmasq[26070]: warning: no upstream servers configured
May 25 17:30:02 gtw01 dnsmasq-dhcp[26070]: DHCP, static leases only on 192.168.120.0, lease time 1h
May 25 17:30:02 gtw01 dnsmasq[26070]: read /var/lib/neutron/dhcp/8d2881d4-a5ea-471e-9228-bacc6a7bc65c/addn_hosts - 1 addresses
May 25 17:30:02 gtw01 dnsmasq-dhcp[26070]: read /var/lib/neutron/dhcp/8d2881d4-a5ea-471e-9228-bacc6a7bc65c/host
May 25 17:30:02 gtw01 dnsmasq-dhcp[26070]: read /var/lib/neutron/dhcp/8d2881d4-a5ea-471e-9228-bacc6a7bc65c/opts
May 25 17:30:03 gtw01 haproxy-metadata-proxy-8d2881d4-a5ea-471e-9228-bacc6a7bc65c[26080]: Proxy listener started.
May 25 17:30:03 gtw01 dnsmasq[26097]: started, version 2.80 cachesize 150
May 25 17:30:03 gtw01 dnsmasq[26097]: DNS service limited to local subnets
May 25 17:30:03 gtw01 dnsmasq[26097]: compile time options: IPv6 GNU-getopt DBus i18n IDN DHCP DHCPv6 no-Lua TFTP conntrack ipset auth DNSSEC loop-detect inotify dumpfile
May 25 17:30:03 gtw01 dnsmasq[26097]: warning: no upstream servers configured
May 25 17:30:03 gtw01 dnsmasq-dhcp[26097]: DHCP, static leases only on 192.168.120.0, lease time 1h
May 25 17:30:03 gtw01 dnsmasq[26097]: read /var/lib/neutron/dhcp/0764b600-0137-4503-8c67-e94dccf676fb/addn_hosts - 1 addresses
May 25 17:30:03 gtw01 dnsmasq-dhcp[26097]: read /var/lib/neutron/dhcp/0764b600-0137-4503-8c67-e94dccf676fb/host
May 25 17:30:03 gtw01 dnsmasq-dhcp[26097]: read /var/lib/neutron/dhcp/0764b600-0137-4503-8c67-e94dccf676fb/opts
May 25 17:30:03 gtw01 haproxy-metadata-proxy-0764b600-0137-4503-8c67-e94dccf676fb[26109]: Proxy listener started.
May 25 17:30:03 gtw01 dnsmasq[25973]: read /var/lib/neutron/dhcp/d9899c53-d41b-48f5-af27-19c2acb0b9f4/addn_hosts - 2 addresses
May 25 17:30:03 gtw01 dnsmasq-dhcp[25973]: read /var/lib/neutron/dhcp/d9899c53-d41b-48f5-af27-19c2acb0b9f4/host
May 25 17:30:03 gtw01 dnsmasq-dhcp[25973]: read /var/lib/neutron/dhcp/d9899c53-d41b-48f5-af27-19c2acb0b9f4/opts
May 25 17:30:04 gtw01 dnsmasq[25973]: read /var/lib/neutron/dhcp/d9899c53-d41b-48f5-af27-19c2acb0b9f4/addn_hosts - 2 addresses
May 25 17:30:04 gtw01 dnsmasq-dhcp[25973]: read /var/lib/neutron/dhcp/d9899c53-d41b-48f5-af27-19c2acb0b9f4/host
May 25 17:30:04 gtw01 dnsmasq-dhcp[25973]: read /var/lib/neutron/dhcp/d9899c53-d41b-48f5-af27-19c2acb0b9f4/opts
May 25 17:30:04 gtw01 dnsmasq[26070]: read /var/lib/neutron/dhcp/8d2881d4-a5ea-471e-9228-bacc6a7bc65c/addn_hosts - 1 addresses
May 25 17:30:04 gtw01 dnsmasq-dhcp[26070]: read /var/lib/neutron/dhcp/8d2881d4-a5ea-471e-9228-bacc6a7bc65c/host
May 25 17:30:04 gtw01 dnsmasq-dhcp[26070]: read /var/lib/neutron/dhcp/8d2881d4-a5ea-471e-9228-bacc6a7bc65c/opts
May 25 17:30:05 gtw01 dnsmasq[26097]: read /var/lib/neutron/dhcp/0764b600-0137-4503-8c67-e94dccf676fb/addn_hosts - 1 addresses
May 25 17:30:05 gtw01 dnsmasq-dhcp[26097]: read /var/lib/neutron/dhcp/0764b600-0137-4503-8c67-e94dccf676fb/host
May 25 17:30:05 gtw01 dnsmasq-dhcp[26097]: read /var/lib/neutron/dhcp/0764b600-0137-4503-8c67-e94dccf676fb/opts
May 25 17:30:05 gtw01 dnsmasq[25973]: read /var/lib/neutron/dhcp/d9899c53-d41b-48f5-af27-19c2acb0b9f4/addn_hosts - 2 addresses
May 25 17:30:05 gtw01 dnsmasq-dhcp[25973]: read /var/lib/neutron/dhcp/d9899c53-d41b-48f5-af27-19c2acb0b9f4/host
May 25 17:30:05 gtw01 dnsmasq-dhcp[25973]: read /var/lib/neutron/dhcp/d9899c53-d41b-48f5-af27-19c2acb0b9f4/opts
May 25 17:30:05 gtw01 dnsmasq[26070]: read /var/lib/neutron/dhcp/8d2881d4-a5ea-471e-9228-bacc6a7bc65c/addn_hosts - 1 addresses
May 25 17:30:05 gtw01 dnsmasq-dhcp[26070]: read /var/lib/neutron/dhcp/8d2881d4-a5ea-471e-9228-bacc6a7bc65c/host
May 25 17:30:05 gtw01 dnsmasq-dhcp[26070]: read /var/lib/neutron/dhcp/8d2881d4-a5ea-471e-9228-bacc6a7bc65c/opts
May 25 17:30:06 gtw01 dnsmasq[26097]: read /var/lib/neutron/dhcp/0764b600-0137-4503-8c67-e94dccf676fb/addn_hosts - 1 addresses
May 25 17:30:06 gtw01 dnsmasq-dhcp[26097]: read /var/lib/neutron/dhcp/0764b600-0137-4503-8c67-e94dccf676fb/host
May 25 17:30:06 gtw01 dnsmasq-dhcp[26097]: read /var/lib/neutron/dhcp/0764b600-0137-4503-8c67-e94dccf676fb/opts
May 25 17:30:06 gtw01 dnsmasq[26070]: read /var/lib/neutron/dhcp/8d2881d4-a5ea-471e-9228-bacc6a7bc65c/addn_hosts - 1 addresses
May 25 17:30:06 gtw01 dnsmasq-dhcp[26070]: read /var/lib/neutron/dhcp/8d2881d4-a5ea-471e-9228-bacc6a7bc65c/host
May 25 17:30:06 gtw01 dnsmasq-dhcp[26070]: read /var/lib/neutron/dhcp/8d2881d4-a5ea-471e-9228-bacc6a7bc65c/opts
May 25 17:30:07 gtw01 dnsmasq[26097]: read /var/lib/neutron/dhcp/0764b600-0137-4503-8c67-e94dccf676fb/addn_hosts - 1 addresses
May 25 17:30:07 gtw01 dnsmasq-dhcp[26097]: read /var/lib/neutron/dhcp/0764b600-0137-4503-8c67-e94dccf676fb/host
May 25 17:30:07 gtw01 dnsmasq-dhcp[26097]: read /var/lib/neutron/dhcp/0764b600-0137-4503-8c67-e94dccf676fb/opts
May 25 17:30:07 gtw01 dnsmasq[26315]: started, version 2.80 cachesize 150
May 25 17:30:07 gtw01 dnsmasq[26315]: DNS service limited to local subnets
May 25 17:30:07 gtw01 dnsmasq[26315]: compile time options: IPv6 GNU-getopt DBus i18n IDN DHCP DHCPv6 no-Lua TFTP conntrack ipset auth DNSSEC loop-detect inotify dumpfile
May 25 17:30:07 gtw01 dnsmasq[26315]: warning: no upstream servers configured
May 25 17:30:07 gtw01 dnsmasq-dhcp[26315]: DHCP, static leases only on 192.168.120.0, lease time 1h
May 25 17:30:07 gtw01 dnsmasq-dhcp[26315]: DHCP, static leases only on 192.168.120.16, lease time 1h
May 25 17:30:07 gtw01 dnsmasq[26315]: read /var/lib/neutron/dhcp/7e44e4e1-b145-4172-b7ed-4344637f8aa0/addn_hosts - 2 addresses
May 25 17:30:07 gtw01 dnsmasq-dhcp[26315]: read /var/lib/neutron/dhcp/7e44e4e1-b145-4172-b7ed-4344637f8aa0/host
May 25 17:30:07 gtw01 dnsmasq-dhcp[26315]: read /var/lib/neutron/dhcp/7e44e4e1-b145-4172-b7ed-4344637f8aa0/opts
May 25 17:30:08 gtw01 dnsmasq[26315]: read /var/lib/neutron/dhcp/7e44e4e1-b145-4172-b7ed-4344637f8aa0/addn_hosts - 2 addresses
May 25 17:30:08 gtw01 dnsmasq-dhcp[26315]: read /var/lib/neutron/dhcp/7e44e4e1-b145-4172-b7ed-4344637f8aa0/host
May 25 17:30:08 gtw01 dnsmasq-dhcp[26315]: read /var/lib/neutron/dhcp/7e44e4e1-b145-4172-b7ed-4344637f8aa0/opts
May 25 17:30:08 gtw01 dnsmasq[25973]: read /var/lib/neutron/dhcp/d9899c53-d41b-48f5-af27-19c2acb0b9f4/addn_hosts - 3 addresses
May 25 17:30:08 gtw01 dnsmasq-dhcp[25973]: read /var/lib/neutron/dhcp/d9899c53-d41b-48f5-af27-19c2acb0b9f4/host
May 25 17:30:08 gtw01 dnsmasq-dhcp[25973]: read /var/lib/neutron/dhcp/d9899c53-d41b-48f5-af27-19c2acb0b9f4/opts
May 25 17:30:09 gtw01 kernel: [ 8231.938020] device tap9ce94017-fc entered promiscuous mode
May 25 17:30:09 gtw01 systemd-udevd[26369]: Could not generate persistent MAC address for tap9ce94017-fc: No such file or directory
May 25 17:30:09 gtw01 systemd-udevd[26369]: Process '/sbin/ip link set tap9ce94017-fc txqueuelen 10000' failed with exit code 1.
May 25 17:30:09 gtw01 systemd-udevd[26369]: Process '/sbin/ip link set tap9ce94017-fc txqueuelen 10000' failed with exit code 1.
May 25 17:30:10 gtw01 dnsmasq[26097]: read /var/lib/neutron/dhcp/0764b600-0137-4503-8c67-e94dccf676fb/addn_hosts - 2 addresses
May 25 17:30:10 gtw01 dnsmasq-dhcp[26097]: read /var/lib/neutron/dhcp/0764b600-0137-4503-8c67-e94dccf676fb/host
May 25 17:30:10 gtw01 dnsmasq-dhcp[26097]: read /var/lib/neutron/dhcp/0764b600-0137-4503-8c67-e94dccf676fb/opts
May 25 17:30:11 gtw01 dnsmasq[26097]: read /var/lib/neutron/dhcp/0764b600-0137-4503-8c67-e94dccf676fb/addn_hosts - 2 addresses
May 25 17:30:11 gtw01 dnsmasq-dhcp[26097]: read /var/lib/neutron/dhcp/0764b600-0137-4503-8c67-e94dccf676fb/host
May 25 17:30:11 gtw01 dnsmasq-dhcp[26097]: read /var/lib/neutron/dhcp/0764b600-0137-4503-8c67-e94dccf676fb/opts
May 25 17:30:12 gtw01 dnsmasq[26603]: started, version 2.80 cachesize 150
May 25 17:30:12 gtw01 dnsmasq[26603]: DNS service limited to local subnets
May 25 17:30:12 gtw01 dnsmasq[26603]: compile time options: IPv6 GNU-getopt DBus i18n IDN DHCP DHCPv6 no-Lua TFTP conntrack ipset auth DNSSEC loop-detect inotify dumpfile
May 25 17:30:12 gtw01 dnsmasq[26603]: warning: no upstream servers configured
May 25 17:30:12 gtw01 dnsmasq-dhcp[26603]: DHCP, static leases only on 192.168.120.0, lease time 1h
May 25 17:30:12 gtw01 dnsmasq[26603]: read /var/lib/neutron/dhcp/358ab8da-02f1-4f10-95a5-ee1b5dd4b972/addn_hosts - 1 addresses
May 25 17:30:12 gtw01 dnsmasq-dhcp[26603]: read /var/lib/neutron/dhcp/358ab8da-02f1-4f10-95a5-ee1b5dd4b972/host
May 25 17:30:12 gtw01 dnsmasq-dhcp[26603]: read /var/lib/neutron/dhcp/358ab8da-02f1-4f10-95a5-ee1b5dd4b972/opts
May 25 17:30:13 gtw01 haproxy-metadata-proxy-358ab8da-02f1-4f10-95a5-ee1b5dd4b972[26611]: Proxy listener started.
May 25 17:30:13 gtw01 dnsmasq[26620]: started, version 2.80 cachesize 150
May 25 17:30:13 gtw01 dnsmasq[26620]: DNS service limited to local subnets
May 25 17:30:13 gtw01 dnsmasq[26620]: compile time options: IPv6 GNU-getopt DBus i18n IDN DHCP DHCPv6 no-Lua TFTP conntrack ipset auth DNSSEC loop-detect inotify dumpfile
May 25 17:30:13 gtw01 dnsmasq[26620]: warning: no upstream servers configured
May 25 17:30:13 gtw01 dnsmasq-dhcp[26620]: DHCP, static leases only on 192.168.120.0, lease time 1h
May 25 17:30:13 gtw01 dnsmasq-dhcp[26620]: DHCP, static leases only on 192.168.120.16, lease time 1h
May 25 17:30:13 gtw01 dnsmasq-dhcp[26620]: DHCP, static leases only on 192.168.120.32, lease time 1h
May 25 17:30:13 gtw01 dnsmasq[26620]: read /var/lib/neutron/dhcp/7e44e4e1-b145-4172-b7ed-4344637f8aa0/addn_hosts - 3 addresses
May 25 17:30:13 gtw01 dnsmasq-dhcp[26620]: read /var/lib/neutron/dhcp/7e44e4e1-b145-4172-b7ed-4344637f8aa0/host
May 25 17:30:13 gtw01 dnsmasq-dhcp[26620]: read /var/lib/neutron/dhcp/7e44e4e1-b145-4172-b7ed-4344637f8aa0/opts
May 25 17:30:13 gtw01 dnsmasq[26620]: read /var/lib/neutron/dhcp/7e44e4e1-b145-4172-b7ed-4344637f8aa0/addn_hosts - 3 addresses
May 25 17:30:13 gtw01 dnsmasq-dhcp[26620]: read /var/lib/neutron/dhcp/7e44e4e1-b145-4172-b7ed-4344637f8aa0/host
May 25 17:30:13 gtw01 dnsmasq-dhcp[26620]: read /var/lib/neutron/dhcp/7e44e4e1-b145-4172-b7ed-4344637f8aa0/opts
May 25 17:30:14 gtw01 dnsmasq[26603]: read /var/lib/neutron/dhcp/358ab8da-02f1-4f10-95a5-ee1b5dd4b972/addn_hosts - 2 addresses
May 25 17:30:14 gtw01 dnsmasq-dhcp[26603]: read /var/lib/neutron/dhcp/358ab8da-02f1-4f10-95a5-ee1b5dd4b972/host
May 25 17:30:14 gtw01 dnsmasq-dhcp[26603]: read /var/lib/neutron/dhcp/358ab8da-02f1-4f10-95a5-ee1b5dd4b972/opts
May 25 17:30:15 gtw01 dnsmasq[26603]: read /var/lib/neutron/dhcp/358ab8da-02f1-4f10-95a5-ee1b5dd4b972/addn_hosts - 2 addresses
May 25 17:30:15 gtw01 dnsmasq-dhcp[26603]: read /var/lib/neutron/dhcp/358ab8da-02f1-4f10-95a5-ee1b5dd4b972/host
May 25 17:30:15 gtw01 dnsmasq-dhcp[26603]: read /var/lib/neutron/dhcp/358ab8da-02f1-4f10-95a5-ee1b5dd4b972/opts
May 25 17:30:16 gtw01 dnsmasq[26603]: read /var/lib/neutron/dhcp/358ab8da-02f1-4f10-95a5-ee1b5dd4b972/addn_hosts - 2 addresses
May 25 17:30:16 gtw01 dnsmasq-dhcp[26603]: read /var/lib/neutron/dhcp/358ab8da-02f1-4f10-95a5-ee1b5dd4b972/host
May 25 17:30:16 gtw01 dnsmasq-dhcp[26603]: read /var/lib/neutron/dhcp/358ab8da-02f1-4f10-95a5-ee1b5dd4b972/opts
May 25 17:30:17 gtw01 dnsmasq[26603]: read /var/lib/neutron/dhcp/358ab8da-02f1-4f10-95a5-ee1b5dd4b972/addn_hosts - 2 addresses
May 25 17:30:17 gtw01 dnsmasq-dhcp[26603]: read /var/lib/neutron/dhcp/358ab8da-02f1-4f10-95a5-ee1b5dd4b972/host
May 25 17:30:17 gtw01 dnsmasq-dhcp[26603]: read /var/lib/neutron/dhcp/358ab8da-02f1-4f10-95a5-ee1b5dd4b972/opts
May 25 17:30:17 gtw01 dnsmasq[26603]: read /var/lib/neutron/dhcp/358ab8da-02f1-4f10-95a5-ee1b5dd4b972/addn_hosts - 2 addresses
May 25 17:30:17 gtw01 dnsmasq-dhcp[26603]: read /var/lib/neutron/dhcp/358ab8da-02f1-4f10-95a5-ee1b5dd4b972/host
May 25 17:30:17 gtw01 dnsmasq-dhcp[26603]: read /var/lib/neutron/dhcp/358ab8da-02f1-4f10-95a5-ee1b5dd4b972/opts
May 25 17:30:18 gtw01 dnsmasq[26097]: read /var/lib/neutron/dhcp/0764b600-0137-4503-8c67-e94dccf676fb/addn_hosts - 1 addresses
May 25 17:30:18 gtw01 dnsmasq-dhcp[26097]: read /var/lib/neutron/dhcp/0764b600-0137-4503-8c67-e94dccf676fb/host
May 25 17:30:18 gtw01 dnsmasq-dhcp[26097]: read /var/lib/neutron/dhcp/0764b600-0137-4503-8c67-e94dccf676fb/opts
May 25 17:30:18 gtw01 dnsmasq[25973]: read /var/lib/neutron/dhcp/d9899c53-d41b-48f5-af27-19c2acb0b9f4/addn_hosts - 4 addresses
May 25 17:30:18 gtw01 dnsmasq-dhcp[25973]: read /var/lib/neutron/dhcp/d9899c53-d41b-48f5-af27-19c2acb0b9f4/host
May 25 17:30:18 gtw01 dnsmasq-dhcp[25973]: read /var/lib/neutron/dhcp/d9899c53-d41b-48f5-af27-19c2acb0b9f4/opts
May 25 17:30:18 gtw01 dnsmasq[26818]: started, version 2.80 cachesize 150
May 25 17:30:18 gtw01 dnsmasq[26818]: DNS service limited to local subnets
May 25 17:30:18 gtw01 dnsmasq[26818]: compile time options: IPv6 GNU-getopt DBus i18n IDN DHCP DHCPv6 no-Lua TFTP conntrack ipset auth DNSSEC loop-detect inotify dumpfile
May 25 17:30:18 gtw01 dnsmasq[26818]: warning: no upstream servers configured
May 25 17:30:18 gtw01 dnsmasq-dhcp[26818]: DHCP, static leases only on 192.168.120.0, lease time 1h
May 25 17:30:18 gtw01 dnsmasq-dhcp[26818]: DHCP, static leases only on 192.168.120.16, lease time 1h
May 25 17:30:18 gtw01 dnsmasq[26818]: read /var/lib/neutron/dhcp/7e44e4e1-b145-4172-b7ed-4344637f8aa0/addn_hosts - 2 addresses
May 25 17:30:18 gtw01 dnsmasq-dhcp[26818]: read /var/lib/neutron/dhcp/7e44e4e1-b145-4172-b7ed-4344637f8aa0/host
May 25 17:30:18 gtw01 dnsmasq-dhcp[26818]: read /var/lib/neutron/dhcp/7e44e4e1-b145-4172-b7ed-4344637f8aa0/opts
May 25 17:30:20 gtw01 dnsmasq[26603]: read /var/lib/neutron/dhcp/358ab8da-02f1-4f10-95a5-ee1b5dd4b972/addn_hosts - 1 addresses
May 25 17:30:20 gtw01 dnsmasq-dhcp[26603]: read /var/lib/neutron/dhcp/358ab8da-02f1-4f10-95a5-ee1b5dd4b972/host
May 25 17:30:20 gtw01 dnsmasq-dhcp[26603]: read /var/lib/neutron/dhcp/358ab8da-02f1-4f10-95a5-ee1b5dd4b972/opts
May 25 17:30:20 gtw01 haproxy-metadata-proxy-358ab8da-02f1-4f10-95a5-ee1b5dd4b972[26853]: Proxy listener started.
May 25 17:30:23 gtw01 dnsmasq[26097]: read /var/lib/neutron/dhcp/0764b600-0137-4503-8c67-e94dccf676fb/addn_hosts - 2 addresses
May 25 17:30:23 gtw01 dnsmasq-dhcp[26097]: read /var/lib/neutron/dhcp/0764b600-0137-4503-8c67-e94dccf676fb/host
May 25 17:30:23 gtw01 dnsmasq-dhcp[26097]: read /var/lib/neutron/dhcp/0764b600-0137-4503-8c67-e94dccf676fb/opts
May 25 17:30:23 gtw01 dnsmasq[26097]: read /var/lib/neutron/dhcp/0764b600-0137-4503-8c67-e94dccf676fb/addn_hosts - 2 addresses
May 25 17:30:23 gtw01 dnsmasq-dhcp[26097]: read /var/lib/neutron/dhcp/0764b600-0137-4503-8c67-e94dccf676fb/host
May 25 17:30:23 gtw01 dnsmasq-dhcp[26097]: read /var/lib/neutron/dhcp/0764b600-0137-4503-8c67-e94dccf676fb/opts
May 25 17:30:27 gtw01 dnsmasq[26932]: started, version 2.80 cachesize 150
May 25 17:30:27 gtw01 dnsmasq[26932]: DNS service limited to local subnets
May 25 17:30:27 gtw01 dnsmasq[26932]: compile time options: IPv6 GNU-getopt DBus i18n IDN DHCP DHCPv6 no-Lua TFTP conntrack ipset auth DNSSEC loop-detect inotify dumpfile
May 25 17:30:27 gtw01 dnsmasq[26932]: warning: no upstream servers configured
May 25 17:30:27 gtw01 dnsmasq-dhcp[26932]: DHCP, static leases only on 192.168.120.0, lease time 1h
May 25 17:30:27 gtw01 dnsmasq-dhcp[26932]: DHCP, static leases only on 192.168.120.16, lease time 1h
May 25 17:30:27 gtw01 dnsmasq[26932]: read /var/lib/neutron/dhcp/7e44e4e1-b145-4172-b7ed-4344637f8aa0/addn_hosts - 2 addresses
May 25 17:30:27 gtw01 dnsmasq-dhcp[26932]: read /var/lib/neutron/dhcp/7e44e4e1-b145-4172-b7ed-4344637f8aa0/host
May 25 17:30:27 gtw01 dnsmasq-dhcp[26932]: read /var/lib/neutron/dhcp/7e44e4e1-b145-4172-b7ed-4344637f8aa0/opts
May 25 17:30:27 gtw01 dnsmasq[25973]: read /var/lib/neutron/dhcp/d9899c53-d41b-48f5-af27-19c2acb0b9f4/addn_hosts - 5 addresses
May 25 17:30:27 gtw01 dnsmasq-dhcp[25973]: read /var/lib/neutron/dhcp/d9899c53-d41b-48f5-af27-19c2acb0b9f4/host
May 25 17:30:27 gtw01 dnsmasq-dhcp[25973]: read /var/lib/neutron/dhcp/d9899c53-d41b-48f5-af27-19c2acb0b9f4/opts
May 25 17:30:28 gtw01 dnsmasq[25973]: read /var/lib/neutron/dhcp/d9899c53-d41b-48f5-af27-19c2acb0b9f4/addn_hosts - 5 addresses
May 25 17:30:28 gtw01 dnsmasq-dhcp[25973]: read /var/lib/neutron/dhcp/d9899c53-d41b-48f5-af27-19c2acb0b9f4/host
May 25 17:30:28 gtw01 dnsmasq-dhcp[25973]: read /var/lib/neutron/dhcp/d9899c53-d41b-48f5-af27-19c2acb0b9f4/opts
May 25 17:30:29 gtw01 dnsmasq[26097]: read /var/lib/neutron/dhcp/0764b600-0137-4503-8c67-e94dccf676fb/addn_hosts - 1 addresses
May 25 17:30:29 gtw01 dnsmasq-dhcp[26097]: read /var/lib/neutron/dhcp/0764b600-0137-4503-8c67-e94dccf676fb/host
May 25 17:30:29 gtw01 dnsmasq-dhcp[26097]: read /var/lib/neutron/dhcp/0764b600-0137-4503-8c67-e94dccf676fb/opts
May 25 17:30:31 gtw01 dnsmasq[26097]: read /var/lib/neutron/dhcp/0764b600-0137-4503-8c67-e94dccf676fb/addn_hosts - 2 addresses
May 25 17:30:31 gtw01 dnsmasq-dhcp[26097]: read /var/lib/neutron/dhcp/0764b600-0137-4503-8c67-e94dccf676fb/host
May 25 17:30:31 gtw01 dnsmasq-dhcp[26097]: read /var/lib/neutron/dhcp/0764b600-0137-4503-8c67-e94dccf676fb/opts
May 25 17:30:31 gtw01 kernel: [ 8254.442256] device ha-b1066e3e-ba entered promiscuous mode
May 25 17:30:31 gtw01 systemd-udevd[27043]: Could not generate persistent MAC address for ha-b1066e3e-ba: No such file or directory
May 25 17:30:31 gtw01 dnsmasq[26097]: read /var/lib/neutron/dhcp/0764b600-0137-4503-8c67-e94dccf676fb/addn_hosts - 2 addresses
May 25 17:30:31 gtw01 dnsmasq-dhcp[26097]: read /var/lib/neutron/dhcp/0764b600-0137-4503-8c67-e94dccf676fb/host
May 25 17:30:31 gtw01 dnsmasq-dhcp[26097]: read /var/lib/neutron/dhcp/0764b600-0137-4503-8c67-e94dccf676fb/opts
May 25 17:30:35 gtw01 neutron-keepalived-state-change: 2019-05-25 17:30:35.183 27140 INFO neutron.common.config [-] Logging enabled!
May 25 17:30:35 gtw01 neutron-keepalived-state-change: 2019-05-25 17:30:35.184 27140 INFO neutron.common.config [-] /usr/bin/neutron-keepalived-state-change version 13.0.3
May 25 17:30:35 gtw01 neutron-keepalived-state-change: 2019-05-25 17:30:35.184 27140 DEBUG neutron.common.config [-] command line: /usr/bin/neutron-keepalived-state-change --router_id=e2823d4a-1c8c-4e43-baa8-6c6b0487955f --namespace=qrouter-e2823d4a-1c8c-4e43-baa8-6c6b0487955f --conf_dir=/var/lib/neutron/ha_confs/e2823d4a-1c8c-4e43-baa8-6c6b0487955f --monitor_interface=ha-b1066e3e-ba --monitor_cidr=169.254.0.230/24 --pid_file=/var/lib/neutron/external/pids/e2823d4a-1c8c-4e43-baa8-6c6b0487955f.monitor.pid --state_path=/var/lib/neutron --user=113 --group=117 setup_logging /usr/lib/python2.7/dist-packages/neutron/common/config.py:103
May 25 17:30:35 gtw01 neutron-keepalived-state-change: 2019-05-25 17:30:35.193 27181 DEBUG neutron.agent.linux.async_process [-] Launching async process [ip netns exec qrouter-e2823d4a-1c8c-4e43-baa8-6c6b0487955f ip -o monitor address]. start /usr/lib/python2.7/dist-packages/neutron/agent/linux/async_process.py:112
May 25 17:30:35 gtw01 neutron-keepalived-state-change: 2019-05-25 17:30:35.194 27181 DEBUG neutron.agent.linux.utils [-] Running command: ['ip', 'netns', 'exec', 'qrouter-e2823d4a-1c8c-4e43-baa8-6c6b0487955f', 'ip', '-o', 'monitor', 'address'] create_process /usr/lib/python2.7/dist-packages/neutron/agent/linux/utils.py:87
May 25 17:30:35 gtw01 neutron-keepalived-state-change: 2019-05-25 17:30:35.227 27181 DEBUG neutron.agent.linux.utils [-] Found cmdline ['ip', 'netns', 'exec', 'qrouter-e2823d4a-1c8c-4e43-baa8-6c6b0487955f', 'ip', '-o', 'monitor', 'address'] for rocess with PID 27182. get_cmdline_from_pid /usr/lib/python2.7/dist-packages/neutron/agent/linux/utils.py:329
May 25 17:30:36 gtw01 dnsmasq[26097]: read /var/lib/neutron/dhcp/0764b600-0137-4503-8c67-e94dccf676fb/addn_hosts - 1 addresses
May 25 17:30:36 gtw01 dnsmasq-dhcp[26097]: read /var/lib/neutron/dhcp/0764b600-0137-4503-8c67-e94dccf676fb/host
May 25 17:30:36 gtw01 dnsmasq-dhcp[26097]: read /var/lib/neutron/dhcp/0764b600-0137-4503-8c67-e94dccf676fb/opts
May 25 17:30:36 gtw01 neutron-keepalived-state-change: 2019-05-25 17:30:36.228 27181 DEBUG neutron.agent.linux.utils [-] Found cmdline ['ip', '-o', 'monitor', 'address'] for rocess with PID 27182. get_cmdline_from_pid /usr/lib/python2.7/dist-packages/neutron/agent/linux/utils.py:329
May 25 17:30:36 gtw01 neutron-keepalived-state-change: 2019-05-25 17:30:36.229 27181 INFO neutron.agent.linux.daemon [-] Process runs with uid/gid: 113/117
May 25 17:30:36 gtw01 neutron-keepalived-state-change: 2019-05-25 17:30:36.229 27181 DEBUG neutron.agent.linux.utils [-] Running command: ['sudo', '/usr/bin/neutron-rootwrap', '/etc/neutron/rootwrap.conf', 'ip', 'netns', 'exec', 'qrouter-e2823d4a-1c8c-4e43-baa8-6c6b0487955f', 'ip', 'addr', 'show', 'ha-b1066e3e-ba'] create_process /usr/lib/python2.7/dist-packages/neutron/agent/linux/utils.py:87
May 25 17:30:36 gtw01 neutron-keepalived-state-change: 2019-05-25 17:30:36.472 27181 DEBUG neutron.agent.l3.keepalived_state_change [-] Initial status of router e2823d4a-1c8c-4e43-baa8-6c6b0487955f is backup handle_initial_state /usr/lib/python2.7/dist-packages/neutron/agent/l3/keepalived_state_change.py:106
May 25 17:30:37 gtw01 dnsmasq[25973]: read /var/lib/neutron/dhcp/d9899c53-d41b-48f5-af27-19c2acb0b9f4/addn_hosts - 6 addresses
May 25 17:30:37 gtw01 dnsmasq-dhcp[25973]: read /var/lib/neutron/dhcp/d9899c53-d41b-48f5-af27-19c2acb0b9f4/host
May 25 17:30:37 gtw01 dnsmasq-dhcp[25973]: read /var/lib/neutron/dhcp/d9899c53-d41b-48f5-af27-19c2acb0b9f4/opts
May 25 17:30:38 gtw01 neutron-keepalived-state-change: 2019-05-25 17:30:38.670 27181 DEBUG neutron.agent.linux.utils [-] Running command: ['sudo', '/usr/bin/neutron-rootwrap', '/etc/neutron/rootwrap.conf', 'kill', '-9', '27182'] create_process /usr/lib/python2.7/dist-packages/neutron/agent/linux/utils.py:87
May 25 17:30:38 gtw01 neutron-keepalived-state-change: 2019-05-25 17:30:38.697 27181 CRITICAL neutron [-] Unhandled error: AssertionError: do not call blocking functions from the mainloop#0122019-05-25 17:30:38.697 27181 ERROR neutron Traceback (most recent call last):#0122019-05-25 17:30:38.697 27181 ERROR neutron   File "/usr/bin/neutron-keepalived-state-change", line 10, in <module>#0122019-05-25 17:30:38.697 27181 ERROR neutron     sys.exit(main())#0122019-05-25 17:30:38.697 27181 ERROR neutron   File "/usr/lib/python2.7/dist-packages/neutron/cmd/keepalived_state_change.py", line 19, in main#0122019-05-25 17:30:38.697 27181 ERROR neutron     keepalived_state_change.main()#0122019-05-25 17:30:38.697 27181 ERROR neutron   File "/usr/lib/python2.7/dist-packages/neutron/agent/l3/keepalived_state_change.py", line 176, in main#0122019-05-25 17:30:38.697 27181 ERROR neutron     cfg.CONF.monitor_cidr).start()#0122019-05-25 17:30:38.697 27181 ERROR neutron   File "/usr/lib/python2.7/dist-packages/neutron/agent/linux/daemon.py", line 248, in start#0122019-05-25 17:30:38.697 27181 ERROR neutron     self.run()#0122019-05-25 17:30:38.697 27181 ERROR neutron   File "/usr/lib/python2.7/dist-packages/neutron/agent/l3/keepalived_state_change.py", line 71, in run#0122019-05-25 17:30:38.697 27181 ERROR neutron     for iterable in self.monitor:#0122019-05-25 17:30:38.697 27181 ERROR neutron   File "/usr/lib/python2.7/dist-packages/neutron/agent/linux/async_process.py", line 284, in _iter_queue#0122019-05-25 17:30:38.697 27181 ERROR neutron     yield queue.get(block=block)#0122019-05-25 17:30:38.697 27181 ERROR neutron   File "/usr/lib/python2.7/dist-packages/eventlet/queue.py", line 313, in get#0122019-05-25 17:30:38.697 27181 ERROR neutron     return waiter.wait()#0122019-05-25 17:30:38.697 27181 ERROR neutron   File "/usr/lib/python2.7/dist-packages/eventlet/queue.py", line 141, in wait#0122019-05-25 17:30:38.697 27181 ERROR neutron     return get_hub().switch()#0122019-05-25 17:30:38.697 27181 ERROR neutron   File "/usr/lib/python2.7/dist-packages/eventlet/hubs/hub.py", line 294, in switch#0122019-05-25 17:30:38.697 27181 ERROR neutron     return self.greenlet.switch()#0122019-05-25 17:30:38.697 27181 ERROR neutron   File "/usr/lib/python2.7/dist-packages/eventlet/hubs/hub.py", line 346, in run#0122019-05-25 17:30:38.697 27181 ERROR neutron     self.wait(sleep_time)#0122019-05-25 17:30:38.697 27181 ERROR neutron   File "/usr/lib/python2.7/dist-packages/eventlet/hubs/poll.py", line 85, in wait#0122019-05-25 17:30:38.697 27181 ERROR neutron     presult = self.do_poll(seconds)#0122019-05-25 17:30:38.697 27181 ERROR neutron   File "/usr/lib/python2.7/dist-packages/eventlet/hubs/epolls.py", line 62, in do_poll#0122019-05-25 17:30:38.697 27181 ERROR neutron     return self.poll.poll(seconds)#0122019-05-25 17:30:38.697 27181 ERROR neutron   File "/usr/lib/python2.7/dist-packages/neutron/agent/l3/keepalived_state_change.py", line 152, in handle_sigterm#0122019-05-25 17:30:38.697 27181 ERROR neutron     self._kill_monitor()#0122019-05-25 17:30:38.697 27181 ERROR neutron   File "/usr/lib/python2.7/dist-packages/neutron/agent/l3/keepalived_state_change.py", line 149, in _kill_monitor#0122019-05-25 17:30:38.697 27181 ERROR neutron     run_as_root=True)#0122019-05-25 17:30:38.697 27181 ERROR neutron   File "/usr/lib/python2.7/dist-packages/neutron/agent/linux/utils.py", line 219, in kill_process#0122019-05-25 17:30:38.697 27181 ERROR neutron     execute(['kill', '-%d' % signal, pid], run_as_root=run_as_root)#0122019-05-25 17:30:38.697 27181 ERROR neutron   File "/usr/lib/python2.7/dist-packages/neutron/agent/linux/utils.py", line 126, in execute#0122019-05-25 17:30:38.697 27181 ERROR neutron     _stdout, _stderr = obj.communicate(_process_input)#0122019-05-25 17:30:38.697 27181 ERROR neutron   File "/usr/lib/python2.7/subprocess.py", line 800, in communicate#0122019-05-25 17:30:38.697 27181 ERROR neutron     return self._communicate(input)#0122019-05-25 17:30:38.697 27181 ERROR neutron   File "/usr/lib/python2.7/subprocess.py", line 1419, in _communicate#0122019-05-25 17:30:38.697 27181 ERROR neutron     stdout, stderr = self._communicate_with_select(input)#0122019-05-25 17:30:38.697 27181 ERROR neutron   File "/usr/lib/python2.7/subprocess.py", line 1520, in _communicate_with_select#0122019-05-25 17:30:38.697 27181 ERROR neutron     rlist, wlist, xlist = select.select(read_set, write_set, [])#0122019-05-25 17:30:38.697 27181 ERROR neutron   File "/usr/lib/python2.7/dist-packages/eventlet/green/select.py", line 40, in select#0122019-05-25 17:30:38.697 27181 ERROR neutron     assert hub.greenlet is not current, 'do not call blocking functions from the mainloop'#0122019-05-25 17:30:38.697 27181 ERROR neutron AssertionError: do not call blocking functions from the mainloop#0122019-05-25 17:30:38.697 27181 ERROR neutron
May 25 17:30:39 gtw01 dnsmasq[26932]: read /var/lib/neutron/dhcp/7e44e4e1-b145-4172-b7ed-4344637f8aa0/addn_hosts - 2 addresses
May 25 17:30:39 gtw01 dnsmasq-dhcp[26932]: read /var/lib/neutron/dhcp/7e44e4e1-b145-4172-b7ed-4344637f8aa0/host
May 25 17:30:39 gtw01 dnsmasq-dhcp[26932]: read /var/lib/neutron/dhcp/7e44e4e1-b145-4172-b7ed-4344637f8aa0/opts
May 25 17:30:39 gtw01 kernel: [ 8262.215529] device ha-b1066e3e-ba left promiscuous mode
May 25 17:30:39 gtw01 dnsmasq[26097]: read /var/lib/neutron/dhcp/0764b600-0137-4503-8c67-e94dccf676fb/addn_hosts - 2 addresses
May 25 17:30:39 gtw01 dnsmasq-dhcp[26097]: read /var/lib/neutron/dhcp/0764b600-0137-4503-8c67-e94dccf676fb/host
May 25 17:30:39 gtw01 dnsmasq-dhcp[26097]: read /var/lib/neutron/dhcp/0764b600-0137-4503-8c67-e94dccf676fb/opts
May 25 17:30:40 gtw01 dnsmasq[26097]: read /var/lib/neutron/dhcp/0764b600-0137-4503-8c67-e94dccf676fb/addn_hosts - 2 addresses
May 25 17:30:40 gtw01 dnsmasq-dhcp[26097]: read /var/lib/neutron/dhcp/0764b600-0137-4503-8c67-e94dccf676fb/host
May 25 17:30:40 gtw01 dnsmasq-dhcp[26097]: read /var/lib/neutron/dhcp/0764b600-0137-4503-8c67-e94dccf676fb/opts
May 25 17:30:41 gtw01 dnsmasq[26070]: read /var/lib/neutron/dhcp/8d2881d4-a5ea-471e-9228-bacc6a7bc65c/addn_hosts - 2 addresses
May 25 17:30:41 gtw01 dnsmasq-dhcp[26070]: read /var/lib/neutron/dhcp/8d2881d4-a5ea-471e-9228-bacc6a7bc65c/host
May 25 17:30:41 gtw01 dnsmasq-dhcp[26070]: read /var/lib/neutron/dhcp/8d2881d4-a5ea-471e-9228-bacc6a7bc65c/opts
May 25 17:30:43 gtw01 dnsmasq[25973]: read /var/lib/neutron/dhcp/d9899c53-d41b-48f5-af27-19c2acb0b9f4/addn_hosts - 7 addresses
May 25 17:30:43 gtw01 dnsmasq-dhcp[25973]: read /var/lib/neutron/dhcp/d9899c53-d41b-48f5-af27-19c2acb0b9f4/host
May 25 17:30:43 gtw01 dnsmasq-dhcp[25973]: read /var/lib/neutron/dhcp/d9899c53-d41b-48f5-af27-19c2acb0b9f4/opts
May 25 17:30:44 gtw01 dnsmasq[26070]: read /var/lib/neutron/dhcp/8d2881d4-a5ea-471e-9228-bacc6a7bc65c/addn_hosts - 2 addresses
May 25 17:30:44 gtw01 dnsmasq-dhcp[26070]: read /var/lib/neutron/dhcp/8d2881d4-a5ea-471e-9228-bacc6a7bc65c/host
May 25 17:30:44 gtw01 dnsmasq-dhcp[26070]: read /var/lib/neutron/dhcp/8d2881d4-a5ea-471e-9228-bacc6a7bc65c/opts
May 25 17:30:45 gtw01 dnsmasq[26070]: read /var/lib/neutron/dhcp/8d2881d4-a5ea-471e-9228-bacc6a7bc65c/addn_hosts - 2 addresses
May 25 17:30:45 gtw01 dnsmasq-dhcp[26070]: read /var/lib/neutron/dhcp/8d2881d4-a5ea-471e-9228-bacc6a7bc65c/host
May 25 17:30:45 gtw01 dnsmasq-dhcp[26070]: read /var/lib/neutron/dhcp/8d2881d4-a5ea-471e-9228-bacc6a7bc65c/opts
May 25 17:30:46 gtw01 dnsmasq[27485]: started, version 2.80 cachesize 150
May 25 17:30:46 gtw01 dnsmasq[27485]: DNS service limited to local subnets
May 25 17:30:46 gtw01 dnsmasq[27485]: compile time options: IPv6 GNU-getopt DBus i18n IDN DHCP DHCPv6 no-Lua TFTP conntrack ipset auth DNSSEC loop-detect inotify dumpfile
May 25 17:30:46 gtw01 dnsmasq[27485]: warning: no upstream servers configured
May 25 17:30:46 gtw01 dnsmasq-dhcp[27485]: DHCP, static leases only on 192.168.120.0, lease time 1h
May 25 17:30:46 gtw01 dnsmasq[27485]: read /var/lib/neutron/dhcp/7e44e4e1-b145-4172-b7ed-4344637f8aa0/addn_hosts - 1 addresses
May 25 17:30:46 gtw01 dnsmasq-dhcp[27485]: read /var/lib/neutron/dhcp/7e44e4e1-b145-4172-b7ed-4344637f8aa0/host
May 25 17:30:46 gtw01 dnsmasq-dhcp[27485]: read /var/lib/neutron/dhcp/7e44e4e1-b145-4172-b7ed-4344637f8aa0/opts
May 25 17:30:46 gtw01 dnsmasq[26097]: read /var/lib/neutron/dhcp/0764b600-0137-4503-8c67-e94dccf676fb/addn_hosts - 1 addresses
May 25 17:30:46 gtw01 dnsmasq-dhcp[26097]: read /var/lib/neutron/dhcp/0764b600-0137-4503-8c67-e94dccf676fb/host
May 25 17:30:46 gtw01 dnsmasq-dhcp[26097]: read /var/lib/neutron/dhcp/0764b600-0137-4503-8c67-e94dccf676fb/opts
May 25 17:30:46 gtw01 dnsmasq[26070]: read /var/lib/neutron/dhcp/8d2881d4-a5ea-471e-9228-bacc6a7bc65c/addn_hosts - 1 addresses
May 25 17:30:46 gtw01 dnsmasq-dhcp[26070]: read /var/lib/neutron/dhcp/8d2881d4-a5ea-471e-9228-bacc6a7bc65c/host
May 25 17:30:46 gtw01 dnsmasq-dhcp[26070]: read /var/lib/neutron/dhcp/8d2881d4-a5ea-471e-9228-bacc6a7bc65c/opts
May 25 17:30:47 gtw01 kernel: [ 8270.248461] device tapa409f26f-7a left promiscuous mode
May 25 17:30:47 gtw01 kernel: [ 8270.424025] device qg-aee6da56-6e entered promiscuous mode
May 25 17:30:47 gtw01 systemd-udevd[27563]: Could not generate persistent MAC address for qg-aee6da56-6e: No such file or directory
May 25 17:30:48 gtw01 dnsmasq[26097]: read /var/lib/neutron/dhcp/0764b600-0137-4503-8c67-e94dccf676fb/addn_hosts - 2 addresses
May 25 17:30:48 gtw01 dnsmasq-dhcp[26097]: read /var/lib/neutron/dhcp/0764b600-0137-4503-8c67-e94dccf676fb/host
May 25 17:30:48 gtw01 dnsmasq-dhcp[26097]: read /var/lib/neutron/dhcp/0764b600-0137-4503-8c67-e94dccf676fb/opts
May 25 17:30:49 gtw01 dnsmasq[26097]: read /var/lib/neutron/dhcp/0764b600-0137-4503-8c67-e94dccf676fb/addn_hosts - 2 addresses
May 25 17:30:49 gtw01 dnsmasq-dhcp[26097]: read /var/lib/neutron/dhcp/0764b600-0137-4503-8c67-e94dccf676fb/host
May 25 17:30:49 gtw01 dnsmasq-dhcp[26097]: read /var/lib/neutron/dhcp/0764b600-0137-4503-8c67-e94dccf676fb/opts
May 25 17:30:50 gtw01 dnsmasq[25973]: read /var/lib/neutron/dhcp/d9899c53-d41b-48f5-af27-19c2acb0b9f4/addn_hosts - 9 addresses
May 25 17:30:50 gtw01 dnsmasq-dhcp[25973]: read /var/lib/neutron/dhcp/d9899c53-d41b-48f5-af27-19c2acb0b9f4/host
May 25 17:30:50 gtw01 dnsmasq-dhcp[25973]: read /var/lib/neutron/dhcp/d9899c53-d41b-48f5-af27-19c2acb0b9f4/opts
May 25 17:30:51 gtw01 dnsmasq[26070]: read /var/lib/neutron/dhcp/8d2881d4-a5ea-471e-9228-bacc6a7bc65c/addn_hosts - 2 addresses
May 25 17:30:51 gtw01 dnsmasq-dhcp[26070]: read /var/lib/neutron/dhcp/8d2881d4-a5ea-471e-9228-bacc6a7bc65c/host
May 25 17:30:51 gtw01 dnsmasq-dhcp[26070]: read /var/lib/neutron/dhcp/8d2881d4-a5ea-471e-9228-bacc6a7bc65c/opts
May 25 17:30:52 gtw01 dnsmasq[26070]: read /var/lib/neutron/dhcp/8d2881d4-a5ea-471e-9228-bacc6a7bc65c/addn_hosts - 2 addresses
May 25 17:30:52 gtw01 dnsmasq-dhcp[26070]: read /var/lib/neutron/dhcp/8d2881d4-a5ea-471e-9228-bacc6a7bc65c/host
May 25 17:30:52 gtw01 dnsmasq-dhcp[26070]: read /var/lib/neutron/dhcp/8d2881d4-a5ea-471e-9228-bacc6a7bc65c/opts
May 25 17:30:53 gtw01 dnsmasq[25973]: read /var/lib/neutron/dhcp/d9899c53-d41b-48f5-af27-19c2acb0b9f4/addn_hosts - 10 addresses
May 25 17:30:53 gtw01 dnsmasq-dhcp[25973]: read /var/lib/neutron/dhcp/d9899c53-d41b-48f5-af27-19c2acb0b9f4/host
May 25 17:30:53 gtw01 dnsmasq-dhcp[25973]: read /var/lib/neutron/dhcp/d9899c53-d41b-48f5-af27-19c2acb0b9f4/opts
May 25 17:30:53 gtw01 dnsmasq[26070]: read /var/lib/neutron/dhcp/8d2881d4-a5ea-471e-9228-bacc6a7bc65c/addn_hosts - 2 addresses
May 25 17:30:53 gtw01 dnsmasq-dhcp[26070]: read /var/lib/neutron/dhcp/8d2881d4-a5ea-471e-9228-bacc6a7bc65c/host
May 25 17:30:53 gtw01 dnsmasq-dhcp[26070]: read /var/lib/neutron/dhcp/8d2881d4-a5ea-471e-9228-bacc6a7bc65c/opts
May 25 17:30:54 gtw01 haproxy-metadata-proxy-a7671053-a2fd-439f-a7c5-4f3bf4794e67[27920]: Proxy listener started.
May 25 17:30:54 gtw01 dnsmasq[26097]: read /var/lib/neutron/dhcp/0764b600-0137-4503-8c67-e94dccf676fb/addn_hosts - 1 addresses
May 25 17:30:54 gtw01 dnsmasq-dhcp[26097]: read /var/lib/neutron/dhcp/0764b600-0137-4503-8c67-e94dccf676fb/host
May 25 17:30:54 gtw01 dnsmasq-dhcp[26097]: read /var/lib/neutron/dhcp/0764b600-0137-4503-8c67-e94dccf676fb/opts
May 25 17:30:55 gtw01 dnsmasq[26070]: read /var/lib/neutron/dhcp/8d2881d4-a5ea-471e-9228-bacc6a7bc65c/addn_hosts - 1 addresses
May 25 17:30:55 gtw01 dnsmasq-dhcp[26070]: read /var/lib/neutron/dhcp/8d2881d4-a5ea-471e-9228-bacc6a7bc65c/host
