May 25 15:53:07 gtw01 kernel: [ 2410.228404] IPv4: martian source 192.168.120.1 from 192.168.120.1, on dev qr-d8b614cb-a3
May 25 15:53:07 gtw01 kernel: [ 2410.228408] ll header: 00000000: ff ff ff ff ff ff fa 16 3e ea 49 85 08 06        ........>.I...
May 25 15:53:07 gtw01 kernel: [ 2410.228410] IPv4: martian source 192.168.120.1 from 192.168.120.1, on dev qg-3d56198f-3e
May 25 15:53:07 gtw01 kernel: [ 2410.228411] ll header: 00000000: ff ff ff ff ff ff fa 16 3e ea 49 85 08 06        ........>.I...
May 25 15:53:07 gtw01 systemd-udevd[31822]: Could not generate persistent MAC address for qg-9e2822e0-20: No such file or directory
May 25 15:53:07 gtw01 kernel: [ 2410.283519] device qg-9e2822e0-20 entered promiscuous mode
May 25 15:53:08 gtw01 dnsmasq[31411]: read /var/lib/neutron/dhcp/5870f162-317e-4c1e-a7d9-d8543018e155/addn_hosts - 2 addresses
May 25 15:53:08 gtw01 dnsmasq-dhcp[31411]: read /var/lib/neutron/dhcp/5870f162-317e-4c1e-a7d9-d8543018e155/host
May 25 15:53:08 gtw01 dnsmasq-dhcp[31411]: read /var/lib/neutron/dhcp/5870f162-317e-4c1e-a7d9-d8543018e155/opts
May 25 15:53:08 gtw01 kernel: [ 2410.799902] IPv4: martian source 192.168.120.1 from 192.168.120.1, on dev qg-3d56198f-3e
May 25 15:53:08 gtw01 kernel: [ 2410.799905] ll header: 00000000: ff ff ff ff ff ff fa 16 3e a9 0f 71 08 06        ........>..q..
May 25 15:53:08 gtw01 kernel: [ 2410.799908] IPv4: martian source 192.168.120.1 from 192.168.120.1, on dev qr-263adb62-62
May 25 15:53:08 gtw01 kernel: [ 2410.799909] ll header: 00000000: ff ff ff ff ff ff fa 16 3e a9 0f 71 08 06        ........>..q..
May 25 15:53:08 gtw01 kernel: [ 2410.799911] IPv4: martian source 192.168.120.1 from 192.168.120.1, on dev qg-9e2822e0-20
May 25 15:53:08 gtw01 kernel: [ 2410.799912] ll header: 00000000: ff ff ff ff ff ff fa 16 3e a9 0f 71 08 06        ........>..q..
May 25 15:53:09 gtw01 dnsmasq[31411]: read /var/lib/neutron/dhcp/5870f162-317e-4c1e-a7d9-d8543018e155/addn_hosts - 2 addresses
May 25 15:53:09 gtw01 dnsmasq-dhcp[31411]: read /var/lib/neutron/dhcp/5870f162-317e-4c1e-a7d9-d8543018e155/host
May 25 15:53:09 gtw01 dnsmasq-dhcp[31411]: read /var/lib/neutron/dhcp/5870f162-317e-4c1e-a7d9-d8543018e155/opts
May 25 15:53:09 gtw01 haproxy-metadata-proxy-b2732f27-7b21-4a3e-97e3-e425136eaf8c[32016]: Proxy listener started.
May 25 15:53:10 gtw01 dnsmasq[31411]: read /var/lib/neutron/dhcp/5870f162-317e-4c1e-a7d9-d8543018e155/addn_hosts - 2 addresses
May 25 15:53:10 gtw01 dnsmasq-dhcp[31411]: read /var/lib/neutron/dhcp/5870f162-317e-4c1e-a7d9-d8543018e155/host
May 25 15:53:10 gtw01 dnsmasq-dhcp[31411]: read /var/lib/neutron/dhcp/5870f162-317e-4c1e-a7d9-d8543018e155/opts
May 25 15:53:10 gtw01 kernel: [ 2413.040033] IPv4: martian source 192.168.120.1 from 192.168.120.1, on dev qr-d8b614cb-a3
May 25 15:53:10 gtw01 kernel: [ 2413.040036] ll header: 00000000: ff ff ff ff ff ff fa 16 3e ea 49 85 08 06        ........>.I...
May 25 15:53:11 gtw01 kernel: [ 2413.496115] IPv4: martian source 192.168.120.1 from 192.168.120.1, on dev qr-263adb62-62
May 25 15:53:11 gtw01 kernel: [ 2413.496119] ll header: 00000000: ff ff ff ff ff ff fa 16 3e a9 0f 71 08 06        ........>..q..
May 25 15:53:11 gtw01 dnsmasq[30836]: read /var/lib/neutron/dhcp/0798c1e7-bda9-4b4b-812f-039509109b44/addn_hosts - 3 addresses
May 25 15:53:11 gtw01 dnsmasq-dhcp[30836]: read /var/lib/neutron/dhcp/0798c1e7-bda9-4b4b-812f-039509109b44/host
May 25 15:53:11 gtw01 dnsmasq-dhcp[30836]: read /var/lib/neutron/dhcp/0798c1e7-bda9-4b4b-812f-039509109b44/opts
May 25 15:53:12 gtw01 dnsmasq[30816]: read /var/lib/neutron/dhcp/d2ef8d24-3ddd-4735-abf0-996776c0d5a8/addn_hosts - 2 addresses
May 25 15:53:12 gtw01 dnsmasq-dhcp[30816]: read /var/lib/neutron/dhcp/d2ef8d24-3ddd-4735-abf0-996776c0d5a8/host
May 25 15:53:12 gtw01 dnsmasq-dhcp[30816]: read /var/lib/neutron/dhcp/d2ef8d24-3ddd-4735-abf0-996776c0d5a8/opts
May 25 15:53:12 gtw01 kernel: [ 2415.270513] device qr-8e287b25-29 entered promiscuous mode
May 25 15:53:12 gtw01 systemd-udevd[32220]: Could not generate persistent MAC address for qr-8e287b25-29: No such file or directory
May 25 15:53:13 gtw01 dnsmasq[30836]: read /var/lib/neutron/dhcp/0798c1e7-bda9-4b4b-812f-039509109b44/addn_hosts - 3 addresses
May 25 15:53:13 gtw01 dnsmasq-dhcp[30836]: read /var/lib/neutron/dhcp/0798c1e7-bda9-4b4b-812f-039509109b44/host
May 25 15:53:13 gtw01 dnsmasq-dhcp[30836]: read /var/lib/neutron/dhcp/0798c1e7-bda9-4b4b-812f-039509109b44/opts
May 25 15:53:13 gtw01 dnsmasq[30816]: read /var/lib/neutron/dhcp/d2ef8d24-3ddd-4735-abf0-996776c0d5a8/addn_hosts - 2 addresses
May 25 15:53:13 gtw01 dnsmasq-dhcp[30816]: read /var/lib/neutron/dhcp/d2ef8d24-3ddd-4735-abf0-996776c0d5a8/host
May 25 15:53:13 gtw01 dnsmasq-dhcp[30816]: read /var/lib/neutron/dhcp/d2ef8d24-3ddd-4735-abf0-996776c0d5a8/opts
May 25 15:53:13 gtw01 kernel: [ 2415.748215] IPv4: martian source 192.168.120.1 from 192.168.120.1, on dev qr-d8b614cb-a3
May 25 15:53:13 gtw01 kernel: [ 2415.748219] ll header: 00000000: ff ff ff ff ff ff fa 16 3e ea 49 85 08 06        ........>.I...
May 25 15:53:13 gtw01 kernel: [ 2415.748223] IPv4: martian source 192.168.120.1 from 192.168.120.1, on dev qr-8e287b25-29
May 25 15:53:13 gtw01 kernel: [ 2415.748224] ll header: 00000000: ff ff ff ff ff ff fa 16 3e ea 49 85 08 06        ........>.I...
May 25 15:53:13 gtw01 haproxy-metadata-proxy-5f5a247b-c35c-41fd-b6a6-da311abc891c[32328]: Proxy listener started.
May 25 15:53:13 gtw01 dnsmasq[31411]: read /var/lib/neutron/dhcp/5870f162-317e-4c1e-a7d9-d8543018e155/addn_hosts - 3 addresses
May 25 15:53:13 gtw01 dnsmasq-dhcp[31411]: read /var/lib/neutron/dhcp/5870f162-317e-4c1e-a7d9-d8543018e155/host
May 25 15:53:13 gtw01 dnsmasq-dhcp[31411]: read /var/lib/neutron/dhcp/5870f162-317e-4c1e-a7d9-d8543018e155/opts
May 25 15:53:14 gtw01 dnsmasq[30836]: read /var/lib/neutron/dhcp/0798c1e7-bda9-4b4b-812f-039509109b44/addn_hosts - 3 addresses
May 25 15:53:14 gtw01 dnsmasq-dhcp[30836]: read /var/lib/neutron/dhcp/0798c1e7-bda9-4b4b-812f-039509109b44/host
May 25 15:53:14 gtw01 dnsmasq-dhcp[30836]: read /var/lib/neutron/dhcp/0798c1e7-bda9-4b4b-812f-039509109b44/opts
May 25 15:53:14 gtw01 dnsmasq[30816]: read /var/lib/neutron/dhcp/d2ef8d24-3ddd-4735-abf0-996776c0d5a8/addn_hosts - 3 addresses
May 25 15:53:14 gtw01 dnsmasq-dhcp[30816]: read /var/lib/neutron/dhcp/d2ef8d24-3ddd-4735-abf0-996776c0d5a8/host
May 25 15:53:14 gtw01 dnsmasq-dhcp[30816]: read /var/lib/neutron/dhcp/d2ef8d24-3ddd-4735-abf0-996776c0d5a8/opts
May 25 15:53:14 gtw01 dnsmasq[31411]: read /var/lib/neutron/dhcp/5870f162-317e-4c1e-a7d9-d8543018e155/addn_hosts - 3 addresses
May 25 15:53:14 gtw01 dnsmasq-dhcp[31411]: read /var/lib/neutron/dhcp/5870f162-317e-4c1e-a7d9-d8543018e155/host
May 25 15:53:14 gtw01 dnsmasq-dhcp[31411]: read /var/lib/neutron/dhcp/5870f162-317e-4c1e-a7d9-d8543018e155/opts
May 25 15:53:15 gtw01 dnsmasq[30836]: read /var/lib/neutron/dhcp/0798c1e7-bda9-4b4b-812f-039509109b44/addn_hosts - 3 addresses
May 25 15:53:15 gtw01 dnsmasq-dhcp[30836]: read /var/lib/neutron/dhcp/0798c1e7-bda9-4b4b-812f-039509109b44/host
May 25 15:53:15 gtw01 dnsmasq-dhcp[30836]: read /var/lib/neutron/dhcp/0798c1e7-bda9-4b4b-812f-039509109b44/opts
May 25 15:53:15 gtw01 haproxy-metadata-proxy-017e42dc-2884-4506-bda3-2b01f04b5443[32525]: Proxy listener started.
May 25 15:53:15 gtw01 dnsmasq[30816]: read /var/lib/neutron/dhcp/d2ef8d24-3ddd-4735-abf0-996776c0d5a8/addn_hosts - 3 addresses
May 25 15:53:15 gtw01 dnsmasq-dhcp[30816]: read /var/lib/neutron/dhcp/d2ef8d24-3ddd-4735-abf0-996776c0d5a8/host
May 25 15:53:15 gtw01 dnsmasq-dhcp[30816]: read /var/lib/neutron/dhcp/d2ef8d24-3ddd-4735-abf0-996776c0d5a8/opts
May 25 15:53:15 gtw01 dnsmasq[31411]: read /var/lib/neutron/dhcp/5870f162-317e-4c1e-a7d9-d8543018e155/addn_hosts - 3 addresses
May 25 15:53:15 gtw01 dnsmasq-dhcp[31411]: read /var/lib/neutron/dhcp/5870f162-317e-4c1e-a7d9-d8543018e155/host
May 25 15:53:15 gtw01 dnsmasq-dhcp[31411]: read /var/lib/neutron/dhcp/5870f162-317e-4c1e-a7d9-d8543018e155/opts
May 25 15:53:16 gtw01 dnsmasq[30836]: read /var/lib/neutron/dhcp/0798c1e7-bda9-4b4b-812f-039509109b44/addn_hosts - 3 addresses
May 25 15:53:16 gtw01 dnsmasq-dhcp[30836]: read /var/lib/neutron/dhcp/0798c1e7-bda9-4b4b-812f-039509109b44/host
May 25 15:53:16 gtw01 dnsmasq-dhcp[30836]: read /var/lib/neutron/dhcp/0798c1e7-bda9-4b4b-812f-039509109b44/opts
May 25 15:53:17 gtw01 dnsmasq[30816]: read /var/lib/neutron/dhcp/d2ef8d24-3ddd-4735-abf0-996776c0d5a8/addn_hosts - 3 addresses
May 25 15:53:17 gtw01 dnsmasq-dhcp[30816]: read /var/lib/neutron/dhcp/d2ef8d24-3ddd-4735-abf0-996776c0d5a8/host
May 25 15:53:17 gtw01 dnsmasq-dhcp[30816]: read /var/lib/neutron/dhcp/d2ef8d24-3ddd-4735-abf0-996776c0d5a8/opts
May 25 15:53:17 gtw01 dnsmasq[31411]: read /var/lib/neutron/dhcp/5870f162-317e-4c1e-a7d9-d8543018e155/addn_hosts - 3 addresses
May 25 15:53:17 gtw01 dnsmasq-dhcp[31411]: read /var/lib/neutron/dhcp/5870f162-317e-4c1e-a7d9-d8543018e155/host
May 25 15:53:17 gtw01 dnsmasq-dhcp[31411]: read /var/lib/neutron/dhcp/5870f162-317e-4c1e-a7d9-d8543018e155/opts
May 25 15:53:17 gtw01 systemd-udevd[32662]: Could not generate persistent MAC address for vxlan_sys_4789: No such file or directory
May 25 15:53:17 gtw01 kernel: [ 2419.889049] device vxlan_sys_4789 entered promiscuous mode
May 25 15:53:18 gtw01 dnsmasq[31411]: read /var/lib/neutron/dhcp/5870f162-317e-4c1e-a7d9-d8543018e155/addn_hosts - 3 addresses
May 25 15:53:18 gtw01 dnsmasq-dhcp[31411]: read /var/lib/neutron/dhcp/5870f162-317e-4c1e-a7d9-d8543018e155/host
May 25 15:53:18 gtw01 dnsmasq-dhcp[31411]: read /var/lib/neutron/dhcp/5870f162-317e-4c1e-a7d9-d8543018e155/opts
May 25 15:53:18 gtw01 systemd-udevd[363]: Could not generate persistent MAC address for tap2144bc8b-6f: No such file or directory
May 25 15:53:18 gtw01 kernel: [ 2421.153508] device tap2144bc8b-6f entered promiscuous mode
May 25 15:53:18 gtw01 systemd-udevd[363]: Process '/sbin/ip link set tap2144bc8b-6f txqueuelen 10000' failed with exit code 1.
May 25 15:53:18 gtw01 systemd-udevd[459]: Process '/sbin/ip link set tap2144bc8b-6f txqueuelen 10000' failed with exit code 1.
May 25 15:53:21 gtw01 systemd-udevd[677]: Could not generate persistent MAC address for qg-cb5ebf1f-7c: No such file or directory
May 25 15:53:21 gtw01 kernel: [ 2424.172284] device qg-cb5ebf1f-7c entered promiscuous mode
May 25 15:53:22 gtw01 dnsmasq[774]: started, version 2.80 cachesize 150
May 25 15:53:22 gtw01 dnsmasq[774]: DNS service limited to local subnets
May 25 15:53:22 gtw01 dnsmasq[774]: compile time options: IPv6 GNU-getopt DBus i18n IDN DHCP DHCPv6 no-Lua TFTP conntrack ipset auth DNSSEC loop-detect inotify dumpfile
May 25 15:53:22 gtw01 dnsmasq[774]: warning: no upstream servers configured
May 25 15:53:22 gtw01 dnsmasq-dhcp[774]: DHCP, static leases only on 192.168.120.0, lease time 1h
May 25 15:53:22 gtw01 dnsmasq[774]: read /var/lib/neutron/dhcp/019d5088-b7aa-41d0-8a0e-fbdcd5cea43f/addn_hosts - 1 addresses
May 25 15:53:22 gtw01 dnsmasq-dhcp[774]: read /var/lib/neutron/dhcp/019d5088-b7aa-41d0-8a0e-fbdcd5cea43f/host
May 25 15:53:22 gtw01 dnsmasq-dhcp[774]: read /var/lib/neutron/dhcp/019d5088-b7aa-41d0-8a0e-fbdcd5cea43f/opts
May 25 15:53:22 gtw01 haproxy-metadata-proxy-019d5088-b7aa-41d0-8a0e-fbdcd5cea43f[789]: Proxy listener started.
May 25 15:53:22 gtw01 dnsmasq[30836]: read /var/lib/neutron/dhcp/0798c1e7-bda9-4b4b-812f-039509109b44/addn_hosts - 2 addresses
May 25 15:53:22 gtw01 dnsmasq-dhcp[30836]: read /var/lib/neutron/dhcp/0798c1e7-bda9-4b4b-812f-039509109b44/host
May 25 15:53:22 gtw01 dnsmasq-dhcp[30836]: read /var/lib/neutron/dhcp/0798c1e7-bda9-4b4b-812f-039509109b44/opts
May 25 15:53:23 gtw01 dnsmasq[774]: read /var/lib/neutron/dhcp/019d5088-b7aa-41d0-8a0e-fbdcd5cea43f/addn_hosts - 2 addresses
May 25 15:53:23 gtw01 dnsmasq-dhcp[774]: read /var/lib/neutron/dhcp/019d5088-b7aa-41d0-8a0e-fbdcd5cea43f/host
May 25 15:53:23 gtw01 dnsmasq-dhcp[774]: read /var/lib/neutron/dhcp/019d5088-b7aa-41d0-8a0e-fbdcd5cea43f/opts
May 25 15:53:24 gtw01 dnsmasq[774]: read /var/lib/neutron/dhcp/019d5088-b7aa-41d0-8a0e-fbdcd5cea43f/addn_hosts - 2 addresses
May 25 15:53:24 gtw01 dnsmasq-dhcp[774]: read /var/lib/neutron/dhcp/019d5088-b7aa-41d0-8a0e-fbdcd5cea43f/host
May 25 15:53:24 gtw01 dnsmasq-dhcp[774]: read /var/lib/neutron/dhcp/019d5088-b7aa-41d0-8a0e-fbdcd5cea43f/opts
May 25 15:53:25 gtw01 dnsmasq[774]: read /var/lib/neutron/dhcp/019d5088-b7aa-41d0-8a0e-fbdcd5cea43f/addn_hosts - 2 addresses
May 25 15:53:25 gtw01 dnsmasq-dhcp[774]: read /var/lib/neutron/dhcp/019d5088-b7aa-41d0-8a0e-fbdcd5cea43f/host
May 25 15:53:25 gtw01 dnsmasq-dhcp[774]: read /var/lib/neutron/dhcp/019d5088-b7aa-41d0-8a0e-fbdcd5cea43f/opts
May 25 15:53:26 gtw01 dnsmasq[774]: read /var/lib/neutron/dhcp/019d5088-b7aa-41d0-8a0e-fbdcd5cea43f/addn_hosts - 2 addresses
May 25 15:53:26 gtw01 dnsmasq-dhcp[774]: read /var/lib/neutron/dhcp/019d5088-b7aa-41d0-8a0e-fbdcd5cea43f/host
May 25 15:53:26 gtw01 dnsmasq-dhcp[774]: read /var/lib/neutron/dhcp/019d5088-b7aa-41d0-8a0e-fbdcd5cea43f/opts
May 25 15:53:27 gtw01 dnsmasq[774]: read /var/lib/neutron/dhcp/019d5088-b7aa-41d0-8a0e-fbdcd5cea43f/addn_hosts - 2 addresses
May 25 15:53:27 gtw01 dnsmasq-dhcp[774]: read /var/lib/neutron/dhcp/019d5088-b7aa-41d0-8a0e-fbdcd5cea43f/host
May 25 15:53:27 gtw01 dnsmasq-dhcp[774]: read /var/lib/neutron/dhcp/019d5088-b7aa-41d0-8a0e-fbdcd5cea43f/opts
May 25 15:53:27 gtw01 dnsmasq[30816]: read /var/lib/neutron/dhcp/d2ef8d24-3ddd-4735-abf0-996776c0d5a8/addn_hosts - 2 addresses
May 25 15:53:27 gtw01 dnsmasq-dhcp[30816]: read /var/lib/neutron/dhcp/d2ef8d24-3ddd-4735-abf0-996776c0d5a8/host
May 25 15:53:27 gtw01 dnsmasq-dhcp[30816]: read /var/lib/neutron/dhcp/d2ef8d24-3ddd-4735-abf0-996776c0d5a8/opts
May 25 15:53:28 gtw01 dnsmasq[30836]: read /var/lib/neutron/dhcp/0798c1e7-bda9-4b4b-812f-039509109b44/addn_hosts - 1 addresses
May 25 15:53:28 gtw01 dnsmasq-dhcp[30836]: read /var/lib/neutron/dhcp/0798c1e7-bda9-4b4b-812f-039509109b44/host
May 25 15:53:28 gtw01 dnsmasq-dhcp[30836]: read /var/lib/neutron/dhcp/0798c1e7-bda9-4b4b-812f-039509109b44/opts
May 25 15:53:28 gtw01 dnsmasq[774]: read /var/lib/neutron/dhcp/019d5088-b7aa-41d0-8a0e-fbdcd5cea43f/addn_hosts - 3 addresses
May 25 15:53:28 gtw01 dnsmasq-dhcp[774]: read /var/lib/neutron/dhcp/019d5088-b7aa-41d0-8a0e-fbdcd5cea43f/host
May 25 15:53:28 gtw01 dnsmasq-dhcp[774]: read /var/lib/neutron/dhcp/019d5088-b7aa-41d0-8a0e-fbdcd5cea43f/opts
May 25 15:53:29 gtw01 haproxy-metadata-proxy-0798c1e7-bda9-4b4b-812f-039509109b44[1260]: Proxy listener started.
May 25 15:53:29 gtw01 dnsmasq-dhcp[31411]: DHCPDISCOVER(tap6d412cae-ed) fa:16:3e:87:70:b7
May 25 15:53:29 gtw01 dnsmasq-dhcp[31411]: DHCPOFFER(tap6d412cae-ed) 192.168.120.11 fa:16:3e:87:70:b7
May 25 15:53:29 gtw01 dnsmasq-dhcp[31411]: DHCPREQUEST(tap6d412cae-ed) 192.168.120.11 fa:16:3e:87:70:b7
May 25 15:53:29 gtw01 dnsmasq-dhcp[31411]: DHCPACK(tap6d412cae-ed) 192.168.120.11 fa:16:3e:87:70:b7 host-192-168-120-11
May 25 15:53:29 gtw01 haproxy-metadata-proxy-e08dfafe-9449-444d-a932-a985bd6a25a9[1305]: Proxy listener started.
May 25 15:53:30 gtw01 dnsmasq[774]: read /var/lib/neutron/dhcp/019d5088-b7aa-41d0-8a0e-fbdcd5cea43f/addn_hosts - 3 addresses
May 25 15:53:30 gtw01 dnsmasq-dhcp[774]: read /var/lib/neutron/dhcp/019d5088-b7aa-41d0-8a0e-fbdcd5cea43f/host
May 25 15:53:30 gtw01 dnsmasq-dhcp[774]: read /var/lib/neutron/dhcp/019d5088-b7aa-41d0-8a0e-fbdcd5cea43f/opts
May 25 15:53:31 gtw01 dnsmasq[774]: read /var/lib/neutron/dhcp/019d5088-b7aa-41d0-8a0e-fbdcd5cea43f/addn_hosts - 3 addresses
May 25 15:53:31 gtw01 dnsmasq-dhcp[774]: read /var/lib/neutron/dhcp/019d5088-b7aa-41d0-8a0e-fbdcd5cea43f/host
May 25 15:53:31 gtw01 dnsmasq-dhcp[774]: read /var/lib/neutron/dhcp/019d5088-b7aa-41d0-8a0e-fbdcd5cea43f/opts
May 25 15:53:31 gtw01 kernel: [ 2433.454306] device qr-d8b614cb-a3 left promiscuous mode
May 25 15:53:31 gtw01 systemd-udevd[1439]: Could not generate persistent MAC address for qr-235d3d34-74: No such file or directory
May 25 15:53:31 gtw01 kernel: [ 2434.137033] device qr-235d3d34-74 entered promiscuous mode
May 25 15:53:32 gtw01 kernel: [ 2434.397498] device qg-3d56198f-3e left promiscuous mode
May 25 15:53:32 gtw01 dnsmasq[774]: read /var/lib/neutron/dhcp/019d5088-b7aa-41d0-8a0e-fbdcd5cea43f/addn_hosts - 3 addresses
May 25 15:53:32 gtw01 dnsmasq-dhcp[774]: read /var/lib/neutron/dhcp/019d5088-b7aa-41d0-8a0e-fbdcd5cea43f/host
May 25 15:53:32 gtw01 dnsmasq-dhcp[774]: read /var/lib/neutron/dhcp/019d5088-b7aa-41d0-8a0e-fbdcd5cea43f/opts
May 25 15:53:32 gtw01 kernel: [ 2435.156836] device tap627588ac-a0 left promiscuous mode
May 25 15:53:33 gtw01 dnsmasq[774]: read /var/lib/neutron/dhcp/019d5088-b7aa-41d0-8a0e-fbdcd5cea43f/addn_hosts - 3 addresses
May 25 15:53:33 gtw01 dnsmasq-dhcp[774]: read /var/lib/neutron/dhcp/019d5088-b7aa-41d0-8a0e-fbdcd5cea43f/host
May 25 15:53:33 gtw01 dnsmasq-dhcp[774]: read /var/lib/neutron/dhcp/019d5088-b7aa-41d0-8a0e-fbdcd5cea43f/opts
May 25 15:53:33 gtw01 dnsmasq[31411]: read /var/lib/neutron/dhcp/5870f162-317e-4c1e-a7d9-d8543018e155/addn_hosts - 4 addresses
May 25 15:53:33 gtw01 dnsmasq-dhcp[31411]: read /var/lib/neutron/dhcp/5870f162-317e-4c1e-a7d9-d8543018e155/host
May 25 15:53:33 gtw01 dnsmasq-dhcp[31411]: read /var/lib/neutron/dhcp/5870f162-317e-4c1e-a7d9-d8543018e155/opts
May 25 15:53:33 gtw01 dnsmasq[30816]: read /var/lib/neutron/dhcp/d2ef8d24-3ddd-4735-abf0-996776c0d5a8/addn_hosts - 1 addresses
May 25 15:53:33 gtw01 dnsmasq-dhcp[30816]: read /var/lib/neutron/dhcp/d2ef8d24-3ddd-4735-abf0-996776c0d5a8/host
May 25 15:53:33 gtw01 dnsmasq-dhcp[30816]: read /var/lib/neutron/dhcp/d2ef8d24-3ddd-4735-abf0-996776c0d5a8/opts
May 25 15:53:34 gtw01 haproxy-metadata-proxy-d2ef8d24-3ddd-4735-abf0-996776c0d5a8[1718]: Proxy listener started.
May 25 15:53:35 gtw01 kernel: [ 2437.458985] device qr-8e287b25-29 left promiscuous mode
May 25 15:53:36 gtw01 dnsmasq[31411]: read /var/lib/neutron/dhcp/5870f162-317e-4c1e-a7d9-d8543018e155/addn_hosts - 3 addresses
May 25 15:53:36 gtw01 dnsmasq-dhcp[31411]: read /var/lib/neutron/dhcp/5870f162-317e-4c1e-a7d9-d8543018e155/host
May 25 15:53:36 gtw01 dnsmasq-dhcp[31411]: read /var/lib/neutron/dhcp/5870f162-317e-4c1e-a7d9-d8543018e155/opts
May 25 15:53:38 gtw01 kernel: [ 2440.511485] device qg-6ba1b696-17 left promiscuous mode
May 25 15:53:39 gtw01 dnsmasq-dhcp[31411]: DHCPRELEASE(tap6d412cae-ed) 192.168.120.11 fa:16:3e:87:70:b7
May 25 15:53:39 gtw01 kernel: [ 2441.731596] device tap5504b5db-98 left promiscuous mode
May 25 15:53:39 gtw01 dnsmasq-dhcp[31411]: DHCPRELEASE(tap6d412cae-ed) 192.168.120.11 fa:16:3e:87:70:b7 unknown lease
May 25 15:53:40 gtw01 dnsmasq[31411]: read /var/lib/neutron/dhcp/5870f162-317e-4c1e-a7d9-d8543018e155/addn_hosts - 2 addresses
May 25 15:53:40 gtw01 dnsmasq-dhcp[31411]: read /var/lib/neutron/dhcp/5870f162-317e-4c1e-a7d9-d8543018e155/host
May 25 15:53:40 gtw01 dnsmasq-dhcp[31411]: read /var/lib/neutron/dhcp/5870f162-317e-4c1e-a7d9-d8543018e155/opts
May 25 15:53:40 gtw01 systemd-udevd[2052]: Could not generate persistent MAC address for tap17c78bbf-c4: No such file or directory
May 25 15:53:40 gtw01 kernel: [ 2443.003527] device tap17c78bbf-c4 entered promiscuous mode
May 25 15:53:40 gtw01 systemd-udevd[2052]: Process '/sbin/ip link set tap17c78bbf-c4 txqueuelen 10000' failed with exit code 1.
May 25 15:53:40 gtw01 systemd-udevd[2052]: Process '/sbin/ip link set tap17c78bbf-c4 txqueuelen 10000' failed with exit code 1.
May 25 15:53:43 gtw01 dnsmasq-dhcp[774]: DHCPDISCOVER(tap2144bc8b-6f) fa:16:3e:48:47:5d
May 25 15:53:43 gtw01 dnsmasq-dhcp[774]: DHCPOFFER(tap2144bc8b-6f) 192.168.120.7 fa:16:3e:48:47:5d
May 25 15:53:43 gtw01 dnsmasq-dhcp[774]: DHCPREQUEST(tap2144bc8b-6f) 192.168.120.7 fa:16:3e:48:47:5d
May 25 15:53:43 gtw01 dnsmasq-dhcp[774]: DHCPACK(tap2144bc8b-6f) 192.168.120.7 fa:16:3e:48:47:5d host-192-168-120-7
May 25 15:53:43 gtw01 systemd-udevd[2310]: Could not generate persistent MAC address for qr-92916450-b8: No such file or directory
May 25 15:53:43 gtw01 kernel: [ 2446.039633] device qr-92916450-b8 entered promiscuous mode
May 25 15:53:43 gtw01 dnsmasq[31411]: read /var/lib/neutron/dhcp/5870f162-317e-4c1e-a7d9-d8543018e155/addn_hosts - 1 addresses
May 25 15:53:43 gtw01 dnsmasq-dhcp[31411]: read /var/lib/neutron/dhcp/5870f162-317e-4c1e-a7d9-d8543018e155/host
May 25 15:53:43 gtw01 dnsmasq-dhcp[31411]: read /var/lib/neutron/dhcp/5870f162-317e-4c1e-a7d9-d8543018e155/opts
May 25 15:53:44 gtw01 dnsmasq[2409]: started, version 2.80 cachesize 150
May 25 15:53:44 gtw01 dnsmasq[2409]: DNS service limited to local subnets
May 25 15:53:44 gtw01 dnsmasq[2409]: compile time options: IPv6 GNU-getopt DBus i18n IDN DHCP DHCPv6 no-Lua TFTP conntrack ipset auth DNSSEC loop-detect inotify dumpfile
May 25 15:53:44 gtw01 dnsmasq[2409]: warning: no upstream servers configured
May 25 15:53:44 gtw01 dnsmasq-dhcp[2409]: DHCP, static leases only on 192.168.120.0, lease time 1h
May 25 15:53:44 gtw01 dnsmasq[2409]: read /var/lib/neutron/dhcp/b1a6716e-e2da-48ed-9280-78a4f3c6b69d/addn_hosts - 1 addresses
May 25 15:53:44 gtw01 dnsmasq-dhcp[2409]: read /var/lib/neutron/dhcp/b1a6716e-e2da-48ed-9280-78a4f3c6b69d/host
May 25 15:53:44 gtw01 dnsmasq-dhcp[2409]: read /var/lib/neutron/dhcp/b1a6716e-e2da-48ed-9280-78a4f3c6b69d/opts
May 25 15:53:44 gtw01 haproxy-metadata-proxy-b1a6716e-e2da-48ed-9280-78a4f3c6b69d[2425]: Proxy listener started.
May 25 15:53:44 gtw01 haproxy-metadata-proxy-5870f162-317e-4c1e-a7d9-d8543018e155[2437]: Proxy listener started.
May 25 15:53:44 gtw01 kernel: [ 2447.189202] IPv4: martian source 192.168.120.1 from 192.168.120.1, on dev qr-263adb62-62
May 25 15:53:44 gtw01 kernel: [ 2447.189205] ll header: 00000000: ff ff ff ff ff ff fa 16 3e 3a a5 0c 08 06        ........>:....
May 25 15:53:44 gtw01 kernel: [ 2447.231825] device qg-5105e394-ef entered promiscuous mode
May 25 15:53:44 gtw01 systemd-udevd[2454]: Could not generate persistent MAC address for qg-5105e394-ef: No such file or directory
May 25 15:53:45 gtw01 dnsmasq[2409]: read /var/lib/neutron/dhcp/b1a6716e-e2da-48ed-9280-78a4f3c6b69d/addn_hosts - 2 addresses
May 25 15:53:45 gtw01 dnsmasq-dhcp[2409]: read /var/lib/neutron/dhcp/b1a6716e-e2da-48ed-9280-78a4f3c6b69d/host
May 25 15:53:45 gtw01 dnsmasq-dhcp[2409]: read /var/lib/neutron/dhcp/b1a6716e-e2da-48ed-9280-78a4f3c6b69d/opts
May 25 15:53:45 gtw01 kernel: [ 2447.798677] device qr-263adb62-62 left promiscuous mode
May 25 15:53:46 gtw01 dnsmasq[2409]: read /var/lib/neutron/dhcp/b1a6716e-e2da-48ed-9280-78a4f3c6b69d/addn_hosts - 2 addresses
May 25 15:53:46 gtw01 dnsmasq-dhcp[2409]: read /var/lib/neutron/dhcp/b1a6716e-e2da-48ed-9280-78a4f3c6b69d/host
May 25 15:53:46 gtw01 dnsmasq-dhcp[2409]: read /var/lib/neutron/dhcp/b1a6716e-e2da-48ed-9280-78a4f3c6b69d/opts
May 25 15:53:46 gtw01 kernel: [ 2448.715961] device qg-9e2822e0-20 left promiscuous mode
May 25 15:53:47 gtw01 dnsmasq[2409]: read /var/lib/neutron/dhcp/b1a6716e-e2da-48ed-9280-78a4f3c6b69d/addn_hosts - 2 addresses
May 25 15:53:47 gtw01 dnsmasq-dhcp[2409]: read /var/lib/neutron/dhcp/b1a6716e-e2da-48ed-9280-78a4f3c6b69d/host
May 25 15:53:47 gtw01 dnsmasq-dhcp[2409]: read /var/lib/neutron/dhcp/b1a6716e-e2da-48ed-9280-78a4f3c6b69d/opts
May 25 15:53:47 gtw01 dnsmasq[2409]: read /var/lib/neutron/dhcp/b1a6716e-e2da-48ed-9280-78a4f3c6b69d/addn_hosts - 2 addresses
May 25 15:53:47 gtw01 dnsmasq-dhcp[2409]: read /var/lib/neutron/dhcp/b1a6716e-e2da-48ed-9280-78a4f3c6b69d/host
May 25 15:53:47 gtw01 dnsmasq-dhcp[2409]: read /var/lib/neutron/dhcp/b1a6716e-e2da-48ed-9280-78a4f3c6b69d/opts
May 25 15:53:48 gtw01 kernel: [ 2450.888288] device tap6d412cae-ed left promiscuous mode
May 25 15:53:48 gtw01 dnsmasq[2409]: read /var/lib/neutron/dhcp/b1a6716e-e2da-48ed-9280-78a4f3c6b69d/addn_hosts - 2 addresses
May 25 15:53:48 gtw01 dnsmasq-dhcp[2409]: read /var/lib/neutron/dhcp/b1a6716e-e2da-48ed-9280-78a4f3c6b69d/host
May 25 15:53:48 gtw01 dnsmasq-dhcp[2409]: read /var/lib/neutron/dhcp/b1a6716e-e2da-48ed-9280-78a4f3c6b69d/opts
May 25 15:53:49 gtw01 kernel: [ 2451.969879] device vxlan_sys_4789 left promiscuous mode
May 25 15:53:49 gtw01 dnsmasq[2409]: read /var/lib/neutron/dhcp/b1a6716e-e2da-48ed-9280-78a4f3c6b69d/addn_hosts - 3 addresses
May 25 15:53:49 gtw01 dnsmasq-dhcp[2409]: read /var/lib/neutron/dhcp/b1a6716e-e2da-48ed-9280-78a4f3c6b69d/host
May 25 15:53:49 gtw01 dnsmasq-dhcp[2409]: read /var/lib/neutron/dhcp/b1a6716e-e2da-48ed-9280-78a4f3c6b69d/opts
May 25 15:53:50 gtw01 dnsmasq[2409]: read /var/lib/neutron/dhcp/b1a6716e-e2da-48ed-9280-78a4f3c6b69d/addn_hosts - 3 addresses
May 25 15:53:50 gtw01 dnsmasq-dhcp[2409]: read /var/lib/neutron/dhcp/b1a6716e-e2da-48ed-9280-78a4f3c6b69d/host
May 25 15:53:50 gtw01 dnsmasq-dhcp[2409]: read /var/lib/neutron/dhcp/b1a6716e-e2da-48ed-9280-78a4f3c6b69d/opts
May 25 15:53:51 gtw01 kernel: [ 2453.793222] device vxlan_sys_4789 entered promiscuous mode
May 25 15:53:51 gtw01 systemd-udevd[2951]: Could not generate persistent MAC address for vxlan_sys_4789: No such file or directory
May 25 15:53:51 gtw01 haproxy-metadata-proxy-545fba1a-e99f-45a1-a822-bfef18409a2c[2999]: Proxy listener started.
May 25 15:53:51 gtw01 dnsmasq[2409]: read /var/lib/neutron/dhcp/b1a6716e-e2da-48ed-9280-78a4f3c6b69d/addn_hosts - 3 addresses
May 25 15:53:51 gtw01 dnsmasq-dhcp[2409]: read /var/lib/neutron/dhcp/b1a6716e-e2da-48ed-9280-78a4f3c6b69d/host
May 25 15:53:51 gtw01 dnsmasq-dhcp[2409]: read /var/lib/neutron/dhcp/b1a6716e-e2da-48ed-9280-78a4f3c6b69d/opts
May 25 15:53:52 gtw01 dnsmasq[2409]: read /var/lib/neutron/dhcp/b1a6716e-e2da-48ed-9280-78a4f3c6b69d/addn_hosts - 3 addresses
May 25 15:53:52 gtw01 dnsmasq-dhcp[2409]: read /var/lib/neutron/dhcp/b1a6716e-e2da-48ed-9280-78a4f3c6b69d/host
May 25 15:53:52 gtw01 dnsmasq-dhcp[2409]: read /var/lib/neutron/dhcp/b1a6716e-e2da-48ed-9280-78a4f3c6b69d/opts
May 25 15:53:53 gtw01 dnsmasq[2409]: read /var/lib/neutron/dhcp/b1a6716e-e2da-48ed-9280-78a4f3c6b69d/addn_hosts - 3 addresses
May 25 15:53:53 gtw01 dnsmasq-dhcp[2409]: read /var/lib/neutron/dhcp/b1a6716e-e2da-48ed-9280-78a4f3c6b69d/host
May 25 15:53:53 gtw01 dnsmasq-dhcp[2409]: read /var/lib/neutron/dhcp/b1a6716e-e2da-48ed-9280-78a4f3c6b69d/opts
May 25 15:53:58 gtw01 dnsmasq[2409]: read /var/lib/neutron/dhcp/b1a6716e-e2da-48ed-9280-78a4f3c6b69d/addn_hosts - 2 addresses
May 25 15:53:58 gtw01 dnsmasq-dhcp[2409]: read /var/lib/neutron/dhcp/b1a6716e-e2da-48ed-9280-78a4f3c6b69d/host
May 25 15:53:58 gtw01 dnsmasq-dhcp[2409]: read /var/lib/neutron/dhcp/b1a6716e-e2da-48ed-9280-78a4f3c6b69d/opts
May 25 15:53:59 gtw01 dnsmasq-dhcp[774]: DHCPDISCOVER(tap2144bc8b-6f) fa:16:3e:48:47:5d
May 25 15:53:59 gtw01 dnsmasq-dhcp[774]: DHCPOFFER(tap2144bc8b-6f) 192.168.120.7 fa:16:3e:48:47:5d
May 25 15:53:59 gtw01 dnsmasq-dhcp[774]: DHCPREQUEST(tap2144bc8b-6f) 192.168.120.7 fa:16:3e:48:47:5d
May 25 15:53:59 gtw01 dnsmasq-dhcp[774]: DHCPACK(tap2144bc8b-6f) 192.168.120.7 fa:16:3e:48:47:5d host-192-168-120-7
May 25 15:54:02 gtw01 dnsmasq[2409]: read /var/lib/neutron/dhcp/b1a6716e-e2da-48ed-9280-78a4f3c6b69d/addn_hosts - 1 addresses
May 25 15:54:02 gtw01 dnsmasq-dhcp[2409]: read /var/lib/neutron/dhcp/b1a6716e-e2da-48ed-9280-78a4f3c6b69d/host
May 25 15:54:02 gtw01 dnsmasq-dhcp[2409]: read /var/lib/neutron/dhcp/b1a6716e-e2da-48ed-9280-78a4f3c6b69d/opts
May 25 15:54:03 gtw01 haproxy-metadata-proxy-b1a6716e-e2da-48ed-9280-78a4f3c6b69d[3320]: Proxy listener started.
May 25 15:54:04 gtw01 kernel: [ 2466.805220] device qr-92916450-b8 left promiscuous mode
May 25 15:54:05 gtw01 kernel: [ 2467.574597] device qg-5105e394-ef left promiscuous mode
May 25 15:54:07 gtw01 kernel: [ 2469.717344] device tap17c78bbf-c4 left promiscuous mode
May 25 15:54:08 gtw01 dnsmasq-dhcp[774]: DHCPRELEASE(tap2144bc8b-6f) 192.168.120.7 fa:16:3e:48:47:5d
May 25 15:54:08 gtw01 kernel: [ 2471.063838] device vxlan_sys_4789 left promiscuous mode
May 25 15:54:08 gtw01 dnsmasq-dhcp[774]: DHCPRELEASE(tap2144bc8b-6f) 192.168.120.7 fa:16:3e:48:47:5d unknown lease
May 25 15:54:09 gtw01 dnsmasq[774]: read /var/lib/neutron/dhcp/019d5088-b7aa-41d0-8a0e-fbdcd5cea43f/addn_hosts - 2 addresses
May 25 15:54:09 gtw01 dnsmasq-dhcp[774]: read /var/lib/neutron/dhcp/019d5088-b7aa-41d0-8a0e-fbdcd5cea43f/host
May 25 15:54:09 gtw01 dnsmasq-dhcp[774]: read /var/lib/neutron/dhcp/019d5088-b7aa-41d0-8a0e-fbdcd5cea43f/opts
May 25 15:54:12 gtw01 dnsmasq[774]: read /var/lib/neutron/dhcp/019d5088-b7aa-41d0-8a0e-fbdcd5cea43f/addn_hosts - 1 addresses
May 25 15:54:12 gtw01 dnsmasq-dhcp[774]: read /var/lib/neutron/dhcp/019d5088-b7aa-41d0-8a0e-fbdcd5cea43f/host
May 25 15:54:12 gtw01 dnsmasq-dhcp[774]: read /var/lib/neutron/dhcp/019d5088-b7aa-41d0-8a0e-fbdcd5cea43f/opts
May 25 15:54:13 gtw01 haproxy-metadata-proxy-019d5088-b7aa-41d0-8a0e-fbdcd5cea43f[3573]: Proxy listener started.
May 25 15:54:14 gtw01 kernel: [ 2476.439726] device qr-235d3d34-74 left promiscuous mode
May 25 15:54:17 gtw01 kernel: [ 2479.414026] device qg-cb5ebf1f-7c left promiscuous mode
May 25 15:54:17 gtw01 kernel: [ 2479.548251] device tap2144bc8b-6f left promiscuous mode
May 25 15:54:23 gtw01 systemd-udevd[3714]: Could not generate persistent MAC address for tap08f1c422-f8: No such file or directory
May 25 15:54:23 gtw01 kernel: [ 2485.771701] device tap08f1c422-f8 entered promiscuous mode
May 25 15:54:23 gtw01 systemd-udevd[3714]: Process '/sbin/ip link set tap08f1c422-f8 txqueuelen 10000' failed with exit code 1.
May 25 15:54:23 gtw01 systemd-udevd[3714]: Process '/sbin/ip link set tap08f1c422-f8 txqueuelen 10000' failed with exit code 1.
May 25 15:54:25 gtw01 kernel: [ 2488.339902] device tap92e78f5b-26 entered promiscuous mode
May 25 15:54:25 gtw01 systemd-udevd[3874]: Could not generate persistent MAC address for tap92e78f5b-26: No such file or directory
May 25 15:54:26 gtw01 systemd-udevd[3874]: Process '/sbin/ip link set tap92e78f5b-26 txqueuelen 10000' failed with exit code 1.
May 25 15:54:26 gtw01 systemd-udevd[3949]: Process '/sbin/ip link set tap92e78f5b-26 txqueuelen 10000' failed with exit code 1.
May 25 15:54:26 gtw01 dnsmasq[3982]: started, version 2.80 cachesize 150
May 25 15:54:26 gtw01 dnsmasq[3982]: DNS service limited to local subnets
May 25 15:54:26 gtw01 dnsmasq[3982]: compile time options: IPv6 GNU-getopt DBus i18n IDN DHCP DHCPv6 no-Lua TFTP conntrack ipset auth DNSSEC loop-detect inotify dumpfile
May 25 15:54:26 gtw01 dnsmasq[3982]: warning: no upstream servers configured
May 25 15:54:26 gtw01 dnsmasq-dhcp[3982]: DHCP, static leases only on 192.168.120.240, lease time 1h
May 25 15:54:26 gtw01 dnsmasq[3982]: read /var/lib/neutron/dhcp/6462266a-ef5f-4424-afda-3b7cbb126e87/addn_hosts - 1 addresses
May 25 15:54:26 gtw01 dnsmasq-dhcp[3982]: read /var/lib/neutron/dhcp/6462266a-ef5f-4424-afda-3b7cbb126e87/host
May 25 15:54:26 gtw01 dnsmasq-dhcp[3982]: read /var/lib/neutron/dhcp/6462266a-ef5f-4424-afda-3b7cbb126e87/opts
May 25 15:54:26 gtw01 haproxy-metadata-proxy-6462266a-ef5f-4424-afda-3b7cbb126e87[3990]: Proxy listener started.
May 25 15:54:27 gtw01 dnsmasq[3982]: read /var/lib/neutron/dhcp/6462266a-ef5f-4424-afda-3b7cbb126e87/addn_hosts - 1 addresses
May 25 15:54:27 gtw01 dnsmasq-dhcp[3982]: read /var/lib/neutron/dhcp/6462266a-ef5f-4424-afda-3b7cbb126e87/host
May 25 15:54:27 gtw01 dnsmasq-dhcp[3982]: read /var/lib/neutron/dhcp/6462266a-ef5f-4424-afda-3b7cbb126e87/opts
May 25 15:54:28 gtw01 systemd-udevd[4088]: Could not generate persistent MAC address for tapcd746a16-f6: No such file or directory
May 25 15:54:28 gtw01 kernel: [ 2491.036150] device tapcd746a16-f6 entered promiscuous mode
May 25 15:54:28 gtw01 systemd-udevd[4088]: Process '/sbin/ip link set tapcd746a16-f6 txqueuelen 10000' failed with exit code 1.
May 25 15:54:28 gtw01 systemd-udevd[4165]: Process '/sbin/ip link set tapcd746a16-f6 txqueuelen 10000' failed with exit code 1.
May 25 15:54:28 gtw01 dnsmasq[3982]: read /var/lib/neutron/dhcp/6462266a-ef5f-4424-afda-3b7cbb126e87/addn_hosts - 1 addresses
May 25 15:54:28 gtw01 dnsmasq-dhcp[3982]: read /var/lib/neutron/dhcp/6462266a-ef5f-4424-afda-3b7cbb126e87/host
May 25 15:54:28 gtw01 dnsmasq-dhcp[3982]: read /var/lib/neutron/dhcp/6462266a-ef5f-4424-afda-3b7cbb126e87/opts
May 25 15:54:29 gtw01 dnsmasq[4199]: started, version 2.80 cachesize 150
May 25 15:54:29 gtw01 dnsmasq[4199]: DNS service limited to local subnets
May 25 15:54:29 gtw01 dnsmasq[4199]: compile time options: IPv6 GNU-getopt DBus i18n IDN DHCP DHCPv6 no-Lua TFTP conntrack ipset auth DNSSEC loop-detect inotify dumpfile
May 25 15:54:29 gtw01 dnsmasq[4199]: warning: no upstream servers configured
May 25 15:54:29 gtw01 dnsmasq-dhcp[4199]: DHCP, static leases only on 192.168.120.0, lease time 1h
May 25 15:54:29 gtw01 dnsmasq[4199]: read /var/lib/neutron/dhcp/6a7127d8-3453-45a3-9abd-599bde1659ba/addn_hosts - 1 addresses
May 25 15:54:29 gtw01 dnsmasq-dhcp[4199]: read /var/lib/neutron/dhcp/6a7127d8-3453-45a3-9abd-599bde1659ba/host
May 25 15:54:29 gtw01 dnsmasq-dhcp[4199]: read /var/lib/neutron/dhcp/6a7127d8-3453-45a3-9abd-599bde1659ba/opts
May 25 15:54:29 gtw01 haproxy-metadata-proxy-6a7127d8-3453-45a3-9abd-599bde1659ba[4207]: Proxy listener started.
May 25 15:54:29 gtw01 dnsmasq[3982]: read /var/lib/neutron/dhcp/6462266a-ef5f-4424-afda-3b7cbb126e87/addn_hosts - 1 addresses
May 25 15:54:29 gtw01 dnsmasq-dhcp[3982]: read /var/lib/neutron/dhcp/6462266a-ef5f-4424-afda-3b7cbb126e87/host
May 25 15:54:29 gtw01 dnsmasq-dhcp[3982]: read /var/lib/neutron/dhcp/6462266a-ef5f-4424-afda-3b7cbb126e87/opts
May 25 15:54:29 gtw01 kernel: [ 2492.261615] device tap92e78f5b-26 left promiscuous mode
May 25 15:54:30 gtw01 kernel: [ 2493.354175] device tap08f1c422-f8 left promiscuous mode
May 25 15:54:31 gtw01 dnsmasq[4309]: started, version 2.80 cachesize 150
May 25 15:54:31 gtw01 dnsmasq[4309]: DNS service limited to local subnets
May 25 15:54:31 gtw01 dnsmasq[4309]: compile time options: IPv6 GNU-getopt DBus i18n IDN DHCP DHCPv6 no-Lua TFTP conntrack ipset auth DNSSEC loop-detect inotify dumpfile
May 25 15:54:31 gtw01 dnsmasq[4309]: warning: no upstream servers configured
May 25 15:54:31 gtw01 dnsmasq-dhcp[4309]: DHCPv6, static leases only on 2003:0:0:ffff::, lease time 1h
May 25 15:54:31 gtw01 dnsmasq[4309]: read /var/lib/neutron/dhcp/b378b75b-b261-4401-b4e2-fbad1d1c04bf/addn_hosts - 1 addresses
May 25 15:54:31 gtw01 dnsmasq-dhcp[4309]: read /var/lib/neutron/dhcp/b378b75b-b261-4401-b4e2-fbad1d1c04bf/host
May 25 15:54:31 gtw01 dnsmasq-dhcp[4309]: read /var/lib/neutron/dhcp/b378b75b-b261-4401-b4e2-fbad1d1c04bf/opts
May 25 15:54:32 gtw01 dnsmasq[4309]: read /var/lib/neutron/dhcp/b378b75b-b261-4401-b4e2-fbad1d1c04bf/addn_hosts - 1 addresses
May 25 15:54:32 gtw01 dnsmasq-dhcp[4309]: read /var/lib/neutron/dhcp/b378b75b-b261-4401-b4e2-fbad1d1c04bf/host
May 25 15:54:32 gtw01 dnsmasq-dhcp[4309]: read /var/lib/neutron/dhcp/b378b75b-b261-4401-b4e2-fbad1d1c04bf/opts
May 25 15:54:33 gtw01 dnsmasq[4309]: read /var/lib/neutron/dhcp/b378b75b-b261-4401-b4e2-fbad1d1c04bf/addn_hosts - 1 addresses
May 25 15:54:33 gtw01 dnsmasq-dhcp[4309]: read /var/lib/neutron/dhcp/b378b75b-b261-4401-b4e2-fbad1d1c04bf/host
May 25 15:54:33 gtw01 dnsmasq-dhcp[4309]: read /var/lib/neutron/dhcp/b378b75b-b261-4401-b4e2-fbad1d1c04bf/opts
May 25 15:54:34 gtw01 dnsmasq[4309]: read /var/lib/neutron/dhcp/b378b75b-b261-4401-b4e2-fbad1d1c04bf/addn_hosts - 1 addresses
May 25 15:54:34 gtw01 dnsmasq-dhcp[4309]: read /var/lib/neutron/dhcp/b378b75b-b261-4401-b4e2-fbad1d1c04bf/host
May 25 15:54:34 gtw01 dnsmasq-dhcp[4309]: read /var/lib/neutron/dhcp/b378b75b-b261-4401-b4e2-fbad1d1c04bf/opts
May 25 15:54:37 gtw01 kernel: [ 2499.597706] device tapcd746a16-f6 left promiscuous mode
May 25 15:54:43 gtw01 kernel: [ 2506.169663] device tap3cb75d44-28 entered promiscuous mode
May 25 15:54:43 gtw01 systemd-udevd[4473]: Could not generate persistent MAC address for tap3cb75d44-28: No such file or directory
May 25 15:54:43 gtw01 systemd-udevd[4473]: Process '/sbin/ip link set tap3cb75d44-28 txqueuelen 10000' failed with exit code 1.
May 25 15:54:44 gtw01 systemd-udevd[4570]: Could not generate persistent MAC address for tap49aec856-11: No such file or directory
May 25 15:54:44 gtw01 kernel: [ 2506.502055] device tap49aec856-11 entered promiscuous mode
May 25 15:54:44 gtw01 systemd-udevd[4570]: Process '/sbin/ip link set tap49aec856-11 txqueuelen 10000' failed with exit code 1.
May 25 15:54:44 gtw01 systemd-udevd[4643]: Process '/sbin/ip link set tap49aec856-11 txqueuelen 10000' failed with exit code 1.
May 25 15:54:47 gtw01 dnsmasq[4764]: started, version 2.80 cachesize 150
May 25 15:54:47 gtw01 dnsmasq[4764]: DNS service limited to local subnets
May 25 15:54:47 gtw01 dnsmasq[4764]: compile time options: IPv6 GNU-getopt DBus i18n IDN DHCP DHCPv6 no-Lua TFTP conntrack ipset auth DNSSEC loop-detect inotify dumpfile
May 25 15:54:47 gtw01 dnsmasq[4764]: warning: no upstream servers configured
May 25 15:54:47 gtw01 dnsmasq-dhcp[4764]: DHCPv6, static leases only on 2003::, lease time 1h
May 25 15:54:47 gtw01 dnsmasq[4764]: read /var/lib/neutron/dhcp/5e88b6a2-319e-4e7b-8821-9270a5624362/addn_hosts - 1 addresses
May 25 15:54:47 gtw01 dnsmasq-dhcp[4764]: read /var/lib/neutron/dhcp/5e88b6a2-319e-4e7b-8821-9270a5624362/host
May 25 15:54:47 gtw01 dnsmasq-dhcp[4764]: read /var/lib/neutron/dhcp/5e88b6a2-319e-4e7b-8821-9270a5624362/opts
May 25 15:54:47 gtw01 dnsmasq[4777]: started, version 2.80 cachesize 150
May 25 15:54:47 gtw01 dnsmasq[4777]: DNS service limited to local subnets
May 25 15:54:47 gtw01 dnsmasq[4777]: compile time options: IPv6 GNU-getopt DBus i18n IDN DHCP DHCPv6 no-Lua TFTP conntrack ipset auth DNSSEC loop-detect inotify dumpfile
May 25 15:54:47 gtw01 dnsmasq[4777]: warning: no upstream servers configured
May 25 15:54:47 gtw01 dnsmasq-dhcp[4777]: DHCPv6, static leases only on 2003:0:0:1::, lease time 1h
May 25 15:54:47 gtw01 dnsmasq[4777]: read /var/lib/neutron/dhcp/13501c7e-0a29-463a-b7e7-fc7c55c64c6d/addn_hosts - 1 addresses
May 25 15:54:47 gtw01 dnsmasq-dhcp[4777]: read /var/lib/neutron/dhcp/13501c7e-0a29-463a-b7e7-fc7c55c64c6d/host
May 25 15:54:47 gtw01 dnsmasq-dhcp[4777]: read /var/lib/neutron/dhcp/13501c7e-0a29-463a-b7e7-fc7c55c64c6d/opts
May 25 15:54:47 gtw01 kernel: [ 2510.148304] device tap3cb75d44-28 left promiscuous mode
May 25 15:54:47 gtw01 kernel: [ 2510.232612] device tap49aec856-11 left promiscuous mode
May 25 15:54:47 gtw01 kernel: [ 2510.256320] device tap95f9339a-d8 entered promiscuous mode
May 25 15:54:47 gtw01 systemd-udevd[4798]: Could not generate persistent MAC address for tap95f9339a-d8: No such file or directory
May 25 15:54:47 gtw01 systemd-udevd[4798]: Process '/sbin/ip link set tap95f9339a-d8 txqueuelen 10000' failed with exit code 1.
May 25 15:54:47 gtw01 systemd-udevd[4798]: Process '/sbin/ip link set tap95f9339a-d8 txqueuelen 10000' failed with exit code 1.
May 25 15:54:48 gtw01 dnsmasq[29992]: read /var/lib/neutron/dhcp/5f17325c-d371-4304-b536-cb5754f26258/addn_hosts - 3 addresses
May 25 15:54:48 gtw01 dnsmasq-dhcp[29992]: read /var/lib/neutron/dhcp/5f17325c-d371-4304-b536-cb5754f26258/host
May 25 15:54:48 gtw01 dnsmasq-dhcp[29992]: read /var/lib/neutron/dhcp/5f17325c-d371-4304-b536-cb5754f26258/opts
May 25 15:54:49 gtw01 dnsmasq[29992]: read /var/lib/neutron/dhcp/5f17325c-d371-4304-b536-cb5754f26258/addn_hosts - 3 addresses
May 25 15:54:49 gtw01 dnsmasq-dhcp[29992]: read /var/lib/neutron/dhcp/5f17325c-d371-4304-b536-cb5754f26258/host
May 25 15:54:49 gtw01 dnsmasq-dhcp[29992]: read /var/lib/neutron/dhcp/5f17325c-d371-4304-b536-cb5754f26258/opts
May 25 15:54:50 gtw01 dnsmasq[29992]: read /var/lib/neutron/dhcp/5f17325c-d371-4304-b536-cb5754f26258/addn_hosts - 3 addresses
May 25 15:54:50 gtw01 dnsmasq-dhcp[29992]: read /var/lib/neutron/dhcp/5f17325c-d371-4304-b536-cb5754f26258/host
May 25 15:54:50 gtw01 dnsmasq-dhcp[29992]: read /var/lib/neutron/dhcp/5f17325c-d371-4304-b536-cb5754f26258/opts
May 25 15:54:51 gtw01 dnsmasq[5002]: started, version 2.80 cachesize 150
May 25 15:54:51 gtw01 dnsmasq[5002]: DNS service limited to local subnets
May 25 15:54:51 gtw01 dnsmasq[5002]: compile time options: IPv6 GNU-getopt DBus i18n IDN DHCP DHCPv6 no-Lua TFTP conntrack ipset auth DNSSEC loop-detect inotify dumpfile
May 25 15:54:51 gtw01 dnsmasq[5002]: warning: no upstream servers configured
May 25 15:54:51 gtw01 dnsmasq-dhcp[5002]: DHCPv6, static leases only on 2003::, lease time 1h
May 25 15:54:51 gtw01 dnsmasq[5002]: read /var/lib/neutron/dhcp/4318ef4d-2177-483d-90b5-00aa9adc679e/addn_hosts - 1 addresses
May 25 15:54:51 gtw01 dnsmasq-dhcp[5002]: read /var/lib/neutron/dhcp/4318ef4d-2177-483d-90b5-00aa9adc679e/host
May 25 15:54:51 gtw01 dnsmasq-dhcp[5002]: read /var/lib/neutron/dhcp/4318ef4d-2177-483d-90b5-00aa9adc679e/opts
May 25 15:54:51 gtw01 kernel: [ 2514.011396] device tap95f9339a-d8 left promiscuous mode
May 25 15:54:52 gtw01 systemd-udevd[5029]: Could not generate persistent MAC address for vxlan_sys_4789: No such file or directory
May 25 15:54:52 gtw01 kernel: [ 2515.298766] device vxlan_sys_4789 entered promiscuous mode
May 25 15:54:56 gtw01 kernel: [ 2518.831932] device vxlan_sys_4789 left promiscuous mode
May 25 15:54:57 gtw01 systemd-udevd[5143]: Could not generate persistent MAC address for tapceddd8cf-7d: No such file or directory
May 25 15:54:57 gtw01 kernel: [ 2519.889120] device tapceddd8cf-7d entered promiscuous mode
May 25 15:54:57 gtw01 systemd-udevd[5143]: Process '/sbin/ip link set tapceddd8cf-7d txqueuelen 10000' failed with exit code 1.
May 25 15:54:57 gtw01 systemd-udevd[5143]: Process '/sbin/ip link set tapceddd8cf-7d txqueuelen 10000' failed with exit code 1.
May 25 15:54:58 gtw01 dnsmasq[29992]: read /var/lib/neutron/dhcp/5f17325c-d371-4304-b536-cb5754f26258/addn_hosts - 2 addresses
May 25 15:54:58 gtw01 dnsmasq-dhcp[29992]: read /var/lib/neutron/dhcp/5f17325c-d371-4304-b536-cb5754f26258/host
May 25 15:54:58 gtw01 dnsmasq-dhcp[29992]: read /var/lib/neutron/dhcp/5f17325c-d371-4304-b536-cb5754f26258/opts
May 25 15:55:00 gtw01 dnsmasq[5318]: started, version 2.80 cachesize 150
May 25 15:55:00 gtw01 dnsmasq[5318]: DNS service limited to local subnets
May 25 15:55:00 gtw01 dnsmasq[5318]: compile time options: IPv6 GNU-getopt DBus i18n IDN DHCP DHCPv6 no-Lua TFTP conntrack ipset auth DNSSEC loop-detect inotify dumpfile
May 25 15:55:00 gtw01 dnsmasq[5318]: warning: no upstream servers configured
May 25 15:55:00 gtw01 dnsmasq-dhcp[5318]: DHCPv6, static leases only on 2003::, lease time 1h
May 25 15:55:00 gtw01 dnsmasq[5318]: read /var/lib/neutron/dhcp/bf83587b-3336-4673-882b-1f4cc038f0c3/addn_hosts - 1 addresses
May 25 15:55:00 gtw01 dnsmasq-dhcp[5318]: read /var/lib/neutron/dhcp/bf83587b-3336-4673-882b-1f4cc038f0c3/host
May 25 15:55:00 gtw01 dnsmasq-dhcp[5318]: read /var/lib/neutron/dhcp/bf83587b-3336-4673-882b-1f4cc038f0c3/opts
May 25 15:55:00 gtw01 kernel: [ 2523.369576] device tapceddd8cf-7d left promiscuous mode
May 25 15:55:07 gtw01 kernel: [ 2530.236240] device tap6361e413-54 entered promiscuous mode
May 25 15:55:07 gtw01 systemd-udevd[5393]: Could not generate persistent MAC address for tap6361e413-54: No such file or directory
May 25 15:55:07 gtw01 systemd-udevd[5462]: Process '/sbin/ip link set tap6361e413-54 txqueuelen 10000' failed with exit code 1.
May 25 15:55:08 gtw01 systemd-udevd[5492]: Could not generate persistent MAC address for tap141698fb-58: No such file or directory
May 25 15:55:08 gtw01 kernel: [ 2530.768590] device tap141698fb-58 entered promiscuous mode
May 25 15:55:08 gtw01 systemd-udevd[5492]: Process '/sbin/ip link set tap141698fb-58 txqueuelen 10000' failed with exit code 1.
May 25 15:55:08 gtw01 systemd-udevd[5492]: Process '/sbin/ip link set tap141698fb-58 txqueuelen 10000' failed with exit code 1.
May 25 15:55:11 gtw01 dnsmasq[5679]: started, version 2.80 cachesize 150
May 25 15:55:11 gtw01 dnsmasq[5679]: DNS service limited to local subnets
May 25 15:55:11 gtw01 dnsmasq[5679]: compile time options: IPv6 GNU-getopt DBus i18n IDN DHCP DHCPv6 no-Lua TFTP conntrack ipset auth DNSSEC loop-detect inotify dumpfile
May 25 15:55:11 gtw01 dnsmasq[5679]: warning: no upstream servers configured
May 25 15:55:11 gtw01 dnsmasq-dhcp[5679]: DHCP, static leases only on 192.168.120.0, lease time 1h
May 25 15:55:11 gtw01 dnsmasq[5679]: read /var/lib/neutron/dhcp/47738fe3-ad86-4684-8653-78ff116aae14/addn_hosts - 1 addresses
May 25 15:55:11 gtw01 dnsmasq-dhcp[5679]: read /var/lib/neutron/dhcp/47738fe3-ad86-4684-8653-78ff116aae14/host
May 25 15:55:11 gtw01 dnsmasq-dhcp[5679]: read /var/lib/neutron/dhcp/47738fe3-ad86-4684-8653-78ff116aae14/opts
May 25 15:55:11 gtw01 haproxy-metadata-proxy-47738fe3-ad86-4684-8653-78ff116aae14[5686]: Proxy listener started.
May 25 15:55:11 gtw01 dnsmasq[5692]: started, version 2.80 cachesize 150
May 25 15:55:11 gtw01 dnsmasq[5692]: DNS service limited to local subnets
May 25 15:55:11 gtw01 dnsmasq[5692]: compile time options: IPv6 GNU-getopt DBus i18n IDN DHCP DHCPv6 no-Lua TFTP conntrack ipset auth DNSSEC loop-detect inotify dumpfile
May 25 15:55:11 gtw01 dnsmasq[5692]: warning: no upstream servers configured
May 25 15:55:11 gtw01 dnsmasq-dhcp[5692]: DHCP, static leases only on 192.168.120.16, lease time 1h
May 25 15:55:11 gtw01 dnsmasq[5692]: read /var/lib/neutron/dhcp/135e3d9b-ca12-481a-b435-b17b3fb7f46c/addn_hosts - 1 addresses
May 25 15:55:11 gtw01 dnsmasq-dhcp[5692]: read /var/lib/neutron/dhcp/135e3d9b-ca12-481a-b435-b17b3fb7f46c/host
May 25 15:55:11 gtw01 dnsmasq-dhcp[5692]: read /var/lib/neutron/dhcp/135e3d9b-ca12-481a-b435-b17b3fb7f46c/opts
May 25 15:55:11 gtw01 haproxy-metadata-proxy-135e3d9b-ca12-481a-b435-b17b3fb7f46c[5696]: Proxy listener started.
May 25 15:55:12 gtw01 kernel: [ 2534.717352] device tap6361e413-54 left promiscuous mode
May 25 15:55:12 gtw01 kernel: [ 2535.043194] device tap141698fb-58 left promiscuous mode
May 25 15:55:13 gtw01 systemd-udevd[5747]: Could not generate persistent MAC address for tap8352b8dc-f4: No such file or directory
May 25 15:55:13 gtw01 kernel: [ 2535.532774] device tap8352b8dc-f4 entered promiscuous mode
May 25 15:55:13 gtw01 systemd-udevd[5747]: Process '/sbin/ip link set tap8352b8dc-f4 txqueuelen 10000' failed with exit code 1.
May 25 15:55:13 gtw01 systemd-udevd[5747]: Process '/sbin/ip link set tap8352b8dc-f4 txqueuelen 10000' failed with exit code 1.
May 25 15:55:13 gtw01 kernel: [ 2536.141908] device tapdacfd0ce-29 entered promiscuous mode
May 25 15:55:13 gtw01 systemd-udevd[5854]: Could not generate persistent MAC address for tapdacfd0ce-29: No such file or directory
May 25 15:55:13 gtw01 systemd-udevd[5854]: Process '/sbin/ip link set tapdacfd0ce-29 txqueuelen 10000' failed with exit code 1.
May 25 15:55:13 gtw01 systemd-udevd[5854]: Process '/sbin/ip link set tapdacfd0ce-29 txqueuelen 10000' failed with exit code 1.
May 25 15:55:16 gtw01 dnsmasq[6055]: started, version 2.80 cachesize 150
May 25 15:55:16 gtw01 dnsmasq[6055]: DNS service limited to local subnets
May 25 15:55:16 gtw01 dnsmasq[6055]: compile time options: IPv6 GNU-getopt DBus i18n IDN DHCP DHCPv6 no-Lua TFTP conntrack ipset auth DNSSEC loop-detect inotify dumpfile
May 25 15:55:16 gtw01 dnsmasq[6055]: warning: no upstream servers configured
May 25 15:55:16 gtw01 dnsmasq-dhcp[6055]: DHCPv6, static leases only on 2003::, lease time 1h
May 25 15:55:16 gtw01 dnsmasq[6055]: read /var/lib/neutron/dhcp/5a2a18bb-f6fd-4915-b6ef-fff4ecad29bc/addn_hosts - 1 addresses
May 25 15:55:16 gtw01 dnsmasq-dhcp[6055]: read /var/lib/neutron/dhcp/5a2a18bb-f6fd-4915-b6ef-fff4ecad29bc/host
May 25 15:55:16 gtw01 dnsmasq-dhcp[6055]: read /var/lib/neutron/dhcp/5a2a18bb-f6fd-4915-b6ef-fff4ecad29bc/opts
May 25 15:55:17 gtw01 dnsmasq[6079]: started, version 2.80 cachesize 150
May 25 15:55:17 gtw01 dnsmasq[6079]: DNS service limited to local subnets
May 25 15:55:17 gtw01 dnsmasq[6079]: compile time options: IPv6 GNU-getopt DBus i18n IDN DHCP DHCPv6 no-Lua TFTP conntrack ipset auth DNSSEC loop-detect inotify dumpfile
May 25 15:55:17 gtw01 dnsmasq[6079]: warning: no upstream servers configured
May 25 15:55:17 gtw01 dnsmasq-dhcp[6079]: DHCPv6, static leases only on 2003:0:1::, lease time 1h
May 25 15:55:17 gtw01 dnsmasq[6079]: read /var/lib/neutron/dhcp/acefbb14-1050-4a7a-b137-d63a7d1af16a/addn_hosts - 1 addresses
May 25 15:55:17 gtw01 dnsmasq-dhcp[6079]: read /var/lib/neutron/dhcp/acefbb14-1050-4a7a-b137-d63a7d1af16a/host
May 25 15:55:17 gtw01 dnsmasq-dhcp[6079]: read /var/lib/neutron/dhcp/acefbb14-1050-4a7a-b137-d63a7d1af16a/opts
May 25 15:55:17 gtw01 dnsmasq[6055]: read /var/lib/neutron/dhcp/5a2a18bb-f6fd-4915-b6ef-fff4ecad29bc/addn_hosts - 2 addresses
May 25 15:55:17 gtw01 dnsmasq-dhcp[6055]: read /var/lib/neutron/dhcp/5a2a18bb-f6fd-4915-b6ef-fff4ecad29bc/host
May 25 15:55:17 gtw01 dnsmasq-dhcp[6055]: read /var/lib/neutron/dhcp/5a2a18bb-f6fd-4915-b6ef-fff4ecad29bc/opts
May 25 15:55:17 gtw01 dnsmasq[6079]: read /var/lib/neutron/dhcp/acefbb14-1050-4a7a-b137-d63a7d1af16a/addn_hosts - 2 addresses
May 25 15:55:17 gtw01 dnsmasq-dhcp[6079]: read /var/lib/neutron/dhcp/acefbb14-1050-4a7a-b137-d63a7d1af16a/host
May 25 15:55:17 gtw01 dnsmasq-dhcp[6079]: read /var/lib/neutron/dhcp/acefbb14-1050-4a7a-b137-d63a7d1af16a/opts
May 25 15:55:18 gtw01 dnsmasq[6055]: read /var/lib/neutron/dhcp/5a2a18bb-f6fd-4915-b6ef-fff4ecad29bc/addn_hosts - 2 addresses
May 25 15:55:18 gtw01 dnsmasq-dhcp[6055]: read /var/lib/neutron/dhcp/5a2a18bb-f6fd-4915-b6ef-fff4ecad29bc/host
May 25 15:55:18 gtw01 dnsmasq-dhcp[6055]: read /var/lib/neutron/dhcp/5a2a18bb-f6fd-4915-b6ef-fff4ecad29bc/opts
May 25 15:55:18 gtw01 dnsmasq[6079]: read /var/lib/neutron/dhcp/acefbb14-1050-4a7a-b137-d63a7d1af16a/addn_hosts - 2 addresses
May 25 15:55:18 gtw01 dnsmasq-dhcp[6079]: read /var/lib/neutron/dhcp/acefbb14-1050-4a7a-b137-d63a7d1af16a/host
May 25 15:55:18 gtw01 dnsmasq-dhcp[6079]: read /var/lib/neutron/dhcp/acefbb14-1050-4a7a-b137-d63a7d1af16a/opts
May 25 15:55:18 gtw01 dnsmasq[6055]: read /var/lib/neutron/dhcp/5a2a18bb-f6fd-4915-b6ef-fff4ecad29bc/addn_hosts - 2 addresses
May 25 15:55:18 gtw01 dnsmasq-dhcp[6055]: read /var/lib/neutron/dhcp/5a2a18bb-f6fd-4915-b6ef-fff4ecad29bc/host
May 25 15:55:18 gtw01 dnsmasq-dhcp[6055]: read /var/lib/neutron/dhcp/5a2a18bb-f6fd-4915-b6ef-fff4ecad29bc/opts
