May 25 16:55:51 gtw01 dnsmasq-dhcp[15422]: DHCP, static leases only on 192.168.120.0, lease time 1h
May 25 16:55:51 gtw01 dnsmasq-dhcp[15422]: DHCPv6, static leases only on 2003::, lease time 1h
May 25 16:55:51 gtw01 dnsmasq[15422]: read /var/lib/neutron/dhcp/f273453a-55d7-4f7d-9ff5-a080f1e16603/addn_hosts - 2 addresses
May 25 16:55:51 gtw01 dnsmasq-dhcp[15422]: read /var/lib/neutron/dhcp/f273453a-55d7-4f7d-9ff5-a080f1e16603/host
May 25 16:55:51 gtw01 dnsmasq-dhcp[15422]: read /var/lib/neutron/dhcp/f273453a-55d7-4f7d-9ff5-a080f1e16603/opts
May 25 16:55:51 gtw01 dnsmasq-dhcp[6835]: DHCPDISCOVER(tap7cc8934c-9d) fa:16:3e:09:dd:2a
May 25 16:55:51 gtw01 dnsmasq-dhcp[6835]: DHCPOFFER(tap7cc8934c-9d) 192.168.120.4 fa:16:3e:09:dd:2a
May 25 16:55:51 gtw01 haproxy-metadata-proxy-f273453a-55d7-4f7d-9ff5-a080f1e16603[15431]: Proxy listener started.
May 25 16:55:51 gtw01 dnsmasq-dhcp[6835]: DHCPREQUEST(tap7cc8934c-9d) 192.168.120.4 fa:16:3e:09:dd:2a
May 25 16:55:51 gtw01 dnsmasq-dhcp[6835]: DHCPACK(tap7cc8934c-9d) 192.168.120.4 fa:16:3e:09:dd:2a host-192-168-120-4
May 25 16:55:52 gtw01 dnsmasq[15437]: started, version 2.80 cachesize 150
May 25 16:55:52 gtw01 dnsmasq[15437]: DNS service limited to local subnets
May 25 16:55:52 gtw01 dnsmasq[15437]: compile time options: IPv6 GNU-getopt DBus i18n IDN DHCP DHCPv6 no-Lua TFTP conntrack ipset auth DNSSEC loop-detect inotify dumpfile
May 25 16:55:52 gtw01 dnsmasq[15437]: warning: no upstream servers configured
May 25 16:55:52 gtw01 dnsmasq-dhcp[15437]: DHCPv6, static leases only on 2003::, lease time 1h
May 25 16:55:52 gtw01 dnsmasq[15437]: read /var/lib/neutron/dhcp/3518fa0c-b5b2-405d-8a6a-960336f5fb10/addn_hosts - 1 addresses
May 25 16:55:52 gtw01 dnsmasq-dhcp[15437]: read /var/lib/neutron/dhcp/3518fa0c-b5b2-405d-8a6a-960336f5fb10/host
May 25 16:55:52 gtw01 dnsmasq-dhcp[15437]: read /var/lib/neutron/dhcp/3518fa0c-b5b2-405d-8a6a-960336f5fb10/opts
May 25 16:55:52 gtw01 kernel: [ 6174.740586] device tap974b80b7-16 left promiscuous mode
May 25 16:55:52 gtw01 dnsmasq[15422]: read /var/lib/neutron/dhcp/f273453a-55d7-4f7d-9ff5-a080f1e16603/addn_hosts - 2 addresses
May 25 16:55:52 gtw01 dnsmasq-dhcp[15422]: read /var/lib/neutron/dhcp/f273453a-55d7-4f7d-9ff5-a080f1e16603/host
May 25 16:55:52 gtw01 dnsmasq-dhcp[15422]: read /var/lib/neutron/dhcp/f273453a-55d7-4f7d-9ff5-a080f1e16603/opts
May 25 16:55:53 gtw01 dnsmasq[15422]: read /var/lib/neutron/dhcp/f273453a-55d7-4f7d-9ff5-a080f1e16603/addn_hosts - 2 addresses
May 25 16:55:53 gtw01 dnsmasq-dhcp[15422]: read /var/lib/neutron/dhcp/f273453a-55d7-4f7d-9ff5-a080f1e16603/host
May 25 16:55:53 gtw01 dnsmasq-dhcp[15422]: read /var/lib/neutron/dhcp/f273453a-55d7-4f7d-9ff5-a080f1e16603/opts
May 25 16:55:55 gtw01 systemd-udevd[15521]: Could not generate persistent MAC address for tap8c678214-83: No such file or directory
May 25 16:55:55 gtw01 kernel: [ 6177.630233] device tap8c678214-83 entered promiscuous mode
May 25 16:55:55 gtw01 systemd-udevd[15589]: Process '/sbin/ip link set tap8c678214-83 txqueuelen 10000' failed with exit code 1.
May 25 16:55:55 gtw01 dnsmasq[6835]: read /var/lib/neutron/dhcp/783bc7b6-0f78-474b-8738-6272ae3d6f4c/addn_hosts - 7 addresses
May 25 16:55:55 gtw01 dnsmasq-dhcp[6835]: read /var/lib/neutron/dhcp/783bc7b6-0f78-474b-8738-6272ae3d6f4c/host
May 25 16:55:55 gtw01 dnsmasq-dhcp[6835]: read /var/lib/neutron/dhcp/783bc7b6-0f78-474b-8738-6272ae3d6f4c/opts
May 25 16:55:57 gtw01 dnsmasq[6835]: read /var/lib/neutron/dhcp/783bc7b6-0f78-474b-8738-6272ae3d6f4c/addn_hosts - 7 addresses
May 25 16:55:57 gtw01 dnsmasq-dhcp[6835]: read /var/lib/neutron/dhcp/783bc7b6-0f78-474b-8738-6272ae3d6f4c/host
May 25 16:55:57 gtw01 dnsmasq-dhcp[6835]: read /var/lib/neutron/dhcp/783bc7b6-0f78-474b-8738-6272ae3d6f4c/opts
May 25 16:55:58 gtw01 dnsmasq[6835]: read /var/lib/neutron/dhcp/783bc7b6-0f78-474b-8738-6272ae3d6f4c/addn_hosts - 7 addresses
May 25 16:55:58 gtw01 dnsmasq-dhcp[6835]: read /var/lib/neutron/dhcp/783bc7b6-0f78-474b-8738-6272ae3d6f4c/host
May 25 16:55:58 gtw01 dnsmasq-dhcp[6835]: read /var/lib/neutron/dhcp/783bc7b6-0f78-474b-8738-6272ae3d6f4c/opts
May 25 16:55:58 gtw01 dnsmasq[15721]: started, version 2.80 cachesize 150
May 25 16:55:58 gtw01 dnsmasq[15721]: DNS service limited to local subnets
May 25 16:55:58 gtw01 dnsmasq[15721]: compile time options: IPv6 GNU-getopt DBus i18n IDN DHCP DHCPv6 no-Lua TFTP conntrack ipset auth DNSSEC loop-detect inotify dumpfile
May 25 16:55:58 gtw01 dnsmasq[15721]: warning: no upstream servers configured
May 25 16:55:58 gtw01 dnsmasq-dhcp[15721]: DHCPv6, static leases only on 2003::, lease time 1h
May 25 16:55:58 gtw01 dnsmasq[15721]: read /var/lib/neutron/dhcp/603a99cf-f3c5-4272-ae5a-a7667e7ef345/addn_hosts - 1 addresses
May 25 16:55:58 gtw01 dnsmasq-dhcp[15721]: read /var/lib/neutron/dhcp/603a99cf-f3c5-4272-ae5a-a7667e7ef345/host
May 25 16:55:58 gtw01 dnsmasq-dhcp[15721]: read /var/lib/neutron/dhcp/603a99cf-f3c5-4272-ae5a-a7667e7ef345/opts
May 25 16:55:58 gtw01 kernel: [ 6181.133864] device tap8c678214-83 left promiscuous mode
May 25 16:56:00 gtw01 dnsmasq-dhcp[16242]: DHCPDISCOVER(tap5dbf6d42-f5) fa:16:3e:18:1f:a4
May 25 16:56:00 gtw01 dnsmasq-dhcp[16242]: DHCPOFFER(tap5dbf6d42-f5) 192.168.120.3 fa:16:3e:18:1f:a4
May 25 16:56:00 gtw01 dnsmasq-dhcp[16242]: DHCPREQUEST(tap5dbf6d42-f5) 192.168.120.3 fa:16:3e:18:1f:a4
May 25 16:56:00 gtw01 dnsmasq-dhcp[16242]: DHCPACK(tap5dbf6d42-f5) 192.168.120.3 fa:16:3e:18:1f:a4 host-192-168-120-3
May 25 16:56:01 gtw01 dnsmasq-dhcp[16242]: DHCPRELEASE(tap5dbf6d42-f5) 192.168.120.3 fa:16:3e:18:1f:a4
May 25 16:56:03 gtw01 systemd-udevd[15765]: Could not generate persistent MAC address for tap7d0f0ac3-d2: No such file or directory
May 25 16:56:03 gtw01 kernel: [ 6185.622927] device tap7d0f0ac3-d2 entered promiscuous mode
May 25 16:56:03 gtw01 systemd-udevd[15765]: Process '/sbin/ip link set tap7d0f0ac3-d2 txqueuelen 10000' failed with exit code 1.
May 25 16:56:03 gtw01 systemd-udevd[15765]: Process '/sbin/ip link set tap7d0f0ac3-d2 txqueuelen 10000' failed with exit code 1.
May 25 16:56:06 gtw01 dnsmasq[15924]: started, version 2.80 cachesize 150
May 25 16:56:06 gtw01 dnsmasq[15924]: DNS service limited to local subnets
May 25 16:56:06 gtw01 dnsmasq[15924]: compile time options: IPv6 GNU-getopt DBus i18n IDN DHCP DHCPv6 no-Lua TFTP conntrack ipset auth DNSSEC loop-detect inotify dumpfile
May 25 16:56:06 gtw01 dnsmasq[15924]: warning: no upstream servers configured
May 25 16:56:06 gtw01 dnsmasq-dhcp[15924]: DHCPv6, static leases only on 2003::, lease time 1h
May 25 16:56:06 gtw01 dnsmasq[15924]: read /var/lib/neutron/dhcp/b91dba80-ccf9-45e4-9904-c43aa5d09d95/addn_hosts - 1 addresses
May 25 16:56:06 gtw01 dnsmasq-dhcp[15924]: read /var/lib/neutron/dhcp/b91dba80-ccf9-45e4-9904-c43aa5d09d95/host
May 25 16:56:06 gtw01 dnsmasq-dhcp[15924]: read /var/lib/neutron/dhcp/b91dba80-ccf9-45e4-9904-c43aa5d09d95/opts
May 25 16:56:06 gtw01 kernel: [ 6188.851609] device tap7d0f0ac3-d2 left promiscuous mode
May 25 16:56:09 gtw01 dnsmasq[16242]: read /var/lib/neutron/dhcp/ca8edbbf-c59c-449c-9890-4e53a478c062/addn_hosts - 3 addresses
May 25 16:56:09 gtw01 dnsmasq-dhcp[16242]: read /var/lib/neutron/dhcp/ca8edbbf-c59c-449c-9890-4e53a478c062/host
May 25 16:56:09 gtw01 dnsmasq-dhcp[16242]: read /var/lib/neutron/dhcp/ca8edbbf-c59c-449c-9890-4e53a478c062/opts
May 25 16:56:10 gtw01 dnsmasq[16025]: started, version 2.80 cachesize 150
May 25 16:56:10 gtw01 dnsmasq[16025]: DNS service limited to local subnets
May 25 16:56:10 gtw01 dnsmasq[16025]: compile time options: IPv6 GNU-getopt DBus i18n IDN DHCP DHCPv6 no-Lua TFTP conntrack ipset auth DNSSEC loop-detect inotify dumpfile
May 25 16:56:10 gtw01 dnsmasq[16025]: warning: no upstream servers configured
May 25 16:56:10 gtw01 dnsmasq-dhcp[16025]: DHCPv6, static leases only on 2003::, lease time 1h
May 25 16:56:10 gtw01 dnsmasq[16025]: read /var/lib/neutron/dhcp/f273453a-55d7-4f7d-9ff5-a080f1e16603/addn_hosts - 1 addresses
May 25 16:56:10 gtw01 dnsmasq-dhcp[16025]: read /var/lib/neutron/dhcp/f273453a-55d7-4f7d-9ff5-a080f1e16603/host
May 25 16:56:10 gtw01 dnsmasq-dhcp[16025]: read /var/lib/neutron/dhcp/f273453a-55d7-4f7d-9ff5-a080f1e16603/opts
May 25 16:56:11 gtw01 kernel: [ 6193.644965] device tap8961b148-ae left promiscuous mode
May 25 16:56:12 gtw01 dnsmasq-dhcp[16242]: DHCPRELEASE(tap5dbf6d42-f5) 192.168.120.5 fa:16:3e:2d:1f:b2
May 25 16:56:12 gtw01 dnsmasq-dhcp[16242]: DHCPRELEASE(tap5dbf6d42-f5) 192.168.120.5 fa:16:3e:2d:1f:b2 unknown lease
May 25 16:56:12 gtw01 dnsmasq-dhcp[6835]: DHCPDISCOVER(tap7cc8934c-9d) fa:16:3e:3a:eb:f3
May 25 16:56:12 gtw01 dnsmasq-dhcp[6835]: DHCPOFFER(tap7cc8934c-9d) 192.168.120.5 fa:16:3e:3a:eb:f3
May 25 16:56:12 gtw01 dnsmasq-dhcp[6835]: DHCPREQUEST(tap7cc8934c-9d) 192.168.120.5 fa:16:3e:3a:eb:f3
May 25 16:56:12 gtw01 dnsmasq-dhcp[6835]: DHCPACK(tap7cc8934c-9d) 192.168.120.5 fa:16:3e:3a:eb:f3 host-192-168-120-5
May 25 16:56:13 gtw01 dnsmasq[16242]: read /var/lib/neutron/dhcp/ca8edbbf-c59c-449c-9890-4e53a478c062/addn_hosts - 2 addresses
May 25 16:56:13 gtw01 dnsmasq-dhcp[16242]: read /var/lib/neutron/dhcp/ca8edbbf-c59c-449c-9890-4e53a478c062/host
May 25 16:56:13 gtw01 dnsmasq-dhcp[16242]: read /var/lib/neutron/dhcp/ca8edbbf-c59c-449c-9890-4e53a478c062/opts
May 25 16:56:13 gtw01 kernel: [ 6196.187504] device tap221d55f0-db left promiscuous mode
May 25 16:56:16 gtw01 dnsmasq-dhcp[6835]: DHCPRELEASE(tap7cc8934c-9d) 192.168.120.5 fa:16:3e:3a:eb:f3
May 25 16:56:17 gtw01 kernel: [ 6199.855039] device tap78a8383d-5e left promiscuous mode
May 25 16:56:21 gtw01 kernel: [ 6204.063323] device tap8fd3ebe2-f5 left promiscuous mode
May 25 16:56:31 gtw01 kernel: [ 6214.166970] device tap2246cf73-8a entered promiscuous mode
May 25 16:56:31 gtw01 systemd-udevd[16192]: Could not generate persistent MAC address for tap2246cf73-8a: No such file or directory
May 25 16:56:31 gtw01 systemd-udevd[16192]: Process '/sbin/ip link set tap2246cf73-8a txqueuelen 10000' failed with exit code 1.
May 25 16:56:31 gtw01 systemd-udevd[16268]: Process '/sbin/ip link set tap2246cf73-8a txqueuelen 10000' failed with exit code 1.
May 25 16:56:32 gtw01 kernel: [ 6215.120549] device tap0f85f955-ff entered promiscuous mode
May 25 16:56:32 gtw01 systemd-udevd[16308]: Could not generate persistent MAC address for tap0f85f955-ff: No such file or directory
May 25 16:56:32 gtw01 systemd-udevd[16308]: Process '/sbin/ip link set tap0f85f955-ff txqueuelen 10000' failed with exit code 1.
May 25 16:56:32 gtw01 systemd-udevd[16308]: Process '/sbin/ip link set tap0f85f955-ff txqueuelen 10000' failed with exit code 1.
May 25 16:56:34 gtw01 dnsmasq[16485]: started, version 2.80 cachesize 150
May 25 16:56:34 gtw01 dnsmasq[16485]: DNS service limited to local subnets
May 25 16:56:34 gtw01 dnsmasq[16485]: compile time options: IPv6 GNU-getopt DBus i18n IDN DHCP DHCPv6 no-Lua TFTP conntrack ipset auth DNSSEC loop-detect inotify dumpfile
May 25 16:56:34 gtw01 dnsmasq[16485]: warning: no upstream servers configured
May 25 16:56:34 gtw01 dnsmasq-dhcp[16485]: DHCP, static leases only on 192.168.120.0, lease time 1h
May 25 16:56:34 gtw01 dnsmasq[16485]: read /var/lib/neutron/dhcp/2b0fd66b-f68e-4b38-bf7a-77013f1268b0/addn_hosts - 1 addresses
May 25 16:56:34 gtw01 dnsmasq-dhcp[16485]: read /var/lib/neutron/dhcp/2b0fd66b-f68e-4b38-bf7a-77013f1268b0/host
May 25 16:56:34 gtw01 dnsmasq-dhcp[16485]: read /var/lib/neutron/dhcp/2b0fd66b-f68e-4b38-bf7a-77013f1268b0/opts
May 25 16:56:35 gtw01 haproxy-metadata-proxy-2b0fd66b-f68e-4b38-bf7a-77013f1268b0[16499]: Proxy listener started.
May 25 16:56:35 gtw01 dnsmasq[6835]: read /var/lib/neutron/dhcp/783bc7b6-0f78-474b-8738-6272ae3d6f4c/addn_hosts - 6 addresses
May 25 16:56:35 gtw01 dnsmasq-dhcp[6835]: read /var/lib/neutron/dhcp/783bc7b6-0f78-474b-8738-6272ae3d6f4c/host
May 25 16:56:35 gtw01 dnsmasq-dhcp[6835]: read /var/lib/neutron/dhcp/783bc7b6-0f78-474b-8738-6272ae3d6f4c/opts
May 25 16:56:35 gtw01 dnsmasq[16485]: read /var/lib/neutron/dhcp/2b0fd66b-f68e-4b38-bf7a-77013f1268b0/addn_hosts - 2 addresses
May 25 16:56:35 gtw01 dnsmasq-dhcp[16485]: read /var/lib/neutron/dhcp/2b0fd66b-f68e-4b38-bf7a-77013f1268b0/host
May 25 16:56:35 gtw01 dnsmasq-dhcp[16485]: read /var/lib/neutron/dhcp/2b0fd66b-f68e-4b38-bf7a-77013f1268b0/opts
May 25 16:56:36 gtw01 dnsmasq[16539]: started, version 2.80 cachesize 150
May 25 16:56:36 gtw01 dnsmasq[16539]: DNS service limited to local subnets
May 25 16:56:36 gtw01 dnsmasq[16539]: compile time options: IPv6 GNU-getopt DBus i18n IDN DHCP DHCPv6 no-Lua TFTP conntrack ipset auth DNSSEC loop-detect inotify dumpfile
May 25 16:56:36 gtw01 dnsmasq[16539]: warning: no upstream servers configured
May 25 16:56:36 gtw01 dnsmasq-dhcp[16539]: DHCP, static leases only on 192.168.121.0, lease time 1h
May 25 16:56:36 gtw01 dnsmasq[16539]: read /var/lib/neutron/dhcp/f043b796-eb0f-4a38-be08-35a517af1d9c/addn_hosts - 1 addresses
May 25 16:56:36 gtw01 dnsmasq-dhcp[16539]: read /var/lib/neutron/dhcp/f043b796-eb0f-4a38-be08-35a517af1d9c/host
May 25 16:56:36 gtw01 dnsmasq-dhcp[16539]: read /var/lib/neutron/dhcp/f043b796-eb0f-4a38-be08-35a517af1d9c/opts
May 25 16:56:36 gtw01 haproxy-metadata-proxy-f043b796-eb0f-4a38-be08-35a517af1d9c[16546]: Proxy listener started.
May 25 16:56:37 gtw01 dnsmasq[16485]: read /var/lib/neutron/dhcp/2b0fd66b-f68e-4b38-bf7a-77013f1268b0/addn_hosts - 2 addresses
May 25 16:56:37 gtw01 dnsmasq-dhcp[16485]: read /var/lib/neutron/dhcp/2b0fd66b-f68e-4b38-bf7a-77013f1268b0/host
May 25 16:56:37 gtw01 dnsmasq-dhcp[16485]: read /var/lib/neutron/dhcp/2b0fd66b-f68e-4b38-bf7a-77013f1268b0/opts
May 25 16:56:37 gtw01 dnsmasq[16539]: read /var/lib/neutron/dhcp/f043b796-eb0f-4a38-be08-35a517af1d9c/addn_hosts - 2 addresses
May 25 16:56:37 gtw01 dnsmasq-dhcp[16539]: read /var/lib/neutron/dhcp/f043b796-eb0f-4a38-be08-35a517af1d9c/host
May 25 16:56:37 gtw01 dnsmasq-dhcp[16539]: read /var/lib/neutron/dhcp/f043b796-eb0f-4a38-be08-35a517af1d9c/opts
May 25 16:56:37 gtw01 dnsmasq-dhcp[6835]: DHCPRELEASE(tap7cc8934c-9d) 192.168.120.4 fa:16:3e:09:dd:2a
May 25 16:56:38 gtw01 dnsmasq[16485]: read /var/lib/neutron/dhcp/2b0fd66b-f68e-4b38-bf7a-77013f1268b0/addn_hosts - 2 addresses
May 25 16:56:38 gtw01 dnsmasq-dhcp[16485]: read /var/lib/neutron/dhcp/2b0fd66b-f68e-4b38-bf7a-77013f1268b0/host
May 25 16:56:38 gtw01 dnsmasq-dhcp[16485]: read /var/lib/neutron/dhcp/2b0fd66b-f68e-4b38-bf7a-77013f1268b0/opts
May 25 16:56:38 gtw01 dnsmasq[16539]: read /var/lib/neutron/dhcp/f043b796-eb0f-4a38-be08-35a517af1d9c/addn_hosts - 2 addresses
May 25 16:56:38 gtw01 dnsmasq-dhcp[16539]: read /var/lib/neutron/dhcp/f043b796-eb0f-4a38-be08-35a517af1d9c/host
May 25 16:56:38 gtw01 dnsmasq-dhcp[16539]: read /var/lib/neutron/dhcp/f043b796-eb0f-4a38-be08-35a517af1d9c/opts
May 25 16:56:38 gtw01 dnsmasq[16485]: read /var/lib/neutron/dhcp/2b0fd66b-f68e-4b38-bf7a-77013f1268b0/addn_hosts - 2 addresses
May 25 16:56:38 gtw01 dnsmasq-dhcp[16485]: read /var/lib/neutron/dhcp/2b0fd66b-f68e-4b38-bf7a-77013f1268b0/host
May 25 16:56:38 gtw01 dnsmasq-dhcp[16485]: read /var/lib/neutron/dhcp/2b0fd66b-f68e-4b38-bf7a-77013f1268b0/opts
May 25 16:56:39 gtw01 dnsmasq[16539]: read /var/lib/neutron/dhcp/f043b796-eb0f-4a38-be08-35a517af1d9c/addn_hosts - 2 addresses
May 25 16:56:39 gtw01 dnsmasq-dhcp[16539]: read /var/lib/neutron/dhcp/f043b796-eb0f-4a38-be08-35a517af1d9c/host
May 25 16:56:39 gtw01 dnsmasq-dhcp[16539]: read /var/lib/neutron/dhcp/f043b796-eb0f-4a38-be08-35a517af1d9c/opts
May 25 16:56:39 gtw01 dnsmasq[16485]: read /var/lib/neutron/dhcp/2b0fd66b-f68e-4b38-bf7a-77013f1268b0/addn_hosts - 2 addresses
May 25 16:56:39 gtw01 dnsmasq-dhcp[16485]: read /var/lib/neutron/dhcp/2b0fd66b-f68e-4b38-bf7a-77013f1268b0/host
May 25 16:56:39 gtw01 dnsmasq-dhcp[16485]: read /var/lib/neutron/dhcp/2b0fd66b-f68e-4b38-bf7a-77013f1268b0/opts
May 25 16:56:40 gtw01 dnsmasq[16539]: read /var/lib/neutron/dhcp/f043b796-eb0f-4a38-be08-35a517af1d9c/addn_hosts - 2 addresses
May 25 16:56:40 gtw01 dnsmasq-dhcp[16539]: read /var/lib/neutron/dhcp/f043b796-eb0f-4a38-be08-35a517af1d9c/host
May 25 16:56:40 gtw01 dnsmasq-dhcp[16539]: read /var/lib/neutron/dhcp/f043b796-eb0f-4a38-be08-35a517af1d9c/opts
May 25 16:56:41 gtw01 dnsmasq[16539]: read /var/lib/neutron/dhcp/f043b796-eb0f-4a38-be08-35a517af1d9c/addn_hosts - 2 addresses
May 25 16:56:41 gtw01 dnsmasq-dhcp[16539]: read /var/lib/neutron/dhcp/f043b796-eb0f-4a38-be08-35a517af1d9c/host
May 25 16:56:41 gtw01 dnsmasq-dhcp[16539]: read /var/lib/neutron/dhcp/f043b796-eb0f-4a38-be08-35a517af1d9c/opts
May 25 16:56:42 gtw01 dnsmasq[16539]: read /var/lib/neutron/dhcp/f043b796-eb0f-4a38-be08-35a517af1d9c/addn_hosts - 1 addresses
May 25 16:56:42 gtw01 dnsmasq-dhcp[16539]: read /var/lib/neutron/dhcp/f043b796-eb0f-4a38-be08-35a517af1d9c/host
May 25 16:56:42 gtw01 dnsmasq-dhcp[16539]: read /var/lib/neutron/dhcp/f043b796-eb0f-4a38-be08-35a517af1d9c/opts
May 25 16:56:42 gtw01 haproxy-metadata-proxy-f043b796-eb0f-4a38-be08-35a517af1d9c[16760]: Proxy listener started.
May 25 16:56:42 gtw01 dnsmasq[16485]: read /var/lib/neutron/dhcp/2b0fd66b-f68e-4b38-bf7a-77013f1268b0/addn_hosts - 1 addresses
May 25 16:56:42 gtw01 dnsmasq-dhcp[16485]: read /var/lib/neutron/dhcp/2b0fd66b-f68e-4b38-bf7a-77013f1268b0/host
May 25 16:56:42 gtw01 dnsmasq-dhcp[16485]: read /var/lib/neutron/dhcp/2b0fd66b-f68e-4b38-bf7a-77013f1268b0/opts
May 25 16:56:43 gtw01 haproxy-metadata-proxy-2b0fd66b-f68e-4b38-bf7a-77013f1268b0[16783]: Proxy listener started.
May 25 16:56:47 gtw01 kernel: [ 6229.691302] device tap0f85f955-ff left promiscuous mode
May 25 16:56:49 gtw01 kernel: [ 6231.710042] device tap2246cf73-8a left promiscuous mode
May 25 16:56:53 gtw01 dnsmasq[6835]: read /var/lib/neutron/dhcp/783bc7b6-0f78-474b-8738-6272ae3d6f4c/addn_hosts - 5 addresses
May 25 16:56:53 gtw01 dnsmasq-dhcp[6835]: read /var/lib/neutron/dhcp/783bc7b6-0f78-474b-8738-6272ae3d6f4c/host
May 25 16:56:53 gtw01 dnsmasq-dhcp[6835]: read /var/lib/neutron/dhcp/783bc7b6-0f78-474b-8738-6272ae3d6f4c/opts
May 25 16:56:54 gtw01 kernel: [ 6236.555385] device tap7b36d2bd-79 entered promiscuous mode
May 25 16:56:54 gtw01 systemd-udevd[16896]: Could not generate persistent MAC address for tap7b36d2bd-79: No such file or directory
May 25 16:56:54 gtw01 systemd-udevd[16896]: Process '/sbin/ip link set tap7b36d2bd-79 txqueuelen 10000' failed with exit code 1.
May 25 16:56:54 gtw01 systemd-udevd[16896]: Process '/sbin/ip link set tap7b36d2bd-79 txqueuelen 10000' failed with exit code 1.
May 25 16:56:57 gtw01 dnsmasq[17088]: started, version 2.80 cachesize 150
May 25 16:56:57 gtw01 dnsmasq[17088]: DNS service limited to local subnets
May 25 16:56:57 gtw01 dnsmasq[17088]: compile time options: IPv6 GNU-getopt DBus i18n IDN DHCP DHCPv6 no-Lua TFTP conntrack ipset auth DNSSEC loop-detect inotify dumpfile
May 25 16:56:57 gtw01 dnsmasq[17088]: warning: no upstream servers configured
May 25 16:56:57 gtw01 dnsmasq-dhcp[17088]: DHCP, static leases only on 192.168.120.0, lease time 1h
May 25 16:56:57 gtw01 dnsmasq[17088]: read /var/lib/neutron/dhcp/627c563d-1526-418a-bcaf-d7fa8de0a3db/addn_hosts - 1 addresses
May 25 16:56:57 gtw01 dnsmasq-dhcp[17088]: read /var/lib/neutron/dhcp/627c563d-1526-418a-bcaf-d7fa8de0a3db/host
May 25 16:56:57 gtw01 dnsmasq-dhcp[17088]: read /var/lib/neutron/dhcp/627c563d-1526-418a-bcaf-d7fa8de0a3db/opts
May 25 16:56:57 gtw01 haproxy-metadata-proxy-627c563d-1526-418a-bcaf-d7fa8de0a3db[17092]: Proxy listener started.
May 25 16:56:58 gtw01 dnsmasq[17088]: read /var/lib/neutron/dhcp/627c563d-1526-418a-bcaf-d7fa8de0a3db/addn_hosts - 2 addresses
May 25 16:56:58 gtw01 dnsmasq-dhcp[17088]: read /var/lib/neutron/dhcp/627c563d-1526-418a-bcaf-d7fa8de0a3db/host
May 25 16:56:58 gtw01 dnsmasq-dhcp[17088]: read /var/lib/neutron/dhcp/627c563d-1526-418a-bcaf-d7fa8de0a3db/opts
May 25 16:56:59 gtw01 systemd-udevd[17157]: Could not generate persistent MAC address for tap79b87742-6d: No such file or directory
May 25 16:56:59 gtw01 kernel: [ 6241.573420] device tap79b87742-6d entered promiscuous mode
May 25 16:56:59 gtw01 systemd-udevd[17157]: Process '/sbin/ip link set tap79b87742-6d txqueuelen 10000' failed with exit code 1.
May 25 16:56:59 gtw01 systemd-udevd[17157]: Process '/sbin/ip link set tap79b87742-6d txqueuelen 10000' failed with exit code 1.
May 25 16:56:59 gtw01 systemd-udevd[17262]: Could not generate persistent MAC address for tap2d2b033a-9c: No such file or directory
May 25 16:56:59 gtw01 kernel: [ 6241.923282] device tap2d2b033a-9c entered promiscuous mode
May 25 16:56:59 gtw01 dnsmasq[17088]: read /var/lib/neutron/dhcp/627c563d-1526-418a-bcaf-d7fa8de0a3db/addn_hosts - 2 addresses
May 25 16:56:59 gtw01 dnsmasq-dhcp[17088]: read /var/lib/neutron/dhcp/627c563d-1526-418a-bcaf-d7fa8de0a3db/host
May 25 16:56:59 gtw01 dnsmasq-dhcp[17088]: read /var/lib/neutron/dhcp/627c563d-1526-418a-bcaf-d7fa8de0a3db/opts
May 25 16:56:59 gtw01 systemd-udevd[17334]: Process '/sbin/ip link set tap2d2b033a-9c txqueuelen 10000' failed with exit code 1.
May 25 16:57:00 gtw01 dnsmasq[17088]: read /var/lib/neutron/dhcp/627c563d-1526-418a-bcaf-d7fa8de0a3db/addn_hosts - 2 addresses
May 25 16:57:00 gtw01 dnsmasq-dhcp[17088]: read /var/lib/neutron/dhcp/627c563d-1526-418a-bcaf-d7fa8de0a3db/host
May 25 16:57:00 gtw01 dnsmasq-dhcp[17088]: read /var/lib/neutron/dhcp/627c563d-1526-418a-bcaf-d7fa8de0a3db/opts
May 25 16:57:01 gtw01 dnsmasq[17088]: read /var/lib/neutron/dhcp/627c563d-1526-418a-bcaf-d7fa8de0a3db/addn_hosts - 2 addresses
May 25 16:57:01 gtw01 dnsmasq-dhcp[17088]: read /var/lib/neutron/dhcp/627c563d-1526-418a-bcaf-d7fa8de0a3db/host
May 25 16:57:01 gtw01 dnsmasq-dhcp[17088]: read /var/lib/neutron/dhcp/627c563d-1526-418a-bcaf-d7fa8de0a3db/opts
May 25 16:57:01 gtw01 dnsmasq-dhcp[6835]: DHCPRELEASE(tap7cc8934c-9d) 192.168.120.6 fa:16:3e:69:de:2e
May 25 16:57:02 gtw01 dnsmasq-dhcp[6835]: DHCPRELEASE(tap7cc8934c-9d) 192.168.120.6 fa:16:3e:69:de:2e unknown lease
May 25 16:57:02 gtw01 dnsmasq[17088]: read /var/lib/neutron/dhcp/627c563d-1526-418a-bcaf-d7fa8de0a3db/addn_hosts - 2 addresses
May 25 16:57:02 gtw01 dnsmasq-dhcp[17088]: read /var/lib/neutron/dhcp/627c563d-1526-418a-bcaf-d7fa8de0a3db/host
May 25 16:57:02 gtw01 dnsmasq-dhcp[17088]: read /var/lib/neutron/dhcp/627c563d-1526-418a-bcaf-d7fa8de0a3db/opts
May 25 16:57:02 gtw01 dnsmasq[17513]: started, version 2.80 cachesize 150
May 25 16:57:02 gtw01 dnsmasq[17513]: DNS service limited to local subnets
May 25 16:57:02 gtw01 dnsmasq[17513]: compile time options: IPv6 GNU-getopt DBus i18n IDN DHCP DHCPv6 no-Lua TFTP conntrack ipset auth DNSSEC loop-detect inotify dumpfile
May 25 16:57:02 gtw01 dnsmasq[17513]: warning: no upstream servers configured
May 25 16:57:02 gtw01 dnsmasq-dhcp[17513]: DHCPv6, static leases only on 2003::, lease time 1h
May 25 16:57:02 gtw01 dnsmasq[17513]: read /var/lib/neutron/dhcp/65b3f2c3-bd18-4893-9ad0-194839f98e5f/addn_hosts - 1 addresses
May 25 16:57:02 gtw01 dnsmasq-dhcp[17513]: read /var/lib/neutron/dhcp/65b3f2c3-bd18-4893-9ad0-194839f98e5f/host
May 25 16:57:02 gtw01 dnsmasq-dhcp[17513]: read /var/lib/neutron/dhcp/65b3f2c3-bd18-4893-9ad0-194839f98e5f/opts
May 25 16:57:03 gtw01 dnsmasq[6835]: read /var/lib/neutron/dhcp/783bc7b6-0f78-474b-8738-6272ae3d6f4c/addn_hosts - 4 addresses
May 25 16:57:03 gtw01 dnsmasq-dhcp[6835]: read /var/lib/neutron/dhcp/783bc7b6-0f78-474b-8738-6272ae3d6f4c/host
May 25 16:57:03 gtw01 dnsmasq-dhcp[6835]: read /var/lib/neutron/dhcp/783bc7b6-0f78-474b-8738-6272ae3d6f4c/opts
May 25 16:57:03 gtw01 dnsmasq[17551]: started, version 2.80 cachesize 150
May 25 16:57:03 gtw01 dnsmasq[17551]: DNS service limited to local subnets
May 25 16:57:03 gtw01 dnsmasq[17551]: compile time options: IPv6 GNU-getopt DBus i18n IDN DHCP DHCPv6 no-Lua TFTP conntrack ipset auth DNSSEC loop-detect inotify dumpfile
May 25 16:57:03 gtw01 dnsmasq[17551]: warning: no upstream servers configured
May 25 16:57:03 gtw01 dnsmasq-dhcp[17551]: DHCPv6, static leases only on 2003:0:0:1::, lease time 1h
May 25 16:57:03 gtw01 dnsmasq[17551]: read /var/lib/neutron/dhcp/4ab34d1f-aa84-44e5-9675-b516db77e0fa/addn_hosts - 1 addresses
May 25 16:57:03 gtw01 dnsmasq-dhcp[17551]: read /var/lib/neutron/dhcp/4ab34d1f-aa84-44e5-9675-b516db77e0fa/host
May 25 16:57:03 gtw01 dnsmasq-dhcp[17551]: read /var/lib/neutron/dhcp/4ab34d1f-aa84-44e5-9675-b516db77e0fa/opts
May 25 16:57:03 gtw01 kernel: [ 6245.658186] device tap79b87742-6d left promiscuous mode
May 25 16:57:03 gtw01 dnsmasq[17088]: read /var/lib/neutron/dhcp/627c563d-1526-418a-bcaf-d7fa8de0a3db/addn_hosts - 2 addresses
May 25 16:57:03 gtw01 dnsmasq-dhcp[17088]: read /var/lib/neutron/dhcp/627c563d-1526-418a-bcaf-d7fa8de0a3db/host
May 25 16:57:03 gtw01 dnsmasq-dhcp[17088]: read /var/lib/neutron/dhcp/627c563d-1526-418a-bcaf-d7fa8de0a3db/opts
May 25 16:57:03 gtw01 kernel: [ 6245.854459] device tap2d2b033a-9c left promiscuous mode
May 25 16:57:03 gtw01 kernel: [ 6246.388900] device vxlan_sys_4789 left promiscuous mode
May 25 16:57:04 gtw01 dnsmasq-dhcp[6835]: DHCPRELEASE(tap7cc8934c-9d) 192.168.120.3 fa:16:3e:39:a7:56
May 25 16:57:04 gtw01 dnsmasq[17088]: read /var/lib/neutron/dhcp/627c563d-1526-418a-bcaf-d7fa8de0a3db/addn_hosts - 1 addresses
May 25 16:57:04 gtw01 dnsmasq-dhcp[17088]: read /var/lib/neutron/dhcp/627c563d-1526-418a-bcaf-d7fa8de0a3db/host
May 25 16:57:04 gtw01 dnsmasq-dhcp[17088]: read /var/lib/neutron/dhcp/627c563d-1526-418a-bcaf-d7fa8de0a3db/opts
May 25 16:57:04 gtw01 dnsmasq-dhcp[6835]: DHCPRELEASE(tap7cc8934c-9d) 192.168.120.3 fa:16:3e:39:a7:56 unknown lease
May 25 16:57:05 gtw01 dnsmasq[6835]: read /var/lib/neutron/dhcp/783bc7b6-0f78-474b-8738-6272ae3d6f4c/addn_hosts - 3 addresses
May 25 16:57:05 gtw01 dnsmasq-dhcp[6835]: read /var/lib/neutron/dhcp/783bc7b6-0f78-474b-8738-6272ae3d6f4c/host
May 25 16:57:05 gtw01 dnsmasq-dhcp[6835]: read /var/lib/neutron/dhcp/783bc7b6-0f78-474b-8738-6272ae3d6f4c/opts
May 25 16:57:05 gtw01 kernel: [ 6247.851895] device tap7b36d2bd-79 left promiscuous mode
May 25 16:57:07 gtw01 dnsmasq[6835]: read /var/lib/neutron/dhcp/783bc7b6-0f78-474b-8738-6272ae3d6f4c/addn_hosts - 2 addresses
May 25 16:57:07 gtw01 dnsmasq-dhcp[6835]: read /var/lib/neutron/dhcp/783bc7b6-0f78-474b-8738-6272ae3d6f4c/host
May 25 16:57:07 gtw01 dnsmasq-dhcp[6835]: read /var/lib/neutron/dhcp/783bc7b6-0f78-474b-8738-6272ae3d6f4c/opts
May 25 16:57:10 gtw01 kernel: [ 6252.935154] device tap7e02b0b9-ef entered promiscuous mode
May 25 16:57:10 gtw01 systemd-udevd[17727]: Could not generate persistent MAC address for tap7e02b0b9-ef: No such file or directory
May 25 16:57:10 gtw01 systemd-udevd[17727]: Process '/sbin/ip link set tap7e02b0b9-ef txqueuelen 10000' failed with exit code 1.
May 25 16:57:10 gtw01 systemd-udevd[17800]: Process '/sbin/ip link set tap7e02b0b9-ef txqueuelen 10000' failed with exit code 1.
May 25 16:57:11 gtw01 dnsmasq[6835]: read /var/lib/neutron/dhcp/783bc7b6-0f78-474b-8738-6272ae3d6f4c/addn_hosts - 1 addresses
May 25 16:57:11 gtw01 dnsmasq-dhcp[6835]: read /var/lib/neutron/dhcp/783bc7b6-0f78-474b-8738-6272ae3d6f4c/host
May 25 16:57:11 gtw01 dnsmasq-dhcp[6835]: read /var/lib/neutron/dhcp/783bc7b6-0f78-474b-8738-6272ae3d6f4c/opts
May 25 16:57:12 gtw01 haproxy-metadata-proxy-783bc7b6-0f78-474b-8738-6272ae3d6f4c[17860]: Proxy listener started.
May 25 16:57:13 gtw01 kernel: [ 6255.909939] device qr-89876faa-65 left promiscuous mode
May 25 16:57:13 gtw01 dnsmasq[17926]: started, version 2.80 cachesize 150
May 25 16:57:13 gtw01 dnsmasq[17926]: DNS service limited to local subnets
May 25 16:57:13 gtw01 dnsmasq[17926]: compile time options: IPv6 GNU-getopt DBus i18n IDN DHCP DHCPv6 no-Lua TFTP conntrack ipset auth DNSSEC loop-detect inotify dumpfile
May 25 16:57:13 gtw01 dnsmasq[17926]: warning: no upstream servers configured
May 25 16:57:13 gtw01 dnsmasq-dhcp[17926]: DHCP, static leases only on 192.168.120.0, lease time 1h
May 25 16:57:13 gtw01 dnsmasq[17926]: read /var/lib/neutron/dhcp/9e1fe5b0-a851-4369-912e-acf8089721c8/addn_hosts - 1 addresses
May 25 16:57:13 gtw01 dnsmasq-dhcp[17926]: read /var/lib/neutron/dhcp/9e1fe5b0-a851-4369-912e-acf8089721c8/host
May 25 16:57:13 gtw01 dnsmasq-dhcp[17926]: read /var/lib/neutron/dhcp/9e1fe5b0-a851-4369-912e-acf8089721c8/opts
May 25 16:57:14 gtw01 haproxy-metadata-proxy-9e1fe5b0-a851-4369-912e-acf8089721c8[17936]: Proxy listener started.
May 25 16:57:14 gtw01 kernel: [ 6256.681134] device qg-48e76282-a7 left promiscuous mode
May 25 16:57:14 gtw01 dnsmasq[17926]: read /var/lib/neutron/dhcp/9e1fe5b0-a851-4369-912e-acf8089721c8/addn_hosts - 1 addresses
May 25 16:57:14 gtw01 dnsmasq-dhcp[17926]: read /var/lib/neutron/dhcp/9e1fe5b0-a851-4369-912e-acf8089721c8/host
May 25 16:57:14 gtw01 dnsmasq-dhcp[17926]: read /var/lib/neutron/dhcp/9e1fe5b0-a851-4369-912e-acf8089721c8/opts
May 25 16:57:15 gtw01 dnsmasq[17926]: read /var/lib/neutron/dhcp/9e1fe5b0-a851-4369-912e-acf8089721c8/addn_hosts - 1 addresses
May 25 16:57:15 gtw01 dnsmasq-dhcp[17926]: read /var/lib/neutron/dhcp/9e1fe5b0-a851-4369-912e-acf8089721c8/host
May 25 16:57:15 gtw01 dnsmasq-dhcp[17926]: read /var/lib/neutron/dhcp/9e1fe5b0-a851-4369-912e-acf8089721c8/opts
May 25 16:57:16 gtw01 dnsmasq[17926]: read /var/lib/neutron/dhcp/9e1fe5b0-a851-4369-912e-acf8089721c8/addn_hosts - 2 addresses
May 25 16:57:16 gtw01 dnsmasq-dhcp[17926]: read /var/lib/neutron/dhcp/9e1fe5b0-a851-4369-912e-acf8089721c8/host
May 25 16:57:16 gtw01 dnsmasq-dhcp[17926]: read /var/lib/neutron/dhcp/9e1fe5b0-a851-4369-912e-acf8089721c8/opts
May 25 16:57:17 gtw01 kernel: [ 6259.467647] device tap7cc8934c-9d left promiscuous mode
May 25 16:57:17 gtw01 dnsmasq[17926]: read /var/lib/neutron/dhcp/9e1fe5b0-a851-4369-912e-acf8089721c8/addn_hosts - 2 addresses
May 25 16:57:17 gtw01 dnsmasq-dhcp[17926]: read /var/lib/neutron/dhcp/9e1fe5b0-a851-4369-912e-acf8089721c8/host
May 25 16:57:17 gtw01 dnsmasq-dhcp[17926]: read /var/lib/neutron/dhcp/9e1fe5b0-a851-4369-912e-acf8089721c8/opts
May 25 16:57:18 gtw01 kernel: [ 6261.123692] device tap7e02b0b9-ef left promiscuous mode
May 25 16:57:26 gtw01 kernel: [ 6268.488264] device tap4909f1ae-a1 entered promiscuous mode
May 25 16:57:26 gtw01 systemd-udevd[18187]: Could not generate persistent MAC address for tap4909f1ae-a1: No such file or directory
May 25 16:57:26 gtw01 systemd-udevd[18187]: Process '/sbin/ip link set tap4909f1ae-a1 txqueuelen 10000' failed with exit code 1.
May 25 16:57:26 gtw01 systemd-udevd[18187]: Process '/sbin/ip link set tap4909f1ae-a1 txqueuelen 10000' failed with exit code 1.
May 25 16:57:26 gtw01 dnsmasq[16242]: read /var/lib/neutron/dhcp/ca8edbbf-c59c-449c-9890-4e53a478c062/addn_hosts - 3 addresses
May 25 16:57:26 gtw01 dnsmasq-dhcp[16242]: read /var/lib/neutron/dhcp/ca8edbbf-c59c-449c-9890-4e53a478c062/host
May 25 16:57:26 gtw01 dnsmasq-dhcp[16242]: read /var/lib/neutron/dhcp/ca8edbbf-c59c-449c-9890-4e53a478c062/opts
May 25 16:57:27 gtw01 dnsmasq[16242]: read /var/lib/neutron/dhcp/ca8edbbf-c59c-449c-9890-4e53a478c062/addn_hosts - 3 addresses
May 25 16:57:27 gtw01 dnsmasq-dhcp[16242]: read /var/lib/neutron/dhcp/ca8edbbf-c59c-449c-9890-4e53a478c062/host
May 25 16:57:27 gtw01 dnsmasq-dhcp[16242]: read /var/lib/neutron/dhcp/ca8edbbf-c59c-449c-9890-4e53a478c062/opts
May 25 16:57:28 gtw01 dnsmasq[16242]: read /var/lib/neutron/dhcp/ca8edbbf-c59c-449c-9890-4e53a478c062/addn_hosts - 3 addresses
May 25 16:57:28 gtw01 dnsmasq-dhcp[16242]: read /var/lib/neutron/dhcp/ca8edbbf-c59c-449c-9890-4e53a478c062/host
May 25 16:57:28 gtw01 dnsmasq-dhcp[16242]: read /var/lib/neutron/dhcp/ca8edbbf-c59c-449c-9890-4e53a478c062/opts
May 25 16:57:29 gtw01 kernel: [ 6271.554585] device tapc32c05d6-ff entered promiscuous mode
May 25 16:57:29 gtw01 systemd-udevd[18418]: Could not generate persistent MAC address for tapc32c05d6-ff: No such file or directory
May 25 16:57:29 gtw01 systemd-udevd[18418]: Process '/sbin/ip link set tapc32c05d6-ff txqueuelen 10000' failed with exit code 1.
May 25 16:57:29 gtw01 systemd-udevd[18494]: Process '/sbin/ip link set tapc32c05d6-ff txqueuelen 10000' failed with exit code 1.
May 25 16:57:29 gtw01 dnsmasq[18508]: started, version 2.80 cachesize 150
May 25 16:57:29 gtw01 dnsmasq[18508]: DNS service limited to local subnets
May 25 16:57:29 gtw01 dnsmasq[18508]: compile time options: IPv6 GNU-getopt DBus i18n IDN DHCP DHCPv6 no-Lua TFTP conntrack ipset auth DNSSEC loop-detect inotify dumpfile
May 25 16:57:29 gtw01 dnsmasq[18508]: warning: no upstream servers configured
May 25 16:57:29 gtw01 dnsmasq-dhcp[18508]: DHCPv6, static leases only on 2003::, lease time 1h
May 25 16:57:29 gtw01 dnsmasq[18508]: read /var/lib/neutron/dhcp/3c18b9f6-b96f-4875-90dd-794a8c1cbd0b/addn_hosts - 1 addresses
May 25 16:57:29 gtw01 dnsmasq-dhcp[18508]: read /var/lib/neutron/dhcp/3c18b9f6-b96f-4875-90dd-794a8c1cbd0b/host
May 25 16:57:29 gtw01 dnsmasq-dhcp[18508]: read /var/lib/neutron/dhcp/3c18b9f6-b96f-4875-90dd-794a8c1cbd0b/opts
May 25 16:57:29 gtw01 kernel: [ 6272.203911] device tap4909f1ae-a1 left promiscuous mode
May 25 16:57:32 gtw01 dnsmasq[18584]: started, version 2.80 cachesize 150
May 25 16:57:32 gtw01 dnsmasq[18584]: DNS service limited to local subnets
May 25 16:57:32 gtw01 dnsmasq[18584]: compile time options: IPv6 GNU-getopt DBus i18n IDN DHCP DHCPv6 no-Lua TFTP conntrack ipset auth DNSSEC loop-detect inotify dumpfile
May 25 16:57:32 gtw01 dnsmasq[18584]: warning: no upstream servers configured
May 25 16:57:32 gtw01 dnsmasq-dhcp[18584]: DHCP, static leases only on 192.168.120.0, lease time 1h
May 25 16:57:32 gtw01 dnsmasq[18584]: read /var/lib/neutron/dhcp/67b98b9f-adce-468f-b48c-b1ec30bdfea0/addn_hosts - 1 addresses
May 25 16:57:32 gtw01 dnsmasq-dhcp[18584]: read /var/lib/neutron/dhcp/67b98b9f-adce-468f-b48c-b1ec30bdfea0/host
May 25 16:57:32 gtw01 dnsmasq-dhcp[18584]: read /var/lib/neutron/dhcp/67b98b9f-adce-468f-b48c-b1ec30bdfea0/opts
May 25 16:57:32 gtw01 haproxy-metadata-proxy-67b98b9f-adce-468f-b48c-b1ec30bdfea0[18592]: Proxy listener started.
May 25 16:57:33 gtw01 systemd-udevd[18623]: Could not generate persistent MAC address for vxlan_sys_4789: No such file or directory
May 25 16:57:33 gtw01 kernel: [ 6275.762818] device vxlan_sys_4789 entered promiscuous mode
May 25 16:57:33 gtw01 kernel: [ 6275.767311] device tap1a237ed1-0c entered promiscuous mode
May 25 16:57:33 gtw01 systemd-udevd[18640]: Could not generate persistent MAC address for tap1a237ed1-0c: No such file or directory
May 25 16:57:33 gtw01 systemd-udevd[18640]: Process '/sbin/ip link set tap1a237ed1-0c txqueuelen 10000' failed with exit code 1.
May 25 16:57:33 gtw01 systemd-udevd[18728]: Process '/sbin/ip link set tap1a237ed1-0c txqueuelen 10000' failed with exit code 1.
May 25 16:57:33 gtw01 dnsmasq[18584]: read /var/lib/neutron/dhcp/67b98b9f-adce-468f-b48c-b1ec30bdfea0/addn_hosts - 2 addresses
May 25 16:57:33 gtw01 dnsmasq-dhcp[18584]: read /var/lib/neutron/dhcp/67b98b9f-adce-468f-b48c-b1ec30bdfea0/host
May 25 16:57:33 gtw01 dnsmasq-dhcp[18584]: read /var/lib/neutron/dhcp/67b98b9f-adce-468f-b48c-b1ec30bdfea0/opts
May 25 16:57:34 gtw01 dnsmasq[18584]: read /var/lib/neutron/dhcp/67b98b9f-adce-468f-b48c-b1ec30bdfea0/addn_hosts - 2 addresses
May 25 16:57:34 gtw01 dnsmasq-dhcp[18584]: read /var/lib/neutron/dhcp/67b98b9f-adce-468f-b48c-b1ec30bdfea0/host
May 25 16:57:34 gtw01 dnsmasq-dhcp[18584]: read /var/lib/neutron/dhcp/67b98b9f-adce-468f-b48c-b1ec30bdfea0/opts
May 25 16:57:35 gtw01 dnsmasq[18584]: read /var/lib/neutron/dhcp/67b98b9f-adce-468f-b48c-b1ec30bdfea0/addn_hosts - 2 addresses
May 25 16:57:35 gtw01 dnsmasq-dhcp[18584]: read /var/lib/neutron/dhcp/67b98b9f-adce-468f-b48c-b1ec30bdfea0/host
May 25 16:57:35 gtw01 dnsmasq-dhcp[18584]: read /var/lib/neutron/dhcp/67b98b9f-adce-468f-b48c-b1ec30bdfea0/opts
May 25 16:57:36 gtw01 dnsmasq[18913]: started, version 2.80 cachesize 150
May 25 16:57:36 gtw01 dnsmasq[18913]: DNS service limited to local subnets
May 25 16:57:36 gtw01 dnsmasq[18913]: compile time options: IPv6 GNU-getopt DBus i18n IDN DHCP DHCPv6 no-Lua TFTP conntrack ipset auth DNSSEC loop-detect inotify dumpfile
May 25 16:57:36 gtw01 dnsmasq[18913]: warning: no upstream servers configured
May 25 16:57:36 gtw01 dnsmasq-dhcp[18913]: DHCPv6, static leases only on 2003::, lease time 1h
May 25 16:57:36 gtw01 dnsmasq[18913]: read /var/lib/neutron/dhcp/290ec38b-34c1-40cf-8a1e-84b96cfca865/addn_hosts - 1 addresses
May 25 16:57:36 gtw01 dnsmasq-dhcp[18913]: read /var/lib/neutron/dhcp/290ec38b-34c1-40cf-8a1e-84b96cfca865/host
May 25 16:57:36 gtw01 dnsmasq-dhcp[18913]: read /var/lib/neutron/dhcp/290ec38b-34c1-40cf-8a1e-84b96cfca865/opts
May 25 16:57:36 gtw01 dnsmasq[18584]: read /var/lib/neutron/dhcp/67b98b9f-adce-468f-b48c-b1ec30bdfea0/addn_hosts - 2 addresses
May 25 16:57:36 gtw01 dnsmasq-dhcp[18584]: read /var/lib/neutron/dhcp/67b98b9f-adce-468f-b48c-b1ec30bdfea0/host
May 25 16:57:36 gtw01 dnsmasq-dhcp[18584]: read /var/lib/neutron/dhcp/67b98b9f-adce-468f-b48c-b1ec30bdfea0/opts
May 25 16:57:36 gtw01 kernel: [ 6279.139780] device tap1a237ed1-0c left promiscuous mode
May 25 16:57:37 gtw01 kernel: [ 6279.900598] device tapc32c05d6-ff left promiscuous mode
May 25 16:57:40 gtw01 kernel: [ 6282.893939] device vxlan_sys_4789 left promiscuous mode
May 25 16:57:42 gtw01 systemd-udevd[19020]: Could not generate persistent MAC address for tap939f92e6-63: No such file or directory
May 25 16:57:42 gtw01 kernel: [ 6285.166662] device tap939f92e6-63 entered promiscuous mode
May 25 16:57:42 gtw01 systemd-udevd[19089]: Process '/sbin/ip link set tap939f92e6-63 txqueuelen 10000' failed with exit code 1.
May 25 16:57:42 gtw01 dnsmasq[16242]: read /var/lib/neutron/dhcp/ca8edbbf-c59c-449c-9890-4e53a478c062/addn_hosts - 2 addresses
May 25 16:57:42 gtw01 dnsmasq-dhcp[16242]: read /var/lib/neutron/dhcp/ca8edbbf-c59c-449c-9890-4e53a478c062/host
May 25 16:57:42 gtw01 dnsmasq-dhcp[16242]: read /var/lib/neutron/dhcp/ca8edbbf-c59c-449c-9890-4e53a478c062/opts
May 25 16:57:45 gtw01 systemd-udevd[19207]: Could not generate persistent MAC address for tap7afaf46e-ef: No such file or directory
May 25 16:57:45 gtw01 kernel: [ 6288.411663] device tap7afaf46e-ef entered promiscuous mode
May 25 16:57:46 gtw01 dnsmasq[19243]: started, version 2.80 cachesize 150
May 25 16:57:46 gtw01 dnsmasq[19243]: DNS service limited to local subnets
May 25 16:57:46 gtw01 dnsmasq[19243]: compile time options: IPv6 GNU-getopt DBus i18n IDN DHCP DHCPv6 no-Lua TFTP conntrack ipset auth DNSSEC loop-detect inotify dumpfile
May 25 16:57:46 gtw01 dnsmasq[19243]: warning: no upstream servers configured
May 25 16:57:46 gtw01 dnsmasq-dhcp[19243]: DHCP, static leases only on 192.168.120.0, lease time 1h
May 25 16:57:46 gtw01 dnsmasq[19243]: read /var/lib/neutron/dhcp/919c9706-5f31-45ea-8ff4-de71384637cc/addn_hosts - 1 addresses
May 25 16:57:46 gtw01 dnsmasq-dhcp[19243]: read /var/lib/neutron/dhcp/919c9706-5f31-45ea-8ff4-de71384637cc/host
May 25 16:57:46 gtw01 dnsmasq-dhcp[19243]: read /var/lib/neutron/dhcp/919c9706-5f31-45ea-8ff4-de71384637cc/opts
May 25 16:57:46 gtw01 systemd-udevd[19207]: Process '/sbin/ip link set tap7afaf46e-ef txqueuelen 10000' failed with exit code 1.
May 25 16:57:46 gtw01 systemd-udevd[19284]: Process '/sbin/ip link set tap7afaf46e-ef txqueuelen 10000' failed with exit code 1.
May 25 16:57:46 gtw01 haproxy-metadata-proxy-919c9706-5f31-45ea-8ff4-de71384637cc[19298]: Proxy listener started.
May 25 16:57:47 gtw01 dnsmasq[19243]: read /var/lib/neutron/dhcp/919c9706-5f31-45ea-8ff4-de71384637cc/addn_hosts - 2 addresses
May 25 16:57:47 gtw01 dnsmasq-dhcp[19243]: read /var/lib/neutron/dhcp/919c9706-5f31-45ea-8ff4-de71384637cc/host
May 25 16:57:47 gtw01 dnsmasq-dhcp[19243]: read /var/lib/neutron/dhcp/919c9706-5f31-45ea-8ff4-de71384637cc/opts
May 25 16:57:47 gtw01 systemd-udevd[19368]: Could not generate persistent MAC address for qr-662b6e23-83: No such file or directory
May 25 16:57:47 gtw01 kernel: [ 6289.989329] device qr-662b6e23-83 entered promiscuous mode
May 25 16:57:48 gtw01 systemd-udevd[19503]: Could not generate persistent MAC address for tap53327d08-1d: No such file or directory
May 25 16:57:48 gtw01 kernel: [ 6290.686660] device tap53327d08-1d entered promiscuous mode
May 25 16:57:48 gtw01 systemd-udevd[19503]: Process '/sbin/ip link set tap53327d08-1d txqueuelen 10000' failed with exit code 1.
May 25 16:57:48 gtw01 dnsmasq[19243]: read /var/lib/neutron/dhcp/919c9706-5f31-45ea-8ff4-de71384637cc/addn_hosts - 2 addresses
May 25 16:57:48 gtw01 dnsmasq-dhcp[19243]: read /var/lib/neutron/dhcp/919c9706-5f31-45ea-8ff4-de71384637cc/host
May 25 16:57:48 gtw01 dnsmasq-dhcp[19243]: read /var/lib/neutron/dhcp/919c9706-5f31-45ea-8ff4-de71384637cc/opts
May 25 16:57:48 gtw01 systemd-udevd[19503]: Process '/sbin/ip link set tap53327d08-1d txqueuelen 10000' failed with exit code 1.
May 25 16:57:49 gtw01 dnsmasq[19243]: read /var/lib/neutron/dhcp/919c9706-5f31-45ea-8ff4-de71384637cc/addn_hosts - 2 addresses
May 25 16:57:49 gtw01 dnsmasq-dhcp[19243]: read /var/lib/neutron/dhcp/919c9706-5f31-45ea-8ff4-de71384637cc/host
May 25 16:57:49 gtw01 dnsmasq-dhcp[19243]: read /var/lib/neutron/dhcp/919c9706-5f31-45ea-8ff4-de71384637cc/opts
May 25 16:57:49 gtw01 dnsmasq[19676]: started, version 2.80 cachesize 150
May 25 16:57:49 gtw01 dnsmasq[19676]: DNS service limited to local subnets
May 25 16:57:49 gtw01 dnsmasq[19676]: compile time options: IPv6 GNU-getopt DBus i18n IDN DHCP DHCPv6 no-Lua TFTP conntrack ipset auth DNSSEC loop-detect inotify dumpfile
May 25 16:57:49 gtw01 dnsmasq[19676]: warning: no upstream servers configured
May 25 16:57:49 gtw01 dnsmasq-dhcp[19676]: DHCPv6, static leases only on 2003::, lease time 1h
May 25 16:57:49 gtw01 dnsmasq[19676]: read /var/lib/neutron/dhcp/d8fa02f6-4e0d-405f-b3b9-8d56bd94a459/addn_hosts - 1 addresses
May 25 16:57:49 gtw01 dnsmasq-dhcp[19676]: read /var/lib/neutron/dhcp/d8fa02f6-4e0d-405f-b3b9-8d56bd94a459/host
May 25 16:57:49 gtw01 dnsmasq-dhcp[19676]: read /var/lib/neutron/dhcp/d8fa02f6-4e0d-405f-b3b9-8d56bd94a459/opts
May 25 16:57:50 gtw01 dnsmasq[19243]: read /var/lib/neutron/dhcp/919c9706-5f31-45ea-8ff4-de71384637cc/addn_hosts - 2 addresses
May 25 16:57:50 gtw01 dnsmasq-dhcp[19243]: read /var/lib/neutron/dhcp/919c9706-5f31-45ea-8ff4-de71384637cc/host
May 25 16:57:50 gtw01 dnsmasq-dhcp[19243]: read /var/lib/neutron/dhcp/919c9706-5f31-45ea-8ff4-de71384637cc/opts
May 25 16:57:50 gtw01 dnsmasq[19676]: read /var/lib/neutron/dhcp/d8fa02f6-4e0d-405f-b3b9-8d56bd94a459/addn_hosts - 1 addresses
May 25 16:57:50 gtw01 dnsmasq-dhcp[19676]: read /var/lib/neutron/dhcp/d8fa02f6-4e0d-405f-b3b9-8d56bd94a459/host
May 25 16:57:50 gtw01 dnsmasq-dhcp[19676]: read /var/lib/neutron/dhcp/d8fa02f6-4e0d-405f-b3b9-8d56bd94a459/opts
May 25 16:57:51 gtw01 dnsmasq[19243]: read /var/lib/neutron/dhcp/919c9706-5f31-45ea-8ff4-de71384637cc/addn_hosts - 2 addresses
May 25 16:57:51 gtw01 dnsmasq-dhcp[19243]: read /var/lib/neutron/dhcp/919c9706-5f31-45ea-8ff4-de71384637cc/host
May 25 16:57:51 gtw01 dnsmasq-dhcp[19243]: read /var/lib/neutron/dhcp/919c9706-5f31-45ea-8ff4-de71384637cc/opts
May 25 16:57:52 gtw01 dnsmasq[19676]: read /var/lib/neutron/dhcp/d8fa02f6-4e0d-405f-b3b9-8d56bd94a459/addn_hosts - 0 addresses
May 25 16:57:52 gtw01 dnsmasq-dhcp[19676]: read /var/lib/neutron/dhcp/d8fa02f6-4e0d-405f-b3b9-8d56bd94a459/host
May 25 16:57:52 gtw01 dnsmasq-dhcp[19676]: read /var/lib/neutron/dhcp/d8fa02f6-4e0d-405f-b3b9-8d56bd94a459/opts
May 25 16:57:52 gtw01 dnsmasq[19848]: started, version 2.80 cachesize 150
May 25 16:57:52 gtw01 dnsmasq[19848]: DNS service limited to local subnets
May 25 16:57:52 gtw01 dnsmasq[19848]: compile time options: IPv6 GNU-getopt DBus i18n IDN DHCP DHCPv6 no-Lua TFTP conntrack ipset auth DNSSEC loop-detect inotify dumpfile
May 25 16:57:52 gtw01 dnsmasq[19848]: warning: no upstream servers configured
May 25 16:57:52 gtw01 dnsmasq-dhcp[19848]: DHCP, static leases only on 192.168.121.0, lease time 1h
May 25 16:57:52 gtw01 dnsmasq[19848]: read /var/lib/neutron/dhcp/83d771da-24dd-4cc4-ad76-8306da7bd2a5/addn_hosts - 1 addresses
May 25 16:57:52 gtw01 dnsmasq-dhcp[19848]: read /var/lib/neutron/dhcp/83d771da-24dd-4cc4-ad76-8306da7bd2a5/host
May 25 16:57:52 gtw01 dnsmasq-dhcp[19848]: read /var/lib/neutron/dhcp/83d771da-24dd-4cc4-ad76-8306da7bd2a5/opts
May 25 16:57:52 gtw01 haproxy-metadata-proxy-66ff89da-e1b4-43cd-b3c2-ca6f442f0d21[19866]: Proxy listener started.
May 25 16:57:52 gtw01 haproxy-metadata-proxy-83d771da-24dd-4cc4-ad76-8306da7bd2a5[19864]: Proxy listener started.
May 25 16:57:52 gtw01 dnsmasq[19243]: read /var/lib/neutron/dhcp/919c9706-5f31-45ea-8ff4-de71384637cc/addn_hosts - 2 addresses
May 25 16:57:52 gtw01 dnsmasq-dhcp[19243]: read /var/lib/neutron/dhcp/919c9706-5f31-45ea-8ff4-de71384637cc/host
May 25 16:57:52 gtw01 dnsmasq-dhcp[19243]: read /var/lib/neutron/dhcp/919c9706-5f31-45ea-8ff4-de71384637cc/opts
May 25 16:57:53 gtw01 kernel: [ 6295.616043] device tap7afaf46e-ef left promiscuous mode
May 25 16:57:53 gtw01 dnsmasq[19243]: read /var/lib/neutron/dhcp/919c9706-5f31-45ea-8ff4-de71384637cc/addn_hosts - 2 addresses
May 25 16:57:53 gtw01 dnsmasq-dhcp[19243]: read /var/lib/neutron/dhcp/919c9706-5f31-45ea-8ff4-de71384637cc/host
May 25 16:57:53 gtw01 dnsmasq-dhcp[19243]: read /var/lib/neutron/dhcp/919c9706-5f31-45ea-8ff4-de71384637cc/opts
May 25 16:57:53 gtw01 kernel: [ 6296.052959] device tapb5a23661-2a entered promiscuous mode
May 25 16:57:53 gtw01 systemd-udevd[19925]: Could not generate persistent MAC address for tapb5a23661-2a: No such file or directory
May 25 16:57:53 gtw01 dnsmasq[19848]: read /var/lib/neutron/dhcp/83d771da-24dd-4cc4-ad76-8306da7bd2a5/addn_hosts - 2 addresses
May 25 16:57:53 gtw01 dnsmasq-dhcp[19848]: read /var/lib/neutron/dhcp/83d771da-24dd-4cc4-ad76-8306da7bd2a5/host
May 25 16:57:53 gtw01 dnsmasq-dhcp[19848]: read /var/lib/neutron/dhcp/83d771da-24dd-4cc4-ad76-8306da7bd2a5/opts
May 25 16:57:53 gtw01 systemd-udevd[19925]: Process '/sbin/ip link set tapb5a23661-2a txqueuelen 10000' failed with exit code 1.
May 25 16:57:54 gtw01 dnsmasq[19848]: read /var/lib/neutron/dhcp/83d771da-24dd-4cc4-ad76-8306da7bd2a5/addn_hosts - 2 addresses
May 25 16:57:54 gtw01 dnsmasq-dhcp[19848]: read /var/lib/neutron/dhcp/83d771da-24dd-4cc4-ad76-8306da7bd2a5/host
May 25 16:57:54 gtw01 dnsmasq-dhcp[19848]: read /var/lib/neutron/dhcp/83d771da-24dd-4cc4-ad76-8306da7bd2a5/opts
May 25 16:57:55 gtw01 systemd-udevd[20108]: Could not generate persistent MAC address for qr-dd30ce91-b0: No such file or directory
May 25 16:57:55 gtw01 kernel: [ 6297.982312] device qr-dd30ce91-b0 entered promiscuous mode
May 25 16:57:55 gtw01 dnsmasq[19848]: read /var/lib/neutron/dhcp/83d771da-24dd-4cc4-ad76-8306da7bd2a5/addn_hosts - 2 addresses
May 25 16:57:55 gtw01 dnsmasq-dhcp[19848]: read /var/lib/neutron/dhcp/83d771da-24dd-4cc4-ad76-8306da7bd2a5/host
May 25 16:57:55 gtw01 dnsmasq-dhcp[19848]: read /var/lib/neutron/dhcp/83d771da-24dd-4cc4-ad76-8306da7bd2a5/opts
May 25 16:57:56 gtw01 systemd-udevd[20221]: Could not generate persistent MAC address for qr-792b788a-c2: No such file or directory
May 25 16:57:56 gtw01 kernel: [ 6298.670055] device qr-792b788a-c2 entered promiscuous mode
May 25 16:57:56 gtw01 kernel: [ 6299.094747] IPv4: martian source 192.168.120.1 from 192.168.120.1, on dev qr-792b788a-c2
May 25 16:57:56 gtw01 kernel: [ 6299.094750] ll header: 00000000: ff ff ff ff ff ff fa 16 3e d0 ec b3 08 06        ........>.....
May 25 16:57:56 gtw01 systemd-udevd[20331]: Could not generate persistent MAC address for qg-22123b9a-ab: No such file or directory
May 25 16:57:56 gtw01 kernel: [ 6299.145952] device qg-22123b9a-ab entered promiscuous mode
May 25 16:57:56 gtw01 dnsmasq[19848]: read /var/lib/neutron/dhcp/83d771da-24dd-4cc4-ad76-8306da7bd2a5/addn_hosts - 2 addresses
May 25 16:57:56 gtw01 dnsmasq-dhcp[19848]: read /var/lib/neutron/dhcp/83d771da-24dd-4cc4-ad76-8306da7bd2a5/host
May 25 16:57:56 gtw01 dnsmasq-dhcp[19848]: read /var/lib/neutron/dhcp/83d771da-24dd-4cc4-ad76-8306da7bd2a5/opts
May 25 16:57:57 gtw01 dnsmasq[20441]: started, version 2.80 cachesize 150
May 25 16:57:57 gtw01 dnsmasq[20441]: DNS service limited to local subnets
May 25 16:57:57 gtw01 dnsmasq[20441]: compile time options: IPv6 GNU-getopt DBus i18n IDN DHCP DHCPv6 no-Lua TFTP conntrack ipset auth DNSSEC loop-detect inotify dumpfile
May 25 16:57:57 gtw01 dnsmasq[20441]: warning: no upstream servers configured
May 25 16:57:57 gtw01 dnsmasq-dhcp[20441]: DHCP, static leases only on 192.168.122.0, lease time 1h
May 25 16:57:57 gtw01 dnsmasq[20441]: read /var/lib/neutron/dhcp/ecedd659-4f0b-4021-a62e-29cc4d4732c0/addn_hosts - 1 addresses
May 25 16:57:57 gtw01 dnsmasq-dhcp[20441]: read /var/lib/neutron/dhcp/ecedd659-4f0b-4021-a62e-29cc4d4732c0/host
May 25 16:57:57 gtw01 dnsmasq-dhcp[20441]: read /var/lib/neutron/dhcp/ecedd659-4f0b-4021-a62e-29cc4d4732c0/opts
May 25 16:57:57 gtw01 kernel: [ 6299.902843] device qr-d749aa0e-a8 entered promiscuous mode
May 25 16:57:57 gtw01 systemd-udevd[20473]: Could not generate persistent MAC address for qr-d749aa0e-a8: No such file or directory
May 25 16:57:57 gtw01 haproxy-metadata-proxy-ecedd659-4f0b-4021-a62e-29cc4d4732c0[20469]: Proxy listener started.
May 25 16:57:57 gtw01 kernel: [ 6300.119058] IPv4: martian source 192.168.122.1 from 192.168.122.1, on dev qr-d749aa0e-a8
May 25 16:57:57 gtw01 kernel: [ 6300.119062] ll header: 00000000: ff ff ff ff ff ff fa 16 3e bd 20 73 08 06        ........>. s..
May 25 16:57:58 gtw01 dnsmasq[19848]: read /var/lib/neutron/dhcp/83d771da-24dd-4cc4-ad76-8306da7bd2a5/addn_hosts - 2 addresses
May 25 16:57:58 gtw01 dnsmasq-dhcp[19848]: read /var/lib/neutron/dhcp/83d771da-24dd-4cc4-ad76-8306da7bd2a5/host
May 25 16:57:58 gtw01 dnsmasq-dhcp[19848]: read /var/lib/neutron/dhcp/83d771da-24dd-4cc4-ad76-8306da7bd2a5/opts
May 25 16:57:58 gtw01 systemd-udevd[20631]: Could not generate persistent MAC address for tapd8873c37-a4: No such file or directory
May 25 16:57:58 gtw01 kernel: [ 6300.858812] device tapd8873c37-a4 entered promiscuous mode
May 25 16:57:58 gtw01 dnsmasq[20441]: read /var/lib/neutron/dhcp/ecedd659-4f0b-4021-a62e-29cc4d4732c0/addn_hosts - 2 addresses
May 25 16:57:58 gtw01 dnsmasq-dhcp[20441]: read /var/lib/neutron/dhcp/ecedd659-4f0b-4021-a62e-29cc4d4732c0/host
