May 25 15:59:19 gtw01 dnsmasq-dhcp[12531]: read /var/lib/neutron/dhcp/6e1f1d1d-2e54-4c31-8512-a699cd144873/opts
May 25 15:59:19 gtw01 haproxy-metadata-proxy-6e1f1d1d-2e54-4c31-8512-a699cd144873[12539]: Proxy listener started.
May 25 15:59:20 gtw01 kernel: [ 2782.893409] device tap3f0792ef-91 left promiscuous mode
May 25 15:59:22 gtw01 systemd-udevd[12586]: Could not generate persistent MAC address for tap0cc67574-64: No such file or directory
May 25 15:59:22 gtw01 kernel: [ 2785.298040] device tap0cc67574-64 entered promiscuous mode
May 25 15:59:22 gtw01 systemd-udevd[12586]: Process '/sbin/ip link set tap0cc67574-64 txqueuelen 10000' failed with exit code 1.
May 25 15:59:23 gtw01 systemd-udevd[12661]: Process '/sbin/ip link set tap0cc67574-64 txqueuelen 10000' failed with exit code 1.
May 25 15:59:26 gtw01 dnsmasq[12744]: started, version 2.80 cachesize 150
May 25 15:59:26 gtw01 dnsmasq[12744]: DNS service limited to local subnets
May 25 15:59:26 gtw01 dnsmasq[12744]: compile time options: IPv6 GNU-getopt DBus i18n IDN DHCP DHCPv6 no-Lua TFTP conntrack ipset auth DNSSEC loop-detect inotify dumpfile
May 25 15:59:26 gtw01 dnsmasq[12744]: warning: no upstream servers configured
May 25 15:59:26 gtw01 dnsmasq-dhcp[12744]: DHCP, static leases only on 192.168.120.128, lease time 1h
May 25 15:59:26 gtw01 dnsmasq[12744]: read /var/lib/neutron/dhcp/c3c64b9a-af46-4e33-9cfe-ccbc6a25cba5/addn_hosts - 1 addresses
May 25 15:59:26 gtw01 dnsmasq-dhcp[12744]: read /var/lib/neutron/dhcp/c3c64b9a-af46-4e33-9cfe-ccbc6a25cba5/host
May 25 15:59:26 gtw01 dnsmasq-dhcp[12744]: read /var/lib/neutron/dhcp/c3c64b9a-af46-4e33-9cfe-ccbc6a25cba5/opts
May 25 15:59:26 gtw01 haproxy-metadata-proxy-c3c64b9a-af46-4e33-9cfe-ccbc6a25cba5[12748]: Proxy listener started.
May 25 15:59:26 gtw01 kernel: [ 2789.056518] device tap0cc67574-64 left promiscuous mode
May 25 15:59:28 gtw01 systemd-udevd[12796]: Could not generate persistent MAC address for tap71f158fc-65: No such file or directory
May 25 15:59:28 gtw01 kernel: [ 2790.914515] device tap71f158fc-65 entered promiscuous mode
May 25 15:59:28 gtw01 systemd-udevd[12796]: Process '/sbin/ip link set tap71f158fc-65 txqueuelen 10000' failed with exit code 1.
May 25 15:59:28 gtw01 systemd-udevd[12796]: Process '/sbin/ip link set tap71f158fc-65 txqueuelen 10000' failed with exit code 1.
May 25 15:59:31 gtw01 dnsmasq[12946]: started, version 2.80 cachesize 150
May 25 15:59:31 gtw01 dnsmasq[12946]: DNS service limited to local subnets
May 25 15:59:31 gtw01 dnsmasq[12946]: compile time options: IPv6 GNU-getopt DBus i18n IDN DHCP DHCPv6 no-Lua TFTP conntrack ipset auth DNSSEC loop-detect inotify dumpfile
May 25 15:59:31 gtw01 dnsmasq[12946]: warning: no upstream servers configured
May 25 15:59:31 gtw01 dnsmasq-dhcp[12946]: DHCP, static leases only on 192.168.120.0, lease time 1h
May 25 15:59:31 gtw01 dnsmasq[12946]: read /var/lib/neutron/dhcp/f62d5379-0213-4208-87ca-17b318121c85/addn_hosts - 1 addresses
May 25 15:59:31 gtw01 dnsmasq-dhcp[12946]: read /var/lib/neutron/dhcp/f62d5379-0213-4208-87ca-17b318121c85/host
May 25 15:59:31 gtw01 dnsmasq-dhcp[12946]: read /var/lib/neutron/dhcp/f62d5379-0213-4208-87ca-17b318121c85/opts
May 25 15:59:31 gtw01 haproxy-metadata-proxy-f62d5379-0213-4208-87ca-17b318121c85[12950]: Proxy listener started.
May 25 15:59:32 gtw01 dnsmasq[12946]: read /var/lib/neutron/dhcp/f62d5379-0213-4208-87ca-17b318121c85/addn_hosts - 2 addresses
May 25 15:59:32 gtw01 dnsmasq-dhcp[12946]: read /var/lib/neutron/dhcp/f62d5379-0213-4208-87ca-17b318121c85/host
May 25 15:59:32 gtw01 dnsmasq-dhcp[12946]: read /var/lib/neutron/dhcp/f62d5379-0213-4208-87ca-17b318121c85/opts
May 25 15:59:33 gtw01 dnsmasq[12946]: read /var/lib/neutron/dhcp/f62d5379-0213-4208-87ca-17b318121c85/addn_hosts - 2 addresses
May 25 15:59:33 gtw01 dnsmasq-dhcp[12946]: read /var/lib/neutron/dhcp/f62d5379-0213-4208-87ca-17b318121c85/host
May 25 15:59:33 gtw01 dnsmasq-dhcp[12946]: read /var/lib/neutron/dhcp/f62d5379-0213-4208-87ca-17b318121c85/opts
May 25 15:59:33 gtw01 kernel: [ 2796.351780] device tap47218edb-c7 entered promiscuous mode
May 25 15:59:33 gtw01 systemd-udevd[13011]: Could not generate persistent MAC address for tap47218edb-c7: No such file or directory
May 25 15:59:34 gtw01 systemd-udevd[13011]: Process '/sbin/ip link set tap47218edb-c7 txqueuelen 10000' failed with exit code 1.
May 25 15:59:34 gtw01 systemd-udevd[13011]: Process '/sbin/ip link set tap47218edb-c7 txqueuelen 10000' failed with exit code 1.
May 25 15:59:34 gtw01 dnsmasq[12946]: read /var/lib/neutron/dhcp/f62d5379-0213-4208-87ca-17b318121c85/addn_hosts - 3 addresses
May 25 15:59:34 gtw01 dnsmasq-dhcp[12946]: read /var/lib/neutron/dhcp/f62d5379-0213-4208-87ca-17b318121c85/host
May 25 15:59:34 gtw01 dnsmasq-dhcp[12946]: read /var/lib/neutron/dhcp/f62d5379-0213-4208-87ca-17b318121c85/opts
May 25 15:59:35 gtw01 kernel: [ 2798.201160] device tap71f158fc-65 left promiscuous mode
May 25 15:59:37 gtw01 dnsmasq[13212]: started, version 2.80 cachesize 150
May 25 15:59:37 gtw01 dnsmasq[13212]: DNS service limited to local subnets
May 25 15:59:37 gtw01 dnsmasq[13212]: compile time options: IPv6 GNU-getopt DBus i18n IDN DHCP DHCPv6 no-Lua TFTP conntrack ipset auth DNSSEC loop-detect inotify dumpfile
May 25 15:59:37 gtw01 dnsmasq[13212]: warning: no upstream servers configured
May 25 15:59:37 gtw01 dnsmasq-dhcp[13212]: DHCP, static leases only on 192.168.120.144, lease time 1h
May 25 15:59:37 gtw01 dnsmasq[13212]: read /var/lib/neutron/dhcp/ce566bdc-a725-4e78-8bc0-4a4088e3ada2/addn_hosts - 1 addresses
May 25 15:59:37 gtw01 dnsmasq-dhcp[13212]: read /var/lib/neutron/dhcp/ce566bdc-a725-4e78-8bc0-4a4088e3ada2/host
May 25 15:59:37 gtw01 dnsmasq-dhcp[13212]: read /var/lib/neutron/dhcp/ce566bdc-a725-4e78-8bc0-4a4088e3ada2/opts
May 25 15:59:37 gtw01 haproxy-metadata-proxy-ce566bdc-a725-4e78-8bc0-4a4088e3ada2[13216]: Proxy listener started.
May 25 15:59:37 gtw01 kernel: [ 2800.181656] device tap47218edb-c7 left promiscuous mode
May 25 15:59:38 gtw01 kernel: [ 2801.179982] device tap851a2fc2-ce entered promiscuous mode
May 25 15:59:38 gtw01 systemd-udevd[13263]: Could not generate persistent MAC address for tap851a2fc2-ce: No such file or directory
May 25 15:59:38 gtw01 systemd-udevd[13263]: Process '/sbin/ip link set tap851a2fc2-ce txqueuelen 10000' failed with exit code 1.
May 25 15:59:38 gtw01 systemd-udevd[13263]: Process '/sbin/ip link set tap851a2fc2-ce txqueuelen 10000' failed with exit code 1.
May 25 15:59:39 gtw01 systemd-udevd[13395]: Could not generate persistent MAC address for tapb9cd7194-f7: No such file or directory
May 25 15:59:39 gtw01 kernel: [ 2802.343083] device tapb9cd7194-f7 entered promiscuous mode
May 25 15:59:40 gtw01 systemd-udevd[13395]: Process '/sbin/ip link set tapb9cd7194-f7 txqueuelen 10000' failed with exit code 1.
May 25 15:59:40 gtw01 systemd-udevd[13478]: Process '/sbin/ip link set tapb9cd7194-f7 txqueuelen 10000' failed with exit code 1.
May 25 15:59:41 gtw01 dnsmasq[13572]: started, version 2.80 cachesize 150
May 25 15:59:41 gtw01 dnsmasq[13572]: DNS service limited to local subnets
May 25 15:59:41 gtw01 dnsmasq[13572]: compile time options: IPv6 GNU-getopt DBus i18n IDN DHCP DHCPv6 no-Lua TFTP conntrack ipset auth DNSSEC loop-detect inotify dumpfile
May 25 15:59:41 gtw01 dnsmasq[13572]: warning: no upstream servers configured
May 25 15:59:41 gtw01 dnsmasq-dhcp[13572]: DHCP, static leases only on 192.168.120.0, lease time 1h
May 25 15:59:41 gtw01 dnsmasq[13572]: read /var/lib/neutron/dhcp/e5196b8d-7629-4c38-bfdf-11bd8b65076b/addn_hosts - 1 addresses
May 25 15:59:41 gtw01 dnsmasq-dhcp[13572]: read /var/lib/neutron/dhcp/e5196b8d-7629-4c38-bfdf-11bd8b65076b/host
May 25 15:59:41 gtw01 dnsmasq-dhcp[13572]: read /var/lib/neutron/dhcp/e5196b8d-7629-4c38-bfdf-11bd8b65076b/opts
May 25 15:59:42 gtw01 haproxy-metadata-proxy-e5196b8d-7629-4c38-bfdf-11bd8b65076b[13583]: Proxy listener started.
May 25 15:59:42 gtw01 kernel: [ 2804.988001] device tap851a2fc2-ce left promiscuous mode
May 25 15:59:43 gtw01 dnsmasq[13631]: started, version 2.80 cachesize 150
May 25 15:59:43 gtw01 dnsmasq[13631]: DNS service limited to local subnets
May 25 15:59:43 gtw01 dnsmasq[13631]: compile time options: IPv6 GNU-getopt DBus i18n IDN DHCP DHCPv6 no-Lua TFTP conntrack ipset auth DNSSEC loop-detect inotify dumpfile
May 25 15:59:43 gtw01 dnsmasq[13631]: warning: no upstream servers configured
May 25 15:59:43 gtw01 dnsmasq-dhcp[13631]: DHCP, static leases only on 192.168.120.160, lease time 1h
May 25 15:59:43 gtw01 dnsmasq[13631]: read /var/lib/neutron/dhcp/bc1d541b-8698-4513-81a8-3be75dbc0928/addn_hosts - 1 addresses
May 25 15:59:43 gtw01 dnsmasq-dhcp[13631]: read /var/lib/neutron/dhcp/bc1d541b-8698-4513-81a8-3be75dbc0928/host
May 25 15:59:43 gtw01 dnsmasq-dhcp[13631]: read /var/lib/neutron/dhcp/bc1d541b-8698-4513-81a8-3be75dbc0928/opts
May 25 15:59:43 gtw01 haproxy-metadata-proxy-bc1d541b-8698-4513-81a8-3be75dbc0928[13640]: Proxy listener started.
May 25 15:59:43 gtw01 kernel: [ 2806.254796] device tapb9cd7194-f7 left promiscuous mode
May 25 15:59:58 gtw01 systemd-udevd[13724]: Could not generate persistent MAC address for tap46839a10-08: No such file or directory
May 25 15:59:58 gtw01 kernel: [ 2821.007315] device tap46839a10-08 entered promiscuous mode
May 25 15:59:58 gtw01 systemd-udevd[13724]: Process '/sbin/ip link set tap46839a10-08 txqueuelen 10000' failed with exit code 1.
May 25 15:59:58 gtw01 systemd-udevd[13724]: Process '/sbin/ip link set tap46839a10-08 txqueuelen 10000' failed with exit code 1.
May 25 16:00:01 gtw01 dnsmasq[13888]: started, version 2.80 cachesize 150
May 25 16:00:01 gtw01 dnsmasq[13888]: DNS service limited to local subnets
May 25 16:00:01 gtw01 dnsmasq[13888]: compile time options: IPv6 GNU-getopt DBus i18n IDN DHCP DHCPv6 no-Lua TFTP conntrack ipset auth DNSSEC loop-detect inotify dumpfile
May 25 16:00:01 gtw01 dnsmasq[13888]: warning: no upstream servers configured
May 25 16:00:01 gtw01 dnsmasq-dhcp[13888]: DHCPv6, static leases only on 2003::, lease time 1h
May 25 16:00:01 gtw01 dnsmasq[13888]: read /var/lib/neutron/dhcp/996e56d8-19ab-4368-acf0-712b27aa207e/addn_hosts - 1 addresses
May 25 16:00:01 gtw01 dnsmasq-dhcp[13888]: read /var/lib/neutron/dhcp/996e56d8-19ab-4368-acf0-712b27aa207e/host
May 25 16:00:01 gtw01 dnsmasq-dhcp[13888]: read /var/lib/neutron/dhcp/996e56d8-19ab-4368-acf0-712b27aa207e/opts
May 25 16:00:02 gtw01 dnsmasq[13888]: read /var/lib/neutron/dhcp/996e56d8-19ab-4368-acf0-712b27aa207e/addn_hosts - 1 addresses
May 25 16:00:02 gtw01 dnsmasq-dhcp[13888]: read /var/lib/neutron/dhcp/996e56d8-19ab-4368-acf0-712b27aa207e/host
May 25 16:00:02 gtw01 dnsmasq-dhcp[13888]: read /var/lib/neutron/dhcp/996e56d8-19ab-4368-acf0-712b27aa207e/opts
May 25 16:00:03 gtw01 dnsmasq[13888]: read /var/lib/neutron/dhcp/996e56d8-19ab-4368-acf0-712b27aa207e/addn_hosts - 1 addresses
May 25 16:00:03 gtw01 dnsmasq-dhcp[13888]: read /var/lib/neutron/dhcp/996e56d8-19ab-4368-acf0-712b27aa207e/host
May 25 16:00:03 gtw01 dnsmasq-dhcp[13888]: read /var/lib/neutron/dhcp/996e56d8-19ab-4368-acf0-712b27aa207e/opts
May 25 16:00:04 gtw01 kernel: [ 2827.231231] device tap46839a10-08 left promiscuous mode
May 25 16:00:14 gtw01 systemd-udevd[13995]: Could not generate persistent MAC address for tapadc9071c-93: No such file or directory
May 25 16:00:14 gtw01 kernel: [ 2836.617453] device tapadc9071c-93 entered promiscuous mode
May 25 16:00:14 gtw01 systemd-udevd[13995]: Process '/sbin/ip link set tapadc9071c-93 txqueuelen 10000' failed with exit code 1.
May 25 16:00:14 gtw01 systemd-udevd[13995]: Process '/sbin/ip link set tapadc9071c-93 txqueuelen 10000' failed with exit code 1.
May 25 16:00:14 gtw01 systemd-udevd[14101]: Could not generate persistent MAC address for tape49be895-9d: No such file or directory
May 25 16:00:14 gtw01 kernel: [ 2837.159992] device tape49be895-9d entered promiscuous mode
May 25 16:00:14 gtw01 systemd-udevd[14168]: Process '/sbin/ip link set tape49be895-9d txqueuelen 10000' failed with exit code 1.
May 25 16:00:17 gtw01 dnsmasq[14281]: started, version 2.80 cachesize 150
May 25 16:00:17 gtw01 dnsmasq[14281]: DNS service limited to local subnets
May 25 16:00:17 gtw01 dnsmasq[14281]: compile time options: IPv6 GNU-getopt DBus i18n IDN DHCP DHCPv6 no-Lua TFTP conntrack ipset auth DNSSEC loop-detect inotify dumpfile
May 25 16:00:17 gtw01 dnsmasq[14281]: warning: no upstream servers configured
May 25 16:00:17 gtw01 dnsmasq-dhcp[14281]: DHCP, static leases only on 192.168.120.0, lease time 1h
May 25 16:00:17 gtw01 dnsmasq[14281]: read /var/lib/neutron/dhcp/469e0584-2419-4d4c-9358-54b9721efb9c/addn_hosts - 1 addresses
May 25 16:00:17 gtw01 dnsmasq-dhcp[14281]: read /var/lib/neutron/dhcp/469e0584-2419-4d4c-9358-54b9721efb9c/host
May 25 16:00:17 gtw01 dnsmasq-dhcp[14281]: read /var/lib/neutron/dhcp/469e0584-2419-4d4c-9358-54b9721efb9c/opts
May 25 16:00:17 gtw01 haproxy-metadata-proxy-469e0584-2419-4d4c-9358-54b9721efb9c[14288]: Proxy listener started.
May 25 16:00:18 gtw01 dnsmasq[14300]: started, version 2.80 cachesize 150
May 25 16:00:18 gtw01 dnsmasq[14300]: DNS service limited to local subnets
May 25 16:00:18 gtw01 dnsmasq[14300]: compile time options: IPv6 GNU-getopt DBus i18n IDN DHCP DHCPv6 no-Lua TFTP conntrack ipset auth DNSSEC loop-detect inotify dumpfile
May 25 16:00:18 gtw01 dnsmasq[14300]: warning: no upstream servers configured
May 25 16:00:18 gtw01 dnsmasq-dhcp[14300]: DHCP, static leases only on 192.168.120.16, lease time 1h
May 25 16:00:18 gtw01 dnsmasq[14300]: read /var/lib/neutron/dhcp/3eb4ef55-17df-43b8-96dd-084a82a0e02b/addn_hosts - 1 addresses
May 25 16:00:18 gtw01 dnsmasq-dhcp[14300]: read /var/lib/neutron/dhcp/3eb4ef55-17df-43b8-96dd-084a82a0e02b/host
May 25 16:00:18 gtw01 dnsmasq-dhcp[14300]: read /var/lib/neutron/dhcp/3eb4ef55-17df-43b8-96dd-084a82a0e02b/opts
May 25 16:00:18 gtw01 haproxy-metadata-proxy-3eb4ef55-17df-43b8-96dd-084a82a0e02b[14312]: Proxy listener started.
May 25 16:00:18 gtw01 kernel: [ 2840.754673] device tapadc9071c-93 left promiscuous mode
May 25 16:00:18 gtw01 kernel: [ 2841.201897] device tape49be895-9d left promiscuous mode
May 25 16:00:19 gtw01 systemd-udevd[14365]: Could not generate persistent MAC address for tap22d6cd12-e2: No such file or directory
May 25 16:00:19 gtw01 kernel: [ 2842.277591] device tap22d6cd12-e2 entered promiscuous mode
May 25 16:00:19 gtw01 systemd-udevd[14432]: Process '/sbin/ip link set tap22d6cd12-e2 txqueuelen 10000' failed with exit code 1.
May 25 16:00:23 gtw01 dnsmasq[14552]: started, version 2.80 cachesize 150
May 25 16:00:23 gtw01 dnsmasq[14552]: DNS service limited to local subnets
May 25 16:00:23 gtw01 dnsmasq[14552]: compile time options: IPv6 GNU-getopt DBus i18n IDN DHCP DHCPv6 no-Lua TFTP conntrack ipset auth DNSSEC loop-detect inotify dumpfile
May 25 16:00:23 gtw01 dnsmasq[14552]: warning: no upstream servers configured
May 25 16:00:23 gtw01 dnsmasq-dhcp[14552]: DHCPv6, static leases only on 2003::, lease time 1h
May 25 16:00:23 gtw01 dnsmasq[14552]: read /var/lib/neutron/dhcp/b4c9bbb1-f670-487b-84b4-6d4db87804cc/addn_hosts - 1 addresses
May 25 16:00:23 gtw01 dnsmasq-dhcp[14552]: read /var/lib/neutron/dhcp/b4c9bbb1-f670-487b-84b4-6d4db87804cc/host
May 25 16:00:23 gtw01 dnsmasq-dhcp[14552]: read /var/lib/neutron/dhcp/b4c9bbb1-f670-487b-84b4-6d4db87804cc/opts
May 25 16:00:23 gtw01 kernel: [ 2845.779092] device tap22d6cd12-e2 left promiscuous mode
May 25 16:00:27 gtw01 kernel: [ 2849.660566] device tap21ff626f-30 entered promiscuous mode
May 25 16:00:27 gtw01 systemd-udevd[14587]: Could not generate persistent MAC address for tap21ff626f-30: No such file or directory
May 25 16:00:27 gtw01 systemd-udevd[14587]: Process '/sbin/ip link set tap21ff626f-30 txqueuelen 10000' failed with exit code 1.
May 25 16:00:27 gtw01 systemd-udevd[14587]: Process '/sbin/ip link set tap21ff626f-30 txqueuelen 10000' failed with exit code 1.
May 25 16:00:29 gtw01 systemd-udevd[14729]: Could not generate persistent MAC address for tapb4cf08c8-5f: No such file or directory
May 25 16:00:29 gtw01 kernel: [ 2851.466967] device tapb4cf08c8-5f entered promiscuous mode
May 25 16:00:29 gtw01 systemd-udevd[14796]: Process '/sbin/ip link set tapb4cf08c8-5f txqueuelen 10000' failed with exit code 1.
May 25 16:00:30 gtw01 dnsmasq[14862]: started, version 2.80 cachesize 150
May 25 16:00:30 gtw01 dnsmasq[14862]: DNS service limited to local subnets
May 25 16:00:30 gtw01 dnsmasq[14862]: compile time options: IPv6 GNU-getopt DBus i18n IDN DHCP DHCPv6 no-Lua TFTP conntrack ipset auth DNSSEC loop-detect inotify dumpfile
May 25 16:00:30 gtw01 dnsmasq[14862]: warning: no upstream servers configured
May 25 16:00:30 gtw01 dnsmasq-dhcp[14862]: DHCP, static leases only on 192.168.120.0, lease time 1h
May 25 16:00:30 gtw01 dnsmasq[14862]: read /var/lib/neutron/dhcp/59e24cbb-19cd-4c16-95c8-eb70e494e3ff/addn_hosts - 1 addresses
May 25 16:00:30 gtw01 dnsmasq-dhcp[14862]: read /var/lib/neutron/dhcp/59e24cbb-19cd-4c16-95c8-eb70e494e3ff/host
May 25 16:00:30 gtw01 dnsmasq-dhcp[14862]: read /var/lib/neutron/dhcp/59e24cbb-19cd-4c16-95c8-eb70e494e3ff/opts
May 25 16:00:30 gtw01 haproxy-metadata-proxy-59e24cbb-19cd-4c16-95c8-eb70e494e3ff[14873]: Proxy listener started.
May 25 16:00:31 gtw01 dnsmasq[14862]: read /var/lib/neutron/dhcp/59e24cbb-19cd-4c16-95c8-eb70e494e3ff/addn_hosts - 2 addresses
May 25 16:00:31 gtw01 dnsmasq-dhcp[14862]: read /var/lib/neutron/dhcp/59e24cbb-19cd-4c16-95c8-eb70e494e3ff/host
May 25 16:00:31 gtw01 dnsmasq-dhcp[14862]: read /var/lib/neutron/dhcp/59e24cbb-19cd-4c16-95c8-eb70e494e3ff/opts
May 25 16:00:32 gtw01 dnsmasq[14941]: started, version 2.80 cachesize 150
May 25 16:00:32 gtw01 dnsmasq[14941]: DNS service limited to local subnets
May 25 16:00:32 gtw01 dnsmasq[14941]: compile time options: IPv6 GNU-getopt DBus i18n IDN DHCP DHCPv6 no-Lua TFTP conntrack ipset auth DNSSEC loop-detect inotify dumpfile
May 25 16:00:32 gtw01 dnsmasq[14941]: warning: no upstream servers configured
May 25 16:00:32 gtw01 dnsmasq-dhcp[14941]: DHCP, static leases only on 192.168.120.0, lease time 1h
May 25 16:00:32 gtw01 dnsmasq[14941]: read /var/lib/neutron/dhcp/de8b888a-1e15-4f3f-b4cb-631bcc857029/addn_hosts - 1 addresses
May 25 16:00:32 gtw01 dnsmasq-dhcp[14941]: read /var/lib/neutron/dhcp/de8b888a-1e15-4f3f-b4cb-631bcc857029/host
May 25 16:00:32 gtw01 dnsmasq-dhcp[14941]: read /var/lib/neutron/dhcp/de8b888a-1e15-4f3f-b4cb-631bcc857029/opts
May 25 16:00:32 gtw01 haproxy-metadata-proxy-de8b888a-1e15-4f3f-b4cb-631bcc857029[14950]: Proxy listener started.
May 25 16:00:32 gtw01 dnsmasq[14862]: read /var/lib/neutron/dhcp/59e24cbb-19cd-4c16-95c8-eb70e494e3ff/addn_hosts - 2 addresses
May 25 16:00:32 gtw01 dnsmasq-dhcp[14862]: read /var/lib/neutron/dhcp/59e24cbb-19cd-4c16-95c8-eb70e494e3ff/host
May 25 16:00:32 gtw01 dnsmasq-dhcp[14862]: read /var/lib/neutron/dhcp/59e24cbb-19cd-4c16-95c8-eb70e494e3ff/opts
May 25 16:00:33 gtw01 dnsmasq[14941]: read /var/lib/neutron/dhcp/de8b888a-1e15-4f3f-b4cb-631bcc857029/addn_hosts - 3 addresses
May 25 16:00:33 gtw01 dnsmasq-dhcp[14941]: read /var/lib/neutron/dhcp/de8b888a-1e15-4f3f-b4cb-631bcc857029/host
May 25 16:00:33 gtw01 dnsmasq-dhcp[14941]: read /var/lib/neutron/dhcp/de8b888a-1e15-4f3f-b4cb-631bcc857029/opts
May 25 16:00:33 gtw01 dnsmasq[14862]: read /var/lib/neutron/dhcp/59e24cbb-19cd-4c16-95c8-eb70e494e3ff/addn_hosts - 2 addresses
May 25 16:00:33 gtw01 dnsmasq-dhcp[14862]: read /var/lib/neutron/dhcp/59e24cbb-19cd-4c16-95c8-eb70e494e3ff/host
May 25 16:00:33 gtw01 dnsmasq-dhcp[14862]: read /var/lib/neutron/dhcp/59e24cbb-19cd-4c16-95c8-eb70e494e3ff/opts
May 25 16:00:34 gtw01 dnsmasq[14941]: read /var/lib/neutron/dhcp/de8b888a-1e15-4f3f-b4cb-631bcc857029/addn_hosts - 3 addresses
May 25 16:00:34 gtw01 dnsmasq-dhcp[14941]: read /var/lib/neutron/dhcp/de8b888a-1e15-4f3f-b4cb-631bcc857029/host
May 25 16:00:34 gtw01 dnsmasq-dhcp[14941]: read /var/lib/neutron/dhcp/de8b888a-1e15-4f3f-b4cb-631bcc857029/opts
May 25 16:00:34 gtw01 dnsmasq[14862]: read /var/lib/neutron/dhcp/59e24cbb-19cd-4c16-95c8-eb70e494e3ff/addn_hosts - 2 addresses
May 25 16:00:34 gtw01 dnsmasq-dhcp[14862]: read /var/lib/neutron/dhcp/59e24cbb-19cd-4c16-95c8-eb70e494e3ff/host
May 25 16:00:34 gtw01 dnsmasq-dhcp[14862]: read /var/lib/neutron/dhcp/59e24cbb-19cd-4c16-95c8-eb70e494e3ff/opts
May 25 16:00:35 gtw01 dnsmasq[14941]: read /var/lib/neutron/dhcp/de8b888a-1e15-4f3f-b4cb-631bcc857029/addn_hosts - 3 addresses
May 25 16:00:35 gtw01 dnsmasq-dhcp[14941]: read /var/lib/neutron/dhcp/de8b888a-1e15-4f3f-b4cb-631bcc857029/host
May 25 16:00:35 gtw01 dnsmasq-dhcp[14941]: read /var/lib/neutron/dhcp/de8b888a-1e15-4f3f-b4cb-631bcc857029/opts
May 25 16:00:35 gtw01 kernel: [ 2857.875229] device tapeb49d78c-6b entered promiscuous mode
May 25 16:00:35 gtw01 systemd-udevd[15073]: Could not generate persistent MAC address for tapeb49d78c-6b: No such file or directory
May 25 16:00:35 gtw01 systemd-udevd[15142]: Process '/sbin/ip link set tapeb49d78c-6b txqueuelen 10000' failed with exit code 1.
May 25 16:00:35 gtw01 dnsmasq[14862]: read /var/lib/neutron/dhcp/59e24cbb-19cd-4c16-95c8-eb70e494e3ff/addn_hosts - 3 addresses
May 25 16:00:35 gtw01 dnsmasq-dhcp[14862]: read /var/lib/neutron/dhcp/59e24cbb-19cd-4c16-95c8-eb70e494e3ff/host
May 25 16:00:35 gtw01 dnsmasq-dhcp[14862]: read /var/lib/neutron/dhcp/59e24cbb-19cd-4c16-95c8-eb70e494e3ff/opts
May 25 16:00:36 gtw01 dnsmasq[14941]: read /var/lib/neutron/dhcp/de8b888a-1e15-4f3f-b4cb-631bcc857029/addn_hosts - 3 addresses
May 25 16:00:36 gtw01 dnsmasq-dhcp[14941]: read /var/lib/neutron/dhcp/de8b888a-1e15-4f3f-b4cb-631bcc857029/host
May 25 16:00:36 gtw01 dnsmasq-dhcp[14941]: read /var/lib/neutron/dhcp/de8b888a-1e15-4f3f-b4cb-631bcc857029/opts
May 25 16:00:36 gtw01 dnsmasq[14862]: read /var/lib/neutron/dhcp/59e24cbb-19cd-4c16-95c8-eb70e494e3ff/addn_hosts - 4 addresses
May 25 16:00:36 gtw01 dnsmasq-dhcp[14862]: read /var/lib/neutron/dhcp/59e24cbb-19cd-4c16-95c8-eb70e494e3ff/host
May 25 16:00:36 gtw01 dnsmasq-dhcp[14862]: read /var/lib/neutron/dhcp/59e24cbb-19cd-4c16-95c8-eb70e494e3ff/opts
May 25 16:00:37 gtw01 dnsmasq[14941]: read /var/lib/neutron/dhcp/de8b888a-1e15-4f3f-b4cb-631bcc857029/addn_hosts - 3 addresses
May 25 16:00:37 gtw01 dnsmasq-dhcp[14941]: read /var/lib/neutron/dhcp/de8b888a-1e15-4f3f-b4cb-631bcc857029/host
May 25 16:00:37 gtw01 dnsmasq-dhcp[14941]: read /var/lib/neutron/dhcp/de8b888a-1e15-4f3f-b4cb-631bcc857029/opts
May 25 16:00:37 gtw01 dnsmasq[14862]: read /var/lib/neutron/dhcp/59e24cbb-19cd-4c16-95c8-eb70e494e3ff/addn_hosts - 4 addresses
May 25 16:00:37 gtw01 dnsmasq-dhcp[14862]: read /var/lib/neutron/dhcp/59e24cbb-19cd-4c16-95c8-eb70e494e3ff/host
May 25 16:00:37 gtw01 dnsmasq-dhcp[14862]: read /var/lib/neutron/dhcp/59e24cbb-19cd-4c16-95c8-eb70e494e3ff/opts
May 25 16:00:38 gtw01 dnsmasq[14941]: read /var/lib/neutron/dhcp/de8b888a-1e15-4f3f-b4cb-631bcc857029/addn_hosts - 3 addresses
May 25 16:00:38 gtw01 dnsmasq-dhcp[14941]: read /var/lib/neutron/dhcp/de8b888a-1e15-4f3f-b4cb-631bcc857029/host
May 25 16:00:38 gtw01 dnsmasq-dhcp[14941]: read /var/lib/neutron/dhcp/de8b888a-1e15-4f3f-b4cb-631bcc857029/opts
May 25 16:00:38 gtw01 dnsmasq[15317]: started, version 2.80 cachesize 150
May 25 16:00:38 gtw01 dnsmasq[15317]: DNS service limited to local subnets
May 25 16:00:38 gtw01 dnsmasq[15317]: compile time options: IPv6 GNU-getopt DBus i18n IDN DHCP DHCPv6 no-Lua TFTP conntrack ipset auth DNSSEC loop-detect inotify dumpfile
May 25 16:00:38 gtw01 dnsmasq[15317]: warning: no upstream servers configured
May 25 16:00:38 gtw01 dnsmasq-dhcp[15317]: DHCP, static leases only on 192.168.120.16, lease time 1h
May 25 16:00:38 gtw01 dnsmasq[15317]: read /var/lib/neutron/dhcp/e7b1e82c-e2b9-4cb6-aca1-156ac51f24f1/addn_hosts - 1 addresses
May 25 16:00:38 gtw01 dnsmasq-dhcp[15317]: read /var/lib/neutron/dhcp/e7b1e82c-e2b9-4cb6-aca1-156ac51f24f1/host
May 25 16:00:38 gtw01 dnsmasq-dhcp[15317]: read /var/lib/neutron/dhcp/e7b1e82c-e2b9-4cb6-aca1-156ac51f24f1/opts
May 25 16:00:39 gtw01 haproxy-metadata-proxy-e7b1e82c-e2b9-4cb6-aca1-156ac51f24f1[15321]: Proxy listener started.
May 25 16:00:39 gtw01 dnsmasq[15317]: read /var/lib/neutron/dhcp/e7b1e82c-e2b9-4cb6-aca1-156ac51f24f1/addn_hosts - 2 addresses
May 25 16:00:39 gtw01 dnsmasq-dhcp[15317]: read /var/lib/neutron/dhcp/e7b1e82c-e2b9-4cb6-aca1-156ac51f24f1/host
May 25 16:00:39 gtw01 dnsmasq-dhcp[15317]: read /var/lib/neutron/dhcp/e7b1e82c-e2b9-4cb6-aca1-156ac51f24f1/opts
May 25 16:00:40 gtw01 systemd-udevd[15381]: Could not generate persistent MAC address for tapa25c193f-24: No such file or directory
May 25 16:00:40 gtw01 kernel: [ 2863.099191] device tapa25c193f-24 entered promiscuous mode
May 25 16:00:40 gtw01 systemd-udevd[15381]: Process '/sbin/ip link set tapa25c193f-24 txqueuelen 10000' failed with exit code 1.
May 25 16:00:40 gtw01 systemd-udevd[15381]: Process '/sbin/ip link set tapa25c193f-24 txqueuelen 10000' failed with exit code 1.
May 25 16:00:40 gtw01 dnsmasq[15317]: read /var/lib/neutron/dhcp/e7b1e82c-e2b9-4cb6-aca1-156ac51f24f1/addn_hosts - 2 addresses
May 25 16:00:40 gtw01 dnsmasq-dhcp[15317]: read /var/lib/neutron/dhcp/e7b1e82c-e2b9-4cb6-aca1-156ac51f24f1/host
May 25 16:00:40 gtw01 dnsmasq-dhcp[15317]: read /var/lib/neutron/dhcp/e7b1e82c-e2b9-4cb6-aca1-156ac51f24f1/opts
May 25 16:00:41 gtw01 dnsmasq[15317]: read /var/lib/neutron/dhcp/e7b1e82c-e2b9-4cb6-aca1-156ac51f24f1/addn_hosts - 2 addresses
May 25 16:00:41 gtw01 dnsmasq-dhcp[15317]: read /var/lib/neutron/dhcp/e7b1e82c-e2b9-4cb6-aca1-156ac51f24f1/host
May 25 16:00:41 gtw01 dnsmasq-dhcp[15317]: read /var/lib/neutron/dhcp/e7b1e82c-e2b9-4cb6-aca1-156ac51f24f1/opts
May 25 16:00:42 gtw01 kernel: [ 2864.967804] device tap03bd6a35-fb entered promiscuous mode
May 25 16:00:42 gtw01 systemd-udevd[15553]: Could not generate persistent MAC address for tap03bd6a35-fb: No such file or directory
May 25 16:00:42 gtw01 systemd-udevd[15623]: Process '/sbin/ip link set tap03bd6a35-fb txqueuelen 10000' failed with exit code 1.
May 25 16:00:42 gtw01 dnsmasq[15317]: read /var/lib/neutron/dhcp/e7b1e82c-e2b9-4cb6-aca1-156ac51f24f1/addn_hosts - 2 addresses
May 25 16:00:42 gtw01 dnsmasq-dhcp[15317]: read /var/lib/neutron/dhcp/e7b1e82c-e2b9-4cb6-aca1-156ac51f24f1/host
May 25 16:00:42 gtw01 dnsmasq-dhcp[15317]: read /var/lib/neutron/dhcp/e7b1e82c-e2b9-4cb6-aca1-156ac51f24f1/opts
May 25 16:00:43 gtw01 dnsmasq[15317]: read /var/lib/neutron/dhcp/e7b1e82c-e2b9-4cb6-aca1-156ac51f24f1/addn_hosts - 3 addresses
May 25 16:00:43 gtw01 dnsmasq-dhcp[15317]: read /var/lib/neutron/dhcp/e7b1e82c-e2b9-4cb6-aca1-156ac51f24f1/host
May 25 16:00:43 gtw01 dnsmasq-dhcp[15317]: read /var/lib/neutron/dhcp/e7b1e82c-e2b9-4cb6-aca1-156ac51f24f1/opts
May 25 16:00:44 gtw01 kernel: [ 2866.509131] device tape85780b1-a8 entered promiscuous mode
May 25 16:00:44 gtw01 systemd-udevd[15736]: Could not generate persistent MAC address for tape85780b1-a8: No such file or directory
May 25 16:00:44 gtw01 systemd-udevd[15736]: Process '/sbin/ip link set tape85780b1-a8 txqueuelen 10000' failed with exit code 1.
May 25 16:00:44 gtw01 systemd-udevd[15813]: Process '/sbin/ip link set tape85780b1-a8 txqueuelen 10000' failed with exit code 1.
May 25 16:00:44 gtw01 dnsmasq[15828]: started, version 2.80 cachesize 150
May 25 16:00:44 gtw01 dnsmasq[15828]: DNS service limited to local subnets
May 25 16:00:44 gtw01 dnsmasq[15828]: compile time options: IPv6 GNU-getopt DBus i18n IDN DHCP DHCPv6 no-Lua TFTP conntrack ipset auth DNSSEC loop-detect inotify dumpfile
May 25 16:00:44 gtw01 dnsmasq[15828]: warning: no upstream servers configured
May 25 16:00:44 gtw01 dnsmasq-dhcp[15828]: DHCP, static leases only on 192.168.120.0, lease time 1h
May 25 16:00:44 gtw01 dnsmasq[15828]: read /var/lib/neutron/dhcp/c54a3789-72d3-4240-aacb-70851cb83f90/addn_hosts - 1 addresses
May 25 16:00:44 gtw01 dnsmasq-dhcp[15828]: read /var/lib/neutron/dhcp/c54a3789-72d3-4240-aacb-70851cb83f90/host
May 25 16:00:44 gtw01 dnsmasq-dhcp[15828]: read /var/lib/neutron/dhcp/c54a3789-72d3-4240-aacb-70851cb83f90/opts
May 25 16:00:44 gtw01 haproxy-metadata-proxy-c54a3789-72d3-4240-aacb-70851cb83f90[15847]: Proxy listener started.
May 25 16:00:44 gtw01 dnsmasq[15317]: read /var/lib/neutron/dhcp/e7b1e82c-e2b9-4cb6-aca1-156ac51f24f1/addn_hosts - 3 addresses
May 25 16:00:44 gtw01 dnsmasq-dhcp[15317]: read /var/lib/neutron/dhcp/e7b1e82c-e2b9-4cb6-aca1-156ac51f24f1/host
May 25 16:00:44 gtw01 dnsmasq-dhcp[15317]: read /var/lib/neutron/dhcp/e7b1e82c-e2b9-4cb6-aca1-156ac51f24f1/opts
May 25 16:00:45 gtw01 dnsmasq[15828]: read /var/lib/neutron/dhcp/c54a3789-72d3-4240-aacb-70851cb83f90/addn_hosts - 1 addresses
May 25 16:00:45 gtw01 dnsmasq-dhcp[15828]: read /var/lib/neutron/dhcp/c54a3789-72d3-4240-aacb-70851cb83f90/host
May 25 16:00:45 gtw01 dnsmasq-dhcp[15828]: read /var/lib/neutron/dhcp/c54a3789-72d3-4240-aacb-70851cb83f90/opts
May 25 16:00:46 gtw01 dnsmasq[15953]: started, version 2.80 cachesize 150
May 25 16:00:46 gtw01 dnsmasq[15953]: DNS service limited to local subnets
May 25 16:00:46 gtw01 dnsmasq[15953]: compile time options: IPv6 GNU-getopt DBus i18n IDN DHCP DHCPv6 no-Lua TFTP conntrack ipset auth DNSSEC loop-detect inotify dumpfile
May 25 16:00:46 gtw01 dnsmasq[15953]: warning: no upstream servers configured
May 25 16:00:46 gtw01 dnsmasq-dhcp[15953]: DHCP, static leases only on 192.168.120.16, lease time 1h
May 25 16:00:46 gtw01 dnsmasq[15953]: read /var/lib/neutron/dhcp/f02c45b6-0c51-46e7-a0fe-11b8c869020c/addn_hosts - 1 addresses
May 25 16:00:46 gtw01 dnsmasq-dhcp[15953]: read /var/lib/neutron/dhcp/f02c45b6-0c51-46e7-a0fe-11b8c869020c/host
May 25 16:00:46 gtw01 dnsmasq-dhcp[15953]: read /var/lib/neutron/dhcp/f02c45b6-0c51-46e7-a0fe-11b8c869020c/opts
May 25 16:00:46 gtw01 kernel: [ 2868.647727] device tap03043779-a3 entered promiscuous mode
May 25 16:00:46 gtw01 systemd-udevd[15965]: Could not generate persistent MAC address for tap03043779-a3: No such file or directory
May 25 16:00:46 gtw01 dnsmasq[15828]: read /var/lib/neutron/dhcp/c54a3789-72d3-4240-aacb-70851cb83f90/addn_hosts - 1 addresses
May 25 16:00:46 gtw01 dnsmasq-dhcp[15828]: read /var/lib/neutron/dhcp/c54a3789-72d3-4240-aacb-70851cb83f90/host
May 25 16:00:46 gtw01 dnsmasq-dhcp[15828]: read /var/lib/neutron/dhcp/c54a3789-72d3-4240-aacb-70851cb83f90/opts
May 25 16:00:46 gtw01 systemd-udevd[16041]: Process '/sbin/ip link set tap03043779-a3 txqueuelen 10000' failed with exit code 1.
May 25 16:00:46 gtw01 haproxy-metadata-proxy-f02c45b6-0c51-46e7-a0fe-11b8c869020c[16048]: Proxy listener started.
May 25 16:00:47 gtw01 dnsmasq[15953]: read /var/lib/neutron/dhcp/f02c45b6-0c51-46e7-a0fe-11b8c869020c/addn_hosts - 1 addresses
May 25 16:00:47 gtw01 dnsmasq-dhcp[15953]: read /var/lib/neutron/dhcp/f02c45b6-0c51-46e7-a0fe-11b8c869020c/host
May 25 16:00:47 gtw01 dnsmasq-dhcp[15953]: read /var/lib/neutron/dhcp/f02c45b6-0c51-46e7-a0fe-11b8c869020c/opts
May 25 16:00:47 gtw01 dnsmasq[15828]: read /var/lib/neutron/dhcp/c54a3789-72d3-4240-aacb-70851cb83f90/addn_hosts - 1 addresses
May 25 16:00:47 gtw01 dnsmasq-dhcp[15828]: read /var/lib/neutron/dhcp/c54a3789-72d3-4240-aacb-70851cb83f90/host
May 25 16:00:47 gtw01 dnsmasq-dhcp[15828]: read /var/lib/neutron/dhcp/c54a3789-72d3-4240-aacb-70851cb83f90/opts
May 25 16:00:47 gtw01 dnsmasq[16171]: started, version 2.80 cachesize 150
May 25 16:00:47 gtw01 dnsmasq[16171]: DNS service limited to local subnets
May 25 16:00:47 gtw01 dnsmasq[16171]: compile time options: IPv6 GNU-getopt DBus i18n IDN DHCP DHCPv6 no-Lua TFTP conntrack ipset auth DNSSEC loop-detect inotify dumpfile
May 25 16:00:47 gtw01 dnsmasq[16171]: warning: no upstream servers configured
May 25 16:00:47 gtw01 dnsmasq-dhcp[16171]: DHCP, static leases only on 192.168.120.32, lease time 1h
May 25 16:00:47 gtw01 dnsmasq[16171]: read /var/lib/neutron/dhcp/f22df3d8-e863-448f-8eb9-90a0e1a29986/addn_hosts - 1 addresses
May 25 16:00:47 gtw01 dnsmasq-dhcp[16171]: read /var/lib/neutron/dhcp/f22df3d8-e863-448f-8eb9-90a0e1a29986/host
May 25 16:00:47 gtw01 dnsmasq-dhcp[16171]: read /var/lib/neutron/dhcp/f22df3d8-e863-448f-8eb9-90a0e1a29986/opts
May 25 16:00:48 gtw01 systemd-udevd[16191]: Could not generate persistent MAC address for tapb91f6142-44: No such file or directory
May 25 16:00:48 gtw01 kernel: [ 2870.567880] device tapb91f6142-44 entered promiscuous mode
May 25 16:00:48 gtw01 haproxy-metadata-proxy-f22df3d8-e863-448f-8eb9-90a0e1a29986[16203]: Proxy listener started.
May 25 16:00:48 gtw01 systemd-udevd[16263]: Process '/sbin/ip link set tapb91f6142-44 txqueuelen 10000' failed with exit code 1.
May 25 16:00:48 gtw01 dnsmasq[15953]: read /var/lib/neutron/dhcp/f02c45b6-0c51-46e7-a0fe-11b8c869020c/addn_hosts - 1 addresses
May 25 16:00:48 gtw01 dnsmasq-dhcp[15953]: read /var/lib/neutron/dhcp/f02c45b6-0c51-46e7-a0fe-11b8c869020c/host
May 25 16:00:48 gtw01 dnsmasq-dhcp[15953]: read /var/lib/neutron/dhcp/f02c45b6-0c51-46e7-a0fe-11b8c869020c/opts
May 25 16:00:48 gtw01 kernel: [ 2871.357495] device tapa25c193f-24 left promiscuous mode
May 25 16:00:49 gtw01 dnsmasq[16171]: read /var/lib/neutron/dhcp/f22df3d8-e863-448f-8eb9-90a0e1a29986/addn_hosts - 1 addresses
May 25 16:00:49 gtw01 dnsmasq-dhcp[16171]: read /var/lib/neutron/dhcp/f22df3d8-e863-448f-8eb9-90a0e1a29986/host
May 25 16:00:49 gtw01 dnsmasq-dhcp[16171]: read /var/lib/neutron/dhcp/f22df3d8-e863-448f-8eb9-90a0e1a29986/opts
May 25 16:00:49 gtw01 dnsmasq[15953]: read /var/lib/neutron/dhcp/f02c45b6-0c51-46e7-a0fe-11b8c869020c/addn_hosts - 1 addresses
May 25 16:00:49 gtw01 dnsmasq-dhcp[15953]: read /var/lib/neutron/dhcp/f02c45b6-0c51-46e7-a0fe-11b8c869020c/host
May 25 16:00:49 gtw01 dnsmasq-dhcp[15953]: read /var/lib/neutron/dhcp/f02c45b6-0c51-46e7-a0fe-11b8c869020c/opts
May 25 16:00:50 gtw01 dnsmasq[16407]: started, version 2.80 cachesize 150
May 25 16:00:50 gtw01 dnsmasq[16407]: DNS service limited to local subnets
May 25 16:00:50 gtw01 dnsmasq[16407]: compile time options: IPv6 GNU-getopt DBus i18n IDN DHCP DHCPv6 no-Lua TFTP conntrack ipset auth DNSSEC loop-detect inotify dumpfile
May 25 16:00:50 gtw01 dnsmasq[16407]: warning: no upstream servers configured
May 25 16:00:50 gtw01 dnsmasq-dhcp[16407]: DHCP, static leases only on 192.168.120.48, lease time 1h
May 25 16:00:50 gtw01 dnsmasq[16407]: read /var/lib/neutron/dhcp/d4211ee4-9b50-42df-9afd-f4cc933bd8ca/addn_hosts - 1 addresses
May 25 16:00:50 gtw01 dnsmasq-dhcp[16407]: read /var/lib/neutron/dhcp/d4211ee4-9b50-42df-9afd-f4cc933bd8ca/host
May 25 16:00:50 gtw01 dnsmasq-dhcp[16407]: read /var/lib/neutron/dhcp/d4211ee4-9b50-42df-9afd-f4cc933bd8ca/opts
May 25 16:00:50 gtw01 dnsmasq[16171]: read /var/lib/neutron/dhcp/f22df3d8-e863-448f-8eb9-90a0e1a29986/addn_hosts - 1 addresses
May 25 16:00:50 gtw01 dnsmasq-dhcp[16171]: read /var/lib/neutron/dhcp/f22df3d8-e863-448f-8eb9-90a0e1a29986/host
May 25 16:00:50 gtw01 dnsmasq-dhcp[16171]: read /var/lib/neutron/dhcp/f22df3d8-e863-448f-8eb9-90a0e1a29986/opts
May 25 16:00:50 gtw01 haproxy-metadata-proxy-d4211ee4-9b50-42df-9afd-f4cc933bd8ca[16423]: Proxy listener started.
May 25 16:00:51 gtw01 dnsmasq[16171]: read /var/lib/neutron/dhcp/f22df3d8-e863-448f-8eb9-90a0e1a29986/addn_hosts - 1 addresses
May 25 16:00:51 gtw01 dnsmasq-dhcp[16171]: read /var/lib/neutron/dhcp/f22df3d8-e863-448f-8eb9-90a0e1a29986/host
May 25 16:00:51 gtw01 dnsmasq-dhcp[16171]: read /var/lib/neutron/dhcp/f22df3d8-e863-448f-8eb9-90a0e1a29986/opts
May 25 16:00:51 gtw01 dnsmasq[16407]: read /var/lib/neutron/dhcp/d4211ee4-9b50-42df-9afd-f4cc933bd8ca/addn_hosts - 1 addresses
May 25 16:00:51 gtw01 dnsmasq-dhcp[16407]: read /var/lib/neutron/dhcp/d4211ee4-9b50-42df-9afd-f4cc933bd8ca/host
May 25 16:00:51 gtw01 dnsmasq-dhcp[16407]: read /var/lib/neutron/dhcp/d4211ee4-9b50-42df-9afd-f4cc933bd8ca/opts
May 25 16:00:51 gtw01 kernel: [ 2873.863876] device tap03bd6a35-fb left promiscuous mode
May 25 16:00:51 gtw01 dnsmasq[16508]: started, version 2.80 cachesize 150
May 25 16:00:51 gtw01 dnsmasq[16508]: DNS service limited to local subnets
May 25 16:00:51 gtw01 dnsmasq[16508]: compile time options: IPv6 GNU-getopt DBus i18n IDN DHCP DHCPv6 no-Lua TFTP conntrack ipset auth DNSSEC loop-detect inotify dumpfile
May 25 16:00:51 gtw01 dnsmasq[16508]: warning: no upstream servers configured
May 25 16:00:51 gtw01 dnsmasq-dhcp[16508]: DHCP, static leases only on 192.168.120.64, lease time 1h
May 25 16:00:51 gtw01 dnsmasq[16508]: read /var/lib/neutron/dhcp/432a6d31-efe4-438b-b5a0-6ac174838ba8/addn_hosts - 1 addresses
May 25 16:00:51 gtw01 dnsmasq-dhcp[16508]: read /var/lib/neutron/dhcp/432a6d31-efe4-438b-b5a0-6ac174838ba8/host
May 25 16:00:51 gtw01 dnsmasq-dhcp[16508]: read /var/lib/neutron/dhcp/432a6d31-efe4-438b-b5a0-6ac174838ba8/opts
May 25 16:00:51 gtw01 haproxy-metadata-proxy-432a6d31-efe4-438b-b5a0-6ac174838ba8[16520]: Proxy listener started.
May 25 16:00:51 gtw01 dnsmasq[16407]: read /var/lib/neutron/dhcp/d4211ee4-9b50-42df-9afd-f4cc933bd8ca/addn_hosts - 1 addresses
May 25 16:00:51 gtw01 dnsmasq-dhcp[16407]: read /var/lib/neutron/dhcp/d4211ee4-9b50-42df-9afd-f4cc933bd8ca/host
May 25 16:00:51 gtw01 dnsmasq-dhcp[16407]: read /var/lib/neutron/dhcp/d4211ee4-9b50-42df-9afd-f4cc933bd8ca/opts
May 25 16:00:52 gtw01 dnsmasq[16508]: read /var/lib/neutron/dhcp/432a6d31-efe4-438b-b5a0-6ac174838ba8/addn_hosts - 1 addresses
May 25 16:00:52 gtw01 dnsmasq-dhcp[16508]: read /var/lib/neutron/dhcp/432a6d31-efe4-438b-b5a0-6ac174838ba8/host
May 25 16:00:52 gtw01 dnsmasq-dhcp[16508]: read /var/lib/neutron/dhcp/432a6d31-efe4-438b-b5a0-6ac174838ba8/opts
May 25 16:00:52 gtw01 dnsmasq[16407]: read /var/lib/neutron/dhcp/d4211ee4-9b50-42df-9afd-f4cc933bd8ca/addn_hosts - 1 addresses
May 25 16:00:52 gtw01 dnsmasq-dhcp[16407]: read /var/lib/neutron/dhcp/d4211ee4-9b50-42df-9afd-f4cc933bd8ca/host
May 25 16:00:52 gtw01 dnsmasq-dhcp[16407]: read /var/lib/neutron/dhcp/d4211ee4-9b50-42df-9afd-f4cc933bd8ca/opts
May 25 16:00:53 gtw01 dnsmasq[16508]: read /var/lib/neutron/dhcp/432a6d31-efe4-438b-b5a0-6ac174838ba8/addn_hosts - 1 addresses
May 25 16:00:53 gtw01 dnsmasq-dhcp[16508]: read /var/lib/neutron/dhcp/432a6d31-efe4-438b-b5a0-6ac174838ba8/host
May 25 16:00:53 gtw01 dnsmasq-dhcp[16508]: read /var/lib/neutron/dhcp/432a6d31-efe4-438b-b5a0-6ac174838ba8/opts
May 25 16:00:53 gtw01 kernel: [ 2876.087259] device tape85780b1-a8 left promiscuous mode
May 25 16:00:54 gtw01 dnsmasq[16508]: read /var/lib/neutron/dhcp/432a6d31-efe4-438b-b5a0-6ac174838ba8/addn_hosts - 1 addresses
May 25 16:00:54 gtw01 dnsmasq-dhcp[16508]: read /var/lib/neutron/dhcp/432a6d31-efe4-438b-b5a0-6ac174838ba8/host
May 25 16:00:54 gtw01 dnsmasq-dhcp[16508]: read /var/lib/neutron/dhcp/432a6d31-efe4-438b-b5a0-6ac174838ba8/opts
May 25 16:00:55 gtw01 kernel: [ 2878.095345] device tap03043779-a3 left promiscuous mode
May 25 16:00:57 gtw01 dnsmasq[14941]: read /var/lib/neutron/dhcp/de8b888a-1e15-4f3f-b4cb-631bcc857029/addn_hosts - 2 addresses
May 25 16:00:57 gtw01 dnsmasq-dhcp[14941]: read /var/lib/neutron/dhcp/de8b888a-1e15-4f3f-b4cb-631bcc857029/host
May 25 16:00:57 gtw01 dnsmasq-dhcp[14941]: read /var/lib/neutron/dhcp/de8b888a-1e15-4f3f-b4cb-631bcc857029/opts
May 25 16:00:57 gtw01 kernel: [ 2880.236942] device tapb91f6142-44 left promiscuous mode
May 25 16:00:58 gtw01 haproxy-metadata-proxy-de8b888a-1e15-4f3f-b4cb-631bcc857029[16729]: Proxy listener started.
May 25 16:01:02 gtw01 dnsmasq[15317]: read /var/lib/neutron/dhcp/e7b1e82c-e2b9-4cb6-aca1-156ac51f24f1/addn_hosts - 2 addresses
May 25 16:01:02 gtw01 dnsmasq-dhcp[15317]: read /var/lib/neutron/dhcp/e7b1e82c-e2b9-4cb6-aca1-156ac51f24f1/host
May 25 16:01:02 gtw01 dnsmasq-dhcp[15317]: read /var/lib/neutron/dhcp/e7b1e82c-e2b9-4cb6-aca1-156ac51f24f1/opts
May 25 16:01:03 gtw01 haproxy-metadata-proxy-e7b1e82c-e2b9-4cb6-aca1-156ac51f24f1[16787]: Proxy listener started.
May 25 16:01:05 gtw01 dnsmasq[14941]: read /var/lib/neutron/dhcp/de8b888a-1e15-4f3f-b4cb-631bcc857029/addn_hosts - 1 addresses
May 25 16:01:05 gtw01 dnsmasq-dhcp[14941]: read /var/lib/neutron/dhcp/de8b888a-1e15-4f3f-b4cb-631bcc857029/host
May 25 16:01:05 gtw01 dnsmasq-dhcp[14941]: read /var/lib/neutron/dhcp/de8b888a-1e15-4f3f-b4cb-631bcc857029/opts
May 25 16:01:06 gtw01 dnsmasq[15317]: read /var/lib/neutron/dhcp/e7b1e82c-e2b9-4cb6-aca1-156ac51f24f1/addn_hosts - 1 addresses
May 25 16:01:06 gtw01 dnsmasq-dhcp[15317]: read /var/lib/neutron/dhcp/e7b1e82c-e2b9-4cb6-aca1-156ac51f24f1/host
May 25 16:01:06 gtw01 dnsmasq-dhcp[15317]: read /var/lib/neutron/dhcp/e7b1e82c-e2b9-4cb6-aca1-156ac51f24f1/opts
May 25 16:01:06 gtw01 dnsmasq[14862]: read /var/lib/neutron/dhcp/59e24cbb-19cd-4c16-95c8-eb70e494e3ff/addn_hosts - 3 addresses
May 25 16:01:06 gtw01 dnsmasq-dhcp[14862]: read /var/lib/neutron/dhcp/59e24cbb-19cd-4c16-95c8-eb70e494e3ff/host
May 25 16:01:06 gtw01 dnsmasq-dhcp[14862]: read /var/lib/neutron/dhcp/59e24cbb-19cd-4c16-95c8-eb70e494e3ff/opts
May 25 16:01:07 gtw01 haproxy-metadata-proxy-59e24cbb-19cd-4c16-95c8-eb70e494e3ff[16859]: Proxy listener started.
May 25 16:01:07 gtw01 kernel: [ 2889.952910] device tapb4cf08c8-5f left promiscuous mode
May 25 16:01:08 gtw01 kernel: [ 2891.234515] device tapeb49d78c-6b left promiscuous mode
May 25 16:01:10 gtw01 dnsmasq[14862]: read /var/lib/neutron/dhcp/59e24cbb-19cd-4c16-95c8-eb70e494e3ff/addn_hosts - 2 addresses
May 25 16:01:10 gtw01 dnsmasq-dhcp[14862]: read /var/lib/neutron/dhcp/59e24cbb-19cd-4c16-95c8-eb70e494e3ff/host
May 25 16:01:10 gtw01 dnsmasq-dhcp[14862]: read /var/lib/neutron/dhcp/59e24cbb-19cd-4c16-95c8-eb70e494e3ff/opts
May 25 16:01:11 gtw01 dnsmasq[14862]: read /var/lib/neutron/dhcp/59e24cbb-19cd-4c16-95c8-eb70e494e3ff/addn_hosts - 1 addresses
May 25 16:01:11 gtw01 dnsmasq-dhcp[14862]: read /var/lib/neutron/dhcp/59e24cbb-19cd-4c16-95c8-eb70e494e3ff/host
May 25 16:01:11 gtw01 dnsmasq-dhcp[14862]: read /var/lib/neutron/dhcp/59e24cbb-19cd-4c16-95c8-eb70e494e3ff/opts
May 25 16:01:12 gtw01 kernel: [ 2894.730490] device tap21ff626f-30 left promiscuous mode
May 25 16:01:24 gtw01 kernel: [ 2906.925395] device tap13a07ed1-a1 entered promiscuous mode
May 25 16:01:24 gtw01 systemd-udevd[17010]: Could not generate persistent MAC address for tap13a07ed1-a1: No such file or directory
May 25 16:01:24 gtw01 systemd-udevd[17079]: Process '/sbin/ip link set tap13a07ed1-a1 txqueuelen 10000' failed with exit code 1.
May 25 16:01:27 gtw01 dnsmasq[17158]: started, version 2.80 cachesize 150
May 25 16:01:27 gtw01 dnsmasq[17158]: DNS service limited to local subnets
May 25 16:01:27 gtw01 dnsmasq[17158]: compile time options: IPv6 GNU-getopt DBus i18n IDN DHCP DHCPv6 no-Lua TFTP conntrack ipset auth DNSSEC loop-detect inotify dumpfile
May 25 16:01:27 gtw01 dnsmasq[17158]: warning: no upstream servers configured
May 25 16:01:27 gtw01 dnsmasq-dhcp[17158]: DHCP, static leases only on 192.168.120.0, lease time 1h
May 25 16:01:27 gtw01 dnsmasq[17158]: read /var/lib/neutron/dhcp/68686125-6a6b-4b07-8f77-fab2732d4f01/addn_hosts - 1 addresses
May 25 16:01:27 gtw01 dnsmasq-dhcp[17158]: read /var/lib/neutron/dhcp/68686125-6a6b-4b07-8f77-fab2732d4f01/host
May 25 16:01:27 gtw01 dnsmasq-dhcp[17158]: read /var/lib/neutron/dhcp/68686125-6a6b-4b07-8f77-fab2732d4f01/opts
May 25 16:01:27 gtw01 haproxy-metadata-proxy-68686125-6a6b-4b07-8f77-fab2732d4f01[17162]: Proxy listener started.
May 25 16:01:28 gtw01 dnsmasq[17158]: read /var/lib/neutron/dhcp/68686125-6a6b-4b07-8f77-fab2732d4f01/addn_hosts - 6 addresses
May 25 16:01:28 gtw01 dnsmasq-dhcp[17158]: read /var/lib/neutron/dhcp/68686125-6a6b-4b07-8f77-fab2732d4f01/host
May 25 16:01:28 gtw01 dnsmasq-dhcp[17158]: read /var/lib/neutron/dhcp/68686125-6a6b-4b07-8f77-fab2732d4f01/opts
May 25 16:01:29 gtw01 dnsmasq[17158]: read /var/lib/neutron/dhcp/68686125-6a6b-4b07-8f77-fab2732d4f01/addn_hosts - 6 addresses
May 25 16:01:29 gtw01 dnsmasq-dhcp[17158]: read /var/lib/neutron/dhcp/68686125-6a6b-4b07-8f77-fab2732d4f01/host
May 25 16:01:29 gtw01 dnsmasq-dhcp[17158]: read /var/lib/neutron/dhcp/68686125-6a6b-4b07-8f77-fab2732d4f01/opts
May 25 16:01:30 gtw01 kernel: [ 2912.531279] device tap3034e227-3b entered promiscuous mode
May 25 16:01:30 gtw01 systemd-udevd[17229]: Could not generate persistent MAC address for tap3034e227-3b: No such file or directory
May 25 16:01:30 gtw01 systemd-udevd[17298]: Process '/sbin/ip link set tap3034e227-3b txqueuelen 10000' failed with exit code 1.
May 25 16:01:30 gtw01 dnsmasq[17158]: read /var/lib/neutron/dhcp/68686125-6a6b-4b07-8f77-fab2732d4f01/addn_hosts - 6 addresses
May 25 16:01:30 gtw01 dnsmasq-dhcp[17158]: read /var/lib/neutron/dhcp/68686125-6a6b-4b07-8f77-fab2732d4f01/host
May 25 16:01:30 gtw01 dnsmasq-dhcp[17158]: read /var/lib/neutron/dhcp/68686125-6a6b-4b07-8f77-fab2732d4f01/opts
May 25 16:01:31 gtw01 dnsmasq[17158]: read /var/lib/neutron/dhcp/68686125-6a6b-4b07-8f77-fab2732d4f01/addn_hosts - 6 addresses
May 25 16:01:31 gtw01 dnsmasq-dhcp[17158]: read /var/lib/neutron/dhcp/68686125-6a6b-4b07-8f77-fab2732d4f01/host
May 25 16:01:31 gtw01 dnsmasq-dhcp[17158]: read /var/lib/neutron/dhcp/68686125-6a6b-4b07-8f77-fab2732d4f01/opts
May 25 16:01:32 gtw01 dnsmasq[17158]: read /var/lib/neutron/dhcp/68686125-6a6b-4b07-8f77-fab2732d4f01/addn_hosts - 6 addresses
May 25 16:01:32 gtw01 dnsmasq-dhcp[17158]: read /var/lib/neutron/dhcp/68686125-6a6b-4b07-8f77-fab2732d4f01/host
May 25 16:01:32 gtw01 dnsmasq-dhcp[17158]: read /var/lib/neutron/dhcp/68686125-6a6b-4b07-8f77-fab2732d4f01/opts
May 25 16:01:33 gtw01 dnsmasq[17158]: read /var/lib/neutron/dhcp/68686125-6a6b-4b07-8f77-fab2732d4f01/addn_hosts - 6 addresses
May 25 16:01:33 gtw01 dnsmasq-dhcp[17158]: read /var/lib/neutron/dhcp/68686125-6a6b-4b07-8f77-fab2732d4f01/host
May 25 16:01:33 gtw01 dnsmasq-dhcp[17158]: read /var/lib/neutron/dhcp/68686125-6a6b-4b07-8f77-fab2732d4f01/opts
May 25 16:01:33 gtw01 dnsmasq[17432]: started, version 2.80 cachesize 150
May 25 16:01:33 gtw01 dnsmasq[17432]: DNS service limited to local subnets
May 25 16:01:33 gtw01 dnsmasq[17432]: compile time options: IPv6 GNU-getopt DBus i18n IDN DHCP DHCPv6 no-Lua TFTP conntrack ipset auth DNSSEC loop-detect inotify dumpfile
May 25 16:01:33 gtw01 dnsmasq[17432]: warning: no upstream servers configured
May 25 16:01:33 gtw01 dnsmasq-dhcp[17432]: DHCP, static leases only on 192.168.120.0, lease time 1h
May 25 16:01:33 gtw01 dnsmasq[17432]: read /var/lib/neutron/dhcp/71339358-5a1b-42a4-a7dc-f3921533fe03/addn_hosts - 1 addresses
May 25 16:01:33 gtw01 dnsmasq-dhcp[17432]: read /var/lib/neutron/dhcp/71339358-5a1b-42a4-a7dc-f3921533fe03/host
May 25 16:01:33 gtw01 dnsmasq-dhcp[17432]: read /var/lib/neutron/dhcp/71339358-5a1b-42a4-a7dc-f3921533fe03/opts
May 25 16:01:33 gtw01 haproxy-metadata-proxy-71339358-5a1b-42a4-a7dc-f3921533fe03[17443]: Proxy listener started.
May 25 16:01:34 gtw01 dnsmasq[17158]: read /var/lib/neutron/dhcp/68686125-6a6b-4b07-8f77-fab2732d4f01/addn_hosts - 6 addresses
May 25 16:01:34 gtw01 dnsmasq-dhcp[17158]: read /var/lib/neutron/dhcp/68686125-6a6b-4b07-8f77-fab2732d4f01/host
May 25 16:01:34 gtw01 dnsmasq-dhcp[17158]: read /var/lib/neutron/dhcp/68686125-6a6b-4b07-8f77-fab2732d4f01/opts
May 25 16:01:34 gtw01 dnsmasq[17432]: read /var/lib/neutron/dhcp/71339358-5a1b-42a4-a7dc-f3921533fe03/addn_hosts - 4 addresses
May 25 16:01:34 gtw01 dnsmasq-dhcp[17432]: read /var/lib/neutron/dhcp/71339358-5a1b-42a4-a7dc-f3921533fe03/host
May 25 16:01:34 gtw01 dnsmasq-dhcp[17432]: read /var/lib/neutron/dhcp/71339358-5a1b-42a4-a7dc-f3921533fe03/opts
May 25 16:01:35 gtw01 dnsmasq[17158]: read /var/lib/neutron/dhcp/68686125-6a6b-4b07-8f77-fab2732d4f01/addn_hosts - 7 addresses
May 25 16:01:35 gtw01 dnsmasq-dhcp[17158]: read /var/lib/neutron/dhcp/68686125-6a6b-4b07-8f77-fab2732d4f01/host
May 25 16:01:35 gtw01 dnsmasq-dhcp[17158]: read /var/lib/neutron/dhcp/68686125-6a6b-4b07-8f77-fab2732d4f01/opts
May 25 16:01:35 gtw01 dnsmasq[17158]: read /var/lib/neutron/dhcp/68686125-6a6b-4b07-8f77-fab2732d4f01/addn_hosts - 7 addresses
May 25 16:01:35 gtw01 dnsmasq-dhcp[17158]: read /var/lib/neutron/dhcp/68686125-6a6b-4b07-8f77-fab2732d4f01/host
May 25 16:01:35 gtw01 dnsmasq-dhcp[17158]: read /var/lib/neutron/dhcp/68686125-6a6b-4b07-8f77-fab2732d4f01/opts
May 25 16:01:36 gtw01 dnsmasq[17158]: read /var/lib/neutron/dhcp/68686125-6a6b-4b07-8f77-fab2732d4f01/addn_hosts - 7 addresses
May 25 16:01:36 gtw01 dnsmasq-dhcp[17158]: read /var/lib/neutron/dhcp/68686125-6a6b-4b07-8f77-fab2732d4f01/host
May 25 16:01:36 gtw01 dnsmasq-dhcp[17158]: read /var/lib/neutron/dhcp/68686125-6a6b-4b07-8f77-fab2732d4f01/opts
May 25 16:01:37 gtw01 dnsmasq[17158]: read /var/lib/neutron/dhcp/68686125-6a6b-4b07-8f77-fab2732d4f01/addn_hosts - 7 addresses
May 25 16:01:37 gtw01 dnsmasq-dhcp[17158]: read /var/lib/neutron/dhcp/68686125-6a6b-4b07-8f77-fab2732d4f01/host
May 25 16:01:37 gtw01 dnsmasq-dhcp[17158]: read /var/lib/neutron/dhcp/68686125-6a6b-4b07-8f77-fab2732d4f01/opts
May 25 16:01:38 gtw01 dnsmasq[17635]: started, version 2.80 cachesize 150
May 25 16:01:38 gtw01 dnsmasq[17635]: DNS service limited to local subnets
May 25 16:01:38 gtw01 dnsmasq[17635]: compile time options: IPv6 GNU-getopt DBus i18n IDN DHCP DHCPv6 no-Lua TFTP conntrack ipset auth DNSSEC loop-detect inotify dumpfile
May 25 16:01:38 gtw01 dnsmasq[17635]: warning: no upstream servers configured
May 25 16:01:38 gtw01 dnsmasq-dhcp[17635]: DHCP, static leases only on 192.168.120.0, lease time 1h
May 25 16:01:38 gtw01 dnsmasq-dhcp[17635]: DHCP, static leases only on 192.168.120.16, lease time 1h
May 25 16:01:38 gtw01 dnsmasq[17635]: read /var/lib/neutron/dhcp/71339358-5a1b-42a4-a7dc-f3921533fe03/addn_hosts - 5 addresses
May 25 16:01:38 gtw01 dnsmasq-dhcp[17635]: read /var/lib/neutron/dhcp/71339358-5a1b-42a4-a7dc-f3921533fe03/host
May 25 16:01:38 gtw01 dnsmasq-dhcp[17635]: read /var/lib/neutron/dhcp/71339358-5a1b-42a4-a7dc-f3921533fe03/opts
May 25 16:01:38 gtw01 kernel: [ 2921.360721] device tap13a07ed1-a1 left promiscuous mode
May 25 16:01:39 gtw01 dnsmasq[17635]: read /var/lib/neutron/dhcp/71339358-5a1b-42a4-a7dc-f3921533fe03/addn_hosts - 7 addresses
May 25 16:01:39 gtw01 dnsmasq-dhcp[17635]: read /var/lib/neutron/dhcp/71339358-5a1b-42a4-a7dc-f3921533fe03/host
May 25 16:01:39 gtw01 dnsmasq-dhcp[17635]: read /var/lib/neutron/dhcp/71339358-5a1b-42a4-a7dc-f3921533fe03/opts
