Nov  3 03:31:57 gtw01 dnsmasq-dhcp[8661]: read /var/lib/neutron/dhcp/5c93cdf9-6554-4afc-ae26-5dc431773f9d/opts
Nov  3 03:31:57 gtw01 haproxy-metadata-proxy-5c93cdf9-6554-4afc-ae26-5dc431773f9d[8669]: Proxy listener started.
Nov  3 03:31:58 gtw01 dnsmasq[8451]: read /var/lib/neutron/dhcp/36a3d03c-4b51-4f69-be51-8b134c84ac73/addn_hosts - 2 addresses
Nov  3 03:31:58 gtw01 dnsmasq-dhcp[8451]: read /var/lib/neutron/dhcp/36a3d03c-4b51-4f69-be51-8b134c84ac73/host
Nov  3 03:31:58 gtw01 dnsmasq-dhcp[8451]: read /var/lib/neutron/dhcp/36a3d03c-4b51-4f69-be51-8b134c84ac73/opts
Nov  3 03:31:58 gtw01 dnsmasq[8661]: read /var/lib/neutron/dhcp/5c93cdf9-6554-4afc-ae26-5dc431773f9d/addn_hosts - 1 addresses
Nov  3 03:31:58 gtw01 dnsmasq-dhcp[8661]: read /var/lib/neutron/dhcp/5c93cdf9-6554-4afc-ae26-5dc431773f9d/host
Nov  3 03:31:58 gtw01 dnsmasq-dhcp[8661]: read /var/lib/neutron/dhcp/5c93cdf9-6554-4afc-ae26-5dc431773f9d/opts
Nov  3 03:31:59 gtw01 dnsmasq[8661]: read /var/lib/neutron/dhcp/5c93cdf9-6554-4afc-ae26-5dc431773f9d/addn_hosts - 1 addresses
Nov  3 03:31:59 gtw01 dnsmasq-dhcp[8661]: read /var/lib/neutron/dhcp/5c93cdf9-6554-4afc-ae26-5dc431773f9d/host
Nov  3 03:31:59 gtw01 dnsmasq-dhcp[8661]: read /var/lib/neutron/dhcp/5c93cdf9-6554-4afc-ae26-5dc431773f9d/opts
Nov  3 03:32:00 gtw01 dnsmasq[8661]: read /var/lib/neutron/dhcp/5c93cdf9-6554-4afc-ae26-5dc431773f9d/addn_hosts - 2 addresses
Nov  3 03:32:00 gtw01 dnsmasq-dhcp[8661]: read /var/lib/neutron/dhcp/5c93cdf9-6554-4afc-ae26-5dc431773f9d/host
Nov  3 03:32:00 gtw01 dnsmasq-dhcp[8661]: read /var/lib/neutron/dhcp/5c93cdf9-6554-4afc-ae26-5dc431773f9d/opts
Nov  3 03:32:01 gtw01 dnsmasq[8661]: read /var/lib/neutron/dhcp/5c93cdf9-6554-4afc-ae26-5dc431773f9d/addn_hosts - 2 addresses
Nov  3 03:32:01 gtw01 dnsmasq-dhcp[8661]: read /var/lib/neutron/dhcp/5c93cdf9-6554-4afc-ae26-5dc431773f9d/host
Nov  3 03:32:01 gtw01 dnsmasq-dhcp[8661]: read /var/lib/neutron/dhcp/5c93cdf9-6554-4afc-ae26-5dc431773f9d/opts
Nov  3 03:32:02 gtw01 kernel: [ 4828.005049] device tap8f57834e-f2 left promiscuous mode
Nov  3 03:32:03 gtw01 dnsmasq[8451]: read /var/lib/neutron/dhcp/36a3d03c-4b51-4f69-be51-8b134c84ac73/addn_hosts - 3 addresses
Nov  3 03:32:03 gtw01 dnsmasq-dhcp[8451]: read /var/lib/neutron/dhcp/36a3d03c-4b51-4f69-be51-8b134c84ac73/host
Nov  3 03:32:03 gtw01 dnsmasq-dhcp[8451]: read /var/lib/neutron/dhcp/36a3d03c-4b51-4f69-be51-8b134c84ac73/opts
Nov  3 03:32:03 gtw01 dnsmasq-dhcp[7470]: DHCPDISCOVER(tape68b173a-a2) fa:16:3e:5b:03:e6
Nov  3 03:32:03 gtw01 dnsmasq-dhcp[7470]: DHCPOFFER(tape68b173a-a2) 192.168.120.9 fa:16:3e:5b:03:e6
Nov  3 03:32:03 gtw01 dnsmasq-dhcp[7470]: DHCPREQUEST(tape68b173a-a2) 192.168.120.9 fa:16:3e:5b:03:e6
Nov  3 03:32:03 gtw01 dnsmasq-dhcp[7470]: DHCPACK(tape68b173a-a2) 192.168.120.9 fa:16:3e:5b:03:e6 host-192-168-120-9
Nov  3 03:32:04 gtw01 dnsmasq[8451]: read /var/lib/neutron/dhcp/36a3d03c-4b51-4f69-be51-8b134c84ac73/addn_hosts - 3 addresses
Nov  3 03:32:04 gtw01 dnsmasq-dhcp[8451]: read /var/lib/neutron/dhcp/36a3d03c-4b51-4f69-be51-8b134c84ac73/host
Nov  3 03:32:04 gtw01 dnsmasq-dhcp[8451]: read /var/lib/neutron/dhcp/36a3d03c-4b51-4f69-be51-8b134c84ac73/opts
Nov  3 03:32:05 gtw01 dnsmasq[8451]: read /var/lib/neutron/dhcp/36a3d03c-4b51-4f69-be51-8b134c84ac73/addn_hosts - 3 addresses
Nov  3 03:32:05 gtw01 dnsmasq-dhcp[8451]: read /var/lib/neutron/dhcp/36a3d03c-4b51-4f69-be51-8b134c84ac73/host
Nov  3 03:32:05 gtw01 dnsmasq-dhcp[8451]: read /var/lib/neutron/dhcp/36a3d03c-4b51-4f69-be51-8b134c84ac73/opts
Nov  3 03:32:13 gtw01 kernel: [ 4838.283922] device tap9bc5f80b-62 entered promiscuous mode
Nov  3 03:32:13 gtw01 systemd-udevd[8822]: Could not generate persistent MAC address for tap9bc5f80b-62: No such file or directory
Nov  3 03:32:13 gtw01 systemd-udevd[8822]: Process '/sbin/ip link set tap9bc5f80b-62 txqueuelen 10000' failed with exit code 1.
Nov  3 03:32:13 gtw01 systemd-udevd[8879]: Process '/sbin/ip link set tap9bc5f80b-62 txqueuelen 10000' failed with exit code 1.
Nov  3 03:32:16 gtw01 dnsmasq[8941]: started, version 2.80 cachesize 150
Nov  3 03:32:16 gtw01 dnsmasq[8941]: DNS service limited to local subnets
Nov  3 03:32:16 gtw01 dnsmasq[8941]: compile time options: IPv6 GNU-getopt DBus i18n IDN DHCP DHCPv6 no-Lua TFTP conntrack ipset auth DNSSEC loop-detect inotify dumpfile
Nov  3 03:32:16 gtw01 dnsmasq[8941]: warning: no upstream servers configured
Nov  3 03:32:16 gtw01 dnsmasq-dhcp[8941]: DHCP, static leases only on 192.168.120.0, lease time 1h
Nov  3 03:32:16 gtw01 dnsmasq[8941]: read /var/lib/neutron/dhcp/dca3ddb6-48d9-4dfb-be8f-1c1e60a26b95/addn_hosts - 1 addresses
Nov  3 03:32:16 gtw01 dnsmasq-dhcp[8941]: read /var/lib/neutron/dhcp/dca3ddb6-48d9-4dfb-be8f-1c1e60a26b95/host
Nov  3 03:32:16 gtw01 dnsmasq-dhcp[8941]: read /var/lib/neutron/dhcp/dca3ddb6-48d9-4dfb-be8f-1c1e60a26b95/opts
Nov  3 03:32:16 gtw01 haproxy-metadata-proxy-dca3ddb6-48d9-4dfb-be8f-1c1e60a26b95[8948]: Proxy listener started.
Nov  3 03:32:17 gtw01 kernel: [ 4842.558826] device tap242408e5-3c entered promiscuous mode
Nov  3 03:32:17 gtw01 systemd-udevd[8971]: Could not generate persistent MAC address for tap242408e5-3c: No such file or directory
Nov  3 03:32:17 gtw01 systemd-udevd[9017]: Process '/sbin/ip link set tap242408e5-3c txqueuelen 10000' failed with exit code 1.
Nov  3 03:32:17 gtw01 dnsmasq[8941]: read /var/lib/neutron/dhcp/dca3ddb6-48d9-4dfb-be8f-1c1e60a26b95/addn_hosts - 2 addresses
Nov  3 03:32:17 gtw01 dnsmasq-dhcp[8941]: read /var/lib/neutron/dhcp/dca3ddb6-48d9-4dfb-be8f-1c1e60a26b95/host
Nov  3 03:32:17 gtw01 dnsmasq-dhcp[8941]: read /var/lib/neutron/dhcp/dca3ddb6-48d9-4dfb-be8f-1c1e60a26b95/opts
Nov  3 03:32:18 gtw01 dnsmasq[8941]: read /var/lib/neutron/dhcp/dca3ddb6-48d9-4dfb-be8f-1c1e60a26b95/addn_hosts - 2 addresses
Nov  3 03:32:18 gtw01 dnsmasq-dhcp[8941]: read /var/lib/neutron/dhcp/dca3ddb6-48d9-4dfb-be8f-1c1e60a26b95/host
Nov  3 03:32:18 gtw01 dnsmasq-dhcp[8941]: read /var/lib/neutron/dhcp/dca3ddb6-48d9-4dfb-be8f-1c1e60a26b95/opts
Nov  3 03:32:18 gtw01 dnsmasq-dhcp[8451]: DHCPDISCOVER(tapdc47e8e8-4f) fa:16:3e:bf:8d:ce
Nov  3 03:32:18 gtw01 dnsmasq-dhcp[8451]: DHCPOFFER(tapdc47e8e8-4f) 192.168.120.12 fa:16:3e:bf:8d:ce
Nov  3 03:32:18 gtw01 dnsmasq-dhcp[8451]: DHCPREQUEST(tapdc47e8e8-4f) 192.168.120.12 fa:16:3e:bf:8d:ce
Nov  3 03:32:18 gtw01 dnsmasq-dhcp[8451]: DHCPACK(tapdc47e8e8-4f) 192.168.120.12 fa:16:3e:bf:8d:ce host-192-168-120-12
Nov  3 03:32:19 gtw01 dnsmasq[8941]: read /var/lib/neutron/dhcp/dca3ddb6-48d9-4dfb-be8f-1c1e60a26b95/addn_hosts - 2 addresses
Nov  3 03:32:19 gtw01 dnsmasq-dhcp[8941]: read /var/lib/neutron/dhcp/dca3ddb6-48d9-4dfb-be8f-1c1e60a26b95/host
Nov  3 03:32:19 gtw01 dnsmasq-dhcp[8941]: read /var/lib/neutron/dhcp/dca3ddb6-48d9-4dfb-be8f-1c1e60a26b95/opts
Nov  3 03:32:20 gtw01 dnsmasq[8941]: read /var/lib/neutron/dhcp/dca3ddb6-48d9-4dfb-be8f-1c1e60a26b95/addn_hosts - 2 addresses
Nov  3 03:32:20 gtw01 dnsmasq-dhcp[8941]: read /var/lib/neutron/dhcp/dca3ddb6-48d9-4dfb-be8f-1c1e60a26b95/host
Nov  3 03:32:20 gtw01 dnsmasq-dhcp[8941]: read /var/lib/neutron/dhcp/dca3ddb6-48d9-4dfb-be8f-1c1e60a26b95/opts
Nov  3 03:32:20 gtw01 dnsmasq[9135]: started, version 2.80 cachesize 150
Nov  3 03:32:20 gtw01 dnsmasq[9135]: DNS service limited to local subnets
Nov  3 03:32:20 gtw01 dnsmasq[9135]: compile time options: IPv6 GNU-getopt DBus i18n IDN DHCP DHCPv6 no-Lua TFTP conntrack ipset auth DNSSEC loop-detect inotify dumpfile
Nov  3 03:32:20 gtw01 dnsmasq[9135]: warning: no upstream servers configured
Nov  3 03:32:20 gtw01 dnsmasq-dhcp[9135]: DHCP, static leases only on 192.168.121.0, lease time 1h
Nov  3 03:32:20 gtw01 dnsmasq[9135]: read /var/lib/neutron/dhcp/bb04fb43-cf1e-4ebf-a9be-7e3cd557b7d4/addn_hosts - 1 addresses
Nov  3 03:32:20 gtw01 dnsmasq-dhcp[9135]: read /var/lib/neutron/dhcp/bb04fb43-cf1e-4ebf-a9be-7e3cd557b7d4/host
Nov  3 03:32:20 gtw01 dnsmasq-dhcp[9135]: read /var/lib/neutron/dhcp/bb04fb43-cf1e-4ebf-a9be-7e3cd557b7d4/opts
Nov  3 03:32:21 gtw01 haproxy-metadata-proxy-bb04fb43-cf1e-4ebf-a9be-7e3cd557b7d4[9142]: Proxy listener started.
Nov  3 03:32:21 gtw01 dnsmasq-dhcp[7470]: DHCPDISCOVER(tape68b173a-a2) fa:16:3e:5b:03:e6
Nov  3 03:32:21 gtw01 dnsmasq-dhcp[7470]: DHCPOFFER(tape68b173a-a2) 192.168.120.9 fa:16:3e:5b:03:e6
Nov  3 03:32:21 gtw01 dnsmasq-dhcp[7470]: DHCPREQUEST(tape68b173a-a2) 192.168.120.9 fa:16:3e:5b:03:e6
Nov  3 03:32:21 gtw01 dnsmasq-dhcp[7470]: DHCPACK(tape68b173a-a2) 192.168.120.9 fa:16:3e:5b:03:e6 host-192-168-120-9
Nov  3 03:32:21 gtw01 dnsmasq[8941]: read /var/lib/neutron/dhcp/dca3ddb6-48d9-4dfb-be8f-1c1e60a26b95/addn_hosts - 2 addresses
Nov  3 03:32:21 gtw01 dnsmasq-dhcp[8941]: read /var/lib/neutron/dhcp/dca3ddb6-48d9-4dfb-be8f-1c1e60a26b95/host
Nov  3 03:32:21 gtw01 dnsmasq-dhcp[8941]: read /var/lib/neutron/dhcp/dca3ddb6-48d9-4dfb-be8f-1c1e60a26b95/opts
Nov  3 03:32:22 gtw01 dnsmasq[9135]: read /var/lib/neutron/dhcp/bb04fb43-cf1e-4ebf-a9be-7e3cd557b7d4/addn_hosts - 2 addresses
Nov  3 03:32:22 gtw01 dnsmasq-dhcp[9135]: read /var/lib/neutron/dhcp/bb04fb43-cf1e-4ebf-a9be-7e3cd557b7d4/host
Nov  3 03:32:22 gtw01 dnsmasq-dhcp[9135]: read /var/lib/neutron/dhcp/bb04fb43-cf1e-4ebf-a9be-7e3cd557b7d4/opts
Nov  3 03:32:23 gtw01 kernel: [ 4848.485191] device tap3f88eda5-ec entered promiscuous mode
Nov  3 03:32:23 gtw01 systemd-udevd[9201]: Could not generate persistent MAC address for tap3f88eda5-ec: No such file or directory
Nov  3 03:32:23 gtw01 systemd-udevd[9201]: Process '/sbin/ip link set tap3f88eda5-ec txqueuelen 10000' failed with exit code 1.
Nov  3 03:32:23 gtw01 dnsmasq[9135]: read /var/lib/neutron/dhcp/bb04fb43-cf1e-4ebf-a9be-7e3cd557b7d4/addn_hosts - 2 addresses
Nov  3 03:32:23 gtw01 dnsmasq-dhcp[9135]: read /var/lib/neutron/dhcp/bb04fb43-cf1e-4ebf-a9be-7e3cd557b7d4/host
Nov  3 03:32:23 gtw01 dnsmasq-dhcp[9135]: read /var/lib/neutron/dhcp/bb04fb43-cf1e-4ebf-a9be-7e3cd557b7d4/opts
Nov  3 03:32:24 gtw01 dnsmasq[9135]: read /var/lib/neutron/dhcp/bb04fb43-cf1e-4ebf-a9be-7e3cd557b7d4/addn_hosts - 2 addresses
Nov  3 03:32:24 gtw01 dnsmasq-dhcp[9135]: read /var/lib/neutron/dhcp/bb04fb43-cf1e-4ebf-a9be-7e3cd557b7d4/host
Nov  3 03:32:24 gtw01 dnsmasq-dhcp[9135]: read /var/lib/neutron/dhcp/bb04fb43-cf1e-4ebf-a9be-7e3cd557b7d4/opts
Nov  3 03:32:25 gtw01 dnsmasq[9135]: read /var/lib/neutron/dhcp/bb04fb43-cf1e-4ebf-a9be-7e3cd557b7d4/addn_hosts - 2 addresses
Nov  3 03:32:25 gtw01 dnsmasq-dhcp[9135]: read /var/lib/neutron/dhcp/bb04fb43-cf1e-4ebf-a9be-7e3cd557b7d4/host
Nov  3 03:32:25 gtw01 dnsmasq-dhcp[9135]: read /var/lib/neutron/dhcp/bb04fb43-cf1e-4ebf-a9be-7e3cd557b7d4/opts
Nov  3 03:32:26 gtw01 dnsmasq[9135]: read /var/lib/neutron/dhcp/bb04fb43-cf1e-4ebf-a9be-7e3cd557b7d4/addn_hosts - 2 addresses
Nov  3 03:32:26 gtw01 dnsmasq-dhcp[9135]: read /var/lib/neutron/dhcp/bb04fb43-cf1e-4ebf-a9be-7e3cd557b7d4/host
Nov  3 03:32:26 gtw01 dnsmasq-dhcp[9135]: read /var/lib/neutron/dhcp/bb04fb43-cf1e-4ebf-a9be-7e3cd557b7d4/opts
Nov  3 03:32:27 gtw01 dnsmasq[9383]: started, version 2.80 cachesize 150
Nov  3 03:32:27 gtw01 dnsmasq[9383]: DNS service limited to local subnets
Nov  3 03:32:27 gtw01 dnsmasq[9383]: compile time options: IPv6 GNU-getopt DBus i18n IDN DHCP DHCPv6 no-Lua TFTP conntrack ipset auth DNSSEC loop-detect inotify dumpfile
Nov  3 03:32:27 gtw01 dnsmasq[9383]: warning: no upstream servers configured
Nov  3 03:32:27 gtw01 dnsmasq-dhcp[9383]: DHCP, static leases only on 192.168.122.0, lease time 1h
Nov  3 03:32:27 gtw01 dnsmasq[9383]: read /var/lib/neutron/dhcp/fe7bb2d1-25dd-455a-8932-86460246e129/addn_hosts - 1 addresses
Nov  3 03:32:27 gtw01 dnsmasq-dhcp[9383]: read /var/lib/neutron/dhcp/fe7bb2d1-25dd-455a-8932-86460246e129/host
Nov  3 03:32:27 gtw01 dnsmasq-dhcp[9383]: read /var/lib/neutron/dhcp/fe7bb2d1-25dd-455a-8932-86460246e129/opts
Nov  3 03:32:27 gtw01 kernel: [ 4852.616896] device tap560c79ba-86 entered promiscuous mode
Nov  3 03:32:27 gtw01 systemd-udevd[9394]: Could not generate persistent MAC address for tap560c79ba-86: No such file or directory
Nov  3 03:32:27 gtw01 systemd-udevd[9441]: Process '/sbin/ip link set tap560c79ba-86 txqueuelen 10000' failed with exit code 1.
Nov  3 03:32:27 gtw01 haproxy-metadata-proxy-fe7bb2d1-25dd-455a-8932-86460246e129[9453]: Proxy listener started.
Nov  3 03:32:28 gtw01 dnsmasq[9383]: read /var/lib/neutron/dhcp/fe7bb2d1-25dd-455a-8932-86460246e129/addn_hosts - 2 addresses
Nov  3 03:32:28 gtw01 dnsmasq-dhcp[9383]: read /var/lib/neutron/dhcp/fe7bb2d1-25dd-455a-8932-86460246e129/host
Nov  3 03:32:28 gtw01 dnsmasq-dhcp[9383]: read /var/lib/neutron/dhcp/fe7bb2d1-25dd-455a-8932-86460246e129/opts
Nov  3 03:32:29 gtw01 dnsmasq[9383]: read /var/lib/neutron/dhcp/fe7bb2d1-25dd-455a-8932-86460246e129/addn_hosts - 2 addresses
Nov  3 03:32:29 gtw01 dnsmasq-dhcp[9383]: read /var/lib/neutron/dhcp/fe7bb2d1-25dd-455a-8932-86460246e129/host
Nov  3 03:32:29 gtw01 dnsmasq-dhcp[9383]: read /var/lib/neutron/dhcp/fe7bb2d1-25dd-455a-8932-86460246e129/opts
Nov  3 03:32:30 gtw01 dnsmasq[9383]: read /var/lib/neutron/dhcp/fe7bb2d1-25dd-455a-8932-86460246e129/addn_hosts - 2 addresses
Nov  3 03:32:30 gtw01 dnsmasq-dhcp[9383]: read /var/lib/neutron/dhcp/fe7bb2d1-25dd-455a-8932-86460246e129/host
Nov  3 03:32:30 gtw01 dnsmasq-dhcp[9383]: read /var/lib/neutron/dhcp/fe7bb2d1-25dd-455a-8932-86460246e129/opts
Nov  3 03:32:30 gtw01 dnsmasq-dhcp[8451]: DHCPRELEASE(tapdc47e8e8-4f) 192.168.120.12 fa:16:3e:bf:8d:ce
Nov  3 03:32:30 gtw01 dnsmasq-dhcp[8451]: DHCPRELEASE(tapdc47e8e8-4f) 192.168.120.12 fa:16:3e:bf:8d:ce unknown lease
Nov  3 03:32:30 gtw01 dnsmasq-dhcp[7470]: DHCPRELEASE(tape68b173a-a2) 192.168.120.9 fa:16:3e:5b:03:e6
Nov  3 03:32:30 gtw01 dnsmasq[9561]: started, version 2.80 cachesize 150
Nov  3 03:32:30 gtw01 dnsmasq[9561]: DNS service limited to local subnets
Nov  3 03:32:30 gtw01 dnsmasq[9561]: compile time options: IPv6 GNU-getopt DBus i18n IDN DHCP DHCPv6 no-Lua TFTP conntrack ipset auth DNSSEC loop-detect inotify dumpfile
Nov  3 03:32:30 gtw01 dnsmasq[9561]: warning: no upstream servers configured
Nov  3 03:32:30 gtw01 dnsmasq-dhcp[9561]: DHCP, static leases only on 192.168.123.0, lease time 1h
Nov  3 03:32:30 gtw01 dnsmasq[9561]: read /var/lib/neutron/dhcp/c260360f-8623-4f93-a27e-0b5de00d9c59/addn_hosts - 1 addresses
Nov  3 03:32:30 gtw01 dnsmasq-dhcp[9561]: read /var/lib/neutron/dhcp/c260360f-8623-4f93-a27e-0b5de00d9c59/host
Nov  3 03:32:30 gtw01 dnsmasq-dhcp[9561]: read /var/lib/neutron/dhcp/c260360f-8623-4f93-a27e-0b5de00d9c59/opts
Nov  3 03:32:31 gtw01 haproxy-metadata-proxy-c260360f-8623-4f93-a27e-0b5de00d9c59[9568]: Proxy listener started.
Nov  3 03:32:31 gtw01 dnsmasq[9383]: read /var/lib/neutron/dhcp/fe7bb2d1-25dd-455a-8932-86460246e129/addn_hosts - 2 addresses
Nov  3 03:32:31 gtw01 dnsmasq-dhcp[9383]: read /var/lib/neutron/dhcp/fe7bb2d1-25dd-455a-8932-86460246e129/host
Nov  3 03:32:31 gtw01 dnsmasq-dhcp[9383]: read /var/lib/neutron/dhcp/fe7bb2d1-25dd-455a-8932-86460246e129/opts
Nov  3 03:32:31 gtw01 dnsmasq[8451]: read /var/lib/neutron/dhcp/36a3d03c-4b51-4f69-be51-8b134c84ac73/addn_hosts - 2 addresses
Nov  3 03:32:31 gtw01 dnsmasq-dhcp[8451]: read /var/lib/neutron/dhcp/36a3d03c-4b51-4f69-be51-8b134c84ac73/host
Nov  3 03:32:31 gtw01 dnsmasq-dhcp[8451]: read /var/lib/neutron/dhcp/36a3d03c-4b51-4f69-be51-8b134c84ac73/opts
Nov  3 03:32:32 gtw01 dnsmasq[9561]: read /var/lib/neutron/dhcp/c260360f-8623-4f93-a27e-0b5de00d9c59/addn_hosts - 2 addresses
Nov  3 03:32:32 gtw01 dnsmasq-dhcp[9561]: read /var/lib/neutron/dhcp/c260360f-8623-4f93-a27e-0b5de00d9c59/host
Nov  3 03:32:32 gtw01 dnsmasq-dhcp[9561]: read /var/lib/neutron/dhcp/c260360f-8623-4f93-a27e-0b5de00d9c59/opts
Nov  3 03:32:32 gtw01 dnsmasq[9383]: read /var/lib/neutron/dhcp/fe7bb2d1-25dd-455a-8932-86460246e129/addn_hosts - 2 addresses
Nov  3 03:32:32 gtw01 dnsmasq-dhcp[9383]: read /var/lib/neutron/dhcp/fe7bb2d1-25dd-455a-8932-86460246e129/host
Nov  3 03:32:32 gtw01 dnsmasq-dhcp[9383]: read /var/lib/neutron/dhcp/fe7bb2d1-25dd-455a-8932-86460246e129/opts
Nov  3 03:32:33 gtw01 dnsmasq[9561]: read /var/lib/neutron/dhcp/c260360f-8623-4f93-a27e-0b5de00d9c59/addn_hosts - 2 addresses
Nov  3 03:32:33 gtw01 dnsmasq-dhcp[9561]: read /var/lib/neutron/dhcp/c260360f-8623-4f93-a27e-0b5de00d9c59/host
Nov  3 03:32:33 gtw01 dnsmasq-dhcp[9561]: read /var/lib/neutron/dhcp/c260360f-8623-4f93-a27e-0b5de00d9c59/opts
Nov  3 03:32:34 gtw01 dnsmasq[9561]: read /var/lib/neutron/dhcp/c260360f-8623-4f93-a27e-0b5de00d9c59/addn_hosts - 2 addresses
Nov  3 03:32:34 gtw01 dnsmasq-dhcp[9561]: read /var/lib/neutron/dhcp/c260360f-8623-4f93-a27e-0b5de00d9c59/host
Nov  3 03:32:34 gtw01 dnsmasq-dhcp[9561]: read /var/lib/neutron/dhcp/c260360f-8623-4f93-a27e-0b5de00d9c59/opts
Nov  3 03:32:34 gtw01 dnsmasq[8451]: read /var/lib/neutron/dhcp/36a3d03c-4b51-4f69-be51-8b134c84ac73/addn_hosts - 1 addresses
Nov  3 03:32:34 gtw01 dnsmasq-dhcp[8451]: read /var/lib/neutron/dhcp/36a3d03c-4b51-4f69-be51-8b134c84ac73/host
Nov  3 03:32:34 gtw01 dnsmasq-dhcp[8451]: read /var/lib/neutron/dhcp/36a3d03c-4b51-4f69-be51-8b134c84ac73/opts
Nov  3 03:32:35 gtw01 dnsmasq[9561]: read /var/lib/neutron/dhcp/c260360f-8623-4f93-a27e-0b5de00d9c59/addn_hosts - 2 addresses
Nov  3 03:32:35 gtw01 dnsmasq-dhcp[9561]: read /var/lib/neutron/dhcp/c260360f-8623-4f93-a27e-0b5de00d9c59/host
Nov  3 03:32:35 gtw01 dnsmasq-dhcp[9561]: read /var/lib/neutron/dhcp/c260360f-8623-4f93-a27e-0b5de00d9c59/opts
Nov  3 03:32:36 gtw01 kernel: [ 4861.860671] device tap560c79ba-86 left promiscuous mode
Nov  3 03:32:39 gtw01 kernel: [ 4864.620828] device tapdc47e8e8-4f left promiscuous mode
Nov  3 03:32:40 gtw01 dnsmasq[9383]: read /var/lib/neutron/dhcp/fe7bb2d1-25dd-455a-8932-86460246e129/addn_hosts - 1 addresses
Nov  3 03:32:40 gtw01 dnsmasq-dhcp[9383]: read /var/lib/neutron/dhcp/fe7bb2d1-25dd-455a-8932-86460246e129/host
Nov  3 03:32:40 gtw01 dnsmasq-dhcp[9383]: read /var/lib/neutron/dhcp/fe7bb2d1-25dd-455a-8932-86460246e129/opts
Nov  3 03:32:42 gtw01 kernel: [ 4867.906319] device tap3f88eda5-ec left promiscuous mode
Nov  3 03:32:46 gtw01 dnsmasq[9135]: read /var/lib/neutron/dhcp/bb04fb43-cf1e-4ebf-a9be-7e3cd557b7d4/addn_hosts - 1 addresses
Nov  3 03:32:46 gtw01 dnsmasq-dhcp[9135]: read /var/lib/neutron/dhcp/bb04fb43-cf1e-4ebf-a9be-7e3cd557b7d4/host
Nov  3 03:32:46 gtw01 dnsmasq-dhcp[9135]: read /var/lib/neutron/dhcp/bb04fb43-cf1e-4ebf-a9be-7e3cd557b7d4/opts
Nov  3 03:32:47 gtw01 dnsmasq-dhcp[7470]: DHCPDISCOVER(tape68b173a-a2) fa:16:3e:5b:03:e6
Nov  3 03:32:47 gtw01 dnsmasq-dhcp[7470]: DHCPOFFER(tape68b173a-a2) 192.168.120.9 fa:16:3e:5b:03:e6
Nov  3 03:32:47 gtw01 dnsmasq-dhcp[7470]: DHCPREQUEST(tape68b173a-a2) 192.168.120.9 fa:16:3e:5b:03:e6
Nov  3 03:32:47 gtw01 dnsmasq-dhcp[7470]: DHCPACK(tape68b173a-a2) 192.168.120.9 fa:16:3e:5b:03:e6 host-192-168-120-9
Nov  3 03:32:47 gtw01 systemd-udevd[9776]: Could not generate persistent MAC address for tapcb97c8e1-f7: No such file or directory
Nov  3 03:32:47 gtw01 kernel: [ 4872.831591] device tapcb97c8e1-f7 entered promiscuous mode
Nov  3 03:32:47 gtw01 systemd-udevd[9776]: Process '/sbin/ip link set tapcb97c8e1-f7 txqueuelen 10000' failed with exit code 1.
Nov  3 03:32:47 gtw01 systemd-udevd[9776]: Process '/sbin/ip link set tapcb97c8e1-f7 txqueuelen 10000' failed with exit code 1.
Nov  3 03:32:49 gtw01 kernel: [ 4874.865050] device tap242408e5-3c left promiscuous mode
Nov  3 03:32:50 gtw01 dnsmasq[9897]: started, version 2.80 cachesize 150
Nov  3 03:32:50 gtw01 dnsmasq[9897]: DNS service limited to local subnets
Nov  3 03:32:50 gtw01 dnsmasq[9897]: compile time options: IPv6 GNU-getopt DBus i18n IDN DHCP DHCPv6 no-Lua TFTP conntrack ipset auth DNSSEC loop-detect inotify dumpfile
Nov  3 03:32:50 gtw01 dnsmasq[9897]: warning: no upstream servers configured
Nov  3 03:32:50 gtw01 dnsmasq-dhcp[9897]: DHCP, static leases only on 192.168.120.0, lease time 1h
Nov  3 03:32:50 gtw01 dnsmasq[9897]: read /var/lib/neutron/dhcp/b369589e-d187-44ce-8186-1dc56b7fe065/addn_hosts - 1 addresses
Nov  3 03:32:50 gtw01 dnsmasq-dhcp[9897]: read /var/lib/neutron/dhcp/b369589e-d187-44ce-8186-1dc56b7fe065/host
Nov  3 03:32:50 gtw01 dnsmasq-dhcp[9897]: read /var/lib/neutron/dhcp/b369589e-d187-44ce-8186-1dc56b7fe065/opts
Nov  3 03:32:51 gtw01 haproxy-metadata-proxy-b369589e-d187-44ce-8186-1dc56b7fe065[9901]: Proxy listener started.
Nov  3 03:32:52 gtw01 dnsmasq[9897]: read /var/lib/neutron/dhcp/b369589e-d187-44ce-8186-1dc56b7fe065/addn_hosts - 2 addresses
Nov  3 03:32:52 gtw01 dnsmasq-dhcp[9897]: read /var/lib/neutron/dhcp/b369589e-d187-44ce-8186-1dc56b7fe065/host
Nov  3 03:32:52 gtw01 dnsmasq-dhcp[9897]: read /var/lib/neutron/dhcp/b369589e-d187-44ce-8186-1dc56b7fe065/opts
Nov  3 03:32:53 gtw01 dnsmasq[9897]: read /var/lib/neutron/dhcp/b369589e-d187-44ce-8186-1dc56b7fe065/addn_hosts - 2 addresses
Nov  3 03:32:53 gtw01 dnsmasq-dhcp[9897]: read /var/lib/neutron/dhcp/b369589e-d187-44ce-8186-1dc56b7fe065/host
Nov  3 03:32:53 gtw01 dnsmasq-dhcp[9897]: read /var/lib/neutron/dhcp/b369589e-d187-44ce-8186-1dc56b7fe065/opts
Nov  3 03:32:54 gtw01 dnsmasq[9897]: read /var/lib/neutron/dhcp/b369589e-d187-44ce-8186-1dc56b7fe065/addn_hosts - 2 addresses
Nov  3 03:32:54 gtw01 dnsmasq-dhcp[9897]: read /var/lib/neutron/dhcp/b369589e-d187-44ce-8186-1dc56b7fe065/host
Nov  3 03:32:54 gtw01 dnsmasq-dhcp[9897]: read /var/lib/neutron/dhcp/b369589e-d187-44ce-8186-1dc56b7fe065/opts
Nov  3 03:32:54 gtw01 dnsmasq[8941]: read /var/lib/neutron/dhcp/dca3ddb6-48d9-4dfb-be8f-1c1e60a26b95/addn_hosts - 1 addresses
Nov  3 03:32:54 gtw01 dnsmasq-dhcp[8941]: read /var/lib/neutron/dhcp/dca3ddb6-48d9-4dfb-be8f-1c1e60a26b95/host
Nov  3 03:32:54 gtw01 dnsmasq-dhcp[8941]: read /var/lib/neutron/dhcp/dca3ddb6-48d9-4dfb-be8f-1c1e60a26b95/opts
Nov  3 03:32:55 gtw01 dnsmasq[9897]: read /var/lib/neutron/dhcp/b369589e-d187-44ce-8186-1dc56b7fe065/addn_hosts - 3 addresses
Nov  3 03:32:55 gtw01 dnsmasq-dhcp[9897]: read /var/lib/neutron/dhcp/b369589e-d187-44ce-8186-1dc56b7fe065/host
Nov  3 03:32:55 gtw01 dnsmasq-dhcp[9897]: read /var/lib/neutron/dhcp/b369589e-d187-44ce-8186-1dc56b7fe065/opts
Nov  3 03:32:56 gtw01 dnsmasq[9897]: read /var/lib/neutron/dhcp/b369589e-d187-44ce-8186-1dc56b7fe065/addn_hosts - 4 addresses
Nov  3 03:32:56 gtw01 dnsmasq-dhcp[9897]: read /var/lib/neutron/dhcp/b369589e-d187-44ce-8186-1dc56b7fe065/host
Nov  3 03:32:56 gtw01 dnsmasq-dhcp[9897]: read /var/lib/neutron/dhcp/b369589e-d187-44ce-8186-1dc56b7fe065/opts
Nov  3 03:32:56 gtw01 dnsmasq-dhcp[7470]: DHCPRELEASE(tape68b173a-a2) 192.168.120.9 fa:16:3e:5b:03:e6
Nov  3 03:32:57 gtw01 dnsmasq[9897]: read /var/lib/neutron/dhcp/b369589e-d187-44ce-8186-1dc56b7fe065/addn_hosts - 4 addresses
Nov  3 03:32:57 gtw01 dnsmasq-dhcp[9897]: read /var/lib/neutron/dhcp/b369589e-d187-44ce-8186-1dc56b7fe065/host
Nov  3 03:32:57 gtw01 dnsmasq-dhcp[9897]: read /var/lib/neutron/dhcp/b369589e-d187-44ce-8186-1dc56b7fe065/opts
Nov  3 03:32:57 gtw01 kernel: [ 4882.683610] device tap9bc5f80b-62 left promiscuous mode
Nov  3 03:32:58 gtw01 dnsmasq[9897]: read /var/lib/neutron/dhcp/b369589e-d187-44ce-8186-1dc56b7fe065/addn_hosts - 4 addresses
Nov  3 03:32:58 gtw01 dnsmasq-dhcp[9897]: read /var/lib/neutron/dhcp/b369589e-d187-44ce-8186-1dc56b7fe065/host
Nov  3 03:32:58 gtw01 dnsmasq-dhcp[9897]: read /var/lib/neutron/dhcp/b369589e-d187-44ce-8186-1dc56b7fe065/opts
Nov  3 03:32:59 gtw01 dnsmasq[9897]: read /var/lib/neutron/dhcp/b369589e-d187-44ce-8186-1dc56b7fe065/addn_hosts - 4 addresses
Nov  3 03:32:59 gtw01 dnsmasq-dhcp[9897]: read /var/lib/neutron/dhcp/b369589e-d187-44ce-8186-1dc56b7fe065/host
Nov  3 03:32:59 gtw01 dnsmasq-dhcp[9897]: read /var/lib/neutron/dhcp/b369589e-d187-44ce-8186-1dc56b7fe065/opts
Nov  3 03:33:00 gtw01 dnsmasq[9897]: read /var/lib/neutron/dhcp/b369589e-d187-44ce-8186-1dc56b7fe065/addn_hosts - 4 addresses
Nov  3 03:33:00 gtw01 dnsmasq-dhcp[9897]: read /var/lib/neutron/dhcp/b369589e-d187-44ce-8186-1dc56b7fe065/host
Nov  3 03:33:00 gtw01 dnsmasq-dhcp[9897]: read /var/lib/neutron/dhcp/b369589e-d187-44ce-8186-1dc56b7fe065/opts
Nov  3 03:33:01 gtw01 dnsmasq[9897]: read /var/lib/neutron/dhcp/b369589e-d187-44ce-8186-1dc56b7fe065/addn_hosts - 4 addresses
Nov  3 03:33:01 gtw01 dnsmasq-dhcp[9897]: read /var/lib/neutron/dhcp/b369589e-d187-44ce-8186-1dc56b7fe065/host
Nov  3 03:33:01 gtw01 dnsmasq-dhcp[9897]: read /var/lib/neutron/dhcp/b369589e-d187-44ce-8186-1dc56b7fe065/opts
Nov  3 03:33:02 gtw01 dnsmasq[9897]: read /var/lib/neutron/dhcp/b369589e-d187-44ce-8186-1dc56b7fe065/addn_hosts - 4 addresses
Nov  3 03:33:02 gtw01 dnsmasq-dhcp[9897]: read /var/lib/neutron/dhcp/b369589e-d187-44ce-8186-1dc56b7fe065/host
Nov  3 03:33:02 gtw01 dnsmasq-dhcp[9897]: read /var/lib/neutron/dhcp/b369589e-d187-44ce-8186-1dc56b7fe065/opts
Nov  3 03:33:03 gtw01 dnsmasq[9897]: read /var/lib/neutron/dhcp/b369589e-d187-44ce-8186-1dc56b7fe065/addn_hosts - 4 addresses
Nov  3 03:33:03 gtw01 dnsmasq-dhcp[9897]: read /var/lib/neutron/dhcp/b369589e-d187-44ce-8186-1dc56b7fe065/host
Nov  3 03:33:03 gtw01 dnsmasq-dhcp[9897]: read /var/lib/neutron/dhcp/b369589e-d187-44ce-8186-1dc56b7fe065/opts
Nov  3 03:33:12 gtw01 dnsmasq[9897]: read /var/lib/neutron/dhcp/b369589e-d187-44ce-8186-1dc56b7fe065/addn_hosts - 3 addresses
Nov  3 03:33:12 gtw01 dnsmasq-dhcp[9897]: read /var/lib/neutron/dhcp/b369589e-d187-44ce-8186-1dc56b7fe065/host
Nov  3 03:33:12 gtw01 dnsmasq-dhcp[9897]: read /var/lib/neutron/dhcp/b369589e-d187-44ce-8186-1dc56b7fe065/opts
Nov  3 03:33:13 gtw01 dnsmasq-dhcp[7470]: DHCPDISCOVER(tape68b173a-a2) fa:16:3e:5b:03:e6
Nov  3 03:33:13 gtw01 dnsmasq-dhcp[7470]: DHCPOFFER(tape68b173a-a2) 192.168.120.9 fa:16:3e:5b:03:e6
Nov  3 03:33:13 gtw01 dnsmasq-dhcp[7470]: DHCPREQUEST(tape68b173a-a2) 192.168.120.9 fa:16:3e:5b:03:e6
Nov  3 03:33:13 gtw01 dnsmasq-dhcp[7470]: DHCPACK(tape68b173a-a2) 192.168.120.9 fa:16:3e:5b:03:e6 host-192-168-120-9
Nov  3 03:33:15 gtw01 dnsmasq-dhcp[9897]: DHCPDISCOVER(tapcb97c8e1-f7) fa:16:3e:38:f1:be
Nov  3 03:33:15 gtw01 dnsmasq-dhcp[9897]: DHCPOFFER(tapcb97c8e1-f7) 192.168.120.7 fa:16:3e:38:f1:be
Nov  3 03:33:15 gtw01 dnsmasq-dhcp[9897]: DHCPREQUEST(tapcb97c8e1-f7) 192.168.120.7 fa:16:3e:38:f1:be
Nov  3 03:33:15 gtw01 dnsmasq-dhcp[9897]: DHCPACK(tapcb97c8e1-f7) 192.168.120.7 fa:16:3e:38:f1:be host-192-168-120-7
Nov  3 03:33:15 gtw01 dnsmasq[9897]: read /var/lib/neutron/dhcp/b369589e-d187-44ce-8186-1dc56b7fe065/addn_hosts - 2 addresses
Nov  3 03:33:15 gtw01 dnsmasq-dhcp[9897]: read /var/lib/neutron/dhcp/b369589e-d187-44ce-8186-1dc56b7fe065/host
Nov  3 03:33:15 gtw01 dnsmasq-dhcp[9897]: read /var/lib/neutron/dhcp/b369589e-d187-44ce-8186-1dc56b7fe065/opts
Nov  3 03:33:17 gtw01 dnsmasq-dhcp[9897]: DHCPRELEASE(tapcb97c8e1-f7) 192.168.120.7 fa:16:3e:38:f1:be
Nov  3 03:33:17 gtw01 dnsmasq-dhcp[9897]: DHCPRELEASE(tapcb97c8e1-f7) 192.168.120.7 fa:16:3e:38:f1:be unknown lease
Nov  3 03:33:18 gtw01 dnsmasq[9897]: read /var/lib/neutron/dhcp/b369589e-d187-44ce-8186-1dc56b7fe065/addn_hosts - 1 addresses
Nov  3 03:33:18 gtw01 dnsmasq-dhcp[9897]: read /var/lib/neutron/dhcp/b369589e-d187-44ce-8186-1dc56b7fe065/host
Nov  3 03:33:18 gtw01 dnsmasq-dhcp[9897]: read /var/lib/neutron/dhcp/b369589e-d187-44ce-8186-1dc56b7fe065/opts
Nov  3 03:33:20 gtw01 kernel: [ 4905.504404] device tapcb97c8e1-f7 left promiscuous mode
Nov  3 03:33:26 gtw01 dnsmasq-dhcp[7470]: DHCPRELEASE(tape68b173a-a2) 192.168.120.9 fa:16:3e:5b:03:e6
Nov  3 03:33:29 gtw01 dnsmasq[6178]: read /var/lib/neutron/dhcp/640827d8-7c39-4b67-b51b-c238e23ef776/addn_hosts - 3 addresses
Nov  3 03:33:29 gtw01 dnsmasq-dhcp[6178]: read /var/lib/neutron/dhcp/640827d8-7c39-4b67-b51b-c238e23ef776/host
Nov  3 03:33:29 gtw01 dnsmasq-dhcp[6178]: read /var/lib/neutron/dhcp/640827d8-7c39-4b67-b51b-c238e23ef776/opts
Nov  3 03:33:30 gtw01 dnsmasq[6178]: read /var/lib/neutron/dhcp/640827d8-7c39-4b67-b51b-c238e23ef776/addn_hosts - 3 addresses
Nov  3 03:33:30 gtw01 dnsmasq-dhcp[6178]: read /var/lib/neutron/dhcp/640827d8-7c39-4b67-b51b-c238e23ef776/host
Nov  3 03:33:30 gtw01 dnsmasq-dhcp[6178]: read /var/lib/neutron/dhcp/640827d8-7c39-4b67-b51b-c238e23ef776/opts
Nov  3 03:33:31 gtw01 dnsmasq[6178]: read /var/lib/neutron/dhcp/640827d8-7c39-4b67-b51b-c238e23ef776/addn_hosts - 3 addresses
Nov  3 03:33:31 gtw01 dnsmasq-dhcp[6178]: read /var/lib/neutron/dhcp/640827d8-7c39-4b67-b51b-c238e23ef776/host
Nov  3 03:33:31 gtw01 dnsmasq-dhcp[6178]: read /var/lib/neutron/dhcp/640827d8-7c39-4b67-b51b-c238e23ef776/opts
Nov  3 03:33:36 gtw01 dnsmasq[7470]: read /var/lib/neutron/dhcp/9b2901f8-de91-4986-9eb9-8cbad86a1b76/addn_hosts - 2 addresses
Nov  3 03:33:36 gtw01 dnsmasq-dhcp[7470]: read /var/lib/neutron/dhcp/9b2901f8-de91-4986-9eb9-8cbad86a1b76/host
Nov  3 03:33:36 gtw01 dnsmasq-dhcp[7470]: read /var/lib/neutron/dhcp/9b2901f8-de91-4986-9eb9-8cbad86a1b76/opts
Nov  3 03:33:41 gtw01 dnsmasq[7470]: read /var/lib/neutron/dhcp/9b2901f8-de91-4986-9eb9-8cbad86a1b76/addn_hosts - 1 addresses
Nov  3 03:33:41 gtw01 dnsmasq-dhcp[7470]: read /var/lib/neutron/dhcp/9b2901f8-de91-4986-9eb9-8cbad86a1b76/host
Nov  3 03:33:41 gtw01 dnsmasq-dhcp[7470]: read /var/lib/neutron/dhcp/9b2901f8-de91-4986-9eb9-8cbad86a1b76/opts
Nov  3 03:33:42 gtw01 dnsmasq-dhcp[6178]: DHCPDISCOVER(tapa210f395-b5) fa:16:3e:62:c3:43
Nov  3 03:33:42 gtw01 dnsmasq-dhcp[6178]: DHCPOFFER(tapa210f395-b5) 192.168.120.3 fa:16:3e:62:c3:43
Nov  3 03:33:42 gtw01 dnsmasq-dhcp[6178]: DHCPREQUEST(tapa210f395-b5) 192.168.120.3 fa:16:3e:62:c3:43
Nov  3 03:33:42 gtw01 dnsmasq-dhcp[6178]: DHCPACK(tapa210f395-b5) 192.168.120.3 fa:16:3e:62:c3:43 host-192-168-120-3
Nov  3 03:33:46 gtw01 kernel: [ 4931.318868] device tape68b173a-a2 left promiscuous mode
Nov  3 03:33:52 gtw01 dnsmasq-dhcp[6178]: DHCPRELEASE(tapa210f395-b5) 192.168.120.3 fa:16:3e:62:c3:43
Nov  3 03:33:53 gtw01 dnsmasq-dhcp[6178]: DHCPRELEASE(tapa210f395-b5) 192.168.120.3 fa:16:3e:62:c3:43 unknown lease
Nov  3 03:33:53 gtw01 dnsmasq[6178]: read /var/lib/neutron/dhcp/640827d8-7c39-4b67-b51b-c238e23ef776/addn_hosts - 2 addresses
Nov  3 03:33:53 gtw01 dnsmasq-dhcp[6178]: read /var/lib/neutron/dhcp/640827d8-7c39-4b67-b51b-c238e23ef776/host
Nov  3 03:33:53 gtw01 dnsmasq-dhcp[6178]: read /var/lib/neutron/dhcp/640827d8-7c39-4b67-b51b-c238e23ef776/opts
Nov  3 03:33:57 gtw01 dnsmasq[6178]: read /var/lib/neutron/dhcp/640827d8-7c39-4b67-b51b-c238e23ef776/addn_hosts - 3 addresses
Nov  3 03:33:57 gtw01 dnsmasq-dhcp[6178]: read /var/lib/neutron/dhcp/640827d8-7c39-4b67-b51b-c238e23ef776/host
Nov  3 03:33:57 gtw01 dnsmasq-dhcp[6178]: read /var/lib/neutron/dhcp/640827d8-7c39-4b67-b51b-c238e23ef776/opts
Nov  3 03:33:58 gtw01 dnsmasq[6178]: read /var/lib/neutron/dhcp/640827d8-7c39-4b67-b51b-c238e23ef776/addn_hosts - 3 addresses
Nov  3 03:33:58 gtw01 dnsmasq-dhcp[6178]: read /var/lib/neutron/dhcp/640827d8-7c39-4b67-b51b-c238e23ef776/host
Nov  3 03:33:58 gtw01 dnsmasq-dhcp[6178]: read /var/lib/neutron/dhcp/640827d8-7c39-4b67-b51b-c238e23ef776/opts
Nov  3 03:33:59 gtw01 dnsmasq[6178]: read /var/lib/neutron/dhcp/640827d8-7c39-4b67-b51b-c238e23ef776/addn_hosts - 3 addresses
Nov  3 03:33:59 gtw01 dnsmasq-dhcp[6178]: read /var/lib/neutron/dhcp/640827d8-7c39-4b67-b51b-c238e23ef776/host
Nov  3 03:33:59 gtw01 dnsmasq-dhcp[6178]: read /var/lib/neutron/dhcp/640827d8-7c39-4b67-b51b-c238e23ef776/opts
Nov  3 03:34:04 gtw01 systemd-udevd[10369]: Could not generate persistent MAC address for tap985e48e8-b3: No such file or directory
Nov  3 03:34:04 gtw01 kernel: [ 4949.943738] device tap985e48e8-b3 entered promiscuous mode
Nov  3 03:34:04 gtw01 systemd-udevd[10369]: Process '/sbin/ip link set tap985e48e8-b3 txqueuelen 10000' failed with exit code 1.
Nov  3 03:34:05 gtw01 dnsmasq[6178]: read /var/lib/neutron/dhcp/640827d8-7c39-4b67-b51b-c238e23ef776/addn_hosts - 2 addresses
Nov  3 03:34:05 gtw01 dnsmasq-dhcp[6178]: read /var/lib/neutron/dhcp/640827d8-7c39-4b67-b51b-c238e23ef776/host
Nov  3 03:34:05 gtw01 dnsmasq-dhcp[6178]: read /var/lib/neutron/dhcp/640827d8-7c39-4b67-b51b-c238e23ef776/opts
Nov  3 03:34:07 gtw01 dnsmasq[10493]: started, version 2.80 cachesize 150
Nov  3 03:34:07 gtw01 dnsmasq[10493]: DNS service limited to local subnets
Nov  3 03:34:07 gtw01 dnsmasq[10493]: compile time options: IPv6 GNU-getopt DBus i18n IDN DHCP DHCPv6 no-Lua TFTP conntrack ipset auth DNSSEC loop-detect inotify dumpfile
Nov  3 03:34:07 gtw01 dnsmasq[10493]: warning: no upstream servers configured
Nov  3 03:34:07 gtw01 dnsmasq-dhcp[10493]: DHCP, static leases only on 192.168.120.0, lease time 1h
Nov  3 03:34:07 gtw01 dnsmasq[10493]: read /var/lib/neutron/dhcp/9292a6f0-f7f3-47c7-9568-5803f8279db5/addn_hosts - 1 addresses
Nov  3 03:34:07 gtw01 dnsmasq-dhcp[10493]: read /var/lib/neutron/dhcp/9292a6f0-f7f3-47c7-9568-5803f8279db5/host
Nov  3 03:34:07 gtw01 dnsmasq-dhcp[10493]: read /var/lib/neutron/dhcp/9292a6f0-f7f3-47c7-9568-5803f8279db5/opts
Nov  3 03:34:08 gtw01 haproxy-metadata-proxy-9292a6f0-f7f3-47c7-9568-5803f8279db5[10497]: Proxy listener started.
Nov  3 03:34:09 gtw01 dnsmasq[10493]: read /var/lib/neutron/dhcp/9292a6f0-f7f3-47c7-9568-5803f8279db5/addn_hosts - 2 addresses
Nov  3 03:34:09 gtw01 dnsmasq-dhcp[10493]: read /var/lib/neutron/dhcp/9292a6f0-f7f3-47c7-9568-5803f8279db5/host
Nov  3 03:34:09 gtw01 dnsmasq-dhcp[10493]: read /var/lib/neutron/dhcp/9292a6f0-f7f3-47c7-9568-5803f8279db5/opts
Nov  3 03:34:10 gtw01 dnsmasq[10493]: read /var/lib/neutron/dhcp/9292a6f0-f7f3-47c7-9568-5803f8279db5/addn_hosts - 2 addresses
Nov  3 03:34:10 gtw01 dnsmasq-dhcp[10493]: read /var/lib/neutron/dhcp/9292a6f0-f7f3-47c7-9568-5803f8279db5/host
Nov  3 03:34:10 gtw01 dnsmasq-dhcp[10493]: read /var/lib/neutron/dhcp/9292a6f0-f7f3-47c7-9568-5803f8279db5/opts
Nov  3 03:34:10 gtw01 dnsmasq[6178]: read /var/lib/neutron/dhcp/640827d8-7c39-4b67-b51b-c238e23ef776/addn_hosts - 3 addresses
Nov  3 03:34:10 gtw01 dnsmasq-dhcp[6178]: read /var/lib/neutron/dhcp/640827d8-7c39-4b67-b51b-c238e23ef776/host
Nov  3 03:34:10 gtw01 dnsmasq-dhcp[6178]: read /var/lib/neutron/dhcp/640827d8-7c39-4b67-b51b-c238e23ef776/opts
Nov  3 03:34:11 gtw01 dnsmasq[10493]: read /var/lib/neutron/dhcp/9292a6f0-f7f3-47c7-9568-5803f8279db5/addn_hosts - 2 addresses
Nov  3 03:34:11 gtw01 dnsmasq-dhcp[10493]: read /var/lib/neutron/dhcp/9292a6f0-f7f3-47c7-9568-5803f8279db5/host
Nov  3 03:34:11 gtw01 dnsmasq-dhcp[10493]: read /var/lib/neutron/dhcp/9292a6f0-f7f3-47c7-9568-5803f8279db5/opts
Nov  3 03:34:11 gtw01 dnsmasq[6178]: read /var/lib/neutron/dhcp/640827d8-7c39-4b67-b51b-c238e23ef776/addn_hosts - 3 addresses
Nov  3 03:34:11 gtw01 dnsmasq-dhcp[6178]: read /var/lib/neutron/dhcp/640827d8-7c39-4b67-b51b-c238e23ef776/host
Nov  3 03:34:11 gtw01 dnsmasq-dhcp[6178]: read /var/lib/neutron/dhcp/640827d8-7c39-4b67-b51b-c238e23ef776/opts
Nov  3 03:34:12 gtw01 dnsmasq[10493]: read /var/lib/neutron/dhcp/9292a6f0-f7f3-47c7-9568-5803f8279db5/addn_hosts - 2 addresses
Nov  3 03:34:12 gtw01 dnsmasq-dhcp[10493]: read /var/lib/neutron/dhcp/9292a6f0-f7f3-47c7-9568-5803f8279db5/host
Nov  3 03:34:12 gtw01 dnsmasq-dhcp[10493]: read /var/lib/neutron/dhcp/9292a6f0-f7f3-47c7-9568-5803f8279db5/opts
Nov  3 03:34:12 gtw01 dnsmasq[6178]: read /var/lib/neutron/dhcp/640827d8-7c39-4b67-b51b-c238e23ef776/addn_hosts - 3 addresses
Nov  3 03:34:12 gtw01 dnsmasq-dhcp[6178]: read /var/lib/neutron/dhcp/640827d8-7c39-4b67-b51b-c238e23ef776/host
Nov  3 03:34:12 gtw01 dnsmasq-dhcp[6178]: read /var/lib/neutron/dhcp/640827d8-7c39-4b67-b51b-c238e23ef776/opts
Nov  3 03:34:13 gtw01 dnsmasq[10493]: read /var/lib/neutron/dhcp/9292a6f0-f7f3-47c7-9568-5803f8279db5/addn_hosts - 2 addresses
Nov  3 03:34:13 gtw01 dnsmasq-dhcp[10493]: read /var/lib/neutron/dhcp/9292a6f0-f7f3-47c7-9568-5803f8279db5/host
Nov  3 03:34:13 gtw01 dnsmasq-dhcp[10493]: read /var/lib/neutron/dhcp/9292a6f0-f7f3-47c7-9568-5803f8279db5/opts
Nov  3 03:34:15 gtw01 dnsmasq[10493]: read /var/lib/neutron/dhcp/9292a6f0-f7f3-47c7-9568-5803f8279db5/addn_hosts - 3 addresses
Nov  3 03:34:15 gtw01 dnsmasq-dhcp[10493]: read /var/lib/neutron/dhcp/9292a6f0-f7f3-47c7-9568-5803f8279db5/host
Nov  3 03:34:15 gtw01 dnsmasq-dhcp[10493]: read /var/lib/neutron/dhcp/9292a6f0-f7f3-47c7-9568-5803f8279db5/opts
Nov  3 03:34:16 gtw01 dnsmasq[10493]: read /var/lib/neutron/dhcp/9292a6f0-f7f3-47c7-9568-5803f8279db5/addn_hosts - 3 addresses
Nov  3 03:34:16 gtw01 dnsmasq-dhcp[10493]: read /var/lib/neutron/dhcp/9292a6f0-f7f3-47c7-9568-5803f8279db5/host
Nov  3 03:34:16 gtw01 dnsmasq-dhcp[10493]: read /var/lib/neutron/dhcp/9292a6f0-f7f3-47c7-9568-5803f8279db5/opts
Nov  3 03:34:17 gtw01 dnsmasq[10493]: read /var/lib/neutron/dhcp/9292a6f0-f7f3-47c7-9568-5803f8279db5/addn_hosts - 3 addresses
Nov  3 03:34:17 gtw01 dnsmasq-dhcp[10493]: read /var/lib/neutron/dhcp/9292a6f0-f7f3-47c7-9568-5803f8279db5/host
Nov  3 03:34:17 gtw01 dnsmasq-dhcp[10493]: read /var/lib/neutron/dhcp/9292a6f0-f7f3-47c7-9568-5803f8279db5/opts
Nov  3 03:34:18 gtw01 dnsmasq[6178]: read /var/lib/neutron/dhcp/640827d8-7c39-4b67-b51b-c238e23ef776/addn_hosts - 4 addresses
Nov  3 03:34:18 gtw01 dnsmasq-dhcp[6178]: read /var/lib/neutron/dhcp/640827d8-7c39-4b67-b51b-c238e23ef776/host
Nov  3 03:34:18 gtw01 dnsmasq-dhcp[6178]: read /var/lib/neutron/dhcp/640827d8-7c39-4b67-b51b-c238e23ef776/opts
Nov  3 03:34:19 gtw01 dnsmasq[6178]: read /var/lib/neutron/dhcp/640827d8-7c39-4b67-b51b-c238e23ef776/addn_hosts - 4 addresses
Nov  3 03:34:19 gtw01 dnsmasq-dhcp[6178]: read /var/lib/neutron/dhcp/640827d8-7c39-4b67-b51b-c238e23ef776/host
Nov  3 03:34:19 gtw01 dnsmasq-dhcp[6178]: read /var/lib/neutron/dhcp/640827d8-7c39-4b67-b51b-c238e23ef776/opts
Nov  3 03:34:20 gtw01 dnsmasq[6178]: read /var/lib/neutron/dhcp/640827d8-7c39-4b67-b51b-c238e23ef776/addn_hosts - 4 addresses
Nov  3 03:34:20 gtw01 dnsmasq-dhcp[6178]: read /var/lib/neutron/dhcp/640827d8-7c39-4b67-b51b-c238e23ef776/host
Nov  3 03:34:20 gtw01 dnsmasq-dhcp[6178]: read /var/lib/neutron/dhcp/640827d8-7c39-4b67-b51b-c238e23ef776/opts
Nov  3 03:34:23 gtw01 dnsmasq-dhcp[6178]: DHCPDISCOVER(tapa210f395-b5) fa:16:3e:a4:ad:fb
Nov  3 03:34:23 gtw01 dnsmasq-dhcp[6178]: DHCPOFFER(tapa210f395-b5) 192.168.120.3 fa:16:3e:a4:ad:fb
Nov  3 03:34:23 gtw01 dnsmasq-dhcp[6178]: DHCPREQUEST(tapa210f395-b5) 192.168.120.3 fa:16:3e:a4:ad:fb
Nov  3 03:34:23 gtw01 dnsmasq-dhcp[6178]: DHCPACK(tapa210f395-b5) 192.168.120.3 fa:16:3e:a4:ad:fb host-192-168-120-3
Nov  3 03:34:26 gtw01 dnsmasq[6178]: read /var/lib/neutron/dhcp/640827d8-7c39-4b67-b51b-c238e23ef776/addn_hosts - 3 addresses
Nov  3 03:34:26 gtw01 dnsmasq-dhcp[6178]: read /var/lib/neutron/dhcp/640827d8-7c39-4b67-b51b-c238e23ef776/host
Nov  3 03:34:26 gtw01 dnsmasq-dhcp[6178]: read /var/lib/neutron/dhcp/640827d8-7c39-4b67-b51b-c238e23ef776/opts
Nov  3 03:34:28 gtw01 dnsmasq-dhcp[6178]: DHCPRELEASE(tapa210f395-b5) 192.168.120.3 fa:16:3e:a4:ad:fb
Nov  3 03:34:28 gtw01 dnsmasq-dhcp[6178]: DHCPRELEASE(tapa210f395-b5) 192.168.120.3 fa:16:3e:a4:ad:fb unknown lease
Nov  3 03:34:29 gtw01 dnsmasq[6178]: read /var/lib/neutron/dhcp/640827d8-7c39-4b67-b51b-c238e23ef776/addn_hosts - 2 addresses
Nov  3 03:34:29 gtw01 dnsmasq-dhcp[6178]: read /var/lib/neutron/dhcp/640827d8-7c39-4b67-b51b-c238e23ef776/host
Nov  3 03:34:29 gtw01 dnsmasq-dhcp[6178]: read /var/lib/neutron/dhcp/640827d8-7c39-4b67-b51b-c238e23ef776/opts
Nov  3 03:34:31 gtw01 dnsmasq-dhcp[10493]: DHCPDISCOVER(tap985e48e8-b3) fa:16:3e:41:74:8d
Nov  3 03:34:31 gtw01 dnsmasq-dhcp[10493]: DHCPOFFER(tap985e48e8-b3) 192.168.120.3 fa:16:3e:41:74:8d
Nov  3 03:34:31 gtw01 dnsmasq-dhcp[10493]: DHCPREQUEST(tap985e48e8-b3) 192.168.120.3 fa:16:3e:41:74:8d
Nov  3 03:34:31 gtw01 dnsmasq-dhcp[10493]: DHCPACK(tap985e48e8-b3) 192.168.120.3 fa:16:3e:41:74:8d host-192-168-120-3
Nov  3 03:34:33 gtw01 dnsmasq[6178]: read /var/lib/neutron/dhcp/640827d8-7c39-4b67-b51b-c238e23ef776/addn_hosts - 3 addresses
Nov  3 03:34:33 gtw01 dnsmasq-dhcp[6178]: read /var/lib/neutron/dhcp/640827d8-7c39-4b67-b51b-c238e23ef776/host
Nov  3 03:34:33 gtw01 dnsmasq-dhcp[6178]: read /var/lib/neutron/dhcp/640827d8-7c39-4b67-b51b-c238e23ef776/opts
Nov  3 03:34:34 gtw01 dnsmasq[6178]: read /var/lib/neutron/dhcp/640827d8-7c39-4b67-b51b-c238e23ef776/addn_hosts - 3 addresses
Nov  3 03:34:34 gtw01 dnsmasq-dhcp[6178]: read /var/lib/neutron/dhcp/640827d8-7c39-4b67-b51b-c238e23ef776/host
Nov  3 03:34:34 gtw01 dnsmasq-dhcp[6178]: read /var/lib/neutron/dhcp/640827d8-7c39-4b67-b51b-c238e23ef776/opts
Nov  3 03:34:35 gtw01 dnsmasq[6178]: read /var/lib/neutron/dhcp/640827d8-7c39-4b67-b51b-c238e23ef776/addn_hosts - 3 addresses
Nov  3 03:34:35 gtw01 dnsmasq-dhcp[6178]: read /var/lib/neutron/dhcp/640827d8-7c39-4b67-b51b-c238e23ef776/host
Nov  3 03:34:35 gtw01 dnsmasq-dhcp[6178]: read /var/lib/neutron/dhcp/640827d8-7c39-4b67-b51b-c238e23ef776/opts
Nov  3 03:34:40 gtw01 dnsmasq[6178]: read /var/lib/neutron/dhcp/640827d8-7c39-4b67-b51b-c238e23ef776/addn_hosts - 2 addresses
Nov  3 03:34:40 gtw01 dnsmasq-dhcp[6178]: read /var/lib/neutron/dhcp/640827d8-7c39-4b67-b51b-c238e23ef776/host
Nov  3 03:34:40 gtw01 dnsmasq-dhcp[6178]: read /var/lib/neutron/dhcp/640827d8-7c39-4b67-b51b-c238e23ef776/opts
Nov  3 03:34:45 gtw01 dnsmasq[6178]: read /var/lib/neutron/dhcp/640827d8-7c39-4b67-b51b-c238e23ef776/addn_hosts - 3 addresses
Nov  3 03:34:45 gtw01 dnsmasq-dhcp[6178]: read /var/lib/neutron/dhcp/640827d8-7c39-4b67-b51b-c238e23ef776/host
Nov  3 03:34:45 gtw01 dnsmasq-dhcp[6178]: read /var/lib/neutron/dhcp/640827d8-7c39-4b67-b51b-c238e23ef776/opts
Nov  3 03:34:46 gtw01 dnsmasq[6178]: read /var/lib/neutron/dhcp/640827d8-7c39-4b67-b51b-c238e23ef776/addn_hosts - 3 addresses
Nov  3 03:34:46 gtw01 dnsmasq-dhcp[6178]: read /var/lib/neutron/dhcp/640827d8-7c39-4b67-b51b-c238e23ef776/host
Nov  3 03:34:46 gtw01 dnsmasq-dhcp[6178]: read /var/lib/neutron/dhcp/640827d8-7c39-4b67-b51b-c238e23ef776/opts
Nov  3 03:34:46 gtw01 dnsmasq-dhcp[10493]: DHCPRELEASE(tap985e48e8-b3) 192.168.120.3 fa:16:3e:41:74:8d
Nov  3 03:34:47 gtw01 dnsmasq[6178]: read /var/lib/neutron/dhcp/640827d8-7c39-4b67-b51b-c238e23ef776/addn_hosts - 3 addresses
Nov  3 03:34:47 gtw01 dnsmasq-dhcp[6178]: read /var/lib/neutron/dhcp/640827d8-7c39-4b67-b51b-c238e23ef776/host
Nov  3 03:34:47 gtw01 dnsmasq-dhcp[6178]: read /var/lib/neutron/dhcp/640827d8-7c39-4b67-b51b-c238e23ef776/opts
Nov  3 03:35:00 gtw01 dnsmasq-dhcp[6178]: DHCPDISCOVER(tapa210f395-b5) fa:16:3e:12:0c:b0
Nov  3 03:35:00 gtw01 dnsmasq-dhcp[6178]: DHCPOFFER(tapa210f395-b5) 192.168.120.6 fa:16:3e:12:0c:b0
Nov  3 03:35:00 gtw01 dnsmasq-dhcp[6178]: DHCPREQUEST(tapa210f395-b5) 192.168.120.6 fa:16:3e:12:0c:b0
Nov  3 03:35:00 gtw01 dnsmasq-dhcp[6178]: DHCPACK(tapa210f395-b5) 192.168.120.6 fa:16:3e:12:0c:b0 host-192-168-120-6
Nov  3 03:35:07 gtw01 dnsmasq-dhcp[10493]: DHCPDISCOVER(tap985e48e8-b3) fa:16:3e:41:74:8d
Nov  3 03:35:07 gtw01 dnsmasq-dhcp[10493]: DHCPOFFER(tap985e48e8-b3) 192.168.120.3 fa:16:3e:41:74:8d
Nov  3 03:35:07 gtw01 dnsmasq-dhcp[10493]: DHCPREQUEST(tap985e48e8-b3) 192.168.120.3 fa:16:3e:41:74:8d
Nov  3 03:35:07 gtw01 dnsmasq-dhcp[10493]: DHCPACK(tap985e48e8-b3) 192.168.120.3 fa:16:3e:41:74:8d host-192-168-120-3
Nov  3 03:35:11 gtw01 dnsmasq-dhcp[6178]: DHCPRELEASE(tapa210f395-b5) 192.168.120.6 fa:16:3e:12:0c:b0
Nov  3 03:35:16 gtw01 dnsmasq-dhcp[10493]: DHCPRELEASE(tap985e48e8-b3) 192.168.120.3 fa:16:3e:41:74:8d
Nov  3 03:35:17 gtw01 dnsmasq[6178]: read /var/lib/neutron/dhcp/640827d8-7c39-4b67-b51b-c238e23ef776/addn_hosts - 2 addresses
Nov  3 03:35:17 gtw01 dnsmasq-dhcp[6178]: read /var/lib/neutron/dhcp/640827d8-7c39-4b67-b51b-c238e23ef776/host
Nov  3 03:35:17 gtw01 dnsmasq-dhcp[6178]: read /var/lib/neutron/dhcp/640827d8-7c39-4b67-b51b-c238e23ef776/opts
Nov  3 03:35:33 gtw01 dnsmasq-dhcp[10493]: DHCPDISCOVER(tap985e48e8-b3) fa:16:3e:41:74:8d
Nov  3 03:35:33 gtw01 dnsmasq-dhcp[10493]: DHCPOFFER(tap985e48e8-b3) 192.168.120.3 fa:16:3e:41:74:8d
Nov  3 03:35:33 gtw01 dnsmasq-dhcp[10493]: DHCPREQUEST(tap985e48e8-b3) 192.168.120.3 fa:16:3e:41:74:8d
Nov  3 03:35:33 gtw01 dnsmasq-dhcp[10493]: DHCPACK(tap985e48e8-b3) 192.168.120.3 fa:16:3e:41:74:8d host-192-168-120-3
Nov  3 03:35:34 gtw01 kernel: [ 5039.687289] device taped78e927-4d entered promiscuous mode
Nov  3 03:35:34 gtw01 systemd-udevd[10914]: Could not generate persistent MAC address for taped78e927-4d: No such file or directory
Nov  3 03:35:34 gtw01 systemd-udevd[10914]: Process '/sbin/ip link set taped78e927-4d txqueuelen 10000' failed with exit code 1.
Nov  3 03:35:37 gtw01 dnsmasq[11022]: started, version 2.80 cachesize 150
Nov  3 03:35:37 gtw01 dnsmasq[11022]: DNS service limited to local subnets
Nov  3 03:35:37 gtw01 dnsmasq[11022]: compile time options: IPv6 GNU-getopt DBus i18n IDN DHCP DHCPv6 no-Lua TFTP conntrack ipset auth DNSSEC loop-detect inotify dumpfile
Nov  3 03:35:37 gtw01 dnsmasq[11022]: warning: no upstream servers configured
Nov  3 03:35:37 gtw01 dnsmasq-dhcp[11022]: DHCP, static leases only on 192.168.120.240, lease time 1h
Nov  3 03:35:37 gtw01 dnsmasq[11022]: read /var/lib/neutron/dhcp/5d6273b1-35e9-473d-bf04-f096821c584d/addn_hosts - 1 addresses
Nov  3 03:35:37 gtw01 dnsmasq-dhcp[11022]: read /var/lib/neutron/dhcp/5d6273b1-35e9-473d-bf04-f096821c584d/host
Nov  3 03:35:37 gtw01 dnsmasq-dhcp[11022]: read /var/lib/neutron/dhcp/5d6273b1-35e9-473d-bf04-f096821c584d/opts
Nov  3 03:35:38 gtw01 haproxy-metadata-proxy-5d6273b1-35e9-473d-bf04-f096821c584d[11026]: Proxy listener started.
Nov  3 03:35:38 gtw01 dnsmasq[11022]: read /var/lib/neutron/dhcp/5d6273b1-35e9-473d-bf04-f096821c584d/addn_hosts - 1 addresses
Nov  3 03:35:38 gtw01 dnsmasq-dhcp[11022]: read /var/lib/neutron/dhcp/5d6273b1-35e9-473d-bf04-f096821c584d/host
Nov  3 03:35:38 gtw01 dnsmasq-dhcp[11022]: read /var/lib/neutron/dhcp/5d6273b1-35e9-473d-bf04-f096821c584d/opts
Nov  3 03:35:39 gtw01 dnsmasq[11022]: read /var/lib/neutron/dhcp/5d6273b1-35e9-473d-bf04-f096821c584d/addn_hosts - 1 addresses
Nov  3 03:35:39 gtw01 dnsmasq-dhcp[11022]: read /var/lib/neutron/dhcp/5d6273b1-35e9-473d-bf04-f096821c584d/host
Nov  3 03:35:39 gtw01 dnsmasq-dhcp[11022]: read /var/lib/neutron/dhcp/5d6273b1-35e9-473d-bf04-f096821c584d/opts
Nov  3 03:35:40 gtw01 dnsmasq[11022]: read /var/lib/neutron/dhcp/5d6273b1-35e9-473d-bf04-f096821c584d/addn_hosts - 1 addresses
Nov  3 03:35:40 gtw01 dnsmasq-dhcp[11022]: read /var/lib/neutron/dhcp/5d6273b1-35e9-473d-bf04-f096821c584d/host
Nov  3 03:35:40 gtw01 dnsmasq-dhcp[11022]: read /var/lib/neutron/dhcp/5d6273b1-35e9-473d-bf04-f096821c584d/opts
Nov  3 03:35:41 gtw01 dnsmasq-dhcp[10493]: DHCPRELEASE(tap985e48e8-b3) 192.168.120.3 fa:16:3e:41:74:8d
Nov  3 03:35:41 gtw01 dnsmasq-dhcp[10493]: DHCPRELEASE(tap985e48e8-b3) 192.168.120.3 fa:16:3e:41:74:8d unknown lease
Nov  3 03:35:42 gtw01 dnsmasq[10493]: read /var/lib/neutron/dhcp/9292a6f0-f7f3-47c7-9568-5803f8279db5/addn_hosts - 2 addresses
Nov  3 03:35:42 gtw01 dnsmasq-dhcp[10493]: read /var/lib/neutron/dhcp/9292a6f0-f7f3-47c7-9568-5803f8279db5/host
Nov  3 03:35:42 gtw01 dnsmasq-dhcp[10493]: read /var/lib/neutron/dhcp/9292a6f0-f7f3-47c7-9568-5803f8279db5/opts
Nov  3 03:35:50 gtw01 dnsmasq[10493]: read /var/lib/neutron/dhcp/9292a6f0-f7f3-47c7-9568-5803f8279db5/addn_hosts - 3 addresses
Nov  3 03:35:50 gtw01 dnsmasq-dhcp[10493]: read /var/lib/neutron/dhcp/9292a6f0-f7f3-47c7-9568-5803f8279db5/host
Nov  3 03:35:50 gtw01 dnsmasq-dhcp[10493]: read /var/lib/neutron/dhcp/9292a6f0-f7f3-47c7-9568-5803f8279db5/opts
Nov  3 03:35:51 gtw01 dnsmasq[10493]: read /var/lib/neutron/dhcp/9292a6f0-f7f3-47c7-9568-5803f8279db5/addn_hosts - 3 addresses
Nov  3 03:35:51 gtw01 dnsmasq-dhcp[10493]: read /var/lib/neutron/dhcp/9292a6f0-f7f3-47c7-9568-5803f8279db5/host
Nov  3 03:35:51 gtw01 dnsmasq-dhcp[10493]: read /var/lib/neutron/dhcp/9292a6f0-f7f3-47c7-9568-5803f8279db5/opts
Nov  3 03:35:52 gtw01 dnsmasq[10493]: read /var/lib/neutron/dhcp/9292a6f0-f7f3-47c7-9568-5803f8279db5/addn_hosts - 3 addresses
Nov  3 03:35:52 gtw01 dnsmasq-dhcp[10493]: read /var/lib/neutron/dhcp/9292a6f0-f7f3-47c7-9568-5803f8279db5/host
Nov  3 03:35:52 gtw01 dnsmasq-dhcp[10493]: read /var/lib/neutron/dhcp/9292a6f0-f7f3-47c7-9568-5803f8279db5/opts
Nov  3 03:36:05 gtw01 dnsmasq-dhcp[10493]: DHCPDISCOVER(tap985e48e8-b3) fa:16:3e:9a:96:4b
Nov  3 03:36:05 gtw01 dnsmasq-dhcp[10493]: DHCPOFFER(tap985e48e8-b3) 192.168.120.8 fa:16:3e:9a:96:4b
Nov  3 03:36:05 gtw01 dnsmasq-dhcp[10493]: DHCPREQUEST(tap985e48e8-b3) 192.168.120.8 fa:16:3e:9a:96:4b
Nov  3 03:36:05 gtw01 dnsmasq-dhcp[10493]: DHCPACK(tap985e48e8-b3) 192.168.120.8 fa:16:3e:9a:96:4b host-192-168-120-8
Nov  3 03:36:09 gtw01 kernel: [ 5074.323973] device tapa50d3575-b9 entered promiscuous mode
Nov  3 03:36:09 gtw01 systemd-udevd[11169]: Could not generate persistent MAC address for tapa50d3575-b9: No such file or directory
Nov  3 03:36:09 gtw01 systemd-udevd[11169]: Process '/sbin/ip link set tapa50d3575-b9 txqueuelen 10000' failed with exit code 1.
Nov  3 03:36:09 gtw01 systemd-udevd[11221]: Process '/sbin/ip link set tapa50d3575-b9 txqueuelen 10000' failed with exit code 1.
Nov  3 03:36:12 gtw01 dnsmasq[11282]: started, version 2.80 cachesize 150
Nov  3 03:36:12 gtw01 dnsmasq[11282]: DNS service limited to local subnets
Nov  3 03:36:12 gtw01 dnsmasq[11282]: compile time options: IPv6 GNU-getopt DBus i18n IDN DHCP DHCPv6 no-Lua TFTP conntrack ipset auth DNSSEC loop-detect inotify dumpfile
Nov  3 03:36:12 gtw01 dnsmasq[11282]: warning: no upstream servers configured
Nov  3 03:36:12 gtw01 dnsmasq-dhcp[11282]: DHCP, static leases only on 192.168.120.0, lease time 1h
Nov  3 03:36:12 gtw01 dnsmasq[11282]: read /var/lib/neutron/dhcp/9c2b6b26-01f7-499e-bc10-b70f281d4afa/addn_hosts - 1 addresses
Nov  3 03:36:12 gtw01 dnsmasq-dhcp[11282]: read /var/lib/neutron/dhcp/9c2b6b26-01f7-499e-bc10-b70f281d4afa/host
Nov  3 03:36:12 gtw01 dnsmasq-dhcp[11282]: read /var/lib/neutron/dhcp/9c2b6b26-01f7-499e-bc10-b70f281d4afa/opts
Nov  3 03:36:12 gtw01 haproxy-metadata-proxy-9c2b6b26-01f7-499e-bc10-b70f281d4afa[11286]: Proxy listener started.
Nov  3 03:36:13 gtw01 kernel: [ 5078.436901] device tapa50d3575-b9 left promiscuous mode
Nov  3 03:36:17 gtw01 systemd-udevd[11318]: Could not generate persistent MAC address for tapae01c0c8-e1: No such file or directory
Nov  3 03:36:17 gtw01 kernel: [ 5082.854565] device tapae01c0c8-e1 entered promiscuous mode
Nov  3 03:36:17 gtw01 systemd-udevd[11363]: Process '/sbin/ip link set tapae01c0c8-e1 txqueuelen 10000' failed with exit code 1.
