Nov  3 04:04:39 gtw01 dnsmasq[1386]: warning: no upstream servers configured
Nov  3 04:04:39 gtw01 dnsmasq-dhcp[1386]: DHCP, static leases only on 192.168.120.0, lease time 1h
Nov  3 04:04:39 gtw01 dnsmasq[1386]: read /var/lib/neutron/dhcp/a11c17b0-e5c6-4b59-a0ea-6ec2f5ffc8ac/addn_hosts - 1 addresses
Nov  3 04:04:39 gtw01 dnsmasq-dhcp[1386]: read /var/lib/neutron/dhcp/a11c17b0-e5c6-4b59-a0ea-6ec2f5ffc8ac/host
Nov  3 04:04:39 gtw01 dnsmasq-dhcp[1386]: read /var/lib/neutron/dhcp/a11c17b0-e5c6-4b59-a0ea-6ec2f5ffc8ac/opts
Nov  3 04:04:40 gtw01 haproxy-metadata-proxy-a11c17b0-e5c6-4b59-a0ea-6ec2f5ffc8ac[1400]: Proxy listener started.
Nov  3 04:04:41 gtw01 dnsmasq[1386]: read /var/lib/neutron/dhcp/a11c17b0-e5c6-4b59-a0ea-6ec2f5ffc8ac/addn_hosts - 1 addresses
Nov  3 04:04:41 gtw01 dnsmasq-dhcp[1386]: read /var/lib/neutron/dhcp/a11c17b0-e5c6-4b59-a0ea-6ec2f5ffc8ac/host
Nov  3 04:04:41 gtw01 dnsmasq-dhcp[1386]: read /var/lib/neutron/dhcp/a11c17b0-e5c6-4b59-a0ea-6ec2f5ffc8ac/opts
Nov  3 04:04:42 gtw01 dnsmasq[1473]: started, version 2.80 cachesize 150
Nov  3 04:04:42 gtw01 dnsmasq[1473]: DNS service limited to local subnets
Nov  3 04:04:42 gtw01 dnsmasq[1473]: compile time options: IPv6 GNU-getopt DBus i18n IDN DHCP DHCPv6 no-Lua TFTP conntrack ipset auth DNSSEC loop-detect inotify dumpfile
Nov  3 04:04:42 gtw01 dnsmasq[1473]: warning: no upstream servers configured
Nov  3 04:04:42 gtw01 dnsmasq-dhcp[1473]: DHCP, static leases only on 192.168.120.0, lease time 1h
Nov  3 04:04:42 gtw01 dnsmasq[1473]: read /var/lib/neutron/dhcp/c858bcfe-f5fe-49bf-8491-0976406a7a67/addn_hosts - 1 addresses
Nov  3 04:04:42 gtw01 dnsmasq-dhcp[1473]: read /var/lib/neutron/dhcp/c858bcfe-f5fe-49bf-8491-0976406a7a67/host
Nov  3 04:04:42 gtw01 dnsmasq-dhcp[1473]: read /var/lib/neutron/dhcp/c858bcfe-f5fe-49bf-8491-0976406a7a67/opts
Nov  3 04:04:42 gtw01 dnsmasq[1386]: read /var/lib/neutron/dhcp/a11c17b0-e5c6-4b59-a0ea-6ec2f5ffc8ac/addn_hosts - 1 addresses
Nov  3 04:04:42 gtw01 dnsmasq-dhcp[1386]: read /var/lib/neutron/dhcp/a11c17b0-e5c6-4b59-a0ea-6ec2f5ffc8ac/host
Nov  3 04:04:42 gtw01 dnsmasq-dhcp[1386]: read /var/lib/neutron/dhcp/a11c17b0-e5c6-4b59-a0ea-6ec2f5ffc8ac/opts
Nov  3 04:04:42 gtw01 haproxy-metadata-proxy-c858bcfe-f5fe-49bf-8491-0976406a7a67[1483]: Proxy listener started.
Nov  3 04:04:43 gtw01 dnsmasq[1504]: started, version 2.80 cachesize 150
Nov  3 04:04:43 gtw01 dnsmasq[1504]: DNS service limited to local subnets
Nov  3 04:04:43 gtw01 dnsmasq[1504]: compile time options: IPv6 GNU-getopt DBus i18n IDN DHCP DHCPv6 no-Lua TFTP conntrack ipset auth DNSSEC loop-detect inotify dumpfile
Nov  3 04:04:43 gtw01 dnsmasq[1504]: warning: no upstream servers configured
Nov  3 04:04:43 gtw01 dnsmasq-dhcp[1504]: DHCP, static leases only on 192.168.120.0, lease time 1h
Nov  3 04:04:43 gtw01 dnsmasq[1504]: read /var/lib/neutron/dhcp/f25757fc-9752-4e3b-8777-e56083a329ee/addn_hosts - 1 addresses
Nov  3 04:04:43 gtw01 dnsmasq-dhcp[1504]: read /var/lib/neutron/dhcp/f25757fc-9752-4e3b-8777-e56083a329ee/host
Nov  3 04:04:43 gtw01 dnsmasq-dhcp[1504]: read /var/lib/neutron/dhcp/f25757fc-9752-4e3b-8777-e56083a329ee/opts
Nov  3 04:04:43 gtw01 haproxy-metadata-proxy-f25757fc-9752-4e3b-8777-e56083a329ee[1516]: Proxy listener started.
Nov  3 04:04:43 gtw01 dnsmasq[1473]: read /var/lib/neutron/dhcp/c858bcfe-f5fe-49bf-8491-0976406a7a67/addn_hosts - 1 addresses
Nov  3 04:04:43 gtw01 dnsmasq-dhcp[1473]: read /var/lib/neutron/dhcp/c858bcfe-f5fe-49bf-8491-0976406a7a67/host
Nov  3 04:04:43 gtw01 dnsmasq-dhcp[1473]: read /var/lib/neutron/dhcp/c858bcfe-f5fe-49bf-8491-0976406a7a67/opts
Nov  3 04:04:43 gtw01 dnsmasq[1386]: read /var/lib/neutron/dhcp/a11c17b0-e5c6-4b59-a0ea-6ec2f5ffc8ac/addn_hosts - 1 addresses
Nov  3 04:04:43 gtw01 dnsmasq-dhcp[1386]: read /var/lib/neutron/dhcp/a11c17b0-e5c6-4b59-a0ea-6ec2f5ffc8ac/host
Nov  3 04:04:43 gtw01 dnsmasq-dhcp[1386]: read /var/lib/neutron/dhcp/a11c17b0-e5c6-4b59-a0ea-6ec2f5ffc8ac/opts
Nov  3 04:04:44 gtw01 dnsmasq[1504]: read /var/lib/neutron/dhcp/f25757fc-9752-4e3b-8777-e56083a329ee/addn_hosts - 1 addresses
Nov  3 04:04:44 gtw01 dnsmasq-dhcp[1504]: read /var/lib/neutron/dhcp/f25757fc-9752-4e3b-8777-e56083a329ee/host
Nov  3 04:04:44 gtw01 dnsmasq-dhcp[1504]: read /var/lib/neutron/dhcp/f25757fc-9752-4e3b-8777-e56083a329ee/opts
Nov  3 04:04:44 gtw01 dnsmasq[1473]: read /var/lib/neutron/dhcp/c858bcfe-f5fe-49bf-8491-0976406a7a67/addn_hosts - 1 addresses
Nov  3 04:04:44 gtw01 dnsmasq-dhcp[1473]: read /var/lib/neutron/dhcp/c858bcfe-f5fe-49bf-8491-0976406a7a67/host
Nov  3 04:04:44 gtw01 dnsmasq-dhcp[1473]: read /var/lib/neutron/dhcp/c858bcfe-f5fe-49bf-8491-0976406a7a67/opts
Nov  3 04:04:45 gtw01 systemd-udevd[1597]: Could not generate persistent MAC address for tap673802d8-2d: No such file or directory
Nov  3 04:04:45 gtw01 kernel: [ 6790.847703] device tap673802d8-2d entered promiscuous mode
Nov  3 04:04:45 gtw01 systemd-udevd[1644]: Process '/sbin/ip link set tap673802d8-2d txqueuelen 10000' failed with exit code 1.
Nov  3 04:04:45 gtw01 dnsmasq[1504]: read /var/lib/neutron/dhcp/f25757fc-9752-4e3b-8777-e56083a329ee/addn_hosts - 1 addresses
Nov  3 04:04:45 gtw01 dnsmasq-dhcp[1504]: read /var/lib/neutron/dhcp/f25757fc-9752-4e3b-8777-e56083a329ee/host
Nov  3 04:04:45 gtw01 dnsmasq-dhcp[1504]: read /var/lib/neutron/dhcp/f25757fc-9752-4e3b-8777-e56083a329ee/opts
Nov  3 04:04:46 gtw01 dnsmasq[1473]: read /var/lib/neutron/dhcp/c858bcfe-f5fe-49bf-8491-0976406a7a67/addn_hosts - 2 addresses
Nov  3 04:04:46 gtw01 dnsmasq-dhcp[1473]: read /var/lib/neutron/dhcp/c858bcfe-f5fe-49bf-8491-0976406a7a67/host
Nov  3 04:04:46 gtw01 dnsmasq-dhcp[1473]: read /var/lib/neutron/dhcp/c858bcfe-f5fe-49bf-8491-0976406a7a67/opts
Nov  3 04:04:47 gtw01 dnsmasq[1504]: read /var/lib/neutron/dhcp/f25757fc-9752-4e3b-8777-e56083a329ee/addn_hosts - 1 addresses
Nov  3 04:04:47 gtw01 dnsmasq-dhcp[1504]: read /var/lib/neutron/dhcp/f25757fc-9752-4e3b-8777-e56083a329ee/host
Nov  3 04:04:47 gtw01 dnsmasq-dhcp[1504]: read /var/lib/neutron/dhcp/f25757fc-9752-4e3b-8777-e56083a329ee/opts
Nov  3 04:04:48 gtw01 kernel: [ 6793.406753] device tap39741025-5f entered promiscuous mode
Nov  3 04:04:48 gtw01 systemd-udevd[1754]: Could not generate persistent MAC address for tap39741025-5f: No such file or directory
Nov  3 04:04:48 gtw01 dnsmasq[1386]: read /var/lib/neutron/dhcp/a11c17b0-e5c6-4b59-a0ea-6ec2f5ffc8ac/addn_hosts - 2 addresses
Nov  3 04:04:48 gtw01 dnsmasq-dhcp[1386]: read /var/lib/neutron/dhcp/a11c17b0-e5c6-4b59-a0ea-6ec2f5ffc8ac/host
Nov  3 04:04:48 gtw01 dnsmasq-dhcp[1386]: read /var/lib/neutron/dhcp/a11c17b0-e5c6-4b59-a0ea-6ec2f5ffc8ac/opts
Nov  3 04:04:48 gtw01 dnsmasq[1473]: read /var/lib/neutron/dhcp/c858bcfe-f5fe-49bf-8491-0976406a7a67/addn_hosts - 2 addresses
Nov  3 04:04:48 gtw01 dnsmasq-dhcp[1473]: read /var/lib/neutron/dhcp/c858bcfe-f5fe-49bf-8491-0976406a7a67/host
Nov  3 04:04:48 gtw01 dnsmasq-dhcp[1473]: read /var/lib/neutron/dhcp/c858bcfe-f5fe-49bf-8491-0976406a7a67/opts
Nov  3 04:04:48 gtw01 systemd-udevd[1809]: Process '/sbin/ip link set tap39741025-5f txqueuelen 10000' failed with exit code 1.
Nov  3 04:04:50 gtw01 dnsmasq[1473]: read /var/lib/neutron/dhcp/c858bcfe-f5fe-49bf-8491-0976406a7a67/addn_hosts - 2 addresses
Nov  3 04:04:50 gtw01 dnsmasq-dhcp[1473]: read /var/lib/neutron/dhcp/c858bcfe-f5fe-49bf-8491-0976406a7a67/host
Nov  3 04:04:50 gtw01 dnsmasq-dhcp[1473]: read /var/lib/neutron/dhcp/c858bcfe-f5fe-49bf-8491-0976406a7a67/opts
Nov  3 04:04:50 gtw01 dnsmasq[1386]: read /var/lib/neutron/dhcp/a11c17b0-e5c6-4b59-a0ea-6ec2f5ffc8ac/addn_hosts - 2 addresses
Nov  3 04:04:50 gtw01 dnsmasq-dhcp[1386]: read /var/lib/neutron/dhcp/a11c17b0-e5c6-4b59-a0ea-6ec2f5ffc8ac/host
Nov  3 04:04:50 gtw01 dnsmasq-dhcp[1386]: read /var/lib/neutron/dhcp/a11c17b0-e5c6-4b59-a0ea-6ec2f5ffc8ac/opts
Nov  3 04:04:50 gtw01 dnsmasq[1916]: started, version 2.80 cachesize 150
Nov  3 04:04:50 gtw01 dnsmasq[1916]: DNS service limited to local subnets
Nov  3 04:04:50 gtw01 dnsmasq[1916]: compile time options: IPv6 GNU-getopt DBus i18n IDN DHCP DHCPv6 no-Lua TFTP conntrack ipset auth DNSSEC loop-detect inotify dumpfile
Nov  3 04:04:50 gtw01 dnsmasq[1916]: warning: no upstream servers configured
Nov  3 04:04:50 gtw01 dnsmasq-dhcp[1916]: DHCP, static leases only on 192.168.120.0, lease time 1h
Nov  3 04:04:50 gtw01 dnsmasq[1916]: read /var/lib/neutron/dhcp/e4ddaffb-3fee-49bb-9b52-d51c81a3203f/addn_hosts - 1 addresses
Nov  3 04:04:50 gtw01 dnsmasq-dhcp[1916]: read /var/lib/neutron/dhcp/e4ddaffb-3fee-49bb-9b52-d51c81a3203f/host
Nov  3 04:04:50 gtw01 dnsmasq-dhcp[1916]: read /var/lib/neutron/dhcp/e4ddaffb-3fee-49bb-9b52-d51c81a3203f/opts
Nov  3 04:04:51 gtw01 haproxy-metadata-proxy-e4ddaffb-3fee-49bb-9b52-d51c81a3203f[1933]: Proxy listener started.
Nov  3 04:04:51 gtw01 dnsmasq[1473]: read /var/lib/neutron/dhcp/c858bcfe-f5fe-49bf-8491-0976406a7a67/addn_hosts - 1 addresses
Nov  3 04:04:51 gtw01 dnsmasq-dhcp[1473]: read /var/lib/neutron/dhcp/c858bcfe-f5fe-49bf-8491-0976406a7a67/host
Nov  3 04:04:51 gtw01 dnsmasq-dhcp[1473]: read /var/lib/neutron/dhcp/c858bcfe-f5fe-49bf-8491-0976406a7a67/opts
Nov  3 04:04:52 gtw01 dnsmasq[1386]: read /var/lib/neutron/dhcp/a11c17b0-e5c6-4b59-a0ea-6ec2f5ffc8ac/addn_hosts - 1 addresses
Nov  3 04:04:52 gtw01 dnsmasq-dhcp[1386]: read /var/lib/neutron/dhcp/a11c17b0-e5c6-4b59-a0ea-6ec2f5ffc8ac/host
Nov  3 04:04:52 gtw01 dnsmasq-dhcp[1386]: read /var/lib/neutron/dhcp/a11c17b0-e5c6-4b59-a0ea-6ec2f5ffc8ac/opts
Nov  3 04:04:53 gtw01 dnsmasq[1999]: started, version 2.80 cachesize 150
Nov  3 04:04:53 gtw01 dnsmasq[1999]: DNS service limited to local subnets
Nov  3 04:04:53 gtw01 dnsmasq[1999]: compile time options: IPv6 GNU-getopt DBus i18n IDN DHCP DHCPv6 no-Lua TFTP conntrack ipset auth DNSSEC loop-detect inotify dumpfile
Nov  3 04:04:53 gtw01 dnsmasq[1999]: warning: no upstream servers configured
Nov  3 04:04:53 gtw01 dnsmasq-dhcp[1999]: DHCP, static leases only on 192.168.121.0, lease time 1h
Nov  3 04:04:53 gtw01 dnsmasq[1999]: read /var/lib/neutron/dhcp/03435730-701d-416e-92e0-0b9ff4a7530b/addn_hosts - 1 addresses
Nov  3 04:04:53 gtw01 dnsmasq-dhcp[1999]: read /var/lib/neutron/dhcp/03435730-701d-416e-92e0-0b9ff4a7530b/host
Nov  3 04:04:53 gtw01 dnsmasq-dhcp[1999]: read /var/lib/neutron/dhcp/03435730-701d-416e-92e0-0b9ff4a7530b/opts
Nov  3 04:04:53 gtw01 haproxy-metadata-proxy-03435730-701d-416e-92e0-0b9ff4a7530b[2009]: Proxy listener started.
Nov  3 04:04:54 gtw01 kernel: [ 6799.666783] device tap39741025-5f left promiscuous mode
Nov  3 04:04:55 gtw01 dnsmasq[2064]: started, version 2.80 cachesize 150
Nov  3 04:04:55 gtw01 dnsmasq[2064]: DNS service limited to local subnets
Nov  3 04:04:55 gtw01 dnsmasq[2064]: compile time options: IPv6 GNU-getopt DBus i18n IDN DHCP DHCPv6 no-Lua TFTP conntrack ipset auth DNSSEC loop-detect inotify dumpfile
Nov  3 04:04:55 gtw01 dnsmasq[2064]: warning: no upstream servers configured
Nov  3 04:04:55 gtw01 dnsmasq-dhcp[2064]: DHCP, static leases only on 192.168.120.16, lease time 1h
Nov  3 04:04:55 gtw01 dnsmasq[2064]: read /var/lib/neutron/dhcp/e4ddaffb-3fee-49bb-9b52-d51c81a3203f/addn_hosts - 1 addresses
Nov  3 04:04:55 gtw01 dnsmasq-dhcp[2064]: read /var/lib/neutron/dhcp/e4ddaffb-3fee-49bb-9b52-d51c81a3203f/host
Nov  3 04:04:55 gtw01 dnsmasq-dhcp[2064]: read /var/lib/neutron/dhcp/e4ddaffb-3fee-49bb-9b52-d51c81a3203f/opts
Nov  3 04:04:59 gtw01 kernel: [ 6804.425527] device tapd91efe37-40 left promiscuous mode
Nov  3 04:05:00 gtw01 dnsmasq[2138]: started, version 2.80 cachesize 150
Nov  3 04:05:00 gtw01 dnsmasq[2138]: DNS service limited to local subnets
Nov  3 04:05:00 gtw01 dnsmasq[2138]: compile time options: IPv6 GNU-getopt DBus i18n IDN DHCP DHCPv6 no-Lua TFTP conntrack ipset auth DNSSEC loop-detect inotify dumpfile
Nov  3 04:05:00 gtw01 dnsmasq[2138]: warning: no upstream servers configured
Nov  3 04:05:00 gtw01 dnsmasq-dhcp[2138]: DHCP, static leases only on 192.168.120.16, lease time 1h
Nov  3 04:05:00 gtw01 dnsmasq-dhcp[2138]: DHCP, static leases only on 192.168.120.32, lease time 1h
Nov  3 04:05:00 gtw01 dnsmasq-dhcp[2138]: DHCP, static leases only on 192.168.120.0, lease time 1h
Nov  3 04:05:00 gtw01 dnsmasq[2138]: read /var/lib/neutron/dhcp/e4ddaffb-3fee-49bb-9b52-d51c81a3203f/addn_hosts - 4 addresses
Nov  3 04:05:00 gtw01 dnsmasq-dhcp[2138]: read /var/lib/neutron/dhcp/e4ddaffb-3fee-49bb-9b52-d51c81a3203f/host
Nov  3 04:05:00 gtw01 dnsmasq-dhcp[2138]: read /var/lib/neutron/dhcp/e4ddaffb-3fee-49bb-9b52-d51c81a3203f/opts
Nov  3 04:05:00 gtw01 dnsmasq-dhcp[2138]: DHCPRELEASE(tap673802d8-2d) 192.168.120.4 fa:16:3e:d5:58:26
Nov  3 04:05:01 gtw01 kernel: [ 6806.658600] device tap1a3fba22-c3 left promiscuous mode
Nov  3 04:05:01 gtw01 dnsmasq[2138]: read /var/lib/neutron/dhcp/e4ddaffb-3fee-49bb-9b52-d51c81a3203f/addn_hosts - 3 addresses
Nov  3 04:05:01 gtw01 dnsmasq-dhcp[2138]: read /var/lib/neutron/dhcp/e4ddaffb-3fee-49bb-9b52-d51c81a3203f/host
Nov  3 04:05:01 gtw01 dnsmasq-dhcp[2138]: read /var/lib/neutron/dhcp/e4ddaffb-3fee-49bb-9b52-d51c81a3203f/opts
Nov  3 04:05:02 gtw01 dnsmasq[2138]: read /var/lib/neutron/dhcp/e4ddaffb-3fee-49bb-9b52-d51c81a3203f/addn_hosts - 4 addresses
Nov  3 04:05:02 gtw01 dnsmasq-dhcp[2138]: read /var/lib/neutron/dhcp/e4ddaffb-3fee-49bb-9b52-d51c81a3203f/host
Nov  3 04:05:02 gtw01 dnsmasq-dhcp[2138]: read /var/lib/neutron/dhcp/e4ddaffb-3fee-49bb-9b52-d51c81a3203f/opts
Nov  3 04:05:04 gtw01 kernel: [ 6809.599114] device tap673802d8-2d left promiscuous mode
Nov  3 04:05:05 gtw01 kernel: [ 6810.666631] device tap1b787053-bb left promiscuous mode
Nov  3 04:05:05 gtw01 kernel: [ 6810.773048] device tap673802d8-2d entered promiscuous mode
Nov  3 04:05:05 gtw01 systemd-udevd[2222]: Could not generate persistent MAC address for tap673802d8-2d: No such file or directory
Nov  3 04:05:05 gtw01 systemd-udevd[2273]: Process '/sbin/ip link set tap673802d8-2d txqueuelen 10000' failed with exit code 1.
Nov  3 04:05:07 gtw01 dnsmasq[2329]: started, version 2.80 cachesize 150
Nov  3 04:05:07 gtw01 dnsmasq[2329]: DNS service limited to local subnets
Nov  3 04:05:07 gtw01 dnsmasq[2329]: compile time options: IPv6 GNU-getopt DBus i18n IDN DHCP DHCPv6 no-Lua TFTP conntrack ipset auth DNSSEC loop-detect inotify dumpfile
Nov  3 04:05:07 gtw01 dnsmasq[2329]: warning: no upstream servers configured
Nov  3 04:05:07 gtw01 dnsmasq-dhcp[2329]: DHCP, static leases only on 192.168.120.16, lease time 1h
Nov  3 04:05:07 gtw01 dnsmasq[2329]: read /var/lib/neutron/dhcp/e4ddaffb-3fee-49bb-9b52-d51c81a3203f/addn_hosts - 1 addresses
Nov  3 04:05:07 gtw01 dnsmasq-dhcp[2329]: read /var/lib/neutron/dhcp/e4ddaffb-3fee-49bb-9b52-d51c81a3203f/host
Nov  3 04:05:07 gtw01 dnsmasq-dhcp[2329]: read /var/lib/neutron/dhcp/e4ddaffb-3fee-49bb-9b52-d51c81a3203f/opts
Nov  3 04:05:08 gtw01 kernel: [ 6814.119167] device tap673802d8-2d left promiscuous mode
Nov  3 04:05:17 gtw01 kernel: [ 6823.070823] device tap6cb4d71e-32 entered promiscuous mode
Nov  3 04:05:17 gtw01 systemd-udevd[2362]: Could not generate persistent MAC address for tap6cb4d71e-32: No such file or directory
Nov  3 04:05:17 gtw01 systemd-udevd[2362]: Process '/sbin/ip link set tap6cb4d71e-32 txqueuelen 10000' failed with exit code 1.
Nov  3 04:05:17 gtw01 systemd-udevd[2414]: Process '/sbin/ip link set tap6cb4d71e-32 txqueuelen 10000' failed with exit code 1.
Nov  3 04:05:19 gtw01 systemd-udevd[2460]: Could not generate persistent MAC address for tap0d8a108e-78: No such file or directory
Nov  3 04:05:19 gtw01 kernel: [ 6824.490799] device tap0d8a108e-78 entered promiscuous mode
Nov  3 04:05:19 gtw01 systemd-udevd[2460]: Process '/sbin/ip link set tap0d8a108e-78 txqueuelen 10000' failed with exit code 1.
Nov  3 04:05:21 gtw01 dnsmasq[2585]: started, version 2.80 cachesize 150
Nov  3 04:05:21 gtw01 dnsmasq[2585]: DNS service limited to local subnets
Nov  3 04:05:21 gtw01 dnsmasq[2585]: compile time options: IPv6 GNU-getopt DBus i18n IDN DHCP DHCPv6 no-Lua TFTP conntrack ipset auth DNSSEC loop-detect inotify dumpfile
Nov  3 04:05:21 gtw01 dnsmasq[2585]: warning: no upstream servers configured
Nov  3 04:05:21 gtw01 dnsmasq-dhcp[2585]: DHCPv6, static leases only on 2003::, lease time 1h
Nov  3 04:05:21 gtw01 dnsmasq[2585]: read /var/lib/neutron/dhcp/400dcbc7-ae6d-4c15-9cbf-b56e6fed9f80/addn_hosts - 1 addresses
Nov  3 04:05:21 gtw01 dnsmasq-dhcp[2585]: read /var/lib/neutron/dhcp/400dcbc7-ae6d-4c15-9cbf-b56e6fed9f80/host
Nov  3 04:05:21 gtw01 dnsmasq-dhcp[2585]: read /var/lib/neutron/dhcp/400dcbc7-ae6d-4c15-9cbf-b56e6fed9f80/opts
Nov  3 04:05:22 gtw01 dnsmasq[2585]: read /var/lib/neutron/dhcp/400dcbc7-ae6d-4c15-9cbf-b56e6fed9f80/addn_hosts - 2 addresses
Nov  3 04:05:22 gtw01 dnsmasq-dhcp[2585]: read /var/lib/neutron/dhcp/400dcbc7-ae6d-4c15-9cbf-b56e6fed9f80/host
Nov  3 04:05:22 gtw01 dnsmasq-dhcp[2585]: read /var/lib/neutron/dhcp/400dcbc7-ae6d-4c15-9cbf-b56e6fed9f80/opts
Nov  3 04:05:22 gtw01 dnsmasq[2618]: started, version 2.80 cachesize 150
Nov  3 04:05:22 gtw01 dnsmasq[2618]: DNS service limited to local subnets
Nov  3 04:05:22 gtw01 dnsmasq[2618]: compile time options: IPv6 GNU-getopt DBus i18n IDN DHCP DHCPv6 no-Lua TFTP conntrack ipset auth DNSSEC loop-detect inotify dumpfile
Nov  3 04:05:22 gtw01 dnsmasq[2618]: warning: no upstream servers configured
Nov  3 04:05:22 gtw01 dnsmasq-dhcp[2618]: DHCPv6, static leases only on 2003:0:1::, lease time 1h
Nov  3 04:05:22 gtw01 dnsmasq[2618]: read /var/lib/neutron/dhcp/29f5ffd1-c4eb-438f-87d7-c27ed4055f46/addn_hosts - 1 addresses
Nov  3 04:05:22 gtw01 dnsmasq-dhcp[2618]: read /var/lib/neutron/dhcp/29f5ffd1-c4eb-438f-87d7-c27ed4055f46/host
Nov  3 04:05:22 gtw01 dnsmasq-dhcp[2618]: read /var/lib/neutron/dhcp/29f5ffd1-c4eb-438f-87d7-c27ed4055f46/opts
Nov  3 04:05:23 gtw01 dnsmasq[2585]: read /var/lib/neutron/dhcp/400dcbc7-ae6d-4c15-9cbf-b56e6fed9f80/addn_hosts - 2 addresses
Nov  3 04:05:23 gtw01 dnsmasq-dhcp[2585]: read /var/lib/neutron/dhcp/400dcbc7-ae6d-4c15-9cbf-b56e6fed9f80/host
Nov  3 04:05:23 gtw01 dnsmasq-dhcp[2585]: read /var/lib/neutron/dhcp/400dcbc7-ae6d-4c15-9cbf-b56e6fed9f80/opts
Nov  3 04:05:23 gtw01 dnsmasq[2618]: read /var/lib/neutron/dhcp/29f5ffd1-c4eb-438f-87d7-c27ed4055f46/addn_hosts - 2 addresses
Nov  3 04:05:23 gtw01 dnsmasq-dhcp[2618]: read /var/lib/neutron/dhcp/29f5ffd1-c4eb-438f-87d7-c27ed4055f46/host
Nov  3 04:05:23 gtw01 dnsmasq-dhcp[2618]: read /var/lib/neutron/dhcp/29f5ffd1-c4eb-438f-87d7-c27ed4055f46/opts
Nov  3 04:05:24 gtw01 dnsmasq[2585]: read /var/lib/neutron/dhcp/400dcbc7-ae6d-4c15-9cbf-b56e6fed9f80/addn_hosts - 2 addresses
Nov  3 04:05:24 gtw01 dnsmasq-dhcp[2585]: read /var/lib/neutron/dhcp/400dcbc7-ae6d-4c15-9cbf-b56e6fed9f80/host
Nov  3 04:05:24 gtw01 dnsmasq-dhcp[2585]: read /var/lib/neutron/dhcp/400dcbc7-ae6d-4c15-9cbf-b56e6fed9f80/opts
Nov  3 04:05:24 gtw01 dnsmasq[2618]: read /var/lib/neutron/dhcp/29f5ffd1-c4eb-438f-87d7-c27ed4055f46/addn_hosts - 2 addresses
Nov  3 04:05:24 gtw01 dnsmasq-dhcp[2618]: read /var/lib/neutron/dhcp/29f5ffd1-c4eb-438f-87d7-c27ed4055f46/host
Nov  3 04:05:24 gtw01 dnsmasq-dhcp[2618]: read /var/lib/neutron/dhcp/29f5ffd1-c4eb-438f-87d7-c27ed4055f46/opts
Nov  3 04:05:25 gtw01 dnsmasq[2585]: read /var/lib/neutron/dhcp/400dcbc7-ae6d-4c15-9cbf-b56e6fed9f80/addn_hosts - 2 addresses
Nov  3 04:05:25 gtw01 dnsmasq-dhcp[2585]: read /var/lib/neutron/dhcp/400dcbc7-ae6d-4c15-9cbf-b56e6fed9f80/host
Nov  3 04:05:25 gtw01 dnsmasq-dhcp[2585]: read /var/lib/neutron/dhcp/400dcbc7-ae6d-4c15-9cbf-b56e6fed9f80/opts
Nov  3 04:05:25 gtw01 dnsmasq[2618]: read /var/lib/neutron/dhcp/29f5ffd1-c4eb-438f-87d7-c27ed4055f46/addn_hosts - 2 addresses
Nov  3 04:05:25 gtw01 dnsmasq-dhcp[2618]: read /var/lib/neutron/dhcp/29f5ffd1-c4eb-438f-87d7-c27ed4055f46/host
Nov  3 04:05:25 gtw01 dnsmasq-dhcp[2618]: read /var/lib/neutron/dhcp/29f5ffd1-c4eb-438f-87d7-c27ed4055f46/opts
Nov  3 04:05:26 gtw01 dnsmasq[2585]: read /var/lib/neutron/dhcp/400dcbc7-ae6d-4c15-9cbf-b56e6fed9f80/addn_hosts - 2 addresses
Nov  3 04:05:26 gtw01 dnsmasq-dhcp[2585]: read /var/lib/neutron/dhcp/400dcbc7-ae6d-4c15-9cbf-b56e6fed9f80/host
Nov  3 04:05:26 gtw01 dnsmasq-dhcp[2585]: read /var/lib/neutron/dhcp/400dcbc7-ae6d-4c15-9cbf-b56e6fed9f80/opts
Nov  3 04:05:26 gtw01 dnsmasq[2618]: read /var/lib/neutron/dhcp/29f5ffd1-c4eb-438f-87d7-c27ed4055f46/addn_hosts - 2 addresses
Nov  3 04:05:26 gtw01 dnsmasq-dhcp[2618]: read /var/lib/neutron/dhcp/29f5ffd1-c4eb-438f-87d7-c27ed4055f46/host
Nov  3 04:05:26 gtw01 dnsmasq-dhcp[2618]: read /var/lib/neutron/dhcp/29f5ffd1-c4eb-438f-87d7-c27ed4055f46/opts
Nov  3 04:05:27 gtw01 dnsmasq[2618]: read /var/lib/neutron/dhcp/29f5ffd1-c4eb-438f-87d7-c27ed4055f46/addn_hosts - 2 addresses
Nov  3 04:05:27 gtw01 dnsmasq-dhcp[2618]: read /var/lib/neutron/dhcp/29f5ffd1-c4eb-438f-87d7-c27ed4055f46/host
Nov  3 04:05:27 gtw01 dnsmasq-dhcp[2618]: read /var/lib/neutron/dhcp/29f5ffd1-c4eb-438f-87d7-c27ed4055f46/opts
Nov  3 04:05:28 gtw01 dnsmasq[2585]: read /var/lib/neutron/dhcp/400dcbc7-ae6d-4c15-9cbf-b56e6fed9f80/addn_hosts - 1 addresses
Nov  3 04:05:28 gtw01 dnsmasq-dhcp[2585]: read /var/lib/neutron/dhcp/400dcbc7-ae6d-4c15-9cbf-b56e6fed9f80/host
Nov  3 04:05:28 gtw01 dnsmasq-dhcp[2585]: read /var/lib/neutron/dhcp/400dcbc7-ae6d-4c15-9cbf-b56e6fed9f80/opts
Nov  3 04:05:28 gtw01 dnsmasq[2618]: read /var/lib/neutron/dhcp/29f5ffd1-c4eb-438f-87d7-c27ed4055f46/addn_hosts - 1 addresses
Nov  3 04:05:28 gtw01 dnsmasq-dhcp[2618]: read /var/lib/neutron/dhcp/29f5ffd1-c4eb-438f-87d7-c27ed4055f46/host
Nov  3 04:05:28 gtw01 dnsmasq-dhcp[2618]: read /var/lib/neutron/dhcp/29f5ffd1-c4eb-438f-87d7-c27ed4055f46/opts
Nov  3 04:05:31 gtw01 kernel: [ 6836.762683] device tap0d8a108e-78 left promiscuous mode
Nov  3 04:05:33 gtw01 kernel: [ 6838.620770] device tap6cb4d71e-32 left promiscuous mode
Nov  3 04:05:39 gtw01 kernel: [ 6844.354323] device tapfdebb6a2-e1 entered promiscuous mode
Nov  3 04:05:39 gtw01 systemd-udevd[2831]: Could not generate persistent MAC address for tapfdebb6a2-e1: No such file or directory
Nov  3 04:05:39 gtw01 systemd-udevd[2876]: Process '/sbin/ip link set tapfdebb6a2-e1 txqueuelen 10000' failed with exit code 1.
Nov  3 04:05:42 gtw01 dnsmasq[2939]: started, version 2.80 cachesize 150
Nov  3 04:05:42 gtw01 dnsmasq[2939]: DNS service limited to local subnets
Nov  3 04:05:42 gtw01 dnsmasq[2939]: compile time options: IPv6 GNU-getopt DBus i18n IDN DHCP DHCPv6 no-Lua TFTP conntrack ipset auth DNSSEC loop-detect inotify dumpfile
Nov  3 04:05:42 gtw01 dnsmasq[2939]: warning: no upstream servers configured
Nov  3 04:05:42 gtw01 dnsmasq-dhcp[2939]: DHCPv6, static leases only on 2003::, lease time 1h
Nov  3 04:05:42 gtw01 dnsmasq[2939]: read /var/lib/neutron/dhcp/735f0b9a-8c21-45c1-879f-98f907d3a44e/addn_hosts - 1 addresses
Nov  3 04:05:42 gtw01 dnsmasq-dhcp[2939]: read /var/lib/neutron/dhcp/735f0b9a-8c21-45c1-879f-98f907d3a44e/host
Nov  3 04:05:42 gtw01 dnsmasq-dhcp[2939]: read /var/lib/neutron/dhcp/735f0b9a-8c21-45c1-879f-98f907d3a44e/opts
Nov  3 04:05:43 gtw01 dnsmasq[2939]: read /var/lib/neutron/dhcp/735f0b9a-8c21-45c1-879f-98f907d3a44e/addn_hosts - 1 addresses
Nov  3 04:05:43 gtw01 dnsmasq-dhcp[2939]: read /var/lib/neutron/dhcp/735f0b9a-8c21-45c1-879f-98f907d3a44e/host
Nov  3 04:05:43 gtw01 dnsmasq-dhcp[2939]: read /var/lib/neutron/dhcp/735f0b9a-8c21-45c1-879f-98f907d3a44e/opts
Nov  3 04:05:44 gtw01 dnsmasq[2939]: read /var/lib/neutron/dhcp/735f0b9a-8c21-45c1-879f-98f907d3a44e/addn_hosts - 2 addresses
Nov  3 04:05:44 gtw01 dnsmasq-dhcp[2939]: read /var/lib/neutron/dhcp/735f0b9a-8c21-45c1-879f-98f907d3a44e/host
Nov  3 04:05:44 gtw01 dnsmasq-dhcp[2939]: read /var/lib/neutron/dhcp/735f0b9a-8c21-45c1-879f-98f907d3a44e/opts
Nov  3 04:05:45 gtw01 dnsmasq[2939]: read /var/lib/neutron/dhcp/735f0b9a-8c21-45c1-879f-98f907d3a44e/addn_hosts - 2 addresses
Nov  3 04:05:45 gtw01 dnsmasq-dhcp[2939]: read /var/lib/neutron/dhcp/735f0b9a-8c21-45c1-879f-98f907d3a44e/host
Nov  3 04:05:45 gtw01 dnsmasq-dhcp[2939]: read /var/lib/neutron/dhcp/735f0b9a-8c21-45c1-879f-98f907d3a44e/opts
Nov  3 04:05:46 gtw01 dnsmasq[2939]: read /var/lib/neutron/dhcp/735f0b9a-8c21-45c1-879f-98f907d3a44e/addn_hosts - 2 addresses
Nov  3 04:05:46 gtw01 dnsmasq-dhcp[2939]: read /var/lib/neutron/dhcp/735f0b9a-8c21-45c1-879f-98f907d3a44e/host
Nov  3 04:05:46 gtw01 dnsmasq-dhcp[2939]: read /var/lib/neutron/dhcp/735f0b9a-8c21-45c1-879f-98f907d3a44e/opts
Nov  3 04:05:47 gtw01 kernel: [ 6852.360861] device tapfdebb6a2-e1 left promiscuous mode
Nov  3 04:05:51 gtw01 systemd-udevd[3030]: Could not generate persistent MAC address for tapc6e21b8e-fc: No such file or directory
Nov  3 04:05:51 gtw01 kernel: [ 6857.087491] device tapc6e21b8e-fc entered promiscuous mode
Nov  3 04:05:51 gtw01 systemd-udevd[3030]: Process '/sbin/ip link set tapc6e21b8e-fc txqueuelen 10000' failed with exit code 1.
Nov  3 04:05:55 gtw01 dnsmasq[3138]: started, version 2.80 cachesize 150
Nov  3 04:05:55 gtw01 dnsmasq[3138]: DNS service limited to local subnets
Nov  3 04:05:55 gtw01 dnsmasq[3138]: compile time options: IPv6 GNU-getopt DBus i18n IDN DHCP DHCPv6 no-Lua TFTP conntrack ipset auth DNSSEC loop-detect inotify dumpfile
Nov  3 04:05:55 gtw01 dnsmasq[3138]: warning: no upstream servers configured
Nov  3 04:05:55 gtw01 dnsmasq-dhcp[3138]: DHCPv6, static leases only on 2003::, lease time 1h
Nov  3 04:05:55 gtw01 dnsmasq[3138]: read /var/lib/neutron/dhcp/e42b3908-1d83-4c50-a352-f74c4dd7f057/addn_hosts - 1 addresses
Nov  3 04:05:55 gtw01 dnsmasq-dhcp[3138]: read /var/lib/neutron/dhcp/e42b3908-1d83-4c50-a352-f74c4dd7f057/host
Nov  3 04:05:55 gtw01 dnsmasq-dhcp[3138]: read /var/lib/neutron/dhcp/e42b3908-1d83-4c50-a352-f74c4dd7f057/opts
Nov  3 04:05:56 gtw01 dnsmasq[3138]: read /var/lib/neutron/dhcp/e42b3908-1d83-4c50-a352-f74c4dd7f057/addn_hosts - 1 addresses
Nov  3 04:05:56 gtw01 dnsmasq-dhcp[3138]: read /var/lib/neutron/dhcp/e42b3908-1d83-4c50-a352-f74c4dd7f057/host
Nov  3 04:05:56 gtw01 dnsmasq-dhcp[3138]: read /var/lib/neutron/dhcp/e42b3908-1d83-4c50-a352-f74c4dd7f057/opts
Nov  3 04:05:57 gtw01 dnsmasq[3138]: read /var/lib/neutron/dhcp/e42b3908-1d83-4c50-a352-f74c4dd7f057/addn_hosts - 1 addresses
Nov  3 04:05:57 gtw01 dnsmasq-dhcp[3138]: read /var/lib/neutron/dhcp/e42b3908-1d83-4c50-a352-f74c4dd7f057/host
Nov  3 04:05:57 gtw01 dnsmasq-dhcp[3138]: read /var/lib/neutron/dhcp/e42b3908-1d83-4c50-a352-f74c4dd7f057/opts
Nov  3 04:05:58 gtw01 dnsmasq[3138]: read /var/lib/neutron/dhcp/e42b3908-1d83-4c50-a352-f74c4dd7f057/addn_hosts - 2 addresses
Nov  3 04:05:58 gtw01 dnsmasq-dhcp[3138]: read /var/lib/neutron/dhcp/e42b3908-1d83-4c50-a352-f74c4dd7f057/host
Nov  3 04:05:58 gtw01 dnsmasq-dhcp[3138]: read /var/lib/neutron/dhcp/e42b3908-1d83-4c50-a352-f74c4dd7f057/opts
Nov  3 04:05:58 gtw01 kernel: [ 6864.238350] device tapc6e21b8e-fc left promiscuous mode
Nov  3 04:06:08 gtw01 systemd-udevd[3213]: Could not generate persistent MAC address for tap40ce28c0-4b: No such file or directory
Nov  3 04:06:08 gtw01 kernel: [ 6874.046332] device tap40ce28c0-4b entered promiscuous mode
Nov  3 04:06:08 gtw01 systemd-udevd[3213]: Process '/sbin/ip link set tap40ce28c0-4b txqueuelen 10000' failed with exit code 1.
Nov  3 04:06:12 gtw01 dnsmasq[3321]: started, version 2.80 cachesize 150
Nov  3 04:06:12 gtw01 dnsmasq[3321]: DNS service limited to local subnets
Nov  3 04:06:12 gtw01 dnsmasq[3321]: compile time options: IPv6 GNU-getopt DBus i18n IDN DHCP DHCPv6 no-Lua TFTP conntrack ipset auth DNSSEC loop-detect inotify dumpfile
Nov  3 04:06:12 gtw01 dnsmasq[3321]: warning: no upstream servers configured
Nov  3 04:06:12 gtw01 dnsmasq-dhcp[3321]: DHCPv6, static leases only on 2003::, lease time 1h
Nov  3 04:06:12 gtw01 dnsmasq[3321]: read /var/lib/neutron/dhcp/52938b9b-4e9f-41ed-9d13-41dc0bbdd8a0/addn_hosts - 1 addresses
Nov  3 04:06:12 gtw01 dnsmasq-dhcp[3321]: read /var/lib/neutron/dhcp/52938b9b-4e9f-41ed-9d13-41dc0bbdd8a0/host
Nov  3 04:06:12 gtw01 dnsmasq-dhcp[3321]: read /var/lib/neutron/dhcp/52938b9b-4e9f-41ed-9d13-41dc0bbdd8a0/opts
Nov  3 04:06:13 gtw01 dnsmasq[3321]: read /var/lib/neutron/dhcp/52938b9b-4e9f-41ed-9d13-41dc0bbdd8a0/addn_hosts - 1 addresses
Nov  3 04:06:13 gtw01 dnsmasq-dhcp[3321]: read /var/lib/neutron/dhcp/52938b9b-4e9f-41ed-9d13-41dc0bbdd8a0/host
Nov  3 04:06:13 gtw01 dnsmasq-dhcp[3321]: read /var/lib/neutron/dhcp/52938b9b-4e9f-41ed-9d13-41dc0bbdd8a0/opts
Nov  3 04:06:14 gtw01 dnsmasq[3321]: read /var/lib/neutron/dhcp/52938b9b-4e9f-41ed-9d13-41dc0bbdd8a0/addn_hosts - 1 addresses
Nov  3 04:06:14 gtw01 dnsmasq-dhcp[3321]: read /var/lib/neutron/dhcp/52938b9b-4e9f-41ed-9d13-41dc0bbdd8a0/host
Nov  3 04:06:14 gtw01 dnsmasq-dhcp[3321]: read /var/lib/neutron/dhcp/52938b9b-4e9f-41ed-9d13-41dc0bbdd8a0/opts
Nov  3 04:06:15 gtw01 dnsmasq[3321]: read /var/lib/neutron/dhcp/52938b9b-4e9f-41ed-9d13-41dc0bbdd8a0/addn_hosts - 2 addresses
Nov  3 04:06:15 gtw01 dnsmasq-dhcp[3321]: read /var/lib/neutron/dhcp/52938b9b-4e9f-41ed-9d13-41dc0bbdd8a0/host
Nov  3 04:06:15 gtw01 dnsmasq-dhcp[3321]: read /var/lib/neutron/dhcp/52938b9b-4e9f-41ed-9d13-41dc0bbdd8a0/opts
Nov  3 04:06:16 gtw01 kernel: [ 6881.300203] device tap40ce28c0-4b left promiscuous mode
Nov  3 04:06:22 gtw01 kernel: [ 6887.287069] device tap2fcb6e22-94 entered promiscuous mode
Nov  3 04:06:22 gtw01 systemd-udevd[3396]: Could not generate persistent MAC address for tap2fcb6e22-94: No such file or directory
Nov  3 04:06:22 gtw01 systemd-udevd[3442]: Process '/sbin/ip link set tap2fcb6e22-94 txqueuelen 10000' failed with exit code 1.
Nov  3 04:06:25 gtw01 dnsmasq[3523]: started, version 2.80 cachesize 150
Nov  3 04:06:25 gtw01 dnsmasq[3523]: DNS service limited to local subnets
Nov  3 04:06:25 gtw01 dnsmasq[3523]: compile time options: IPv6 GNU-getopt DBus i18n IDN DHCP DHCPv6 no-Lua TFTP conntrack ipset auth DNSSEC loop-detect inotify dumpfile
Nov  3 04:06:25 gtw01 dnsmasq[3523]: warning: no upstream servers configured
Nov  3 04:06:25 gtw01 dnsmasq-dhcp[3523]: DHCPv6, static leases only on 2003::, lease time 1h
Nov  3 04:06:25 gtw01 dnsmasq[3523]: read /var/lib/neutron/dhcp/b5767f40-cfc8-499d-854e-9dadae45ce63/addn_hosts - 1 addresses
Nov  3 04:06:25 gtw01 dnsmasq-dhcp[3523]: read /var/lib/neutron/dhcp/b5767f40-cfc8-499d-854e-9dadae45ce63/host
Nov  3 04:06:25 gtw01 dnsmasq-dhcp[3523]: read /var/lib/neutron/dhcp/b5767f40-cfc8-499d-854e-9dadae45ce63/opts
Nov  3 04:06:25 gtw01 kernel: [ 6890.924724] device tap0d2b23aa-99 entered promiscuous mode
Nov  3 04:06:25 gtw01 systemd-udevd[3527]: Could not generate persistent MAC address for tap0d2b23aa-99: No such file or directory
Nov  3 04:06:25 gtw01 systemd-udevd[3527]: Process '/sbin/ip link set tap0d2b23aa-99 txqueuelen 10000' failed with exit code 1.
Nov  3 04:06:26 gtw01 dnsmasq[3523]: read /var/lib/neutron/dhcp/b5767f40-cfc8-499d-854e-9dadae45ce63/addn_hosts - 2 addresses
Nov  3 04:06:26 gtw01 dnsmasq-dhcp[3523]: read /var/lib/neutron/dhcp/b5767f40-cfc8-499d-854e-9dadae45ce63/host
Nov  3 04:06:26 gtw01 dnsmasq-dhcp[3523]: read /var/lib/neutron/dhcp/b5767f40-cfc8-499d-854e-9dadae45ce63/opts
Nov  3 04:06:27 gtw01 dnsmasq[3523]: read /var/lib/neutron/dhcp/b5767f40-cfc8-499d-854e-9dadae45ce63/addn_hosts - 2 addresses
Nov  3 04:06:27 gtw01 dnsmasq-dhcp[3523]: read /var/lib/neutron/dhcp/b5767f40-cfc8-499d-854e-9dadae45ce63/host
Nov  3 04:06:27 gtw01 dnsmasq-dhcp[3523]: read /var/lib/neutron/dhcp/b5767f40-cfc8-499d-854e-9dadae45ce63/opts
Nov  3 04:06:28 gtw01 dnsmasq[3523]: read /var/lib/neutron/dhcp/b5767f40-cfc8-499d-854e-9dadae45ce63/addn_hosts - 2 addresses
Nov  3 04:06:28 gtw01 dnsmasq-dhcp[3523]: read /var/lib/neutron/dhcp/b5767f40-cfc8-499d-854e-9dadae45ce63/host
Nov  3 04:06:28 gtw01 dnsmasq-dhcp[3523]: read /var/lib/neutron/dhcp/b5767f40-cfc8-499d-854e-9dadae45ce63/opts
Nov  3 04:06:29 gtw01 dnsmasq[3687]: started, version 2.80 cachesize 150
Nov  3 04:06:29 gtw01 dnsmasq[3687]: DNS service limited to local subnets
Nov  3 04:06:29 gtw01 dnsmasq[3687]: compile time options: IPv6 GNU-getopt DBus i18n IDN DHCP DHCPv6 no-Lua TFTP conntrack ipset auth DNSSEC loop-detect inotify dumpfile
Nov  3 04:06:29 gtw01 dnsmasq[3687]: warning: no upstream servers configured
Nov  3 04:06:29 gtw01 dnsmasq-dhcp[3687]: DHCPv6, static leases only on 2003:0:1::, lease time 1h
Nov  3 04:06:29 gtw01 dnsmasq[3687]: read /var/lib/neutron/dhcp/30335a28-5b6b-4dbd-8a52-1629de37302d/addn_hosts - 1 addresses
Nov  3 04:06:29 gtw01 dnsmasq-dhcp[3687]: read /var/lib/neutron/dhcp/30335a28-5b6b-4dbd-8a52-1629de37302d/host
Nov  3 04:06:29 gtw01 dnsmasq-dhcp[3687]: read /var/lib/neutron/dhcp/30335a28-5b6b-4dbd-8a52-1629de37302d/opts
Nov  3 04:06:29 gtw01 dnsmasq[3523]: read /var/lib/neutron/dhcp/b5767f40-cfc8-499d-854e-9dadae45ce63/addn_hosts - 2 addresses
Nov  3 04:06:29 gtw01 dnsmasq-dhcp[3523]: read /var/lib/neutron/dhcp/b5767f40-cfc8-499d-854e-9dadae45ce63/host
Nov  3 04:06:29 gtw01 dnsmasq-dhcp[3523]: read /var/lib/neutron/dhcp/b5767f40-cfc8-499d-854e-9dadae45ce63/opts
Nov  3 04:06:30 gtw01 dnsmasq[3687]: read /var/lib/neutron/dhcp/30335a28-5b6b-4dbd-8a52-1629de37302d/addn_hosts - 2 addresses
Nov  3 04:06:30 gtw01 dnsmasq-dhcp[3687]: read /var/lib/neutron/dhcp/30335a28-5b6b-4dbd-8a52-1629de37302d/host
Nov  3 04:06:30 gtw01 dnsmasq-dhcp[3687]: read /var/lib/neutron/dhcp/30335a28-5b6b-4dbd-8a52-1629de37302d/opts
Nov  3 04:06:30 gtw01 kernel: [ 6895.675568] device tapc9b1ed26-13 entered promiscuous mode
Nov  3 04:06:30 gtw01 systemd-udevd[3737]: Could not generate persistent MAC address for tapc9b1ed26-13: No such file or directory
Nov  3 04:06:30 gtw01 systemd-udevd[3737]: Process '/sbin/ip link set tapc9b1ed26-13 txqueuelen 10000' failed with exit code 1.
Nov  3 04:06:30 gtw01 dnsmasq[3523]: read /var/lib/neutron/dhcp/b5767f40-cfc8-499d-854e-9dadae45ce63/addn_hosts - 2 addresses
Nov  3 04:06:30 gtw01 dnsmasq-dhcp[3523]: read /var/lib/neutron/dhcp/b5767f40-cfc8-499d-854e-9dadae45ce63/host
Nov  3 04:06:30 gtw01 dnsmasq-dhcp[3523]: read /var/lib/neutron/dhcp/b5767f40-cfc8-499d-854e-9dadae45ce63/opts
Nov  3 04:06:31 gtw01 dnsmasq[3687]: read /var/lib/neutron/dhcp/30335a28-5b6b-4dbd-8a52-1629de37302d/addn_hosts - 2 addresses
Nov  3 04:06:31 gtw01 dnsmasq-dhcp[3687]: read /var/lib/neutron/dhcp/30335a28-5b6b-4dbd-8a52-1629de37302d/host
Nov  3 04:06:31 gtw01 dnsmasq-dhcp[3687]: read /var/lib/neutron/dhcp/30335a28-5b6b-4dbd-8a52-1629de37302d/opts
Nov  3 04:06:32 gtw01 dnsmasq[3687]: read /var/lib/neutron/dhcp/30335a28-5b6b-4dbd-8a52-1629de37302d/addn_hosts - 2 addresses
Nov  3 04:06:32 gtw01 dnsmasq-dhcp[3687]: read /var/lib/neutron/dhcp/30335a28-5b6b-4dbd-8a52-1629de37302d/host
Nov  3 04:06:32 gtw01 dnsmasq-dhcp[3687]: read /var/lib/neutron/dhcp/30335a28-5b6b-4dbd-8a52-1629de37302d/opts
Nov  3 04:06:33 gtw01 dnsmasq[3687]: read /var/lib/neutron/dhcp/30335a28-5b6b-4dbd-8a52-1629de37302d/addn_hosts - 2 addresses
Nov  3 04:06:33 gtw01 dnsmasq-dhcp[3687]: read /var/lib/neutron/dhcp/30335a28-5b6b-4dbd-8a52-1629de37302d/host
Nov  3 04:06:33 gtw01 dnsmasq-dhcp[3687]: read /var/lib/neutron/dhcp/30335a28-5b6b-4dbd-8a52-1629de37302d/opts
Nov  3 04:06:34 gtw01 dnsmasq[3924]: started, version 2.80 cachesize 150
Nov  3 04:06:34 gtw01 dnsmasq[3924]: DNS service limited to local subnets
Nov  3 04:06:34 gtw01 dnsmasq[3924]: compile time options: IPv6 GNU-getopt DBus i18n IDN DHCP DHCPv6 no-Lua TFTP conntrack ipset auth DNSSEC loop-detect inotify dumpfile
Nov  3 04:06:34 gtw01 dnsmasq[3924]: warning: no upstream servers configured
Nov  3 04:06:34 gtw01 dnsmasq-dhcp[3924]: DHCPv6, static leases only on 2003:0:2::, lease time 1h
Nov  3 04:06:34 gtw01 dnsmasq[3924]: read /var/lib/neutron/dhcp/a592055e-3274-4e5e-8cc9-0a352bf448a8/addn_hosts - 1 addresses
Nov  3 04:06:34 gtw01 dnsmasq-dhcp[3924]: read /var/lib/neutron/dhcp/a592055e-3274-4e5e-8cc9-0a352bf448a8/host
Nov  3 04:06:34 gtw01 dnsmasq-dhcp[3924]: read /var/lib/neutron/dhcp/a592055e-3274-4e5e-8cc9-0a352bf448a8/opts
Nov  3 04:06:34 gtw01 kernel: [ 6899.883554] device tap4f461f64-a6 entered promiscuous mode
Nov  3 04:06:34 gtw01 systemd-udevd[3935]: Could not generate persistent MAC address for tap4f461f64-a6: No such file or directory
Nov  3 04:06:34 gtw01 systemd-udevd[3982]: Process '/sbin/ip link set tap4f461f64-a6 txqueuelen 10000' failed with exit code 1.
Nov  3 04:06:35 gtw01 dnsmasq[3687]: read /var/lib/neutron/dhcp/30335a28-5b6b-4dbd-8a52-1629de37302d/addn_hosts - 2 addresses
Nov  3 04:06:35 gtw01 dnsmasq-dhcp[3687]: read /var/lib/neutron/dhcp/30335a28-5b6b-4dbd-8a52-1629de37302d/host
Nov  3 04:06:35 gtw01 dnsmasq-dhcp[3687]: read /var/lib/neutron/dhcp/30335a28-5b6b-4dbd-8a52-1629de37302d/opts
Nov  3 04:06:35 gtw01 dnsmasq[3924]: read /var/lib/neutron/dhcp/a592055e-3274-4e5e-8cc9-0a352bf448a8/addn_hosts - 2 addresses
Nov  3 04:06:35 gtw01 dnsmasq-dhcp[3924]: read /var/lib/neutron/dhcp/a592055e-3274-4e5e-8cc9-0a352bf448a8/host
Nov  3 04:06:35 gtw01 dnsmasq-dhcp[3924]: read /var/lib/neutron/dhcp/a592055e-3274-4e5e-8cc9-0a352bf448a8/opts
Nov  3 04:06:36 gtw01 dnsmasq[3924]: read /var/lib/neutron/dhcp/a592055e-3274-4e5e-8cc9-0a352bf448a8/addn_hosts - 2 addresses
Nov  3 04:06:36 gtw01 dnsmasq-dhcp[3924]: read /var/lib/neutron/dhcp/a592055e-3274-4e5e-8cc9-0a352bf448a8/host
Nov  3 04:06:36 gtw01 dnsmasq-dhcp[3924]: read /var/lib/neutron/dhcp/a592055e-3274-4e5e-8cc9-0a352bf448a8/opts
Nov  3 04:06:37 gtw01 dnsmasq[3924]: read /var/lib/neutron/dhcp/a592055e-3274-4e5e-8cc9-0a352bf448a8/addn_hosts - 2 addresses
Nov  3 04:06:37 gtw01 dnsmasq-dhcp[3924]: read /var/lib/neutron/dhcp/a592055e-3274-4e5e-8cc9-0a352bf448a8/host
Nov  3 04:06:37 gtw01 dnsmasq-dhcp[3924]: read /var/lib/neutron/dhcp/a592055e-3274-4e5e-8cc9-0a352bf448a8/opts
Nov  3 04:06:38 gtw01 dnsmasq[4112]: started, version 2.80 cachesize 150
Nov  3 04:06:38 gtw01 dnsmasq[4112]: DNS service limited to local subnets
Nov  3 04:06:38 gtw01 dnsmasq[4112]: compile time options: IPv6 GNU-getopt DBus i18n IDN DHCP DHCPv6 no-Lua TFTP conntrack ipset auth DNSSEC loop-detect inotify dumpfile
Nov  3 04:06:38 gtw01 dnsmasq[4112]: warning: no upstream servers configured
Nov  3 04:06:38 gtw01 dnsmasq-dhcp[4112]: DHCPv6, static leases only on 2003:0:3::, lease time 1h
Nov  3 04:06:38 gtw01 dnsmasq[4112]: read /var/lib/neutron/dhcp/ccda3737-d1da-4b48-814e-e253110fdecb/addn_hosts - 1 addresses
Nov  3 04:06:38 gtw01 dnsmasq-dhcp[4112]: read /var/lib/neutron/dhcp/ccda3737-d1da-4b48-814e-e253110fdecb/host
Nov  3 04:06:38 gtw01 dnsmasq-dhcp[4112]: read /var/lib/neutron/dhcp/ccda3737-d1da-4b48-814e-e253110fdecb/opts
Nov  3 04:06:38 gtw01 dnsmasq[3924]: read /var/lib/neutron/dhcp/a592055e-3274-4e5e-8cc9-0a352bf448a8/addn_hosts - 2 addresses
Nov  3 04:06:38 gtw01 dnsmasq-dhcp[3924]: read /var/lib/neutron/dhcp/a592055e-3274-4e5e-8cc9-0a352bf448a8/host
Nov  3 04:06:38 gtw01 dnsmasq-dhcp[3924]: read /var/lib/neutron/dhcp/a592055e-3274-4e5e-8cc9-0a352bf448a8/opts
Nov  3 04:06:39 gtw01 dnsmasq[4112]: read /var/lib/neutron/dhcp/ccda3737-d1da-4b48-814e-e253110fdecb/addn_hosts - 2 addresses
Nov  3 04:06:39 gtw01 dnsmasq-dhcp[4112]: read /var/lib/neutron/dhcp/ccda3737-d1da-4b48-814e-e253110fdecb/host
Nov  3 04:06:39 gtw01 dnsmasq-dhcp[4112]: read /var/lib/neutron/dhcp/ccda3737-d1da-4b48-814e-e253110fdecb/opts
Nov  3 04:06:39 gtw01 dnsmasq[3924]: read /var/lib/neutron/dhcp/a592055e-3274-4e5e-8cc9-0a352bf448a8/addn_hosts - 2 addresses
Nov  3 04:06:39 gtw01 dnsmasq-dhcp[3924]: read /var/lib/neutron/dhcp/a592055e-3274-4e5e-8cc9-0a352bf448a8/host
Nov  3 04:06:39 gtw01 dnsmasq-dhcp[3924]: read /var/lib/neutron/dhcp/a592055e-3274-4e5e-8cc9-0a352bf448a8/opts
Nov  3 04:06:40 gtw01 dnsmasq[4112]: read /var/lib/neutron/dhcp/ccda3737-d1da-4b48-814e-e253110fdecb/addn_hosts - 2 addresses
Nov  3 04:06:40 gtw01 dnsmasq-dhcp[4112]: read /var/lib/neutron/dhcp/ccda3737-d1da-4b48-814e-e253110fdecb/host
Nov  3 04:06:40 gtw01 dnsmasq-dhcp[4112]: read /var/lib/neutron/dhcp/ccda3737-d1da-4b48-814e-e253110fdecb/opts
Nov  3 04:06:41 gtw01 dnsmasq[4112]: read /var/lib/neutron/dhcp/ccda3737-d1da-4b48-814e-e253110fdecb/addn_hosts - 2 addresses
Nov  3 04:06:41 gtw01 dnsmasq-dhcp[4112]: read /var/lib/neutron/dhcp/ccda3737-d1da-4b48-814e-e253110fdecb/host
Nov  3 04:06:41 gtw01 dnsmasq-dhcp[4112]: read /var/lib/neutron/dhcp/ccda3737-d1da-4b48-814e-e253110fdecb/opts
Nov  3 04:06:42 gtw01 dnsmasq[4112]: read /var/lib/neutron/dhcp/ccda3737-d1da-4b48-814e-e253110fdecb/addn_hosts - 2 addresses
Nov  3 04:06:42 gtw01 dnsmasq-dhcp[4112]: read /var/lib/neutron/dhcp/ccda3737-d1da-4b48-814e-e253110fdecb/host
Nov  3 04:06:42 gtw01 dnsmasq-dhcp[4112]: read /var/lib/neutron/dhcp/ccda3737-d1da-4b48-814e-e253110fdecb/opts
Nov  3 04:06:43 gtw01 kernel: [ 6908.524029] device tap4f461f64-a6 left promiscuous mode
Nov  3 04:06:47 gtw01 dnsmasq[3924]: read /var/lib/neutron/dhcp/a592055e-3274-4e5e-8cc9-0a352bf448a8/addn_hosts - 1 addresses
Nov  3 04:06:47 gtw01 dnsmasq-dhcp[3924]: read /var/lib/neutron/dhcp/a592055e-3274-4e5e-8cc9-0a352bf448a8/host
Nov  3 04:06:47 gtw01 dnsmasq-dhcp[3924]: read /var/lib/neutron/dhcp/a592055e-3274-4e5e-8cc9-0a352bf448a8/opts
Nov  3 04:06:49 gtw01 kernel: [ 6915.111462] device tapc9b1ed26-13 left promiscuous mode
Nov  3 04:06:53 gtw01 dnsmasq[3687]: read /var/lib/neutron/dhcp/30335a28-5b6b-4dbd-8a52-1629de37302d/addn_hosts - 1 addresses
Nov  3 04:06:53 gtw01 dnsmasq-dhcp[3687]: read /var/lib/neutron/dhcp/30335a28-5b6b-4dbd-8a52-1629de37302d/host
Nov  3 04:06:53 gtw01 dnsmasq-dhcp[3687]: read /var/lib/neutron/dhcp/30335a28-5b6b-4dbd-8a52-1629de37302d/opts
Nov  3 04:06:56 gtw01 kernel: [ 6921.342321] device tap0d2b23aa-99 left promiscuous mode
Nov  3 04:07:00 gtw01 dnsmasq[3523]: read /var/lib/neutron/dhcp/b5767f40-cfc8-499d-854e-9dadae45ce63/addn_hosts - 1 addresses
Nov  3 04:07:00 gtw01 dnsmasq-dhcp[3523]: read /var/lib/neutron/dhcp/b5767f40-cfc8-499d-854e-9dadae45ce63/host
Nov  3 04:07:00 gtw01 dnsmasq-dhcp[3523]: read /var/lib/neutron/dhcp/b5767f40-cfc8-499d-854e-9dadae45ce63/opts
Nov  3 04:07:02 gtw01 kernel: [ 6927.802225] device tap2fcb6e22-94 left promiscuous mode
Nov  3 04:07:05 gtw01 dnsmasq[12514]: read /var/lib/neutron/dhcp/b8d47c75-7672-43c6-9cff-727534f7a0ef/addn_hosts - 3 addresses
Nov  3 04:07:05 gtw01 dnsmasq-dhcp[12514]: read /var/lib/neutron/dhcp/b8d47c75-7672-43c6-9cff-727534f7a0ef/host
Nov  3 04:07:05 gtw01 dnsmasq-dhcp[12514]: read /var/lib/neutron/dhcp/b8d47c75-7672-43c6-9cff-727534f7a0ef/opts
Nov  3 04:07:07 gtw01 dnsmasq[12514]: read /var/lib/neutron/dhcp/b8d47c75-7672-43c6-9cff-727534f7a0ef/addn_hosts - 3 addresses
Nov  3 04:07:07 gtw01 dnsmasq-dhcp[12514]: read /var/lib/neutron/dhcp/b8d47c75-7672-43c6-9cff-727534f7a0ef/host
Nov  3 04:07:07 gtw01 dnsmasq-dhcp[12514]: read /var/lib/neutron/dhcp/b8d47c75-7672-43c6-9cff-727534f7a0ef/opts
Nov  3 04:07:08 gtw01 dnsmasq[12514]: read /var/lib/neutron/dhcp/b8d47c75-7672-43c6-9cff-727534f7a0ef/addn_hosts - 3 addresses
Nov  3 04:07:08 gtw01 dnsmasq-dhcp[12514]: read /var/lib/neutron/dhcp/b8d47c75-7672-43c6-9cff-727534f7a0ef/host
Nov  3 04:07:08 gtw01 dnsmasq-dhcp[12514]: read /var/lib/neutron/dhcp/b8d47c75-7672-43c6-9cff-727534f7a0ef/opts
Nov  3 04:07:22 gtw01 dnsmasq-dhcp[12514]: DHCPDISCOVER(tapef0975e4-ae) fa:16:3e:61:a1:76
Nov  3 04:07:22 gtw01 dnsmasq-dhcp[12514]: DHCPOFFER(tapef0975e4-ae) 192.168.120.4 fa:16:3e:61:a1:76
Nov  3 04:07:22 gtw01 dnsmasq-dhcp[12514]: DHCPREQUEST(tapef0975e4-ae) 192.168.120.4 fa:16:3e:61:a1:76
Nov  3 04:07:22 gtw01 dnsmasq-dhcp[12514]: DHCPACK(tapef0975e4-ae) 192.168.120.4 fa:16:3e:61:a1:76 host-192-168-120-4
Nov  3 04:07:34 gtw01 dnsmasq-dhcp[12514]: DHCPRELEASE(tapef0975e4-ae) 192.168.120.4 fa:16:3e:61:a1:76
Nov  3 04:07:34 gtw01 dnsmasq-dhcp[12514]: DHCPRELEASE(tapef0975e4-ae) 192.168.120.4 fa:16:3e:61:a1:76 unknown lease
Nov  3 04:07:35 gtw01 dnsmasq[12514]: read /var/lib/neutron/dhcp/b8d47c75-7672-43c6-9cff-727534f7a0ef/addn_hosts - 2 addresses
Nov  3 04:07:35 gtw01 dnsmasq-dhcp[12514]: read /var/lib/neutron/dhcp/b8d47c75-7672-43c6-9cff-727534f7a0ef/host
Nov  3 04:07:35 gtw01 dnsmasq-dhcp[12514]: read /var/lib/neutron/dhcp/b8d47c75-7672-43c6-9cff-727534f7a0ef/opts
Nov  3 04:07:44 gtw01 dnsmasq[12514]: read /var/lib/neutron/dhcp/b8d47c75-7672-43c6-9cff-727534f7a0ef/addn_hosts - 3 addresses
Nov  3 04:07:44 gtw01 dnsmasq-dhcp[12514]: read /var/lib/neutron/dhcp/b8d47c75-7672-43c6-9cff-727534f7a0ef/host
Nov  3 04:07:44 gtw01 dnsmasq-dhcp[12514]: read /var/lib/neutron/dhcp/b8d47c75-7672-43c6-9cff-727534f7a0ef/opts
Nov  3 04:07:45 gtw01 dnsmasq[12514]: read /var/lib/neutron/dhcp/b8d47c75-7672-43c6-9cff-727534f7a0ef/addn_hosts - 3 addresses
Nov  3 04:07:45 gtw01 dnsmasq-dhcp[12514]: read /var/lib/neutron/dhcp/b8d47c75-7672-43c6-9cff-727534f7a0ef/host
Nov  3 04:07:45 gtw01 dnsmasq-dhcp[12514]: read /var/lib/neutron/dhcp/b8d47c75-7672-43c6-9cff-727534f7a0ef/opts
Nov  3 04:07:46 gtw01 dnsmasq[12514]: read /var/lib/neutron/dhcp/b8d47c75-7672-43c6-9cff-727534f7a0ef/addn_hosts - 3 addresses
Nov  3 04:07:46 gtw01 dnsmasq-dhcp[12514]: read /var/lib/neutron/dhcp/b8d47c75-7672-43c6-9cff-727534f7a0ef/host
Nov  3 04:07:46 gtw01 dnsmasq-dhcp[12514]: read /var/lib/neutron/dhcp/b8d47c75-7672-43c6-9cff-727534f7a0ef/opts
Nov  3 04:07:59 gtw01 dnsmasq-dhcp[12514]: DHCPDISCOVER(tapef0975e4-ae) fa:16:3e:9f:8b:a9
Nov  3 04:07:59 gtw01 dnsmasq-dhcp[12514]: DHCPOFFER(tapef0975e4-ae) 192.168.120.3 fa:16:3e:9f:8b:a9
Nov  3 04:07:59 gtw01 dnsmasq-dhcp[12514]: DHCPREQUEST(tapef0975e4-ae) 192.168.120.3 fa:16:3e:9f:8b:a9
Nov  3 04:07:59 gtw01 dnsmasq-dhcp[12514]: DHCPACK(tapef0975e4-ae) 192.168.120.3 fa:16:3e:9f:8b:a9 host-192-168-120-3
Nov  3 04:08:07 gtw01 dnsmasq-dhcp[12514]: DHCPRELEASE(tapef0975e4-ae) 192.168.120.3 fa:16:3e:9f:8b:a9
Nov  3 04:08:07 gtw01 dnsmasq-dhcp[12514]: DHCPRELEASE(tapef0975e4-ae) 192.168.120.3 fa:16:3e:9f:8b:a9 unknown lease
Nov  3 04:08:08 gtw01 dnsmasq[12514]: read /var/lib/neutron/dhcp/b8d47c75-7672-43c6-9cff-727534f7a0ef/addn_hosts - 2 addresses
Nov  3 04:08:08 gtw01 dnsmasq-dhcp[12514]: read /var/lib/neutron/dhcp/b8d47c75-7672-43c6-9cff-727534f7a0ef/host
Nov  3 04:08:08 gtw01 dnsmasq-dhcp[12514]: read /var/lib/neutron/dhcp/b8d47c75-7672-43c6-9cff-727534f7a0ef/opts
Nov  3 04:08:10 gtw01 dnsmasq[12514]: read /var/lib/neutron/dhcp/b8d47c75-7672-43c6-9cff-727534f7a0ef/addn_hosts - 3 addresses
Nov  3 04:08:10 gtw01 dnsmasq-dhcp[12514]: read /var/lib/neutron/dhcp/b8d47c75-7672-43c6-9cff-727534f7a0ef/host
Nov  3 04:08:10 gtw01 dnsmasq-dhcp[12514]: read /var/lib/neutron/dhcp/b8d47c75-7672-43c6-9cff-727534f7a0ef/opts
Nov  3 04:08:11 gtw01 dnsmasq[12514]: read /var/lib/neutron/dhcp/b8d47c75-7672-43c6-9cff-727534f7a0ef/addn_hosts - 3 addresses
Nov  3 04:08:11 gtw01 dnsmasq-dhcp[12514]: read /var/lib/neutron/dhcp/b8d47c75-7672-43c6-9cff-727534f7a0ef/host
Nov  3 04:08:11 gtw01 dnsmasq-dhcp[12514]: read /var/lib/neutron/dhcp/b8d47c75-7672-43c6-9cff-727534f7a0ef/opts
Nov  3 04:08:12 gtw01 dnsmasq[12514]: read /var/lib/neutron/dhcp/b8d47c75-7672-43c6-9cff-727534f7a0ef/addn_hosts - 3 addresses
Nov  3 04:08:12 gtw01 dnsmasq-dhcp[12514]: read /var/lib/neutron/dhcp/b8d47c75-7672-43c6-9cff-727534f7a0ef/host
Nov  3 04:08:12 gtw01 dnsmasq-dhcp[12514]: read /var/lib/neutron/dhcp/b8d47c75-7672-43c6-9cff-727534f7a0ef/opts
Nov  3 04:08:26 gtw01 dnsmasq-dhcp[12514]: DHCPDISCOVER(tapef0975e4-ae) fa:16:3e:a7:b4:40
Nov  3 04:08:26 gtw01 dnsmasq-dhcp[12514]: DHCPOFFER(tapef0975e4-ae) 192.168.120.15 fa:16:3e:a7:b4:40
Nov  3 04:08:26 gtw01 dnsmasq-dhcp[12514]: DHCPREQUEST(tapef0975e4-ae) 192.168.120.15 fa:16:3e:a7:b4:40
Nov  3 04:08:26 gtw01 dnsmasq-dhcp[12514]: DHCPACK(tapef0975e4-ae) 192.168.120.15 fa:16:3e:a7:b4:40 host-192-168-120-15
Nov  3 04:08:38 gtw01 dnsmasq-dhcp[12514]: DHCPRELEASE(tapef0975e4-ae) 192.168.120.15 fa:16:3e:a7:b4:40
Nov  3 04:08:56 gtw01 dnsmasq[12514]: read /var/lib/neutron/dhcp/b8d47c75-7672-43c6-9cff-727534f7a0ef/addn_hosts - 4 addresses
Nov  3 04:08:56 gtw01 dnsmasq-dhcp[12514]: read /var/lib/neutron/dhcp/b8d47c75-7672-43c6-9cff-727534f7a0ef/host
Nov  3 04:08:56 gtw01 dnsmasq-dhcp[12514]: read /var/lib/neutron/dhcp/b8d47c75-7672-43c6-9cff-727534f7a0ef/opts
Nov  3 04:08:57 gtw01 dnsmasq[12514]: read /var/lib/neutron/dhcp/b8d47c75-7672-43c6-9cff-727534f7a0ef/addn_hosts - 4 addresses
Nov  3 04:08:57 gtw01 dnsmasq-dhcp[12514]: read /var/lib/neutron/dhcp/b8d47c75-7672-43c6-9cff-727534f7a0ef/host
Nov  3 04:08:57 gtw01 dnsmasq-dhcp[12514]: read /var/lib/neutron/dhcp/b8d47c75-7672-43c6-9cff-727534f7a0ef/opts
Nov  3 04:08:58 gtw01 dnsmasq[12514]: read /var/lib/neutron/dhcp/b8d47c75-7672-43c6-9cff-727534f7a0ef/addn_hosts - 4 addresses
Nov  3 04:08:58 gtw01 dnsmasq-dhcp[12514]: read /var/lib/neutron/dhcp/b8d47c75-7672-43c6-9cff-727534f7a0ef/host
Nov  3 04:08:58 gtw01 dnsmasq-dhcp[12514]: read /var/lib/neutron/dhcp/b8d47c75-7672-43c6-9cff-727534f7a0ef/opts
Nov  3 04:09:03 gtw01 dnsmasq[12514]: read /var/lib/neutron/dhcp/b8d47c75-7672-43c6-9cff-727534f7a0ef/addn_hosts - 3 addresses
Nov  3 04:09:03 gtw01 dnsmasq-dhcp[12514]: read /var/lib/neutron/dhcp/b8d47c75-7672-43c6-9cff-727534f7a0ef/host
Nov  3 04:09:03 gtw01 dnsmasq-dhcp[12514]: read /var/lib/neutron/dhcp/b8d47c75-7672-43c6-9cff-727534f7a0ef/opts
Nov  3 04:09:47 gtw01 dnsmasq[12514]: read /var/lib/neutron/dhcp/b8d47c75-7672-43c6-9cff-727534f7a0ef/addn_hosts - 2 addresses
Nov  3 04:09:47 gtw01 dnsmasq-dhcp[12514]: read /var/lib/neutron/dhcp/b8d47c75-7672-43c6-9cff-727534f7a0ef/host
Nov  3 04:09:47 gtw01 dnsmasq-dhcp[12514]: read /var/lib/neutron/dhcp/b8d47c75-7672-43c6-9cff-727534f7a0ef/opts
Nov  3 04:09:56 gtw01 dnsmasq[12514]: read /var/lib/neutron/dhcp/b8d47c75-7672-43c6-9cff-727534f7a0ef/addn_hosts - 3 addresses
Nov  3 04:09:56 gtw01 dnsmasq-dhcp[12514]: read /var/lib/neutron/dhcp/b8d47c75-7672-43c6-9cff-727534f7a0ef/host
Nov  3 04:09:56 gtw01 dnsmasq-dhcp[12514]: read /var/lib/neutron/dhcp/b8d47c75-7672-43c6-9cff-727534f7a0ef/opts
Nov  3 04:09:57 gtw01 dnsmasq[12514]: read /var/lib/neutron/dhcp/b8d47c75-7672-43c6-9cff-727534f7a0ef/addn_hosts - 3 addresses
Nov  3 04:09:57 gtw01 dnsmasq-dhcp[12514]: read /var/lib/neutron/dhcp/b8d47c75-7672-43c6-9cff-727534f7a0ef/host
Nov  3 04:09:57 gtw01 dnsmasq-dhcp[12514]: read /var/lib/neutron/dhcp/b8d47c75-7672-43c6-9cff-727534f7a0ef/opts
Nov  3 04:09:58 gtw01 dnsmasq[12514]: read /var/lib/neutron/dhcp/b8d47c75-7672-43c6-9cff-727534f7a0ef/addn_hosts - 3 addresses
