Nov  3 05:38:11 gtw01 kernel: [12396.941678] device tapb48d889d-01 left promiscuous mode
Nov  3 05:38:11 gtw01 kernel: [12397.113539] device tapa6a96081-00 left promiscuous mode
Nov  3 05:38:11 gtw01 kernel: [12397.195666] device tape5f36627-85 left promiscuous mode
Nov  3 05:38:12 gtw01 kernel: [12397.494964] device tap821d1080-73 left promiscuous mode
Nov  3 05:38:12 gtw01 kernel: [12397.608537] device tap4c158123-4b left promiscuous mode
Nov  3 05:38:13 gtw01 kernel: [12398.567510] device tapb1c1f6f9-c3 left promiscuous mode
Nov  3 05:38:13 gtw01 kernel: [12399.172155] device tapfab9d664-1f left promiscuous mode
Nov  3 05:38:14 gtw01 kernel: [12399.545672] device tap9d3e53fa-28 left promiscuous mode
Nov  3 05:38:14 gtw01 kernel: [12399.712075] device tapb8209c27-cc left promiscuous mode
Nov  3 05:38:46 gtw01 kernel: [12431.350423] device tap5e2586b5-00 entered promiscuous mode
Nov  3 05:38:46 gtw01 systemd-udevd[636]: Could not generate persistent MAC address for tap5e2586b5-00: No such file or directory
Nov  3 05:38:46 gtw01 systemd-udevd[636]: Process '/sbin/ip link set tap5e2586b5-00 txqueuelen 10000' failed with exit code 1.
Nov  3 05:38:46 gtw01 kernel: [12432.200696] device tap6b63cac2-32 entered promiscuous mode
Nov  3 05:38:46 gtw01 systemd-udevd[726]: Could not generate persistent MAC address for tap6b63cac2-32: No such file or directory
Nov  3 05:38:47 gtw01 systemd-udevd[772]: Process '/sbin/ip link set tap6b63cac2-32 txqueuelen 10000' failed with exit code 1.
Nov  3 05:38:47 gtw01 kernel: [12433.031030] device tap11158d4a-dd entered promiscuous mode
Nov  3 05:38:47 gtw01 systemd-udevd[814]: Could not generate persistent MAC address for tap11158d4a-dd: No such file or directory
Nov  3 05:38:47 gtw01 systemd-udevd[859]: Process '/sbin/ip link set tap11158d4a-dd txqueuelen 10000' failed with exit code 1.
Nov  3 05:38:48 gtw01 systemd-udevd[916]: Could not generate persistent MAC address for tap6e311108-28: No such file or directory
Nov  3 05:38:48 gtw01 kernel: [12434.083895] device tap6e311108-28 entered promiscuous mode
Nov  3 05:38:48 gtw01 systemd-udevd[916]: Process '/sbin/ip link set tap6e311108-28 txqueuelen 10000' failed with exit code 1.
Nov  3 05:38:51 gtw01 dnsmasq[1100]: started, version 2.80 cachesize 150
Nov  3 05:38:51 gtw01 dnsmasq[1100]: DNS service limited to local subnets
Nov  3 05:38:51 gtw01 dnsmasq[1100]: compile time options: IPv6 GNU-getopt DBus i18n IDN DHCP DHCPv6 no-Lua TFTP conntrack ipset auth DNSSEC loop-detect inotify dumpfile
Nov  3 05:38:51 gtw01 dnsmasq[1100]: warning: no upstream servers configured
Nov  3 05:38:51 gtw01 dnsmasq-dhcp[1100]: DHCP, static leases only on 1.17.0.0, lease time 1h
Nov  3 05:38:51 gtw01 dnsmasq[1100]: read /var/lib/neutron/dhcp/ef62f4a4-03a5-42f5-8e1f-950690c2315a/addn_hosts - 1 addresses
Nov  3 05:38:51 gtw01 dnsmasq-dhcp[1100]: read /var/lib/neutron/dhcp/ef62f4a4-03a5-42f5-8e1f-950690c2315a/host
Nov  3 05:38:51 gtw01 dnsmasq-dhcp[1100]: read /var/lib/neutron/dhcp/ef62f4a4-03a5-42f5-8e1f-950690c2315a/opts
Nov  3 05:38:52 gtw01 haproxy-metadata-proxy-ef62f4a4-03a5-42f5-8e1f-950690c2315a[1132]: Proxy listener started.
Nov  3 05:38:52 gtw01 kernel: [12438.100839] device tapc5859b33-69 entered promiscuous mode
Nov  3 05:38:52 gtw01 systemd-udevd[1156]: Could not generate persistent MAC address for tapc5859b33-69: No such file or directory
Nov  3 05:38:53 gtw01 kernel: [12438.440931] device tap0977a72c-91 entered promiscuous mode
Nov  3 05:38:53 gtw01 systemd-udevd[1216]: Could not generate persistent MAC address for tap0977a72c-91: No such file or directory
Nov  3 05:38:53 gtw01 kernel: [12438.673112] device tap82681cde-ef entered promiscuous mode
Nov  3 05:38:53 gtw01 systemd-udevd[1270]: Could not generate persistent MAC address for tap82681cde-ef: No such file or directory
Nov  3 05:38:53 gtw01 systemd-udevd[1272]: Process '/sbin/ip link set tapc5859b33-69 txqueuelen 10000' failed with exit code 1.
Nov  3 05:38:53 gtw01 dnsmasq[1329]: started, version 2.80 cachesize 150
Nov  3 05:38:53 gtw01 dnsmasq[1329]: DNS service limited to local subnets
Nov  3 05:38:53 gtw01 dnsmasq[1329]: compile time options: IPv6 GNU-getopt DBus i18n IDN DHCP DHCPv6 no-Lua TFTP conntrack ipset auth DNSSEC loop-detect inotify dumpfile
Nov  3 05:38:53 gtw01 dnsmasq[1329]: warning: no upstream servers configured
Nov  3 05:38:53 gtw01 dnsmasq-dhcp[1329]: DHCP, static leases only on 1.19.0.0, lease time 1h
Nov  3 05:38:53 gtw01 dnsmasq[1329]: read /var/lib/neutron/dhcp/21393731-7c1f-4653-8baf-6b0912b58766/addn_hosts - 1 addresses
Nov  3 05:38:53 gtw01 dnsmasq-dhcp[1329]: read /var/lib/neutron/dhcp/21393731-7c1f-4653-8baf-6b0912b58766/host
Nov  3 05:38:53 gtw01 dnsmasq-dhcp[1329]: read /var/lib/neutron/dhcp/21393731-7c1f-4653-8baf-6b0912b58766/opts
Nov  3 05:38:53 gtw01 systemd-udevd[1336]: Process '/sbin/ip link set tap0977a72c-91 txqueuelen 10000' failed with exit code 1.
Nov  3 05:38:53 gtw01 systemd-udevd[1345]: Process '/sbin/ip link set tap82681cde-ef txqueuelen 10000' failed with exit code 1.
Nov  3 05:38:54 gtw01 kernel: [12439.367588] device tap5e2586b5-00 left promiscuous mode
Nov  3 05:38:54 gtw01 haproxy-metadata-proxy-21393731-7c1f-4653-8baf-6b0912b58766[1375]: Proxy listener started.
Nov  3 05:38:54 gtw01 kernel: [12439.600597] device tap5f2822ff-e5 entered promiscuous mode
Nov  3 05:38:54 gtw01 systemd-udevd[1388]: Process '/sbin/ip link set tap5f2822ff-e5 txqueuelen 10000' failed with exit code 1.
Nov  3 05:38:54 gtw01 systemd-udevd[1443]: Process '/sbin/ip link set tap5f2822ff-e5 txqueuelen 10000' failed with exit code 1.
Nov  3 05:38:55 gtw01 dnsmasq[1482]: started, version 2.80 cachesize 150
Nov  3 05:38:55 gtw01 dnsmasq[1482]: DNS service limited to local subnets
Nov  3 05:38:55 gtw01 dnsmasq[1482]: compile time options: IPv6 GNU-getopt DBus i18n IDN DHCP DHCPv6 no-Lua TFTP conntrack ipset auth DNSSEC loop-detect inotify dumpfile
Nov  3 05:38:55 gtw01 dnsmasq[1482]: warning: no upstream servers configured
Nov  3 05:38:55 gtw01 dnsmasq-dhcp[1482]: DHCP, static leases only on 1.18.0.0, lease time 1h
Nov  3 05:38:55 gtw01 dnsmasq[1482]: read /var/lib/neutron/dhcp/978a933e-9ca0-4460-9433-a9e87004802e/addn_hosts - 1 addresses
Nov  3 05:38:55 gtw01 dnsmasq-dhcp[1482]: read /var/lib/neutron/dhcp/978a933e-9ca0-4460-9433-a9e87004802e/host
Nov  3 05:38:55 gtw01 dnsmasq-dhcp[1482]: read /var/lib/neutron/dhcp/978a933e-9ca0-4460-9433-a9e87004802e/opts
Nov  3 05:38:55 gtw01 haproxy-metadata-proxy-978a933e-9ca0-4460-9433-a9e87004802e[1512]: Proxy listener started.
Nov  3 05:38:56 gtw01 kernel: [12441.292582] device tap6b63cac2-32 left promiscuous mode
Nov  3 05:38:56 gtw01 dnsmasq[1542]: started, version 2.80 cachesize 150
Nov  3 05:38:56 gtw01 dnsmasq[1542]: DNS service limited to local subnets
Nov  3 05:38:56 gtw01 dnsmasq[1542]: compile time options: IPv6 GNU-getopt DBus i18n IDN DHCP DHCPv6 no-Lua TFTP conntrack ipset auth DNSSEC loop-detect inotify dumpfile
Nov  3 05:38:56 gtw01 dnsmasq[1542]: warning: no upstream servers configured
Nov  3 05:38:56 gtw01 dnsmasq-dhcp[1542]: DHCP, static leases only on 1.20.0.0, lease time 1h
Nov  3 05:38:56 gtw01 dnsmasq[1542]: read /var/lib/neutron/dhcp/272695ed-da6d-42ae-b8de-d9eda243a800/addn_hosts - 1 addresses
Nov  3 05:38:56 gtw01 dnsmasq-dhcp[1542]: read /var/lib/neutron/dhcp/272695ed-da6d-42ae-b8de-d9eda243a800/host
Nov  3 05:38:56 gtw01 dnsmasq-dhcp[1542]: read /var/lib/neutron/dhcp/272695ed-da6d-42ae-b8de-d9eda243a800/opts
Nov  3 05:38:57 gtw01 haproxy-metadata-proxy-272695ed-da6d-42ae-b8de-d9eda243a800[1561]: Proxy listener started.
Nov  3 05:38:57 gtw01 kernel: [12442.844908] device tap11158d4a-dd left promiscuous mode
Nov  3 05:38:58 gtw01 kernel: [12443.740573] device tap6e311108-28 left promiscuous mode
Nov  3 05:39:00 gtw01 dnsmasq[1692]: started, version 2.80 cachesize 150
Nov  3 05:39:00 gtw01 dnsmasq[1692]: DNS service limited to local subnets
Nov  3 05:39:00 gtw01 dnsmasq[1692]: compile time options: IPv6 GNU-getopt DBus i18n IDN DHCP DHCPv6 no-Lua TFTP conntrack ipset auth DNSSEC loop-detect inotify dumpfile
Nov  3 05:39:00 gtw01 dnsmasq[1692]: warning: no upstream servers configured
Nov  3 05:39:00 gtw01 dnsmasq-dhcp[1692]: DHCP, static leases only on 1.22.0.0, lease time 1h
Nov  3 05:39:00 gtw01 dnsmasq[1692]: read /var/lib/neutron/dhcp/6c8037a1-7809-4dc3-aa93-0eb57765ca28/addn_hosts - 1 addresses
Nov  3 05:39:00 gtw01 dnsmasq-dhcp[1692]: read /var/lib/neutron/dhcp/6c8037a1-7809-4dc3-aa93-0eb57765ca28/host
Nov  3 05:39:00 gtw01 dnsmasq-dhcp[1692]: read /var/lib/neutron/dhcp/6c8037a1-7809-4dc3-aa93-0eb57765ca28/opts
Nov  3 05:39:00 gtw01 dnsmasq[1700]: started, version 2.80 cachesize 150
Nov  3 05:39:00 gtw01 dnsmasq[1700]: DNS service limited to local subnets
Nov  3 05:39:00 gtw01 dnsmasq[1700]: compile time options: IPv6 GNU-getopt DBus i18n IDN DHCP DHCPv6 no-Lua TFTP conntrack ipset auth DNSSEC loop-detect inotify dumpfile
Nov  3 05:39:00 gtw01 dnsmasq[1700]: warning: no upstream servers configured
Nov  3 05:39:00 gtw01 dnsmasq-dhcp[1700]: DHCP, static leases only on 1.21.0.0, lease time 1h
Nov  3 05:39:00 gtw01 dnsmasq[1700]: read /var/lib/neutron/dhcp/b9f484ce-5d3d-47e9-b639-cc69fcfc205d/addn_hosts - 1 addresses
Nov  3 05:39:00 gtw01 dnsmasq-dhcp[1700]: read /var/lib/neutron/dhcp/b9f484ce-5d3d-47e9-b639-cc69fcfc205d/host
Nov  3 05:39:00 gtw01 dnsmasq-dhcp[1700]: read /var/lib/neutron/dhcp/b9f484ce-5d3d-47e9-b639-cc69fcfc205d/opts
Nov  3 05:39:00 gtw01 haproxy-metadata-proxy-6c8037a1-7809-4dc3-aa93-0eb57765ca28[1706]: Proxy listener started.
Nov  3 05:39:00 gtw01 dnsmasq[1711]: started, version 2.80 cachesize 150
Nov  3 05:39:00 gtw01 dnsmasq[1711]: DNS service limited to local subnets
Nov  3 05:39:00 gtw01 dnsmasq[1711]: compile time options: IPv6 GNU-getopt DBus i18n IDN DHCP DHCPv6 no-Lua TFTP conntrack ipset auth DNSSEC loop-detect inotify dumpfile
Nov  3 05:39:00 gtw01 dnsmasq[1711]: warning: no upstream servers configured
Nov  3 05:39:00 gtw01 dnsmasq-dhcp[1711]: DHCP, static leases only on 1.23.0.0, lease time 1h
Nov  3 05:39:00 gtw01 dnsmasq[1711]: read /var/lib/neutron/dhcp/536174db-a93b-457c-ab5e-9b10126cf72d/addn_hosts - 1 addresses
Nov  3 05:39:00 gtw01 dnsmasq-dhcp[1711]: read /var/lib/neutron/dhcp/536174db-a93b-457c-ab5e-9b10126cf72d/host
Nov  3 05:39:00 gtw01 dnsmasq-dhcp[1711]: read /var/lib/neutron/dhcp/536174db-a93b-457c-ab5e-9b10126cf72d/opts
Nov  3 05:39:00 gtw01 haproxy-metadata-proxy-b9f484ce-5d3d-47e9-b639-cc69fcfc205d[1716]: Proxy listener started.
Nov  3 05:39:00 gtw01 haproxy-metadata-proxy-536174db-a93b-457c-ab5e-9b10126cf72d[1722]: Proxy listener started.
Nov  3 05:39:00 gtw01 dnsmasq[1729]: started, version 2.80 cachesize 150
Nov  3 05:39:00 gtw01 dnsmasq[1729]: DNS service limited to local subnets
Nov  3 05:39:00 gtw01 dnsmasq[1729]: compile time options: IPv6 GNU-getopt DBus i18n IDN DHCP DHCPv6 no-Lua TFTP conntrack ipset auth DNSSEC loop-detect inotify dumpfile
Nov  3 05:39:00 gtw01 dnsmasq[1729]: warning: no upstream servers configured
Nov  3 05:39:00 gtw01 dnsmasq-dhcp[1729]: DHCP, static leases only on 1.24.0.0, lease time 1h
Nov  3 05:39:00 gtw01 dnsmasq[1729]: read /var/lib/neutron/dhcp/bfad25d9-5950-4607-8a9c-2f1365397e7b/addn_hosts - 1 addresses
Nov  3 05:39:00 gtw01 dnsmasq-dhcp[1729]: read /var/lib/neutron/dhcp/bfad25d9-5950-4607-8a9c-2f1365397e7b/host
Nov  3 05:39:00 gtw01 dnsmasq-dhcp[1729]: read /var/lib/neutron/dhcp/bfad25d9-5950-4607-8a9c-2f1365397e7b/opts
Nov  3 05:39:01 gtw01 haproxy-metadata-proxy-bfad25d9-5950-4607-8a9c-2f1365397e7b[1743]: Proxy listener started.
Nov  3 05:39:01 gtw01 kernel: [12446.584795] device tapc5859b33-69 left promiscuous mode
Nov  3 05:39:01 gtw01 kernel: [12446.873433] device tap0977a72c-91 left promiscuous mode
Nov  3 05:39:01 gtw01 kernel: [12446.904894] device tap82681cde-ef left promiscuous mode
Nov  3 05:39:01 gtw01 kernel: [12447.200081] device tap5f2822ff-e5 left promiscuous mode
Nov  3 05:40:11 gtw01 kernel: [12517.142985] device tap48cb42ad-0c entered promiscuous mode
Nov  3 05:40:11 gtw01 systemd-udevd[1786]: Could not generate persistent MAC address for tap48cb42ad-0c: No such file or directory
Nov  3 05:40:11 gtw01 systemd-udevd[1831]: Process '/sbin/ip link set tap48cb42ad-0c txqueuelen 10000' failed with exit code 1.
Nov  3 05:40:13 gtw01 kernel: [12518.881655] device tap6ae2b497-3c entered promiscuous mode
Nov  3 05:40:13 gtw01 systemd-udevd[1884]: Could not generate persistent MAC address for tap6ae2b497-3c: No such file or directory
Nov  3 05:40:13 gtw01 systemd-udevd[1929]: Process '/sbin/ip link set tap6ae2b497-3c txqueuelen 10000' failed with exit code 1.
Nov  3 05:40:15 gtw01 kernel: [12520.272581] device tap2318decb-e9 entered promiscuous mode
Nov  3 05:40:15 gtw01 systemd-udevd[1993]: Could not generate persistent MAC address for tap2318decb-e9: No such file or directory
Nov  3 05:40:15 gtw01 systemd-udevd[2040]: Process '/sbin/ip link set tap2318decb-e9 txqueuelen 10000' failed with exit code 1.
Nov  3 05:40:15 gtw01 dnsmasq[2085]: started, version 2.80 cachesize 150
Nov  3 05:40:15 gtw01 dnsmasq[2085]: DNS service limited to local subnets
Nov  3 05:40:15 gtw01 dnsmasq[2085]: compile time options: IPv6 GNU-getopt DBus i18n IDN DHCP DHCPv6 no-Lua TFTP conntrack ipset auth DNSSEC loop-detect inotify dumpfile
Nov  3 05:40:15 gtw01 dnsmasq[2085]: warning: no upstream servers configured
Nov  3 05:40:15 gtw01 dnsmasq-dhcp[2085]: DHCP, static leases only on 10.2.23.0, lease time 1h
Nov  3 05:40:15 gtw01 dnsmasq[2085]: read /var/lib/neutron/dhcp/ea440e84-2e71-4c97-9933-927d37afc65f/addn_hosts - 1 addresses
Nov  3 05:40:15 gtw01 dnsmasq-dhcp[2085]: read /var/lib/neutron/dhcp/ea440e84-2e71-4c97-9933-927d37afc65f/host
Nov  3 05:40:15 gtw01 dnsmasq-dhcp[2085]: read /var/lib/neutron/dhcp/ea440e84-2e71-4c97-9933-927d37afc65f/opts
Nov  3 05:40:16 gtw01 haproxy-metadata-proxy-ea440e84-2e71-4c97-9933-927d37afc65f[2101]: Proxy listener started.
Nov  3 05:40:17 gtw01 dnsmasq[2085]: read /var/lib/neutron/dhcp/ea440e84-2e71-4c97-9933-927d37afc65f/addn_hosts - 2 addresses
Nov  3 05:40:17 gtw01 dnsmasq-dhcp[2085]: read /var/lib/neutron/dhcp/ea440e84-2e71-4c97-9933-927d37afc65f/host
Nov  3 05:40:17 gtw01 dnsmasq-dhcp[2085]: read /var/lib/neutron/dhcp/ea440e84-2e71-4c97-9933-927d37afc65f/opts
Nov  3 05:40:18 gtw01 dnsmasq[2178]: started, version 2.80 cachesize 150
Nov  3 05:40:18 gtw01 dnsmasq[2178]: DNS service limited to local subnets
Nov  3 05:40:18 gtw01 dnsmasq[2178]: compile time options: IPv6 GNU-getopt DBus i18n IDN DHCP DHCPv6 no-Lua TFTP conntrack ipset auth DNSSEC loop-detect inotify dumpfile
Nov  3 05:40:18 gtw01 dnsmasq[2178]: warning: no upstream servers configured
Nov  3 05:40:18 gtw01 dnsmasq-dhcp[2178]: DHCP, static leases only on 10.2.24.0, lease time 1h
Nov  3 05:40:18 gtw01 dnsmasq[2178]: read /var/lib/neutron/dhcp/ca2c603d-e618-4f19-a6c0-a894328032d0/addn_hosts - 1 addresses
Nov  3 05:40:18 gtw01 dnsmasq-dhcp[2178]: read /var/lib/neutron/dhcp/ca2c603d-e618-4f19-a6c0-a894328032d0/host
Nov  3 05:40:18 gtw01 dnsmasq-dhcp[2178]: read /var/lib/neutron/dhcp/ca2c603d-e618-4f19-a6c0-a894328032d0/opts
Nov  3 05:40:18 gtw01 haproxy-metadata-proxy-ca2c603d-e618-4f19-a6c0-a894328032d0[2190]: Proxy listener started.
Nov  3 05:40:18 gtw01 dnsmasq[2085]: read /var/lib/neutron/dhcp/ea440e84-2e71-4c97-9933-927d37afc65f/addn_hosts - 2 addresses
Nov  3 05:40:18 gtw01 dnsmasq-dhcp[2085]: read /var/lib/neutron/dhcp/ea440e84-2e71-4c97-9933-927d37afc65f/host
Nov  3 05:40:18 gtw01 dnsmasq-dhcp[2085]: read /var/lib/neutron/dhcp/ea440e84-2e71-4c97-9933-927d37afc65f/opts
Nov  3 05:40:19 gtw01 dnsmasq[2220]: started, version 2.80 cachesize 150
Nov  3 05:40:19 gtw01 dnsmasq[2220]: DNS service limited to local subnets
Nov  3 05:40:19 gtw01 dnsmasq[2220]: compile time options: IPv6 GNU-getopt DBus i18n IDN DHCP DHCPv6 no-Lua TFTP conntrack ipset auth DNSSEC loop-detect inotify dumpfile
Nov  3 05:40:19 gtw01 dnsmasq[2220]: warning: no upstream servers configured
Nov  3 05:40:19 gtw01 dnsmasq-dhcp[2220]: DHCP, static leases only on 10.2.25.0, lease time 1h
Nov  3 05:40:19 gtw01 dnsmasq[2220]: read /var/lib/neutron/dhcp/d87cd007-2212-4526-8a27-99ad60ae4a24/addn_hosts - 1 addresses
Nov  3 05:40:19 gtw01 dnsmasq-dhcp[2220]: read /var/lib/neutron/dhcp/d87cd007-2212-4526-8a27-99ad60ae4a24/host
Nov  3 05:40:19 gtw01 dnsmasq-dhcp[2220]: read /var/lib/neutron/dhcp/d87cd007-2212-4526-8a27-99ad60ae4a24/opts
Nov  3 05:40:19 gtw01 haproxy-metadata-proxy-d87cd007-2212-4526-8a27-99ad60ae4a24[2233]: Proxy listener started.
Nov  3 05:40:19 gtw01 dnsmasq[2178]: read /var/lib/neutron/dhcp/ca2c603d-e618-4f19-a6c0-a894328032d0/addn_hosts - 1 addresses
Nov  3 05:40:19 gtw01 dnsmasq-dhcp[2178]: read /var/lib/neutron/dhcp/ca2c603d-e618-4f19-a6c0-a894328032d0/host
Nov  3 05:40:19 gtw01 dnsmasq-dhcp[2178]: read /var/lib/neutron/dhcp/ca2c603d-e618-4f19-a6c0-a894328032d0/opts
Nov  3 05:40:19 gtw01 dnsmasq[2085]: read /var/lib/neutron/dhcp/ea440e84-2e71-4c97-9933-927d37afc65f/addn_hosts - 3 addresses
Nov  3 05:40:19 gtw01 dnsmasq-dhcp[2085]: read /var/lib/neutron/dhcp/ea440e84-2e71-4c97-9933-927d37afc65f/host
Nov  3 05:40:19 gtw01 dnsmasq-dhcp[2085]: read /var/lib/neutron/dhcp/ea440e84-2e71-4c97-9933-927d37afc65f/opts
Nov  3 05:40:20 gtw01 dnsmasq[2178]: read /var/lib/neutron/dhcp/ca2c603d-e618-4f19-a6c0-a894328032d0/addn_hosts - 1 addresses
Nov  3 05:40:20 gtw01 dnsmasq-dhcp[2178]: read /var/lib/neutron/dhcp/ca2c603d-e618-4f19-a6c0-a894328032d0/host
Nov  3 05:40:20 gtw01 dnsmasq-dhcp[2178]: read /var/lib/neutron/dhcp/ca2c603d-e618-4f19-a6c0-a894328032d0/opts
Nov  3 05:40:20 gtw01 dnsmasq[2085]: read /var/lib/neutron/dhcp/ea440e84-2e71-4c97-9933-927d37afc65f/addn_hosts - 3 addresses
Nov  3 05:40:20 gtw01 dnsmasq-dhcp[2085]: read /var/lib/neutron/dhcp/ea440e84-2e71-4c97-9933-927d37afc65f/host
Nov  3 05:40:20 gtw01 dnsmasq-dhcp[2085]: read /var/lib/neutron/dhcp/ea440e84-2e71-4c97-9933-927d37afc65f/opts
Nov  3 05:40:20 gtw01 dnsmasq[2220]: read /var/lib/neutron/dhcp/d87cd007-2212-4526-8a27-99ad60ae4a24/addn_hosts - 2 addresses
Nov  3 05:40:20 gtw01 dnsmasq-dhcp[2220]: read /var/lib/neutron/dhcp/d87cd007-2212-4526-8a27-99ad60ae4a24/host
Nov  3 05:40:20 gtw01 dnsmasq-dhcp[2220]: read /var/lib/neutron/dhcp/d87cd007-2212-4526-8a27-99ad60ae4a24/opts
Nov  3 05:40:22 gtw01 dnsmasq[2178]: read /var/lib/neutron/dhcp/ca2c603d-e618-4f19-a6c0-a894328032d0/addn_hosts - 2 addresses
Nov  3 05:40:22 gtw01 dnsmasq-dhcp[2178]: read /var/lib/neutron/dhcp/ca2c603d-e618-4f19-a6c0-a894328032d0/host
Nov  3 05:40:22 gtw01 dnsmasq-dhcp[2178]: read /var/lib/neutron/dhcp/ca2c603d-e618-4f19-a6c0-a894328032d0/opts
Nov  3 05:40:22 gtw01 dnsmasq[2085]: read /var/lib/neutron/dhcp/ea440e84-2e71-4c97-9933-927d37afc65f/addn_hosts - 4 addresses
Nov  3 05:40:22 gtw01 dnsmasq-dhcp[2085]: read /var/lib/neutron/dhcp/ea440e84-2e71-4c97-9933-927d37afc65f/host
Nov  3 05:40:22 gtw01 dnsmasq-dhcp[2085]: read /var/lib/neutron/dhcp/ea440e84-2e71-4c97-9933-927d37afc65f/opts
Nov  3 05:40:22 gtw01 dnsmasq[2220]: read /var/lib/neutron/dhcp/d87cd007-2212-4526-8a27-99ad60ae4a24/addn_hosts - 2 addresses
Nov  3 05:40:22 gtw01 dnsmasq-dhcp[2220]: read /var/lib/neutron/dhcp/d87cd007-2212-4526-8a27-99ad60ae4a24/host
Nov  3 05:40:22 gtw01 dnsmasq-dhcp[2220]: read /var/lib/neutron/dhcp/d87cd007-2212-4526-8a27-99ad60ae4a24/opts
Nov  3 05:40:23 gtw01 dnsmasq[2178]: read /var/lib/neutron/dhcp/ca2c603d-e618-4f19-a6c0-a894328032d0/addn_hosts - 3 addresses
Nov  3 05:40:23 gtw01 dnsmasq-dhcp[2178]: read /var/lib/neutron/dhcp/ca2c603d-e618-4f19-a6c0-a894328032d0/host
Nov  3 05:40:23 gtw01 dnsmasq-dhcp[2178]: read /var/lib/neutron/dhcp/ca2c603d-e618-4f19-a6c0-a894328032d0/opts
Nov  3 05:40:23 gtw01 dnsmasq[2085]: read /var/lib/neutron/dhcp/ea440e84-2e71-4c97-9933-927d37afc65f/addn_hosts - 4 addresses
Nov  3 05:40:23 gtw01 dnsmasq-dhcp[2085]: read /var/lib/neutron/dhcp/ea440e84-2e71-4c97-9933-927d37afc65f/host
Nov  3 05:40:23 gtw01 dnsmasq-dhcp[2085]: read /var/lib/neutron/dhcp/ea440e84-2e71-4c97-9933-927d37afc65f/opts
Nov  3 05:40:23 gtw01 dnsmasq[2220]: read /var/lib/neutron/dhcp/d87cd007-2212-4526-8a27-99ad60ae4a24/addn_hosts - 2 addresses
Nov  3 05:40:23 gtw01 dnsmasq-dhcp[2220]: read /var/lib/neutron/dhcp/d87cd007-2212-4526-8a27-99ad60ae4a24/host
Nov  3 05:40:23 gtw01 dnsmasq-dhcp[2220]: read /var/lib/neutron/dhcp/d87cd007-2212-4526-8a27-99ad60ae4a24/opts
Nov  3 05:40:24 gtw01 dnsmasq[2178]: read /var/lib/neutron/dhcp/ca2c603d-e618-4f19-a6c0-a894328032d0/addn_hosts - 4 addresses
Nov  3 05:40:24 gtw01 dnsmasq-dhcp[2178]: read /var/lib/neutron/dhcp/ca2c603d-e618-4f19-a6c0-a894328032d0/host
Nov  3 05:40:24 gtw01 dnsmasq-dhcp[2178]: read /var/lib/neutron/dhcp/ca2c603d-e618-4f19-a6c0-a894328032d0/opts
Nov  3 05:40:24 gtw01 dnsmasq[2085]: read /var/lib/neutron/dhcp/ea440e84-2e71-4c97-9933-927d37afc65f/addn_hosts - 3 addresses
Nov  3 05:40:24 gtw01 dnsmasq-dhcp[2085]: read /var/lib/neutron/dhcp/ea440e84-2e71-4c97-9933-927d37afc65f/host
Nov  3 05:40:24 gtw01 dnsmasq-dhcp[2085]: read /var/lib/neutron/dhcp/ea440e84-2e71-4c97-9933-927d37afc65f/opts
Nov  3 05:40:24 gtw01 dnsmasq[2220]: read /var/lib/neutron/dhcp/d87cd007-2212-4526-8a27-99ad60ae4a24/addn_hosts - 3 addresses
Nov  3 05:40:24 gtw01 dnsmasq-dhcp[2220]: read /var/lib/neutron/dhcp/d87cd007-2212-4526-8a27-99ad60ae4a24/host
Nov  3 05:40:24 gtw01 dnsmasq-dhcp[2220]: read /var/lib/neutron/dhcp/d87cd007-2212-4526-8a27-99ad60ae4a24/opts
Nov  3 05:40:26 gtw01 dnsmasq[2178]: read /var/lib/neutron/dhcp/ca2c603d-e618-4f19-a6c0-a894328032d0/addn_hosts - 5 addresses
Nov  3 05:40:26 gtw01 dnsmasq-dhcp[2178]: read /var/lib/neutron/dhcp/ca2c603d-e618-4f19-a6c0-a894328032d0/host
Nov  3 05:40:26 gtw01 dnsmasq-dhcp[2178]: read /var/lib/neutron/dhcp/ca2c603d-e618-4f19-a6c0-a894328032d0/opts
Nov  3 05:40:26 gtw01 dnsmasq[2220]: read /var/lib/neutron/dhcp/d87cd007-2212-4526-8a27-99ad60ae4a24/addn_hosts - 3 addresses
Nov  3 05:40:26 gtw01 dnsmasq-dhcp[2220]: read /var/lib/neutron/dhcp/d87cd007-2212-4526-8a27-99ad60ae4a24/host
Nov  3 05:40:26 gtw01 dnsmasq-dhcp[2220]: read /var/lib/neutron/dhcp/d87cd007-2212-4526-8a27-99ad60ae4a24/opts
Nov  3 05:40:26 gtw01 dnsmasq[2085]: read /var/lib/neutron/dhcp/ea440e84-2e71-4c97-9933-927d37afc65f/addn_hosts - 2 addresses
Nov  3 05:40:26 gtw01 dnsmasq-dhcp[2085]: read /var/lib/neutron/dhcp/ea440e84-2e71-4c97-9933-927d37afc65f/host
Nov  3 05:40:26 gtw01 dnsmasq-dhcp[2085]: read /var/lib/neutron/dhcp/ea440e84-2e71-4c97-9933-927d37afc65f/opts
Nov  3 05:40:27 gtw01 dnsmasq[2178]: read /var/lib/neutron/dhcp/ca2c603d-e618-4f19-a6c0-a894328032d0/addn_hosts - 5 addresses
Nov  3 05:40:27 gtw01 dnsmasq-dhcp[2178]: read /var/lib/neutron/dhcp/ca2c603d-e618-4f19-a6c0-a894328032d0/host
Nov  3 05:40:27 gtw01 dnsmasq-dhcp[2178]: read /var/lib/neutron/dhcp/ca2c603d-e618-4f19-a6c0-a894328032d0/opts
Nov  3 05:40:27 gtw01 dnsmasq[2220]: read /var/lib/neutron/dhcp/d87cd007-2212-4526-8a27-99ad60ae4a24/addn_hosts - 2 addresses
Nov  3 05:40:27 gtw01 dnsmasq-dhcp[2220]: read /var/lib/neutron/dhcp/d87cd007-2212-4526-8a27-99ad60ae4a24/host
Nov  3 05:40:27 gtw01 dnsmasq-dhcp[2220]: read /var/lib/neutron/dhcp/d87cd007-2212-4526-8a27-99ad60ae4a24/opts
Nov  3 05:40:27 gtw01 dnsmasq[2085]: read /var/lib/neutron/dhcp/ea440e84-2e71-4c97-9933-927d37afc65f/addn_hosts - 1 addresses
Nov  3 05:40:27 gtw01 dnsmasq-dhcp[2085]: read /var/lib/neutron/dhcp/ea440e84-2e71-4c97-9933-927d37afc65f/host
Nov  3 05:40:27 gtw01 dnsmasq-dhcp[2085]: read /var/lib/neutron/dhcp/ea440e84-2e71-4c97-9933-927d37afc65f/opts
Nov  3 05:40:28 gtw01 dnsmasq[2178]: read /var/lib/neutron/dhcp/ca2c603d-e618-4f19-a6c0-a894328032d0/addn_hosts - 4 addresses
Nov  3 05:40:28 gtw01 dnsmasq-dhcp[2178]: read /var/lib/neutron/dhcp/ca2c603d-e618-4f19-a6c0-a894328032d0/host
Nov  3 05:40:28 gtw01 dnsmasq-dhcp[2178]: read /var/lib/neutron/dhcp/ca2c603d-e618-4f19-a6c0-a894328032d0/opts
Nov  3 05:40:28 gtw01 dnsmasq[2220]: read /var/lib/neutron/dhcp/d87cd007-2212-4526-8a27-99ad60ae4a24/addn_hosts - 1 addresses
Nov  3 05:40:28 gtw01 dnsmasq-dhcp[2220]: read /var/lib/neutron/dhcp/d87cd007-2212-4526-8a27-99ad60ae4a24/host
Nov  3 05:40:28 gtw01 dnsmasq-dhcp[2220]: read /var/lib/neutron/dhcp/d87cd007-2212-4526-8a27-99ad60ae4a24/opts
Nov  3 05:40:29 gtw01 dnsmasq[2178]: read /var/lib/neutron/dhcp/ca2c603d-e618-4f19-a6c0-a894328032d0/addn_hosts - 3 addresses
Nov  3 05:40:29 gtw01 dnsmasq-dhcp[2178]: read /var/lib/neutron/dhcp/ca2c603d-e618-4f19-a6c0-a894328032d0/host
Nov  3 05:40:29 gtw01 dnsmasq-dhcp[2178]: read /var/lib/neutron/dhcp/ca2c603d-e618-4f19-a6c0-a894328032d0/opts
Nov  3 05:40:30 gtw01 dnsmasq[2178]: read /var/lib/neutron/dhcp/ca2c603d-e618-4f19-a6c0-a894328032d0/addn_hosts - 2 addresses
Nov  3 05:40:30 gtw01 dnsmasq-dhcp[2178]: read /var/lib/neutron/dhcp/ca2c603d-e618-4f19-a6c0-a894328032d0/host
Nov  3 05:40:30 gtw01 dnsmasq-dhcp[2178]: read /var/lib/neutron/dhcp/ca2c603d-e618-4f19-a6c0-a894328032d0/opts
Nov  3 05:40:31 gtw01 dnsmasq[2178]: read /var/lib/neutron/dhcp/ca2c603d-e618-4f19-a6c0-a894328032d0/addn_hosts - 1 addresses
Nov  3 05:40:31 gtw01 dnsmasq-dhcp[2178]: read /var/lib/neutron/dhcp/ca2c603d-e618-4f19-a6c0-a894328032d0/host
Nov  3 05:40:31 gtw01 dnsmasq-dhcp[2178]: read /var/lib/neutron/dhcp/ca2c603d-e618-4f19-a6c0-a894328032d0/opts
Nov  3 05:40:40 gtw01 dnsmasq[2085]: read /var/lib/neutron/dhcp/ea440e84-2e71-4c97-9933-927d37afc65f/addn_hosts - 1 addresses
Nov  3 05:40:40 gtw01 dnsmasq-dhcp[2085]: read /var/lib/neutron/dhcp/ea440e84-2e71-4c97-9933-927d37afc65f/host
Nov  3 05:40:40 gtw01 dnsmasq-dhcp[2085]: read /var/lib/neutron/dhcp/ea440e84-2e71-4c97-9933-927d37afc65f/opts
Nov  3 05:40:41 gtw01 kernel: [12546.956244] device tap48cb42ad-0c left promiscuous mode
Nov  3 05:40:44 gtw01 dnsmasq[2178]: read /var/lib/neutron/dhcp/ca2c603d-e618-4f19-a6c0-a894328032d0/addn_hosts - 1 addresses
Nov  3 05:40:44 gtw01 dnsmasq-dhcp[2178]: read /var/lib/neutron/dhcp/ca2c603d-e618-4f19-a6c0-a894328032d0/host
Nov  3 05:40:44 gtw01 dnsmasq-dhcp[2178]: read /var/lib/neutron/dhcp/ca2c603d-e618-4f19-a6c0-a894328032d0/opts
Nov  3 05:40:45 gtw01 kernel: [12550.485419] device tap6ae2b497-3c left promiscuous mode
Nov  3 05:40:47 gtw01 dnsmasq[2220]: read /var/lib/neutron/dhcp/d87cd007-2212-4526-8a27-99ad60ae4a24/addn_hosts - 1 addresses
Nov  3 05:40:47 gtw01 dnsmasq-dhcp[2220]: read /var/lib/neutron/dhcp/d87cd007-2212-4526-8a27-99ad60ae4a24/host
Nov  3 05:40:47 gtw01 dnsmasq-dhcp[2220]: read /var/lib/neutron/dhcp/d87cd007-2212-4526-8a27-99ad60ae4a24/opts
Nov  3 05:40:48 gtw01 kernel: [12553.622235] device tap2318decb-e9 left promiscuous mode
Nov  3 05:41:04 gtw01 kernel: [12570.182899] device tapcf2c1b99-bc entered promiscuous mode
Nov  3 05:41:05 gtw01 systemd-udevd[2732]: Could not generate persistent MAC address for tapcf2c1b99-bc: No such file or directory
Nov  3 05:41:05 gtw01 systemd-udevd[2732]: Process '/sbin/ip link set tapcf2c1b99-bc txqueuelen 10000' failed with exit code 1.
Nov  3 05:41:05 gtw01 systemd-udevd[2785]: Process '/sbin/ip link set tapcf2c1b99-bc txqueuelen 10000' failed with exit code 1.
Nov  3 05:41:05 gtw01 systemd-udevd[2817]: Could not generate persistent MAC address for tap76600e03-92: No such file or directory
Nov  3 05:41:05 gtw01 kernel: [12570.997558] device tap76600e03-92 entered promiscuous mode
Nov  3 05:41:05 gtw01 systemd-udevd[2817]: Process '/sbin/ip link set tap76600e03-92 txqueuelen 10000' failed with exit code 1.
Nov  3 05:41:07 gtw01 kernel: [12572.612627] device tap53046a35-df entered promiscuous mode
Nov  3 05:41:07 gtw01 systemd-udevd[2935]: Could not generate persistent MAC address for tap53046a35-df: No such file or directory
Nov  3 05:41:07 gtw01 systemd-udevd[2980]: Process '/sbin/ip link set tap53046a35-df txqueuelen 10000' failed with exit code 1.
Nov  3 05:41:07 gtw01 kernel: [12573.001573] device tap7db05b5c-a8 entered promiscuous mode
Nov  3 05:41:07 gtw01 systemd-udevd[3007]: Could not generate persistent MAC address for tap7db05b5c-a8: No such file or directory
Nov  3 05:41:07 gtw01 systemd-udevd[3057]: Process '/sbin/ip link set tap7db05b5c-a8 txqueuelen 10000' failed with exit code 1.
Nov  3 05:41:10 gtw01 dnsmasq[3161]: started, version 2.80 cachesize 150
Nov  3 05:41:10 gtw01 dnsmasq[3161]: DNS service limited to local subnets
Nov  3 05:41:10 gtw01 dnsmasq[3161]: compile time options: IPv6 GNU-getopt DBus i18n IDN DHCP DHCPv6 no-Lua TFTP conntrack ipset auth DNSSEC loop-detect inotify dumpfile
Nov  3 05:41:10 gtw01 dnsmasq[3161]: warning: no upstream servers configured
Nov  3 05:41:10 gtw01 dnsmasq-dhcp[3161]: DHCP, static leases only on 1.1.0.108, lease time 1h
Nov  3 05:41:10 gtw01 dnsmasq[3161]: read /var/lib/neutron/dhcp/79613a04-e876-4e88-ab8b-c6e7fd27e316/addn_hosts - 1 addresses
Nov  3 05:41:10 gtw01 dnsmasq-dhcp[3161]: read /var/lib/neutron/dhcp/79613a04-e876-4e88-ab8b-c6e7fd27e316/host
Nov  3 05:41:10 gtw01 dnsmasq-dhcp[3161]: read /var/lib/neutron/dhcp/79613a04-e876-4e88-ab8b-c6e7fd27e316/opts
Nov  3 05:41:10 gtw01 haproxy-metadata-proxy-79613a04-e876-4e88-ab8b-c6e7fd27e316[3176]: Proxy listener started.
Nov  3 05:41:11 gtw01 dnsmasq[3209]: started, version 2.80 cachesize 150
Nov  3 05:41:11 gtw01 dnsmasq[3209]: DNS service limited to local subnets
Nov  3 05:41:11 gtw01 dnsmasq[3209]: compile time options: IPv6 GNU-getopt DBus i18n IDN DHCP DHCPv6 no-Lua TFTP conntrack ipset auth DNSSEC loop-detect inotify dumpfile
Nov  3 05:41:11 gtw01 dnsmasq[3209]: warning: no upstream servers configured
Nov  3 05:41:11 gtw01 dnsmasq-dhcp[3209]: DHCP, static leases only on 1.1.0.104, lease time 1h
Nov  3 05:41:11 gtw01 dnsmasq[3209]: read /var/lib/neutron/dhcp/121b3ad2-d0a1-440c-9bd4-165acaa3e109/addn_hosts - 1 addresses
Nov  3 05:41:11 gtw01 dnsmasq-dhcp[3209]: read /var/lib/neutron/dhcp/121b3ad2-d0a1-440c-9bd4-165acaa3e109/host
Nov  3 05:41:11 gtw01 dnsmasq-dhcp[3209]: read /var/lib/neutron/dhcp/121b3ad2-d0a1-440c-9bd4-165acaa3e109/opts
Nov  3 05:41:11 gtw01 dnsmasq[3161]: read /var/lib/neutron/dhcp/79613a04-e876-4e88-ab8b-c6e7fd27e316/addn_hosts - 1 addresses
Nov  3 05:41:11 gtw01 dnsmasq-dhcp[3161]: read /var/lib/neutron/dhcp/79613a04-e876-4e88-ab8b-c6e7fd27e316/host
Nov  3 05:41:11 gtw01 dnsmasq-dhcp[3161]: read /var/lib/neutron/dhcp/79613a04-e876-4e88-ab8b-c6e7fd27e316/opts
Nov  3 05:41:11 gtw01 haproxy-metadata-proxy-121b3ad2-d0a1-440c-9bd4-165acaa3e109[3224]: Proxy listener started.
Nov  3 05:41:12 gtw01 dnsmasq[3248]: started, version 2.80 cachesize 150
Nov  3 05:41:12 gtw01 dnsmasq[3248]: DNS service limited to local subnets
Nov  3 05:41:12 gtw01 dnsmasq[3248]: compile time options: IPv6 GNU-getopt DBus i18n IDN DHCP DHCPv6 no-Lua TFTP conntrack ipset auth DNSSEC loop-detect inotify dumpfile
Nov  3 05:41:12 gtw01 dnsmasq[3248]: warning: no upstream servers configured
Nov  3 05:41:12 gtw01 dnsmasq-dhcp[3248]: DHCP, static leases only on 1.1.0.112, lease time 1h
Nov  3 05:41:12 gtw01 dnsmasq[3248]: read /var/lib/neutron/dhcp/24ffa878-2a24-4383-9e52-c98c6440b0a7/addn_hosts - 1 addresses
Nov  3 05:41:12 gtw01 dnsmasq-dhcp[3248]: read /var/lib/neutron/dhcp/24ffa878-2a24-4383-9e52-c98c6440b0a7/host
Nov  3 05:41:12 gtw01 dnsmasq-dhcp[3248]: read /var/lib/neutron/dhcp/24ffa878-2a24-4383-9e52-c98c6440b0a7/opts
Nov  3 05:41:13 gtw01 haproxy-metadata-proxy-24ffa878-2a24-4383-9e52-c98c6440b0a7[3264]: Proxy listener started.
Nov  3 05:41:13 gtw01 dnsmasq[3274]: started, version 2.80 cachesize 150
Nov  3 05:41:13 gtw01 dnsmasq[3274]: DNS service limited to local subnets
Nov  3 05:41:13 gtw01 dnsmasq[3274]: compile time options: IPv6 GNU-getopt DBus i18n IDN DHCP DHCPv6 no-Lua TFTP conntrack ipset auth DNSSEC loop-detect inotify dumpfile
Nov  3 05:41:13 gtw01 dnsmasq[3274]: warning: no upstream servers configured
Nov  3 05:41:13 gtw01 dnsmasq-dhcp[3274]: DHCP, static leases only on 1.1.0.116, lease time 1h
Nov  3 05:41:13 gtw01 dnsmasq[3274]: read /var/lib/neutron/dhcp/bfbcd7b5-28e2-4aeb-ab17-c566432fe1b7/addn_hosts - 1 addresses
Nov  3 05:41:13 gtw01 dnsmasq[3209]: read /var/lib/neutron/dhcp/121b3ad2-d0a1-440c-9bd4-165acaa3e109/addn_hosts - 1 addresses
Nov  3 05:41:13 gtw01 dnsmasq-dhcp[3209]: read /var/lib/neutron/dhcp/121b3ad2-d0a1-440c-9bd4-165acaa3e109/host
Nov  3 05:41:13 gtw01 dnsmasq-dhcp[3209]: read /var/lib/neutron/dhcp/121b3ad2-d0a1-440c-9bd4-165acaa3e109/opts
Nov  3 05:41:13 gtw01 dnsmasq-dhcp[3274]: read /var/lib/neutron/dhcp/bfbcd7b5-28e2-4aeb-ab17-c566432fe1b7/host
Nov  3 05:41:13 gtw01 dnsmasq-dhcp[3274]: read /var/lib/neutron/dhcp/bfbcd7b5-28e2-4aeb-ab17-c566432fe1b7/opts
Nov  3 05:41:13 gtw01 dnsmasq[3161]: read /var/lib/neutron/dhcp/79613a04-e876-4e88-ab8b-c6e7fd27e316/addn_hosts - 1 addresses
Nov  3 05:41:13 gtw01 dnsmasq-dhcp[3161]: read /var/lib/neutron/dhcp/79613a04-e876-4e88-ab8b-c6e7fd27e316/host
Nov  3 05:41:13 gtw01 dnsmasq-dhcp[3161]: read /var/lib/neutron/dhcp/79613a04-e876-4e88-ab8b-c6e7fd27e316/opts
Nov  3 05:41:13 gtw01 haproxy-metadata-proxy-bfbcd7b5-28e2-4aeb-ab17-c566432fe1b7[3286]: Proxy listener started.
Nov  3 05:41:14 gtw01 dnsmasq[3248]: read /var/lib/neutron/dhcp/24ffa878-2a24-4383-9e52-c98c6440b0a7/addn_hosts - 2 addresses
Nov  3 05:41:14 gtw01 dnsmasq-dhcp[3248]: read /var/lib/neutron/dhcp/24ffa878-2a24-4383-9e52-c98c6440b0a7/host
Nov  3 05:41:14 gtw01 dnsmasq-dhcp[3248]: read /var/lib/neutron/dhcp/24ffa878-2a24-4383-9e52-c98c6440b0a7/opts
Nov  3 05:41:15 gtw01 dnsmasq[3274]: read /var/lib/neutron/dhcp/bfbcd7b5-28e2-4aeb-ab17-c566432fe1b7/addn_hosts - 2 addresses
Nov  3 05:41:15 gtw01 dnsmasq-dhcp[3274]: read /var/lib/neutron/dhcp/bfbcd7b5-28e2-4aeb-ab17-c566432fe1b7/host
Nov  3 05:41:15 gtw01 dnsmasq-dhcp[3274]: read /var/lib/neutron/dhcp/bfbcd7b5-28e2-4aeb-ab17-c566432fe1b7/opts
Nov  3 05:41:15 gtw01 dnsmasq[3209]: read /var/lib/neutron/dhcp/121b3ad2-d0a1-440c-9bd4-165acaa3e109/addn_hosts - 1 addresses
Nov  3 05:41:15 gtw01 dnsmasq-dhcp[3209]: read /var/lib/neutron/dhcp/121b3ad2-d0a1-440c-9bd4-165acaa3e109/host
Nov  3 05:41:15 gtw01 dnsmasq-dhcp[3209]: read /var/lib/neutron/dhcp/121b3ad2-d0a1-440c-9bd4-165acaa3e109/opts
Nov  3 05:41:15 gtw01 dnsmasq[3161]: read /var/lib/neutron/dhcp/79613a04-e876-4e88-ab8b-c6e7fd27e316/addn_hosts - 2 addresses
Nov  3 05:41:15 gtw01 dnsmasq-dhcp[3161]: read /var/lib/neutron/dhcp/79613a04-e876-4e88-ab8b-c6e7fd27e316/host
Nov  3 05:41:15 gtw01 dnsmasq-dhcp[3161]: read /var/lib/neutron/dhcp/79613a04-e876-4e88-ab8b-c6e7fd27e316/opts
Nov  3 05:41:16 gtw01 dnsmasq[3248]: read /var/lib/neutron/dhcp/24ffa878-2a24-4383-9e52-c98c6440b0a7/addn_hosts - 2 addresses
Nov  3 05:41:16 gtw01 dnsmasq-dhcp[3248]: read /var/lib/neutron/dhcp/24ffa878-2a24-4383-9e52-c98c6440b0a7/host
Nov  3 05:41:16 gtw01 dnsmasq-dhcp[3248]: read /var/lib/neutron/dhcp/24ffa878-2a24-4383-9e52-c98c6440b0a7/opts
Nov  3 05:41:17 gtw01 kernel: [12582.816556] device tap9b4472ef-02 entered promiscuous mode
Nov  3 05:41:17 gtw01 systemd-udevd[3428]: Could not generate persistent MAC address for tap9b4472ef-02: No such file or directory
Nov  3 05:41:17 gtw01 systemd-udevd[3473]: Process '/sbin/ip link set tap9b4472ef-02 txqueuelen 10000' failed with exit code 1.
Nov  3 05:41:17 gtw01 dnsmasq[3209]: read /var/lib/neutron/dhcp/121b3ad2-d0a1-440c-9bd4-165acaa3e109/addn_hosts - 2 addresses
Nov  3 05:41:17 gtw01 dnsmasq-dhcp[3209]: read /var/lib/neutron/dhcp/121b3ad2-d0a1-440c-9bd4-165acaa3e109/host
Nov  3 05:41:17 gtw01 dnsmasq-dhcp[3209]: read /var/lib/neutron/dhcp/121b3ad2-d0a1-440c-9bd4-165acaa3e109/opts
Nov  3 05:41:17 gtw01 dnsmasq[3161]: read /var/lib/neutron/dhcp/79613a04-e876-4e88-ab8b-c6e7fd27e316/addn_hosts - 2 addresses
Nov  3 05:41:17 gtw01 dnsmasq-dhcp[3161]: read /var/lib/neutron/dhcp/79613a04-e876-4e88-ab8b-c6e7fd27e316/host
Nov  3 05:41:17 gtw01 dnsmasq-dhcp[3161]: read /var/lib/neutron/dhcp/79613a04-e876-4e88-ab8b-c6e7fd27e316/opts
Nov  3 05:41:17 gtw01 dnsmasq[3274]: read /var/lib/neutron/dhcp/bfbcd7b5-28e2-4aeb-ab17-c566432fe1b7/addn_hosts - 2 addresses
Nov  3 05:41:17 gtw01 dnsmasq-dhcp[3274]: read /var/lib/neutron/dhcp/bfbcd7b5-28e2-4aeb-ab17-c566432fe1b7/host
Nov  3 05:41:17 gtw01 dnsmasq-dhcp[3274]: read /var/lib/neutron/dhcp/bfbcd7b5-28e2-4aeb-ab17-c566432fe1b7/opts
Nov  3 05:41:18 gtw01 kernel: [12583.662782] device tapc45e9e1f-04 entered promiscuous mode
Nov  3 05:41:18 gtw01 systemd-udevd[3515]: Process '/sbin/ip link set tapc45e9e1f-04 txqueuelen 10000' failed with exit code 1.
Nov  3 05:41:18 gtw01 systemd-udevd[3515]: Process '/sbin/ip link set tapc45e9e1f-04 txqueuelen 10000' failed with exit code 1.
Nov  3 05:41:19 gtw01 dnsmasq[3248]: read /var/lib/neutron/dhcp/24ffa878-2a24-4383-9e52-c98c6440b0a7/addn_hosts - 2 addresses
Nov  3 05:41:19 gtw01 dnsmasq-dhcp[3248]: read /var/lib/neutron/dhcp/24ffa878-2a24-4383-9e52-c98c6440b0a7/host
Nov  3 05:41:19 gtw01 dnsmasq-dhcp[3248]: read /var/lib/neutron/dhcp/24ffa878-2a24-4383-9e52-c98c6440b0a7/opts
Nov  3 05:41:20 gtw01 dnsmasq[3209]: read /var/lib/neutron/dhcp/121b3ad2-d0a1-440c-9bd4-165acaa3e109/addn_hosts - 2 addresses
Nov  3 05:41:20 gtw01 dnsmasq-dhcp[3209]: read /var/lib/neutron/dhcp/121b3ad2-d0a1-440c-9bd4-165acaa3e109/host
Nov  3 05:41:20 gtw01 dnsmasq-dhcp[3209]: read /var/lib/neutron/dhcp/121b3ad2-d0a1-440c-9bd4-165acaa3e109/opts
Nov  3 05:41:20 gtw01 dnsmasq[3161]: read /var/lib/neutron/dhcp/79613a04-e876-4e88-ab8b-c6e7fd27e316/addn_hosts - 2 addresses
Nov  3 05:41:20 gtw01 dnsmasq-dhcp[3161]: read /var/lib/neutron/dhcp/79613a04-e876-4e88-ab8b-c6e7fd27e316/host
Nov  3 05:41:20 gtw01 dnsmasq-dhcp[3161]: read /var/lib/neutron/dhcp/79613a04-e876-4e88-ab8b-c6e7fd27e316/opts
Nov  3 05:41:20 gtw01 dnsmasq[3274]: read /var/lib/neutron/dhcp/bfbcd7b5-28e2-4aeb-ab17-c566432fe1b7/addn_hosts - 2 addresses
Nov  3 05:41:20 gtw01 dnsmasq-dhcp[3274]: read /var/lib/neutron/dhcp/bfbcd7b5-28e2-4aeb-ab17-c566432fe1b7/host
Nov  3 05:41:20 gtw01 dnsmasq-dhcp[3274]: read /var/lib/neutron/dhcp/bfbcd7b5-28e2-4aeb-ab17-c566432fe1b7/opts
Nov  3 05:41:22 gtw01 dnsmasq[3248]: read /var/lib/neutron/dhcp/24ffa878-2a24-4383-9e52-c98c6440b0a7/addn_hosts - 2 addresses
Nov  3 05:41:22 gtw01 dnsmasq-dhcp[3248]: read /var/lib/neutron/dhcp/24ffa878-2a24-4383-9e52-c98c6440b0a7/host
Nov  3 05:41:22 gtw01 dnsmasq-dhcp[3248]: read /var/lib/neutron/dhcp/24ffa878-2a24-4383-9e52-c98c6440b0a7/opts
Nov  3 05:41:22 gtw01 dnsmasq[3209]: read /var/lib/neutron/dhcp/121b3ad2-d0a1-440c-9bd4-165acaa3e109/addn_hosts - 2 addresses
Nov  3 05:41:22 gtw01 dnsmasq-dhcp[3209]: read /var/lib/neutron/dhcp/121b3ad2-d0a1-440c-9bd4-165acaa3e109/host
Nov  3 05:41:22 gtw01 dnsmasq-dhcp[3209]: read /var/lib/neutron/dhcp/121b3ad2-d0a1-440c-9bd4-165acaa3e109/opts
Nov  3 05:41:23 gtw01 dnsmasq[3161]: read /var/lib/neutron/dhcp/79613a04-e876-4e88-ab8b-c6e7fd27e316/addn_hosts - 1 addresses
Nov  3 05:41:23 gtw01 dnsmasq-dhcp[3161]: read /var/lib/neutron/dhcp/79613a04-e876-4e88-ab8b-c6e7fd27e316/host
Nov  3 05:41:23 gtw01 dnsmasq-dhcp[3161]: read /var/lib/neutron/dhcp/79613a04-e876-4e88-ab8b-c6e7fd27e316/opts
Nov  3 05:41:24 gtw01 dnsmasq[3274]: read /var/lib/neutron/dhcp/bfbcd7b5-28e2-4aeb-ab17-c566432fe1b7/addn_hosts - 2 addresses
Nov  3 05:41:24 gtw01 dnsmasq-dhcp[3274]: read /var/lib/neutron/dhcp/bfbcd7b5-28e2-4aeb-ab17-c566432fe1b7/host
Nov  3 05:41:24 gtw01 dnsmasq-dhcp[3274]: read /var/lib/neutron/dhcp/bfbcd7b5-28e2-4aeb-ab17-c566432fe1b7/opts
Nov  3 05:41:25 gtw01 dnsmasq[3248]: read /var/lib/neutron/dhcp/24ffa878-2a24-4383-9e52-c98c6440b0a7/addn_hosts - 2 addresses
Nov  3 05:41:25 gtw01 dnsmasq-dhcp[3248]: read /var/lib/neutron/dhcp/24ffa878-2a24-4383-9e52-c98c6440b0a7/host
Nov  3 05:41:25 gtw01 dnsmasq-dhcp[3248]: read /var/lib/neutron/dhcp/24ffa878-2a24-4383-9e52-c98c6440b0a7/opts
Nov  3 05:41:26 gtw01 kernel: [12591.708491] device tapd5911ed4-ba entered promiscuous mode
Nov  3 05:41:26 gtw01 systemd-udevd[3862]: Could not generate persistent MAC address for tapd5911ed4-ba: No such file or directory
Nov  3 05:41:26 gtw01 dnsmasq[3209]: read /var/lib/neutron/dhcp/121b3ad2-d0a1-440c-9bd4-165acaa3e109/addn_hosts - 1 addresses
Nov  3 05:41:26 gtw01 dnsmasq-dhcp[3209]: read /var/lib/neutron/dhcp/121b3ad2-d0a1-440c-9bd4-165acaa3e109/host
Nov  3 05:41:26 gtw01 dnsmasq-dhcp[3209]: read /var/lib/neutron/dhcp/121b3ad2-d0a1-440c-9bd4-165acaa3e109/opts
Nov  3 05:41:26 gtw01 systemd-udevd[3913]: Could not generate persistent MAC address for tapebedfcb1-3e: No such file or directory
Nov  3 05:41:26 gtw01 kernel: [12591.960498] device tapebedfcb1-3e entered promiscuous mode
Nov  3 05:41:26 gtw01 systemd-udevd[3937]: Process '/sbin/ip link set tapd5911ed4-ba txqueuelen 10000' failed with exit code 1.
Nov  3 05:41:27 gtw01 systemd-udevd[3986]: Process '/sbin/ip link set tapebedfcb1-3e txqueuelen 10000' failed with exit code 1.
Nov  3 05:41:27 gtw01 dnsmasq[3996]: started, version 2.80 cachesize 150
Nov  3 05:41:27 gtw01 dnsmasq[3996]: DNS service limited to local subnets
Nov  3 05:41:27 gtw01 dnsmasq[3996]: compile time options: IPv6 GNU-getopt DBus i18n IDN DHCP DHCPv6 no-Lua TFTP conntrack ipset auth DNSSEC loop-detect inotify dumpfile
Nov  3 05:41:27 gtw01 dnsmasq[3996]: warning: no upstream servers configured
Nov  3 05:41:27 gtw01 dnsmasq-dhcp[3996]: DHCP, static leases only on 1.1.0.124, lease time 1h
Nov  3 05:41:27 gtw01 dnsmasq[3996]: read /var/lib/neutron/dhcp/b2a78f3c-cc07-42a0-a2f0-eff2b7275518/addn_hosts - 1 addresses
Nov  3 05:41:27 gtw01 dnsmasq-dhcp[3996]: read /var/lib/neutron/dhcp/b2a78f3c-cc07-42a0-a2f0-eff2b7275518/host
Nov  3 05:41:27 gtw01 dnsmasq-dhcp[3996]: read /var/lib/neutron/dhcp/b2a78f3c-cc07-42a0-a2f0-eff2b7275518/opts
Nov  3 05:41:27 gtw01 dnsmasq[3274]: read /var/lib/neutron/dhcp/bfbcd7b5-28e2-4aeb-ab17-c566432fe1b7/addn_hosts - 2 addresses
Nov  3 05:41:27 gtw01 dnsmasq-dhcp[3274]: read /var/lib/neutron/dhcp/bfbcd7b5-28e2-4aeb-ab17-c566432fe1b7/host
Nov  3 05:41:27 gtw01 dnsmasq-dhcp[3274]: read /var/lib/neutron/dhcp/bfbcd7b5-28e2-4aeb-ab17-c566432fe1b7/opts
Nov  3 05:41:27 gtw01 dnsmasq[4018]: started, version 2.80 cachesize 150
Nov  3 05:41:27 gtw01 dnsmasq[4018]: DNS service limited to local subnets
Nov  3 05:41:27 gtw01 dnsmasq[4018]: compile time options: IPv6 GNU-getopt DBus i18n IDN DHCP DHCPv6 no-Lua TFTP conntrack ipset auth DNSSEC loop-detect inotify dumpfile
Nov  3 05:41:27 gtw01 dnsmasq[4018]: warning: no upstream servers configured
Nov  3 05:41:27 gtw01 dnsmasq-dhcp[4018]: DHCP, static leases only on 1.1.0.120, lease time 1h
Nov  3 05:41:27 gtw01 dnsmasq[4018]: read /var/lib/neutron/dhcp/a4dc9b14-936c-4d1f-8c47-80cb6978dbf1/addn_hosts - 1 addresses
Nov  3 05:41:27 gtw01 dnsmasq-dhcp[4018]: read /var/lib/neutron/dhcp/a4dc9b14-936c-4d1f-8c47-80cb6978dbf1/host
Nov  3 05:41:27 gtw01 dnsmasq-dhcp[4018]: read /var/lib/neutron/dhcp/a4dc9b14-936c-4d1f-8c47-80cb6978dbf1/opts
Nov  3 05:41:28 gtw01 haproxy-metadata-proxy-b2a78f3c-cc07-42a0-a2f0-eff2b7275518[4028]: Proxy listener started.
Nov  3 05:41:28 gtw01 haproxy-metadata-proxy-a4dc9b14-936c-4d1f-8c47-80cb6978dbf1[4047]: Proxy listener started.
Nov  3 05:41:29 gtw01 dnsmasq[3248]: read /var/lib/neutron/dhcp/24ffa878-2a24-4383-9e52-c98c6440b0a7/addn_hosts - 1 addresses
Nov  3 05:41:29 gtw01 dnsmasq-dhcp[3248]: read /var/lib/neutron/dhcp/24ffa878-2a24-4383-9e52-c98c6440b0a7/host
Nov  3 05:41:29 gtw01 dnsmasq-dhcp[3248]: read /var/lib/neutron/dhcp/24ffa878-2a24-4383-9e52-c98c6440b0a7/opts
Nov  3 05:41:30 gtw01 dnsmasq[3274]: read /var/lib/neutron/dhcp/bfbcd7b5-28e2-4aeb-ab17-c566432fe1b7/addn_hosts - 1 addresses
Nov  3 05:41:30 gtw01 dnsmasq-dhcp[3274]: read /var/lib/neutron/dhcp/bfbcd7b5-28e2-4aeb-ab17-c566432fe1b7/host
Nov  3 05:41:30 gtw01 dnsmasq-dhcp[3274]: read /var/lib/neutron/dhcp/bfbcd7b5-28e2-4aeb-ab17-c566432fe1b7/opts
Nov  3 05:41:30 gtw01 dnsmasq[4018]: read /var/lib/neutron/dhcp/a4dc9b14-936c-4d1f-8c47-80cb6978dbf1/addn_hosts - 1 addresses
Nov  3 05:41:30 gtw01 dnsmasq-dhcp[4018]: read /var/lib/neutron/dhcp/a4dc9b14-936c-4d1f-8c47-80cb6978dbf1/host
Nov  3 05:41:30 gtw01 dnsmasq-dhcp[4018]: read /var/lib/neutron/dhcp/a4dc9b14-936c-4d1f-8c47-80cb6978dbf1/opts
Nov  3 05:41:30 gtw01 kernel: [12596.132314] device tap2fbabb86-15 entered promiscuous mode
Nov  3 05:41:30 gtw01 systemd-udevd[4137]: Could not generate persistent MAC address for tap2fbabb86-15: No such file or directory
Nov  3 05:41:31 gtw01 dnsmasq[3996]: read /var/lib/neutron/dhcp/b2a78f3c-cc07-42a0-a2f0-eff2b7275518/addn_hosts - 1 addresses
Nov  3 05:41:31 gtw01 dnsmasq-dhcp[3996]: read /var/lib/neutron/dhcp/b2a78f3c-cc07-42a0-a2f0-eff2b7275518/host
Nov  3 05:41:31 gtw01 dnsmasq-dhcp[3996]: read /var/lib/neutron/dhcp/b2a78f3c-cc07-42a0-a2f0-eff2b7275518/opts
Nov  3 05:41:31 gtw01 systemd-udevd[4214]: Process '/sbin/ip link set tap2fbabb86-15 txqueuelen 10000' failed with exit code 1.
Nov  3 05:41:32 gtw01 kernel: [12598.208480] device tap7735d8f6-61 entered promiscuous mode
Nov  3 05:41:33 gtw01 systemd-udevd[4322]: Process '/sbin/ip link set tap7735d8f6-61 txqueuelen 10000' failed with exit code 1.
Nov  3 05:41:33 gtw01 dnsmasq[4018]: read /var/lib/neutron/dhcp/a4dc9b14-936c-4d1f-8c47-80cb6978dbf1/addn_hosts - 1 addresses
Nov  3 05:41:33 gtw01 dnsmasq-dhcp[4018]: read /var/lib/neutron/dhcp/a4dc9b14-936c-4d1f-8c47-80cb6978dbf1/host
Nov  3 05:41:33 gtw01 dnsmasq-dhcp[4018]: read /var/lib/neutron/dhcp/a4dc9b14-936c-4d1f-8c47-80cb6978dbf1/opts
Nov  3 05:41:33 gtw01 dnsmasq[3996]: read /var/lib/neutron/dhcp/b2a78f3c-cc07-42a0-a2f0-eff2b7275518/addn_hosts - 1 addresses
Nov  3 05:41:33 gtw01 dnsmasq-dhcp[3996]: read /var/lib/neutron/dhcp/b2a78f3c-cc07-42a0-a2f0-eff2b7275518/host
Nov  3 05:41:33 gtw01 dnsmasq-dhcp[3996]: read /var/lib/neutron/dhcp/b2a78f3c-cc07-42a0-a2f0-eff2b7275518/opts
Nov  3 05:41:35 gtw01 dnsmasq[4018]: read /var/lib/neutron/dhcp/a4dc9b14-936c-4d1f-8c47-80cb6978dbf1/addn_hosts - 2 addresses
Nov  3 05:41:35 gtw01 dnsmasq-dhcp[4018]: read /var/lib/neutron/dhcp/a4dc9b14-936c-4d1f-8c47-80cb6978dbf1/host
Nov  3 05:41:35 gtw01 dnsmasq-dhcp[4018]: read /var/lib/neutron/dhcp/a4dc9b14-936c-4d1f-8c47-80cb6978dbf1/opts
Nov  3 05:41:35 gtw01 dnsmasq[4444]: started, version 2.80 cachesize 150
Nov  3 05:41:35 gtw01 dnsmasq[4444]: DNS service limited to local subnets
Nov  3 05:41:35 gtw01 dnsmasq[4444]: compile time options: IPv6 GNU-getopt DBus i18n IDN DHCP DHCPv6 no-Lua TFTP conntrack ipset auth DNSSEC loop-detect inotify dumpfile
Nov  3 05:41:35 gtw01 dnsmasq[4444]: warning: no upstream servers configured
Nov  3 05:41:35 gtw01 dnsmasq-dhcp[4444]: DHCP, static leases only on 1.1.0.132, lease time 1h
Nov  3 05:41:35 gtw01 dnsmasq[4444]: read /var/lib/neutron/dhcp/d43f41b2-fe04-47f0-91ce-7e9c72cd2382/addn_hosts - 1 addresses
Nov  3 05:41:35 gtw01 dnsmasq-dhcp[4444]: read /var/lib/neutron/dhcp/d43f41b2-fe04-47f0-91ce-7e9c72cd2382/host
Nov  3 05:41:35 gtw01 dnsmasq-dhcp[4444]: read /var/lib/neutron/dhcp/d43f41b2-fe04-47f0-91ce-7e9c72cd2382/opts
Nov  3 05:41:36 gtw01 dnsmasq[4452]: started, version 2.80 cachesize 150
Nov  3 05:41:36 gtw01 dnsmasq[4452]: DNS service limited to local subnets
Nov  3 05:41:36 gtw01 dnsmasq[4452]: compile time options: IPv6 GNU-getopt DBus i18n IDN DHCP DHCPv6 no-Lua TFTP conntrack ipset auth DNSSEC loop-detect inotify dumpfile
Nov  3 05:41:36 gtw01 dnsmasq[4452]: warning: no upstream servers configured
Nov  3 05:41:36 gtw01 dnsmasq-dhcp[4452]: DHCP, static leases only on 1.1.0.128, lease time 1h
Nov  3 05:41:36 gtw01 dnsmasq[4452]: read /var/lib/neutron/dhcp/5e3d0bc8-5fe7-44af-98c6-24e17bcc9813/addn_hosts - 1 addresses
Nov  3 05:41:36 gtw01 dnsmasq-dhcp[4452]: read /var/lib/neutron/dhcp/5e3d0bc8-5fe7-44af-98c6-24e17bcc9813/host
Nov  3 05:41:36 gtw01 dnsmasq-dhcp[4452]: read /var/lib/neutron/dhcp/5e3d0bc8-5fe7-44af-98c6-24e17bcc9813/opts
Nov  3 05:41:36 gtw01 dnsmasq[3996]: read /var/lib/neutron/dhcp/b2a78f3c-cc07-42a0-a2f0-eff2b7275518/addn_hosts - 2 addresses
Nov  3 05:41:36 gtw01 dnsmasq-dhcp[3996]: read /var/lib/neutron/dhcp/b2a78f3c-cc07-42a0-a2f0-eff2b7275518/host
Nov  3 05:41:36 gtw01 dnsmasq-dhcp[3996]: read /var/lib/neutron/dhcp/b2a78f3c-cc07-42a0-a2f0-eff2b7275518/opts
Nov  3 05:41:36 gtw01 haproxy-metadata-proxy-d43f41b2-fe04-47f0-91ce-7e9c72cd2382[4467]: Proxy listener started.
Nov  3 05:41:36 gtw01 haproxy-metadata-proxy-5e3d0bc8-5fe7-44af-98c6-24e17bcc9813[4477]: Proxy listener started.
Nov  3 05:41:37 gtw01 dnsmasq[4018]: read /var/lib/neutron/dhcp/a4dc9b14-936c-4d1f-8c47-80cb6978dbf1/addn_hosts - 2 addresses
Nov  3 05:41:37 gtw01 dnsmasq-dhcp[4018]: read /var/lib/neutron/dhcp/a4dc9b14-936c-4d1f-8c47-80cb6978dbf1/host
Nov  3 05:41:37 gtw01 dnsmasq-dhcp[4018]: read /var/lib/neutron/dhcp/a4dc9b14-936c-4d1f-8c47-80cb6978dbf1/opts
Nov  3 05:41:38 gtw01 dnsmasq[4444]: read /var/lib/neutron/dhcp/d43f41b2-fe04-47f0-91ce-7e9c72cd2382/addn_hosts - 1 addresses
Nov  3 05:41:38 gtw01 dnsmasq-dhcp[4444]: read /var/lib/neutron/dhcp/d43f41b2-fe04-47f0-91ce-7e9c72cd2382/host
Nov  3 05:41:38 gtw01 dnsmasq-dhcp[4444]: read /var/lib/neutron/dhcp/d43f41b2-fe04-47f0-91ce-7e9c72cd2382/opts
Nov  3 05:41:38 gtw01 dnsmasq[4452]: read /var/lib/neutron/dhcp/5e3d0bc8-5fe7-44af-98c6-24e17bcc9813/addn_hosts - 1 addresses
Nov  3 05:41:38 gtw01 dnsmasq-dhcp[4452]: read /var/lib/neutron/dhcp/5e3d0bc8-5fe7-44af-98c6-24e17bcc9813/host
Nov  3 05:41:38 gtw01 dnsmasq-dhcp[4452]: read /var/lib/neutron/dhcp/5e3d0bc8-5fe7-44af-98c6-24e17bcc9813/opts
Nov  3 05:41:38 gtw01 dnsmasq[3996]: read /var/lib/neutron/dhcp/b2a78f3c-cc07-42a0-a2f0-eff2b7275518/addn_hosts - 2 addresses
Nov  3 05:41:38 gtw01 dnsmasq-dhcp[3996]: read /var/lib/neutron/dhcp/b2a78f3c-cc07-42a0-a2f0-eff2b7275518/host
Nov  3 05:41:38 gtw01 dnsmasq-dhcp[3996]: read /var/lib/neutron/dhcp/b2a78f3c-cc07-42a0-a2f0-eff2b7275518/opts
Nov  3 05:41:40 gtw01 dnsmasq[4608]: started, version 2.80 cachesize 150
Nov  3 05:41:40 gtw01 dnsmasq[4608]: DNS service limited to local subnets
Nov  3 05:41:40 gtw01 dnsmasq[4608]: compile time options: IPv6 GNU-getopt DBus i18n IDN DHCP DHCPv6 no-Lua TFTP conntrack ipset auth DNSSEC loop-detect inotify dumpfile
Nov  3 05:41:40 gtw01 dnsmasq[4608]: warning: no upstream servers configured
Nov  3 05:41:40 gtw01 dnsmasq-dhcp[4608]: DHCP, static leases only on 1.1.0.136, lease time 1h
