Nov  3 04:59:13 gtw01 dnsmasq-dhcp[23154]: read /var/lib/neutron/dhcp/db8c2e27-dd25-4b29-845e-898d852fe2b7/opts
Nov  3 04:59:16 gtw01 dnsmasq-dhcp[23154]: DHCPDISCOVER(tapee7fff71-ab) fa:16:3e:c3:46:fd
Nov  3 04:59:16 gtw01 dnsmasq-dhcp[23154]: DHCPOFFER(tapee7fff71-ab) 192.168.120.9 fa:16:3e:c3:46:fd
Nov  3 04:59:16 gtw01 dnsmasq-dhcp[23154]: DHCPREQUEST(tapee7fff71-ab) 192.168.120.9 fa:16:3e:c3:46:fd
Nov  3 04:59:16 gtw01 dnsmasq-dhcp[23154]: DHCPACK(tapee7fff71-ab) 192.168.120.9 fa:16:3e:c3:46:fd host-192-168-120-9
Nov  3 04:59:23 gtw01 dnsmasq-dhcp[23154]: DHCPDISCOVER(tapee7fff71-ab) fa:16:3e:f1:a5:17
Nov  3 04:59:23 gtw01 dnsmasq-dhcp[23154]: DHCPOFFER(tapee7fff71-ab) 192.168.120.28 fa:16:3e:f1:a5:17
Nov  3 04:59:23 gtw01 dnsmasq-dhcp[23154]: DHCPREQUEST(tapee7fff71-ab) 192.168.120.28 fa:16:3e:f1:a5:17
Nov  3 04:59:23 gtw01 dnsmasq-dhcp[23154]: DHCPACK(tapee7fff71-ab) 192.168.120.28 fa:16:3e:f1:a5:17 host-192-168-120-28
Nov  3 04:59:28 gtw01 dnsmasq-dhcp[23154]: DHCPRELEASE(tapee7fff71-ab) 192.168.120.9 fa:16:3e:c3:46:fd
Nov  3 04:59:28 gtw01 dnsmasq-dhcp[23154]: DHCPRELEASE(tapee7fff71-ab) 192.168.120.9 fa:16:3e:c3:46:fd unknown lease
Nov  3 04:59:29 gtw01 dnsmasq[23154]: read /var/lib/neutron/dhcp/db8c2e27-dd25-4b29-845e-898d852fe2b7/addn_hosts - 3 addresses
Nov  3 04:59:29 gtw01 dnsmasq-dhcp[23154]: read /var/lib/neutron/dhcp/db8c2e27-dd25-4b29-845e-898d852fe2b7/host
Nov  3 04:59:29 gtw01 dnsmasq-dhcp[23154]: read /var/lib/neutron/dhcp/db8c2e27-dd25-4b29-845e-898d852fe2b7/opts
Nov  3 04:59:34 gtw01 dnsmasq-dhcp[23154]: DHCPRELEASE(tapee7fff71-ab) 192.168.120.28 fa:16:3e:f1:a5:17
Nov  3 04:59:34 gtw01 dnsmasq-dhcp[23154]: DHCPRELEASE(tapee7fff71-ab) 192.168.120.28 fa:16:3e:f1:a5:17 unknown lease
Nov  3 04:59:35 gtw01 dnsmasq[23154]: read /var/lib/neutron/dhcp/db8c2e27-dd25-4b29-845e-898d852fe2b7/addn_hosts - 2 addresses
Nov  3 04:59:35 gtw01 dnsmasq-dhcp[23154]: read /var/lib/neutron/dhcp/db8c2e27-dd25-4b29-845e-898d852fe2b7/host
Nov  3 04:59:35 gtw01 dnsmasq-dhcp[23154]: read /var/lib/neutron/dhcp/db8c2e27-dd25-4b29-845e-898d852fe2b7/opts
Nov  3 05:00:11 gtw01 dnsmasq[23154]: read /var/lib/neutron/dhcp/db8c2e27-dd25-4b29-845e-898d852fe2b7/addn_hosts - 3 addresses
Nov  3 05:00:11 gtw01 dnsmasq-dhcp[23154]: read /var/lib/neutron/dhcp/db8c2e27-dd25-4b29-845e-898d852fe2b7/host
Nov  3 05:00:11 gtw01 dnsmasq-dhcp[23154]: read /var/lib/neutron/dhcp/db8c2e27-dd25-4b29-845e-898d852fe2b7/opts
Nov  3 05:00:12 gtw01 dnsmasq[23154]: read /var/lib/neutron/dhcp/db8c2e27-dd25-4b29-845e-898d852fe2b7/addn_hosts - 4 addresses
Nov  3 05:00:12 gtw01 dnsmasq-dhcp[23154]: read /var/lib/neutron/dhcp/db8c2e27-dd25-4b29-845e-898d852fe2b7/host
Nov  3 05:00:12 gtw01 dnsmasq-dhcp[23154]: read /var/lib/neutron/dhcp/db8c2e27-dd25-4b29-845e-898d852fe2b7/opts
Nov  3 05:00:13 gtw01 dnsmasq[23154]: read /var/lib/neutron/dhcp/db8c2e27-dd25-4b29-845e-898d852fe2b7/addn_hosts - 5 addresses
Nov  3 05:00:13 gtw01 dnsmasq-dhcp[23154]: read /var/lib/neutron/dhcp/db8c2e27-dd25-4b29-845e-898d852fe2b7/host
Nov  3 05:00:13 gtw01 dnsmasq-dhcp[23154]: read /var/lib/neutron/dhcp/db8c2e27-dd25-4b29-845e-898d852fe2b7/opts
Nov  3 05:00:14 gtw01 dnsmasq[23154]: read /var/lib/neutron/dhcp/db8c2e27-dd25-4b29-845e-898d852fe2b7/addn_hosts - 6 addresses
Nov  3 05:00:14 gtw01 dnsmasq-dhcp[23154]: read /var/lib/neutron/dhcp/db8c2e27-dd25-4b29-845e-898d852fe2b7/host
Nov  3 05:00:14 gtw01 dnsmasq-dhcp[23154]: read /var/lib/neutron/dhcp/db8c2e27-dd25-4b29-845e-898d852fe2b7/opts
Nov  3 05:00:15 gtw01 dnsmasq[23154]: read /var/lib/neutron/dhcp/db8c2e27-dd25-4b29-845e-898d852fe2b7/addn_hosts - 6 addresses
Nov  3 05:00:15 gtw01 dnsmasq-dhcp[23154]: read /var/lib/neutron/dhcp/db8c2e27-dd25-4b29-845e-898d852fe2b7/host
Nov  3 05:00:15 gtw01 dnsmasq-dhcp[23154]: read /var/lib/neutron/dhcp/db8c2e27-dd25-4b29-845e-898d852fe2b7/opts
Nov  3 05:00:17 gtw01 dnsmasq[23154]: read /var/lib/neutron/dhcp/db8c2e27-dd25-4b29-845e-898d852fe2b7/addn_hosts - 6 addresses
Nov  3 05:00:17 gtw01 dnsmasq-dhcp[23154]: read /var/lib/neutron/dhcp/db8c2e27-dd25-4b29-845e-898d852fe2b7/host
Nov  3 05:00:17 gtw01 dnsmasq-dhcp[23154]: read /var/lib/neutron/dhcp/db8c2e27-dd25-4b29-845e-898d852fe2b7/opts
Nov  3 05:00:18 gtw01 dnsmasq[23154]: read /var/lib/neutron/dhcp/db8c2e27-dd25-4b29-845e-898d852fe2b7/addn_hosts - 6 addresses
Nov  3 05:00:18 gtw01 dnsmasq-dhcp[23154]: read /var/lib/neutron/dhcp/db8c2e27-dd25-4b29-845e-898d852fe2b7/host
Nov  3 05:00:18 gtw01 dnsmasq-dhcp[23154]: read /var/lib/neutron/dhcp/db8c2e27-dd25-4b29-845e-898d852fe2b7/opts
Nov  3 05:00:19 gtw01 dnsmasq[23154]: read /var/lib/neutron/dhcp/db8c2e27-dd25-4b29-845e-898d852fe2b7/addn_hosts - 6 addresses
Nov  3 05:00:19 gtw01 dnsmasq-dhcp[23154]: read /var/lib/neutron/dhcp/db8c2e27-dd25-4b29-845e-898d852fe2b7/host
Nov  3 05:00:19 gtw01 dnsmasq-dhcp[23154]: read /var/lib/neutron/dhcp/db8c2e27-dd25-4b29-845e-898d852fe2b7/opts
Nov  3 05:00:20 gtw01 dnsmasq[23154]: read /var/lib/neutron/dhcp/db8c2e27-dd25-4b29-845e-898d852fe2b7/addn_hosts - 6 addresses
Nov  3 05:00:20 gtw01 dnsmasq-dhcp[23154]: read /var/lib/neutron/dhcp/db8c2e27-dd25-4b29-845e-898d852fe2b7/host
Nov  3 05:00:20 gtw01 dnsmasq-dhcp[23154]: read /var/lib/neutron/dhcp/db8c2e27-dd25-4b29-845e-898d852fe2b7/opts
Nov  3 05:00:20 gtw01 dnsmasq[23154]: read /var/lib/neutron/dhcp/db8c2e27-dd25-4b29-845e-898d852fe2b7/addn_hosts - 6 addresses
Nov  3 05:00:20 gtw01 dnsmasq-dhcp[23154]: read /var/lib/neutron/dhcp/db8c2e27-dd25-4b29-845e-898d852fe2b7/host
Nov  3 05:00:20 gtw01 dnsmasq-dhcp[23154]: read /var/lib/neutron/dhcp/db8c2e27-dd25-4b29-845e-898d852fe2b7/opts
Nov  3 05:00:22 gtw01 dnsmasq[23154]: read /var/lib/neutron/dhcp/db8c2e27-dd25-4b29-845e-898d852fe2b7/addn_hosts - 6 addresses
Nov  3 05:00:22 gtw01 dnsmasq-dhcp[23154]: read /var/lib/neutron/dhcp/db8c2e27-dd25-4b29-845e-898d852fe2b7/host
Nov  3 05:00:22 gtw01 dnsmasq-dhcp[23154]: read /var/lib/neutron/dhcp/db8c2e27-dd25-4b29-845e-898d852fe2b7/opts
Nov  3 05:00:23 gtw01 dnsmasq[23154]: read /var/lib/neutron/dhcp/db8c2e27-dd25-4b29-845e-898d852fe2b7/addn_hosts - 6 addresses
Nov  3 05:00:23 gtw01 dnsmasq-dhcp[23154]: read /var/lib/neutron/dhcp/db8c2e27-dd25-4b29-845e-898d852fe2b7/host
Nov  3 05:00:23 gtw01 dnsmasq-dhcp[23154]: read /var/lib/neutron/dhcp/db8c2e27-dd25-4b29-845e-898d852fe2b7/opts
Nov  3 05:00:27 gtw01 dnsmasq-dhcp[23154]: DHCPDISCOVER(tapee7fff71-ab) fa:16:3e:0d:c5:26
Nov  3 05:00:27 gtw01 dnsmasq-dhcp[23154]: DHCPOFFER(tapee7fff71-ab) 192.168.120.3 fa:16:3e:0d:c5:26
Nov  3 05:00:27 gtw01 dnsmasq-dhcp[23154]: DHCPREQUEST(tapee7fff71-ab) 192.168.120.3 fa:16:3e:0d:c5:26
Nov  3 05:00:27 gtw01 dnsmasq-dhcp[23154]: DHCPACK(tapee7fff71-ab) 192.168.120.3 fa:16:3e:0d:c5:26 host-192-168-120-3
Nov  3 05:00:30 gtw01 dnsmasq-dhcp[23154]: DHCPDISCOVER(tapee7fff71-ab) fa:16:3e:c3:c5:ec
Nov  3 05:00:30 gtw01 dnsmasq-dhcp[23154]: DHCPOFFER(tapee7fff71-ab) 192.168.120.11 fa:16:3e:c3:c5:ec
Nov  3 05:00:30 gtw01 dnsmasq-dhcp[23154]: DHCPREQUEST(tapee7fff71-ab) 192.168.120.11 fa:16:3e:c3:c5:ec
Nov  3 05:00:30 gtw01 dnsmasq-dhcp[23154]: DHCPACK(tapee7fff71-ab) 192.168.120.11 fa:16:3e:c3:c5:ec host-192-168-120-11
Nov  3 05:00:32 gtw01 dnsmasq-dhcp[23154]: DHCPDISCOVER(tapee7fff71-ab) fa:16:3e:db:08:78
Nov  3 05:00:32 gtw01 dnsmasq-dhcp[23154]: DHCPOFFER(tapee7fff71-ab) 192.168.120.9 fa:16:3e:db:08:78
Nov  3 05:00:32 gtw01 dnsmasq-dhcp[23154]: DHCPREQUEST(tapee7fff71-ab) 192.168.120.9 fa:16:3e:db:08:78
Nov  3 05:00:32 gtw01 dnsmasq-dhcp[23154]: DHCPACK(tapee7fff71-ab) 192.168.120.9 fa:16:3e:db:08:78 host-192-168-120-9
Nov  3 05:00:32 gtw01 dnsmasq-dhcp[23154]: DHCPDISCOVER(tapee7fff71-ab) fa:16:3e:13:a2:6e
Nov  3 05:00:32 gtw01 dnsmasq-dhcp[23154]: DHCPOFFER(tapee7fff71-ab) 192.168.120.30 fa:16:3e:13:a2:6e
Nov  3 05:00:32 gtw01 dnsmasq-dhcp[23154]: DHCPREQUEST(tapee7fff71-ab) 192.168.120.30 fa:16:3e:13:a2:6e
Nov  3 05:00:32 gtw01 dnsmasq-dhcp[23154]: DHCPACK(tapee7fff71-ab) 192.168.120.30 fa:16:3e:13:a2:6e host-192-168-120-30
Nov  3 05:00:34 gtw01 dnsmasq-dhcp[23154]: DHCPRELEASE(tapee7fff71-ab) 192.168.120.3 fa:16:3e:0d:c5:26
Nov  3 05:00:35 gtw01 dnsmasq-dhcp[23154]: DHCPRELEASE(tapee7fff71-ab) 192.168.120.3 fa:16:3e:0d:c5:26 unknown lease
Nov  3 05:00:35 gtw01 dnsmasq[23154]: read /var/lib/neutron/dhcp/db8c2e27-dd25-4b29-845e-898d852fe2b7/addn_hosts - 5 addresses
Nov  3 05:00:35 gtw01 dnsmasq-dhcp[23154]: read /var/lib/neutron/dhcp/db8c2e27-dd25-4b29-845e-898d852fe2b7/host
Nov  3 05:00:35 gtw01 dnsmasq-dhcp[23154]: read /var/lib/neutron/dhcp/db8c2e27-dd25-4b29-845e-898d852fe2b7/opts
Nov  3 05:00:38 gtw01 dnsmasq-dhcp[23154]: DHCPRELEASE(tapee7fff71-ab) 192.168.120.11 fa:16:3e:c3:c5:ec
Nov  3 05:00:38 gtw01 dnsmasq-dhcp[23154]: DHCPRELEASE(tapee7fff71-ab) 192.168.120.11 fa:16:3e:c3:c5:ec unknown lease
Nov  3 05:00:39 gtw01 dnsmasq[23154]: read /var/lib/neutron/dhcp/db8c2e27-dd25-4b29-845e-898d852fe2b7/addn_hosts - 4 addresses
Nov  3 05:00:39 gtw01 dnsmasq-dhcp[23154]: read /var/lib/neutron/dhcp/db8c2e27-dd25-4b29-845e-898d852fe2b7/host
Nov  3 05:00:39 gtw01 dnsmasq-dhcp[23154]: read /var/lib/neutron/dhcp/db8c2e27-dd25-4b29-845e-898d852fe2b7/opts
Nov  3 05:00:40 gtw01 dnsmasq-dhcp[23154]: DHCPRELEASE(tapee7fff71-ab) 192.168.120.30 fa:16:3e:13:a2:6e
Nov  3 05:00:40 gtw01 dnsmasq-dhcp[23154]: DHCPRELEASE(tapee7fff71-ab) 192.168.120.30 fa:16:3e:13:a2:6e unknown lease
Nov  3 05:00:41 gtw01 dnsmasq[23154]: read /var/lib/neutron/dhcp/db8c2e27-dd25-4b29-845e-898d852fe2b7/addn_hosts - 3 addresses
Nov  3 05:00:41 gtw01 dnsmasq-dhcp[23154]: read /var/lib/neutron/dhcp/db8c2e27-dd25-4b29-845e-898d852fe2b7/host
Nov  3 05:00:41 gtw01 dnsmasq-dhcp[23154]: read /var/lib/neutron/dhcp/db8c2e27-dd25-4b29-845e-898d852fe2b7/opts
Nov  3 05:00:42 gtw01 dnsmasq-dhcp[23154]: DHCPRELEASE(tapee7fff71-ab) 192.168.120.9 fa:16:3e:db:08:78
Nov  3 05:00:42 gtw01 dnsmasq-dhcp[23154]: DHCPRELEASE(tapee7fff71-ab) 192.168.120.9 fa:16:3e:db:08:78 unknown lease
Nov  3 05:00:43 gtw01 dnsmasq[23154]: read /var/lib/neutron/dhcp/db8c2e27-dd25-4b29-845e-898d852fe2b7/addn_hosts - 2 addresses
Nov  3 05:00:43 gtw01 dnsmasq-dhcp[23154]: read /var/lib/neutron/dhcp/db8c2e27-dd25-4b29-845e-898d852fe2b7/host
Nov  3 05:00:43 gtw01 dnsmasq-dhcp[23154]: read /var/lib/neutron/dhcp/db8c2e27-dd25-4b29-845e-898d852fe2b7/opts
Nov  3 05:00:44 gtw01 dnsmasq[23154]: read /var/lib/neutron/dhcp/db8c2e27-dd25-4b29-845e-898d852fe2b7/addn_hosts - 3 addresses
Nov  3 05:00:44 gtw01 dnsmasq-dhcp[23154]: read /var/lib/neutron/dhcp/db8c2e27-dd25-4b29-845e-898d852fe2b7/host
Nov  3 05:00:44 gtw01 dnsmasq-dhcp[23154]: read /var/lib/neutron/dhcp/db8c2e27-dd25-4b29-845e-898d852fe2b7/opts
Nov  3 05:00:46 gtw01 dnsmasq[23154]: read /var/lib/neutron/dhcp/db8c2e27-dd25-4b29-845e-898d852fe2b7/addn_hosts - 3 addresses
Nov  3 05:00:46 gtw01 dnsmasq-dhcp[23154]: read /var/lib/neutron/dhcp/db8c2e27-dd25-4b29-845e-898d852fe2b7/host
Nov  3 05:00:46 gtw01 dnsmasq-dhcp[23154]: read /var/lib/neutron/dhcp/db8c2e27-dd25-4b29-845e-898d852fe2b7/opts
Nov  3 05:00:47 gtw01 dnsmasq[23154]: read /var/lib/neutron/dhcp/db8c2e27-dd25-4b29-845e-898d852fe2b7/addn_hosts - 3 addresses
Nov  3 05:00:47 gtw01 dnsmasq-dhcp[23154]: read /var/lib/neutron/dhcp/db8c2e27-dd25-4b29-845e-898d852fe2b7/host
Nov  3 05:00:47 gtw01 dnsmasq-dhcp[23154]: read /var/lib/neutron/dhcp/db8c2e27-dd25-4b29-845e-898d852fe2b7/opts
Nov  3 05:00:49 gtw01 dnsmasq[23154]: read /var/lib/neutron/dhcp/db8c2e27-dd25-4b29-845e-898d852fe2b7/addn_hosts - 4 addresses
Nov  3 05:00:49 gtw01 dnsmasq-dhcp[23154]: read /var/lib/neutron/dhcp/db8c2e27-dd25-4b29-845e-898d852fe2b7/host
Nov  3 05:00:49 gtw01 dnsmasq-dhcp[23154]: read /var/lib/neutron/dhcp/db8c2e27-dd25-4b29-845e-898d852fe2b7/opts
Nov  3 05:00:50 gtw01 dnsmasq[23154]: read /var/lib/neutron/dhcp/db8c2e27-dd25-4b29-845e-898d852fe2b7/addn_hosts - 5 addresses
Nov  3 05:00:50 gtw01 dnsmasq-dhcp[23154]: read /var/lib/neutron/dhcp/db8c2e27-dd25-4b29-845e-898d852fe2b7/host
Nov  3 05:00:50 gtw01 dnsmasq-dhcp[23154]: read /var/lib/neutron/dhcp/db8c2e27-dd25-4b29-845e-898d852fe2b7/opts
Nov  3 05:00:51 gtw01 dnsmasq[23154]: read /var/lib/neutron/dhcp/db8c2e27-dd25-4b29-845e-898d852fe2b7/addn_hosts - 5 addresses
Nov  3 05:00:51 gtw01 dnsmasq-dhcp[23154]: read /var/lib/neutron/dhcp/db8c2e27-dd25-4b29-845e-898d852fe2b7/host
Nov  3 05:00:51 gtw01 dnsmasq-dhcp[23154]: read /var/lib/neutron/dhcp/db8c2e27-dd25-4b29-845e-898d852fe2b7/opts
Nov  3 05:00:53 gtw01 dnsmasq[23154]: read /var/lib/neutron/dhcp/db8c2e27-dd25-4b29-845e-898d852fe2b7/addn_hosts - 5 addresses
Nov  3 05:00:53 gtw01 dnsmasq-dhcp[23154]: read /var/lib/neutron/dhcp/db8c2e27-dd25-4b29-845e-898d852fe2b7/host
Nov  3 05:00:53 gtw01 dnsmasq-dhcp[23154]: read /var/lib/neutron/dhcp/db8c2e27-dd25-4b29-845e-898d852fe2b7/opts
Nov  3 05:00:54 gtw01 dnsmasq[23154]: read /var/lib/neutron/dhcp/db8c2e27-dd25-4b29-845e-898d852fe2b7/addn_hosts - 6 addresses
Nov  3 05:00:54 gtw01 dnsmasq-dhcp[23154]: read /var/lib/neutron/dhcp/db8c2e27-dd25-4b29-845e-898d852fe2b7/host
Nov  3 05:00:54 gtw01 dnsmasq-dhcp[23154]: read /var/lib/neutron/dhcp/db8c2e27-dd25-4b29-845e-898d852fe2b7/opts
Nov  3 05:00:54 gtw01 dnsmasq[23154]: read /var/lib/neutron/dhcp/db8c2e27-dd25-4b29-845e-898d852fe2b7/addn_hosts - 6 addresses
Nov  3 05:00:54 gtw01 dnsmasq-dhcp[23154]: read /var/lib/neutron/dhcp/db8c2e27-dd25-4b29-845e-898d852fe2b7/host
Nov  3 05:00:54 gtw01 dnsmasq-dhcp[23154]: read /var/lib/neutron/dhcp/db8c2e27-dd25-4b29-845e-898d852fe2b7/opts
Nov  3 05:00:55 gtw01 dnsmasq[23154]: read /var/lib/neutron/dhcp/db8c2e27-dd25-4b29-845e-898d852fe2b7/addn_hosts - 6 addresses
Nov  3 05:00:55 gtw01 dnsmasq-dhcp[23154]: read /var/lib/neutron/dhcp/db8c2e27-dd25-4b29-845e-898d852fe2b7/host
Nov  3 05:00:55 gtw01 dnsmasq-dhcp[23154]: read /var/lib/neutron/dhcp/db8c2e27-dd25-4b29-845e-898d852fe2b7/opts
Nov  3 05:00:56 gtw01 dnsmasq[23154]: read /var/lib/neutron/dhcp/db8c2e27-dd25-4b29-845e-898d852fe2b7/addn_hosts - 6 addresses
Nov  3 05:00:56 gtw01 dnsmasq-dhcp[23154]: read /var/lib/neutron/dhcp/db8c2e27-dd25-4b29-845e-898d852fe2b7/host
Nov  3 05:00:56 gtw01 dnsmasq-dhcp[23154]: read /var/lib/neutron/dhcp/db8c2e27-dd25-4b29-845e-898d852fe2b7/opts
Nov  3 05:00:57 gtw01 dnsmasq[23154]: read /var/lib/neutron/dhcp/db8c2e27-dd25-4b29-845e-898d852fe2b7/addn_hosts - 6 addresses
Nov  3 05:00:57 gtw01 dnsmasq-dhcp[23154]: read /var/lib/neutron/dhcp/db8c2e27-dd25-4b29-845e-898d852fe2b7/host
Nov  3 05:00:57 gtw01 dnsmasq-dhcp[23154]: read /var/lib/neutron/dhcp/db8c2e27-dd25-4b29-845e-898d852fe2b7/opts
Nov  3 05:01:01 gtw01 dnsmasq-dhcp[23154]: DHCPDISCOVER(tapee7fff71-ab) fa:16:3e:2c:b0:f3
Nov  3 05:01:01 gtw01 dnsmasq-dhcp[23154]: DHCPOFFER(tapee7fff71-ab) 192.168.120.7 fa:16:3e:2c:b0:f3
Nov  3 05:01:01 gtw01 dnsmasq-dhcp[23154]: DHCPREQUEST(tapee7fff71-ab) 192.168.120.7 fa:16:3e:2c:b0:f3
Nov  3 05:01:01 gtw01 dnsmasq-dhcp[23154]: DHCPACK(tapee7fff71-ab) 192.168.120.7 fa:16:3e:2c:b0:f3 host-192-168-120-7
Nov  3 05:01:07 gtw01 dnsmasq-dhcp[23154]: DHCPDISCOVER(tapee7fff71-ab) fa:16:3e:9d:10:6f
Nov  3 05:01:07 gtw01 dnsmasq-dhcp[23154]: DHCPOFFER(tapee7fff71-ab) 192.168.120.19 fa:16:3e:9d:10:6f
Nov  3 05:01:07 gtw01 dnsmasq-dhcp[23154]: DHCPREQUEST(tapee7fff71-ab) 192.168.120.19 fa:16:3e:9d:10:6f
Nov  3 05:01:07 gtw01 dnsmasq-dhcp[23154]: DHCPACK(tapee7fff71-ab) 192.168.120.19 fa:16:3e:9d:10:6f host-192-168-120-19
Nov  3 05:01:08 gtw01 dnsmasq-dhcp[23154]: DHCPDISCOVER(tapee7fff71-ab) fa:16:3e:e7:21:4a
Nov  3 05:01:08 gtw01 dnsmasq-dhcp[23154]: DHCPOFFER(tapee7fff71-ab) 192.168.120.13 fa:16:3e:e7:21:4a
Nov  3 05:01:08 gtw01 dnsmasq-dhcp[23154]: DHCPREQUEST(tapee7fff71-ab) 192.168.120.13 fa:16:3e:e7:21:4a
Nov  3 05:01:08 gtw01 dnsmasq-dhcp[23154]: DHCPACK(tapee7fff71-ab) 192.168.120.13 fa:16:3e:e7:21:4a host-192-168-120-13
Nov  3 05:01:08 gtw01 dnsmasq-dhcp[23154]: DHCPRELEASE(tapee7fff71-ab) 192.168.120.7 fa:16:3e:2c:b0:f3
Nov  3 05:01:08 gtw01 dnsmasq-dhcp[23154]: DHCPRELEASE(tapee7fff71-ab) 192.168.120.7 fa:16:3e:2c:b0:f3 unknown lease
Nov  3 05:01:09 gtw01 dnsmasq[23154]: read /var/lib/neutron/dhcp/db8c2e27-dd25-4b29-845e-898d852fe2b7/addn_hosts - 5 addresses
Nov  3 05:01:09 gtw01 dnsmasq-dhcp[23154]: read /var/lib/neutron/dhcp/db8c2e27-dd25-4b29-845e-898d852fe2b7/host
Nov  3 05:01:09 gtw01 dnsmasq-dhcp[23154]: read /var/lib/neutron/dhcp/db8c2e27-dd25-4b29-845e-898d852fe2b7/opts
Nov  3 05:01:09 gtw01 dnsmasq-dhcp[23154]: DHCPDISCOVER(tapee7fff71-ab) fa:16:3e:7f:87:38
Nov  3 05:01:09 gtw01 dnsmasq-dhcp[23154]: DHCPOFFER(tapee7fff71-ab) 192.168.120.16 fa:16:3e:7f:87:38
Nov  3 05:01:09 gtw01 dnsmasq-dhcp[23154]: DHCPREQUEST(tapee7fff71-ab) 192.168.120.16 fa:16:3e:7f:87:38
Nov  3 05:01:09 gtw01 dnsmasq-dhcp[23154]: DHCPACK(tapee7fff71-ab) 192.168.120.16 fa:16:3e:7f:87:38 host-192-168-120-16
Nov  3 05:01:12 gtw01 dnsmasq-dhcp[23154]: DHCPRELEASE(tapee7fff71-ab) 192.168.120.13 fa:16:3e:e7:21:4a
Nov  3 05:01:13 gtw01 dnsmasq-dhcp[23154]: DHCPRELEASE(tapee7fff71-ab) 192.168.120.13 fa:16:3e:e7:21:4a unknown lease
Nov  3 05:01:13 gtw01 dnsmasq[23154]: read /var/lib/neutron/dhcp/db8c2e27-dd25-4b29-845e-898d852fe2b7/addn_hosts - 4 addresses
Nov  3 05:01:13 gtw01 dnsmasq-dhcp[23154]: read /var/lib/neutron/dhcp/db8c2e27-dd25-4b29-845e-898d852fe2b7/host
Nov  3 05:01:13 gtw01 dnsmasq-dhcp[23154]: read /var/lib/neutron/dhcp/db8c2e27-dd25-4b29-845e-898d852fe2b7/opts
Nov  3 05:01:14 gtw01 dnsmasq-dhcp[23154]: DHCPRELEASE(tapee7fff71-ab) 192.168.120.19 fa:16:3e:9d:10:6f
Nov  3 05:01:14 gtw01 dnsmasq-dhcp[23154]: DHCPRELEASE(tapee7fff71-ab) 192.168.120.19 fa:16:3e:9d:10:6f unknown lease
Nov  3 05:01:15 gtw01 dnsmasq[23154]: read /var/lib/neutron/dhcp/db8c2e27-dd25-4b29-845e-898d852fe2b7/addn_hosts - 3 addresses
Nov  3 05:01:15 gtw01 dnsmasq-dhcp[23154]: read /var/lib/neutron/dhcp/db8c2e27-dd25-4b29-845e-898d852fe2b7/host
Nov  3 05:01:15 gtw01 dnsmasq-dhcp[23154]: read /var/lib/neutron/dhcp/db8c2e27-dd25-4b29-845e-898d852fe2b7/opts
Nov  3 05:01:16 gtw01 dnsmasq-dhcp[23154]: DHCPRELEASE(tapee7fff71-ab) 192.168.120.16 fa:16:3e:7f:87:38
Nov  3 05:01:16 gtw01 dnsmasq-dhcp[23154]: DHCPRELEASE(tapee7fff71-ab) 192.168.120.16 fa:16:3e:7f:87:38 unknown lease
Nov  3 05:01:17 gtw01 dnsmasq[23154]: read /var/lib/neutron/dhcp/db8c2e27-dd25-4b29-845e-898d852fe2b7/addn_hosts - 2 addresses
Nov  3 05:01:17 gtw01 dnsmasq-dhcp[23154]: read /var/lib/neutron/dhcp/db8c2e27-dd25-4b29-845e-898d852fe2b7/host
Nov  3 05:01:17 gtw01 dnsmasq-dhcp[23154]: read /var/lib/neutron/dhcp/db8c2e27-dd25-4b29-845e-898d852fe2b7/opts
Nov  3 05:01:18 gtw01 dnsmasq[23154]: read /var/lib/neutron/dhcp/db8c2e27-dd25-4b29-845e-898d852fe2b7/addn_hosts - 3 addresses
Nov  3 05:01:18 gtw01 dnsmasq-dhcp[23154]: read /var/lib/neutron/dhcp/db8c2e27-dd25-4b29-845e-898d852fe2b7/host
Nov  3 05:01:18 gtw01 dnsmasq-dhcp[23154]: read /var/lib/neutron/dhcp/db8c2e27-dd25-4b29-845e-898d852fe2b7/opts
Nov  3 05:01:19 gtw01 dnsmasq[23154]: read /var/lib/neutron/dhcp/db8c2e27-dd25-4b29-845e-898d852fe2b7/addn_hosts - 3 addresses
Nov  3 05:01:19 gtw01 dnsmasq-dhcp[23154]: read /var/lib/neutron/dhcp/db8c2e27-dd25-4b29-845e-898d852fe2b7/host
Nov  3 05:01:19 gtw01 dnsmasq-dhcp[23154]: read /var/lib/neutron/dhcp/db8c2e27-dd25-4b29-845e-898d852fe2b7/opts
Nov  3 05:01:20 gtw01 dnsmasq[23154]: read /var/lib/neutron/dhcp/db8c2e27-dd25-4b29-845e-898d852fe2b7/addn_hosts - 3 addresses
Nov  3 05:01:20 gtw01 dnsmasq-dhcp[23154]: read /var/lib/neutron/dhcp/db8c2e27-dd25-4b29-845e-898d852fe2b7/host
Nov  3 05:01:20 gtw01 dnsmasq-dhcp[23154]: read /var/lib/neutron/dhcp/db8c2e27-dd25-4b29-845e-898d852fe2b7/opts
Nov  3 05:01:23 gtw01 dnsmasq[23154]: read /var/lib/neutron/dhcp/db8c2e27-dd25-4b29-845e-898d852fe2b7/addn_hosts - 4 addresses
Nov  3 05:01:23 gtw01 dnsmasq-dhcp[23154]: read /var/lib/neutron/dhcp/db8c2e27-dd25-4b29-845e-898d852fe2b7/host
Nov  3 05:01:23 gtw01 dnsmasq-dhcp[23154]: read /var/lib/neutron/dhcp/db8c2e27-dd25-4b29-845e-898d852fe2b7/opts
Nov  3 05:01:24 gtw01 dnsmasq[23154]: read /var/lib/neutron/dhcp/db8c2e27-dd25-4b29-845e-898d852fe2b7/addn_hosts - 4 addresses
Nov  3 05:01:24 gtw01 dnsmasq-dhcp[23154]: read /var/lib/neutron/dhcp/db8c2e27-dd25-4b29-845e-898d852fe2b7/host
Nov  3 05:01:24 gtw01 dnsmasq-dhcp[23154]: read /var/lib/neutron/dhcp/db8c2e27-dd25-4b29-845e-898d852fe2b7/opts
Nov  3 05:01:25 gtw01 dnsmasq[23154]: read /var/lib/neutron/dhcp/db8c2e27-dd25-4b29-845e-898d852fe2b7/addn_hosts - 4 addresses
Nov  3 05:01:25 gtw01 dnsmasq-dhcp[23154]: read /var/lib/neutron/dhcp/db8c2e27-dd25-4b29-845e-898d852fe2b7/host
Nov  3 05:01:25 gtw01 dnsmasq-dhcp[23154]: read /var/lib/neutron/dhcp/db8c2e27-dd25-4b29-845e-898d852fe2b7/opts
Nov  3 05:01:32 gtw01 dnsmasq-dhcp[23154]: DHCPDISCOVER(tapee7fff71-ab) fa:16:3e:58:18:40
Nov  3 05:01:32 gtw01 dnsmasq-dhcp[23154]: DHCPOFFER(tapee7fff71-ab) 192.168.120.11 fa:16:3e:58:18:40
Nov  3 05:01:32 gtw01 dnsmasq-dhcp[23154]: DHCPREQUEST(tapee7fff71-ab) 192.168.120.11 fa:16:3e:58:18:40
Nov  3 05:01:32 gtw01 dnsmasq-dhcp[23154]: DHCPACK(tapee7fff71-ab) 192.168.120.11 fa:16:3e:58:18:40 host-192-168-120-11
Nov  3 05:01:38 gtw01 dnsmasq-dhcp[23154]: DHCPDISCOVER(tapee7fff71-ab) fa:16:3e:f6:61:18
Nov  3 05:01:38 gtw01 dnsmasq-dhcp[23154]: DHCPOFFER(tapee7fff71-ab) 192.168.120.4 fa:16:3e:f6:61:18
Nov  3 05:01:38 gtw01 dnsmasq-dhcp[23154]: DHCPREQUEST(tapee7fff71-ab) 192.168.120.4 fa:16:3e:f6:61:18
Nov  3 05:01:38 gtw01 dnsmasq-dhcp[23154]: DHCPACK(tapee7fff71-ab) 192.168.120.4 fa:16:3e:f6:61:18 host-192-168-120-4
Nov  3 05:01:40 gtw01 dnsmasq-dhcp[23154]: DHCPRELEASE(tapee7fff71-ab) 192.168.120.11 fa:16:3e:58:18:40
Nov  3 05:01:40 gtw01 dnsmasq-dhcp[23154]: DHCPRELEASE(tapee7fff71-ab) 192.168.120.11 fa:16:3e:58:18:40 unknown lease
Nov  3 05:01:41 gtw01 dnsmasq[23154]: read /var/lib/neutron/dhcp/db8c2e27-dd25-4b29-845e-898d852fe2b7/addn_hosts - 3 addresses
Nov  3 05:01:41 gtw01 dnsmasq-dhcp[23154]: read /var/lib/neutron/dhcp/db8c2e27-dd25-4b29-845e-898d852fe2b7/host
Nov  3 05:01:41 gtw01 dnsmasq-dhcp[23154]: read /var/lib/neutron/dhcp/db8c2e27-dd25-4b29-845e-898d852fe2b7/opts
Nov  3 05:01:44 gtw01 dnsmasq-dhcp[23154]: DHCPRELEASE(tapee7fff71-ab) 192.168.120.4 fa:16:3e:f6:61:18
Nov  3 05:01:44 gtw01 dnsmasq-dhcp[23154]: DHCPRELEASE(tapee7fff71-ab) 192.168.120.4 fa:16:3e:f6:61:18 unknown lease
Nov  3 05:01:45 gtw01 dnsmasq[23154]: read /var/lib/neutron/dhcp/db8c2e27-dd25-4b29-845e-898d852fe2b7/addn_hosts - 2 addresses
Nov  3 05:01:45 gtw01 dnsmasq-dhcp[23154]: read /var/lib/neutron/dhcp/db8c2e27-dd25-4b29-845e-898d852fe2b7/host
Nov  3 05:01:45 gtw01 dnsmasq-dhcp[23154]: read /var/lib/neutron/dhcp/db8c2e27-dd25-4b29-845e-898d852fe2b7/opts
Nov  3 05:14:23 gtw01 salt-minion[6169]: [INFO    ] Running scheduled job: __mine_interval
Nov  3 05:17:01 gtw01 CRON[25562]: (root) CMD (   cd / && run-parts --report /etc/cron.hourly)
Nov  3 05:17:24 gtw01 kernel: [11149.896788] device tap4392ec23-0b entered promiscuous mode
Nov  3 05:17:24 gtw01 systemd-udevd[25609]: Could not generate persistent MAC address for tap4392ec23-0b: No such file or directory
Nov  3 05:17:24 gtw01 kernel: [11150.145829] device tap625d9107-1f entered promiscuous mode
Nov  3 05:17:24 gtw01 systemd-udevd[25661]: Could not generate persistent MAC address for tap625d9107-1f: No such file or directory
Nov  3 05:17:25 gtw01 systemd-udevd[25664]: Process '/sbin/ip link set tap4392ec23-0b txqueuelen 10000' failed with exit code 1.
Nov  3 05:17:25 gtw01 systemd-udevd[25722]: Process '/sbin/ip link set tap625d9107-1f txqueuelen 10000' failed with exit code 1.
Nov  3 05:17:25 gtw01 kernel: [11151.002993] device tape1095950-b3 entered promiscuous mode
Nov  3 05:17:25 gtw01 systemd-udevd[25755]: Could not generate persistent MAC address for tape1095950-b3: No such file or directory
Nov  3 05:17:26 gtw01 systemd-udevd[25809]: Process '/sbin/ip link set tape1095950-b3 txqueuelen 10000' failed with exit code 1.
Nov  3 05:17:26 gtw01 kernel: [11152.016453] device tapd1e24730-89 entered promiscuous mode
Nov  3 05:17:26 gtw01 systemd-udevd[25847]: Could not generate persistent MAC address for tapd1e24730-89: No such file or directory
Nov  3 05:17:26 gtw01 systemd-udevd[25847]: Process '/sbin/ip link set tapd1e24730-89 txqueuelen 10000' failed with exit code 1.
Nov  3 05:17:27 gtw01 systemd-udevd[25847]: Process '/sbin/ip link set tapd1e24730-89 txqueuelen 10000' failed with exit code 1.
Nov  3 05:17:30 gtw01 dnsmasq[26057]: started, version 2.80 cachesize 150
Nov  3 05:17:30 gtw01 dnsmasq[26057]: DNS service limited to local subnets
Nov  3 05:17:30 gtw01 dnsmasq[26057]: compile time options: IPv6 GNU-getopt DBus i18n IDN DHCP DHCPv6 no-Lua TFTP conntrack ipset auth DNSSEC loop-detect inotify dumpfile
Nov  3 05:17:30 gtw01 dnsmasq[26057]: warning: no upstream servers configured
Nov  3 05:17:30 gtw01 dnsmasq-dhcp[26057]: DHCP, static leases only on 11.11.11.0, lease time 1h
Nov  3 05:17:30 gtw01 dnsmasq[26057]: read /var/lib/neutron/dhcp/2c0210d0-d5a4-41ae-ad17-15ebefa0cffb/addn_hosts - 1 addresses
Nov  3 05:17:30 gtw01 dnsmasq-dhcp[26057]: read /var/lib/neutron/dhcp/2c0210d0-d5a4-41ae-ad17-15ebefa0cffb/host
Nov  3 05:17:30 gtw01 dnsmasq-dhcp[26057]: read /var/lib/neutron/dhcp/2c0210d0-d5a4-41ae-ad17-15ebefa0cffb/opts
Nov  3 05:17:30 gtw01 dnsmasq[26064]: started, version 2.80 cachesize 150
Nov  3 05:17:30 gtw01 dnsmasq[26064]: DNS service limited to local subnets
Nov  3 05:17:30 gtw01 dnsmasq[26064]: compile time options: IPv6 GNU-getopt DBus i18n IDN DHCP DHCPv6 no-Lua TFTP conntrack ipset auth DNSSEC loop-detect inotify dumpfile
Nov  3 05:17:30 gtw01 dnsmasq[26064]: warning: no upstream servers configured
Nov  3 05:17:30 gtw01 dnsmasq-dhcp[26064]: DHCP, static leases only on 11.11.11.0, lease time 1h
Nov  3 05:17:30 gtw01 dnsmasq[26064]: read /var/lib/neutron/dhcp/fdbea6e2-8853-4bee-8392-a0f813635b94/addn_hosts - 1 addresses
Nov  3 05:17:30 gtw01 dnsmasq-dhcp[26064]: read /var/lib/neutron/dhcp/fdbea6e2-8853-4bee-8392-a0f813635b94/host
Nov  3 05:17:30 gtw01 dnsmasq-dhcp[26064]: read /var/lib/neutron/dhcp/fdbea6e2-8853-4bee-8392-a0f813635b94/opts
Nov  3 05:17:31 gtw01 haproxy-metadata-proxy-2c0210d0-d5a4-41ae-ad17-15ebefa0cffb[26069]: Proxy listener started.
Nov  3 05:17:31 gtw01 haproxy-metadata-proxy-fdbea6e2-8853-4bee-8392-a0f813635b94[26078]: Proxy listener started.
Nov  3 05:17:31 gtw01 dnsmasq[26087]: started, version 2.80 cachesize 150
Nov  3 05:17:31 gtw01 dnsmasq[26087]: DNS service limited to local subnets
Nov  3 05:17:31 gtw01 dnsmasq[26087]: compile time options: IPv6 GNU-getopt DBus i18n IDN DHCP DHCPv6 no-Lua TFTP conntrack ipset auth DNSSEC loop-detect inotify dumpfile
Nov  3 05:17:31 gtw01 dnsmasq[26087]: warning: no upstream servers configured
Nov  3 05:17:31 gtw01 dnsmasq-dhcp[26087]: DHCP, static leases only on 11.11.11.0, lease time 1h
Nov  3 05:17:31 gtw01 dnsmasq[26087]: read /var/lib/neutron/dhcp/2626990a-ced0-4e6d-a19d-b386058ff65d/addn_hosts - 1 addresses
Nov  3 05:17:31 gtw01 dnsmasq-dhcp[26087]: read /var/lib/neutron/dhcp/2626990a-ced0-4e6d-a19d-b386058ff65d/host
Nov  3 05:17:31 gtw01 dnsmasq-dhcp[26087]: read /var/lib/neutron/dhcp/2626990a-ced0-4e6d-a19d-b386058ff65d/opts
Nov  3 05:17:31 gtw01 haproxy-metadata-proxy-2626990a-ced0-4e6d-a19d-b386058ff65d[26094]: Proxy listener started.
Nov  3 05:17:32 gtw01 dnsmasq[26114]: started, version 2.80 cachesize 150
Nov  3 05:17:32 gtw01 dnsmasq[26114]: DNS service limited to local subnets
Nov  3 05:17:32 gtw01 dnsmasq[26114]: compile time options: IPv6 GNU-getopt DBus i18n IDN DHCP DHCPv6 no-Lua TFTP conntrack ipset auth DNSSEC loop-detect inotify dumpfile
Nov  3 05:17:32 gtw01 dnsmasq[26114]: warning: no upstream servers configured
Nov  3 05:17:32 gtw01 dnsmasq-dhcp[26114]: DHCP, static leases only on 11.11.11.0, lease time 1h
Nov  3 05:17:32 gtw01 dnsmasq[26114]: read /var/lib/neutron/dhcp/59a5a3ac-bbb6-4291-bbf5-5cf4d9730dea/addn_hosts - 1 addresses
Nov  3 05:17:32 gtw01 dnsmasq-dhcp[26114]: read /var/lib/neutron/dhcp/59a5a3ac-bbb6-4291-bbf5-5cf4d9730dea/host
Nov  3 05:17:32 gtw01 dnsmasq-dhcp[26114]: read /var/lib/neutron/dhcp/59a5a3ac-bbb6-4291-bbf5-5cf4d9730dea/opts
Nov  3 05:17:32 gtw01 dnsmasq[26057]: read /var/lib/neutron/dhcp/2c0210d0-d5a4-41ae-ad17-15ebefa0cffb/addn_hosts - 3 addresses
Nov  3 05:17:32 gtw01 dnsmasq-dhcp[26057]: read /var/lib/neutron/dhcp/2c0210d0-d5a4-41ae-ad17-15ebefa0cffb/host
Nov  3 05:17:32 gtw01 dnsmasq-dhcp[26057]: read /var/lib/neutron/dhcp/2c0210d0-d5a4-41ae-ad17-15ebefa0cffb/opts
Nov  3 05:17:32 gtw01 haproxy-metadata-proxy-59a5a3ac-bbb6-4291-bbf5-5cf4d9730dea[26126]: Proxy listener started.
Nov  3 05:17:32 gtw01 dnsmasq[26064]: read /var/lib/neutron/dhcp/fdbea6e2-8853-4bee-8392-a0f813635b94/addn_hosts - 3 addresses
Nov  3 05:17:32 gtw01 dnsmasq-dhcp[26064]: read /var/lib/neutron/dhcp/fdbea6e2-8853-4bee-8392-a0f813635b94/host
Nov  3 05:17:32 gtw01 dnsmasq-dhcp[26064]: read /var/lib/neutron/dhcp/fdbea6e2-8853-4bee-8392-a0f813635b94/opts
Nov  3 05:17:33 gtw01 dnsmasq[26087]: read /var/lib/neutron/dhcp/2626990a-ced0-4e6d-a19d-b386058ff65d/addn_hosts - 2 addresses
Nov  3 05:17:33 gtw01 dnsmasq-dhcp[26087]: read /var/lib/neutron/dhcp/2626990a-ced0-4e6d-a19d-b386058ff65d/host
Nov  3 05:17:33 gtw01 dnsmasq-dhcp[26087]: read /var/lib/neutron/dhcp/2626990a-ced0-4e6d-a19d-b386058ff65d/opts
Nov  3 05:17:34 gtw01 dnsmasq[26057]: read /var/lib/neutron/dhcp/2c0210d0-d5a4-41ae-ad17-15ebefa0cffb/addn_hosts - 3 addresses
Nov  3 05:17:34 gtw01 dnsmasq-dhcp[26057]: read /var/lib/neutron/dhcp/2c0210d0-d5a4-41ae-ad17-15ebefa0cffb/host
Nov  3 05:17:34 gtw01 dnsmasq-dhcp[26057]: read /var/lib/neutron/dhcp/2c0210d0-d5a4-41ae-ad17-15ebefa0cffb/opts
Nov  3 05:17:34 gtw01 dnsmasq[26064]: read /var/lib/neutron/dhcp/fdbea6e2-8853-4bee-8392-a0f813635b94/addn_hosts - 3 addresses
Nov  3 05:17:34 gtw01 dnsmasq-dhcp[26064]: read /var/lib/neutron/dhcp/fdbea6e2-8853-4bee-8392-a0f813635b94/host
Nov  3 05:17:34 gtw01 dnsmasq-dhcp[26064]: read /var/lib/neutron/dhcp/fdbea6e2-8853-4bee-8392-a0f813635b94/opts
Nov  3 05:17:34 gtw01 dnsmasq[26114]: read /var/lib/neutron/dhcp/59a5a3ac-bbb6-4291-bbf5-5cf4d9730dea/addn_hosts - 3 addresses
Nov  3 05:17:34 gtw01 dnsmasq-dhcp[26114]: read /var/lib/neutron/dhcp/59a5a3ac-bbb6-4291-bbf5-5cf4d9730dea/host
Nov  3 05:17:34 gtw01 dnsmasq-dhcp[26114]: read /var/lib/neutron/dhcp/59a5a3ac-bbb6-4291-bbf5-5cf4d9730dea/opts
Nov  3 05:17:35 gtw01 dnsmasq[26087]: read /var/lib/neutron/dhcp/2626990a-ced0-4e6d-a19d-b386058ff65d/addn_hosts - 2 addresses
Nov  3 05:17:35 gtw01 dnsmasq-dhcp[26087]: read /var/lib/neutron/dhcp/2626990a-ced0-4e6d-a19d-b386058ff65d/host
Nov  3 05:17:35 gtw01 dnsmasq-dhcp[26087]: read /var/lib/neutron/dhcp/2626990a-ced0-4e6d-a19d-b386058ff65d/opts
Nov  3 05:17:35 gtw01 dnsmasq[26057]: read /var/lib/neutron/dhcp/2c0210d0-d5a4-41ae-ad17-15ebefa0cffb/addn_hosts - 3 addresses
Nov  3 05:17:35 gtw01 dnsmasq-dhcp[26057]: read /var/lib/neutron/dhcp/2c0210d0-d5a4-41ae-ad17-15ebefa0cffb/host
Nov  3 05:17:35 gtw01 dnsmasq-dhcp[26057]: read /var/lib/neutron/dhcp/2c0210d0-d5a4-41ae-ad17-15ebefa0cffb/opts
Nov  3 05:17:36 gtw01 dnsmasq[26064]: read /var/lib/neutron/dhcp/fdbea6e2-8853-4bee-8392-a0f813635b94/addn_hosts - 3 addresses
Nov  3 05:17:36 gtw01 dnsmasq-dhcp[26064]: read /var/lib/neutron/dhcp/fdbea6e2-8853-4bee-8392-a0f813635b94/host
Nov  3 05:17:36 gtw01 dnsmasq-dhcp[26064]: read /var/lib/neutron/dhcp/fdbea6e2-8853-4bee-8392-a0f813635b94/opts
Nov  3 05:17:36 gtw01 dnsmasq[26114]: read /var/lib/neutron/dhcp/59a5a3ac-bbb6-4291-bbf5-5cf4d9730dea/addn_hosts - 3 addresses
Nov  3 05:17:36 gtw01 dnsmasq-dhcp[26114]: read /var/lib/neutron/dhcp/59a5a3ac-bbb6-4291-bbf5-5cf4d9730dea/host
Nov  3 05:17:36 gtw01 dnsmasq-dhcp[26114]: read /var/lib/neutron/dhcp/59a5a3ac-bbb6-4291-bbf5-5cf4d9730dea/opts
Nov  3 05:17:36 gtw01 dnsmasq[26087]: read /var/lib/neutron/dhcp/2626990a-ced0-4e6d-a19d-b386058ff65d/addn_hosts - 2 addresses
Nov  3 05:17:36 gtw01 dnsmasq-dhcp[26087]: read /var/lib/neutron/dhcp/2626990a-ced0-4e6d-a19d-b386058ff65d/host
Nov  3 05:17:36 gtw01 dnsmasq-dhcp[26087]: read /var/lib/neutron/dhcp/2626990a-ced0-4e6d-a19d-b386058ff65d/opts
Nov  3 05:17:37 gtw01 dnsmasq[26057]: read /var/lib/neutron/dhcp/2c0210d0-d5a4-41ae-ad17-15ebefa0cffb/addn_hosts - 3 addresses
Nov  3 05:17:37 gtw01 dnsmasq-dhcp[26057]: read /var/lib/neutron/dhcp/2c0210d0-d5a4-41ae-ad17-15ebefa0cffb/host
Nov  3 05:17:37 gtw01 dnsmasq-dhcp[26057]: read /var/lib/neutron/dhcp/2c0210d0-d5a4-41ae-ad17-15ebefa0cffb/opts
Nov  3 05:17:38 gtw01 dnsmasq[26064]: read /var/lib/neutron/dhcp/fdbea6e2-8853-4bee-8392-a0f813635b94/addn_hosts - 3 addresses
Nov  3 05:17:38 gtw01 dnsmasq-dhcp[26064]: read /var/lib/neutron/dhcp/fdbea6e2-8853-4bee-8392-a0f813635b94/host
Nov  3 05:17:38 gtw01 dnsmasq-dhcp[26064]: read /var/lib/neutron/dhcp/fdbea6e2-8853-4bee-8392-a0f813635b94/opts
Nov  3 05:17:38 gtw01 dnsmasq[26114]: read /var/lib/neutron/dhcp/59a5a3ac-bbb6-4291-bbf5-5cf4d9730dea/addn_hosts - 3 addresses
Nov  3 05:17:38 gtw01 dnsmasq-dhcp[26114]: read /var/lib/neutron/dhcp/59a5a3ac-bbb6-4291-bbf5-5cf4d9730dea/host
Nov  3 05:17:38 gtw01 dnsmasq-dhcp[26114]: read /var/lib/neutron/dhcp/59a5a3ac-bbb6-4291-bbf5-5cf4d9730dea/opts
Nov  3 05:17:38 gtw01 dnsmasq[26087]: read /var/lib/neutron/dhcp/2626990a-ced0-4e6d-a19d-b386058ff65d/addn_hosts - 3 addresses
Nov  3 05:17:38 gtw01 dnsmasq-dhcp[26087]: read /var/lib/neutron/dhcp/2626990a-ced0-4e6d-a19d-b386058ff65d/host
Nov  3 05:17:38 gtw01 dnsmasq-dhcp[26087]: read /var/lib/neutron/dhcp/2626990a-ced0-4e6d-a19d-b386058ff65d/opts
Nov  3 05:17:39 gtw01 dnsmasq[26064]: read /var/lib/neutron/dhcp/fdbea6e2-8853-4bee-8392-a0f813635b94/addn_hosts - 3 addresses
Nov  3 05:17:39 gtw01 dnsmasq-dhcp[26064]: read /var/lib/neutron/dhcp/fdbea6e2-8853-4bee-8392-a0f813635b94/host
Nov  3 05:17:39 gtw01 dnsmasq-dhcp[26064]: read /var/lib/neutron/dhcp/fdbea6e2-8853-4bee-8392-a0f813635b94/opts
Nov  3 05:17:39 gtw01 dnsmasq[26057]: read /var/lib/neutron/dhcp/2c0210d0-d5a4-41ae-ad17-15ebefa0cffb/addn_hosts - 3 addresses
Nov  3 05:17:39 gtw01 dnsmasq-dhcp[26057]: read /var/lib/neutron/dhcp/2c0210d0-d5a4-41ae-ad17-15ebefa0cffb/host
Nov  3 05:17:39 gtw01 dnsmasq-dhcp[26057]: read /var/lib/neutron/dhcp/2c0210d0-d5a4-41ae-ad17-15ebefa0cffb/opts
Nov  3 05:17:40 gtw01 dnsmasq[26114]: read /var/lib/neutron/dhcp/59a5a3ac-bbb6-4291-bbf5-5cf4d9730dea/addn_hosts - 3 addresses
Nov  3 05:17:40 gtw01 dnsmasq-dhcp[26114]: read /var/lib/neutron/dhcp/59a5a3ac-bbb6-4291-bbf5-5cf4d9730dea/host
Nov  3 05:17:40 gtw01 dnsmasq-dhcp[26114]: read /var/lib/neutron/dhcp/59a5a3ac-bbb6-4291-bbf5-5cf4d9730dea/opts
Nov  3 05:17:40 gtw01 dnsmasq[26087]: read /var/lib/neutron/dhcp/2626990a-ced0-4e6d-a19d-b386058ff65d/addn_hosts - 3 addresses
Nov  3 05:17:40 gtw01 dnsmasq-dhcp[26087]: read /var/lib/neutron/dhcp/2626990a-ced0-4e6d-a19d-b386058ff65d/host
Nov  3 05:17:40 gtw01 dnsmasq-dhcp[26087]: read /var/lib/neutron/dhcp/2626990a-ced0-4e6d-a19d-b386058ff65d/opts
Nov  3 05:17:41 gtw01 dnsmasq[26064]: read /var/lib/neutron/dhcp/fdbea6e2-8853-4bee-8392-a0f813635b94/addn_hosts - 3 addresses
Nov  3 05:17:41 gtw01 dnsmasq-dhcp[26064]: read /var/lib/neutron/dhcp/fdbea6e2-8853-4bee-8392-a0f813635b94/host
Nov  3 05:17:41 gtw01 dnsmasq-dhcp[26064]: read /var/lib/neutron/dhcp/fdbea6e2-8853-4bee-8392-a0f813635b94/opts
Nov  3 05:17:41 gtw01 dnsmasq[26057]: read /var/lib/neutron/dhcp/2c0210d0-d5a4-41ae-ad17-15ebefa0cffb/addn_hosts - 3 addresses
Nov  3 05:17:41 gtw01 dnsmasq-dhcp[26057]: read /var/lib/neutron/dhcp/2c0210d0-d5a4-41ae-ad17-15ebefa0cffb/host
Nov  3 05:17:41 gtw01 dnsmasq-dhcp[26057]: read /var/lib/neutron/dhcp/2c0210d0-d5a4-41ae-ad17-15ebefa0cffb/opts
Nov  3 05:17:42 gtw01 dnsmasq[26114]: read /var/lib/neutron/dhcp/59a5a3ac-bbb6-4291-bbf5-5cf4d9730dea/addn_hosts - 3 addresses
Nov  3 05:17:42 gtw01 dnsmasq-dhcp[26114]: read /var/lib/neutron/dhcp/59a5a3ac-bbb6-4291-bbf5-5cf4d9730dea/host
Nov  3 05:17:42 gtw01 dnsmasq-dhcp[26114]: read /var/lib/neutron/dhcp/59a5a3ac-bbb6-4291-bbf5-5cf4d9730dea/opts
Nov  3 05:17:42 gtw01 dnsmasq[26087]: read /var/lib/neutron/dhcp/2626990a-ced0-4e6d-a19d-b386058ff65d/addn_hosts - 3 addresses
Nov  3 05:17:42 gtw01 dnsmasq-dhcp[26087]: read /var/lib/neutron/dhcp/2626990a-ced0-4e6d-a19d-b386058ff65d/host
Nov  3 05:17:42 gtw01 dnsmasq-dhcp[26087]: read /var/lib/neutron/dhcp/2626990a-ced0-4e6d-a19d-b386058ff65d/opts
Nov  3 05:17:43 gtw01 dnsmasq[26064]: read /var/lib/neutron/dhcp/fdbea6e2-8853-4bee-8392-a0f813635b94/addn_hosts - 3 addresses
Nov  3 05:17:43 gtw01 dnsmasq-dhcp[26064]: read /var/lib/neutron/dhcp/fdbea6e2-8853-4bee-8392-a0f813635b94/host
Nov  3 05:17:43 gtw01 dnsmasq-dhcp[26064]: read /var/lib/neutron/dhcp/fdbea6e2-8853-4bee-8392-a0f813635b94/opts
Nov  3 05:17:43 gtw01 dnsmasq[26057]: read /var/lib/neutron/dhcp/2c0210d0-d5a4-41ae-ad17-15ebefa0cffb/addn_hosts - 3 addresses
Nov  3 05:17:43 gtw01 dnsmasq-dhcp[26057]: read /var/lib/neutron/dhcp/2c0210d0-d5a4-41ae-ad17-15ebefa0cffb/host
Nov  3 05:17:43 gtw01 dnsmasq-dhcp[26057]: read /var/lib/neutron/dhcp/2c0210d0-d5a4-41ae-ad17-15ebefa0cffb/opts
Nov  3 05:17:44 gtw01 dnsmasq[26114]: read /var/lib/neutron/dhcp/59a5a3ac-bbb6-4291-bbf5-5cf4d9730dea/addn_hosts - 3 addresses
Nov  3 05:17:44 gtw01 dnsmasq-dhcp[26114]: read /var/lib/neutron/dhcp/59a5a3ac-bbb6-4291-bbf5-5cf4d9730dea/host
Nov  3 05:17:44 gtw01 dnsmasq-dhcp[26114]: read /var/lib/neutron/dhcp/59a5a3ac-bbb6-4291-bbf5-5cf4d9730dea/opts
Nov  3 05:17:44 gtw01 dnsmasq[26087]: read /var/lib/neutron/dhcp/2626990a-ced0-4e6d-a19d-b386058ff65d/addn_hosts - 3 addresses
Nov  3 05:17:44 gtw01 dnsmasq-dhcp[26087]: read /var/lib/neutron/dhcp/2626990a-ced0-4e6d-a19d-b386058ff65d/host
Nov  3 05:17:44 gtw01 dnsmasq-dhcp[26087]: read /var/lib/neutron/dhcp/2626990a-ced0-4e6d-a19d-b386058ff65d/opts
Nov  3 05:17:44 gtw01 dnsmasq[26064]: read /var/lib/neutron/dhcp/fdbea6e2-8853-4bee-8392-a0f813635b94/addn_hosts - 3 addresses
Nov  3 05:17:44 gtw01 dnsmasq-dhcp[26064]: read /var/lib/neutron/dhcp/fdbea6e2-8853-4bee-8392-a0f813635b94/host
Nov  3 05:17:44 gtw01 dnsmasq-dhcp[26064]: read /var/lib/neutron/dhcp/fdbea6e2-8853-4bee-8392-a0f813635b94/opts
Nov  3 05:17:45 gtw01 dnsmasq[26057]: read /var/lib/neutron/dhcp/2c0210d0-d5a4-41ae-ad17-15ebefa0cffb/addn_hosts - 3 addresses
Nov  3 05:17:45 gtw01 dnsmasq-dhcp[26057]: read /var/lib/neutron/dhcp/2c0210d0-d5a4-41ae-ad17-15ebefa0cffb/host
Nov  3 05:17:45 gtw01 dnsmasq-dhcp[26057]: read /var/lib/neutron/dhcp/2c0210d0-d5a4-41ae-ad17-15ebefa0cffb/opts
Nov  3 05:17:45 gtw01 dnsmasq[26114]: read /var/lib/neutron/dhcp/59a5a3ac-bbb6-4291-bbf5-5cf4d9730dea/addn_hosts - 3 addresses
Nov  3 05:17:45 gtw01 dnsmasq-dhcp[26114]: read /var/lib/neutron/dhcp/59a5a3ac-bbb6-4291-bbf5-5cf4d9730dea/host
Nov  3 05:17:45 gtw01 dnsmasq-dhcp[26114]: read /var/lib/neutron/dhcp/59a5a3ac-bbb6-4291-bbf5-5cf4d9730dea/opts
Nov  3 05:17:46 gtw01 dnsmasq[26087]: read /var/lib/neutron/dhcp/2626990a-ced0-4e6d-a19d-b386058ff65d/addn_hosts - 3 addresses
Nov  3 05:17:46 gtw01 dnsmasq-dhcp[26087]: read /var/lib/neutron/dhcp/2626990a-ced0-4e6d-a19d-b386058ff65d/host
Nov  3 05:17:46 gtw01 dnsmasq-dhcp[26087]: read /var/lib/neutron/dhcp/2626990a-ced0-4e6d-a19d-b386058ff65d/opts
Nov  3 05:17:46 gtw01 dnsmasq[26064]: read /var/lib/neutron/dhcp/fdbea6e2-8853-4bee-8392-a0f813635b94/addn_hosts - 3 addresses
Nov  3 05:17:46 gtw01 dnsmasq-dhcp[26064]: read /var/lib/neutron/dhcp/fdbea6e2-8853-4bee-8392-a0f813635b94/host
Nov  3 05:17:46 gtw01 dnsmasq-dhcp[26064]: read /var/lib/neutron/dhcp/fdbea6e2-8853-4bee-8392-a0f813635b94/opts
Nov  3 05:17:47 gtw01 dnsmasq[26114]: read /var/lib/neutron/dhcp/59a5a3ac-bbb6-4291-bbf5-5cf4d9730dea/addn_hosts - 3 addresses
Nov  3 05:17:47 gtw01 dnsmasq-dhcp[26114]: read /var/lib/neutron/dhcp/59a5a3ac-bbb6-4291-bbf5-5cf4d9730dea/host
Nov  3 05:17:47 gtw01 dnsmasq-dhcp[26114]: read /var/lib/neutron/dhcp/59a5a3ac-bbb6-4291-bbf5-5cf4d9730dea/opts
Nov  3 05:17:47 gtw01 dnsmasq[26064]: read /var/lib/neutron/dhcp/fdbea6e2-8853-4bee-8392-a0f813635b94/addn_hosts - 2 addresses
Nov  3 05:17:47 gtw01 dnsmasq-dhcp[26064]: read /var/lib/neutron/dhcp/fdbea6e2-8853-4bee-8392-a0f813635b94/host
Nov  3 05:17:47 gtw01 dnsmasq-dhcp[26064]: read /var/lib/neutron/dhcp/fdbea6e2-8853-4bee-8392-a0f813635b94/opts
Nov  3 05:17:48 gtw01 dnsmasq[26114]: read /var/lib/neutron/dhcp/59a5a3ac-bbb6-4291-bbf5-5cf4d9730dea/addn_hosts - 3 addresses
Nov  3 05:17:48 gtw01 dnsmasq-dhcp[26114]: read /var/lib/neutron/dhcp/59a5a3ac-bbb6-4291-bbf5-5cf4d9730dea/host
Nov  3 05:17:48 gtw01 dnsmasq-dhcp[26114]: read /var/lib/neutron/dhcp/59a5a3ac-bbb6-4291-bbf5-5cf4d9730dea/opts
Nov  3 05:17:48 gtw01 dnsmasq[26064]: read /var/lib/neutron/dhcp/fdbea6e2-8853-4bee-8392-a0f813635b94/addn_hosts - 1 addresses
Nov  3 05:17:48 gtw01 dnsmasq-dhcp[26064]: read /var/lib/neutron/dhcp/fdbea6e2-8853-4bee-8392-a0f813635b94/host
Nov  3 05:17:48 gtw01 dnsmasq-dhcp[26064]: read /var/lib/neutron/dhcp/fdbea6e2-8853-4bee-8392-a0f813635b94/opts
Nov  3 05:17:49 gtw01 dnsmasq[26087]: read /var/lib/neutron/dhcp/2626990a-ced0-4e6d-a19d-b386058ff65d/addn_hosts - 3 addresses
Nov  3 05:17:49 gtw01 dnsmasq-dhcp[26087]: read /var/lib/neutron/dhcp/2626990a-ced0-4e6d-a19d-b386058ff65d/host
Nov  3 05:17:49 gtw01 dnsmasq-dhcp[26087]: read /var/lib/neutron/dhcp/2626990a-ced0-4e6d-a19d-b386058ff65d/opts
Nov  3 05:17:49 gtw01 dnsmasq[26057]: read /var/lib/neutron/dhcp/2c0210d0-d5a4-41ae-ad17-15ebefa0cffb/addn_hosts - 2 addresses
Nov  3 05:17:49 gtw01 dnsmasq-dhcp[26057]: read /var/lib/neutron/dhcp/2c0210d0-d5a4-41ae-ad17-15ebefa0cffb/host
Nov  3 05:17:49 gtw01 dnsmasq-dhcp[26057]: read /var/lib/neutron/dhcp/2c0210d0-d5a4-41ae-ad17-15ebefa0cffb/opts
Nov  3 05:17:50 gtw01 dnsmasq[26087]: read /var/lib/neutron/dhcp/2626990a-ced0-4e6d-a19d-b386058ff65d/addn_hosts - 2 addresses
Nov  3 05:17:50 gtw01 dnsmasq-dhcp[26087]: read /var/lib/neutron/dhcp/2626990a-ced0-4e6d-a19d-b386058ff65d/host
Nov  3 05:17:50 gtw01 dnsmasq-dhcp[26087]: read /var/lib/neutron/dhcp/2626990a-ced0-4e6d-a19d-b386058ff65d/opts
Nov  3 05:17:50 gtw01 dnsmasq[26114]: read /var/lib/neutron/dhcp/59a5a3ac-bbb6-4291-bbf5-5cf4d9730dea/addn_hosts - 2 addresses
Nov  3 05:17:50 gtw01 dnsmasq-dhcp[26114]: read /var/lib/neutron/dhcp/59a5a3ac-bbb6-4291-bbf5-5cf4d9730dea/host
Nov  3 05:17:50 gtw01 dnsmasq-dhcp[26114]: read /var/lib/neutron/dhcp/59a5a3ac-bbb6-4291-bbf5-5cf4d9730dea/opts
Nov  3 05:17:51 gtw01 dnsmasq[26057]: read /var/lib/neutron/dhcp/2c0210d0-d5a4-41ae-ad17-15ebefa0cffb/addn_hosts - 2 addresses
Nov  3 05:17:51 gtw01 dnsmasq-dhcp[26057]: read /var/lib/neutron/dhcp/2c0210d0-d5a4-41ae-ad17-15ebefa0cffb/host
Nov  3 05:17:51 gtw01 dnsmasq-dhcp[26057]: read /var/lib/neutron/dhcp/2c0210d0-d5a4-41ae-ad17-15ebefa0cffb/opts
Nov  3 05:17:52 gtw01 dnsmasq[26114]: read /var/lib/neutron/dhcp/59a5a3ac-bbb6-4291-bbf5-5cf4d9730dea/addn_hosts - 1 addresses
Nov  3 05:17:52 gtw01 dnsmasq-dhcp[26114]: read /var/lib/neutron/dhcp/59a5a3ac-bbb6-4291-bbf5-5cf4d9730dea/host
Nov  3 05:17:52 gtw01 dnsmasq-dhcp[26114]: read /var/lib/neutron/dhcp/59a5a3ac-bbb6-4291-bbf5-5cf4d9730dea/opts
Nov  3 05:17:52 gtw01 kernel: [11178.161635] device tap625d9107-1f left promiscuous mode
Nov  3 05:17:53 gtw01 dnsmasq[26057]: read /var/lib/neutron/dhcp/2c0210d0-d5a4-41ae-ad17-15ebefa0cffb/addn_hosts - 1 addresses
Nov  3 05:17:53 gtw01 dnsmasq-dhcp[26057]: read /var/lib/neutron/dhcp/2c0210d0-d5a4-41ae-ad17-15ebefa0cffb/host
Nov  3 05:17:53 gtw01 dnsmasq-dhcp[26057]: read /var/lib/neutron/dhcp/2c0210d0-d5a4-41ae-ad17-15ebefa0cffb/opts
Nov  3 05:17:53 gtw01 dnsmasq[26087]: read /var/lib/neutron/dhcp/2626990a-ced0-4e6d-a19d-b386058ff65d/addn_hosts - 1 addresses
Nov  3 05:17:53 gtw01 dnsmasq-dhcp[26087]: read /var/lib/neutron/dhcp/2626990a-ced0-4e6d-a19d-b386058ff65d/host
Nov  3 05:17:53 gtw01 dnsmasq-dhcp[26087]: read /var/lib/neutron/dhcp/2626990a-ced0-4e6d-a19d-b386058ff65d/opts
Nov  3 05:17:57 gtw01 kernel: [11182.342057] device tap4392ec23-0b left promiscuous mode
Nov  3 05:17:57 gtw01 kernel: [11182.671718] device tape1095950-b3 left promiscuous mode
Nov  3 05:17:59 gtw01 kernel: [11184.782439] device tapd1e24730-89 left promiscuous mode
Nov  3 05:18:06 gtw01 kernel: [11191.391159] device tap8637570e-60 entered promiscuous mode
Nov  3 05:18:06 gtw01 systemd-udevd[26871]: Could not generate persistent MAC address for tap8637570e-60: No such file or directory
Nov  3 05:18:06 gtw01 systemd-udevd[26871]: Process '/sbin/ip link set tap8637570e-60 txqueuelen 10000' failed with exit code 1.
Nov  3 05:18:06 gtw01 systemd-udevd[26871]: Process '/sbin/ip link set tap8637570e-60 txqueuelen 10000' failed with exit code 1.
Nov  3 05:18:09 gtw01 dnsmasq[26983]: started, version 2.80 cachesize 150
Nov  3 05:18:09 gtw01 dnsmasq[26983]: DNS service limited to local subnets
Nov  3 05:18:09 gtw01 dnsmasq[26983]: compile time options: IPv6 GNU-getopt DBus i18n IDN DHCP DHCPv6 no-Lua TFTP conntrack ipset auth DNSSEC loop-detect inotify dumpfile
Nov  3 05:18:09 gtw01 dnsmasq[26983]: warning: no upstream servers configured
Nov  3 05:18:09 gtw01 dnsmasq-dhcp[26983]: DHCP, static leases only on 11.11.11.0, lease time 1h
Nov  3 05:18:09 gtw01 dnsmasq[26983]: read /var/lib/neutron/dhcp/5f24c8d6-a52f-4b01-9812-53c8f8b4c663/addn_hosts - 1 addresses
Nov  3 05:18:09 gtw01 dnsmasq-dhcp[26983]: read /var/lib/neutron/dhcp/5f24c8d6-a52f-4b01-9812-53c8f8b4c663/host
Nov  3 05:18:09 gtw01 dnsmasq-dhcp[26983]: read /var/lib/neutron/dhcp/5f24c8d6-a52f-4b01-9812-53c8f8b4c663/opts
Nov  3 05:18:09 gtw01 haproxy-metadata-proxy-5f24c8d6-a52f-4b01-9812-53c8f8b4c663[26987]: Proxy listener started.
Nov  3 05:18:11 gtw01 dnsmasq[26983]: read /var/lib/neutron/dhcp/5f24c8d6-a52f-4b01-9812-53c8f8b4c663/addn_hosts - 2 addresses
Nov  3 05:18:11 gtw01 dnsmasq-dhcp[26983]: read /var/lib/neutron/dhcp/5f24c8d6-a52f-4b01-9812-53c8f8b4c663/host
Nov  3 05:18:11 gtw01 dnsmasq-dhcp[26983]: read /var/lib/neutron/dhcp/5f24c8d6-a52f-4b01-9812-53c8f8b4c663/opts
Nov  3 05:18:11 gtw01 kernel: [11196.596382] device tapfdbb3dce-7c entered promiscuous mode
Nov  3 05:18:11 gtw01 systemd-udevd[27021]: Process '/sbin/ip link set tapfdbb3dce-7c txqueuelen 10000' failed with exit code 1.
Nov  3 05:18:11 gtw01 systemd-udevd[27021]: Process '/sbin/ip link set tapfdbb3dce-7c txqueuelen 10000' failed with exit code 1.
Nov  3 05:18:12 gtw01 dnsmasq[26983]: read /var/lib/neutron/dhcp/5f24c8d6-a52f-4b01-9812-53c8f8b4c663/addn_hosts - 2 addresses
Nov  3 05:18:12 gtw01 dnsmasq-dhcp[26983]: read /var/lib/neutron/dhcp/5f24c8d6-a52f-4b01-9812-53c8f8b4c663/host
Nov  3 05:18:12 gtw01 dnsmasq-dhcp[26983]: read /var/lib/neutron/dhcp/5f24c8d6-a52f-4b01-9812-53c8f8b4c663/opts
Nov  3 05:18:13 gtw01 dnsmasq[26983]: read /var/lib/neutron/dhcp/5f24c8d6-a52f-4b01-9812-53c8f8b4c663/addn_hosts - 2 addresses
Nov  3 05:18:13 gtw01 dnsmasq-dhcp[26983]: read /var/lib/neutron/dhcp/5f24c8d6-a52f-4b01-9812-53c8f8b4c663/host
Nov  3 05:18:13 gtw01 dnsmasq-dhcp[26983]: read /var/lib/neutron/dhcp/5f24c8d6-a52f-4b01-9812-53c8f8b4c663/opts
Nov  3 05:18:14 gtw01 dnsmasq[26983]: read /var/lib/neutron/dhcp/5f24c8d6-a52f-4b01-9812-53c8f8b4c663/addn_hosts - 3 addresses
Nov  3 05:18:14 gtw01 dnsmasq-dhcp[26983]: read /var/lib/neutron/dhcp/5f24c8d6-a52f-4b01-9812-53c8f8b4c663/host
Nov  3 05:18:14 gtw01 dnsmasq-dhcp[26983]: read /var/lib/neutron/dhcp/5f24c8d6-a52f-4b01-9812-53c8f8b4c663/opts
Nov  3 05:18:15 gtw01 dnsmasq[27205]: started, version 2.80 cachesize 150
Nov  3 05:18:15 gtw01 dnsmasq[27205]: DNS service limited to local subnets
Nov  3 05:18:15 gtw01 dnsmasq[27205]: compile time options: IPv6 GNU-getopt DBus i18n IDN DHCP DHCPv6 no-Lua TFTP conntrack ipset auth DNSSEC loop-detect inotify dumpfile
Nov  3 05:18:15 gtw01 dnsmasq[27205]: warning: no upstream servers configured
Nov  3 05:18:15 gtw01 dnsmasq-dhcp[27205]: DHCP, static leases only on 11.11.11.0, lease time 1h
Nov  3 05:18:15 gtw01 dnsmasq[27205]: read /var/lib/neutron/dhcp/dd7c7688-56c7-4151-8743-d6603b70ba3b/addn_hosts - 1 addresses
Nov  3 05:18:15 gtw01 dnsmasq-dhcp[27205]: read /var/lib/neutron/dhcp/dd7c7688-56c7-4151-8743-d6603b70ba3b/host
Nov  3 05:18:15 gtw01 dnsmasq-dhcp[27205]: read /var/lib/neutron/dhcp/dd7c7688-56c7-4151-8743-d6603b70ba3b/opts
Nov  3 05:18:15 gtw01 dnsmasq[26983]: read /var/lib/neutron/dhcp/5f24c8d6-a52f-4b01-9812-53c8f8b4c663/addn_hosts - 3 addresses
Nov  3 05:18:15 gtw01 dnsmasq-dhcp[26983]: read /var/lib/neutron/dhcp/5f24c8d6-a52f-4b01-9812-53c8f8b4c663/host
Nov  3 05:18:15 gtw01 dnsmasq-dhcp[26983]: read /var/lib/neutron/dhcp/5f24c8d6-a52f-4b01-9812-53c8f8b4c663/opts
Nov  3 05:18:15 gtw01 kernel: [11201.138190] device tap070b5861-06 entered promiscuous mode
Nov  3 05:18:15 gtw01 systemd-udevd[27224]: Could not generate persistent MAC address for tap070b5861-06: No such file or directory
Nov  3 05:18:15 gtw01 haproxy-metadata-proxy-dd7c7688-56c7-4151-8743-d6603b70ba3b[27223]: Proxy listener started.
Nov  3 05:18:15 gtw01 systemd-udevd[27224]: Process '/sbin/ip link set tap070b5861-06 txqueuelen 10000' failed with exit code 1.
Nov  3 05:18:16 gtw01 systemd-udevd[27224]: Process '/sbin/ip link set tap070b5861-06 txqueuelen 10000' failed with exit code 1.
Nov  3 05:18:17 gtw01 dnsmasq[26983]: read /var/lib/neutron/dhcp/5f24c8d6-a52f-4b01-9812-53c8f8b4c663/addn_hosts - 3 addresses
Nov  3 05:18:17 gtw01 dnsmasq-dhcp[26983]: read /var/lib/neutron/dhcp/5f24c8d6-a52f-4b01-9812-53c8f8b4c663/host
Nov  3 05:18:17 gtw01 dnsmasq-dhcp[26983]: read /var/lib/neutron/dhcp/5f24c8d6-a52f-4b01-9812-53c8f8b4c663/opts
Nov  3 05:18:17 gtw01 kernel: [11202.653749] device tap4a0aa0a6-63 entered promiscuous mode
Nov  3 05:18:17 gtw01 systemd-udevd[27343]: Could not generate persistent MAC address for tap4a0aa0a6-63: No such file or directory
Nov  3 05:18:17 gtw01 dnsmasq[27205]: read /var/lib/neutron/dhcp/dd7c7688-56c7-4151-8743-d6603b70ba3b/addn_hosts - 2 addresses
Nov  3 05:18:17 gtw01 dnsmasq-dhcp[27205]: read /var/lib/neutron/dhcp/dd7c7688-56c7-4151-8743-d6603b70ba3b/host
Nov  3 05:18:17 gtw01 dnsmasq-dhcp[27205]: read /var/lib/neutron/dhcp/dd7c7688-56c7-4151-8743-d6603b70ba3b/opts
Nov  3 05:18:17 gtw01 systemd-udevd[27391]: Process '/sbin/ip link set tap4a0aa0a6-63 txqueuelen 10000' failed with exit code 1.
