Nov  3 04:39:12 gtw01 dnsmasq[16946]: read /var/lib/neutron/dhcp/ab43274f-f9fc-4b8f-9d2b-8f30d562ceb8/addn_hosts - 4 addresses
Nov  3 04:39:12 gtw01 dnsmasq-dhcp[16946]: read /var/lib/neutron/dhcp/ab43274f-f9fc-4b8f-9d2b-8f30d562ceb8/host
Nov  3 04:39:12 gtw01 dnsmasq-dhcp[16946]: read /var/lib/neutron/dhcp/ab43274f-f9fc-4b8f-9d2b-8f30d562ceb8/opts
Nov  3 04:39:16 gtw01 dnsmasq[16946]: read /var/lib/neutron/dhcp/ab43274f-f9fc-4b8f-9d2b-8f30d562ceb8/addn_hosts - 4 addresses
Nov  3 04:39:16 gtw01 dnsmasq-dhcp[16946]: read /var/lib/neutron/dhcp/ab43274f-f9fc-4b8f-9d2b-8f30d562ceb8/host
Nov  3 04:39:16 gtw01 dnsmasq-dhcp[16946]: read /var/lib/neutron/dhcp/ab43274f-f9fc-4b8f-9d2b-8f30d562ceb8/opts
Nov  3 04:39:25 gtw01 dnsmasq[16946]: read /var/lib/neutron/dhcp/ab43274f-f9fc-4b8f-9d2b-8f30d562ceb8/addn_hosts - 3 addresses
Nov  3 04:39:25 gtw01 dnsmasq-dhcp[16946]: read /var/lib/neutron/dhcp/ab43274f-f9fc-4b8f-9d2b-8f30d562ceb8/host
Nov  3 04:39:25 gtw01 dnsmasq-dhcp[16946]: read /var/lib/neutron/dhcp/ab43274f-f9fc-4b8f-9d2b-8f30d562ceb8/opts
Nov  3 04:39:28 gtw01 dnsmasq-dhcp[16946]: DHCPRELEASE(tapdfeb2f37-60) 192.168.120.7 fa:16:3e:33:1b:ea
Nov  3 04:39:28 gtw01 dnsmasq-dhcp[16946]: DHCPRELEASE(tapdfeb2f37-60) 192.168.120.7 fa:16:3e:33:1b:ea unknown lease
Nov  3 04:39:29 gtw01 dnsmasq[16946]: read /var/lib/neutron/dhcp/ab43274f-f9fc-4b8f-9d2b-8f30d562ceb8/addn_hosts - 2 addresses
Nov  3 04:39:29 gtw01 dnsmasq-dhcp[16946]: read /var/lib/neutron/dhcp/ab43274f-f9fc-4b8f-9d2b-8f30d562ceb8/host
Nov  3 04:39:29 gtw01 dnsmasq-dhcp[16946]: read /var/lib/neutron/dhcp/ab43274f-f9fc-4b8f-9d2b-8f30d562ceb8/opts
Nov  3 04:39:30 gtw01 dnsmasq-dhcp[16946]: DHCPRELEASE(tapdfeb2f37-60) 192.168.120.5 fa:16:3e:5e:5f:c1
Nov  3 04:39:30 gtw01 dnsmasq-dhcp[16946]: DHCPRELEASE(tapdfeb2f37-60) 192.168.120.5 fa:16:3e:5e:5f:c1 unknown lease
Nov  3 04:39:31 gtw01 dnsmasq[16946]: read /var/lib/neutron/dhcp/ab43274f-f9fc-4b8f-9d2b-8f30d562ceb8/addn_hosts - 1 addresses
Nov  3 04:39:31 gtw01 dnsmasq-dhcp[16946]: read /var/lib/neutron/dhcp/ab43274f-f9fc-4b8f-9d2b-8f30d562ceb8/host
Nov  3 04:39:31 gtw01 dnsmasq-dhcp[16946]: read /var/lib/neutron/dhcp/ab43274f-f9fc-4b8f-9d2b-8f30d562ceb8/opts
Nov  3 04:39:35 gtw01 kernel: [ 8881.095038] device tapdfeb2f37-60 left promiscuous mode
Nov  3 04:40:12 gtw01 dnsmasq[16727]: read /var/lib/neutron/dhcp/710b75eb-0335-4b00-86d0-15fe3a3a98b7/addn_hosts - 1 addresses
Nov  3 04:40:12 gtw01 dnsmasq-dhcp[16727]: read /var/lib/neutron/dhcp/710b75eb-0335-4b00-86d0-15fe3a3a98b7/host
Nov  3 04:40:12 gtw01 dnsmasq-dhcp[16727]: read /var/lib/neutron/dhcp/710b75eb-0335-4b00-86d0-15fe3a3a98b7/opts
Nov  3 04:40:17 gtw01 kernel: [ 8922.438391] device tap405e7b59-20 left promiscuous mode
Nov  3 04:40:35 gtw01 kernel: [ 8940.696185] device tap245075f4-27 entered promiscuous mode
Nov  3 04:40:35 gtw01 systemd-udevd[17283]: Could not generate persistent MAC address for tap245075f4-27: No such file or directory
Nov  3 04:40:35 gtw01 systemd-udevd[17283]: Process '/sbin/ip link set tap245075f4-27 txqueuelen 10000' failed with exit code 1.
Nov  3 04:40:35 gtw01 systemd-udevd[17334]: Process '/sbin/ip link set tap245075f4-27 txqueuelen 10000' failed with exit code 1.
Nov  3 04:40:38 gtw01 dnsmasq[17395]: started, version 2.80 cachesize 150
Nov  3 04:40:38 gtw01 dnsmasq[17395]: DNS service limited to local subnets
Nov  3 04:40:38 gtw01 dnsmasq[17395]: compile time options: IPv6 GNU-getopt DBus i18n IDN DHCP DHCPv6 no-Lua TFTP conntrack ipset auth DNSSEC loop-detect inotify dumpfile
Nov  3 04:40:38 gtw01 dnsmasq[17395]: warning: no upstream servers configured
Nov  3 04:40:38 gtw01 dnsmasq-dhcp[17395]: DHCP, static leases only on 192.168.120.0, lease time 1h
Nov  3 04:40:38 gtw01 dnsmasq[17395]: read /var/lib/neutron/dhcp/a41288b9-1ce6-4150-bc6e-2fa62e90437c/addn_hosts - 1 addresses
Nov  3 04:40:38 gtw01 dnsmasq-dhcp[17395]: read /var/lib/neutron/dhcp/a41288b9-1ce6-4150-bc6e-2fa62e90437c/host
Nov  3 04:40:38 gtw01 dnsmasq-dhcp[17395]: read /var/lib/neutron/dhcp/a41288b9-1ce6-4150-bc6e-2fa62e90437c/opts
Nov  3 04:40:39 gtw01 haproxy-metadata-proxy-a41288b9-1ce6-4150-bc6e-2fa62e90437c[17399]: Proxy listener started.
Nov  3 04:40:39 gtw01 dnsmasq[17395]: read /var/lib/neutron/dhcp/a41288b9-1ce6-4150-bc6e-2fa62e90437c/addn_hosts - 2 addresses
Nov  3 04:40:39 gtw01 dnsmasq-dhcp[17395]: read /var/lib/neutron/dhcp/a41288b9-1ce6-4150-bc6e-2fa62e90437c/host
Nov  3 04:40:39 gtw01 dnsmasq-dhcp[17395]: read /var/lib/neutron/dhcp/a41288b9-1ce6-4150-bc6e-2fa62e90437c/opts
Nov  3 04:40:40 gtw01 dnsmasq[17395]: read /var/lib/neutron/dhcp/a41288b9-1ce6-4150-bc6e-2fa62e90437c/addn_hosts - 2 addresses
Nov  3 04:40:40 gtw01 dnsmasq-dhcp[17395]: read /var/lib/neutron/dhcp/a41288b9-1ce6-4150-bc6e-2fa62e90437c/host
Nov  3 04:40:40 gtw01 dnsmasq-dhcp[17395]: read /var/lib/neutron/dhcp/a41288b9-1ce6-4150-bc6e-2fa62e90437c/opts
Nov  3 04:40:41 gtw01 dnsmasq[17395]: read /var/lib/neutron/dhcp/a41288b9-1ce6-4150-bc6e-2fa62e90437c/addn_hosts - 2 addresses
Nov  3 04:40:41 gtw01 dnsmasq-dhcp[17395]: read /var/lib/neutron/dhcp/a41288b9-1ce6-4150-bc6e-2fa62e90437c/host
Nov  3 04:40:41 gtw01 dnsmasq-dhcp[17395]: read /var/lib/neutron/dhcp/a41288b9-1ce6-4150-bc6e-2fa62e90437c/opts
Nov  3 04:40:42 gtw01 dnsmasq[17395]: read /var/lib/neutron/dhcp/a41288b9-1ce6-4150-bc6e-2fa62e90437c/addn_hosts - 2 addresses
Nov  3 04:40:42 gtw01 dnsmasq-dhcp[17395]: read /var/lib/neutron/dhcp/a41288b9-1ce6-4150-bc6e-2fa62e90437c/host
Nov  3 04:40:42 gtw01 dnsmasq-dhcp[17395]: read /var/lib/neutron/dhcp/a41288b9-1ce6-4150-bc6e-2fa62e90437c/opts
Nov  3 04:40:43 gtw01 dnsmasq[17395]: read /var/lib/neutron/dhcp/a41288b9-1ce6-4150-bc6e-2fa62e90437c/addn_hosts - 2 addresses
Nov  3 04:40:43 gtw01 dnsmasq-dhcp[17395]: read /var/lib/neutron/dhcp/a41288b9-1ce6-4150-bc6e-2fa62e90437c/host
Nov  3 04:40:43 gtw01 dnsmasq-dhcp[17395]: read /var/lib/neutron/dhcp/a41288b9-1ce6-4150-bc6e-2fa62e90437c/opts
Nov  3 04:41:23 gtw01 kernel: [ 8988.510648] device tap05b1184d-81 entered promiscuous mode
Nov  3 04:41:23 gtw01 systemd-udevd[17502]: Process '/sbin/ip link set tap05b1184d-81 txqueuelen 10000' failed with exit code 1.
Nov  3 04:41:23 gtw01 systemd-udevd[17552]: Process '/sbin/ip link set tap05b1184d-81 txqueuelen 10000' failed with exit code 1.
Nov  3 04:41:24 gtw01 kernel: [ 8990.221115] device tap56a7e17b-3c entered promiscuous mode
Nov  3 04:41:24 gtw01 systemd-udevd[17601]: Could not generate persistent MAC address for tap56a7e17b-3c: No such file or directory
Nov  3 04:41:25 gtw01 systemd-udevd[17601]: Process '/sbin/ip link set tap56a7e17b-3c txqueuelen 10000' failed with exit code 1.
Nov  3 04:41:27 gtw01 dnsmasq[17725]: started, version 2.80 cachesize 150
Nov  3 04:41:27 gtw01 dnsmasq[17725]: DNS service limited to local subnets
Nov  3 04:41:27 gtw01 dnsmasq[17725]: compile time options: IPv6 GNU-getopt DBus i18n IDN DHCP DHCPv6 no-Lua TFTP conntrack ipset auth DNSSEC loop-detect inotify dumpfile
Nov  3 04:41:27 gtw01 dnsmasq[17725]: warning: no upstream servers configured
Nov  3 04:41:27 gtw01 dnsmasq-dhcp[17725]: DHCP, static leases only on 192.168.120.0, lease time 1h
Nov  3 04:41:27 gtw01 dnsmasq[17725]: read /var/lib/neutron/dhcp/1788e793-3118-4929-ace0-7faa13a98e05/addn_hosts - 1 addresses
Nov  3 04:41:27 gtw01 dnsmasq-dhcp[17725]: read /var/lib/neutron/dhcp/1788e793-3118-4929-ace0-7faa13a98e05/host
Nov  3 04:41:27 gtw01 dnsmasq-dhcp[17725]: read /var/lib/neutron/dhcp/1788e793-3118-4929-ace0-7faa13a98e05/opts
Nov  3 04:41:27 gtw01 haproxy-metadata-proxy-1788e793-3118-4929-ace0-7faa13a98e05[17739]: Proxy listener started.
Nov  3 04:41:27 gtw01 kernel: [ 8992.893694] device tap147c6dd1-fb entered promiscuous mode
Nov  3 04:41:27 gtw01 systemd-udevd[17749]: Process '/sbin/ip link set tap147c6dd1-fb txqueuelen 10000' failed with exit code 1.
Nov  3 04:41:27 gtw01 systemd-udevd[17803]: Process '/sbin/ip link set tap147c6dd1-fb txqueuelen 10000' failed with exit code 1.
Nov  3 04:41:29 gtw01 systemd-udevd[17863]: Could not generate persistent MAC address for tap74f5d6cc-ff: No such file or directory
Nov  3 04:41:29 gtw01 kernel: [ 8994.510162] device tap74f5d6cc-ff entered promiscuous mode
Nov  3 04:41:29 gtw01 systemd-udevd[17914]: Process '/sbin/ip link set tap74f5d6cc-ff txqueuelen 10000' failed with exit code 1.
Nov  3 04:41:29 gtw01 dnsmasq[17937]: started, version 2.80 cachesize 150
Nov  3 04:41:29 gtw01 dnsmasq[17937]: DNS service limited to local subnets
Nov  3 04:41:29 gtw01 dnsmasq[17937]: compile time options: IPv6 GNU-getopt DBus i18n IDN DHCP DHCPv6 no-Lua TFTP conntrack ipset auth DNSSEC loop-detect inotify dumpfile
Nov  3 04:41:29 gtw01 dnsmasq[17937]: warning: no upstream servers configured
Nov  3 04:41:29 gtw01 dnsmasq-dhcp[17937]: DHCP, static leases only on 192.168.120.0, lease time 1h
Nov  3 04:41:29 gtw01 dnsmasq[17937]: read /var/lib/neutron/dhcp/91b37c6c-3abb-4478-b788-ceb7b5ad9ba4/addn_hosts - 1 addresses
Nov  3 04:41:29 gtw01 dnsmasq-dhcp[17937]: read /var/lib/neutron/dhcp/91b37c6c-3abb-4478-b788-ceb7b5ad9ba4/host
Nov  3 04:41:29 gtw01 dnsmasq-dhcp[17937]: read /var/lib/neutron/dhcp/91b37c6c-3abb-4478-b788-ceb7b5ad9ba4/opts
Nov  3 04:41:30 gtw01 dnsmasq[17725]: read /var/lib/neutron/dhcp/1788e793-3118-4929-ace0-7faa13a98e05/addn_hosts - 1 addresses
Nov  3 04:41:30 gtw01 dnsmasq-dhcp[17725]: read /var/lib/neutron/dhcp/1788e793-3118-4929-ace0-7faa13a98e05/host
Nov  3 04:41:30 gtw01 dnsmasq-dhcp[17725]: read /var/lib/neutron/dhcp/1788e793-3118-4929-ace0-7faa13a98e05/opts
Nov  3 04:41:30 gtw01 haproxy-metadata-proxy-91b37c6c-3abb-4478-b788-ceb7b5ad9ba4[17958]: Proxy listener started.
Nov  3 04:41:33 gtw01 dnsmasq[17937]: read /var/lib/neutron/dhcp/91b37c6c-3abb-4478-b788-ceb7b5ad9ba4/addn_hosts - 1 addresses
Nov  3 04:41:33 gtw01 dnsmasq-dhcp[17937]: read /var/lib/neutron/dhcp/91b37c6c-3abb-4478-b788-ceb7b5ad9ba4/host
Nov  3 04:41:33 gtw01 dnsmasq-dhcp[17937]: read /var/lib/neutron/dhcp/91b37c6c-3abb-4478-b788-ceb7b5ad9ba4/opts
Nov  3 04:41:33 gtw01 dnsmasq[17725]: read /var/lib/neutron/dhcp/1788e793-3118-4929-ace0-7faa13a98e05/addn_hosts - 1 addresses
Nov  3 04:41:33 gtw01 dnsmasq-dhcp[17725]: read /var/lib/neutron/dhcp/1788e793-3118-4929-ace0-7faa13a98e05/host
Nov  3 04:41:33 gtw01 dnsmasq-dhcp[17725]: read /var/lib/neutron/dhcp/1788e793-3118-4929-ace0-7faa13a98e05/opts
Nov  3 04:41:33 gtw01 kernel: [ 8999.177377] device tapacb63f95-fa entered promiscuous mode
Nov  3 04:41:34 gtw01 systemd-udevd[18076]: Could not generate persistent MAC address for tapacb63f95-fa: No such file or directory
Nov  3 04:41:34 gtw01 systemd-udevd[18141]: Process '/sbin/ip link set tapacb63f95-fa txqueuelen 10000' failed with exit code 1.
Nov  3 04:41:35 gtw01 kernel: [ 9000.942741] device tap82d41714-6f entered promiscuous mode
Nov  3 04:41:35 gtw01 systemd-udevd[18195]: Could not generate persistent MAC address for tap82d41714-6f: No such file or directory
Nov  3 04:41:35 gtw01 kernel: [ 9001.150636] device tapd2930d5c-98 entered promiscuous mode
Nov  3 04:41:36 gtw01 systemd-udevd[18249]: Could not generate persistent MAC address for tapd2930d5c-98: No such file or directory
Nov  3 04:41:36 gtw01 systemd-udevd[18251]: Process '/sbin/ip link set tap82d41714-6f txqueuelen 10000' failed with exit code 1.
Nov  3 04:41:36 gtw01 kernel: [ 9001.371085] device tapaaa1cfab-4b entered promiscuous mode
Nov  3 04:41:36 gtw01 systemd-udevd[18251]: Could not generate persistent MAC address for tapaaa1cfab-4b: No such file or directory
Nov  3 04:41:36 gtw01 dnsmasq[18354]: started, version 2.80 cachesize 150
Nov  3 04:41:36 gtw01 dnsmasq[18354]: DNS service limited to local subnets
Nov  3 04:41:36 gtw01 dnsmasq[18354]: compile time options: IPv6 GNU-getopt DBus i18n IDN DHCP DHCPv6 no-Lua TFTP conntrack ipset auth DNSSEC loop-detect inotify dumpfile
Nov  3 04:41:36 gtw01 dnsmasq[18354]: warning: no upstream servers configured
Nov  3 04:41:36 gtw01 dnsmasq-dhcp[18354]: DHCP, static leases only on 192.168.120.0, lease time 1h
Nov  3 04:41:36 gtw01 dnsmasq[18354]: read /var/lib/neutron/dhcp/92d646a9-4309-47f1-ad70-fd9714290333/addn_hosts - 1 addresses
Nov  3 04:41:36 gtw01 dnsmasq[17937]: read /var/lib/neutron/dhcp/91b37c6c-3abb-4478-b788-ceb7b5ad9ba4/addn_hosts - 1 addresses
Nov  3 04:41:36 gtw01 dnsmasq-dhcp[17937]: read /var/lib/neutron/dhcp/91b37c6c-3abb-4478-b788-ceb7b5ad9ba4/host
Nov  3 04:41:36 gtw01 dnsmasq-dhcp[17937]: read /var/lib/neutron/dhcp/91b37c6c-3abb-4478-b788-ceb7b5ad9ba4/opts
Nov  3 04:41:36 gtw01 dnsmasq-dhcp[18354]: read /var/lib/neutron/dhcp/92d646a9-4309-47f1-ad70-fd9714290333/host
Nov  3 04:41:36 gtw01 dnsmasq-dhcp[18354]: read /var/lib/neutron/dhcp/92d646a9-4309-47f1-ad70-fd9714290333/opts
Nov  3 04:41:36 gtw01 systemd-udevd[18369]: Process '/sbin/ip link set tapd2930d5c-98 txqueuelen 10000' failed with exit code 1.
Nov  3 04:41:36 gtw01 dnsmasq[17725]: read /var/lib/neutron/dhcp/1788e793-3118-4929-ace0-7faa13a98e05/addn_hosts - 1 addresses
Nov  3 04:41:36 gtw01 dnsmasq-dhcp[17725]: read /var/lib/neutron/dhcp/1788e793-3118-4929-ace0-7faa13a98e05/host
Nov  3 04:41:36 gtw01 dnsmasq-dhcp[17725]: read /var/lib/neutron/dhcp/1788e793-3118-4929-ace0-7faa13a98e05/opts
Nov  3 04:41:36 gtw01 systemd-udevd[18392]: Process '/sbin/ip link set tapaaa1cfab-4b txqueuelen 10000' failed with exit code 1.
Nov  3 04:41:36 gtw01 haproxy-metadata-proxy-92d646a9-4309-47f1-ad70-fd9714290333[18406]: Proxy listener started.
Nov  3 04:41:39 gtw01 dnsmasq[17937]: read /var/lib/neutron/dhcp/91b37c6c-3abb-4478-b788-ceb7b5ad9ba4/addn_hosts - 1 addresses
Nov  3 04:41:39 gtw01 dnsmasq-dhcp[17937]: read /var/lib/neutron/dhcp/91b37c6c-3abb-4478-b788-ceb7b5ad9ba4/host
Nov  3 04:41:39 gtw01 dnsmasq-dhcp[17937]: read /var/lib/neutron/dhcp/91b37c6c-3abb-4478-b788-ceb7b5ad9ba4/opts
Nov  3 04:41:39 gtw01 dnsmasq[18354]: read /var/lib/neutron/dhcp/92d646a9-4309-47f1-ad70-fd9714290333/addn_hosts - 2 addresses
Nov  3 04:41:39 gtw01 dnsmasq-dhcp[18354]: read /var/lib/neutron/dhcp/92d646a9-4309-47f1-ad70-fd9714290333/host
Nov  3 04:41:39 gtw01 dnsmasq-dhcp[18354]: read /var/lib/neutron/dhcp/92d646a9-4309-47f1-ad70-fd9714290333/opts
Nov  3 04:41:39 gtw01 dnsmasq[18513]: started, version 2.80 cachesize 150
Nov  3 04:41:39 gtw01 dnsmasq[18513]: DNS service limited to local subnets
Nov  3 04:41:39 gtw01 dnsmasq[18513]: compile time options: IPv6 GNU-getopt DBus i18n IDN DHCP DHCPv6 no-Lua TFTP conntrack ipset auth DNSSEC loop-detect inotify dumpfile
Nov  3 04:41:39 gtw01 dnsmasq[18513]: warning: no upstream servers configured
Nov  3 04:41:39 gtw01 dnsmasq-dhcp[18513]: DHCP, static leases only on 192.168.120.0, lease time 1h
Nov  3 04:41:39 gtw01 dnsmasq[18513]: read /var/lib/neutron/dhcp/bca9d1bb-2b36-495f-9dc0-af4df63c3e22/addn_hosts - 1 addresses
Nov  3 04:41:39 gtw01 dnsmasq-dhcp[18513]: read /var/lib/neutron/dhcp/bca9d1bb-2b36-495f-9dc0-af4df63c3e22/host
Nov  3 04:41:39 gtw01 dnsmasq-dhcp[18513]: read /var/lib/neutron/dhcp/bca9d1bb-2b36-495f-9dc0-af4df63c3e22/opts
Nov  3 04:41:40 gtw01 haproxy-metadata-proxy-bca9d1bb-2b36-495f-9dc0-af4df63c3e22[18541]: Proxy listener started.
Nov  3 04:41:41 gtw01 dnsmasq[18354]: read /var/lib/neutron/dhcp/92d646a9-4309-47f1-ad70-fd9714290333/addn_hosts - 2 addresses
Nov  3 04:41:41 gtw01 dnsmasq-dhcp[18354]: read /var/lib/neutron/dhcp/92d646a9-4309-47f1-ad70-fd9714290333/host
Nov  3 04:41:41 gtw01 dnsmasq-dhcp[18354]: read /var/lib/neutron/dhcp/92d646a9-4309-47f1-ad70-fd9714290333/opts
Nov  3 04:41:42 gtw01 dnsmasq[18513]: read /var/lib/neutron/dhcp/bca9d1bb-2b36-495f-9dc0-af4df63c3e22/addn_hosts - 2 addresses
Nov  3 04:41:42 gtw01 dnsmasq-dhcp[18513]: read /var/lib/neutron/dhcp/bca9d1bb-2b36-495f-9dc0-af4df63c3e22/host
Nov  3 04:41:42 gtw01 dnsmasq-dhcp[18513]: read /var/lib/neutron/dhcp/bca9d1bb-2b36-495f-9dc0-af4df63c3e22/opts
Nov  3 04:41:44 gtw01 dnsmasq[18354]: read /var/lib/neutron/dhcp/92d646a9-4309-47f1-ad70-fd9714290333/addn_hosts - 2 addresses
Nov  3 04:41:44 gtw01 dnsmasq-dhcp[18354]: read /var/lib/neutron/dhcp/92d646a9-4309-47f1-ad70-fd9714290333/host
Nov  3 04:41:44 gtw01 dnsmasq-dhcp[18354]: read /var/lib/neutron/dhcp/92d646a9-4309-47f1-ad70-fd9714290333/opts
Nov  3 04:41:44 gtw01 dnsmasq[18704]: started, version 2.80 cachesize 150
Nov  3 04:41:44 gtw01 dnsmasq[18704]: DNS service limited to local subnets
Nov  3 04:41:44 gtw01 dnsmasq[18704]: compile time options: IPv6 GNU-getopt DBus i18n IDN DHCP DHCPv6 no-Lua TFTP conntrack ipset auth DNSSEC loop-detect inotify dumpfile
Nov  3 04:41:44 gtw01 dnsmasq[18704]: warning: no upstream servers configured
Nov  3 04:41:44 gtw01 dnsmasq-dhcp[18704]: DHCP, static leases only on 192.168.120.0, lease time 1h
Nov  3 04:41:44 gtw01 dnsmasq[18704]: read /var/lib/neutron/dhcp/51f6ece8-7395-484e-ad0d-e806512525da/addn_hosts - 1 addresses
Nov  3 04:41:44 gtw01 dnsmasq-dhcp[18704]: read /var/lib/neutron/dhcp/51f6ece8-7395-484e-ad0d-e806512525da/host
Nov  3 04:41:44 gtw01 dnsmasq-dhcp[18704]: read /var/lib/neutron/dhcp/51f6ece8-7395-484e-ad0d-e806512525da/opts
Nov  3 04:41:45 gtw01 haproxy-metadata-proxy-51f6ece8-7395-484e-ad0d-e806512525da[18728]: Proxy listener started.
Nov  3 04:41:45 gtw01 kernel: [ 9011.157283] device tap4a3b9611-29 entered promiscuous mode
Nov  3 04:41:45 gtw01 systemd-udevd[18743]: Could not generate persistent MAC address for tap4a3b9611-29: No such file or directory
Nov  3 04:41:46 gtw01 dnsmasq[18513]: read /var/lib/neutron/dhcp/bca9d1bb-2b36-495f-9dc0-af4df63c3e22/addn_hosts - 2 addresses
Nov  3 04:41:46 gtw01 dnsmasq-dhcp[18513]: read /var/lib/neutron/dhcp/bca9d1bb-2b36-495f-9dc0-af4df63c3e22/host
Nov  3 04:41:46 gtw01 dnsmasq-dhcp[18513]: read /var/lib/neutron/dhcp/bca9d1bb-2b36-495f-9dc0-af4df63c3e22/opts
Nov  3 04:41:46 gtw01 dnsmasq[18798]: started, version 2.80 cachesize 150
Nov  3 04:41:46 gtw01 dnsmasq[18798]: DNS service limited to local subnets
Nov  3 04:41:46 gtw01 dnsmasq[18798]: compile time options: IPv6 GNU-getopt DBus i18n IDN DHCP DHCPv6 no-Lua TFTP conntrack ipset auth DNSSEC loop-detect inotify dumpfile
Nov  3 04:41:46 gtw01 dnsmasq[18798]: warning: no upstream servers configured
Nov  3 04:41:46 gtw01 dnsmasq-dhcp[18798]: DHCP, static leases only on 192.168.120.0, lease time 1h
Nov  3 04:41:46 gtw01 dnsmasq[18798]: read /var/lib/neutron/dhcp/37d34fcb-7cd3-4c4f-a56d-4247861d4e39/addn_hosts - 1 addresses
Nov  3 04:41:46 gtw01 dnsmasq-dhcp[18798]: read /var/lib/neutron/dhcp/37d34fcb-7cd3-4c4f-a56d-4247861d4e39/host
Nov  3 04:41:46 gtw01 dnsmasq-dhcp[18798]: read /var/lib/neutron/dhcp/37d34fcb-7cd3-4c4f-a56d-4247861d4e39/opts
Nov  3 04:41:46 gtw01 dnsmasq[18805]: started, version 2.80 cachesize 150
Nov  3 04:41:46 gtw01 dnsmasq[18805]: DNS service limited to local subnets
Nov  3 04:41:46 gtw01 dnsmasq[18805]: compile time options: IPv6 GNU-getopt DBus i18n IDN DHCP DHCPv6 no-Lua TFTP conntrack ipset auth DNSSEC loop-detect inotify dumpfile
Nov  3 04:41:46 gtw01 dnsmasq[18805]: warning: no upstream servers configured
Nov  3 04:41:46 gtw01 dnsmasq-dhcp[18805]: DHCP, static leases only on 192.168.120.0, lease time 1h
Nov  3 04:41:46 gtw01 dnsmasq[18805]: read /var/lib/neutron/dhcp/7aa5d8d8-f5f0-4b45-af06-4cd4ac0774e3/addn_hosts - 1 addresses
Nov  3 04:41:46 gtw01 dnsmasq-dhcp[18805]: read /var/lib/neutron/dhcp/7aa5d8d8-f5f0-4b45-af06-4cd4ac0774e3/host
Nov  3 04:41:46 gtw01 dnsmasq-dhcp[18805]: read /var/lib/neutron/dhcp/7aa5d8d8-f5f0-4b45-af06-4cd4ac0774e3/opts
Nov  3 04:41:46 gtw01 systemd-udevd[18815]: Process '/sbin/ip link set tap4a3b9611-29 txqueuelen 10000' failed with exit code 1.
Nov  3 04:41:46 gtw01 haproxy-metadata-proxy-37d34fcb-7cd3-4c4f-a56d-4247861d4e39[18826]: Proxy listener started.
Nov  3 04:41:47 gtw01 haproxy-metadata-proxy-7aa5d8d8-f5f0-4b45-af06-4cd4ac0774e3[18834]: Proxy listener started.
Nov  3 04:41:47 gtw01 dnsmasq[18849]: started, version 2.80 cachesize 150
Nov  3 04:41:47 gtw01 dnsmasq[18849]: DNS service limited to local subnets
Nov  3 04:41:47 gtw01 dnsmasq[18849]: compile time options: IPv6 GNU-getopt DBus i18n IDN DHCP DHCPv6 no-Lua TFTP conntrack ipset auth DNSSEC loop-detect inotify dumpfile
Nov  3 04:41:47 gtw01 dnsmasq[18849]: warning: no upstream servers configured
Nov  3 04:41:47 gtw01 dnsmasq-dhcp[18849]: DHCP, static leases only on 192.168.120.0, lease time 1h
Nov  3 04:41:47 gtw01 dnsmasq[18849]: read /var/lib/neutron/dhcp/b2841a5b-8285-4de0-9856-04e8c50ecaea/addn_hosts - 1 addresses
Nov  3 04:41:47 gtw01 dnsmasq-dhcp[18849]: read /var/lib/neutron/dhcp/b2841a5b-8285-4de0-9856-04e8c50ecaea/host
Nov  3 04:41:47 gtw01 dnsmasq-dhcp[18849]: read /var/lib/neutron/dhcp/b2841a5b-8285-4de0-9856-04e8c50ecaea/opts
Nov  3 04:41:47 gtw01 kernel: [ 9012.899066] device tap1bbfcaba-d7 entered promiscuous mode
Nov  3 04:41:47 gtw01 systemd-udevd[18860]: Could not generate persistent MAC address for tap1bbfcaba-d7: No such file or directory
Nov  3 04:41:47 gtw01 systemd-udevd[18908]: Process '/sbin/ip link set tap1bbfcaba-d7 txqueuelen 10000' failed with exit code 1.
Nov  3 04:41:47 gtw01 haproxy-metadata-proxy-b2841a5b-8285-4de0-9856-04e8c50ecaea[18918]: Proxy listener started.
Nov  3 04:41:48 gtw01 dnsmasq[18704]: read /var/lib/neutron/dhcp/51f6ece8-7395-484e-ad0d-e806512525da/addn_hosts - 2 addresses
Nov  3 04:41:48 gtw01 dnsmasq-dhcp[18704]: read /var/lib/neutron/dhcp/51f6ece8-7395-484e-ad0d-e806512525da/host
Nov  3 04:41:48 gtw01 dnsmasq-dhcp[18704]: read /var/lib/neutron/dhcp/51f6ece8-7395-484e-ad0d-e806512525da/opts
Nov  3 04:41:48 gtw01 dnsmasq[18798]: read /var/lib/neutron/dhcp/37d34fcb-7cd3-4c4f-a56d-4247861d4e39/addn_hosts - 2 addresses
Nov  3 04:41:48 gtw01 dnsmasq-dhcp[18798]: read /var/lib/neutron/dhcp/37d34fcb-7cd3-4c4f-a56d-4247861d4e39/host
Nov  3 04:41:48 gtw01 dnsmasq-dhcp[18798]: read /var/lib/neutron/dhcp/37d34fcb-7cd3-4c4f-a56d-4247861d4e39/opts
Nov  3 04:41:49 gtw01 dnsmasq[18805]: read /var/lib/neutron/dhcp/7aa5d8d8-f5f0-4b45-af06-4cd4ac0774e3/addn_hosts - 2 addresses
Nov  3 04:41:49 gtw01 dnsmasq-dhcp[18805]: read /var/lib/neutron/dhcp/7aa5d8d8-f5f0-4b45-af06-4cd4ac0774e3/host
Nov  3 04:41:49 gtw01 dnsmasq-dhcp[18805]: read /var/lib/neutron/dhcp/7aa5d8d8-f5f0-4b45-af06-4cd4ac0774e3/opts
Nov  3 04:41:50 gtw01 dnsmasq[18849]: read /var/lib/neutron/dhcp/b2841a5b-8285-4de0-9856-04e8c50ecaea/addn_hosts - 2 addresses
Nov  3 04:41:50 gtw01 dnsmasq-dhcp[18849]: read /var/lib/neutron/dhcp/b2841a5b-8285-4de0-9856-04e8c50ecaea/host
Nov  3 04:41:50 gtw01 dnsmasq-dhcp[18849]: read /var/lib/neutron/dhcp/b2841a5b-8285-4de0-9856-04e8c50ecaea/opts
Nov  3 04:41:50 gtw01 dnsmasq[18704]: read /var/lib/neutron/dhcp/51f6ece8-7395-484e-ad0d-e806512525da/addn_hosts - 2 addresses
Nov  3 04:41:50 gtw01 dnsmasq-dhcp[18704]: read /var/lib/neutron/dhcp/51f6ece8-7395-484e-ad0d-e806512525da/host
Nov  3 04:41:50 gtw01 dnsmasq-dhcp[18704]: read /var/lib/neutron/dhcp/51f6ece8-7395-484e-ad0d-e806512525da/opts
Nov  3 04:41:51 gtw01 dnsmasq[18798]: read /var/lib/neutron/dhcp/37d34fcb-7cd3-4c4f-a56d-4247861d4e39/addn_hosts - 2 addresses
Nov  3 04:41:51 gtw01 dnsmasq-dhcp[18798]: read /var/lib/neutron/dhcp/37d34fcb-7cd3-4c4f-a56d-4247861d4e39/host
Nov  3 04:41:51 gtw01 dnsmasq-dhcp[18798]: read /var/lib/neutron/dhcp/37d34fcb-7cd3-4c4f-a56d-4247861d4e39/opts
Nov  3 04:41:51 gtw01 dnsmasq[18805]: read /var/lib/neutron/dhcp/7aa5d8d8-f5f0-4b45-af06-4cd4ac0774e3/addn_hosts - 2 addresses
Nov  3 04:41:51 gtw01 dnsmasq-dhcp[18805]: read /var/lib/neutron/dhcp/7aa5d8d8-f5f0-4b45-af06-4cd4ac0774e3/host
Nov  3 04:41:51 gtw01 dnsmasq-dhcp[18805]: read /var/lib/neutron/dhcp/7aa5d8d8-f5f0-4b45-af06-4cd4ac0774e3/opts
Nov  3 04:41:53 gtw01 dnsmasq[18354]: read /var/lib/neutron/dhcp/92d646a9-4309-47f1-ad70-fd9714290333/addn_hosts - 2 addresses
Nov  3 04:41:53 gtw01 dnsmasq-dhcp[18354]: read /var/lib/neutron/dhcp/92d646a9-4309-47f1-ad70-fd9714290333/host
Nov  3 04:41:53 gtw01 dnsmasq-dhcp[18354]: read /var/lib/neutron/dhcp/92d646a9-4309-47f1-ad70-fd9714290333/opts
Nov  3 04:41:54 gtw01 dnsmasq[18849]: read /var/lib/neutron/dhcp/b2841a5b-8285-4de0-9856-04e8c50ecaea/addn_hosts - 2 addresses
Nov  3 04:41:54 gtw01 dnsmasq-dhcp[18849]: read /var/lib/neutron/dhcp/b2841a5b-8285-4de0-9856-04e8c50ecaea/host
Nov  3 04:41:54 gtw01 dnsmasq-dhcp[18849]: read /var/lib/neutron/dhcp/b2841a5b-8285-4de0-9856-04e8c50ecaea/opts
Nov  3 04:41:55 gtw01 kernel: [ 9020.531230] device tape9de006d-2b entered promiscuous mode
Nov  3 04:41:55 gtw01 systemd-udevd[19181]: Could not generate persistent MAC address for tape9de006d-2b: No such file or directory
Nov  3 04:41:56 gtw01 systemd-udevd[19247]: Process '/sbin/ip link set tape9de006d-2b txqueuelen 10000' failed with exit code 1.
Nov  3 04:41:56 gtw01 dnsmasq[19262]: started, version 2.80 cachesize 150
Nov  3 04:41:56 gtw01 dnsmasq[19262]: DNS service limited to local subnets
Nov  3 04:41:56 gtw01 dnsmasq[19262]: compile time options: IPv6 GNU-getopt DBus i18n IDN DHCP DHCPv6 no-Lua TFTP conntrack ipset auth DNSSEC loop-detect inotify dumpfile
Nov  3 04:41:56 gtw01 dnsmasq[19262]: warning: no upstream servers configured
Nov  3 04:41:56 gtw01 dnsmasq-dhcp[19262]: DHCP, static leases only on 192.168.120.0, lease time 1h
Nov  3 04:41:56 gtw01 dnsmasq[19262]: read /var/lib/neutron/dhcp/8ca7e2bb-fbc6-4e93-ade8-3953a7b01119/addn_hosts - 1 addresses
Nov  3 04:41:56 gtw01 dnsmasq-dhcp[19262]: read /var/lib/neutron/dhcp/8ca7e2bb-fbc6-4e93-ade8-3953a7b01119/host
Nov  3 04:41:56 gtw01 dnsmasq-dhcp[19262]: read /var/lib/neutron/dhcp/8ca7e2bb-fbc6-4e93-ade8-3953a7b01119/opts
Nov  3 04:41:56 gtw01 dnsmasq[19269]: started, version 2.80 cachesize 150
Nov  3 04:41:56 gtw01 dnsmasq[19269]: DNS service limited to local subnets
Nov  3 04:41:56 gtw01 dnsmasq[19269]: compile time options: IPv6 GNU-getopt DBus i18n IDN DHCP DHCPv6 no-Lua TFTP conntrack ipset auth DNSSEC loop-detect inotify dumpfile
Nov  3 04:41:56 gtw01 dnsmasq[19269]: warning: no upstream servers configured
Nov  3 04:41:56 gtw01 dnsmasq-dhcp[19269]: DHCP, static leases only on 192.168.120.0, lease time 1h
Nov  3 04:41:56 gtw01 dnsmasq[19269]: read /var/lib/neutron/dhcp/62eecbfa-1e96-4e00-b7d0-ad0dc80136ce/addn_hosts - 1 addresses
Nov  3 04:41:56 gtw01 dnsmasq-dhcp[19269]: read /var/lib/neutron/dhcp/62eecbfa-1e96-4e00-b7d0-ad0dc80136ce/host
Nov  3 04:41:56 gtw01 dnsmasq-dhcp[19269]: read /var/lib/neutron/dhcp/62eecbfa-1e96-4e00-b7d0-ad0dc80136ce/opts
Nov  3 04:41:57 gtw01 haproxy-metadata-proxy-8ca7e2bb-fbc6-4e93-ade8-3953a7b01119[19291]: Proxy listener started.
Nov  3 04:41:57 gtw01 dnsmasq[17725]: read /var/lib/neutron/dhcp/1788e793-3118-4929-ace0-7faa13a98e05/addn_hosts - 2 addresses
Nov  3 04:41:57 gtw01 dnsmasq-dhcp[17725]: read /var/lib/neutron/dhcp/1788e793-3118-4929-ace0-7faa13a98e05/host
Nov  3 04:41:57 gtw01 dnsmasq-dhcp[17725]: read /var/lib/neutron/dhcp/1788e793-3118-4929-ace0-7faa13a98e05/opts
Nov  3 04:41:57 gtw01 haproxy-metadata-proxy-62eecbfa-1e96-4e00-b7d0-ad0dc80136ce[19312]: Proxy listener started.
Nov  3 04:41:57 gtw01 kernel: [ 9023.126704] device tapdb360626-63 entered promiscuous mode
Nov  3 04:41:57 gtw01 systemd-udevd[19326]: Could not generate persistent MAC address for tapdb360626-63: No such file or directory
Nov  3 04:41:57 gtw01 dnsmasq[18354]: read /var/lib/neutron/dhcp/92d646a9-4309-47f1-ad70-fd9714290333/addn_hosts - 2 addresses
Nov  3 04:41:57 gtw01 dnsmasq-dhcp[18354]: read /var/lib/neutron/dhcp/92d646a9-4309-47f1-ad70-fd9714290333/host
Nov  3 04:41:57 gtw01 dnsmasq-dhcp[18354]: read /var/lib/neutron/dhcp/92d646a9-4309-47f1-ad70-fd9714290333/opts
Nov  3 04:41:58 gtw01 systemd-udevd[19374]: Process '/sbin/ip link set tapdb360626-63 txqueuelen 10000' failed with exit code 1.
Nov  3 04:41:59 gtw01 kernel: [ 9024.390608] device tap467e3511-1e entered promiscuous mode
Nov  3 04:41:59 gtw01 systemd-udevd[19428]: Could not generate persistent MAC address for tap467e3511-1e: No such file or directory
Nov  3 04:41:59 gtw01 dnsmasq[19262]: read /var/lib/neutron/dhcp/8ca7e2bb-fbc6-4e93-ade8-3953a7b01119/addn_hosts - 2 addresses
Nov  3 04:41:59 gtw01 dnsmasq-dhcp[19262]: read /var/lib/neutron/dhcp/8ca7e2bb-fbc6-4e93-ade8-3953a7b01119/host
Nov  3 04:41:59 gtw01 dnsmasq-dhcp[19262]: read /var/lib/neutron/dhcp/8ca7e2bb-fbc6-4e93-ade8-3953a7b01119/opts
Nov  3 04:41:59 gtw01 kernel: [ 9024.946848] device tap6b4a71eb-a3 entered promiscuous mode
Nov  3 04:41:59 gtw01 systemd-udevd[19496]: Could not generate persistent MAC address for tap6b4a71eb-a3: No such file or directory
Nov  3 04:41:59 gtw01 systemd-udevd[19489]: Process '/sbin/ip link set tap467e3511-1e txqueuelen 10000' failed with exit code 1.
Nov  3 04:41:59 gtw01 dnsmasq[19269]: read /var/lib/neutron/dhcp/62eecbfa-1e96-4e00-b7d0-ad0dc80136ce/addn_hosts - 2 addresses
Nov  3 04:41:59 gtw01 dnsmasq-dhcp[19269]: read /var/lib/neutron/dhcp/62eecbfa-1e96-4e00-b7d0-ad0dc80136ce/host
Nov  3 04:41:59 gtw01 dnsmasq-dhcp[19269]: read /var/lib/neutron/dhcp/62eecbfa-1e96-4e00-b7d0-ad0dc80136ce/opts
Nov  3 04:42:00 gtw01 systemd-udevd[19554]: Process '/sbin/ip link set tap6b4a71eb-a3 txqueuelen 10000' failed with exit code 1.
Nov  3 04:42:02 gtw01 dnsmasq[17725]: read /var/lib/neutron/dhcp/1788e793-3118-4929-ace0-7faa13a98e05/addn_hosts - 2 addresses
Nov  3 04:42:02 gtw01 dnsmasq-dhcp[17725]: read /var/lib/neutron/dhcp/1788e793-3118-4929-ace0-7faa13a98e05/host
Nov  3 04:42:02 gtw01 dnsmasq-dhcp[17725]: read /var/lib/neutron/dhcp/1788e793-3118-4929-ace0-7faa13a98e05/opts
Nov  3 04:42:03 gtw01 dnsmasq[17937]: read /var/lib/neutron/dhcp/91b37c6c-3abb-4478-b788-ceb7b5ad9ba4/addn_hosts - 2 addresses
Nov  3 04:42:03 gtw01 dnsmasq-dhcp[17937]: read /var/lib/neutron/dhcp/91b37c6c-3abb-4478-b788-ceb7b5ad9ba4/host
Nov  3 04:42:03 gtw01 dnsmasq-dhcp[17937]: read /var/lib/neutron/dhcp/91b37c6c-3abb-4478-b788-ceb7b5ad9ba4/opts
Nov  3 04:42:05 gtw01 kernel: [ 9030.411435] device tap6303dd5a-ce entered promiscuous mode
Nov  3 04:42:05 gtw01 systemd-udevd[19768]: Could not generate persistent MAC address for tap6303dd5a-ce: No such file or directory
Nov  3 04:42:05 gtw01 kernel: [ 9030.739656] device tap2bf6c394-dc entered promiscuous mode
Nov  3 04:42:05 gtw01 systemd-udevd[19819]: Process '/sbin/ip link set tap6303dd5a-ce txqueuelen 10000' failed with exit code 1.
Nov  3 04:42:05 gtw01 systemd-udevd[19828]: Could not generate persistent MAC address for tap2bf6c394-dc: No such file or directory
Nov  3 04:42:05 gtw01 dnsmasq[19883]: started, version 2.80 cachesize 150
Nov  3 04:42:05 gtw01 dnsmasq[19883]: DNS service limited to local subnets
Nov  3 04:42:05 gtw01 dnsmasq[19883]: compile time options: IPv6 GNU-getopt DBus i18n IDN DHCP DHCPv6 no-Lua TFTP conntrack ipset auth DNSSEC loop-detect inotify dumpfile
Nov  3 04:42:05 gtw01 dnsmasq[19883]: warning: no upstream servers configured
Nov  3 04:42:05 gtw01 dnsmasq-dhcp[19883]: DHCP, static leases only on 192.168.120.0, lease time 1h
Nov  3 04:42:05 gtw01 dnsmasq[19883]: read /var/lib/neutron/dhcp/3b66dcda-9b88-4193-b973-42c67629058c/addn_hosts - 1 addresses
Nov  3 04:42:05 gtw01 dnsmasq-dhcp[19883]: read /var/lib/neutron/dhcp/3b66dcda-9b88-4193-b973-42c67629058c/host
Nov  3 04:42:05 gtw01 dnsmasq-dhcp[19883]: read /var/lib/neutron/dhcp/3b66dcda-9b88-4193-b973-42c67629058c/opts
Nov  3 04:42:06 gtw01 systemd-udevd[19895]: Process '/sbin/ip link set tap2bf6c394-dc txqueuelen 10000' failed with exit code 1.
Nov  3 04:42:06 gtw01 dnsmasq[18704]: read /var/lib/neutron/dhcp/51f6ece8-7395-484e-ad0d-e806512525da/addn_hosts - 2 addresses
Nov  3 04:42:06 gtw01 dnsmasq-dhcp[18704]: read /var/lib/neutron/dhcp/51f6ece8-7395-484e-ad0d-e806512525da/host
Nov  3 04:42:06 gtw01 dnsmasq-dhcp[18704]: read /var/lib/neutron/dhcp/51f6ece8-7395-484e-ad0d-e806512525da/opts
Nov  3 04:42:06 gtw01 haproxy-metadata-proxy-3b66dcda-9b88-4193-b973-42c67629058c[19928]: Proxy listener started.
Nov  3 04:42:07 gtw01 dnsmasq[17937]: read /var/lib/neutron/dhcp/91b37c6c-3abb-4478-b788-ceb7b5ad9ba4/addn_hosts - 2 addresses
Nov  3 04:42:07 gtw01 dnsmasq-dhcp[17937]: read /var/lib/neutron/dhcp/91b37c6c-3abb-4478-b788-ceb7b5ad9ba4/host
Nov  3 04:42:07 gtw01 dnsmasq-dhcp[17937]: read /var/lib/neutron/dhcp/91b37c6c-3abb-4478-b788-ceb7b5ad9ba4/opts
Nov  3 04:42:08 gtw01 dnsmasq[19992]: started, version 2.80 cachesize 150
Nov  3 04:42:08 gtw01 dnsmasq[19992]: DNS service limited to local subnets
Nov  3 04:42:08 gtw01 dnsmasq[19992]: compile time options: IPv6 GNU-getopt DBus i18n IDN DHCP DHCPv6 no-Lua TFTP conntrack ipset auth DNSSEC loop-detect inotify dumpfile
Nov  3 04:42:08 gtw01 dnsmasq[19992]: warning: no upstream servers configured
Nov  3 04:42:08 gtw01 dnsmasq-dhcp[19992]: DHCP, static leases only on 192.168.120.0, lease time 1h
Nov  3 04:42:08 gtw01 dnsmasq[19992]: read /var/lib/neutron/dhcp/48931929-7e2a-4f29-b410-8dea145d747a/addn_hosts - 2 addresses
Nov  3 04:42:08 gtw01 dnsmasq-dhcp[19992]: read /var/lib/neutron/dhcp/48931929-7e2a-4f29-b410-8dea145d747a/host
Nov  3 04:42:08 gtw01 dnsmasq-dhcp[19992]: read /var/lib/neutron/dhcp/48931929-7e2a-4f29-b410-8dea145d747a/opts
Nov  3 04:42:08 gtw01 dnsmasq[19883]: read /var/lib/neutron/dhcp/3b66dcda-9b88-4193-b973-42c67629058c/addn_hosts - 2 addresses
Nov  3 04:42:08 gtw01 dnsmasq-dhcp[19883]: read /var/lib/neutron/dhcp/3b66dcda-9b88-4193-b973-42c67629058c/host
Nov  3 04:42:08 gtw01 dnsmasq-dhcp[19883]: read /var/lib/neutron/dhcp/3b66dcda-9b88-4193-b973-42c67629058c/opts
Nov  3 04:42:09 gtw01 haproxy-metadata-proxy-48931929-7e2a-4f29-b410-8dea145d747a[20016]: Proxy listener started.
Nov  3 04:42:09 gtw01 dnsmasq[20037]: started, version 2.80 cachesize 150
Nov  3 04:42:09 gtw01 dnsmasq[20037]: DNS service limited to local subnets
Nov  3 04:42:09 gtw01 dnsmasq[20037]: compile time options: IPv6 GNU-getopt DBus i18n IDN DHCP DHCPv6 no-Lua TFTP conntrack ipset auth DNSSEC loop-detect inotify dumpfile
Nov  3 04:42:09 gtw01 dnsmasq[20037]: warning: no upstream servers configured
Nov  3 04:42:09 gtw01 dnsmasq-dhcp[20037]: DHCP, static leases only on 192.168.120.0, lease time 1h
Nov  3 04:42:09 gtw01 dnsmasq[20037]: read /var/lib/neutron/dhcp/4693e0b3-1ebb-4694-becb-8950250842cf/addn_hosts - 1 addresses
Nov  3 04:42:09 gtw01 dnsmasq-dhcp[20037]: read /var/lib/neutron/dhcp/4693e0b3-1ebb-4694-becb-8950250842cf/host
Nov  3 04:42:09 gtw01 dnsmasq-dhcp[20037]: read /var/lib/neutron/dhcp/4693e0b3-1ebb-4694-becb-8950250842cf/opts
Nov  3 04:42:10 gtw01 dnsmasq[20065]: started, version 2.80 cachesize 150
Nov  3 04:42:10 gtw01 dnsmasq[20065]: DNS service limited to local subnets
Nov  3 04:42:10 gtw01 dnsmasq[20065]: compile time options: IPv6 GNU-getopt DBus i18n IDN DHCP DHCPv6 no-Lua TFTP conntrack ipset auth DNSSEC loop-detect inotify dumpfile
Nov  3 04:42:10 gtw01 dnsmasq[20065]: warning: no upstream servers configured
Nov  3 04:42:10 gtw01 dnsmasq-dhcp[20065]: DHCP, static leases only on 192.168.120.0, lease time 1h
Nov  3 04:42:10 gtw01 dnsmasq[20065]: read /var/lib/neutron/dhcp/89d06b57-4673-4de3-a6c7-0d2d5386bf95/addn_hosts - 1 addresses
Nov  3 04:42:10 gtw01 dnsmasq-dhcp[20065]: read /var/lib/neutron/dhcp/89d06b57-4673-4de3-a6c7-0d2d5386bf95/host
Nov  3 04:42:10 gtw01 dnsmasq-dhcp[20065]: read /var/lib/neutron/dhcp/89d06b57-4673-4de3-a6c7-0d2d5386bf95/opts
Nov  3 04:42:10 gtw01 haproxy-metadata-proxy-4693e0b3-1ebb-4694-becb-8950250842cf[20068]: Proxy listener started.
Nov  3 04:42:10 gtw01 dnsmasq[18704]: read /var/lib/neutron/dhcp/51f6ece8-7395-484e-ad0d-e806512525da/addn_hosts - 2 addresses
Nov  3 04:42:10 gtw01 dnsmasq-dhcp[18704]: read /var/lib/neutron/dhcp/51f6ece8-7395-484e-ad0d-e806512525da/host
Nov  3 04:42:10 gtw01 dnsmasq-dhcp[18704]: read /var/lib/neutron/dhcp/51f6ece8-7395-484e-ad0d-e806512525da/opts
Nov  3 04:42:11 gtw01 kernel: [ 9036.264655] device tap05b1184d-81 left promiscuous mode
Nov  3 04:42:11 gtw01 haproxy-metadata-proxy-89d06b57-4673-4de3-a6c7-0d2d5386bf95[20092]: Proxy listener started.
Nov  3 04:42:11 gtw01 dnsmasq[19992]: read /var/lib/neutron/dhcp/48931929-7e2a-4f29-b410-8dea145d747a/addn_hosts - 2 addresses
Nov  3 04:42:11 gtw01 dnsmasq-dhcp[19992]: read /var/lib/neutron/dhcp/48931929-7e2a-4f29-b410-8dea145d747a/host
Nov  3 04:42:11 gtw01 dnsmasq-dhcp[19992]: read /var/lib/neutron/dhcp/48931929-7e2a-4f29-b410-8dea145d747a/opts
Nov  3 04:42:11 gtw01 dnsmasq[18513]: read /var/lib/neutron/dhcp/bca9d1bb-2b36-495f-9dc0-af4df63c3e22/addn_hosts - 2 addresses
Nov  3 04:42:11 gtw01 dnsmasq-dhcp[18513]: read /var/lib/neutron/dhcp/bca9d1bb-2b36-495f-9dc0-af4df63c3e22/host
Nov  3 04:42:11 gtw01 dnsmasq-dhcp[18513]: read /var/lib/neutron/dhcp/bca9d1bb-2b36-495f-9dc0-af4df63c3e22/opts
Nov  3 04:42:12 gtw01 dnsmasq[20037]: read /var/lib/neutron/dhcp/4693e0b3-1ebb-4694-becb-8950250842cf/addn_hosts - 2 addresses
Nov  3 04:42:12 gtw01 dnsmasq-dhcp[20037]: read /var/lib/neutron/dhcp/4693e0b3-1ebb-4694-becb-8950250842cf/host
Nov  3 04:42:12 gtw01 dnsmasq-dhcp[20037]: read /var/lib/neutron/dhcp/4693e0b3-1ebb-4694-becb-8950250842cf/opts
Nov  3 04:42:13 gtw01 dnsmasq[20065]: read /var/lib/neutron/dhcp/89d06b57-4673-4de3-a6c7-0d2d5386bf95/addn_hosts - 2 addresses
Nov  3 04:42:13 gtw01 dnsmasq-dhcp[20065]: read /var/lib/neutron/dhcp/89d06b57-4673-4de3-a6c7-0d2d5386bf95/host
Nov  3 04:42:13 gtw01 dnsmasq-dhcp[20065]: read /var/lib/neutron/dhcp/89d06b57-4673-4de3-a6c7-0d2d5386bf95/opts
Nov  3 04:42:13 gtw01 dnsmasq[18849]: read /var/lib/neutron/dhcp/b2841a5b-8285-4de0-9856-04e8c50ecaea/addn_hosts - 2 addresses
Nov  3 04:42:13 gtw01 dnsmasq-dhcp[18849]: read /var/lib/neutron/dhcp/b2841a5b-8285-4de0-9856-04e8c50ecaea/host
Nov  3 04:42:13 gtw01 dnsmasq-dhcp[18849]: read /var/lib/neutron/dhcp/b2841a5b-8285-4de0-9856-04e8c50ecaea/opts
Nov  3 04:42:14 gtw01 kernel: [ 9040.198844] device tapacb63f95-fa left promiscuous mode
Nov  3 04:42:15 gtw01 dnsmasq[19262]: read /var/lib/neutron/dhcp/8ca7e2bb-fbc6-4e93-ade8-3953a7b01119/addn_hosts - 2 addresses
Nov  3 04:42:15 gtw01 dnsmasq-dhcp[19262]: read /var/lib/neutron/dhcp/8ca7e2bb-fbc6-4e93-ade8-3953a7b01119/host
Nov  3 04:42:15 gtw01 dnsmasq-dhcp[19262]: read /var/lib/neutron/dhcp/8ca7e2bb-fbc6-4e93-ade8-3953a7b01119/opts
Nov  3 04:42:15 gtw01 dnsmasq[18513]: read /var/lib/neutron/dhcp/bca9d1bb-2b36-495f-9dc0-af4df63c3e22/addn_hosts - 2 addresses
Nov  3 04:42:15 gtw01 dnsmasq-dhcp[18513]: read /var/lib/neutron/dhcp/bca9d1bb-2b36-495f-9dc0-af4df63c3e22/host
Nov  3 04:42:15 gtw01 dnsmasq-dhcp[18513]: read /var/lib/neutron/dhcp/bca9d1bb-2b36-495f-9dc0-af4df63c3e22/opts
Nov  3 04:42:15 gtw01 dnsmasq[20258]: started, version 2.80 cachesize 150
Nov  3 04:42:15 gtw01 dnsmasq[20258]: DNS service limited to local subnets
Nov  3 04:42:15 gtw01 dnsmasq[20258]: compile time options: IPv6 GNU-getopt DBus i18n IDN DHCP DHCPv6 no-Lua TFTP conntrack ipset auth DNSSEC loop-detect inotify dumpfile
Nov  3 04:42:15 gtw01 dnsmasq[20258]: warning: no upstream servers configured
Nov  3 04:42:15 gtw01 dnsmasq-dhcp[20258]: DHCP, static leases only on 192.168.120.0, lease time 1h
Nov  3 04:42:15 gtw01 dnsmasq[20258]: read /var/lib/neutron/dhcp/aa9a83f6-08fa-41b7-9937-cdb2ff1d291a/addn_hosts - 1 addresses
Nov  3 04:42:15 gtw01 dnsmasq-dhcp[20258]: read /var/lib/neutron/dhcp/aa9a83f6-08fa-41b7-9937-cdb2ff1d291a/host
Nov  3 04:42:15 gtw01 dnsmasq-dhcp[20258]: read /var/lib/neutron/dhcp/aa9a83f6-08fa-41b7-9937-cdb2ff1d291a/opts
Nov  3 04:42:15 gtw01 dnsmasq[19269]: read /var/lib/neutron/dhcp/62eecbfa-1e96-4e00-b7d0-ad0dc80136ce/addn_hosts - 2 addresses
Nov  3 04:42:15 gtw01 dnsmasq-dhcp[19269]: read /var/lib/neutron/dhcp/62eecbfa-1e96-4e00-b7d0-ad0dc80136ce/host
Nov  3 04:42:15 gtw01 dnsmasq-dhcp[19269]: read /var/lib/neutron/dhcp/62eecbfa-1e96-4e00-b7d0-ad0dc80136ce/opts
Nov  3 04:42:16 gtw01 dnsmasq[20278]: started, version 2.80 cachesize 150
Nov  3 04:42:16 gtw01 dnsmasq[20278]: DNS service limited to local subnets
Nov  3 04:42:16 gtw01 dnsmasq[20278]: compile time options: IPv6 GNU-getopt DBus i18n IDN DHCP DHCPv6 no-Lua TFTP conntrack ipset auth DNSSEC loop-detect inotify dumpfile
Nov  3 04:42:16 gtw01 dnsmasq[20278]: warning: no upstream servers configured
Nov  3 04:42:16 gtw01 dnsmasq-dhcp[20278]: DHCP, static leases only on 192.168.120.0, lease time 1h
Nov  3 04:42:16 gtw01 dnsmasq[20278]: read /var/lib/neutron/dhcp/aabba38c-6fa6-4db5-be70-8b6f2c7e6025/addn_hosts - 1 addresses
Nov  3 04:42:16 gtw01 dnsmasq-dhcp[20278]: read /var/lib/neutron/dhcp/aabba38c-6fa6-4db5-be70-8b6f2c7e6025/host
Nov  3 04:42:16 gtw01 dnsmasq-dhcp[20278]: read /var/lib/neutron/dhcp/aabba38c-6fa6-4db5-be70-8b6f2c7e6025/opts
Nov  3 04:42:16 gtw01 haproxy-metadata-proxy-aa9a83f6-08fa-41b7-9937-cdb2ff1d291a[20279]: Proxy listener started.
Nov  3 04:42:17 gtw01 haproxy-metadata-proxy-aabba38c-6fa6-4db5-be70-8b6f2c7e6025[20305]: Proxy listener started.
Nov  3 04:42:17 gtw01 dnsmasq[18805]: read /var/lib/neutron/dhcp/7aa5d8d8-f5f0-4b45-af06-4cd4ac0774e3/addn_hosts - 2 addresses
Nov  3 04:42:17 gtw01 dnsmasq-dhcp[18805]: read /var/lib/neutron/dhcp/7aa5d8d8-f5f0-4b45-af06-4cd4ac0774e3/host
Nov  3 04:42:17 gtw01 dnsmasq-dhcp[18805]: read /var/lib/neutron/dhcp/7aa5d8d8-f5f0-4b45-af06-4cd4ac0774e3/opts
Nov  3 04:42:17 gtw01 dnsmasq[18849]: read /var/lib/neutron/dhcp/b2841a5b-8285-4de0-9856-04e8c50ecaea/addn_hosts - 2 addresses
Nov  3 04:42:17 gtw01 dnsmasq-dhcp[18849]: read /var/lib/neutron/dhcp/b2841a5b-8285-4de0-9856-04e8c50ecaea/host
Nov  3 04:42:17 gtw01 dnsmasq-dhcp[18849]: read /var/lib/neutron/dhcp/b2841a5b-8285-4de0-9856-04e8c50ecaea/opts
Nov  3 04:42:18 gtw01 dnsmasq[19262]: read /var/lib/neutron/dhcp/8ca7e2bb-fbc6-4e93-ade8-3953a7b01119/addn_hosts - 2 addresses
Nov  3 04:42:18 gtw01 dnsmasq-dhcp[19262]: read /var/lib/neutron/dhcp/8ca7e2bb-fbc6-4e93-ade8-3953a7b01119/host
Nov  3 04:42:18 gtw01 dnsmasq-dhcp[19262]: read /var/lib/neutron/dhcp/8ca7e2bb-fbc6-4e93-ade8-3953a7b01119/opts
Nov  3 04:42:18 gtw01 dnsmasq[20258]: read /var/lib/neutron/dhcp/aa9a83f6-08fa-41b7-9937-cdb2ff1d291a/addn_hosts - 2 addresses
Nov  3 04:42:18 gtw01 dnsmasq-dhcp[20258]: read /var/lib/neutron/dhcp/aa9a83f6-08fa-41b7-9937-cdb2ff1d291a/host
Nov  3 04:42:18 gtw01 dnsmasq-dhcp[20258]: read /var/lib/neutron/dhcp/aa9a83f6-08fa-41b7-9937-cdb2ff1d291a/opts
Nov  3 04:42:18 gtw01 kernel: [ 9043.698728] device tap56a7e17b-3c left promiscuous mode
Nov  3 04:42:18 gtw01 dnsmasq[18798]: read /var/lib/neutron/dhcp/37d34fcb-7cd3-4c4f-a56d-4247861d4e39/addn_hosts - 2 addresses
Nov  3 04:42:18 gtw01 dnsmasq-dhcp[18798]: read /var/lib/neutron/dhcp/37d34fcb-7cd3-4c4f-a56d-4247861d4e39/host
Nov  3 04:42:18 gtw01 dnsmasq-dhcp[18798]: read /var/lib/neutron/dhcp/37d34fcb-7cd3-4c4f-a56d-4247861d4e39/opts
Nov  3 04:42:19 gtw01 dnsmasq[20278]: read /var/lib/neutron/dhcp/aabba38c-6fa6-4db5-be70-8b6f2c7e6025/addn_hosts - 2 addresses
Nov  3 04:42:19 gtw01 dnsmasq-dhcp[20278]: read /var/lib/neutron/dhcp/aabba38c-6fa6-4db5-be70-8b6f2c7e6025/host
Nov  3 04:42:19 gtw01 dnsmasq-dhcp[20278]: read /var/lib/neutron/dhcp/aabba38c-6fa6-4db5-be70-8b6f2c7e6025/opts
Nov  3 04:42:19 gtw01 kernel: [ 9045.091518] device tap147c6dd1-fb left promiscuous mode
Nov  3 04:42:20 gtw01 dnsmasq[17395]: read /var/lib/neutron/dhcp/a41288b9-1ce6-4150-bc6e-2fa62e90437c/addn_hosts - 3 addresses
Nov  3 04:42:20 gtw01 dnsmasq-dhcp[17395]: read /var/lib/neutron/dhcp/a41288b9-1ce6-4150-bc6e-2fa62e90437c/host
Nov  3 04:42:20 gtw01 dnsmasq-dhcp[17395]: read /var/lib/neutron/dhcp/a41288b9-1ce6-4150-bc6e-2fa62e90437c/opts
Nov  3 04:42:20 gtw01 dnsmasq[19992]: read /var/lib/neutron/dhcp/48931929-7e2a-4f29-b410-8dea145d747a/addn_hosts - 2 addresses
Nov  3 04:42:20 gtw01 dnsmasq-dhcp[19992]: read /var/lib/neutron/dhcp/48931929-7e2a-4f29-b410-8dea145d747a/host
Nov  3 04:42:20 gtw01 dnsmasq-dhcp[19992]: read /var/lib/neutron/dhcp/48931929-7e2a-4f29-b410-8dea145d747a/opts
Nov  3 04:42:20 gtw01 dnsmasq[18805]: read /var/lib/neutron/dhcp/7aa5d8d8-f5f0-4b45-af06-4cd4ac0774e3/addn_hosts - 2 addresses
Nov  3 04:42:20 gtw01 dnsmasq-dhcp[18805]: read /var/lib/neutron/dhcp/7aa5d8d8-f5f0-4b45-af06-4cd4ac0774e3/host
Nov  3 04:42:20 gtw01 dnsmasq-dhcp[18805]: read /var/lib/neutron/dhcp/7aa5d8d8-f5f0-4b45-af06-4cd4ac0774e3/opts
Nov  3 04:42:21 gtw01 dnsmasq[19262]: read /var/lib/neutron/dhcp/8ca7e2bb-fbc6-4e93-ade8-3953a7b01119/addn_hosts - 2 addresses
Nov  3 04:42:21 gtw01 dnsmasq-dhcp[19262]: read /var/lib/neutron/dhcp/8ca7e2bb-fbc6-4e93-ade8-3953a7b01119/host
Nov  3 04:42:21 gtw01 dnsmasq-dhcp[19262]: read /var/lib/neutron/dhcp/8ca7e2bb-fbc6-4e93-ade8-3953a7b01119/opts
Nov  3 04:42:21 gtw01 dnsmasq[19269]: read /var/lib/neutron/dhcp/62eecbfa-1e96-4e00-b7d0-ad0dc80136ce/addn_hosts - 2 addresses
Nov  3 04:42:21 gtw01 dnsmasq-dhcp[19269]: read /var/lib/neutron/dhcp/62eecbfa-1e96-4e00-b7d0-ad0dc80136ce/host
Nov  3 04:42:21 gtw01 dnsmasq-dhcp[19269]: read /var/lib/neutron/dhcp/62eecbfa-1e96-4e00-b7d0-ad0dc80136ce/opts
Nov  3 04:42:22 gtw01 dnsmasq[18798]: read /var/lib/neutron/dhcp/37d34fcb-7cd3-4c4f-a56d-4247861d4e39/addn_hosts - 2 addresses
Nov  3 04:42:22 gtw01 dnsmasq-dhcp[18798]: read /var/lib/neutron/dhcp/37d34fcb-7cd3-4c4f-a56d-4247861d4e39/host
Nov  3 04:42:22 gtw01 dnsmasq-dhcp[18798]: read /var/lib/neutron/dhcp/37d34fcb-7cd3-4c4f-a56d-4247861d4e39/opts
Nov  3 04:42:22 gtw01 dnsmasq[19883]: read /var/lib/neutron/dhcp/3b66dcda-9b88-4193-b973-42c67629058c/addn_hosts - 2 addresses
Nov  3 04:42:22 gtw01 dnsmasq-dhcp[19883]: read /var/lib/neutron/dhcp/3b66dcda-9b88-4193-b973-42c67629058c/host
Nov  3 04:42:22 gtw01 dnsmasq-dhcp[19883]: read /var/lib/neutron/dhcp/3b66dcda-9b88-4193-b973-42c67629058c/opts
Nov  3 04:42:24 gtw01 dnsmasq[19992]: read /var/lib/neutron/dhcp/48931929-7e2a-4f29-b410-8dea145d747a/addn_hosts - 2 addresses
Nov  3 04:42:24 gtw01 dnsmasq-dhcp[19992]: read /var/lib/neutron/dhcp/48931929-7e2a-4f29-b410-8dea145d747a/host
Nov  3 04:42:24 gtw01 dnsmasq-dhcp[19992]: read /var/lib/neutron/dhcp/48931929-7e2a-4f29-b410-8dea145d747a/opts
Nov  3 04:42:24 gtw01 dnsmasq[20037]: read /var/lib/neutron/dhcp/4693e0b3-1ebb-4694-becb-8950250842cf/addn_hosts - 2 addresses
Nov  3 04:42:24 gtw01 dnsmasq-dhcp[20037]: read /var/lib/neutron/dhcp/4693e0b3-1ebb-4694-becb-8950250842cf/host
Nov  3 04:42:24 gtw01 dnsmasq-dhcp[20037]: read /var/lib/neutron/dhcp/4693e0b3-1ebb-4694-becb-8950250842cf/opts
Nov  3 04:42:24 gtw01 dnsmasq[20065]: read /var/lib/neutron/dhcp/89d06b57-4673-4de3-a6c7-0d2d5386bf95/addn_hosts - 2 addresses
Nov  3 04:42:24 gtw01 dnsmasq-dhcp[20065]: read /var/lib/neutron/dhcp/89d06b57-4673-4de3-a6c7-0d2d5386bf95/host
Nov  3 04:42:24 gtw01 dnsmasq-dhcp[20065]: read /var/lib/neutron/dhcp/89d06b57-4673-4de3-a6c7-0d2d5386bf95/opts
Nov  3 04:42:25 gtw01 kernel: [ 9050.312137] device tap74f5d6cc-ff left promiscuous mode
Nov  3 04:42:25 gtw01 dnsmasq[19269]: read /var/lib/neutron/dhcp/62eecbfa-1e96-4e00-b7d0-ad0dc80136ce/addn_hosts - 2 addresses
Nov  3 04:42:25 gtw01 dnsmasq-dhcp[19269]: read /var/lib/neutron/dhcp/62eecbfa-1e96-4e00-b7d0-ad0dc80136ce/host
Nov  3 04:42:25 gtw01 dnsmasq-dhcp[19269]: read /var/lib/neutron/dhcp/62eecbfa-1e96-4e00-b7d0-ad0dc80136ce/opts
Nov  3 04:42:25 gtw01 dnsmasq[19883]: read /var/lib/neutron/dhcp/3b66dcda-9b88-4193-b973-42c67629058c/addn_hosts - 2 addresses
Nov  3 04:42:25 gtw01 dnsmasq-dhcp[19883]: read /var/lib/neutron/dhcp/3b66dcda-9b88-4193-b973-42c67629058c/host
Nov  3 04:42:25 gtw01 dnsmasq-dhcp[19883]: read /var/lib/neutron/dhcp/3b66dcda-9b88-4193-b973-42c67629058c/opts
Nov  3 04:42:25 gtw01 dnsmasq[20278]: read /var/lib/neutron/dhcp/aabba38c-6fa6-4db5-be70-8b6f2c7e6025/addn_hosts - 2 addresses
Nov  3 04:42:25 gtw01 dnsmasq-dhcp[20278]: read /var/lib/neutron/dhcp/aabba38c-6fa6-4db5-be70-8b6f2c7e6025/host
Nov  3 04:42:25 gtw01 dnsmasq-dhcp[20278]: read /var/lib/neutron/dhcp/aabba38c-6fa6-4db5-be70-8b6f2c7e6025/opts
Nov  3 04:42:25 gtw01 dnsmasq[20258]: read /var/lib/neutron/dhcp/aa9a83f6-08fa-41b7-9937-cdb2ff1d291a/addn_hosts - 2 addresses
Nov  3 04:42:25 gtw01 dnsmasq-dhcp[20258]: read /var/lib/neutron/dhcp/aa9a83f6-08fa-41b7-9937-cdb2ff1d291a/host
Nov  3 04:42:25 gtw01 dnsmasq-dhcp[20258]: read /var/lib/neutron/dhcp/aa9a83f6-08fa-41b7-9937-cdb2ff1d291a/opts
Nov  3 04:42:27 gtw01 dnsmasq[18849]: read /var/lib/neutron/dhcp/b2841a5b-8285-4de0-9856-04e8c50ecaea/addn_hosts - 3 addresses
Nov  3 04:42:27 gtw01 dnsmasq-dhcp[18849]: read /var/lib/neutron/dhcp/b2841a5b-8285-4de0-9856-04e8c50ecaea/host
Nov  3 04:42:27 gtw01 dnsmasq-dhcp[18849]: read /var/lib/neutron/dhcp/b2841a5b-8285-4de0-9856-04e8c50ecaea/opts
Nov  3 04:42:27 gtw01 dnsmasq[20037]: read /var/lib/neutron/dhcp/4693e0b3-1ebb-4694-becb-8950250842cf/addn_hosts - 2 addresses
Nov  3 04:42:27 gtw01 dnsmasq-dhcp[20037]: read /var/lib/neutron/dhcp/4693e0b3-1ebb-4694-becb-8950250842cf/host
Nov  3 04:42:27 gtw01 dnsmasq-dhcp[20037]: read /var/lib/neutron/dhcp/4693e0b3-1ebb-4694-becb-8950250842cf/opts
Nov  3 04:42:27 gtw01 dnsmasq[19992]: read /var/lib/neutron/dhcp/48931929-7e2a-4f29-b410-8dea145d747a/addn_hosts - 2 addresses
Nov  3 04:42:27 gtw01 dnsmasq-dhcp[19992]: read /var/lib/neutron/dhcp/48931929-7e2a-4f29-b410-8dea145d747a/host
Nov  3 04:42:27 gtw01 dnsmasq-dhcp[19992]: read /var/lib/neutron/dhcp/48931929-7e2a-4f29-b410-8dea145d747a/opts
Nov  3 04:42:27 gtw01 dnsmasq[20065]: read /var/lib/neutron/dhcp/89d06b57-4673-4de3-a6c7-0d2d5386bf95/addn_hosts - 2 addresses
Nov  3 04:42:27 gtw01 dnsmasq-dhcp[20065]: read /var/lib/neutron/dhcp/89d06b57-4673-4de3-a6c7-0d2d5386bf95/host
Nov  3 04:42:27 gtw01 dnsmasq-dhcp[20065]: read /var/lib/neutron/dhcp/89d06b57-4673-4de3-a6c7-0d2d5386bf95/opts
Nov  3 04:42:28 gtw01 dnsmasq[20278]: read /var/lib/neutron/dhcp/aabba38c-6fa6-4db5-be70-8b6f2c7e6025/addn_hosts - 2 addresses
Nov  3 04:42:28 gtw01 dnsmasq-dhcp[20278]: read /var/lib/neutron/dhcp/aabba38c-6fa6-4db5-be70-8b6f2c7e6025/host
Nov  3 04:42:28 gtw01 dnsmasq-dhcp[20278]: read /var/lib/neutron/dhcp/aabba38c-6fa6-4db5-be70-8b6f2c7e6025/opts
Nov  3 04:42:28 gtw01 dnsmasq[19883]: read /var/lib/neutron/dhcp/3b66dcda-9b88-4193-b973-42c67629058c/addn_hosts - 2 addresses
Nov  3 04:42:28 gtw01 dnsmasq-dhcp[19883]: read /var/lib/neutron/dhcp/3b66dcda-9b88-4193-b973-42c67629058c/host
Nov  3 04:42:28 gtw01 dnsmasq-dhcp[19883]: read /var/lib/neutron/dhcp/3b66dcda-9b88-4193-b973-42c67629058c/opts
