Nov  3 05:36:20 gtw01 dnsmasq-dhcp[29859]: read /var/lib/neutron/dhcp/3ef569ba-a303-48a7-a523-4fb3b0b52c9c/opts
Nov  3 05:36:20 gtw01 dnsmasq[29964]: started, version 2.80 cachesize 150
Nov  3 05:36:20 gtw01 dnsmasq[29964]: DNS service limited to local subnets
Nov  3 05:36:20 gtw01 dnsmasq[29964]: compile time options: IPv6 GNU-getopt DBus i18n IDN DHCP DHCPv6 no-Lua TFTP conntrack ipset auth DNSSEC loop-detect inotify dumpfile
Nov  3 05:36:20 gtw01 dnsmasq[29964]: warning: no upstream servers configured
Nov  3 05:36:20 gtw01 dnsmasq-dhcp[29964]: DHCP, static leases only on 10.2.2.0, lease time 1h
Nov  3 05:36:20 gtw01 dnsmasq[29964]: read /var/lib/neutron/dhcp/6600ec2c-26ff-401b-9494-3aabf5a9caf6/addn_hosts - 1 addresses
Nov  3 05:36:20 gtw01 dnsmasq-dhcp[29964]: read /var/lib/neutron/dhcp/6600ec2c-26ff-401b-9494-3aabf5a9caf6/host
Nov  3 05:36:20 gtw01 dnsmasq-dhcp[29964]: read /var/lib/neutron/dhcp/6600ec2c-26ff-401b-9494-3aabf5a9caf6/opts
Nov  3 05:36:20 gtw01 haproxy-metadata-proxy-6600ec2c-26ff-401b-9494-3aabf5a9caf6[29972]: Proxy listener started.
Nov  3 05:36:21 gtw01 dnsmasq[29928]: read /var/lib/neutron/dhcp/f031ab6a-b8e1-4ed0-96fe-64753d1005b7/addn_hosts - 2 addresses
Nov  3 05:36:21 gtw01 dnsmasq-dhcp[29928]: read /var/lib/neutron/dhcp/f031ab6a-b8e1-4ed0-96fe-64753d1005b7/host
Nov  3 05:36:21 gtw01 dnsmasq-dhcp[29928]: read /var/lib/neutron/dhcp/f031ab6a-b8e1-4ed0-96fe-64753d1005b7/opts
Nov  3 05:36:21 gtw01 dnsmasq[29859]: read /var/lib/neutron/dhcp/3ef569ba-a303-48a7-a523-4fb3b0b52c9c/addn_hosts - 3 addresses
Nov  3 05:36:21 gtw01 dnsmasq-dhcp[29859]: read /var/lib/neutron/dhcp/3ef569ba-a303-48a7-a523-4fb3b0b52c9c/host
Nov  3 05:36:21 gtw01 dnsmasq-dhcp[29859]: read /var/lib/neutron/dhcp/3ef569ba-a303-48a7-a523-4fb3b0b52c9c/opts
Nov  3 05:36:21 gtw01 dnsmasq[29964]: read /var/lib/neutron/dhcp/6600ec2c-26ff-401b-9494-3aabf5a9caf6/addn_hosts - 2 addresses
Nov  3 05:36:21 gtw01 dnsmasq-dhcp[29964]: read /var/lib/neutron/dhcp/6600ec2c-26ff-401b-9494-3aabf5a9caf6/host
Nov  3 05:36:21 gtw01 dnsmasq-dhcp[29964]: read /var/lib/neutron/dhcp/6600ec2c-26ff-401b-9494-3aabf5a9caf6/opts
Nov  3 05:36:22 gtw01 dnsmasq[29928]: read /var/lib/neutron/dhcp/f031ab6a-b8e1-4ed0-96fe-64753d1005b7/addn_hosts - 2 addresses
Nov  3 05:36:22 gtw01 dnsmasq-dhcp[29928]: read /var/lib/neutron/dhcp/f031ab6a-b8e1-4ed0-96fe-64753d1005b7/host
Nov  3 05:36:22 gtw01 dnsmasq-dhcp[29928]: read /var/lib/neutron/dhcp/f031ab6a-b8e1-4ed0-96fe-64753d1005b7/opts
Nov  3 05:36:22 gtw01 dnsmasq[29859]: read /var/lib/neutron/dhcp/3ef569ba-a303-48a7-a523-4fb3b0b52c9c/addn_hosts - 3 addresses
Nov  3 05:36:22 gtw01 dnsmasq-dhcp[29859]: read /var/lib/neutron/dhcp/3ef569ba-a303-48a7-a523-4fb3b0b52c9c/host
Nov  3 05:36:22 gtw01 dnsmasq-dhcp[29859]: read /var/lib/neutron/dhcp/3ef569ba-a303-48a7-a523-4fb3b0b52c9c/opts
Nov  3 05:36:23 gtw01 dnsmasq[29964]: read /var/lib/neutron/dhcp/6600ec2c-26ff-401b-9494-3aabf5a9caf6/addn_hosts - 2 addresses
Nov  3 05:36:23 gtw01 dnsmasq-dhcp[29964]: read /var/lib/neutron/dhcp/6600ec2c-26ff-401b-9494-3aabf5a9caf6/host
Nov  3 05:36:23 gtw01 dnsmasq-dhcp[29964]: read /var/lib/neutron/dhcp/6600ec2c-26ff-401b-9494-3aabf5a9caf6/opts
Nov  3 05:36:23 gtw01 dnsmasq[29928]: read /var/lib/neutron/dhcp/f031ab6a-b8e1-4ed0-96fe-64753d1005b7/addn_hosts - 2 addresses
Nov  3 05:36:23 gtw01 dnsmasq-dhcp[29928]: read /var/lib/neutron/dhcp/f031ab6a-b8e1-4ed0-96fe-64753d1005b7/host
Nov  3 05:36:23 gtw01 dnsmasq-dhcp[29928]: read /var/lib/neutron/dhcp/f031ab6a-b8e1-4ed0-96fe-64753d1005b7/opts
Nov  3 05:36:24 gtw01 dnsmasq[29859]: read /var/lib/neutron/dhcp/3ef569ba-a303-48a7-a523-4fb3b0b52c9c/addn_hosts - 4 addresses
Nov  3 05:36:24 gtw01 dnsmasq-dhcp[29859]: read /var/lib/neutron/dhcp/3ef569ba-a303-48a7-a523-4fb3b0b52c9c/host
Nov  3 05:36:24 gtw01 dnsmasq-dhcp[29859]: read /var/lib/neutron/dhcp/3ef569ba-a303-48a7-a523-4fb3b0b52c9c/opts
Nov  3 05:36:24 gtw01 dnsmasq[29964]: read /var/lib/neutron/dhcp/6600ec2c-26ff-401b-9494-3aabf5a9caf6/addn_hosts - 2 addresses
Nov  3 05:36:24 gtw01 dnsmasq-dhcp[29964]: read /var/lib/neutron/dhcp/6600ec2c-26ff-401b-9494-3aabf5a9caf6/host
Nov  3 05:36:24 gtw01 dnsmasq-dhcp[29964]: read /var/lib/neutron/dhcp/6600ec2c-26ff-401b-9494-3aabf5a9caf6/opts
Nov  3 05:36:25 gtw01 dnsmasq[29928]: read /var/lib/neutron/dhcp/f031ab6a-b8e1-4ed0-96fe-64753d1005b7/addn_hosts - 3 addresses
Nov  3 05:36:25 gtw01 dnsmasq-dhcp[29928]: read /var/lib/neutron/dhcp/f031ab6a-b8e1-4ed0-96fe-64753d1005b7/host
Nov  3 05:36:25 gtw01 dnsmasq-dhcp[29928]: read /var/lib/neutron/dhcp/f031ab6a-b8e1-4ed0-96fe-64753d1005b7/opts
Nov  3 05:36:25 gtw01 dnsmasq[29859]: read /var/lib/neutron/dhcp/3ef569ba-a303-48a7-a523-4fb3b0b52c9c/addn_hosts - 5 addresses
Nov  3 05:36:25 gtw01 dnsmasq-dhcp[29859]: read /var/lib/neutron/dhcp/3ef569ba-a303-48a7-a523-4fb3b0b52c9c/host
Nov  3 05:36:25 gtw01 dnsmasq-dhcp[29859]: read /var/lib/neutron/dhcp/3ef569ba-a303-48a7-a523-4fb3b0b52c9c/opts
Nov  3 05:36:25 gtw01 dnsmasq[29964]: read /var/lib/neutron/dhcp/6600ec2c-26ff-401b-9494-3aabf5a9caf6/addn_hosts - 3 addresses
Nov  3 05:36:25 gtw01 dnsmasq-dhcp[29964]: read /var/lib/neutron/dhcp/6600ec2c-26ff-401b-9494-3aabf5a9caf6/host
Nov  3 05:36:25 gtw01 dnsmasq-dhcp[29964]: read /var/lib/neutron/dhcp/6600ec2c-26ff-401b-9494-3aabf5a9caf6/opts
Nov  3 05:36:26 gtw01 dnsmasq[29928]: read /var/lib/neutron/dhcp/f031ab6a-b8e1-4ed0-96fe-64753d1005b7/addn_hosts - 4 addresses
Nov  3 05:36:26 gtw01 dnsmasq-dhcp[29928]: read /var/lib/neutron/dhcp/f031ab6a-b8e1-4ed0-96fe-64753d1005b7/host
Nov  3 05:36:26 gtw01 dnsmasq-dhcp[29928]: read /var/lib/neutron/dhcp/f031ab6a-b8e1-4ed0-96fe-64753d1005b7/opts
Nov  3 05:36:27 gtw01 dnsmasq[29859]: read /var/lib/neutron/dhcp/3ef569ba-a303-48a7-a523-4fb3b0b52c9c/addn_hosts - 6 addresses
Nov  3 05:36:27 gtw01 dnsmasq-dhcp[29859]: read /var/lib/neutron/dhcp/3ef569ba-a303-48a7-a523-4fb3b0b52c9c/host
Nov  3 05:36:27 gtw01 dnsmasq-dhcp[29859]: read /var/lib/neutron/dhcp/3ef569ba-a303-48a7-a523-4fb3b0b52c9c/opts
Nov  3 05:36:27 gtw01 dnsmasq[29964]: read /var/lib/neutron/dhcp/6600ec2c-26ff-401b-9494-3aabf5a9caf6/addn_hosts - 3 addresses
Nov  3 05:36:27 gtw01 dnsmasq-dhcp[29964]: read /var/lib/neutron/dhcp/6600ec2c-26ff-401b-9494-3aabf5a9caf6/host
Nov  3 05:36:27 gtw01 dnsmasq-dhcp[29964]: read /var/lib/neutron/dhcp/6600ec2c-26ff-401b-9494-3aabf5a9caf6/opts
Nov  3 05:36:27 gtw01 dnsmasq[29928]: read /var/lib/neutron/dhcp/f031ab6a-b8e1-4ed0-96fe-64753d1005b7/addn_hosts - 4 addresses
Nov  3 05:36:27 gtw01 dnsmasq-dhcp[29928]: read /var/lib/neutron/dhcp/f031ab6a-b8e1-4ed0-96fe-64753d1005b7/host
Nov  3 05:36:27 gtw01 dnsmasq-dhcp[29928]: read /var/lib/neutron/dhcp/f031ab6a-b8e1-4ed0-96fe-64753d1005b7/opts
Nov  3 05:36:28 gtw01 dnsmasq[29859]: read /var/lib/neutron/dhcp/3ef569ba-a303-48a7-a523-4fb3b0b52c9c/addn_hosts - 6 addresses
Nov  3 05:36:28 gtw01 dnsmasq-dhcp[29859]: read /var/lib/neutron/dhcp/3ef569ba-a303-48a7-a523-4fb3b0b52c9c/host
Nov  3 05:36:28 gtw01 dnsmasq-dhcp[29859]: read /var/lib/neutron/dhcp/3ef569ba-a303-48a7-a523-4fb3b0b52c9c/opts
Nov  3 05:36:28 gtw01 dnsmasq[29964]: read /var/lib/neutron/dhcp/6600ec2c-26ff-401b-9494-3aabf5a9caf6/addn_hosts - 3 addresses
Nov  3 05:36:28 gtw01 dnsmasq-dhcp[29964]: read /var/lib/neutron/dhcp/6600ec2c-26ff-401b-9494-3aabf5a9caf6/host
Nov  3 05:36:28 gtw01 dnsmasq-dhcp[29964]: read /var/lib/neutron/dhcp/6600ec2c-26ff-401b-9494-3aabf5a9caf6/opts
Nov  3 05:36:29 gtw01 dnsmasq[29928]: read /var/lib/neutron/dhcp/f031ab6a-b8e1-4ed0-96fe-64753d1005b7/addn_hosts - 4 addresses
Nov  3 05:36:29 gtw01 dnsmasq-dhcp[29928]: read /var/lib/neutron/dhcp/f031ab6a-b8e1-4ed0-96fe-64753d1005b7/host
Nov  3 05:36:29 gtw01 dnsmasq-dhcp[29928]: read /var/lib/neutron/dhcp/f031ab6a-b8e1-4ed0-96fe-64753d1005b7/opts
Nov  3 05:36:29 gtw01 dnsmasq[29859]: read /var/lib/neutron/dhcp/3ef569ba-a303-48a7-a523-4fb3b0b52c9c/addn_hosts - 6 addresses
Nov  3 05:36:29 gtw01 dnsmasq-dhcp[29859]: read /var/lib/neutron/dhcp/3ef569ba-a303-48a7-a523-4fb3b0b52c9c/host
Nov  3 05:36:29 gtw01 dnsmasq-dhcp[29859]: read /var/lib/neutron/dhcp/3ef569ba-a303-48a7-a523-4fb3b0b52c9c/opts
Nov  3 05:36:29 gtw01 dnsmasq[29964]: read /var/lib/neutron/dhcp/6600ec2c-26ff-401b-9494-3aabf5a9caf6/addn_hosts - 3 addresses
Nov  3 05:36:29 gtw01 dnsmasq-dhcp[29964]: read /var/lib/neutron/dhcp/6600ec2c-26ff-401b-9494-3aabf5a9caf6/host
Nov  3 05:36:29 gtw01 dnsmasq-dhcp[29964]: read /var/lib/neutron/dhcp/6600ec2c-26ff-401b-9494-3aabf5a9caf6/opts
Nov  3 05:36:30 gtw01 dnsmasq[29928]: read /var/lib/neutron/dhcp/f031ab6a-b8e1-4ed0-96fe-64753d1005b7/addn_hosts - 4 addresses
Nov  3 05:36:30 gtw01 dnsmasq-dhcp[29928]: read /var/lib/neutron/dhcp/f031ab6a-b8e1-4ed0-96fe-64753d1005b7/host
Nov  3 05:36:30 gtw01 dnsmasq-dhcp[29928]: read /var/lib/neutron/dhcp/f031ab6a-b8e1-4ed0-96fe-64753d1005b7/opts
Nov  3 05:36:30 gtw01 dnsmasq[29859]: read /var/lib/neutron/dhcp/3ef569ba-a303-48a7-a523-4fb3b0b52c9c/addn_hosts - 6 addresses
Nov  3 05:36:30 gtw01 dnsmasq-dhcp[29859]: read /var/lib/neutron/dhcp/3ef569ba-a303-48a7-a523-4fb3b0b52c9c/host
Nov  3 05:36:30 gtw01 dnsmasq-dhcp[29859]: read /var/lib/neutron/dhcp/3ef569ba-a303-48a7-a523-4fb3b0b52c9c/opts
Nov  3 05:36:31 gtw01 dnsmasq[29928]: read /var/lib/neutron/dhcp/f031ab6a-b8e1-4ed0-96fe-64753d1005b7/addn_hosts - 4 addresses
Nov  3 05:36:31 gtw01 dnsmasq-dhcp[29928]: read /var/lib/neutron/dhcp/f031ab6a-b8e1-4ed0-96fe-64753d1005b7/host
Nov  3 05:36:31 gtw01 dnsmasq-dhcp[29928]: read /var/lib/neutron/dhcp/f031ab6a-b8e1-4ed0-96fe-64753d1005b7/opts
Nov  3 05:36:31 gtw01 dnsmasq[29859]: read /var/lib/neutron/dhcp/3ef569ba-a303-48a7-a523-4fb3b0b52c9c/addn_hosts - 6 addresses
Nov  3 05:36:31 gtw01 dnsmasq-dhcp[29859]: read /var/lib/neutron/dhcp/3ef569ba-a303-48a7-a523-4fb3b0b52c9c/host
Nov  3 05:36:31 gtw01 dnsmasq-dhcp[29859]: read /var/lib/neutron/dhcp/3ef569ba-a303-48a7-a523-4fb3b0b52c9c/opts
Nov  3 05:36:32 gtw01 dnsmasq[29859]: read /var/lib/neutron/dhcp/3ef569ba-a303-48a7-a523-4fb3b0b52c9c/addn_hosts - 6 addresses
Nov  3 05:36:32 gtw01 dnsmasq-dhcp[29859]: read /var/lib/neutron/dhcp/3ef569ba-a303-48a7-a523-4fb3b0b52c9c/host
Nov  3 05:36:32 gtw01 dnsmasq-dhcp[29859]: read /var/lib/neutron/dhcp/3ef569ba-a303-48a7-a523-4fb3b0b52c9c/opts
Nov  3 05:36:33 gtw01 dnsmasq[29859]: read /var/lib/neutron/dhcp/3ef569ba-a303-48a7-a523-4fb3b0b52c9c/addn_hosts - 6 addresses
Nov  3 05:36:33 gtw01 dnsmasq-dhcp[29859]: read /var/lib/neutron/dhcp/3ef569ba-a303-48a7-a523-4fb3b0b52c9c/host
Nov  3 05:36:33 gtw01 dnsmasq-dhcp[29859]: read /var/lib/neutron/dhcp/3ef569ba-a303-48a7-a523-4fb3b0b52c9c/opts
Nov  3 05:36:40 gtw01 dnsmasq[29928]: read /var/lib/neutron/dhcp/f031ab6a-b8e1-4ed0-96fe-64753d1005b7/addn_hosts - 3 addresses
Nov  3 05:36:40 gtw01 dnsmasq-dhcp[29928]: read /var/lib/neutron/dhcp/f031ab6a-b8e1-4ed0-96fe-64753d1005b7/host
Nov  3 05:36:40 gtw01 dnsmasq-dhcp[29928]: read /var/lib/neutron/dhcp/f031ab6a-b8e1-4ed0-96fe-64753d1005b7/opts
Nov  3 05:36:40 gtw01 dnsmasq[29964]: read /var/lib/neutron/dhcp/6600ec2c-26ff-401b-9494-3aabf5a9caf6/addn_hosts - 2 addresses
Nov  3 05:36:40 gtw01 dnsmasq-dhcp[29964]: read /var/lib/neutron/dhcp/6600ec2c-26ff-401b-9494-3aabf5a9caf6/host
Nov  3 05:36:40 gtw01 dnsmasq-dhcp[29964]: read /var/lib/neutron/dhcp/6600ec2c-26ff-401b-9494-3aabf5a9caf6/opts
Nov  3 05:36:41 gtw01 dnsmasq[29859]: read /var/lib/neutron/dhcp/3ef569ba-a303-48a7-a523-4fb3b0b52c9c/addn_hosts - 5 addresses
Nov  3 05:36:41 gtw01 dnsmasq-dhcp[29859]: read /var/lib/neutron/dhcp/3ef569ba-a303-48a7-a523-4fb3b0b52c9c/host
Nov  3 05:36:41 gtw01 dnsmasq-dhcp[29859]: read /var/lib/neutron/dhcp/3ef569ba-a303-48a7-a523-4fb3b0b52c9c/opts
Nov  3 05:36:41 gtw01 dnsmasq[29928]: read /var/lib/neutron/dhcp/f031ab6a-b8e1-4ed0-96fe-64753d1005b7/addn_hosts - 2 addresses
Nov  3 05:36:41 gtw01 dnsmasq-dhcp[29928]: read /var/lib/neutron/dhcp/f031ab6a-b8e1-4ed0-96fe-64753d1005b7/host
Nov  3 05:36:41 gtw01 dnsmasq-dhcp[29928]: read /var/lib/neutron/dhcp/f031ab6a-b8e1-4ed0-96fe-64753d1005b7/opts
Nov  3 05:36:42 gtw01 dnsmasq[29928]: read /var/lib/neutron/dhcp/f031ab6a-b8e1-4ed0-96fe-64753d1005b7/addn_hosts - 1 addresses
Nov  3 05:36:42 gtw01 dnsmasq-dhcp[29928]: read /var/lib/neutron/dhcp/f031ab6a-b8e1-4ed0-96fe-64753d1005b7/host
Nov  3 05:36:42 gtw01 dnsmasq-dhcp[29928]: read /var/lib/neutron/dhcp/f031ab6a-b8e1-4ed0-96fe-64753d1005b7/opts
Nov  3 05:36:42 gtw01 dnsmasq[29964]: read /var/lib/neutron/dhcp/6600ec2c-26ff-401b-9494-3aabf5a9caf6/addn_hosts - 1 addresses
Nov  3 05:36:42 gtw01 dnsmasq-dhcp[29964]: read /var/lib/neutron/dhcp/6600ec2c-26ff-401b-9494-3aabf5a9caf6/host
Nov  3 05:36:42 gtw01 dnsmasq-dhcp[29964]: read /var/lib/neutron/dhcp/6600ec2c-26ff-401b-9494-3aabf5a9caf6/opts
Nov  3 05:36:43 gtw01 dnsmasq[29859]: read /var/lib/neutron/dhcp/3ef569ba-a303-48a7-a523-4fb3b0b52c9c/addn_hosts - 4 addresses
Nov  3 05:36:43 gtw01 dnsmasq-dhcp[29859]: read /var/lib/neutron/dhcp/3ef569ba-a303-48a7-a523-4fb3b0b52c9c/host
Nov  3 05:36:43 gtw01 dnsmasq-dhcp[29859]: read /var/lib/neutron/dhcp/3ef569ba-a303-48a7-a523-4fb3b0b52c9c/opts
Nov  3 05:36:44 gtw01 dnsmasq[29859]: read /var/lib/neutron/dhcp/3ef569ba-a303-48a7-a523-4fb3b0b52c9c/addn_hosts - 3 addresses
Nov  3 05:36:44 gtw01 dnsmasq-dhcp[29859]: read /var/lib/neutron/dhcp/3ef569ba-a303-48a7-a523-4fb3b0b52c9c/host
Nov  3 05:36:44 gtw01 dnsmasq-dhcp[29859]: read /var/lib/neutron/dhcp/3ef569ba-a303-48a7-a523-4fb3b0b52c9c/opts
Nov  3 05:36:45 gtw01 dnsmasq[29859]: read /var/lib/neutron/dhcp/3ef569ba-a303-48a7-a523-4fb3b0b52c9c/addn_hosts - 2 addresses
Nov  3 05:36:45 gtw01 dnsmasq-dhcp[29859]: read /var/lib/neutron/dhcp/3ef569ba-a303-48a7-a523-4fb3b0b52c9c/host
Nov  3 05:36:45 gtw01 dnsmasq-dhcp[29859]: read /var/lib/neutron/dhcp/3ef569ba-a303-48a7-a523-4fb3b0b52c9c/opts
Nov  3 05:36:46 gtw01 dnsmasq[29859]: read /var/lib/neutron/dhcp/3ef569ba-a303-48a7-a523-4fb3b0b52c9c/addn_hosts - 1 addresses
Nov  3 05:36:46 gtw01 dnsmasq-dhcp[29859]: read /var/lib/neutron/dhcp/3ef569ba-a303-48a7-a523-4fb3b0b52c9c/host
Nov  3 05:36:46 gtw01 dnsmasq-dhcp[29859]: read /var/lib/neutron/dhcp/3ef569ba-a303-48a7-a523-4fb3b0b52c9c/opts
Nov  3 05:36:52 gtw01 dnsmasq[29964]: read /var/lib/neutron/dhcp/6600ec2c-26ff-401b-9494-3aabf5a9caf6/addn_hosts - 1 addresses
Nov  3 05:36:52 gtw01 dnsmasq-dhcp[29964]: read /var/lib/neutron/dhcp/6600ec2c-26ff-401b-9494-3aabf5a9caf6/host
Nov  3 05:36:52 gtw01 dnsmasq-dhcp[29964]: read /var/lib/neutron/dhcp/6600ec2c-26ff-401b-9494-3aabf5a9caf6/opts
Nov  3 05:36:53 gtw01 kernel: [12319.025056] device tap7af0fc77-10 left promiscuous mode
Nov  3 05:36:56 gtw01 dnsmasq[29859]: read /var/lib/neutron/dhcp/3ef569ba-a303-48a7-a523-4fb3b0b52c9c/addn_hosts - 1 addresses
Nov  3 05:36:56 gtw01 dnsmasq-dhcp[29859]: read /var/lib/neutron/dhcp/3ef569ba-a303-48a7-a523-4fb3b0b52c9c/host
Nov  3 05:36:56 gtw01 dnsmasq-dhcp[29859]: read /var/lib/neutron/dhcp/3ef569ba-a303-48a7-a523-4fb3b0b52c9c/opts
Nov  3 05:36:57 gtw01 kernel: [12322.343143] device tap5736a903-57 left promiscuous mode
Nov  3 05:36:59 gtw01 dnsmasq[29928]: read /var/lib/neutron/dhcp/f031ab6a-b8e1-4ed0-96fe-64753d1005b7/addn_hosts - 1 addresses
Nov  3 05:36:59 gtw01 dnsmasq-dhcp[29928]: read /var/lib/neutron/dhcp/f031ab6a-b8e1-4ed0-96fe-64753d1005b7/host
Nov  3 05:36:59 gtw01 dnsmasq-dhcp[29928]: read /var/lib/neutron/dhcp/f031ab6a-b8e1-4ed0-96fe-64753d1005b7/opts
Nov  3 05:37:00 gtw01 kernel: [12325.668933] device tap95b127c0-30 left promiscuous mode
Nov  3 05:37:19 gtw01 kernel: [12344.919265] device tape5f36627-85 entered promiscuous mode
Nov  3 05:37:19 gtw01 systemd-udevd[30678]: Process '/sbin/ip link set tape5f36627-85 txqueuelen 10000' failed with exit code 1.
Nov  3 05:37:19 gtw01 systemd-udevd[30737]: Process '/sbin/ip link set tape5f36627-85 txqueuelen 10000' failed with exit code 1.
Nov  3 05:37:20 gtw01 kernel: [12345.501423] device tapb8209c27-cc entered promiscuous mode
Nov  3 05:37:20 gtw01 systemd-udevd[30764]: Process '/sbin/ip link set tapb8209c27-cc txqueuelen 10000' failed with exit code 1.
Nov  3 05:37:20 gtw01 systemd-udevd[30764]: Process '/sbin/ip link set tapb8209c27-cc txqueuelen 10000' failed with exit code 1.
Nov  3 05:37:21 gtw01 kernel: [12346.414261] device tapa6a96081-00 entered promiscuous mode
Nov  3 05:37:21 gtw01 systemd-udevd[30863]: Could not generate persistent MAC address for tapa6a96081-00: No such file or directory
Nov  3 05:37:21 gtw01 systemd-udevd[30863]: Process '/sbin/ip link set tapa6a96081-00 txqueuelen 10000' failed with exit code 1.
Nov  3 05:37:21 gtw01 systemd-udevd[30863]: Process '/sbin/ip link set tapa6a96081-00 txqueuelen 10000' failed with exit code 1.
Nov  3 05:37:21 gtw01 systemd-udevd[30938]: Could not generate persistent MAC address for tap821d1080-73: No such file or directory
Nov  3 05:37:21 gtw01 kernel: [12346.800953] device tap821d1080-73 entered promiscuous mode
Nov  3 05:37:21 gtw01 systemd-udevd[30938]: Process '/sbin/ip link set tap821d1080-73 txqueuelen 10000' failed with exit code 1.
Nov  3 05:37:25 gtw01 dnsmasq[31128]: started, version 2.80 cachesize 150
Nov  3 05:37:25 gtw01 dnsmasq[31128]: DNS service limited to local subnets
Nov  3 05:37:25 gtw01 dnsmasq[31128]: compile time options: IPv6 GNU-getopt DBus i18n IDN DHCP DHCPv6 no-Lua TFTP conntrack ipset auth DNSSEC loop-detect inotify dumpfile
Nov  3 05:37:25 gtw01 dnsmasq[31128]: warning: no upstream servers configured
Nov  3 05:37:25 gtw01 dnsmasq-dhcp[31128]: DHCP, static leases only on 1.1.0.12, lease time 1h
Nov  3 05:37:25 gtw01 dnsmasq[31128]: read /var/lib/neutron/dhcp/49cdce3c-d226-4677-9f2e-5b0c1551f945/addn_hosts - 1 addresses
Nov  3 05:37:25 gtw01 dnsmasq-dhcp[31128]: read /var/lib/neutron/dhcp/49cdce3c-d226-4677-9f2e-5b0c1551f945/host
Nov  3 05:37:25 gtw01 dnsmasq-dhcp[31128]: read /var/lib/neutron/dhcp/49cdce3c-d226-4677-9f2e-5b0c1551f945/opts
Nov  3 05:37:25 gtw01 haproxy-metadata-proxy-49cdce3c-d226-4677-9f2e-5b0c1551f945[31145]: Proxy listener started.
Nov  3 05:37:25 gtw01 dnsmasq[31162]: started, version 2.80 cachesize 150
Nov  3 05:37:25 gtw01 dnsmasq[31162]: DNS service limited to local subnets
Nov  3 05:37:25 gtw01 dnsmasq[31162]: compile time options: IPv6 GNU-getopt DBus i18n IDN DHCP DHCPv6 no-Lua TFTP conntrack ipset auth DNSSEC loop-detect inotify dumpfile
Nov  3 05:37:25 gtw01 dnsmasq[31162]: warning: no upstream servers configured
Nov  3 05:37:25 gtw01 dnsmasq-dhcp[31162]: DHCP, static leases only on 1.1.0.16, lease time 1h
Nov  3 05:37:25 gtw01 dnsmasq[31162]: read /var/lib/neutron/dhcp/fcc6333e-b514-4140-a824-a4a925e8cad7/addn_hosts - 1 addresses
Nov  3 05:37:25 gtw01 dnsmasq-dhcp[31162]: read /var/lib/neutron/dhcp/fcc6333e-b514-4140-a824-a4a925e8cad7/host
Nov  3 05:37:25 gtw01 dnsmasq-dhcp[31162]: read /var/lib/neutron/dhcp/fcc6333e-b514-4140-a824-a4a925e8cad7/opts
Nov  3 05:37:26 gtw01 haproxy-metadata-proxy-fcc6333e-b514-4140-a824-a4a925e8cad7[31171]: Proxy listener started.
Nov  3 05:37:26 gtw01 dnsmasq[31191]: started, version 2.80 cachesize 150
Nov  3 05:37:26 gtw01 dnsmasq[31191]: DNS service limited to local subnets
Nov  3 05:37:26 gtw01 dnsmasq[31191]: compile time options: IPv6 GNU-getopt DBus i18n IDN DHCP DHCPv6 no-Lua TFTP conntrack ipset auth DNSSEC loop-detect inotify dumpfile
Nov  3 05:37:26 gtw01 dnsmasq[31191]: warning: no upstream servers configured
Nov  3 05:37:26 gtw01 dnsmasq-dhcp[31191]: DHCP, static leases only on 1.1.0.24, lease time 1h
Nov  3 05:37:26 gtw01 dnsmasq[31191]: read /var/lib/neutron/dhcp/e49ecfd5-bb94-4bd9-8453-dd3defcf5700/addn_hosts - 1 addresses
Nov  3 05:37:26 gtw01 dnsmasq-dhcp[31191]: read /var/lib/neutron/dhcp/e49ecfd5-bb94-4bd9-8453-dd3defcf5700/host
Nov  3 05:37:26 gtw01 dnsmasq-dhcp[31191]: read /var/lib/neutron/dhcp/e49ecfd5-bb94-4bd9-8453-dd3defcf5700/opts
Nov  3 05:37:26 gtw01 dnsmasq[31128]: read /var/lib/neutron/dhcp/49cdce3c-d226-4677-9f2e-5b0c1551f945/addn_hosts - 2 addresses
Nov  3 05:37:26 gtw01 dnsmasq-dhcp[31128]: read /var/lib/neutron/dhcp/49cdce3c-d226-4677-9f2e-5b0c1551f945/host
Nov  3 05:37:26 gtw01 dnsmasq-dhcp[31128]: read /var/lib/neutron/dhcp/49cdce3c-d226-4677-9f2e-5b0c1551f945/opts
Nov  3 05:37:26 gtw01 dnsmasq[31198]: started, version 2.80 cachesize 150
Nov  3 05:37:26 gtw01 dnsmasq[31198]: DNS service limited to local subnets
Nov  3 05:37:26 gtw01 dnsmasq[31198]: compile time options: IPv6 GNU-getopt DBus i18n IDN DHCP DHCPv6 no-Lua TFTP conntrack ipset auth DNSSEC loop-detect inotify dumpfile
Nov  3 05:37:26 gtw01 dnsmasq[31198]: warning: no upstream servers configured
Nov  3 05:37:26 gtw01 dnsmasq-dhcp[31198]: DHCP, static leases only on 1.1.0.20, lease time 1h
Nov  3 05:37:26 gtw01 dnsmasq[31198]: read /var/lib/neutron/dhcp/279170b1-02c4-4db6-89d8-dfbf53c93cbf/addn_hosts - 1 addresses
Nov  3 05:37:26 gtw01 dnsmasq-dhcp[31198]: read /var/lib/neutron/dhcp/279170b1-02c4-4db6-89d8-dfbf53c93cbf/host
Nov  3 05:37:26 gtw01 dnsmasq-dhcp[31198]: read /var/lib/neutron/dhcp/279170b1-02c4-4db6-89d8-dfbf53c93cbf/opts
Nov  3 05:37:27 gtw01 haproxy-metadata-proxy-e49ecfd5-bb94-4bd9-8453-dd3defcf5700[31205]: Proxy listener started.
Nov  3 05:37:27 gtw01 haproxy-metadata-proxy-279170b1-02c4-4db6-89d8-dfbf53c93cbf[31211]: Proxy listener started.
Nov  3 05:37:27 gtw01 dnsmasq[31128]: read /var/lib/neutron/dhcp/49cdce3c-d226-4677-9f2e-5b0c1551f945/addn_hosts - 2 addresses
Nov  3 05:37:27 gtw01 dnsmasq-dhcp[31128]: read /var/lib/neutron/dhcp/49cdce3c-d226-4677-9f2e-5b0c1551f945/host
Nov  3 05:37:27 gtw01 dnsmasq-dhcp[31128]: read /var/lib/neutron/dhcp/49cdce3c-d226-4677-9f2e-5b0c1551f945/opts
Nov  3 05:37:29 gtw01 dnsmasq[31162]: read /var/lib/neutron/dhcp/fcc6333e-b514-4140-a824-a4a925e8cad7/addn_hosts - 2 addresses
Nov  3 05:37:29 gtw01 dnsmasq-dhcp[31162]: read /var/lib/neutron/dhcp/fcc6333e-b514-4140-a824-a4a925e8cad7/host
Nov  3 05:37:29 gtw01 dnsmasq-dhcp[31162]: read /var/lib/neutron/dhcp/fcc6333e-b514-4140-a824-a4a925e8cad7/opts
Nov  3 05:37:29 gtw01 dnsmasq[31198]: read /var/lib/neutron/dhcp/279170b1-02c4-4db6-89d8-dfbf53c93cbf/addn_hosts - 2 addresses
Nov  3 05:37:29 gtw01 dnsmasq-dhcp[31198]: read /var/lib/neutron/dhcp/279170b1-02c4-4db6-89d8-dfbf53c93cbf/host
Nov  3 05:37:29 gtw01 dnsmasq-dhcp[31198]: read /var/lib/neutron/dhcp/279170b1-02c4-4db6-89d8-dfbf53c93cbf/opts
Nov  3 05:37:29 gtw01 dnsmasq[31191]: read /var/lib/neutron/dhcp/e49ecfd5-bb94-4bd9-8453-dd3defcf5700/addn_hosts - 2 addresses
Nov  3 05:37:29 gtw01 dnsmasq-dhcp[31191]: read /var/lib/neutron/dhcp/e49ecfd5-bb94-4bd9-8453-dd3defcf5700/host
Nov  3 05:37:29 gtw01 dnsmasq-dhcp[31191]: read /var/lib/neutron/dhcp/e49ecfd5-bb94-4bd9-8453-dd3defcf5700/opts
Nov  3 05:37:31 gtw01 dnsmasq[31128]: read /var/lib/neutron/dhcp/49cdce3c-d226-4677-9f2e-5b0c1551f945/addn_hosts - 2 addresses
Nov  3 05:37:31 gtw01 dnsmasq-dhcp[31128]: read /var/lib/neutron/dhcp/49cdce3c-d226-4677-9f2e-5b0c1551f945/host
Nov  3 05:37:31 gtw01 dnsmasq-dhcp[31128]: read /var/lib/neutron/dhcp/49cdce3c-d226-4677-9f2e-5b0c1551f945/opts
Nov  3 05:37:32 gtw01 kernel: [12357.651224] device tap9d3e53fa-28 entered promiscuous mode
Nov  3 05:37:32 gtw01 systemd-udevd[31377]: Could not generate persistent MAC address for tap9d3e53fa-28: No such file or directory
Nov  3 05:37:32 gtw01 kernel: [12357.897341] device tapb48d889d-01 entered promiscuous mode
Nov  3 05:37:32 gtw01 systemd-udevd[31432]: Could not generate persistent MAC address for tapb48d889d-01: No such file or directory
Nov  3 05:37:32 gtw01 systemd-udevd[31457]: Could not generate persistent MAC address for tap4c158123-4b: No such file or directory
Nov  3 05:37:32 gtw01 kernel: [12357.981127] device tap4c158123-4b entered promiscuous mode
Nov  3 05:37:32 gtw01 kernel: [12358.036722] device tap60dbf61c-a1 entered promiscuous mode
Nov  3 05:37:32 gtw01 systemd-udevd[31479]: Process '/sbin/ip link set tap9d3e53fa-28 txqueuelen 10000' failed with exit code 1.
Nov  3 05:37:32 gtw01 systemd-udevd[31502]: Could not generate persistent MAC address for tap60dbf61c-a1: No such file or directory
Nov  3 05:37:33 gtw01 dnsmasq[31198]: read /var/lib/neutron/dhcp/279170b1-02c4-4db6-89d8-dfbf53c93cbf/addn_hosts - 2 addresses
Nov  3 05:37:33 gtw01 dnsmasq-dhcp[31198]: read /var/lib/neutron/dhcp/279170b1-02c4-4db6-89d8-dfbf53c93cbf/host
Nov  3 05:37:33 gtw01 dnsmasq-dhcp[31198]: read /var/lib/neutron/dhcp/279170b1-02c4-4db6-89d8-dfbf53c93cbf/opts
Nov  3 05:37:33 gtw01 systemd-udevd[31592]: Process '/sbin/ip link set tapb48d889d-01 txqueuelen 10000' failed with exit code 1.
Nov  3 05:37:33 gtw01 systemd-udevd[31602]: Process '/sbin/ip link set tap4c158123-4b txqueuelen 10000' failed with exit code 1.
Nov  3 05:37:33 gtw01 dnsmasq[31162]: read /var/lib/neutron/dhcp/fcc6333e-b514-4140-a824-a4a925e8cad7/addn_hosts - 2 addresses
Nov  3 05:37:33 gtw01 dnsmasq-dhcp[31162]: read /var/lib/neutron/dhcp/fcc6333e-b514-4140-a824-a4a925e8cad7/host
Nov  3 05:37:33 gtw01 dnsmasq-dhcp[31162]: read /var/lib/neutron/dhcp/fcc6333e-b514-4140-a824-a4a925e8cad7/opts
Nov  3 05:37:33 gtw01 systemd-udevd[31620]: Process '/sbin/ip link set tap60dbf61c-a1 txqueuelen 10000' failed with exit code 1.
Nov  3 05:37:33 gtw01 dnsmasq[31191]: read /var/lib/neutron/dhcp/e49ecfd5-bb94-4bd9-8453-dd3defcf5700/addn_hosts - 2 addresses
Nov  3 05:37:33 gtw01 dnsmasq-dhcp[31191]: read /var/lib/neutron/dhcp/e49ecfd5-bb94-4bd9-8453-dd3defcf5700/host
Nov  3 05:37:33 gtw01 dnsmasq-dhcp[31191]: read /var/lib/neutron/dhcp/e49ecfd5-bb94-4bd9-8453-dd3defcf5700/opts
Nov  3 05:37:34 gtw01 dnsmasq[31128]: read /var/lib/neutron/dhcp/49cdce3c-d226-4677-9f2e-5b0c1551f945/addn_hosts - 2 addresses
Nov  3 05:37:34 gtw01 dnsmasq-dhcp[31128]: read /var/lib/neutron/dhcp/49cdce3c-d226-4677-9f2e-5b0c1551f945/host
Nov  3 05:37:34 gtw01 dnsmasq-dhcp[31128]: read /var/lib/neutron/dhcp/49cdce3c-d226-4677-9f2e-5b0c1551f945/opts
Nov  3 05:37:36 gtw01 dnsmasq[31198]: read /var/lib/neutron/dhcp/279170b1-02c4-4db6-89d8-dfbf53c93cbf/addn_hosts - 2 addresses
Nov  3 05:37:36 gtw01 dnsmasq-dhcp[31198]: read /var/lib/neutron/dhcp/279170b1-02c4-4db6-89d8-dfbf53c93cbf/host
Nov  3 05:37:36 gtw01 dnsmasq-dhcp[31198]: read /var/lib/neutron/dhcp/279170b1-02c4-4db6-89d8-dfbf53c93cbf/opts
Nov  3 05:37:36 gtw01 dnsmasq[31162]: read /var/lib/neutron/dhcp/fcc6333e-b514-4140-a824-a4a925e8cad7/addn_hosts - 2 addresses
Nov  3 05:37:36 gtw01 dnsmasq-dhcp[31162]: read /var/lib/neutron/dhcp/fcc6333e-b514-4140-a824-a4a925e8cad7/host
Nov  3 05:37:36 gtw01 dnsmasq-dhcp[31162]: read /var/lib/neutron/dhcp/fcc6333e-b514-4140-a824-a4a925e8cad7/opts
Nov  3 05:37:36 gtw01 dnsmasq[31191]: read /var/lib/neutron/dhcp/e49ecfd5-bb94-4bd9-8453-dd3defcf5700/addn_hosts - 2 addresses
Nov  3 05:37:36 gtw01 dnsmasq-dhcp[31191]: read /var/lib/neutron/dhcp/e49ecfd5-bb94-4bd9-8453-dd3defcf5700/host
Nov  3 05:37:36 gtw01 dnsmasq-dhcp[31191]: read /var/lib/neutron/dhcp/e49ecfd5-bb94-4bd9-8453-dd3defcf5700/opts
Nov  3 05:37:37 gtw01 dnsmasq[31128]: read /var/lib/neutron/dhcp/49cdce3c-d226-4677-9f2e-5b0c1551f945/addn_hosts - 2 addresses
Nov  3 05:37:37 gtw01 dnsmasq-dhcp[31128]: read /var/lib/neutron/dhcp/49cdce3c-d226-4677-9f2e-5b0c1551f945/host
Nov  3 05:37:37 gtw01 dnsmasq-dhcp[31128]: read /var/lib/neutron/dhcp/49cdce3c-d226-4677-9f2e-5b0c1551f945/opts
Nov  3 05:37:39 gtw01 dnsmasq[31198]: read /var/lib/neutron/dhcp/279170b1-02c4-4db6-89d8-dfbf53c93cbf/addn_hosts - 2 addresses
Nov  3 05:37:39 gtw01 dnsmasq-dhcp[31198]: read /var/lib/neutron/dhcp/279170b1-02c4-4db6-89d8-dfbf53c93cbf/host
Nov  3 05:37:39 gtw01 dnsmasq-dhcp[31198]: read /var/lib/neutron/dhcp/279170b1-02c4-4db6-89d8-dfbf53c93cbf/opts
Nov  3 05:37:39 gtw01 dnsmasq[31162]: read /var/lib/neutron/dhcp/fcc6333e-b514-4140-a824-a4a925e8cad7/addn_hosts - 2 addresses
Nov  3 05:37:39 gtw01 dnsmasq-dhcp[31162]: read /var/lib/neutron/dhcp/fcc6333e-b514-4140-a824-a4a925e8cad7/host
Nov  3 05:37:39 gtw01 dnsmasq-dhcp[31162]: read /var/lib/neutron/dhcp/fcc6333e-b514-4140-a824-a4a925e8cad7/opts
Nov  3 05:37:40 gtw01 dnsmasq[31191]: read /var/lib/neutron/dhcp/e49ecfd5-bb94-4bd9-8453-dd3defcf5700/addn_hosts - 2 addresses
Nov  3 05:37:40 gtw01 dnsmasq-dhcp[31191]: read /var/lib/neutron/dhcp/e49ecfd5-bb94-4bd9-8453-dd3defcf5700/host
Nov  3 05:37:40 gtw01 dnsmasq-dhcp[31191]: read /var/lib/neutron/dhcp/e49ecfd5-bb94-4bd9-8453-dd3defcf5700/opts
Nov  3 05:37:42 gtw01 dnsmasq[31968]: started, version 2.80 cachesize 150
Nov  3 05:37:42 gtw01 dnsmasq[31968]: DNS service limited to local subnets
Nov  3 05:37:42 gtw01 dnsmasq[31968]: compile time options: IPv6 GNU-getopt DBus i18n IDN DHCP DHCPv6 no-Lua TFTP conntrack ipset auth DNSSEC loop-detect inotify dumpfile
Nov  3 05:37:42 gtw01 dnsmasq[31968]: warning: no upstream servers configured
Nov  3 05:37:42 gtw01 dnsmasq-dhcp[31968]: DHCP, static leases only on 1.1.0.40, lease time 1h
Nov  3 05:37:42 gtw01 dnsmasq[31968]: read /var/lib/neutron/dhcp/cf90fff6-2162-4f23-9712-b4f327fafb77/addn_hosts - 1 addresses
Nov  3 05:37:42 gtw01 dnsmasq-dhcp[31968]: read /var/lib/neutron/dhcp/cf90fff6-2162-4f23-9712-b4f327fafb77/host
Nov  3 05:37:42 gtw01 dnsmasq-dhcp[31968]: read /var/lib/neutron/dhcp/cf90fff6-2162-4f23-9712-b4f327fafb77/opts
Nov  3 05:37:42 gtw01 dnsmasq[31198]: read /var/lib/neutron/dhcp/279170b1-02c4-4db6-89d8-dfbf53c93cbf/addn_hosts - 2 addresses
Nov  3 05:37:42 gtw01 dnsmasq-dhcp[31198]: read /var/lib/neutron/dhcp/279170b1-02c4-4db6-89d8-dfbf53c93cbf/host
Nov  3 05:37:42 gtw01 dnsmasq-dhcp[31198]: read /var/lib/neutron/dhcp/279170b1-02c4-4db6-89d8-dfbf53c93cbf/opts
Nov  3 05:37:42 gtw01 dnsmasq[31162]: read /var/lib/neutron/dhcp/fcc6333e-b514-4140-a824-a4a925e8cad7/addn_hosts - 2 addresses
Nov  3 05:37:42 gtw01 dnsmasq-dhcp[31162]: read /var/lib/neutron/dhcp/fcc6333e-b514-4140-a824-a4a925e8cad7/host
Nov  3 05:37:42 gtw01 dnsmasq-dhcp[31162]: read /var/lib/neutron/dhcp/fcc6333e-b514-4140-a824-a4a925e8cad7/opts
Nov  3 05:37:43 gtw01 haproxy-metadata-proxy-cf90fff6-2162-4f23-9712-b4f327fafb77[32001]: Proxy listener started.
Nov  3 05:37:43 gtw01 dnsmasq[32004]: started, version 2.80 cachesize 150
Nov  3 05:37:43 gtw01 dnsmasq[32004]: DNS service limited to local subnets
Nov  3 05:37:43 gtw01 dnsmasq[32004]: compile time options: IPv6 GNU-getopt DBus i18n IDN DHCP DHCPv6 no-Lua TFTP conntrack ipset auth DNSSEC loop-detect inotify dumpfile
Nov  3 05:37:43 gtw01 dnsmasq[32004]: warning: no upstream servers configured
Nov  3 05:37:43 gtw01 dnsmasq-dhcp[32004]: DHCP, static leases only on 1.1.0.28, lease time 1h
Nov  3 05:37:43 gtw01 dnsmasq[32004]: read /var/lib/neutron/dhcp/143427de-aa3a-465c-a50d-fba6f157ba95/addn_hosts - 1 addresses
Nov  3 05:37:43 gtw01 dnsmasq-dhcp[32004]: read /var/lib/neutron/dhcp/143427de-aa3a-465c-a50d-fba6f157ba95/host
Nov  3 05:37:43 gtw01 dnsmasq-dhcp[32004]: read /var/lib/neutron/dhcp/143427de-aa3a-465c-a50d-fba6f157ba95/opts
Nov  3 05:37:43 gtw01 dnsmasq[31191]: read /var/lib/neutron/dhcp/e49ecfd5-bb94-4bd9-8453-dd3defcf5700/addn_hosts - 2 addresses
Nov  3 05:37:43 gtw01 dnsmasq-dhcp[31191]: read /var/lib/neutron/dhcp/e49ecfd5-bb94-4bd9-8453-dd3defcf5700/host
Nov  3 05:37:43 gtw01 dnsmasq-dhcp[31191]: read /var/lib/neutron/dhcp/e49ecfd5-bb94-4bd9-8453-dd3defcf5700/opts
Nov  3 05:37:43 gtw01 haproxy-metadata-proxy-143427de-aa3a-465c-a50d-fba6f157ba95[32032]: Proxy listener started.
Nov  3 05:37:44 gtw01 dnsmasq[32056]: started, version 2.80 cachesize 150
Nov  3 05:37:44 gtw01 dnsmasq[32056]: DNS service limited to local subnets
Nov  3 05:37:44 gtw01 dnsmasq[32056]: compile time options: IPv6 GNU-getopt DBus i18n IDN DHCP DHCPv6 no-Lua TFTP conntrack ipset auth DNSSEC loop-detect inotify dumpfile
Nov  3 05:37:44 gtw01 dnsmasq[32056]: warning: no upstream servers configured
Nov  3 05:37:44 gtw01 dnsmasq-dhcp[32056]: DHCP, static leases only on 1.1.0.36, lease time 1h
Nov  3 05:37:44 gtw01 dnsmasq[32056]: read /var/lib/neutron/dhcp/2432bf92-62cf-4723-b6bb-43e8c9cc5f49/addn_hosts - 1 addresses
Nov  3 05:37:44 gtw01 dnsmasq-dhcp[32056]: read /var/lib/neutron/dhcp/2432bf92-62cf-4723-b6bb-43e8c9cc5f49/host
Nov  3 05:37:44 gtw01 dnsmasq-dhcp[32056]: read /var/lib/neutron/dhcp/2432bf92-62cf-4723-b6bb-43e8c9cc5f49/opts
Nov  3 05:37:44 gtw01 dnsmasq[32065]: started, version 2.80 cachesize 150
Nov  3 05:37:44 gtw01 dnsmasq[32065]: DNS service limited to local subnets
Nov  3 05:37:44 gtw01 dnsmasq[32065]: compile time options: IPv6 GNU-getopt DBus i18n IDN DHCP DHCPv6 no-Lua TFTP conntrack ipset auth DNSSEC loop-detect inotify dumpfile
Nov  3 05:37:44 gtw01 dnsmasq[32065]: warning: no upstream servers configured
Nov  3 05:37:44 gtw01 dnsmasq-dhcp[32065]: DHCP, static leases only on 1.1.0.32, lease time 1h
Nov  3 05:37:44 gtw01 dnsmasq[32065]: read /var/lib/neutron/dhcp/5394bb97-e4c9-4114-9e92-20ffe9b9ba28/addn_hosts - 1 addresses
Nov  3 05:37:44 gtw01 dnsmasq-dhcp[32065]: read /var/lib/neutron/dhcp/5394bb97-e4c9-4114-9e92-20ffe9b9ba28/host
Nov  3 05:37:44 gtw01 dnsmasq-dhcp[32065]: read /var/lib/neutron/dhcp/5394bb97-e4c9-4114-9e92-20ffe9b9ba28/opts
Nov  3 05:37:44 gtw01 dnsmasq[31968]: read /var/lib/neutron/dhcp/cf90fff6-2162-4f23-9712-b4f327fafb77/addn_hosts - 2 addresses
Nov  3 05:37:44 gtw01 dnsmasq-dhcp[31968]: read /var/lib/neutron/dhcp/cf90fff6-2162-4f23-9712-b4f327fafb77/host
Nov  3 05:37:44 gtw01 dnsmasq-dhcp[31968]: read /var/lib/neutron/dhcp/cf90fff6-2162-4f23-9712-b4f327fafb77/opts
Nov  3 05:37:45 gtw01 haproxy-metadata-proxy-2432bf92-62cf-4723-b6bb-43e8c9cc5f49[32080]: Proxy listener started.
Nov  3 05:37:45 gtw01 haproxy-metadata-proxy-5394bb97-e4c9-4114-9e92-20ffe9b9ba28[32087]: Proxy listener started.
Nov  3 05:37:45 gtw01 dnsmasq[32004]: read /var/lib/neutron/dhcp/143427de-aa3a-465c-a50d-fba6f157ba95/addn_hosts - 2 addresses
Nov  3 05:37:45 gtw01 dnsmasq-dhcp[32004]: read /var/lib/neutron/dhcp/143427de-aa3a-465c-a50d-fba6f157ba95/host
Nov  3 05:37:45 gtw01 dnsmasq-dhcp[32004]: read /var/lib/neutron/dhcp/143427de-aa3a-465c-a50d-fba6f157ba95/opts
Nov  3 05:37:45 gtw01 systemd-udevd[32112]: Could not generate persistent MAC address for tapfab9d664-1f: No such file or directory
Nov  3 05:37:45 gtw01 kernel: [12371.188320] device tapfab9d664-1f entered promiscuous mode
Nov  3 05:37:46 gtw01 systemd-udevd[32169]: Process '/sbin/ip link set tapfab9d664-1f txqueuelen 10000' failed with exit code 1.
Nov  3 05:37:46 gtw01 dnsmasq[32056]: read /var/lib/neutron/dhcp/2432bf92-62cf-4723-b6bb-43e8c9cc5f49/addn_hosts - 2 addresses
Nov  3 05:37:46 gtw01 dnsmasq-dhcp[32056]: read /var/lib/neutron/dhcp/2432bf92-62cf-4723-b6bb-43e8c9cc5f49/host
Nov  3 05:37:46 gtw01 dnsmasq-dhcp[32056]: read /var/lib/neutron/dhcp/2432bf92-62cf-4723-b6bb-43e8c9cc5f49/opts
Nov  3 05:37:46 gtw01 dnsmasq[32065]: read /var/lib/neutron/dhcp/5394bb97-e4c9-4114-9e92-20ffe9b9ba28/addn_hosts - 2 addresses
Nov  3 05:37:46 gtw01 dnsmasq-dhcp[32065]: read /var/lib/neutron/dhcp/5394bb97-e4c9-4114-9e92-20ffe9b9ba28/host
Nov  3 05:37:46 gtw01 dnsmasq-dhcp[32065]: read /var/lib/neutron/dhcp/5394bb97-e4c9-4114-9e92-20ffe9b9ba28/opts
Nov  3 05:37:47 gtw01 dnsmasq[31968]: read /var/lib/neutron/dhcp/cf90fff6-2162-4f23-9712-b4f327fafb77/addn_hosts - 2 addresses
Nov  3 05:37:47 gtw01 dnsmasq-dhcp[31968]: read /var/lib/neutron/dhcp/cf90fff6-2162-4f23-9712-b4f327fafb77/host
Nov  3 05:37:47 gtw01 dnsmasq-dhcp[31968]: read /var/lib/neutron/dhcp/cf90fff6-2162-4f23-9712-b4f327fafb77/opts
Nov  3 05:37:47 gtw01 dnsmasq[32004]: read /var/lib/neutron/dhcp/143427de-aa3a-465c-a50d-fba6f157ba95/addn_hosts - 2 addresses
Nov  3 05:37:47 gtw01 dnsmasq-dhcp[32004]: read /var/lib/neutron/dhcp/143427de-aa3a-465c-a50d-fba6f157ba95/host
Nov  3 05:37:47 gtw01 dnsmasq-dhcp[32004]: read /var/lib/neutron/dhcp/143427de-aa3a-465c-a50d-fba6f157ba95/opts
Nov  3 05:37:49 gtw01 dnsmasq[32056]: read /var/lib/neutron/dhcp/2432bf92-62cf-4723-b6bb-43e8c9cc5f49/addn_hosts - 2 addresses
Nov  3 05:37:49 gtw01 dnsmasq-dhcp[32056]: read /var/lib/neutron/dhcp/2432bf92-62cf-4723-b6bb-43e8c9cc5f49/host
Nov  3 05:37:49 gtw01 dnsmasq-dhcp[32056]: read /var/lib/neutron/dhcp/2432bf92-62cf-4723-b6bb-43e8c9cc5f49/opts
Nov  3 05:37:49 gtw01 dnsmasq[32065]: read /var/lib/neutron/dhcp/5394bb97-e4c9-4114-9e92-20ffe9b9ba28/addn_hosts - 2 addresses
Nov  3 05:37:49 gtw01 dnsmasq-dhcp[32065]: read /var/lib/neutron/dhcp/5394bb97-e4c9-4114-9e92-20ffe9b9ba28/host
Nov  3 05:37:49 gtw01 dnsmasq-dhcp[32065]: read /var/lib/neutron/dhcp/5394bb97-e4c9-4114-9e92-20ffe9b9ba28/opts
Nov  3 05:37:49 gtw01 kernel: [12374.844943] device tapb1c1f6f9-c3 entered promiscuous mode
Nov  3 05:37:49 gtw01 systemd-udevd[32305]: Process '/sbin/ip link set tapb1c1f6f9-c3 txqueuelen 10000' failed with exit code 1.
Nov  3 05:37:49 gtw01 systemd-udevd[32305]: Process '/sbin/ip link set tapb1c1f6f9-c3 txqueuelen 10000' failed with exit code 1.
Nov  3 05:37:50 gtw01 dnsmasq[31968]: read /var/lib/neutron/dhcp/cf90fff6-2162-4f23-9712-b4f327fafb77/addn_hosts - 2 addresses
Nov  3 05:37:50 gtw01 dnsmasq-dhcp[31968]: read /var/lib/neutron/dhcp/cf90fff6-2162-4f23-9712-b4f327fafb77/host
Nov  3 05:37:50 gtw01 dnsmasq-dhcp[31968]: read /var/lib/neutron/dhcp/cf90fff6-2162-4f23-9712-b4f327fafb77/opts
Nov  3 05:37:50 gtw01 dnsmasq[32004]: read /var/lib/neutron/dhcp/143427de-aa3a-465c-a50d-fba6f157ba95/addn_hosts - 2 addresses
Nov  3 05:37:50 gtw01 dnsmasq-dhcp[32004]: read /var/lib/neutron/dhcp/143427de-aa3a-465c-a50d-fba6f157ba95/host
Nov  3 05:37:50 gtw01 dnsmasq-dhcp[32004]: read /var/lib/neutron/dhcp/143427de-aa3a-465c-a50d-fba6f157ba95/opts
Nov  3 05:37:51 gtw01 dnsmasq[32056]: read /var/lib/neutron/dhcp/2432bf92-62cf-4723-b6bb-43e8c9cc5f49/addn_hosts - 2 addresses
Nov  3 05:37:51 gtw01 dnsmasq-dhcp[32056]: read /var/lib/neutron/dhcp/2432bf92-62cf-4723-b6bb-43e8c9cc5f49/host
Nov  3 05:37:51 gtw01 dnsmasq-dhcp[32056]: read /var/lib/neutron/dhcp/2432bf92-62cf-4723-b6bb-43e8c9cc5f49/opts
Nov  3 05:37:51 gtw01 dnsmasq[32065]: read /var/lib/neutron/dhcp/5394bb97-e4c9-4114-9e92-20ffe9b9ba28/addn_hosts - 2 addresses
Nov  3 05:37:51 gtw01 dnsmasq-dhcp[32065]: read /var/lib/neutron/dhcp/5394bb97-e4c9-4114-9e92-20ffe9b9ba28/host
Nov  3 05:37:51 gtw01 dnsmasq-dhcp[32065]: read /var/lib/neutron/dhcp/5394bb97-e4c9-4114-9e92-20ffe9b9ba28/opts
Nov  3 05:37:52 gtw01 dnsmasq[31968]: read /var/lib/neutron/dhcp/cf90fff6-2162-4f23-9712-b4f327fafb77/addn_hosts - 2 addresses
Nov  3 05:37:52 gtw01 dnsmasq-dhcp[31968]: read /var/lib/neutron/dhcp/cf90fff6-2162-4f23-9712-b4f327fafb77/host
Nov  3 05:37:52 gtw01 dnsmasq-dhcp[31968]: read /var/lib/neutron/dhcp/cf90fff6-2162-4f23-9712-b4f327fafb77/opts
Nov  3 05:37:52 gtw01 dnsmasq[32004]: read /var/lib/neutron/dhcp/143427de-aa3a-465c-a50d-fba6f157ba95/addn_hosts - 2 addresses
Nov  3 05:37:52 gtw01 dnsmasq-dhcp[32004]: read /var/lib/neutron/dhcp/143427de-aa3a-465c-a50d-fba6f157ba95/host
Nov  3 05:37:52 gtw01 dnsmasq-dhcp[32004]: read /var/lib/neutron/dhcp/143427de-aa3a-465c-a50d-fba6f157ba95/opts
Nov  3 05:37:54 gtw01 dnsmasq[32065]: read /var/lib/neutron/dhcp/5394bb97-e4c9-4114-9e92-20ffe9b9ba28/addn_hosts - 2 addresses
Nov  3 05:37:54 gtw01 dnsmasq-dhcp[32065]: read /var/lib/neutron/dhcp/5394bb97-e4c9-4114-9e92-20ffe9b9ba28/host
Nov  3 05:37:54 gtw01 dnsmasq-dhcp[32065]: read /var/lib/neutron/dhcp/5394bb97-e4c9-4114-9e92-20ffe9b9ba28/opts
Nov  3 05:37:54 gtw01 dnsmasq[32056]: read /var/lib/neutron/dhcp/2432bf92-62cf-4723-b6bb-43e8c9cc5f49/addn_hosts - 2 addresses
Nov  3 05:37:54 gtw01 dnsmasq-dhcp[32056]: read /var/lib/neutron/dhcp/2432bf92-62cf-4723-b6bb-43e8c9cc5f49/host
Nov  3 05:37:54 gtw01 dnsmasq-dhcp[32056]: read /var/lib/neutron/dhcp/2432bf92-62cf-4723-b6bb-43e8c9cc5f49/opts
Nov  3 05:37:54 gtw01 dnsmasq[32557]: started, version 2.80 cachesize 150
Nov  3 05:37:54 gtw01 dnsmasq[32557]: DNS service limited to local subnets
Nov  3 05:37:54 gtw01 dnsmasq[32557]: compile time options: IPv6 GNU-getopt DBus i18n IDN DHCP DHCPv6 no-Lua TFTP conntrack ipset auth DNSSEC loop-detect inotify dumpfile
Nov  3 05:37:54 gtw01 dnsmasq[32557]: warning: no upstream servers configured
Nov  3 05:37:54 gtw01 dnsmasq-dhcp[32557]: DHCP, static leases only on 1.1.0.44, lease time 1h
Nov  3 05:37:54 gtw01 dnsmasq[32557]: read /var/lib/neutron/dhcp/f842315d-16d5-415c-bffd-2d9b912f7e31/addn_hosts - 2 addresses
Nov  3 05:37:54 gtw01 dnsmasq-dhcp[32557]: read /var/lib/neutron/dhcp/f842315d-16d5-415c-bffd-2d9b912f7e31/host
Nov  3 05:37:54 gtw01 dnsmasq-dhcp[32557]: read /var/lib/neutron/dhcp/f842315d-16d5-415c-bffd-2d9b912f7e31/opts
Nov  3 05:37:55 gtw01 haproxy-metadata-proxy-f842315d-16d5-415c-bffd-2d9b912f7e31[32574]: Proxy listener started.
Nov  3 05:37:55 gtw01 dnsmasq[32004]: read /var/lib/neutron/dhcp/143427de-aa3a-465c-a50d-fba6f157ba95/addn_hosts - 2 addresses
Nov  3 05:37:55 gtw01 dnsmasq-dhcp[32004]: read /var/lib/neutron/dhcp/143427de-aa3a-465c-a50d-fba6f157ba95/host
Nov  3 05:37:55 gtw01 dnsmasq-dhcp[32004]: read /var/lib/neutron/dhcp/143427de-aa3a-465c-a50d-fba6f157ba95/opts
Nov  3 05:37:55 gtw01 dnsmasq[31968]: read /var/lib/neutron/dhcp/cf90fff6-2162-4f23-9712-b4f327fafb77/addn_hosts - 2 addresses
Nov  3 05:37:55 gtw01 dnsmasq-dhcp[31968]: read /var/lib/neutron/dhcp/cf90fff6-2162-4f23-9712-b4f327fafb77/host
Nov  3 05:37:55 gtw01 dnsmasq-dhcp[31968]: read /var/lib/neutron/dhcp/cf90fff6-2162-4f23-9712-b4f327fafb77/opts
Nov  3 05:37:56 gtw01 dnsmasq[32065]: read /var/lib/neutron/dhcp/5394bb97-e4c9-4114-9e92-20ffe9b9ba28/addn_hosts - 2 addresses
Nov  3 05:37:56 gtw01 dnsmasq-dhcp[32065]: read /var/lib/neutron/dhcp/5394bb97-e4c9-4114-9e92-20ffe9b9ba28/host
Nov  3 05:37:56 gtw01 dnsmasq-dhcp[32065]: read /var/lib/neutron/dhcp/5394bb97-e4c9-4114-9e92-20ffe9b9ba28/opts
Nov  3 05:37:57 gtw01 dnsmasq[32557]: read /var/lib/neutron/dhcp/f842315d-16d5-415c-bffd-2d9b912f7e31/addn_hosts - 2 addresses
Nov  3 05:37:57 gtw01 dnsmasq-dhcp[32557]: read /var/lib/neutron/dhcp/f842315d-16d5-415c-bffd-2d9b912f7e31/host
Nov  3 05:37:57 gtw01 dnsmasq-dhcp[32557]: read /var/lib/neutron/dhcp/f842315d-16d5-415c-bffd-2d9b912f7e31/opts
Nov  3 05:37:57 gtw01 dnsmasq[32056]: read /var/lib/neutron/dhcp/2432bf92-62cf-4723-b6bb-43e8c9cc5f49/addn_hosts - 2 addresses
Nov  3 05:37:57 gtw01 dnsmasq-dhcp[32056]: read /var/lib/neutron/dhcp/2432bf92-62cf-4723-b6bb-43e8c9cc5f49/host
Nov  3 05:37:57 gtw01 dnsmasq-dhcp[32056]: read /var/lib/neutron/dhcp/2432bf92-62cf-4723-b6bb-43e8c9cc5f49/opts
Nov  3 05:37:57 gtw01 dnsmasq[31128]: read /var/lib/neutron/dhcp/49cdce3c-d226-4677-9f2e-5b0c1551f945/addn_hosts - 1 addresses
Nov  3 05:37:57 gtw01 dnsmasq-dhcp[31128]: read /var/lib/neutron/dhcp/49cdce3c-d226-4677-9f2e-5b0c1551f945/host
Nov  3 05:37:57 gtw01 dnsmasq-dhcp[31128]: read /var/lib/neutron/dhcp/49cdce3c-d226-4677-9f2e-5b0c1551f945/opts
Nov  3 05:37:57 gtw01 dnsmasq[32673]: started, version 2.80 cachesize 150
Nov  3 05:37:57 gtw01 dnsmasq[32673]: DNS service limited to local subnets
Nov  3 05:37:57 gtw01 dnsmasq[32673]: compile time options: IPv6 GNU-getopt DBus i18n IDN DHCP DHCPv6 no-Lua TFTP conntrack ipset auth DNSSEC loop-detect inotify dumpfile
Nov  3 05:37:57 gtw01 dnsmasq[32673]: warning: no upstream servers configured
Nov  3 05:37:57 gtw01 dnsmasq-dhcp[32673]: DHCP, static leases only on 1.1.0.48, lease time 1h
Nov  3 05:37:57 gtw01 dnsmasq[32673]: read /var/lib/neutron/dhcp/0bdd7f77-edc4-48e6-8366-892e949b9390/addn_hosts - 2 addresses
Nov  3 05:37:57 gtw01 dnsmasq-dhcp[32673]: read /var/lib/neutron/dhcp/0bdd7f77-edc4-48e6-8366-892e949b9390/host
Nov  3 05:37:57 gtw01 dnsmasq-dhcp[32673]: read /var/lib/neutron/dhcp/0bdd7f77-edc4-48e6-8366-892e949b9390/opts
Nov  3 05:37:58 gtw01 haproxy-metadata-proxy-0bdd7f77-edc4-48e6-8366-892e949b9390[32693]: Proxy listener started.
Nov  3 05:37:58 gtw01 dnsmasq[32004]: read /var/lib/neutron/dhcp/143427de-aa3a-465c-a50d-fba6f157ba95/addn_hosts - 1 addresses
Nov  3 05:37:58 gtw01 dnsmasq-dhcp[32004]: read /var/lib/neutron/dhcp/143427de-aa3a-465c-a50d-fba6f157ba95/host
Nov  3 05:37:58 gtw01 dnsmasq-dhcp[32004]: read /var/lib/neutron/dhcp/143427de-aa3a-465c-a50d-fba6f157ba95/opts
Nov  3 05:37:59 gtw01 dnsmasq[32557]: read /var/lib/neutron/dhcp/f842315d-16d5-415c-bffd-2d9b912f7e31/addn_hosts - 2 addresses
Nov  3 05:37:59 gtw01 dnsmasq-dhcp[32557]: read /var/lib/neutron/dhcp/f842315d-16d5-415c-bffd-2d9b912f7e31/host
Nov  3 05:37:59 gtw01 dnsmasq-dhcp[32557]: read /var/lib/neutron/dhcp/f842315d-16d5-415c-bffd-2d9b912f7e31/opts
Nov  3 05:37:59 gtw01 dnsmasq[31968]: read /var/lib/neutron/dhcp/cf90fff6-2162-4f23-9712-b4f327fafb77/addn_hosts - 1 addresses
Nov  3 05:37:59 gtw01 dnsmasq-dhcp[31968]: read /var/lib/neutron/dhcp/cf90fff6-2162-4f23-9712-b4f327fafb77/host
Nov  3 05:37:59 gtw01 dnsmasq-dhcp[31968]: read /var/lib/neutron/dhcp/cf90fff6-2162-4f23-9712-b4f327fafb77/opts
Nov  3 05:38:00 gtw01 dnsmasq[31198]: read /var/lib/neutron/dhcp/279170b1-02c4-4db6-89d8-dfbf53c93cbf/addn_hosts - 1 addresses
Nov  3 05:38:00 gtw01 dnsmasq-dhcp[31198]: read /var/lib/neutron/dhcp/279170b1-02c4-4db6-89d8-dfbf53c93cbf/host
Nov  3 05:38:00 gtw01 dnsmasq-dhcp[31198]: read /var/lib/neutron/dhcp/279170b1-02c4-4db6-89d8-dfbf53c93cbf/opts
Nov  3 05:38:00 gtw01 dnsmasq[32673]: read /var/lib/neutron/dhcp/0bdd7f77-edc4-48e6-8366-892e949b9390/addn_hosts - 2 addresses
Nov  3 05:38:00 gtw01 dnsmasq-dhcp[32673]: read /var/lib/neutron/dhcp/0bdd7f77-edc4-48e6-8366-892e949b9390/host
Nov  3 05:38:00 gtw01 dnsmasq-dhcp[32673]: read /var/lib/neutron/dhcp/0bdd7f77-edc4-48e6-8366-892e949b9390/opts
Nov  3 05:38:01 gtw01 dnsmasq[32065]: read /var/lib/neutron/dhcp/5394bb97-e4c9-4114-9e92-20ffe9b9ba28/addn_hosts - 1 addresses
Nov  3 05:38:01 gtw01 dnsmasq-dhcp[32065]: read /var/lib/neutron/dhcp/5394bb97-e4c9-4114-9e92-20ffe9b9ba28/host
Nov  3 05:38:01 gtw01 dnsmasq-dhcp[32065]: read /var/lib/neutron/dhcp/5394bb97-e4c9-4114-9e92-20ffe9b9ba28/opts
Nov  3 05:38:01 gtw01 dnsmasq[32557]: read /var/lib/neutron/dhcp/f842315d-16d5-415c-bffd-2d9b912f7e31/addn_hosts - 2 addresses
Nov  3 05:38:01 gtw01 dnsmasq-dhcp[32557]: read /var/lib/neutron/dhcp/f842315d-16d5-415c-bffd-2d9b912f7e31/host
Nov  3 05:38:01 gtw01 dnsmasq-dhcp[32557]: read /var/lib/neutron/dhcp/f842315d-16d5-415c-bffd-2d9b912f7e31/opts
Nov  3 05:38:01 gtw01 dnsmasq[32056]: read /var/lib/neutron/dhcp/2432bf92-62cf-4723-b6bb-43e8c9cc5f49/addn_hosts - 1 addresses
Nov  3 05:38:01 gtw01 dnsmasq-dhcp[32056]: read /var/lib/neutron/dhcp/2432bf92-62cf-4723-b6bb-43e8c9cc5f49/host
Nov  3 05:38:01 gtw01 dnsmasq-dhcp[32056]: read /var/lib/neutron/dhcp/2432bf92-62cf-4723-b6bb-43e8c9cc5f49/opts
Nov  3 05:38:01 gtw01 dnsmasq[32673]: read /var/lib/neutron/dhcp/0bdd7f77-edc4-48e6-8366-892e949b9390/addn_hosts - 2 addresses
Nov  3 05:38:01 gtw01 dnsmasq-dhcp[32673]: read /var/lib/neutron/dhcp/0bdd7f77-edc4-48e6-8366-892e949b9390/host
Nov  3 05:38:01 gtw01 dnsmasq-dhcp[32673]: read /var/lib/neutron/dhcp/0bdd7f77-edc4-48e6-8366-892e949b9390/opts
Nov  3 05:38:03 gtw01 dnsmasq[31162]: read /var/lib/neutron/dhcp/fcc6333e-b514-4140-a824-a4a925e8cad7/addn_hosts - 1 addresses
Nov  3 05:38:03 gtw01 dnsmasq-dhcp[31162]: read /var/lib/neutron/dhcp/fcc6333e-b514-4140-a824-a4a925e8cad7/host
Nov  3 05:38:03 gtw01 dnsmasq-dhcp[31162]: read /var/lib/neutron/dhcp/fcc6333e-b514-4140-a824-a4a925e8cad7/opts
Nov  3 05:38:03 gtw01 dnsmasq[31191]: read /var/lib/neutron/dhcp/e49ecfd5-bb94-4bd9-8453-dd3defcf5700/addn_hosts - 1 addresses
Nov  3 05:38:03 gtw01 dnsmasq-dhcp[31191]: read /var/lib/neutron/dhcp/e49ecfd5-bb94-4bd9-8453-dd3defcf5700/host
Nov  3 05:38:03 gtw01 dnsmasq-dhcp[31191]: read /var/lib/neutron/dhcp/e49ecfd5-bb94-4bd9-8453-dd3defcf5700/opts
Nov  3 05:38:03 gtw01 dnsmasq[32557]: read /var/lib/neutron/dhcp/f842315d-16d5-415c-bffd-2d9b912f7e31/addn_hosts - 2 addresses
Nov  3 05:38:03 gtw01 dnsmasq-dhcp[32557]: read /var/lib/neutron/dhcp/f842315d-16d5-415c-bffd-2d9b912f7e31/host
Nov  3 05:38:03 gtw01 dnsmasq-dhcp[32557]: read /var/lib/neutron/dhcp/f842315d-16d5-415c-bffd-2d9b912f7e31/opts
Nov  3 05:38:04 gtw01 dnsmasq[32673]: read /var/lib/neutron/dhcp/0bdd7f77-edc4-48e6-8366-892e949b9390/addn_hosts - 2 addresses
Nov  3 05:38:04 gtw01 dnsmasq-dhcp[32673]: read /var/lib/neutron/dhcp/0bdd7f77-edc4-48e6-8366-892e949b9390/host
Nov  3 05:38:04 gtw01 dnsmasq-dhcp[32673]: read /var/lib/neutron/dhcp/0bdd7f77-edc4-48e6-8366-892e949b9390/opts
Nov  3 05:38:04 gtw01 dnsmasq[32557]: read /var/lib/neutron/dhcp/f842315d-16d5-415c-bffd-2d9b912f7e31/addn_hosts - 2 addresses
Nov  3 05:38:04 gtw01 dnsmasq-dhcp[32557]: read /var/lib/neutron/dhcp/f842315d-16d5-415c-bffd-2d9b912f7e31/host
Nov  3 05:38:04 gtw01 dnsmasq-dhcp[32557]: read /var/lib/neutron/dhcp/f842315d-16d5-415c-bffd-2d9b912f7e31/opts
Nov  3 05:38:04 gtw01 dnsmasq[32673]: read /var/lib/neutron/dhcp/0bdd7f77-edc4-48e6-8366-892e949b9390/addn_hosts - 2 addresses
Nov  3 05:38:04 gtw01 dnsmasq-dhcp[32673]: read /var/lib/neutron/dhcp/0bdd7f77-edc4-48e6-8366-892e949b9390/host
Nov  3 05:38:04 gtw01 dnsmasq-dhcp[32673]: read /var/lib/neutron/dhcp/0bdd7f77-edc4-48e6-8366-892e949b9390/opts
Nov  3 05:38:05 gtw01 dnsmasq-dhcp[32557]: DHCPRELEASE(tapfab9d664-1f) 1.1.0.45 fa:16:3e:af:0f:98
Nov  3 05:38:05 gtw01 dnsmasq[32673]: read /var/lib/neutron/dhcp/0bdd7f77-edc4-48e6-8366-892e949b9390/addn_hosts - 2 addresses
Nov  3 05:38:05 gtw01 dnsmasq-dhcp[32673]: read /var/lib/neutron/dhcp/0bdd7f77-edc4-48e6-8366-892e949b9390/host
Nov  3 05:38:05 gtw01 dnsmasq-dhcp[32673]: read /var/lib/neutron/dhcp/0bdd7f77-edc4-48e6-8366-892e949b9390/opts
Nov  3 05:38:06 gtw01 dnsmasq[32557]: read /var/lib/neutron/dhcp/f842315d-16d5-415c-bffd-2d9b912f7e31/addn_hosts - 1 addresses
Nov  3 05:38:06 gtw01 dnsmasq-dhcp[32557]: read /var/lib/neutron/dhcp/f842315d-16d5-415c-bffd-2d9b912f7e31/host
Nov  3 05:38:06 gtw01 dnsmasq-dhcp[32557]: read /var/lib/neutron/dhcp/f842315d-16d5-415c-bffd-2d9b912f7e31/opts
Nov  3 05:38:06 gtw01 dnsmasq-dhcp[32673]: DHCPRELEASE(tapb1c1f6f9-c3) 1.1.0.49 fa:16:3e:b5:90:8d
Nov  3 05:38:07 gtw01 dnsmasq[32673]: read /var/lib/neutron/dhcp/0bdd7f77-edc4-48e6-8366-892e949b9390/addn_hosts - 1 addresses
Nov  3 05:38:07 gtw01 dnsmasq-dhcp[32673]: read /var/lib/neutron/dhcp/0bdd7f77-edc4-48e6-8366-892e949b9390/host
Nov  3 05:38:07 gtw01 dnsmasq-dhcp[32673]: read /var/lib/neutron/dhcp/0bdd7f77-edc4-48e6-8366-892e949b9390/opts
Nov  3 05:38:11 gtw01 kernel: [12396.437758] device tap60dbf61c-a1 left promiscuous mode
