Nov  3 03:48:32 gtw01 dnsmasq-dhcp[18969]: read /var/lib/neutron/dhcp/a95760d7-0144-47e9-a4ef-0a96dd5b7add/opts
Nov  3 03:48:33 gtw01 dnsmasq[18969]: read /var/lib/neutron/dhcp/a95760d7-0144-47e9-a4ef-0a96dd5b7add/addn_hosts - 2 addresses
Nov  3 03:48:33 gtw01 dnsmasq-dhcp[18969]: read /var/lib/neutron/dhcp/a95760d7-0144-47e9-a4ef-0a96dd5b7add/host
Nov  3 03:48:33 gtw01 dnsmasq-dhcp[18969]: read /var/lib/neutron/dhcp/a95760d7-0144-47e9-a4ef-0a96dd5b7add/opts
Nov  3 03:48:34 gtw01 dnsmasq-dhcp[18499]: DHCPRELEASE(tap0066f762-69) 192.168.120.5 fa:16:3e:af:70:c9
Nov  3 03:48:34 gtw01 dnsmasq[18969]: read /var/lib/neutron/dhcp/a95760d7-0144-47e9-a4ef-0a96dd5b7add/addn_hosts - 2 addresses
Nov  3 03:48:34 gtw01 dnsmasq-dhcp[18969]: read /var/lib/neutron/dhcp/a95760d7-0144-47e9-a4ef-0a96dd5b7add/host
Nov  3 03:48:34 gtw01 dnsmasq-dhcp[18969]: read /var/lib/neutron/dhcp/a95760d7-0144-47e9-a4ef-0a96dd5b7add/opts
Nov  3 03:48:35 gtw01 dnsmasq-dhcp[18499]: DHCPRELEASE(tap0066f762-69) 192.168.120.5 fa:16:3e:af:70:c9 unknown lease
Nov  3 03:48:35 gtw01 dnsmasq[17719]: read /var/lib/neutron/dhcp/ec7247dd-ce9b-4b95-8359-35bda03f9e56/addn_hosts - 4 addresses
Nov  3 03:48:35 gtw01 dnsmasq-dhcp[17719]: read /var/lib/neutron/dhcp/ec7247dd-ce9b-4b95-8359-35bda03f9e56/host
Nov  3 03:48:35 gtw01 dnsmasq-dhcp[17719]: read /var/lib/neutron/dhcp/ec7247dd-ce9b-4b95-8359-35bda03f9e56/opts
Nov  3 03:48:36 gtw01 dnsmasq[18499]: read /var/lib/neutron/dhcp/130b6aa3-37fa-4250-896d-0ed6fcd38841/addn_hosts - 2 addresses
Nov  3 03:48:36 gtw01 dnsmasq-dhcp[18499]: read /var/lib/neutron/dhcp/130b6aa3-37fa-4250-896d-0ed6fcd38841/host
Nov  3 03:48:36 gtw01 dnsmasq-dhcp[18499]: read /var/lib/neutron/dhcp/130b6aa3-37fa-4250-896d-0ed6fcd38841/opts
Nov  3 03:48:36 gtw01 dnsmasq-dhcp[12514]: DHCPDISCOVER(tapef0975e4-ae) fa:16:3e:fa:fe:6b
Nov  3 03:48:36 gtw01 dnsmasq-dhcp[12514]: DHCPOFFER(tapef0975e4-ae) 192.168.120.4 fa:16:3e:fa:fe:6b
Nov  3 03:48:36 gtw01 dnsmasq-dhcp[12514]: DHCPREQUEST(tapef0975e4-ae) 192.168.120.4 fa:16:3e:fa:fe:6b
Nov  3 03:48:36 gtw01 dnsmasq-dhcp[12514]: DHCPACK(tapef0975e4-ae) 192.168.120.4 fa:16:3e:fa:fe:6b host-192-168-120-4
Nov  3 03:48:36 gtw01 dnsmasq[18969]: read /var/lib/neutron/dhcp/a95760d7-0144-47e9-a4ef-0a96dd5b7add/addn_hosts - 2 addresses
Nov  3 03:48:36 gtw01 dnsmasq-dhcp[18969]: read /var/lib/neutron/dhcp/a95760d7-0144-47e9-a4ef-0a96dd5b7add/host
Nov  3 03:48:36 gtw01 dnsmasq-dhcp[18969]: read /var/lib/neutron/dhcp/a95760d7-0144-47e9-a4ef-0a96dd5b7add/opts
Nov  3 03:48:36 gtw01 dnsmasq[17719]: read /var/lib/neutron/dhcp/ec7247dd-ce9b-4b95-8359-35bda03f9e56/addn_hosts - 4 addresses
Nov  3 03:48:36 gtw01 dnsmasq-dhcp[17719]: read /var/lib/neutron/dhcp/ec7247dd-ce9b-4b95-8359-35bda03f9e56/host
Nov  3 03:48:36 gtw01 dnsmasq-dhcp[17719]: read /var/lib/neutron/dhcp/ec7247dd-ce9b-4b95-8359-35bda03f9e56/opts
Nov  3 03:48:37 gtw01 dnsmasq[18969]: read /var/lib/neutron/dhcp/a95760d7-0144-47e9-a4ef-0a96dd5b7add/addn_hosts - 2 addresses
Nov  3 03:48:37 gtw01 dnsmasq-dhcp[18969]: read /var/lib/neutron/dhcp/a95760d7-0144-47e9-a4ef-0a96dd5b7add/host
Nov  3 03:48:37 gtw01 dnsmasq-dhcp[18969]: read /var/lib/neutron/dhcp/a95760d7-0144-47e9-a4ef-0a96dd5b7add/opts
Nov  3 03:48:37 gtw01 dnsmasq[17719]: read /var/lib/neutron/dhcp/ec7247dd-ce9b-4b95-8359-35bda03f9e56/addn_hosts - 4 addresses
Nov  3 03:48:37 gtw01 dnsmasq-dhcp[17719]: read /var/lib/neutron/dhcp/ec7247dd-ce9b-4b95-8359-35bda03f9e56/host
Nov  3 03:48:37 gtw01 dnsmasq-dhcp[17719]: read /var/lib/neutron/dhcp/ec7247dd-ce9b-4b95-8359-35bda03f9e56/opts
Nov  3 03:48:37 gtw01 dnsmasq-dhcp[12514]: DHCPRELEASE(tapef0975e4-ae) 192.168.120.4 fa:16:3e:fa:fe:6b
Nov  3 03:48:37 gtw01 dnsmasq[18499]: read /var/lib/neutron/dhcp/130b6aa3-37fa-4250-896d-0ed6fcd38841/addn_hosts - 1 addresses
Nov  3 03:48:37 gtw01 dnsmasq-dhcp[18499]: read /var/lib/neutron/dhcp/130b6aa3-37fa-4250-896d-0ed6fcd38841/host
Nov  3 03:48:37 gtw01 dnsmasq-dhcp[18499]: read /var/lib/neutron/dhcp/130b6aa3-37fa-4250-896d-0ed6fcd38841/opts
Nov  3 03:48:39 gtw01 dnsmasq[18969]: read /var/lib/neutron/dhcp/a95760d7-0144-47e9-a4ef-0a96dd5b7add/addn_hosts - 3 addresses
Nov  3 03:48:39 gtw01 dnsmasq-dhcp[18969]: read /var/lib/neutron/dhcp/a95760d7-0144-47e9-a4ef-0a96dd5b7add/host
Nov  3 03:48:39 gtw01 dnsmasq-dhcp[18969]: read /var/lib/neutron/dhcp/a95760d7-0144-47e9-a4ef-0a96dd5b7add/opts
Nov  3 03:48:40 gtw01 dnsmasq[18969]: read /var/lib/neutron/dhcp/a95760d7-0144-47e9-a4ef-0a96dd5b7add/addn_hosts - 3 addresses
Nov  3 03:48:40 gtw01 dnsmasq-dhcp[18969]: read /var/lib/neutron/dhcp/a95760d7-0144-47e9-a4ef-0a96dd5b7add/host
Nov  3 03:48:40 gtw01 dnsmasq-dhcp[18969]: read /var/lib/neutron/dhcp/a95760d7-0144-47e9-a4ef-0a96dd5b7add/opts
Nov  3 03:48:41 gtw01 dnsmasq[17719]: read /var/lib/neutron/dhcp/ec7247dd-ce9b-4b95-8359-35bda03f9e56/addn_hosts - 5 addresses
Nov  3 03:48:41 gtw01 dnsmasq-dhcp[17719]: read /var/lib/neutron/dhcp/ec7247dd-ce9b-4b95-8359-35bda03f9e56/host
Nov  3 03:48:41 gtw01 dnsmasq-dhcp[17719]: read /var/lib/neutron/dhcp/ec7247dd-ce9b-4b95-8359-35bda03f9e56/opts
Nov  3 03:48:41 gtw01 dnsmasq[18969]: read /var/lib/neutron/dhcp/a95760d7-0144-47e9-a4ef-0a96dd5b7add/addn_hosts - 3 addresses
Nov  3 03:48:41 gtw01 dnsmasq-dhcp[18969]: read /var/lib/neutron/dhcp/a95760d7-0144-47e9-a4ef-0a96dd5b7add/host
Nov  3 03:48:41 gtw01 dnsmasq-dhcp[18969]: read /var/lib/neutron/dhcp/a95760d7-0144-47e9-a4ef-0a96dd5b7add/opts
Nov  3 03:48:42 gtw01 kernel: [ 5828.045513] device tap0066f762-69 left promiscuous mode
Nov  3 03:48:43 gtw01 dnsmasq[17719]: read /var/lib/neutron/dhcp/ec7247dd-ce9b-4b95-8359-35bda03f9e56/addn_hosts - 5 addresses
Nov  3 03:48:43 gtw01 dnsmasq-dhcp[17719]: read /var/lib/neutron/dhcp/ec7247dd-ce9b-4b95-8359-35bda03f9e56/host
Nov  3 03:48:43 gtw01 dnsmasq-dhcp[17719]: read /var/lib/neutron/dhcp/ec7247dd-ce9b-4b95-8359-35bda03f9e56/opts
Nov  3 03:48:44 gtw01 dnsmasq[17719]: read /var/lib/neutron/dhcp/ec7247dd-ce9b-4b95-8359-35bda03f9e56/addn_hosts - 5 addresses
Nov  3 03:48:44 gtw01 dnsmasq-dhcp[17719]: read /var/lib/neutron/dhcp/ec7247dd-ce9b-4b95-8359-35bda03f9e56/host
Nov  3 03:48:44 gtw01 dnsmasq-dhcp[17719]: read /var/lib/neutron/dhcp/ec7247dd-ce9b-4b95-8359-35bda03f9e56/opts
Nov  3 03:48:45 gtw01 dnsmasq[12514]: read /var/lib/neutron/dhcp/b8d47c75-7672-43c6-9cff-727534f7a0ef/addn_hosts - 2 addresses
Nov  3 03:48:45 gtw01 dnsmasq-dhcp[12514]: read /var/lib/neutron/dhcp/b8d47c75-7672-43c6-9cff-727534f7a0ef/host
Nov  3 03:48:45 gtw01 dnsmasq-dhcp[12514]: read /var/lib/neutron/dhcp/b8d47c75-7672-43c6-9cff-727534f7a0ef/opts
Nov  3 03:48:48 gtw01 dnsmasq[17719]: read /var/lib/neutron/dhcp/ec7247dd-ce9b-4b95-8359-35bda03f9e56/addn_hosts - 4 addresses
Nov  3 03:48:48 gtw01 dnsmasq-dhcp[17719]: read /var/lib/neutron/dhcp/ec7247dd-ce9b-4b95-8359-35bda03f9e56/host
Nov  3 03:48:48 gtw01 dnsmasq-dhcp[17719]: read /var/lib/neutron/dhcp/ec7247dd-ce9b-4b95-8359-35bda03f9e56/opts
Nov  3 03:48:49 gtw01 dnsmasq[17719]: read /var/lib/neutron/dhcp/ec7247dd-ce9b-4b95-8359-35bda03f9e56/addn_hosts - 3 addresses
Nov  3 03:48:49 gtw01 dnsmasq-dhcp[17719]: read /var/lib/neutron/dhcp/ec7247dd-ce9b-4b95-8359-35bda03f9e56/host
Nov  3 03:48:49 gtw01 dnsmasq-dhcp[17719]: read /var/lib/neutron/dhcp/ec7247dd-ce9b-4b95-8359-35bda03f9e56/opts
Nov  3 03:48:51 gtw01 dnsmasq[12514]: read /var/lib/neutron/dhcp/b8d47c75-7672-43c6-9cff-727534f7a0ef/addn_hosts - 3 addresses
Nov  3 03:48:51 gtw01 dnsmasq-dhcp[12514]: read /var/lib/neutron/dhcp/b8d47c75-7672-43c6-9cff-727534f7a0ef/host
Nov  3 03:48:51 gtw01 dnsmasq-dhcp[12514]: read /var/lib/neutron/dhcp/b8d47c75-7672-43c6-9cff-727534f7a0ef/opts
Nov  3 03:48:52 gtw01 dnsmasq-dhcp[17719]: DHCPRELEASE(tapd4c45608-b4) 192.168.120.3 fa:16:3e:d0:7c:cb
Nov  3 03:48:52 gtw01 dnsmasq[12514]: read /var/lib/neutron/dhcp/b8d47c75-7672-43c6-9cff-727534f7a0ef/addn_hosts - 3 addresses
Nov  3 03:48:52 gtw01 dnsmasq-dhcp[12514]: read /var/lib/neutron/dhcp/b8d47c75-7672-43c6-9cff-727534f7a0ef/host
Nov  3 03:48:52 gtw01 dnsmasq-dhcp[12514]: read /var/lib/neutron/dhcp/b8d47c75-7672-43c6-9cff-727534f7a0ef/opts
Nov  3 03:48:52 gtw01 dnsmasq-dhcp[17719]: DHCPRELEASE(tapd4c45608-b4) 192.168.120.3 fa:16:3e:d0:7c:cb unknown lease
Nov  3 03:48:53 gtw01 dnsmasq[17719]: read /var/lib/neutron/dhcp/ec7247dd-ce9b-4b95-8359-35bda03f9e56/addn_hosts - 2 addresses
Nov  3 03:48:53 gtw01 dnsmasq-dhcp[17719]: read /var/lib/neutron/dhcp/ec7247dd-ce9b-4b95-8359-35bda03f9e56/host
Nov  3 03:48:53 gtw01 dnsmasq-dhcp[17719]: read /var/lib/neutron/dhcp/ec7247dd-ce9b-4b95-8359-35bda03f9e56/opts
Nov  3 03:48:53 gtw01 dnsmasq[12514]: read /var/lib/neutron/dhcp/b8d47c75-7672-43c6-9cff-727534f7a0ef/addn_hosts - 3 addresses
Nov  3 03:48:53 gtw01 dnsmasq-dhcp[12514]: read /var/lib/neutron/dhcp/b8d47c75-7672-43c6-9cff-727534f7a0ef/host
Nov  3 03:48:53 gtw01 dnsmasq-dhcp[12514]: read /var/lib/neutron/dhcp/b8d47c75-7672-43c6-9cff-727534f7a0ef/opts
Nov  3 03:48:55 gtw01 dnsmasq-dhcp[18969]: DHCPDISCOVER(tap3eb45946-09) fa:16:3e:b5:51:ba
Nov  3 03:48:55 gtw01 dnsmasq-dhcp[18969]: DHCPOFFER(tap3eb45946-09) 192.168.120.3 fa:16:3e:b5:51:ba
Nov  3 03:48:55 gtw01 dnsmasq-dhcp[18969]: DHCPREQUEST(tap3eb45946-09) 192.168.120.3 fa:16:3e:b5:51:ba
Nov  3 03:48:55 gtw01 dnsmasq-dhcp[18969]: DHCPACK(tap3eb45946-09) 192.168.120.3 fa:16:3e:b5:51:ba host-192-168-120-3
Nov  3 03:48:56 gtw01 dnsmasq[17719]: read /var/lib/neutron/dhcp/ec7247dd-ce9b-4b95-8359-35bda03f9e56/addn_hosts - 3 addresses
Nov  3 03:48:56 gtw01 dnsmasq-dhcp[17719]: read /var/lib/neutron/dhcp/ec7247dd-ce9b-4b95-8359-35bda03f9e56/host
Nov  3 03:48:56 gtw01 dnsmasq-dhcp[17719]: read /var/lib/neutron/dhcp/ec7247dd-ce9b-4b95-8359-35bda03f9e56/opts
Nov  3 03:49:00 gtw01 dnsmasq-dhcp[18969]: DHCPRELEASE(tap3eb45946-09) 192.168.120.3 fa:16:3e:b5:51:ba
Nov  3 03:49:00 gtw01 dnsmasq-dhcp[18969]: DHCPRELEASE(tap3eb45946-09) 192.168.120.3 fa:16:3e:b5:51:ba unknown lease
Nov  3 03:49:01 gtw01 dnsmasq[18969]: read /var/lib/neutron/dhcp/a95760d7-0144-47e9-a4ef-0a96dd5b7add/addn_hosts - 2 addresses
Nov  3 03:49:01 gtw01 dnsmasq-dhcp[18969]: read /var/lib/neutron/dhcp/a95760d7-0144-47e9-a4ef-0a96dd5b7add/host
Nov  3 03:49:01 gtw01 dnsmasq-dhcp[18969]: read /var/lib/neutron/dhcp/a95760d7-0144-47e9-a4ef-0a96dd5b7add/opts
Nov  3 03:49:01 gtw01 dnsmasq[12514]: read /var/lib/neutron/dhcp/b8d47c75-7672-43c6-9cff-727534f7a0ef/addn_hosts - 2 addresses
Nov  3 03:49:01 gtw01 dnsmasq-dhcp[12514]: read /var/lib/neutron/dhcp/b8d47c75-7672-43c6-9cff-727534f7a0ef/host
Nov  3 03:49:01 gtw01 dnsmasq-dhcp[12514]: read /var/lib/neutron/dhcp/b8d47c75-7672-43c6-9cff-727534f7a0ef/opts
Nov  3 03:49:02 gtw01 dnsmasq[17719]: read /var/lib/neutron/dhcp/ec7247dd-ce9b-4b95-8359-35bda03f9e56/addn_hosts - 4 addresses
Nov  3 03:49:02 gtw01 dnsmasq-dhcp[17719]: read /var/lib/neutron/dhcp/ec7247dd-ce9b-4b95-8359-35bda03f9e56/host
Nov  3 03:49:02 gtw01 dnsmasq-dhcp[17719]: read /var/lib/neutron/dhcp/ec7247dd-ce9b-4b95-8359-35bda03f9e56/opts
Nov  3 03:49:03 gtw01 dnsmasq[17719]: read /var/lib/neutron/dhcp/ec7247dd-ce9b-4b95-8359-35bda03f9e56/addn_hosts - 4 addresses
Nov  3 03:49:03 gtw01 dnsmasq-dhcp[17719]: read /var/lib/neutron/dhcp/ec7247dd-ce9b-4b95-8359-35bda03f9e56/host
Nov  3 03:49:03 gtw01 dnsmasq-dhcp[17719]: read /var/lib/neutron/dhcp/ec7247dd-ce9b-4b95-8359-35bda03f9e56/opts
Nov  3 03:49:04 gtw01 dnsmasq[17719]: read /var/lib/neutron/dhcp/ec7247dd-ce9b-4b95-8359-35bda03f9e56/addn_hosts - 4 addresses
Nov  3 03:49:04 gtw01 dnsmasq-dhcp[17719]: read /var/lib/neutron/dhcp/ec7247dd-ce9b-4b95-8359-35bda03f9e56/host
Nov  3 03:49:04 gtw01 dnsmasq-dhcp[17719]: read /var/lib/neutron/dhcp/ec7247dd-ce9b-4b95-8359-35bda03f9e56/opts
Nov  3 03:49:07 gtw01 dnsmasq[18969]: read /var/lib/neutron/dhcp/a95760d7-0144-47e9-a4ef-0a96dd5b7add/addn_hosts - 1 addresses
Nov  3 03:49:07 gtw01 dnsmasq-dhcp[18969]: read /var/lib/neutron/dhcp/a95760d7-0144-47e9-a4ef-0a96dd5b7add/host
Nov  3 03:49:07 gtw01 dnsmasq-dhcp[18969]: read /var/lib/neutron/dhcp/a95760d7-0144-47e9-a4ef-0a96dd5b7add/opts
Nov  3 03:49:09 gtw01 dnsmasq[12514]: read /var/lib/neutron/dhcp/b8d47c75-7672-43c6-9cff-727534f7a0ef/addn_hosts - 3 addresses
Nov  3 03:49:09 gtw01 dnsmasq-dhcp[12514]: read /var/lib/neutron/dhcp/b8d47c75-7672-43c6-9cff-727534f7a0ef/host
Nov  3 03:49:09 gtw01 dnsmasq-dhcp[12514]: read /var/lib/neutron/dhcp/b8d47c75-7672-43c6-9cff-727534f7a0ef/opts
Nov  3 03:49:11 gtw01 dnsmasq[12514]: read /var/lib/neutron/dhcp/b8d47c75-7672-43c6-9cff-727534f7a0ef/addn_hosts - 3 addresses
Nov  3 03:49:11 gtw01 dnsmasq-dhcp[12514]: read /var/lib/neutron/dhcp/b8d47c75-7672-43c6-9cff-727534f7a0ef/host
Nov  3 03:49:11 gtw01 dnsmasq-dhcp[12514]: read /var/lib/neutron/dhcp/b8d47c75-7672-43c6-9cff-727534f7a0ef/opts
Nov  3 03:49:12 gtw01 dnsmasq[12514]: read /var/lib/neutron/dhcp/b8d47c75-7672-43c6-9cff-727534f7a0ef/addn_hosts - 3 addresses
Nov  3 03:49:12 gtw01 dnsmasq-dhcp[12514]: read /var/lib/neutron/dhcp/b8d47c75-7672-43c6-9cff-727534f7a0ef/host
Nov  3 03:49:12 gtw01 dnsmasq-dhcp[12514]: read /var/lib/neutron/dhcp/b8d47c75-7672-43c6-9cff-727534f7a0ef/opts
Nov  3 03:49:14 gtw01 kernel: [ 5860.114433] device tap3eb45946-09 left promiscuous mode
Nov  3 03:49:15 gtw01 dnsmasq[17719]: read /var/lib/neutron/dhcp/ec7247dd-ce9b-4b95-8359-35bda03f9e56/addn_hosts - 5 addresses
Nov  3 03:49:15 gtw01 dnsmasq-dhcp[17719]: read /var/lib/neutron/dhcp/ec7247dd-ce9b-4b95-8359-35bda03f9e56/host
Nov  3 03:49:15 gtw01 dnsmasq-dhcp[17719]: read /var/lib/neutron/dhcp/ec7247dd-ce9b-4b95-8359-35bda03f9e56/opts
Nov  3 03:49:16 gtw01 dnsmasq-dhcp[17719]: DHCPDISCOVER(tapd4c45608-b4) fa:16:3e:b7:a6:bf
Nov  3 03:49:16 gtw01 dnsmasq-dhcp[17719]: DHCPOFFER(tapd4c45608-b4) 192.168.120.5 fa:16:3e:b7:a6:bf
Nov  3 03:49:16 gtw01 dnsmasq-dhcp[17719]: DHCPREQUEST(tapd4c45608-b4) 192.168.120.5 fa:16:3e:b7:a6:bf
Nov  3 03:49:16 gtw01 dnsmasq-dhcp[17719]: DHCPACK(tapd4c45608-b4) 192.168.120.5 fa:16:3e:b7:a6:bf host-192-168-120-5
Nov  3 03:49:17 gtw01 dnsmasq[17719]: read /var/lib/neutron/dhcp/ec7247dd-ce9b-4b95-8359-35bda03f9e56/addn_hosts - 5 addresses
Nov  3 03:49:17 gtw01 dnsmasq-dhcp[17719]: read /var/lib/neutron/dhcp/ec7247dd-ce9b-4b95-8359-35bda03f9e56/host
Nov  3 03:49:17 gtw01 dnsmasq-dhcp[17719]: read /var/lib/neutron/dhcp/ec7247dd-ce9b-4b95-8359-35bda03f9e56/opts
Nov  3 03:49:18 gtw01 dnsmasq[17719]: read /var/lib/neutron/dhcp/ec7247dd-ce9b-4b95-8359-35bda03f9e56/addn_hosts - 5 addresses
Nov  3 03:49:18 gtw01 dnsmasq-dhcp[17719]: read /var/lib/neutron/dhcp/ec7247dd-ce9b-4b95-8359-35bda03f9e56/host
Nov  3 03:49:18 gtw01 dnsmasq-dhcp[17719]: read /var/lib/neutron/dhcp/ec7247dd-ce9b-4b95-8359-35bda03f9e56/opts
Nov  3 03:49:23 gtw01 systemd-udevd[19614]: Could not generate persistent MAC address for tapdffa108f-b6: No such file or directory
Nov  3 03:49:23 gtw01 kernel: [ 5868.568418] device tapdffa108f-b6 entered promiscuous mode
Nov  3 03:49:23 gtw01 systemd-udevd[19614]: Process '/sbin/ip link set tapdffa108f-b6 txqueuelen 10000' failed with exit code 1.
Nov  3 03:49:23 gtw01 systemd-udevd[19614]: Process '/sbin/ip link set tapdffa108f-b6 txqueuelen 10000' failed with exit code 1.
Nov  3 03:49:26 gtw01 dnsmasq[19727]: started, version 2.80 cachesize 150
Nov  3 03:49:26 gtw01 dnsmasq[19727]: DNS service limited to local subnets
Nov  3 03:49:26 gtw01 dnsmasq[19727]: compile time options: IPv6 GNU-getopt DBus i18n IDN DHCP DHCPv6 no-Lua TFTP conntrack ipset auth DNSSEC loop-detect inotify dumpfile
Nov  3 03:49:26 gtw01 dnsmasq[19727]: warning: no upstream servers configured
Nov  3 03:49:26 gtw01 dnsmasq-dhcp[19727]: DHCP, static leases only on 192.168.120.0, lease time 1h
Nov  3 03:49:26 gtw01 dnsmasq[19727]: read /var/lib/neutron/dhcp/91c4ef08-49f9-404a-80a1-c572526cd880/addn_hosts - 1 addresses
Nov  3 03:49:26 gtw01 dnsmasq-dhcp[19727]: read /var/lib/neutron/dhcp/91c4ef08-49f9-404a-80a1-c572526cd880/host
Nov  3 03:49:26 gtw01 dnsmasq-dhcp[19727]: read /var/lib/neutron/dhcp/91c4ef08-49f9-404a-80a1-c572526cd880/opts
Nov  3 03:49:26 gtw01 haproxy-metadata-proxy-91c4ef08-49f9-404a-80a1-c572526cd880[19731]: Proxy listener started.
Nov  3 03:49:27 gtw01 dnsmasq[19727]: read /var/lib/neutron/dhcp/91c4ef08-49f9-404a-80a1-c572526cd880/addn_hosts - 2 addresses
Nov  3 03:49:27 gtw01 dnsmasq-dhcp[19727]: read /var/lib/neutron/dhcp/91c4ef08-49f9-404a-80a1-c572526cd880/host
Nov  3 03:49:27 gtw01 dnsmasq-dhcp[19727]: read /var/lib/neutron/dhcp/91c4ef08-49f9-404a-80a1-c572526cd880/opts
Nov  3 03:49:28 gtw01 dnsmasq-dhcp[12514]: DHCPDISCOVER(tapef0975e4-ae) fa:16:3e:64:50:7a
Nov  3 03:49:28 gtw01 dnsmasq-dhcp[12514]: DHCPOFFER(tapef0975e4-ae) 192.168.120.13 fa:16:3e:64:50:7a
Nov  3 03:49:28 gtw01 dnsmasq-dhcp[12514]: DHCPREQUEST(tapef0975e4-ae) 192.168.120.13 fa:16:3e:64:50:7a
Nov  3 03:49:28 gtw01 dnsmasq-dhcp[12514]: DHCPACK(tapef0975e4-ae) 192.168.120.13 fa:16:3e:64:50:7a host-192-168-120-13
Nov  3 03:49:28 gtw01 dnsmasq[19727]: read /var/lib/neutron/dhcp/91c4ef08-49f9-404a-80a1-c572526cd880/addn_hosts - 2 addresses
Nov  3 03:49:28 gtw01 dnsmasq-dhcp[19727]: read /var/lib/neutron/dhcp/91c4ef08-49f9-404a-80a1-c572526cd880/host
Nov  3 03:49:28 gtw01 dnsmasq-dhcp[19727]: read /var/lib/neutron/dhcp/91c4ef08-49f9-404a-80a1-c572526cd880/opts
Nov  3 03:49:29 gtw01 dnsmasq[19727]: read /var/lib/neutron/dhcp/91c4ef08-49f9-404a-80a1-c572526cd880/addn_hosts - 2 addresses
Nov  3 03:49:29 gtw01 dnsmasq-dhcp[19727]: read /var/lib/neutron/dhcp/91c4ef08-49f9-404a-80a1-c572526cd880/host
Nov  3 03:49:29 gtw01 dnsmasq-dhcp[19727]: read /var/lib/neutron/dhcp/91c4ef08-49f9-404a-80a1-c572526cd880/opts
Nov  3 03:49:30 gtw01 dnsmasq[19727]: read /var/lib/neutron/dhcp/91c4ef08-49f9-404a-80a1-c572526cd880/addn_hosts - 2 addresses
Nov  3 03:49:30 gtw01 dnsmasq-dhcp[19727]: read /var/lib/neutron/dhcp/91c4ef08-49f9-404a-80a1-c572526cd880/host
Nov  3 03:49:30 gtw01 dnsmasq-dhcp[19727]: read /var/lib/neutron/dhcp/91c4ef08-49f9-404a-80a1-c572526cd880/opts
Nov  3 03:49:31 gtw01 dnsmasq-dhcp[12514]: DHCPRELEASE(tapef0975e4-ae) 192.168.120.13 fa:16:3e:64:50:7a
Nov  3 03:49:31 gtw01 dnsmasq[19727]: read /var/lib/neutron/dhcp/91c4ef08-49f9-404a-80a1-c572526cd880/addn_hosts - 2 addresses
Nov  3 03:49:31 gtw01 dnsmasq-dhcp[19727]: read /var/lib/neutron/dhcp/91c4ef08-49f9-404a-80a1-c572526cd880/host
Nov  3 03:49:31 gtw01 dnsmasq-dhcp[19727]: read /var/lib/neutron/dhcp/91c4ef08-49f9-404a-80a1-c572526cd880/opts
Nov  3 03:49:32 gtw01 dnsmasq-dhcp[17719]: DHCPDISCOVER(tapd4c45608-b4) fa:16:3e:de:bc:c1
Nov  3 03:49:32 gtw01 dnsmasq-dhcp[17719]: DHCPOFFER(tapd4c45608-b4) 192.168.120.9 fa:16:3e:de:bc:c1
Nov  3 03:49:32 gtw01 dnsmasq-dhcp[17719]: DHCPREQUEST(tapd4c45608-b4) 192.168.120.9 fa:16:3e:de:bc:c1
Nov  3 03:49:32 gtw01 dnsmasq-dhcp[17719]: DHCPACK(tapd4c45608-b4) 192.168.120.9 fa:16:3e:de:bc:c1 host-192-168-120-9
Nov  3 03:49:34 gtw01 dnsmasq[19727]: read /var/lib/neutron/dhcp/91c4ef08-49f9-404a-80a1-c572526cd880/addn_hosts - 3 addresses
Nov  3 03:49:34 gtw01 dnsmasq-dhcp[19727]: read /var/lib/neutron/dhcp/91c4ef08-49f9-404a-80a1-c572526cd880/host
Nov  3 03:49:34 gtw01 dnsmasq-dhcp[19727]: read /var/lib/neutron/dhcp/91c4ef08-49f9-404a-80a1-c572526cd880/opts
Nov  3 03:49:35 gtw01 dnsmasq[19727]: read /var/lib/neutron/dhcp/91c4ef08-49f9-404a-80a1-c572526cd880/addn_hosts - 3 addresses
Nov  3 03:49:35 gtw01 dnsmasq-dhcp[19727]: read /var/lib/neutron/dhcp/91c4ef08-49f9-404a-80a1-c572526cd880/host
Nov  3 03:49:35 gtw01 dnsmasq-dhcp[19727]: read /var/lib/neutron/dhcp/91c4ef08-49f9-404a-80a1-c572526cd880/opts
Nov  3 03:49:36 gtw01 dnsmasq[12514]: read /var/lib/neutron/dhcp/b8d47c75-7672-43c6-9cff-727534f7a0ef/addn_hosts - 3 addresses
Nov  3 03:49:36 gtw01 dnsmasq-dhcp[12514]: read /var/lib/neutron/dhcp/b8d47c75-7672-43c6-9cff-727534f7a0ef/host
Nov  3 03:49:36 gtw01 dnsmasq-dhcp[12514]: read /var/lib/neutron/dhcp/b8d47c75-7672-43c6-9cff-727534f7a0ef/opts
Nov  3 03:49:36 gtw01 dnsmasq[19727]: read /var/lib/neutron/dhcp/91c4ef08-49f9-404a-80a1-c572526cd880/addn_hosts - 3 addresses
Nov  3 03:49:36 gtw01 dnsmasq-dhcp[19727]: read /var/lib/neutron/dhcp/91c4ef08-49f9-404a-80a1-c572526cd880/host
Nov  3 03:49:36 gtw01 dnsmasq-dhcp[19727]: read /var/lib/neutron/dhcp/91c4ef08-49f9-404a-80a1-c572526cd880/opts
Nov  3 03:49:37 gtw01 dnsmasq[12514]: read /var/lib/neutron/dhcp/b8d47c75-7672-43c6-9cff-727534f7a0ef/addn_hosts - 3 addresses
Nov  3 03:49:37 gtw01 dnsmasq-dhcp[12514]: read /var/lib/neutron/dhcp/b8d47c75-7672-43c6-9cff-727534f7a0ef/host
Nov  3 03:49:37 gtw01 dnsmasq-dhcp[12514]: read /var/lib/neutron/dhcp/b8d47c75-7672-43c6-9cff-727534f7a0ef/opts
Nov  3 03:49:43 gtw01 dnsmasq[17719]: read /var/lib/neutron/dhcp/ec7247dd-ce9b-4b95-8359-35bda03f9e56/addn_hosts - 5 addresses
Nov  3 03:49:43 gtw01 dnsmasq-dhcp[17719]: read /var/lib/neutron/dhcp/ec7247dd-ce9b-4b95-8359-35bda03f9e56/host
Nov  3 03:49:43 gtw01 dnsmasq-dhcp[17719]: read /var/lib/neutron/dhcp/ec7247dd-ce9b-4b95-8359-35bda03f9e56/opts
Nov  3 03:49:44 gtw01 dnsmasq[17719]: read /var/lib/neutron/dhcp/ec7247dd-ce9b-4b95-8359-35bda03f9e56/addn_hosts - 5 addresses
Nov  3 03:49:44 gtw01 dnsmasq-dhcp[17719]: read /var/lib/neutron/dhcp/ec7247dd-ce9b-4b95-8359-35bda03f9e56/host
Nov  3 03:49:44 gtw01 dnsmasq-dhcp[17719]: read /var/lib/neutron/dhcp/ec7247dd-ce9b-4b95-8359-35bda03f9e56/opts
Nov  3 03:49:44 gtw01 dnsmasq[12514]: read /var/lib/neutron/dhcp/b8d47c75-7672-43c6-9cff-727534f7a0ef/addn_hosts - 2 addresses
Nov  3 03:49:44 gtw01 dnsmasq-dhcp[12514]: read /var/lib/neutron/dhcp/b8d47c75-7672-43c6-9cff-727534f7a0ef/host
Nov  3 03:49:44 gtw01 dnsmasq-dhcp[12514]: read /var/lib/neutron/dhcp/b8d47c75-7672-43c6-9cff-727534f7a0ef/opts
Nov  3 03:49:49 gtw01 dnsmasq-dhcp[19727]: DHCPDISCOVER(tapdffa108f-b6) fa:16:3e:97:70:ab
Nov  3 03:49:49 gtw01 dnsmasq-dhcp[19727]: DHCPOFFER(tapdffa108f-b6) 192.168.120.4 fa:16:3e:97:70:ab
Nov  3 03:49:49 gtw01 dnsmasq-dhcp[19727]: DHCPREQUEST(tapdffa108f-b6) 192.168.120.4 fa:16:3e:97:70:ab
Nov  3 03:49:49 gtw01 dnsmasq-dhcp[19727]: DHCPACK(tapdffa108f-b6) 192.168.120.4 fa:16:3e:97:70:ab host-192-168-120-4
Nov  3 03:49:50 gtw01 dnsmasq[17719]: read /var/lib/neutron/dhcp/ec7247dd-ce9b-4b95-8359-35bda03f9e56/addn_hosts - 5 addresses
Nov  3 03:49:50 gtw01 dnsmasq-dhcp[17719]: read /var/lib/neutron/dhcp/ec7247dd-ce9b-4b95-8359-35bda03f9e56/host
Nov  3 03:49:50 gtw01 dnsmasq-dhcp[17719]: read /var/lib/neutron/dhcp/ec7247dd-ce9b-4b95-8359-35bda03f9e56/opts
Nov  3 03:49:52 gtw01 dnsmasq[17719]: read /var/lib/neutron/dhcp/ec7247dd-ce9b-4b95-8359-35bda03f9e56/addn_hosts - 5 addresses
Nov  3 03:49:52 gtw01 dnsmasq-dhcp[17719]: read /var/lib/neutron/dhcp/ec7247dd-ce9b-4b95-8359-35bda03f9e56/host
Nov  3 03:49:52 gtw01 dnsmasq-dhcp[17719]: read /var/lib/neutron/dhcp/ec7247dd-ce9b-4b95-8359-35bda03f9e56/opts
Nov  3 03:49:53 gtw01 dnsmasq[17719]: read /var/lib/neutron/dhcp/ec7247dd-ce9b-4b95-8359-35bda03f9e56/addn_hosts - 5 addresses
Nov  3 03:49:53 gtw01 dnsmasq-dhcp[17719]: read /var/lib/neutron/dhcp/ec7247dd-ce9b-4b95-8359-35bda03f9e56/host
Nov  3 03:49:53 gtw01 dnsmasq-dhcp[17719]: read /var/lib/neutron/dhcp/ec7247dd-ce9b-4b95-8359-35bda03f9e56/opts
Nov  3 03:49:55 gtw01 dnsmasq-dhcp[19727]: DHCPRELEASE(tapdffa108f-b6) 192.168.120.4 fa:16:3e:97:70:ab
Nov  3 03:49:55 gtw01 dnsmasq-dhcp[19727]: DHCPRELEASE(tapdffa108f-b6) 192.168.120.4 fa:16:3e:97:70:ab unknown lease
Nov  3 03:49:56 gtw01 dnsmasq[12514]: read /var/lib/neutron/dhcp/b8d47c75-7672-43c6-9cff-727534f7a0ef/addn_hosts - 3 addresses
Nov  3 03:49:56 gtw01 dnsmasq-dhcp[12514]: read /var/lib/neutron/dhcp/b8d47c75-7672-43c6-9cff-727534f7a0ef/host
Nov  3 03:49:56 gtw01 dnsmasq-dhcp[12514]: read /var/lib/neutron/dhcp/b8d47c75-7672-43c6-9cff-727534f7a0ef/opts
Nov  3 03:49:56 gtw01 dnsmasq[19727]: read /var/lib/neutron/dhcp/91c4ef08-49f9-404a-80a1-c572526cd880/addn_hosts - 2 addresses
Nov  3 03:49:56 gtw01 dnsmasq-dhcp[19727]: read /var/lib/neutron/dhcp/91c4ef08-49f9-404a-80a1-c572526cd880/host
Nov  3 03:49:56 gtw01 dnsmasq-dhcp[19727]: read /var/lib/neutron/dhcp/91c4ef08-49f9-404a-80a1-c572526cd880/opts
Nov  3 03:49:57 gtw01 dnsmasq[12514]: read /var/lib/neutron/dhcp/b8d47c75-7672-43c6-9cff-727534f7a0ef/addn_hosts - 3 addresses
Nov  3 03:49:57 gtw01 dnsmasq-dhcp[12514]: read /var/lib/neutron/dhcp/b8d47c75-7672-43c6-9cff-727534f7a0ef/host
Nov  3 03:49:57 gtw01 dnsmasq-dhcp[12514]: read /var/lib/neutron/dhcp/b8d47c75-7672-43c6-9cff-727534f7a0ef/opts
Nov  3 03:49:58 gtw01 dnsmasq[12514]: read /var/lib/neutron/dhcp/b8d47c75-7672-43c6-9cff-727534f7a0ef/addn_hosts - 3 addresses
Nov  3 03:49:58 gtw01 dnsmasq-dhcp[12514]: read /var/lib/neutron/dhcp/b8d47c75-7672-43c6-9cff-727534f7a0ef/host
Nov  3 03:49:58 gtw01 dnsmasq-dhcp[12514]: read /var/lib/neutron/dhcp/b8d47c75-7672-43c6-9cff-727534f7a0ef/opts
Nov  3 03:49:58 gtw01 dnsmasq[17719]: read /var/lib/neutron/dhcp/ec7247dd-ce9b-4b95-8359-35bda03f9e56/addn_hosts - 5 addresses
Nov  3 03:49:58 gtw01 dnsmasq-dhcp[17719]: read /var/lib/neutron/dhcp/ec7247dd-ce9b-4b95-8359-35bda03f9e56/host
Nov  3 03:49:58 gtw01 dnsmasq-dhcp[17719]: read /var/lib/neutron/dhcp/ec7247dd-ce9b-4b95-8359-35bda03f9e56/opts
Nov  3 03:50:00 gtw01 dnsmasq[19727]: read /var/lib/neutron/dhcp/91c4ef08-49f9-404a-80a1-c572526cd880/addn_hosts - 1 addresses
Nov  3 03:50:00 gtw01 dnsmasq-dhcp[19727]: read /var/lib/neutron/dhcp/91c4ef08-49f9-404a-80a1-c572526cd880/host
Nov  3 03:50:00 gtw01 dnsmasq-dhcp[19727]: read /var/lib/neutron/dhcp/91c4ef08-49f9-404a-80a1-c572526cd880/opts
Nov  3 03:50:02 gtw01 dnsmasq-dhcp[17719]: DHCPRELEASE(tapd4c45608-b4) 192.168.120.9 fa:16:3e:de:bc:c1
Nov  3 03:50:02 gtw01 dnsmasq-dhcp[17719]: DHCPRELEASE(tapd4c45608-b4) 192.168.120.9 fa:16:3e:de:bc:c1 unknown lease
Nov  3 03:50:03 gtw01 dnsmasq[17719]: read /var/lib/neutron/dhcp/ec7247dd-ce9b-4b95-8359-35bda03f9e56/addn_hosts - 4 addresses
Nov  3 03:50:03 gtw01 dnsmasq-dhcp[17719]: read /var/lib/neutron/dhcp/ec7247dd-ce9b-4b95-8359-35bda03f9e56/host
Nov  3 03:50:03 gtw01 dnsmasq-dhcp[17719]: read /var/lib/neutron/dhcp/ec7247dd-ce9b-4b95-8359-35bda03f9e56/opts
Nov  3 03:50:04 gtw01 dnsmasq-dhcp[17719]: DHCPRELEASE(tapd4c45608-b4) 192.168.120.5 fa:16:3e:b7:a6:bf
Nov  3 03:50:04 gtw01 dnsmasq-dhcp[17719]: DHCPRELEASE(tapd4c45608-b4) 192.168.120.5 fa:16:3e:b7:a6:bf unknown lease
Nov  3 03:50:05 gtw01 kernel: [ 5910.630593] device tapdffa108f-b6 left promiscuous mode
Nov  3 03:50:05 gtw01 dnsmasq[17719]: read /var/lib/neutron/dhcp/ec7247dd-ce9b-4b95-8359-35bda03f9e56/addn_hosts - 3 addresses
Nov  3 03:50:05 gtw01 dnsmasq-dhcp[17719]: read /var/lib/neutron/dhcp/ec7247dd-ce9b-4b95-8359-35bda03f9e56/host
Nov  3 03:50:05 gtw01 dnsmasq-dhcp[17719]: read /var/lib/neutron/dhcp/ec7247dd-ce9b-4b95-8359-35bda03f9e56/opts
Nov  3 03:50:07 gtw01 dnsmasq[17719]: read /var/lib/neutron/dhcp/ec7247dd-ce9b-4b95-8359-35bda03f9e56/addn_hosts - 2 addresses
Nov  3 03:50:07 gtw01 dnsmasq-dhcp[17719]: read /var/lib/neutron/dhcp/ec7247dd-ce9b-4b95-8359-35bda03f9e56/host
Nov  3 03:50:07 gtw01 dnsmasq-dhcp[17719]: read /var/lib/neutron/dhcp/ec7247dd-ce9b-4b95-8359-35bda03f9e56/opts
Nov  3 03:50:10 gtw01 dnsmasq[17719]: read /var/lib/neutron/dhcp/ec7247dd-ce9b-4b95-8359-35bda03f9e56/addn_hosts - 1 addresses
Nov  3 03:50:10 gtw01 dnsmasq-dhcp[17719]: read /var/lib/neutron/dhcp/ec7247dd-ce9b-4b95-8359-35bda03f9e56/host
Nov  3 03:50:10 gtw01 dnsmasq-dhcp[17719]: read /var/lib/neutron/dhcp/ec7247dd-ce9b-4b95-8359-35bda03f9e56/opts
Nov  3 03:50:11 gtw01 dnsmasq-dhcp[12514]: DHCPDISCOVER(tapef0975e4-ae) fa:16:3e:92:05:48
Nov  3 03:50:11 gtw01 dnsmasq-dhcp[12514]: DHCPOFFER(tapef0975e4-ae) 192.168.120.3 fa:16:3e:92:05:48
Nov  3 03:50:11 gtw01 dnsmasq-dhcp[12514]: DHCPREQUEST(tapef0975e4-ae) 192.168.120.3 fa:16:3e:92:05:48
Nov  3 03:50:11 gtw01 dnsmasq-dhcp[12514]: DHCPACK(tapef0975e4-ae) 192.168.120.3 fa:16:3e:92:05:48 host-192-168-120-3
Nov  3 03:50:15 gtw01 kernel: [ 5920.801843] device tapd4c45608-b4 left promiscuous mode
Nov  3 03:50:15 gtw01 dnsmasq[12514]: read /var/lib/neutron/dhcp/b8d47c75-7672-43c6-9cff-727534f7a0ef/addn_hosts - 4 addresses
Nov  3 03:50:15 gtw01 dnsmasq-dhcp[12514]: read /var/lib/neutron/dhcp/b8d47c75-7672-43c6-9cff-727534f7a0ef/host
Nov  3 03:50:15 gtw01 dnsmasq-dhcp[12514]: read /var/lib/neutron/dhcp/b8d47c75-7672-43c6-9cff-727534f7a0ef/opts
Nov  3 03:50:16 gtw01 dnsmasq[12514]: read /var/lib/neutron/dhcp/b8d47c75-7672-43c6-9cff-727534f7a0ef/addn_hosts - 4 addresses
Nov  3 03:50:16 gtw01 dnsmasq-dhcp[12514]: read /var/lib/neutron/dhcp/b8d47c75-7672-43c6-9cff-727534f7a0ef/host
Nov  3 03:50:16 gtw01 dnsmasq-dhcp[12514]: read /var/lib/neutron/dhcp/b8d47c75-7672-43c6-9cff-727534f7a0ef/opts
Nov  3 03:50:17 gtw01 dnsmasq[12514]: read /var/lib/neutron/dhcp/b8d47c75-7672-43c6-9cff-727534f7a0ef/addn_hosts - 4 addresses
Nov  3 03:50:17 gtw01 dnsmasq-dhcp[12514]: read /var/lib/neutron/dhcp/b8d47c75-7672-43c6-9cff-727534f7a0ef/host
Nov  3 03:50:17 gtw01 dnsmasq-dhcp[12514]: read /var/lib/neutron/dhcp/b8d47c75-7672-43c6-9cff-727534f7a0ef/opts
Nov  3 03:50:23 gtw01 kernel: [ 5928.981760] device tapae8b4504-a2 entered promiscuous mode
Nov  3 03:50:23 gtw01 systemd-udevd[20261]: Process '/sbin/ip link set tapae8b4504-a2 txqueuelen 10000' failed with exit code 1.
Nov  3 03:50:23 gtw01 systemd-udevd[20316]: Process '/sbin/ip link set tapae8b4504-a2 txqueuelen 10000' failed with exit code 1.
Nov  3 03:50:23 gtw01 dnsmasq-dhcp[12514]: DHCPRELEASE(tapef0975e4-ae) 192.168.120.3 fa:16:3e:92:05:48
Nov  3 03:50:27 gtw01 dnsmasq[20376]: started, version 2.80 cachesize 150
Nov  3 03:50:27 gtw01 dnsmasq[20376]: DNS service limited to local subnets
Nov  3 03:50:27 gtw01 dnsmasq[20376]: compile time options: IPv6 GNU-getopt DBus i18n IDN DHCP DHCPv6 no-Lua TFTP conntrack ipset auth DNSSEC loop-detect inotify dumpfile
Nov  3 03:50:27 gtw01 dnsmasq[20376]: warning: no upstream servers configured
Nov  3 03:50:27 gtw01 dnsmasq-dhcp[20376]: DHCP, static leases only on 192.168.120.0, lease time 1h
Nov  3 03:50:27 gtw01 dnsmasq[20376]: read /var/lib/neutron/dhcp/59d106f0-e2e5-433f-8e25-528c7fc564b8/addn_hosts - 1 addresses
Nov  3 03:50:27 gtw01 dnsmasq-dhcp[20376]: read /var/lib/neutron/dhcp/59d106f0-e2e5-433f-8e25-528c7fc564b8/host
Nov  3 03:50:27 gtw01 dnsmasq-dhcp[20376]: read /var/lib/neutron/dhcp/59d106f0-e2e5-433f-8e25-528c7fc564b8/opts
Nov  3 03:50:27 gtw01 haproxy-metadata-proxy-59d106f0-e2e5-433f-8e25-528c7fc564b8[20380]: Proxy listener started.
Nov  3 03:50:28 gtw01 dnsmasq[12514]: read /var/lib/neutron/dhcp/b8d47c75-7672-43c6-9cff-727534f7a0ef/addn_hosts - 3 addresses
Nov  3 03:50:28 gtw01 dnsmasq-dhcp[12514]: read /var/lib/neutron/dhcp/b8d47c75-7672-43c6-9cff-727534f7a0ef/host
Nov  3 03:50:28 gtw01 dnsmasq-dhcp[12514]: read /var/lib/neutron/dhcp/b8d47c75-7672-43c6-9cff-727534f7a0ef/opts
Nov  3 03:50:28 gtw01 dnsmasq[20376]: read /var/lib/neutron/dhcp/59d106f0-e2e5-433f-8e25-528c7fc564b8/addn_hosts - 2 addresses
Nov  3 03:50:28 gtw01 dnsmasq-dhcp[20376]: read /var/lib/neutron/dhcp/59d106f0-e2e5-433f-8e25-528c7fc564b8/host
Nov  3 03:50:28 gtw01 dnsmasq-dhcp[20376]: read /var/lib/neutron/dhcp/59d106f0-e2e5-433f-8e25-528c7fc564b8/opts
Nov  3 03:50:29 gtw01 dnsmasq[20376]: read /var/lib/neutron/dhcp/59d106f0-e2e5-433f-8e25-528c7fc564b8/addn_hosts - 2 addresses
Nov  3 03:50:29 gtw01 dnsmasq-dhcp[20376]: read /var/lib/neutron/dhcp/59d106f0-e2e5-433f-8e25-528c7fc564b8/host
Nov  3 03:50:29 gtw01 dnsmasq-dhcp[20376]: read /var/lib/neutron/dhcp/59d106f0-e2e5-433f-8e25-528c7fc564b8/opts
Nov  3 03:50:30 gtw01 dnsmasq[20376]: read /var/lib/neutron/dhcp/59d106f0-e2e5-433f-8e25-528c7fc564b8/addn_hosts - 2 addresses
Nov  3 03:50:30 gtw01 dnsmasq-dhcp[20376]: read /var/lib/neutron/dhcp/59d106f0-e2e5-433f-8e25-528c7fc564b8/host
Nov  3 03:50:30 gtw01 dnsmasq-dhcp[20376]: read /var/lib/neutron/dhcp/59d106f0-e2e5-433f-8e25-528c7fc564b8/opts
Nov  3 03:50:31 gtw01 dnsmasq[20376]: read /var/lib/neutron/dhcp/59d106f0-e2e5-433f-8e25-528c7fc564b8/addn_hosts - 2 addresses
Nov  3 03:50:31 gtw01 dnsmasq-dhcp[20376]: read /var/lib/neutron/dhcp/59d106f0-e2e5-433f-8e25-528c7fc564b8/host
Nov  3 03:50:31 gtw01 dnsmasq-dhcp[20376]: read /var/lib/neutron/dhcp/59d106f0-e2e5-433f-8e25-528c7fc564b8/opts
Nov  3 03:50:31 gtw01 kernel: [ 5936.875998] device tap24bd229a-60 entered promiscuous mode
Nov  3 03:50:31 gtw01 systemd-udevd[20475]: Could not generate persistent MAC address for tap24bd229a-60: No such file or directory
Nov  3 03:50:31 gtw01 systemd-udevd[20522]: Process '/sbin/ip link set tap24bd229a-60 txqueuelen 10000' failed with exit code 1.
Nov  3 03:50:32 gtw01 dnsmasq[20376]: read /var/lib/neutron/dhcp/59d106f0-e2e5-433f-8e25-528c7fc564b8/addn_hosts - 2 addresses
Nov  3 03:50:32 gtw01 dnsmasq-dhcp[20376]: read /var/lib/neutron/dhcp/59d106f0-e2e5-433f-8e25-528c7fc564b8/host
Nov  3 03:50:32 gtw01 dnsmasq-dhcp[20376]: read /var/lib/neutron/dhcp/59d106f0-e2e5-433f-8e25-528c7fc564b8/opts
Nov  3 03:50:34 gtw01 kernel: [ 5939.505615] device tapf0883c52-63 entered promiscuous mode
Nov  3 03:50:34 gtw01 systemd-udevd[20619]: Could not generate persistent MAC address for tapf0883c52-63: No such file or directory
Nov  3 03:50:34 gtw01 systemd-udevd[20619]: Process '/sbin/ip link set tapf0883c52-63 txqueuelen 10000' failed with exit code 1.
Nov  3 03:50:34 gtw01 systemd-udevd[20674]: Process '/sbin/ip link set tapf0883c52-63 txqueuelen 10000' failed with exit code 1.
Nov  3 03:50:35 gtw01 dnsmasq[20708]: started, version 2.80 cachesize 150
Nov  3 03:50:35 gtw01 dnsmasq[20708]: DNS service limited to local subnets
Nov  3 03:50:35 gtw01 dnsmasq[20708]: compile time options: IPv6 GNU-getopt DBus i18n IDN DHCP DHCPv6 no-Lua TFTP conntrack ipset auth DNSSEC loop-detect inotify dumpfile
Nov  3 03:50:35 gtw01 dnsmasq[20708]: warning: no upstream servers configured
Nov  3 03:50:35 gtw01 dnsmasq-dhcp[20708]: DHCP, static leases only on 19.80.0.0, lease time 1h
Nov  3 03:50:35 gtw01 dnsmasq[20708]: read /var/lib/neutron/dhcp/f7ea470d-3b0a-4143-9527-657e422a7394/addn_hosts - 1 addresses
Nov  3 03:50:35 gtw01 dnsmasq-dhcp[20708]: read /var/lib/neutron/dhcp/f7ea470d-3b0a-4143-9527-657e422a7394/host
Nov  3 03:50:35 gtw01 dnsmasq-dhcp[20708]: read /var/lib/neutron/dhcp/f7ea470d-3b0a-4143-9527-657e422a7394/opts
Nov  3 03:50:35 gtw01 haproxy-metadata-proxy-f7ea470d-3b0a-4143-9527-657e422a7394[20716]: Proxy listener started.
Nov  3 03:50:36 gtw01 dnsmasq[20708]: read /var/lib/neutron/dhcp/f7ea470d-3b0a-4143-9527-657e422a7394/addn_hosts - 1 addresses
Nov  3 03:50:36 gtw01 dnsmasq-dhcp[20708]: read /var/lib/neutron/dhcp/f7ea470d-3b0a-4143-9527-657e422a7394/host
Nov  3 03:50:36 gtw01 dnsmasq-dhcp[20708]: read /var/lib/neutron/dhcp/f7ea470d-3b0a-4143-9527-657e422a7394/opts
Nov  3 03:50:37 gtw01 dnsmasq[20708]: read /var/lib/neutron/dhcp/f7ea470d-3b0a-4143-9527-657e422a7394/addn_hosts - 1 addresses
Nov  3 03:50:37 gtw01 dnsmasq-dhcp[20708]: read /var/lib/neutron/dhcp/f7ea470d-3b0a-4143-9527-657e422a7394/host
Nov  3 03:50:37 gtw01 dnsmasq-dhcp[20708]: read /var/lib/neutron/dhcp/f7ea470d-3b0a-4143-9527-657e422a7394/opts
Nov  3 03:50:37 gtw01 dnsmasq[20783]: started, version 2.80 cachesize 150
Nov  3 03:50:37 gtw01 dnsmasq[20783]: DNS service limited to local subnets
Nov  3 03:50:37 gtw01 dnsmasq[20783]: compile time options: IPv6 GNU-getopt DBus i18n IDN DHCP DHCPv6 no-Lua TFTP conntrack ipset auth DNSSEC loop-detect inotify dumpfile
Nov  3 03:50:37 gtw01 dnsmasq[20783]: warning: no upstream servers configured
Nov  3 03:50:37 gtw01 dnsmasq-dhcp[20783]: DHCP, static leases only on 19.86.0.0, lease time 1h
Nov  3 03:50:37 gtw01 dnsmasq[20783]: read /var/lib/neutron/dhcp/5e17f8e5-54be-4cf5-b71a-50cc0cd12fbb/addn_hosts - 1 addresses
Nov  3 03:50:37 gtw01 dnsmasq-dhcp[20783]: read /var/lib/neutron/dhcp/5e17f8e5-54be-4cf5-b71a-50cc0cd12fbb/host
Nov  3 03:50:37 gtw01 dnsmasq-dhcp[20783]: read /var/lib/neutron/dhcp/5e17f8e5-54be-4cf5-b71a-50cc0cd12fbb/opts
Nov  3 03:50:38 gtw01 haproxy-metadata-proxy-5e17f8e5-54be-4cf5-b71a-50cc0cd12fbb[20790]: Proxy listener started.
Nov  3 03:50:38 gtw01 dnsmasq[20708]: read /var/lib/neutron/dhcp/f7ea470d-3b0a-4143-9527-657e422a7394/addn_hosts - 2 addresses
Nov  3 03:50:38 gtw01 dnsmasq-dhcp[20708]: read /var/lib/neutron/dhcp/f7ea470d-3b0a-4143-9527-657e422a7394/host
Nov  3 03:50:38 gtw01 dnsmasq-dhcp[20708]: read /var/lib/neutron/dhcp/f7ea470d-3b0a-4143-9527-657e422a7394/opts
Nov  3 03:50:38 gtw01 dnsmasq[12514]: read /var/lib/neutron/dhcp/b8d47c75-7672-43c6-9cff-727534f7a0ef/addn_hosts - 4 addresses
Nov  3 03:50:38 gtw01 dnsmasq-dhcp[12514]: read /var/lib/neutron/dhcp/b8d47c75-7672-43c6-9cff-727534f7a0ef/host
Nov  3 03:50:38 gtw01 dnsmasq-dhcp[12514]: read /var/lib/neutron/dhcp/b8d47c75-7672-43c6-9cff-727534f7a0ef/opts
Nov  3 03:50:39 gtw01 dnsmasq[20783]: read /var/lib/neutron/dhcp/5e17f8e5-54be-4cf5-b71a-50cc0cd12fbb/addn_hosts - 1 addresses
Nov  3 03:50:39 gtw01 dnsmasq-dhcp[20783]: read /var/lib/neutron/dhcp/5e17f8e5-54be-4cf5-b71a-50cc0cd12fbb/host
Nov  3 03:50:39 gtw01 dnsmasq-dhcp[20783]: read /var/lib/neutron/dhcp/5e17f8e5-54be-4cf5-b71a-50cc0cd12fbb/opts
Nov  3 03:50:39 gtw01 dnsmasq[20708]: read /var/lib/neutron/dhcp/f7ea470d-3b0a-4143-9527-657e422a7394/addn_hosts - 2 addresses
Nov  3 03:50:39 gtw01 dnsmasq-dhcp[20708]: read /var/lib/neutron/dhcp/f7ea470d-3b0a-4143-9527-657e422a7394/host
Nov  3 03:50:39 gtw01 dnsmasq-dhcp[20708]: read /var/lib/neutron/dhcp/f7ea470d-3b0a-4143-9527-657e422a7394/opts
Nov  3 03:50:40 gtw01 dnsmasq[12514]: read /var/lib/neutron/dhcp/b8d47c75-7672-43c6-9cff-727534f7a0ef/addn_hosts - 4 addresses
Nov  3 03:50:40 gtw01 dnsmasq-dhcp[12514]: read /var/lib/neutron/dhcp/b8d47c75-7672-43c6-9cff-727534f7a0ef/host
Nov  3 03:50:40 gtw01 dnsmasq-dhcp[12514]: read /var/lib/neutron/dhcp/b8d47c75-7672-43c6-9cff-727534f7a0ef/opts
Nov  3 03:50:40 gtw01 dnsmasq[20783]: read /var/lib/neutron/dhcp/5e17f8e5-54be-4cf5-b71a-50cc0cd12fbb/addn_hosts - 1 addresses
Nov  3 03:50:40 gtw01 dnsmasq-dhcp[20783]: read /var/lib/neutron/dhcp/5e17f8e5-54be-4cf5-b71a-50cc0cd12fbb/host
Nov  3 03:50:40 gtw01 dnsmasq-dhcp[20783]: read /var/lib/neutron/dhcp/5e17f8e5-54be-4cf5-b71a-50cc0cd12fbb/opts
Nov  3 03:50:41 gtw01 dnsmasq[20708]: read /var/lib/neutron/dhcp/f7ea470d-3b0a-4143-9527-657e422a7394/addn_hosts - 3 addresses
Nov  3 03:50:41 gtw01 dnsmasq-dhcp[20708]: read /var/lib/neutron/dhcp/f7ea470d-3b0a-4143-9527-657e422a7394/host
Nov  3 03:50:41 gtw01 dnsmasq-dhcp[20708]: read /var/lib/neutron/dhcp/f7ea470d-3b0a-4143-9527-657e422a7394/opts
Nov  3 03:50:41 gtw01 dnsmasq[20783]: read /var/lib/neutron/dhcp/5e17f8e5-54be-4cf5-b71a-50cc0cd12fbb/addn_hosts - 2 addresses
Nov  3 03:50:41 gtw01 dnsmasq-dhcp[20783]: read /var/lib/neutron/dhcp/5e17f8e5-54be-4cf5-b71a-50cc0cd12fbb/host
Nov  3 03:50:41 gtw01 dnsmasq-dhcp[20783]: read /var/lib/neutron/dhcp/5e17f8e5-54be-4cf5-b71a-50cc0cd12fbb/opts
Nov  3 03:50:41 gtw01 dnsmasq[12514]: read /var/lib/neutron/dhcp/b8d47c75-7672-43c6-9cff-727534f7a0ef/addn_hosts - 4 addresses
Nov  3 03:50:41 gtw01 dnsmasq-dhcp[12514]: read /var/lib/neutron/dhcp/b8d47c75-7672-43c6-9cff-727534f7a0ef/host
Nov  3 03:50:41 gtw01 dnsmasq-dhcp[12514]: read /var/lib/neutron/dhcp/b8d47c75-7672-43c6-9cff-727534f7a0ef/opts
Nov  3 03:50:42 gtw01 dnsmasq[20783]: read /var/lib/neutron/dhcp/5e17f8e5-54be-4cf5-b71a-50cc0cd12fbb/addn_hosts - 2 addresses
Nov  3 03:50:42 gtw01 dnsmasq-dhcp[20783]: read /var/lib/neutron/dhcp/5e17f8e5-54be-4cf5-b71a-50cc0cd12fbb/host
Nov  3 03:50:42 gtw01 dnsmasq-dhcp[20783]: read /var/lib/neutron/dhcp/5e17f8e5-54be-4cf5-b71a-50cc0cd12fbb/opts
Nov  3 03:50:42 gtw01 dnsmasq[20708]: read /var/lib/neutron/dhcp/f7ea470d-3b0a-4143-9527-657e422a7394/addn_hosts - 3 addresses
Nov  3 03:50:42 gtw01 dnsmasq-dhcp[20708]: read /var/lib/neutron/dhcp/f7ea470d-3b0a-4143-9527-657e422a7394/host
Nov  3 03:50:42 gtw01 dnsmasq-dhcp[20708]: read /var/lib/neutron/dhcp/f7ea470d-3b0a-4143-9527-657e422a7394/opts
Nov  3 03:50:43 gtw01 dnsmasq[20783]: read /var/lib/neutron/dhcp/5e17f8e5-54be-4cf5-b71a-50cc0cd12fbb/addn_hosts - 2 addresses
Nov  3 03:50:43 gtw01 dnsmasq-dhcp[20783]: read /var/lib/neutron/dhcp/5e17f8e5-54be-4cf5-b71a-50cc0cd12fbb/host
Nov  3 03:50:43 gtw01 dnsmasq-dhcp[20783]: read /var/lib/neutron/dhcp/5e17f8e5-54be-4cf5-b71a-50cc0cd12fbb/opts
Nov  3 03:50:43 gtw01 dnsmasq[20708]: read /var/lib/neutron/dhcp/f7ea470d-3b0a-4143-9527-657e422a7394/addn_hosts - 3 addresses
Nov  3 03:50:43 gtw01 dnsmasq-dhcp[20708]: read /var/lib/neutron/dhcp/f7ea470d-3b0a-4143-9527-657e422a7394/host
Nov  3 03:50:43 gtw01 dnsmasq-dhcp[20708]: read /var/lib/neutron/dhcp/f7ea470d-3b0a-4143-9527-657e422a7394/opts
Nov  3 03:50:44 gtw01 dnsmasq[20783]: read /var/lib/neutron/dhcp/5e17f8e5-54be-4cf5-b71a-50cc0cd12fbb/addn_hosts - 2 addresses
Nov  3 03:50:44 gtw01 dnsmasq-dhcp[20783]: read /var/lib/neutron/dhcp/5e17f8e5-54be-4cf5-b71a-50cc0cd12fbb/host
Nov  3 03:50:44 gtw01 dnsmasq-dhcp[20783]: read /var/lib/neutron/dhcp/5e17f8e5-54be-4cf5-b71a-50cc0cd12fbb/opts
Nov  3 03:50:44 gtw01 dnsmasq[20708]: read /var/lib/neutron/dhcp/f7ea470d-3b0a-4143-9527-657e422a7394/addn_hosts - 3 addresses
Nov  3 03:50:44 gtw01 dnsmasq-dhcp[20708]: read /var/lib/neutron/dhcp/f7ea470d-3b0a-4143-9527-657e422a7394/host
Nov  3 03:50:44 gtw01 dnsmasq-dhcp[20708]: read /var/lib/neutron/dhcp/f7ea470d-3b0a-4143-9527-657e422a7394/opts
Nov  3 03:50:45 gtw01 dnsmasq[20708]: read /var/lib/neutron/dhcp/f7ea470d-3b0a-4143-9527-657e422a7394/addn_hosts - 3 addresses
Nov  3 03:50:45 gtw01 dnsmasq-dhcp[20708]: read /var/lib/neutron/dhcp/f7ea470d-3b0a-4143-9527-657e422a7394/host
Nov  3 03:50:45 gtw01 dnsmasq-dhcp[20708]: read /var/lib/neutron/dhcp/f7ea470d-3b0a-4143-9527-657e422a7394/opts
Nov  3 03:50:46 gtw01 dnsmasq[12514]: read /var/lib/neutron/dhcp/b8d47c75-7672-43c6-9cff-727534f7a0ef/addn_hosts - 3 addresses
Nov  3 03:50:46 gtw01 dnsmasq-dhcp[12514]: read /var/lib/neutron/dhcp/b8d47c75-7672-43c6-9cff-727534f7a0ef/host
Nov  3 03:50:46 gtw01 dnsmasq-dhcp[12514]: read /var/lib/neutron/dhcp/b8d47c75-7672-43c6-9cff-727534f7a0ef/opts
Nov  3 03:50:53 gtw01 kernel: [ 5958.976471] device tap651e3865-66 entered promiscuous mode
Nov  3 03:50:53 gtw01 systemd-udevd[21094]: Could not generate persistent MAC address for tap651e3865-66: No such file or directory
Nov  3 03:50:53 gtw01 dnsmasq[20708]: read /var/lib/neutron/dhcp/f7ea470d-3b0a-4143-9527-657e422a7394/addn_hosts - 2 addresses
Nov  3 03:50:53 gtw01 dnsmasq-dhcp[20708]: read /var/lib/neutron/dhcp/f7ea470d-3b0a-4143-9527-657e422a7394/host
Nov  3 03:50:53 gtw01 dnsmasq-dhcp[20708]: read /var/lib/neutron/dhcp/f7ea470d-3b0a-4143-9527-657e422a7394/opts
Nov  3 03:50:53 gtw01 systemd-udevd[21094]: Process '/sbin/ip link set tap651e3865-66 txqueuelen 10000' failed with exit code 1.
Nov  3 03:50:54 gtw01 dnsmasq[20783]: read /var/lib/neutron/dhcp/5e17f8e5-54be-4cf5-b71a-50cc0cd12fbb/addn_hosts - 1 addresses
Nov  3 03:50:54 gtw01 dnsmasq-dhcp[20783]: read /var/lib/neutron/dhcp/5e17f8e5-54be-4cf5-b71a-50cc0cd12fbb/host
Nov  3 03:50:54 gtw01 dnsmasq-dhcp[20783]: read /var/lib/neutron/dhcp/5e17f8e5-54be-4cf5-b71a-50cc0cd12fbb/opts
Nov  3 03:50:56 gtw01 dnsmasq[20708]: read /var/lib/neutron/dhcp/f7ea470d-3b0a-4143-9527-657e422a7394/addn_hosts - 1 addresses
Nov  3 03:50:56 gtw01 dnsmasq-dhcp[20708]: read /var/lib/neutron/dhcp/f7ea470d-3b0a-4143-9527-657e422a7394/host
Nov  3 03:50:56 gtw01 dnsmasq-dhcp[20708]: read /var/lib/neutron/dhcp/f7ea470d-3b0a-4143-9527-657e422a7394/opts
Nov  3 03:50:57 gtw01 dnsmasq[21243]: started, version 2.80 cachesize 150
Nov  3 03:50:57 gtw01 dnsmasq[21243]: DNS service limited to local subnets
Nov  3 03:50:57 gtw01 dnsmasq[21243]: compile time options: IPv6 GNU-getopt DBus i18n IDN DHCP DHCPv6 no-Lua TFTP conntrack ipset auth DNSSEC loop-detect inotify dumpfile
Nov  3 03:50:57 gtw01 dnsmasq[21243]: warning: no upstream servers configured
Nov  3 03:50:57 gtw01 dnsmasq-dhcp[21243]: DHCP, static leases only on 192.168.120.0, lease time 1h
Nov  3 03:50:57 gtw01 dnsmasq[21243]: read /var/lib/neutron/dhcp/eee26452-82a5-4bd5-bb48-d1b901ccba18/addn_hosts - 1 addresses
Nov  3 03:50:57 gtw01 dnsmasq-dhcp[21243]: read /var/lib/neutron/dhcp/eee26452-82a5-4bd5-bb48-d1b901ccba18/host
Nov  3 03:50:57 gtw01 dnsmasq-dhcp[21243]: read /var/lib/neutron/dhcp/eee26452-82a5-4bd5-bb48-d1b901ccba18/opts
Nov  3 03:50:57 gtw01 haproxy-metadata-proxy-eee26452-82a5-4bd5-bb48-d1b901ccba18[21247]: Proxy listener started.
Nov  3 03:50:58 gtw01 dnsmasq[21243]: read /var/lib/neutron/dhcp/eee26452-82a5-4bd5-bb48-d1b901ccba18/addn_hosts - 2 addresses
Nov  3 03:50:58 gtw01 dnsmasq-dhcp[21243]: read /var/lib/neutron/dhcp/eee26452-82a5-4bd5-bb48-d1b901ccba18/host
Nov  3 03:50:58 gtw01 dnsmasq-dhcp[21243]: read /var/lib/neutron/dhcp/eee26452-82a5-4bd5-bb48-d1b901ccba18/opts
Nov  3 03:50:59 gtw01 kernel: [ 5964.513475] device tapf0883c52-63 left promiscuous mode
Nov  3 03:50:59 gtw01 dnsmasq[21243]: read /var/lib/neutron/dhcp/eee26452-82a5-4bd5-bb48-d1b901ccba18/addn_hosts - 2 addresses
Nov  3 03:50:59 gtw01 dnsmasq-dhcp[21243]: read /var/lib/neutron/dhcp/eee26452-82a5-4bd5-bb48-d1b901ccba18/host
Nov  3 03:50:59 gtw01 dnsmasq-dhcp[21243]: read /var/lib/neutron/dhcp/eee26452-82a5-4bd5-bb48-d1b901ccba18/opts
Nov  3 03:51:00 gtw01 dnsmasq[21243]: read /var/lib/neutron/dhcp/eee26452-82a5-4bd5-bb48-d1b901ccba18/addn_hosts - 2 addresses
Nov  3 03:51:00 gtw01 dnsmasq-dhcp[21243]: read /var/lib/neutron/dhcp/eee26452-82a5-4bd5-bb48-d1b901ccba18/host
Nov  3 03:51:00 gtw01 dnsmasq-dhcp[21243]: read /var/lib/neutron/dhcp/eee26452-82a5-4bd5-bb48-d1b901ccba18/opts
Nov  3 03:51:01 gtw01 dnsmasq[21243]: read /var/lib/neutron/dhcp/eee26452-82a5-4bd5-bb48-d1b901ccba18/addn_hosts - 3 addresses
Nov  3 03:51:01 gtw01 dnsmasq-dhcp[21243]: read /var/lib/neutron/dhcp/eee26452-82a5-4bd5-bb48-d1b901ccba18/host
Nov  3 03:51:01 gtw01 dnsmasq-dhcp[21243]: read /var/lib/neutron/dhcp/eee26452-82a5-4bd5-bb48-d1b901ccba18/opts
Nov  3 03:51:02 gtw01 dnsmasq[21243]: read /var/lib/neutron/dhcp/eee26452-82a5-4bd5-bb48-d1b901ccba18/addn_hosts - 4 addresses
Nov  3 03:51:02 gtw01 dnsmasq-dhcp[21243]: read /var/lib/neutron/dhcp/eee26452-82a5-4bd5-bb48-d1b901ccba18/host
Nov  3 03:51:02 gtw01 dnsmasq-dhcp[21243]: read /var/lib/neutron/dhcp/eee26452-82a5-4bd5-bb48-d1b901ccba18/opts
Nov  3 03:51:03 gtw01 dnsmasq[21243]: read /var/lib/neutron/dhcp/eee26452-82a5-4bd5-bb48-d1b901ccba18/addn_hosts - 4 addresses
Nov  3 03:51:03 gtw01 dnsmasq-dhcp[21243]: read /var/lib/neutron/dhcp/eee26452-82a5-4bd5-bb48-d1b901ccba18/host
Nov  3 03:51:03 gtw01 dnsmasq-dhcp[21243]: read /var/lib/neutron/dhcp/eee26452-82a5-4bd5-bb48-d1b901ccba18/opts
Nov  3 03:51:04 gtw01 kernel: [ 5969.423263] device tap24bd229a-60 left promiscuous mode
Nov  3 03:51:04 gtw01 dnsmasq[21243]: read /var/lib/neutron/dhcp/eee26452-82a5-4bd5-bb48-d1b901ccba18/addn_hosts - 4 addresses
Nov  3 03:51:04 gtw01 dnsmasq-dhcp[21243]: read /var/lib/neutron/dhcp/eee26452-82a5-4bd5-bb48-d1b901ccba18/host
Nov  3 03:51:04 gtw01 dnsmasq-dhcp[21243]: read /var/lib/neutron/dhcp/eee26452-82a5-4bd5-bb48-d1b901ccba18/opts
Nov  3 03:51:05 gtw01 dnsmasq[21243]: read /var/lib/neutron/dhcp/eee26452-82a5-4bd5-bb48-d1b901ccba18/addn_hosts - 4 addresses
Nov  3 03:51:05 gtw01 dnsmasq-dhcp[21243]: read /var/lib/neutron/dhcp/eee26452-82a5-4bd5-bb48-d1b901ccba18/host
Nov  3 03:51:05 gtw01 dnsmasq-dhcp[21243]: read /var/lib/neutron/dhcp/eee26452-82a5-4bd5-bb48-d1b901ccba18/opts
Nov  3 03:51:06 gtw01 dnsmasq[21243]: read /var/lib/neutron/dhcp/eee26452-82a5-4bd5-bb48-d1b901ccba18/addn_hosts - 4 addresses
Nov  3 03:51:06 gtw01 dnsmasq-dhcp[21243]: read /var/lib/neutron/dhcp/eee26452-82a5-4bd5-bb48-d1b901ccba18/host
Nov  3 03:51:06 gtw01 dnsmasq-dhcp[21243]: read /var/lib/neutron/dhcp/eee26452-82a5-4bd5-bb48-d1b901ccba18/opts
Nov  3 03:51:07 gtw01 dnsmasq[21243]: read /var/lib/neutron/dhcp/eee26452-82a5-4bd5-bb48-d1b901ccba18/addn_hosts - 4 addresses
Nov  3 03:51:07 gtw01 dnsmasq-dhcp[21243]: read /var/lib/neutron/dhcp/eee26452-82a5-4bd5-bb48-d1b901ccba18/host
Nov  3 03:51:07 gtw01 dnsmasq-dhcp[21243]: read /var/lib/neutron/dhcp/eee26452-82a5-4bd5-bb48-d1b901ccba18/opts
Nov  3 03:51:08 gtw01 dnsmasq[21243]: read /var/lib/neutron/dhcp/eee26452-82a5-4bd5-bb48-d1b901ccba18/addn_hosts - 4 addresses
Nov  3 03:51:08 gtw01 dnsmasq-dhcp[21243]: read /var/lib/neutron/dhcp/eee26452-82a5-4bd5-bb48-d1b901ccba18/host
Nov  3 03:51:08 gtw01 dnsmasq-dhcp[21243]: read /var/lib/neutron/dhcp/eee26452-82a5-4bd5-bb48-d1b901ccba18/opts
Nov  3 03:51:09 gtw01 dnsmasq[21243]: read /var/lib/neutron/dhcp/eee26452-82a5-4bd5-bb48-d1b901ccba18/addn_hosts - 4 addresses
Nov  3 03:51:09 gtw01 dnsmasq-dhcp[21243]: read /var/lib/neutron/dhcp/eee26452-82a5-4bd5-bb48-d1b901ccba18/host
Nov  3 03:51:09 gtw01 dnsmasq-dhcp[21243]: read /var/lib/neutron/dhcp/eee26452-82a5-4bd5-bb48-d1b901ccba18/opts
Nov  3 03:51:10 gtw01 kernel: [ 5975.348538] device tap796b23ae-29 entered promiscuous mode
Nov  3 03:51:10 gtw01 systemd-udevd[21480]: Could not generate persistent MAC address for tap796b23ae-29: No such file or directory
Nov  3 03:51:10 gtw01 systemd-udevd[21480]: Process '/sbin/ip link set tap796b23ae-29 txqueuelen 10000' failed with exit code 1.
Nov  3 03:51:10 gtw01 systemd-udevd[21480]: Process '/sbin/ip link set tap796b23ae-29 txqueuelen 10000' failed with exit code 1.
Nov  3 03:51:11 gtw01 kernel: [ 5977.061892] device tape2947fa8-eb entered promiscuous mode
Nov  3 03:51:11 gtw01 systemd-udevd[21582]: Could not generate persistent MAC address for tape2947fa8-eb: No such file or directory
Nov  3 03:51:11 gtw01 systemd-udevd[21627]: Process '/sbin/ip link set tape2947fa8-eb txqueuelen 10000' failed with exit code 1.
Nov  3 03:51:13 gtw01 dnsmasq-dhcp[21243]: DHCPDISCOVER(tap651e3865-66) fa:16:3e:8a:a7:f9
Nov  3 03:51:13 gtw01 dnsmasq-dhcp[21243]: DHCPOFFER(tap651e3865-66) 192.168.120.5 fa:16:3e:8a:a7:f9
Nov  3 03:51:13 gtw01 dnsmasq-dhcp[21243]: DHCPREQUEST(tap651e3865-66) 192.168.120.5 fa:16:3e:8a:a7:f9
Nov  3 03:51:13 gtw01 dnsmasq-dhcp[21243]: DHCPACK(tap651e3865-66) 192.168.120.5 fa:16:3e:8a:a7:f9 host-192-168-120-5
Nov  3 03:51:13 gtw01 dnsmasq[21690]: started, version 2.80 cachesize 150
Nov  3 03:51:13 gtw01 dnsmasq[21690]: DNS service limited to local subnets
