Nov  3 05:18:18 gtw01 dnsmasq[26983]: read /var/lib/neutron/dhcp/5f24c8d6-a52f-4b01-9812-53c8f8b4c663/addn_hosts - 3 addresses
Nov  3 05:18:18 gtw01 dnsmasq-dhcp[26983]: read /var/lib/neutron/dhcp/5f24c8d6-a52f-4b01-9812-53c8f8b4c663/host
Nov  3 05:18:18 gtw01 dnsmasq-dhcp[26983]: read /var/lib/neutron/dhcp/5f24c8d6-a52f-4b01-9812-53c8f8b4c663/opts
Nov  3 05:18:19 gtw01 dnsmasq[27205]: read /var/lib/neutron/dhcp/dd7c7688-56c7-4151-8743-d6603b70ba3b/addn_hosts - 2 addresses
Nov  3 05:18:19 gtw01 dnsmasq-dhcp[27205]: read /var/lib/neutron/dhcp/dd7c7688-56c7-4151-8743-d6603b70ba3b/host
Nov  3 05:18:19 gtw01 dnsmasq-dhcp[27205]: read /var/lib/neutron/dhcp/dd7c7688-56c7-4151-8743-d6603b70ba3b/opts
Nov  3 05:18:20 gtw01 dnsmasq[26983]: read /var/lib/neutron/dhcp/5f24c8d6-a52f-4b01-9812-53c8f8b4c663/addn_hosts - 3 addresses
Nov  3 05:18:20 gtw01 dnsmasq-dhcp[26983]: read /var/lib/neutron/dhcp/5f24c8d6-a52f-4b01-9812-53c8f8b4c663/host
Nov  3 05:18:20 gtw01 dnsmasq-dhcp[26983]: read /var/lib/neutron/dhcp/5f24c8d6-a52f-4b01-9812-53c8f8b4c663/opts
Nov  3 05:18:21 gtw01 dnsmasq[27205]: read /var/lib/neutron/dhcp/dd7c7688-56c7-4151-8743-d6603b70ba3b/addn_hosts - 2 addresses
Nov  3 05:18:21 gtw01 dnsmasq-dhcp[27205]: read /var/lib/neutron/dhcp/dd7c7688-56c7-4151-8743-d6603b70ba3b/host
Nov  3 05:18:21 gtw01 dnsmasq-dhcp[27205]: read /var/lib/neutron/dhcp/dd7c7688-56c7-4151-8743-d6603b70ba3b/opts
Nov  3 05:18:21 gtw01 dnsmasq[27547]: started, version 2.80 cachesize 150
Nov  3 05:18:21 gtw01 dnsmasq[27547]: DNS service limited to local subnets
Nov  3 05:18:21 gtw01 dnsmasq[27547]: compile time options: IPv6 GNU-getopt DBus i18n IDN DHCP DHCPv6 no-Lua TFTP conntrack ipset auth DNSSEC loop-detect inotify dumpfile
Nov  3 05:18:21 gtw01 dnsmasq[27547]: warning: no upstream servers configured
Nov  3 05:18:21 gtw01 dnsmasq-dhcp[27547]: DHCP, static leases only on 11.11.11.0, lease time 1h
Nov  3 05:18:21 gtw01 dnsmasq[27547]: read /var/lib/neutron/dhcp/33f50575-c14a-4a81-a8f8-2bf9224ee824/addn_hosts - 1 addresses
Nov  3 05:18:21 gtw01 dnsmasq-dhcp[27547]: read /var/lib/neutron/dhcp/33f50575-c14a-4a81-a8f8-2bf9224ee824/host
Nov  3 05:18:21 gtw01 dnsmasq-dhcp[27547]: read /var/lib/neutron/dhcp/33f50575-c14a-4a81-a8f8-2bf9224ee824/opts
Nov  3 05:18:21 gtw01 haproxy-metadata-proxy-33f50575-c14a-4a81-a8f8-2bf9224ee824[27559]: Proxy listener started.
Nov  3 05:18:22 gtw01 dnsmasq[27205]: read /var/lib/neutron/dhcp/dd7c7688-56c7-4151-8743-d6603b70ba3b/addn_hosts - 2 addresses
Nov  3 05:18:22 gtw01 dnsmasq-dhcp[27205]: read /var/lib/neutron/dhcp/dd7c7688-56c7-4151-8743-d6603b70ba3b/host
Nov  3 05:18:22 gtw01 dnsmasq-dhcp[27205]: read /var/lib/neutron/dhcp/dd7c7688-56c7-4151-8743-d6603b70ba3b/opts
Nov  3 05:18:23 gtw01 dnsmasq[27600]: started, version 2.80 cachesize 150
Nov  3 05:18:23 gtw01 dnsmasq[27600]: DNS service limited to local subnets
Nov  3 05:18:23 gtw01 dnsmasq[27600]: compile time options: IPv6 GNU-getopt DBus i18n IDN DHCP DHCPv6 no-Lua TFTP conntrack ipset auth DNSSEC loop-detect inotify dumpfile
Nov  3 05:18:23 gtw01 dnsmasq[27600]: warning: no upstream servers configured
Nov  3 05:18:23 gtw01 dnsmasq-dhcp[27600]: DHCP, static leases only on 11.11.11.0, lease time 1h
Nov  3 05:18:23 gtw01 dnsmasq[27600]: read /var/lib/neutron/dhcp/88d3dc97-df29-4da2-8b71-69959be425ef/addn_hosts - 1 addresses
Nov  3 05:18:23 gtw01 dnsmasq-dhcp[27600]: read /var/lib/neutron/dhcp/88d3dc97-df29-4da2-8b71-69959be425ef/host
Nov  3 05:18:23 gtw01 dnsmasq-dhcp[27600]: read /var/lib/neutron/dhcp/88d3dc97-df29-4da2-8b71-69959be425ef/opts
Nov  3 05:18:23 gtw01 dnsmasq[27547]: read /var/lib/neutron/dhcp/33f50575-c14a-4a81-a8f8-2bf9224ee824/addn_hosts - 3 addresses
Nov  3 05:18:23 gtw01 dnsmasq-dhcp[27547]: read /var/lib/neutron/dhcp/33f50575-c14a-4a81-a8f8-2bf9224ee824/host
Nov  3 05:18:23 gtw01 dnsmasq-dhcp[27547]: read /var/lib/neutron/dhcp/33f50575-c14a-4a81-a8f8-2bf9224ee824/opts
Nov  3 05:18:23 gtw01 haproxy-metadata-proxy-88d3dc97-df29-4da2-8b71-69959be425ef[27609]: Proxy listener started.
Nov  3 05:18:23 gtw01 dnsmasq[27205]: read /var/lib/neutron/dhcp/dd7c7688-56c7-4151-8743-d6603b70ba3b/addn_hosts - 2 addresses
Nov  3 05:18:23 gtw01 dnsmasq-dhcp[27205]: read /var/lib/neutron/dhcp/dd7c7688-56c7-4151-8743-d6603b70ba3b/host
Nov  3 05:18:23 gtw01 dnsmasq-dhcp[27205]: read /var/lib/neutron/dhcp/dd7c7688-56c7-4151-8743-d6603b70ba3b/opts
Nov  3 05:18:24 gtw01 dnsmasq[27600]: read /var/lib/neutron/dhcp/88d3dc97-df29-4da2-8b71-69959be425ef/addn_hosts - 3 addresses
Nov  3 05:18:24 gtw01 dnsmasq-dhcp[27600]: read /var/lib/neutron/dhcp/88d3dc97-df29-4da2-8b71-69959be425ef/host
Nov  3 05:18:24 gtw01 dnsmasq-dhcp[27600]: read /var/lib/neutron/dhcp/88d3dc97-df29-4da2-8b71-69959be425ef/opts
Nov  3 05:18:24 gtw01 dnsmasq[27547]: read /var/lib/neutron/dhcp/33f50575-c14a-4a81-a8f8-2bf9224ee824/addn_hosts - 3 addresses
Nov  3 05:18:24 gtw01 dnsmasq-dhcp[27547]: read /var/lib/neutron/dhcp/33f50575-c14a-4a81-a8f8-2bf9224ee824/host
Nov  3 05:18:24 gtw01 dnsmasq-dhcp[27547]: read /var/lib/neutron/dhcp/33f50575-c14a-4a81-a8f8-2bf9224ee824/opts
Nov  3 05:18:25 gtw01 dnsmasq[27205]: read /var/lib/neutron/dhcp/dd7c7688-56c7-4151-8743-d6603b70ba3b/addn_hosts - 3 addresses
Nov  3 05:18:25 gtw01 dnsmasq-dhcp[27205]: read /var/lib/neutron/dhcp/dd7c7688-56c7-4151-8743-d6603b70ba3b/host
Nov  3 05:18:25 gtw01 dnsmasq-dhcp[27205]: read /var/lib/neutron/dhcp/dd7c7688-56c7-4151-8743-d6603b70ba3b/opts
Nov  3 05:18:25 gtw01 dnsmasq[27600]: read /var/lib/neutron/dhcp/88d3dc97-df29-4da2-8b71-69959be425ef/addn_hosts - 3 addresses
Nov  3 05:18:25 gtw01 dnsmasq-dhcp[27600]: read /var/lib/neutron/dhcp/88d3dc97-df29-4da2-8b71-69959be425ef/host
Nov  3 05:18:25 gtw01 dnsmasq-dhcp[27600]: read /var/lib/neutron/dhcp/88d3dc97-df29-4da2-8b71-69959be425ef/opts
Nov  3 05:18:26 gtw01 dnsmasq[27547]: read /var/lib/neutron/dhcp/33f50575-c14a-4a81-a8f8-2bf9224ee824/addn_hosts - 3 addresses
Nov  3 05:18:26 gtw01 dnsmasq-dhcp[27547]: read /var/lib/neutron/dhcp/33f50575-c14a-4a81-a8f8-2bf9224ee824/host
Nov  3 05:18:26 gtw01 dnsmasq-dhcp[27547]: read /var/lib/neutron/dhcp/33f50575-c14a-4a81-a8f8-2bf9224ee824/opts
Nov  3 05:18:26 gtw01 dnsmasq[27205]: read /var/lib/neutron/dhcp/dd7c7688-56c7-4151-8743-d6603b70ba3b/addn_hosts - 3 addresses
Nov  3 05:18:26 gtw01 dnsmasq-dhcp[27205]: read /var/lib/neutron/dhcp/dd7c7688-56c7-4151-8743-d6603b70ba3b/host
Nov  3 05:18:26 gtw01 dnsmasq-dhcp[27205]: read /var/lib/neutron/dhcp/dd7c7688-56c7-4151-8743-d6603b70ba3b/opts
Nov  3 05:18:27 gtw01 dnsmasq[27600]: read /var/lib/neutron/dhcp/88d3dc97-df29-4da2-8b71-69959be425ef/addn_hosts - 3 addresses
Nov  3 05:18:27 gtw01 dnsmasq-dhcp[27600]: read /var/lib/neutron/dhcp/88d3dc97-df29-4da2-8b71-69959be425ef/host
Nov  3 05:18:27 gtw01 dnsmasq-dhcp[27600]: read /var/lib/neutron/dhcp/88d3dc97-df29-4da2-8b71-69959be425ef/opts
Nov  3 05:18:27 gtw01 dnsmasq[27547]: read /var/lib/neutron/dhcp/33f50575-c14a-4a81-a8f8-2bf9224ee824/addn_hosts - 3 addresses
Nov  3 05:18:27 gtw01 dnsmasq-dhcp[27547]: read /var/lib/neutron/dhcp/33f50575-c14a-4a81-a8f8-2bf9224ee824/host
Nov  3 05:18:27 gtw01 dnsmasq-dhcp[27547]: read /var/lib/neutron/dhcp/33f50575-c14a-4a81-a8f8-2bf9224ee824/opts
Nov  3 05:18:28 gtw01 dnsmasq[27205]: read /var/lib/neutron/dhcp/dd7c7688-56c7-4151-8743-d6603b70ba3b/addn_hosts - 3 addresses
Nov  3 05:18:28 gtw01 dnsmasq-dhcp[27205]: read /var/lib/neutron/dhcp/dd7c7688-56c7-4151-8743-d6603b70ba3b/host
Nov  3 05:18:28 gtw01 dnsmasq-dhcp[27205]: read /var/lib/neutron/dhcp/dd7c7688-56c7-4151-8743-d6603b70ba3b/opts
Nov  3 05:18:28 gtw01 dnsmasq[27600]: read /var/lib/neutron/dhcp/88d3dc97-df29-4da2-8b71-69959be425ef/addn_hosts - 3 addresses
Nov  3 05:18:28 gtw01 dnsmasq-dhcp[27600]: read /var/lib/neutron/dhcp/88d3dc97-df29-4da2-8b71-69959be425ef/host
Nov  3 05:18:28 gtw01 dnsmasq-dhcp[27600]: read /var/lib/neutron/dhcp/88d3dc97-df29-4da2-8b71-69959be425ef/opts
Nov  3 05:18:29 gtw01 dnsmasq[27547]: read /var/lib/neutron/dhcp/33f50575-c14a-4a81-a8f8-2bf9224ee824/addn_hosts - 3 addresses
Nov  3 05:18:29 gtw01 dnsmasq-dhcp[27547]: read /var/lib/neutron/dhcp/33f50575-c14a-4a81-a8f8-2bf9224ee824/host
Nov  3 05:18:29 gtw01 dnsmasq-dhcp[27547]: read /var/lib/neutron/dhcp/33f50575-c14a-4a81-a8f8-2bf9224ee824/opts
Nov  3 05:18:29 gtw01 dnsmasq[26983]: read /var/lib/neutron/dhcp/5f24c8d6-a52f-4b01-9812-53c8f8b4c663/addn_hosts - 3 addresses
Nov  3 05:18:29 gtw01 dnsmasq-dhcp[26983]: read /var/lib/neutron/dhcp/5f24c8d6-a52f-4b01-9812-53c8f8b4c663/host
Nov  3 05:18:29 gtw01 dnsmasq-dhcp[26983]: read /var/lib/neutron/dhcp/5f24c8d6-a52f-4b01-9812-53c8f8b4c663/opts
Nov  3 05:18:30 gtw01 dnsmasq[27600]: read /var/lib/neutron/dhcp/88d3dc97-df29-4da2-8b71-69959be425ef/addn_hosts - 3 addresses
Nov  3 05:18:30 gtw01 dnsmasq-dhcp[27600]: read /var/lib/neutron/dhcp/88d3dc97-df29-4da2-8b71-69959be425ef/host
Nov  3 05:18:30 gtw01 dnsmasq-dhcp[27600]: read /var/lib/neutron/dhcp/88d3dc97-df29-4da2-8b71-69959be425ef/opts
Nov  3 05:18:30 gtw01 dnsmasq[27547]: read /var/lib/neutron/dhcp/33f50575-c14a-4a81-a8f8-2bf9224ee824/addn_hosts - 3 addresses
Nov  3 05:18:30 gtw01 dnsmasq-dhcp[27547]: read /var/lib/neutron/dhcp/33f50575-c14a-4a81-a8f8-2bf9224ee824/host
Nov  3 05:18:30 gtw01 dnsmasq-dhcp[27547]: read /var/lib/neutron/dhcp/33f50575-c14a-4a81-a8f8-2bf9224ee824/opts
Nov  3 05:18:31 gtw01 dnsmasq[26983]: read /var/lib/neutron/dhcp/5f24c8d6-a52f-4b01-9812-53c8f8b4c663/addn_hosts - 2 addresses
Nov  3 05:18:31 gtw01 dnsmasq-dhcp[26983]: read /var/lib/neutron/dhcp/5f24c8d6-a52f-4b01-9812-53c8f8b4c663/host
Nov  3 05:18:31 gtw01 dnsmasq-dhcp[26983]: read /var/lib/neutron/dhcp/5f24c8d6-a52f-4b01-9812-53c8f8b4c663/opts
Nov  3 05:18:31 gtw01 dnsmasq[27600]: read /var/lib/neutron/dhcp/88d3dc97-df29-4da2-8b71-69959be425ef/addn_hosts - 3 addresses
Nov  3 05:18:31 gtw01 dnsmasq-dhcp[27600]: read /var/lib/neutron/dhcp/88d3dc97-df29-4da2-8b71-69959be425ef/host
Nov  3 05:18:31 gtw01 dnsmasq-dhcp[27600]: read /var/lib/neutron/dhcp/88d3dc97-df29-4da2-8b71-69959be425ef/opts
Nov  3 05:18:32 gtw01 dnsmasq[27547]: read /var/lib/neutron/dhcp/33f50575-c14a-4a81-a8f8-2bf9224ee824/addn_hosts - 3 addresses
Nov  3 05:18:32 gtw01 dnsmasq-dhcp[27547]: read /var/lib/neutron/dhcp/33f50575-c14a-4a81-a8f8-2bf9224ee824/host
Nov  3 05:18:32 gtw01 dnsmasq-dhcp[27547]: read /var/lib/neutron/dhcp/33f50575-c14a-4a81-a8f8-2bf9224ee824/opts
Nov  3 05:18:32 gtw01 dnsmasq[26983]: read /var/lib/neutron/dhcp/5f24c8d6-a52f-4b01-9812-53c8f8b4c663/addn_hosts - 1 addresses
Nov  3 05:18:32 gtw01 dnsmasq-dhcp[26983]: read /var/lib/neutron/dhcp/5f24c8d6-a52f-4b01-9812-53c8f8b4c663/host
Nov  3 05:18:32 gtw01 dnsmasq-dhcp[26983]: read /var/lib/neutron/dhcp/5f24c8d6-a52f-4b01-9812-53c8f8b4c663/opts
Nov  3 05:18:32 gtw01 dnsmasq[27600]: read /var/lib/neutron/dhcp/88d3dc97-df29-4da2-8b71-69959be425ef/addn_hosts - 3 addresses
Nov  3 05:18:32 gtw01 dnsmasq-dhcp[27600]: read /var/lib/neutron/dhcp/88d3dc97-df29-4da2-8b71-69959be425ef/host
Nov  3 05:18:32 gtw01 dnsmasq-dhcp[27600]: read /var/lib/neutron/dhcp/88d3dc97-df29-4da2-8b71-69959be425ef/opts
Nov  3 05:18:33 gtw01 dnsmasq[27205]: read /var/lib/neutron/dhcp/dd7c7688-56c7-4151-8743-d6603b70ba3b/addn_hosts - 3 addresses
Nov  3 05:18:33 gtw01 dnsmasq-dhcp[27205]: read /var/lib/neutron/dhcp/dd7c7688-56c7-4151-8743-d6603b70ba3b/host
Nov  3 05:18:33 gtw01 dnsmasq-dhcp[27205]: read /var/lib/neutron/dhcp/dd7c7688-56c7-4151-8743-d6603b70ba3b/opts
Nov  3 05:18:33 gtw01 dnsmasq[27547]: read /var/lib/neutron/dhcp/33f50575-c14a-4a81-a8f8-2bf9224ee824/addn_hosts - 3 addresses
Nov  3 05:18:33 gtw01 dnsmasq-dhcp[27547]: read /var/lib/neutron/dhcp/33f50575-c14a-4a81-a8f8-2bf9224ee824/host
Nov  3 05:18:33 gtw01 dnsmasq-dhcp[27547]: read /var/lib/neutron/dhcp/33f50575-c14a-4a81-a8f8-2bf9224ee824/opts
Nov  3 05:18:34 gtw01 dnsmasq[27600]: read /var/lib/neutron/dhcp/88d3dc97-df29-4da2-8b71-69959be425ef/addn_hosts - 3 addresses
Nov  3 05:18:34 gtw01 dnsmasq-dhcp[27600]: read /var/lib/neutron/dhcp/88d3dc97-df29-4da2-8b71-69959be425ef/host
Nov  3 05:18:34 gtw01 dnsmasq-dhcp[27600]: read /var/lib/neutron/dhcp/88d3dc97-df29-4da2-8b71-69959be425ef/opts
Nov  3 05:18:34 gtw01 dnsmasq[27205]: read /var/lib/neutron/dhcp/dd7c7688-56c7-4151-8743-d6603b70ba3b/addn_hosts - 2 addresses
Nov  3 05:18:34 gtw01 dnsmasq-dhcp[27205]: read /var/lib/neutron/dhcp/dd7c7688-56c7-4151-8743-d6603b70ba3b/host
Nov  3 05:18:35 gtw01 dnsmasq-dhcp[27205]: read /var/lib/neutron/dhcp/dd7c7688-56c7-4151-8743-d6603b70ba3b/opts
Nov  3 05:18:35 gtw01 kernel: [11220.524185] device tap8637570e-60 left promiscuous mode
Nov  3 05:18:36 gtw01 dnsmasq[27205]: read /var/lib/neutron/dhcp/dd7c7688-56c7-4151-8743-d6603b70ba3b/addn_hosts - 1 addresses
Nov  3 05:18:36 gtw01 dnsmasq-dhcp[27205]: read /var/lib/neutron/dhcp/dd7c7688-56c7-4151-8743-d6603b70ba3b/host
Nov  3 05:18:36 gtw01 dnsmasq-dhcp[27205]: read /var/lib/neutron/dhcp/dd7c7688-56c7-4151-8743-d6603b70ba3b/opts
Nov  3 05:18:37 gtw01 dnsmasq[27600]: read /var/lib/neutron/dhcp/88d3dc97-df29-4da2-8b71-69959be425ef/addn_hosts - 3 addresses
Nov  3 05:18:37 gtw01 dnsmasq-dhcp[27600]: read /var/lib/neutron/dhcp/88d3dc97-df29-4da2-8b71-69959be425ef/host
Nov  3 05:18:37 gtw01 dnsmasq-dhcp[27600]: read /var/lib/neutron/dhcp/88d3dc97-df29-4da2-8b71-69959be425ef/opts
Nov  3 05:18:38 gtw01 dnsmasq[27600]: read /var/lib/neutron/dhcp/88d3dc97-df29-4da2-8b71-69959be425ef/addn_hosts - 2 addresses
Nov  3 05:18:38 gtw01 dnsmasq-dhcp[27600]: read /var/lib/neutron/dhcp/88d3dc97-df29-4da2-8b71-69959be425ef/host
Nov  3 05:18:38 gtw01 dnsmasq-dhcp[27600]: read /var/lib/neutron/dhcp/88d3dc97-df29-4da2-8b71-69959be425ef/opts
Nov  3 05:18:39 gtw01 dnsmasq[27547]: read /var/lib/neutron/dhcp/33f50575-c14a-4a81-a8f8-2bf9224ee824/addn_hosts - 2 addresses
Nov  3 05:18:39 gtw01 dnsmasq-dhcp[27547]: read /var/lib/neutron/dhcp/33f50575-c14a-4a81-a8f8-2bf9224ee824/host
Nov  3 05:18:39 gtw01 dnsmasq-dhcp[27547]: read /var/lib/neutron/dhcp/33f50575-c14a-4a81-a8f8-2bf9224ee824/opts
Nov  3 05:18:40 gtw01 dnsmasq[27600]: read /var/lib/neutron/dhcp/88d3dc97-df29-4da2-8b71-69959be425ef/addn_hosts - 1 addresses
Nov  3 05:18:40 gtw01 dnsmasq-dhcp[27600]: read /var/lib/neutron/dhcp/88d3dc97-df29-4da2-8b71-69959be425ef/host
Nov  3 05:18:40 gtw01 dnsmasq-dhcp[27600]: read /var/lib/neutron/dhcp/88d3dc97-df29-4da2-8b71-69959be425ef/opts
Nov  3 05:18:40 gtw01 dnsmasq[27547]: read /var/lib/neutron/dhcp/33f50575-c14a-4a81-a8f8-2bf9224ee824/addn_hosts - 2 addresses
Nov  3 05:18:40 gtw01 dnsmasq-dhcp[27547]: read /var/lib/neutron/dhcp/33f50575-c14a-4a81-a8f8-2bf9224ee824/host
Nov  3 05:18:40 gtw01 dnsmasq-dhcp[27547]: read /var/lib/neutron/dhcp/33f50575-c14a-4a81-a8f8-2bf9224ee824/opts
Nov  3 05:18:44 gtw01 kernel: [11229.680644] device tapfdbb3dce-7c left promiscuous mode
Nov  3 05:18:44 gtw01 dnsmasq[27547]: read /var/lib/neutron/dhcp/33f50575-c14a-4a81-a8f8-2bf9224ee824/addn_hosts - 1 addresses
Nov  3 05:18:44 gtw01 dnsmasq-dhcp[27547]: read /var/lib/neutron/dhcp/33f50575-c14a-4a81-a8f8-2bf9224ee824/host
Nov  3 05:18:44 gtw01 dnsmasq-dhcp[27547]: read /var/lib/neutron/dhcp/33f50575-c14a-4a81-a8f8-2bf9224ee824/opts
Nov  3 05:18:44 gtw01 kernel: [11230.041879] device tap4a0aa0a6-63 left promiscuous mode
Nov  3 05:18:50 gtw01 kernel: [11235.415534] device tap070b5861-06 left promiscuous mode
Nov  3 05:18:50 gtw01 kernel: [11235.464670] device tapcd578279-cf entered promiscuous mode
Nov  3 05:18:50 gtw01 systemd-udevd[28169]: Could not generate persistent MAC address for tapcd578279-cf: No such file or directory
Nov  3 05:18:50 gtw01 systemd-udevd[28169]: Process '/sbin/ip link set tapcd578279-cf txqueuelen 10000' failed with exit code 1.
Nov  3 05:18:50 gtw01 systemd-udevd[28169]: Process '/sbin/ip link set tapcd578279-cf txqueuelen 10000' failed with exit code 1.
Nov  3 05:18:53 gtw01 dnsmasq[28281]: started, version 2.80 cachesize 150
Nov  3 05:18:53 gtw01 dnsmasq[28281]: DNS service limited to local subnets
Nov  3 05:18:53 gtw01 dnsmasq[28281]: compile time options: IPv6 GNU-getopt DBus i18n IDN DHCP DHCPv6 no-Lua TFTP conntrack ipset auth DNSSEC loop-detect inotify dumpfile
Nov  3 05:18:53 gtw01 dnsmasq[28281]: warning: no upstream servers configured
Nov  3 05:18:53 gtw01 dnsmasq-dhcp[28281]: DHCP, static leases only on 11.11.11.0, lease time 1h
Nov  3 05:18:53 gtw01 dnsmasq[28281]: read /var/lib/neutron/dhcp/0abe60bf-213a-40b1-8257-b46e7701efa0/addn_hosts - 1 addresses
Nov  3 05:18:53 gtw01 dnsmasq-dhcp[28281]: read /var/lib/neutron/dhcp/0abe60bf-213a-40b1-8257-b46e7701efa0/host
Nov  3 05:18:53 gtw01 dnsmasq-dhcp[28281]: read /var/lib/neutron/dhcp/0abe60bf-213a-40b1-8257-b46e7701efa0/opts
Nov  3 05:18:53 gtw01 haproxy-metadata-proxy-0abe60bf-213a-40b1-8257-b46e7701efa0[28285]: Proxy listener started.
Nov  3 05:18:54 gtw01 dnsmasq[28281]: read /var/lib/neutron/dhcp/0abe60bf-213a-40b1-8257-b46e7701efa0/addn_hosts - 3 addresses
Nov  3 05:18:54 gtw01 dnsmasq-dhcp[28281]: read /var/lib/neutron/dhcp/0abe60bf-213a-40b1-8257-b46e7701efa0/host
Nov  3 05:18:54 gtw01 dnsmasq-dhcp[28281]: read /var/lib/neutron/dhcp/0abe60bf-213a-40b1-8257-b46e7701efa0/opts
Nov  3 05:18:55 gtw01 dnsmasq[28281]: read /var/lib/neutron/dhcp/0abe60bf-213a-40b1-8257-b46e7701efa0/addn_hosts - 3 addresses
Nov  3 05:18:55 gtw01 dnsmasq-dhcp[28281]: read /var/lib/neutron/dhcp/0abe60bf-213a-40b1-8257-b46e7701efa0/host
Nov  3 05:18:55 gtw01 dnsmasq-dhcp[28281]: read /var/lib/neutron/dhcp/0abe60bf-213a-40b1-8257-b46e7701efa0/opts
Nov  3 05:18:56 gtw01 kernel: [11241.781131] device tap2fe22312-43 entered promiscuous mode
Nov  3 05:18:56 gtw01 systemd-udevd[28342]: Could not generate persistent MAC address for tap2fe22312-43: No such file or directory
Nov  3 05:18:56 gtw01 dnsmasq[28281]: read /var/lib/neutron/dhcp/0abe60bf-213a-40b1-8257-b46e7701efa0/addn_hosts - 3 addresses
Nov  3 05:18:56 gtw01 dnsmasq-dhcp[28281]: read /var/lib/neutron/dhcp/0abe60bf-213a-40b1-8257-b46e7701efa0/host
Nov  3 05:18:56 gtw01 dnsmasq-dhcp[28281]: read /var/lib/neutron/dhcp/0abe60bf-213a-40b1-8257-b46e7701efa0/opts
Nov  3 05:18:57 gtw01 dnsmasq[28281]: read /var/lib/neutron/dhcp/0abe60bf-213a-40b1-8257-b46e7701efa0/addn_hosts - 3 addresses
Nov  3 05:18:57 gtw01 dnsmasq-dhcp[28281]: read /var/lib/neutron/dhcp/0abe60bf-213a-40b1-8257-b46e7701efa0/host
Nov  3 05:18:57 gtw01 dnsmasq-dhcp[28281]: read /var/lib/neutron/dhcp/0abe60bf-213a-40b1-8257-b46e7701efa0/opts
Nov  3 05:18:58 gtw01 systemd-udevd[28418]: Process '/sbin/ip link set tap2fe22312-43 txqueuelen 10000' failed with exit code 1.
Nov  3 05:18:59 gtw01 dnsmasq[28281]: read /var/lib/neutron/dhcp/0abe60bf-213a-40b1-8257-b46e7701efa0/addn_hosts - 3 addresses
Nov  3 05:18:59 gtw01 dnsmasq-dhcp[28281]: read /var/lib/neutron/dhcp/0abe60bf-213a-40b1-8257-b46e7701efa0/host
Nov  3 05:18:59 gtw01 dnsmasq-dhcp[28281]: read /var/lib/neutron/dhcp/0abe60bf-213a-40b1-8257-b46e7701efa0/opts
Nov  3 05:18:59 gtw01 dnsmasq[28281]: read /var/lib/neutron/dhcp/0abe60bf-213a-40b1-8257-b46e7701efa0/addn_hosts - 3 addresses
Nov  3 05:18:59 gtw01 dnsmasq-dhcp[28281]: read /var/lib/neutron/dhcp/0abe60bf-213a-40b1-8257-b46e7701efa0/host
Nov  3 05:18:59 gtw01 dnsmasq-dhcp[28281]: read /var/lib/neutron/dhcp/0abe60bf-213a-40b1-8257-b46e7701efa0/opts
Nov  3 05:19:01 gtw01 dnsmasq[28281]: read /var/lib/neutron/dhcp/0abe60bf-213a-40b1-8257-b46e7701efa0/addn_hosts - 3 addresses
Nov  3 05:19:01 gtw01 dnsmasq-dhcp[28281]: read /var/lib/neutron/dhcp/0abe60bf-213a-40b1-8257-b46e7701efa0/host
Nov  3 05:19:01 gtw01 dnsmasq-dhcp[28281]: read /var/lib/neutron/dhcp/0abe60bf-213a-40b1-8257-b46e7701efa0/opts
Nov  3 05:19:01 gtw01 dnsmasq[28536]: started, version 2.80 cachesize 150
Nov  3 05:19:01 gtw01 dnsmasq[28536]: DNS service limited to local subnets
Nov  3 05:19:01 gtw01 dnsmasq[28536]: compile time options: IPv6 GNU-getopt DBus i18n IDN DHCP DHCPv6 no-Lua TFTP conntrack ipset auth DNSSEC loop-detect inotify dumpfile
Nov  3 05:19:01 gtw01 dnsmasq[28536]: warning: no upstream servers configured
Nov  3 05:19:01 gtw01 dnsmasq-dhcp[28536]: DHCP, static leases only on 11.11.11.0, lease time 1h
Nov  3 05:19:01 gtw01 dnsmasq[28536]: read /var/lib/neutron/dhcp/67988245-e55f-4567-9386-83971319bce4/addn_hosts - 1 addresses
Nov  3 05:19:01 gtw01 dnsmasq-dhcp[28536]: read /var/lib/neutron/dhcp/67988245-e55f-4567-9386-83971319bce4/host
Nov  3 05:19:01 gtw01 dnsmasq-dhcp[28536]: read /var/lib/neutron/dhcp/67988245-e55f-4567-9386-83971319bce4/opts
Nov  3 05:19:02 gtw01 dnsmasq[28281]: read /var/lib/neutron/dhcp/0abe60bf-213a-40b1-8257-b46e7701efa0/addn_hosts - 3 addresses
Nov  3 05:19:02 gtw01 dnsmasq-dhcp[28281]: read /var/lib/neutron/dhcp/0abe60bf-213a-40b1-8257-b46e7701efa0/host
Nov  3 05:19:02 gtw01 dnsmasq-dhcp[28281]: read /var/lib/neutron/dhcp/0abe60bf-213a-40b1-8257-b46e7701efa0/opts
Nov  3 05:19:02 gtw01 haproxy-metadata-proxy-67988245-e55f-4567-9386-83971319bce4[28544]: Proxy listener started.
Nov  3 05:19:03 gtw01 dnsmasq[28536]: read /var/lib/neutron/dhcp/67988245-e55f-4567-9386-83971319bce4/addn_hosts - 3 addresses
Nov  3 05:19:03 gtw01 dnsmasq-dhcp[28536]: read /var/lib/neutron/dhcp/67988245-e55f-4567-9386-83971319bce4/host
Nov  3 05:19:03 gtw01 dnsmasq-dhcp[28536]: read /var/lib/neutron/dhcp/67988245-e55f-4567-9386-83971319bce4/opts
Nov  3 05:19:03 gtw01 dnsmasq[28281]: read /var/lib/neutron/dhcp/0abe60bf-213a-40b1-8257-b46e7701efa0/addn_hosts - 2 addresses
Nov  3 05:19:03 gtw01 dnsmasq-dhcp[28281]: read /var/lib/neutron/dhcp/0abe60bf-213a-40b1-8257-b46e7701efa0/host
Nov  3 05:19:03 gtw01 dnsmasq-dhcp[28281]: read /var/lib/neutron/dhcp/0abe60bf-213a-40b1-8257-b46e7701efa0/opts
Nov  3 05:19:04 gtw01 dnsmasq[28536]: read /var/lib/neutron/dhcp/67988245-e55f-4567-9386-83971319bce4/addn_hosts - 3 addresses
Nov  3 05:19:04 gtw01 dnsmasq-dhcp[28536]: read /var/lib/neutron/dhcp/67988245-e55f-4567-9386-83971319bce4/host
Nov  3 05:19:04 gtw01 dnsmasq-dhcp[28536]: read /var/lib/neutron/dhcp/67988245-e55f-4567-9386-83971319bce4/opts
Nov  3 05:19:04 gtw01 dnsmasq[28281]: read /var/lib/neutron/dhcp/0abe60bf-213a-40b1-8257-b46e7701efa0/addn_hosts - 2 addresses
Nov  3 05:19:04 gtw01 dnsmasq-dhcp[28281]: read /var/lib/neutron/dhcp/0abe60bf-213a-40b1-8257-b46e7701efa0/host
Nov  3 05:19:04 gtw01 dnsmasq-dhcp[28281]: read /var/lib/neutron/dhcp/0abe60bf-213a-40b1-8257-b46e7701efa0/opts
Nov  3 05:19:05 gtw01 dnsmasq[28536]: read /var/lib/neutron/dhcp/67988245-e55f-4567-9386-83971319bce4/addn_hosts - 3 addresses
Nov  3 05:19:05 gtw01 dnsmasq-dhcp[28536]: read /var/lib/neutron/dhcp/67988245-e55f-4567-9386-83971319bce4/host
Nov  3 05:19:05 gtw01 dnsmasq-dhcp[28536]: read /var/lib/neutron/dhcp/67988245-e55f-4567-9386-83971319bce4/opts
Nov  3 05:19:06 gtw01 dnsmasq[28536]: read /var/lib/neutron/dhcp/67988245-e55f-4567-9386-83971319bce4/addn_hosts - 3 addresses
Nov  3 05:19:06 gtw01 dnsmasq-dhcp[28536]: read /var/lib/neutron/dhcp/67988245-e55f-4567-9386-83971319bce4/host
Nov  3 05:19:06 gtw01 dnsmasq-dhcp[28536]: read /var/lib/neutron/dhcp/67988245-e55f-4567-9386-83971319bce4/opts
Nov  3 05:19:06 gtw01 dnsmasq[28281]: read /var/lib/neutron/dhcp/0abe60bf-213a-40b1-8257-b46e7701efa0/addn_hosts - 1 addresses
Nov  3 05:19:06 gtw01 dnsmasq-dhcp[28281]: read /var/lib/neutron/dhcp/0abe60bf-213a-40b1-8257-b46e7701efa0/host
Nov  3 05:19:06 gtw01 dnsmasq-dhcp[28281]: read /var/lib/neutron/dhcp/0abe60bf-213a-40b1-8257-b46e7701efa0/opts
Nov  3 05:19:07 gtw01 dnsmasq[28536]: read /var/lib/neutron/dhcp/67988245-e55f-4567-9386-83971319bce4/addn_hosts - 3 addresses
Nov  3 05:19:07 gtw01 dnsmasq-dhcp[28536]: read /var/lib/neutron/dhcp/67988245-e55f-4567-9386-83971319bce4/host
Nov  3 05:19:07 gtw01 dnsmasq-dhcp[28536]: read /var/lib/neutron/dhcp/67988245-e55f-4567-9386-83971319bce4/opts
Nov  3 05:19:08 gtw01 dnsmasq[28536]: read /var/lib/neutron/dhcp/67988245-e55f-4567-9386-83971319bce4/addn_hosts - 3 addresses
Nov  3 05:19:08 gtw01 dnsmasq-dhcp[28536]: read /var/lib/neutron/dhcp/67988245-e55f-4567-9386-83971319bce4/host
Nov  3 05:19:08 gtw01 dnsmasq-dhcp[28536]: read /var/lib/neutron/dhcp/67988245-e55f-4567-9386-83971319bce4/opts
Nov  3 05:19:08 gtw01 kernel: [11253.629021] device tapcd578279-cf left promiscuous mode
Nov  3 05:19:09 gtw01 dnsmasq[28536]: read /var/lib/neutron/dhcp/67988245-e55f-4567-9386-83971319bce4/addn_hosts - 3 addresses
Nov  3 05:19:09 gtw01 dnsmasq-dhcp[28536]: read /var/lib/neutron/dhcp/67988245-e55f-4567-9386-83971319bce4/host
Nov  3 05:19:09 gtw01 dnsmasq-dhcp[28536]: read /var/lib/neutron/dhcp/67988245-e55f-4567-9386-83971319bce4/opts
Nov  3 05:19:10 gtw01 dnsmasq[28536]: read /var/lib/neutron/dhcp/67988245-e55f-4567-9386-83971319bce4/addn_hosts - 3 addresses
Nov  3 05:19:10 gtw01 dnsmasq-dhcp[28536]: read /var/lib/neutron/dhcp/67988245-e55f-4567-9386-83971319bce4/host
Nov  3 05:19:10 gtw01 dnsmasq-dhcp[28536]: read /var/lib/neutron/dhcp/67988245-e55f-4567-9386-83971319bce4/opts
Nov  3 05:19:11 gtw01 dnsmasq[28536]: read /var/lib/neutron/dhcp/67988245-e55f-4567-9386-83971319bce4/addn_hosts - 3 addresses
Nov  3 05:19:11 gtw01 dnsmasq-dhcp[28536]: read /var/lib/neutron/dhcp/67988245-e55f-4567-9386-83971319bce4/host
Nov  3 05:19:11 gtw01 dnsmasq-dhcp[28536]: read /var/lib/neutron/dhcp/67988245-e55f-4567-9386-83971319bce4/opts
Nov  3 05:19:12 gtw01 dnsmasq[28536]: read /var/lib/neutron/dhcp/67988245-e55f-4567-9386-83971319bce4/addn_hosts - 2 addresses
Nov  3 05:19:12 gtw01 dnsmasq-dhcp[28536]: read /var/lib/neutron/dhcp/67988245-e55f-4567-9386-83971319bce4/host
Nov  3 05:19:12 gtw01 dnsmasq-dhcp[28536]: read /var/lib/neutron/dhcp/67988245-e55f-4567-9386-83971319bce4/opts
Nov  3 05:19:13 gtw01 dnsmasq[28536]: read /var/lib/neutron/dhcp/67988245-e55f-4567-9386-83971319bce4/addn_hosts - 1 addresses
Nov  3 05:19:13 gtw01 dnsmasq-dhcp[28536]: read /var/lib/neutron/dhcp/67988245-e55f-4567-9386-83971319bce4/host
Nov  3 05:19:13 gtw01 dnsmasq-dhcp[28536]: read /var/lib/neutron/dhcp/67988245-e55f-4567-9386-83971319bce4/opts
Nov  3 05:19:15 gtw01 kernel: [11260.313103] device tap2fe22312-43 left promiscuous mode
Nov  3 05:19:49 gtw01 dnsmasq[23154]: read /var/lib/neutron/dhcp/db8c2e27-dd25-4b29-845e-898d852fe2b7/addn_hosts - 3 addresses
Nov  3 05:19:49 gtw01 dnsmasq-dhcp[23154]: read /var/lib/neutron/dhcp/db8c2e27-dd25-4b29-845e-898d852fe2b7/host
Nov  3 05:19:49 gtw01 dnsmasq-dhcp[23154]: read /var/lib/neutron/dhcp/db8c2e27-dd25-4b29-845e-898d852fe2b7/opts
Nov  3 05:19:50 gtw01 dnsmasq[23154]: read /var/lib/neutron/dhcp/db8c2e27-dd25-4b29-845e-898d852fe2b7/addn_hosts - 4 addresses
Nov  3 05:19:50 gtw01 dnsmasq-dhcp[23154]: read /var/lib/neutron/dhcp/db8c2e27-dd25-4b29-845e-898d852fe2b7/host
Nov  3 05:19:50 gtw01 dnsmasq-dhcp[23154]: read /var/lib/neutron/dhcp/db8c2e27-dd25-4b29-845e-898d852fe2b7/opts
Nov  3 05:19:51 gtw01 dnsmasq[23154]: read /var/lib/neutron/dhcp/db8c2e27-dd25-4b29-845e-898d852fe2b7/addn_hosts - 5 addresses
Nov  3 05:19:51 gtw01 dnsmasq-dhcp[23154]: read /var/lib/neutron/dhcp/db8c2e27-dd25-4b29-845e-898d852fe2b7/host
Nov  3 05:19:51 gtw01 dnsmasq-dhcp[23154]: read /var/lib/neutron/dhcp/db8c2e27-dd25-4b29-845e-898d852fe2b7/opts
Nov  3 05:19:52 gtw01 dnsmasq[23154]: read /var/lib/neutron/dhcp/db8c2e27-dd25-4b29-845e-898d852fe2b7/addn_hosts - 5 addresses
Nov  3 05:19:52 gtw01 dnsmasq-dhcp[23154]: read /var/lib/neutron/dhcp/db8c2e27-dd25-4b29-845e-898d852fe2b7/host
Nov  3 05:19:52 gtw01 dnsmasq-dhcp[23154]: read /var/lib/neutron/dhcp/db8c2e27-dd25-4b29-845e-898d852fe2b7/opts
Nov  3 05:19:53 gtw01 dnsmasq[23154]: read /var/lib/neutron/dhcp/db8c2e27-dd25-4b29-845e-898d852fe2b7/addn_hosts - 6 addresses
Nov  3 05:19:53 gtw01 dnsmasq-dhcp[23154]: read /var/lib/neutron/dhcp/db8c2e27-dd25-4b29-845e-898d852fe2b7/host
Nov  3 05:19:53 gtw01 dnsmasq-dhcp[23154]: read /var/lib/neutron/dhcp/db8c2e27-dd25-4b29-845e-898d852fe2b7/opts
Nov  3 05:19:54 gtw01 dnsmasq[23154]: read /var/lib/neutron/dhcp/db8c2e27-dd25-4b29-845e-898d852fe2b7/addn_hosts - 6 addresses
Nov  3 05:19:54 gtw01 dnsmasq-dhcp[23154]: read /var/lib/neutron/dhcp/db8c2e27-dd25-4b29-845e-898d852fe2b7/host
Nov  3 05:19:54 gtw01 dnsmasq-dhcp[23154]: read /var/lib/neutron/dhcp/db8c2e27-dd25-4b29-845e-898d852fe2b7/opts
Nov  3 05:19:55 gtw01 dnsmasq[23154]: read /var/lib/neutron/dhcp/db8c2e27-dd25-4b29-845e-898d852fe2b7/addn_hosts - 6 addresses
Nov  3 05:19:55 gtw01 dnsmasq-dhcp[23154]: read /var/lib/neutron/dhcp/db8c2e27-dd25-4b29-845e-898d852fe2b7/host
Nov  3 05:19:55 gtw01 dnsmasq-dhcp[23154]: read /var/lib/neutron/dhcp/db8c2e27-dd25-4b29-845e-898d852fe2b7/opts
Nov  3 05:19:56 gtw01 dnsmasq[23154]: read /var/lib/neutron/dhcp/db8c2e27-dd25-4b29-845e-898d852fe2b7/addn_hosts - 6 addresses
Nov  3 05:19:56 gtw01 dnsmasq-dhcp[23154]: read /var/lib/neutron/dhcp/db8c2e27-dd25-4b29-845e-898d852fe2b7/host
Nov  3 05:19:56 gtw01 dnsmasq-dhcp[23154]: read /var/lib/neutron/dhcp/db8c2e27-dd25-4b29-845e-898d852fe2b7/opts
Nov  3 05:19:57 gtw01 dnsmasq[23154]: read /var/lib/neutron/dhcp/db8c2e27-dd25-4b29-845e-898d852fe2b7/addn_hosts - 6 addresses
Nov  3 05:19:57 gtw01 dnsmasq-dhcp[23154]: read /var/lib/neutron/dhcp/db8c2e27-dd25-4b29-845e-898d852fe2b7/host
Nov  3 05:19:57 gtw01 dnsmasq-dhcp[23154]: read /var/lib/neutron/dhcp/db8c2e27-dd25-4b29-845e-898d852fe2b7/opts
Nov  3 05:19:58 gtw01 dnsmasq[23154]: read /var/lib/neutron/dhcp/db8c2e27-dd25-4b29-845e-898d852fe2b7/addn_hosts - 6 addresses
Nov  3 05:19:58 gtw01 dnsmasq-dhcp[23154]: read /var/lib/neutron/dhcp/db8c2e27-dd25-4b29-845e-898d852fe2b7/host
Nov  3 05:19:58 gtw01 dnsmasq-dhcp[23154]: read /var/lib/neutron/dhcp/db8c2e27-dd25-4b29-845e-898d852fe2b7/opts
Nov  3 05:19:59 gtw01 dnsmasq[23154]: read /var/lib/neutron/dhcp/db8c2e27-dd25-4b29-845e-898d852fe2b7/addn_hosts - 6 addresses
Nov  3 05:19:59 gtw01 dnsmasq-dhcp[23154]: read /var/lib/neutron/dhcp/db8c2e27-dd25-4b29-845e-898d852fe2b7/host
Nov  3 05:19:59 gtw01 dnsmasq-dhcp[23154]: read /var/lib/neutron/dhcp/db8c2e27-dd25-4b29-845e-898d852fe2b7/opts
Nov  3 05:20:00 gtw01 dnsmasq[23154]: read /var/lib/neutron/dhcp/db8c2e27-dd25-4b29-845e-898d852fe2b7/addn_hosts - 6 addresses
Nov  3 05:20:00 gtw01 dnsmasq-dhcp[23154]: read /var/lib/neutron/dhcp/db8c2e27-dd25-4b29-845e-898d852fe2b7/host
Nov  3 05:20:00 gtw01 dnsmasq-dhcp[23154]: read /var/lib/neutron/dhcp/db8c2e27-dd25-4b29-845e-898d852fe2b7/opts
Nov  3 05:20:06 gtw01 dnsmasq-dhcp[23154]: DHCPDISCOVER(tapee7fff71-ab) fa:16:3e:43:3d:d2
Nov  3 05:20:06 gtw01 dnsmasq-dhcp[23154]: DHCPOFFER(tapee7fff71-ab) 192.168.120.3 fa:16:3e:43:3d:d2
Nov  3 05:20:06 gtw01 dnsmasq-dhcp[23154]: DHCPREQUEST(tapee7fff71-ab) 192.168.120.3 fa:16:3e:43:3d:d2
Nov  3 05:20:06 gtw01 dnsmasq-dhcp[23154]: DHCPACK(tapee7fff71-ab) 192.168.120.3 fa:16:3e:43:3d:d2 host-192-168-120-3
Nov  3 05:20:06 gtw01 dnsmasq-dhcp[23154]: DHCPDISCOVER(tapee7fff71-ab) fa:16:3e:dc:42:10
Nov  3 05:20:06 gtw01 dnsmasq-dhcp[23154]: DHCPOFFER(tapee7fff71-ab) 192.168.120.5 fa:16:3e:dc:42:10
Nov  3 05:20:06 gtw01 dnsmasq-dhcp[23154]: DHCPREQUEST(tapee7fff71-ab) 192.168.120.5 fa:16:3e:dc:42:10
Nov  3 05:20:06 gtw01 dnsmasq-dhcp[23154]: DHCPACK(tapee7fff71-ab) 192.168.120.5 fa:16:3e:dc:42:10 host-192-168-120-5
Nov  3 05:20:08 gtw01 dnsmasq-dhcp[23154]: DHCPDISCOVER(tapee7fff71-ab) fa:16:3e:b1:a0:ea
Nov  3 05:20:08 gtw01 dnsmasq-dhcp[23154]: DHCPOFFER(tapee7fff71-ab) 192.168.120.8 fa:16:3e:b1:a0:ea
Nov  3 05:20:08 gtw01 dnsmasq-dhcp[23154]: DHCPREQUEST(tapee7fff71-ab) 192.168.120.8 fa:16:3e:b1:a0:ea
Nov  3 05:20:08 gtw01 dnsmasq-dhcp[23154]: DHCPACK(tapee7fff71-ab) 192.168.120.8 fa:16:3e:b1:a0:ea host-192-168-120-8
Nov  3 05:20:11 gtw01 dnsmasq-dhcp[23154]: DHCPRELEASE(tapee7fff71-ab) 192.168.120.3 fa:16:3e:43:3d:d2
Nov  3 05:20:11 gtw01 dnsmasq-dhcp[23154]: DHCPRELEASE(tapee7fff71-ab) 192.168.120.3 fa:16:3e:43:3d:d2 unknown lease
Nov  3 05:20:12 gtw01 dnsmasq-dhcp[23154]: DHCPDISCOVER(tapee7fff71-ab) fa:16:3e:d5:c8:4f
Nov  3 05:20:12 gtw01 dnsmasq-dhcp[23154]: DHCPOFFER(tapee7fff71-ab) 192.168.120.15 fa:16:3e:d5:c8:4f
Nov  3 05:20:12 gtw01 dnsmasq-dhcp[23154]: DHCPREQUEST(tapee7fff71-ab) 192.168.120.15 fa:16:3e:d5:c8:4f
Nov  3 05:20:12 gtw01 dnsmasq-dhcp[23154]: DHCPACK(tapee7fff71-ab) 192.168.120.15 fa:16:3e:d5:c8:4f host-192-168-120-15
Nov  3 05:20:12 gtw01 dnsmasq[23154]: read /var/lib/neutron/dhcp/db8c2e27-dd25-4b29-845e-898d852fe2b7/addn_hosts - 5 addresses
Nov  3 05:20:12 gtw01 dnsmasq-dhcp[23154]: read /var/lib/neutron/dhcp/db8c2e27-dd25-4b29-845e-898d852fe2b7/host
Nov  3 05:20:12 gtw01 dnsmasq-dhcp[23154]: read /var/lib/neutron/dhcp/db8c2e27-dd25-4b29-845e-898d852fe2b7/opts
Nov  3 05:20:13 gtw01 dnsmasq-dhcp[23154]: DHCPRELEASE(tapee7fff71-ab) 192.168.120.5 fa:16:3e:dc:42:10
Nov  3 05:20:13 gtw01 dnsmasq-dhcp[23154]: DHCPRELEASE(tapee7fff71-ab) 192.168.120.5 fa:16:3e:dc:42:10 unknown lease
Nov  3 05:20:14 gtw01 dnsmasq[23154]: read /var/lib/neutron/dhcp/db8c2e27-dd25-4b29-845e-898d852fe2b7/addn_hosts - 4 addresses
Nov  3 05:20:14 gtw01 dnsmasq-dhcp[23154]: read /var/lib/neutron/dhcp/db8c2e27-dd25-4b29-845e-898d852fe2b7/host
Nov  3 05:20:14 gtw01 dnsmasq-dhcp[23154]: read /var/lib/neutron/dhcp/db8c2e27-dd25-4b29-845e-898d852fe2b7/opts
Nov  3 05:20:14 gtw01 dnsmasq-dhcp[23154]: DHCPRELEASE(tapee7fff71-ab) 192.168.120.8 fa:16:3e:b1:a0:ea
Nov  3 05:20:15 gtw01 dnsmasq-dhcp[23154]: DHCPRELEASE(tapee7fff71-ab) 192.168.120.8 fa:16:3e:b1:a0:ea unknown lease
Nov  3 05:20:15 gtw01 dnsmasq[23154]: read /var/lib/neutron/dhcp/db8c2e27-dd25-4b29-845e-898d852fe2b7/addn_hosts - 3 addresses
Nov  3 05:20:15 gtw01 dnsmasq-dhcp[23154]: read /var/lib/neutron/dhcp/db8c2e27-dd25-4b29-845e-898d852fe2b7/host
Nov  3 05:20:15 gtw01 dnsmasq-dhcp[23154]: read /var/lib/neutron/dhcp/db8c2e27-dd25-4b29-845e-898d852fe2b7/opts
Nov  3 05:20:17 gtw01 dnsmasq-dhcp[23154]: DHCPRELEASE(tapee7fff71-ab) 192.168.120.15 fa:16:3e:d5:c8:4f
Nov  3 05:20:17 gtw01 dnsmasq-dhcp[23154]: DHCPRELEASE(tapee7fff71-ab) 192.168.120.15 fa:16:3e:d5:c8:4f unknown lease
Nov  3 05:20:17 gtw01 dnsmasq[23154]: read /var/lib/neutron/dhcp/db8c2e27-dd25-4b29-845e-898d852fe2b7/addn_hosts - 2 addresses
Nov  3 05:20:17 gtw01 dnsmasq-dhcp[23154]: read /var/lib/neutron/dhcp/db8c2e27-dd25-4b29-845e-898d852fe2b7/host
Nov  3 05:20:17 gtw01 dnsmasq-dhcp[23154]: read /var/lib/neutron/dhcp/db8c2e27-dd25-4b29-845e-898d852fe2b7/opts
Nov  3 05:20:21 gtw01 dnsmasq[23154]: read /var/lib/neutron/dhcp/db8c2e27-dd25-4b29-845e-898d852fe2b7/addn_hosts - 3 addresses
Nov  3 05:20:21 gtw01 dnsmasq-dhcp[23154]: read /var/lib/neutron/dhcp/db8c2e27-dd25-4b29-845e-898d852fe2b7/host
Nov  3 05:20:21 gtw01 dnsmasq-dhcp[23154]: read /var/lib/neutron/dhcp/db8c2e27-dd25-4b29-845e-898d852fe2b7/opts
Nov  3 05:20:22 gtw01 dnsmasq[23154]: read /var/lib/neutron/dhcp/db8c2e27-dd25-4b29-845e-898d852fe2b7/addn_hosts - 3 addresses
Nov  3 05:20:22 gtw01 dnsmasq-dhcp[23154]: read /var/lib/neutron/dhcp/db8c2e27-dd25-4b29-845e-898d852fe2b7/host
Nov  3 05:20:22 gtw01 dnsmasq-dhcp[23154]: read /var/lib/neutron/dhcp/db8c2e27-dd25-4b29-845e-898d852fe2b7/opts
Nov  3 05:20:23 gtw01 dnsmasq[23154]: read /var/lib/neutron/dhcp/db8c2e27-dd25-4b29-845e-898d852fe2b7/addn_hosts - 3 addresses
Nov  3 05:20:23 gtw01 dnsmasq-dhcp[23154]: read /var/lib/neutron/dhcp/db8c2e27-dd25-4b29-845e-898d852fe2b7/host
Nov  3 05:20:23 gtw01 dnsmasq-dhcp[23154]: read /var/lib/neutron/dhcp/db8c2e27-dd25-4b29-845e-898d852fe2b7/opts
Nov  3 05:20:24 gtw01 dnsmasq[23154]: read /var/lib/neutron/dhcp/db8c2e27-dd25-4b29-845e-898d852fe2b7/addn_hosts - 4 addresses
Nov  3 05:20:24 gtw01 dnsmasq-dhcp[23154]: read /var/lib/neutron/dhcp/db8c2e27-dd25-4b29-845e-898d852fe2b7/host
Nov  3 05:20:24 gtw01 dnsmasq-dhcp[23154]: read /var/lib/neutron/dhcp/db8c2e27-dd25-4b29-845e-898d852fe2b7/opts
Nov  3 05:20:25 gtw01 dnsmasq[23154]: read /var/lib/neutron/dhcp/db8c2e27-dd25-4b29-845e-898d852fe2b7/addn_hosts - 4 addresses
Nov  3 05:20:25 gtw01 dnsmasq-dhcp[23154]: read /var/lib/neutron/dhcp/db8c2e27-dd25-4b29-845e-898d852fe2b7/host
Nov  3 05:20:25 gtw01 dnsmasq-dhcp[23154]: read /var/lib/neutron/dhcp/db8c2e27-dd25-4b29-845e-898d852fe2b7/opts
Nov  3 05:20:26 gtw01 dnsmasq[23154]: read /var/lib/neutron/dhcp/db8c2e27-dd25-4b29-845e-898d852fe2b7/addn_hosts - 5 addresses
Nov  3 05:20:26 gtw01 dnsmasq-dhcp[23154]: read /var/lib/neutron/dhcp/db8c2e27-dd25-4b29-845e-898d852fe2b7/host
Nov  3 05:20:26 gtw01 dnsmasq-dhcp[23154]: read /var/lib/neutron/dhcp/db8c2e27-dd25-4b29-845e-898d852fe2b7/opts
Nov  3 05:20:27 gtw01 dnsmasq[23154]: read /var/lib/neutron/dhcp/db8c2e27-dd25-4b29-845e-898d852fe2b7/addn_hosts - 5 addresses
Nov  3 05:20:27 gtw01 dnsmasq-dhcp[23154]: read /var/lib/neutron/dhcp/db8c2e27-dd25-4b29-845e-898d852fe2b7/host
Nov  3 05:20:27 gtw01 dnsmasq-dhcp[23154]: read /var/lib/neutron/dhcp/db8c2e27-dd25-4b29-845e-898d852fe2b7/opts
Nov  3 05:20:28 gtw01 dnsmasq[23154]: read /var/lib/neutron/dhcp/db8c2e27-dd25-4b29-845e-898d852fe2b7/addn_hosts - 5 addresses
Nov  3 05:20:28 gtw01 dnsmasq-dhcp[23154]: read /var/lib/neutron/dhcp/db8c2e27-dd25-4b29-845e-898d852fe2b7/host
Nov  3 05:20:28 gtw01 dnsmasq-dhcp[23154]: read /var/lib/neutron/dhcp/db8c2e27-dd25-4b29-845e-898d852fe2b7/opts
Nov  3 05:20:29 gtw01 dnsmasq[23154]: read /var/lib/neutron/dhcp/db8c2e27-dd25-4b29-845e-898d852fe2b7/addn_hosts - 6 addresses
Nov  3 05:20:29 gtw01 dnsmasq-dhcp[23154]: read /var/lib/neutron/dhcp/db8c2e27-dd25-4b29-845e-898d852fe2b7/host
Nov  3 05:20:29 gtw01 dnsmasq-dhcp[23154]: read /var/lib/neutron/dhcp/db8c2e27-dd25-4b29-845e-898d852fe2b7/opts
Nov  3 05:20:30 gtw01 dnsmasq[23154]: read /var/lib/neutron/dhcp/db8c2e27-dd25-4b29-845e-898d852fe2b7/addn_hosts - 6 addresses
Nov  3 05:20:30 gtw01 dnsmasq-dhcp[23154]: read /var/lib/neutron/dhcp/db8c2e27-dd25-4b29-845e-898d852fe2b7/host
Nov  3 05:20:30 gtw01 dnsmasq-dhcp[23154]: read /var/lib/neutron/dhcp/db8c2e27-dd25-4b29-845e-898d852fe2b7/opts
Nov  3 05:20:31 gtw01 dnsmasq[23154]: read /var/lib/neutron/dhcp/db8c2e27-dd25-4b29-845e-898d852fe2b7/addn_hosts - 6 addresses
Nov  3 05:20:31 gtw01 dnsmasq-dhcp[23154]: read /var/lib/neutron/dhcp/db8c2e27-dd25-4b29-845e-898d852fe2b7/host
Nov  3 05:20:31 gtw01 dnsmasq-dhcp[23154]: read /var/lib/neutron/dhcp/db8c2e27-dd25-4b29-845e-898d852fe2b7/opts
Nov  3 05:20:32 gtw01 dnsmasq[23154]: read /var/lib/neutron/dhcp/db8c2e27-dd25-4b29-845e-898d852fe2b7/addn_hosts - 6 addresses
Nov  3 05:20:32 gtw01 dnsmasq-dhcp[23154]: read /var/lib/neutron/dhcp/db8c2e27-dd25-4b29-845e-898d852fe2b7/host
Nov  3 05:20:32 gtw01 dnsmasq-dhcp[23154]: read /var/lib/neutron/dhcp/db8c2e27-dd25-4b29-845e-898d852fe2b7/opts
Nov  3 05:20:38 gtw01 dnsmasq-dhcp[23154]: DHCPDISCOVER(tapee7fff71-ab) fa:16:3e:7b:ee:22
Nov  3 05:20:38 gtw01 dnsmasq-dhcp[23154]: DHCPOFFER(tapee7fff71-ab) 192.168.120.9 fa:16:3e:7b:ee:22
Nov  3 05:20:38 gtw01 dnsmasq-dhcp[23154]: DHCPREQUEST(tapee7fff71-ab) 192.168.120.9 fa:16:3e:7b:ee:22
Nov  3 05:20:38 gtw01 dnsmasq-dhcp[23154]: DHCPACK(tapee7fff71-ab) 192.168.120.9 fa:16:3e:7b:ee:22 host-192-168-120-9
Nov  3 05:20:41 gtw01 dnsmasq-dhcp[23154]: DHCPDISCOVER(tapee7fff71-ab) fa:16:3e:91:a2:35
Nov  3 05:20:41 gtw01 dnsmasq-dhcp[23154]: DHCPOFFER(tapee7fff71-ab) 192.168.120.14 fa:16:3e:91:a2:35
Nov  3 05:20:41 gtw01 dnsmasq-dhcp[23154]: DHCPREQUEST(tapee7fff71-ab) 192.168.120.14 fa:16:3e:91:a2:35
Nov  3 05:20:41 gtw01 dnsmasq-dhcp[23154]: DHCPACK(tapee7fff71-ab) 192.168.120.14 fa:16:3e:91:a2:35 host-192-168-120-14
Nov  3 05:20:42 gtw01 dnsmasq-dhcp[23154]: DHCPDISCOVER(tapee7fff71-ab) fa:16:3e:5c:5e:7d
Nov  3 05:20:42 gtw01 dnsmasq-dhcp[23154]: DHCPOFFER(tapee7fff71-ab) 192.168.120.6 fa:16:3e:5c:5e:7d
Nov  3 05:20:42 gtw01 dnsmasq-dhcp[23154]: DHCPREQUEST(tapee7fff71-ab) 192.168.120.6 fa:16:3e:5c:5e:7d
Nov  3 05:20:42 gtw01 dnsmasq-dhcp[23154]: DHCPACK(tapee7fff71-ab) 192.168.120.6 fa:16:3e:5c:5e:7d host-192-168-120-6
Nov  3 05:20:43 gtw01 dnsmasq-dhcp[23154]: DHCPDISCOVER(tapee7fff71-ab) fa:16:3e:2b:01:d3
Nov  3 05:20:43 gtw01 dnsmasq-dhcp[23154]: DHCPOFFER(tapee7fff71-ab) 192.168.120.7 fa:16:3e:2b:01:d3
Nov  3 05:20:43 gtw01 dnsmasq-dhcp[23154]: DHCPREQUEST(tapee7fff71-ab) 192.168.120.7 fa:16:3e:2b:01:d3
Nov  3 05:20:43 gtw01 dnsmasq-dhcp[23154]: DHCPACK(tapee7fff71-ab) 192.168.120.7 fa:16:3e:2b:01:d3 host-192-168-120-7
Nov  3 05:20:47 gtw01 dnsmasq-dhcp[23154]: DHCPRELEASE(tapee7fff71-ab) 192.168.120.9 fa:16:3e:7b:ee:22
Nov  3 05:20:47 gtw01 dnsmasq-dhcp[23154]: DHCPRELEASE(tapee7fff71-ab) 192.168.120.9 fa:16:3e:7b:ee:22 unknown lease
Nov  3 05:20:48 gtw01 dnsmasq[23154]: read /var/lib/neutron/dhcp/db8c2e27-dd25-4b29-845e-898d852fe2b7/addn_hosts - 5 addresses
Nov  3 05:20:48 gtw01 dnsmasq-dhcp[23154]: read /var/lib/neutron/dhcp/db8c2e27-dd25-4b29-845e-898d852fe2b7/host
Nov  3 05:20:48 gtw01 dnsmasq-dhcp[23154]: read /var/lib/neutron/dhcp/db8c2e27-dd25-4b29-845e-898d852fe2b7/opts
Nov  3 05:20:48 gtw01 dnsmasq-dhcp[23154]: DHCPRELEASE(tapee7fff71-ab) 192.168.120.14 fa:16:3e:91:a2:35
Nov  3 05:20:49 gtw01 dnsmasq-dhcp[23154]: DHCPRELEASE(tapee7fff71-ab) 192.168.120.14 fa:16:3e:91:a2:35 unknown lease
Nov  3 05:20:49 gtw01 dnsmasq[23154]: read /var/lib/neutron/dhcp/db8c2e27-dd25-4b29-845e-898d852fe2b7/addn_hosts - 4 addresses
Nov  3 05:20:49 gtw01 dnsmasq-dhcp[23154]: read /var/lib/neutron/dhcp/db8c2e27-dd25-4b29-845e-898d852fe2b7/host
Nov  3 05:20:49 gtw01 dnsmasq-dhcp[23154]: read /var/lib/neutron/dhcp/db8c2e27-dd25-4b29-845e-898d852fe2b7/opts
Nov  3 05:20:50 gtw01 dnsmasq-dhcp[23154]: DHCPRELEASE(tapee7fff71-ab) 192.168.120.6 fa:16:3e:5c:5e:7d
Nov  3 05:20:50 gtw01 dnsmasq-dhcp[23154]: DHCPRELEASE(tapee7fff71-ab) 192.168.120.6 fa:16:3e:5c:5e:7d unknown lease
Nov  3 05:20:51 gtw01 dnsmasq[23154]: read /var/lib/neutron/dhcp/db8c2e27-dd25-4b29-845e-898d852fe2b7/addn_hosts - 3 addresses
Nov  3 05:20:51 gtw01 dnsmasq-dhcp[23154]: read /var/lib/neutron/dhcp/db8c2e27-dd25-4b29-845e-898d852fe2b7/host
Nov  3 05:20:51 gtw01 dnsmasq-dhcp[23154]: read /var/lib/neutron/dhcp/db8c2e27-dd25-4b29-845e-898d852fe2b7/opts
Nov  3 05:20:52 gtw01 dnsmasq-dhcp[23154]: DHCPRELEASE(tapee7fff71-ab) 192.168.120.7 fa:16:3e:2b:01:d3
Nov  3 05:20:52 gtw01 dnsmasq-dhcp[23154]: DHCPRELEASE(tapee7fff71-ab) 192.168.120.7 fa:16:3e:2b:01:d3 unknown lease
Nov  3 05:20:53 gtw01 dnsmasq[23154]: read /var/lib/neutron/dhcp/db8c2e27-dd25-4b29-845e-898d852fe2b7/addn_hosts - 2 addresses
Nov  3 05:20:53 gtw01 dnsmasq-dhcp[23154]: read /var/lib/neutron/dhcp/db8c2e27-dd25-4b29-845e-898d852fe2b7/host
Nov  3 05:20:53 gtw01 dnsmasq-dhcp[23154]: read /var/lib/neutron/dhcp/db8c2e27-dd25-4b29-845e-898d852fe2b7/opts
Nov  3 05:20:57 gtw01 dnsmasq[23154]: read /var/lib/neutron/dhcp/db8c2e27-dd25-4b29-845e-898d852fe2b7/addn_hosts - 3 addresses
Nov  3 05:20:57 gtw01 dnsmasq-dhcp[23154]: read /var/lib/neutron/dhcp/db8c2e27-dd25-4b29-845e-898d852fe2b7/host
Nov  3 05:20:57 gtw01 dnsmasq-dhcp[23154]: read /var/lib/neutron/dhcp/db8c2e27-dd25-4b29-845e-898d852fe2b7/opts
Nov  3 05:20:58 gtw01 dnsmasq[23154]: read /var/lib/neutron/dhcp/db8c2e27-dd25-4b29-845e-898d852fe2b7/addn_hosts - 4 addresses
Nov  3 05:20:58 gtw01 dnsmasq-dhcp[23154]: read /var/lib/neutron/dhcp/db8c2e27-dd25-4b29-845e-898d852fe2b7/host
Nov  3 05:20:58 gtw01 dnsmasq-dhcp[23154]: read /var/lib/neutron/dhcp/db8c2e27-dd25-4b29-845e-898d852fe2b7/opts
Nov  3 05:20:59 gtw01 dnsmasq[23154]: read /var/lib/neutron/dhcp/db8c2e27-dd25-4b29-845e-898d852fe2b7/addn_hosts - 4 addresses
Nov  3 05:20:59 gtw01 dnsmasq-dhcp[23154]: read /var/lib/neutron/dhcp/db8c2e27-dd25-4b29-845e-898d852fe2b7/host
Nov  3 05:20:59 gtw01 dnsmasq-dhcp[23154]: read /var/lib/neutron/dhcp/db8c2e27-dd25-4b29-845e-898d852fe2b7/opts
Nov  3 05:21:00 gtw01 dnsmasq[23154]: read /var/lib/neutron/dhcp/db8c2e27-dd25-4b29-845e-898d852fe2b7/addn_hosts - 4 addresses
Nov  3 05:21:00 gtw01 dnsmasq-dhcp[23154]: read /var/lib/neutron/dhcp/db8c2e27-dd25-4b29-845e-898d852fe2b7/host
Nov  3 05:21:00 gtw01 dnsmasq-dhcp[23154]: read /var/lib/neutron/dhcp/db8c2e27-dd25-4b29-845e-898d852fe2b7/opts
Nov  3 05:21:01 gtw01 dnsmasq[23154]: read /var/lib/neutron/dhcp/db8c2e27-dd25-4b29-845e-898d852fe2b7/addn_hosts - 4 addresses
Nov  3 05:21:01 gtw01 dnsmasq-dhcp[23154]: read /var/lib/neutron/dhcp/db8c2e27-dd25-4b29-845e-898d852fe2b7/host
Nov  3 05:21:01 gtw01 dnsmasq-dhcp[23154]: read /var/lib/neutron/dhcp/db8c2e27-dd25-4b29-845e-898d852fe2b7/opts
Nov  3 05:21:02 gtw01 dnsmasq[23154]: read /var/lib/neutron/dhcp/db8c2e27-dd25-4b29-845e-898d852fe2b7/addn_hosts - 4 addresses
Nov  3 05:21:02 gtw01 dnsmasq-dhcp[23154]: read /var/lib/neutron/dhcp/db8c2e27-dd25-4b29-845e-898d852fe2b7/host
Nov  3 05:21:02 gtw01 dnsmasq-dhcp[23154]: read /var/lib/neutron/dhcp/db8c2e27-dd25-4b29-845e-898d852fe2b7/opts
Nov  3 05:21:13 gtw01 dnsmasq-dhcp[23154]: DHCPDISCOVER(tapee7fff71-ab) fa:16:3e:99:fd:af
Nov  3 05:21:13 gtw01 dnsmasq-dhcp[23154]: DHCPOFFER(tapee7fff71-ab) 192.168.120.5 fa:16:3e:99:fd:af
Nov  3 05:21:13 gtw01 dnsmasq-dhcp[23154]: DHCPREQUEST(tapee7fff71-ab) 192.168.120.5 fa:16:3e:99:fd:af
Nov  3 05:21:13 gtw01 dnsmasq-dhcp[23154]: DHCPACK(tapee7fff71-ab) 192.168.120.5 fa:16:3e:99:fd:af host-192-168-120-5
Nov  3 05:21:13 gtw01 dnsmasq-dhcp[23154]: DHCPDISCOVER(tapee7fff71-ab) fa:16:3e:6a:76:de
Nov  3 05:21:13 gtw01 dnsmasq-dhcp[23154]: DHCPOFFER(tapee7fff71-ab) 192.168.120.10 fa:16:3e:6a:76:de
Nov  3 05:21:13 gtw01 dnsmasq-dhcp[23154]: DHCPREQUEST(tapee7fff71-ab) 192.168.120.10 fa:16:3e:6a:76:de
Nov  3 05:21:13 gtw01 dnsmasq-dhcp[23154]: DHCPACK(tapee7fff71-ab) 192.168.120.10 fa:16:3e:6a:76:de host-192-168-120-10
Nov  3 05:21:17 gtw01 dnsmasq-dhcp[23154]: DHCPRELEASE(tapee7fff71-ab) 192.168.120.10 fa:16:3e:6a:76:de
Nov  3 05:21:17 gtw01 dnsmasq-dhcp[23154]: DHCPRELEASE(tapee7fff71-ab) 192.168.120.10 fa:16:3e:6a:76:de unknown lease
Nov  3 05:21:18 gtw01 dnsmasq[23154]: read /var/lib/neutron/dhcp/db8c2e27-dd25-4b29-845e-898d852fe2b7/addn_hosts - 3 addresses
Nov  3 05:21:18 gtw01 dnsmasq-dhcp[23154]: read /var/lib/neutron/dhcp/db8c2e27-dd25-4b29-845e-898d852fe2b7/host
Nov  3 05:21:18 gtw01 dnsmasq-dhcp[23154]: read /var/lib/neutron/dhcp/db8c2e27-dd25-4b29-845e-898d852fe2b7/opts
Nov  3 05:21:19 gtw01 dnsmasq-dhcp[23154]: DHCPRELEASE(tapee7fff71-ab) 192.168.120.5 fa:16:3e:99:fd:af
Nov  3 05:21:19 gtw01 dnsmasq-dhcp[23154]: DHCPRELEASE(tapee7fff71-ab) 192.168.120.5 fa:16:3e:99:fd:af unknown lease
Nov  3 05:21:20 gtw01 dnsmasq[23154]: read /var/lib/neutron/dhcp/db8c2e27-dd25-4b29-845e-898d852fe2b7/addn_hosts - 2 addresses
Nov  3 05:21:20 gtw01 dnsmasq-dhcp[23154]: read /var/lib/neutron/dhcp/db8c2e27-dd25-4b29-845e-898d852fe2b7/host
Nov  3 05:21:20 gtw01 dnsmasq-dhcp[23154]: read /var/lib/neutron/dhcp/db8c2e27-dd25-4b29-845e-898d852fe2b7/opts
Nov  3 05:36:13 gtw01 kernel: [12279.112485] device tap5736a903-57 entered promiscuous mode
Nov  3 05:36:13 gtw01 systemd-udevd[29551]: Could not generate persistent MAC address for tap5736a903-57: No such file or directory
Nov  3 05:36:14 gtw01 systemd-udevd[29597]: Process '/sbin/ip link set tap5736a903-57 txqueuelen 10000' failed with exit code 1.
Nov  3 05:36:15 gtw01 kernel: [12280.435625] device tap95b127c0-30 entered promiscuous mode
Nov  3 05:36:15 gtw01 systemd-udevd[29644]: Could not generate persistent MAC address for tap95b127c0-30: No such file or directory
Nov  3 05:36:15 gtw01 systemd-udevd[29644]: Process '/sbin/ip link set tap95b127c0-30 txqueuelen 10000' failed with exit code 1.
Nov  3 05:36:16 gtw01 kernel: [12281.704209] device tap7af0fc77-10 entered promiscuous mode
Nov  3 05:36:16 gtw01 systemd-udevd[29752]: Could not generate persistent MAC address for tap7af0fc77-10: No such file or directory
Nov  3 05:36:16 gtw01 systemd-udevd[29752]: Process '/sbin/ip link set tap7af0fc77-10 txqueuelen 10000' failed with exit code 1.
Nov  3 05:36:16 gtw01 systemd-udevd[29752]: Process '/sbin/ip link set tap7af0fc77-10 txqueuelen 10000' failed with exit code 1.
Nov  3 05:36:17 gtw01 dnsmasq[29859]: started, version 2.80 cachesize 150
Nov  3 05:36:17 gtw01 dnsmasq[29859]: DNS service limited to local subnets
Nov  3 05:36:17 gtw01 dnsmasq[29859]: compile time options: IPv6 GNU-getopt DBus i18n IDN DHCP DHCPv6 no-Lua TFTP conntrack ipset auth DNSSEC loop-detect inotify dumpfile
Nov  3 05:36:17 gtw01 dnsmasq[29859]: warning: no upstream servers configured
Nov  3 05:36:17 gtw01 dnsmasq-dhcp[29859]: DHCP, static leases only on 10.2.0.0, lease time 1h
Nov  3 05:36:17 gtw01 dnsmasq[29859]: read /var/lib/neutron/dhcp/3ef569ba-a303-48a7-a523-4fb3b0b52c9c/addn_hosts - 1 addresses
Nov  3 05:36:17 gtw01 dnsmasq-dhcp[29859]: read /var/lib/neutron/dhcp/3ef569ba-a303-48a7-a523-4fb3b0b52c9c/host
Nov  3 05:36:17 gtw01 dnsmasq-dhcp[29859]: read /var/lib/neutron/dhcp/3ef569ba-a303-48a7-a523-4fb3b0b52c9c/opts
Nov  3 05:36:18 gtw01 haproxy-metadata-proxy-3ef569ba-a303-48a7-a523-4fb3b0b52c9c[29869]: Proxy listener started.
Nov  3 05:36:18 gtw01 dnsmasq[29859]: read /var/lib/neutron/dhcp/3ef569ba-a303-48a7-a523-4fb3b0b52c9c/addn_hosts - 3 addresses
Nov  3 05:36:18 gtw01 dnsmasq-dhcp[29859]: read /var/lib/neutron/dhcp/3ef569ba-a303-48a7-a523-4fb3b0b52c9c/host
Nov  3 05:36:18 gtw01 dnsmasq-dhcp[29859]: read /var/lib/neutron/dhcp/3ef569ba-a303-48a7-a523-4fb3b0b52c9c/opts
Nov  3 05:36:19 gtw01 dnsmasq[29928]: started, version 2.80 cachesize 150
Nov  3 05:36:19 gtw01 dnsmasq[29928]: DNS service limited to local subnets
Nov  3 05:36:19 gtw01 dnsmasq[29928]: compile time options: IPv6 GNU-getopt DBus i18n IDN DHCP DHCPv6 no-Lua TFTP conntrack ipset auth DNSSEC loop-detect inotify dumpfile
Nov  3 05:36:19 gtw01 dnsmasq[29928]: warning: no upstream servers configured
Nov  3 05:36:19 gtw01 dnsmasq-dhcp[29928]: DHCP, static leases only on 10.2.1.0, lease time 1h
Nov  3 05:36:19 gtw01 dnsmasq[29928]: read /var/lib/neutron/dhcp/f031ab6a-b8e1-4ed0-96fe-64753d1005b7/addn_hosts - 1 addresses
Nov  3 05:36:19 gtw01 dnsmasq-dhcp[29928]: read /var/lib/neutron/dhcp/f031ab6a-b8e1-4ed0-96fe-64753d1005b7/host
Nov  3 05:36:19 gtw01 dnsmasq-dhcp[29928]: read /var/lib/neutron/dhcp/f031ab6a-b8e1-4ed0-96fe-64753d1005b7/opts
Nov  3 05:36:19 gtw01 haproxy-metadata-proxy-f031ab6a-b8e1-4ed0-96fe-64753d1005b7[29939]: Proxy listener started.
Nov  3 05:36:20 gtw01 dnsmasq[29859]: read /var/lib/neutron/dhcp/3ef569ba-a303-48a7-a523-4fb3b0b52c9c/addn_hosts - 3 addresses
Nov  3 05:36:20 gtw01 dnsmasq-dhcp[29859]: read /var/lib/neutron/dhcp/3ef569ba-a303-48a7-a523-4fb3b0b52c9c/host
