Nov  3 03:04:29 gtw01 dnsmasq[30709]: compile time options: IPv6 GNU-getopt DBus i18n IDN DHCP DHCPv6 no-Lua TFTP conntrack ipset auth DNSSEC loop-detect inotify dumpfile
Nov  3 03:04:29 gtw01 dnsmasq[30709]: warning: no upstream servers configured
Nov  3 03:04:29 gtw01 dnsmasq-dhcp[30709]: DHCP, static leases only on 192.168.120.64, lease time 1h
Nov  3 03:04:29 gtw01 dnsmasq[30709]: read /var/lib/neutron/dhcp/dff36252-7fcb-48b2-9958-7ea67abf738c/addn_hosts - 1 addresses
Nov  3 03:04:29 gtw01 dnsmasq-dhcp[30709]: read /var/lib/neutron/dhcp/dff36252-7fcb-48b2-9958-7ea67abf738c/host
Nov  3 03:04:29 gtw01 dnsmasq-dhcp[30709]: read /var/lib/neutron/dhcp/dff36252-7fcb-48b2-9958-7ea67abf738c/opts
Nov  3 03:04:29 gtw01 haproxy-metadata-proxy-0e718cf7-7b0a-4330-a918-3dd636e6506c[30713]: Proxy listener started.
Nov  3 03:04:29 gtw01 haproxy-metadata-proxy-dff36252-7fcb-48b2-9958-7ea67abf738c[30724]: Proxy listener started.
Nov  3 03:04:30 gtw01 systemd-udevd[30755]: Could not generate persistent MAC address for tapa05950a1-66: No such file or directory
Nov  3 03:04:30 gtw01 kernel: [ 3175.303499] device tapa05950a1-66 entered promiscuous mode
Nov  3 03:04:30 gtw01 systemd-udevd[30804]: Process '/sbin/ip link set tapa05950a1-66 txqueuelen 10000' failed with exit code 1.
Nov  3 03:04:30 gtw01 dnsmasq[30455]: read /var/lib/neutron/dhcp/08394610-ae32-4ad5-b3d5-078960c5602f/addn_hosts - 2 addresses
Nov  3 03:04:30 gtw01 dnsmasq-dhcp[30455]: read /var/lib/neutron/dhcp/08394610-ae32-4ad5-b3d5-078960c5602f/host
Nov  3 03:04:30 gtw01 dnsmasq-dhcp[30455]: read /var/lib/neutron/dhcp/08394610-ae32-4ad5-b3d5-078960c5602f/opts
Nov  3 03:04:30 gtw01 dnsmasq[30696]: read /var/lib/neutron/dhcp/0e718cf7-7b0a-4330-a918-3dd636e6506c/addn_hosts - 1 addresses
Nov  3 03:04:30 gtw01 dnsmasq-dhcp[30696]: read /var/lib/neutron/dhcp/0e718cf7-7b0a-4330-a918-3dd636e6506c/host
Nov  3 03:04:30 gtw01 dnsmasq-dhcp[30696]: read /var/lib/neutron/dhcp/0e718cf7-7b0a-4330-a918-3dd636e6506c/opts
Nov  3 03:04:30 gtw01 dnsmasq[30709]: read /var/lib/neutron/dhcp/dff36252-7fcb-48b2-9958-7ea67abf738c/addn_hosts - 2 addresses
Nov  3 03:04:30 gtw01 dnsmasq-dhcp[30709]: read /var/lib/neutron/dhcp/dff36252-7fcb-48b2-9958-7ea67abf738c/host
Nov  3 03:04:30 gtw01 dnsmasq-dhcp[30709]: read /var/lib/neutron/dhcp/dff36252-7fcb-48b2-9958-7ea67abf738c/opts
Nov  3 03:04:31 gtw01 dnsmasq[30874]: started, version 2.80 cachesize 150
Nov  3 03:04:31 gtw01 dnsmasq[30874]: DNS service limited to local subnets
Nov  3 03:04:31 gtw01 dnsmasq[30874]: compile time options: IPv6 GNU-getopt DBus i18n IDN DHCP DHCPv6 no-Lua TFTP conntrack ipset auth DNSSEC loop-detect inotify dumpfile
Nov  3 03:04:31 gtw01 dnsmasq[30874]: warning: no upstream servers configured
Nov  3 03:04:31 gtw01 dnsmasq-dhcp[30874]: DHCP, static leases only on 192.168.120.80, lease time 1h
Nov  3 03:04:31 gtw01 dnsmasq[30874]: read /var/lib/neutron/dhcp/6d8ce4a6-ad20-4400-a21f-c386addc649f/addn_hosts - 1 addresses
Nov  3 03:04:31 gtw01 dnsmasq-dhcp[30874]: read /var/lib/neutron/dhcp/6d8ce4a6-ad20-4400-a21f-c386addc649f/host
Nov  3 03:04:31 gtw01 dnsmasq-dhcp[30874]: read /var/lib/neutron/dhcp/6d8ce4a6-ad20-4400-a21f-c386addc649f/opts
Nov  3 03:04:32 gtw01 haproxy-metadata-proxy-6d8ce4a6-ad20-4400-a21f-c386addc649f[30897]: Proxy listener started.
Nov  3 03:04:32 gtw01 dnsmasq[30455]: read /var/lib/neutron/dhcp/08394610-ae32-4ad5-b3d5-078960c5602f/addn_hosts - 2 addresses
Nov  3 03:04:32 gtw01 dnsmasq-dhcp[30455]: read /var/lib/neutron/dhcp/08394610-ae32-4ad5-b3d5-078960c5602f/host
Nov  3 03:04:32 gtw01 dnsmasq-dhcp[30455]: read /var/lib/neutron/dhcp/08394610-ae32-4ad5-b3d5-078960c5602f/opts
Nov  3 03:04:32 gtw01 dnsmasq[30696]: read /var/lib/neutron/dhcp/0e718cf7-7b0a-4330-a918-3dd636e6506c/addn_hosts - 2 addresses
Nov  3 03:04:32 gtw01 dnsmasq-dhcp[30696]: read /var/lib/neutron/dhcp/0e718cf7-7b0a-4330-a918-3dd636e6506c/host
Nov  3 03:04:32 gtw01 dnsmasq-dhcp[30696]: read /var/lib/neutron/dhcp/0e718cf7-7b0a-4330-a918-3dd636e6506c/opts
Nov  3 03:04:32 gtw01 dnsmasq[29620]: read /var/lib/neutron/dhcp/d937c054-a8bd-4c78-aebc-196c87b0d5fa/addn_hosts - 1 addresses
Nov  3 03:04:32 gtw01 dnsmasq-dhcp[29620]: read /var/lib/neutron/dhcp/d937c054-a8bd-4c78-aebc-196c87b0d5fa/host
Nov  3 03:04:32 gtw01 dnsmasq-dhcp[29620]: read /var/lib/neutron/dhcp/d937c054-a8bd-4c78-aebc-196c87b0d5fa/opts
Nov  3 03:04:32 gtw01 dnsmasq[30709]: read /var/lib/neutron/dhcp/dff36252-7fcb-48b2-9958-7ea67abf738c/addn_hosts - 2 addresses
Nov  3 03:04:32 gtw01 dnsmasq-dhcp[30709]: read /var/lib/neutron/dhcp/dff36252-7fcb-48b2-9958-7ea67abf738c/host
Nov  3 03:04:32 gtw01 dnsmasq-dhcp[30709]: read /var/lib/neutron/dhcp/dff36252-7fcb-48b2-9958-7ea67abf738c/opts
Nov  3 03:04:34 gtw01 dnsmasq[30874]: read /var/lib/neutron/dhcp/6d8ce4a6-ad20-4400-a21f-c386addc649f/addn_hosts - 2 addresses
Nov  3 03:04:34 gtw01 dnsmasq-dhcp[30874]: read /var/lib/neutron/dhcp/6d8ce4a6-ad20-4400-a21f-c386addc649f/host
Nov  3 03:04:34 gtw01 dnsmasq-dhcp[30874]: read /var/lib/neutron/dhcp/6d8ce4a6-ad20-4400-a21f-c386addc649f/opts
Nov  3 03:04:34 gtw01 dnsmasq[29714]: read /var/lib/neutron/dhcp/adcf5b89-6ebd-4425-b7e4-52311ce79486/addn_hosts - 1 addresses
Nov  3 03:04:34 gtw01 dnsmasq-dhcp[29714]: read /var/lib/neutron/dhcp/adcf5b89-6ebd-4425-b7e4-52311ce79486/host
Nov  3 03:04:34 gtw01 dnsmasq-dhcp[29714]: read /var/lib/neutron/dhcp/adcf5b89-6ebd-4425-b7e4-52311ce79486/opts
Nov  3 03:04:35 gtw01 dnsmasq[30143]: read /var/lib/neutron/dhcp/207c3ac7-478d-473f-90ba-eb739a3fef77/addn_hosts - 1 addresses
Nov  3 03:04:35 gtw01 dnsmasq-dhcp[30143]: read /var/lib/neutron/dhcp/207c3ac7-478d-473f-90ba-eb739a3fef77/host
Nov  3 03:04:35 gtw01 dnsmasq-dhcp[30143]: read /var/lib/neutron/dhcp/207c3ac7-478d-473f-90ba-eb739a3fef77/opts
Nov  3 03:04:35 gtw01 dnsmasq[30709]: read /var/lib/neutron/dhcp/dff36252-7fcb-48b2-9958-7ea67abf738c/addn_hosts - 2 addresses
Nov  3 03:04:35 gtw01 dnsmasq-dhcp[30709]: read /var/lib/neutron/dhcp/dff36252-7fcb-48b2-9958-7ea67abf738c/host
Nov  3 03:04:35 gtw01 dnsmasq-dhcp[30709]: read /var/lib/neutron/dhcp/dff36252-7fcb-48b2-9958-7ea67abf738c/opts
Nov  3 03:04:36 gtw01 dnsmasq[30696]: read /var/lib/neutron/dhcp/0e718cf7-7b0a-4330-a918-3dd636e6506c/addn_hosts - 2 addresses
Nov  3 03:04:36 gtw01 dnsmasq-dhcp[30696]: read /var/lib/neutron/dhcp/0e718cf7-7b0a-4330-a918-3dd636e6506c/host
Nov  3 03:04:36 gtw01 dnsmasq-dhcp[30696]: read /var/lib/neutron/dhcp/0e718cf7-7b0a-4330-a918-3dd636e6506c/opts
Nov  3 03:04:36 gtw01 dnsmasq[30455]: read /var/lib/neutron/dhcp/08394610-ae32-4ad5-b3d5-078960c5602f/addn_hosts - 1 addresses
Nov  3 03:04:36 gtw01 dnsmasq-dhcp[30455]: read /var/lib/neutron/dhcp/08394610-ae32-4ad5-b3d5-078960c5602f/host
Nov  3 03:04:36 gtw01 dnsmasq-dhcp[30455]: read /var/lib/neutron/dhcp/08394610-ae32-4ad5-b3d5-078960c5602f/opts
Nov  3 03:04:36 gtw01 dnsmasq[30874]: read /var/lib/neutron/dhcp/6d8ce4a6-ad20-4400-a21f-c386addc649f/addn_hosts - 2 addresses
Nov  3 03:04:36 gtw01 dnsmasq-dhcp[30874]: read /var/lib/neutron/dhcp/6d8ce4a6-ad20-4400-a21f-c386addc649f/host
Nov  3 03:04:36 gtw01 dnsmasq-dhcp[30874]: read /var/lib/neutron/dhcp/6d8ce4a6-ad20-4400-a21f-c386addc649f/opts
Nov  3 03:04:38 gtw01 dnsmasq[30709]: read /var/lib/neutron/dhcp/dff36252-7fcb-48b2-9958-7ea67abf738c/addn_hosts - 2 addresses
Nov  3 03:04:38 gtw01 dnsmasq-dhcp[30709]: read /var/lib/neutron/dhcp/dff36252-7fcb-48b2-9958-7ea67abf738c/host
Nov  3 03:04:38 gtw01 dnsmasq-dhcp[30709]: read /var/lib/neutron/dhcp/dff36252-7fcb-48b2-9958-7ea67abf738c/opts
Nov  3 03:04:38 gtw01 dnsmasq[31125]: started, version 2.80 cachesize 150
Nov  3 03:04:38 gtw01 dnsmasq[31125]: DNS service limited to local subnets
Nov  3 03:04:38 gtw01 dnsmasq[31125]: compile time options: IPv6 GNU-getopt DBus i18n IDN DHCP DHCPv6 no-Lua TFTP conntrack ipset auth DNSSEC loop-detect inotify dumpfile
Nov  3 03:04:38 gtw01 dnsmasq[31125]: warning: no upstream servers configured
Nov  3 03:04:38 gtw01 dnsmasq-dhcp[31125]: DHCP, static leases only on 192.168.120.96, lease time 1h
Nov  3 03:04:38 gtw01 dnsmasq[31125]: read /var/lib/neutron/dhcp/81c338b8-ac85-4f3f-bca9-1579325a371f/addn_hosts - 1 addresses
Nov  3 03:04:38 gtw01 dnsmasq-dhcp[31125]: read /var/lib/neutron/dhcp/81c338b8-ac85-4f3f-bca9-1579325a371f/host
Nov  3 03:04:38 gtw01 dnsmasq-dhcp[31125]: read /var/lib/neutron/dhcp/81c338b8-ac85-4f3f-bca9-1579325a371f/opts
Nov  3 03:04:38 gtw01 dnsmasq[30696]: read /var/lib/neutron/dhcp/0e718cf7-7b0a-4330-a918-3dd636e6506c/addn_hosts - 3 addresses
Nov  3 03:04:38 gtw01 dnsmasq-dhcp[30696]: read /var/lib/neutron/dhcp/0e718cf7-7b0a-4330-a918-3dd636e6506c/host
Nov  3 03:04:38 gtw01 dnsmasq-dhcp[30696]: read /var/lib/neutron/dhcp/0e718cf7-7b0a-4330-a918-3dd636e6506c/opts
Nov  3 03:04:38 gtw01 haproxy-metadata-proxy-81c338b8-ac85-4f3f-bca9-1579325a371f[31144]: Proxy listener started.
Nov  3 03:04:39 gtw01 dnsmasq[30874]: read /var/lib/neutron/dhcp/6d8ce4a6-ad20-4400-a21f-c386addc649f/addn_hosts - 2 addresses
Nov  3 03:04:39 gtw01 dnsmasq-dhcp[30874]: read /var/lib/neutron/dhcp/6d8ce4a6-ad20-4400-a21f-c386addc649f/host
Nov  3 03:04:39 gtw01 dnsmasq-dhcp[30874]: read /var/lib/neutron/dhcp/6d8ce4a6-ad20-4400-a21f-c386addc649f/opts
Nov  3 03:04:39 gtw01 kernel: [ 3184.855541] device tap828523de-5d entered promiscuous mode
Nov  3 03:04:39 gtw01 systemd-udevd[31174]: Could not generate persistent MAC address for tap828523de-5d: No such file or directory
Nov  3 03:04:39 gtw01 systemd-udevd[31220]: Process '/sbin/ip link set tap828523de-5d txqueuelen 10000' failed with exit code 1.
Nov  3 03:04:40 gtw01 dnsmasq[30709]: read /var/lib/neutron/dhcp/dff36252-7fcb-48b2-9958-7ea67abf738c/addn_hosts - 1 addresses
Nov  3 03:04:40 gtw01 dnsmasq-dhcp[30709]: read /var/lib/neutron/dhcp/dff36252-7fcb-48b2-9958-7ea67abf738c/host
Nov  3 03:04:40 gtw01 dnsmasq-dhcp[30709]: read /var/lib/neutron/dhcp/dff36252-7fcb-48b2-9958-7ea67abf738c/opts
Nov  3 03:04:40 gtw01 dnsmasq[31125]: read /var/lib/neutron/dhcp/81c338b8-ac85-4f3f-bca9-1579325a371f/addn_hosts - 1 addresses
Nov  3 03:04:40 gtw01 dnsmasq-dhcp[31125]: read /var/lib/neutron/dhcp/81c338b8-ac85-4f3f-bca9-1579325a371f/host
Nov  3 03:04:40 gtw01 dnsmasq-dhcp[31125]: read /var/lib/neutron/dhcp/81c338b8-ac85-4f3f-bca9-1579325a371f/opts
Nov  3 03:04:40 gtw01 dnsmasq[30696]: read /var/lib/neutron/dhcp/0e718cf7-7b0a-4330-a918-3dd636e6506c/addn_hosts - 3 addresses
Nov  3 03:04:40 gtw01 dnsmasq-dhcp[30696]: read /var/lib/neutron/dhcp/0e718cf7-7b0a-4330-a918-3dd636e6506c/host
Nov  3 03:04:40 gtw01 dnsmasq-dhcp[30696]: read /var/lib/neutron/dhcp/0e718cf7-7b0a-4330-a918-3dd636e6506c/opts
Nov  3 03:04:41 gtw01 dnsmasq[30874]: read /var/lib/neutron/dhcp/6d8ce4a6-ad20-4400-a21f-c386addc649f/addn_hosts - 2 addresses
Nov  3 03:04:41 gtw01 dnsmasq-dhcp[30874]: read /var/lib/neutron/dhcp/6d8ce4a6-ad20-4400-a21f-c386addc649f/host
Nov  3 03:04:41 gtw01 dnsmasq-dhcp[30874]: read /var/lib/neutron/dhcp/6d8ce4a6-ad20-4400-a21f-c386addc649f/opts
Nov  3 03:04:41 gtw01 kernel: [ 3187.019809] device tap88804949-98 left promiscuous mode
Nov  3 03:04:42 gtw01 dnsmasq[31125]: read /var/lib/neutron/dhcp/81c338b8-ac85-4f3f-bca9-1579325a371f/addn_hosts - 1 addresses
Nov  3 03:04:42 gtw01 dnsmasq-dhcp[31125]: read /var/lib/neutron/dhcp/81c338b8-ac85-4f3f-bca9-1579325a371f/host
Nov  3 03:04:42 gtw01 dnsmasq-dhcp[31125]: read /var/lib/neutron/dhcp/81c338b8-ac85-4f3f-bca9-1579325a371f/opts
Nov  3 03:04:42 gtw01 dnsmasq[30696]: read /var/lib/neutron/dhcp/0e718cf7-7b0a-4330-a918-3dd636e6506c/addn_hosts - 3 addresses
Nov  3 03:04:42 gtw01 dnsmasq-dhcp[30696]: read /var/lib/neutron/dhcp/0e718cf7-7b0a-4330-a918-3dd636e6506c/host
Nov  3 03:04:42 gtw01 dnsmasq-dhcp[30696]: read /var/lib/neutron/dhcp/0e718cf7-7b0a-4330-a918-3dd636e6506c/opts
Nov  3 03:04:43 gtw01 kernel: [ 3188.759769] device tap58be3f2f-79 left promiscuous mode
Nov  3 03:04:43 gtw01 dnsmasq[30874]: read /var/lib/neutron/dhcp/6d8ce4a6-ad20-4400-a21f-c386addc649f/addn_hosts - 2 addresses
Nov  3 03:04:43 gtw01 dnsmasq-dhcp[30874]: read /var/lib/neutron/dhcp/6d8ce4a6-ad20-4400-a21f-c386addc649f/host
Nov  3 03:04:43 gtw01 dnsmasq-dhcp[30874]: read /var/lib/neutron/dhcp/6d8ce4a6-ad20-4400-a21f-c386addc649f/opts
Nov  3 03:04:44 gtw01 dnsmasq[31125]: read /var/lib/neutron/dhcp/81c338b8-ac85-4f3f-bca9-1579325a371f/addn_hosts - 2 addresses
Nov  3 03:04:44 gtw01 dnsmasq-dhcp[31125]: read /var/lib/neutron/dhcp/81c338b8-ac85-4f3f-bca9-1579325a371f/host
Nov  3 03:04:44 gtw01 dnsmasq-dhcp[31125]: read /var/lib/neutron/dhcp/81c338b8-ac85-4f3f-bca9-1579325a371f/opts
Nov  3 03:04:45 gtw01 kernel: [ 3190.335669] device tap583813da-f7 left promiscuous mode
Nov  3 03:04:45 gtw01 dnsmasq[30696]: read /var/lib/neutron/dhcp/0e718cf7-7b0a-4330-a918-3dd636e6506c/addn_hosts - 3 addresses
Nov  3 03:04:45 gtw01 dnsmasq-dhcp[30696]: read /var/lib/neutron/dhcp/0e718cf7-7b0a-4330-a918-3dd636e6506c/host
Nov  3 03:04:45 gtw01 dnsmasq-dhcp[30696]: read /var/lib/neutron/dhcp/0e718cf7-7b0a-4330-a918-3dd636e6506c/opts
Nov  3 03:04:45 gtw01 dnsmasq[30874]: read /var/lib/neutron/dhcp/6d8ce4a6-ad20-4400-a21f-c386addc649f/addn_hosts - 2 addresses
Nov  3 03:04:45 gtw01 dnsmasq-dhcp[30874]: read /var/lib/neutron/dhcp/6d8ce4a6-ad20-4400-a21f-c386addc649f/host
Nov  3 03:04:45 gtw01 dnsmasq-dhcp[30874]: read /var/lib/neutron/dhcp/6d8ce4a6-ad20-4400-a21f-c386addc649f/opts
Nov  3 03:04:46 gtw01 kernel: [ 3191.711827] device tap01da0967-5d left promiscuous mode
Nov  3 03:04:46 gtw01 dnsmasq[31495]: started, version 2.80 cachesize 150
Nov  3 03:04:46 gtw01 dnsmasq[31495]: DNS service limited to local subnets
Nov  3 03:04:46 gtw01 dnsmasq[31495]: compile time options: IPv6 GNU-getopt DBus i18n IDN DHCP DHCPv6 no-Lua TFTP conntrack ipset auth DNSSEC loop-detect inotify dumpfile
Nov  3 03:04:46 gtw01 dnsmasq[31495]: warning: no upstream servers configured
Nov  3 03:04:46 gtw01 dnsmasq-dhcp[31495]: DHCP, static leases only on 192.168.120.16, lease time 1h
Nov  3 03:04:46 gtw01 dnsmasq[31495]: read /var/lib/neutron/dhcp/09d08c1d-92d8-4fb5-a4ba-1f75920d6154/addn_hosts - 1 addresses
Nov  3 03:04:46 gtw01 dnsmasq-dhcp[31495]: read /var/lib/neutron/dhcp/09d08c1d-92d8-4fb5-a4ba-1f75920d6154/host
Nov  3 03:04:46 gtw01 dnsmasq-dhcp[31495]: read /var/lib/neutron/dhcp/09d08c1d-92d8-4fb5-a4ba-1f75920d6154/opts
Nov  3 03:04:47 gtw01 dnsmasq[31125]: read /var/lib/neutron/dhcp/81c338b8-ac85-4f3f-bca9-1579325a371f/addn_hosts - 2 addresses
Nov  3 03:04:47 gtw01 dnsmasq-dhcp[31125]: read /var/lib/neutron/dhcp/81c338b8-ac85-4f3f-bca9-1579325a371f/host
Nov  3 03:04:47 gtw01 dnsmasq-dhcp[31125]: read /var/lib/neutron/dhcp/81c338b8-ac85-4f3f-bca9-1579325a371f/opts
Nov  3 03:04:47 gtw01 haproxy-metadata-proxy-09d08c1d-92d8-4fb5-a4ba-1f75920d6154[31514]: Proxy listener started.
Nov  3 03:04:47 gtw01 kernel: [ 3193.170380] device tap224af54d-3d entered promiscuous mode
Nov  3 03:04:47 gtw01 systemd-udevd[31537]: Could not generate persistent MAC address for tap224af54d-3d: No such file or directory
Nov  3 03:04:47 gtw01 dnsmasq[30696]: read /var/lib/neutron/dhcp/0e718cf7-7b0a-4330-a918-3dd636e6506c/addn_hosts - 3 addresses
Nov  3 03:04:47 gtw01 dnsmasq-dhcp[30696]: read /var/lib/neutron/dhcp/0e718cf7-7b0a-4330-a918-3dd636e6506c/host
Nov  3 03:04:47 gtw01 dnsmasq-dhcp[30696]: read /var/lib/neutron/dhcp/0e718cf7-7b0a-4330-a918-3dd636e6506c/opts
Nov  3 03:04:48 gtw01 kernel: [ 3193.480393] device tap9d410b4d-00 left promiscuous mode
Nov  3 03:04:48 gtw01 dnsmasq[30874]: read /var/lib/neutron/dhcp/6d8ce4a6-ad20-4400-a21f-c386addc649f/addn_hosts - 2 addresses
Nov  3 03:04:48 gtw01 dnsmasq-dhcp[30874]: read /var/lib/neutron/dhcp/6d8ce4a6-ad20-4400-a21f-c386addc649f/host
Nov  3 03:04:48 gtw01 dnsmasq-dhcp[30874]: read /var/lib/neutron/dhcp/6d8ce4a6-ad20-4400-a21f-c386addc649f/opts
Nov  3 03:04:48 gtw01 systemd-udevd[31594]: Process '/sbin/ip link set tap224af54d-3d txqueuelen 10000' failed with exit code 1.
Nov  3 03:04:48 gtw01 dnsmasq[31495]: read /var/lib/neutron/dhcp/09d08c1d-92d8-4fb5-a4ba-1f75920d6154/addn_hosts - 2 addresses
Nov  3 03:04:48 gtw01 dnsmasq-dhcp[31495]: read /var/lib/neutron/dhcp/09d08c1d-92d8-4fb5-a4ba-1f75920d6154/host
Nov  3 03:04:48 gtw01 dnsmasq-dhcp[31495]: read /var/lib/neutron/dhcp/09d08c1d-92d8-4fb5-a4ba-1f75920d6154/opts
Nov  3 03:04:49 gtw01 dnsmasq[31125]: read /var/lib/neutron/dhcp/81c338b8-ac85-4f3f-bca9-1579325a371f/addn_hosts - 2 addresses
Nov  3 03:04:49 gtw01 dnsmasq-dhcp[31125]: read /var/lib/neutron/dhcp/81c338b8-ac85-4f3f-bca9-1579325a371f/host
Nov  3 03:04:49 gtw01 dnsmasq-dhcp[31125]: read /var/lib/neutron/dhcp/81c338b8-ac85-4f3f-bca9-1579325a371f/opts
Nov  3 03:04:50 gtw01 dnsmasq[30696]: read /var/lib/neutron/dhcp/0e718cf7-7b0a-4330-a918-3dd636e6506c/addn_hosts - 3 addresses
Nov  3 03:04:50 gtw01 dnsmasq-dhcp[30696]: read /var/lib/neutron/dhcp/0e718cf7-7b0a-4330-a918-3dd636e6506c/host
Nov  3 03:04:50 gtw01 dnsmasq-dhcp[30696]: read /var/lib/neutron/dhcp/0e718cf7-7b0a-4330-a918-3dd636e6506c/opts
Nov  3 03:04:50 gtw01 kernel: [ 3195.938455] device tap3bf7de28-86 left promiscuous mode
Nov  3 03:04:50 gtw01 dnsmasq[31495]: read /var/lib/neutron/dhcp/09d08c1d-92d8-4fb5-a4ba-1f75920d6154/addn_hosts - 2 addresses
Nov  3 03:04:50 gtw01 dnsmasq-dhcp[31495]: read /var/lib/neutron/dhcp/09d08c1d-92d8-4fb5-a4ba-1f75920d6154/host
Nov  3 03:04:50 gtw01 dnsmasq-dhcp[31495]: read /var/lib/neutron/dhcp/09d08c1d-92d8-4fb5-a4ba-1f75920d6154/opts
Nov  3 03:04:51 gtw01 kernel: [ 3197.205623] device tapa05950a1-66 left promiscuous mode
Nov  3 03:04:52 gtw01 dnsmasq[30696]: read /var/lib/neutron/dhcp/0e718cf7-7b0a-4330-a918-3dd636e6506c/addn_hosts - 2 addresses
Nov  3 03:04:52 gtw01 dnsmasq-dhcp[30696]: read /var/lib/neutron/dhcp/0e718cf7-7b0a-4330-a918-3dd636e6506c/host
Nov  3 03:04:52 gtw01 dnsmasq-dhcp[30696]: read /var/lib/neutron/dhcp/0e718cf7-7b0a-4330-a918-3dd636e6506c/opts
Nov  3 03:04:52 gtw01 dnsmasq[31495]: read /var/lib/neutron/dhcp/09d08c1d-92d8-4fb5-a4ba-1f75920d6154/addn_hosts - 2 addresses
Nov  3 03:04:52 gtw01 dnsmasq-dhcp[31495]: read /var/lib/neutron/dhcp/09d08c1d-92d8-4fb5-a4ba-1f75920d6154/host
Nov  3 03:04:52 gtw01 dnsmasq-dhcp[31495]: read /var/lib/neutron/dhcp/09d08c1d-92d8-4fb5-a4ba-1f75920d6154/opts
Nov  3 03:04:53 gtw01 dnsmasq[30696]: read /var/lib/neutron/dhcp/0e718cf7-7b0a-4330-a918-3dd636e6506c/addn_hosts - 1 addresses
Nov  3 03:04:53 gtw01 dnsmasq-dhcp[30696]: read /var/lib/neutron/dhcp/0e718cf7-7b0a-4330-a918-3dd636e6506c/host
Nov  3 03:04:53 gtw01 dnsmasq-dhcp[30696]: read /var/lib/neutron/dhcp/0e718cf7-7b0a-4330-a918-3dd636e6506c/opts
Nov  3 03:04:53 gtw01 dnsmasq[31800]: started, version 2.80 cachesize 150
Nov  3 03:04:53 gtw01 dnsmasq[31800]: DNS service limited to local subnets
Nov  3 03:04:53 gtw01 dnsmasq[31800]: compile time options: IPv6 GNU-getopt DBus i18n IDN DHCP DHCPv6 no-Lua TFTP conntrack ipset auth DNSSEC loop-detect inotify dumpfile
Nov  3 03:04:53 gtw01 dnsmasq[31800]: warning: no upstream servers configured
Nov  3 03:04:53 gtw01 dnsmasq-dhcp[31800]: DHCP, static leases only on 192.168.120.0, lease time 1h
Nov  3 03:04:53 gtw01 dnsmasq[31800]: read /var/lib/neutron/dhcp/ce8bed73-f1dc-4cc9-8b08-1618dceb21cd/addn_hosts - 1 addresses
Nov  3 03:04:53 gtw01 dnsmasq-dhcp[31800]: read /var/lib/neutron/dhcp/ce8bed73-f1dc-4cc9-8b08-1618dceb21cd/host
Nov  3 03:04:53 gtw01 dnsmasq-dhcp[31800]: read /var/lib/neutron/dhcp/ce8bed73-f1dc-4cc9-8b08-1618dceb21cd/opts
Nov  3 03:04:53 gtw01 dnsmasq[31495]: read /var/lib/neutron/dhcp/09d08c1d-92d8-4fb5-a4ba-1f75920d6154/addn_hosts - 2 addresses
Nov  3 03:04:53 gtw01 dnsmasq-dhcp[31495]: read /var/lib/neutron/dhcp/09d08c1d-92d8-4fb5-a4ba-1f75920d6154/host
Nov  3 03:04:53 gtw01 dnsmasq-dhcp[31495]: read /var/lib/neutron/dhcp/09d08c1d-92d8-4fb5-a4ba-1f75920d6154/opts
Nov  3 03:04:54 gtw01 haproxy-metadata-proxy-ce8bed73-f1dc-4cc9-8b08-1618dceb21cd[31812]: Proxy listener started.
Nov  3 03:04:54 gtw01 dnsmasq[31800]: read /var/lib/neutron/dhcp/ce8bed73-f1dc-4cc9-8b08-1618dceb21cd/addn_hosts - 3 addresses
Nov  3 03:04:54 gtw01 dnsmasq-dhcp[31800]: read /var/lib/neutron/dhcp/ce8bed73-f1dc-4cc9-8b08-1618dceb21cd/host
Nov  3 03:04:54 gtw01 dnsmasq-dhcp[31800]: read /var/lib/neutron/dhcp/ce8bed73-f1dc-4cc9-8b08-1618dceb21cd/opts
Nov  3 03:04:54 gtw01 dnsmasq[31495]: read /var/lib/neutron/dhcp/09d08c1d-92d8-4fb5-a4ba-1f75920d6154/addn_hosts - 2 addresses
Nov  3 03:04:54 gtw01 dnsmasq-dhcp[31495]: read /var/lib/neutron/dhcp/09d08c1d-92d8-4fb5-a4ba-1f75920d6154/host
Nov  3 03:04:54 gtw01 dnsmasq-dhcp[31495]: read /var/lib/neutron/dhcp/09d08c1d-92d8-4fb5-a4ba-1f75920d6154/opts
Nov  3 03:04:55 gtw01 dnsmasq[31800]: read /var/lib/neutron/dhcp/ce8bed73-f1dc-4cc9-8b08-1618dceb21cd/addn_hosts - 3 addresses
Nov  3 03:04:55 gtw01 dnsmasq-dhcp[31800]: read /var/lib/neutron/dhcp/ce8bed73-f1dc-4cc9-8b08-1618dceb21cd/host
Nov  3 03:04:55 gtw01 dnsmasq-dhcp[31800]: read /var/lib/neutron/dhcp/ce8bed73-f1dc-4cc9-8b08-1618dceb21cd/opts
Nov  3 03:04:56 gtw01 dnsmasq[31800]: read /var/lib/neutron/dhcp/ce8bed73-f1dc-4cc9-8b08-1618dceb21cd/addn_hosts - 3 addresses
Nov  3 03:04:56 gtw01 dnsmasq-dhcp[31800]: read /var/lib/neutron/dhcp/ce8bed73-f1dc-4cc9-8b08-1618dceb21cd/host
Nov  3 03:04:56 gtw01 dnsmasq-dhcp[31800]: read /var/lib/neutron/dhcp/ce8bed73-f1dc-4cc9-8b08-1618dceb21cd/opts
Nov  3 03:04:57 gtw01 dnsmasq[31800]: read /var/lib/neutron/dhcp/ce8bed73-f1dc-4cc9-8b08-1618dceb21cd/addn_hosts - 3 addresses
Nov  3 03:04:57 gtw01 dnsmasq-dhcp[31800]: read /var/lib/neutron/dhcp/ce8bed73-f1dc-4cc9-8b08-1618dceb21cd/host
Nov  3 03:04:57 gtw01 dnsmasq-dhcp[31800]: read /var/lib/neutron/dhcp/ce8bed73-f1dc-4cc9-8b08-1618dceb21cd/opts
Nov  3 03:04:58 gtw01 dnsmasq[31800]: read /var/lib/neutron/dhcp/ce8bed73-f1dc-4cc9-8b08-1618dceb21cd/addn_hosts - 3 addresses
Nov  3 03:04:58 gtw01 dnsmasq-dhcp[31800]: read /var/lib/neutron/dhcp/ce8bed73-f1dc-4cc9-8b08-1618dceb21cd/host
Nov  3 03:04:58 gtw01 dnsmasq-dhcp[31800]: read /var/lib/neutron/dhcp/ce8bed73-f1dc-4cc9-8b08-1618dceb21cd/opts
Nov  3 03:04:59 gtw01 dnsmasq[31800]: read /var/lib/neutron/dhcp/ce8bed73-f1dc-4cc9-8b08-1618dceb21cd/addn_hosts - 3 addresses
Nov  3 03:04:59 gtw01 dnsmasq-dhcp[31800]: read /var/lib/neutron/dhcp/ce8bed73-f1dc-4cc9-8b08-1618dceb21cd/host
Nov  3 03:04:59 gtw01 dnsmasq-dhcp[31800]: read /var/lib/neutron/dhcp/ce8bed73-f1dc-4cc9-8b08-1618dceb21cd/opts
Nov  3 03:05:00 gtw01 dnsmasq[31800]: read /var/lib/neutron/dhcp/ce8bed73-f1dc-4cc9-8b08-1618dceb21cd/addn_hosts - 2 addresses
Nov  3 03:05:00 gtw01 dnsmasq-dhcp[31800]: read /var/lib/neutron/dhcp/ce8bed73-f1dc-4cc9-8b08-1618dceb21cd/host
Nov  3 03:05:00 gtw01 dnsmasq-dhcp[31800]: read /var/lib/neutron/dhcp/ce8bed73-f1dc-4cc9-8b08-1618dceb21cd/opts
Nov  3 03:05:01 gtw01 dnsmasq[31800]: read /var/lib/neutron/dhcp/ce8bed73-f1dc-4cc9-8b08-1618dceb21cd/addn_hosts - 1 addresses
Nov  3 03:05:01 gtw01 dnsmasq-dhcp[31800]: read /var/lib/neutron/dhcp/ce8bed73-f1dc-4cc9-8b08-1618dceb21cd/host
Nov  3 03:05:01 gtw01 dnsmasq-dhcp[31800]: read /var/lib/neutron/dhcp/ce8bed73-f1dc-4cc9-8b08-1618dceb21cd/opts
Nov  3 03:05:03 gtw01 dnsmasq[29322]: read /var/lib/neutron/dhcp/bff88216-52c7-425a-a79c-900b85ca8211/addn_hosts - 1 addresses
Nov  3 03:05:03 gtw01 dnsmasq-dhcp[29322]: read /var/lib/neutron/dhcp/bff88216-52c7-425a-a79c-900b85ca8211/host
Nov  3 03:05:03 gtw01 dnsmasq-dhcp[29322]: read /var/lib/neutron/dhcp/bff88216-52c7-425a-a79c-900b85ca8211/opts
Nov  3 03:05:04 gtw01 kernel: [ 3209.367991] device tap224af54d-3d left promiscuous mode
Nov  3 03:05:05 gtw01 kernel: [ 3211.088440] device tap35d9b834-f7 entered promiscuous mode
Nov  3 03:05:05 gtw01 systemd-udevd[32011]: Could not generate persistent MAC address for tap35d9b834-f7: No such file or directory
Nov  3 03:05:05 gtw01 systemd-udevd[32011]: Process '/sbin/ip link set tap35d9b834-f7 txqueuelen 10000' failed with exit code 1.
Nov  3 03:05:05 gtw01 systemd-udevd[32011]: Process '/sbin/ip link set tap35d9b834-f7 txqueuelen 10000' failed with exit code 1.
Nov  3 03:05:09 gtw01 systemd-udevd[32142]: Could not generate persistent MAC address for tap7bf5a759-d8: No such file or directory
Nov  3 03:05:09 gtw01 kernel: [ 3214.430614] device tap7bf5a759-d8 entered promiscuous mode
Nov  3 03:05:09 gtw01 systemd-udevd[32187]: Process '/sbin/ip link set tap7bf5a759-d8 txqueuelen 10000' failed with exit code 1.
Nov  3 03:05:09 gtw01 dnsmasq[32202]: started, version 2.80 cachesize 150
Nov  3 03:05:09 gtw01 dnsmasq[32202]: DNS service limited to local subnets
Nov  3 03:05:09 gtw01 dnsmasq[32202]: compile time options: IPv6 GNU-getopt DBus i18n IDN DHCP DHCPv6 no-Lua TFTP conntrack ipset auth DNSSEC loop-detect inotify dumpfile
Nov  3 03:05:09 gtw01 dnsmasq[32202]: warning: no upstream servers configured
Nov  3 03:05:09 gtw01 dnsmasq-dhcp[32202]: DHCP, static leases only on 192.168.120.0, lease time 1h
Nov  3 03:05:09 gtw01 dnsmasq[32202]: read /var/lib/neutron/dhcp/db78c8ab-eaed-4a84-83cd-2cbf150d1021/addn_hosts - 1 addresses
Nov  3 03:05:09 gtw01 dnsmasq-dhcp[32202]: read /var/lib/neutron/dhcp/db78c8ab-eaed-4a84-83cd-2cbf150d1021/host
Nov  3 03:05:09 gtw01 dnsmasq-dhcp[32202]: read /var/lib/neutron/dhcp/db78c8ab-eaed-4a84-83cd-2cbf150d1021/opts
Nov  3 03:05:09 gtw01 haproxy-metadata-proxy-db78c8ab-eaed-4a84-83cd-2cbf150d1021[32210]: Proxy listener started.
Nov  3 03:05:10 gtw01 dnsmasq[32202]: read /var/lib/neutron/dhcp/db78c8ab-eaed-4a84-83cd-2cbf150d1021/addn_hosts - 1 addresses
Nov  3 03:05:10 gtw01 dnsmasq-dhcp[32202]: read /var/lib/neutron/dhcp/db78c8ab-eaed-4a84-83cd-2cbf150d1021/host
Nov  3 03:05:10 gtw01 dnsmasq-dhcp[32202]: read /var/lib/neutron/dhcp/db78c8ab-eaed-4a84-83cd-2cbf150d1021/opts
Nov  3 03:05:11 gtw01 dnsmasq[32202]: read /var/lib/neutron/dhcp/db78c8ab-eaed-4a84-83cd-2cbf150d1021/addn_hosts - 1 addresses
Nov  3 03:05:11 gtw01 dnsmasq-dhcp[32202]: read /var/lib/neutron/dhcp/db78c8ab-eaed-4a84-83cd-2cbf150d1021/host
Nov  3 03:05:11 gtw01 dnsmasq-dhcp[32202]: read /var/lib/neutron/dhcp/db78c8ab-eaed-4a84-83cd-2cbf150d1021/opts
Nov  3 03:05:12 gtw01 dnsmasq[32293]: started, version 2.80 cachesize 150
Nov  3 03:05:12 gtw01 dnsmasq[32293]: DNS service limited to local subnets
Nov  3 03:05:12 gtw01 dnsmasq[32293]: compile time options: IPv6 GNU-getopt DBus i18n IDN DHCP DHCPv6 no-Lua TFTP conntrack ipset auth DNSSEC loop-detect inotify dumpfile
Nov  3 03:05:12 gtw01 dnsmasq[32293]: warning: no upstream servers configured
Nov  3 03:05:12 gtw01 dnsmasq-dhcp[32293]: DHCPv6, static leases only on 2003:0:0:2::, lease time 1h
Nov  3 03:05:12 gtw01 dnsmasq[32293]: read /var/lib/neutron/dhcp/97570d0d-097d-4be8-b06a-4df746e08f45/addn_hosts - 1 addresses
Nov  3 03:05:12 gtw01 dnsmasq-dhcp[32293]: read /var/lib/neutron/dhcp/97570d0d-097d-4be8-b06a-4df746e08f45/host
Nov  3 03:05:12 gtw01 dnsmasq-dhcp[32293]: read /var/lib/neutron/dhcp/97570d0d-097d-4be8-b06a-4df746e08f45/opts
Nov  3 03:05:12 gtw01 kernel: [ 3218.122942] device tap35d9b834-f7 left promiscuous mode
Nov  3 03:05:13 gtw01 dnsmasq[32293]: read /var/lib/neutron/dhcp/97570d0d-097d-4be8-b06a-4df746e08f45/addn_hosts - 2 addresses
Nov  3 03:05:13 gtw01 dnsmasq-dhcp[32293]: read /var/lib/neutron/dhcp/97570d0d-097d-4be8-b06a-4df746e08f45/host
Nov  3 03:05:13 gtw01 dnsmasq-dhcp[32293]: read /var/lib/neutron/dhcp/97570d0d-097d-4be8-b06a-4df746e08f45/opts
Nov  3 03:05:14 gtw01 dnsmasq[32293]: read /var/lib/neutron/dhcp/97570d0d-097d-4be8-b06a-4df746e08f45/addn_hosts - 2 addresses
Nov  3 03:05:14 gtw01 dnsmasq-dhcp[32293]: read /var/lib/neutron/dhcp/97570d0d-097d-4be8-b06a-4df746e08f45/host
Nov  3 03:05:14 gtw01 dnsmasq-dhcp[32293]: read /var/lib/neutron/dhcp/97570d0d-097d-4be8-b06a-4df746e08f45/opts
Nov  3 03:05:15 gtw01 dnsmasq[32293]: read /var/lib/neutron/dhcp/97570d0d-097d-4be8-b06a-4df746e08f45/addn_hosts - 2 addresses
Nov  3 03:05:15 gtw01 dnsmasq-dhcp[32293]: read /var/lib/neutron/dhcp/97570d0d-097d-4be8-b06a-4df746e08f45/host
Nov  3 03:05:15 gtw01 dnsmasq-dhcp[32293]: read /var/lib/neutron/dhcp/97570d0d-097d-4be8-b06a-4df746e08f45/opts
Nov  3 03:05:16 gtw01 dnsmasq[32293]: read /var/lib/neutron/dhcp/97570d0d-097d-4be8-b06a-4df746e08f45/addn_hosts - 2 addresses
Nov  3 03:05:16 gtw01 dnsmasq-dhcp[32293]: read /var/lib/neutron/dhcp/97570d0d-097d-4be8-b06a-4df746e08f45/host
Nov  3 03:05:16 gtw01 dnsmasq-dhcp[32293]: read /var/lib/neutron/dhcp/97570d0d-097d-4be8-b06a-4df746e08f45/opts
Nov  3 03:05:17 gtw01 dnsmasq[32293]: read /var/lib/neutron/dhcp/97570d0d-097d-4be8-b06a-4df746e08f45/addn_hosts - 2 addresses
Nov  3 03:05:17 gtw01 dnsmasq-dhcp[32293]: read /var/lib/neutron/dhcp/97570d0d-097d-4be8-b06a-4df746e08f45/host
Nov  3 03:05:17 gtw01 dnsmasq-dhcp[32293]: read /var/lib/neutron/dhcp/97570d0d-097d-4be8-b06a-4df746e08f45/opts
Nov  3 03:05:18 gtw01 dnsmasq[32293]: read /var/lib/neutron/dhcp/97570d0d-097d-4be8-b06a-4df746e08f45/addn_hosts - 1 addresses
Nov  3 03:05:18 gtw01 dnsmasq-dhcp[32293]: read /var/lib/neutron/dhcp/97570d0d-097d-4be8-b06a-4df746e08f45/host
Nov  3 03:05:18 gtw01 dnsmasq-dhcp[32293]: read /var/lib/neutron/dhcp/97570d0d-097d-4be8-b06a-4df746e08f45/opts
Nov  3 03:05:24 gtw01 systemd-udevd[32417]: Could not generate persistent MAC address for tap8e22202e-07: No such file or directory
Nov  3 03:05:24 gtw01 kernel: [ 3230.235353] device tap8e22202e-07 entered promiscuous mode
Nov  3 03:05:25 gtw01 systemd-udevd[32417]: Process '/sbin/ip link set tap8e22202e-07 txqueuelen 10000' failed with exit code 1.
Nov  3 03:05:28 gtw01 dnsmasq[32525]: started, version 2.80 cachesize 150
Nov  3 03:05:28 gtw01 dnsmasq[32525]: DNS service limited to local subnets
Nov  3 03:05:28 gtw01 dnsmasq[32525]: compile time options: IPv6 GNU-getopt DBus i18n IDN DHCP DHCPv6 no-Lua TFTP conntrack ipset auth DNSSEC loop-detect inotify dumpfile
Nov  3 03:05:28 gtw01 dnsmasq[32525]: warning: no upstream servers configured
Nov  3 03:05:28 gtw01 dnsmasq-dhcp[32525]: DHCP, static leases only on 192.168.120.16, lease time 1h
Nov  3 03:05:28 gtw01 dnsmasq[32525]: read /var/lib/neutron/dhcp/563978de-de85-440d-b7e8-72ad485085b8/addn_hosts - 1 addresses
Nov  3 03:05:28 gtw01 dnsmasq-dhcp[32525]: read /var/lib/neutron/dhcp/563978de-de85-440d-b7e8-72ad485085b8/host
Nov  3 03:05:28 gtw01 dnsmasq-dhcp[32525]: read /var/lib/neutron/dhcp/563978de-de85-440d-b7e8-72ad485085b8/opts
Nov  3 03:05:28 gtw01 haproxy-metadata-proxy-563978de-de85-440d-b7e8-72ad485085b8[32529]: Proxy listener started.
Nov  3 03:05:29 gtw01 dnsmasq[32525]: read /var/lib/neutron/dhcp/563978de-de85-440d-b7e8-72ad485085b8/addn_hosts - 1 addresses
Nov  3 03:05:29 gtw01 dnsmasq-dhcp[32525]: read /var/lib/neutron/dhcp/563978de-de85-440d-b7e8-72ad485085b8/host
Nov  3 03:05:29 gtw01 dnsmasq-dhcp[32525]: read /var/lib/neutron/dhcp/563978de-de85-440d-b7e8-72ad485085b8/opts
Nov  3 03:05:30 gtw01 dnsmasq[32525]: read /var/lib/neutron/dhcp/563978de-de85-440d-b7e8-72ad485085b8/addn_hosts - 1 addresses
Nov  3 03:05:30 gtw01 dnsmasq-dhcp[32525]: read /var/lib/neutron/dhcp/563978de-de85-440d-b7e8-72ad485085b8/host
Nov  3 03:05:30 gtw01 dnsmasq-dhcp[32525]: read /var/lib/neutron/dhcp/563978de-de85-440d-b7e8-72ad485085b8/opts
Nov  3 03:05:31 gtw01 dnsmasq[32525]: read /var/lib/neutron/dhcp/563978de-de85-440d-b7e8-72ad485085b8/addn_hosts - 2 addresses
Nov  3 03:05:31 gtw01 dnsmasq-dhcp[32525]: read /var/lib/neutron/dhcp/563978de-de85-440d-b7e8-72ad485085b8/host
Nov  3 03:05:31 gtw01 dnsmasq-dhcp[32525]: read /var/lib/neutron/dhcp/563978de-de85-440d-b7e8-72ad485085b8/opts
Nov  3 03:05:32 gtw01 dnsmasq[32525]: read /var/lib/neutron/dhcp/563978de-de85-440d-b7e8-72ad485085b8/addn_hosts - 2 addresses
Nov  3 03:05:32 gtw01 dnsmasq-dhcp[32525]: read /var/lib/neutron/dhcp/563978de-de85-440d-b7e8-72ad485085b8/host
Nov  3 03:05:32 gtw01 dnsmasq-dhcp[32525]: read /var/lib/neutron/dhcp/563978de-de85-440d-b7e8-72ad485085b8/opts
Nov  3 03:05:33 gtw01 kernel: [ 3238.662533] device tap8e22202e-07 left promiscuous mode
Nov  3 03:05:37 gtw01 kernel: [ 3242.337144] device tap7e418ca9-9f entered promiscuous mode
Nov  3 03:05:37 gtw01 systemd-udevd[32625]: Could not generate persistent MAC address for tap7e418ca9-9f: No such file or directory
Nov  3 03:05:37 gtw01 systemd-udevd[32625]: Process '/sbin/ip link set tap7e418ca9-9f txqueuelen 10000' failed with exit code 1.
Nov  3 03:05:37 gtw01 systemd-udevd[32625]: Process '/sbin/ip link set tap7e418ca9-9f txqueuelen 10000' failed with exit code 1.
Nov  3 03:05:40 gtw01 dnsmasq[32740]: started, version 2.80 cachesize 150
Nov  3 03:05:40 gtw01 dnsmasq[32740]: DNS service limited to local subnets
Nov  3 03:05:40 gtw01 dnsmasq[32740]: compile time options: IPv6 GNU-getopt DBus i18n IDN DHCP DHCPv6 no-Lua TFTP conntrack ipset auth DNSSEC loop-detect inotify dumpfile
Nov  3 03:05:40 gtw01 dnsmasq[32740]: warning: no upstream servers configured
Nov  3 03:05:40 gtw01 dnsmasq-dhcp[32740]: DHCP, static leases only on 192.168.120.32, lease time 1h
Nov  3 03:05:40 gtw01 dnsmasq[32740]: read /var/lib/neutron/dhcp/79a4e62d-98db-40e1-bec6-ca5c3dcc7a6d/addn_hosts - 1 addresses
Nov  3 03:05:40 gtw01 dnsmasq-dhcp[32740]: read /var/lib/neutron/dhcp/79a4e62d-98db-40e1-bec6-ca5c3dcc7a6d/host
Nov  3 03:05:40 gtw01 dnsmasq-dhcp[32740]: read /var/lib/neutron/dhcp/79a4e62d-98db-40e1-bec6-ca5c3dcc7a6d/opts
Nov  3 03:05:40 gtw01 kernel: [ 3245.853908] device tap6b69edbe-2c left promiscuous mode
Nov  3 03:05:40 gtw01 haproxy-metadata-proxy-79a4e62d-98db-40e1-bec6-ca5c3dcc7a6d[32746]: Proxy listener started.
Nov  3 03:05:41 gtw01 dnsmasq[32740]: read /var/lib/neutron/dhcp/79a4e62d-98db-40e1-bec6-ca5c3dcc7a6d/addn_hosts - 2 addresses
Nov  3 03:05:41 gtw01 dnsmasq-dhcp[32740]: read /var/lib/neutron/dhcp/79a4e62d-98db-40e1-bec6-ca5c3dcc7a6d/host
Nov  3 03:05:41 gtw01 dnsmasq-dhcp[32740]: read /var/lib/neutron/dhcp/79a4e62d-98db-40e1-bec6-ca5c3dcc7a6d/opts
Nov  3 03:05:42 gtw01 dnsmasq[31495]: read /var/lib/neutron/dhcp/09d08c1d-92d8-4fb5-a4ba-1f75920d6154/addn_hosts - 1 addresses
Nov  3 03:05:42 gtw01 dnsmasq-dhcp[31495]: read /var/lib/neutron/dhcp/09d08c1d-92d8-4fb5-a4ba-1f75920d6154/host
Nov  3 03:05:42 gtw01 dnsmasq-dhcp[31495]: read /var/lib/neutron/dhcp/09d08c1d-92d8-4fb5-a4ba-1f75920d6154/opts
Nov  3 03:05:42 gtw01 kernel: [ 3247.597606] device tapd846f94b-87 left promiscuous mode
Nov  3 03:05:42 gtw01 dnsmasq[32740]: read /var/lib/neutron/dhcp/79a4e62d-98db-40e1-bec6-ca5c3dcc7a6d/addn_hosts - 2 addresses
Nov  3 03:05:42 gtw01 dnsmasq-dhcp[32740]: read /var/lib/neutron/dhcp/79a4e62d-98db-40e1-bec6-ca5c3dcc7a6d/host
Nov  3 03:05:42 gtw01 dnsmasq-dhcp[32740]: read /var/lib/neutron/dhcp/79a4e62d-98db-40e1-bec6-ca5c3dcc7a6d/opts
Nov  3 03:05:43 gtw01 dnsmasq[32740]: read /var/lib/neutron/dhcp/79a4e62d-98db-40e1-bec6-ca5c3dcc7a6d/addn_hosts - 2 addresses
Nov  3 03:05:43 gtw01 dnsmasq-dhcp[32740]: read /var/lib/neutron/dhcp/79a4e62d-98db-40e1-bec6-ca5c3dcc7a6d/host
Nov  3 03:05:43 gtw01 dnsmasq-dhcp[32740]: read /var/lib/neutron/dhcp/79a4e62d-98db-40e1-bec6-ca5c3dcc7a6d/opts
Nov  3 03:05:43 gtw01 kernel: [ 3249.211378] device tap7bf5a759-d8 left promiscuous mode
Nov  3 03:05:44 gtw01 dnsmasq[32740]: read /var/lib/neutron/dhcp/79a4e62d-98db-40e1-bec6-ca5c3dcc7a6d/addn_hosts - 2 addresses
Nov  3 03:05:44 gtw01 dnsmasq-dhcp[32740]: read /var/lib/neutron/dhcp/79a4e62d-98db-40e1-bec6-ca5c3dcc7a6d/host
Nov  3 03:05:44 gtw01 dnsmasq-dhcp[32740]: read /var/lib/neutron/dhcp/79a4e62d-98db-40e1-bec6-ca5c3dcc7a6d/opts
Nov  3 03:05:45 gtw01 dnsmasq[32740]: read /var/lib/neutron/dhcp/79a4e62d-98db-40e1-bec6-ca5c3dcc7a6d/addn_hosts - 2 addresses
Nov  3 03:05:45 gtw01 dnsmasq-dhcp[32740]: read /var/lib/neutron/dhcp/79a4e62d-98db-40e1-bec6-ca5c3dcc7a6d/host
Nov  3 03:05:45 gtw01 dnsmasq-dhcp[32740]: read /var/lib/neutron/dhcp/79a4e62d-98db-40e1-bec6-ca5c3dcc7a6d/opts
Nov  3 03:05:46 gtw01 dnsmasq[32740]: read /var/lib/neutron/dhcp/79a4e62d-98db-40e1-bec6-ca5c3dcc7a6d/addn_hosts - 1 addresses
Nov  3 03:05:46 gtw01 dnsmasq-dhcp[32740]: read /var/lib/neutron/dhcp/79a4e62d-98db-40e1-bec6-ca5c3dcc7a6d/host
Nov  3 03:05:46 gtw01 dnsmasq-dhcp[32740]: read /var/lib/neutron/dhcp/79a4e62d-98db-40e1-bec6-ca5c3dcc7a6d/opts
Nov  3 03:05:47 gtw01 systemd-udevd[438]: Could not generate persistent MAC address for tap02e2f6e7-3c: No such file or directory
Nov  3 03:05:47 gtw01 kernel: [ 3253.159298] device tap02e2f6e7-3c entered promiscuous mode
Nov  3 03:05:47 gtw01 systemd-udevd[488]: Process '/sbin/ip link set tap02e2f6e7-3c txqueuelen 10000' failed with exit code 1.
Nov  3 03:05:48 gtw01 kernel: [ 3253.341173] device tap7e418ca9-9f left promiscuous mode
Nov  3 03:05:51 gtw01 dnsmasq[553]: started, version 2.80 cachesize 150
Nov  3 03:05:51 gtw01 dnsmasq[553]: DNS service limited to local subnets
Nov  3 03:05:51 gtw01 dnsmasq[553]: compile time options: IPv6 GNU-getopt DBus i18n IDN DHCP DHCPv6 no-Lua TFTP conntrack ipset auth DNSSEC loop-detect inotify dumpfile
Nov  3 03:05:51 gtw01 dnsmasq[553]: warning: no upstream servers configured
Nov  3 03:05:51 gtw01 dnsmasq-dhcp[553]: DHCP, static leases only on 192.168.120.32, lease time 1h
Nov  3 03:05:51 gtw01 dnsmasq[553]: read /var/lib/neutron/dhcp/090009c1-c8ae-4d30-9b71-90ad5704a905/addn_hosts - 1 addresses
Nov  3 03:05:51 gtw01 dnsmasq-dhcp[553]: read /var/lib/neutron/dhcp/090009c1-c8ae-4d30-9b71-90ad5704a905/host
Nov  3 03:05:51 gtw01 dnsmasq-dhcp[553]: read /var/lib/neutron/dhcp/090009c1-c8ae-4d30-9b71-90ad5704a905/opts
Nov  3 03:05:51 gtw01 haproxy-metadata-proxy-090009c1-c8ae-4d30-9b71-90ad5704a905[557]: Proxy listener started.
Nov  3 03:05:52 gtw01 dnsmasq[553]: read /var/lib/neutron/dhcp/090009c1-c8ae-4d30-9b71-90ad5704a905/addn_hosts - 2 addresses
Nov  3 03:05:52 gtw01 dnsmasq-dhcp[553]: read /var/lib/neutron/dhcp/090009c1-c8ae-4d30-9b71-90ad5704a905/host
Nov  3 03:05:52 gtw01 dnsmasq-dhcp[553]: read /var/lib/neutron/dhcp/090009c1-c8ae-4d30-9b71-90ad5704a905/opts
Nov  3 03:05:53 gtw01 dnsmasq[553]: read /var/lib/neutron/dhcp/090009c1-c8ae-4d30-9b71-90ad5704a905/addn_hosts - 2 addresses
Nov  3 03:05:53 gtw01 dnsmasq-dhcp[553]: read /var/lib/neutron/dhcp/090009c1-c8ae-4d30-9b71-90ad5704a905/host
Nov  3 03:05:53 gtw01 dnsmasq-dhcp[553]: read /var/lib/neutron/dhcp/090009c1-c8ae-4d30-9b71-90ad5704a905/opts
Nov  3 03:05:54 gtw01 dnsmasq[553]: read /var/lib/neutron/dhcp/090009c1-c8ae-4d30-9b71-90ad5704a905/addn_hosts - 2 addresses
Nov  3 03:05:54 gtw01 dnsmasq-dhcp[553]: read /var/lib/neutron/dhcp/090009c1-c8ae-4d30-9b71-90ad5704a905/host
Nov  3 03:05:54 gtw01 dnsmasq-dhcp[553]: read /var/lib/neutron/dhcp/090009c1-c8ae-4d30-9b71-90ad5704a905/opts
Nov  3 03:05:55 gtw01 dnsmasq[553]: read /var/lib/neutron/dhcp/090009c1-c8ae-4d30-9b71-90ad5704a905/addn_hosts - 2 addresses
Nov  3 03:05:55 gtw01 dnsmasq-dhcp[553]: read /var/lib/neutron/dhcp/090009c1-c8ae-4d30-9b71-90ad5704a905/host
Nov  3 03:05:55 gtw01 dnsmasq-dhcp[553]: read /var/lib/neutron/dhcp/090009c1-c8ae-4d30-9b71-90ad5704a905/opts
Nov  3 03:05:56 gtw01 dnsmasq[553]: read /var/lib/neutron/dhcp/090009c1-c8ae-4d30-9b71-90ad5704a905/addn_hosts - 2 addresses
Nov  3 03:05:56 gtw01 dnsmasq-dhcp[553]: read /var/lib/neutron/dhcp/090009c1-c8ae-4d30-9b71-90ad5704a905/host
Nov  3 03:05:56 gtw01 dnsmasq-dhcp[553]: read /var/lib/neutron/dhcp/090009c1-c8ae-4d30-9b71-90ad5704a905/opts
Nov  3 03:05:57 gtw01 dnsmasq[553]: read /var/lib/neutron/dhcp/090009c1-c8ae-4d30-9b71-90ad5704a905/addn_hosts - 1 addresses
Nov  3 03:05:57 gtw01 dnsmasq-dhcp[553]: read /var/lib/neutron/dhcp/090009c1-c8ae-4d30-9b71-90ad5704a905/host
Nov  3 03:05:57 gtw01 dnsmasq-dhcp[553]: read /var/lib/neutron/dhcp/090009c1-c8ae-4d30-9b71-90ad5704a905/opts
Nov  3 03:05:59 gtw01 kernel: [ 3264.909559] device tap767de7c5-07 entered promiscuous mode
Nov  3 03:05:59 gtw01 systemd-udevd[687]: Could not generate persistent MAC address for tap767de7c5-07: No such file or directory
Nov  3 03:05:59 gtw01 systemd-udevd[732]: Process '/sbin/ip link set tap767de7c5-07 txqueuelen 10000' failed with exit code 1.
Nov  3 03:06:00 gtw01 kernel: [ 3265.304266] device tapd6a4136a-29 entered promiscuous mode
Nov  3 03:06:00 gtw01 systemd-udevd[758]: Could not generate persistent MAC address for tapd6a4136a-29: No such file or directory
Nov  3 03:06:00 gtw01 systemd-udevd[804]: Process '/sbin/ip link set tapd6a4136a-29 txqueuelen 10000' failed with exit code 1.
Nov  3 03:06:03 gtw01 dnsmasq[911]: started, version 2.80 cachesize 150
Nov  3 03:06:03 gtw01 dnsmasq[911]: DNS service limited to local subnets
Nov  3 03:06:03 gtw01 dnsmasq[911]: compile time options: IPv6 GNU-getopt DBus i18n IDN DHCP DHCPv6 no-Lua TFTP conntrack ipset auth DNSSEC loop-detect inotify dumpfile
Nov  3 03:06:03 gtw01 dnsmasq[911]: warning: no upstream servers configured
Nov  3 03:06:03 gtw01 dnsmasq-dhcp[911]: DHCP, static leases only on 192.168.120.64, lease time 1h
Nov  3 03:06:03 gtw01 dnsmasq[911]: read /var/lib/neutron/dhcp/84427bed-466e-42ed-870c-681401650e4f/addn_hosts - 1 addresses
Nov  3 03:06:03 gtw01 dnsmasq-dhcp[911]: read /var/lib/neutron/dhcp/84427bed-466e-42ed-870c-681401650e4f/host
Nov  3 03:06:03 gtw01 dnsmasq-dhcp[911]: read /var/lib/neutron/dhcp/84427bed-466e-42ed-870c-681401650e4f/opts
Nov  3 03:06:03 gtw01 dnsmasq[918]: started, version 2.80 cachesize 150
Nov  3 03:06:03 gtw01 dnsmasq[918]: DNS service limited to local subnets
Nov  3 03:06:03 gtw01 dnsmasq[918]: compile time options: IPv6 GNU-getopt DBus i18n IDN DHCP DHCPv6 no-Lua TFTP conntrack ipset auth DNSSEC loop-detect inotify dumpfile
Nov  3 03:06:03 gtw01 dnsmasq[918]: warning: no upstream servers configured
Nov  3 03:06:03 gtw01 dnsmasq-dhcp[918]: DHCP, static leases only on 192.168.120.0, lease time 1h
Nov  3 03:06:03 gtw01 dnsmasq[918]: read /var/lib/neutron/dhcp/bdfa9225-8f24-420f-a5bd-477e1f03742a/addn_hosts - 1 addresses
Nov  3 03:06:03 gtw01 dnsmasq-dhcp[918]: read /var/lib/neutron/dhcp/bdfa9225-8f24-420f-a5bd-477e1f03742a/host
Nov  3 03:06:03 gtw01 dnsmasq-dhcp[918]: read /var/lib/neutron/dhcp/bdfa9225-8f24-420f-a5bd-477e1f03742a/opts
Nov  3 03:06:03 gtw01 haproxy-metadata-proxy-84427bed-466e-42ed-870c-681401650e4f[920]: Proxy listener started.
Nov  3 03:06:03 gtw01 haproxy-metadata-proxy-bdfa9225-8f24-420f-a5bd-477e1f03742a[926]: Proxy listener started.
Nov  3 03:06:04 gtw01 kernel: [ 3269.512814] device tap767de7c5-07 left promiscuous mode
Nov  3 03:06:04 gtw01 kernel: [ 3269.846920] device tapd6a4136a-29 left promiscuous mode
Nov  3 03:06:08 gtw01 kernel: [ 3273.300542] device tapdfe1edd4-bc entered promiscuous mode
Nov  3 03:06:08 gtw01 systemd-udevd[964]: Could not generate persistent MAC address for tapdfe1edd4-bc: No such file or directory
Nov  3 03:06:08 gtw01 systemd-udevd[964]: Process '/sbin/ip link set tapdfe1edd4-bc txqueuelen 10000' failed with exit code 1.
Nov  3 03:06:08 gtw01 systemd-udevd[1015]: Process '/sbin/ip link set tapdfe1edd4-bc txqueuelen 10000' failed with exit code 1.
Nov  3 03:06:11 gtw01 dnsmasq[1076]: started, version 2.80 cachesize 150
Nov  3 03:06:11 gtw01 dnsmasq[1076]: DNS service limited to local subnets
Nov  3 03:06:11 gtw01 dnsmasq[1076]: compile time options: IPv6 GNU-getopt DBus i18n IDN DHCP DHCPv6 no-Lua TFTP conntrack ipset auth DNSSEC loop-detect inotify dumpfile
Nov  3 03:06:11 gtw01 dnsmasq[1076]: warning: no upstream servers configured
Nov  3 03:06:11 gtw01 dnsmasq-dhcp[1076]: DHCP, static leases only on 192.168.120.80, lease time 1h
Nov  3 03:06:11 gtw01 dnsmasq[1076]: read /var/lib/neutron/dhcp/88e85969-4aa4-471f-9a67-23b6e37c9601/addn_hosts - 1 addresses
Nov  3 03:06:11 gtw01 dnsmasq-dhcp[1076]: read /var/lib/neutron/dhcp/88e85969-4aa4-471f-9a67-23b6e37c9601/host
Nov  3 03:06:11 gtw01 dnsmasq-dhcp[1076]: read /var/lib/neutron/dhcp/88e85969-4aa4-471f-9a67-23b6e37c9601/opts
Nov  3 03:06:11 gtw01 haproxy-metadata-proxy-88e85969-4aa4-471f-9a67-23b6e37c9601[1080]: Proxy listener started.
Nov  3 03:06:12 gtw01 kernel: [ 3277.432262] device tapdfe1edd4-bc left promiscuous mode
Nov  3 03:06:24 gtw01 kernel: [ 3289.814900] device tap0b9818de-5b left promiscuous mode
Nov  3 03:06:26 gtw01 kernel: [ 3291.488372] device tap828523de-5d left promiscuous mode
Nov  3 03:06:28 gtw01 kernel: [ 3293.498381] device tap02e2f6e7-3c left promiscuous mode
Nov  3 03:06:31 gtw01 systemd-udevd[1139]: Could not generate persistent MAC address for tap5bb61f0a-f8: No such file or directory
Nov  3 03:06:31 gtw01 kernel: [ 3296.650600] device tap5bb61f0a-f8 entered promiscuous mode
Nov  3 03:06:31 gtw01 systemd-udevd[1139]: Process '/sbin/ip link set tap5bb61f0a-f8 txqueuelen 10000' failed with exit code 1.
Nov  3 03:06:31 gtw01 systemd-udevd[1192]: Process '/sbin/ip link set tap5bb61f0a-f8 txqueuelen 10000' failed with exit code 1.
Nov  3 03:06:33 gtw01 systemd-udevd[1257]: Could not generate persistent MAC address for tap0ebeeb9f-02: No such file or directory
Nov  3 03:06:33 gtw01 kernel: [ 3299.160862] device tap0ebeeb9f-02 entered promiscuous mode
Nov  3 03:06:33 gtw01 systemd-udevd[1309]: Process '/sbin/ip link set tap0ebeeb9f-02 txqueuelen 10000' failed with exit code 1.
Nov  3 03:06:34 gtw01 dnsmasq[1344]: started, version 2.80 cachesize 150
Nov  3 03:06:34 gtw01 dnsmasq[1344]: DNS service limited to local subnets
Nov  3 03:06:34 gtw01 dnsmasq[1344]: compile time options: IPv6 GNU-getopt DBus i18n IDN DHCP DHCPv6 no-Lua TFTP conntrack ipset auth DNSSEC loop-detect inotify dumpfile
Nov  3 03:06:34 gtw01 dnsmasq[1344]: warning: no upstream servers configured
Nov  3 03:06:34 gtw01 dnsmasq-dhcp[1344]: DHCP, static leases only on 192.168.120.0, lease time 1h
Nov  3 03:06:34 gtw01 dnsmasq[1344]: read /var/lib/neutron/dhcp/b40d6ee2-d284-4f7a-ab8b-e237ba3711dc/addn_hosts - 1 addresses
Nov  3 03:06:34 gtw01 dnsmasq-dhcp[1344]: read /var/lib/neutron/dhcp/b40d6ee2-d284-4f7a-ab8b-e237ba3711dc/host
Nov  3 03:06:34 gtw01 dnsmasq-dhcp[1344]: read /var/lib/neutron/dhcp/b40d6ee2-d284-4f7a-ab8b-e237ba3711dc/opts
Nov  3 03:06:35 gtw01 haproxy-metadata-proxy-b40d6ee2-d284-4f7a-ab8b-e237ba3711dc[1353]: Proxy listener started.
Nov  3 03:06:36 gtw01 dnsmasq[1344]: read /var/lib/neutron/dhcp/b40d6ee2-d284-4f7a-ab8b-e237ba3711dc/addn_hosts - 1 addresses
Nov  3 03:06:36 gtw01 dnsmasq-dhcp[1344]: read /var/lib/neutron/dhcp/b40d6ee2-d284-4f7a-ab8b-e237ba3711dc/host
Nov  3 03:06:36 gtw01 dnsmasq-dhcp[1344]: read /var/lib/neutron/dhcp/b40d6ee2-d284-4f7a-ab8b-e237ba3711dc/opts
Nov  3 03:06:37 gtw01 dnsmasq[1344]: read /var/lib/neutron/dhcp/b40d6ee2-d284-4f7a-ab8b-e237ba3711dc/addn_hosts - 1 addresses
Nov  3 03:06:37 gtw01 dnsmasq-dhcp[1344]: read /var/lib/neutron/dhcp/b40d6ee2-d284-4f7a-ab8b-e237ba3711dc/host
Nov  3 03:06:37 gtw01 dnsmasq-dhcp[1344]: read /var/lib/neutron/dhcp/b40d6ee2-d284-4f7a-ab8b-e237ba3711dc/opts
Nov  3 03:06:37 gtw01 dnsmasq[1423]: started, version 2.80 cachesize 150
Nov  3 03:06:37 gtw01 dnsmasq[1423]: DNS service limited to local subnets
Nov  3 03:06:37 gtw01 dnsmasq[1423]: compile time options: IPv6 GNU-getopt DBus i18n IDN DHCP DHCPv6 no-Lua TFTP conntrack ipset auth DNSSEC loop-detect inotify dumpfile
Nov  3 03:06:37 gtw01 dnsmasq[1423]: warning: no upstream servers configured
Nov  3 03:06:37 gtw01 dnsmasq-dhcp[1423]: DHCP, static leases only on 192.168.120.16, lease time 1h
Nov  3 03:06:37 gtw01 dnsmasq[1423]: read /var/lib/neutron/dhcp/40df4cf7-6cc7-4d58-8339-c256407cf856/addn_hosts - 1 addresses
Nov  3 03:06:37 gtw01 dnsmasq-dhcp[1423]: read /var/lib/neutron/dhcp/40df4cf7-6cc7-4d58-8339-c256407cf856/host
Nov  3 03:06:37 gtw01 dnsmasq-dhcp[1423]: read /var/lib/neutron/dhcp/40df4cf7-6cc7-4d58-8339-c256407cf856/opts
Nov  3 03:06:37 gtw01 haproxy-metadata-proxy-40df4cf7-6cc7-4d58-8339-c256407cf856[1430]: Proxy listener started.
Nov  3 03:06:38 gtw01 dnsmasq[1344]: read /var/lib/neutron/dhcp/b40d6ee2-d284-4f7a-ab8b-e237ba3711dc/addn_hosts - 1 addresses
Nov  3 03:06:38 gtw01 dnsmasq-dhcp[1344]: read /var/lib/neutron/dhcp/b40d6ee2-d284-4f7a-ab8b-e237ba3711dc/host
Nov  3 03:06:38 gtw01 dnsmasq-dhcp[1344]: read /var/lib/neutron/dhcp/b40d6ee2-d284-4f7a-ab8b-e237ba3711dc/opts
Nov  3 03:06:38 gtw01 kernel: [ 3303.417937] device tap0ebeeb9f-02 left promiscuous mode
Nov  3 03:06:42 gtw01 kernel: [ 3307.825903] device tap5bb61f0a-f8 left promiscuous mode
Nov  3 03:06:59 gtw01 kernel: [ 3324.319680] device tap68b45615-d7 entered promiscuous mode
Nov  3 03:06:59 gtw01 systemd-udevd[1487]: Could not generate persistent MAC address for tap68b45615-d7: No such file or directory
Nov  3 03:06:59 gtw01 systemd-udevd[1532]: Process '/sbin/ip link set tap68b45615-d7 txqueuelen 10000' failed with exit code 1.
Nov  3 03:07:02 gtw01 dnsmasq[1595]: started, version 2.80 cachesize 150
Nov  3 03:07:02 gtw01 dnsmasq[1595]: DNS service limited to local subnets
Nov  3 03:07:02 gtw01 dnsmasq[1595]: compile time options: IPv6 GNU-getopt DBus i18n IDN DHCP DHCPv6 no-Lua TFTP conntrack ipset auth DNSSEC loop-detect inotify dumpfile
Nov  3 03:07:02 gtw01 dnsmasq[1595]: warning: no upstream servers configured
Nov  3 03:07:02 gtw01 dnsmasq-dhcp[1595]: DHCP, static leases only on 192.168.120.0, lease time 1h
Nov  3 03:07:02 gtw01 dnsmasq[1595]: read /var/lib/neutron/dhcp/8cb002ae-53d0-4a88-b33f-666328c250f2/addn_hosts - 1 addresses
Nov  3 03:07:02 gtw01 dnsmasq-dhcp[1595]: read /var/lib/neutron/dhcp/8cb002ae-53d0-4a88-b33f-666328c250f2/host
Nov  3 03:07:02 gtw01 dnsmasq-dhcp[1595]: read /var/lib/neutron/dhcp/8cb002ae-53d0-4a88-b33f-666328c250f2/opts
Nov  3 03:07:02 gtw01 haproxy-metadata-proxy-8cb002ae-53d0-4a88-b33f-666328c250f2[1599]: Proxy listener started.
Nov  3 03:07:03 gtw01 dnsmasq[1595]: read /var/lib/neutron/dhcp/8cb002ae-53d0-4a88-b33f-666328c250f2/addn_hosts - 2 addresses
Nov  3 03:07:03 gtw01 dnsmasq-dhcp[1595]: read /var/lib/neutron/dhcp/8cb002ae-53d0-4a88-b33f-666328c250f2/host
Nov  3 03:07:03 gtw01 dnsmasq-dhcp[1595]: read /var/lib/neutron/dhcp/8cb002ae-53d0-4a88-b33f-666328c250f2/opts
Nov  3 03:07:04 gtw01 dnsmasq[1595]: read /var/lib/neutron/dhcp/8cb002ae-53d0-4a88-b33f-666328c250f2/addn_hosts - 2 addresses
Nov  3 03:07:04 gtw01 dnsmasq-dhcp[1595]: read /var/lib/neutron/dhcp/8cb002ae-53d0-4a88-b33f-666328c250f2/host
Nov  3 03:07:04 gtw01 dnsmasq-dhcp[1595]: read /var/lib/neutron/dhcp/8cb002ae-53d0-4a88-b33f-666328c250f2/opts
