Nov  3 05:45:01 gtw01 dnsmasq-dhcp[7392]: read /var/lib/neutron/dhcp/25ce80c7-99b8-40c4-ac59-171cac4c87a4/opts
Nov  3 05:45:02 gtw01 kernel: [12807.447816] device tap551d431f-8c entered promiscuous mode
Nov  3 05:45:02 gtw01 systemd-udevd[8060]: Process '/sbin/ip link set tap551d431f-8c txqueuelen 10000' failed with exit code 1.
Nov  3 05:45:03 gtw01 dnsmasq[7507]: read /var/lib/neutron/dhcp/2a3220af-9d76-4bc4-be1b-fac93d394536/addn_hosts - 2 addresses
Nov  3 05:45:03 gtw01 dnsmasq-dhcp[7507]: read /var/lib/neutron/dhcp/2a3220af-9d76-4bc4-be1b-fac93d394536/host
Nov  3 05:45:03 gtw01 dnsmasq-dhcp[7507]: read /var/lib/neutron/dhcp/2a3220af-9d76-4bc4-be1b-fac93d394536/opts
Nov  3 05:45:03 gtw01 dnsmasq[7917]: read /var/lib/neutron/dhcp/9990e4b7-c81c-41e8-82b7-334e74f03f77/addn_hosts - 2 addresses
Nov  3 05:45:03 gtw01 dnsmasq-dhcp[7917]: read /var/lib/neutron/dhcp/9990e4b7-c81c-41e8-82b7-334e74f03f77/host
Nov  3 05:45:03 gtw01 dnsmasq-dhcp[7917]: read /var/lib/neutron/dhcp/9990e4b7-c81c-41e8-82b7-334e74f03f77/opts
Nov  3 05:45:03 gtw01 dnsmasq[7707]: read /var/lib/neutron/dhcp/c9063c08-d4bb-4dd3-aec4-0a7684e0da87/addn_hosts - 2 addresses
Nov  3 05:45:03 gtw01 dnsmasq-dhcp[7707]: read /var/lib/neutron/dhcp/c9063c08-d4bb-4dd3-aec4-0a7684e0da87/host
Nov  3 05:45:03 gtw01 dnsmasq-dhcp[7707]: read /var/lib/neutron/dhcp/c9063c08-d4bb-4dd3-aec4-0a7684e0da87/opts
Nov  3 05:45:04 gtw01 dnsmasq[7610]: read /var/lib/neutron/dhcp/5e607032-fa03-4c94-80f1-a17fde3e180c/addn_hosts - 2 addresses
Nov  3 05:45:04 gtw01 dnsmasq-dhcp[7610]: read /var/lib/neutron/dhcp/5e607032-fa03-4c94-80f1-a17fde3e180c/host
Nov  3 05:45:04 gtw01 dnsmasq-dhcp[7610]: read /var/lib/neutron/dhcp/5e607032-fa03-4c94-80f1-a17fde3e180c/opts
Nov  3 05:45:05 gtw01 dnsmasq[7392]: read /var/lib/neutron/dhcp/25ce80c7-99b8-40c4-ac59-171cac4c87a4/addn_hosts - 2 addresses
Nov  3 05:45:05 gtw01 dnsmasq-dhcp[7392]: read /var/lib/neutron/dhcp/25ce80c7-99b8-40c4-ac59-171cac4c87a4/host
Nov  3 05:45:05 gtw01 dnsmasq-dhcp[7392]: read /var/lib/neutron/dhcp/25ce80c7-99b8-40c4-ac59-171cac4c87a4/opts
Nov  3 05:45:06 gtw01 dnsmasq[7917]: read /var/lib/neutron/dhcp/9990e4b7-c81c-41e8-82b7-334e74f03f77/addn_hosts - 2 addresses
Nov  3 05:45:06 gtw01 dnsmasq-dhcp[7917]: read /var/lib/neutron/dhcp/9990e4b7-c81c-41e8-82b7-334e74f03f77/host
Nov  3 05:45:06 gtw01 dnsmasq-dhcp[7917]: read /var/lib/neutron/dhcp/9990e4b7-c81c-41e8-82b7-334e74f03f77/opts
Nov  3 05:45:06 gtw01 dnsmasq[7507]: read /var/lib/neutron/dhcp/2a3220af-9d76-4bc4-be1b-fac93d394536/addn_hosts - 2 addresses
Nov  3 05:45:06 gtw01 dnsmasq-dhcp[7507]: read /var/lib/neutron/dhcp/2a3220af-9d76-4bc4-be1b-fac93d394536/host
Nov  3 05:45:06 gtw01 dnsmasq-dhcp[7507]: read /var/lib/neutron/dhcp/2a3220af-9d76-4bc4-be1b-fac93d394536/opts
Nov  3 05:45:06 gtw01 dnsmasq[7707]: read /var/lib/neutron/dhcp/c9063c08-d4bb-4dd3-aec4-0a7684e0da87/addn_hosts - 2 addresses
Nov  3 05:45:06 gtw01 dnsmasq-dhcp[7707]: read /var/lib/neutron/dhcp/c9063c08-d4bb-4dd3-aec4-0a7684e0da87/host
Nov  3 05:45:06 gtw01 dnsmasq-dhcp[7707]: read /var/lib/neutron/dhcp/c9063c08-d4bb-4dd3-aec4-0a7684e0da87/opts
Nov  3 05:45:07 gtw01 dnsmasq[7610]: read /var/lib/neutron/dhcp/5e607032-fa03-4c94-80f1-a17fde3e180c/addn_hosts - 2 addresses
Nov  3 05:45:07 gtw01 dnsmasq-dhcp[7610]: read /var/lib/neutron/dhcp/5e607032-fa03-4c94-80f1-a17fde3e180c/host
Nov  3 05:45:07 gtw01 dnsmasq-dhcp[7610]: read /var/lib/neutron/dhcp/5e607032-fa03-4c94-80f1-a17fde3e180c/opts
Nov  3 05:45:07 gtw01 dnsmasq[8269]: started, version 2.80 cachesize 150
Nov  3 05:45:07 gtw01 dnsmasq[8269]: DNS service limited to local subnets
Nov  3 05:45:07 gtw01 dnsmasq[8269]: compile time options: IPv6 GNU-getopt DBus i18n IDN DHCP DHCPv6 no-Lua TFTP conntrack ipset auth DNSSEC loop-detect inotify dumpfile
Nov  3 05:45:07 gtw01 dnsmasq[8269]: warning: no upstream servers configured
Nov  3 05:45:07 gtw01 dnsmasq-dhcp[8269]: DHCP, static leases only on 1.1.0.228, lease time 1h
Nov  3 05:45:07 gtw01 dnsmasq[8269]: read /var/lib/neutron/dhcp/6edf2ca5-f75f-4b4f-8414-aa6bed0acdc5/addn_hosts - 1 addresses
Nov  3 05:45:07 gtw01 dnsmasq-dhcp[8269]: read /var/lib/neutron/dhcp/6edf2ca5-f75f-4b4f-8414-aa6bed0acdc5/host
Nov  3 05:45:07 gtw01 dnsmasq-dhcp[8269]: read /var/lib/neutron/dhcp/6edf2ca5-f75f-4b4f-8414-aa6bed0acdc5/opts
Nov  3 05:45:08 gtw01 haproxy-metadata-proxy-6edf2ca5-f75f-4b4f-8414-aa6bed0acdc5[8293]: Proxy listener started.
Nov  3 05:45:09 gtw01 dnsmasq[7917]: read /var/lib/neutron/dhcp/9990e4b7-c81c-41e8-82b7-334e74f03f77/addn_hosts - 2 addresses
Nov  3 05:45:09 gtw01 dnsmasq-dhcp[7917]: read /var/lib/neutron/dhcp/9990e4b7-c81c-41e8-82b7-334e74f03f77/host
Nov  3 05:45:09 gtw01 dnsmasq-dhcp[7917]: read /var/lib/neutron/dhcp/9990e4b7-c81c-41e8-82b7-334e74f03f77/opts
Nov  3 05:45:09 gtw01 dnsmasq[7707]: read /var/lib/neutron/dhcp/c9063c08-d4bb-4dd3-aec4-0a7684e0da87/addn_hosts - 2 addresses
Nov  3 05:45:09 gtw01 dnsmasq-dhcp[7707]: read /var/lib/neutron/dhcp/c9063c08-d4bb-4dd3-aec4-0a7684e0da87/host
Nov  3 05:45:09 gtw01 dnsmasq-dhcp[7707]: read /var/lib/neutron/dhcp/c9063c08-d4bb-4dd3-aec4-0a7684e0da87/opts
Nov  3 05:45:09 gtw01 dnsmasq[8269]: read /var/lib/neutron/dhcp/6edf2ca5-f75f-4b4f-8414-aa6bed0acdc5/addn_hosts - 2 addresses
Nov  3 05:45:09 gtw01 dnsmasq-dhcp[8269]: read /var/lib/neutron/dhcp/6edf2ca5-f75f-4b4f-8414-aa6bed0acdc5/host
Nov  3 05:45:09 gtw01 dnsmasq-dhcp[8269]: read /var/lib/neutron/dhcp/6edf2ca5-f75f-4b4f-8414-aa6bed0acdc5/opts
Nov  3 05:45:10 gtw01 dnsmasq[8361]: started, version 2.80 cachesize 150
Nov  3 05:45:10 gtw01 dnsmasq[8361]: DNS service limited to local subnets
Nov  3 05:45:10 gtw01 dnsmasq[8361]: compile time options: IPv6 GNU-getopt DBus i18n IDN DHCP DHCPv6 no-Lua TFTP conntrack ipset auth DNSSEC loop-detect inotify dumpfile
Nov  3 05:45:10 gtw01 dnsmasq[8361]: warning: no upstream servers configured
Nov  3 05:45:10 gtw01 dnsmasq-dhcp[8361]: DHCP, static leases only on 1.1.0.232, lease time 1h
Nov  3 05:45:10 gtw01 dnsmasq[8361]: read /var/lib/neutron/dhcp/09ac1343-613d-41b5-9927-a18814e40e02/addn_hosts - 1 addresses
Nov  3 05:45:10 gtw01 dnsmasq-dhcp[8361]: read /var/lib/neutron/dhcp/09ac1343-613d-41b5-9927-a18814e40e02/host
Nov  3 05:45:10 gtw01 dnsmasq-dhcp[8361]: read /var/lib/neutron/dhcp/09ac1343-613d-41b5-9927-a18814e40e02/opts
Nov  3 05:45:10 gtw01 dnsmasq[7610]: read /var/lib/neutron/dhcp/5e607032-fa03-4c94-80f1-a17fde3e180c/addn_hosts - 2 addresses
Nov  3 05:45:10 gtw01 dnsmasq-dhcp[7610]: read /var/lib/neutron/dhcp/5e607032-fa03-4c94-80f1-a17fde3e180c/host
Nov  3 05:45:10 gtw01 dnsmasq-dhcp[7610]: read /var/lib/neutron/dhcp/5e607032-fa03-4c94-80f1-a17fde3e180c/opts
Nov  3 05:45:10 gtw01 haproxy-metadata-proxy-09ac1343-613d-41b5-9927-a18814e40e02[8384]: Proxy listener started.
Nov  3 05:45:12 gtw01 dnsmasq[7917]: read /var/lib/neutron/dhcp/9990e4b7-c81c-41e8-82b7-334e74f03f77/addn_hosts - 2 addresses
Nov  3 05:45:12 gtw01 dnsmasq-dhcp[7917]: read /var/lib/neutron/dhcp/9990e4b7-c81c-41e8-82b7-334e74f03f77/host
Nov  3 05:45:12 gtw01 dnsmasq-dhcp[7917]: read /var/lib/neutron/dhcp/9990e4b7-c81c-41e8-82b7-334e74f03f77/opts
Nov  3 05:45:12 gtw01 dnsmasq[8460]: started, version 2.80 cachesize 150
Nov  3 05:45:12 gtw01 dnsmasq[8460]: DNS service limited to local subnets
Nov  3 05:45:12 gtw01 dnsmasq[8460]: compile time options: IPv6 GNU-getopt DBus i18n IDN DHCP DHCPv6 no-Lua TFTP conntrack ipset auth DNSSEC loop-detect inotify dumpfile
Nov  3 05:45:12 gtw01 dnsmasq[8460]: warning: no upstream servers configured
Nov  3 05:45:12 gtw01 dnsmasq-dhcp[8460]: DHCP, static leases only on 1.1.0.240, lease time 1h
Nov  3 05:45:12 gtw01 dnsmasq[8460]: read /var/lib/neutron/dhcp/73665d29-831b-4c87-995c-59e983e73e5d/addn_hosts - 1 addresses
Nov  3 05:45:12 gtw01 dnsmasq-dhcp[8460]: read /var/lib/neutron/dhcp/73665d29-831b-4c87-995c-59e983e73e5d/host
Nov  3 05:45:12 gtw01 dnsmasq-dhcp[8460]: read /var/lib/neutron/dhcp/73665d29-831b-4c87-995c-59e983e73e5d/opts
Nov  3 05:45:12 gtw01 dnsmasq[7707]: read /var/lib/neutron/dhcp/c9063c08-d4bb-4dd3-aec4-0a7684e0da87/addn_hosts - 2 addresses
Nov  3 05:45:12 gtw01 dnsmasq-dhcp[7707]: read /var/lib/neutron/dhcp/c9063c08-d4bb-4dd3-aec4-0a7684e0da87/host
Nov  3 05:45:12 gtw01 dnsmasq-dhcp[7707]: read /var/lib/neutron/dhcp/c9063c08-d4bb-4dd3-aec4-0a7684e0da87/opts
Nov  3 05:45:12 gtw01 dnsmasq[8361]: read /var/lib/neutron/dhcp/09ac1343-613d-41b5-9927-a18814e40e02/addn_hosts - 2 addresses
Nov  3 05:45:12 gtw01 dnsmasq-dhcp[8361]: read /var/lib/neutron/dhcp/09ac1343-613d-41b5-9927-a18814e40e02/host
Nov  3 05:45:12 gtw01 dnsmasq-dhcp[8361]: read /var/lib/neutron/dhcp/09ac1343-613d-41b5-9927-a18814e40e02/opts
Nov  3 05:45:13 gtw01 kernel: [12818.447950] device tap91189c48-ab entered promiscuous mode
Nov  3 05:45:13 gtw01 systemd-udevd[8482]: Could not generate persistent MAC address for tap91189c48-ab: No such file or directory
Nov  3 05:45:13 gtw01 dnsmasq[8269]: read /var/lib/neutron/dhcp/6edf2ca5-f75f-4b4f-8414-aa6bed0acdc5/addn_hosts - 2 addresses
Nov  3 05:45:13 gtw01 dnsmasq-dhcp[8269]: read /var/lib/neutron/dhcp/6edf2ca5-f75f-4b4f-8414-aa6bed0acdc5/host
Nov  3 05:45:13 gtw01 dnsmasq-dhcp[8269]: read /var/lib/neutron/dhcp/6edf2ca5-f75f-4b4f-8414-aa6bed0acdc5/opts
Nov  3 05:45:13 gtw01 kernel: [12818.626717] device tapdd8cf037-b7 entered promiscuous mode
Nov  3 05:45:13 gtw01 systemd-udevd[8534]: Could not generate persistent MAC address for tapdd8cf037-b7: No such file or directory
Nov  3 05:45:13 gtw01 systemd-udevd[8532]: Process '/sbin/ip link set tap91189c48-ab txqueuelen 10000' failed with exit code 1.
Nov  3 05:45:13 gtw01 haproxy-metadata-proxy-73665d29-831b-4c87-995c-59e983e73e5d[8591]: Proxy listener started.
Nov  3 05:45:13 gtw01 systemd-udevd[8603]: Process '/sbin/ip link set tapdd8cf037-b7 txqueuelen 10000' failed with exit code 1.
Nov  3 05:45:15 gtw01 dnsmasq[8460]: read /var/lib/neutron/dhcp/73665d29-831b-4c87-995c-59e983e73e5d/addn_hosts - 2 addresses
Nov  3 05:45:15 gtw01 dnsmasq-dhcp[8460]: read /var/lib/neutron/dhcp/73665d29-831b-4c87-995c-59e983e73e5d/host
Nov  3 05:45:15 gtw01 dnsmasq-dhcp[8460]: read /var/lib/neutron/dhcp/73665d29-831b-4c87-995c-59e983e73e5d/opts
Nov  3 05:45:15 gtw01 dnsmasq[7917]: read /var/lib/neutron/dhcp/9990e4b7-c81c-41e8-82b7-334e74f03f77/addn_hosts - 2 addresses
Nov  3 05:45:15 gtw01 dnsmasq-dhcp[7917]: read /var/lib/neutron/dhcp/9990e4b7-c81c-41e8-82b7-334e74f03f77/host
Nov  3 05:45:15 gtw01 dnsmasq-dhcp[7917]: read /var/lib/neutron/dhcp/9990e4b7-c81c-41e8-82b7-334e74f03f77/opts
Nov  3 05:45:15 gtw01 dnsmasq[8361]: read /var/lib/neutron/dhcp/09ac1343-613d-41b5-9927-a18814e40e02/addn_hosts - 2 addresses
Nov  3 05:45:15 gtw01 dnsmasq-dhcp[8361]: read /var/lib/neutron/dhcp/09ac1343-613d-41b5-9927-a18814e40e02/host
Nov  3 05:45:15 gtw01 dnsmasq-dhcp[8361]: read /var/lib/neutron/dhcp/09ac1343-613d-41b5-9927-a18814e40e02/opts
Nov  3 05:45:15 gtw01 dnsmasq[8269]: read /var/lib/neutron/dhcp/6edf2ca5-f75f-4b4f-8414-aa6bed0acdc5/addn_hosts - 2 addresses
Nov  3 05:45:15 gtw01 dnsmasq-dhcp[8269]: read /var/lib/neutron/dhcp/6edf2ca5-f75f-4b4f-8414-aa6bed0acdc5/host
Nov  3 05:45:15 gtw01 dnsmasq-dhcp[8269]: read /var/lib/neutron/dhcp/6edf2ca5-f75f-4b4f-8414-aa6bed0acdc5/opts
Nov  3 05:45:17 gtw01 dnsmasq[8460]: read /var/lib/neutron/dhcp/73665d29-831b-4c87-995c-59e983e73e5d/addn_hosts - 2 addresses
Nov  3 05:45:17 gtw01 dnsmasq-dhcp[8460]: read /var/lib/neutron/dhcp/73665d29-831b-4c87-995c-59e983e73e5d/host
Nov  3 05:45:17 gtw01 dnsmasq-dhcp[8460]: read /var/lib/neutron/dhcp/73665d29-831b-4c87-995c-59e983e73e5d/opts
Nov  3 05:45:17 gtw01 dnsmasq[8361]: read /var/lib/neutron/dhcp/09ac1343-613d-41b5-9927-a18814e40e02/addn_hosts - 2 addresses
Nov  3 05:45:17 gtw01 dnsmasq-dhcp[8361]: read /var/lib/neutron/dhcp/09ac1343-613d-41b5-9927-a18814e40e02/host
Nov  3 05:45:17 gtw01 dnsmasq-dhcp[8361]: read /var/lib/neutron/dhcp/09ac1343-613d-41b5-9927-a18814e40e02/opts
Nov  3 05:45:18 gtw01 dnsmasq[8269]: read /var/lib/neutron/dhcp/6edf2ca5-f75f-4b4f-8414-aa6bed0acdc5/addn_hosts - 2 addresses
Nov  3 05:45:18 gtw01 dnsmasq-dhcp[8269]: read /var/lib/neutron/dhcp/6edf2ca5-f75f-4b4f-8414-aa6bed0acdc5/host
Nov  3 05:45:18 gtw01 dnsmasq-dhcp[8269]: read /var/lib/neutron/dhcp/6edf2ca5-f75f-4b4f-8414-aa6bed0acdc5/opts
Nov  3 05:45:19 gtw01 dnsmasq[7507]: read /var/lib/neutron/dhcp/2a3220af-9d76-4bc4-be1b-fac93d394536/addn_hosts - 1 addresses
Nov  3 05:45:19 gtw01 dnsmasq-dhcp[7507]: read /var/lib/neutron/dhcp/2a3220af-9d76-4bc4-be1b-fac93d394536/host
Nov  3 05:45:19 gtw01 dnsmasq-dhcp[7507]: read /var/lib/neutron/dhcp/2a3220af-9d76-4bc4-be1b-fac93d394536/opts
Nov  3 05:45:20 gtw01 dnsmasq[7917]: read /var/lib/neutron/dhcp/9990e4b7-c81c-41e8-82b7-334e74f03f77/addn_hosts - 1 addresses
Nov  3 05:45:20 gtw01 dnsmasq-dhcp[7917]: read /var/lib/neutron/dhcp/9990e4b7-c81c-41e8-82b7-334e74f03f77/host
Nov  3 05:45:20 gtw01 dnsmasq-dhcp[7917]: read /var/lib/neutron/dhcp/9990e4b7-c81c-41e8-82b7-334e74f03f77/opts
Nov  3 05:45:20 gtw01 dnsmasq[8361]: read /var/lib/neutron/dhcp/09ac1343-613d-41b5-9927-a18814e40e02/addn_hosts - 2 addresses
Nov  3 05:45:20 gtw01 dnsmasq-dhcp[8361]: read /var/lib/neutron/dhcp/09ac1343-613d-41b5-9927-a18814e40e02/host
Nov  3 05:45:20 gtw01 dnsmasq-dhcp[8361]: read /var/lib/neutron/dhcp/09ac1343-613d-41b5-9927-a18814e40e02/opts
Nov  3 05:45:20 gtw01 dnsmasq[8460]: read /var/lib/neutron/dhcp/73665d29-831b-4c87-995c-59e983e73e5d/addn_hosts - 2 addresses
Nov  3 05:45:20 gtw01 dnsmasq-dhcp[8460]: read /var/lib/neutron/dhcp/73665d29-831b-4c87-995c-59e983e73e5d/host
Nov  3 05:45:20 gtw01 dnsmasq-dhcp[8460]: read /var/lib/neutron/dhcp/73665d29-831b-4c87-995c-59e983e73e5d/opts
Nov  3 05:45:20 gtw01 dnsmasq[8269]: read /var/lib/neutron/dhcp/6edf2ca5-f75f-4b4f-8414-aa6bed0acdc5/addn_hosts - 2 addresses
Nov  3 05:45:20 gtw01 dnsmasq-dhcp[8269]: read /var/lib/neutron/dhcp/6edf2ca5-f75f-4b4f-8414-aa6bed0acdc5/host
Nov  3 05:45:20 gtw01 dnsmasq-dhcp[8269]: read /var/lib/neutron/dhcp/6edf2ca5-f75f-4b4f-8414-aa6bed0acdc5/opts
Nov  3 05:45:22 gtw01 dnsmasq[7392]: read /var/lib/neutron/dhcp/25ce80c7-99b8-40c4-ac59-171cac4c87a4/addn_hosts - 1 addresses
Nov  3 05:45:22 gtw01 dnsmasq-dhcp[7392]: read /var/lib/neutron/dhcp/25ce80c7-99b8-40c4-ac59-171cac4c87a4/host
Nov  3 05:45:22 gtw01 dnsmasq-dhcp[7392]: read /var/lib/neutron/dhcp/25ce80c7-99b8-40c4-ac59-171cac4c87a4/opts
Nov  3 05:45:22 gtw01 dnsmasq[8933]: started, version 2.80 cachesize 150
Nov  3 05:45:22 gtw01 dnsmasq[8933]: DNS service limited to local subnets
Nov  3 05:45:22 gtw01 dnsmasq[8933]: compile time options: IPv6 GNU-getopt DBus i18n IDN DHCP DHCPv6 no-Lua TFTP conntrack ipset auth DNSSEC loop-detect inotify dumpfile
Nov  3 05:45:22 gtw01 dnsmasq[8933]: warning: no upstream servers configured
Nov  3 05:45:22 gtw01 dnsmasq-dhcp[8933]: DHCP, static leases only on 1.1.0.236, lease time 1h
Nov  3 05:45:22 gtw01 dnsmasq[8933]: read /var/lib/neutron/dhcp/402223fe-bbda-44bf-846b-7526487269c6/addn_hosts - 2 addresses
Nov  3 05:45:22 gtw01 dnsmasq-dhcp[8933]: read /var/lib/neutron/dhcp/402223fe-bbda-44bf-846b-7526487269c6/host
Nov  3 05:45:22 gtw01 dnsmasq-dhcp[8933]: read /var/lib/neutron/dhcp/402223fe-bbda-44bf-846b-7526487269c6/opts
Nov  3 05:45:22 gtw01 dnsmasq[8944]: started, version 2.80 cachesize 150
Nov  3 05:45:22 gtw01 dnsmasq[8944]: DNS service limited to local subnets
Nov  3 05:45:22 gtw01 dnsmasq[8944]: compile time options: IPv6 GNU-getopt DBus i18n IDN DHCP DHCPv6 no-Lua TFTP conntrack ipset auth DNSSEC loop-detect inotify dumpfile
Nov  3 05:45:22 gtw01 dnsmasq[8944]: warning: no upstream servers configured
Nov  3 05:45:22 gtw01 dnsmasq-dhcp[8944]: DHCP, static leases only on 1.1.0.244, lease time 1h
Nov  3 05:45:22 gtw01 dnsmasq[8944]: read /var/lib/neutron/dhcp/15d6cbef-bc6c-4d21-a4d9-3b5c5b9a297e/addn_hosts - 2 addresses
Nov  3 05:45:22 gtw01 dnsmasq-dhcp[8944]: read /var/lib/neutron/dhcp/15d6cbef-bc6c-4d21-a4d9-3b5c5b9a297e/host
Nov  3 05:45:22 gtw01 dnsmasq-dhcp[8944]: read /var/lib/neutron/dhcp/15d6cbef-bc6c-4d21-a4d9-3b5c5b9a297e/opts
Nov  3 05:45:22 gtw01 haproxy-metadata-proxy-402223fe-bbda-44bf-846b-7526487269c6[8964]: Proxy listener started.
Nov  3 05:45:23 gtw01 haproxy-metadata-proxy-15d6cbef-bc6c-4d21-a4d9-3b5c5b9a297e[8970]: Proxy listener started.
Nov  3 05:45:23 gtw01 dnsmasq[8361]: read /var/lib/neutron/dhcp/09ac1343-613d-41b5-9927-a18814e40e02/addn_hosts - 2 addresses
Nov  3 05:45:23 gtw01 dnsmasq-dhcp[8361]: read /var/lib/neutron/dhcp/09ac1343-613d-41b5-9927-a18814e40e02/host
Nov  3 05:45:23 gtw01 dnsmasq-dhcp[8361]: read /var/lib/neutron/dhcp/09ac1343-613d-41b5-9927-a18814e40e02/opts
Nov  3 05:45:23 gtw01 dnsmasq[7610]: read /var/lib/neutron/dhcp/5e607032-fa03-4c94-80f1-a17fde3e180c/addn_hosts - 1 addresses
Nov  3 05:45:23 gtw01 dnsmasq-dhcp[7610]: read /var/lib/neutron/dhcp/5e607032-fa03-4c94-80f1-a17fde3e180c/host
Nov  3 05:45:23 gtw01 dnsmasq-dhcp[7610]: read /var/lib/neutron/dhcp/5e607032-fa03-4c94-80f1-a17fde3e180c/opts
Nov  3 05:45:23 gtw01 dnsmasq[7707]: read /var/lib/neutron/dhcp/c9063c08-d4bb-4dd3-aec4-0a7684e0da87/addn_hosts - 1 addresses
Nov  3 05:45:23 gtw01 dnsmasq-dhcp[7707]: read /var/lib/neutron/dhcp/c9063c08-d4bb-4dd3-aec4-0a7684e0da87/host
Nov  3 05:45:23 gtw01 dnsmasq-dhcp[7707]: read /var/lib/neutron/dhcp/c9063c08-d4bb-4dd3-aec4-0a7684e0da87/opts
Nov  3 05:45:23 gtw01 dnsmasq[8460]: read /var/lib/neutron/dhcp/73665d29-831b-4c87-995c-59e983e73e5d/addn_hosts - 2 addresses
Nov  3 05:45:23 gtw01 dnsmasq-dhcp[8460]: read /var/lib/neutron/dhcp/73665d29-831b-4c87-995c-59e983e73e5d/host
Nov  3 05:45:23 gtw01 dnsmasq-dhcp[8460]: read /var/lib/neutron/dhcp/73665d29-831b-4c87-995c-59e983e73e5d/opts
Nov  3 05:45:23 gtw01 dnsmasq[8269]: read /var/lib/neutron/dhcp/6edf2ca5-f75f-4b4f-8414-aa6bed0acdc5/addn_hosts - 1 addresses
Nov  3 05:45:23 gtw01 dnsmasq-dhcp[8269]: read /var/lib/neutron/dhcp/6edf2ca5-f75f-4b4f-8414-aa6bed0acdc5/host
Nov  3 05:45:23 gtw01 dnsmasq-dhcp[8269]: read /var/lib/neutron/dhcp/6edf2ca5-f75f-4b4f-8414-aa6bed0acdc5/opts
Nov  3 05:45:24 gtw01 dnsmasq-dhcp[8944]: DHCPRELEASE(tapdd8cf037-b7) 1.1.0.245 fa:16:3e:d5:03:1c
Nov  3 05:45:24 gtw01 dnsmasq-dhcp[8933]: DHCPRELEASE(tap91189c48-ab) 1.1.0.237 fa:16:3e:28:85:ab
Nov  3 05:45:25 gtw01 dnsmasq[8944]: read /var/lib/neutron/dhcp/15d6cbef-bc6c-4d21-a4d9-3b5c5b9a297e/addn_hosts - 1 addresses
Nov  3 05:45:25 gtw01 dnsmasq-dhcp[8944]: read /var/lib/neutron/dhcp/15d6cbef-bc6c-4d21-a4d9-3b5c5b9a297e/host
Nov  3 05:45:25 gtw01 dnsmasq-dhcp[8944]: read /var/lib/neutron/dhcp/15d6cbef-bc6c-4d21-a4d9-3b5c5b9a297e/opts
Nov  3 05:45:25 gtw01 dnsmasq[8933]: read /var/lib/neutron/dhcp/402223fe-bbda-44bf-846b-7526487269c6/addn_hosts - 1 addresses
Nov  3 05:45:25 gtw01 dnsmasq-dhcp[8933]: read /var/lib/neutron/dhcp/402223fe-bbda-44bf-846b-7526487269c6/host
Nov  3 05:45:25 gtw01 dnsmasq-dhcp[8933]: read /var/lib/neutron/dhcp/402223fe-bbda-44bf-846b-7526487269c6/opts
Nov  3 05:45:25 gtw01 dnsmasq[8361]: read /var/lib/neutron/dhcp/09ac1343-613d-41b5-9927-a18814e40e02/addn_hosts - 1 addresses
Nov  3 05:45:25 gtw01 dnsmasq-dhcp[8361]: read /var/lib/neutron/dhcp/09ac1343-613d-41b5-9927-a18814e40e02/host
Nov  3 05:45:25 gtw01 dnsmasq-dhcp[8361]: read /var/lib/neutron/dhcp/09ac1343-613d-41b5-9927-a18814e40e02/opts
Nov  3 05:45:25 gtw01 dnsmasq[8460]: read /var/lib/neutron/dhcp/73665d29-831b-4c87-995c-59e983e73e5d/addn_hosts - 2 addresses
Nov  3 05:45:25 gtw01 dnsmasq-dhcp[8460]: read /var/lib/neutron/dhcp/73665d29-831b-4c87-995c-59e983e73e5d/host
Nov  3 05:45:25 gtw01 dnsmasq-dhcp[8460]: read /var/lib/neutron/dhcp/73665d29-831b-4c87-995c-59e983e73e5d/opts
Nov  3 05:45:27 gtw01 dnsmasq[8944]: read /var/lib/neutron/dhcp/15d6cbef-bc6c-4d21-a4d9-3b5c5b9a297e/addn_hosts - 2 addresses
Nov  3 05:45:27 gtw01 dnsmasq-dhcp[8944]: read /var/lib/neutron/dhcp/15d6cbef-bc6c-4d21-a4d9-3b5c5b9a297e/host
Nov  3 05:45:27 gtw01 dnsmasq-dhcp[8944]: read /var/lib/neutron/dhcp/15d6cbef-bc6c-4d21-a4d9-3b5c5b9a297e/opts
Nov  3 05:45:27 gtw01 dnsmasq[8933]: read /var/lib/neutron/dhcp/402223fe-bbda-44bf-846b-7526487269c6/addn_hosts - 2 addresses
Nov  3 05:45:27 gtw01 dnsmasq-dhcp[8933]: read /var/lib/neutron/dhcp/402223fe-bbda-44bf-846b-7526487269c6/host
Nov  3 05:45:27 gtw01 dnsmasq-dhcp[8933]: read /var/lib/neutron/dhcp/402223fe-bbda-44bf-846b-7526487269c6/opts
Nov  3 05:45:27 gtw01 dnsmasq[8460]: read /var/lib/neutron/dhcp/73665d29-831b-4c87-995c-59e983e73e5d/addn_hosts - 1 addresses
Nov  3 05:45:27 gtw01 dnsmasq-dhcp[8460]: read /var/lib/neutron/dhcp/73665d29-831b-4c87-995c-59e983e73e5d/host
Nov  3 05:45:27 gtw01 dnsmasq-dhcp[8460]: read /var/lib/neutron/dhcp/73665d29-831b-4c87-995c-59e983e73e5d/opts
Nov  3 05:45:28 gtw01 dnsmasq[8944]: read /var/lib/neutron/dhcp/15d6cbef-bc6c-4d21-a4d9-3b5c5b9a297e/addn_hosts - 2 addresses
Nov  3 05:45:28 gtw01 dnsmasq-dhcp[8944]: read /var/lib/neutron/dhcp/15d6cbef-bc6c-4d21-a4d9-3b5c5b9a297e/host
Nov  3 05:45:28 gtw01 dnsmasq-dhcp[8944]: read /var/lib/neutron/dhcp/15d6cbef-bc6c-4d21-a4d9-3b5c5b9a297e/opts
Nov  3 05:45:28 gtw01 dnsmasq[8933]: read /var/lib/neutron/dhcp/402223fe-bbda-44bf-846b-7526487269c6/addn_hosts - 2 addresses
Nov  3 05:45:28 gtw01 dnsmasq-dhcp[8933]: read /var/lib/neutron/dhcp/402223fe-bbda-44bf-846b-7526487269c6/host
Nov  3 05:45:28 gtw01 dnsmasq-dhcp[8933]: read /var/lib/neutron/dhcp/402223fe-bbda-44bf-846b-7526487269c6/opts
Nov  3 05:45:29 gtw01 dnsmasq[8944]: read /var/lib/neutron/dhcp/15d6cbef-bc6c-4d21-a4d9-3b5c5b9a297e/addn_hosts - 2 addresses
Nov  3 05:45:29 gtw01 dnsmasq-dhcp[8944]: read /var/lib/neutron/dhcp/15d6cbef-bc6c-4d21-a4d9-3b5c5b9a297e/host
Nov  3 05:45:29 gtw01 dnsmasq-dhcp[8944]: read /var/lib/neutron/dhcp/15d6cbef-bc6c-4d21-a4d9-3b5c5b9a297e/opts
Nov  3 05:45:29 gtw01 dnsmasq[8933]: read /var/lib/neutron/dhcp/402223fe-bbda-44bf-846b-7526487269c6/addn_hosts - 2 addresses
Nov  3 05:45:29 gtw01 dnsmasq-dhcp[8933]: read /var/lib/neutron/dhcp/402223fe-bbda-44bf-846b-7526487269c6/host
Nov  3 05:45:29 gtw01 dnsmasq-dhcp[8933]: read /var/lib/neutron/dhcp/402223fe-bbda-44bf-846b-7526487269c6/opts
Nov  3 05:45:29 gtw01 kernel: [12835.027538] device tapb341ec67-ab left promiscuous mode
Nov  3 05:45:30 gtw01 dnsmasq[8944]: read /var/lib/neutron/dhcp/15d6cbef-bc6c-4d21-a4d9-3b5c5b9a297e/addn_hosts - 2 addresses
Nov  3 05:45:30 gtw01 dnsmasq-dhcp[8944]: read /var/lib/neutron/dhcp/15d6cbef-bc6c-4d21-a4d9-3b5c5b9a297e/host
Nov  3 05:45:30 gtw01 dnsmasq-dhcp[8944]: read /var/lib/neutron/dhcp/15d6cbef-bc6c-4d21-a4d9-3b5c5b9a297e/opts
Nov  3 05:45:30 gtw01 dnsmasq[8933]: read /var/lib/neutron/dhcp/402223fe-bbda-44bf-846b-7526487269c6/addn_hosts - 2 addresses
Nov  3 05:45:30 gtw01 dnsmasq-dhcp[8933]: read /var/lib/neutron/dhcp/402223fe-bbda-44bf-846b-7526487269c6/host
Nov  3 05:45:30 gtw01 dnsmasq-dhcp[8933]: read /var/lib/neutron/dhcp/402223fe-bbda-44bf-846b-7526487269c6/opts
Nov  3 05:45:31 gtw01 dnsmasq[8944]: read /var/lib/neutron/dhcp/15d6cbef-bc6c-4d21-a4d9-3b5c5b9a297e/addn_hosts - 1 addresses
Nov  3 05:45:31 gtw01 dnsmasq-dhcp[8944]: read /var/lib/neutron/dhcp/15d6cbef-bc6c-4d21-a4d9-3b5c5b9a297e/host
Nov  3 05:45:31 gtw01 dnsmasq-dhcp[8944]: read /var/lib/neutron/dhcp/15d6cbef-bc6c-4d21-a4d9-3b5c5b9a297e/opts
Nov  3 05:45:31 gtw01 dnsmasq[8933]: read /var/lib/neutron/dhcp/402223fe-bbda-44bf-846b-7526487269c6/addn_hosts - 1 addresses
Nov  3 05:45:31 gtw01 dnsmasq-dhcp[8933]: read /var/lib/neutron/dhcp/402223fe-bbda-44bf-846b-7526487269c6/host
Nov  3 05:45:31 gtw01 dnsmasq-dhcp[8933]: read /var/lib/neutron/dhcp/402223fe-bbda-44bf-846b-7526487269c6/opts
Nov  3 05:45:32 gtw01 kernel: [12838.103425] device tap551d431f-8c left promiscuous mode
Nov  3 05:45:32 gtw01 kernel: [12838.228615] device tapbb3de2c1-e9 left promiscuous mode
Nov  3 05:45:33 gtw01 kernel: [12838.248995] device tap33fa8ef7-fd left promiscuous mode
Nov  3 05:45:33 gtw01 kernel: [12838.515304] device tap62270715-44 left promiscuous mode
Nov  3 05:45:33 gtw01 kernel: [12838.778899] device tapc309f112-d4 left promiscuous mode
Nov  3 05:45:33 gtw01 kernel: [12839.191642] device tapfa477082-ae left promiscuous mode
Nov  3 05:45:34 gtw01 kernel: [12839.606815] device tapd483f9ba-e3 left promiscuous mode
Nov  3 05:45:34 gtw01 kernel: [12839.800843] device tapdd8cf037-b7 left promiscuous mode
Nov  3 05:45:34 gtw01 kernel: [12839.900323] device tap91189c48-ab left promiscuous mode
Nov  3 05:46:07 gtw01 kernel: [12872.314067] device tapcf51427c-62 entered promiscuous mode
Nov  3 05:46:07 gtw01 systemd-udevd[9394]: Could not generate persistent MAC address for tapcf51427c-62: No such file or directory
Nov  3 05:46:07 gtw01 systemd-udevd[9441]: Process '/sbin/ip link set tapcf51427c-62 txqueuelen 10000' failed with exit code 1.
Nov  3 05:46:07 gtw01 kernel: [12872.696614] device tapb9bf7165-6a entered promiscuous mode
Nov  3 05:46:07 gtw01 systemd-udevd[9464]: Could not generate persistent MAC address for tapb9bf7165-6a: No such file or directory
Nov  3 05:46:07 gtw01 systemd-udevd[9515]: Process '/sbin/ip link set tapb9bf7165-6a txqueuelen 10000' failed with exit code 1.
Nov  3 05:46:09 gtw01 kernel: [12874.329636] device tap27072dc9-a0 entered promiscuous mode
Nov  3 05:46:09 gtw01 systemd-udevd[9585]: Could not generate persistent MAC address for tap27072dc9-a0: No such file or directory
Nov  3 05:46:09 gtw01 kernel: [12874.395679] device tap3475a1cd-c4 entered promiscuous mode
Nov  3 05:46:09 gtw01 systemd-udevd[9613]: Could not generate persistent MAC address for tap3475a1cd-c4: No such file or directory
Nov  3 05:46:09 gtw01 systemd-udevd[9679]: Process '/sbin/ip link set tap27072dc9-a0 txqueuelen 10000' failed with exit code 1.
Nov  3 05:46:09 gtw01 systemd-udevd[9684]: Process '/sbin/ip link set tap3475a1cd-c4 txqueuelen 10000' failed with exit code 1.
Nov  3 05:46:12 gtw01 kernel: [12877.423367] device tapec738b68-c8 entered promiscuous mode
Nov  3 05:46:12 gtw01 systemd-udevd[9829]: Could not generate persistent MAC address for tapec738b68-c8: No such file or directory
Nov  3 05:46:12 gtw01 kernel: [12877.854150] device tapcbf0d854-56 entered promiscuous mode
Nov  3 05:46:12 gtw01 systemd-udevd[9891]: Could not generate persistent MAC address for tapcbf0d854-56: No such file or directory
Nov  3 05:46:12 gtw01 systemd-udevd[9892]: Process '/sbin/ip link set tapec738b68-c8 txqueuelen 10000' failed with exit code 1.
Nov  3 05:46:13 gtw01 systemd-udevd[9962]: Process '/sbin/ip link set tapcbf0d854-56 txqueuelen 10000' failed with exit code 1.
Nov  3 05:46:13 gtw01 kernel: [12879.131135] device tap65a78c23-6c entered promiscuous mode
Nov  3 05:46:13 gtw01 systemd-udevd[10017]: Could not generate persistent MAC address for tap65a78c23-6c: No such file or directory
Nov  3 05:46:14 gtw01 kernel: [12879.411195] device tap4f2a464c-c0 entered promiscuous mode
Nov  3 05:46:14 gtw01 systemd-udevd[10072]: Could not generate persistent MAC address for tap4f2a464c-c0: No such file or directory
Nov  3 05:46:14 gtw01 systemd-udevd[10086]: Process '/sbin/ip link set tap65a78c23-6c txqueuelen 10000' failed with exit code 1.
Nov  3 05:46:14 gtw01 systemd-udevd[10143]: Process '/sbin/ip link set tap4f2a464c-c0 txqueuelen 10000' failed with exit code 1.
Nov  3 05:46:15 gtw01 dnsmasq[10177]: started, version 2.80 cachesize 150
Nov  3 05:46:15 gtw01 dnsmasq[10177]: DNS service limited to local subnets
Nov  3 05:46:15 gtw01 dnsmasq[10177]: compile time options: IPv6 GNU-getopt DBus i18n IDN DHCP DHCPv6 no-Lua TFTP conntrack ipset auth DNSSEC loop-detect inotify dumpfile
Nov  3 05:46:15 gtw01 dnsmasq[10177]: warning: no upstream servers configured
Nov  3 05:46:15 gtw01 dnsmasq-dhcp[10177]: DHCP, static leases only on 1.1.1.4, lease time 1h
Nov  3 05:46:15 gtw01 dnsmasq[10177]: read /var/lib/neutron/dhcp/703b6d2f-0d68-404c-9522-6b45aeb09f2f/addn_hosts - 1 addresses
Nov  3 05:46:15 gtw01 dnsmasq-dhcp[10177]: read /var/lib/neutron/dhcp/703b6d2f-0d68-404c-9522-6b45aeb09f2f/host
Nov  3 05:46:15 gtw01 dnsmasq-dhcp[10177]: read /var/lib/neutron/dhcp/703b6d2f-0d68-404c-9522-6b45aeb09f2f/opts
Nov  3 05:46:15 gtw01 dnsmasq[10197]: started, version 2.80 cachesize 150
Nov  3 05:46:15 gtw01 dnsmasq[10197]: DNS service limited to local subnets
Nov  3 05:46:15 gtw01 dnsmasq[10197]: compile time options: IPv6 GNU-getopt DBus i18n IDN DHCP DHCPv6 no-Lua TFTP conntrack ipset auth DNSSEC loop-detect inotify dumpfile
Nov  3 05:46:15 gtw01 dnsmasq[10197]: warning: no upstream servers configured
Nov  3 05:46:15 gtw01 dnsmasq-dhcp[10197]: DHCP, static leases only on 1.1.0.252, lease time 1h
Nov  3 05:46:15 gtw01 dnsmasq[10197]: read /var/lib/neutron/dhcp/7e878c0f-d1f0-4e68-acf4-884cd05789f4/addn_hosts - 1 addresses
Nov  3 05:46:15 gtw01 dnsmasq-dhcp[10197]: read /var/lib/neutron/dhcp/7e878c0f-d1f0-4e68-acf4-884cd05789f4/host
Nov  3 05:46:15 gtw01 dnsmasq-dhcp[10197]: read /var/lib/neutron/dhcp/7e878c0f-d1f0-4e68-acf4-884cd05789f4/opts
Nov  3 05:46:15 gtw01 haproxy-metadata-proxy-703b6d2f-0d68-404c-9522-6b45aeb09f2f[10205]: Proxy listener started.
Nov  3 05:46:16 gtw01 haproxy-metadata-proxy-7e878c0f-d1f0-4e68-acf4-884cd05789f4[10232]: Proxy listener started.
Nov  3 05:46:17 gtw01 dnsmasq[10177]: read /var/lib/neutron/dhcp/703b6d2f-0d68-404c-9522-6b45aeb09f2f/addn_hosts - 1 addresses
Nov  3 05:46:17 gtw01 dnsmasq-dhcp[10177]: read /var/lib/neutron/dhcp/703b6d2f-0d68-404c-9522-6b45aeb09f2f/host
Nov  3 05:46:17 gtw01 dnsmasq-dhcp[10177]: read /var/lib/neutron/dhcp/703b6d2f-0d68-404c-9522-6b45aeb09f2f/opts
Nov  3 05:46:18 gtw01 dnsmasq[10315]: started, version 2.80 cachesize 150
Nov  3 05:46:18 gtw01 dnsmasq[10315]: DNS service limited to local subnets
Nov  3 05:46:18 gtw01 dnsmasq[10315]: compile time options: IPv6 GNU-getopt DBus i18n IDN DHCP DHCPv6 no-Lua TFTP conntrack ipset auth DNSSEC loop-detect inotify dumpfile
Nov  3 05:46:18 gtw01 dnsmasq[10315]: warning: no upstream servers configured
Nov  3 05:46:18 gtw01 dnsmasq-dhcp[10315]: DHCP, static leases only on 1.1.0.248, lease time 1h
Nov  3 05:46:18 gtw01 dnsmasq[10315]: read /var/lib/neutron/dhcp/2d7e6d9e-eb16-423c-b1cb-2517a4ba7eb0/addn_hosts - 1 addresses
Nov  3 05:46:18 gtw01 dnsmasq-dhcp[10315]: read /var/lib/neutron/dhcp/2d7e6d9e-eb16-423c-b1cb-2517a4ba7eb0/host
Nov  3 05:46:18 gtw01 dnsmasq-dhcp[10315]: read /var/lib/neutron/dhcp/2d7e6d9e-eb16-423c-b1cb-2517a4ba7eb0/opts
Nov  3 05:46:18 gtw01 dnsmasq[10197]: read /var/lib/neutron/dhcp/7e878c0f-d1f0-4e68-acf4-884cd05789f4/addn_hosts - 1 addresses
Nov  3 05:46:18 gtw01 dnsmasq-dhcp[10197]: read /var/lib/neutron/dhcp/7e878c0f-d1f0-4e68-acf4-884cd05789f4/host
Nov  3 05:46:18 gtw01 dnsmasq-dhcp[10197]: read /var/lib/neutron/dhcp/7e878c0f-d1f0-4e68-acf4-884cd05789f4/opts
Nov  3 05:46:19 gtw01 dnsmasq[10338]: started, version 2.80 cachesize 150
Nov  3 05:46:19 gtw01 dnsmasq[10338]: DNS service limited to local subnets
Nov  3 05:46:19 gtw01 dnsmasq[10338]: compile time options: IPv6 GNU-getopt DBus i18n IDN DHCP DHCPv6 no-Lua TFTP conntrack ipset auth DNSSEC loop-detect inotify dumpfile
Nov  3 05:46:19 gtw01 dnsmasq[10338]: warning: no upstream servers configured
Nov  3 05:46:19 gtw01 dnsmasq-dhcp[10338]: DHCP, static leases only on 1.1.1.0, lease time 1h
Nov  3 05:46:19 gtw01 dnsmasq[10338]: read /var/lib/neutron/dhcp/328be0c6-da61-45c0-a799-ff15ece6b40e/addn_hosts - 1 addresses
Nov  3 05:46:19 gtw01 dnsmasq-dhcp[10338]: read /var/lib/neutron/dhcp/328be0c6-da61-45c0-a799-ff15ece6b40e/host
Nov  3 05:46:19 gtw01 dnsmasq-dhcp[10338]: read /var/lib/neutron/dhcp/328be0c6-da61-45c0-a799-ff15ece6b40e/opts
Nov  3 05:46:19 gtw01 haproxy-metadata-proxy-2d7e6d9e-eb16-423c-b1cb-2517a4ba7eb0[10360]: Proxy listener started.
Nov  3 05:46:20 gtw01 haproxy-metadata-proxy-328be0c6-da61-45c0-a799-ff15ece6b40e[10370]: Proxy listener started.
Nov  3 05:46:21 gtw01 dnsmasq[10315]: read /var/lib/neutron/dhcp/2d7e6d9e-eb16-423c-b1cb-2517a4ba7eb0/addn_hosts - 1 addresses
Nov  3 05:46:21 gtw01 dnsmasq-dhcp[10315]: read /var/lib/neutron/dhcp/2d7e6d9e-eb16-423c-b1cb-2517a4ba7eb0/host
Nov  3 05:46:21 gtw01 dnsmasq-dhcp[10315]: read /var/lib/neutron/dhcp/2d7e6d9e-eb16-423c-b1cb-2517a4ba7eb0/opts
Nov  3 05:46:21 gtw01 dnsmasq[10177]: read /var/lib/neutron/dhcp/703b6d2f-0d68-404c-9522-6b45aeb09f2f/addn_hosts - 1 addresses
Nov  3 05:46:21 gtw01 dnsmasq-dhcp[10177]: read /var/lib/neutron/dhcp/703b6d2f-0d68-404c-9522-6b45aeb09f2f/host
Nov  3 05:46:21 gtw01 dnsmasq-dhcp[10177]: read /var/lib/neutron/dhcp/703b6d2f-0d68-404c-9522-6b45aeb09f2f/opts
Nov  3 05:46:21 gtw01 dnsmasq[10197]: read /var/lib/neutron/dhcp/7e878c0f-d1f0-4e68-acf4-884cd05789f4/addn_hosts - 1 addresses
Nov  3 05:46:21 gtw01 dnsmasq-dhcp[10197]: read /var/lib/neutron/dhcp/7e878c0f-d1f0-4e68-acf4-884cd05789f4/host
Nov  3 05:46:21 gtw01 dnsmasq-dhcp[10197]: read /var/lib/neutron/dhcp/7e878c0f-d1f0-4e68-acf4-884cd05789f4/opts
Nov  3 05:46:22 gtw01 dnsmasq[10338]: read /var/lib/neutron/dhcp/328be0c6-da61-45c0-a799-ff15ece6b40e/addn_hosts - 1 addresses
Nov  3 05:46:22 gtw01 dnsmasq-dhcp[10338]: read /var/lib/neutron/dhcp/328be0c6-da61-45c0-a799-ff15ece6b40e/host
Nov  3 05:46:22 gtw01 dnsmasq-dhcp[10338]: read /var/lib/neutron/dhcp/328be0c6-da61-45c0-a799-ff15ece6b40e/opts
Nov  3 05:46:23 gtw01 dnsmasq[10495]: started, version 2.80 cachesize 150
Nov  3 05:46:23 gtw01 dnsmasq[10495]: DNS service limited to local subnets
Nov  3 05:46:23 gtw01 dnsmasq[10495]: compile time options: IPv6 GNU-getopt DBus i18n IDN DHCP DHCPv6 no-Lua TFTP conntrack ipset auth DNSSEC loop-detect inotify dumpfile
Nov  3 05:46:23 gtw01 dnsmasq[10495]: warning: no upstream servers configured
Nov  3 05:46:23 gtw01 dnsmasq-dhcp[10495]: DHCP, static leases only on 1.1.1.8, lease time 1h
Nov  3 05:46:23 gtw01 dnsmasq[10495]: read /var/lib/neutron/dhcp/9dac7663-14e4-47ce-8c5d-debbfba4466b/addn_hosts - 1 addresses
Nov  3 05:46:23 gtw01 dnsmasq-dhcp[10495]: read /var/lib/neutron/dhcp/9dac7663-14e4-47ce-8c5d-debbfba4466b/host
Nov  3 05:46:23 gtw01 dnsmasq-dhcp[10495]: read /var/lib/neutron/dhcp/9dac7663-14e4-47ce-8c5d-debbfba4466b/opts
Nov  3 05:46:23 gtw01 dnsmasq[10504]: started, version 2.80 cachesize 150
Nov  3 05:46:23 gtw01 dnsmasq[10504]: DNS service limited to local subnets
Nov  3 05:46:23 gtw01 dnsmasq[10504]: compile time options: IPv6 GNU-getopt DBus i18n IDN DHCP DHCPv6 no-Lua TFTP conntrack ipset auth DNSSEC loop-detect inotify dumpfile
Nov  3 05:46:23 gtw01 dnsmasq[10504]: warning: no upstream servers configured
Nov  3 05:46:23 gtw01 dnsmasq-dhcp[10504]: DHCP, static leases only on 1.1.1.20, lease time 1h
Nov  3 05:46:23 gtw01 dnsmasq[10504]: read /var/lib/neutron/dhcp/a6479880-7e55-45ab-8c5b-bf261f9df072/addn_hosts - 1 addresses
Nov  3 05:46:23 gtw01 dnsmasq-dhcp[10504]: read /var/lib/neutron/dhcp/a6479880-7e55-45ab-8c5b-bf261f9df072/host
Nov  3 05:46:23 gtw01 dnsmasq-dhcp[10504]: read /var/lib/neutron/dhcp/a6479880-7e55-45ab-8c5b-bf261f9df072/opts
Nov  3 05:46:24 gtw01 haproxy-metadata-proxy-9dac7663-14e4-47ce-8c5d-debbfba4466b[10525]: Proxy listener started.
Nov  3 05:46:24 gtw01 haproxy-metadata-proxy-a6479880-7e55-45ab-8c5b-bf261f9df072[10534]: Proxy listener started.
Nov  3 05:46:24 gtw01 dnsmasq[10550]: started, version 2.80 cachesize 150
Nov  3 05:46:24 gtw01 dnsmasq[10550]: DNS service limited to local subnets
Nov  3 05:46:24 gtw01 dnsmasq[10550]: compile time options: IPv6 GNU-getopt DBus i18n IDN DHCP DHCPv6 no-Lua TFTP conntrack ipset auth DNSSEC loop-detect inotify dumpfile
Nov  3 05:46:24 gtw01 dnsmasq[10550]: warning: no upstream servers configured
Nov  3 05:46:24 gtw01 dnsmasq-dhcp[10550]: DHCP, static leases only on 1.1.1.12, lease time 1h
Nov  3 05:46:24 gtw01 dnsmasq[10550]: read /var/lib/neutron/dhcp/9a09c296-aed2-42c4-ab2d-634048d3f7bd/addn_hosts - 1 addresses
Nov  3 05:46:24 gtw01 dnsmasq-dhcp[10550]: read /var/lib/neutron/dhcp/9a09c296-aed2-42c4-ab2d-634048d3f7bd/host
Nov  3 05:46:24 gtw01 dnsmasq-dhcp[10550]: read /var/lib/neutron/dhcp/9a09c296-aed2-42c4-ab2d-634048d3f7bd/opts
Nov  3 05:46:24 gtw01 dnsmasq[10315]: read /var/lib/neutron/dhcp/2d7e6d9e-eb16-423c-b1cb-2517a4ba7eb0/addn_hosts - 1 addresses
Nov  3 05:46:24 gtw01 dnsmasq-dhcp[10315]: read /var/lib/neutron/dhcp/2d7e6d9e-eb16-423c-b1cb-2517a4ba7eb0/host
Nov  3 05:46:24 gtw01 dnsmasq-dhcp[10315]: read /var/lib/neutron/dhcp/2d7e6d9e-eb16-423c-b1cb-2517a4ba7eb0/opts
Nov  3 05:46:24 gtw01 dnsmasq[10555]: started, version 2.80 cachesize 150
Nov  3 05:46:24 gtw01 dnsmasq[10555]: DNS service limited to local subnets
Nov  3 05:46:24 gtw01 dnsmasq[10555]: compile time options: IPv6 GNU-getopt DBus i18n IDN DHCP DHCPv6 no-Lua TFTP conntrack ipset auth DNSSEC loop-detect inotify dumpfile
Nov  3 05:46:24 gtw01 dnsmasq[10555]: warning: no upstream servers configured
Nov  3 05:46:24 gtw01 dnsmasq-dhcp[10555]: DHCP, static leases only on 1.1.1.16, lease time 1h
Nov  3 05:46:24 gtw01 dnsmasq[10555]: read /var/lib/neutron/dhcp/064d0cdd-b3dc-4264-b26b-aefb971a6578/addn_hosts - 1 addresses
Nov  3 05:46:24 gtw01 dnsmasq-dhcp[10555]: read /var/lib/neutron/dhcp/064d0cdd-b3dc-4264-b26b-aefb971a6578/host
Nov  3 05:46:24 gtw01 dnsmasq-dhcp[10555]: read /var/lib/neutron/dhcp/064d0cdd-b3dc-4264-b26b-aefb971a6578/opts
Nov  3 05:46:24 gtw01 dnsmasq[10177]: read /var/lib/neutron/dhcp/703b6d2f-0d68-404c-9522-6b45aeb09f2f/addn_hosts - 1 addresses
Nov  3 05:46:24 gtw01 dnsmasq-dhcp[10177]: read /var/lib/neutron/dhcp/703b6d2f-0d68-404c-9522-6b45aeb09f2f/host
Nov  3 05:46:24 gtw01 dnsmasq-dhcp[10177]: read /var/lib/neutron/dhcp/703b6d2f-0d68-404c-9522-6b45aeb09f2f/opts
Nov  3 05:46:25 gtw01 dnsmasq[10197]: read /var/lib/neutron/dhcp/7e878c0f-d1f0-4e68-acf4-884cd05789f4/addn_hosts - 1 addresses
Nov  3 05:46:25 gtw01 dnsmasq-dhcp[10197]: read /var/lib/neutron/dhcp/7e878c0f-d1f0-4e68-acf4-884cd05789f4/host
Nov  3 05:46:25 gtw01 dnsmasq-dhcp[10197]: read /var/lib/neutron/dhcp/7e878c0f-d1f0-4e68-acf4-884cd05789f4/opts
Nov  3 05:46:25 gtw01 haproxy-metadata-proxy-9a09c296-aed2-42c4-ab2d-634048d3f7bd[10571]: Proxy listener started.
Nov  3 05:46:25 gtw01 haproxy-metadata-proxy-064d0cdd-b3dc-4264-b26b-aefb971a6578[10578]: Proxy listener started.
Nov  3 05:46:25 gtw01 dnsmasq[10338]: read /var/lib/neutron/dhcp/328be0c6-da61-45c0-a799-ff15ece6b40e/addn_hosts - 1 addresses
Nov  3 05:46:25 gtw01 dnsmasq-dhcp[10338]: read /var/lib/neutron/dhcp/328be0c6-da61-45c0-a799-ff15ece6b40e/host
Nov  3 05:46:25 gtw01 dnsmasq-dhcp[10338]: read /var/lib/neutron/dhcp/328be0c6-da61-45c0-a799-ff15ece6b40e/opts
Nov  3 05:46:26 gtw01 dnsmasq[10495]: read /var/lib/neutron/dhcp/9dac7663-14e4-47ce-8c5d-debbfba4466b/addn_hosts - 1 addresses
Nov  3 05:46:26 gtw01 dnsmasq-dhcp[10495]: read /var/lib/neutron/dhcp/9dac7663-14e4-47ce-8c5d-debbfba4466b/host
Nov  3 05:46:26 gtw01 dnsmasq-dhcp[10495]: read /var/lib/neutron/dhcp/9dac7663-14e4-47ce-8c5d-debbfba4466b/opts
Nov  3 05:46:26 gtw01 dnsmasq[10504]: read /var/lib/neutron/dhcp/a6479880-7e55-45ab-8c5b-bf261f9df072/addn_hosts - 1 addresses
Nov  3 05:46:26 gtw01 dnsmasq-dhcp[10504]: read /var/lib/neutron/dhcp/a6479880-7e55-45ab-8c5b-bf261f9df072/host
Nov  3 05:46:26 gtw01 dnsmasq-dhcp[10504]: read /var/lib/neutron/dhcp/a6479880-7e55-45ab-8c5b-bf261f9df072/opts
Nov  3 05:46:27 gtw01 kernel: [12892.399187] device tap65a78c23-6c left promiscuous mode
Nov  3 05:46:27 gtw01 dnsmasq[10315]: read /var/lib/neutron/dhcp/2d7e6d9e-eb16-423c-b1cb-2517a4ba7eb0/addn_hosts - 1 addresses
Nov  3 05:46:27 gtw01 dnsmasq-dhcp[10315]: read /var/lib/neutron/dhcp/2d7e6d9e-eb16-423c-b1cb-2517a4ba7eb0/host
Nov  3 05:46:27 gtw01 dnsmasq-dhcp[10315]: read /var/lib/neutron/dhcp/2d7e6d9e-eb16-423c-b1cb-2517a4ba7eb0/opts
Nov  3 05:46:27 gtw01 dnsmasq[10338]: read /var/lib/neutron/dhcp/328be0c6-da61-45c0-a799-ff15ece6b40e/addn_hosts - 1 addresses
Nov  3 05:46:27 gtw01 dnsmasq-dhcp[10338]: read /var/lib/neutron/dhcp/328be0c6-da61-45c0-a799-ff15ece6b40e/host
Nov  3 05:46:27 gtw01 dnsmasq-dhcp[10338]: read /var/lib/neutron/dhcp/328be0c6-da61-45c0-a799-ff15ece6b40e/opts
Nov  3 05:46:28 gtw01 dnsmasq[10555]: read /var/lib/neutron/dhcp/064d0cdd-b3dc-4264-b26b-aefb971a6578/addn_hosts - 1 addresses
Nov  3 05:46:28 gtw01 dnsmasq-dhcp[10555]: read /var/lib/neutron/dhcp/064d0cdd-b3dc-4264-b26b-aefb971a6578/host
Nov  3 05:46:28 gtw01 dnsmasq-dhcp[10555]: read /var/lib/neutron/dhcp/064d0cdd-b3dc-4264-b26b-aefb971a6578/opts
Nov  3 05:46:28 gtw01 dnsmasq[10495]: read /var/lib/neutron/dhcp/9dac7663-14e4-47ce-8c5d-debbfba4466b/addn_hosts - 1 addresses
Nov  3 05:46:28 gtw01 dnsmasq-dhcp[10495]: read /var/lib/neutron/dhcp/9dac7663-14e4-47ce-8c5d-debbfba4466b/host
Nov  3 05:46:28 gtw01 dnsmasq-dhcp[10495]: read /var/lib/neutron/dhcp/9dac7663-14e4-47ce-8c5d-debbfba4466b/opts
Nov  3 05:46:28 gtw01 kernel: [12894.206825] device tapb9bf7165-6a left promiscuous mode
Nov  3 05:46:28 gtw01 kernel: [12894.223467] device tapec738b68-c8 left promiscuous mode
Nov  3 05:46:29 gtw01 kernel: [12894.828442] device tap27072dc9-a0 left promiscuous mode
Nov  3 05:46:29 gtw01 dnsmasq[10555]: read /var/lib/neutron/dhcp/064d0cdd-b3dc-4264-b26b-aefb971a6578/addn_hosts - 1 addresses
Nov  3 05:46:29 gtw01 dnsmasq-dhcp[10555]: read /var/lib/neutron/dhcp/064d0cdd-b3dc-4264-b26b-aefb971a6578/host
Nov  3 05:46:29 gtw01 dnsmasq-dhcp[10555]: read /var/lib/neutron/dhcp/064d0cdd-b3dc-4264-b26b-aefb971a6578/opts
Nov  3 05:46:30 gtw01 kernel: [12895.322473] device tap3475a1cd-c4 left promiscuous mode
Nov  3 05:46:30 gtw01 kernel: [12895.755791] device tapcbf0d854-56 left promiscuous mode
Nov  3 05:46:30 gtw01 kernel: [12895.838303] device tapcf51427c-62 left promiscuous mode
Nov  3 05:46:30 gtw01 kernel: [12896.221290] device tap4f2a464c-c0 left promiscuous mode
Nov  3 05:50:16 gtw01 kernel: [13122.219253] device tap02969405-b1 entered promiscuous mode
Nov  3 05:50:17 gtw01 systemd-udevd[10807]: Process '/sbin/ip link set tap02969405-b1 txqueuelen 10000' failed with exit code 1.
Nov  3 05:50:17 gtw01 systemd-udevd[10807]: Process '/sbin/ip link set tap02969405-b1 txqueuelen 10000' failed with exit code 1.
Nov  3 05:50:18 gtw01 systemd-udevd[10912]: Could not generate persistent MAC address for tap66213172-7c: No such file or directory
Nov  3 05:50:18 gtw01 kernel: [13124.202308] device tap66213172-7c entered promiscuous mode
Nov  3 05:50:19 gtw01 systemd-udevd[10912]: Process '/sbin/ip link set tap66213172-7c txqueuelen 10000' failed with exit code 1.
Nov  3 05:50:19 gtw01 systemd-udevd[10964]: Process '/sbin/ip link set tap66213172-7c txqueuelen 10000' failed with exit code 1.
Nov  3 05:50:20 gtw01 kernel: [13125.590370] device tap69b00d61-32 entered promiscuous mode
Nov  3 05:50:20 gtw01 systemd-udevd[11024]: Could not generate persistent MAC address for tap69b00d61-32: No such file or directory
Nov  3 05:50:20 gtw01 systemd-udevd[11024]: Process '/sbin/ip link set tap69b00d61-32 txqueuelen 10000' failed with exit code 1.
Nov  3 05:50:20 gtw01 systemd-udevd[11024]: Process '/sbin/ip link set tap69b00d61-32 txqueuelen 10000' failed with exit code 1.
Nov  3 05:50:21 gtw01 dnsmasq[11109]: started, version 2.80 cachesize 150
Nov  3 05:50:21 gtw01 dnsmasq[11109]: DNS service limited to local subnets
Nov  3 05:50:21 gtw01 dnsmasq[11109]: compile time options: IPv6 GNU-getopt DBus i18n IDN DHCP DHCPv6 no-Lua TFTP conntrack ipset auth DNSSEC loop-detect inotify dumpfile
Nov  3 05:50:21 gtw01 dnsmasq[11109]: warning: no upstream servers configured
Nov  3 05:50:21 gtw01 dnsmasq-dhcp[11109]: DHCP, static leases only on 10.2.72.0, lease time 1h
Nov  3 05:50:21 gtw01 dnsmasq[11109]: read /var/lib/neutron/dhcp/b4f67287-0a82-4d2e-a39c-e34dd2653eb1/addn_hosts - 1 addresses
Nov  3 05:50:21 gtw01 dnsmasq-dhcp[11109]: read /var/lib/neutron/dhcp/b4f67287-0a82-4d2e-a39c-e34dd2653eb1/host
Nov  3 05:50:21 gtw01 dnsmasq-dhcp[11109]: read /var/lib/neutron/dhcp/b4f67287-0a82-4d2e-a39c-e34dd2653eb1/opts
Nov  3 05:50:21 gtw01 haproxy-metadata-proxy-b4f67287-0a82-4d2e-a39c-e34dd2653eb1[11118]: Proxy listener started.
Nov  3 05:50:22 gtw01 dnsmasq[11109]: read /var/lib/neutron/dhcp/b4f67287-0a82-4d2e-a39c-e34dd2653eb1/addn_hosts - 6 addresses
Nov  3 05:50:22 gtw01 dnsmasq-dhcp[11109]: read /var/lib/neutron/dhcp/b4f67287-0a82-4d2e-a39c-e34dd2653eb1/host
Nov  3 05:50:22 gtw01 dnsmasq-dhcp[11109]: read /var/lib/neutron/dhcp/b4f67287-0a82-4d2e-a39c-e34dd2653eb1/opts
Nov  3 05:50:23 gtw01 dnsmasq[11198]: started, version 2.80 cachesize 150
Nov  3 05:50:23 gtw01 dnsmasq[11198]: DNS service limited to local subnets
Nov  3 05:50:23 gtw01 dnsmasq[11198]: compile time options: IPv6 GNU-getopt DBus i18n IDN DHCP DHCPv6 no-Lua TFTP conntrack ipset auth DNSSEC loop-detect inotify dumpfile
Nov  3 05:50:23 gtw01 dnsmasq[11198]: warning: no upstream servers configured
Nov  3 05:50:23 gtw01 dnsmasq-dhcp[11198]: DHCP, static leases only on 10.2.73.0, lease time 1h
Nov  3 05:50:23 gtw01 dnsmasq[11198]: read /var/lib/neutron/dhcp/5c9f6e1d-ff5e-4e3b-9431-bb4956068f43/addn_hosts - 1 addresses
Nov  3 05:50:23 gtw01 dnsmasq-dhcp[11198]: read /var/lib/neutron/dhcp/5c9f6e1d-ff5e-4e3b-9431-bb4956068f43/host
Nov  3 05:50:23 gtw01 dnsmasq-dhcp[11198]: read /var/lib/neutron/dhcp/5c9f6e1d-ff5e-4e3b-9431-bb4956068f43/opts
Nov  3 05:50:23 gtw01 haproxy-metadata-proxy-5c9f6e1d-ff5e-4e3b-9431-bb4956068f43[11206]: Proxy listener started.
Nov  3 05:50:23 gtw01 dnsmasq[11109]: read /var/lib/neutron/dhcp/b4f67287-0a82-4d2e-a39c-e34dd2653eb1/addn_hosts - 6 addresses
Nov  3 05:50:23 gtw01 dnsmasq-dhcp[11109]: read /var/lib/neutron/dhcp/b4f67287-0a82-4d2e-a39c-e34dd2653eb1/host
Nov  3 05:50:23 gtw01 dnsmasq-dhcp[11109]: read /var/lib/neutron/dhcp/b4f67287-0a82-4d2e-a39c-e34dd2653eb1/opts
Nov  3 05:50:24 gtw01 dnsmasq[11235]: started, version 2.80 cachesize 150
Nov  3 05:50:24 gtw01 dnsmasq[11235]: DNS service limited to local subnets
Nov  3 05:50:24 gtw01 dnsmasq[11235]: compile time options: IPv6 GNU-getopt DBus i18n IDN DHCP DHCPv6 no-Lua TFTP conntrack ipset auth DNSSEC loop-detect inotify dumpfile
Nov  3 05:50:24 gtw01 dnsmasq[11235]: warning: no upstream servers configured
Nov  3 05:50:24 gtw01 dnsmasq-dhcp[11235]: DHCP, static leases only on 10.2.74.0, lease time 1h
Nov  3 05:50:24 gtw01 dnsmasq[11235]: read /var/lib/neutron/dhcp/74de3192-565e-48d8-91b4-7e9cd1256c36/addn_hosts - 1 addresses
Nov  3 05:50:24 gtw01 dnsmasq-dhcp[11235]: read /var/lib/neutron/dhcp/74de3192-565e-48d8-91b4-7e9cd1256c36/host
Nov  3 05:50:24 gtw01 dnsmasq-dhcp[11235]: read /var/lib/neutron/dhcp/74de3192-565e-48d8-91b4-7e9cd1256c36/opts
Nov  3 05:50:24 gtw01 haproxy-metadata-proxy-74de3192-565e-48d8-91b4-7e9cd1256c36[11245]: Proxy listener started.
Nov  3 05:50:24 gtw01 dnsmasq[11198]: read /var/lib/neutron/dhcp/5c9f6e1d-ff5e-4e3b-9431-bb4956068f43/addn_hosts - 1 addresses
Nov  3 05:50:24 gtw01 dnsmasq-dhcp[11198]: read /var/lib/neutron/dhcp/5c9f6e1d-ff5e-4e3b-9431-bb4956068f43/host
Nov  3 05:50:24 gtw01 dnsmasq-dhcp[11198]: read /var/lib/neutron/dhcp/5c9f6e1d-ff5e-4e3b-9431-bb4956068f43/opts
Nov  3 05:50:25 gtw01 dnsmasq[11109]: read /var/lib/neutron/dhcp/b4f67287-0a82-4d2e-a39c-e34dd2653eb1/addn_hosts - 6 addresses
Nov  3 05:50:25 gtw01 dnsmasq-dhcp[11109]: read /var/lib/neutron/dhcp/b4f67287-0a82-4d2e-a39c-e34dd2653eb1/host
Nov  3 05:50:25 gtw01 dnsmasq-dhcp[11109]: read /var/lib/neutron/dhcp/b4f67287-0a82-4d2e-a39c-e34dd2653eb1/opts
Nov  3 05:50:26 gtw01 dnsmasq[11235]: read /var/lib/neutron/dhcp/74de3192-565e-48d8-91b4-7e9cd1256c36/addn_hosts - 9 addresses
Nov  3 05:50:26 gtw01 dnsmasq-dhcp[11235]: read /var/lib/neutron/dhcp/74de3192-565e-48d8-91b4-7e9cd1256c36/host
Nov  3 05:50:26 gtw01 dnsmasq-dhcp[11235]: read /var/lib/neutron/dhcp/74de3192-565e-48d8-91b4-7e9cd1256c36/opts
Nov  3 05:50:26 gtw01 dnsmasq[11198]: read /var/lib/neutron/dhcp/5c9f6e1d-ff5e-4e3b-9431-bb4956068f43/addn_hosts - 1 addresses
Nov  3 05:50:26 gtw01 dnsmasq-dhcp[11198]: read /var/lib/neutron/dhcp/5c9f6e1d-ff5e-4e3b-9431-bb4956068f43/host
Nov  3 05:50:26 gtw01 dnsmasq-dhcp[11198]: read /var/lib/neutron/dhcp/5c9f6e1d-ff5e-4e3b-9431-bb4956068f43/opts
Nov  3 05:50:26 gtw01 dnsmasq[11109]: read /var/lib/neutron/dhcp/b4f67287-0a82-4d2e-a39c-e34dd2653eb1/addn_hosts - 6 addresses
Nov  3 05:50:26 gtw01 dnsmasq-dhcp[11109]: read /var/lib/neutron/dhcp/b4f67287-0a82-4d2e-a39c-e34dd2653eb1/host
Nov  3 05:50:26 gtw01 dnsmasq-dhcp[11109]: read /var/lib/neutron/dhcp/b4f67287-0a82-4d2e-a39c-e34dd2653eb1/opts
Nov  3 05:50:27 gtw01 dnsmasq[11235]: read /var/lib/neutron/dhcp/74de3192-565e-48d8-91b4-7e9cd1256c36/addn_hosts - 9 addresses
Nov  3 05:50:27 gtw01 dnsmasq-dhcp[11235]: read /var/lib/neutron/dhcp/74de3192-565e-48d8-91b4-7e9cd1256c36/host
Nov  3 05:50:27 gtw01 dnsmasq-dhcp[11235]: read /var/lib/neutron/dhcp/74de3192-565e-48d8-91b4-7e9cd1256c36/opts
Nov  3 05:50:27 gtw01 dnsmasq[11198]: read /var/lib/neutron/dhcp/5c9f6e1d-ff5e-4e3b-9431-bb4956068f43/addn_hosts - 2 addresses
Nov  3 05:50:27 gtw01 dnsmasq-dhcp[11198]: read /var/lib/neutron/dhcp/5c9f6e1d-ff5e-4e3b-9431-bb4956068f43/host
Nov  3 05:50:27 gtw01 dnsmasq-dhcp[11198]: read /var/lib/neutron/dhcp/5c9f6e1d-ff5e-4e3b-9431-bb4956068f43/opts
Nov  3 05:50:27 gtw01 dnsmasq[11109]: read /var/lib/neutron/dhcp/b4f67287-0a82-4d2e-a39c-e34dd2653eb1/addn_hosts - 6 addresses
Nov  3 05:50:27 gtw01 dnsmasq-dhcp[11109]: read /var/lib/neutron/dhcp/b4f67287-0a82-4d2e-a39c-e34dd2653eb1/host
Nov  3 05:50:27 gtw01 dnsmasq-dhcp[11109]: read /var/lib/neutron/dhcp/b4f67287-0a82-4d2e-a39c-e34dd2653eb1/opts
Nov  3 05:50:28 gtw01 dnsmasq[11235]: read /var/lib/neutron/dhcp/74de3192-565e-48d8-91b4-7e9cd1256c36/addn_hosts - 9 addresses
Nov  3 05:50:28 gtw01 dnsmasq-dhcp[11235]: read /var/lib/neutron/dhcp/74de3192-565e-48d8-91b4-7e9cd1256c36/host
Nov  3 05:50:28 gtw01 dnsmasq-dhcp[11235]: read /var/lib/neutron/dhcp/74de3192-565e-48d8-91b4-7e9cd1256c36/opts
Nov  3 05:50:28 gtw01 dnsmasq[11198]: read /var/lib/neutron/dhcp/5c9f6e1d-ff5e-4e3b-9431-bb4956068f43/addn_hosts - 3 addresses
Nov  3 05:50:28 gtw01 dnsmasq-dhcp[11198]: read /var/lib/neutron/dhcp/5c9f6e1d-ff5e-4e3b-9431-bb4956068f43/host
Nov  3 05:50:28 gtw01 dnsmasq-dhcp[11198]: read /var/lib/neutron/dhcp/5c9f6e1d-ff5e-4e3b-9431-bb4956068f43/opts
Nov  3 05:50:29 gtw01 dnsmasq[11109]: read /var/lib/neutron/dhcp/b4f67287-0a82-4d2e-a39c-e34dd2653eb1/addn_hosts - 6 addresses
