Nov  3 04:02:52 gtw01 dnsmasq-dhcp[29939]: read /var/lib/neutron/dhcp/7d7246da-4336-4051-94eb-bbef3945817d/host
Nov  3 04:02:52 gtw01 dnsmasq-dhcp[29939]: read /var/lib/neutron/dhcp/7d7246da-4336-4051-94eb-bbef3945817d/opts
Nov  3 04:02:52 gtw01 kernel: [ 6678.196285] device tap86ebe1bc-1c left promiscuous mode
Nov  3 04:02:56 gtw01 dnsmasq[22771]: read /var/lib/neutron/dhcp/6525ab67-00bc-407d-8499-33af9f607f16/addn_hosts - 1 addresses
Nov  3 04:02:56 gtw01 dnsmasq-dhcp[22771]: read /var/lib/neutron/dhcp/6525ab67-00bc-407d-8499-33af9f607f16/host
Nov  3 04:02:56 gtw01 dnsmasq-dhcp[22771]: read /var/lib/neutron/dhcp/6525ab67-00bc-407d-8499-33af9f607f16/opts
Nov  3 04:02:57 gtw01 dnsmasq[30013]: started, version 2.80 cachesize 150
Nov  3 04:02:57 gtw01 dnsmasq[30013]: DNS service limited to local subnets
Nov  3 04:02:57 gtw01 dnsmasq[30013]: compile time options: IPv6 GNU-getopt DBus i18n IDN DHCP DHCPv6 no-Lua TFTP conntrack ipset auth DNSSEC loop-detect inotify dumpfile
Nov  3 04:02:57 gtw01 dnsmasq[30013]: warning: no upstream servers configured
Nov  3 04:02:57 gtw01 dnsmasq-dhcp[30013]: DHCPv6, static leases only on 2003::, lease time 1h
Nov  3 04:02:57 gtw01 dnsmasq-dhcp[30013]: DHCPv6, static leases only on 2003:0:0:1::, lease time 1h
Nov  3 04:02:57 gtw01 dnsmasq-dhcp[30013]: DHCPv6, static leases only on 2003:0:0:2::, lease time 1h
Nov  3 04:02:57 gtw01 dnsmasq[30013]: read /var/lib/neutron/dhcp/7d7246da-4336-4051-94eb-bbef3945817d/addn_hosts - 3 addresses
Nov  3 04:02:57 gtw01 dnsmasq-dhcp[30013]: read /var/lib/neutron/dhcp/7d7246da-4336-4051-94eb-bbef3945817d/host
Nov  3 04:02:57 gtw01 dnsmasq-dhcp[30013]: read /var/lib/neutron/dhcp/7d7246da-4336-4051-94eb-bbef3945817d/opts
Nov  3 04:02:58 gtw01 kernel: [ 6683.532284] device tap40c56383-12 entered promiscuous mode
Nov  3 04:02:58 gtw01 systemd-udevd[30042]: Could not generate persistent MAC address for tap40c56383-12: No such file or directory
Nov  3 04:02:58 gtw01 systemd-udevd[30042]: Process '/sbin/ip link set tap40c56383-12 txqueuelen 10000' failed with exit code 1.
Nov  3 04:03:00 gtw01 dnsmasq[30169]: started, version 2.80 cachesize 150
Nov  3 04:03:00 gtw01 dnsmasq[30169]: DNS service limited to local subnets
Nov  3 04:03:00 gtw01 dnsmasq[30169]: compile time options: IPv6 GNU-getopt DBus i18n IDN DHCP DHCPv6 no-Lua TFTP conntrack ipset auth DNSSEC loop-detect inotify dumpfile
Nov  3 04:03:00 gtw01 dnsmasq[30169]: warning: no upstream servers configured
Nov  3 04:03:00 gtw01 dnsmasq-dhcp[30169]: DHCPv6, static leases only on 2003:0:0:1::, lease time 1h
Nov  3 04:03:00 gtw01 dnsmasq-dhcp[30169]: DHCPv6, static leases only on 2003:0:0:2::, lease time 1h
Nov  3 04:03:00 gtw01 dnsmasq[30169]: read /var/lib/neutron/dhcp/7d7246da-4336-4051-94eb-bbef3945817d/addn_hosts - 2 addresses
Nov  3 04:03:00 gtw01 dnsmasq-dhcp[30169]: read /var/lib/neutron/dhcp/7d7246da-4336-4051-94eb-bbef3945817d/host
Nov  3 04:03:00 gtw01 dnsmasq-dhcp[30169]: read /var/lib/neutron/dhcp/7d7246da-4336-4051-94eb-bbef3945817d/opts
Nov  3 04:03:01 gtw01 kernel: [ 6687.033244] device tapf1c8dab2-2e left promiscuous mode
Nov  3 04:03:01 gtw01 dnsmasq[30201]: started, version 2.80 cachesize 150
Nov  3 04:03:01 gtw01 dnsmasq[30201]: DNS service limited to local subnets
Nov  3 04:03:01 gtw01 dnsmasq[30201]: compile time options: IPv6 GNU-getopt DBus i18n IDN DHCP DHCPv6 no-Lua TFTP conntrack ipset auth DNSSEC loop-detect inotify dumpfile
Nov  3 04:03:01 gtw01 dnsmasq[30201]: warning: no upstream servers configured
Nov  3 04:03:01 gtw01 dnsmasq-dhcp[30201]: DHCP, static leases only on 192.168.120.0, lease time 1h
Nov  3 04:03:01 gtw01 dnsmasq[30201]: read /var/lib/neutron/dhcp/5bab6b17-30d9-4968-94f2-e58bb8f8143b/addn_hosts - 1 addresses
Nov  3 04:03:01 gtw01 dnsmasq-dhcp[30201]: read /var/lib/neutron/dhcp/5bab6b17-30d9-4968-94f2-e58bb8f8143b/host
Nov  3 04:03:01 gtw01 dnsmasq-dhcp[30201]: read /var/lib/neutron/dhcp/5bab6b17-30d9-4968-94f2-e58bb8f8143b/opts
Nov  3 04:03:02 gtw01 haproxy-metadata-proxy-5bab6b17-30d9-4968-94f2-e58bb8f8143b[30205]: Proxy listener started.
Nov  3 04:03:03 gtw01 dnsmasq[30201]: read /var/lib/neutron/dhcp/5bab6b17-30d9-4968-94f2-e58bb8f8143b/addn_hosts - 3 addresses
Nov  3 04:03:03 gtw01 dnsmasq-dhcp[30201]: read /var/lib/neutron/dhcp/5bab6b17-30d9-4968-94f2-e58bb8f8143b/host
Nov  3 04:03:03 gtw01 dnsmasq-dhcp[30201]: read /var/lib/neutron/dhcp/5bab6b17-30d9-4968-94f2-e58bb8f8143b/opts
Nov  3 04:03:03 gtw01 kernel: [ 6688.811027] device tap95bc0fdc-fc left promiscuous mode
Nov  3 04:03:04 gtw01 systemd-udevd[30259]: Could not generate persistent MAC address for tap890da5b6-87: No such file or directory
Nov  3 04:03:04 gtw01 kernel: [ 6689.561349] device tap890da5b6-87 entered promiscuous mode
Nov  3 04:03:04 gtw01 dnsmasq[30201]: read /var/lib/neutron/dhcp/5bab6b17-30d9-4968-94f2-e58bb8f8143b/addn_hosts - 3 addresses
Nov  3 04:03:04 gtw01 dnsmasq-dhcp[30201]: read /var/lib/neutron/dhcp/5bab6b17-30d9-4968-94f2-e58bb8f8143b/host
Nov  3 04:03:04 gtw01 dnsmasq-dhcp[30201]: read /var/lib/neutron/dhcp/5bab6b17-30d9-4968-94f2-e58bb8f8143b/opts
Nov  3 04:03:04 gtw01 systemd-udevd[30259]: Process '/sbin/ip link set tap890da5b6-87 txqueuelen 10000' failed with exit code 1.
Nov  3 04:03:04 gtw01 systemd-udevd[30309]: Process '/sbin/ip link set tap890da5b6-87 txqueuelen 10000' failed with exit code 1.
Nov  3 04:03:05 gtw01 dnsmasq[30201]: read /var/lib/neutron/dhcp/5bab6b17-30d9-4968-94f2-e58bb8f8143b/addn_hosts - 3 addresses
Nov  3 04:03:05 gtw01 dnsmasq-dhcp[30201]: read /var/lib/neutron/dhcp/5bab6b17-30d9-4968-94f2-e58bb8f8143b/host
Nov  3 04:03:05 gtw01 dnsmasq-dhcp[30201]: read /var/lib/neutron/dhcp/5bab6b17-30d9-4968-94f2-e58bb8f8143b/opts
Nov  3 04:03:06 gtw01 dnsmasq[30201]: read /var/lib/neutron/dhcp/5bab6b17-30d9-4968-94f2-e58bb8f8143b/addn_hosts - 3 addresses
Nov  3 04:03:06 gtw01 dnsmasq-dhcp[30201]: read /var/lib/neutron/dhcp/5bab6b17-30d9-4968-94f2-e58bb8f8143b/host
Nov  3 04:03:06 gtw01 dnsmasq-dhcp[30201]: read /var/lib/neutron/dhcp/5bab6b17-30d9-4968-94f2-e58bb8f8143b/opts
Nov  3 04:03:07 gtw01 dnsmasq[30201]: read /var/lib/neutron/dhcp/5bab6b17-30d9-4968-94f2-e58bb8f8143b/addn_hosts - 3 addresses
Nov  3 04:03:07 gtw01 dnsmasq-dhcp[30201]: read /var/lib/neutron/dhcp/5bab6b17-30d9-4968-94f2-e58bb8f8143b/host
Nov  3 04:03:07 gtw01 dnsmasq-dhcp[30201]: read /var/lib/neutron/dhcp/5bab6b17-30d9-4968-94f2-e58bb8f8143b/opts
Nov  3 04:03:07 gtw01 dnsmasq[30426]: started, version 2.80 cachesize 150
Nov  3 04:03:07 gtw01 dnsmasq[30426]: DNS service limited to local subnets
Nov  3 04:03:07 gtw01 dnsmasq[30426]: compile time options: IPv6 GNU-getopt DBus i18n IDN DHCP DHCPv6 no-Lua TFTP conntrack ipset auth DNSSEC loop-detect inotify dumpfile
Nov  3 04:03:07 gtw01 dnsmasq[30426]: warning: no upstream servers configured
Nov  3 04:03:07 gtw01 dnsmasq-dhcp[30426]: DHCP, static leases only on 192.168.120.0, lease time 1h
Nov  3 04:03:07 gtw01 dnsmasq[30426]: read /var/lib/neutron/dhcp/b4c8a9b6-5cbd-4509-9d9c-13bdefe31027/addn_hosts - 1 addresses
Nov  3 04:03:07 gtw01 dnsmasq-dhcp[30426]: read /var/lib/neutron/dhcp/b4c8a9b6-5cbd-4509-9d9c-13bdefe31027/host
Nov  3 04:03:07 gtw01 dnsmasq-dhcp[30426]: read /var/lib/neutron/dhcp/b4c8a9b6-5cbd-4509-9d9c-13bdefe31027/opts
Nov  3 04:03:08 gtw01 haproxy-metadata-proxy-b4c8a9b6-5cbd-4509-9d9c-13bdefe31027[30433]: Proxy listener started.
Nov  3 04:03:08 gtw01 dnsmasq[30201]: read /var/lib/neutron/dhcp/5bab6b17-30d9-4968-94f2-e58bb8f8143b/addn_hosts - 3 addresses
Nov  3 04:03:08 gtw01 dnsmasq-dhcp[30201]: read /var/lib/neutron/dhcp/5bab6b17-30d9-4968-94f2-e58bb8f8143b/host
Nov  3 04:03:08 gtw01 dnsmasq-dhcp[30201]: read /var/lib/neutron/dhcp/5bab6b17-30d9-4968-94f2-e58bb8f8143b/opts
Nov  3 04:03:08 gtw01 dnsmasq[30426]: read /var/lib/neutron/dhcp/b4c8a9b6-5cbd-4509-9d9c-13bdefe31027/addn_hosts - 1 addresses
Nov  3 04:03:08 gtw01 dnsmasq-dhcp[30426]: read /var/lib/neutron/dhcp/b4c8a9b6-5cbd-4509-9d9c-13bdefe31027/host
Nov  3 04:03:08 gtw01 dnsmasq-dhcp[30426]: read /var/lib/neutron/dhcp/b4c8a9b6-5cbd-4509-9d9c-13bdefe31027/opts
Nov  3 04:03:09 gtw01 dnsmasq[30201]: read /var/lib/neutron/dhcp/5bab6b17-30d9-4968-94f2-e58bb8f8143b/addn_hosts - 2 addresses
Nov  3 04:03:09 gtw01 dnsmasq-dhcp[30201]: read /var/lib/neutron/dhcp/5bab6b17-30d9-4968-94f2-e58bb8f8143b/host
Nov  3 04:03:09 gtw01 dnsmasq-dhcp[30201]: read /var/lib/neutron/dhcp/5bab6b17-30d9-4968-94f2-e58bb8f8143b/opts
Nov  3 04:03:09 gtw01 dnsmasq[30426]: read /var/lib/neutron/dhcp/b4c8a9b6-5cbd-4509-9d9c-13bdefe31027/addn_hosts - 1 addresses
Nov  3 04:03:09 gtw01 dnsmasq-dhcp[30426]: read /var/lib/neutron/dhcp/b4c8a9b6-5cbd-4509-9d9c-13bdefe31027/host
Nov  3 04:03:09 gtw01 dnsmasq-dhcp[30426]: read /var/lib/neutron/dhcp/b4c8a9b6-5cbd-4509-9d9c-13bdefe31027/opts
Nov  3 04:03:10 gtw01 dnsmasq[30201]: read /var/lib/neutron/dhcp/5bab6b17-30d9-4968-94f2-e58bb8f8143b/addn_hosts - 1 addresses
Nov  3 04:03:10 gtw01 dnsmasq-dhcp[30201]: read /var/lib/neutron/dhcp/5bab6b17-30d9-4968-94f2-e58bb8f8143b/host
Nov  3 04:03:10 gtw01 dnsmasq-dhcp[30201]: read /var/lib/neutron/dhcp/5bab6b17-30d9-4968-94f2-e58bb8f8143b/opts
Nov  3 04:03:10 gtw01 dnsmasq[30426]: read /var/lib/neutron/dhcp/b4c8a9b6-5cbd-4509-9d9c-13bdefe31027/addn_hosts - 2 addresses
Nov  3 04:03:10 gtw01 dnsmasq-dhcp[30426]: read /var/lib/neutron/dhcp/b4c8a9b6-5cbd-4509-9d9c-13bdefe31027/host
Nov  3 04:03:10 gtw01 dnsmasq-dhcp[30426]: read /var/lib/neutron/dhcp/b4c8a9b6-5cbd-4509-9d9c-13bdefe31027/opts
Nov  3 04:03:11 gtw01 dnsmasq[30426]: read /var/lib/neutron/dhcp/b4c8a9b6-5cbd-4509-9d9c-13bdefe31027/addn_hosts - 2 addresses
Nov  3 04:03:11 gtw01 dnsmasq-dhcp[30426]: read /var/lib/neutron/dhcp/b4c8a9b6-5cbd-4509-9d9c-13bdefe31027/host
Nov  3 04:03:11 gtw01 dnsmasq-dhcp[30426]: read /var/lib/neutron/dhcp/b4c8a9b6-5cbd-4509-9d9c-13bdefe31027/opts
Nov  3 04:03:13 gtw01 kernel: [ 6698.338004] device tap890da5b6-87 left promiscuous mode
Nov  3 04:03:15 gtw01 kernel: [ 6700.436764] device tap40c56383-12 left promiscuous mode
Nov  3 04:03:15 gtw01 dnsmasq[12514]: read /var/lib/neutron/dhcp/b8d47c75-7672-43c6-9cff-727534f7a0ef/addn_hosts - 3 addresses
Nov  3 04:03:15 gtw01 dnsmasq-dhcp[12514]: read /var/lib/neutron/dhcp/b8d47c75-7672-43c6-9cff-727534f7a0ef/host
Nov  3 04:03:15 gtw01 dnsmasq-dhcp[12514]: read /var/lib/neutron/dhcp/b8d47c75-7672-43c6-9cff-727534f7a0ef/opts
Nov  3 04:03:16 gtw01 dnsmasq[12514]: read /var/lib/neutron/dhcp/b8d47c75-7672-43c6-9cff-727534f7a0ef/addn_hosts - 3 addresses
Nov  3 04:03:16 gtw01 dnsmasq-dhcp[12514]: read /var/lib/neutron/dhcp/b8d47c75-7672-43c6-9cff-727534f7a0ef/host
Nov  3 04:03:16 gtw01 dnsmasq-dhcp[12514]: read /var/lib/neutron/dhcp/b8d47c75-7672-43c6-9cff-727534f7a0ef/opts
Nov  3 04:03:17 gtw01 dnsmasq[12514]: read /var/lib/neutron/dhcp/b8d47c75-7672-43c6-9cff-727534f7a0ef/addn_hosts - 3 addresses
Nov  3 04:03:17 gtw01 dnsmasq-dhcp[12514]: read /var/lib/neutron/dhcp/b8d47c75-7672-43c6-9cff-727534f7a0ef/host
Nov  3 04:03:17 gtw01 dnsmasq-dhcp[12514]: read /var/lib/neutron/dhcp/b8d47c75-7672-43c6-9cff-727534f7a0ef/opts
Nov  3 04:03:18 gtw01 kernel: [ 6703.990735] device tap07760d0d-71 entered promiscuous mode
Nov  3 04:03:18 gtw01 systemd-udevd[30632]: Could not generate persistent MAC address for tap07760d0d-71: No such file or directory
Nov  3 04:03:18 gtw01 systemd-udevd[30678]: Process '/sbin/ip link set tap07760d0d-71 txqueuelen 10000' failed with exit code 1.
Nov  3 04:03:22 gtw01 kernel: [ 6707.285305] device tapccc0501b-2c entered promiscuous mode
Nov  3 04:03:22 gtw01 systemd-udevd[30760]: Could not generate persistent MAC address for tapccc0501b-2c: No such file or directory
Nov  3 04:03:22 gtw01 systemd-udevd[30760]: Process '/sbin/ip link set tapccc0501b-2c txqueuelen 10000' failed with exit code 1.
Nov  3 04:03:22 gtw01 dnsmasq[30822]: started, version 2.80 cachesize 150
Nov  3 04:03:22 gtw01 dnsmasq[30822]: DNS service limited to local subnets
Nov  3 04:03:22 gtw01 dnsmasq[30822]: compile time options: IPv6 GNU-getopt DBus i18n IDN DHCP DHCPv6 no-Lua TFTP conntrack ipset auth DNSSEC loop-detect inotify dumpfile
Nov  3 04:03:22 gtw01 dnsmasq[30822]: warning: no upstream servers configured
Nov  3 04:03:22 gtw01 dnsmasq-dhcp[30822]: DHCP, static leases only on 192.168.120.0, lease time 1h
Nov  3 04:03:22 gtw01 dnsmasq[30822]: read /var/lib/neutron/dhcp/2cdce648-196c-4ff5-9dec-5d83ec436795/addn_hosts - 1 addresses
Nov  3 04:03:22 gtw01 dnsmasq-dhcp[30822]: read /var/lib/neutron/dhcp/2cdce648-196c-4ff5-9dec-5d83ec436795/host
Nov  3 04:03:22 gtw01 dnsmasq-dhcp[30822]: read /var/lib/neutron/dhcp/2cdce648-196c-4ff5-9dec-5d83ec436795/opts
Nov  3 04:03:22 gtw01 haproxy-metadata-proxy-2cdce648-196c-4ff5-9dec-5d83ec436795[30829]: Proxy listener started.
Nov  3 04:03:23 gtw01 dnsmasq[30822]: read /var/lib/neutron/dhcp/2cdce648-196c-4ff5-9dec-5d83ec436795/addn_hosts - 2 addresses
Nov  3 04:03:23 gtw01 dnsmasq-dhcp[30822]: read /var/lib/neutron/dhcp/2cdce648-196c-4ff5-9dec-5d83ec436795/host
Nov  3 04:03:23 gtw01 dnsmasq-dhcp[30822]: read /var/lib/neutron/dhcp/2cdce648-196c-4ff5-9dec-5d83ec436795/opts
Nov  3 04:03:24 gtw01 dnsmasq[30822]: read /var/lib/neutron/dhcp/2cdce648-196c-4ff5-9dec-5d83ec436795/addn_hosts - 2 addresses
Nov  3 04:03:24 gtw01 dnsmasq-dhcp[30822]: read /var/lib/neutron/dhcp/2cdce648-196c-4ff5-9dec-5d83ec436795/host
Nov  3 04:03:24 gtw01 dnsmasq-dhcp[30822]: read /var/lib/neutron/dhcp/2cdce648-196c-4ff5-9dec-5d83ec436795/opts
Nov  3 04:03:24 gtw01 kernel: [ 6710.256083] device tap448b7fd8-1f entered promiscuous mode
Nov  3 04:03:24 gtw01 systemd-udevd[30911]: Could not generate persistent MAC address for tap448b7fd8-1f: No such file or directory
Nov  3 04:03:25 gtw01 systemd-udevd[30911]: Process '/sbin/ip link set tap448b7fd8-1f txqueuelen 10000' failed with exit code 1.
Nov  3 04:03:25 gtw01 systemd-udevd[30911]: Process '/sbin/ip link set tap448b7fd8-1f txqueuelen 10000' failed with exit code 1.
Nov  3 04:03:26 gtw01 dnsmasq[30822]: read /var/lib/neutron/dhcp/2cdce648-196c-4ff5-9dec-5d83ec436795/addn_hosts - 2 addresses
Nov  3 04:03:26 gtw01 dnsmasq-dhcp[30822]: read /var/lib/neutron/dhcp/2cdce648-196c-4ff5-9dec-5d83ec436795/host
Nov  3 04:03:26 gtw01 dnsmasq-dhcp[30822]: read /var/lib/neutron/dhcp/2cdce648-196c-4ff5-9dec-5d83ec436795/opts
Nov  3 04:03:26 gtw01 dnsmasq[31009]: started, version 2.80 cachesize 150
Nov  3 04:03:26 gtw01 dnsmasq[31009]: DNS service limited to local subnets
Nov  3 04:03:26 gtw01 dnsmasq[31009]: compile time options: IPv6 GNU-getopt DBus i18n IDN DHCP DHCPv6 no-Lua TFTP conntrack ipset auth DNSSEC loop-detect inotify dumpfile
Nov  3 04:03:26 gtw01 dnsmasq[31009]: warning: no upstream servers configured
Nov  3 04:03:26 gtw01 dnsmasq-dhcp[31009]: DHCP, static leases only on 192.168.120.0, lease time 1h
Nov  3 04:03:26 gtw01 dnsmasq[31009]: read /var/lib/neutron/dhcp/069d340e-4810-4e2b-bd43-09cc26ee3791/addn_hosts - 1 addresses
Nov  3 04:03:26 gtw01 dnsmasq-dhcp[31009]: read /var/lib/neutron/dhcp/069d340e-4810-4e2b-bd43-09cc26ee3791/host
Nov  3 04:03:26 gtw01 dnsmasq-dhcp[31009]: read /var/lib/neutron/dhcp/069d340e-4810-4e2b-bd43-09cc26ee3791/opts
Nov  3 04:03:26 gtw01 haproxy-metadata-proxy-069d340e-4810-4e2b-bd43-09cc26ee3791[31018]: Proxy listener started.
Nov  3 04:03:27 gtw01 kernel: [ 6712.444961] device tapccc0501b-2c left promiscuous mode
Nov  3 04:03:27 gtw01 dnsmasq[30822]: read /var/lib/neutron/dhcp/2cdce648-196c-4ff5-9dec-5d83ec436795/addn_hosts - 2 addresses
Nov  3 04:03:27 gtw01 dnsmasq-dhcp[30822]: read /var/lib/neutron/dhcp/2cdce648-196c-4ff5-9dec-5d83ec436795/host
Nov  3 04:03:27 gtw01 dnsmasq-dhcp[30822]: read /var/lib/neutron/dhcp/2cdce648-196c-4ff5-9dec-5d83ec436795/opts
Nov  3 04:03:28 gtw01 dnsmasq[30822]: read /var/lib/neutron/dhcp/2cdce648-196c-4ff5-9dec-5d83ec436795/addn_hosts - 2 addresses
Nov  3 04:03:28 gtw01 dnsmasq-dhcp[30822]: read /var/lib/neutron/dhcp/2cdce648-196c-4ff5-9dec-5d83ec436795/host
Nov  3 04:03:28 gtw01 dnsmasq-dhcp[30822]: read /var/lib/neutron/dhcp/2cdce648-196c-4ff5-9dec-5d83ec436795/opts
Nov  3 04:03:29 gtw01 dnsmasq[31107]: started, version 2.80 cachesize 150
Nov  3 04:03:29 gtw01 dnsmasq[31107]: DNS service limited to local subnets
Nov  3 04:03:29 gtw01 dnsmasq[31107]: compile time options: IPv6 GNU-getopt DBus i18n IDN DHCP DHCPv6 no-Lua TFTP conntrack ipset auth DNSSEC loop-detect inotify dumpfile
Nov  3 04:03:29 gtw01 dnsmasq[31107]: warning: no upstream servers configured
Nov  3 04:03:29 gtw01 dnsmasq-dhcp[31107]: DHCP, static leases only on 192.168.121.0, lease time 1h
Nov  3 04:03:29 gtw01 dnsmasq[31107]: read /var/lib/neutron/dhcp/49be88c1-bdc7-46aa-a062-881d319c50f1/addn_hosts - 1 addresses
Nov  3 04:03:29 gtw01 dnsmasq-dhcp[31107]: read /var/lib/neutron/dhcp/49be88c1-bdc7-46aa-a062-881d319c50f1/host
Nov  3 04:03:29 gtw01 dnsmasq-dhcp[31107]: read /var/lib/neutron/dhcp/49be88c1-bdc7-46aa-a062-881d319c50f1/opts
Nov  3 04:03:29 gtw01 haproxy-metadata-proxy-49be88c1-bdc7-46aa-a062-881d319c50f1[31114]: Proxy listener started.
Nov  3 04:03:30 gtw01 kernel: [ 6715.319638] device tapba3201f9-72 entered promiscuous mode
Nov  3 04:03:30 gtw01 systemd-udevd[31144]: Could not generate persistent MAC address for tapba3201f9-72: No such file or directory
Nov  3 04:03:30 gtw01 systemd-udevd[31197]: Process '/sbin/ip link set tapba3201f9-72 txqueuelen 10000' failed with exit code 1.
Nov  3 04:03:30 gtw01 kernel: [ 6715.923575] device tap65ab9712-13 entered promiscuous mode
Nov  3 04:03:30 gtw01 systemd-udevd[31225]: Could not generate persistent MAC address for tap65ab9712-13: No such file or directory
Nov  3 04:03:30 gtw01 systemd-udevd[31269]: Process '/sbin/ip link set tap65ab9712-13 txqueuelen 10000' failed with exit code 1.
Nov  3 04:03:30 gtw01 dnsmasq[31107]: read /var/lib/neutron/dhcp/49be88c1-bdc7-46aa-a062-881d319c50f1/addn_hosts - 2 addresses
Nov  3 04:03:30 gtw01 dnsmasq-dhcp[31107]: read /var/lib/neutron/dhcp/49be88c1-bdc7-46aa-a062-881d319c50f1/host
Nov  3 04:03:30 gtw01 dnsmasq-dhcp[31107]: read /var/lib/neutron/dhcp/49be88c1-bdc7-46aa-a062-881d319c50f1/opts
Nov  3 04:03:30 gtw01 dnsmasq[12514]: read /var/lib/neutron/dhcp/b8d47c75-7672-43c6-9cff-727534f7a0ef/addn_hosts - 2 addresses
Nov  3 04:03:30 gtw01 dnsmasq-dhcp[12514]: read /var/lib/neutron/dhcp/b8d47c75-7672-43c6-9cff-727534f7a0ef/host
Nov  3 04:03:30 gtw01 dnsmasq-dhcp[12514]: read /var/lib/neutron/dhcp/b8d47c75-7672-43c6-9cff-727534f7a0ef/opts
Nov  3 04:03:32 gtw01 dnsmasq[31107]: read /var/lib/neutron/dhcp/49be88c1-bdc7-46aa-a062-881d319c50f1/addn_hosts - 2 addresses
Nov  3 04:03:32 gtw01 dnsmasq-dhcp[31107]: read /var/lib/neutron/dhcp/49be88c1-bdc7-46aa-a062-881d319c50f1/host
Nov  3 04:03:32 gtw01 dnsmasq-dhcp[31107]: read /var/lib/neutron/dhcp/49be88c1-bdc7-46aa-a062-881d319c50f1/opts
Nov  3 04:03:33 gtw01 dnsmasq[31107]: read /var/lib/neutron/dhcp/49be88c1-bdc7-46aa-a062-881d319c50f1/addn_hosts - 2 addresses
Nov  3 04:03:33 gtw01 dnsmasq-dhcp[31107]: read /var/lib/neutron/dhcp/49be88c1-bdc7-46aa-a062-881d319c50f1/host
Nov  3 04:03:33 gtw01 dnsmasq-dhcp[31107]: read /var/lib/neutron/dhcp/49be88c1-bdc7-46aa-a062-881d319c50f1/opts
Nov  3 04:03:34 gtw01 dnsmasq[31107]: read /var/lib/neutron/dhcp/49be88c1-bdc7-46aa-a062-881d319c50f1/addn_hosts - 2 addresses
Nov  3 04:03:34 gtw01 dnsmasq-dhcp[31107]: read /var/lib/neutron/dhcp/49be88c1-bdc7-46aa-a062-881d319c50f1/host
Nov  3 04:03:34 gtw01 dnsmasq-dhcp[31107]: read /var/lib/neutron/dhcp/49be88c1-bdc7-46aa-a062-881d319c50f1/opts
Nov  3 04:03:34 gtw01 dnsmasq[31438]: started, version 2.80 cachesize 150
Nov  3 04:03:34 gtw01 dnsmasq[31438]: DNS service limited to local subnets
Nov  3 04:03:35 gtw01 dnsmasq[31438]: compile time options: IPv6 GNU-getopt DBus i18n IDN DHCP DHCPv6 no-Lua TFTP conntrack ipset auth DNSSEC loop-detect inotify dumpfile
Nov  3 04:03:35 gtw01 dnsmasq[31438]: warning: no upstream servers configured
Nov  3 04:03:35 gtw01 dnsmasq-dhcp[31438]: DHCP, static leases only on 192.168.122.0, lease time 1h
Nov  3 04:03:35 gtw01 dnsmasq[31438]: read /var/lib/neutron/dhcp/822acbae-5d4a-4021-a55b-802d821a1064/addn_hosts - 1 addresses
Nov  3 04:03:35 gtw01 dnsmasq-dhcp[31438]: read /var/lib/neutron/dhcp/822acbae-5d4a-4021-a55b-802d821a1064/host
Nov  3 04:03:35 gtw01 dnsmasq-dhcp[31438]: read /var/lib/neutron/dhcp/822acbae-5d4a-4021-a55b-802d821a1064/opts
Nov  3 04:03:35 gtw01 dnsmasq[31452]: started, version 2.80 cachesize 150
Nov  3 04:03:35 gtw01 dnsmasq[31452]: DNS service limited to local subnets
Nov  3 04:03:35 gtw01 dnsmasq[31452]: compile time options: IPv6 GNU-getopt DBus i18n IDN DHCP DHCPv6 no-Lua TFTP conntrack ipset auth DNSSEC loop-detect inotify dumpfile
Nov  3 04:03:35 gtw01 dnsmasq[31452]: warning: no upstream servers configured
Nov  3 04:03:35 gtw01 dnsmasq-dhcp[31452]: DHCP, static leases only on 192.168.120.0, lease time 1h
Nov  3 04:03:35 gtw01 dnsmasq[31452]: read /var/lib/neutron/dhcp/977bc129-19fb-4630-a2a8-d52193406581/addn_hosts - 1 addresses
Nov  3 04:03:35 gtw01 dnsmasq-dhcp[31452]: read /var/lib/neutron/dhcp/977bc129-19fb-4630-a2a8-d52193406581/host
Nov  3 04:03:35 gtw01 dnsmasq-dhcp[31452]: read /var/lib/neutron/dhcp/977bc129-19fb-4630-a2a8-d52193406581/opts
Nov  3 04:03:35 gtw01 haproxy-metadata-proxy-822acbae-5d4a-4021-a55b-802d821a1064[31460]: Proxy listener started.
Nov  3 04:03:35 gtw01 haproxy-metadata-proxy-977bc129-19fb-4630-a2a8-d52193406581[31476]: Proxy listener started.
Nov  3 04:03:36 gtw01 kernel: [ 6722.031447] device tap671ed366-d3 entered promiscuous mode
Nov  3 04:03:36 gtw01 systemd-udevd[31511]: Could not generate persistent MAC address for tap671ed366-d3: No such file or directory
Nov  3 04:03:36 gtw01 systemd-udevd[31511]: Process '/sbin/ip link set tap671ed366-d3 txqueuelen 10000' failed with exit code 1.
Nov  3 04:03:36 gtw01 systemd-udevd[31563]: Process '/sbin/ip link set tap671ed366-d3 txqueuelen 10000' failed with exit code 1.
Nov  3 04:03:36 gtw01 dnsmasq[31107]: read /var/lib/neutron/dhcp/49be88c1-bdc7-46aa-a062-881d319c50f1/addn_hosts - 2 addresses
Nov  3 04:03:36 gtw01 dnsmasq-dhcp[31107]: read /var/lib/neutron/dhcp/49be88c1-bdc7-46aa-a062-881d319c50f1/host
Nov  3 04:03:36 gtw01 dnsmasq-dhcp[31107]: read /var/lib/neutron/dhcp/49be88c1-bdc7-46aa-a062-881d319c50f1/opts
Nov  3 04:03:37 gtw01 dnsmasq[31438]: read /var/lib/neutron/dhcp/822acbae-5d4a-4021-a55b-802d821a1064/addn_hosts - 2 addresses
Nov  3 04:03:37 gtw01 dnsmasq-dhcp[31438]: read /var/lib/neutron/dhcp/822acbae-5d4a-4021-a55b-802d821a1064/host
Nov  3 04:03:37 gtw01 dnsmasq-dhcp[31438]: read /var/lib/neutron/dhcp/822acbae-5d4a-4021-a55b-802d821a1064/opts
Nov  3 04:03:37 gtw01 kernel: [ 6722.531459] device tap7d38a8e8-87 entered promiscuous mode
Nov  3 04:03:37 gtw01 systemd-udevd[31592]: Could not generate persistent MAC address for tap7d38a8e8-87: No such file or directory
Nov  3 04:03:37 gtw01 systemd-udevd[31637]: Process '/sbin/ip link set tap7d38a8e8-87 txqueuelen 10000' failed with exit code 1.
Nov  3 04:03:37 gtw01 kernel: [ 6722.705189] device tap65ab9712-13 left promiscuous mode
Nov  3 04:03:38 gtw01 dnsmasq[31438]: read /var/lib/neutron/dhcp/822acbae-5d4a-4021-a55b-802d821a1064/addn_hosts - 2 addresses
Nov  3 04:03:38 gtw01 dnsmasq-dhcp[31438]: read /var/lib/neutron/dhcp/822acbae-5d4a-4021-a55b-802d821a1064/host
Nov  3 04:03:38 gtw01 dnsmasq-dhcp[31438]: read /var/lib/neutron/dhcp/822acbae-5d4a-4021-a55b-802d821a1064/opts
Nov  3 04:03:40 gtw01 dnsmasq[31438]: read /var/lib/neutron/dhcp/822acbae-5d4a-4021-a55b-802d821a1064/addn_hosts - 2 addresses
Nov  3 04:03:40 gtw01 dnsmasq-dhcp[31438]: read /var/lib/neutron/dhcp/822acbae-5d4a-4021-a55b-802d821a1064/host
Nov  3 04:03:40 gtw01 dnsmasq-dhcp[31438]: read /var/lib/neutron/dhcp/822acbae-5d4a-4021-a55b-802d821a1064/opts
Nov  3 04:03:41 gtw01 dnsmasq[31796]: started, version 2.80 cachesize 150
Nov  3 04:03:41 gtw01 dnsmasq[31796]: DNS service limited to local subnets
Nov  3 04:03:41 gtw01 dnsmasq[31796]: compile time options: IPv6 GNU-getopt DBus i18n IDN DHCP DHCPv6 no-Lua TFTP conntrack ipset auth DNSSEC loop-detect inotify dumpfile
Nov  3 04:03:41 gtw01 dnsmasq[31796]: warning: no upstream servers configured
Nov  3 04:03:41 gtw01 dnsmasq-dhcp[31796]: DHCP, static leases only on 192.168.120.0, lease time 1h
Nov  3 04:03:41 gtw01 dnsmasq[31796]: read /var/lib/neutron/dhcp/60a39377-5986-4033-b411-7a6f893da84b/addn_hosts - 1 addresses
Nov  3 04:03:41 gtw01 dnsmasq-dhcp[31796]: read /var/lib/neutron/dhcp/60a39377-5986-4033-b411-7a6f893da84b/host
Nov  3 04:03:41 gtw01 dnsmasq-dhcp[31796]: read /var/lib/neutron/dhcp/60a39377-5986-4033-b411-7a6f893da84b/opts
Nov  3 04:03:41 gtw01 dnsmasq[31438]: read /var/lib/neutron/dhcp/822acbae-5d4a-4021-a55b-802d821a1064/addn_hosts - 2 addresses
Nov  3 04:03:41 gtw01 dnsmasq-dhcp[31438]: read /var/lib/neutron/dhcp/822acbae-5d4a-4021-a55b-802d821a1064/host
Nov  3 04:03:41 gtw01 dnsmasq-dhcp[31438]: read /var/lib/neutron/dhcp/822acbae-5d4a-4021-a55b-802d821a1064/opts
Nov  3 04:03:41 gtw01 dnsmasq[31808]: started, version 2.80 cachesize 150
Nov  3 04:03:41 gtw01 dnsmasq[31808]: DNS service limited to local subnets
Nov  3 04:03:41 gtw01 dnsmasq[31808]: compile time options: IPv6 GNU-getopt DBus i18n IDN DHCP DHCPv6 no-Lua TFTP conntrack ipset auth DNSSEC loop-detect inotify dumpfile
Nov  3 04:03:41 gtw01 dnsmasq[31808]: warning: no upstream servers configured
Nov  3 04:03:41 gtw01 dnsmasq-dhcp[31808]: DHCP, static leases only on 192.168.123.0, lease time 1h
Nov  3 04:03:41 gtw01 dnsmasq[31808]: read /var/lib/neutron/dhcp/54a1787e-19ff-4f95-84b8-cb714c8101d8/addn_hosts - 1 addresses
Nov  3 04:03:41 gtw01 dnsmasq-dhcp[31808]: read /var/lib/neutron/dhcp/54a1787e-19ff-4f95-84b8-cb714c8101d8/host
Nov  3 04:03:41 gtw01 dnsmasq-dhcp[31808]: read /var/lib/neutron/dhcp/54a1787e-19ff-4f95-84b8-cb714c8101d8/opts
Nov  3 04:03:41 gtw01 haproxy-metadata-proxy-60a39377-5986-4033-b411-7a6f893da84b[31809]: Proxy listener started.
Nov  3 04:03:42 gtw01 haproxy-metadata-proxy-54a1787e-19ff-4f95-84b8-cb714c8101d8[31821]: Proxy listener started.
Nov  3 04:03:42 gtw01 kernel: [ 6727.694563] device tap671ed366-d3 left promiscuous mode
Nov  3 04:03:42 gtw01 dnsmasq[31438]: read /var/lib/neutron/dhcp/822acbae-5d4a-4021-a55b-802d821a1064/addn_hosts - 2 addresses
Nov  3 04:03:42 gtw01 dnsmasq-dhcp[31438]: read /var/lib/neutron/dhcp/822acbae-5d4a-4021-a55b-802d821a1064/host
Nov  3 04:03:42 gtw01 dnsmasq-dhcp[31438]: read /var/lib/neutron/dhcp/822acbae-5d4a-4021-a55b-802d821a1064/opts
Nov  3 04:03:42 gtw01 dnsmasq[31808]: read /var/lib/neutron/dhcp/54a1787e-19ff-4f95-84b8-cb714c8101d8/addn_hosts - 1 addresses
Nov  3 04:03:42 gtw01 dnsmasq-dhcp[31808]: read /var/lib/neutron/dhcp/54a1787e-19ff-4f95-84b8-cb714c8101d8/host
Nov  3 04:03:42 gtw01 dnsmasq-dhcp[31808]: read /var/lib/neutron/dhcp/54a1787e-19ff-4f95-84b8-cb714c8101d8/opts
Nov  3 04:03:43 gtw01 dnsmasq[31808]: read /var/lib/neutron/dhcp/54a1787e-19ff-4f95-84b8-cb714c8101d8/addn_hosts - 1 addresses
Nov  3 04:03:43 gtw01 dnsmasq-dhcp[31808]: read /var/lib/neutron/dhcp/54a1787e-19ff-4f95-84b8-cb714c8101d8/host
Nov  3 04:03:43 gtw01 dnsmasq-dhcp[31808]: read /var/lib/neutron/dhcp/54a1787e-19ff-4f95-84b8-cb714c8101d8/opts
Nov  3 04:03:44 gtw01 dnsmasq[31808]: read /var/lib/neutron/dhcp/54a1787e-19ff-4f95-84b8-cb714c8101d8/addn_hosts - 2 addresses
Nov  3 04:03:44 gtw01 dnsmasq-dhcp[31808]: read /var/lib/neutron/dhcp/54a1787e-19ff-4f95-84b8-cb714c8101d8/host
Nov  3 04:03:44 gtw01 dnsmasq-dhcp[31808]: read /var/lib/neutron/dhcp/54a1787e-19ff-4f95-84b8-cb714c8101d8/opts
Nov  3 04:03:45 gtw01 kernel: [ 6731.140980] device tap7d38a8e8-87 left promiscuous mode
Nov  3 04:03:47 gtw01 systemd-udevd[31925]: Could not generate persistent MAC address for tap8910f660-37: No such file or directory
Nov  3 04:03:47 gtw01 kernel: [ 6733.024427] device tap8910f660-37 entered promiscuous mode
Nov  3 04:03:47 gtw01 systemd-udevd[31925]: Process '/sbin/ip link set tap8910f660-37 txqueuelen 10000' failed with exit code 1.
Nov  3 04:03:47 gtw01 systemd-udevd[31975]: Process '/sbin/ip link set tap8910f660-37 txqueuelen 10000' failed with exit code 1.
Nov  3 04:03:50 gtw01 dnsmasq[31438]: read /var/lib/neutron/dhcp/822acbae-5d4a-4021-a55b-802d821a1064/addn_hosts - 1 addresses
Nov  3 04:03:50 gtw01 dnsmasq-dhcp[31438]: read /var/lib/neutron/dhcp/822acbae-5d4a-4021-a55b-802d821a1064/host
Nov  3 04:03:50 gtw01 dnsmasq-dhcp[31438]: read /var/lib/neutron/dhcp/822acbae-5d4a-4021-a55b-802d821a1064/opts
Nov  3 04:03:51 gtw01 dnsmasq[32057]: started, version 2.80 cachesize 150
Nov  3 04:03:51 gtw01 dnsmasq[32057]: DNS service limited to local subnets
Nov  3 04:03:51 gtw01 dnsmasq[32057]: compile time options: IPv6 GNU-getopt DBus i18n IDN DHCP DHCPv6 no-Lua TFTP conntrack ipset auth DNSSEC loop-detect inotify dumpfile
Nov  3 04:03:51 gtw01 dnsmasq[32057]: warning: no upstream servers configured
Nov  3 04:03:51 gtw01 dnsmasq-dhcp[32057]: DHCP, static leases only on 192.168.120.0, lease time 1h
Nov  3 04:03:51 gtw01 dnsmasq[32057]: read /var/lib/neutron/dhcp/db54472b-ab9f-4ec1-9d08-ec801f190453/addn_hosts - 1 addresses
Nov  3 04:03:51 gtw01 dnsmasq-dhcp[32057]: read /var/lib/neutron/dhcp/db54472b-ab9f-4ec1-9d08-ec801f190453/host
Nov  3 04:03:51 gtw01 dnsmasq-dhcp[32057]: read /var/lib/neutron/dhcp/db54472b-ab9f-4ec1-9d08-ec801f190453/opts
Nov  3 04:03:51 gtw01 haproxy-metadata-proxy-db54472b-ab9f-4ec1-9d08-ec801f190453[32067]: Proxy listener started.
Nov  3 04:03:51 gtw01 systemd-udevd[32080]: Could not generate persistent MAC address for tap4bbafd5b-e3: No such file or directory
Nov  3 04:03:51 gtw01 kernel: [ 6737.149845] device tap4bbafd5b-e3 entered promiscuous mode
Nov  3 04:03:51 gtw01 systemd-udevd[32080]: Process '/sbin/ip link set tap4bbafd5b-e3 txqueuelen 10000' failed with exit code 1.
Nov  3 04:03:52 gtw01 systemd-udevd[32080]: Process '/sbin/ip link set tap4bbafd5b-e3 txqueuelen 10000' failed with exit code 1.
Nov  3 04:03:55 gtw01 kernel: [ 6741.050425] device tapba3201f9-72 left promiscuous mode
Nov  3 04:03:56 gtw01 dnsmasq[32253]: started, version 2.80 cachesize 150
Nov  3 04:03:56 gtw01 dnsmasq[32253]: DNS service limited to local subnets
Nov  3 04:03:56 gtw01 dnsmasq[32253]: compile time options: IPv6 GNU-getopt DBus i18n IDN DHCP DHCPv6 no-Lua TFTP conntrack ipset auth DNSSEC loop-detect inotify dumpfile
Nov  3 04:03:56 gtw01 dnsmasq[32253]: warning: no upstream servers configured
Nov  3 04:03:56 gtw01 dnsmasq-dhcp[32253]: DHCPv6, static leases only on 2003::, lease time 1h
Nov  3 04:03:56 gtw01 dnsmasq[32253]: read /var/lib/neutron/dhcp/627e94c6-f65b-4711-8599-55ddb938fd0c/addn_hosts - 1 addresses
Nov  3 04:03:56 gtw01 dnsmasq-dhcp[32253]: read /var/lib/neutron/dhcp/627e94c6-f65b-4711-8599-55ddb938fd0c/host
Nov  3 04:03:56 gtw01 dnsmasq-dhcp[32253]: read /var/lib/neutron/dhcp/627e94c6-f65b-4711-8599-55ddb938fd0c/opts
Nov  3 04:03:56 gtw01 kernel: [ 6742.027186] device tap65e3b4da-33 entered promiscuous mode
Nov  3 04:03:56 gtw01 systemd-udevd[32283]: Could not generate persistent MAC address for tap65e3b4da-33: No such file or directory
Nov  3 04:03:56 gtw01 systemd-udevd[32328]: Process '/sbin/ip link set tap65e3b4da-33 txqueuelen 10000' failed with exit code 1.
Nov  3 04:03:57 gtw01 kernel: [ 6742.388760] device tap69776ae4-a9 entered promiscuous mode
Nov  3 04:03:57 gtw01 systemd-udevd[32355]: Could not generate persistent MAC address for tap69776ae4-a9: No such file or directory
Nov  3 04:03:57 gtw01 systemd-udevd[32402]: Process '/sbin/ip link set tap69776ae4-a9 txqueuelen 10000' failed with exit code 1.
Nov  3 04:03:57 gtw01 dnsmasq[32253]: read /var/lib/neutron/dhcp/627e94c6-f65b-4711-8599-55ddb938fd0c/addn_hosts - 1 addresses
Nov  3 04:03:57 gtw01 dnsmasq-dhcp[32253]: read /var/lib/neutron/dhcp/627e94c6-f65b-4711-8599-55ddb938fd0c/host
Nov  3 04:03:57 gtw01 dnsmasq-dhcp[32253]: read /var/lib/neutron/dhcp/627e94c6-f65b-4711-8599-55ddb938fd0c/opts
Nov  3 04:03:58 gtw01 dnsmasq[32443]: started, version 2.80 cachesize 150
Nov  3 04:03:58 gtw01 dnsmasq[32443]: DNS service limited to local subnets
Nov  3 04:03:58 gtw01 dnsmasq[32443]: compile time options: IPv6 GNU-getopt DBus i18n IDN DHCP DHCPv6 no-Lua TFTP conntrack ipset auth DNSSEC loop-detect inotify dumpfile
Nov  3 04:03:58 gtw01 dnsmasq[32443]: warning: no upstream servers configured
Nov  3 04:03:58 gtw01 dnsmasq-dhcp[32443]: DHCP, static leases only on 192.168.120.0, lease time 1h
Nov  3 04:03:58 gtw01 dnsmasq-dhcp[32443]: DHCP, static leases only on 192.168.120.16, lease time 1h
Nov  3 04:03:58 gtw01 dnsmasq[32443]: read /var/lib/neutron/dhcp/db54472b-ab9f-4ec1-9d08-ec801f190453/addn_hosts - 3 addresses
Nov  3 04:03:58 gtw01 dnsmasq-dhcp[32443]: read /var/lib/neutron/dhcp/db54472b-ab9f-4ec1-9d08-ec801f190453/host
Nov  3 04:03:58 gtw01 dnsmasq-dhcp[32443]: read /var/lib/neutron/dhcp/db54472b-ab9f-4ec1-9d08-ec801f190453/opts
Nov  3 04:03:58 gtw01 dnsmasq-dhcp[32443]: DHCPRELEASE(tap8910f660-37) 192.168.120.6 fa:16:3e:09:10:4d
Nov  3 04:03:59 gtw01 dnsmasq[32253]: read /var/lib/neutron/dhcp/627e94c6-f65b-4711-8599-55ddb938fd0c/addn_hosts - 1 addresses
Nov  3 04:03:59 gtw01 dnsmasq-dhcp[32253]: read /var/lib/neutron/dhcp/627e94c6-f65b-4711-8599-55ddb938fd0c/host
Nov  3 04:03:59 gtw01 dnsmasq-dhcp[32253]: read /var/lib/neutron/dhcp/627e94c6-f65b-4711-8599-55ddb938fd0c/opts
Nov  3 04:03:59 gtw01 dnsmasq-dhcp[32443]: DHCPRELEASE(tap8910f660-37) 192.168.120.18 fa:16:3e:e2:82:e1 unknown lease
Nov  3 04:04:00 gtw01 dnsmasq-dhcp[32443]: DHCPRELEASE(tap8910f660-37) 192.168.120.18 fa:16:3e:e2:82:e1 unknown lease
Nov  3 04:04:00 gtw01 dnsmasq[31107]: read /var/lib/neutron/dhcp/49be88c1-bdc7-46aa-a062-881d319c50f1/addn_hosts - 1 addresses
Nov  3 04:04:00 gtw01 dnsmasq-dhcp[31107]: read /var/lib/neutron/dhcp/49be88c1-bdc7-46aa-a062-881d319c50f1/host
Nov  3 04:04:00 gtw01 dnsmasq-dhcp[31107]: read /var/lib/neutron/dhcp/49be88c1-bdc7-46aa-a062-881d319c50f1/opts
Nov  3 04:04:00 gtw01 dnsmasq[32253]: read /var/lib/neutron/dhcp/627e94c6-f65b-4711-8599-55ddb938fd0c/addn_hosts - 1 addresses
Nov  3 04:04:00 gtw01 dnsmasq-dhcp[32253]: read /var/lib/neutron/dhcp/627e94c6-f65b-4711-8599-55ddb938fd0c/host
Nov  3 04:04:00 gtw01 dnsmasq-dhcp[32253]: read /var/lib/neutron/dhcp/627e94c6-f65b-4711-8599-55ddb938fd0c/opts
Nov  3 04:04:01 gtw01 dnsmasq-dhcp[32443]: DHCPRELEASE(tap8910f660-37) 192.168.120.18 fa:16:3e:e2:82:e1 unknown lease
Nov  3 04:04:02 gtw01 dnsmasq[32443]: read /var/lib/neutron/dhcp/db54472b-ab9f-4ec1-9d08-ec801f190453/addn_hosts - 1 addresses
Nov  3 04:04:02 gtw01 dnsmasq-dhcp[32443]: read /var/lib/neutron/dhcp/db54472b-ab9f-4ec1-9d08-ec801f190453/host
Nov  3 04:04:02 gtw01 dnsmasq-dhcp[32443]: read /var/lib/neutron/dhcp/db54472b-ab9f-4ec1-9d08-ec801f190453/opts
Nov  3 04:04:02 gtw01 dnsmasq[32608]: started, version 2.80 cachesize 150
Nov  3 04:04:02 gtw01 dnsmasq[32608]: DNS service limited to local subnets
Nov  3 04:04:02 gtw01 dnsmasq[32608]: compile time options: IPv6 GNU-getopt DBus i18n IDN DHCP DHCPv6 no-Lua TFTP conntrack ipset auth DNSSEC loop-detect inotify dumpfile
Nov  3 04:04:02 gtw01 dnsmasq[32608]: warning: no upstream servers configured
Nov  3 04:04:02 gtw01 dnsmasq-dhcp[32608]: DHCPv6, static leases only on 2003::, lease time 1h
Nov  3 04:04:02 gtw01 dnsmasq[32608]: read /var/lib/neutron/dhcp/c1a2bee5-7af8-48d5-9061-dbea47edc0db/addn_hosts - 1 addresses
Nov  3 04:04:02 gtw01 dnsmasq-dhcp[32608]: read /var/lib/neutron/dhcp/c1a2bee5-7af8-48d5-9061-dbea47edc0db/host
Nov  3 04:04:02 gtw01 dnsmasq-dhcp[32608]: read /var/lib/neutron/dhcp/c1a2bee5-7af8-48d5-9061-dbea47edc0db/opts
Nov  3 04:04:02 gtw01 dnsmasq[32619]: started, version 2.80 cachesize 150
Nov  3 04:04:02 gtw01 dnsmasq[32619]: DNS service limited to local subnets
Nov  3 04:04:02 gtw01 dnsmasq[32619]: compile time options: IPv6 GNU-getopt DBus i18n IDN DHCP DHCPv6 no-Lua TFTP conntrack ipset auth DNSSEC loop-detect inotify dumpfile
Nov  3 04:04:02 gtw01 dnsmasq[32619]: warning: no upstream servers configured
Nov  3 04:04:02 gtw01 dnsmasq-dhcp[32619]: DHCPv6, static leases only on 2003::, lease time 1h
Nov  3 04:04:02 gtw01 dnsmasq[32619]: read /var/lib/neutron/dhcp/aa17a2db-7cdd-4d63-b338-b63c104eaa87/addn_hosts - 1 addresses
Nov  3 04:04:02 gtw01 dnsmasq-dhcp[32619]: read /var/lib/neutron/dhcp/aa17a2db-7cdd-4d63-b338-b63c104eaa87/host
Nov  3 04:04:02 gtw01 dnsmasq-dhcp[32619]: read /var/lib/neutron/dhcp/aa17a2db-7cdd-4d63-b338-b63c104eaa87/opts
Nov  3 04:04:03 gtw01 kernel: [ 6748.360961] device tap448b7fd8-1f left promiscuous mode
Nov  3 04:04:03 gtw01 dnsmasq[32608]: read /var/lib/neutron/dhcp/c1a2bee5-7af8-48d5-9061-dbea47edc0db/addn_hosts - 1 addresses
Nov  3 04:04:03 gtw01 dnsmasq-dhcp[32608]: read /var/lib/neutron/dhcp/c1a2bee5-7af8-48d5-9061-dbea47edc0db/host
Nov  3 04:04:03 gtw01 dnsmasq-dhcp[32608]: read /var/lib/neutron/dhcp/c1a2bee5-7af8-48d5-9061-dbea47edc0db/opts
Nov  3 04:04:03 gtw01 kernel: [ 6749.194940] device tap8910f660-37 left promiscuous mode
Nov  3 04:04:04 gtw01 dnsmasq[32619]: read /var/lib/neutron/dhcp/aa17a2db-7cdd-4d63-b338-b63c104eaa87/addn_hosts - 1 addresses
Nov  3 04:04:04 gtw01 dnsmasq-dhcp[32619]: read /var/lib/neutron/dhcp/aa17a2db-7cdd-4d63-b338-b63c104eaa87/host
Nov  3 04:04:04 gtw01 dnsmasq-dhcp[32619]: read /var/lib/neutron/dhcp/aa17a2db-7cdd-4d63-b338-b63c104eaa87/opts
Nov  3 04:04:04 gtw01 dnsmasq[32608]: read /var/lib/neutron/dhcp/c1a2bee5-7af8-48d5-9061-dbea47edc0db/addn_hosts - 1 addresses
Nov  3 04:04:04 gtw01 dnsmasq-dhcp[32608]: read /var/lib/neutron/dhcp/c1a2bee5-7af8-48d5-9061-dbea47edc0db/host
Nov  3 04:04:04 gtw01 dnsmasq-dhcp[32608]: read /var/lib/neutron/dhcp/c1a2bee5-7af8-48d5-9061-dbea47edc0db/opts
Nov  3 04:04:05 gtw01 dnsmasq[32619]: read /var/lib/neutron/dhcp/aa17a2db-7cdd-4d63-b338-b63c104eaa87/addn_hosts - 1 addresses
Nov  3 04:04:05 gtw01 dnsmasq-dhcp[32619]: read /var/lib/neutron/dhcp/aa17a2db-7cdd-4d63-b338-b63c104eaa87/host
Nov  3 04:04:05 gtw01 dnsmasq-dhcp[32619]: read /var/lib/neutron/dhcp/aa17a2db-7cdd-4d63-b338-b63c104eaa87/opts
Nov  3 04:04:05 gtw01 dnsmasq[32608]: read /var/lib/neutron/dhcp/c1a2bee5-7af8-48d5-9061-dbea47edc0db/addn_hosts - 1 addresses
Nov  3 04:04:05 gtw01 dnsmasq-dhcp[32608]: read /var/lib/neutron/dhcp/c1a2bee5-7af8-48d5-9061-dbea47edc0db/host
Nov  3 04:04:05 gtw01 dnsmasq-dhcp[32608]: read /var/lib/neutron/dhcp/c1a2bee5-7af8-48d5-9061-dbea47edc0db/opts
Nov  3 04:04:06 gtw01 dnsmasq[32619]: read /var/lib/neutron/dhcp/aa17a2db-7cdd-4d63-b338-b63c104eaa87/addn_hosts - 2 addresses
Nov  3 04:04:06 gtw01 dnsmasq-dhcp[32619]: read /var/lib/neutron/dhcp/aa17a2db-7cdd-4d63-b338-b63c104eaa87/host
Nov  3 04:04:06 gtw01 dnsmasq-dhcp[32619]: read /var/lib/neutron/dhcp/aa17a2db-7cdd-4d63-b338-b63c104eaa87/opts
Nov  3 04:04:06 gtw01 kernel: [ 6752.218956] device tapb79db491-43 entered promiscuous mode
Nov  3 04:04:07 gtw01 systemd-udevd[32756]: Process '/sbin/ip link set tapb79db491-43 txqueuelen 10000' failed with exit code 1.
Nov  3 04:04:07 gtw01 systemd-udevd[346]: Process '/sbin/ip link set tapb79db491-43 txqueuelen 10000' failed with exit code 1.
Nov  3 04:04:07 gtw01 dnsmasq[32619]: read /var/lib/neutron/dhcp/aa17a2db-7cdd-4d63-b338-b63c104eaa87/addn_hosts - 2 addresses
Nov  3 04:04:07 gtw01 dnsmasq-dhcp[32619]: read /var/lib/neutron/dhcp/aa17a2db-7cdd-4d63-b338-b63c104eaa87/host
Nov  3 04:04:07 gtw01 dnsmasq-dhcp[32619]: read /var/lib/neutron/dhcp/aa17a2db-7cdd-4d63-b338-b63c104eaa87/opts
Nov  3 04:04:07 gtw01 dnsmasq[32253]: read /var/lib/neutron/dhcp/627e94c6-f65b-4711-8599-55ddb938fd0c/addn_hosts - 2 addresses
Nov  3 04:04:07 gtw01 dnsmasq-dhcp[32253]: read /var/lib/neutron/dhcp/627e94c6-f65b-4711-8599-55ddb938fd0c/host
Nov  3 04:04:07 gtw01 dnsmasq-dhcp[32253]: read /var/lib/neutron/dhcp/627e94c6-f65b-4711-8599-55ddb938fd0c/opts
Nov  3 04:04:07 gtw01 dnsmasq[30822]: read /var/lib/neutron/dhcp/2cdce648-196c-4ff5-9dec-5d83ec436795/addn_hosts - 1 addresses
Nov  3 04:04:07 gtw01 dnsmasq-dhcp[30822]: read /var/lib/neutron/dhcp/2cdce648-196c-4ff5-9dec-5d83ec436795/host
Nov  3 04:04:07 gtw01 dnsmasq-dhcp[30822]: read /var/lib/neutron/dhcp/2cdce648-196c-4ff5-9dec-5d83ec436795/opts
Nov  3 04:04:09 gtw01 dnsmasq[32619]: read /var/lib/neutron/dhcp/aa17a2db-7cdd-4d63-b338-b63c104eaa87/addn_hosts - 2 addresses
Nov  3 04:04:09 gtw01 dnsmasq-dhcp[32619]: read /var/lib/neutron/dhcp/aa17a2db-7cdd-4d63-b338-b63c104eaa87/host
Nov  3 04:04:09 gtw01 dnsmasq-dhcp[32619]: read /var/lib/neutron/dhcp/aa17a2db-7cdd-4d63-b338-b63c104eaa87/opts
Nov  3 04:04:09 gtw01 kernel: [ 6754.691918] device tapd84f9769-2b entered promiscuous mode
Nov  3 04:04:09 gtw01 systemd-udevd[454]: Could not generate persistent MAC address for tapd84f9769-2b: No such file or directory
Nov  3 04:04:09 gtw01 systemd-udevd[501]: Process '/sbin/ip link set tapd84f9769-2b txqueuelen 10000' failed with exit code 1.
Nov  3 04:04:09 gtw01 dnsmasq[32253]: read /var/lib/neutron/dhcp/627e94c6-f65b-4711-8599-55ddb938fd0c/addn_hosts - 2 addresses
Nov  3 04:04:09 gtw01 dnsmasq-dhcp[32253]: read /var/lib/neutron/dhcp/627e94c6-f65b-4711-8599-55ddb938fd0c/host
Nov  3 04:04:09 gtw01 dnsmasq-dhcp[32253]: read /var/lib/neutron/dhcp/627e94c6-f65b-4711-8599-55ddb938fd0c/opts
Nov  3 04:04:11 gtw01 kernel: [ 6756.443107] device tap07760d0d-71 left promiscuous mode
Nov  3 04:04:11 gtw01 dnsmasq[32253]: read /var/lib/neutron/dhcp/627e94c6-f65b-4711-8599-55ddb938fd0c/addn_hosts - 1 addresses
Nov  3 04:04:11 gtw01 dnsmasq-dhcp[32253]: read /var/lib/neutron/dhcp/627e94c6-f65b-4711-8599-55ddb938fd0c/host
Nov  3 04:04:11 gtw01 dnsmasq-dhcp[32253]: read /var/lib/neutron/dhcp/627e94c6-f65b-4711-8599-55ddb938fd0c/opts
Nov  3 04:04:11 gtw01 dnsmasq[32619]: read /var/lib/neutron/dhcp/aa17a2db-7cdd-4d63-b338-b63c104eaa87/addn_hosts - 1 addresses
Nov  3 04:04:11 gtw01 dnsmasq-dhcp[32619]: read /var/lib/neutron/dhcp/aa17a2db-7cdd-4d63-b338-b63c104eaa87/host
Nov  3 04:04:11 gtw01 dnsmasq-dhcp[32619]: read /var/lib/neutron/dhcp/aa17a2db-7cdd-4d63-b338-b63c104eaa87/opts
Nov  3 04:04:12 gtw01 dnsmasq[642]: started, version 2.80 cachesize 150
Nov  3 04:04:12 gtw01 dnsmasq[642]: DNS service limited to local subnets
Nov  3 04:04:12 gtw01 dnsmasq[642]: compile time options: IPv6 GNU-getopt DBus i18n IDN DHCP DHCPv6 no-Lua TFTP conntrack ipset auth DNSSEC loop-detect inotify dumpfile
Nov  3 04:04:12 gtw01 dnsmasq[642]: warning: no upstream servers configured
Nov  3 04:04:12 gtw01 dnsmasq-dhcp[642]: DHCPv6, static leases only on 2003:0:1::, lease time 1h
Nov  3 04:04:12 gtw01 dnsmasq[642]: read /var/lib/neutron/dhcp/a01c2c12-aef5-4fed-a6d3-420189b6335d/addn_hosts - 1 addresses
Nov  3 04:04:12 gtw01 dnsmasq-dhcp[642]: read /var/lib/neutron/dhcp/a01c2c12-aef5-4fed-a6d3-420189b6335d/host
Nov  3 04:04:12 gtw01 dnsmasq-dhcp[642]: read /var/lib/neutron/dhcp/a01c2c12-aef5-4fed-a6d3-420189b6335d/opts
Nov  3 04:04:13 gtw01 dnsmasq[642]: read /var/lib/neutron/dhcp/a01c2c12-aef5-4fed-a6d3-420189b6335d/addn_hosts - 0 addresses
Nov  3 04:04:13 gtw01 dnsmasq-dhcp[642]: read /var/lib/neutron/dhcp/a01c2c12-aef5-4fed-a6d3-420189b6335d/host
Nov  3 04:04:13 gtw01 dnsmasq-dhcp[642]: read /var/lib/neutron/dhcp/a01c2c12-aef5-4fed-a6d3-420189b6335d/opts
Nov  3 04:04:14 gtw01 dnsmasq[680]: started, version 2.80 cachesize 150
Nov  3 04:04:14 gtw01 dnsmasq[680]: DNS service limited to local subnets
Nov  3 04:04:14 gtw01 dnsmasq[680]: compile time options: IPv6 GNU-getopt DBus i18n IDN DHCP DHCPv6 no-Lua TFTP conntrack ipset auth DNSSEC loop-detect inotify dumpfile
Nov  3 04:04:14 gtw01 dnsmasq[680]: warning: no upstream servers configured
Nov  3 04:04:14 gtw01 dnsmasq-dhcp[680]: DHCP, static leases only on 192.168.120.0, lease time 1h
Nov  3 04:04:14 gtw01 dnsmasq[680]: read /var/lib/neutron/dhcp/ec75b82d-fa61-4512-95f6-033b2bef3581/addn_hosts - 1 addresses
Nov  3 04:04:14 gtw01 dnsmasq-dhcp[680]: read /var/lib/neutron/dhcp/ec75b82d-fa61-4512-95f6-033b2bef3581/host
Nov  3 04:04:14 gtw01 dnsmasq-dhcp[680]: read /var/lib/neutron/dhcp/ec75b82d-fa61-4512-95f6-033b2bef3581/opts
Nov  3 04:04:14 gtw01 haproxy-metadata-proxy-ec75b82d-fa61-4512-95f6-033b2bef3581[687]: Proxy listener started.
Nov  3 04:04:14 gtw01 kernel: [ 6759.942988] device tapb79db491-43 left promiscuous mode
Nov  3 04:04:15 gtw01 kernel: [ 6760.514571] device tapd84f9769-2b left promiscuous mode
Nov  3 04:04:17 gtw01 kernel: [ 6762.729170] device tap69776ae4-a9 left promiscuous mode
Nov  3 04:04:19 gtw01 kernel: [ 6764.570997] device tap65e3b4da-33 left promiscuous mode
Nov  3 04:04:19 gtw01 kernel: [ 6764.936905] device tap40634d46-23 entered promiscuous mode
Nov  3 04:04:19 gtw01 systemd-udevd[730]: Could not generate persistent MAC address for tap40634d46-23: No such file or directory
Nov  3 04:04:19 gtw01 systemd-udevd[775]: Process '/sbin/ip link set tap40634d46-23 txqueuelen 10000' failed with exit code 1.
Nov  3 04:04:23 gtw01 dnsmasq[843]: started, version 2.80 cachesize 150
Nov  3 04:04:23 gtw01 dnsmasq[843]: DNS service limited to local subnets
Nov  3 04:04:23 gtw01 dnsmasq[843]: compile time options: IPv6 GNU-getopt DBus i18n IDN DHCP DHCPv6 no-Lua TFTP conntrack ipset auth DNSSEC loop-detect inotify dumpfile
Nov  3 04:04:23 gtw01 dnsmasq[843]: warning: no upstream servers configured
Nov  3 04:04:23 gtw01 dnsmasq-dhcp[843]: DHCP, static leases only on 192.168.120.0, lease time 1h
Nov  3 04:04:23 gtw01 dnsmasq[843]: read /var/lib/neutron/dhcp/61473e85-549b-4b2d-b928-50da360bbd5d/addn_hosts - 1 addresses
Nov  3 04:04:23 gtw01 dnsmasq-dhcp[843]: read /var/lib/neutron/dhcp/61473e85-549b-4b2d-b928-50da360bbd5d/host
Nov  3 04:04:23 gtw01 dnsmasq-dhcp[843]: read /var/lib/neutron/dhcp/61473e85-549b-4b2d-b928-50da360bbd5d/opts
Nov  3 04:04:23 gtw01 haproxy-metadata-proxy-61473e85-549b-4b2d-b928-50da360bbd5d[849]: Proxy listener started.
Nov  3 04:04:23 gtw01 kernel: [ 6768.750351] device tap4bbafd5b-e3 left promiscuous mode
Nov  3 04:04:24 gtw01 kernel: [ 6769.746931] device tap40634d46-23 left promiscuous mode
Nov  3 04:04:30 gtw01 kernel: [ 6775.695386] device tap3c10c65f-f6 entered promiscuous mode
Nov  3 04:04:30 gtw01 systemd-udevd[884]: Could not generate persistent MAC address for tap3c10c65f-f6: No such file or directory
Nov  3 04:04:30 gtw01 systemd-udevd[884]: Process '/sbin/ip link set tap3c10c65f-f6 txqueuelen 10000' failed with exit code 1.
Nov  3 04:04:30 gtw01 systemd-udevd[884]: Process '/sbin/ip link set tap3c10c65f-f6 txqueuelen 10000' failed with exit code 1.
Nov  3 04:04:33 gtw01 dnsmasq[996]: started, version 2.80 cachesize 150
Nov  3 04:04:33 gtw01 dnsmasq[996]: DNS service limited to local subnets
Nov  3 04:04:33 gtw01 dnsmasq[996]: compile time options: IPv6 GNU-getopt DBus i18n IDN DHCP DHCPv6 no-Lua TFTP conntrack ipset auth DNSSEC loop-detect inotify dumpfile
Nov  3 04:04:33 gtw01 dnsmasq[996]: warning: no upstream servers configured
Nov  3 04:04:33 gtw01 dnsmasq-dhcp[996]: DHCP, static leases only on 192.168.120.0, lease time 1h
Nov  3 04:04:33 gtw01 dnsmasq[996]: read /var/lib/neutron/dhcp/c1b3118e-1d62-4b8e-8f3f-d5675c9d20b9/addn_hosts - 1 addresses
Nov  3 04:04:33 gtw01 dnsmasq-dhcp[996]: read /var/lib/neutron/dhcp/c1b3118e-1d62-4b8e-8f3f-d5675c9d20b9/host
Nov  3 04:04:33 gtw01 dnsmasq-dhcp[996]: read /var/lib/neutron/dhcp/c1b3118e-1d62-4b8e-8f3f-d5675c9d20b9/opts
Nov  3 04:04:34 gtw01 haproxy-metadata-proxy-c1b3118e-1d62-4b8e-8f3f-d5675c9d20b9[1000]: Proxy listener started.
Nov  3 04:04:35 gtw01 dnsmasq[996]: read /var/lib/neutron/dhcp/c1b3118e-1d62-4b8e-8f3f-d5675c9d20b9/addn_hosts - 1 addresses
Nov  3 04:04:35 gtw01 dnsmasq-dhcp[996]: read /var/lib/neutron/dhcp/c1b3118e-1d62-4b8e-8f3f-d5675c9d20b9/host
Nov  3 04:04:35 gtw01 dnsmasq-dhcp[996]: read /var/lib/neutron/dhcp/c1b3118e-1d62-4b8e-8f3f-d5675c9d20b9/opts
Nov  3 04:04:35 gtw01 kernel: [ 6780.640392] device tap1b787053-bb entered promiscuous mode
Nov  3 04:04:35 gtw01 systemd-udevd[1035]: Could not generate persistent MAC address for tap1b787053-bb: No such file or directory
Nov  3 04:04:35 gtw01 systemd-udevd[1035]: Process '/sbin/ip link set tap1b787053-bb txqueuelen 10000' failed with exit code 1.
Nov  3 04:04:35 gtw01 systemd-udevd[1035]: Process '/sbin/ip link set tap1b787053-bb txqueuelen 10000' failed with exit code 1.
Nov  3 04:04:36 gtw01 dnsmasq[996]: read /var/lib/neutron/dhcp/c1b3118e-1d62-4b8e-8f3f-d5675c9d20b9/addn_hosts - 1 addresses
Nov  3 04:04:36 gtw01 dnsmasq-dhcp[996]: read /var/lib/neutron/dhcp/c1b3118e-1d62-4b8e-8f3f-d5675c9d20b9/host
Nov  3 04:04:36 gtw01 dnsmasq-dhcp[996]: read /var/lib/neutron/dhcp/c1b3118e-1d62-4b8e-8f3f-d5675c9d20b9/opts
Nov  3 04:04:37 gtw01 systemd-udevd[1156]: Could not generate persistent MAC address for tap1a3fba22-c3: No such file or directory
Nov  3 04:04:37 gtw01 kernel: [ 6782.321419] device tap1a3fba22-c3 entered promiscuous mode
Nov  3 04:04:37 gtw01 systemd-udevd[1209]: Process '/sbin/ip link set tap1a3fba22-c3 txqueuelen 10000' failed with exit code 1.
Nov  3 04:04:37 gtw01 dnsmasq[996]: read /var/lib/neutron/dhcp/c1b3118e-1d62-4b8e-8f3f-d5675c9d20b9/addn_hosts - 2 addresses
Nov  3 04:04:37 gtw01 dnsmasq-dhcp[996]: read /var/lib/neutron/dhcp/c1b3118e-1d62-4b8e-8f3f-d5675c9d20b9/host
Nov  3 04:04:37 gtw01 dnsmasq-dhcp[996]: read /var/lib/neutron/dhcp/c1b3118e-1d62-4b8e-8f3f-d5675c9d20b9/opts
Nov  3 04:04:38 gtw01 kernel: [ 6783.736407] device tapd91efe37-40 entered promiscuous mode
Nov  3 04:04:38 gtw01 systemd-udevd[1273]: Could not generate persistent MAC address for tapd91efe37-40: No such file or directory
Nov  3 04:04:38 gtw01 systemd-udevd[1273]: Process '/sbin/ip link set tapd91efe37-40 txqueuelen 10000' failed with exit code 1.
Nov  3 04:04:38 gtw01 systemd-udevd[1325]: Process '/sbin/ip link set tapd91efe37-40 txqueuelen 10000' failed with exit code 1.
Nov  3 04:04:39 gtw01 kernel: [ 6784.869892] device tap3c10c65f-f6 left promiscuous mode
Nov  3 04:04:39 gtw01 dnsmasq[1386]: started, version 2.80 cachesize 150
Nov  3 04:04:39 gtw01 dnsmasq[1386]: DNS service limited to local subnets
Nov  3 04:04:39 gtw01 dnsmasq[1386]: compile time options: IPv6 GNU-getopt DBus i18n IDN DHCP DHCPv6 no-Lua TFTP conntrack ipset auth DNSSEC loop-detect inotify dumpfile
