Nov  3 05:41:40 gtw01 dnsmasq[4608]: read /var/lib/neutron/dhcp/51f8db2d-49cb-4eed-a3b8-3782efe89068/addn_hosts - 2 addresses
Nov  3 05:41:40 gtw01 dnsmasq-dhcp[4608]: read /var/lib/neutron/dhcp/51f8db2d-49cb-4eed-a3b8-3782efe89068/host
Nov  3 05:41:40 gtw01 dnsmasq-dhcp[4608]: read /var/lib/neutron/dhcp/51f8db2d-49cb-4eed-a3b8-3782efe89068/opts
Nov  3 05:41:40 gtw01 dnsmasq[4018]: read /var/lib/neutron/dhcp/a4dc9b14-936c-4d1f-8c47-80cb6978dbf1/addn_hosts - 2 addresses
Nov  3 05:41:40 gtw01 dnsmasq-dhcp[4018]: read /var/lib/neutron/dhcp/a4dc9b14-936c-4d1f-8c47-80cb6978dbf1/host
Nov  3 05:41:40 gtw01 dnsmasq-dhcp[4018]: read /var/lib/neutron/dhcp/a4dc9b14-936c-4d1f-8c47-80cb6978dbf1/opts
Nov  3 05:41:40 gtw01 haproxy-metadata-proxy-51f8db2d-49cb-4eed-a3b8-3782efe89068[4625]: Proxy listener started.
Nov  3 05:41:40 gtw01 dnsmasq[4444]: read /var/lib/neutron/dhcp/d43f41b2-fe04-47f0-91ce-7e9c72cd2382/addn_hosts - 1 addresses
Nov  3 05:41:40 gtw01 dnsmasq-dhcp[4444]: read /var/lib/neutron/dhcp/d43f41b2-fe04-47f0-91ce-7e9c72cd2382/host
Nov  3 05:41:40 gtw01 dnsmasq-dhcp[4444]: read /var/lib/neutron/dhcp/d43f41b2-fe04-47f0-91ce-7e9c72cd2382/opts
Nov  3 05:41:41 gtw01 dnsmasq[4452]: read /var/lib/neutron/dhcp/5e3d0bc8-5fe7-44af-98c6-24e17bcc9813/addn_hosts - 1 addresses
Nov  3 05:41:41 gtw01 dnsmasq-dhcp[4452]: read /var/lib/neutron/dhcp/5e3d0bc8-5fe7-44af-98c6-24e17bcc9813/host
Nov  3 05:41:41 gtw01 dnsmasq-dhcp[4452]: read /var/lib/neutron/dhcp/5e3d0bc8-5fe7-44af-98c6-24e17bcc9813/opts
Nov  3 05:41:41 gtw01 dnsmasq[4646]: started, version 2.80 cachesize 150
Nov  3 05:41:41 gtw01 dnsmasq[4646]: DNS service limited to local subnets
Nov  3 05:41:41 gtw01 dnsmasq[4646]: compile time options: IPv6 GNU-getopt DBus i18n IDN DHCP DHCPv6 no-Lua TFTP conntrack ipset auth DNSSEC loop-detect inotify dumpfile
Nov  3 05:41:41 gtw01 dnsmasq[4646]: warning: no upstream servers configured
Nov  3 05:41:41 gtw01 dnsmasq-dhcp[4646]: DHCP, static leases only on 1.1.0.140, lease time 1h
Nov  3 05:41:41 gtw01 dnsmasq[4646]: read /var/lib/neutron/dhcp/f834ab5f-57cb-4ac2-8363-902974446d49/addn_hosts - 1 addresses
Nov  3 05:41:41 gtw01 dnsmasq-dhcp[4646]: read /var/lib/neutron/dhcp/f834ab5f-57cb-4ac2-8363-902974446d49/host
Nov  3 05:41:41 gtw01 dnsmasq-dhcp[4646]: read /var/lib/neutron/dhcp/f834ab5f-57cb-4ac2-8363-902974446d49/opts
Nov  3 05:41:41 gtw01 dnsmasq[3996]: read /var/lib/neutron/dhcp/b2a78f3c-cc07-42a0-a2f0-eff2b7275518/addn_hosts - 2 addresses
Nov  3 05:41:41 gtw01 dnsmasq-dhcp[3996]: read /var/lib/neutron/dhcp/b2a78f3c-cc07-42a0-a2f0-eff2b7275518/host
Nov  3 05:41:41 gtw01 dnsmasq-dhcp[3996]: read /var/lib/neutron/dhcp/b2a78f3c-cc07-42a0-a2f0-eff2b7275518/opts
Nov  3 05:41:41 gtw01 dnsmasq-dhcp[4608]: DHCPRELEASE(tap2fbabb86-15) 1.1.0.137 fa:16:3e:76:fd:10
Nov  3 05:41:41 gtw01 haproxy-metadata-proxy-f834ab5f-57cb-4ac2-8363-902974446d49[4666]: Proxy listener started.
Nov  3 05:41:42 gtw01 dnsmasq[4018]: read /var/lib/neutron/dhcp/a4dc9b14-936c-4d1f-8c47-80cb6978dbf1/addn_hosts - 1 addresses
Nov  3 05:41:42 gtw01 dnsmasq-dhcp[4018]: read /var/lib/neutron/dhcp/a4dc9b14-936c-4d1f-8c47-80cb6978dbf1/host
Nov  3 05:41:42 gtw01 dnsmasq-dhcp[4018]: read /var/lib/neutron/dhcp/a4dc9b14-936c-4d1f-8c47-80cb6978dbf1/opts
Nov  3 05:41:43 gtw01 dnsmasq[4646]: read /var/lib/neutron/dhcp/f834ab5f-57cb-4ac2-8363-902974446d49/addn_hosts - 1 addresses
Nov  3 05:41:43 gtw01 dnsmasq-dhcp[4646]: read /var/lib/neutron/dhcp/f834ab5f-57cb-4ac2-8363-902974446d49/host
Nov  3 05:41:43 gtw01 dnsmasq-dhcp[4646]: read /var/lib/neutron/dhcp/f834ab5f-57cb-4ac2-8363-902974446d49/opts
Nov  3 05:41:43 gtw01 dnsmasq[4444]: read /var/lib/neutron/dhcp/d43f41b2-fe04-47f0-91ce-7e9c72cd2382/addn_hosts - 2 addresses
Nov  3 05:41:43 gtw01 dnsmasq-dhcp[4444]: read /var/lib/neutron/dhcp/d43f41b2-fe04-47f0-91ce-7e9c72cd2382/host
Nov  3 05:41:43 gtw01 dnsmasq-dhcp[4444]: read /var/lib/neutron/dhcp/d43f41b2-fe04-47f0-91ce-7e9c72cd2382/opts
Nov  3 05:41:43 gtw01 dnsmasq[4608]: read /var/lib/neutron/dhcp/51f8db2d-49cb-4eed-a3b8-3782efe89068/addn_hosts - 1 addresses
Nov  3 05:41:43 gtw01 dnsmasq-dhcp[4608]: read /var/lib/neutron/dhcp/51f8db2d-49cb-4eed-a3b8-3782efe89068/host
Nov  3 05:41:43 gtw01 dnsmasq-dhcp[4608]: read /var/lib/neutron/dhcp/51f8db2d-49cb-4eed-a3b8-3782efe89068/opts
Nov  3 05:41:43 gtw01 dnsmasq[4452]: read /var/lib/neutron/dhcp/5e3d0bc8-5fe7-44af-98c6-24e17bcc9813/addn_hosts - 2 addresses
Nov  3 05:41:43 gtw01 dnsmasq-dhcp[4452]: read /var/lib/neutron/dhcp/5e3d0bc8-5fe7-44af-98c6-24e17bcc9813/host
Nov  3 05:41:43 gtw01 dnsmasq-dhcp[4452]: read /var/lib/neutron/dhcp/5e3d0bc8-5fe7-44af-98c6-24e17bcc9813/opts
Nov  3 05:41:43 gtw01 dnsmasq[3996]: read /var/lib/neutron/dhcp/b2a78f3c-cc07-42a0-a2f0-eff2b7275518/addn_hosts - 1 addresses
Nov  3 05:41:43 gtw01 dnsmasq-dhcp[3996]: read /var/lib/neutron/dhcp/b2a78f3c-cc07-42a0-a2f0-eff2b7275518/host
Nov  3 05:41:43 gtw01 dnsmasq-dhcp[3996]: read /var/lib/neutron/dhcp/b2a78f3c-cc07-42a0-a2f0-eff2b7275518/opts
Nov  3 05:41:45 gtw01 dnsmasq[4646]: read /var/lib/neutron/dhcp/f834ab5f-57cb-4ac2-8363-902974446d49/addn_hosts - 2 addresses
Nov  3 05:41:45 gtw01 dnsmasq-dhcp[4646]: read /var/lib/neutron/dhcp/f834ab5f-57cb-4ac2-8363-902974446d49/host
Nov  3 05:41:45 gtw01 dnsmasq-dhcp[4646]: read /var/lib/neutron/dhcp/f834ab5f-57cb-4ac2-8363-902974446d49/opts
Nov  3 05:41:45 gtw01 dnsmasq[4444]: read /var/lib/neutron/dhcp/d43f41b2-fe04-47f0-91ce-7e9c72cd2382/addn_hosts - 2 addresses
Nov  3 05:41:45 gtw01 dnsmasq-dhcp[4444]: read /var/lib/neutron/dhcp/d43f41b2-fe04-47f0-91ce-7e9c72cd2382/host
Nov  3 05:41:45 gtw01 dnsmasq-dhcp[4444]: read /var/lib/neutron/dhcp/d43f41b2-fe04-47f0-91ce-7e9c72cd2382/opts
Nov  3 05:41:45 gtw01 dnsmasq[4608]: read /var/lib/neutron/dhcp/51f8db2d-49cb-4eed-a3b8-3782efe89068/addn_hosts - 2 addresses
Nov  3 05:41:45 gtw01 dnsmasq-dhcp[4608]: read /var/lib/neutron/dhcp/51f8db2d-49cb-4eed-a3b8-3782efe89068/host
Nov  3 05:41:45 gtw01 dnsmasq-dhcp[4608]: read /var/lib/neutron/dhcp/51f8db2d-49cb-4eed-a3b8-3782efe89068/opts
Nov  3 05:41:45 gtw01 dnsmasq[4452]: read /var/lib/neutron/dhcp/5e3d0bc8-5fe7-44af-98c6-24e17bcc9813/addn_hosts - 2 addresses
Nov  3 05:41:45 gtw01 dnsmasq-dhcp[4452]: read /var/lib/neutron/dhcp/5e3d0bc8-5fe7-44af-98c6-24e17bcc9813/host
Nov  3 05:41:45 gtw01 dnsmasq-dhcp[4452]: read /var/lib/neutron/dhcp/5e3d0bc8-5fe7-44af-98c6-24e17bcc9813/opts
Nov  3 05:41:47 gtw01 dnsmasq[4646]: read /var/lib/neutron/dhcp/f834ab5f-57cb-4ac2-8363-902974446d49/addn_hosts - 2 addresses
Nov  3 05:41:47 gtw01 dnsmasq-dhcp[4646]: read /var/lib/neutron/dhcp/f834ab5f-57cb-4ac2-8363-902974446d49/host
Nov  3 05:41:47 gtw01 dnsmasq-dhcp[4646]: read /var/lib/neutron/dhcp/f834ab5f-57cb-4ac2-8363-902974446d49/opts
Nov  3 05:41:47 gtw01 dnsmasq[4444]: read /var/lib/neutron/dhcp/d43f41b2-fe04-47f0-91ce-7e9c72cd2382/addn_hosts - 2 addresses
Nov  3 05:41:47 gtw01 dnsmasq-dhcp[4444]: read /var/lib/neutron/dhcp/d43f41b2-fe04-47f0-91ce-7e9c72cd2382/host
Nov  3 05:41:47 gtw01 dnsmasq-dhcp[4444]: read /var/lib/neutron/dhcp/d43f41b2-fe04-47f0-91ce-7e9c72cd2382/opts
Nov  3 05:41:47 gtw01 dnsmasq[4608]: read /var/lib/neutron/dhcp/51f8db2d-49cb-4eed-a3b8-3782efe89068/addn_hosts - 2 addresses
Nov  3 05:41:47 gtw01 dnsmasq-dhcp[4608]: read /var/lib/neutron/dhcp/51f8db2d-49cb-4eed-a3b8-3782efe89068/host
Nov  3 05:41:47 gtw01 dnsmasq-dhcp[4608]: read /var/lib/neutron/dhcp/51f8db2d-49cb-4eed-a3b8-3782efe89068/opts
Nov  3 05:41:47 gtw01 dnsmasq[4452]: read /var/lib/neutron/dhcp/5e3d0bc8-5fe7-44af-98c6-24e17bcc9813/addn_hosts - 2 addresses
Nov  3 05:41:47 gtw01 dnsmasq-dhcp[4452]: read /var/lib/neutron/dhcp/5e3d0bc8-5fe7-44af-98c6-24e17bcc9813/host
Nov  3 05:41:47 gtw01 dnsmasq-dhcp[4452]: read /var/lib/neutron/dhcp/5e3d0bc8-5fe7-44af-98c6-24e17bcc9813/opts
Nov  3 05:41:48 gtw01 dnsmasq[4646]: read /var/lib/neutron/dhcp/f834ab5f-57cb-4ac2-8363-902974446d49/addn_hosts - 2 addresses
Nov  3 05:41:48 gtw01 dnsmasq-dhcp[4646]: read /var/lib/neutron/dhcp/f834ab5f-57cb-4ac2-8363-902974446d49/host
Nov  3 05:41:48 gtw01 dnsmasq-dhcp[4646]: read /var/lib/neutron/dhcp/f834ab5f-57cb-4ac2-8363-902974446d49/opts
Nov  3 05:41:49 gtw01 dnsmasq[4444]: read /var/lib/neutron/dhcp/d43f41b2-fe04-47f0-91ce-7e9c72cd2382/addn_hosts - 1 addresses
Nov  3 05:41:49 gtw01 dnsmasq-dhcp[4444]: read /var/lib/neutron/dhcp/d43f41b2-fe04-47f0-91ce-7e9c72cd2382/host
Nov  3 05:41:49 gtw01 dnsmasq-dhcp[4444]: read /var/lib/neutron/dhcp/d43f41b2-fe04-47f0-91ce-7e9c72cd2382/opts
Nov  3 05:41:49 gtw01 dnsmasq[4608]: read /var/lib/neutron/dhcp/51f8db2d-49cb-4eed-a3b8-3782efe89068/addn_hosts - 2 addresses
Nov  3 05:41:49 gtw01 dnsmasq-dhcp[4608]: read /var/lib/neutron/dhcp/51f8db2d-49cb-4eed-a3b8-3782efe89068/host
Nov  3 05:41:49 gtw01 dnsmasq-dhcp[4608]: read /var/lib/neutron/dhcp/51f8db2d-49cb-4eed-a3b8-3782efe89068/opts
Nov  3 05:41:49 gtw01 dnsmasq[4452]: read /var/lib/neutron/dhcp/5e3d0bc8-5fe7-44af-98c6-24e17bcc9813/addn_hosts - 1 addresses
Nov  3 05:41:49 gtw01 dnsmasq-dhcp[4452]: read /var/lib/neutron/dhcp/5e3d0bc8-5fe7-44af-98c6-24e17bcc9813/host
Nov  3 05:41:49 gtw01 dnsmasq-dhcp[4452]: read /var/lib/neutron/dhcp/5e3d0bc8-5fe7-44af-98c6-24e17bcc9813/opts
Nov  3 05:41:50 gtw01 dnsmasq[4646]: read /var/lib/neutron/dhcp/f834ab5f-57cb-4ac2-8363-902974446d49/addn_hosts - 2 addresses
Nov  3 05:41:50 gtw01 dnsmasq-dhcp[4646]: read /var/lib/neutron/dhcp/f834ab5f-57cb-4ac2-8363-902974446d49/host
Nov  3 05:41:50 gtw01 dnsmasq-dhcp[4646]: read /var/lib/neutron/dhcp/f834ab5f-57cb-4ac2-8363-902974446d49/opts
Nov  3 05:41:50 gtw01 kernel: [12615.777175] device tapcf2c1b99-bc left promiscuous mode
Nov  3 05:41:50 gtw01 dnsmasq[4608]: read /var/lib/neutron/dhcp/51f8db2d-49cb-4eed-a3b8-3782efe89068/addn_hosts - 2 addresses
Nov  3 05:41:50 gtw01 dnsmasq-dhcp[4608]: read /var/lib/neutron/dhcp/51f8db2d-49cb-4eed-a3b8-3782efe89068/host
Nov  3 05:41:50 gtw01 dnsmasq-dhcp[4608]: read /var/lib/neutron/dhcp/51f8db2d-49cb-4eed-a3b8-3782efe89068/opts
Nov  3 05:41:51 gtw01 kernel: [12616.368814] device tap9b4472ef-02 left promiscuous mode
Nov  3 05:41:51 gtw01 dnsmasq[4608]: read /var/lib/neutron/dhcp/51f8db2d-49cb-4eed-a3b8-3782efe89068/addn_hosts - 1 addresses
Nov  3 05:41:51 gtw01 dnsmasq-dhcp[4608]: read /var/lib/neutron/dhcp/51f8db2d-49cb-4eed-a3b8-3782efe89068/host
Nov  3 05:41:51 gtw01 dnsmasq-dhcp[4608]: read /var/lib/neutron/dhcp/51f8db2d-49cb-4eed-a3b8-3782efe89068/opts
Nov  3 05:41:52 gtw01 kernel: [12617.521864] device tap7735d8f6-61 left promiscuous mode
Nov  3 05:41:53 gtw01 kernel: [12618.250578] device tapc45e9e1f-04 left promiscuous mode
Nov  3 05:41:53 gtw01 kernel: [12618.908206] device tap7db05b5c-a8 left promiscuous mode
Nov  3 05:41:53 gtw01 kernel: [12619.220045] device tap76600e03-92 left promiscuous mode
Nov  3 05:41:54 gtw01 kernel: [12619.396213] device tap2fbabb86-15 left promiscuous mode
Nov  3 05:41:54 gtw01 kernel: [12619.440741] device tap53046a35-df left promiscuous mode
Nov  3 05:41:54 gtw01 kernel: [12619.485874] device tapd5911ed4-ba left promiscuous mode
Nov  3 05:41:54 gtw01 kernel: [12619.614448] device tapebedfcb1-3e left promiscuous mode
Nov  3 05:42:18 gtw01 kernel: [12643.950305] device tapd1464793-d2 entered promiscuous mode
Nov  3 05:42:18 gtw01 systemd-udevd[5121]: Could not generate persistent MAC address for tapd1464793-d2: No such file or directory
Nov  3 05:42:18 gtw01 systemd-udevd[5121]: Process '/sbin/ip link set tapd1464793-d2 txqueuelen 10000' failed with exit code 1.
Nov  3 05:42:18 gtw01 systemd-udevd[5171]: Process '/sbin/ip link set tapd1464793-d2 txqueuelen 10000' failed with exit code 1.
Nov  3 05:42:22 gtw01 dnsmasq[5233]: started, version 2.80 cachesize 150
Nov  3 05:42:22 gtw01 dnsmasq[5233]: DNS service limited to local subnets
Nov  3 05:42:22 gtw01 dnsmasq[5233]: compile time options: IPv6 GNU-getopt DBus i18n IDN DHCP DHCPv6 no-Lua TFTP conntrack ipset auth DNSSEC loop-detect inotify dumpfile
Nov  3 05:42:22 gtw01 dnsmasq[5233]: warning: no upstream servers configured
Nov  3 05:42:22 gtw01 dnsmasq-dhcp[5233]: DHCP, static leases only on 10.2.36.0, lease time 1h
Nov  3 05:42:22 gtw01 dnsmasq[5233]: read /var/lib/neutron/dhcp/3943a96a-4d75-4ec7-8023-3ad31fd79d3f/addn_hosts - 1 addresses
Nov  3 05:42:22 gtw01 dnsmasq-dhcp[5233]: read /var/lib/neutron/dhcp/3943a96a-4d75-4ec7-8023-3ad31fd79d3f/host
Nov  3 05:42:22 gtw01 dnsmasq-dhcp[5233]: read /var/lib/neutron/dhcp/3943a96a-4d75-4ec7-8023-3ad31fd79d3f/opts
Nov  3 05:42:22 gtw01 haproxy-metadata-proxy-3943a96a-4d75-4ec7-8023-3ad31fd79d3f[5237]: Proxy listener started.
Nov  3 05:42:23 gtw01 dnsmasq[5233]: read /var/lib/neutron/dhcp/3943a96a-4d75-4ec7-8023-3ad31fd79d3f/addn_hosts - 1 addresses
Nov  3 05:42:23 gtw01 dnsmasq-dhcp[5233]: read /var/lib/neutron/dhcp/3943a96a-4d75-4ec7-8023-3ad31fd79d3f/host
Nov  3 05:42:23 gtw01 dnsmasq-dhcp[5233]: read /var/lib/neutron/dhcp/3943a96a-4d75-4ec7-8023-3ad31fd79d3f/opts
Nov  3 05:42:24 gtw01 dnsmasq[5233]: read /var/lib/neutron/dhcp/3943a96a-4d75-4ec7-8023-3ad31fd79d3f/addn_hosts - 1 addresses
Nov  3 05:42:24 gtw01 dnsmasq-dhcp[5233]: read /var/lib/neutron/dhcp/3943a96a-4d75-4ec7-8023-3ad31fd79d3f/host
Nov  3 05:42:24 gtw01 dnsmasq-dhcp[5233]: read /var/lib/neutron/dhcp/3943a96a-4d75-4ec7-8023-3ad31fd79d3f/opts
Nov  3 05:42:25 gtw01 kernel: [12651.112210] device tapc71bb4d4-f9 entered promiscuous mode
Nov  3 05:42:25 gtw01 systemd-udevd[5299]: Could not generate persistent MAC address for tapc71bb4d4-f9: No such file or directory
Nov  3 05:42:25 gtw01 systemd-udevd[5344]: Process '/sbin/ip link set tapc71bb4d4-f9 txqueuelen 10000' failed with exit code 1.
Nov  3 05:42:26 gtw01 kernel: [12651.716053] device tapd1464793-d2 left promiscuous mode
Nov  3 05:42:26 gtw01 kernel: [12652.108213] device tape3ef9cf9-9c entered promiscuous mode
Nov  3 05:42:26 gtw01 systemd-udevd[5386]: Could not generate persistent MAC address for tape3ef9cf9-9c: No such file or directory
Nov  3 05:42:26 gtw01 systemd-udevd[5386]: Process '/sbin/ip link set tape3ef9cf9-9c txqueuelen 10000' failed with exit code 1.
Nov  3 05:42:27 gtw01 systemd-udevd[5438]: Process '/sbin/ip link set tape3ef9cf9-9c txqueuelen 10000' failed with exit code 1.
Nov  3 05:42:28 gtw01 systemd-udevd[5495]: Could not generate persistent MAC address for tapd1464793-d2: No such file or directory
Nov  3 05:42:28 gtw01 kernel: [12653.564044] device tapd1464793-d2 entered promiscuous mode
Nov  3 05:42:28 gtw01 systemd-udevd[5495]: Process '/sbin/ip link set tapd1464793-d2 txqueuelen 10000' failed with exit code 1.
Nov  3 05:42:28 gtw01 systemd-udevd[5495]: Process '/sbin/ip link set tapd1464793-d2 txqueuelen 10000' failed with exit code 1.
Nov  3 05:42:30 gtw01 dnsmasq[5626]: started, version 2.80 cachesize 150
Nov  3 05:42:30 gtw01 dnsmasq[5626]: DNS service limited to local subnets
Nov  3 05:42:30 gtw01 dnsmasq[5626]: compile time options: IPv6 GNU-getopt DBus i18n IDN DHCP DHCPv6 no-Lua TFTP conntrack ipset auth DNSSEC loop-detect inotify dumpfile
Nov  3 05:42:30 gtw01 dnsmasq[5626]: warning: no upstream servers configured
Nov  3 05:42:30 gtw01 dnsmasq-dhcp[5626]: DHCP, static leases only on 10.2.37.0, lease time 1h
Nov  3 05:42:30 gtw01 dnsmasq[5626]: read /var/lib/neutron/dhcp/a6334f93-b465-4df5-b65d-37c000461365/addn_hosts - 1 addresses
Nov  3 05:42:30 gtw01 dnsmasq-dhcp[5626]: read /var/lib/neutron/dhcp/a6334f93-b465-4df5-b65d-37c000461365/host
Nov  3 05:42:30 gtw01 dnsmasq-dhcp[5626]: read /var/lib/neutron/dhcp/a6334f93-b465-4df5-b65d-37c000461365/opts
Nov  3 05:42:30 gtw01 haproxy-metadata-proxy-a6334f93-b465-4df5-b65d-37c000461365[5635]: Proxy listener started.
Nov  3 05:42:31 gtw01 dnsmasq[5626]: read /var/lib/neutron/dhcp/a6334f93-b465-4df5-b65d-37c000461365/addn_hosts - 1 addresses
Nov  3 05:42:31 gtw01 dnsmasq-dhcp[5626]: read /var/lib/neutron/dhcp/a6334f93-b465-4df5-b65d-37c000461365/host
Nov  3 05:42:31 gtw01 dnsmasq-dhcp[5626]: read /var/lib/neutron/dhcp/a6334f93-b465-4df5-b65d-37c000461365/opts
Nov  3 05:42:31 gtw01 dnsmasq[5673]: started, version 2.80 cachesize 150
Nov  3 05:42:31 gtw01 dnsmasq[5673]: DNS service limited to local subnets
Nov  3 05:42:31 gtw01 dnsmasq[5673]: compile time options: IPv6 GNU-getopt DBus i18n IDN DHCP DHCPv6 no-Lua TFTP conntrack ipset auth DNSSEC loop-detect inotify dumpfile
Nov  3 05:42:31 gtw01 dnsmasq[5673]: warning: no upstream servers configured
Nov  3 05:42:31 gtw01 dnsmasq-dhcp[5673]: DHCP, static leases only on 10.2.38.0, lease time 1h
Nov  3 05:42:31 gtw01 dnsmasq[5673]: read /var/lib/neutron/dhcp/1e1d3b55-05e3-449e-a0e4-82f739c58b63/addn_hosts - 1 addresses
Nov  3 05:42:31 gtw01 dnsmasq-dhcp[5673]: read /var/lib/neutron/dhcp/1e1d3b55-05e3-449e-a0e4-82f739c58b63/host
Nov  3 05:42:31 gtw01 dnsmasq-dhcp[5673]: read /var/lib/neutron/dhcp/1e1d3b55-05e3-449e-a0e4-82f739c58b63/opts
Nov  3 05:42:31 gtw01 dnsmasq[5685]: started, version 2.80 cachesize 150
Nov  3 05:42:31 gtw01 dnsmasq[5685]: DNS service limited to local subnets
Nov  3 05:42:31 gtw01 dnsmasq[5685]: compile time options: IPv6 GNU-getopt DBus i18n IDN DHCP DHCPv6 no-Lua TFTP conntrack ipset auth DNSSEC loop-detect inotify dumpfile
Nov  3 05:42:31 gtw01 dnsmasq[5685]: warning: no upstream servers configured
Nov  3 05:42:31 gtw01 dnsmasq-dhcp[5685]: DHCP, static leases only on 1.1.0.188, lease time 1h
Nov  3 05:42:31 gtw01 dnsmasq-dhcp[5685]: DHCP, static leases only on 10.2.36.0, lease time 1h
Nov  3 05:42:31 gtw01 dnsmasq[5685]: read /var/lib/neutron/dhcp/3943a96a-4d75-4ec7-8023-3ad31fd79d3f/addn_hosts - 2 addresses
Nov  3 05:42:31 gtw01 dnsmasq-dhcp[5685]: read /var/lib/neutron/dhcp/3943a96a-4d75-4ec7-8023-3ad31fd79d3f/host
Nov  3 05:42:31 gtw01 dnsmasq-dhcp[5685]: read /var/lib/neutron/dhcp/3943a96a-4d75-4ec7-8023-3ad31fd79d3f/opts
Nov  3 05:42:31 gtw01 haproxy-metadata-proxy-1e1d3b55-05e3-449e-a0e4-82f739c58b63[5686]: Proxy listener started.
Nov  3 05:42:32 gtw01 dnsmasq[5673]: read /var/lib/neutron/dhcp/1e1d3b55-05e3-449e-a0e4-82f739c58b63/addn_hosts - 1 addresses
Nov  3 05:42:32 gtw01 dnsmasq-dhcp[5673]: read /var/lib/neutron/dhcp/1e1d3b55-05e3-449e-a0e4-82f739c58b63/host
Nov  3 05:42:32 gtw01 dnsmasq-dhcp[5673]: read /var/lib/neutron/dhcp/1e1d3b55-05e3-449e-a0e4-82f739c58b63/opts
Nov  3 05:42:32 gtw01 dnsmasq[5626]: read /var/lib/neutron/dhcp/a6334f93-b465-4df5-b65d-37c000461365/addn_hosts - 1 addresses
Nov  3 05:42:32 gtw01 dnsmasq-dhcp[5626]: read /var/lib/neutron/dhcp/a6334f93-b465-4df5-b65d-37c000461365/host
Nov  3 05:42:32 gtw01 dnsmasq-dhcp[5626]: read /var/lib/neutron/dhcp/a6334f93-b465-4df5-b65d-37c000461365/opts
Nov  3 05:42:34 gtw01 dnsmasq[5673]: read /var/lib/neutron/dhcp/1e1d3b55-05e3-449e-a0e4-82f739c58b63/addn_hosts - 1 addresses
Nov  3 05:42:34 gtw01 dnsmasq-dhcp[5673]: read /var/lib/neutron/dhcp/1e1d3b55-05e3-449e-a0e4-82f739c58b63/host
Nov  3 05:42:34 gtw01 dnsmasq-dhcp[5673]: read /var/lib/neutron/dhcp/1e1d3b55-05e3-449e-a0e4-82f739c58b63/opts
Nov  3 05:42:34 gtw01 dnsmasq[5626]: read /var/lib/neutron/dhcp/a6334f93-b465-4df5-b65d-37c000461365/addn_hosts - 1 addresses
Nov  3 05:42:34 gtw01 dnsmasq-dhcp[5626]: read /var/lib/neutron/dhcp/a6334f93-b465-4df5-b65d-37c000461365/host
Nov  3 05:42:34 gtw01 dnsmasq-dhcp[5626]: read /var/lib/neutron/dhcp/a6334f93-b465-4df5-b65d-37c000461365/opts
Nov  3 05:42:35 gtw01 dnsmasq[5801]: started, version 2.80 cachesize 150
Nov  3 05:42:35 gtw01 dnsmasq[5801]: DNS service limited to local subnets
Nov  3 05:42:35 gtw01 dnsmasq[5801]: compile time options: IPv6 GNU-getopt DBus i18n IDN DHCP DHCPv6 no-Lua TFTP conntrack ipset auth DNSSEC loop-detect inotify dumpfile
Nov  3 05:42:35 gtw01 dnsmasq[5801]: warning: no upstream servers configured
Nov  3 05:42:35 gtw01 dnsmasq-dhcp[5801]: DHCP, static leases only on 10.2.36.0, lease time 1h
Nov  3 05:42:35 gtw01 dnsmasq[5801]: read /var/lib/neutron/dhcp/3943a96a-4d75-4ec7-8023-3ad31fd79d3f/addn_hosts - 1 addresses
Nov  3 05:42:35 gtw01 dnsmasq-dhcp[5801]: read /var/lib/neutron/dhcp/3943a96a-4d75-4ec7-8023-3ad31fd79d3f/host
Nov  3 05:42:35 gtw01 dnsmasq-dhcp[5801]: read /var/lib/neutron/dhcp/3943a96a-4d75-4ec7-8023-3ad31fd79d3f/opts
Nov  3 05:42:35 gtw01 dnsmasq[5673]: read /var/lib/neutron/dhcp/1e1d3b55-05e3-449e-a0e4-82f739c58b63/addn_hosts - 1 addresses
Nov  3 05:42:35 gtw01 dnsmasq-dhcp[5673]: read /var/lib/neutron/dhcp/1e1d3b55-05e3-449e-a0e4-82f739c58b63/host
Nov  3 05:42:35 gtw01 dnsmasq-dhcp[5673]: read /var/lib/neutron/dhcp/1e1d3b55-05e3-449e-a0e4-82f739c58b63/opts
Nov  3 05:42:35 gtw01 dnsmasq[5626]: read /var/lib/neutron/dhcp/a6334f93-b465-4df5-b65d-37c000461365/addn_hosts - 1 addresses
Nov  3 05:42:35 gtw01 dnsmasq-dhcp[5626]: read /var/lib/neutron/dhcp/a6334f93-b465-4df5-b65d-37c000461365/host
Nov  3 05:42:35 gtw01 dnsmasq-dhcp[5626]: read /var/lib/neutron/dhcp/a6334f93-b465-4df5-b65d-37c000461365/opts
Nov  3 05:42:36 gtw01 dnsmasq[5673]: read /var/lib/neutron/dhcp/1e1d3b55-05e3-449e-a0e4-82f739c58b63/addn_hosts - 1 addresses
Nov  3 05:42:36 gtw01 dnsmasq-dhcp[5673]: read /var/lib/neutron/dhcp/1e1d3b55-05e3-449e-a0e4-82f739c58b63/host
Nov  3 05:42:36 gtw01 dnsmasq-dhcp[5673]: read /var/lib/neutron/dhcp/1e1d3b55-05e3-449e-a0e4-82f739c58b63/opts
Nov  3 05:42:36 gtw01 dnsmasq[5626]: read /var/lib/neutron/dhcp/a6334f93-b465-4df5-b65d-37c000461365/addn_hosts - 1 addresses
Nov  3 05:42:36 gtw01 dnsmasq-dhcp[5626]: read /var/lib/neutron/dhcp/a6334f93-b465-4df5-b65d-37c000461365/host
Nov  3 05:42:36 gtw01 dnsmasq-dhcp[5626]: read /var/lib/neutron/dhcp/a6334f93-b465-4df5-b65d-37c000461365/opts
Nov  3 05:42:37 gtw01 dnsmasq[5673]: read /var/lib/neutron/dhcp/1e1d3b55-05e3-449e-a0e4-82f739c58b63/addn_hosts - 1 addresses
Nov  3 05:42:37 gtw01 dnsmasq-dhcp[5673]: read /var/lib/neutron/dhcp/1e1d3b55-05e3-449e-a0e4-82f739c58b63/host
Nov  3 05:42:37 gtw01 dnsmasq-dhcp[5673]: read /var/lib/neutron/dhcp/1e1d3b55-05e3-449e-a0e4-82f739c58b63/opts
Nov  3 05:42:38 gtw01 dnsmasq[5626]: read /var/lib/neutron/dhcp/a6334f93-b465-4df5-b65d-37c000461365/addn_hosts - 1 addresses
Nov  3 05:42:38 gtw01 dnsmasq-dhcp[5626]: read /var/lib/neutron/dhcp/a6334f93-b465-4df5-b65d-37c000461365/host
Nov  3 05:42:38 gtw01 dnsmasq-dhcp[5626]: read /var/lib/neutron/dhcp/a6334f93-b465-4df5-b65d-37c000461365/opts
Nov  3 05:42:38 gtw01 dnsmasq[5626]: read /var/lib/neutron/dhcp/a6334f93-b465-4df5-b65d-37c000461365/addn_hosts - 1 addresses
Nov  3 05:42:38 gtw01 dnsmasq-dhcp[5626]: read /var/lib/neutron/dhcp/a6334f93-b465-4df5-b65d-37c000461365/host
Nov  3 05:42:38 gtw01 dnsmasq-dhcp[5626]: read /var/lib/neutron/dhcp/a6334f93-b465-4df5-b65d-37c000461365/opts
Nov  3 05:42:46 gtw01 dnsmasq[5801]: read /var/lib/neutron/dhcp/3943a96a-4d75-4ec7-8023-3ad31fd79d3f/addn_hosts - 1 addresses
Nov  3 05:42:46 gtw01 dnsmasq-dhcp[5801]: read /var/lib/neutron/dhcp/3943a96a-4d75-4ec7-8023-3ad31fd79d3f/host
Nov  3 05:42:46 gtw01 dnsmasq-dhcp[5801]: read /var/lib/neutron/dhcp/3943a96a-4d75-4ec7-8023-3ad31fd79d3f/opts
Nov  3 05:42:47 gtw01 kernel: [12673.182043] device tapd1464793-d2 left promiscuous mode
Nov  3 05:42:50 gtw01 dnsmasq[5626]: read /var/lib/neutron/dhcp/a6334f93-b465-4df5-b65d-37c000461365/addn_hosts - 1 addresses
Nov  3 05:42:50 gtw01 dnsmasq-dhcp[5626]: read /var/lib/neutron/dhcp/a6334f93-b465-4df5-b65d-37c000461365/host
Nov  3 05:42:50 gtw01 dnsmasq-dhcp[5626]: read /var/lib/neutron/dhcp/a6334f93-b465-4df5-b65d-37c000461365/opts
Nov  3 05:42:51 gtw01 kernel: [12676.562882] device tapc71bb4d4-f9 left promiscuous mode
Nov  3 05:42:53 gtw01 dnsmasq[5673]: read /var/lib/neutron/dhcp/1e1d3b55-05e3-449e-a0e4-82f739c58b63/addn_hosts - 1 addresses
Nov  3 05:42:53 gtw01 dnsmasq-dhcp[5673]: read /var/lib/neutron/dhcp/1e1d3b55-05e3-449e-a0e4-82f739c58b63/host
Nov  3 05:42:53 gtw01 dnsmasq-dhcp[5673]: read /var/lib/neutron/dhcp/1e1d3b55-05e3-449e-a0e4-82f739c58b63/opts
Nov  3 05:42:54 gtw01 kernel: [12679.765726] device tape3ef9cf9-9c left promiscuous mode
Nov  3 05:43:49 gtw01 kernel: [12734.600686] device tap107abe7d-7c entered promiscuous mode
Nov  3 05:43:49 gtw01 systemd-udevd[6010]: Could not generate persistent MAC address for tap107abe7d-7c: No such file or directory
Nov  3 05:43:49 gtw01 systemd-udevd[6010]: Process '/sbin/ip link set tap107abe7d-7c txqueuelen 10000' failed with exit code 1.
Nov  3 05:43:49 gtw01 systemd-udevd[6061]: Process '/sbin/ip link set tap107abe7d-7c txqueuelen 10000' failed with exit code 1.
Nov  3 05:43:51 gtw01 kernel: [12736.380258] device tap5da45e40-02 entered promiscuous mode
Nov  3 05:43:51 gtw01 systemd-udevd[6112]: Could not generate persistent MAC address for tap5da45e40-02: No such file or directory
Nov  3 05:43:51 gtw01 systemd-udevd[6158]: Process '/sbin/ip link set tap5da45e40-02 txqueuelen 10000' failed with exit code 1.
Nov  3 05:43:52 gtw01 systemd-udevd[6232]: Could not generate persistent MAC address for tapd4a52368-a3: No such file or directory
Nov  3 05:43:52 gtw01 kernel: [12737.986927] device tapd4a52368-a3 entered promiscuous mode
Nov  3 05:43:52 gtw01 systemd-udevd[6279]: Process '/sbin/ip link set tapd4a52368-a3 txqueuelen 10000' failed with exit code 1.
Nov  3 05:43:53 gtw01 dnsmasq[6314]: started, version 2.80 cachesize 150
Nov  3 05:43:53 gtw01 dnsmasq[6314]: DNS service limited to local subnets
Nov  3 05:43:53 gtw01 dnsmasq[6314]: compile time options: IPv6 GNU-getopt DBus i18n IDN DHCP DHCPv6 no-Lua TFTP conntrack ipset auth DNSSEC loop-detect inotify dumpfile
Nov  3 05:43:53 gtw01 dnsmasq[6314]: warning: no upstream servers configured
Nov  3 05:43:53 gtw01 dnsmasq-dhcp[6314]: DHCP, static leases only on 10.2.49.0, lease time 1h
Nov  3 05:43:53 gtw01 dnsmasq[6314]: read /var/lib/neutron/dhcp/0bda7a53-203a-437e-b240-90a9fbc03f8c/addn_hosts - 1 addresses
Nov  3 05:43:53 gtw01 dnsmasq-dhcp[6314]: read /var/lib/neutron/dhcp/0bda7a53-203a-437e-b240-90a9fbc03f8c/host
Nov  3 05:43:53 gtw01 dnsmasq-dhcp[6314]: read /var/lib/neutron/dhcp/0bda7a53-203a-437e-b240-90a9fbc03f8c/opts
Nov  3 05:43:53 gtw01 haproxy-metadata-proxy-0bda7a53-203a-437e-b240-90a9fbc03f8c[6326]: Proxy listener started.
Nov  3 05:43:54 gtw01 dnsmasq[6314]: read /var/lib/neutron/dhcp/0bda7a53-203a-437e-b240-90a9fbc03f8c/addn_hosts - 2 addresses
Nov  3 05:43:54 gtw01 dnsmasq-dhcp[6314]: read /var/lib/neutron/dhcp/0bda7a53-203a-437e-b240-90a9fbc03f8c/host
Nov  3 05:43:54 gtw01 dnsmasq-dhcp[6314]: read /var/lib/neutron/dhcp/0bda7a53-203a-437e-b240-90a9fbc03f8c/opts
Nov  3 05:43:55 gtw01 dnsmasq[6396]: started, version 2.80 cachesize 150
Nov  3 05:43:55 gtw01 dnsmasq[6396]: DNS service limited to local subnets
Nov  3 05:43:55 gtw01 dnsmasq[6396]: compile time options: IPv6 GNU-getopt DBus i18n IDN DHCP DHCPv6 no-Lua TFTP conntrack ipset auth DNSSEC loop-detect inotify dumpfile
Nov  3 05:43:55 gtw01 dnsmasq[6396]: warning: no upstream servers configured
Nov  3 05:43:55 gtw01 dnsmasq-dhcp[6396]: DHCP, static leases only on 10.2.50.0, lease time 1h
Nov  3 05:43:55 gtw01 dnsmasq[6396]: read /var/lib/neutron/dhcp/ccf06eb7-4c01-445e-8070-8bd3deaab894/addn_hosts - 1 addresses
Nov  3 05:43:55 gtw01 dnsmasq-dhcp[6396]: read /var/lib/neutron/dhcp/ccf06eb7-4c01-445e-8070-8bd3deaab894/host
Nov  3 05:43:55 gtw01 dnsmasq-dhcp[6396]: read /var/lib/neutron/dhcp/ccf06eb7-4c01-445e-8070-8bd3deaab894/opts
Nov  3 05:43:56 gtw01 haproxy-metadata-proxy-ccf06eb7-4c01-445e-8070-8bd3deaab894[6406]: Proxy listener started.
Nov  3 05:43:56 gtw01 dnsmasq[6314]: read /var/lib/neutron/dhcp/0bda7a53-203a-437e-b240-90a9fbc03f8c/addn_hosts - 2 addresses
Nov  3 05:43:56 gtw01 dnsmasq-dhcp[6314]: read /var/lib/neutron/dhcp/0bda7a53-203a-437e-b240-90a9fbc03f8c/host
Nov  3 05:43:56 gtw01 dnsmasq-dhcp[6314]: read /var/lib/neutron/dhcp/0bda7a53-203a-437e-b240-90a9fbc03f8c/opts
Nov  3 05:43:56 gtw01 dnsmasq[6396]: read /var/lib/neutron/dhcp/ccf06eb7-4c01-445e-8070-8bd3deaab894/addn_hosts - 4 addresses
Nov  3 05:43:56 gtw01 dnsmasq-dhcp[6396]: read /var/lib/neutron/dhcp/ccf06eb7-4c01-445e-8070-8bd3deaab894/host
Nov  3 05:43:56 gtw01 dnsmasq-dhcp[6396]: read /var/lib/neutron/dhcp/ccf06eb7-4c01-445e-8070-8bd3deaab894/opts
Nov  3 05:43:57 gtw01 dnsmasq[6314]: read /var/lib/neutron/dhcp/0bda7a53-203a-437e-b240-90a9fbc03f8c/addn_hosts - 2 addresses
Nov  3 05:43:57 gtw01 dnsmasq-dhcp[6314]: read /var/lib/neutron/dhcp/0bda7a53-203a-437e-b240-90a9fbc03f8c/host
Nov  3 05:43:57 gtw01 dnsmasq-dhcp[6314]: read /var/lib/neutron/dhcp/0bda7a53-203a-437e-b240-90a9fbc03f8c/opts
Nov  3 05:43:57 gtw01 dnsmasq[6457]: started, version 2.80 cachesize 150
Nov  3 05:43:57 gtw01 dnsmasq[6457]: DNS service limited to local subnets
Nov  3 05:43:57 gtw01 dnsmasq[6457]: compile time options: IPv6 GNU-getopt DBus i18n IDN DHCP DHCPv6 no-Lua TFTP conntrack ipset auth DNSSEC loop-detect inotify dumpfile
Nov  3 05:43:57 gtw01 dnsmasq[6457]: warning: no upstream servers configured
Nov  3 05:43:57 gtw01 dnsmasq-dhcp[6457]: DHCP, static leases only on 10.2.51.0, lease time 1h
Nov  3 05:43:57 gtw01 dnsmasq[6457]: read /var/lib/neutron/dhcp/94bab5f3-525e-4d02-ace0-8783ab517be9/addn_hosts - 1 addresses
Nov  3 05:43:57 gtw01 dnsmasq-dhcp[6457]: read /var/lib/neutron/dhcp/94bab5f3-525e-4d02-ace0-8783ab517be9/host
Nov  3 05:43:57 gtw01 dnsmasq-dhcp[6457]: read /var/lib/neutron/dhcp/94bab5f3-525e-4d02-ace0-8783ab517be9/opts
Nov  3 05:43:57 gtw01 haproxy-metadata-proxy-94bab5f3-525e-4d02-ace0-8783ab517be9[6469]: Proxy listener started.
Nov  3 05:43:58 gtw01 dnsmasq[6396]: read /var/lib/neutron/dhcp/ccf06eb7-4c01-445e-8070-8bd3deaab894/addn_hosts - 4 addresses
Nov  3 05:43:58 gtw01 dnsmasq-dhcp[6396]: read /var/lib/neutron/dhcp/ccf06eb7-4c01-445e-8070-8bd3deaab894/host
Nov  3 05:43:58 gtw01 dnsmasq-dhcp[6396]: read /var/lib/neutron/dhcp/ccf06eb7-4c01-445e-8070-8bd3deaab894/opts
Nov  3 05:43:58 gtw01 dnsmasq[6314]: read /var/lib/neutron/dhcp/0bda7a53-203a-437e-b240-90a9fbc03f8c/addn_hosts - 3 addresses
Nov  3 05:43:58 gtw01 dnsmasq-dhcp[6314]: read /var/lib/neutron/dhcp/0bda7a53-203a-437e-b240-90a9fbc03f8c/host
Nov  3 05:43:58 gtw01 dnsmasq-dhcp[6314]: read /var/lib/neutron/dhcp/0bda7a53-203a-437e-b240-90a9fbc03f8c/opts
Nov  3 05:43:58 gtw01 dnsmasq[6457]: read /var/lib/neutron/dhcp/94bab5f3-525e-4d02-ace0-8783ab517be9/addn_hosts - 5 addresses
Nov  3 05:43:58 gtw01 dnsmasq-dhcp[6457]: read /var/lib/neutron/dhcp/94bab5f3-525e-4d02-ace0-8783ab517be9/host
Nov  3 05:43:58 gtw01 dnsmasq-dhcp[6457]: read /var/lib/neutron/dhcp/94bab5f3-525e-4d02-ace0-8783ab517be9/opts
Nov  3 05:43:59 gtw01 dnsmasq[6396]: read /var/lib/neutron/dhcp/ccf06eb7-4c01-445e-8070-8bd3deaab894/addn_hosts - 4 addresses
Nov  3 05:43:59 gtw01 dnsmasq-dhcp[6396]: read /var/lib/neutron/dhcp/ccf06eb7-4c01-445e-8070-8bd3deaab894/host
Nov  3 05:43:59 gtw01 dnsmasq-dhcp[6396]: read /var/lib/neutron/dhcp/ccf06eb7-4c01-445e-8070-8bd3deaab894/opts
Nov  3 05:44:00 gtw01 dnsmasq[6314]: read /var/lib/neutron/dhcp/0bda7a53-203a-437e-b240-90a9fbc03f8c/addn_hosts - 3 addresses
Nov  3 05:44:00 gtw01 dnsmasq-dhcp[6314]: read /var/lib/neutron/dhcp/0bda7a53-203a-437e-b240-90a9fbc03f8c/host
Nov  3 05:44:00 gtw01 dnsmasq-dhcp[6314]: read /var/lib/neutron/dhcp/0bda7a53-203a-437e-b240-90a9fbc03f8c/opts
Nov  3 05:44:00 gtw01 dnsmasq[6457]: read /var/lib/neutron/dhcp/94bab5f3-525e-4d02-ace0-8783ab517be9/addn_hosts - 5 addresses
Nov  3 05:44:00 gtw01 dnsmasq-dhcp[6457]: read /var/lib/neutron/dhcp/94bab5f3-525e-4d02-ace0-8783ab517be9/host
Nov  3 05:44:00 gtw01 dnsmasq-dhcp[6457]: read /var/lib/neutron/dhcp/94bab5f3-525e-4d02-ace0-8783ab517be9/opts
Nov  3 05:44:00 gtw01 dnsmasq[6396]: read /var/lib/neutron/dhcp/ccf06eb7-4c01-445e-8070-8bd3deaab894/addn_hosts - 4 addresses
Nov  3 05:44:00 gtw01 dnsmasq-dhcp[6396]: read /var/lib/neutron/dhcp/ccf06eb7-4c01-445e-8070-8bd3deaab894/host
Nov  3 05:44:00 gtw01 dnsmasq-dhcp[6396]: read /var/lib/neutron/dhcp/ccf06eb7-4c01-445e-8070-8bd3deaab894/opts
Nov  3 05:44:01 gtw01 dnsmasq[6457]: read /var/lib/neutron/dhcp/94bab5f3-525e-4d02-ace0-8783ab517be9/addn_hosts - 5 addresses
Nov  3 05:44:01 gtw01 dnsmasq-dhcp[6457]: read /var/lib/neutron/dhcp/94bab5f3-525e-4d02-ace0-8783ab517be9/host
Nov  3 05:44:01 gtw01 dnsmasq-dhcp[6457]: read /var/lib/neutron/dhcp/94bab5f3-525e-4d02-ace0-8783ab517be9/opts
Nov  3 05:44:01 gtw01 dnsmasq[6396]: read /var/lib/neutron/dhcp/ccf06eb7-4c01-445e-8070-8bd3deaab894/addn_hosts - 4 addresses
Nov  3 05:44:01 gtw01 dnsmasq-dhcp[6396]: read /var/lib/neutron/dhcp/ccf06eb7-4c01-445e-8070-8bd3deaab894/host
Nov  3 05:44:01 gtw01 dnsmasq-dhcp[6396]: read /var/lib/neutron/dhcp/ccf06eb7-4c01-445e-8070-8bd3deaab894/opts
Nov  3 05:44:02 gtw01 dnsmasq[6457]: read /var/lib/neutron/dhcp/94bab5f3-525e-4d02-ace0-8783ab517be9/addn_hosts - 5 addresses
Nov  3 05:44:02 gtw01 dnsmasq-dhcp[6457]: read /var/lib/neutron/dhcp/94bab5f3-525e-4d02-ace0-8783ab517be9/host
Nov  3 05:44:02 gtw01 dnsmasq-dhcp[6457]: read /var/lib/neutron/dhcp/94bab5f3-525e-4d02-ace0-8783ab517be9/opts
Nov  3 05:44:02 gtw01 dnsmasq[6396]: read /var/lib/neutron/dhcp/ccf06eb7-4c01-445e-8070-8bd3deaab894/addn_hosts - 5 addresses
Nov  3 05:44:02 gtw01 dnsmasq-dhcp[6396]: read /var/lib/neutron/dhcp/ccf06eb7-4c01-445e-8070-8bd3deaab894/host
Nov  3 05:44:02 gtw01 dnsmasq-dhcp[6396]: read /var/lib/neutron/dhcp/ccf06eb7-4c01-445e-8070-8bd3deaab894/opts
Nov  3 05:44:03 gtw01 dnsmasq[6457]: read /var/lib/neutron/dhcp/94bab5f3-525e-4d02-ace0-8783ab517be9/addn_hosts - 5 addresses
Nov  3 05:44:03 gtw01 dnsmasq-dhcp[6457]: read /var/lib/neutron/dhcp/94bab5f3-525e-4d02-ace0-8783ab517be9/host
Nov  3 05:44:03 gtw01 dnsmasq-dhcp[6457]: read /var/lib/neutron/dhcp/94bab5f3-525e-4d02-ace0-8783ab517be9/opts
Nov  3 05:44:03 gtw01 dnsmasq[6396]: read /var/lib/neutron/dhcp/ccf06eb7-4c01-445e-8070-8bd3deaab894/addn_hosts - 5 addresses
Nov  3 05:44:03 gtw01 dnsmasq-dhcp[6396]: read /var/lib/neutron/dhcp/ccf06eb7-4c01-445e-8070-8bd3deaab894/host
Nov  3 05:44:03 gtw01 dnsmasq-dhcp[6396]: read /var/lib/neutron/dhcp/ccf06eb7-4c01-445e-8070-8bd3deaab894/opts
Nov  3 05:44:04 gtw01 dnsmasq[6457]: read /var/lib/neutron/dhcp/94bab5f3-525e-4d02-ace0-8783ab517be9/addn_hosts - 5 addresses
Nov  3 05:44:04 gtw01 dnsmasq-dhcp[6457]: read /var/lib/neutron/dhcp/94bab5f3-525e-4d02-ace0-8783ab517be9/host
Nov  3 05:44:04 gtw01 dnsmasq-dhcp[6457]: read /var/lib/neutron/dhcp/94bab5f3-525e-4d02-ace0-8783ab517be9/opts
Nov  3 05:44:05 gtw01 dnsmasq[6457]: read /var/lib/neutron/dhcp/94bab5f3-525e-4d02-ace0-8783ab517be9/addn_hosts - 5 addresses
Nov  3 05:44:05 gtw01 dnsmasq-dhcp[6457]: read /var/lib/neutron/dhcp/94bab5f3-525e-4d02-ace0-8783ab517be9/host
Nov  3 05:44:05 gtw01 dnsmasq-dhcp[6457]: read /var/lib/neutron/dhcp/94bab5f3-525e-4d02-ace0-8783ab517be9/opts
Nov  3 05:44:10 gtw01 dnsmasq[6396]: read /var/lib/neutron/dhcp/ccf06eb7-4c01-445e-8070-8bd3deaab894/addn_hosts - 4 addresses
Nov  3 05:44:10 gtw01 dnsmasq-dhcp[6396]: read /var/lib/neutron/dhcp/ccf06eb7-4c01-445e-8070-8bd3deaab894/host
Nov  3 05:44:10 gtw01 dnsmasq-dhcp[6396]: read /var/lib/neutron/dhcp/ccf06eb7-4c01-445e-8070-8bd3deaab894/opts
Nov  3 05:44:11 gtw01 dnsmasq[6396]: read /var/lib/neutron/dhcp/ccf06eb7-4c01-445e-8070-8bd3deaab894/addn_hosts - 3 addresses
Nov  3 05:44:11 gtw01 dnsmasq-dhcp[6396]: read /var/lib/neutron/dhcp/ccf06eb7-4c01-445e-8070-8bd3deaab894/host
Nov  3 05:44:11 gtw01 dnsmasq-dhcp[6396]: read /var/lib/neutron/dhcp/ccf06eb7-4c01-445e-8070-8bd3deaab894/opts
Nov  3 05:44:11 gtw01 dnsmasq[6314]: read /var/lib/neutron/dhcp/0bda7a53-203a-437e-b240-90a9fbc03f8c/addn_hosts - 2 addresses
Nov  3 05:44:11 gtw01 dnsmasq-dhcp[6314]: read /var/lib/neutron/dhcp/0bda7a53-203a-437e-b240-90a9fbc03f8c/host
Nov  3 05:44:11 gtw01 dnsmasq-dhcp[6314]: read /var/lib/neutron/dhcp/0bda7a53-203a-437e-b240-90a9fbc03f8c/opts
Nov  3 05:44:12 gtw01 dnsmasq[6457]: read /var/lib/neutron/dhcp/94bab5f3-525e-4d02-ace0-8783ab517be9/addn_hosts - 4 addresses
Nov  3 05:44:12 gtw01 dnsmasq-dhcp[6457]: read /var/lib/neutron/dhcp/94bab5f3-525e-4d02-ace0-8783ab517be9/host
Nov  3 05:44:12 gtw01 dnsmasq-dhcp[6457]: read /var/lib/neutron/dhcp/94bab5f3-525e-4d02-ace0-8783ab517be9/opts
Nov  3 05:44:12 gtw01 dnsmasq[6396]: read /var/lib/neutron/dhcp/ccf06eb7-4c01-445e-8070-8bd3deaab894/addn_hosts - 2 addresses
Nov  3 05:44:12 gtw01 dnsmasq-dhcp[6396]: read /var/lib/neutron/dhcp/ccf06eb7-4c01-445e-8070-8bd3deaab894/host
Nov  3 05:44:12 gtw01 dnsmasq-dhcp[6396]: read /var/lib/neutron/dhcp/ccf06eb7-4c01-445e-8070-8bd3deaab894/opts
Nov  3 05:44:12 gtw01 dnsmasq[6314]: read /var/lib/neutron/dhcp/0bda7a53-203a-437e-b240-90a9fbc03f8c/addn_hosts - 1 addresses
Nov  3 05:44:12 gtw01 dnsmasq-dhcp[6314]: read /var/lib/neutron/dhcp/0bda7a53-203a-437e-b240-90a9fbc03f8c/host
Nov  3 05:44:12 gtw01 dnsmasq-dhcp[6314]: read /var/lib/neutron/dhcp/0bda7a53-203a-437e-b240-90a9fbc03f8c/opts
Nov  3 05:44:13 gtw01 dnsmasq[6457]: read /var/lib/neutron/dhcp/94bab5f3-525e-4d02-ace0-8783ab517be9/addn_hosts - 3 addresses
Nov  3 05:44:13 gtw01 dnsmasq-dhcp[6457]: read /var/lib/neutron/dhcp/94bab5f3-525e-4d02-ace0-8783ab517be9/host
Nov  3 05:44:13 gtw01 dnsmasq-dhcp[6457]: read /var/lib/neutron/dhcp/94bab5f3-525e-4d02-ace0-8783ab517be9/opts
Nov  3 05:44:13 gtw01 dnsmasq[6396]: read /var/lib/neutron/dhcp/ccf06eb7-4c01-445e-8070-8bd3deaab894/addn_hosts - 1 addresses
Nov  3 05:44:13 gtw01 dnsmasq-dhcp[6396]: read /var/lib/neutron/dhcp/ccf06eb7-4c01-445e-8070-8bd3deaab894/host
Nov  3 05:44:13 gtw01 dnsmasq-dhcp[6396]: read /var/lib/neutron/dhcp/ccf06eb7-4c01-445e-8070-8bd3deaab894/opts
Nov  3 05:44:14 gtw01 dnsmasq[6457]: read /var/lib/neutron/dhcp/94bab5f3-525e-4d02-ace0-8783ab517be9/addn_hosts - 2 addresses
Nov  3 05:44:14 gtw01 dnsmasq-dhcp[6457]: read /var/lib/neutron/dhcp/94bab5f3-525e-4d02-ace0-8783ab517be9/host
Nov  3 05:44:14 gtw01 dnsmasq-dhcp[6457]: read /var/lib/neutron/dhcp/94bab5f3-525e-4d02-ace0-8783ab517be9/opts
Nov  3 05:44:15 gtw01 dnsmasq[6457]: read /var/lib/neutron/dhcp/94bab5f3-525e-4d02-ace0-8783ab517be9/addn_hosts - 1 addresses
Nov  3 05:44:15 gtw01 dnsmasq-dhcp[6457]: read /var/lib/neutron/dhcp/94bab5f3-525e-4d02-ace0-8783ab517be9/host
Nov  3 05:44:15 gtw01 dnsmasq-dhcp[6457]: read /var/lib/neutron/dhcp/94bab5f3-525e-4d02-ace0-8783ab517be9/opts
Nov  3 05:44:20 gtw01 dnsmasq[6396]: read /var/lib/neutron/dhcp/ccf06eb7-4c01-445e-8070-8bd3deaab894/addn_hosts - 1 addresses
Nov  3 05:44:20 gtw01 dnsmasq-dhcp[6396]: read /var/lib/neutron/dhcp/ccf06eb7-4c01-445e-8070-8bd3deaab894/host
Nov  3 05:44:20 gtw01 dnsmasq-dhcp[6396]: read /var/lib/neutron/dhcp/ccf06eb7-4c01-445e-8070-8bd3deaab894/opts
Nov  3 05:44:21 gtw01 kernel: [12767.043026] device tap5da45e40-02 left promiscuous mode
Nov  3 05:44:24 gtw01 dnsmasq[6314]: read /var/lib/neutron/dhcp/0bda7a53-203a-437e-b240-90a9fbc03f8c/addn_hosts - 1 addresses
Nov  3 05:44:24 gtw01 dnsmasq-dhcp[6314]: read /var/lib/neutron/dhcp/0bda7a53-203a-437e-b240-90a9fbc03f8c/host
Nov  3 05:44:24 gtw01 dnsmasq-dhcp[6314]: read /var/lib/neutron/dhcp/0bda7a53-203a-437e-b240-90a9fbc03f8c/opts
Nov  3 05:44:25 gtw01 kernel: [12770.291149] device tap107abe7d-7c left promiscuous mode
Nov  3 05:44:27 gtw01 dnsmasq[6457]: read /var/lib/neutron/dhcp/94bab5f3-525e-4d02-ace0-8783ab517be9/addn_hosts - 1 addresses
Nov  3 05:44:27 gtw01 dnsmasq-dhcp[6457]: read /var/lib/neutron/dhcp/94bab5f3-525e-4d02-ace0-8783ab517be9/host
Nov  3 05:44:27 gtw01 dnsmasq-dhcp[6457]: read /var/lib/neutron/dhcp/94bab5f3-525e-4d02-ace0-8783ab517be9/opts
Nov  3 05:44:28 gtw01 kernel: [12773.495781] device tapd4a52368-a3 left promiscuous mode
Nov  3 05:44:45 gtw01 systemd-udevd[6970]: Could not generate persistent MAC address for tapbb3de2c1-e9: No such file or directory
Nov  3 05:44:45 gtw01 kernel: [12790.386409] device tapbb3de2c1-e9 entered promiscuous mode
Nov  3 05:44:45 gtw01 systemd-udevd[7015]: Process '/sbin/ip link set tapbb3de2c1-e9 txqueuelen 10000' failed with exit code 1.
Nov  3 05:44:46 gtw01 kernel: [12791.272339] device tapb341ec67-ab entered promiscuous mode
Nov  3 05:44:46 gtw01 systemd-udevd[7053]: Could not generate persistent MAC address for tapb341ec67-ab: No such file or directory
Nov  3 05:44:46 gtw01 systemd-udevd[7099]: Process '/sbin/ip link set tapb341ec67-ab txqueuelen 10000' failed with exit code 1.
Nov  3 05:44:47 gtw01 kernel: [12793.073242] device tapfa477082-ae entered promiscuous mode
Nov  3 05:44:47 gtw01 systemd-udevd[7177]: Could not generate persistent MAC address for tapfa477082-ae: No such file or directory
Nov  3 05:44:47 gtw01 systemd-udevd[7177]: Process '/sbin/ip link set tapfa477082-ae txqueuelen 10000' failed with exit code 1.
Nov  3 05:44:47 gtw01 systemd-udevd[7229]: Process '/sbin/ip link set tapfa477082-ae txqueuelen 10000' failed with exit code 1.
Nov  3 05:44:49 gtw01 kernel: [12794.383167] device tap62270715-44 entered promiscuous mode
Nov  3 05:44:49 gtw01 systemd-udevd[7288]: Could not generate persistent MAC address for tap62270715-44: No such file or directory
Nov  3 05:44:49 gtw01 systemd-udevd[7335]: Process '/sbin/ip link set tap62270715-44 txqueuelen 10000' failed with exit code 1.
Nov  3 05:44:50 gtw01 dnsmasq[7392]: started, version 2.80 cachesize 150
Nov  3 05:44:50 gtw01 dnsmasq[7392]: DNS service limited to local subnets
Nov  3 05:44:50 gtw01 dnsmasq[7392]: compile time options: IPv6 GNU-getopt DBus i18n IDN DHCP DHCPv6 no-Lua TFTP conntrack ipset auth DNSSEC loop-detect inotify dumpfile
Nov  3 05:44:50 gtw01 dnsmasq[7392]: warning: no upstream servers configured
Nov  3 05:44:50 gtw01 dnsmasq-dhcp[7392]: DHCP, static leases only on 1.1.0.208, lease time 1h
Nov  3 05:44:50 gtw01 dnsmasq[7392]: read /var/lib/neutron/dhcp/25ce80c7-99b8-40c4-ac59-171cac4c87a4/addn_hosts - 1 addresses
Nov  3 05:44:50 gtw01 dnsmasq-dhcp[7392]: read /var/lib/neutron/dhcp/25ce80c7-99b8-40c4-ac59-171cac4c87a4/host
Nov  3 05:44:50 gtw01 dnsmasq-dhcp[7392]: read /var/lib/neutron/dhcp/25ce80c7-99b8-40c4-ac59-171cac4c87a4/opts
Nov  3 05:44:50 gtw01 haproxy-metadata-proxy-25ce80c7-99b8-40c4-ac59-171cac4c87a4[7409]: Proxy listener started.
Nov  3 05:44:51 gtw01 kernel: [12796.715776] device tapc309f112-d4 entered promiscuous mode
Nov  3 05:44:51 gtw01 systemd-udevd[7438]: Could not generate persistent MAC address for tapc309f112-d4: No such file or directory
Nov  3 05:44:51 gtw01 systemd-udevd[7487]: Process '/sbin/ip link set tapc309f112-d4 txqueuelen 10000' failed with exit code 1.
Nov  3 05:44:51 gtw01 dnsmasq[7507]: started, version 2.80 cachesize 150
Nov  3 05:44:51 gtw01 dnsmasq[7507]: DNS service limited to local subnets
Nov  3 05:44:51 gtw01 dnsmasq[7507]: compile time options: IPv6 GNU-getopt DBus i18n IDN DHCP DHCPv6 no-Lua TFTP conntrack ipset auth DNSSEC loop-detect inotify dumpfile
Nov  3 05:44:51 gtw01 dnsmasq[7507]: warning: no upstream servers configured
Nov  3 05:44:51 gtw01 dnsmasq-dhcp[7507]: DHCP, static leases only on 1.1.0.212, lease time 1h
Nov  3 05:44:51 gtw01 dnsmasq[7507]: read /var/lib/neutron/dhcp/2a3220af-9d76-4bc4-be1b-fac93d394536/addn_hosts - 1 addresses
Nov  3 05:44:51 gtw01 dnsmasq-dhcp[7507]: read /var/lib/neutron/dhcp/2a3220af-9d76-4bc4-be1b-fac93d394536/host
Nov  3 05:44:51 gtw01 dnsmasq-dhcp[7507]: read /var/lib/neutron/dhcp/2a3220af-9d76-4bc4-be1b-fac93d394536/opts
Nov  3 05:44:52 gtw01 haproxy-metadata-proxy-2a3220af-9d76-4bc4-be1b-fac93d394536[7526]: Proxy listener started.
Nov  3 05:44:52 gtw01 dnsmasq[7392]: read /var/lib/neutron/dhcp/25ce80c7-99b8-40c4-ac59-171cac4c87a4/addn_hosts - 2 addresses
Nov  3 05:44:52 gtw01 dnsmasq-dhcp[7392]: read /var/lib/neutron/dhcp/25ce80c7-99b8-40c4-ac59-171cac4c87a4/host
Nov  3 05:44:52 gtw01 dnsmasq-dhcp[7392]: read /var/lib/neutron/dhcp/25ce80c7-99b8-40c4-ac59-171cac4c87a4/opts
Nov  3 05:44:53 gtw01 dnsmasq[7507]: read /var/lib/neutron/dhcp/2a3220af-9d76-4bc4-be1b-fac93d394536/addn_hosts - 2 addresses
Nov  3 05:44:53 gtw01 dnsmasq-dhcp[7507]: read /var/lib/neutron/dhcp/2a3220af-9d76-4bc4-be1b-fac93d394536/host
Nov  3 05:44:53 gtw01 dnsmasq-dhcp[7507]: read /var/lib/neutron/dhcp/2a3220af-9d76-4bc4-be1b-fac93d394536/opts
Nov  3 05:44:54 gtw01 dnsmasq[7610]: started, version 2.80 cachesize 150
Nov  3 05:44:54 gtw01 dnsmasq[7610]: DNS service limited to local subnets
Nov  3 05:44:54 gtw01 dnsmasq[7610]: compile time options: IPv6 GNU-getopt DBus i18n IDN DHCP DHCPv6 no-Lua TFTP conntrack ipset auth DNSSEC loop-detect inotify dumpfile
Nov  3 05:44:54 gtw01 dnsmasq[7610]: warning: no upstream servers configured
Nov  3 05:44:54 gtw01 dnsmasq-dhcp[7610]: DHCP, static leases only on 1.1.0.216, lease time 1h
Nov  3 05:44:54 gtw01 dnsmasq[7610]: read /var/lib/neutron/dhcp/5e607032-fa03-4c94-80f1-a17fde3e180c/addn_hosts - 1 addresses
Nov  3 05:44:54 gtw01 dnsmasq-dhcp[7610]: read /var/lib/neutron/dhcp/5e607032-fa03-4c94-80f1-a17fde3e180c/host
Nov  3 05:44:54 gtw01 dnsmasq-dhcp[7610]: read /var/lib/neutron/dhcp/5e607032-fa03-4c94-80f1-a17fde3e180c/opts
Nov  3 05:44:54 gtw01 dnsmasq[7392]: read /var/lib/neutron/dhcp/25ce80c7-99b8-40c4-ac59-171cac4c87a4/addn_hosts - 2 addresses
Nov  3 05:44:54 gtw01 dnsmasq-dhcp[7392]: read /var/lib/neutron/dhcp/25ce80c7-99b8-40c4-ac59-171cac4c87a4/host
Nov  3 05:44:54 gtw01 dnsmasq-dhcp[7392]: read /var/lib/neutron/dhcp/25ce80c7-99b8-40c4-ac59-171cac4c87a4/opts
Nov  3 05:44:55 gtw01 haproxy-metadata-proxy-5e607032-fa03-4c94-80f1-a17fde3e180c[7637]: Proxy listener started.
Nov  3 05:44:56 gtw01 dnsmasq[7507]: read /var/lib/neutron/dhcp/2a3220af-9d76-4bc4-be1b-fac93d394536/addn_hosts - 2 addresses
Nov  3 05:44:56 gtw01 dnsmasq-dhcp[7507]: read /var/lib/neutron/dhcp/2a3220af-9d76-4bc4-be1b-fac93d394536/host
Nov  3 05:44:56 gtw01 dnsmasq-dhcp[7507]: read /var/lib/neutron/dhcp/2a3220af-9d76-4bc4-be1b-fac93d394536/opts
Nov  3 05:44:57 gtw01 kernel: [12802.376111] device tapd483f9ba-e3 entered promiscuous mode
Nov  3 05:44:57 gtw01 systemd-udevd[7708]: Could not generate persistent MAC address for tapd483f9ba-e3: No such file or directory
Nov  3 05:44:57 gtw01 dnsmasq[7707]: started, version 2.80 cachesize 150
Nov  3 05:44:57 gtw01 dnsmasq[7707]: DNS service limited to local subnets
Nov  3 05:44:57 gtw01 dnsmasq[7707]: compile time options: IPv6 GNU-getopt DBus i18n IDN DHCP DHCPv6 no-Lua TFTP conntrack ipset auth DNSSEC loop-detect inotify dumpfile
Nov  3 05:44:57 gtw01 dnsmasq[7707]: warning: no upstream servers configured
Nov  3 05:44:57 gtw01 dnsmasq-dhcp[7707]: DHCP, static leases only on 1.1.0.220, lease time 1h
Nov  3 05:44:57 gtw01 dnsmasq[7707]: read /var/lib/neutron/dhcp/c9063c08-d4bb-4dd3-aec4-0a7684e0da87/addn_hosts - 1 addresses
Nov  3 05:44:57 gtw01 dnsmasq-dhcp[7707]: read /var/lib/neutron/dhcp/c9063c08-d4bb-4dd3-aec4-0a7684e0da87/host
Nov  3 05:44:57 gtw01 dnsmasq-dhcp[7707]: read /var/lib/neutron/dhcp/c9063c08-d4bb-4dd3-aec4-0a7684e0da87/opts
Nov  3 05:44:57 gtw01 dnsmasq[7610]: read /var/lib/neutron/dhcp/5e607032-fa03-4c94-80f1-a17fde3e180c/addn_hosts - 2 addresses
Nov  3 05:44:57 gtw01 dnsmasq-dhcp[7610]: read /var/lib/neutron/dhcp/5e607032-fa03-4c94-80f1-a17fde3e180c/host
Nov  3 05:44:57 gtw01 dnsmasq-dhcp[7610]: read /var/lib/neutron/dhcp/5e607032-fa03-4c94-80f1-a17fde3e180c/opts
Nov  3 05:44:57 gtw01 systemd-udevd[7767]: Process '/sbin/ip link set tapd483f9ba-e3 txqueuelen 10000' failed with exit code 1.
Nov  3 05:44:57 gtw01 dnsmasq[7392]: read /var/lib/neutron/dhcp/25ce80c7-99b8-40c4-ac59-171cac4c87a4/addn_hosts - 2 addresses
Nov  3 05:44:57 gtw01 dnsmasq-dhcp[7392]: read /var/lib/neutron/dhcp/25ce80c7-99b8-40c4-ac59-171cac4c87a4/host
Nov  3 05:44:57 gtw01 dnsmasq-dhcp[7392]: read /var/lib/neutron/dhcp/25ce80c7-99b8-40c4-ac59-171cac4c87a4/opts
Nov  3 05:44:58 gtw01 haproxy-metadata-proxy-c9063c08-d4bb-4dd3-aec4-0a7684e0da87[7794]: Proxy listener started.
Nov  3 05:44:58 gtw01 kernel: [12804.023687] device tap33fa8ef7-fd entered promiscuous mode
Nov  3 05:44:58 gtw01 systemd-udevd[7821]: Could not generate persistent MAC address for tap33fa8ef7-fd: No such file or directory
Nov  3 05:44:59 gtw01 dnsmasq[7507]: read /var/lib/neutron/dhcp/2a3220af-9d76-4bc4-be1b-fac93d394536/addn_hosts - 2 addresses
Nov  3 05:44:59 gtw01 dnsmasq-dhcp[7507]: read /var/lib/neutron/dhcp/2a3220af-9d76-4bc4-be1b-fac93d394536/host
Nov  3 05:44:59 gtw01 dnsmasq-dhcp[7507]: read /var/lib/neutron/dhcp/2a3220af-9d76-4bc4-be1b-fac93d394536/opts
Nov  3 05:45:00 gtw01 dnsmasq[7917]: started, version 2.80 cachesize 150
Nov  3 05:45:00 gtw01 dnsmasq[7917]: DNS service limited to local subnets
Nov  3 05:45:00 gtw01 dnsmasq[7917]: compile time options: IPv6 GNU-getopt DBus i18n IDN DHCP DHCPv6 no-Lua TFTP conntrack ipset auth DNSSEC loop-detect inotify dumpfile
Nov  3 05:45:00 gtw01 dnsmasq[7917]: warning: no upstream servers configured
Nov  3 05:45:00 gtw01 dnsmasq-dhcp[7917]: DHCP, static leases only on 1.1.0.224, lease time 1h
Nov  3 05:45:00 gtw01 dnsmasq[7917]: read /var/lib/neutron/dhcp/9990e4b7-c81c-41e8-82b7-334e74f03f77/addn_hosts - 1 addresses
Nov  3 05:45:00 gtw01 dnsmasq-dhcp[7917]: read /var/lib/neutron/dhcp/9990e4b7-c81c-41e8-82b7-334e74f03f77/host
Nov  3 05:45:00 gtw01 dnsmasq-dhcp[7917]: read /var/lib/neutron/dhcp/9990e4b7-c81c-41e8-82b7-334e74f03f77/opts
Nov  3 05:45:00 gtw01 systemd-udevd[7911]: Process '/sbin/ip link set tap33fa8ef7-fd txqueuelen 10000' failed with exit code 1.
Nov  3 05:45:00 gtw01 dnsmasq[7707]: read /var/lib/neutron/dhcp/c9063c08-d4bb-4dd3-aec4-0a7684e0da87/addn_hosts - 2 addresses
Nov  3 05:45:00 gtw01 dnsmasq-dhcp[7707]: read /var/lib/neutron/dhcp/c9063c08-d4bb-4dd3-aec4-0a7684e0da87/host
Nov  3 05:45:00 gtw01 dnsmasq-dhcp[7707]: read /var/lib/neutron/dhcp/c9063c08-d4bb-4dd3-aec4-0a7684e0da87/opts
Nov  3 05:45:00 gtw01 dnsmasq[7610]: read /var/lib/neutron/dhcp/5e607032-fa03-4c94-80f1-a17fde3e180c/addn_hosts - 2 addresses
Nov  3 05:45:00 gtw01 dnsmasq-dhcp[7610]: read /var/lib/neutron/dhcp/5e607032-fa03-4c94-80f1-a17fde3e180c/host
Nov  3 05:45:00 gtw01 dnsmasq-dhcp[7610]: read /var/lib/neutron/dhcp/5e607032-fa03-4c94-80f1-a17fde3e180c/opts
Nov  3 05:45:01 gtw01 haproxy-metadata-proxy-9990e4b7-c81c-41e8-82b7-334e74f03f77[7955]: Proxy listener started.
Nov  3 05:45:01 gtw01 dnsmasq[7392]: read /var/lib/neutron/dhcp/25ce80c7-99b8-40c4-ac59-171cac4c87a4/addn_hosts - 2 addresses
Nov  3 05:45:01 gtw01 dnsmasq-dhcp[7392]: read /var/lib/neutron/dhcp/25ce80c7-99b8-40c4-ac59-171cac4c87a4/host
