Nov  3 05:50:29 gtw01 dnsmasq-dhcp[11109]: read /var/lib/neutron/dhcp/b4f67287-0a82-4d2e-a39c-e34dd2653eb1/host
Nov  3 05:50:29 gtw01 dnsmasq-dhcp[11109]: read /var/lib/neutron/dhcp/b4f67287-0a82-4d2e-a39c-e34dd2653eb1/opts
Nov  3 05:50:29 gtw01 dnsmasq[11235]: read /var/lib/neutron/dhcp/74de3192-565e-48d8-91b4-7e9cd1256c36/addn_hosts - 9 addresses
Nov  3 05:50:29 gtw01 dnsmasq-dhcp[11235]: read /var/lib/neutron/dhcp/74de3192-565e-48d8-91b4-7e9cd1256c36/host
Nov  3 05:50:29 gtw01 dnsmasq-dhcp[11235]: read /var/lib/neutron/dhcp/74de3192-565e-48d8-91b4-7e9cd1256c36/opts
Nov  3 05:50:30 gtw01 dnsmasq[11198]: read /var/lib/neutron/dhcp/5c9f6e1d-ff5e-4e3b-9431-bb4956068f43/addn_hosts - 4 addresses
Nov  3 05:50:30 gtw01 dnsmasq-dhcp[11198]: read /var/lib/neutron/dhcp/5c9f6e1d-ff5e-4e3b-9431-bb4956068f43/host
Nov  3 05:50:30 gtw01 dnsmasq-dhcp[11198]: read /var/lib/neutron/dhcp/5c9f6e1d-ff5e-4e3b-9431-bb4956068f43/opts
Nov  3 05:50:30 gtw01 dnsmasq[11109]: read /var/lib/neutron/dhcp/b4f67287-0a82-4d2e-a39c-e34dd2653eb1/addn_hosts - 6 addresses
Nov  3 05:50:30 gtw01 dnsmasq-dhcp[11109]: read /var/lib/neutron/dhcp/b4f67287-0a82-4d2e-a39c-e34dd2653eb1/host
Nov  3 05:50:30 gtw01 dnsmasq-dhcp[11109]: read /var/lib/neutron/dhcp/b4f67287-0a82-4d2e-a39c-e34dd2653eb1/opts
Nov  3 05:50:31 gtw01 dnsmasq[11235]: read /var/lib/neutron/dhcp/74de3192-565e-48d8-91b4-7e9cd1256c36/addn_hosts - 9 addresses
Nov  3 05:50:31 gtw01 dnsmasq-dhcp[11235]: read /var/lib/neutron/dhcp/74de3192-565e-48d8-91b4-7e9cd1256c36/host
Nov  3 05:50:31 gtw01 dnsmasq-dhcp[11235]: read /var/lib/neutron/dhcp/74de3192-565e-48d8-91b4-7e9cd1256c36/opts
Nov  3 05:50:31 gtw01 dnsmasq[11198]: read /var/lib/neutron/dhcp/5c9f6e1d-ff5e-4e3b-9431-bb4956068f43/addn_hosts - 5 addresses
Nov  3 05:50:31 gtw01 dnsmasq-dhcp[11198]: read /var/lib/neutron/dhcp/5c9f6e1d-ff5e-4e3b-9431-bb4956068f43/host
Nov  3 05:50:31 gtw01 dnsmasq-dhcp[11198]: read /var/lib/neutron/dhcp/5c9f6e1d-ff5e-4e3b-9431-bb4956068f43/opts
Nov  3 05:50:31 gtw01 dnsmasq[11109]: read /var/lib/neutron/dhcp/b4f67287-0a82-4d2e-a39c-e34dd2653eb1/addn_hosts - 7 addresses
Nov  3 05:50:31 gtw01 dnsmasq-dhcp[11109]: read /var/lib/neutron/dhcp/b4f67287-0a82-4d2e-a39c-e34dd2653eb1/host
Nov  3 05:50:31 gtw01 dnsmasq-dhcp[11109]: read /var/lib/neutron/dhcp/b4f67287-0a82-4d2e-a39c-e34dd2653eb1/opts
Nov  3 05:50:32 gtw01 dnsmasq[11198]: read /var/lib/neutron/dhcp/5c9f6e1d-ff5e-4e3b-9431-bb4956068f43/addn_hosts - 5 addresses
Nov  3 05:50:32 gtw01 dnsmasq-dhcp[11198]: read /var/lib/neutron/dhcp/5c9f6e1d-ff5e-4e3b-9431-bb4956068f43/host
Nov  3 05:50:32 gtw01 dnsmasq-dhcp[11198]: read /var/lib/neutron/dhcp/5c9f6e1d-ff5e-4e3b-9431-bb4956068f43/opts
Nov  3 05:50:32 gtw01 dnsmasq[11235]: read /var/lib/neutron/dhcp/74de3192-565e-48d8-91b4-7e9cd1256c36/addn_hosts - 9 addresses
Nov  3 05:50:32 gtw01 dnsmasq-dhcp[11235]: read /var/lib/neutron/dhcp/74de3192-565e-48d8-91b4-7e9cd1256c36/host
Nov  3 05:50:32 gtw01 dnsmasq-dhcp[11235]: read /var/lib/neutron/dhcp/74de3192-565e-48d8-91b4-7e9cd1256c36/opts
Nov  3 05:50:33 gtw01 dnsmasq[11109]: read /var/lib/neutron/dhcp/b4f67287-0a82-4d2e-a39c-e34dd2653eb1/addn_hosts - 7 addresses
Nov  3 05:50:33 gtw01 dnsmasq-dhcp[11109]: read /var/lib/neutron/dhcp/b4f67287-0a82-4d2e-a39c-e34dd2653eb1/host
Nov  3 05:50:33 gtw01 dnsmasq-dhcp[11109]: read /var/lib/neutron/dhcp/b4f67287-0a82-4d2e-a39c-e34dd2653eb1/opts
Nov  3 05:50:33 gtw01 dnsmasq[11235]: read /var/lib/neutron/dhcp/74de3192-565e-48d8-91b4-7e9cd1256c36/addn_hosts - 9 addresses
Nov  3 05:50:33 gtw01 dnsmasq-dhcp[11235]: read /var/lib/neutron/dhcp/74de3192-565e-48d8-91b4-7e9cd1256c36/host
Nov  3 05:50:33 gtw01 dnsmasq-dhcp[11235]: read /var/lib/neutron/dhcp/74de3192-565e-48d8-91b4-7e9cd1256c36/opts
Nov  3 05:50:34 gtw01 dnsmasq[11235]: read /var/lib/neutron/dhcp/74de3192-565e-48d8-91b4-7e9cd1256c36/addn_hosts - 9 addresses
Nov  3 05:50:34 gtw01 dnsmasq-dhcp[11235]: read /var/lib/neutron/dhcp/74de3192-565e-48d8-91b4-7e9cd1256c36/host
Nov  3 05:50:34 gtw01 dnsmasq-dhcp[11235]: read /var/lib/neutron/dhcp/74de3192-565e-48d8-91b4-7e9cd1256c36/opts
Nov  3 05:50:35 gtw01 dnsmasq[11235]: read /var/lib/neutron/dhcp/74de3192-565e-48d8-91b4-7e9cd1256c36/addn_hosts - 9 addresses
Nov  3 05:50:35 gtw01 dnsmasq-dhcp[11235]: read /var/lib/neutron/dhcp/74de3192-565e-48d8-91b4-7e9cd1256c36/host
Nov  3 05:50:35 gtw01 dnsmasq-dhcp[11235]: read /var/lib/neutron/dhcp/74de3192-565e-48d8-91b4-7e9cd1256c36/opts
Nov  3 05:50:36 gtw01 dnsmasq[11235]: read /var/lib/neutron/dhcp/74de3192-565e-48d8-91b4-7e9cd1256c36/addn_hosts - 9 addresses
Nov  3 05:50:36 gtw01 dnsmasq-dhcp[11235]: read /var/lib/neutron/dhcp/74de3192-565e-48d8-91b4-7e9cd1256c36/host
Nov  3 05:50:36 gtw01 dnsmasq-dhcp[11235]: read /var/lib/neutron/dhcp/74de3192-565e-48d8-91b4-7e9cd1256c36/opts
Nov  3 05:50:37 gtw01 dnsmasq[11235]: read /var/lib/neutron/dhcp/74de3192-565e-48d8-91b4-7e9cd1256c36/addn_hosts - 10 addresses
Nov  3 05:50:37 gtw01 dnsmasq-dhcp[11235]: read /var/lib/neutron/dhcp/74de3192-565e-48d8-91b4-7e9cd1256c36/host
Nov  3 05:50:37 gtw01 dnsmasq-dhcp[11235]: read /var/lib/neutron/dhcp/74de3192-565e-48d8-91b4-7e9cd1256c36/opts
Nov  3 05:50:38 gtw01 dnsmasq[11235]: read /var/lib/neutron/dhcp/74de3192-565e-48d8-91b4-7e9cd1256c36/addn_hosts - 11 addresses
Nov  3 05:50:38 gtw01 dnsmasq-dhcp[11235]: read /var/lib/neutron/dhcp/74de3192-565e-48d8-91b4-7e9cd1256c36/host
Nov  3 05:50:38 gtw01 dnsmasq-dhcp[11235]: read /var/lib/neutron/dhcp/74de3192-565e-48d8-91b4-7e9cd1256c36/opts
Nov  3 05:50:39 gtw01 dnsmasq[11235]: read /var/lib/neutron/dhcp/74de3192-565e-48d8-91b4-7e9cd1256c36/addn_hosts - 11 addresses
Nov  3 05:50:39 gtw01 dnsmasq-dhcp[11235]: read /var/lib/neutron/dhcp/74de3192-565e-48d8-91b4-7e9cd1256c36/host
Nov  3 05:50:39 gtw01 dnsmasq-dhcp[11235]: read /var/lib/neutron/dhcp/74de3192-565e-48d8-91b4-7e9cd1256c36/opts
Nov  3 05:50:41 gtw01 dnsmasq[11109]: read /var/lib/neutron/dhcp/b4f67287-0a82-4d2e-a39c-e34dd2653eb1/addn_hosts - 6 addresses
Nov  3 05:50:41 gtw01 dnsmasq-dhcp[11109]: read /var/lib/neutron/dhcp/b4f67287-0a82-4d2e-a39c-e34dd2653eb1/host
Nov  3 05:50:41 gtw01 dnsmasq-dhcp[11109]: read /var/lib/neutron/dhcp/b4f67287-0a82-4d2e-a39c-e34dd2653eb1/opts
Nov  3 05:50:43 gtw01 dnsmasq[11198]: read /var/lib/neutron/dhcp/5c9f6e1d-ff5e-4e3b-9431-bb4956068f43/addn_hosts - 4 addresses
Nov  3 05:50:43 gtw01 dnsmasq-dhcp[11198]: read /var/lib/neutron/dhcp/5c9f6e1d-ff5e-4e3b-9431-bb4956068f43/host
Nov  3 05:50:43 gtw01 dnsmasq-dhcp[11198]: read /var/lib/neutron/dhcp/5c9f6e1d-ff5e-4e3b-9431-bb4956068f43/opts
Nov  3 05:50:43 gtw01 dnsmasq[11235]: read /var/lib/neutron/dhcp/74de3192-565e-48d8-91b4-7e9cd1256c36/addn_hosts - 10 addresses
Nov  3 05:50:43 gtw01 dnsmasq-dhcp[11235]: read /var/lib/neutron/dhcp/74de3192-565e-48d8-91b4-7e9cd1256c36/host
Nov  3 05:50:43 gtw01 dnsmasq-dhcp[11235]: read /var/lib/neutron/dhcp/74de3192-565e-48d8-91b4-7e9cd1256c36/opts
Nov  3 05:50:44 gtw01 dnsmasq[11109]: read /var/lib/neutron/dhcp/b4f67287-0a82-4d2e-a39c-e34dd2653eb1/addn_hosts - 5 addresses
Nov  3 05:50:44 gtw01 dnsmasq-dhcp[11109]: read /var/lib/neutron/dhcp/b4f67287-0a82-4d2e-a39c-e34dd2653eb1/host
Nov  3 05:50:44 gtw01 dnsmasq-dhcp[11109]: read /var/lib/neutron/dhcp/b4f67287-0a82-4d2e-a39c-e34dd2653eb1/opts
Nov  3 05:50:44 gtw01 dnsmasq[11235]: read /var/lib/neutron/dhcp/74de3192-565e-48d8-91b4-7e9cd1256c36/addn_hosts - 9 addresses
Nov  3 05:50:44 gtw01 dnsmasq-dhcp[11235]: read /var/lib/neutron/dhcp/74de3192-565e-48d8-91b4-7e9cd1256c36/host
Nov  3 05:50:44 gtw01 dnsmasq-dhcp[11235]: read /var/lib/neutron/dhcp/74de3192-565e-48d8-91b4-7e9cd1256c36/opts
Nov  3 05:50:44 gtw01 dnsmasq[11109]: read /var/lib/neutron/dhcp/b4f67287-0a82-4d2e-a39c-e34dd2653eb1/addn_hosts - 4 addresses
Nov  3 05:50:44 gtw01 dnsmasq-dhcp[11109]: read /var/lib/neutron/dhcp/b4f67287-0a82-4d2e-a39c-e34dd2653eb1/host
Nov  3 05:50:44 gtw01 dnsmasq-dhcp[11109]: read /var/lib/neutron/dhcp/b4f67287-0a82-4d2e-a39c-e34dd2653eb1/opts
Nov  3 05:50:45 gtw01 dnsmasq[11198]: read /var/lib/neutron/dhcp/5c9f6e1d-ff5e-4e3b-9431-bb4956068f43/addn_hosts - 3 addresses
Nov  3 05:50:45 gtw01 dnsmasq-dhcp[11198]: read /var/lib/neutron/dhcp/5c9f6e1d-ff5e-4e3b-9431-bb4956068f43/host
Nov  3 05:50:45 gtw01 dnsmasq-dhcp[11198]: read /var/lib/neutron/dhcp/5c9f6e1d-ff5e-4e3b-9431-bb4956068f43/opts
Nov  3 05:50:46 gtw01 dnsmasq[11109]: read /var/lib/neutron/dhcp/b4f67287-0a82-4d2e-a39c-e34dd2653eb1/addn_hosts - 3 addresses
Nov  3 05:50:46 gtw01 dnsmasq-dhcp[11109]: read /var/lib/neutron/dhcp/b4f67287-0a82-4d2e-a39c-e34dd2653eb1/host
Nov  3 05:50:46 gtw01 dnsmasq-dhcp[11109]: read /var/lib/neutron/dhcp/b4f67287-0a82-4d2e-a39c-e34dd2653eb1/opts
Nov  3 05:50:46 gtw01 dnsmasq[11235]: read /var/lib/neutron/dhcp/74de3192-565e-48d8-91b4-7e9cd1256c36/addn_hosts - 8 addresses
Nov  3 05:50:46 gtw01 dnsmasq-dhcp[11235]: read /var/lib/neutron/dhcp/74de3192-565e-48d8-91b4-7e9cd1256c36/host
Nov  3 05:50:46 gtw01 dnsmasq-dhcp[11235]: read /var/lib/neutron/dhcp/74de3192-565e-48d8-91b4-7e9cd1256c36/opts
Nov  3 05:50:47 gtw01 dnsmasq[11198]: read /var/lib/neutron/dhcp/5c9f6e1d-ff5e-4e3b-9431-bb4956068f43/addn_hosts - 2 addresses
Nov  3 05:50:47 gtw01 dnsmasq-dhcp[11198]: read /var/lib/neutron/dhcp/5c9f6e1d-ff5e-4e3b-9431-bb4956068f43/host
Nov  3 05:50:47 gtw01 dnsmasq-dhcp[11198]: read /var/lib/neutron/dhcp/5c9f6e1d-ff5e-4e3b-9431-bb4956068f43/opts
Nov  3 05:50:47 gtw01 dnsmasq[11109]: read /var/lib/neutron/dhcp/b4f67287-0a82-4d2e-a39c-e34dd2653eb1/addn_hosts - 2 addresses
Nov  3 05:50:47 gtw01 dnsmasq-dhcp[11109]: read /var/lib/neutron/dhcp/b4f67287-0a82-4d2e-a39c-e34dd2653eb1/host
Nov  3 05:50:47 gtw01 dnsmasq-dhcp[11109]: read /var/lib/neutron/dhcp/b4f67287-0a82-4d2e-a39c-e34dd2653eb1/opts
Nov  3 05:50:47 gtw01 dnsmasq[11235]: read /var/lib/neutron/dhcp/74de3192-565e-48d8-91b4-7e9cd1256c36/addn_hosts - 7 addresses
Nov  3 05:50:47 gtw01 dnsmasq-dhcp[11235]: read /var/lib/neutron/dhcp/74de3192-565e-48d8-91b4-7e9cd1256c36/host
Nov  3 05:50:47 gtw01 dnsmasq-dhcp[11235]: read /var/lib/neutron/dhcp/74de3192-565e-48d8-91b4-7e9cd1256c36/opts
Nov  3 05:50:48 gtw01 dnsmasq[11198]: read /var/lib/neutron/dhcp/5c9f6e1d-ff5e-4e3b-9431-bb4956068f43/addn_hosts - 1 addresses
Nov  3 05:50:48 gtw01 dnsmasq-dhcp[11198]: read /var/lib/neutron/dhcp/5c9f6e1d-ff5e-4e3b-9431-bb4956068f43/host
Nov  3 05:50:48 gtw01 dnsmasq-dhcp[11198]: read /var/lib/neutron/dhcp/5c9f6e1d-ff5e-4e3b-9431-bb4956068f43/opts
Nov  3 05:50:48 gtw01 dnsmasq[11109]: read /var/lib/neutron/dhcp/b4f67287-0a82-4d2e-a39c-e34dd2653eb1/addn_hosts - 1 addresses
Nov  3 05:50:48 gtw01 dnsmasq-dhcp[11109]: read /var/lib/neutron/dhcp/b4f67287-0a82-4d2e-a39c-e34dd2653eb1/host
Nov  3 05:50:48 gtw01 dnsmasq-dhcp[11109]: read /var/lib/neutron/dhcp/b4f67287-0a82-4d2e-a39c-e34dd2653eb1/opts
Nov  3 05:50:48 gtw01 dnsmasq[11235]: read /var/lib/neutron/dhcp/74de3192-565e-48d8-91b4-7e9cd1256c36/addn_hosts - 6 addresses
Nov  3 05:50:48 gtw01 dnsmasq-dhcp[11235]: read /var/lib/neutron/dhcp/74de3192-565e-48d8-91b4-7e9cd1256c36/host
Nov  3 05:50:48 gtw01 dnsmasq-dhcp[11235]: read /var/lib/neutron/dhcp/74de3192-565e-48d8-91b4-7e9cd1256c36/opts
Nov  3 05:50:49 gtw01 dnsmasq[11235]: read /var/lib/neutron/dhcp/74de3192-565e-48d8-91b4-7e9cd1256c36/addn_hosts - 5 addresses
Nov  3 05:50:49 gtw01 dnsmasq-dhcp[11235]: read /var/lib/neutron/dhcp/74de3192-565e-48d8-91b4-7e9cd1256c36/host
Nov  3 05:50:49 gtw01 dnsmasq-dhcp[11235]: read /var/lib/neutron/dhcp/74de3192-565e-48d8-91b4-7e9cd1256c36/opts
Nov  3 05:50:50 gtw01 dnsmasq[11235]: read /var/lib/neutron/dhcp/74de3192-565e-48d8-91b4-7e9cd1256c36/addn_hosts - 4 addresses
Nov  3 05:50:50 gtw01 dnsmasq-dhcp[11235]: read /var/lib/neutron/dhcp/74de3192-565e-48d8-91b4-7e9cd1256c36/host
Nov  3 05:50:50 gtw01 dnsmasq-dhcp[11235]: read /var/lib/neutron/dhcp/74de3192-565e-48d8-91b4-7e9cd1256c36/opts
Nov  3 05:50:51 gtw01 dnsmasq[11235]: read /var/lib/neutron/dhcp/74de3192-565e-48d8-91b4-7e9cd1256c36/addn_hosts - 3 addresses
Nov  3 05:50:51 gtw01 dnsmasq-dhcp[11235]: read /var/lib/neutron/dhcp/74de3192-565e-48d8-91b4-7e9cd1256c36/host
Nov  3 05:50:51 gtw01 dnsmasq-dhcp[11235]: read /var/lib/neutron/dhcp/74de3192-565e-48d8-91b4-7e9cd1256c36/opts
Nov  3 05:50:52 gtw01 dnsmasq[11235]: read /var/lib/neutron/dhcp/74de3192-565e-48d8-91b4-7e9cd1256c36/addn_hosts - 2 addresses
Nov  3 05:50:52 gtw01 dnsmasq-dhcp[11235]: read /var/lib/neutron/dhcp/74de3192-565e-48d8-91b4-7e9cd1256c36/host
Nov  3 05:50:52 gtw01 dnsmasq-dhcp[11235]: read /var/lib/neutron/dhcp/74de3192-565e-48d8-91b4-7e9cd1256c36/opts
Nov  3 05:50:53 gtw01 dnsmasq[11235]: read /var/lib/neutron/dhcp/74de3192-565e-48d8-91b4-7e9cd1256c36/addn_hosts - 1 addresses
Nov  3 05:50:53 gtw01 dnsmasq-dhcp[11235]: read /var/lib/neutron/dhcp/74de3192-565e-48d8-91b4-7e9cd1256c36/host
Nov  3 05:50:53 gtw01 dnsmasq-dhcp[11235]: read /var/lib/neutron/dhcp/74de3192-565e-48d8-91b4-7e9cd1256c36/opts
Nov  3 05:50:55 gtw01 dnsmasq[11198]: read /var/lib/neutron/dhcp/5c9f6e1d-ff5e-4e3b-9431-bb4956068f43/addn_hosts - 1 addresses
Nov  3 05:50:55 gtw01 dnsmasq-dhcp[11198]: read /var/lib/neutron/dhcp/5c9f6e1d-ff5e-4e3b-9431-bb4956068f43/host
Nov  3 05:50:55 gtw01 dnsmasq-dhcp[11198]: read /var/lib/neutron/dhcp/5c9f6e1d-ff5e-4e3b-9431-bb4956068f43/opts
Nov  3 05:50:56 gtw01 kernel: [13162.112068] device tap66213172-7c left promiscuous mode
Nov  3 05:50:59 gtw01 dnsmasq[11235]: read /var/lib/neutron/dhcp/74de3192-565e-48d8-91b4-7e9cd1256c36/addn_hosts - 1 addresses
Nov  3 05:50:59 gtw01 dnsmasq-dhcp[11235]: read /var/lib/neutron/dhcp/74de3192-565e-48d8-91b4-7e9cd1256c36/host
Nov  3 05:50:59 gtw01 dnsmasq-dhcp[11235]: read /var/lib/neutron/dhcp/74de3192-565e-48d8-91b4-7e9cd1256c36/opts
Nov  3 05:51:00 gtw01 kernel: [13165.291929] device tap69b00d61-32 left promiscuous mode
Nov  3 05:51:02 gtw01 dnsmasq[11109]: read /var/lib/neutron/dhcp/b4f67287-0a82-4d2e-a39c-e34dd2653eb1/addn_hosts - 1 addresses
Nov  3 05:51:02 gtw01 dnsmasq-dhcp[11109]: read /var/lib/neutron/dhcp/b4f67287-0a82-4d2e-a39c-e34dd2653eb1/host
Nov  3 05:51:02 gtw01 dnsmasq-dhcp[11109]: read /var/lib/neutron/dhcp/b4f67287-0a82-4d2e-a39c-e34dd2653eb1/opts
Nov  3 05:51:03 gtw01 kernel: [13168.631449] device tap02969405-b1 left promiscuous mode
Nov  3 05:51:21 gtw01 kernel: [13186.806583] device tap0c8e7024-d1 entered promiscuous mode
Nov  3 05:51:21 gtw01 systemd-udevd[12121]: Could not generate persistent MAC address for tap136a2b5c-f2: No such file or directory
Nov  3 05:51:21 gtw01 kernel: [13186.849875] device tap136a2b5c-f2 entered promiscuous mode
Nov  3 05:51:21 gtw01 systemd-udevd[12114]: Process '/sbin/ip link set tap0c8e7024-d1 txqueuelen 10000' failed with exit code 1.
Nov  3 05:51:21 gtw01 systemd-udevd[12194]: Process '/sbin/ip link set tap0c8e7024-d1 txqueuelen 10000' failed with exit code 1.
Nov  3 05:51:21 gtw01 systemd-udevd[12227]: Process '/sbin/ip link set tap136a2b5c-f2 txqueuelen 10000' failed with exit code 1.
Nov  3 05:51:22 gtw01 kernel: [13187.746349] device tapf542ff04-55 entered promiscuous mode
Nov  3 05:51:22 gtw01 systemd-udevd[12265]: Process '/sbin/ip link set tapf542ff04-55 txqueuelen 10000' failed with exit code 1.
Nov  3 05:51:22 gtw01 systemd-udevd[12265]: Process '/sbin/ip link set tapf542ff04-55 txqueuelen 10000' failed with exit code 1.
Nov  3 05:51:23 gtw01 kernel: [13189.103249] device tap3975c242-7b entered promiscuous mode
Nov  3 05:51:23 gtw01 systemd-udevd[12369]: Could not generate persistent MAC address for tap3975c242-7b: No such file or directory
Nov  3 05:51:24 gtw01 systemd-udevd[12420]: Process '/sbin/ip link set tap3975c242-7b txqueuelen 10000' failed with exit code 1.
Nov  3 05:51:27 gtw01 dnsmasq[12558]: started, version 2.80 cachesize 150
Nov  3 05:51:27 gtw01 dnsmasq[12558]: DNS service limited to local subnets
Nov  3 05:51:27 gtw01 dnsmasq[12558]: compile time options: IPv6 GNU-getopt DBus i18n IDN DHCP DHCPv6 no-Lua TFTP conntrack ipset auth DNSSEC loop-detect inotify dumpfile
Nov  3 05:51:27 gtw01 dnsmasq[12558]: warning: no upstream servers configured
Nov  3 05:51:27 gtw01 dnsmasq-dhcp[12558]: DHCP, static leases only on 10.2.76.0, lease time 1h
Nov  3 05:51:27 gtw01 dnsmasq[12558]: read /var/lib/neutron/dhcp/d7d77303-daef-4e3a-bcca-cdbaba1eb70e/addn_hosts - 1 addresses
Nov  3 05:51:27 gtw01 dnsmasq-dhcp[12558]: read /var/lib/neutron/dhcp/d7d77303-daef-4e3a-bcca-cdbaba1eb70e/host
Nov  3 05:51:27 gtw01 dnsmasq-dhcp[12558]: read /var/lib/neutron/dhcp/d7d77303-daef-4e3a-bcca-cdbaba1eb70e/opts
Nov  3 05:51:27 gtw01 dnsmasq[12570]: started, version 2.80 cachesize 150
Nov  3 05:51:27 gtw01 dnsmasq[12570]: DNS service limited to local subnets
Nov  3 05:51:27 gtw01 dnsmasq[12570]: compile time options: IPv6 GNU-getopt DBus i18n IDN DHCP DHCPv6 no-Lua TFTP conntrack ipset auth DNSSEC loop-detect inotify dumpfile
Nov  3 05:51:27 gtw01 dnsmasq[12570]: warning: no upstream servers configured
Nov  3 05:51:27 gtw01 dnsmasq-dhcp[12570]: DHCP, static leases only on 10.2.75.0, lease time 1h
Nov  3 05:51:27 gtw01 dnsmasq[12570]: read /var/lib/neutron/dhcp/dc9385e8-e0cd-4b0d-acdf-82c38c09d74b/addn_hosts - 1 addresses
Nov  3 05:51:27 gtw01 dnsmasq-dhcp[12570]: read /var/lib/neutron/dhcp/dc9385e8-e0cd-4b0d-acdf-82c38c09d74b/host
Nov  3 05:51:27 gtw01 dnsmasq-dhcp[12570]: read /var/lib/neutron/dhcp/dc9385e8-e0cd-4b0d-acdf-82c38c09d74b/opts
Nov  3 05:51:27 gtw01 haproxy-metadata-proxy-d7d77303-daef-4e3a-bcca-cdbaba1eb70e[12574]: Proxy listener started.
Nov  3 05:51:28 gtw01 haproxy-metadata-proxy-dc9385e8-e0cd-4b0d-acdf-82c38c09d74b[12583]: Proxy listener started.
Nov  3 05:51:28 gtw01 dnsmasq[12594]: started, version 2.80 cachesize 150
Nov  3 05:51:28 gtw01 dnsmasq[12594]: DNS service limited to local subnets
Nov  3 05:51:28 gtw01 dnsmasq[12594]: compile time options: IPv6 GNU-getopt DBus i18n IDN DHCP DHCPv6 no-Lua TFTP conntrack ipset auth DNSSEC loop-detect inotify dumpfile
Nov  3 05:51:28 gtw01 dnsmasq[12594]: warning: no upstream servers configured
Nov  3 05:51:28 gtw01 dnsmasq-dhcp[12594]: DHCP, static leases only on 10.2.77.0, lease time 1h
Nov  3 05:51:28 gtw01 dnsmasq[12594]: read /var/lib/neutron/dhcp/f8f6befd-89a5-48d4-8d94-d5a9a8c28040/addn_hosts - 1 addresses
Nov  3 05:51:28 gtw01 dnsmasq-dhcp[12594]: read /var/lib/neutron/dhcp/f8f6befd-89a5-48d4-8d94-d5a9a8c28040/host
Nov  3 05:51:28 gtw01 dnsmasq-dhcp[12594]: read /var/lib/neutron/dhcp/f8f6befd-89a5-48d4-8d94-d5a9a8c28040/opts
Nov  3 05:51:28 gtw01 haproxy-metadata-proxy-f8f6befd-89a5-48d4-8d94-d5a9a8c28040[12604]: Proxy listener started.
Nov  3 05:51:29 gtw01 dnsmasq[12619]: started, version 2.80 cachesize 150
Nov  3 05:51:29 gtw01 dnsmasq[12619]: DNS service limited to local subnets
Nov  3 05:51:29 gtw01 dnsmasq[12619]: compile time options: IPv6 GNU-getopt DBus i18n IDN DHCP DHCPv6 no-Lua TFTP conntrack ipset auth DNSSEC loop-detect inotify dumpfile
Nov  3 05:51:29 gtw01 dnsmasq[12619]: warning: no upstream servers configured
Nov  3 05:51:29 gtw01 dnsmasq-dhcp[12619]: DHCP, static leases only on 10.2.78.0, lease time 1h
Nov  3 05:51:29 gtw01 dnsmasq[12619]: read /var/lib/neutron/dhcp/e6145e51-f4eb-4f3d-83df-5dd685e97b3d/addn_hosts - 1 addresses
Nov  3 05:51:29 gtw01 dnsmasq-dhcp[12619]: read /var/lib/neutron/dhcp/e6145e51-f4eb-4f3d-83df-5dd685e97b3d/host
Nov  3 05:51:29 gtw01 dnsmasq-dhcp[12619]: read /var/lib/neutron/dhcp/e6145e51-f4eb-4f3d-83df-5dd685e97b3d/opts
Nov  3 05:51:29 gtw01 haproxy-metadata-proxy-e6145e51-f4eb-4f3d-83df-5dd685e97b3d[12623]: Proxy listener started.
Nov  3 05:51:33 gtw01 kernel: [13198.578388] device tap64a3c3e1-af entered promiscuous mode
Nov  3 05:51:33 gtw01 systemd-udevd[12750]: Could not generate persistent MAC address for tap64a3c3e1-af: No such file or directory
Nov  3 05:51:33 gtw01 dnsmasq[12805]: started, version 2.80 cachesize 150
Nov  3 05:51:33 gtw01 dnsmasq[12805]: DNS service limited to local subnets
Nov  3 05:51:33 gtw01 dnsmasq[12805]: compile time options: IPv6 GNU-getopt DBus i18n IDN DHCP DHCPv6 no-Lua TFTP conntrack ipset auth DNSSEC loop-detect inotify dumpfile
Nov  3 05:51:33 gtw01 dnsmasq[12805]: warning: no upstream servers configured
Nov  3 05:51:33 gtw01 dnsmasq-dhcp[12805]: DHCP, static leases only on 10.2.79.0, lease time 1h
Nov  3 05:51:33 gtw01 dnsmasq-dhcp[12805]: DHCP, static leases only on 10.2.76.0, lease time 1h
Nov  3 05:51:33 gtw01 dnsmasq[12805]: read /var/lib/neutron/dhcp/d7d77303-daef-4e3a-bcca-cdbaba1eb70e/addn_hosts - 4 addresses
Nov  3 05:51:33 gtw01 dnsmasq-dhcp[12805]: read /var/lib/neutron/dhcp/d7d77303-daef-4e3a-bcca-cdbaba1eb70e/host
Nov  3 05:51:33 gtw01 dnsmasq-dhcp[12805]: read /var/lib/neutron/dhcp/d7d77303-daef-4e3a-bcca-cdbaba1eb70e/opts
Nov  3 05:51:33 gtw01 systemd-udevd[12809]: Process '/sbin/ip link set tap64a3c3e1-af txqueuelen 10000' failed with exit code 1.
Nov  3 05:51:34 gtw01 kernel: [13200.198291] device tap62650f9a-26 entered promiscuous mode
Nov  3 05:51:34 gtw01 systemd-udevd[12874]: Could not generate persistent MAC address for tap62650f9a-26: No such file or directory
Nov  3 05:51:35 gtw01 systemd-udevd[12920]: Process '/sbin/ip link set tap62650f9a-26 txqueuelen 10000' failed with exit code 1.
Nov  3 05:51:35 gtw01 dnsmasq[12937]: started, version 2.80 cachesize 150
Nov  3 05:51:35 gtw01 dnsmasq[12937]: DNS service limited to local subnets
Nov  3 05:51:35 gtw01 dnsmasq[12937]: compile time options: IPv6 GNU-getopt DBus i18n IDN DHCP DHCPv6 no-Lua TFTP conntrack ipset auth DNSSEC loop-detect inotify dumpfile
Nov  3 05:51:35 gtw01 dnsmasq[12937]: warning: no upstream servers configured
Nov  3 05:51:35 gtw01 dnsmasq-dhcp[12937]: DHCP, static leases only on 10.2.80.0, lease time 1h
Nov  3 05:51:35 gtw01 dnsmasq-dhcp[12937]: DHCP, static leases only on 10.2.75.0, lease time 1h
Nov  3 05:51:35 gtw01 dnsmasq[12937]: read /var/lib/neutron/dhcp/dc9385e8-e0cd-4b0d-acdf-82c38c09d74b/addn_hosts - 4 addresses
Nov  3 05:51:35 gtw01 dnsmasq-dhcp[12937]: read /var/lib/neutron/dhcp/dc9385e8-e0cd-4b0d-acdf-82c38c09d74b/host
Nov  3 05:51:35 gtw01 dnsmasq-dhcp[12937]: read /var/lib/neutron/dhcp/dc9385e8-e0cd-4b0d-acdf-82c38c09d74b/opts
Nov  3 05:51:35 gtw01 dnsmasq[12805]: read /var/lib/neutron/dhcp/d7d77303-daef-4e3a-bcca-cdbaba1eb70e/addn_hosts - 4 addresses
Nov  3 05:51:35 gtw01 dnsmasq-dhcp[12805]: read /var/lib/neutron/dhcp/d7d77303-daef-4e3a-bcca-cdbaba1eb70e/host
Nov  3 05:51:35 gtw01 dnsmasq-dhcp[12805]: read /var/lib/neutron/dhcp/d7d77303-daef-4e3a-bcca-cdbaba1eb70e/opts
Nov  3 05:51:37 gtw01 dnsmasq[12937]: read /var/lib/neutron/dhcp/dc9385e8-e0cd-4b0d-acdf-82c38c09d74b/addn_hosts - 4 addresses
Nov  3 05:51:37 gtw01 dnsmasq-dhcp[12937]: read /var/lib/neutron/dhcp/dc9385e8-e0cd-4b0d-acdf-82c38c09d74b/host
Nov  3 05:51:37 gtw01 dnsmasq-dhcp[12937]: read /var/lib/neutron/dhcp/dc9385e8-e0cd-4b0d-acdf-82c38c09d74b/opts
Nov  3 05:51:38 gtw01 dnsmasq[12805]: read /var/lib/neutron/dhcp/d7d77303-daef-4e3a-bcca-cdbaba1eb70e/addn_hosts - 4 addresses
Nov  3 05:51:38 gtw01 dnsmasq-dhcp[12805]: read /var/lib/neutron/dhcp/d7d77303-daef-4e3a-bcca-cdbaba1eb70e/host
Nov  3 05:51:38 gtw01 dnsmasq-dhcp[12805]: read /var/lib/neutron/dhcp/d7d77303-daef-4e3a-bcca-cdbaba1eb70e/opts
Nov  3 05:51:38 gtw01 dnsmasq[13071]: started, version 2.80 cachesize 150
Nov  3 05:51:38 gtw01 dnsmasq[13071]: DNS service limited to local subnets
Nov  3 05:51:38 gtw01 dnsmasq[13071]: compile time options: IPv6 GNU-getopt DBus i18n IDN DHCP DHCPv6 no-Lua TFTP conntrack ipset auth DNSSEC loop-detect inotify dumpfile
Nov  3 05:51:38 gtw01 dnsmasq[13071]: warning: no upstream servers configured
Nov  3 05:51:38 gtw01 dnsmasq-dhcp[13071]: DHCP, static leases only on 10.2.81.0, lease time 1h
Nov  3 05:51:38 gtw01 dnsmasq-dhcp[13071]: DHCP, static leases only on 10.2.77.0, lease time 1h
Nov  3 05:51:38 gtw01 dnsmasq[13071]: read /var/lib/neutron/dhcp/f8f6befd-89a5-48d4-8d94-d5a9a8c28040/addn_hosts - 4 addresses
Nov  3 05:51:38 gtw01 dnsmasq-dhcp[13071]: read /var/lib/neutron/dhcp/f8f6befd-89a5-48d4-8d94-d5a9a8c28040/host
Nov  3 05:51:38 gtw01 dnsmasq-dhcp[13071]: read /var/lib/neutron/dhcp/f8f6befd-89a5-48d4-8d94-d5a9a8c28040/opts
Nov  3 05:51:39 gtw01 dnsmasq[13096]: started, version 2.80 cachesize 150
Nov  3 05:51:39 gtw01 dnsmasq[13096]: DNS service limited to local subnets
Nov  3 05:51:39 gtw01 dnsmasq[13096]: compile time options: IPv6 GNU-getopt DBus i18n IDN DHCP DHCPv6 no-Lua TFTP conntrack ipset auth DNSSEC loop-detect inotify dumpfile
Nov  3 05:51:39 gtw01 dnsmasq[13096]: warning: no upstream servers configured
Nov  3 05:51:39 gtw01 dnsmasq-dhcp[13096]: DHCP, static leases only on 10.2.78.0, lease time 1h
Nov  3 05:51:39 gtw01 dnsmasq-dhcp[13096]: DHCP, static leases only on 10.2.82.0, lease time 1h
Nov  3 05:51:39 gtw01 dnsmasq[13096]: read /var/lib/neutron/dhcp/e6145e51-f4eb-4f3d-83df-5dd685e97b3d/addn_hosts - 3 addresses
Nov  3 05:51:39 gtw01 dnsmasq-dhcp[13096]: read /var/lib/neutron/dhcp/e6145e51-f4eb-4f3d-83df-5dd685e97b3d/host
Nov  3 05:51:39 gtw01 dnsmasq-dhcp[13096]: read /var/lib/neutron/dhcp/e6145e51-f4eb-4f3d-83df-5dd685e97b3d/opts
Nov  3 05:51:40 gtw01 dnsmasq[12937]: read /var/lib/neutron/dhcp/dc9385e8-e0cd-4b0d-acdf-82c38c09d74b/addn_hosts - 4 addresses
Nov  3 05:51:40 gtw01 dnsmasq-dhcp[12937]: read /var/lib/neutron/dhcp/dc9385e8-e0cd-4b0d-acdf-82c38c09d74b/host
Nov  3 05:51:40 gtw01 dnsmasq-dhcp[12937]: read /var/lib/neutron/dhcp/dc9385e8-e0cd-4b0d-acdf-82c38c09d74b/opts
Nov  3 05:51:41 gtw01 dnsmasq[13071]: read /var/lib/neutron/dhcp/f8f6befd-89a5-48d4-8d94-d5a9a8c28040/addn_hosts - 4 addresses
Nov  3 05:51:41 gtw01 dnsmasq-dhcp[13071]: read /var/lib/neutron/dhcp/f8f6befd-89a5-48d4-8d94-d5a9a8c28040/host
Nov  3 05:51:41 gtw01 dnsmasq-dhcp[13071]: read /var/lib/neutron/dhcp/f8f6befd-89a5-48d4-8d94-d5a9a8c28040/opts
Nov  3 05:51:41 gtw01 dnsmasq[12805]: read /var/lib/neutron/dhcp/d7d77303-daef-4e3a-bcca-cdbaba1eb70e/addn_hosts - 4 addresses
Nov  3 05:51:41 gtw01 dnsmasq-dhcp[12805]: read /var/lib/neutron/dhcp/d7d77303-daef-4e3a-bcca-cdbaba1eb70e/host
Nov  3 05:51:41 gtw01 dnsmasq-dhcp[12805]: read /var/lib/neutron/dhcp/d7d77303-daef-4e3a-bcca-cdbaba1eb70e/opts
Nov  3 05:51:41 gtw01 dnsmasq[13096]: read /var/lib/neutron/dhcp/e6145e51-f4eb-4f3d-83df-5dd685e97b3d/addn_hosts - 4 addresses
Nov  3 05:51:41 gtw01 dnsmasq-dhcp[13096]: read /var/lib/neutron/dhcp/e6145e51-f4eb-4f3d-83df-5dd685e97b3d/host
Nov  3 05:51:41 gtw01 dnsmasq-dhcp[13096]: read /var/lib/neutron/dhcp/e6145e51-f4eb-4f3d-83df-5dd685e97b3d/opts
Nov  3 05:51:42 gtw01 dnsmasq[13210]: started, version 2.80 cachesize 150
Nov  3 05:51:42 gtw01 dnsmasq[13210]: DNS service limited to local subnets
Nov  3 05:51:42 gtw01 dnsmasq[13210]: compile time options: IPv6 GNU-getopt DBus i18n IDN DHCP DHCPv6 no-Lua TFTP conntrack ipset auth DNSSEC loop-detect inotify dumpfile
Nov  3 05:51:42 gtw01 dnsmasq[13210]: warning: no upstream servers configured
Nov  3 05:51:42 gtw01 dnsmasq-dhcp[13210]: DHCP, static leases only on 10.2.84.0, lease time 1h
Nov  3 05:51:42 gtw01 dnsmasq[13210]: read /var/lib/neutron/dhcp/5e80c3dc-2825-41e7-b921-8bd87db86f2c/addn_hosts - 1 addresses
Nov  3 05:51:42 gtw01 dnsmasq-dhcp[13210]: read /var/lib/neutron/dhcp/5e80c3dc-2825-41e7-b921-8bd87db86f2c/host
Nov  3 05:51:42 gtw01 dnsmasq-dhcp[13210]: read /var/lib/neutron/dhcp/5e80c3dc-2825-41e7-b921-8bd87db86f2c/opts
Nov  3 05:51:42 gtw01 kernel: [13208.057678] device tap0cf379bc-07 entered promiscuous mode
Nov  3 05:51:42 gtw01 systemd-udevd[13228]: Could not generate persistent MAC address for tap0cf379bc-07: No such file or directory
Nov  3 05:51:43 gtw01 haproxy-metadata-proxy-5e80c3dc-2825-41e7-b921-8bd87db86f2c[13282]: Proxy listener started.
Nov  3 05:51:43 gtw01 dnsmasq[12937]: read /var/lib/neutron/dhcp/dc9385e8-e0cd-4b0d-acdf-82c38c09d74b/addn_hosts - 4 addresses
Nov  3 05:51:43 gtw01 dnsmasq-dhcp[12937]: read /var/lib/neutron/dhcp/dc9385e8-e0cd-4b0d-acdf-82c38c09d74b/host
Nov  3 05:51:43 gtw01 dnsmasq-dhcp[12937]: read /var/lib/neutron/dhcp/dc9385e8-e0cd-4b0d-acdf-82c38c09d74b/opts
Nov  3 05:51:43 gtw01 kernel: [13208.593708] device tap91292a10-64 entered promiscuous mode
Nov  3 05:51:43 gtw01 systemd-udevd[13293]: Could not generate persistent MAC address for tap91292a10-64: No such file or directory
Nov  3 05:51:43 gtw01 systemd-udevd[13344]: Process '/sbin/ip link set tap0cf379bc-07 txqueuelen 10000' failed with exit code 1.
Nov  3 05:51:44 gtw01 dnsmasq[12805]: read /var/lib/neutron/dhcp/d7d77303-daef-4e3a-bcca-cdbaba1eb70e/addn_hosts - 4 addresses
Nov  3 05:51:44 gtw01 dnsmasq-dhcp[12805]: read /var/lib/neutron/dhcp/d7d77303-daef-4e3a-bcca-cdbaba1eb70e/host
Nov  3 05:51:44 gtw01 dnsmasq-dhcp[12805]: read /var/lib/neutron/dhcp/d7d77303-daef-4e3a-bcca-cdbaba1eb70e/opts
Nov  3 05:51:44 gtw01 systemd-udevd[13374]: Process '/sbin/ip link set tap91292a10-64 txqueuelen 10000' failed with exit code 1.
Nov  3 05:51:44 gtw01 dnsmasq[13071]: read /var/lib/neutron/dhcp/f8f6befd-89a5-48d4-8d94-d5a9a8c28040/addn_hosts - 4 addresses
Nov  3 05:51:44 gtw01 dnsmasq-dhcp[13071]: read /var/lib/neutron/dhcp/f8f6befd-89a5-48d4-8d94-d5a9a8c28040/host
Nov  3 05:51:44 gtw01 dnsmasq-dhcp[13071]: read /var/lib/neutron/dhcp/f8f6befd-89a5-48d4-8d94-d5a9a8c28040/opts
Nov  3 05:51:44 gtw01 dnsmasq[13096]: read /var/lib/neutron/dhcp/e6145e51-f4eb-4f3d-83df-5dd685e97b3d/addn_hosts - 4 addresses
Nov  3 05:51:44 gtw01 dnsmasq-dhcp[13096]: read /var/lib/neutron/dhcp/e6145e51-f4eb-4f3d-83df-5dd685e97b3d/host
Nov  3 05:51:44 gtw01 dnsmasq-dhcp[13096]: read /var/lib/neutron/dhcp/e6145e51-f4eb-4f3d-83df-5dd685e97b3d/opts
Nov  3 05:51:44 gtw01 dnsmasq[13391]: started, version 2.80 cachesize 150
Nov  3 05:51:44 gtw01 dnsmasq[13391]: DNS service limited to local subnets
Nov  3 05:51:44 gtw01 dnsmasq[13391]: compile time options: IPv6 GNU-getopt DBus i18n IDN DHCP DHCPv6 no-Lua TFTP conntrack ipset auth DNSSEC loop-detect inotify dumpfile
Nov  3 05:51:44 gtw01 dnsmasq[13391]: warning: no upstream servers configured
Nov  3 05:51:44 gtw01 dnsmasq-dhcp[13391]: DHCP, static leases only on 10.2.86.0, lease time 1h
Nov  3 05:51:44 gtw01 dnsmasq-dhcp[13391]: DHCP, static leases only on 10.2.83.0, lease time 1h
Nov  3 05:51:44 gtw01 dnsmasq[13391]: read /var/lib/neutron/dhcp/f731e832-5fcf-42c4-91ca-65510ab1d9c0/addn_hosts - 2 addresses
Nov  3 05:51:44 gtw01 dnsmasq-dhcp[13391]: read /var/lib/neutron/dhcp/f731e832-5fcf-42c4-91ca-65510ab1d9c0/host
Nov  3 05:51:44 gtw01 dnsmasq-dhcp[13391]: read /var/lib/neutron/dhcp/f731e832-5fcf-42c4-91ca-65510ab1d9c0/opts
Nov  3 05:51:45 gtw01 haproxy-metadata-proxy-f731e832-5fcf-42c4-91ca-65510ab1d9c0[13427]: Proxy listener started.
Nov  3 05:51:47 gtw01 dnsmasq[12937]: read /var/lib/neutron/dhcp/dc9385e8-e0cd-4b0d-acdf-82c38c09d74b/addn_hosts - 4 addresses
Nov  3 05:51:47 gtw01 dnsmasq-dhcp[12937]: read /var/lib/neutron/dhcp/dc9385e8-e0cd-4b0d-acdf-82c38c09d74b/host
Nov  3 05:51:47 gtw01 dnsmasq-dhcp[12937]: read /var/lib/neutron/dhcp/dc9385e8-e0cd-4b0d-acdf-82c38c09d74b/opts
Nov  3 05:51:47 gtw01 dnsmasq[12805]: read /var/lib/neutron/dhcp/d7d77303-daef-4e3a-bcca-cdbaba1eb70e/addn_hosts - 4 addresses
Nov  3 05:51:47 gtw01 dnsmasq-dhcp[12805]: read /var/lib/neutron/dhcp/d7d77303-daef-4e3a-bcca-cdbaba1eb70e/host
Nov  3 05:51:47 gtw01 dnsmasq-dhcp[12805]: read /var/lib/neutron/dhcp/d7d77303-daef-4e3a-bcca-cdbaba1eb70e/opts
Nov  3 05:51:47 gtw01 dnsmasq[13391]: read /var/lib/neutron/dhcp/f731e832-5fcf-42c4-91ca-65510ab1d9c0/addn_hosts - 4 addresses
Nov  3 05:51:47 gtw01 dnsmasq-dhcp[13391]: read /var/lib/neutron/dhcp/f731e832-5fcf-42c4-91ca-65510ab1d9c0/host
Nov  3 05:51:47 gtw01 dnsmasq-dhcp[13391]: read /var/lib/neutron/dhcp/f731e832-5fcf-42c4-91ca-65510ab1d9c0/opts
Nov  3 05:51:48 gtw01 dnsmasq[13096]: read /var/lib/neutron/dhcp/e6145e51-f4eb-4f3d-83df-5dd685e97b3d/addn_hosts - 4 addresses
Nov  3 05:51:48 gtw01 dnsmasq-dhcp[13096]: read /var/lib/neutron/dhcp/e6145e51-f4eb-4f3d-83df-5dd685e97b3d/host
Nov  3 05:51:48 gtw01 dnsmasq-dhcp[13096]: read /var/lib/neutron/dhcp/e6145e51-f4eb-4f3d-83df-5dd685e97b3d/opts
Nov  3 05:51:48 gtw01 dnsmasq[13071]: read /var/lib/neutron/dhcp/f8f6befd-89a5-48d4-8d94-d5a9a8c28040/addn_hosts - 4 addresses
Nov  3 05:51:48 gtw01 dnsmasq-dhcp[13071]: read /var/lib/neutron/dhcp/f8f6befd-89a5-48d4-8d94-d5a9a8c28040/host
Nov  3 05:51:48 gtw01 dnsmasq-dhcp[13071]: read /var/lib/neutron/dhcp/f8f6befd-89a5-48d4-8d94-d5a9a8c28040/opts
Nov  3 05:51:50 gtw01 dnsmasq[12805]: read /var/lib/neutron/dhcp/d7d77303-daef-4e3a-bcca-cdbaba1eb70e/addn_hosts - 4 addresses
Nov  3 05:51:50 gtw01 dnsmasq-dhcp[12805]: read /var/lib/neutron/dhcp/d7d77303-daef-4e3a-bcca-cdbaba1eb70e/host
Nov  3 05:51:50 gtw01 dnsmasq-dhcp[12805]: read /var/lib/neutron/dhcp/d7d77303-daef-4e3a-bcca-cdbaba1eb70e/opts
Nov  3 05:51:50 gtw01 dnsmasq[12937]: read /var/lib/neutron/dhcp/dc9385e8-e0cd-4b0d-acdf-82c38c09d74b/addn_hosts - 4 addresses
Nov  3 05:51:50 gtw01 dnsmasq-dhcp[12937]: read /var/lib/neutron/dhcp/dc9385e8-e0cd-4b0d-acdf-82c38c09d74b/host
Nov  3 05:51:50 gtw01 dnsmasq-dhcp[12937]: read /var/lib/neutron/dhcp/dc9385e8-e0cd-4b0d-acdf-82c38c09d74b/opts
Nov  3 05:51:50 gtw01 dnsmasq[13391]: read /var/lib/neutron/dhcp/f731e832-5fcf-42c4-91ca-65510ab1d9c0/addn_hosts - 4 addresses
Nov  3 05:51:51 gtw01 dnsmasq-dhcp[13391]: read /var/lib/neutron/dhcp/f731e832-5fcf-42c4-91ca-65510ab1d9c0/host
Nov  3 05:51:51 gtw01 dnsmasq-dhcp[13391]: read /var/lib/neutron/dhcp/f731e832-5fcf-42c4-91ca-65510ab1d9c0/opts
Nov  3 05:51:51 gtw01 dnsmasq[13096]: read /var/lib/neutron/dhcp/e6145e51-f4eb-4f3d-83df-5dd685e97b3d/addn_hosts - 4 addresses
Nov  3 05:51:51 gtw01 dnsmasq-dhcp[13096]: read /var/lib/neutron/dhcp/e6145e51-f4eb-4f3d-83df-5dd685e97b3d/host
Nov  3 05:51:51 gtw01 dnsmasq-dhcp[13096]: read /var/lib/neutron/dhcp/e6145e51-f4eb-4f3d-83df-5dd685e97b3d/opts
Nov  3 05:51:51 gtw01 dnsmasq[13071]: read /var/lib/neutron/dhcp/f8f6befd-89a5-48d4-8d94-d5a9a8c28040/addn_hosts - 4 addresses
Nov  3 05:51:51 gtw01 dnsmasq-dhcp[13071]: read /var/lib/neutron/dhcp/f8f6befd-89a5-48d4-8d94-d5a9a8c28040/host
Nov  3 05:51:51 gtw01 dnsmasq-dhcp[13071]: read /var/lib/neutron/dhcp/f8f6befd-89a5-48d4-8d94-d5a9a8c28040/opts
Nov  3 05:51:53 gtw01 dnsmasq[12937]: read /var/lib/neutron/dhcp/dc9385e8-e0cd-4b0d-acdf-82c38c09d74b/addn_hosts - 4 addresses
Nov  3 05:51:53 gtw01 dnsmasq-dhcp[12937]: read /var/lib/neutron/dhcp/dc9385e8-e0cd-4b0d-acdf-82c38c09d74b/host
Nov  3 05:51:53 gtw01 dnsmasq-dhcp[12937]: read /var/lib/neutron/dhcp/dc9385e8-e0cd-4b0d-acdf-82c38c09d74b/opts
Nov  3 05:51:53 gtw01 dnsmasq[13735]: started, version 2.80 cachesize 150
Nov  3 05:51:53 gtw01 dnsmasq[13735]: DNS service limited to local subnets
Nov  3 05:51:53 gtw01 dnsmasq[13735]: compile time options: IPv6 GNU-getopt DBus i18n IDN DHCP DHCPv6 no-Lua TFTP conntrack ipset auth DNSSEC loop-detect inotify dumpfile
Nov  3 05:51:53 gtw01 dnsmasq[13735]: warning: no upstream servers configured
Nov  3 05:51:53 gtw01 dnsmasq-dhcp[13735]: DHCP, static leases only on 10.2.87.0, lease time 1h
Nov  3 05:51:53 gtw01 dnsmasq-dhcp[13735]: DHCP, static leases only on 10.2.88.0, lease time 1h
Nov  3 05:51:53 gtw01 dnsmasq[13735]: read /var/lib/neutron/dhcp/bb81e98e-0344-4dce-933b-7e8088ab2323/addn_hosts - 2 addresses
Nov  3 05:51:53 gtw01 dnsmasq-dhcp[13735]: read /var/lib/neutron/dhcp/bb81e98e-0344-4dce-933b-7e8088ab2323/host
Nov  3 05:51:53 gtw01 dnsmasq-dhcp[13735]: read /var/lib/neutron/dhcp/bb81e98e-0344-4dce-933b-7e8088ab2323/opts
Nov  3 05:51:54 gtw01 haproxy-metadata-proxy-bb81e98e-0344-4dce-933b-7e8088ab2323[13755]: Proxy listener started.
Nov  3 05:51:54 gtw01 dnsmasq[13096]: read /var/lib/neutron/dhcp/e6145e51-f4eb-4f3d-83df-5dd685e97b3d/addn_hosts - 4 addresses
Nov  3 05:51:54 gtw01 dnsmasq-dhcp[13096]: read /var/lib/neutron/dhcp/e6145e51-f4eb-4f3d-83df-5dd685e97b3d/host
Nov  3 05:51:54 gtw01 dnsmasq-dhcp[13096]: read /var/lib/neutron/dhcp/e6145e51-f4eb-4f3d-83df-5dd685e97b3d/opts
Nov  3 05:51:54 gtw01 dnsmasq[13391]: read /var/lib/neutron/dhcp/f731e832-5fcf-42c4-91ca-65510ab1d9c0/addn_hosts - 4 addresses
Nov  3 05:51:54 gtw01 dnsmasq-dhcp[13391]: read /var/lib/neutron/dhcp/f731e832-5fcf-42c4-91ca-65510ab1d9c0/host
Nov  3 05:51:54 gtw01 dnsmasq-dhcp[13391]: read /var/lib/neutron/dhcp/f731e832-5fcf-42c4-91ca-65510ab1d9c0/opts
Nov  3 05:51:55 gtw01 dnsmasq[13071]: read /var/lib/neutron/dhcp/f8f6befd-89a5-48d4-8d94-d5a9a8c28040/addn_hosts - 4 addresses
Nov  3 05:51:55 gtw01 dnsmasq-dhcp[13071]: read /var/lib/neutron/dhcp/f8f6befd-89a5-48d4-8d94-d5a9a8c28040/host
Nov  3 05:51:55 gtw01 dnsmasq-dhcp[13071]: read /var/lib/neutron/dhcp/f8f6befd-89a5-48d4-8d94-d5a9a8c28040/opts
Nov  3 05:51:55 gtw01 dnsmasq[13815]: started, version 2.80 cachesize 150
Nov  3 05:51:55 gtw01 dnsmasq[13815]: DNS service limited to local subnets
Nov  3 05:51:55 gtw01 dnsmasq[13815]: compile time options: IPv6 GNU-getopt DBus i18n IDN DHCP DHCPv6 no-Lua TFTP conntrack ipset auth DNSSEC loop-detect inotify dumpfile
Nov  3 05:51:55 gtw01 dnsmasq[13815]: warning: no upstream servers configured
Nov  3 05:51:55 gtw01 dnsmasq-dhcp[13815]: DHCP, static leases only on 10.2.89.0, lease time 1h
Nov  3 05:51:55 gtw01 dnsmasq[13815]: read /var/lib/neutron/dhcp/26e75567-241d-47aa-a973-c06bfe34724b/addn_hosts - 1 addresses
Nov  3 05:51:55 gtw01 dnsmasq-dhcp[13815]: read /var/lib/neutron/dhcp/26e75567-241d-47aa-a973-c06bfe34724b/host
Nov  3 05:51:55 gtw01 dnsmasq-dhcp[13815]: read /var/lib/neutron/dhcp/26e75567-241d-47aa-a973-c06bfe34724b/opts
Nov  3 05:51:55 gtw01 dnsmasq[13821]: started, version 2.80 cachesize 150
Nov  3 05:51:55 gtw01 dnsmasq[13821]: DNS service limited to local subnets
Nov  3 05:51:55 gtw01 dnsmasq[13821]: compile time options: IPv6 GNU-getopt DBus i18n IDN DHCP DHCPv6 no-Lua TFTP conntrack ipset auth DNSSEC loop-detect inotify dumpfile
Nov  3 05:51:55 gtw01 dnsmasq[13821]: warning: no upstream servers configured
Nov  3 05:51:55 gtw01 dnsmasq-dhcp[13821]: DHCP, static leases only on 10.2.84.0, lease time 1h
Nov  3 05:51:55 gtw01 dnsmasq-dhcp[13821]: DHCP, static leases only on 10.2.85.0, lease time 1h
Nov  3 05:51:55 gtw01 dnsmasq[13821]: read /var/lib/neutron/dhcp/5e80c3dc-2825-41e7-b921-8bd87db86f2c/addn_hosts - 4 addresses
Nov  3 05:51:55 gtw01 dnsmasq-dhcp[13821]: read /var/lib/neutron/dhcp/5e80c3dc-2825-41e7-b921-8bd87db86f2c/host
Nov  3 05:51:55 gtw01 dnsmasq-dhcp[13821]: read /var/lib/neutron/dhcp/5e80c3dc-2825-41e7-b921-8bd87db86f2c/opts
Nov  3 05:51:56 gtw01 dnsmasq[13735]: read /var/lib/neutron/dhcp/bb81e98e-0344-4dce-933b-7e8088ab2323/addn_hosts - 4 addresses
Nov  3 05:51:56 gtw01 dnsmasq-dhcp[13735]: read /var/lib/neutron/dhcp/bb81e98e-0344-4dce-933b-7e8088ab2323/host
Nov  3 05:51:56 gtw01 dnsmasq-dhcp[13735]: read /var/lib/neutron/dhcp/bb81e98e-0344-4dce-933b-7e8088ab2323/opts
Nov  3 05:51:56 gtw01 haproxy-metadata-proxy-26e75567-241d-47aa-a973-c06bfe34724b[13839]: Proxy listener started.
Nov  3 05:51:57 gtw01 dnsmasq[13391]: read /var/lib/neutron/dhcp/f731e832-5fcf-42c4-91ca-65510ab1d9c0/addn_hosts - 4 addresses
Nov  3 05:51:57 gtw01 dnsmasq-dhcp[13391]: read /var/lib/neutron/dhcp/f731e832-5fcf-42c4-91ca-65510ab1d9c0/host
Nov  3 05:51:57 gtw01 dnsmasq-dhcp[13391]: read /var/lib/neutron/dhcp/f731e832-5fcf-42c4-91ca-65510ab1d9c0/opts
Nov  3 05:51:57 gtw01 dnsmasq[13096]: read /var/lib/neutron/dhcp/e6145e51-f4eb-4f3d-83df-5dd685e97b3d/addn_hosts - 4 addresses
Nov  3 05:51:57 gtw01 dnsmasq-dhcp[13096]: read /var/lib/neutron/dhcp/e6145e51-f4eb-4f3d-83df-5dd685e97b3d/host
Nov  3 05:51:57 gtw01 dnsmasq-dhcp[13096]: read /var/lib/neutron/dhcp/e6145e51-f4eb-4f3d-83df-5dd685e97b3d/opts
Nov  3 05:51:57 gtw01 dnsmasq[13821]: read /var/lib/neutron/dhcp/5e80c3dc-2825-41e7-b921-8bd87db86f2c/addn_hosts - 4 addresses
Nov  3 05:51:57 gtw01 dnsmasq-dhcp[13821]: read /var/lib/neutron/dhcp/5e80c3dc-2825-41e7-b921-8bd87db86f2c/host
Nov  3 05:51:57 gtw01 dnsmasq-dhcp[13821]: read /var/lib/neutron/dhcp/5e80c3dc-2825-41e7-b921-8bd87db86f2c/opts
Nov  3 05:51:57 gtw01 kernel: [13223.173550] device tap10c36313-ff entered promiscuous mode
Nov  3 05:51:57 gtw01 systemd-udevd[13901]: Could not generate persistent MAC address for tap10c36313-ff: No such file or directory
Nov  3 05:51:58 gtw01 dnsmasq[13071]: read /var/lib/neutron/dhcp/f8f6befd-89a5-48d4-8d94-d5a9a8c28040/addn_hosts - 4 addresses
Nov  3 05:51:58 gtw01 dnsmasq-dhcp[13071]: read /var/lib/neutron/dhcp/f8f6befd-89a5-48d4-8d94-d5a9a8c28040/host
Nov  3 05:51:58 gtw01 dnsmasq-dhcp[13071]: read /var/lib/neutron/dhcp/f8f6befd-89a5-48d4-8d94-d5a9a8c28040/opts
Nov  3 05:51:58 gtw01 systemd-udevd[13950]: Process '/sbin/ip link set tap10c36313-ff txqueuelen 10000' failed with exit code 1.
Nov  3 05:51:59 gtw01 dnsmasq[13735]: read /var/lib/neutron/dhcp/bb81e98e-0344-4dce-933b-7e8088ab2323/addn_hosts - 4 addresses
Nov  3 05:51:59 gtw01 dnsmasq-dhcp[13735]: read /var/lib/neutron/dhcp/bb81e98e-0344-4dce-933b-7e8088ab2323/host
Nov  3 05:51:59 gtw01 dnsmasq-dhcp[13735]: read /var/lib/neutron/dhcp/bb81e98e-0344-4dce-933b-7e8088ab2323/opts
Nov  3 05:52:00 gtw01 kernel: [13225.869708] device tap3d8a67de-2e entered promiscuous mode
Nov  3 05:52:00 gtw01 systemd-udevd[14065]: Could not generate persistent MAC address for tap3d8a67de-2e: No such file or directory
Nov  3 05:52:00 gtw01 systemd-udevd[14112]: Process '/sbin/ip link set tap3d8a67de-2e txqueuelen 10000' failed with exit code 1.
Nov  3 05:52:00 gtw01 dnsmasq[13391]: read /var/lib/neutron/dhcp/f731e832-5fcf-42c4-91ca-65510ab1d9c0/addn_hosts - 4 addresses
Nov  3 05:52:00 gtw01 dnsmasq-dhcp[13391]: read /var/lib/neutron/dhcp/f731e832-5fcf-42c4-91ca-65510ab1d9c0/host
Nov  3 05:52:00 gtw01 dnsmasq-dhcp[13391]: read /var/lib/neutron/dhcp/f731e832-5fcf-42c4-91ca-65510ab1d9c0/opts
Nov  3 05:52:01 gtw01 dnsmasq[13821]: read /var/lib/neutron/dhcp/5e80c3dc-2825-41e7-b921-8bd87db86f2c/addn_hosts - 4 addresses
Nov  3 05:52:01 gtw01 dnsmasq-dhcp[13821]: read /var/lib/neutron/dhcp/5e80c3dc-2825-41e7-b921-8bd87db86f2c/host
Nov  3 05:52:01 gtw01 dnsmasq-dhcp[13821]: read /var/lib/neutron/dhcp/5e80c3dc-2825-41e7-b921-8bd87db86f2c/opts
Nov  3 05:52:02 gtw01 dnsmasq[13735]: read /var/lib/neutron/dhcp/bb81e98e-0344-4dce-933b-7e8088ab2323/addn_hosts - 4 addresses
Nov  3 05:52:02 gtw01 dnsmasq-dhcp[13735]: read /var/lib/neutron/dhcp/bb81e98e-0344-4dce-933b-7e8088ab2323/host
Nov  3 05:52:02 gtw01 dnsmasq-dhcp[13735]: read /var/lib/neutron/dhcp/bb81e98e-0344-4dce-933b-7e8088ab2323/opts
Nov  3 05:52:03 gtw01 dnsmasq[13391]: read /var/lib/neutron/dhcp/f731e832-5fcf-42c4-91ca-65510ab1d9c0/addn_hosts - 4 addresses
Nov  3 05:52:03 gtw01 dnsmasq-dhcp[13391]: read /var/lib/neutron/dhcp/f731e832-5fcf-42c4-91ca-65510ab1d9c0/host
Nov  3 05:52:03 gtw01 dnsmasq-dhcp[13391]: read /var/lib/neutron/dhcp/f731e832-5fcf-42c4-91ca-65510ab1d9c0/opts
Nov  3 05:52:03 gtw01 dnsmasq[13821]: read /var/lib/neutron/dhcp/5e80c3dc-2825-41e7-b921-8bd87db86f2c/addn_hosts - 4 addresses
Nov  3 05:52:03 gtw01 dnsmasq-dhcp[13821]: read /var/lib/neutron/dhcp/5e80c3dc-2825-41e7-b921-8bd87db86f2c/host
Nov  3 05:52:03 gtw01 dnsmasq-dhcp[13821]: read /var/lib/neutron/dhcp/5e80c3dc-2825-41e7-b921-8bd87db86f2c/opts
Nov  3 05:52:04 gtw01 dnsmasq[14256]: started, version 2.80 cachesize 150
Nov  3 05:52:04 gtw01 dnsmasq[14256]: DNS service limited to local subnets
Nov  3 05:52:04 gtw01 dnsmasq[14256]: compile time options: IPv6 GNU-getopt DBus i18n IDN DHCP DHCPv6 no-Lua TFTP conntrack ipset auth DNSSEC loop-detect inotify dumpfile
Nov  3 05:52:04 gtw01 dnsmasq[14256]: warning: no upstream servers configured
Nov  3 05:52:04 gtw01 dnsmasq-dhcp[14256]: DHCP, static leases only on 10.2.90.0, lease time 1h
Nov  3 05:52:04 gtw01 dnsmasq-dhcp[14256]: DHCP, static leases only on 10.2.89.0, lease time 1h
Nov  3 05:52:04 gtw01 dnsmasq[14256]: read /var/lib/neutron/dhcp/26e75567-241d-47aa-a973-c06bfe34724b/addn_hosts - 4 addresses
Nov  3 05:52:04 gtw01 dnsmasq-dhcp[14256]: read /var/lib/neutron/dhcp/26e75567-241d-47aa-a973-c06bfe34724b/host
Nov  3 05:52:04 gtw01 dnsmasq-dhcp[14256]: read /var/lib/neutron/dhcp/26e75567-241d-47aa-a973-c06bfe34724b/opts
Nov  3 05:52:05 gtw01 dnsmasq[13735]: read /var/lib/neutron/dhcp/bb81e98e-0344-4dce-933b-7e8088ab2323/addn_hosts - 4 addresses
Nov  3 05:52:05 gtw01 dnsmasq-dhcp[13735]: read /var/lib/neutron/dhcp/bb81e98e-0344-4dce-933b-7e8088ab2323/host
Nov  3 05:52:05 gtw01 dnsmasq-dhcp[13735]: read /var/lib/neutron/dhcp/bb81e98e-0344-4dce-933b-7e8088ab2323/opts
Nov  3 05:52:05 gtw01 dnsmasq[14256]: read /var/lib/neutron/dhcp/26e75567-241d-47aa-a973-c06bfe34724b/addn_hosts - 4 addresses
Nov  3 05:52:05 gtw01 dnsmasq-dhcp[14256]: read /var/lib/neutron/dhcp/26e75567-241d-47aa-a973-c06bfe34724b/host
Nov  3 05:52:05 gtw01 dnsmasq-dhcp[14256]: read /var/lib/neutron/dhcp/26e75567-241d-47aa-a973-c06bfe34724b/opts
Nov  3 05:52:05 gtw01 dnsmasq[13391]: read /var/lib/neutron/dhcp/f731e832-5fcf-42c4-91ca-65510ab1d9c0/addn_hosts - 4 addresses
Nov  3 05:52:05 gtw01 dnsmasq-dhcp[13391]: read /var/lib/neutron/dhcp/f731e832-5fcf-42c4-91ca-65510ab1d9c0/host
Nov  3 05:52:05 gtw01 dnsmasq-dhcp[13391]: read /var/lib/neutron/dhcp/f731e832-5fcf-42c4-91ca-65510ab1d9c0/opts
Nov  3 05:52:06 gtw01 dnsmasq[13821]: read /var/lib/neutron/dhcp/5e80c3dc-2825-41e7-b921-8bd87db86f2c/addn_hosts - 4 addresses
Nov  3 05:52:06 gtw01 dnsmasq-dhcp[13821]: read /var/lib/neutron/dhcp/5e80c3dc-2825-41e7-b921-8bd87db86f2c/host
Nov  3 05:52:06 gtw01 dnsmasq-dhcp[13821]: read /var/lib/neutron/dhcp/5e80c3dc-2825-41e7-b921-8bd87db86f2c/opts
Nov  3 05:52:06 gtw01 dnsmasq[14343]: started, version 2.80 cachesize 150
Nov  3 05:52:06 gtw01 dnsmasq[14343]: DNS service limited to local subnets
Nov  3 05:52:06 gtw01 dnsmasq[14343]: compile time options: IPv6 GNU-getopt DBus i18n IDN DHCP DHCPv6 no-Lua TFTP conntrack ipset auth DNSSEC loop-detect inotify dumpfile
Nov  3 05:52:06 gtw01 dnsmasq[14343]: warning: no upstream servers configured
Nov  3 05:52:06 gtw01 dnsmasq-dhcp[14343]: DHCP, static leases only on 10.2.91.0, lease time 1h
Nov  3 05:52:06 gtw01 dnsmasq-dhcp[14343]: DHCP, static leases only on 10.2.92.0, lease time 1h
Nov  3 05:52:06 gtw01 dnsmasq[14343]: read /var/lib/neutron/dhcp/421bc12c-f5f6-45bf-9e1a-54cc0765006d/addn_hosts - 4 addresses
Nov  3 05:52:06 gtw01 dnsmasq-dhcp[14343]: read /var/lib/neutron/dhcp/421bc12c-f5f6-45bf-9e1a-54cc0765006d/host
Nov  3 05:52:06 gtw01 dnsmasq-dhcp[14343]: read /var/lib/neutron/dhcp/421bc12c-f5f6-45bf-9e1a-54cc0765006d/opts
Nov  3 05:52:06 gtw01 haproxy-metadata-proxy-421bc12c-f5f6-45bf-9e1a-54cc0765006d[14368]: Proxy listener started.
Nov  3 05:52:07 gtw01 dnsmasq[13735]: read /var/lib/neutron/dhcp/bb81e98e-0344-4dce-933b-7e8088ab2323/addn_hosts - 4 addresses
Nov  3 05:52:07 gtw01 dnsmasq-dhcp[13735]: read /var/lib/neutron/dhcp/bb81e98e-0344-4dce-933b-7e8088ab2323/host
Nov  3 05:52:07 gtw01 dnsmasq-dhcp[13735]: read /var/lib/neutron/dhcp/bb81e98e-0344-4dce-933b-7e8088ab2323/opts
Nov  3 05:52:08 gtw01 dnsmasq[14256]: read /var/lib/neutron/dhcp/26e75567-241d-47aa-a973-c06bfe34724b/addn_hosts - 4 addresses
Nov  3 05:52:08 gtw01 dnsmasq-dhcp[14256]: read /var/lib/neutron/dhcp/26e75567-241d-47aa-a973-c06bfe34724b/host
Nov  3 05:52:08 gtw01 dnsmasq-dhcp[14256]: read /var/lib/neutron/dhcp/26e75567-241d-47aa-a973-c06bfe34724b/opts
Nov  3 05:52:08 gtw01 dnsmasq[13391]: read /var/lib/neutron/dhcp/f731e832-5fcf-42c4-91ca-65510ab1d9c0/addn_hosts - 4 addresses
Nov  3 05:52:08 gtw01 dnsmasq-dhcp[13391]: read /var/lib/neutron/dhcp/f731e832-5fcf-42c4-91ca-65510ab1d9c0/host
Nov  3 05:52:08 gtw01 dnsmasq-dhcp[13391]: read /var/lib/neutron/dhcp/f731e832-5fcf-42c4-91ca-65510ab1d9c0/opts
Nov  3 05:52:08 gtw01 dnsmasq[13821]: read /var/lib/neutron/dhcp/5e80c3dc-2825-41e7-b921-8bd87db86f2c/addn_hosts - 4 addresses
Nov  3 05:52:08 gtw01 dnsmasq-dhcp[13821]: read /var/lib/neutron/dhcp/5e80c3dc-2825-41e7-b921-8bd87db86f2c/host
Nov  3 05:52:08 gtw01 dnsmasq-dhcp[13821]: read /var/lib/neutron/dhcp/5e80c3dc-2825-41e7-b921-8bd87db86f2c/opts
Nov  3 05:52:08 gtw01 dnsmasq[14343]: read /var/lib/neutron/dhcp/421bc12c-f5f6-45bf-9e1a-54cc0765006d/addn_hosts - 4 addresses
Nov  3 05:52:08 gtw01 dnsmasq-dhcp[14343]: read /var/lib/neutron/dhcp/421bc12c-f5f6-45bf-9e1a-54cc0765006d/host
Nov  3 05:52:08 gtw01 dnsmasq-dhcp[14343]: read /var/lib/neutron/dhcp/421bc12c-f5f6-45bf-9e1a-54cc0765006d/opts
Nov  3 05:52:08 gtw01 dnsmasq[14443]: started, version 2.80 cachesize 150
Nov  3 05:52:08 gtw01 dnsmasq[14443]: DNS service limited to local subnets
Nov  3 05:52:08 gtw01 dnsmasq[14443]: compile time options: IPv6 GNU-getopt DBus i18n IDN DHCP DHCPv6 no-Lua TFTP conntrack ipset auth DNSSEC loop-detect inotify dumpfile
Nov  3 05:52:08 gtw01 dnsmasq[14443]: warning: no upstream servers configured
Nov  3 05:52:08 gtw01 dnsmasq-dhcp[14443]: DHCP, static leases only on 10.2.93.0, lease time 1h
Nov  3 05:52:08 gtw01 dnsmasq-dhcp[14443]: DHCP, static leases only on 10.2.94.0, lease time 1h
Nov  3 05:52:08 gtw01 dnsmasq[14443]: read /var/lib/neutron/dhcp/533b7615-33d3-4fde-9f77-ddbd28ca7892/addn_hosts - 4 addresses
Nov  3 05:52:08 gtw01 dnsmasq-dhcp[14443]: read /var/lib/neutron/dhcp/533b7615-33d3-4fde-9f77-ddbd28ca7892/host
Nov  3 05:52:08 gtw01 dnsmasq-dhcp[14443]: read /var/lib/neutron/dhcp/533b7615-33d3-4fde-9f77-ddbd28ca7892/opts
Nov  3 05:52:09 gtw01 haproxy-metadata-proxy-533b7615-33d3-4fde-9f77-ddbd28ca7892[14469]: Proxy listener started.
Nov  3 05:52:09 gtw01 dnsmasq-dhcp[13071]: DHCPRELEASE(tapf542ff04-55) 10.2.81.1 fa:16:3e:78:8f:fc
Nov  3 05:52:10 gtw01 dnsmasq[13735]: read /var/lib/neutron/dhcp/bb81e98e-0344-4dce-933b-7e8088ab2323/addn_hosts - 4 addresses
Nov  3 05:52:10 gtw01 dnsmasq-dhcp[13735]: read /var/lib/neutron/dhcp/bb81e98e-0344-4dce-933b-7e8088ab2323/host
Nov  3 05:52:10 gtw01 dnsmasq-dhcp[13735]: read /var/lib/neutron/dhcp/bb81e98e-0344-4dce-933b-7e8088ab2323/opts
Nov  3 05:52:10 gtw01 dnsmasq[14256]: read /var/lib/neutron/dhcp/26e75567-241d-47aa-a973-c06bfe34724b/addn_hosts - 4 addresses
Nov  3 05:52:10 gtw01 dnsmasq-dhcp[14256]: read /var/lib/neutron/dhcp/26e75567-241d-47aa-a973-c06bfe34724b/host
Nov  3 05:52:10 gtw01 dnsmasq-dhcp[14256]: read /var/lib/neutron/dhcp/26e75567-241d-47aa-a973-c06bfe34724b/opts
