Nov  3 03:02:36 gtw01 dnsmasq[27154]: warning: no upstream servers configured
Nov  3 03:02:36 gtw01 dnsmasq-dhcp[27154]: DHCP, static leases only on 192.168.120.16, lease time 1h
Nov  3 03:02:36 gtw01 dnsmasq[27154]: read /var/lib/neutron/dhcp/16a00546-398e-4373-b7e6-4f102f78cd0b/addn_hosts - 1 addresses
Nov  3 03:02:36 gtw01 dnsmasq-dhcp[27154]: read /var/lib/neutron/dhcp/16a00546-398e-4373-b7e6-4f102f78cd0b/host
Nov  3 03:02:36 gtw01 dnsmasq-dhcp[27154]: read /var/lib/neutron/dhcp/16a00546-398e-4373-b7e6-4f102f78cd0b/opts
Nov  3 03:02:36 gtw01 systemd-udevd[27160]: Could not generate persistent MAC address for tape66b6f86-b1: No such file or directory
Nov  3 03:02:36 gtw01 kernel: [ 3061.364709] device tape66b6f86-b1 entered promiscuous mode
Nov  3 03:02:36 gtw01 systemd-udevd[27207]: Process '/sbin/ip link set tape66b6f86-b1 txqueuelen 10000' failed with exit code 1.
Nov  3 03:02:36 gtw01 haproxy-metadata-proxy-16a00546-398e-4373-b7e6-4f102f78cd0b[27228]: Proxy listener started.
Nov  3 03:02:37 gtw01 dnsmasq[27004]: read /var/lib/neutron/dhcp/530aa3e4-fc1a-4a6a-b47e-7fc1b9816c7d/addn_hosts - 1 addresses
Nov  3 03:02:37 gtw01 dnsmasq-dhcp[27004]: read /var/lib/neutron/dhcp/530aa3e4-fc1a-4a6a-b47e-7fc1b9816c7d/host
Nov  3 03:02:37 gtw01 dnsmasq-dhcp[27004]: read /var/lib/neutron/dhcp/530aa3e4-fc1a-4a6a-b47e-7fc1b9816c7d/opts
Nov  3 03:02:37 gtw01 dnsmasq[27154]: read /var/lib/neutron/dhcp/16a00546-398e-4373-b7e6-4f102f78cd0b/addn_hosts - 1 addresses
Nov  3 03:02:37 gtw01 dnsmasq-dhcp[27154]: read /var/lib/neutron/dhcp/16a00546-398e-4373-b7e6-4f102f78cd0b/host
Nov  3 03:02:37 gtw01 dnsmasq-dhcp[27154]: read /var/lib/neutron/dhcp/16a00546-398e-4373-b7e6-4f102f78cd0b/opts
Nov  3 03:02:38 gtw01 kernel: [ 3063.716615] device tap2da330d8-c3 entered promiscuous mode
Nov  3 03:02:38 gtw01 systemd-udevd[27310]: Could not generate persistent MAC address for tap2da330d8-c3: No such file or directory
Nov  3 03:02:38 gtw01 systemd-udevd[27310]: Process '/sbin/ip link set tap2da330d8-c3 txqueuelen 10000' failed with exit code 1.
Nov  3 03:02:38 gtw01 systemd-udevd[27367]: Process '/sbin/ip link set tap2da330d8-c3 txqueuelen 10000' failed with exit code 1.
Nov  3 03:02:39 gtw01 dnsmasq[27004]: read /var/lib/neutron/dhcp/530aa3e4-fc1a-4a6a-b47e-7fc1b9816c7d/addn_hosts - 1 addresses
Nov  3 03:02:39 gtw01 dnsmasq-dhcp[27004]: read /var/lib/neutron/dhcp/530aa3e4-fc1a-4a6a-b47e-7fc1b9816c7d/host
Nov  3 03:02:39 gtw01 dnsmasq-dhcp[27004]: read /var/lib/neutron/dhcp/530aa3e4-fc1a-4a6a-b47e-7fc1b9816c7d/opts
Nov  3 03:02:39 gtw01 dnsmasq[27415]: started, version 2.80 cachesize 150
Nov  3 03:02:39 gtw01 dnsmasq[27415]: DNS service limited to local subnets
Nov  3 03:02:39 gtw01 dnsmasq[27415]: compile time options: IPv6 GNU-getopt DBus i18n IDN DHCP DHCPv6 no-Lua TFTP conntrack ipset auth DNSSEC loop-detect inotify dumpfile
Nov  3 03:02:39 gtw01 dnsmasq[27415]: warning: no upstream servers configured
Nov  3 03:02:39 gtw01 dnsmasq-dhcp[27415]: DHCP, static leases only on 192.168.120.32, lease time 1h
Nov  3 03:02:39 gtw01 dnsmasq[27415]: read /var/lib/neutron/dhcp/50770dd4-77b4-45d5-b5f3-f936d16eeaab/addn_hosts - 1 addresses
Nov  3 03:02:39 gtw01 dnsmasq-dhcp[27415]: read /var/lib/neutron/dhcp/50770dd4-77b4-45d5-b5f3-f936d16eeaab/host
Nov  3 03:02:39 gtw01 dnsmasq-dhcp[27415]: read /var/lib/neutron/dhcp/50770dd4-77b4-45d5-b5f3-f936d16eeaab/opts
Nov  3 03:02:40 gtw01 haproxy-metadata-proxy-50770dd4-77b4-45d5-b5f3-f936d16eeaab[27434]: Proxy listener started.
Nov  3 03:02:40 gtw01 dnsmasq[27154]: read /var/lib/neutron/dhcp/16a00546-398e-4373-b7e6-4f102f78cd0b/addn_hosts - 1 addresses
Nov  3 03:02:40 gtw01 dnsmasq-dhcp[27154]: read /var/lib/neutron/dhcp/16a00546-398e-4373-b7e6-4f102f78cd0b/host
Nov  3 03:02:40 gtw01 dnsmasq-dhcp[27154]: read /var/lib/neutron/dhcp/16a00546-398e-4373-b7e6-4f102f78cd0b/opts
Nov  3 03:02:41 gtw01 dnsmasq[27415]: read /var/lib/neutron/dhcp/50770dd4-77b4-45d5-b5f3-f936d16eeaab/addn_hosts - 1 addresses
Nov  3 03:02:41 gtw01 dnsmasq-dhcp[27415]: read /var/lib/neutron/dhcp/50770dd4-77b4-45d5-b5f3-f936d16eeaab/host
Nov  3 03:02:41 gtw01 dnsmasq-dhcp[27415]: read /var/lib/neutron/dhcp/50770dd4-77b4-45d5-b5f3-f936d16eeaab/opts
Nov  3 03:02:41 gtw01 kernel: [ 3066.934518] device tapf1a36ef0-74 left promiscuous mode
Nov  3 03:02:42 gtw01 dnsmasq[27527]: started, version 2.80 cachesize 150
Nov  3 03:02:42 gtw01 dnsmasq[27527]: DNS service limited to local subnets
Nov  3 03:02:42 gtw01 dnsmasq[27527]: compile time options: IPv6 GNU-getopt DBus i18n IDN DHCP DHCPv6 no-Lua TFTP conntrack ipset auth DNSSEC loop-detect inotify dumpfile
Nov  3 03:02:42 gtw01 dnsmasq[27527]: warning: no upstream servers configured
Nov  3 03:02:42 gtw01 dnsmasq-dhcp[27527]: DHCP, static leases only on 192.168.120.48, lease time 1h
Nov  3 03:02:42 gtw01 dnsmasq[27527]: read /var/lib/neutron/dhcp/0594f090-bbc7-4351-85a0-6c2240acf6ea/addn_hosts - 1 addresses
Nov  3 03:02:42 gtw01 dnsmasq-dhcp[27527]: read /var/lib/neutron/dhcp/0594f090-bbc7-4351-85a0-6c2240acf6ea/host
Nov  3 03:02:42 gtw01 dnsmasq-dhcp[27527]: read /var/lib/neutron/dhcp/0594f090-bbc7-4351-85a0-6c2240acf6ea/opts
Nov  3 03:02:42 gtw01 kernel: [ 3067.920157] device tap3cc7d750-59 left promiscuous mode
Nov  3 03:02:42 gtw01 haproxy-metadata-proxy-0594f090-bbc7-4351-85a0-6c2240acf6ea[27539]: Proxy listener started.
Nov  3 03:02:42 gtw01 dnsmasq[27415]: read /var/lib/neutron/dhcp/50770dd4-77b4-45d5-b5f3-f936d16eeaab/addn_hosts - 1 addresses
Nov  3 03:02:42 gtw01 dnsmasq-dhcp[27415]: read /var/lib/neutron/dhcp/50770dd4-77b4-45d5-b5f3-f936d16eeaab/host
Nov  3 03:02:42 gtw01 dnsmasq-dhcp[27415]: read /var/lib/neutron/dhcp/50770dd4-77b4-45d5-b5f3-f936d16eeaab/opts
Nov  3 03:02:43 gtw01 dnsmasq[27527]: read /var/lib/neutron/dhcp/0594f090-bbc7-4351-85a0-6c2240acf6ea/addn_hosts - 1 addresses
Nov  3 03:02:43 gtw01 dnsmasq-dhcp[27527]: read /var/lib/neutron/dhcp/0594f090-bbc7-4351-85a0-6c2240acf6ea/host
Nov  3 03:02:43 gtw01 dnsmasq-dhcp[27527]: read /var/lib/neutron/dhcp/0594f090-bbc7-4351-85a0-6c2240acf6ea/opts
Nov  3 03:02:44 gtw01 dnsmasq[27583]: started, version 2.80 cachesize 150
Nov  3 03:02:44 gtw01 dnsmasq[27583]: DNS service limited to local subnets
Nov  3 03:02:44 gtw01 dnsmasq[27583]: compile time options: IPv6 GNU-getopt DBus i18n IDN DHCP DHCPv6 no-Lua TFTP conntrack ipset auth DNSSEC loop-detect inotify dumpfile
Nov  3 03:02:44 gtw01 dnsmasq[27583]: warning: no upstream servers configured
Nov  3 03:02:44 gtw01 dnsmasq-dhcp[27583]: DHCP, static leases only on 192.168.120.64, lease time 1h
Nov  3 03:02:44 gtw01 dnsmasq[27583]: read /var/lib/neutron/dhcp/2b6f71b0-19f4-437b-b0d0-101e5fc772de/addn_hosts - 1 addresses
Nov  3 03:02:44 gtw01 dnsmasq-dhcp[27583]: read /var/lib/neutron/dhcp/2b6f71b0-19f4-437b-b0d0-101e5fc772de/host
Nov  3 03:02:44 gtw01 dnsmasq-dhcp[27583]: read /var/lib/neutron/dhcp/2b6f71b0-19f4-437b-b0d0-101e5fc772de/opts
Nov  3 03:02:44 gtw01 haproxy-metadata-proxy-2b6f71b0-19f4-437b-b0d0-101e5fc772de[27595]: Proxy listener started.
Nov  3 03:02:44 gtw01 dnsmasq[27527]: read /var/lib/neutron/dhcp/0594f090-bbc7-4351-85a0-6c2240acf6ea/addn_hosts - 1 addresses
Nov  3 03:02:44 gtw01 dnsmasq-dhcp[27527]: read /var/lib/neutron/dhcp/0594f090-bbc7-4351-85a0-6c2240acf6ea/host
Nov  3 03:02:44 gtw01 dnsmasq-dhcp[27527]: read /var/lib/neutron/dhcp/0594f090-bbc7-4351-85a0-6c2240acf6ea/opts
Nov  3 03:02:45 gtw01 kernel: [ 3070.303728] device tap98c7633a-52 left promiscuous mode
Nov  3 03:02:45 gtw01 dnsmasq[27583]: read /var/lib/neutron/dhcp/2b6f71b0-19f4-437b-b0d0-101e5fc772de/addn_hosts - 1 addresses
Nov  3 03:02:45 gtw01 dnsmasq-dhcp[27583]: read /var/lib/neutron/dhcp/2b6f71b0-19f4-437b-b0d0-101e5fc772de/host
Nov  3 03:02:45 gtw01 dnsmasq-dhcp[27583]: read /var/lib/neutron/dhcp/2b6f71b0-19f4-437b-b0d0-101e5fc772de/opts
Nov  3 03:02:45 gtw01 systemd-udevd[27649]: Could not generate persistent MAC address for tap1e175fe0-22: No such file or directory
Nov  3 03:02:45 gtw01 kernel: [ 3070.916232] device tap1e175fe0-22 entered promiscuous mode
Nov  3 03:02:45 gtw01 systemd-udevd[27695]: Process '/sbin/ip link set tap1e175fe0-22 txqueuelen 10000' failed with exit code 1.
Nov  3 03:02:46 gtw01 dnsmasq[27527]: read /var/lib/neutron/dhcp/0594f090-bbc7-4351-85a0-6c2240acf6ea/addn_hosts - 1 addresses
Nov  3 03:02:46 gtw01 dnsmasq-dhcp[27527]: read /var/lib/neutron/dhcp/0594f090-bbc7-4351-85a0-6c2240acf6ea/host
Nov  3 03:02:46 gtw01 dnsmasq-dhcp[27527]: read /var/lib/neutron/dhcp/0594f090-bbc7-4351-85a0-6c2240acf6ea/opts
Nov  3 03:02:46 gtw01 dnsmasq[27583]: read /var/lib/neutron/dhcp/2b6f71b0-19f4-437b-b0d0-101e5fc772de/addn_hosts - 1 addresses
Nov  3 03:02:46 gtw01 dnsmasq-dhcp[27583]: read /var/lib/neutron/dhcp/2b6f71b0-19f4-437b-b0d0-101e5fc772de/host
Nov  3 03:02:46 gtw01 dnsmasq-dhcp[27583]: read /var/lib/neutron/dhcp/2b6f71b0-19f4-437b-b0d0-101e5fc772de/opts
Nov  3 03:02:47 gtw01 kernel: [ 3072.860135] device tape66b6f86-b1 left promiscuous mode
Nov  3 03:02:47 gtw01 dnsmasq[27583]: read /var/lib/neutron/dhcp/2b6f71b0-19f4-437b-b0d0-101e5fc772de/addn_hosts - 1 addresses
Nov  3 03:02:47 gtw01 dnsmasq-dhcp[27583]: read /var/lib/neutron/dhcp/2b6f71b0-19f4-437b-b0d0-101e5fc772de/host
Nov  3 03:02:47 gtw01 dnsmasq-dhcp[27583]: read /var/lib/neutron/dhcp/2b6f71b0-19f4-437b-b0d0-101e5fc772de/opts
Nov  3 03:02:49 gtw01 kernel: [ 3074.313237] device tap2da330d8-c3 left promiscuous mode
Nov  3 03:02:49 gtw01 dnsmasq[27831]: started, version 2.80 cachesize 150
Nov  3 03:02:49 gtw01 dnsmasq[27831]: DNS service limited to local subnets
Nov  3 03:02:49 gtw01 dnsmasq[27831]: compile time options: IPv6 GNU-getopt DBus i18n IDN DHCP DHCPv6 no-Lua TFTP conntrack ipset auth DNSSEC loop-detect inotify dumpfile
Nov  3 03:02:49 gtw01 dnsmasq[27831]: warning: no upstream servers configured
Nov  3 03:02:49 gtw01 dnsmasq-dhcp[27831]: DHCP, static leases only on 192.168.120.0, lease time 1h
Nov  3 03:02:49 gtw01 dnsmasq[27831]: read /var/lib/neutron/dhcp/0417d240-22ca-4681-b0dd-8853b2ca9f4c/addn_hosts - 1 addresses
Nov  3 03:02:49 gtw01 dnsmasq-dhcp[27831]: read /var/lib/neutron/dhcp/0417d240-22ca-4681-b0dd-8853b2ca9f4c/host
Nov  3 03:02:49 gtw01 dnsmasq-dhcp[27831]: read /var/lib/neutron/dhcp/0417d240-22ca-4681-b0dd-8853b2ca9f4c/opts
Nov  3 03:02:49 gtw01 haproxy-metadata-proxy-0417d240-22ca-4681-b0dd-8853b2ca9f4c[27835]: Proxy listener started.
Nov  3 03:02:50 gtw01 dnsmasq[27831]: read /var/lib/neutron/dhcp/0417d240-22ca-4681-b0dd-8853b2ca9f4c/addn_hosts - 3 addresses
Nov  3 03:02:50 gtw01 dnsmasq-dhcp[27831]: read /var/lib/neutron/dhcp/0417d240-22ca-4681-b0dd-8853b2ca9f4c/host
Nov  3 03:02:50 gtw01 dnsmasq-dhcp[27831]: read /var/lib/neutron/dhcp/0417d240-22ca-4681-b0dd-8853b2ca9f4c/opts
Nov  3 03:02:51 gtw01 dnsmasq[27831]: read /var/lib/neutron/dhcp/0417d240-22ca-4681-b0dd-8853b2ca9f4c/addn_hosts - 3 addresses
Nov  3 03:02:51 gtw01 dnsmasq-dhcp[27831]: read /var/lib/neutron/dhcp/0417d240-22ca-4681-b0dd-8853b2ca9f4c/host
Nov  3 03:02:51 gtw01 dnsmasq-dhcp[27831]: read /var/lib/neutron/dhcp/0417d240-22ca-4681-b0dd-8853b2ca9f4c/opts
Nov  3 03:02:52 gtw01 dnsmasq[27831]: read /var/lib/neutron/dhcp/0417d240-22ca-4681-b0dd-8853b2ca9f4c/addn_hosts - 3 addresses
Nov  3 03:02:52 gtw01 dnsmasq-dhcp[27831]: read /var/lib/neutron/dhcp/0417d240-22ca-4681-b0dd-8853b2ca9f4c/host
Nov  3 03:02:52 gtw01 dnsmasq-dhcp[27831]: read /var/lib/neutron/dhcp/0417d240-22ca-4681-b0dd-8853b2ca9f4c/opts
Nov  3 03:02:53 gtw01 dnsmasq[27831]: read /var/lib/neutron/dhcp/0417d240-22ca-4681-b0dd-8853b2ca9f4c/addn_hosts - 3 addresses
Nov  3 03:02:53 gtw01 dnsmasq-dhcp[27831]: read /var/lib/neutron/dhcp/0417d240-22ca-4681-b0dd-8853b2ca9f4c/host
Nov  3 03:02:53 gtw01 dnsmasq-dhcp[27831]: read /var/lib/neutron/dhcp/0417d240-22ca-4681-b0dd-8853b2ca9f4c/opts
Nov  3 03:02:54 gtw01 dnsmasq[27831]: read /var/lib/neutron/dhcp/0417d240-22ca-4681-b0dd-8853b2ca9f4c/addn_hosts - 3 addresses
Nov  3 03:02:54 gtw01 dnsmasq-dhcp[27831]: read /var/lib/neutron/dhcp/0417d240-22ca-4681-b0dd-8853b2ca9f4c/host
Nov  3 03:02:54 gtw01 dnsmasq-dhcp[27831]: read /var/lib/neutron/dhcp/0417d240-22ca-4681-b0dd-8853b2ca9f4c/opts
Nov  3 03:02:54 gtw01 dnsmasq[27831]: read /var/lib/neutron/dhcp/0417d240-22ca-4681-b0dd-8853b2ca9f4c/addn_hosts - 4 addresses
Nov  3 03:02:54 gtw01 dnsmasq-dhcp[27831]: read /var/lib/neutron/dhcp/0417d240-22ca-4681-b0dd-8853b2ca9f4c/host
Nov  3 03:02:54 gtw01 dnsmasq-dhcp[27831]: read /var/lib/neutron/dhcp/0417d240-22ca-4681-b0dd-8853b2ca9f4c/opts
Nov  3 03:02:55 gtw01 dnsmasq[27831]: read /var/lib/neutron/dhcp/0417d240-22ca-4681-b0dd-8853b2ca9f4c/addn_hosts - 4 addresses
Nov  3 03:02:55 gtw01 dnsmasq-dhcp[27831]: read /var/lib/neutron/dhcp/0417d240-22ca-4681-b0dd-8853b2ca9f4c/host
Nov  3 03:02:55 gtw01 dnsmasq-dhcp[27831]: read /var/lib/neutron/dhcp/0417d240-22ca-4681-b0dd-8853b2ca9f4c/opts
Nov  3 03:03:13 gtw01 dnsmasq[27831]: read /var/lib/neutron/dhcp/0417d240-22ca-4681-b0dd-8853b2ca9f4c/addn_hosts - 3 addresses
Nov  3 03:03:13 gtw01 dnsmasq-dhcp[27831]: read /var/lib/neutron/dhcp/0417d240-22ca-4681-b0dd-8853b2ca9f4c/host
Nov  3 03:03:13 gtw01 dnsmasq-dhcp[27831]: read /var/lib/neutron/dhcp/0417d240-22ca-4681-b0dd-8853b2ca9f4c/opts
Nov  3 03:03:16 gtw01 dnsmasq[27831]: read /var/lib/neutron/dhcp/0417d240-22ca-4681-b0dd-8853b2ca9f4c/addn_hosts - 2 addresses
Nov  3 03:03:16 gtw01 dnsmasq-dhcp[27831]: read /var/lib/neutron/dhcp/0417d240-22ca-4681-b0dd-8853b2ca9f4c/host
Nov  3 03:03:16 gtw01 dnsmasq-dhcp[27831]: read /var/lib/neutron/dhcp/0417d240-22ca-4681-b0dd-8853b2ca9f4c/opts
Nov  3 03:03:17 gtw01 dnsmasq[27831]: read /var/lib/neutron/dhcp/0417d240-22ca-4681-b0dd-8853b2ca9f4c/addn_hosts - 1 addresses
Nov  3 03:03:17 gtw01 dnsmasq-dhcp[27831]: read /var/lib/neutron/dhcp/0417d240-22ca-4681-b0dd-8853b2ca9f4c/host
Nov  3 03:03:17 gtw01 dnsmasq-dhcp[27831]: read /var/lib/neutron/dhcp/0417d240-22ca-4681-b0dd-8853b2ca9f4c/opts
Nov  3 03:03:19 gtw01 kernel: [ 3104.646514] device tap1e175fe0-22 left promiscuous mode
Nov  3 03:03:22 gtw01 kernel: [ 3108.064591] device tapb599f8e5-51 entered promiscuous mode
Nov  3 03:03:22 gtw01 systemd-udevd[28028]: Could not generate persistent MAC address for tapb599f8e5-51: No such file or directory
Nov  3 03:03:22 gtw01 systemd-udevd[28074]: Process '/sbin/ip link set tapb599f8e5-51 txqueuelen 10000' failed with exit code 1.
Nov  3 03:03:25 gtw01 dnsmasq[28136]: started, version 2.80 cachesize 150
Nov  3 03:03:25 gtw01 dnsmasq[28136]: DNS service limited to local subnets
Nov  3 03:03:25 gtw01 dnsmasq[28136]: compile time options: IPv6 GNU-getopt DBus i18n IDN DHCP DHCPv6 no-Lua TFTP conntrack ipset auth DNSSEC loop-detect inotify dumpfile
Nov  3 03:03:25 gtw01 dnsmasq[28136]: warning: no upstream servers configured
Nov  3 03:03:25 gtw01 dnsmasq-dhcp[28136]: DHCP, static leases only on 192.168.120.0, lease time 1h
Nov  3 03:03:25 gtw01 dnsmasq[28136]: read /var/lib/neutron/dhcp/1b4fac7d-ffb9-42c1-b577-98a028cfdbda/addn_hosts - 1 addresses
Nov  3 03:03:25 gtw01 dnsmasq-dhcp[28136]: read /var/lib/neutron/dhcp/1b4fac7d-ffb9-42c1-b577-98a028cfdbda/host
Nov  3 03:03:25 gtw01 dnsmasq-dhcp[28136]: read /var/lib/neutron/dhcp/1b4fac7d-ffb9-42c1-b577-98a028cfdbda/opts
Nov  3 03:03:26 gtw01 haproxy-metadata-proxy-1b4fac7d-ffb9-42c1-b577-98a028cfdbda[28140]: Proxy listener started.
Nov  3 03:03:26 gtw01 dnsmasq[28136]: read /var/lib/neutron/dhcp/1b4fac7d-ffb9-42c1-b577-98a028cfdbda/addn_hosts - 5 addresses
Nov  3 03:03:26 gtw01 dnsmasq-dhcp[28136]: read /var/lib/neutron/dhcp/1b4fac7d-ffb9-42c1-b577-98a028cfdbda/host
Nov  3 03:03:26 gtw01 dnsmasq-dhcp[28136]: read /var/lib/neutron/dhcp/1b4fac7d-ffb9-42c1-b577-98a028cfdbda/opts
Nov  3 03:03:27 gtw01 dnsmasq[28136]: read /var/lib/neutron/dhcp/1b4fac7d-ffb9-42c1-b577-98a028cfdbda/addn_hosts - 5 addresses
Nov  3 03:03:27 gtw01 dnsmasq-dhcp[28136]: read /var/lib/neutron/dhcp/1b4fac7d-ffb9-42c1-b577-98a028cfdbda/host
Nov  3 03:03:27 gtw01 dnsmasq-dhcp[28136]: read /var/lib/neutron/dhcp/1b4fac7d-ffb9-42c1-b577-98a028cfdbda/opts
Nov  3 03:03:28 gtw01 dnsmasq[28136]: read /var/lib/neutron/dhcp/1b4fac7d-ffb9-42c1-b577-98a028cfdbda/addn_hosts - 5 addresses
Nov  3 03:03:28 gtw01 dnsmasq-dhcp[28136]: read /var/lib/neutron/dhcp/1b4fac7d-ffb9-42c1-b577-98a028cfdbda/host
Nov  3 03:03:28 gtw01 dnsmasq-dhcp[28136]: read /var/lib/neutron/dhcp/1b4fac7d-ffb9-42c1-b577-98a028cfdbda/opts
Nov  3 03:03:29 gtw01 dnsmasq[28136]: read /var/lib/neutron/dhcp/1b4fac7d-ffb9-42c1-b577-98a028cfdbda/addn_hosts - 5 addresses
Nov  3 03:03:29 gtw01 dnsmasq-dhcp[28136]: read /var/lib/neutron/dhcp/1b4fac7d-ffb9-42c1-b577-98a028cfdbda/host
Nov  3 03:03:29 gtw01 dnsmasq-dhcp[28136]: read /var/lib/neutron/dhcp/1b4fac7d-ffb9-42c1-b577-98a028cfdbda/opts
Nov  3 03:03:30 gtw01 dnsmasq[28136]: read /var/lib/neutron/dhcp/1b4fac7d-ffb9-42c1-b577-98a028cfdbda/addn_hosts - 5 addresses
Nov  3 03:03:30 gtw01 dnsmasq-dhcp[28136]: read /var/lib/neutron/dhcp/1b4fac7d-ffb9-42c1-b577-98a028cfdbda/host
Nov  3 03:03:30 gtw01 dnsmasq-dhcp[28136]: read /var/lib/neutron/dhcp/1b4fac7d-ffb9-42c1-b577-98a028cfdbda/opts
Nov  3 03:03:31 gtw01 dnsmasq[28136]: read /var/lib/neutron/dhcp/1b4fac7d-ffb9-42c1-b577-98a028cfdbda/addn_hosts - 5 addresses
Nov  3 03:03:31 gtw01 dnsmasq-dhcp[28136]: read /var/lib/neutron/dhcp/1b4fac7d-ffb9-42c1-b577-98a028cfdbda/host
Nov  3 03:03:31 gtw01 dnsmasq-dhcp[28136]: read /var/lib/neutron/dhcp/1b4fac7d-ffb9-42c1-b577-98a028cfdbda/opts
Nov  3 03:03:32 gtw01 dnsmasq[28136]: read /var/lib/neutron/dhcp/1b4fac7d-ffb9-42c1-b577-98a028cfdbda/addn_hosts - 6 addresses
Nov  3 03:03:32 gtw01 dnsmasq-dhcp[28136]: read /var/lib/neutron/dhcp/1b4fac7d-ffb9-42c1-b577-98a028cfdbda/host
Nov  3 03:03:32 gtw01 dnsmasq-dhcp[28136]: read /var/lib/neutron/dhcp/1b4fac7d-ffb9-42c1-b577-98a028cfdbda/opts
Nov  3 03:03:33 gtw01 dnsmasq[28136]: read /var/lib/neutron/dhcp/1b4fac7d-ffb9-42c1-b577-98a028cfdbda/addn_hosts - 7 addresses
Nov  3 03:03:33 gtw01 dnsmasq-dhcp[28136]: read /var/lib/neutron/dhcp/1b4fac7d-ffb9-42c1-b577-98a028cfdbda/host
Nov  3 03:03:33 gtw01 dnsmasq-dhcp[28136]: read /var/lib/neutron/dhcp/1b4fac7d-ffb9-42c1-b577-98a028cfdbda/opts
Nov  3 03:03:34 gtw01 dnsmasq[28136]: read /var/lib/neutron/dhcp/1b4fac7d-ffb9-42c1-b577-98a028cfdbda/addn_hosts - 7 addresses
Nov  3 03:03:34 gtw01 dnsmasq-dhcp[28136]: read /var/lib/neutron/dhcp/1b4fac7d-ffb9-42c1-b577-98a028cfdbda/host
Nov  3 03:03:34 gtw01 dnsmasq-dhcp[28136]: read /var/lib/neutron/dhcp/1b4fac7d-ffb9-42c1-b577-98a028cfdbda/opts
Nov  3 03:03:35 gtw01 dnsmasq[28136]: read /var/lib/neutron/dhcp/1b4fac7d-ffb9-42c1-b577-98a028cfdbda/addn_hosts - 7 addresses
Nov  3 03:03:35 gtw01 dnsmasq-dhcp[28136]: read /var/lib/neutron/dhcp/1b4fac7d-ffb9-42c1-b577-98a028cfdbda/host
Nov  3 03:03:35 gtw01 dnsmasq-dhcp[28136]: read /var/lib/neutron/dhcp/1b4fac7d-ffb9-42c1-b577-98a028cfdbda/opts
Nov  3 03:03:36 gtw01 dnsmasq[28136]: read /var/lib/neutron/dhcp/1b4fac7d-ffb9-42c1-b577-98a028cfdbda/addn_hosts - 7 addresses
Nov  3 03:03:36 gtw01 dnsmasq-dhcp[28136]: read /var/lib/neutron/dhcp/1b4fac7d-ffb9-42c1-b577-98a028cfdbda/host
Nov  3 03:03:36 gtw01 dnsmasq-dhcp[28136]: read /var/lib/neutron/dhcp/1b4fac7d-ffb9-42c1-b577-98a028cfdbda/opts
Nov  3 03:03:37 gtw01 kernel: [ 3122.528554] device tapb599f8e5-51 left promiscuous mode
Nov  3 03:03:37 gtw01 kernel: [ 3123.136287] device tap6b69edbe-2c entered promiscuous mode
Nov  3 03:03:37 gtw01 systemd-udevd[28347]: Could not generate persistent MAC address for tap6b69edbe-2c: No such file or directory
Nov  3 03:03:37 gtw01 systemd-udevd[28347]: Process '/sbin/ip link set tap6b69edbe-2c txqueuelen 10000' failed with exit code 1.
Nov  3 03:03:37 gtw01 systemd-udevd[28347]: Process '/sbin/ip link set tap6b69edbe-2c txqueuelen 10000' failed with exit code 1.
Nov  3 03:03:39 gtw01 kernel: [ 3124.746934] device tapd213ab11-a1 entered promiscuous mode
Nov  3 03:03:39 gtw01 systemd-udevd[28449]: Could not generate persistent MAC address for tapd213ab11-a1: No such file or directory
Nov  3 03:03:39 gtw01 systemd-udevd[28449]: Process '/sbin/ip link set tapd213ab11-a1 txqueuelen 10000' failed with exit code 1.
Nov  3 03:03:41 gtw01 dnsmasq[28575]: started, version 2.80 cachesize 150
Nov  3 03:03:41 gtw01 dnsmasq[28575]: DNS service limited to local subnets
Nov  3 03:03:41 gtw01 dnsmasq[28575]: compile time options: IPv6 GNU-getopt DBus i18n IDN DHCP DHCPv6 no-Lua TFTP conntrack ipset auth DNSSEC loop-detect inotify dumpfile
Nov  3 03:03:41 gtw01 dnsmasq[28575]: warning: no upstream servers configured
Nov  3 03:03:41 gtw01 dnsmasq-dhcp[28575]: DHCPv6, static leases only on 2003::, lease time 1h
Nov  3 03:03:41 gtw01 systemd-udevd[28578]: Could not generate persistent MAC address for tapf05c305f-19: No such file or directory
Nov  3 03:03:41 gtw01 kernel: [ 3126.640758] device tapf05c305f-19 entered promiscuous mode
Nov  3 03:03:41 gtw01 dnsmasq[28575]: read /var/lib/neutron/dhcp/14b49358-c1bb-4c43-a799-d76f956e1d48/addn_hosts - 1 addresses
Nov  3 03:03:41 gtw01 dnsmasq-dhcp[28575]: read /var/lib/neutron/dhcp/14b49358-c1bb-4c43-a799-d76f956e1d48/host
Nov  3 03:03:41 gtw01 dnsmasq-dhcp[28575]: read /var/lib/neutron/dhcp/14b49358-c1bb-4c43-a799-d76f956e1d48/opts
Nov  3 03:03:41 gtw01 systemd-udevd[28625]: Process '/sbin/ip link set tapf05c305f-19 txqueuelen 10000' failed with exit code 1.
Nov  3 03:03:42 gtw01 dnsmasq[28575]: read /var/lib/neutron/dhcp/14b49358-c1bb-4c43-a799-d76f956e1d48/addn_hosts - 3 addresses
Nov  3 03:03:42 gtw01 dnsmasq-dhcp[28575]: read /var/lib/neutron/dhcp/14b49358-c1bb-4c43-a799-d76f956e1d48/host
Nov  3 03:03:42 gtw01 dnsmasq-dhcp[28575]: read /var/lib/neutron/dhcp/14b49358-c1bb-4c43-a799-d76f956e1d48/opts
Nov  3 03:03:43 gtw01 dnsmasq[28575]: read /var/lib/neutron/dhcp/14b49358-c1bb-4c43-a799-d76f956e1d48/addn_hosts - 3 addresses
Nov  3 03:03:43 gtw01 dnsmasq-dhcp[28575]: read /var/lib/neutron/dhcp/14b49358-c1bb-4c43-a799-d76f956e1d48/host
Nov  3 03:03:43 gtw01 dnsmasq-dhcp[28575]: read /var/lib/neutron/dhcp/14b49358-c1bb-4c43-a799-d76f956e1d48/opts
Nov  3 03:03:43 gtw01 dnsmasq[28717]: started, version 2.80 cachesize 150
Nov  3 03:03:43 gtw01 dnsmasq[28717]: DNS service limited to local subnets
Nov  3 03:03:43 gtw01 dnsmasq[28717]: compile time options: IPv6 GNU-getopt DBus i18n IDN DHCP DHCPv6 no-Lua TFTP conntrack ipset auth DNSSEC loop-detect inotify dumpfile
Nov  3 03:03:43 gtw01 dnsmasq[28717]: warning: no upstream servers configured
Nov  3 03:03:43 gtw01 dnsmasq-dhcp[28717]: DHCP, static leases only on 192.168.120.0, lease time 1h
Nov  3 03:03:43 gtw01 dnsmasq[28717]: read /var/lib/neutron/dhcp/1bf0085f-3555-4263-b37d-7f6434d31b58/addn_hosts - 1 addresses
Nov  3 03:03:43 gtw01 dnsmasq-dhcp[28717]: read /var/lib/neutron/dhcp/1bf0085f-3555-4263-b37d-7f6434d31b58/host
Nov  3 03:03:43 gtw01 dnsmasq-dhcp[28717]: read /var/lib/neutron/dhcp/1bf0085f-3555-4263-b37d-7f6434d31b58/opts
Nov  3 03:03:43 gtw01 haproxy-metadata-proxy-1bf0085f-3555-4263-b37d-7f6434d31b58[28732]: Proxy listener started.
Nov  3 03:03:44 gtw01 dnsmasq[28575]: read /var/lib/neutron/dhcp/14b49358-c1bb-4c43-a799-d76f956e1d48/addn_hosts - 3 addresses
Nov  3 03:03:44 gtw01 dnsmasq-dhcp[28575]: read /var/lib/neutron/dhcp/14b49358-c1bb-4c43-a799-d76f956e1d48/host
Nov  3 03:03:44 gtw01 dnsmasq-dhcp[28575]: read /var/lib/neutron/dhcp/14b49358-c1bb-4c43-a799-d76f956e1d48/opts
Nov  3 03:03:45 gtw01 dnsmasq[28784]: started, version 2.80 cachesize 150
Nov  3 03:03:45 gtw01 dnsmasq[28784]: DNS service limited to local subnets
Nov  3 03:03:45 gtw01 dnsmasq[28784]: compile time options: IPv6 GNU-getopt DBus i18n IDN DHCP DHCPv6 no-Lua TFTP conntrack ipset auth DNSSEC loop-detect inotify dumpfile
Nov  3 03:03:45 gtw01 dnsmasq[28784]: warning: no upstream servers configured
Nov  3 03:03:45 gtw01 dnsmasq-dhcp[28784]: DHCPv6, static leases only on 2003::, lease time 1h
Nov  3 03:03:45 gtw01 dnsmasq[28784]: read /var/lib/neutron/dhcp/70945c91-a1be-4395-8c8f-664a878e73a9/addn_hosts - 1 addresses
Nov  3 03:03:45 gtw01 dnsmasq-dhcp[28784]: read /var/lib/neutron/dhcp/70945c91-a1be-4395-8c8f-664a878e73a9/host
Nov  3 03:03:45 gtw01 dnsmasq-dhcp[28784]: read /var/lib/neutron/dhcp/70945c91-a1be-4395-8c8f-664a878e73a9/opts
Nov  3 03:03:45 gtw01 dnsmasq[28575]: read /var/lib/neutron/dhcp/14b49358-c1bb-4c43-a799-d76f956e1d48/addn_hosts - 3 addresses
Nov  3 03:03:45 gtw01 dnsmasq-dhcp[28575]: read /var/lib/neutron/dhcp/14b49358-c1bb-4c43-a799-d76f956e1d48/host
Nov  3 03:03:45 gtw01 dnsmasq-dhcp[28575]: read /var/lib/neutron/dhcp/14b49358-c1bb-4c43-a799-d76f956e1d48/opts
Nov  3 03:03:46 gtw01 dnsmasq[28784]: read /var/lib/neutron/dhcp/70945c91-a1be-4395-8c8f-664a878e73a9/addn_hosts - 5 addresses
Nov  3 03:03:46 gtw01 dnsmasq-dhcp[28784]: read /var/lib/neutron/dhcp/70945c91-a1be-4395-8c8f-664a878e73a9/host
Nov  3 03:03:46 gtw01 dnsmasq-dhcp[28784]: read /var/lib/neutron/dhcp/70945c91-a1be-4395-8c8f-664a878e73a9/opts
Nov  3 03:03:46 gtw01 dnsmasq[28575]: read /var/lib/neutron/dhcp/14b49358-c1bb-4c43-a799-d76f956e1d48/addn_hosts - 3 addresses
Nov  3 03:03:46 gtw01 dnsmasq-dhcp[28575]: read /var/lib/neutron/dhcp/14b49358-c1bb-4c43-a799-d76f956e1d48/host
Nov  3 03:03:46 gtw01 dnsmasq-dhcp[28575]: read /var/lib/neutron/dhcp/14b49358-c1bb-4c43-a799-d76f956e1d48/opts
Nov  3 03:03:47 gtw01 dnsmasq[28784]: read /var/lib/neutron/dhcp/70945c91-a1be-4395-8c8f-664a878e73a9/addn_hosts - 5 addresses
Nov  3 03:03:47 gtw01 dnsmasq-dhcp[28784]: read /var/lib/neutron/dhcp/70945c91-a1be-4395-8c8f-664a878e73a9/host
Nov  3 03:03:47 gtw01 dnsmasq-dhcp[28784]: read /var/lib/neutron/dhcp/70945c91-a1be-4395-8c8f-664a878e73a9/opts
Nov  3 03:03:47 gtw01 dnsmasq[28575]: read /var/lib/neutron/dhcp/14b49358-c1bb-4c43-a799-d76f956e1d48/addn_hosts - 3 addresses
Nov  3 03:03:47 gtw01 dnsmasq-dhcp[28575]: read /var/lib/neutron/dhcp/14b49358-c1bb-4c43-a799-d76f956e1d48/host
Nov  3 03:03:47 gtw01 dnsmasq-dhcp[28575]: read /var/lib/neutron/dhcp/14b49358-c1bb-4c43-a799-d76f956e1d48/opts
Nov  3 03:03:48 gtw01 dnsmasq[28900]: started, version 2.80 cachesize 150
Nov  3 03:03:48 gtw01 dnsmasq[28900]: DNS service limited to local subnets
Nov  3 03:03:48 gtw01 dnsmasq[28900]: compile time options: IPv6 GNU-getopt DBus i18n IDN DHCP DHCPv6 no-Lua TFTP conntrack ipset auth DNSSEC loop-detect inotify dumpfile
Nov  3 03:03:48 gtw01 dnsmasq[28900]: warning: no upstream servers configured
Nov  3 03:03:48 gtw01 dnsmasq-dhcp[28900]: DHCP, static leases only on 192.168.120.16, lease time 1h
Nov  3 03:03:48 gtw01 dnsmasq-dhcp[28900]: DHCP, static leases only on 192.168.120.0, lease time 1h
Nov  3 03:03:48 gtw01 dnsmasq[28900]: read /var/lib/neutron/dhcp/1bf0085f-3555-4263-b37d-7f6434d31b58/addn_hosts - 5 addresses
Nov  3 03:03:48 gtw01 dnsmasq-dhcp[28900]: read /var/lib/neutron/dhcp/1bf0085f-3555-4263-b37d-7f6434d31b58/host
Nov  3 03:03:48 gtw01 dnsmasq-dhcp[28900]: read /var/lib/neutron/dhcp/1bf0085f-3555-4263-b37d-7f6434d31b58/opts
Nov  3 03:03:48 gtw01 dnsmasq[28784]: read /var/lib/neutron/dhcp/70945c91-a1be-4395-8c8f-664a878e73a9/addn_hosts - 5 addresses
Nov  3 03:03:48 gtw01 dnsmasq-dhcp[28784]: read /var/lib/neutron/dhcp/70945c91-a1be-4395-8c8f-664a878e73a9/host
Nov  3 03:03:48 gtw01 dnsmasq-dhcp[28784]: read /var/lib/neutron/dhcp/70945c91-a1be-4395-8c8f-664a878e73a9/opts
Nov  3 03:03:48 gtw01 dnsmasq[28575]: read /var/lib/neutron/dhcp/14b49358-c1bb-4c43-a799-d76f956e1d48/addn_hosts - 3 addresses
Nov  3 03:03:48 gtw01 dnsmasq-dhcp[28575]: read /var/lib/neutron/dhcp/14b49358-c1bb-4c43-a799-d76f956e1d48/host
Nov  3 03:03:48 gtw01 dnsmasq-dhcp[28575]: read /var/lib/neutron/dhcp/14b49358-c1bb-4c43-a799-d76f956e1d48/opts
Nov  3 03:03:48 gtw01 dnsmasq-dhcp[28900]: DHCPRELEASE(tapd213ab11-a1) 192.168.120.2 fa:16:3e:ad:6a:10
Nov  3 03:03:49 gtw01 dnsmasq-dhcp[28900]: DHCPRELEASE(tapd213ab11-a1) 192.168.120.13 fa:16:3e:ad:6a:10
Nov  3 03:03:49 gtw01 dnsmasq[28784]: read /var/lib/neutron/dhcp/70945c91-a1be-4395-8c8f-664a878e73a9/addn_hosts - 5 addresses
Nov  3 03:03:49 gtw01 dnsmasq-dhcp[28784]: read /var/lib/neutron/dhcp/70945c91-a1be-4395-8c8f-664a878e73a9/host
Nov  3 03:03:49 gtw01 dnsmasq-dhcp[28784]: read /var/lib/neutron/dhcp/70945c91-a1be-4395-8c8f-664a878e73a9/opts
Nov  3 03:03:50 gtw01 dnsmasq[28575]: read /var/lib/neutron/dhcp/14b49358-c1bb-4c43-a799-d76f956e1d48/addn_hosts - 3 addresses
Nov  3 03:03:50 gtw01 dnsmasq-dhcp[28575]: read /var/lib/neutron/dhcp/14b49358-c1bb-4c43-a799-d76f956e1d48/host
Nov  3 03:03:50 gtw01 dnsmasq-dhcp[28575]: read /var/lib/neutron/dhcp/14b49358-c1bb-4c43-a799-d76f956e1d48/opts
Nov  3 03:03:50 gtw01 dnsmasq[28900]: read /var/lib/neutron/dhcp/1bf0085f-3555-4263-b37d-7f6434d31b58/addn_hosts - 5 addresses
Nov  3 03:03:50 gtw01 dnsmasq-dhcp[28900]: read /var/lib/neutron/dhcp/1bf0085f-3555-4263-b37d-7f6434d31b58/host
Nov  3 03:03:50 gtw01 dnsmasq-dhcp[28900]: read /var/lib/neutron/dhcp/1bf0085f-3555-4263-b37d-7f6434d31b58/opts
Nov  3 03:03:50 gtw01 dnsmasq[28784]: read /var/lib/neutron/dhcp/70945c91-a1be-4395-8c8f-664a878e73a9/addn_hosts - 5 addresses
Nov  3 03:03:50 gtw01 dnsmasq-dhcp[28784]: read /var/lib/neutron/dhcp/70945c91-a1be-4395-8c8f-664a878e73a9/host
Nov  3 03:03:50 gtw01 dnsmasq-dhcp[28784]: read /var/lib/neutron/dhcp/70945c91-a1be-4395-8c8f-664a878e73a9/opts
Nov  3 03:03:51 gtw01 dnsmasq[28575]: read /var/lib/neutron/dhcp/14b49358-c1bb-4c43-a799-d76f956e1d48/addn_hosts - 3 addresses
Nov  3 03:03:51 gtw01 dnsmasq-dhcp[28575]: read /var/lib/neutron/dhcp/14b49358-c1bb-4c43-a799-d76f956e1d48/host
Nov  3 03:03:51 gtw01 dnsmasq-dhcp[28575]: read /var/lib/neutron/dhcp/14b49358-c1bb-4c43-a799-d76f956e1d48/opts
Nov  3 03:03:51 gtw01 dnsmasq-dhcp[28900]: DHCPRELEASE(tapd213ab11-a1) 192.168.120.4 fa:16:3e:75:59:dd
Nov  3 03:03:51 gtw01 dnsmasq[28784]: read /var/lib/neutron/dhcp/70945c91-a1be-4395-8c8f-664a878e73a9/addn_hosts - 5 addresses
Nov  3 03:03:51 gtw01 dnsmasq-dhcp[28784]: read /var/lib/neutron/dhcp/70945c91-a1be-4395-8c8f-664a878e73a9/host
Nov  3 03:03:51 gtw01 dnsmasq-dhcp[28784]: read /var/lib/neutron/dhcp/70945c91-a1be-4395-8c8f-664a878e73a9/opts
Nov  3 03:03:52 gtw01 dnsmasq[28575]: read /var/lib/neutron/dhcp/14b49358-c1bb-4c43-a799-d76f956e1d48/addn_hosts - 2 addresses
Nov  3 03:03:52 gtw01 dnsmasq-dhcp[28575]: read /var/lib/neutron/dhcp/14b49358-c1bb-4c43-a799-d76f956e1d48/host
Nov  3 03:03:52 gtw01 dnsmasq-dhcp[28575]: read /var/lib/neutron/dhcp/14b49358-c1bb-4c43-a799-d76f956e1d48/opts
Nov  3 03:03:52 gtw01 dnsmasq[28900]: read /var/lib/neutron/dhcp/1bf0085f-3555-4263-b37d-7f6434d31b58/addn_hosts - 2 addresses
Nov  3 03:03:52 gtw01 dnsmasq-dhcp[28900]: read /var/lib/neutron/dhcp/1bf0085f-3555-4263-b37d-7f6434d31b58/host
Nov  3 03:03:52 gtw01 dnsmasq-dhcp[28900]: read /var/lib/neutron/dhcp/1bf0085f-3555-4263-b37d-7f6434d31b58/opts
Nov  3 03:03:53 gtw01 dnsmasq[28784]: read /var/lib/neutron/dhcp/70945c91-a1be-4395-8c8f-664a878e73a9/addn_hosts - 6 addresses
Nov  3 03:03:53 gtw01 dnsmasq-dhcp[28784]: read /var/lib/neutron/dhcp/70945c91-a1be-4395-8c8f-664a878e73a9/host
Nov  3 03:03:53 gtw01 dnsmasq-dhcp[28784]: read /var/lib/neutron/dhcp/70945c91-a1be-4395-8c8f-664a878e73a9/opts
Nov  3 03:03:53 gtw01 dnsmasq[28575]: read /var/lib/neutron/dhcp/14b49358-c1bb-4c43-a799-d76f956e1d48/addn_hosts - 1 addresses
Nov  3 03:03:53 gtw01 dnsmasq-dhcp[28575]: read /var/lib/neutron/dhcp/14b49358-c1bb-4c43-a799-d76f956e1d48/host
Nov  3 03:03:53 gtw01 dnsmasq-dhcp[28575]: read /var/lib/neutron/dhcp/14b49358-c1bb-4c43-a799-d76f956e1d48/opts
Nov  3 03:03:54 gtw01 dnsmasq[28784]: read /var/lib/neutron/dhcp/70945c91-a1be-4395-8c8f-664a878e73a9/addn_hosts - 7 addresses
Nov  3 03:03:54 gtw01 dnsmasq-dhcp[28784]: read /var/lib/neutron/dhcp/70945c91-a1be-4395-8c8f-664a878e73a9/host
Nov  3 03:03:54 gtw01 dnsmasq-dhcp[28784]: read /var/lib/neutron/dhcp/70945c91-a1be-4395-8c8f-664a878e73a9/opts
Nov  3 03:03:54 gtw01 kernel: [ 3139.709663] device tapd213ab11-a1 left promiscuous mode
Nov  3 03:03:55 gtw01 dnsmasq[28784]: read /var/lib/neutron/dhcp/70945c91-a1be-4395-8c8f-664a878e73a9/addn_hosts - 7 addresses
Nov  3 03:03:55 gtw01 dnsmasq-dhcp[28784]: read /var/lib/neutron/dhcp/70945c91-a1be-4395-8c8f-664a878e73a9/host
Nov  3 03:03:55 gtw01 dnsmasq-dhcp[28784]: read /var/lib/neutron/dhcp/70945c91-a1be-4395-8c8f-664a878e73a9/opts
Nov  3 03:03:56 gtw01 dnsmasq[28784]: read /var/lib/neutron/dhcp/70945c91-a1be-4395-8c8f-664a878e73a9/addn_hosts - 7 addresses
Nov  3 03:03:56 gtw01 dnsmasq-dhcp[28784]: read /var/lib/neutron/dhcp/70945c91-a1be-4395-8c8f-664a878e73a9/host
Nov  3 03:03:56 gtw01 dnsmasq-dhcp[28784]: read /var/lib/neutron/dhcp/70945c91-a1be-4395-8c8f-664a878e73a9/opts
Nov  3 03:03:56 gtw01 dnsmasq[28784]: read /var/lib/neutron/dhcp/70945c91-a1be-4395-8c8f-664a878e73a9/addn_hosts - 7 addresses
Nov  3 03:03:56 gtw01 dnsmasq-dhcp[28784]: read /var/lib/neutron/dhcp/70945c91-a1be-4395-8c8f-664a878e73a9/host
Nov  3 03:03:56 gtw01 dnsmasq-dhcp[28784]: read /var/lib/neutron/dhcp/70945c91-a1be-4395-8c8f-664a878e73a9/opts
Nov  3 03:03:58 gtw01 kernel: [ 3143.283664] device tapf05c305f-19 left promiscuous mode
Nov  3 03:03:58 gtw01 systemd-udevd[29210]: Could not generate persistent MAC address for tapd846f94b-87: No such file or directory
Nov  3 03:03:58 gtw01 kernel: [ 3143.529800] device tapd846f94b-87 entered promiscuous mode
Nov  3 03:03:58 gtw01 systemd-udevd[29210]: Process '/sbin/ip link set tapd846f94b-87 txqueuelen 10000' failed with exit code 1.
Nov  3 03:03:58 gtw01 systemd-udevd[29261]: Process '/sbin/ip link set tapd846f94b-87 txqueuelen 10000' failed with exit code 1.
Nov  3 03:04:01 gtw01 dnsmasq[29322]: started, version 2.80 cachesize 150
Nov  3 03:04:01 gtw01 dnsmasq[29322]: DNS service limited to local subnets
Nov  3 03:04:01 gtw01 dnsmasq[29322]: compile time options: IPv6 GNU-getopt DBus i18n IDN DHCP DHCPv6 no-Lua TFTP conntrack ipset auth DNSSEC loop-detect inotify dumpfile
Nov  3 03:04:01 gtw01 dnsmasq[29322]: warning: no upstream servers configured
Nov  3 03:04:01 gtw01 dnsmasq-dhcp[29322]: DHCPv6, static leases only on 2003:0:0:1::, lease time 1h
Nov  3 03:04:01 gtw01 dnsmasq[29322]: read /var/lib/neutron/dhcp/bff88216-52c7-425a-a79c-900b85ca8211/addn_hosts - 1 addresses
Nov  3 03:04:01 gtw01 dnsmasq-dhcp[29322]: read /var/lib/neutron/dhcp/bff88216-52c7-425a-a79c-900b85ca8211/host
Nov  3 03:04:01 gtw01 dnsmasq-dhcp[29322]: read /var/lib/neutron/dhcp/bff88216-52c7-425a-a79c-900b85ca8211/opts
Nov  3 03:04:02 gtw01 dnsmasq[29322]: read /var/lib/neutron/dhcp/bff88216-52c7-425a-a79c-900b85ca8211/addn_hosts - 2 addresses
Nov  3 03:04:02 gtw01 dnsmasq-dhcp[29322]: read /var/lib/neutron/dhcp/bff88216-52c7-425a-a79c-900b85ca8211/host
Nov  3 03:04:02 gtw01 dnsmasq-dhcp[29322]: read /var/lib/neutron/dhcp/bff88216-52c7-425a-a79c-900b85ca8211/opts
Nov  3 03:04:02 gtw01 dnsmasq[29322]: read /var/lib/neutron/dhcp/bff88216-52c7-425a-a79c-900b85ca8211/addn_hosts - 2 addresses
Nov  3 03:04:02 gtw01 dnsmasq-dhcp[29322]: read /var/lib/neutron/dhcp/bff88216-52c7-425a-a79c-900b85ca8211/host
Nov  3 03:04:02 gtw01 dnsmasq-dhcp[29322]: read /var/lib/neutron/dhcp/bff88216-52c7-425a-a79c-900b85ca8211/opts
Nov  3 03:04:03 gtw01 dnsmasq[29322]: read /var/lib/neutron/dhcp/bff88216-52c7-425a-a79c-900b85ca8211/addn_hosts - 2 addresses
Nov  3 03:04:03 gtw01 dnsmasq-dhcp[29322]: read /var/lib/neutron/dhcp/bff88216-52c7-425a-a79c-900b85ca8211/host
Nov  3 03:04:03 gtw01 dnsmasq-dhcp[29322]: read /var/lib/neutron/dhcp/bff88216-52c7-425a-a79c-900b85ca8211/opts
Nov  3 03:04:04 gtw01 dnsmasq[29322]: read /var/lib/neutron/dhcp/bff88216-52c7-425a-a79c-900b85ca8211/addn_hosts - 2 addresses
Nov  3 03:04:04 gtw01 dnsmasq-dhcp[29322]: read /var/lib/neutron/dhcp/bff88216-52c7-425a-a79c-900b85ca8211/host
Nov  3 03:04:04 gtw01 dnsmasq-dhcp[29322]: read /var/lib/neutron/dhcp/bff88216-52c7-425a-a79c-900b85ca8211/opts
Nov  3 03:04:05 gtw01 dnsmasq[29322]: read /var/lib/neutron/dhcp/bff88216-52c7-425a-a79c-900b85ca8211/addn_hosts - 2 addresses
Nov  3 03:04:05 gtw01 dnsmasq-dhcp[29322]: read /var/lib/neutron/dhcp/bff88216-52c7-425a-a79c-900b85ca8211/host
Nov  3 03:04:05 gtw01 dnsmasq-dhcp[29322]: read /var/lib/neutron/dhcp/bff88216-52c7-425a-a79c-900b85ca8211/opts
Nov  3 03:04:06 gtw01 kernel: [ 3151.357893] device tap88804949-98 entered promiscuous mode
Nov  3 03:04:06 gtw01 systemd-udevd[29424]: Could not generate persistent MAC address for tap88804949-98: No such file or directory
Nov  3 03:04:06 gtw01 systemd-udevd[29424]: Process '/sbin/ip link set tap88804949-98 txqueuelen 10000' failed with exit code 1.
Nov  3 03:04:08 gtw01 systemd-udevd[29545]: Could not generate persistent MAC address for tap58be3f2f-79: No such file or directory
Nov  3 03:04:08 gtw01 kernel: [ 3154.170301] device tap58be3f2f-79 entered promiscuous mode
Nov  3 03:04:08 gtw01 systemd-udevd[29545]: Process '/sbin/ip link set tap58be3f2f-79 txqueuelen 10000' failed with exit code 1.
Nov  3 03:04:08 gtw01 systemd-udevd[29597]: Process '/sbin/ip link set tap58be3f2f-79 txqueuelen 10000' failed with exit code 1.
Nov  3 03:04:09 gtw01 dnsmasq[29620]: started, version 2.80 cachesize 150
Nov  3 03:04:09 gtw01 dnsmasq[29620]: DNS service limited to local subnets
Nov  3 03:04:09 gtw01 dnsmasq[29620]: compile time options: IPv6 GNU-getopt DBus i18n IDN DHCP DHCPv6 no-Lua TFTP conntrack ipset auth DNSSEC loop-detect inotify dumpfile
Nov  3 03:04:09 gtw01 dnsmasq[29620]: warning: no upstream servers configured
Nov  3 03:04:09 gtw01 dnsmasq-dhcp[29620]: DHCP, static leases only on 192.168.120.0, lease time 1h
Nov  3 03:04:09 gtw01 dnsmasq[29620]: read /var/lib/neutron/dhcp/d937c054-a8bd-4c78-aebc-196c87b0d5fa/addn_hosts - 1 addresses
Nov  3 03:04:09 gtw01 dnsmasq-dhcp[29620]: read /var/lib/neutron/dhcp/d937c054-a8bd-4c78-aebc-196c87b0d5fa/host
Nov  3 03:04:09 gtw01 dnsmasq-dhcp[29620]: read /var/lib/neutron/dhcp/d937c054-a8bd-4c78-aebc-196c87b0d5fa/opts
Nov  3 03:04:09 gtw01 haproxy-metadata-proxy-d937c054-a8bd-4c78-aebc-196c87b0d5fa[29626]: Proxy listener started.
Nov  3 03:04:10 gtw01 dnsmasq[29620]: read /var/lib/neutron/dhcp/d937c054-a8bd-4c78-aebc-196c87b0d5fa/addn_hosts - 2 addresses
Nov  3 03:04:10 gtw01 dnsmasq-dhcp[29620]: read /var/lib/neutron/dhcp/d937c054-a8bd-4c78-aebc-196c87b0d5fa/host
Nov  3 03:04:10 gtw01 dnsmasq-dhcp[29620]: read /var/lib/neutron/dhcp/d937c054-a8bd-4c78-aebc-196c87b0d5fa/opts
Nov  3 03:04:11 gtw01 dnsmasq[29620]: read /var/lib/neutron/dhcp/d937c054-a8bd-4c78-aebc-196c87b0d5fa/addn_hosts - 2 addresses
Nov  3 03:04:11 gtw01 dnsmasq-dhcp[29620]: read /var/lib/neutron/dhcp/d937c054-a8bd-4c78-aebc-196c87b0d5fa/host
Nov  3 03:04:11 gtw01 dnsmasq-dhcp[29620]: read /var/lib/neutron/dhcp/d937c054-a8bd-4c78-aebc-196c87b0d5fa/opts
Nov  3 03:04:11 gtw01 dnsmasq[29620]: read /var/lib/neutron/dhcp/d937c054-a8bd-4c78-aebc-196c87b0d5fa/addn_hosts - 2 addresses
Nov  3 03:04:11 gtw01 dnsmasq-dhcp[29620]: read /var/lib/neutron/dhcp/d937c054-a8bd-4c78-aebc-196c87b0d5fa/host
Nov  3 03:04:11 gtw01 dnsmasq-dhcp[29620]: read /var/lib/neutron/dhcp/d937c054-a8bd-4c78-aebc-196c87b0d5fa/opts
Nov  3 03:04:12 gtw01 dnsmasq[29714]: started, version 2.80 cachesize 150
Nov  3 03:04:12 gtw01 dnsmasq[29714]: DNS service limited to local subnets
Nov  3 03:04:12 gtw01 dnsmasq[29714]: compile time options: IPv6 GNU-getopt DBus i18n IDN DHCP DHCPv6 no-Lua TFTP conntrack ipset auth DNSSEC loop-detect inotify dumpfile
Nov  3 03:04:12 gtw01 dnsmasq[29714]: warning: no upstream servers configured
Nov  3 03:04:12 gtw01 dnsmasq-dhcp[29714]: DHCP, static leases only on 192.168.120.16, lease time 1h
Nov  3 03:04:12 gtw01 dnsmasq[29714]: read /var/lib/neutron/dhcp/adcf5b89-6ebd-4425-b7e4-52311ce79486/addn_hosts - 1 addresses
Nov  3 03:04:12 gtw01 dnsmasq-dhcp[29714]: read /var/lib/neutron/dhcp/adcf5b89-6ebd-4425-b7e4-52311ce79486/host
Nov  3 03:04:12 gtw01 dnsmasq-dhcp[29714]: read /var/lib/neutron/dhcp/adcf5b89-6ebd-4425-b7e4-52311ce79486/opts
Nov  3 03:04:12 gtw01 haproxy-metadata-proxy-adcf5b89-6ebd-4425-b7e4-52311ce79486[29722]: Proxy listener started.
Nov  3 03:04:12 gtw01 dnsmasq[29620]: read /var/lib/neutron/dhcp/d937c054-a8bd-4c78-aebc-196c87b0d5fa/addn_hosts - 2 addresses
Nov  3 03:04:12 gtw01 dnsmasq-dhcp[29620]: read /var/lib/neutron/dhcp/d937c054-a8bd-4c78-aebc-196c87b0d5fa/host
Nov  3 03:04:12 gtw01 dnsmasq-dhcp[29620]: read /var/lib/neutron/dhcp/d937c054-a8bd-4c78-aebc-196c87b0d5fa/opts
Nov  3 03:04:13 gtw01 dnsmasq[29714]: read /var/lib/neutron/dhcp/adcf5b89-6ebd-4425-b7e4-52311ce79486/addn_hosts - 2 addresses
Nov  3 03:04:13 gtw01 dnsmasq-dhcp[29714]: read /var/lib/neutron/dhcp/adcf5b89-6ebd-4425-b7e4-52311ce79486/host
Nov  3 03:04:13 gtw01 dnsmasq-dhcp[29714]: read /var/lib/neutron/dhcp/adcf5b89-6ebd-4425-b7e4-52311ce79486/opts
Nov  3 03:04:14 gtw01 dnsmasq[29714]: read /var/lib/neutron/dhcp/adcf5b89-6ebd-4425-b7e4-52311ce79486/addn_hosts - 2 addresses
Nov  3 03:04:14 gtw01 dnsmasq-dhcp[29714]: read /var/lib/neutron/dhcp/adcf5b89-6ebd-4425-b7e4-52311ce79486/host
Nov  3 03:04:14 gtw01 dnsmasq-dhcp[29714]: read /var/lib/neutron/dhcp/adcf5b89-6ebd-4425-b7e4-52311ce79486/opts
Nov  3 03:04:15 gtw01 dnsmasq[29714]: read /var/lib/neutron/dhcp/adcf5b89-6ebd-4425-b7e4-52311ce79486/addn_hosts - 2 addresses
Nov  3 03:04:15 gtw01 dnsmasq-dhcp[29714]: read /var/lib/neutron/dhcp/adcf5b89-6ebd-4425-b7e4-52311ce79486/host
Nov  3 03:04:15 gtw01 dnsmasq-dhcp[29714]: read /var/lib/neutron/dhcp/adcf5b89-6ebd-4425-b7e4-52311ce79486/opts
Nov  3 03:04:15 gtw01 kernel: [ 3161.204549] device tap583813da-f7 entered promiscuous mode
Nov  3 03:04:15 gtw01 systemd-udevd[29817]: Could not generate persistent MAC address for tap583813da-f7: No such file or directory
Nov  3 03:04:15 gtw01 dnsmasq[29714]: read /var/lib/neutron/dhcp/adcf5b89-6ebd-4425-b7e4-52311ce79486/addn_hosts - 2 addresses
Nov  3 03:04:15 gtw01 dnsmasq-dhcp[29714]: read /var/lib/neutron/dhcp/adcf5b89-6ebd-4425-b7e4-52311ce79486/host
Nov  3 03:04:15 gtw01 dnsmasq-dhcp[29714]: read /var/lib/neutron/dhcp/adcf5b89-6ebd-4425-b7e4-52311ce79486/opts
Nov  3 03:04:16 gtw01 systemd-udevd[29866]: Process '/sbin/ip link set tap583813da-f7 txqueuelen 10000' failed with exit code 1.
Nov  3 03:04:17 gtw01 systemd-udevd[29923]: Could not generate persistent MAC address for tap752882cd-1b: No such file or directory
Nov  3 03:04:17 gtw01 kernel: [ 3162.506769] device tap752882cd-1b entered promiscuous mode
Nov  3 03:04:17 gtw01 systemd-udevd[29972]: Process '/sbin/ip link set tap752882cd-1b txqueuelen 10000' failed with exit code 1.
Nov  3 03:04:18 gtw01 systemd-udevd[30026]: Could not generate persistent MAC address for tap01da0967-5d: No such file or directory
Nov  3 03:04:18 gtw01 kernel: [ 3163.527863] device tap01da0967-5d entered promiscuous mode
Nov  3 03:04:18 gtw01 systemd-udevd[30026]: Process '/sbin/ip link set tap01da0967-5d txqueuelen 10000' failed with exit code 1.
Nov  3 03:04:19 gtw01 dnsmasq[30143]: started, version 2.80 cachesize 150
Nov  3 03:04:19 gtw01 dnsmasq[30143]: DNS service limited to local subnets
Nov  3 03:04:19 gtw01 dnsmasq[30143]: compile time options: IPv6 GNU-getopt DBus i18n IDN DHCP DHCPv6 no-Lua TFTP conntrack ipset auth DNSSEC loop-detect inotify dumpfile
Nov  3 03:04:19 gtw01 dnsmasq[30143]: warning: no upstream servers configured
Nov  3 03:04:19 gtw01 dnsmasq-dhcp[30143]: DHCP, static leases only on 192.168.120.32, lease time 1h
Nov  3 03:04:19 gtw01 dnsmasq[30143]: read /var/lib/neutron/dhcp/207c3ac7-478d-473f-90ba-eb739a3fef77/addn_hosts - 1 addresses
Nov  3 03:04:19 gtw01 dnsmasq-dhcp[30143]: read /var/lib/neutron/dhcp/207c3ac7-478d-473f-90ba-eb739a3fef77/host
Nov  3 03:04:19 gtw01 dnsmasq-dhcp[30143]: read /var/lib/neutron/dhcp/207c3ac7-478d-473f-90ba-eb739a3fef77/opts
Nov  3 03:04:20 gtw01 haproxy-metadata-proxy-207c3ac7-478d-473f-90ba-eb739a3fef77[30159]: Proxy listener started.
Nov  3 03:04:21 gtw01 systemd-udevd[30211]: Could not generate persistent MAC address for tap0b9818de-5b: No such file or directory
Nov  3 03:04:21 gtw01 kernel: [ 3166.556045] device tap0b9818de-5b entered promiscuous mode
Nov  3 03:04:21 gtw01 systemd-udevd[30211]: Process '/sbin/ip link set tap0b9818de-5b txqueuelen 10000' failed with exit code 1.
Nov  3 03:04:21 gtw01 systemd-udevd[30269]: Process '/sbin/ip link set tap0b9818de-5b txqueuelen 10000' failed with exit code 1.
Nov  3 03:04:21 gtw01 dnsmasq[30143]: read /var/lib/neutron/dhcp/207c3ac7-478d-473f-90ba-eb739a3fef77/addn_hosts - 2 addresses
Nov  3 03:04:21 gtw01 dnsmasq-dhcp[30143]: read /var/lib/neutron/dhcp/207c3ac7-478d-473f-90ba-eb739a3fef77/host
Nov  3 03:04:21 gtw01 dnsmasq-dhcp[30143]: read /var/lib/neutron/dhcp/207c3ac7-478d-473f-90ba-eb739a3fef77/opts
Nov  3 03:04:22 gtw01 systemd-udevd[30303]: Could not generate persistent MAC address for tap9d410b4d-00: No such file or directory
Nov  3 03:04:22 gtw01 kernel: [ 3167.348152] device tap9d410b4d-00 entered promiscuous mode
Nov  3 03:04:22 gtw01 systemd-udevd[30350]: Process '/sbin/ip link set tap9d410b4d-00 txqueuelen 10000' failed with exit code 1.
Nov  3 03:04:22 gtw01 dnsmasq[30386]: started, version 2.80 cachesize 150
Nov  3 03:04:22 gtw01 dnsmasq[30386]: DNS service limited to local subnets
Nov  3 03:04:22 gtw01 dnsmasq[30386]: compile time options: IPv6 GNU-getopt DBus i18n IDN DHCP DHCPv6 no-Lua TFTP conntrack ipset auth DNSSEC loop-detect inotify dumpfile
Nov  3 03:04:22 gtw01 dnsmasq[30386]: warning: no upstream servers configured
Nov  3 03:04:22 gtw01 dnsmasq-dhcp[30386]: DHCP, static leases only on 192.168.120.0, lease time 1h
Nov  3 03:04:22 gtw01 dnsmasq[30386]: read /var/lib/neutron/dhcp/c2d75af3-8827-4f1c-b3e8-ef61c587fd66/addn_hosts - 1 addresses
Nov  3 03:04:22 gtw01 dnsmasq-dhcp[30386]: read /var/lib/neutron/dhcp/c2d75af3-8827-4f1c-b3e8-ef61c587fd66/host
Nov  3 03:04:22 gtw01 dnsmasq-dhcp[30386]: read /var/lib/neutron/dhcp/c2d75af3-8827-4f1c-b3e8-ef61c587fd66/opts
Nov  3 03:04:23 gtw01 haproxy-metadata-proxy-c2d75af3-8827-4f1c-b3e8-ef61c587fd66[30404]: Proxy listener started.
Nov  3 03:04:23 gtw01 dnsmasq[30143]: read /var/lib/neutron/dhcp/207c3ac7-478d-473f-90ba-eb739a3fef77/addn_hosts - 2 addresses
Nov  3 03:04:23 gtw01 dnsmasq-dhcp[30143]: read /var/lib/neutron/dhcp/207c3ac7-478d-473f-90ba-eb739a3fef77/host
Nov  3 03:04:23 gtw01 dnsmasq-dhcp[30143]: read /var/lib/neutron/dhcp/207c3ac7-478d-473f-90ba-eb739a3fef77/opts
Nov  3 03:04:24 gtw01 dnsmasq[30455]: started, version 2.80 cachesize 150
Nov  3 03:04:24 gtw01 dnsmasq[30455]: DNS service limited to local subnets
Nov  3 03:04:24 gtw01 dnsmasq[30455]: compile time options: IPv6 GNU-getopt DBus i18n IDN DHCP DHCPv6 no-Lua TFTP conntrack ipset auth DNSSEC loop-detect inotify dumpfile
Nov  3 03:04:24 gtw01 dnsmasq[30455]: warning: no upstream servers configured
Nov  3 03:04:24 gtw01 dnsmasq-dhcp[30455]: DHCP, static leases only on 192.168.120.48, lease time 1h
Nov  3 03:04:24 gtw01 dnsmasq[30455]: read /var/lib/neutron/dhcp/08394610-ae32-4ad5-b3d5-078960c5602f/addn_hosts - 1 addresses
Nov  3 03:04:24 gtw01 dnsmasq-dhcp[30455]: read /var/lib/neutron/dhcp/08394610-ae32-4ad5-b3d5-078960c5602f/host
Nov  3 03:04:24 gtw01 dnsmasq-dhcp[30455]: read /var/lib/neutron/dhcp/08394610-ae32-4ad5-b3d5-078960c5602f/opts
Nov  3 03:04:24 gtw01 kernel: [ 3170.052294] device tap752882cd-1b left promiscuous mode
Nov  3 03:04:24 gtw01 haproxy-metadata-proxy-08394610-ae32-4ad5-b3d5-078960c5602f[30477]: Proxy listener started.
Nov  3 03:04:25 gtw01 kernel: [ 3170.311468] device tap3bf7de28-86 entered promiscuous mode
Nov  3 03:04:25 gtw01 systemd-udevd[30485]: Could not generate persistent MAC address for tap3bf7de28-86: No such file or directory
Nov  3 03:04:25 gtw01 systemd-udevd[30537]: Process '/sbin/ip link set tap3bf7de28-86 txqueuelen 10000' failed with exit code 1.
Nov  3 03:04:25 gtw01 dnsmasq[30143]: read /var/lib/neutron/dhcp/207c3ac7-478d-473f-90ba-eb739a3fef77/addn_hosts - 2 addresses
Nov  3 03:04:25 gtw01 dnsmasq-dhcp[30143]: read /var/lib/neutron/dhcp/207c3ac7-478d-473f-90ba-eb739a3fef77/host
Nov  3 03:04:25 gtw01 dnsmasq-dhcp[30143]: read /var/lib/neutron/dhcp/207c3ac7-478d-473f-90ba-eb739a3fef77/opts
Nov  3 03:04:26 gtw01 dnsmasq[30455]: read /var/lib/neutron/dhcp/08394610-ae32-4ad5-b3d5-078960c5602f/addn_hosts - 2 addresses
Nov  3 03:04:26 gtw01 dnsmasq-dhcp[30455]: read /var/lib/neutron/dhcp/08394610-ae32-4ad5-b3d5-078960c5602f/host
Nov  3 03:04:26 gtw01 dnsmasq-dhcp[30455]: read /var/lib/neutron/dhcp/08394610-ae32-4ad5-b3d5-078960c5602f/opts
Nov  3 03:04:27 gtw01 dnsmasq[30143]: read /var/lib/neutron/dhcp/207c3ac7-478d-473f-90ba-eb739a3fef77/addn_hosts - 2 addresses
Nov  3 03:04:27 gtw01 dnsmasq-dhcp[30143]: read /var/lib/neutron/dhcp/207c3ac7-478d-473f-90ba-eb739a3fef77/host
Nov  3 03:04:27 gtw01 dnsmasq-dhcp[30143]: read /var/lib/neutron/dhcp/207c3ac7-478d-473f-90ba-eb739a3fef77/opts
Nov  3 03:04:28 gtw01 dnsmasq[30455]: read /var/lib/neutron/dhcp/08394610-ae32-4ad5-b3d5-078960c5602f/addn_hosts - 2 addresses
Nov  3 03:04:28 gtw01 dnsmasq-dhcp[30455]: read /var/lib/neutron/dhcp/08394610-ae32-4ad5-b3d5-078960c5602f/host
Nov  3 03:04:28 gtw01 dnsmasq-dhcp[30455]: read /var/lib/neutron/dhcp/08394610-ae32-4ad5-b3d5-078960c5602f/opts
Nov  3 03:04:28 gtw01 dnsmasq[30696]: started, version 2.80 cachesize 150
Nov  3 03:04:28 gtw01 dnsmasq[30696]: DNS service limited to local subnets
Nov  3 03:04:28 gtw01 dnsmasq[30696]: compile time options: IPv6 GNU-getopt DBus i18n IDN DHCP DHCPv6 no-Lua TFTP conntrack ipset auth DNSSEC loop-detect inotify dumpfile
Nov  3 03:04:28 gtw01 dnsmasq[30696]: warning: no upstream servers configured
Nov  3 03:04:28 gtw01 dnsmasq-dhcp[30696]: DHCP, static leases only on 192.168.120.0, lease time 1h
Nov  3 03:04:28 gtw01 dnsmasq[30696]: read /var/lib/neutron/dhcp/0e718cf7-7b0a-4330-a918-3dd636e6506c/addn_hosts - 1 addresses
Nov  3 03:04:28 gtw01 dnsmasq-dhcp[30696]: read /var/lib/neutron/dhcp/0e718cf7-7b0a-4330-a918-3dd636e6506c/host
Nov  3 03:04:28 gtw01 dnsmasq-dhcp[30696]: read /var/lib/neutron/dhcp/0e718cf7-7b0a-4330-a918-3dd636e6506c/opts
Nov  3 03:04:29 gtw01 dnsmasq[30709]: started, version 2.80 cachesize 150
Nov  3 03:04:29 gtw01 dnsmasq[30709]: DNS service limited to local subnets
