Nov  3 03:51:13 gtw01 dnsmasq[21690]: compile time options: IPv6 GNU-getopt DBus i18n IDN DHCP DHCPv6 no-Lua TFTP conntrack ipset auth DNSSEC loop-detect inotify dumpfile
Nov  3 03:51:13 gtw01 dnsmasq[21690]: warning: no upstream servers configured
Nov  3 03:51:13 gtw01 dnsmasq-dhcp[21690]: DHCP, static leases only on 19.80.0.0, lease time 1h
Nov  3 03:51:13 gtw01 dnsmasq[21690]: read /var/lib/neutron/dhcp/f5149111-28e9-4303-86ad-ea97e6393b77/addn_hosts - 1 addresses
Nov  3 03:51:13 gtw01 dnsmasq-dhcp[21690]: read /var/lib/neutron/dhcp/f5149111-28e9-4303-86ad-ea97e6393b77/host
Nov  3 03:51:13 gtw01 dnsmasq-dhcp[21690]: read /var/lib/neutron/dhcp/f5149111-28e9-4303-86ad-ea97e6393b77/opts
Nov  3 03:51:13 gtw01 haproxy-metadata-proxy-f5149111-28e9-4303-86ad-ea97e6393b77[21701]: Proxy listener started.
Nov  3 03:51:14 gtw01 dnsmasq[21690]: read /var/lib/neutron/dhcp/f5149111-28e9-4303-86ad-ea97e6393b77/addn_hosts - 2 addresses
Nov  3 03:51:14 gtw01 dnsmasq-dhcp[21690]: read /var/lib/neutron/dhcp/f5149111-28e9-4303-86ad-ea97e6393b77/host
Nov  3 03:51:14 gtw01 dnsmasq-dhcp[21690]: read /var/lib/neutron/dhcp/f5149111-28e9-4303-86ad-ea97e6393b77/opts
Nov  3 03:51:15 gtw01 dnsmasq-dhcp[21243]: DHCPDISCOVER(tap651e3865-66) fa:16:3e:1a:73:6a
Nov  3 03:51:15 gtw01 dnsmasq-dhcp[21243]: DHCPOFFER(tap651e3865-66) 192.168.120.3 fa:16:3e:1a:73:6a
Nov  3 03:51:15 gtw01 dnsmasq-dhcp[21243]: DHCPREQUEST(tap651e3865-66) 192.168.120.3 fa:16:3e:1a:73:6a
Nov  3 03:51:15 gtw01 dnsmasq-dhcp[21243]: DHCPACK(tap651e3865-66) 192.168.120.3 fa:16:3e:1a:73:6a host-192-168-120-3
Nov  3 03:51:15 gtw01 dnsmasq[21746]: started, version 2.80 cachesize 150
Nov  3 03:51:15 gtw01 dnsmasq[21746]: DNS service limited to local subnets
Nov  3 03:51:15 gtw01 dnsmasq[21746]: compile time options: IPv6 GNU-getopt DBus i18n IDN DHCP DHCPv6 no-Lua TFTP conntrack ipset auth DNSSEC loop-detect inotify dumpfile
Nov  3 03:51:15 gtw01 dnsmasq[21746]: warning: no upstream servers configured
Nov  3 03:51:15 gtw01 dnsmasq-dhcp[21746]: DHCP, static leases only on 19.86.0.0, lease time 1h
Nov  3 03:51:15 gtw01 dnsmasq[21746]: read /var/lib/neutron/dhcp/60cee0f6-5a59-4a4a-a5c9-6cc5ad742876/addn_hosts - 1 addresses
Nov  3 03:51:15 gtw01 dnsmasq-dhcp[21746]: read /var/lib/neutron/dhcp/60cee0f6-5a59-4a4a-a5c9-6cc5ad742876/host
Nov  3 03:51:15 gtw01 dnsmasq-dhcp[21746]: read /var/lib/neutron/dhcp/60cee0f6-5a59-4a4a-a5c9-6cc5ad742876/opts
Nov  3 03:51:15 gtw01 haproxy-metadata-proxy-60cee0f6-5a59-4a4a-a5c9-6cc5ad742876[21753]: Proxy listener started.
Nov  3 03:51:15 gtw01 dnsmasq[21690]: read /var/lib/neutron/dhcp/f5149111-28e9-4303-86ad-ea97e6393b77/addn_hosts - 2 addresses
Nov  3 03:51:15 gtw01 dnsmasq-dhcp[21690]: read /var/lib/neutron/dhcp/f5149111-28e9-4303-86ad-ea97e6393b77/host
Nov  3 03:51:15 gtw01 dnsmasq-dhcp[21690]: read /var/lib/neutron/dhcp/f5149111-28e9-4303-86ad-ea97e6393b77/opts
Nov  3 03:51:16 gtw01 dnsmasq[21746]: read /var/lib/neutron/dhcp/60cee0f6-5a59-4a4a-a5c9-6cc5ad742876/addn_hosts - 2 addresses
Nov  3 03:51:16 gtw01 dnsmasq-dhcp[21746]: read /var/lib/neutron/dhcp/60cee0f6-5a59-4a4a-a5c9-6cc5ad742876/host
Nov  3 03:51:16 gtw01 dnsmasq-dhcp[21746]: read /var/lib/neutron/dhcp/60cee0f6-5a59-4a4a-a5c9-6cc5ad742876/opts
Nov  3 03:51:16 gtw01 dnsmasq[21690]: read /var/lib/neutron/dhcp/f5149111-28e9-4303-86ad-ea97e6393b77/addn_hosts - 2 addresses
Nov  3 03:51:16 gtw01 dnsmasq-dhcp[21690]: read /var/lib/neutron/dhcp/f5149111-28e9-4303-86ad-ea97e6393b77/host
Nov  3 03:51:16 gtw01 dnsmasq-dhcp[21690]: read /var/lib/neutron/dhcp/f5149111-28e9-4303-86ad-ea97e6393b77/opts
Nov  3 03:51:17 gtw01 dnsmasq[21746]: read /var/lib/neutron/dhcp/60cee0f6-5a59-4a4a-a5c9-6cc5ad742876/addn_hosts - 2 addresses
Nov  3 03:51:17 gtw01 dnsmasq-dhcp[21746]: read /var/lib/neutron/dhcp/60cee0f6-5a59-4a4a-a5c9-6cc5ad742876/host
Nov  3 03:51:17 gtw01 dnsmasq-dhcp[21746]: read /var/lib/neutron/dhcp/60cee0f6-5a59-4a4a-a5c9-6cc5ad742876/opts
Nov  3 03:51:17 gtw01 dnsmasq[21690]: read /var/lib/neutron/dhcp/f5149111-28e9-4303-86ad-ea97e6393b77/addn_hosts - 2 addresses
Nov  3 03:51:17 gtw01 dnsmasq-dhcp[21690]: read /var/lib/neutron/dhcp/f5149111-28e9-4303-86ad-ea97e6393b77/host
Nov  3 03:51:17 gtw01 dnsmasq-dhcp[21690]: read /var/lib/neutron/dhcp/f5149111-28e9-4303-86ad-ea97e6393b77/opts
Nov  3 03:51:18 gtw01 dnsmasq[21746]: read /var/lib/neutron/dhcp/60cee0f6-5a59-4a4a-a5c9-6cc5ad742876/addn_hosts - 2 addresses
Nov  3 03:51:18 gtw01 dnsmasq-dhcp[21746]: read /var/lib/neutron/dhcp/60cee0f6-5a59-4a4a-a5c9-6cc5ad742876/host
Nov  3 03:51:18 gtw01 dnsmasq-dhcp[21746]: read /var/lib/neutron/dhcp/60cee0f6-5a59-4a4a-a5c9-6cc5ad742876/opts
Nov  3 03:51:18 gtw01 dnsmasq[21690]: read /var/lib/neutron/dhcp/f5149111-28e9-4303-86ad-ea97e6393b77/addn_hosts - 2 addresses
Nov  3 03:51:18 gtw01 dnsmasq-dhcp[21690]: read /var/lib/neutron/dhcp/f5149111-28e9-4303-86ad-ea97e6393b77/host
Nov  3 03:51:18 gtw01 dnsmasq-dhcp[21690]: read /var/lib/neutron/dhcp/f5149111-28e9-4303-86ad-ea97e6393b77/opts
Nov  3 03:51:19 gtw01 dnsmasq[21746]: read /var/lib/neutron/dhcp/60cee0f6-5a59-4a4a-a5c9-6cc5ad742876/addn_hosts - 2 addresses
Nov  3 03:51:19 gtw01 dnsmasq-dhcp[21746]: read /var/lib/neutron/dhcp/60cee0f6-5a59-4a4a-a5c9-6cc5ad742876/host
Nov  3 03:51:19 gtw01 dnsmasq-dhcp[21746]: read /var/lib/neutron/dhcp/60cee0f6-5a59-4a4a-a5c9-6cc5ad742876/opts
Nov  3 03:51:19 gtw01 dnsmasq[21690]: read /var/lib/neutron/dhcp/f5149111-28e9-4303-86ad-ea97e6393b77/addn_hosts - 2 addresses
Nov  3 03:51:19 gtw01 dnsmasq-dhcp[21690]: read /var/lib/neutron/dhcp/f5149111-28e9-4303-86ad-ea97e6393b77/host
Nov  3 03:51:19 gtw01 dnsmasq-dhcp[21690]: read /var/lib/neutron/dhcp/f5149111-28e9-4303-86ad-ea97e6393b77/opts
Nov  3 03:51:20 gtw01 dnsmasq[21746]: read /var/lib/neutron/dhcp/60cee0f6-5a59-4a4a-a5c9-6cc5ad742876/addn_hosts - 2 addresses
Nov  3 03:51:20 gtw01 dnsmasq-dhcp[21746]: read /var/lib/neutron/dhcp/60cee0f6-5a59-4a4a-a5c9-6cc5ad742876/host
Nov  3 03:51:20 gtw01 dnsmasq-dhcp[21746]: read /var/lib/neutron/dhcp/60cee0f6-5a59-4a4a-a5c9-6cc5ad742876/opts
Nov  3 03:51:21 gtw01 dnsmasq[21746]: read /var/lib/neutron/dhcp/60cee0f6-5a59-4a4a-a5c9-6cc5ad742876/addn_hosts - 2 addresses
Nov  3 03:51:21 gtw01 dnsmasq-dhcp[21746]: read /var/lib/neutron/dhcp/60cee0f6-5a59-4a4a-a5c9-6cc5ad742876/host
Nov  3 03:51:21 gtw01 dnsmasq-dhcp[21746]: read /var/lib/neutron/dhcp/60cee0f6-5a59-4a4a-a5c9-6cc5ad742876/opts
Nov  3 03:51:23 gtw01 dnsmasq-dhcp[21243]: DHCPDISCOVER(tap651e3865-66) fa:16:3e:8b:de:86
Nov  3 03:51:23 gtw01 dnsmasq-dhcp[21243]: DHCPOFFER(tap651e3865-66) 192.168.120.4 fa:16:3e:8b:de:86
Nov  3 03:51:23 gtw01 dnsmasq-dhcp[21243]: DHCPREQUEST(tap651e3865-66) 192.168.120.4 fa:16:3e:8b:de:86
Nov  3 03:51:23 gtw01 dnsmasq-dhcp[21243]: DHCPACK(tap651e3865-66) 192.168.120.4 fa:16:3e:8b:de:86 host-192-168-120-4
Nov  3 03:51:25 gtw01 dnsmasq[21690]: read /var/lib/neutron/dhcp/f5149111-28e9-4303-86ad-ea97e6393b77/addn_hosts - 1 addresses
Nov  3 03:51:25 gtw01 dnsmasq-dhcp[21690]: read /var/lib/neutron/dhcp/f5149111-28e9-4303-86ad-ea97e6393b77/host
Nov  3 03:51:25 gtw01 dnsmasq-dhcp[21690]: read /var/lib/neutron/dhcp/f5149111-28e9-4303-86ad-ea97e6393b77/opts
Nov  3 03:51:26 gtw01 dnsmasq[21746]: read /var/lib/neutron/dhcp/60cee0f6-5a59-4a4a-a5c9-6cc5ad742876/addn_hosts - 1 addresses
Nov  3 03:51:26 gtw01 dnsmasq-dhcp[21746]: read /var/lib/neutron/dhcp/60cee0f6-5a59-4a4a-a5c9-6cc5ad742876/host
Nov  3 03:51:26 gtw01 dnsmasq-dhcp[21746]: read /var/lib/neutron/dhcp/60cee0f6-5a59-4a4a-a5c9-6cc5ad742876/opts
Nov  3 03:51:28 gtw01 kernel: [ 5994.138654] device tape2947fa8-eb left promiscuous mode
Nov  3 03:51:32 gtw01 kernel: [ 5997.982453] device tap796b23ae-29 left promiscuous mode
Nov  3 03:51:35 gtw01 dnsmasq[12514]: read /var/lib/neutron/dhcp/b8d47c75-7672-43c6-9cff-727534f7a0ef/addn_hosts - 2 addresses
Nov  3 03:51:35 gtw01 dnsmasq-dhcp[12514]: read /var/lib/neutron/dhcp/b8d47c75-7672-43c6-9cff-727534f7a0ef/host
Nov  3 03:51:35 gtw01 dnsmasq-dhcp[12514]: read /var/lib/neutron/dhcp/b8d47c75-7672-43c6-9cff-727534f7a0ef/opts
Nov  3 03:51:37 gtw01 dnsmasq[20376]: read /var/lib/neutron/dhcp/59d106f0-e2e5-433f-8e25-528c7fc564b8/addn_hosts - 1 addresses
Nov  3 03:51:37 gtw01 dnsmasq-dhcp[20376]: read /var/lib/neutron/dhcp/59d106f0-e2e5-433f-8e25-528c7fc564b8/host
Nov  3 03:51:37 gtw01 dnsmasq-dhcp[20376]: read /var/lib/neutron/dhcp/59d106f0-e2e5-433f-8e25-528c7fc564b8/opts
Nov  3 03:51:38 gtw01 dnsmasq[12514]: read /var/lib/neutron/dhcp/b8d47c75-7672-43c6-9cff-727534f7a0ef/addn_hosts - 3 addresses
Nov  3 03:51:38 gtw01 dnsmasq-dhcp[12514]: read /var/lib/neutron/dhcp/b8d47c75-7672-43c6-9cff-727534f7a0ef/host
Nov  3 03:51:38 gtw01 dnsmasq-dhcp[12514]: read /var/lib/neutron/dhcp/b8d47c75-7672-43c6-9cff-727534f7a0ef/opts
Nov  3 03:51:39 gtw01 dnsmasq[12514]: read /var/lib/neutron/dhcp/b8d47c75-7672-43c6-9cff-727534f7a0ef/addn_hosts - 3 addresses
Nov  3 03:51:39 gtw01 dnsmasq-dhcp[12514]: read /var/lib/neutron/dhcp/b8d47c75-7672-43c6-9cff-727534f7a0ef/host
Nov  3 03:51:39 gtw01 dnsmasq-dhcp[12514]: read /var/lib/neutron/dhcp/b8d47c75-7672-43c6-9cff-727534f7a0ef/opts
Nov  3 03:51:39 gtw01 dnsmasq-dhcp[21243]: DHCPRELEASE(tap651e3865-66) 192.168.120.5 fa:16:3e:8a:a7:f9
Nov  3 03:51:40 gtw01 dnsmasq[12514]: read /var/lib/neutron/dhcp/b8d47c75-7672-43c6-9cff-727534f7a0ef/addn_hosts - 3 addresses
Nov  3 03:51:40 gtw01 dnsmasq-dhcp[12514]: read /var/lib/neutron/dhcp/b8d47c75-7672-43c6-9cff-727534f7a0ef/host
Nov  3 03:51:40 gtw01 dnsmasq-dhcp[12514]: read /var/lib/neutron/dhcp/b8d47c75-7672-43c6-9cff-727534f7a0ef/opts
Nov  3 03:51:42 gtw01 kernel: [ 6007.736006] device tapae8b4504-a2 left promiscuous mode
Nov  3 03:51:51 gtw01 systemd-udevd[22086]: Could not generate persistent MAC address for tap007efbde-2d: No such file or directory
Nov  3 03:51:51 gtw01 kernel: [ 6016.938533] device tap007efbde-2d entered promiscuous mode
Nov  3 03:51:51 gtw01 systemd-udevd[22086]: Process '/sbin/ip link set tap007efbde-2d txqueuelen 10000' failed with exit code 1.
Nov  3 03:51:51 gtw01 systemd-udevd[22086]: Process '/sbin/ip link set tap007efbde-2d txqueuelen 10000' failed with exit code 1.
Nov  3 03:51:53 gtw01 dnsmasq-dhcp[12514]: DHCPDISCOVER(tapef0975e4-ae) fa:16:3e:d0:8e:1c
Nov  3 03:51:53 gtw01 dnsmasq-dhcp[12514]: DHCPOFFER(tapef0975e4-ae) 192.168.120.5 fa:16:3e:d0:8e:1c
Nov  3 03:51:53 gtw01 dnsmasq-dhcp[12514]: DHCPREQUEST(tapef0975e4-ae) 192.168.120.5 fa:16:3e:d0:8e:1c
Nov  3 03:51:53 gtw01 dnsmasq-dhcp[12514]: DHCPACK(tapef0975e4-ae) 192.168.120.5 fa:16:3e:d0:8e:1c host-192-168-120-5
Nov  3 03:51:54 gtw01 dnsmasq-dhcp[21243]: DHCPRELEASE(tap651e3865-66) 192.168.120.4 fa:16:3e:8b:de:86
Nov  3 03:51:54 gtw01 dnsmasq-dhcp[21243]: DHCPRELEASE(tap651e3865-66) 192.168.120.4 fa:16:3e:8b:de:86 unknown lease
Nov  3 03:51:55 gtw01 dnsmasq[22214]: started, version 2.80 cachesize 150
Nov  3 03:51:55 gtw01 dnsmasq[22214]: DNS service limited to local subnets
Nov  3 03:51:55 gtw01 dnsmasq[22214]: compile time options: IPv6 GNU-getopt DBus i18n IDN DHCP DHCPv6 no-Lua TFTP conntrack ipset auth DNSSEC loop-detect inotify dumpfile
Nov  3 03:51:55 gtw01 dnsmasq[22214]: warning: no upstream servers configured
Nov  3 03:51:55 gtw01 dnsmasq-dhcp[22214]: DHCP, static leases only on 192.168.120.0, lease time 1h
Nov  3 03:51:55 gtw01 dnsmasq[22214]: read /var/lib/neutron/dhcp/4f3268d7-a387-4373-b1a4-b368748f88f1/addn_hosts - 1 addresses
Nov  3 03:51:55 gtw01 dnsmasq-dhcp[22214]: read /var/lib/neutron/dhcp/4f3268d7-a387-4373-b1a4-b368748f88f1/host
Nov  3 03:51:55 gtw01 dnsmasq-dhcp[22214]: read /var/lib/neutron/dhcp/4f3268d7-a387-4373-b1a4-b368748f88f1/opts
Nov  3 03:51:55 gtw01 dnsmasq[21243]: read /var/lib/neutron/dhcp/eee26452-82a5-4bd5-bb48-d1b901ccba18/addn_hosts - 3 addresses
Nov  3 03:51:55 gtw01 dnsmasq-dhcp[21243]: read /var/lib/neutron/dhcp/eee26452-82a5-4bd5-bb48-d1b901ccba18/host
Nov  3 03:51:55 gtw01 dnsmasq-dhcp[21243]: read /var/lib/neutron/dhcp/eee26452-82a5-4bd5-bb48-d1b901ccba18/opts
Nov  3 03:51:55 gtw01 haproxy-metadata-proxy-4f3268d7-a387-4373-b1a4-b368748f88f1[22221]: Proxy listener started.
Nov  3 03:51:56 gtw01 dnsmasq-dhcp[12514]: DHCPRELEASE(tapef0975e4-ae) 192.168.120.5 fa:16:3e:d0:8e:1c
Nov  3 03:51:56 gtw01 dnsmasq[22214]: read /var/lib/neutron/dhcp/4f3268d7-a387-4373-b1a4-b368748f88f1/addn_hosts - 2 addresses
Nov  3 03:51:56 gtw01 dnsmasq-dhcp[22214]: read /var/lib/neutron/dhcp/4f3268d7-a387-4373-b1a4-b368748f88f1/host
Nov  3 03:51:56 gtw01 dnsmasq-dhcp[22214]: read /var/lib/neutron/dhcp/4f3268d7-a387-4373-b1a4-b368748f88f1/opts
Nov  3 03:51:56 gtw01 dnsmasq-dhcp[21243]: DHCPRELEASE(tap651e3865-66) 192.168.120.3 fa:16:3e:1a:73:6a
Nov  3 03:51:56 gtw01 dnsmasq-dhcp[21243]: DHCPRELEASE(tap651e3865-66) 192.168.120.3 fa:16:3e:1a:73:6a unknown lease
Nov  3 03:51:57 gtw01 dnsmasq[22214]: read /var/lib/neutron/dhcp/4f3268d7-a387-4373-b1a4-b368748f88f1/addn_hosts - 2 addresses
Nov  3 03:51:57 gtw01 dnsmasq-dhcp[22214]: read /var/lib/neutron/dhcp/4f3268d7-a387-4373-b1a4-b368748f88f1/host
Nov  3 03:51:57 gtw01 dnsmasq-dhcp[22214]: read /var/lib/neutron/dhcp/4f3268d7-a387-4373-b1a4-b368748f88f1/opts
Nov  3 03:51:57 gtw01 dnsmasq[21243]: read /var/lib/neutron/dhcp/eee26452-82a5-4bd5-bb48-d1b901ccba18/addn_hosts - 2 addresses
Nov  3 03:51:57 gtw01 dnsmasq-dhcp[21243]: read /var/lib/neutron/dhcp/eee26452-82a5-4bd5-bb48-d1b901ccba18/host
Nov  3 03:51:57 gtw01 dnsmasq-dhcp[21243]: read /var/lib/neutron/dhcp/eee26452-82a5-4bd5-bb48-d1b901ccba18/opts
Nov  3 03:51:58 gtw01 dnsmasq[22214]: read /var/lib/neutron/dhcp/4f3268d7-a387-4373-b1a4-b368748f88f1/addn_hosts - 2 addresses
Nov  3 03:51:58 gtw01 dnsmasq-dhcp[22214]: read /var/lib/neutron/dhcp/4f3268d7-a387-4373-b1a4-b368748f88f1/host
Nov  3 03:51:58 gtw01 dnsmasq-dhcp[22214]: read /var/lib/neutron/dhcp/4f3268d7-a387-4373-b1a4-b368748f88f1/opts
Nov  3 03:51:59 gtw01 dnsmasq[22214]: read /var/lib/neutron/dhcp/4f3268d7-a387-4373-b1a4-b368748f88f1/addn_hosts - 2 addresses
Nov  3 03:51:59 gtw01 dnsmasq-dhcp[22214]: read /var/lib/neutron/dhcp/4f3268d7-a387-4373-b1a4-b368748f88f1/host
Nov  3 03:51:59 gtw01 dnsmasq-dhcp[22214]: read /var/lib/neutron/dhcp/4f3268d7-a387-4373-b1a4-b368748f88f1/opts
Nov  3 03:52:00 gtw01 kernel: [ 6025.310362] device tap7232a968-a1 entered promiscuous mode
Nov  3 03:52:00 gtw01 systemd-udevd[22343]: Could not generate persistent MAC address for tap7232a968-a1: No such file or directory
Nov  3 03:52:00 gtw01 systemd-udevd[22388]: Process '/sbin/ip link set tap7232a968-a1 txqueuelen 10000' failed with exit code 1.
Nov  3 03:52:00 gtw01 dnsmasq[21243]: read /var/lib/neutron/dhcp/eee26452-82a5-4bd5-bb48-d1b901ccba18/addn_hosts - 1 addresses
Nov  3 03:52:00 gtw01 dnsmasq-dhcp[21243]: read /var/lib/neutron/dhcp/eee26452-82a5-4bd5-bb48-d1b901ccba18/host
Nov  3 03:52:00 gtw01 dnsmasq-dhcp[21243]: read /var/lib/neutron/dhcp/eee26452-82a5-4bd5-bb48-d1b901ccba18/opts
Nov  3 03:52:00 gtw01 dnsmasq[22214]: read /var/lib/neutron/dhcp/4f3268d7-a387-4373-b1a4-b368748f88f1/addn_hosts - 2 addresses
Nov  3 03:52:00 gtw01 dnsmasq-dhcp[22214]: read /var/lib/neutron/dhcp/4f3268d7-a387-4373-b1a4-b368748f88f1/host
Nov  3 03:52:00 gtw01 dnsmasq-dhcp[22214]: read /var/lib/neutron/dhcp/4f3268d7-a387-4373-b1a4-b368748f88f1/opts
Nov  3 03:52:03 gtw01 kernel: [ 6028.693984] device tap651e3865-66 left promiscuous mode
Nov  3 03:52:03 gtw01 dnsmasq[22487]: started, version 2.80 cachesize 150
Nov  3 03:52:03 gtw01 dnsmasq[22487]: DNS service limited to local subnets
Nov  3 03:52:03 gtw01 dnsmasq[22487]: compile time options: IPv6 GNU-getopt DBus i18n IDN DHCP DHCPv6 no-Lua TFTP conntrack ipset auth DNSSEC loop-detect inotify dumpfile
Nov  3 03:52:03 gtw01 dnsmasq[22487]: warning: no upstream servers configured
Nov  3 03:52:03 gtw01 dnsmasq-dhcp[22487]: DHCP, static leases only on 10.10.10.0, lease time 1h
Nov  3 03:52:03 gtw01 dnsmasq[22487]: read /var/lib/neutron/dhcp/ab722352-7c14-4f72-881a-7b3d1ef7301b/addn_hosts - 1 addresses
Nov  3 03:52:03 gtw01 dnsmasq-dhcp[22487]: read /var/lib/neutron/dhcp/ab722352-7c14-4f72-881a-7b3d1ef7301b/host
Nov  3 03:52:03 gtw01 dnsmasq-dhcp[22487]: read /var/lib/neutron/dhcp/ab722352-7c14-4f72-881a-7b3d1ef7301b/opts
Nov  3 03:52:03 gtw01 haproxy-metadata-proxy-ab722352-7c14-4f72-881a-7b3d1ef7301b[22491]: Proxy listener started.
Nov  3 03:52:04 gtw01 dnsmasq[22487]: read /var/lib/neutron/dhcp/ab722352-7c14-4f72-881a-7b3d1ef7301b/addn_hosts - 1 addresses
Nov  3 03:52:04 gtw01 dnsmasq-dhcp[22487]: read /var/lib/neutron/dhcp/ab722352-7c14-4f72-881a-7b3d1ef7301b/host
Nov  3 03:52:04 gtw01 dnsmasq-dhcp[22487]: read /var/lib/neutron/dhcp/ab722352-7c14-4f72-881a-7b3d1ef7301b/opts
Nov  3 03:52:05 gtw01 dnsmasq[22487]: read /var/lib/neutron/dhcp/ab722352-7c14-4f72-881a-7b3d1ef7301b/addn_hosts - 1 addresses
Nov  3 03:52:05 gtw01 dnsmasq-dhcp[22487]: read /var/lib/neutron/dhcp/ab722352-7c14-4f72-881a-7b3d1ef7301b/host
Nov  3 03:52:05 gtw01 dnsmasq-dhcp[22487]: read /var/lib/neutron/dhcp/ab722352-7c14-4f72-881a-7b3d1ef7301b/opts
Nov  3 03:52:06 gtw01 dnsmasq[22487]: read /var/lib/neutron/dhcp/ab722352-7c14-4f72-881a-7b3d1ef7301b/addn_hosts - 1 addresses
Nov  3 03:52:06 gtw01 dnsmasq-dhcp[22487]: read /var/lib/neutron/dhcp/ab722352-7c14-4f72-881a-7b3d1ef7301b/host
Nov  3 03:52:06 gtw01 dnsmasq-dhcp[22487]: read /var/lib/neutron/dhcp/ab722352-7c14-4f72-881a-7b3d1ef7301b/opts
Nov  3 03:52:07 gtw01 dnsmasq[12514]: read /var/lib/neutron/dhcp/b8d47c75-7672-43c6-9cff-727534f7a0ef/addn_hosts - 4 addresses
Nov  3 03:52:07 gtw01 dnsmasq-dhcp[12514]: read /var/lib/neutron/dhcp/b8d47c75-7672-43c6-9cff-727534f7a0ef/host
Nov  3 03:52:07 gtw01 dnsmasq-dhcp[12514]: read /var/lib/neutron/dhcp/b8d47c75-7672-43c6-9cff-727534f7a0ef/opts
Nov  3 03:52:08 gtw01 dnsmasq[12514]: read /var/lib/neutron/dhcp/b8d47c75-7672-43c6-9cff-727534f7a0ef/addn_hosts - 4 addresses
Nov  3 03:52:08 gtw01 dnsmasq-dhcp[12514]: read /var/lib/neutron/dhcp/b8d47c75-7672-43c6-9cff-727534f7a0ef/host
Nov  3 03:52:08 gtw01 dnsmasq-dhcp[12514]: read /var/lib/neutron/dhcp/b8d47c75-7672-43c6-9cff-727534f7a0ef/opts
Nov  3 03:52:09 gtw01 dnsmasq[12514]: read /var/lib/neutron/dhcp/b8d47c75-7672-43c6-9cff-727534f7a0ef/addn_hosts - 4 addresses
Nov  3 03:52:09 gtw01 dnsmasq-dhcp[12514]: read /var/lib/neutron/dhcp/b8d47c75-7672-43c6-9cff-727534f7a0ef/host
Nov  3 03:52:09 gtw01 dnsmasq-dhcp[12514]: read /var/lib/neutron/dhcp/b8d47c75-7672-43c6-9cff-727534f7a0ef/opts
Nov  3 03:52:10 gtw01 dnsmasq[22214]: read /var/lib/neutron/dhcp/4f3268d7-a387-4373-b1a4-b368748f88f1/addn_hosts - 3 addresses
Nov  3 03:52:10 gtw01 dnsmasq-dhcp[22214]: read /var/lib/neutron/dhcp/4f3268d7-a387-4373-b1a4-b368748f88f1/host
Nov  3 03:52:10 gtw01 dnsmasq-dhcp[22214]: read /var/lib/neutron/dhcp/4f3268d7-a387-4373-b1a4-b368748f88f1/opts
Nov  3 03:52:11 gtw01 dnsmasq[22214]: read /var/lib/neutron/dhcp/4f3268d7-a387-4373-b1a4-b368748f88f1/addn_hosts - 3 addresses
Nov  3 03:52:11 gtw01 dnsmasq-dhcp[22214]: read /var/lib/neutron/dhcp/4f3268d7-a387-4373-b1a4-b368748f88f1/host
Nov  3 03:52:11 gtw01 dnsmasq-dhcp[22214]: read /var/lib/neutron/dhcp/4f3268d7-a387-4373-b1a4-b368748f88f1/opts
Nov  3 03:52:12 gtw01 dnsmasq[22214]: read /var/lib/neutron/dhcp/4f3268d7-a387-4373-b1a4-b368748f88f1/addn_hosts - 3 addresses
Nov  3 03:52:12 gtw01 dnsmasq-dhcp[22214]: read /var/lib/neutron/dhcp/4f3268d7-a387-4373-b1a4-b368748f88f1/host
Nov  3 03:52:12 gtw01 dnsmasq-dhcp[22214]: read /var/lib/neutron/dhcp/4f3268d7-a387-4373-b1a4-b368748f88f1/opts
Nov  3 03:52:13 gtw01 kernel: [ 6038.655195] device tap95bc0fdc-fc entered promiscuous mode
Nov  3 03:52:13 gtw01 systemd-udevd[22658]: Could not generate persistent MAC address for tap95bc0fdc-fc: No such file or directory
Nov  3 03:52:13 gtw01 systemd-udevd[22658]: Process '/sbin/ip link set tap95bc0fdc-fc txqueuelen 10000' failed with exit code 1.
Nov  3 03:52:13 gtw01 systemd-udevd[22708]: Process '/sbin/ip link set tap95bc0fdc-fc txqueuelen 10000' failed with exit code 1.
Nov  3 03:52:16 gtw01 dnsmasq[22771]: started, version 2.80 cachesize 150
Nov  3 03:52:16 gtw01 dnsmasq[22771]: DNS service limited to local subnets
Nov  3 03:52:16 gtw01 dnsmasq[22771]: compile time options: IPv6 GNU-getopt DBus i18n IDN DHCP DHCPv6 no-Lua TFTP conntrack ipset auth DNSSEC loop-detect inotify dumpfile
Nov  3 03:52:16 gtw01 dnsmasq[22771]: warning: no upstream servers configured
Nov  3 03:52:16 gtw01 dnsmasq-dhcp[22771]: DHCP, static leases only on 192.168.120.0, lease time 1h
Nov  3 03:52:16 gtw01 dnsmasq[22771]: read /var/lib/neutron/dhcp/6525ab67-00bc-407d-8499-33af9f607f16/addn_hosts - 1 addresses
Nov  3 03:52:16 gtw01 dnsmasq-dhcp[22771]: read /var/lib/neutron/dhcp/6525ab67-00bc-407d-8499-33af9f607f16/host
Nov  3 03:52:16 gtw01 dnsmasq-dhcp[22771]: read /var/lib/neutron/dhcp/6525ab67-00bc-407d-8499-33af9f607f16/opts
Nov  3 03:52:16 gtw01 haproxy-metadata-proxy-6525ab67-00bc-407d-8499-33af9f607f16[22775]: Proxy listener started.
Nov  3 03:52:17 gtw01 dnsmasq[22771]: read /var/lib/neutron/dhcp/6525ab67-00bc-407d-8499-33af9f607f16/addn_hosts - 2 addresses
Nov  3 03:52:17 gtw01 dnsmasq-dhcp[22771]: read /var/lib/neutron/dhcp/6525ab67-00bc-407d-8499-33af9f607f16/host
Nov  3 03:52:17 gtw01 dnsmasq-dhcp[22771]: read /var/lib/neutron/dhcp/6525ab67-00bc-407d-8499-33af9f607f16/opts
Nov  3 03:52:18 gtw01 dnsmasq[12514]: read /var/lib/neutron/dhcp/b8d47c75-7672-43c6-9cff-727534f7a0ef/addn_hosts - 3 addresses
Nov  3 03:52:18 gtw01 dnsmasq-dhcp[12514]: read /var/lib/neutron/dhcp/b8d47c75-7672-43c6-9cff-727534f7a0ef/host
Nov  3 03:52:18 gtw01 dnsmasq-dhcp[12514]: read /var/lib/neutron/dhcp/b8d47c75-7672-43c6-9cff-727534f7a0ef/opts
Nov  3 03:52:18 gtw01 dnsmasq[22771]: read /var/lib/neutron/dhcp/6525ab67-00bc-407d-8499-33af9f607f16/addn_hosts - 2 addresses
Nov  3 03:52:18 gtw01 dnsmasq-dhcp[22771]: read /var/lib/neutron/dhcp/6525ab67-00bc-407d-8499-33af9f607f16/host
Nov  3 03:52:18 gtw01 dnsmasq-dhcp[22771]: read /var/lib/neutron/dhcp/6525ab67-00bc-407d-8499-33af9f607f16/opts
Nov  3 03:52:19 gtw01 dnsmasq[22487]: read /var/lib/neutron/dhcp/ab722352-7c14-4f72-881a-7b3d1ef7301b/addn_hosts - 2 addresses
Nov  3 03:52:19 gtw01 dnsmasq-dhcp[22487]: read /var/lib/neutron/dhcp/ab722352-7c14-4f72-881a-7b3d1ef7301b/host
Nov  3 03:52:19 gtw01 dnsmasq-dhcp[22487]: read /var/lib/neutron/dhcp/ab722352-7c14-4f72-881a-7b3d1ef7301b/opts
Nov  3 03:52:19 gtw01 dnsmasq[22771]: read /var/lib/neutron/dhcp/6525ab67-00bc-407d-8499-33af9f607f16/addn_hosts - 2 addresses
Nov  3 03:52:19 gtw01 dnsmasq-dhcp[22771]: read /var/lib/neutron/dhcp/6525ab67-00bc-407d-8499-33af9f607f16/host
Nov  3 03:52:19 gtw01 dnsmasq-dhcp[22771]: read /var/lib/neutron/dhcp/6525ab67-00bc-407d-8499-33af9f607f16/opts
Nov  3 03:52:20 gtw01 dnsmasq[22487]: read /var/lib/neutron/dhcp/ab722352-7c14-4f72-881a-7b3d1ef7301b/addn_hosts - 2 addresses
Nov  3 03:52:20 gtw01 dnsmasq-dhcp[22487]: read /var/lib/neutron/dhcp/ab722352-7c14-4f72-881a-7b3d1ef7301b/host
Nov  3 03:52:20 gtw01 dnsmasq-dhcp[22487]: read /var/lib/neutron/dhcp/ab722352-7c14-4f72-881a-7b3d1ef7301b/opts
Nov  3 03:52:21 gtw01 dnsmasq[22771]: read /var/lib/neutron/dhcp/6525ab67-00bc-407d-8499-33af9f607f16/addn_hosts - 2 addresses
Nov  3 03:52:21 gtw01 dnsmasq-dhcp[22771]: read /var/lib/neutron/dhcp/6525ab67-00bc-407d-8499-33af9f607f16/host
Nov  3 03:52:21 gtw01 dnsmasq-dhcp[22771]: read /var/lib/neutron/dhcp/6525ab67-00bc-407d-8499-33af9f607f16/opts
Nov  3 03:52:21 gtw01 dnsmasq[22487]: read /var/lib/neutron/dhcp/ab722352-7c14-4f72-881a-7b3d1ef7301b/addn_hosts - 2 addresses
Nov  3 03:52:21 gtw01 dnsmasq-dhcp[22487]: read /var/lib/neutron/dhcp/ab722352-7c14-4f72-881a-7b3d1ef7301b/host
Nov  3 03:52:21 gtw01 dnsmasq-dhcp[22487]: read /var/lib/neutron/dhcp/ab722352-7c14-4f72-881a-7b3d1ef7301b/opts
Nov  3 03:52:22 gtw01 dnsmasq[22771]: read /var/lib/neutron/dhcp/6525ab67-00bc-407d-8499-33af9f607f16/addn_hosts - 2 addresses
Nov  3 03:52:22 gtw01 dnsmasq-dhcp[22771]: read /var/lib/neutron/dhcp/6525ab67-00bc-407d-8499-33af9f607f16/host
Nov  3 03:52:22 gtw01 dnsmasq-dhcp[22771]: read /var/lib/neutron/dhcp/6525ab67-00bc-407d-8499-33af9f607f16/opts
Nov  3 03:52:26 gtw01 dnsmasq-dhcp[22214]: DHCPDISCOVER(tap007efbde-2d) fa:16:3e:b4:b2:c1
Nov  3 03:52:26 gtw01 dnsmasq-dhcp[22214]: DHCPOFFER(tap007efbde-2d) 192.168.120.5 fa:16:3e:b4:b2:c1
Nov  3 03:52:26 gtw01 dnsmasq-dhcp[22214]: DHCPREQUEST(tap007efbde-2d) 192.168.120.5 fa:16:3e:b4:b2:c1
Nov  3 03:52:26 gtw01 dnsmasq-dhcp[22214]: DHCPACK(tap007efbde-2d) 192.168.120.5 fa:16:3e:b4:b2:c1 host-192-168-120-5
Nov  3 03:52:27 gtw01 dnsmasq[22771]: read /var/lib/neutron/dhcp/6525ab67-00bc-407d-8499-33af9f607f16/addn_hosts - 3 addresses
Nov  3 03:52:27 gtw01 dnsmasq-dhcp[22771]: read /var/lib/neutron/dhcp/6525ab67-00bc-407d-8499-33af9f607f16/host
Nov  3 03:52:27 gtw01 dnsmasq-dhcp[22771]: read /var/lib/neutron/dhcp/6525ab67-00bc-407d-8499-33af9f607f16/opts
Nov  3 03:52:28 gtw01 dnsmasq[12514]: read /var/lib/neutron/dhcp/b8d47c75-7672-43c6-9cff-727534f7a0ef/addn_hosts - 4 addresses
Nov  3 03:52:28 gtw01 dnsmasq-dhcp[12514]: read /var/lib/neutron/dhcp/b8d47c75-7672-43c6-9cff-727534f7a0ef/host
Nov  3 03:52:28 gtw01 dnsmasq-dhcp[12514]: read /var/lib/neutron/dhcp/b8d47c75-7672-43c6-9cff-727534f7a0ef/opts
Nov  3 03:52:28 gtw01 dnsmasq[22771]: read /var/lib/neutron/dhcp/6525ab67-00bc-407d-8499-33af9f607f16/addn_hosts - 3 addresses
Nov  3 03:52:28 gtw01 dnsmasq-dhcp[22771]: read /var/lib/neutron/dhcp/6525ab67-00bc-407d-8499-33af9f607f16/host
Nov  3 03:52:28 gtw01 dnsmasq-dhcp[22771]: read /var/lib/neutron/dhcp/6525ab67-00bc-407d-8499-33af9f607f16/opts
Nov  3 03:52:29 gtw01 dnsmasq[12514]: read /var/lib/neutron/dhcp/b8d47c75-7672-43c6-9cff-727534f7a0ef/addn_hosts - 4 addresses
Nov  3 03:52:29 gtw01 dnsmasq-dhcp[12514]: read /var/lib/neutron/dhcp/b8d47c75-7672-43c6-9cff-727534f7a0ef/host
Nov  3 03:52:29 gtw01 dnsmasq-dhcp[12514]: read /var/lib/neutron/dhcp/b8d47c75-7672-43c6-9cff-727534f7a0ef/opts
Nov  3 03:52:29 gtw01 dnsmasq[22771]: read /var/lib/neutron/dhcp/6525ab67-00bc-407d-8499-33af9f607f16/addn_hosts - 3 addresses
Nov  3 03:52:29 gtw01 dnsmasq-dhcp[22771]: read /var/lib/neutron/dhcp/6525ab67-00bc-407d-8499-33af9f607f16/host
Nov  3 03:52:29 gtw01 dnsmasq-dhcp[22771]: read /var/lib/neutron/dhcp/6525ab67-00bc-407d-8499-33af9f607f16/opts
Nov  3 03:52:30 gtw01 dnsmasq[12514]: read /var/lib/neutron/dhcp/b8d47c75-7672-43c6-9cff-727534f7a0ef/addn_hosts - 4 addresses
Nov  3 03:52:30 gtw01 dnsmasq-dhcp[12514]: read /var/lib/neutron/dhcp/b8d47c75-7672-43c6-9cff-727534f7a0ef/host
Nov  3 03:52:30 gtw01 dnsmasq-dhcp[12514]: read /var/lib/neutron/dhcp/b8d47c75-7672-43c6-9cff-727534f7a0ef/opts
Nov  3 03:52:32 gtw01 haproxy-metadata-proxy-4f3268d7-a387-4373-b1a4-b368748f88f1[22223]: 192.168.120.5:49528 [03/Nov/2019:03:52:31.483] listener listener/metadata 4/0/0/1286/1290 200 2287 - - ---- 1/1/0/1/0 0/0 "GET /openstack/latest/meta_data.json HTTP/1.1"
Nov  3 03:52:38 gtw01 dnsmasq[22487]: read /var/lib/neutron/dhcp/ab722352-7c14-4f72-881a-7b3d1ef7301b/addn_hosts - 1 addresses
Nov  3 03:52:38 gtw01 dnsmasq-dhcp[22487]: read /var/lib/neutron/dhcp/ab722352-7c14-4f72-881a-7b3d1ef7301b/host
Nov  3 03:52:38 gtw01 dnsmasq-dhcp[22487]: read /var/lib/neutron/dhcp/ab722352-7c14-4f72-881a-7b3d1ef7301b/opts
Nov  3 03:52:41 gtw01 dnsmasq-dhcp[22214]: DHCPRELEASE(tap007efbde-2d) 192.168.120.5 fa:16:3e:b4:b2:c1
Nov  3 03:52:41 gtw01 dnsmasq-dhcp[22214]: DHCPRELEASE(tap007efbde-2d) 192.168.120.5 fa:16:3e:b4:b2:c1 unknown lease
Nov  3 03:52:42 gtw01 dnsmasq[22214]: read /var/lib/neutron/dhcp/4f3268d7-a387-4373-b1a4-b368748f88f1/addn_hosts - 2 addresses
Nov  3 03:52:42 gtw01 dnsmasq-dhcp[22214]: read /var/lib/neutron/dhcp/4f3268d7-a387-4373-b1a4-b368748f88f1/host
Nov  3 03:52:42 gtw01 dnsmasq-dhcp[22214]: read /var/lib/neutron/dhcp/4f3268d7-a387-4373-b1a4-b368748f88f1/opts
Nov  3 03:52:43 gtw01 dnsmasq-dhcp[12514]: DHCPDISCOVER(tapef0975e4-ae) fa:16:3e:b8:29:e3
Nov  3 03:52:43 gtw01 dnsmasq-dhcp[12514]: DHCPOFFER(tapef0975e4-ae) 192.168.120.13 fa:16:3e:b8:29:e3
Nov  3 03:52:43 gtw01 dnsmasq-dhcp[12514]: DHCPREQUEST(tapef0975e4-ae) 192.168.120.13 fa:16:3e:b8:29:e3
Nov  3 03:52:43 gtw01 dnsmasq-dhcp[12514]: DHCPACK(tapef0975e4-ae) 192.168.120.13 fa:16:3e:b8:29:e3 host-192-168-120-13
Nov  3 03:52:46 gtw01 kernel: [ 6071.613616] device tap7232a968-a1 left promiscuous mode
Nov  3 03:52:46 gtw01 dnsmasq-dhcp[12514]: DHCPRELEASE(tapef0975e4-ae) 192.168.120.13 fa:16:3e:b8:29:e3
Nov  3 03:52:50 gtw01 dnsmasq-dhcp[22771]: DHCPDISCOVER(tap95bc0fdc-fc) fa:16:3e:54:3e:82
Nov  3 03:52:50 gtw01 dnsmasq-dhcp[22771]: DHCPOFFER(tap95bc0fdc-fc) 192.168.120.6 fa:16:3e:54:3e:82
Nov  3 03:52:50 gtw01 dnsmasq-dhcp[22771]: DHCPREQUEST(tap95bc0fdc-fc) 192.168.120.6 fa:16:3e:54:3e:82
Nov  3 03:52:50 gtw01 dnsmasq-dhcp[22771]: DHCPACK(tap95bc0fdc-fc) 192.168.120.6 fa:16:3e:54:3e:82 host-192-168-120-6
Nov  3 03:52:53 gtw01 dnsmasq[22214]: read /var/lib/neutron/dhcp/4f3268d7-a387-4373-b1a4-b368748f88f1/addn_hosts - 1 addresses
Nov  3 03:52:53 gtw01 dnsmasq-dhcp[22214]: read /var/lib/neutron/dhcp/4f3268d7-a387-4373-b1a4-b368748f88f1/host
Nov  3 03:52:53 gtw01 dnsmasq-dhcp[22214]: read /var/lib/neutron/dhcp/4f3268d7-a387-4373-b1a4-b368748f88f1/opts
Nov  3 03:52:57 gtw01 kernel: [ 6082.741500] device tap007efbde-2d left promiscuous mode
Nov  3 03:53:03 gtw01 dnsmasq[22771]: read /var/lib/neutron/dhcp/6525ab67-00bc-407d-8499-33af9f607f16/addn_hosts - 4 addresses
Nov  3 03:53:03 gtw01 dnsmasq-dhcp[22771]: read /var/lib/neutron/dhcp/6525ab67-00bc-407d-8499-33af9f607f16/host
Nov  3 03:53:03 gtw01 dnsmasq-dhcp[22771]: read /var/lib/neutron/dhcp/6525ab67-00bc-407d-8499-33af9f607f16/opts
Nov  3 03:53:04 gtw01 dnsmasq[22771]: read /var/lib/neutron/dhcp/6525ab67-00bc-407d-8499-33af9f607f16/addn_hosts - 4 addresses
Nov  3 03:53:04 gtw01 dnsmasq-dhcp[22771]: read /var/lib/neutron/dhcp/6525ab67-00bc-407d-8499-33af9f607f16/host
Nov  3 03:53:04 gtw01 dnsmasq-dhcp[22771]: read /var/lib/neutron/dhcp/6525ab67-00bc-407d-8499-33af9f607f16/opts
Nov  3 03:53:04 gtw01 dnsmasq-dhcp[22771]: DHCPDISCOVER(tap95bc0fdc-fc) fa:16:3e:54:3e:82
Nov  3 03:53:04 gtw01 dnsmasq-dhcp[22771]: DHCPOFFER(tap95bc0fdc-fc) 192.168.120.6 fa:16:3e:54:3e:82
Nov  3 03:53:04 gtw01 dnsmasq-dhcp[22771]: DHCPREQUEST(tap95bc0fdc-fc) 192.168.120.6 fa:16:3e:54:3e:82
Nov  3 03:53:04 gtw01 dnsmasq-dhcp[22771]: DHCPACK(tap95bc0fdc-fc) 192.168.120.6 fa:16:3e:54:3e:82 host-192-168-120-6
Nov  3 03:53:05 gtw01 dnsmasq[22771]: read /var/lib/neutron/dhcp/6525ab67-00bc-407d-8499-33af9f607f16/addn_hosts - 4 addresses
Nov  3 03:53:05 gtw01 dnsmasq-dhcp[22771]: read /var/lib/neutron/dhcp/6525ab67-00bc-407d-8499-33af9f607f16/host
Nov  3 03:53:05 gtw01 dnsmasq-dhcp[22771]: read /var/lib/neutron/dhcp/6525ab67-00bc-407d-8499-33af9f607f16/opts
Nov  3 03:53:06 gtw01 dnsmasq[12514]: read /var/lib/neutron/dhcp/b8d47c75-7672-43c6-9cff-727534f7a0ef/addn_hosts - 3 addresses
Nov  3 03:53:06 gtw01 dnsmasq-dhcp[12514]: read /var/lib/neutron/dhcp/b8d47c75-7672-43c6-9cff-727534f7a0ef/host
Nov  3 03:53:06 gtw01 dnsmasq-dhcp[12514]: read /var/lib/neutron/dhcp/b8d47c75-7672-43c6-9cff-727534f7a0ef/opts
Nov  3 03:53:07 gtw01 dnsmasq[12514]: read /var/lib/neutron/dhcp/b8d47c75-7672-43c6-9cff-727534f7a0ef/addn_hosts - 4 addresses
Nov  3 03:53:07 gtw01 dnsmasq-dhcp[12514]: read /var/lib/neutron/dhcp/b8d47c75-7672-43c6-9cff-727534f7a0ef/host
Nov  3 03:53:07 gtw01 dnsmasq-dhcp[12514]: read /var/lib/neutron/dhcp/b8d47c75-7672-43c6-9cff-727534f7a0ef/opts
Nov  3 03:53:08 gtw01 dnsmasq[12514]: read /var/lib/neutron/dhcp/b8d47c75-7672-43c6-9cff-727534f7a0ef/addn_hosts - 4 addresses
Nov  3 03:53:08 gtw01 dnsmasq-dhcp[12514]: read /var/lib/neutron/dhcp/b8d47c75-7672-43c6-9cff-727534f7a0ef/host
Nov  3 03:53:08 gtw01 dnsmasq-dhcp[12514]: read /var/lib/neutron/dhcp/b8d47c75-7672-43c6-9cff-727534f7a0ef/opts
Nov  3 03:53:09 gtw01 dnsmasq[12514]: read /var/lib/neutron/dhcp/b8d47c75-7672-43c6-9cff-727534f7a0ef/addn_hosts - 5 addresses
Nov  3 03:53:09 gtw01 dnsmasq-dhcp[12514]: read /var/lib/neutron/dhcp/b8d47c75-7672-43c6-9cff-727534f7a0ef/host
Nov  3 03:53:09 gtw01 dnsmasq-dhcp[12514]: read /var/lib/neutron/dhcp/b8d47c75-7672-43c6-9cff-727534f7a0ef/opts
Nov  3 03:53:10 gtw01 dnsmasq[12514]: read /var/lib/neutron/dhcp/b8d47c75-7672-43c6-9cff-727534f7a0ef/addn_hosts - 5 addresses
Nov  3 03:53:10 gtw01 dnsmasq-dhcp[12514]: read /var/lib/neutron/dhcp/b8d47c75-7672-43c6-9cff-727534f7a0ef/host
Nov  3 03:53:10 gtw01 dnsmasq-dhcp[12514]: read /var/lib/neutron/dhcp/b8d47c75-7672-43c6-9cff-727534f7a0ef/opts
Nov  3 03:53:11 gtw01 dnsmasq[12514]: read /var/lib/neutron/dhcp/b8d47c75-7672-43c6-9cff-727534f7a0ef/addn_hosts - 5 addresses
Nov  3 03:53:11 gtw01 dnsmasq-dhcp[12514]: read /var/lib/neutron/dhcp/b8d47c75-7672-43c6-9cff-727534f7a0ef/host
Nov  3 03:53:11 gtw01 dnsmasq-dhcp[12514]: read /var/lib/neutron/dhcp/b8d47c75-7672-43c6-9cff-727534f7a0ef/opts
Nov  3 03:53:12 gtw01 dnsmasq[12514]: read /var/lib/neutron/dhcp/b8d47c75-7672-43c6-9cff-727534f7a0ef/addn_hosts - 5 addresses
Nov  3 03:53:12 gtw01 dnsmasq-dhcp[12514]: read /var/lib/neutron/dhcp/b8d47c75-7672-43c6-9cff-727534f7a0ef/host
Nov  3 03:53:12 gtw01 dnsmasq-dhcp[12514]: read /var/lib/neutron/dhcp/b8d47c75-7672-43c6-9cff-727534f7a0ef/opts
Nov  3 03:53:15 gtw01 dnsmasq[12514]: read /var/lib/neutron/dhcp/b8d47c75-7672-43c6-9cff-727534f7a0ef/addn_hosts - 4 addresses
Nov  3 03:53:15 gtw01 dnsmasq-dhcp[12514]: read /var/lib/neutron/dhcp/b8d47c75-7672-43c6-9cff-727534f7a0ef/host
Nov  3 03:53:15 gtw01 dnsmasq-dhcp[12514]: read /var/lib/neutron/dhcp/b8d47c75-7672-43c6-9cff-727534f7a0ef/opts
Nov  3 03:53:19 gtw01 dnsmasq-dhcp[22771]: DHCPDISCOVER(tap95bc0fdc-fc) fa:16:3e:18:22:73
Nov  3 03:53:19 gtw01 dnsmasq-dhcp[22771]: DHCPOFFER(tap95bc0fdc-fc) 192.168.120.4 fa:16:3e:18:22:73
Nov  3 03:53:19 gtw01 dnsmasq-dhcp[22771]: DHCPREQUEST(tap95bc0fdc-fc) 192.168.120.4 fa:16:3e:18:22:73
Nov  3 03:53:19 gtw01 dnsmasq-dhcp[22771]: DHCPACK(tap95bc0fdc-fc) 192.168.120.4 fa:16:3e:18:22:73 host-192-168-120-4
Nov  3 03:53:21 gtw01 dnsmasq-dhcp[22771]: DHCPRELEASE(tap95bc0fdc-fc) 192.168.120.4 fa:16:3e:18:22:73
Nov  3 03:53:23 gtw01 dnsmasq-dhcp[12514]: DHCPDISCOVER(tapef0975e4-ae) fa:16:3e:86:35:e2
Nov  3 03:53:23 gtw01 dnsmasq-dhcp[12514]: DHCPOFFER(tapef0975e4-ae) 192.168.120.15 fa:16:3e:86:35:e2
Nov  3 03:53:23 gtw01 dnsmasq-dhcp[12514]: DHCPREQUEST(tapef0975e4-ae) 192.168.120.15 fa:16:3e:86:35:e2
Nov  3 03:53:23 gtw01 dnsmasq-dhcp[12514]: DHCPACK(tapef0975e4-ae) 192.168.120.15 fa:16:3e:86:35:e2 host-192-168-120-15
Nov  3 03:53:25 gtw01 dnsmasq[12514]: read /var/lib/neutron/dhcp/b8d47c75-7672-43c6-9cff-727534f7a0ef/addn_hosts - 5 addresses
Nov  3 03:53:25 gtw01 dnsmasq-dhcp[12514]: read /var/lib/neutron/dhcp/b8d47c75-7672-43c6-9cff-727534f7a0ef/host
Nov  3 03:53:25 gtw01 dnsmasq-dhcp[12514]: read /var/lib/neutron/dhcp/b8d47c75-7672-43c6-9cff-727534f7a0ef/opts
Nov  3 03:53:26 gtw01 dnsmasq[12514]: read /var/lib/neutron/dhcp/b8d47c75-7672-43c6-9cff-727534f7a0ef/addn_hosts - 6 addresses
Nov  3 03:53:26 gtw01 dnsmasq-dhcp[12514]: read /var/lib/neutron/dhcp/b8d47c75-7672-43c6-9cff-727534f7a0ef/host
Nov  3 03:53:26 gtw01 dnsmasq-dhcp[12514]: read /var/lib/neutron/dhcp/b8d47c75-7672-43c6-9cff-727534f7a0ef/opts
Nov  3 03:53:27 gtw01 dnsmasq[12514]: read /var/lib/neutron/dhcp/b8d47c75-7672-43c6-9cff-727534f7a0ef/addn_hosts - 7 addresses
Nov  3 03:53:27 gtw01 dnsmasq-dhcp[12514]: read /var/lib/neutron/dhcp/b8d47c75-7672-43c6-9cff-727534f7a0ef/host
Nov  3 03:53:27 gtw01 dnsmasq-dhcp[12514]: read /var/lib/neutron/dhcp/b8d47c75-7672-43c6-9cff-727534f7a0ef/opts
Nov  3 03:53:28 gtw01 dnsmasq-dhcp[12514]: DHCPRELEASE(tapef0975e4-ae) 192.168.120.15 fa:16:3e:86:35:e2
Nov  3 03:53:28 gtw01 dnsmasq[12514]: read /var/lib/neutron/dhcp/b8d47c75-7672-43c6-9cff-727534f7a0ef/addn_hosts - 7 addresses
Nov  3 03:53:28 gtw01 dnsmasq-dhcp[12514]: read /var/lib/neutron/dhcp/b8d47c75-7672-43c6-9cff-727534f7a0ef/host
Nov  3 03:53:28 gtw01 dnsmasq-dhcp[12514]: read /var/lib/neutron/dhcp/b8d47c75-7672-43c6-9cff-727534f7a0ef/opts
Nov  3 03:53:29 gtw01 dnsmasq[12514]: read /var/lib/neutron/dhcp/b8d47c75-7672-43c6-9cff-727534f7a0ef/addn_hosts - 7 addresses
Nov  3 03:53:29 gtw01 dnsmasq-dhcp[12514]: read /var/lib/neutron/dhcp/b8d47c75-7672-43c6-9cff-727534f7a0ef/host
Nov  3 03:53:29 gtw01 dnsmasq-dhcp[12514]: read /var/lib/neutron/dhcp/b8d47c75-7672-43c6-9cff-727534f7a0ef/opts
Nov  3 03:53:30 gtw01 dnsmasq[12514]: read /var/lib/neutron/dhcp/b8d47c75-7672-43c6-9cff-727534f7a0ef/addn_hosts - 7 addresses
Nov  3 03:53:30 gtw01 dnsmasq-dhcp[12514]: read /var/lib/neutron/dhcp/b8d47c75-7672-43c6-9cff-727534f7a0ef/host
Nov  3 03:53:30 gtw01 dnsmasq-dhcp[12514]: read /var/lib/neutron/dhcp/b8d47c75-7672-43c6-9cff-727534f7a0ef/opts
Nov  3 03:53:31 gtw01 dnsmasq[12514]: read /var/lib/neutron/dhcp/b8d47c75-7672-43c6-9cff-727534f7a0ef/addn_hosts - 7 addresses
Nov  3 03:53:31 gtw01 dnsmasq-dhcp[12514]: read /var/lib/neutron/dhcp/b8d47c75-7672-43c6-9cff-727534f7a0ef/host
Nov  3 03:53:31 gtw01 dnsmasq-dhcp[12514]: read /var/lib/neutron/dhcp/b8d47c75-7672-43c6-9cff-727534f7a0ef/opts
Nov  3 03:53:32 gtw01 dnsmasq[22771]: read /var/lib/neutron/dhcp/6525ab67-00bc-407d-8499-33af9f607f16/addn_hosts - 5 addresses
Nov  3 03:53:32 gtw01 dnsmasq-dhcp[22771]: read /var/lib/neutron/dhcp/6525ab67-00bc-407d-8499-33af9f607f16/host
Nov  3 03:53:32 gtw01 dnsmasq-dhcp[22771]: read /var/lib/neutron/dhcp/6525ab67-00bc-407d-8499-33af9f607f16/opts
Nov  3 03:53:32 gtw01 dnsmasq[12514]: read /var/lib/neutron/dhcp/b8d47c75-7672-43c6-9cff-727534f7a0ef/addn_hosts - 7 addresses
Nov  3 03:53:32 gtw01 dnsmasq-dhcp[12514]: read /var/lib/neutron/dhcp/b8d47c75-7672-43c6-9cff-727534f7a0ef/host
Nov  3 03:53:32 gtw01 dnsmasq-dhcp[12514]: read /var/lib/neutron/dhcp/b8d47c75-7672-43c6-9cff-727534f7a0ef/opts
Nov  3 03:53:33 gtw01 dnsmasq[22771]: read /var/lib/neutron/dhcp/6525ab67-00bc-407d-8499-33af9f607f16/addn_hosts - 5 addresses
Nov  3 03:53:33 gtw01 dnsmasq-dhcp[22771]: read /var/lib/neutron/dhcp/6525ab67-00bc-407d-8499-33af9f607f16/host
Nov  3 03:53:33 gtw01 dnsmasq-dhcp[22771]: read /var/lib/neutron/dhcp/6525ab67-00bc-407d-8499-33af9f607f16/opts
Nov  3 03:53:33 gtw01 dnsmasq[12514]: read /var/lib/neutron/dhcp/b8d47c75-7672-43c6-9cff-727534f7a0ef/addn_hosts - 7 addresses
Nov  3 03:53:33 gtw01 dnsmasq-dhcp[12514]: read /var/lib/neutron/dhcp/b8d47c75-7672-43c6-9cff-727534f7a0ef/host
Nov  3 03:53:33 gtw01 dnsmasq-dhcp[12514]: read /var/lib/neutron/dhcp/b8d47c75-7672-43c6-9cff-727534f7a0ef/opts
Nov  3 03:53:34 gtw01 dnsmasq[22771]: read /var/lib/neutron/dhcp/6525ab67-00bc-407d-8499-33af9f607f16/addn_hosts - 5 addresses
Nov  3 03:53:34 gtw01 dnsmasq-dhcp[22771]: read /var/lib/neutron/dhcp/6525ab67-00bc-407d-8499-33af9f607f16/host
Nov  3 03:53:34 gtw01 dnsmasq-dhcp[22771]: read /var/lib/neutron/dhcp/6525ab67-00bc-407d-8499-33af9f607f16/opts
Nov  3 03:53:35 gtw01 dnsmasq[12514]: read /var/lib/neutron/dhcp/b8d47c75-7672-43c6-9cff-727534f7a0ef/addn_hosts - 7 addresses
Nov  3 03:53:35 gtw01 dnsmasq-dhcp[12514]: read /var/lib/neutron/dhcp/b8d47c75-7672-43c6-9cff-727534f7a0ef/host
Nov  3 03:53:35 gtw01 dnsmasq-dhcp[12514]: read /var/lib/neutron/dhcp/b8d47c75-7672-43c6-9cff-727534f7a0ef/opts
Nov  3 03:53:35 gtw01 dnsmasq[12514]: read /var/lib/neutron/dhcp/b8d47c75-7672-43c6-9cff-727534f7a0ef/addn_hosts - 7 addresses
Nov  3 03:53:35 gtw01 dnsmasq-dhcp[12514]: read /var/lib/neutron/dhcp/b8d47c75-7672-43c6-9cff-727534f7a0ef/host
Nov  3 03:53:35 gtw01 dnsmasq-dhcp[12514]: read /var/lib/neutron/dhcp/b8d47c75-7672-43c6-9cff-727534f7a0ef/opts
Nov  3 03:53:37 gtw01 dnsmasq[12514]: read /var/lib/neutron/dhcp/b8d47c75-7672-43c6-9cff-727534f7a0ef/addn_hosts - 6 addresses
Nov  3 03:53:37 gtw01 dnsmasq-dhcp[12514]: read /var/lib/neutron/dhcp/b8d47c75-7672-43c6-9cff-727534f7a0ef/host
Nov  3 03:53:37 gtw01 dnsmasq-dhcp[12514]: read /var/lib/neutron/dhcp/b8d47c75-7672-43c6-9cff-727534f7a0ef/opts
Nov  3 03:53:41 gtw01 dnsmasq[12514]: read /var/lib/neutron/dhcp/b8d47c75-7672-43c6-9cff-727534f7a0ef/addn_hosts - 5 addresses
Nov  3 03:53:41 gtw01 dnsmasq-dhcp[12514]: read /var/lib/neutron/dhcp/b8d47c75-7672-43c6-9cff-727534f7a0ef/host
Nov  3 03:53:41 gtw01 dnsmasq-dhcp[12514]: read /var/lib/neutron/dhcp/b8d47c75-7672-43c6-9cff-727534f7a0ef/opts
Nov  3 03:53:42 gtw01 dnsmasq[12514]: read /var/lib/neutron/dhcp/b8d47c75-7672-43c6-9cff-727534f7a0ef/addn_hosts - 4 addresses
Nov  3 03:53:42 gtw01 dnsmasq-dhcp[12514]: read /var/lib/neutron/dhcp/b8d47c75-7672-43c6-9cff-727534f7a0ef/host
Nov  3 03:53:42 gtw01 dnsmasq-dhcp[12514]: read /var/lib/neutron/dhcp/b8d47c75-7672-43c6-9cff-727534f7a0ef/opts
Nov  3 03:53:43 gtw01 dnsmasq-dhcp[22771]: DHCPRELEASE(tap95bc0fdc-fc) 192.168.120.6 fa:16:3e:54:3e:82
Nov  3 03:53:45 gtw01 dnsmasq[12514]: read /var/lib/neutron/dhcp/b8d47c75-7672-43c6-9cff-727534f7a0ef/addn_hosts - 3 addresses
Nov  3 03:53:45 gtw01 dnsmasq-dhcp[12514]: read /var/lib/neutron/dhcp/b8d47c75-7672-43c6-9cff-727534f7a0ef/host
Nov  3 03:53:45 gtw01 dnsmasq-dhcp[12514]: read /var/lib/neutron/dhcp/b8d47c75-7672-43c6-9cff-727534f7a0ef/opts
Nov  3 03:53:46 gtw01 dnsmasq-dhcp[22771]: DHCPDISCOVER(tap95bc0fdc-fc) fa:16:3e:3c:7e:02
Nov  3 03:53:46 gtw01 dnsmasq-dhcp[22771]: DHCPOFFER(tap95bc0fdc-fc) 192.168.120.7 fa:16:3e:3c:7e:02
Nov  3 03:53:46 gtw01 dnsmasq-dhcp[22771]: DHCPREQUEST(tap95bc0fdc-fc) 192.168.120.7 fa:16:3e:3c:7e:02
Nov  3 03:53:46 gtw01 dnsmasq-dhcp[22771]: DHCPACK(tap95bc0fdc-fc) 192.168.120.7 fa:16:3e:3c:7e:02 host-192-168-120-7
Nov  3 03:53:47 gtw01 dnsmasq[12514]: read /var/lib/neutron/dhcp/b8d47c75-7672-43c6-9cff-727534f7a0ef/addn_hosts - 4 addresses
Nov  3 03:53:47 gtw01 dnsmasq-dhcp[12514]: read /var/lib/neutron/dhcp/b8d47c75-7672-43c6-9cff-727534f7a0ef/host
Nov  3 03:53:47 gtw01 dnsmasq-dhcp[12514]: read /var/lib/neutron/dhcp/b8d47c75-7672-43c6-9cff-727534f7a0ef/opts
Nov  3 03:53:48 gtw01 dnsmasq[12514]: read /var/lib/neutron/dhcp/b8d47c75-7672-43c6-9cff-727534f7a0ef/addn_hosts - 4 addresses
Nov  3 03:53:48 gtw01 dnsmasq-dhcp[12514]: read /var/lib/neutron/dhcp/b8d47c75-7672-43c6-9cff-727534f7a0ef/host
Nov  3 03:53:48 gtw01 dnsmasq-dhcp[12514]: read /var/lib/neutron/dhcp/b8d47c75-7672-43c6-9cff-727534f7a0ef/opts
Nov  3 03:53:49 gtw01 dnsmasq[12514]: read /var/lib/neutron/dhcp/b8d47c75-7672-43c6-9cff-727534f7a0ef/addn_hosts - 4 addresses
Nov  3 03:53:49 gtw01 dnsmasq-dhcp[12514]: read /var/lib/neutron/dhcp/b8d47c75-7672-43c6-9cff-727534f7a0ef/host
Nov  3 03:53:49 gtw01 dnsmasq-dhcp[12514]: read /var/lib/neutron/dhcp/b8d47c75-7672-43c6-9cff-727534f7a0ef/opts
Nov  3 03:53:51 gtw01 dnsmasq[12514]: read /var/lib/neutron/dhcp/b8d47c75-7672-43c6-9cff-727534f7a0ef/addn_hosts - 5 addresses
Nov  3 03:53:51 gtw01 dnsmasq-dhcp[12514]: read /var/lib/neutron/dhcp/b8d47c75-7672-43c6-9cff-727534f7a0ef/host
Nov  3 03:53:51 gtw01 dnsmasq-dhcp[12514]: read /var/lib/neutron/dhcp/b8d47c75-7672-43c6-9cff-727534f7a0ef/opts
Nov  3 03:53:52 gtw01 dnsmasq[12514]: read /var/lib/neutron/dhcp/b8d47c75-7672-43c6-9cff-727534f7a0ef/addn_hosts - 6 addresses
Nov  3 03:53:52 gtw01 dnsmasq-dhcp[12514]: read /var/lib/neutron/dhcp/b8d47c75-7672-43c6-9cff-727534f7a0ef/host
Nov  3 03:53:52 gtw01 dnsmasq-dhcp[12514]: read /var/lib/neutron/dhcp/b8d47c75-7672-43c6-9cff-727534f7a0ef/opts
Nov  3 03:53:53 gtw01 dnsmasq[12514]: read /var/lib/neutron/dhcp/b8d47c75-7672-43c6-9cff-727534f7a0ef/addn_hosts - 6 addresses
Nov  3 03:53:53 gtw01 dnsmasq-dhcp[12514]: read /var/lib/neutron/dhcp/b8d47c75-7672-43c6-9cff-727534f7a0ef/host
Nov  3 03:53:53 gtw01 dnsmasq-dhcp[12514]: read /var/lib/neutron/dhcp/b8d47c75-7672-43c6-9cff-727534f7a0ef/opts
Nov  3 03:53:54 gtw01 dnsmasq[12514]: read /var/lib/neutron/dhcp/b8d47c75-7672-43c6-9cff-727534f7a0ef/addn_hosts - 6 addresses
Nov  3 03:53:54 gtw01 dnsmasq-dhcp[12514]: read /var/lib/neutron/dhcp/b8d47c75-7672-43c6-9cff-727534f7a0ef/host
Nov  3 03:53:54 gtw01 dnsmasq-dhcp[12514]: read /var/lib/neutron/dhcp/b8d47c75-7672-43c6-9cff-727534f7a0ef/opts
Nov  3 03:53:56 gtw01 dnsmasq[12514]: read /var/lib/neutron/dhcp/b8d47c75-7672-43c6-9cff-727534f7a0ef/addn_hosts - 6 addresses
Nov  3 03:53:56 gtw01 dnsmasq-dhcp[12514]: read /var/lib/neutron/dhcp/b8d47c75-7672-43c6-9cff-727534f7a0ef/host
Nov  3 03:53:56 gtw01 dnsmasq-dhcp[12514]: read /var/lib/neutron/dhcp/b8d47c75-7672-43c6-9cff-727534f7a0ef/opts
Nov  3 03:53:57 gtw01 dnsmasq[12514]: read /var/lib/neutron/dhcp/b8d47c75-7672-43c6-9cff-727534f7a0ef/addn_hosts - 6 addresses
Nov  3 03:53:57 gtw01 dnsmasq-dhcp[12514]: read /var/lib/neutron/dhcp/b8d47c75-7672-43c6-9cff-727534f7a0ef/host
Nov  3 03:53:57 gtw01 dnsmasq-dhcp[12514]: read /var/lib/neutron/dhcp/b8d47c75-7672-43c6-9cff-727534f7a0ef/opts
Nov  3 03:53:57 gtw01 dnsmasq[12514]: read /var/lib/neutron/dhcp/b8d47c75-7672-43c6-9cff-727534f7a0ef/addn_hosts - 5 addresses
Nov  3 03:53:57 gtw01 dnsmasq-dhcp[12514]: read /var/lib/neutron/dhcp/b8d47c75-7672-43c6-9cff-727534f7a0ef/host
Nov  3 03:53:57 gtw01 dnsmasq-dhcp[12514]: read /var/lib/neutron/dhcp/b8d47c75-7672-43c6-9cff-727534f7a0ef/opts
Nov  3 03:54:01 gtw01 dnsmasq[12514]: read /var/lib/neutron/dhcp/b8d47c75-7672-43c6-9cff-727534f7a0ef/addn_hosts - 4 addresses
Nov  3 03:54:01 gtw01 dnsmasq-dhcp[12514]: read /var/lib/neutron/dhcp/b8d47c75-7672-43c6-9cff-727534f7a0ef/host
Nov  3 03:54:01 gtw01 dnsmasq-dhcp[12514]: read /var/lib/neutron/dhcp/b8d47c75-7672-43c6-9cff-727534f7a0ef/opts
Nov  3 03:54:01 gtw01 dnsmasq-dhcp[12514]: DHCPDISCOVER(tapef0975e4-ae) fa:16:3e:9a:3b:17
Nov  3 03:54:01 gtw01 dnsmasq-dhcp[12514]: DHCPOFFER(tapef0975e4-ae) 192.168.120.6 fa:16:3e:9a:3b:17
Nov  3 03:54:01 gtw01 dnsmasq-dhcp[12514]: DHCPREQUEST(tapef0975e4-ae) 192.168.120.6 fa:16:3e:9a:3b:17
Nov  3 03:54:01 gtw01 dnsmasq-dhcp[12514]: DHCPACK(tapef0975e4-ae) 192.168.120.6 fa:16:3e:9a:3b:17 host-192-168-120-6
Nov  3 03:54:02 gtw01 dnsmasq[12514]: read /var/lib/neutron/dhcp/b8d47c75-7672-43c6-9cff-727534f7a0ef/addn_hosts - 3 addresses
Nov  3 03:54:02 gtw01 dnsmasq-dhcp[12514]: read /var/lib/neutron/dhcp/b8d47c75-7672-43c6-9cff-727534f7a0ef/host
Nov  3 03:54:02 gtw01 dnsmasq-dhcp[12514]: read /var/lib/neutron/dhcp/b8d47c75-7672-43c6-9cff-727534f7a0ef/opts
Nov  3 03:54:02 gtw01 dnsmasq-dhcp[22771]: DHCPDISCOVER(tap95bc0fdc-fc) fa:16:3e:54:3e:82
Nov  3 03:54:02 gtw01 dnsmasq-dhcp[22771]: DHCPOFFER(tap95bc0fdc-fc) 192.168.120.6 fa:16:3e:54:3e:82
Nov  3 03:54:02 gtw01 dnsmasq-dhcp[22771]: DHCPREQUEST(tap95bc0fdc-fc) 192.168.120.6 fa:16:3e:54:3e:82
Nov  3 03:54:02 gtw01 dnsmasq-dhcp[22771]: DHCPACK(tap95bc0fdc-fc) 192.168.120.6 fa:16:3e:54:3e:82 host-192-168-120-6
Nov  3 03:54:04 gtw01 dnsmasq[12514]: read /var/lib/neutron/dhcp/b8d47c75-7672-43c6-9cff-727534f7a0ef/addn_hosts - 4 addresses
Nov  3 03:54:04 gtw01 dnsmasq-dhcp[12514]: read /var/lib/neutron/dhcp/b8d47c75-7672-43c6-9cff-727534f7a0ef/host
Nov  3 03:54:04 gtw01 dnsmasq-dhcp[12514]: read /var/lib/neutron/dhcp/b8d47c75-7672-43c6-9cff-727534f7a0ef/opts
Nov  3 03:54:05 gtw01 dnsmasq[12514]: read /var/lib/neutron/dhcp/b8d47c75-7672-43c6-9cff-727534f7a0ef/addn_hosts - 5 addresses
Nov  3 03:54:05 gtw01 dnsmasq-dhcp[12514]: read /var/lib/neutron/dhcp/b8d47c75-7672-43c6-9cff-727534f7a0ef/host
Nov  3 03:54:05 gtw01 dnsmasq-dhcp[12514]: read /var/lib/neutron/dhcp/b8d47c75-7672-43c6-9cff-727534f7a0ef/opts
Nov  3 03:54:06 gtw01 dnsmasq[12514]: read /var/lib/neutron/dhcp/b8d47c75-7672-43c6-9cff-727534f7a0ef/addn_hosts - 5 addresses
Nov  3 03:54:06 gtw01 dnsmasq-dhcp[12514]: read /var/lib/neutron/dhcp/b8d47c75-7672-43c6-9cff-727534f7a0ef/host
Nov  3 03:54:06 gtw01 dnsmasq-dhcp[12514]: read /var/lib/neutron/dhcp/b8d47c75-7672-43c6-9cff-727534f7a0ef/opts
Nov  3 03:54:07 gtw01 dnsmasq[12514]: read /var/lib/neutron/dhcp/b8d47c75-7672-43c6-9cff-727534f7a0ef/addn_hosts - 5 addresses
Nov  3 03:54:07 gtw01 dnsmasq-dhcp[12514]: read /var/lib/neutron/dhcp/b8d47c75-7672-43c6-9cff-727534f7a0ef/host
Nov  3 03:54:07 gtw01 dnsmasq-dhcp[12514]: read /var/lib/neutron/dhcp/b8d47c75-7672-43c6-9cff-727534f7a0ef/opts
Nov  3 03:54:07 gtw01 dnsmasq-dhcp[12514]: DHCPRELEASE(tapef0975e4-ae) 192.168.120.6 fa:16:3e:9a:3b:17
Nov  3 03:54:08 gtw01 dnsmasq[12514]: read /var/lib/neutron/dhcp/b8d47c75-7672-43c6-9cff-727534f7a0ef/addn_hosts - 5 addresses
Nov  3 03:54:08 gtw01 dnsmasq-dhcp[12514]: read /var/lib/neutron/dhcp/b8d47c75-7672-43c6-9cff-727534f7a0ef/host
Nov  3 03:54:08 gtw01 dnsmasq-dhcp[12514]: read /var/lib/neutron/dhcp/b8d47c75-7672-43c6-9cff-727534f7a0ef/opts
Nov  3 03:54:09 gtw01 dnsmasq[12514]: read /var/lib/neutron/dhcp/b8d47c75-7672-43c6-9cff-727534f7a0ef/addn_hosts - 5 addresses
Nov  3 03:54:09 gtw01 dnsmasq-dhcp[12514]: read /var/lib/neutron/dhcp/b8d47c75-7672-43c6-9cff-727534f7a0ef/host
Nov  3 03:54:09 gtw01 dnsmasq-dhcp[12514]: read /var/lib/neutron/dhcp/b8d47c75-7672-43c6-9cff-727534f7a0ef/opts
Nov  3 03:54:12 gtw01 dnsmasq[12514]: read /var/lib/neutron/dhcp/b8d47c75-7672-43c6-9cff-727534f7a0ef/addn_hosts - 5 addresses
Nov  3 03:54:12 gtw01 dnsmasq-dhcp[12514]: read /var/lib/neutron/dhcp/b8d47c75-7672-43c6-9cff-727534f7a0ef/host
Nov  3 03:54:12 gtw01 dnsmasq-dhcp[12514]: read /var/lib/neutron/dhcp/b8d47c75-7672-43c6-9cff-727534f7a0ef/opts
Nov  3 03:54:13 gtw01 dnsmasq[12514]: read /var/lib/neutron/dhcp/b8d47c75-7672-43c6-9cff-727534f7a0ef/addn_hosts - 5 addresses
Nov  3 03:54:13 gtw01 dnsmasq-dhcp[12514]: read /var/lib/neutron/dhcp/b8d47c75-7672-43c6-9cff-727534f7a0ef/host
Nov  3 03:54:13 gtw01 dnsmasq-dhcp[12514]: read /var/lib/neutron/dhcp/b8d47c75-7672-43c6-9cff-727534f7a0ef/opts
Nov  3 03:54:14 gtw01 dnsmasq[12514]: read /var/lib/neutron/dhcp/b8d47c75-7672-43c6-9cff-727534f7a0ef/addn_hosts - 4 addresses
Nov  3 03:54:14 gtw01 dnsmasq-dhcp[12514]: read /var/lib/neutron/dhcp/b8d47c75-7672-43c6-9cff-727534f7a0ef/host
Nov  3 03:54:14 gtw01 dnsmasq-dhcp[12514]: read /var/lib/neutron/dhcp/b8d47c75-7672-43c6-9cff-727534f7a0ef/opts
Nov  3 03:54:15 gtw01 dnsmasq[12514]: read /var/lib/neutron/dhcp/b8d47c75-7672-43c6-9cff-727534f7a0ef/addn_hosts - 3 addresses
Nov  3 03:54:15 gtw01 dnsmasq-dhcp[12514]: read /var/lib/neutron/dhcp/b8d47c75-7672-43c6-9cff-727534f7a0ef/host
Nov  3 03:54:15 gtw01 dnsmasq-dhcp[12514]: read /var/lib/neutron/dhcp/b8d47c75-7672-43c6-9cff-727534f7a0ef/opts
