Nov  3 04:01:10 gtw01 dnsmasq[22771]: read /var/lib/neutron/dhcp/6525ab67-00bc-407d-8499-33af9f607f16/addn_hosts - 6 addresses
Nov  3 04:01:10 gtw01 dnsmasq-dhcp[22771]: read /var/lib/neutron/dhcp/6525ab67-00bc-407d-8499-33af9f607f16/host
Nov  3 04:01:10 gtw01 dnsmasq-dhcp[22771]: read /var/lib/neutron/dhcp/6525ab67-00bc-407d-8499-33af9f607f16/opts
Nov  3 04:01:11 gtw01 dnsmasq[22771]: read /var/lib/neutron/dhcp/6525ab67-00bc-407d-8499-33af9f607f16/addn_hosts - 6 addresses
Nov  3 04:01:11 gtw01 dnsmasq-dhcp[22771]: read /var/lib/neutron/dhcp/6525ab67-00bc-407d-8499-33af9f607f16/host
Nov  3 04:01:11 gtw01 dnsmasq-dhcp[22771]: read /var/lib/neutron/dhcp/6525ab67-00bc-407d-8499-33af9f607f16/opts
Nov  3 04:01:11 gtw01 dnsmasq[26471]: started, version 2.80 cachesize 150
Nov  3 04:01:11 gtw01 dnsmasq[26471]: DNS service limited to local subnets
Nov  3 04:01:11 gtw01 dnsmasq[26471]: compile time options: IPv6 GNU-getopt DBus i18n IDN DHCP DHCPv6 no-Lua TFTP conntrack ipset auth DNSSEC loop-detect inotify dumpfile
Nov  3 04:01:11 gtw01 dnsmasq[26471]: warning: no upstream servers configured
Nov  3 04:01:11 gtw01 dnsmasq-dhcp[26471]: DHCPv6, static leases only on 2003::, lease time 1h
Nov  3 04:01:12 gtw01 dnsmasq[26471]: read /var/lib/neutron/dhcp/0fc8a35b-e371-4a9e-bd72-7b8e90e0896b/addn_hosts - 1 addresses
Nov  3 04:01:12 gtw01 dnsmasq-dhcp[26471]: read /var/lib/neutron/dhcp/0fc8a35b-e371-4a9e-bd72-7b8e90e0896b/host
Nov  3 04:01:12 gtw01 dnsmasq-dhcp[26471]: read /var/lib/neutron/dhcp/0fc8a35b-e371-4a9e-bd72-7b8e90e0896b/opts
Nov  3 04:01:12 gtw01 dnsmasq[22771]: read /var/lib/neutron/dhcp/6525ab67-00bc-407d-8499-33af9f607f16/addn_hosts - 6 addresses
Nov  3 04:01:12 gtw01 dnsmasq-dhcp[22771]: read /var/lib/neutron/dhcp/6525ab67-00bc-407d-8499-33af9f607f16/host
Nov  3 04:01:12 gtw01 dnsmasq-dhcp[22771]: read /var/lib/neutron/dhcp/6525ab67-00bc-407d-8499-33af9f607f16/opts
Nov  3 04:01:13 gtw01 kernel: [ 6578.726425] device tap50c3c070-7f entered promiscuous mode
Nov  3 04:01:13 gtw01 systemd-udevd[26518]: Could not generate persistent MAC address for tap50c3c070-7f: No such file or directory
Nov  3 04:01:13 gtw01 systemd-udevd[26518]: Process '/sbin/ip link set tap50c3c070-7f txqueuelen 10000' failed with exit code 1.
Nov  3 04:01:13 gtw01 systemd-udevd[26568]: Process '/sbin/ip link set tap50c3c070-7f txqueuelen 10000' failed with exit code 1.
Nov  3 04:01:16 gtw01 dnsmasq[26662]: started, version 2.80 cachesize 150
Nov  3 04:01:16 gtw01 dnsmasq[26662]: DNS service limited to local subnets
Nov  3 04:01:16 gtw01 dnsmasq[26662]: compile time options: IPv6 GNU-getopt DBus i18n IDN DHCP DHCPv6 no-Lua TFTP conntrack ipset auth DNSSEC loop-detect inotify dumpfile
Nov  3 04:01:16 gtw01 dnsmasq[26662]: warning: no upstream servers configured
Nov  3 04:01:16 gtw01 dnsmasq-dhcp[26662]: DHCP, static leases only on 192.168.120.0, lease time 1h
Nov  3 04:01:16 gtw01 dnsmasq-dhcp[26662]: DHCPv6, static leases only on 2003::, lease time 1h
Nov  3 04:01:16 gtw01 dnsmasq[26662]: read /var/lib/neutron/dhcp/0fc8a35b-e371-4a9e-bd72-7b8e90e0896b/addn_hosts - 2 addresses
Nov  3 04:01:16 gtw01 dnsmasq-dhcp[26662]: read /var/lib/neutron/dhcp/0fc8a35b-e371-4a9e-bd72-7b8e90e0896b/host
Nov  3 04:01:16 gtw01 dnsmasq-dhcp[26662]: read /var/lib/neutron/dhcp/0fc8a35b-e371-4a9e-bd72-7b8e90e0896b/opts
Nov  3 04:01:16 gtw01 haproxy-metadata-proxy-0fc8a35b-e371-4a9e-bd72-7b8e90e0896b[26669]: Proxy listener started.
Nov  3 04:01:17 gtw01 dnsmasq[26681]: started, version 2.80 cachesize 150
Nov  3 04:01:17 gtw01 dnsmasq[26681]: DNS service limited to local subnets
Nov  3 04:01:17 gtw01 dnsmasq[26681]: compile time options: IPv6 GNU-getopt DBus i18n IDN DHCP DHCPv6 no-Lua TFTP conntrack ipset auth DNSSEC loop-detect inotify dumpfile
Nov  3 04:01:17 gtw01 dnsmasq[26681]: warning: no upstream servers configured
Nov  3 04:01:17 gtw01 dnsmasq-dhcp[26681]: DHCPv6, static leases only on 2003::, lease time 1h
Nov  3 04:01:17 gtw01 dnsmasq[26681]: read /var/lib/neutron/dhcp/75aefeda-35a7-440b-abe1-5fe298cd66ba/addn_hosts - 1 addresses
Nov  3 04:01:17 gtw01 dnsmasq-dhcp[26681]: read /var/lib/neutron/dhcp/75aefeda-35a7-440b-abe1-5fe298cd66ba/host
Nov  3 04:01:17 gtw01 dnsmasq-dhcp[26681]: read /var/lib/neutron/dhcp/75aefeda-35a7-440b-abe1-5fe298cd66ba/opts
Nov  3 04:01:17 gtw01 kernel: [ 6582.567893] device tap50c3c070-7f left promiscuous mode
Nov  3 04:01:17 gtw01 dnsmasq[26662]: read /var/lib/neutron/dhcp/0fc8a35b-e371-4a9e-bd72-7b8e90e0896b/addn_hosts - 2 addresses
Nov  3 04:01:17 gtw01 dnsmasq-dhcp[26662]: read /var/lib/neutron/dhcp/0fc8a35b-e371-4a9e-bd72-7b8e90e0896b/host
Nov  3 04:01:17 gtw01 dnsmasq-dhcp[26662]: read /var/lib/neutron/dhcp/0fc8a35b-e371-4a9e-bd72-7b8e90e0896b/opts
Nov  3 04:01:18 gtw01 dnsmasq[26662]: read /var/lib/neutron/dhcp/0fc8a35b-e371-4a9e-bd72-7b8e90e0896b/addn_hosts - 2 addresses
Nov  3 04:01:18 gtw01 dnsmasq-dhcp[26662]: read /var/lib/neutron/dhcp/0fc8a35b-e371-4a9e-bd72-7b8e90e0896b/host
Nov  3 04:01:18 gtw01 dnsmasq-dhcp[26662]: read /var/lib/neutron/dhcp/0fc8a35b-e371-4a9e-bd72-7b8e90e0896b/opts
Nov  3 04:01:19 gtw01 kernel: [ 6584.308957] device tapca7ff960-cd entered promiscuous mode
Nov  3 04:01:19 gtw01 systemd-udevd[26738]: Could not generate persistent MAC address for tapca7ff960-cd: No such file or directory
Nov  3 04:01:19 gtw01 systemd-udevd[26738]: Process '/sbin/ip link set tapca7ff960-cd txqueuelen 10000' failed with exit code 1.
Nov  3 04:01:22 gtw01 dnsmasq[26846]: started, version 2.80 cachesize 150
Nov  3 04:01:22 gtw01 dnsmasq[26846]: DNS service limited to local subnets
Nov  3 04:01:22 gtw01 dnsmasq[26846]: compile time options: IPv6 GNU-getopt DBus i18n IDN DHCP DHCPv6 no-Lua TFTP conntrack ipset auth DNSSEC loop-detect inotify dumpfile
Nov  3 04:01:22 gtw01 dnsmasq[26846]: warning: no upstream servers configured
Nov  3 04:01:22 gtw01 dnsmasq-dhcp[26846]: DHCPv6, static leases only on 2003::, lease time 1h
Nov  3 04:01:22 gtw01 dnsmasq[26846]: read /var/lib/neutron/dhcp/1f18a404-b585-4ab8-9585-9e9afb13bf38/addn_hosts - 1 addresses
Nov  3 04:01:22 gtw01 dnsmasq-dhcp[26846]: read /var/lib/neutron/dhcp/1f18a404-b585-4ab8-9585-9e9afb13bf38/host
Nov  3 04:01:22 gtw01 dnsmasq-dhcp[26846]: read /var/lib/neutron/dhcp/1f18a404-b585-4ab8-9585-9e9afb13bf38/opts
Nov  3 04:01:22 gtw01 kernel: [ 6588.173859] device tapca7ff960-cd left promiscuous mode
Nov  3 04:01:26 gtw01 dnsmasq-dhcp[22771]: DHCPDISCOVER(tap95bc0fdc-fc) fa:16:3e:d6:54:6c
Nov  3 04:01:26 gtw01 dnsmasq-dhcp[22771]: DHCPOFFER(tap95bc0fdc-fc) 192.168.120.10 fa:16:3e:d6:54:6c
Nov  3 04:01:26 gtw01 dnsmasq-dhcp[22771]: DHCPREQUEST(tap95bc0fdc-fc) 192.168.120.10 fa:16:3e:d6:54:6c
Nov  3 04:01:26 gtw01 dnsmasq-dhcp[22771]: DHCPACK(tap95bc0fdc-fc) 192.168.120.10 fa:16:3e:d6:54:6c host-192-168-120-10
Nov  3 04:01:28 gtw01 kernel: [ 6593.573145] device tap76f27afc-fe entered promiscuous mode
Nov  3 04:01:28 gtw01 systemd-udevd[26874]: Could not generate persistent MAC address for tap76f27afc-fe: No such file or directory
Nov  3 04:01:28 gtw01 systemd-udevd[26874]: Process '/sbin/ip link set tap76f27afc-fe txqueuelen 10000' failed with exit code 1.
Nov  3 04:01:31 gtw01 dnsmasq[22771]: read /var/lib/neutron/dhcp/6525ab67-00bc-407d-8499-33af9f607f16/addn_hosts - 7 addresses
Nov  3 04:01:31 gtw01 dnsmasq-dhcp[22771]: read /var/lib/neutron/dhcp/6525ab67-00bc-407d-8499-33af9f607f16/host
Nov  3 04:01:31 gtw01 dnsmasq-dhcp[22771]: read /var/lib/neutron/dhcp/6525ab67-00bc-407d-8499-33af9f607f16/opts
Nov  3 04:01:31 gtw01 kernel: [ 6596.502012] device tap7b350577-b2 entered promiscuous mode
Nov  3 04:01:31 gtw01 systemd-udevd[27003]: Could not generate persistent MAC address for tap7b350577-b2: No such file or directory
Nov  3 04:01:31 gtw01 systemd-udevd[27048]: Process '/sbin/ip link set tap7b350577-b2 txqueuelen 10000' failed with exit code 1.
Nov  3 04:01:32 gtw01 dnsmasq[27088]: started, version 2.80 cachesize 150
Nov  3 04:01:32 gtw01 dnsmasq[27088]: DNS service limited to local subnets
Nov  3 04:01:32 gtw01 dnsmasq[27088]: compile time options: IPv6 GNU-getopt DBus i18n IDN DHCP DHCPv6 no-Lua TFTP conntrack ipset auth DNSSEC loop-detect inotify dumpfile
Nov  3 04:01:32 gtw01 dnsmasq[27088]: warning: no upstream servers configured
Nov  3 04:01:32 gtw01 dnsmasq-dhcp[27088]: DHCPv6, static leases only on 2003::, lease time 1h
Nov  3 04:01:32 gtw01 dnsmasq[27088]: read /var/lib/neutron/dhcp/e9c54d0d-4274-422a-aaee-e237aa973808/addn_hosts - 1 addresses
Nov  3 04:01:32 gtw01 dnsmasq-dhcp[27088]: read /var/lib/neutron/dhcp/e9c54d0d-4274-422a-aaee-e237aa973808/host
Nov  3 04:01:32 gtw01 dnsmasq-dhcp[27088]: read /var/lib/neutron/dhcp/e9c54d0d-4274-422a-aaee-e237aa973808/opts
Nov  3 04:01:32 gtw01 dnsmasq[22771]: read /var/lib/neutron/dhcp/6525ab67-00bc-407d-8499-33af9f607f16/addn_hosts - 7 addresses
Nov  3 04:01:32 gtw01 dnsmasq-dhcp[22771]: read /var/lib/neutron/dhcp/6525ab67-00bc-407d-8499-33af9f607f16/host
Nov  3 04:01:32 gtw01 dnsmasq-dhcp[22771]: read /var/lib/neutron/dhcp/6525ab67-00bc-407d-8499-33af9f607f16/opts
Nov  3 04:01:32 gtw01 kernel: [ 6597.956160] device tap76f27afc-fe left promiscuous mode
Nov  3 04:01:33 gtw01 dnsmasq[22771]: read /var/lib/neutron/dhcp/6525ab67-00bc-407d-8499-33af9f607f16/addn_hosts - 7 addresses
Nov  3 04:01:33 gtw01 dnsmasq-dhcp[22771]: read /var/lib/neutron/dhcp/6525ab67-00bc-407d-8499-33af9f607f16/host
Nov  3 04:01:33 gtw01 dnsmasq-dhcp[22771]: read /var/lib/neutron/dhcp/6525ab67-00bc-407d-8499-33af9f607f16/opts
Nov  3 04:01:35 gtw01 dnsmasq[27165]: started, version 2.80 cachesize 150
Nov  3 04:01:35 gtw01 dnsmasq[27165]: DNS service limited to local subnets
Nov  3 04:01:35 gtw01 dnsmasq[27165]: compile time options: IPv6 GNU-getopt DBus i18n IDN DHCP DHCPv6 no-Lua TFTP conntrack ipset auth DNSSEC loop-detect inotify dumpfile
Nov  3 04:01:35 gtw01 dnsmasq[27165]: warning: no upstream servers configured
Nov  3 04:01:35 gtw01 dnsmasq-dhcp[27165]: DHCPv6, static leases only on 2003::, lease time 1h
Nov  3 04:01:35 gtw01 dnsmasq[27165]: read /var/lib/neutron/dhcp/acb57da3-c202-4ba6-b113-9190378d122c/addn_hosts - 1 addresses
Nov  3 04:01:35 gtw01 dnsmasq-dhcp[27165]: read /var/lib/neutron/dhcp/acb57da3-c202-4ba6-b113-9190378d122c/host
Nov  3 04:01:35 gtw01 dnsmasq-dhcp[27165]: read /var/lib/neutron/dhcp/acb57da3-c202-4ba6-b113-9190378d122c/opts
Nov  3 04:01:35 gtw01 kernel: [ 6600.571417] device tap7b350577-b2 left promiscuous mode
Nov  3 04:01:37 gtw01 kernel: [ 6602.297004] device tapefb349fe-e8 entered promiscuous mode
Nov  3 04:01:37 gtw01 systemd-udevd[27192]: Could not generate persistent MAC address for tapefb349fe-e8: No such file or directory
Nov  3 04:01:37 gtw01 systemd-udevd[27192]: Process '/sbin/ip link set tapefb349fe-e8 txqueuelen 10000' failed with exit code 1.
Nov  3 04:01:37 gtw01 systemd-udevd[27242]: Process '/sbin/ip link set tapefb349fe-e8 txqueuelen 10000' failed with exit code 1.
Nov  3 04:01:40 gtw01 dnsmasq[27348]: started, version 2.80 cachesize 150
Nov  3 04:01:40 gtw01 dnsmasq[27348]: DNS service limited to local subnets
Nov  3 04:01:40 gtw01 dnsmasq[27348]: compile time options: IPv6 GNU-getopt DBus i18n IDN DHCP DHCPv6 no-Lua TFTP conntrack ipset auth DNSSEC loop-detect inotify dumpfile
Nov  3 04:01:40 gtw01 dnsmasq[27348]: warning: no upstream servers configured
Nov  3 04:01:40 gtw01 dnsmasq-dhcp[27348]: DHCPv6, static leases only on 2003::, lease time 1h
Nov  3 04:01:40 gtw01 dnsmasq[27348]: read /var/lib/neutron/dhcp/0fc8a35b-e371-4a9e-bd72-7b8e90e0896b/addn_hosts - 1 addresses
Nov  3 04:01:40 gtw01 dnsmasq-dhcp[27348]: read /var/lib/neutron/dhcp/0fc8a35b-e371-4a9e-bd72-7b8e90e0896b/host
Nov  3 04:01:40 gtw01 dnsmasq-dhcp[27348]: read /var/lib/neutron/dhcp/0fc8a35b-e371-4a9e-bd72-7b8e90e0896b/opts
Nov  3 04:01:40 gtw01 dnsmasq[27355]: started, version 2.80 cachesize 150
Nov  3 04:01:40 gtw01 dnsmasq[27355]: DNS service limited to local subnets
Nov  3 04:01:40 gtw01 dnsmasq[27355]: compile time options: IPv6 GNU-getopt DBus i18n IDN DHCP DHCPv6 no-Lua TFTP conntrack ipset auth DNSSEC loop-detect inotify dumpfile
Nov  3 04:01:40 gtw01 dnsmasq[27355]: warning: no upstream servers configured
Nov  3 04:01:40 gtw01 dnsmasq-dhcp[27355]: DHCPv6, static leases only on 2003::, lease time 1h
Nov  3 04:01:40 gtw01 dnsmasq[27355]: read /var/lib/neutron/dhcp/ff1c948c-8cb0-4c5e-90d4-548648770f94/addn_hosts - 1 addresses
Nov  3 04:01:40 gtw01 dnsmasq-dhcp[27355]: read /var/lib/neutron/dhcp/ff1c948c-8cb0-4c5e-90d4-548648770f94/host
Nov  3 04:01:40 gtw01 dnsmasq-dhcp[27355]: read /var/lib/neutron/dhcp/ff1c948c-8cb0-4c5e-90d4-548648770f94/opts
Nov  3 04:01:41 gtw01 kernel: [ 6606.471704] device tapa7c9bd80-76 left promiscuous mode
Nov  3 04:01:41 gtw01 dnsmasq[27355]: read /var/lib/neutron/dhcp/ff1c948c-8cb0-4c5e-90d4-548648770f94/addn_hosts - 3 addresses
Nov  3 04:01:41 gtw01 dnsmasq-dhcp[27355]: read /var/lib/neutron/dhcp/ff1c948c-8cb0-4c5e-90d4-548648770f94/host
Nov  3 04:01:41 gtw01 dnsmasq-dhcp[27355]: read /var/lib/neutron/dhcp/ff1c948c-8cb0-4c5e-90d4-548648770f94/opts
Nov  3 04:01:42 gtw01 dnsmasq[27355]: read /var/lib/neutron/dhcp/ff1c948c-8cb0-4c5e-90d4-548648770f94/addn_hosts - 3 addresses
Nov  3 04:01:42 gtw01 dnsmasq-dhcp[27355]: read /var/lib/neutron/dhcp/ff1c948c-8cb0-4c5e-90d4-548648770f94/host
Nov  3 04:01:42 gtw01 dnsmasq-dhcp[27355]: read /var/lib/neutron/dhcp/ff1c948c-8cb0-4c5e-90d4-548648770f94/opts
Nov  3 04:01:43 gtw01 dnsmasq[27355]: read /var/lib/neutron/dhcp/ff1c948c-8cb0-4c5e-90d4-548648770f94/addn_hosts - 3 addresses
Nov  3 04:01:43 gtw01 dnsmasq-dhcp[27355]: read /var/lib/neutron/dhcp/ff1c948c-8cb0-4c5e-90d4-548648770f94/host
Nov  3 04:01:43 gtw01 dnsmasq-dhcp[27355]: read /var/lib/neutron/dhcp/ff1c948c-8cb0-4c5e-90d4-548648770f94/opts
Nov  3 04:01:44 gtw01 kernel: [ 6609.315212] device tap33553225-96 left promiscuous mode
Nov  3 04:01:44 gtw01 kernel: [ 6609.588749] device tapdf8125f5-06 entered promiscuous mode
Nov  3 04:01:44 gtw01 systemd-udevd[27439]: Could not generate persistent MAC address for tapdf8125f5-06: No such file or directory
Nov  3 04:01:44 gtw01 systemd-udevd[27484]: Process '/sbin/ip link set tapdf8125f5-06 txqueuelen 10000' failed with exit code 1.
Nov  3 04:01:44 gtw01 dnsmasq[27355]: read /var/lib/neutron/dhcp/ff1c948c-8cb0-4c5e-90d4-548648770f94/addn_hosts - 4 addresses
Nov  3 04:01:44 gtw01 dnsmasq-dhcp[27355]: read /var/lib/neutron/dhcp/ff1c948c-8cb0-4c5e-90d4-548648770f94/host
Nov  3 04:01:44 gtw01 dnsmasq-dhcp[27355]: read /var/lib/neutron/dhcp/ff1c948c-8cb0-4c5e-90d4-548648770f94/opts
Nov  3 04:01:45 gtw01 dnsmasq[27355]: read /var/lib/neutron/dhcp/ff1c948c-8cb0-4c5e-90d4-548648770f94/addn_hosts - 4 addresses
Nov  3 04:01:45 gtw01 dnsmasq-dhcp[27355]: read /var/lib/neutron/dhcp/ff1c948c-8cb0-4c5e-90d4-548648770f94/host
Nov  3 04:01:45 gtw01 dnsmasq-dhcp[27355]: read /var/lib/neutron/dhcp/ff1c948c-8cb0-4c5e-90d4-548648770f94/opts
Nov  3 04:01:46 gtw01 dnsmasq[27355]: read /var/lib/neutron/dhcp/ff1c948c-8cb0-4c5e-90d4-548648770f94/addn_hosts - 5 addresses
Nov  3 04:01:46 gtw01 dnsmasq-dhcp[27355]: read /var/lib/neutron/dhcp/ff1c948c-8cb0-4c5e-90d4-548648770f94/host
Nov  3 04:01:46 gtw01 dnsmasq-dhcp[27355]: read /var/lib/neutron/dhcp/ff1c948c-8cb0-4c5e-90d4-548648770f94/opts
Nov  3 04:01:47 gtw01 dnsmasq-dhcp[22771]: DHCPDISCOVER(tap95bc0fdc-fc) fa:16:3e:90:06:96
Nov  3 04:01:47 gtw01 dnsmasq-dhcp[22771]: DHCPOFFER(tap95bc0fdc-fc) 192.168.120.11 fa:16:3e:90:06:96
Nov  3 04:01:47 gtw01 dnsmasq-dhcp[22771]: DHCPREQUEST(tap95bc0fdc-fc) 192.168.120.11 fa:16:3e:90:06:96
Nov  3 04:01:47 gtw01 dnsmasq-dhcp[22771]: DHCPACK(tap95bc0fdc-fc) 192.168.120.11 fa:16:3e:90:06:96 host-192-168-120-11
Nov  3 04:01:47 gtw01 dnsmasq[27355]: read /var/lib/neutron/dhcp/ff1c948c-8cb0-4c5e-90d4-548648770f94/addn_hosts - 6 addresses
Nov  3 04:01:47 gtw01 dnsmasq-dhcp[27355]: read /var/lib/neutron/dhcp/ff1c948c-8cb0-4c5e-90d4-548648770f94/host
Nov  3 04:01:47 gtw01 dnsmasq-dhcp[27355]: read /var/lib/neutron/dhcp/ff1c948c-8cb0-4c5e-90d4-548648770f94/opts
Nov  3 04:01:47 gtw01 dnsmasq[27603]: started, version 2.80 cachesize 150
Nov  3 04:01:47 gtw01 dnsmasq[27603]: DNS service limited to local subnets
Nov  3 04:01:47 gtw01 dnsmasq[27603]: compile time options: IPv6 GNU-getopt DBus i18n IDN DHCP DHCPv6 no-Lua TFTP conntrack ipset auth DNSSEC loop-detect inotify dumpfile
Nov  3 04:01:47 gtw01 dnsmasq[27603]: warning: no upstream servers configured
Nov  3 04:01:47 gtw01 dnsmasq-dhcp[27603]: DHCPv6, static leases only on 2003::, lease time 1h
Nov  3 04:01:47 gtw01 dnsmasq[27603]: read /var/lib/neutron/dhcp/d803c530-4452-49ae-9bb2-c0e2a1f4b182/addn_hosts - 1 addresses
Nov  3 04:01:47 gtw01 dnsmasq-dhcp[27603]: read /var/lib/neutron/dhcp/d803c530-4452-49ae-9bb2-c0e2a1f4b182/host
Nov  3 04:01:47 gtw01 dnsmasq-dhcp[27603]: read /var/lib/neutron/dhcp/d803c530-4452-49ae-9bb2-c0e2a1f4b182/opts
Nov  3 04:01:48 gtw01 kernel: [ 6613.595029] device tap27767504-d0 left promiscuous mode
Nov  3 04:01:48 gtw01 dnsmasq[27355]: read /var/lib/neutron/dhcp/ff1c948c-8cb0-4c5e-90d4-548648770f94/addn_hosts - 6 addresses
Nov  3 04:01:48 gtw01 dnsmasq-dhcp[27355]: read /var/lib/neutron/dhcp/ff1c948c-8cb0-4c5e-90d4-548648770f94/host
Nov  3 04:01:48 gtw01 dnsmasq-dhcp[27355]: read /var/lib/neutron/dhcp/ff1c948c-8cb0-4c5e-90d4-548648770f94/opts
Nov  3 04:01:49 gtw01 dnsmasq[27355]: read /var/lib/neutron/dhcp/ff1c948c-8cb0-4c5e-90d4-548648770f94/addn_hosts - 6 addresses
Nov  3 04:01:49 gtw01 dnsmasq-dhcp[27355]: read /var/lib/neutron/dhcp/ff1c948c-8cb0-4c5e-90d4-548648770f94/host
Nov  3 04:01:49 gtw01 dnsmasq-dhcp[27355]: read /var/lib/neutron/dhcp/ff1c948c-8cb0-4c5e-90d4-548648770f94/opts
Nov  3 04:01:50 gtw01 dnsmasq[27355]: read /var/lib/neutron/dhcp/ff1c948c-8cb0-4c5e-90d4-548648770f94/addn_hosts - 6 addresses
Nov  3 04:01:50 gtw01 dnsmasq-dhcp[27355]: read /var/lib/neutron/dhcp/ff1c948c-8cb0-4c5e-90d4-548648770f94/host
Nov  3 04:01:50 gtw01 dnsmasq-dhcp[27355]: read /var/lib/neutron/dhcp/ff1c948c-8cb0-4c5e-90d4-548648770f94/opts
Nov  3 04:01:51 gtw01 dnsmasq-dhcp[22771]: DHCPRELEASE(tap95bc0fdc-fc) 192.168.120.11 fa:16:3e:90:06:96
Nov  3 04:01:51 gtw01 dnsmasq[27355]: read /var/lib/neutron/dhcp/ff1c948c-8cb0-4c5e-90d4-548648770f94/addn_hosts - 6 addresses
Nov  3 04:01:51 gtw01 dnsmasq-dhcp[27355]: read /var/lib/neutron/dhcp/ff1c948c-8cb0-4c5e-90d4-548648770f94/host
Nov  3 04:01:51 gtw01 dnsmasq-dhcp[27355]: read /var/lib/neutron/dhcp/ff1c948c-8cb0-4c5e-90d4-548648770f94/opts
Nov  3 04:01:51 gtw01 dnsmasq[27720]: started, version 2.80 cachesize 150
Nov  3 04:01:51 gtw01 dnsmasq[27720]: DNS service limited to local subnets
Nov  3 04:01:51 gtw01 dnsmasq[27720]: compile time options: IPv6 GNU-getopt DBus i18n IDN DHCP DHCPv6 no-Lua TFTP conntrack ipset auth DNSSEC loop-detect inotify dumpfile
Nov  3 04:01:51 gtw01 dnsmasq[27720]: warning: no upstream servers configured
Nov  3 04:01:51 gtw01 dnsmasq-dhcp[27720]: DHCPv6, static leases only on 2003:0:0:1::, lease time 1h
Nov  3 04:01:51 gtw01 dnsmasq-dhcp[27720]: DHCPv6, static leases only on 2003::, lease time 1h
Nov  3 04:01:51 gtw01 dnsmasq[27720]: read /var/lib/neutron/dhcp/d803c530-4452-49ae-9bb2-c0e2a1f4b182/addn_hosts - 2 addresses
Nov  3 04:01:51 gtw01 dnsmasq-dhcp[27720]: read /var/lib/neutron/dhcp/d803c530-4452-49ae-9bb2-c0e2a1f4b182/host
Nov  3 04:01:51 gtw01 dnsmasq-dhcp[27720]: read /var/lib/neutron/dhcp/d803c530-4452-49ae-9bb2-c0e2a1f4b182/opts
Nov  3 04:01:52 gtw01 kernel: [ 6617.651374] device tape7ed8b0a-17 left promiscuous mode
Nov  3 04:01:52 gtw01 kernel: [ 6617.698700] device tapdf8125f5-06 left promiscuous mode
Nov  3 04:01:52 gtw01 dnsmasq[27355]: read /var/lib/neutron/dhcp/ff1c948c-8cb0-4c5e-90d4-548648770f94/addn_hosts - 5 addresses
Nov  3 04:01:52 gtw01 dnsmasq-dhcp[27355]: read /var/lib/neutron/dhcp/ff1c948c-8cb0-4c5e-90d4-548648770f94/host
Nov  3 04:01:52 gtw01 dnsmasq-dhcp[27355]: read /var/lib/neutron/dhcp/ff1c948c-8cb0-4c5e-90d4-548648770f94/opts
Nov  3 04:01:54 gtw01 kernel: [ 6619.329597] device tapefb349fe-e8 left promiscuous mode
Nov  3 04:01:57 gtw01 systemd-udevd[27777]: Could not generate persistent MAC address for tap3acd8b91-40: No such file or directory
Nov  3 04:01:57 gtw01 kernel: [ 6622.577824] device tap3acd8b91-40 entered promiscuous mode
Nov  3 04:01:57 gtw01 systemd-udevd[27777]: Process '/sbin/ip link set tap3acd8b91-40 txqueuelen 10000' failed with exit code 1.
Nov  3 04:01:57 gtw01 systemd-udevd[27777]: Process '/sbin/ip link set tap3acd8b91-40 txqueuelen 10000' failed with exit code 1.
Nov  3 04:02:00 gtw01 dnsmasq[27893]: started, version 2.80 cachesize 150
Nov  3 04:02:00 gtw01 dnsmasq[27893]: DNS service limited to local subnets
Nov  3 04:02:00 gtw01 dnsmasq[27893]: compile time options: IPv6 GNU-getopt DBus i18n IDN DHCP DHCPv6 no-Lua TFTP conntrack ipset auth DNSSEC loop-detect inotify dumpfile
Nov  3 04:02:00 gtw01 dnsmasq[27893]: warning: no upstream servers configured
Nov  3 04:02:00 gtw01 dnsmasq-dhcp[27893]: DHCPv6, static leases only on 2003::, lease time 1h
Nov  3 04:02:00 gtw01 dnsmasq[27893]: read /var/lib/neutron/dhcp/2274c9f6-b54d-4aff-9d34-2d180783e949/addn_hosts - 1 addresses
Nov  3 04:02:00 gtw01 dnsmasq-dhcp[27893]: read /var/lib/neutron/dhcp/2274c9f6-b54d-4aff-9d34-2d180783e949/host
Nov  3 04:02:00 gtw01 dnsmasq-dhcp[27893]: read /var/lib/neutron/dhcp/2274c9f6-b54d-4aff-9d34-2d180783e949/opts
Nov  3 04:02:01 gtw01 dnsmasq[27893]: read /var/lib/neutron/dhcp/2274c9f6-b54d-4aff-9d34-2d180783e949/addn_hosts - 0 addresses
Nov  3 04:02:01 gtw01 dnsmasq-dhcp[27893]: read /var/lib/neutron/dhcp/2274c9f6-b54d-4aff-9d34-2d180783e949/host
Nov  3 04:02:01 gtw01 dnsmasq-dhcp[27893]: read /var/lib/neutron/dhcp/2274c9f6-b54d-4aff-9d34-2d180783e949/opts
Nov  3 04:02:02 gtw01 kernel: [ 6628.163861] device tap3acd8b91-40 left promiscuous mode
Nov  3 04:02:04 gtw01 systemd-udevd[27945]: Could not generate persistent MAC address for tap6bc3a39d-5d: No such file or directory
Nov  3 04:02:04 gtw01 kernel: [ 6629.438565] device tap6bc3a39d-5d entered promiscuous mode
Nov  3 04:02:04 gtw01 systemd-udevd[27992]: Process '/sbin/ip link set tap6bc3a39d-5d txqueuelen 10000' failed with exit code 1.
Nov  3 04:02:04 gtw01 kernel: [ 6630.163137] device tap5cae8cac-6b entered promiscuous mode
Nov  3 04:02:04 gtw01 systemd-udevd[28023]: Could not generate persistent MAC address for tap5cae8cac-6b: No such file or directory
Nov  3 04:02:04 gtw01 systemd-udevd[28069]: Process '/sbin/ip link set tap5cae8cac-6b txqueuelen 10000' failed with exit code 1.
Nov  3 04:02:05 gtw01 kernel: [ 6631.126954] device tapa05d7ec4-be entered promiscuous mode
Nov  3 04:02:05 gtw01 systemd-udevd[28115]: Could not generate persistent MAC address for tapa05d7ec4-be: No such file or directory
Nov  3 04:02:05 gtw01 systemd-udevd[28162]: Process '/sbin/ip link set tapa05d7ec4-be txqueuelen 10000' failed with exit code 1.
Nov  3 04:02:08 gtw01 dnsmasq[28288]: started, version 2.80 cachesize 150
Nov  3 04:02:08 gtw01 dnsmasq[28288]: DNS service limited to local subnets
Nov  3 04:02:08 gtw01 dnsmasq[28288]: compile time options: IPv6 GNU-getopt DBus i18n IDN DHCP DHCPv6 no-Lua TFTP conntrack ipset auth DNSSEC loop-detect inotify dumpfile
Nov  3 04:02:08 gtw01 dnsmasq[28288]: warning: no upstream servers configured
Nov  3 04:02:08 gtw01 dnsmasq-dhcp[28288]: DHCP, static leases only on 192.168.120.0, lease time 1h
Nov  3 04:02:08 gtw01 dnsmasq[28288]: read /var/lib/neutron/dhcp/c5b333ec-5667-4f9e-a55b-a5cbe5f7cfee/addn_hosts - 1 addresses
Nov  3 04:02:08 gtw01 dnsmasq-dhcp[28288]: read /var/lib/neutron/dhcp/c5b333ec-5667-4f9e-a55b-a5cbe5f7cfee/host
Nov  3 04:02:08 gtw01 dnsmasq-dhcp[28288]: read /var/lib/neutron/dhcp/c5b333ec-5667-4f9e-a55b-a5cbe5f7cfee/opts
Nov  3 04:02:09 gtw01 kernel: [ 6634.456740] device tap8ce834f4-20 entered promiscuous mode
Nov  3 04:02:09 gtw01 systemd-udevd[28305]: Could not generate persistent MAC address for tap8ce834f4-20: No such file or directory
Nov  3 04:02:09 gtw01 systemd-udevd[28305]: Process '/sbin/ip link set tap8ce834f4-20 txqueuelen 10000' failed with exit code 1.
Nov  3 04:02:09 gtw01 haproxy-metadata-proxy-c5b333ec-5667-4f9e-a55b-a5cbe5f7cfee[28363]: Proxy listener started.
Nov  3 04:02:09 gtw01 dnsmasq[28375]: started, version 2.80 cachesize 150
Nov  3 04:02:09 gtw01 dnsmasq[28375]: DNS service limited to local subnets
Nov  3 04:02:09 gtw01 dnsmasq[28375]: compile time options: IPv6 GNU-getopt DBus i18n IDN DHCP DHCPv6 no-Lua TFTP conntrack ipset auth DNSSEC loop-detect inotify dumpfile
Nov  3 04:02:09 gtw01 dnsmasq[28375]: warning: no upstream servers configured
Nov  3 04:02:09 gtw01 dnsmasq-dhcp[28375]: DHCP, static leases only on 192.168.120.0, lease time 1h
Nov  3 04:02:09 gtw01 dnsmasq[28375]: read /var/lib/neutron/dhcp/632e240e-37c1-49b1-8ffd-989a1d72a460/addn_hosts - 1 addresses
Nov  3 04:02:09 gtw01 dnsmasq-dhcp[28375]: read /var/lib/neutron/dhcp/632e240e-37c1-49b1-8ffd-989a1d72a460/host
Nov  3 04:02:09 gtw01 dnsmasq-dhcp[28375]: read /var/lib/neutron/dhcp/632e240e-37c1-49b1-8ffd-989a1d72a460/opts
Nov  3 04:02:10 gtw01 haproxy-metadata-proxy-632e240e-37c1-49b1-8ffd-989a1d72a460[28386]: Proxy listener started.
Nov  3 04:02:10 gtw01 dnsmasq[28288]: read /var/lib/neutron/dhcp/c5b333ec-5667-4f9e-a55b-a5cbe5f7cfee/addn_hosts - 2 addresses
Nov  3 04:02:10 gtw01 dnsmasq-dhcp[28288]: read /var/lib/neutron/dhcp/c5b333ec-5667-4f9e-a55b-a5cbe5f7cfee/host
Nov  3 04:02:10 gtw01 dnsmasq-dhcp[28288]: read /var/lib/neutron/dhcp/c5b333ec-5667-4f9e-a55b-a5cbe5f7cfee/opts
Nov  3 04:02:10 gtw01 dnsmasq[28420]: started, version 2.80 cachesize 150
Nov  3 04:02:10 gtw01 dnsmasq[28420]: DNS service limited to local subnets
Nov  3 04:02:10 gtw01 dnsmasq[28420]: compile time options: IPv6 GNU-getopt DBus i18n IDN DHCP DHCPv6 no-Lua TFTP conntrack ipset auth DNSSEC loop-detect inotify dumpfile
Nov  3 04:02:10 gtw01 dnsmasq[28420]: warning: no upstream servers configured
Nov  3 04:02:10 gtw01 dnsmasq-dhcp[28420]: DHCP, static leases only on 192.168.121.0, lease time 1h
Nov  3 04:02:10 gtw01 dnsmasq[28420]: read /var/lib/neutron/dhcp/e813793b-bbf1-4dbc-b32d-dbf026e92b41/addn_hosts - 1 addresses
Nov  3 04:02:10 gtw01 dnsmasq-dhcp[28420]: read /var/lib/neutron/dhcp/e813793b-bbf1-4dbc-b32d-dbf026e92b41/host
Nov  3 04:02:10 gtw01 dnsmasq-dhcp[28420]: read /var/lib/neutron/dhcp/e813793b-bbf1-4dbc-b32d-dbf026e92b41/opts
Nov  3 04:02:11 gtw01 dnsmasq[28375]: read /var/lib/neutron/dhcp/632e240e-37c1-49b1-8ffd-989a1d72a460/addn_hosts - 3 addresses
Nov  3 04:02:11 gtw01 dnsmasq-dhcp[28375]: read /var/lib/neutron/dhcp/632e240e-37c1-49b1-8ffd-989a1d72a460/host
Nov  3 04:02:11 gtw01 dnsmasq-dhcp[28375]: read /var/lib/neutron/dhcp/632e240e-37c1-49b1-8ffd-989a1d72a460/opts
Nov  3 04:02:11 gtw01 haproxy-metadata-proxy-e813793b-bbf1-4dbc-b32d-dbf026e92b41[28437]: Proxy listener started.
Nov  3 04:02:12 gtw01 dnsmasq[28288]: read /var/lib/neutron/dhcp/c5b333ec-5667-4f9e-a55b-a5cbe5f7cfee/addn_hosts - 2 addresses
Nov  3 04:02:12 gtw01 dnsmasq-dhcp[28288]: read /var/lib/neutron/dhcp/c5b333ec-5667-4f9e-a55b-a5cbe5f7cfee/host
Nov  3 04:02:12 gtw01 dnsmasq-dhcp[28288]: read /var/lib/neutron/dhcp/c5b333ec-5667-4f9e-a55b-a5cbe5f7cfee/opts
Nov  3 04:02:12 gtw01 dnsmasq[28420]: read /var/lib/neutron/dhcp/e813793b-bbf1-4dbc-b32d-dbf026e92b41/addn_hosts - 2 addresses
Nov  3 04:02:12 gtw01 dnsmasq-dhcp[28420]: read /var/lib/neutron/dhcp/e813793b-bbf1-4dbc-b32d-dbf026e92b41/host
Nov  3 04:02:12 gtw01 dnsmasq-dhcp[28420]: read /var/lib/neutron/dhcp/e813793b-bbf1-4dbc-b32d-dbf026e92b41/opts
Nov  3 04:02:12 gtw01 dnsmasq[28375]: read /var/lib/neutron/dhcp/632e240e-37c1-49b1-8ffd-989a1d72a460/addn_hosts - 3 addresses
Nov  3 04:02:12 gtw01 dnsmasq-dhcp[28375]: read /var/lib/neutron/dhcp/632e240e-37c1-49b1-8ffd-989a1d72a460/host
Nov  3 04:02:12 gtw01 dnsmasq-dhcp[28375]: read /var/lib/neutron/dhcp/632e240e-37c1-49b1-8ffd-989a1d72a460/opts
Nov  3 04:02:13 gtw01 dnsmasq[22771]: read /var/lib/neutron/dhcp/6525ab67-00bc-407d-8499-33af9f607f16/addn_hosts - 6 addresses
Nov  3 04:02:13 gtw01 dnsmasq-dhcp[22771]: read /var/lib/neutron/dhcp/6525ab67-00bc-407d-8499-33af9f607f16/host
Nov  3 04:02:13 gtw01 dnsmasq-dhcp[22771]: read /var/lib/neutron/dhcp/6525ab67-00bc-407d-8499-33af9f607f16/opts
Nov  3 04:02:14 gtw01 dnsmasq[28288]: read /var/lib/neutron/dhcp/c5b333ec-5667-4f9e-a55b-a5cbe5f7cfee/addn_hosts - 2 addresses
Nov  3 04:02:14 gtw01 dnsmasq-dhcp[28288]: read /var/lib/neutron/dhcp/c5b333ec-5667-4f9e-a55b-a5cbe5f7cfee/host
Nov  3 04:02:14 gtw01 dnsmasq-dhcp[28288]: read /var/lib/neutron/dhcp/c5b333ec-5667-4f9e-a55b-a5cbe5f7cfee/opts
Nov  3 04:02:14 gtw01 dnsmasq[28420]: read /var/lib/neutron/dhcp/e813793b-bbf1-4dbc-b32d-dbf026e92b41/addn_hosts - 2 addresses
Nov  3 04:02:14 gtw01 dnsmasq-dhcp[28420]: read /var/lib/neutron/dhcp/e813793b-bbf1-4dbc-b32d-dbf026e92b41/host
Nov  3 04:02:14 gtw01 dnsmasq-dhcp[28420]: read /var/lib/neutron/dhcp/e813793b-bbf1-4dbc-b32d-dbf026e92b41/opts
Nov  3 04:02:15 gtw01 dnsmasq[28375]: read /var/lib/neutron/dhcp/632e240e-37c1-49b1-8ffd-989a1d72a460/addn_hosts - 3 addresses
Nov  3 04:02:15 gtw01 dnsmasq-dhcp[28375]: read /var/lib/neutron/dhcp/632e240e-37c1-49b1-8ffd-989a1d72a460/host
Nov  3 04:02:15 gtw01 dnsmasq-dhcp[28375]: read /var/lib/neutron/dhcp/632e240e-37c1-49b1-8ffd-989a1d72a460/opts
Nov  3 04:02:15 gtw01 dnsmasq-dhcp[22771]: DHCPRELEASE(tap95bc0fdc-fc) 192.168.120.10 fa:16:3e:d6:54:6c
Nov  3 04:02:15 gtw01 dnsmasq[28596]: started, version 2.80 cachesize 150
Nov  3 04:02:15 gtw01 dnsmasq[28596]: DNS service limited to local subnets
Nov  3 04:02:15 gtw01 dnsmasq[28596]: compile time options: IPv6 GNU-getopt DBus i18n IDN DHCP DHCPv6 no-Lua TFTP conntrack ipset auth DNSSEC loop-detect inotify dumpfile
Nov  3 04:02:15 gtw01 dnsmasq[28596]: warning: no upstream servers configured
Nov  3 04:02:15 gtw01 dnsmasq-dhcp[28596]: DHCPv6, static leases only on 2003::, lease time 1h
Nov  3 04:02:15 gtw01 dnsmasq[28596]: read /var/lib/neutron/dhcp/b34c6c98-05d8-4372-89e6-659c97dc672b/addn_hosts - 1 addresses
Nov  3 04:02:15 gtw01 dnsmasq-dhcp[28596]: read /var/lib/neutron/dhcp/b34c6c98-05d8-4372-89e6-659c97dc672b/host
Nov  3 04:02:15 gtw01 dnsmasq-dhcp[28596]: read /var/lib/neutron/dhcp/b34c6c98-05d8-4372-89e6-659c97dc672b/opts
Nov  3 04:02:16 gtw01 dnsmasq[28288]: read /var/lib/neutron/dhcp/c5b333ec-5667-4f9e-a55b-a5cbe5f7cfee/addn_hosts - 2 addresses
Nov  3 04:02:16 gtw01 dnsmasq-dhcp[28288]: read /var/lib/neutron/dhcp/c5b333ec-5667-4f9e-a55b-a5cbe5f7cfee/host
Nov  3 04:02:16 gtw01 dnsmasq-dhcp[28288]: read /var/lib/neutron/dhcp/c5b333ec-5667-4f9e-a55b-a5cbe5f7cfee/opts
Nov  3 04:02:16 gtw01 kernel: [ 6641.843326] device tap8ce834f4-20 left promiscuous mode
Nov  3 04:02:16 gtw01 dnsmasq[28420]: read /var/lib/neutron/dhcp/e813793b-bbf1-4dbc-b32d-dbf026e92b41/addn_hosts - 2 addresses
Nov  3 04:02:16 gtw01 dnsmasq-dhcp[28420]: read /var/lib/neutron/dhcp/e813793b-bbf1-4dbc-b32d-dbf026e92b41/host
Nov  3 04:02:16 gtw01 dnsmasq-dhcp[28420]: read /var/lib/neutron/dhcp/e813793b-bbf1-4dbc-b32d-dbf026e92b41/opts
Nov  3 04:02:16 gtw01 dnsmasq[28375]: read /var/lib/neutron/dhcp/632e240e-37c1-49b1-8ffd-989a1d72a460/addn_hosts - 4 addresses
Nov  3 04:02:16 gtw01 dnsmasq-dhcp[28375]: read /var/lib/neutron/dhcp/632e240e-37c1-49b1-8ffd-989a1d72a460/host
Nov  3 04:02:16 gtw01 dnsmasq-dhcp[28375]: read /var/lib/neutron/dhcp/632e240e-37c1-49b1-8ffd-989a1d72a460/opts
Nov  3 04:02:17 gtw01 dnsmasq[28420]: read /var/lib/neutron/dhcp/e813793b-bbf1-4dbc-b32d-dbf026e92b41/addn_hosts - 2 addresses
Nov  3 04:02:17 gtw01 dnsmasq-dhcp[28420]: read /var/lib/neutron/dhcp/e813793b-bbf1-4dbc-b32d-dbf026e92b41/host
Nov  3 04:02:17 gtw01 dnsmasq-dhcp[28420]: read /var/lib/neutron/dhcp/e813793b-bbf1-4dbc-b32d-dbf026e92b41/opts
Nov  3 04:02:18 gtw01 dnsmasq[28288]: read /var/lib/neutron/dhcp/c5b333ec-5667-4f9e-a55b-a5cbe5f7cfee/addn_hosts - 2 addresses
Nov  3 04:02:18 gtw01 dnsmasq-dhcp[28288]: read /var/lib/neutron/dhcp/c5b333ec-5667-4f9e-a55b-a5cbe5f7cfee/host
Nov  3 04:02:18 gtw01 dnsmasq-dhcp[28288]: read /var/lib/neutron/dhcp/c5b333ec-5667-4f9e-a55b-a5cbe5f7cfee/opts
Nov  3 04:02:18 gtw01 dnsmasq[28375]: read /var/lib/neutron/dhcp/632e240e-37c1-49b1-8ffd-989a1d72a460/addn_hosts - 5 addresses
Nov  3 04:02:18 gtw01 dnsmasq-dhcp[28375]: read /var/lib/neutron/dhcp/632e240e-37c1-49b1-8ffd-989a1d72a460/host
Nov  3 04:02:18 gtw01 dnsmasq-dhcp[28375]: read /var/lib/neutron/dhcp/632e240e-37c1-49b1-8ffd-989a1d72a460/opts
Nov  3 04:02:19 gtw01 dnsmasq[28420]: read /var/lib/neutron/dhcp/e813793b-bbf1-4dbc-b32d-dbf026e92b41/addn_hosts - 2 addresses
Nov  3 04:02:19 gtw01 dnsmasq-dhcp[28420]: read /var/lib/neutron/dhcp/e813793b-bbf1-4dbc-b32d-dbf026e92b41/host
Nov  3 04:02:19 gtw01 dnsmasq-dhcp[28420]: read /var/lib/neutron/dhcp/e813793b-bbf1-4dbc-b32d-dbf026e92b41/opts
Nov  3 04:02:19 gtw01 dnsmasq[28288]: read /var/lib/neutron/dhcp/c5b333ec-5667-4f9e-a55b-a5cbe5f7cfee/addn_hosts - 1 addresses
Nov  3 04:02:19 gtw01 dnsmasq-dhcp[28288]: read /var/lib/neutron/dhcp/c5b333ec-5667-4f9e-a55b-a5cbe5f7cfee/host
Nov  3 04:02:19 gtw01 dnsmasq-dhcp[28288]: read /var/lib/neutron/dhcp/c5b333ec-5667-4f9e-a55b-a5cbe5f7cfee/opts
Nov  3 04:02:19 gtw01 dnsmasq[28375]: read /var/lib/neutron/dhcp/632e240e-37c1-49b1-8ffd-989a1d72a460/addn_hosts - 5 addresses
Nov  3 04:02:19 gtw01 dnsmasq-dhcp[28375]: read /var/lib/neutron/dhcp/632e240e-37c1-49b1-8ffd-989a1d72a460/host
Nov  3 04:02:19 gtw01 dnsmasq-dhcp[28375]: read /var/lib/neutron/dhcp/632e240e-37c1-49b1-8ffd-989a1d72a460/opts
Nov  3 04:02:20 gtw01 kernel: [ 6645.483850] device tap79e99cc7-55 entered promiscuous mode
Nov  3 04:02:20 gtw01 systemd-udevd[28754]: Could not generate persistent MAC address for tap79e99cc7-55: No such file or directory
Nov  3 04:02:20 gtw01 systemd-udevd[28801]: Process '/sbin/ip link set tap79e99cc7-55 txqueuelen 10000' failed with exit code 1.
Nov  3 04:02:21 gtw01 dnsmasq[28375]: read /var/lib/neutron/dhcp/632e240e-37c1-49b1-8ffd-989a1d72a460/addn_hosts - 6 addresses
Nov  3 04:02:21 gtw01 dnsmasq-dhcp[28375]: read /var/lib/neutron/dhcp/632e240e-37c1-49b1-8ffd-989a1d72a460/host
Nov  3 04:02:21 gtw01 dnsmasq-dhcp[28375]: read /var/lib/neutron/dhcp/632e240e-37c1-49b1-8ffd-989a1d72a460/opts
Nov  3 04:02:21 gtw01 kernel: [ 6646.803239] device tapa05d7ec4-be left promiscuous mode
Nov  3 04:02:22 gtw01 dnsmasq[28375]: read /var/lib/neutron/dhcp/632e240e-37c1-49b1-8ffd-989a1d72a460/addn_hosts - 6 addresses
Nov  3 04:02:22 gtw01 dnsmasq-dhcp[28375]: read /var/lib/neutron/dhcp/632e240e-37c1-49b1-8ffd-989a1d72a460/host
Nov  3 04:02:22 gtw01 dnsmasq-dhcp[28375]: read /var/lib/neutron/dhcp/632e240e-37c1-49b1-8ffd-989a1d72a460/opts
Nov  3 04:02:22 gtw01 kernel: [ 6648.123105] device tap6bc3a39d-5d left promiscuous mode
Nov  3 04:02:24 gtw01 kernel: [ 6649.420066] device tap5cae8cac-6b left promiscuous mode
Nov  3 04:02:24 gtw01 dnsmasq[28932]: started, version 2.80 cachesize 150
Nov  3 04:02:24 gtw01 dnsmasq[28932]: DNS service limited to local subnets
Nov  3 04:02:24 gtw01 dnsmasq[28932]: compile time options: IPv6 GNU-getopt DBus i18n IDN DHCP DHCPv6 no-Lua TFTP conntrack ipset auth DNSSEC loop-detect inotify dumpfile
Nov  3 04:02:24 gtw01 dnsmasq[28932]: warning: no upstream servers configured
Nov  3 04:02:24 gtw01 dnsmasq-dhcp[28932]: DHCPv6, static leases only on 2003::, lease time 1h
Nov  3 04:02:24 gtw01 dnsmasq[28932]: read /var/lib/neutron/dhcp/db658056-14cd-4c11-8ee2-7bd56208ed67/addn_hosts - 1 addresses
Nov  3 04:02:24 gtw01 dnsmasq-dhcp[28932]: read /var/lib/neutron/dhcp/db658056-14cd-4c11-8ee2-7bd56208ed67/host
Nov  3 04:02:24 gtw01 dnsmasq-dhcp[28932]: read /var/lib/neutron/dhcp/db658056-14cd-4c11-8ee2-7bd56208ed67/opts
Nov  3 04:02:25 gtw01 dnsmasq[28932]: read /var/lib/neutron/dhcp/db658056-14cd-4c11-8ee2-7bd56208ed67/addn_hosts - 1 addresses
Nov  3 04:02:25 gtw01 dnsmasq-dhcp[28932]: read /var/lib/neutron/dhcp/db658056-14cd-4c11-8ee2-7bd56208ed67/host
Nov  3 04:02:25 gtw01 dnsmasq-dhcp[28932]: read /var/lib/neutron/dhcp/db658056-14cd-4c11-8ee2-7bd56208ed67/opts
Nov  3 04:02:26 gtw01 dnsmasq[28932]: read /var/lib/neutron/dhcp/db658056-14cd-4c11-8ee2-7bd56208ed67/addn_hosts - 1 addresses
Nov  3 04:02:26 gtw01 dnsmasq-dhcp[28932]: read /var/lib/neutron/dhcp/db658056-14cd-4c11-8ee2-7bd56208ed67/host
Nov  3 04:02:26 gtw01 dnsmasq-dhcp[28932]: read /var/lib/neutron/dhcp/db658056-14cd-4c11-8ee2-7bd56208ed67/opts
Nov  3 04:02:27 gtw01 dnsmasq[28932]: read /var/lib/neutron/dhcp/db658056-14cd-4c11-8ee2-7bd56208ed67/addn_hosts - 2 addresses
Nov  3 04:02:27 gtw01 dnsmasq-dhcp[28932]: read /var/lib/neutron/dhcp/db658056-14cd-4c11-8ee2-7bd56208ed67/host
Nov  3 04:02:27 gtw01 dnsmasq-dhcp[28932]: read /var/lib/neutron/dhcp/db658056-14cd-4c11-8ee2-7bd56208ed67/opts
Nov  3 04:02:28 gtw01 kernel: [ 6653.492612] device tap79e99cc7-55 left promiscuous mode
Nov  3 04:02:29 gtw01 systemd-udevd[29008]: Could not generate persistent MAC address for tapf9ce2503-86: No such file or directory
Nov  3 04:02:29 gtw01 kernel: [ 6655.174099] device tapf9ce2503-86 entered promiscuous mode
Nov  3 04:02:30 gtw01 systemd-udevd[29054]: Process '/sbin/ip link set tapf9ce2503-86 txqueuelen 10000' failed with exit code 1.
Nov  3 04:02:33 gtw01 kernel: [ 6658.551159] device tapf1c8dab2-2e entered promiscuous mode
Nov  3 04:02:33 gtw01 systemd-udevd[29134]: Could not generate persistent MAC address for tapf1c8dab2-2e: No such file or directory
Nov  3 04:02:33 gtw01 systemd-udevd[29180]: Process '/sbin/ip link set tapf1c8dab2-2e txqueuelen 10000' failed with exit code 1.
Nov  3 04:02:33 gtw01 dnsmasq[29196]: started, version 2.80 cachesize 150
Nov  3 04:02:33 gtw01 dnsmasq[29196]: DNS service limited to local subnets
Nov  3 04:02:33 gtw01 dnsmasq[29196]: compile time options: IPv6 GNU-getopt DBus i18n IDN DHCP DHCPv6 no-Lua TFTP conntrack ipset auth DNSSEC loop-detect inotify dumpfile
Nov  3 04:02:33 gtw01 dnsmasq[29196]: warning: no upstream servers configured
Nov  3 04:02:33 gtw01 dnsmasq-dhcp[29196]: DHCP, static leases only on 192.168.120.0, lease time 1h
Nov  3 04:02:33 gtw01 dnsmasq[29196]: read /var/lib/neutron/dhcp/1cccbcd9-0718-4a8b-8d22-124027e4951f/addn_hosts - 1 addresses
Nov  3 04:02:33 gtw01 dnsmasq-dhcp[29196]: read /var/lib/neutron/dhcp/1cccbcd9-0718-4a8b-8d22-124027e4951f/host
Nov  3 04:02:33 gtw01 dnsmasq-dhcp[29196]: read /var/lib/neutron/dhcp/1cccbcd9-0718-4a8b-8d22-124027e4951f/opts
Nov  3 04:02:33 gtw01 haproxy-metadata-proxy-1cccbcd9-0718-4a8b-8d22-124027e4951f[29204]: Proxy listener started.
Nov  3 04:02:34 gtw01 dnsmasq[29196]: read /var/lib/neutron/dhcp/1cccbcd9-0718-4a8b-8d22-124027e4951f/addn_hosts - 1 addresses
Nov  3 04:02:34 gtw01 dnsmasq-dhcp[29196]: read /var/lib/neutron/dhcp/1cccbcd9-0718-4a8b-8d22-124027e4951f/host
Nov  3 04:02:34 gtw01 dnsmasq-dhcp[29196]: read /var/lib/neutron/dhcp/1cccbcd9-0718-4a8b-8d22-124027e4951f/opts
Nov  3 04:02:35 gtw01 dnsmasq[29196]: read /var/lib/neutron/dhcp/1cccbcd9-0718-4a8b-8d22-124027e4951f/addn_hosts - 2 addresses
Nov  3 04:02:35 gtw01 dnsmasq-dhcp[29196]: read /var/lib/neutron/dhcp/1cccbcd9-0718-4a8b-8d22-124027e4951f/host
Nov  3 04:02:35 gtw01 dnsmasq-dhcp[29196]: read /var/lib/neutron/dhcp/1cccbcd9-0718-4a8b-8d22-124027e4951f/opts
Nov  3 04:02:36 gtw01 dnsmasq[29196]: read /var/lib/neutron/dhcp/1cccbcd9-0718-4a8b-8d22-124027e4951f/addn_hosts - 2 addresses
Nov  3 04:02:36 gtw01 dnsmasq-dhcp[29196]: read /var/lib/neutron/dhcp/1cccbcd9-0718-4a8b-8d22-124027e4951f/host
Nov  3 04:02:36 gtw01 dnsmasq-dhcp[29196]: read /var/lib/neutron/dhcp/1cccbcd9-0718-4a8b-8d22-124027e4951f/opts
Nov  3 04:02:36 gtw01 dnsmasq[29302]: started, version 2.80 cachesize 150
Nov  3 04:02:36 gtw01 dnsmasq[29302]: DNS service limited to local subnets
Nov  3 04:02:36 gtw01 dnsmasq[29302]: compile time options: IPv6 GNU-getopt DBus i18n IDN DHCP DHCPv6 no-Lua TFTP conntrack ipset auth DNSSEC loop-detect inotify dumpfile
Nov  3 04:02:36 gtw01 dnsmasq[29302]: warning: no upstream servers configured
Nov  3 04:02:36 gtw01 dnsmasq-dhcp[29302]: DHCPv6, static leases only on 2003::, lease time 1h
Nov  3 04:02:36 gtw01 dnsmasq[29302]: read /var/lib/neutron/dhcp/7d7246da-4336-4051-94eb-bbef3945817d/addn_hosts - 1 addresses
Nov  3 04:02:36 gtw01 dnsmasq-dhcp[29302]: read /var/lib/neutron/dhcp/7d7246da-4336-4051-94eb-bbef3945817d/host
Nov  3 04:02:36 gtw01 dnsmasq-dhcp[29302]: read /var/lib/neutron/dhcp/7d7246da-4336-4051-94eb-bbef3945817d/opts
Nov  3 04:02:37 gtw01 kernel: [ 6662.827269] device tap1aeaa665-7c entered promiscuous mode
Nov  3 04:02:37 gtw01 systemd-udevd[29325]: Could not generate persistent MAC address for tap1aeaa665-7c: No such file or directory
Nov  3 04:02:37 gtw01 systemd-udevd[29325]: Process '/sbin/ip link set tap1aeaa665-7c txqueuelen 10000' failed with exit code 1.
Nov  3 04:02:38 gtw01 dnsmasq[29196]: read /var/lib/neutron/dhcp/1cccbcd9-0718-4a8b-8d22-124027e4951f/addn_hosts - 2 addresses
Nov  3 04:02:38 gtw01 dnsmasq-dhcp[29196]: read /var/lib/neutron/dhcp/1cccbcd9-0718-4a8b-8d22-124027e4951f/host
Nov  3 04:02:38 gtw01 dnsmasq-dhcp[29196]: read /var/lib/neutron/dhcp/1cccbcd9-0718-4a8b-8d22-124027e4951f/opts
Nov  3 04:02:38 gtw01 dnsmasq[22771]: read /var/lib/neutron/dhcp/6525ab67-00bc-407d-8499-33af9f607f16/addn_hosts - 5 addresses
Nov  3 04:02:38 gtw01 dnsmasq-dhcp[22771]: read /var/lib/neutron/dhcp/6525ab67-00bc-407d-8499-33af9f607f16/host
Nov  3 04:02:38 gtw01 dnsmasq-dhcp[22771]: read /var/lib/neutron/dhcp/6525ab67-00bc-407d-8499-33af9f607f16/opts
Nov  3 04:02:39 gtw01 kernel: [ 6664.975447] device tapf9ce2503-86 left promiscuous mode
Nov  3 04:02:41 gtw01 dnsmasq[29518]: started, version 2.80 cachesize 150
Nov  3 04:02:41 gtw01 dnsmasq[29518]: DNS service limited to local subnets
Nov  3 04:02:41 gtw01 dnsmasq[29518]: compile time options: IPv6 GNU-getopt DBus i18n IDN DHCP DHCPv6 no-Lua TFTP conntrack ipset auth DNSSEC loop-detect inotify dumpfile
Nov  3 04:02:41 gtw01 dnsmasq[29518]: warning: no upstream servers configured
Nov  3 04:02:41 gtw01 dnsmasq-dhcp[29518]: DHCP, static leases only on 192.168.120.0, lease time 1h
Nov  3 04:02:41 gtw01 dnsmasq[29518]: read /var/lib/neutron/dhcp/fa256249-0513-4e4e-8261-63180619ba90/addn_hosts - 1 addresses
Nov  3 04:02:41 gtw01 dnsmasq-dhcp[29518]: read /var/lib/neutron/dhcp/fa256249-0513-4e4e-8261-63180619ba90/host
Nov  3 04:02:41 gtw01 dnsmasq-dhcp[29518]: read /var/lib/neutron/dhcp/fa256249-0513-4e4e-8261-63180619ba90/opts
Nov  3 04:02:41 gtw01 haproxy-metadata-proxy-fa256249-0513-4e4e-8261-63180619ba90[29524]: Proxy listener started.
Nov  3 04:02:42 gtw01 dnsmasq[29531]: started, version 2.80 cachesize 150
Nov  3 04:02:42 gtw01 dnsmasq[29531]: DNS service limited to local subnets
Nov  3 04:02:42 gtw01 dnsmasq[29531]: compile time options: IPv6 GNU-getopt DBus i18n IDN DHCP DHCPv6 no-Lua TFTP conntrack ipset auth DNSSEC loop-detect inotify dumpfile
Nov  3 04:02:42 gtw01 dnsmasq[29531]: warning: no upstream servers configured
Nov  3 04:02:42 gtw01 dnsmasq-dhcp[29531]: DHCPv6, static leases only on 2003::, lease time 1h
Nov  3 04:02:42 gtw01 dnsmasq-dhcp[29531]: DHCPv6, static leases only on 2003:0:0:1::, lease time 1h
Nov  3 04:02:42 gtw01 dnsmasq[29531]: read /var/lib/neutron/dhcp/7d7246da-4336-4051-94eb-bbef3945817d/addn_hosts - 2 addresses
Nov  3 04:02:42 gtw01 dnsmasq-dhcp[29531]: read /var/lib/neutron/dhcp/7d7246da-4336-4051-94eb-bbef3945817d/host
Nov  3 04:02:42 gtw01 dnsmasq-dhcp[29531]: read /var/lib/neutron/dhcp/7d7246da-4336-4051-94eb-bbef3945817d/opts
Nov  3 04:02:42 gtw01 dnsmasq[29531]: read /var/lib/neutron/dhcp/7d7246da-4336-4051-94eb-bbef3945817d/addn_hosts - 3 addresses
Nov  3 04:02:42 gtw01 dnsmasq-dhcp[29531]: read /var/lib/neutron/dhcp/7d7246da-4336-4051-94eb-bbef3945817d/host
Nov  3 04:02:42 gtw01 dnsmasq-dhcp[29531]: read /var/lib/neutron/dhcp/7d7246da-4336-4051-94eb-bbef3945817d/opts
Nov  3 04:02:42 gtw01 dnsmasq[29518]: read /var/lib/neutron/dhcp/fa256249-0513-4e4e-8261-63180619ba90/addn_hosts - 2 addresses
Nov  3 04:02:42 gtw01 dnsmasq-dhcp[29518]: read /var/lib/neutron/dhcp/fa256249-0513-4e4e-8261-63180619ba90/host
Nov  3 04:02:42 gtw01 dnsmasq-dhcp[29518]: read /var/lib/neutron/dhcp/fa256249-0513-4e4e-8261-63180619ba90/opts
Nov  3 04:02:44 gtw01 kernel: [ 6669.323091] device tap86ebe1bc-1c entered promiscuous mode
Nov  3 04:02:44 gtw01 systemd-udevd[29598]: Could not generate persistent MAC address for tap86ebe1bc-1c: No such file or directory
Nov  3 04:02:44 gtw01 dnsmasq-dhcp[22771]: DHCPRELEASE(tap95bc0fdc-fc) 192.168.120.9 fa:16:3e:55:b9:b7
Nov  3 04:02:44 gtw01 systemd-udevd[29644]: Process '/sbin/ip link set tap86ebe1bc-1c txqueuelen 10000' failed with exit code 1.
Nov  3 04:02:44 gtw01 dnsmasq[29518]: read /var/lib/neutron/dhcp/fa256249-0513-4e4e-8261-63180619ba90/addn_hosts - 2 addresses
Nov  3 04:02:44 gtw01 dnsmasq-dhcp[29518]: read /var/lib/neutron/dhcp/fa256249-0513-4e4e-8261-63180619ba90/host
Nov  3 04:02:44 gtw01 dnsmasq-dhcp[29518]: read /var/lib/neutron/dhcp/fa256249-0513-4e4e-8261-63180619ba90/opts
Nov  3 04:02:44 gtw01 dnsmasq-dhcp[22771]: DHCPRELEASE(tap95bc0fdc-fc) 192.168.120.9 fa:16:3e:55:b9:b7 unknown lease
Nov  3 04:02:45 gtw01 dnsmasq[22771]: read /var/lib/neutron/dhcp/6525ab67-00bc-407d-8499-33af9f607f16/addn_hosts - 4 addresses
Nov  3 04:02:45 gtw01 dnsmasq-dhcp[22771]: read /var/lib/neutron/dhcp/6525ab67-00bc-407d-8499-33af9f607f16/host
Nov  3 04:02:45 gtw01 dnsmasq-dhcp[22771]: read /var/lib/neutron/dhcp/6525ab67-00bc-407d-8499-33af9f607f16/opts
Nov  3 04:02:45 gtw01 dnsmasq[29518]: read /var/lib/neutron/dhcp/fa256249-0513-4e4e-8261-63180619ba90/addn_hosts - 2 addresses
Nov  3 04:02:45 gtw01 dnsmasq-dhcp[29518]: read /var/lib/neutron/dhcp/fa256249-0513-4e4e-8261-63180619ba90/host
Nov  3 04:02:45 gtw01 dnsmasq-dhcp[29518]: read /var/lib/neutron/dhcp/fa256249-0513-4e4e-8261-63180619ba90/opts
Nov  3 04:02:46 gtw01 dnsmasq-dhcp[22771]: DHCPRELEASE(tap95bc0fdc-fc) 192.168.120.7 fa:16:3e:3c:7e:02
Nov  3 04:02:47 gtw01 dnsmasq-dhcp[22771]: DHCPRELEASE(tap95bc0fdc-fc) 192.168.120.7 fa:16:3e:3c:7e:02 unknown lease
Nov  3 04:02:47 gtw01 kernel: [ 6672.977323] device tap1aeaa665-7c left promiscuous mode
Nov  3 04:02:48 gtw01 dnsmasq[22771]: read /var/lib/neutron/dhcp/6525ab67-00bc-407d-8499-33af9f607f16/addn_hosts - 3 addresses
Nov  3 04:02:48 gtw01 dnsmasq-dhcp[22771]: read /var/lib/neutron/dhcp/6525ab67-00bc-407d-8499-33af9f607f16/host
Nov  3 04:02:48 gtw01 dnsmasq-dhcp[22771]: read /var/lib/neutron/dhcp/6525ab67-00bc-407d-8499-33af9f607f16/opts
Nov  3 04:02:48 gtw01 dnsmasq[29820]: started, version 2.80 cachesize 150
Nov  3 04:02:48 gtw01 dnsmasq[29820]: DNS service limited to local subnets
Nov  3 04:02:48 gtw01 dnsmasq[29820]: compile time options: IPv6 GNU-getopt DBus i18n IDN DHCP DHCPv6 no-Lua TFTP conntrack ipset auth DNSSEC loop-detect inotify dumpfile
Nov  3 04:02:48 gtw01 dnsmasq[29820]: warning: no upstream servers configured
Nov  3 04:02:48 gtw01 dnsmasq-dhcp[29820]: DHCPv6, static leases only on 2003:0:0:1::, lease time 1h
Nov  3 04:02:48 gtw01 dnsmasq[29820]: read /var/lib/neutron/dhcp/7d7246da-4336-4051-94eb-bbef3945817d/addn_hosts - 1 addresses
Nov  3 04:02:48 gtw01 dnsmasq-dhcp[29820]: read /var/lib/neutron/dhcp/7d7246da-4336-4051-94eb-bbef3945817d/host
Nov  3 04:02:48 gtw01 dnsmasq-dhcp[29820]: read /var/lib/neutron/dhcp/7d7246da-4336-4051-94eb-bbef3945817d/opts
Nov  3 04:02:48 gtw01 dnsmasq[29832]: started, version 2.80 cachesize 150
Nov  3 04:02:48 gtw01 dnsmasq[29832]: DNS service limited to local subnets
Nov  3 04:02:48 gtw01 dnsmasq[29832]: compile time options: IPv6 GNU-getopt DBus i18n IDN DHCP DHCPv6 no-Lua TFTP conntrack ipset auth DNSSEC loop-detect inotify dumpfile
Nov  3 04:02:48 gtw01 dnsmasq[29832]: warning: no upstream servers configured
Nov  3 04:02:48 gtw01 dnsmasq-dhcp[29832]: DHCP, static leases only on 192.168.120.0, lease time 1h
Nov  3 04:02:48 gtw01 dnsmasq[29832]: read /var/lib/neutron/dhcp/adf54eac-8187-4c0b-b2e8-fe518549d575/addn_hosts - 1 addresses
Nov  3 04:02:48 gtw01 dnsmasq-dhcp[29832]: read /var/lib/neutron/dhcp/adf54eac-8187-4c0b-b2e8-fe518549d575/host
Nov  3 04:02:48 gtw01 dnsmasq-dhcp[29832]: read /var/lib/neutron/dhcp/adf54eac-8187-4c0b-b2e8-fe518549d575/opts
Nov  3 04:02:49 gtw01 haproxy-metadata-proxy-adf54eac-8187-4c0b-b2e8-fe518549d575[29839]: Proxy listener started.
Nov  3 04:02:50 gtw01 dnsmasq[29832]: read /var/lib/neutron/dhcp/adf54eac-8187-4c0b-b2e8-fe518549d575/addn_hosts - 1 addresses
Nov  3 04:02:50 gtw01 dnsmasq-dhcp[29832]: read /var/lib/neutron/dhcp/adf54eac-8187-4c0b-b2e8-fe518549d575/host
Nov  3 04:02:50 gtw01 dnsmasq-dhcp[29832]: read /var/lib/neutron/dhcp/adf54eac-8187-4c0b-b2e8-fe518549d575/opts
Nov  3 04:02:51 gtw01 dnsmasq[22771]: read /var/lib/neutron/dhcp/6525ab67-00bc-407d-8499-33af9f607f16/addn_hosts - 2 addresses
Nov  3 04:02:51 gtw01 dnsmasq-dhcp[22771]: read /var/lib/neutron/dhcp/6525ab67-00bc-407d-8499-33af9f607f16/host
Nov  3 04:02:51 gtw01 dnsmasq-dhcp[22771]: read /var/lib/neutron/dhcp/6525ab67-00bc-407d-8499-33af9f607f16/opts
Nov  3 04:02:51 gtw01 dnsmasq[29832]: read /var/lib/neutron/dhcp/adf54eac-8187-4c0b-b2e8-fe518549d575/addn_hosts - 1 addresses
Nov  3 04:02:51 gtw01 dnsmasq-dhcp[29832]: read /var/lib/neutron/dhcp/adf54eac-8187-4c0b-b2e8-fe518549d575/host
Nov  3 04:02:51 gtw01 dnsmasq-dhcp[29832]: read /var/lib/neutron/dhcp/adf54eac-8187-4c0b-b2e8-fe518549d575/opts
Nov  3 04:02:52 gtw01 dnsmasq[29939]: started, version 2.80 cachesize 150
Nov  3 04:02:52 gtw01 dnsmasq[29939]: DNS service limited to local subnets
Nov  3 04:02:52 gtw01 dnsmasq[29939]: compile time options: IPv6 GNU-getopt DBus i18n IDN DHCP DHCPv6 no-Lua TFTP conntrack ipset auth DNSSEC loop-detect inotify dumpfile
Nov  3 04:02:52 gtw01 dnsmasq[29939]: warning: no upstream servers configured
Nov  3 04:02:52 gtw01 dnsmasq-dhcp[29939]: DHCPv6, static leases only on 2003::, lease time 1h
Nov  3 04:02:52 gtw01 dnsmasq-dhcp[29939]: DHCPv6, static leases only on 2003:0:0:1::, lease time 1h
Nov  3 04:02:52 gtw01 dnsmasq[29939]: read /var/lib/neutron/dhcp/7d7246da-4336-4051-94eb-bbef3945817d/addn_hosts - 3 addresses
