Nov  3 04:35:23 gtw01 dnsmasq-dhcp[14572]: DHCP, static leases only on 192.168.120.0, lease time 1h
Nov  3 04:35:23 gtw01 dnsmasq[14572]: read /var/lib/neutron/dhcp/568101b3-9811-4224-9aa6-7cba22ebfc2a/addn_hosts - 1 addresses
Nov  3 04:35:23 gtw01 dnsmasq-dhcp[14572]: read /var/lib/neutron/dhcp/568101b3-9811-4224-9aa6-7cba22ebfc2a/host
Nov  3 04:35:23 gtw01 dnsmasq-dhcp[14572]: read /var/lib/neutron/dhcp/568101b3-9811-4224-9aa6-7cba22ebfc2a/opts
Nov  3 04:35:23 gtw01 dnsmasq[14517]: read /var/lib/neutron/dhcp/fa1c7b67-92c2-4b8b-878a-af063e50125a/addn_hosts - 2 addresses
Nov  3 04:35:23 gtw01 dnsmasq-dhcp[14517]: read /var/lib/neutron/dhcp/fa1c7b67-92c2-4b8b-878a-af063e50125a/host
Nov  3 04:35:23 gtw01 dnsmasq-dhcp[14517]: read /var/lib/neutron/dhcp/fa1c7b67-92c2-4b8b-878a-af063e50125a/opts
Nov  3 04:35:24 gtw01 haproxy-metadata-proxy-568101b3-9811-4224-9aa6-7cba22ebfc2a[14587]: Proxy listener started.
Nov  3 04:35:24 gtw01 dnsmasq[14610]: started, version 2.80 cachesize 150
Nov  3 04:35:24 gtw01 dnsmasq[14610]: DNS service limited to local subnets
Nov  3 04:35:24 gtw01 dnsmasq[14610]: compile time options: IPv6 GNU-getopt DBus i18n IDN DHCP DHCPv6 no-Lua TFTP conntrack ipset auth DNSSEC loop-detect inotify dumpfile
Nov  3 04:35:24 gtw01 dnsmasq[14610]: warning: no upstream servers configured
Nov  3 04:35:24 gtw01 dnsmasq-dhcp[14610]: DHCP, static leases only on 192.168.120.0, lease time 1h
Nov  3 04:35:24 gtw01 dnsmasq-dhcp[14610]: DHCP, static leases only on 192.168.120.16, lease time 1h
Nov  3 04:35:24 gtw01 dnsmasq[14610]: read /var/lib/neutron/dhcp/704d59d9-df33-4d75-9502-fef766df090d/addn_hosts - 2 addresses
Nov  3 04:35:24 gtw01 dnsmasq-dhcp[14610]: read /var/lib/neutron/dhcp/704d59d9-df33-4d75-9502-fef766df090d/host
Nov  3 04:35:24 gtw01 dnsmasq-dhcp[14610]: read /var/lib/neutron/dhcp/704d59d9-df33-4d75-9502-fef766df090d/opts
Nov  3 04:35:25 gtw01 dnsmasq[14572]: read /var/lib/neutron/dhcp/568101b3-9811-4224-9aa6-7cba22ebfc2a/addn_hosts - 1 addresses
Nov  3 04:35:25 gtw01 dnsmasq-dhcp[14572]: read /var/lib/neutron/dhcp/568101b3-9811-4224-9aa6-7cba22ebfc2a/host
Nov  3 04:35:25 gtw01 dnsmasq-dhcp[14572]: read /var/lib/neutron/dhcp/568101b3-9811-4224-9aa6-7cba22ebfc2a/opts
Nov  3 04:35:25 gtw01 kernel: [ 8630.408178] device tap5bd0c1f5-f0 entered promiscuous mode
Nov  3 04:35:25 gtw01 systemd-udevd[14638]: Could not generate persistent MAC address for tap5bd0c1f5-f0: No such file or directory
Nov  3 04:35:25 gtw01 dnsmasq[14610]: read /var/lib/neutron/dhcp/704d59d9-df33-4d75-9502-fef766df090d/addn_hosts - 2 addresses
Nov  3 04:35:25 gtw01 dnsmasq-dhcp[14610]: read /var/lib/neutron/dhcp/704d59d9-df33-4d75-9502-fef766df090d/host
Nov  3 04:35:25 gtw01 dnsmasq-dhcp[14610]: read /var/lib/neutron/dhcp/704d59d9-df33-4d75-9502-fef766df090d/opts
Nov  3 04:35:25 gtw01 systemd-udevd[14691]: Process '/sbin/ip link set tap5bd0c1f5-f0 txqueuelen 10000' failed with exit code 1.
Nov  3 04:35:25 gtw01 dnsmasq[14517]: read /var/lib/neutron/dhcp/fa1c7b67-92c2-4b8b-878a-af063e50125a/addn_hosts - 2 addresses
Nov  3 04:35:25 gtw01 dnsmasq-dhcp[14517]: read /var/lib/neutron/dhcp/fa1c7b67-92c2-4b8b-878a-af063e50125a/host
Nov  3 04:35:25 gtw01 dnsmasq-dhcp[14517]: read /var/lib/neutron/dhcp/fa1c7b67-92c2-4b8b-878a-af063e50125a/opts
Nov  3 04:35:26 gtw01 dnsmasq[14572]: read /var/lib/neutron/dhcp/568101b3-9811-4224-9aa6-7cba22ebfc2a/addn_hosts - 1 addresses
Nov  3 04:35:26 gtw01 dnsmasq-dhcp[14572]: read /var/lib/neutron/dhcp/568101b3-9811-4224-9aa6-7cba22ebfc2a/host
Nov  3 04:35:26 gtw01 dnsmasq-dhcp[14572]: read /var/lib/neutron/dhcp/568101b3-9811-4224-9aa6-7cba22ebfc2a/opts
Nov  3 04:35:27 gtw01 dnsmasq[14517]: read /var/lib/neutron/dhcp/fa1c7b67-92c2-4b8b-878a-af063e50125a/addn_hosts - 2 addresses
Nov  3 04:35:27 gtw01 dnsmasq-dhcp[14517]: read /var/lib/neutron/dhcp/fa1c7b67-92c2-4b8b-878a-af063e50125a/host
Nov  3 04:35:27 gtw01 dnsmasq-dhcp[14517]: read /var/lib/neutron/dhcp/fa1c7b67-92c2-4b8b-878a-af063e50125a/opts
Nov  3 04:35:27 gtw01 dnsmasq[14572]: read /var/lib/neutron/dhcp/568101b3-9811-4224-9aa6-7cba22ebfc2a/addn_hosts - 1 addresses
Nov  3 04:35:27 gtw01 dnsmasq-dhcp[14572]: read /var/lib/neutron/dhcp/568101b3-9811-4224-9aa6-7cba22ebfc2a/host
Nov  3 04:35:27 gtw01 dnsmasq-dhcp[14572]: read /var/lib/neutron/dhcp/568101b3-9811-4224-9aa6-7cba22ebfc2a/opts
Nov  3 04:35:28 gtw01 dnsmasq[14517]: read /var/lib/neutron/dhcp/fa1c7b67-92c2-4b8b-878a-af063e50125a/addn_hosts - 3 addresses
Nov  3 04:35:28 gtw01 dnsmasq-dhcp[14517]: read /var/lib/neutron/dhcp/fa1c7b67-92c2-4b8b-878a-af063e50125a/host
Nov  3 04:35:28 gtw01 dnsmasq-dhcp[14517]: read /var/lib/neutron/dhcp/fa1c7b67-92c2-4b8b-878a-af063e50125a/opts
Nov  3 04:35:29 gtw01 dnsmasq[14854]: started, version 2.80 cachesize 150
Nov  3 04:35:29 gtw01 dnsmasq[14854]: DNS service limited to local subnets
Nov  3 04:35:29 gtw01 dnsmasq[14854]: compile time options: IPv6 GNU-getopt DBus i18n IDN DHCP DHCPv6 no-Lua TFTP conntrack ipset auth DNSSEC loop-detect inotify dumpfile
Nov  3 04:35:29 gtw01 dnsmasq[14854]: warning: no upstream servers configured
Nov  3 04:35:29 gtw01 dnsmasq-dhcp[14854]: DHCP, static leases only on 192.168.120.0, lease time 1h
Nov  3 04:35:29 gtw01 dnsmasq[14854]: read /var/lib/neutron/dhcp/b700466b-aa82-4b61-ba45-39728068a9a2/addn_hosts - 1 addresses
Nov  3 04:35:29 gtw01 dnsmasq-dhcp[14854]: read /var/lib/neutron/dhcp/b700466b-aa82-4b61-ba45-39728068a9a2/host
Nov  3 04:35:29 gtw01 dnsmasq-dhcp[14854]: read /var/lib/neutron/dhcp/b700466b-aa82-4b61-ba45-39728068a9a2/opts
Nov  3 04:35:29 gtw01 dnsmasq[14517]: read /var/lib/neutron/dhcp/fa1c7b67-92c2-4b8b-878a-af063e50125a/addn_hosts - 3 addresses
Nov  3 04:35:29 gtw01 dnsmasq-dhcp[14517]: read /var/lib/neutron/dhcp/fa1c7b67-92c2-4b8b-878a-af063e50125a/host
Nov  3 04:35:29 gtw01 dnsmasq-dhcp[14517]: read /var/lib/neutron/dhcp/fa1c7b67-92c2-4b8b-878a-af063e50125a/opts
Nov  3 04:35:29 gtw01 haproxy-metadata-proxy-b700466b-aa82-4b61-ba45-39728068a9a2[14863]: Proxy listener started.
Nov  3 04:35:30 gtw01 dnsmasq[14854]: read /var/lib/neutron/dhcp/b700466b-aa82-4b61-ba45-39728068a9a2/addn_hosts - 2 addresses
Nov  3 04:35:30 gtw01 dnsmasq-dhcp[14854]: read /var/lib/neutron/dhcp/b700466b-aa82-4b61-ba45-39728068a9a2/host
Nov  3 04:35:30 gtw01 dnsmasq-dhcp[14854]: read /var/lib/neutron/dhcp/b700466b-aa82-4b61-ba45-39728068a9a2/opts
Nov  3 04:35:31 gtw01 dnsmasq[14572]: read /var/lib/neutron/dhcp/568101b3-9811-4224-9aa6-7cba22ebfc2a/addn_hosts - 2 addresses
Nov  3 04:35:31 gtw01 dnsmasq-dhcp[14572]: read /var/lib/neutron/dhcp/568101b3-9811-4224-9aa6-7cba22ebfc2a/host
Nov  3 04:35:31 gtw01 dnsmasq-dhcp[14572]: read /var/lib/neutron/dhcp/568101b3-9811-4224-9aa6-7cba22ebfc2a/opts
Nov  3 04:35:31 gtw01 dnsmasq[14854]: read /var/lib/neutron/dhcp/b700466b-aa82-4b61-ba45-39728068a9a2/addn_hosts - 2 addresses
Nov  3 04:35:31 gtw01 dnsmasq-dhcp[14854]: read /var/lib/neutron/dhcp/b700466b-aa82-4b61-ba45-39728068a9a2/host
Nov  3 04:35:31 gtw01 dnsmasq-dhcp[14854]: read /var/lib/neutron/dhcp/b700466b-aa82-4b61-ba45-39728068a9a2/opts
Nov  3 04:35:32 gtw01 dnsmasq[14973]: started, version 2.80 cachesize 150
Nov  3 04:35:32 gtw01 dnsmasq[14973]: DNS service limited to local subnets
Nov  3 04:35:32 gtw01 dnsmasq[14973]: compile time options: IPv6 GNU-getopt DBus i18n IDN DHCP DHCPv6 no-Lua TFTP conntrack ipset auth DNSSEC loop-detect inotify dumpfile
Nov  3 04:35:32 gtw01 dnsmasq[14973]: warning: no upstream servers configured
Nov  3 04:35:32 gtw01 dnsmasq-dhcp[14973]: DHCP, static leases only on 192.168.120.0, lease time 1h
Nov  3 04:35:32 gtw01 dnsmasq-dhcp[14973]: DHCP, static leases only on 192.168.120.16, lease time 1h
Nov  3 04:35:32 gtw01 dnsmasq-dhcp[14973]: DHCP, static leases only on 192.168.120.32, lease time 1h
Nov  3 04:35:32 gtw01 dnsmasq[14973]: read /var/lib/neutron/dhcp/704d59d9-df33-4d75-9502-fef766df090d/addn_hosts - 3 addresses
Nov  3 04:35:32 gtw01 dnsmasq-dhcp[14973]: read /var/lib/neutron/dhcp/704d59d9-df33-4d75-9502-fef766df090d/host
Nov  3 04:35:32 gtw01 dnsmasq-dhcp[14973]: read /var/lib/neutron/dhcp/704d59d9-df33-4d75-9502-fef766df090d/opts
Nov  3 04:35:33 gtw01 dnsmasq[14854]: read /var/lib/neutron/dhcp/b700466b-aa82-4b61-ba45-39728068a9a2/addn_hosts - 2 addresses
Nov  3 04:35:33 gtw01 dnsmasq-dhcp[14854]: read /var/lib/neutron/dhcp/b700466b-aa82-4b61-ba45-39728068a9a2/host
Nov  3 04:35:33 gtw01 dnsmasq-dhcp[14854]: read /var/lib/neutron/dhcp/b700466b-aa82-4b61-ba45-39728068a9a2/opts
Nov  3 04:35:33 gtw01 dnsmasq[14973]: read /var/lib/neutron/dhcp/704d59d9-df33-4d75-9502-fef766df090d/addn_hosts - 3 addresses
Nov  3 04:35:33 gtw01 dnsmasq-dhcp[14973]: read /var/lib/neutron/dhcp/704d59d9-df33-4d75-9502-fef766df090d/host
Nov  3 04:35:33 gtw01 dnsmasq-dhcp[14973]: read /var/lib/neutron/dhcp/704d59d9-df33-4d75-9502-fef766df090d/opts
Nov  3 04:35:33 gtw01 dnsmasq[14572]: read /var/lib/neutron/dhcp/568101b3-9811-4224-9aa6-7cba22ebfc2a/addn_hosts - 2 addresses
Nov  3 04:35:33 gtw01 dnsmasq-dhcp[14572]: read /var/lib/neutron/dhcp/568101b3-9811-4224-9aa6-7cba22ebfc2a/host
Nov  3 04:35:33 gtw01 dnsmasq-dhcp[14572]: read /var/lib/neutron/dhcp/568101b3-9811-4224-9aa6-7cba22ebfc2a/opts
Nov  3 04:35:34 gtw01 dnsmasq[14854]: read /var/lib/neutron/dhcp/b700466b-aa82-4b61-ba45-39728068a9a2/addn_hosts - 2 addresses
Nov  3 04:35:34 gtw01 dnsmasq-dhcp[14854]: read /var/lib/neutron/dhcp/b700466b-aa82-4b61-ba45-39728068a9a2/host
Nov  3 04:35:34 gtw01 dnsmasq-dhcp[14854]: read /var/lib/neutron/dhcp/b700466b-aa82-4b61-ba45-39728068a9a2/opts
Nov  3 04:35:35 gtw01 dnsmasq[14854]: read /var/lib/neutron/dhcp/b700466b-aa82-4b61-ba45-39728068a9a2/addn_hosts - 2 addresses
Nov  3 04:35:35 gtw01 dnsmasq-dhcp[14854]: read /var/lib/neutron/dhcp/b700466b-aa82-4b61-ba45-39728068a9a2/host
Nov  3 04:35:35 gtw01 dnsmasq-dhcp[14854]: read /var/lib/neutron/dhcp/b700466b-aa82-4b61-ba45-39728068a9a2/opts
Nov  3 04:35:36 gtw01 dnsmasq[14517]: read /var/lib/neutron/dhcp/fa1c7b67-92c2-4b8b-878a-af063e50125a/addn_hosts - 4 addresses
Nov  3 04:35:36 gtw01 dnsmasq-dhcp[14517]: read /var/lib/neutron/dhcp/fa1c7b67-92c2-4b8b-878a-af063e50125a/host
Nov  3 04:35:36 gtw01 dnsmasq-dhcp[14517]: read /var/lib/neutron/dhcp/fa1c7b67-92c2-4b8b-878a-af063e50125a/opts
Nov  3 04:35:37 gtw01 dnsmasq[15121]: started, version 2.80 cachesize 150
Nov  3 04:35:37 gtw01 dnsmasq[15121]: DNS service limited to local subnets
Nov  3 04:35:37 gtw01 dnsmasq[15121]: compile time options: IPv6 GNU-getopt DBus i18n IDN DHCP DHCPv6 no-Lua TFTP conntrack ipset auth DNSSEC loop-detect inotify dumpfile
Nov  3 04:35:37 gtw01 dnsmasq[15121]: warning: no upstream servers configured
Nov  3 04:35:37 gtw01 dnsmasq-dhcp[15121]: DHCP, static leases only on 192.168.120.0, lease time 1h
Nov  3 04:35:37 gtw01 dnsmasq-dhcp[15121]: DHCP, static leases only on 192.168.120.16, lease time 1h
Nov  3 04:35:37 gtw01 dnsmasq[15121]: read /var/lib/neutron/dhcp/704d59d9-df33-4d75-9502-fef766df090d/addn_hosts - 2 addresses
Nov  3 04:35:37 gtw01 dnsmasq-dhcp[15121]: read /var/lib/neutron/dhcp/704d59d9-df33-4d75-9502-fef766df090d/host
Nov  3 04:35:37 gtw01 dnsmasq-dhcp[15121]: read /var/lib/neutron/dhcp/704d59d9-df33-4d75-9502-fef766df090d/opts
Nov  3 04:35:37 gtw01 dnsmasq[15121]: read /var/lib/neutron/dhcp/704d59d9-df33-4d75-9502-fef766df090d/addn_hosts - 2 addresses
Nov  3 04:35:37 gtw01 dnsmasq-dhcp[15121]: read /var/lib/neutron/dhcp/704d59d9-df33-4d75-9502-fef766df090d/host
Nov  3 04:35:37 gtw01 dnsmasq-dhcp[15121]: read /var/lib/neutron/dhcp/704d59d9-df33-4d75-9502-fef766df090d/opts
Nov  3 04:35:38 gtw01 dnsmasq[14854]: read /var/lib/neutron/dhcp/b700466b-aa82-4b61-ba45-39728068a9a2/addn_hosts - 1 addresses
Nov  3 04:35:38 gtw01 dnsmasq-dhcp[14854]: read /var/lib/neutron/dhcp/b700466b-aa82-4b61-ba45-39728068a9a2/host
Nov  3 04:35:38 gtw01 dnsmasq-dhcp[14854]: read /var/lib/neutron/dhcp/b700466b-aa82-4b61-ba45-39728068a9a2/opts
Nov  3 04:35:39 gtw01 dnsmasq[14572]: read /var/lib/neutron/dhcp/568101b3-9811-4224-9aa6-7cba22ebfc2a/addn_hosts - 1 addresses
Nov  3 04:35:39 gtw01 dnsmasq-dhcp[14572]: read /var/lib/neutron/dhcp/568101b3-9811-4224-9aa6-7cba22ebfc2a/host
Nov  3 04:35:39 gtw01 dnsmasq-dhcp[14572]: read /var/lib/neutron/dhcp/568101b3-9811-4224-9aa6-7cba22ebfc2a/opts
Nov  3 04:35:44 gtw01 dnsmasq[14517]: read /var/lib/neutron/dhcp/fa1c7b67-92c2-4b8b-878a-af063e50125a/addn_hosts - 5 addresses
Nov  3 04:35:44 gtw01 dnsmasq-dhcp[14517]: read /var/lib/neutron/dhcp/fa1c7b67-92c2-4b8b-878a-af063e50125a/host
Nov  3 04:35:44 gtw01 dnsmasq-dhcp[14517]: read /var/lib/neutron/dhcp/fa1c7b67-92c2-4b8b-878a-af063e50125a/opts
Nov  3 04:35:45 gtw01 dnsmasq[14572]: read /var/lib/neutron/dhcp/568101b3-9811-4224-9aa6-7cba22ebfc2a/addn_hosts - 2 addresses
Nov  3 04:35:45 gtw01 dnsmasq-dhcp[14572]: read /var/lib/neutron/dhcp/568101b3-9811-4224-9aa6-7cba22ebfc2a/host
Nov  3 04:35:45 gtw01 dnsmasq-dhcp[14572]: read /var/lib/neutron/dhcp/568101b3-9811-4224-9aa6-7cba22ebfc2a/opts
Nov  3 04:35:46 gtw01 dnsmasq[14517]: read /var/lib/neutron/dhcp/fa1c7b67-92c2-4b8b-878a-af063e50125a/addn_hosts - 5 addresses
Nov  3 04:35:46 gtw01 dnsmasq-dhcp[14517]: read /var/lib/neutron/dhcp/fa1c7b67-92c2-4b8b-878a-af063e50125a/host
Nov  3 04:35:46 gtw01 dnsmasq-dhcp[14517]: read /var/lib/neutron/dhcp/fa1c7b67-92c2-4b8b-878a-af063e50125a/opts
Nov  3 04:35:48 gtw01 dnsmasq[14572]: read /var/lib/neutron/dhcp/568101b3-9811-4224-9aa6-7cba22ebfc2a/addn_hosts - 2 addresses
Nov  3 04:35:48 gtw01 dnsmasq-dhcp[14572]: read /var/lib/neutron/dhcp/568101b3-9811-4224-9aa6-7cba22ebfc2a/host
Nov  3 04:35:48 gtw01 dnsmasq-dhcp[14572]: read /var/lib/neutron/dhcp/568101b3-9811-4224-9aa6-7cba22ebfc2a/opts
Nov  3 04:35:52 gtw01 dnsmasq[14572]: read /var/lib/neutron/dhcp/568101b3-9811-4224-9aa6-7cba22ebfc2a/addn_hosts - 1 addresses
Nov  3 04:35:52 gtw01 dnsmasq-dhcp[14572]: read /var/lib/neutron/dhcp/568101b3-9811-4224-9aa6-7cba22ebfc2a/host
Nov  3 04:35:52 gtw01 dnsmasq-dhcp[14572]: read /var/lib/neutron/dhcp/568101b3-9811-4224-9aa6-7cba22ebfc2a/opts
Nov  3 04:35:55 gtw01 dnsmasq[15121]: read /var/lib/neutron/dhcp/704d59d9-df33-4d75-9502-fef766df090d/addn_hosts - 2 addresses
Nov  3 04:35:55 gtw01 dnsmasq-dhcp[15121]: read /var/lib/neutron/dhcp/704d59d9-df33-4d75-9502-fef766df090d/host
Nov  3 04:35:55 gtw01 dnsmasq-dhcp[15121]: read /var/lib/neutron/dhcp/704d59d9-df33-4d75-9502-fef766df090d/opts
Nov  3 04:35:55 gtw01 dnsmasq[14517]: read /var/lib/neutron/dhcp/fa1c7b67-92c2-4b8b-878a-af063e50125a/addn_hosts - 6 addresses
Nov  3 04:35:55 gtw01 dnsmasq-dhcp[14517]: read /var/lib/neutron/dhcp/fa1c7b67-92c2-4b8b-878a-af063e50125a/host
Nov  3 04:35:55 gtw01 dnsmasq-dhcp[14517]: read /var/lib/neutron/dhcp/fa1c7b67-92c2-4b8b-878a-af063e50125a/opts
Nov  3 04:35:55 gtw01 dnsmasq[14572]: read /var/lib/neutron/dhcp/568101b3-9811-4224-9aa6-7cba22ebfc2a/addn_hosts - 2 addresses
Nov  3 04:35:55 gtw01 dnsmasq-dhcp[14572]: read /var/lib/neutron/dhcp/568101b3-9811-4224-9aa6-7cba22ebfc2a/host
Nov  3 04:35:55 gtw01 dnsmasq-dhcp[14572]: read /var/lib/neutron/dhcp/568101b3-9811-4224-9aa6-7cba22ebfc2a/opts
Nov  3 04:35:57 gtw01 dnsmasq[14572]: read /var/lib/neutron/dhcp/568101b3-9811-4224-9aa6-7cba22ebfc2a/addn_hosts - 2 addresses
Nov  3 04:35:57 gtw01 dnsmasq-dhcp[14572]: read /var/lib/neutron/dhcp/568101b3-9811-4224-9aa6-7cba22ebfc2a/host
Nov  3 04:35:57 gtw01 dnsmasq-dhcp[14572]: read /var/lib/neutron/dhcp/568101b3-9811-4224-9aa6-7cba22ebfc2a/opts
Nov  3 04:35:58 gtw01 dnsmasq[14197]: read /var/lib/neutron/dhcp/8c855a8d-b08b-4ad8-b3fa-edb269017be9/addn_hosts - 2 addresses
Nov  3 04:35:58 gtw01 dnsmasq-dhcp[14197]: read /var/lib/neutron/dhcp/8c855a8d-b08b-4ad8-b3fa-edb269017be9/host
Nov  3 04:35:58 gtw01 dnsmasq-dhcp[14197]: read /var/lib/neutron/dhcp/8c855a8d-b08b-4ad8-b3fa-edb269017be9/opts
Nov  3 04:36:00 gtw01 dnsmasq[14572]: read /var/lib/neutron/dhcp/568101b3-9811-4224-9aa6-7cba22ebfc2a/addn_hosts - 1 addresses
Nov  3 04:36:00 gtw01 dnsmasq-dhcp[14572]: read /var/lib/neutron/dhcp/568101b3-9811-4224-9aa6-7cba22ebfc2a/host
Nov  3 04:36:00 gtw01 dnsmasq-dhcp[14572]: read /var/lib/neutron/dhcp/568101b3-9811-4224-9aa6-7cba22ebfc2a/opts
Nov  3 04:36:00 gtw01 dnsmasq[15394]: started, version 2.80 cachesize 150
Nov  3 04:36:00 gtw01 dnsmasq[15394]: DNS service limited to local subnets
Nov  3 04:36:00 gtw01 dnsmasq[15394]: compile time options: IPv6 GNU-getopt DBus i18n IDN DHCP DHCPv6 no-Lua TFTP conntrack ipset auth DNSSEC loop-detect inotify dumpfile
Nov  3 04:36:00 gtw01 dnsmasq[15394]: warning: no upstream servers configured
Nov  3 04:36:00 gtw01 dnsmasq-dhcp[15394]: DHCP, static leases only on 192.168.120.0, lease time 1h
Nov  3 04:36:00 gtw01 dnsmasq[15394]: read /var/lib/neutron/dhcp/704d59d9-df33-4d75-9502-fef766df090d/addn_hosts - 1 addresses
Nov  3 04:36:00 gtw01 dnsmasq-dhcp[15394]: read /var/lib/neutron/dhcp/704d59d9-df33-4d75-9502-fef766df090d/host
Nov  3 04:36:00 gtw01 dnsmasq-dhcp[15394]: read /var/lib/neutron/dhcp/704d59d9-df33-4d75-9502-fef766df090d/opts
Nov  3 04:36:01 gtw01 dnsmasq[14517]: read /var/lib/neutron/dhcp/fa1c7b67-92c2-4b8b-878a-af063e50125a/addn_hosts - 7 addresses
Nov  3 04:36:01 gtw01 dnsmasq-dhcp[14517]: read /var/lib/neutron/dhcp/fa1c7b67-92c2-4b8b-878a-af063e50125a/host
Nov  3 04:36:01 gtw01 dnsmasq-dhcp[14517]: read /var/lib/neutron/dhcp/fa1c7b67-92c2-4b8b-878a-af063e50125a/opts
Nov  3 04:36:02 gtw01 kernel: [ 8667.474102] device tap64be8382-8a left promiscuous mode
Nov  3 04:36:03 gtw01 dnsmasq[14197]: read /var/lib/neutron/dhcp/8c855a8d-b08b-4ad8-b3fa-edb269017be9/addn_hosts - 1 addresses
Nov  3 04:36:03 gtw01 dnsmasq-dhcp[14197]: read /var/lib/neutron/dhcp/8c855a8d-b08b-4ad8-b3fa-edb269017be9/host
Nov  3 04:36:03 gtw01 dnsmasq-dhcp[14197]: read /var/lib/neutron/dhcp/8c855a8d-b08b-4ad8-b3fa-edb269017be9/opts
Nov  3 04:36:05 gtw01 dnsmasq[14572]: read /var/lib/neutron/dhcp/568101b3-9811-4224-9aa6-7cba22ebfc2a/addn_hosts - 2 addresses
Nov  3 04:36:05 gtw01 dnsmasq-dhcp[14572]: read /var/lib/neutron/dhcp/568101b3-9811-4224-9aa6-7cba22ebfc2a/host
Nov  3 04:36:05 gtw01 dnsmasq-dhcp[14572]: read /var/lib/neutron/dhcp/568101b3-9811-4224-9aa6-7cba22ebfc2a/opts
Nov  3 04:36:06 gtw01 dnsmasq[14572]: read /var/lib/neutron/dhcp/568101b3-9811-4224-9aa6-7cba22ebfc2a/addn_hosts - 2 addresses
Nov  3 04:36:06 gtw01 dnsmasq-dhcp[14572]: read /var/lib/neutron/dhcp/568101b3-9811-4224-9aa6-7cba22ebfc2a/host
Nov  3 04:36:06 gtw01 dnsmasq-dhcp[14572]: read /var/lib/neutron/dhcp/568101b3-9811-4224-9aa6-7cba22ebfc2a/opts
Nov  3 04:36:07 gtw01 dnsmasq[14517]: read /var/lib/neutron/dhcp/fa1c7b67-92c2-4b8b-878a-af063e50125a/addn_hosts - 9 addresses
Nov  3 04:36:07 gtw01 dnsmasq-dhcp[14517]: read /var/lib/neutron/dhcp/fa1c7b67-92c2-4b8b-878a-af063e50125a/host
Nov  3 04:36:07 gtw01 dnsmasq-dhcp[14517]: read /var/lib/neutron/dhcp/fa1c7b67-92c2-4b8b-878a-af063e50125a/opts
Nov  3 04:36:08 gtw01 dnsmasq[14197]: read /var/lib/neutron/dhcp/8c855a8d-b08b-4ad8-b3fa-edb269017be9/addn_hosts - 2 addresses
Nov  3 04:36:08 gtw01 dnsmasq-dhcp[14197]: read /var/lib/neutron/dhcp/8c855a8d-b08b-4ad8-b3fa-edb269017be9/host
Nov  3 04:36:08 gtw01 dnsmasq-dhcp[14197]: read /var/lib/neutron/dhcp/8c855a8d-b08b-4ad8-b3fa-edb269017be9/opts
Nov  3 04:36:09 gtw01 dnsmasq[14517]: read /var/lib/neutron/dhcp/fa1c7b67-92c2-4b8b-878a-af063e50125a/addn_hosts - 10 addresses
Nov  3 04:36:09 gtw01 dnsmasq-dhcp[14517]: read /var/lib/neutron/dhcp/fa1c7b67-92c2-4b8b-878a-af063e50125a/host
Nov  3 04:36:09 gtw01 dnsmasq-dhcp[14517]: read /var/lib/neutron/dhcp/fa1c7b67-92c2-4b8b-878a-af063e50125a/opts
Nov  3 04:36:10 gtw01 dnsmasq[14572]: read /var/lib/neutron/dhcp/568101b3-9811-4224-9aa6-7cba22ebfc2a/addn_hosts - 1 addresses
Nov  3 04:36:10 gtw01 dnsmasq-dhcp[14572]: read /var/lib/neutron/dhcp/568101b3-9811-4224-9aa6-7cba22ebfc2a/host
Nov  3 04:36:10 gtw01 dnsmasq-dhcp[14572]: read /var/lib/neutron/dhcp/568101b3-9811-4224-9aa6-7cba22ebfc2a/opts
Nov  3 04:36:10 gtw01 dnsmasq[14197]: read /var/lib/neutron/dhcp/8c855a8d-b08b-4ad8-b3fa-edb269017be9/addn_hosts - 1 addresses
Nov  3 04:36:10 gtw01 dnsmasq-dhcp[14197]: read /var/lib/neutron/dhcp/8c855a8d-b08b-4ad8-b3fa-edb269017be9/host
Nov  3 04:36:10 gtw01 dnsmasq-dhcp[14197]: read /var/lib/neutron/dhcp/8c855a8d-b08b-4ad8-b3fa-edb269017be9/opts
Nov  3 04:36:12 gtw01 dnsmasq[14572]: read /var/lib/neutron/dhcp/568101b3-9811-4224-9aa6-7cba22ebfc2a/addn_hosts - 2 addresses
Nov  3 04:36:12 gtw01 dnsmasq-dhcp[14572]: read /var/lib/neutron/dhcp/568101b3-9811-4224-9aa6-7cba22ebfc2a/host
Nov  3 04:36:12 gtw01 dnsmasq-dhcp[14572]: read /var/lib/neutron/dhcp/568101b3-9811-4224-9aa6-7cba22ebfc2a/opts
Nov  3 04:36:12 gtw01 dnsmasq[14517]: read /var/lib/neutron/dhcp/fa1c7b67-92c2-4b8b-878a-af063e50125a/addn_hosts - 11 addresses
Nov  3 04:36:12 gtw01 dnsmasq-dhcp[14517]: read /var/lib/neutron/dhcp/fa1c7b67-92c2-4b8b-878a-af063e50125a/host
Nov  3 04:36:12 gtw01 dnsmasq-dhcp[14517]: read /var/lib/neutron/dhcp/fa1c7b67-92c2-4b8b-878a-af063e50125a/opts
Nov  3 04:36:13 gtw01 dnsmasq[14572]: read /var/lib/neutron/dhcp/568101b3-9811-4224-9aa6-7cba22ebfc2a/addn_hosts - 2 addresses
Nov  3 04:36:13 gtw01 dnsmasq-dhcp[14572]: read /var/lib/neutron/dhcp/568101b3-9811-4224-9aa6-7cba22ebfc2a/host
Nov  3 04:36:13 gtw01 dnsmasq-dhcp[14572]: read /var/lib/neutron/dhcp/568101b3-9811-4224-9aa6-7cba22ebfc2a/opts
Nov  3 04:36:14 gtw01 dnsmasq[14517]: read /var/lib/neutron/dhcp/fa1c7b67-92c2-4b8b-878a-af063e50125a/addn_hosts - 12 addresses
Nov  3 04:36:14 gtw01 dnsmasq-dhcp[14517]: read /var/lib/neutron/dhcp/fa1c7b67-92c2-4b8b-878a-af063e50125a/host
Nov  3 04:36:14 gtw01 dnsmasq-dhcp[14517]: read /var/lib/neutron/dhcp/fa1c7b67-92c2-4b8b-878a-af063e50125a/opts
Nov  3 04:36:16 gtw01 dnsmasq[14517]: read /var/lib/neutron/dhcp/fa1c7b67-92c2-4b8b-878a-af063e50125a/addn_hosts - 11 addresses
Nov  3 04:36:16 gtw01 dnsmasq-dhcp[14517]: read /var/lib/neutron/dhcp/fa1c7b67-92c2-4b8b-878a-af063e50125a/host
Nov  3 04:36:16 gtw01 dnsmasq-dhcp[14517]: read /var/lib/neutron/dhcp/fa1c7b67-92c2-4b8b-878a-af063e50125a/opts
Nov  3 04:36:16 gtw01 dnsmasq[14572]: read /var/lib/neutron/dhcp/568101b3-9811-4224-9aa6-7cba22ebfc2a/addn_hosts - 1 addresses
Nov  3 04:36:16 gtw01 dnsmasq-dhcp[14572]: read /var/lib/neutron/dhcp/568101b3-9811-4224-9aa6-7cba22ebfc2a/host
Nov  3 04:36:16 gtw01 dnsmasq-dhcp[14572]: read /var/lib/neutron/dhcp/568101b3-9811-4224-9aa6-7cba22ebfc2a/opts
Nov  3 04:36:18 gtw01 kernel: [ 8683.338248] device tapb202b843-4e entered promiscuous mode
Nov  3 04:36:18 gtw01 systemd-udevd[15672]: Could not generate persistent MAC address for tapb202b843-4e: No such file or directory
Nov  3 04:36:18 gtw01 systemd-udevd[15672]: Process '/sbin/ip link set tapb202b843-4e txqueuelen 10000' failed with exit code 1.
Nov  3 04:36:18 gtw01 kernel: [ 8683.870252] device tap67ae22dd-b2 left promiscuous mode
Nov  3 04:36:19 gtw01 dnsmasq[14517]: read /var/lib/neutron/dhcp/fa1c7b67-92c2-4b8b-878a-af063e50125a/addn_hosts - 12 addresses
Nov  3 04:36:19 gtw01 dnsmasq-dhcp[14517]: read /var/lib/neutron/dhcp/fa1c7b67-92c2-4b8b-878a-af063e50125a/host
Nov  3 04:36:19 gtw01 dnsmasq-dhcp[14517]: read /var/lib/neutron/dhcp/fa1c7b67-92c2-4b8b-878a-af063e50125a/opts
Nov  3 04:36:20 gtw01 dnsmasq[14517]: read /var/lib/neutron/dhcp/fa1c7b67-92c2-4b8b-878a-af063e50125a/addn_hosts - 12 addresses
Nov  3 04:36:20 gtw01 dnsmasq-dhcp[14517]: read /var/lib/neutron/dhcp/fa1c7b67-92c2-4b8b-878a-af063e50125a/host
Nov  3 04:36:20 gtw01 dnsmasq-dhcp[14517]: read /var/lib/neutron/dhcp/fa1c7b67-92c2-4b8b-878a-af063e50125a/opts
Nov  3 04:36:21 gtw01 dnsmasq[15821]: started, version 2.80 cachesize 150
Nov  3 04:36:21 gtw01 dnsmasq[15821]: DNS service limited to local subnets
Nov  3 04:36:21 gtw01 dnsmasq[15821]: compile time options: IPv6 GNU-getopt DBus i18n IDN DHCP DHCPv6 no-Lua TFTP conntrack ipset auth DNSSEC loop-detect inotify dumpfile
Nov  3 04:36:21 gtw01 dnsmasq[15821]: warning: no upstream servers configured
Nov  3 04:36:21 gtw01 dnsmasq-dhcp[15821]: DHCP, static leases only on 192.168.120.0, lease time 1h
Nov  3 04:36:21 gtw01 dnsmasq[15821]: read /var/lib/neutron/dhcp/1a94dedf-d56d-48f9-b68b-d4142a1ca459/addn_hosts - 1 addresses
Nov  3 04:36:21 gtw01 dnsmasq-dhcp[15821]: read /var/lib/neutron/dhcp/1a94dedf-d56d-48f9-b68b-d4142a1ca459/host
Nov  3 04:36:21 gtw01 dnsmasq-dhcp[15821]: read /var/lib/neutron/dhcp/1a94dedf-d56d-48f9-b68b-d4142a1ca459/opts
Nov  3 04:36:21 gtw01 haproxy-metadata-proxy-1a94dedf-d56d-48f9-b68b-d4142a1ca459[15825]: Proxy listener started.
Nov  3 04:36:22 gtw01 dnsmasq[14517]: read /var/lib/neutron/dhcp/fa1c7b67-92c2-4b8b-878a-af063e50125a/addn_hosts - 13 addresses
Nov  3 04:36:22 gtw01 dnsmasq-dhcp[14517]: read /var/lib/neutron/dhcp/fa1c7b67-92c2-4b8b-878a-af063e50125a/host
Nov  3 04:36:22 gtw01 dnsmasq-dhcp[14517]: read /var/lib/neutron/dhcp/fa1c7b67-92c2-4b8b-878a-af063e50125a/opts
Nov  3 04:36:22 gtw01 dnsmasq[15821]: read /var/lib/neutron/dhcp/1a94dedf-d56d-48f9-b68b-d4142a1ca459/addn_hosts - 1 addresses
Nov  3 04:36:22 gtw01 dnsmasq-dhcp[15821]: read /var/lib/neutron/dhcp/1a94dedf-d56d-48f9-b68b-d4142a1ca459/host
Nov  3 04:36:22 gtw01 dnsmasq-dhcp[15821]: read /var/lib/neutron/dhcp/1a94dedf-d56d-48f9-b68b-d4142a1ca459/opts
Nov  3 04:36:23 gtw01 dnsmasq[15821]: read /var/lib/neutron/dhcp/1a94dedf-d56d-48f9-b68b-d4142a1ca459/addn_hosts - 1 addresses
Nov  3 04:36:23 gtw01 dnsmasq-dhcp[15821]: read /var/lib/neutron/dhcp/1a94dedf-d56d-48f9-b68b-d4142a1ca459/host
Nov  3 04:36:23 gtw01 dnsmasq-dhcp[15821]: read /var/lib/neutron/dhcp/1a94dedf-d56d-48f9-b68b-d4142a1ca459/opts
Nov  3 04:36:24 gtw01 dnsmasq[15821]: read /var/lib/neutron/dhcp/1a94dedf-d56d-48f9-b68b-d4142a1ca459/addn_hosts - 2 addresses
Nov  3 04:36:24 gtw01 dnsmasq-dhcp[15821]: read /var/lib/neutron/dhcp/1a94dedf-d56d-48f9-b68b-d4142a1ca459/host
Nov  3 04:36:24 gtw01 dnsmasq-dhcp[15821]: read /var/lib/neutron/dhcp/1a94dedf-d56d-48f9-b68b-d4142a1ca459/opts
Nov  3 04:36:25 gtw01 dnsmasq[15821]: read /var/lib/neutron/dhcp/1a94dedf-d56d-48f9-b68b-d4142a1ca459/addn_hosts - 2 addresses
Nov  3 04:36:25 gtw01 dnsmasq-dhcp[15821]: read /var/lib/neutron/dhcp/1a94dedf-d56d-48f9-b68b-d4142a1ca459/host
Nov  3 04:36:25 gtw01 dnsmasq-dhcp[15821]: read /var/lib/neutron/dhcp/1a94dedf-d56d-48f9-b68b-d4142a1ca459/opts
Nov  3 04:36:26 gtw01 dnsmasq[15821]: read /var/lib/neutron/dhcp/1a94dedf-d56d-48f9-b68b-d4142a1ca459/addn_hosts - 2 addresses
Nov  3 04:36:26 gtw01 dnsmasq-dhcp[15821]: read /var/lib/neutron/dhcp/1a94dedf-d56d-48f9-b68b-d4142a1ca459/host
Nov  3 04:36:26 gtw01 dnsmasq-dhcp[15821]: read /var/lib/neutron/dhcp/1a94dedf-d56d-48f9-b68b-d4142a1ca459/opts
Nov  3 04:36:26 gtw01 dnsmasq[14517]: read /var/lib/neutron/dhcp/fa1c7b67-92c2-4b8b-878a-af063e50125a/addn_hosts - 13 addresses
Nov  3 04:36:26 gtw01 dnsmasq-dhcp[14517]: read /var/lib/neutron/dhcp/fa1c7b67-92c2-4b8b-878a-af063e50125a/host
Nov  3 04:36:26 gtw01 dnsmasq-dhcp[14517]: read /var/lib/neutron/dhcp/fa1c7b67-92c2-4b8b-878a-af063e50125a/opts
Nov  3 04:36:27 gtw01 dnsmasq[15821]: read /var/lib/neutron/dhcp/1a94dedf-d56d-48f9-b68b-d4142a1ca459/addn_hosts - 1 addresses
Nov  3 04:36:27 gtw01 dnsmasq-dhcp[15821]: read /var/lib/neutron/dhcp/1a94dedf-d56d-48f9-b68b-d4142a1ca459/host
Nov  3 04:36:27 gtw01 dnsmasq-dhcp[15821]: read /var/lib/neutron/dhcp/1a94dedf-d56d-48f9-b68b-d4142a1ca459/opts
Nov  3 04:36:27 gtw01 dnsmasq[14517]: read /var/lib/neutron/dhcp/fa1c7b67-92c2-4b8b-878a-af063e50125a/addn_hosts - 13 addresses
Nov  3 04:36:27 gtw01 dnsmasq-dhcp[14517]: read /var/lib/neutron/dhcp/fa1c7b67-92c2-4b8b-878a-af063e50125a/host
Nov  3 04:36:27 gtw01 dnsmasq-dhcp[14517]: read /var/lib/neutron/dhcp/fa1c7b67-92c2-4b8b-878a-af063e50125a/opts
Nov  3 04:36:29 gtw01 dnsmasq[14517]: read /var/lib/neutron/dhcp/fa1c7b67-92c2-4b8b-878a-af063e50125a/addn_hosts - 14 addresses
Nov  3 04:36:29 gtw01 dnsmasq-dhcp[14517]: read /var/lib/neutron/dhcp/fa1c7b67-92c2-4b8b-878a-af063e50125a/host
Nov  3 04:36:29 gtw01 dnsmasq-dhcp[14517]: read /var/lib/neutron/dhcp/fa1c7b67-92c2-4b8b-878a-af063e50125a/opts
Nov  3 04:36:30 gtw01 dnsmasq[14517]: read /var/lib/neutron/dhcp/fa1c7b67-92c2-4b8b-878a-af063e50125a/addn_hosts - 14 addresses
Nov  3 04:36:30 gtw01 dnsmasq-dhcp[14517]: read /var/lib/neutron/dhcp/fa1c7b67-92c2-4b8b-878a-af063e50125a/host
Nov  3 04:36:30 gtw01 dnsmasq-dhcp[14517]: read /var/lib/neutron/dhcp/fa1c7b67-92c2-4b8b-878a-af063e50125a/opts
Nov  3 04:36:32 gtw01 dnsmasq[14517]: read /var/lib/neutron/dhcp/fa1c7b67-92c2-4b8b-878a-af063e50125a/addn_hosts - 15 addresses
Nov  3 04:36:32 gtw01 dnsmasq-dhcp[14517]: read /var/lib/neutron/dhcp/fa1c7b67-92c2-4b8b-878a-af063e50125a/host
Nov  3 04:36:32 gtw01 dnsmasq-dhcp[14517]: read /var/lib/neutron/dhcp/fa1c7b67-92c2-4b8b-878a-af063e50125a/opts
Nov  3 04:36:33 gtw01 dnsmasq[14197]: read /var/lib/neutron/dhcp/8c855a8d-b08b-4ad8-b3fa-edb269017be9/addn_hosts - 2 addresses
Nov  3 04:36:33 gtw01 dnsmasq-dhcp[14197]: read /var/lib/neutron/dhcp/8c855a8d-b08b-4ad8-b3fa-edb269017be9/host
Nov  3 04:36:33 gtw01 dnsmasq-dhcp[14197]: read /var/lib/neutron/dhcp/8c855a8d-b08b-4ad8-b3fa-edb269017be9/opts
Nov  3 04:36:33 gtw01 dnsmasq[14517]: read /var/lib/neutron/dhcp/fa1c7b67-92c2-4b8b-878a-af063e50125a/addn_hosts - 15 addresses
Nov  3 04:36:33 gtw01 dnsmasq-dhcp[14517]: read /var/lib/neutron/dhcp/fa1c7b67-92c2-4b8b-878a-af063e50125a/host
Nov  3 04:36:33 gtw01 dnsmasq-dhcp[14517]: read /var/lib/neutron/dhcp/fa1c7b67-92c2-4b8b-878a-af063e50125a/opts
Nov  3 04:36:35 gtw01 dnsmasq[14517]: read /var/lib/neutron/dhcp/fa1c7b67-92c2-4b8b-878a-af063e50125a/addn_hosts - 15 addresses
Nov  3 04:36:35 gtw01 dnsmasq-dhcp[14517]: read /var/lib/neutron/dhcp/fa1c7b67-92c2-4b8b-878a-af063e50125a/host
Nov  3 04:36:35 gtw01 dnsmasq-dhcp[14517]: read /var/lib/neutron/dhcp/fa1c7b67-92c2-4b8b-878a-af063e50125a/opts
Nov  3 04:36:35 gtw01 dnsmasq[14197]: read /var/lib/neutron/dhcp/8c855a8d-b08b-4ad8-b3fa-edb269017be9/addn_hosts - 1 addresses
Nov  3 04:36:35 gtw01 dnsmasq-dhcp[14197]: read /var/lib/neutron/dhcp/8c855a8d-b08b-4ad8-b3fa-edb269017be9/host
Nov  3 04:36:35 gtw01 dnsmasq-dhcp[14197]: read /var/lib/neutron/dhcp/8c855a8d-b08b-4ad8-b3fa-edb269017be9/opts
Nov  3 04:36:36 gtw01 dnsmasq[14517]: read /var/lib/neutron/dhcp/fa1c7b67-92c2-4b8b-878a-af063e50125a/addn_hosts - 15 addresses
Nov  3 04:36:36 gtw01 dnsmasq-dhcp[14517]: read /var/lib/neutron/dhcp/fa1c7b67-92c2-4b8b-878a-af063e50125a/host
Nov  3 04:36:36 gtw01 dnsmasq-dhcp[14517]: read /var/lib/neutron/dhcp/fa1c7b67-92c2-4b8b-878a-af063e50125a/opts
Nov  3 04:36:37 gtw01 dnsmasq[14517]: read /var/lib/neutron/dhcp/fa1c7b67-92c2-4b8b-878a-af063e50125a/addn_hosts - 16 addresses
Nov  3 04:36:37 gtw01 dnsmasq-dhcp[14517]: read /var/lib/neutron/dhcp/fa1c7b67-92c2-4b8b-878a-af063e50125a/host
Nov  3 04:36:37 gtw01 dnsmasq-dhcp[14517]: read /var/lib/neutron/dhcp/fa1c7b67-92c2-4b8b-878a-af063e50125a/opts
Nov  3 04:36:38 gtw01 dnsmasq[14517]: read /var/lib/neutron/dhcp/fa1c7b67-92c2-4b8b-878a-af063e50125a/addn_hosts - 16 addresses
Nov  3 04:36:38 gtw01 dnsmasq-dhcp[14517]: read /var/lib/neutron/dhcp/fa1c7b67-92c2-4b8b-878a-af063e50125a/host
Nov  3 04:36:38 gtw01 dnsmasq-dhcp[14517]: read /var/lib/neutron/dhcp/fa1c7b67-92c2-4b8b-878a-af063e50125a/opts
Nov  3 04:36:38 gtw01 dnsmasq[14197]: read /var/lib/neutron/dhcp/8c855a8d-b08b-4ad8-b3fa-edb269017be9/addn_hosts - 2 addresses
Nov  3 04:36:38 gtw01 dnsmasq-dhcp[14197]: read /var/lib/neutron/dhcp/8c855a8d-b08b-4ad8-b3fa-edb269017be9/host
Nov  3 04:36:38 gtw01 dnsmasq-dhcp[14197]: read /var/lib/neutron/dhcp/8c855a8d-b08b-4ad8-b3fa-edb269017be9/opts
Nov  3 04:36:40 gtw01 dnsmasq[14517]: read /var/lib/neutron/dhcp/fa1c7b67-92c2-4b8b-878a-af063e50125a/addn_hosts - 16 addresses
Nov  3 04:36:40 gtw01 dnsmasq-dhcp[14517]: read /var/lib/neutron/dhcp/fa1c7b67-92c2-4b8b-878a-af063e50125a/host
Nov  3 04:36:40 gtw01 dnsmasq-dhcp[14517]: read /var/lib/neutron/dhcp/fa1c7b67-92c2-4b8b-878a-af063e50125a/opts
Nov  3 04:36:41 gtw01 dnsmasq[14197]: read /var/lib/neutron/dhcp/8c855a8d-b08b-4ad8-b3fa-edb269017be9/addn_hosts - 1 addresses
Nov  3 04:36:41 gtw01 dnsmasq-dhcp[14197]: read /var/lib/neutron/dhcp/8c855a8d-b08b-4ad8-b3fa-edb269017be9/host
Nov  3 04:36:41 gtw01 dnsmasq-dhcp[14197]: read /var/lib/neutron/dhcp/8c855a8d-b08b-4ad8-b3fa-edb269017be9/opts
Nov  3 04:36:41 gtw01 dnsmasq[14517]: read /var/lib/neutron/dhcp/fa1c7b67-92c2-4b8b-878a-af063e50125a/addn_hosts - 16 addresses
Nov  3 04:36:41 gtw01 dnsmasq-dhcp[14517]: read /var/lib/neutron/dhcp/fa1c7b67-92c2-4b8b-878a-af063e50125a/host
Nov  3 04:36:41 gtw01 dnsmasq-dhcp[14517]: read /var/lib/neutron/dhcp/fa1c7b67-92c2-4b8b-878a-af063e50125a/opts
Nov  3 04:36:42 gtw01 dnsmasq[14517]: read /var/lib/neutron/dhcp/fa1c7b67-92c2-4b8b-878a-af063e50125a/addn_hosts - 17 addresses
Nov  3 04:36:42 gtw01 dnsmasq-dhcp[14517]: read /var/lib/neutron/dhcp/fa1c7b67-92c2-4b8b-878a-af063e50125a/host
Nov  3 04:36:42 gtw01 dnsmasq-dhcp[14517]: read /var/lib/neutron/dhcp/fa1c7b67-92c2-4b8b-878a-af063e50125a/opts
Nov  3 04:36:43 gtw01 dnsmasq[14517]: read /var/lib/neutron/dhcp/fa1c7b67-92c2-4b8b-878a-af063e50125a/addn_hosts - 17 addresses
Nov  3 04:36:43 gtw01 dnsmasq-dhcp[14517]: read /var/lib/neutron/dhcp/fa1c7b67-92c2-4b8b-878a-af063e50125a/host
Nov  3 04:36:43 gtw01 dnsmasq-dhcp[14517]: read /var/lib/neutron/dhcp/fa1c7b67-92c2-4b8b-878a-af063e50125a/opts
Nov  3 04:36:45 gtw01 dnsmasq[14197]: read /var/lib/neutron/dhcp/8c855a8d-b08b-4ad8-b3fa-edb269017be9/addn_hosts - 2 addresses
Nov  3 04:36:45 gtw01 dnsmasq-dhcp[14197]: read /var/lib/neutron/dhcp/8c855a8d-b08b-4ad8-b3fa-edb269017be9/host
Nov  3 04:36:45 gtw01 dnsmasq-dhcp[14197]: read /var/lib/neutron/dhcp/8c855a8d-b08b-4ad8-b3fa-edb269017be9/opts
Nov  3 04:36:45 gtw01 dnsmasq[14517]: read /var/lib/neutron/dhcp/fa1c7b67-92c2-4b8b-878a-af063e50125a/addn_hosts - 17 addresses
Nov  3 04:36:45 gtw01 dnsmasq-dhcp[14517]: read /var/lib/neutron/dhcp/fa1c7b67-92c2-4b8b-878a-af063e50125a/host
Nov  3 04:36:45 gtw01 dnsmasq-dhcp[14517]: read /var/lib/neutron/dhcp/fa1c7b67-92c2-4b8b-878a-af063e50125a/opts
Nov  3 04:36:46 gtw01 dnsmasq[14517]: read /var/lib/neutron/dhcp/fa1c7b67-92c2-4b8b-878a-af063e50125a/addn_hosts - 17 addresses
Nov  3 04:36:46 gtw01 dnsmasq-dhcp[14517]: read /var/lib/neutron/dhcp/fa1c7b67-92c2-4b8b-878a-af063e50125a/host
Nov  3 04:36:46 gtw01 dnsmasq-dhcp[14517]: read /var/lib/neutron/dhcp/fa1c7b67-92c2-4b8b-878a-af063e50125a/opts
Nov  3 04:36:47 gtw01 dnsmasq[14197]: read /var/lib/neutron/dhcp/8c855a8d-b08b-4ad8-b3fa-edb269017be9/addn_hosts - 1 addresses
Nov  3 04:36:47 gtw01 dnsmasq-dhcp[14197]: read /var/lib/neutron/dhcp/8c855a8d-b08b-4ad8-b3fa-edb269017be9/host
Nov  3 04:36:47 gtw01 dnsmasq-dhcp[14197]: read /var/lib/neutron/dhcp/8c855a8d-b08b-4ad8-b3fa-edb269017be9/opts
Nov  3 04:36:49 gtw01 dnsmasq[14517]: read /var/lib/neutron/dhcp/fa1c7b67-92c2-4b8b-878a-af063e50125a/addn_hosts - 16 addresses
Nov  3 04:36:49 gtw01 dnsmasq-dhcp[14517]: read /var/lib/neutron/dhcp/fa1c7b67-92c2-4b8b-878a-af063e50125a/host
Nov  3 04:36:49 gtw01 dnsmasq-dhcp[14517]: read /var/lib/neutron/dhcp/fa1c7b67-92c2-4b8b-878a-af063e50125a/opts
Nov  3 04:36:50 gtw01 kernel: [ 8715.600413] device tapb202b843-4e left promiscuous mode
Nov  3 04:36:50 gtw01 dnsmasq[14517]: read /var/lib/neutron/dhcp/fa1c7b67-92c2-4b8b-878a-af063e50125a/addn_hosts - 15 addresses
Nov  3 04:36:50 gtw01 dnsmasq-dhcp[14517]: read /var/lib/neutron/dhcp/fa1c7b67-92c2-4b8b-878a-af063e50125a/host
Nov  3 04:36:50 gtw01 dnsmasq-dhcp[14517]: read /var/lib/neutron/dhcp/fa1c7b67-92c2-4b8b-878a-af063e50125a/opts
Nov  3 04:36:51 gtw01 dnsmasq[14517]: read /var/lib/neutron/dhcp/fa1c7b67-92c2-4b8b-878a-af063e50125a/addn_hosts - 14 addresses
Nov  3 04:36:51 gtw01 dnsmasq-dhcp[14517]: read /var/lib/neutron/dhcp/fa1c7b67-92c2-4b8b-878a-af063e50125a/host
Nov  3 04:36:51 gtw01 dnsmasq-dhcp[14517]: read /var/lib/neutron/dhcp/fa1c7b67-92c2-4b8b-878a-af063e50125a/opts
Nov  3 04:36:52 gtw01 dnsmasq[14517]: read /var/lib/neutron/dhcp/fa1c7b67-92c2-4b8b-878a-af063e50125a/addn_hosts - 13 addresses
Nov  3 04:36:52 gtw01 dnsmasq-dhcp[14517]: read /var/lib/neutron/dhcp/fa1c7b67-92c2-4b8b-878a-af063e50125a/host
Nov  3 04:36:52 gtw01 dnsmasq-dhcp[14517]: read /var/lib/neutron/dhcp/fa1c7b67-92c2-4b8b-878a-af063e50125a/opts
Nov  3 04:36:53 gtw01 dnsmasq[14517]: read /var/lib/neutron/dhcp/fa1c7b67-92c2-4b8b-878a-af063e50125a/addn_hosts - 12 addresses
Nov  3 04:36:53 gtw01 dnsmasq-dhcp[14517]: read /var/lib/neutron/dhcp/fa1c7b67-92c2-4b8b-878a-af063e50125a/host
Nov  3 04:36:53 gtw01 dnsmasq-dhcp[14517]: read /var/lib/neutron/dhcp/fa1c7b67-92c2-4b8b-878a-af063e50125a/opts
Nov  3 04:36:54 gtw01 dnsmasq[14517]: read /var/lib/neutron/dhcp/fa1c7b67-92c2-4b8b-878a-af063e50125a/addn_hosts - 11 addresses
Nov  3 04:36:54 gtw01 dnsmasq-dhcp[14517]: read /var/lib/neutron/dhcp/fa1c7b67-92c2-4b8b-878a-af063e50125a/host
Nov  3 04:36:54 gtw01 dnsmasq-dhcp[14517]: read /var/lib/neutron/dhcp/fa1c7b67-92c2-4b8b-878a-af063e50125a/opts
Nov  3 04:36:54 gtw01 kernel: [ 8720.163663] device tap5bd0c1f5-f0 left promiscuous mode
Nov  3 04:36:55 gtw01 dnsmasq[14517]: read /var/lib/neutron/dhcp/fa1c7b67-92c2-4b8b-878a-af063e50125a/addn_hosts - 10 addresses
Nov  3 04:36:55 gtw01 dnsmasq-dhcp[14517]: read /var/lib/neutron/dhcp/fa1c7b67-92c2-4b8b-878a-af063e50125a/host
Nov  3 04:36:55 gtw01 dnsmasq-dhcp[14517]: read /var/lib/neutron/dhcp/fa1c7b67-92c2-4b8b-878a-af063e50125a/opts
Nov  3 04:36:56 gtw01 dnsmasq[14517]: read /var/lib/neutron/dhcp/fa1c7b67-92c2-4b8b-878a-af063e50125a/addn_hosts - 9 addresses
Nov  3 04:36:56 gtw01 dnsmasq-dhcp[14517]: read /var/lib/neutron/dhcp/fa1c7b67-92c2-4b8b-878a-af063e50125a/host
Nov  3 04:36:56 gtw01 dnsmasq-dhcp[14517]: read /var/lib/neutron/dhcp/fa1c7b67-92c2-4b8b-878a-af063e50125a/opts
Nov  3 04:36:57 gtw01 dnsmasq[14517]: read /var/lib/neutron/dhcp/fa1c7b67-92c2-4b8b-878a-af063e50125a/addn_hosts - 7 addresses
Nov  3 04:36:57 gtw01 dnsmasq-dhcp[14517]: read /var/lib/neutron/dhcp/fa1c7b67-92c2-4b8b-878a-af063e50125a/host
Nov  3 04:36:57 gtw01 dnsmasq-dhcp[14517]: read /var/lib/neutron/dhcp/fa1c7b67-92c2-4b8b-878a-af063e50125a/opts
Nov  3 04:36:58 gtw01 dnsmasq[14517]: read /var/lib/neutron/dhcp/fa1c7b67-92c2-4b8b-878a-af063e50125a/addn_hosts - 6 addresses
Nov  3 04:36:58 gtw01 dnsmasq-dhcp[14517]: read /var/lib/neutron/dhcp/fa1c7b67-92c2-4b8b-878a-af063e50125a/host
Nov  3 04:36:58 gtw01 dnsmasq-dhcp[14517]: read /var/lib/neutron/dhcp/fa1c7b67-92c2-4b8b-878a-af063e50125a/opts
Nov  3 04:36:59 gtw01 kernel: [ 8724.643481] device tapb74f8495-47 left promiscuous mode
Nov  3 04:36:59 gtw01 dnsmasq[14517]: read /var/lib/neutron/dhcp/fa1c7b67-92c2-4b8b-878a-af063e50125a/addn_hosts - 5 addresses
Nov  3 04:36:59 gtw01 dnsmasq-dhcp[14517]: read /var/lib/neutron/dhcp/fa1c7b67-92c2-4b8b-878a-af063e50125a/host
Nov  3 04:36:59 gtw01 dnsmasq-dhcp[14517]: read /var/lib/neutron/dhcp/fa1c7b67-92c2-4b8b-878a-af063e50125a/opts
Nov  3 04:37:00 gtw01 dnsmasq[14517]: read /var/lib/neutron/dhcp/fa1c7b67-92c2-4b8b-878a-af063e50125a/addn_hosts - 4 addresses
Nov  3 04:37:00 gtw01 dnsmasq-dhcp[14517]: read /var/lib/neutron/dhcp/fa1c7b67-92c2-4b8b-878a-af063e50125a/host
Nov  3 04:37:00 gtw01 dnsmasq-dhcp[14517]: read /var/lib/neutron/dhcp/fa1c7b67-92c2-4b8b-878a-af063e50125a/opts
Nov  3 04:37:01 gtw01 dnsmasq[14517]: read /var/lib/neutron/dhcp/fa1c7b67-92c2-4b8b-878a-af063e50125a/addn_hosts - 3 addresses
Nov  3 04:37:01 gtw01 dnsmasq-dhcp[14517]: read /var/lib/neutron/dhcp/fa1c7b67-92c2-4b8b-878a-af063e50125a/host
Nov  3 04:37:01 gtw01 dnsmasq-dhcp[14517]: read /var/lib/neutron/dhcp/fa1c7b67-92c2-4b8b-878a-af063e50125a/opts
Nov  3 04:37:02 gtw01 dnsmasq[14517]: read /var/lib/neutron/dhcp/fa1c7b67-92c2-4b8b-878a-af063e50125a/addn_hosts - 2 addresses
Nov  3 04:37:02 gtw01 dnsmasq-dhcp[14517]: read /var/lib/neutron/dhcp/fa1c7b67-92c2-4b8b-878a-af063e50125a/host
Nov  3 04:37:02 gtw01 dnsmasq-dhcp[14517]: read /var/lib/neutron/dhcp/fa1c7b67-92c2-4b8b-878a-af063e50125a/opts
Nov  3 04:37:03 gtw01 dnsmasq[14517]: read /var/lib/neutron/dhcp/fa1c7b67-92c2-4b8b-878a-af063e50125a/addn_hosts - 1 addresses
Nov  3 04:37:03 gtw01 dnsmasq-dhcp[14517]: read /var/lib/neutron/dhcp/fa1c7b67-92c2-4b8b-878a-af063e50125a/host
Nov  3 04:37:03 gtw01 dnsmasq-dhcp[14517]: read /var/lib/neutron/dhcp/fa1c7b67-92c2-4b8b-878a-af063e50125a/opts
Nov  3 04:37:04 gtw01 kernel: [ 8729.881450] device tap384e0d36-26 left promiscuous mode
Nov  3 04:37:17 gtw01 dnsmasq[13775]: read /var/lib/neutron/dhcp/b3a0d62c-d18e-4f15-8115-2cd33c6ea019/addn_hosts - 1 addresses
Nov  3 04:37:17 gtw01 dnsmasq-dhcp[13775]: read /var/lib/neutron/dhcp/b3a0d62c-d18e-4f15-8115-2cd33c6ea019/host
Nov  3 04:37:17 gtw01 dnsmasq-dhcp[13775]: read /var/lib/neutron/dhcp/b3a0d62c-d18e-4f15-8115-2cd33c6ea019/opts
Nov  3 04:37:22 gtw01 kernel: [ 8747.530594] device tap94f417bc-df left promiscuous mode
Nov  3 04:37:32 gtw01 systemd-udevd[16615]: Could not generate persistent MAC address for tap405e7b59-20: No such file or directory
Nov  3 04:37:32 gtw01 kernel: [ 8757.594869] device tap405e7b59-20 entered promiscuous mode
Nov  3 04:37:32 gtw01 systemd-udevd[16615]: Process '/sbin/ip link set tap405e7b59-20 txqueuelen 10000' failed with exit code 1.
Nov  3 04:37:32 gtw01 systemd-udevd[16666]: Process '/sbin/ip link set tap405e7b59-20 txqueuelen 10000' failed with exit code 1.
Nov  3 04:37:35 gtw01 dnsmasq[16727]: started, version 2.80 cachesize 150
Nov  3 04:37:35 gtw01 dnsmasq[16727]: DNS service limited to local subnets
Nov  3 04:37:35 gtw01 dnsmasq[16727]: compile time options: IPv6 GNU-getopt DBus i18n IDN DHCP DHCPv6 no-Lua TFTP conntrack ipset auth DNSSEC loop-detect inotify dumpfile
Nov  3 04:37:35 gtw01 dnsmasq[16727]: warning: no upstream servers configured
Nov  3 04:37:35 gtw01 dnsmasq-dhcp[16727]: DHCP, static leases only on 192.168.120.0, lease time 1h
Nov  3 04:37:35 gtw01 dnsmasq[16727]: read /var/lib/neutron/dhcp/710b75eb-0335-4b00-86d0-15fe3a3a98b7/addn_hosts - 1 addresses
Nov  3 04:37:35 gtw01 dnsmasq-dhcp[16727]: read /var/lib/neutron/dhcp/710b75eb-0335-4b00-86d0-15fe3a3a98b7/host
Nov  3 04:37:35 gtw01 dnsmasq-dhcp[16727]: read /var/lib/neutron/dhcp/710b75eb-0335-4b00-86d0-15fe3a3a98b7/opts
Nov  3 04:37:35 gtw01 haproxy-metadata-proxy-710b75eb-0335-4b00-86d0-15fe3a3a98b7[16731]: Proxy listener started.
Nov  3 04:37:36 gtw01 dnsmasq[16727]: read /var/lib/neutron/dhcp/710b75eb-0335-4b00-86d0-15fe3a3a98b7/addn_hosts - 2 addresses
Nov  3 04:37:36 gtw01 dnsmasq-dhcp[16727]: read /var/lib/neutron/dhcp/710b75eb-0335-4b00-86d0-15fe3a3a98b7/host
Nov  3 04:37:36 gtw01 dnsmasq-dhcp[16727]: read /var/lib/neutron/dhcp/710b75eb-0335-4b00-86d0-15fe3a3a98b7/opts
Nov  3 04:37:37 gtw01 dnsmasq[16727]: read /var/lib/neutron/dhcp/710b75eb-0335-4b00-86d0-15fe3a3a98b7/addn_hosts - 2 addresses
Nov  3 04:37:37 gtw01 dnsmasq-dhcp[16727]: read /var/lib/neutron/dhcp/710b75eb-0335-4b00-86d0-15fe3a3a98b7/host
Nov  3 04:37:37 gtw01 dnsmasq-dhcp[16727]: read /var/lib/neutron/dhcp/710b75eb-0335-4b00-86d0-15fe3a3a98b7/opts
Nov  3 04:37:38 gtw01 dnsmasq[16727]: read /var/lib/neutron/dhcp/710b75eb-0335-4b00-86d0-15fe3a3a98b7/addn_hosts - 2 addresses
Nov  3 04:37:38 gtw01 dnsmasq-dhcp[16727]: read /var/lib/neutron/dhcp/710b75eb-0335-4b00-86d0-15fe3a3a98b7/host
Nov  3 04:37:38 gtw01 dnsmasq-dhcp[16727]: read /var/lib/neutron/dhcp/710b75eb-0335-4b00-86d0-15fe3a3a98b7/opts
Nov  3 04:37:39 gtw01 dnsmasq[16727]: read /var/lib/neutron/dhcp/710b75eb-0335-4b00-86d0-15fe3a3a98b7/addn_hosts - 2 addresses
Nov  3 04:37:39 gtw01 dnsmasq-dhcp[16727]: read /var/lib/neutron/dhcp/710b75eb-0335-4b00-86d0-15fe3a3a98b7/host
Nov  3 04:37:39 gtw01 dnsmasq-dhcp[16727]: read /var/lib/neutron/dhcp/710b75eb-0335-4b00-86d0-15fe3a3a98b7/opts
Nov  3 04:37:40 gtw01 dnsmasq[16727]: read /var/lib/neutron/dhcp/710b75eb-0335-4b00-86d0-15fe3a3a98b7/addn_hosts - 2 addresses
Nov  3 04:37:40 gtw01 dnsmasq-dhcp[16727]: read /var/lib/neutron/dhcp/710b75eb-0335-4b00-86d0-15fe3a3a98b7/host
Nov  3 04:37:40 gtw01 dnsmasq-dhcp[16727]: read /var/lib/neutron/dhcp/710b75eb-0335-4b00-86d0-15fe3a3a98b7/opts
Nov  3 04:38:19 gtw01 kernel: [ 8804.860126] device tapdfeb2f37-60 entered promiscuous mode
Nov  3 04:38:19 gtw01 systemd-udevd[16834]: Could not generate persistent MAC address for tapdfeb2f37-60: No such file or directory
Nov  3 04:38:19 gtw01 systemd-udevd[16834]: Process '/sbin/ip link set tapdfeb2f37-60 txqueuelen 10000' failed with exit code 1.
Nov  3 04:38:19 gtw01 systemd-udevd[16834]: Process '/sbin/ip link set tapdfeb2f37-60 txqueuelen 10000' failed with exit code 1.
Nov  3 04:38:23 gtw01 dnsmasq[16946]: started, version 2.80 cachesize 150
Nov  3 04:38:23 gtw01 dnsmasq[16946]: DNS service limited to local subnets
Nov  3 04:38:23 gtw01 dnsmasq[16946]: compile time options: IPv6 GNU-getopt DBus i18n IDN DHCP DHCPv6 no-Lua TFTP conntrack ipset auth DNSSEC loop-detect inotify dumpfile
Nov  3 04:38:23 gtw01 dnsmasq[16946]: warning: no upstream servers configured
Nov  3 04:38:23 gtw01 dnsmasq-dhcp[16946]: DHCP, static leases only on 192.168.120.0, lease time 1h
Nov  3 04:38:23 gtw01 dnsmasq[16946]: read /var/lib/neutron/dhcp/ab43274f-f9fc-4b8f-9d2b-8f30d562ceb8/addn_hosts - 1 addresses
Nov  3 04:38:23 gtw01 dnsmasq-dhcp[16946]: read /var/lib/neutron/dhcp/ab43274f-f9fc-4b8f-9d2b-8f30d562ceb8/host
Nov  3 04:38:23 gtw01 dnsmasq-dhcp[16946]: read /var/lib/neutron/dhcp/ab43274f-f9fc-4b8f-9d2b-8f30d562ceb8/opts
Nov  3 04:38:23 gtw01 haproxy-metadata-proxy-ab43274f-f9fc-4b8f-9d2b-8f30d562ceb8[16950]: Proxy listener started.
Nov  3 04:38:24 gtw01 dnsmasq[16946]: read /var/lib/neutron/dhcp/ab43274f-f9fc-4b8f-9d2b-8f30d562ceb8/addn_hosts - 2 addresses
Nov  3 04:38:24 gtw01 dnsmasq-dhcp[16946]: read /var/lib/neutron/dhcp/ab43274f-f9fc-4b8f-9d2b-8f30d562ceb8/host
Nov  3 04:38:24 gtw01 dnsmasq-dhcp[16946]: read /var/lib/neutron/dhcp/ab43274f-f9fc-4b8f-9d2b-8f30d562ceb8/opts
Nov  3 04:38:25 gtw01 dnsmasq[16946]: read /var/lib/neutron/dhcp/ab43274f-f9fc-4b8f-9d2b-8f30d562ceb8/addn_hosts - 2 addresses
Nov  3 04:38:25 gtw01 dnsmasq-dhcp[16946]: read /var/lib/neutron/dhcp/ab43274f-f9fc-4b8f-9d2b-8f30d562ceb8/host
Nov  3 04:38:25 gtw01 dnsmasq-dhcp[16946]: read /var/lib/neutron/dhcp/ab43274f-f9fc-4b8f-9d2b-8f30d562ceb8/opts
Nov  3 04:38:26 gtw01 dnsmasq[16946]: read /var/lib/neutron/dhcp/ab43274f-f9fc-4b8f-9d2b-8f30d562ceb8/addn_hosts - 2 addresses
Nov  3 04:38:26 gtw01 dnsmasq-dhcp[16946]: read /var/lib/neutron/dhcp/ab43274f-f9fc-4b8f-9d2b-8f30d562ceb8/host
Nov  3 04:38:26 gtw01 dnsmasq-dhcp[16946]: read /var/lib/neutron/dhcp/ab43274f-f9fc-4b8f-9d2b-8f30d562ceb8/opts
Nov  3 04:38:27 gtw01 dnsmasq[16946]: read /var/lib/neutron/dhcp/ab43274f-f9fc-4b8f-9d2b-8f30d562ceb8/addn_hosts - 2 addresses
Nov  3 04:38:27 gtw01 dnsmasq-dhcp[16946]: read /var/lib/neutron/dhcp/ab43274f-f9fc-4b8f-9d2b-8f30d562ceb8/host
Nov  3 04:38:27 gtw01 dnsmasq-dhcp[16946]: read /var/lib/neutron/dhcp/ab43274f-f9fc-4b8f-9d2b-8f30d562ceb8/opts
Nov  3 04:38:28 gtw01 dnsmasq[16946]: read /var/lib/neutron/dhcp/ab43274f-f9fc-4b8f-9d2b-8f30d562ceb8/addn_hosts - 3 addresses
Nov  3 04:38:28 gtw01 dnsmasq-dhcp[16946]: read /var/lib/neutron/dhcp/ab43274f-f9fc-4b8f-9d2b-8f30d562ceb8/host
Nov  3 04:38:28 gtw01 dnsmasq-dhcp[16946]: read /var/lib/neutron/dhcp/ab43274f-f9fc-4b8f-9d2b-8f30d562ceb8/opts
Nov  3 04:38:29 gtw01 dnsmasq[16946]: read /var/lib/neutron/dhcp/ab43274f-f9fc-4b8f-9d2b-8f30d562ceb8/addn_hosts - 3 addresses
Nov  3 04:38:29 gtw01 dnsmasq-dhcp[16946]: read /var/lib/neutron/dhcp/ab43274f-f9fc-4b8f-9d2b-8f30d562ceb8/host
Nov  3 04:38:29 gtw01 dnsmasq-dhcp[16946]: read /var/lib/neutron/dhcp/ab43274f-f9fc-4b8f-9d2b-8f30d562ceb8/opts
Nov  3 04:38:34 gtw01 dnsmasq[16946]: read /var/lib/neutron/dhcp/ab43274f-f9fc-4b8f-9d2b-8f30d562ceb8/addn_hosts - 4 addresses
Nov  3 04:38:34 gtw01 dnsmasq-dhcp[16946]: read /var/lib/neutron/dhcp/ab43274f-f9fc-4b8f-9d2b-8f30d562ceb8/host
Nov  3 04:38:34 gtw01 dnsmasq-dhcp[16946]: read /var/lib/neutron/dhcp/ab43274f-f9fc-4b8f-9d2b-8f30d562ceb8/opts
Nov  3 04:38:37 gtw01 dnsmasq[16946]: read /var/lib/neutron/dhcp/ab43274f-f9fc-4b8f-9d2b-8f30d562ceb8/addn_hosts - 4 addresses
Nov  3 04:38:37 gtw01 dnsmasq-dhcp[16946]: read /var/lib/neutron/dhcp/ab43274f-f9fc-4b8f-9d2b-8f30d562ceb8/host
Nov  3 04:38:37 gtw01 dnsmasq-dhcp[16946]: read /var/lib/neutron/dhcp/ab43274f-f9fc-4b8f-9d2b-8f30d562ceb8/opts
Nov  3 04:38:38 gtw01 dnsmasq[16946]: read /var/lib/neutron/dhcp/ab43274f-f9fc-4b8f-9d2b-8f30d562ceb8/addn_hosts - 4 addresses
Nov  3 04:38:38 gtw01 dnsmasq-dhcp[16946]: read /var/lib/neutron/dhcp/ab43274f-f9fc-4b8f-9d2b-8f30d562ceb8/host
Nov  3 04:38:38 gtw01 dnsmasq-dhcp[16946]: read /var/lib/neutron/dhcp/ab43274f-f9fc-4b8f-9d2b-8f30d562ceb8/opts
Nov  3 04:38:43 gtw01 dnsmasq[16946]: read /var/lib/neutron/dhcp/ab43274f-f9fc-4b8f-9d2b-8f30d562ceb8/addn_hosts - 4 addresses
Nov  3 04:38:43 gtw01 dnsmasq-dhcp[16946]: read /var/lib/neutron/dhcp/ab43274f-f9fc-4b8f-9d2b-8f30d562ceb8/host
Nov  3 04:38:43 gtw01 dnsmasq-dhcp[16946]: read /var/lib/neutron/dhcp/ab43274f-f9fc-4b8f-9d2b-8f30d562ceb8/opts
Nov  3 04:38:44 gtw01 dnsmasq[16946]: read /var/lib/neutron/dhcp/ab43274f-f9fc-4b8f-9d2b-8f30d562ceb8/addn_hosts - 4 addresses
Nov  3 04:38:44 gtw01 dnsmasq-dhcp[16946]: read /var/lib/neutron/dhcp/ab43274f-f9fc-4b8f-9d2b-8f30d562ceb8/host
Nov  3 04:38:44 gtw01 dnsmasq-dhcp[16946]: read /var/lib/neutron/dhcp/ab43274f-f9fc-4b8f-9d2b-8f30d562ceb8/opts
Nov  3 04:38:52 gtw01 dnsmasq-dhcp[16946]: DHCPDISCOVER(tapdfeb2f37-60) fa:16:3e:33:1b:ea
Nov  3 04:38:52 gtw01 dnsmasq-dhcp[16946]: DHCPOFFER(tapdfeb2f37-60) 192.168.120.7 fa:16:3e:33:1b:ea
Nov  3 04:38:52 gtw01 dnsmasq-dhcp[16946]: DHCPREQUEST(tapdfeb2f37-60) 192.168.120.7 fa:16:3e:33:1b:ea
Nov  3 04:38:52 gtw01 dnsmasq-dhcp[16946]: DHCPACK(tapdfeb2f37-60) 192.168.120.7 fa:16:3e:33:1b:ea host-192-168-120-7
Nov  3 04:38:57 gtw01 dnsmasq-dhcp[16946]: DHCPDISCOVER(tapdfeb2f37-60) fa:16:3e:5e:5f:c1
Nov  3 04:38:57 gtw01 dnsmasq-dhcp[16946]: DHCPOFFER(tapdfeb2f37-60) 192.168.120.5 fa:16:3e:5e:5f:c1
Nov  3 04:38:57 gtw01 dnsmasq-dhcp[16946]: DHCPREQUEST(tapdfeb2f37-60) 192.168.120.5 fa:16:3e:5e:5f:c1
Nov  3 04:38:57 gtw01 dnsmasq-dhcp[16946]: DHCPACK(tapdfeb2f37-60) 192.168.120.5 fa:16:3e:5e:5f:c1 host-192-168-120-5
