Nov  3 03:36:21 gtw01 dnsmasq[11427]: started, version 2.80 cachesize 150
Nov  3 03:36:21 gtw01 dnsmasq[11427]: DNS service limited to local subnets
Nov  3 03:36:21 gtw01 dnsmasq[11427]: compile time options: IPv6 GNU-getopt DBus i18n IDN DHCP DHCPv6 no-Lua TFTP conntrack ipset auth DNSSEC loop-detect inotify dumpfile
Nov  3 03:36:21 gtw01 dnsmasq[11427]: warning: no upstream servers configured
Nov  3 03:36:21 gtw01 dnsmasq-dhcp[11427]: DHCP, static leases only on 192.168.120.0, lease time 1h
Nov  3 03:36:21 gtw01 dnsmasq[11427]: read /var/lib/neutron/dhcp/ddfb0320-d6d4-40ee-a502-27cfbbc374fb/addn_hosts - 1 addresses
Nov  3 03:36:21 gtw01 dnsmasq-dhcp[11427]: read /var/lib/neutron/dhcp/ddfb0320-d6d4-40ee-a502-27cfbbc374fb/host
Nov  3 03:36:21 gtw01 dnsmasq-dhcp[11427]: read /var/lib/neutron/dhcp/ddfb0320-d6d4-40ee-a502-27cfbbc374fb/opts
Nov  3 03:36:21 gtw01 haproxy-metadata-proxy-ddfb0320-d6d4-40ee-a502-27cfbbc374fb[11434]: Proxy listener started.
Nov  3 03:36:21 gtw01 dnsmasq-dhcp[10493]: DHCPRELEASE(tap985e48e8-b3) 192.168.120.8 fa:16:3e:9a:96:4b
Nov  3 03:36:21 gtw01 dnsmasq-dhcp[10493]: DHCPRELEASE(tap985e48e8-b3) 192.168.120.8 fa:16:3e:9a:96:4b unknown lease
Nov  3 03:36:21 gtw01 kernel: [ 5087.112023] device tapae01c0c8-e1 left promiscuous mode
Nov  3 03:36:22 gtw01 kernel: [ 5087.649130] device taped78e927-4d left promiscuous mode
Nov  3 03:36:22 gtw01 dnsmasq[10493]: read /var/lib/neutron/dhcp/9292a6f0-f7f3-47c7-9568-5803f8279db5/addn_hosts - 2 addresses
Nov  3 03:36:22 gtw01 dnsmasq-dhcp[10493]: read /var/lib/neutron/dhcp/9292a6f0-f7f3-47c7-9568-5803f8279db5/host
Nov  3 03:36:22 gtw01 dnsmasq-dhcp[10493]: read /var/lib/neutron/dhcp/9292a6f0-f7f3-47c7-9568-5803f8279db5/opts
Nov  3 03:36:31 gtw01 kernel: [ 5096.892290] device tapca32d4d9-07 entered promiscuous mode
Nov  3 03:36:31 gtw01 systemd-udevd[11502]: Could not generate persistent MAC address for tapca32d4d9-07: No such file or directory
Nov  3 03:36:31 gtw01 systemd-udevd[11548]: Process '/sbin/ip link set tapca32d4d9-07 txqueuelen 10000' failed with exit code 1.
Nov  3 03:36:31 gtw01 dnsmasq[10493]: read /var/lib/neutron/dhcp/9292a6f0-f7f3-47c7-9568-5803f8279db5/addn_hosts - 1 addresses
Nov  3 03:36:31 gtw01 dnsmasq-dhcp[10493]: read /var/lib/neutron/dhcp/9292a6f0-f7f3-47c7-9568-5803f8279db5/host
Nov  3 03:36:31 gtw01 dnsmasq-dhcp[10493]: read /var/lib/neutron/dhcp/9292a6f0-f7f3-47c7-9568-5803f8279db5/opts
Nov  3 03:36:33 gtw01 systemd-udevd[11605]: Could not generate persistent MAC address for tapc813eeb1-b8: No such file or directory
Nov  3 03:36:33 gtw01 kernel: [ 5098.486569] device tapc813eeb1-b8 entered promiscuous mode
Nov  3 03:36:33 gtw01 systemd-udevd[11652]: Process '/sbin/ip link set tapc813eeb1-b8 txqueuelen 10000' failed with exit code 1.
Nov  3 03:36:34 gtw01 kernel: [ 5099.819626] device tape0da1957-e8 entered promiscuous mode
Nov  3 03:36:34 gtw01 systemd-udevd[11713]: Could not generate persistent MAC address for tape0da1957-e8: No such file or directory
Nov  3 03:36:34 gtw01 systemd-udevd[11713]: Process '/sbin/ip link set tape0da1957-e8 txqueuelen 10000' failed with exit code 1.
Nov  3 03:36:34 gtw01 systemd-udevd[11713]: Process '/sbin/ip link set tape0da1957-e8 txqueuelen 10000' failed with exit code 1.
Nov  3 03:36:35 gtw01 dnsmasq[11813]: started, version 2.80 cachesize 150
Nov  3 03:36:35 gtw01 dnsmasq[11813]: DNS service limited to local subnets
Nov  3 03:36:35 gtw01 dnsmasq[11813]: compile time options: IPv6 GNU-getopt DBus i18n IDN DHCP DHCPv6 no-Lua TFTP conntrack ipset auth DNSSEC loop-detect inotify dumpfile
Nov  3 03:36:35 gtw01 dnsmasq[11813]: warning: no upstream servers configured
Nov  3 03:36:35 gtw01 dnsmasq-dhcp[11813]: DHCP, static leases only on 192.168.120.0, lease time 1h
Nov  3 03:36:35 gtw01 dnsmasq[11813]: read /var/lib/neutron/dhcp/2b7a49b4-dc72-478e-b0aa-817727adc454/addn_hosts - 1 addresses
Nov  3 03:36:35 gtw01 dnsmasq-dhcp[11813]: read /var/lib/neutron/dhcp/2b7a49b4-dc72-478e-b0aa-817727adc454/host
Nov  3 03:36:35 gtw01 dnsmasq-dhcp[11813]: read /var/lib/neutron/dhcp/2b7a49b4-dc72-478e-b0aa-817727adc454/opts
Nov  3 03:36:35 gtw01 haproxy-metadata-proxy-2b7a49b4-dc72-478e-b0aa-817727adc454[11824]: Proxy listener started.
Nov  3 03:36:36 gtw01 dnsmasq[11813]: read /var/lib/neutron/dhcp/2b7a49b4-dc72-478e-b0aa-817727adc454/addn_hosts - 1 addresses
Nov  3 03:36:36 gtw01 dnsmasq-dhcp[11813]: read /var/lib/neutron/dhcp/2b7a49b4-dc72-478e-b0aa-817727adc454/host
Nov  3 03:36:36 gtw01 dnsmasq-dhcp[11813]: read /var/lib/neutron/dhcp/2b7a49b4-dc72-478e-b0aa-817727adc454/opts
Nov  3 03:36:37 gtw01 kernel: [ 5102.392179] device tap985e48e8-b3 left promiscuous mode
Nov  3 03:36:38 gtw01 dnsmasq[11906]: started, version 2.80 cachesize 150
Nov  3 03:36:38 gtw01 dnsmasq[11906]: DNS service limited to local subnets
Nov  3 03:36:38 gtw01 dnsmasq[11906]: compile time options: IPv6 GNU-getopt DBus i18n IDN DHCP DHCPv6 no-Lua TFTP conntrack ipset auth DNSSEC loop-detect inotify dumpfile
Nov  3 03:36:38 gtw01 dnsmasq[11906]: warning: no upstream servers configured
Nov  3 03:36:38 gtw01 dnsmasq-dhcp[11906]: DHCP, static leases only on 192.168.120.0, lease time 1h
Nov  3 03:36:38 gtw01 dnsmasq[11906]: read /var/lib/neutron/dhcp/4d0146a8-5477-4fa8-91f5-bf7349c4ef4a/addn_hosts - 1 addresses
Nov  3 03:36:38 gtw01 dnsmasq-dhcp[11906]: read /var/lib/neutron/dhcp/4d0146a8-5477-4fa8-91f5-bf7349c4ef4a/host
Nov  3 03:36:38 gtw01 dnsmasq-dhcp[11906]: read /var/lib/neutron/dhcp/4d0146a8-5477-4fa8-91f5-bf7349c4ef4a/opts
Nov  3 03:36:38 gtw01 dnsmasq[11813]: read /var/lib/neutron/dhcp/2b7a49b4-dc72-478e-b0aa-817727adc454/addn_hosts - 1 addresses
Nov  3 03:36:38 gtw01 dnsmasq-dhcp[11813]: read /var/lib/neutron/dhcp/2b7a49b4-dc72-478e-b0aa-817727adc454/host
Nov  3 03:36:38 gtw01 dnsmasq-dhcp[11813]: read /var/lib/neutron/dhcp/2b7a49b4-dc72-478e-b0aa-817727adc454/opts
Nov  3 03:36:38 gtw01 haproxy-metadata-proxy-4d0146a8-5477-4fa8-91f5-bf7349c4ef4a[11919]: Proxy listener started.
Nov  3 03:36:38 gtw01 dnsmasq[11934]: started, version 2.80 cachesize 150
Nov  3 03:36:38 gtw01 dnsmasq[11934]: DNS service limited to local subnets
Nov  3 03:36:38 gtw01 dnsmasq[11934]: compile time options: IPv6 GNU-getopt DBus i18n IDN DHCP DHCPv6 no-Lua TFTP conntrack ipset auth DNSSEC loop-detect inotify dumpfile
Nov  3 03:36:38 gtw01 dnsmasq[11934]: warning: no upstream servers configured
Nov  3 03:36:38 gtw01 dnsmasq-dhcp[11934]: DHCP, static leases only on 192.168.120.0, lease time 1h
Nov  3 03:36:38 gtw01 dnsmasq[11934]: read /var/lib/neutron/dhcp/7beefe74-72dd-461b-86d9-7c06a81b338c/addn_hosts - 1 addresses
Nov  3 03:36:38 gtw01 dnsmasq-dhcp[11934]: read /var/lib/neutron/dhcp/7beefe74-72dd-461b-86d9-7c06a81b338c/host
Nov  3 03:36:38 gtw01 dnsmasq-dhcp[11934]: read /var/lib/neutron/dhcp/7beefe74-72dd-461b-86d9-7c06a81b338c/opts
Nov  3 03:36:39 gtw01 haproxy-metadata-proxy-7beefe74-72dd-461b-86d9-7c06a81b338c[11942]: Proxy listener started.
Nov  3 03:36:39 gtw01 dnsmasq[11813]: read /var/lib/neutron/dhcp/2b7a49b4-dc72-478e-b0aa-817727adc454/addn_hosts - 1 addresses
Nov  3 03:36:39 gtw01 dnsmasq-dhcp[11813]: read /var/lib/neutron/dhcp/2b7a49b4-dc72-478e-b0aa-817727adc454/host
Nov  3 03:36:39 gtw01 dnsmasq-dhcp[11813]: read /var/lib/neutron/dhcp/2b7a49b4-dc72-478e-b0aa-817727adc454/opts
Nov  3 03:36:39 gtw01 dnsmasq[11906]: read /var/lib/neutron/dhcp/4d0146a8-5477-4fa8-91f5-bf7349c4ef4a/addn_hosts - 1 addresses
Nov  3 03:36:39 gtw01 dnsmasq-dhcp[11906]: read /var/lib/neutron/dhcp/4d0146a8-5477-4fa8-91f5-bf7349c4ef4a/host
Nov  3 03:36:39 gtw01 dnsmasq-dhcp[11906]: read /var/lib/neutron/dhcp/4d0146a8-5477-4fa8-91f5-bf7349c4ef4a/opts
Nov  3 03:36:40 gtw01 dnsmasq[11934]: read /var/lib/neutron/dhcp/7beefe74-72dd-461b-86d9-7c06a81b338c/addn_hosts - 1 addresses
Nov  3 03:36:40 gtw01 dnsmasq-dhcp[11934]: read /var/lib/neutron/dhcp/7beefe74-72dd-461b-86d9-7c06a81b338c/host
Nov  3 03:36:40 gtw01 dnsmasq-dhcp[11934]: read /var/lib/neutron/dhcp/7beefe74-72dd-461b-86d9-7c06a81b338c/opts
Nov  3 03:36:40 gtw01 dnsmasq[11906]: read /var/lib/neutron/dhcp/4d0146a8-5477-4fa8-91f5-bf7349c4ef4a/addn_hosts - 1 addresses
Nov  3 03:36:40 gtw01 dnsmasq-dhcp[11906]: read /var/lib/neutron/dhcp/4d0146a8-5477-4fa8-91f5-bf7349c4ef4a/host
Nov  3 03:36:40 gtw01 dnsmasq-dhcp[11906]: read /var/lib/neutron/dhcp/4d0146a8-5477-4fa8-91f5-bf7349c4ef4a/opts
Nov  3 03:36:41 gtw01 dnsmasq[11934]: read /var/lib/neutron/dhcp/7beefe74-72dd-461b-86d9-7c06a81b338c/addn_hosts - 1 addresses
Nov  3 03:36:41 gtw01 dnsmasq-dhcp[11934]: read /var/lib/neutron/dhcp/7beefe74-72dd-461b-86d9-7c06a81b338c/host
Nov  3 03:36:41 gtw01 dnsmasq-dhcp[11934]: read /var/lib/neutron/dhcp/7beefe74-72dd-461b-86d9-7c06a81b338c/opts
Nov  3 03:36:41 gtw01 dnsmasq[11906]: read /var/lib/neutron/dhcp/4d0146a8-5477-4fa8-91f5-bf7349c4ef4a/addn_hosts - 2 addresses
Nov  3 03:36:41 gtw01 dnsmasq-dhcp[11906]: read /var/lib/neutron/dhcp/4d0146a8-5477-4fa8-91f5-bf7349c4ef4a/host
Nov  3 03:36:41 gtw01 dnsmasq-dhcp[11906]: read /var/lib/neutron/dhcp/4d0146a8-5477-4fa8-91f5-bf7349c4ef4a/opts
Nov  3 03:36:42 gtw01 kernel: [ 5107.639761] device tap2c98c73e-af entered promiscuous mode
Nov  3 03:36:42 gtw01 systemd-udevd[12059]: Could not generate persistent MAC address for tap2c98c73e-af: No such file or directory
Nov  3 03:36:42 gtw01 systemd-udevd[12059]: Process '/sbin/ip link set tap2c98c73e-af txqueuelen 10000' failed with exit code 1.
Nov  3 03:36:42 gtw01 systemd-udevd[12110]: Process '/sbin/ip link set tap2c98c73e-af txqueuelen 10000' failed with exit code 1.
Nov  3 03:36:42 gtw01 dnsmasq[11813]: read /var/lib/neutron/dhcp/2b7a49b4-dc72-478e-b0aa-817727adc454/addn_hosts - 2 addresses
Nov  3 03:36:42 gtw01 dnsmasq-dhcp[11813]: read /var/lib/neutron/dhcp/2b7a49b4-dc72-478e-b0aa-817727adc454/host
Nov  3 03:36:42 gtw01 dnsmasq-dhcp[11813]: read /var/lib/neutron/dhcp/2b7a49b4-dc72-478e-b0aa-817727adc454/opts
Nov  3 03:36:42 gtw01 dnsmasq[11934]: read /var/lib/neutron/dhcp/7beefe74-72dd-461b-86d9-7c06a81b338c/addn_hosts - 1 addresses
Nov  3 03:36:42 gtw01 dnsmasq-dhcp[11934]: read /var/lib/neutron/dhcp/7beefe74-72dd-461b-86d9-7c06a81b338c/host
Nov  3 03:36:42 gtw01 dnsmasq-dhcp[11934]: read /var/lib/neutron/dhcp/7beefe74-72dd-461b-86d9-7c06a81b338c/opts
Nov  3 03:36:43 gtw01 dnsmasq[11906]: read /var/lib/neutron/dhcp/4d0146a8-5477-4fa8-91f5-bf7349c4ef4a/addn_hosts - 2 addresses
Nov  3 03:36:43 gtw01 dnsmasq-dhcp[11906]: read /var/lib/neutron/dhcp/4d0146a8-5477-4fa8-91f5-bf7349c4ef4a/host
Nov  3 03:36:43 gtw01 dnsmasq-dhcp[11906]: read /var/lib/neutron/dhcp/4d0146a8-5477-4fa8-91f5-bf7349c4ef4a/opts
Nov  3 03:36:44 gtw01 dnsmasq[11813]: read /var/lib/neutron/dhcp/2b7a49b4-dc72-478e-b0aa-817727adc454/addn_hosts - 2 addresses
Nov  3 03:36:44 gtw01 dnsmasq-dhcp[11813]: read /var/lib/neutron/dhcp/2b7a49b4-dc72-478e-b0aa-817727adc454/host
Nov  3 03:36:44 gtw01 dnsmasq-dhcp[11813]: read /var/lib/neutron/dhcp/2b7a49b4-dc72-478e-b0aa-817727adc454/opts
Nov  3 03:36:45 gtw01 dnsmasq[11906]: read /var/lib/neutron/dhcp/4d0146a8-5477-4fa8-91f5-bf7349c4ef4a/addn_hosts - 2 addresses
Nov  3 03:36:45 gtw01 dnsmasq-dhcp[11906]: read /var/lib/neutron/dhcp/4d0146a8-5477-4fa8-91f5-bf7349c4ef4a/host
Nov  3 03:36:45 gtw01 dnsmasq-dhcp[11906]: read /var/lib/neutron/dhcp/4d0146a8-5477-4fa8-91f5-bf7349c4ef4a/opts
Nov  3 03:36:46 gtw01 dnsmasq[11906]: read /var/lib/neutron/dhcp/4d0146a8-5477-4fa8-91f5-bf7349c4ef4a/addn_hosts - 1 addresses
Nov  3 03:36:46 gtw01 dnsmasq-dhcp[11906]: read /var/lib/neutron/dhcp/4d0146a8-5477-4fa8-91f5-bf7349c4ef4a/host
Nov  3 03:36:46 gtw01 dnsmasq-dhcp[11906]: read /var/lib/neutron/dhcp/4d0146a8-5477-4fa8-91f5-bf7349c4ef4a/opts
Nov  3 03:36:46 gtw01 dnsmasq[11813]: read /var/lib/neutron/dhcp/2b7a49b4-dc72-478e-b0aa-817727adc454/addn_hosts - 1 addresses
Nov  3 03:36:46 gtw01 dnsmasq-dhcp[11813]: read /var/lib/neutron/dhcp/2b7a49b4-dc72-478e-b0aa-817727adc454/host
Nov  3 03:36:46 gtw01 dnsmasq-dhcp[11813]: read /var/lib/neutron/dhcp/2b7a49b4-dc72-478e-b0aa-817727adc454/opts
Nov  3 03:36:46 gtw01 dnsmasq[12274]: started, version 2.80 cachesize 150
Nov  3 03:36:46 gtw01 dnsmasq[12274]: DNS service limited to local subnets
Nov  3 03:36:46 gtw01 dnsmasq[12274]: compile time options: IPv6 GNU-getopt DBus i18n IDN DHCP DHCPv6 no-Lua TFTP conntrack ipset auth DNSSEC loop-detect inotify dumpfile
Nov  3 03:36:46 gtw01 dnsmasq[12274]: warning: no upstream servers configured
Nov  3 03:36:46 gtw01 dnsmasq-dhcp[12274]: DHCP, static leases only on 192.168.121.0, lease time 1h
Nov  3 03:36:46 gtw01 dnsmasq[12274]: read /var/lib/neutron/dhcp/730d6ec3-3a74-47fa-8a03-e4fc7db7ecce/addn_hosts - 1 addresses
Nov  3 03:36:46 gtw01 dnsmasq-dhcp[12274]: read /var/lib/neutron/dhcp/730d6ec3-3a74-47fa-8a03-e4fc7db7ecce/host
Nov  3 03:36:46 gtw01 dnsmasq-dhcp[12274]: read /var/lib/neutron/dhcp/730d6ec3-3a74-47fa-8a03-e4fc7db7ecce/opts
Nov  3 03:36:46 gtw01 haproxy-metadata-proxy-730d6ec3-3a74-47fa-8a03-e4fc7db7ecce[12283]: Proxy listener started.
Nov  3 03:36:47 gtw01 dnsmasq[12274]: read /var/lib/neutron/dhcp/730d6ec3-3a74-47fa-8a03-e4fc7db7ecce/addn_hosts - 1 addresses
Nov  3 03:36:47 gtw01 dnsmasq-dhcp[12274]: read /var/lib/neutron/dhcp/730d6ec3-3a74-47fa-8a03-e4fc7db7ecce/host
Nov  3 03:36:47 gtw01 dnsmasq-dhcp[12274]: read /var/lib/neutron/dhcp/730d6ec3-3a74-47fa-8a03-e4fc7db7ecce/opts
Nov  3 03:36:48 gtw01 dnsmasq[12274]: read /var/lib/neutron/dhcp/730d6ec3-3a74-47fa-8a03-e4fc7db7ecce/addn_hosts - 1 addresses
Nov  3 03:36:48 gtw01 dnsmasq-dhcp[12274]: read /var/lib/neutron/dhcp/730d6ec3-3a74-47fa-8a03-e4fc7db7ecce/host
Nov  3 03:36:48 gtw01 dnsmasq-dhcp[12274]: read /var/lib/neutron/dhcp/730d6ec3-3a74-47fa-8a03-e4fc7db7ecce/opts
Nov  3 03:36:49 gtw01 kernel: [ 5114.987142] device tap2c98c73e-af left promiscuous mode
Nov  3 03:36:52 gtw01 kernel: [ 5117.741675] device tape0da1957-e8 left promiscuous mode
Nov  3 03:36:53 gtw01 kernel: [ 5119.169296] device tapc813eeb1-b8 left promiscuous mode
Nov  3 03:36:57 gtw01 kernel: [ 5122.884453] device tapca32d4d9-07 left promiscuous mode
Nov  3 03:37:41 gtw01 dnsmasq[6178]: read /var/lib/neutron/dhcp/640827d8-7c39-4b67-b51b-c238e23ef776/addn_hosts - 1 addresses
Nov  3 03:37:41 gtw01 dnsmasq-dhcp[6178]: read /var/lib/neutron/dhcp/640827d8-7c39-4b67-b51b-c238e23ef776/host
Nov  3 03:37:41 gtw01 dnsmasq-dhcp[6178]: read /var/lib/neutron/dhcp/640827d8-7c39-4b67-b51b-c238e23ef776/opts
Nov  3 03:37:46 gtw01 kernel: [ 5171.585407] device tapa210f395-b5 left promiscuous mode
Nov  3 03:37:56 gtw01 kernel: [ 5181.546659] device tapef0975e4-ae entered promiscuous mode
Nov  3 03:37:56 gtw01 systemd-udevd[12402]: Could not generate persistent MAC address for tapef0975e4-ae: No such file or directory
Nov  3 03:37:56 gtw01 systemd-udevd[12402]: Process '/sbin/ip link set tapef0975e4-ae txqueuelen 10000' failed with exit code 1.
Nov  3 03:37:56 gtw01 systemd-udevd[12402]: Process '/sbin/ip link set tapef0975e4-ae txqueuelen 10000' failed with exit code 1.
Nov  3 03:37:59 gtw01 dnsmasq[12514]: started, version 2.80 cachesize 150
Nov  3 03:37:59 gtw01 dnsmasq[12514]: DNS service limited to local subnets
Nov  3 03:37:59 gtw01 dnsmasq[12514]: compile time options: IPv6 GNU-getopt DBus i18n IDN DHCP DHCPv6 no-Lua TFTP conntrack ipset auth DNSSEC loop-detect inotify dumpfile
Nov  3 03:37:59 gtw01 dnsmasq[12514]: warning: no upstream servers configured
Nov  3 03:37:59 gtw01 dnsmasq-dhcp[12514]: DHCP, static leases only on 192.168.120.0, lease time 1h
Nov  3 03:37:59 gtw01 dnsmasq[12514]: read /var/lib/neutron/dhcp/b8d47c75-7672-43c6-9cff-727534f7a0ef/addn_hosts - 1 addresses
Nov  3 03:37:59 gtw01 dnsmasq-dhcp[12514]: read /var/lib/neutron/dhcp/b8d47c75-7672-43c6-9cff-727534f7a0ef/host
Nov  3 03:37:59 gtw01 dnsmasq-dhcp[12514]: read /var/lib/neutron/dhcp/b8d47c75-7672-43c6-9cff-727534f7a0ef/opts
Nov  3 03:37:59 gtw01 haproxy-metadata-proxy-b8d47c75-7672-43c6-9cff-727534f7a0ef[12518]: Proxy listener started.
Nov  3 03:38:00 gtw01 dnsmasq[12514]: read /var/lib/neutron/dhcp/b8d47c75-7672-43c6-9cff-727534f7a0ef/addn_hosts - 2 addresses
Nov  3 03:38:00 gtw01 dnsmasq-dhcp[12514]: read /var/lib/neutron/dhcp/b8d47c75-7672-43c6-9cff-727534f7a0ef/host
Nov  3 03:38:00 gtw01 dnsmasq-dhcp[12514]: read /var/lib/neutron/dhcp/b8d47c75-7672-43c6-9cff-727534f7a0ef/opts
Nov  3 03:38:01 gtw01 dnsmasq[12514]: read /var/lib/neutron/dhcp/b8d47c75-7672-43c6-9cff-727534f7a0ef/addn_hosts - 2 addresses
Nov  3 03:38:01 gtw01 dnsmasq-dhcp[12514]: read /var/lib/neutron/dhcp/b8d47c75-7672-43c6-9cff-727534f7a0ef/host
Nov  3 03:38:01 gtw01 dnsmasq-dhcp[12514]: read /var/lib/neutron/dhcp/b8d47c75-7672-43c6-9cff-727534f7a0ef/opts
Nov  3 03:38:02 gtw01 dnsmasq[12514]: read /var/lib/neutron/dhcp/b8d47c75-7672-43c6-9cff-727534f7a0ef/addn_hosts - 2 addresses
Nov  3 03:38:02 gtw01 dnsmasq-dhcp[12514]: read /var/lib/neutron/dhcp/b8d47c75-7672-43c6-9cff-727534f7a0ef/host
Nov  3 03:38:02 gtw01 dnsmasq-dhcp[12514]: read /var/lib/neutron/dhcp/b8d47c75-7672-43c6-9cff-727534f7a0ef/opts
Nov  3 03:38:03 gtw01 dnsmasq[12514]: read /var/lib/neutron/dhcp/b8d47c75-7672-43c6-9cff-727534f7a0ef/addn_hosts - 2 addresses
Nov  3 03:38:03 gtw01 dnsmasq-dhcp[12514]: read /var/lib/neutron/dhcp/b8d47c75-7672-43c6-9cff-727534f7a0ef/host
Nov  3 03:38:03 gtw01 dnsmasq-dhcp[12514]: read /var/lib/neutron/dhcp/b8d47c75-7672-43c6-9cff-727534f7a0ef/opts
Nov  3 03:38:04 gtw01 dnsmasq[12514]: read /var/lib/neutron/dhcp/b8d47c75-7672-43c6-9cff-727534f7a0ef/addn_hosts - 2 addresses
Nov  3 03:38:04 gtw01 dnsmasq-dhcp[12514]: read /var/lib/neutron/dhcp/b8d47c75-7672-43c6-9cff-727534f7a0ef/host
Nov  3 03:38:04 gtw01 dnsmasq-dhcp[12514]: read /var/lib/neutron/dhcp/b8d47c75-7672-43c6-9cff-727534f7a0ef/opts
Nov  3 03:38:50 gtw01 kernel: [ 5235.851038] device tapa6936c9c-c2 entered promiscuous mode
Nov  3 03:38:50 gtw01 systemd-udevd[12622]: Could not generate persistent MAC address for tapa6936c9c-c2: No such file or directory
Nov  3 03:38:50 gtw01 systemd-udevd[12622]: Process '/sbin/ip link set tapa6936c9c-c2 txqueuelen 10000' failed with exit code 1.
Nov  3 03:38:50 gtw01 systemd-udevd[12672]: Process '/sbin/ip link set tapa6936c9c-c2 txqueuelen 10000' failed with exit code 1.
Nov  3 03:38:53 gtw01 dnsmasq[12736]: started, version 2.80 cachesize 150
Nov  3 03:38:53 gtw01 dnsmasq[12736]: DNS service limited to local subnets
Nov  3 03:38:53 gtw01 dnsmasq[12736]: compile time options: IPv6 GNU-getopt DBus i18n IDN DHCP DHCPv6 no-Lua TFTP conntrack ipset auth DNSSEC loop-detect inotify dumpfile
Nov  3 03:38:53 gtw01 dnsmasq[12736]: warning: no upstream servers configured
Nov  3 03:38:53 gtw01 dnsmasq-dhcp[12736]: DHCP, static leases only on 192.168.120.0, lease time 1h
Nov  3 03:38:53 gtw01 dnsmasq[12736]: read /var/lib/neutron/dhcp/112cd792-ab05-448b-b600-5b88bce5100d/addn_hosts - 1 addresses
Nov  3 03:38:53 gtw01 dnsmasq-dhcp[12736]: read /var/lib/neutron/dhcp/112cd792-ab05-448b-b600-5b88bce5100d/host
Nov  3 03:38:53 gtw01 dnsmasq-dhcp[12736]: read /var/lib/neutron/dhcp/112cd792-ab05-448b-b600-5b88bce5100d/opts
Nov  3 03:38:54 gtw01 haproxy-metadata-proxy-112cd792-ab05-448b-b600-5b88bce5100d[12744]: Proxy listener started.
Nov  3 03:38:54 gtw01 dnsmasq[12514]: read /var/lib/neutron/dhcp/b8d47c75-7672-43c6-9cff-727534f7a0ef/addn_hosts - 3 addresses
Nov  3 03:38:54 gtw01 dnsmasq-dhcp[12514]: read /var/lib/neutron/dhcp/b8d47c75-7672-43c6-9cff-727534f7a0ef/host
Nov  3 03:38:54 gtw01 dnsmasq-dhcp[12514]: read /var/lib/neutron/dhcp/b8d47c75-7672-43c6-9cff-727534f7a0ef/opts
Nov  3 03:38:54 gtw01 dnsmasq[12736]: read /var/lib/neutron/dhcp/112cd792-ab05-448b-b600-5b88bce5100d/addn_hosts - 2 addresses
Nov  3 03:38:54 gtw01 dnsmasq-dhcp[12736]: read /var/lib/neutron/dhcp/112cd792-ab05-448b-b600-5b88bce5100d/host
Nov  3 03:38:54 gtw01 dnsmasq-dhcp[12736]: read /var/lib/neutron/dhcp/112cd792-ab05-448b-b600-5b88bce5100d/opts
Nov  3 03:38:55 gtw01 dnsmasq[12514]: read /var/lib/neutron/dhcp/b8d47c75-7672-43c6-9cff-727534f7a0ef/addn_hosts - 3 addresses
Nov  3 03:38:55 gtw01 dnsmasq-dhcp[12514]: read /var/lib/neutron/dhcp/b8d47c75-7672-43c6-9cff-727534f7a0ef/host
Nov  3 03:38:55 gtw01 dnsmasq-dhcp[12514]: read /var/lib/neutron/dhcp/b8d47c75-7672-43c6-9cff-727534f7a0ef/opts
Nov  3 03:38:56 gtw01 dnsmasq[12736]: read /var/lib/neutron/dhcp/112cd792-ab05-448b-b600-5b88bce5100d/addn_hosts - 2 addresses
Nov  3 03:38:56 gtw01 dnsmasq-dhcp[12736]: read /var/lib/neutron/dhcp/112cd792-ab05-448b-b600-5b88bce5100d/host
Nov  3 03:38:56 gtw01 dnsmasq-dhcp[12736]: read /var/lib/neutron/dhcp/112cd792-ab05-448b-b600-5b88bce5100d/opts
Nov  3 03:38:56 gtw01 dnsmasq[12514]: read /var/lib/neutron/dhcp/b8d47c75-7672-43c6-9cff-727534f7a0ef/addn_hosts - 3 addresses
Nov  3 03:38:56 gtw01 dnsmasq-dhcp[12514]: read /var/lib/neutron/dhcp/b8d47c75-7672-43c6-9cff-727534f7a0ef/host
Nov  3 03:38:56 gtw01 dnsmasq-dhcp[12514]: read /var/lib/neutron/dhcp/b8d47c75-7672-43c6-9cff-727534f7a0ef/opts
Nov  3 03:38:57 gtw01 dnsmasq[12736]: read /var/lib/neutron/dhcp/112cd792-ab05-448b-b600-5b88bce5100d/addn_hosts - 2 addresses
Nov  3 03:38:57 gtw01 dnsmasq-dhcp[12736]: read /var/lib/neutron/dhcp/112cd792-ab05-448b-b600-5b88bce5100d/host
Nov  3 03:38:57 gtw01 dnsmasq-dhcp[12736]: read /var/lib/neutron/dhcp/112cd792-ab05-448b-b600-5b88bce5100d/opts
Nov  3 03:38:58 gtw01 dnsmasq[12736]: read /var/lib/neutron/dhcp/112cd792-ab05-448b-b600-5b88bce5100d/addn_hosts - 2 addresses
Nov  3 03:38:58 gtw01 dnsmasq-dhcp[12736]: read /var/lib/neutron/dhcp/112cd792-ab05-448b-b600-5b88bce5100d/host
Nov  3 03:38:58 gtw01 dnsmasq-dhcp[12736]: read /var/lib/neutron/dhcp/112cd792-ab05-448b-b600-5b88bce5100d/opts
Nov  3 03:38:58 gtw01 kernel: [ 5243.563086] device tapd1e5b233-ef entered promiscuous mode
Nov  3 03:38:58 gtw01 systemd-udevd[12869]: Could not generate persistent MAC address for tapd1e5b233-ef: No such file or directory
Nov  3 03:38:58 gtw01 systemd-udevd[12915]: Process '/sbin/ip link set tapd1e5b233-ef txqueuelen 10000' failed with exit code 1.
Nov  3 03:38:59 gtw01 dnsmasq[12736]: read /var/lib/neutron/dhcp/112cd792-ab05-448b-b600-5b88bce5100d/addn_hosts - 2 addresses
Nov  3 03:38:59 gtw01 dnsmasq-dhcp[12736]: read /var/lib/neutron/dhcp/112cd792-ab05-448b-b600-5b88bce5100d/host
Nov  3 03:38:59 gtw01 dnsmasq-dhcp[12736]: read /var/lib/neutron/dhcp/112cd792-ab05-448b-b600-5b88bce5100d/opts
Nov  3 03:38:59 gtw01 dnsmasq[12514]: read /var/lib/neutron/dhcp/b8d47c75-7672-43c6-9cff-727534f7a0ef/addn_hosts - 4 addresses
Nov  3 03:38:59 gtw01 dnsmasq-dhcp[12514]: read /var/lib/neutron/dhcp/b8d47c75-7672-43c6-9cff-727534f7a0ef/host
Nov  3 03:38:59 gtw01 dnsmasq-dhcp[12514]: read /var/lib/neutron/dhcp/b8d47c75-7672-43c6-9cff-727534f7a0ef/opts
Nov  3 03:39:00 gtw01 dnsmasq[12514]: read /var/lib/neutron/dhcp/b8d47c75-7672-43c6-9cff-727534f7a0ef/addn_hosts - 4 addresses
Nov  3 03:39:00 gtw01 dnsmasq-dhcp[12514]: read /var/lib/neutron/dhcp/b8d47c75-7672-43c6-9cff-727534f7a0ef/host
Nov  3 03:39:00 gtw01 dnsmasq-dhcp[12514]: read /var/lib/neutron/dhcp/b8d47c75-7672-43c6-9cff-727534f7a0ef/opts
Nov  3 03:39:01 gtw01 dnsmasq[12514]: read /var/lib/neutron/dhcp/b8d47c75-7672-43c6-9cff-727534f7a0ef/addn_hosts - 4 addresses
Nov  3 03:39:01 gtw01 dnsmasq-dhcp[12514]: read /var/lib/neutron/dhcp/b8d47c75-7672-43c6-9cff-727534f7a0ef/host
Nov  3 03:39:01 gtw01 dnsmasq-dhcp[12514]: read /var/lib/neutron/dhcp/b8d47c75-7672-43c6-9cff-727534f7a0ef/opts
Nov  3 03:39:02 gtw01 dnsmasq[13049]: started, version 2.80 cachesize 150
Nov  3 03:39:02 gtw01 dnsmasq[13049]: DNS service limited to local subnets
Nov  3 03:39:02 gtw01 dnsmasq[13049]: compile time options: IPv6 GNU-getopt DBus i18n IDN DHCP DHCPv6 no-Lua TFTP conntrack ipset auth DNSSEC loop-detect inotify dumpfile
Nov  3 03:39:02 gtw01 dnsmasq[13049]: warning: no upstream servers configured
Nov  3 03:39:02 gtw01 dnsmasq-dhcp[13049]: DHCP, static leases only on 192.168.120.0, lease time 1h
Nov  3 03:39:02 gtw01 dnsmasq[13049]: read /var/lib/neutron/dhcp/7decbbb8-7490-4a91-a87b-7bf73a221e29/addn_hosts - 1 addresses
Nov  3 03:39:02 gtw01 dnsmasq-dhcp[13049]: read /var/lib/neutron/dhcp/7decbbb8-7490-4a91-a87b-7bf73a221e29/host
Nov  3 03:39:02 gtw01 dnsmasq-dhcp[13049]: read /var/lib/neutron/dhcp/7decbbb8-7490-4a91-a87b-7bf73a221e29/opts
Nov  3 03:39:02 gtw01 haproxy-metadata-proxy-7decbbb8-7490-4a91-a87b-7bf73a221e29[13054]: Proxy listener started.
Nov  3 03:39:03 gtw01 dnsmasq[13049]: read /var/lib/neutron/dhcp/7decbbb8-7490-4a91-a87b-7bf73a221e29/addn_hosts - 2 addresses
Nov  3 03:39:03 gtw01 dnsmasq-dhcp[13049]: read /var/lib/neutron/dhcp/7decbbb8-7490-4a91-a87b-7bf73a221e29/host
Nov  3 03:39:03 gtw01 dnsmasq-dhcp[13049]: read /var/lib/neutron/dhcp/7decbbb8-7490-4a91-a87b-7bf73a221e29/opts
Nov  3 03:39:04 gtw01 dnsmasq[13049]: read /var/lib/neutron/dhcp/7decbbb8-7490-4a91-a87b-7bf73a221e29/addn_hosts - 2 addresses
Nov  3 03:39:04 gtw01 dnsmasq-dhcp[13049]: read /var/lib/neutron/dhcp/7decbbb8-7490-4a91-a87b-7bf73a221e29/host
Nov  3 03:39:04 gtw01 dnsmasq-dhcp[13049]: read /var/lib/neutron/dhcp/7decbbb8-7490-4a91-a87b-7bf73a221e29/opts
Nov  3 03:39:05 gtw01 dnsmasq[13049]: read /var/lib/neutron/dhcp/7decbbb8-7490-4a91-a87b-7bf73a221e29/addn_hosts - 2 addresses
Nov  3 03:39:05 gtw01 dnsmasq-dhcp[13049]: read /var/lib/neutron/dhcp/7decbbb8-7490-4a91-a87b-7bf73a221e29/host
Nov  3 03:39:05 gtw01 dnsmasq-dhcp[13049]: read /var/lib/neutron/dhcp/7decbbb8-7490-4a91-a87b-7bf73a221e29/opts
Nov  3 03:39:06 gtw01 dnsmasq[13049]: read /var/lib/neutron/dhcp/7decbbb8-7490-4a91-a87b-7bf73a221e29/addn_hosts - 2 addresses
Nov  3 03:39:06 gtw01 dnsmasq-dhcp[13049]: read /var/lib/neutron/dhcp/7decbbb8-7490-4a91-a87b-7bf73a221e29/host
Nov  3 03:39:06 gtw01 dnsmasq-dhcp[13049]: read /var/lib/neutron/dhcp/7decbbb8-7490-4a91-a87b-7bf73a221e29/opts
Nov  3 03:39:06 gtw01 dnsmasq[12514]: read /var/lib/neutron/dhcp/b8d47c75-7672-43c6-9cff-727534f7a0ef/addn_hosts - 3 addresses
Nov  3 03:39:06 gtw01 dnsmasq-dhcp[12514]: read /var/lib/neutron/dhcp/b8d47c75-7672-43c6-9cff-727534f7a0ef/host
Nov  3 03:39:06 gtw01 dnsmasq-dhcp[12514]: read /var/lib/neutron/dhcp/b8d47c75-7672-43c6-9cff-727534f7a0ef/opts
Nov  3 03:39:07 gtw01 dnsmasq[13049]: read /var/lib/neutron/dhcp/7decbbb8-7490-4a91-a87b-7bf73a221e29/addn_hosts - 2 addresses
Nov  3 03:39:07 gtw01 dnsmasq-dhcp[13049]: read /var/lib/neutron/dhcp/7decbbb8-7490-4a91-a87b-7bf73a221e29/host
Nov  3 03:39:07 gtw01 dnsmasq-dhcp[13049]: read /var/lib/neutron/dhcp/7decbbb8-7490-4a91-a87b-7bf73a221e29/opts
Nov  3 03:39:08 gtw01 dnsmasq[12514]: read /var/lib/neutron/dhcp/b8d47c75-7672-43c6-9cff-727534f7a0ef/addn_hosts - 2 addresses
Nov  3 03:39:08 gtw01 dnsmasq-dhcp[12514]: read /var/lib/neutron/dhcp/b8d47c75-7672-43c6-9cff-727534f7a0ef/host
Nov  3 03:39:08 gtw01 dnsmasq-dhcp[12514]: read /var/lib/neutron/dhcp/b8d47c75-7672-43c6-9cff-727534f7a0ef/opts
Nov  3 03:39:11 gtw01 dnsmasq[12736]: read /var/lib/neutron/dhcp/112cd792-ab05-448b-b600-5b88bce5100d/addn_hosts - 3 addresses
Nov  3 03:39:11 gtw01 dnsmasq-dhcp[12736]: read /var/lib/neutron/dhcp/112cd792-ab05-448b-b600-5b88bce5100d/host
Nov  3 03:39:11 gtw01 dnsmasq-dhcp[12736]: read /var/lib/neutron/dhcp/112cd792-ab05-448b-b600-5b88bce5100d/opts
Nov  3 03:39:12 gtw01 dnsmasq[12514]: read /var/lib/neutron/dhcp/b8d47c75-7672-43c6-9cff-727534f7a0ef/addn_hosts - 3 addresses
Nov  3 03:39:12 gtw01 dnsmasq-dhcp[12514]: read /var/lib/neutron/dhcp/b8d47c75-7672-43c6-9cff-727534f7a0ef/host
Nov  3 03:39:12 gtw01 dnsmasq-dhcp[12514]: read /var/lib/neutron/dhcp/b8d47c75-7672-43c6-9cff-727534f7a0ef/opts
Nov  3 03:39:12 gtw01 dnsmasq[12736]: read /var/lib/neutron/dhcp/112cd792-ab05-448b-b600-5b88bce5100d/addn_hosts - 3 addresses
Nov  3 03:39:12 gtw01 dnsmasq-dhcp[12736]: read /var/lib/neutron/dhcp/112cd792-ab05-448b-b600-5b88bce5100d/host
Nov  3 03:39:12 gtw01 dnsmasq-dhcp[12736]: read /var/lib/neutron/dhcp/112cd792-ab05-448b-b600-5b88bce5100d/opts
Nov  3 03:39:13 gtw01 dnsmasq[12514]: read /var/lib/neutron/dhcp/b8d47c75-7672-43c6-9cff-727534f7a0ef/addn_hosts - 3 addresses
Nov  3 03:39:13 gtw01 dnsmasq-dhcp[12514]: read /var/lib/neutron/dhcp/b8d47c75-7672-43c6-9cff-727534f7a0ef/host
Nov  3 03:39:13 gtw01 dnsmasq-dhcp[12514]: read /var/lib/neutron/dhcp/b8d47c75-7672-43c6-9cff-727534f7a0ef/opts
Nov  3 03:39:14 gtw01 dnsmasq[12736]: read /var/lib/neutron/dhcp/112cd792-ab05-448b-b600-5b88bce5100d/addn_hosts - 3 addresses
Nov  3 03:39:14 gtw01 dnsmasq-dhcp[12736]: read /var/lib/neutron/dhcp/112cd792-ab05-448b-b600-5b88bce5100d/host
Nov  3 03:39:14 gtw01 dnsmasq-dhcp[12736]: read /var/lib/neutron/dhcp/112cd792-ab05-448b-b600-5b88bce5100d/opts
Nov  3 03:39:14 gtw01 dnsmasq[12514]: read /var/lib/neutron/dhcp/b8d47c75-7672-43c6-9cff-727534f7a0ef/addn_hosts - 3 addresses
Nov  3 03:39:14 gtw01 dnsmasq-dhcp[12514]: read /var/lib/neutron/dhcp/b8d47c75-7672-43c6-9cff-727534f7a0ef/host
Nov  3 03:39:14 gtw01 dnsmasq-dhcp[12514]: read /var/lib/neutron/dhcp/b8d47c75-7672-43c6-9cff-727534f7a0ef/opts
Nov  3 03:39:22 gtw01 dnsmasq[12514]: read /var/lib/neutron/dhcp/b8d47c75-7672-43c6-9cff-727534f7a0ef/addn_hosts - 2 addresses
Nov  3 03:39:22 gtw01 dnsmasq-dhcp[12514]: read /var/lib/neutron/dhcp/b8d47c75-7672-43c6-9cff-727534f7a0ef/host
Nov  3 03:39:22 gtw01 dnsmasq-dhcp[12514]: read /var/lib/neutron/dhcp/b8d47c75-7672-43c6-9cff-727534f7a0ef/opts
Nov  3 03:39:28 gtw01 dnsmasq-dhcp[12736]: DHCPDISCOVER(tapa6936c9c-c2) fa:16:3e:a3:21:25
Nov  3 03:39:28 gtw01 dnsmasq-dhcp[12736]: DHCPOFFER(tapa6936c9c-c2) 192.168.120.3 fa:16:3e:a3:21:25
Nov  3 03:39:28 gtw01 dnsmasq-dhcp[12736]: DHCPREQUEST(tapa6936c9c-c2) 192.168.120.3 fa:16:3e:a3:21:25
Nov  3 03:39:28 gtw01 dnsmasq-dhcp[12736]: DHCPACK(tapa6936c9c-c2) 192.168.120.3 fa:16:3e:a3:21:25 host-192-168-120-3
Nov  3 03:39:32 gtw01 dnsmasq[12514]: read /var/lib/neutron/dhcp/b8d47c75-7672-43c6-9cff-727534f7a0ef/addn_hosts - 3 addresses
Nov  3 03:39:32 gtw01 dnsmasq-dhcp[12514]: read /var/lib/neutron/dhcp/b8d47c75-7672-43c6-9cff-727534f7a0ef/host
Nov  3 03:39:32 gtw01 dnsmasq-dhcp[12514]: read /var/lib/neutron/dhcp/b8d47c75-7672-43c6-9cff-727534f7a0ef/opts
Nov  3 03:39:33 gtw01 dnsmasq[12514]: read /var/lib/neutron/dhcp/b8d47c75-7672-43c6-9cff-727534f7a0ef/addn_hosts - 3 addresses
Nov  3 03:39:33 gtw01 dnsmasq-dhcp[12514]: read /var/lib/neutron/dhcp/b8d47c75-7672-43c6-9cff-727534f7a0ef/host
Nov  3 03:39:33 gtw01 dnsmasq-dhcp[12514]: read /var/lib/neutron/dhcp/b8d47c75-7672-43c6-9cff-727534f7a0ef/opts
Nov  3 03:39:34 gtw01 dnsmasq[12514]: read /var/lib/neutron/dhcp/b8d47c75-7672-43c6-9cff-727534f7a0ef/addn_hosts - 3 addresses
Nov  3 03:39:34 gtw01 dnsmasq-dhcp[12514]: read /var/lib/neutron/dhcp/b8d47c75-7672-43c6-9cff-727534f7a0ef/host
Nov  3 03:39:34 gtw01 dnsmasq-dhcp[12514]: read /var/lib/neutron/dhcp/b8d47c75-7672-43c6-9cff-727534f7a0ef/opts
Nov  3 03:39:39 gtw01 dnsmasq-dhcp[12736]: DHCPRELEASE(tapa6936c9c-c2) 192.168.120.3 fa:16:3e:a3:21:25
Nov  3 03:39:39 gtw01 dnsmasq-dhcp[12736]: DHCPRELEASE(tapa6936c9c-c2) 192.168.120.3 fa:16:3e:a3:21:25 unknown lease
Nov  3 03:39:40 gtw01 dnsmasq[12736]: read /var/lib/neutron/dhcp/112cd792-ab05-448b-b600-5b88bce5100d/addn_hosts - 2 addresses
Nov  3 03:39:40 gtw01 dnsmasq-dhcp[12736]: read /var/lib/neutron/dhcp/112cd792-ab05-448b-b600-5b88bce5100d/host
Nov  3 03:39:40 gtw01 dnsmasq-dhcp[12736]: read /var/lib/neutron/dhcp/112cd792-ab05-448b-b600-5b88bce5100d/opts
Nov  3 03:39:41 gtw01 dnsmasq[12736]: read /var/lib/neutron/dhcp/112cd792-ab05-448b-b600-5b88bce5100d/addn_hosts - 3 addresses
Nov  3 03:39:41 gtw01 dnsmasq-dhcp[12736]: read /var/lib/neutron/dhcp/112cd792-ab05-448b-b600-5b88bce5100d/host
Nov  3 03:39:41 gtw01 dnsmasq-dhcp[12736]: read /var/lib/neutron/dhcp/112cd792-ab05-448b-b600-5b88bce5100d/opts
Nov  3 03:39:42 gtw01 dnsmasq[12736]: read /var/lib/neutron/dhcp/112cd792-ab05-448b-b600-5b88bce5100d/addn_hosts - 3 addresses
Nov  3 03:39:42 gtw01 dnsmasq-dhcp[12736]: read /var/lib/neutron/dhcp/112cd792-ab05-448b-b600-5b88bce5100d/host
Nov  3 03:39:42 gtw01 dnsmasq-dhcp[12736]: read /var/lib/neutron/dhcp/112cd792-ab05-448b-b600-5b88bce5100d/opts
Nov  3 03:39:43 gtw01 dnsmasq[12736]: read /var/lib/neutron/dhcp/112cd792-ab05-448b-b600-5b88bce5100d/addn_hosts - 3 addresses
Nov  3 03:39:43 gtw01 dnsmasq-dhcp[12736]: read /var/lib/neutron/dhcp/112cd792-ab05-448b-b600-5b88bce5100d/host
Nov  3 03:39:43 gtw01 dnsmasq-dhcp[12736]: read /var/lib/neutron/dhcp/112cd792-ab05-448b-b600-5b88bce5100d/opts
Nov  3 03:39:43 gtw01 dnsmasq[12514]: read /var/lib/neutron/dhcp/b8d47c75-7672-43c6-9cff-727534f7a0ef/addn_hosts - 4 addresses
Nov  3 03:39:43 gtw01 dnsmasq-dhcp[12514]: read /var/lib/neutron/dhcp/b8d47c75-7672-43c6-9cff-727534f7a0ef/host
Nov  3 03:39:43 gtw01 dnsmasq-dhcp[12514]: read /var/lib/neutron/dhcp/b8d47c75-7672-43c6-9cff-727534f7a0ef/opts
Nov  3 03:39:44 gtw01 dnsmasq[12514]: read /var/lib/neutron/dhcp/b8d47c75-7672-43c6-9cff-727534f7a0ef/addn_hosts - 4 addresses
Nov  3 03:39:44 gtw01 dnsmasq-dhcp[12514]: read /var/lib/neutron/dhcp/b8d47c75-7672-43c6-9cff-727534f7a0ef/host
Nov  3 03:39:44 gtw01 dnsmasq-dhcp[12514]: read /var/lib/neutron/dhcp/b8d47c75-7672-43c6-9cff-727534f7a0ef/opts
Nov  3 03:39:45 gtw01 dnsmasq[12514]: read /var/lib/neutron/dhcp/b8d47c75-7672-43c6-9cff-727534f7a0ef/addn_hosts - 4 addresses
Nov  3 03:39:45 gtw01 dnsmasq-dhcp[12514]: read /var/lib/neutron/dhcp/b8d47c75-7672-43c6-9cff-727534f7a0ef/host
Nov  3 03:39:45 gtw01 dnsmasq-dhcp[12514]: read /var/lib/neutron/dhcp/b8d47c75-7672-43c6-9cff-727534f7a0ef/opts
Nov  3 03:39:46 gtw01 dnsmasq-dhcp[12514]: DHCPDISCOVER(tapef0975e4-ae) fa:16:3e:85:1f:ac
Nov  3 03:39:46 gtw01 dnsmasq-dhcp[12514]: DHCPOFFER(tapef0975e4-ae) 192.168.120.3 fa:16:3e:85:1f:ac
Nov  3 03:39:46 gtw01 dnsmasq-dhcp[12514]: DHCPREQUEST(tapef0975e4-ae) 192.168.120.3 fa:16:3e:85:1f:ac
Nov  3 03:39:46 gtw01 dnsmasq-dhcp[12514]: DHCPACK(tapef0975e4-ae) 192.168.120.3 fa:16:3e:85:1f:ac host-192-168-120-3
Nov  3 03:39:55 gtw01 dnsmasq-dhcp[12736]: DHCPDISCOVER(tapa6936c9c-c2) fa:16:3e:9a:5c:31
Nov  3 03:39:55 gtw01 dnsmasq-dhcp[12736]: DHCPOFFER(tapa6936c9c-c2) 192.168.120.5 fa:16:3e:9a:5c:31
Nov  3 03:39:55 gtw01 dnsmasq-dhcp[12736]: DHCPREQUEST(tapa6936c9c-c2) 192.168.120.5 fa:16:3e:9a:5c:31
Nov  3 03:39:55 gtw01 dnsmasq-dhcp[12736]: DHCPACK(tapa6936c9c-c2) 192.168.120.5 fa:16:3e:9a:5c:31 host-192-168-120-5
Nov  3 03:40:01 gtw01 dnsmasq-dhcp[12736]: DHCPRELEASE(tapa6936c9c-c2) 192.168.120.5 fa:16:3e:9a:5c:31
Nov  3 03:40:01 gtw01 dnsmasq-dhcp[12736]: DHCPRELEASE(tapa6936c9c-c2) 192.168.120.5 fa:16:3e:9a:5c:31 unknown lease
Nov  3 03:40:02 gtw01 dnsmasq[12736]: read /var/lib/neutron/dhcp/112cd792-ab05-448b-b600-5b88bce5100d/addn_hosts - 2 addresses
Nov  3 03:40:02 gtw01 dnsmasq-dhcp[12736]: read /var/lib/neutron/dhcp/112cd792-ab05-448b-b600-5b88bce5100d/host
Nov  3 03:40:02 gtw01 dnsmasq-dhcp[12736]: read /var/lib/neutron/dhcp/112cd792-ab05-448b-b600-5b88bce5100d/opts
Nov  3 03:40:06 gtw01 dnsmasq[12514]: read /var/lib/neutron/dhcp/b8d47c75-7672-43c6-9cff-727534f7a0ef/addn_hosts - 3 addresses
Nov  3 03:40:06 gtw01 dnsmasq-dhcp[12514]: read /var/lib/neutron/dhcp/b8d47c75-7672-43c6-9cff-727534f7a0ef/host
Nov  3 03:40:06 gtw01 dnsmasq-dhcp[12514]: read /var/lib/neutron/dhcp/b8d47c75-7672-43c6-9cff-727534f7a0ef/opts
Nov  3 03:40:06 gtw01 dnsmasq[13049]: read /var/lib/neutron/dhcp/7decbbb8-7490-4a91-a87b-7bf73a221e29/addn_hosts - 1 addresses
Nov  3 03:40:06 gtw01 dnsmasq-dhcp[13049]: read /var/lib/neutron/dhcp/7decbbb8-7490-4a91-a87b-7bf73a221e29/host
Nov  3 03:40:06 gtw01 dnsmasq-dhcp[13049]: read /var/lib/neutron/dhcp/7decbbb8-7490-4a91-a87b-7bf73a221e29/opts
Nov  3 03:40:09 gtw01 dnsmasq-dhcp[12514]: DHCPRELEASE(tapef0975e4-ae) 192.168.120.3 fa:16:3e:85:1f:ac
Nov  3 03:40:09 gtw01 dnsmasq-dhcp[12514]: DHCPRELEASE(tapef0975e4-ae) 192.168.120.3 fa:16:3e:85:1f:ac unknown lease
Nov  3 03:40:10 gtw01 dnsmasq[12514]: read /var/lib/neutron/dhcp/b8d47c75-7672-43c6-9cff-727534f7a0ef/addn_hosts - 2 addresses
Nov  3 03:40:10 gtw01 dnsmasq-dhcp[12514]: read /var/lib/neutron/dhcp/b8d47c75-7672-43c6-9cff-727534f7a0ef/host
Nov  3 03:40:10 gtw01 dnsmasq-dhcp[12514]: read /var/lib/neutron/dhcp/b8d47c75-7672-43c6-9cff-727534f7a0ef/opts
Nov  3 03:40:11 gtw01 kernel: [ 5317.228597] device tapd1e5b233-ef left promiscuous mode
Nov  3 03:40:15 gtw01 dnsmasq[12736]: read /var/lib/neutron/dhcp/112cd792-ab05-448b-b600-5b88bce5100d/addn_hosts - 1 addresses
Nov  3 03:40:15 gtw01 dnsmasq-dhcp[12736]: read /var/lib/neutron/dhcp/112cd792-ab05-448b-b600-5b88bce5100d/host
Nov  3 03:40:15 gtw01 dnsmasq-dhcp[12736]: read /var/lib/neutron/dhcp/112cd792-ab05-448b-b600-5b88bce5100d/opts
Nov  3 03:40:20 gtw01 kernel: [ 5325.757130] device tapa6936c9c-c2 left promiscuous mode
Nov  3 03:40:22 gtw01 dnsmasq[12514]: read /var/lib/neutron/dhcp/b8d47c75-7672-43c6-9cff-727534f7a0ef/addn_hosts - 3 addresses
Nov  3 03:40:22 gtw01 dnsmasq-dhcp[12514]: read /var/lib/neutron/dhcp/b8d47c75-7672-43c6-9cff-727534f7a0ef/host
Nov  3 03:40:22 gtw01 dnsmasq-dhcp[12514]: read /var/lib/neutron/dhcp/b8d47c75-7672-43c6-9cff-727534f7a0ef/opts
Nov  3 03:40:23 gtw01 dnsmasq[12514]: read /var/lib/neutron/dhcp/b8d47c75-7672-43c6-9cff-727534f7a0ef/addn_hosts - 3 addresses
Nov  3 03:40:23 gtw01 dnsmasq-dhcp[12514]: read /var/lib/neutron/dhcp/b8d47c75-7672-43c6-9cff-727534f7a0ef/host
Nov  3 03:40:23 gtw01 dnsmasq-dhcp[12514]: read /var/lib/neutron/dhcp/b8d47c75-7672-43c6-9cff-727534f7a0ef/opts
Nov  3 03:40:24 gtw01 dnsmasq[12514]: read /var/lib/neutron/dhcp/b8d47c75-7672-43c6-9cff-727534f7a0ef/addn_hosts - 3 addresses
Nov  3 03:40:24 gtw01 dnsmasq-dhcp[12514]: read /var/lib/neutron/dhcp/b8d47c75-7672-43c6-9cff-727534f7a0ef/host
Nov  3 03:40:24 gtw01 dnsmasq-dhcp[12514]: read /var/lib/neutron/dhcp/b8d47c75-7672-43c6-9cff-727534f7a0ef/opts
Nov  3 03:40:37 gtw01 dnsmasq[12514]: read /var/lib/neutron/dhcp/b8d47c75-7672-43c6-9cff-727534f7a0ef/addn_hosts - 4 addresses
Nov  3 03:40:37 gtw01 dnsmasq-dhcp[12514]: read /var/lib/neutron/dhcp/b8d47c75-7672-43c6-9cff-727534f7a0ef/host
Nov  3 03:40:37 gtw01 dnsmasq-dhcp[12514]: read /var/lib/neutron/dhcp/b8d47c75-7672-43c6-9cff-727534f7a0ef/opts
Nov  3 03:40:38 gtw01 dnsmasq-dhcp[12514]: DHCPDISCOVER(tapef0975e4-ae) fa:16:3e:4e:92:d4
Nov  3 03:40:38 gtw01 dnsmasq-dhcp[12514]: DHCPOFFER(tapef0975e4-ae) 192.168.120.9 fa:16:3e:4e:92:d4
Nov  3 03:40:38 gtw01 dnsmasq-dhcp[12514]: DHCPREQUEST(tapef0975e4-ae) 192.168.120.9 fa:16:3e:4e:92:d4
Nov  3 03:40:38 gtw01 dnsmasq-dhcp[12514]: DHCPACK(tapef0975e4-ae) 192.168.120.9 fa:16:3e:4e:92:d4 host-192-168-120-9
Nov  3 03:40:38 gtw01 dnsmasq[12514]: read /var/lib/neutron/dhcp/b8d47c75-7672-43c6-9cff-727534f7a0ef/addn_hosts - 5 addresses
Nov  3 03:40:38 gtw01 dnsmasq-dhcp[12514]: read /var/lib/neutron/dhcp/b8d47c75-7672-43c6-9cff-727534f7a0ef/host
Nov  3 03:40:38 gtw01 dnsmasq-dhcp[12514]: read /var/lib/neutron/dhcp/b8d47c75-7672-43c6-9cff-727534f7a0ef/opts
Nov  3 03:40:39 gtw01 dnsmasq[12514]: read /var/lib/neutron/dhcp/b8d47c75-7672-43c6-9cff-727534f7a0ef/addn_hosts - 5 addresses
Nov  3 03:40:39 gtw01 dnsmasq-dhcp[12514]: read /var/lib/neutron/dhcp/b8d47c75-7672-43c6-9cff-727534f7a0ef/host
Nov  3 03:40:39 gtw01 dnsmasq-dhcp[12514]: read /var/lib/neutron/dhcp/b8d47c75-7672-43c6-9cff-727534f7a0ef/opts
Nov  3 03:40:40 gtw01 dnsmasq[12514]: read /var/lib/neutron/dhcp/b8d47c75-7672-43c6-9cff-727534f7a0ef/addn_hosts - 5 addresses
Nov  3 03:40:40 gtw01 dnsmasq-dhcp[12514]: read /var/lib/neutron/dhcp/b8d47c75-7672-43c6-9cff-727534f7a0ef/host
Nov  3 03:40:40 gtw01 dnsmasq-dhcp[12514]: read /var/lib/neutron/dhcp/b8d47c75-7672-43c6-9cff-727534f7a0ef/opts
Nov  3 03:40:41 gtw01 dnsmasq[12514]: read /var/lib/neutron/dhcp/b8d47c75-7672-43c6-9cff-727534f7a0ef/addn_hosts - 5 addresses
Nov  3 03:40:41 gtw01 dnsmasq-dhcp[12514]: read /var/lib/neutron/dhcp/b8d47c75-7672-43c6-9cff-727534f7a0ef/host
Nov  3 03:40:41 gtw01 dnsmasq-dhcp[12514]: read /var/lib/neutron/dhcp/b8d47c75-7672-43c6-9cff-727534f7a0ef/opts
Nov  3 03:40:42 gtw01 dnsmasq[12514]: read /var/lib/neutron/dhcp/b8d47c75-7672-43c6-9cff-727534f7a0ef/addn_hosts - 5 addresses
Nov  3 03:40:42 gtw01 dnsmasq-dhcp[12514]: read /var/lib/neutron/dhcp/b8d47c75-7672-43c6-9cff-727534f7a0ef/host
Nov  3 03:40:42 gtw01 dnsmasq-dhcp[12514]: read /var/lib/neutron/dhcp/b8d47c75-7672-43c6-9cff-727534f7a0ef/opts
Nov  3 03:40:56 gtw01 dnsmasq-dhcp[12514]: DHCPDISCOVER(tapef0975e4-ae) fa:16:3e:57:5e:0e
Nov  3 03:40:56 gtw01 dnsmasq-dhcp[12514]: DHCPOFFER(tapef0975e4-ae) 192.168.120.6 fa:16:3e:57:5e:0e
Nov  3 03:40:56 gtw01 dnsmasq-dhcp[12514]: DHCPREQUEST(tapef0975e4-ae) 192.168.120.6 fa:16:3e:57:5e:0e
Nov  3 03:40:56 gtw01 dnsmasq-dhcp[12514]: DHCPACK(tapef0975e4-ae) 192.168.120.6 fa:16:3e:57:5e:0e host-192-168-120-6
Nov  3 03:40:56 gtw01 dnsmasq[12514]: read /var/lib/neutron/dhcp/b8d47c75-7672-43c6-9cff-727534f7a0ef/addn_hosts - 6 addresses
Nov  3 03:40:56 gtw01 dnsmasq-dhcp[12514]: read /var/lib/neutron/dhcp/b8d47c75-7672-43c6-9cff-727534f7a0ef/host
Nov  3 03:40:56 gtw01 dnsmasq-dhcp[12514]: read /var/lib/neutron/dhcp/b8d47c75-7672-43c6-9cff-727534f7a0ef/opts
Nov  3 03:40:57 gtw01 dnsmasq[12514]: read /var/lib/neutron/dhcp/b8d47c75-7672-43c6-9cff-727534f7a0ef/addn_hosts - 7 addresses
Nov  3 03:40:57 gtw01 dnsmasq-dhcp[12514]: read /var/lib/neutron/dhcp/b8d47c75-7672-43c6-9cff-727534f7a0ef/host
Nov  3 03:40:57 gtw01 dnsmasq-dhcp[12514]: read /var/lib/neutron/dhcp/b8d47c75-7672-43c6-9cff-727534f7a0ef/opts
Nov  3 03:40:58 gtw01 dnsmasq[12514]: read /var/lib/neutron/dhcp/b8d47c75-7672-43c6-9cff-727534f7a0ef/addn_hosts - 7 addresses
Nov  3 03:40:58 gtw01 dnsmasq-dhcp[12514]: read /var/lib/neutron/dhcp/b8d47c75-7672-43c6-9cff-727534f7a0ef/host
Nov  3 03:40:58 gtw01 dnsmasq-dhcp[12514]: read /var/lib/neutron/dhcp/b8d47c75-7672-43c6-9cff-727534f7a0ef/opts
Nov  3 03:40:59 gtw01 dnsmasq-dhcp[12514]: DHCPDISCOVER(tapef0975e4-ae) fa:16:3e:69:a5:0e
Nov  3 03:40:59 gtw01 dnsmasq-dhcp[12514]: DHCPOFFER(tapef0975e4-ae) 192.168.120.7 fa:16:3e:69:a5:0e
Nov  3 03:40:59 gtw01 dnsmasq-dhcp[12514]: DHCPREQUEST(tapef0975e4-ae) 192.168.120.7 fa:16:3e:69:a5:0e
Nov  3 03:40:59 gtw01 dnsmasq-dhcp[12514]: DHCPACK(tapef0975e4-ae) 192.168.120.7 fa:16:3e:69:a5:0e host-192-168-120-7
Nov  3 03:40:59 gtw01 dnsmasq[12514]: read /var/lib/neutron/dhcp/b8d47c75-7672-43c6-9cff-727534f7a0ef/addn_hosts - 7 addresses
Nov  3 03:40:59 gtw01 dnsmasq-dhcp[12514]: read /var/lib/neutron/dhcp/b8d47c75-7672-43c6-9cff-727534f7a0ef/host
Nov  3 03:40:59 gtw01 dnsmasq-dhcp[12514]: read /var/lib/neutron/dhcp/b8d47c75-7672-43c6-9cff-727534f7a0ef/opts
Nov  3 03:41:00 gtw01 dnsmasq[12514]: read /var/lib/neutron/dhcp/b8d47c75-7672-43c6-9cff-727534f7a0ef/addn_hosts - 7 addresses
Nov  3 03:41:00 gtw01 dnsmasq-dhcp[12514]: read /var/lib/neutron/dhcp/b8d47c75-7672-43c6-9cff-727534f7a0ef/host
Nov  3 03:41:00 gtw01 dnsmasq-dhcp[12514]: read /var/lib/neutron/dhcp/b8d47c75-7672-43c6-9cff-727534f7a0ef/opts
Nov  3 03:41:01 gtw01 dnsmasq[12514]: read /var/lib/neutron/dhcp/b8d47c75-7672-43c6-9cff-727534f7a0ef/addn_hosts - 7 addresses
Nov  3 03:41:01 gtw01 dnsmasq-dhcp[12514]: read /var/lib/neutron/dhcp/b8d47c75-7672-43c6-9cff-727534f7a0ef/host
Nov  3 03:41:01 gtw01 dnsmasq-dhcp[12514]: read /var/lib/neutron/dhcp/b8d47c75-7672-43c6-9cff-727534f7a0ef/opts
Nov  3 03:41:09 gtw01 dnsmasq[12514]: read /var/lib/neutron/dhcp/b8d47c75-7672-43c6-9cff-727534f7a0ef/addn_hosts - 6 addresses
Nov  3 03:41:09 gtw01 dnsmasq-dhcp[12514]: read /var/lib/neutron/dhcp/b8d47c75-7672-43c6-9cff-727534f7a0ef/host
Nov  3 03:41:09 gtw01 dnsmasq-dhcp[12514]: read /var/lib/neutron/dhcp/b8d47c75-7672-43c6-9cff-727534f7a0ef/opts
Nov  3 03:41:10 gtw01 dnsmasq[12514]: read /var/lib/neutron/dhcp/b8d47c75-7672-43c6-9cff-727534f7a0ef/addn_hosts - 7 addresses
Nov  3 03:41:10 gtw01 dnsmasq-dhcp[12514]: read /var/lib/neutron/dhcp/b8d47c75-7672-43c6-9cff-727534f7a0ef/host
Nov  3 03:41:10 gtw01 dnsmasq-dhcp[12514]: read /var/lib/neutron/dhcp/b8d47c75-7672-43c6-9cff-727534f7a0ef/opts
Nov  3 03:41:11 gtw01 dnsmasq[12514]: read /var/lib/neutron/dhcp/b8d47c75-7672-43c6-9cff-727534f7a0ef/addn_hosts - 6 addresses
Nov  3 03:41:11 gtw01 dnsmasq-dhcp[12514]: read /var/lib/neutron/dhcp/b8d47c75-7672-43c6-9cff-727534f7a0ef/host
Nov  3 03:41:11 gtw01 dnsmasq-dhcp[12514]: read /var/lib/neutron/dhcp/b8d47c75-7672-43c6-9cff-727534f7a0ef/opts
Nov  3 03:41:12 gtw01 dnsmasq[12514]: read /var/lib/neutron/dhcp/b8d47c75-7672-43c6-9cff-727534f7a0ef/addn_hosts - 6 addresses
Nov  3 03:41:12 gtw01 dnsmasq-dhcp[12514]: read /var/lib/neutron/dhcp/b8d47c75-7672-43c6-9cff-727534f7a0ef/host
Nov  3 03:41:12 gtw01 dnsmasq-dhcp[12514]: read /var/lib/neutron/dhcp/b8d47c75-7672-43c6-9cff-727534f7a0ef/opts
Nov  3 03:41:13 gtw01 dnsmasq[12514]: read /var/lib/neutron/dhcp/b8d47c75-7672-43c6-9cff-727534f7a0ef/addn_hosts - 6 addresses
Nov  3 03:41:13 gtw01 dnsmasq-dhcp[12514]: read /var/lib/neutron/dhcp/b8d47c75-7672-43c6-9cff-727534f7a0ef/host
Nov  3 03:41:13 gtw01 dnsmasq-dhcp[12514]: read /var/lib/neutron/dhcp/b8d47c75-7672-43c6-9cff-727534f7a0ef/opts
Nov  3 03:41:14 gtw01 dnsmasq-dhcp[12514]: DHCPRELEASE(tapef0975e4-ae) 192.168.120.7 fa:16:3e:69:a5:0e
Nov  3 03:41:14 gtw01 dnsmasq-dhcp[12514]: DHCPRELEASE(tapef0975e4-ae) 192.168.120.7 fa:16:3e:69:a5:0e unknown lease
Nov  3 03:41:15 gtw01 dnsmasq[12514]: read /var/lib/neutron/dhcp/b8d47c75-7672-43c6-9cff-727534f7a0ef/addn_hosts - 5 addresses
Nov  3 03:41:15 gtw01 dnsmasq-dhcp[12514]: read /var/lib/neutron/dhcp/b8d47c75-7672-43c6-9cff-727534f7a0ef/host
Nov  3 03:41:15 gtw01 dnsmasq-dhcp[12514]: read /var/lib/neutron/dhcp/b8d47c75-7672-43c6-9cff-727534f7a0ef/opts
Nov  3 03:41:15 gtw01 dnsmasq-dhcp[12514]: DHCPRELEASE(tapef0975e4-ae) 192.168.120.6 fa:16:3e:57:5e:0e
Nov  3 03:41:16 gtw01 dnsmasq-dhcp[12514]: DHCPRELEASE(tapef0975e4-ae) 192.168.120.6 fa:16:3e:57:5e:0e unknown lease
Nov  3 03:41:17 gtw01 dnsmasq[12514]: read /var/lib/neutron/dhcp/b8d47c75-7672-43c6-9cff-727534f7a0ef/addn_hosts - 4 addresses
Nov  3 03:41:17 gtw01 dnsmasq-dhcp[12514]: read /var/lib/neutron/dhcp/b8d47c75-7672-43c6-9cff-727534f7a0ef/host
Nov  3 03:41:17 gtw01 dnsmasq-dhcp[12514]: read /var/lib/neutron/dhcp/b8d47c75-7672-43c6-9cff-727534f7a0ef/opts
Nov  3 03:41:17 gtw01 dnsmasq-dhcp[12514]: DHCPRELEASE(tapef0975e4-ae) 192.168.120.9 fa:16:3e:4e:92:d4
Nov  3 03:41:18 gtw01 dnsmasq-dhcp[12514]: DHCPRELEASE(tapef0975e4-ae) 192.168.120.9 fa:16:3e:4e:92:d4 unknown lease
Nov  3 03:41:18 gtw01 dnsmasq[12514]: read /var/lib/neutron/dhcp/b8d47c75-7672-43c6-9cff-727534f7a0ef/addn_hosts - 3 addresses
Nov  3 03:41:18 gtw01 dnsmasq-dhcp[12514]: read /var/lib/neutron/dhcp/b8d47c75-7672-43c6-9cff-727534f7a0ef/host
Nov  3 03:41:18 gtw01 dnsmasq-dhcp[12514]: read /var/lib/neutron/dhcp/b8d47c75-7672-43c6-9cff-727534f7a0ef/opts
Nov  3 03:41:25 gtw01 dnsmasq[12514]: read /var/lib/neutron/dhcp/b8d47c75-7672-43c6-9cff-727534f7a0ef/addn_hosts - 4 addresses
Nov  3 03:41:25 gtw01 dnsmasq-dhcp[12514]: read /var/lib/neutron/dhcp/b8d47c75-7672-43c6-9cff-727534f7a0ef/host
Nov  3 03:41:25 gtw01 dnsmasq-dhcp[12514]: read /var/lib/neutron/dhcp/b8d47c75-7672-43c6-9cff-727534f7a0ef/opts
Nov  3 03:41:26 gtw01 dnsmasq[12514]: read /var/lib/neutron/dhcp/b8d47c75-7672-43c6-9cff-727534f7a0ef/addn_hosts - 4 addresses
Nov  3 03:41:26 gtw01 dnsmasq-dhcp[12514]: read /var/lib/neutron/dhcp/b8d47c75-7672-43c6-9cff-727534f7a0ef/host
Nov  3 03:41:26 gtw01 dnsmasq-dhcp[12514]: read /var/lib/neutron/dhcp/b8d47c75-7672-43c6-9cff-727534f7a0ef/opts
Nov  3 03:41:27 gtw01 dnsmasq[12514]: read /var/lib/neutron/dhcp/b8d47c75-7672-43c6-9cff-727534f7a0ef/addn_hosts - 4 addresses
Nov  3 03:41:27 gtw01 dnsmasq-dhcp[12514]: read /var/lib/neutron/dhcp/b8d47c75-7672-43c6-9cff-727534f7a0ef/host
Nov  3 03:41:27 gtw01 dnsmasq-dhcp[12514]: read /var/lib/neutron/dhcp/b8d47c75-7672-43c6-9cff-727534f7a0ef/opts
Nov  3 03:41:27 gtw01 dnsmasq-dhcp[12514]: DHCPDISCOVER(tapef0975e4-ae) fa:16:3e:0e:99:a3
Nov  3 03:41:27 gtw01 dnsmasq-dhcp[12514]: DHCPOFFER(tapef0975e4-ae) 192.168.120.12 fa:16:3e:0e:99:a3
Nov  3 03:41:27 gtw01 dnsmasq-dhcp[12514]: DHCPREQUEST(tapef0975e4-ae) 192.168.120.12 fa:16:3e:0e:99:a3
Nov  3 03:41:27 gtw01 dnsmasq-dhcp[12514]: DHCPACK(tapef0975e4-ae) 192.168.120.12 fa:16:3e:0e:99:a3 host-192-168-120-12
Nov  3 03:41:30 gtw01 kernel: [ 5396.007117] device tapdf52acb0-4d entered promiscuous mode
Nov  3 03:41:30 gtw01 systemd-udevd[14026]: Could not generate persistent MAC address for tapdf52acb0-4d: No such file or directory
Nov  3 03:41:30 gtw01 systemd-udevd[14026]: Process '/sbin/ip link set tapdf52acb0-4d txqueuelen 10000' failed with exit code 1.
Nov  3 03:41:30 gtw01 systemd-udevd[14026]: Process '/sbin/ip link set tapdf52acb0-4d txqueuelen 10000' failed with exit code 1.
Nov  3 03:41:34 gtw01 dnsmasq[14139]: started, version 2.80 cachesize 150
Nov  3 03:41:34 gtw01 dnsmasq[14139]: DNS service limited to local subnets
Nov  3 03:41:34 gtw01 dnsmasq[14139]: compile time options: IPv6 GNU-getopt DBus i18n IDN DHCP DHCPv6 no-Lua TFTP conntrack ipset auth DNSSEC loop-detect inotify dumpfile
Nov  3 03:41:34 gtw01 dnsmasq[14139]: warning: no upstream servers configured
Nov  3 03:41:34 gtw01 dnsmasq-dhcp[14139]: DHCP, static leases only on 192.168.120.0, lease time 1h
Nov  3 03:41:34 gtw01 dnsmasq[14139]: read /var/lib/neutron/dhcp/bd3cb756-3efd-4678-aa1b-7f151cdc5792/addn_hosts - 1 addresses
Nov  3 03:41:34 gtw01 dnsmasq-dhcp[14139]: read /var/lib/neutron/dhcp/bd3cb756-3efd-4678-aa1b-7f151cdc5792/host
Nov  3 03:41:34 gtw01 dnsmasq-dhcp[14139]: read /var/lib/neutron/dhcp/bd3cb756-3efd-4678-aa1b-7f151cdc5792/opts
Nov  3 03:41:34 gtw01 dnsmasq-dhcp[12514]: DHCPRELEASE(tapef0975e4-ae) 192.168.120.12 fa:16:3e:0e:99:a3
Nov  3 03:41:34 gtw01 haproxy-metadata-proxy-bd3cb756-3efd-4678-aa1b-7f151cdc5792[14143]: Proxy listener started.
Nov  3 03:41:35 gtw01 dnsmasq[14139]: read /var/lib/neutron/dhcp/bd3cb756-3efd-4678-aa1b-7f151cdc5792/addn_hosts - 2 addresses
Nov  3 03:41:35 gtw01 dnsmasq-dhcp[14139]: read /var/lib/neutron/dhcp/bd3cb756-3efd-4678-aa1b-7f151cdc5792/host
Nov  3 03:41:35 gtw01 dnsmasq-dhcp[14139]: read /var/lib/neutron/dhcp/bd3cb756-3efd-4678-aa1b-7f151cdc5792/opts
Nov  3 03:41:35 gtw01 dnsmasq[12514]: read /var/lib/neutron/dhcp/b8d47c75-7672-43c6-9cff-727534f7a0ef/addn_hosts - 5 addresses
