Nov  3 03:45:46 gtw01 dnsmasq[12514]: read /var/lib/neutron/dhcp/b8d47c75-7672-43c6-9cff-727534f7a0ef/addn_hosts - 7 addresses
Nov  3 03:45:46 gtw01 dnsmasq-dhcp[12514]: read /var/lib/neutron/dhcp/b8d47c75-7672-43c6-9cff-727534f7a0ef/host
Nov  3 03:45:46 gtw01 dnsmasq-dhcp[12514]: read /var/lib/neutron/dhcp/b8d47c75-7672-43c6-9cff-727534f7a0ef/opts
Nov  3 03:45:48 gtw01 dnsmasq-dhcp[12514]: DHCPRELEASE(tapef0975e4-ae) 192.168.120.12 fa:16:3e:0e:99:a3
Nov  3 03:45:48 gtw01 dnsmasq-dhcp[12514]: DHCPRELEASE(tapef0975e4-ae) 192.168.120.12 fa:16:3e:0e:99:a3 unknown lease
Nov  3 03:45:49 gtw01 dnsmasq[12514]: read /var/lib/neutron/dhcp/b8d47c75-7672-43c6-9cff-727534f7a0ef/addn_hosts - 6 addresses
Nov  3 03:45:49 gtw01 dnsmasq-dhcp[12514]: read /var/lib/neutron/dhcp/b8d47c75-7672-43c6-9cff-727534f7a0ef/host
Nov  3 03:45:49 gtw01 dnsmasq-dhcp[12514]: read /var/lib/neutron/dhcp/b8d47c75-7672-43c6-9cff-727534f7a0ef/opts
Nov  3 03:45:50 gtw01 dnsmasq[12514]: read /var/lib/neutron/dhcp/b8d47c75-7672-43c6-9cff-727534f7a0ef/addn_hosts - 7 addresses
Nov  3 03:45:50 gtw01 dnsmasq-dhcp[12514]: read /var/lib/neutron/dhcp/b8d47c75-7672-43c6-9cff-727534f7a0ef/host
Nov  3 03:45:50 gtw01 dnsmasq-dhcp[12514]: read /var/lib/neutron/dhcp/b8d47c75-7672-43c6-9cff-727534f7a0ef/opts
Nov  3 03:45:51 gtw01 dnsmasq[12514]: read /var/lib/neutron/dhcp/b8d47c75-7672-43c6-9cff-727534f7a0ef/addn_hosts - 6 addresses
Nov  3 03:45:51 gtw01 dnsmasq-dhcp[12514]: read /var/lib/neutron/dhcp/b8d47c75-7672-43c6-9cff-727534f7a0ef/host
Nov  3 03:45:51 gtw01 dnsmasq-dhcp[12514]: read /var/lib/neutron/dhcp/b8d47c75-7672-43c6-9cff-727534f7a0ef/opts
Nov  3 03:45:52 gtw01 dnsmasq[12514]: read /var/lib/neutron/dhcp/b8d47c75-7672-43c6-9cff-727534f7a0ef/addn_hosts - 6 addresses
Nov  3 03:45:52 gtw01 dnsmasq-dhcp[12514]: read /var/lib/neutron/dhcp/b8d47c75-7672-43c6-9cff-727534f7a0ef/host
Nov  3 03:45:52 gtw01 dnsmasq-dhcp[12514]: read /var/lib/neutron/dhcp/b8d47c75-7672-43c6-9cff-727534f7a0ef/opts
Nov  3 03:45:53 gtw01 dnsmasq[12514]: read /var/lib/neutron/dhcp/b8d47c75-7672-43c6-9cff-727534f7a0ef/addn_hosts - 6 addresses
Nov  3 03:45:53 gtw01 dnsmasq-dhcp[12514]: read /var/lib/neutron/dhcp/b8d47c75-7672-43c6-9cff-727534f7a0ef/host
Nov  3 03:45:53 gtw01 dnsmasq-dhcp[12514]: read /var/lib/neutron/dhcp/b8d47c75-7672-43c6-9cff-727534f7a0ef/opts
Nov  3 03:45:54 gtw01 dnsmasq-dhcp[12514]: DHCPRELEASE(tapef0975e4-ae) 192.168.120.13 fa:16:3e:ea:04:b2
Nov  3 03:45:54 gtw01 dnsmasq-dhcp[12514]: DHCPRELEASE(tapef0975e4-ae) 192.168.120.13 fa:16:3e:ea:04:b2 unknown lease
Nov  3 03:45:55 gtw01 dnsmasq[12514]: read /var/lib/neutron/dhcp/b8d47c75-7672-43c6-9cff-727534f7a0ef/addn_hosts - 5 addresses
Nov  3 03:45:55 gtw01 dnsmasq-dhcp[12514]: read /var/lib/neutron/dhcp/b8d47c75-7672-43c6-9cff-727534f7a0ef/host
Nov  3 03:45:55 gtw01 dnsmasq-dhcp[12514]: read /var/lib/neutron/dhcp/b8d47c75-7672-43c6-9cff-727534f7a0ef/opts
Nov  3 03:45:56 gtw01 dnsmasq-dhcp[12514]: DHCPRELEASE(tapef0975e4-ae) 192.168.120.4 fa:16:3e:c6:82:9a
Nov  3 03:45:56 gtw01 dnsmasq-dhcp[12514]: DHCPRELEASE(tapef0975e4-ae) 192.168.120.4 fa:16:3e:c6:82:9a unknown lease
Nov  3 03:45:57 gtw01 dnsmasq[12514]: read /var/lib/neutron/dhcp/b8d47c75-7672-43c6-9cff-727534f7a0ef/addn_hosts - 4 addresses
Nov  3 03:45:57 gtw01 dnsmasq-dhcp[12514]: read /var/lib/neutron/dhcp/b8d47c75-7672-43c6-9cff-727534f7a0ef/host
Nov  3 03:45:57 gtw01 dnsmasq-dhcp[12514]: read /var/lib/neutron/dhcp/b8d47c75-7672-43c6-9cff-727534f7a0ef/opts
Nov  3 03:45:59 gtw01 dnsmasq[12514]: read /var/lib/neutron/dhcp/b8d47c75-7672-43c6-9cff-727534f7a0ef/addn_hosts - 3 addresses
Nov  3 03:45:59 gtw01 dnsmasq-dhcp[12514]: read /var/lib/neutron/dhcp/b8d47c75-7672-43c6-9cff-727534f7a0ef/host
Nov  3 03:45:59 gtw01 dnsmasq-dhcp[12514]: read /var/lib/neutron/dhcp/b8d47c75-7672-43c6-9cff-727534f7a0ef/opts
Nov  3 03:46:00 gtw01 dnsmasq[12514]: read /var/lib/neutron/dhcp/b8d47c75-7672-43c6-9cff-727534f7a0ef/addn_hosts - 2 addresses
Nov  3 03:46:00 gtw01 dnsmasq-dhcp[12514]: read /var/lib/neutron/dhcp/b8d47c75-7672-43c6-9cff-727534f7a0ef/host
Nov  3 03:46:00 gtw01 dnsmasq-dhcp[12514]: read /var/lib/neutron/dhcp/b8d47c75-7672-43c6-9cff-727534f7a0ef/opts
Nov  3 03:46:08 gtw01 dnsmasq[12514]: read /var/lib/neutron/dhcp/b8d47c75-7672-43c6-9cff-727534f7a0ef/addn_hosts - 3 addresses
Nov  3 03:46:08 gtw01 dnsmasq-dhcp[12514]: read /var/lib/neutron/dhcp/b8d47c75-7672-43c6-9cff-727534f7a0ef/host
Nov  3 03:46:08 gtw01 dnsmasq-dhcp[12514]: read /var/lib/neutron/dhcp/b8d47c75-7672-43c6-9cff-727534f7a0ef/opts
Nov  3 03:46:09 gtw01 dnsmasq[12514]: read /var/lib/neutron/dhcp/b8d47c75-7672-43c6-9cff-727534f7a0ef/addn_hosts - 3 addresses
Nov  3 03:46:09 gtw01 dnsmasq-dhcp[12514]: read /var/lib/neutron/dhcp/b8d47c75-7672-43c6-9cff-727534f7a0ef/host
Nov  3 03:46:09 gtw01 dnsmasq-dhcp[12514]: read /var/lib/neutron/dhcp/b8d47c75-7672-43c6-9cff-727534f7a0ef/opts
Nov  3 03:46:11 gtw01 dnsmasq[12514]: read /var/lib/neutron/dhcp/b8d47c75-7672-43c6-9cff-727534f7a0ef/addn_hosts - 3 addresses
Nov  3 03:46:11 gtw01 dnsmasq-dhcp[12514]: read /var/lib/neutron/dhcp/b8d47c75-7672-43c6-9cff-727534f7a0ef/host
Nov  3 03:46:11 gtw01 dnsmasq-dhcp[12514]: read /var/lib/neutron/dhcp/b8d47c75-7672-43c6-9cff-727534f7a0ef/opts
Nov  3 03:46:11 gtw01 systemd-udevd[16534]: Could not generate persistent MAC address for tap32f3f7dd-ad: No such file or directory
Nov  3 03:46:11 gtw01 kernel: [ 5677.068675] device tap32f3f7dd-ad entered promiscuous mode
Nov  3 03:46:11 gtw01 systemd-udevd[16534]: Process '/sbin/ip link set tap32f3f7dd-ad txqueuelen 10000' failed with exit code 1.
Nov  3 03:46:12 gtw01 dnsmasq[12514]: read /var/lib/neutron/dhcp/b8d47c75-7672-43c6-9cff-727534f7a0ef/addn_hosts - 4 addresses
Nov  3 03:46:12 gtw01 dnsmasq-dhcp[12514]: read /var/lib/neutron/dhcp/b8d47c75-7672-43c6-9cff-727534f7a0ef/host
Nov  3 03:46:12 gtw01 dnsmasq-dhcp[12514]: read /var/lib/neutron/dhcp/b8d47c75-7672-43c6-9cff-727534f7a0ef/opts
Nov  3 03:46:13 gtw01 dnsmasq[12514]: read /var/lib/neutron/dhcp/b8d47c75-7672-43c6-9cff-727534f7a0ef/addn_hosts - 4 addresses
Nov  3 03:46:13 gtw01 dnsmasq-dhcp[12514]: read /var/lib/neutron/dhcp/b8d47c75-7672-43c6-9cff-727534f7a0ef/host
Nov  3 03:46:13 gtw01 dnsmasq-dhcp[12514]: read /var/lib/neutron/dhcp/b8d47c75-7672-43c6-9cff-727534f7a0ef/opts
Nov  3 03:46:14 gtw01 dnsmasq[12514]: read /var/lib/neutron/dhcp/b8d47c75-7672-43c6-9cff-727534f7a0ef/addn_hosts - 4 addresses
Nov  3 03:46:14 gtw01 dnsmasq-dhcp[12514]: read /var/lib/neutron/dhcp/b8d47c75-7672-43c6-9cff-727534f7a0ef/host
Nov  3 03:46:14 gtw01 dnsmasq-dhcp[12514]: read /var/lib/neutron/dhcp/b8d47c75-7672-43c6-9cff-727534f7a0ef/opts
Nov  3 03:46:15 gtw01 dnsmasq[16688]: started, version 2.80 cachesize 150
Nov  3 03:46:15 gtw01 dnsmasq[16688]: DNS service limited to local subnets
Nov  3 03:46:15 gtw01 dnsmasq[16688]: compile time options: IPv6 GNU-getopt DBus i18n IDN DHCP DHCPv6 no-Lua TFTP conntrack ipset auth DNSSEC loop-detect inotify dumpfile
Nov  3 03:46:15 gtw01 dnsmasq[16688]: warning: no upstream servers configured
Nov  3 03:46:15 gtw01 dnsmasq-dhcp[16688]: DHCP, static leases only on 192.168.120.0, lease time 1h
Nov  3 03:46:15 gtw01 dnsmasq[16688]: read /var/lib/neutron/dhcp/b7dd6a64-8652-4c47-b95f-e51fd74279ba/addn_hosts - 1 addresses
Nov  3 03:46:15 gtw01 dnsmasq-dhcp[16688]: read /var/lib/neutron/dhcp/b7dd6a64-8652-4c47-b95f-e51fd74279ba/host
Nov  3 03:46:15 gtw01 dnsmasq-dhcp[16688]: read /var/lib/neutron/dhcp/b7dd6a64-8652-4c47-b95f-e51fd74279ba/opts
Nov  3 03:46:15 gtw01 haproxy-metadata-proxy-b7dd6a64-8652-4c47-b95f-e51fd74279ba[16692]: Proxy listener started.
Nov  3 03:46:16 gtw01 dnsmasq[16688]: read /var/lib/neutron/dhcp/b7dd6a64-8652-4c47-b95f-e51fd74279ba/addn_hosts - 2 addresses
Nov  3 03:46:16 gtw01 dnsmasq-dhcp[16688]: read /var/lib/neutron/dhcp/b7dd6a64-8652-4c47-b95f-e51fd74279ba/host
Nov  3 03:46:16 gtw01 dnsmasq-dhcp[16688]: read /var/lib/neutron/dhcp/b7dd6a64-8652-4c47-b95f-e51fd74279ba/opts
Nov  3 03:46:17 gtw01 dnsmasq[16688]: read /var/lib/neutron/dhcp/b7dd6a64-8652-4c47-b95f-e51fd74279ba/addn_hosts - 2 addresses
Nov  3 03:46:17 gtw01 dnsmasq-dhcp[16688]: read /var/lib/neutron/dhcp/b7dd6a64-8652-4c47-b95f-e51fd74279ba/host
Nov  3 03:46:17 gtw01 dnsmasq-dhcp[16688]: read /var/lib/neutron/dhcp/b7dd6a64-8652-4c47-b95f-e51fd74279ba/opts
Nov  3 03:46:18 gtw01 dnsmasq[16688]: read /var/lib/neutron/dhcp/b7dd6a64-8652-4c47-b95f-e51fd74279ba/addn_hosts - 2 addresses
Nov  3 03:46:18 gtw01 dnsmasq-dhcp[16688]: read /var/lib/neutron/dhcp/b7dd6a64-8652-4c47-b95f-e51fd74279ba/host
Nov  3 03:46:18 gtw01 dnsmasq-dhcp[16688]: read /var/lib/neutron/dhcp/b7dd6a64-8652-4c47-b95f-e51fd74279ba/opts
Nov  3 03:46:19 gtw01 dnsmasq[16688]: read /var/lib/neutron/dhcp/b7dd6a64-8652-4c47-b95f-e51fd74279ba/addn_hosts - 2 addresses
Nov  3 03:46:19 gtw01 dnsmasq-dhcp[16688]: read /var/lib/neutron/dhcp/b7dd6a64-8652-4c47-b95f-e51fd74279ba/host
Nov  3 03:46:19 gtw01 dnsmasq-dhcp[16688]: read /var/lib/neutron/dhcp/b7dd6a64-8652-4c47-b95f-e51fd74279ba/opts
Nov  3 03:46:20 gtw01 dnsmasq[16688]: read /var/lib/neutron/dhcp/b7dd6a64-8652-4c47-b95f-e51fd74279ba/addn_hosts - 2 addresses
Nov  3 03:46:20 gtw01 dnsmasq-dhcp[16688]: read /var/lib/neutron/dhcp/b7dd6a64-8652-4c47-b95f-e51fd74279ba/host
Nov  3 03:46:20 gtw01 dnsmasq-dhcp[16688]: read /var/lib/neutron/dhcp/b7dd6a64-8652-4c47-b95f-e51fd74279ba/opts
Nov  3 03:46:24 gtw01 dnsmasq[16688]: read /var/lib/neutron/dhcp/b7dd6a64-8652-4c47-b95f-e51fd74279ba/addn_hosts - 3 addresses
Nov  3 03:46:24 gtw01 dnsmasq-dhcp[16688]: read /var/lib/neutron/dhcp/b7dd6a64-8652-4c47-b95f-e51fd74279ba/host
Nov  3 03:46:24 gtw01 dnsmasq-dhcp[16688]: read /var/lib/neutron/dhcp/b7dd6a64-8652-4c47-b95f-e51fd74279ba/opts
Nov  3 03:46:25 gtw01 kernel: [ 5690.493903] device tape999cba2-16 entered promiscuous mode
Nov  3 03:46:25 gtw01 systemd-udevd[16810]: Could not generate persistent MAC address for tape999cba2-16: No such file or directory
Nov  3 03:46:25 gtw01 systemd-udevd[16858]: Process '/sbin/ip link set tape999cba2-16 txqueuelen 10000' failed with exit code 1.
Nov  3 03:46:25 gtw01 dnsmasq[16688]: read /var/lib/neutron/dhcp/b7dd6a64-8652-4c47-b95f-e51fd74279ba/addn_hosts - 3 addresses
Nov  3 03:46:25 gtw01 dnsmasq-dhcp[16688]: read /var/lib/neutron/dhcp/b7dd6a64-8652-4c47-b95f-e51fd74279ba/host
Nov  3 03:46:25 gtw01 dnsmasq-dhcp[16688]: read /var/lib/neutron/dhcp/b7dd6a64-8652-4c47-b95f-e51fd74279ba/opts
Nov  3 03:46:26 gtw01 dnsmasq-dhcp[12514]: DHCPDISCOVER(tapef0975e4-ae) fa:16:3e:f1:99:e8
Nov  3 03:46:26 gtw01 dnsmasq-dhcp[12514]: DHCPOFFER(tapef0975e4-ae) 192.168.120.6 fa:16:3e:f1:99:e8
Nov  3 03:46:26 gtw01 dnsmasq-dhcp[12514]: DHCPREQUEST(tapef0975e4-ae) 192.168.120.6 fa:16:3e:f1:99:e8
Nov  3 03:46:26 gtw01 dnsmasq-dhcp[12514]: DHCPACK(tapef0975e4-ae) 192.168.120.6 fa:16:3e:f1:99:e8 host-192-168-120-6
Nov  3 03:46:26 gtw01 dnsmasq[12514]: read /var/lib/neutron/dhcp/b8d47c75-7672-43c6-9cff-727534f7a0ef/addn_hosts - 3 addresses
Nov  3 03:46:26 gtw01 dnsmasq-dhcp[12514]: read /var/lib/neutron/dhcp/b8d47c75-7672-43c6-9cff-727534f7a0ef/host
Nov  3 03:46:26 gtw01 dnsmasq-dhcp[12514]: read /var/lib/neutron/dhcp/b8d47c75-7672-43c6-9cff-727534f7a0ef/opts
Nov  3 03:46:27 gtw01 dnsmasq[16688]: read /var/lib/neutron/dhcp/b7dd6a64-8652-4c47-b95f-e51fd74279ba/addn_hosts - 3 addresses
Nov  3 03:46:27 gtw01 dnsmasq-dhcp[16688]: read /var/lib/neutron/dhcp/b7dd6a64-8652-4c47-b95f-e51fd74279ba/host
Nov  3 03:46:27 gtw01 dnsmasq-dhcp[16688]: read /var/lib/neutron/dhcp/b7dd6a64-8652-4c47-b95f-e51fd74279ba/opts
Nov  3 03:46:29 gtw01 dnsmasq[16969]: started, version 2.80 cachesize 150
Nov  3 03:46:29 gtw01 dnsmasq[16969]: DNS service limited to local subnets
Nov  3 03:46:29 gtw01 dnsmasq[16969]: compile time options: IPv6 GNU-getopt DBus i18n IDN DHCP DHCPv6 no-Lua TFTP conntrack ipset auth DNSSEC loop-detect inotify dumpfile
Nov  3 03:46:29 gtw01 dnsmasq[16969]: warning: no upstream servers configured
Nov  3 03:46:29 gtw01 dnsmasq-dhcp[16969]: DHCP, static leases only on 192.168.120.0, lease time 1h
Nov  3 03:46:29 gtw01 dnsmasq[16969]: read /var/lib/neutron/dhcp/837a3691-d59c-4bfd-b509-ba9008f0da8f/addn_hosts - 1 addresses
Nov  3 03:46:29 gtw01 dnsmasq-dhcp[16969]: read /var/lib/neutron/dhcp/837a3691-d59c-4bfd-b509-ba9008f0da8f/host
Nov  3 03:46:29 gtw01 dnsmasq-dhcp[16969]: read /var/lib/neutron/dhcp/837a3691-d59c-4bfd-b509-ba9008f0da8f/opts
Nov  3 03:46:29 gtw01 haproxy-metadata-proxy-837a3691-d59c-4bfd-b509-ba9008f0da8f[16973]: Proxy listener started.
Nov  3 03:46:29 gtw01 dnsmasq[16969]: read /var/lib/neutron/dhcp/837a3691-d59c-4bfd-b509-ba9008f0da8f/addn_hosts - 2 addresses
Nov  3 03:46:29 gtw01 dnsmasq-dhcp[16969]: read /var/lib/neutron/dhcp/837a3691-d59c-4bfd-b509-ba9008f0da8f/host
Nov  3 03:46:29 gtw01 dnsmasq-dhcp[16969]: read /var/lib/neutron/dhcp/837a3691-d59c-4bfd-b509-ba9008f0da8f/opts
Nov  3 03:46:30 gtw01 dnsmasq-dhcp[12514]: DHCPRELEASE(tapef0975e4-ae) 192.168.120.6 fa:16:3e:f1:99:e8
Nov  3 03:46:30 gtw01 dnsmasq-dhcp[12514]: DHCPRELEASE(tapef0975e4-ae) 192.168.120.6 fa:16:3e:f1:99:e8 unknown lease
Nov  3 03:46:30 gtw01 dnsmasq[16969]: read /var/lib/neutron/dhcp/837a3691-d59c-4bfd-b509-ba9008f0da8f/addn_hosts - 2 addresses
Nov  3 03:46:30 gtw01 dnsmasq-dhcp[16969]: read /var/lib/neutron/dhcp/837a3691-d59c-4bfd-b509-ba9008f0da8f/host
Nov  3 03:46:30 gtw01 dnsmasq-dhcp[16969]: read /var/lib/neutron/dhcp/837a3691-d59c-4bfd-b509-ba9008f0da8f/opts
Nov  3 03:46:31 gtw01 dnsmasq[12514]: read /var/lib/neutron/dhcp/b8d47c75-7672-43c6-9cff-727534f7a0ef/addn_hosts - 2 addresses
Nov  3 03:46:31 gtw01 dnsmasq-dhcp[12514]: read /var/lib/neutron/dhcp/b8d47c75-7672-43c6-9cff-727534f7a0ef/host
Nov  3 03:46:31 gtw01 dnsmasq-dhcp[12514]: read /var/lib/neutron/dhcp/b8d47c75-7672-43c6-9cff-727534f7a0ef/opts
Nov  3 03:46:31 gtw01 dnsmasq[16969]: read /var/lib/neutron/dhcp/837a3691-d59c-4bfd-b509-ba9008f0da8f/addn_hosts - 2 addresses
Nov  3 03:46:31 gtw01 dnsmasq-dhcp[16969]: read /var/lib/neutron/dhcp/837a3691-d59c-4bfd-b509-ba9008f0da8f/host
Nov  3 03:46:31 gtw01 dnsmasq-dhcp[16969]: read /var/lib/neutron/dhcp/837a3691-d59c-4bfd-b509-ba9008f0da8f/opts
Nov  3 03:46:32 gtw01 dnsmasq[16969]: read /var/lib/neutron/dhcp/837a3691-d59c-4bfd-b509-ba9008f0da8f/addn_hosts - 2 addresses
Nov  3 03:46:32 gtw01 dnsmasq-dhcp[16969]: read /var/lib/neutron/dhcp/837a3691-d59c-4bfd-b509-ba9008f0da8f/host
Nov  3 03:46:32 gtw01 dnsmasq-dhcp[16969]: read /var/lib/neutron/dhcp/837a3691-d59c-4bfd-b509-ba9008f0da8f/opts
Nov  3 03:46:33 gtw01 dnsmasq[16969]: read /var/lib/neutron/dhcp/837a3691-d59c-4bfd-b509-ba9008f0da8f/addn_hosts - 2 addresses
Nov  3 03:46:33 gtw01 dnsmasq-dhcp[16969]: read /var/lib/neutron/dhcp/837a3691-d59c-4bfd-b509-ba9008f0da8f/host
Nov  3 03:46:33 gtw01 dnsmasq-dhcp[16969]: read /var/lib/neutron/dhcp/837a3691-d59c-4bfd-b509-ba9008f0da8f/opts
Nov  3 03:46:34 gtw01 dnsmasq[16969]: read /var/lib/neutron/dhcp/837a3691-d59c-4bfd-b509-ba9008f0da8f/addn_hosts - 1 addresses
Nov  3 03:46:34 gtw01 dnsmasq-dhcp[16969]: read /var/lib/neutron/dhcp/837a3691-d59c-4bfd-b509-ba9008f0da8f/host
Nov  3 03:46:34 gtw01 dnsmasq-dhcp[16969]: read /var/lib/neutron/dhcp/837a3691-d59c-4bfd-b509-ba9008f0da8f/opts
Nov  3 03:46:36 gtw01 kernel: [ 5701.653232] device tape999cba2-16 left promiscuous mode
Nov  3 03:46:37 gtw01 dnsmasq[12514]: read /var/lib/neutron/dhcp/b8d47c75-7672-43c6-9cff-727534f7a0ef/addn_hosts - 3 addresses
Nov  3 03:46:37 gtw01 dnsmasq-dhcp[12514]: read /var/lib/neutron/dhcp/b8d47c75-7672-43c6-9cff-727534f7a0ef/host
Nov  3 03:46:37 gtw01 dnsmasq-dhcp[12514]: read /var/lib/neutron/dhcp/b8d47c75-7672-43c6-9cff-727534f7a0ef/opts
Nov  3 03:46:38 gtw01 dnsmasq[12514]: read /var/lib/neutron/dhcp/b8d47c75-7672-43c6-9cff-727534f7a0ef/addn_hosts - 3 addresses
Nov  3 03:46:38 gtw01 dnsmasq-dhcp[12514]: read /var/lib/neutron/dhcp/b8d47c75-7672-43c6-9cff-727534f7a0ef/host
Nov  3 03:46:38 gtw01 dnsmasq-dhcp[12514]: read /var/lib/neutron/dhcp/b8d47c75-7672-43c6-9cff-727534f7a0ef/opts
Nov  3 03:46:39 gtw01 dnsmasq[12514]: read /var/lib/neutron/dhcp/b8d47c75-7672-43c6-9cff-727534f7a0ef/addn_hosts - 3 addresses
Nov  3 03:46:39 gtw01 dnsmasq-dhcp[12514]: read /var/lib/neutron/dhcp/b8d47c75-7672-43c6-9cff-727534f7a0ef/host
Nov  3 03:46:39 gtw01 dnsmasq-dhcp[12514]: read /var/lib/neutron/dhcp/b8d47c75-7672-43c6-9cff-727534f7a0ef/opts
Nov  3 03:46:40 gtw01 dnsmasq-dhcp[16688]: DHCPDISCOVER(tap32f3f7dd-ad) fa:16:3e:c4:ba:43
Nov  3 03:46:40 gtw01 dnsmasq-dhcp[16688]: DHCPOFFER(tap32f3f7dd-ad) 192.168.120.5 fa:16:3e:c4:ba:43
Nov  3 03:46:40 gtw01 dnsmasq-dhcp[16688]: DHCPREQUEST(tap32f3f7dd-ad) 192.168.120.5 fa:16:3e:c4:ba:43
Nov  3 03:46:40 gtw01 dnsmasq-dhcp[16688]: DHCPACK(tap32f3f7dd-ad) 192.168.120.5 fa:16:3e:c4:ba:43 host-192-168-120-5
Nov  3 03:46:43 gtw01 dnsmasq[16688]: read /var/lib/neutron/dhcp/b7dd6a64-8652-4c47-b95f-e51fd74279ba/addn_hosts - 4 addresses
Nov  3 03:46:43 gtw01 dnsmasq-dhcp[16688]: read /var/lib/neutron/dhcp/b7dd6a64-8652-4c47-b95f-e51fd74279ba/host
Nov  3 03:46:43 gtw01 dnsmasq-dhcp[16688]: read /var/lib/neutron/dhcp/b7dd6a64-8652-4c47-b95f-e51fd74279ba/opts
Nov  3 03:46:46 gtw01 dnsmasq[12514]: read /var/lib/neutron/dhcp/b8d47c75-7672-43c6-9cff-727534f7a0ef/addn_hosts - 2 addresses
Nov  3 03:46:46 gtw01 dnsmasq-dhcp[12514]: read /var/lib/neutron/dhcp/b8d47c75-7672-43c6-9cff-727534f7a0ef/host
Nov  3 03:46:46 gtw01 dnsmasq-dhcp[12514]: read /var/lib/neutron/dhcp/b8d47c75-7672-43c6-9cff-727534f7a0ef/opts
Nov  3 03:46:48 gtw01 dnsmasq[16688]: read /var/lib/neutron/dhcp/b7dd6a64-8652-4c47-b95f-e51fd74279ba/addn_hosts - 3 addresses
Nov  3 03:46:48 gtw01 dnsmasq-dhcp[16688]: read /var/lib/neutron/dhcp/b7dd6a64-8652-4c47-b95f-e51fd74279ba/host
Nov  3 03:46:48 gtw01 dnsmasq-dhcp[16688]: read /var/lib/neutron/dhcp/b7dd6a64-8652-4c47-b95f-e51fd74279ba/opts
Nov  3 03:46:50 gtw01 dnsmasq-dhcp[16688]: DHCPRELEASE(tap32f3f7dd-ad) 192.168.120.5 fa:16:3e:c4:ba:43
Nov  3 03:46:50 gtw01 dnsmasq-dhcp[16688]: DHCPRELEASE(tap32f3f7dd-ad) 192.168.120.5 fa:16:3e:c4:ba:43 unknown lease
Nov  3 03:46:51 gtw01 dnsmasq[16688]: read /var/lib/neutron/dhcp/b7dd6a64-8652-4c47-b95f-e51fd74279ba/addn_hosts - 2 addresses
Nov  3 03:46:51 gtw01 dnsmasq-dhcp[16688]: read /var/lib/neutron/dhcp/b7dd6a64-8652-4c47-b95f-e51fd74279ba/host
Nov  3 03:46:51 gtw01 dnsmasq-dhcp[16688]: read /var/lib/neutron/dhcp/b7dd6a64-8652-4c47-b95f-e51fd74279ba/opts
Nov  3 03:46:52 gtw01 dnsmasq[12514]: read /var/lib/neutron/dhcp/b8d47c75-7672-43c6-9cff-727534f7a0ef/addn_hosts - 3 addresses
Nov  3 03:46:52 gtw01 dnsmasq-dhcp[12514]: read /var/lib/neutron/dhcp/b8d47c75-7672-43c6-9cff-727534f7a0ef/host
Nov  3 03:46:52 gtw01 dnsmasq-dhcp[12514]: read /var/lib/neutron/dhcp/b8d47c75-7672-43c6-9cff-727534f7a0ef/opts
Nov  3 03:46:53 gtw01 dnsmasq[12514]: read /var/lib/neutron/dhcp/b8d47c75-7672-43c6-9cff-727534f7a0ef/addn_hosts - 3 addresses
Nov  3 03:46:53 gtw01 dnsmasq-dhcp[12514]: read /var/lib/neutron/dhcp/b8d47c75-7672-43c6-9cff-727534f7a0ef/host
Nov  3 03:46:53 gtw01 dnsmasq-dhcp[12514]: read /var/lib/neutron/dhcp/b8d47c75-7672-43c6-9cff-727534f7a0ef/opts
Nov  3 03:46:53 gtw01 dnsmasq[12514]: read /var/lib/neutron/dhcp/b8d47c75-7672-43c6-9cff-727534f7a0ef/addn_hosts - 3 addresses
Nov  3 03:46:53 gtw01 dnsmasq-dhcp[12514]: read /var/lib/neutron/dhcp/b8d47c75-7672-43c6-9cff-727534f7a0ef/host
Nov  3 03:46:53 gtw01 dnsmasq-dhcp[12514]: read /var/lib/neutron/dhcp/b8d47c75-7672-43c6-9cff-727534f7a0ef/opts
Nov  3 03:46:55 gtw01 dnsmasq[16688]: read /var/lib/neutron/dhcp/b7dd6a64-8652-4c47-b95f-e51fd74279ba/addn_hosts - 1 addresses
Nov  3 03:46:55 gtw01 dnsmasq-dhcp[16688]: read /var/lib/neutron/dhcp/b7dd6a64-8652-4c47-b95f-e51fd74279ba/host
Nov  3 03:46:55 gtw01 dnsmasq-dhcp[16688]: read /var/lib/neutron/dhcp/b7dd6a64-8652-4c47-b95f-e51fd74279ba/opts
Nov  3 03:46:58 gtw01 dnsmasq[12514]: read /var/lib/neutron/dhcp/b8d47c75-7672-43c6-9cff-727534f7a0ef/addn_hosts - 4 addresses
Nov  3 03:46:58 gtw01 dnsmasq-dhcp[12514]: read /var/lib/neutron/dhcp/b8d47c75-7672-43c6-9cff-727534f7a0ef/host
Nov  3 03:46:58 gtw01 dnsmasq-dhcp[12514]: read /var/lib/neutron/dhcp/b8d47c75-7672-43c6-9cff-727534f7a0ef/opts
Nov  3 03:46:59 gtw01 dnsmasq[12514]: read /var/lib/neutron/dhcp/b8d47c75-7672-43c6-9cff-727534f7a0ef/addn_hosts - 4 addresses
Nov  3 03:46:59 gtw01 dnsmasq-dhcp[12514]: read /var/lib/neutron/dhcp/b8d47c75-7672-43c6-9cff-727534f7a0ef/host
Nov  3 03:46:59 gtw01 dnsmasq-dhcp[12514]: read /var/lib/neutron/dhcp/b8d47c75-7672-43c6-9cff-727534f7a0ef/opts
Nov  3 03:47:00 gtw01 dnsmasq[12514]: read /var/lib/neutron/dhcp/b8d47c75-7672-43c6-9cff-727534f7a0ef/addn_hosts - 3 addresses
Nov  3 03:47:00 gtw01 dnsmasq-dhcp[12514]: read /var/lib/neutron/dhcp/b8d47c75-7672-43c6-9cff-727534f7a0ef/host
Nov  3 03:47:00 gtw01 dnsmasq-dhcp[12514]: read /var/lib/neutron/dhcp/b8d47c75-7672-43c6-9cff-727534f7a0ef/opts
Nov  3 03:47:01 gtw01 kernel: [ 5726.591264] device tap32f3f7dd-ad left promiscuous mode
Nov  3 03:47:01 gtw01 dnsmasq[12514]: read /var/lib/neutron/dhcp/b8d47c75-7672-43c6-9cff-727534f7a0ef/addn_hosts - 3 addresses
Nov  3 03:47:01 gtw01 dnsmasq-dhcp[12514]: read /var/lib/neutron/dhcp/b8d47c75-7672-43c6-9cff-727534f7a0ef/host
Nov  3 03:47:01 gtw01 dnsmasq-dhcp[12514]: read /var/lib/neutron/dhcp/b8d47c75-7672-43c6-9cff-727534f7a0ef/opts
Nov  3 03:47:08 gtw01 dnsmasq[12514]: read /var/lib/neutron/dhcp/b8d47c75-7672-43c6-9cff-727534f7a0ef/addn_hosts - 2 addresses
Nov  3 03:47:08 gtw01 dnsmasq-dhcp[12514]: read /var/lib/neutron/dhcp/b8d47c75-7672-43c6-9cff-727534f7a0ef/host
Nov  3 03:47:08 gtw01 dnsmasq-dhcp[12514]: read /var/lib/neutron/dhcp/b8d47c75-7672-43c6-9cff-727534f7a0ef/opts
Nov  3 03:47:14 gtw01 kernel: [ 5740.107196] device tap69662ff2-b8 entered promiscuous mode
Nov  3 03:47:14 gtw01 systemd-udevd[17399]: Could not generate persistent MAC address for tap69662ff2-b8: No such file or directory
Nov  3 03:47:14 gtw01 systemd-udevd[17399]: Process '/sbin/ip link set tap69662ff2-b8 txqueuelen 10000' failed with exit code 1.
Nov  3 03:47:16 gtw01 dnsmasq[12514]: read /var/lib/neutron/dhcp/b8d47c75-7672-43c6-9cff-727534f7a0ef/addn_hosts - 3 addresses
Nov  3 03:47:16 gtw01 dnsmasq-dhcp[12514]: read /var/lib/neutron/dhcp/b8d47c75-7672-43c6-9cff-727534f7a0ef/host
Nov  3 03:47:16 gtw01 dnsmasq-dhcp[12514]: read /var/lib/neutron/dhcp/b8d47c75-7672-43c6-9cff-727534f7a0ef/opts
Nov  3 03:47:17 gtw01 systemd-udevd[17523]: Could not generate persistent MAC address for tapd4c45608-b4: No such file or directory
Nov  3 03:47:17 gtw01 kernel: [ 5742.709204] device tapd4c45608-b4 entered promiscuous mode
Nov  3 03:47:17 gtw01 systemd-udevd[17572]: Process '/sbin/ip link set tapd4c45608-b4 txqueuelen 10000' failed with exit code 1.
Nov  3 03:47:18 gtw01 dnsmasq[12514]: read /var/lib/neutron/dhcp/b8d47c75-7672-43c6-9cff-727534f7a0ef/addn_hosts - 3 addresses
Nov  3 03:47:18 gtw01 dnsmasq-dhcp[12514]: read /var/lib/neutron/dhcp/b8d47c75-7672-43c6-9cff-727534f7a0ef/host
Nov  3 03:47:18 gtw01 dnsmasq-dhcp[12514]: read /var/lib/neutron/dhcp/b8d47c75-7672-43c6-9cff-727534f7a0ef/opts
Nov  3 03:47:18 gtw01 dnsmasq[17627]: started, version 2.80 cachesize 150
Nov  3 03:47:18 gtw01 dnsmasq[17627]: DNS service limited to local subnets
Nov  3 03:47:18 gtw01 dnsmasq[17627]: compile time options: IPv6 GNU-getopt DBus i18n IDN DHCP DHCPv6 no-Lua TFTP conntrack ipset auth DNSSEC loop-detect inotify dumpfile
Nov  3 03:47:18 gtw01 dnsmasq[17627]: warning: no upstream servers configured
Nov  3 03:47:18 gtw01 dnsmasq-dhcp[17627]: DHCP, static leases only on 192.168.120.0, lease time 1h
Nov  3 03:47:18 gtw01 dnsmasq[17627]: read /var/lib/neutron/dhcp/317eddc6-8e44-4383-bb03-5d4c09bdcb55/addn_hosts - 1 addresses
Nov  3 03:47:18 gtw01 dnsmasq-dhcp[17627]: read /var/lib/neutron/dhcp/317eddc6-8e44-4383-bb03-5d4c09bdcb55/host
Nov  3 03:47:18 gtw01 dnsmasq-dhcp[17627]: read /var/lib/neutron/dhcp/317eddc6-8e44-4383-bb03-5d4c09bdcb55/opts
Nov  3 03:47:19 gtw01 haproxy-metadata-proxy-317eddc6-8e44-4383-bb03-5d4c09bdcb55[17638]: Proxy listener started.
Nov  3 03:47:19 gtw01 dnsmasq[12514]: read /var/lib/neutron/dhcp/b8d47c75-7672-43c6-9cff-727534f7a0ef/addn_hosts - 3 addresses
Nov  3 03:47:19 gtw01 dnsmasq-dhcp[12514]: read /var/lib/neutron/dhcp/b8d47c75-7672-43c6-9cff-727534f7a0ef/host
Nov  3 03:47:19 gtw01 dnsmasq-dhcp[12514]: read /var/lib/neutron/dhcp/b8d47c75-7672-43c6-9cff-727534f7a0ef/opts
Nov  3 03:47:20 gtw01 dnsmasq[17627]: read /var/lib/neutron/dhcp/317eddc6-8e44-4383-bb03-5d4c09bdcb55/addn_hosts - 2 addresses
Nov  3 03:47:20 gtw01 dnsmasq-dhcp[17627]: read /var/lib/neutron/dhcp/317eddc6-8e44-4383-bb03-5d4c09bdcb55/host
Nov  3 03:47:20 gtw01 dnsmasq-dhcp[17627]: read /var/lib/neutron/dhcp/317eddc6-8e44-4383-bb03-5d4c09bdcb55/opts
Nov  3 03:47:21 gtw01 dnsmasq[17627]: read /var/lib/neutron/dhcp/317eddc6-8e44-4383-bb03-5d4c09bdcb55/addn_hosts - 2 addresses
Nov  3 03:47:21 gtw01 dnsmasq-dhcp[17627]: read /var/lib/neutron/dhcp/317eddc6-8e44-4383-bb03-5d4c09bdcb55/host
Nov  3 03:47:21 gtw01 dnsmasq-dhcp[17627]: read /var/lib/neutron/dhcp/317eddc6-8e44-4383-bb03-5d4c09bdcb55/opts
Nov  3 03:47:21 gtw01 dnsmasq[17719]: started, version 2.80 cachesize 150
Nov  3 03:47:21 gtw01 dnsmasq[17719]: DNS service limited to local subnets
Nov  3 03:47:21 gtw01 dnsmasq[17719]: compile time options: IPv6 GNU-getopt DBus i18n IDN DHCP DHCPv6 no-Lua TFTP conntrack ipset auth DNSSEC loop-detect inotify dumpfile
Nov  3 03:47:21 gtw01 dnsmasq[17719]: warning: no upstream servers configured
Nov  3 03:47:21 gtw01 dnsmasq-dhcp[17719]: DHCP, static leases only on 192.168.120.0, lease time 1h
Nov  3 03:47:21 gtw01 dnsmasq[17719]: read /var/lib/neutron/dhcp/ec7247dd-ce9b-4b95-8359-35bda03f9e56/addn_hosts - 1 addresses
Nov  3 03:47:21 gtw01 dnsmasq-dhcp[17719]: read /var/lib/neutron/dhcp/ec7247dd-ce9b-4b95-8359-35bda03f9e56/host
Nov  3 03:47:21 gtw01 dnsmasq-dhcp[17719]: read /var/lib/neutron/dhcp/ec7247dd-ce9b-4b95-8359-35bda03f9e56/opts
Nov  3 03:47:21 gtw01 haproxy-metadata-proxy-ec7247dd-ce9b-4b95-8359-35bda03f9e56[17727]: Proxy listener started.
Nov  3 03:47:22 gtw01 dnsmasq[17627]: read /var/lib/neutron/dhcp/317eddc6-8e44-4383-bb03-5d4c09bdcb55/addn_hosts - 2 addresses
Nov  3 03:47:22 gtw01 dnsmasq-dhcp[17627]: read /var/lib/neutron/dhcp/317eddc6-8e44-4383-bb03-5d4c09bdcb55/host
Nov  3 03:47:22 gtw01 dnsmasq-dhcp[17627]: read /var/lib/neutron/dhcp/317eddc6-8e44-4383-bb03-5d4c09bdcb55/opts
Nov  3 03:47:23 gtw01 dnsmasq[17719]: read /var/lib/neutron/dhcp/ec7247dd-ce9b-4b95-8359-35bda03f9e56/addn_hosts - 2 addresses
Nov  3 03:47:23 gtw01 dnsmasq-dhcp[17719]: read /var/lib/neutron/dhcp/ec7247dd-ce9b-4b95-8359-35bda03f9e56/host
Nov  3 03:47:23 gtw01 dnsmasq-dhcp[17719]: read /var/lib/neutron/dhcp/ec7247dd-ce9b-4b95-8359-35bda03f9e56/opts
Nov  3 03:47:23 gtw01 dnsmasq[17627]: read /var/lib/neutron/dhcp/317eddc6-8e44-4383-bb03-5d4c09bdcb55/addn_hosts - 2 addresses
Nov  3 03:47:23 gtw01 dnsmasq-dhcp[17627]: read /var/lib/neutron/dhcp/317eddc6-8e44-4383-bb03-5d4c09bdcb55/host
Nov  3 03:47:23 gtw01 dnsmasq-dhcp[17627]: read /var/lib/neutron/dhcp/317eddc6-8e44-4383-bb03-5d4c09bdcb55/opts
Nov  3 03:47:24 gtw01 dnsmasq[17719]: read /var/lib/neutron/dhcp/ec7247dd-ce9b-4b95-8359-35bda03f9e56/addn_hosts - 2 addresses
Nov  3 03:47:24 gtw01 dnsmasq-dhcp[17719]: read /var/lib/neutron/dhcp/ec7247dd-ce9b-4b95-8359-35bda03f9e56/host
Nov  3 03:47:24 gtw01 dnsmasq-dhcp[17719]: read /var/lib/neutron/dhcp/ec7247dd-ce9b-4b95-8359-35bda03f9e56/opts
Nov  3 03:47:24 gtw01 dnsmasq[12514]: read /var/lib/neutron/dhcp/b8d47c75-7672-43c6-9cff-727534f7a0ef/addn_hosts - 2 addresses
Nov  3 03:47:24 gtw01 dnsmasq-dhcp[12514]: read /var/lib/neutron/dhcp/b8d47c75-7672-43c6-9cff-727534f7a0ef/host
Nov  3 03:47:24 gtw01 dnsmasq-dhcp[12514]: read /var/lib/neutron/dhcp/b8d47c75-7672-43c6-9cff-727534f7a0ef/opts
Nov  3 03:47:25 gtw01 dnsmasq[17627]: read /var/lib/neutron/dhcp/317eddc6-8e44-4383-bb03-5d4c09bdcb55/addn_hosts - 2 addresses
Nov  3 03:47:25 gtw01 dnsmasq-dhcp[17627]: read /var/lib/neutron/dhcp/317eddc6-8e44-4383-bb03-5d4c09bdcb55/host
Nov  3 03:47:25 gtw01 dnsmasq-dhcp[17627]: read /var/lib/neutron/dhcp/317eddc6-8e44-4383-bb03-5d4c09bdcb55/opts
Nov  3 03:47:25 gtw01 dnsmasq[17719]: read /var/lib/neutron/dhcp/ec7247dd-ce9b-4b95-8359-35bda03f9e56/addn_hosts - 2 addresses
Nov  3 03:47:25 gtw01 dnsmasq-dhcp[17719]: read /var/lib/neutron/dhcp/ec7247dd-ce9b-4b95-8359-35bda03f9e56/host
Nov  3 03:47:25 gtw01 dnsmasq-dhcp[17719]: read /var/lib/neutron/dhcp/ec7247dd-ce9b-4b95-8359-35bda03f9e56/opts
Nov  3 03:47:26 gtw01 dnsmasq[17719]: read /var/lib/neutron/dhcp/ec7247dd-ce9b-4b95-8359-35bda03f9e56/addn_hosts - 2 addresses
Nov  3 03:47:26 gtw01 dnsmasq-dhcp[17719]: read /var/lib/neutron/dhcp/ec7247dd-ce9b-4b95-8359-35bda03f9e56/host
Nov  3 03:47:26 gtw01 dnsmasq-dhcp[17719]: read /var/lib/neutron/dhcp/ec7247dd-ce9b-4b95-8359-35bda03f9e56/opts
Nov  3 03:47:27 gtw01 dnsmasq[17719]: read /var/lib/neutron/dhcp/ec7247dd-ce9b-4b95-8359-35bda03f9e56/addn_hosts - 2 addresses
Nov  3 03:47:27 gtw01 dnsmasq-dhcp[17719]: read /var/lib/neutron/dhcp/ec7247dd-ce9b-4b95-8359-35bda03f9e56/host
Nov  3 03:47:27 gtw01 dnsmasq-dhcp[17719]: read /var/lib/neutron/dhcp/ec7247dd-ce9b-4b95-8359-35bda03f9e56/opts
Nov  3 03:47:27 gtw01 kernel: [ 5753.257198] device tapc983f340-ed entered promiscuous mode
Nov  3 03:47:27 gtw01 systemd-udevd[17891]: Could not generate persistent MAC address for tapc983f340-ed: No such file or directory
Nov  3 03:47:28 gtw01 systemd-udevd[17938]: Process '/sbin/ip link set tapc983f340-ed txqueuelen 10000' failed with exit code 1.
Nov  3 03:47:28 gtw01 dnsmasq[17719]: read /var/lib/neutron/dhcp/ec7247dd-ce9b-4b95-8359-35bda03f9e56/addn_hosts - 3 addresses
Nov  3 03:47:28 gtw01 dnsmasq-dhcp[17719]: read /var/lib/neutron/dhcp/ec7247dd-ce9b-4b95-8359-35bda03f9e56/host
Nov  3 03:47:28 gtw01 dnsmasq-dhcp[17719]: read /var/lib/neutron/dhcp/ec7247dd-ce9b-4b95-8359-35bda03f9e56/opts
Nov  3 03:47:29 gtw01 dnsmasq[17719]: read /var/lib/neutron/dhcp/ec7247dd-ce9b-4b95-8359-35bda03f9e56/addn_hosts - 3 addresses
Nov  3 03:47:29 gtw01 dnsmasq-dhcp[17719]: read /var/lib/neutron/dhcp/ec7247dd-ce9b-4b95-8359-35bda03f9e56/host
Nov  3 03:47:29 gtw01 dnsmasq-dhcp[17719]: read /var/lib/neutron/dhcp/ec7247dd-ce9b-4b95-8359-35bda03f9e56/opts
Nov  3 03:47:30 gtw01 dnsmasq[17719]: read /var/lib/neutron/dhcp/ec7247dd-ce9b-4b95-8359-35bda03f9e56/addn_hosts - 3 addresses
Nov  3 03:47:30 gtw01 dnsmasq-dhcp[17719]: read /var/lib/neutron/dhcp/ec7247dd-ce9b-4b95-8359-35bda03f9e56/host
Nov  3 03:47:30 gtw01 dnsmasq-dhcp[17719]: read /var/lib/neutron/dhcp/ec7247dd-ce9b-4b95-8359-35bda03f9e56/opts
Nov  3 03:47:31 gtw01 dnsmasq[18053]: started, version 2.80 cachesize 150
Nov  3 03:47:31 gtw01 dnsmasq[18053]: DNS service limited to local subnets
Nov  3 03:47:31 gtw01 dnsmasq[18053]: compile time options: IPv6 GNU-getopt DBus i18n IDN DHCP DHCPv6 no-Lua TFTP conntrack ipset auth DNSSEC loop-detect inotify dumpfile
Nov  3 03:47:31 gtw01 dnsmasq[18053]: warning: no upstream servers configured
Nov  3 03:47:31 gtw01 dnsmasq-dhcp[18053]: DHCP, static leases only on 192.168.120.0, lease time 1h
Nov  3 03:47:31 gtw01 dnsmasq[18053]: read /var/lib/neutron/dhcp/3d6d5b33-c3e9-44e0-acd3-cd0e79f8a5aa/addn_hosts - 1 addresses
Nov  3 03:47:31 gtw01 dnsmasq-dhcp[18053]: read /var/lib/neutron/dhcp/3d6d5b33-c3e9-44e0-acd3-cd0e79f8a5aa/host
Nov  3 03:47:31 gtw01 dnsmasq-dhcp[18053]: read /var/lib/neutron/dhcp/3d6d5b33-c3e9-44e0-acd3-cd0e79f8a5aa/opts
Nov  3 03:47:31 gtw01 haproxy-metadata-proxy-3d6d5b33-c3e9-44e0-acd3-cd0e79f8a5aa[18057]: Proxy listener started.
Nov  3 03:47:32 gtw01 dnsmasq[18053]: read /var/lib/neutron/dhcp/3d6d5b33-c3e9-44e0-acd3-cd0e79f8a5aa/addn_hosts - 2 addresses
Nov  3 03:47:32 gtw01 dnsmasq-dhcp[18053]: read /var/lib/neutron/dhcp/3d6d5b33-c3e9-44e0-acd3-cd0e79f8a5aa/host
Nov  3 03:47:32 gtw01 dnsmasq-dhcp[18053]: read /var/lib/neutron/dhcp/3d6d5b33-c3e9-44e0-acd3-cd0e79f8a5aa/opts
Nov  3 03:47:32 gtw01 dnsmasq[12514]: read /var/lib/neutron/dhcp/b8d47c75-7672-43c6-9cff-727534f7a0ef/addn_hosts - 3 addresses
Nov  3 03:47:32 gtw01 dnsmasq-dhcp[12514]: read /var/lib/neutron/dhcp/b8d47c75-7672-43c6-9cff-727534f7a0ef/host
Nov  3 03:47:32 gtw01 dnsmasq-dhcp[12514]: read /var/lib/neutron/dhcp/b8d47c75-7672-43c6-9cff-727534f7a0ef/opts
Nov  3 03:47:33 gtw01 dnsmasq[18053]: read /var/lib/neutron/dhcp/3d6d5b33-c3e9-44e0-acd3-cd0e79f8a5aa/addn_hosts - 2 addresses
Nov  3 03:47:33 gtw01 dnsmasq-dhcp[18053]: read /var/lib/neutron/dhcp/3d6d5b33-c3e9-44e0-acd3-cd0e79f8a5aa/host
Nov  3 03:47:33 gtw01 dnsmasq-dhcp[18053]: read /var/lib/neutron/dhcp/3d6d5b33-c3e9-44e0-acd3-cd0e79f8a5aa/opts
Nov  3 03:47:34 gtw01 dnsmasq[18053]: read /var/lib/neutron/dhcp/3d6d5b33-c3e9-44e0-acd3-cd0e79f8a5aa/addn_hosts - 2 addresses
Nov  3 03:47:34 gtw01 dnsmasq-dhcp[18053]: read /var/lib/neutron/dhcp/3d6d5b33-c3e9-44e0-acd3-cd0e79f8a5aa/host
Nov  3 03:47:34 gtw01 dnsmasq-dhcp[18053]: read /var/lib/neutron/dhcp/3d6d5b33-c3e9-44e0-acd3-cd0e79f8a5aa/opts
Nov  3 03:47:35 gtw01 dnsmasq[12514]: read /var/lib/neutron/dhcp/b8d47c75-7672-43c6-9cff-727534f7a0ef/addn_hosts - 3 addresses
Nov  3 03:47:35 gtw01 dnsmasq-dhcp[12514]: read /var/lib/neutron/dhcp/b8d47c75-7672-43c6-9cff-727534f7a0ef/host
Nov  3 03:47:35 gtw01 dnsmasq-dhcp[12514]: read /var/lib/neutron/dhcp/b8d47c75-7672-43c6-9cff-727534f7a0ef/opts
Nov  3 03:47:35 gtw01 dnsmasq[18053]: read /var/lib/neutron/dhcp/3d6d5b33-c3e9-44e0-acd3-cd0e79f8a5aa/addn_hosts - 2 addresses
Nov  3 03:47:35 gtw01 dnsmasq-dhcp[18053]: read /var/lib/neutron/dhcp/3d6d5b33-c3e9-44e0-acd3-cd0e79f8a5aa/host
Nov  3 03:47:35 gtw01 dnsmasq-dhcp[18053]: read /var/lib/neutron/dhcp/3d6d5b33-c3e9-44e0-acd3-cd0e79f8a5aa/opts
Nov  3 03:47:36 gtw01 dnsmasq[17627]: read /var/lib/neutron/dhcp/317eddc6-8e44-4383-bb03-5d4c09bdcb55/addn_hosts - 3 addresses
Nov  3 03:47:36 gtw01 dnsmasq-dhcp[17627]: read /var/lib/neutron/dhcp/317eddc6-8e44-4383-bb03-5d4c09bdcb55/host
Nov  3 03:47:36 gtw01 dnsmasq-dhcp[17627]: read /var/lib/neutron/dhcp/317eddc6-8e44-4383-bb03-5d4c09bdcb55/opts
Nov  3 03:47:36 gtw01 dnsmasq[12514]: read /var/lib/neutron/dhcp/b8d47c75-7672-43c6-9cff-727534f7a0ef/addn_hosts - 3 addresses
Nov  3 03:47:36 gtw01 dnsmasq-dhcp[12514]: read /var/lib/neutron/dhcp/b8d47c75-7672-43c6-9cff-727534f7a0ef/host
Nov  3 03:47:36 gtw01 dnsmasq-dhcp[12514]: read /var/lib/neutron/dhcp/b8d47c75-7672-43c6-9cff-727534f7a0ef/opts
Nov  3 03:47:36 gtw01 dnsmasq[18053]: read /var/lib/neutron/dhcp/3d6d5b33-c3e9-44e0-acd3-cd0e79f8a5aa/addn_hosts - 2 addresses
Nov  3 03:47:36 gtw01 dnsmasq-dhcp[18053]: read /var/lib/neutron/dhcp/3d6d5b33-c3e9-44e0-acd3-cd0e79f8a5aa/host
Nov  3 03:47:36 gtw01 dnsmasq-dhcp[18053]: read /var/lib/neutron/dhcp/3d6d5b33-c3e9-44e0-acd3-cd0e79f8a5aa/opts
Nov  3 03:47:38 gtw01 dnsmasq[17627]: read /var/lib/neutron/dhcp/317eddc6-8e44-4383-bb03-5d4c09bdcb55/addn_hosts - 3 addresses
Nov  3 03:47:38 gtw01 dnsmasq-dhcp[17627]: read /var/lib/neutron/dhcp/317eddc6-8e44-4383-bb03-5d4c09bdcb55/host
Nov  3 03:47:38 gtw01 dnsmasq-dhcp[17627]: read /var/lib/neutron/dhcp/317eddc6-8e44-4383-bb03-5d4c09bdcb55/opts
Nov  3 03:47:39 gtw01 dnsmasq[17627]: read /var/lib/neutron/dhcp/317eddc6-8e44-4383-bb03-5d4c09bdcb55/addn_hosts - 3 addresses
Nov  3 03:47:39 gtw01 dnsmasq-dhcp[17627]: read /var/lib/neutron/dhcp/317eddc6-8e44-4383-bb03-5d4c09bdcb55/host
Nov  3 03:47:39 gtw01 dnsmasq-dhcp[17627]: read /var/lib/neutron/dhcp/317eddc6-8e44-4383-bb03-5d4c09bdcb55/opts
Nov  3 03:47:43 gtw01 dnsmasq-dhcp[17719]: DHCPDISCOVER(tapd4c45608-b4) fa:16:3e:cc:7a:32
Nov  3 03:47:43 gtw01 dnsmasq-dhcp[17719]: DHCPOFFER(tapd4c45608-b4) 192.168.120.4 fa:16:3e:cc:7a:32
Nov  3 03:47:43 gtw01 dnsmasq-dhcp[17719]: DHCPREQUEST(tapd4c45608-b4) 192.168.120.4 fa:16:3e:cc:7a:32
Nov  3 03:47:43 gtw01 dnsmasq-dhcp[17719]: DHCPACK(tapd4c45608-b4) 192.168.120.4 fa:16:3e:cc:7a:32 host-192-168-120-4
Nov  3 03:47:47 gtw01 dnsmasq[18053]: read /var/lib/neutron/dhcp/3d6d5b33-c3e9-44e0-acd3-cd0e79f8a5aa/addn_hosts - 1 addresses
Nov  3 03:47:47 gtw01 dnsmasq-dhcp[18053]: read /var/lib/neutron/dhcp/3d6d5b33-c3e9-44e0-acd3-cd0e79f8a5aa/host
Nov  3 03:47:47 gtw01 dnsmasq-dhcp[18053]: read /var/lib/neutron/dhcp/3d6d5b33-c3e9-44e0-acd3-cd0e79f8a5aa/opts
Nov  3 03:47:51 gtw01 kernel: [ 5777.115289] device tapc983f340-ed left promiscuous mode
Nov  3 03:47:53 gtw01 dnsmasq[12514]: read /var/lib/neutron/dhcp/b8d47c75-7672-43c6-9cff-727534f7a0ef/addn_hosts - 2 addresses
Nov  3 03:47:53 gtw01 dnsmasq-dhcp[12514]: read /var/lib/neutron/dhcp/b8d47c75-7672-43c6-9cff-727534f7a0ef/host
Nov  3 03:47:53 gtw01 dnsmasq-dhcp[12514]: read /var/lib/neutron/dhcp/b8d47c75-7672-43c6-9cff-727534f7a0ef/opts
Nov  3 03:47:54 gtw01 dnsmasq[17719]: read /var/lib/neutron/dhcp/ec7247dd-ce9b-4b95-8359-35bda03f9e56/addn_hosts - 4 addresses
Nov  3 03:47:54 gtw01 dnsmasq-dhcp[17719]: read /var/lib/neutron/dhcp/ec7247dd-ce9b-4b95-8359-35bda03f9e56/host
Nov  3 03:47:54 gtw01 dnsmasq-dhcp[17719]: read /var/lib/neutron/dhcp/ec7247dd-ce9b-4b95-8359-35bda03f9e56/opts
Nov  3 03:47:55 gtw01 dnsmasq[17719]: read /var/lib/neutron/dhcp/ec7247dd-ce9b-4b95-8359-35bda03f9e56/addn_hosts - 4 addresses
Nov  3 03:47:55 gtw01 dnsmasq-dhcp[17719]: read /var/lib/neutron/dhcp/ec7247dd-ce9b-4b95-8359-35bda03f9e56/host
Nov  3 03:47:55 gtw01 dnsmasq-dhcp[17719]: read /var/lib/neutron/dhcp/ec7247dd-ce9b-4b95-8359-35bda03f9e56/opts
Nov  3 03:47:55 gtw01 dnsmasq-dhcp[17627]: DHCPDISCOVER(tap69662ff2-b8) fa:16:3e:b2:d9:b7
Nov  3 03:47:55 gtw01 dnsmasq-dhcp[17627]: DHCPOFFER(tap69662ff2-b8) 192.168.120.5 fa:16:3e:b2:d9:b7
Nov  3 03:47:55 gtw01 dnsmasq-dhcp[17627]: DHCPREQUEST(tap69662ff2-b8) 192.168.120.5 fa:16:3e:b2:d9:b7
Nov  3 03:47:55 gtw01 dnsmasq-dhcp[17627]: DHCPACK(tap69662ff2-b8) 192.168.120.5 fa:16:3e:b2:d9:b7 host-192-168-120-5
Nov  3 03:47:56 gtw01 dnsmasq[17719]: read /var/lib/neutron/dhcp/ec7247dd-ce9b-4b95-8359-35bda03f9e56/addn_hosts - 4 addresses
Nov  3 03:47:56 gtw01 dnsmasq-dhcp[17719]: read /var/lib/neutron/dhcp/ec7247dd-ce9b-4b95-8359-35bda03f9e56/host
Nov  3 03:47:56 gtw01 dnsmasq-dhcp[17719]: read /var/lib/neutron/dhcp/ec7247dd-ce9b-4b95-8359-35bda03f9e56/opts
Nov  3 03:48:00 gtw01 kernel: [ 5785.893616] device tap0066f762-69 entered promiscuous mode
Nov  3 03:48:00 gtw01 systemd-udevd[18350]: Could not generate persistent MAC address for tap0066f762-69: No such file or directory
Nov  3 03:48:00 gtw01 systemd-udevd[18397]: Process '/sbin/ip link set tap0066f762-69 txqueuelen 10000' failed with exit code 1.
Nov  3 03:48:00 gtw01 dnsmasq[17719]: read /var/lib/neutron/dhcp/ec7247dd-ce9b-4b95-8359-35bda03f9e56/addn_hosts - 3 addresses
Nov  3 03:48:00 gtw01 dnsmasq-dhcp[17719]: read /var/lib/neutron/dhcp/ec7247dd-ce9b-4b95-8359-35bda03f9e56/host
Nov  3 03:48:00 gtw01 dnsmasq-dhcp[17719]: read /var/lib/neutron/dhcp/ec7247dd-ce9b-4b95-8359-35bda03f9e56/opts
Nov  3 03:48:02 gtw01 dnsmasq-dhcp[17719]: DHCPRELEASE(tapd4c45608-b4) 192.168.120.4 fa:16:3e:cc:7a:32
Nov  3 03:48:03 gtw01 dnsmasq-dhcp[17719]: DHCPRELEASE(tapd4c45608-b4) 192.168.120.4 fa:16:3e:cc:7a:32 unknown lease
Nov  3 03:48:03 gtw01 dnsmasq[12514]: read /var/lib/neutron/dhcp/b8d47c75-7672-43c6-9cff-727534f7a0ef/addn_hosts - 3 addresses
Nov  3 03:48:03 gtw01 dnsmasq-dhcp[12514]: read /var/lib/neutron/dhcp/b8d47c75-7672-43c6-9cff-727534f7a0ef/host
Nov  3 03:48:03 gtw01 dnsmasq-dhcp[12514]: read /var/lib/neutron/dhcp/b8d47c75-7672-43c6-9cff-727534f7a0ef/opts
Nov  3 03:48:04 gtw01 dnsmasq[17719]: read /var/lib/neutron/dhcp/ec7247dd-ce9b-4b95-8359-35bda03f9e56/addn_hosts - 2 addresses
Nov  3 03:48:04 gtw01 dnsmasq-dhcp[17719]: read /var/lib/neutron/dhcp/ec7247dd-ce9b-4b95-8359-35bda03f9e56/host
Nov  3 03:48:04 gtw01 dnsmasq-dhcp[17719]: read /var/lib/neutron/dhcp/ec7247dd-ce9b-4b95-8359-35bda03f9e56/opts
Nov  3 03:48:04 gtw01 dnsmasq[18499]: started, version 2.80 cachesize 150
Nov  3 03:48:04 gtw01 dnsmasq[18499]: DNS service limited to local subnets
Nov  3 03:48:04 gtw01 dnsmasq[18499]: compile time options: IPv6 GNU-getopt DBus i18n IDN DHCP DHCPv6 no-Lua TFTP conntrack ipset auth DNSSEC loop-detect inotify dumpfile
Nov  3 03:48:04 gtw01 dnsmasq[18499]: warning: no upstream servers configured
Nov  3 03:48:04 gtw01 dnsmasq-dhcp[18499]: DHCP, static leases only on 192.168.120.0, lease time 1h
Nov  3 03:48:04 gtw01 dnsmasq[18499]: read /var/lib/neutron/dhcp/130b6aa3-37fa-4250-896d-0ed6fcd38841/addn_hosts - 1 addresses
Nov  3 03:48:04 gtw01 dnsmasq-dhcp[18499]: read /var/lib/neutron/dhcp/130b6aa3-37fa-4250-896d-0ed6fcd38841/host
Nov  3 03:48:04 gtw01 dnsmasq-dhcp[18499]: read /var/lib/neutron/dhcp/130b6aa3-37fa-4250-896d-0ed6fcd38841/opts
Nov  3 03:48:04 gtw01 haproxy-metadata-proxy-130b6aa3-37fa-4250-896d-0ed6fcd38841[18508]: Proxy listener started.
Nov  3 03:48:05 gtw01 dnsmasq[12514]: read /var/lib/neutron/dhcp/b8d47c75-7672-43c6-9cff-727534f7a0ef/addn_hosts - 3 addresses
Nov  3 03:48:05 gtw01 dnsmasq-dhcp[12514]: read /var/lib/neutron/dhcp/b8d47c75-7672-43c6-9cff-727534f7a0ef/host
Nov  3 03:48:05 gtw01 dnsmasq-dhcp[12514]: read /var/lib/neutron/dhcp/b8d47c75-7672-43c6-9cff-727534f7a0ef/opts
Nov  3 03:48:05 gtw01 dnsmasq[18499]: read /var/lib/neutron/dhcp/130b6aa3-37fa-4250-896d-0ed6fcd38841/addn_hosts - 2 addresses
Nov  3 03:48:05 gtw01 dnsmasq-dhcp[18499]: read /var/lib/neutron/dhcp/130b6aa3-37fa-4250-896d-0ed6fcd38841/host
Nov  3 03:48:05 gtw01 dnsmasq-dhcp[18499]: read /var/lib/neutron/dhcp/130b6aa3-37fa-4250-896d-0ed6fcd38841/opts
Nov  3 03:48:06 gtw01 dnsmasq[12514]: read /var/lib/neutron/dhcp/b8d47c75-7672-43c6-9cff-727534f7a0ef/addn_hosts - 3 addresses
Nov  3 03:48:06 gtw01 dnsmasq-dhcp[12514]: read /var/lib/neutron/dhcp/b8d47c75-7672-43c6-9cff-727534f7a0ef/host
Nov  3 03:48:06 gtw01 dnsmasq-dhcp[12514]: read /var/lib/neutron/dhcp/b8d47c75-7672-43c6-9cff-727534f7a0ef/opts
Nov  3 03:48:06 gtw01 dnsmasq[18499]: read /var/lib/neutron/dhcp/130b6aa3-37fa-4250-896d-0ed6fcd38841/addn_hosts - 2 addresses
Nov  3 03:48:06 gtw01 dnsmasq-dhcp[18499]: read /var/lib/neutron/dhcp/130b6aa3-37fa-4250-896d-0ed6fcd38841/host
Nov  3 03:48:06 gtw01 dnsmasq-dhcp[18499]: read /var/lib/neutron/dhcp/130b6aa3-37fa-4250-896d-0ed6fcd38841/opts
Nov  3 03:48:07 gtw01 dnsmasq[18499]: read /var/lib/neutron/dhcp/130b6aa3-37fa-4250-896d-0ed6fcd38841/addn_hosts - 2 addresses
Nov  3 03:48:07 gtw01 dnsmasq-dhcp[18499]: read /var/lib/neutron/dhcp/130b6aa3-37fa-4250-896d-0ed6fcd38841/host
Nov  3 03:48:07 gtw01 dnsmasq-dhcp[18499]: read /var/lib/neutron/dhcp/130b6aa3-37fa-4250-896d-0ed6fcd38841/opts
Nov  3 03:48:08 gtw01 dnsmasq-dhcp[17627]: DHCPRELEASE(tap69662ff2-b8) 192.168.120.5 fa:16:3e:b2:d9:b7
Nov  3 03:48:08 gtw01 dnsmasq[18499]: read /var/lib/neutron/dhcp/130b6aa3-37fa-4250-896d-0ed6fcd38841/addn_hosts - 2 addresses
Nov  3 03:48:08 gtw01 dnsmasq-dhcp[18499]: read /var/lib/neutron/dhcp/130b6aa3-37fa-4250-896d-0ed6fcd38841/host
Nov  3 03:48:08 gtw01 dnsmasq-dhcp[18499]: read /var/lib/neutron/dhcp/130b6aa3-37fa-4250-896d-0ed6fcd38841/opts
Nov  3 03:48:08 gtw01 dnsmasq-dhcp[17627]: DHCPRELEASE(tap69662ff2-b8) 192.168.120.5 fa:16:3e:b2:d9:b7 unknown lease
Nov  3 03:48:09 gtw01 dnsmasq[17627]: read /var/lib/neutron/dhcp/317eddc6-8e44-4383-bb03-5d4c09bdcb55/addn_hosts - 2 addresses
Nov  3 03:48:09 gtw01 dnsmasq-dhcp[17627]: read /var/lib/neutron/dhcp/317eddc6-8e44-4383-bb03-5d4c09bdcb55/host
Nov  3 03:48:09 gtw01 dnsmasq-dhcp[17627]: read /var/lib/neutron/dhcp/317eddc6-8e44-4383-bb03-5d4c09bdcb55/opts
Nov  3 03:48:09 gtw01 dnsmasq[18499]: read /var/lib/neutron/dhcp/130b6aa3-37fa-4250-896d-0ed6fcd38841/addn_hosts - 3 addresses
Nov  3 03:48:09 gtw01 dnsmasq-dhcp[18499]: read /var/lib/neutron/dhcp/130b6aa3-37fa-4250-896d-0ed6fcd38841/host
Nov  3 03:48:09 gtw01 dnsmasq-dhcp[18499]: read /var/lib/neutron/dhcp/130b6aa3-37fa-4250-896d-0ed6fcd38841/opts
Nov  3 03:48:10 gtw01 dnsmasq[18499]: read /var/lib/neutron/dhcp/130b6aa3-37fa-4250-896d-0ed6fcd38841/addn_hosts - 3 addresses
Nov  3 03:48:10 gtw01 dnsmasq-dhcp[18499]: read /var/lib/neutron/dhcp/130b6aa3-37fa-4250-896d-0ed6fcd38841/host
Nov  3 03:48:10 gtw01 dnsmasq-dhcp[18499]: read /var/lib/neutron/dhcp/130b6aa3-37fa-4250-896d-0ed6fcd38841/opts
Nov  3 03:48:11 gtw01 dnsmasq[18499]: read /var/lib/neutron/dhcp/130b6aa3-37fa-4250-896d-0ed6fcd38841/addn_hosts - 3 addresses
Nov  3 03:48:11 gtw01 dnsmasq-dhcp[18499]: read /var/lib/neutron/dhcp/130b6aa3-37fa-4250-896d-0ed6fcd38841/host
Nov  3 03:48:11 gtw01 dnsmasq-dhcp[18499]: read /var/lib/neutron/dhcp/130b6aa3-37fa-4250-896d-0ed6fcd38841/opts
Nov  3 03:48:12 gtw01 dnsmasq[18499]: read /var/lib/neutron/dhcp/130b6aa3-37fa-4250-896d-0ed6fcd38841/addn_hosts - 3 addresses
Nov  3 03:48:12 gtw01 dnsmasq-dhcp[18499]: read /var/lib/neutron/dhcp/130b6aa3-37fa-4250-896d-0ed6fcd38841/host
Nov  3 03:48:12 gtw01 dnsmasq-dhcp[18499]: read /var/lib/neutron/dhcp/130b6aa3-37fa-4250-896d-0ed6fcd38841/opts
Nov  3 03:48:14 gtw01 dnsmasq[12514]: read /var/lib/neutron/dhcp/b8d47c75-7672-43c6-9cff-727534f7a0ef/addn_hosts - 2 addresses
Nov  3 03:48:14 gtw01 dnsmasq-dhcp[12514]: read /var/lib/neutron/dhcp/b8d47c75-7672-43c6-9cff-727534f7a0ef/host
Nov  3 03:48:14 gtw01 dnsmasq-dhcp[12514]: read /var/lib/neutron/dhcp/b8d47c75-7672-43c6-9cff-727534f7a0ef/opts
Nov  3 03:48:15 gtw01 dnsmasq[17719]: read /var/lib/neutron/dhcp/ec7247dd-ce9b-4b95-8359-35bda03f9e56/addn_hosts - 3 addresses
Nov  3 03:48:15 gtw01 dnsmasq-dhcp[17719]: read /var/lib/neutron/dhcp/ec7247dd-ce9b-4b95-8359-35bda03f9e56/host
Nov  3 03:48:15 gtw01 dnsmasq-dhcp[17719]: read /var/lib/neutron/dhcp/ec7247dd-ce9b-4b95-8359-35bda03f9e56/opts
Nov  3 03:48:15 gtw01 dnsmasq[17627]: read /var/lib/neutron/dhcp/317eddc6-8e44-4383-bb03-5d4c09bdcb55/addn_hosts - 1 addresses
Nov  3 03:48:15 gtw01 dnsmasq-dhcp[17627]: read /var/lib/neutron/dhcp/317eddc6-8e44-4383-bb03-5d4c09bdcb55/host
Nov  3 03:48:15 gtw01 dnsmasq-dhcp[17627]: read /var/lib/neutron/dhcp/317eddc6-8e44-4383-bb03-5d4c09bdcb55/opts
Nov  3 03:48:16 gtw01 dnsmasq[17719]: read /var/lib/neutron/dhcp/ec7247dd-ce9b-4b95-8359-35bda03f9e56/addn_hosts - 3 addresses
Nov  3 03:48:16 gtw01 dnsmasq-dhcp[17719]: read /var/lib/neutron/dhcp/ec7247dd-ce9b-4b95-8359-35bda03f9e56/host
Nov  3 03:48:16 gtw01 dnsmasq-dhcp[17719]: read /var/lib/neutron/dhcp/ec7247dd-ce9b-4b95-8359-35bda03f9e56/opts
Nov  3 03:48:17 gtw01 dnsmasq[17719]: read /var/lib/neutron/dhcp/ec7247dd-ce9b-4b95-8359-35bda03f9e56/addn_hosts - 3 addresses
Nov  3 03:48:17 gtw01 dnsmasq-dhcp[17719]: read /var/lib/neutron/dhcp/ec7247dd-ce9b-4b95-8359-35bda03f9e56/host
Nov  3 03:48:17 gtw01 dnsmasq-dhcp[17719]: read /var/lib/neutron/dhcp/ec7247dd-ce9b-4b95-8359-35bda03f9e56/opts
Nov  3 03:48:20 gtw01 kernel: [ 5805.270772] device tap69662ff2-b8 left promiscuous mode
Nov  3 03:48:20 gtw01 dnsmasq[12514]: read /var/lib/neutron/dhcp/b8d47c75-7672-43c6-9cff-727534f7a0ef/addn_hosts - 3 addresses
Nov  3 03:48:20 gtw01 dnsmasq-dhcp[12514]: read /var/lib/neutron/dhcp/b8d47c75-7672-43c6-9cff-727534f7a0ef/host
Nov  3 03:48:20 gtw01 dnsmasq-dhcp[12514]: read /var/lib/neutron/dhcp/b8d47c75-7672-43c6-9cff-727534f7a0ef/opts
Nov  3 03:48:21 gtw01 dnsmasq[12514]: read /var/lib/neutron/dhcp/b8d47c75-7672-43c6-9cff-727534f7a0ef/addn_hosts - 3 addresses
Nov  3 03:48:21 gtw01 dnsmasq-dhcp[12514]: read /var/lib/neutron/dhcp/b8d47c75-7672-43c6-9cff-727534f7a0ef/host
Nov  3 03:48:21 gtw01 dnsmasq-dhcp[12514]: read /var/lib/neutron/dhcp/b8d47c75-7672-43c6-9cff-727534f7a0ef/opts
Nov  3 03:48:21 gtw01 dnsmasq-dhcp[18499]: DHCPDISCOVER(tap0066f762-69) fa:16:3e:af:70:c9
Nov  3 03:48:21 gtw01 dnsmasq-dhcp[18499]: DHCPOFFER(tap0066f762-69) 192.168.120.5 fa:16:3e:af:70:c9
Nov  3 03:48:21 gtw01 dnsmasq-dhcp[18499]: DHCPREQUEST(tap0066f762-69) 192.168.120.5 fa:16:3e:af:70:c9
Nov  3 03:48:21 gtw01 dnsmasq-dhcp[18499]: DHCPACK(tap0066f762-69) 192.168.120.5 fa:16:3e:af:70:c9 host-192-168-120-5
Nov  3 03:48:22 gtw01 dnsmasq[12514]: read /var/lib/neutron/dhcp/b8d47c75-7672-43c6-9cff-727534f7a0ef/addn_hosts - 3 addresses
Nov  3 03:48:22 gtw01 dnsmasq-dhcp[12514]: read /var/lib/neutron/dhcp/b8d47c75-7672-43c6-9cff-727534f7a0ef/host
Nov  3 03:48:22 gtw01 dnsmasq-dhcp[12514]: read /var/lib/neutron/dhcp/b8d47c75-7672-43c6-9cff-727534f7a0ef/opts
Nov  3 03:48:28 gtw01 systemd-udevd[18860]: Could not generate persistent MAC address for tap3eb45946-09: No such file or directory
Nov  3 03:48:28 gtw01 kernel: [ 5813.859151] device tap3eb45946-09 entered promiscuous mode
Nov  3 03:48:28 gtw01 systemd-udevd[18860]: Process '/sbin/ip link set tap3eb45946-09 txqueuelen 10000' failed with exit code 1.
Nov  3 03:48:31 gtw01 dnsmasq-dhcp[17719]: DHCPDISCOVER(tapd4c45608-b4) fa:16:3e:d0:7c:cb
Nov  3 03:48:31 gtw01 dnsmasq-dhcp[17719]: DHCPOFFER(tapd4c45608-b4) 192.168.120.3 fa:16:3e:d0:7c:cb
Nov  3 03:48:31 gtw01 dnsmasq-dhcp[17719]: DHCPREQUEST(tapd4c45608-b4) 192.168.120.3 fa:16:3e:d0:7c:cb
Nov  3 03:48:31 gtw01 dnsmasq-dhcp[17719]: DHCPACK(tapd4c45608-b4) 192.168.120.3 fa:16:3e:d0:7c:cb host-192-168-120-3
Nov  3 03:48:31 gtw01 dnsmasq[18969]: started, version 2.80 cachesize 150
Nov  3 03:48:31 gtw01 dnsmasq[18969]: DNS service limited to local subnets
Nov  3 03:48:31 gtw01 dnsmasq[18969]: compile time options: IPv6 GNU-getopt DBus i18n IDN DHCP DHCPv6 no-Lua TFTP conntrack ipset auth DNSSEC loop-detect inotify dumpfile
Nov  3 03:48:31 gtw01 dnsmasq[18969]: warning: no upstream servers configured
Nov  3 03:48:31 gtw01 dnsmasq-dhcp[18969]: DHCP, static leases only on 192.168.120.0, lease time 1h
Nov  3 03:48:31 gtw01 dnsmasq[18969]: read /var/lib/neutron/dhcp/a95760d7-0144-47e9-a4ef-0a96dd5b7add/addn_hosts - 1 addresses
Nov  3 03:48:31 gtw01 dnsmasq-dhcp[18969]: read /var/lib/neutron/dhcp/a95760d7-0144-47e9-a4ef-0a96dd5b7add/host
Nov  3 03:48:31 gtw01 dnsmasq-dhcp[18969]: read /var/lib/neutron/dhcp/a95760d7-0144-47e9-a4ef-0a96dd5b7add/opts
Nov  3 03:48:32 gtw01 haproxy-metadata-proxy-a95760d7-0144-47e9-a4ef-0a96dd5b7add[18973]: Proxy listener started.
Nov  3 03:48:32 gtw01 dnsmasq[18969]: read /var/lib/neutron/dhcp/a95760d7-0144-47e9-a4ef-0a96dd5b7add/addn_hosts - 2 addresses
Nov  3 03:48:32 gtw01 dnsmasq-dhcp[18969]: read /var/lib/neutron/dhcp/a95760d7-0144-47e9-a4ef-0a96dd5b7add/host
