Oct 15 00:49:05 mas01 sh[17106]: 2018-10-15 00:49:05 regiond: [info] 192.168.11.11 POST /MAAS/metadata/status/6pqeeh HTTP/1.1 --> 204 NO_CONTENT (referrer: -; agent: Curtin/18.1-17-gae48e86f-0ubuntu1~16.04.1)
Oct 15 00:49:05 mas01 sh[16676]: 2018-10-15 00:49:05 regiond: [info] 127.0.0.1 GET /MAAS/api/2.0/machines/ HTTP/1.1 --> 200 OK (referrer: -; agent: Python-urllib/2.7)
Oct 15 00:49:05 mas01 salt-minion[1362]: [INFO    ] {'ret': {'machines': [{'status': 'Deploying', 'hostname': u'cmp002', 'system_id': u'7gttwm'}, {'status': 'Deploying', 'hostname': u'cmp001', 'system_id': u'6pqeeh'}, {'status': 'Deploying', 'hostname': u'kvm01', 'system_id': u'6f8pxw'}, {'status': 'Deploying', 'hostname': u'kvm03', 'system_id': u'mrkgft'}, {'status': 'Deploying', 'hostname': u'kvm02', 'system_id': u'wdpewe'}], 'summary': Counter({'Deploying': 5})}}
Oct 15 00:49:05 mas01 salt-minion[1362]: [INFO    ] Completed state [maas.machines_status] at time 00:49:05.661481 duration_in_ms=671.049
Oct 15 00:49:05 mas01 salt-minion[1362]: [INFO    ] Returning information for job: 20181015004900059589
Oct 15 00:49:05 mas01 sh[16672]: 2018-10-15 00:49:05 regiond: [info] 192.168.11.10 POST /MAAS/metadata/status/7gttwm HTTP/1.1 --> 204 NO_CONTENT (referrer: -; agent: Curtin/18.1-17-gae48e86f-0ubuntu1~16.04.1)
Oct 15 00:49:05 mas01 sh[16680]: 2018-10-15 00:49:05 regiond: [info] 192.168.11.11 POST /MAAS/metadata/status/6pqeeh HTTP/1.1 --> 204 NO_CONTENT (referrer: -; agent: Curtin/18.1-17-gae48e86f-0ubuntu1~16.04.1)
Oct 15 00:49:05 mas01 sh[16680]: 2018-10-15 00:49:05 regiond: [info] 192.168.11.10 POST /MAAS/metadata/status/7gttwm HTTP/1.1 --> 204 NO_CONTENT (referrer: -; agent: Curtin/18.1-17-gae48e86f-0ubuntu1~16.04.1)
Oct 15 00:49:05 mas01 sh[17106]: 2018-10-15 00:49:05 regiond: [info] 192.168.11.10 POST /MAAS/metadata/status/7gttwm HTTP/1.1 --> 204 NO_CONTENT (referrer: -; agent: Curtin/18.1-17-gae48e86f-0ubuntu1~16.04.1)
Oct 15 00:49:05 mas01 sh[16672]: 2018-10-15 00:49:05 regiond: [info] 192.168.11.10 POST /MAAS/metadata/status/7gttwm HTTP/1.1 --> 204 NO_CONTENT (referrer: -; agent: Curtin/18.1-17-gae48e86f-0ubuntu1~16.04.1)
Oct 15 00:49:05 mas01 sh[16676]: 2018-10-15 00:49:05 regiond: [info] 192.168.11.11 POST /MAAS/metadata/status/6pqeeh HTTP/1.1 --> 204 NO_CONTENT (referrer: -; agent: Curtin/18.1-17-gae48e86f-0ubuntu1~16.04.1)
Oct 15 00:49:06 mas01 sh[16672]: 2018-10-15 00:49:06 regiond: [info] 192.168.11.11 POST /MAAS/metadata/status/6pqeeh HTTP/1.1 --> 204 NO_CONTENT (referrer: -; agent: Curtin/18.1-17-gae48e86f-0ubuntu1~16.04.1)
Oct 15 00:49:06 mas01 sh[16680]: 2018-10-15 00:49:06 regiond: [info] 192.168.11.11 POST /MAAS/metadata/status/6pqeeh HTTP/1.1 --> 204 NO_CONTENT (referrer: -; agent: Curtin/18.1-17-gae48e86f-0ubuntu1~16.04.1)
Oct 15 00:49:06 mas01 sh[16672]: 2018-10-15 00:49:06 regiond: [info] 127.0.0.1 GET /MAAS/rpc/ HTTP/1.0 --> 200 OK (referrer: -; agent: provisioningserver.rpc.clusterservice.ClusterClientService)
Oct 15 00:49:06 mas01 sh[16676]: 2018-10-15 00:49:06 regiond: [info] 192.168.11.10 POST /MAAS/metadata/status/7gttwm HTTP/1.1 --> 204 NO_CONTENT (referrer: -; agent: Curtin/18.1-17-gae48e86f-0ubuntu1~16.04.1)
Oct 15 00:49:06 mas01 sh[17106]: 2018-10-15 00:49:06 regiond: [info] 192.168.11.11 POST /MAAS/metadata/status/6pqeeh HTTP/1.1 --> 204 NO_CONTENT (referrer: -; agent: Curtin/18.1-17-gae48e86f-0ubuntu1~16.04.1)
Oct 15 00:49:06 mas01 sh[16680]: 2018-10-15 00:49:06 regiond: [info] 192.168.11.10 POST /MAAS/metadata/status/7gttwm HTTP/1.1 --> 204 NO_CONTENT (referrer: -; agent: Curtin/18.1-17-gae48e86f-0ubuntu1~16.04.1)
Oct 15 00:49:06 mas01 sh[16672]: 2018-10-15 00:49:06 regiond: [info] 192.168.11.10 POST /MAAS/metadata/status/7gttwm HTTP/1.1 --> 204 NO_CONTENT (referrer: -; agent: Curtin/18.1-17-gae48e86f-0ubuntu1~16.04.1)
Oct 15 00:49:06 mas01 sh[17106]: 2018-10-15 00:49:06 regiond: [info] 192.168.11.10 POST /MAAS/metadata/status/7gttwm HTTP/1.1 --> 204 NO_CONTENT (referrer: -; agent: Curtin/18.1-17-gae48e86f-0ubuntu1~16.04.1)
Oct 15 00:49:06 mas01 sh[16680]: 2018-10-15 00:49:06 regiond: [info] 192.168.11.11 POST /MAAS/metadata/status/6pqeeh HTTP/1.1 --> 204 NO_CONTENT (referrer: -; agent: Curtin/18.1-17-gae48e86f-0ubuntu1~16.04.1)
Oct 15 00:49:06 mas01 sh[16676]: 2018-10-15 00:49:06 regiond: [info] 192.168.11.11 POST /MAAS/metadata/status/6pqeeh HTTP/1.1 --> 204 NO_CONTENT (referrer: -; agent: Curtin/18.1-17-gae48e86f-0ubuntu1~16.04.1)
Oct 15 00:49:06 mas01 sh[17106]: 2018-10-15 00:49:06 regiond: [info] 192.168.11.11 POST /MAAS/metadata/status/6pqeeh HTTP/1.1 --> 204 NO_CONTENT (referrer: -; agent: Curtin/18.1-17-gae48e86f-0ubuntu1~16.04.1)
Oct 15 00:49:07 mas01 sh[16680]: 2018-10-15 00:49:07 regiond: [info] 192.168.11.10 POST /MAAS/metadata/status/7gttwm HTTP/1.1 --> 204 NO_CONTENT (referrer: -; agent: Curtin/18.1-17-gae48e86f-0ubuntu1~16.04.1)
Oct 15 00:49:07 mas01 sh[16672]: 2018-10-15 00:49:07 regiond: [info] 192.168.11.11 POST /MAAS/metadata/status/6pqeeh HTTP/1.1 --> 204 NO_CONTENT (referrer: -; agent: Curtin/18.1-17-gae48e86f-0ubuntu1~16.04.1)
Oct 15 00:49:07 mas01 sh[16680]: 2018-10-15 00:49:07 regiond: [info] 192.168.11.11 POST /MAAS/metadata/status/6pqeeh HTTP/1.1 --> 204 NO_CONTENT (referrer: -; agent: Curtin/18.1-17-gae48e86f-0ubuntu1~16.04.1)
Oct 15 00:49:07 mas01 sh[16680]: 2018-10-15 00:49:07 regiond: [info] 192.168.11.10 POST /MAAS/metadata/status/7gttwm HTTP/1.1 --> 204 NO_CONTENT (referrer: -; agent: Curtin/18.1-17-gae48e86f-0ubuntu1~16.04.1)
Oct 15 00:49:07 mas01 sh[16676]: 2018-10-15 00:49:07 regiond: [info] 192.168.11.11 POST /MAAS/metadata/status/6pqeeh HTTP/1.1 --> 204 NO_CONTENT (referrer: -; agent: Curtin/18.1-17-gae48e86f-0ubuntu1~16.04.1)
Oct 15 00:49:07 mas01 sh[16676]: 2018-10-15 00:49:07 regiond: [info] 192.168.11.11 POST /MAAS/metadata/status/6pqeeh HTTP/1.1 --> 204 NO_CONTENT (referrer: -; agent: Curtin/18.1-17-gae48e86f-0ubuntu1~16.04.1)
Oct 15 00:49:07 mas01 sh[17106]: 2018-10-15 00:49:07 regiond: [info] 192.168.11.10 POST /MAAS/metadata/status/7gttwm HTTP/1.1 --> 204 NO_CONTENT (referrer: -; agent: Curtin/18.1-17-gae48e86f-0ubuntu1~16.04.1)
Oct 15 00:49:07 mas01 sh[17106]: 2018-10-15 00:49:07 regiond: [info] 192.168.11.10 POST /MAAS/metadata/status/7gttwm HTTP/1.1 --> 204 NO_CONTENT (referrer: -; agent: Curtin/18.1-17-gae48e86f-0ubuntu1~16.04.1)
Oct 15 00:49:08 mas01 sh[16676]: 2018-10-15 00:49:08 regiond: [info] 192.168.11.11 POST /MAAS/metadata/status/6pqeeh HTTP/1.1 --> 204 NO_CONTENT (referrer: -; agent: Curtin/18.1-17-gae48e86f-0ubuntu1~16.04.1)
Oct 15 00:49:08 mas01 sh[17106]: 2018-10-15 00:49:08 regiond: [info] 192.168.11.10 POST /MAAS/metadata/status/7gttwm HTTP/1.1 --> 204 NO_CONTENT (referrer: -; agent: Curtin/18.1-17-gae48e86f-0ubuntu1~16.04.1)
Oct 15 00:49:08 mas01 sh[16676]: 2018-10-15 00:49:08 regiond: [info] 192.168.11.10 POST /MAAS/metadata/status/7gttwm HTTP/1.1 --> 204 NO_CONTENT (referrer: -; agent: Curtin/18.1-17-gae48e86f-0ubuntu1~16.04.1)
Oct 15 00:49:08 mas01 sh[16672]: 2018-10-15 00:49:08 regiond: [info] 192.168.11.11 POST /MAAS/metadata/status/6pqeeh HTTP/1.1 --> 204 NO_CONTENT (referrer: -; agent: Curtin/18.1-17-gae48e86f-0ubuntu1~16.04.1)
Oct 15 00:49:08 mas01 sh[17106]: 2018-10-15 00:49:08 regiond: [info] 192.168.11.10 POST /MAAS/metadata/status/7gttwm HTTP/1.1 --> 204 NO_CONTENT (referrer: -; agent: Curtin/18.1-17-gae48e86f-0ubuntu1~16.04.1)
Oct 15 00:49:08 mas01 sh[17106]: 2018-10-15 00:49:08 regiond: [info] 192.168.11.10 POST /MAAS/metadata/status/7gttwm HTTP/1.1 --> 204 NO_CONTENT (referrer: -; agent: Curtin/18.1-17-gae48e86f-0ubuntu1~16.04.1)
Oct 15 00:49:08 mas01 sh[16680]: 2018-10-15 00:49:08 regiond: [info] 192.168.11.11 POST /MAAS/metadata/status/6pqeeh HTTP/1.1 --> 204 NO_CONTENT (referrer: -; agent: Curtin/18.1-17-gae48e86f-0ubuntu1~16.04.1)
Oct 15 00:49:08 mas01 sh[17106]: 2018-10-15 00:49:08 regiond: [info] 192.168.11.11 POST /MAAS/metadata/status/6pqeeh HTTP/1.1 --> 204 NO_CONTENT (referrer: -; agent: Curtin/18.1-17-gae48e86f-0ubuntu1~16.04.1)
Oct 15 00:49:08 mas01 sh[17106]: 2018-10-15 00:49:08 regiond: [info] 192.168.11.10 POST /MAAS/metadata/status/7gttwm HTTP/1.1 --> 204 NO_CONTENT (referrer: -; agent: Curtin/18.1-17-gae48e86f-0ubuntu1~16.04.1)
Oct 15 00:49:08 mas01 sh[16680]: 2018-10-15 00:49:08 regiond: [info] 192.168.11.11 POST /MAAS/metadata/status/6pqeeh HTTP/1.1 --> 204 NO_CONTENT (referrer: -; agent: Curtin/18.1-17-gae48e86f-0ubuntu1~16.04.1)
Oct 15 00:49:09 mas01 sh[16672]: 2018-10-15 00:49:09 regiond: [info] 192.168.11.10 POST /MAAS/metadata/status/7gttwm HTTP/1.1 --> 204 NO_CONTENT (referrer: -; agent: Curtin/18.1-17-gae48e86f-0ubuntu1~16.04.1)
Oct 15 00:49:09 mas01 sh[16680]: 2018-10-15 00:49:09 regiond: [info] 192.168.11.11 POST /MAAS/metadata/status/6pqeeh HTTP/1.1 --> 204 NO_CONTENT (referrer: -; agent: Curtin/18.1-17-gae48e86f-0ubuntu1~16.04.1)
Oct 15 00:49:09 mas01 sh[16672]: 2018-10-15 00:49:09 regiond: [info] 192.168.11.10 POST /MAAS/metadata/status/7gttwm HTTP/1.1 --> 204 NO_CONTENT (referrer: -; agent: Curtin/18.1-17-gae48e86f-0ubuntu1~16.04.1)
Oct 15 00:49:09 mas01 sh[17106]: 2018-10-15 00:49:09 regiond: [info] 192.168.11.10 POST /MAAS/metadata/status/7gttwm HTTP/1.1 --> 204 NO_CONTENT (referrer: -; agent: Curtin/18.1-17-gae48e86f-0ubuntu1~16.04.1)
Oct 15 00:49:09 mas01 sh[16680]: 2018-10-15 00:49:09 regiond: [info] 192.168.11.11 POST /MAAS/metadata/status/6pqeeh HTTP/1.1 --> 204 NO_CONTENT (referrer: -; agent: Curtin/18.1-17-gae48e86f-0ubuntu1~16.04.1)
Oct 15 00:49:09 mas01 sh[17106]: 2018-10-15 00:49:09 regiond: [info] 192.168.11.11 POST /MAAS/metadata/status/6pqeeh HTTP/1.1 --> 204 NO_CONTENT (referrer: -; agent: Curtin/18.1-17-gae48e86f-0ubuntu1~16.04.1)
Oct 15 00:49:09 mas01 sh[16680]: 2018-10-15 00:49:09 regiond: [info] 192.168.11.10 POST /MAAS/metadata/status/7gttwm HTTP/1.1 --> 204 NO_CONTENT (referrer: -; agent: Curtin/18.1-17-gae48e86f-0ubuntu1~16.04.1)
Oct 15 00:49:09 mas01 sh[16680]: 2018-10-15 00:49:09 regiond: [info] 192.168.11.11 POST /MAAS/metadata/status/6pqeeh HTTP/1.1 --> 204 NO_CONTENT (referrer: -; agent: Curtin/18.1-17-gae48e86f-0ubuntu1~16.04.1)
Oct 15 00:49:09 mas01 sh[16680]: 2018-10-15 00:49:09 regiond: [info] 192.168.11.10 POST /MAAS/metadata/status/7gttwm HTTP/1.1 --> 204 NO_CONTENT (referrer: -; agent: Curtin/18.1-17-gae48e86f-0ubuntu1~16.04.1)
Oct 15 00:49:09 mas01 sh[16680]: 2018-10-15 00:49:09 regiond: [info] 192.168.11.10 POST /MAAS/metadata/status/7gttwm HTTP/1.1 --> 204 NO_CONTENT (referrer: -; agent: Curtin/18.1-17-gae48e86f-0ubuntu1~16.04.1)
Oct 15 00:49:09 mas01 sh[16680]: 2018-10-15 00:49:09 regiond: [info] 192.168.11.11 POST /MAAS/metadata/status/6pqeeh HTTP/1.1 --> 204 NO_CONTENT (referrer: -; agent: Curtin/18.1-17-gae48e86f-0ubuntu1~16.04.1)
Oct 15 00:49:09 mas01 sh[16676]: 2018-10-15 00:49:09 regiond: [info] 192.168.11.10 POST /MAAS/metadata/status/7gttwm HTTP/1.1 --> 204 NO_CONTENT (referrer: -; agent: Curtin/18.1-17-gae48e86f-0ubuntu1~16.04.1)
Oct 15 00:49:09 mas01 sh[17106]: 2018-10-15 00:49:09 regiond: [info] 192.168.11.11 POST /MAAS/metadata/status/6pqeeh HTTP/1.1 --> 204 NO_CONTENT (referrer: -; agent: Curtin/18.1-17-gae48e86f-0ubuntu1~16.04.1)
Oct 15 00:49:09 mas01 sh[17106]: 2018-10-15 00:49:09 regiond: [info] 192.168.11.11 POST /MAAS/metadata/status/6pqeeh HTTP/1.1 --> 204 NO_CONTENT (referrer: -; agent: Curtin/18.1-17-gae48e86f-0ubuntu1~16.04.1)
Oct 15 00:49:10 mas01 sh[16680]: 2018-10-15 00:49:10 regiond: [info] 192.168.11.10 POST /MAAS/metadata/status/7gttwm HTTP/1.1 --> 204 NO_CONTENT (referrer: -; agent: Curtin/18.1-17-gae48e86f-0ubuntu1~16.04.1)
Oct 15 00:49:10 mas01 sh[17106]: 2018-10-15 00:49:10 regiond: [info] 192.168.11.11 POST /MAAS/metadata/status/6pqeeh HTTP/1.1 --> 204 NO_CONTENT (referrer: -; agent: Curtin/18.1-17-gae48e86f-0ubuntu1~16.04.1)
Oct 15 00:49:10 mas01 sh[16680]: 2018-10-15 00:49:10 regiond: [info] 192.168.11.10 POST /MAAS/metadata/status/7gttwm HTTP/1.1 --> 204 NO_CONTENT (referrer: -; agent: Curtin/18.1-17-gae48e86f-0ubuntu1~16.04.1)
Oct 15 00:49:10 mas01 sh[16676]: 2018-10-15 00:49:10 regiond: [info] 192.168.11.10 POST /MAAS/metadata/status/7gttwm HTTP/1.1 --> 204 NO_CONTENT (referrer: -; agent: Curtin/18.1-17-gae48e86f-0ubuntu1~16.04.1)
Oct 15 00:49:10 mas01 sh[16680]: 2018-10-15 00:49:10 regiond: [info] 192.168.11.10 POST /MAAS/metadata/status/7gttwm HTTP/1.1 --> 204 NO_CONTENT (referrer: -; agent: Curtin/18.1-17-gae48e86f-0ubuntu1~16.04.1)
Oct 15 00:49:10 mas01 sh[16672]: 2018-10-15 00:49:10 regiond: [info] 192.168.11.11 POST /MAAS/metadata/status/6pqeeh HTTP/1.1 --> 204 NO_CONTENT (referrer: -; agent: Curtin/18.1-17-gae48e86f-0ubuntu1~16.04.1)
Oct 15 00:49:10 mas01 sh[16680]: 2018-10-15 00:49:10 regiond: [info] 192.168.11.11 POST /MAAS/metadata/status/6pqeeh HTTP/1.1 --> 204 NO_CONTENT (referrer: -; agent: Curtin/18.1-17-gae48e86f-0ubuntu1~16.04.1)
Oct 15 00:49:10 mas01 sh[16680]: 2018-10-15 00:49:10 regiond: [info] 192.168.11.11 POST /MAAS/metadata/status/6pqeeh HTTP/1.1 --> 204 NO_CONTENT (referrer: -; agent: Curtin/18.1-17-gae48e86f-0ubuntu1~16.04.1)
Oct 15 00:49:11 mas01 sh[16676]: 2018-10-15 00:49:11 regiond: [info] 192.168.11.10 POST /MAAS/metadata/status/7gttwm HTTP/1.1 --> 204 NO_CONTENT (referrer: -; agent: Curtin/18.1-17-gae48e86f-0ubuntu1~16.04.1)
Oct 15 00:49:11 mas01 sh[17106]: 2018-10-15 00:49:11 regiond: [info] 192.168.11.11 POST /MAAS/metadata/status/6pqeeh HTTP/1.1 --> 204 NO_CONTENT (referrer: -; agent: Curtin/18.1-17-gae48e86f-0ubuntu1~16.04.1)
Oct 15 00:49:11 mas01 dhcpd[22042]: execute_statement argv[0] = /usr/sbin/maas-dhcp-helper
Oct 15 00:49:11 mas01 dhcpd[22042]: execute_statement argv[1] = notify
Oct 15 00:49:11 mas01 dhcpd[22042]: execute_statement argv[2] = --action
Oct 15 00:49:11 mas01 dhcpd[22042]: execute_statement argv[3] = expiry
Oct 15 00:49:11 mas01 dhcpd[22042]: execute_statement argv[4] = --mac
Oct 15 00:49:11 mas01 dhcpd[22042]: execute_statement argv[5] = 9c:b6:54:8a:10:1c
Oct 15 00:49:11 mas01 dhcpd[22042]: execute_statement argv[6] = --ip-family
Oct 15 00:49:11 mas01 dhcpd[22042]: execute_statement argv[7] = ipv4
Oct 15 00:49:11 mas01 dhcpd[22042]: execute_statement argv[8] = --ip
Oct 15 00:49:11 mas01 dhcpd[22042]: execute_statement argv[9] = 192.168.11.12
Oct 15 00:49:11 mas01 dhcpd[22042]: execute_statement argv[10] = --socket
Oct 15 00:49:11 mas01 dhcpd[22042]: execute_statement argv[11] = /var/lib/maas/dhcpd.sock
Oct 15 00:49:11 mas01 sh[16672]: 2018-10-15 00:49:11 regiond: [info] 192.168.11.10 POST /MAAS/metadata/status/7gttwm HTTP/1.1 --> 204 NO_CONTENT (referrer: -; agent: Curtin/18.1-17-gae48e86f-0ubuntu1~16.04.1)
Oct 15 00:49:11 mas01 sh[16676]: 2018-10-15 00:49:11 regiond: [info] 192.168.11.11 POST /MAAS/metadata/status/6pqeeh HTTP/1.1 --> 204 NO_CONTENT (referrer: -; agent: Curtin/18.1-17-gae48e86f-0ubuntu1~16.04.1)
Oct 15 00:49:11 mas01 sh[16676]: 2018-10-15 00:49:11 regiond: [info] 192.168.11.10 POST /MAAS/metadata/status/7gttwm HTTP/1.1 --> 204 NO_CONTENT (referrer: -; agent: Curtin/18.1-17-gae48e86f-0ubuntu1~16.04.1)
Oct 15 00:49:11 mas01 sh[16680]: 2018-10-15 00:49:11 regiond: [info] 192.168.11.10 POST /MAAS/metadata/status/7gttwm HTTP/1.1 --> 204 NO_CONTENT (referrer: -; agent: Curtin/18.1-17-gae48e86f-0ubuntu1~16.04.1)
Oct 15 00:49:11 mas01 sh[17106]: 2018-10-15 00:49:11 regiond: [info] 192.168.11.11 POST /MAAS/metadata/status/6pqeeh HTTP/1.1 --> 204 NO_CONTENT (referrer: -; agent: Curtin/18.1-17-gae48e86f-0ubuntu1~16.04.1)
Oct 15 00:49:11 mas01 sh[16676]: 2018-10-15 00:49:11 regiond: [info] 192.168.11.11 POST /MAAS/metadata/status/6pqeeh HTTP/1.1 --> 204 NO_CONTENT (referrer: -; agent: Curtin/18.1-17-gae48e86f-0ubuntu1~16.04.1)
Oct 15 00:49:11 mas01 sh[17106]: 2018-10-15 00:49:11 maasserver.rpc.leases: [info] Lease update: expiry for 192.168.11.12 on 9c:b6:54:8a:10:1c at 2018-10-15 00:49:11
Oct 15 00:49:11 mas01 named[16602]: received control channel command 'reload'
Oct 15 00:49:11 mas01 named[16602]: loading configuration from '/etc/bind/named.conf'
Oct 15 00:49:11 mas01 named[16602]: reading built-in trusted keys from file '/etc/bind/bind.keys'
Oct 15 00:49:11 mas01 named[16602]: initializing GeoIP Country (IPv4) (type 1) DB
Oct 15 00:49:11 mas01 named[16602]: GEO-106FREE 20160408 Bu
Oct 15 00:49:11 mas01 named[16602]: initializing GeoIP Country (IPv6) (type 12) DB
Oct 15 00:49:11 mas01 named[16602]: GEO-106FREE 20160408 Bu
Oct 15 00:49:11 mas01 named[16602]: GeoIP City (IPv4) (type 2) DB not available
Oct 15 00:49:11 mas01 named[16602]: GeoIP City (IPv4) (type 6) DB not available
Oct 15 00:49:11 mas01 named[16602]: GeoIP City (IPv6) (type 30) DB not available
Oct 15 00:49:11 mas01 named[16602]: GeoIP City (IPv6) (type 31) DB not available
Oct 15 00:49:11 mas01 named[16602]: GeoIP Region (type 3) DB not available
Oct 15 00:49:11 mas01 named[16602]: GeoIP Region (type 7) DB not available
Oct 15 00:49:11 mas01 named[16602]: GeoIP ISP (type 4) DB not available
Oct 15 00:49:11 mas01 named[16602]: GeoIP Org (type 5) DB not available
Oct 15 00:49:11 mas01 named[16602]: GeoIP AS (type 9) DB not available
Oct 15 00:49:11 mas01 named[16602]: GeoIP Domain (type 11) DB not available
Oct 15 00:49:11 mas01 named[16602]: GeoIP NetSpeed (type 10) DB not available
Oct 15 00:49:11 mas01 named[16602]: using default UDP/IPv4 port range: [32768, 60999]
Oct 15 00:49:11 mas01 named[16602]: using default UDP/IPv6 port range: [32768, 60999]
Oct 15 00:49:11 mas01 named[16602]: sizing zone task pool based on 9 zones
Oct 15 00:49:11 mas01 named[16602]: automatic empty zone: 10.IN-ADDR.ARPA
Oct 15 00:49:11 mas01 named[16602]: automatic empty zone: 16.172.IN-ADDR.ARPA
Oct 15 00:49:11 mas01 named[16602]: automatic empty zone: 17.172.IN-ADDR.ARPA
Oct 15 00:49:11 mas01 named[16602]: automatic empty zone: 18.172.IN-ADDR.ARPA
Oct 15 00:49:11 mas01 named[16602]: automatic empty zone: 19.172.IN-ADDR.ARPA
Oct 15 00:49:11 mas01 named[16602]: automatic empty zone: 20.172.IN-ADDR.ARPA
Oct 15 00:49:11 mas01 named[16602]: automatic empty zone: 21.172.IN-ADDR.ARPA
Oct 15 00:49:11 mas01 named[16602]: automatic empty zone: 22.172.IN-ADDR.ARPA
Oct 15 00:49:11 mas01 named[16602]: automatic empty zone: 23.172.IN-ADDR.ARPA
Oct 15 00:49:11 mas01 named[16602]: automatic empty zone: 24.172.IN-ADDR.ARPA
Oct 15 00:49:11 mas01 named[16602]: automatic empty zone: 25.172.IN-ADDR.ARPA
Oct 15 00:49:11 mas01 named[16602]: automatic empty zone: 26.172.IN-ADDR.ARPA
Oct 15 00:49:11 mas01 named[16602]: automatic empty zone: 27.172.IN-ADDR.ARPA
Oct 15 00:49:11 mas01 named[16602]: automatic empty zone: 28.172.IN-ADDR.ARPA
Oct 15 00:49:11 mas01 named[16602]: automatic empty zone: 29.172.IN-ADDR.ARPA
Oct 15 00:49:11 mas01 named[16602]: automatic empty zone: 30.172.IN-ADDR.ARPA
Oct 15 00:49:11 mas01 named[16602]: automatic empty zone: 31.172.IN-ADDR.ARPA
Oct 15 00:49:11 mas01 named[16602]: automatic empty zone: 168.192.IN-ADDR.ARPA
Oct 15 00:49:11 mas01 named[16602]: automatic empty zone: 64.100.IN-ADDR.ARPA
Oct 15 00:49:11 mas01 named[16602]: automatic empty zone: 65.100.IN-ADDR.ARPA
Oct 15 00:49:11 mas01 named[16602]: automatic empty zone: 66.100.IN-ADDR.ARPA
Oct 15 00:49:11 mas01 named[16602]: automatic empty zone: 67.100.IN-ADDR.ARPA
Oct 15 00:49:11 mas01 named[16602]: automatic empty zone: 68.100.IN-ADDR.ARPA
Oct 15 00:49:11 mas01 named[16602]: automatic empty zone: 69.100.IN-ADDR.ARPA
Oct 15 00:49:11 mas01 named[16602]: automatic empty zone: 70.100.IN-ADDR.ARPA
Oct 15 00:49:11 mas01 named[16602]: automatic empty zone: 71.100.IN-ADDR.ARPA
Oct 15 00:49:11 mas01 named[16602]: automatic empty zone: 72.100.IN-ADDR.ARPA
Oct 15 00:49:11 mas01 named[16602]: automatic empty zone: 73.100.IN-ADDR.ARPA
Oct 15 00:49:11 mas01 named[16602]: automatic empty zone: 74.100.IN-ADDR.ARPA
Oct 15 00:49:11 mas01 named[16602]: automatic empty zone: 75.100.IN-ADDR.ARPA
Oct 15 00:49:11 mas01 named[16602]: automatic empty zone: 76.100.IN-ADDR.ARPA
Oct 15 00:49:11 mas01 named[16602]: automatic empty zone: 77.100.IN-ADDR.ARPA
Oct 15 00:49:11 mas01 named[16602]: automatic empty zone: 78.100.IN-ADDR.ARPA
Oct 15 00:49:11 mas01 named[16602]: automatic empty zone: 79.100.IN-ADDR.ARPA
Oct 15 00:49:11 mas01 named[16602]: automatic empty zone: 80.100.IN-ADDR.ARPA
Oct 15 00:49:11 mas01 named[16602]: automatic empty zone: 81.100.IN-ADDR.ARPA
Oct 15 00:49:11 mas01 named[16602]: automatic empty zone: 82.100.IN-ADDR.ARPA
Oct 15 00:49:11 mas01 named[16602]: automatic empty zone: 83.100.IN-ADDR.ARPA
Oct 15 00:49:11 mas01 named[16602]: automatic empty zone: 84.100.IN-ADDR.ARPA
Oct 15 00:49:11 mas01 named[16602]: automatic empty zone: 85.100.IN-ADDR.ARPA
Oct 15 00:49:11 mas01 named[16602]: automatic empty zone: 86.100.IN-ADDR.ARPA
Oct 15 00:49:11 mas01 named[16602]: automatic empty zone: 87.100.IN-ADDR.ARPA
Oct 15 00:49:11 mas01 named[16602]: automatic empty zone: 88.100.IN-ADDR.ARPA
Oct 15 00:49:11 mas01 named[16602]: automatic empty zone: 89.100.IN-ADDR.ARPA
Oct 15 00:49:11 mas01 named[16602]: automatic empty zone: 90.100.IN-ADDR.ARPA
Oct 15 00:49:11 mas01 named[16602]: automatic empty zone: 91.100.IN-ADDR.ARPA
Oct 15 00:49:11 mas01 named[16602]: automatic empty zone: 92.100.IN-ADDR.ARPA
Oct 15 00:49:11 mas01 named[16602]: automatic empty zone: 93.100.IN-ADDR.ARPA
Oct 15 00:49:11 mas01 named[16602]: automatic empty zone: 94.100.IN-ADDR.ARPA
Oct 15 00:49:11 mas01 named[16602]: automatic empty zone: 95.100.IN-ADDR.ARPA
Oct 15 00:49:11 mas01 named[16602]: automatic empty zone: 96.100.IN-ADDR.ARPA
Oct 15 00:49:11 mas01 named[16602]: automatic empty zone: 97.100.IN-ADDR.ARPA
Oct 15 00:49:11 mas01 named[16602]: automatic empty zone: 98.100.IN-ADDR.ARPA
Oct 15 00:49:11 mas01 named[16602]: automatic empty zone: 99.100.IN-ADDR.ARPA
Oct 15 00:49:11 mas01 named[16602]: automatic empty zone: 100.100.IN-ADDR.ARPA
Oct 15 00:49:11 mas01 named[16602]: automatic empty zone: 101.100.IN-ADDR.ARPA
Oct 15 00:49:11 mas01 named[16602]: automatic empty zone: 102.100.IN-ADDR.ARPA
Oct 15 00:49:11 mas01 named[16602]: automatic empty zone: 103.100.IN-ADDR.ARPA
Oct 15 00:49:11 mas01 named[16602]: automatic empty zone: 104.100.IN-ADDR.ARPA
Oct 15 00:49:11 mas01 named[16602]: automatic empty zone: 105.100.IN-ADDR.ARPA
Oct 15 00:49:11 mas01 named[16602]: automatic empty zone: 106.100.IN-ADDR.ARPA
Oct 15 00:49:11 mas01 named[16602]: automatic empty zone: 107.100.IN-ADDR.ARPA
Oct 15 00:49:11 mas01 named[16602]: automatic empty zone: 108.100.IN-ADDR.ARPA
Oct 15 00:49:11 mas01 named[16602]: automatic empty zone: 109.100.IN-ADDR.ARPA
Oct 15 00:49:11 mas01 named[16602]: automatic empty zone: 110.100.IN-ADDR.ARPA
Oct 15 00:49:11 mas01 named[16602]: automatic empty zone: 111.100.IN-ADDR.ARPA
Oct 15 00:49:11 mas01 named[16602]: automatic empty zone: 112.100.IN-ADDR.ARPA
Oct 15 00:49:11 mas01 named[16602]: automatic empty zone: 113.100.IN-ADDR.ARPA
Oct 15 00:49:11 mas01 named[16602]: automatic empty zone: 114.100.IN-ADDR.ARPA
Oct 15 00:49:11 mas01 named[16602]: automatic empty zone: 115.100.IN-ADDR.ARPA
Oct 15 00:49:11 mas01 named[16602]: automatic empty zone: 116.100.IN-ADDR.ARPA
Oct 15 00:49:11 mas01 named[16602]: automatic empty zone: 117.100.IN-ADDR.ARPA
Oct 15 00:49:11 mas01 named[16602]: automatic empty zone: 118.100.IN-ADDR.ARPA
Oct 15 00:49:11 mas01 named[16602]: automatic empty zone: 119.100.IN-ADDR.ARPA
Oct 15 00:49:11 mas01 named[16602]: automatic empty zone: 120.100.IN-ADDR.ARPA
Oct 15 00:49:11 mas01 named[16602]: automatic empty zone: 121.100.IN-ADDR.ARPA
Oct 15 00:49:11 mas01 named[16602]: automatic empty zone: 122.100.IN-ADDR.ARPA
Oct 15 00:49:11 mas01 named[16602]: automatic empty zone: 123.100.IN-ADDR.ARPA
Oct 15 00:49:11 mas01 named[16602]: automatic empty zone: 124.100.IN-ADDR.ARPA
Oct 15 00:49:11 mas01 named[16602]: automatic empty zone: 125.100.IN-ADDR.ARPA
Oct 15 00:49:11 mas01 named[16602]: automatic empty zone: 126.100.IN-ADDR.ARPA
Oct 15 00:49:11 mas01 named[16602]: automatic empty zone: 127.100.IN-ADDR.ARPA
Oct 15 00:49:11 mas01 named[16602]: automatic empty zone: 254.169.IN-ADDR.ARPA
Oct 15 00:49:11 mas01 named[16602]: automatic empty zone: 2.0.192.IN-ADDR.ARPA
Oct 15 00:49:11 mas01 named[16602]: automatic empty zone: 100.51.198.IN-ADDR.ARPA
Oct 15 00:49:11 mas01 named[16602]: automatic empty zone: 113.0.203.IN-ADDR.ARPA
Oct 15 00:49:11 mas01 named[16602]: automatic empty zone: 255.255.255.255.IN-ADDR.ARPA
Oct 15 00:49:11 mas01 named[16602]: automatic empty zone: 0.0.0.0.0.0.0.0.0.0.0.0.0.0.0.0.0.0.0.0.0.0.0.0.0.0.0.0.0.0.0.0.IP6.ARPA
Oct 15 00:49:11 mas01 named[16602]: automatic empty zone: 1.0.0.0.0.0.0.0.0.0.0.0.0.0.0.0.0.0.0.0.0.0.0.0.0.0.0.0.0.0.0.0.IP6.ARPA
Oct 15 00:49:11 mas01 named[16602]: automatic empty zone: D.F.IP6.ARPA
Oct 15 00:49:11 mas01 named[16602]: automatic empty zone: 8.E.F.IP6.ARPA
Oct 15 00:49:11 mas01 named[16602]: automatic empty zone: 9.E.F.IP6.ARPA
Oct 15 00:49:11 mas01 named[16602]: automatic empty zone: A.E.F.IP6.ARPA
Oct 15 00:49:11 mas01 named[16602]: automatic empty zone: B.E.F.IP6.ARPA
Oct 15 00:49:11 mas01 named[16602]: automatic empty zone: 8.B.D.0.1.0.0.2.IP6.ARPA
Oct 15 00:49:11 mas01 named[16602]: automatic empty zone: EMPTY.AS112.ARPA
Oct 15 00:49:11 mas01 named[16602]: configuring command channel from '/etc/bind/rndc.key'
Oct 15 00:49:11 mas01 named[16602]: reloading configuration succeeded
Oct 15 00:49:11 mas01 named[16602]: reloading zones succeeded
Oct 15 00:49:11 mas01 named[16602]: zone 0.20.10.in-addr.arpa/IN: loaded serial 58
Oct 15 00:49:11 mas01 named[16602]: all zones loaded
Oct 15 00:49:11 mas01 named[16602]: zone 11.168.192.in-addr.arpa/IN: loaded serial 58
Oct 15 00:49:11 mas01 named[16602]: running
Oct 15 00:49:11 mas01 named[16602]: zone maas/IN: loaded serial 58
Oct 15 00:49:11 mas01 named[16602]: zone 10.168.192.in-addr.arpa/IN: loaded serial 58
Oct 15 00:49:12 mas01 sh[16680]: 2018-10-15 00:49:12 regiond: [info] 192.168.11.10 POST /MAAS/metadata/status/7gttwm HTTP/1.1 --> 204 NO_CONTENT (referrer: -; agent: Curtin/18.1-17-gae48e86f-0ubuntu1~16.04.1)
Oct 15 00:49:12 mas01 sh[17106]: 2018-10-15 00:49:12 regiond: [info] 192.168.11.11 POST /MAAS/metadata/status/6pqeeh HTTP/1.1 --> 204 NO_CONTENT (referrer: -; agent: Curtin/18.1-17-gae48e86f-0ubuntu1~16.04.1)
Oct 15 00:49:12 mas01 sh[16672]: 2018-10-15 00:49:12 regiond: [info] 192.168.11.10 POST /MAAS/metadata/status/7gttwm HTTP/1.1 --> 204 NO_CONTENT (referrer: -; agent: Curtin/18.1-17-gae48e86f-0ubuntu1~16.04.1)
Oct 15 00:49:12 mas01 sh[16680]: 2018-10-15 00:49:12 regiond: [info] 192.168.11.10 POST /MAAS/metadata/status/7gttwm HTTP/1.1 --> 204 NO_CONTENT (referrer: -; agent: Curtin/18.1-17-gae48e86f-0ubuntu1~16.04.1)
Oct 15 00:49:12 mas01 sh[16680]: 2018-10-15 00:49:12 regiond: [info] 192.168.11.10 POST /MAAS/metadata/status/7gttwm HTTP/1.1 --> 204 NO_CONTENT (referrer: -; agent: Curtin/18.1-17-gae48e86f-0ubuntu1~16.04.1)
Oct 15 00:49:12 mas01 sh[16672]: 2018-10-15 00:49:12 regiond: [info] 192.168.11.11 POST /MAAS/metadata/status/6pqeeh HTTP/1.1 --> 204 NO_CONTENT (referrer: -; agent: Curtin/18.1-17-gae48e86f-0ubuntu1~16.04.1)
Oct 15 00:49:12 mas01 sh[16676]: 2018-10-15 00:49:12 regiond: [info] 192.168.11.11 POST /MAAS/metadata/status/6pqeeh HTTP/1.1 --> 204 NO_CONTENT (referrer: -; agent: Curtin/18.1-17-gae48e86f-0ubuntu1~16.04.1)
Oct 15 00:49:12 mas01 sh[16676]: 2018-10-15 00:49:12 regiond: [info] 192.168.11.11 POST /MAAS/metadata/status/6pqeeh HTTP/1.1 --> 204 NO_CONTENT (referrer: -; agent: Curtin/18.1-17-gae48e86f-0ubuntu1~16.04.1)
Oct 15 00:49:12 mas01 sh[17106]: 2018-10-15 00:49:12 regiond: [info] 192.168.11.10 POST /MAAS/metadata/status/7gttwm HTTP/1.1 --> 204 NO_CONTENT (referrer: -; agent: Curtin/18.1-17-gae48e86f-0ubuntu1~16.04.1)
Oct 15 00:49:12 mas01 sh[16676]: 2018-10-15 00:49:12 regiond: [info] 192.168.11.11 POST /MAAS/metadata/status/6pqeeh HTTP/1.1 --> 204 NO_CONTENT (referrer: -; agent: Curtin/18.1-17-gae48e86f-0ubuntu1~16.04.1)
Oct 15 00:49:13 mas01 sh[16680]: 2018-10-15 00:49:13 regiond: [info] 192.168.11.10 POST /MAAS/metadata/status/7gttwm HTTP/1.1 --> 204 NO_CONTENT (referrer: -; agent: Curtin/18.1-17-gae48e86f-0ubuntu1~16.04.1)
Oct 15 00:49:13 mas01 sh[16680]: 2018-10-15 00:49:13 regiond: [info] 192.168.11.10 POST /MAAS/metadata/status/7gttwm HTTP/1.1 --> 204 NO_CONTENT (referrer: -; agent: Curtin/18.1-17-gae48e86f-0ubuntu1~16.04.1)
Oct 15 00:49:13 mas01 sh[17106]: 2018-10-15 00:49:13 regiond: [info] 192.168.11.10 POST /MAAS/metadata/status/7gttwm HTTP/1.1 --> 204 NO_CONTENT (referrer: -; agent: Curtin/18.1-17-gae48e86f-0ubuntu1~16.04.1)
Oct 15 00:49:13 mas01 sh[16680]: 2018-10-15 00:49:13 regiond: [info] 192.168.11.11 POST /MAAS/metadata/status/6pqeeh HTTP/1.1 --> 204 NO_CONTENT (referrer: -; agent: Curtin/18.1-17-gae48e86f-0ubuntu1~16.04.1)
Oct 15 00:49:13 mas01 sh[16672]: 2018-10-15 00:49:13 regiond: [info] 192.168.11.11 POST /MAAS/metadata/status/6pqeeh HTTP/1.1 --> 204 NO_CONTENT (referrer: -; agent: Curtin/18.1-17-gae48e86f-0ubuntu1~16.04.1)
Oct 15 00:49:13 mas01 sh[17106]: 2018-10-15 00:49:13 regiond: [info] 192.168.11.11 POST /MAAS/metadata/status/6pqeeh HTTP/1.1 --> 204 NO_CONTENT (referrer: -; agent: Curtin/18.1-17-gae48e86f-0ubuntu1~16.04.1)
Oct 15 00:49:13 mas01 sh[16680]: 2018-10-15 00:49:13 regiond: [info] 192.168.11.10 POST /MAAS/metadata/status/7gttwm HTTP/1.1 --> 204 NO_CONTENT (referrer: -; agent: Curtin/18.1-17-gae48e86f-0ubuntu1~16.04.1)
Oct 15 00:49:13 mas01 ntpd[17218]: Soliciting pool server 91.189.89.198
Oct 15 00:49:13 mas01 sh[16676]: 2018-10-15 00:49:13 regiond: [info] 192.168.11.11 POST /MAAS/metadata/status/6pqeeh HTTP/1.1 --> 204 NO_CONTENT (referrer: -; agent: Curtin/18.1-17-gae48e86f-0ubuntu1~16.04.1)
Oct 15 00:49:13 mas01 sh[16680]: 2018-10-15 00:49:13 regiond: [info] 192.168.11.10 POST /MAAS/metadata/status/7gttwm HTTP/1.1 --> 204 NO_CONTENT (referrer: -; agent: Curtin/18.1-17-gae48e86f-0ubuntu1~16.04.1)
Oct 15 00:49:13 mas01 sh[16672]: 2018-10-15 00:49:13 regiond: [info] 192.168.11.10 POST /MAAS/metadata/status/7gttwm HTTP/1.1 --> 204 NO_CONTENT (referrer: -; agent: Curtin/18.1-17-gae48e86f-0ubuntu1~16.04.1)
Oct 15 00:49:13 mas01 sh[16680]: 2018-10-15 00:49:13 regiond: [info] 192.168.11.10 POST /MAAS/metadata/status/7gttwm HTTP/1.1 --> 204 NO_CONTENT (referrer: -; agent: Curtin/18.1-17-gae48e86f-0ubuntu1~16.04.1)
Oct 15 00:49:13 mas01 sh[17106]: 2018-10-15 00:49:13 regiond: [info] 192.168.11.11 POST /MAAS/metadata/status/6pqeeh HTTP/1.1 --> 204 NO_CONTENT (referrer: -; agent: Curtin/18.1-17-gae48e86f-0ubuntu1~16.04.1)
Oct 15 00:49:13 mas01 sh[16676]: 2018-10-15 00:49:13 regiond: [info] 192.168.11.11 POST /MAAS/metadata/status/6pqeeh HTTP/1.1 --> 204 NO_CONTENT (referrer: -; agent: Curtin/18.1-17-gae48e86f-0ubuntu1~16.04.1)
Oct 15 00:49:13 mas01 sh[16676]: 2018-10-15 00:49:13 regiond: [info] 192.168.11.11 POST /MAAS/metadata/status/6pqeeh HTTP/1.1 --> 204 NO_CONTENT (referrer: -; agent: Curtin/18.1-17-gae48e86f-0ubuntu1~16.04.1)
Oct 15 00:49:14 mas01 sh[17106]: 2018-10-15 00:49:14 regiond: [info] 192.168.11.10 POST /MAAS/metadata/status/7gttwm HTTP/1.1 --> 204 NO_CONTENT (referrer: -; agent: Curtin/18.1-17-gae48e86f-0ubuntu1~16.04.1)
Oct 15 00:49:14 mas01 sh[16680]: 2018-10-15 00:49:14 regiond: [info] 192.168.11.10 POST /MAAS/metadata/status/7gttwm HTTP/1.1 --> 204 NO_CONTENT (referrer: -; agent: python-requests/2.9.1)
Oct 15 00:49:14 mas01 sh[16680]: 2018-10-15 00:49:14 regiond: [info] 192.168.11.11 POST /MAAS/metadata/status/6pqeeh HTTP/1.1 --> 204 NO_CONTENT (referrer: -; agent: Curtin/18.1-17-gae48e86f-0ubuntu1~16.04.1)
Oct 15 00:49:14 mas01 sh[16676]: 2018-10-15 00:49:14 regiond: [info] 192.168.11.10 POST /MAAS/metadata/status/7gttwm HTTP/1.1 --> 204 NO_CONTENT (referrer: -; agent: python-requests/2.9.1)
Oct 15 00:49:14 mas01 sh[16680]: 2018-10-15 00:49:14 regiond: [info] 192.168.11.10 POST /MAAS/metadata/status/7gttwm HTTP/1.1 --> 204 NO_CONTENT (referrer: -; agent: python-requests/2.9.1)
Oct 15 00:49:14 mas01 sh[17106]: 2018-10-15 00:49:14 regiond: [info] 192.168.11.10 POST /MAAS/metadata/status/7gttwm HTTP/1.1 --> 204 NO_CONTENT (referrer: -; agent: python-requests/2.9.1)
Oct 15 00:49:14 mas01 sh[16680]: 2018-10-15 00:49:14 regiond: [info] 192.168.11.11 POST /MAAS/metadata/status/6pqeeh HTTP/1.1 --> 204 NO_CONTENT (referrer: -; agent: python-requests/2.9.1)
Oct 15 00:49:14 mas01 sh[16672]: 2018-10-15 00:49:14 regiond: [info] 192.168.11.11 POST /MAAS/metadata/status/6pqeeh HTTP/1.1 --> 204 NO_CONTENT (referrer: -; agent: python-requests/2.9.1)
Oct 15 00:49:14 mas01 sh[16676]: 2018-10-15 00:49:14 regiond: [info] 192.168.11.11 POST /MAAS/metadata/status/6pqeeh HTTP/1.1 --> 204 NO_CONTENT (referrer: -; agent: python-requests/2.9.1)
Oct 15 00:49:14 mas01 sh[16680]: 2018-10-15 00:49:14 regiond: [info] 192.168.11.11 POST /MAAS/metadata/status/6pqeeh HTTP/1.1 --> 204 NO_CONTENT (referrer: -; agent: python-requests/2.9.1)
Oct 15 00:49:14 mas01 sh[16676]: 2018-10-15 00:49:14 regiond: [info] 192.168.11.10 POST /MAAS/metadata/status/7gttwm HTTP/1.1 --> 204 NO_CONTENT (referrer: -; agent: python-requests/2.9.1)
Oct 15 00:49:14 mas01 sh[16676]: 2018-10-15 00:49:14 regiond: [info] 192.168.11.10 POST /MAAS/metadata/status/7gttwm HTTP/1.1 --> 204 NO_CONTENT (referrer: -; agent: python-requests/2.9.1)
Oct 15 00:49:14 mas01 sh[16680]: 2018-10-15 00:49:14 regiond: [info] 192.168.11.10 POST /MAAS/metadata/status/7gttwm HTTP/1.1 --> 204 NO_CONTENT (referrer: -; agent: python-requests/2.9.1)
Oct 15 00:49:14 mas01 sh[16672]: 2018-10-15 00:49:14 regiond: [info] 192.168.11.10 POST /MAAS/metadata/status/7gttwm HTTP/1.1 --> 204 NO_CONTENT (referrer: -; agent: python-requests/2.9.1)
Oct 15 00:49:14 mas01 sh[16680]: 2018-10-15 00:49:14 regiond: [info] 192.168.11.11 POST /MAAS/metadata/status/6pqeeh HTTP/1.1 --> 204 NO_CONTENT (referrer: -; agent: python-requests/2.9.1)
Oct 15 00:49:14 mas01 sh[17106]: 2018-10-15 00:49:14 regiond: [info] 192.168.11.10 POST /MAAS/metadata/status/7gttwm HTTP/1.1 --> 204 NO_CONTENT (referrer: -; agent: python-requests/2.9.1)
Oct 15 00:49:14 mas01 sh[16672]: 2018-10-15 00:49:14 regiond: [info] 192.168.11.11 POST /MAAS/metadata/status/6pqeeh HTTP/1.1 --> 204 NO_CONTENT (referrer: -; agent: python-requests/2.9.1)
Oct 15 00:49:14 mas01 sh[16676]: 2018-10-15 00:49:14 regiond: [info] 192.168.11.10 POST /MAAS/metadata/status/7gttwm HTTP/1.1 --> 204 NO_CONTENT (referrer: -; agent: python-requests/2.9.1)
Oct 15 00:49:14 mas01 sh[16676]: 2018-10-15 00:49:14 regiond: [info] 192.168.11.11 POST /MAAS/metadata/status/6pqeeh HTTP/1.1 --> 204 NO_CONTENT (referrer: -; agent: python-requests/2.9.1)
Oct 15 00:49:14 mas01 sh[16672]: 2018-10-15 00:49:14 regiond: [info] 192.168.11.11 POST /MAAS/metadata/status/6pqeeh HTTP/1.1 --> 204 NO_CONTENT (referrer: -; agent: python-requests/2.9.1)
Oct 15 00:49:14 mas01 sh[16680]: 2018-10-15 00:49:14 regiond: [info] 192.168.11.10 POST /MAAS/metadata/status/7gttwm HTTP/1.1 --> 204 NO_CONTENT (referrer: -; agent: python-requests/2.9.1)
Oct 15 00:49:14 mas01 sh[16672]: 2018-10-15 00:49:14 regiond: [info] 192.168.11.11 POST /MAAS/metadata/status/6pqeeh HTTP/1.1 --> 204 NO_CONTENT (referrer: -; agent: python-requests/2.9.1)
Oct 15 00:49:14 mas01 sh[17106]: 2018-10-15 00:49:14 regiond: [info] 192.168.11.11 POST /MAAS/metadata/status/6pqeeh HTTP/1.1 --> 204 NO_CONTENT (referrer: -; agent: python-requests/2.9.1)
Oct 15 00:49:14 mas01 sh[16676]: 2018-10-15 00:49:14 regiond: [info] 192.168.11.11 POST /MAAS/metadata/status/6pqeeh HTTP/1.1 --> 204 NO_CONTENT (referrer: -; agent: python-requests/2.9.1)
Oct 15 00:49:14 mas01 sh[16676]: 2018-10-15 00:49:14 regiond: [info] 192.168.11.10 POST /MAAS/metadata/status/7gttwm HTTP/1.1 --> 204 NO_CONTENT (referrer: -; agent: python-requests/2.9.1)
Oct 15 00:49:14 mas01 sh[16680]: 2018-10-15 00:49:14 regiond: [info] 192.168.11.11 POST /MAAS/metadata/status/6pqeeh HTTP/1.1 --> 204 NO_CONTENT (referrer: -; agent: python-requests/2.9.1)
Oct 15 00:49:15 mas01 sh[17106]: 2018-10-15 00:49:15 maasserver.region_controller: [info] Reloaded DNS configuration; ip 192.168.11.12 released
Oct 15 00:49:16 mas01 salt-minion[1362]: [INFO    ] User sudo_ubuntu Executing command state.apply with jid 20181015004916378479
Oct 15 00:49:16 mas01 salt-minion[1362]: [INFO    ] Starting a new job with PID 24647
Oct 15 00:49:17 mas01 salt-minion[1362]: [INFO    ] Loading fresh modules for state activity
Oct 15 00:49:17 mas01 salt-minion[1362]: [INFO    ] Running state [maas-region apikey --username opnfv > /var/lib/maas/.maas_credentials] at time 00:49:17.105961
Oct 15 00:49:17 mas01 salt-minion[1362]: [INFO    ] Executing state cmd.run for [maas-region apikey --username opnfv > /var/lib/maas/.maas_credentials]
Oct 15 00:49:17 mas01 salt-minion[1362]: [INFO    ] Executing command 'maas-region apikey --username opnfv > /var/lib/maas/.maas_credentials' in directory '/root'
Oct 15 00:49:18 mas01 salt-minion[1362]: [INFO    ] {'pid': 24654, 'retcode': 0, 'stderr': '', 'stdout': ''}
Oct 15 00:49:18 mas01 salt-minion[1362]: [INFO    ] Completed state [maas-region apikey --username opnfv > /var/lib/maas/.maas_credentials] at time 00:49:18.926509 duration_in_ms=1820.548
Oct 15 00:49:18 mas01 salt-minion[1362]: [INFO    ] Running state [maas.machines_status] at time 00:49:18.928645
Oct 15 00:49:18 mas01 salt-minion[1362]: [INFO    ] Executing state module.run for [maas.machines_status]
Oct 15 00:49:18 mas01 salt-minion[1362]: [WARNING ] The function "module.run" is using its deprecated version and will expire in version "Sodium".
Oct 15 00:49:19 mas01 sh[16672]: 2018-10-15 00:49:19 regiond: [info] 127.0.0.1 GET /MAAS/api/2.0/machines/ HTTP/1.1 --> 200 OK (referrer: -; agent: Python-urllib/2.7)
Oct 15 00:49:19 mas01 salt-minion[1362]: [INFO    ] {'ret': {'machines': [{'status': 'Deploying', 'hostname': u'cmp002', 'system_id': u'7gttwm'}, {'status': 'Deploying', 'hostname': u'cmp001', 'system_id': u'6pqeeh'}, {'status': 'Deploying', 'hostname': u'kvm01', 'system_id': u'6f8pxw'}, {'status': 'Deploying', 'hostname': u'kvm03', 'system_id': u'mrkgft'}, {'status': 'Deploying', 'hostname': u'kvm02', 'system_id': u'wdpewe'}], 'summary': Counter({'Deploying': 5})}}
Oct 15 00:49:19 mas01 salt-minion[1362]: [INFO    ] Completed state [maas.machines_status] at time 00:49:19.611193 duration_in_ms=682.547
Oct 15 00:49:19 mas01 salt-minion[1362]: [INFO    ] Returning information for job: 20181015004916378479
Oct 15 00:49:30 mas01 salt-minion[1362]: [INFO    ] User sudo_ubuntu Executing command state.apply with jid 20181015004930318338
Oct 15 00:49:30 mas01 salt-minion[1362]: [INFO    ] Starting a new job with PID 24668
Oct 15 00:49:31 mas01 sh[16676]: 2018-10-15 00:49:31 regiond: [info] 192.168.11.15 POST /MAAS/metadata/status/wdpewe HTTP/1.1 --> 204 NO_CONTENT (referrer: -; agent: Curtin/18.1-17-gae48e86f-0ubuntu1~16.04.1)
Oct 15 00:49:31 mas01 sh[17106]: 2018-10-15 00:49:31 regiond: [info] 192.168.11.15 POST /MAAS/metadata/status/wdpewe HTTP/1.1 --> 204 NO_CONTENT (referrer: -; agent: Curtin/18.1-17-gae48e86f-0ubuntu1~16.04.1)
Oct 15 00:49:31 mas01 sh[16672]: 2018-10-15 00:49:31 regiond: [info] 192.168.11.15 POST /MAAS/metadata/status/wdpewe HTTP/1.1 --> 204 NO_CONTENT (referrer: -; agent: Curtin/18.1-17-gae48e86f-0ubuntu1~16.04.1)
Oct 15 00:49:31 mas01 sh[17106]: 2018-10-15 00:49:31 regiond: [info] 192.168.11.15 POST /MAAS/metadata/status/wdpewe HTTP/1.1 --> 204 NO_CONTENT (referrer: -; agent: Curtin/18.1-17-gae48e86f-0ubuntu1~16.04.1)
Oct 15 00:49:31 mas01 sh[16676]: 2018-10-15 00:49:31 regiond: [info] 192.168.11.15 POST /MAAS/metadata/status/wdpewe HTTP/1.1 --> 204 NO_CONTENT (referrer: -; agent: Curtin/18.1-17-gae48e86f-0ubuntu1~16.04.1)
Oct 15 00:49:31 mas01 sh[16676]: 2018-10-15 00:49:31 regiond: [info] 192.168.11.15 POST /MAAS/metadata/status/wdpewe HTTP/1.1 --> 204 NO_CONTENT (referrer: -; agent: Curtin/18.1-17-gae48e86f-0ubuntu1~16.04.1)
Oct 15 00:49:31 mas01 sh[16680]: 2018-10-15 00:49:31 regiond: [info] 192.168.11.15 POST /MAAS/metadata/status/wdpewe HTTP/1.1 --> 204 NO_CONTENT (referrer: -; agent: Curtin/18.1-17-gae48e86f-0ubuntu1~16.04.1)
Oct 15 00:49:31 mas01 sh[17106]: 2018-10-15 00:49:31 regiond: [info] 192.168.11.15 POST /MAAS/metadata/status/wdpewe HTTP/1.1 --> 204 NO_CONTENT (referrer: -; agent: Curtin/18.1-17-gae48e86f-0ubuntu1~16.04.1)
Oct 15 00:49:31 mas01 sh[17106]: message repeated 2 times: [ 2018-10-15 00:49:31 regiond: [info] 192.168.11.15 POST /MAAS/metadata/status/wdpewe HTTP/1.1 --> 204 NO_CONTENT (referrer: -; agent: Curtin/18.1-17-gae48e86f-0ubuntu1~16.04.1)]
Oct 15 00:49:32 mas01 sh[16680]: 2018-10-15 00:49:32 regiond: [info] 192.168.11.15 POST /MAAS/metadata/status/wdpewe HTTP/1.1 --> 204 NO_CONTENT (referrer: -; agent: Curtin/18.1-17-gae48e86f-0ubuntu1~16.04.1)
Oct 15 00:49:32 mas01 sh[16672]: 2018-10-15 00:49:32 regiond: [info] 192.168.11.15 POST /MAAS/metadata/status/wdpewe HTTP/1.1 --> 204 NO_CONTENT (referrer: -; agent: Curtin/18.1-17-gae48e86f-0ubuntu1~16.04.1)
Oct 15 00:49:32 mas01 sh[16676]: 2018-10-15 00:49:32 regiond: [info] 192.168.11.15 GET /MAAS/api/version/ HTTP/1.1 --> 200 OK (referrer: -; agent: Curtin/18.1-17-gae48e86f-0ubuntu1~16.04.1)
Oct 15 00:49:32 mas01 sh[16680]: 2018-10-15 00:49:32 regiond: [info] 192.168.11.15 GET /MAAS/api/2.0/version/ HTTP/1.1 --> 200 OK (referrer: -; agent: Curtin/18.1-17-gae48e86f-0ubuntu1~16.04.1)
Oct 15 00:49:32 mas01 sh[16680]: 2018-10-15 00:49:32 regiond: [info] 192.168.11.15 POST /MAAS/metadata/status/wdpewe HTTP/1.1 --> 204 NO_CONTENT (referrer: -; agent: Curtin/18.1-17-gae48e86f-0ubuntu1~16.04.1)
Oct 15 00:49:33 mas01 salt-minion[1362]: [INFO    ] Loading fresh modules for state activity
Oct 15 00:49:33 mas01 salt-minion[1362]: [INFO    ] Running state [maas-region apikey --username opnfv > /var/lib/maas/.maas_credentials] at time 00:49:33.350206
Oct 15 00:49:33 mas01 salt-minion[1362]: [INFO    ] Executing state cmd.run for [maas-region apikey --username opnfv > /var/lib/maas/.maas_credentials]
Oct 15 00:49:33 mas01 salt-minion[1362]: [INFO    ] Executing command 'maas-region apikey --username opnfv > /var/lib/maas/.maas_credentials' in directory '/root'
Oct 15 00:49:35 mas01 salt-minion[1362]: [INFO    ] {'pid': 24677, 'retcode': 0, 'stderr': '', 'stdout': ''}
Oct 15 00:49:35 mas01 salt-minion[1362]: [INFO    ] Completed state [maas-region apikey --username opnfv > /var/lib/maas/.maas_credentials] at time 00:49:35.203079 duration_in_ms=1852.872
Oct 15 00:49:35 mas01 salt-minion[1362]: [INFO    ] Running state [maas.machines_status] at time 00:49:35.206230
Oct 15 00:49:35 mas01 salt-minion[1362]: [INFO    ] Executing state module.run for [maas.machines_status]
Oct 15 00:49:35 mas01 salt-minion[1362]: [WARNING ] The function "module.run" is using its deprecated version and will expire in version "Sodium".
Oct 15 00:49:35 mas01 sh[16676]: 2018-10-15 00:49:35 regiond: [info] 127.0.0.1 GET /MAAS/api/2.0/machines/ HTTP/1.1 --> 200 OK (referrer: -; agent: Python-urllib/2.7)
Oct 15 00:49:35 mas01 salt-minion[1362]: [INFO    ] {'ret': {'machines': [{'status': 'Deploying', 'hostname': u'cmp002', 'system_id': u'7gttwm'}, {'status': 'Deploying', 'hostname': u'cmp001', 'system_id': u'6pqeeh'}, {'status': 'Deploying', 'hostname': u'kvm01', 'system_id': u'6f8pxw'}, {'status': 'Deploying', 'hostname': u'kvm03', 'system_id': u'mrkgft'}, {'status': 'Deploying', 'hostname': u'kvm02', 'system_id': u'wdpewe'}], 'summary': Counter({'Deploying': 5})}}
Oct 15 00:49:35 mas01 salt-minion[1362]: [INFO    ] Completed state [maas.machines_status] at time 00:49:35.878542 duration_in_ms=672.312
Oct 15 00:49:35 mas01 salt-minion[1362]: [INFO    ] Returning information for job: 20181015004930318338
Oct 15 00:49:36 mas01 sh[16680]: 2018-10-15 00:49:36 regiond: [info] 127.0.0.1 GET /MAAS/rpc/ HTTP/1.0 --> 200 OK (referrer: -; agent: provisioningserver.rpc.clusterservice.ClusterClientService)
Oct 15 00:49:38 mas01 sh[16672]: 2018-10-15 00:49:38 regiond: [info] 192.168.11.15 POST /MAAS/metadata/status/wdpewe HTTP/1.1 --> 204 NO_CONTENT (referrer: -; agent: Curtin/18.1-17-gae48e86f-0ubuntu1~16.04.1)
Oct 15 00:49:38 mas01 sh[16680]: 2018-10-15 00:49:38 regiond: [info] 192.168.11.15 POST /MAAS/metadata/status/wdpewe HTTP/1.1 --> 204 NO_CONTENT (referrer: -; agent: Curtin/18.1-17-gae48e86f-0ubuntu1~16.04.1)
Oct 15 00:49:38 mas01 sh[16672]: 2018-10-15 00:49:38 regiond: [info] 192.168.11.15 POST /MAAS/metadata/status/wdpewe HTTP/1.1 --> 204 NO_CONTENT (referrer: -; agent: Curtin/18.1-17-gae48e86f-0ubuntu1~16.04.1)
Oct 15 00:49:38 mas01 sh[16676]: 2018-10-15 00:49:38 regiond: [info] 192.168.11.15 POST /MAAS/metadata/status/wdpewe HTTP/1.1 --> 204 NO_CONTENT (referrer: -; agent: Curtin/18.1-17-gae48e86f-0ubuntu1~16.04.1)
Oct 15 00:49:38 mas01 sh[16676]: 2018-10-15 00:49:38 regiond: [info] 192.168.11.15 POST /MAAS/metadata/status/wdpewe HTTP/1.1 --> 204 NO_CONTENT (referrer: -; agent: Curtin/18.1-17-gae48e86f-0ubuntu1~16.04.1)
Oct 15 00:49:39 mas01 sh[16680]: 2018-10-15 00:49:39 regiond: [info] 192.168.11.15 POST /MAAS/metadata/status/wdpewe HTTP/1.1 --> 204 NO_CONTENT (referrer: -; agent: Curtin/18.1-17-gae48e86f-0ubuntu1~16.04.1)
Oct 15 00:49:39 mas01 sh[17106]: 2018-10-15 00:49:39 regiond: [info] 192.168.11.15 POST /MAAS/metadata/status/wdpewe HTTP/1.1 --> 204 NO_CONTENT (referrer: -; agent: Curtin/18.1-17-gae48e86f-0ubuntu1~16.04.1)
Oct 15 00:49:39 mas01 sh[16676]: 2018-10-15 00:49:39 regiond: [info] 192.168.11.15 POST /MAAS/metadata/status/wdpewe HTTP/1.1 --> 204 NO_CONTENT (referrer: -; agent: Curtin/18.1-17-gae48e86f-0ubuntu1~16.04.1)
Oct 15 00:49:39 mas01 sh[16676]: message repeated 2 times: [ 2018-10-15 00:49:39 regiond: [info] 192.168.11.15 POST /MAAS/metadata/status/wdpewe HTTP/1.1 --> 204 NO_CONTENT (referrer: -; agent: Curtin/18.1-17-gae48e86f-0ubuntu1~16.04.1)]
Oct 15 00:49:39 mas01 sh[17106]: 2018-10-15 00:49:39 regiond: [info] 192.168.11.15 POST /MAAS/metadata/status/wdpewe HTTP/1.1 --> 204 NO_CONTENT (referrer: -; agent: Curtin/18.1-17-gae48e86f-0ubuntu1~16.04.1)
Oct 15 00:49:39 mas01 dhcpd[22042]: execute_statement argv[0] = /usr/sbin/maas-dhcp-helper
Oct 15 00:49:39 mas01 dhcpd[22042]: execute_statement argv[1] = notify
Oct 15 00:49:39 mas01 dhcpd[22042]: execute_statement argv[2] = --action
Oct 15 00:49:39 mas01 dhcpd[22042]: execute_statement argv[3] = expiry
Oct 15 00:49:39 mas01 dhcpd[22042]: execute_statement argv[4] = --mac
Oct 15 00:49:39 mas01 dhcpd[22042]: execute_statement argv[5] = 9c:b6:54:8a:95:a4
Oct 15 00:49:39 mas01 dhcpd[22042]: execute_statement argv[6] = --ip-family
Oct 15 00:49:39 mas01 dhcpd[22042]: execute_statement argv[7] = ipv4
Oct 15 00:49:39 mas01 dhcpd[22042]: execute_statement argv[8] = --ip
Oct 15 00:49:39 mas01 dhcpd[22042]: execute_statement argv[9] = 192.168.11.16
Oct 15 00:49:39 mas01 dhcpd[22042]: execute_statement argv[10] = --socket
Oct 15 00:49:39 mas01 dhcpd[22042]: execute_statement argv[11] = /var/lib/maas/dhcpd.sock
Oct 15 00:49:39 mas01 sh[16672]: 2018-10-15 00:49:39 maasserver.rpc.leases: [info] Lease update: expiry for 192.168.11.16 on 9c:b6:54:8a:95:a4 at 2018-10-15 00:49:39
Oct 15 00:49:39 mas01 sh[17106]: 2018-10-15 00:49:39 regiond: [info] 192.168.11.15 POST /MAAS/metadata/status/wdpewe HTTP/1.1 --> 204 NO_CONTENT (referrer: -; agent: Curtin/18.1-17-gae48e86f-0ubuntu1~16.04.1)
Oct 15 00:49:39 mas01 named[16602]: received control channel command 'reload'
Oct 15 00:49:39 mas01 named[16602]: loading configuration from '/etc/bind/named.conf'
Oct 15 00:49:39 mas01 named[16602]: reading built-in trusted keys from file '/etc/bind/bind.keys'
Oct 15 00:49:39 mas01 named[16602]: initializing GeoIP Country (IPv4) (type 1) DB
Oct 15 00:49:39 mas01 named[16602]: GEO-106FREE 20160408 Bu
Oct 15 00:49:39 mas01 named[16602]: initializing GeoIP Country (IPv6) (type 12) DB
Oct 15 00:49:39 mas01 named[16602]: GEO-106FREE 20160408 Bu
Oct 15 00:49:39 mas01 named[16602]: GeoIP City (IPv4) (type 2) DB not available
Oct 15 00:49:39 mas01 named[16602]: GeoIP City (IPv4) (type 6) DB not available
Oct 15 00:49:39 mas01 named[16602]: GeoIP City (IPv6) (type 30) DB not available
Oct 15 00:49:39 mas01 named[16602]: GeoIP City (IPv6) (type 31) DB not available
Oct 15 00:49:39 mas01 named[16602]: GeoIP Region (type 3) DB not available
Oct 15 00:49:39 mas01 named[16602]: GeoIP Region (type 7) DB not available
Oct 15 00:49:39 mas01 named[16602]: GeoIP ISP (type 4) DB not available
Oct 15 00:49:39 mas01 named[16602]: GeoIP Org (type 5) DB not available
Oct 15 00:49:39 mas01 named[16602]: GeoIP AS (type 9) DB not available
Oct 15 00:49:39 mas01 named[16602]: GeoIP Domain (type 11) DB not available
Oct 15 00:49:39 mas01 named[16602]: GeoIP NetSpeed (type 10) DB not available
Oct 15 00:49:39 mas01 named[16602]: using default UDP/IPv4 port range: [32768, 60999]
Oct 15 00:49:39 mas01 named[16602]: using default UDP/IPv6 port range: [32768, 60999]
Oct 15 00:49:39 mas01 named[16602]: sizing zone task pool based on 9 zones
Oct 15 00:49:39 mas01 named[16602]: automatic empty zone: 10.IN-ADDR.ARPA
Oct 15 00:49:39 mas01 named[16602]: automatic empty zone: 16.172.IN-ADDR.ARPA
Oct 15 00:49:39 mas01 named[16602]: automatic empty zone: 17.172.IN-ADDR.ARPA
Oct 15 00:49:39 mas01 named[16602]: automatic empty zone: 18.172.IN-ADDR.ARPA
Oct 15 00:49:39 mas01 named[16602]: automatic empty zone: 19.172.IN-ADDR.ARPA
Oct 15 00:49:39 mas01 named[16602]: automatic empty zone: 20.172.IN-ADDR.ARPA
Oct 15 00:49:39 mas01 named[16602]: automatic empty zone: 21.172.IN-ADDR.ARPA
Oct 15 00:49:39 mas01 named[16602]: automatic empty zone: 22.172.IN-ADDR.ARPA
Oct 15 00:49:39 mas01 named[16602]: automatic empty zone: 23.172.IN-ADDR.ARPA
Oct 15 00:49:39 mas01 named[16602]: automatic empty zone: 24.172.IN-ADDR.ARPA
Oct 15 00:49:39 mas01 named[16602]: automatic empty zone: 25.172.IN-ADDR.ARPA
Oct 15 00:49:39 mas01 named[16602]: automatic empty zone: 26.172.IN-ADDR.ARPA
Oct 15 00:49:39 mas01 named[16602]: automatic empty zone: 27.172.IN-ADDR.ARPA
Oct 15 00:49:39 mas01 named[16602]: automatic empty zone: 28.172.IN-ADDR.ARPA
Oct 15 00:49:39 mas01 named[16602]: automatic empty zone: 29.172.IN-ADDR.ARPA
Oct 15 00:49:39 mas01 named[16602]: automatic empty zone: 30.172.IN-ADDR.ARPA
Oct 15 00:49:39 mas01 named[16602]: automatic empty zone: 31.172.IN-ADDR.ARPA
