May 29 15:04:45 mas01 sh[6875]: 2018-05-29 15:04:45 regiond: [info] 192.168.11.12 GET /MAAS/metadata/2012-03-01/meta-data/public-keys HTTP/1.1 --> 200 OK (referrer: -; agent: python-requests/2.9.1)
May 29 15:04:45 mas01 sh[7603]: 2018-05-29 15:04:45 regiond: [info] 192.168.11.13 POST /MAAS/metadata/status/b6qybg HTTP/1.1 --> 204 NO_CONTENT (referrer: -; agent: python-requests/2.9.1)
May 29 15:04:45 mas01 sh[6869]: 2018-05-29 15:04:45 regiond: [info] 192.168.11.13 POST /MAAS/metadata/status/b6qybg HTTP/1.1 --> 204 NO_CONTENT (referrer: -; agent: python-requests/2.9.1)
May 29 15:04:45 mas01 sh[6869]: 2018-05-29 15:04:45 regiond: [info] 192.168.11.13 POST /MAAS/metadata/status/b6qybg HTTP/1.1 --> 204 NO_CONTENT (referrer: -; agent: python-requests/2.9.1)
May 29 15:04:45 mas01 sh[6875]: 2018-05-29 15:04:45 regiond: [info] 192.168.11.22 POST /MAAS/metadata/status/x4dafe HTTP/1.1 --> 204 NO_CONTENT (referrer: -; agent: python-requests/2.9.1)
May 29 15:04:45 mas01 sh[6865]: 2018-05-29 15:04:45 regiond: [info] 192.168.11.13 POST /MAAS/metadata/status/b6qybg HTTP/1.1 --> 204 NO_CONTENT (referrer: -; agent: python-requests/2.9.1)
May 29 15:04:45 mas01 sh[6865]: 2018-05-29 15:04:45 regiond: [info] 192.168.11.22 POST /MAAS/metadata/status/x4dafe HTTP/1.1 --> 204 NO_CONTENT (referrer: -; agent: python-requests/2.9.1)
May 29 15:04:45 mas01 sh[6875]: 2018-05-29 15:04:45 regiond: [info] 192.168.11.22 POST /MAAS/metadata/status/x4dafe HTTP/1.1 --> 204 NO_CONTENT (referrer: -; agent: python-requests/2.9.1)
May 29 15:04:45 mas01 sh[7603]: 2018-05-29 15:04:45 regiond: [info] 192.168.11.22 POST /MAAS/metadata/status/x4dafe HTTP/1.1 --> 204 NO_CONTENT (referrer: -; agent: python-requests/2.9.1)
May 29 15:04:45 mas01 sh[6875]: 2018-05-29 15:04:45 regiond: [info] 192.168.11.12 GET /MAAS/metadata/2012-03-01/meta-data/vendor-data HTTP/1.1 --> 200 OK (referrer: -; agent: python-requests/2.9.1)
May 29 15:04:45 mas01 sh[6865]: 2018-05-29 15:04:45 regiond: [info] 192.168.11.12 GET /MAAS/metadata/2012-03-01/user-data HTTP/1.1 --> 200 OK (referrer: -; agent: python-requests/2.9.1)
May 29 15:04:45 mas01 sh[6869]: 2018-05-29 15:04:45 regiond: [info] 192.168.11.12 POST /MAAS/metadata/status/kmqqms HTTP/1.1 --> 204 NO_CONTENT (referrer: -; agent: python-requests/2.9.1)
May 29 15:04:45 mas01 sh[6869]: 2018-05-29 15:04:45 regiond: [info] 192.168.11.13 POST /MAAS/metadata/status/b6qybg HTTP/1.1 --> 204 NO_CONTENT (referrer: -; agent: python-requests/2.9.1)
May 29 15:04:45 mas01 sh[7603]: 2018-05-29 15:04:45 regiond: [info] 192.168.11.13 POST /MAAS/metadata/status/b6qybg HTTP/1.1 --> 204 NO_CONTENT (referrer: -; agent: python-requests/2.9.1)
May 29 15:04:45 mas01 sh[6865]: 2018-05-29 15:04:45 regiond: [info] 192.168.11.13 POST /MAAS/metadata/status/b6qybg HTTP/1.1 --> 204 NO_CONTENT (referrer: -; agent: python-requests/2.9.1)
May 29 15:04:45 mas01 sh[6869]: 2018-05-29 15:04:45 regiond: [info] 192.168.11.13 POST /MAAS/metadata/status/b6qybg HTTP/1.1 --> 204 NO_CONTENT (referrer: -; agent: python-requests/2.9.1)
May 29 15:04:45 mas01 sh[6865]: 2018-05-29 15:04:45 regiond: [info] 192.168.11.22 POST /MAAS/metadata/status/x4dafe HTTP/1.1 --> 204 NO_CONTENT (referrer: -; agent: python-requests/2.9.1)
May 29 15:04:45 mas01 sh[7603]: 2018-05-29 15:04:45 regiond: [info] 192.168.11.13 POST /MAAS/metadata/status/b6qybg HTTP/1.1 --> 204 NO_CONTENT (referrer: -; agent: python-requests/2.9.1)
May 29 15:04:45 mas01 sh[6875]: 2018-05-29 15:04:45 regiond: [info] 192.168.11.22 POST /MAAS/metadata/status/x4dafe HTTP/1.1 --> 204 NO_CONTENT (referrer: -; agent: python-requests/2.9.1)
May 29 15:04:45 mas01 sh[6865]: 2018-05-29 15:04:45 regiond: [info] 192.168.11.13 POST /MAAS/metadata/status/b6qybg HTTP/1.1 --> 204 NO_CONTENT (referrer: -; agent: python-requests/2.9.1)
May 29 15:04:45 mas01 sh[6865]: 2018-05-29 15:04:45 regiond: [info] 192.168.11.22 POST /MAAS/metadata/status/x4dafe HTTP/1.1 --> 204 NO_CONTENT (referrer: -; agent: python-requests/2.9.1)
May 29 15:04:45 mas01 sh[6875]: 2018-05-29 15:04:45 regiond: [info] 192.168.11.13 POST /MAAS/metadata/status/b6qybg HTTP/1.1 --> 204 NO_CONTENT (referrer: -; agent: python-requests/2.9.1)
May 29 15:04:45 mas01 sh[6875]: 2018-05-29 15:04:45 regiond: [info] 192.168.11.22 POST /MAAS/metadata/status/x4dafe HTTP/1.1 --> 204 NO_CONTENT (referrer: -; agent: python-requests/2.9.1)
May 29 15:04:45 mas01 sh[7603]: 2018-05-29 15:04:45 regiond: [info] 192.168.11.13 POST /MAAS/metadata/status/b6qybg HTTP/1.1 --> 204 NO_CONTENT (referrer: -; agent: python-requests/2.9.1)
May 29 15:04:45 mas01 sh[6865]: 2018-05-29 15:04:45 regiond: [info] 192.168.11.22 POST /MAAS/metadata/status/x4dafe HTTP/1.1 --> 204 NO_CONTENT (referrer: -; agent: python-requests/2.9.1)
May 29 15:04:45 mas01 sh[6869]: 2018-05-29 15:04:45 regiond: [info] 192.168.11.13 POST /MAAS/metadata/status/b6qybg HTTP/1.1 --> 204 NO_CONTENT (referrer: -; agent: python-requests/2.9.1)
May 29 15:04:45 mas01 sh[6865]: 2018-05-29 15:04:45 regiond: [info] 192.168.11.22 POST /MAAS/metadata/status/x4dafe HTTP/1.1 --> 204 NO_CONTENT (referrer: -; agent: python-requests/2.9.1)
May 29 15:04:45 mas01 sh[6865]: 2018-05-29 15:04:45 regiond: [info] 192.168.11.12 POST /MAAS/metadata/status/kmqqms HTTP/1.1 --> 204 NO_CONTENT (referrer: -; agent: python-requests/2.9.1)
May 29 15:04:45 mas01 sh[6869]: 2018-05-29 15:04:45 regiond: [info] 192.168.11.22 POST /MAAS/metadata/status/x4dafe HTTP/1.1 --> 204 NO_CONTENT (referrer: -; agent: python-requests/2.9.1)
May 29 15:04:45 mas01 sh[7603]: 2018-05-29 15:04:45 regiond: [info] 192.168.11.22 POST /MAAS/metadata/status/x4dafe HTTP/1.1 --> 204 NO_CONTENT (referrer: -; agent: python-requests/2.9.1)
May 29 15:04:45 mas01 sh[7603]: 2018-05-29 15:04:45 regiond: [info] 192.168.11.12 POST /MAAS/metadata/status/kmqqms HTTP/1.1 --> 204 NO_CONTENT (referrer: -; agent: python-requests/2.9.1)
May 29 15:04:45 mas01 sh[6869]: 2018-05-29 15:04:45 regiond: [info] 192.168.11.22 POST /MAAS/metadata/status/x4dafe HTTP/1.1 --> 204 NO_CONTENT (referrer: -; agent: python-requests/2.9.1)
May 29 15:04:45 mas01 sh[6869]: 2018-05-29 15:04:45 regiond: [info] 192.168.11.12 POST /MAAS/metadata/status/kmqqms HTTP/1.1 --> 204 NO_CONTENT (referrer: -; agent: python-requests/2.9.1)
May 29 15:04:45 mas01 sh[7603]: 2018-05-29 15:04:45 regiond: [info] 192.168.11.13 POST /MAAS/metadata/status/b6qybg HTTP/1.1 --> 204 NO_CONTENT (referrer: -; agent: python-requests/2.9.1)
May 29 15:04:45 mas01 sh[6869]: 2018-05-29 15:04:45 regiond: [info] 192.168.11.13 POST /MAAS/metadata/status/b6qybg HTTP/1.1 --> 204 NO_CONTENT (referrer: -; agent: python-requests/2.9.1)
May 29 15:04:45 mas01 sh[6865]: 2018-05-29 15:04:45 regiond: [info] 192.168.11.12 POST /MAAS/metadata/status/kmqqms HTTP/1.1 --> 204 NO_CONTENT (referrer: -; agent: python-requests/2.9.1)
May 29 15:04:45 mas01 sh[6865]: 2018-05-29 15:04:45 regiond: [info] 192.168.11.22 POST /MAAS/metadata/status/x4dafe HTTP/1.1 --> 204 NO_CONTENT (referrer: -; agent: python-requests/2.9.1)
May 29 15:04:45 mas01 sh[6875]: 2018-05-29 15:04:45 regiond: [info] 192.168.11.13 POST /MAAS/metadata/status/b6qybg HTTP/1.1 --> 204 NO_CONTENT (referrer: -; agent: python-requests/2.9.1)
May 29 15:04:45 mas01 sh[7603]: 2018-05-29 15:04:45 regiond: [info] 192.168.11.22 POST /MAAS/metadata/status/x4dafe HTTP/1.1 --> 204 NO_CONTENT (referrer: -; agent: python-requests/2.9.1)
May 29 15:04:45 mas01 sh[6865]: 2018-05-29 15:04:45 regiond: [info] 192.168.11.13 POST /MAAS/metadata/status/b6qybg HTTP/1.1 --> 204 NO_CONTENT (referrer: -; agent: python-requests/2.9.1)
May 29 15:04:45 mas01 sh[6875]: 2018-05-29 15:04:45 regiond: [info] 192.168.11.13 POST /MAAS/metadata/status/b6qybg HTTP/1.1 --> 204 NO_CONTENT (referrer: -; agent: python-requests/2.9.1)
May 29 15:04:45 mas01 sh[6875]: 2018-05-29 15:04:45 regiond: [info] 192.168.11.13 POST /MAAS/metadata/status/b6qybg HTTP/1.1 --> 204 NO_CONTENT (referrer: -; agent: python-requests/2.9.1)
May 29 15:04:45 mas01 sh[6869]: 2018-05-29 15:04:45 regiond: [info] 192.168.11.22 POST /MAAS/metadata/status/x4dafe HTTP/1.1 --> 204 NO_CONTENT (referrer: -; agent: python-requests/2.9.1)
May 29 15:04:45 mas01 sh[7603]: 2018-05-29 15:04:45 regiond: [info] 192.168.11.13 POST /MAAS/metadata/status/b6qybg HTTP/1.1 --> 204 NO_CONTENT (referrer: -; agent: python-requests/2.9.1)
May 29 15:04:45 mas01 sh[6869]: 2018-05-29 15:04:45 regiond: [info] 192.168.11.22 POST /MAAS/metadata/status/x4dafe HTTP/1.1 --> 204 NO_CONTENT (referrer: -; agent: python-requests/2.9.1)
May 29 15:04:45 mas01 sh[6875]: 2018-05-29 15:04:45 regiond: [info] 192.168.11.13 POST /MAAS/metadata/status/b6qybg HTTP/1.1 --> 204 NO_CONTENT (referrer: -; agent: python-requests/2.9.1)
May 29 15:04:45 mas01 sh[6875]: 2018-05-29 15:04:45 regiond: [info] 192.168.11.22 POST /MAAS/metadata/status/x4dafe HTTP/1.1 --> 204 NO_CONTENT (referrer: -; agent: python-requests/2.9.1)
May 29 15:04:45 mas01 sh[6875]: 2018-05-29 15:04:45 regiond: [info] 192.168.11.13 POST /MAAS/metadata/status/b6qybg HTTP/1.1 --> 204 NO_CONTENT (referrer: -; agent: python-requests/2.9.1)
May 29 15:04:45 mas01 sh[6875]: 2018-05-29 15:04:45 regiond: [info] 192.168.11.22 POST /MAAS/metadata/status/x4dafe HTTP/1.1 --> 204 NO_CONTENT (referrer: -; agent: python-requests/2.9.1)
May 29 15:04:45 mas01 sh[6875]: 2018-05-29 15:04:45 regiond: [info] 192.168.11.13 POST /MAAS/metadata/status/b6qybg HTTP/1.1 --> 204 NO_CONTENT (referrer: -; agent: python-requests/2.9.1)
May 29 15:04:45 mas01 sh[6865]: 2018-05-29 15:04:45 regiond: [info] 192.168.11.22 POST /MAAS/metadata/status/x4dafe HTTP/1.1 --> 204 NO_CONTENT (referrer: -; agent: python-requests/2.9.1)
May 29 15:04:45 mas01 sh[6865]: 2018-05-29 15:04:45 regiond: [info] 192.168.11.13 POST /MAAS/metadata/status/b6qybg HTTP/1.1 --> 204 NO_CONTENT (referrer: -; agent: python-requests/2.9.1)
May 29 15:04:45 mas01 sh[7603]: 2018-05-29 15:04:45 regiond: [info] 192.168.11.22 POST /MAAS/metadata/status/x4dafe HTTP/1.1 --> 204 NO_CONTENT (referrer: -; agent: python-requests/2.9.1)
May 29 15:04:45 mas01 sh[6865]: 2018-05-29 15:04:45 regiond: [info] 192.168.11.13 POST /MAAS/metadata/status/b6qybg HTTP/1.1 --> 204 NO_CONTENT (referrer: -; agent: python-requests/2.9.1)
May 29 15:04:45 mas01 sh[7603]: 2018-05-29 15:04:45 regiond: [info] 192.168.11.22 POST /MAAS/metadata/status/x4dafe HTTP/1.1 --> 204 NO_CONTENT (referrer: -; agent: python-requests/2.9.1)
May 29 15:04:45 mas01 sh[7603]: 2018-05-29 15:04:45 regiond: [info] 192.168.11.22 POST /MAAS/metadata/status/x4dafe HTTP/1.1 --> 204 NO_CONTENT (referrer: -; agent: python-requests/2.9.1)
May 29 15:04:45 mas01 sh[6869]: 2018-05-29 15:04:45 regiond: [info] 192.168.11.22 POST /MAAS/metadata/status/x4dafe HTTP/1.1 --> 204 NO_CONTENT (referrer: -; agent: python-requests/2.9.1)
May 29 15:04:45 mas01 sh[6865]: 2018-05-29 15:04:45 regiond: [info] 192.168.11.13 POST /MAAS/metadata/status/b6qybg HTTP/1.1 --> 204 NO_CONTENT (referrer: -; agent: python-requests/2.9.1)
May 29 15:04:45 mas01 sh[6865]: 2018-05-29 15:04:45 regiond: [info] 192.168.11.22 POST /MAAS/metadata/status/x4dafe HTTP/1.1 --> 204 NO_CONTENT (referrer: -; agent: python-requests/2.9.1)
May 29 15:04:45 mas01 sh[6865]: 2018-05-29 15:04:45 regiond: [info] 192.168.11.13 POST /MAAS/metadata/status/b6qybg HTTP/1.1 --> 204 NO_CONTENT (referrer: -; agent: python-requests/2.9.1)
May 29 15:04:45 mas01 sh[6865]: 2018-05-29 15:04:45 regiond: [info] 192.168.11.13 POST /MAAS/metadata/status/b6qybg HTTP/1.1 --> 204 NO_CONTENT (referrer: -; agent: python-requests/2.9.1)
May 29 15:04:45 mas01 sh[6875]: 2018-05-29 15:04:45 regiond: [info] 192.168.11.22 POST /MAAS/metadata/status/x4dafe HTTP/1.1 --> 204 NO_CONTENT (referrer: -; agent: python-requests/2.9.1)
May 29 15:04:45 mas01 sh[6865]: 2018-05-29 15:04:45 regiond: [info] 192.168.11.13 POST /MAAS/metadata/status/b6qybg HTTP/1.1 --> 204 NO_CONTENT (referrer: -; agent: python-requests/2.9.1)
May 29 15:04:45 mas01 sh[7603]: 2018-05-29 15:04:45 regiond: [info] 192.168.11.22 POST /MAAS/metadata/status/x4dafe HTTP/1.1 --> 204 NO_CONTENT (referrer: -; agent: python-requests/2.9.1)
May 29 15:04:45 mas01 sh[6869]: 2018-05-29 15:04:45 regiond: [info] 192.168.11.22 POST /MAAS/metadata/status/x4dafe HTTP/1.1 --> 204 NO_CONTENT (referrer: -; agent: python-requests/2.9.1)
May 29 15:04:45 mas01 sh[6865]: 2018-05-29 15:04:45 regiond: [info] 192.168.11.22 POST /MAAS/metadata/status/x4dafe HTTP/1.1 --> 204 NO_CONTENT (referrer: -; agent: python-requests/2.9.1)
May 29 15:04:45 mas01 sh[6865]: 2018-05-29 15:04:45 regiond: [info] 192.168.11.13 POST /MAAS/metadata/status/b6qybg HTTP/1.1 --> 204 NO_CONTENT (referrer: -; agent: python-requests/2.9.1)
May 29 15:04:45 mas01 sh[7603]: 2018-05-29 15:04:45 regiond: [info] 192.168.11.13 POST /MAAS/metadata/status/b6qybg HTTP/1.1 --> 204 NO_CONTENT (referrer: -; agent: python-requests/2.9.1)
May 29 15:04:45 mas01 sh[6875]: 2018-05-29 15:04:45 regiond: [info] 192.168.11.22 POST /MAAS/metadata/status/x4dafe HTTP/1.1 --> 204 NO_CONTENT (referrer: -; agent: python-requests/2.9.1)
May 29 15:04:45 mas01 sh[6865]: 2018-05-29 15:04:45 regiond: [info] 192.168.11.22 POST /MAAS/metadata/status/x4dafe HTTP/1.1 --> 204 NO_CONTENT (referrer: -; agent: python-requests/2.9.1)
May 29 15:04:45 mas01 sh[6875]: 2018-05-29 15:04:45 regiond: [info] 192.168.11.13 POST /MAAS/metadata/status/b6qybg HTTP/1.1 --> 204 NO_CONTENT (referrer: -; agent: python-requests/2.9.1)
May 29 15:04:45 mas01 sh[6875]: 2018-05-29 15:04:45 regiond: [info] 192.168.11.12 POST /MAAS/metadata/status/kmqqms HTTP/1.1 --> 204 NO_CONTENT (referrer: -; agent: python-requests/2.9.1)
May 29 15:04:45 mas01 sh[6869]: 2018-05-29 15:04:45 regiond: [info] 192.168.11.13 POST /MAAS/metadata/status/b6qybg HTTP/1.1 --> 204 NO_CONTENT (referrer: -; agent: python-requests/2.9.1)
May 29 15:04:45 mas01 sh[6875]: 2018-05-29 15:04:45 regiond: [info] 192.168.11.12 POST /MAAS/metadata/status/kmqqms HTTP/1.1 --> 204 NO_CONTENT (referrer: -; agent: python-requests/2.9.1)
May 29 15:04:45 mas01 sh[7603]: 2018-05-29 15:04:45 regiond: [info] 192.168.11.22 POST /MAAS/metadata/status/x4dafe HTTP/1.1 --> 204 NO_CONTENT (referrer: -; agent: python-requests/2.9.1)
May 29 15:04:45 mas01 sh[6869]: 2018-05-29 15:04:45 regiond: [info] 192.168.11.12 POST /MAAS/metadata/status/kmqqms HTTP/1.1 --> 204 NO_CONTENT (referrer: -; agent: python-requests/2.9.1)
May 29 15:04:45 mas01 sh[6869]: 2018-05-29 15:04:45 regiond: [info] 192.168.11.22 POST /MAAS/metadata/status/x4dafe HTTP/1.1 --> 204 NO_CONTENT (referrer: -; agent: python-requests/2.9.1)
May 29 15:04:45 mas01 sh[6865]: 2018-05-29 15:04:45 regiond: [info] 192.168.11.12 POST /MAAS/metadata/status/kmqqms HTTP/1.1 --> 204 NO_CONTENT (referrer: -; agent: python-requests/2.9.1)
May 29 15:04:45 mas01 sh[6869]: 2018-05-29 15:04:45 regiond: [info] 192.168.11.12 POST /MAAS/metadata/status/kmqqms HTTP/1.1 --> 204 NO_CONTENT (referrer: -; agent: python-requests/2.9.1)
May 29 15:04:45 mas01 sh[6869]: message repeated 2 times: [ 2018-05-29 15:04:45 regiond: [info] 192.168.11.12 POST /MAAS/metadata/status/kmqqms HTTP/1.1 --> 204 NO_CONTENT (referrer: -; agent: python-requests/2.9.1)]
May 29 15:04:45 mas01 sh[6865]: 2018-05-29 15:04:45 regiond: [info] 192.168.11.12 POST /MAAS/metadata/status/kmqqms HTTP/1.1 --> 204 NO_CONTENT (referrer: -; agent: python-requests/2.9.1)
May 29 15:04:45 mas01 sh[6875]: 2018-05-29 15:04:45 regiond: [info] 192.168.11.12 POST /MAAS/metadata/status/kmqqms HTTP/1.1 --> 204 NO_CONTENT (referrer: -; agent: python-requests/2.9.1)
May 29 15:04:45 mas01 sh[6869]: 2018-05-29 15:04:45 regiond: [info] 192.168.11.12 POST /MAAS/metadata/status/kmqqms HTTP/1.1 --> 204 NO_CONTENT (referrer: -; agent: python-requests/2.9.1)
May 29 15:04:45 mas01 sh[7603]: 2018-05-29 15:04:45 regiond: [info] 192.168.11.12 POST /MAAS/metadata/status/kmqqms HTTP/1.1 --> 204 NO_CONTENT (referrer: -; agent: python-requests/2.9.1)
May 29 15:04:45 mas01 sh[6869]: 2018-05-29 15:04:45 regiond: [info] 192.168.11.12 POST /MAAS/metadata/status/kmqqms HTTP/1.1 --> 204 NO_CONTENT (referrer: -; agent: python-requests/2.9.1)
May 29 15:04:45 mas01 sh[7603]: 2018-05-29 15:04:45 regiond: [info] 192.168.11.12 POST /MAAS/metadata/status/kmqqms HTTP/1.1 --> 204 NO_CONTENT (referrer: -; agent: python-requests/2.9.1)
May 29 15:04:45 mas01 sh[6869]: 2018-05-29 15:04:45 regiond: [info] 192.168.11.12 POST /MAAS/metadata/status/kmqqms HTTP/1.1 --> 204 NO_CONTENT (referrer: -; agent: python-requests/2.9.1)
May 29 15:04:45 mas01 sh[6869]: 2018-05-29 15:04:45 regiond: [info] 192.168.11.12 POST /MAAS/metadata/status/kmqqms HTTP/1.1 --> 204 NO_CONTENT (referrer: -; agent: python-requests/2.9.1)
May 29 15:04:45 mas01 sh[6875]: 2018-05-29 15:04:45 regiond: [info] 192.168.11.12 POST /MAAS/metadata/status/kmqqms HTTP/1.1 --> 204 NO_CONTENT (referrer: -; agent: python-requests/2.9.1)
May 29 15:04:45 mas01 sh[6875]: 2018-05-29 15:04:45 regiond: [info] 192.168.11.12 POST /MAAS/metadata/status/kmqqms HTTP/1.1 --> 204 NO_CONTENT (referrer: -; agent: python-requests/2.9.1)
May 29 15:04:45 mas01 sh[6869]: 2018-05-29 15:04:45 regiond: [info] 192.168.11.12 POST /MAAS/metadata/status/kmqqms HTTP/1.1 --> 204 NO_CONTENT (referrer: -; agent: python-requests/2.9.1)
May 29 15:04:45 mas01 sh[6875]: 2018-05-29 15:04:45 regiond: [info] 192.168.11.12 POST /MAAS/metadata/status/kmqqms HTTP/1.1 --> 204 NO_CONTENT (referrer: -; agent: python-requests/2.9.1)
May 29 15:04:45 mas01 sh[6875]: 2018-05-29 15:04:45 regiond: [info] 192.168.11.12 POST /MAAS/metadata/status/kmqqms HTTP/1.1 --> 204 NO_CONTENT (referrer: -; agent: python-requests/2.9.1)
May 29 15:04:45 mas01 sh[6869]: 2018-05-29 15:04:45 regiond: [info] 192.168.11.12 POST /MAAS/metadata/status/kmqqms HTTP/1.1 --> 204 NO_CONTENT (referrer: -; agent: python-requests/2.9.1)
May 29 15:04:45 mas01 sh[6869]: 2018-05-29 15:04:45 regiond: [info] 192.168.11.13 POST /MAAS/metadata/status/b6qybg HTTP/1.1 --> 204 NO_CONTENT (referrer: -; agent: python-requests/2.9.1)
May 29 15:04:45 mas01 sh[6865]: 2018-05-29 15:04:45 regiond: [info] 192.168.11.12 POST /MAAS/metadata/status/kmqqms HTTP/1.1 --> 204 NO_CONTENT (referrer: -; agent: python-requests/2.9.1)
May 29 15:04:45 mas01 sh[7603]: 2018-05-29 15:04:45 regiond: [info] 192.168.11.12 POST /MAAS/metadata/status/kmqqms HTTP/1.1 --> 204 NO_CONTENT (referrer: -; agent: python-requests/2.9.1)
May 29 15:04:45 mas01 sh[6875]: 2018-05-29 15:04:45 regiond: [info] 192.168.11.12 POST /MAAS/metadata/status/kmqqms HTTP/1.1 --> 204 NO_CONTENT (referrer: -; agent: python-requests/2.9.1)
May 29 15:04:46 mas01 sh[7603]: 2018-05-29 15:04:46 regiond: [info] 192.168.11.12 POST /MAAS/metadata/status/kmqqms HTTP/1.1 --> 204 NO_CONTENT (referrer: -; agent: python-requests/2.9.1)
May 29 15:04:46 mas01 sh[6875]: 2018-05-29 15:04:46 regiond: [info] 192.168.11.12 POST /MAAS/metadata/status/kmqqms HTTP/1.1 --> 204 NO_CONTENT (referrer: -; agent: python-requests/2.9.1)
May 29 15:04:46 mas01 sh[6869]: 2018-05-29 15:04:46 regiond: [info] 192.168.11.12 POST /MAAS/metadata/status/kmqqms HTTP/1.1 --> 204 NO_CONTENT (referrer: -; agent: python-requests/2.9.1)
May 29 15:04:46 mas01 sh[6869]: 2018-05-29 15:04:46 regiond: [info] 192.168.11.12 POST /MAAS/metadata/status/kmqqms HTTP/1.1 --> 204 NO_CONTENT (referrer: -; agent: python-requests/2.9.1)
May 29 15:04:46 mas01 sh[7603]: 2018-05-29 15:04:46 regiond: [info] 192.168.11.22 POST /MAAS/metadata/status/x4dafe HTTP/1.1 --> 204 NO_CONTENT (referrer: -; agent: python-requests/2.9.1)
May 29 15:04:46 mas01 sh[6875]: 2018-05-29 15:04:46 regiond: [info] 192.168.11.12 POST /MAAS/metadata/status/kmqqms HTTP/1.1 --> 204 NO_CONTENT (referrer: -; agent: python-requests/2.9.1)
May 29 15:04:46 mas01 sh[6865]: 2018-05-29 15:04:46 regiond: [info] 192.168.11.13 POST /MAAS/metadata/status/b6qybg HTTP/1.1 --> 204 NO_CONTENT (referrer: -; agent: python-requests/2.9.1)
May 29 15:04:46 mas01 sh[7603]: 2018-05-29 15:04:46 regiond: [info] 192.168.11.22 POST /MAAS/metadata/status/x4dafe HTTP/1.1 --> 204 NO_CONTENT (referrer: -; agent: python-requests/2.9.1)
May 29 15:04:46 mas01 sh[6875]: 2018-05-29 15:04:46 regiond: [info] 192.168.11.12 POST /MAAS/metadata/status/kmqqms HTTP/1.1 --> 204 NO_CONTENT (referrer: -; agent: python-requests/2.9.1)
May 29 15:04:46 mas01 sh[6875]: 2018-05-29 15:04:46 regiond: [info] 192.168.11.12 POST /MAAS/metadata/status/kmqqms HTTP/1.1 --> 204 NO_CONTENT (referrer: -; agent: python-requests/2.9.1)
May 29 15:04:46 mas01 salt-minion[6340]: [INFO    ] User sudo_ubuntu Executing command state.apply with jid 20180529150446968529
May 29 15:04:46 mas01 salt-minion[6340]: [INFO    ] Starting a new job with PID 9270
May 29 15:04:47 mas01 sh[6865]: 2018-05-29 15:04:47 regiond: [info] 192.168.11.13 POST /MAAS/metadata/status/b6qybg HTTP/1.1 --> 204 NO_CONTENT (referrer: -; agent: python-requests/2.9.1)
May 29 15:04:47 mas01 sh[7603]: 2018-05-29 15:04:47 regiond: [info] 192.168.11.13 POST /MAAS/metadata/status/b6qybg HTTP/1.1 --> 204 NO_CONTENT (referrer: -; agent: python-requests/2.9.1)
May 29 15:04:47 mas01 sh[6869]: 2018-05-29 15:04:47 regiond: [info] 192.168.11.13 POST /MAAS/metadata/status/b6qybg HTTP/1.1 --> 204 NO_CONTENT (referrer: -; agent: python-requests/2.9.1)
May 29 15:04:47 mas01 sh[6875]: 2018-05-29 15:04:47 regiond: [info] 192.168.11.13 POST /MAAS/metadata/status/b6qybg HTTP/1.1 --> 204 NO_CONTENT (referrer: -; agent: python-requests/2.9.1)
May 29 15:04:47 mas01 sh[6865]: 2018-05-29 15:04:47 regiond: [info] 192.168.11.13 POST /MAAS/metadata/status/b6qybg HTTP/1.1 --> 204 NO_CONTENT (referrer: -; agent: python-requests/2.9.1)
May 29 15:04:47 mas01 sh[6869]: 2018-05-29 15:04:47 regiond: [info] 192.168.11.13 POST /MAAS/metadata/status/b6qybg HTTP/1.1 --> 204 NO_CONTENT (referrer: -; agent: python-requests/2.9.1)
May 29 15:04:47 mas01 sh[6875]: 2018-05-29 15:04:47 regiond: [info] 192.168.11.13 POST /MAAS/metadata/status/b6qybg HTTP/1.1 --> 204 NO_CONTENT (referrer: -; agent: python-requests/2.9.1)
May 29 15:04:47 mas01 sh[6865]: 2018-05-29 15:04:47 regiond: [info] 192.168.11.13 POST /MAAS/metadata/status/b6qybg HTTP/1.1 --> 204 NO_CONTENT (referrer: -; agent: python-requests/2.9.1)
May 29 15:04:47 mas01 sh[6875]: 2018-05-29 15:04:47 regiond: [info] 192.168.11.13 POST /MAAS/metadata/status/b6qybg HTTP/1.1 --> 204 NO_CONTENT (referrer: -; agent: python-requests/2.9.1)
May 29 15:04:47 mas01 sh[6875]: 2018-05-29 15:04:47 regiond: [info] 192.168.11.12 POST /MAAS/metadata/status/kmqqms HTTP/1.1 --> 204 NO_CONTENT (referrer: -; agent: python-requests/2.9.1)
May 29 15:04:47 mas01 sh[7603]: 2018-05-29 15:04:47 regiond: [info] 192.168.11.12 POST /MAAS/metadata/status/kmqqms HTTP/1.1 --> 204 NO_CONTENT (referrer: -; agent: python-requests/2.9.1)
May 29 15:04:47 mas01 sh[6875]: 2018-05-29 15:04:47 regiond: [info] 192.168.11.12 POST /MAAS/metadata/status/kmqqms HTTP/1.1 --> 204 NO_CONTENT (referrer: -; agent: python-requests/2.9.1)
May 29 15:04:47 mas01 sh[6865]: 2018-05-29 15:04:47 regiond: [info] 192.168.11.12 POST /MAAS/metadata/status/kmqqms HTTP/1.1 --> 204 NO_CONTENT (referrer: -; agent: python-requests/2.9.1)
May 29 15:04:47 mas01 sh[6865]: 2018-05-29 15:04:47 regiond: [info] 192.168.11.12 POST /MAAS/metadata/status/kmqqms HTTP/1.1 --> 204 NO_CONTENT (referrer: -; agent: python-requests/2.9.1)
May 29 15:04:47 mas01 sh[6869]: 2018-05-29 15:04:47 regiond: [info] 192.168.11.12 POST /MAAS/metadata/status/kmqqms HTTP/1.1 --> 204 NO_CONTENT (referrer: -; agent: python-requests/2.9.1)
May 29 15:04:47 mas01 sh[7603]: 2018-05-29 15:04:47 regiond: [info] 192.168.11.12 POST /MAAS/metadata/status/kmqqms HTTP/1.1 --> 204 NO_CONTENT (referrer: -; agent: python-requests/2.9.1)
May 29 15:04:47 mas01 sh[7603]: 2018-05-29 15:04:47 regiond: [info] 192.168.11.12 POST /MAAS/metadata/status/kmqqms HTTP/1.1 --> 204 NO_CONTENT (referrer: -; agent: python-requests/2.9.1)
May 29 15:04:47 mas01 sh[6875]: 2018-05-29 15:04:47 regiond: [info] 192.168.11.12 POST /MAAS/metadata/status/kmqqms HTTP/1.1 --> 204 NO_CONTENT (referrer: -; agent: python-requests/2.9.1)
May 29 15:04:47 mas01 sh[7603]: 2018-05-29 15:04:47 regiond: [info] 192.168.11.22 POST /MAAS/metadata/status/x4dafe HTTP/1.1 --> 204 NO_CONTENT (referrer: -; agent: python-requests/2.9.1)
May 29 15:04:47 mas01 sh[6865]: 2018-05-29 15:04:47 regiond: [info] 192.168.11.22 POST /MAAS/metadata/status/x4dafe HTTP/1.1 --> 204 NO_CONTENT (referrer: -; agent: python-requests/2.9.1)
May 29 15:04:47 mas01 sh[6869]: 2018-05-29 15:04:47 regiond: [info] 192.168.11.22 POST /MAAS/metadata/status/x4dafe HTTP/1.1 --> 204 NO_CONTENT (referrer: -; agent: python-requests/2.9.1)
May 29 15:04:47 mas01 sh[6869]: 2018-05-29 15:04:47 regiond: [info] 192.168.11.22 POST /MAAS/metadata/status/x4dafe HTTP/1.1 --> 204 NO_CONTENT (referrer: -; agent: python-requests/2.9.1)
May 29 15:04:47 mas01 sh[7603]: 2018-05-29 15:04:47 regiond: [info] 192.168.11.22 POST /MAAS/metadata/status/x4dafe HTTP/1.1 --> 204 NO_CONTENT (referrer: -; agent: python-requests/2.9.1)
May 29 15:04:47 mas01 sh[6875]: 2018-05-29 15:04:47 regiond: [info] 192.168.11.22 POST /MAAS/metadata/status/x4dafe HTTP/1.1 --> 204 NO_CONTENT (referrer: -; agent: python-requests/2.9.1)
May 29 15:04:47 mas01 sh[6865]: 2018-05-29 15:04:47 regiond: [info] 192.168.11.22 POST /MAAS/metadata/status/x4dafe HTTP/1.1 --> 204 NO_CONTENT (referrer: -; agent: python-requests/2.9.1)
May 29 15:04:47 mas01 sh[6865]: 2018-05-29 15:04:47 regiond: [info] 192.168.11.22 POST /MAAS/metadata/status/x4dafe HTTP/1.1 --> 204 NO_CONTENT (referrer: -; agent: python-requests/2.9.1)
May 29 15:04:47 mas01 sh[6869]: 2018-05-29 15:04:47 regiond: [info] 192.168.11.22 POST /MAAS/metadata/status/x4dafe HTTP/1.1 --> 204 NO_CONTENT (referrer: -; agent: python-requests/2.9.1)
May 29 15:04:47 mas01 dhcpd[8837]: execute_statement argv[0] = /usr/sbin/maas-dhcp-helper
May 29 15:04:47 mas01 dhcpd[8837]: execute_statement argv[1] = notify
May 29 15:04:47 mas01 dhcpd[8837]: execute_statement argv[2] = --action
May 29 15:04:47 mas01 dhcpd[8837]: execute_statement argv[3] = commit
May 29 15:04:47 mas01 dhcpd[8837]: execute_statement argv[4] = --mac
May 29 15:04:47 mas01 dhcpd[8837]: execute_statement argv[5] = 0:25:b5:a0:0:3a
May 29 15:04:47 mas01 dhcpd[8837]: execute_statement argv[6] = --ip-family
May 29 15:04:47 mas01 dhcpd[8837]: execute_statement argv[7] = ipv4
May 29 15:04:47 mas01 dhcpd[8837]: execute_statement argv[8] = --ip
May 29 15:04:47 mas01 dhcpd[8837]: execute_statement argv[9] = 192.168.11.17
May 29 15:04:47 mas01 dhcpd[8837]: execute_statement argv[10] = --lease-time
May 29 15:04:47 mas01 dhcpd[8837]: execute_statement argv[11] = 30
May 29 15:04:47 mas01 dhcpd[8837]: execute_statement argv[12] = --hostname
May 29 15:04:47 mas01 dhcpd[8837]: execute_statement argv[13] = (none)
May 29 15:04:47 mas01 dhcpd[8837]: execute_statement argv[14] = --socket
May 29 15:04:47 mas01 dhcpd[8837]: execute_statement argv[15] = /var/lib/maas/dhcpd.sock
May 29 15:04:47 mas01 dhcpd[8837]: reuse_lease: lease age 150 (secs) under 25% threshold, reply with unaltered, existing lease
May 29 15:04:47 mas01 dhcpd[8837]: DHCPREQUEST for 192.168.11.17 (192.168.11.3) from 00:25:b5:a0:00:3a via ens5
May 29 15:04:47 mas01 dhcpd[8837]: DHCPACK on 192.168.11.17 to 00:25:b5:a0:00:3a via ens5
May 29 15:04:47 mas01 sh[6431]: 2018-05-29 15:04:47 provisioningserver.rackdservices.tftp: [info] pxelinux.0 requested by 00:25:b5:a0:00:3a
May 29 15:04:47 mas01 sh[6431]: 2018-05-29 15:04:47 provisioningserver.rackdservices.tftp: [info] pxelinux.0 requested by 00:25:b5:a0:00:3a
May 29 15:04:47 mas01 sh[6875]: 2018-05-29 15:04:47 maasserver.rpc.leases: [info] Lease update: commit for 192.168.11.17 on 0:25:b5:a0:0:3a at 2018-05-29 15:04:47 (lease time: 30s)
May 29 15:04:47 mas01 sh[6431]: 2018-05-29 15:04:47 provisioningserver.rackdservices.tftp: [info] ldlinux.c32 requested by 00:25:b5:a0:00:3a
May 29 15:04:47 mas01 sh[6431]: 2018-05-29 15:04:47 provisioningserver.rackdservices.tftp: [info] pxelinux.cfg/f0c9cf06-d8ce-11e4-0000-10000000007f requested by 00:25:b5:a0:00:3a
May 29 15:04:47 mas01 sh[6431]: 2018-05-29 15:04:47 provisioningserver.rackdservices.tftp: [info] pxelinux.cfg/01-00-25-b5-a0-00-3a requested by 00:25:b5:a0:00:3a
May 29 15:04:47 mas01 sh[6431]: 2018-05-29 15:04:47 provisioningserver.rackdservices.tftp: [info] pxelinux.cfg/01-00-25-b5-a0-00-3a requested by 00:25:b5:a0:00:3a
May 29 15:04:47 mas01 sh[7603]: 2018-05-29 15:04:47 maasserver.models.signals.interfaces: [info] eth0 (physical) on kvm02: deleted IP addresses due to VLAN update (None -> 5003).
May 29 15:04:47 mas01 sh[6431]: 2018-05-29 15:04:47 provisioningserver.rackdservices.tftp: [info] pxelinux.cfg/01-00-25-b5-a0-00-3a requested by 00:25:b5:a0:00:3a
May 29 15:04:47 mas01 sh[6431]: 2018-05-29 15:04:47 provisioningserver.rackdservices.tftp: [info] ubuntu/amd64/ga-16.04/xenial/daily/boot-kernel requested by 00:25:b5:a0:00:3a
May 29 15:04:48 mas01 sh[6865]: 2018-05-29 15:04:48 regiond: [info] 192.168.11.13 POST /MAAS/metadata/status/b6qybg HTTP/1.1 --> 204 NO_CONTENT (referrer: -; agent: python-requests/2.9.1)
May 29 15:04:48 mas01 sh[6869]: 2018-05-29 15:04:48 regiond: [info] 192.168.11.13 POST /MAAS/metadata/status/b6qybg HTTP/1.1 --> 204 NO_CONTENT (referrer: -; agent: python-requests/2.9.1)
May 29 15:04:48 mas01 sh[6865]: 2018-05-29 15:04:48 regiond: [info] 192.168.11.13 POST /MAAS/metadata/status/b6qybg HTTP/1.1 --> 204 NO_CONTENT (referrer: -; agent: python-requests/2.9.1)
May 29 15:04:48 mas01 sh[6865]: 2018-05-29 15:04:48 regiond: [info] 192.168.11.13 POST /MAAS/metadata/status/b6qybg HTTP/1.1 --> 204 NO_CONTENT (referrer: -; agent: python-requests/2.9.1)
May 29 15:04:48 mas01 sh[7603]: 2018-05-29 15:04:48 regiond: [info] 192.168.11.22 POST /MAAS/metadata/status/x4dafe HTTP/1.1 --> 204 NO_CONTENT (referrer: -; agent: python-requests/2.9.1)
May 29 15:04:48 mas01 sh[6869]: 2018-05-29 15:04:48 regiond: [info] 192.168.11.22 POST /MAAS/metadata/status/x4dafe HTTP/1.1 --> 204 NO_CONTENT (referrer: -; agent: python-requests/2.9.1)
May 29 15:04:48 mas01 sh[6875]: 2018-05-29 15:04:48 regiond: [info] 192.168.11.22 POST /MAAS/metadata/status/x4dafe HTTP/1.1 --> 204 NO_CONTENT (referrer: -; agent: python-requests/2.9.1)
May 29 15:04:48 mas01 sh[6869]: 2018-05-29 15:04:48 regiond: [info] 192.168.11.22 POST /MAAS/metadata/status/x4dafe HTTP/1.1 --> 204 NO_CONTENT (referrer: -; agent: python-requests/2.9.1)
May 29 15:04:48 mas01 sh[7603]: 2018-05-29 15:04:48 regiond: [info] 192.168.11.12 POST /MAAS/metadata/status/kmqqms HTTP/1.1 --> 204 NO_CONTENT (referrer: -; agent: python-requests/2.9.1)
May 29 15:04:48 mas01 sh[7603]: 2018-05-29 15:04:48 regiond: [info] 192.168.11.12 POST /MAAS/metadata/status/kmqqms HTTP/1.1 --> 204 NO_CONTENT (referrer: -; agent: python-requests/2.9.1)
May 29 15:04:48 mas01 sh[6865]: 2018-05-29 15:04:48 regiond: [info] 192.168.11.12 POST /MAAS/metadata/status/kmqqms HTTP/1.1 --> 204 NO_CONTENT (referrer: -; agent: python-requests/2.9.1)
May 29 15:04:48 mas01 sh[6875]: 2018-05-29 15:04:48 regiond: [info] 192.168.11.12 POST /MAAS/metadata/status/kmqqms HTTP/1.1 --> 204 NO_CONTENT (referrer: -; agent: python-requests/2.9.1)
May 29 15:04:48 mas01 sh[7603]: 2018-05-29 15:04:48 regiond: [info] 192.168.11.13 POST /MAAS/metadata/status/b6qybg HTTP/1.1 --> 204 NO_CONTENT (referrer: -; agent: python-requests/2.9.1)
May 29 15:04:48 mas01 sh[7603]: message repeated 2 times: [ 2018-05-29 15:04:48 regiond: [info] 192.168.11.13 POST /MAAS/metadata/status/b6qybg HTTP/1.1 --> 204 NO_CONTENT (referrer: -; agent: python-requests/2.9.1)]
May 29 15:04:48 mas01 sh[6875]: 2018-05-29 15:04:48 regiond: [info] 192.168.11.13 POST /MAAS/metadata/status/b6qybg HTTP/1.1 --> 204 NO_CONTENT (referrer: -; agent: python-requests/2.9.1)
May 29 15:04:48 mas01 sh[6875]: 2018-05-29 15:04:48 regiond: [info] 192.168.11.12 POST /MAAS/metadata/status/kmqqms HTTP/1.1 --> 204 NO_CONTENT (referrer: -; agent: python-requests/2.9.1)
May 29 15:04:48 mas01 sh[7603]: 2018-05-29 15:04:48 regiond: [info] 192.168.11.12 POST /MAAS/metadata/status/kmqqms HTTP/1.1 --> 204 NO_CONTENT (referrer: -; agent: python-requests/2.9.1)
May 29 15:04:48 mas01 sh[6875]: 2018-05-29 15:04:48 regiond: [info] 192.168.11.12 POST /MAAS/metadata/status/kmqqms HTTP/1.1 --> 204 NO_CONTENT (referrer: -; agent: python-requests/2.9.1)
May 29 15:04:48 mas01 sh[6875]: 2018-05-29 15:04:48 regiond: [info] 192.168.11.12 POST /MAAS/metadata/status/kmqqms HTTP/1.1 --> 204 NO_CONTENT (referrer: -; agent: python-requests/2.9.1)
May 29 15:04:48 mas01 sh[6865]: 2018-05-29 15:04:48 regiond: [info] 192.168.11.22 POST /MAAS/metadata/status/x4dafe HTTP/1.1 --> 204 NO_CONTENT (referrer: -; agent: python-requests/2.9.1)
May 29 15:04:48 mas01 sh[6865]: message repeated 2 times: [ 2018-05-29 15:04:48 regiond: [info] 192.168.11.22 POST /MAAS/metadata/status/x4dafe HTTP/1.1 --> 204 NO_CONTENT (referrer: -; agent: python-requests/2.9.1)]
May 29 15:04:48 mas01 sh[6875]: 2018-05-29 15:04:48 regiond: [info] 192.168.11.22 POST /MAAS/metadata/status/x4dafe HTTP/1.1 --> 204 NO_CONTENT (referrer: -; agent: python-requests/2.9.1)
May 29 15:04:48 mas01 sh[6869]: 2018-05-29 15:04:48 regiond: [info] 192.168.11.13 POST /MAAS/metadata/status/b6qybg HTTP/1.1 --> 204 NO_CONTENT (referrer: -; agent: python-requests/2.9.1)
May 29 15:04:48 mas01 sh[6869]: 2018-05-29 15:04:48 regiond: [info] 192.168.11.13 POST /MAAS/metadata/status/b6qybg HTTP/1.1 --> 204 NO_CONTENT (referrer: -; agent: python-requests/2.9.1)
May 29 15:04:48 mas01 sh[7603]: 2018-05-29 15:04:48 regiond: [info] 192.168.11.13 POST /MAAS/metadata/status/b6qybg HTTP/1.1 --> 204 NO_CONTENT (referrer: -; agent: python-requests/2.9.1)
May 29 15:04:48 mas01 sh[6875]: 2018-05-29 15:04:48 regiond: [info] 192.168.11.13 POST /MAAS/metadata/status/b6qybg HTTP/1.1 --> 204 NO_CONTENT (referrer: -; agent: python-requests/2.9.1)
May 29 15:04:48 mas01 sh[6865]: 2018-05-29 15:04:48 regiond: [info] 192.168.11.12 POST /MAAS/metadata/status/kmqqms HTTP/1.1 --> 204 NO_CONTENT (referrer: -; agent: python-requests/2.9.1)
May 29 15:04:48 mas01 sh[6869]: 2018-05-29 15:04:48 regiond: [info] 192.168.11.12 POST /MAAS/metadata/status/kmqqms HTTP/1.1 --> 204 NO_CONTENT (referrer: -; agent: python-requests/2.9.1)
May 29 15:04:48 mas01 sh[7603]: 2018-05-29 15:04:48 regiond: [info] 192.168.11.12 POST /MAAS/metadata/status/kmqqms HTTP/1.1 --> 204 NO_CONTENT (referrer: -; agent: python-requests/2.9.1)
May 29 15:04:48 mas01 sh[6869]: 2018-05-29 15:04:48 regiond: [info] 192.168.11.22 POST /MAAS/metadata/status/x4dafe HTTP/1.1 --> 204 NO_CONTENT (referrer: -; agent: python-requests/2.9.1)
May 29 15:04:48 mas01 sh[7603]: 2018-05-29 15:04:48 regiond: [info] 192.168.11.12 POST /MAAS/metadata/status/kmqqms HTTP/1.1 --> 204 NO_CONTENT (referrer: -; agent: python-requests/2.9.1)
May 29 15:04:48 mas01 sh[7603]: 2018-05-29 15:04:48 regiond: [info] 192.168.11.22 POST /MAAS/metadata/status/x4dafe HTTP/1.1 --> 204 NO_CONTENT (referrer: -; agent: python-requests/2.9.1)
May 29 15:04:48 mas01 sh[7603]: message repeated 2 times: [ 2018-05-29 15:04:48 regiond: [info] 192.168.11.22 POST /MAAS/metadata/status/x4dafe HTTP/1.1 --> 204 NO_CONTENT (referrer: -; agent: python-requests/2.9.1)]
May 29 15:04:48 mas01 sh[6431]: 2018-05-29 15:04:48 provisioningserver.rackdservices.tftp: [info] ubuntu/amd64/ga-16.04/xenial/daily/boot-initrd requested by 00:25:b5:a0:00:3a
May 29 15:04:48 mas01 salt-minion[6340]: [INFO    ] Loading fresh modules for state activity
May 29 15:04:48 mas01 salt-minion[6340]: [INFO    ] Running state [maas-region apikey --username opnfv > /var/lib/maas/.maas_credentials] at time 15:04:48.910105
May 29 15:04:48 mas01 salt-minion[6340]: [INFO    ] Executing state cmd.run for maas-region apikey --username opnfv > /var/lib/maas/.maas_credentials
May 29 15:04:48 mas01 salt-minion[6340]: [INFO    ] Executing command 'maas-region apikey --username opnfv > /var/lib/maas/.maas_credentials' in directory '/root'
May 29 15:04:50 mas01 salt-minion[6340]: [INFO    ] {'pid': 9298, 'retcode': 0, 'stderr': '', 'stdout': ''}
May 29 15:04:50 mas01 salt-minion[6340]: [INFO    ] Completed state [maas-region apikey --username opnfv > /var/lib/maas/.maas_credentials] at time 15:04:50.519769 duration_in_ms=1609.664
May 29 15:04:50 mas01 salt-minion[6340]: [INFO    ] Running state [maas.machines_status] at time 15:04:50.520991
May 29 15:04:50 mas01 salt-minion[6340]: [INFO    ] Executing state module.run for maas.machines_status
May 29 15:04:50 mas01 sh[6869]: 2018-05-29 15:04:50 regiond: [info] 127.0.0.1 GET /MAAS/api/2.0/machines/ HTTP/1.1 --> 200 OK (referrer: -; agent: Python-urllib/2.7)
May 29 15:04:50 mas01 salt-minion[6340]: [INFO    ] {'ret': {'machines': [{'status': 'Commissioning', 'hostname': u'cmp002', 'system_id': u'x4dafe'}, {'status': 'Commissioning', 'hostname': u'cmp001', 'system_id': u'b6qybg'}, {'status': 'Commissioning', 'hostname': u'kvm01', 'system_id': u'kmqqms'}, {'status': 'Commissioning', 'hostname': u'kvm03', 'system_id': u'n8psw3'}, {'status': 'Commissioning', 'hostname': u'kvm02', 'system_id': u'4r63sc'}], 'summary': Counter({'Commissioning': 5})}}
May 29 15:04:50 mas01 salt-minion[6340]: [INFO    ] Completed state [maas.machines_status] at time 15:04:50.803902 duration_in_ms=282.911
May 29 15:04:50 mas01 salt-minion[6340]: [INFO    ] Returning information for job: 20180529150446968529
May 29 15:04:52 mas01 dhcpd[8837]: execute_statement argv[0] = /usr/sbin/maas-dhcp-helper
May 29 15:04:52 mas01 dhcpd[8837]: execute_statement argv[1] = notify
May 29 15:04:52 mas01 dhcpd[8837]: execute_statement argv[2] = --action
May 29 15:04:52 mas01 dhcpd[8837]: execute_statement argv[3] = commit
May 29 15:04:52 mas01 dhcpd[8837]: execute_statement argv[4] = --mac
May 29 15:04:52 mas01 dhcpd[8837]: execute_statement argv[5] = 0:25:b5:a0:0:4a
May 29 15:04:52 mas01 dhcpd[8837]: execute_statement argv[6] = --ip-family
May 29 15:04:52 mas01 dhcpd[8837]: execute_statement argv[7] = ipv4
May 29 15:04:52 mas01 dhcpd[8837]: execute_statement argv[8] = --ip
May 29 15:04:52 mas01 dhcpd[8837]: execute_statement argv[9] = 192.168.11.20
May 29 15:04:52 mas01 dhcpd[8837]: execute_statement argv[10] = --lease-time
May 29 15:04:52 mas01 dhcpd[8837]: execute_statement argv[11] = 30
May 29 15:04:52 mas01 dhcpd[8837]: execute_statement argv[12] = --hostname
May 29 15:04:52 mas01 dhcpd[8837]: execute_statement argv[13] = (none)
May 29 15:04:52 mas01 dhcpd[8837]: execute_statement argv[14] = --socket
May 29 15:04:52 mas01 dhcpd[8837]: execute_statement argv[15] = /var/lib/maas/dhcpd.sock
May 29 15:04:52 mas01 dhcpd[8837]: DHCPREQUEST for 192.168.11.20 (192.168.11.3) from 00:25:b5:a0:00:4a (kvm03) via ens5
May 29 15:04:52 mas01 dhcpd[8837]: DHCPACK on 192.168.11.20 to 00:25:b5:a0:00:4a via ens5
May 29 15:04:52 mas01 sh[6875]: 2018-05-29 15:04:52 maasserver.rpc.leases: [info] Lease update: commit for 192.168.11.20 on 0:25:b5:a0:0:4a at 2018-05-29 15:04:52 (lease time: 30s)
May 29 15:04:52 mas01 sh[6431]: 2018-05-29 15:04:52 provisioningserver.rackdservices.tftp: [info] pxelinux.0 requested by 00:25:b5:a0:00:4a
May 29 15:04:52 mas01 sh[6431]: 2018-05-29 15:04:52 provisioningserver.rackdservices.tftp: [info] pxelinux.0 requested by 00:25:b5:a0:00:4a
May 29 15:04:52 mas01 maas.interface: [info] ens5 (physical) on mas01: New MAC, IP binding observed: 00:25:b5:a0:00:4a, 192.168.11.20
May 29 15:04:52 mas01 sh[6431]: 2018-05-29 15:04:52 provisioningserver.rackdservices.tftp: [info] ldlinux.c32 requested by 00:25:b5:a0:00:4a
May 29 15:04:52 mas01 sh[6431]: 2018-05-29 15:04:52 provisioningserver.rackdservices.tftp: [info] pxelinux.cfg/f0c9cf06-d8ce-11e4-0000-10000000004f requested by 00:25:b5:a0:00:4a
May 29 15:04:52 mas01 sh[6431]: 2018-05-29 15:04:52 provisioningserver.rackdservices.tftp: [info] pxelinux.cfg/01-00-25-b5-a0-00-4a requested by 00:25:b5:a0:00:4a
May 29 15:04:52 mas01 sh[6869]: 2018-05-29 15:04:52 maasserver.models.signals.interfaces: [info] eth0 (physical) on kvm03: deleted IP addresses due to VLAN update (None -> 5003).
May 29 15:04:52 mas01 sh[6431]: 2018-05-29 15:04:52 provisioningserver.rackdservices.tftp: [info] pxelinux.cfg/01-00-25-b5-a0-00-4a requested by 00:25:b5:a0:00:4a
May 29 15:04:52 mas01 sh[6431]: 2018-05-29 15:04:52 provisioningserver.rackdservices.tftp: [info] ubuntu/amd64/ga-16.04/xenial/daily/boot-kernel requested by 00:25:b5:a0:00:4a
May 29 15:04:53 mas01 sh[6431]: 2018-05-29 15:04:53 provisioningserver.rackdservices.tftp: [info] ubuntu/amd64/ga-16.04/xenial/daily/boot-initrd requested by 00:25:b5:a0:00:4a
May 29 15:05:00 mas01 sh[7603]: 2018-05-29 15:05:00 maasserver.regiondservices.active_discovery: [info] Active network discovery: Active scanning is not enabled on any subnet. Skipping periodic scan.
May 29 15:05:01 mas01 salt-minion[6340]: [INFO    ] User sudo_ubuntu Executing command state.apply with jid 20180529150501464469
May 29 15:05:01 mas01 salt-minion[6340]: [INFO    ] Starting a new job with PID 9386
May 29 15:05:01 mas01 CRON[9402]: (root) CMD (command -v debian-sa1 > /dev/null && debian-sa1 1 1)
May 29 15:05:01 mas01 salt-minion[6340]: [INFO    ] Loading fresh modules for state activity
May 29 15:05:02 mas01 salt-minion[6340]: [INFO    ] Running state [maas-region apikey --username opnfv > /var/lib/maas/.maas_credentials] at time 15:05:02.094789
May 29 15:05:02 mas01 salt-minion[6340]: [INFO    ] Executing state cmd.run for maas-region apikey --username opnfv > /var/lib/maas/.maas_credentials
May 29 15:05:02 mas01 salt-minion[6340]: [INFO    ] Executing command 'maas-region apikey --username opnfv > /var/lib/maas/.maas_credentials' in directory '/root'
May 29 15:05:02 mas01 sh[6875]: 2018-05-29 15:05:02 regiond: [info] 127.0.0.1 GET /MAAS/rpc/ HTTP/1.0 --> 200 OK (referrer: -; agent: provisioningserver.rpc.clusterservice.ClusterClientService)
May 29 15:05:02 mas01 dhcpd[8837]: DHCPDISCOVER from 00:25:b5:a0:00:3a via ens5
May 29 15:05:02 mas01 dhcpd[8837]: DHCPOFFER on 192.168.11.17 to 00:25:b5:a0:00:3a (kvm02) via ens5
May 29 15:05:02 mas01 dhcpd[8837]: execute_statement argv[0] = /usr/sbin/maas-dhcp-helper
May 29 15:05:02 mas01 dhcpd[8837]: execute_statement argv[1] = notify
May 29 15:05:02 mas01 dhcpd[8837]: execute_statement argv[2] = --action
May 29 15:05:02 mas01 dhcpd[8837]: execute_statement argv[3] = commit
May 29 15:05:02 mas01 dhcpd[8837]: execute_statement argv[4] = --mac
May 29 15:05:02 mas01 dhcpd[8837]: execute_statement argv[5] = 0:25:b5:a0:0:3a
May 29 15:05:02 mas01 dhcpd[8837]: execute_statement argv[6] = --ip-family
May 29 15:05:02 mas01 dhcpd[8837]: execute_statement argv[7] = ipv4
May 29 15:05:02 mas01 dhcpd[8837]: execute_statement argv[8] = --ip
May 29 15:05:02 mas01 dhcpd[8837]: execute_statement argv[9] = 192.168.11.17
May 29 15:05:02 mas01 dhcpd[8837]: execute_statement argv[10] = --lease-time
May 29 15:05:02 mas01 dhcpd[8837]: execute_statement argv[11] = 600
May 29 15:05:02 mas01 dhcpd[8837]: execute_statement argv[12] = --hostname
May 29 15:05:02 mas01 dhcpd[8837]: execute_statement argv[13] = kvm02
May 29 15:05:02 mas01 dhcpd[8837]: execute_statement argv[14] = --socket
May 29 15:05:02 mas01 dhcpd[8837]: execute_statement argv[15] = /var/lib/maas/dhcpd.sock
May 29 15:05:02 mas01 sh[6869]: 2018-05-29 15:05:02 maasserver.rpc.leases: [info] Lease update: commit for 192.168.11.17 on 0:25:b5:a0:0:3a at 2018-05-29 15:05:02 (lease time: 600s) (hostname: kvm02)
May 29 15:05:02 mas01 dhcpd[8837]: DHCPREQUEST for 192.168.11.17 (192.168.11.3) from 00:25:b5:a0:00:3a (kvm02) via ens5
May 29 15:05:02 mas01 dhcpd[8837]: DHCPACK on 192.168.11.17 to 00:25:b5:a0:00:3a (kvm02) via ens5
May 29 15:05:02 mas01 sh[6431]: 2018-05-29 15:05:02 rackd: [info] 192.168.11.17 GET /images/ubuntu/amd64/ga-16.04/xenial/daily/squashfs HTTP/1.1 --> 200 OK (referrer: -; agent: Wget)
May 29 15:05:03 mas01 sh[6865]: 2018-05-29 15:05:03 regiond: [info] 192.168.11.13 POST /MAAS/metadata/status/b6qybg HTTP/1.1 --> 204 NO_CONTENT (referrer: -; agent: python-requests/2.9.1)
May 29 15:05:03 mas01 sh[6875]: 2018-05-29 15:05:03 regiond: [info] 192.168.11.13 POST /MAAS/metadata/status/b6qybg HTTP/1.1 --> 204 NO_CONTENT (referrer: -; agent: python-requests/2.9.1)
May 29 15:05:03 mas01 sh[6875]: 2018-05-29 15:05:03 regiond: [info] 192.168.11.13 POST /MAAS/metadata/status/b6qybg HTTP/1.1 --> 204 NO_CONTENT (referrer: -; agent: python-requests/2.9.1)
May 29 15:05:03 mas01 sh[6865]: 2018-05-29 15:05:03 regiond: [info] 192.168.11.13 POST /MAAS/metadata/status/b6qybg HTTP/1.1 --> 204 NO_CONTENT (referrer: -; agent: python-requests/2.9.1)
May 29 15:05:03 mas01 sh[6875]: 2018-05-29 15:05:03 regiond: [info] 192.168.11.13 POST /MAAS/metadata/status/b6qybg HTTP/1.1 --> 204 NO_CONTENT (referrer: -; agent: python-requests/2.9.1)
May 29 15:05:03 mas01 sh[7603]: 2018-05-29 15:05:03 regiond: [info] 192.168.11.13 POST /MAAS/metadata/status/b6qybg HTTP/1.1 --> 204 NO_CONTENT (referrer: -; agent: python-requests/2.9.1)
May 29 15:05:03 mas01 sh[6875]: 2018-05-29 15:05:03 regiond: [info] 192.168.11.13 POST /MAAS/metadata/status/b6qybg HTTP/1.1 --> 204 NO_CONTENT (referrer: -; agent: python-requests/2.9.1)
May 29 15:05:03 mas01 sh[6865]: 2018-05-29 15:05:03 regiond: [info] 192.168.11.13 POST /MAAS/metadata/status/b6qybg HTTP/1.1 --> 204 NO_CONTENT (referrer: -; agent: python-requests/2.9.1)
May 29 15:05:03 mas01 sh[6875]: 2018-05-29 15:05:03 regiond: [info] 192.168.11.13 POST /MAAS/metadata/status/b6qybg HTTP/1.1 --> 204 NO_CONTENT (referrer: -; agent: python-requests/2.9.1)
May 29 15:05:03 mas01 salt-minion[6340]: [INFO    ] {'pid': 9417, 'retcode': 0, 'stderr': '', 'stdout': ''}
May 29 15:05:03 mas01 salt-minion[6340]: [INFO    ] Completed state [maas-region apikey --username opnfv > /var/lib/maas/.maas_credentials] at time 15:05:03.657650 duration_in_ms=1562.862
May 29 15:05:03 mas01 salt-minion[6340]: [INFO    ] Running state [maas.machines_status] at time 15:05:03.659212
May 29 15:05:03 mas01 salt-minion[6340]: [INFO    ] Executing state module.run for maas.machines_status
May 29 15:05:03 mas01 sh[6875]: 2018-05-29 15:05:03 regiond: [info] 192.168.11.13 POST /MAAS/metadata/status/b6qybg HTTP/1.1 --> 204 NO_CONTENT (referrer: -; agent: python-requests/2.9.1)
May 29 15:05:04 mas01 sh[6875]: 2018-05-29 15:05:04 regiond: [info] 192.168.11.13 POST /MAAS/metadata/status/b6qybg HTTP/1.1 --> 204 NO_CONTENT (referrer: -; agent: python-requests/2.9.1)
May 29 15:05:04 mas01 sh[6875]: message repeated 2 times: [ 2018-05-29 15:05:04 regiond: [info] 192.168.11.13 POST /MAAS/metadata/status/b6qybg HTTP/1.1 --> 204 NO_CONTENT (referrer: -; agent: python-requests/2.9.1)]
May 29 15:05:04 mas01 sh[7603]: 2018-05-29 15:05:04 regiond: [info] 192.168.11.13 POST /MAAS/metadata/status/b6qybg HTTP/1.1 --> 204 NO_CONTENT (referrer: -; agent: python-requests/2.9.1)
May 29 15:05:04 mas01 sh[7603]: 2018-05-29 15:05:04 regiond: [info] 192.168.11.13 POST /MAAS/metadata/status/b6qybg HTTP/1.1 --> 204 NO_CONTENT (referrer: -; agent: python-requests/2.9.1)
May 29 15:05:04 mas01 salt-minion[6340]: [INFO    ] {'ret': {'machines': [{'status': 'Commissioning', 'hostname': u'cmp002', 'system_id': u'x4dafe'}, {'status': 'Commissioning', 'hostname': u'cmp001', 'system_id': u'b6qybg'}, {'status': 'Commissioning', 'hostname': u'kvm01', 'system_id': u'kmqqms'}, {'status': 'Commissioning', 'hostname': u'kvm03', 'system_id': u'n8psw3'}, {'status': 'Commissioning', 'hostname': u'kvm02', 'system_id': u'4r63sc'}], 'summary': Counter({'Commissioning': 5})}}
May 29 15:05:04 mas01 salt-minion[6340]: [INFO    ] Completed state [maas.machines_status] at time 15:05:04.036741 duration_in_ms=377.528
May 29 15:05:04 mas01 sh[6875]: 2018-05-29 15:05:04 regiond: [info] 127.0.0.1 GET /MAAS/api/2.0/machines/ HTTP/1.1 --> 200 OK (referrer: -; agent: Python-urllib/2.7)
May 29 15:05:04 mas01 sh[6875]: 2018-05-29 15:05:04 regiond: [info] 192.168.11.13 POST /MAAS/metadata/status/b6qybg HTTP/1.1 --> 204 NO_CONTENT (referrer: -; agent: python-requests/2.9.1)
May 29 15:05:04 mas01 salt-minion[6340]: [INFO    ] Returning information for job: 20180529150501464469
May 29 15:05:04 mas01 sh[6869]: 2018-05-29 15:05:04 regiond: [info] 192.168.11.13 POST /MAAS/metadata/status/b6qybg HTTP/1.1 --> 204 NO_CONTENT (referrer: -; agent: python-requests/2.9.1)
May 29 15:05:04 mas01 sh[6869]: 2018-05-29 15:05:04 regiond: [info] 192.168.11.13 POST /MAAS/metadata/status/b6qybg HTTP/1.1 --> 204 NO_CONTENT (referrer: -; agent: python-requests/2.9.1)
May 29 15:05:04 mas01 sh[6865]: 2018-05-29 15:05:04 regiond: [info] 192.168.11.13 POST /MAAS/metadata/status/b6qybg HTTP/1.1 --> 204 NO_CONTENT (referrer: -; agent: python-requests/2.9.1)
May 29 15:05:04 mas01 sh[6875]: 2018-05-29 15:05:04 regiond: [info] 192.168.11.13 POST /MAAS/metadata/status/b6qybg HTTP/1.1 --> 204 NO_CONTENT (referrer: -; agent: python-requests/2.9.1)
May 29 15:05:04 mas01 sh[6875]: 2018-05-29 15:05:04 regiond: [info] 192.168.11.13 POST /MAAS/metadata/status/b6qybg HTTP/1.1 --> 204 NO_CONTENT (referrer: -; agent: python-requests/2.9.1)
May 29 15:05:04 mas01 sh[7603]: 2018-05-29 15:05:04 regiond: [info] 192.168.11.13 POST /MAAS/metadata/status/b6qybg HTTP/1.1 --> 204 NO_CONTENT (referrer: -; agent: python-requests/2.9.1)
May 29 15:05:04 mas01 sh[6865]: 2018-05-29 15:05:04 regiond: [info] 192.168.11.13 POST /MAAS/metadata/status/b6qybg HTTP/1.1 --> 204 NO_CONTENT (referrer: -; agent: python-requests/2.9.1)
May 29 15:05:04 mas01 sh[6869]: 2018-05-29 15:05:04 regiond: [info] 192.168.11.13 POST /MAAS/metadata/status/b6qybg HTTP/1.1 --> 204 NO_CONTENT (referrer: -; agent: python-requests/2.9.1)
May 29 15:05:04 mas01 sh[6869]: 2018-05-29 15:05:04 regiond: [info] 192.168.11.13 POST /MAAS/metadata/status/b6qybg HTTP/1.1 --> 204 NO_CONTENT (referrer: -; agent: python-requests/2.9.1)
May 29 15:05:04 mas01 sh[6875]: 2018-05-29 15:05:04 regiond: [info] 192.168.11.13 POST /MAAS/metadata/status/b6qybg HTTP/1.1 --> 204 NO_CONTENT (referrer: -; agent: python-requests/2.9.1)
May 29 15:05:04 mas01 sh[6875]: 2018-05-29 15:05:04 regiond: [info] 192.168.11.13 POST /MAAS/metadata/status/b6qybg HTTP/1.1 --> 204 NO_CONTENT (referrer: -; agent: python-requests/2.9.1)
