Apr 11 10:03:51 mas01 sh[14884]: 2018-04-11 10:03:51 provisioningserver.rackdservices.tftp: [info] ubuntu/amd64/hwe-16.04/xenial/daily/boot-kernel requested by 00:25:b5:a0:00:5a
Apr 11 10:03:52 mas01 dhcpd[18690]: DHCPDISCOVER from 00:25:b5:a0:00:4a (kvm03) via ens5
Apr 11 10:03:53 mas01 dhcpd[18690]: DHCPOFFER on 192.168.11.4 to 00:25:b5:a0:00:4a via ens5
Apr 11 10:03:53 mas01 sh[14884]: 2018-04-11 10:03:53 provisioningserver.rackdservices.tftp: [info] ubuntu/amd64/hwe-16.04/xenial/daily/boot-initrd requested by 00:25:b5:a0:00:5a
Apr 11 10:03:54 mas01 dhcpd[18690]: DHCPDISCOVER from 00:25:b5:a0:00:3a (kvm02) via ens5
Apr 11 10:03:54 mas01 dhcpd[18690]: execute_statement argv[0] = /usr/sbin/maas-dhcp-helper
Apr 11 10:03:54 mas01 dhcpd[18690]: execute_statement argv[1] = notify
Apr 11 10:03:54 mas01 dhcpd[18690]: execute_statement argv[2] = --action
Apr 11 10:03:54 mas01 dhcpd[18690]: execute_statement argv[3] = commit
Apr 11 10:03:54 mas01 dhcpd[18690]: execute_statement argv[4] = --mac
Apr 11 10:03:54 mas01 dhcpd[18690]: execute_statement argv[5] = 0:25:b5:a0:0:2a
Apr 11 10:03:54 mas01 dhcpd[18690]: execute_statement argv[6] = --ip-family
Apr 11 10:03:54 mas01 dhcpd[18690]: execute_statement argv[7] = ipv4
Apr 11 10:03:54 mas01 dhcpd[18690]: execute_statement argv[8] = --ip
Apr 11 10:03:54 mas01 dhcpd[18690]: execute_statement argv[9] = 192.168.11.6
Apr 11 10:03:54 mas01 dhcpd[18690]: execute_statement argv[10] = --lease-time
Apr 11 10:03:54 mas01 dhcpd[18690]: execute_statement argv[11] = 30
Apr 11 10:03:54 mas01 dhcpd[18690]: execute_statement argv[12] = --hostname
Apr 11 10:03:54 mas01 dhcpd[18690]: execute_statement argv[13] = (none)
Apr 11 10:03:54 mas01 dhcpd[18690]: execute_statement argv[14] = --socket
Apr 11 10:03:54 mas01 dhcpd[18690]: execute_statement argv[15] = /var/lib/maas/dhcpd.sock
Apr 11 10:03:54 mas01 dhcpd[18690]: DHCPREQUEST for 192.168.11.6 (192.168.11.3) from 00:25:b5:a0:00:2a via ens5
Apr 11 10:03:54 mas01 dhcpd[18690]: DHCPACK on 192.168.11.6 to 00:25:b5:a0:00:2a via ens5
Apr 11 10:03:54 mas01 sh[14884]: 2018-04-11 10:03:54 provisioningserver.rackdservices.tftp: [info] pxelinux.0 requested by 00:25:b5:a0:00:2a
Apr 11 10:03:54 mas01 sh[14884]: 2018-04-11 10:03:54 provisioningserver.rackdservices.tftp: [info] pxelinux.0 requested by 00:25:b5:a0:00:2a
Apr 11 10:03:54 mas01 sh[15297]: 2018-04-11 10:03:54 maasserver.rpc.leases: [info] Lease update: commit for 192.168.11.6 on 0:25:b5:a0:0:2a at 2018-04-11 10:03:54 (lease time: 30s)
Apr 11 10:03:55 mas01 sh[14884]: 2018-04-11 10:03:55 provisioningserver.rackdservices.tftp: [info] ldlinux.c32 requested by 00:25:b5:a0:00:2a
Apr 11 10:03:55 mas01 sh[14884]: 2018-04-11 10:03:55 provisioningserver.rackdservices.tftp: [info] pxelinux.cfg/f0c9cf06-d8ce-11e4-0000-10000000006f requested by 00:25:b5:a0:00:2a
Apr 11 10:03:55 mas01 sh[14884]: 2018-04-11 10:03:55 provisioningserver.rackdservices.tftp: [info] pxelinux.cfg/01-00-25-b5-a0-00-2a requested by 00:25:b5:a0:00:2a
Apr 11 10:03:55 mas01 sh[14884]: 2018-04-11 10:03:55 provisioningserver.rackdservices.tftp: [info] pxelinux.cfg/01-00-25-b5-a0-00-2a requested by 00:25:b5:a0:00:2a
Apr 11 10:03:55 mas01 sh[14884]: 2018-04-11 10:03:55 provisioningserver.rackdservices.tftp: [info] ubuntu/amd64/hwe-16.04/xenial/daily/boot-kernel requested by 00:25:b5:a0:00:2a
Apr 11 10:03:55 mas01 dhcpd[18690]: DHCPOFFER on 192.168.11.10 to 00:25:b5:a0:00:3a via ens5
Apr 11 10:03:56 mas01 dhcpd[18690]: execute_statement argv[0] = /usr/sbin/maas-dhcp-helper
Apr 11 10:03:56 mas01 dhcpd[18690]: execute_statement argv[1] = notify
Apr 11 10:03:56 mas01 dhcpd[18690]: execute_statement argv[2] = --action
Apr 11 10:03:56 mas01 dhcpd[18690]: execute_statement argv[3] = commit
Apr 11 10:03:56 mas01 dhcpd[18690]: execute_statement argv[4] = --mac
Apr 11 10:03:56 mas01 dhcpd[18690]: execute_statement argv[5] = 0:25:b5:a0:0:4a
Apr 11 10:03:56 mas01 dhcpd[18690]: execute_statement argv[6] = --ip-family
Apr 11 10:03:56 mas01 dhcpd[18690]: execute_statement argv[7] = ipv4
Apr 11 10:03:56 mas01 dhcpd[18690]: execute_statement argv[8] = --ip
Apr 11 10:03:56 mas01 dhcpd[18690]: execute_statement argv[9] = 192.168.11.4
Apr 11 10:03:56 mas01 dhcpd[18690]: execute_statement argv[10] = --lease-time
Apr 11 10:03:56 mas01 dhcpd[18690]: execute_statement argv[11] = 30
Apr 11 10:03:56 mas01 dhcpd[18690]: execute_statement argv[12] = --hostname
Apr 11 10:03:56 mas01 dhcpd[18690]: execute_statement argv[13] = (none)
Apr 11 10:03:56 mas01 dhcpd[18690]: execute_statement argv[14] = --socket
Apr 11 10:03:56 mas01 dhcpd[18690]: execute_statement argv[15] = /var/lib/maas/dhcpd.sock
Apr 11 10:03:56 mas01 sh[15284]: 2018-04-11 10:03:56 maasserver.rpc.leases: [info] Lease update: commit for 192.168.11.4 on 0:25:b5:a0:0:4a at 2018-04-11 10:03:56 (lease time: 30s)
Apr 11 10:03:56 mas01 dhcpd[18690]: DHCPREQUEST for 192.168.11.4 (192.168.11.3) from 00:25:b5:a0:00:4a via ens5
Apr 11 10:03:56 mas01 dhcpd[18690]: DHCPACK on 192.168.11.4 to 00:25:b5:a0:00:4a via ens5
Apr 11 10:03:56 mas01 sh[14884]: 2018-04-11 10:03:56 provisioningserver.rackdservices.tftp: [info] pxelinux.0 requested by 00:25:b5:a0:00:4a
Apr 11 10:03:56 mas01 sh[14884]: 2018-04-11 10:03:56 provisioningserver.rackdservices.tftp: [info] pxelinux.0 requested by 00:25:b5:a0:00:4a
Apr 11 10:03:56 mas01 sh[14884]: 2018-04-11 10:03:56 provisioningserver.rackdservices.tftp: [info] ldlinux.c32 requested by 00:25:b5:a0:00:4a
Apr 11 10:03:56 mas01 sh[14884]: 2018-04-11 10:03:56 provisioningserver.rackdservices.tftp: [info] pxelinux.cfg/f0c9cf06-d8ce-11e4-0000-10000000004f requested by 00:25:b5:a0:00:4a
Apr 11 10:03:56 mas01 sh[14884]: 2018-04-11 10:03:56 provisioningserver.rackdservices.tftp: [info] pxelinux.cfg/01-00-25-b5-a0-00-4a requested by 00:25:b5:a0:00:4a
Apr 11 10:03:56 mas01 sh[14884]: 2018-04-11 10:03:56 provisioningserver.rackdservices.tftp: [info] pxelinux.cfg/01-00-25-b5-a0-00-4a requested by 00:25:b5:a0:00:4a
Apr 11 10:03:56 mas01 sh[14884]: 2018-04-11 10:03:56 provisioningserver.rackdservices.tftp: [info] ubuntu/amd64/hwe-16.04/xenial/daily/boot-kernel requested by 00:25:b5:a0:00:4a
Apr 11 10:03:57 mas01 sh[14884]: 2018-04-11 10:03:57 provisioningserver.rackdservices.tftp: [info] ubuntu/amd64/hwe-16.04/xenial/daily/boot-initrd requested by 00:25:b5:a0:00:2a
Apr 11 10:03:58 mas01 sh[14884]: 2018-04-11 10:03:58 provisioningserver.rackdservices.tftp: [info] ubuntu/amd64/hwe-16.04/xenial/daily/boot-initrd requested by 00:25:b5:a0:00:4a
Apr 11 10:03:58 mas01 dhcpd[18690]: execute_statement argv[0] = /usr/sbin/maas-dhcp-helper
Apr 11 10:03:58 mas01 dhcpd[18690]: execute_statement argv[1] = notify
Apr 11 10:03:58 mas01 dhcpd[18690]: execute_statement argv[2] = --action
Apr 11 10:03:58 mas01 dhcpd[18690]: execute_statement argv[3] = commit
Apr 11 10:03:58 mas01 dhcpd[18690]: execute_statement argv[4] = --mac
Apr 11 10:03:58 mas01 dhcpd[18690]: execute_statement argv[5] = 0:25:b5:a0:0:3a
Apr 11 10:03:58 mas01 dhcpd[18690]: execute_statement argv[6] = --ip-family
Apr 11 10:03:58 mas01 dhcpd[18690]: execute_statement argv[7] = ipv4
Apr 11 10:03:58 mas01 dhcpd[18690]: execute_statement argv[8] = --ip
Apr 11 10:03:58 mas01 dhcpd[18690]: execute_statement argv[9] = 192.168.11.10
Apr 11 10:03:58 mas01 dhcpd[18690]: execute_statement argv[10] = --lease-time
Apr 11 10:03:58 mas01 dhcpd[18690]: execute_statement argv[11] = 30
Apr 11 10:03:58 mas01 dhcpd[18690]: execute_statement argv[12] = --hostname
Apr 11 10:03:58 mas01 dhcpd[18690]: execute_statement argv[13] = (none)
Apr 11 10:03:58 mas01 dhcpd[18690]: execute_statement argv[14] = --socket
Apr 11 10:03:58 mas01 dhcpd[18690]: execute_statement argv[15] = /var/lib/maas/dhcpd.sock
Apr 11 10:03:58 mas01 dhcpd[18690]: DHCPREQUEST for 192.168.11.10 (192.168.11.3) from 00:25:b5:a0:00:3a via ens5
Apr 11 10:03:58 mas01 dhcpd[18690]: DHCPACK on 192.168.11.10 to 00:25:b5:a0:00:3a via ens5
Apr 11 10:03:58 mas01 sh[14884]: 2018-04-11 10:03:58 provisioningserver.rackdservices.tftp: [info] pxelinux.0 requested by 00:25:b5:a0:00:3a
Apr 11 10:03:58 mas01 sh[14884]: 2018-04-11 10:03:58 provisioningserver.rackdservices.tftp: [info] pxelinux.0 requested by 00:25:b5:a0:00:3a
Apr 11 10:03:58 mas01 sh[15297]: 2018-04-11 10:03:58 maasserver.rpc.leases: [info] Lease update: commit for 192.168.11.10 on 0:25:b5:a0:0:3a at 2018-04-11 10:03:58 (lease time: 30s)
Apr 11 10:03:59 mas01 sh[14884]: 2018-04-11 10:03:59 provisioningserver.rackdservices.tftp: [info] ldlinux.c32 requested by 00:25:b5:a0:00:3a
Apr 11 10:03:59 mas01 sh[14884]: 2018-04-11 10:03:59 provisioningserver.rackdservices.tftp: [info] pxelinux.cfg/f0c9cf06-d8ce-11e4-0000-10000000007f requested by 00:25:b5:a0:00:3a
Apr 11 10:03:59 mas01 sh[14884]: 2018-04-11 10:03:59 provisioningserver.rackdservices.tftp: [info] pxelinux.cfg/01-00-25-b5-a0-00-3a requested by 00:25:b5:a0:00:3a
Apr 11 10:03:59 mas01 sh[14884]: 2018-04-11 10:03:59 provisioningserver.rackdservices.tftp: [info] pxelinux.cfg/01-00-25-b5-a0-00-3a requested by 00:25:b5:a0:00:3a
Apr 11 10:03:59 mas01 sh[14884]: 2018-04-11 10:03:59 provisioningserver.rackdservices.tftp: [info] ubuntu/amd64/hwe-16.04/xenial/daily/boot-kernel requested by 00:25:b5:a0:00:3a
Apr 11 10:03:59 mas01 salt-minion[1203]: [INFO    ] User sudo_ubuntu Executing command state.apply with jid 20180411100359659847
Apr 11 10:03:59 mas01 salt-minion[1203]: [INFO    ] Starting a new job with PID 19564
Apr 11 10:04:01 mas01 sh[14884]: 2018-04-11 10:04:01 provisioningserver.rackdservices.tftp: [info] ubuntu/amd64/hwe-16.04/xenial/daily/boot-initrd requested by 00:25:b5:a0:00:3a
Apr 11 10:04:01 mas01 salt-minion[1203]: [INFO    ] Loading fresh modules for state activity
Apr 11 10:04:01 mas01 salt-minion[1203]: [INFO    ] Running state [maas-region apikey --username opnfv > /var/lib/maas/.maas_credentials] at time 10:04:01.499781
Apr 11 10:04:01 mas01 salt-minion[1203]: [INFO    ] Executing state cmd.run for maas-region apikey --username opnfv > /var/lib/maas/.maas_credentials
Apr 11 10:04:01 mas01 salt-minion[1203]: [INFO    ] Executing command 'maas-region apikey --username opnfv > /var/lib/maas/.maas_credentials' in directory '/root'
Apr 11 10:04:02 mas01 salt-minion[1203]: [INFO    ] {'pid': 19574, 'retcode': 0, 'stderr': '', 'stdout': ''}
Apr 11 10:04:02 mas01 salt-minion[1203]: [INFO    ] Completed state [maas-region apikey --username opnfv > /var/lib/maas/.maas_credentials] at time 10:04:02.759373 duration_in_ms=1259.593
Apr 11 10:04:02 mas01 salt-minion[1203]: [INFO    ] Running state [maas.machines_status] at time 10:04:02.760290
Apr 11 10:04:02 mas01 salt-minion[1203]: [INFO    ] Executing state module.run for maas.machines_status
Apr 11 10:04:02 mas01 sh[15284]: 2018-04-11 10:04:02 regiond: [info] 127.0.0.1 GET /MAAS/rpc/ HTTP/1.0 --> 200 OK (referrer: -; agent: provisioningserver.rpc.clusterservice.ClusterClientService)
Apr 11 10:04:03 mas01 sh[14884]: 2018-04-11 10:04:03 provisioningserver.dhcp.detect: [info] External DHCP server(s) discovered on interface 'ens3': 10.20.0.1
Apr 11 10:04:03 mas01 sh[14884]: 2018-04-11 10:04:03 provisioningserver.rackdservices.dhcp_probe_service: [info] External DHCP probe complete.
Apr 11 10:04:03 mas01 sh[15284]: 2018-04-11 10:04:03 regiond: [info] 127.0.0.1 GET /MAAS/api/2.0/machines/ HTTP/1.1 --> 200 OK (referrer: -; agent: Python-urllib/2.7)
Apr 11 10:04:03 mas01 salt-minion[1203]: [INFO    ] {'ret': {'machines': [{'status': 'Deploying', 'hostname': u'cmp002', 'system_id': u'g6xpdn'}, {'status': 'Deploying', 'hostname': u'cmp001', 'system_id': u'e8ph8c'}, {'status': 'Deploying', 'hostname': u'kvm01', 'system_id': u'rm4qhq'}, {'status': 'Deploying', 'hostname': u'kvm03', 'system_id': u'6ynctd'}, {'status': 'Deploying', 'hostname': u'kvm02', 'system_id': u'pndw3c'}], 'summary': Counter({'Deploying': 5})}}
Apr 11 10:04:03 mas01 salt-minion[1203]: [INFO    ] Completed state [maas.machines_status] at time 10:04:03.310866 duration_in_ms=550.574
Apr 11 10:04:03 mas01 salt-minion[1203]: [INFO    ] Returning information for job: 20180411100359659847
Apr 11 10:04:09 mas01 dhcpd[18690]: DHCPDISCOVER from 00:25:b5:a0:00:6a via ens5
Apr 11 10:04:09 mas01 dhcpd[18690]: DHCPOFFER on 192.168.11.5 to 00:25:b5:a0:00:6a (cmp002) via ens5
Apr 11 10:04:09 mas01 dhcpd[18690]: execute_statement argv[0] = /usr/sbin/maas-dhcp-helper
Apr 11 10:04:09 mas01 dhcpd[18690]: execute_statement argv[1] = notify
Apr 11 10:04:09 mas01 dhcpd[18690]: execute_statement argv[2] = --action
Apr 11 10:04:09 mas01 dhcpd[18690]: execute_statement argv[3] = commit
Apr 11 10:04:09 mas01 dhcpd[18690]: execute_statement argv[4] = --mac
Apr 11 10:04:09 mas01 dhcpd[18690]: execute_statement argv[5] = 0:25:b5:a0:0:6a
Apr 11 10:04:09 mas01 dhcpd[18690]: execute_statement argv[6] = --ip-family
Apr 11 10:04:09 mas01 dhcpd[18690]: execute_statement argv[7] = ipv4
Apr 11 10:04:09 mas01 dhcpd[18690]: execute_statement argv[8] = --ip
Apr 11 10:04:09 mas01 dhcpd[18690]: execute_statement argv[9] = 192.168.11.5
Apr 11 10:04:09 mas01 dhcpd[18690]: execute_statement argv[10] = --lease-time
Apr 11 10:04:09 mas01 dhcpd[18690]: execute_statement argv[11] = 600
Apr 11 10:04:09 mas01 dhcpd[18690]: execute_statement argv[12] = --hostname
Apr 11 10:04:09 mas01 dhcpd[18690]: execute_statement argv[13] = cmp002
Apr 11 10:04:09 mas01 dhcpd[18690]: execute_statement argv[14] = --socket
Apr 11 10:04:09 mas01 dhcpd[18690]: execute_statement argv[15] = /var/lib/maas/dhcpd.sock
Apr 11 10:04:09 mas01 dhcpd[18690]: DHCPREQUEST for 192.168.11.5 (192.168.11.3) from 00:25:b5:a0:00:6a (cmp002) via ens5
Apr 11 10:04:09 mas01 dhcpd[18690]: DHCPACK on 192.168.11.5 to 00:25:b5:a0:00:6a (cmp002) via ens5
Apr 11 10:04:09 mas01 dhcpd[18690]: DHCPDISCOVER from 00:25:b5:a0:00:5a via ens5
Apr 11 10:04:09 mas01 dhcpd[18690]: DHCPOFFER on 192.168.11.12 to 00:25:b5:a0:00:5a (cmp001) via ens5
Apr 11 10:04:09 mas01 dhcpd[18690]: execute_statement argv[0] = /usr/sbin/maas-dhcp-helper
Apr 11 10:04:09 mas01 dhcpd[18690]: execute_statement argv[1] = notify
Apr 11 10:04:09 mas01 dhcpd[18690]: execute_statement argv[2] = --action
Apr 11 10:04:09 mas01 dhcpd[18690]: execute_statement argv[3] = commit
Apr 11 10:04:09 mas01 dhcpd[18690]: execute_statement argv[4] = --mac
Apr 11 10:04:09 mas01 dhcpd[18690]: execute_statement argv[5] = 0:25:b5:a0:0:5a
Apr 11 10:04:09 mas01 dhcpd[18690]: execute_statement argv[6] = --ip-family
Apr 11 10:04:09 mas01 dhcpd[18690]: execute_statement argv[7] = ipv4
Apr 11 10:04:09 mas01 dhcpd[18690]: execute_statement argv[8] = --ip
Apr 11 10:04:09 mas01 dhcpd[18690]: execute_statement argv[9] = 192.168.11.12
Apr 11 10:04:09 mas01 dhcpd[18690]: execute_statement argv[10] = --lease-time
Apr 11 10:04:09 mas01 dhcpd[18690]: execute_statement argv[11] = 600
Apr 11 10:04:09 mas01 dhcpd[18690]: execute_statement argv[12] = --hostname
Apr 11 10:04:09 mas01 dhcpd[18690]: execute_statement argv[13] = cmp001
Apr 11 10:04:09 mas01 dhcpd[18690]: execute_statement argv[14] = --socket
Apr 11 10:04:09 mas01 dhcpd[18690]: execute_statement argv[15] = /var/lib/maas/dhcpd.sock
Apr 11 10:04:09 mas01 sh[15284]: 2018-04-11 10:04:09 maasserver.rpc.leases: [info] Lease update: commit for 192.168.11.5 on 0:25:b5:a0:0:6a at 2018-04-11 10:04:09 (lease time: 600s) (hostname: cmp002)
Apr 11 10:04:09 mas01 dhcpd[18690]: DHCPREQUEST for 192.168.11.12 (192.168.11.3) from 00:25:b5:a0:00:5a (cmp001) via ens5
Apr 11 10:04:09 mas01 dhcpd[18690]: DHCPACK on 192.168.11.12 to 00:25:b5:a0:00:5a (cmp001) via ens5
Apr 11 10:04:09 mas01 sh[15297]: 2018-04-11 10:04:09 maasserver.rpc.leases: [info] Lease update: commit for 192.168.11.12 on 0:25:b5:a0:0:5a at 2018-04-11 10:04:09 (lease time: 600s) (hostname: cmp001)
Apr 11 10:04:10 mas01 sh[14884]: 2018-04-11 10:04:10 rackd: [info] 192.168.11.5 GET /images/ubuntu/amd64/hwe-16.04/xenial/daily/squashfs HTTP/1.1 --> 200 OK (referrer: -; agent: Wget)
Apr 11 10:04:10 mas01 sh[14884]: 2018-04-11 10:04:10 rackd: [info] 192.168.11.12 GET /images/ubuntu/amd64/hwe-16.04/xenial/daily/squashfs HTTP/1.1 --> 200 OK (referrer: -; agent: Wget)
Apr 11 10:04:12 mas01 sh[15573]: 2018-04-11 10:04:12 regiond: [info] 192.168.11.5 POST /MAAS/metadata/status/g6xpdn HTTP/1.1 --> 204 NO_CONTENT (referrer: -; agent: python-requests/2.9.1)
Apr 11 10:04:12 mas01 sh[15297]: 2018-04-11 10:04:12 regiond: [info] 192.168.11.5 POST /MAAS/metadata/status/g6xpdn HTTP/1.1 --> 204 NO_CONTENT (referrer: -; agent: python-requests/2.9.1)
Apr 11 10:04:13 mas01 sh[15573]: 2018-04-11 10:04:13 regiond: [info] 192.168.11.12 GET /MAAS/metadata/latest/by-id/e8ph8c/?op=get_preseed HTTP/1.1 --> 200 OK (referrer: -; agent: Cloud-Init/17.2)
Apr 11 10:04:13 mas01 sh[15284]: 2018-04-11 10:04:13 regiond: [info] 192.168.11.12 POST /MAAS/metadata/status/e8ph8c HTTP/1.1 --> 204 NO_CONTENT (referrer: -; agent: python-requests/2.9.1)
Apr 11 10:04:13 mas01 sh[15573]: 2018-04-11 10:04:13 regiond: [info] 192.168.11.12 POST /MAAS/metadata/status/e8ph8c HTTP/1.1 --> 204 NO_CONTENT (referrer: -; agent: python-requests/2.9.1)
Apr 11 10:04:13 mas01 sh[15290]: 2018-04-11 10:04:13 regiond: [info] 192.168.11.5 POST /MAAS/metadata/status/g6xpdn HTTP/1.1 --> 204 NO_CONTENT (referrer: -; agent: python-requests/2.9.1)
Apr 11 10:04:13 mas01 sh[15573]: 2018-04-11 10:04:13 regiond: [info] 192.168.11.12 POST /MAAS/metadata/status/e8ph8c HTTP/1.1 --> 204 NO_CONTENT (referrer: -; agent: python-requests/2.9.1)
Apr 11 10:04:13 mas01 sh[15290]: 2018-04-11 10:04:13 regiond: [info] 192.168.11.5 GET /MAAS/metadata/latest/by-id/g6xpdn/?op=get_preseed HTTP/1.1 --> 200 OK (referrer: -; agent: Cloud-Init/17.2)
Apr 11 10:04:13 mas01 sh[15573]: 2018-04-11 10:04:13 regiond: [info] 192.168.11.12 GET /MAAS/metadata/latest/by-id/e8ph8c/?op=get_preseed HTTP/1.1 --> 200 OK (referrer: -; agent: Cloud-Init/17.2)
Apr 11 10:04:13 mas01 sh[15290]: 2018-04-11 10:04:13 regiond: [info] 192.168.11.5 POST /MAAS/metadata/status/g6xpdn HTTP/1.1 --> 204 NO_CONTENT (referrer: -; agent: python-requests/2.9.1)
Apr 11 10:04:13 mas01 sh[15297]: 2018-04-11 10:04:13 regiond: [info] 192.168.11.5 POST /MAAS/metadata/status/g6xpdn HTTP/1.1 --> 204 NO_CONTENT (referrer: -; agent: python-requests/2.9.1)
Apr 11 10:04:13 mas01 sh[15573]: 2018-04-11 10:04:13 regiond: [info] 192.168.11.12 POST /MAAS/metadata/status/e8ph8c HTTP/1.1 --> 204 NO_CONTENT (referrer: -; agent: python-requests/2.9.1)
Apr 11 10:04:13 mas01 sh[15573]: 2018-04-11 10:04:13 regiond: [info] 192.168.11.12 POST /MAAS/metadata/status/e8ph8c HTTP/1.1 --> 204 NO_CONTENT (referrer: -; agent: python-requests/2.9.1)
Apr 11 10:04:13 mas01 sh[15297]: 2018-04-11 10:04:13 regiond: [info] 192.168.11.5 POST /MAAS/metadata/status/g6xpdn HTTP/1.1 --> 204 NO_CONTENT (referrer: -; agent: python-requests/2.9.1)
Apr 11 10:04:13 mas01 sh[15290]: 2018-04-11 10:04:13 regiond: [info] 192.168.11.12 POST /MAAS/metadata/status/e8ph8c HTTP/1.1 --> 204 NO_CONTENT (referrer: -; agent: python-requests/2.9.1)
Apr 11 10:04:13 mas01 sh[15284]: 2018-04-11 10:04:13 regiond: [info] 192.168.11.5 GET /MAAS/metadata/curtin/2012-03-01/meta-data/instance-id HTTP/1.1 --> 200 OK (referrer: -; agent: Cloud-Init/17.2)
Apr 11 10:04:13 mas01 sh[15573]: 2018-04-11 10:04:13 regiond: [info] 192.168.11.12 GET /MAAS/metadata/curtin/2012-03-01/meta-data/instance-id HTTP/1.1 --> 200 OK (referrer: -; agent: Cloud-Init/17.2)
Apr 11 10:04:13 mas01 sh[15284]: 2018-04-11 10:04:13 regiond: [info] 192.168.11.5 GET /MAAS/metadata/curtin/2012-03-01/meta-data/instance-id HTTP/1.1 --> 200 OK (referrer: -; agent: python-requests/2.9.1)
Apr 11 10:04:13 mas01 sh[15290]: 2018-04-11 10:04:13 regiond: [info] 192.168.11.12 GET /MAAS/metadata/curtin/2012-03-01/meta-data/instance-id HTTP/1.1 --> 200 OK (referrer: -; agent: python-requests/2.9.1)
Apr 11 10:04:13 mas01 sh[15573]: 2018-04-11 10:04:13 regiond: [info] 192.168.11.5 GET /MAAS/metadata/curtin/2012-03-01/meta-data/local-hostname HTTP/1.1 --> 200 OK (referrer: -; agent: python-requests/2.9.1)
Apr 11 10:04:13 mas01 sh[15573]: 2018-04-11 10:04:13 regiond: [info] 192.168.11.12 GET /MAAS/metadata/curtin/2012-03-01/meta-data/local-hostname HTTP/1.1 --> 200 OK (referrer: -; agent: python-requests/2.9.1)
Apr 11 10:04:13 mas01 sh[15297]: 2018-04-11 10:04:13 regiond: [info] 192.168.11.5 GET /MAAS/metadata/curtin/2012-03-01/meta-data/public-keys HTTP/1.1 --> 200 OK (referrer: -; agent: python-requests/2.9.1)
Apr 11 10:04:13 mas01 salt-minion[1203]: [INFO    ] User sudo_ubuntu Executing command state.apply with jid 20180411100413975208
Apr 11 10:04:13 mas01 salt-minion[1203]: [INFO    ] Starting a new job with PID 19623
Apr 11 10:04:14 mas01 sh[15297]: 2018-04-11 10:04:14 regiond: [info] 192.168.11.5 GET /MAAS/metadata/curtin/2012-03-01/meta-data/vendor-data HTTP/1.1 --> 200 OK (referrer: -; agent: python-requests/2.9.1)
Apr 11 10:04:14 mas01 sh[15284]: 2018-04-11 10:04:14 regiond: [info] 192.168.11.12 GET /MAAS/metadata/curtin/2012-03-01/meta-data/vendor-data HTTP/1.1 --> 200 OK (referrer: -; agent: python-requests/2.9.1)
Apr 11 10:04:14 mas01 sh[15573]: 2018-04-11 10:04:14 maasserver.preseed: [warn] WARNING: '/etc/maas/preseeds/curtin_userdata_amd64_generic_xenial' contains deprecated preseed variables. Please remove: main_archive_directory, ports_archive_directory, http_proxy
Apr 11 10:04:14 mas01 sh[15297]: 2018-04-11 10:04:14 maasserver.preseed: [warn] WARNING: '/etc/maas/preseeds/curtin_userdata_amd64_generic_xenial' contains deprecated preseed variables. Please remove: main_archive_directory, ports_archive_directory, http_proxy
Apr 11 10:04:14 mas01 salt-minion[1203]: [INFO    ] Loading fresh modules for state activity
Apr 11 10:04:14 mas01 salt-minion[1203]: [INFO    ] Running state [maas-region apikey --username opnfv > /var/lib/maas/.maas_credentials] at time 10:04:14.475771
Apr 11 10:04:14 mas01 salt-minion[1203]: [INFO    ] Executing state cmd.run for maas-region apikey --username opnfv > /var/lib/maas/.maas_credentials
Apr 11 10:04:14 mas01 salt-minion[1203]: [INFO    ] Executing command 'maas-region apikey --username opnfv > /var/lib/maas/.maas_credentials' in directory '/root'
Apr 11 10:04:14 mas01 sh[15297]: 2018-04-11 10:04:14 regiond: [info] 192.168.11.12 GET /MAAS/metadata/curtin/2012-03-01/user-data HTTP/1.1 --> 200 OK (referrer: -; agent: python-requests/2.9.1)
Apr 11 10:04:14 mas01 sh[15284]: 2018-04-11 10:04:14 regiond: [info] 192.168.11.12 POST /MAAS/metadata/status/e8ph8c HTTP/1.1 --> 204 NO_CONTENT (referrer: -; agent: python-requests/2.9.1)
Apr 11 10:04:14 mas01 sh[15573]: 2018-04-11 10:04:14 regiond: [info] 192.168.11.5 GET /MAAS/metadata/curtin/2012-03-01/user-data HTTP/1.1 --> 200 OK (referrer: -; agent: python-requests/2.9.1)
Apr 11 10:04:14 mas01 sh[15290]: 2018-04-11 10:04:14 regiond: [info] 192.168.11.5 POST /MAAS/metadata/status/g6xpdn HTTP/1.1 --> 204 NO_CONTENT (referrer: -; agent: python-requests/2.9.1)
Apr 11 10:04:14 mas01 sh[15284]: 2018-04-11 10:04:14 regiond: [info] 192.168.11.12 POST /MAAS/metadata/status/e8ph8c HTTP/1.1 --> 204 NO_CONTENT (referrer: -; agent: python-requests/2.9.1)
Apr 11 10:04:14 mas01 sh[15573]: 2018-04-11 10:04:14 regiond: [info] 192.168.11.12 POST /MAAS/metadata/status/e8ph8c HTTP/1.1 --> 204 NO_CONTENT (referrer: -; agent: python-requests/2.9.1)
Apr 11 10:04:14 mas01 sh[15297]: 2018-04-11 10:04:14 regiond: [info] 192.168.11.12 POST /MAAS/metadata/status/e8ph8c HTTP/1.1 --> 204 NO_CONTENT (referrer: -; agent: python-requests/2.9.1)
Apr 11 10:04:14 mas01 sh[15573]: 2018-04-11 10:04:14 regiond: [info] 192.168.11.12 POST /MAAS/metadata/status/e8ph8c HTTP/1.1 --> 204 NO_CONTENT (referrer: -; agent: python-requests/2.9.1)
Apr 11 10:04:14 mas01 sh[15573]: 2018-04-11 10:04:14 regiond: [info] 192.168.11.5 POST /MAAS/metadata/status/g6xpdn HTTP/1.1 --> 204 NO_CONTENT (referrer: -; agent: python-requests/2.9.1)
Apr 11 10:04:14 mas01 sh[15297]: 2018-04-11 10:04:14 regiond: [info] 192.168.11.5 POST /MAAS/metadata/status/g6xpdn HTTP/1.1 --> 204 NO_CONTENT (referrer: -; agent: python-requests/2.9.1)
Apr 11 10:04:14 mas01 sh[15290]: 2018-04-11 10:04:14 regiond: [info] 192.168.11.5 POST /MAAS/metadata/status/g6xpdn HTTP/1.1 --> 204 NO_CONTENT (referrer: -; agent: python-requests/2.9.1)
Apr 11 10:04:14 mas01 sh[15284]: 2018-04-11 10:04:14 regiond: [info] 192.168.11.5 POST /MAAS/metadata/status/g6xpdn HTTP/1.1 --> 204 NO_CONTENT (referrer: -; agent: python-requests/2.9.1)
Apr 11 10:04:14 mas01 dhcpd[18690]: DHCPDISCOVER from 00:25:b5:a0:00:3a via ens5
Apr 11 10:04:14 mas01 dhcpd[18690]: DHCPOFFER on 192.168.11.10 to 00:25:b5:a0:00:3a (kvm02) via ens5
Apr 11 10:04:14 mas01 dhcpd[18690]: execute_statement argv[0] = /usr/sbin/maas-dhcp-helper
Apr 11 10:04:14 mas01 dhcpd[18690]: execute_statement argv[1] = notify
Apr 11 10:04:14 mas01 dhcpd[18690]: execute_statement argv[2] = --action
Apr 11 10:04:14 mas01 dhcpd[18690]: execute_statement argv[3] = commit
Apr 11 10:04:14 mas01 dhcpd[18690]: execute_statement argv[4] = --mac
Apr 11 10:04:14 mas01 dhcpd[18690]: execute_statement argv[5] = 0:25:b5:a0:0:3a
Apr 11 10:04:14 mas01 dhcpd[18690]: execute_statement argv[6] = --ip-family
Apr 11 10:04:14 mas01 dhcpd[18690]: execute_statement argv[7] = ipv4
Apr 11 10:04:14 mas01 dhcpd[18690]: execute_statement argv[8] = --ip
Apr 11 10:04:14 mas01 dhcpd[18690]: execute_statement argv[9] = 192.168.11.10
Apr 11 10:04:14 mas01 dhcpd[18690]: execute_statement argv[10] = --lease-time
Apr 11 10:04:14 mas01 dhcpd[18690]: execute_statement argv[11] = 600
Apr 11 10:04:14 mas01 dhcpd[18690]: execute_statement argv[12] = --hostname
Apr 11 10:04:14 mas01 dhcpd[18690]: execute_statement argv[13] = kvm02
Apr 11 10:04:14 mas01 dhcpd[18690]: execute_statement argv[14] = --socket
Apr 11 10:04:14 mas01 dhcpd[18690]: execute_statement argv[15] = /var/lib/maas/dhcpd.sock
Apr 11 10:04:14 mas01 sh[15284]: 2018-04-11 10:04:14 regiond: [info] 192.168.11.12 POST /MAAS/metadata/status/e8ph8c HTTP/1.1 --> 204 NO_CONTENT (referrer: -; agent: python-requests/2.9.1)
Apr 11 10:04:14 mas01 sh[15290]: 2018-04-11 10:04:14 regiond: [info] 192.168.11.12 POST /MAAS/metadata/status/e8ph8c HTTP/1.1 --> 204 NO_CONTENT (referrer: -; agent: python-requests/2.9.1)
Apr 11 10:04:14 mas01 sh[15573]: 2018-04-11 10:04:14 regiond: [info] 192.168.11.12 POST /MAAS/metadata/status/e8ph8c HTTP/1.1 --> 204 NO_CONTENT (referrer: -; agent: python-requests/2.9.1)
Apr 11 10:04:14 mas01 sh[15290]: 2018-04-11 10:04:14 regiond: [info] 192.168.11.12 POST /MAAS/metadata/status/e8ph8c HTTP/1.1 --> 204 NO_CONTENT (referrer: -; agent: python-requests/2.9.1)
Apr 11 10:04:14 mas01 dhcpd[18690]: DHCPREQUEST for 192.168.11.10 (192.168.11.3) from 00:25:b5:a0:00:3a (kvm02) via ens5
Apr 11 10:04:14 mas01 dhcpd[18690]: DHCPACK on 192.168.11.10 to 00:25:b5:a0:00:3a (kvm02) via ens5
Apr 11 10:04:14 mas01 dhcpd[18690]: DHCPDISCOVER from 00:25:b5:a0:00:2a via ens5
Apr 11 10:04:14 mas01 dhcpd[18690]: DHCPOFFER on 192.168.11.6 to 00:25:b5:a0:00:2a (kvm01) via ens5
Apr 11 10:04:14 mas01 dhcpd[18690]: DHCPDISCOVER from 00:25:b5:a0:00:4a via ens5
Apr 11 10:04:14 mas01 dhcpd[18690]: DHCPOFFER on 192.168.11.4 to 00:25:b5:a0:00:4a (kvm03) via ens5
Apr 11 10:04:14 mas01 sh[15284]: 2018-04-11 10:04:14 regiond: [info] 192.168.11.12 POST /MAAS/metadata/status/e8ph8c HTTP/1.1 --> 204 NO_CONTENT (referrer: -; agent: python-requests/2.9.1)
Apr 11 10:04:14 mas01 dhcpd[18690]: execute_statement argv[0] = /usr/sbin/maas-dhcp-helper
Apr 11 10:04:14 mas01 dhcpd[18690]: execute_statement argv[1] = notify
Apr 11 10:04:14 mas01 dhcpd[18690]: execute_statement argv[2] = --action
Apr 11 10:04:14 mas01 dhcpd[18690]: execute_statement argv[3] = commit
Apr 11 10:04:14 mas01 dhcpd[18690]: execute_statement argv[4] = --mac
Apr 11 10:04:14 mas01 dhcpd[18690]: execute_statement argv[5] = 0:25:b5:a0:0:2a
Apr 11 10:04:14 mas01 dhcpd[18690]: execute_statement argv[6] = --ip-family
Apr 11 10:04:14 mas01 dhcpd[18690]: execute_statement argv[7] = ipv4
Apr 11 10:04:14 mas01 dhcpd[18690]: execute_statement argv[8] = --ip
Apr 11 10:04:14 mas01 dhcpd[18690]: execute_statement argv[9] = 192.168.11.6
Apr 11 10:04:14 mas01 dhcpd[18690]: execute_statement argv[10] = --lease-time
Apr 11 10:04:14 mas01 dhcpd[18690]: execute_statement argv[11] = 600
Apr 11 10:04:14 mas01 dhcpd[18690]: execute_statement argv[12] = --hostname
Apr 11 10:04:14 mas01 dhcpd[18690]: execute_statement argv[13] = kvm01
Apr 11 10:04:14 mas01 dhcpd[18690]: execute_statement argv[14] = --socket
Apr 11 10:04:14 mas01 dhcpd[18690]: execute_statement argv[15] = /var/lib/maas/dhcpd.sock
Apr 11 10:04:14 mas01 sh[15284]: 2018-04-11 10:04:14 regiond: [info] 192.168.11.5 POST /MAAS/metadata/status/g6xpdn HTTP/1.1 --> 204 NO_CONTENT (referrer: -; agent: python-requests/2.9.1)
Apr 11 10:04:14 mas01 sh[15290]: 2018-04-11 10:04:14 regiond: [info] 192.168.11.12 POST /MAAS/metadata/status/e8ph8c HTTP/1.1 --> 204 NO_CONTENT (referrer: -; agent: python-requests/2.9.1)
Apr 11 10:04:14 mas01 sh[15290]: 2018-04-11 10:04:14 regiond: [info] 192.168.11.5 POST /MAAS/metadata/status/g6xpdn HTTP/1.1 --> 204 NO_CONTENT (referrer: -; agent: python-requests/2.9.1)
Apr 11 10:04:14 mas01 sh[15297]: 2018-04-11 10:04:14 regiond: [info] 192.168.11.12 POST /MAAS/metadata/status/e8ph8c HTTP/1.1 --> 204 NO_CONTENT (referrer: -; agent: python-requests/2.9.1)
Apr 11 10:04:14 mas01 sh[15297]: 2018-04-11 10:04:14 regiond: [info] 192.168.11.5 POST /MAAS/metadata/status/g6xpdn HTTP/1.1 --> 204 NO_CONTENT (referrer: -; agent: python-requests/2.9.1)
Apr 11 10:04:14 mas01 sh[15573]: 2018-04-11 10:04:14 regiond: [info] 192.168.11.12 POST /MAAS/metadata/status/e8ph8c HTTP/1.1 --> 204 NO_CONTENT (referrer: -; agent: python-requests/2.9.1)
Apr 11 10:04:14 mas01 sh[15284]: 2018-04-11 10:04:14 regiond: [info] 192.168.11.5 POST /MAAS/metadata/status/g6xpdn HTTP/1.1 --> 204 NO_CONTENT (referrer: -; agent: python-requests/2.9.1)
Apr 11 10:04:14 mas01 sh[15297]: 2018-04-11 10:04:14 regiond: [info] 192.168.11.12 POST /MAAS/metadata/status/e8ph8c HTTP/1.1 --> 204 NO_CONTENT (referrer: -; agent: python-requests/2.9.1)
Apr 11 10:04:14 mas01 sh[15297]: 2018-04-11 10:04:14 regiond: [info] 192.168.11.5 POST /MAAS/metadata/status/g6xpdn HTTP/1.1 --> 204 NO_CONTENT (referrer: -; agent: python-requests/2.9.1)
Apr 11 10:04:14 mas01 sh[15297]: 2018-04-11 10:04:14 regiond: [info] 192.168.11.12 POST /MAAS/metadata/status/e8ph8c HTTP/1.1 --> 204 NO_CONTENT (referrer: -; agent: python-requests/2.9.1)
Apr 11 10:04:14 mas01 sh[15573]: 2018-04-11 10:04:14 regiond: [info] 192.168.11.5 POST /MAAS/metadata/status/g6xpdn HTTP/1.1 --> 204 NO_CONTENT (referrer: -; agent: python-requests/2.9.1)
Apr 11 10:04:14 mas01 sh[15297]: 2018-04-11 10:04:14 regiond: [info] 192.168.11.5 POST /MAAS/metadata/status/g6xpdn HTTP/1.1 --> 204 NO_CONTENT (referrer: -; agent: python-requests/2.9.1)
Apr 11 10:04:14 mas01 sh[15290]: 2018-04-11 10:04:14 regiond: [info] 192.168.11.12 POST /MAAS/metadata/status/e8ph8c HTTP/1.1 --> 204 NO_CONTENT (referrer: -; agent: python-requests/2.9.1)
Apr 11 10:04:14 mas01 sh[15573]: 2018-04-11 10:04:14 regiond: [info] 192.168.11.5 POST /MAAS/metadata/status/g6xpdn HTTP/1.1 --> 204 NO_CONTENT (referrer: -; agent: python-requests/2.9.1)
Apr 11 10:04:14 mas01 sh[15573]: 2018-04-11 10:04:14 regiond: [info] 192.168.11.12 POST /MAAS/metadata/status/e8ph8c HTTP/1.1 --> 204 NO_CONTENT (referrer: -; agent: python-requests/2.9.1)
Apr 11 10:04:14 mas01 sh[15573]: 2018-04-11 10:04:14 regiond: [info] 192.168.11.5 POST /MAAS/metadata/status/g6xpdn HTTP/1.1 --> 204 NO_CONTENT (referrer: -; agent: python-requests/2.9.1)
Apr 11 10:04:14 mas01 sh[15573]: 2018-04-11 10:04:14 regiond: [info] 192.168.11.12 POST /MAAS/metadata/status/e8ph8c HTTP/1.1 --> 204 NO_CONTENT (referrer: -; agent: python-requests/2.9.1)
Apr 11 10:04:14 mas01 sh[15284]: 2018-04-11 10:04:14 regiond: [info] 192.168.11.12 POST /MAAS/metadata/status/e8ph8c HTTP/1.1 --> 204 NO_CONTENT (referrer: -; agent: python-requests/2.9.1)
Apr 11 10:04:14 mas01 sh[15284]: 2018-04-11 10:04:14 maasserver.rpc.leases: [info] Lease update: commit for 192.168.11.10 on 0:25:b5:a0:0:3a at 2018-04-11 10:04:14 (lease time: 600s) (hostname: kvm02)
Apr 11 10:04:14 mas01 sh[15290]: 2018-04-11 10:04:14 regiond: [info] 192.168.11.12 POST /MAAS/metadata/status/e8ph8c HTTP/1.1 --> 204 NO_CONTENT (referrer: -; agent: python-requests/2.9.1)
Apr 11 10:04:14 mas01 sh[15297]: 2018-04-11 10:04:14 regiond: [info] 192.168.11.12 POST /MAAS/metadata/status/e8ph8c HTTP/1.1 --> 204 NO_CONTENT (referrer: -; agent: python-requests/2.9.1)
Apr 11 10:04:14 mas01 sh[15297]: 2018-04-11 10:04:14 regiond: [info] 192.168.11.5 POST /MAAS/metadata/status/g6xpdn HTTP/1.1 --> 204 NO_CONTENT (referrer: -; agent: python-requests/2.9.1)
Apr 11 10:04:14 mas01 sh[15284]: 2018-04-11 10:04:14 regiond: [info] 192.168.11.5 POST /MAAS/metadata/status/g6xpdn HTTP/1.1 --> 204 NO_CONTENT (referrer: -; agent: python-requests/2.9.1)
Apr 11 10:04:14 mas01 sh[15290]: 2018-04-11 10:04:14 regiond: [info] 192.168.11.12 POST /MAAS/metadata/status/e8ph8c HTTP/1.1 --> 204 NO_CONTENT (referrer: -; agent: python-requests/2.9.1)
Apr 11 10:04:14 mas01 sh[15290]: 2018-04-11 10:04:14 regiond: [info] 192.168.11.5 POST /MAAS/metadata/status/g6xpdn HTTP/1.1 --> 204 NO_CONTENT (referrer: -; agent: python-requests/2.9.1)
Apr 11 10:04:14 mas01 sh[15284]: 2018-04-11 10:04:14 regiond: [info] 192.168.11.12 POST /MAAS/metadata/status/e8ph8c HTTP/1.1 --> 204 NO_CONTENT (referrer: -; agent: python-requests/2.9.1)
Apr 11 10:04:14 mas01 sh[15290]: 2018-04-11 10:04:14 regiond: [info] 192.168.11.12 POST /MAAS/metadata/status/e8ph8c HTTP/1.1 --> 204 NO_CONTENT (referrer: -; agent: python-requests/2.9.1)
Apr 11 10:04:14 mas01 sh[15573]: 2018-04-11 10:04:14 regiond: [info] 192.168.11.5 POST /MAAS/metadata/status/g6xpdn HTTP/1.1 --> 204 NO_CONTENT (referrer: -; agent: python-requests/2.9.1)
Apr 11 10:04:14 mas01 sh[15284]: 2018-04-11 10:04:14 regiond: [info] 192.168.11.5 POST /MAAS/metadata/status/g6xpdn HTTP/1.1 --> 204 NO_CONTENT (referrer: -; agent: python-requests/2.9.1)
Apr 11 10:04:14 mas01 sh[15284]: 2018-04-11 10:04:14 regiond: [info] 192.168.11.12 POST /MAAS/metadata/status/e8ph8c HTTP/1.1 --> 204 NO_CONTENT (referrer: -; agent: python-requests/2.9.1)
Apr 11 10:04:14 mas01 sh[15297]: 2018-04-11 10:04:14 regiond: [info] 192.168.11.5 POST /MAAS/metadata/status/g6xpdn HTTP/1.1 --> 204 NO_CONTENT (referrer: -; agent: python-requests/2.9.1)
Apr 11 10:04:14 mas01 sh[15290]: 2018-04-11 10:04:14 regiond: [info] 192.168.11.12 POST /MAAS/metadata/status/e8ph8c HTTP/1.1 --> 204 NO_CONTENT (referrer: -; agent: python-requests/2.9.1)
Apr 11 10:04:14 mas01 sh[15297]: 2018-04-11 10:04:14 regiond: [info] 192.168.11.5 POST /MAAS/metadata/status/g6xpdn HTTP/1.1 --> 204 NO_CONTENT (referrer: -; agent: python-requests/2.9.1)
Apr 11 10:04:14 mas01 sh[15297]: 2018-04-11 10:04:14 regiond: [info] 192.168.11.12 POST /MAAS/metadata/status/e8ph8c HTTP/1.1 --> 204 NO_CONTENT (referrer: -; agent: python-requests/2.9.1)
Apr 11 10:04:14 mas01 sh[15297]: 2018-04-11 10:04:14 regiond: [info] 192.168.11.12 POST /MAAS/metadata/status/e8ph8c HTTP/1.1 --> 204 NO_CONTENT (referrer: -; agent: python-requests/2.9.1)
Apr 11 10:04:14 mas01 sh[15284]: 2018-04-11 10:04:14 regiond: [info] 192.168.11.12 POST /MAAS/metadata/status/e8ph8c HTTP/1.1 --> 204 NO_CONTENT (referrer: -; agent: python-requests/2.9.1)
Apr 11 10:04:14 mas01 sh[15297]: 2018-04-11 10:04:14 regiond: [info] 192.168.11.5 POST /MAAS/metadata/status/g6xpdn HTTP/1.1 --> 204 NO_CONTENT (referrer: -; agent: python-requests/2.9.1)
Apr 11 10:04:14 mas01 sh[15284]: 2018-04-11 10:04:14 regiond: [info] 192.168.11.12 POST /MAAS/metadata/status/e8ph8c HTTP/1.1 --> 204 NO_CONTENT (referrer: -; agent: python-requests/2.9.1)
Apr 11 10:04:14 mas01 sh[15297]: 2018-04-11 10:04:14 regiond: [info] 192.168.11.5 POST /MAAS/metadata/status/g6xpdn HTTP/1.1 --> 204 NO_CONTENT (referrer: -; agent: python-requests/2.9.1)
Apr 11 10:04:14 mas01 sh[15284]: 2018-04-11 10:04:14 regiond: [info] 192.168.11.5 POST /MAAS/metadata/status/g6xpdn HTTP/1.1 --> 204 NO_CONTENT (referrer: -; agent: python-requests/2.9.1)
Apr 11 10:04:14 mas01 sh[15297]: 2018-04-11 10:04:14 regiond: [info] 192.168.11.12 POST /MAAS/metadata/status/e8ph8c HTTP/1.1 --> 204 NO_CONTENT (referrer: -; agent: python-requests/2.9.1)
Apr 11 10:04:14 mas01 dhcpd[18690]: DHCPREQUEST for 192.168.11.6 (192.168.11.3) from 00:25:b5:a0:00:2a (kvm01) via ens5
Apr 11 10:04:14 mas01 dhcpd[18690]: DHCPACK on 192.168.11.6 to 00:25:b5:a0:00:2a (kvm01) via ens5
Apr 11 10:04:14 mas01 dhcpd[18690]: execute_statement argv[0] = /usr/sbin/maas-dhcp-helper
Apr 11 10:04:14 mas01 dhcpd[18690]: execute_statement argv[1] = notify
Apr 11 10:04:14 mas01 dhcpd[18690]: execute_statement argv[2] = --action
Apr 11 10:04:14 mas01 dhcpd[18690]: execute_statement argv[3] = commit
Apr 11 10:04:14 mas01 dhcpd[18690]: execute_statement argv[4] = --mac
Apr 11 10:04:14 mas01 dhcpd[18690]: execute_statement argv[5] = 0:25:b5:a0:0:4a
Apr 11 10:04:14 mas01 dhcpd[18690]: execute_statement argv[6] = --ip-family
Apr 11 10:04:14 mas01 dhcpd[18690]: execute_statement argv[7] = ipv4
Apr 11 10:04:14 mas01 dhcpd[18690]: execute_statement argv[8] = --ip
Apr 11 10:04:14 mas01 dhcpd[18690]: execute_statement argv[9] = 192.168.11.4
Apr 11 10:04:14 mas01 dhcpd[18690]: execute_statement argv[10] = --lease-time
Apr 11 10:04:14 mas01 dhcpd[18690]: execute_statement argv[11] = 600
Apr 11 10:04:14 mas01 dhcpd[18690]: execute_statement argv[12] = --hostname
Apr 11 10:04:14 mas01 dhcpd[18690]: execute_statement argv[13] = kvm03
Apr 11 10:04:14 mas01 dhcpd[18690]: execute_statement argv[14] = --socket
Apr 11 10:04:14 mas01 dhcpd[18690]: execute_statement argv[15] = /var/lib/maas/dhcpd.sock
Apr 11 10:04:14 mas01 sh[15290]: 2018-04-11 10:04:14 regiond: [info] 192.168.11.5 POST /MAAS/metadata/status/g6xpdn HTTP/1.1 --> 204 NO_CONTENT (referrer: -; agent: python-requests/2.9.1)
Apr 11 10:04:14 mas01 sh[15297]: 2018-04-11 10:04:14 regiond: [info] 192.168.11.5 POST /MAAS/metadata/status/g6xpdn HTTP/1.1 --> 204 NO_CONTENT (referrer: -; agent: python-requests/2.9.1)
Apr 11 10:04:14 mas01 sh[15573]: 2018-04-11 10:04:14 maasserver.rpc.leases: [info] Lease update: commit for 192.168.11.6 on 0:25:b5:a0:0:2a at 2018-04-11 10:04:14 (lease time: 600s) (hostname: kvm01)
Apr 11 10:04:14 mas01 sh[15297]: 2018-04-11 10:04:14 regiond: [info] 192.168.11.12 POST /MAAS/metadata/status/e8ph8c HTTP/1.1 --> 204 NO_CONTENT (referrer: -; agent: python-requests/2.9.1)
Apr 11 10:04:14 mas01 sh[15284]: 2018-04-11 10:04:14 regiond: [info] 192.168.11.5 POST /MAAS/metadata/status/g6xpdn HTTP/1.1 --> 204 NO_CONTENT (referrer: -; agent: python-requests/2.9.1)
Apr 11 10:04:14 mas01 sh[15297]: 2018-04-11 10:04:14 regiond: [info] 192.168.11.5 POST /MAAS/metadata/status/g6xpdn HTTP/1.1 --> 204 NO_CONTENT (referrer: -; agent: python-requests/2.9.1)
Apr 11 10:04:14 mas01 sh[15284]: 2018-04-11 10:04:14 regiond: [info] 192.168.11.5 POST /MAAS/metadata/status/g6xpdn HTTP/1.1 --> 204 NO_CONTENT (referrer: -; agent: python-requests/2.9.1)
Apr 11 10:04:14 mas01 sh[15297]: 2018-04-11 10:04:14 regiond: [info] 192.168.11.5 POST /MAAS/metadata/status/g6xpdn HTTP/1.1 --> 204 NO_CONTENT (referrer: -; agent: python-requests/2.9.1)
Apr 11 10:04:15 mas01 sh[15290]: 2018-04-11 10:04:15 regiond: [info] 192.168.11.5 POST /MAAS/metadata/status/g6xpdn HTTP/1.1 --> 204 NO_CONTENT (referrer: -; agent: python-requests/2.9.1)
Apr 11 10:04:15 mas01 sh[15573]: 2018-04-11 10:04:15 regiond: [info] 192.168.11.5 POST /MAAS/metadata/status/g6xpdn HTTP/1.1 --> 204 NO_CONTENT (referrer: -; agent: python-requests/2.9.1)
Apr 11 10:04:15 mas01 sh[15284]: 2018-04-11 10:04:15 regiond: [info] 192.168.11.12 POST /MAAS/metadata/status/e8ph8c HTTP/1.1 --> 204 NO_CONTENT (referrer: -; agent: python-requests/2.9.1)
Apr 11 10:04:15 mas01 sh[15297]: 2018-04-11 10:04:15 regiond: [info] 192.168.11.12 POST /MAAS/metadata/status/e8ph8c HTTP/1.1 --> 204 NO_CONTENT (referrer: -; agent: python-requests/2.9.1)
Apr 11 10:04:15 mas01 dhcpd[18690]: DHCPREQUEST for 192.168.11.4 (192.168.11.3) from 00:25:b5:a0:00:4a (kvm03) via ens5
Apr 11 10:04:15 mas01 dhcpd[18690]: DHCPACK on 192.168.11.4 to 00:25:b5:a0:00:4a (kvm03) via ens5
Apr 11 10:04:15 mas01 sh[15297]: 2018-04-11 10:04:15 maasserver.rpc.leases: [info] Lease update: commit for 192.168.11.4 on 0:25:b5:a0:0:4a at 2018-04-11 10:04:15 (lease time: 600s) (hostname: kvm03)
Apr 11 10:04:15 mas01 sh[15573]: 2018-04-11 10:04:15 regiond: [info] 192.168.11.5 POST /MAAS/metadata/status/g6xpdn HTTP/1.1 --> 204 NO_CONTENT (referrer: -; agent: python-requests/2.9.1)
Apr 11 10:04:15 mas01 sh[15290]: 2018-04-11 10:04:15 regiond: [info] 192.168.11.5 POST /MAAS/metadata/status/g6xpdn HTTP/1.1 --> 204 NO_CONTENT (referrer: -; agent: python-requests/2.9.1)
Apr 11 10:04:15 mas01 sh[15573]: 2018-04-11 10:04:15 regiond: [info] 192.168.11.12 POST /MAAS/metadata/status/e8ph8c HTTP/1.1 --> 204 NO_CONTENT (referrer: -; agent: python-requests/2.9.1)
Apr 11 10:04:15 mas01 sh[15297]: 2018-04-11 10:04:15 regiond: [info] 192.168.11.12 POST /MAAS/metadata/status/e8ph8c HTTP/1.1 --> 204 NO_CONTENT (referrer: -; agent: python-requests/2.9.1)
Apr 11 10:04:15 mas01 sh[14884]: 2018-04-11 10:04:15 rackd: [info] 192.168.11.10 GET /images/ubuntu/amd64/hwe-16.04/xenial/daily/squashfs HTTP/1.1 --> 200 OK (referrer: -; agent: Wget)
Apr 11 10:04:15 mas01 sh[15290]: 2018-04-11 10:04:15 regiond: [info] 192.168.11.5 POST /MAAS/metadata/status/g6xpdn HTTP/1.1 --> 204 NO_CONTENT (referrer: -; agent: python-requests/2.9.1)
Apr 11 10:04:15 mas01 sh[15284]: 2018-04-11 10:04:15 regiond: [info] 192.168.11.5 POST /MAAS/metadata/status/g6xpdn HTTP/1.1 --> 204 NO_CONTENT (referrer: -; agent: python-requests/2.9.1)
Apr 11 10:04:15 mas01 sh[14884]: 2018-04-11 10:04:15 rackd: [info] 192.168.11.6 GET /images/ubuntu/amd64/hwe-16.04/xenial/daily/squashfs HTTP/1.1 --> 200 OK (referrer: -; agent: Wget)
Apr 11 10:04:15 mas01 sh[14884]: 2018-04-11 10:04:15 rackd: [info] 192.168.11.4 GET /images/ubuntu/amd64/hwe-16.04/xenial/daily/squashfs HTTP/1.1 --> 200 OK (referrer: -; agent: Wget)
Apr 11 10:04:16 mas01 salt-minion[1203]: [INFO    ] {'pid': 19638, 'retcode': 0, 'stderr': '', 'stdout': ''}
Apr 11 10:04:16 mas01 salt-minion[1203]: [INFO    ] Completed state [maas-region apikey --username opnfv > /var/lib/maas/.maas_credentials] at time 10:04:16.070123 duration_in_ms=1594.352
Apr 11 10:04:16 mas01 salt-minion[1203]: [INFO    ] Running state [maas.machines_status] at time 10:04:16.071810
Apr 11 10:04:16 mas01 salt-minion[1203]: [INFO    ] Executing state module.run for maas.machines_status
Apr 11 10:04:16 mas01 sh[15573]: 2018-04-11 10:04:16 regiond: [info] 192.168.11.12 POST /MAAS/metadata/status/e8ph8c HTTP/1.1 --> 204 NO_CONTENT (referrer: -; agent: python-requests/2.9.1)
Apr 11 10:04:16 mas01 sh[15297]: 2018-04-11 10:04:16 regiond: [info] 192.168.11.12 POST /MAAS/metadata/status/e8ph8c HTTP/1.1 --> 204 NO_CONTENT (referrer: -; agent: python-requests/2.9.1)
Apr 11 10:04:16 mas01 sh[15290]: 2018-04-11 10:04:16 regiond: [info] 192.168.11.12 POST /MAAS/metadata/status/e8ph8c HTTP/1.1 --> 204 NO_CONTENT (referrer: -; agent: python-requests/2.9.1)
Apr 11 10:04:16 mas01 sh[15284]: 2018-04-11 10:04:16 regiond: [info] 192.168.11.12 POST /MAAS/metadata/status/e8ph8c HTTP/1.1 --> 204 NO_CONTENT (referrer: -; agent: python-requests/2.9.1)
Apr 11 10:04:16 mas01 sh[15284]: 2018-04-11 10:04:16 regiond: [info] 192.168.11.12 POST /MAAS/metadata/status/e8ph8c HTTP/1.1 --> 204 NO_CONTENT (referrer: -; agent: python-requests/2.9.1)
Apr 11 10:04:16 mas01 sh[15297]: 2018-04-11 10:04:16 regiond: [info] 192.168.11.12 POST /MAAS/metadata/status/e8ph8c HTTP/1.1 --> 204 NO_CONTENT (referrer: -; agent: python-requests/2.9.1)
Apr 11 10:04:16 mas01 sh[15573]: 2018-04-11 10:04:16 regiond: [info] 192.168.11.12 POST /MAAS/metadata/status/e8ph8c HTTP/1.1 --> 204 NO_CONTENT (referrer: -; agent: python-requests/2.9.1)
Apr 11 10:04:16 mas01 sh[15290]: 2018-04-11 10:04:16 regiond: [info] 192.168.11.5 POST /MAAS/metadata/status/g6xpdn HTTP/1.1 --> 204 NO_CONTENT (referrer: -; agent: python-requests/2.9.1)
Apr 11 10:04:16 mas01 sh[15290]: 2018-04-11 10:04:16 regiond: [info] 192.168.11.5 POST /MAAS/metadata/status/g6xpdn HTTP/1.1 --> 204 NO_CONTENT (referrer: -; agent: python-requests/2.9.1)
Apr 11 10:04:16 mas01 sh[15573]: 2018-04-11 10:04:16 regiond: [info] 192.168.11.5 POST /MAAS/metadata/status/g6xpdn HTTP/1.1 --> 204 NO_CONTENT (referrer: -; agent: python-requests/2.9.1)
Apr 11 10:04:16 mas01 sh[15290]: 2018-04-11 10:04:16 regiond: [info] 192.168.11.5 POST /MAAS/metadata/status/g6xpdn HTTP/1.1 --> 204 NO_CONTENT (referrer: -; agent: python-requests/2.9.1)
Apr 11 10:04:16 mas01 sh[15297]: 2018-04-11 10:04:16 regiond: [info] 192.168.11.5 POST /MAAS/metadata/status/g6xpdn HTTP/1.1 --> 204 NO_CONTENT (referrer: -; agent: python-requests/2.9.1)
Apr 11 10:04:16 mas01 sh[15297]: 2018-04-11 10:04:16 regiond: [info] 192.168.11.5 POST /MAAS/metadata/status/g6xpdn HTTP/1.1 --> 204 NO_CONTENT (referrer: -; agent: python-requests/2.9.1)
Apr 11 10:04:16 mas01 sh[15290]: 2018-04-11 10:04:16 regiond: [info] 192.168.11.5 POST /MAAS/metadata/status/g6xpdn HTTP/1.1 --> 204 NO_CONTENT (referrer: -; agent: python-requests/2.9.1)
Apr 11 10:04:16 mas01 salt-minion[1203]: [INFO    ] {'ret': {'machines': [{'status': 'Deploying', 'hostname': u'cmp002', 'system_id': u'g6xpdn'}, {'status': 'Deploying', 'hostname': u'cmp001', 'system_id': u'e8ph8c'}, {'status': 'Deploying', 'hostname': u'kvm01', 'system_id': u'rm4qhq'}, {'status': 'Deploying', 'hostname': u'kvm03', 'system_id': u'6ynctd'}, {'status': 'Deploying', 'hostname': u'kvm02', 'system_id': u'pndw3c'}], 'summary': Counter({'Deploying': 5})}}
Apr 11 10:04:16 mas01 salt-minion[1203]: [INFO    ] Completed state [maas.machines_status] at time 10:04:16.950139 duration_in_ms=878.327
Apr 11 10:04:16 mas01 salt-minion[1203]: [INFO    ] Returning information for job: 20180411100413975208
Apr 11 10:04:17 mas01 sh[15290]: 2018-04-11 10:04:17 regiond: [info] 192.168.11.12 POST /MAAS/metadata/status/e8ph8c HTTP/1.1 --> 204 NO_CONTENT (referrer: -; agent: python-requests/2.9.1)
Apr 11 10:04:17 mas01 sh[15284]: 2018-04-11 10:04:17 regiond: [info] 192.168.11.12 POST /MAAS/metadata/status/e8ph8c HTTP/1.1 --> 204 NO_CONTENT (referrer: -; agent: python-requests/2.9.1)
Apr 11 10:04:17 mas01 sh[15290]: 2018-04-11 10:04:17 regiond: [info] 192.168.11.12 POST /MAAS/metadata/status/e8ph8c HTTP/1.1 --> 204 NO_CONTENT (referrer: -; agent: python-requests/2.9.1)
Apr 11 10:04:17 mas01 sh[15290]: 2018-04-11 10:04:17 regiond: [info] 192.168.11.12 POST /MAAS/metadata/status/e8ph8c HTTP/1.1 --> 204 NO_CONTENT (referrer: -; agent: python-requests/2.9.1)
Apr 11 10:04:17 mas01 sh[15573]: 2018-04-11 10:04:17 regiond: [info] 192.168.11.12 POST /MAAS/metadata/status/e8ph8c HTTP/1.1 --> 204 NO_CONTENT (referrer: -; agent: python-requests/2.9.1)
Apr 11 10:04:17 mas01 sh[15290]: 2018-04-11 10:04:17 regiond: [info] 192.168.11.12 POST /MAAS/metadata/status/e8ph8c HTTP/1.1 --> 204 NO_CONTENT (referrer: -; agent: python-requests/2.9.1)
Apr 11 10:04:17 mas01 sh[15284]: 2018-04-11 10:04:17 regiond: [info] 192.168.11.12 POST /MAAS/metadata/status/e8ph8c HTTP/1.1 --> 204 NO_CONTENT (referrer: -; agent: python-requests/2.9.1)
Apr 11 10:04:17 mas01 sh[15297]: 2018-04-11 10:04:17 regiond: [info] 192.168.11.12 POST /MAAS/metadata/status/e8ph8c HTTP/1.1 --> 204 NO_CONTENT (referrer: -; agent: python-requests/2.9.1)
Apr 11 10:04:17 mas01 sh[15297]: 2018-04-11 10:04:17 regiond: [info] 192.168.11.12 POST /MAAS/metadata/status/e8ph8c HTTP/1.1 --> 204 NO_CONTENT (referrer: -; agent: python-requests/2.9.1)
Apr 11 10:04:17 mas01 sh[15284]: 2018-04-11 10:04:17 regiond: [info] 192.168.11.12 POST /MAAS/metadata/status/e8ph8c HTTP/1.1 --> 204 NO_CONTENT (referrer: -; agent: python-requests/2.9.1)
Apr 11 10:04:17 mas01 sh[15290]: 2018-04-11 10:04:17 regiond: [info] 192.168.11.5 POST /MAAS/metadata/status/g6xpdn HTTP/1.1 --> 204 NO_CONTENT (referrer: -; agent: python-requests/2.9.1)
Apr 11 10:04:17 mas01 sh[15573]: 2018-04-11 10:04:17 regiond: [info] 192.168.11.5 POST /MAAS/metadata/status/g6xpdn HTTP/1.1 --> 204 NO_CONTENT (referrer: -; agent: python-requests/2.9.1)
Apr 11 10:04:17 mas01 sh[15573]: 2018-04-11 10:04:17 regiond: [info] 192.168.11.5 POST /MAAS/metadata/status/g6xpdn HTTP/1.1 --> 204 NO_CONTENT (referrer: -; agent: python-requests/2.9.1)
Apr 11 10:04:17 mas01 sh[15297]: 2018-04-11 10:04:17 regiond: [info] 192.168.11.5 POST /MAAS/metadata/status/g6xpdn HTTP/1.1 --> 204 NO_CONTENT (referrer: -; agent: python-requests/2.9.1)
Apr 11 10:04:18 mas01 sh[15290]: 2018-04-11 10:04:18 regiond: [info] 192.168.11.5 POST /MAAS/metadata/status/g6xpdn HTTP/1.1 --> 204 NO_CONTENT (referrer: -; agent: python-requests/2.9.1)
Apr 11 10:04:18 mas01 sh[15290]: 2018-04-11 10:04:18 regiond: [info] 192.168.11.5 POST /MAAS/metadata/status/g6xpdn HTTP/1.1 --> 204 NO_CONTENT (referrer: -; agent: python-requests/2.9.1)
Apr 11 10:04:18 mas01 sh[15573]: 2018-04-11 10:04:18 regiond: [info] 192.168.11.5 POST /MAAS/metadata/status/g6xpdn HTTP/1.1 --> 204 NO_CONTENT (referrer: -; agent: python-requests/2.9.1)
Apr 11 10:04:18 mas01 sh[15284]: 2018-04-11 10:04:18 regiond: [info] 192.168.11.5 POST /MAAS/metadata/status/g6xpdn HTTP/1.1 --> 204 NO_CONTENT (referrer: -; agent: python-requests/2.9.1)
Apr 11 10:04:18 mas01 sh[15573]: 2018-04-11 10:04:18 regiond: [info] 192.168.11.10 POST /MAAS/metadata/status/pndw3c HTTP/1.1 --> 204 NO_CONTENT (referrer: -; agent: python-requests/2.9.1)
Apr 11 10:04:18 mas01 sh[15573]: 2018-04-11 10:04:18 regiond: [info] 192.168.11.10 POST /MAAS/metadata/status/pndw3c HTTP/1.1 --> 204 NO_CONTENT (referrer: -; agent: python-requests/2.9.1)
Apr 11 10:04:18 mas01 sh[15297]: 2018-04-11 10:04:18 regiond: [info] 192.168.11.5 POST /MAAS/metadata/status/g6xpdn HTTP/1.1 --> 204 NO_CONTENT (referrer: -; agent: python-requests/2.9.1)
Apr 11 10:04:18 mas01 sh[15290]: 2018-04-11 10:04:18 regiond: [info] 192.168.11.5 POST /MAAS/metadata/status/g6xpdn HTTP/1.1 --> 204 NO_CONTENT (referrer: -; agent: python-requests/2.9.1)
