2017-04-07 06:38:50.010 10981 INFO eventlet.wsgi.server [req-40a1b312-fe43-48a0-bedf-5e5c648cf625 - - - - -] 127.0.0.1 "GET /v1/nodes/e1369efa-5391-5035-8533-3a065c44a584 HTTP/1.1" status: 200 len: 1768 time: 0.0278320
2017-04-07 06:38:50.050 10981 INFO eventlet.wsgi.server [req-f1144ef6-28b1-486d-84a4-639f6300e55c - - - - -] 127.0.0.1 "GET /v1/nodes/e1369efa-5391-5035-8533-3a065c44a584/ports HTTP/1.1" status: 200 len: 623 time: 0.0301518
2017-04-07 06:38:50.083 10978 INFO eventlet.wsgi.server [req-2e4523b7-6a3f-479b-8543-04baa0f62a80 - - - - -] 127.0.0.1 "GET /v1/nodes/c1a56cb3-fcef-59d5-8105-7e6815154f70/validate HTTP/1.1" status: 200 len: 1081 time: 0.0638499
2017-04-07 06:38:50.084 10978 DEBUG oslo.messaging._drivers.impl_rabbit [-] Timed out waiting for RPC response: timed out _raise_timeout /usr/local/lib/python2.7/dist-packages/oslo_messaging/_drivers/impl_rabbit.py:1054
2017-04-07 06:38:50.084 10978 DEBUG oslo.messaging._drivers.impl_rabbit [-] Timed out waiting for RPC response: Timeout while waiting on RPC response - topic: "", RPC method: "" info: "" _raise_timeout /usr/local/lib/python2.7/dist-packages/oslo_messaging/_drivers/impl_rabbit.py:1054
2017-04-07 06:38:50.312 10981 DEBUG oslo.messaging._drivers.impl_rabbit [-] Timed out waiting for RPC response: timed out _raise_timeout /usr/local/lib/python2.7/dist-packages/oslo_messaging/_drivers/impl_rabbit.py:1054
2017-04-07 06:38:50.313 10981 DEBUG oslo.messaging._drivers.impl_rabbit [-] Timed out waiting for RPC response: Timeout while waiting on RPC response - topic: "", RPC method: "" info: "" _raise_timeout /usr/local/lib/python2.7/dist-packages/oslo_messaging/_drivers/impl_rabbit.py:1054
2017-04-07 06:38:50.452 10985 DEBUG oslo.messaging._drivers.impl_rabbit [-] Timed out waiting for RPC response: timed out _raise_timeout /usr/local/lib/python2.7/dist-packages/oslo_messaging/_drivers/impl_rabbit.py:1054
2017-04-07 06:38:50.452 10989 DEBUG oslo.messaging._drivers.impl_rabbit [-] Timed out waiting for RPC response: timed out _raise_timeout /usr/local/lib/python2.7/dist-packages/oslo_messaging/_drivers/impl_rabbit.py:1054
2017-04-07 06:38:50.453 10985 DEBUG oslo.messaging._drivers.impl_rabbit [-] Timed out waiting for RPC response: Timeout while waiting on RPC response - topic: "", RPC method: "" info: "" _raise_timeout /usr/local/lib/python2.7/dist-packages/oslo_messaging/_drivers/impl_rabbit.py:1054
2017-04-07 06:38:50.453 10989 DEBUG oslo.messaging._drivers.impl_rabbit [-] Timed out waiting for RPC response: Timeout while waiting on RPC response - topic: "", RPC method: "" info: "" _raise_timeout /usr/local/lib/python2.7/dist-packages/oslo_messaging/_drivers/impl_rabbit.py:1054
2017-04-07 06:38:50.584 10984 DEBUG oslo_concurrency.lockutils [req-c215badd-dc72-4237-acfb-c942ff41aa11 - - - - -] Lock "policy_enforcer" acquired by "ironic.common.policy.init_enforcer" :: waited 0.000s inner /usr/local/lib/python2.7/dist-packages/oslo_concurrency/lockutils.py:270
2017-04-07 06:38:50.587 10984 DEBUG oslo_concurrency.lockutils [req-c215badd-dc72-4237-acfb-c942ff41aa11 - - - - -] Lock "policy_enforcer" released by "ironic.common.policy.init_enforcer" :: held 0.002s inner /usr/local/lib/python2.7/dist-packages/oslo_concurrency/lockutils.py:282
2017-04-07 06:38:50.588 10984 DEBUG oslo_policy._cache_handler [req-c215badd-dc72-4237-acfb-c942ff41aa11 - - - - -] Reloading cached file /etc/ironic/policy.json read_cached_file /usr/local/lib/python2.7/dist-packages/oslo_policy/_cache_handler.py:40
2017-04-07 06:38:50.592 10984 DEBUG oslo_policy.policy [req-c215badd-dc72-4237-acfb-c942ff41aa11 - - - - -] Reloaded policy file: /etc/ironic/policy.json _load_policy_file /usr/local/lib/python2.7/dist-packages/oslo_policy/policy.py:684
2017-04-07 06:38:50.595 10978 INFO eventlet.wsgi.server [req-ed8f0aab-2fa8-48b5-ad90-403ef23b6829 - - - - -] 127.0.0.1 "GET /v1/nodes/c1a56cb3-fcef-59d5-8105-7e6815154f70 HTTP/1.1" status: 200 len: 1765 time: 0.0246742
2017-04-07 06:38:50.600 10984 DEBUG oslo_db.api [req-c215badd-dc72-4237-acfb-c942ff41aa11 - - - - -] Loading backend 'sqlalchemy' from 'ironic.db.sqlalchemy.api' _load_backend /usr/local/lib/python2.7/dist-packages/oslo_db/api.py:237
2017-04-07 06:38:50.756 10984 DEBUG oslo_db.sqlalchemy.engines [req-c215badd-dc72-4237-acfb-c942ff41aa11 - - - - -] MySQL server mode set to STRICT_TRANS_TABLES,STRICT_ALL_TABLES,NO_ZERO_IN_DATE,NO_ZERO_DATE,ERROR_FOR_DIVISION_BY_ZERO,TRADITIONAL,NO_AUTO_CREATE_USER,NO_ENGINE_SUBSTITUTION _check_effective_sql_mode /usr/local/lib/python2.7/dist-packages/oslo_db/sqlalchemy/engines.py:260
2017-04-07 06:38:50.785 10984 INFO eventlet.wsgi.server [req-c215badd-dc72-4237-acfb-c942ff41aa11 - - - - -] 127.0.0.1 "GET /v1/nodes/93494378-56ee-5e22-b6f0-e3be3a9ebdf1 HTTP/1.1" status: 200 len: 1761 time: 0.2100239
2017-04-07 06:38:50.809 10984 DEBUG oslo.messaging._drivers.pool [req-e30980be-b14d-410c-85a5-495433699451 - - - - -] Pool creating new connection create /usr/local/lib/python2.7/dist-packages/oslo_messaging/_drivers/pool.py:143
2017-04-07 06:38:50.810 10984 WARNING oslo_config.cfg [req-e30980be-b14d-410c-85a5-495433699451 - - - - -] Option "rabbit_userid" from group "DEFAULT" is deprecated. Use option "rabbit_userid" from group "oslo_messaging_rabbit".
2017-04-07 06:38:50.811 10984 WARNING oslo_config.cfg [req-e30980be-b14d-410c-85a5-495433699451 - - - - -] Option "rabbit_userid" from group "oslo_messaging_rabbit" is deprecated for removal. Its value may be silently ignored in the future.
2017-04-07 06:38:50.811 10984 WARNING oslo_config.cfg [req-e30980be-b14d-410c-85a5-495433699451 - - - - -] Option "rabbit_password" from group "DEFAULT" is deprecated. Use option "rabbit_password" from group "oslo_messaging_rabbit".
2017-04-07 06:38:50.812 10984 WARNING oslo_config.cfg [req-e30980be-b14d-410c-85a5-495433699451 - - - - -] Option "rabbit_password" from group "oslo_messaging_rabbit" is deprecated for removal. Its value may be silently ignored in the future.
2017-04-07 06:38:50.816 10984 DEBUG oslo.messaging._drivers.impl_rabbit [req-e30980be-b14d-410c-85a5-495433699451 - - - - -] [b42682a6-ce2e-471b-bd45-457ad24f4d74] Connecting to AMQP server on localhost:5672 __init__ /usr/local/lib/python2.7/dist-packages/oslo_messaging/_drivers/impl_rabbit.py:597
2017-04-07 06:38:50.826 10984 DEBUG oslo.messaging._drivers.impl_rabbit [req-e30980be-b14d-410c-85a5-495433699451 - - - - -] [b42682a6-ce2e-471b-bd45-457ad24f4d74] Connected to AMQP server on 127.0.0.1:5672 via [amqp] client with port 39146. __init__ /usr/local/lib/python2.7/dist-packages/oslo_messaging/_drivers/impl_rabbit.py:644
2017-04-07 06:38:50.827 10984 DEBUG oslo.messaging._drivers.impl_rabbit [req-e30980be-b14d-410c-85a5-495433699451 - - - - -] [b42682a6-ce2e-471b-bd45-457ad24f4d74] Queue.declare: reply_1d7a3783e1a740c189e79f4bc5885498 declare /usr/local/lib/python2.7/dist-packages/oslo_messaging/_drivers/impl_rabbit.py:303
2017-04-07 06:38:50.833 10984 DEBUG oslo.messaging._drivers.pool [req-e30980be-b14d-410c-85a5-495433699451 - - - - -] Pool creating new connection create /usr/local/lib/python2.7/dist-packages/oslo_messaging/_drivers/pool.py:143
2017-04-07 06:38:50.834 10984 DEBUG oslo.messaging._drivers.impl_rabbit [req-e30980be-b14d-410c-85a5-495433699451 - - - - -] [1cd2190f-3e43-4ad7-8332-46ee7de0f75b] Connecting to AMQP server on localhost:5672 __init__ /usr/local/lib/python2.7/dist-packages/oslo_messaging/_drivers/impl_rabbit.py:597
2017-04-07 06:38:50.841 10984 DEBUG oslo.messaging._drivers.impl_rabbit [-] Timed out waiting for RPC response: timed out _raise_timeout /usr/local/lib/python2.7/dist-packages/oslo_messaging/_drivers/impl_rabbit.py:1054
2017-04-07 06:38:50.842 10984 DEBUG oslo.messaging._drivers.impl_rabbit [-] Timed out waiting for RPC response: Timeout while waiting on RPC response - topic: "", RPC method: "" info: "" _raise_timeout /usr/local/lib/python2.7/dist-packages/oslo_messaging/_drivers/impl_rabbit.py:1054
2017-04-07 06:38:50.844 10984 DEBUG oslo.messaging._drivers.impl_rabbit [req-e30980be-b14d-410c-85a5-495433699451 - - - - -] [1cd2190f-3e43-4ad7-8332-46ee7de0f75b] Connected to AMQP server on 127.0.0.1:5672 via [amqp] client with port 39148. __init__ /usr/local/lib/python2.7/dist-packages/oslo_messaging/_drivers/impl_rabbit.py:644
2017-04-07 06:38:50.887 10984 INFO eventlet.wsgi.server [req-e30980be-b14d-410c-85a5-495433699451 - - - - -] 127.0.0.1 "GET /v1/nodes/93494378-56ee-5e22-b6f0-e3be3a9ebdf1/validate HTTP/1.1" status: 200 len: 1081 time: 0.0970440
2017-04-07 06:38:50.888 10984 DEBUG oslo.messaging._drivers.impl_rabbit [-] Timed out waiting for RPC response: timed out _raise_timeout /usr/local/lib/python2.7/dist-packages/oslo_messaging/_drivers/impl_rabbit.py:1054
2017-04-07 06:38:50.888 10984 DEBUG oslo.messaging._drivers.impl_rabbit [-] Timed out waiting for RPC response: Timeout while waiting on RPC response - topic: "", RPC method: "" info: "" _raise_timeout /usr/local/lib/python2.7/dist-packages/oslo_messaging/_drivers/impl_rabbit.py:1054
2017-04-07 06:38:51.086 10978 DEBUG oslo.messaging._drivers.impl_rabbit [-] Timed out waiting for RPC response: timed out _raise_timeout /usr/local/lib/python2.7/dist-packages/oslo_messaging/_drivers/impl_rabbit.py:1054
2017-04-07 06:38:51.088 10978 DEBUG oslo.messaging._drivers.impl_rabbit [-] Timed out waiting for RPC response: Timeout while waiting on RPC response - topic: "", RPC method: "" info: "" _raise_timeout /usr/local/lib/python2.7/dist-packages/oslo_messaging/_drivers/impl_rabbit.py:1054
2017-04-07 06:38:51.281 10989 INFO eventlet.wsgi.server [req-d4a9eba1-c082-4f70-a75a-bfe227818d92 - - - - -] 127.0.0.1 "GET /v1/nodes/e1369efa-5391-5035-8533-3a065c44a584 HTTP/1.1" status: 200 len: 1769 time: 0.0277350
2017-04-07 06:38:51.443 10984 INFO eventlet.wsgi.server [req-6f1ab7b5-3397-4926-8e63-e8591adc3d85 - - - - -] 127.0.0.1 "GET /v1/nodes/93494378-56ee-5e22-b6f0-e3be3a9ebdf1 HTTP/1.1" status: 200 len: 1761 time: 0.0284770
2017-04-07 06:38:51.514 10985 INFO eventlet.wsgi.server [req-bdbe51c5-eb8c-446d-a344-d0e0799da37d - - - - -] 127.0.0.1 "GET /v1/nodes/93494378-56ee-5e22-b6f0-e3be3a9ebdf1 HTTP/1.1" status: 200 len: 1742 time: 0.0267189
2017-04-07 06:38:51.539 10989 INFO eventlet.wsgi.server [req-62f24fda-e55a-490d-9f71-c8bb2d1c74e3 - - - - -] 127.0.0.1 "GET /v1/nodes/c1a56cb3-fcef-59d5-8105-7e6815154f70 HTTP/1.1" status: 200 len: 1746 time: 0.0256481
2017-04-07 06:38:51.889 10984 DEBUG oslo.messaging._drivers.impl_rabbit [-] Timed out waiting for RPC response: timed out _raise_timeout /usr/local/lib/python2.7/dist-packages/oslo_messaging/_drivers/impl_rabbit.py:1054
2017-04-07 06:38:51.890 10984 DEBUG oslo.messaging._drivers.impl_rabbit [-] Timed out waiting for RPC response: Timeout while waiting on RPC response - topic: "", RPC method: "" info: "" _raise_timeout /usr/local/lib/python2.7/dist-packages/oslo_messaging/_drivers/impl_rabbit.py:1054
2017-04-07 06:38:52.315 10981 DEBUG oslo.messaging._drivers.impl_rabbit [-] Timed out waiting for RPC response: timed out _raise_timeout /usr/local/lib/python2.7/dist-packages/oslo_messaging/_drivers/impl_rabbit.py:1054
2017-04-07 06:38:52.315 10981 DEBUG oslo.messaging._drivers.impl_rabbit [-] Timed out waiting for RPC response: Timeout while waiting on RPC response - topic: "", RPC method: "" info: "" _raise_timeout /usr/local/lib/python2.7/dist-packages/oslo_messaging/_drivers/impl_rabbit.py:1054
2017-04-07 06:38:52.455 10985 DEBUG oslo.messaging._drivers.impl_rabbit [-] Timed out waiting for RPC response: timed out _raise_timeout /usr/local/lib/python2.7/dist-packages/oslo_messaging/_drivers/impl_rabbit.py:1054
2017-04-07 06:38:52.455 10989 DEBUG oslo.messaging._drivers.impl_rabbit [-] Timed out waiting for RPC response: timed out _raise_timeout /usr/local/lib/python2.7/dist-packages/oslo_messaging/_drivers/impl_rabbit.py:1054
2017-04-07 06:38:52.456 10985 DEBUG oslo.messaging._drivers.impl_rabbit [-] Timed out waiting for RPC response: Timeout while waiting on RPC response - topic: "", RPC method: "" info: "" _raise_timeout /usr/local/lib/python2.7/dist-packages/oslo_messaging/_drivers/impl_rabbit.py:1054
2017-04-07 06:38:52.456 10989 DEBUG oslo.messaging._drivers.impl_rabbit [-] Timed out waiting for RPC response: Timeout while waiting on RPC response - topic: "", RPC method: "" info: "" _raise_timeout /usr/local/lib/python2.7/dist-packages/oslo_messaging/_drivers/impl_rabbit.py:1054
2017-04-07 06:38:53.091 10978 DEBUG oslo.messaging._drivers.impl_rabbit [-] Timed out waiting for RPC response: timed out _raise_timeout /usr/local/lib/python2.7/dist-packages/oslo_messaging/_drivers/impl_rabbit.py:1054
2017-04-07 06:38:53.092 10978 DEBUG oslo.messaging._drivers.impl_rabbit [-] Timed out waiting for RPC response: Timeout while waiting on RPC response - topic: "", RPC method: "" info: "" _raise_timeout /usr/local/lib/python2.7/dist-packages/oslo_messaging/_drivers/impl_rabbit.py:1054
2017-04-07 06:38:53.314 10989 INFO eventlet.wsgi.server [req-dbc7647c-d1bf-4130-b2d9-94d38ae5c724 - - - - -] 127.0.0.1 "GET /v1/nodes/e1369efa-5391-5035-8533-3a065c44a584 HTTP/1.1" status: 200 len: 1769 time: 0.0271780
2017-04-07 06:38:53.550 10985 INFO eventlet.wsgi.server [req-35098dc3-8544-4070-b3b9-7b1743c95ee8 - - - - -] 127.0.0.1 "GET /v1/nodes/93494378-56ee-5e22-b6f0-e3be3a9ebdf1 HTTP/1.1" status: 200 len: 1742 time: 0.0295758
2017-04-07 06:38:53.573 10989 INFO eventlet.wsgi.server [req-904c8d47-0e4c-4f2f-9357-613927779436 - - - - -] 127.0.0.1 "GET /v1/nodes/c1a56cb3-fcef-59d5-8105-7e6815154f70 HTTP/1.1" status: 200 len: 1746 time: 0.0270741
2017-04-07 06:38:53.892 10984 DEBUG oslo.messaging._drivers.impl_rabbit [-] Timed out waiting for RPC response: timed out _raise_timeout /usr/local/lib/python2.7/dist-packages/oslo_messaging/_drivers/impl_rabbit.py:1054
2017-04-07 06:38:53.892 10984 DEBUG oslo.messaging._drivers.impl_rabbit [-] Timed out waiting for RPC response: Timeout while waiting on RPC response - topic: "", RPC method: "" info: "" _raise_timeout /usr/local/lib/python2.7/dist-packages/oslo_messaging/_drivers/impl_rabbit.py:1054
2017-04-07 06:38:54.799 10977 DEBUG oslo.messaging._drivers.impl_rabbit [-] Timed out waiting for RPC response: timed out _raise_timeout /usr/local/lib/python2.7/dist-packages/oslo_messaging/_drivers/impl_rabbit.py:1054
2017-04-07 06:38:54.800 10977 DEBUG oslo.messaging._drivers.impl_rabbit [-] Timed out waiting for RPC response: Timeout while waiting on RPC response - topic: "", RPC method: "" info: "" _raise_timeout /usr/local/lib/python2.7/dist-packages/oslo_messaging/_drivers/impl_rabbit.py:1054
2017-04-07 06:38:55.056 10978 INFO eventlet.wsgi.server [req-ff46a270-4655-42e2-9438-be15be728de7 - - - - -] 127.0.0.1 "GET /v1/nodes/c1a56cb3-fcef-59d5-8105-7e6815154f70/ports HTTP/1.1" status: 200 len: 623 time: 0.0368450
2017-04-07 06:38:55.345 10989 INFO eventlet.wsgi.server [req-4f97657d-72a0-4231-902a-912ca568724a - - - - -] 127.0.0.1 "GET /v1/nodes/e1369efa-5391-5035-8533-3a065c44a584 HTTP/1.1" status: 200 len: 1769 time: 0.0259731
2017-04-07 06:38:55.576 10985 INFO eventlet.wsgi.server [req-f5bcf16f-e760-467b-a8be-b2e8d15e3d42 - - - - -] 127.0.0.1 "GET /v1/nodes/93494378-56ee-5e22-b6f0-e3be3a9ebdf1 HTTP/1.1" status: 200 len: 1742 time: 0.0206499
2017-04-07 06:38:55.606 10989 INFO eventlet.wsgi.server [req-bdebf2b4-30be-4d29-9142-0b53b23026da - - - - -] 127.0.0.1 "GET /v1/nodes/c1a56cb3-fcef-59d5-8105-7e6815154f70 HTTP/1.1" status: 200 len: 1766 time: 0.0265968
2017-04-07 06:38:56.318 10981 DEBUG oslo.messaging._drivers.impl_rabbit [-] Timed out waiting for RPC response: timed out _raise_timeout /usr/local/lib/python2.7/dist-packages/oslo_messaging/_drivers/impl_rabbit.py:1054
2017-04-07 06:38:56.319 10981 DEBUG oslo.messaging._drivers.impl_rabbit [-] Timed out waiting for RPC response: Timeout while waiting on RPC response - topic: "", RPC method: "" info: "" _raise_timeout /usr/local/lib/python2.7/dist-packages/oslo_messaging/_drivers/impl_rabbit.py:1054
2017-04-07 06:38:56.457 10985 DEBUG oslo.messaging._drivers.impl_rabbit [-] Timed out waiting for RPC response: timed out _raise_timeout /usr/local/lib/python2.7/dist-packages/oslo_messaging/_drivers/impl_rabbit.py:1054
2017-04-07 06:38:56.458 10985 DEBUG oslo.messaging._drivers.impl_rabbit [-] Timed out waiting for RPC response: Timeout while waiting on RPC response - topic: "", RPC method: "" info: "" _raise_timeout /usr/local/lib/python2.7/dist-packages/oslo_messaging/_drivers/impl_rabbit.py:1054
2017-04-07 06:38:56.458 10989 DEBUG oslo.messaging._drivers.impl_rabbit [-] Timed out waiting for RPC response: timed out _raise_timeout /usr/local/lib/python2.7/dist-packages/oslo_messaging/_drivers/impl_rabbit.py:1054
2017-04-07 06:38:56.459 10989 DEBUG oslo.messaging._drivers.impl_rabbit [-] Timed out waiting for RPC response: Timeout while waiting on RPC response - topic: "", RPC method: "" info: "" _raise_timeout /usr/local/lib/python2.7/dist-packages/oslo_messaging/_drivers/impl_rabbit.py:1054
2017-04-07 06:38:57.059 10981 INFO eventlet.wsgi.server [req-36a384c5-e91f-4ea6-bfe8-987a8d93f663 - - - - -] 127.0.0.1 "PUT /v1/nodes/e1369efa-5391-5035-8533-3a065c44a584/management/boot_device HTTP/1.1" status: 204 len: 300 time: 6.8687210
2017-04-07 06:38:57.061 10981 DEBUG oslo.messaging._drivers.impl_rabbit [-] Timed out waiting for RPC response: timed out _raise_timeout /usr/local/lib/python2.7/dist-packages/oslo_messaging/_drivers/impl_rabbit.py:1054
2017-04-07 06:38:57.061 10981 DEBUG oslo.messaging._drivers.impl_rabbit [-] Timed out waiting for RPC response: Timeout while waiting on RPC response - topic: "", RPC method: "" info: "" _raise_timeout /usr/local/lib/python2.7/dist-packages/oslo_messaging/_drivers/impl_rabbit.py:1054
2017-04-07 06:38:57.095 10978 DEBUG oslo.messaging._drivers.impl_rabbit [-] Timed out waiting for RPC response: timed out _raise_timeout /usr/local/lib/python2.7/dist-packages/oslo_messaging/_drivers/impl_rabbit.py:1054
2017-04-07 06:38:57.097 10978 DEBUG oslo.messaging._drivers.impl_rabbit [-] Timed out waiting for RPC response: Timeout while waiting on RPC response - topic: "", RPC method: "" info: "" _raise_timeout /usr/local/lib/python2.7/dist-packages/oslo_messaging/_drivers/impl_rabbit.py:1054
2017-04-07 06:38:57.364 10989 INFO eventlet.wsgi.server [req-7eaa7331-c3c3-43b5-af33-75d0029d0ff5 - - - - -] 127.0.0.1 "GET /v1/nodes/e1369efa-5391-5035-8533-3a065c44a584 HTTP/1.1" status: 200 len: 1769 time: 0.0126350
2017-04-07 06:38:57.608 10985 INFO eventlet.wsgi.server [req-37351b41-8ff3-4821-9e7f-99595a1b121f - - - - -] 127.0.0.1 "GET /v1/nodes/93494378-56ee-5e22-b6f0-e3be3a9ebdf1 HTTP/1.1" status: 200 len: 1742 time: 0.0267248
2017-04-07 06:38:57.639 10989 INFO eventlet.wsgi.server [req-f2bafd82-8595-41ae-ae17-54989d9daabd - - - - -] 127.0.0.1 "GET /v1/nodes/c1a56cb3-fcef-59d5-8105-7e6815154f70 HTTP/1.1" status: 200 len: 1766 time: 0.0271630
2017-04-07 06:38:57.895 10984 DEBUG oslo.messaging._drivers.impl_rabbit [-] Timed out waiting for RPC response: timed out _raise_timeout /usr/local/lib/python2.7/dist-packages/oslo_messaging/_drivers/impl_rabbit.py:1054
2017-04-07 06:38:57.895 10984 DEBUG oslo.messaging._drivers.impl_rabbit [-] Timed out waiting for RPC response: Timeout while waiting on RPC response - topic: "", RPC method: "" info: "" _raise_timeout /usr/local/lib/python2.7/dist-packages/oslo_messaging/_drivers/impl_rabbit.py:1054
2017-04-07 06:38:58.063 10981 DEBUG oslo.messaging._drivers.impl_rabbit [-] Timed out waiting for RPC response: timed out _raise_timeout /usr/local/lib/python2.7/dist-packages/oslo_messaging/_drivers/impl_rabbit.py:1054
2017-04-07 06:38:58.063 10981 DEBUG oslo.messaging._drivers.impl_rabbit [-] Timed out waiting for RPC response: Timeout while waiting on RPC response - topic: "", RPC method: "" info: "" _raise_timeout /usr/local/lib/python2.7/dist-packages/oslo_messaging/_drivers/impl_rabbit.py:1054
2017-04-07 06:38:58.153 10981 INFO eventlet.wsgi.server [req-fbd35b51-f489-45a4-9038-9b262d9122e7 - - - - -] 127.0.0.1 "PUT /v1/nodes/e1369efa-5391-5035-8533-3a065c44a584/states/power HTTP/1.1" status: 202 len: 384 time: 1.0894511
2017-04-07 06:38:58.154 10981 DEBUG oslo.messaging._drivers.impl_rabbit [-] Timed out waiting for RPC response: timed out _raise_timeout /usr/local/lib/python2.7/dist-packages/oslo_messaging/_drivers/impl_rabbit.py:1054
2017-04-07 06:38:58.154 10981 DEBUG oslo.messaging._drivers.impl_rabbit [-] Timed out waiting for RPC response: Timeout while waiting on RPC response - topic: "", RPC method: "" info: "" _raise_timeout /usr/local/lib/python2.7/dist-packages/oslo_messaging/_drivers/impl_rabbit.py:1054
2017-04-07 06:38:59.156 10981 DEBUG oslo.messaging._drivers.impl_rabbit [-] Timed out waiting for RPC response: timed out _raise_timeout /usr/local/lib/python2.7/dist-packages/oslo_messaging/_drivers/impl_rabbit.py:1054
2017-04-07 06:38:59.156 10981 DEBUG oslo.messaging._drivers.impl_rabbit [-] Timed out waiting for RPC response: Timeout while waiting on RPC response - topic: "", RPC method: "" info: "" _raise_timeout /usr/local/lib/python2.7/dist-packages/oslo_messaging/_drivers/impl_rabbit.py:1054
2017-04-07 06:38:59.396 10989 INFO eventlet.wsgi.server [req-75ca9bb5-5af3-402e-b175-d1ed2207b06c - - - - -] 127.0.0.1 "GET /v1/nodes/e1369efa-5391-5035-8533-3a065c44a584 HTTP/1.1" status: 200 len: 1775 time: 0.0262880
2017-04-07 06:38:59.642 10985 INFO eventlet.wsgi.server [req-f999e1f1-228d-4068-881c-cf3fecc4b4b8 - - - - -] 127.0.0.1 "GET /v1/nodes/93494378-56ee-5e22-b6f0-e3be3a9ebdf1 HTTP/1.1" status: 200 len: 1742 time: 0.0278289
2017-04-07 06:38:59.672 10989 INFO eventlet.wsgi.server [req-5da1135f-23ba-4144-a814-ea5dc725b107 - - - - -] 127.0.0.1 "GET /v1/nodes/c1a56cb3-fcef-59d5-8105-7e6815154f70 HTTP/1.1" status: 200 len: 1766 time: 0.0271771
2017-04-07 06:39:00.057 10984 INFO eventlet.wsgi.server [req-f1741555-2cea-4e33-a0b9-f68ecfdf3c8b - - - - -] 127.0.0.1 "GET /v1/nodes/93494378-56ee-5e22-b6f0-e3be3a9ebdf1/ports HTTP/1.1" status: 200 len: 623 time: 0.0362749
2017-04-07 06:39:01.158 10981 DEBUG oslo.messaging._drivers.impl_rabbit [-] Timed out waiting for RPC response: timed out _raise_timeout /usr/local/lib/python2.7/dist-packages/oslo_messaging/_drivers/impl_rabbit.py:1054
2017-04-07 06:39:01.159 10981 DEBUG oslo.messaging._drivers.impl_rabbit [-] Timed out waiting for RPC response: Timeout while waiting on RPC response - topic: "", RPC method: "" info: "" _raise_timeout /usr/local/lib/python2.7/dist-packages/oslo_messaging/_drivers/impl_rabbit.py:1054
2017-04-07 06:39:01.428 10989 INFO eventlet.wsgi.server [req-7e8f2478-5c49-4b3c-8fba-19b582e66e39 - - - - -] 127.0.0.1 "GET /v1/nodes/e1369efa-5391-5035-8533-3a065c44a584 HTTP/1.1" status: 200 len: 1775 time: 0.0268171
2017-04-07 06:39:01.674 10985 INFO eventlet.wsgi.server [req-5711ac7c-28be-46fc-b20e-cff1d09e9cf5 - - - - -] 127.0.0.1 "GET /v1/nodes/93494378-56ee-5e22-b6f0-e3be3a9ebdf1 HTTP/1.1" status: 200 len: 1762 time: 0.0275390
2017-04-07 06:39:01.703 10989 INFO eventlet.wsgi.server [req-68f9ca46-7ee3-4e5c-9c0a-a92cc2a08127 - - - - -] 127.0.0.1 "GET /v1/nodes/c1a56cb3-fcef-59d5-8105-7e6815154f70 HTTP/1.1" status: 200 len: 1766 time: 0.0266900
2017-04-07 06:39:03.462 10989 INFO eventlet.wsgi.server [req-a4850fbe-cd86-423d-ad44-7e01b3b0cf48 - - - - -] 127.0.0.1 "GET /v1/nodes/e1369efa-5391-5035-8533-3a065c44a584 HTTP/1.1" status: 200 len: 1775 time: 0.0277822
2017-04-07 06:39:03.706 10985 INFO eventlet.wsgi.server [req-9b1a259c-0f33-4385-aaec-4e35d07feed1 - - - - -] 127.0.0.1 "GET /v1/nodes/93494378-56ee-5e22-b6f0-e3be3a9ebdf1 HTTP/1.1" status: 200 len: 1762 time: 0.0265062
2017-04-07 06:39:03.736 10989 INFO eventlet.wsgi.server [req-47bb2ae4-938a-420e-bb54-44833c5deb08 - - - - -] 127.0.0.1 "GET /v1/nodes/c1a56cb3-fcef-59d5-8105-7e6815154f70 HTTP/1.1" status: 200 len: 1766 time: 0.0279071
2017-04-07 06:39:04.460 10989 DEBUG oslo.messaging._drivers.impl_rabbit [-] Timed out waiting for RPC response: timed out _raise_timeout /usr/local/lib/python2.7/dist-packages/oslo_messaging/_drivers/impl_rabbit.py:1054
2017-04-07 06:39:04.460 10985 DEBUG oslo.messaging._drivers.impl_rabbit [-] Timed out waiting for RPC response: timed out _raise_timeout /usr/local/lib/python2.7/dist-packages/oslo_messaging/_drivers/impl_rabbit.py:1054
2017-04-07 06:39:04.460 10989 DEBUG oslo.messaging._drivers.impl_rabbit [-] Timed out waiting for RPC response: Timeout while waiting on RPC response - topic: "", RPC method: "" info: "" _raise_timeout /usr/local/lib/python2.7/dist-packages/oslo_messaging/_drivers/impl_rabbit.py:1054
2017-04-07 06:39:04.461 10985 DEBUG oslo.messaging._drivers.impl_rabbit [-] Timed out waiting for RPC response: Timeout while waiting on RPC response - topic: "", RPC method: "" info: "" _raise_timeout /usr/local/lib/python2.7/dist-packages/oslo_messaging/_drivers/impl_rabbit.py:1054
2017-04-07 06:39:05.106 10978 DEBUG oslo.messaging._drivers.impl_rabbit [-] Timed out waiting for RPC response: timed out _raise_timeout /usr/local/lib/python2.7/dist-packages/oslo_messaging/_drivers/impl_rabbit.py:1054
2017-04-07 06:39:05.107 10978 DEBUG oslo.messaging._drivers.impl_rabbit [-] Timed out waiting for RPC response: Timeout while waiting on RPC response - topic: "", RPC method: "" info: "" _raise_timeout /usr/local/lib/python2.7/dist-packages/oslo_messaging/_drivers/impl_rabbit.py:1054
2017-04-07 06:39:05.160 10981 DEBUG oslo.messaging._drivers.impl_rabbit [-] Timed out waiting for RPC response: timed out _raise_timeout /usr/local/lib/python2.7/dist-packages/oslo_messaging/_drivers/impl_rabbit.py:1054
2017-04-07 06:39:05.161 10981 DEBUG oslo.messaging._drivers.impl_rabbit [-] Timed out waiting for RPC response: Timeout while waiting on RPC response - topic: "", RPC method: "" info: "" _raise_timeout /usr/local/lib/python2.7/dist-packages/oslo_messaging/_drivers/impl_rabbit.py:1054
2017-04-07 06:39:05.486 10989 INFO eventlet.wsgi.server [req-227c5c12-ff6d-4678-94eb-4e283a913127 - - - - -] 127.0.0.1 "GET /v1/nodes/e1369efa-5391-5035-8533-3a065c44a584 HTTP/1.1" status: 200 len: 1775 time: 0.0190032
2017-04-07 06:39:05.738 10985 INFO eventlet.wsgi.server [req-d7be4069-714d-4993-80f5-51decbe63d8b - - - - -] 127.0.0.1 "GET /v1/nodes/93494378-56ee-5e22-b6f0-e3be3a9ebdf1 HTTP/1.1" status: 200 len: 1762 time: 0.0252240
2017-04-07 06:39:05.766 10989 INFO eventlet.wsgi.server [req-7381bf66-f1bc-4530-ad79-a5fc8b9e6c38 - - - - -] 127.0.0.1 "GET /v1/nodes/c1a56cb3-fcef-59d5-8105-7e6815154f70 HTTP/1.1" status: 200 len: 1766 time: 0.0255089
2017-04-07 06:39:05.896 10984 DEBUG oslo.messaging._drivers.impl_rabbit [-] Timed out waiting for RPC response: timed out _raise_timeout /usr/local/lib/python2.7/dist-packages/oslo_messaging/_drivers/impl_rabbit.py:1054
2017-04-07 06:39:05.897 10984 DEBUG oslo.messaging._drivers.impl_rabbit [-] Timed out waiting for RPC response: Timeout while waiting on RPC response - topic: "", RPC method: "" info: "" _raise_timeout /usr/local/lib/python2.7/dist-packages/oslo_messaging/_drivers/impl_rabbit.py:1054
2017-04-07 06:39:07.309 10978 INFO eventlet.wsgi.server [req-6cda5b34-9ce5-4231-b2dc-090843f8a9eb - - - - -] 127.0.0.1 "PUT /v1/nodes/c1a56cb3-fcef-59d5-8105-7e6815154f70/management/boot_device HTTP/1.1" status: 204 len: 300 time: 12.0594590
2017-04-07 06:39:07.310 10978 DEBUG oslo.messaging._drivers.impl_rabbit [-] Timed out waiting for RPC response: timed out _raise_timeout /usr/local/lib/python2.7/dist-packages/oslo_messaging/_drivers/impl_rabbit.py:1054
2017-04-07 06:39:07.311 10978 DEBUG oslo.messaging._drivers.impl_rabbit [-] Timed out waiting for RPC response: Timeout while waiting on RPC response - topic: "", RPC method: "" info: "" _raise_timeout /usr/local/lib/python2.7/dist-packages/oslo_messaging/_drivers/impl_rabbit.py:1054
2017-04-07 06:39:07.520 10989 INFO eventlet.wsgi.server [req-ea6b17ac-f9d3-488d-81b5-d9ed0d598a24 - - - - -] 127.0.0.1 "GET /v1/nodes/e1369efa-5391-5035-8533-3a065c44a584 HTTP/1.1" status: 200 len: 1775 time: 0.0277841
2017-04-07 06:39:07.774 10985 INFO eventlet.wsgi.server [req-aae12db4-f9e3-4192-810f-37868d75fdf7 - - - - -] 127.0.0.1 "GET /v1/nodes/93494378-56ee-5e22-b6f0-e3be3a9ebdf1 HTTP/1.1" status: 200 len: 1762 time: 0.0293839
2017-04-07 06:39:07.798 10989 INFO eventlet.wsgi.server [req-1453c839-75f6-4b29-9518-7cce91803b3a - - - - -] 127.0.0.1 "GET /v1/nodes/c1a56cb3-fcef-59d5-8105-7e6815154f70 HTTP/1.1" status: 200 len: 1766 time: 0.0263491
2017-04-07 06:39:08.199 10978 INFO eventlet.wsgi.server [req-26aedc04-f087-403f-b6a8-f3e547b9d27d - - - - -] 127.0.0.1 "PUT /v1/nodes/c1a56cb3-fcef-59d5-8105-7e6815154f70/states/power HTTP/1.1" status: 202 len: 384 time: 0.8863399
2017-04-07 06:39:08.200 10978 DEBUG oslo.messaging._drivers.impl_rabbit [-] Timed out waiting for RPC response: timed out _raise_timeout /usr/local/lib/python2.7/dist-packages/oslo_messaging/_drivers/impl_rabbit.py:1054
2017-04-07 06:39:08.200 10978 DEBUG oslo.messaging._drivers.impl_rabbit [-] Timed out waiting for RPC response: Timeout while waiting on RPC response - topic: "", RPC method: "" info: "" _raise_timeout /usr/local/lib/python2.7/dist-packages/oslo_messaging/_drivers/impl_rabbit.py:1054
2017-04-07 06:39:09.202 10978 DEBUG oslo.messaging._drivers.impl_rabbit [-] Timed out waiting for RPC response: timed out _raise_timeout /usr/local/lib/python2.7/dist-packages/oslo_messaging/_drivers/impl_rabbit.py:1054
2017-04-07 06:39:09.203 10978 DEBUG oslo.messaging._drivers.impl_rabbit [-] Timed out waiting for RPC response: Timeout while waiting on RPC response - topic: "", RPC method: "" info: "" _raise_timeout /usr/local/lib/python2.7/dist-packages/oslo_messaging/_drivers/impl_rabbit.py:1054
2017-04-07 06:39:09.555 10989 INFO eventlet.wsgi.server [req-dd9f5e43-b491-46fc-af22-e21248062364 - - - - -] 127.0.0.1 "GET /v1/nodes/e1369efa-5391-5035-8533-3a065c44a584 HTTP/1.1" status: 200 len: 1775 time: 0.0289171
2017-04-07 06:39:09.808 10985 INFO eventlet.wsgi.server [req-8c25b13a-1a56-433c-bdf4-5798772764f3 - - - - -] 127.0.0.1 "GET /v1/nodes/93494378-56ee-5e22-b6f0-e3be3a9ebdf1 HTTP/1.1" status: 200 len: 1762 time: 0.0271480
2017-04-07 06:39:09.837 10989 INFO eventlet.wsgi.server [req-5c4aaaa5-e36f-4acc-b775-3b014fa267e1 - - - - -] 127.0.0.1 "GET /v1/nodes/c1a56cb3-fcef-59d5-8105-7e6815154f70 HTTP/1.1" status: 200 len: 1772 time: 0.0322359
2017-04-07 06:39:10.801 10977 DEBUG oslo.messaging._drivers.impl_rabbit [-] Timed out waiting for RPC response: timed out _raise_timeout /usr/local/lib/python2.7/dist-packages/oslo_messaging/_drivers/impl_rabbit.py:1054
2017-04-07 06:39:10.802 10977 DEBUG oslo.messaging._drivers.impl_rabbit [-] Timed out waiting for RPC response: Timeout while waiting on RPC response - topic: "", RPC method: "" info: "" _raise_timeout /usr/local/lib/python2.7/dist-packages/oslo_messaging/_drivers/impl_rabbit.py:1054
2017-04-07 06:39:10.820 10985 INFO eventlet.wsgi.server [req-105b09cc-907c-43d7-98b0-df7d26a7a10d - - - - -] 127.0.0.1 "GET /v1/nodes HTTP/1.1" status: 200 len: 1459 time: 0.0294061
2017-04-07 06:39:11.206 10978 DEBUG oslo.messaging._drivers.impl_rabbit [-] Timed out waiting for RPC response: timed out _raise_timeout /usr/local/lib/python2.7/dist-packages/oslo_messaging/_drivers/impl_rabbit.py:1054
2017-04-07 06:39:11.207 10978 DEBUG oslo.messaging._drivers.impl_rabbit [-] Timed out waiting for RPC response: Timeout while waiting on RPC response - topic: "", RPC method: "" info: "" _raise_timeout /usr/local/lib/python2.7/dist-packages/oslo_messaging/_drivers/impl_rabbit.py:1054
2017-04-07 06:39:11.587 10989 INFO eventlet.wsgi.server [req-59b6c962-399c-4996-aee8-62ad79d69972 - - - - -] 127.0.0.1 "GET /v1/nodes/e1369efa-5391-5035-8533-3a065c44a584 HTTP/1.1" status: 200 len: 1775 time: 0.0257239
2017-04-07 06:39:11.842 10985 INFO eventlet.wsgi.server [req-a9490c0e-c4d5-4127-b039-3c31e8fc225a - - - - -] 127.0.0.1 "GET /v1/nodes/93494378-56ee-5e22-b6f0-e3be3a9ebdf1 HTTP/1.1" status: 200 len: 1742 time: 0.0288332
2017-04-07 06:39:11.866 10989 INFO eventlet.wsgi.server [req-4d8d60bb-cd3d-4025-b296-2e42aacfca73 - - - - -] 127.0.0.1 "GET /v1/nodes/c1a56cb3-fcef-59d5-8105-7e6815154f70 HTTP/1.1" status: 200 len: 1772 time: 0.0245800
2017-04-07 06:39:12.051 10984 INFO eventlet.wsgi.server [req-3cc592fa-9757-4759-ab09-e4d189932cc3 - - - - -] 127.0.0.1 "PUT /v1/nodes/93494378-56ee-5e22-b6f0-e3be3a9ebdf1/management/boot_device HTTP/1.1" status: 204 len: 300 time: 11.5366700
2017-04-07 06:39:12.052 10984 DEBUG oslo.messaging._drivers.impl_rabbit [-] Timed out waiting for RPC response: timed out _raise_timeout /usr/local/lib/python2.7/dist-packages/oslo_messaging/_drivers/impl_rabbit.py:1054
2017-04-07 06:39:12.052 10984 DEBUG oslo.messaging._drivers.impl_rabbit [-] Timed out waiting for RPC response: Timeout while waiting on RPC response - topic: "", RPC method: "" info: "" _raise_timeout /usr/local/lib/python2.7/dist-packages/oslo_messaging/_drivers/impl_rabbit.py:1054
2017-04-07 06:39:13.053 10984 DEBUG oslo.messaging._drivers.impl_rabbit [-] Timed out waiting for RPC response: timed out _raise_timeout /usr/local/lib/python2.7/dist-packages/oslo_messaging/_drivers/impl_rabbit.py:1054
2017-04-07 06:39:13.054 10984 DEBUG oslo.messaging._drivers.impl_rabbit [-] Timed out waiting for RPC response: Timeout while waiting on RPC response - topic: "", RPC method: "" info: "" _raise_timeout /usr/local/lib/python2.7/dist-packages/oslo_messaging/_drivers/impl_rabbit.py:1054
2017-04-07 06:39:13.062 10984 INFO eventlet.wsgi.server [req-e8c2e242-450c-40c6-a8eb-b704513838ae - - - - -] 127.0.0.1 "PUT /v1/nodes/93494378-56ee-5e22-b6f0-e3be3a9ebdf1/states/power HTTP/1.1" status: 202 len: 384 time: 1.0072591
2017-04-07 06:39:13.063 10984 DEBUG oslo.messaging._drivers.impl_rabbit [-] Timed out waiting for RPC response: timed out _raise_timeout /usr/local/lib/python2.7/dist-packages/oslo_messaging/_drivers/impl_rabbit.py:1054
2017-04-07 06:39:13.063 10984 DEBUG oslo.messaging._drivers.impl_rabbit [-] Timed out waiting for RPC response: Timeout while waiting on RPC response - topic: "", RPC method: "" info: "" _raise_timeout /usr/local/lib/python2.7/dist-packages/oslo_messaging/_drivers/impl_rabbit.py:1054
2017-04-07 06:39:13.162 10981 DEBUG oslo.messaging._drivers.impl_rabbit [-] Timed out waiting for RPC response: timed out _raise_timeout /usr/local/lib/python2.7/dist-packages/oslo_messaging/_drivers/impl_rabbit.py:1054
2017-04-07 06:39:13.163 10981 DEBUG oslo.messaging._drivers.impl_rabbit [-] Timed out waiting for RPC response: Timeout while waiting on RPC response - topic: "", RPC method: "" info: "" _raise_timeout /usr/local/lib/python2.7/dist-packages/oslo_messaging/_drivers/impl_rabbit.py:1054
2017-04-07 06:39:13.621 10989 INFO eventlet.wsgi.server [req-d1659360-3a86-4ff4-bdd3-a4d04958a19e - - - - -] 127.0.0.1 "GET /v1/nodes/e1369efa-5391-5035-8533-3a065c44a584 HTTP/1.1" status: 200 len: 1775 time: 0.0279632
2017-04-07 06:39:13.877 10985 INFO eventlet.wsgi.server [req-eb7f86c2-51eb-4c68-8098-a8f31fb7e6ef - - - - -] 127.0.0.1 "GET /v1/nodes/93494378-56ee-5e22-b6f0-e3be3a9ebdf1 HTTP/1.1" status: 200 len: 1768 time: 0.0294421
2017-04-07 06:39:13.894 10989 INFO eventlet.wsgi.server [req-ccb52989-32ac-4fef-8c93-887dcd63f347 - - - - -] 127.0.0.1 "GET /v1/nodes/c1a56cb3-fcef-59d5-8105-7e6815154f70 HTTP/1.1" status: 200 len: 1772 time: 0.0217860
2017-04-07 06:39:14.064 10984 DEBUG oslo.messaging._drivers.impl_rabbit [-] Timed out waiting for RPC response: timed out _raise_timeout /usr/local/lib/python2.7/dist-packages/oslo_messaging/_drivers/impl_rabbit.py:1054
2017-04-07 06:39:14.065 10984 DEBUG oslo.messaging._drivers.impl_rabbit [-] Timed out waiting for RPC response: Timeout while waiting on RPC response - topic: "", RPC method: "" info: "" _raise_timeout /usr/local/lib/python2.7/dist-packages/oslo_messaging/_drivers/impl_rabbit.py:1054
2017-04-07 06:39:15.211 10978 DEBUG oslo.messaging._drivers.impl_rabbit [-] Timed out waiting for RPC response: timed out _raise_timeout /usr/local/lib/python2.7/dist-packages/oslo_messaging/_drivers/impl_rabbit.py:1054
2017-04-07 06:39:15.211 10978 DEBUG oslo.messaging._drivers.impl_rabbit [-] Timed out waiting for RPC response: Timeout while waiting on RPC response - topic: "", RPC method: "" info: "" _raise_timeout /usr/local/lib/python2.7/dist-packages/oslo_messaging/_drivers/impl_rabbit.py:1054
2017-04-07 06:39:15.654 10989 INFO eventlet.wsgi.server [req-53bab7dd-1aed-4269-bb49-f24e6af88c2b - - - - -] 127.0.0.1 "GET /v1/nodes/e1369efa-5391-5035-8533-3a065c44a584 HTTP/1.1" status: 200 len: 1775 time: 0.0282362
2017-04-07 06:39:15.909 10985 INFO eventlet.wsgi.server [req-f5351307-51cb-455a-8ec3-31b10bc864a9 - - - - -] 127.0.0.1 "GET /v1/nodes/93494378-56ee-5e22-b6f0-e3be3a9ebdf1 HTTP/1.1" status: 200 len: 1768 time: 0.0276310
2017-04-07 06:39:15.929 10989 INFO eventlet.wsgi.server [req-65b53dd2-fd53-4ff9-b71c-a3471d89bfdf - - - - -] 127.0.0.1 "GET /v1/nodes/c1a56cb3-fcef-59d5-8105-7e6815154f70 HTTP/1.1" status: 200 len: 1772 time: 0.0283070
2017-04-07 06:39:16.066 10984 DEBUG oslo.messaging._drivers.impl_rabbit [-] Timed out waiting for RPC response: timed out _raise_timeout /usr/local/lib/python2.7/dist-packages/oslo_messaging/_drivers/impl_rabbit.py:1054
2017-04-07 06:39:16.067 10984 DEBUG oslo.messaging._drivers.impl_rabbit [-] Timed out waiting for RPC response: Timeout while waiting on RPC response - topic: "", RPC method: "" info: "" _raise_timeout /usr/local/lib/python2.7/dist-packages/oslo_messaging/_drivers/impl_rabbit.py:1054
2017-04-07 06:39:17.685 10989 INFO eventlet.wsgi.server [req-1d14546d-9e41-40b7-b5b3-02beb5d73922 - - - - -] 127.0.0.1 "GET /v1/nodes/e1369efa-5391-5035-8533-3a065c44a584 HTTP/1.1" status: 200 len: 1775 time: 0.0266919
2017-04-07 06:39:17.942 10985 INFO eventlet.wsgi.server [req-d9956da6-99b5-4e70-a5b5-3ce38c68cf96 - - - - -] 127.0.0.1 "GET /v1/nodes/93494378-56ee-5e22-b6f0-e3be3a9ebdf1 HTTP/1.1" status: 200 len: 1768 time: 0.0266962
2017-04-07 06:39:17.962 10989 INFO eventlet.wsgi.server [req-619bc341-1991-4018-9b63-1ff28e09fb5d - - - - -] 127.0.0.1 "GET /v1/nodes/c1a56cb3-fcef-59d5-8105-7e6815154f70 HTTP/1.1" status: 200 len: 1772 time: 0.0282509
2017-04-07 06:39:19.722 10989 INFO eventlet.wsgi.server [req-5d3a528c-c773-44ed-96a1-fe4a0d16b170 - - - - -] 127.0.0.1 "GET /v1/nodes/e1369efa-5391-5035-8533-3a065c44a584 HTTP/1.1" status: 200 len: 1775 time: 0.0310581
2017-04-07 06:39:19.977 10985 INFO eventlet.wsgi.server [req-9091dece-7d6c-40eb-b196-9a8e29a11e7b - - - - -] 127.0.0.1 "GET /v1/nodes/93494378-56ee-5e22-b6f0-e3be3a9ebdf1 HTTP/1.1" status: 200 len: 1768 time: 0.0276968
2017-04-07 06:39:19.997 10989 INFO eventlet.wsgi.server [req-ed16de7b-9570-42c5-a6b0-248d300ea559 - - - - -] 127.0.0.1 "GET /v1/nodes/c1a56cb3-fcef-59d5-8105-7e6815154f70 HTTP/1.1" status: 200 len: 1772 time: 0.0279160
2017-04-07 06:39:20.070 10984 DEBUG oslo.messaging._drivers.impl_rabbit [-] Timed out waiting for RPC response: timed out _raise_timeout /usr/local/lib/python2.7/dist-packages/oslo_messaging/_drivers/impl_rabbit.py:1054
2017-04-07 06:39:20.071 10984 DEBUG oslo.messaging._drivers.impl_rabbit [-] Timed out waiting for RPC response: Timeout while waiting on RPC response - topic: "", RPC method: "" info: "" _raise_timeout /usr/local/lib/python2.7/dist-packages/oslo_messaging/_drivers/impl_rabbit.py:1054
2017-04-07 06:39:20.461 10989 DEBUG oslo.messaging._drivers.impl_rabbit [-] Timed out waiting for RPC response: timed out _raise_timeout /usr/local/lib/python2.7/dist-packages/oslo_messaging/_drivers/impl_rabbit.py:1054
2017-04-07 06:39:20.462 10989 DEBUG oslo.messaging._drivers.impl_rabbit [-] Timed out waiting for RPC response: Timeout while waiting on RPC response - topic: "", RPC method: "" info: "" _raise_timeout /usr/local/lib/python2.7/dist-packages/oslo_messaging/_drivers/impl_rabbit.py:1054
2017-04-07 06:39:20.462 10985 DEBUG oslo.messaging._drivers.impl_rabbit [-] Timed out waiting for RPC response: timed out _raise_timeout /usr/local/lib/python2.7/dist-packages/oslo_messaging/_drivers/impl_rabbit.py:1054
2017-04-07 06:39:20.463 10985 DEBUG oslo.messaging._drivers.impl_rabbit [-] Timed out waiting for RPC response: Timeout while waiting on RPC response - topic: "", RPC method: "" info: "" _raise_timeout /usr/local/lib/python2.7/dist-packages/oslo_messaging/_drivers/impl_rabbit.py:1054
2017-04-07 06:39:21.753 10989 INFO eventlet.wsgi.server [req-4b1d9788-0e00-491e-ab58-bb099a301ec0 - - - - -] 127.0.0.1 "GET /v1/nodes/e1369efa-5391-5035-8533-3a065c44a584 HTTP/1.1" status: 200 len: 1775 time: 0.0259778
2017-04-07 06:39:22.013 10985 INFO eventlet.wsgi.server [req-fa5d60a1-16f1-42af-be23-26f024fe17db - - - - -] 127.0.0.1 "GET /v1/nodes/93494378-56ee-5e22-b6f0-e3be3a9ebdf1 HTTP/1.1" status: 200 len: 1768 time: 0.0284488
2017-04-07 06:39:22.031 10989 INFO eventlet.wsgi.server [req-d85ac277-d666-4905-9d7d-f588fe16a343 - - - - -] 127.0.0.1 "GET /v1/nodes/c1a56cb3-fcef-59d5-8105-7e6815154f70 HTTP/1.1" status: 200 len: 1772 time: 0.0288689
2017-04-07 06:39:23.216 10978 DEBUG oslo.messaging._drivers.impl_rabbit [-] Timed out waiting for RPC response: timed out _raise_timeout /usr/local/lib/python2.7/dist-packages/oslo_messaging/_drivers/impl_rabbit.py:1054
2017-04-07 06:39:23.217 10978 DEBUG oslo.messaging._drivers.impl_rabbit [-] Timed out waiting for RPC response: Timeout while waiting on RPC response - topic: "", RPC method: "" info: "" _raise_timeout /usr/local/lib/python2.7/dist-packages/oslo_messaging/_drivers/impl_rabbit.py:1054
2017-04-07 06:39:23.785 10989 INFO eventlet.wsgi.server [req-db5e13b0-11b4-4ef7-a065-a3070c3ca06d - - - - -] 127.0.0.1 "GET /v1/nodes/e1369efa-5391-5035-8533-3a065c44a584 HTTP/1.1" status: 200 len: 1755 time: 0.0260329
2017-04-07 06:39:24.049 10985 INFO eventlet.wsgi.server [req-d388dc93-b7ca-4d8b-8107-6aa6ca0e8c02 - - - - -] 127.0.0.1 "GET /v1/nodes/93494378-56ee-5e22-b6f0-e3be3a9ebdf1 HTTP/1.1" status: 200 len: 1768 time: 0.0296500
2017-04-07 06:39:24.065 10989 INFO eventlet.wsgi.server [req-79b7546b-8b79-4a6a-9860-c7cd8cf7f926 - - - - -] 127.0.0.1 "GET /v1/nodes/c1a56cb3-fcef-59d5-8105-7e6815154f70 HTTP/1.1" status: 200 len: 1772 time: 0.0282969
2017-04-07 06:39:25.820 10989 INFO eventlet.wsgi.server [req-e996c540-0176-4a6f-858f-1d430bd35132 - - - - -] 127.0.0.1 "GET /v1/nodes/e1369efa-5391-5035-8533-3a065c44a584 HTTP/1.1" status: 200 len: 1755 time: 0.0290270
2017-04-07 06:39:26.081 10985 INFO eventlet.wsgi.server [req-cf5bee8c-7d09-4cc2-9885-3084d054f1fb - - - - -] 127.0.0.1 "GET /v1/nodes/93494378-56ee-5e22-b6f0-e3be3a9ebdf1 HTTP/1.1" status: 200 len: 1768 time: 0.0271358
2017-04-07 06:39:26.099 10989 INFO eventlet.wsgi.server [req-9d9f1124-8ca9-488d-9dbc-5cbfac197f27 - - - - -] 127.0.0.1 "GET /v1/nodes/c1a56cb3-fcef-59d5-8105-7e6815154f70 HTTP/1.1" status: 200 len: 1772 time: 0.0283930
2017-04-07 06:39:27.853 10989 INFO eventlet.wsgi.server [req-e48193e8-fe42-4b4c-9068-f7e79d9b942b - - - - -] 127.0.0.1 "GET /v1/nodes/e1369efa-5391-5035-8533-3a065c44a584 HTTP/1.1" status: 200 len: 1755 time: 0.0285161
2017-04-07 06:39:28.080 10984 DEBUG oslo.messaging._drivers.impl_rabbit [-] Timed out waiting for RPC response: timed out _raise_timeout /usr/local/lib/python2.7/dist-packages/oslo_messaging/_drivers/impl_rabbit.py:1054
2017-04-07 06:39:28.081 10984 DEBUG oslo.messaging._drivers.impl_rabbit [-] Timed out waiting for RPC response: Timeout while waiting on RPC response - topic: "", RPC method: "" info: "" _raise_timeout /usr/local/lib/python2.7/dist-packages/oslo_messaging/_drivers/impl_rabbit.py:1054
2017-04-07 06:39:28.113 10985 INFO eventlet.wsgi.server [req-735c4ea4-46c6-44be-88ab-128f00350dd6 - - - - -] 127.0.0.1 "GET /v1/nodes/93494378-56ee-5e22-b6f0-e3be3a9ebdf1 HTTP/1.1" status: 200 len: 1768 time: 0.0274699
2017-04-07 06:39:28.129 10989 INFO eventlet.wsgi.server [req-17d3dca7-4ae1-476f-87e8-563e81c1a262 - - - - -] 127.0.0.1 "GET /v1/nodes/c1a56cb3-fcef-59d5-8105-7e6815154f70 HTTP/1.1" status: 200 len: 1772 time: 0.0260110
2017-04-07 06:39:29.164 10981 DEBUG oslo.messaging._drivers.impl_rabbit [-] Timed out waiting for RPC response: timed out _raise_timeout /usr/local/lib/python2.7/dist-packages/oslo_messaging/_drivers/impl_rabbit.py:1054
2017-04-07 06:39:29.166 10981 DEBUG oslo.messaging._drivers.impl_rabbit [-] Timed out waiting for RPC response: Timeout while waiting on RPC response - topic: "", RPC method: "" info: "" _raise_timeout /usr/local/lib/python2.7/dist-packages/oslo_messaging/_drivers/impl_rabbit.py:1054
2017-04-07 06:39:29.891 10989 INFO eventlet.wsgi.server [req-9c8b8d65-bdcd-4197-ba71-288ab6ed2d4a - - - - -] 127.0.0.1 "GET /v1/nodes/e1369efa-5391-5035-8533-3a065c44a584 HTTP/1.1" status: 200 len: 1755 time: 0.0311389
2017-04-07 06:39:30.149 10985 INFO eventlet.wsgi.server [req-c6f5f1ee-1e17-4bef-b3f1-7cbb06d1a060 - - - - -] 127.0.0.1 "GET /v1/nodes/93494378-56ee-5e22-b6f0-e3be3a9ebdf1 HTTP/1.1" status: 200 len: 1768 time: 0.0294940
2017-04-07 06:39:30.165 10989 INFO eventlet.wsgi.server [req-388b1872-df4b-4613-a5c1-855010e22a92 - - - - -] 127.0.0.1 "GET /v1/nodes/c1a56cb3-fcef-59d5-8105-7e6815154f70 HTTP/1.1" status: 200 len: 1772 time: 0.0278468
2017-04-07 06:39:31.931 10989 INFO eventlet.wsgi.server [req-3f8a6bce-c5b2-473e-9838-007748736bd2 - - - - -] 127.0.0.1 "GET /v1/nodes/e1369efa-5391-5035-8533-3a065c44a584 HTTP/1.1" status: 200 len: 1755 time: 0.0307639
2017-04-07 06:39:32.184 10985 INFO eventlet.wsgi.server [req-a2c980f6-301c-4ee3-97fb-75af296f5de6 - - - - -] 127.0.0.1 "GET /v1/nodes/93494378-56ee-5e22-b6f0-e3be3a9ebdf1 HTTP/1.1" status: 200 len: 1768 time: 0.0298648
2017-04-07 06:39:32.201 10989 INFO eventlet.wsgi.server [req-9373aa1c-5d95-4970-a4e2-dd30c689f658 - - - - -] 127.0.0.1 "GET /v1/nodes/c1a56cb3-fcef-59d5-8105-7e6815154f70 HTTP/1.1" status: 200 len: 1772 time: 0.0305672
2017-04-07 06:39:33.967 10989 INFO eventlet.wsgi.server [req-7f6e760a-b126-4543-bef5-8a9991aae607 - - - - -] 127.0.0.1 "GET /v1/nodes/e1369efa-5391-5035-8533-3a065c44a584 HTTP/1.1" status: 200 len: 1755 time: 0.0284929
2017-04-07 06:39:34.222 10985 INFO eventlet.wsgi.server [req-3c556319-8031-483f-bf55-c98850566cec - - - - -] 127.0.0.1 "GET /v1/nodes/93494378-56ee-5e22-b6f0-e3be3a9ebdf1 HTTP/1.1" status: 200 len: 1768 time: 0.0305982
2017-04-07 06:39:34.231 10989 INFO eventlet.wsgi.server [req-4c1cf887-f436-4762-9934-64690c3c849d - - - - -] 127.0.0.1 "GET /v1/nodes/c1a56cb3-fcef-59d5-8105-7e6815154f70 HTTP/1.1" status: 200 len: 1772 time: 0.0246880
2017-04-07 06:39:36.010 10989 INFO eventlet.wsgi.server [req-36889cbb-9658-4630-b7db-4bd1926b331b - - - - -] 127.0.0.1 "GET /v1/nodes/e1369efa-5391-5035-8533-3a065c44a584 HTTP/1.1" status: 200 len: 1755 time: 0.0336320
2017-04-07 06:39:36.259 10985 INFO eventlet.wsgi.server [req-096fb831-0831-401d-9b6c-c443293c5243 - - - - -] 127.0.0.1 "GET /v1/nodes/93494378-56ee-5e22-b6f0-e3be3a9ebdf1 HTTP/1.1" status: 200 len: 1768 time: 0.0302398
2017-04-07 06:39:36.266 10989 INFO eventlet.wsgi.server [req-3ddc0957-a73c-47a8-8226-9ffe3ae4d3cc - - - - -] 127.0.0.1 "GET /v1/nodes/c1a56cb3-fcef-59d5-8105-7e6815154f70 HTTP/1.1" status: 200 len: 1752 time: 0.0281811
2017-04-07 06:39:38.045 10989 INFO eventlet.wsgi.server [req-7bdbf93a-3351-4e03-ad0b-65cfb674d890 - - - - -] 127.0.0.1 "GET /v1/nodes/e1369efa-5391-5035-8533-3a065c44a584 HTTP/1.1" status: 200 len: 1755 time: 0.0270128
2017-04-07 06:39:38.293 10985 INFO eventlet.wsgi.server [req-ad682333-5034-4cfd-bde9-eced2f4efdb0 - - - - -] 127.0.0.1 "GET /v1/nodes/93494378-56ee-5e22-b6f0-e3be3a9ebdf1 HTTP/1.1" status: 200 len: 1768 time: 0.0288339
2017-04-07 06:39:38.297 10989 INFO eventlet.wsgi.server [req-4a65fcc5-f449-4b4a-8cd2-4dcf34e51458 - - - - -] 127.0.0.1 "GET /v1/nodes/c1a56cb3-fcef-59d5-8105-7e6815154f70 HTTP/1.1" status: 200 len: 1752 time: 0.0230150
2017-04-07 06:39:39.220 10978 DEBUG oslo.messaging._drivers.impl_rabbit [-] Timed out waiting for RPC response: timed out _raise_timeout /usr/local/lib/python2.7/dist-packages/oslo_messaging/_drivers/impl_rabbit.py:1054
2017-04-07 06:39:39.222 10978 DEBUG oslo.messaging._drivers.impl_rabbit [-] Timed out waiting for RPC response: Timeout while waiting on RPC response - topic: "", RPC method: "" info: "" _raise_timeout /usr/local/lib/python2.7/dist-packages/oslo_messaging/_drivers/impl_rabbit.py:1054
2017-04-07 06:39:39.410 10978 DEBUG oslo.messaging._drivers.impl_rabbit [-] Timed out waiting for RPC response: timed out _raise_timeout /usr/local/lib/python2.7/dist-packages/oslo_messaging/_drivers/impl_rabbit.py:1054
2017-04-07 06:39:39.411 10978 DEBUG oslo.messaging._drivers.impl_rabbit [-] Timed out waiting for RPC response: Timeout while waiting on RPC response - topic: "", RPC method: "" info: "" _raise_timeout /usr/local/lib/python2.7/dist-packages/oslo_messaging/_drivers/impl_rabbit.py:1054
2017-04-07 06:39:39.441 10981 DEBUG oslo.messaging._drivers.impl_rabbit [-] Timed out waiting for RPC response: timed out _raise_timeout /usr/local/lib/python2.7/dist-packages/oslo_messaging/_drivers/impl_rabbit.py:1054
2017-04-07 06:39:39.442 10981 DEBUG oslo.messaging._drivers.impl_rabbit [-] Timed out waiting for RPC response: Timeout while waiting on RPC response - topic: "", RPC method: "" info: "" _raise_timeout /usr/local/lib/python2.7/dist-packages/oslo_messaging/_drivers/impl_rabbit.py:1054
2017-04-07 06:39:39.493 10977 DEBUG oslo.messaging._drivers.impl_rabbit [-] Timed out waiting for RPC response: timed out _raise_timeout /usr/local/lib/python2.7/dist-packages/oslo_messaging/_drivers/impl_rabbit.py:1054
2017-04-07 06:39:39.494 10977 DEBUG oslo.messaging._drivers.impl_rabbit [-] Timed out waiting for RPC response: Timeout while waiting on RPC response - topic: "", RPC method: "" info: "" _raise_timeout /usr/local/lib/python2.7/dist-packages/oslo_messaging/_drivers/impl_rabbit.py:1054
2017-04-07 06:39:40.077 10989 INFO eventlet.wsgi.server [req-ba426203-d125-4404-87ce-689b557d46d8 - - - - -] 127.0.0.1 "GET /v1/nodes/e1369efa-5391-5035-8533-3a065c44a584 HTTP/1.1" status: 200 len: 1755 time: 0.0265110
