2017-04-07 06:58:26.713 5112 DEBUG oslo_service.service [-] deploy.http_root = /httpboot log_opt_values /usr/local/lib/python2.7/dist-packages/oslo_config/cfg.py:2786
2017-04-07 06:58:26.714 5112 DEBUG oslo_service.service [-] deploy.http_url = http://192.168.122.1:8080/ log_opt_values /usr/local/lib/python2.7/dist-packages/oslo_config/cfg.py:2786
2017-04-07 06:58:26.714 5112 DEBUG oslo_service.service [-] deploy.power_off_after_deploy_failure = True log_opt_values /usr/local/lib/python2.7/dist-packages/oslo_config/cfg.py:2786
2017-04-07 06:58:26.714 5112 DEBUG oslo_service.service [-] deploy.shred_final_overwrite_with_zeros = True log_opt_values /usr/local/lib/python2.7/dist-packages/oslo_config/cfg.py:2786
2017-04-07 06:58:26.714 5112 DEBUG oslo_service.service [-] deploy.shred_random_overwrite_iterations = 1 log_opt_values /usr/local/lib/python2.7/dist-packages/oslo_config/cfg.py:2786
2017-04-07 06:58:26.714 5112 DEBUG oslo_service.service [-] ipmi.min_command_interval = 5 log_opt_values /usr/local/lib/python2.7/dist-packages/oslo_config/cfg.py:2786
2017-04-07 06:58:26.715 5112 DEBUG oslo_service.service [-] ipmi.retry_timeout = 60 log_opt_values /usr/local/lib/python2.7/dist-packages/oslo_config/cfg.py:2786
2017-04-07 06:58:26.715 5112 DEBUG oslo_service.service [-] disk_utils.bios_boot_partition_size = 1 log_opt_values /usr/local/lib/python2.7/dist-packages/oslo_config/cfg.py:2786
2017-04-07 06:58:26.715 5112 DEBUG oslo_service.service [-] disk_utils.dd_block_size = 1M log_opt_values /usr/local/lib/python2.7/dist-packages/oslo_config/cfg.py:2786
2017-04-07 06:58:26.715 5112 DEBUG oslo_service.service [-] disk_utils.efi_system_partition_size = 200 log_opt_values /usr/local/lib/python2.7/dist-packages/oslo_config/cfg.py:2786
2017-04-07 06:58:26.715 5112 DEBUG oslo_service.service [-] disk_utils.iscsi_verify_attempts = 3 log_opt_values /usr/local/lib/python2.7/dist-packages/oslo_config/cfg.py:2786
2017-04-07 06:58:26.716 5112 DEBUG oslo_service.service [-] metrics.agent_backend = noop log_opt_values /usr/local/lib/python2.7/dist-packages/oslo_config/cfg.py:2786
2017-04-07 06:58:26.716 5112 DEBUG oslo_service.service [-] metrics.agent_global_prefix = None log_opt_values /usr/local/lib/python2.7/dist-packages/oslo_config/cfg.py:2786
2017-04-07 06:58:26.716 5112 DEBUG oslo_service.service [-] metrics.agent_prepend_host = False log_opt_values /usr/local/lib/python2.7/dist-packages/oslo_config/cfg.py:2786
2017-04-07 06:58:26.716 5112 DEBUG oslo_service.service [-] metrics.agent_prepend_host_reverse = True log_opt_values /usr/local/lib/python2.7/dist-packages/oslo_config/cfg.py:2786
2017-04-07 06:58:26.716 5112 DEBUG oslo_service.service [-] metrics.agent_prepend_uuid = False log_opt_values /usr/local/lib/python2.7/dist-packages/oslo_config/cfg.py:2786
2017-04-07 06:58:26.717 5112 DEBUG oslo_service.service [-] metrics.backend = noop log_opt_values /usr/local/lib/python2.7/dist-packages/oslo_config/cfg.py:2786
2017-04-07 06:58:26.717 5112 DEBUG oslo_service.service [-] metrics.global_prefix = None log_opt_values /usr/local/lib/python2.7/dist-packages/oslo_config/cfg.py:2786
2017-04-07 06:58:26.717 5112 DEBUG oslo_service.service [-] metrics.prepend_host = False log_opt_values /usr/local/lib/python2.7/dist-packages/oslo_config/cfg.py:2786
2017-04-07 06:58:26.717 5112 DEBUG oslo_service.service [-] metrics.prepend_host_reverse = True log_opt_values /usr/local/lib/python2.7/dist-packages/oslo_config/cfg.py:2786
2017-04-07 06:58:26.717 5112 DEBUG oslo_service.service [-] oslo_concurrency.disable_process_locking = False log_opt_values /usr/local/lib/python2.7/dist-packages/oslo_config/cfg.py:2786
2017-04-07 06:58:26.718 5112 DEBUG oslo_service.service [-] oslo_concurrency.lock_path = None log_opt_values /usr/local/lib/python2.7/dist-packages/oslo_config/cfg.py:2786
2017-04-07 06:58:26.718 5112 DEBUG oslo_service.service [-] drac.query_raid_config_job_status_interval = 120 log_opt_values /usr/local/lib/python2.7/dist-packages/oslo_config/cfg.py:2786
2017-04-07 06:58:26.718 5112 DEBUG oslo_service.service [-] cors.allow_credentials = True log_opt_values /usr/local/lib/python2.7/dist-packages/oslo_config/cfg.py:2786
2017-04-07 06:58:26.718 5112 DEBUG oslo_service.service [-] cors.allow_headers = ['X-OpenStack-Ironic-API-Maximum-Version', 'X-OpenStack-Ironic-API-Minimum-Version', 'X-OpenStack-Ironic-API-Version'] log_opt_values /usr/local/lib/python2.7/dist-packages/oslo_config/cfg.py:2786
2017-04-07 06:58:26.719 5112 DEBUG oslo_service.service [-] cors.allow_methods = ['GET', 'PUT', 'POST', 'DELETE', 'PATCH'] log_opt_values /usr/local/lib/python2.7/dist-packages/oslo_config/cfg.py:2786
2017-04-07 06:58:26.719 5112 DEBUG oslo_service.service [-] cors.allowed_origin = None log_opt_values /usr/local/lib/python2.7/dist-packages/oslo_config/cfg.py:2786
2017-04-07 06:58:26.719 5112 DEBUG oslo_service.service [-] cors.expose_headers = ['X-OpenStack-Ironic-API-Maximum-Version', 'X-OpenStack-Ironic-API-Minimum-Version', 'X-OpenStack-Ironic-API-Version'] log_opt_values /usr/local/lib/python2.7/dist-packages/oslo_config/cfg.py:2786
2017-04-07 06:58:26.719 5112 DEBUG oslo_service.service [-] cors.max_age = 3600 log_opt_values /usr/local/lib/python2.7/dist-packages/oslo_config/cfg.py:2786
2017-04-07 06:58:26.719 5112 DEBUG oslo_service.service [-] swift.auth_section = None log_opt_values /usr/local/lib/python2.7/dist-packages/oslo_config/cfg.py:2786
2017-04-07 06:58:26.720 5112 DEBUG oslo_service.service [-] swift.auth_type = None log_opt_values /usr/local/lib/python2.7/dist-packages/oslo_config/cfg.py:2786
2017-04-07 06:58:26.720 5112 DEBUG oslo_service.service [-] swift.cafile = None log_opt_values /usr/local/lib/python2.7/dist-packages/oslo_config/cfg.py:2786
2017-04-07 06:58:26.720 5112 DEBUG oslo_service.service [-] swift.certfile = None log_opt_values /usr/local/lib/python2.7/dist-packages/oslo_config/cfg.py:2786
2017-04-07 06:58:26.720 5112 DEBUG oslo_service.service [-] swift.insecure = False log_opt_values /usr/local/lib/python2.7/dist-packages/oslo_config/cfg.py:2786
2017-04-07 06:58:26.720 5112 DEBUG oslo_service.service [-] swift.keyfile = None log_opt_values /usr/local/lib/python2.7/dist-packages/oslo_config/cfg.py:2786
2017-04-07 06:58:26.721 5112 DEBUG oslo_service.service [-] swift.swift_max_retries = 2 log_opt_values /usr/local/lib/python2.7/dist-packages/oslo_config/cfg.py:2786
2017-04-07 06:58:26.721 5112 DEBUG oslo_service.service [-] swift.timeout = None log_opt_values /usr/local/lib/python2.7/dist-packages/oslo_config/cfg.py:2786
2017-04-07 06:58:26.721 5112 DEBUG oslo_service.service [-] cisco_ucs.action_interval = 5 log_opt_values /usr/local/lib/python2.7/dist-packages/oslo_config/cfg.py:2786
2017-04-07 06:58:26.721 5112 DEBUG oslo_service.service [-] cisco_ucs.max_retry = 6 log_opt_values /usr/local/lib/python2.7/dist-packages/oslo_config/cfg.py:2786
2017-04-07 06:58:26.721 5112 DEBUG oslo_service.service [-] audit.audit_map_file = /etc/ironic/api_audit_map.conf log_opt_values /usr/local/lib/python2.7/dist-packages/oslo_config/cfg.py:2786
2017-04-07 06:58:26.722 5112 DEBUG oslo_service.service [-] audit.enabled = False log_opt_values /usr/local/lib/python2.7/dist-packages/oslo_config/cfg.py:2786
2017-04-07 06:58:26.722 5112 DEBUG oslo_service.service [-] audit.ignore_req_list = log_opt_values /usr/local/lib/python2.7/dist-packages/oslo_config/cfg.py:2786
2017-04-07 06:58:26.722 5112 DEBUG oslo_service.service [-] audit.namespace = openstack log_opt_values /usr/local/lib/python2.7/dist-packages/oslo_config/cfg.py:2786
2017-04-07 06:58:26.722 5112 DEBUG oslo_service.service [-] database.backend = sqlalchemy log_opt_values /usr/local/lib/python2.7/dist-packages/oslo_config/cfg.py:2786
2017-04-07 06:58:26.723 5112 DEBUG oslo_service.service [-] database.connection = **** log_opt_values /usr/local/lib/python2.7/dist-packages/oslo_config/cfg.py:2786
2017-04-07 06:58:26.723 5112 DEBUG oslo_service.service [-] database.connection_debug = 0 log_opt_values /usr/local/lib/python2.7/dist-packages/oslo_config/cfg.py:2786
2017-04-07 06:58:26.723 5112 DEBUG oslo_service.service [-] database.connection_trace = False log_opt_values /usr/local/lib/python2.7/dist-packages/oslo_config/cfg.py:2786
2017-04-07 06:58:26.723 5112 DEBUG oslo_service.service [-] database.db_inc_retry_interval = True log_opt_values /usr/local/lib/python2.7/dist-packages/oslo_config/cfg.py:2786
2017-04-07 06:58:26.724 5112 DEBUG oslo_service.service [-] database.db_max_retries = 20 log_opt_values /usr/local/lib/python2.7/dist-packages/oslo_config/cfg.py:2786
2017-04-07 06:58:26.724 5112 DEBUG oslo_service.service [-] database.db_max_retry_interval = 10 log_opt_values /usr/local/lib/python2.7/dist-packages/oslo_config/cfg.py:2786
2017-04-07 06:58:26.724 5112 DEBUG oslo_service.service [-] database.db_retry_interval = 1 log_opt_values /usr/local/lib/python2.7/dist-packages/oslo_config/cfg.py:2786
2017-04-07 06:58:26.724 5112 DEBUG oslo_service.service [-] database.idle_timeout = 3600 log_opt_values /usr/local/lib/python2.7/dist-packages/oslo_config/cfg.py:2786
2017-04-07 06:58:26.724 5112 DEBUG oslo_service.service [-] database.max_overflow = 50 log_opt_values /usr/local/lib/python2.7/dist-packages/oslo_config/cfg.py:2786
2017-04-07 06:58:26.725 5112 DEBUG oslo_service.service [-] database.max_pool_size = 5 log_opt_values /usr/local/lib/python2.7/dist-packages/oslo_config/cfg.py:2786
2017-04-07 06:58:26.725 5112 DEBUG oslo_service.service [-] database.max_retries = 10 log_opt_values /usr/local/lib/python2.7/dist-packages/oslo_config/cfg.py:2786
2017-04-07 06:58:26.725 5112 DEBUG oslo_service.service [-] database.min_pool_size = 1 log_opt_values /usr/local/lib/python2.7/dist-packages/oslo_config/cfg.py:2786
2017-04-07 06:58:26.725 5112 DEBUG oslo_service.service [-] database.mysql_engine = InnoDB log_opt_values /usr/local/lib/python2.7/dist-packages/oslo_config/cfg.py:2786
2017-04-07 06:58:26.725 5112 DEBUG oslo_service.service [-] database.mysql_sql_mode = TRADITIONAL log_opt_values /usr/local/lib/python2.7/dist-packages/oslo_config/cfg.py:2786
2017-04-07 06:58:26.726 5112 DEBUG oslo_service.service [-] database.pool_timeout = None log_opt_values /usr/local/lib/python2.7/dist-packages/oslo_config/cfg.py:2786
2017-04-07 06:58:26.726 5112 DEBUG oslo_service.service [-] database.retry_interval = 10 log_opt_values /usr/local/lib/python2.7/dist-packages/oslo_config/cfg.py:2786
2017-04-07 06:58:26.726 5112 DEBUG oslo_service.service [-] database.slave_connection = **** log_opt_values /usr/local/lib/python2.7/dist-packages/oslo_config/cfg.py:2786
2017-04-07 06:58:26.726 5112 DEBUG oslo_service.service [-] database.sqlite_synchronous = True log_opt_values /usr/local/lib/python2.7/dist-packages/oslo_config/cfg.py:2786
2017-04-07 06:58:26.726 5112 DEBUG oslo_service.service [-] database.use_db_reconnect = False log_opt_values /usr/local/lib/python2.7/dist-packages/oslo_config/cfg.py:2786
2017-04-07 06:58:26.727 5112 DEBUG oslo_service.service [-] ilo.ca_file = None log_opt_values /usr/local/lib/python2.7/dist-packages/oslo_config/cfg.py:2786
2017-04-07 06:58:26.727 5112 DEBUG oslo_service.service [-] ilo.clean_priority_clear_secure_boot_keys = 0 log_opt_values /usr/local/lib/python2.7/dist-packages/oslo_config/cfg.py:2786
2017-04-07 06:58:26.727 5112 DEBUG oslo_service.service [-] ilo.clean_priority_reset_bios_to_default = 10 log_opt_values /usr/local/lib/python2.7/dist-packages/oslo_config/cfg.py:2786
2017-04-07 06:58:26.727 5112 DEBUG oslo_service.service [-] ilo.clean_priority_reset_ilo = 0 log_opt_values /usr/local/lib/python2.7/dist-packages/oslo_config/cfg.py:2786
2017-04-07 06:58:26.727 5112 DEBUG oslo_service.service [-] ilo.clean_priority_reset_ilo_credential = 30 log_opt_values /usr/local/lib/python2.7/dist-packages/oslo_config/cfg.py:2786
2017-04-07 06:58:26.728 5112 DEBUG oslo_service.service [-] ilo.clean_priority_reset_secure_boot_keys_to_default = 20 log_opt_values /usr/local/lib/python2.7/dist-packages/oslo_config/cfg.py:2786
2017-04-07 06:58:26.728 5112 DEBUG oslo_service.service [-] ilo.client_port = 443 log_opt_values /usr/local/lib/python2.7/dist-packages/oslo_config/cfg.py:2786
2017-04-07 06:58:26.728 5112 DEBUG oslo_service.service [-] ilo.client_timeout = 60 log_opt_values /usr/local/lib/python2.7/dist-packages/oslo_config/cfg.py:2786
2017-04-07 06:58:26.728 5112 DEBUG oslo_service.service [-] ilo.default_boot_mode = auto log_opt_values /usr/local/lib/python2.7/dist-packages/oslo_config/cfg.py:2786
2017-04-07 06:58:26.728 5112 DEBUG oslo_service.service [-] ilo.power_retry = 6 log_opt_values /usr/local/lib/python2.7/dist-packages/oslo_config/cfg.py:2786
2017-04-07 06:58:26.729 5112 DEBUG oslo_service.service [-] ilo.power_wait = 2 log_opt_values /usr/local/lib/python2.7/dist-packages/oslo_config/cfg.py:2786
2017-04-07 06:58:26.729 5112 DEBUG oslo_service.service [-] ilo.swift_ilo_container = ironic_ilo_container log_opt_values /usr/local/lib/python2.7/dist-packages/oslo_config/cfg.py:2786
2017-04-07 06:58:26.729 5112 DEBUG oslo_service.service [-] ilo.swift_object_expiry_timeout = 900 log_opt_values /usr/local/lib/python2.7/dist-packages/oslo_config/cfg.py:2786
2017-04-07 06:58:26.729 5112 DEBUG oslo_service.service [-] ilo.use_web_server_for_images = True log_opt_values /usr/local/lib/python2.7/dist-packages/oslo_config/cfg.py:2786
2017-04-07 06:58:26.729 5112 DEBUG oslo_service.service [-] cinder.auth_section = None log_opt_values /usr/local/lib/python2.7/dist-packages/oslo_config/cfg.py:2786
2017-04-07 06:58:26.730 5112 DEBUG oslo_service.service [-] cinder.auth_type = None log_opt_values /usr/local/lib/python2.7/dist-packages/oslo_config/cfg.py:2786
2017-04-07 06:58:26.730 5112 DEBUG oslo_service.service [-] cinder.cafile = None log_opt_values /usr/local/lib/python2.7/dist-packages/oslo_config/cfg.py:2786
2017-04-07 06:58:26.730 5112 DEBUG oslo_service.service [-] cinder.certfile = None log_opt_values /usr/local/lib/python2.7/dist-packages/oslo_config/cfg.py:2786
2017-04-07 06:58:26.730 5112 DEBUG oslo_service.service [-] cinder.insecure = False log_opt_values /usr/local/lib/python2.7/dist-packages/oslo_config/cfg.py:2786
2017-04-07 06:58:26.730 5112 DEBUG oslo_service.service [-] cinder.keyfile = None log_opt_values /usr/local/lib/python2.7/dist-packages/oslo_config/cfg.py:2786
2017-04-07 06:58:26.731 5112 DEBUG oslo_service.service [-] cinder.retries = 3 log_opt_values /usr/local/lib/python2.7/dist-packages/oslo_config/cfg.py:2786
2017-04-07 06:58:26.731 5112 DEBUG oslo_service.service [-] cinder.timeout = None log_opt_values /usr/local/lib/python2.7/dist-packages/oslo_config/cfg.py:2786
2017-04-07 06:58:26.731 5112 DEBUG oslo_service.service [-] cinder.url = None log_opt_values /usr/local/lib/python2.7/dist-packages/oslo_config/cfg.py:2786
2017-04-07 06:58:26.731 5112 DEBUG oslo_service.service [-] oslo_versionedobjects.fatal_exception_format_errors = False log_opt_values /usr/local/lib/python2.7/dist-packages/oslo_config/cfg.py:2786
2017-04-07 06:58:26.731 5112 DEBUG oslo_service.service [-] ssh.get_vm_name_attempts = 3 log_opt_values /usr/local/lib/python2.7/dist-packages/oslo_config/cfg.py:2786
2017-04-07 06:58:26.732 5112 DEBUG oslo_service.service [-] ssh.get_vm_name_retry_interval = 3 log_opt_values /usr/local/lib/python2.7/dist-packages/oslo_config/cfg.py:2786
2017-04-07 06:58:26.732 5112 DEBUG oslo_service.service [-] ssh.libvirt_uri = qemu:///system log_opt_values /usr/local/lib/python2.7/dist-packages/oslo_config/cfg.py:2786
2017-04-07 06:58:26.732 5112 DEBUG oslo_service.service [-] ******************************************************************************** log_opt_values /usr/local/lib/python2.7/dist-packages/oslo_config/cfg.py:2788
2017-04-07 06:59:25.189 5155 DEBUG oslo_concurrency.lockutils [req-3c515ca0-c641-4b14-9ad0-9b6618d2abc2 - - - - -] Lock "policy_enforcer" acquired by "ironic.common.policy.init_enforcer" :: waited 0.000s inner /usr/local/lib/python2.7/dist-packages/oslo_concurrency/lockutils.py:270
2017-04-07 06:59:25.191 5155 DEBUG oslo_concurrency.lockutils [req-3c515ca0-c641-4b14-9ad0-9b6618d2abc2 - - - - -] Lock "policy_enforcer" released by "ironic.common.policy.init_enforcer" :: held 0.002s inner /usr/local/lib/python2.7/dist-packages/oslo_concurrency/lockutils.py:282
2017-04-07 06:59:25.192 5155 DEBUG oslo_policy._cache_handler [req-3c515ca0-c641-4b14-9ad0-9b6618d2abc2 - - - - -] Reloading cached file /etc/ironic/policy.json read_cached_file /usr/local/lib/python2.7/dist-packages/oslo_policy/_cache_handler.py:40
2017-04-07 06:59:25.195 5155 DEBUG oslo_policy.policy [req-3c515ca0-c641-4b14-9ad0-9b6618d2abc2 - - - - -] Reloaded policy file: /etc/ironic/policy.json _load_policy_file /usr/local/lib/python2.7/dist-packages/oslo_policy/policy.py:684
2017-04-07 06:59:25.203 5155 DEBUG oslo_db.api [req-3c515ca0-c641-4b14-9ad0-9b6618d2abc2 - - - - -] Loading backend 'sqlalchemy' from 'ironic.db.sqlalchemy.api' _load_backend /usr/local/lib/python2.7/dist-packages/oslo_db/api.py:237
2017-04-07 06:59:25.364 5155 DEBUG oslo_db.sqlalchemy.engines [req-3c515ca0-c641-4b14-9ad0-9b6618d2abc2 - - - - -] MySQL server mode set to STRICT_TRANS_TABLES,STRICT_ALL_TABLES,NO_ZERO_IN_DATE,NO_ZERO_DATE,ERROR_FOR_DIVISION_BY_ZERO,TRADITIONAL,NO_AUTO_CREATE_USER,NO_ENGINE_SUBSTITUTION _check_effective_sql_mode /usr/local/lib/python2.7/dist-packages/oslo_db/sqlalchemy/engines.py:260
2017-04-07 06:59:25.411 5155 INFO eventlet.wsgi.server [req-3c515ca0-c641-4b14-9ad0-9b6618d2abc2 - - - - -] 127.0.0.1 "GET /v1/nodes HTTP/1.1" status: 200 len: 338 time: 0.2315478
2017-04-07 07:00:25.120 5151 DEBUG oslo_concurrency.lockutils [req-660067a1-b102-45bb-9f41-26fcb47fc4c9 - - - - -] Lock "policy_enforcer" acquired by "ironic.common.policy.init_enforcer" :: waited 0.000s inner /usr/local/lib/python2.7/dist-packages/oslo_concurrency/lockutils.py:270
2017-04-07 07:00:25.122 5151 DEBUG oslo_concurrency.lockutils [req-660067a1-b102-45bb-9f41-26fcb47fc4c9 - - - - -] Lock "policy_enforcer" released by "ironic.common.policy.init_enforcer" :: held 0.001s inner /usr/local/lib/python2.7/dist-packages/oslo_concurrency/lockutils.py:282
2017-04-07 07:00:25.122 5151 DEBUG oslo_policy._cache_handler [req-660067a1-b102-45bb-9f41-26fcb47fc4c9 - - - - -] Reloading cached file /etc/ironic/policy.json read_cached_file /usr/local/lib/python2.7/dist-packages/oslo_policy/_cache_handler.py:40
2017-04-07 07:00:25.124 5151 DEBUG oslo_policy.policy [req-660067a1-b102-45bb-9f41-26fcb47fc4c9 - - - - -] Reloaded policy file: /etc/ironic/policy.json _load_policy_file /usr/local/lib/python2.7/dist-packages/oslo_policy/policy.py:684
2017-04-07 07:00:25.128 5151 DEBUG oslo_db.api [req-660067a1-b102-45bb-9f41-26fcb47fc4c9 - - - - -] Loading backend 'sqlalchemy' from 'ironic.db.sqlalchemy.api' _load_backend /usr/local/lib/python2.7/dist-packages/oslo_db/api.py:237
2017-04-07 07:00:25.238 5151 DEBUG oslo_db.sqlalchemy.engines [req-660067a1-b102-45bb-9f41-26fcb47fc4c9 - - - - -] MySQL server mode set to STRICT_TRANS_TABLES,STRICT_ALL_TABLES,NO_ZERO_IN_DATE,NO_ZERO_DATE,ERROR_FOR_DIVISION_BY_ZERO,TRADITIONAL,NO_AUTO_CREATE_USER,NO_ENGINE_SUBSTITUTION _check_effective_sql_mode /usr/local/lib/python2.7/dist-packages/oslo_db/sqlalchemy/engines.py:260
2017-04-07 07:00:25.265 5151 INFO eventlet.wsgi.server [req-660067a1-b102-45bb-9f41-26fcb47fc4c9 - - - - -] 127.0.0.1 "GET /v1/nodes HTTP/1.1" status: 200 len: 338 time: 0.1496902
2017-04-07 07:01:25.145 5164 DEBUG oslo_concurrency.lockutils [req-a368411b-a5be-4d8d-88b7-ecfb0bb53b32 - - - - -] Lock "policy_enforcer" acquired by "ironic.common.policy.init_enforcer" :: waited 0.001s inner /usr/local/lib/python2.7/dist-packages/oslo_concurrency/lockutils.py:270
2017-04-07 07:01:25.148 5164 DEBUG oslo_concurrency.lockutils [req-a368411b-a5be-4d8d-88b7-ecfb0bb53b32 - - - - -] Lock "policy_enforcer" released by "ironic.common.policy.init_enforcer" :: held 0.003s inner /usr/local/lib/python2.7/dist-packages/oslo_concurrency/lockutils.py:282
2017-04-07 07:01:25.149 5164 DEBUG oslo_policy._cache_handler [req-a368411b-a5be-4d8d-88b7-ecfb0bb53b32 - - - - -] Reloading cached file /etc/ironic/policy.json read_cached_file /usr/local/lib/python2.7/dist-packages/oslo_policy/_cache_handler.py:40
2017-04-07 07:01:25.152 5164 DEBUG oslo_policy.policy [req-a368411b-a5be-4d8d-88b7-ecfb0bb53b32 - - - - -] Reloaded policy file: /etc/ironic/policy.json _load_policy_file /usr/local/lib/python2.7/dist-packages/oslo_policy/policy.py:684
2017-04-07 07:01:25.160 5164 DEBUG oslo_db.api [req-a368411b-a5be-4d8d-88b7-ecfb0bb53b32 - - - - -] Loading backend 'sqlalchemy' from 'ironic.db.sqlalchemy.api' _load_backend /usr/local/lib/python2.7/dist-packages/oslo_db/api.py:237
2017-04-07 07:01:25.314 5164 DEBUG oslo_db.sqlalchemy.engines [req-a368411b-a5be-4d8d-88b7-ecfb0bb53b32 - - - - -] MySQL server mode set to STRICT_TRANS_TABLES,STRICT_ALL_TABLES,NO_ZERO_IN_DATE,NO_ZERO_DATE,ERROR_FOR_DIVISION_BY_ZERO,TRADITIONAL,NO_AUTO_CREATE_USER,NO_ENGINE_SUBSTITUTION _check_effective_sql_mode /usr/local/lib/python2.7/dist-packages/oslo_db/sqlalchemy/engines.py:260
2017-04-07 07:01:25.347 5164 INFO eventlet.wsgi.server [req-a368411b-a5be-4d8d-88b7-ecfb0bb53b32 - - - - -] 127.0.0.1 "GET /v1/nodes HTTP/1.1" status: 200 len: 338 time: 0.2129920
2017-04-07 07:02:25.124 5161 DEBUG oslo_concurrency.lockutils [req-1e2f8639-64e3-4232-b68e-e0c304a38d04 - - - - -] Lock "policy_enforcer" acquired by "ironic.common.policy.init_enforcer" :: waited 0.000s inner /usr/local/lib/python2.7/dist-packages/oslo_concurrency/lockutils.py:270
2017-04-07 07:02:25.125 5161 DEBUG oslo_concurrency.lockutils [req-1e2f8639-64e3-4232-b68e-e0c304a38d04 - - - - -] Lock "policy_enforcer" released by "ironic.common.policy.init_enforcer" :: held 0.001s inner /usr/local/lib/python2.7/dist-packages/oslo_concurrency/lockutils.py:282
2017-04-07 07:02:25.126 5161 DEBUG oslo_policy._cache_handler [req-1e2f8639-64e3-4232-b68e-e0c304a38d04 - - - - -] Reloading cached file /etc/ironic/policy.json read_cached_file /usr/local/lib/python2.7/dist-packages/oslo_policy/_cache_handler.py:40
2017-04-07 07:02:25.128 5161 DEBUG oslo_policy.policy [req-1e2f8639-64e3-4232-b68e-e0c304a38d04 - - - - -] Reloaded policy file: /etc/ironic/policy.json _load_policy_file /usr/local/lib/python2.7/dist-packages/oslo_policy/policy.py:684
2017-04-07 07:02:25.133 5161 DEBUG oslo_db.api [req-1e2f8639-64e3-4232-b68e-e0c304a38d04 - - - - -] Loading backend 'sqlalchemy' from 'ironic.db.sqlalchemy.api' _load_backend /usr/local/lib/python2.7/dist-packages/oslo_db/api.py:237
2017-04-07 07:02:25.270 5161 DEBUG oslo_db.sqlalchemy.engines [req-1e2f8639-64e3-4232-b68e-e0c304a38d04 - - - - -] MySQL server mode set to STRICT_TRANS_TABLES,STRICT_ALL_TABLES,NO_ZERO_IN_DATE,NO_ZERO_DATE,ERROR_FOR_DIVISION_BY_ZERO,TRADITIONAL,NO_AUTO_CREATE_USER,NO_ENGINE_SUBSTITUTION _check_effective_sql_mode /usr/local/lib/python2.7/dist-packages/oslo_db/sqlalchemy/engines.py:260
2017-04-07 07:02:25.304 5161 INFO eventlet.wsgi.server [req-1e2f8639-64e3-4232-b68e-e0c304a38d04 - - - - -] 127.0.0.1 "GET /v1/nodes HTTP/1.1" status: 200 len: 338 time: 0.1868289
2017-04-07 07:03:25.171 5164 INFO eventlet.wsgi.server [req-69feaf69-4edc-4bc3-9f50-30eb450381f8 - - - - -] 127.0.0.1 "GET /v1/nodes HTTP/1.1" status: 200 len: 338 time: 0.0388570
2017-04-07 07:04:25.156 5164 INFO eventlet.wsgi.server [req-f697109f-15c2-4198-aa72-7ae86c7bec0c - - - - -] 127.0.0.1 "GET /v1/nodes HTTP/1.1" status: 200 len: 338 time: 0.0317540
2017-04-07 07:05:25.134 5160 DEBUG oslo_concurrency.lockutils [req-9bd79f6c-7875-4532-adc8-0a8bce75dcae - - - - -] Lock "policy_enforcer" acquired by "ironic.common.policy.init_enforcer" :: waited 0.000s inner /usr/local/lib/python2.7/dist-packages/oslo_concurrency/lockutils.py:270
2017-04-07 07:05:25.135 5160 DEBUG oslo_concurrency.lockutils [req-9bd79f6c-7875-4532-adc8-0a8bce75dcae - - - - -] Lock "policy_enforcer" released by "ironic.common.policy.init_enforcer" :: held 0.001s inner /usr/local/lib/python2.7/dist-packages/oslo_concurrency/lockutils.py:282
2017-04-07 07:05:25.135 5160 DEBUG oslo_policy._cache_handler [req-9bd79f6c-7875-4532-adc8-0a8bce75dcae - - - - -] Reloading cached file /etc/ironic/policy.json read_cached_file /usr/local/lib/python2.7/dist-packages/oslo_policy/_cache_handler.py:40
2017-04-07 07:05:25.137 5160 DEBUG oslo_policy.policy [req-9bd79f6c-7875-4532-adc8-0a8bce75dcae - - - - -] Reloaded policy file: /etc/ironic/policy.json _load_policy_file /usr/local/lib/python2.7/dist-packages/oslo_policy/policy.py:684
2017-04-07 07:05:25.141 5160 DEBUG oslo_db.api [req-9bd79f6c-7875-4532-adc8-0a8bce75dcae - - - - -] Loading backend 'sqlalchemy' from 'ironic.db.sqlalchemy.api' _load_backend /usr/local/lib/python2.7/dist-packages/oslo_db/api.py:237
2017-04-07 07:05:25.256 5160 DEBUG oslo_db.sqlalchemy.engines [req-9bd79f6c-7875-4532-adc8-0a8bce75dcae - - - - -] MySQL server mode set to STRICT_TRANS_TABLES,STRICT_ALL_TABLES,NO_ZERO_IN_DATE,NO_ZERO_DATE,ERROR_FOR_DIVISION_BY_ZERO,TRADITIONAL,NO_AUTO_CREATE_USER,NO_ENGINE_SUBSTITUTION _check_effective_sql_mode /usr/local/lib/python2.7/dist-packages/oslo_db/sqlalchemy/engines.py:260
2017-04-07 07:05:25.284 5160 INFO eventlet.wsgi.server [req-9bd79f6c-7875-4532-adc8-0a8bce75dcae - - - - -] 127.0.0.1 "GET /v1/nodes HTTP/1.1" status: 200 len: 338 time: 0.1554720
2017-04-07 07:06:03.210 5150 DEBUG oslo_concurrency.lockutils [req-9a8b0403-a8a6-4955-bb14-597ab60bd46b - - - - -] Lock "policy_enforcer" acquired by "ironic.common.policy.init_enforcer" :: waited 0.000s inner /usr/local/lib/python2.7/dist-packages/oslo_concurrency/lockutils.py:270
2017-04-07 07:06:03.210 5154 DEBUG oslo_concurrency.lockutils [req-0bbf832c-4098-4a96-afa5-c6787336b849 - - - - -] Lock "policy_enforcer" acquired by "ironic.common.policy.init_enforcer" :: waited 0.000s inner /usr/local/lib/python2.7/dist-packages/oslo_concurrency/lockutils.py:270
2017-04-07 07:06:03.211 5150 DEBUG oslo_concurrency.lockutils [req-9a8b0403-a8a6-4955-bb14-597ab60bd46b - - - - -] Lock "policy_enforcer" released by "ironic.common.policy.init_enforcer" :: held 0.002s inner /usr/local/lib/python2.7/dist-packages/oslo_concurrency/lockutils.py:282
2017-04-07 07:06:03.212 5154 DEBUG oslo_concurrency.lockutils [req-0bbf832c-4098-4a96-afa5-c6787336b849 - - - - -] Lock "policy_enforcer" released by "ironic.common.policy.init_enforcer" :: held 0.002s inner /usr/local/lib/python2.7/dist-packages/oslo_concurrency/lockutils.py:282
2017-04-07 07:06:03.212 5150 DEBUG oslo_policy._cache_handler [req-9a8b0403-a8a6-4955-bb14-597ab60bd46b - - - - -] Reloading cached file /etc/ironic/policy.json read_cached_file /usr/local/lib/python2.7/dist-packages/oslo_policy/_cache_handler.py:40
2017-04-07 07:06:03.213 5154 DEBUG oslo_policy._cache_handler [req-0bbf832c-4098-4a96-afa5-c6787336b849 - - - - -] Reloading cached file /etc/ironic/policy.json read_cached_file /usr/local/lib/python2.7/dist-packages/oslo_policy/_cache_handler.py:40
2017-04-07 07:06:03.216 5154 DEBUG oslo_policy.policy [req-0bbf832c-4098-4a96-afa5-c6787336b849 - - - - -] Reloaded policy file: /etc/ironic/policy.json _load_policy_file /usr/local/lib/python2.7/dist-packages/oslo_policy/policy.py:684
2017-04-07 07:06:03.219 5150 DEBUG oslo_policy.policy [req-9a8b0403-a8a6-4955-bb14-597ab60bd46b - - - - -] Reloaded policy file: /etc/ironic/policy.json _load_policy_file /usr/local/lib/python2.7/dist-packages/oslo_policy/policy.py:684
2017-04-07 07:06:03.221 5154 DEBUG oslo_db.api [req-0bbf832c-4098-4a96-afa5-c6787336b849 - - - - -] Loading backend 'sqlalchemy' from 'ironic.db.sqlalchemy.api' _load_backend /usr/local/lib/python2.7/dist-packages/oslo_db/api.py:237
2017-04-07 07:06:03.224 5150 DEBUG oslo_db.api [req-9a8b0403-a8a6-4955-bb14-597ab60bd46b - - - - -] Loading backend 'sqlalchemy' from 'ironic.db.sqlalchemy.api' _load_backend /usr/local/lib/python2.7/dist-packages/oslo_db/api.py:237
2017-04-07 07:06:03.235 5149 DEBUG oslo_concurrency.lockutils [req-1354db8e-fd56-49f4-87f9-981062a634e4 - - - - -] Lock "policy_enforcer" acquired by "ironic.common.policy.init_enforcer" :: waited 0.000s inner /usr/local/lib/python2.7/dist-packages/oslo_concurrency/lockutils.py:270
2017-04-07 07:06:03.236 5149 DEBUG oslo_concurrency.lockutils [req-1354db8e-fd56-49f4-87f9-981062a634e4 - - - - -] Lock "policy_enforcer" released by "ironic.common.policy.init_enforcer" :: held 0.001s inner /usr/local/lib/python2.7/dist-packages/oslo_concurrency/lockutils.py:282
2017-04-07 07:06:03.236 5149 DEBUG oslo_policy._cache_handler [req-1354db8e-fd56-49f4-87f9-981062a634e4 - - - - -] Reloading cached file /etc/ironic/policy.json read_cached_file /usr/local/lib/python2.7/dist-packages/oslo_policy/_cache_handler.py:40
2017-04-07 07:06:03.238 5149 DEBUG oslo_policy.policy [req-1354db8e-fd56-49f4-87f9-981062a634e4 - - - - -] Reloaded policy file: /etc/ironic/policy.json _load_policy_file /usr/local/lib/python2.7/dist-packages/oslo_policy/policy.py:684
2017-04-07 07:06:03.241 5149 DEBUG oslo_db.api [req-1354db8e-fd56-49f4-87f9-981062a634e4 - - - - -] Loading backend 'sqlalchemy' from 'ironic.db.sqlalchemy.api' _load_backend /usr/local/lib/python2.7/dist-packages/oslo_db/api.py:237
2017-04-07 07:06:03.364 5154 DEBUG oslo_db.sqlalchemy.engines [req-0bbf832c-4098-4a96-afa5-c6787336b849 - - - - -] MySQL server mode set to STRICT_TRANS_TABLES,STRICT_ALL_TABLES,NO_ZERO_IN_DATE,NO_ZERO_DATE,ERROR_FOR_DIVISION_BY_ZERO,TRADITIONAL,NO_AUTO_CREATE_USER,NO_ENGINE_SUBSTITUTION _check_effective_sql_mode /usr/local/lib/python2.7/dist-packages/oslo_db/sqlalchemy/engines.py:260
2017-04-07 07:06:03.367 5150 DEBUG oslo_db.sqlalchemy.engines [req-9a8b0403-a8a6-4955-bb14-597ab60bd46b - - - - -] MySQL server mode set to STRICT_TRANS_TABLES,STRICT_ALL_TABLES,NO_ZERO_IN_DATE,NO_ZERO_DATE,ERROR_FOR_DIVISION_BY_ZERO,TRADITIONAL,NO_AUTO_CREATE_USER,NO_ENGINE_SUBSTITUTION _check_effective_sql_mode /usr/local/lib/python2.7/dist-packages/oslo_db/sqlalchemy/engines.py:260
2017-04-07 07:06:03.377 5149 DEBUG oslo_db.sqlalchemy.engines [req-1354db8e-fd56-49f4-87f9-981062a634e4 - - - - -] MySQL server mode set to STRICT_TRANS_TABLES,STRICT_ALL_TABLES,NO_ZERO_IN_DATE,NO_ZERO_DATE,ERROR_FOR_DIVISION_BY_ZERO,TRADITIONAL,NO_AUTO_CREATE_USER,NO_ENGINE_SUBSTITUTION _check_effective_sql_mode /usr/local/lib/python2.7/dist-packages/oslo_db/sqlalchemy/engines.py:260
2017-04-07 07:06:03.388 5154 DEBUG wsme.api [req-0bbf832c-4098-4a96-afa5-c6787336b849 - - - - -] Client-side error: Node c1a56cb3-fcef-59d5-8105-7e6815154f70 could not be found. format_exception /usr/local/lib/python2.7/dist-packages/wsme/api.py:222
2017-04-07 07:06:03.389 5154 INFO eventlet.wsgi.server [req-0bbf832c-4098-4a96-afa5-c6787336b849 - - - - -] 127.0.0.1 "GET /v1/nodes/c1a56cb3-fcef-59d5-8105-7e6815154f70 HTTP/1.1" status: 404 len: 485 time: 0.1864412
2017-04-07 07:06:03.390 5150 DEBUG wsme.api [req-9a8b0403-a8a6-4955-bb14-597ab60bd46b - - - - -] Client-side error: Node 93494378-56ee-5e22-b6f0-e3be3a9ebdf1 could not be found. format_exception /usr/local/lib/python2.7/dist-packages/wsme/api.py:222
2017-04-07 07:06:03.391 5150 INFO eventlet.wsgi.server [req-9a8b0403-a8a6-4955-bb14-597ab60bd46b - - - - -] 127.0.0.1 "GET /v1/nodes/93494378-56ee-5e22-b6f0-e3be3a9ebdf1 HTTP/1.1" status: 404 len: 485 time: 0.1894939
2017-04-07 07:06:03.400 5149 DEBUG wsme.api [req-1354db8e-fd56-49f4-87f9-981062a634e4 - - - - -] Client-side error: Node e1369efa-5391-5035-8533-3a065c44a584 could not be found. format_exception /usr/local/lib/python2.7/dist-packages/wsme/api.py:222
2017-04-07 07:06:03.402 5149 INFO eventlet.wsgi.server [req-1354db8e-fd56-49f4-87f9-981062a634e4 - - - - -] 127.0.0.1 "GET /v1/nodes/e1369efa-5391-5035-8533-3a065c44a584 HTTP/1.1" status: 404 len: 485 time: 0.1709528
2017-04-07 07:06:03.415 5150 DEBUG oslo.messaging._drivers.pool [req-021961c7-9e73-4878-8de3-5c35a392467f - - - - -] Pool creating new connection create /usr/local/lib/python2.7/dist-packages/oslo_messaging/_drivers/pool.py:143
2017-04-07 07:06:03.416 5150 WARNING oslo_config.cfg [req-021961c7-9e73-4878-8de3-5c35a392467f - - - - -] Option "rabbit_userid" from group "DEFAULT" is deprecated. Use option "rabbit_userid" from group "oslo_messaging_rabbit".
2017-04-07 07:06:03.416 5150 WARNING oslo_config.cfg [req-021961c7-9e73-4878-8de3-5c35a392467f - - - - -] Option "rabbit_userid" from group "oslo_messaging_rabbit" is deprecated for removal. Its value may be silently ignored in the future.
2017-04-07 07:06:03.417 5150 WARNING oslo_config.cfg [req-021961c7-9e73-4878-8de3-5c35a392467f - - - - -] Option "rabbit_password" from group "DEFAULT" is deprecated. Use option "rabbit_password" from group "oslo_messaging_rabbit".
2017-04-07 07:06:03.417 5150 WARNING oslo_config.cfg [req-021961c7-9e73-4878-8de3-5c35a392467f - - - - -] Option "rabbit_password" from group "oslo_messaging_rabbit" is deprecated for removal. Its value may be silently ignored in the future.
2017-04-07 07:06:03.422 5150 DEBUG oslo.messaging._drivers.impl_rabbit [req-021961c7-9e73-4878-8de3-5c35a392467f - - - - -] [0219fed9-b782-4663-a4ec-5d33902bb728] Connecting to AMQP server on localhost:5672 __init__ /usr/local/lib/python2.7/dist-packages/oslo_messaging/_drivers/impl_rabbit.py:597
2017-04-07 07:06:03.422 5149 DEBUG oslo.messaging._drivers.pool [req-13f0eedd-7358-4285-b691-a4a21890dc93 - - - - -] Pool creating new connection create /usr/local/lib/python2.7/dist-packages/oslo_messaging/_drivers/pool.py:143
2017-04-07 07:06:03.423 5154 DEBUG oslo.messaging._drivers.pool [req-907cd107-82cf-411c-9075-59953ec9f280 - - - - -] Pool creating new connection create /usr/local/lib/python2.7/dist-packages/oslo_messaging/_drivers/pool.py:143
2017-04-07 07:06:03.423 5149 WARNING oslo_config.cfg [req-13f0eedd-7358-4285-b691-a4a21890dc93 - - - - -] Option "rabbit_userid" from group "DEFAULT" is deprecated. Use option "rabbit_userid" from group "oslo_messaging_rabbit".
2017-04-07 07:06:03.423 5149 WARNING oslo_config.cfg [req-13f0eedd-7358-4285-b691-a4a21890dc93 - - - - -] Option "rabbit_userid" from group "oslo_messaging_rabbit" is deprecated for removal. Its value may be silently ignored in the future.
2017-04-07 07:06:03.424 5149 WARNING oslo_config.cfg [req-13f0eedd-7358-4285-b691-a4a21890dc93 - - - - -] Option "rabbit_password" from group "DEFAULT" is deprecated. Use option "rabbit_password" from group "oslo_messaging_rabbit".
2017-04-07 07:06:03.424 5149 WARNING oslo_config.cfg [req-13f0eedd-7358-4285-b691-a4a21890dc93 - - - - -] Option "rabbit_password" from group "oslo_messaging_rabbit" is deprecated for removal. Its value may be silently ignored in the future.
2017-04-07 07:06:03.424 5154 WARNING oslo_config.cfg [req-907cd107-82cf-411c-9075-59953ec9f280 - - - - -] Option "rabbit_userid" from group "DEFAULT" is deprecated. Use option "rabbit_userid" from group "oslo_messaging_rabbit".
2017-04-07 07:06:03.424 5154 WARNING oslo_config.cfg [req-907cd107-82cf-411c-9075-59953ec9f280 - - - - -] Option "rabbit_userid" from group "oslo_messaging_rabbit" is deprecated for removal. Its value may be silently ignored in the future.
2017-04-07 07:06:03.425 5154 WARNING oslo_config.cfg [req-907cd107-82cf-411c-9075-59953ec9f280 - - - - -] Option "rabbit_password" from group "DEFAULT" is deprecated. Use option "rabbit_password" from group "oslo_messaging_rabbit".
2017-04-07 07:06:03.425 5154 WARNING oslo_config.cfg [req-907cd107-82cf-411c-9075-59953ec9f280 - - - - -] Option "rabbit_password" from group "oslo_messaging_rabbit" is deprecated for removal. Its value may be silently ignored in the future.
2017-04-07 07:06:03.428 5149 DEBUG oslo.messaging._drivers.impl_rabbit [req-13f0eedd-7358-4285-b691-a4a21890dc93 - - - - -] [a4a3f3ab-7843-488c-beab-76f021e7e547] Connecting to AMQP server on localhost:5672 __init__ /usr/local/lib/python2.7/dist-packages/oslo_messaging/_drivers/impl_rabbit.py:597
2017-04-07 07:06:03.432 5150 DEBUG oslo.messaging._drivers.impl_rabbit [req-021961c7-9e73-4878-8de3-5c35a392467f - - - - -] [0219fed9-b782-4663-a4ec-5d33902bb728] Connected to AMQP server on 127.0.0.1:5672 via [amqp] client with port 40234. __init__ /usr/local/lib/python2.7/dist-packages/oslo_messaging/_drivers/impl_rabbit.py:644
2017-04-07 07:06:03.432 5154 DEBUG oslo.messaging._drivers.impl_rabbit [req-907cd107-82cf-411c-9075-59953ec9f280 - - - - -] [09e8046d-7335-4dd6-b4ee-7e56b88ba921] Connecting to AMQP server on localhost:5672 __init__ /usr/local/lib/python2.7/dist-packages/oslo_messaging/_drivers/impl_rabbit.py:597
2017-04-07 07:06:03.433 5150 DEBUG oslo.messaging._drivers.impl_rabbit [req-021961c7-9e73-4878-8de3-5c35a392467f - - - - -] [0219fed9-b782-4663-a4ec-5d33902bb728] Queue.declare: reply_cb5e7167ecd246aea1d66951194869eb declare /usr/local/lib/python2.7/dist-packages/oslo_messaging/_drivers/impl_rabbit.py:303
2017-04-07 07:06:03.438 5149 DEBUG oslo.messaging._drivers.impl_rabbit [req-13f0eedd-7358-4285-b691-a4a21890dc93 - - - - -] [a4a3f3ab-7843-488c-beab-76f021e7e547] Connected to AMQP server on 127.0.0.1:5672 via [amqp] client with port 40236. __init__ /usr/local/lib/python2.7/dist-packages/oslo_messaging/_drivers/impl_rabbit.py:644
2017-04-07 07:06:03.439 5149 DEBUG oslo.messaging._drivers.impl_rabbit [req-13f0eedd-7358-4285-b691-a4a21890dc93 - - - - -] [a4a3f3ab-7843-488c-beab-76f021e7e547] Queue.declare: reply_7f55fac4af7646ffb1bc4f898a27f47f declare /usr/local/lib/python2.7/dist-packages/oslo_messaging/_drivers/impl_rabbit.py:303
2017-04-07 07:06:03.440 5150 DEBUG oslo.messaging._drivers.pool [req-021961c7-9e73-4878-8de3-5c35a392467f - - - - -] Pool creating new connection create /usr/local/lib/python2.7/dist-packages/oslo_messaging/_drivers/pool.py:143
2017-04-07 07:06:03.440 5150 DEBUG oslo.messaging._drivers.impl_rabbit [req-021961c7-9e73-4878-8de3-5c35a392467f - - - - -] [471ee5ee-af5a-4505-943e-f922cfada37f] Connecting to AMQP server on localhost:5672 __init__ /usr/local/lib/python2.7/dist-packages/oslo_messaging/_drivers/impl_rabbit.py:597
2017-04-07 07:06:03.444 5149 DEBUG oslo.messaging._drivers.pool [req-13f0eedd-7358-4285-b691-a4a21890dc93 - - - - -] Pool creating new connection create /usr/local/lib/python2.7/dist-packages/oslo_messaging/_drivers/pool.py:143
2017-04-07 07:06:03.445 5149 DEBUG oslo.messaging._drivers.impl_rabbit [req-13f0eedd-7358-4285-b691-a4a21890dc93 - - - - -] [c8deb210-7c48-4f2d-ab61-60502561fb46] Connecting to AMQP server on localhost:5672 __init__ /usr/local/lib/python2.7/dist-packages/oslo_messaging/_drivers/impl_rabbit.py:597
2017-04-07 07:06:03.445 5154 DEBUG oslo.messaging._drivers.impl_rabbit [req-907cd107-82cf-411c-9075-59953ec9f280 - - - - -] [09e8046d-7335-4dd6-b4ee-7e56b88ba921] Connected to AMQP server on 127.0.0.1:5672 via [amqp] client with port 40238. __init__ /usr/local/lib/python2.7/dist-packages/oslo_messaging/_drivers/impl_rabbit.py:644
2017-04-07 07:06:03.446 5154 DEBUG oslo.messaging._drivers.impl_rabbit [req-907cd107-82cf-411c-9075-59953ec9f280 - - - - -] [09e8046d-7335-4dd6-b4ee-7e56b88ba921] Queue.declare: reply_0fd4f3c16e02494daf5f43c62c8cdb51 declare /usr/local/lib/python2.7/dist-packages/oslo_messaging/_drivers/impl_rabbit.py:303
2017-04-07 07:06:03.448 5150 DEBUG oslo.messaging._drivers.impl_rabbit [-] Timed out waiting for RPC response: timed out _raise_timeout /usr/local/lib/python2.7/dist-packages/oslo_messaging/_drivers/impl_rabbit.py:1054
2017-04-07 07:06:03.448 5150 DEBUG oslo.messaging._drivers.impl_rabbit [-] Timed out waiting for RPC response: Timeout while waiting on RPC response - topic: "", RPC method: "" info: "" _raise_timeout /usr/local/lib/python2.7/dist-packages/oslo_messaging/_drivers/impl_rabbit.py:1054
2017-04-07 07:06:03.451 5150 DEBUG oslo.messaging._drivers.impl_rabbit [req-021961c7-9e73-4878-8de3-5c35a392467f - - - - -] [471ee5ee-af5a-4505-943e-f922cfada37f] Connected to AMQP server on 127.0.0.1:5672 via [amqp] client with port 40240. __init__ /usr/local/lib/python2.7/dist-packages/oslo_messaging/_drivers/impl_rabbit.py:644
2017-04-07 07:06:03.451 5154 DEBUG oslo.messaging._drivers.pool [req-907cd107-82cf-411c-9075-59953ec9f280 - - - - -] Pool creating new connection create /usr/local/lib/python2.7/dist-packages/oslo_messaging/_drivers/pool.py:143
2017-04-07 07:06:03.452 5149 DEBUG oslo.messaging._drivers.impl_rabbit [-] Timed out waiting for RPC response: timed out _raise_timeout /usr/local/lib/python2.7/dist-packages/oslo_messaging/_drivers/impl_rabbit.py:1054
2017-04-07 07:06:03.452 5149 DEBUG oslo.messaging._drivers.impl_rabbit [-] Timed out waiting for RPC response: Timeout while waiting on RPC response - topic: "", RPC method: "" info: "" _raise_timeout /usr/local/lib/python2.7/dist-packages/oslo_messaging/_drivers/impl_rabbit.py:1054
2017-04-07 07:06:03.452 5154 DEBUG oslo.messaging._drivers.impl_rabbit [req-907cd107-82cf-411c-9075-59953ec9f280 - - - - -] [4cb5c446-b329-498e-8def-ac1ee380b059] Connecting to AMQP server on localhost:5672 __init__ /usr/local/lib/python2.7/dist-packages/oslo_messaging/_drivers/impl_rabbit.py:597
2017-04-07 07:06:03.460 5149 DEBUG oslo.messaging._drivers.impl_rabbit [req-13f0eedd-7358-4285-b691-a4a21890dc93 - - - - -] [c8deb210-7c48-4f2d-ab61-60502561fb46] Connected to AMQP server on 127.0.0.1:5672 via [amqp] client with port 40242. __init__ /usr/local/lib/python2.7/dist-packages/oslo_messaging/_drivers/impl_rabbit.py:644
2017-04-07 07:06:03.462 5154 DEBUG oslo.messaging._drivers.impl_rabbit [-] Timed out waiting for RPC response: timed out _raise_timeout /usr/local/lib/python2.7/dist-packages/oslo_messaging/_drivers/impl_rabbit.py:1054
2017-04-07 07:06:03.462 5154 DEBUG oslo.messaging._drivers.impl_rabbit [-] Timed out waiting for RPC response: Timeout while waiting on RPC response - topic: "", RPC method: "" info: "" _raise_timeout /usr/local/lib/python2.7/dist-packages/oslo_messaging/_drivers/impl_rabbit.py:1054
2017-04-07 07:06:03.466 5154 DEBUG oslo.messaging._drivers.impl_rabbit [req-907cd107-82cf-411c-9075-59953ec9f280 - - - - -] [4cb5c446-b329-498e-8def-ac1ee380b059] Connected to AMQP server on 127.0.0.1:5672 via [amqp] client with port 40244. __init__ /usr/local/lib/python2.7/dist-packages/oslo_messaging/_drivers/impl_rabbit.py:644
2017-04-07 07:06:03.616 5150 INFO eventlet.wsgi.server [req-021961c7-9e73-4878-8de3-5c35a392467f - - - - -] 127.0.0.1 "POST /v1/nodes HTTP/1.1" status: 201 len: 1748 time: 0.2220781
2017-04-07 07:06:03.617 5150 DEBUG oslo.messaging._drivers.impl_rabbit [-] Timed out waiting for RPC response: timed out _raise_timeout /usr/local/lib/python2.7/dist-packages/oslo_messaging/_drivers/impl_rabbit.py:1054
2017-04-07 07:06:03.618 5150 DEBUG oslo.messaging._drivers.impl_rabbit [-] Timed out waiting for RPC response: Timeout while waiting on RPC response - topic: "", RPC method: "" info: "" _raise_timeout /usr/local/lib/python2.7/dist-packages/oslo_messaging/_drivers/impl_rabbit.py:1054
2017-04-07 07:06:03.875 5149 INFO eventlet.wsgi.server [req-13f0eedd-7358-4285-b691-a4a21890dc93 - - - - -] 127.0.0.1 "POST /v1/nodes HTTP/1.1" status: 201 len: 1755 time: 0.4704480
2017-04-07 07:06:03.875 5149 DEBUG oslo.messaging._drivers.impl_rabbit [-] Timed out waiting for RPC response: timed out _raise_timeout /usr/local/lib/python2.7/dist-packages/oslo_messaging/_drivers/impl_rabbit.py:1054
2017-04-07 07:06:03.876 5149 DEBUG oslo.messaging._drivers.impl_rabbit [-] Timed out waiting for RPC response: Timeout while waiting on RPC response - topic: "", RPC method: "" info: "" _raise_timeout /usr/local/lib/python2.7/dist-packages/oslo_messaging/_drivers/impl_rabbit.py:1054
2017-04-07 07:06:03.901 5154 INFO eventlet.wsgi.server [req-907cd107-82cf-411c-9075-59953ec9f280 - - - - -] 127.0.0.1 "POST /v1/nodes HTTP/1.1" status: 201 len: 1752 time: 0.5076611
2017-04-07 07:06:03.902 5154 DEBUG oslo.messaging._drivers.impl_rabbit [-] Timed out waiting for RPC response: timed out _raise_timeout /usr/local/lib/python2.7/dist-packages/oslo_messaging/_drivers/impl_rabbit.py:1054
2017-04-07 07:06:03.903 5154 DEBUG oslo.messaging._drivers.impl_rabbit [-] Timed out waiting for RPC response: Timeout while waiting on RPC response - topic: "", RPC method: "" info: "" _raise_timeout /usr/local/lib/python2.7/dist-packages/oslo_messaging/_drivers/impl_rabbit.py:1054
2017-04-07 07:06:04.276 5150 INFO eventlet.wsgi.server [req-25841e61-9324-4702-be9a-7fa1656b7533 - - - - -] 127.0.0.1 "POST /v1/ports HTTP/1.1" status: 201 len: 829 time: 0.6548738
2017-04-07 07:06:04.619 5150 DEBUG oslo.messaging._drivers.impl_rabbit [-] Timed out waiting for RPC response: timed out _raise_timeout /usr/local/lib/python2.7/dist-packages/oslo_messaging/_drivers/impl_rabbit.py:1054
2017-04-07 07:06:04.619 5150 DEBUG oslo.messaging._drivers.impl_rabbit [-] Timed out waiting for RPC response: Timeout while waiting on RPC response - topic: "", RPC method: "" info: "" _raise_timeout /usr/local/lib/python2.7/dist-packages/oslo_messaging/_drivers/impl_rabbit.py:1054
2017-04-07 07:06:04.647 5149 INFO eventlet.wsgi.server [req-c00d23a7-a500-4772-9875-6c894452be21 - - - - -] 127.0.0.1 "POST /v1/ports HTTP/1.1" status: 201 len: 829 time: 0.7674761
2017-04-07 07:06:04.648 5154 INFO eventlet.wsgi.server [req-5f6deb57-e912-435b-b1ad-957685515e29 - - - - -] 127.0.0.1 "POST /v1/ports HTTP/1.1" status: 201 len: 829 time: 0.7430720
2017-04-07 07:06:04.876 5149 DEBUG oslo.messaging._drivers.impl_rabbit [-] Timed out waiting for RPC response: timed out _raise_timeout /usr/local/lib/python2.7/dist-packages/oslo_messaging/_drivers/impl_rabbit.py:1054
2017-04-07 07:06:04.877 5149 DEBUG oslo.messaging._drivers.impl_rabbit [-] Timed out waiting for RPC response: Timeout while waiting on RPC response - topic: "", RPC method: "" info: "" _raise_timeout /usr/local/lib/python2.7/dist-packages/oslo_messaging/_drivers/impl_rabbit.py:1054
2017-04-07 07:06:04.904 5154 DEBUG oslo.messaging._drivers.impl_rabbit [-] Timed out waiting for RPC response: timed out _raise_timeout /usr/local/lib/python2.7/dist-packages/oslo_messaging/_drivers/impl_rabbit.py:1054
2017-04-07 07:06:04.905 5154 DEBUG oslo.messaging._drivers.impl_rabbit [-] Timed out waiting for RPC response: Timeout while waiting on RPC response - topic: "", RPC method: "" info: "" _raise_timeout /usr/local/lib/python2.7/dist-packages/oslo_messaging/_drivers/impl_rabbit.py:1054
2017-04-07 07:06:06.622 5150 DEBUG oslo.messaging._drivers.impl_rabbit [-] Timed out waiting for RPC response: timed out _raise_timeout /usr/local/lib/python2.7/dist-packages/oslo_messaging/_drivers/impl_rabbit.py:1054
2017-04-07 07:06:06.622 5150 DEBUG oslo.messaging._drivers.impl_rabbit [-] Timed out waiting for RPC response: Timeout while waiting on RPC response - topic: "", RPC method: "" info: "" _raise_timeout /usr/local/lib/python2.7/dist-packages/oslo_messaging/_drivers/impl_rabbit.py:1054
2017-04-07 07:06:06.879 5149 DEBUG oslo.messaging._drivers.impl_rabbit [-] Timed out waiting for RPC response: timed out _raise_timeout /usr/local/lib/python2.7/dist-packages/oslo_messaging/_drivers/impl_rabbit.py:1054
2017-04-07 07:06:06.879 5149 DEBUG oslo.messaging._drivers.impl_rabbit [-] Timed out waiting for RPC response: Timeout while waiting on RPC response - topic: "", RPC method: "" info: "" _raise_timeout /usr/local/lib/python2.7/dist-packages/oslo_messaging/_drivers/impl_rabbit.py:1054
2017-04-07 07:06:06.907 5154 DEBUG oslo.messaging._drivers.impl_rabbit [-] Timed out waiting for RPC response: timed out _raise_timeout /usr/local/lib/python2.7/dist-packages/oslo_messaging/_drivers/impl_rabbit.py:1054
2017-04-07 07:06:06.907 5154 DEBUG oslo.messaging._drivers.impl_rabbit [-] Timed out waiting for RPC response: Timeout while waiting on RPC response - topic: "", RPC method: "" info: "" _raise_timeout /usr/local/lib/python2.7/dist-packages/oslo_messaging/_drivers/impl_rabbit.py:1054
2017-04-07 07:06:08.281 5154 INFO eventlet.wsgi.server [req-f07ecc55-0a93-4500-a2fd-45f83f2e994c - - - - -] 127.0.0.1 "GET /v1/nodes/e1369efa-5391-5035-8533-3a065c44a584 HTTP/1.1" status: 200 len: 1671 time: 0.0284350
2017-04-07 07:06:08.306 5154 INFO eventlet.wsgi.server [req-894a90c7-96ea-4b72-bb37-aad1b721f194 - - - - -] 127.0.0.1 "GET /v1/nodes/e1369efa-5391-5035-8533-3a065c44a584 HTTP/1.1" status: 200 len: 1671 time: 0.0229590
2017-04-07 07:06:08.315 5152 DEBUG oslo_concurrency.lockutils [req-82cfbb03-0f9a-4801-b6bc-59d025705272 - - - - -] Lock "policy_enforcer" acquired by "ironic.common.policy.init_enforcer" :: waited 0.000s inner /usr/local/lib/python2.7/dist-packages/oslo_concurrency/lockutils.py:270
2017-04-07 07:06:08.316 5152 DEBUG oslo_concurrency.lockutils [req-82cfbb03-0f9a-4801-b6bc-59d025705272 - - - - -] Lock "policy_enforcer" released by "ironic.common.policy.init_enforcer" :: held 0.001s inner /usr/local/lib/python2.7/dist-packages/oslo_concurrency/lockutils.py:282
2017-04-07 07:06:08.317 5152 DEBUG oslo_policy._cache_handler [req-82cfbb03-0f9a-4801-b6bc-59d025705272 - - - - -] Reloading cached file /etc/ironic/policy.json read_cached_file /usr/local/lib/python2.7/dist-packages/oslo_policy/_cache_handler.py:40
2017-04-07 07:06:08.318 5152 DEBUG oslo_policy.policy [req-82cfbb03-0f9a-4801-b6bc-59d025705272 - - - - -] Reloaded policy file: /etc/ironic/policy.json _load_policy_file /usr/local/lib/python2.7/dist-packages/oslo_policy/policy.py:684
2017-04-07 07:06:08.321 5152 DEBUG oslo_db.api [req-82cfbb03-0f9a-4801-b6bc-59d025705272 - - - - -] Loading backend 'sqlalchemy' from 'ironic.db.sqlalchemy.api' _load_backend /usr/local/lib/python2.7/dist-packages/oslo_db/api.py:237
2017-04-07 07:06:08.381 5160 INFO eventlet.wsgi.server [req-f0821201-467f-4acb-8f16-f44db75e0f4a - - - - -] 127.0.0.1 "GET /v1/nodes/c1a56cb3-fcef-59d5-8105-7e6815154f70 HTTP/1.1" status: 200 len: 1668 time: 0.0285821
2017-04-07 07:06:08.407 5160 INFO eventlet.wsgi.server [req-47fa2011-01da-4cb3-afdc-276ebda9584c - - - - -] 127.0.0.1 "GET /v1/nodes/c1a56cb3-fcef-59d5-8105-7e6815154f70 HTTP/1.1" status: 200 len: 1668 time: 0.0209599
