2017-04-07 07:06:32.468 5160 INFO eventlet.wsgi.server [req-a2265561-fa8e-45ee-8230-6af51866925d - - - - -] 127.0.0.1 "GET /v1/nodes/c1a56cb3-fcef-59d5-8105-7e6815154f70 HTTP/1.1" status: 200 len: 1772 time: 0.0275252
2017-04-07 07:06:33.054 5152 DEBUG oslo.messaging._drivers.impl_rabbit [-] Timed out waiting for RPC response: timed out _raise_timeout /usr/local/lib/python2.7/dist-packages/oslo_messaging/_drivers/impl_rabbit.py:1054
2017-04-07 07:06:33.056 5152 DEBUG oslo.messaging._drivers.impl_rabbit [-] Timed out waiting for RPC response: Timeout while waiting on RPC response - topic: "", RPC method: "" info: "" _raise_timeout /usr/local/lib/python2.7/dist-packages/oslo_messaging/_drivers/impl_rabbit.py:1054
2017-04-07 07:06:33.939 5154 INFO eventlet.wsgi.server [req-ba1b6128-5bee-404d-ac8c-43cec71b098d - - - - -] 127.0.0.1 "GET /v1/nodes/e1369efa-5391-5035-8533-3a065c44a584 HTTP/1.1" status: 200 len: 1775 time: 0.0242970
2017-04-07 07:06:34.486 5152 INFO eventlet.wsgi.server [req-ce3e0c2f-b2be-4247-a50b-fad95f84c1a7 - - - - -] 127.0.0.1 "GET /v1/nodes/93494378-56ee-5e22-b6f0-e3be3a9ebdf1 HTTP/1.1" status: 200 len: 1768 time: 0.0288792
2017-04-07 07:06:34.501 5160 INFO eventlet.wsgi.server [req-d7a1dc99-0bd1-46a9-9c1d-99f6bc8beb75 - - - - -] 127.0.0.1 "GET /v1/nodes/c1a56cb3-fcef-59d5-8105-7e6815154f70 HTTP/1.1" status: 200 len: 1772 time: 0.0280011
2017-04-07 07:06:34.630 5150 DEBUG oslo.messaging._drivers.impl_rabbit [-] Timed out waiting for RPC response: timed out _raise_timeout /usr/local/lib/python2.7/dist-packages/oslo_messaging/_drivers/impl_rabbit.py:1054
2017-04-07 07:06:34.631 5150 DEBUG oslo.messaging._drivers.impl_rabbit [-] Timed out waiting for RPC response: Timeout while waiting on RPC response - topic: "", RPC method: "" info: "" _raise_timeout /usr/local/lib/python2.7/dist-packages/oslo_messaging/_drivers/impl_rabbit.py:1054
2017-04-07 07:06:34.824 5156 DEBUG oslo.messaging._drivers.impl_rabbit [-] Timed out waiting for RPC response: timed out _raise_timeout /usr/local/lib/python2.7/dist-packages/oslo_messaging/_drivers/impl_rabbit.py:1054
2017-04-07 07:06:34.825 5156 DEBUG oslo.messaging._drivers.impl_rabbit [-] Timed out waiting for RPC response: Timeout while waiting on RPC response - topic: "", RPC method: "" info: "" _raise_timeout /usr/local/lib/python2.7/dist-packages/oslo_messaging/_drivers/impl_rabbit.py:1054
2017-04-07 07:06:34.886 5149 DEBUG oslo.messaging._drivers.impl_rabbit [-] Timed out waiting for RPC response: timed out _raise_timeout /usr/local/lib/python2.7/dist-packages/oslo_messaging/_drivers/impl_rabbit.py:1054
2017-04-07 07:06:34.887 5149 DEBUG oslo.messaging._drivers.impl_rabbit [-] Timed out waiting for RPC response: Timeout while waiting on RPC response - topic: "", RPC method: "" info: "" _raise_timeout /usr/local/lib/python2.7/dist-packages/oslo_messaging/_drivers/impl_rabbit.py:1054
2017-04-07 07:06:35.057 5152 DEBUG oslo.messaging._drivers.impl_rabbit [-] Timed out waiting for RPC response: timed out _raise_timeout /usr/local/lib/python2.7/dist-packages/oslo_messaging/_drivers/impl_rabbit.py:1054
2017-04-07 07:06:35.058 5152 DEBUG oslo.messaging._drivers.impl_rabbit [-] Timed out waiting for RPC response: Timeout while waiting on RPC response - topic: "", RPC method: "" info: "" _raise_timeout /usr/local/lib/python2.7/dist-packages/oslo_messaging/_drivers/impl_rabbit.py:1054
2017-04-07 07:06:35.974 5154 INFO eventlet.wsgi.server [req-9fc8fc9c-e7b7-46f5-84fb-ae7f3442f630 - - - - -] 127.0.0.1 "GET /v1/nodes/e1369efa-5391-5035-8533-3a065c44a584 HTTP/1.1" status: 200 len: 1775 time: 0.0299931
2017-04-07 07:06:36.389 5154 DEBUG oslo.messaging._drivers.impl_rabbit [-] Timed out waiting for RPC response: timed out _raise_timeout /usr/local/lib/python2.7/dist-packages/oslo_messaging/_drivers/impl_rabbit.py:1054
2017-04-07 07:06:36.390 5154 DEBUG oslo.messaging._drivers.impl_rabbit [-] Timed out waiting for RPC response: Timeout while waiting on RPC response - topic: "", RPC method: "" info: "" _raise_timeout /usr/local/lib/python2.7/dist-packages/oslo_messaging/_drivers/impl_rabbit.py:1054
2017-04-07 07:06:36.523 5152 INFO eventlet.wsgi.server [req-0a7074fe-2fda-4d19-8b60-f18aea5464de - - - - -] 127.0.0.1 "GET /v1/nodes/93494378-56ee-5e22-b6f0-e3be3a9ebdf1 HTTP/1.1" status: 200 len: 1768 time: 0.0304699
2017-04-07 07:06:36.535 5160 INFO eventlet.wsgi.server [req-b69e27e4-0147-4cae-9932-a3b4953b28e1 - - - - -] 127.0.0.1 "GET /v1/nodes/c1a56cb3-fcef-59d5-8105-7e6815154f70 HTTP/1.1" status: 200 len: 1772 time: 0.0286210
2017-04-07 07:06:38.009 5154 INFO eventlet.wsgi.server [req-f1171832-8a51-4b8f-9d15-d58e556104c2 - - - - -] 127.0.0.1 "GET /v1/nodes/e1369efa-5391-5035-8533-3a065c44a584 HTTP/1.1" status: 200 len: 1775 time: 0.0294352
2017-04-07 07:06:38.554 5152 INFO eventlet.wsgi.server [req-4a5eac50-7cb5-422c-834a-a9f5d5806295 - - - - -] 127.0.0.1 "GET /v1/nodes/93494378-56ee-5e22-b6f0-e3be3a9ebdf1 HTTP/1.1" status: 200 len: 1768 time: 0.0251000
2017-04-07 07:06:38.567 5160 INFO eventlet.wsgi.server [req-49625fbd-b55d-40ad-8c6c-0db89471c8e0 - - - - -] 127.0.0.1 "GET /v1/nodes/c1a56cb3-fcef-59d5-8105-7e6815154f70 HTTP/1.1" status: 200 len: 1772 time: 0.0269499
2017-04-07 07:06:39.060 5152 DEBUG oslo.messaging._drivers.impl_rabbit [-] Timed out waiting for RPC response: timed out _raise_timeout /usr/local/lib/python2.7/dist-packages/oslo_messaging/_drivers/impl_rabbit.py:1054
2017-04-07 07:06:39.061 5152 DEBUG oslo.messaging._drivers.impl_rabbit [-] Timed out waiting for RPC response: Timeout while waiting on RPC response - topic: "", RPC method: "" info: "" _raise_timeout /usr/local/lib/python2.7/dist-packages/oslo_messaging/_drivers/impl_rabbit.py:1054
2017-04-07 07:06:40.045 5154 INFO eventlet.wsgi.server [req-ddbf2a70-8441-4bf0-a88f-8e564a8342a5 - - - - -] 127.0.0.1 "GET /v1/nodes/e1369efa-5391-5035-8533-3a065c44a584 HTTP/1.1" status: 200 len: 1775 time: 0.0305302
2017-04-07 07:06:40.588 5152 INFO eventlet.wsgi.server [req-df726f93-9da2-444e-a225-b442f21ad17d - - - - -] 127.0.0.1 "GET /v1/nodes/93494378-56ee-5e22-b6f0-e3be3a9ebdf1 HTTP/1.1" status: 200 len: 1768 time: 0.0286908
2017-04-07 07:06:40.602 5160 INFO eventlet.wsgi.server [req-a91d6f41-5d38-4279-b274-fe2e63ca89f5 - - - - -] 127.0.0.1 "GET /v1/nodes/c1a56cb3-fcef-59d5-8105-7e6815154f70 HTTP/1.1" status: 200 len: 1772 time: 0.0293961
2017-04-07 07:06:42.080 5154 INFO eventlet.wsgi.server [req-08705f79-c3c4-4409-befe-eeb0677b36e3 - - - - -] 127.0.0.1 "GET /v1/nodes/e1369efa-5391-5035-8533-3a065c44a584 HTTP/1.1" status: 200 len: 1775 time: 0.0279570
2017-04-07 07:06:42.618 5152 INFO eventlet.wsgi.server [req-cce7745e-e06a-4a5a-81fe-da0a2d48d301 - - - - -] 127.0.0.1 "GET /v1/nodes/93494378-56ee-5e22-b6f0-e3be3a9ebdf1 HTTP/1.1" status: 200 len: 1768 time: 0.0257268
2017-04-07 07:06:42.636 5160 INFO eventlet.wsgi.server [req-c073061c-8f19-4867-90ed-1fa3272e1757 - - - - -] 127.0.0.1 "GET /v1/nodes/c1a56cb3-fcef-59d5-8105-7e6815154f70 HTTP/1.1" status: 200 len: 1772 time: 0.0280750
2017-04-07 07:06:42.834 5156 DEBUG oslo.messaging._drivers.impl_rabbit [-] Timed out waiting for RPC response: timed out _raise_timeout /usr/local/lib/python2.7/dist-packages/oslo_messaging/_drivers/impl_rabbit.py:1054
2017-04-07 07:06:42.835 5156 DEBUG oslo.messaging._drivers.impl_rabbit [-] Timed out waiting for RPC response: Timeout while waiting on RPC response - topic: "", RPC method: "" info: "" _raise_timeout /usr/local/lib/python2.7/dist-packages/oslo_messaging/_drivers/impl_rabbit.py:1054
2017-04-07 07:06:43.068 5160 DEBUG oslo.messaging._drivers.impl_rabbit [-] Timed out waiting for RPC response: timed out _raise_timeout /usr/local/lib/python2.7/dist-packages/oslo_messaging/_drivers/impl_rabbit.py:1054
2017-04-07 07:06:43.069 5160 DEBUG oslo.messaging._drivers.impl_rabbit [-] Timed out waiting for RPC response: Timeout while waiting on RPC response - topic: "", RPC method: "" info: "" _raise_timeout /usr/local/lib/python2.7/dist-packages/oslo_messaging/_drivers/impl_rabbit.py:1054
2017-04-07 07:06:44.121 5154 INFO eventlet.wsgi.server [req-2a4a1fd9-2bfd-4a24-b76a-7710d88b7c7b - - - - -] 127.0.0.1 "GET /v1/nodes/e1369efa-5391-5035-8533-3a065c44a584 HTTP/1.1" status: 200 len: 1775 time: 0.0326190
2017-04-07 07:06:44.654 5152 INFO eventlet.wsgi.server [req-2a7dfdf6-bac9-4ec8-8c36-2ccb0eca1ad3 - - - - -] 127.0.0.1 "GET /v1/nodes/93494378-56ee-5e22-b6f0-e3be3a9ebdf1 HTTP/1.1" status: 200 len: 1768 time: 0.0284340
2017-04-07 07:06:44.670 5160 INFO eventlet.wsgi.server [req-d73de94f-7f4d-4815-a544-fb1e96d91e35 - - - - -] 127.0.0.1 "GET /v1/nodes/c1a56cb3-fcef-59d5-8105-7e6815154f70 HTTP/1.1" status: 200 len: 1772 time: 0.0286849
2017-04-07 07:06:46.163 5154 INFO eventlet.wsgi.server [req-e30f9f92-cd87-4843-84c0-01644cc4f4b5 - - - - -] 127.0.0.1 "GET /v1/nodes/e1369efa-5391-5035-8533-3a065c44a584 HTTP/1.1" status: 200 len: 1775 time: 0.0340681
2017-04-07 07:06:46.690 5152 INFO eventlet.wsgi.server [req-75ca9cf8-ab48-4c70-a9c3-509f01d81043 - - - - -] 127.0.0.1 "GET /v1/nodes/93494378-56ee-5e22-b6f0-e3be3a9ebdf1 HTTP/1.1" status: 200 len: 1768 time: 0.0294900
2017-04-07 07:06:46.722 5160 INFO eventlet.wsgi.server [req-2de6ebb2-bd38-40eb-ac4e-dd0442869493 - - - - -] 127.0.0.1 "GET /v1/nodes/c1a56cb3-fcef-59d5-8105-7e6815154f70 HTTP/1.1" status: 200 len: 1772 time: 0.0488491
2017-04-07 07:06:47.062 5152 DEBUG oslo.messaging._drivers.impl_rabbit [-] Timed out waiting for RPC response: timed out _raise_timeout /usr/local/lib/python2.7/dist-packages/oslo_messaging/_drivers/impl_rabbit.py:1054
2017-04-07 07:06:47.063 5152 DEBUG oslo.messaging._drivers.impl_rabbit [-] Timed out waiting for RPC response: Timeout while waiting on RPC response - topic: "", RPC method: "" info: "" _raise_timeout /usr/local/lib/python2.7/dist-packages/oslo_messaging/_drivers/impl_rabbit.py:1054
2017-04-07 07:06:48.202 5154 INFO eventlet.wsgi.server [req-0a5bc2b3-d96c-4e48-879a-ae903f6af2f4 - - - - -] 127.0.0.1 "GET /v1/nodes/e1369efa-5391-5035-8533-3a065c44a584 HTTP/1.1" status: 200 len: 1755 time: 0.0333750
2017-04-07 07:06:48.707 5152 INFO eventlet.wsgi.server [req-d0b92299-23f0-47d0-aa0f-5fa7795c7156 - - - - -] 127.0.0.1 "GET /v1/nodes/93494378-56ee-5e22-b6f0-e3be3a9ebdf1 HTTP/1.1" status: 200 len: 1768 time: 0.0136349
2017-04-07 07:06:48.756 5160 INFO eventlet.wsgi.server [req-5cc2ff49-867b-439b-9d45-2afd6869311a - - - - -] 127.0.0.1 "GET /v1/nodes/c1a56cb3-fcef-59d5-8105-7e6815154f70 HTTP/1.1" status: 200 len: 1772 time: 0.0293272
2017-04-07 07:06:50.239 5154 INFO eventlet.wsgi.server [req-8c41c63c-483b-44ce-aa53-81d260a42958 - - - - -] 127.0.0.1 "GET /v1/nodes/e1369efa-5391-5035-8533-3a065c44a584 HTTP/1.1" status: 200 len: 1755 time: 0.0310562
2017-04-07 07:06:50.724 5152 INFO eventlet.wsgi.server [req-d45697ad-f6a2-49f3-9391-8511bf99f53e - - - - -] 127.0.0.1 "GET /v1/nodes/93494378-56ee-5e22-b6f0-e3be3a9ebdf1 HTTP/1.1" status: 200 len: 1768 time: 0.0146241
2017-04-07 07:06:50.791 5160 INFO eventlet.wsgi.server [req-a4e122fc-6e6c-4b45-87d1-0942a835539a - - - - -] 127.0.0.1 "GET /v1/nodes/c1a56cb3-fcef-59d5-8105-7e6815154f70 HTTP/1.1" status: 200 len: 1772 time: 0.0292521
2017-04-07 07:06:52.273 5154 INFO eventlet.wsgi.server [req-00a24ed2-1f2d-4eef-bddb-c2b9342cd24f - - - - -] 127.0.0.1 "GET /v1/nodes/e1369efa-5391-5035-8533-3a065c44a584 HTTP/1.1" status: 200 len: 1755 time: 0.0273681
2017-04-07 07:06:52.391 5154 DEBUG oslo.messaging._drivers.impl_rabbit [-] Timed out waiting for RPC response: timed out _raise_timeout /usr/local/lib/python2.7/dist-packages/oslo_messaging/_drivers/impl_rabbit.py:1054
2017-04-07 07:06:52.392 5154 DEBUG oslo.messaging._drivers.impl_rabbit [-] Timed out waiting for RPC response: Timeout while waiting on RPC response - topic: "", RPC method: "" info: "" _raise_timeout /usr/local/lib/python2.7/dist-packages/oslo_messaging/_drivers/impl_rabbit.py:1054
2017-04-07 07:06:52.744 5152 INFO eventlet.wsgi.server [req-861ac60d-fe4d-40cc-a3e1-7917f8cdd315 - - - - -] 127.0.0.1 "GET /v1/nodes/93494378-56ee-5e22-b6f0-e3be3a9ebdf1 HTTP/1.1" status: 200 len: 1768 time: 0.0156920
2017-04-07 07:06:52.813 5160 INFO eventlet.wsgi.server [req-ff335a1d-97cc-4557-8cf7-7a2666c40ec5 - - - - -] 127.0.0.1 "GET /v1/nodes/c1a56cb3-fcef-59d5-8105-7e6815154f70 HTTP/1.1" status: 200 len: 1752 time: 0.0176401
2017-04-07 07:06:54.311 5154 INFO eventlet.wsgi.server [req-b7838476-c5a2-4e03-b048-4cefcc5c3349 - - - - -] 127.0.0.1 "GET /v1/nodes/e1369efa-5391-5035-8533-3a065c44a584 HTTP/1.1" status: 200 len: 1755 time: 0.0301239
2017-04-07 07:06:54.776 5152 INFO eventlet.wsgi.server [req-717124e9-4ec9-45c9-9192-4e225950a5fa - - - - -] 127.0.0.1 "GET /v1/nodes/93494378-56ee-5e22-b6f0-e3be3a9ebdf1 HTTP/1.1" status: 200 len: 1768 time: 0.0272889
2017-04-07 07:06:54.838 5160 INFO eventlet.wsgi.server [req-1d1fe790-f541-4cf7-a5c2-61e35b0b1baa - - - - -] 127.0.0.1 "GET /v1/nodes/c1a56cb3-fcef-59d5-8105-7e6815154f70 HTTP/1.1" status: 200 len: 1752 time: 0.0208960
2017-04-07 07:06:56.347 5154 INFO eventlet.wsgi.server [req-1013979c-6785-4cc6-b4a4-359465fd729c - - - - -] 127.0.0.1 "GET /v1/nodes/e1369efa-5391-5035-8533-3a065c44a584 HTTP/1.1" status: 200 len: 1755 time: 0.0299621
2017-04-07 07:06:56.809 5152 INFO eventlet.wsgi.server [req-9104024f-0cf4-4d79-af8e-fe50650cd942 - - - - -] 127.0.0.1 "GET /v1/nodes/93494378-56ee-5e22-b6f0-e3be3a9ebdf1 HTTP/1.1" status: 200 len: 1768 time: 0.0283830
2017-04-07 07:06:56.871 5160 INFO eventlet.wsgi.server [req-71ef280a-762e-4d15-9120-da2dd2a191f2 - - - - -] 127.0.0.1 "GET /v1/nodes/c1a56cb3-fcef-59d5-8105-7e6815154f70 HTTP/1.1" status: 200 len: 1752 time: 0.0281930
2017-04-07 07:06:58.379 5154 INFO eventlet.wsgi.server [req-f28d7c39-0ce3-4a7d-918b-c85c5fe35e62 - - - - -] 127.0.0.1 "GET /v1/nodes/e1369efa-5391-5035-8533-3a065c44a584 HTTP/1.1" status: 200 len: 1755 time: 0.0274220
2017-04-07 07:06:58.836 5156 DEBUG oslo.messaging._drivers.impl_rabbit [-] Timed out waiting for RPC response: timed out _raise_timeout /usr/local/lib/python2.7/dist-packages/oslo_messaging/_drivers/impl_rabbit.py:1054
2017-04-07 07:06:58.837 5156 DEBUG oslo.messaging._drivers.impl_rabbit [-] Timed out waiting for RPC response: Timeout while waiting on RPC response - topic: "", RPC method: "" info: "" _raise_timeout /usr/local/lib/python2.7/dist-packages/oslo_messaging/_drivers/impl_rabbit.py:1054
2017-04-07 07:06:58.843 5152 INFO eventlet.wsgi.server [req-3818fea3-155b-40bb-91e7-cb2f054d2d52 - - - - -] 127.0.0.1 "GET /v1/nodes/93494378-56ee-5e22-b6f0-e3be3a9ebdf1 HTTP/1.1" status: 200 len: 1748 time: 0.0291359
2017-04-07 07:06:58.905 5160 INFO eventlet.wsgi.server [req-06589451-2ea0-4913-b429-bce1e2344c3b - - - - -] 127.0.0.1 "GET /v1/nodes/c1a56cb3-fcef-59d5-8105-7e6815154f70 HTTP/1.1" status: 200 len: 1752 time: 0.0285070
2017-04-07 07:07:00.415 5154 INFO eventlet.wsgi.server [req-1cfc1bc6-d285-4667-8aff-6129d01156af - - - - -] 127.0.0.1 "GET /v1/nodes/e1369efa-5391-5035-8533-3a065c44a584 HTTP/1.1" status: 200 len: 1755 time: 0.0304489
2017-04-07 07:07:00.874 5152 INFO eventlet.wsgi.server [req-d74661cc-d25b-479e-aa30-73ea173f1326 - - - - -] 127.0.0.1 "GET /v1/nodes/93494378-56ee-5e22-b6f0-e3be3a9ebdf1 HTTP/1.1" status: 200 len: 1748 time: 0.0257862
2017-04-07 07:07:00.926 5160 INFO eventlet.wsgi.server [req-fbc86cf3-7eda-493b-a7e9-e491315bb526 - - - - -] 127.0.0.1 "GET /v1/nodes/c1a56cb3-fcef-59d5-8105-7e6815154f70 HTTP/1.1" status: 200 len: 1752 time: 0.0173252
2017-04-07 07:07:02.450 5154 INFO eventlet.wsgi.server [req-f46d1145-a363-4354-a9e1-0312b100d5e3 - - - - -] 127.0.0.1 "GET /v1/nodes/e1369efa-5391-5035-8533-3a065c44a584 HTTP/1.1" status: 200 len: 1755 time: 0.0287399
2017-04-07 07:07:02.907 5152 INFO eventlet.wsgi.server [req-56499ac7-f3aa-451b-a5fb-ffb177a9ac20 - - - - -] 127.0.0.1 "GET /v1/nodes/93494378-56ee-5e22-b6f0-e3be3a9ebdf1 HTTP/1.1" status: 200 len: 1748 time: 0.0281861
2017-04-07 07:07:02.958 5160 INFO eventlet.wsgi.server [req-2596dc5a-f875-4dfb-80fd-414a2a7dea2c - - - - -] 127.0.0.1 "GET /v1/nodes/c1a56cb3-fcef-59d5-8105-7e6815154f70 HTTP/1.1" status: 200 len: 1752 time: 0.0269589
2017-04-07 07:07:03.063 5152 DEBUG oslo.messaging._drivers.impl_rabbit [-] Timed out waiting for RPC response: timed out _raise_timeout /usr/local/lib/python2.7/dist-packages/oslo_messaging/_drivers/impl_rabbit.py:1054
2017-04-07 07:07:03.064 5152 DEBUG oslo.messaging._drivers.impl_rabbit [-] Timed out waiting for RPC response: Timeout while waiting on RPC response - topic: "", RPC method: "" info: "" _raise_timeout /usr/local/lib/python2.7/dist-packages/oslo_messaging/_drivers/impl_rabbit.py:1054
2017-04-07 07:07:03.434 5150 DEBUG oslo.messaging._drivers.impl_rabbit [-] Timed out waiting for RPC response: timed out _raise_timeout /usr/local/lib/python2.7/dist-packages/oslo_messaging/_drivers/impl_rabbit.py:1054
2017-04-07 07:07:03.435 5150 DEBUG oslo.messaging._drivers.impl_rabbit [-] Timed out waiting for RPC response: Timeout while waiting on RPC response - topic: "", RPC method: "" info: "" _raise_timeout /usr/local/lib/python2.7/dist-packages/oslo_messaging/_drivers/impl_rabbit.py:1054
2017-04-07 07:07:03.441 5149 DEBUG oslo.messaging._drivers.impl_rabbit [-] Timed out waiting for RPC response: timed out _raise_timeout /usr/local/lib/python2.7/dist-packages/oslo_messaging/_drivers/impl_rabbit.py:1054
2017-04-07 07:07:03.442 5149 DEBUG oslo.messaging._drivers.impl_rabbit [-] Timed out waiting for RPC response: Timeout while waiting on RPC response - topic: "", RPC method: "" info: "" _raise_timeout /usr/local/lib/python2.7/dist-packages/oslo_messaging/_drivers/impl_rabbit.py:1054
2017-04-07 07:07:03.446 5154 DEBUG oslo.messaging._drivers.impl_rabbit [-] Timed out waiting for RPC response: timed out _raise_timeout /usr/local/lib/python2.7/dist-packages/oslo_messaging/_drivers/impl_rabbit.py:1054
2017-04-07 07:07:03.447 5154 DEBUG oslo.messaging._drivers.impl_rabbit [-] Timed out waiting for RPC response: Timeout while waiting on RPC response - topic: "", RPC method: "" info: "" _raise_timeout /usr/local/lib/python2.7/dist-packages/oslo_messaging/_drivers/impl_rabbit.py:1054
2017-04-07 07:07:04.437 5150 DEBUG oslo.messaging._drivers.impl_rabbit [-] Timed out waiting for RPC response: timed out _raise_timeout /usr/local/lib/python2.7/dist-packages/oslo_messaging/_drivers/impl_rabbit.py:1054
2017-04-07 07:07:04.438 5150 DEBUG oslo.messaging._drivers.impl_rabbit [-] Timed out waiting for RPC response: Timeout while waiting on RPC response - topic: "", RPC method: "" info: "" _raise_timeout /usr/local/lib/python2.7/dist-packages/oslo_messaging/_drivers/impl_rabbit.py:1054
2017-04-07 07:07:04.444 5149 DEBUG oslo.messaging._drivers.impl_rabbit [-] Timed out waiting for RPC response: timed out _raise_timeout /usr/local/lib/python2.7/dist-packages/oslo_messaging/_drivers/impl_rabbit.py:1054
2017-04-07 07:07:04.445 5149 DEBUG oslo.messaging._drivers.impl_rabbit [-] Timed out waiting for RPC response: Timeout while waiting on RPC response - topic: "", RPC method: "" info: "" _raise_timeout /usr/local/lib/python2.7/dist-packages/oslo_messaging/_drivers/impl_rabbit.py:1054
2017-04-07 07:07:04.448 5154 DEBUG oslo.messaging._drivers.impl_rabbit [-] Timed out waiting for RPC response: timed out _raise_timeout /usr/local/lib/python2.7/dist-packages/oslo_messaging/_drivers/impl_rabbit.py:1054
2017-04-07 07:07:04.449 5154 DEBUG oslo.messaging._drivers.impl_rabbit [-] Timed out waiting for RPC response: Timeout while waiting on RPC response - topic: "", RPC method: "" info: "" _raise_timeout /usr/local/lib/python2.7/dist-packages/oslo_messaging/_drivers/impl_rabbit.py:1054
2017-04-07 07:07:04.477 5154 INFO eventlet.wsgi.server [req-308ac7f8-51ad-41b7-8522-c20d5b257a25 - - - - -] 127.0.0.1 "GET /v1/nodes/e1369efa-5391-5035-8533-3a065c44a584 HTTP/1.1" status: 200 len: 1755 time: 0.0229361
2017-04-07 07:07:04.940 5152 INFO eventlet.wsgi.server [req-8fb9773c-a5d1-4137-b74a-be593a49744e - - - - -] 127.0.0.1 "GET /v1/nodes/93494378-56ee-5e22-b6f0-e3be3a9ebdf1 HTTP/1.1" status: 200 len: 1748 time: 0.0284660
2017-04-07 07:07:04.989 5160 INFO eventlet.wsgi.server [req-b6f9d334-8908-4659-8a14-a063e5478059 - - - - -] 127.0.0.1 "GET /v1/nodes/c1a56cb3-fcef-59d5-8105-7e6815154f70 HTTP/1.1" status: 200 len: 1752 time: 0.0270140
2017-04-07 07:07:06.442 5150 DEBUG oslo.messaging._drivers.impl_rabbit [-] Timed out waiting for RPC response: timed out _raise_timeout /usr/local/lib/python2.7/dist-packages/oslo_messaging/_drivers/impl_rabbit.py:1054
2017-04-07 07:07:06.443 5150 DEBUG oslo.messaging._drivers.impl_rabbit [-] Timed out waiting for RPC response: Timeout while waiting on RPC response - topic: "", RPC method: "" info: "" _raise_timeout /usr/local/lib/python2.7/dist-packages/oslo_messaging/_drivers/impl_rabbit.py:1054
2017-04-07 07:07:06.448 5149 DEBUG oslo.messaging._drivers.impl_rabbit [-] Timed out waiting for RPC response: timed out _raise_timeout /usr/local/lib/python2.7/dist-packages/oslo_messaging/_drivers/impl_rabbit.py:1054
2017-04-07 07:07:06.448 5149 DEBUG oslo.messaging._drivers.impl_rabbit [-] Timed out waiting for RPC response: Timeout while waiting on RPC response - topic: "", RPC method: "" info: "" _raise_timeout /usr/local/lib/python2.7/dist-packages/oslo_messaging/_drivers/impl_rabbit.py:1054
2017-04-07 07:07:06.451 5154 DEBUG oslo.messaging._drivers.impl_rabbit [-] Timed out waiting for RPC response: timed out _raise_timeout /usr/local/lib/python2.7/dist-packages/oslo_messaging/_drivers/impl_rabbit.py:1054
2017-04-07 07:07:06.452 5154 DEBUG oslo.messaging._drivers.impl_rabbit [-] Timed out waiting for RPC response: Timeout while waiting on RPC response - topic: "", RPC method: "" info: "" _raise_timeout /usr/local/lib/python2.7/dist-packages/oslo_messaging/_drivers/impl_rabbit.py:1054
2017-04-07 07:07:06.511 5154 INFO eventlet.wsgi.server [req-854f8562-85d4-41bb-9ccc-50189b526932 - - - - -] 127.0.0.1 "GET /v1/nodes/e1369efa-5391-5035-8533-3a065c44a584 HTTP/1.1" status: 200 len: 1755 time: 0.0282350
2017-04-07 07:07:06.974 5152 INFO eventlet.wsgi.server [req-f7611fa9-f61d-48c3-a1f9-c41acc76c0c5 - - - - -] 127.0.0.1 "GET /v1/nodes/93494378-56ee-5e22-b6f0-e3be3a9ebdf1 HTTP/1.1" status: 200 len: 1748 time: 0.0289240
2017-04-07 07:07:07.008 5160 INFO eventlet.wsgi.server [req-70f4d952-a18f-40a3-ab40-c6a8f78b4141 - - - - -] 127.0.0.1 "GET /v1/nodes/c1a56cb3-fcef-59d5-8105-7e6815154f70 HTTP/1.1" status: 200 len: 1752 time: 0.0163889
2017-04-07 07:07:08.466 5160 DEBUG oslo.messaging._drivers.impl_rabbit [-] Timed out waiting for RPC response: timed out _raise_timeout /usr/local/lib/python2.7/dist-packages/oslo_messaging/_drivers/impl_rabbit.py:1054
2017-04-07 07:07:08.467 5160 DEBUG oslo.messaging._drivers.impl_rabbit [-] Timed out waiting for RPC response: Timeout while waiting on RPC response - topic: "", RPC method: "" info: "" _raise_timeout /usr/local/lib/python2.7/dist-packages/oslo_messaging/_drivers/impl_rabbit.py:1054
2017-04-07 07:07:08.516 5152 DEBUG oslo.messaging._drivers.impl_rabbit [-] Timed out waiting for RPC response: timed out _raise_timeout /usr/local/lib/python2.7/dist-packages/oslo_messaging/_drivers/impl_rabbit.py:1054
2017-04-07 07:07:08.517 5152 DEBUG oslo.messaging._drivers.impl_rabbit [-] Timed out waiting for RPC response: Timeout while waiting on RPC response - topic: "", RPC method: "" info: "" _raise_timeout /usr/local/lib/python2.7/dist-packages/oslo_messaging/_drivers/impl_rabbit.py:1054
2017-04-07 07:07:08.541 5154 INFO eventlet.wsgi.server [req-d0aa6289-fade-46b3-af3b-a1afba0ad375 - - - - -] 127.0.0.1 "GET /v1/nodes/e1369efa-5391-5035-8533-3a065c44a584 HTTP/1.1" status: 200 len: 1755 time: 0.0259380
2017-04-07 07:07:09.005 5152 INFO eventlet.wsgi.server [req-bb1903cf-468c-4bd4-9516-03d458d3a226 - - - - -] 127.0.0.1 "GET /v1/nodes/93494378-56ee-5e22-b6f0-e3be3a9ebdf1 HTTP/1.1" status: 200 len: 1748 time: 0.0262332
2017-04-07 07:07:09.043 5160 INFO eventlet.wsgi.server [req-3ccd05db-82f0-4dfa-89d9-8c3cb797914e - - - - -] 127.0.0.1 "GET /v1/nodes/c1a56cb3-fcef-59d5-8105-7e6815154f70 HTTP/1.1" status: 200 len: 1752 time: 0.0299070
2017-04-07 07:07:09.468 5160 DEBUG oslo.messaging._drivers.impl_rabbit [-] Timed out waiting for RPC response: timed out _raise_timeout /usr/local/lib/python2.7/dist-packages/oslo_messaging/_drivers/impl_rabbit.py:1054
2017-04-07 07:07:09.469 5160 DEBUG oslo.messaging._drivers.impl_rabbit [-] Timed out waiting for RPC response: Timeout while waiting on RPC response - topic: "", RPC method: "" info: "" _raise_timeout /usr/local/lib/python2.7/dist-packages/oslo_messaging/_drivers/impl_rabbit.py:1054
2017-04-07 07:07:09.518 5152 DEBUG oslo.messaging._drivers.impl_rabbit [-] Timed out waiting for RPC response: timed out _raise_timeout /usr/local/lib/python2.7/dist-packages/oslo_messaging/_drivers/impl_rabbit.py:1054
2017-04-07 07:07:09.519 5152 DEBUG oslo.messaging._drivers.impl_rabbit [-] Timed out waiting for RPC response: Timeout while waiting on RPC response - topic: "", RPC method: "" info: "" _raise_timeout /usr/local/lib/python2.7/dist-packages/oslo_messaging/_drivers/impl_rabbit.py:1054
2017-04-07 07:07:10.448 5150 DEBUG oslo.messaging._drivers.impl_rabbit [-] Timed out waiting for RPC response: timed out _raise_timeout /usr/local/lib/python2.7/dist-packages/oslo_messaging/_drivers/impl_rabbit.py:1054
2017-04-07 07:07:10.449 5150 DEBUG oslo.messaging._drivers.impl_rabbit [-] Timed out waiting for RPC response: Timeout while waiting on RPC response - topic: "", RPC method: "" info: "" _raise_timeout /usr/local/lib/python2.7/dist-packages/oslo_messaging/_drivers/impl_rabbit.py:1054
2017-04-07 07:07:10.453 5154 DEBUG oslo.messaging._drivers.impl_rabbit [-] Timed out waiting for RPC response: timed out _raise_timeout /usr/local/lib/python2.7/dist-packages/oslo_messaging/_drivers/impl_rabbit.py:1054
2017-04-07 07:07:10.454 5154 DEBUG oslo.messaging._drivers.impl_rabbit [-] Timed out waiting for RPC response: Timeout while waiting on RPC response - topic: "", RPC method: "" info: "" _raise_timeout /usr/local/lib/python2.7/dist-packages/oslo_messaging/_drivers/impl_rabbit.py:1054
2017-04-07 07:07:10.454 5149 DEBUG oslo.messaging._drivers.impl_rabbit [-] Timed out waiting for RPC response: timed out _raise_timeout /usr/local/lib/python2.7/dist-packages/oslo_messaging/_drivers/impl_rabbit.py:1054
2017-04-07 07:07:10.455 5149 DEBUG oslo.messaging._drivers.impl_rabbit [-] Timed out waiting for RPC response: Timeout while waiting on RPC response - topic: "", RPC method: "" info: "" _raise_timeout /usr/local/lib/python2.7/dist-packages/oslo_messaging/_drivers/impl_rabbit.py:1054
2017-04-07 07:07:10.576 5154 INFO eventlet.wsgi.server [req-5dcb4592-7f0a-4c12-b14b-bd3a25e4eb3a - - - - -] 127.0.0.1 "GET /v1/nodes/e1369efa-5391-5035-8533-3a065c44a584 HTTP/1.1" status: 200 len: 1755 time: 0.0291739
2017-04-07 07:07:11.041 5152 INFO eventlet.wsgi.server [req-f1db8f54-2bc6-44df-8ec3-351fec1484f5 - - - - -] 127.0.0.1 "GET /v1/nodes/93494378-56ee-5e22-b6f0-e3be3a9ebdf1 HTTP/1.1" status: 200 len: 1748 time: 0.0294991
2017-04-07 07:07:11.075 5160 INFO eventlet.wsgi.server [req-eb87b4e4-cd93-415e-bc03-8a890a95a564 - - - - -] 127.0.0.1 "GET /v1/nodes/c1a56cb3-fcef-59d5-8105-7e6815154f70 HTTP/1.1" status: 200 len: 1752 time: 0.0267420
2017-04-07 07:07:11.470 5160 DEBUG oslo.messaging._drivers.impl_rabbit [-] Timed out waiting for RPC response: timed out _raise_timeout /usr/local/lib/python2.7/dist-packages/oslo_messaging/_drivers/impl_rabbit.py:1054
2017-04-07 07:07:11.471 5160 DEBUG oslo.messaging._drivers.impl_rabbit [-] Timed out waiting for RPC response: Timeout while waiting on RPC response - topic: "", RPC method: "" info: "" _raise_timeout /usr/local/lib/python2.7/dist-packages/oslo_messaging/_drivers/impl_rabbit.py:1054
2017-04-07 07:07:11.520 5152 DEBUG oslo.messaging._drivers.impl_rabbit [-] Timed out waiting for RPC response: timed out _raise_timeout /usr/local/lib/python2.7/dist-packages/oslo_messaging/_drivers/impl_rabbit.py:1054
2017-04-07 07:07:11.521 5152 DEBUG oslo.messaging._drivers.impl_rabbit [-] Timed out waiting for RPC response: Timeout while waiting on RPC response - topic: "", RPC method: "" info: "" _raise_timeout /usr/local/lib/python2.7/dist-packages/oslo_messaging/_drivers/impl_rabbit.py:1054
2017-04-07 07:07:12.614 5154 INFO eventlet.wsgi.server [req-9bd42f69-c79f-4e14-990c-eea267c75e47 - - - - -] 127.0.0.1 "GET /v1/nodes/e1369efa-5391-5035-8533-3a065c44a584 HTTP/1.1" status: 200 len: 1755 time: 0.0305040
2017-04-07 07:07:13.065 5152 INFO eventlet.wsgi.server [req-632ff9a9-ca50-4f3d-b31b-60b5dbdaddc9 - - - - -] 127.0.0.1 "GET /v1/nodes/93494378-56ee-5e22-b6f0-e3be3a9ebdf1 HTTP/1.1" status: 200 len: 1748 time: 0.0189278
2017-04-07 07:07:13.094 5160 INFO eventlet.wsgi.server [req-ba08acef-ddce-4158-9579-aa7f86a7f390 - - - - -] 127.0.0.1 "GET /v1/nodes/c1a56cb3-fcef-59d5-8105-7e6815154f70 HTTP/1.1" status: 200 len: 1752 time: 0.0148330
2017-04-07 07:07:13.247 5156 DEBUG oslo.messaging._drivers.impl_rabbit [-] Timed out waiting for RPC response: timed out _raise_timeout /usr/local/lib/python2.7/dist-packages/oslo_messaging/_drivers/impl_rabbit.py:1054
2017-04-07 07:07:13.248 5156 DEBUG oslo.messaging._drivers.impl_rabbit [-] Timed out waiting for RPC response: Timeout while waiting on RPC response - topic: "", RPC method: "" info: "" _raise_timeout /usr/local/lib/python2.7/dist-packages/oslo_messaging/_drivers/impl_rabbit.py:1054
2017-04-07 07:07:14.249 5156 DEBUG oslo.messaging._drivers.impl_rabbit [-] Timed out waiting for RPC response: timed out _raise_timeout /usr/local/lib/python2.7/dist-packages/oslo_messaging/_drivers/impl_rabbit.py:1054
2017-04-07 07:07:14.250 5156 DEBUG oslo.messaging._drivers.impl_rabbit [-] Timed out waiting for RPC response: Timeout while waiting on RPC response - topic: "", RPC method: "" info: "" _raise_timeout /usr/local/lib/python2.7/dist-packages/oslo_messaging/_drivers/impl_rabbit.py:1054
2017-04-07 07:07:14.648 5154 INFO eventlet.wsgi.server [req-626d09b3-55f3-4ac9-9b38-b05fce130b66 - - - - -] 127.0.0.1 "GET /v1/nodes/e1369efa-5391-5035-8533-3a065c44a584 HTTP/1.1" status: 200 len: 1755 time: 0.0279579
2017-04-07 07:07:15.097 5152 INFO eventlet.wsgi.server [req-9a63d774-8678-458d-bb32-e806e4bd94d4 - - - - -] 127.0.0.1 "GET /v1/nodes/93494378-56ee-5e22-b6f0-e3be3a9ebdf1 HTTP/1.1" status: 200 len: 1748 time: 0.0263510
2017-04-07 07:07:15.128 5160 INFO eventlet.wsgi.server [req-5078f1f4-ddcc-4906-8391-dd4bfac28283 - - - - -] 127.0.0.1 "GET /v1/nodes/c1a56cb3-fcef-59d5-8105-7e6815154f70 HTTP/1.1" status: 200 len: 1752 time: 0.0280089
2017-04-07 07:07:15.472 5160 DEBUG oslo.messaging._drivers.impl_rabbit [-] Timed out waiting for RPC response: timed out _raise_timeout /usr/local/lib/python2.7/dist-packages/oslo_messaging/_drivers/impl_rabbit.py:1054
2017-04-07 07:07:15.473 5160 DEBUG oslo.messaging._drivers.impl_rabbit [-] Timed out waiting for RPC response: Timeout while waiting on RPC response - topic: "", RPC method: "" info: "" _raise_timeout /usr/local/lib/python2.7/dist-packages/oslo_messaging/_drivers/impl_rabbit.py:1054
2017-04-07 07:07:15.522 5152 DEBUG oslo.messaging._drivers.impl_rabbit [-] Timed out waiting for RPC response: timed out _raise_timeout /usr/local/lib/python2.7/dist-packages/oslo_messaging/_drivers/impl_rabbit.py:1054
2017-04-07 07:07:15.523 5152 DEBUG oslo.messaging._drivers.impl_rabbit [-] Timed out waiting for RPC response: Timeout while waiting on RPC response - topic: "", RPC method: "" info: "" _raise_timeout /usr/local/lib/python2.7/dist-packages/oslo_messaging/_drivers/impl_rabbit.py:1054
2017-04-07 07:07:16.253 5156 DEBUG oslo.messaging._drivers.impl_rabbit [-] Timed out waiting for RPC response: timed out _raise_timeout /usr/local/lib/python2.7/dist-packages/oslo_messaging/_drivers/impl_rabbit.py:1054
2017-04-07 07:07:16.254 5156 DEBUG oslo.messaging._drivers.impl_rabbit [-] Timed out waiting for RPC response: Timeout while waiting on RPC response - topic: "", RPC method: "" info: "" _raise_timeout /usr/local/lib/python2.7/dist-packages/oslo_messaging/_drivers/impl_rabbit.py:1054
2017-04-07 07:07:16.675 5154 INFO eventlet.wsgi.server [req-e383e6ec-70f5-4a5a-b7d7-42073538466a - - - - -] 127.0.0.1 "GET /v1/nodes/e1369efa-5391-5035-8533-3a065c44a584 HTTP/1.1" status: 200 len: 1755 time: 0.0211382
2017-04-07 07:07:17.132 5152 INFO eventlet.wsgi.server [req-ba965621-897a-4b09-996e-dec2df533735 - - - - -] 127.0.0.1 "GET /v1/nodes/93494378-56ee-5e22-b6f0-e3be3a9ebdf1 HTTP/1.1" status: 200 len: 1748 time: 0.0292051
2017-04-07 07:07:17.161 5160 INFO eventlet.wsgi.server [req-117179fa-2a53-4b5e-b8f8-ef9e9274c238 - - - - -] 127.0.0.1 "GET /v1/nodes/c1a56cb3-fcef-59d5-8105-7e6815154f70 HTTP/1.1" status: 200 len: 1752 time: 0.0281909
2017-04-07 07:07:18.455 5150 DEBUG oslo.messaging._drivers.impl_rabbit [-] Timed out waiting for RPC response: timed out _raise_timeout /usr/local/lib/python2.7/dist-packages/oslo_messaging/_drivers/impl_rabbit.py:1054
2017-04-07 07:07:18.456 5150 DEBUG oslo.messaging._drivers.impl_rabbit [-] Timed out waiting for RPC response: Timeout while waiting on RPC response - topic: "", RPC method: "" info: "" _raise_timeout /usr/local/lib/python2.7/dist-packages/oslo_messaging/_drivers/impl_rabbit.py:1054
2017-04-07 07:07:18.457 5154 DEBUG oslo.messaging._drivers.impl_rabbit [-] Timed out waiting for RPC response: timed out _raise_timeout /usr/local/lib/python2.7/dist-packages/oslo_messaging/_drivers/impl_rabbit.py:1054
2017-04-07 07:07:18.458 5154 DEBUG oslo.messaging._drivers.impl_rabbit [-] Timed out waiting for RPC response: Timeout while waiting on RPC response - topic: "", RPC method: "" info: "" _raise_timeout /usr/local/lib/python2.7/dist-packages/oslo_messaging/_drivers/impl_rabbit.py:1054
2017-04-07 07:07:18.463 5149 DEBUG oslo.messaging._drivers.impl_rabbit [-] Timed out waiting for RPC response: timed out _raise_timeout /usr/local/lib/python2.7/dist-packages/oslo_messaging/_drivers/impl_rabbit.py:1054
2017-04-07 07:07:18.464 5149 DEBUG oslo.messaging._drivers.impl_rabbit [-] Timed out waiting for RPC response: Timeout while waiting on RPC response - topic: "", RPC method: "" info: "" _raise_timeout /usr/local/lib/python2.7/dist-packages/oslo_messaging/_drivers/impl_rabbit.py:1054
2017-04-07 07:07:18.709 5154 INFO eventlet.wsgi.server [req-6ef094d2-62fa-4e4a-9e27-6ca86b048469 - - - - -] 127.0.0.1 "GET /v1/nodes/e1369efa-5391-5035-8533-3a065c44a584 HTTP/1.1" status: 200 len: 1755 time: 0.0289190
2017-04-07 07:07:19.155 5152 INFO eventlet.wsgi.server [req-6cd2608f-91fe-4773-9301-4b8b4c74fc3b - - - - -] 127.0.0.1 "GET /v1/nodes/93494378-56ee-5e22-b6f0-e3be3a9ebdf1 HTTP/1.1" status: 200 len: 1748 time: 0.0183659
2017-04-07 07:07:19.189 5160 INFO eventlet.wsgi.server [req-220ba38f-f2f8-4905-90c3-3a5e975abfeb - - - - -] 127.0.0.1 "GET /v1/nodes/c1a56cb3-fcef-59d5-8105-7e6815154f70 HTTP/1.1" status: 200 len: 1752 time: 0.0235012
2017-04-07 07:07:20.258 5156 DEBUG oslo.messaging._drivers.impl_rabbit [-] Timed out waiting for RPC response: timed out _raise_timeout /usr/local/lib/python2.7/dist-packages/oslo_messaging/_drivers/impl_rabbit.py:1054
2017-04-07 07:07:20.258 5156 DEBUG oslo.messaging._drivers.impl_rabbit [-] Timed out waiting for RPC response: Timeout while waiting on RPC response - topic: "", RPC method: "" info: "" _raise_timeout /usr/local/lib/python2.7/dist-packages/oslo_messaging/_drivers/impl_rabbit.py:1054
2017-04-07 07:07:20.742 5154 INFO eventlet.wsgi.server [req-8909d1f6-e9e1-4dee-ba06-c08885e44435 - - - - -] 127.0.0.1 "GET /v1/nodes/e1369efa-5391-5035-8533-3a065c44a584 HTTP/1.1" status: 200 len: 1755 time: 0.0277691
2017-04-07 07:07:21.189 5152 INFO eventlet.wsgi.server [req-51435889-b455-4e56-beef-d2e77daacf69 - - - - -] 127.0.0.1 "GET /v1/nodes/93494378-56ee-5e22-b6f0-e3be3a9ebdf1 HTTP/1.1" status: 200 len: 1748 time: 0.0279210
2017-04-07 07:07:21.210 5160 INFO eventlet.wsgi.server [req-dd86ef17-3aca-4b7f-bac0-555f4503270f - - - - -] 127.0.0.1 "GET /v1/nodes/c1a56cb3-fcef-59d5-8105-7e6815154f70 HTTP/1.1" status: 200 len: 1752 time: 0.0159481
2017-04-07 07:07:22.780 5154 INFO eventlet.wsgi.server [req-e908b3df-4aa9-4903-bf96-3f549b5bad7f - - - - -] 127.0.0.1 "GET /v1/nodes/e1369efa-5391-5035-8533-3a065c44a584 HTTP/1.1" status: 200 len: 1755 time: 0.0313611
2017-04-07 07:07:23.232 5152 INFO eventlet.wsgi.server [req-67f8adfd-acf5-4257-ac1c-d2fb23699c09 - - - - -] 127.0.0.1 "GET /v1/nodes/93494378-56ee-5e22-b6f0-e3be3a9ebdf1 HTTP/1.1" status: 200 len: 1748 time: 0.0340071
2017-04-07 07:07:23.244 5160 INFO eventlet.wsgi.server [req-09d6d97e-902f-4d35-bbff-929d894f3054 - - - - -] 127.0.0.1 "GET /v1/nodes/c1a56cb3-fcef-59d5-8105-7e6815154f70 HTTP/1.1" status: 200 len: 1752 time: 0.0271630
2017-04-07 07:07:23.475 5160 DEBUG oslo.messaging._drivers.impl_rabbit [-] Timed out waiting for RPC response: timed out _raise_timeout /usr/local/lib/python2.7/dist-packages/oslo_messaging/_drivers/impl_rabbit.py:1054
2017-04-07 07:07:23.476 5160 DEBUG oslo.messaging._drivers.impl_rabbit [-] Timed out waiting for RPC response: Timeout while waiting on RPC response - topic: "", RPC method: "" info: "" _raise_timeout /usr/local/lib/python2.7/dist-packages/oslo_messaging/_drivers/impl_rabbit.py:1054
2017-04-07 07:07:23.526 5152 DEBUG oslo.messaging._drivers.impl_rabbit [-] Timed out waiting for RPC response: timed out _raise_timeout /usr/local/lib/python2.7/dist-packages/oslo_messaging/_drivers/impl_rabbit.py:1054
2017-04-07 07:07:23.527 5152 DEBUG oslo.messaging._drivers.impl_rabbit [-] Timed out waiting for RPC response: Timeout while waiting on RPC response - topic: "", RPC method: "" info: "" _raise_timeout /usr/local/lib/python2.7/dist-packages/oslo_messaging/_drivers/impl_rabbit.py:1054
2017-04-07 07:07:24.826 5154 INFO eventlet.wsgi.server [req-2cdc1858-ef1b-4b60-b2fa-a459bc1ec6a6 - - - - -] 127.0.0.1 "GET /v1/nodes/e1369efa-5391-5035-8533-3a065c44a584 HTTP/1.1" status: 200 len: 1755 time: 0.0333920
2017-04-07 07:07:25.192 5160 INFO eventlet.wsgi.server [req-7ffd26d3-b45b-4500-8e1a-a7c6fd867873 - - - - -] 127.0.0.1 "GET /v1/nodes HTTP/1.1" status: 200 len: 1477 time: 0.0569232
2017-04-07 07:07:25.270 5152 INFO eventlet.wsgi.server [req-2fbb18e2-aa4f-45c3-af7e-b842730d8607 - - - - -] 127.0.0.1 "GET /v1/nodes/93494378-56ee-5e22-b6f0-e3be3a9ebdf1 HTTP/1.1" status: 200 len: 1748 time: 0.0298321
2017-04-07 07:07:25.279 5160 INFO eventlet.wsgi.server [req-e6747d3c-a969-4f98-b8b9-8c789350364b - - - - -] 127.0.0.1 "GET /v1/nodes/c1a56cb3-fcef-59d5-8105-7e6815154f70 HTTP/1.1" status: 200 len: 1752 time: 0.0291359
2017-04-07 07:07:25.323 5158 DEBUG oslo_concurrency.lockutils [req-355e2d74-a9aa-43d7-ac41-b2d2a03124d0 - - - - -] Lock "policy_enforcer" acquired by "ironic.common.policy.init_enforcer" :: waited 0.000s inner /usr/local/lib/python2.7/dist-packages/oslo_concurrency/lockutils.py:270
2017-04-07 07:07:25.325 5158 DEBUG oslo_concurrency.lockutils [req-355e2d74-a9aa-43d7-ac41-b2d2a03124d0 - - - - -] Lock "policy_enforcer" released by "ironic.common.policy.init_enforcer" :: held 0.002s inner /usr/local/lib/python2.7/dist-packages/oslo_concurrency/lockutils.py:282
2017-04-07 07:07:25.326 5158 DEBUG oslo_policy._cache_handler [req-355e2d74-a9aa-43d7-ac41-b2d2a03124d0 - - - - -] Reloading cached file /etc/ironic/policy.json read_cached_file /usr/local/lib/python2.7/dist-packages/oslo_policy/_cache_handler.py:40
2017-04-07 07:07:25.328 5158 DEBUG oslo_policy.policy [req-355e2d74-a9aa-43d7-ac41-b2d2a03124d0 - - - - -] Reloaded policy file: /etc/ironic/policy.json _load_policy_file /usr/local/lib/python2.7/dist-packages/oslo_policy/policy.py:684
2017-04-07 07:07:25.333 5158 DEBUG oslo_db.api [req-355e2d74-a9aa-43d7-ac41-b2d2a03124d0 - - - - -] Loading backend 'sqlalchemy' from 'ironic.db.sqlalchemy.api' _load_backend /usr/local/lib/python2.7/dist-packages/oslo_db/api.py:237
2017-04-07 07:07:25.481 5158 DEBUG oslo_db.sqlalchemy.engines [req-355e2d74-a9aa-43d7-ac41-b2d2a03124d0 - - - - -] MySQL server mode set to STRICT_TRANS_TABLES,STRICT_ALL_TABLES,NO_ZERO_IN_DATE,NO_ZERO_DATE,ERROR_FOR_DIVISION_BY_ZERO,TRADITIONAL,NO_AUTO_CREATE_USER,NO_ENGINE_SUBSTITUTION _check_effective_sql_mode /usr/local/lib/python2.7/dist-packages/oslo_db/sqlalchemy/engines.py:260
2017-04-07 07:07:25.512 5158 INFO eventlet.wsgi.server [req-355e2d74-a9aa-43d7-ac41-b2d2a03124d0 - - - - -] 127.0.0.1 "GET /v1/nodes/e1369efa-5391-5035-8533-3a065c44a584 HTTP/1.1" status: 200 len: 1774 time: 0.1971860
2017-04-07 07:07:25.608 5158 INFO eventlet.wsgi.server [req-e05689b8-74c9-4c43-acfa-3eaa4ec28b11 - - - - -] 127.0.0.1 "GET /v1/nodes/e1369efa-5391-5035-8533-3a065c44a584/ports HTTP/1.1" status: 200 len: 623 time: 0.0368629
2017-04-07 07:07:25.650 5158 DEBUG oslo.messaging._drivers.pool [req-adf7a4a5-8a44-4d15-accf-54235a808873 - - - - -] Pool creating new connection create /usr/local/lib/python2.7/dist-packages/oslo_messaging/_drivers/pool.py:143
2017-04-07 07:07:25.652 5158 WARNING oslo_config.cfg [req-adf7a4a5-8a44-4d15-accf-54235a808873 - - - - -] Option "rabbit_userid" from group "DEFAULT" is deprecated. Use option "rabbit_userid" from group "oslo_messaging_rabbit".
2017-04-07 07:07:25.652 5158 WARNING oslo_config.cfg [req-adf7a4a5-8a44-4d15-accf-54235a808873 - - - - -] Option "rabbit_userid" from group "oslo_messaging_rabbit" is deprecated for removal. Its value may be silently ignored in the future.
2017-04-07 07:07:25.652 5158 WARNING oslo_config.cfg [req-adf7a4a5-8a44-4d15-accf-54235a808873 - - - - -] Option "rabbit_password" from group "DEFAULT" is deprecated. Use option "rabbit_password" from group "oslo_messaging_rabbit".
2017-04-07 07:07:25.653 5158 WARNING oslo_config.cfg [req-adf7a4a5-8a44-4d15-accf-54235a808873 - - - - -] Option "rabbit_password" from group "oslo_messaging_rabbit" is deprecated for removal. Its value may be silently ignored in the future.
2017-04-07 07:07:25.659 5158 DEBUG oslo.messaging._drivers.impl_rabbit [req-adf7a4a5-8a44-4d15-accf-54235a808873 - - - - -] [3eb9fcd2-6bb8-4af1-b085-f668c1ee081f] Connecting to AMQP server on localhost:5672 __init__ /usr/local/lib/python2.7/dist-packages/oslo_messaging/_drivers/impl_rabbit.py:597
2017-04-07 07:07:25.671 5158 DEBUG oslo.messaging._drivers.impl_rabbit [req-adf7a4a5-8a44-4d15-accf-54235a808873 - - - - -] [3eb9fcd2-6bb8-4af1-b085-f668c1ee081f] Connected to AMQP server on 127.0.0.1:5672 via [amqp] client with port 40342. __init__ /usr/local/lib/python2.7/dist-packages/oslo_messaging/_drivers/impl_rabbit.py:644
2017-04-07 07:07:25.672 5158 DEBUG oslo.messaging._drivers.impl_rabbit [req-adf7a4a5-8a44-4d15-accf-54235a808873 - - - - -] [3eb9fcd2-6bb8-4af1-b085-f668c1ee081f] Queue.declare: reply_5bf5d9fad7a946998d7747d068c8c28c declare /usr/local/lib/python2.7/dist-packages/oslo_messaging/_drivers/impl_rabbit.py:303
2017-04-07 07:07:25.676 5158 DEBUG oslo.messaging._drivers.pool [req-adf7a4a5-8a44-4d15-accf-54235a808873 - - - - -] Pool creating new connection create /usr/local/lib/python2.7/dist-packages/oslo_messaging/_drivers/pool.py:143
2017-04-07 07:07:25.677 5158 DEBUG oslo.messaging._drivers.impl_rabbit [req-adf7a4a5-8a44-4d15-accf-54235a808873 - - - - -] [5c41015f-f245-4936-8a8c-ffae2ed778cd] Connecting to AMQP server on localhost:5672 __init__ /usr/local/lib/python2.7/dist-packages/oslo_messaging/_drivers/impl_rabbit.py:597
2017-04-07 07:07:25.687 5158 DEBUG oslo.messaging._drivers.impl_rabbit [-] Timed out waiting for RPC response: timed out _raise_timeout /usr/local/lib/python2.7/dist-packages/oslo_messaging/_drivers/impl_rabbit.py:1054
2017-04-07 07:07:25.687 5158 DEBUG oslo.messaging._drivers.impl_rabbit [-] Timed out waiting for RPC response: Timeout while waiting on RPC response - topic: "", RPC method: "" info: "" _raise_timeout /usr/local/lib/python2.7/dist-packages/oslo_messaging/_drivers/impl_rabbit.py:1054
2017-04-07 07:07:25.688 5158 DEBUG oslo.messaging._drivers.impl_rabbit [req-adf7a4a5-8a44-4d15-accf-54235a808873 - - - - -] [5c41015f-f245-4936-8a8c-ffae2ed778cd] Connected to AMQP server on 127.0.0.1:5672 via [amqp] client with port 40344. __init__ /usr/local/lib/python2.7/dist-packages/oslo_messaging/_drivers/impl_rabbit.py:644
2017-04-07 07:07:26.264 5158 INFO eventlet.wsgi.server [req-adf7a4a5-8a44-4d15-accf-54235a808873 - - - - -] 127.0.0.1 "PATCH /v1/nodes/e1369efa-5391-5035-8533-3a065c44a584 HTTP/1.1" status: 200 len: 1794 time: 0.6464150
2017-04-07 07:07:26.265 5158 DEBUG oslo.messaging._drivers.impl_rabbit [-] Timed out waiting for RPC response: timed out _raise_timeout /usr/local/lib/python2.7/dist-packages/oslo_messaging/_drivers/impl_rabbit.py:1054
2017-04-07 07:07:26.265 5158 DEBUG oslo.messaging._drivers.impl_rabbit [-] Timed out waiting for RPC response: Timeout while waiting on RPC response - topic: "", RPC method: "" info: "" _raise_timeout /usr/local/lib/python2.7/dist-packages/oslo_messaging/_drivers/impl_rabbit.py:1054
2017-04-07 07:07:26.578 5158 INFO eventlet.wsgi.server [req-188b3e1c-9535-4179-9987-15d380e10368 - - - - -] 127.0.0.1 "PATCH /v1/nodes/e1369efa-5391-5035-8533-3a065c44a584 HTTP/1.1" status: 200 len: 1844 time: 0.3062601
2017-04-07 07:07:26.579 5158 DEBUG oslo.messaging._drivers.impl_rabbit [-] Timed out waiting for RPC response: timed out _raise_timeout /usr/local/lib/python2.7/dist-packages/oslo_messaging/_drivers/impl_rabbit.py:1054
2017-04-07 07:07:26.580 5158 DEBUG oslo.messaging._drivers.impl_rabbit [-] Timed out waiting for RPC response: Timeout while waiting on RPC response - topic: "", RPC method: "" info: "" _raise_timeout /usr/local/lib/python2.7/dist-packages/oslo_messaging/_drivers/impl_rabbit.py:1054
2017-04-07 07:07:26.629 5163 DEBUG oslo_concurrency.lockutils [req-0910bdf8-e9cc-4022-8136-ab9a677282f0 - - - - -] Lock "policy_enforcer" acquired by "ironic.common.policy.init_enforcer" :: waited 0.000s inner /usr/local/lib/python2.7/dist-packages/oslo_concurrency/lockutils.py:270
2017-04-07 07:07:26.631 5163 DEBUG oslo_concurrency.lockutils [req-0910bdf8-e9cc-4022-8136-ab9a677282f0 - - - - -] Lock "policy_enforcer" released by "ironic.common.policy.init_enforcer" :: held 0.002s inner /usr/local/lib/python2.7/dist-packages/oslo_concurrency/lockutils.py:282
2017-04-07 07:07:26.632 5163 DEBUG oslo_policy._cache_handler [req-0910bdf8-e9cc-4022-8136-ab9a677282f0 - - - - -] Reloading cached file /etc/ironic/policy.json read_cached_file /usr/local/lib/python2.7/dist-packages/oslo_policy/_cache_handler.py:40
2017-04-07 07:07:26.632 5159 DEBUG oslo_concurrency.lockutils [req-91e85d03-6deb-4c59-8b87-cad2e3cda8ce - - - - -] Lock "policy_enforcer" acquired by "ironic.common.policy.init_enforcer" :: waited 0.000s inner /usr/local/lib/python2.7/dist-packages/oslo_concurrency/lockutils.py:270
2017-04-07 07:07:26.634 5163 DEBUG oslo_policy.policy [req-0910bdf8-e9cc-4022-8136-ab9a677282f0 - - - - -] Reloaded policy file: /etc/ironic/policy.json _load_policy_file /usr/local/lib/python2.7/dist-packages/oslo_policy/policy.py:684
2017-04-07 07:07:26.635 5159 DEBUG oslo_concurrency.lockutils [req-91e85d03-6deb-4c59-8b87-cad2e3cda8ce - - - - -] Lock "policy_enforcer" released by "ironic.common.policy.init_enforcer" :: held 0.003s inner /usr/local/lib/python2.7/dist-packages/oslo_concurrency/lockutils.py:282
2017-04-07 07:07:26.636 5159 DEBUG oslo_policy._cache_handler [req-91e85d03-6deb-4c59-8b87-cad2e3cda8ce - - - - -] Reloading cached file /etc/ironic/policy.json read_cached_file /usr/local/lib/python2.7/dist-packages/oslo_policy/_cache_handler.py:40
2017-04-07 07:07:26.639 5163 DEBUG oslo_db.api [req-0910bdf8-e9cc-4022-8136-ab9a677282f0 - - - - -] Loading backend 'sqlalchemy' from 'ironic.db.sqlalchemy.api' _load_backend /usr/local/lib/python2.7/dist-packages/oslo_db/api.py:237
2017-04-07 07:07:26.639 5159 DEBUG oslo_policy.policy [req-91e85d03-6deb-4c59-8b87-cad2e3cda8ce - - - - -] Reloaded policy file: /etc/ironic/policy.json _load_policy_file /usr/local/lib/python2.7/dist-packages/oslo_policy/policy.py:684
2017-04-07 07:07:26.646 5159 DEBUG oslo_db.api [req-91e85d03-6deb-4c59-8b87-cad2e3cda8ce - - - - -] Loading backend 'sqlalchemy' from 'ironic.db.sqlalchemy.api' _load_backend /usr/local/lib/python2.7/dist-packages/oslo_db/api.py:237
2017-04-07 07:07:26.780 5163 DEBUG oslo_db.sqlalchemy.engines [req-0910bdf8-e9cc-4022-8136-ab9a677282f0 - - - - -] MySQL server mode set to STRICT_TRANS_TABLES,STRICT_ALL_TABLES,NO_ZERO_IN_DATE,NO_ZERO_DATE,ERROR_FOR_DIVISION_BY_ZERO,TRADITIONAL,NO_AUTO_CREATE_USER,NO_ENGINE_SUBSTITUTION _check_effective_sql_mode /usr/local/lib/python2.7/dist-packages/oslo_db/sqlalchemy/engines.py:260
2017-04-07 07:07:26.796 5159 DEBUG oslo_db.sqlalchemy.engines [req-91e85d03-6deb-4c59-8b87-cad2e3cda8ce - - - - -] MySQL server mode set to STRICT_TRANS_TABLES,STRICT_ALL_TABLES,NO_ZERO_IN_DATE,NO_ZERO_DATE,ERROR_FOR_DIVISION_BY_ZERO,TRADITIONAL,NO_AUTO_CREATE_USER,NO_ENGINE_SUBSTITUTION _check_effective_sql_mode /usr/local/lib/python2.7/dist-packages/oslo_db/sqlalchemy/engines.py:260
2017-04-07 07:07:26.811 5163 INFO eventlet.wsgi.server [req-0910bdf8-e9cc-4022-8136-ab9a677282f0 - - - - -] 127.0.0.1 "GET /v1/nodes/c1a56cb3-fcef-59d5-8105-7e6815154f70 HTTP/1.1" status: 200 len: 1771 time: 0.1875329
2017-04-07 07:07:26.831 5159 DEBUG oslo.messaging._drivers.pool [req-91e85d03-6deb-4c59-8b87-cad2e3cda8ce - - - - -] Pool creating new connection create /usr/local/lib/python2.7/dist-packages/oslo_messaging/_drivers/pool.py:143
2017-04-07 07:07:26.831 5159 WARNING oslo_config.cfg [req-91e85d03-6deb-4c59-8b87-cad2e3cda8ce - - - - -] Option "rabbit_userid" from group "DEFAULT" is deprecated. Use option "rabbit_userid" from group "oslo_messaging_rabbit".
2017-04-07 07:07:26.832 5159 WARNING oslo_config.cfg [req-91e85d03-6deb-4c59-8b87-cad2e3cda8ce - - - - -] Option "rabbit_userid" from group "oslo_messaging_rabbit" is deprecated for removal. Its value may be silently ignored in the future.
