2017-04-07 06:39:40.326 10985 INFO eventlet.wsgi.server [req-8a434996-5762-4b6f-8b68-e58883a1454c - - - - -] 127.0.0.1 "GET /v1/nodes/93494378-56ee-5e22-b6f0-e3be3a9ebdf1 HTTP/1.1" status: 200 len: 1748 time: 0.0276310
2017-04-07 06:39:40.331 10989 INFO eventlet.wsgi.server [req-6cf42938-0479-49ce-a5ca-3e6d02373571 - - - - -] 127.0.0.1 "GET /v1/nodes/c1a56cb3-fcef-59d5-8105-7e6815154f70 HTTP/1.1" status: 200 len: 1752 time: 0.0286589
2017-04-07 06:39:40.412 10978 DEBUG oslo.messaging._drivers.impl_rabbit [-] Timed out waiting for RPC response: timed out _raise_timeout /usr/local/lib/python2.7/dist-packages/oslo_messaging/_drivers/impl_rabbit.py:1054
2017-04-07 06:39:40.413 10978 DEBUG oslo.messaging._drivers.impl_rabbit [-] Timed out waiting for RPC response: Timeout while waiting on RPC response - topic: "", RPC method: "" info: "" _raise_timeout /usr/local/lib/python2.7/dist-packages/oslo_messaging/_drivers/impl_rabbit.py:1054
2017-04-07 06:39:40.444 10981 DEBUG oslo.messaging._drivers.impl_rabbit [-] Timed out waiting for RPC response: timed out _raise_timeout /usr/local/lib/python2.7/dist-packages/oslo_messaging/_drivers/impl_rabbit.py:1054
2017-04-07 06:39:40.445 10981 DEBUG oslo.messaging._drivers.impl_rabbit [-] Timed out waiting for RPC response: Timeout while waiting on RPC response - topic: "", RPC method: "" info: "" _raise_timeout /usr/local/lib/python2.7/dist-packages/oslo_messaging/_drivers/impl_rabbit.py:1054
2017-04-07 06:39:40.496 10977 DEBUG oslo.messaging._drivers.impl_rabbit [-] Timed out waiting for RPC response: timed out _raise_timeout /usr/local/lib/python2.7/dist-packages/oslo_messaging/_drivers/impl_rabbit.py:1054
2017-04-07 06:39:40.496 10977 DEBUG oslo.messaging._drivers.impl_rabbit [-] Timed out waiting for RPC response: Timeout while waiting on RPC response - topic: "", RPC method: "" info: "" _raise_timeout /usr/local/lib/python2.7/dist-packages/oslo_messaging/_drivers/impl_rabbit.py:1054
2017-04-07 06:39:42.109 10989 INFO eventlet.wsgi.server [req-67a1fe8f-09ec-424b-9683-cc163f8e76b8 - - - - -] 127.0.0.1 "GET /v1/nodes/e1369efa-5391-5035-8533-3a065c44a584 HTTP/1.1" status: 200 len: 1755 time: 0.0274000
2017-04-07 06:39:42.359 10985 INFO eventlet.wsgi.server [req-93d12e24-a6c2-464f-9ad8-b01c04d261b8 - - - - -] 127.0.0.1 "GET /v1/nodes/93494378-56ee-5e22-b6f0-e3be3a9ebdf1 HTTP/1.1" status: 200 len: 1748 time: 0.0278881
2017-04-07 06:39:42.362 10989 INFO eventlet.wsgi.server [req-6b033b1e-820f-4a9a-9b50-577a23aac1a1 - - - - -] 127.0.0.1 "GET /v1/nodes/c1a56cb3-fcef-59d5-8105-7e6815154f70 HTTP/1.1" status: 200 len: 1752 time: 0.0265160
2017-04-07 06:39:42.415 10978 DEBUG oslo.messaging._drivers.impl_rabbit [-] Timed out waiting for RPC response: timed out _raise_timeout /usr/local/lib/python2.7/dist-packages/oslo_messaging/_drivers/impl_rabbit.py:1054
2017-04-07 06:39:42.416 10978 DEBUG oslo.messaging._drivers.impl_rabbit [-] Timed out waiting for RPC response: Timeout while waiting on RPC response - topic: "", RPC method: "" info: "" _raise_timeout /usr/local/lib/python2.7/dist-packages/oslo_messaging/_drivers/impl_rabbit.py:1054
2017-04-07 06:39:42.448 10981 DEBUG oslo.messaging._drivers.impl_rabbit [-] Timed out waiting for RPC response: timed out _raise_timeout /usr/local/lib/python2.7/dist-packages/oslo_messaging/_drivers/impl_rabbit.py:1054
2017-04-07 06:39:42.448 10981 DEBUG oslo.messaging._drivers.impl_rabbit [-] Timed out waiting for RPC response: Timeout while waiting on RPC response - topic: "", RPC method: "" info: "" _raise_timeout /usr/local/lib/python2.7/dist-packages/oslo_messaging/_drivers/impl_rabbit.py:1054
2017-04-07 06:39:42.498 10977 DEBUG oslo.messaging._drivers.impl_rabbit [-] Timed out waiting for RPC response: timed out _raise_timeout /usr/local/lib/python2.7/dist-packages/oslo_messaging/_drivers/impl_rabbit.py:1054
2017-04-07 06:39:42.499 10977 DEBUG oslo.messaging._drivers.impl_rabbit [-] Timed out waiting for RPC response: Timeout while waiting on RPC response - topic: "", RPC method: "" info: "" _raise_timeout /usr/local/lib/python2.7/dist-packages/oslo_messaging/_drivers/impl_rabbit.py:1054
2017-04-07 06:39:44.065 10989 DEBUG oslo.messaging._drivers.impl_rabbit [-] Timed out waiting for RPC response: timed out _raise_timeout /usr/local/lib/python2.7/dist-packages/oslo_messaging/_drivers/impl_rabbit.py:1054
2017-04-07 06:39:44.065 10989 DEBUG oslo.messaging._drivers.impl_rabbit [-] Timed out waiting for RPC response: Timeout while waiting on RPC response - topic: "", RPC method: "" info: "" _raise_timeout /usr/local/lib/python2.7/dist-packages/oslo_messaging/_drivers/impl_rabbit.py:1054
2017-04-07 06:39:44.083 10984 DEBUG oslo.messaging._drivers.impl_rabbit [-] Timed out waiting for RPC response: timed out _raise_timeout /usr/local/lib/python2.7/dist-packages/oslo_messaging/_drivers/impl_rabbit.py:1054
2017-04-07 06:39:44.084 10984 DEBUG oslo.messaging._drivers.impl_rabbit [-] Timed out waiting for RPC response: Timeout while waiting on RPC response - topic: "", RPC method: "" info: "" _raise_timeout /usr/local/lib/python2.7/dist-packages/oslo_messaging/_drivers/impl_rabbit.py:1054
2017-04-07 06:39:44.137 10989 INFO eventlet.wsgi.server [req-e4d7a426-21d1-41ae-9170-ea81821491d5 - - - - -] 127.0.0.1 "GET /v1/nodes/e1369efa-5391-5035-8533-3a065c44a584 HTTP/1.1" status: 200 len: 1755 time: 0.0248489
2017-04-07 06:39:44.381 10989 INFO eventlet.wsgi.server [req-9dae48d9-c00a-41ba-be25-b2bcd1a92b44 - - - - -] 127.0.0.1 "GET /v1/nodes/c1a56cb3-fcef-59d5-8105-7e6815154f70 HTTP/1.1" status: 200 len: 1752 time: 0.0167749
2017-04-07 06:39:44.392 10985 INFO eventlet.wsgi.server [req-4836496b-2a5e-41a0-b909-13e2ce87b7a0 - - - - -] 127.0.0.1 "GET /v1/nodes/93494378-56ee-5e22-b6f0-e3be3a9ebdf1 HTTP/1.1" status: 200 len: 1748 time: 0.0282171
2017-04-07 06:39:44.410 10985 DEBUG oslo.messaging._drivers.impl_rabbit [-] Timed out waiting for RPC response: timed out _raise_timeout /usr/local/lib/python2.7/dist-packages/oslo_messaging/_drivers/impl_rabbit.py:1054
2017-04-07 06:39:44.411 10985 DEBUG oslo.messaging._drivers.impl_rabbit [-] Timed out waiting for RPC response: Timeout while waiting on RPC response - topic: "", RPC method: "" info: "" _raise_timeout /usr/local/lib/python2.7/dist-packages/oslo_messaging/_drivers/impl_rabbit.py:1054
2017-04-07 06:39:45.066 10989 DEBUG oslo.messaging._drivers.impl_rabbit [-] Timed out waiting for RPC response: timed out _raise_timeout /usr/local/lib/python2.7/dist-packages/oslo_messaging/_drivers/impl_rabbit.py:1054
2017-04-07 06:39:45.067 10989 DEBUG oslo.messaging._drivers.impl_rabbit [-] Timed out waiting for RPC response: Timeout while waiting on RPC response - topic: "", RPC method: "" info: "" _raise_timeout /usr/local/lib/python2.7/dist-packages/oslo_messaging/_drivers/impl_rabbit.py:1054
2017-04-07 06:39:45.412 10985 DEBUG oslo.messaging._drivers.impl_rabbit [-] Timed out waiting for RPC response: timed out _raise_timeout /usr/local/lib/python2.7/dist-packages/oslo_messaging/_drivers/impl_rabbit.py:1054
2017-04-07 06:39:45.413 10985 DEBUG oslo.messaging._drivers.impl_rabbit [-] Timed out waiting for RPC response: Timeout while waiting on RPC response - topic: "", RPC method: "" info: "" _raise_timeout /usr/local/lib/python2.7/dist-packages/oslo_messaging/_drivers/impl_rabbit.py:1054
2017-04-07 06:39:46.169 10989 INFO eventlet.wsgi.server [req-21163d32-b9ce-40cb-9e2b-67e1c4a802e8 - - - - -] 127.0.0.1 "GET /v1/nodes/e1369efa-5391-5035-8533-3a065c44a584 HTTP/1.1" status: 200 len: 1755 time: 0.0271158
2017-04-07 06:39:46.414 10989 INFO eventlet.wsgi.server [req-7abe16d6-0da9-4ba4-8b20-98a3a9701cf4 - - - - -] 127.0.0.1 "GET /v1/nodes/c1a56cb3-fcef-59d5-8105-7e6815154f70 HTTP/1.1" status: 200 len: 1752 time: 0.0289729
2017-04-07 06:39:46.420 10978 DEBUG oslo.messaging._drivers.impl_rabbit [-] Timed out waiting for RPC response: timed out _raise_timeout /usr/local/lib/python2.7/dist-packages/oslo_messaging/_drivers/impl_rabbit.py:1054
2017-04-07 06:39:46.421 10978 DEBUG oslo.messaging._drivers.impl_rabbit [-] Timed out waiting for RPC response: Timeout while waiting on RPC response - topic: "", RPC method: "" info: "" _raise_timeout /usr/local/lib/python2.7/dist-packages/oslo_messaging/_drivers/impl_rabbit.py:1054
2017-04-07 06:39:46.428 10985 INFO eventlet.wsgi.server [req-90d1f543-9bbc-4091-a6a8-8c300de91799 - - - - -] 127.0.0.1 "GET /v1/nodes/93494378-56ee-5e22-b6f0-e3be3a9ebdf1 HTTP/1.1" status: 200 len: 1748 time: 0.0307419
2017-04-07 06:39:46.452 10981 DEBUG oslo.messaging._drivers.impl_rabbit [-] Timed out waiting for RPC response: timed out _raise_timeout /usr/local/lib/python2.7/dist-packages/oslo_messaging/_drivers/impl_rabbit.py:1054
2017-04-07 06:39:46.452 10981 DEBUG oslo.messaging._drivers.impl_rabbit [-] Timed out waiting for RPC response: Timeout while waiting on RPC response - topic: "", RPC method: "" info: "" _raise_timeout /usr/local/lib/python2.7/dist-packages/oslo_messaging/_drivers/impl_rabbit.py:1054
2017-04-07 06:39:46.503 10977 DEBUG oslo.messaging._drivers.impl_rabbit [-] Timed out waiting for RPC response: timed out _raise_timeout /usr/local/lib/python2.7/dist-packages/oslo_messaging/_drivers/impl_rabbit.py:1054
2017-04-07 06:39:46.503 10977 DEBUG oslo.messaging._drivers.impl_rabbit [-] Timed out waiting for RPC response: Timeout while waiting on RPC response - topic: "", RPC method: "" info: "" _raise_timeout /usr/local/lib/python2.7/dist-packages/oslo_messaging/_drivers/impl_rabbit.py:1054
2017-04-07 06:39:47.068 10989 DEBUG oslo.messaging._drivers.impl_rabbit [-] Timed out waiting for RPC response: timed out _raise_timeout /usr/local/lib/python2.7/dist-packages/oslo_messaging/_drivers/impl_rabbit.py:1054
2017-04-07 06:39:47.069 10989 DEBUG oslo.messaging._drivers.impl_rabbit [-] Timed out waiting for RPC response: Timeout while waiting on RPC response - topic: "", RPC method: "" info: "" _raise_timeout /usr/local/lib/python2.7/dist-packages/oslo_messaging/_drivers/impl_rabbit.py:1054
2017-04-07 06:39:47.414 10985 DEBUG oslo.messaging._drivers.impl_rabbit [-] Timed out waiting for RPC response: timed out _raise_timeout /usr/local/lib/python2.7/dist-packages/oslo_messaging/_drivers/impl_rabbit.py:1054
2017-04-07 06:39:47.415 10985 DEBUG oslo.messaging._drivers.impl_rabbit [-] Timed out waiting for RPC response: Timeout while waiting on RPC response - topic: "", RPC method: "" info: "" _raise_timeout /usr/local/lib/python2.7/dist-packages/oslo_messaging/_drivers/impl_rabbit.py:1054
2017-04-07 06:39:48.204 10989 INFO eventlet.wsgi.server [req-d5eef70f-7b8e-4d4d-8d2a-5d1eb506bf86 - - - - -] 127.0.0.1 "GET /v1/nodes/e1369efa-5391-5035-8533-3a065c44a584 HTTP/1.1" status: 200 len: 1755 time: 0.0289609
2017-04-07 06:39:48.447 10989 INFO eventlet.wsgi.server [req-5332ec8b-0285-4da0-b0b6-1bfd048da67a - - - - -] 127.0.0.1 "GET /v1/nodes/c1a56cb3-fcef-59d5-8105-7e6815154f70 HTTP/1.1" status: 200 len: 1752 time: 0.0273159
2017-04-07 06:39:48.460 10985 INFO eventlet.wsgi.server [req-43998363-1af0-4ba1-9722-b3a31762df47 - - - - -] 127.0.0.1 "GET /v1/nodes/93494378-56ee-5e22-b6f0-e3be3a9ebdf1 HTTP/1.1" status: 200 len: 1748 time: 0.0266459
2017-04-07 06:39:50.240 10989 INFO eventlet.wsgi.server [req-9d8081c8-22e8-4b0c-8bc8-47f500e58b32 - - - - -] 127.0.0.1 "GET /v1/nodes/e1369efa-5391-5035-8533-3a065c44a584 HTTP/1.1" status: 200 len: 1755 time: 0.0291679
2017-04-07 06:39:50.483 10989 INFO eventlet.wsgi.server [req-79bcec49-8b9d-4938-8ea5-433d062d22dd - - - - -] 127.0.0.1 "GET /v1/nodes/c1a56cb3-fcef-59d5-8105-7e6815154f70 HTTP/1.1" status: 200 len: 1752 time: 0.0300329
2017-04-07 06:39:50.495 10985 INFO eventlet.wsgi.server [req-5474a13d-2d8f-46bb-9064-4591b682ef7f - - - - -] 127.0.0.1 "GET /v1/nodes/93494378-56ee-5e22-b6f0-e3be3a9ebdf1 HTTP/1.1" status: 200 len: 1748 time: 0.0279560
2017-04-07 06:39:50.829 10984 DEBUG oslo.messaging._drivers.impl_rabbit [-] Timed out waiting for RPC response: timed out _raise_timeout /usr/local/lib/python2.7/dist-packages/oslo_messaging/_drivers/impl_rabbit.py:1054
2017-04-07 06:39:50.830 10984 DEBUG oslo.messaging._drivers.impl_rabbit [-] Timed out waiting for RPC response: Timeout while waiting on RPC response - topic: "", RPC method: "" info: "" _raise_timeout /usr/local/lib/python2.7/dist-packages/oslo_messaging/_drivers/impl_rabbit.py:1054
2017-04-07 06:39:51.070 10989 DEBUG oslo.messaging._drivers.impl_rabbit [-] Timed out waiting for RPC response: timed out _raise_timeout /usr/local/lib/python2.7/dist-packages/oslo_messaging/_drivers/impl_rabbit.py:1054
2017-04-07 06:39:51.071 10989 DEBUG oslo.messaging._drivers.impl_rabbit [-] Timed out waiting for RPC response: Timeout while waiting on RPC response - topic: "", RPC method: "" info: "" _raise_timeout /usr/local/lib/python2.7/dist-packages/oslo_messaging/_drivers/impl_rabbit.py:1054
2017-04-07 06:39:51.417 10985 DEBUG oslo.messaging._drivers.impl_rabbit [-] Timed out waiting for RPC response: timed out _raise_timeout /usr/local/lib/python2.7/dist-packages/oslo_messaging/_drivers/impl_rabbit.py:1054
2017-04-07 06:39:51.418 10985 DEBUG oslo.messaging._drivers.impl_rabbit [-] Timed out waiting for RPC response: Timeout while waiting on RPC response - topic: "", RPC method: "" info: "" _raise_timeout /usr/local/lib/python2.7/dist-packages/oslo_messaging/_drivers/impl_rabbit.py:1054
2017-04-07 06:39:51.831 10984 DEBUG oslo.messaging._drivers.impl_rabbit [-] Timed out waiting for RPC response: timed out _raise_timeout /usr/local/lib/python2.7/dist-packages/oslo_messaging/_drivers/impl_rabbit.py:1054
2017-04-07 06:39:51.832 10984 DEBUG oslo.messaging._drivers.impl_rabbit [-] Timed out waiting for RPC response: Timeout while waiting on RPC response - topic: "", RPC method: "" info: "" _raise_timeout /usr/local/lib/python2.7/dist-packages/oslo_messaging/_drivers/impl_rabbit.py:1054
2017-04-07 06:39:52.275 10989 INFO eventlet.wsgi.server [req-258fd463-6afc-4df3-b660-536b21deada3 - - - - -] 127.0.0.1 "GET /v1/nodes/e1369efa-5391-5035-8533-3a065c44a584 HTTP/1.1" status: 200 len: 1755 time: 0.0293269
2017-04-07 06:39:52.517 10989 INFO eventlet.wsgi.server [req-1d545d04-0dcd-4bfd-967c-08d9357dc560 - - - - -] 127.0.0.1 "GET /v1/nodes/c1a56cb3-fcef-59d5-8105-7e6815154f70 HTTP/1.1" status: 200 len: 1752 time: 0.0286889
2017-04-07 06:39:52.525 10985 INFO eventlet.wsgi.server [req-9d7ab149-b9f3-42bb-9c87-8b896cc3e64f - - - - -] 127.0.0.1 "GET /v1/nodes/93494378-56ee-5e22-b6f0-e3be3a9ebdf1 HTTP/1.1" status: 200 len: 1748 time: 0.0250571
2017-04-07 06:39:53.834 10984 DEBUG oslo.messaging._drivers.impl_rabbit [-] Timed out waiting for RPC response: timed out _raise_timeout /usr/local/lib/python2.7/dist-packages/oslo_messaging/_drivers/impl_rabbit.py:1054
2017-04-07 06:39:53.835 10984 DEBUG oslo.messaging._drivers.impl_rabbit [-] Timed out waiting for RPC response: Timeout while waiting on RPC response - topic: "", RPC method: "" info: "" _raise_timeout /usr/local/lib/python2.7/dist-packages/oslo_messaging/_drivers/impl_rabbit.py:1054
2017-04-07 06:39:54.310 10989 INFO eventlet.wsgi.server [req-8d313037-7d1b-47e8-ad92-3633a736e967 - - - - -] 127.0.0.1 "GET /v1/nodes/e1369efa-5391-5035-8533-3a065c44a584 HTTP/1.1" status: 200 len: 1755 time: 0.0294700
2017-04-07 06:39:54.424 10978 DEBUG oslo.messaging._drivers.impl_rabbit [-] Timed out waiting for RPC response: timed out _raise_timeout /usr/local/lib/python2.7/dist-packages/oslo_messaging/_drivers/impl_rabbit.py:1054
2017-04-07 06:39:54.425 10978 DEBUG oslo.messaging._drivers.impl_rabbit [-] Timed out waiting for RPC response: Timeout while waiting on RPC response - topic: "", RPC method: "" info: "" _raise_timeout /usr/local/lib/python2.7/dist-packages/oslo_messaging/_drivers/impl_rabbit.py:1054
2017-04-07 06:39:54.457 10981 DEBUG oslo.messaging._drivers.impl_rabbit [-] Timed out waiting for RPC response: timed out _raise_timeout /usr/local/lib/python2.7/dist-packages/oslo_messaging/_drivers/impl_rabbit.py:1054
2017-04-07 06:39:54.458 10981 DEBUG oslo.messaging._drivers.impl_rabbit [-] Timed out waiting for RPC response: Timeout while waiting on RPC response - topic: "", RPC method: "" info: "" _raise_timeout /usr/local/lib/python2.7/dist-packages/oslo_messaging/_drivers/impl_rabbit.py:1054
2017-04-07 06:39:54.510 10977 DEBUG oslo.messaging._drivers.impl_rabbit [-] Timed out waiting for RPC response: timed out _raise_timeout /usr/local/lib/python2.7/dist-packages/oslo_messaging/_drivers/impl_rabbit.py:1054
2017-04-07 06:39:54.511 10977 DEBUG oslo.messaging._drivers.impl_rabbit [-] Timed out waiting for RPC response: Timeout while waiting on RPC response - topic: "", RPC method: "" info: "" _raise_timeout /usr/local/lib/python2.7/dist-packages/oslo_messaging/_drivers/impl_rabbit.py:1054
2017-04-07 06:39:54.553 10989 INFO eventlet.wsgi.server [req-d931830d-ab44-413e-9812-f31bd717b765 - - - - -] 127.0.0.1 "GET /v1/nodes/c1a56cb3-fcef-59d5-8105-7e6815154f70 HTTP/1.1" status: 200 len: 1752 time: 0.0315559
2017-04-07 06:39:54.558 10985 INFO eventlet.wsgi.server [req-3fdc0073-515c-41b5-9835-5bac365ef29f - - - - -] 127.0.0.1 "GET /v1/nodes/93494378-56ee-5e22-b6f0-e3be3a9ebdf1 HTTP/1.1" status: 200 len: 1748 time: 0.0292840
2017-04-07 06:39:56.344 10989 INFO eventlet.wsgi.server [req-a4566357-eacd-4204-8253-09bd5f9a8c4f - - - - -] 127.0.0.1 "GET /v1/nodes/e1369efa-5391-5035-8533-3a065c44a584 HTTP/1.1" status: 200 len: 1755 time: 0.0285060
2017-04-07 06:39:56.586 10989 INFO eventlet.wsgi.server [req-1647f440-37d4-4b56-bb18-0012e5475cef - - - - -] 127.0.0.1 "GET /v1/nodes/c1a56cb3-fcef-59d5-8105-7e6815154f70 HTTP/1.1" status: 200 len: 1752 time: 0.0271370
2017-04-07 06:39:56.592 10985 INFO eventlet.wsgi.server [req-7a4d5fc6-23c1-4c39-b931-651c6681d787 - - - - -] 127.0.0.1 "GET /v1/nodes/93494378-56ee-5e22-b6f0-e3be3a9ebdf1 HTTP/1.1" status: 200 len: 1748 time: 0.0285110
2017-04-07 06:39:57.839 10984 DEBUG oslo.messaging._drivers.impl_rabbit [-] Timed out waiting for RPC response: timed out _raise_timeout /usr/local/lib/python2.7/dist-packages/oslo_messaging/_drivers/impl_rabbit.py:1054
2017-04-07 06:39:57.839 10984 DEBUG oslo.messaging._drivers.impl_rabbit [-] Timed out waiting for RPC response: Timeout while waiting on RPC response - topic: "", RPC method: "" info: "" _raise_timeout /usr/local/lib/python2.7/dist-packages/oslo_messaging/_drivers/impl_rabbit.py:1054
2017-04-07 06:39:58.377 10989 INFO eventlet.wsgi.server [req-8f901b1b-7f74-40bb-ab71-3d15ba28ada2 - - - - -] 127.0.0.1 "GET /v1/nodes/e1369efa-5391-5035-8533-3a065c44a584 HTTP/1.1" status: 200 len: 1755 time: 0.0279279
2017-04-07 06:39:58.613 10985 INFO eventlet.wsgi.server [req-2747d246-c0d8-458c-8987-12a778e65202 - - - - -] 127.0.0.1 "GET /v1/nodes/93494378-56ee-5e22-b6f0-e3be3a9ebdf1 HTTP/1.1" status: 200 len: 1748 time: 0.0164080
2017-04-07 06:39:58.620 10989 INFO eventlet.wsgi.server [req-52606708-2a08-4284-902d-ab7b5607c53c - - - - -] 127.0.0.1 "GET /v1/nodes/c1a56cb3-fcef-59d5-8105-7e6815154f70 HTTP/1.1" status: 200 len: 1752 time: 0.0283070
2017-04-07 06:39:59.073 10989 DEBUG oslo.messaging._drivers.impl_rabbit [-] Timed out waiting for RPC response: timed out _raise_timeout /usr/local/lib/python2.7/dist-packages/oslo_messaging/_drivers/impl_rabbit.py:1054
2017-04-07 06:39:59.074 10989 DEBUG oslo.messaging._drivers.impl_rabbit [-] Timed out waiting for RPC response: Timeout while waiting on RPC response - topic: "", RPC method: "" info: "" _raise_timeout /usr/local/lib/python2.7/dist-packages/oslo_messaging/_drivers/impl_rabbit.py:1054
2017-04-07 06:39:59.421 10985 DEBUG oslo.messaging._drivers.impl_rabbit [-] Timed out waiting for RPC response: timed out _raise_timeout /usr/local/lib/python2.7/dist-packages/oslo_messaging/_drivers/impl_rabbit.py:1054
2017-04-07 06:39:59.421 10985 DEBUG oslo.messaging._drivers.impl_rabbit [-] Timed out waiting for RPC response: Timeout while waiting on RPC response - topic: "", RPC method: "" info: "" _raise_timeout /usr/local/lib/python2.7/dist-packages/oslo_messaging/_drivers/impl_rabbit.py:1054
2017-04-07 06:40:00.411 10989 INFO eventlet.wsgi.server [req-684ae0a7-809c-449f-8d52-22540c4cf821 - - - - -] 127.0.0.1 "GET /v1/nodes/e1369efa-5391-5035-8533-3a065c44a584 HTTP/1.1" status: 200 len: 1755 time: 0.0288792
2017-04-07 06:40:00.648 10985 INFO eventlet.wsgi.server [req-4e4358d9-3025-4bdb-b0d2-fa7574a9581e - - - - -] 127.0.0.1 "GET /v1/nodes/93494378-56ee-5e22-b6f0-e3be3a9ebdf1 HTTP/1.1" status: 200 len: 1748 time: 0.0299232
2017-04-07 06:40:00.656 10989 INFO eventlet.wsgi.server [req-6530c609-501a-4b0f-9e44-fbfba53dc51e - - - - -] 127.0.0.1 "GET /v1/nodes/c1a56cb3-fcef-59d5-8105-7e6815154f70 HTTP/1.1" status: 200 len: 1752 time: 0.0308750
2017-04-07 06:40:02.444 10989 INFO eventlet.wsgi.server [req-9545ae77-8ff2-4f00-a435-a273d46e1869 - - - - -] 127.0.0.1 "GET /v1/nodes/e1369efa-5391-5035-8533-3a065c44a584 HTTP/1.1" status: 200 len: 1755 time: 0.0266159
2017-04-07 06:40:02.677 10985 INFO eventlet.wsgi.server [req-6a27fd9e-121f-4051-98c7-2496ce9c41c2 - - - - -] 127.0.0.1 "GET /v1/nodes/93494378-56ee-5e22-b6f0-e3be3a9ebdf1 HTTP/1.1" status: 200 len: 1748 time: 0.0231199
2017-04-07 06:40:02.689 10989 INFO eventlet.wsgi.server [req-90931247-9e3f-45c3-9e2d-7e08ce9d0e57 - - - - -] 127.0.0.1 "GET /v1/nodes/c1a56cb3-fcef-59d5-8105-7e6815154f70 HTTP/1.1" status: 200 len: 1752 time: 0.0278149
2017-04-07 06:40:04.478 10989 INFO eventlet.wsgi.server [req-60641aa8-29ec-40f8-9edb-5f1fa0d26be6 - - - - -] 127.0.0.1 "GET /v1/nodes/e1369efa-5391-5035-8533-3a065c44a584 HTTP/1.1" status: 200 len: 1755 time: 0.0288780
2017-04-07 06:40:04.711 10985 INFO eventlet.wsgi.server [req-d5954c40-b4b2-4372-b6e1-f7a37cee8d25 - - - - -] 127.0.0.1 "GET /v1/nodes/93494378-56ee-5e22-b6f0-e3be3a9ebdf1 HTTP/1.1" status: 200 len: 1748 time: 0.0286069
2017-04-07 06:40:04.716 10989 INFO eventlet.wsgi.server [req-774b2e17-55b5-4586-bf07-9521add6e0cc - - - - -] 127.0.0.1 "GET /v1/nodes/c1a56cb3-fcef-59d5-8105-7e6815154f70 HTTP/1.1" status: 200 len: 1752 time: 0.0224440
2017-04-07 06:40:05.843 10984 DEBUG oslo.messaging._drivers.impl_rabbit [-] Timed out waiting for RPC response: timed out _raise_timeout /usr/local/lib/python2.7/dist-packages/oslo_messaging/_drivers/impl_rabbit.py:1054
2017-04-07 06:40:05.843 10984 DEBUG oslo.messaging._drivers.impl_rabbit [-] Timed out waiting for RPC response: Timeout while waiting on RPC response - topic: "", RPC method: "" info: "" _raise_timeout /usr/local/lib/python2.7/dist-packages/oslo_messaging/_drivers/impl_rabbit.py:1054
2017-04-07 06:40:06.515 10989 INFO eventlet.wsgi.server [req-ab0756e4-9f38-430f-a56e-f98f52fe6c46 - - - - -] 127.0.0.1 "GET /v1/nodes/e1369efa-5391-5035-8533-3a065c44a584 HTTP/1.1" status: 200 len: 1755 time: 0.0307410
2017-04-07 06:40:06.736 10985 INFO eventlet.wsgi.server [req-929791fd-e11c-4a10-b3fe-e88e82a9d1e4 - - - - -] 127.0.0.1 "GET /v1/nodes/93494378-56ee-5e22-b6f0-e3be3a9ebdf1 HTTP/1.1" status: 200 len: 1748 time: 0.0180001
2017-04-07 06:40:06.753 10989 INFO eventlet.wsgi.server [req-e3f80acb-e9ca-493d-b92c-20eab81c4ee4 - - - - -] 127.0.0.1 "GET /v1/nodes/c1a56cb3-fcef-59d5-8105-7e6815154f70 HTTP/1.1" status: 200 len: 1752 time: 0.0313931
2017-04-07 06:40:07.527 10989 INFO eventlet.wsgi.server [req-7eaabe1f-3649-42b3-a1d4-4c0146108cd5 - - - - -] 127.0.0.1 "GET /v1/nodes/c1a56cb3-fcef-59d5-8105-7e6815154f70 HTTP/1.1" status: 200 len: 1771 time: 0.0269821
2017-04-07 06:40:07.616 10989 INFO eventlet.wsgi.server [req-48df6666-4aca-46a8-975c-8e484f9529dc - - - - -] 127.0.0.1 "GET /v1/nodes/c1a56cb3-fcef-59d5-8105-7e6815154f70/ports HTTP/1.1" status: 200 len: 623 time: 0.0384779
2017-04-07 06:40:07.804 10989 INFO eventlet.wsgi.server [req-9392e642-b2eb-4ba7-820d-b6d021c8ad6c - - - - -] 127.0.0.1 "PATCH /v1/nodes/c1a56cb3-fcef-59d5-8105-7e6815154f70 HTTP/1.1" status: 200 len: 1791 time: 0.1806159
2017-04-07 06:40:07.805 10989 DEBUG oslo.messaging._drivers.impl_rabbit [-] Timed out waiting for RPC response: timed out _raise_timeout /usr/local/lib/python2.7/dist-packages/oslo_messaging/_drivers/impl_rabbit.py:1054
2017-04-07 06:40:07.806 10989 DEBUG oslo.messaging._drivers.impl_rabbit [-] Timed out waiting for RPC response: Timeout while waiting on RPC response - topic: "", RPC method: "" info: "" _raise_timeout /usr/local/lib/python2.7/dist-packages/oslo_messaging/_drivers/impl_rabbit.py:1054
2017-04-07 06:40:07.992 10989 INFO eventlet.wsgi.server [req-9bd4f82f-ca92-445f-8fef-97a84ef3ee28 - - - - -] 127.0.0.1 "PATCH /v1/nodes/c1a56cb3-fcef-59d5-8105-7e6815154f70 HTTP/1.1" status: 200 len: 1841 time: 0.1817000
2017-04-07 06:40:07.993 10989 DEBUG oslo.messaging._drivers.impl_rabbit [-] Timed out waiting for RPC response: timed out _raise_timeout /usr/local/lib/python2.7/dist-packages/oslo_messaging/_drivers/impl_rabbit.py:1054
2017-04-07 06:40:07.994 10989 DEBUG oslo.messaging._drivers.impl_rabbit [-] Timed out waiting for RPC response: Timeout while waiting on RPC response - topic: "", RPC method: "" info: "" _raise_timeout /usr/local/lib/python2.7/dist-packages/oslo_messaging/_drivers/impl_rabbit.py:1054
2017-04-07 06:40:08.032 10974 DEBUG oslo_concurrency.lockutils [req-67fb3425-c8cd-44c0-9420-98e1d24cce73 - - - - -] Lock "policy_enforcer" acquired by "ironic.common.policy.init_enforcer" :: waited 0.000s inner /usr/local/lib/python2.7/dist-packages/oslo_concurrency/lockutils.py:270
2017-04-07 06:40:08.034 10974 DEBUG oslo_concurrency.lockutils [req-67fb3425-c8cd-44c0-9420-98e1d24cce73 - - - - -] Lock "policy_enforcer" released by "ironic.common.policy.init_enforcer" :: held 0.002s inner /usr/local/lib/python2.7/dist-packages/oslo_concurrency/lockutils.py:282
2017-04-07 06:40:08.035 10974 DEBUG oslo_policy._cache_handler [req-67fb3425-c8cd-44c0-9420-98e1d24cce73 - - - - -] Reloading cached file /etc/ironic/policy.json read_cached_file /usr/local/lib/python2.7/dist-packages/oslo_policy/_cache_handler.py:40
2017-04-07 06:40:08.036 10974 DEBUG oslo_policy.policy [req-67fb3425-c8cd-44c0-9420-98e1d24cce73 - - - - -] Reloaded policy file: /etc/ironic/policy.json _load_policy_file /usr/local/lib/python2.7/dist-packages/oslo_policy/policy.py:684
2017-04-07 06:40:08.040 10974 DEBUG oslo_db.api [req-67fb3425-c8cd-44c0-9420-98e1d24cce73 - - - - -] Loading backend 'sqlalchemy' from 'ironic.db.sqlalchemy.api' _load_backend /usr/local/lib/python2.7/dist-packages/oslo_db/api.py:237
2017-04-07 06:40:08.166 10974 DEBUG oslo_db.sqlalchemy.engines [req-67fb3425-c8cd-44c0-9420-98e1d24cce73 - - - - -] MySQL server mode set to STRICT_TRANS_TABLES,STRICT_ALL_TABLES,NO_ZERO_IN_DATE,NO_ZERO_DATE,ERROR_FOR_DIVISION_BY_ZERO,TRADITIONAL,NO_AUTO_CREATE_USER,NO_ENGINE_SUBSTITUTION _check_effective_sql_mode /usr/local/lib/python2.7/dist-packages/oslo_db/sqlalchemy/engines.py:260
2017-04-07 06:40:08.195 10974 DEBUG oslo.messaging._drivers.pool [req-67fb3425-c8cd-44c0-9420-98e1d24cce73 - - - - -] Pool creating new connection create /usr/local/lib/python2.7/dist-packages/oslo_messaging/_drivers/pool.py:143
2017-04-07 06:40:08.196 10974 WARNING oslo_config.cfg [req-67fb3425-c8cd-44c0-9420-98e1d24cce73 - - - - -] Option "rabbit_userid" from group "DEFAULT" is deprecated. Use option "rabbit_userid" from group "oslo_messaging_rabbit".
2017-04-07 06:40:08.196 10974 WARNING oslo_config.cfg [req-67fb3425-c8cd-44c0-9420-98e1d24cce73 - - - - -] Option "rabbit_userid" from group "oslo_messaging_rabbit" is deprecated for removal. Its value may be silently ignored in the future.
2017-04-07 06:40:08.196 10974 WARNING oslo_config.cfg [req-67fb3425-c8cd-44c0-9420-98e1d24cce73 - - - - -] Option "rabbit_password" from group "DEFAULT" is deprecated. Use option "rabbit_password" from group "oslo_messaging_rabbit".
2017-04-07 06:40:08.196 10974 WARNING oslo_config.cfg [req-67fb3425-c8cd-44c0-9420-98e1d24cce73 - - - - -] Option "rabbit_password" from group "oslo_messaging_rabbit" is deprecated for removal. Its value may be silently ignored in the future.
2017-04-07 06:40:08.200 10974 DEBUG oslo.messaging._drivers.impl_rabbit [req-67fb3425-c8cd-44c0-9420-98e1d24cce73 - - - - -] [4282b0c0-5988-46f6-8cea-cb346f92f35e] Connecting to AMQP server on localhost:5672 __init__ /usr/local/lib/python2.7/dist-packages/oslo_messaging/_drivers/impl_rabbit.py:597
2017-04-07 06:40:08.209 10974 DEBUG oslo.messaging._drivers.impl_rabbit [req-67fb3425-c8cd-44c0-9420-98e1d24cce73 - - - - -] [4282b0c0-5988-46f6-8cea-cb346f92f35e] Connected to AMQP server on 127.0.0.1:5672 via [amqp] client with port 39186. __init__ /usr/local/lib/python2.7/dist-packages/oslo_messaging/_drivers/impl_rabbit.py:644
2017-04-07 06:40:08.210 10974 DEBUG oslo.messaging._drivers.impl_rabbit [req-67fb3425-c8cd-44c0-9420-98e1d24cce73 - - - - -] [4282b0c0-5988-46f6-8cea-cb346f92f35e] Queue.declare: reply_2796945a878e47f4919fc976eb74a0bf declare /usr/local/lib/python2.7/dist-packages/oslo_messaging/_drivers/impl_rabbit.py:303
2017-04-07 06:40:08.215 10974 DEBUG oslo.messaging._drivers.pool [req-67fb3425-c8cd-44c0-9420-98e1d24cce73 - - - - -] Pool creating new connection create /usr/local/lib/python2.7/dist-packages/oslo_messaging/_drivers/pool.py:143
2017-04-07 06:40:08.215 10974 DEBUG oslo.messaging._drivers.impl_rabbit [req-67fb3425-c8cd-44c0-9420-98e1d24cce73 - - - - -] [28daee8e-fa71-419e-b1b6-64570aaf5577] Connecting to AMQP server on localhost:5672 __init__ /usr/local/lib/python2.7/dist-packages/oslo_messaging/_drivers/impl_rabbit.py:597
2017-04-07 06:40:08.222 10974 DEBUG oslo.messaging._drivers.impl_rabbit [-] Timed out waiting for RPC response: timed out _raise_timeout /usr/local/lib/python2.7/dist-packages/oslo_messaging/_drivers/impl_rabbit.py:1054
2017-04-07 06:40:08.222 10974 DEBUG oslo.messaging._drivers.impl_rabbit [-] Timed out waiting for RPC response: Timeout while waiting on RPC response - topic: "", RPC method: "" info: "" _raise_timeout /usr/local/lib/python2.7/dist-packages/oslo_messaging/_drivers/impl_rabbit.py:1054
2017-04-07 06:40:08.224 10974 DEBUG oslo.messaging._drivers.impl_rabbit [req-67fb3425-c8cd-44c0-9420-98e1d24cce73 - - - - -] [28daee8e-fa71-419e-b1b6-64570aaf5577] Connected to AMQP server on 127.0.0.1:5672 via [amqp] client with port 39188. __init__ /usr/local/lib/python2.7/dist-packages/oslo_messaging/_drivers/impl_rabbit.py:644
2017-04-07 06:40:08.351 10974 INFO eventlet.wsgi.server [req-67fb3425-c8cd-44c0-9420-98e1d24cce73 - - - - -] 127.0.0.1 "PUT /v1/nodes/c1a56cb3-fcef-59d5-8105-7e6815154f70/states/power HTTP/1.1" status: 202 len: 384 time: 0.3262661
2017-04-07 06:40:08.352 10974 DEBUG oslo.messaging._drivers.impl_rabbit [-] Timed out waiting for RPC response: timed out _raise_timeout /usr/local/lib/python2.7/dist-packages/oslo_messaging/_drivers/impl_rabbit.py:1054
2017-04-07 06:40:08.353 10974 DEBUG oslo.messaging._drivers.impl_rabbit [-] Timed out waiting for RPC response: Timeout while waiting on RPC response - topic: "", RPC method: "" info: "" _raise_timeout /usr/local/lib/python2.7/dist-packages/oslo_messaging/_drivers/impl_rabbit.py:1054
2017-04-07 06:40:08.549 10989 INFO eventlet.wsgi.server [req-fed650e4-ab24-4101-9337-3b1573d53f93 - - - - -] 127.0.0.1 "GET /v1/nodes/e1369efa-5391-5035-8533-3a065c44a584 HTTP/1.1" status: 200 len: 1755 time: 0.0283110
2017-04-07 06:40:08.772 10985 INFO eventlet.wsgi.server [req-d5c2ad8b-c353-4be0-b5d8-ee90ac4847af - - - - -] 127.0.0.1 "GET /v1/nodes/93494378-56ee-5e22-b6f0-e3be3a9ebdf1 HTTP/1.1" status: 200 len: 1748 time: 0.0287480
2017-04-07 06:40:08.787 10989 INFO eventlet.wsgi.server [req-8c4f68c2-4464-4a0a-a1b1-8c70ec332d6f - - - - -] 127.0.0.1 "GET /v1/nodes/c1a56cb3-fcef-59d5-8105-7e6815154f70 HTTP/1.1" status: 200 len: 1829 time: 0.0290570
2017-04-07 06:40:08.997 10989 DEBUG oslo.messaging._drivers.impl_rabbit [-] Timed out waiting for RPC response: timed out _raise_timeout /usr/local/lib/python2.7/dist-packages/oslo_messaging/_drivers/impl_rabbit.py:1054
2017-04-07 06:40:08.999 10989 DEBUG oslo.messaging._drivers.impl_rabbit [-] Timed out waiting for RPC response: Timeout while waiting on RPC response - topic: "", RPC method: "" info: "" _raise_timeout /usr/local/lib/python2.7/dist-packages/oslo_messaging/_drivers/impl_rabbit.py:1054
2017-04-07 06:40:09.354 10974 DEBUG oslo.messaging._drivers.impl_rabbit [-] Timed out waiting for RPC response: timed out _raise_timeout /usr/local/lib/python2.7/dist-packages/oslo_messaging/_drivers/impl_rabbit.py:1054
2017-04-07 06:40:09.355 10974 DEBUG oslo.messaging._drivers.impl_rabbit [-] Timed out waiting for RPC response: Timeout while waiting on RPC response - topic: "", RPC method: "" info: "" _raise_timeout /usr/local/lib/python2.7/dist-packages/oslo_messaging/_drivers/impl_rabbit.py:1054
2017-04-07 06:40:10.429 10978 DEBUG oslo.messaging._drivers.impl_rabbit [-] Timed out waiting for RPC response: timed out _raise_timeout /usr/local/lib/python2.7/dist-packages/oslo_messaging/_drivers/impl_rabbit.py:1054
2017-04-07 06:40:10.430 10978 DEBUG oslo.messaging._drivers.impl_rabbit [-] Timed out waiting for RPC response: Timeout while waiting on RPC response - topic: "", RPC method: "" info: "" _raise_timeout /usr/local/lib/python2.7/dist-packages/oslo_messaging/_drivers/impl_rabbit.py:1054
2017-04-07 06:40:10.460 10981 DEBUG oslo.messaging._drivers.impl_rabbit [-] Timed out waiting for RPC response: timed out _raise_timeout /usr/local/lib/python2.7/dist-packages/oslo_messaging/_drivers/impl_rabbit.py:1054
2017-04-07 06:40:10.461 10981 DEBUG oslo.messaging._drivers.impl_rabbit [-] Timed out waiting for RPC response: Timeout while waiting on RPC response - topic: "", RPC method: "" info: "" _raise_timeout /usr/local/lib/python2.7/dist-packages/oslo_messaging/_drivers/impl_rabbit.py:1054
2017-04-07 06:40:10.513 10977 DEBUG oslo.messaging._drivers.impl_rabbit [-] Timed out waiting for RPC response: timed out _raise_timeout /usr/local/lib/python2.7/dist-packages/oslo_messaging/_drivers/impl_rabbit.py:1054
2017-04-07 06:40:10.514 10977 DEBUG oslo.messaging._drivers.impl_rabbit [-] Timed out waiting for RPC response: Timeout while waiting on RPC response - topic: "", RPC method: "" info: "" _raise_timeout /usr/local/lib/python2.7/dist-packages/oslo_messaging/_drivers/impl_rabbit.py:1054
2017-04-07 06:40:10.586 10989 INFO eventlet.wsgi.server [req-7932a814-9184-418c-8e01-7a9936fd64fe - - - - -] 127.0.0.1 "GET /v1/nodes/e1369efa-5391-5035-8533-3a065c44a584 HTTP/1.1" status: 200 len: 1755 time: 0.0304799
2017-04-07 06:40:10.823 10989 INFO eventlet.wsgi.server [req-2ac4c2ac-ed19-4c5c-a8dc-904d3f8e2219 - - - - -] 127.0.0.1 "GET /v1/nodes/c1a56cb3-fcef-59d5-8105-7e6815154f70 HTTP/1.1" status: 200 len: 1829 time: 0.0301831
2017-04-07 06:40:10.826 10985 INFO eventlet.wsgi.server [req-10b1233e-bed2-4d02-8a56-9b8c7ba2e80b - - - - -] 127.0.0.1 "GET /v1/nodes/93494378-56ee-5e22-b6f0-e3be3a9ebdf1 HTTP/1.1" status: 200 len: 1748 time: 0.0474322
2017-04-07 06:40:10.878 10981 INFO eventlet.wsgi.server [req-79cf07ed-7341-4e7d-8211-6de978c78c69 - - - - -] 127.0.0.1 "GET /v1/nodes HTTP/1.1" status: 200 len: 1477 time: 0.0839520
2017-04-07 06:40:11.000 10989 DEBUG oslo.messaging._drivers.impl_rabbit [-] Timed out waiting for RPC response: timed out _raise_timeout /usr/local/lib/python2.7/dist-packages/oslo_messaging/_drivers/impl_rabbit.py:1054
2017-04-07 06:40:11.002 10989 DEBUG oslo.messaging._drivers.impl_rabbit [-] Timed out waiting for RPC response: Timeout while waiting on RPC response - topic: "", RPC method: "" info: "" _raise_timeout /usr/local/lib/python2.7/dist-packages/oslo_messaging/_drivers/impl_rabbit.py:1054
2017-04-07 06:40:11.357 10974 DEBUG oslo.messaging._drivers.impl_rabbit [-] Timed out waiting for RPC response: timed out _raise_timeout /usr/local/lib/python2.7/dist-packages/oslo_messaging/_drivers/impl_rabbit.py:1054
2017-04-07 06:40:11.359 10974 DEBUG oslo.messaging._drivers.impl_rabbit [-] Timed out waiting for RPC response: Timeout while waiting on RPC response - topic: "", RPC method: "" info: "" _raise_timeout /usr/local/lib/python2.7/dist-packages/oslo_messaging/_drivers/impl_rabbit.py:1054
2017-04-07 06:40:11.554 10974 INFO eventlet.wsgi.server [req-e0604673-0e8e-42e8-87ae-851de3a6c244 - - - - -] 127.0.0.1 "GET /v1/nodes/93494378-56ee-5e22-b6f0-e3be3a9ebdf1 HTTP/1.1" status: 200 len: 1767 time: 0.0314288
2017-04-07 06:40:11.677 10974 INFO eventlet.wsgi.server [req-0c5b3b52-7806-4e44-bdbb-122966b472b6 - - - - -] 127.0.0.1 "GET /v1/nodes/93494378-56ee-5e22-b6f0-e3be3a9ebdf1/ports HTTP/1.1" status: 200 len: 623 time: 0.0377090
2017-04-07 06:40:11.946 10974 INFO eventlet.wsgi.server [req-d511fdad-f358-4ada-a3d3-170879b1e453 - - - - -] 127.0.0.1 "PATCH /v1/nodes/93494378-56ee-5e22-b6f0-e3be3a9ebdf1 HTTP/1.1" status: 200 len: 1787 time: 0.2633960
2017-04-07 06:40:11.947 10974 DEBUG oslo.messaging._drivers.impl_rabbit [-] Timed out waiting for RPC response: timed out _raise_timeout /usr/local/lib/python2.7/dist-packages/oslo_messaging/_drivers/impl_rabbit.py:1054
2017-04-07 06:40:11.948 10974 DEBUG oslo.messaging._drivers.impl_rabbit [-] Timed out waiting for RPC response: Timeout while waiting on RPC response - topic: "", RPC method: "" info: "" _raise_timeout /usr/local/lib/python2.7/dist-packages/oslo_messaging/_drivers/impl_rabbit.py:1054
2017-04-07 06:40:12.392 10974 INFO eventlet.wsgi.server [req-bb60c865-912f-42c0-b499-27072b6e1e7b - - - - -] 127.0.0.1 "PATCH /v1/nodes/93494378-56ee-5e22-b6f0-e3be3a9ebdf1 HTTP/1.1" status: 200 len: 1837 time: 0.4384089
2017-04-07 06:40:12.393 10974 DEBUG oslo.messaging._drivers.impl_rabbit [-] Timed out waiting for RPC response: timed out _raise_timeout /usr/local/lib/python2.7/dist-packages/oslo_messaging/_drivers/impl_rabbit.py:1054
2017-04-07 06:40:12.393 10974 DEBUG oslo.messaging._drivers.impl_rabbit [-] Timed out waiting for RPC response: Timeout while waiting on RPC response - topic: "", RPC method: "" info: "" _raise_timeout /usr/local/lib/python2.7/dist-packages/oslo_messaging/_drivers/impl_rabbit.py:1054
2017-04-07 06:40:12.592 10985 INFO eventlet.wsgi.server [req-423ab2c5-6f0e-4218-af06-eaed46249404 - - - - -] 127.0.0.1 "PUT /v1/nodes/93494378-56ee-5e22-b6f0-e3be3a9ebdf1/states/power HTTP/1.1" status: 202 len: 384 time: 0.1639421
2017-04-07 06:40:12.593 10985 DEBUG oslo.messaging._drivers.impl_rabbit [-] Timed out waiting for RPC response: timed out _raise_timeout /usr/local/lib/python2.7/dist-packages/oslo_messaging/_drivers/impl_rabbit.py:1054
2017-04-07 06:40:12.594 10985 DEBUG oslo.messaging._drivers.impl_rabbit [-] Timed out waiting for RPC response: Timeout while waiting on RPC response - topic: "", RPC method: "" info: "" _raise_timeout /usr/local/lib/python2.7/dist-packages/oslo_messaging/_drivers/impl_rabbit.py:1054
2017-04-07 06:40:12.619 10989 INFO eventlet.wsgi.server [req-0b87dc74-a987-4859-a3ac-1bb6c2c8f38b - - - - -] 127.0.0.1 "GET /v1/nodes/e1369efa-5391-5035-8533-3a065c44a584 HTTP/1.1" status: 200 len: 1755 time: 0.0284750
2017-04-07 06:40:12.860 10985 INFO eventlet.wsgi.server [req-d4556e25-bc77-4c92-9685-4019e8e31dcb - - - - -] 127.0.0.1 "GET /v1/nodes/93494378-56ee-5e22-b6f0-e3be3a9ebdf1 HTTP/1.1" status: 200 len: 1825 time: 0.0267010
2017-04-07 06:40:12.873 10989 INFO eventlet.wsgi.server [req-bd8657bc-5e1a-4442-b1a2-19ce4bb3a862 - - - - -] 127.0.0.1 "GET /v1/nodes/c1a56cb3-fcef-59d5-8105-7e6815154f70 HTTP/1.1" status: 200 len: 1829 time: 0.0436308
2017-04-07 06:40:13.395 10974 DEBUG oslo.messaging._drivers.impl_rabbit [-] Timed out waiting for RPC response: timed out _raise_timeout /usr/local/lib/python2.7/dist-packages/oslo_messaging/_drivers/impl_rabbit.py:1054
2017-04-07 06:40:13.396 10974 DEBUG oslo.messaging._drivers.impl_rabbit [-] Timed out waiting for RPC response: Timeout while waiting on RPC response - topic: "", RPC method: "" info: "" _raise_timeout /usr/local/lib/python2.7/dist-packages/oslo_messaging/_drivers/impl_rabbit.py:1054
2017-04-07 06:40:13.596 10985 DEBUG oslo.messaging._drivers.impl_rabbit [-] Timed out waiting for RPC response: timed out _raise_timeout /usr/local/lib/python2.7/dist-packages/oslo_messaging/_drivers/impl_rabbit.py:1054
2017-04-07 06:40:13.596 10985 DEBUG oslo.messaging._drivers.impl_rabbit [-] Timed out waiting for RPC response: Timeout while waiting on RPC response - topic: "", RPC method: "" info: "" _raise_timeout /usr/local/lib/python2.7/dist-packages/oslo_messaging/_drivers/impl_rabbit.py:1054
2017-04-07 06:40:14.654 10989 INFO eventlet.wsgi.server [req-90f258be-04d8-454e-888e-60f0346cb512 - - - - -] 127.0.0.1 "GET /v1/nodes/e1369efa-5391-5035-8533-3a065c44a584 HTTP/1.1" status: 200 len: 1755 time: 0.0288720
2017-04-07 06:40:14.893 10985 INFO eventlet.wsgi.server [req-edcf4541-9249-4d4f-b0d6-bbd9bbe02fff - - - - -] 127.0.0.1 "GET /v1/nodes/93494378-56ee-5e22-b6f0-e3be3a9ebdf1 HTTP/1.1" status: 200 len: 1825 time: 0.0272291
2017-04-07 06:40:14.906 10989 INFO eventlet.wsgi.server [req-bb744e9b-954d-49d9-bd37-63346314964e - - - - -] 127.0.0.1 "GET /v1/nodes/c1a56cb3-fcef-59d5-8105-7e6815154f70 HTTP/1.1" status: 200 len: 1829 time: 0.0275688
2017-04-07 06:40:15.003 10989 DEBUG oslo.messaging._drivers.impl_rabbit [-] Timed out waiting for RPC response: timed out _raise_timeout /usr/local/lib/python2.7/dist-packages/oslo_messaging/_drivers/impl_rabbit.py:1054
2017-04-07 06:40:15.004 10989 DEBUG oslo.messaging._drivers.impl_rabbit [-] Timed out waiting for RPC response: Timeout while waiting on RPC response - topic: "", RPC method: "" info: "" _raise_timeout /usr/local/lib/python2.7/dist-packages/oslo_messaging/_drivers/impl_rabbit.py:1054
2017-04-07 06:40:15.398 10974 DEBUG oslo.messaging._drivers.impl_rabbit [-] Timed out waiting for RPC response: timed out _raise_timeout /usr/local/lib/python2.7/dist-packages/oslo_messaging/_drivers/impl_rabbit.py:1054
2017-04-07 06:40:15.399 10974 DEBUG oslo.messaging._drivers.impl_rabbit [-] Timed out waiting for RPC response: Timeout while waiting on RPC response - topic: "", RPC method: "" info: "" _raise_timeout /usr/local/lib/python2.7/dist-packages/oslo_messaging/_drivers/impl_rabbit.py:1054
2017-04-07 06:40:15.598 10985 DEBUG oslo.messaging._drivers.impl_rabbit [-] Timed out waiting for RPC response: timed out _raise_timeout /usr/local/lib/python2.7/dist-packages/oslo_messaging/_drivers/impl_rabbit.py:1054
2017-04-07 06:40:15.600 10985 DEBUG oslo.messaging._drivers.impl_rabbit [-] Timed out waiting for RPC response: Timeout while waiting on RPC response - topic: "", RPC method: "" info: "" _raise_timeout /usr/local/lib/python2.7/dist-packages/oslo_messaging/_drivers/impl_rabbit.py:1054
2017-04-07 06:40:16.693 10989 INFO eventlet.wsgi.server [req-45b19813-b669-4034-856a-550328cb5ea8 - - - - -] 127.0.0.1 "GET /v1/nodes/e1369efa-5391-5035-8533-3a065c44a584 HTTP/1.1" status: 200 len: 1755 time: 0.0309789
2017-04-07 06:40:16.927 10985 INFO eventlet.wsgi.server [req-fbced087-7820-4467-ac49-780c868f6ee1 - - - - -] 127.0.0.1 "GET /v1/nodes/93494378-56ee-5e22-b6f0-e3be3a9ebdf1 HTTP/1.1" status: 200 len: 1825 time: 0.0284500
2017-04-07 06:40:16.937 10989 INFO eventlet.wsgi.server [req-ad842d69-8d9e-4d86-811b-5dfa413cd77b - - - - -] 127.0.0.1 "GET /v1/nodes/c1a56cb3-fcef-59d5-8105-7e6815154f70 HTTP/1.1" status: 200 len: 1829 time: 0.0271871
2017-04-07 06:40:18.725 10989 INFO eventlet.wsgi.server [req-0f95ae87-17b7-41cb-aa23-610482653a1e - - - - -] 127.0.0.1 "GET /v1/nodes/e1369efa-5391-5035-8533-3a065c44a584 HTTP/1.1" status: 200 len: 1755 time: 0.0276549
2017-04-07 06:40:18.962 10985 INFO eventlet.wsgi.server [req-ce77231c-857c-4e30-8a0d-cca944d14ed2 - - - - -] 127.0.0.1 "GET /v1/nodes/93494378-56ee-5e22-b6f0-e3be3a9ebdf1 HTTP/1.1" status: 200 len: 1825 time: 0.0297561
2017-04-07 06:40:18.972 10989 INFO eventlet.wsgi.server [req-cff3414c-e478-4725-98b9-053a307021d1 - - - - -] 127.0.0.1 "GET /v1/nodes/c1a56cb3-fcef-59d5-8105-7e6815154f70 HTTP/1.1" status: 200 len: 1829 time: 0.0299590
2017-04-07 06:40:19.406 10974 DEBUG oslo.messaging._drivers.impl_rabbit [-] Timed out waiting for RPC response: timed out _raise_timeout /usr/local/lib/python2.7/dist-packages/oslo_messaging/_drivers/impl_rabbit.py:1054
2017-04-07 06:40:19.407 10974 DEBUG oslo.messaging._drivers.impl_rabbit [-] Timed out waiting for RPC response: Timeout while waiting on RPC response - topic: "", RPC method: "" info: "" _raise_timeout /usr/local/lib/python2.7/dist-packages/oslo_messaging/_drivers/impl_rabbit.py:1054
2017-04-07 06:40:19.602 10985 DEBUG oslo.messaging._drivers.impl_rabbit [-] Timed out waiting for RPC response: timed out _raise_timeout /usr/local/lib/python2.7/dist-packages/oslo_messaging/_drivers/impl_rabbit.py:1054
2017-04-07 06:40:19.603 10985 DEBUG oslo.messaging._drivers.impl_rabbit [-] Timed out waiting for RPC response: Timeout while waiting on RPC response - topic: "", RPC method: "" info: "" _raise_timeout /usr/local/lib/python2.7/dist-packages/oslo_messaging/_drivers/impl_rabbit.py:1054
2017-04-07 06:40:20.760 10989 INFO eventlet.wsgi.server [req-320270f3-dba2-4b55-a0ac-2daa1524a39f - - - - -] 127.0.0.1 "GET /v1/nodes/e1369efa-5391-5035-8533-3a065c44a584 HTTP/1.1" status: 200 len: 1755 time: 0.0286500
2017-04-07 06:40:20.995 10985 INFO eventlet.wsgi.server [req-0bb7e0c8-aafc-4dd6-a9d2-e32af4e253e1 - - - - -] 127.0.0.1 "GET /v1/nodes/93494378-56ee-5e22-b6f0-e3be3a9ebdf1 HTTP/1.1" status: 200 len: 1825 time: 0.0282741
2017-04-07 06:40:21.003 10989 INFO eventlet.wsgi.server [req-cc06b636-e78c-45ae-bc48-5d72cd8f6e06 - - - - -] 127.0.0.1 "GET /v1/nodes/c1a56cb3-fcef-59d5-8105-7e6815154f70 HTTP/1.1" status: 200 len: 1803 time: 0.0255370
2017-04-07 06:40:21.846 10984 DEBUG oslo.messaging._drivers.impl_rabbit [-] Timed out waiting for RPC response: timed out _raise_timeout /usr/local/lib/python2.7/dist-packages/oslo_messaging/_drivers/impl_rabbit.py:1054
2017-04-07 06:40:21.847 10984 DEBUG oslo.messaging._drivers.impl_rabbit [-] Timed out waiting for RPC response: Timeout while waiting on RPC response - topic: "", RPC method: "" info: "" _raise_timeout /usr/local/lib/python2.7/dist-packages/oslo_messaging/_drivers/impl_rabbit.py:1054
2017-04-07 06:40:22.788 10989 INFO eventlet.wsgi.server [req-25bbc557-4f1b-4ec1-817c-2ec172aba8fb - - - - -] 127.0.0.1 "GET /v1/nodes/e1369efa-5391-5035-8533-3a065c44a584 HTTP/1.1" status: 200 len: 1755 time: 0.0212510
2017-04-07 06:40:23.018 10989 DEBUG oslo.messaging._drivers.impl_rabbit [-] Timed out waiting for RPC response: timed out _raise_timeout /usr/local/lib/python2.7/dist-packages/oslo_messaging/_drivers/impl_rabbit.py:1054
2017-04-07 06:40:23.018 10989 DEBUG oslo.messaging._drivers.impl_rabbit [-] Timed out waiting for RPC response: Timeout while waiting on RPC response - topic: "", RPC method: "" info: "" _raise_timeout /usr/local/lib/python2.7/dist-packages/oslo_messaging/_drivers/impl_rabbit.py:1054
2017-04-07 06:40:23.027 10989 INFO eventlet.wsgi.server [req-904b03e0-85e3-462f-91d8-7a5ba37abd83 - - - - -] 127.0.0.1 "GET /v1/nodes/c1a56cb3-fcef-59d5-8105-7e6815154f70 HTTP/1.1" status: 200 len: 1803 time: 0.0203331
2017-04-07 06:40:23.029 10985 INFO eventlet.wsgi.server [req-089bd433-52cd-4215-86f0-f11eb4276a72 - - - - -] 127.0.0.1 "GET /v1/nodes/93494378-56ee-5e22-b6f0-e3be3a9ebdf1 HTTP/1.1" status: 200 len: 1825 time: 0.0290928
2017-04-07 06:40:24.822 10989 INFO eventlet.wsgi.server [req-98a19edf-d6e5-4265-a75a-47e050f45965 - - - - -] 127.0.0.1 "GET /v1/nodes/e1369efa-5391-5035-8533-3a065c44a584 HTTP/1.1" status: 200 len: 1755 time: 0.0263109
2017-04-07 06:40:25.073 10985 INFO eventlet.wsgi.server [req-63ee082f-cf4b-48be-9a2e-026368e4864c - - - - -] 127.0.0.1 "GET /v1/nodes/93494378-56ee-5e22-b6f0-e3be3a9ebdf1 HTTP/1.1" status: 200 len: 1799 time: 0.0388539
2017-04-07 06:40:25.074 10989 INFO eventlet.wsgi.server [req-f1be58bd-9eca-40b3-af29-c289f7a4150b - - - - -] 127.0.0.1 "GET /v1/nodes/c1a56cb3-fcef-59d5-8105-7e6815154f70 HTTP/1.1" status: 200 len: 1803 time: 0.0417240
2017-04-07 06:40:26.858 10989 INFO eventlet.wsgi.server [req-dab37405-c251-40d6-b2fb-cff1edbc62c1 - - - - -] 127.0.0.1 "GET /v1/nodes/e1369efa-5391-5035-8533-3a065c44a584 HTTP/1.1" status: 200 len: 1755 time: 0.0290761
2017-04-07 06:40:27.119 10985 INFO eventlet.wsgi.server [req-79500d23-2138-4e24-a9a6-01ffec5a9c96 - - - - -] 127.0.0.1 "GET /v1/nodes/93494378-56ee-5e22-b6f0-e3be3a9ebdf1 HTTP/1.1" status: 200 len: 1799 time: 0.0403202
2017-04-07 06:40:27.120 10989 INFO eventlet.wsgi.server [req-697280ac-879d-4158-b684-242a95c8af75 - - - - -] 127.0.0.1 "GET /v1/nodes/c1a56cb3-fcef-59d5-8105-7e6815154f70 HTTP/1.1" status: 200 len: 1803 time: 0.0512328
2017-04-07 06:40:27.413 10974 DEBUG oslo.messaging._drivers.impl_rabbit [-] Timed out waiting for RPC response: timed out _raise_timeout /usr/local/lib/python2.7/dist-packages/oslo_messaging/_drivers/impl_rabbit.py:1054
2017-04-07 06:40:27.414 10974 DEBUG oslo.messaging._drivers.impl_rabbit [-] Timed out waiting for RPC response: Timeout while waiting on RPC response - topic: "", RPC method: "" info: "" _raise_timeout /usr/local/lib/python2.7/dist-packages/oslo_messaging/_drivers/impl_rabbit.py:1054
2017-04-07 06:40:27.604 10985 DEBUG oslo.messaging._drivers.impl_rabbit [-] Timed out waiting for RPC response: timed out _raise_timeout /usr/local/lib/python2.7/dist-packages/oslo_messaging/_drivers/impl_rabbit.py:1054
2017-04-07 06:40:27.605 10985 DEBUG oslo.messaging._drivers.impl_rabbit [-] Timed out waiting for RPC response: Timeout while waiting on RPC response - topic: "", RPC method: "" info: "" _raise_timeout /usr/local/lib/python2.7/dist-packages/oslo_messaging/_drivers/impl_rabbit.py:1054
2017-04-07 06:40:28.895 10989 INFO eventlet.wsgi.server [req-15c23593-8a80-4e75-be7b-883f2dd75ff4 - - - - -] 127.0.0.1 "GET /v1/nodes/e1369efa-5391-5035-8533-3a065c44a584 HTTP/1.1" status: 200 len: 1755 time: 0.0297458
2017-04-07 06:40:29.140 10989 INFO eventlet.wsgi.server [req-a1f824b0-335c-4a2a-8a52-841caf0bd893 - - - - -] 127.0.0.1 "GET /v1/nodes/c1a56cb3-fcef-59d5-8105-7e6815154f70 HTTP/1.1" status: 200 len: 1803 time: 0.0239921
