2017-04-08 10:44:58.631 24784 DEBUG oslo.messaging._drivers.impl_rabbit [-] Timed out waiting for RPC response: Timeout while waiting on RPC response - topic: "", RPC method: "" info: "" _raise_timeout /usr/local/lib/python2.7/dist-packages/oslo_messaging/_drivers/impl_rabbit.py:1054
2017-04-08 10:44:58.632 24782 DEBUG oslo.messaging._drivers.impl_rabbit [-] Timed out waiting for RPC response: timed out _raise_timeout /usr/local/lib/python2.7/dist-packages/oslo_messaging/_drivers/impl_rabbit.py:1054
2017-04-08 10:44:58.633 24782 DEBUG oslo.messaging._drivers.impl_rabbit [-] Timed out waiting for RPC response: Timeout while waiting on RPC response - topic: "", RPC method: "" info: "" _raise_timeout /usr/local/lib/python2.7/dist-packages/oslo_messaging/_drivers/impl_rabbit.py:1054
2017-04-08 10:44:58.654 24794 DEBUG oslo.messaging._drivers.impl_rabbit [-] Timed out waiting for RPC response: timed out _raise_timeout /usr/local/lib/python2.7/dist-packages/oslo_messaging/_drivers/impl_rabbit.py:1054
2017-04-08 10:44:58.655 24794 DEBUG oslo.messaging._drivers.impl_rabbit [-] Timed out waiting for RPC response: Timeout while waiting on RPC response - topic: "", RPC method: "" info: "" _raise_timeout /usr/local/lib/python2.7/dist-packages/oslo_messaging/_drivers/impl_rabbit.py:1054
2017-04-08 10:45:00.373 24780 INFO eventlet.wsgi.server [req-0cc1fdc3-b8c2-4573-bdba-20a3d0f85c9f - - - - -] 127.0.0.1 "GET /v1/nodes/93494378-56ee-5e22-b6f0-e3be3a9ebdf1 HTTP/1.1" status: 200 len: 1768 time: 0.0292599
2017-04-08 10:45:00.399 24780 INFO eventlet.wsgi.server [req-d8c2bfd3-0344-4529-8e67-af0fc41278ed - - - - -] 127.0.0.1 "GET /v1/nodes/e1369efa-5391-5035-8533-3a065c44a584 HTTP/1.1" status: 200 len: 1775 time: 0.0242150
2017-04-08 10:45:00.430 24788 INFO eventlet.wsgi.server [req-d09676e5-0430-4483-9847-322f47498ead - - - - -] 127.0.0.1 "GET /v1/nodes/c1a56cb3-fcef-59d5-8105-7e6815154f70 HTTP/1.1" status: 200 len: 1772 time: 0.0176351
2017-04-08 10:45:02.403 24780 INFO eventlet.wsgi.server [req-c8966399-6d75-4233-baa9-fc5e0e4ee880 - - - - -] 127.0.0.1 "GET /v1/nodes/93494378-56ee-5e22-b6f0-e3be3a9ebdf1 HTTP/1.1" status: 200 len: 1768 time: 0.0254140
2017-04-08 10:45:02.425 24780 INFO eventlet.wsgi.server [req-e8382908-167a-4d08-9365-76e09fdccb97 - - - - -] 127.0.0.1 "GET /v1/nodes/e1369efa-5391-5035-8533-3a065c44a584 HTTP/1.1" status: 200 len: 1775 time: 0.0200710
2017-04-08 10:45:02.458 24788 INFO eventlet.wsgi.server [req-70f85bbe-5dad-48d5-97ec-41aaca2c21ef - - - - -] 127.0.0.1 "GET /v1/nodes/c1a56cb3-fcef-59d5-8105-7e6815154f70 HTTP/1.1" status: 200 len: 1772 time: 0.0230789
2017-04-08 10:45:02.953 24788 DEBUG oslo.messaging._drivers.impl_rabbit [-] Timed out waiting for RPC response: timed out _raise_timeout /usr/local/lib/python2.7/dist-packages/oslo_messaging/_drivers/impl_rabbit.py:1054
2017-04-08 10:45:02.954 24788 DEBUG oslo.messaging._drivers.impl_rabbit [-] Timed out waiting for RPC response: Timeout while waiting on RPC response - topic: "", RPC method: "" info: "" _raise_timeout /usr/local/lib/python2.7/dist-packages/oslo_messaging/_drivers/impl_rabbit.py:1054
2017-04-08 10:45:03.664 24786 DEBUG oslo.messaging._drivers.impl_rabbit [-] Timed out waiting for RPC response: timed out _raise_timeout /usr/local/lib/python2.7/dist-packages/oslo_messaging/_drivers/impl_rabbit.py:1054
2017-04-08 10:45:03.665 24786 DEBUG oslo.messaging._drivers.impl_rabbit [-] Timed out waiting for RPC response: Timeout while waiting on RPC response - topic: "", RPC method: "" info: "" _raise_timeout /usr/local/lib/python2.7/dist-packages/oslo_messaging/_drivers/impl_rabbit.py:1054
2017-04-08 10:45:03.688 24791 DEBUG oslo.messaging._drivers.impl_rabbit [-] Timed out waiting for RPC response: timed out _raise_timeout /usr/local/lib/python2.7/dist-packages/oslo_messaging/_drivers/impl_rabbit.py:1054
2017-04-08 10:45:03.688 24791 DEBUG oslo.messaging._drivers.impl_rabbit [-] Timed out waiting for RPC response: Timeout while waiting on RPC response - topic: "", RPC method: "" info: "" _raise_timeout /usr/local/lib/python2.7/dist-packages/oslo_messaging/_drivers/impl_rabbit.py:1054
2017-04-08 10:45:04.437 24780 INFO eventlet.wsgi.server [req-ae5dbc12-ab75-423b-9807-4cc763bc8b81 - - - - -] 127.0.0.1 "GET /v1/nodes/93494378-56ee-5e22-b6f0-e3be3a9ebdf1 HTTP/1.1" status: 200 len: 1768 time: 0.0286300
2017-04-08 10:45:04.460 24780 INFO eventlet.wsgi.server [req-ae63d18d-c5c3-4020-830e-c1acf602d067 - - - - -] 127.0.0.1 "GET /v1/nodes/e1369efa-5391-5035-8533-3a065c44a584 HTTP/1.1" status: 200 len: 1775 time: 0.0221779
2017-04-08 10:45:04.473 24788 INFO eventlet.wsgi.server [req-88a7cebd-e634-49e9-b9e5-cb58d354960a - - - - -] 127.0.0.1 "GET /v1/nodes/c1a56cb3-fcef-59d5-8105-7e6815154f70 HTTP/1.1" status: 200 len: 1772 time: 0.0126801
2017-04-08 10:45:06.470 24780 INFO eventlet.wsgi.server [req-625ba14c-de69-42e5-bc2e-c27f4552d594 - - - - -] 127.0.0.1 "GET /v1/nodes/93494378-56ee-5e22-b6f0-e3be3a9ebdf1 HTTP/1.1" status: 200 len: 1748 time: 0.0278850
2017-04-08 10:45:06.489 24788 INFO eventlet.wsgi.server [req-4f6d63ce-95f4-4ae3-9db3-90015125bf75 - - - - -] 127.0.0.1 "GET /v1/nodes/c1a56cb3-fcef-59d5-8105-7e6815154f70 HTTP/1.1" status: 200 len: 1772 time: 0.0132730
2017-04-08 10:45:06.492 24780 INFO eventlet.wsgi.server [req-0dcc928d-ef16-4088-8152-06f7fcb622a7 - - - - -] 127.0.0.1 "GET /v1/nodes/e1369efa-5391-5035-8533-3a065c44a584 HTTP/1.1" status: 200 len: 1775 time: 0.0210209
2017-04-08 10:45:08.501 24780 INFO eventlet.wsgi.server [req-ffe4747c-1d31-46d6-aa29-7b36588b878b - - - - -] 127.0.0.1 "GET /v1/nodes/93494378-56ee-5e22-b6f0-e3be3a9ebdf1 HTTP/1.1" status: 200 len: 1748 time: 0.0264831
2017-04-08 10:45:08.511 24788 INFO eventlet.wsgi.server [req-ad5ca241-d1b0-47e2-93ba-2a70bf8334ad - - - - -] 127.0.0.1 "GET /v1/nodes/c1a56cb3-fcef-59d5-8105-7e6815154f70 HTTP/1.1" status: 200 len: 1772 time: 0.0188429
2017-04-08 10:45:08.523 24780 INFO eventlet.wsgi.server [req-5905d1ec-a51c-41eb-ad24-48fc86fc3933 - - - - -] 127.0.0.1 "GET /v1/nodes/e1369efa-5391-5035-8533-3a065c44a584 HTTP/1.1" status: 200 len: 1775 time: 0.0213859
2017-04-08 10:45:09.957 24780 DEBUG oslo.messaging._drivers.impl_rabbit [-] Timed out waiting for RPC response: timed out _raise_timeout /usr/local/lib/python2.7/dist-packages/oslo_messaging/_drivers/impl_rabbit.py:1054
2017-04-08 10:45:09.958 24780 DEBUG oslo.messaging._drivers.impl_rabbit [-] Timed out waiting for RPC response: Timeout while waiting on RPC response - topic: "", RPC method: "" info: "" _raise_timeout /usr/local/lib/python2.7/dist-packages/oslo_messaging/_drivers/impl_rabbit.py:1054
2017-04-08 10:45:10.527 24788 INFO eventlet.wsgi.server [req-0ba0f6bf-73bf-446a-afde-a59ed1f82a8e - - - - -] 127.0.0.1 "GET /v1/nodes/c1a56cb3-fcef-59d5-8105-7e6815154f70 HTTP/1.1" status: 200 len: 1772 time: 0.0130792
2017-04-08 10:45:10.534 24780 INFO eventlet.wsgi.server [req-a1f701fb-d674-4874-be87-5f605f43d91a - - - - -] 127.0.0.1 "GET /v1/nodes/93494378-56ee-5e22-b6f0-e3be3a9ebdf1 HTTP/1.1" status: 200 len: 1748 time: 0.0288169
2017-04-08 10:45:10.558 24780 INFO eventlet.wsgi.server [req-68deb39c-2d7f-486c-b0d6-8e8ed800249d - - - - -] 127.0.0.1 "GET /v1/nodes/e1369efa-5391-5035-8533-3a065c44a584 HTTP/1.1" status: 200 len: 1775 time: 0.0224249
2017-04-08 10:45:12.546 24788 INFO eventlet.wsgi.server [req-2b53a526-98e7-4724-a26d-6a9dce987a1b - - - - -] 127.0.0.1 "GET /v1/nodes/c1a56cb3-fcef-59d5-8105-7e6815154f70 HTTP/1.1" status: 200 len: 1772 time: 0.0133560
2017-04-08 10:45:12.568 24780 INFO eventlet.wsgi.server [req-e32e7d85-9201-489d-a995-c33887b383ab - - - - -] 127.0.0.1 "GET /v1/nodes/93494378-56ee-5e22-b6f0-e3be3a9ebdf1 HTTP/1.1" status: 200 len: 1748 time: 0.0288301
2017-04-08 10:45:12.592 24780 INFO eventlet.wsgi.server [req-4e07d183-1e6e-4c55-9494-2737d3121462 - - - - -] 127.0.0.1 "GET /v1/nodes/e1369efa-5391-5035-8533-3a065c44a584 HTTP/1.1" status: 200 len: 1775 time: 0.0227108
2017-04-08 10:45:14.581 24788 INFO eventlet.wsgi.server [req-dde2bb92-bcb8-4270-9906-8c981c77aae0 - - - - -] 127.0.0.1 "GET /v1/nodes/c1a56cb3-fcef-59d5-8105-7e6815154f70 HTTP/1.1" status: 200 len: 1772 time: 0.0297251
2017-04-08 10:45:14.601 24780 INFO eventlet.wsgi.server [req-b277fec5-dc74-48db-803e-f550d2fb2bd0 - - - - -] 127.0.0.1 "GET /v1/nodes/93494378-56ee-5e22-b6f0-e3be3a9ebdf1 HTTP/1.1" status: 200 len: 1748 time: 0.0278680
2017-04-08 10:45:14.623 24780 INFO eventlet.wsgi.server [req-ca335694-103d-429d-a36f-b4841d49bfe9 - - - - -] 127.0.0.1 "GET /v1/nodes/e1369efa-5391-5035-8533-3a065c44a584 HTTP/1.1" status: 200 len: 1775 time: 0.0214100
2017-04-08 10:45:14.988 24782 INFO eventlet.wsgi.server [req-7152d9c0-a9b9-4d17-9619-a5c9a4ab8b50 - - - - -] 127.0.0.1 "GET /v1/nodes HTTP/1.1" status: 200 len: 1465 time: 0.0609851
2017-04-08 10:45:16.614 24788 INFO eventlet.wsgi.server [req-a4f11961-0915-44f2-8cab-79b76e84d364 - - - - -] 127.0.0.1 "GET /v1/nodes/c1a56cb3-fcef-59d5-8105-7e6815154f70 HTTP/1.1" status: 200 len: 1752 time: 0.0279710
2017-04-08 10:45:16.633 24780 INFO eventlet.wsgi.server [req-bb017e3b-c0d8-47e4-8fa8-2a0154b0a860 - - - - -] 127.0.0.1 "GET /v1/nodes/93494378-56ee-5e22-b6f0-e3be3a9ebdf1 HTTP/1.1" status: 200 len: 1748 time: 0.0277400
2017-04-08 10:45:16.656 24780 INFO eventlet.wsgi.server [req-5220d9b4-6880-48dd-8d48-33cc40b62b56 - - - - -] 127.0.0.1 "GET /v1/nodes/e1369efa-5391-5035-8533-3a065c44a584 HTTP/1.1" status: 200 len: 1755 time: 0.0212870
2017-04-08 10:45:18.648 24788 INFO eventlet.wsgi.server [req-54c81bd2-c366-42bb-8d6b-a2e983264ebb - - - - -] 127.0.0.1 "GET /v1/nodes/c1a56cb3-fcef-59d5-8105-7e6815154f70 HTTP/1.1" status: 200 len: 1752 time: 0.0292649
2017-04-08 10:45:18.666 24780 INFO eventlet.wsgi.server [req-ce9eac80-f2a3-46b6-b07c-0ceeeaa5549b - - - - -] 127.0.0.1 "GET /v1/nodes/93494378-56ee-5e22-b6f0-e3be3a9ebdf1 HTTP/1.1" status: 200 len: 1748 time: 0.0278962
2017-04-08 10:45:18.688 24780 INFO eventlet.wsgi.server [req-b8c18be7-313f-4b2c-9fb9-8ed601c3f7b5 - - - - -] 127.0.0.1 "GET /v1/nodes/e1369efa-5391-5035-8533-3a065c44a584 HTTP/1.1" status: 200 len: 1755 time: 0.0209711
2017-04-08 10:45:19.666 24786 DEBUG oslo.messaging._drivers.impl_rabbit [-] Timed out waiting for RPC response: timed out _raise_timeout /usr/local/lib/python2.7/dist-packages/oslo_messaging/_drivers/impl_rabbit.py:1054
2017-04-08 10:45:19.666 24786 DEBUG oslo.messaging._drivers.impl_rabbit [-] Timed out waiting for RPC response: Timeout while waiting on RPC response - topic: "", RPC method: "" info: "" _raise_timeout /usr/local/lib/python2.7/dist-packages/oslo_messaging/_drivers/impl_rabbit.py:1054
2017-04-08 10:45:19.690 24791 DEBUG oslo.messaging._drivers.impl_rabbit [-] Timed out waiting for RPC response: timed out _raise_timeout /usr/local/lib/python2.7/dist-packages/oslo_messaging/_drivers/impl_rabbit.py:1054
2017-04-08 10:45:19.690 24791 DEBUG oslo.messaging._drivers.impl_rabbit [-] Timed out waiting for RPC response: Timeout while waiting on RPC response - topic: "", RPC method: "" info: "" _raise_timeout /usr/local/lib/python2.7/dist-packages/oslo_messaging/_drivers/impl_rabbit.py:1054
2017-04-08 10:45:20.682 24788 INFO eventlet.wsgi.server [req-6a5f1eda-efc8-4c6b-bd43-8b6995e64271 - - - - -] 127.0.0.1 "GET /v1/nodes/c1a56cb3-fcef-59d5-8105-7e6815154f70 HTTP/1.1" status: 200 len: 1752 time: 0.0287590
2017-04-08 10:45:20.699 24780 INFO eventlet.wsgi.server [req-be72bd77-f4d3-4777-8809-00ff697eee68 - - - - -] 127.0.0.1 "GET /v1/nodes/93494378-56ee-5e22-b6f0-e3be3a9ebdf1 HTTP/1.1" status: 200 len: 1748 time: 0.0283468
2017-04-08 10:45:20.722 24780 INFO eventlet.wsgi.server [req-2166c03b-619f-40d9-b046-8caeefd36541 - - - - -] 127.0.0.1 "GET /v1/nodes/e1369efa-5391-5035-8533-3a065c44a584 HTTP/1.1" status: 200 len: 1755 time: 0.0221100
2017-04-08 10:45:22.715 24788 INFO eventlet.wsgi.server [req-7372616b-f766-4b8f-b91e-3cd536139a4d - - - - -] 127.0.0.1 "GET /v1/nodes/c1a56cb3-fcef-59d5-8105-7e6815154f70 HTTP/1.1" status: 200 len: 1752 time: 0.0277750
2017-04-08 10:45:22.732 24780 INFO eventlet.wsgi.server [req-bbe3abb8-0040-4ea1-b759-7fd9230e753b - - - - -] 127.0.0.1 "GET /v1/nodes/93494378-56ee-5e22-b6f0-e3be3a9ebdf1 HTTP/1.1" status: 200 len: 1748 time: 0.0278921
2017-04-08 10:45:22.754 24780 INFO eventlet.wsgi.server [req-c32595ce-c13e-4881-a331-7999422ecc94 - - - - -] 127.0.0.1 "GET /v1/nodes/e1369efa-5391-5035-8533-3a065c44a584 HTTP/1.1" status: 200 len: 1755 time: 0.0210111
2017-04-08 10:45:24.746 24788 INFO eventlet.wsgi.server [req-7889b402-4f5d-4a36-a3dc-4eb972149eea - - - - -] 127.0.0.1 "GET /v1/nodes/c1a56cb3-fcef-59d5-8105-7e6815154f70 HTTP/1.1" status: 200 len: 1752 time: 0.0263550
2017-04-08 10:45:24.771 24780 INFO eventlet.wsgi.server [req-0a3db764-d961-4a53-a7ae-3050852c1c33 - - - - -] 127.0.0.1 "GET /v1/nodes/93494378-56ee-5e22-b6f0-e3be3a9ebdf1 HTTP/1.1" status: 200 len: 1748 time: 0.0344598
2017-04-08 10:45:24.792 24780 INFO eventlet.wsgi.server [req-5fde116c-3457-4358-9be7-003946850a7e - - - - -] 127.0.0.1 "GET /v1/nodes/e1369efa-5391-5035-8533-3a065c44a584 HTTP/1.1" status: 200 len: 1755 time: 0.0197649
2017-04-08 10:45:26.781 24788 INFO eventlet.wsgi.server [req-2674348d-df34-4ded-a4cd-b168567c6faf - - - - -] 127.0.0.1 "GET /v1/nodes/c1a56cb3-fcef-59d5-8105-7e6815154f70 HTTP/1.1" status: 200 len: 1752 time: 0.0299809
2017-04-08 10:45:26.809 24780 INFO eventlet.wsgi.server [req-9d8044ec-8e65-4362-9cab-07d8bca93943 - - - - -] 127.0.0.1 "GET /v1/nodes/93494378-56ee-5e22-b6f0-e3be3a9ebdf1 HTTP/1.1" status: 200 len: 1748 time: 0.0328550
2017-04-08 10:45:26.830 24780 INFO eventlet.wsgi.server [req-4074bb74-5f82-42cd-ac2c-e90dfa88a4c2 - - - - -] 127.0.0.1 "GET /v1/nodes/e1369efa-5391-5035-8533-3a065c44a584 HTTP/1.1" status: 200 len: 1755 time: 0.0201120
2017-04-08 10:45:27.509 24784 DEBUG oslo.messaging._drivers.impl_rabbit [-] Timed out waiting for RPC response: timed out _raise_timeout /usr/local/lib/python2.7/dist-packages/oslo_messaging/_drivers/impl_rabbit.py:1054
2017-04-08 10:45:27.509 24784 DEBUG oslo.messaging._drivers.impl_rabbit [-] Timed out waiting for RPC response: Timeout while waiting on RPC response - topic: "", RPC method: "" info: "" _raise_timeout /usr/local/lib/python2.7/dist-packages/oslo_messaging/_drivers/impl_rabbit.py:1054
2017-04-08 10:45:27.539 24782 DEBUG oslo.messaging._drivers.impl_rabbit [-] Timed out waiting for RPC response: timed out _raise_timeout /usr/local/lib/python2.7/dist-packages/oslo_messaging/_drivers/impl_rabbit.py:1054
2017-04-08 10:45:27.540 24782 DEBUG oslo.messaging._drivers.impl_rabbit [-] Timed out waiting for RPC response: Timeout while waiting on RPC response - topic: "", RPC method: "" info: "" _raise_timeout /usr/local/lib/python2.7/dist-packages/oslo_messaging/_drivers/impl_rabbit.py:1054
2017-04-08 10:45:27.555 24794 DEBUG oslo.messaging._drivers.impl_rabbit [-] Timed out waiting for RPC response: timed out _raise_timeout /usr/local/lib/python2.7/dist-packages/oslo_messaging/_drivers/impl_rabbit.py:1054
2017-04-08 10:45:27.555 24794 DEBUG oslo.messaging._drivers.impl_rabbit [-] Timed out waiting for RPC response: Timeout while waiting on RPC response - topic: "", RPC method: "" info: "" _raise_timeout /usr/local/lib/python2.7/dist-packages/oslo_messaging/_drivers/impl_rabbit.py:1054
2017-04-08 10:45:28.365 24785 DEBUG oslo_concurrency.lockutils [req-8b2ce3c1-96d3-49ff-9169-cbcbafc9c669 - - - - -] Lock "policy_enforcer" acquired by "ironic.common.policy.init_enforcer" :: waited 0.000s inner /usr/local/lib/python2.7/dist-packages/oslo_concurrency/lockutils.py:270
2017-04-08 10:45:28.366 24785 DEBUG oslo_concurrency.lockutils [req-8b2ce3c1-96d3-49ff-9169-cbcbafc9c669 - - - - -] Lock "policy_enforcer" released by "ironic.common.policy.init_enforcer" :: held 0.001s inner /usr/local/lib/python2.7/dist-packages/oslo_concurrency/lockutils.py:282
2017-04-08 10:45:28.366 24785 DEBUG oslo_policy._cache_handler [req-8b2ce3c1-96d3-49ff-9169-cbcbafc9c669 - - - - -] Reloading cached file /etc/ironic/policy.json read_cached_file /usr/local/lib/python2.7/dist-packages/oslo_policy/_cache_handler.py:40
2017-04-08 10:45:28.368 24785 DEBUG oslo_policy.policy [req-8b2ce3c1-96d3-49ff-9169-cbcbafc9c669 - - - - -] Reloaded policy file: /etc/ironic/policy.json _load_policy_file /usr/local/lib/python2.7/dist-packages/oslo_policy/policy.py:684
2017-04-08 10:45:28.371 24785 DEBUG oslo_db.api [req-8b2ce3c1-96d3-49ff-9169-cbcbafc9c669 - - - - -] Loading backend 'sqlalchemy' from 'ironic.db.sqlalchemy.api' _load_backend /usr/local/lib/python2.7/dist-packages/oslo_db/api.py:237
2017-04-08 10:45:28.474 24785 DEBUG oslo_db.sqlalchemy.engines [req-8b2ce3c1-96d3-49ff-9169-cbcbafc9c669 - - - - -] MySQL server mode set to STRICT_TRANS_TABLES,STRICT_ALL_TABLES,NO_ZERO_IN_DATE,NO_ZERO_DATE,ERROR_FOR_DIVISION_BY_ZERO,TRADITIONAL,NO_AUTO_CREATE_USER,NO_ENGINE_SUBSTITUTION _check_effective_sql_mode /usr/local/lib/python2.7/dist-packages/oslo_db/sqlalchemy/engines.py:260
2017-04-08 10:45:28.497 24785 INFO eventlet.wsgi.server [req-8b2ce3c1-96d3-49ff-9169-cbcbafc9c669 - - - - -] 127.0.0.1 "GET /v1/nodes/93494378-56ee-5e22-b6f0-e3be3a9ebdf1 HTTP/1.1" status: 200 len: 1767 time: 0.1359999
2017-04-08 10:45:28.510 24784 DEBUG oslo.messaging._drivers.impl_rabbit [-] Timed out waiting for RPC response: timed out _raise_timeout /usr/local/lib/python2.7/dist-packages/oslo_messaging/_drivers/impl_rabbit.py:1054
2017-04-08 10:45:28.511 24784 DEBUG oslo.messaging._drivers.impl_rabbit [-] Timed out waiting for RPC response: Timeout while waiting on RPC response - topic: "", RPC method: "" info: "" _raise_timeout /usr/local/lib/python2.7/dist-packages/oslo_messaging/_drivers/impl_rabbit.py:1054
2017-04-08 10:45:28.541 24782 DEBUG oslo.messaging._drivers.impl_rabbit [-] Timed out waiting for RPC response: timed out _raise_timeout /usr/local/lib/python2.7/dist-packages/oslo_messaging/_drivers/impl_rabbit.py:1054
2017-04-08 10:45:28.542 24782 DEBUG oslo.messaging._drivers.impl_rabbit [-] Timed out waiting for RPC response: Timeout while waiting on RPC response - topic: "", RPC method: "" info: "" _raise_timeout /usr/local/lib/python2.7/dist-packages/oslo_messaging/_drivers/impl_rabbit.py:1054
2017-04-08 10:45:28.557 24794 DEBUG oslo.messaging._drivers.impl_rabbit [-] Timed out waiting for RPC response: timed out _raise_timeout /usr/local/lib/python2.7/dist-packages/oslo_messaging/_drivers/impl_rabbit.py:1054
2017-04-08 10:45:28.558 24794 DEBUG oslo.messaging._drivers.impl_rabbit [-] Timed out waiting for RPC response: Timeout while waiting on RPC response - topic: "", RPC method: "" info: "" _raise_timeout /usr/local/lib/python2.7/dist-packages/oslo_messaging/_drivers/impl_rabbit.py:1054
2017-04-08 10:45:28.587 24785 INFO eventlet.wsgi.server [req-f33f5778-a1d5-4f29-9abb-b6413f64f6b1 - - - - -] 127.0.0.1 "GET /v1/nodes/93494378-56ee-5e22-b6f0-e3be3a9ebdf1/ports HTTP/1.1" status: 200 len: 623 time: 0.0315399
2017-04-08 10:45:28.622 24785 DEBUG oslo.messaging._drivers.pool [req-bcb85305-4592-4f5d-bd79-d0ad3c88d7ce - - - - -] Pool creating new connection create /usr/local/lib/python2.7/dist-packages/oslo_messaging/_drivers/pool.py:143
2017-04-08 10:45:28.623 24785 WARNING oslo_config.cfg [req-bcb85305-4592-4f5d-bd79-d0ad3c88d7ce - - - - -] Option "rabbit_userid" from group "DEFAULT" is deprecated. Use option "rabbit_userid" from group "oslo_messaging_rabbit".
2017-04-08 10:45:28.624 24785 WARNING oslo_config.cfg [req-bcb85305-4592-4f5d-bd79-d0ad3c88d7ce - - - - -] Option "rabbit_userid" from group "oslo_messaging_rabbit" is deprecated for removal. Its value may be silently ignored in the future.
2017-04-08 10:45:28.624 24785 WARNING oslo_config.cfg [req-bcb85305-4592-4f5d-bd79-d0ad3c88d7ce - - - - -] Option "rabbit_password" from group "DEFAULT" is deprecated. Use option "rabbit_password" from group "oslo_messaging_rabbit".
2017-04-08 10:45:28.624 24785 WARNING oslo_config.cfg [req-bcb85305-4592-4f5d-bd79-d0ad3c88d7ce - - - - -] Option "rabbit_password" from group "oslo_messaging_rabbit" is deprecated for removal. Its value may be silently ignored in the future.
2017-04-08 10:45:28.629 24785 DEBUG oslo.messaging._drivers.impl_rabbit [req-bcb85305-4592-4f5d-bd79-d0ad3c88d7ce - - - - -] [f965c979-0167-486e-a7ca-6c438497a075] Connecting to AMQP server on localhost:5672 __init__ /usr/local/lib/python2.7/dist-packages/oslo_messaging/_drivers/impl_rabbit.py:597
2017-04-08 10:45:28.640 24785 DEBUG oslo.messaging._drivers.impl_rabbit [req-bcb85305-4592-4f5d-bd79-d0ad3c88d7ce - - - - -] [f965c979-0167-486e-a7ca-6c438497a075] Connected to AMQP server on 127.0.0.1:5672 via [amqp] client with port 39978. __init__ /usr/local/lib/python2.7/dist-packages/oslo_messaging/_drivers/impl_rabbit.py:644
2017-04-08 10:45:28.641 24785 DEBUG oslo.messaging._drivers.impl_rabbit [req-bcb85305-4592-4f5d-bd79-d0ad3c88d7ce - - - - -] [f965c979-0167-486e-a7ca-6c438497a075] Queue.declare: reply_b7e7533f429043c48d0c871e30d9ec43 declare /usr/local/lib/python2.7/dist-packages/oslo_messaging/_drivers/impl_rabbit.py:303
2017-04-08 10:45:28.646 24785 DEBUG oslo.messaging._drivers.pool [req-bcb85305-4592-4f5d-bd79-d0ad3c88d7ce - - - - -] Pool creating new connection create /usr/local/lib/python2.7/dist-packages/oslo_messaging/_drivers/pool.py:143
2017-04-08 10:45:28.647 24785 DEBUG oslo.messaging._drivers.impl_rabbit [req-bcb85305-4592-4f5d-bd79-d0ad3c88d7ce - - - - -] [cd708ae6-80f1-4812-9c7e-7c4a2e71b135] Connecting to AMQP server on localhost:5672 __init__ /usr/local/lib/python2.7/dist-packages/oslo_messaging/_drivers/impl_rabbit.py:597
2017-04-08 10:45:28.654 24785 DEBUG oslo.messaging._drivers.impl_rabbit [-] Timed out waiting for RPC response: timed out _raise_timeout /usr/local/lib/python2.7/dist-packages/oslo_messaging/_drivers/impl_rabbit.py:1054
2017-04-08 10:45:28.655 24785 DEBUG oslo.messaging._drivers.impl_rabbit [-] Timed out waiting for RPC response: Timeout while waiting on RPC response - topic: "", RPC method: "" info: "" _raise_timeout /usr/local/lib/python2.7/dist-packages/oslo_messaging/_drivers/impl_rabbit.py:1054
2017-04-08 10:45:28.657 24785 DEBUG oslo.messaging._drivers.impl_rabbit [req-bcb85305-4592-4f5d-bd79-d0ad3c88d7ce - - - - -] [cd708ae6-80f1-4812-9c7e-7c4a2e71b135] Connected to AMQP server on 127.0.0.1:5672 via [amqp] client with port 39980. __init__ /usr/local/lib/python2.7/dist-packages/oslo_messaging/_drivers/impl_rabbit.py:644
2017-04-08 10:45:28.771 24785 INFO eventlet.wsgi.server [req-bcb85305-4592-4f5d-bd79-d0ad3c88d7ce - - - - -] 127.0.0.1 "PATCH /v1/nodes/93494378-56ee-5e22-b6f0-e3be3a9ebdf1 HTTP/1.1" status: 200 len: 1787 time: 0.1776471
2017-04-08 10:45:28.772 24785 DEBUG oslo.messaging._drivers.impl_rabbit [-] Timed out waiting for RPC response: timed out _raise_timeout /usr/local/lib/python2.7/dist-packages/oslo_messaging/_drivers/impl_rabbit.py:1054
2017-04-08 10:45:28.772 24785 DEBUG oslo.messaging._drivers.impl_rabbit [-] Timed out waiting for RPC response: Timeout while waiting on RPC response - topic: "", RPC method: "" info: "" _raise_timeout /usr/local/lib/python2.7/dist-packages/oslo_messaging/_drivers/impl_rabbit.py:1054
2017-04-08 10:45:28.815 24788 INFO eventlet.wsgi.server [req-f29aa901-33dc-4ece-88c9-de8b7f7c7723 - - - - -] 127.0.0.1 "GET /v1/nodes/c1a56cb3-fcef-59d5-8105-7e6815154f70 HTTP/1.1" status: 200 len: 1752 time: 0.0286269
2017-04-08 10:45:28.831 24780 INFO eventlet.wsgi.server [req-dff4942c-4bcc-40ed-9c40-8904abc37e77 - - - - -] 127.0.0.1 "GET /v1/nodes/93494378-56ee-5e22-b6f0-e3be3a9ebdf1 HTTP/1.1" status: 200 len: 1768 time: 0.0182540
2017-04-08 10:45:28.851 24780 INFO eventlet.wsgi.server [req-65a5116f-e214-4ed9-af13-64e017804247 - - - - -] 127.0.0.1 "GET /v1/nodes/e1369efa-5391-5035-8533-3a065c44a584 HTTP/1.1" status: 200 len: 1755 time: 0.0152130
2017-04-08 10:45:28.932 24785 INFO eventlet.wsgi.server [req-89de0675-9b76-46dc-a7f8-521c20edcc50 - - - - -] 127.0.0.1 "PATCH /v1/nodes/93494378-56ee-5e22-b6f0-e3be3a9ebdf1 HTTP/1.1" status: 200 len: 1837 time: 0.1536510
2017-04-08 10:45:28.933 24785 DEBUG oslo.messaging._drivers.impl_rabbit [-] Timed out waiting for RPC response: timed out _raise_timeout /usr/local/lib/python2.7/dist-packages/oslo_messaging/_drivers/impl_rabbit.py:1054
2017-04-08 10:45:28.933 24785 DEBUG oslo.messaging._drivers.impl_rabbit [-] Timed out waiting for RPC response: Timeout while waiting on RPC response - topic: "", RPC method: "" info: "" _raise_timeout /usr/local/lib/python2.7/dist-packages/oslo_messaging/_drivers/impl_rabbit.py:1054
2017-04-08 10:45:28.968 24783 DEBUG oslo_concurrency.lockutils [req-3e1d04a7-5d1a-4104-bdce-36872542cb8a - - - - -] Lock "policy_enforcer" acquired by "ironic.common.policy.init_enforcer" :: waited 0.000s inner /usr/local/lib/python2.7/dist-packages/oslo_concurrency/lockutils.py:270
2017-04-08 10:45:28.969 24783 DEBUG oslo_concurrency.lockutils [req-3e1d04a7-5d1a-4104-bdce-36872542cb8a - - - - -] Lock "policy_enforcer" released by "ironic.common.policy.init_enforcer" :: held 0.001s inner /usr/local/lib/python2.7/dist-packages/oslo_concurrency/lockutils.py:282
2017-04-08 10:45:28.970 24783 DEBUG oslo_policy._cache_handler [req-3e1d04a7-5d1a-4104-bdce-36872542cb8a - - - - -] Reloading cached file /etc/ironic/policy.json read_cached_file /usr/local/lib/python2.7/dist-packages/oslo_policy/_cache_handler.py:40
2017-04-08 10:45:28.972 24783 DEBUG oslo_policy.policy [req-3e1d04a7-5d1a-4104-bdce-36872542cb8a - - - - -] Reloaded policy file: /etc/ironic/policy.json _load_policy_file /usr/local/lib/python2.7/dist-packages/oslo_policy/policy.py:684
2017-04-08 10:45:28.976 24783 DEBUG oslo_db.api [req-3e1d04a7-5d1a-4104-bdce-36872542cb8a - - - - -] Loading backend 'sqlalchemy' from 'ironic.db.sqlalchemy.api' _load_backend /usr/local/lib/python2.7/dist-packages/oslo_db/api.py:237
2017-04-08 10:45:29.108 24783 DEBUG oslo_db.sqlalchemy.engines [req-3e1d04a7-5d1a-4104-bdce-36872542cb8a - - - - -] MySQL server mode set to STRICT_TRANS_TABLES,STRICT_ALL_TABLES,NO_ZERO_IN_DATE,NO_ZERO_DATE,ERROR_FOR_DIVISION_BY_ZERO,TRADITIONAL,NO_AUTO_CREATE_USER,NO_ENGINE_SUBSTITUTION _check_effective_sql_mode /usr/local/lib/python2.7/dist-packages/oslo_db/sqlalchemy/engines.py:260
2017-04-08 10:45:29.141 24783 DEBUG oslo.messaging._drivers.pool [req-3e1d04a7-5d1a-4104-bdce-36872542cb8a - - - - -] Pool creating new connection create /usr/local/lib/python2.7/dist-packages/oslo_messaging/_drivers/pool.py:143
2017-04-08 10:45:29.142 24783 WARNING oslo_config.cfg [req-3e1d04a7-5d1a-4104-bdce-36872542cb8a - - - - -] Option "rabbit_userid" from group "DEFAULT" is deprecated. Use option "rabbit_userid" from group "oslo_messaging_rabbit".
2017-04-08 10:45:29.142 24783 WARNING oslo_config.cfg [req-3e1d04a7-5d1a-4104-bdce-36872542cb8a - - - - -] Option "rabbit_userid" from group "oslo_messaging_rabbit" is deprecated for removal. Its value may be silently ignored in the future.
2017-04-08 10:45:29.142 24783 WARNING oslo_config.cfg [req-3e1d04a7-5d1a-4104-bdce-36872542cb8a - - - - -] Option "rabbit_password" from group "DEFAULT" is deprecated. Use option "rabbit_password" from group "oslo_messaging_rabbit".
2017-04-08 10:45:29.143 24783 WARNING oslo_config.cfg [req-3e1d04a7-5d1a-4104-bdce-36872542cb8a - - - - -] Option "rabbit_password" from group "oslo_messaging_rabbit" is deprecated for removal. Its value may be silently ignored in the future.
2017-04-08 10:45:29.147 24783 DEBUG oslo.messaging._drivers.impl_rabbit [req-3e1d04a7-5d1a-4104-bdce-36872542cb8a - - - - -] [e38a8ebf-ba44-449c-8f77-07519c686bf0] Connecting to AMQP server on localhost:5672 __init__ /usr/local/lib/python2.7/dist-packages/oslo_messaging/_drivers/impl_rabbit.py:597
2017-04-08 10:45:29.156 24783 DEBUG oslo.messaging._drivers.impl_rabbit [req-3e1d04a7-5d1a-4104-bdce-36872542cb8a - - - - -] [e38a8ebf-ba44-449c-8f77-07519c686bf0] Connected to AMQP server on 127.0.0.1:5672 via [amqp] client with port 39990. __init__ /usr/local/lib/python2.7/dist-packages/oslo_messaging/_drivers/impl_rabbit.py:644
2017-04-08 10:45:29.157 24783 DEBUG oslo.messaging._drivers.impl_rabbit [req-3e1d04a7-5d1a-4104-bdce-36872542cb8a - - - - -] [e38a8ebf-ba44-449c-8f77-07519c686bf0] Queue.declare: reply_b7aafe25e72c4b20a76b6a7e68aeddd8 declare /usr/local/lib/python2.7/dist-packages/oslo_messaging/_drivers/impl_rabbit.py:303
2017-04-08 10:45:29.160 24783 DEBUG oslo.messaging._drivers.pool [req-3e1d04a7-5d1a-4104-bdce-36872542cb8a - - - - -] Pool creating new connection create /usr/local/lib/python2.7/dist-packages/oslo_messaging/_drivers/pool.py:143
2017-04-08 10:45:29.161 24783 DEBUG oslo.messaging._drivers.impl_rabbit [req-3e1d04a7-5d1a-4104-bdce-36872542cb8a - - - - -] [49c0b8bd-7373-4693-8f8c-e1b8818c3e9b] Connecting to AMQP server on localhost:5672 __init__ /usr/local/lib/python2.7/dist-packages/oslo_messaging/_drivers/impl_rabbit.py:597
2017-04-08 10:45:29.167 24783 DEBUG oslo.messaging._drivers.impl_rabbit [-] Timed out waiting for RPC response: timed out _raise_timeout /usr/local/lib/python2.7/dist-packages/oslo_messaging/_drivers/impl_rabbit.py:1054
2017-04-08 10:45:29.168 24783 DEBUG oslo.messaging._drivers.impl_rabbit [-] Timed out waiting for RPC response: Timeout while waiting on RPC response - topic: "", RPC method: "" info: "" _raise_timeout /usr/local/lib/python2.7/dist-packages/oslo_messaging/_drivers/impl_rabbit.py:1054
2017-04-08 10:45:29.169 24783 DEBUG oslo.messaging._drivers.impl_rabbit [req-3e1d04a7-5d1a-4104-bdce-36872542cb8a - - - - -] [49c0b8bd-7373-4693-8f8c-e1b8818c3e9b] Connected to AMQP server on 127.0.0.1:5672 via [amqp] client with port 39992. __init__ /usr/local/lib/python2.7/dist-packages/oslo_messaging/_drivers/impl_rabbit.py:644
2017-04-08 10:45:29.311 24783 INFO eventlet.wsgi.server [req-3e1d04a7-5d1a-4104-bdce-36872542cb8a - - - - -] 127.0.0.1 "PUT /v1/nodes/93494378-56ee-5e22-b6f0-e3be3a9ebdf1/states/power HTTP/1.1" status: 202 len: 384 time: 0.3479519
2017-04-08 10:45:29.311 24783 DEBUG oslo.messaging._drivers.impl_rabbit [-] Timed out waiting for RPC response: timed out _raise_timeout /usr/local/lib/python2.7/dist-packages/oslo_messaging/_drivers/impl_rabbit.py:1054
2017-04-08 10:45:29.311 24783 DEBUG oslo.messaging._drivers.impl_rabbit [-] Timed out waiting for RPC response: Timeout while waiting on RPC response - topic: "", RPC method: "" info: "" _raise_timeout /usr/local/lib/python2.7/dist-packages/oslo_messaging/_drivers/impl_rabbit.py:1054
2017-04-08 10:45:29.934 24785 DEBUG oslo.messaging._drivers.impl_rabbit [-] Timed out waiting for RPC response: timed out _raise_timeout /usr/local/lib/python2.7/dist-packages/oslo_messaging/_drivers/impl_rabbit.py:1054
2017-04-08 10:45:29.935 24785 DEBUG oslo.messaging._drivers.impl_rabbit [-] Timed out waiting for RPC response: Timeout while waiting on RPC response - topic: "", RPC method: "" info: "" _raise_timeout /usr/local/lib/python2.7/dist-packages/oslo_messaging/_drivers/impl_rabbit.py:1054
2017-04-08 10:45:30.312 24783 DEBUG oslo.messaging._drivers.impl_rabbit [-] Timed out waiting for RPC response: timed out _raise_timeout /usr/local/lib/python2.7/dist-packages/oslo_messaging/_drivers/impl_rabbit.py:1054
2017-04-08 10:45:30.312 24783 DEBUG oslo.messaging._drivers.impl_rabbit [-] Timed out waiting for RPC response: Timeout while waiting on RPC response - topic: "", RPC method: "" info: "" _raise_timeout /usr/local/lib/python2.7/dist-packages/oslo_messaging/_drivers/impl_rabbit.py:1054
2017-04-08 10:45:30.513 24784 DEBUG oslo.messaging._drivers.impl_rabbit [-] Timed out waiting for RPC response: timed out _raise_timeout /usr/local/lib/python2.7/dist-packages/oslo_messaging/_drivers/impl_rabbit.py:1054
2017-04-08 10:45:30.514 24784 DEBUG oslo.messaging._drivers.impl_rabbit [-] Timed out waiting for RPC response: Timeout while waiting on RPC response - topic: "", RPC method: "" info: "" _raise_timeout /usr/local/lib/python2.7/dist-packages/oslo_messaging/_drivers/impl_rabbit.py:1054
2017-04-08 10:45:30.544 24782 DEBUG oslo.messaging._drivers.impl_rabbit [-] Timed out waiting for RPC response: timed out _raise_timeout /usr/local/lib/python2.7/dist-packages/oslo_messaging/_drivers/impl_rabbit.py:1054
2017-04-08 10:45:30.545 24782 DEBUG oslo.messaging._drivers.impl_rabbit [-] Timed out waiting for RPC response: Timeout while waiting on RPC response - topic: "", RPC method: "" info: "" _raise_timeout /usr/local/lib/python2.7/dist-packages/oslo_messaging/_drivers/impl_rabbit.py:1054
2017-04-08 10:45:30.561 24794 DEBUG oslo.messaging._drivers.impl_rabbit [-] Timed out waiting for RPC response: timed out _raise_timeout /usr/local/lib/python2.7/dist-packages/oslo_messaging/_drivers/impl_rabbit.py:1054
2017-04-08 10:45:30.561 24794 DEBUG oslo.messaging._drivers.impl_rabbit [-] Timed out waiting for RPC response: Timeout while waiting on RPC response - topic: "", RPC method: "" info: "" _raise_timeout /usr/local/lib/python2.7/dist-packages/oslo_messaging/_drivers/impl_rabbit.py:1054
2017-04-08 10:45:30.849 24788 INFO eventlet.wsgi.server [req-db6892c2-dc85-4682-9946-fd062eab641a - - - - -] 127.0.0.1 "GET /v1/nodes/c1a56cb3-fcef-59d5-8105-7e6815154f70 HTTP/1.1" status: 200 len: 1752 time: 0.0290360
2017-04-08 10:45:30.865 24780 INFO eventlet.wsgi.server [req-22ed9368-33b3-4cce-ad76-153fe2798d03 - - - - -] 127.0.0.1 "GET /v1/nodes/93494378-56ee-5e22-b6f0-e3be3a9ebdf1 HTTP/1.1" status: 200 len: 1825 time: 0.0296731
2017-04-08 10:45:30.890 24780 INFO eventlet.wsgi.server [req-8e242f02-0bd8-469e-a737-1a2dbf7c7397 - - - - -] 127.0.0.1 "GET /v1/nodes/e1369efa-5391-5035-8533-3a065c44a584 HTTP/1.1" status: 200 len: 1755 time: 0.0230811
2017-04-08 10:45:31.428 24780 DEBUG oslo.messaging._drivers.impl_rabbit [-] Timed out waiting for RPC response: timed out _raise_timeout /usr/local/lib/python2.7/dist-packages/oslo_messaging/_drivers/impl_rabbit.py:1054
2017-04-08 10:45:31.429 24780 DEBUG oslo.messaging._drivers.impl_rabbit [-] Timed out waiting for RPC response: Timeout while waiting on RPC response - topic: "", RPC method: "" info: "" _raise_timeout /usr/local/lib/python2.7/dist-packages/oslo_messaging/_drivers/impl_rabbit.py:1054
2017-04-08 10:45:31.493 24788 DEBUG oslo.messaging._drivers.impl_rabbit [-] Timed out waiting for RPC response: timed out _raise_timeout /usr/local/lib/python2.7/dist-packages/oslo_messaging/_drivers/impl_rabbit.py:1054
2017-04-08 10:45:31.494 24788 DEBUG oslo.messaging._drivers.impl_rabbit [-] Timed out waiting for RPC response: Timeout while waiting on RPC response - topic: "", RPC method: "" info: "" _raise_timeout /usr/local/lib/python2.7/dist-packages/oslo_messaging/_drivers/impl_rabbit.py:1054
2017-04-08 10:45:31.938 24785 DEBUG oslo.messaging._drivers.impl_rabbit [-] Timed out waiting for RPC response: timed out _raise_timeout /usr/local/lib/python2.7/dist-packages/oslo_messaging/_drivers/impl_rabbit.py:1054
2017-04-08 10:45:31.938 24785 DEBUG oslo.messaging._drivers.impl_rabbit [-] Timed out waiting for RPC response: Timeout while waiting on RPC response - topic: "", RPC method: "" info: "" _raise_timeout /usr/local/lib/python2.7/dist-packages/oslo_messaging/_drivers/impl_rabbit.py:1054
2017-04-08 10:45:32.281 24791 DEBUG oslo.messaging._drivers.impl_rabbit [-] Timed out waiting for RPC response: timed out _raise_timeout /usr/local/lib/python2.7/dist-packages/oslo_messaging/_drivers/impl_rabbit.py:1054
2017-04-08 10:45:32.281 24791 DEBUG oslo.messaging._drivers.impl_rabbit [-] Timed out waiting for RPC response: Timeout while waiting on RPC response - topic: "", RPC method: "" info: "" _raise_timeout /usr/local/lib/python2.7/dist-packages/oslo_messaging/_drivers/impl_rabbit.py:1054
2017-04-08 10:45:32.313 24783 DEBUG oslo.messaging._drivers.impl_rabbit [-] Timed out waiting for RPC response: timed out _raise_timeout /usr/local/lib/python2.7/dist-packages/oslo_messaging/_drivers/impl_rabbit.py:1054
2017-04-08 10:45:32.313 24783 DEBUG oslo.messaging._drivers.impl_rabbit [-] Timed out waiting for RPC response: Timeout while waiting on RPC response - topic: "", RPC method: "" info: "" _raise_timeout /usr/local/lib/python2.7/dist-packages/oslo_messaging/_drivers/impl_rabbit.py:1054
2017-04-08 10:45:32.429 24780 DEBUG oslo.messaging._drivers.impl_rabbit [-] Timed out waiting for RPC response: timed out _raise_timeout /usr/local/lib/python2.7/dist-packages/oslo_messaging/_drivers/impl_rabbit.py:1054
2017-04-08 10:45:32.430 24780 DEBUG oslo.messaging._drivers.impl_rabbit [-] Timed out waiting for RPC response: Timeout while waiting on RPC response - topic: "", RPC method: "" info: "" _raise_timeout /usr/local/lib/python2.7/dist-packages/oslo_messaging/_drivers/impl_rabbit.py:1054
2017-04-08 10:45:32.495 24788 DEBUG oslo.messaging._drivers.impl_rabbit [-] Timed out waiting for RPC response: timed out _raise_timeout /usr/local/lib/python2.7/dist-packages/oslo_messaging/_drivers/impl_rabbit.py:1054
2017-04-08 10:45:32.495 24788 DEBUG oslo.messaging._drivers.impl_rabbit [-] Timed out waiting for RPC response: Timeout while waiting on RPC response - topic: "", RPC method: "" info: "" _raise_timeout /usr/local/lib/python2.7/dist-packages/oslo_messaging/_drivers/impl_rabbit.py:1054
2017-04-08 10:45:32.522 24786 DEBUG oslo.messaging._drivers.impl_rabbit [-] Timed out waiting for RPC response: timed out _raise_timeout /usr/local/lib/python2.7/dist-packages/oslo_messaging/_drivers/impl_rabbit.py:1054
2017-04-08 10:45:32.522 24786 DEBUG oslo.messaging._drivers.impl_rabbit [-] Timed out waiting for RPC response: Timeout while waiting on RPC response - topic: "", RPC method: "" info: "" _raise_timeout /usr/local/lib/python2.7/dist-packages/oslo_messaging/_drivers/impl_rabbit.py:1054
2017-04-08 10:45:32.732 24783 INFO eventlet.wsgi.server [req-4ef17d4f-0296-4e99-b124-ae80b0df952b - - - - -] 127.0.0.1 "GET /v1/nodes/e1369efa-5391-5035-8533-3a065c44a584 HTTP/1.1" status: 200 len: 1774 time: 0.0158510
2017-04-08 10:45:32.820 24783 INFO eventlet.wsgi.server [req-d67ac0e8-9fac-40ca-a313-e5f0103d3457 - - - - -] 127.0.0.1 "GET /v1/nodes/e1369efa-5391-5035-8533-3a065c44a584/ports HTTP/1.1" status: 200 len: 623 time: 0.0213349
2017-04-08 10:45:32.886 24788 INFO eventlet.wsgi.server [req-de3a6c1d-5ac0-4919-84b3-0a8b21446ee1 - - - - -] 127.0.0.1 "GET /v1/nodes/c1a56cb3-fcef-59d5-8105-7e6815154f70 HTTP/1.1" status: 200 len: 1752 time: 0.0324149
2017-04-08 10:45:32.905 24780 INFO eventlet.wsgi.server [req-4faadf3e-8b30-482b-9dad-a060dbd6a9ca - - - - -] 127.0.0.1 "GET /v1/nodes/93494378-56ee-5e22-b6f0-e3be3a9ebdf1 HTTP/1.1" status: 200 len: 1825 time: 0.0336540
2017-04-08 10:45:32.929 24780 INFO eventlet.wsgi.server [req-cc79f77c-91ce-411a-9d78-5b071b16976b - - - - -] 127.0.0.1 "GET /v1/nodes/e1369efa-5391-5035-8533-3a065c44a584 HTTP/1.1" status: 200 len: 1775 time: 0.0226581
2017-04-08 10:45:32.984 24783 INFO eventlet.wsgi.server [req-010769ca-bb83-43f5-a1c0-5cb3b84488cf - - - - -] 127.0.0.1 "PATCH /v1/nodes/e1369efa-5391-5035-8533-3a065c44a584 HTTP/1.1" status: 200 len: 1794 time: 0.1576281
2017-04-08 10:45:32.984 24783 DEBUG oslo.messaging._drivers.impl_rabbit [-] Timed out waiting for RPC response: timed out _raise_timeout /usr/local/lib/python2.7/dist-packages/oslo_messaging/_drivers/impl_rabbit.py:1054
2017-04-08 10:45:32.985 24783 DEBUG oslo.messaging._drivers.impl_rabbit [-] Timed out waiting for RPC response: Timeout while waiting on RPC response - topic: "", RPC method: "" info: "" _raise_timeout /usr/local/lib/python2.7/dist-packages/oslo_messaging/_drivers/impl_rabbit.py:1054
2017-04-08 10:45:33.184 24783 INFO eventlet.wsgi.server [req-e3340a71-1e1f-43a9-9e1c-b9a61455e884 - - - - -] 127.0.0.1 "PATCH /v1/nodes/e1369efa-5391-5035-8533-3a065c44a584 HTTP/1.1" status: 200 len: 1844 time: 0.1934259
2017-04-08 10:45:33.185 24783 DEBUG oslo.messaging._drivers.impl_rabbit [-] Timed out waiting for RPC response: timed out _raise_timeout /usr/local/lib/python2.7/dist-packages/oslo_messaging/_drivers/impl_rabbit.py:1054
2017-04-08 10:45:33.185 24783 DEBUG oslo.messaging._drivers.impl_rabbit [-] Timed out waiting for RPC response: Timeout while waiting on RPC response - topic: "", RPC method: "" info: "" _raise_timeout /usr/local/lib/python2.7/dist-packages/oslo_messaging/_drivers/impl_rabbit.py:1054
2017-04-08 10:45:33.283 24791 DEBUG oslo.messaging._drivers.impl_rabbit [-] Timed out waiting for RPC response: timed out _raise_timeout /usr/local/lib/python2.7/dist-packages/oslo_messaging/_drivers/impl_rabbit.py:1054
2017-04-08 10:45:33.284 24791 DEBUG oslo.messaging._drivers.impl_rabbit [-] Timed out waiting for RPC response: Timeout while waiting on RPC response - topic: "", RPC method: "" info: "" _raise_timeout /usr/local/lib/python2.7/dist-packages/oslo_messaging/_drivers/impl_rabbit.py:1054
2017-04-08 10:45:33.342 24783 INFO eventlet.wsgi.server [req-9deebf9b-ffca-463b-a6df-b62bf53e470b - - - - -] 127.0.0.1 "PUT /v1/nodes/e1369efa-5391-5035-8533-3a065c44a584/states/power HTTP/1.1" status: 202 len: 384 time: 0.1306119
2017-04-08 10:45:33.343 24783 DEBUG oslo.messaging._drivers.impl_rabbit [-] Timed out waiting for RPC response: timed out _raise_timeout /usr/local/lib/python2.7/dist-packages/oslo_messaging/_drivers/impl_rabbit.py:1054
2017-04-08 10:45:33.343 24783 DEBUG oslo.messaging._drivers.impl_rabbit [-] Timed out waiting for RPC response: Timeout while waiting on RPC response - topic: "", RPC method: "" info: "" _raise_timeout /usr/local/lib/python2.7/dist-packages/oslo_messaging/_drivers/impl_rabbit.py:1054
2017-04-08 10:45:33.524 24786 DEBUG oslo.messaging._drivers.impl_rabbit [-] Timed out waiting for RPC response: timed out _raise_timeout /usr/local/lib/python2.7/dist-packages/oslo_messaging/_drivers/impl_rabbit.py:1054
2017-04-08 10:45:33.525 24786 DEBUG oslo.messaging._drivers.impl_rabbit [-] Timed out waiting for RPC response: Timeout while waiting on RPC response - topic: "", RPC method: "" info: "" _raise_timeout /usr/local/lib/python2.7/dist-packages/oslo_messaging/_drivers/impl_rabbit.py:1054
2017-04-08 10:45:34.344 24783 DEBUG oslo.messaging._drivers.impl_rabbit [-] Timed out waiting for RPC response: timed out _raise_timeout /usr/local/lib/python2.7/dist-packages/oslo_messaging/_drivers/impl_rabbit.py:1054
2017-04-08 10:45:34.344 24783 DEBUG oslo.messaging._drivers.impl_rabbit [-] Timed out waiting for RPC response: Timeout while waiting on RPC response - topic: "", RPC method: "" info: "" _raise_timeout /usr/local/lib/python2.7/dist-packages/oslo_messaging/_drivers/impl_rabbit.py:1054
2017-04-08 10:45:34.433 24780 DEBUG oslo.messaging._drivers.impl_rabbit [-] Timed out waiting for RPC response: timed out _raise_timeout /usr/local/lib/python2.7/dist-packages/oslo_messaging/_drivers/impl_rabbit.py:1054
2017-04-08 10:45:34.434 24780 DEBUG oslo.messaging._drivers.impl_rabbit [-] Timed out waiting for RPC response: Timeout while waiting on RPC response - topic: "", RPC method: "" info: "" _raise_timeout /usr/local/lib/python2.7/dist-packages/oslo_messaging/_drivers/impl_rabbit.py:1054
2017-04-08 10:45:34.497 24788 DEBUG oslo.messaging._drivers.impl_rabbit [-] Timed out waiting for RPC response: timed out _raise_timeout /usr/local/lib/python2.7/dist-packages/oslo_messaging/_drivers/impl_rabbit.py:1054
2017-04-08 10:45:34.497 24788 DEBUG oslo.messaging._drivers.impl_rabbit [-] Timed out waiting for RPC response: Timeout while waiting on RPC response - topic: "", RPC method: "" info: "" _raise_timeout /usr/local/lib/python2.7/dist-packages/oslo_messaging/_drivers/impl_rabbit.py:1054
2017-04-08 10:45:34.516 24784 DEBUG oslo.messaging._drivers.impl_rabbit [-] Timed out waiting for RPC response: timed out _raise_timeout /usr/local/lib/python2.7/dist-packages/oslo_messaging/_drivers/impl_rabbit.py:1054
2017-04-08 10:45:34.517 24784 DEBUG oslo.messaging._drivers.impl_rabbit [-] Timed out waiting for RPC response: Timeout while waiting on RPC response - topic: "", RPC method: "" info: "" _raise_timeout /usr/local/lib/python2.7/dist-packages/oslo_messaging/_drivers/impl_rabbit.py:1054
2017-04-08 10:45:34.547 24782 DEBUG oslo.messaging._drivers.impl_rabbit [-] Timed out waiting for RPC response: timed out _raise_timeout /usr/local/lib/python2.7/dist-packages/oslo_messaging/_drivers/impl_rabbit.py:1054
2017-04-08 10:45:34.548 24782 DEBUG oslo.messaging._drivers.impl_rabbit [-] Timed out waiting for RPC response: Timeout while waiting on RPC response - topic: "", RPC method: "" info: "" _raise_timeout /usr/local/lib/python2.7/dist-packages/oslo_messaging/_drivers/impl_rabbit.py:1054
2017-04-08 10:45:34.563 24794 DEBUG oslo.messaging._drivers.impl_rabbit [-] Timed out waiting for RPC response: timed out _raise_timeout /usr/local/lib/python2.7/dist-packages/oslo_messaging/_drivers/impl_rabbit.py:1054
2017-04-08 10:45:34.563 24794 DEBUG oslo.messaging._drivers.impl_rabbit [-] Timed out waiting for RPC response: Timeout while waiting on RPC response - topic: "", RPC method: "" info: "" _raise_timeout /usr/local/lib/python2.7/dist-packages/oslo_messaging/_drivers/impl_rabbit.py:1054
2017-04-08 10:45:34.915 24788 INFO eventlet.wsgi.server [req-80f03063-9425-4fe8-b829-25f1e166430c - - - - -] 127.0.0.1 "GET /v1/nodes/c1a56cb3-fcef-59d5-8105-7e6815154f70 HTTP/1.1" status: 200 len: 1752 time: 0.0253999
2017-04-08 10:45:34.939 24780 INFO eventlet.wsgi.server [req-266656b6-3165-4dc1-a7d5-672a9d6255eb - - - - -] 127.0.0.1 "GET /v1/nodes/93494378-56ee-5e22-b6f0-e3be3a9ebdf1 HTTP/1.1" status: 200 len: 1825 time: 0.0287151
2017-04-08 10:45:34.960 24780 INFO eventlet.wsgi.server [req-3c759bcf-ae03-4bc7-b3a6-3c55293eb1e2 - - - - -] 127.0.0.1 "GET /v1/nodes/e1369efa-5391-5035-8533-3a065c44a584 HTTP/1.1" status: 200 len: 1832 time: 0.0203989
2017-04-08 10:45:35.285 24791 DEBUG oslo.messaging._drivers.impl_rabbit [-] Timed out waiting for RPC response: timed out _raise_timeout /usr/local/lib/python2.7/dist-packages/oslo_messaging/_drivers/impl_rabbit.py:1054
2017-04-08 10:45:35.286 24791 DEBUG oslo.messaging._drivers.impl_rabbit [-] Timed out waiting for RPC response: Timeout while waiting on RPC response - topic: "", RPC method: "" info: "" _raise_timeout /usr/local/lib/python2.7/dist-packages/oslo_messaging/_drivers/impl_rabbit.py:1054
2017-04-08 10:45:35.527 24786 DEBUG oslo.messaging._drivers.impl_rabbit [-] Timed out waiting for RPC response: timed out _raise_timeout /usr/local/lib/python2.7/dist-packages/oslo_messaging/_drivers/impl_rabbit.py:1054
2017-04-08 10:45:35.528 24786 DEBUG oslo.messaging._drivers.impl_rabbit [-] Timed out waiting for RPC response: Timeout while waiting on RPC response - topic: "", RPC method: "" info: "" _raise_timeout /usr/local/lib/python2.7/dist-packages/oslo_messaging/_drivers/impl_rabbit.py:1054
2017-04-08 10:45:35.942 24785 DEBUG oslo.messaging._drivers.impl_rabbit [-] Timed out waiting for RPC response: timed out _raise_timeout /usr/local/lib/python2.7/dist-packages/oslo_messaging/_drivers/impl_rabbit.py:1054
2017-04-08 10:45:35.943 24785 DEBUG oslo.messaging._drivers.impl_rabbit [-] Timed out waiting for RPC response: Timeout while waiting on RPC response - topic: "", RPC method: "" info: "" _raise_timeout /usr/local/lib/python2.7/dist-packages/oslo_messaging/_drivers/impl_rabbit.py:1054
2017-04-08 10:45:36.345 24783 DEBUG oslo.messaging._drivers.impl_rabbit [-] Timed out waiting for RPC response: timed out _raise_timeout /usr/local/lib/python2.7/dist-packages/oslo_messaging/_drivers/impl_rabbit.py:1054
2017-04-08 10:45:36.346 24783 DEBUG oslo.messaging._drivers.impl_rabbit [-] Timed out waiting for RPC response: Timeout while waiting on RPC response - topic: "", RPC method: "" info: "" _raise_timeout /usr/local/lib/python2.7/dist-packages/oslo_messaging/_drivers/impl_rabbit.py:1054
2017-04-08 10:45:36.564 24783 INFO eventlet.wsgi.server [req-4a60ef4f-d656-484c-bed3-72d7ef78ff1b - - - - -] 127.0.0.1 "GET /v1/nodes/c1a56cb3-fcef-59d5-8105-7e6815154f70 HTTP/1.1" status: 200 len: 1771 time: 0.0136051
2017-04-08 10:45:36.640 24783 INFO eventlet.wsgi.server [req-a5ef87ba-255d-48cb-9290-a8dce78d996f - - - - -] 127.0.0.1 "GET /v1/nodes/c1a56cb3-fcef-59d5-8105-7e6815154f70/ports HTTP/1.1" status: 200 len: 623 time: 0.0230980
2017-04-08 10:45:36.779 24783 INFO eventlet.wsgi.server [req-2edbdc9e-3022-4ce5-ab70-f976621b5090 - - - - -] 127.0.0.1 "PATCH /v1/nodes/c1a56cb3-fcef-59d5-8105-7e6815154f70 HTTP/1.1" status: 200 len: 1791 time: 0.1334479
2017-04-08 10:45:36.780 24783 DEBUG oslo.messaging._drivers.impl_rabbit [-] Timed out waiting for RPC response: timed out _raise_timeout /usr/local/lib/python2.7/dist-packages/oslo_messaging/_drivers/impl_rabbit.py:1054
2017-04-08 10:45:36.781 24783 DEBUG oslo.messaging._drivers.impl_rabbit [-] Timed out waiting for RPC response: Timeout while waiting on RPC response - topic: "", RPC method: "" info: "" _raise_timeout /usr/local/lib/python2.7/dist-packages/oslo_messaging/_drivers/impl_rabbit.py:1054
2017-04-08 10:45:36.936 24788 INFO eventlet.wsgi.server [req-e4c70252-a213-4ccb-8c04-35ffd9fa85a5 - - - - -] 127.0.0.1 "GET /v1/nodes/c1a56cb3-fcef-59d5-8105-7e6815154f70 HTTP/1.1" status: 200 len: 1822 time: 0.0169780
2017-04-08 10:45:36.974 24780 INFO eventlet.wsgi.server [req-a1e4d912-2f4f-4dd6-9640-6e4a526ff331 - - - - -] 127.0.0.1 "GET /v1/nodes/93494378-56ee-5e22-b6f0-e3be3a9ebdf1 HTTP/1.1" status: 200 len: 1825 time: 0.0296361
2017-04-08 10:45:36.997 24780 INFO eventlet.wsgi.server [req-66f81f62-b39d-4817-86ba-0b22dc846962 - - - - -] 127.0.0.1 "GET /v1/nodes/e1369efa-5391-5035-8533-3a065c44a584 HTTP/1.1" status: 200 len: 1832 time: 0.0220079
2017-04-08 10:45:37.000 24783 INFO eventlet.wsgi.server [req-0d220c2f-341d-4b87-8697-9642ab1a6adc - - - - -] 127.0.0.1 "PATCH /v1/nodes/c1a56cb3-fcef-59d5-8105-7e6815154f70 HTTP/1.1" status: 200 len: 1841 time: 0.2142758
2017-04-08 10:45:37.001 24783 DEBUG oslo.messaging._drivers.impl_rabbit [-] Timed out waiting for RPC response: timed out _raise_timeout /usr/local/lib/python2.7/dist-packages/oslo_messaging/_drivers/impl_rabbit.py:1054
