2017-04-08 10:44:31.484 24788 DEBUG oslo.messaging._drivers.impl_rabbit [req-bf664637-7556-4837-8095-da99b8d67ead - - - - -] [a4e2d126-3ea2-4eb5-817a-882d940c94c9] Connecting to AMQP server on localhost:5672 __init__ /usr/local/lib/python2.7/dist-packages/oslo_messaging/_drivers/impl_rabbit.py:597
2017-04-08 10:44:31.491 24788 DEBUG oslo.messaging._drivers.impl_rabbit [req-bf664637-7556-4837-8095-da99b8d67ead - - - - -] [a4e2d126-3ea2-4eb5-817a-882d940c94c9] Connected to AMQP server on 127.0.0.1:5672 via [amqp] client with port 39910. __init__ /usr/local/lib/python2.7/dist-packages/oslo_messaging/_drivers/impl_rabbit.py:644
2017-04-08 10:44:31.492 24788 DEBUG oslo.messaging._drivers.impl_rabbit [req-bf664637-7556-4837-8095-da99b8d67ead - - - - -] [a4e2d126-3ea2-4eb5-817a-882d940c94c9] Queue.declare: reply_57e2aeb5a6194dcf9823e85aaf41298d declare /usr/local/lib/python2.7/dist-packages/oslo_messaging/_drivers/impl_rabbit.py:303
2017-04-08 10:44:31.497 24788 DEBUG oslo.messaging._drivers.pool [req-bf664637-7556-4837-8095-da99b8d67ead - - - - -] Pool creating new connection create /usr/local/lib/python2.7/dist-packages/oslo_messaging/_drivers/pool.py:143
2017-04-08 10:44:31.497 24788 DEBUG oslo.messaging._drivers.impl_rabbit [req-bf664637-7556-4837-8095-da99b8d67ead - - - - -] [cfe2f8a4-7c2a-4b4e-8060-f8702b76ac65] Connecting to AMQP server on localhost:5672 __init__ /usr/local/lib/python2.7/dist-packages/oslo_messaging/_drivers/impl_rabbit.py:597
2017-04-08 10:44:31.504 24788 DEBUG oslo.messaging._drivers.impl_rabbit [-] Timed out waiting for RPC response: timed out _raise_timeout /usr/local/lib/python2.7/dist-packages/oslo_messaging/_drivers/impl_rabbit.py:1054
2017-04-08 10:44:31.505 24788 DEBUG oslo.messaging._drivers.impl_rabbit [-] Timed out waiting for RPC response: Timeout while waiting on RPC response - topic: "", RPC method: "" info: "" _raise_timeout /usr/local/lib/python2.7/dist-packages/oslo_messaging/_drivers/impl_rabbit.py:1054
2017-04-08 10:44:31.506 24788 DEBUG oslo.messaging._drivers.impl_rabbit [req-bf664637-7556-4837-8095-da99b8d67ead - - - - -] [cfe2f8a4-7c2a-4b4e-8060-f8702b76ac65] Connected to AMQP server on 127.0.0.1:5672 via [amqp] client with port 39912. __init__ /usr/local/lib/python2.7/dist-packages/oslo_messaging/_drivers/impl_rabbit.py:644
2017-04-08 10:44:31.666 24780 INFO eventlet.wsgi.server [req-1bd2d959-4a56-4b8c-be2b-7b7985c3cd63 - - - - -] 127.0.0.1 "PUT /v1/nodes/93494378-56ee-5e22-b6f0-e3be3a9ebdf1/states/provision HTTP/1.1" status: 202 len: 383 time: 0.2836401
2017-04-08 10:44:31.667 24780 DEBUG oslo.messaging._drivers.impl_rabbit [-] Timed out waiting for RPC response: timed out _raise_timeout /usr/local/lib/python2.7/dist-packages/oslo_messaging/_drivers/impl_rabbit.py:1054
2017-04-08 10:44:31.667 24780 DEBUG oslo.messaging._drivers.impl_rabbit [-] Timed out waiting for RPC response: Timeout while waiting on RPC response - topic: "", RPC method: "" info: "" _raise_timeout /usr/local/lib/python2.7/dist-packages/oslo_messaging/_drivers/impl_rabbit.py:1054
2017-04-08 10:44:31.684 24780 INFO eventlet.wsgi.server [req-53eae39c-6496-40f4-bb44-db16ae686f89 - - - - -] 127.0.0.1 "GET /v1/nodes/93494378-56ee-5e22-b6f0-e3be3a9ebdf1 HTTP/1.1" status: 200 len: 1711 time: 0.0142291
2017-04-08 10:44:31.725 24780 INFO eventlet.wsgi.server [req-36c398c1-5b00-4250-96f8-5c75f3f231d2 - - - - -] 127.0.0.1 "PUT /v1/nodes/e1369efa-5391-5035-8533-3a065c44a584/states/provision HTTP/1.1" status: 202 len: 383 time: 0.3269901
2017-04-08 10:44:31.725 24780 DEBUG oslo.messaging._drivers.impl_rabbit [-] Timed out waiting for RPC response: timed out _raise_timeout /usr/local/lib/python2.7/dist-packages/oslo_messaging/_drivers/impl_rabbit.py:1054
2017-04-08 10:44:31.726 24780 DEBUG oslo.messaging._drivers.impl_rabbit [-] Timed out waiting for RPC response: Timeout while waiting on RPC response - topic: "", RPC method: "" info: "" _raise_timeout /usr/local/lib/python2.7/dist-packages/oslo_messaging/_drivers/impl_rabbit.py:1054
2017-04-08 10:44:31.740 24780 INFO eventlet.wsgi.server [req-d55a36e9-59d0-4346-b62d-0c2fdb964daa - - - - -] 127.0.0.1 "GET /v1/nodes/e1369efa-5391-5035-8533-3a065c44a584 HTTP/1.1" status: 200 len: 1718 time: 0.0116708
2017-04-08 10:44:31.750 24788 INFO eventlet.wsgi.server [req-bf664637-7556-4837-8095-da99b8d67ead - - - - -] 127.0.0.1 "PUT /v1/nodes/c1a56cb3-fcef-59d5-8105-7e6815154f70/states/provision HTTP/1.1" status: 202 len: 383 time: 0.2877159
2017-04-08 10:44:31.751 24788 DEBUG oslo.messaging._drivers.impl_rabbit [-] Timed out waiting for RPC response: timed out _raise_timeout /usr/local/lib/python2.7/dist-packages/oslo_messaging/_drivers/impl_rabbit.py:1054
2017-04-08 10:44:31.752 24788 DEBUG oslo.messaging._drivers.impl_rabbit [-] Timed out waiting for RPC response: Timeout while waiting on RPC response - topic: "", RPC method: "" info: "" _raise_timeout /usr/local/lib/python2.7/dist-packages/oslo_messaging/_drivers/impl_rabbit.py:1054
2017-04-08 10:44:31.776 24788 INFO eventlet.wsgi.server [req-bbcb3e73-29bb-44eb-8479-a36f9d078234 - - - - -] 127.0.0.1 "GET /v1/nodes/c1a56cb3-fcef-59d5-8105-7e6815154f70 HTTP/1.1" status: 200 len: 1715 time: 0.0229371
2017-04-08 10:44:31.868 24780 INFO eventlet.wsgi.server [req-ad6eb317-74b0-4eab-84c5-d3a9ef305e2a - - - - -] 127.0.0.1 "PUT /v1/nodes/93494378-56ee-5e22-b6f0-e3be3a9ebdf1/states/provision HTTP/1.1" status: 202 len: 383 time: 0.1801760
2017-04-08 10:44:31.868 24780 DEBUG oslo.messaging._drivers.impl_rabbit [-] Timed out waiting for RPC response: timed out _raise_timeout /usr/local/lib/python2.7/dist-packages/oslo_messaging/_drivers/impl_rabbit.py:1054
2017-04-08 10:44:31.869 24780 DEBUG oslo.messaging._drivers.impl_rabbit [-] Timed out waiting for RPC response: Timeout while waiting on RPC response - topic: "", RPC method: "" info: "" _raise_timeout /usr/local/lib/python2.7/dist-packages/oslo_messaging/_drivers/impl_rabbit.py:1054
2017-04-08 10:44:31.886 24780 INFO eventlet.wsgi.server [req-c0b243a4-64f1-4ea0-b0f1-8d15f82fe9ea - - - - -] 127.0.0.1 "GET /v1/nodes/93494378-56ee-5e22-b6f0-e3be3a9ebdf1 HTTP/1.1" status: 200 len: 1742 time: 0.0146649
2017-04-08 10:44:31.907 24780 INFO eventlet.wsgi.server [req-83af45f3-1b71-4354-8bff-d5d66907c42b - - - - -] 127.0.0.1 "GET /v1/nodes/93494378-56ee-5e22-b6f0-e3be3a9ebdf1 HTTP/1.1" status: 200 len: 1761 time: 0.0201690
2017-04-08 10:44:31.912 24780 INFO eventlet.wsgi.server [req-0d75540b-e309-45fd-a1ba-d14f3d1c61f3 - - - - -] 127.0.0.1 "GET /v1/nodes/93494378-56ee-5e22-b6f0-e3be3a9ebdf1 HTTP/1.1" status: 200 len: 1742 time: 0.0206430
2017-04-08 10:44:31.919 24780 INFO eventlet.wsgi.server [req-08a1f9ad-8d76-43e8-831b-b8d6d8c8cce5 - - - - -] 127.0.0.1 "PUT /v1/nodes/e1369efa-5391-5035-8533-3a065c44a584/states/provision HTTP/1.1" status: 202 len: 383 time: 0.1758580
2017-04-08 10:44:31.921 24780 DEBUG oslo.messaging._drivers.impl_rabbit [-] Timed out waiting for RPC response: timed out _raise_timeout /usr/local/lib/python2.7/dist-packages/oslo_messaging/_drivers/impl_rabbit.py:1054
2017-04-08 10:44:31.922 24780 DEBUG oslo.messaging._drivers.impl_rabbit [-] Timed out waiting for RPC response: Timeout while waiting on RPC response - topic: "", RPC method: "" info: "" _raise_timeout /usr/local/lib/python2.7/dist-packages/oslo_messaging/_drivers/impl_rabbit.py:1054
2017-04-08 10:44:31.935 24780 INFO eventlet.wsgi.server [req-533b28c2-0fa7-4eda-af3c-172e080bbc59 - - - - -] 127.0.0.1 "GET /v1/nodes/e1369efa-5391-5035-8533-3a065c44a584 HTTP/1.1" status: 200 len: 1749 time: 0.0133240
2017-04-08 10:44:31.942 24788 INFO eventlet.wsgi.server [req-b70487ad-4e22-47cf-a452-b1ed244aeea5 - - - - -] 127.0.0.1 "PUT /v1/nodes/c1a56cb3-fcef-59d5-8105-7e6815154f70/states/provision HTTP/1.1" status: 202 len: 383 time: 0.1629212
2017-04-08 10:44:31.943 24788 DEBUG oslo.messaging._drivers.impl_rabbit [-] Timed out waiting for RPC response: timed out _raise_timeout /usr/local/lib/python2.7/dist-packages/oslo_messaging/_drivers/impl_rabbit.py:1054
2017-04-08 10:44:31.943 24788 DEBUG oslo.messaging._drivers.impl_rabbit [-] Timed out waiting for RPC response: Timeout while waiting on RPC response - topic: "", RPC method: "" info: "" _raise_timeout /usr/local/lib/python2.7/dist-packages/oslo_messaging/_drivers/impl_rabbit.py:1054
2017-04-08 10:44:31.952 24780 INFO eventlet.wsgi.server [req-f025aa0c-ed55-469a-9bf6-a8f44d8d0212 - - - - -] 127.0.0.1 "GET /v1/nodes/e1369efa-5391-5035-8533-3a065c44a584 HTTP/1.1" status: 200 len: 1749 time: 0.0140560
2017-04-08 10:44:31.965 24788 INFO eventlet.wsgi.server [req-89235b28-21d2-44bd-b679-3466e46b15ee - - - - -] 127.0.0.1 "GET /v1/nodes/c1a56cb3-fcef-59d5-8105-7e6815154f70 HTTP/1.1" status: 200 len: 1766 time: 0.0173352
2017-04-08 10:44:31.976 24780 INFO eventlet.wsgi.server [req-f283c7b2-ac2f-4234-843a-3c655f9b8793 - - - - -] 127.0.0.1 "GET /v1/nodes/93494378-56ee-5e22-b6f0-e3be3a9ebdf1/validate HTTP/1.1" status: 200 len: 1081 time: 0.0634251
2017-04-08 10:44:31.977 24780 DEBUG oslo.messaging._drivers.impl_rabbit [-] Timed out waiting for RPC response: timed out _raise_timeout /usr/local/lib/python2.7/dist-packages/oslo_messaging/_drivers/impl_rabbit.py:1054
2017-04-08 10:44:31.977 24780 DEBUG oslo.messaging._drivers.impl_rabbit [-] Timed out waiting for RPC response: Timeout while waiting on RPC response - topic: "", RPC method: "" info: "" _raise_timeout /usr/local/lib/python2.7/dist-packages/oslo_messaging/_drivers/impl_rabbit.py:1054
2017-04-08 10:44:31.984 24788 INFO eventlet.wsgi.server [req-fd87f7e4-3bd3-4054-a35e-f25b26cc19d0 - - - - -] 127.0.0.1 "GET /v1/nodes/c1a56cb3-fcef-59d5-8105-7e6815154f70 HTTP/1.1" status: 200 len: 1746 time: 0.0159500
2017-04-08 10:44:32.072 24791 DEBUG oslo_concurrency.lockutils [req-97240087-d35a-43d9-9578-51fa05916e71 - - - - -] Lock "policy_enforcer" acquired by "ironic.common.policy.init_enforcer" :: waited 0.000s inner /usr/local/lib/python2.7/dist-packages/oslo_concurrency/lockutils.py:270
2017-04-08 10:44:32.074 24791 DEBUG oslo_concurrency.lockutils [req-97240087-d35a-43d9-9578-51fa05916e71 - - - - -] Lock "policy_enforcer" released by "ironic.common.policy.init_enforcer" :: held 0.001s inner /usr/local/lib/python2.7/dist-packages/oslo_concurrency/lockutils.py:282
2017-04-08 10:44:32.074 24791 DEBUG oslo_policy._cache_handler [req-97240087-d35a-43d9-9578-51fa05916e71 - - - - -] Reloading cached file /etc/ironic/policy.json read_cached_file /usr/local/lib/python2.7/dist-packages/oslo_policy/_cache_handler.py:40
2017-04-08 10:44:32.076 24791 DEBUG oslo_policy.policy [req-97240087-d35a-43d9-9578-51fa05916e71 - - - - -] Reloaded policy file: /etc/ironic/policy.json _load_policy_file /usr/local/lib/python2.7/dist-packages/oslo_policy/policy.py:684
2017-04-08 10:44:32.080 24780 INFO eventlet.wsgi.server [req-9a640adc-fdaf-42c4-b774-5535d7c694ec - - - - -] 127.0.0.1 "GET /v1/nodes/93494378-56ee-5e22-b6f0-e3be3a9ebdf1 HTTP/1.1" status: 200 len: 1761 time: 0.0174289
2017-04-08 10:44:32.080 24791 DEBUG oslo_db.api [req-97240087-d35a-43d9-9578-51fa05916e71 - - - - -] Loading backend 'sqlalchemy' from 'ironic.db.sqlalchemy.api' _load_backend /usr/local/lib/python2.7/dist-packages/oslo_db/api.py:237
2017-04-08 10:44:32.109 24780 INFO eventlet.wsgi.server [req-17f8e6ab-f2c6-43b5-b2c6-7008ae5a4f38 - - - - -] 127.0.0.1 "GET /v1/nodes/93494378-56ee-5e22-b6f0-e3be3a9ebdf1/ports HTTP/1.1" status: 200 len: 623 time: 0.0230660
2017-04-08 10:44:32.208 24791 DEBUG oslo_db.sqlalchemy.engines [req-97240087-d35a-43d9-9578-51fa05916e71 - - - - -] MySQL server mode set to STRICT_TRANS_TABLES,STRICT_ALL_TABLES,NO_ZERO_IN_DATE,NO_ZERO_DATE,ERROR_FOR_DIVISION_BY_ZERO,TRADITIONAL,NO_AUTO_CREATE_USER,NO_ENGINE_SUBSTITUTION _check_effective_sql_mode /usr/local/lib/python2.7/dist-packages/oslo_db/sqlalchemy/engines.py:260
2017-04-08 10:44:32.238 24791 INFO eventlet.wsgi.server [req-97240087-d35a-43d9-9578-51fa05916e71 - - - - -] 127.0.0.1 "GET /v1/nodes/e1369efa-5391-5035-8533-3a065c44a584 HTTP/1.1" status: 200 len: 1768 time: 0.1702890
2017-04-08 10:44:32.263 24791 DEBUG oslo.messaging._drivers.pool [req-3c1c6027-8caa-4a7b-ae34-425ebb74cf8b - - - - -] Pool creating new connection create /usr/local/lib/python2.7/dist-packages/oslo_messaging/_drivers/pool.py:143
2017-04-08 10:44:32.264 24791 WARNING oslo_config.cfg [req-3c1c6027-8caa-4a7b-ae34-425ebb74cf8b - - - - -] Option "rabbit_userid" from group "DEFAULT" is deprecated. Use option "rabbit_userid" from group "oslo_messaging_rabbit".
2017-04-08 10:44:32.264 24791 WARNING oslo_config.cfg [req-3c1c6027-8caa-4a7b-ae34-425ebb74cf8b - - - - -] Option "rabbit_userid" from group "oslo_messaging_rabbit" is deprecated for removal. Its value may be silently ignored in the future.
2017-04-08 10:44:32.264 24791 WARNING oslo_config.cfg [req-3c1c6027-8caa-4a7b-ae34-425ebb74cf8b - - - - -] Option "rabbit_password" from group "DEFAULT" is deprecated. Use option "rabbit_password" from group "oslo_messaging_rabbit".
2017-04-08 10:44:32.264 24791 WARNING oslo_config.cfg [req-3c1c6027-8caa-4a7b-ae34-425ebb74cf8b - - - - -] Option "rabbit_password" from group "oslo_messaging_rabbit" is deprecated for removal. Its value may be silently ignored in the future.
2017-04-08 10:44:32.268 24791 DEBUG oslo.messaging._drivers.impl_rabbit [req-3c1c6027-8caa-4a7b-ae34-425ebb74cf8b - - - - -] [93faf95d-1bb5-496d-a9d6-3d652810d09f] Connecting to AMQP server on localhost:5672 __init__ /usr/local/lib/python2.7/dist-packages/oslo_messaging/_drivers/impl_rabbit.py:597
2017-04-08 10:44:32.278 24791 DEBUG oslo.messaging._drivers.impl_rabbit [req-3c1c6027-8caa-4a7b-ae34-425ebb74cf8b - - - - -] [93faf95d-1bb5-496d-a9d6-3d652810d09f] Connected to AMQP server on 127.0.0.1:5672 via [amqp] client with port 39938. __init__ /usr/local/lib/python2.7/dist-packages/oslo_messaging/_drivers/impl_rabbit.py:644
2017-04-08 10:44:32.279 24791 DEBUG oslo.messaging._drivers.impl_rabbit [req-3c1c6027-8caa-4a7b-ae34-425ebb74cf8b - - - - -] [93faf95d-1bb5-496d-a9d6-3d652810d09f] Queue.declare: reply_c5a74d4cf0664bcf954d3b1979e18dbe declare /usr/local/lib/python2.7/dist-packages/oslo_messaging/_drivers/impl_rabbit.py:303
2017-04-08 10:44:32.285 24791 DEBUG oslo.messaging._drivers.pool [req-3c1c6027-8caa-4a7b-ae34-425ebb74cf8b - - - - -] Pool creating new connection create /usr/local/lib/python2.7/dist-packages/oslo_messaging/_drivers/pool.py:143
2017-04-08 10:44:32.286 24791 DEBUG oslo.messaging._drivers.impl_rabbit [req-3c1c6027-8caa-4a7b-ae34-425ebb74cf8b - - - - -] [98276e68-8b93-4db6-9f29-7adf2137e871] Connecting to AMQP server on localhost:5672 __init__ /usr/local/lib/python2.7/dist-packages/oslo_messaging/_drivers/impl_rabbit.py:597
2017-04-08 10:44:32.298 24791 DEBUG oslo.messaging._drivers.impl_rabbit [-] Timed out waiting for RPC response: timed out _raise_timeout /usr/local/lib/python2.7/dist-packages/oslo_messaging/_drivers/impl_rabbit.py:1054
2017-04-08 10:44:32.299 24791 DEBUG oslo.messaging._drivers.impl_rabbit [-] Timed out waiting for RPC response: Timeout while waiting on RPC response - topic: "", RPC method: "" info: "" _raise_timeout /usr/local/lib/python2.7/dist-packages/oslo_messaging/_drivers/impl_rabbit.py:1054
2017-04-08 10:44:32.302 24791 DEBUG oslo.messaging._drivers.impl_rabbit [req-3c1c6027-8caa-4a7b-ae34-425ebb74cf8b - - - - -] [98276e68-8b93-4db6-9f29-7adf2137e871] Connected to AMQP server on 127.0.0.1:5672 via [amqp] client with port 39940. __init__ /usr/local/lib/python2.7/dist-packages/oslo_messaging/_drivers/impl_rabbit.py:644
2017-04-08 10:44:32.340 24791 INFO eventlet.wsgi.server [req-3c1c6027-8caa-4a7b-ae34-425ebb74cf8b - - - - -] 127.0.0.1 "GET /v1/nodes/e1369efa-5391-5035-8533-3a065c44a584/validate HTTP/1.1" status: 200 len: 1081 time: 0.0975709
2017-04-08 10:44:32.340 24791 DEBUG oslo.messaging._drivers.impl_rabbit [-] Timed out waiting for RPC response: timed out _raise_timeout /usr/local/lib/python2.7/dist-packages/oslo_messaging/_drivers/impl_rabbit.py:1054
2017-04-08 10:44:32.341 24791 DEBUG oslo.messaging._drivers.impl_rabbit [-] Timed out waiting for RPC response: Timeout while waiting on RPC response - topic: "", RPC method: "" info: "" _raise_timeout /usr/local/lib/python2.7/dist-packages/oslo_messaging/_drivers/impl_rabbit.py:1054
2017-04-08 10:44:32.469 24791 INFO eventlet.wsgi.server [req-1101e67c-1fc4-4ce4-8eb0-ac0866445bbb - - - - -] 127.0.0.1 "GET /v1/nodes/e1369efa-5391-5035-8533-3a065c44a584 HTTP/1.1" status: 200 len: 1768 time: 0.0291669
2017-04-08 10:44:32.471 24786 INFO eventlet.wsgi.server [req-d395dac8-cc94-4546-ac7b-9a78bbbf2ed0 - - - - -] 127.0.0.1 "GET /v1/nodes/c1a56cb3-fcef-59d5-8105-7e6815154f70 HTTP/1.1" status: 200 len: 1765 time: 0.0271859
2017-04-08 10:44:32.501 24786 DEBUG oslo.messaging._drivers.pool [req-7b602081-a2c6-4a00-a99d-9c1436ac86ad - - - - -] Pool creating new connection create /usr/local/lib/python2.7/dist-packages/oslo_messaging/_drivers/pool.py:143
2017-04-08 10:44:32.502 24786 WARNING oslo_config.cfg [req-7b602081-a2c6-4a00-a99d-9c1436ac86ad - - - - -] Option "rabbit_userid" from group "DEFAULT" is deprecated. Use option "rabbit_userid" from group "oslo_messaging_rabbit".
2017-04-08 10:44:32.502 24786 WARNING oslo_config.cfg [req-7b602081-a2c6-4a00-a99d-9c1436ac86ad - - - - -] Option "rabbit_userid" from group "oslo_messaging_rabbit" is deprecated for removal. Its value may be silently ignored in the future.
2017-04-08 10:44:32.503 24786 WARNING oslo_config.cfg [req-7b602081-a2c6-4a00-a99d-9c1436ac86ad - - - - -] Option "rabbit_password" from group "DEFAULT" is deprecated. Use option "rabbit_password" from group "oslo_messaging_rabbit".
2017-04-08 10:44:32.503 24786 WARNING oslo_config.cfg [req-7b602081-a2c6-4a00-a99d-9c1436ac86ad - - - - -] Option "rabbit_password" from group "oslo_messaging_rabbit" is deprecated for removal. Its value may be silently ignored in the future.
2017-04-08 10:44:32.508 24786 DEBUG oslo.messaging._drivers.impl_rabbit [req-7b602081-a2c6-4a00-a99d-9c1436ac86ad - - - - -] [43f3b0f7-c5f6-4c4a-bfaf-91617e19c47d] Connecting to AMQP server on localhost:5672 __init__ /usr/local/lib/python2.7/dist-packages/oslo_messaging/_drivers/impl_rabbit.py:597
2017-04-08 10:44:32.519 24786 DEBUG oslo.messaging._drivers.impl_rabbit [req-7b602081-a2c6-4a00-a99d-9c1436ac86ad - - - - -] [43f3b0f7-c5f6-4c4a-bfaf-91617e19c47d] Connected to AMQP server on 127.0.0.1:5672 via [amqp] client with port 39946. __init__ /usr/local/lib/python2.7/dist-packages/oslo_messaging/_drivers/impl_rabbit.py:644
2017-04-08 10:44:32.520 24786 DEBUG oslo.messaging._drivers.impl_rabbit [req-7b602081-a2c6-4a00-a99d-9c1436ac86ad - - - - -] [43f3b0f7-c5f6-4c4a-bfaf-91617e19c47d] Queue.declare: reply_87e89e59025a4792b9244a3f4fb46aea declare /usr/local/lib/python2.7/dist-packages/oslo_messaging/_drivers/impl_rabbit.py:303
2017-04-08 10:44:32.525 24786 DEBUG oslo.messaging._drivers.pool [req-7b602081-a2c6-4a00-a99d-9c1436ac86ad - - - - -] Pool creating new connection create /usr/local/lib/python2.7/dist-packages/oslo_messaging/_drivers/pool.py:143
2017-04-08 10:44:32.526 24786 DEBUG oslo.messaging._drivers.impl_rabbit [req-7b602081-a2c6-4a00-a99d-9c1436ac86ad - - - - -] [f1818246-b9b9-43f1-b653-33b1997226d3] Connecting to AMQP server on localhost:5672 __init__ /usr/local/lib/python2.7/dist-packages/oslo_messaging/_drivers/impl_rabbit.py:597
2017-04-08 10:44:32.535 24786 DEBUG oslo.messaging._drivers.impl_rabbit [-] Timed out waiting for RPC response: timed out _raise_timeout /usr/local/lib/python2.7/dist-packages/oslo_messaging/_drivers/impl_rabbit.py:1054
2017-04-08 10:44:32.535 24786 DEBUG oslo.messaging._drivers.impl_rabbit [-] Timed out waiting for RPC response: Timeout while waiting on RPC response - topic: "", RPC method: "" info: "" _raise_timeout /usr/local/lib/python2.7/dist-packages/oslo_messaging/_drivers/impl_rabbit.py:1054
2017-04-08 10:44:32.538 24786 DEBUG oslo.messaging._drivers.impl_rabbit [req-7b602081-a2c6-4a00-a99d-9c1436ac86ad - - - - -] [f1818246-b9b9-43f1-b653-33b1997226d3] Connected to AMQP server on 127.0.0.1:5672 via [amqp] client with port 39948. __init__ /usr/local/lib/python2.7/dist-packages/oslo_messaging/_drivers/impl_rabbit.py:644
2017-04-08 10:44:32.580 24786 INFO eventlet.wsgi.server [req-7b602081-a2c6-4a00-a99d-9c1436ac86ad - - - - -] 127.0.0.1 "GET /v1/nodes/c1a56cb3-fcef-59d5-8105-7e6815154f70/validate HTTP/1.1" status: 200 len: 1081 time: 0.1047339
2017-04-08 10:44:32.581 24786 DEBUG oslo.messaging._drivers.impl_rabbit [-] Timed out waiting for RPC response: timed out _raise_timeout /usr/local/lib/python2.7/dist-packages/oslo_messaging/_drivers/impl_rabbit.py:1054
2017-04-08 10:44:32.582 24786 DEBUG oslo.messaging._drivers.impl_rabbit [-] Timed out waiting for RPC response: Timeout while waiting on RPC response - topic: "", RPC method: "" info: "" _raise_timeout /usr/local/lib/python2.7/dist-packages/oslo_messaging/_drivers/impl_rabbit.py:1054
2017-04-08 10:44:32.719 24786 INFO eventlet.wsgi.server [req-ed6bf175-777d-417b-88a7-306c824dd06d - - - - -] 127.0.0.1 "GET /v1/nodes/c1a56cb3-fcef-59d5-8105-7e6815154f70 HTTP/1.1" status: 200 len: 1765 time: 0.0261881
2017-04-08 10:44:32.944 24788 DEBUG oslo.messaging._drivers.impl_rabbit [-] Timed out waiting for RPC response: timed out _raise_timeout /usr/local/lib/python2.7/dist-packages/oslo_messaging/_drivers/impl_rabbit.py:1054
2017-04-08 10:44:32.945 24788 DEBUG oslo.messaging._drivers.impl_rabbit [-] Timed out waiting for RPC response: Timeout while waiting on RPC response - topic: "", RPC method: "" info: "" _raise_timeout /usr/local/lib/python2.7/dist-packages/oslo_messaging/_drivers/impl_rabbit.py:1054
2017-04-08 10:44:32.978 24780 DEBUG oslo.messaging._drivers.impl_rabbit [-] Timed out waiting for RPC response: timed out _raise_timeout /usr/local/lib/python2.7/dist-packages/oslo_messaging/_drivers/impl_rabbit.py:1054
2017-04-08 10:44:32.978 24780 DEBUG oslo.messaging._drivers.impl_rabbit [-] Timed out waiting for RPC response: Timeout while waiting on RPC response - topic: "", RPC method: "" info: "" _raise_timeout /usr/local/lib/python2.7/dist-packages/oslo_messaging/_drivers/impl_rabbit.py:1054
2017-04-08 10:44:33.342 24791 DEBUG oslo.messaging._drivers.impl_rabbit [-] Timed out waiting for RPC response: timed out _raise_timeout /usr/local/lib/python2.7/dist-packages/oslo_messaging/_drivers/impl_rabbit.py:1054
2017-04-08 10:44:33.343 24791 DEBUG oslo.messaging._drivers.impl_rabbit [-] Timed out waiting for RPC response: Timeout while waiting on RPC response - topic: "", RPC method: "" info: "" _raise_timeout /usr/local/lib/python2.7/dist-packages/oslo_messaging/_drivers/impl_rabbit.py:1054
2017-04-08 10:44:33.583 24786 DEBUG oslo.messaging._drivers.impl_rabbit [-] Timed out waiting for RPC response: timed out _raise_timeout /usr/local/lib/python2.7/dist-packages/oslo_messaging/_drivers/impl_rabbit.py:1054
2017-04-08 10:44:33.583 24786 DEBUG oslo.messaging._drivers.impl_rabbit [-] Timed out waiting for RPC response: Timeout while waiting on RPC response - topic: "", RPC method: "" info: "" _raise_timeout /usr/local/lib/python2.7/dist-packages/oslo_messaging/_drivers/impl_rabbit.py:1054
2017-04-08 10:44:33.946 24780 INFO eventlet.wsgi.server [req-4e07308b-8898-4184-a47d-9e179b98594f - - - - -] 127.0.0.1 "GET /v1/nodes/93494378-56ee-5e22-b6f0-e3be3a9ebdf1 HTTP/1.1" status: 200 len: 1762 time: 0.0272181
2017-04-08 10:44:33.981 24780 INFO eventlet.wsgi.server [req-3f467a05-a555-4c44-9f38-6815a1094343 - - - - -] 127.0.0.1 "GET /v1/nodes/e1369efa-5391-5035-8533-3a065c44a584 HTTP/1.1" status: 200 len: 1749 time: 0.0232160
2017-04-08 10:44:34.018 24788 INFO eventlet.wsgi.server [req-9f2735a1-fa17-4c96-a579-aee9553586b7 - - - - -] 127.0.0.1 "GET /v1/nodes/c1a56cb3-fcef-59d5-8105-7e6815154f70 HTTP/1.1" status: 200 len: 1746 time: 0.0273581
2017-04-08 10:44:34.626 24784 DEBUG oslo.messaging._drivers.impl_rabbit [-] Timed out waiting for RPC response: timed out _raise_timeout /usr/local/lib/python2.7/dist-packages/oslo_messaging/_drivers/impl_rabbit.py:1054
2017-04-08 10:44:34.627 24784 DEBUG oslo.messaging._drivers.impl_rabbit [-] Timed out waiting for RPC response: Timeout while waiting on RPC response - topic: "", RPC method: "" info: "" _raise_timeout /usr/local/lib/python2.7/dist-packages/oslo_messaging/_drivers/impl_rabbit.py:1054
2017-04-08 10:44:34.629 24782 DEBUG oslo.messaging._drivers.impl_rabbit [-] Timed out waiting for RPC response: timed out _raise_timeout /usr/local/lib/python2.7/dist-packages/oslo_messaging/_drivers/impl_rabbit.py:1054
2017-04-08 10:44:34.629 24782 DEBUG oslo.messaging._drivers.impl_rabbit [-] Timed out waiting for RPC response: Timeout while waiting on RPC response - topic: "", RPC method: "" info: "" _raise_timeout /usr/local/lib/python2.7/dist-packages/oslo_messaging/_drivers/impl_rabbit.py:1054
2017-04-08 10:44:34.651 24794 DEBUG oslo.messaging._drivers.impl_rabbit [-] Timed out waiting for RPC response: timed out _raise_timeout /usr/local/lib/python2.7/dist-packages/oslo_messaging/_drivers/impl_rabbit.py:1054
2017-04-08 10:44:34.651 24794 DEBUG oslo.messaging._drivers.impl_rabbit [-] Timed out waiting for RPC response: Timeout while waiting on RPC response - topic: "", RPC method: "" info: "" _raise_timeout /usr/local/lib/python2.7/dist-packages/oslo_messaging/_drivers/impl_rabbit.py:1054
2017-04-08 10:44:34.947 24788 DEBUG oslo.messaging._drivers.impl_rabbit [-] Timed out waiting for RPC response: timed out _raise_timeout /usr/local/lib/python2.7/dist-packages/oslo_messaging/_drivers/impl_rabbit.py:1054
2017-04-08 10:44:34.948 24788 DEBUG oslo.messaging._drivers.impl_rabbit [-] Timed out waiting for RPC response: Timeout while waiting on RPC response - topic: "", RPC method: "" info: "" _raise_timeout /usr/local/lib/python2.7/dist-packages/oslo_messaging/_drivers/impl_rabbit.py:1054
2017-04-08 10:44:34.980 24780 DEBUG oslo.messaging._drivers.impl_rabbit [-] Timed out waiting for RPC response: timed out _raise_timeout /usr/local/lib/python2.7/dist-packages/oslo_messaging/_drivers/impl_rabbit.py:1054
2017-04-08 10:44:34.981 24780 DEBUG oslo.messaging._drivers.impl_rabbit [-] Timed out waiting for RPC response: Timeout while waiting on RPC response - topic: "", RPC method: "" info: "" _raise_timeout /usr/local/lib/python2.7/dist-packages/oslo_messaging/_drivers/impl_rabbit.py:1054
2017-04-08 10:44:35.344 24791 DEBUG oslo.messaging._drivers.impl_rabbit [-] Timed out waiting for RPC response: timed out _raise_timeout /usr/local/lib/python2.7/dist-packages/oslo_messaging/_drivers/impl_rabbit.py:1054
2017-04-08 10:44:35.345 24791 DEBUG oslo.messaging._drivers.impl_rabbit [-] Timed out waiting for RPC response: Timeout while waiting on RPC response - topic: "", RPC method: "" info: "" _raise_timeout /usr/local/lib/python2.7/dist-packages/oslo_messaging/_drivers/impl_rabbit.py:1054
2017-04-08 10:44:35.585 24786 DEBUG oslo.messaging._drivers.impl_rabbit [-] Timed out waiting for RPC response: timed out _raise_timeout /usr/local/lib/python2.7/dist-packages/oslo_messaging/_drivers/impl_rabbit.py:1054
2017-04-08 10:44:35.586 24786 DEBUG oslo.messaging._drivers.impl_rabbit [-] Timed out waiting for RPC response: Timeout while waiting on RPC response - topic: "", RPC method: "" info: "" _raise_timeout /usr/local/lib/python2.7/dist-packages/oslo_messaging/_drivers/impl_rabbit.py:1054
2017-04-08 10:44:35.980 24780 INFO eventlet.wsgi.server [req-29d45df2-e469-467d-95d4-c7d0cce687b9 - - - - -] 127.0.0.1 "GET /v1/nodes/93494378-56ee-5e22-b6f0-e3be3a9ebdf1 HTTP/1.1" status: 200 len: 1762 time: 0.0280678
2017-04-08 10:44:36.010 24780 INFO eventlet.wsgi.server [req-21661a2d-49e4-40d3-819d-aad0e3aa5f47 - - - - -] 127.0.0.1 "GET /v1/nodes/e1369efa-5391-5035-8533-3a065c44a584 HTTP/1.1" status: 200 len: 1749 time: 0.0227082
2017-04-08 10:44:36.052 24788 INFO eventlet.wsgi.server [req-b3a7157c-38cf-4610-8a0a-d54ab98be2b6 - - - - -] 127.0.0.1 "GET /v1/nodes/c1a56cb3-fcef-59d5-8105-7e6815154f70 HTTP/1.1" status: 200 len: 1746 time: 0.0272541
2017-04-08 10:44:37.127 24791 INFO eventlet.wsgi.server [req-62f66d8c-d218-41ad-9dcc-1810955fa809 - - - - -] 127.0.0.1 "GET /v1/nodes/e1369efa-5391-5035-8533-3a065c44a584/ports HTTP/1.1" status: 200 len: 623 time: 0.0393109
2017-04-08 10:44:38.015 24780 INFO eventlet.wsgi.server [req-ed763216-07a0-4bb1-8358-cc0d0d9cedd3 - - - - -] 127.0.0.1 "GET /v1/nodes/93494378-56ee-5e22-b6f0-e3be3a9ebdf1 HTTP/1.1" status: 200 len: 1762 time: 0.0276680
2017-04-08 10:44:38.038 24780 INFO eventlet.wsgi.server [req-bc0f6456-d45f-47ed-a0ef-7d590a999693 - - - - -] 127.0.0.1 "GET /v1/nodes/e1369efa-5391-5035-8533-3a065c44a584 HTTP/1.1" status: 200 len: 1749 time: 0.0213268
2017-04-08 10:44:38.087 24788 INFO eventlet.wsgi.server [req-7937dc1b-8ed6-4d11-be31-2bbb17659ef9 - - - - -] 127.0.0.1 "GET /v1/nodes/c1a56cb3-fcef-59d5-8105-7e6815154f70 HTTP/1.1" status: 200 len: 1746 time: 0.0284960
2017-04-08 10:44:38.796 24780 INFO eventlet.wsgi.server [req-5db3e1fb-5a14-4e1f-9921-02d54d4cc038 - - - - -] 127.0.0.1 "PUT /v1/nodes/93494378-56ee-5e22-b6f0-e3be3a9ebdf1/management/boot_device HTTP/1.1" status: 204 len: 300 time: 6.6420450
2017-04-08 10:44:38.797 24780 DEBUG oslo.messaging._drivers.impl_rabbit [-] Timed out waiting for RPC response: timed out _raise_timeout /usr/local/lib/python2.7/dist-packages/oslo_messaging/_drivers/impl_rabbit.py:1054
2017-04-08 10:44:38.798 24780 DEBUG oslo.messaging._drivers.impl_rabbit [-] Timed out waiting for RPC response: Timeout while waiting on RPC response - topic: "", RPC method: "" info: "" _raise_timeout /usr/local/lib/python2.7/dist-packages/oslo_messaging/_drivers/impl_rabbit.py:1054
2017-04-08 10:44:38.943 24780 INFO eventlet.wsgi.server [req-3aa14dbe-6933-4ee3-9645-f85ca9e84d5e - - - - -] 127.0.0.1 "PUT /v1/nodes/93494378-56ee-5e22-b6f0-e3be3a9ebdf1/states/power HTTP/1.1" status: 202 len: 384 time: 0.1437881
2017-04-08 10:44:38.944 24780 DEBUG oslo.messaging._drivers.impl_rabbit [-] Timed out waiting for RPC response: timed out _raise_timeout /usr/local/lib/python2.7/dist-packages/oslo_messaging/_drivers/impl_rabbit.py:1054
2017-04-08 10:44:38.945 24780 DEBUG oslo.messaging._drivers.impl_rabbit [-] Timed out waiting for RPC response: Timeout while waiting on RPC response - topic: "", RPC method: "" info: "" _raise_timeout /usr/local/lib/python2.7/dist-packages/oslo_messaging/_drivers/impl_rabbit.py:1054
2017-04-08 10:44:38.949 24788 DEBUG oslo.messaging._drivers.impl_rabbit [-] Timed out waiting for RPC response: timed out _raise_timeout /usr/local/lib/python2.7/dist-packages/oslo_messaging/_drivers/impl_rabbit.py:1054
2017-04-08 10:44:38.950 24788 DEBUG oslo.messaging._drivers.impl_rabbit [-] Timed out waiting for RPC response: Timeout while waiting on RPC response - topic: "", RPC method: "" info: "" _raise_timeout /usr/local/lib/python2.7/dist-packages/oslo_messaging/_drivers/impl_rabbit.py:1054
2017-04-08 10:44:39.347 24791 DEBUG oslo.messaging._drivers.impl_rabbit [-] Timed out waiting for RPC response: timed out _raise_timeout /usr/local/lib/python2.7/dist-packages/oslo_messaging/_drivers/impl_rabbit.py:1054
2017-04-08 10:44:39.348 24791 DEBUG oslo.messaging._drivers.impl_rabbit [-] Timed out waiting for RPC response: Timeout while waiting on RPC response - topic: "", RPC method: "" info: "" _raise_timeout /usr/local/lib/python2.7/dist-packages/oslo_messaging/_drivers/impl_rabbit.py:1054
2017-04-08 10:44:39.589 24786 DEBUG oslo.messaging._drivers.impl_rabbit [-] Timed out waiting for RPC response: timed out _raise_timeout /usr/local/lib/python2.7/dist-packages/oslo_messaging/_drivers/impl_rabbit.py:1054
2017-04-08 10:44:39.590 24786 DEBUG oslo.messaging._drivers.impl_rabbit [-] Timed out waiting for RPC response: Timeout while waiting on RPC response - topic: "", RPC method: "" info: "" _raise_timeout /usr/local/lib/python2.7/dist-packages/oslo_messaging/_drivers/impl_rabbit.py:1054
2017-04-08 10:44:39.946 24780 DEBUG oslo.messaging._drivers.impl_rabbit [-] Timed out waiting for RPC response: timed out _raise_timeout /usr/local/lib/python2.7/dist-packages/oslo_messaging/_drivers/impl_rabbit.py:1054
2017-04-08 10:44:39.946 24780 DEBUG oslo.messaging._drivers.impl_rabbit [-] Timed out waiting for RPC response: Timeout while waiting on RPC response - topic: "", RPC method: "" info: "" _raise_timeout /usr/local/lib/python2.7/dist-packages/oslo_messaging/_drivers/impl_rabbit.py:1054
2017-04-08 10:44:40.048 24780 INFO eventlet.wsgi.server [req-ce50f8a1-8355-4c3f-be9f-2536351c47a8 - - - - -] 127.0.0.1 "GET /v1/nodes/93494378-56ee-5e22-b6f0-e3be3a9ebdf1 HTTP/1.1" status: 200 len: 1768 time: 0.0263720
2017-04-08 10:44:40.070 24780 INFO eventlet.wsgi.server [req-d8f1e726-2918-41f0-a62c-880a08af6762 - - - - -] 127.0.0.1 "GET /v1/nodes/e1369efa-5391-5035-8533-3a065c44a584 HTTP/1.1" status: 200 len: 1769 time: 0.0210772
2017-04-08 10:44:40.121 24788 INFO eventlet.wsgi.server [req-019eaad5-569c-4b36-ba2e-a68a4181bae3 - - - - -] 127.0.0.1 "GET /v1/nodes/c1a56cb3-fcef-59d5-8105-7e6815154f70 HTTP/1.1" status: 200 len: 1746 time: 0.0282891
2017-04-08 10:44:41.948 24780 DEBUG oslo.messaging._drivers.impl_rabbit [-] Timed out waiting for RPC response: timed out _raise_timeout /usr/local/lib/python2.7/dist-packages/oslo_messaging/_drivers/impl_rabbit.py:1054
2017-04-08 10:44:41.949 24780 DEBUG oslo.messaging._drivers.impl_rabbit [-] Timed out waiting for RPC response: Timeout while waiting on RPC response - topic: "", RPC method: "" info: "" _raise_timeout /usr/local/lib/python2.7/dist-packages/oslo_messaging/_drivers/impl_rabbit.py:1054
2017-04-08 10:44:42.080 24780 INFO eventlet.wsgi.server [req-8b5e6f29-99fc-40ac-a89e-8f292731106f - - - - -] 127.0.0.1 "GET /v1/nodes/93494378-56ee-5e22-b6f0-e3be3a9ebdf1 HTTP/1.1" status: 200 len: 1768 time: 0.0260580
2017-04-08 10:44:42.108 24780 INFO eventlet.wsgi.server [req-28caadcc-48ff-47ee-91a8-6d18b5e7341c - - - - -] 127.0.0.1 "GET /v1/nodes/e1369efa-5391-5035-8533-3a065c44a584 HTTP/1.1" status: 200 len: 1769 time: 0.0276449
2017-04-08 10:44:42.121 24786 INFO eventlet.wsgi.server [req-4306da76-d474-4377-a7c7-60cfc92acc87 - - - - -] 127.0.0.1 "GET /v1/nodes/c1a56cb3-fcef-59d5-8105-7e6815154f70/ports HTTP/1.1" status: 200 len: 623 time: 0.0337880
2017-04-08 10:44:42.153 24788 INFO eventlet.wsgi.server [req-41472498-3d68-4629-b39e-209cdd383ad6 - - - - -] 127.0.0.1 "GET /v1/nodes/c1a56cb3-fcef-59d5-8105-7e6815154f70 HTTP/1.1" status: 200 len: 1746 time: 0.0258670
2017-04-08 10:44:42.628 24784 DEBUG oslo.messaging._drivers.impl_rabbit [-] Timed out waiting for RPC response: timed out _raise_timeout /usr/local/lib/python2.7/dist-packages/oslo_messaging/_drivers/impl_rabbit.py:1054
2017-04-08 10:44:42.629 24784 DEBUG oslo.messaging._drivers.impl_rabbit [-] Timed out waiting for RPC response: Timeout while waiting on RPC response - topic: "", RPC method: "" info: "" _raise_timeout /usr/local/lib/python2.7/dist-packages/oslo_messaging/_drivers/impl_rabbit.py:1054
2017-04-08 10:44:42.630 24782 DEBUG oslo.messaging._drivers.impl_rabbit [-] Timed out waiting for RPC response: timed out _raise_timeout /usr/local/lib/python2.7/dist-packages/oslo_messaging/_drivers/impl_rabbit.py:1054
2017-04-08 10:44:42.631 24782 DEBUG oslo.messaging._drivers.impl_rabbit [-] Timed out waiting for RPC response: Timeout while waiting on RPC response - topic: "", RPC method: "" info: "" _raise_timeout /usr/local/lib/python2.7/dist-packages/oslo_messaging/_drivers/impl_rabbit.py:1054
2017-04-08 10:44:42.652 24794 DEBUG oslo.messaging._drivers.impl_rabbit [-] Timed out waiting for RPC response: timed out _raise_timeout /usr/local/lib/python2.7/dist-packages/oslo_messaging/_drivers/impl_rabbit.py:1054
2017-04-08 10:44:42.653 24794 DEBUG oslo.messaging._drivers.impl_rabbit [-] Timed out waiting for RPC response: Timeout while waiting on RPC response - topic: "", RPC method: "" info: "" _raise_timeout /usr/local/lib/python2.7/dist-packages/oslo_messaging/_drivers/impl_rabbit.py:1054
2017-04-08 10:44:44.110 24780 INFO eventlet.wsgi.server [req-dd7e2ccc-ef6a-47af-8604-8de40ad254c8 - - - - -] 127.0.0.1 "GET /v1/nodes/93494378-56ee-5e22-b6f0-e3be3a9ebdf1 HTTP/1.1" status: 200 len: 1768 time: 0.0253630
2017-04-08 10:44:44.137 24780 INFO eventlet.wsgi.server [req-7735d778-2f40-4f42-b575-033d287e12d1 - - - - -] 127.0.0.1 "GET /v1/nodes/e1369efa-5391-5035-8533-3a065c44a584 HTTP/1.1" status: 200 len: 1769 time: 0.0228200
2017-04-08 10:44:44.188 24788 INFO eventlet.wsgi.server [req-c5d63f97-55e9-4015-80a4-a7f698d8aa55 - - - - -] 127.0.0.1 "GET /v1/nodes/c1a56cb3-fcef-59d5-8105-7e6815154f70 HTTP/1.1" status: 200 len: 1766 time: 0.0279589
2017-04-08 10:44:45.951 24780 DEBUG oslo.messaging._drivers.impl_rabbit [-] Timed out waiting for RPC response: timed out _raise_timeout /usr/local/lib/python2.7/dist-packages/oslo_messaging/_drivers/impl_rabbit.py:1054
2017-04-08 10:44:45.952 24780 DEBUG oslo.messaging._drivers.impl_rabbit [-] Timed out waiting for RPC response: Timeout while waiting on RPC response - topic: "", RPC method: "" info: "" _raise_timeout /usr/local/lib/python2.7/dist-packages/oslo_messaging/_drivers/impl_rabbit.py:1054
2017-04-08 10:44:46.142 24780 INFO eventlet.wsgi.server [req-a1809b40-1b7e-4a3c-93ce-cd637f9f090f - - - - -] 127.0.0.1 "GET /v1/nodes/93494378-56ee-5e22-b6f0-e3be3a9ebdf1 HTTP/1.1" status: 200 len: 1768 time: 0.0277410
2017-04-08 10:44:46.166 24780 INFO eventlet.wsgi.server [req-10e1259f-7e06-4bb5-8889-6ff3a7afda5f - - - - -] 127.0.0.1 "GET /v1/nodes/e1369efa-5391-5035-8533-3a065c44a584 HTTP/1.1" status: 200 len: 1769 time: 0.0217741
2017-04-08 10:44:46.220 24788 INFO eventlet.wsgi.server [req-d9c3862a-0554-4733-aa6b-6e394c82fdf9 - - - - -] 127.0.0.1 "GET /v1/nodes/c1a56cb3-fcef-59d5-8105-7e6815154f70 HTTP/1.1" status: 200 len: 1766 time: 0.0263741
2017-04-08 10:44:46.951 24788 DEBUG oslo.messaging._drivers.impl_rabbit [-] Timed out waiting for RPC response: timed out _raise_timeout /usr/local/lib/python2.7/dist-packages/oslo_messaging/_drivers/impl_rabbit.py:1054
2017-04-08 10:44:46.952 24788 DEBUG oslo.messaging._drivers.impl_rabbit [-] Timed out waiting for RPC response: Timeout while waiting on RPC response - topic: "", RPC method: "" info: "" _raise_timeout /usr/local/lib/python2.7/dist-packages/oslo_messaging/_drivers/impl_rabbit.py:1054
2017-04-08 10:44:47.349 24791 DEBUG oslo.messaging._drivers.impl_rabbit [-] Timed out waiting for RPC response: timed out _raise_timeout /usr/local/lib/python2.7/dist-packages/oslo_messaging/_drivers/impl_rabbit.py:1054
2017-04-08 10:44:47.349 24791 DEBUG oslo.messaging._drivers.impl_rabbit [-] Timed out waiting for RPC response: Timeout while waiting on RPC response - topic: "", RPC method: "" info: "" _raise_timeout /usr/local/lib/python2.7/dist-packages/oslo_messaging/_drivers/impl_rabbit.py:1054
2017-04-08 10:44:47.591 24786 DEBUG oslo.messaging._drivers.impl_rabbit [-] Timed out waiting for RPC response: timed out _raise_timeout /usr/local/lib/python2.7/dist-packages/oslo_messaging/_drivers/impl_rabbit.py:1054
2017-04-08 10:44:47.592 24786 DEBUG oslo.messaging._drivers.impl_rabbit [-] Timed out waiting for RPC response: Timeout while waiting on RPC response - topic: "", RPC method: "" info: "" _raise_timeout /usr/local/lib/python2.7/dist-packages/oslo_messaging/_drivers/impl_rabbit.py:1054
2017-04-08 10:44:48.175 24780 INFO eventlet.wsgi.server [req-d7ae3d7f-4915-4ead-95f0-9dc7e2575470 - - - - -] 127.0.0.1 "GET /v1/nodes/93494378-56ee-5e22-b6f0-e3be3a9ebdf1 HTTP/1.1" status: 200 len: 1768 time: 0.0279529
2017-04-08 10:44:48.196 24780 INFO eventlet.wsgi.server [req-f00065ed-9881-4af6-8233-1839c3c55e9a - - - - -] 127.0.0.1 "GET /v1/nodes/e1369efa-5391-5035-8533-3a065c44a584 HTTP/1.1" status: 200 len: 1769 time: 0.0206289
2017-04-08 10:44:48.253 24788 INFO eventlet.wsgi.server [req-4f88c5c2-3dc3-44fd-8b17-3b0aef36d4df - - - - -] 127.0.0.1 "GET /v1/nodes/c1a56cb3-fcef-59d5-8105-7e6815154f70 HTTP/1.1" status: 200 len: 1766 time: 0.0277131
2017-04-08 10:44:48.511 24786 INFO eventlet.wsgi.server [req-d78769fc-d6a5-41e9-9485-79eb4a9d5844 - - - - -] 127.0.0.1 "PUT /v1/nodes/c1a56cb3-fcef-59d5-8105-7e6815154f70/management/boot_device HTTP/1.1" status: 204 len: 300 time: 6.3064771
2017-04-08 10:44:48.512 24786 DEBUG oslo.messaging._drivers.impl_rabbit [-] Timed out waiting for RPC response: timed out _raise_timeout /usr/local/lib/python2.7/dist-packages/oslo_messaging/_drivers/impl_rabbit.py:1054
2017-04-08 10:44:48.513 24786 DEBUG oslo.messaging._drivers.impl_rabbit [-] Timed out waiting for RPC response: Timeout while waiting on RPC response - topic: "", RPC method: "" info: "" _raise_timeout /usr/local/lib/python2.7/dist-packages/oslo_messaging/_drivers/impl_rabbit.py:1054
2017-04-08 10:44:48.543 24791 INFO eventlet.wsgi.server [req-edf82b94-ba53-4dc6-87a2-e280b4d12023 - - - - -] 127.0.0.1 "PUT /v1/nodes/e1369efa-5391-5035-8533-3a065c44a584/management/boot_device HTTP/1.1" status: 204 len: 300 time: 10.2080121
2017-04-08 10:44:48.544 24791 DEBUG oslo.messaging._drivers.impl_rabbit [-] Timed out waiting for RPC response: timed out _raise_timeout /usr/local/lib/python2.7/dist-packages/oslo_messaging/_drivers/impl_rabbit.py:1054
2017-04-08 10:44:48.545 24791 DEBUG oslo.messaging._drivers.impl_rabbit [-] Timed out waiting for RPC response: Timeout while waiting on RPC response - topic: "", RPC method: "" info: "" _raise_timeout /usr/local/lib/python2.7/dist-packages/oslo_messaging/_drivers/impl_rabbit.py:1054
2017-04-08 10:44:48.651 24786 INFO eventlet.wsgi.server [req-24f92ea6-dfa5-4793-b4f7-68476365672a - - - - -] 127.0.0.1 "PUT /v1/nodes/c1a56cb3-fcef-59d5-8105-7e6815154f70/states/power HTTP/1.1" status: 202 len: 384 time: 0.1351252
2017-04-08 10:44:48.652 24786 DEBUG oslo.messaging._drivers.impl_rabbit [-] Timed out waiting for RPC response: timed out _raise_timeout /usr/local/lib/python2.7/dist-packages/oslo_messaging/_drivers/impl_rabbit.py:1054
2017-04-08 10:44:48.652 24786 DEBUG oslo.messaging._drivers.impl_rabbit [-] Timed out waiting for RPC response: Timeout while waiting on RPC response - topic: "", RPC method: "" info: "" _raise_timeout /usr/local/lib/python2.7/dist-packages/oslo_messaging/_drivers/impl_rabbit.py:1054
2017-04-08 10:44:48.675 24791 INFO eventlet.wsgi.server [req-b6077311-a56f-4079-a1a8-dcb47c21ae1e - - - - -] 127.0.0.1 "PUT /v1/nodes/e1369efa-5391-5035-8533-3a065c44a584/states/power HTTP/1.1" status: 202 len: 384 time: 0.1290550
2017-04-08 10:44:48.676 24791 DEBUG oslo.messaging._drivers.impl_rabbit [-] Timed out waiting for RPC response: timed out _raise_timeout /usr/local/lib/python2.7/dist-packages/oslo_messaging/_drivers/impl_rabbit.py:1054
2017-04-08 10:44:48.677 24791 DEBUG oslo.messaging._drivers.impl_rabbit [-] Timed out waiting for RPC response: Timeout while waiting on RPC response - topic: "", RPC method: "" info: "" _raise_timeout /usr/local/lib/python2.7/dist-packages/oslo_messaging/_drivers/impl_rabbit.py:1054
2017-04-08 10:44:49.653 24786 DEBUG oslo.messaging._drivers.impl_rabbit [-] Timed out waiting for RPC response: timed out _raise_timeout /usr/local/lib/python2.7/dist-packages/oslo_messaging/_drivers/impl_rabbit.py:1054
2017-04-08 10:44:49.654 24786 DEBUG oslo.messaging._drivers.impl_rabbit [-] Timed out waiting for RPC response: Timeout while waiting on RPC response - topic: "", RPC method: "" info: "" _raise_timeout /usr/local/lib/python2.7/dist-packages/oslo_messaging/_drivers/impl_rabbit.py:1054
2017-04-08 10:44:49.678 24791 DEBUG oslo.messaging._drivers.impl_rabbit [-] Timed out waiting for RPC response: timed out _raise_timeout /usr/local/lib/python2.7/dist-packages/oslo_messaging/_drivers/impl_rabbit.py:1054
2017-04-08 10:44:49.678 24791 DEBUG oslo.messaging._drivers.impl_rabbit [-] Timed out waiting for RPC response: Timeout while waiting on RPC response - topic: "", RPC method: "" info: "" _raise_timeout /usr/local/lib/python2.7/dist-packages/oslo_messaging/_drivers/impl_rabbit.py:1054
2017-04-08 10:44:50.208 24780 INFO eventlet.wsgi.server [req-c9395f63-8c39-4254-b252-0963a4d7f4de - - - - -] 127.0.0.1 "GET /v1/nodes/93494378-56ee-5e22-b6f0-e3be3a9ebdf1 HTTP/1.1" status: 200 len: 1768 time: 0.0285671
2017-04-08 10:44:50.230 24780 INFO eventlet.wsgi.server [req-45fcc684-b5b6-4d83-be10-23f02d40b905 - - - - -] 127.0.0.1 "GET /v1/nodes/e1369efa-5391-5035-8533-3a065c44a584 HTTP/1.1" status: 200 len: 1775 time: 0.0206249
2017-04-08 10:44:50.282 24788 INFO eventlet.wsgi.server [req-769f9756-4f78-46b3-9a3c-bd385cf4f658 - - - - -] 127.0.0.1 "GET /v1/nodes/c1a56cb3-fcef-59d5-8105-7e6815154f70 HTTP/1.1" status: 200 len: 1772 time: 0.0234921
2017-04-08 10:44:51.656 24786 DEBUG oslo.messaging._drivers.impl_rabbit [-] Timed out waiting for RPC response: timed out _raise_timeout /usr/local/lib/python2.7/dist-packages/oslo_messaging/_drivers/impl_rabbit.py:1054
2017-04-08 10:44:51.657 24786 DEBUG oslo.messaging._drivers.impl_rabbit [-] Timed out waiting for RPC response: Timeout while waiting on RPC response - topic: "", RPC method: "" info: "" _raise_timeout /usr/local/lib/python2.7/dist-packages/oslo_messaging/_drivers/impl_rabbit.py:1054
2017-04-08 10:44:51.680 24791 DEBUG oslo.messaging._drivers.impl_rabbit [-] Timed out waiting for RPC response: timed out _raise_timeout /usr/local/lib/python2.7/dist-packages/oslo_messaging/_drivers/impl_rabbit.py:1054
2017-04-08 10:44:51.681 24791 DEBUG oslo.messaging._drivers.impl_rabbit [-] Timed out waiting for RPC response: Timeout while waiting on RPC response - topic: "", RPC method: "" info: "" _raise_timeout /usr/local/lib/python2.7/dist-packages/oslo_messaging/_drivers/impl_rabbit.py:1054
2017-04-08 10:44:52.240 24780 INFO eventlet.wsgi.server [req-02e0f718-b456-4c5b-8efb-5ad25756474a - - - - -] 127.0.0.1 "GET /v1/nodes/93494378-56ee-5e22-b6f0-e3be3a9ebdf1 HTTP/1.1" status: 200 len: 1768 time: 0.0278211
2017-04-08 10:44:52.262 24780 INFO eventlet.wsgi.server [req-bf07a2e2-c586-4cb9-b31b-dffdc9ce69c6 - - - - -] 127.0.0.1 "GET /v1/nodes/e1369efa-5391-5035-8533-3a065c44a584 HTTP/1.1" status: 200 len: 1775 time: 0.0207510
2017-04-08 10:44:52.314 24788 INFO eventlet.wsgi.server [req-c27ded9f-1796-49d8-8f10-7e2653afd305 - - - - -] 127.0.0.1 "GET /v1/nodes/c1a56cb3-fcef-59d5-8105-7e6815154f70 HTTP/1.1" status: 200 len: 1772 time: 0.0277491
2017-04-08 10:44:53.955 24780 DEBUG oslo.messaging._drivers.impl_rabbit [-] Timed out waiting for RPC response: timed out _raise_timeout /usr/local/lib/python2.7/dist-packages/oslo_messaging/_drivers/impl_rabbit.py:1054
2017-04-08 10:44:53.956 24780 DEBUG oslo.messaging._drivers.impl_rabbit [-] Timed out waiting for RPC response: Timeout while waiting on RPC response - topic: "", RPC method: "" info: "" _raise_timeout /usr/local/lib/python2.7/dist-packages/oslo_messaging/_drivers/impl_rabbit.py:1054
2017-04-08 10:44:54.274 24780 INFO eventlet.wsgi.server [req-31bf820a-03c4-429a-b5fe-713a427575f7 - - - - -] 127.0.0.1 "GET /v1/nodes/93494378-56ee-5e22-b6f0-e3be3a9ebdf1 HTTP/1.1" status: 200 len: 1768 time: 0.0282800
2017-04-08 10:44:54.295 24780 INFO eventlet.wsgi.server [req-4eacc1a1-63ef-48b7-99fa-f691022aa687 - - - - -] 127.0.0.1 "GET /v1/nodes/e1369efa-5391-5035-8533-3a065c44a584 HTTP/1.1" status: 200 len: 1775 time: 0.0207219
2017-04-08 10:44:54.347 24788 INFO eventlet.wsgi.server [req-3bc2cf9d-fc16-40ac-836f-07dbc43f13f3 - - - - -] 127.0.0.1 "GET /v1/nodes/c1a56cb3-fcef-59d5-8105-7e6815154f70 HTTP/1.1" status: 200 len: 1772 time: 0.0281720
2017-04-08 10:44:55.661 24786 DEBUG oslo.messaging._drivers.impl_rabbit [-] Timed out waiting for RPC response: timed out _raise_timeout /usr/local/lib/python2.7/dist-packages/oslo_messaging/_drivers/impl_rabbit.py:1054
2017-04-08 10:44:55.661 24786 DEBUG oslo.messaging._drivers.impl_rabbit [-] Timed out waiting for RPC response: Timeout while waiting on RPC response - topic: "", RPC method: "" info: "" _raise_timeout /usr/local/lib/python2.7/dist-packages/oslo_messaging/_drivers/impl_rabbit.py:1054
2017-04-08 10:44:55.685 24791 DEBUG oslo.messaging._drivers.impl_rabbit [-] Timed out waiting for RPC response: timed out _raise_timeout /usr/local/lib/python2.7/dist-packages/oslo_messaging/_drivers/impl_rabbit.py:1054
2017-04-08 10:44:55.686 24791 DEBUG oslo.messaging._drivers.impl_rabbit [-] Timed out waiting for RPC response: Timeout while waiting on RPC response - topic: "", RPC method: "" info: "" _raise_timeout /usr/local/lib/python2.7/dist-packages/oslo_messaging/_drivers/impl_rabbit.py:1054
2017-04-08 10:44:56.306 24780 INFO eventlet.wsgi.server [req-3caf3cb7-b4ab-489f-988b-d51f51ba38ee - - - - -] 127.0.0.1 "GET /v1/nodes/93494378-56ee-5e22-b6f0-e3be3a9ebdf1 HTTP/1.1" status: 200 len: 1768 time: 0.0282099
2017-04-08 10:44:56.329 24780 INFO eventlet.wsgi.server [req-6fb066f6-4107-4feb-81c9-7dc2fba6e622 - - - - -] 127.0.0.1 "GET /v1/nodes/e1369efa-5391-5035-8533-3a065c44a584 HTTP/1.1" status: 200 len: 1775 time: 0.0218620
2017-04-08 10:44:56.378 24788 INFO eventlet.wsgi.server [req-cbaca025-7fc1-47da-b22c-71bbdf615a39 - - - - -] 127.0.0.1 "GET /v1/nodes/c1a56cb3-fcef-59d5-8105-7e6815154f70 HTTP/1.1" status: 200 len: 1772 time: 0.0265911
2017-04-08 10:44:58.339 24780 INFO eventlet.wsgi.server [req-398a00a5-7987-497c-9dba-5dd73eba748c - - - - -] 127.0.0.1 "GET /v1/nodes/93494378-56ee-5e22-b6f0-e3be3a9ebdf1 HTTP/1.1" status: 200 len: 1768 time: 0.0283191
2017-04-08 10:44:58.362 24780 INFO eventlet.wsgi.server [req-246a9937-130b-466a-8d07-d0ef89b037ab - - - - -] 127.0.0.1 "GET /v1/nodes/e1369efa-5391-5035-8533-3a065c44a584 HTTP/1.1" status: 200 len: 1775 time: 0.0218799
2017-04-08 10:44:58.410 24788 INFO eventlet.wsgi.server [req-de8c60d3-0ea8-4656-be62-0c05f59ce55d - - - - -] 127.0.0.1 "GET /v1/nodes/c1a56cb3-fcef-59d5-8105-7e6815154f70 HTTP/1.1" status: 200 len: 1772 time: 0.0274501
2017-04-08 10:44:58.630 24784 DEBUG oslo.messaging._drivers.impl_rabbit [-] Timed out waiting for RPC response: timed out _raise_timeout /usr/local/lib/python2.7/dist-packages/oslo_messaging/_drivers/impl_rabbit.py:1054
