2017-04-08 10:34:16.263 24739 DEBUG oslo_service.service [-] metrics.agent_prepend_host = False log_opt_values /usr/local/lib/python2.7/dist-packages/oslo_config/cfg.py:2786
2017-04-08 10:34:16.263 24739 DEBUG oslo_service.service [-] metrics.agent_prepend_host_reverse = True log_opt_values /usr/local/lib/python2.7/dist-packages/oslo_config/cfg.py:2786
2017-04-08 10:34:16.263 24739 DEBUG oslo_service.service [-] metrics.agent_prepend_uuid = False log_opt_values /usr/local/lib/python2.7/dist-packages/oslo_config/cfg.py:2786
2017-04-08 10:34:16.264 24739 DEBUG oslo_service.service [-] metrics.backend = noop log_opt_values /usr/local/lib/python2.7/dist-packages/oslo_config/cfg.py:2786
2017-04-08 10:34:16.264 24739 DEBUG oslo_service.service [-] metrics.global_prefix = None log_opt_values /usr/local/lib/python2.7/dist-packages/oslo_config/cfg.py:2786
2017-04-08 10:34:16.264 24739 DEBUG oslo_service.service [-] metrics.prepend_host = False log_opt_values /usr/local/lib/python2.7/dist-packages/oslo_config/cfg.py:2786
2017-04-08 10:34:16.264 24739 DEBUG oslo_service.service [-] metrics.prepend_host_reverse = True log_opt_values /usr/local/lib/python2.7/dist-packages/oslo_config/cfg.py:2786
2017-04-08 10:34:16.264 24739 DEBUG oslo_service.service [-] oslo_concurrency.disable_process_locking = False log_opt_values /usr/local/lib/python2.7/dist-packages/oslo_config/cfg.py:2786
2017-04-08 10:34:16.265 24739 DEBUG oslo_service.service [-] oslo_concurrency.lock_path = None log_opt_values /usr/local/lib/python2.7/dist-packages/oslo_config/cfg.py:2786
2017-04-08 10:34:16.265 24739 DEBUG oslo_service.service [-] drac.query_raid_config_job_status_interval = 120 log_opt_values /usr/local/lib/python2.7/dist-packages/oslo_config/cfg.py:2786
2017-04-08 10:34:16.265 24739 DEBUG oslo_service.service [-] cors.allow_credentials = True log_opt_values /usr/local/lib/python2.7/dist-packages/oslo_config/cfg.py:2786
2017-04-08 10:34:16.265 24739 DEBUG oslo_service.service [-] cors.allow_headers = ['X-OpenStack-Ironic-API-Maximum-Version', 'X-OpenStack-Ironic-API-Minimum-Version', 'X-OpenStack-Ironic-API-Version'] log_opt_values /usr/local/lib/python2.7/dist-packages/oslo_config/cfg.py:2786
2017-04-08 10:34:16.266 24739 DEBUG oslo_service.service [-] cors.allow_methods = ['GET', 'PUT', 'POST', 'DELETE', 'PATCH'] log_opt_values /usr/local/lib/python2.7/dist-packages/oslo_config/cfg.py:2786
2017-04-08 10:34:16.266 24739 DEBUG oslo_service.service [-] cors.allowed_origin = None log_opt_values /usr/local/lib/python2.7/dist-packages/oslo_config/cfg.py:2786
2017-04-08 10:34:16.266 24739 DEBUG oslo_service.service [-] cors.expose_headers = ['X-OpenStack-Ironic-API-Maximum-Version', 'X-OpenStack-Ironic-API-Minimum-Version', 'X-OpenStack-Ironic-API-Version'] log_opt_values /usr/local/lib/python2.7/dist-packages/oslo_config/cfg.py:2786
2017-04-08 10:34:16.266 24739 DEBUG oslo_service.service [-] cors.max_age = 3600 log_opt_values /usr/local/lib/python2.7/dist-packages/oslo_config/cfg.py:2786
2017-04-08 10:34:16.267 24739 DEBUG oslo_service.service [-] swift.auth_section = None log_opt_values /usr/local/lib/python2.7/dist-packages/oslo_config/cfg.py:2786
2017-04-08 10:34:16.267 24739 DEBUG oslo_service.service [-] swift.auth_type = None log_opt_values /usr/local/lib/python2.7/dist-packages/oslo_config/cfg.py:2786
2017-04-08 10:34:16.267 24739 DEBUG oslo_service.service [-] swift.cafile = None log_opt_values /usr/local/lib/python2.7/dist-packages/oslo_config/cfg.py:2786
2017-04-08 10:34:16.267 24739 DEBUG oslo_service.service [-] swift.certfile = None log_opt_values /usr/local/lib/python2.7/dist-packages/oslo_config/cfg.py:2786
2017-04-08 10:34:16.267 24739 DEBUG oslo_service.service [-] swift.insecure = False log_opt_values /usr/local/lib/python2.7/dist-packages/oslo_config/cfg.py:2786
2017-04-08 10:34:16.268 24739 DEBUG oslo_service.service [-] swift.keyfile = None log_opt_values /usr/local/lib/python2.7/dist-packages/oslo_config/cfg.py:2786
2017-04-08 10:34:16.268 24739 DEBUG oslo_service.service [-] swift.swift_max_retries = 2 log_opt_values /usr/local/lib/python2.7/dist-packages/oslo_config/cfg.py:2786
2017-04-08 10:34:16.268 24739 DEBUG oslo_service.service [-] swift.timeout = None log_opt_values /usr/local/lib/python2.7/dist-packages/oslo_config/cfg.py:2786
2017-04-08 10:34:16.268 24739 DEBUG oslo_service.service [-] cisco_ucs.action_interval = 5 log_opt_values /usr/local/lib/python2.7/dist-packages/oslo_config/cfg.py:2786
2017-04-08 10:34:16.268 24739 DEBUG oslo_service.service [-] cisco_ucs.max_retry = 6 log_opt_values /usr/local/lib/python2.7/dist-packages/oslo_config/cfg.py:2786
2017-04-08 10:34:16.269 24739 DEBUG oslo_service.service [-] audit.audit_map_file = /etc/ironic/api_audit_map.conf log_opt_values /usr/local/lib/python2.7/dist-packages/oslo_config/cfg.py:2786
2017-04-08 10:34:16.269 24739 DEBUG oslo_service.service [-] audit.enabled = False log_opt_values /usr/local/lib/python2.7/dist-packages/oslo_config/cfg.py:2786
2017-04-08 10:34:16.269 24739 DEBUG oslo_service.service [-] audit.ignore_req_list = log_opt_values /usr/local/lib/python2.7/dist-packages/oslo_config/cfg.py:2786
2017-04-08 10:34:16.269 24739 DEBUG oslo_service.service [-] audit.namespace = openstack log_opt_values /usr/local/lib/python2.7/dist-packages/oslo_config/cfg.py:2786
2017-04-08 10:34:16.269 24739 DEBUG oslo_service.service [-] database.backend = sqlalchemy log_opt_values /usr/local/lib/python2.7/dist-packages/oslo_config/cfg.py:2786
2017-04-08 10:34:16.270 24739 DEBUG oslo_service.service [-] database.connection = **** log_opt_values /usr/local/lib/python2.7/dist-packages/oslo_config/cfg.py:2786
2017-04-08 10:34:16.270 24739 DEBUG oslo_service.service [-] database.connection_debug = 0 log_opt_values /usr/local/lib/python2.7/dist-packages/oslo_config/cfg.py:2786
2017-04-08 10:34:16.270 24739 DEBUG oslo_service.service [-] database.connection_trace = False log_opt_values /usr/local/lib/python2.7/dist-packages/oslo_config/cfg.py:2786
2017-04-08 10:34:16.270 24739 DEBUG oslo_service.service [-] database.db_inc_retry_interval = True log_opt_values /usr/local/lib/python2.7/dist-packages/oslo_config/cfg.py:2786
2017-04-08 10:34:16.270 24739 DEBUG oslo_service.service [-] database.db_max_retries = 20 log_opt_values /usr/local/lib/python2.7/dist-packages/oslo_config/cfg.py:2786
2017-04-08 10:34:16.271 24739 DEBUG oslo_service.service [-] database.db_max_retry_interval = 10 log_opt_values /usr/local/lib/python2.7/dist-packages/oslo_config/cfg.py:2786
2017-04-08 10:34:16.271 24739 DEBUG oslo_service.service [-] database.db_retry_interval = 1 log_opt_values /usr/local/lib/python2.7/dist-packages/oslo_config/cfg.py:2786
2017-04-08 10:34:16.271 24739 DEBUG oslo_service.service [-] database.idle_timeout = 3600 log_opt_values /usr/local/lib/python2.7/dist-packages/oslo_config/cfg.py:2786
2017-04-08 10:34:16.271 24739 DEBUG oslo_service.service [-] database.max_overflow = 50 log_opt_values /usr/local/lib/python2.7/dist-packages/oslo_config/cfg.py:2786
2017-04-08 10:34:16.271 24739 DEBUG oslo_service.service [-] database.max_pool_size = 5 log_opt_values /usr/local/lib/python2.7/dist-packages/oslo_config/cfg.py:2786
2017-04-08 10:34:16.272 24739 DEBUG oslo_service.service [-] database.max_retries = 10 log_opt_values /usr/local/lib/python2.7/dist-packages/oslo_config/cfg.py:2786
2017-04-08 10:34:16.272 24739 DEBUG oslo_service.service [-] database.min_pool_size = 1 log_opt_values /usr/local/lib/python2.7/dist-packages/oslo_config/cfg.py:2786
2017-04-08 10:34:16.272 24739 DEBUG oslo_service.service [-] database.mysql_engine = InnoDB log_opt_values /usr/local/lib/python2.7/dist-packages/oslo_config/cfg.py:2786
2017-04-08 10:34:16.272 24739 DEBUG oslo_service.service [-] database.mysql_sql_mode = TRADITIONAL log_opt_values /usr/local/lib/python2.7/dist-packages/oslo_config/cfg.py:2786
2017-04-08 10:34:16.272 24739 DEBUG oslo_service.service [-] database.pool_timeout = None log_opt_values /usr/local/lib/python2.7/dist-packages/oslo_config/cfg.py:2786
2017-04-08 10:34:16.273 24739 DEBUG oslo_service.service [-] database.retry_interval = 10 log_opt_values /usr/local/lib/python2.7/dist-packages/oslo_config/cfg.py:2786
2017-04-08 10:34:16.273 24739 DEBUG oslo_service.service [-] database.slave_connection = **** log_opt_values /usr/local/lib/python2.7/dist-packages/oslo_config/cfg.py:2786
2017-04-08 10:34:16.273 24739 DEBUG oslo_service.service [-] database.sqlite_synchronous = True log_opt_values /usr/local/lib/python2.7/dist-packages/oslo_config/cfg.py:2786
2017-04-08 10:34:16.273 24739 DEBUG oslo_service.service [-] database.use_db_reconnect = False log_opt_values /usr/local/lib/python2.7/dist-packages/oslo_config/cfg.py:2786
2017-04-08 10:34:16.273 24739 DEBUG oslo_service.service [-] ilo.ca_file = None log_opt_values /usr/local/lib/python2.7/dist-packages/oslo_config/cfg.py:2786
2017-04-08 10:34:16.273 24739 DEBUG oslo_service.service [-] ilo.clean_priority_clear_secure_boot_keys = 0 log_opt_values /usr/local/lib/python2.7/dist-packages/oslo_config/cfg.py:2786
2017-04-08 10:34:16.274 24739 DEBUG oslo_service.service [-] ilo.clean_priority_reset_bios_to_default = 10 log_opt_values /usr/local/lib/python2.7/dist-packages/oslo_config/cfg.py:2786
2017-04-08 10:34:16.274 24739 DEBUG oslo_service.service [-] ilo.clean_priority_reset_ilo = 0 log_opt_values /usr/local/lib/python2.7/dist-packages/oslo_config/cfg.py:2786
2017-04-08 10:34:16.274 24739 DEBUG oslo_service.service [-] ilo.clean_priority_reset_ilo_credential = 30 log_opt_values /usr/local/lib/python2.7/dist-packages/oslo_config/cfg.py:2786
2017-04-08 10:34:16.274 24739 DEBUG oslo_service.service [-] ilo.clean_priority_reset_secure_boot_keys_to_default = 20 log_opt_values /usr/local/lib/python2.7/dist-packages/oslo_config/cfg.py:2786
2017-04-08 10:34:16.274 24739 DEBUG oslo_service.service [-] ilo.client_port = 443 log_opt_values /usr/local/lib/python2.7/dist-packages/oslo_config/cfg.py:2786
2017-04-08 10:34:16.274 24739 DEBUG oslo_service.service [-] ilo.client_timeout = 60 log_opt_values /usr/local/lib/python2.7/dist-packages/oslo_config/cfg.py:2786
2017-04-08 10:34:16.275 24739 DEBUG oslo_service.service [-] ilo.default_boot_mode = auto log_opt_values /usr/local/lib/python2.7/dist-packages/oslo_config/cfg.py:2786
2017-04-08 10:34:16.275 24739 DEBUG oslo_service.service [-] ilo.power_retry = 6 log_opt_values /usr/local/lib/python2.7/dist-packages/oslo_config/cfg.py:2786
2017-04-08 10:34:16.275 24739 DEBUG oslo_service.service [-] ilo.power_wait = 2 log_opt_values /usr/local/lib/python2.7/dist-packages/oslo_config/cfg.py:2786
2017-04-08 10:34:16.275 24739 DEBUG oslo_service.service [-] ilo.swift_ilo_container = ironic_ilo_container log_opt_values /usr/local/lib/python2.7/dist-packages/oslo_config/cfg.py:2786
2017-04-08 10:34:16.275 24739 DEBUG oslo_service.service [-] ilo.swift_object_expiry_timeout = 900 log_opt_values /usr/local/lib/python2.7/dist-packages/oslo_config/cfg.py:2786
2017-04-08 10:34:16.276 24739 DEBUG oslo_service.service [-] ilo.use_web_server_for_images = True log_opt_values /usr/local/lib/python2.7/dist-packages/oslo_config/cfg.py:2786
2017-04-08 10:34:16.276 24739 DEBUG oslo_service.service [-] cinder.auth_section = None log_opt_values /usr/local/lib/python2.7/dist-packages/oslo_config/cfg.py:2786
2017-04-08 10:34:16.276 24739 DEBUG oslo_service.service [-] cinder.auth_type = None log_opt_values /usr/local/lib/python2.7/dist-packages/oslo_config/cfg.py:2786
2017-04-08 10:34:16.276 24739 DEBUG oslo_service.service [-] cinder.cafile = None log_opt_values /usr/local/lib/python2.7/dist-packages/oslo_config/cfg.py:2786
2017-04-08 10:34:16.277 24739 DEBUG oslo_service.service [-] cinder.certfile = None log_opt_values /usr/local/lib/python2.7/dist-packages/oslo_config/cfg.py:2786
2017-04-08 10:34:16.277 24739 DEBUG oslo_service.service [-] cinder.insecure = False log_opt_values /usr/local/lib/python2.7/dist-packages/oslo_config/cfg.py:2786
2017-04-08 10:34:16.277 24739 DEBUG oslo_service.service [-] cinder.keyfile = None log_opt_values /usr/local/lib/python2.7/dist-packages/oslo_config/cfg.py:2786
2017-04-08 10:34:16.277 24739 DEBUG oslo_service.service [-] cinder.retries = 3 log_opt_values /usr/local/lib/python2.7/dist-packages/oslo_config/cfg.py:2786
2017-04-08 10:34:16.277 24739 DEBUG oslo_service.service [-] cinder.timeout = None log_opt_values /usr/local/lib/python2.7/dist-packages/oslo_config/cfg.py:2786
2017-04-08 10:34:16.277 24739 DEBUG oslo_service.service [-] cinder.url = None log_opt_values /usr/local/lib/python2.7/dist-packages/oslo_config/cfg.py:2786
2017-04-08 10:34:16.278 24739 DEBUG oslo_service.service [-] oslo_versionedobjects.fatal_exception_format_errors = False log_opt_values /usr/local/lib/python2.7/dist-packages/oslo_config/cfg.py:2786
2017-04-08 10:34:16.278 24739 DEBUG oslo_service.service [-] ssh.get_vm_name_attempts = 3 log_opt_values /usr/local/lib/python2.7/dist-packages/oslo_config/cfg.py:2786
2017-04-08 10:34:16.278 24739 DEBUG oslo_service.service [-] ssh.get_vm_name_retry_interval = 3 log_opt_values /usr/local/lib/python2.7/dist-packages/oslo_config/cfg.py:2786
2017-04-08 10:34:16.278 24739 DEBUG oslo_service.service [-] ssh.libvirt_uri = qemu:///system log_opt_values /usr/local/lib/python2.7/dist-packages/oslo_config/cfg.py:2786
2017-04-08 10:34:16.278 24739 DEBUG oslo_service.service [-] ******************************************************************************** log_opt_values /usr/local/lib/python2.7/dist-packages/oslo_config/cfg.py:2788
2017-04-08 10:35:14.970 24794 DEBUG oslo_concurrency.lockutils [req-f742d3fd-b0f8-4ed5-9136-dfa2d06c27e6 - - - - -] Lock "policy_enforcer" acquired by "ironic.common.policy.init_enforcer" :: waited 0.000s inner /usr/local/lib/python2.7/dist-packages/oslo_concurrency/lockutils.py:270
2017-04-08 10:35:14.971 24794 DEBUG oslo_concurrency.lockutils [req-f742d3fd-b0f8-4ed5-9136-dfa2d06c27e6 - - - - -] Lock "policy_enforcer" released by "ironic.common.policy.init_enforcer" :: held 0.001s inner /usr/local/lib/python2.7/dist-packages/oslo_concurrency/lockutils.py:282
2017-04-08 10:35:14.972 24794 DEBUG oslo_policy._cache_handler [req-f742d3fd-b0f8-4ed5-9136-dfa2d06c27e6 - - - - -] Reloading cached file /etc/ironic/policy.json read_cached_file /usr/local/lib/python2.7/dist-packages/oslo_policy/_cache_handler.py:40
2017-04-08 10:35:14.974 24794 DEBUG oslo_policy.policy [req-f742d3fd-b0f8-4ed5-9136-dfa2d06c27e6 - - - - -] Reloaded policy file: /etc/ironic/policy.json _load_policy_file /usr/local/lib/python2.7/dist-packages/oslo_policy/policy.py:684
2017-04-08 10:35:14.979 24794 DEBUG oslo_db.api [req-f742d3fd-b0f8-4ed5-9136-dfa2d06c27e6 - - - - -] Loading backend 'sqlalchemy' from 'ironic.db.sqlalchemy.api' _load_backend /usr/local/lib/python2.7/dist-packages/oslo_db/api.py:237
2017-04-08 10:35:15.105 24794 DEBUG oslo_db.sqlalchemy.engines [req-f742d3fd-b0f8-4ed5-9136-dfa2d06c27e6 - - - - -] MySQL server mode set to STRICT_TRANS_TABLES,STRICT_ALL_TABLES,NO_ZERO_IN_DATE,NO_ZERO_DATE,ERROR_FOR_DIVISION_BY_ZERO,TRADITIONAL,NO_AUTO_CREATE_USER,NO_ENGINE_SUBSTITUTION _check_effective_sql_mode /usr/local/lib/python2.7/dist-packages/oslo_db/sqlalchemy/engines.py:260
2017-04-08 10:35:15.136 24794 INFO eventlet.wsgi.server [req-f742d3fd-b0f8-4ed5-9136-dfa2d06c27e6 - - - - -] 127.0.0.1 "GET /v1/nodes HTTP/1.1" status: 200 len: 338 time: 0.1710880
2017-04-08 10:36:14.916 24784 DEBUG oslo_concurrency.lockutils [req-b342f960-4bb6-45ba-9f54-b8091b1751ae - - - - -] Lock "policy_enforcer" acquired by "ironic.common.policy.init_enforcer" :: waited 0.000s inner /usr/local/lib/python2.7/dist-packages/oslo_concurrency/lockutils.py:270
2017-04-08 10:36:14.917 24784 DEBUG oslo_concurrency.lockutils [req-b342f960-4bb6-45ba-9f54-b8091b1751ae - - - - -] Lock "policy_enforcer" released by "ironic.common.policy.init_enforcer" :: held 0.001s inner /usr/local/lib/python2.7/dist-packages/oslo_concurrency/lockutils.py:282
2017-04-08 10:36:14.918 24784 DEBUG oslo_policy._cache_handler [req-b342f960-4bb6-45ba-9f54-b8091b1751ae - - - - -] Reloading cached file /etc/ironic/policy.json read_cached_file /usr/local/lib/python2.7/dist-packages/oslo_policy/_cache_handler.py:40
2017-04-08 10:36:14.920 24784 DEBUG oslo_policy.policy [req-b342f960-4bb6-45ba-9f54-b8091b1751ae - - - - -] Reloaded policy file: /etc/ironic/policy.json _load_policy_file /usr/local/lib/python2.7/dist-packages/oslo_policy/policy.py:684
2017-04-08 10:36:14.923 24784 DEBUG oslo_db.api [req-b342f960-4bb6-45ba-9f54-b8091b1751ae - - - - -] Loading backend 'sqlalchemy' from 'ironic.db.sqlalchemy.api' _load_backend /usr/local/lib/python2.7/dist-packages/oslo_db/api.py:237
2017-04-08 10:36:15.021 24784 DEBUG oslo_db.sqlalchemy.engines [req-b342f960-4bb6-45ba-9f54-b8091b1751ae - - - - -] MySQL server mode set to STRICT_TRANS_TABLES,STRICT_ALL_TABLES,NO_ZERO_IN_DATE,NO_ZERO_DATE,ERROR_FOR_DIVISION_BY_ZERO,TRADITIONAL,NO_AUTO_CREATE_USER,NO_ENGINE_SUBSTITUTION _check_effective_sql_mode /usr/local/lib/python2.7/dist-packages/oslo_db/sqlalchemy/engines.py:260
2017-04-08 10:36:15.045 24784 INFO eventlet.wsgi.server [req-b342f960-4bb6-45ba-9f54-b8091b1751ae - - - - -] 127.0.0.1 "GET /v1/nodes HTTP/1.1" status: 200 len: 338 time: 0.1327970
2017-04-08 10:37:14.920 24786 DEBUG oslo_concurrency.lockutils [req-8a99e01e-50aa-46fc-a601-f4bbbc3360aa - - - - -] Lock "policy_enforcer" acquired by "ironic.common.policy.init_enforcer" :: waited 0.000s inner /usr/local/lib/python2.7/dist-packages/oslo_concurrency/lockutils.py:270
2017-04-08 10:37:14.921 24786 DEBUG oslo_concurrency.lockutils [req-8a99e01e-50aa-46fc-a601-f4bbbc3360aa - - - - -] Lock "policy_enforcer" released by "ironic.common.policy.init_enforcer" :: held 0.001s inner /usr/local/lib/python2.7/dist-packages/oslo_concurrency/lockutils.py:282
2017-04-08 10:37:14.922 24786 DEBUG oslo_policy._cache_handler [req-8a99e01e-50aa-46fc-a601-f4bbbc3360aa - - - - -] Reloading cached file /etc/ironic/policy.json read_cached_file /usr/local/lib/python2.7/dist-packages/oslo_policy/_cache_handler.py:40
2017-04-08 10:37:14.924 24786 DEBUG oslo_policy.policy [req-8a99e01e-50aa-46fc-a601-f4bbbc3360aa - - - - -] Reloaded policy file: /etc/ironic/policy.json _load_policy_file /usr/local/lib/python2.7/dist-packages/oslo_policy/policy.py:684
2017-04-08 10:37:14.927 24786 DEBUG oslo_db.api [req-8a99e01e-50aa-46fc-a601-f4bbbc3360aa - - - - -] Loading backend 'sqlalchemy' from 'ironic.db.sqlalchemy.api' _load_backend /usr/local/lib/python2.7/dist-packages/oslo_db/api.py:237
2017-04-08 10:37:15.034 24786 DEBUG oslo_db.sqlalchemy.engines [req-8a99e01e-50aa-46fc-a601-f4bbbc3360aa - - - - -] MySQL server mode set to STRICT_TRANS_TABLES,STRICT_ALL_TABLES,NO_ZERO_IN_DATE,NO_ZERO_DATE,ERROR_FOR_DIVISION_BY_ZERO,TRADITIONAL,NO_AUTO_CREATE_USER,NO_ENGINE_SUBSTITUTION _check_effective_sql_mode /usr/local/lib/python2.7/dist-packages/oslo_db/sqlalchemy/engines.py:260
2017-04-08 10:37:15.060 24786 INFO eventlet.wsgi.server [req-8a99e01e-50aa-46fc-a601-f4bbbc3360aa - - - - -] 127.0.0.1 "GET /v1/nodes HTTP/1.1" status: 200 len: 338 time: 0.1440680
2017-04-08 10:38:14.943 24786 INFO eventlet.wsgi.server [req-4b2a16a7-7ac5-485b-9c6c-0c2d39ef6dbd - - - - -] 127.0.0.1 "GET /v1/nodes HTTP/1.1" status: 200 len: 338 time: 0.0233839
2017-04-08 10:39:14.945 24786 INFO eventlet.wsgi.server [req-bf6588f9-1573-404b-a351-77fb1fa7cb0b - - - - -] 127.0.0.1 "GET /v1/nodes HTTP/1.1" status: 200 len: 338 time: 0.0264289
2017-04-08 10:40:14.953 24784 INFO eventlet.wsgi.server [req-8748a65f-dd7c-4d66-a5e4-18e8a0ad3dd7 - - - - -] 127.0.0.1 "GET /v1/nodes HTTP/1.1" status: 200 len: 338 time: 0.0330520
2017-04-08 10:41:14.956 24794 INFO eventlet.wsgi.server [req-eac88a63-37e9-4e0a-8920-b08009292c2b - - - - -] 127.0.0.1 "GET /v1/nodes HTTP/1.1" status: 200 len: 338 time: 0.0348082
2017-04-08 10:42:14.930 24782 DEBUG oslo_concurrency.lockutils [req-43109d3d-4d11-4962-a92a-9a335e9075fd - - - - -] Lock "policy_enforcer" acquired by "ironic.common.policy.init_enforcer" :: waited 0.000s inner /usr/local/lib/python2.7/dist-packages/oslo_concurrency/lockutils.py:270
2017-04-08 10:42:14.932 24782 DEBUG oslo_concurrency.lockutils [req-43109d3d-4d11-4962-a92a-9a335e9075fd - - - - -] Lock "policy_enforcer" released by "ironic.common.policy.init_enforcer" :: held 0.002s inner /usr/local/lib/python2.7/dist-packages/oslo_concurrency/lockutils.py:282
2017-04-08 10:42:14.933 24782 DEBUG oslo_policy._cache_handler [req-43109d3d-4d11-4962-a92a-9a335e9075fd - - - - -] Reloading cached file /etc/ironic/policy.json read_cached_file /usr/local/lib/python2.7/dist-packages/oslo_policy/_cache_handler.py:40
2017-04-08 10:42:14.935 24782 DEBUG oslo_policy.policy [req-43109d3d-4d11-4962-a92a-9a335e9075fd - - - - -] Reloaded policy file: /etc/ironic/policy.json _load_policy_file /usr/local/lib/python2.7/dist-packages/oslo_policy/policy.py:684
2017-04-08 10:42:14.943 24782 DEBUG oslo_db.api [req-43109d3d-4d11-4962-a92a-9a335e9075fd - - - - -] Loading backend 'sqlalchemy' from 'ironic.db.sqlalchemy.api' _load_backend /usr/local/lib/python2.7/dist-packages/oslo_db/api.py:237
2017-04-08 10:42:15.101 24782 DEBUG oslo_db.sqlalchemy.engines [req-43109d3d-4d11-4962-a92a-9a335e9075fd - - - - -] MySQL server mode set to STRICT_TRANS_TABLES,STRICT_ALL_TABLES,NO_ZERO_IN_DATE,NO_ZERO_DATE,ERROR_FOR_DIVISION_BY_ZERO,TRADITIONAL,NO_AUTO_CREATE_USER,NO_ENGINE_SUBSTITUTION _check_effective_sql_mode /usr/local/lib/python2.7/dist-packages/oslo_db/sqlalchemy/engines.py:260
2017-04-08 10:42:15.133 24782 INFO eventlet.wsgi.server [req-43109d3d-4d11-4962-a92a-9a335e9075fd - - - - -] 127.0.0.1 "GET /v1/nodes HTTP/1.1" status: 200 len: 338 time: 0.2094970
2017-04-08 10:43:14.939 24786 INFO eventlet.wsgi.server [req-6eefcfc2-ee79-4d10-a3ba-8b255524f8cf - - - - -] 127.0.0.1 "GET /v1/nodes HTTP/1.1" status: 200 len: 338 time: 0.0206079
2017-04-08 10:44:14.932 24780 DEBUG oslo_concurrency.lockutils [req-e4f7e0aa-8e81-4be9-9f10-1feb789f2616 - - - - -] Lock "policy_enforcer" acquired by "ironic.common.policy.init_enforcer" :: waited 0.000s inner /usr/local/lib/python2.7/dist-packages/oslo_concurrency/lockutils.py:270
2017-04-08 10:44:14.934 24780 DEBUG oslo_concurrency.lockutils [req-e4f7e0aa-8e81-4be9-9f10-1feb789f2616 - - - - -] Lock "policy_enforcer" released by "ironic.common.policy.init_enforcer" :: held 0.001s inner /usr/local/lib/python2.7/dist-packages/oslo_concurrency/lockutils.py:282
2017-04-08 10:44:14.934 24780 DEBUG oslo_policy._cache_handler [req-e4f7e0aa-8e81-4be9-9f10-1feb789f2616 - - - - -] Reloading cached file /etc/ironic/policy.json read_cached_file /usr/local/lib/python2.7/dist-packages/oslo_policy/_cache_handler.py:40
2017-04-08 10:44:14.936 24780 DEBUG oslo_policy.policy [req-e4f7e0aa-8e81-4be9-9f10-1feb789f2616 - - - - -] Reloaded policy file: /etc/ironic/policy.json _load_policy_file /usr/local/lib/python2.7/dist-packages/oslo_policy/policy.py:684
2017-04-08 10:44:14.939 24780 DEBUG oslo_db.api [req-e4f7e0aa-8e81-4be9-9f10-1feb789f2616 - - - - -] Loading backend 'sqlalchemy' from 'ironic.db.sqlalchemy.api' _load_backend /usr/local/lib/python2.7/dist-packages/oslo_db/api.py:237
2017-04-08 10:44:15.036 24780 DEBUG oslo_db.sqlalchemy.engines [req-e4f7e0aa-8e81-4be9-9f10-1feb789f2616 - - - - -] MySQL server mode set to STRICT_TRANS_TABLES,STRICT_ALL_TABLES,NO_ZERO_IN_DATE,NO_ZERO_DATE,ERROR_FOR_DIVISION_BY_ZERO,TRADITIONAL,NO_AUTO_CREATE_USER,NO_ENGINE_SUBSTITUTION _check_effective_sql_mode /usr/local/lib/python2.7/dist-packages/oslo_db/sqlalchemy/engines.py:260
2017-04-08 10:44:15.061 24780 INFO eventlet.wsgi.server [req-e4f7e0aa-8e81-4be9-9f10-1feb789f2616 - - - - -] 127.0.0.1 "GET /v1/nodes HTTP/1.1" status: 200 len: 338 time: 0.1322670
2017-04-08 10:44:27.454 24784 DEBUG wsme.api [req-0ee2ba17-35d7-4c84-be0e-8383a76d10fe - - - - -] Client-side error: Node 93494378-56ee-5e22-b6f0-e3be3a9ebdf1 could not be found. format_exception /usr/local/lib/python2.7/dist-packages/wsme/api.py:222
2017-04-08 10:44:27.456 24784 INFO eventlet.wsgi.server [req-0ee2ba17-35d7-4c84-be0e-8383a76d10fe - - - - -] 127.0.0.1 "GET /v1/nodes/93494378-56ee-5e22-b6f0-e3be3a9ebdf1 HTTP/1.1" status: 404 len: 485 time: 0.0194728
2017-04-08 10:44:27.482 24782 DEBUG wsme.api [req-905fc61a-025c-4000-a013-fa87dd004851 - - - - -] Client-side error: Node c1a56cb3-fcef-59d5-8105-7e6815154f70 could not be found. format_exception /usr/local/lib/python2.7/dist-packages/wsme/api.py:222
2017-04-08 10:44:27.484 24782 INFO eventlet.wsgi.server [req-905fc61a-025c-4000-a013-fa87dd004851 - - - - -] 127.0.0.1 "GET /v1/nodes/c1a56cb3-fcef-59d5-8105-7e6815154f70 HTTP/1.1" status: 404 len: 485 time: 0.0168362
2017-04-08 10:44:27.486 24784 DEBUG oslo.messaging._drivers.pool [req-06cc4887-fadf-4c75-92c9-a3d70161479f - - - - -] Pool creating new connection create /usr/local/lib/python2.7/dist-packages/oslo_messaging/_drivers/pool.py:143
2017-04-08 10:44:27.487 24784 WARNING oslo_config.cfg [req-06cc4887-fadf-4c75-92c9-a3d70161479f - - - - -] Option "rabbit_userid" from group "DEFAULT" is deprecated. Use option "rabbit_userid" from group "oslo_messaging_rabbit".
2017-04-08 10:44:27.487 24784 WARNING oslo_config.cfg [req-06cc4887-fadf-4c75-92c9-a3d70161479f - - - - -] Option "rabbit_userid" from group "oslo_messaging_rabbit" is deprecated for removal. Its value may be silently ignored in the future.
2017-04-08 10:44:27.488 24784 WARNING oslo_config.cfg [req-06cc4887-fadf-4c75-92c9-a3d70161479f - - - - -] Option "rabbit_password" from group "DEFAULT" is deprecated. Use option "rabbit_password" from group "oslo_messaging_rabbit".
2017-04-08 10:44:27.488 24784 WARNING oslo_config.cfg [req-06cc4887-fadf-4c75-92c9-a3d70161479f - - - - -] Option "rabbit_password" from group "oslo_messaging_rabbit" is deprecated for removal. Its value may be silently ignored in the future.
2017-04-08 10:44:27.494 24784 DEBUG oslo.messaging._drivers.impl_rabbit [req-06cc4887-fadf-4c75-92c9-a3d70161479f - - - - -] [2fdda714-8d8e-43b0-822d-1318f95becd1] Connecting to AMQP server on localhost:5672 __init__ /usr/local/lib/python2.7/dist-packages/oslo_messaging/_drivers/impl_rabbit.py:597
2017-04-08 10:44:27.501 24794 DEBUG wsme.api [req-28314635-6413-40f4-a5eb-302257660214 - - - - -] Client-side error: Node e1369efa-5391-5035-8533-3a065c44a584 could not be found. format_exception /usr/local/lib/python2.7/dist-packages/wsme/api.py:222
2017-04-08 10:44:27.503 24794 INFO eventlet.wsgi.server [req-28314635-6413-40f4-a5eb-302257660214 - - - - -] 127.0.0.1 "GET /v1/nodes/e1369efa-5391-5035-8533-3a065c44a584 HTTP/1.1" status: 404 len: 485 time: 0.0192878
2017-04-08 10:44:27.506 24784 DEBUG oslo.messaging._drivers.impl_rabbit [req-06cc4887-fadf-4c75-92c9-a3d70161479f - - - - -] [2fdda714-8d8e-43b0-822d-1318f95becd1] Connected to AMQP server on 127.0.0.1:5672 via [amqp] client with port 39870. __init__ /usr/local/lib/python2.7/dist-packages/oslo_messaging/_drivers/impl_rabbit.py:644
2017-04-08 10:44:27.507 24784 DEBUG oslo.messaging._drivers.impl_rabbit [req-06cc4887-fadf-4c75-92c9-a3d70161479f - - - - -] [2fdda714-8d8e-43b0-822d-1318f95becd1] Queue.declare: reply_697ec207bf034295857ae492a16651d0 declare /usr/local/lib/python2.7/dist-packages/oslo_messaging/_drivers/impl_rabbit.py:303
2017-04-08 10:44:27.512 24784 DEBUG oslo.messaging._drivers.pool [req-06cc4887-fadf-4c75-92c9-a3d70161479f - - - - -] Pool creating new connection create /usr/local/lib/python2.7/dist-packages/oslo_messaging/_drivers/pool.py:143
2017-04-08 10:44:27.513 24784 DEBUG oslo.messaging._drivers.impl_rabbit [req-06cc4887-fadf-4c75-92c9-a3d70161479f - - - - -] [0d2e1e23-560f-437a-bb93-bc147125f3b7] Connecting to AMQP server on localhost:5672 __init__ /usr/local/lib/python2.7/dist-packages/oslo_messaging/_drivers/impl_rabbit.py:597
2017-04-08 10:44:27.513 24782 DEBUG oslo.messaging._drivers.pool [req-c68ded1c-16a6-4bf4-9fb7-e522281ccaed - - - - -] Pool creating new connection create /usr/local/lib/python2.7/dist-packages/oslo_messaging/_drivers/pool.py:143
2017-04-08 10:44:27.515 24782 WARNING oslo_config.cfg [req-c68ded1c-16a6-4bf4-9fb7-e522281ccaed - - - - -] Option "rabbit_userid" from group "DEFAULT" is deprecated. Use option "rabbit_userid" from group "oslo_messaging_rabbit".
2017-04-08 10:44:27.515 24782 WARNING oslo_config.cfg [req-c68ded1c-16a6-4bf4-9fb7-e522281ccaed - - - - -] Option "rabbit_userid" from group "oslo_messaging_rabbit" is deprecated for removal. Its value may be silently ignored in the future.
2017-04-08 10:44:27.516 24782 WARNING oslo_config.cfg [req-c68ded1c-16a6-4bf4-9fb7-e522281ccaed - - - - -] Option "rabbit_password" from group "DEFAULT" is deprecated. Use option "rabbit_password" from group "oslo_messaging_rabbit".
2017-04-08 10:44:27.516 24782 WARNING oslo_config.cfg [req-c68ded1c-16a6-4bf4-9fb7-e522281ccaed - - - - -] Option "rabbit_password" from group "oslo_messaging_rabbit" is deprecated for removal. Its value may be silently ignored in the future.
2017-04-08 10:44:27.522 24784 DEBUG oslo.messaging._drivers.impl_rabbit [-] Timed out waiting for RPC response: timed out _raise_timeout /usr/local/lib/python2.7/dist-packages/oslo_messaging/_drivers/impl_rabbit.py:1054
2017-04-08 10:44:27.523 24784 DEBUG oslo.messaging._drivers.impl_rabbit [-] Timed out waiting for RPC response: Timeout while waiting on RPC response - topic: "", RPC method: "" info: "" _raise_timeout /usr/local/lib/python2.7/dist-packages/oslo_messaging/_drivers/impl_rabbit.py:1054
2017-04-08 10:44:27.524 24782 DEBUG oslo.messaging._drivers.impl_rabbit [req-c68ded1c-16a6-4bf4-9fb7-e522281ccaed - - - - -] [28d65079-77fd-491b-8922-267413cc497e] Connecting to AMQP server on localhost:5672 __init__ /usr/local/lib/python2.7/dist-packages/oslo_messaging/_drivers/impl_rabbit.py:597
2017-04-08 10:44:27.525 24784 DEBUG oslo.messaging._drivers.impl_rabbit [req-06cc4887-fadf-4c75-92c9-a3d70161479f - - - - -] [0d2e1e23-560f-437a-bb93-bc147125f3b7] Connected to AMQP server on 127.0.0.1:5672 via [amqp] client with port 39872. __init__ /usr/local/lib/python2.7/dist-packages/oslo_messaging/_drivers/impl_rabbit.py:644
2017-04-08 10:44:27.532 24794 DEBUG oslo.messaging._drivers.pool [req-af83c574-1c5f-4401-9980-c6dadad761ec - - - - -] Pool creating new connection create /usr/local/lib/python2.7/dist-packages/oslo_messaging/_drivers/pool.py:143
2017-04-08 10:44:27.533 24794 WARNING oslo_config.cfg [req-af83c574-1c5f-4401-9980-c6dadad761ec - - - - -] Option "rabbit_userid" from group "DEFAULT" is deprecated. Use option "rabbit_userid" from group "oslo_messaging_rabbit".
2017-04-08 10:44:27.533 24794 WARNING oslo_config.cfg [req-af83c574-1c5f-4401-9980-c6dadad761ec - - - - -] Option "rabbit_userid" from group "oslo_messaging_rabbit" is deprecated for removal. Its value may be silently ignored in the future.
2017-04-08 10:44:27.534 24794 WARNING oslo_config.cfg [req-af83c574-1c5f-4401-9980-c6dadad761ec - - - - -] Option "rabbit_password" from group "DEFAULT" is deprecated. Use option "rabbit_password" from group "oslo_messaging_rabbit".
2017-04-08 10:44:27.534 24794 WARNING oslo_config.cfg [req-af83c574-1c5f-4401-9980-c6dadad761ec - - - - -] Option "rabbit_password" from group "oslo_messaging_rabbit" is deprecated for removal. Its value may be silently ignored in the future.
2017-04-08 10:44:27.537 24782 DEBUG oslo.messaging._drivers.impl_rabbit [req-c68ded1c-16a6-4bf4-9fb7-e522281ccaed - - - - -] [28d65079-77fd-491b-8922-267413cc497e] Connected to AMQP server on 127.0.0.1:5672 via [amqp] client with port 39874. __init__ /usr/local/lib/python2.7/dist-packages/oslo_messaging/_drivers/impl_rabbit.py:644
2017-04-08 10:44:27.538 24782 DEBUG oslo.messaging._drivers.impl_rabbit [req-c68ded1c-16a6-4bf4-9fb7-e522281ccaed - - - - -] [28d65079-77fd-491b-8922-267413cc497e] Queue.declare: reply_b166ce1285d34cdc8f02b1797789e1a6 declare /usr/local/lib/python2.7/dist-packages/oslo_messaging/_drivers/impl_rabbit.py:303
2017-04-08 10:44:27.540 24794 DEBUG oslo.messaging._drivers.impl_rabbit [req-af83c574-1c5f-4401-9980-c6dadad761ec - - - - -] [e3f00c53-57f4-42d8-8bfc-ad6c8586487b] Connecting to AMQP server on localhost:5672 __init__ /usr/local/lib/python2.7/dist-packages/oslo_messaging/_drivers/impl_rabbit.py:597
2017-04-08 10:44:27.544 24782 DEBUG oslo.messaging._drivers.pool [req-c68ded1c-16a6-4bf4-9fb7-e522281ccaed - - - - -] Pool creating new connection create /usr/local/lib/python2.7/dist-packages/oslo_messaging/_drivers/pool.py:143
2017-04-08 10:44:27.545 24782 DEBUG oslo.messaging._drivers.impl_rabbit [req-c68ded1c-16a6-4bf4-9fb7-e522281ccaed - - - - -] [62faf2bd-e2de-4f3e-8701-0f2743b2e070] Connecting to AMQP server on localhost:5672 __init__ /usr/local/lib/python2.7/dist-packages/oslo_messaging/_drivers/impl_rabbit.py:597
2017-04-08 10:44:27.553 24794 DEBUG oslo.messaging._drivers.impl_rabbit [req-af83c574-1c5f-4401-9980-c6dadad761ec - - - - -] [e3f00c53-57f4-42d8-8bfc-ad6c8586487b] Connected to AMQP server on 127.0.0.1:5672 via [amqp] client with port 39876. __init__ /usr/local/lib/python2.7/dist-packages/oslo_messaging/_drivers/impl_rabbit.py:644
2017-04-08 10:44:27.554 24794 DEBUG oslo.messaging._drivers.impl_rabbit [req-af83c574-1c5f-4401-9980-c6dadad761ec - - - - -] [e3f00c53-57f4-42d8-8bfc-ad6c8586487b] Queue.declare: reply_36f541a98076491c896607dd41a00ba1 declare /usr/local/lib/python2.7/dist-packages/oslo_messaging/_drivers/impl_rabbit.py:303
2017-04-08 10:44:27.555 24782 DEBUG oslo.messaging._drivers.impl_rabbit [-] Timed out waiting for RPC response: timed out _raise_timeout /usr/local/lib/python2.7/dist-packages/oslo_messaging/_drivers/impl_rabbit.py:1054
2017-04-08 10:44:27.555 24782 DEBUG oslo.messaging._drivers.impl_rabbit [-] Timed out waiting for RPC response: Timeout while waiting on RPC response - topic: "", RPC method: "" info: "" _raise_timeout /usr/local/lib/python2.7/dist-packages/oslo_messaging/_drivers/impl_rabbit.py:1054
2017-04-08 10:44:27.557 24782 DEBUG oslo.messaging._drivers.impl_rabbit [req-c68ded1c-16a6-4bf4-9fb7-e522281ccaed - - - - -] [62faf2bd-e2de-4f3e-8701-0f2743b2e070] Connected to AMQP server on 127.0.0.1:5672 via [amqp] client with port 39878. __init__ /usr/local/lib/python2.7/dist-packages/oslo_messaging/_drivers/impl_rabbit.py:644
2017-04-08 10:44:27.559 24794 DEBUG oslo.messaging._drivers.pool [req-af83c574-1c5f-4401-9980-c6dadad761ec - - - - -] Pool creating new connection create /usr/local/lib/python2.7/dist-packages/oslo_messaging/_drivers/pool.py:143
2017-04-08 10:44:27.560 24794 DEBUG oslo.messaging._drivers.impl_rabbit [req-af83c574-1c5f-4401-9980-c6dadad761ec - - - - -] [68fa9c67-1c5e-4e4f-b727-e9611168397f] Connecting to AMQP server on localhost:5672 __init__ /usr/local/lib/python2.7/dist-packages/oslo_messaging/_drivers/impl_rabbit.py:597
2017-04-08 10:44:27.569 24794 DEBUG oslo.messaging._drivers.impl_rabbit [-] Timed out waiting for RPC response: timed out _raise_timeout /usr/local/lib/python2.7/dist-packages/oslo_messaging/_drivers/impl_rabbit.py:1054
2017-04-08 10:44:27.570 24794 DEBUG oslo.messaging._drivers.impl_rabbit [-] Timed out waiting for RPC response: Timeout while waiting on RPC response - topic: "", RPC method: "" info: "" _raise_timeout /usr/local/lib/python2.7/dist-packages/oslo_messaging/_drivers/impl_rabbit.py:1054
2017-04-08 10:44:27.572 24794 DEBUG oslo.messaging._drivers.impl_rabbit [req-af83c574-1c5f-4401-9980-c6dadad761ec - - - - -] [68fa9c67-1c5e-4e4f-b727-e9611168397f] Connected to AMQP server on 127.0.0.1:5672 via [amqp] client with port 39880. __init__ /usr/local/lib/python2.7/dist-packages/oslo_messaging/_drivers/impl_rabbit.py:644
2017-04-08 10:44:27.618 24784 INFO eventlet.wsgi.server [req-06cc4887-fadf-4c75-92c9-a3d70161479f - - - - -] 127.0.0.1 "POST /v1/nodes HTTP/1.1" status: 201 len: 1748 time: 0.1583660
2017-04-08 10:44:27.619 24784 DEBUG oslo.messaging._drivers.impl_rabbit [-] Timed out waiting for RPC response: timed out _raise_timeout /usr/local/lib/python2.7/dist-packages/oslo_messaging/_drivers/impl_rabbit.py:1054
2017-04-08 10:44:27.620 24784 DEBUG oslo.messaging._drivers.impl_rabbit [-] Timed out waiting for RPC response: Timeout while waiting on RPC response - topic: "", RPC method: "" info: "" _raise_timeout /usr/local/lib/python2.7/dist-packages/oslo_messaging/_drivers/impl_rabbit.py:1054
2017-04-08 10:44:27.620 24782 INFO eventlet.wsgi.server [req-c68ded1c-16a6-4bf4-9fb7-e522281ccaed - - - - -] 127.0.0.1 "POST /v1/nodes HTTP/1.1" status: 201 len: 1752 time: 0.1332450
2017-04-08 10:44:27.621 24782 DEBUG oslo.messaging._drivers.impl_rabbit [-] Timed out waiting for RPC response: timed out _raise_timeout /usr/local/lib/python2.7/dist-packages/oslo_messaging/_drivers/impl_rabbit.py:1054
2017-04-08 10:44:27.622 24782 DEBUG oslo.messaging._drivers.impl_rabbit [-] Timed out waiting for RPC response: Timeout while waiting on RPC response - topic: "", RPC method: "" info: "" _raise_timeout /usr/local/lib/python2.7/dist-packages/oslo_messaging/_drivers/impl_rabbit.py:1054
2017-04-08 10:44:27.643 24794 INFO eventlet.wsgi.server [req-af83c574-1c5f-4401-9980-c6dadad761ec - - - - -] 127.0.0.1 "POST /v1/nodes HTTP/1.1" status: 201 len: 1755 time: 0.1366420
2017-04-08 10:44:27.643 24794 DEBUG oslo.messaging._drivers.impl_rabbit [-] Timed out waiting for RPC response: timed out _raise_timeout /usr/local/lib/python2.7/dist-packages/oslo_messaging/_drivers/impl_rabbit.py:1054
2017-04-08 10:44:27.644 24794 DEBUG oslo.messaging._drivers.impl_rabbit [-] Timed out waiting for RPC response: Timeout while waiting on RPC response - topic: "", RPC method: "" info: "" _raise_timeout /usr/local/lib/python2.7/dist-packages/oslo_messaging/_drivers/impl_rabbit.py:1054
2017-04-08 10:44:27.679 24782 INFO eventlet.wsgi.server [req-0d1528a8-e1ba-4ad4-a74e-1dec451c5cd4 - - - - -] 127.0.0.1 "POST /v1/ports HTTP/1.1" status: 201 len: 829 time: 0.0556831
2017-04-08 10:44:27.708 24784 INFO eventlet.wsgi.server [req-0a4f2681-b21f-4a70-8121-39c06f9c426f - - - - -] 127.0.0.1 "POST /v1/ports HTTP/1.1" status: 201 len: 829 time: 0.0847790
2017-04-08 10:44:27.734 24794 INFO eventlet.wsgi.server [req-757dcac2-1a96-45a3-ad6a-976cd30357c6 - - - - -] 127.0.0.1 "POST /v1/ports HTTP/1.1" status: 201 len: 829 time: 0.0871220
2017-04-08 10:44:28.621 24784 DEBUG oslo.messaging._drivers.impl_rabbit [-] Timed out waiting for RPC response: timed out _raise_timeout /usr/local/lib/python2.7/dist-packages/oslo_messaging/_drivers/impl_rabbit.py:1054
2017-04-08 10:44:28.621 24784 DEBUG oslo.messaging._drivers.impl_rabbit [-] Timed out waiting for RPC response: Timeout while waiting on RPC response - topic: "", RPC method: "" info: "" _raise_timeout /usr/local/lib/python2.7/dist-packages/oslo_messaging/_drivers/impl_rabbit.py:1054
2017-04-08 10:44:28.623 24782 DEBUG oslo.messaging._drivers.impl_rabbit [-] Timed out waiting for RPC response: timed out _raise_timeout /usr/local/lib/python2.7/dist-packages/oslo_messaging/_drivers/impl_rabbit.py:1054
2017-04-08 10:44:28.623 24782 DEBUG oslo.messaging._drivers.impl_rabbit [-] Timed out waiting for RPC response: Timeout while waiting on RPC response - topic: "", RPC method: "" info: "" _raise_timeout /usr/local/lib/python2.7/dist-packages/oslo_messaging/_drivers/impl_rabbit.py:1054
2017-04-08 10:44:28.645 24794 DEBUG oslo.messaging._drivers.impl_rabbit [-] Timed out waiting for RPC response: timed out _raise_timeout /usr/local/lib/python2.7/dist-packages/oslo_messaging/_drivers/impl_rabbit.py:1054
2017-04-08 10:44:28.645 24794 DEBUG oslo.messaging._drivers.impl_rabbit [-] Timed out waiting for RPC response: Timeout while waiting on RPC response - topic: "", RPC method: "" info: "" _raise_timeout /usr/local/lib/python2.7/dist-packages/oslo_messaging/_drivers/impl_rabbit.py:1054
2017-04-08 10:44:30.623 24784 DEBUG oslo.messaging._drivers.impl_rabbit [-] Timed out waiting for RPC response: timed out _raise_timeout /usr/local/lib/python2.7/dist-packages/oslo_messaging/_drivers/impl_rabbit.py:1054
2017-04-08 10:44:30.624 24784 DEBUG oslo.messaging._drivers.impl_rabbit [-] Timed out waiting for RPC response: Timeout while waiting on RPC response - topic: "", RPC method: "" info: "" _raise_timeout /usr/local/lib/python2.7/dist-packages/oslo_messaging/_drivers/impl_rabbit.py:1054
2017-04-08 10:44:30.625 24782 DEBUG oslo.messaging._drivers.impl_rabbit [-] Timed out waiting for RPC response: timed out _raise_timeout /usr/local/lib/python2.7/dist-packages/oslo_messaging/_drivers/impl_rabbit.py:1054
2017-04-08 10:44:30.626 24782 DEBUG oslo.messaging._drivers.impl_rabbit [-] Timed out waiting for RPC response: Timeout while waiting on RPC response - topic: "", RPC method: "" info: "" _raise_timeout /usr/local/lib/python2.7/dist-packages/oslo_messaging/_drivers/impl_rabbit.py:1054
2017-04-08 10:44:30.647 24794 DEBUG oslo.messaging._drivers.impl_rabbit [-] Timed out waiting for RPC response: timed out _raise_timeout /usr/local/lib/python2.7/dist-packages/oslo_messaging/_drivers/impl_rabbit.py:1054
2017-04-08 10:44:30.648 24794 DEBUG oslo.messaging._drivers.impl_rabbit [-] Timed out waiting for RPC response: Timeout while waiting on RPC response - topic: "", RPC method: "" info: "" _raise_timeout /usr/local/lib/python2.7/dist-packages/oslo_messaging/_drivers/impl_rabbit.py:1054
2017-04-08 10:44:31.310 24788 DEBUG oslo_concurrency.lockutils [req-b029507b-9a44-40b3-8ab0-36155a4ed739 - - - - -] Lock "policy_enforcer" acquired by "ironic.common.policy.init_enforcer" :: waited 0.000s inner /usr/local/lib/python2.7/dist-packages/oslo_concurrency/lockutils.py:270
2017-04-08 10:44:31.311 24788 DEBUG oslo_concurrency.lockutils [req-b029507b-9a44-40b3-8ab0-36155a4ed739 - - - - -] Lock "policy_enforcer" released by "ironic.common.policy.init_enforcer" :: held 0.001s inner /usr/local/lib/python2.7/dist-packages/oslo_concurrency/lockutils.py:282
2017-04-08 10:44:31.312 24788 DEBUG oslo_policy._cache_handler [req-b029507b-9a44-40b3-8ab0-36155a4ed739 - - - - -] Reloading cached file /etc/ironic/policy.json read_cached_file /usr/local/lib/python2.7/dist-packages/oslo_policy/_cache_handler.py:40
2017-04-08 10:44:31.313 24788 DEBUG oslo_policy.policy [req-b029507b-9a44-40b3-8ab0-36155a4ed739 - - - - -] Reloaded policy file: /etc/ironic/policy.json _load_policy_file /usr/local/lib/python2.7/dist-packages/oslo_policy/policy.py:684
2017-04-08 10:44:31.316 24788 DEBUG oslo_db.api [req-b029507b-9a44-40b3-8ab0-36155a4ed739 - - - - -] Loading backend 'sqlalchemy' from 'ironic.db.sqlalchemy.api' _load_backend /usr/local/lib/python2.7/dist-packages/oslo_db/api.py:237
2017-04-08 10:44:31.345 24780 INFO eventlet.wsgi.server [req-926f51e6-758b-4915-8016-0e7a2576b99b - - - - -] 127.0.0.1 "GET /v1/nodes/e1369efa-5391-5035-8533-3a065c44a584 HTTP/1.1" status: 200 len: 1671 time: 0.0148370
2017-04-08 10:44:31.367 24780 INFO eventlet.wsgi.server [req-6452e0bc-7e5c-4231-94df-39017519089d - - - - -] 127.0.0.1 "GET /v1/nodes/93494378-56ee-5e22-b6f0-e3be3a9ebdf1 HTTP/1.1" status: 200 len: 1664 time: 0.0188341
2017-04-08 10:44:31.381 24780 INFO eventlet.wsgi.server [req-7aee040a-768c-4b37-9671-cb8f87df05fe - - - - -] 127.0.0.1 "GET /v1/nodes/93494378-56ee-5e22-b6f0-e3be3a9ebdf1 HTTP/1.1" status: 200 len: 1664 time: 0.0120988
2017-04-08 10:44:31.394 24780 INFO eventlet.wsgi.server [req-8143b803-2b30-4def-85c8-4cb6781b8f2e - - - - -] 127.0.0.1 "GET /v1/nodes/e1369efa-5391-5035-8533-3a065c44a584 HTTP/1.1" status: 200 len: 1671 time: 0.0417960
2017-04-08 10:44:31.413 24780 DEBUG oslo.messaging._drivers.pool [req-1bd2d959-4a56-4b8c-be2b-7b7985c3cd63 - - - - -] Pool creating new connection create /usr/local/lib/python2.7/dist-packages/oslo_messaging/_drivers/pool.py:143
2017-04-08 10:44:31.413 24780 WARNING oslo_config.cfg [req-1bd2d959-4a56-4b8c-be2b-7b7985c3cd63 - - - - -] Option "rabbit_userid" from group "DEFAULT" is deprecated. Use option "rabbit_userid" from group "oslo_messaging_rabbit".
2017-04-08 10:44:31.414 24780 WARNING oslo_config.cfg [req-1bd2d959-4a56-4b8c-be2b-7b7985c3cd63 - - - - -] Option "rabbit_userid" from group "oslo_messaging_rabbit" is deprecated for removal. Its value may be silently ignored in the future.
2017-04-08 10:44:31.414 24780 WARNING oslo_config.cfg [req-1bd2d959-4a56-4b8c-be2b-7b7985c3cd63 - - - - -] Option "rabbit_password" from group "DEFAULT" is deprecated. Use option "rabbit_password" from group "oslo_messaging_rabbit".
2017-04-08 10:44:31.414 24780 WARNING oslo_config.cfg [req-1bd2d959-4a56-4b8c-be2b-7b7985c3cd63 - - - - -] Option "rabbit_password" from group "oslo_messaging_rabbit" is deprecated for removal. Its value may be silently ignored in the future.
2017-04-08 10:44:31.418 24780 DEBUG oslo.messaging._drivers.impl_rabbit [req-1bd2d959-4a56-4b8c-be2b-7b7985c3cd63 - - - - -] [a4164657-fed2-4857-911f-0c4ce99e39fc] Connecting to AMQP server on localhost:5672 __init__ /usr/local/lib/python2.7/dist-packages/oslo_messaging/_drivers/impl_rabbit.py:597
2017-04-08 10:44:31.420 24788 DEBUG oslo_db.sqlalchemy.engines [req-b029507b-9a44-40b3-8ab0-36155a4ed739 - - - - -] MySQL server mode set to STRICT_TRANS_TABLES,STRICT_ALL_TABLES,NO_ZERO_IN_DATE,NO_ZERO_DATE,ERROR_FOR_DIVISION_BY_ZERO,TRADITIONAL,NO_AUTO_CREATE_USER,NO_ENGINE_SUBSTITUTION _check_effective_sql_mode /usr/local/lib/python2.7/dist-packages/oslo_db/sqlalchemy/engines.py:260
2017-04-08 10:44:31.427 24780 DEBUG oslo.messaging._drivers.impl_rabbit [req-1bd2d959-4a56-4b8c-be2b-7b7985c3cd63 - - - - -] [a4164657-fed2-4857-911f-0c4ce99e39fc] Connected to AMQP server on 127.0.0.1:5672 via [amqp] client with port 39904. __init__ /usr/local/lib/python2.7/dist-packages/oslo_messaging/_drivers/impl_rabbit.py:644
2017-04-08 10:44:31.428 24780 DEBUG oslo.messaging._drivers.impl_rabbit [req-1bd2d959-4a56-4b8c-be2b-7b7985c3cd63 - - - - -] [a4164657-fed2-4857-911f-0c4ce99e39fc] Queue.declare: reply_6f4c44a3e07c4673b3123e3739ace239 declare /usr/local/lib/python2.7/dist-packages/oslo_messaging/_drivers/impl_rabbit.py:303
2017-04-08 10:44:31.433 24780 DEBUG oslo.messaging._drivers.pool [req-1bd2d959-4a56-4b8c-be2b-7b7985c3cd63 - - - - -] Pool creating new connection create /usr/local/lib/python2.7/dist-packages/oslo_messaging/_drivers/pool.py:143
2017-04-08 10:44:31.434 24780 DEBUG oslo.messaging._drivers.impl_rabbit [req-1bd2d959-4a56-4b8c-be2b-7b7985c3cd63 - - - - -] [18151e0f-3379-43c7-969d-1dacae385114] Connecting to AMQP server on localhost:5672 __init__ /usr/local/lib/python2.7/dist-packages/oslo_messaging/_drivers/impl_rabbit.py:597
2017-04-08 10:44:31.439 24780 DEBUG oslo.messaging._drivers.pool [req-36c398c1-5b00-4250-96f8-5c75f3f231d2 - - - - -] Pool creating new connection create /usr/local/lib/python2.7/dist-packages/oslo_messaging/_drivers/pool.py:143
2017-04-08 10:44:31.439 24780 DEBUG oslo.messaging._drivers.impl_rabbit [req-36c398c1-5b00-4250-96f8-5c75f3f231d2 - - - - -] [6f5b5535-590e-4a51-bc40-342c06a5e240] Connecting to AMQP server on localhost:5672 __init__ /usr/local/lib/python2.7/dist-packages/oslo_messaging/_drivers/impl_rabbit.py:597
2017-04-08 10:44:31.444 24788 INFO eventlet.wsgi.server [req-b029507b-9a44-40b3-8ab0-36155a4ed739 - - - - -] 127.0.0.1 "GET /v1/nodes/c1a56cb3-fcef-59d5-8105-7e6815154f70 HTTP/1.1" status: 200 len: 1668 time: 0.1374691
2017-04-08 10:44:31.444 24780 DEBUG oslo.messaging._drivers.impl_rabbit [-] Timed out waiting for RPC response: timed out _raise_timeout /usr/local/lib/python2.7/dist-packages/oslo_messaging/_drivers/impl_rabbit.py:1054
2017-04-08 10:44:31.445 24780 DEBUG oslo.messaging._drivers.impl_rabbit [-] Timed out waiting for RPC response: Timeout while waiting on RPC response - topic: "", RPC method: "" info: "" _raise_timeout /usr/local/lib/python2.7/dist-packages/oslo_messaging/_drivers/impl_rabbit.py:1054
2017-04-08 10:44:31.447 24780 DEBUG oslo.messaging._drivers.impl_rabbit [req-1bd2d959-4a56-4b8c-be2b-7b7985c3cd63 - - - - -] [18151e0f-3379-43c7-969d-1dacae385114] Connected to AMQP server on 127.0.0.1:5672 via [amqp] client with port 39906. __init__ /usr/local/lib/python2.7/dist-packages/oslo_messaging/_drivers/impl_rabbit.py:644
2017-04-08 10:44:31.448 24780 DEBUG oslo.messaging._drivers.impl_rabbit [req-36c398c1-5b00-4250-96f8-5c75f3f231d2 - - - - -] [6f5b5535-590e-4a51-bc40-342c06a5e240] Connected to AMQP server on 127.0.0.1:5672 via [amqp] client with port 39908. __init__ /usr/local/lib/python2.7/dist-packages/oslo_messaging/_drivers/impl_rabbit.py:644
2017-04-08 10:44:31.460 24788 INFO eventlet.wsgi.server [req-01d1da6d-a33c-446b-bfdc-e6eeedc6fdb4 - - - - -] 127.0.0.1 "GET /v1/nodes/c1a56cb3-fcef-59d5-8105-7e6815154f70 HTTP/1.1" status: 200 len: 1668 time: 0.0123470
2017-04-08 10:44:31.479 24788 DEBUG oslo.messaging._drivers.pool [req-bf664637-7556-4837-8095-da99b8d67ead - - - - -] Pool creating new connection create /usr/local/lib/python2.7/dist-packages/oslo_messaging/_drivers/pool.py:143
2017-04-08 10:44:31.480 24788 WARNING oslo_config.cfg [req-bf664637-7556-4837-8095-da99b8d67ead - - - - -] Option "rabbit_userid" from group "DEFAULT" is deprecated. Use option "rabbit_userid" from group "oslo_messaging_rabbit".
2017-04-08 10:44:31.480 24788 WARNING oslo_config.cfg [req-bf664637-7556-4837-8095-da99b8d67ead - - - - -] Option "rabbit_userid" from group "oslo_messaging_rabbit" is deprecated for removal. Its value may be silently ignored in the future.
2017-04-08 10:44:31.481 24788 WARNING oslo_config.cfg [req-bf664637-7556-4837-8095-da99b8d67ead - - - - -] Option "rabbit_password" from group "DEFAULT" is deprecated. Use option "rabbit_password" from group "oslo_messaging_rabbit".
2017-04-08 10:44:31.481 24788 WARNING oslo_config.cfg [req-bf664637-7556-4837-8095-da99b8d67ead - - - - -] Option "rabbit_password" from group "oslo_messaging_rabbit" is deprecated for removal. Its value may be silently ignored in the future.
