2017-03-30 06:52:28.212 9656 INFO eventlet.wsgi.server [req-39e2ec80-30dd-4c6c-97f7-435717e207d0 - - - - -] 127.0.0.1 "GET /v1/nodes/e1369efa-5391-5035-8533-3a065c44a584 HTTP/1.1" status: 200 len: 1769 time: 0.0276170
2017-03-30 06:52:28.216 9654 INFO eventlet.wsgi.server [req-b3e86c6a-dbbc-486c-a2c6-bd35f072a8a4 - - - - -] 127.0.0.1 "GET /v1/nodes/c1a56cb3-fcef-59d5-8105-7e6815154f70 HTTP/1.1" status: 200 len: 1753 time: 0.0311530
2017-03-30 06:52:28.399 9664 DEBUG oslo.messaging._drivers.impl_rabbit [-] Timed out waiting for RPC response: timed out _raise_timeout /usr/local/lib/python2.7/dist-packages/oslo_messaging/_drivers/impl_rabbit.py:1054
2017-03-30 06:52:28.400 9664 DEBUG oslo.messaging._drivers.impl_rabbit [-] Timed out waiting for RPC response: Timeout while waiting on RPC response - topic: "", RPC method: "" info: "" _raise_timeout /usr/local/lib/python2.7/dist-packages/oslo_messaging/_drivers/impl_rabbit.py:1054
2017-03-30 06:52:29.071 9656 DEBUG oslo.messaging._drivers.impl_rabbit [-] Timed out waiting for RPC response: timed out _raise_timeout /usr/local/lib/python2.7/dist-packages/oslo_messaging/_drivers/impl_rabbit.py:1054
2017-03-30 06:52:29.073 9656 DEBUG oslo.messaging._drivers.impl_rabbit [-] Timed out waiting for RPC response: Timeout while waiting on RPC response - topic: "", RPC method: "" info: "" _raise_timeout /usr/local/lib/python2.7/dist-packages/oslo_messaging/_drivers/impl_rabbit.py:1054
2017-03-30 06:52:29.079 9654 DEBUG oslo.messaging._drivers.impl_rabbit [-] Timed out waiting for RPC response: timed out _raise_timeout /usr/local/lib/python2.7/dist-packages/oslo_messaging/_drivers/impl_rabbit.py:1054
2017-03-30 06:52:29.080 9654 DEBUG oslo.messaging._drivers.impl_rabbit [-] Timed out waiting for RPC response: Timeout while waiting on RPC response - topic: "", RPC method: "" info: "" _raise_timeout /usr/local/lib/python2.7/dist-packages/oslo_messaging/_drivers/impl_rabbit.py:1054
2017-03-30 06:52:29.245 9662 INFO eventlet.wsgi.server [req-38764175-d68c-471e-9b89-3bdce9050416 - - - - -] 127.0.0.1 "GET /v1/nodes/72010e8e-a3bd-519e-92fa-a69484f8298f HTTP/1.1" status: 200 len: 1753 time: 0.0278680
2017-03-30 06:52:29.400 9660 DEBUG oslo.messaging._drivers.impl_rabbit [-] Timed out waiting for RPC response: timed out _raise_timeout /usr/local/lib/python2.7/dist-packages/oslo_messaging/_drivers/impl_rabbit.py:1054
2017-03-30 06:52:29.401 9660 DEBUG oslo.messaging._drivers.impl_rabbit [-] Timed out waiting for RPC response: Timeout while waiting on RPC response - topic: "", RPC method: "" info: "" _raise_timeout /usr/local/lib/python2.7/dist-packages/oslo_messaging/_drivers/impl_rabbit.py:1054
2017-03-30 06:52:29.660 9650 DEBUG oslo.messaging._drivers.impl_rabbit [-] Timed out waiting for RPC response: timed out _raise_timeout /usr/local/lib/python2.7/dist-packages/oslo_messaging/_drivers/impl_rabbit.py:1054
2017-03-30 06:52:29.661 9650 DEBUG oslo.messaging._drivers.impl_rabbit [-] Timed out waiting for RPC response: Timeout while waiting on RPC response - topic: "", RPC method: "" info: "" _raise_timeout /usr/local/lib/python2.7/dist-packages/oslo_messaging/_drivers/impl_rabbit.py:1054
2017-03-30 06:52:30.240 9650 INFO eventlet.wsgi.server [req-d1e31408-fee0-442c-bcdf-f51708548af1 - - - - -] 127.0.0.1 "GET /v1/nodes/c1a56cb3-fcef-59d5-8105-7e6815154f70 HTTP/1.1" status: 200 len: 1772 time: 0.0312011
2017-03-30 06:52:30.242 9656 INFO eventlet.wsgi.server [req-8d46f8cf-d393-4eed-9034-030cf5e79a05 - - - - -] 127.0.0.1 "GET /v1/nodes/e1369efa-5391-5035-8533-3a065c44a584 HTTP/1.1" status: 200 len: 1769 time: 0.0235791
2017-03-30 06:52:30.250 9654 INFO eventlet.wsgi.server [req-c805b33a-0436-48de-9ad2-28be7941f503 - - - - -] 127.0.0.1 "GET /v1/nodes/c1a56cb3-fcef-59d5-8105-7e6815154f70 HTTP/1.1" status: 200 len: 1753 time: 0.0274739
2017-03-30 06:52:30.251 9651 INFO eventlet.wsgi.server [req-615941ff-e32b-4224-a131-f7a5f81c274f - - - - -] 127.0.0.1 "GET /v1/nodes/72010e8e-a3bd-519e-92fa-a69484f8298f HTTP/1.1" status: 200 len: 1772 time: 0.0303969
2017-03-30 06:52:30.283 9651 DEBUG oslo.messaging._drivers.pool [req-2d9d2d41-f51c-40e2-9ea7-49cdaba16a47 - - - - -] Pool creating new connection create /usr/local/lib/python2.7/dist-packages/oslo_messaging/_drivers/pool.py:143
2017-03-30 06:52:30.284 9651 WARNING oslo_config.cfg [req-2d9d2d41-f51c-40e2-9ea7-49cdaba16a47 - - - - -] Option "rabbit_userid" from group "DEFAULT" is deprecated. Use option "rabbit_userid" from group "oslo_messaging_rabbit".
2017-03-30 06:52:30.285 9651 WARNING oslo_config.cfg [req-2d9d2d41-f51c-40e2-9ea7-49cdaba16a47 - - - - -] Option "rabbit_userid" from group "oslo_messaging_rabbit" is deprecated for removal. Its value may be silently ignored in the future.
2017-03-30 06:52:30.285 9651 WARNING oslo_config.cfg [req-2d9d2d41-f51c-40e2-9ea7-49cdaba16a47 - - - - -] Option "rabbit_password" from group "DEFAULT" is deprecated. Use option "rabbit_password" from group "oslo_messaging_rabbit".
2017-03-30 06:52:30.285 9651 WARNING oslo_config.cfg [req-2d9d2d41-f51c-40e2-9ea7-49cdaba16a47 - - - - -] Option "rabbit_password" from group "oslo_messaging_rabbit" is deprecated for removal. Its value may be silently ignored in the future.
2017-03-30 06:52:30.291 9651 DEBUG oslo.messaging._drivers.impl_rabbit [req-2d9d2d41-f51c-40e2-9ea7-49cdaba16a47 - - - - -] [ee149292-8ff2-425f-9818-39cb3a09e15e] Connecting to AMQP server on localhost:5672 __init__ /usr/local/lib/python2.7/dist-packages/oslo_messaging/_drivers/impl_rabbit.py:597
2017-03-30 06:52:30.302 9651 DEBUG oslo.messaging._drivers.impl_rabbit [req-2d9d2d41-f51c-40e2-9ea7-49cdaba16a47 - - - - -] [ee149292-8ff2-425f-9818-39cb3a09e15e] Connected to AMQP server on 127.0.0.1:5672 via [amqp] client with port 45632. __init__ /usr/local/lib/python2.7/dist-packages/oslo_messaging/_drivers/impl_rabbit.py:644
2017-03-30 06:52:30.304 9651 DEBUG oslo.messaging._drivers.impl_rabbit [req-2d9d2d41-f51c-40e2-9ea7-49cdaba16a47 - - - - -] [ee149292-8ff2-425f-9818-39cb3a09e15e] Queue.declare: reply_279c5ad344274a99b5ad5bd00d04157f declare /usr/local/lib/python2.7/dist-packages/oslo_messaging/_drivers/impl_rabbit.py:303
2017-03-30 06:52:30.310 9651 DEBUG oslo.messaging._drivers.pool [req-2d9d2d41-f51c-40e2-9ea7-49cdaba16a47 - - - - -] Pool creating new connection create /usr/local/lib/python2.7/dist-packages/oslo_messaging/_drivers/pool.py:143
2017-03-30 06:52:30.312 9651 DEBUG oslo.messaging._drivers.impl_rabbit [req-2d9d2d41-f51c-40e2-9ea7-49cdaba16a47 - - - - -] [52d047b2-8970-4a7a-a147-ec76c01634e9] Connecting to AMQP server on localhost:5672 __init__ /usr/local/lib/python2.7/dist-packages/oslo_messaging/_drivers/impl_rabbit.py:597
2017-03-30 06:52:30.325 9651 DEBUG oslo.messaging._drivers.impl_rabbit [-] Timed out waiting for RPC response: timed out _raise_timeout /usr/local/lib/python2.7/dist-packages/oslo_messaging/_drivers/impl_rabbit.py:1054
2017-03-30 06:52:30.326 9651 DEBUG oslo.messaging._drivers.impl_rabbit [-] Timed out waiting for RPC response: Timeout while waiting on RPC response - topic: "", RPC method: "" info: "" _raise_timeout /usr/local/lib/python2.7/dist-packages/oslo_messaging/_drivers/impl_rabbit.py:1054
2017-03-30 06:52:30.328 9651 DEBUG oslo.messaging._drivers.impl_rabbit [req-2d9d2d41-f51c-40e2-9ea7-49cdaba16a47 - - - - -] [52d047b2-8970-4a7a-a147-ec76c01634e9] Connected to AMQP server on 127.0.0.1:5672 via [amqp] client with port 45634. __init__ /usr/local/lib/python2.7/dist-packages/oslo_messaging/_drivers/impl_rabbit.py:644
2017-03-30 06:52:30.366 9651 INFO eventlet.wsgi.server [req-2d9d2d41-f51c-40e2-9ea7-49cdaba16a47 - - - - -] 127.0.0.1 "GET /v1/nodes/72010e8e-a3bd-519e-92fa-a69484f8298f/validate HTTP/1.1" status: 200 len: 1081 time: 0.1113219
2017-03-30 06:52:30.366 9651 DEBUG oslo.messaging._drivers.impl_rabbit [-] Timed out waiting for RPC response: timed out _raise_timeout /usr/local/lib/python2.7/dist-packages/oslo_messaging/_drivers/impl_rabbit.py:1054
2017-03-30 06:52:30.367 9651 DEBUG oslo.messaging._drivers.impl_rabbit [-] Timed out waiting for RPC response: Timeout while waiting on RPC response - topic: "", RPC method: "" info: "" _raise_timeout /usr/local/lib/python2.7/dist-packages/oslo_messaging/_drivers/impl_rabbit.py:1054
2017-03-30 06:52:30.723 9650 INFO eventlet.wsgi.server [req-6af48ddb-ffb2-4229-b0dd-e4661a6729ed - - - - -] 127.0.0.1 "GET /v1/nodes/c1a56cb3-fcef-59d5-8105-7e6815154f70/ports HTTP/1.1" status: 200 len: 623 time: 0.0385101
2017-03-30 06:52:30.880 9650 WARNING ironic.objects.base [req-0b8fbf78-3790-45ac-bdbe-b85f442beb5f - - - - -] Entity pxe was not serialized.
2017-03-30 06:52:31.049 9651 INFO eventlet.wsgi.server [req-a9bfe669-d91c-4ab2-b067-32f19d77efa2 - - - - -] 127.0.0.1 "GET /v1/nodes/72010e8e-a3bd-519e-92fa-a69484f8298f HTTP/1.1" status: 200 len: 1772 time: 0.0274160
2017-03-30 06:52:31.276 9662 INFO eventlet.wsgi.server [req-25022c84-84b8-4fca-b7ab-0ffb2cabea68 - - - - -] 127.0.0.1 "GET /v1/nodes/72010e8e-a3bd-519e-92fa-a69484f8298f HTTP/1.1" status: 200 len: 1753 time: 0.0250149
2017-03-30 06:52:31.368 9651 DEBUG oslo.messaging._drivers.impl_rabbit [-] Timed out waiting for RPC response: timed out _raise_timeout /usr/local/lib/python2.7/dist-packages/oslo_messaging/_drivers/impl_rabbit.py:1054
2017-03-30 06:52:31.369 9651 DEBUG oslo.messaging._drivers.impl_rabbit [-] Timed out waiting for RPC response: Timeout while waiting on RPC response - topic: "", RPC method: "" info: "" _raise_timeout /usr/local/lib/python2.7/dist-packages/oslo_messaging/_drivers/impl_rabbit.py:1054
2017-03-30 06:52:32.129 9662 DEBUG oslo.messaging._drivers.impl_rabbit [-] Timed out waiting for RPC response: timed out _raise_timeout /usr/local/lib/python2.7/dist-packages/oslo_messaging/_drivers/impl_rabbit.py:1054
2017-03-30 06:52:32.130 9662 DEBUG oslo.messaging._drivers.impl_rabbit [-] Timed out waiting for RPC response: Timeout while waiting on RPC response - topic: "", RPC method: "" info: "" _raise_timeout /usr/local/lib/python2.7/dist-packages/oslo_messaging/_drivers/impl_rabbit.py:1054
2017-03-30 06:52:32.209 9660 INFO eventlet.wsgi.server [req-cc3ccdb0-d68b-4e92-8236-d57a6f2ef76a - - - - -] 127.0.0.1 "PUT /v1/nodes/e1369efa-5391-5035-8533-3a065c44a584/management/boot_device HTTP/1.1" status: 204 len: 300 time: 6.1243019
2017-03-30 06:52:32.209 9660 DEBUG oslo.messaging._drivers.impl_rabbit [-] Timed out waiting for RPC response: timed out _raise_timeout /usr/local/lib/python2.7/dist-packages/oslo_messaging/_drivers/impl_rabbit.py:1054
2017-03-30 06:52:32.210 9660 DEBUG oslo.messaging._drivers.impl_rabbit [-] Timed out waiting for RPC response: Timeout while waiting on RPC response - topic: "", RPC method: "" info: "" _raise_timeout /usr/local/lib/python2.7/dist-packages/oslo_messaging/_drivers/impl_rabbit.py:1054
2017-03-30 06:52:32.241 9660 WARNING ironic.objects.base [req-e6d68097-d743-47fc-a4cb-a8e523beaa2f - - - - -] Entity rebooting was not serialized.
2017-03-30 06:52:32.275 9656 INFO eventlet.wsgi.server [req-a5e7c4b9-91d0-4437-b2ce-1764973b3b81 - - - - -] 127.0.0.1 "GET /v1/nodes/e1369efa-5391-5035-8533-3a065c44a584 HTTP/1.1" status: 200 len: 1749 time: 0.0268121
2017-03-30 06:52:32.708 9654 INFO eventlet.wsgi.server [req-f4072856-1e84-4ad6-941d-8938c66d080f - - - - -] 127.0.0.1 "GET /v1/nodes/c1a56cb3-fcef-59d5-8105-7e6815154f70 HTTP/1.1" status: 200 len: 1773 time: 0.4523921
2017-03-30 06:52:33.212 9660 DEBUG oslo.messaging._drivers.impl_rabbit [-] Timed out waiting for RPC response: timed out _raise_timeout /usr/local/lib/python2.7/dist-packages/oslo_messaging/_drivers/impl_rabbit.py:1054
2017-03-30 06:52:33.212 9660 DEBUG oslo.messaging._drivers.impl_rabbit [-] Timed out waiting for RPC response: Timeout while waiting on RPC response - topic: "", RPC method: "" info: "" _raise_timeout /usr/local/lib/python2.7/dist-packages/oslo_messaging/_drivers/impl_rabbit.py:1054
2017-03-30 06:52:33.309 9662 INFO eventlet.wsgi.server [req-d125c9f0-9355-4dd3-967e-8c640970f4d3 - - - - -] 127.0.0.1 "GET /v1/nodes/72010e8e-a3bd-519e-92fa-a69484f8298f HTTP/1.1" status: 200 len: 1753 time: 0.0267010
2017-03-30 06:52:33.371 9651 DEBUG oslo.messaging._drivers.impl_rabbit [-] Timed out waiting for RPC response: timed out _raise_timeout /usr/local/lib/python2.7/dist-packages/oslo_messaging/_drivers/impl_rabbit.py:1054
2017-03-30 06:52:33.372 9651 DEBUG oslo.messaging._drivers.impl_rabbit [-] Timed out waiting for RPC response: Timeout while waiting on RPC response - topic: "", RPC method: "" info: "" _raise_timeout /usr/local/lib/python2.7/dist-packages/oslo_messaging/_drivers/impl_rabbit.py:1054
2017-03-30 06:52:33.663 9650 DEBUG oslo.messaging._drivers.impl_rabbit [-] Timed out waiting for RPC response: timed out _raise_timeout /usr/local/lib/python2.7/dist-packages/oslo_messaging/_drivers/impl_rabbit.py:1054
2017-03-30 06:52:33.664 9650 DEBUG oslo.messaging._drivers.impl_rabbit [-] Timed out waiting for RPC response: Timeout while waiting on RPC response - topic: "", RPC method: "" info: "" _raise_timeout /usr/local/lib/python2.7/dist-packages/oslo_messaging/_drivers/impl_rabbit.py:1054
2017-03-30 06:52:34.417 9656 INFO eventlet.wsgi.server [req-56a969c3-989e-4a22-b48a-ff9eb6020d13 - - - - -] 127.0.0.1 "GET /v1/nodes/e1369efa-5391-5035-8533-3a065c44a584 HTTP/1.1" status: 200 len: 1769 time: 0.1373310
2017-03-30 06:52:34.744 9654 INFO eventlet.wsgi.server [req-0ec21997-57cd-4d08-bc4a-31993c1e6690 - - - - -] 127.0.0.1 "GET /v1/nodes/c1a56cb3-fcef-59d5-8105-7e6815154f70 HTTP/1.1" status: 200 len: 1773 time: 0.0294261
2017-03-30 06:52:34.783 9660 INFO eventlet.wsgi.server [req-e6d68097-d743-47fc-a4cb-a8e523beaa2f - - - - -] 127.0.0.1 "PUT /v1/nodes/e1369efa-5391-5035-8533-3a065c44a584/states/power HTTP/1.1" status: 202 len: 384 time: 2.5706110
2017-03-30 06:52:34.784 9660 DEBUG oslo.messaging._drivers.impl_rabbit [-] Timed out waiting for RPC response: timed out _raise_timeout /usr/local/lib/python2.7/dist-packages/oslo_messaging/_drivers/impl_rabbit.py:1054
2017-03-30 06:52:34.784 9660 DEBUG oslo.messaging._drivers.impl_rabbit [-] Timed out waiting for RPC response: Timeout while waiting on RPC response - topic: "", RPC method: "" info: "" _raise_timeout /usr/local/lib/python2.7/dist-packages/oslo_messaging/_drivers/impl_rabbit.py:1054
2017-03-30 06:52:35.338 9662 INFO eventlet.wsgi.server [req-8f291869-febe-465c-8e50-a1950f60c90c - - - - -] 127.0.0.1 "GET /v1/nodes/72010e8e-a3bd-519e-92fa-a69484f8298f HTTP/1.1" status: 200 len: 1753 time: 0.0221579
2017-03-30 06:52:35.723 9651 INFO eventlet.wsgi.server [req-a6f80462-e158-4bcf-a5df-a72edb5006b2 - - - - -] 127.0.0.1 "GET /v1/nodes/72010e8e-a3bd-519e-92fa-a69484f8298f/ports HTTP/1.1" status: 200 len: 623 time: 0.0383749
2017-03-30 06:52:35.785 9660 DEBUG oslo.messaging._drivers.impl_rabbit [-] Timed out waiting for RPC response: timed out _raise_timeout /usr/local/lib/python2.7/dist-packages/oslo_messaging/_drivers/impl_rabbit.py:1054
2017-03-30 06:52:35.786 9660 DEBUG oslo.messaging._drivers.impl_rabbit [-] Timed out waiting for RPC response: Timeout while waiting on RPC response - topic: "", RPC method: "" info: "" _raise_timeout /usr/local/lib/python2.7/dist-packages/oslo_messaging/_drivers/impl_rabbit.py:1054
2017-03-30 06:52:35.933 9651 WARNING ironic.objects.base [req-3d60452c-f55f-48f2-8363-13f3d1bf31b1 - - - - -] Entity pxe was not serialized.
2017-03-30 06:52:36.454 9656 INFO eventlet.wsgi.server [req-0146c929-312b-4dfa-a6c8-adb6b397dad8 - - - - -] 127.0.0.1 "GET /v1/nodes/e1369efa-5391-5035-8533-3a065c44a584 HTTP/1.1" status: 200 len: 1775 time: 0.0297801
2017-03-30 06:52:36.789 9654 INFO eventlet.wsgi.server [req-e61d58ef-233e-4922-b8cf-4bebd600354b - - - - -] 127.0.0.1 "GET /v1/nodes/c1a56cb3-fcef-59d5-8105-7e6815154f70 HTTP/1.1" status: 200 len: 1773 time: 0.0388720
2017-03-30 06:52:37.074 9656 DEBUG oslo.messaging._drivers.impl_rabbit [-] Timed out waiting for RPC response: timed out _raise_timeout /usr/local/lib/python2.7/dist-packages/oslo_messaging/_drivers/impl_rabbit.py:1054
2017-03-30 06:52:37.075 9656 DEBUG oslo.messaging._drivers.impl_rabbit [-] Timed out waiting for RPC response: Timeout while waiting on RPC response - topic: "", RPC method: "" info: "" _raise_timeout /usr/local/lib/python2.7/dist-packages/oslo_messaging/_drivers/impl_rabbit.py:1054
2017-03-30 06:52:37.081 9654 DEBUG oslo.messaging._drivers.impl_rabbit [-] Timed out waiting for RPC response: timed out _raise_timeout /usr/local/lib/python2.7/dist-packages/oslo_messaging/_drivers/impl_rabbit.py:1054
2017-03-30 06:52:37.082 9654 DEBUG oslo.messaging._drivers.impl_rabbit [-] Timed out waiting for RPC response: Timeout while waiting on RPC response - topic: "", RPC method: "" info: "" _raise_timeout /usr/local/lib/python2.7/dist-packages/oslo_messaging/_drivers/impl_rabbit.py:1054
2017-03-30 06:52:37.107 9650 INFO eventlet.wsgi.server [req-0b8fbf78-3790-45ac-bdbe-b85f442beb5f - - - - -] 127.0.0.1 "PUT /v1/nodes/c1a56cb3-fcef-59d5-8105-7e6815154f70/management/boot_device HTTP/1.1" status: 204 len: 300 time: 6.2571590
2017-03-30 06:52:37.108 9650 DEBUG oslo.messaging._drivers.impl_rabbit [-] Timed out waiting for RPC response: timed out _raise_timeout /usr/local/lib/python2.7/dist-packages/oslo_messaging/_drivers/impl_rabbit.py:1054
2017-03-30 06:52:37.109 9650 DEBUG oslo.messaging._drivers.impl_rabbit [-] Timed out waiting for RPC response: Timeout while waiting on RPC response - topic: "", RPC method: "" info: "" _raise_timeout /usr/local/lib/python2.7/dist-packages/oslo_messaging/_drivers/impl_rabbit.py:1054
2017-03-30 06:52:37.141 9650 WARNING ironic.objects.base [req-d27c22ea-34d2-4e90-81b7-33c1ffbd2dad - - - - -] Entity rebooting was not serialized.
2017-03-30 06:52:37.374 9662 INFO eventlet.wsgi.server [req-e8f2addd-249b-473c-bf96-bcf49fde5ed8 - - - - -] 127.0.0.1 "GET /v1/nodes/72010e8e-a3bd-519e-92fa-a69484f8298f HTTP/1.1" status: 200 len: 1773 time: 0.0292630
2017-03-30 06:52:37.374 9651 DEBUG oslo.messaging._drivers.impl_rabbit [-] Timed out waiting for RPC response: timed out _raise_timeout /usr/local/lib/python2.7/dist-packages/oslo_messaging/_drivers/impl_rabbit.py:1054
2017-03-30 06:52:37.375 9651 DEBUG oslo.messaging._drivers.impl_rabbit [-] Timed out waiting for RPC response: Timeout while waiting on RPC response - topic: "", RPC method: "" info: "" _raise_timeout /usr/local/lib/python2.7/dist-packages/oslo_messaging/_drivers/impl_rabbit.py:1054
2017-03-30 06:52:37.787 9660 DEBUG oslo.messaging._drivers.impl_rabbit [-] Timed out waiting for RPC response: timed out _raise_timeout /usr/local/lib/python2.7/dist-packages/oslo_messaging/_drivers/impl_rabbit.py:1054
2017-03-30 06:52:37.787 9660 DEBUG oslo.messaging._drivers.impl_rabbit [-] Timed out waiting for RPC response: Timeout while waiting on RPC response - topic: "", RPC method: "" info: "" _raise_timeout /usr/local/lib/python2.7/dist-packages/oslo_messaging/_drivers/impl_rabbit.py:1054
2017-03-30 06:52:37.840 9650 INFO eventlet.wsgi.server [req-d27c22ea-34d2-4e90-81b7-33c1ffbd2dad - - - - -] 127.0.0.1 "PUT /v1/nodes/c1a56cb3-fcef-59d5-8105-7e6815154f70/states/power HTTP/1.1" status: 202 len: 384 time: 0.7303460
2017-03-30 06:52:37.841 9650 DEBUG oslo.messaging._drivers.impl_rabbit [-] Timed out waiting for RPC response: timed out _raise_timeout /usr/local/lib/python2.7/dist-packages/oslo_messaging/_drivers/impl_rabbit.py:1054
2017-03-30 06:52:37.842 9650 DEBUG oslo.messaging._drivers.impl_rabbit [-] Timed out waiting for RPC response: Timeout while waiting on RPC response - topic: "", RPC method: "" info: "" _raise_timeout /usr/local/lib/python2.7/dist-packages/oslo_messaging/_drivers/impl_rabbit.py:1054
2017-03-30 06:52:38.485 9656 INFO eventlet.wsgi.server [req-93f4b84b-d0ac-49a0-88d5-e6de760becd5 - - - - -] 127.0.0.1 "GET /v1/nodes/e1369efa-5391-5035-8533-3a065c44a584 HTTP/1.1" status: 200 len: 1775 time: 0.0263989
2017-03-30 06:52:38.824 9654 INFO eventlet.wsgi.server [req-f1af332a-44c0-4d69-9853-95d08cb3ea7a - - - - -] 127.0.0.1 "GET /v1/nodes/c1a56cb3-fcef-59d5-8105-7e6815154f70 HTTP/1.1" status: 200 len: 1779 time: 0.0291591
2017-03-30 06:52:38.842 9650 DEBUG oslo.messaging._drivers.impl_rabbit [-] Timed out waiting for RPC response: timed out _raise_timeout /usr/local/lib/python2.7/dist-packages/oslo_messaging/_drivers/impl_rabbit.py:1054
2017-03-30 06:52:38.843 9650 DEBUG oslo.messaging._drivers.impl_rabbit [-] Timed out waiting for RPC response: Timeout while waiting on RPC response - topic: "", RPC method: "" info: "" _raise_timeout /usr/local/lib/python2.7/dist-packages/oslo_messaging/_drivers/impl_rabbit.py:1054
2017-03-30 06:52:39.408 9662 INFO eventlet.wsgi.server [req-f1786c85-264a-4561-b920-8f14e913fc43 - - - - -] 127.0.0.1 "GET /v1/nodes/72010e8e-a3bd-519e-92fa-a69484f8298f HTTP/1.1" status: 200 len: 1773 time: 0.0294120
2017-03-30 06:52:40.132 9662 DEBUG oslo.messaging._drivers.impl_rabbit [-] Timed out waiting for RPC response: timed out _raise_timeout /usr/local/lib/python2.7/dist-packages/oslo_messaging/_drivers/impl_rabbit.py:1054
2017-03-30 06:52:40.133 9662 DEBUG oslo.messaging._drivers.impl_rabbit [-] Timed out waiting for RPC response: Timeout while waiting on RPC response - topic: "", RPC method: "" info: "" _raise_timeout /usr/local/lib/python2.7/dist-packages/oslo_messaging/_drivers/impl_rabbit.py:1054
2017-03-30 06:52:40.511 9656 INFO eventlet.wsgi.server [req-2cc690da-a8f5-402e-8b06-3af8f0399055 - - - - -] 127.0.0.1 "GET /v1/nodes/e1369efa-5391-5035-8533-3a065c44a584 HTTP/1.1" status: 200 len: 1775 time: 0.0204210
2017-03-30 06:52:40.845 9650 DEBUG oslo.messaging._drivers.impl_rabbit [-] Timed out waiting for RPC response: timed out _raise_timeout /usr/local/lib/python2.7/dist-packages/oslo_messaging/_drivers/impl_rabbit.py:1054
2017-03-30 06:52:40.846 9650 DEBUG oslo.messaging._drivers.impl_rabbit [-] Timed out waiting for RPC response: Timeout while waiting on RPC response - topic: "", RPC method: "" info: "" _raise_timeout /usr/local/lib/python2.7/dist-packages/oslo_messaging/_drivers/impl_rabbit.py:1054
2017-03-30 06:52:40.861 9654 INFO eventlet.wsgi.server [req-3670e81e-5b0d-4119-9f8a-5758fde3de14 - - - - -] 127.0.0.1 "GET /v1/nodes/c1a56cb3-fcef-59d5-8105-7e6815154f70 HTTP/1.1" status: 200 len: 1779 time: 0.0310140
2017-03-30 06:52:41.440 9662 INFO eventlet.wsgi.server [req-5dbdfa6a-758d-49f2-bfe8-d425918007f2 - - - - -] 127.0.0.1 "GET /v1/nodes/72010e8e-a3bd-519e-92fa-a69484f8298f HTTP/1.1" status: 200 len: 1773 time: 0.0259261
2017-03-30 06:52:41.792 9660 DEBUG oslo.messaging._drivers.impl_rabbit [-] Timed out waiting for RPC response: timed out _raise_timeout /usr/local/lib/python2.7/dist-packages/oslo_messaging/_drivers/impl_rabbit.py:1054
2017-03-30 06:52:41.794 9660 DEBUG oslo.messaging._drivers.impl_rabbit [-] Timed out waiting for RPC response: Timeout while waiting on RPC response - topic: "", RPC method: "" info: "" _raise_timeout /usr/local/lib/python2.7/dist-packages/oslo_messaging/_drivers/impl_rabbit.py:1054
2017-03-30 06:52:42.550 9656 INFO eventlet.wsgi.server [req-eaf25a5a-1042-4cf0-a23c-ad75e4ae563e - - - - -] 127.0.0.1 "GET /v1/nodes/e1369efa-5391-5035-8533-3a065c44a584 HTTP/1.1" status: 200 len: 1775 time: 0.0322680
2017-03-30 06:52:42.894 9654 INFO eventlet.wsgi.server [req-0546c1ba-56ce-4ba8-b428-915ad2caec80 - - - - -] 127.0.0.1 "GET /v1/nodes/c1a56cb3-fcef-59d5-8105-7e6815154f70 HTTP/1.1" status: 200 len: 1779 time: 0.0264950
2017-03-30 06:52:43.475 9662 INFO eventlet.wsgi.server [req-3221298f-c2ad-400e-9d70-127f83367f16 - - - - -] 127.0.0.1 "GET /v1/nodes/72010e8e-a3bd-519e-92fa-a69484f8298f HTTP/1.1" status: 200 len: 1773 time: 0.0292881
2017-03-30 06:52:44.402 9664 DEBUG oslo.messaging._drivers.impl_rabbit [-] Timed out waiting for RPC response: timed out _raise_timeout /usr/local/lib/python2.7/dist-packages/oslo_messaging/_drivers/impl_rabbit.py:1054
2017-03-30 06:52:44.403 9664 DEBUG oslo.messaging._drivers.impl_rabbit [-] Timed out waiting for RPC response: Timeout while waiting on RPC response - topic: "", RPC method: "" info: "" _raise_timeout /usr/local/lib/python2.7/dist-packages/oslo_messaging/_drivers/impl_rabbit.py:1054
2017-03-30 06:52:44.580 9656 INFO eventlet.wsgi.server [req-b9e1e229-5f38-4903-8847-84bc8d780646 - - - - -] 127.0.0.1 "GET /v1/nodes/e1369efa-5391-5035-8533-3a065c44a584 HTTP/1.1" status: 200 len: 1775 time: 0.0238910
2017-03-30 06:52:44.850 9650 DEBUG oslo.messaging._drivers.impl_rabbit [-] Timed out waiting for RPC response: timed out _raise_timeout /usr/local/lib/python2.7/dist-packages/oslo_messaging/_drivers/impl_rabbit.py:1054
2017-03-30 06:52:44.851 9650 DEBUG oslo.messaging._drivers.impl_rabbit [-] Timed out waiting for RPC response: Timeout while waiting on RPC response - topic: "", RPC method: "" info: "" _raise_timeout /usr/local/lib/python2.7/dist-packages/oslo_messaging/_drivers/impl_rabbit.py:1054
2017-03-30 06:52:44.930 9654 INFO eventlet.wsgi.server [req-a7723ca2-a28c-43b7-ba90-03647ff1a112 - - - - -] 127.0.0.1 "GET /v1/nodes/c1a56cb3-fcef-59d5-8105-7e6815154f70 HTTP/1.1" status: 200 len: 1779 time: 0.0298152
2017-03-30 06:52:45.376 9651 DEBUG oslo.messaging._drivers.impl_rabbit [-] Timed out waiting for RPC response: timed out _raise_timeout /usr/local/lib/python2.7/dist-packages/oslo_messaging/_drivers/impl_rabbit.py:1054
2017-03-30 06:52:45.376 9651 DEBUG oslo.messaging._drivers.impl_rabbit [-] Timed out waiting for RPC response: Timeout while waiting on RPC response - topic: "", RPC method: "" info: "" _raise_timeout /usr/local/lib/python2.7/dist-packages/oslo_messaging/_drivers/impl_rabbit.py:1054
2017-03-30 06:52:45.509 9662 INFO eventlet.wsgi.server [req-b02aa22c-9481-4e89-a50f-3d216456347f - - - - -] 127.0.0.1 "GET /v1/nodes/72010e8e-a3bd-519e-92fa-a69484f8298f HTTP/1.1" status: 200 len: 1773 time: 0.0282328
2017-03-30 06:52:46.615 9656 INFO eventlet.wsgi.server [req-8f4008e7-93a2-4811-ac7b-36902c5a3913 - - - - -] 127.0.0.1 "GET /v1/nodes/e1369efa-5391-5035-8533-3a065c44a584 HTTP/1.1" status: 200 len: 1775 time: 0.0299900
2017-03-30 06:52:46.965 9654 INFO eventlet.wsgi.server [req-bd3e48f1-3c8e-466f-b922-251787762c39 - - - - -] 127.0.0.1 "GET /v1/nodes/c1a56cb3-fcef-59d5-8105-7e6815154f70 HTTP/1.1" status: 200 len: 1779 time: 0.0300250
2017-03-30 06:52:47.542 9662 INFO eventlet.wsgi.server [req-f37fb187-ccf1-45fd-a6eb-6ce92dda7bcb - - - - -] 127.0.0.1 "GET /v1/nodes/72010e8e-a3bd-519e-92fa-a69484f8298f HTTP/1.1" status: 200 len: 1753 time: 0.0280349
2017-03-30 06:52:47.944 9651 INFO eventlet.wsgi.server [req-3d60452c-f55f-48f2-8363-13f3d1bf31b1 - - - - -] 127.0.0.1 "PUT /v1/nodes/72010e8e-a3bd-519e-92fa-a69484f8298f/management/boot_device HTTP/1.1" status: 204 len: 300 time: 12.0427551
2017-03-30 06:52:47.944 9651 DEBUG oslo.messaging._drivers.impl_rabbit [-] Timed out waiting for RPC response: timed out _raise_timeout /usr/local/lib/python2.7/dist-packages/oslo_messaging/_drivers/impl_rabbit.py:1054
2017-03-30 06:52:47.945 9651 DEBUG oslo.messaging._drivers.impl_rabbit [-] Timed out waiting for RPC response: Timeout while waiting on RPC response - topic: "", RPC method: "" info: "" _raise_timeout /usr/local/lib/python2.7/dist-packages/oslo_messaging/_drivers/impl_rabbit.py:1054
2017-03-30 06:52:47.978 9651 WARNING ironic.objects.base [req-790af4e6-d0f5-45bf-9013-c500a23ea75a - - - - -] Entity rebooting was not serialized.
2017-03-30 06:52:48.649 9656 INFO eventlet.wsgi.server [req-fa1edcd1-d501-4a8d-87c8-9dd04aa1d3c6 - - - - -] 127.0.0.1 "GET /v1/nodes/e1369efa-5391-5035-8533-3a065c44a584 HTTP/1.1" status: 200 len: 1775 time: 0.0292859
2017-03-30 06:52:48.946 9651 DEBUG oslo.messaging._drivers.impl_rabbit [-] Timed out waiting for RPC response: timed out _raise_timeout /usr/local/lib/python2.7/dist-packages/oslo_messaging/_drivers/impl_rabbit.py:1054
2017-03-30 06:52:48.947 9651 DEBUG oslo.messaging._drivers.impl_rabbit [-] Timed out waiting for RPC response: Timeout while waiting on RPC response - topic: "", RPC method: "" info: "" _raise_timeout /usr/local/lib/python2.7/dist-packages/oslo_messaging/_drivers/impl_rabbit.py:1054
2017-03-30 06:52:48.998 9654 INFO eventlet.wsgi.server [req-2ab6476c-c782-4d86-a149-119989b14779 - - - - -] 127.0.0.1 "GET /v1/nodes/c1a56cb3-fcef-59d5-8105-7e6815154f70 HTTP/1.1" status: 200 len: 1779 time: 0.0283580
2017-03-30 06:52:49.224 9651 INFO eventlet.wsgi.server [req-790af4e6-d0f5-45bf-9013-c500a23ea75a - - - - -] 127.0.0.1 "PUT /v1/nodes/72010e8e-a3bd-519e-92fa-a69484f8298f/states/power HTTP/1.1" status: 202 len: 384 time: 1.2757411
2017-03-30 06:52:49.225 9651 DEBUG oslo.messaging._drivers.impl_rabbit [-] Timed out waiting for RPC response: timed out _raise_timeout /usr/local/lib/python2.7/dist-packages/oslo_messaging/_drivers/impl_rabbit.py:1054
2017-03-30 06:52:49.226 9651 DEBUG oslo.messaging._drivers.impl_rabbit [-] Timed out waiting for RPC response: Timeout while waiting on RPC response - topic: "", RPC method: "" info: "" _raise_timeout /usr/local/lib/python2.7/dist-packages/oslo_messaging/_drivers/impl_rabbit.py:1054
2017-03-30 06:52:49.569 9662 INFO eventlet.wsgi.server [req-acff4e1a-a848-4449-878a-e32bb20b5051 - - - - -] 127.0.0.1 "GET /v1/nodes/72010e8e-a3bd-519e-92fa-a69484f8298f HTTP/1.1" status: 200 len: 1779 time: 0.0213411
2017-03-30 06:52:49.803 9660 DEBUG oslo.messaging._drivers.impl_rabbit [-] Timed out waiting for RPC response: timed out _raise_timeout /usr/local/lib/python2.7/dist-packages/oslo_messaging/_drivers/impl_rabbit.py:1054
2017-03-30 06:52:49.804 9660 DEBUG oslo.messaging._drivers.impl_rabbit [-] Timed out waiting for RPC response: Timeout while waiting on RPC response - topic: "", RPC method: "" info: "" _raise_timeout /usr/local/lib/python2.7/dist-packages/oslo_messaging/_drivers/impl_rabbit.py:1054
2017-03-30 06:52:50.227 9651 DEBUG oslo.messaging._drivers.impl_rabbit [-] Timed out waiting for RPC response: timed out _raise_timeout /usr/local/lib/python2.7/dist-packages/oslo_messaging/_drivers/impl_rabbit.py:1054
2017-03-30 06:52:50.228 9651 DEBUG oslo.messaging._drivers.impl_rabbit [-] Timed out waiting for RPC response: Timeout while waiting on RPC response - topic: "", RPC method: "" info: "" _raise_timeout /usr/local/lib/python2.7/dist-packages/oslo_messaging/_drivers/impl_rabbit.py:1054
2017-03-30 06:52:50.683 9656 INFO eventlet.wsgi.server [req-5ba57fd3-7450-4d9d-9810-d44a0dc37b36 - - - - -] 127.0.0.1 "GET /v1/nodes/e1369efa-5391-5035-8533-3a065c44a584 HTTP/1.1" status: 200 len: 1775 time: 0.0288551
2017-03-30 06:52:51.032 9654 INFO eventlet.wsgi.server [req-14f78446-a937-4ae8-80a7-18cfee86e125 - - - - -] 127.0.0.1 "GET /v1/nodes/c1a56cb3-fcef-59d5-8105-7e6815154f70 HTTP/1.1" status: 200 len: 1779 time: 0.0284629
2017-03-30 06:52:51.600 9662 INFO eventlet.wsgi.server [req-bbd3ed8a-5c3c-48a9-99d5-0717bb100635 - - - - -] 127.0.0.1 "GET /v1/nodes/72010e8e-a3bd-519e-92fa-a69484f8298f HTTP/1.1" status: 200 len: 1779 time: 0.0254359
2017-03-30 06:52:52.231 9651 DEBUG oslo.messaging._drivers.impl_rabbit [-] Timed out waiting for RPC response: timed out _raise_timeout /usr/local/lib/python2.7/dist-packages/oslo_messaging/_drivers/impl_rabbit.py:1054
2017-03-30 06:52:52.231 9651 DEBUG oslo.messaging._drivers.impl_rabbit [-] Timed out waiting for RPC response: Timeout while waiting on RPC response - topic: "", RPC method: "" info: "" _raise_timeout /usr/local/lib/python2.7/dist-packages/oslo_messaging/_drivers/impl_rabbit.py:1054
2017-03-30 06:52:52.698 9656 INFO eventlet.wsgi.server [req-b788d6c6-8493-4b16-892a-7dce0f122482 - - - - -] 127.0.0.1 "GET /v1/nodes/e1369efa-5391-5035-8533-3a065c44a584 HTTP/1.1" status: 200 len: 1775 time: 0.0137630
2017-03-30 06:52:52.861 9650 DEBUG oslo.messaging._drivers.impl_rabbit [-] Timed out waiting for RPC response: timed out _raise_timeout /usr/local/lib/python2.7/dist-packages/oslo_messaging/_drivers/impl_rabbit.py:1054
2017-03-30 06:52:52.861 9650 DEBUG oslo.messaging._drivers.impl_rabbit [-] Timed out waiting for RPC response: Timeout while waiting on RPC response - topic: "", RPC method: "" info: "" _raise_timeout /usr/local/lib/python2.7/dist-packages/oslo_messaging/_drivers/impl_rabbit.py:1054
2017-03-30 06:52:53.062 9654 INFO eventlet.wsgi.server [req-84ac9035-ffa5-4853-a3ca-4fe433a91166 - - - - -] 127.0.0.1 "GET /v1/nodes/c1a56cb3-fcef-59d5-8105-7e6815154f70 HTTP/1.1" status: 200 len: 1779 time: 0.0236042
2017-03-30 06:52:53.076 9656 DEBUG oslo.messaging._drivers.impl_rabbit [-] Timed out waiting for RPC response: timed out _raise_timeout /usr/local/lib/python2.7/dist-packages/oslo_messaging/_drivers/impl_rabbit.py:1054
2017-03-30 06:52:53.076 9656 DEBUG oslo.messaging._drivers.impl_rabbit [-] Timed out waiting for RPC response: Timeout while waiting on RPC response - topic: "", RPC method: "" info: "" _raise_timeout /usr/local/lib/python2.7/dist-packages/oslo_messaging/_drivers/impl_rabbit.py:1054
2017-03-30 06:52:53.082 9654 DEBUG oslo.messaging._drivers.impl_rabbit [-] Timed out waiting for RPC response: timed out _raise_timeout /usr/local/lib/python2.7/dist-packages/oslo_messaging/_drivers/impl_rabbit.py:1054
2017-03-30 06:52:53.083 9654 DEBUG oslo.messaging._drivers.impl_rabbit [-] Timed out waiting for RPC response: Timeout while waiting on RPC response - topic: "", RPC method: "" info: "" _raise_timeout /usr/local/lib/python2.7/dist-packages/oslo_messaging/_drivers/impl_rabbit.py:1054
2017-03-30 06:52:53.634 9662 INFO eventlet.wsgi.server [req-614e6e2d-36ef-4054-8335-301c2a3a919c - - - - -] 127.0.0.1 "GET /v1/nodes/72010e8e-a3bd-519e-92fa-a69484f8298f HTTP/1.1" status: 200 len: 1779 time: 0.0276599
2017-03-30 06:52:54.736 9656 INFO eventlet.wsgi.server [req-5c6d5918-3d37-47f9-b603-099f95d0b5cc - - - - -] 127.0.0.1 "GET /v1/nodes/e1369efa-5391-5035-8533-3a065c44a584 HTTP/1.1" status: 200 len: 1775 time: 0.0307579
2017-03-30 06:52:55.093 9654 INFO eventlet.wsgi.server [req-952cc68e-0b46-4604-93d5-945a57b8b8af - - - - -] 127.0.0.1 "GET /v1/nodes/c1a56cb3-fcef-59d5-8105-7e6815154f70 HTTP/1.1" status: 200 len: 1779 time: 0.0257618
2017-03-30 06:52:55.664 9662 INFO eventlet.wsgi.server [req-fb922497-87b4-4cb3-8d21-4831947905cc - - - - -] 127.0.0.1 "GET /v1/nodes/72010e8e-a3bd-519e-92fa-a69484f8298f HTTP/1.1" status: 200 len: 1779 time: 0.0263669
2017-03-30 06:52:56.134 9662 DEBUG oslo.messaging._drivers.impl_rabbit [-] Timed out waiting for RPC response: timed out _raise_timeout /usr/local/lib/python2.7/dist-packages/oslo_messaging/_drivers/impl_rabbit.py:1054
2017-03-30 06:52:56.135 9662 DEBUG oslo.messaging._drivers.impl_rabbit [-] Timed out waiting for RPC response: Timeout while waiting on RPC response - topic: "", RPC method: "" info: "" _raise_timeout /usr/local/lib/python2.7/dist-packages/oslo_messaging/_drivers/impl_rabbit.py:1054
2017-03-30 06:52:56.236 9651 DEBUG oslo.messaging._drivers.impl_rabbit [-] Timed out waiting for RPC response: timed out _raise_timeout /usr/local/lib/python2.7/dist-packages/oslo_messaging/_drivers/impl_rabbit.py:1054
2017-03-30 06:52:56.237 9651 DEBUG oslo.messaging._drivers.impl_rabbit [-] Timed out waiting for RPC response: Timeout while waiting on RPC response - topic: "", RPC method: "" info: "" _raise_timeout /usr/local/lib/python2.7/dist-packages/oslo_messaging/_drivers/impl_rabbit.py:1054
2017-03-30 06:52:56.767 9656 INFO eventlet.wsgi.server [req-0df2d5ef-3219-4a75-85d0-a95b6ac6fdec - - - - -] 127.0.0.1 "GET /v1/nodes/e1369efa-5391-5035-8533-3a065c44a584 HTTP/1.1" status: 200 len: 1775 time: 0.0264559
2017-03-30 06:52:57.125 9654 INFO eventlet.wsgi.server [req-4a588d73-9775-4310-b2ff-37cec3d51d52 - - - - -] 127.0.0.1 "GET /v1/nodes/c1a56cb3-fcef-59d5-8105-7e6815154f70 HTTP/1.1" status: 200 len: 1779 time: 0.0271280
2017-03-30 06:52:57.701 9662 INFO eventlet.wsgi.server [req-4c8867a4-0038-40d2-a6cf-a1e841a5f0d3 - - - - -] 127.0.0.1 "GET /v1/nodes/72010e8e-a3bd-519e-92fa-a69484f8298f HTTP/1.1" status: 200 len: 1779 time: 0.0308409
2017-03-30 06:52:58.802 9656 INFO eventlet.wsgi.server [req-cd01239f-07aa-45d2-b9f7-be52e361d018 - - - - -] 127.0.0.1 "GET /v1/nodes/e1369efa-5391-5035-8533-3a065c44a584 HTTP/1.1" status: 200 len: 1755 time: 0.0300570
2017-03-30 06:52:59.164 9654 INFO eventlet.wsgi.server [req-be1913e8-53a8-4f95-83a6-d2e6c4c5a0d8 - - - - -] 127.0.0.1 "GET /v1/nodes/c1a56cb3-fcef-59d5-8105-7e6815154f70 HTTP/1.1" status: 200 len: 1779 time: 0.0345001
2017-03-30 06:52:59.732 9662 INFO eventlet.wsgi.server [req-6e81f3f5-73d7-4c70-83e6-baa62e557136 - - - - -] 127.0.0.1 "GET /v1/nodes/72010e8e-a3bd-519e-92fa-a69484f8298f HTTP/1.1" status: 200 len: 1779 time: 0.0285671
2017-03-30 06:53:00.835 9656 INFO eventlet.wsgi.server [req-7bbdaa67-33e5-4115-9a7d-e1e09390c8ba - - - - -] 127.0.0.1 "GET /v1/nodes/e1369efa-5391-5035-8533-3a065c44a584 HTTP/1.1" status: 200 len: 1755 time: 0.0278151
2017-03-30 06:53:01.199 9654 INFO eventlet.wsgi.server [req-fc74d94b-923e-4513-8bc6-c71be1acb872 - - - - -] 127.0.0.1 "GET /v1/nodes/c1a56cb3-fcef-59d5-8105-7e6815154f70 HTTP/1.1" status: 200 len: 1779 time: 0.0290730
2017-03-30 06:53:02.165 9662 INFO eventlet.wsgi.server [req-6e5f09ae-0c43-45f2-b08b-a14b90bfc634 - - - - -] 127.0.0.1 "GET /v1/nodes/72010e8e-a3bd-519e-92fa-a69484f8298f HTTP/1.1" status: 200 len: 1779 time: 0.4264262
2017-03-30 06:53:02.870 9656 INFO eventlet.wsgi.server [req-f92fcd25-4136-401e-8d26-eed9c2a497d6 - - - - -] 127.0.0.1 "GET /v1/nodes/e1369efa-5391-5035-8533-3a065c44a584 HTTP/1.1" status: 200 len: 1755 time: 0.0289710
2017-03-30 06:53:03.234 9654 INFO eventlet.wsgi.server [req-f668afc4-65ba-446b-a009-eac146421ea7 - - - - -] 127.0.0.1 "GET /v1/nodes/c1a56cb3-fcef-59d5-8105-7e6815154f70 HTTP/1.1" status: 200 len: 1779 time: 0.0297370
2017-03-30 06:53:04.198 9662 INFO eventlet.wsgi.server [req-feb23d80-3e14-47c7-b76d-ecceef6488a1 - - - - -] 127.0.0.1 "GET /v1/nodes/72010e8e-a3bd-519e-92fa-a69484f8298f HTTP/1.1" status: 200 len: 1779 time: 0.0279870
2017-03-30 06:53:04.238 9651 DEBUG oslo.messaging._drivers.impl_rabbit [-] Timed out waiting for RPC response: timed out _raise_timeout /usr/local/lib/python2.7/dist-packages/oslo_messaging/_drivers/impl_rabbit.py:1054
2017-03-30 06:53:04.239 9651 DEBUG oslo.messaging._drivers.impl_rabbit [-] Timed out waiting for RPC response: Timeout while waiting on RPC response - topic: "", RPC method: "" info: "" _raise_timeout /usr/local/lib/python2.7/dist-packages/oslo_messaging/_drivers/impl_rabbit.py:1054
2017-03-30 06:53:04.904 9656 INFO eventlet.wsgi.server [req-994617d6-96ae-4b77-bd83-edefbcd2dcf4 - - - - -] 127.0.0.1 "GET /v1/nodes/e1369efa-5391-5035-8533-3a065c44a584 HTTP/1.1" status: 200 len: 1755 time: 0.0289400
2017-03-30 06:53:05.266 9654 INFO eventlet.wsgi.server [req-9f544dd8-bfb6-4f2a-9b45-b95974b27af6 - - - - -] 127.0.0.1 "GET /v1/nodes/c1a56cb3-fcef-59d5-8105-7e6815154f70 HTTP/1.1" status: 200 len: 1752 time: 0.0276649
2017-03-30 06:53:05.806 9660 DEBUG oslo.messaging._drivers.impl_rabbit [-] Timed out waiting for RPC response: timed out _raise_timeout /usr/local/lib/python2.7/dist-packages/oslo_messaging/_drivers/impl_rabbit.py:1054
2017-03-30 06:53:05.807 9660 DEBUG oslo.messaging._drivers.impl_rabbit [-] Timed out waiting for RPC response: Timeout while waiting on RPC response - topic: "", RPC method: "" info: "" _raise_timeout /usr/local/lib/python2.7/dist-packages/oslo_messaging/_drivers/impl_rabbit.py:1054
2017-03-30 06:53:06.231 9662 INFO eventlet.wsgi.server [req-912f7099-da10-4db1-9cfd-b269e25fedab - - - - -] 127.0.0.1 "GET /v1/nodes/72010e8e-a3bd-519e-92fa-a69484f8298f HTTP/1.1" status: 200 len: 1779 time: 0.0287590
2017-03-30 06:53:06.936 9656 INFO eventlet.wsgi.server [req-abf89786-ed29-4c97-824b-7f1f36f563db - - - - -] 127.0.0.1 "GET /v1/nodes/e1369efa-5391-5035-8533-3a065c44a584 HTTP/1.1" status: 200 len: 1755 time: 0.0280130
2017-03-30 06:53:07.297 9654 INFO eventlet.wsgi.server [req-1dec49b8-99a2-487d-88cf-5e0d9263a52b - - - - -] 127.0.0.1 "GET /v1/nodes/c1a56cb3-fcef-59d5-8105-7e6815154f70 HTTP/1.1" status: 200 len: 1752 time: 0.0264890
2017-03-30 06:53:08.266 9662 INFO eventlet.wsgi.server [req-1d038681-5867-4b83-acf9-c4d0a8185ca1 - - - - -] 127.0.0.1 "GET /v1/nodes/72010e8e-a3bd-519e-92fa-a69484f8298f HTTP/1.1" status: 200 len: 1779 time: 0.0282421
2017-03-30 06:53:08.864 9650 DEBUG oslo.messaging._drivers.impl_rabbit [-] Timed out waiting for RPC response: timed out _raise_timeout /usr/local/lib/python2.7/dist-packages/oslo_messaging/_drivers/impl_rabbit.py:1054
2017-03-30 06:53:08.864 9650 DEBUG oslo.messaging._drivers.impl_rabbit [-] Timed out waiting for RPC response: Timeout while waiting on RPC response - topic: "", RPC method: "" info: "" _raise_timeout /usr/local/lib/python2.7/dist-packages/oslo_messaging/_drivers/impl_rabbit.py:1054
2017-03-30 06:53:08.972 9656 INFO eventlet.wsgi.server [req-fd74e421-e048-4e58-86cd-d45fa99f0ede - - - - -] 127.0.0.1 "GET /v1/nodes/e1369efa-5391-5035-8533-3a065c44a584 HTTP/1.1" status: 200 len: 1755 time: 0.0298491
2017-03-30 06:53:09.336 9654 INFO eventlet.wsgi.server [req-042029ab-f20b-46e2-a9d4-3025336b0a14 - - - - -] 127.0.0.1 "GET /v1/nodes/c1a56cb3-fcef-59d5-8105-7e6815154f70 HTTP/1.1" status: 200 len: 1752 time: 0.0319569
2017-03-30 06:53:10.297 9662 INFO eventlet.wsgi.server [req-13f1ea3f-9b03-4ec9-940a-09bd02b695b3 - - - - -] 127.0.0.1 "GET /v1/nodes/72010e8e-a3bd-519e-92fa-a69484f8298f HTTP/1.1" status: 200 len: 1779 time: 0.0245988
2017-03-30 06:53:11.007 9656 INFO eventlet.wsgi.server [req-8ef76320-ffac-447e-82d1-39b7a3679ba9 - - - - -] 127.0.0.1 "GET /v1/nodes/e1369efa-5391-5035-8533-3a065c44a584 HTTP/1.1" status: 200 len: 1755 time: 0.0297890
2017-03-30 06:53:11.368 9654 INFO eventlet.wsgi.server [req-b1216d43-e2f7-4857-a3ab-e8989d611044 - - - - -] 127.0.0.1 "GET /v1/nodes/c1a56cb3-fcef-59d5-8105-7e6815154f70 HTTP/1.1" status: 200 len: 1752 time: 0.0280590
2017-03-30 06:53:11.522 9656 DEBUG oslo.messaging._drivers.impl_rabbit [-] Timed out waiting for RPC response: timed out _raise_timeout /usr/local/lib/python2.7/dist-packages/oslo_messaging/_drivers/impl_rabbit.py:1054
2017-03-30 06:53:11.523 9656 DEBUG oslo.messaging._drivers.impl_rabbit [-] Timed out waiting for RPC response: Timeout while waiting on RPC response - topic: "", RPC method: "" info: "" _raise_timeout /usr/local/lib/python2.7/dist-packages/oslo_messaging/_drivers/impl_rabbit.py:1054
2017-03-30 06:53:11.560 9664 DEBUG oslo.messaging._drivers.impl_rabbit [-] Timed out waiting for RPC response: timed out _raise_timeout /usr/local/lib/python2.7/dist-packages/oslo_messaging/_drivers/impl_rabbit.py:1054
2017-03-30 06:53:11.560 9664 DEBUG oslo.messaging._drivers.impl_rabbit [-] Timed out waiting for RPC response: Timeout while waiting on RPC response - topic: "", RPC method: "" info: "" _raise_timeout /usr/local/lib/python2.7/dist-packages/oslo_messaging/_drivers/impl_rabbit.py:1054
2017-03-30 06:53:12.337 9662 INFO eventlet.wsgi.server [req-2b3b0a62-e942-4132-9fac-2a1bebba6c6a - - - - -] 127.0.0.1 "GET /v1/nodes/72010e8e-a3bd-519e-92fa-a69484f8298f HTTP/1.1" status: 200 len: 1779 time: 0.0324409
2017-03-30 06:53:12.525 9656 DEBUG oslo.messaging._drivers.impl_rabbit [-] Timed out waiting for RPC response: timed out _raise_timeout /usr/local/lib/python2.7/dist-packages/oslo_messaging/_drivers/impl_rabbit.py:1054
2017-03-30 06:53:12.525 9656 DEBUG oslo.messaging._drivers.impl_rabbit [-] Timed out waiting for RPC response: Timeout while waiting on RPC response - topic: "", RPC method: "" info: "" _raise_timeout /usr/local/lib/python2.7/dist-packages/oslo_messaging/_drivers/impl_rabbit.py:1054
2017-03-30 06:53:12.562 9664 DEBUG oslo.messaging._drivers.impl_rabbit [-] Timed out waiting for RPC response: timed out _raise_timeout /usr/local/lib/python2.7/dist-packages/oslo_messaging/_drivers/impl_rabbit.py:1054
2017-03-30 06:53:12.563 9664 DEBUG oslo.messaging._drivers.impl_rabbit [-] Timed out waiting for RPC response: Timeout while waiting on RPC response - topic: "", RPC method: "" info: "" _raise_timeout /usr/local/lib/python2.7/dist-packages/oslo_messaging/_drivers/impl_rabbit.py:1054
2017-03-30 06:53:13.038 9656 INFO eventlet.wsgi.server [req-83f55e30-ffa7-483a-bf0f-cd3b32ff9bb2 - - - - -] 127.0.0.1 "GET /v1/nodes/e1369efa-5391-5035-8533-3a065c44a584 HTTP/1.1" status: 200 len: 1755 time: 0.0264440
2017-03-30 06:53:13.402 9654 INFO eventlet.wsgi.server [req-e9ff0daf-b9f3-439d-bad4-8ee92cecdcc2 - - - - -] 127.0.0.1 "GET /v1/nodes/c1a56cb3-fcef-59d5-8105-7e6815154f70 HTTP/1.1" status: 200 len: 1752 time: 0.0285902
2017-03-30 06:53:14.375 9662 INFO eventlet.wsgi.server [req-b7e111bd-4dab-42f8-aac3-d0ac15d78a27 - - - - -] 127.0.0.1 "GET /v1/nodes/72010e8e-a3bd-519e-92fa-a69484f8298f HTTP/1.1" status: 200 len: 1779 time: 0.0327182
2017-03-30 06:53:14.528 9656 DEBUG oslo.messaging._drivers.impl_rabbit [-] Timed out waiting for RPC response: timed out _raise_timeout /usr/local/lib/python2.7/dist-packages/oslo_messaging/_drivers/impl_rabbit.py:1054
2017-03-30 06:53:14.529 9656 DEBUG oslo.messaging._drivers.impl_rabbit [-] Timed out waiting for RPC response: Timeout while waiting on RPC response - topic: "", RPC method: "" info: "" _raise_timeout /usr/local/lib/python2.7/dist-packages/oslo_messaging/_drivers/impl_rabbit.py:1054
2017-03-30 06:53:14.564 9664 DEBUG oslo.messaging._drivers.impl_rabbit [-] Timed out waiting for RPC response: timed out _raise_timeout /usr/local/lib/python2.7/dist-packages/oslo_messaging/_drivers/impl_rabbit.py:1054
2017-03-30 06:53:14.565 9664 DEBUG oslo.messaging._drivers.impl_rabbit [-] Timed out waiting for RPC response: Timeout while waiting on RPC response - topic: "", RPC method: "" info: "" _raise_timeout /usr/local/lib/python2.7/dist-packages/oslo_messaging/_drivers/impl_rabbit.py:1054
2017-03-30 06:53:14.884 9654 INFO eventlet.wsgi.server [req-aa9d83d7-6e45-402f-98fc-08df29ecfadd - - - - -] 127.0.0.1 "GET /v1/nodes HTTP/1.1" status: 200 len: 1482 time: 1.3079338
2017-03-30 06:53:15.073 9656 INFO eventlet.wsgi.server [req-b18b49a4-cda7-4268-8d61-06d319018735 - - - - -] 127.0.0.1 "GET /v1/nodes/e1369efa-5391-5035-8533-3a065c44a584 HTTP/1.1" status: 200 len: 1755 time: 0.0280190
2017-03-30 06:53:15.436 9654 INFO eventlet.wsgi.server [req-74433747-8563-4663-ac7f-bef0e930d7e8 - - - - -] 127.0.0.1 "GET /v1/nodes/c1a56cb3-fcef-59d5-8105-7e6815154f70 HTTP/1.1" status: 200 len: 1752 time: 0.0285301
2017-03-30 06:53:16.408 9662 INFO eventlet.wsgi.server [req-a592c63e-5722-4fd4-9eb9-3116b35c80d8 - - - - -] 127.0.0.1 "GET /v1/nodes/72010e8e-a3bd-519e-92fa-a69484f8298f HTTP/1.1" status: 200 len: 1772 time: 0.0277522
2017-03-30 06:53:17.103 9656 INFO eventlet.wsgi.server [req-848d7a18-f921-4f86-b190-3de007d06f36 - - - - -] 127.0.0.1 "GET /v1/nodes/e1369efa-5391-5035-8533-3a065c44a584 HTTP/1.1" status: 200 len: 1755 time: 0.0235541
2017-03-30 06:53:17.426 9662 DEBUG oslo.messaging._drivers.impl_rabbit [-] Timed out waiting for RPC response: timed out _raise_timeout /usr/local/lib/python2.7/dist-packages/oslo_messaging/_drivers/impl_rabbit.py:1054
2017-03-30 06:53:17.427 9662 DEBUG oslo.messaging._drivers.impl_rabbit [-] Timed out waiting for RPC response: Timeout while waiting on RPC response - topic: "", RPC method: "" info: "" _raise_timeout /usr/local/lib/python2.7/dist-packages/oslo_messaging/_drivers/impl_rabbit.py:1054
2017-03-30 06:53:17.454 9654 DEBUG oslo.messaging._drivers.impl_rabbit [-] Timed out waiting for RPC response: timed out _raise_timeout /usr/local/lib/python2.7/dist-packages/oslo_messaging/_drivers/impl_rabbit.py:1054
2017-03-30 06:53:17.455 9654 DEBUG oslo.messaging._drivers.impl_rabbit [-] Timed out waiting for RPC response: Timeout while waiting on RPC response - topic: "", RPC method: "" info: "" _raise_timeout /usr/local/lib/python2.7/dist-packages/oslo_messaging/_drivers/impl_rabbit.py:1054
2017-03-30 06:53:17.464 9654 INFO eventlet.wsgi.server [req-0c91f710-ef05-4ee1-a9a1-408edfade332 - - - - -] 127.0.0.1 "GET /v1/nodes/c1a56cb3-fcef-59d5-8105-7e6815154f70 HTTP/1.1" status: 200 len: 1752 time: 0.0237179
2017-03-30 06:53:18.432 9662 DEBUG oslo.messaging._drivers.impl_rabbit [-] Timed out waiting for RPC response: timed out _raise_timeout /usr/local/lib/python2.7/dist-packages/oslo_messaging/_drivers/impl_rabbit.py:1054
2017-03-30 06:53:18.433 9662 DEBUG oslo.messaging._drivers.impl_rabbit [-] Timed out waiting for RPC response: Timeout while waiting on RPC response - topic: "", RPC method: "" info: "" _raise_timeout /usr/local/lib/python2.7/dist-packages/oslo_messaging/_drivers/impl_rabbit.py:1054
2017-03-30 06:53:18.446 9662 INFO eventlet.wsgi.server [req-b8d7c989-84b8-4d75-a2ee-600b7b3311bc - - - - -] 127.0.0.1 "GET /v1/nodes/72010e8e-a3bd-519e-92fa-a69484f8298f HTTP/1.1" status: 200 len: 1752 time: 0.0329340
2017-03-30 06:53:18.456 9654 DEBUG oslo.messaging._drivers.impl_rabbit [-] Timed out waiting for RPC response: timed out _raise_timeout /usr/local/lib/python2.7/dist-packages/oslo_messaging/_drivers/impl_rabbit.py:1054
2017-03-30 06:53:18.457 9654 DEBUG oslo.messaging._drivers.impl_rabbit [-] Timed out waiting for RPC response: Timeout while waiting on RPC response - topic: "", RPC method: "" info: "" _raise_timeout /usr/local/lib/python2.7/dist-packages/oslo_messaging/_drivers/impl_rabbit.py:1054
2017-03-30 06:53:18.531 9656 DEBUG oslo.messaging._drivers.impl_rabbit [-] Timed out waiting for RPC response: timed out _raise_timeout /usr/local/lib/python2.7/dist-packages/oslo_messaging/_drivers/impl_rabbit.py:1054
2017-03-30 06:53:18.532 9656 DEBUG oslo.messaging._drivers.impl_rabbit [-] Timed out waiting for RPC response: Timeout while waiting on RPC response - topic: "", RPC method: "" info: "" _raise_timeout /usr/local/lib/python2.7/dist-packages/oslo_messaging/_drivers/impl_rabbit.py:1054
2017-03-30 06:53:18.570 9664 DEBUG oslo.messaging._drivers.impl_rabbit [-] Timed out waiting for RPC response: timed out _raise_timeout /usr/local/lib/python2.7/dist-packages/oslo_messaging/_drivers/impl_rabbit.py:1054
