2017-03-30 07:16:21.899 2036 INFO eventlet.wsgi.server [req-2719db9f-847d-4ef8-a792-b8da402ac113 - - - - -] 127.0.0.1 "GET /v1/nodes/e1369efa-5391-5035-8533-3a065c44a584 HTTP/1.1" status: 200 len: 1755 time: 0.0286889
2017-03-30 07:16:21.915 2049 INFO eventlet.wsgi.server [req-688b3c64-d2ec-4dac-98b2-ecc479a95c3b - - - - -] 127.0.0.1 "GET /v1/nodes/c1a56cb3-fcef-59d5-8105-7e6815154f70 HTTP/1.1" status: 200 len: 1752 time: 0.0272348
2017-03-30 07:16:21.964 2040 INFO eventlet.wsgi.server [req-81f0cb16-6767-451f-90f9-15516d0f18e8 - - - - -] 127.0.0.1 "GET /v1/nodes/72010e8e-a3bd-519e-92fa-a69484f8298f HTTP/1.1" status: 200 len: 1752 time: 0.0252061
2017-03-30 07:16:23.722 2041 DEBUG oslo.messaging._drivers.impl_rabbit [-] Timed out waiting for RPC response: timed out _raise_timeout /usr/local/lib/python2.7/dist-packages/oslo_messaging/_drivers/impl_rabbit.py:1054
2017-03-30 07:16:23.723 2041 DEBUG oslo.messaging._drivers.impl_rabbit [-] Timed out waiting for RPC response: Timeout while waiting on RPC response - topic: "", RPC method: "" info: "" _raise_timeout /usr/local/lib/python2.7/dist-packages/oslo_messaging/_drivers/impl_rabbit.py:1054
2017-03-30 07:16:23.935 2036 INFO eventlet.wsgi.server [req-5c333522-5d7d-459b-b9b3-35dff13dc7af - - - - -] 127.0.0.1 "GET /v1/nodes/e1369efa-5391-5035-8533-3a065c44a584 HTTP/1.1" status: 200 len: 1755 time: 0.0279391
2017-03-30 07:16:23.951 2049 INFO eventlet.wsgi.server [req-afec98ce-58f9-462b-8d2d-7bc4fdf8c682 - - - - -] 127.0.0.1 "GET /v1/nodes/c1a56cb3-fcef-59d5-8105-7e6815154f70 HTTP/1.1" status: 200 len: 1752 time: 0.0292990
2017-03-30 07:16:24.002 2040 INFO eventlet.wsgi.server [req-7eb20b9a-219f-4486-b409-7e2c7ca45659 - - - - -] 127.0.0.1 "GET /v1/nodes/72010e8e-a3bd-519e-92fa-a69484f8298f HTTP/1.1" status: 200 len: 1752 time: 0.0304811
2017-03-30 07:16:25.958 2036 INFO eventlet.wsgi.server [req-9cd6fdac-dc28-41d0-bb95-7be639d45a42 - - - - -] 127.0.0.1 "GET /v1/nodes/e1369efa-5391-5035-8533-3a065c44a584 HTTP/1.1" status: 200 len: 1755 time: 0.0174780
2017-03-30 07:16:25.985 2049 INFO eventlet.wsgi.server [req-a9e2c7de-6197-4edd-8faa-b014e292b9c0 - - - - -] 127.0.0.1 "GET /v1/nodes/c1a56cb3-fcef-59d5-8105-7e6815154f70 HTTP/1.1" status: 200 len: 1752 time: 0.0286980
2017-03-30 07:16:26.038 2040 INFO eventlet.wsgi.server [req-af88f517-b84f-48b9-9f1b-70eca6a01610 - - - - -] 127.0.0.1 "GET /v1/nodes/72010e8e-a3bd-519e-92fa-a69484f8298f HTTP/1.1" status: 200 len: 1752 time: 0.0323210
2017-03-30 07:16:27.993 2036 INFO eventlet.wsgi.server [req-66baa699-02fe-477b-8d45-a8e91335c9c7 - - - - -] 127.0.0.1 "GET /v1/nodes/e1369efa-5391-5035-8533-3a065c44a584 HTTP/1.1" status: 200 len: 1755 time: 0.0291369
2017-03-30 07:16:28.003 2049 INFO eventlet.wsgi.server [req-7ca3088b-2bfb-4a29-8a67-2436c03796a1 - - - - -] 127.0.0.1 "GET /v1/nodes/c1a56cb3-fcef-59d5-8105-7e6815154f70 HTTP/1.1" status: 200 len: 1752 time: 0.0147130
2017-03-30 07:16:28.071 2040 INFO eventlet.wsgi.server [req-72f8aa22-8983-4cb2-9b50-7c7d4f98c750 - - - - -] 127.0.0.1 "GET /v1/nodes/72010e8e-a3bd-519e-92fa-a69484f8298f HTTP/1.1" status: 200 len: 1752 time: 0.0295880
2017-03-30 07:16:28.746 2049 INFO eventlet.wsgi.server [req-71b813cb-29c7-4312-a3b6-2eba5ee7417d - - - - -] 127.0.0.1 "GET /v1/nodes/e1369efa-5391-5035-8533-3a065c44a584 HTTP/1.1" status: 200 len: 1774 time: 0.0286798
2017-03-30 07:16:28.841 2049 INFO eventlet.wsgi.server [req-5ea2146d-f1f0-403e-b47a-6feaa2e8a957 - - - - -] 127.0.0.1 "GET /v1/nodes/e1369efa-5391-5035-8533-3a065c44a584/ports HTTP/1.1" status: 200 len: 623 time: 0.0341020
2017-03-30 07:16:29.020 2049 INFO eventlet.wsgi.server [req-2a6f6e8b-fb74-49e3-8c87-30d507fee59c - - - - -] 127.0.0.1 "PATCH /v1/nodes/e1369efa-5391-5035-8533-3a065c44a584 HTTP/1.1" status: 200 len: 1774 time: 0.1729441
2017-03-30 07:16:29.021 2049 DEBUG oslo.messaging._drivers.impl_rabbit [-] Timed out waiting for RPC response: timed out _raise_timeout /usr/local/lib/python2.7/dist-packages/oslo_messaging/_drivers/impl_rabbit.py:1054
2017-03-30 07:16:29.021 2049 DEBUG oslo.messaging._drivers.impl_rabbit [-] Timed out waiting for RPC response: Timeout while waiting on RPC response - topic: "", RPC method: "" info: "" _raise_timeout /usr/local/lib/python2.7/dist-packages/oslo_messaging/_drivers/impl_rabbit.py:1054
2017-03-30 07:16:29.307 2049 INFO eventlet.wsgi.server [req-a6fe08bf-8729-48bb-9636-a4436f21077f - - - - -] 127.0.0.1 "PATCH /v1/nodes/e1369efa-5391-5035-8533-3a065c44a584 HTTP/1.1" status: 200 len: 1824 time: 0.2792552
2017-03-30 07:16:29.308 2049 DEBUG oslo.messaging._drivers.impl_rabbit [-] Timed out waiting for RPC response: timed out _raise_timeout /usr/local/lib/python2.7/dist-packages/oslo_messaging/_drivers/impl_rabbit.py:1054
2017-03-30 07:16:29.308 2049 DEBUG oslo.messaging._drivers.impl_rabbit [-] Timed out waiting for RPC response: Timeout while waiting on RPC response - topic: "", RPC method: "" info: "" _raise_timeout /usr/local/lib/python2.7/dist-packages/oslo_messaging/_drivers/impl_rabbit.py:1054
2017-03-30 07:16:29.365 2041 WARNING ironic.objects.base [req-b54a49d6-ced1-4bfe-92a7-81bb9da72fd5 - - - - -] Entity power off was not serialized.
2017-03-30 07:16:29.484 2041 INFO eventlet.wsgi.server [req-b54a49d6-ced1-4bfe-92a7-81bb9da72fd5 - - - - -] 127.0.0.1 "PUT /v1/nodes/e1369efa-5391-5035-8533-3a065c44a584/states/power HTTP/1.1" status: 202 len: 384 time: 0.1446860
2017-03-30 07:16:29.484 2041 DEBUG oslo.messaging._drivers.impl_rabbit [-] Timed out waiting for RPC response: timed out _raise_timeout /usr/local/lib/python2.7/dist-packages/oslo_messaging/_drivers/impl_rabbit.py:1054
2017-03-30 07:16:29.485 2041 DEBUG oslo.messaging._drivers.impl_rabbit [-] Timed out waiting for RPC response: Timeout while waiting on RPC response - topic: "", RPC method: "" info: "" _raise_timeout /usr/local/lib/python2.7/dist-packages/oslo_messaging/_drivers/impl_rabbit.py:1054
2017-03-30 07:16:29.496 2038 DEBUG oslo.messaging._drivers.impl_rabbit [-] Timed out waiting for RPC response: timed out _raise_timeout /usr/local/lib/python2.7/dist-packages/oslo_messaging/_drivers/impl_rabbit.py:1054
2017-03-30 07:16:29.497 2038 DEBUG oslo.messaging._drivers.impl_rabbit [-] Timed out waiting for RPC response: Timeout while waiting on RPC response - topic: "", RPC method: "" info: "" _raise_timeout /usr/local/lib/python2.7/dist-packages/oslo_messaging/_drivers/impl_rabbit.py:1054
2017-03-30 07:16:29.631 2041 INFO eventlet.wsgi.server [req-955abf4a-9342-485f-be3a-248ff55f01e0 - - - - -] 127.0.0.1 "GET /v1/nodes/c1a56cb3-fcef-59d5-8105-7e6815154f70 HTTP/1.1" status: 200 len: 1771 time: 0.0121200
2017-03-30 07:16:29.773 2047 DEBUG oslo.messaging._drivers.impl_rabbit [-] Timed out waiting for RPC response: timed out _raise_timeout /usr/local/lib/python2.7/dist-packages/oslo_messaging/_drivers/impl_rabbit.py:1054
2017-03-30 07:16:29.775 2047 DEBUG oslo.messaging._drivers.impl_rabbit [-] Timed out waiting for RPC response: Timeout while waiting on RPC response - topic: "", RPC method: "" info: "" _raise_timeout /usr/local/lib/python2.7/dist-packages/oslo_messaging/_drivers/impl_rabbit.py:1054
2017-03-30 07:16:29.884 2041 INFO eventlet.wsgi.server [req-0c338558-bdae-433f-8eb4-9567a1005bc4 - - - - -] 127.0.0.1 "GET /v1/nodes/c1a56cb3-fcef-59d5-8105-7e6815154f70/ports HTTP/1.1" status: 200 len: 623 time: 0.0341358
2017-03-30 07:16:30.002 2043 DEBUG oslo.messaging._drivers.impl_rabbit [-] Timed out waiting for RPC response: timed out _raise_timeout /usr/local/lib/python2.7/dist-packages/oslo_messaging/_drivers/impl_rabbit.py:1054
2017-03-30 07:16:30.004 2043 DEBUG oslo.messaging._drivers.impl_rabbit [-] Timed out waiting for RPC response: Timeout while waiting on RPC response - topic: "", RPC method: "" info: "" _raise_timeout /usr/local/lib/python2.7/dist-packages/oslo_messaging/_drivers/impl_rabbit.py:1054
2017-03-30 07:16:30.029 2036 INFO eventlet.wsgi.server [req-d41db444-213d-40c0-9199-bf52c7bf3822 - - - - -] 127.0.0.1 "GET /v1/nodes/e1369efa-5391-5035-8533-3a065c44a584 HTTP/1.1" status: 200 len: 1832 time: 0.0280390
2017-03-30 07:16:30.037 2049 INFO eventlet.wsgi.server [req-a3fa606c-46d1-4cec-a560-f62b30d78542 - - - - -] 127.0.0.1 "GET /v1/nodes/c1a56cb3-fcef-59d5-8105-7e6815154f70 HTTP/1.1" status: 200 len: 1772 time: 0.0281389
2017-03-30 07:16:30.082 2041 INFO eventlet.wsgi.server [req-6fb0a1df-34ab-4459-97f6-cd717c50a794 - - - - -] 127.0.0.1 "PATCH /v1/nodes/c1a56cb3-fcef-59d5-8105-7e6815154f70 HTTP/1.1" status: 200 len: 1771 time: 0.1908369
2017-03-30 07:16:30.083 2041 DEBUG oslo.messaging._drivers.impl_rabbit [-] Timed out waiting for RPC response: timed out _raise_timeout /usr/local/lib/python2.7/dist-packages/oslo_messaging/_drivers/impl_rabbit.py:1054
2017-03-30 07:16:30.084 2041 DEBUG oslo.messaging._drivers.impl_rabbit [-] Timed out waiting for RPC response: Timeout while waiting on RPC response - topic: "", RPC method: "" info: "" _raise_timeout /usr/local/lib/python2.7/dist-packages/oslo_messaging/_drivers/impl_rabbit.py:1054
2017-03-30 07:16:30.100 2040 INFO eventlet.wsgi.server [req-037efe1e-5e0f-49fa-b8fe-d11544e2c51e - - - - -] 127.0.0.1 "GET /v1/nodes/72010e8e-a3bd-519e-92fa-a69484f8298f HTTP/1.1" status: 200 len: 1752 time: 0.0239530
2017-03-30 07:16:30.309 2049 DEBUG oslo.messaging._drivers.impl_rabbit [-] Timed out waiting for RPC response: timed out _raise_timeout /usr/local/lib/python2.7/dist-packages/oslo_messaging/_drivers/impl_rabbit.py:1054
2017-03-30 07:16:30.310 2049 DEBUG oslo.messaging._drivers.impl_rabbit [-] Timed out waiting for RPC response: Timeout while waiting on RPC response - topic: "", RPC method: "" info: "" _raise_timeout /usr/local/lib/python2.7/dist-packages/oslo_messaging/_drivers/impl_rabbit.py:1054
2017-03-30 07:16:30.340 2041 INFO eventlet.wsgi.server [req-e315fefb-5f72-4977-9f7d-c7efc82213a4 - - - - -] 127.0.0.1 "PATCH /v1/nodes/c1a56cb3-fcef-59d5-8105-7e6815154f70 HTTP/1.1" status: 200 len: 1821 time: 0.2519028
2017-03-30 07:16:30.341 2041 DEBUG oslo.messaging._drivers.impl_rabbit [-] Timed out waiting for RPC response: timed out _raise_timeout /usr/local/lib/python2.7/dist-packages/oslo_messaging/_drivers/impl_rabbit.py:1054
2017-03-30 07:16:30.342 2041 DEBUG oslo.messaging._drivers.impl_rabbit [-] Timed out waiting for RPC response: Timeout while waiting on RPC response - topic: "", RPC method: "" info: "" _raise_timeout /usr/local/lib/python2.7/dist-packages/oslo_messaging/_drivers/impl_rabbit.py:1054
2017-03-30 07:16:30.393 2041 WARNING ironic.objects.base [req-4075d54d-99e7-439c-85fa-c991f03472cb - - - - -] Entity power off was not serialized.
2017-03-30 07:16:30.512 2041 INFO eventlet.wsgi.server [req-4075d54d-99e7-439c-85fa-c991f03472cb - - - - -] 127.0.0.1 "PUT /v1/nodes/c1a56cb3-fcef-59d5-8105-7e6815154f70/states/power HTTP/1.1" status: 202 len: 384 time: 0.1445401
2017-03-30 07:16:30.512 2041 DEBUG oslo.messaging._drivers.impl_rabbit [-] Timed out waiting for RPC response: timed out _raise_timeout /usr/local/lib/python2.7/dist-packages/oslo_messaging/_drivers/impl_rabbit.py:1054
2017-03-30 07:16:30.513 2041 DEBUG oslo.messaging._drivers.impl_rabbit [-] Timed out waiting for RPC response: Timeout while waiting on RPC response - topic: "", RPC method: "" info: "" _raise_timeout /usr/local/lib/python2.7/dist-packages/oslo_messaging/_drivers/impl_rabbit.py:1054
2017-03-30 07:16:31.514 2041 DEBUG oslo.messaging._drivers.impl_rabbit [-] Timed out waiting for RPC response: timed out _raise_timeout /usr/local/lib/python2.7/dist-packages/oslo_messaging/_drivers/impl_rabbit.py:1054
2017-03-30 07:16:31.516 2041 DEBUG oslo.messaging._drivers.impl_rabbit [-] Timed out waiting for RPC response: Timeout while waiting on RPC response - topic: "", RPC method: "" info: "" _raise_timeout /usr/local/lib/python2.7/dist-packages/oslo_messaging/_drivers/impl_rabbit.py:1054
2017-03-30 07:16:31.868 2050 DEBUG oslo_concurrency.lockutils [req-9f217369-1092-47cb-b224-2d9da7d5a55e - - - - -] Lock "policy_enforcer" acquired by "ironic.common.policy.init_enforcer" :: waited 0.000s inner /usr/local/lib/python2.7/dist-packages/oslo_concurrency/lockutils.py:270
2017-03-30 07:16:31.869 2050 DEBUG oslo_concurrency.lockutils [req-9f217369-1092-47cb-b224-2d9da7d5a55e - - - - -] Lock "policy_enforcer" released by "ironic.common.policy.init_enforcer" :: held 0.001s inner /usr/local/lib/python2.7/dist-packages/oslo_concurrency/lockutils.py:282
2017-03-30 07:16:31.870 2050 DEBUG oslo_policy._cache_handler [req-9f217369-1092-47cb-b224-2d9da7d5a55e - - - - -] Reloading cached file /etc/ironic/policy.json read_cached_file /usr/local/lib/python2.7/dist-packages/oslo_policy/_cache_handler.py:40
2017-03-30 07:16:31.872 2050 DEBUG oslo_policy.policy [req-9f217369-1092-47cb-b224-2d9da7d5a55e - - - - -] Reloaded policy file: /etc/ironic/policy.json _load_policy_file /usr/local/lib/python2.7/dist-packages/oslo_policy/policy.py:684
2017-03-30 07:16:31.875 2050 DEBUG oslo_db.api [req-9f217369-1092-47cb-b224-2d9da7d5a55e - - - - -] Loading backend 'sqlalchemy' from 'ironic.db.sqlalchemy.api' _load_backend /usr/local/lib/python2.7/dist-packages/oslo_db/api.py:238
2017-03-30 07:16:31.987 2050 DEBUG oslo_db.sqlalchemy.engines [req-9f217369-1092-47cb-b224-2d9da7d5a55e - - - - -] MySQL server mode set to STRICT_TRANS_TABLES,STRICT_ALL_TABLES,NO_ZERO_IN_DATE,NO_ZERO_DATE,ERROR_FOR_DIVISION_BY_ZERO,TRADITIONAL,NO_AUTO_CREATE_USER,NO_ENGINE_SUBSTITUTION _check_effective_sql_mode /usr/local/lib/python2.7/dist-packages/oslo_db/sqlalchemy/engines.py:261
2017-03-30 07:16:32.012 2050 INFO eventlet.wsgi.server [req-9f217369-1092-47cb-b224-2d9da7d5a55e - - - - -] 127.0.0.1 "GET /v1/nodes/72010e8e-a3bd-519e-92fa-a69484f8298f HTTP/1.1" status: 200 len: 1771 time: 0.1490750
2017-03-30 07:16:32.065 2036 INFO eventlet.wsgi.server [req-cdf7b531-a889-4497-8bc9-751291cd01f3 - - - - -] 127.0.0.1 "GET /v1/nodes/e1369efa-5391-5035-8533-3a065c44a584 HTTP/1.1" status: 200 len: 1832 time: 0.0317142
2017-03-30 07:16:32.072 2049 INFO eventlet.wsgi.server [req-f76beff2-515f-425e-8647-58fd85fe21b6 - - - - -] 127.0.0.1 "GET /v1/nodes/c1a56cb3-fcef-59d5-8105-7e6815154f70 HTTP/1.1" status: 200 len: 1829 time: 0.0300941
2017-03-30 07:16:32.121 2050 INFO eventlet.wsgi.server [req-72dd3210-6e7d-44af-b743-63eb89b7d235 - - - - -] 127.0.0.1 "GET /v1/nodes/72010e8e-a3bd-519e-92fa-a69484f8298f/ports HTTP/1.1" status: 200 len: 623 time: 0.0288951
2017-03-30 07:16:32.134 2040 INFO eventlet.wsgi.server [req-2fa67dee-0ef0-42ee-adad-f87446171602 - - - - -] 127.0.0.1 "GET /v1/nodes/72010e8e-a3bd-519e-92fa-a69484f8298f HTTP/1.1" status: 200 len: 1752 time: 0.0284169
2017-03-30 07:16:32.148 2050 DEBUG oslo.messaging._drivers.pool [req-19e68530-6734-443b-a52b-05ebf6dbd060 - - - - -] Pool creating new connection create /usr/local/lib/python2.7/dist-packages/oslo_messaging/_drivers/pool.py:143
2017-03-30 07:16:32.149 2050 WARNING oslo_config.cfg [req-19e68530-6734-443b-a52b-05ebf6dbd060 - - - - -] Option "rabbit_userid" from group "DEFAULT" is deprecated. Use option "rabbit_userid" from group "oslo_messaging_rabbit".
2017-03-30 07:16:32.149 2050 WARNING oslo_config.cfg [req-19e68530-6734-443b-a52b-05ebf6dbd060 - - - - -] Option "rabbit_userid" from group "oslo_messaging_rabbit" is deprecated for removal. Its value may be silently ignored in the future.
2017-03-30 07:16:32.150 2050 WARNING oslo_config.cfg [req-19e68530-6734-443b-a52b-05ebf6dbd060 - - - - -] Option "rabbit_password" from group "DEFAULT" is deprecated. Use option "rabbit_password" from group "oslo_messaging_rabbit".
2017-03-30 07:16:32.150 2050 WARNING oslo_config.cfg [req-19e68530-6734-443b-a52b-05ebf6dbd060 - - - - -] Option "rabbit_password" from group "oslo_messaging_rabbit" is deprecated for removal. Its value may be silently ignored in the future.
2017-03-30 07:16:32.153 2050 DEBUG oslo.messaging._drivers.impl_rabbit [req-19e68530-6734-443b-a52b-05ebf6dbd060 - - - - -] [de44b661-1e3d-4d34-9af5-0d5dfa785364] Connecting to AMQP server on localhost:5672 __init__ /usr/local/lib/python2.7/dist-packages/oslo_messaging/_drivers/impl_rabbit.py:597
2017-03-30 07:16:32.162 2050 DEBUG oslo.messaging._drivers.impl_rabbit [req-19e68530-6734-443b-a52b-05ebf6dbd060 - - - - -] [de44b661-1e3d-4d34-9af5-0d5dfa785364] Connected to AMQP server on 127.0.0.1:5672 via [amqp] client with port 46818. __init__ /usr/local/lib/python2.7/dist-packages/oslo_messaging/_drivers/impl_rabbit.py:644
2017-03-30 07:16:32.163 2050 DEBUG oslo.messaging._drivers.impl_rabbit [req-19e68530-6734-443b-a52b-05ebf6dbd060 - - - - -] [de44b661-1e3d-4d34-9af5-0d5dfa785364] Queue.declare: reply_b2b602f50fcd4debbbc73ebf01337c3e declare /usr/local/lib/python2.7/dist-packages/oslo_messaging/_drivers/impl_rabbit.py:303
2017-03-30 07:16:32.168 2050 DEBUG oslo.messaging._drivers.pool [req-19e68530-6734-443b-a52b-05ebf6dbd060 - - - - -] Pool creating new connection create /usr/local/lib/python2.7/dist-packages/oslo_messaging/_drivers/pool.py:143
2017-03-30 07:16:32.168 2050 DEBUG oslo.messaging._drivers.impl_rabbit [req-19e68530-6734-443b-a52b-05ebf6dbd060 - - - - -] [6e338a1f-6de3-48f1-b2c9-bfd9afd0d16d] Connecting to AMQP server on localhost:5672 __init__ /usr/local/lib/python2.7/dist-packages/oslo_messaging/_drivers/impl_rabbit.py:597
2017-03-30 07:16:32.174 2050 DEBUG oslo.messaging._drivers.impl_rabbit [-] Timed out waiting for RPC response: timed out _raise_timeout /usr/local/lib/python2.7/dist-packages/oslo_messaging/_drivers/impl_rabbit.py:1054
2017-03-30 07:16:32.175 2050 DEBUG oslo.messaging._drivers.impl_rabbit [-] Timed out waiting for RPC response: Timeout while waiting on RPC response - topic: "", RPC method: "" info: "" _raise_timeout /usr/local/lib/python2.7/dist-packages/oslo_messaging/_drivers/impl_rabbit.py:1054
2017-03-30 07:16:32.176 2050 DEBUG oslo.messaging._drivers.impl_rabbit [req-19e68530-6734-443b-a52b-05ebf6dbd060 - - - - -] [6e338a1f-6de3-48f1-b2c9-bfd9afd0d16d] Connected to AMQP server on 127.0.0.1:5672 via [amqp] client with port 46820. __init__ /usr/local/lib/python2.7/dist-packages/oslo_messaging/_drivers/impl_rabbit.py:644
2017-03-30 07:16:32.311 2049 DEBUG oslo.messaging._drivers.impl_rabbit [-] Timed out waiting for RPC response: timed out _raise_timeout /usr/local/lib/python2.7/dist-packages/oslo_messaging/_drivers/impl_rabbit.py:1054
2017-03-30 07:16:32.312 2049 DEBUG oslo.messaging._drivers.impl_rabbit [-] Timed out waiting for RPC response: Timeout while waiting on RPC response - topic: "", RPC method: "" info: "" _raise_timeout /usr/local/lib/python2.7/dist-packages/oslo_messaging/_drivers/impl_rabbit.py:1054
2017-03-30 07:16:32.374 2050 INFO eventlet.wsgi.server [req-19e68530-6734-443b-a52b-05ebf6dbd060 - - - - -] 127.0.0.1 "PATCH /v1/nodes/72010e8e-a3bd-519e-92fa-a69484f8298f HTTP/1.1" status: 200 len: 1771 time: 0.2461290
2017-03-30 07:16:32.375 2050 DEBUG oslo.messaging._drivers.impl_rabbit [-] Timed out waiting for RPC response: timed out _raise_timeout /usr/local/lib/python2.7/dist-packages/oslo_messaging/_drivers/impl_rabbit.py:1054
2017-03-30 07:16:32.375 2050 DEBUG oslo.messaging._drivers.impl_rabbit [-] Timed out waiting for RPC response: Timeout while waiting on RPC response - topic: "", RPC method: "" info: "" _raise_timeout /usr/local/lib/python2.7/dist-packages/oslo_messaging/_drivers/impl_rabbit.py:1054
2017-03-30 07:16:32.658 2050 INFO eventlet.wsgi.server [req-0e316ade-f7a2-4c5a-9c23-12fc07f41655 - - - - -] 127.0.0.1 "PATCH /v1/nodes/72010e8e-a3bd-519e-92fa-a69484f8298f HTTP/1.1" status: 200 len: 1821 time: 0.2775500
2017-03-30 07:16:32.659 2050 DEBUG oslo.messaging._drivers.impl_rabbit [-] Timed out waiting for RPC response: timed out _raise_timeout /usr/local/lib/python2.7/dist-packages/oslo_messaging/_drivers/impl_rabbit.py:1054
2017-03-30 07:16:32.660 2050 DEBUG oslo.messaging._drivers.impl_rabbit [-] Timed out waiting for RPC response: Timeout while waiting on RPC response - topic: "", RPC method: "" info: "" _raise_timeout /usr/local/lib/python2.7/dist-packages/oslo_messaging/_drivers/impl_rabbit.py:1054
2017-03-30 07:16:32.706 2049 WARNING ironic.objects.base [req-36ffd372-def8-49c4-ab40-0ee649f0f44d - - - - -] Entity power off was not serialized.
2017-03-30 07:16:32.837 2049 INFO eventlet.wsgi.server [req-36ffd372-def8-49c4-ab40-0ee649f0f44d - - - - -] 127.0.0.1 "PUT /v1/nodes/72010e8e-a3bd-519e-92fa-a69484f8298f/states/power HTTP/1.1" status: 202 len: 384 time: 0.1520159
2017-03-30 07:16:32.837 2049 DEBUG oslo.messaging._drivers.impl_rabbit [-] Timed out waiting for RPC response: timed out _raise_timeout /usr/local/lib/python2.7/dist-packages/oslo_messaging/_drivers/impl_rabbit.py:1054
2017-03-30 07:16:32.838 2049 DEBUG oslo.messaging._drivers.impl_rabbit [-] Timed out waiting for RPC response: Timeout while waiting on RPC response - topic: "", RPC method: "" info: "" _raise_timeout /usr/local/lib/python2.7/dist-packages/oslo_messaging/_drivers/impl_rabbit.py:1054
2017-03-30 07:16:33.519 2041 DEBUG oslo.messaging._drivers.impl_rabbit [-] Timed out waiting for RPC response: timed out _raise_timeout /usr/local/lib/python2.7/dist-packages/oslo_messaging/_drivers/impl_rabbit.py:1054
2017-03-30 07:16:33.521 2041 DEBUG oslo.messaging._drivers.impl_rabbit [-] Timed out waiting for RPC response: Timeout while waiting on RPC response - topic: "", RPC method: "" info: "" _raise_timeout /usr/local/lib/python2.7/dist-packages/oslo_messaging/_drivers/impl_rabbit.py:1054
2017-03-30 07:16:33.661 2050 DEBUG oslo.messaging._drivers.impl_rabbit [-] Timed out waiting for RPC response: timed out _raise_timeout /usr/local/lib/python2.7/dist-packages/oslo_messaging/_drivers/impl_rabbit.py:1054
2017-03-30 07:16:33.662 2050 DEBUG oslo.messaging._drivers.impl_rabbit [-] Timed out waiting for RPC response: Timeout while waiting on RPC response - topic: "", RPC method: "" info: "" _raise_timeout /usr/local/lib/python2.7/dist-packages/oslo_messaging/_drivers/impl_rabbit.py:1054
2017-03-30 07:16:33.839 2049 DEBUG oslo.messaging._drivers.impl_rabbit [-] Timed out waiting for RPC response: timed out _raise_timeout /usr/local/lib/python2.7/dist-packages/oslo_messaging/_drivers/impl_rabbit.py:1054
2017-03-30 07:16:33.839 2049 DEBUG oslo.messaging._drivers.impl_rabbit [-] Timed out waiting for RPC response: Timeout while waiting on RPC response - topic: "", RPC method: "" info: "" _raise_timeout /usr/local/lib/python2.7/dist-packages/oslo_messaging/_drivers/impl_rabbit.py:1054
2017-03-30 07:16:34.102 2049 INFO eventlet.wsgi.server [req-a0835cfb-1305-4a55-b491-cd65b45fe12e - - - - -] 127.0.0.1 "GET /v1/nodes/c1a56cb3-fcef-59d5-8105-7e6815154f70 HTTP/1.1" status: 200 len: 1829 time: 0.0254521
2017-03-30 07:16:34.102 2036 INFO eventlet.wsgi.server [req-0d6a750d-7ff3-4cb7-817f-4a76b82a1b77 - - - - -] 127.0.0.1 "GET /v1/nodes/e1369efa-5391-5035-8533-3a065c44a584 HTTP/1.1" status: 200 len: 1832 time: 0.0292959
2017-03-30 07:16:34.167 2040 INFO eventlet.wsgi.server [req-fa3e9022-39ac-4f03-a2b0-dd7eef736f7b - - - - -] 127.0.0.1 "GET /v1/nodes/72010e8e-a3bd-519e-92fa-a69484f8298f HTTP/1.1" status: 200 len: 1829 time: 0.0285249
2017-03-30 07:16:35.666 2050 DEBUG oslo.messaging._drivers.impl_rabbit [-] Timed out waiting for RPC response: timed out _raise_timeout /usr/local/lib/python2.7/dist-packages/oslo_messaging/_drivers/impl_rabbit.py:1054
2017-03-30 07:16:35.667 2050 DEBUG oslo.messaging._drivers.impl_rabbit [-] Timed out waiting for RPC response: Timeout while waiting on RPC response - topic: "", RPC method: "" info: "" _raise_timeout /usr/local/lib/python2.7/dist-packages/oslo_messaging/_drivers/impl_rabbit.py:1054
2017-03-30 07:16:35.842 2049 DEBUG oslo.messaging._drivers.impl_rabbit [-] Timed out waiting for RPC response: timed out _raise_timeout /usr/local/lib/python2.7/dist-packages/oslo_messaging/_drivers/impl_rabbit.py:1054
2017-03-30 07:16:35.843 2049 DEBUG oslo.messaging._drivers.impl_rabbit [-] Timed out waiting for RPC response: Timeout while waiting on RPC response - topic: "", RPC method: "" info: "" _raise_timeout /usr/local/lib/python2.7/dist-packages/oslo_messaging/_drivers/impl_rabbit.py:1054
2017-03-30 07:16:36.137 2049 INFO eventlet.wsgi.server [req-64475ac5-af13-49e2-8f05-953c646d851d - - - - -] 127.0.0.1 "GET /v1/nodes/c1a56cb3-fcef-59d5-8105-7e6815154f70 HTTP/1.1" status: 200 len: 1829 time: 0.0284200
2017-03-30 07:16:36.137 2036 INFO eventlet.wsgi.server [req-4461f219-4635-47e8-a5b4-8345601157a8 - - - - -] 127.0.0.1 "GET /v1/nodes/e1369efa-5391-5035-8533-3a065c44a584 HTTP/1.1" status: 200 len: 1832 time: 0.0291929
2017-03-30 07:16:36.200 2040 INFO eventlet.wsgi.server [req-c72d694b-6c55-4eb9-ad79-ea66cde1c306 - - - - -] 127.0.0.1 "GET /v1/nodes/72010e8e-a3bd-519e-92fa-a69484f8298f HTTP/1.1" status: 200 len: 1829 time: 0.0274060
2017-03-30 07:16:36.949 2040 DEBUG oslo.messaging._drivers.impl_rabbit [-] Timed out waiting for RPC response: timed out _raise_timeout /usr/local/lib/python2.7/dist-packages/oslo_messaging/_drivers/impl_rabbit.py:1054
2017-03-30 07:16:36.950 2040 DEBUG oslo.messaging._drivers.impl_rabbit [-] Timed out waiting for RPC response: Timeout while waiting on RPC response - topic: "", RPC method: "" info: "" _raise_timeout /usr/local/lib/python2.7/dist-packages/oslo_messaging/_drivers/impl_rabbit.py:1054
2017-03-30 07:16:37.013 2036 DEBUG oslo.messaging._drivers.impl_rabbit [-] Timed out waiting for RPC response: timed out _raise_timeout /usr/local/lib/python2.7/dist-packages/oslo_messaging/_drivers/impl_rabbit.py:1054
2017-03-30 07:16:37.013 2036 DEBUG oslo.messaging._drivers.impl_rabbit [-] Timed out waiting for RPC response: Timeout while waiting on RPC response - topic: "", RPC method: "" info: "" _raise_timeout /usr/local/lib/python2.7/dist-packages/oslo_messaging/_drivers/impl_rabbit.py:1054
2017-03-30 07:16:37.530 2041 DEBUG oslo.messaging._drivers.impl_rabbit [-] Timed out waiting for RPC response: timed out _raise_timeout /usr/local/lib/python2.7/dist-packages/oslo_messaging/_drivers/impl_rabbit.py:1054
2017-03-30 07:16:37.531 2041 DEBUG oslo.messaging._drivers.impl_rabbit [-] Timed out waiting for RPC response: Timeout while waiting on RPC response - topic: "", RPC method: "" info: "" _raise_timeout /usr/local/lib/python2.7/dist-packages/oslo_messaging/_drivers/impl_rabbit.py:1054
2017-03-30 07:16:38.169 2049 INFO eventlet.wsgi.server [req-ff90d42e-39f6-4929-81c8-8a13eef1b73a - - - - -] 127.0.0.1 "GET /v1/nodes/c1a56cb3-fcef-59d5-8105-7e6815154f70 HTTP/1.1" status: 200 len: 1829 time: 0.0265558
2017-03-30 07:16:38.169 2036 INFO eventlet.wsgi.server [req-5baf92cf-f793-49f2-b3bd-2de3c665d202 - - - - -] 127.0.0.1 "GET /v1/nodes/e1369efa-5391-5035-8533-3a065c44a584 HTTP/1.1" status: 200 len: 1832 time: 0.0275941
2017-03-30 07:16:38.235 2040 INFO eventlet.wsgi.server [req-8c521273-e925-48dc-83aa-68ed2e20612c - - - - -] 127.0.0.1 "GET /v1/nodes/72010e8e-a3bd-519e-92fa-a69484f8298f HTTP/1.1" status: 200 len: 1829 time: 0.0289841
2017-03-30 07:16:39.672 2050 DEBUG oslo.messaging._drivers.impl_rabbit [-] Timed out waiting for RPC response: timed out _raise_timeout /usr/local/lib/python2.7/dist-packages/oslo_messaging/_drivers/impl_rabbit.py:1054
2017-03-30 07:16:39.673 2050 DEBUG oslo.messaging._drivers.impl_rabbit [-] Timed out waiting for RPC response: Timeout while waiting on RPC response - topic: "", RPC method: "" info: "" _raise_timeout /usr/local/lib/python2.7/dist-packages/oslo_messaging/_drivers/impl_rabbit.py:1054
2017-03-30 07:16:39.846 2049 DEBUG oslo.messaging._drivers.impl_rabbit [-] Timed out waiting for RPC response: timed out _raise_timeout /usr/local/lib/python2.7/dist-packages/oslo_messaging/_drivers/impl_rabbit.py:1054
2017-03-30 07:16:39.847 2049 DEBUG oslo.messaging._drivers.impl_rabbit [-] Timed out waiting for RPC response: Timeout while waiting on RPC response - topic: "", RPC method: "" info: "" _raise_timeout /usr/local/lib/python2.7/dist-packages/oslo_messaging/_drivers/impl_rabbit.py:1054
2017-03-30 07:16:40.201 2049 INFO eventlet.wsgi.server [req-c5f7bee4-6dbf-45e0-ab79-4c9f2edfc952 - - - - -] 127.0.0.1 "GET /v1/nodes/c1a56cb3-fcef-59d5-8105-7e6815154f70 HTTP/1.1" status: 200 len: 1829 time: 0.0256288
2017-03-30 07:16:40.204 2036 INFO eventlet.wsgi.server [req-876720c5-0c4f-4c4f-a3cc-4d377757def1 - - - - -] 127.0.0.1 "GET /v1/nodes/e1369efa-5391-5035-8533-3a065c44a584 HTTP/1.1" status: 200 len: 1832 time: 0.0292902
2017-03-30 07:16:40.259 2040 INFO eventlet.wsgi.server [req-66ff40bb-6f93-4f26-a771-cd86d66acefa - - - - -] 127.0.0.1 "GET /v1/nodes/72010e8e-a3bd-519e-92fa-a69484f8298f HTTP/1.1" status: 200 len: 1829 time: 0.0199389
2017-03-30 07:16:42.240 2049 INFO eventlet.wsgi.server [req-fbe538fd-0d7a-492e-a58d-8b58eb4b9f9d - - - - -] 127.0.0.1 "GET /v1/nodes/c1a56cb3-fcef-59d5-8105-7e6815154f70 HTTP/1.1" status: 200 len: 1829 time: 0.0317669
2017-03-30 07:16:42.242 2036 INFO eventlet.wsgi.server [req-89e30d94-b6fd-4988-a080-a4efc68cc570 - - - - -] 127.0.0.1 "GET /v1/nodes/e1369efa-5391-5035-8533-3a065c44a584 HTTP/1.1" status: 200 len: 1806 time: 0.0318060
2017-03-30 07:16:42.292 2040 INFO eventlet.wsgi.server [req-8eb5c5d1-ab40-426b-b62f-e75726125c3a - - - - -] 127.0.0.1 "GET /v1/nodes/72010e8e-a3bd-519e-92fa-a69484f8298f HTTP/1.1" status: 200 len: 1829 time: 0.0277090
2017-03-30 07:16:44.277 2036 INFO eventlet.wsgi.server [req-931e17fc-e5ff-4723-9a9b-a1d9d22118ba - - - - -] 127.0.0.1 "GET /v1/nodes/e1369efa-5391-5035-8533-3a065c44a584 HTTP/1.1" status: 200 len: 1806 time: 0.0281370
2017-03-30 07:16:44.278 2049 INFO eventlet.wsgi.server [req-3c31f133-7baa-49ab-b0b6-7b888ccaa871 - - - - -] 127.0.0.1 "GET /v1/nodes/c1a56cb3-fcef-59d5-8105-7e6815154f70 HTTP/1.1" status: 200 len: 1829 time: 0.0308189
2017-03-30 07:16:44.323 2040 INFO eventlet.wsgi.server [req-ae1d4410-78d8-4b81-a992-82623d2874b5 - - - - -] 127.0.0.1 "GET /v1/nodes/72010e8e-a3bd-519e-92fa-a69484f8298f HTTP/1.1" status: 200 len: 1829 time: 0.0257461
2017-03-30 07:16:45.539 2041 DEBUG oslo.messaging._drivers.impl_rabbit [-] Timed out waiting for RPC response: timed out _raise_timeout /usr/local/lib/python2.7/dist-packages/oslo_messaging/_drivers/impl_rabbit.py:1054
2017-03-30 07:16:45.540 2041 DEBUG oslo.messaging._drivers.impl_rabbit [-] Timed out waiting for RPC response: Timeout while waiting on RPC response - topic: "", RPC method: "" info: "" _raise_timeout /usr/local/lib/python2.7/dist-packages/oslo_messaging/_drivers/impl_rabbit.py:1054
2017-03-30 07:16:46.311 2049 INFO eventlet.wsgi.server [req-dd6c7287-0ee1-41e8-ad1a-69080139fbec - - - - -] 127.0.0.1 "GET /v1/nodes/c1a56cb3-fcef-59d5-8105-7e6815154f70 HTTP/1.1" status: 200 len: 1803 time: 0.0280242
2017-03-30 07:16:46.311 2036 INFO eventlet.wsgi.server [req-db66337f-241a-4043-8eb9-846174678a0c - - - - -] 127.0.0.1 "GET /v1/nodes/e1369efa-5391-5035-8533-3a065c44a584 HTTP/1.1" status: 200 len: 1806 time: 0.0271039
2017-03-30 07:16:46.351 2040 INFO eventlet.wsgi.server [req-90881577-b0b3-4704-836b-e7f050643c7a - - - - -] 127.0.0.1 "GET /v1/nodes/72010e8e-a3bd-519e-92fa-a69484f8298f HTTP/1.1" status: 200 len: 1803 time: 0.0239890
2017-03-30 07:16:47.675 2050 DEBUG oslo.messaging._drivers.impl_rabbit [-] Timed out waiting for RPC response: timed out _raise_timeout /usr/local/lib/python2.7/dist-packages/oslo_messaging/_drivers/impl_rabbit.py:1054
2017-03-30 07:16:47.676 2050 DEBUG oslo.messaging._drivers.impl_rabbit [-] Timed out waiting for RPC response: Timeout while waiting on RPC response - topic: "", RPC method: "" info: "" _raise_timeout /usr/local/lib/python2.7/dist-packages/oslo_messaging/_drivers/impl_rabbit.py:1054
2017-03-30 07:16:47.849 2049 DEBUG oslo.messaging._drivers.impl_rabbit [-] Timed out waiting for RPC response: timed out _raise_timeout /usr/local/lib/python2.7/dist-packages/oslo_messaging/_drivers/impl_rabbit.py:1054
2017-03-30 07:16:47.850 2049 DEBUG oslo.messaging._drivers.impl_rabbit [-] Timed out waiting for RPC response: Timeout while waiting on RPC response - topic: "", RPC method: "" info: "" _raise_timeout /usr/local/lib/python2.7/dist-packages/oslo_messaging/_drivers/impl_rabbit.py:1054
2017-03-30 07:16:48.346 2049 INFO eventlet.wsgi.server [req-cfb391a5-7b09-48fc-a319-e5eea4ea52c0 - - - - -] 127.0.0.1 "GET /v1/nodes/c1a56cb3-fcef-59d5-8105-7e6815154f70 HTTP/1.1" status: 200 len: 1803 time: 0.0289898
2017-03-30 07:16:48.347 2036 INFO eventlet.wsgi.server [req-ec95e44c-0d77-4d1d-8103-5855080ceca6 - - - - -] 127.0.0.1 "GET /v1/nodes/e1369efa-5391-5035-8533-3a065c44a584 HTTP/1.1" status: 200 len: 1806 time: 0.0291140
2017-03-30 07:16:48.382 2040 INFO eventlet.wsgi.server [req-e2c049c4-55e1-4c2a-8895-01459e4f048d - - - - -] 127.0.0.1 "GET /v1/nodes/72010e8e-a3bd-519e-92fa-a69484f8298f HTTP/1.1" status: 200 len: 1803 time: 0.0261600
2017-03-30 07:16:50.382 2049 INFO eventlet.wsgi.server [req-8b1faab7-d172-4af5-a669-258c501c5a20 - - - - -] 127.0.0.1 "GET /v1/nodes/c1a56cb3-fcef-59d5-8105-7e6815154f70 HTTP/1.1" status: 200 len: 1803 time: 0.0282161
2017-03-30 07:16:50.383 2036 INFO eventlet.wsgi.server [req-c62b1868-0c1e-4f02-a3f8-7a9184bb107b - - - - -] 127.0.0.1 "GET /v1/nodes/e1369efa-5391-5035-8533-3a065c44a584 HTTP/1.1" status: 200 len: 1806 time: 0.0287399
2017-03-30 07:16:50.418 2040 INFO eventlet.wsgi.server [req-b36d0774-dbc1-4410-8b74-31e6144324a5 - - - - -] 127.0.0.1 "GET /v1/nodes/72010e8e-a3bd-519e-92fa-a69484f8298f HTTP/1.1" status: 200 len: 1803 time: 0.0293980
2017-03-30 07:16:52.419 2036 INFO eventlet.wsgi.server [req-b554a1bc-a992-48d6-aa00-4b3208c6a85b - - - - -] 127.0.0.1 "GET /v1/nodes/e1369efa-5391-5035-8533-3a065c44a584 HTTP/1.1" status: 200 len: 1806 time: 0.0299940
2017-03-30 07:16:52.419 2049 INFO eventlet.wsgi.server [req-cd90982a-8026-49ad-8a1e-1686149758e4 - - - - -] 127.0.0.1 "GET /v1/nodes/c1a56cb3-fcef-59d5-8105-7e6815154f70 HTTP/1.1" status: 200 len: 1803 time: 0.0304530
2017-03-30 07:16:52.451 2040 INFO eventlet.wsgi.server [req-ff3e5b95-4701-4ffa-885b-df026b17808b - - - - -] 127.0.0.1 "GET /v1/nodes/72010e8e-a3bd-519e-92fa-a69484f8298f HTTP/1.1" status: 200 len: 1803 time: 0.0286360
2017-03-30 07:16:54.451 2049 INFO eventlet.wsgi.server [req-4c474801-0f41-4664-84b2-8e533f5f8078 - - - - -] 127.0.0.1 "GET /v1/nodes/c1a56cb3-fcef-59d5-8105-7e6815154f70 HTTP/1.1" status: 200 len: 1803 time: 0.0268800
2017-03-30 07:16:54.451 2036 INFO eventlet.wsgi.server [req-bb833098-21fc-44ba-b7cd-98c8abb76f5e - - - - -] 127.0.0.1 "GET /v1/nodes/e1369efa-5391-5035-8533-3a065c44a584 HTTP/1.1" status: 200 len: 1806 time: 0.0277600
2017-03-30 07:16:54.485 2040 INFO eventlet.wsgi.server [req-4a1d2461-830a-47f5-a175-91e6c2fba5da - - - - -] 127.0.0.1 "GET /v1/nodes/72010e8e-a3bd-519e-92fa-a69484f8298f HTTP/1.1" status: 200 len: 1803 time: 0.0284190
2017-03-30 07:16:56.487 2049 INFO eventlet.wsgi.server [req-67c6e17c-3b1a-47a7-b482-8a07cba34628 - - - - -] 127.0.0.1 "GET /v1/nodes/c1a56cb3-fcef-59d5-8105-7e6815154f70 HTTP/1.1" status: 200 len: 1803 time: 0.0303051
2017-03-30 07:16:56.488 2036 INFO eventlet.wsgi.server [req-2b1dda76-7a44-4bbb-9ca0-b033925dc7be - - - - -] 127.0.0.1 "GET /v1/nodes/e1369efa-5391-5035-8533-3a065c44a584 HTTP/1.1" status: 200 len: 1806 time: 0.0309610
2017-03-30 07:16:56.519 2040 INFO eventlet.wsgi.server [req-a84e92a8-516a-4eec-a2c2-4545633c6ca3 - - - - -] 127.0.0.1 "GET /v1/nodes/72010e8e-a3bd-519e-92fa-a69484f8298f HTTP/1.1" status: 200 len: 1803 time: 0.0295019
2017-03-30 07:16:58.469 2038 DEBUG oslo.messaging._drivers.impl_rabbit [-] Timed out waiting for RPC response: timed out _raise_timeout /usr/local/lib/python2.7/dist-packages/oslo_messaging/_drivers/impl_rabbit.py:1054
2017-03-30 07:16:58.470 2038 DEBUG oslo.messaging._drivers.impl_rabbit [-] Timed out waiting for RPC response: Timeout while waiting on RPC response - topic: "", RPC method: "" info: "" _raise_timeout /usr/local/lib/python2.7/dist-packages/oslo_messaging/_drivers/impl_rabbit.py:1054
2017-03-30 07:16:58.521 2036 INFO eventlet.wsgi.server [req-401f4cc1-9db7-4a74-948b-5c5e25f99c60 - - - - -] 127.0.0.1 "GET /v1/nodes/e1369efa-5391-5035-8533-3a065c44a584 HTTP/1.1" status: 200 len: 1806 time: 0.0283022
2017-03-30 07:16:58.521 2049 INFO eventlet.wsgi.server [req-52c48ee5-5e85-4a46-b901-a57ce190b98d - - - - -] 127.0.0.1 "GET /v1/nodes/c1a56cb3-fcef-59d5-8105-7e6815154f70 HTTP/1.1" status: 200 len: 1803 time: 0.0277309
2017-03-30 07:16:58.553 2040 INFO eventlet.wsgi.server [req-dfb7014f-1e34-4dc0-8518-fca83a56d54b - - - - -] 127.0.0.1 "GET /v1/nodes/72010e8e-a3bd-519e-92fa-a69484f8298f HTTP/1.1" status: 200 len: 1803 time: 0.0286620
2017-03-30 07:16:58.755 2047 DEBUG oslo.messaging._drivers.impl_rabbit [-] Timed out waiting for RPC response: timed out _raise_timeout /usr/local/lib/python2.7/dist-packages/oslo_messaging/_drivers/impl_rabbit.py:1054
2017-03-30 07:16:58.755 2047 DEBUG oslo.messaging._drivers.impl_rabbit [-] Timed out waiting for RPC response: Timeout while waiting on RPC response - topic: "", RPC method: "" info: "" _raise_timeout /usr/local/lib/python2.7/dist-packages/oslo_messaging/_drivers/impl_rabbit.py:1054
2017-03-30 07:16:58.973 2043 DEBUG oslo.messaging._drivers.impl_rabbit [-] Timed out waiting for RPC response: timed out _raise_timeout /usr/local/lib/python2.7/dist-packages/oslo_messaging/_drivers/impl_rabbit.py:1054
2017-03-30 07:16:58.974 2043 DEBUG oslo.messaging._drivers.impl_rabbit [-] Timed out waiting for RPC response: Timeout while waiting on RPC response - topic: "", RPC method: "" info: "" _raise_timeout /usr/local/lib/python2.7/dist-packages/oslo_messaging/_drivers/impl_rabbit.py:1054
2017-03-30 07:16:59.472 2038 DEBUG oslo.messaging._drivers.impl_rabbit [-] Timed out waiting for RPC response: timed out _raise_timeout /usr/local/lib/python2.7/dist-packages/oslo_messaging/_drivers/impl_rabbit.py:1054
2017-03-30 07:16:59.473 2038 DEBUG oslo.messaging._drivers.impl_rabbit [-] Timed out waiting for RPC response: Timeout while waiting on RPC response - topic: "", RPC method: "" info: "" _raise_timeout /usr/local/lib/python2.7/dist-packages/oslo_messaging/_drivers/impl_rabbit.py:1054
2017-03-30 07:16:59.757 2047 DEBUG oslo.messaging._drivers.impl_rabbit [-] Timed out waiting for RPC response: timed out _raise_timeout /usr/local/lib/python2.7/dist-packages/oslo_messaging/_drivers/impl_rabbit.py:1054
2017-03-30 07:16:59.758 2047 DEBUG oslo.messaging._drivers.impl_rabbit [-] Timed out waiting for RPC response: Timeout while waiting on RPC response - topic: "", RPC method: "" info: "" _raise_timeout /usr/local/lib/python2.7/dist-packages/oslo_messaging/_drivers/impl_rabbit.py:1054
2017-03-30 07:16:59.976 2043 DEBUG oslo.messaging._drivers.impl_rabbit [-] Timed out waiting for RPC response: timed out _raise_timeout /usr/local/lib/python2.7/dist-packages/oslo_messaging/_drivers/impl_rabbit.py:1054
2017-03-30 07:16:59.976 2043 DEBUG oslo.messaging._drivers.impl_rabbit [-] Timed out waiting for RPC response: Timeout while waiting on RPC response - topic: "", RPC method: "" info: "" _raise_timeout /usr/local/lib/python2.7/dist-packages/oslo_messaging/_drivers/impl_rabbit.py:1054
2017-03-30 07:17:00.552 2049 INFO eventlet.wsgi.server [req-324385cd-bd9a-4f84-b93d-720b254c259c - - - - -] 127.0.0.1 "GET /v1/nodes/c1a56cb3-fcef-59d5-8105-7e6815154f70 HTTP/1.1" status: 200 len: 1803 time: 0.0237300
2017-03-30 07:17:00.556 2036 INFO eventlet.wsgi.server [req-4bc2ff53-706b-48c3-a389-af9bb4ce57a4 - - - - -] 127.0.0.1 "GET /v1/nodes/e1369efa-5391-5035-8533-3a065c44a584 HTTP/1.1" status: 200 len: 1806 time: 0.0293159
2017-03-30 07:17:00.587 2040 INFO eventlet.wsgi.server [req-705a1a53-812b-4ca8-8a8a-ba5751bfe7c7 - - - - -] 127.0.0.1 "GET /v1/nodes/72010e8e-a3bd-519e-92fa-a69484f8298f HTTP/1.1" status: 200 len: 1803 time: 0.0273709
2017-03-30 07:17:01.475 2038 DEBUG oslo.messaging._drivers.impl_rabbit [-] Timed out waiting for RPC response: timed out _raise_timeout /usr/local/lib/python2.7/dist-packages/oslo_messaging/_drivers/impl_rabbit.py:1054
2017-03-30 07:17:01.476 2038 DEBUG oslo.messaging._drivers.impl_rabbit [-] Timed out waiting for RPC response: Timeout while waiting on RPC response - topic: "", RPC method: "" info: "" _raise_timeout /usr/local/lib/python2.7/dist-packages/oslo_messaging/_drivers/impl_rabbit.py:1054
2017-03-30 07:17:01.542 2041 DEBUG oslo.messaging._drivers.impl_rabbit [-] Timed out waiting for RPC response: timed out _raise_timeout /usr/local/lib/python2.7/dist-packages/oslo_messaging/_drivers/impl_rabbit.py:1054
2017-03-30 07:17:01.542 2041 DEBUG oslo.messaging._drivers.impl_rabbit [-] Timed out waiting for RPC response: Timeout while waiting on RPC response - topic: "", RPC method: "" info: "" _raise_timeout /usr/local/lib/python2.7/dist-packages/oslo_messaging/_drivers/impl_rabbit.py:1054
2017-03-30 07:17:01.761 2047 DEBUG oslo.messaging._drivers.impl_rabbit [-] Timed out waiting for RPC response: timed out _raise_timeout /usr/local/lib/python2.7/dist-packages/oslo_messaging/_drivers/impl_rabbit.py:1054
2017-03-30 07:17:01.762 2047 DEBUG oslo.messaging._drivers.impl_rabbit [-] Timed out waiting for RPC response: Timeout while waiting on RPC response - topic: "", RPC method: "" info: "" _raise_timeout /usr/local/lib/python2.7/dist-packages/oslo_messaging/_drivers/impl_rabbit.py:1054
2017-03-30 07:17:01.979 2043 DEBUG oslo.messaging._drivers.impl_rabbit [-] Timed out waiting for RPC response: timed out _raise_timeout /usr/local/lib/python2.7/dist-packages/oslo_messaging/_drivers/impl_rabbit.py:1054
2017-03-30 07:17:01.980 2043 DEBUG oslo.messaging._drivers.impl_rabbit [-] Timed out waiting for RPC response: Timeout while waiting on RPC response - topic: "", RPC method: "" info: "" _raise_timeout /usr/local/lib/python2.7/dist-packages/oslo_messaging/_drivers/impl_rabbit.py:1054
2017-03-30 07:17:02.587 2049 INFO eventlet.wsgi.server [req-38725a06-aa43-4e4a-8df2-bcb62050c95c - - - - -] 127.0.0.1 "GET /v1/nodes/c1a56cb3-fcef-59d5-8105-7e6815154f70 HTTP/1.1" status: 200 len: 1803 time: 0.0277171
2017-03-30 07:17:02.594 2036 INFO eventlet.wsgi.server [req-7cc91cbc-7791-4344-b291-d5d43ea6942b - - - - -] 127.0.0.1 "GET /v1/nodes/e1369efa-5391-5035-8533-3a065c44a584 HTTP/1.1" status: 200 len: 1806 time: 0.0316639
2017-03-30 07:17:02.621 2040 INFO eventlet.wsgi.server [req-42e460ef-0921-4515-9e94-f2188615019d - - - - -] 127.0.0.1 "GET /v1/nodes/72010e8e-a3bd-519e-92fa-a69484f8298f HTTP/1.1" status: 200 len: 1803 time: 0.0288820
2017-03-30 07:17:03.678 2050 DEBUG oslo.messaging._drivers.impl_rabbit [-] Timed out waiting for RPC response: timed out _raise_timeout /usr/local/lib/python2.7/dist-packages/oslo_messaging/_drivers/impl_rabbit.py:1054
2017-03-30 07:17:03.679 2050 DEBUG oslo.messaging._drivers.impl_rabbit [-] Timed out waiting for RPC response: Timeout while waiting on RPC response - topic: "", RPC method: "" info: "" _raise_timeout /usr/local/lib/python2.7/dist-packages/oslo_messaging/_drivers/impl_rabbit.py:1054
2017-03-30 07:17:03.852 2049 DEBUG oslo.messaging._drivers.impl_rabbit [-] Timed out waiting for RPC response: timed out _raise_timeout /usr/local/lib/python2.7/dist-packages/oslo_messaging/_drivers/impl_rabbit.py:1054
2017-03-30 07:17:03.852 2049 DEBUG oslo.messaging._drivers.impl_rabbit [-] Timed out waiting for RPC response: Timeout while waiting on RPC response - topic: "", RPC method: "" info: "" _raise_timeout /usr/local/lib/python2.7/dist-packages/oslo_messaging/_drivers/impl_rabbit.py:1054
2017-03-30 07:17:04.624 2049 INFO eventlet.wsgi.server [req-b592fec5-ab11-4769-82e7-7caa2c4ef1ba - - - - -] 127.0.0.1 "GET /v1/nodes/c1a56cb3-fcef-59d5-8105-7e6815154f70 HTTP/1.1" status: 200 len: 1803 time: 0.0300791
2017-03-30 07:17:04.624 2036 INFO eventlet.wsgi.server [req-73df962b-4e6c-4524-bd46-46e6195bbe69 - - - - -] 127.0.0.1 "GET /v1/nodes/e1369efa-5391-5035-8533-3a065c44a584 HTTP/1.1" status: 200 len: 1806 time: 0.0267291
2017-03-30 07:17:04.653 2040 INFO eventlet.wsgi.server [req-245f8951-dd14-4187-b60a-5cc35965fd88 - - - - -] 127.0.0.1 "GET /v1/nodes/72010e8e-a3bd-519e-92fa-a69484f8298f HTTP/1.1" status: 200 len: 1803 time: 0.0273688
2017-03-30 07:17:05.481 2038 DEBUG oslo.messaging._drivers.impl_rabbit [-] Timed out waiting for RPC response: timed out _raise_timeout /usr/local/lib/python2.7/dist-packages/oslo_messaging/_drivers/impl_rabbit.py:1054
2017-03-30 07:17:05.482 2038 DEBUG oslo.messaging._drivers.impl_rabbit [-] Timed out waiting for RPC response: Timeout while waiting on RPC response - topic: "", RPC method: "" info: "" _raise_timeout /usr/local/lib/python2.7/dist-packages/oslo_messaging/_drivers/impl_rabbit.py:1054
2017-03-30 07:17:05.767 2047 DEBUG oslo.messaging._drivers.impl_rabbit [-] Timed out waiting for RPC response: timed out _raise_timeout /usr/local/lib/python2.7/dist-packages/oslo_messaging/_drivers/impl_rabbit.py:1054
2017-03-30 07:17:05.768 2047 DEBUG oslo.messaging._drivers.impl_rabbit [-] Timed out waiting for RPC response: Timeout while waiting on RPC response - topic: "", RPC method: "" info: "" _raise_timeout /usr/local/lib/python2.7/dist-packages/oslo_messaging/_drivers/impl_rabbit.py:1054
2017-03-30 07:17:05.870 2049 DEBUG oslo.messaging._drivers.impl_rabbit [-] Timed out waiting for RPC response: timed out _raise_timeout /usr/local/lib/python2.7/dist-packages/oslo_messaging/_drivers/impl_rabbit.py:1054
2017-03-30 07:17:05.871 2049 DEBUG oslo.messaging._drivers.impl_rabbit [-] Timed out waiting for RPC response: Timeout while waiting on RPC response - topic: "", RPC method: "" info: "" _raise_timeout /usr/local/lib/python2.7/dist-packages/oslo_messaging/_drivers/impl_rabbit.py:1054
2017-03-30 07:17:05.936 2040 DEBUG oslo.messaging._drivers.impl_rabbit [-] Timed out waiting for RPC response: timed out _raise_timeout /usr/local/lib/python2.7/dist-packages/oslo_messaging/_drivers/impl_rabbit.py:1054
2017-03-30 07:17:05.936 2040 DEBUG oslo.messaging._drivers.impl_rabbit [-] Timed out waiting for RPC response: Timeout while waiting on RPC response - topic: "", RPC method: "" info: "" _raise_timeout /usr/local/lib/python2.7/dist-packages/oslo_messaging/_drivers/impl_rabbit.py:1054
2017-03-30 07:17:05.985 2043 DEBUG oslo.messaging._drivers.impl_rabbit [-] Timed out waiting for RPC response: timed out _raise_timeout /usr/local/lib/python2.7/dist-packages/oslo_messaging/_drivers/impl_rabbit.py:1054
2017-03-30 07:17:05.986 2043 DEBUG oslo.messaging._drivers.impl_rabbit [-] Timed out waiting for RPC response: Timeout while waiting on RPC response - topic: "", RPC method: "" info: "" _raise_timeout /usr/local/lib/python2.7/dist-packages/oslo_messaging/_drivers/impl_rabbit.py:1054
2017-03-30 07:17:06.001 2036 DEBUG oslo.messaging._drivers.impl_rabbit [-] Timed out waiting for RPC response: timed out _raise_timeout /usr/local/lib/python2.7/dist-packages/oslo_messaging/_drivers/impl_rabbit.py:1054
2017-03-30 07:17:06.001 2036 DEBUG oslo.messaging._drivers.impl_rabbit [-] Timed out waiting for RPC response: Timeout while waiting on RPC response - topic: "", RPC method: "" info: "" _raise_timeout /usr/local/lib/python2.7/dist-packages/oslo_messaging/_drivers/impl_rabbit.py:1054
2017-03-30 07:17:06.657 2049 INFO eventlet.wsgi.server [req-d1ffb36d-d775-417e-b5ae-36527905cbc2 - - - - -] 127.0.0.1 "GET /v1/nodes/c1a56cb3-fcef-59d5-8105-7e6815154f70 HTTP/1.1" status: 200 len: 1803 time: 0.0279541
2017-03-30 07:17:06.658 2036 INFO eventlet.wsgi.server [req-d7a68ceb-8984-429b-b259-c3f1a3d595e3 - - - - -] 127.0.0.1 "GET /v1/nodes/e1369efa-5391-5035-8533-3a065c44a584 HTTP/1.1" status: 200 len: 1806 time: 0.0280740
2017-03-30 07:17:06.686 2040 INFO eventlet.wsgi.server [req-b3aa1292-1f35-4bd9-b8a2-a606c04f67a8 - - - - -] 127.0.0.1 "GET /v1/nodes/72010e8e-a3bd-519e-92fa-a69484f8298f HTTP/1.1" status: 200 len: 1803 time: 0.0281522
2017-03-30 07:17:06.871 2049 DEBUG oslo.messaging._drivers.impl_rabbit [-] Timed out waiting for RPC response: timed out _raise_timeout /usr/local/lib/python2.7/dist-packages/oslo_messaging/_drivers/impl_rabbit.py:1054
2017-03-30 07:17:06.872 2049 DEBUG oslo.messaging._drivers.impl_rabbit [-] Timed out waiting for RPC response: Timeout while waiting on RPC response - topic: "", RPC method: "" info: "" _raise_timeout /usr/local/lib/python2.7/dist-packages/oslo_messaging/_drivers/impl_rabbit.py:1054
2017-03-30 07:17:06.937 2040 DEBUG oslo.messaging._drivers.impl_rabbit [-] Timed out waiting for RPC response: timed out _raise_timeout /usr/local/lib/python2.7/dist-packages/oslo_messaging/_drivers/impl_rabbit.py:1054
2017-03-30 07:17:06.938 2040 DEBUG oslo.messaging._drivers.impl_rabbit [-] Timed out waiting for RPC response: Timeout while waiting on RPC response - topic: "", RPC method: "" info: "" _raise_timeout /usr/local/lib/python2.7/dist-packages/oslo_messaging/_drivers/impl_rabbit.py:1054
2017-03-30 07:17:07.002 2036 DEBUG oslo.messaging._drivers.impl_rabbit [-] Timed out waiting for RPC response: timed out _raise_timeout /usr/local/lib/python2.7/dist-packages/oslo_messaging/_drivers/impl_rabbit.py:1054
2017-03-30 07:17:07.003 2036 DEBUG oslo.messaging._drivers.impl_rabbit [-] Timed out waiting for RPC response: Timeout while waiting on RPC response - topic: "", RPC method: "" info: "" _raise_timeout /usr/local/lib/python2.7/dist-packages/oslo_messaging/_drivers/impl_rabbit.py:1054
2017-03-30 07:17:08.692 2049 INFO eventlet.wsgi.server [req-969bae10-4875-42dd-9eb2-7e1533e578bf - - - - -] 127.0.0.1 "GET /v1/nodes/c1a56cb3-fcef-59d5-8105-7e6815154f70 HTTP/1.1" status: 200 len: 1803 time: 0.0293720
2017-03-30 07:17:08.693 2036 INFO eventlet.wsgi.server [req-8946aa19-5580-4854-b207-3426e64b0b5f - - - - -] 127.0.0.1 "GET /v1/nodes/e1369efa-5391-5035-8533-3a065c44a584 HTTP/1.1" status: 200 len: 1806 time: 0.0293081
2017-03-30 07:17:08.718 2040 INFO eventlet.wsgi.server [req-250457ad-4b0e-4e21-ab4f-a8726090e5f0 - - - - -] 127.0.0.1 "GET /v1/nodes/72010e8e-a3bd-519e-92fa-a69484f8298f HTTP/1.1" status: 200 len: 1803 time: 0.0263290
2017-03-30 07:17:08.873 2049 DEBUG oslo.messaging._drivers.impl_rabbit [-] Timed out waiting for RPC response: timed out _raise_timeout /usr/local/lib/python2.7/dist-packages/oslo_messaging/_drivers/impl_rabbit.py:1054
