2017-03-30 07:39:29.387 26965 DEBUG oslo.messaging._drivers.impl_rabbit [-] Timed out waiting for RPC response: Timeout while waiting on RPC response - topic: "", RPC method: "" info: "" _raise_timeout /usr/local/lib/python2.7/dist-packages/oslo_messaging/_drivers/impl_rabbit.py:1054
2017-03-30 07:39:29.927 26969 DEBUG oslo.messaging._drivers.impl_rabbit [-] Timed out waiting for RPC response: timed out _raise_timeout /usr/local/lib/python2.7/dist-packages/oslo_messaging/_drivers/impl_rabbit.py:1054
2017-03-30 07:39:29.927 26969 DEBUG oslo.messaging._drivers.impl_rabbit [-] Timed out waiting for RPC response: Timeout while waiting on RPC response - topic: "", RPC method: "" info: "" _raise_timeout /usr/local/lib/python2.7/dist-packages/oslo_messaging/_drivers/impl_rabbit.py:1054
2017-03-30 07:39:30.312 26966 DEBUG oslo.messaging._drivers.impl_rabbit [-] Timed out waiting for RPC response: timed out _raise_timeout /usr/local/lib/python2.7/dist-packages/oslo_messaging/_drivers/impl_rabbit.py:1054
2017-03-30 07:39:30.313 26966 DEBUG oslo.messaging._drivers.impl_rabbit [-] Timed out waiting for RPC response: Timeout while waiting on RPC response - topic: "", RPC method: "" info: "" _raise_timeout /usr/local/lib/python2.7/dist-packages/oslo_messaging/_drivers/impl_rabbit.py:1054
2017-03-30 07:39:30.368 26963 INFO eventlet.wsgi.server [req-6f8192bd-b7eb-426d-b271-c8cb3073efc6 - - - - -] 127.0.0.1 "GET /v1/nodes/72010e8e-a3bd-519e-92fa-a69484f8298f HTTP/1.1" status: 200 len: 1752 time: 0.0292630
2017-03-30 07:39:30.388 26965 DEBUG oslo.messaging._drivers.impl_rabbit [-] Timed out waiting for RPC response: timed out _raise_timeout /usr/local/lib/python2.7/dist-packages/oslo_messaging/_drivers/impl_rabbit.py:1054
2017-03-30 07:39:30.388 26965 DEBUG oslo.messaging._drivers.impl_rabbit [-] Timed out waiting for RPC response: Timeout while waiting on RPC response - topic: "", RPC method: "" info: "" _raise_timeout /usr/local/lib/python2.7/dist-packages/oslo_messaging/_drivers/impl_rabbit.py:1054
2017-03-30 07:39:30.393 26963 INFO eventlet.wsgi.server [req-8d37f9a3-dc54-4f4e-813a-5758ebba2b26 - - - - -] 127.0.0.1 "GET /v1/nodes/c1a56cb3-fcef-59d5-8105-7e6815154f70 HTTP/1.1" status: 200 len: 1752 time: 0.0239429
2017-03-30 07:39:30.402 26931 INFO eventlet.wsgi.server [req-c2d32f9b-8da8-4d41-8b7d-19fb5565fb4e - - - - -] 127.0.0.1 "GET /v1/nodes/e1369efa-5391-5035-8533-3a065c44a584 HTTP/1.1" status: 200 len: 1755 time: 0.0269759
2017-03-30 07:39:30.929 26969 DEBUG oslo.messaging._drivers.impl_rabbit [-] Timed out waiting for RPC response: timed out _raise_timeout /usr/local/lib/python2.7/dist-packages/oslo_messaging/_drivers/impl_rabbit.py:1054
2017-03-30 07:39:30.930 26969 DEBUG oslo.messaging._drivers.impl_rabbit [-] Timed out waiting for RPC response: Timeout while waiting on RPC response - topic: "", RPC method: "" info: "" _raise_timeout /usr/local/lib/python2.7/dist-packages/oslo_messaging/_drivers/impl_rabbit.py:1054
2017-03-30 07:39:31.211 26963 DEBUG oslo.messaging._drivers.impl_rabbit [-] Timed out waiting for RPC response: timed out _raise_timeout /usr/local/lib/python2.7/dist-packages/oslo_messaging/_drivers/impl_rabbit.py:1054
2017-03-30 07:39:31.212 26963 DEBUG oslo.messaging._drivers.impl_rabbit [-] Timed out waiting for RPC response: Timeout while waiting on RPC response - topic: "", RPC method: "" info: "" _raise_timeout /usr/local/lib/python2.7/dist-packages/oslo_messaging/_drivers/impl_rabbit.py:1054
2017-03-30 07:39:31.292 26967 DEBUG oslo.messaging._drivers.impl_rabbit [-] Timed out waiting for RPC response: timed out _raise_timeout /usr/local/lib/python2.7/dist-packages/oslo_messaging/_drivers/impl_rabbit.py:1054
2017-03-30 07:39:31.292 26967 DEBUG oslo.messaging._drivers.impl_rabbit [-] Timed out waiting for RPC response: Timeout while waiting on RPC response - topic: "", RPC method: "" info: "" _raise_timeout /usr/local/lib/python2.7/dist-packages/oslo_messaging/_drivers/impl_rabbit.py:1054
2017-03-30 07:39:31.315 26966 DEBUG oslo.messaging._drivers.impl_rabbit [-] Timed out waiting for RPC response: timed out _raise_timeout /usr/local/lib/python2.7/dist-packages/oslo_messaging/_drivers/impl_rabbit.py:1054
2017-03-30 07:39:31.315 26966 DEBUG oslo.messaging._drivers.impl_rabbit [-] Timed out waiting for RPC response: Timeout while waiting on RPC response - topic: "", RPC method: "" info: "" _raise_timeout /usr/local/lib/python2.7/dist-packages/oslo_messaging/_drivers/impl_rabbit.py:1054
2017-03-30 07:39:31.388 26931 DEBUG oslo.messaging._drivers.impl_rabbit [-] Timed out waiting for RPC response: timed out _raise_timeout /usr/local/lib/python2.7/dist-packages/oslo_messaging/_drivers/impl_rabbit.py:1054
2017-03-30 07:39:31.390 26931 DEBUG oslo.messaging._drivers.impl_rabbit [-] Timed out waiting for RPC response: Timeout while waiting on RPC response - topic: "", RPC method: "" info: "" _raise_timeout /usr/local/lib/python2.7/dist-packages/oslo_messaging/_drivers/impl_rabbit.py:1054
2017-03-30 07:39:31.419 26958 DEBUG oslo.messaging._drivers.impl_rabbit [-] Timed out waiting for RPC response: timed out _raise_timeout /usr/local/lib/python2.7/dist-packages/oslo_messaging/_drivers/impl_rabbit.py:1054
2017-03-30 07:39:31.419 26958 DEBUG oslo.messaging._drivers.impl_rabbit [-] Timed out waiting for RPC response: Timeout while waiting on RPC response - topic: "", RPC method: "" info: "" _raise_timeout /usr/local/lib/python2.7/dist-packages/oslo_messaging/_drivers/impl_rabbit.py:1054
2017-03-30 07:39:32.391 26965 DEBUG oslo.messaging._drivers.impl_rabbit [-] Timed out waiting for RPC response: timed out _raise_timeout /usr/local/lib/python2.7/dist-packages/oslo_messaging/_drivers/impl_rabbit.py:1054
2017-03-30 07:39:32.392 26965 DEBUG oslo.messaging._drivers.impl_rabbit [-] Timed out waiting for RPC response: Timeout while waiting on RPC response - topic: "", RPC method: "" info: "" _raise_timeout /usr/local/lib/python2.7/dist-packages/oslo_messaging/_drivers/impl_rabbit.py:1054
2017-03-30 07:39:32.405 26963 INFO eventlet.wsgi.server [req-3e147608-f4d9-4642-af12-de2bd1bd57db - - - - -] 127.0.0.1 "GET /v1/nodes/72010e8e-a3bd-519e-92fa-a69484f8298f HTTP/1.1" status: 200 len: 1752 time: 0.0322261
2017-03-30 07:39:32.433 26963 INFO eventlet.wsgi.server [req-efb3cd21-cec7-4a3f-8e98-781984ab3d41 - - - - -] 127.0.0.1 "GET /v1/nodes/c1a56cb3-fcef-59d5-8105-7e6815154f70 HTTP/1.1" status: 200 len: 1752 time: 0.0267410
2017-03-30 07:39:32.436 26931 INFO eventlet.wsgi.server [req-4b930353-e816-427e-9c70-0e2dbad3e76e - - - - -] 127.0.0.1 "GET /v1/nodes/e1369efa-5391-5035-8533-3a065c44a584 HTTP/1.1" status: 200 len: 1755 time: 0.0284209
2017-03-30 07:39:32.932 26969 DEBUG oslo.messaging._drivers.impl_rabbit [-] Timed out waiting for RPC response: timed out _raise_timeout /usr/local/lib/python2.7/dist-packages/oslo_messaging/_drivers/impl_rabbit.py:1054
2017-03-30 07:39:32.933 26969 DEBUG oslo.messaging._drivers.impl_rabbit [-] Timed out waiting for RPC response: Timeout while waiting on RPC response - topic: "", RPC method: "" info: "" _raise_timeout /usr/local/lib/python2.7/dist-packages/oslo_messaging/_drivers/impl_rabbit.py:1054
2017-03-30 07:39:33.318 26966 DEBUG oslo.messaging._drivers.impl_rabbit [-] Timed out waiting for RPC response: timed out _raise_timeout /usr/local/lib/python2.7/dist-packages/oslo_messaging/_drivers/impl_rabbit.py:1054
2017-03-30 07:39:33.319 26966 DEBUG oslo.messaging._drivers.impl_rabbit [-] Timed out waiting for RPC response: Timeout while waiting on RPC response - topic: "", RPC method: "" info: "" _raise_timeout /usr/local/lib/python2.7/dist-packages/oslo_messaging/_drivers/impl_rabbit.py:1054
2017-03-30 07:39:34.446 26963 INFO eventlet.wsgi.server [req-e0a347b5-35eb-4841-bc02-3cc7a707e39d - - - - -] 127.0.0.1 "GET /v1/nodes/72010e8e-a3bd-519e-92fa-a69484f8298f HTTP/1.1" status: 200 len: 1752 time: 0.0378470
2017-03-30 07:39:34.460 26931 INFO eventlet.wsgi.server [req-d8f0357d-1a81-439d-88de-562a24e43ca0 - - - - -] 127.0.0.1 "GET /v1/nodes/e1369efa-5391-5035-8533-3a065c44a584 HTTP/1.1" status: 200 len: 1755 time: 0.0189040
2017-03-30 07:39:34.473 26963 INFO eventlet.wsgi.server [req-ed2b1c69-dba8-4788-af9f-1351ac640ce4 - - - - -] 127.0.0.1 "GET /v1/nodes/c1a56cb3-fcef-59d5-8105-7e6815154f70 HTTP/1.1" status: 200 len: 1752 time: 0.0255141
2017-03-30 07:39:35.213 26963 DEBUG oslo.messaging._drivers.impl_rabbit [-] Timed out waiting for RPC response: timed out _raise_timeout /usr/local/lib/python2.7/dist-packages/oslo_messaging/_drivers/impl_rabbit.py:1054
2017-03-30 07:39:35.214 26963 DEBUG oslo.messaging._drivers.impl_rabbit [-] Timed out waiting for RPC response: Timeout while waiting on RPC response - topic: "", RPC method: "" info: "" _raise_timeout /usr/local/lib/python2.7/dist-packages/oslo_messaging/_drivers/impl_rabbit.py:1054
2017-03-30 07:39:35.222 26969 INFO eventlet.wsgi.server [req-dcc7ee4d-b062-4ab2-acdf-61dd283dd074 - - - - -] 127.0.0.1 "GET /v1/nodes/72010e8e-a3bd-519e-92fa-a69484f8298f HTTP/1.1" status: 200 len: 1771 time: 0.0318611
2017-03-30 07:39:35.373 26969 INFO eventlet.wsgi.server [req-ccefc99e-1f4f-4f85-b284-8550b8f96b88 - - - - -] 127.0.0.1 "GET /v1/nodes/72010e8e-a3bd-519e-92fa-a69484f8298f/ports HTTP/1.1" status: 200 len: 623 time: 0.0353181
2017-03-30 07:39:35.391 26931 DEBUG oslo.messaging._drivers.impl_rabbit [-] Timed out waiting for RPC response: timed out _raise_timeout /usr/local/lib/python2.7/dist-packages/oslo_messaging/_drivers/impl_rabbit.py:1054
2017-03-30 07:39:35.392 26931 DEBUG oslo.messaging._drivers.impl_rabbit [-] Timed out waiting for RPC response: Timeout while waiting on RPC response - topic: "", RPC method: "" info: "" _raise_timeout /usr/local/lib/python2.7/dist-packages/oslo_messaging/_drivers/impl_rabbit.py:1054
2017-03-30 07:39:35.660 26969 INFO eventlet.wsgi.server [req-5eee8584-8f27-438a-a758-1b796c783c79 - - - - -] 127.0.0.1 "PATCH /v1/nodes/72010e8e-a3bd-519e-92fa-a69484f8298f HTTP/1.1" status: 200 len: 1771 time: 0.2802210
2017-03-30 07:39:35.661 26969 DEBUG oslo.messaging._drivers.impl_rabbit [-] Timed out waiting for RPC response: timed out _raise_timeout /usr/local/lib/python2.7/dist-packages/oslo_messaging/_drivers/impl_rabbit.py:1054
2017-03-30 07:39:35.662 26969 DEBUG oslo.messaging._drivers.impl_rabbit [-] Timed out waiting for RPC response: Timeout while waiting on RPC response - topic: "", RPC method: "" info: "" _raise_timeout /usr/local/lib/python2.7/dist-packages/oslo_messaging/_drivers/impl_rabbit.py:1054
2017-03-30 07:39:35.864 26969 INFO eventlet.wsgi.server [req-be04ee87-04b1-4c23-9475-e688ad27addb - - - - -] 127.0.0.1 "PATCH /v1/nodes/72010e8e-a3bd-519e-92fa-a69484f8298f HTTP/1.1" status: 200 len: 1821 time: 0.1966009
2017-03-30 07:39:35.865 26969 DEBUG oslo.messaging._drivers.impl_rabbit [-] Timed out waiting for RPC response: timed out _raise_timeout /usr/local/lib/python2.7/dist-packages/oslo_messaging/_drivers/impl_rabbit.py:1054
2017-03-30 07:39:35.865 26969 DEBUG oslo.messaging._drivers.impl_rabbit [-] Timed out waiting for RPC response: Timeout while waiting on RPC response - topic: "", RPC method: "" info: "" _raise_timeout /usr/local/lib/python2.7/dist-packages/oslo_messaging/_drivers/impl_rabbit.py:1054
2017-03-30 07:39:35.934 26969 WARNING ironic.objects.base [req-b0c32b3b-cff2-48ec-be28-85a95fd0e8e2 - - - - -] Entity power off was not serialized.
2017-03-30 07:39:36.043 26969 INFO eventlet.wsgi.server [req-b0c32b3b-cff2-48ec-be28-85a95fd0e8e2 - - - - -] 127.0.0.1 "PUT /v1/nodes/72010e8e-a3bd-519e-92fa-a69484f8298f/states/power HTTP/1.1" status: 202 len: 384 time: 0.1417470
2017-03-30 07:39:36.044 26969 DEBUG oslo.messaging._drivers.impl_rabbit [-] Timed out waiting for RPC response: timed out _raise_timeout /usr/local/lib/python2.7/dist-packages/oslo_messaging/_drivers/impl_rabbit.py:1054
2017-03-30 07:39:36.044 26969 DEBUG oslo.messaging._drivers.impl_rabbit [-] Timed out waiting for RPC response: Timeout while waiting on RPC response - topic: "", RPC method: "" info: "" _raise_timeout /usr/local/lib/python2.7/dist-packages/oslo_messaging/_drivers/impl_rabbit.py:1054
2017-03-30 07:39:36.394 26965 DEBUG oslo.messaging._drivers.impl_rabbit [-] Timed out waiting for RPC response: timed out _raise_timeout /usr/local/lib/python2.7/dist-packages/oslo_messaging/_drivers/impl_rabbit.py:1054
2017-03-30 07:39:36.395 26965 DEBUG oslo.messaging._drivers.impl_rabbit [-] Timed out waiting for RPC response: Timeout while waiting on RPC response - topic: "", RPC method: "" info: "" _raise_timeout /usr/local/lib/python2.7/dist-packages/oslo_messaging/_drivers/impl_rabbit.py:1054
2017-03-30 07:39:36.477 26963 INFO eventlet.wsgi.server [req-16e6b1e6-77bf-41f1-a542-6e47de328aa2 - - - - -] 127.0.0.1 "GET /v1/nodes/72010e8e-a3bd-519e-92fa-a69484f8298f HTTP/1.1" status: 200 len: 1829 time: 0.0256131
2017-03-30 07:39:36.494 26931 INFO eventlet.wsgi.server [req-ae20a29c-4d32-4cfe-a0c0-b43b7995b8a4 - - - - -] 127.0.0.1 "GET /v1/nodes/e1369efa-5391-5035-8533-3a065c44a584 HTTP/1.1" status: 200 len: 1755 time: 0.0291679
2017-03-30 07:39:36.503 26963 INFO eventlet.wsgi.server [req-77d1da48-738c-44bd-ae36-9d7ccb66c3b4 - - - - -] 127.0.0.1 "GET /v1/nodes/c1a56cb3-fcef-59d5-8105-7e6815154f70 HTTP/1.1" status: 200 len: 1752 time: 0.0225580
2017-03-30 07:39:37.032 26931 INFO eventlet.wsgi.server [req-723032d6-af64-402c-86cd-fdbfa62c237d - - - - -] 127.0.0.1 "GET /v1/nodes/e1369efa-5391-5035-8533-3a065c44a584 HTTP/1.1" status: 200 len: 1774 time: 0.0191610
2017-03-30 07:39:37.045 26969 DEBUG oslo.messaging._drivers.impl_rabbit [-] Timed out waiting for RPC response: timed out _raise_timeout /usr/local/lib/python2.7/dist-packages/oslo_messaging/_drivers/impl_rabbit.py:1054
2017-03-30 07:39:37.046 26969 DEBUG oslo.messaging._drivers.impl_rabbit [-] Timed out waiting for RPC response: Timeout while waiting on RPC response - topic: "", RPC method: "" info: "" _raise_timeout /usr/local/lib/python2.7/dist-packages/oslo_messaging/_drivers/impl_rabbit.py:1054
2017-03-30 07:39:37.118 26931 INFO eventlet.wsgi.server [req-5c098756-c6c5-4406-a3bc-01f718a2ee16 - - - - -] 127.0.0.1 "GET /v1/nodes/e1369efa-5391-5035-8533-3a065c44a584/ports HTTP/1.1" status: 200 len: 623 time: 0.0356491
2017-03-30 07:39:37.315 26931 INFO eventlet.wsgi.server [req-7dad17a1-2441-4e3b-a755-151ea1ed1e25 - - - - -] 127.0.0.1 "PATCH /v1/nodes/e1369efa-5391-5035-8533-3a065c44a584 HTTP/1.1" status: 200 len: 1774 time: 0.1917911
2017-03-30 07:39:37.316 26931 DEBUG oslo.messaging._drivers.impl_rabbit [-] Timed out waiting for RPC response: timed out _raise_timeout /usr/local/lib/python2.7/dist-packages/oslo_messaging/_drivers/impl_rabbit.py:1054
2017-03-30 07:39:37.317 26931 DEBUG oslo.messaging._drivers.impl_rabbit [-] Timed out waiting for RPC response: Timeout while waiting on RPC response - topic: "", RPC method: "" info: "" _raise_timeout /usr/local/lib/python2.7/dist-packages/oslo_messaging/_drivers/impl_rabbit.py:1054
2017-03-30 07:39:37.321 26966 DEBUG oslo.messaging._drivers.impl_rabbit [-] Timed out waiting for RPC response: timed out _raise_timeout /usr/local/lib/python2.7/dist-packages/oslo_messaging/_drivers/impl_rabbit.py:1054
2017-03-30 07:39:37.322 26966 DEBUG oslo.messaging._drivers.impl_rabbit [-] Timed out waiting for RPC response: Timeout while waiting on RPC response - topic: "", RPC method: "" info: "" _raise_timeout /usr/local/lib/python2.7/dist-packages/oslo_messaging/_drivers/impl_rabbit.py:1054
2017-03-30 07:39:37.497 26931 INFO eventlet.wsgi.server [req-db4d2dfb-e501-4427-af3f-40cb72efcb44 - - - - -] 127.0.0.1 "PATCH /v1/nodes/e1369efa-5391-5035-8533-3a065c44a584 HTTP/1.1" status: 200 len: 1824 time: 0.1758850
2017-03-30 07:39:37.498 26931 DEBUG oslo.messaging._drivers.impl_rabbit [-] Timed out waiting for RPC response: timed out _raise_timeout /usr/local/lib/python2.7/dist-packages/oslo_messaging/_drivers/impl_rabbit.py:1054
2017-03-30 07:39:37.499 26931 DEBUG oslo.messaging._drivers.impl_rabbit [-] Timed out waiting for RPC response: Timeout while waiting on RPC response - topic: "", RPC method: "" info: "" _raise_timeout /usr/local/lib/python2.7/dist-packages/oslo_messaging/_drivers/impl_rabbit.py:1054
2017-03-30 07:39:37.547 26931 WARNING ironic.objects.base [req-aea26780-1ccf-40e1-a0ed-1077df17ed2f - - - - -] Entity power off was not serialized.
2017-03-30 07:39:37.653 26931 INFO eventlet.wsgi.server [req-aea26780-1ccf-40e1-a0ed-1077df17ed2f - - - - -] 127.0.0.1 "PUT /v1/nodes/e1369efa-5391-5035-8533-3a065c44a584/states/power HTTP/1.1" status: 202 len: 384 time: 0.1297290
2017-03-30 07:39:37.654 26931 DEBUG oslo.messaging._drivers.impl_rabbit [-] Timed out waiting for RPC response: timed out _raise_timeout /usr/local/lib/python2.7/dist-packages/oslo_messaging/_drivers/impl_rabbit.py:1054
2017-03-30 07:39:37.655 26931 DEBUG oslo.messaging._drivers.impl_rabbit [-] Timed out waiting for RPC response: Timeout while waiting on RPC response - topic: "", RPC method: "" info: "" _raise_timeout /usr/local/lib/python2.7/dist-packages/oslo_messaging/_drivers/impl_rabbit.py:1054
2017-03-30 07:39:38.512 26963 INFO eventlet.wsgi.server [req-36895579-63ac-467a-b3dc-1b6ec9cd729e - - - - -] 127.0.0.1 "GET /v1/nodes/72010e8e-a3bd-519e-92fa-a69484f8298f HTTP/1.1" status: 200 len: 1829 time: 0.0295229
2017-03-30 07:39:38.529 26931 INFO eventlet.wsgi.server [req-df233ca9-a72c-469e-adeb-021aeee64314 - - - - -] 127.0.0.1 "GET /v1/nodes/e1369efa-5391-5035-8533-3a065c44a584 HTTP/1.1" status: 200 len: 1832 time: 0.0291619
2017-03-30 07:39:38.538 26963 INFO eventlet.wsgi.server [req-bfe40a58-f701-4046-b068-72f5c28f2c7e - - - - -] 127.0.0.1 "GET /v1/nodes/c1a56cb3-fcef-59d5-8105-7e6815154f70 HTTP/1.1" status: 200 len: 1752 time: 0.0249081
2017-03-30 07:39:38.656 26931 DEBUG oslo.messaging._drivers.impl_rabbit [-] Timed out waiting for RPC response: timed out _raise_timeout /usr/local/lib/python2.7/dist-packages/oslo_messaging/_drivers/impl_rabbit.py:1054
2017-03-30 07:39:38.657 26931 DEBUG oslo.messaging._drivers.impl_rabbit [-] Timed out waiting for RPC response: Timeout while waiting on RPC response - topic: "", RPC method: "" info: "" _raise_timeout /usr/local/lib/python2.7/dist-packages/oslo_messaging/_drivers/impl_rabbit.py:1054
2017-03-30 07:39:39.049 26969 DEBUG oslo.messaging._drivers.impl_rabbit [-] Timed out waiting for RPC response: timed out _raise_timeout /usr/local/lib/python2.7/dist-packages/oslo_messaging/_drivers/impl_rabbit.py:1054
2017-03-30 07:39:39.050 26969 DEBUG oslo.messaging._drivers.impl_rabbit [-] Timed out waiting for RPC response: Timeout while waiting on RPC response - topic: "", RPC method: "" info: "" _raise_timeout /usr/local/lib/python2.7/dist-packages/oslo_messaging/_drivers/impl_rabbit.py:1054
2017-03-30 07:39:39.301 26967 DEBUG oslo.messaging._drivers.impl_rabbit [-] Timed out waiting for RPC response: timed out _raise_timeout /usr/local/lib/python2.7/dist-packages/oslo_messaging/_drivers/impl_rabbit.py:1054
2017-03-30 07:39:39.302 26967 DEBUG oslo.messaging._drivers.impl_rabbit [-] Timed out waiting for RPC response: Timeout while waiting on RPC response - topic: "", RPC method: "" info: "" _raise_timeout /usr/local/lib/python2.7/dist-packages/oslo_messaging/_drivers/impl_rabbit.py:1054
2017-03-30 07:39:39.423 26958 DEBUG oslo.messaging._drivers.impl_rabbit [-] Timed out waiting for RPC response: timed out _raise_timeout /usr/local/lib/python2.7/dist-packages/oslo_messaging/_drivers/impl_rabbit.py:1054
2017-03-30 07:39:39.424 26958 DEBUG oslo.messaging._drivers.impl_rabbit [-] Timed out waiting for RPC response: Timeout while waiting on RPC response - topic: "", RPC method: "" info: "" _raise_timeout /usr/local/lib/python2.7/dist-packages/oslo_messaging/_drivers/impl_rabbit.py:1054
2017-03-30 07:39:40.547 26963 INFO eventlet.wsgi.server [req-922c1c70-1aed-400c-9782-42ec6f1b722a - - - - -] 127.0.0.1 "GET /v1/nodes/72010e8e-a3bd-519e-92fa-a69484f8298f HTTP/1.1" status: 200 len: 1829 time: 0.0285051
2017-03-30 07:39:40.565 26931 INFO eventlet.wsgi.server [req-6b11a354-139d-4789-b3e7-6859dd72789b - - - - -] 127.0.0.1 "GET /v1/nodes/e1369efa-5391-5035-8533-3a065c44a584 HTTP/1.1" status: 200 len: 1832 time: 0.0306530
2017-03-30 07:39:40.572 26963 INFO eventlet.wsgi.server [req-bcfa4cf5-1606-4d4c-b0b0-cd0cd8a21e70 - - - - -] 127.0.0.1 "GET /v1/nodes/c1a56cb3-fcef-59d5-8105-7e6815154f70 HTTP/1.1" status: 200 len: 1752 time: 0.0236518
2017-03-30 07:39:40.659 26931 DEBUG oslo.messaging._drivers.impl_rabbit [-] Timed out waiting for RPC response: timed out _raise_timeout /usr/local/lib/python2.7/dist-packages/oslo_messaging/_drivers/impl_rabbit.py:1054
2017-03-30 07:39:40.660 26931 DEBUG oslo.messaging._drivers.impl_rabbit [-] Timed out waiting for RPC response: Timeout while waiting on RPC response - topic: "", RPC method: "" info: "" _raise_timeout /usr/local/lib/python2.7/dist-packages/oslo_messaging/_drivers/impl_rabbit.py:1054
2017-03-30 07:39:42.582 26963 INFO eventlet.wsgi.server [req-96fa9b65-bb52-4270-a1e2-edca2df6baaf - - - - -] 127.0.0.1 "GET /v1/nodes/72010e8e-a3bd-519e-92fa-a69484f8298f HTTP/1.1" status: 200 len: 1829 time: 0.0302532
2017-03-30 07:39:42.599 26931 INFO eventlet.wsgi.server [req-030155a2-68a3-49b9-aa09-ce8571a34453 - - - - -] 127.0.0.1 "GET /v1/nodes/e1369efa-5391-5035-8533-3a065c44a584 HTTP/1.1" status: 200 len: 1832 time: 0.0287662
2017-03-30 07:39:42.604 26963 INFO eventlet.wsgi.server [req-ba9a5bae-a5c1-4650-9db9-69356460cc2e - - - - -] 127.0.0.1 "GET /v1/nodes/c1a56cb3-fcef-59d5-8105-7e6815154f70 HTTP/1.1" status: 200 len: 1752 time: 0.0206242
2017-03-30 07:39:43.052 26969 DEBUG oslo.messaging._drivers.impl_rabbit [-] Timed out waiting for RPC response: timed out _raise_timeout /usr/local/lib/python2.7/dist-packages/oslo_messaging/_drivers/impl_rabbit.py:1054
2017-03-30 07:39:43.054 26969 DEBUG oslo.messaging._drivers.impl_rabbit [-] Timed out waiting for RPC response: Timeout while waiting on RPC response - topic: "", RPC method: "" info: "" _raise_timeout /usr/local/lib/python2.7/dist-packages/oslo_messaging/_drivers/impl_rabbit.py:1054
2017-03-30 07:39:43.217 26963 DEBUG oslo.messaging._drivers.impl_rabbit [-] Timed out waiting for RPC response: timed out _raise_timeout /usr/local/lib/python2.7/dist-packages/oslo_messaging/_drivers/impl_rabbit.py:1054
2017-03-30 07:39:43.218 26963 DEBUG oslo.messaging._drivers.impl_rabbit [-] Timed out waiting for RPC response: Timeout while waiting on RPC response - topic: "", RPC method: "" info: "" _raise_timeout /usr/local/lib/python2.7/dist-packages/oslo_messaging/_drivers/impl_rabbit.py:1054
2017-03-30 07:39:44.404 26965 DEBUG oslo.messaging._drivers.impl_rabbit [-] Timed out waiting for RPC response: timed out _raise_timeout /usr/local/lib/python2.7/dist-packages/oslo_messaging/_drivers/impl_rabbit.py:1054
2017-03-30 07:39:44.406 26965 DEBUG oslo.messaging._drivers.impl_rabbit [-] Timed out waiting for RPC response: Timeout while waiting on RPC response - topic: "", RPC method: "" info: "" _raise_timeout /usr/local/lib/python2.7/dist-packages/oslo_messaging/_drivers/impl_rabbit.py:1054
2017-03-30 07:39:44.484 26965 INFO eventlet.wsgi.server [req-ecad3d83-8802-440a-9625-531e9bd0a51c - - - - -] 127.0.0.1 "GET /v1/nodes/c1a56cb3-fcef-59d5-8105-7e6815154f70 HTTP/1.1" status: 200 len: 1771 time: 0.0320849
2017-03-30 07:39:44.585 26965 INFO eventlet.wsgi.server [req-765775c2-0731-4d77-bf0f-b8e06b9cc7d6 - - - - -] 127.0.0.1 "GET /v1/nodes/c1a56cb3-fcef-59d5-8105-7e6815154f70/ports HTTP/1.1" status: 200 len: 623 time: 0.0358620
2017-03-30 07:39:44.617 26963 INFO eventlet.wsgi.server [req-20142814-23eb-4052-9051-77e82479a099 - - - - -] 127.0.0.1 "GET /v1/nodes/72010e8e-a3bd-519e-92fa-a69484f8298f HTTP/1.1" status: 200 len: 1829 time: 0.0290940
2017-03-30 07:39:44.629 26931 INFO eventlet.wsgi.server [req-cd5b72da-783f-4898-a80b-7eef1f5e02fe - - - - -] 127.0.0.1 "GET /v1/nodes/e1369efa-5391-5035-8533-3a065c44a584 HTTP/1.1" status: 200 len: 1832 time: 0.0248289
2017-03-30 07:39:44.639 26963 INFO eventlet.wsgi.server [req-699fba6a-d235-4762-9a79-39d88b24ff41 - - - - -] 127.0.0.1 "GET /v1/nodes/c1a56cb3-fcef-59d5-8105-7e6815154f70 HTTP/1.1" status: 200 len: 1752 time: 0.0207958
2017-03-30 07:39:44.661 26931 DEBUG oslo.messaging._drivers.impl_rabbit [-] Timed out waiting for RPC response: timed out _raise_timeout /usr/local/lib/python2.7/dist-packages/oslo_messaging/_drivers/impl_rabbit.py:1054
2017-03-30 07:39:44.662 26931 DEBUG oslo.messaging._drivers.impl_rabbit [-] Timed out waiting for RPC response: Timeout while waiting on RPC response - topic: "", RPC method: "" info: "" _raise_timeout /usr/local/lib/python2.7/dist-packages/oslo_messaging/_drivers/impl_rabbit.py:1054
2017-03-30 07:39:44.800 26965 INFO eventlet.wsgi.server [req-6564cbb3-1a77-4e4c-b6ef-dea00969b854 - - - - -] 127.0.0.1 "PATCH /v1/nodes/c1a56cb3-fcef-59d5-8105-7e6815154f70 HTTP/1.1" status: 200 len: 1771 time: 0.2079060
2017-03-30 07:39:44.801 26965 DEBUG oslo.messaging._drivers.impl_rabbit [-] Timed out waiting for RPC response: timed out _raise_timeout /usr/local/lib/python2.7/dist-packages/oslo_messaging/_drivers/impl_rabbit.py:1054
2017-03-30 07:39:44.801 26965 DEBUG oslo.messaging._drivers.impl_rabbit [-] Timed out waiting for RPC response: Timeout while waiting on RPC response - topic: "", RPC method: "" info: "" _raise_timeout /usr/local/lib/python2.7/dist-packages/oslo_messaging/_drivers/impl_rabbit.py:1054
2017-03-30 07:39:44.999 26965 INFO eventlet.wsgi.server [req-424f4fb9-8e63-4dec-a408-2bc2b1b073f2 - - - - -] 127.0.0.1 "PATCH /v1/nodes/c1a56cb3-fcef-59d5-8105-7e6815154f70 HTTP/1.1" status: 200 len: 1821 time: 0.1913691
2017-03-30 07:39:44.999 26965 DEBUG oslo.messaging._drivers.impl_rabbit [-] Timed out waiting for RPC response: timed out _raise_timeout /usr/local/lib/python2.7/dist-packages/oslo_messaging/_drivers/impl_rabbit.py:1054
2017-03-30 07:39:45.000 26965 DEBUG oslo.messaging._drivers.impl_rabbit [-] Timed out waiting for RPC response: Timeout while waiting on RPC response - topic: "", RPC method: "" info: "" _raise_timeout /usr/local/lib/python2.7/dist-packages/oslo_messaging/_drivers/impl_rabbit.py:1054
2017-03-30 07:39:45.053 26965 WARNING ironic.objects.base [req-51a0e8c1-7a6a-40ec-8f9f-93cd0d19990f - - - - -] Entity power off was not serialized.
2017-03-30 07:39:45.169 26965 INFO eventlet.wsgi.server [req-51a0e8c1-7a6a-40ec-8f9f-93cd0d19990f - - - - -] 127.0.0.1 "PUT /v1/nodes/c1a56cb3-fcef-59d5-8105-7e6815154f70/states/power HTTP/1.1" status: 202 len: 384 time: 0.1445858
2017-03-30 07:39:45.170 26965 DEBUG oslo.messaging._drivers.impl_rabbit [-] Timed out waiting for RPC response: timed out _raise_timeout /usr/local/lib/python2.7/dist-packages/oslo_messaging/_drivers/impl_rabbit.py:1054
2017-03-30 07:39:45.171 26965 DEBUG oslo.messaging._drivers.impl_rabbit [-] Timed out waiting for RPC response: Timeout while waiting on RPC response - topic: "", RPC method: "" info: "" _raise_timeout /usr/local/lib/python2.7/dist-packages/oslo_messaging/_drivers/impl_rabbit.py:1054
2017-03-30 07:39:45.323 26966 DEBUG oslo.messaging._drivers.impl_rabbit [-] Timed out waiting for RPC response: timed out _raise_timeout /usr/local/lib/python2.7/dist-packages/oslo_messaging/_drivers/impl_rabbit.py:1054
2017-03-30 07:39:45.324 26966 DEBUG oslo.messaging._drivers.impl_rabbit [-] Timed out waiting for RPC response: Timeout while waiting on RPC response - topic: "", RPC method: "" info: "" _raise_timeout /usr/local/lib/python2.7/dist-packages/oslo_messaging/_drivers/impl_rabbit.py:1054
2017-03-30 07:39:46.172 26965 DEBUG oslo.messaging._drivers.impl_rabbit [-] Timed out waiting for RPC response: timed out _raise_timeout /usr/local/lib/python2.7/dist-packages/oslo_messaging/_drivers/impl_rabbit.py:1054
2017-03-30 07:39:46.173 26965 DEBUG oslo.messaging._drivers.impl_rabbit [-] Timed out waiting for RPC response: Timeout while waiting on RPC response - topic: "", RPC method: "" info: "" _raise_timeout /usr/local/lib/python2.7/dist-packages/oslo_messaging/_drivers/impl_rabbit.py:1054
2017-03-30 07:39:46.652 26963 INFO eventlet.wsgi.server [req-c0cbf18b-89b1-4ddb-ab5b-a312502d6a0e - - - - -] 127.0.0.1 "GET /v1/nodes/72010e8e-a3bd-519e-92fa-a69484f8298f HTTP/1.1" status: 200 len: 1803 time: 0.0293190
2017-03-30 07:39:46.662 26931 INFO eventlet.wsgi.server [req-31233ddd-0d53-4a95-bb4e-6de7c45540e2 - - - - -] 127.0.0.1 "GET /v1/nodes/e1369efa-5391-5035-8533-3a065c44a584 HTTP/1.1" status: 200 len: 1832 time: 0.0286181
2017-03-30 07:39:46.674 26963 INFO eventlet.wsgi.server [req-729ab3f0-ca1c-42a8-8040-7e7d49bb84af - - - - -] 127.0.0.1 "GET /v1/nodes/c1a56cb3-fcef-59d5-8105-7e6815154f70 HTTP/1.1" status: 200 len: 1829 time: 0.0208020
2017-03-30 07:39:48.175 26965 DEBUG oslo.messaging._drivers.impl_rabbit [-] Timed out waiting for RPC response: timed out _raise_timeout /usr/local/lib/python2.7/dist-packages/oslo_messaging/_drivers/impl_rabbit.py:1054
2017-03-30 07:39:48.176 26965 DEBUG oslo.messaging._drivers.impl_rabbit [-] Timed out waiting for RPC response: Timeout while waiting on RPC response - topic: "", RPC method: "" info: "" _raise_timeout /usr/local/lib/python2.7/dist-packages/oslo_messaging/_drivers/impl_rabbit.py:1054
2017-03-30 07:39:48.686 26963 INFO eventlet.wsgi.server [req-db1ee376-3ee7-4ae4-a2b5-ff9506822d83 - - - - -] 127.0.0.1 "GET /v1/nodes/72010e8e-a3bd-519e-92fa-a69484f8298f HTTP/1.1" status: 200 len: 1803 time: 0.0288789
2017-03-30 07:39:48.700 26931 INFO eventlet.wsgi.server [req-3c0f749c-02af-484e-83e8-c02abbcd3964 - - - - -] 127.0.0.1 "GET /v1/nodes/e1369efa-5391-5035-8533-3a065c44a584 HTTP/1.1" status: 200 len: 1832 time: 0.0323000
2017-03-30 07:39:48.713 26963 INFO eventlet.wsgi.server [req-337b9c38-bc0c-4523-b42b-9ae5f84c9ab8 - - - - -] 127.0.0.1 "GET /v1/nodes/c1a56cb3-fcef-59d5-8105-7e6815154f70 HTTP/1.1" status: 200 len: 1829 time: 0.0257812
2017-03-30 07:39:50.720 26963 INFO eventlet.wsgi.server [req-06a73efe-d74d-4e34-b38f-312670bb123f - - - - -] 127.0.0.1 "GET /v1/nodes/72010e8e-a3bd-519e-92fa-a69484f8298f HTTP/1.1" status: 200 len: 1803 time: 0.0269101
2017-03-30 07:39:50.733 26931 INFO eventlet.wsgi.server [req-ebd0d467-0daf-4e73-8077-70328b4b4c02 - - - - -] 127.0.0.1 "GET /v1/nodes/e1369efa-5391-5035-8533-3a065c44a584 HTTP/1.1" status: 200 len: 1832 time: 0.0282640
2017-03-30 07:39:50.742 26963 INFO eventlet.wsgi.server [req-1c3c023d-4615-4843-a96f-7ae9ea6afe0e - - - - -] 127.0.0.1 "GET /v1/nodes/c1a56cb3-fcef-59d5-8105-7e6815154f70 HTTP/1.1" status: 200 len: 1829 time: 0.0210600
2017-03-30 07:39:51.062 26969 DEBUG oslo.messaging._drivers.impl_rabbit [-] Timed out waiting for RPC response: timed out _raise_timeout /usr/local/lib/python2.7/dist-packages/oslo_messaging/_drivers/impl_rabbit.py:1054
2017-03-30 07:39:51.063 26969 DEBUG oslo.messaging._drivers.impl_rabbit [-] Timed out waiting for RPC response: Timeout while waiting on RPC response - topic: "", RPC method: "" info: "" _raise_timeout /usr/local/lib/python2.7/dist-packages/oslo_messaging/_drivers/impl_rabbit.py:1054
2017-03-30 07:39:52.181 26965 DEBUG oslo.messaging._drivers.impl_rabbit [-] Timed out waiting for RPC response: timed out _raise_timeout /usr/local/lib/python2.7/dist-packages/oslo_messaging/_drivers/impl_rabbit.py:1054
2017-03-30 07:39:52.182 26965 DEBUG oslo.messaging._drivers.impl_rabbit [-] Timed out waiting for RPC response: Timeout while waiting on RPC response - topic: "", RPC method: "" info: "" _raise_timeout /usr/local/lib/python2.7/dist-packages/oslo_messaging/_drivers/impl_rabbit.py:1054
2017-03-30 07:39:52.664 26931 DEBUG oslo.messaging._drivers.impl_rabbit [-] Timed out waiting for RPC response: timed out _raise_timeout /usr/local/lib/python2.7/dist-packages/oslo_messaging/_drivers/impl_rabbit.py:1054
2017-03-30 07:39:52.665 26931 DEBUG oslo.messaging._drivers.impl_rabbit [-] Timed out waiting for RPC response: Timeout while waiting on RPC response - topic: "", RPC method: "" info: "" _raise_timeout /usr/local/lib/python2.7/dist-packages/oslo_messaging/_drivers/impl_rabbit.py:1054
2017-03-30 07:39:52.755 26963 INFO eventlet.wsgi.server [req-c832ed2d-38e8-4912-8323-e6ecbe24a8b2 - - - - -] 127.0.0.1 "GET /v1/nodes/72010e8e-a3bd-519e-92fa-a69484f8298f HTTP/1.1" status: 200 len: 1803 time: 0.0288761
2017-03-30 07:39:52.767 26931 INFO eventlet.wsgi.server [req-62e66405-0e40-41cd-b84c-54aca8a6bb04 - - - - -] 127.0.0.1 "GET /v1/nodes/e1369efa-5391-5035-8533-3a065c44a584 HTTP/1.1" status: 200 len: 1832 time: 0.0292311
2017-03-30 07:39:52.782 26963 INFO eventlet.wsgi.server [req-b2b2083d-0303-4eca-bf49-a1bbd0ad655c - - - - -] 127.0.0.1 "GET /v1/nodes/c1a56cb3-fcef-59d5-8105-7e6815154f70 HTTP/1.1" status: 200 len: 1829 time: 0.0259502
2017-03-30 07:39:54.041 26966 INFO eventlet.wsgi.server [req-ddd71640-c3f2-4504-b567-90efe1bc05b3 - - - - -] 127.0.0.1 "GET /v1/nodes HTTP/1.1" status: 200 len: 1483 time: 0.0662630
2017-03-30 07:39:54.790 26963 INFO eventlet.wsgi.server [req-4d65d146-3c00-4f10-bb76-20eadf7a5955 - - - - -] 127.0.0.1 "GET /v1/nodes/72010e8e-a3bd-519e-92fa-a69484f8298f HTTP/1.1" status: 200 len: 1803 time: 0.0294490
2017-03-30 07:39:54.801 26931 INFO eventlet.wsgi.server [req-4dc33a7f-fc1a-416a-bbcd-d8476ec1b285 - - - - -] 127.0.0.1 "GET /v1/nodes/e1369efa-5391-5035-8533-3a065c44a584 HTTP/1.1" status: 200 len: 1806 time: 0.0286529
2017-03-30 07:39:54.814 26963 INFO eventlet.wsgi.server [req-3f7db475-90cc-4532-a0f6-3b1084fb2add - - - - -] 127.0.0.1 "GET /v1/nodes/c1a56cb3-fcef-59d5-8105-7e6815154f70 HTTP/1.1" status: 200 len: 1829 time: 0.0231609
2017-03-30 07:39:55.304 26967 DEBUG oslo.messaging._drivers.impl_rabbit [-] Timed out waiting for RPC response: timed out _raise_timeout /usr/local/lib/python2.7/dist-packages/oslo_messaging/_drivers/impl_rabbit.py:1054
2017-03-30 07:39:55.304 26967 DEBUG oslo.messaging._drivers.impl_rabbit [-] Timed out waiting for RPC response: Timeout while waiting on RPC response - topic: "", RPC method: "" info: "" _raise_timeout /usr/local/lib/python2.7/dist-packages/oslo_messaging/_drivers/impl_rabbit.py:1054
2017-03-30 07:39:55.425 26958 DEBUG oslo.messaging._drivers.impl_rabbit [-] Timed out waiting for RPC response: timed out _raise_timeout /usr/local/lib/python2.7/dist-packages/oslo_messaging/_drivers/impl_rabbit.py:1054
2017-03-30 07:39:55.425 26958 DEBUG oslo.messaging._drivers.impl_rabbit [-] Timed out waiting for RPC response: Timeout while waiting on RPC response - topic: "", RPC method: "" info: "" _raise_timeout /usr/local/lib/python2.7/dist-packages/oslo_messaging/_drivers/impl_rabbit.py:1054
2017-03-30 07:39:56.826 26963 INFO eventlet.wsgi.server [req-f4210ed3-f9fd-41e3-a5e6-5eabeda66da1 - - - - -] 127.0.0.1 "GET /v1/nodes/72010e8e-a3bd-519e-92fa-a69484f8298f HTTP/1.1" status: 200 len: 1803 time: 0.0317080
2017-03-30 07:39:56.837 26931 INFO eventlet.wsgi.server [req-05f58443-5deb-4a36-bd06-4157748d35b0 - - - - -] 127.0.0.1 "GET /v1/nodes/e1369efa-5391-5035-8533-3a065c44a584 HTTP/1.1" status: 200 len: 1806 time: 0.0311720
2017-03-30 07:39:56.855 26963 INFO eventlet.wsgi.server [req-140bc633-2510-447e-b4fb-263ad0785a67 - - - - -] 127.0.0.1 "GET /v1/nodes/c1a56cb3-fcef-59d5-8105-7e6815154f70 HTTP/1.1" status: 200 len: 1829 time: 0.0274291
2017-03-30 07:39:58.865 26963 INFO eventlet.wsgi.server [req-e5fdbc18-5683-47ca-b9a7-8dab8f16a190 - - - - -] 127.0.0.1 "GET /v1/nodes/72010e8e-a3bd-519e-92fa-a69484f8298f HTTP/1.1" status: 200 len: 1795 time: 0.0309000
2017-03-30 07:39:58.872 26931 INFO eventlet.wsgi.server [req-0d3006f4-e963-46de-b944-6959fddebc9d - - - - -] 127.0.0.1 "GET /v1/nodes/e1369efa-5391-5035-8533-3a065c44a584 HTTP/1.1" status: 200 len: 1798 time: 0.0296149
2017-03-30 07:39:58.889 26963 INFO eventlet.wsgi.server [req-8d3214c3-9fd4-4e3c-afbb-db80d08a8ca4 - - - - -] 127.0.0.1 "GET /v1/nodes/c1a56cb3-fcef-59d5-8105-7e6815154f70 HTTP/1.1" status: 200 len: 1795 time: 0.0225170
2017-03-30 07:39:58.897 26931 WARNING ironic.objects.base [req-4978a863-00aa-439d-8234-6184fc22bcd9 - - - - -] Entity provide was not serialized.
2017-03-30 07:39:58.924 26963 WARNING ironic.objects.base [req-46490557-c1c2-43c5-acd3-056a8baf6b01 - - - - -] Entity provide was not serialized.
2017-03-30 07:39:58.936 26963 WARNING ironic.objects.base [req-2686f5e4-266e-4cba-a813-1cbd1f5c9ea3 - - - - -] Entity provide was not serialized.
2017-03-30 07:39:59.052 26931 INFO eventlet.wsgi.server [req-4978a863-00aa-439d-8234-6184fc22bcd9 - - - - -] 127.0.0.1 "PUT /v1/nodes/e1369efa-5391-5035-8533-3a065c44a584/states/provision HTTP/1.1" status: 202 len: 383 time: 0.1790559
2017-03-30 07:39:59.069 26931 DEBUG oslo.messaging._drivers.impl_rabbit [-] Timed out waiting for RPC response: timed out _raise_timeout /usr/local/lib/python2.7/dist-packages/oslo_messaging/_drivers/impl_rabbit.py:1054
2017-03-30 07:39:59.070 26931 DEBUG oslo.messaging._drivers.impl_rabbit [-] Timed out waiting for RPC response: Timeout while waiting on RPC response - topic: "", RPC method: "" info: "" _raise_timeout /usr/local/lib/python2.7/dist-packages/oslo_messaging/_drivers/impl_rabbit.py:1054
2017-03-30 07:39:59.079 26963 INFO eventlet.wsgi.server [req-46490557-c1c2-43c5-acd3-056a8baf6b01 - - - - -] 127.0.0.1 "PUT /v1/nodes/c1a56cb3-fcef-59d5-8105-7e6815154f70/states/provision HTTP/1.1" status: 202 len: 383 time: 0.1818419
2017-03-30 07:39:59.080 26963 DEBUG oslo.messaging._drivers.impl_rabbit [-] Timed out waiting for RPC response: timed out _raise_timeout /usr/local/lib/python2.7/dist-packages/oslo_messaging/_drivers/impl_rabbit.py:1054
2017-03-30 07:39:59.081 26963 DEBUG oslo.messaging._drivers.impl_rabbit [-] Timed out waiting for RPC response: Timeout while waiting on RPC response - topic: "", RPC method: "" info: "" _raise_timeout /usr/local/lib/python2.7/dist-packages/oslo_messaging/_drivers/impl_rabbit.py:1054
2017-03-30 07:39:59.082 26931 INFO eventlet.wsgi.server [req-8b9e3406-a7b3-403a-9077-b8238349a9ca - - - - -] 127.0.0.1 "GET /v1/nodes/e1369efa-5391-5035-8533-3a065c44a584 HTTP/1.1" status: 200 len: 1823 time: 0.0290210
2017-03-30 07:39:59.102 26963 INFO eventlet.wsgi.server [req-d4b764a9-4f1a-45ea-abf6-4913a9b623ec - - - - -] 127.0.0.1 "GET /v1/nodes/c1a56cb3-fcef-59d5-8105-7e6815154f70 HTTP/1.1" status: 200 len: 1814 time: 0.0191789
2017-03-30 07:39:59.104 26963 INFO eventlet.wsgi.server [req-2686f5e4-266e-4cba-a813-1cbd1f5c9ea3 - - - - -] 127.0.0.1 "PUT /v1/nodes/72010e8e-a3bd-519e-92fa-a69484f8298f/states/provision HTTP/1.1" status: 202 len: 383 time: 0.2145000
2017-03-30 07:39:59.105 26963 DEBUG oslo.messaging._drivers.impl_rabbit [-] Timed out waiting for RPC response: timed out _raise_timeout /usr/local/lib/python2.7/dist-packages/oslo_messaging/_drivers/impl_rabbit.py:1054
2017-03-30 07:39:59.105 26963 DEBUG oslo.messaging._drivers.impl_rabbit [-] Timed out waiting for RPC response: Timeout while waiting on RPC response - topic: "", RPC method: "" info: "" _raise_timeout /usr/local/lib/python2.7/dist-packages/oslo_messaging/_drivers/impl_rabbit.py:1054
2017-03-30 07:39:59.123 26963 INFO eventlet.wsgi.server [req-18da7af3-ce49-4a43-8435-7ace671fbd3a - - - - -] 127.0.0.1 "GET /v1/nodes/72010e8e-a3bd-519e-92fa-a69484f8298f HTTP/1.1" status: 200 len: 1820 time: 0.0156181
2017-03-30 07:40:00.072 26931 DEBUG oslo.messaging._drivers.impl_rabbit [-] Timed out waiting for RPC response: timed out _raise_timeout /usr/local/lib/python2.7/dist-packages/oslo_messaging/_drivers/impl_rabbit.py:1054
2017-03-30 07:40:00.073 26931 DEBUG oslo.messaging._drivers.impl_rabbit [-] Timed out waiting for RPC response: Timeout while waiting on RPC response - topic: "", RPC method: "" info: "" _raise_timeout /usr/local/lib/python2.7/dist-packages/oslo_messaging/_drivers/impl_rabbit.py:1054
2017-03-30 07:40:00.106 26963 DEBUG oslo.messaging._drivers.impl_rabbit [-] Timed out waiting for RPC response: timed out _raise_timeout /usr/local/lib/python2.7/dist-packages/oslo_messaging/_drivers/impl_rabbit.py:1054
2017-03-30 07:40:00.107 26963 DEBUG oslo.messaging._drivers.impl_rabbit [-] Timed out waiting for RPC response: Timeout while waiting on RPC response - topic: "", RPC method: "" info: "" _raise_timeout /usr/local/lib/python2.7/dist-packages/oslo_messaging/_drivers/impl_rabbit.py:1054
2017-03-30 07:40:00.183 26965 DEBUG oslo.messaging._drivers.impl_rabbit [-] Timed out waiting for RPC response: timed out _raise_timeout /usr/local/lib/python2.7/dist-packages/oslo_messaging/_drivers/impl_rabbit.py:1054
2017-03-30 07:40:00.183 26965 DEBUG oslo.messaging._drivers.impl_rabbit [-] Timed out waiting for RPC response: Timeout while waiting on RPC response - topic: "", RPC method: "" info: "" _raise_timeout /usr/local/lib/python2.7/dist-packages/oslo_messaging/_drivers/impl_rabbit.py:1054
2017-03-30 07:40:01.113 26931 INFO eventlet.wsgi.server [req-a2d45018-d1bd-4e9d-90d9-7efc13c9aa2e - - - - -] 127.0.0.1 "GET /v1/nodes/e1369efa-5391-5035-8533-3a065c44a584 HTTP/1.1" status: 200 len: 1797 time: 0.0262470
2017-03-30 07:40:01.162 26963 INFO eventlet.wsgi.server [req-6ea0259c-2545-4c97-a2ca-248f181cfe25 - - - - -] 127.0.0.1 "GET /v1/nodes/72010e8e-a3bd-519e-92fa-a69484f8298f HTTP/1.1" status: 200 len: 1794 time: 0.0322249
2017-03-30 07:40:01.326 26966 DEBUG oslo.messaging._drivers.impl_rabbit [-] Timed out waiting for RPC response: timed out _raise_timeout /usr/local/lib/python2.7/dist-packages/oslo_messaging/_drivers/impl_rabbit.py:1054
2017-03-30 07:40:01.327 26966 DEBUG oslo.messaging._drivers.impl_rabbit [-] Timed out waiting for RPC response: Timeout while waiting on RPC response - topic: "", RPC method: "" info: "" _raise_timeout /usr/local/lib/python2.7/dist-packages/oslo_messaging/_drivers/impl_rabbit.py:1054
2017-03-30 07:40:02.074 26931 DEBUG oslo.messaging._drivers.impl_rabbit [-] Timed out waiting for RPC response: timed out _raise_timeout /usr/local/lib/python2.7/dist-packages/oslo_messaging/_drivers/impl_rabbit.py:1054
2017-03-30 07:40:02.075 26931 DEBUG oslo.messaging._drivers.impl_rabbit [-] Timed out waiting for RPC response: Timeout while waiting on RPC response - topic: "", RPC method: "" info: "" _raise_timeout /usr/local/lib/python2.7/dist-packages/oslo_messaging/_drivers/impl_rabbit.py:1054
2017-03-30 07:40:02.108 26963 DEBUG oslo.messaging._drivers.impl_rabbit [-] Timed out waiting for RPC response: timed out _raise_timeout /usr/local/lib/python2.7/dist-packages/oslo_messaging/_drivers/impl_rabbit.py:1054
2017-03-30 07:40:02.109 26963 DEBUG oslo.messaging._drivers.impl_rabbit [-] Timed out waiting for RPC response: Timeout while waiting on RPC response - topic: "", RPC method: "" info: "" _raise_timeout /usr/local/lib/python2.7/dist-packages/oslo_messaging/_drivers/impl_rabbit.py:1054
2017-03-30 07:40:04.644 26966 INFO eventlet.wsgi.server [req-2c154298-fb93-4287-be66-221d4d847afd - - - - -] 127.0.0.1 "GET /v1/nodes/c1a56cb3-fcef-59d5-8105-7e6815154f70 HTTP/1.1" status: 200 len: 1794 time: 0.0137372
2017-03-30 07:40:04.716 26966 INFO eventlet.wsgi.server [req-f344c1d6-5354-471e-9067-dd1c0caa53bc - - - - -] 127.0.0.1 "GET /v1/nodes/72010e8e-a3bd-519e-92fa-a69484f8298f HTTP/1.1" status: 200 len: 1794 time: 0.0197880
2017-03-30 07:40:04.777 26966 INFO eventlet.wsgi.server [req-c5ae52b2-aa4f-46c1-984a-49a40cb7f1aa - - - - -] 127.0.0.1 "GET /v1/nodes/e1369efa-5391-5035-8533-3a065c44a584 HTTP/1.1" status: 200 len: 1797 time: 0.0333049
2017-03-30 07:40:06.079 26931 DEBUG oslo.messaging._drivers.impl_rabbit [-] Timed out waiting for RPC response: timed out _raise_timeout /usr/local/lib/python2.7/dist-packages/oslo_messaging/_drivers/impl_rabbit.py:1054
2017-03-30 07:40:06.080 26931 DEBUG oslo.messaging._drivers.impl_rabbit [-] Timed out waiting for RPC response: Timeout while waiting on RPC response - topic: "", RPC method: "" info: "" _raise_timeout /usr/local/lib/python2.7/dist-packages/oslo_messaging/_drivers/impl_rabbit.py:1054
2017-03-30 07:40:06.110 26963 DEBUG oslo.messaging._drivers.impl_rabbit [-] Timed out waiting for RPC response: timed out _raise_timeout /usr/local/lib/python2.7/dist-packages/oslo_messaging/_drivers/impl_rabbit.py:1054
2017-03-30 07:40:06.111 26963 DEBUG oslo.messaging._drivers.impl_rabbit [-] Timed out waiting for RPC response: Timeout while waiting on RPC response - topic: "", RPC method: "" info: "" _raise_timeout /usr/local/lib/python2.7/dist-packages/oslo_messaging/_drivers/impl_rabbit.py:1054
2017-03-30 07:40:07.065 26969 DEBUG oslo.messaging._drivers.impl_rabbit [-] Timed out waiting for RPC response: timed out _raise_timeout /usr/local/lib/python2.7/dist-packages/oslo_messaging/_drivers/impl_rabbit.py:1054
2017-03-30 07:40:07.065 26969 DEBUG oslo.messaging._drivers.impl_rabbit [-] Timed out waiting for RPC response: Timeout while waiting on RPC response - topic: "", RPC method: "" info: "" _raise_timeout /usr/local/lib/python2.7/dist-packages/oslo_messaging/_drivers/impl_rabbit.py:1054
2017-03-30 07:40:14.082 26931 DEBUG oslo.messaging._drivers.impl_rabbit [-] Timed out waiting for RPC response: timed out _raise_timeout /usr/local/lib/python2.7/dist-packages/oslo_messaging/_drivers/impl_rabbit.py:1054
2017-03-30 07:40:14.082 26931 DEBUG oslo.messaging._drivers.impl_rabbit [-] Timed out waiting for RPC response: Timeout while waiting on RPC response - topic: "", RPC method: "" info: "" _raise_timeout /usr/local/lib/python2.7/dist-packages/oslo_messaging/_drivers/impl_rabbit.py:1054
2017-03-30 07:40:14.112 26963 DEBUG oslo.messaging._drivers.impl_rabbit [-] Timed out waiting for RPC response: timed out _raise_timeout /usr/local/lib/python2.7/dist-packages/oslo_messaging/_drivers/impl_rabbit.py:1054
2017-03-30 07:40:14.113 26963 DEBUG oslo.messaging._drivers.impl_rabbit [-] Timed out waiting for RPC response: Timeout while waiting on RPC response - topic: "", RPC method: "" info: "" _raise_timeout /usr/local/lib/python2.7/dist-packages/oslo_messaging/_drivers/impl_rabbit.py:1054
2017-03-30 07:40:15.242 26965 INFO eventlet.wsgi.server [req-ebd52135-20fc-4df0-b738-d64beb8293f1 - - - - -] 127.0.0.1 "GET /v1/nodes/e1369efa-5391-5035-8533-3a065c44a584 HTTP/1.1" status: 200 len: 1797 time: 0.0160780
2017-03-30 07:40:15.356 26966 INFO eventlet.wsgi.server [req-2fde65c7-0687-4835-ba71-eb32d42493c5 - - - - -] 127.0.0.1 "GET /v1/nodes/c1a56cb3-fcef-59d5-8105-7e6815154f70 HTTP/1.1" status: 200 len: 1794 time: 0.0135379
2017-03-30 07:40:16.184 26965 DEBUG oslo.messaging._drivers.impl_rabbit [-] Timed out waiting for RPC response: timed out _raise_timeout /usr/local/lib/python2.7/dist-packages/oslo_messaging/_drivers/impl_rabbit.py:1054
2017-03-30 07:40:16.185 26965 DEBUG oslo.messaging._drivers.impl_rabbit [-] Timed out waiting for RPC response: Timeout while waiting on RPC response - topic: "", RPC method: "" info: "" _raise_timeout /usr/local/lib/python2.7/dist-packages/oslo_messaging/_drivers/impl_rabbit.py:1054
2017-03-30 07:40:17.250 26966 INFO eventlet.wsgi.server [req-6fc76cde-ecdf-4337-8746-9d6822f6c378 - - - - -] 127.0.0.1 "GET /v1/nodes/72010e8e-a3bd-519e-92fa-a69484f8298f HTTP/1.1" status: 200 len: 1794 time: 1.7708309
2017-03-30 07:40:20.002 26965 INFO eventlet.wsgi.server [req-5a65d4dc-29f6-48c2-aac9-e5597454853a - - - - -] 127.0.0.1 "PATCH /v1/nodes/e1369efa-5391-5035-8533-3a065c44a584 HTTP/1.1" status: 200 len: 1962 time: 4.7563550
2017-03-30 07:40:20.003 26965 DEBUG oslo.messaging._drivers.impl_rabbit [-] Timed out waiting for RPC response: timed out _raise_timeout /usr/local/lib/python2.7/dist-packages/oslo_messaging/_drivers/impl_rabbit.py:1054
2017-03-30 07:40:20.003 26965 DEBUG oslo.messaging._drivers.impl_rabbit [-] Timed out waiting for RPC response: Timeout while waiting on RPC response - topic: "", RPC method: "" info: "" _raise_timeout /usr/local/lib/python2.7/dist-packages/oslo_messaging/_drivers/impl_rabbit.py:1054
2017-03-30 07:40:20.089 26965 INFO eventlet.wsgi.server [req-687fb6a1-578d-4feb-b98d-b031fa69eeeb - - - - -] 127.0.0.1 "GET /v1/nodes/e1369efa-5391-5035-8533-3a065c44a584/validate HTTP/1.1" status: 200 len: 656 time: 0.0821760
2017-03-30 07:40:20.089 26965 DEBUG oslo.messaging._drivers.impl_rabbit [-] Timed out waiting for RPC response: timed out _raise_timeout /usr/local/lib/python2.7/dist-packages/oslo_messaging/_drivers/impl_rabbit.py:1054
2017-03-30 07:40:20.090 26965 DEBUG oslo.messaging._drivers.impl_rabbit [-] Timed out waiting for RPC response: Timeout while waiting on RPC response - topic: "", RPC method: "" info: "" _raise_timeout /usr/local/lib/python2.7/dist-packages/oslo_messaging/_drivers/impl_rabbit.py:1054
2017-03-30 07:40:20.118 26965 WARNING ironic.objects.base [req-c2465076-1caa-4725-a1a2-701d2f2c6871 - - - - -] Entity http://192.168.122.1:8080/configdrive-e1369efa-5391-5035-8533-3a065c44a584.iso.gz was not serialized.
2017-03-30 07:40:20.756 26966 INFO eventlet.wsgi.server [req-f25404d8-9663-4f79-acad-0bcd401490b5 - - - - -] 127.0.0.1 "PATCH /v1/nodes/c1a56cb3-fcef-59d5-8105-7e6815154f70 HTTP/1.1" status: 200 len: 1959 time: 5.3950448
2017-03-30 07:40:20.767 26966 INFO eventlet.wsgi.server [req-3c3e13ec-bacc-45c9-ba82-662655237dcc - - - - -] 127.0.0.1 "PATCH /v1/nodes/72010e8e-a3bd-519e-92fa-a69484f8298f HTTP/1.1" status: 200 len: 1959 time: 3.5115201
2017-03-30 07:40:20.782 26966 DEBUG oslo.messaging._drivers.impl_rabbit [-] Timed out waiting for RPC response: timed out _raise_timeout /usr/local/lib/python2.7/dist-packages/oslo_messaging/_drivers/impl_rabbit.py:1054
2017-03-30 07:40:20.783 26966 DEBUG oslo.messaging._drivers.impl_rabbit [-] Timed out waiting for RPC response: Timeout while waiting on RPC response - topic: "", RPC method: "" info: "" _raise_timeout /usr/local/lib/python2.7/dist-packages/oslo_messaging/_drivers/impl_rabbit.py:1054
2017-03-30 07:40:20.881 26966 INFO eventlet.wsgi.server [req-6fd8f316-8bbd-4ead-8795-f0b6cf6c67fd - - - - -] 127.0.0.1 "GET /v1/nodes/c1a56cb3-fcef-59d5-8105-7e6815154f70/validate HTTP/1.1" status: 200 len: 656 time: 0.1129911
