2017-03-22 02:32:45.481 22486 INFO eventlet.wsgi.server [req-813f73ba-76dc-4252-8d6b-7fa4fb20e2f9 - - - - -] 127.0.0.1 "GET /v1/nodes/c1a56cb3-fcef-59d5-8105-7e6815154f70/ports HTTP/1.1" status: 200 len: 623 time: 0.0375969
2017-03-22 02:32:46.199 22487 INFO eventlet.wsgi.server [req-9b869113-086e-4b2e-9a7b-08ad10ebbc1f - - - - -] 127.0.0.1 "GET /v1/nodes/e1369efa-5391-5035-8533-3a065c44a584 HTTP/1.1" status: 200 len: 1775 time: 0.0280020
2017-03-22 02:32:46.586 22485 INFO eventlet.wsgi.server [req-16bc4ed1-7691-41ee-8b9d-8deb8b5028d0 - - - - -] 127.0.0.1 "GET /v1/nodes/72010e8e-a3bd-519e-92fa-a69484f8298f HTTP/1.1" status: 200 len: 1766 time: 0.0283241
2017-03-22 02:32:46.612 22485 INFO eventlet.wsgi.server [req-ac7b3779-782c-4d97-ac4b-0052a1ac07ac - - - - -] 127.0.0.1 "GET /v1/nodes/c1a56cb3-fcef-59d5-8105-7e6815154f70 HTTP/1.1" status: 200 len: 1773 time: 0.0227458
2017-03-22 02:32:47.265 22479 INFO eventlet.wsgi.server [req-0ae76ff7-0733-4705-9d13-5a7afb827a96 - - - - -] 127.0.0.1 "PUT /v1/nodes/72010e8e-a3bd-519e-92fa-a69484f8298f/management/boot_device HTTP/1.1" status: 204 len: 300 time: 6.1153810
2017-03-22 02:32:47.431 22479 INFO eventlet.wsgi.server [req-66f8da43-9948-424b-8c1b-de25c123caca - - - - -] 127.0.0.1 "PUT /v1/nodes/72010e8e-a3bd-519e-92fa-a69484f8298f/states/power HTTP/1.1" status: 202 len: 384 time: 0.1616759
2017-03-22 02:32:48.228 22487 INFO eventlet.wsgi.server [req-2b551c04-5e0f-4fb6-b055-5db104e2472c - - - - -] 127.0.0.1 "GET /v1/nodes/e1369efa-5391-5035-8533-3a065c44a584 HTTP/1.1" status: 200 len: 1775 time: 0.0231180
2017-03-22 02:32:48.620 22485 INFO eventlet.wsgi.server [req-866db4ff-7d8f-4f0b-b776-550d4f789013 - - - - -] 127.0.0.1 "GET /v1/nodes/72010e8e-a3bd-519e-92fa-a69484f8298f HTTP/1.1" status: 200 len: 1772 time: 0.0283341
2017-03-22 02:32:48.643 22485 INFO eventlet.wsgi.server [req-83be3716-396f-4c35-98ba-d7f48d7fa3e8 - - - - -] 127.0.0.1 "GET /v1/nodes/c1a56cb3-fcef-59d5-8105-7e6815154f70 HTTP/1.1" status: 200 len: 1773 time: 0.0219378
2017-03-22 02:32:50.264 22487 INFO eventlet.wsgi.server [req-c1b61efc-ddc8-4a00-abea-aa31ea8c29a2 - - - - -] 127.0.0.1 "GET /v1/nodes/e1369efa-5391-5035-8533-3a065c44a584 HTTP/1.1" status: 200 len: 1775 time: 0.0314009
2017-03-22 02:32:50.658 22485 INFO eventlet.wsgi.server [req-6f851555-86b8-4b82-ad98-b78d1226943b - - - - -] 127.0.0.1 "GET /v1/nodes/72010e8e-a3bd-519e-92fa-a69484f8298f HTTP/1.1" status: 200 len: 1772 time: 0.0307460
2017-03-22 02:32:50.682 22485 INFO eventlet.wsgi.server [req-6bdeb036-c66d-4fe1-ae84-78fcd69da640 - - - - -] 127.0.0.1 "GET /v1/nodes/c1a56cb3-fcef-59d5-8105-7e6815154f70 HTTP/1.1" status: 200 len: 1773 time: 0.0234082
2017-03-22 02:32:52.298 22487 INFO eventlet.wsgi.server [req-81fab5e7-bf9d-4904-838b-fea8a29e9af8 - - - - -] 127.0.0.1 "GET /v1/nodes/e1369efa-5391-5035-8533-3a065c44a584 HTTP/1.1" status: 200 len: 1775 time: 0.0293040
2017-03-22 02:32:52.658 22486 INFO eventlet.wsgi.server [req-3c24edc6-fd36-4c7e-9f3c-122aa7c8c9c7 - - - - -] 127.0.0.1 "PUT /v1/nodes/c1a56cb3-fcef-59d5-8105-7e6815154f70/management/boot_device HTTP/1.1" status: 204 len: 300 time: 7.0121741
2017-03-22 02:32:52.689 22485 INFO eventlet.wsgi.server [req-119bbe9f-f03e-4c32-b108-982ba60b28dd - - - - -] 127.0.0.1 "GET /v1/nodes/72010e8e-a3bd-519e-92fa-a69484f8298f HTTP/1.1" status: 200 len: 1772 time: 0.0284350
2017-03-22 02:32:52.716 22485 INFO eventlet.wsgi.server [req-e4e105ff-0f11-42c4-8e33-6fe7bdc4c879 - - - - -] 127.0.0.1 "GET /v1/nodes/c1a56cb3-fcef-59d5-8105-7e6815154f70 HTTP/1.1" status: 200 len: 1753 time: 0.0253880
2017-03-22 02:32:52.892 22486 INFO eventlet.wsgi.server [req-701b2599-2645-4c14-9fcc-7df7ca97e46d - - - - -] 127.0.0.1 "PUT /v1/nodes/c1a56cb3-fcef-59d5-8105-7e6815154f70/states/power HTTP/1.1" status: 202 len: 384 time: 0.2302291
2017-03-22 02:32:54.331 22487 INFO eventlet.wsgi.server [req-2e962d1c-5916-4a51-9f88-d04f237f4c81 - - - - -] 127.0.0.1 "GET /v1/nodes/e1369efa-5391-5035-8533-3a065c44a584 HTTP/1.1" status: 200 len: 1775 time: 0.0287311
2017-03-22 02:32:54.720 22485 INFO eventlet.wsgi.server [req-2fd36026-7ef6-4b2f-ab3a-00ffa0069ccb - - - - -] 127.0.0.1 "GET /v1/nodes/72010e8e-a3bd-519e-92fa-a69484f8298f HTTP/1.1" status: 200 len: 1772 time: 0.0277441
2017-03-22 02:32:54.745 22485 INFO eventlet.wsgi.server [req-cbe9e8c9-2ed0-4a1e-82de-68071022a6e1 - - - - -] 127.0.0.1 "GET /v1/nodes/c1a56cb3-fcef-59d5-8105-7e6815154f70 HTTP/1.1" status: 200 len: 1779 time: 0.0235510
2017-03-22 02:32:56.366 22487 INFO eventlet.wsgi.server [req-5e2746df-eb37-49d7-866a-527401c7e513 - - - - -] 127.0.0.1 "GET /v1/nodes/e1369efa-5391-5035-8533-3a065c44a584 HTTP/1.1" status: 200 len: 1775 time: 0.0295088
2017-03-22 02:32:56.752 22485 INFO eventlet.wsgi.server [req-4218f276-3c87-4e88-8ea0-4cb82c246e4d - - - - -] 127.0.0.1 "GET /v1/nodes/72010e8e-a3bd-519e-92fa-a69484f8298f HTTP/1.1" status: 200 len: 1772 time: 0.0280499
2017-03-22 02:32:56.775 22485 INFO eventlet.wsgi.server [req-404a11ef-f0d8-4a9b-b618-de9ca9be9da2 - - - - -] 127.0.0.1 "GET /v1/nodes/c1a56cb3-fcef-59d5-8105-7e6815154f70 HTTP/1.1" status: 200 len: 1779 time: 0.0222819
2017-03-22 02:32:58.400 22487 INFO eventlet.wsgi.server [req-c10dfd8d-b4fa-4836-bfc3-2fc400ea7ad7 - - - - -] 127.0.0.1 "GET /v1/nodes/e1369efa-5391-5035-8533-3a065c44a584 HTTP/1.1" status: 200 len: 1775 time: 0.0297458
2017-03-22 02:32:58.783 22485 INFO eventlet.wsgi.server [req-b6442682-35fd-4ce3-8c78-1c952bca886b - - - - -] 127.0.0.1 "GET /v1/nodes/72010e8e-a3bd-519e-92fa-a69484f8298f HTTP/1.1" status: 200 len: 1772 time: 0.0284469
2017-03-22 02:32:58.807 22485 INFO eventlet.wsgi.server [req-43c8f5cb-02f8-42aa-b53f-ce79059c4d0a - - - - -] 127.0.0.1 "GET /v1/nodes/c1a56cb3-fcef-59d5-8105-7e6815154f70 HTTP/1.1" status: 200 len: 1779 time: 0.0235200
2017-03-22 02:33:00.433 22487 INFO eventlet.wsgi.server [req-9cbb6ea8-2373-419e-ae02-420943ea2865 - - - - -] 127.0.0.1 "GET /v1/nodes/e1369efa-5391-5035-8533-3a065c44a584 HTTP/1.1" status: 200 len: 1775 time: 0.0281410
2017-03-22 02:33:00.813 22485 INFO eventlet.wsgi.server [req-937ea758-357b-49b0-aa0f-96dd23cee241 - - - - -] 127.0.0.1 "GET /v1/nodes/72010e8e-a3bd-519e-92fa-a69484f8298f HTTP/1.1" status: 200 len: 1772 time: 0.0273261
2017-03-22 02:33:00.836 22485 INFO eventlet.wsgi.server [req-be7dfc4e-4906-4d3f-80ca-346736ae9786 - - - - -] 127.0.0.1 "GET /v1/nodes/c1a56cb3-fcef-59d5-8105-7e6815154f70 HTTP/1.1" status: 200 len: 1779 time: 0.0223310
2017-03-22 02:33:02.466 22487 INFO eventlet.wsgi.server [req-104bb059-915f-41d7-8a8c-7ae69480651b - - - - -] 127.0.0.1 "GET /v1/nodes/e1369efa-5391-5035-8533-3a065c44a584 HTTP/1.1" status: 200 len: 1775 time: 0.0281129
2017-03-22 02:33:02.844 22485 INFO eventlet.wsgi.server [req-cf247d56-e087-41eb-89fe-5a11090b9b22 - - - - -] 127.0.0.1 "GET /v1/nodes/72010e8e-a3bd-519e-92fa-a69484f8298f HTTP/1.1" status: 200 len: 1772 time: 0.0281372
2017-03-22 02:33:02.867 22485 INFO eventlet.wsgi.server [req-3250509e-c17c-4955-b786-3e7ed7e42fd0 - - - - -] 127.0.0.1 "GET /v1/nodes/c1a56cb3-fcef-59d5-8105-7e6815154f70 HTTP/1.1" status: 200 len: 1779 time: 0.0219951
2017-03-22 02:33:04.500 22487 INFO eventlet.wsgi.server [req-c03c4f94-2fda-4d62-a8ca-88c57462aca8 - - - - -] 127.0.0.1 "GET /v1/nodes/e1369efa-5391-5035-8533-3a065c44a584 HTTP/1.1" status: 200 len: 1775 time: 0.0290661
2017-03-22 02:33:04.874 22485 INFO eventlet.wsgi.server [req-87545377-3353-4226-9080-8971c00b0825 - - - - -] 127.0.0.1 "GET /v1/nodes/72010e8e-a3bd-519e-92fa-a69484f8298f HTTP/1.1" status: 200 len: 1772 time: 0.0262051
2017-03-22 02:33:04.897 22485 INFO eventlet.wsgi.server [req-c10ad97f-4dc0-4cd6-9094-ef52c364b891 - - - - -] 127.0.0.1 "GET /v1/nodes/c1a56cb3-fcef-59d5-8105-7e6815154f70 HTTP/1.1" status: 200 len: 1779 time: 0.0212910
2017-03-22 02:33:06.535 22487 INFO eventlet.wsgi.server [req-a61a7dc8-87c1-4c0e-a251-bdd5cb60aede - - - - -] 127.0.0.1 "GET /v1/nodes/e1369efa-5391-5035-8533-3a065c44a584 HTTP/1.1" status: 200 len: 1775 time: 0.0299602
2017-03-22 02:33:06.906 22485 INFO eventlet.wsgi.server [req-e4ba1b6d-f2a5-4939-8db9-cbeba6a8d008 - - - - -] 127.0.0.1 "GET /v1/nodes/72010e8e-a3bd-519e-92fa-a69484f8298f HTTP/1.1" status: 200 len: 1772 time: 0.0286350
2017-03-22 02:33:06.929 22485 INFO eventlet.wsgi.server [req-41660132-d2ee-4c53-b18f-8f47f03d3267 - - - - -] 127.0.0.1 "GET /v1/nodes/c1a56cb3-fcef-59d5-8105-7e6815154f70 HTTP/1.1" status: 200 len: 1779 time: 0.0217600
2017-03-22 02:33:08.568 22487 INFO eventlet.wsgi.server [req-8cab71ef-3c8f-4b44-9719-893d9e48b18a - - - - -] 127.0.0.1 "GET /v1/nodes/e1369efa-5391-5035-8533-3a065c44a584 HTTP/1.1" status: 200 len: 1755 time: 0.0288730
2017-03-22 02:33:08.939 22485 INFO eventlet.wsgi.server [req-fc630dab-54f0-4341-8252-9033bf0684bf - - - - -] 127.0.0.1 "GET /v1/nodes/72010e8e-a3bd-519e-92fa-a69484f8298f HTTP/1.1" status: 200 len: 1772 time: 0.0303202
2017-03-22 02:33:08.962 22485 INFO eventlet.wsgi.server [req-163598bf-166d-4437-9da1-fe085d740c9e - - - - -] 127.0.0.1 "GET /v1/nodes/c1a56cb3-fcef-59d5-8105-7e6815154f70 HTTP/1.1" status: 200 len: 1779 time: 0.0213430
2017-03-22 02:33:10.602 22487 INFO eventlet.wsgi.server [req-e4259535-ecea-4860-b473-9b8a3b098edd - - - - -] 127.0.0.1 "GET /v1/nodes/e1369efa-5391-5035-8533-3a065c44a584 HTTP/1.1" status: 200 len: 1755 time: 0.0288260
2017-03-22 02:33:10.975 22485 INFO eventlet.wsgi.server [req-a7f06b03-d8cb-4f02-9081-d513156b9341 - - - - -] 127.0.0.1 "GET /v1/nodes/72010e8e-a3bd-519e-92fa-a69484f8298f HTTP/1.1" status: 200 len: 1772 time: 0.0312788
2017-03-22 02:33:10.998 22485 INFO eventlet.wsgi.server [req-5aff0207-2c03-4323-b87e-1295581601c8 - - - - -] 127.0.0.1 "GET /v1/nodes/c1a56cb3-fcef-59d5-8105-7e6815154f70 HTTP/1.1" status: 200 len: 1779 time: 0.0226319
2017-03-22 02:33:12.637 22487 INFO eventlet.wsgi.server [req-a9ab87c2-5130-446c-bcd0-a9e7d6d85936 - - - - -] 127.0.0.1 "GET /v1/nodes/e1369efa-5391-5035-8533-3a065c44a584 HTTP/1.1" status: 200 len: 1755 time: 0.0298519
2017-03-22 02:33:13.005 22485 INFO eventlet.wsgi.server [req-db22f86b-60cc-4c42-ba2f-48802891ace3 - - - - -] 127.0.0.1 "GET /v1/nodes/72010e8e-a3bd-519e-92fa-a69484f8298f HTTP/1.1" status: 200 len: 1772 time: 0.0275910
2017-03-22 02:33:13.028 22485 INFO eventlet.wsgi.server [req-0763f409-76c5-4388-9551-4298d40da508 - - - - -] 127.0.0.1 "GET /v1/nodes/c1a56cb3-fcef-59d5-8105-7e6815154f70 HTTP/1.1" status: 200 len: 1779 time: 0.0213718
2017-03-22 02:33:14.670 22487 INFO eventlet.wsgi.server [req-92cdeaba-701e-420d-83be-049632f60904 - - - - -] 127.0.0.1 "GET /v1/nodes/e1369efa-5391-5035-8533-3a065c44a584 HTTP/1.1" status: 200 len: 1755 time: 0.0294371
2017-03-22 02:33:15.025 22485 INFO eventlet.wsgi.server [req-df3bdd50-cb3d-481f-bb7e-ed90135e45d8 - - - - -] 127.0.0.1 "GET /v1/nodes/72010e8e-a3bd-519e-92fa-a69484f8298f HTTP/1.1" status: 200 len: 1752 time: 0.0170510
2017-03-22 02:33:15.049 22485 INFO eventlet.wsgi.server [req-db3012b7-1542-492d-9653-3a3ef416bd49 - - - - -] 127.0.0.1 "GET /v1/nodes/c1a56cb3-fcef-59d5-8105-7e6815154f70 HTTP/1.1" status: 200 len: 1779 time: 0.0153069
2017-03-22 02:33:16.707 22487 INFO eventlet.wsgi.server [req-312effa1-c6f9-4fd8-b0ca-57185fc2e67d - - - - -] 127.0.0.1 "GET /v1/nodes/e1369efa-5391-5035-8533-3a065c44a584 HTTP/1.1" status: 200 len: 1755 time: 0.0306599
2017-03-22 02:33:17.058 22485 INFO eventlet.wsgi.server [req-b31bd883-14be-4a8e-99ab-95c0282a430a - - - - -] 127.0.0.1 "GET /v1/nodes/72010e8e-a3bd-519e-92fa-a69484f8298f HTTP/1.1" status: 200 len: 1752 time: 0.0294151
2017-03-22 02:33:17.081 22485 INFO eventlet.wsgi.server [req-0ce40f1b-69d8-4495-bd70-f2a60e3aabab - - - - -] 127.0.0.1 "GET /v1/nodes/c1a56cb3-fcef-59d5-8105-7e6815154f70 HTTP/1.1" status: 200 len: 1779 time: 0.0214670
2017-03-22 02:33:18.729 22487 INFO eventlet.wsgi.server [req-6a5094c3-5a2c-45b2-9738-36f6ca4a3c58 - - - - -] 127.0.0.1 "GET /v1/nodes/e1369efa-5391-5035-8533-3a065c44a584 HTTP/1.1" status: 200 len: 1755 time: 0.0190170
2017-03-22 02:33:19.091 22485 INFO eventlet.wsgi.server [req-c95079cb-367e-48ae-b322-a7f59be2fe98 - - - - -] 127.0.0.1 "GET /v1/nodes/72010e8e-a3bd-519e-92fa-a69484f8298f HTTP/1.1" status: 200 len: 1752 time: 0.0293281
2017-03-22 02:33:19.115 22485 INFO eventlet.wsgi.server [req-9f91c6aa-f909-49c6-a015-2375793f1e67 - - - - -] 127.0.0.1 "GET /v1/nodes/c1a56cb3-fcef-59d5-8105-7e6815154f70 HTTP/1.1" status: 200 len: 1752 time: 0.0227151
2017-03-22 02:33:20.763 22487 INFO eventlet.wsgi.server [req-6a4b2c4d-8380-4f37-88c6-9bfa29adea40 - - - - -] 127.0.0.1 "GET /v1/nodes/e1369efa-5391-5035-8533-3a065c44a584 HTTP/1.1" status: 200 len: 1755 time: 0.0295999
2017-03-22 02:33:21.120 22485 INFO eventlet.wsgi.server [req-df07f8e1-5611-4cf9-bd01-21682426a5ed - - - - -] 127.0.0.1 "GET /v1/nodes/72010e8e-a3bd-519e-92fa-a69484f8298f HTTP/1.1" status: 200 len: 1752 time: 0.0264950
2017-03-22 02:33:21.144 22485 INFO eventlet.wsgi.server [req-ca2d4fbe-4287-438b-8e18-51c4d529a09c - - - - -] 127.0.0.1 "GET /v1/nodes/c1a56cb3-fcef-59d5-8105-7e6815154f70 HTTP/1.1" status: 200 len: 1752 time: 0.0228150
2017-03-22 02:33:22.788 22487 INFO eventlet.wsgi.server [req-91031ef7-9946-4c38-8538-eee33dff44f9 - - - - -] 127.0.0.1 "GET /v1/nodes/e1369efa-5391-5035-8533-3a065c44a584 HTTP/1.1" status: 200 len: 1755 time: 0.0210948
2017-03-22 02:33:23.153 22485 INFO eventlet.wsgi.server [req-2f6de29a-e597-4eb1-9fc2-a01693377fb2 - - - - -] 127.0.0.1 "GET /v1/nodes/72010e8e-a3bd-519e-92fa-a69484f8298f HTTP/1.1" status: 200 len: 1752 time: 0.0295491
2017-03-22 02:33:23.177 22485 INFO eventlet.wsgi.server [req-adea9300-c794-43bc-b819-8f9e8cfa7834 - - - - -] 127.0.0.1 "GET /v1/nodes/c1a56cb3-fcef-59d5-8105-7e6815154f70 HTTP/1.1" status: 200 len: 1752 time: 0.0224590
2017-03-22 02:33:24.812 22487 INFO eventlet.wsgi.server [req-d2aa8753-6857-4df6-9552-cde5bf4ac59a - - - - -] 127.0.0.1 "GET /v1/nodes/e1369efa-5391-5035-8533-3a065c44a584 HTTP/1.1" status: 200 len: 1755 time: 0.0193400
2017-03-22 02:33:25.185 22485 INFO eventlet.wsgi.server [req-d5d4baca-0673-4000-83c6-e8aacec2cbc0 - - - - -] 127.0.0.1 "GET /v1/nodes/72010e8e-a3bd-519e-92fa-a69484f8298f HTTP/1.1" status: 200 len: 1752 time: 0.0288441
2017-03-22 02:33:25.209 22485 INFO eventlet.wsgi.server [req-d0d56d81-8942-43b3-b092-9691e83fea60 - - - - -] 127.0.0.1 "GET /v1/nodes/c1a56cb3-fcef-59d5-8105-7e6815154f70 HTTP/1.1" status: 200 len: 1752 time: 0.0234840
2017-03-22 02:33:26.851 22487 INFO eventlet.wsgi.server [req-981ece98-2377-437c-b39d-14bad6466de5 - - - - -] 127.0.0.1 "GET /v1/nodes/e1369efa-5391-5035-8533-3a065c44a584 HTTP/1.1" status: 200 len: 1755 time: 0.0344851
2017-03-22 02:33:27.217 22485 INFO eventlet.wsgi.server [req-9ac5b345-9f70-4391-911e-c814f2a6a740 - - - - -] 127.0.0.1 "GET /v1/nodes/72010e8e-a3bd-519e-92fa-a69484f8298f HTTP/1.1" status: 200 len: 1752 time: 0.0295749
2017-03-22 02:33:27.245 22485 INFO eventlet.wsgi.server [req-9706dfa8-28c9-4c3b-b013-157dea45f936 - - - - -] 127.0.0.1 "GET /v1/nodes/c1a56cb3-fcef-59d5-8105-7e6815154f70 HTTP/1.1" status: 200 len: 1752 time: 0.0262201
2017-03-22 02:33:28.887 22487 INFO eventlet.wsgi.server [req-d0f42e70-8b75-42bd-9ad6-80eff8e3440f - - - - -] 127.0.0.1 "GET /v1/nodes/e1369efa-5391-5035-8533-3a065c44a584 HTTP/1.1" status: 200 len: 1755 time: 0.0285630
2017-03-22 02:33:29.252 22485 INFO eventlet.wsgi.server [req-68fd25aa-8fcc-447b-8745-6e90a9abcfca - - - - -] 127.0.0.1 "GET /v1/nodes/72010e8e-a3bd-519e-92fa-a69484f8298f HTTP/1.1" status: 200 len: 1752 time: 0.0300560
2017-03-22 02:33:29.275 22485 INFO eventlet.wsgi.server [req-f8c752e9-a29b-48c4-acb3-cf6d5992671b - - - - -] 127.0.0.1 "GET /v1/nodes/c1a56cb3-fcef-59d5-8105-7e6815154f70 HTTP/1.1" status: 200 len: 1752 time: 0.0222261
2017-03-22 02:33:30.927 22487 INFO eventlet.wsgi.server [req-0682092a-20df-4ed3-a24a-31aeb57b2a69 - - - - -] 127.0.0.1 "GET /v1/nodes/e1369efa-5391-5035-8533-3a065c44a584 HTTP/1.1" status: 200 len: 1755 time: 0.0333850
2017-03-22 02:33:31.288 22485 INFO eventlet.wsgi.server [req-8afe2b12-8f09-4652-9bec-3a8505b1a0ba - - - - -] 127.0.0.1 "GET /v1/nodes/72010e8e-a3bd-519e-92fa-a69484f8298f HTTP/1.1" status: 200 len: 1752 time: 0.0322349
2017-03-22 02:33:31.312 22485 INFO eventlet.wsgi.server [req-5d156e35-00e5-4377-a35e-dc796001cc4e - - - - -] 127.0.0.1 "GET /v1/nodes/c1a56cb3-fcef-59d5-8105-7e6815154f70 HTTP/1.1" status: 200 len: 1752 time: 0.0228760
2017-03-22 02:33:31.393 22487 INFO eventlet.wsgi.server [req-748d679a-b143-4ed0-9828-d78fd62af387 - - - - -] 127.0.0.1 "GET /v1/nodes/e1369efa-5391-5035-8533-3a065c44a584 HTTP/1.1" status: 200 len: 1774 time: 0.0337119
2017-03-22 02:33:31.487 22487 INFO eventlet.wsgi.server [req-4d2c60fc-03ca-4fb2-9dcf-5043f912fb2f - - - - -] 127.0.0.1 "GET /v1/nodes/e1369efa-5391-5035-8533-3a065c44a584/ports HTTP/1.1" status: 200 len: 623 time: 0.0430350
2017-03-22 02:33:31.653 22487 INFO eventlet.wsgi.server [req-f44aaa8c-29eb-4f86-8afc-de36c26fc885 - - - - -] 127.0.0.1 "PATCH /v1/nodes/e1369efa-5391-5035-8533-3a065c44a584 HTTP/1.1" status: 200 len: 1774 time: 0.1577430
2017-03-22 02:33:31.858 22487 INFO eventlet.wsgi.server [req-0289c1bd-606c-4c19-a271-94f102f0e7f1 - - - - -] 127.0.0.1 "PATCH /v1/nodes/e1369efa-5391-5035-8533-3a065c44a584 HTTP/1.1" status: 200 len: 1824 time: 0.1987231
2017-03-22 02:33:32.098 22488 WARNING oslo_config.cfg [req-fd6b8d13-80e8-495d-b994-8faec7e0f07c - - - - -] Option "rabbit_userid" from group "DEFAULT" is deprecated. Use option "rabbit_userid" from group "oslo_messaging_rabbit".
2017-03-22 02:33:32.099 22488 WARNING oslo_config.cfg [req-fd6b8d13-80e8-495d-b994-8faec7e0f07c - - - - -] Option "rabbit_userid" from group "oslo_messaging_rabbit" is deprecated for removal. Its value may be silently ignored in the future.
2017-03-22 02:33:32.099 22488 WARNING oslo_config.cfg [req-fd6b8d13-80e8-495d-b994-8faec7e0f07c - - - - -] Option "rabbit_password" from group "DEFAULT" is deprecated. Use option "rabbit_password" from group "oslo_messaging_rabbit".
2017-03-22 02:33:32.099 22488 WARNING oslo_config.cfg [req-fd6b8d13-80e8-495d-b994-8faec7e0f07c - - - - -] Option "rabbit_password" from group "oslo_messaging_rabbit" is deprecated for removal. Its value may be silently ignored in the future.
2017-03-22 02:33:32.256 22488 INFO eventlet.wsgi.server [req-fd6b8d13-80e8-495d-b994-8faec7e0f07c - - - - -] 127.0.0.1 "PUT /v1/nodes/e1369efa-5391-5035-8533-3a065c44a584/states/power HTTP/1.1" status: 202 len: 384 time: 0.3570991
2017-03-22 02:33:32.961 22487 INFO eventlet.wsgi.server [req-0bef0e72-aba4-4a68-9f49-fbcd88b8b57e - - - - -] 127.0.0.1 "GET /v1/nodes/e1369efa-5391-5035-8533-3a065c44a584 HTTP/1.1" status: 200 len: 1832 time: 0.0289071
2017-03-22 02:33:33.321 22485 INFO eventlet.wsgi.server [req-02477a43-b329-4328-a4d1-d60bb9f92bca - - - - -] 127.0.0.1 "GET /v1/nodes/72010e8e-a3bd-519e-92fa-a69484f8298f HTTP/1.1" status: 200 len: 1752 time: 0.0293980
2017-03-22 02:33:33.346 22485 INFO eventlet.wsgi.server [req-34dd79aa-1adc-417a-bdfd-2aa5bd309a6a - - - - -] 127.0.0.1 "GET /v1/nodes/c1a56cb3-fcef-59d5-8105-7e6815154f70 HTTP/1.1" status: 200 len: 1752 time: 0.0237348
2017-03-22 02:33:34.999 22487 INFO eventlet.wsgi.server [req-fee891f0-0e92-4403-8f34-416ca40955ae - - - - -] 127.0.0.1 "GET /v1/nodes/e1369efa-5391-5035-8533-3a065c44a584 HTTP/1.1" status: 200 len: 1832 time: 0.0321131
2017-03-22 02:33:35.356 22485 INFO eventlet.wsgi.server [req-34d92ba9-e937-44e6-a931-9b2b2446edba - - - - -] 127.0.0.1 "GET /v1/nodes/72010e8e-a3bd-519e-92fa-a69484f8298f HTTP/1.1" status: 200 len: 1752 time: 0.0276480
2017-03-22 02:33:35.378 22485 INFO eventlet.wsgi.server [req-e97ae060-e6c1-4328-be21-e9ccb2fa1f71 - - - - -] 127.0.0.1 "GET /v1/nodes/c1a56cb3-fcef-59d5-8105-7e6815154f70 HTTP/1.1" status: 200 len: 1752 time: 0.0216630
2017-03-22 02:33:37.042 22487 INFO eventlet.wsgi.server [req-5a7b18bd-45aa-4210-8c9a-eea44076b441 - - - - -] 127.0.0.1 "GET /v1/nodes/e1369efa-5391-5035-8533-3a065c44a584 HTTP/1.1" status: 200 len: 1832 time: 0.0371830
2017-03-22 02:33:37.393 22485 INFO eventlet.wsgi.server [req-3a81a979-8887-4ade-bf79-4faa1a70842e - - - - -] 127.0.0.1 "GET /v1/nodes/72010e8e-a3bd-519e-92fa-a69484f8298f HTTP/1.1" status: 200 len: 1752 time: 0.0327549
2017-03-22 02:33:37.420 22485 INFO eventlet.wsgi.server [req-69b94b0f-0748-4f9f-8b3c-4ac665c1bd12 - - - - -] 127.0.0.1 "GET /v1/nodes/c1a56cb3-fcef-59d5-8105-7e6815154f70 HTTP/1.1" status: 200 len: 1752 time: 0.0260301
2017-03-22 02:33:37.627 22484 INFO eventlet.wsgi.server [req-b14b1513-4002-4988-a352-f4f84f9afb48 - - - - -] 127.0.0.1 "GET /v1/nodes HTTP/1.1" status: 200 len: 1481 time: 0.0611451
2017-03-22 02:33:39.079 22487 INFO eventlet.wsgi.server [req-e37a034f-fb5f-4563-8395-63876b18c0df - - - - -] 127.0.0.1 "GET /v1/nodes/e1369efa-5391-5035-8533-3a065c44a584 HTTP/1.1" status: 200 len: 1832 time: 0.0311880
2017-03-22 02:33:39.432 22485 INFO eventlet.wsgi.server [req-b87f3b6a-865a-4a42-82b4-cba4ae66382b - - - - -] 127.0.0.1 "GET /v1/nodes/72010e8e-a3bd-519e-92fa-a69484f8298f HTTP/1.1" status: 200 len: 1752 time: 0.0319018
2017-03-22 02:33:39.456 22485 INFO eventlet.wsgi.server [req-7491d1e3-1e23-4753-83da-cffbc1eddc82 - - - - -] 127.0.0.1 "GET /v1/nodes/c1a56cb3-fcef-59d5-8105-7e6815154f70 HTTP/1.1" status: 200 len: 1752 time: 0.0225761
2017-03-22 02:33:40.760 22484 INFO eventlet.wsgi.server [req-5633e5bf-8d53-4b6f-8aa9-ae62a46ad392 - - - - -] 127.0.0.1 "GET /v1/nodes/72010e8e-a3bd-519e-92fa-a69484f8298f HTTP/1.1" status: 200 len: 1771 time: 0.0293221
2017-03-22 02:33:40.853 22484 INFO eventlet.wsgi.server [req-11948995-4049-4551-994b-17d0a1c4e26b - - - - -] 127.0.0.1 "GET /v1/nodes/72010e8e-a3bd-519e-92fa-a69484f8298f/ports HTTP/1.1" status: 200 len: 623 time: 0.0418260
2017-03-22 02:33:40.892 22484 WARNING oslo_config.cfg [req-b1ef9b63-5bdf-4677-af82-fd4780d0c7a0 - - - - -] Option "rabbit_userid" from group "DEFAULT" is deprecated. Use option "rabbit_userid" from group "oslo_messaging_rabbit".
2017-03-22 02:33:40.892 22484 WARNING oslo_config.cfg [req-b1ef9b63-5bdf-4677-af82-fd4780d0c7a0 - - - - -] Option "rabbit_userid" from group "oslo_messaging_rabbit" is deprecated for removal. Its value may be silently ignored in the future.
2017-03-22 02:33:40.893 22484 WARNING oslo_config.cfg [req-b1ef9b63-5bdf-4677-af82-fd4780d0c7a0 - - - - -] Option "rabbit_password" from group "DEFAULT" is deprecated. Use option "rabbit_password" from group "oslo_messaging_rabbit".
2017-03-22 02:33:40.893 22484 WARNING oslo_config.cfg [req-b1ef9b63-5bdf-4677-af82-fd4780d0c7a0 - - - - -] Option "rabbit_password" from group "oslo_messaging_rabbit" is deprecated for removal. Its value may be silently ignored in the future.
2017-03-22 02:33:41.067 22484 INFO eventlet.wsgi.server [req-b1ef9b63-5bdf-4677-af82-fd4780d0c7a0 - - - - -] 127.0.0.1 "PATCH /v1/nodes/72010e8e-a3bd-519e-92fa-a69484f8298f HTTP/1.1" status: 200 len: 1771 time: 0.2110779
2017-03-22 02:33:41.117 22487 INFO eventlet.wsgi.server [req-dffd071f-9318-4691-99de-04b4d47fa3be - - - - -] 127.0.0.1 "GET /v1/nodes/e1369efa-5391-5035-8533-3a065c44a584 HTTP/1.1" status: 200 len: 1832 time: 0.0322320
2017-03-22 02:33:41.242 22484 INFO eventlet.wsgi.server [req-bd44f1a2-4c08-405f-828b-cbebaac27720 - - - - -] 127.0.0.1 "PATCH /v1/nodes/72010e8e-a3bd-519e-92fa-a69484f8298f HTTP/1.1" status: 200 len: 1821 time: 0.1714969
2017-03-22 02:33:41.370 22488 INFO eventlet.wsgi.server [req-ade283a7-788d-41e3-9aab-d0c006623bc1 - - - - -] 127.0.0.1 "PUT /v1/nodes/72010e8e-a3bd-519e-92fa-a69484f8298f/states/power HTTP/1.1" status: 202 len: 384 time: 0.1128380
2017-03-22 02:33:41.469 22485 INFO eventlet.wsgi.server [req-49b3af6b-af3b-4b97-a717-210608e5ef28 - - - - -] 127.0.0.1 "GET /v1/nodes/72010e8e-a3bd-519e-92fa-a69484f8298f HTTP/1.1" status: 200 len: 1829 time: 0.0303841
2017-03-22 02:33:41.492 22485 INFO eventlet.wsgi.server [req-be89719c-b9ff-41bd-aa37-031301a70ac4 - - - - -] 127.0.0.1 "GET /v1/nodes/c1a56cb3-fcef-59d5-8105-7e6815154f70 HTTP/1.1" status: 200 len: 1752 time: 0.0218530
2017-03-22 02:33:43.154 22487 INFO eventlet.wsgi.server [req-3c67021a-af50-4a7d-90a5-56857d881096 - - - - -] 127.0.0.1 "GET /v1/nodes/e1369efa-5391-5035-8533-3a065c44a584 HTTP/1.1" status: 200 len: 1806 time: 0.0302708
2017-03-22 02:33:43.504 22485 INFO eventlet.wsgi.server [req-e01e08d6-f8f2-4392-bde4-9b8343aea817 - - - - -] 127.0.0.1 "GET /v1/nodes/72010e8e-a3bd-519e-92fa-a69484f8298f HTTP/1.1" status: 200 len: 1829 time: 0.0303118
2017-03-22 02:33:43.528 22485 INFO eventlet.wsgi.server [req-8c2a16c2-68de-439c-b0b2-15c0ed4b3287 - - - - -] 127.0.0.1 "GET /v1/nodes/c1a56cb3-fcef-59d5-8105-7e6815154f70 HTTP/1.1" status: 200 len: 1752 time: 0.0230670
2017-03-22 02:33:45.187 22487 INFO eventlet.wsgi.server [req-f6a76d9e-6c7b-4fbe-ab85-821da2bc9706 - - - - -] 127.0.0.1 "GET /v1/nodes/e1369efa-5391-5035-8533-3a065c44a584 HTTP/1.1" status: 200 len: 1806 time: 0.0283809
2017-03-22 02:33:45.257 22481 INFO eventlet.wsgi.server [req-d69870ca-2042-41d7-81f0-161f28e7d2c3 - - - - -] 127.0.0.1 "GET /v1/nodes/c1a56cb3-fcef-59d5-8105-7e6815154f70 HTTP/1.1" status: 200 len: 1771 time: 0.1706431
2017-03-22 02:33:45.351 22481 INFO eventlet.wsgi.server [req-5bda31fe-c041-4106-8c47-50ec226843e6 - - - - -] 127.0.0.1 "GET /v1/nodes/c1a56cb3-fcef-59d5-8105-7e6815154f70/ports HTTP/1.1" status: 200 len: 623 time: 0.0387092
2017-03-22 02:33:45.388 22481 WARNING oslo_config.cfg [req-c50d2cfe-e6b0-475b-a054-67a79c072c28 - - - - -] Option "rabbit_userid" from group "DEFAULT" is deprecated. Use option "rabbit_userid" from group "oslo_messaging_rabbit".
2017-03-22 02:33:45.388 22481 WARNING oslo_config.cfg [req-c50d2cfe-e6b0-475b-a054-67a79c072c28 - - - - -] Option "rabbit_userid" from group "oslo_messaging_rabbit" is deprecated for removal. Its value may be silently ignored in the future.
2017-03-22 02:33:45.388 22481 WARNING oslo_config.cfg [req-c50d2cfe-e6b0-475b-a054-67a79c072c28 - - - - -] Option "rabbit_password" from group "DEFAULT" is deprecated. Use option "rabbit_password" from group "oslo_messaging_rabbit".
2017-03-22 02:33:45.389 22481 WARNING oslo_config.cfg [req-c50d2cfe-e6b0-475b-a054-67a79c072c28 - - - - -] Option "rabbit_password" from group "oslo_messaging_rabbit" is deprecated for removal. Its value may be silently ignored in the future.
2017-03-22 02:33:45.542 22485 INFO eventlet.wsgi.server [req-8534dc79-d2d4-458c-b3eb-8baa6a22cf79 - - - - -] 127.0.0.1 "GET /v1/nodes/72010e8e-a3bd-519e-92fa-a69484f8298f HTTP/1.1" status: 200 len: 1829 time: 0.0333459
2017-03-22 02:33:45.544 22481 INFO eventlet.wsgi.server [req-c50d2cfe-e6b0-475b-a054-67a79c072c28 - - - - -] 127.0.0.1 "PATCH /v1/nodes/c1a56cb3-fcef-59d5-8105-7e6815154f70 HTTP/1.1" status: 200 len: 1771 time: 0.1869130
2017-03-22 02:33:45.568 22485 INFO eventlet.wsgi.server [req-e11581bc-89ca-4f71-a332-3ef26d330f56 - - - - -] 127.0.0.1 "GET /v1/nodes/c1a56cb3-fcef-59d5-8105-7e6815154f70 HTTP/1.1" status: 200 len: 1752 time: 0.0245550
2017-03-22 02:33:45.738 22481 INFO eventlet.wsgi.server [req-0e959c08-5274-4fa6-a0de-7a78416be993 - - - - -] 127.0.0.1 "PATCH /v1/nodes/c1a56cb3-fcef-59d5-8105-7e6815154f70 HTTP/1.1" status: 200 len: 1821 time: 0.1863670
2017-03-22 02:33:45.791 22477 WARNING oslo_config.cfg [req-6f4acb1a-dc7a-41e4-899c-2490ca9e48c3 - - - - -] Option "rabbit_userid" from group "DEFAULT" is deprecated. Use option "rabbit_userid" from group "oslo_messaging_rabbit".
2017-03-22 02:33:45.791 22477 WARNING oslo_config.cfg [req-6f4acb1a-dc7a-41e4-899c-2490ca9e48c3 - - - - -] Option "rabbit_userid" from group "oslo_messaging_rabbit" is deprecated for removal. Its value may be silently ignored in the future.
2017-03-22 02:33:45.792 22477 WARNING oslo_config.cfg [req-6f4acb1a-dc7a-41e4-899c-2490ca9e48c3 - - - - -] Option "rabbit_password" from group "DEFAULT" is deprecated. Use option "rabbit_password" from group "oslo_messaging_rabbit".
2017-03-22 02:33:45.792 22477 WARNING oslo_config.cfg [req-6f4acb1a-dc7a-41e4-899c-2490ca9e48c3 - - - - -] Option "rabbit_password" from group "oslo_messaging_rabbit" is deprecated for removal. Its value may be silently ignored in the future.
2017-03-22 02:33:45.973 22477 INFO eventlet.wsgi.server [req-6f4acb1a-dc7a-41e4-899c-2490ca9e48c3 - - - - -] 127.0.0.1 "PUT /v1/nodes/c1a56cb3-fcef-59d5-8105-7e6815154f70/states/power HTTP/1.1" status: 202 len: 384 time: 0.2070429
2017-03-22 02:33:47.224 22487 INFO eventlet.wsgi.server [req-6bb8b186-e2cb-44ad-81b4-7e8304b80a9d - - - - -] 127.0.0.1 "GET /v1/nodes/e1369efa-5391-5035-8533-3a065c44a584 HTTP/1.1" status: 200 len: 1806 time: 0.0313079
2017-03-22 02:33:47.575 22485 INFO eventlet.wsgi.server [req-54fa4c82-aa60-4fb2-b0e5-4e900a10b6fe - - - - -] 127.0.0.1 "GET /v1/nodes/72010e8e-a3bd-519e-92fa-a69484f8298f HTTP/1.1" status: 200 len: 1829 time: 0.0271261
2017-03-22 02:33:47.597 22485 INFO eventlet.wsgi.server [req-d41e692a-5b1d-45a2-9751-21d35a5f9061 - - - - -] 127.0.0.1 "GET /v1/nodes/c1a56cb3-fcef-59d5-8105-7e6815154f70 HTTP/1.1" status: 200 len: 1829 time: 0.0203459
2017-03-22 02:33:49.242 22487 INFO eventlet.wsgi.server [req-8a6c4501-2829-4272-bf04-433e0e9d3992 - - - - -] 127.0.0.1 "GET /v1/nodes/e1369efa-5391-5035-8533-3a065c44a584 HTTP/1.1" status: 200 len: 1806 time: 0.0158060
2017-03-22 02:33:49.609 22485 INFO eventlet.wsgi.server [req-f94d9bf5-84a3-4ccc-9a6e-892a06669010 - - - - -] 127.0.0.1 "GET /v1/nodes/72010e8e-a3bd-519e-92fa-a69484f8298f HTTP/1.1" status: 200 len: 1829 time: 0.0286748
2017-03-22 02:33:49.632 22485 INFO eventlet.wsgi.server [req-ec589a95-8b2d-4d83-a436-325beea73e67 - - - - -] 127.0.0.1 "GET /v1/nodes/c1a56cb3-fcef-59d5-8105-7e6815154f70 HTTP/1.1" status: 200 len: 1829 time: 0.0222020
2017-03-22 02:33:51.278 22487 INFO eventlet.wsgi.server [req-f33efc1e-4cae-4dff-9651-6bd2061f193f - - - - -] 127.0.0.1 "GET /v1/nodes/e1369efa-5391-5035-8533-3a065c44a584 HTTP/1.1" status: 200 len: 1806 time: 0.0296099
2017-03-22 02:33:51.641 22485 INFO eventlet.wsgi.server [req-d574a3e2-825b-45a5-8d7a-9a52b0e2be0d - - - - -] 127.0.0.1 "GET /v1/nodes/72010e8e-a3bd-519e-92fa-a69484f8298f HTTP/1.1" status: 200 len: 1829 time: 0.0272510
2017-03-22 02:33:51.663 22485 INFO eventlet.wsgi.server [req-41f3aea6-c3b7-413d-8523-00749184c01b - - - - -] 127.0.0.1 "GET /v1/nodes/c1a56cb3-fcef-59d5-8105-7e6815154f70 HTTP/1.1" status: 200 len: 1829 time: 0.0206649
2017-03-22 02:33:53.314 22487 INFO eventlet.wsgi.server [req-7e2610e2-7d50-42b0-83df-e017b9c4b2aa - - - - -] 127.0.0.1 "GET /v1/nodes/e1369efa-5391-5035-8533-3a065c44a584 HTTP/1.1" status: 200 len: 1806 time: 0.0301442
2017-03-22 02:33:53.676 22485 INFO eventlet.wsgi.server [req-09822a1d-0d03-4b81-876a-f15029b92332 - - - - -] 127.0.0.1 "GET /v1/nodes/72010e8e-a3bd-519e-92fa-a69484f8298f HTTP/1.1" status: 200 len: 1829 time: 0.0295990
2017-03-22 02:33:53.699 22485 INFO eventlet.wsgi.server [req-06f7cd3c-b3b8-4bf5-86bf-a63eb08bf850 - - - - -] 127.0.0.1 "GET /v1/nodes/c1a56cb3-fcef-59d5-8105-7e6815154f70 HTTP/1.1" status: 200 len: 1829 time: 0.0219789
2017-03-22 02:33:55.350 22487 INFO eventlet.wsgi.server [req-5cde2b32-19ef-42aa-aa02-ee8422c8bdbb - - - - -] 127.0.0.1 "GET /v1/nodes/e1369efa-5391-5035-8533-3a065c44a584 HTTP/1.1" status: 200 len: 1806 time: 0.0292561
2017-03-22 02:33:55.700 22485 INFO eventlet.wsgi.server [req-0c39d206-80ab-4a77-88cd-d4ca3c3abce9 - - - - -] 127.0.0.1 "GET /v1/nodes/72010e8e-a3bd-519e-92fa-a69484f8298f HTTP/1.1" status: 200 len: 1803 time: 0.0198810
2017-03-22 02:33:55.717 22485 INFO eventlet.wsgi.server [req-3a67d159-757d-4198-9651-d067c6d2b12c - - - - -] 127.0.0.1 "GET /v1/nodes/c1a56cb3-fcef-59d5-8105-7e6815154f70 HTTP/1.1" status: 200 len: 1829 time: 0.0156658
2017-03-22 02:33:57.383 22487 INFO eventlet.wsgi.server [req-882f707b-6949-4a07-a7ce-47496624669e - - - - -] 127.0.0.1 "GET /v1/nodes/e1369efa-5391-5035-8533-3a065c44a584 HTTP/1.1" status: 200 len: 1806 time: 0.0284519
2017-03-22 02:33:57.733 22485 INFO eventlet.wsgi.server [req-7913f98c-e44e-4afd-9ef9-ea1aefa4a0fe - - - - -] 127.0.0.1 "GET /v1/nodes/72010e8e-a3bd-519e-92fa-a69484f8298f HTTP/1.1" status: 200 len: 1803 time: 0.0287740
2017-03-22 02:33:57.756 22485 INFO eventlet.wsgi.server [req-d3f082ac-d6d0-40a8-9be7-a3a85c1ec7d0 - - - - -] 127.0.0.1 "GET /v1/nodes/c1a56cb3-fcef-59d5-8105-7e6815154f70 HTTP/1.1" status: 200 len: 1829 time: 0.0222390
2017-03-22 02:33:59.420 22487 INFO eventlet.wsgi.server [req-e332cc02-90a7-4f86-964c-9baab5377a55 - - - - -] 127.0.0.1 "GET /v1/nodes/e1369efa-5391-5035-8533-3a065c44a584 HTTP/1.1" status: 200 len: 1806 time: 0.0306568
2017-03-22 02:33:59.773 22485 INFO eventlet.wsgi.server [req-62b53c20-9984-48f2-9c49-72a40dfe901d - - - - -] 127.0.0.1 "GET /v1/nodes/72010e8e-a3bd-519e-92fa-a69484f8298f HTTP/1.1" status: 200 len: 1803 time: 0.0335691
2017-03-22 02:33:59.799 22485 INFO eventlet.wsgi.server [req-1d1f646a-a76e-4ab7-9bc0-6546f1c90cd1 - - - - -] 127.0.0.1 "GET /v1/nodes/c1a56cb3-fcef-59d5-8105-7e6815154f70 HTTP/1.1" status: 200 len: 1803 time: 0.0246391
2017-03-22 02:34:01.458 22487 INFO eventlet.wsgi.server [req-76b5d629-9e3e-4575-9a55-164ac658d825 - - - - -] 127.0.0.1 "GET /v1/nodes/e1369efa-5391-5035-8533-3a065c44a584 HTTP/1.1" status: 200 len: 1806 time: 0.0304451
2017-03-22 02:34:01.801 22485 INFO eventlet.wsgi.server [req-a1a52e8b-4ab7-40c4-9b41-b61bcb5b2607 - - - - -] 127.0.0.1 "GET /v1/nodes/72010e8e-a3bd-519e-92fa-a69484f8298f HTTP/1.1" status: 200 len: 1803 time: 0.0239592
2017-03-22 02:34:01.824 22485 INFO eventlet.wsgi.server [req-16047900-3bfa-44b6-8bb2-0f25f5b9326a - - - - -] 127.0.0.1 "GET /v1/nodes/c1a56cb3-fcef-59d5-8105-7e6815154f70 HTTP/1.1" status: 200 len: 1803 time: 0.0222239
2017-03-22 02:34:03.491 22487 INFO eventlet.wsgi.server [req-83100d75-bfbe-446b-9445-fa2858e2b925 - - - - -] 127.0.0.1 "GET /v1/nodes/e1369efa-5391-5035-8533-3a065c44a584 HTTP/1.1" status: 200 len: 1806 time: 0.0262690
2017-03-22 02:34:03.834 22485 INFO eventlet.wsgi.server [req-8d376ee0-1a48-4092-8938-05a9f47e3299 - - - - -] 127.0.0.1 "GET /v1/nodes/72010e8e-a3bd-519e-92fa-a69484f8298f HTTP/1.1" status: 200 len: 1803 time: 0.0281439
2017-03-22 02:34:03.938 22485 INFO eventlet.wsgi.server [req-1059a654-bd04-4f00-a9ed-353730796696 - - - - -] 127.0.0.1 "GET /v1/nodes/c1a56cb3-fcef-59d5-8105-7e6815154f70 HTTP/1.1" status: 200 len: 1803 time: 0.1028788
2017-03-22 02:34:05.526 22487 INFO eventlet.wsgi.server [req-a2de0b33-c0cc-4c6c-8d6a-3166b8f9e220 - - - - -] 127.0.0.1 "GET /v1/nodes/e1369efa-5391-5035-8533-3a065c44a584 HTTP/1.1" status: 200 len: 1806 time: 0.0288110
2017-03-22 02:34:05.867 22485 INFO eventlet.wsgi.server [req-4b3ca50f-9dc2-4b3c-a6a4-de3fdc9289bd - - - - -] 127.0.0.1 "GET /v1/nodes/72010e8e-a3bd-519e-92fa-a69484f8298f HTTP/1.1" status: 200 len: 1803 time: 0.0281751
2017-03-22 02:34:05.971 22485 INFO eventlet.wsgi.server [req-ed37e608-afac-4cf4-b9d7-61fbd910d420 - - - - -] 127.0.0.1 "GET /v1/nodes/c1a56cb3-fcef-59d5-8105-7e6815154f70 HTTP/1.1" status: 200 len: 1803 time: 0.0280769
2017-03-22 02:34:07.565 22487 INFO eventlet.wsgi.server [req-ce2a2556-43f7-43cc-aa7d-fb5832a423d9 - - - - -] 127.0.0.1 "GET /v1/nodes/e1369efa-5391-5035-8533-3a065c44a584 HTTP/1.1" status: 200 len: 1806 time: 0.0303390
2017-03-22 02:34:07.904 22485 INFO eventlet.wsgi.server [req-6a00e702-fd8c-49b3-a2de-ac8f2a29fee7 - - - - -] 127.0.0.1 "GET /v1/nodes/72010e8e-a3bd-519e-92fa-a69484f8298f HTTP/1.1" status: 200 len: 1803 time: 0.0301309
2017-03-22 02:34:08.006 22485 INFO eventlet.wsgi.server [req-720620f7-af10-42ba-867f-0872e7ac8fad - - - - -] 127.0.0.1 "GET /v1/nodes/c1a56cb3-fcef-59d5-8105-7e6815154f70 HTTP/1.1" status: 200 len: 1803 time: 0.0278869
2017-03-22 02:34:09.603 22487 INFO eventlet.wsgi.server [req-3a3b6101-eaef-418d-9dd6-1b44ac28b3e4 - - - - -] 127.0.0.1 "GET /v1/nodes/e1369efa-5391-5035-8533-3a065c44a584 HTTP/1.1" status: 200 len: 1806 time: 0.0294440
2017-03-22 02:34:09.940 22485 INFO eventlet.wsgi.server [req-ca7af01f-c6f1-428c-9b0e-89f05d999f20 - - - - -] 127.0.0.1 "GET /v1/nodes/72010e8e-a3bd-519e-92fa-a69484f8298f HTTP/1.1" status: 200 len: 1803 time: 0.0287480
2017-03-22 02:34:10.041 22485 INFO eventlet.wsgi.server [req-593bbe65-2257-4acf-9b38-4cbefa474631 - - - - -] 127.0.0.1 "GET /v1/nodes/c1a56cb3-fcef-59d5-8105-7e6815154f70 HTTP/1.1" status: 200 len: 1803 time: 0.0272138
2017-03-22 02:34:11.642 22487 INFO eventlet.wsgi.server [req-08593493-4ed6-4e35-81fe-8b06a4a9200c - - - - -] 127.0.0.1 "GET /v1/nodes/e1369efa-5391-5035-8533-3a065c44a584 HTTP/1.1" status: 200 len: 1806 time: 0.0306590
2017-03-22 02:34:11.980 22485 INFO eventlet.wsgi.server [req-4f59d855-57f2-413d-8659-40069d8e0e83 - - - - -] 127.0.0.1 "GET /v1/nodes/72010e8e-a3bd-519e-92fa-a69484f8298f HTTP/1.1" status: 200 len: 1803 time: 0.0324018
2017-03-22 02:34:12.076 22485 INFO eventlet.wsgi.server [req-f1236c77-ead0-49b7-b6ec-2d60944a8007 - - - - -] 127.0.0.1 "GET /v1/nodes/c1a56cb3-fcef-59d5-8105-7e6815154f70 HTTP/1.1" status: 200 len: 1803 time: 0.0277700
2017-03-22 02:34:13.679 22487 INFO eventlet.wsgi.server [req-85bf4247-c69f-40ce-9c87-57daf79f203d - - - - -] 127.0.0.1 "GET /v1/nodes/e1369efa-5391-5035-8533-3a065c44a584 HTTP/1.1" status: 200 len: 1806 time: 0.0299180
2017-03-22 02:34:14.018 22485 INFO eventlet.wsgi.server [req-0f0bdb9a-e723-43fd-bb51-40d0258230b9 - - - - -] 127.0.0.1 "GET /v1/nodes/72010e8e-a3bd-519e-92fa-a69484f8298f HTTP/1.1" status: 200 len: 1803 time: 0.0322120
2017-03-22 02:34:14.110 22485 INFO eventlet.wsgi.server [req-2200b847-1e81-4d96-a3e1-0f365f99d6c3 - - - - -] 127.0.0.1 "GET /v1/nodes/c1a56cb3-fcef-59d5-8105-7e6815154f70 HTTP/1.1" status: 200 len: 1803 time: 0.0278971
2017-03-22 02:34:15.720 22487 INFO eventlet.wsgi.server [req-a15be203-6fee-42c2-a21d-0dac2d1f48f6 - - - - -] 127.0.0.1 "GET /v1/nodes/e1369efa-5391-5035-8533-3a065c44a584 HTTP/1.1" status: 200 len: 1806 time: 0.0334861
2017-03-22 02:34:16.056 22485 INFO eventlet.wsgi.server [req-59cc167a-67b5-4092-a971-69abd4f52648 - - - - -] 127.0.0.1 "GET /v1/nodes/72010e8e-a3bd-519e-92fa-a69484f8298f HTTP/1.1" status: 200 len: 1803 time: 0.0332081
2017-03-22 02:34:16.144 22485 INFO eventlet.wsgi.server [req-b9d1c800-b7a4-4cd0-94cc-e59b54fad753 - - - - -] 127.0.0.1 "GET /v1/nodes/c1a56cb3-fcef-59d5-8105-7e6815154f70 HTTP/1.1" status: 200 len: 1803 time: 0.0268312
2017-03-22 02:34:17.756 22487 INFO eventlet.wsgi.server [req-6873e440-4ef1-4bdd-8870-b2a469f44d35 - - - - -] 127.0.0.1 "GET /v1/nodes/e1369efa-5391-5035-8533-3a065c44a584 HTTP/1.1" status: 200 len: 1806 time: 0.0302641
2017-03-22 02:34:18.094 22485 INFO eventlet.wsgi.server [req-f80ae164-f325-46be-8310-9e04263586ae - - - - -] 127.0.0.1 "GET /v1/nodes/72010e8e-a3bd-519e-92fa-a69484f8298f HTTP/1.1" status: 200 len: 1803 time: 0.0306680
2017-03-22 02:34:18.167 22485 INFO eventlet.wsgi.server [req-8cd3d2ae-2278-4baa-a3bc-2eb320889605 - - - - -] 127.0.0.1 "GET /v1/nodes/c1a56cb3-fcef-59d5-8105-7e6815154f70 HTTP/1.1" status: 200 len: 1803 time: 0.0164268
2017-03-22 02:34:19.793 22487 INFO eventlet.wsgi.server [req-50bc994d-1a51-4148-9c7e-3b510e901c8f - - - - -] 127.0.0.1 "GET /v1/nodes/e1369efa-5391-5035-8533-3a065c44a584 HTTP/1.1" status: 200 len: 1806 time: 0.0319591
2017-03-22 02:34:20.128 22485 INFO eventlet.wsgi.server [req-790926fd-87b3-48b3-98c6-c51da3cb3871 - - - - -] 127.0.0.1 "GET /v1/nodes/72010e8e-a3bd-519e-92fa-a69484f8298f HTTP/1.1" status: 200 len: 1803 time: 0.0276248
2017-03-22 02:34:20.204 22485 INFO eventlet.wsgi.server [req-2e608280-5ed9-49d1-8c54-5f31f6bdaa0b - - - - -] 127.0.0.1 "GET /v1/nodes/c1a56cb3-fcef-59d5-8105-7e6815154f70 HTTP/1.1" status: 200 len: 1803 time: 0.0296741
2017-03-22 02:34:21.837 22487 INFO eventlet.wsgi.server [req-64016e47-a877-4888-8dd5-9706ec5d2034 - - - - -] 127.0.0.1 "GET /v1/nodes/e1369efa-5391-5035-8533-3a065c44a584 HTTP/1.1" status: 200 len: 1806 time: 0.0352168
2017-03-22 02:34:22.163 22485 INFO eventlet.wsgi.server [req-0467bea9-4013-4c66-9e38-498105e0d7d0 - - - - -] 127.0.0.1 "GET /v1/nodes/72010e8e-a3bd-519e-92fa-a69484f8298f HTTP/1.1" status: 200 len: 1803 time: 0.0273468
2017-03-22 02:34:22.240 22485 INFO eventlet.wsgi.server [req-d845d851-869f-47ec-9078-a03464bca4ac - - - - -] 127.0.0.1 "GET /v1/nodes/c1a56cb3-fcef-59d5-8105-7e6815154f70 HTTP/1.1" status: 200 len: 1803 time: 0.0289202
2017-03-22 02:34:23.881 22487 INFO eventlet.wsgi.server [req-995aadeb-dfa8-4c9f-a7e1-056acd271fea - - - - -] 127.0.0.1 "GET /v1/nodes/e1369efa-5391-5035-8533-3a065c44a584 HTTP/1.1" status: 200 len: 1806 time: 0.0365102
2017-03-22 02:34:24.201 22485 INFO eventlet.wsgi.server [req-72bcccb2-1491-44d1-a4c0-5b9a791dde12 - - - - -] 127.0.0.1 "GET /v1/nodes/72010e8e-a3bd-519e-92fa-a69484f8298f HTTP/1.1" status: 200 len: 1803 time: 0.0298872
2017-03-22 02:34:24.274 22485 INFO eventlet.wsgi.server [req-7d05364d-c51f-489c-bbac-484b8279719e - - - - -] 127.0.0.1 "GET /v1/nodes/c1a56cb3-fcef-59d5-8105-7e6815154f70 HTTP/1.1" status: 200 len: 1803 time: 0.0273070
2017-03-22 02:34:25.913 22487 INFO eventlet.wsgi.server [req-ed9ba31a-e6c4-497a-ab6e-cd922481a4a0 - - - - -] 127.0.0.1 "GET /v1/nodes/e1369efa-5391-5035-8533-3a065c44a584 HTTP/1.1" status: 200 len: 1806 time: 0.0263731
2017-03-22 02:34:26.240 22485 INFO eventlet.wsgi.server [req-cbaba60e-8fbd-4e51-8ca2-2ed376b7821c - - - - -] 127.0.0.1 "GET /v1/nodes/72010e8e-a3bd-519e-92fa-a69484f8298f HTTP/1.1" status: 200 len: 1803 time: 0.0301168
2017-03-22 02:34:26.308 22485 INFO eventlet.wsgi.server [req-e2680049-22a3-4977-bad0-014f39269277 - - - - -] 127.0.0.1 "GET /v1/nodes/c1a56cb3-fcef-59d5-8105-7e6815154f70 HTTP/1.1" status: 200 len: 1803 time: 0.0261309
2017-03-22 02:34:27.950 22487 INFO eventlet.wsgi.server [req-65af2e9b-291e-4fed-a64f-66c2c1ea91d7 - - - - -] 127.0.0.1 "GET /v1/nodes/e1369efa-5391-5035-8533-3a065c44a584 HTTP/1.1" status: 200 len: 1806 time: 0.0301549
2017-03-22 02:34:28.277 22485 INFO eventlet.wsgi.server [req-55f3feae-77ca-47b1-b19b-a2814ce96c33 - - - - -] 127.0.0.1 "GET /v1/nodes/72010e8e-a3bd-519e-92fa-a69484f8298f HTTP/1.1" status: 200 len: 1803 time: 0.0304680
2017-03-22 02:34:28.343 22485 INFO eventlet.wsgi.server [req-549634f6-9b51-4d7d-97d4-c5f8109024e3 - - - - -] 127.0.0.1 "GET /v1/nodes/c1a56cb3-fcef-59d5-8105-7e6815154f70 HTTP/1.1" status: 200 len: 1803 time: 0.0284171
2017-03-22 02:34:29.986 22487 INFO eventlet.wsgi.server [req-be4c73f9-ae87-42cd-85f5-4016e7f48e27 - - - - -] 127.0.0.1 "GET /v1/nodes/e1369efa-5391-5035-8533-3a065c44a584 HTTP/1.1" status: 200 len: 1806 time: 0.0310311
2017-03-22 02:34:30.316 22485 INFO eventlet.wsgi.server [req-58f1f851-2706-4d4b-9e8d-eb3e80d1eb43 - - - - -] 127.0.0.1 "GET /v1/nodes/72010e8e-a3bd-519e-92fa-a69484f8298f HTTP/1.1" status: 200 len: 1803 time: 0.0319839
2017-03-22 02:34:30.380 22485 INFO eventlet.wsgi.server [req-9fc4f0c6-f224-4fe3-aa71-29415da52621 - - - - -] 127.0.0.1 "GET /v1/nodes/c1a56cb3-fcef-59d5-8105-7e6815154f70 HTTP/1.1" status: 200 len: 1803 time: 0.0303209
2017-03-22 02:34:32.022 22487 INFO eventlet.wsgi.server [req-241f4866-ad92-4d26-8e2e-70e1a35c8d1f - - - - -] 127.0.0.1 "GET /v1/nodes/e1369efa-5391-5035-8533-3a065c44a584 HTTP/1.1" status: 200 len: 1806 time: 0.0290740
2017-03-22 02:34:32.354 22485 INFO eventlet.wsgi.server [req-7e0bbb0d-4ea4-410f-ae29-d0f650d94f72 - - - - -] 127.0.0.1 "GET /v1/nodes/72010e8e-a3bd-519e-92fa-a69484f8298f HTTP/1.1" status: 200 len: 1803 time: 0.0320511
2017-03-22 02:34:32.411 22485 INFO eventlet.wsgi.server [req-6fb00983-3f3a-464d-963b-ffa8a8faaeb6 - - - - -] 127.0.0.1 "GET /v1/nodes/c1a56cb3-fcef-59d5-8105-7e6815154f70 HTTP/1.1" status: 200 len: 1803 time: 0.0260019
2017-03-22 02:34:34.061 22487 INFO eventlet.wsgi.server [req-e90989a5-554b-4092-9b8a-b2f9fd0a172a - - - - -] 127.0.0.1 "GET /v1/nodes/e1369efa-5391-5035-8533-3a065c44a584 HTTP/1.1" status: 200 len: 1806 time: 0.0304270
2017-03-22 02:34:34.390 22485 INFO eventlet.wsgi.server [req-a71715e8-9f36-474d-ae1b-81b71b59d73d - - - - -] 127.0.0.1 "GET /v1/nodes/72010e8e-a3bd-519e-92fa-a69484f8298f HTTP/1.1" status: 200 len: 1803 time: 0.0306160
2017-03-22 02:34:34.440 22485 INFO eventlet.wsgi.server [req-b204c993-8833-45e1-bcaf-6401d1d63105 - - - - -] 127.0.0.1 "GET /v1/nodes/c1a56cb3-fcef-59d5-8105-7e6815154f70 HTTP/1.1" status: 200 len: 1803 time: 0.0241282
2017-03-22 02:34:36.101 22487 INFO eventlet.wsgi.server [req-7186e867-39f4-4a61-9a80-b035c2744851 - - - - -] 127.0.0.1 "GET /v1/nodes/e1369efa-5391-5035-8533-3a065c44a584 HTTP/1.1" status: 200 len: 1806 time: 0.0330589
2017-03-22 02:34:36.430 22485 INFO eventlet.wsgi.server [req-d7b83a52-b1e9-44cf-92bf-66772bcb3812 - - - - -] 127.0.0.1 "GET /v1/nodes/72010e8e-a3bd-519e-92fa-a69484f8298f HTTP/1.1" status: 200 len: 1803 time: 0.0315340
2017-03-22 02:34:36.474 22485 INFO eventlet.wsgi.server [req-6778f212-efb6-4941-8404-08a348c15aac - - - - -] 127.0.0.1 "GET /v1/nodes/c1a56cb3-fcef-59d5-8105-7e6815154f70 HTTP/1.1" status: 200 len: 1803 time: 0.0286870
2017-03-22 02:34:37.639 22479 INFO eventlet.wsgi.server [req-97ac60bc-cd16-4025-8af8-b452dd49947c - - - - -] 127.0.0.1 "GET /v1/nodes HTTP/1.1" status: 200 len: 1484 time: 0.0655870
2017-03-22 02:34:38.137 22487 INFO eventlet.wsgi.server [req-14d3e775-69d3-4d87-8d28-fc92f1802de1 - - - - -] 127.0.0.1 "GET /v1/nodes/e1369efa-5391-5035-8533-3a065c44a584 HTTP/1.1" status: 200 len: 1806 time: 0.0305541
2017-03-22 02:34:38.464 22485 INFO eventlet.wsgi.server [req-8b1a8d89-5c31-4f96-a121-9437b7a5b151 - - - - -] 127.0.0.1 "GET /v1/nodes/72010e8e-a3bd-519e-92fa-a69484f8298f HTTP/1.1" status: 200 len: 1803 time: 0.0304821
2017-03-22 02:34:38.506 22485 INFO eventlet.wsgi.server [req-691f6254-62a2-4d12-8783-6bc070890f86 - - - - -] 127.0.0.1 "GET /v1/nodes/c1a56cb3-fcef-59d5-8105-7e6815154f70 HTTP/1.1" status: 200 len: 1803 time: 0.0273471
2017-03-22 02:34:40.173 22487 INFO eventlet.wsgi.server [req-a53b573d-b590-4092-a72a-3f8bb7387629 - - - - -] 127.0.0.1 "GET /v1/nodes/e1369efa-5391-5035-8533-3a065c44a584 HTTP/1.1" status: 200 len: 1798 time: 0.0312510
2017-03-22 02:34:40.354 22487 INFO eventlet.wsgi.server [req-88e34f46-764b-46cd-b502-7aee71b1ae90 - - - - -] 127.0.0.1 "PUT /v1/nodes/e1369efa-5391-5035-8533-3a065c44a584/states/provision HTTP/1.1" status: 202 len: 383 time: 0.1801658
2017-03-22 02:34:40.382 22487 INFO eventlet.wsgi.server [req-d90d5362-9db5-404f-b28a-90d2d8180d53 - - - - -] 127.0.0.1 "GET /v1/nodes/e1369efa-5391-5035-8533-3a065c44a584 HTTP/1.1" status: 200 len: 1817 time: 0.0272090
2017-03-22 02:34:40.499 22485 INFO eventlet.wsgi.server [req-517daf9a-64ae-494d-aacf-d6d37cd9ae6f - - - - -] 127.0.0.1 "GET /v1/nodes/72010e8e-a3bd-519e-92fa-a69484f8298f HTTP/1.1" status: 200 len: 1795 time: 0.0299761
2017-03-22 02:34:40.549 22485 INFO eventlet.wsgi.server [req-0d243276-066b-4bb3-aed3-6ef17bb847f4 - - - - -] 127.0.0.1 "GET /v1/nodes/c1a56cb3-fcef-59d5-8105-7e6815154f70 HTTP/1.1" status: 200 len: 1795 time: 0.0379591
2017-03-22 02:34:40.704 22485 INFO eventlet.wsgi.server [req-bbc42040-9e5d-4bad-9aa0-afb2277c397c - - - - -] 127.0.0.1 "PUT /v1/nodes/72010e8e-a3bd-519e-92fa-a69484f8298f/states/provision HTTP/1.1" status: 202 len: 383 time: 0.2043839
2017-03-22 02:34:40.734 22485 INFO eventlet.wsgi.server [req-96253345-2adc-494b-b56d-cfcb1795c16a - - - - -] 127.0.0.1 "GET /v1/nodes/72010e8e-a3bd-519e-92fa-a69484f8298f HTTP/1.1" status: 200 len: 1814 time: 0.0295050
2017-03-22 02:34:40.738 22485 INFO eventlet.wsgi.server [req-742311ae-1917-4cac-9de1-0054771cc91d - - - - -] 127.0.0.1 "PUT /v1/nodes/c1a56cb3-fcef-59d5-8105-7e6815154f70/states/provision HTTP/1.1" status: 202 len: 383 time: 0.1879330
2017-03-22 02:34:40.769 22485 INFO eventlet.wsgi.server [req-87a8749f-fd8a-4557-92d9-82fd80c3b3df - - - - -] 127.0.0.1 "GET /v1/nodes/c1a56cb3-fcef-59d5-8105-7e6815154f70 HTTP/1.1" status: 200 len: 1814 time: 0.0278950
2017-03-22 02:34:44.510 22478 INFO eventlet.wsgi.server [req-b7dbbf52-9553-4e69-9a8e-87975ab40060 - - - - -] 127.0.0.1 "GET /v1/nodes/72010e8e-a3bd-519e-92fa-a69484f8298f HTTP/1.1" status: 200 len: 1794 time: 0.0176439
2017-03-22 02:34:44.579 22478 INFO eventlet.wsgi.server [req-11489a86-8cc3-462f-af1b-76ba64955552 - - - - -] 127.0.0.1 "GET /v1/nodes/c1a56cb3-fcef-59d5-8105-7e6815154f70 HTTP/1.1" status: 200 len: 1794 time: 0.0183299
2017-03-22 02:34:44.584 22482 INFO eventlet.wsgi.server [req-3d281a87-b9b3-4f72-b747-c4da2b5a8eb9 - - - - -] 127.0.0.1 "GET /v1/nodes/e1369efa-5391-5035-8533-3a065c44a584 HTTP/1.1" status: 200 len: 1797 time: 0.1444108
2017-03-22 02:34:55.056 22476 INFO eventlet.wsgi.server [req-8c79c8ba-1d6d-4ff2-ad31-03c97e6e464c - - - - -] 127.0.0.1 "GET /v1/nodes/c1a56cb3-fcef-59d5-8105-7e6815154f70 HTTP/1.1" status: 200 len: 1794 time: 0.0325019
2017-03-22 02:34:55.108 22475 INFO eventlet.wsgi.server [req-7f60282a-7801-434a-b4f3-31d00da8f3f7 - - - - -] 127.0.0.1 "GET /v1/nodes/e1369efa-5391-5035-8533-3a065c44a584 HTTP/1.1" status: 200 len: 1797 time: 0.0154190
2017-03-22 02:34:55.129 22475 WARNING oslo_config.cfg [req-642c3419-4d1d-479f-81ac-1be574cc33c9 - - - - -] Option "rabbit_userid" from group "DEFAULT" is deprecated. Use option "rabbit_userid" from group "oslo_messaging_rabbit".
2017-03-22 02:34:55.130 22475 WARNING oslo_config.cfg [req-642c3419-4d1d-479f-81ac-1be574cc33c9 - - - - -] Option "rabbit_userid" from group "oslo_messaging_rabbit" is deprecated for removal. Its value may be silently ignored in the future.
2017-03-22 02:34:55.130 22475 WARNING oslo_config.cfg [req-642c3419-4d1d-479f-81ac-1be574cc33c9 - - - - -] Option "rabbit_password" from group "DEFAULT" is deprecated. Use option "rabbit_password" from group "oslo_messaging_rabbit".
2017-03-22 02:34:55.130 22475 WARNING oslo_config.cfg [req-642c3419-4d1d-479f-81ac-1be574cc33c9 - - - - -] Option "rabbit_password" from group "oslo_messaging_rabbit" is deprecated for removal. Its value may be silently ignored in the future.
2017-03-22 02:34:55.317 22476 INFO eventlet.wsgi.server [req-4a7ac2d3-01de-42f1-b94c-d22022499e2b - - - - -] 127.0.0.1 "PATCH /v1/nodes/c1a56cb3-fcef-59d5-8105-7e6815154f70 HTTP/1.1" status: 200 len: 1959 time: 0.2568851
2017-03-22 02:34:55.337 22475 INFO eventlet.wsgi.server [req-642c3419-4d1d-479f-81ac-1be574cc33c9 - - - - -] 127.0.0.1 "PATCH /v1/nodes/e1369efa-5391-5035-8533-3a065c44a584 HTTP/1.1" status: 200 len: 1962 time: 0.2272739
