2017-03-21 14:36:02.557 28241 WARNING oslo_config.cfg [req-e0e4e134-2f2f-474c-80e1-879edf0ca525 - - - - -] Option "rabbit_password" from group "oslo_messaging_rabbit" is deprecated for removal. Its value may be silently ignored in the future.
2017-03-21 14:36:02.577 28244 INFO eventlet.wsgi.server [req-d587a29d-f8c4-4901-9c37-467af23695b6 - - - - -] 127.0.0.1 "GET /v1/nodes/c1a56cb3-fcef-59d5-8105-7e6815154f70 HTTP/1.1" status: 200 len: 1794 time: 0.0225470
2017-03-21 14:36:02.761 28241 INFO eventlet.wsgi.server [req-e0e4e134-2f2f-474c-80e1-879edf0ca525 - - - - -] 127.0.0.1 "PATCH /v1/nodes/e1369efa-5391-5035-8533-3a065c44a584 HTTP/1.1" status: 200 len: 1962 time: 0.2388289
2017-03-21 14:36:02.793 28244 INFO eventlet.wsgi.server [req-bbe041e0-647d-4808-b644-14b3123c006d - - - - -] 127.0.0.1 "PATCH /v1/nodes/c1a56cb3-fcef-59d5-8105-7e6815154f70 HTTP/1.1" status: 200 len: 1959 time: 0.2136521
2017-03-21 14:36:02.810 28241 INFO eventlet.wsgi.server [req-ec76dbb8-575a-4160-8852-046df4426c10 - - - - -] 127.0.0.1 "GET /v1/nodes/e1369efa-5391-5035-8533-3a065c44a584/validate HTTP/1.1" status: 200 len: 656 time: 0.0485110
2017-03-21 14:36:02.853 28250 INFO eventlet.wsgi.server [req-8a93471a-82ca-410f-b348-ef288dc90e26 - - - - -] 127.0.0.1 "GET /v1/nodes/72010e8e-a3bd-519e-92fa-a69484f8298f HTTP/1.1" status: 200 len: 1794 time: 0.1512141
2017-03-21 14:36:02.883 28250 WARNING oslo_config.cfg [req-93d4c922-151b-45c2-be5d-5e7f1b0bfa70 - - - - -] Option "rabbit_userid" from group "DEFAULT" is deprecated. Use option "rabbit_userid" from group "oslo_messaging_rabbit".
2017-03-21 14:36:02.883 28250 WARNING oslo_config.cfg [req-93d4c922-151b-45c2-be5d-5e7f1b0bfa70 - - - - -] Option "rabbit_userid" from group "oslo_messaging_rabbit" is deprecated for removal. Its value may be silently ignored in the future.
2017-03-21 14:36:02.885 28250 WARNING oslo_config.cfg [req-93d4c922-151b-45c2-be5d-5e7f1b0bfa70 - - - - -] Option "rabbit_password" from group "DEFAULT" is deprecated. Use option "rabbit_password" from group "oslo_messaging_rabbit".
2017-03-21 14:36:02.885 28250 WARNING oslo_config.cfg [req-93d4c922-151b-45c2-be5d-5e7f1b0bfa70 - - - - -] Option "rabbit_password" from group "oslo_messaging_rabbit" is deprecated for removal. Its value may be silently ignored in the future.
2017-03-21 14:36:02.893 28244 INFO eventlet.wsgi.server [req-a3a8dfd2-f0f5-4398-843c-d715b172def6 - - - - -] 127.0.0.1 "GET /v1/nodes/c1a56cb3-fcef-59d5-8105-7e6815154f70/validate HTTP/1.1" status: 200 len: 656 time: 0.0976439
2017-03-21 14:36:03.088 28241 INFO eventlet.wsgi.server [req-759fbca6-471e-409a-9333-ac3286afe998 - - - - -] 127.0.0.1 "PUT /v1/nodes/e1369efa-5391-5035-8533-3a065c44a584/states/provision HTTP/1.1" status: 202 len: 383 time: 0.2748778
2017-03-21 14:36:03.118 28241 INFO eventlet.wsgi.server [req-3e554e07-69a9-4a2b-850c-3632549afa7c - - - - -] 127.0.0.1 "GET /v1/nodes/e1369efa-5391-5035-8533-3a065c44a584 HTTP/1.1" status: 200 len: 2013 time: 0.0291190
2017-03-21 14:36:03.201 28244 INFO eventlet.wsgi.server [req-c2fd5d25-1894-4ae3-b8e2-9c3ff6017a88 - - - - -] 127.0.0.1 "PUT /v1/nodes/c1a56cb3-fcef-59d5-8105-7e6815154f70/states/provision HTTP/1.1" status: 202 len: 383 time: 0.3046870
2017-03-21 14:36:03.232 28244 INFO eventlet.wsgi.server [req-1c9eb77f-c2f0-4ab6-a0a1-baa71e1ff3d9 - - - - -] 127.0.0.1 "GET /v1/nodes/c1a56cb3-fcef-59d5-8105-7e6815154f70 HTTP/1.1" status: 200 len: 2010 time: 0.0266578
2017-03-21 14:36:03.240 28250 INFO eventlet.wsgi.server [req-93d4c922-151b-45c2-be5d-5e7f1b0bfa70 - - - - -] 127.0.0.1 "PATCH /v1/nodes/72010e8e-a3bd-519e-92fa-a69484f8298f HTTP/1.1" status: 200 len: 1959 time: 0.3824170
2017-03-21 14:36:03.341 28250 INFO eventlet.wsgi.server [req-ecf06a8b-9247-4e54-af97-e1045b2619e3 - - - - -] 127.0.0.1 "GET /v1/nodes/72010e8e-a3bd-519e-92fa-a69484f8298f/validate HTTP/1.1" status: 200 len: 656 time: 0.0969479
2017-03-21 14:36:03.543 28250 INFO eventlet.wsgi.server [req-6e10edb3-e1ff-4112-9c3f-3ea6cdd03f87 - - - - -] 127.0.0.1 "PUT /v1/nodes/72010e8e-a3bd-519e-92fa-a69484f8298f/states/provision HTTP/1.1" status: 202 len: 383 time: 0.1976328
2017-03-21 14:36:03.571 28250 INFO eventlet.wsgi.server [req-fcefe64a-0c29-4513-b4cb-86d284d2532c - - - - -] 127.0.0.1 "GET /v1/nodes/72010e8e-a3bd-519e-92fa-a69484f8298f HTTP/1.1" status: 200 len: 2010 time: 0.0251021
2017-03-21 14:36:45.217 28250 INFO eventlet.wsgi.server [req-c2c3e583-01f6-43b0-924e-a9060a71fa3b - - - - -] 127.0.0.1 "GET /v1/nodes HTTP/1.1" status: 200 len: 1493 time: 0.0587909
2017-03-21 14:37:04.360 28250 INFO eventlet.wsgi.server [req-3aafabb2-903b-4aca-ae67-fc0e6c0ffccd - - - - -] 192.168.122.173 "GET /v1/lookup?addresses=52%3A54%3A00%3Ab6%3Abd%3A97 HTTP/1.1" status: 200 len: 1297 time: 0.0310020
2017-03-21 14:37:04.450 28250 INFO eventlet.wsgi.server [req-1d2b148b-726a-4640-9770-98547876d8fe - - - - -] 192.168.122.173 "POST /v1/heartbeat/c1a56cb3-fcef-59d5-8105-7e6815154f70 HTTP/1.1" status: 202 len: 298 time: 0.0713642
2017-03-21 14:37:07.875 28247 INFO eventlet.wsgi.server [req-2797e913-a078-4898-9ec5-8ed62b67e11c - - - - -] 192.168.122.195 "GET /v1/lookup?addresses=52%3A54%3A00%3A33%3A67%3A84 HTTP/1.1" status: 200 len: 1297 time: 0.0358441
2017-03-21 14:37:07.940 28247 WARNING oslo_config.cfg [req-7b89600b-5ee8-4aac-b0e8-2f693d0c40eb - - - - -] Option "rabbit_userid" from group "DEFAULT" is deprecated. Use option "rabbit_userid" from group "oslo_messaging_rabbit".
2017-03-21 14:37:07.941 28247 WARNING oslo_config.cfg [req-7b89600b-5ee8-4aac-b0e8-2f693d0c40eb - - - - -] Option "rabbit_userid" from group "oslo_messaging_rabbit" is deprecated for removal. Its value may be silently ignored in the future.
2017-03-21 14:37:07.941 28247 WARNING oslo_config.cfg [req-7b89600b-5ee8-4aac-b0e8-2f693d0c40eb - - - - -] Option "rabbit_password" from group "DEFAULT" is deprecated. Use option "rabbit_password" from group "oslo_messaging_rabbit".
2017-03-21 14:37:07.941 28247 WARNING oslo_config.cfg [req-7b89600b-5ee8-4aac-b0e8-2f693d0c40eb - - - - -] Option "rabbit_password" from group "oslo_messaging_rabbit" is deprecated for removal. Its value may be silently ignored in the future.
2017-03-21 14:37:08.015 28247 INFO eventlet.wsgi.server [req-7b89600b-5ee8-4aac-b0e8-2f693d0c40eb - - - - -] 192.168.122.195 "POST /v1/heartbeat/e1369efa-5391-5035-8533-3a065c44a584 HTTP/1.1" status: 202 len: 298 time: 0.1125550
2017-03-21 14:37:13.878 28254 INFO eventlet.wsgi.server [req-aa5e7cf5-7305-40af-be30-307c9bf9ea6b - - - - -] 192.168.122.149 "GET /v1/lookup?addresses=52%3A54%3A00%3A3f%3A76%3A18 HTTP/1.1" status: 200 len: 1297 time: 0.0310819
2017-03-21 14:37:13.951 28254 INFO eventlet.wsgi.server [req-014bc649-f1dd-4241-a2a4-c8e7c63990c5 - - - - -] 192.168.122.149 "POST /v1/heartbeat/72010e8e-a3bd-519e-92fa-a69484f8298f HTTP/1.1" status: 202 len: 298 time: 0.0589468
2017-03-21 14:37:45.220 28254 INFO eventlet.wsgi.server [req-e6bdc11e-7b21-420c-ad6e-763720956e22 - - - - -] 127.0.0.1 "GET /v1/nodes HTTP/1.1" status: 200 len: 1493 time: 0.0566521
2017-03-21 14:38:35.242 28250 INFO eventlet.wsgi.server [req-271a3d54-b70c-4792-9eeb-b5969c770dc4 - - - - -] 192.168.122.173 "POST /v1/heartbeat/c1a56cb3-fcef-59d5-8105-7e6815154f70 HTTP/1.1" status: 202 len: 298 time: 0.0962908
2017-03-21 14:38:35.591 28247 INFO eventlet.wsgi.server [req-ec00b130-84dc-474d-8251-0a343a3fc3ed - - - - -] 192.168.122.195 "POST /v1/heartbeat/e1369efa-5391-5035-8533-3a065c44a584 HTTP/1.1" status: 202 len: 298 time: 0.0867059
2017-03-21 14:38:45.234 28253 INFO eventlet.wsgi.server [req-aa34e2dd-01a5-4d44-9a1e-80185bad7574 - - - - -] 127.0.0.1 "GET /v1/nodes HTTP/1.1" status: 200 len: 1488 time: 0.0667579
2017-03-21 14:38:54.485 28254 INFO eventlet.wsgi.server [req-7a6ce5d5-7649-46a8-9cfe-a4ef1c0c8ded - - - - -] 192.168.122.149 "POST /v1/heartbeat/72010e8e-a3bd-519e-92fa-a69484f8298f HTTP/1.1" status: 202 len: 298 time: 0.0837801
2017-03-21 14:39:09.237 28250 INFO eventlet.wsgi.server [req-44754560-e6df-4416-a508-446fe215f8a0 - - - - -] 192.168.122.173 "POST /v1/heartbeat/c1a56cb3-fcef-59d5-8105-7e6815154f70 HTTP/1.1" status: 202 len: 298 time: 0.0842180
2017-03-21 14:39:18.696 28247 INFO eventlet.wsgi.server [req-413f9f5c-49e8-45e6-b246-df74bc520cf9 - - - - -] 192.168.122.195 "POST /v1/heartbeat/e1369efa-5391-5035-8533-3a065c44a584 HTTP/1.1" status: 202 len: 298 time: 0.0800281
2017-03-21 14:39:28.493 28254 INFO eventlet.wsgi.server [req-d3ed7b15-e850-49b8-bfca-d2919a88b555 - - - - -] 192.168.122.149 "POST /v1/heartbeat/72010e8e-a3bd-519e-92fa-a69484f8298f HTTP/1.1" status: 202 len: 298 time: 0.0869300
2017-03-21 14:39:45.213 28253 INFO eventlet.wsgi.server [req-18020c81-f143-4c3e-8afd-f84d90fbebe5 - - - - -] 127.0.0.1 "GET /v1/nodes HTTP/1.1" status: 200 len: 1472 time: 0.0484252
2017-03-21 14:40:36.802 28249 INFO eventlet.wsgi.server [req-1efe3b45-aae0-4eb2-9c58-ec0c0f74ffad - - - - -] 127.0.0.1 "GET /v1/nodes HTTP/1.1" status: 200 len: 1468 time: 0.0580921
2017-03-21 14:40:45.229 28249 INFO eventlet.wsgi.server [req-27ad37fa-f1b4-4381-80b1-726f359dc68c - - - - -] 127.0.0.1 "GET /v1/nodes HTTP/1.1" status: 200 len: 1469 time: 0.0580010
2017-03-21 14:41:45.224 28250 INFO eventlet.wsgi.server [req-47ac17a9-94b2-4f33-9d09-03b9e47d82a4 - - - - -] 127.0.0.1 "GET /v1/nodes HTTP/1.1" status: 200 len: 1469 time: 0.0541620
2017-03-21 14:42:45.237 28242 INFO eventlet.wsgi.server [req-fbc561ea-b11c-4ee7-8a35-3fd971aa8733 - - - - -] 127.0.0.1 "GET /v1/nodes HTTP/1.1" status: 200 len: 1469 time: 0.0611100
2017-03-21 14:43:45.246 28244 INFO eventlet.wsgi.server [req-a106f1d2-a7cc-499f-9fd6-b3333d772a43 - - - - -] 127.0.0.1 "GET /v1/nodes HTTP/1.1" status: 200 len: 1469 time: 0.0653780
2017-03-21 14:44:45.244 28253 INFO eventlet.wsgi.server [req-150f5097-d1fe-41e1-b0bd-76bb14f198eb - - - - -] 127.0.0.1 "GET /v1/nodes HTTP/1.1" status: 200 len: 1469 time: 0.0635309
2017-03-21 14:45:45.244 28253 INFO eventlet.wsgi.server [req-a54ccebc-3518-47cf-be3f-44e8252d11e3 - - - - -] 127.0.0.1 "GET /v1/nodes HTTP/1.1" status: 200 len: 1469 time: 0.0646131
2017-03-21 14:46:45.247 28244 INFO eventlet.wsgi.server [req-9c5176df-d581-465a-a221-07621df35d16 - - - - -] 127.0.0.1 "GET /v1/nodes HTTP/1.1" status: 200 len: 1469 time: 0.0638709
2017-03-21 14:47:45.232 28250 INFO eventlet.wsgi.server [req-00badd76-d05b-4e11-86c3-c5a85df1d902 - - - - -] 127.0.0.1 "GET /v1/nodes HTTP/1.1" status: 200 len: 1469 time: 0.0462751
2017-03-21 14:48:45.254 28253 INFO eventlet.wsgi.server [req-09b8745c-2548-451b-931c-6150a91e5bf7 - - - - -] 127.0.0.1 "GET /v1/nodes HTTP/1.1" status: 200 len: 1469 time: 0.0646000
2017-03-21 14:49:45.263 28254 INFO eventlet.wsgi.server [req-b3bf5337-1def-4ca7-bc89-1a3d1dc43411 - - - - -] 127.0.0.1 "GET /v1/nodes HTTP/1.1" status: 200 len: 1469 time: 0.0696859
2017-03-21 14:50:45.263 28242 INFO eventlet.wsgi.server [req-e199d02a-efcf-4f47-baba-4490af5d7e96 - - - - -] 127.0.0.1 "GET /v1/nodes HTTP/1.1" status: 200 len: 1469 time: 0.0723341
2017-03-21 14:51:45.260 28242 INFO eventlet.wsgi.server [req-5da7b550-4586-4d9e-9016-a12a327760f2 - - - - -] 127.0.0.1 "GET /v1/nodes HTTP/1.1" status: 200 len: 1469 time: 0.0645730
2017-03-21 14:52:45.258 28247 INFO eventlet.wsgi.server [req-645bb82d-8de7-4d5a-a5bf-92deed7d17cb - - - - -] 127.0.0.1 "GET /v1/nodes HTTP/1.1" status: 200 len: 1469 time: 0.0628901
2017-03-21 14:53:45.258 28247 INFO eventlet.wsgi.server [req-e721abc4-b10a-40d0-af62-fc7443f825ac - - - - -] 127.0.0.1 "GET /v1/nodes HTTP/1.1" status: 200 len: 1469 time: 0.0598068
2017-03-21 14:54:45.434 28246 INFO eventlet.wsgi.server [req-07710c2b-81e1-4d43-9292-39a7f21896a0 - - - - -] 127.0.0.1 "GET /v1/nodes HTTP/1.1" status: 200 len: 1469 time: 0.2331281
2017-03-21 14:55:45.271 28240 INFO eventlet.wsgi.server [req-2e606c3c-e1df-4b13-9e22-2ec1108a2a57 - - - - -] 127.0.0.1 "GET /v1/nodes HTTP/1.1" status: 200 len: 1469 time: 0.0678859
2017-03-21 14:56:45.359 28242 INFO eventlet.wsgi.server [req-1d0b0d9c-088a-4bc3-bde8-d383a3f20e25 - - - - -] 127.0.0.1 "GET /v1/nodes HTTP/1.1" status: 200 len: 1469 time: 0.1542578
2017-03-21 14:57:45.270 28240 INFO eventlet.wsgi.server [req-eb6ccfd8-3997-4e1d-92cb-c0aa6f94d538 - - - - -] 127.0.0.1 "GET /v1/nodes HTTP/1.1" status: 200 len: 1469 time: 0.0623329
2017-03-21 14:58:45.269 28240 INFO eventlet.wsgi.server [req-2b26ecf9-cae3-473c-995b-85854cfaf57b - - - - -] 127.0.0.1 "GET /v1/nodes HTTP/1.1" status: 200 len: 1469 time: 0.0609241
2017-03-21 14:59:45.269 28240 INFO eventlet.wsgi.server [req-2d2996a7-2047-4de2-bf72-47d7c7368013 - - - - -] 127.0.0.1 "GET /v1/nodes HTTP/1.1" status: 200 len: 1469 time: 0.0591769
2017-03-21 15:00:45.285 28240 INFO eventlet.wsgi.server [req-78a2b3b4-c8ea-4ec7-bf2c-e23bfc248e9b - - - - -] 127.0.0.1 "GET /v1/nodes HTTP/1.1" status: 200 len: 1469 time: 0.0714622
2017-03-21 15:01:45.285 28248 INFO eventlet.wsgi.server [req-f5a570a9-49ef-4915-8bae-6800327bc175 - - - - -] 127.0.0.1 "GET /v1/nodes HTTP/1.1" status: 200 len: 1469 time: 0.0708711
2017-03-21 15:02:45.282 28250 INFO eventlet.wsgi.server [req-79b56a76-6431-42bf-8f2b-4b5467870d2a - - - - -] 127.0.0.1 "GET /v1/nodes HTTP/1.1" status: 200 len: 1469 time: 0.0637381
2017-03-21 15:03:45.284 28246 INFO eventlet.wsgi.server [req-e8135091-e9af-4f44-afc3-0040c101f2b5 - - - - -] 127.0.0.1 "GET /v1/nodes HTTP/1.1" status: 200 len: 1469 time: 0.0646689
2017-03-21 15:04:45.289 28248 INFO eventlet.wsgi.server [req-2f4362bc-1087-485d-991d-3a1a293b4ce8 - - - - -] 127.0.0.1 "GET /v1/nodes HTTP/1.1" status: 200 len: 1469 time: 0.0608981
2017-03-21 15:05:45.284 28253 INFO eventlet.wsgi.server [req-1312118b-fa8c-4a42-ba38-12a322a2d518 - - - - -] 127.0.0.1 "GET /v1/nodes HTTP/1.1" status: 200 len: 1469 time: 0.0616391
2017-03-21 15:06:45.284 28253 INFO eventlet.wsgi.server [req-1ab08454-6fd0-437d-aa2f-aaa82f34c4c8 - - - - -] 127.0.0.1 "GET /v1/nodes HTTP/1.1" status: 200 len: 1469 time: 0.0604429
2017-03-21 15:07:45.295 28248 INFO eventlet.wsgi.server [req-4a146ad8-7a4e-4b6e-993d-0c59bc6b904f - - - - -] 127.0.0.1 "GET /v1/nodes HTTP/1.1" status: 200 len: 1469 time: 0.0647252
2017-03-21 15:08:45.299 28246 INFO eventlet.wsgi.server [req-aecf16cb-5250-4bfc-af39-39e863dbaf96 - - - - -] 127.0.0.1 "GET /v1/nodes HTTP/1.1" status: 200 len: 1469 time: 0.0702922
2017-03-21 15:09:45.301 28248 INFO eventlet.wsgi.server [req-acb1fa5a-3673-4dda-8993-125a465e6ebe - - - - -] 127.0.0.1 "GET /v1/nodes HTTP/1.1" status: 200 len: 1469 time: 0.0712171
2017-03-21 15:10:45.300 28248 INFO eventlet.wsgi.server [req-dcde7de1-b4cf-4371-add7-c4c7d436cb1d - - - - -] 127.0.0.1 "GET /v1/nodes HTTP/1.1" status: 200 len: 1469 time: 0.0669940
2017-03-21 15:11:45.307 28255 INFO eventlet.wsgi.server [req-0c51ff82-d7db-4397-9738-02686db412e3 - - - - -] 127.0.0.1 "GET /v1/nodes HTTP/1.1" status: 200 len: 1469 time: 0.0711069
2017-03-21 15:12:45.302 28253 INFO eventlet.wsgi.server [req-d4417c8c-d26b-46a6-a068-523b86123ede - - - - -] 127.0.0.1 "GET /v1/nodes HTTP/1.1" status: 200 len: 1469 time: 0.0639169
2017-03-21 15:13:45.303 28254 INFO eventlet.wsgi.server [req-bb7c9385-6ba9-4ab6-8354-5412866b2f5b - - - - -] 127.0.0.1 "GET /v1/nodes HTTP/1.1" status: 200 len: 1469 time: 0.0640900
2017-03-21 15:14:45.307 28252 INFO eventlet.wsgi.server [req-fe5b659c-ef00-4faa-96fd-11a22fc76abe - - - - -] 127.0.0.1 "GET /v1/nodes HTTP/1.1" status: 200 len: 1469 time: 0.0680690
2017-03-21 15:15:45.314 28242 INFO eventlet.wsgi.server [req-c8ce9f48-529b-41e9-b622-c618ad0edf65 - - - - -] 127.0.0.1 "GET /v1/nodes HTTP/1.1" status: 200 len: 1469 time: 0.0716019
2017-03-21 15:16:45.309 28241 INFO eventlet.wsgi.server [req-66fcdb93-aca7-4cdd-96e4-1957a97d3caa - - - - -] 127.0.0.1 "GET /v1/nodes HTTP/1.1" status: 200 len: 1469 time: 0.0648909
2017-03-21 15:17:45.307 28241 INFO eventlet.wsgi.server [req-97831a47-b93f-4901-b67c-689b66bc83da - - - - -] 127.0.0.1 "GET /v1/nodes HTTP/1.1" status: 200 len: 1469 time: 0.0618970
2017-03-21 15:18:45.313 28247 INFO eventlet.wsgi.server [req-844950b5-206a-4eef-b818-d9fef7c177b7 - - - - -] 127.0.0.1 "GET /v1/nodes HTTP/1.1" status: 200 len: 1469 time: 0.0671892
2017-03-21 15:19:45.312 28242 INFO eventlet.wsgi.server [req-0b94cc10-6c0a-4ab8-897e-de0103572324 - - - - -] 127.0.0.1 "GET /v1/nodes HTTP/1.1" status: 200 len: 1469 time: 0.0646579
2017-03-21 15:19:57.019 28247 INFO oslo.service.wsgi [-] Stopping WSGI server.
2017-03-21 15:19:57.020 28240 INFO oslo.service.wsgi [-] Stopping WSGI server.
2017-03-21 15:19:57.019 28253 INFO oslo.service.wsgi [-] Stopping WSGI server.
2017-03-21 15:19:57.020 28247 INFO eventlet.wsgi.server [-] (28247) wsgi exited, is_accepting=True
2017-03-21 15:19:57.020 28241 INFO oslo.service.wsgi [-] Stopping WSGI server.
2017-03-21 15:19:57.021 28240 INFO eventlet.wsgi.server [-] (28240) wsgi exited, is_accepting=True
2017-03-21 15:19:57.021 28253 INFO eventlet.wsgi.server [-] (28253) wsgi exited, is_accepting=True
2017-03-21 15:19:57.020 28250 INFO oslo.service.wsgi [-] Stopping WSGI server.
2017-03-21 15:19:57.021 28241 INFO eventlet.wsgi.server [-] (28241) wsgi exited, is_accepting=True
2017-03-21 15:19:57.020 28244 INFO oslo.service.wsgi [-] Stopping WSGI server.
2017-03-21 15:19:57.022 28250 INFO eventlet.wsgi.server [-] (28250) wsgi exited, is_accepting=True
2017-03-21 15:19:57.021 28246 INFO oslo.service.wsgi [-] Stopping WSGI server.
2017-03-21 15:19:57.022 28244 INFO eventlet.wsgi.server [-] (28244) wsgi exited, is_accepting=True
2017-03-21 15:19:57.021 28245 INFO oslo.service.wsgi [-] Stopping WSGI server.
2017-03-21 15:19:57.021 28251 INFO oslo.service.wsgi [-] Stopping WSGI server.
2017-03-21 15:19:57.022 28246 INFO eventlet.wsgi.server [-] (28246) wsgi exited, is_accepting=True
2017-03-21 15:19:57.023 28245 INFO eventlet.wsgi.server [-] (28245) wsgi exited, is_accepting=True
2017-03-21 15:19:57.023 28251 INFO eventlet.wsgi.server [-] (28251) wsgi exited, is_accepting=True
2017-03-21 15:19:57.030 28243 INFO oslo.service.wsgi [-] Stopping WSGI server.
2017-03-21 15:19:57.031 28243 INFO eventlet.wsgi.server [-] (28243) wsgi exited, is_accepting=True
2017-03-21 15:19:57.031 28248 INFO oslo.service.wsgi [-] Stopping WSGI server.
2017-03-21 15:19:57.032 28248 INFO eventlet.wsgi.server [-] (28248) wsgi exited, is_accepting=True
2017-03-21 15:19:57.031 28254 INFO oslo.service.wsgi [-] Stopping WSGI server.
2017-03-21 15:19:57.033 28254 INFO eventlet.wsgi.server [-] (28254) wsgi exited, is_accepting=True
2017-03-21 15:19:57.036 28255 INFO oslo.service.wsgi [-] Stopping WSGI server.
2017-03-21 15:19:57.037 28255 INFO eventlet.wsgi.server [-] (28255) wsgi exited, is_accepting=True
2017-03-21 15:19:57.037 28242 INFO oslo.service.wsgi [-] Stopping WSGI server.
2017-03-21 15:19:57.038 28242 INFO eventlet.wsgi.server [-] (28242) wsgi exited, is_accepting=True
2017-03-21 15:19:57.038 28249 INFO oslo.service.wsgi [-] Stopping WSGI server.
2017-03-21 15:19:57.039 28249 INFO eventlet.wsgi.server [-] (28249) wsgi exited, is_accepting=True
2017-03-21 15:19:57.041 28252 INFO oslo.service.wsgi [-] Stopping WSGI server.
2017-03-21 15:19:57.043 28252 INFO eventlet.wsgi.server [-] (28252) wsgi exited, is_accepting=True
2017-03-21 15:19:57.043 28212 INFO oslo_service.service [-] Child 28240 exited with status 0
2017-03-21 15:19:57.047 28212 INFO oslo_service.service [-] Child 28241 exited with status 0
2017-03-21 15:19:57.052 28212 INFO oslo_service.service [-] Child 28242 exited with status 0
2017-03-21 15:19:57.056 15342 INFO eventlet.wsgi.server [-] (15342) wsgi starting up on http://0.0.0.0:6385
2017-03-21 15:19:57.057 28212 INFO oslo_service.service [-] Child 28243 exited with status 0
2017-03-21 15:19:57.059 15343 INFO eventlet.wsgi.server [-] (15343) wsgi starting up on http://0.0.0.0:6385
2017-03-21 15:19:57.061 15344 INFO eventlet.wsgi.server [-] (15344) wsgi starting up on http://0.0.0.0:6385
2017-03-21 15:19:57.062 28212 INFO oslo_service.service [-] Child 28244 exited with status 0
2017-03-21 15:19:57.068 28212 INFO oslo_service.service [-] Child 28245 exited with status 0
2017-03-21 15:19:57.071 15345 INFO eventlet.wsgi.server [-] (15345) wsgi starting up on http://0.0.0.0:6385
2017-03-21 15:19:57.073 28212 INFO oslo_service.service [-] Child 28246 exited with status 0
2017-03-21 15:19:57.075 15346 INFO eventlet.wsgi.server [-] (15346) wsgi starting up on http://0.0.0.0:6385
2017-03-21 15:19:57.078 28212 INFO oslo_service.service [-] Child 28247 exited with status 0
2017-03-21 15:19:57.080 15347 INFO eventlet.wsgi.server [-] (15347) wsgi starting up on http://0.0.0.0:6385
2017-03-21 15:19:57.082 28212 INFO oslo_service.service [-] Child 28248 exited with status 0
2017-03-21 15:19:57.084 15348 INFO eventlet.wsgi.server [-] (15348) wsgi starting up on http://0.0.0.0:6385
2017-03-21 15:19:57.087 28212 INFO oslo_service.service [-] Child 28249 exited with status 0
2017-03-21 15:19:57.089 15349 INFO eventlet.wsgi.server [-] (15349) wsgi starting up on http://0.0.0.0:6385
2017-03-21 15:19:57.092 15350 INFO eventlet.wsgi.server [-] (15350) wsgi starting up on http://0.0.0.0:6385
2017-03-21 15:19:57.091 28212 INFO oslo_service.service [-] Child 28250 exited with status 0
2017-03-21 15:19:57.095 28212 INFO oslo_service.service [-] Child 28251 exited with status 0
2017-03-21 15:19:57.097 15351 INFO eventlet.wsgi.server [-] (15351) wsgi starting up on http://0.0.0.0:6385
2017-03-21 15:19:57.100 28212 INFO oslo_service.service [-] Child 28252 exited with status 0
2017-03-21 15:19:57.103 15352 INFO eventlet.wsgi.server [-] (15352) wsgi starting up on http://0.0.0.0:6385
2017-03-21 15:19:57.104 28212 INFO oslo_service.service [-] Child 28253 exited with status 0
2017-03-21 15:19:57.106 15353 INFO eventlet.wsgi.server [-] (15353) wsgi starting up on http://0.0.0.0:6385
2017-03-21 15:19:57.108 28212 INFO oslo_service.service [-] Child 28254 exited with status 0
2017-03-21 15:19:57.110 15354 INFO eventlet.wsgi.server [-] (15354) wsgi starting up on http://0.0.0.0:6385
2017-03-21 15:19:57.112 28212 INFO oslo_service.service [-] Child 28255 exited with status 0
2017-03-21 15:19:57.115 15355 INFO eventlet.wsgi.server [-] (15355) wsgi starting up on http://0.0.0.0:6385
2017-03-21 15:19:57.119 15356 INFO eventlet.wsgi.server [-] (15356) wsgi starting up on http://0.0.0.0:6385
2017-03-21 15:19:57.125 15357 INFO eventlet.wsgi.server [-] (15357) wsgi starting up on http://0.0.0.0:6385
2017-03-21 15:19:57.127 28212 INFO oslo_service.service [-] Caught SIGTERM, stopping children
2017-03-21 15:19:57.128 28212 INFO oslo.service.wsgi [-] Stopping WSGI server.
2017-03-21 15:19:57.128 28212 INFO oslo_service.service [-] Waiting on 16 children to exit
2017-03-21 15:19:57.128 15357 INFO oslo.service.wsgi [-] Stopping WSGI server.
2017-03-21 15:19:57.128 15352 INFO oslo.service.wsgi [-] Stopping WSGI server.
2017-03-21 15:19:57.128 15351 INFO oslo.service.wsgi [-] Stopping WSGI server.
2017-03-21 15:19:57.128 15346 INFO oslo.service.wsgi [-] Stopping WSGI server.
2017-03-21 15:19:57.128 15350 INFO oslo.service.wsgi [-] Stopping WSGI server.
2017-03-21 15:19:57.129 15357 INFO eventlet.wsgi.server [-] (15357) wsgi exited, is_accepting=True
2017-03-21 15:19:57.129 15351 INFO eventlet.wsgi.server [-] (15351) wsgi exited, is_accepting=True
2017-03-21 15:19:57.129 15346 INFO eventlet.wsgi.server [-] (15346) wsgi exited, is_accepting=True
2017-03-21 15:19:57.129 15350 INFO eventlet.wsgi.server [-] (15350) wsgi exited, is_accepting=True
2017-03-21 15:19:57.129 15352 INFO eventlet.wsgi.server [-] (15352) wsgi exited, is_accepting=True
2017-03-21 15:19:57.130 15343 INFO oslo.service.wsgi [-] Stopping WSGI server.
2017-03-21 15:19:57.130 15349 INFO oslo.service.wsgi [-] Stopping WSGI server.
2017-03-21 15:19:57.131 15343 INFO eventlet.wsgi.server [-] (15343) wsgi exited, is_accepting=True
2017-03-21 15:19:57.131 15349 INFO eventlet.wsgi.server [-] (15349) wsgi exited, is_accepting=True
2017-03-21 15:19:57.133 28212 INFO oslo_service.service [-] Child 15357 exited with status 0
2017-03-21 15:19:57.133 28212 INFO oslo_service.service [-] Child 15350 exited with status 0
2017-03-21 15:19:57.134 15348 INFO oslo.service.wsgi [-] Stopping WSGI server.
2017-03-21 15:19:57.135 15348 INFO eventlet.wsgi.server [-] (15348) wsgi exited, is_accepting=True
2017-03-21 15:19:57.134 15347 INFO oslo.service.wsgi [-] Stopping WSGI server.
2017-03-21 15:19:57.135 28212 INFO oslo_service.service [-] Child 15343 exited with status 0
2017-03-21 15:19:57.135 15347 INFO eventlet.wsgi.server [-] (15347) wsgi exited, is_accepting=True
2017-03-21 15:19:57.137 28212 INFO oslo_service.service [-] Child 15351 exited with status 0
2017-03-21 15:19:57.138 28212 INFO oslo_service.service [-] Child 15349 exited with status 0
2017-03-21 15:19:57.139 28212 INFO oslo_service.service [-] Child 15348 exited with status 0
2017-03-21 15:19:57.139 28212 INFO oslo_service.service [-] Child 15346 exited with status 0
2017-03-21 15:19:57.139 15353 INFO oslo.service.wsgi [-] Stopping WSGI server.
2017-03-21 15:19:57.139 15354 INFO oslo.service.wsgi [-] Stopping WSGI server.
2017-03-21 15:19:57.139 15344 INFO oslo.service.wsgi [-] Stopping WSGI server.
2017-03-21 15:19:57.139 15353 INFO eventlet.wsgi.server [-] (15353) wsgi exited, is_accepting=True
2017-03-21 15:19:57.140 15354 INFO eventlet.wsgi.server [-] (15354) wsgi exited, is_accepting=True
2017-03-21 15:19:57.140 15344 INFO eventlet.wsgi.server [-] (15344) wsgi exited, is_accepting=True
2017-03-21 15:19:57.140 28212 INFO oslo_service.service [-] Child 15347 exited with status 0
2017-03-21 15:19:57.140 15345 INFO oslo.service.wsgi [-] Stopping WSGI server.
2017-03-21 15:19:57.141 15345 INFO eventlet.wsgi.server [-] (15345) wsgi exited, is_accepting=True
2017-03-21 15:19:57.144 28212 INFO oslo_service.service [-] Child 15353 exited with status 0
2017-03-21 15:19:57.144 28212 INFO oslo_service.service [-] Child 15354 exited with status 0
2017-03-21 15:19:57.144 28212 INFO oslo_service.service [-] Child 15344 exited with status 0
2017-03-21 15:19:57.144 15356 INFO oslo.service.wsgi [-] Stopping WSGI server.
2017-03-21 15:19:57.145 15356 INFO eventlet.wsgi.server [-] (15356) wsgi exited, is_accepting=True
2017-03-21 15:19:57.146 28212 INFO oslo_service.service [-] Child 15345 exited with status 0
2017-03-21 15:19:57.146 15342 INFO oslo.service.wsgi [-] Stopping WSGI server.
2017-03-21 15:19:57.147 15342 INFO eventlet.wsgi.server [-] (15342) wsgi exited, is_accepting=True
2017-03-21 15:19:57.149 28212 INFO oslo_service.service [-] Child 15356 exited with status 0
2017-03-21 15:19:57.151 28212 INFO oslo_service.service [-] Child 15342 exited with status 0
2017-03-21 15:19:57.151 28212 INFO oslo_service.service [-] Child 15352 exited with status 0
2017-03-21 15:19:57.151 15355 INFO oslo.service.wsgi [-] Stopping WSGI server.
2017-03-21 15:19:57.152 15355 INFO eventlet.wsgi.server [-] (15355) wsgi exited, is_accepting=True
2017-03-21 15:19:57.156 28212 INFO oslo_service.service [-] Child 15355 exited with status 0
2017-03-21 15:19:58.738 15362 INFO oslo.service.wsgi [-] ironic_api listening on 0.0.0.0:6385
2017-03-21 15:19:58.738 15362 INFO oslo_service.service [-] Starting 16 workers
2017-03-21 15:19:58.747 15454 INFO eventlet.wsgi.server [-] (15454) wsgi starting up on http://0.0.0.0:6385
2017-03-21 15:19:58.750 15456 INFO eventlet.wsgi.server [-] (15456) wsgi starting up on http://0.0.0.0:6385
2017-03-21 15:19:58.750 15457 INFO eventlet.wsgi.server [-] (15457) wsgi starting up on http://0.0.0.0:6385
2017-03-21 15:19:58.751 15459 INFO eventlet.wsgi.server [-] (15459) wsgi starting up on http://0.0.0.0:6385
2017-03-21 15:19:58.752 15458 INFO eventlet.wsgi.server [-] (15458) wsgi starting up on http://0.0.0.0:6385
2017-03-21 15:19:58.754 15460 INFO eventlet.wsgi.server [-] (15460) wsgi starting up on http://0.0.0.0:6385
2017-03-21 15:19:58.757 15462 INFO eventlet.wsgi.server [-] (15462) wsgi starting up on http://0.0.0.0:6385
2017-03-21 15:19:58.757 15455 INFO eventlet.wsgi.server [-] (15455) wsgi starting up on http://0.0.0.0:6385
2017-03-21 15:19:58.759 15463 INFO eventlet.wsgi.server [-] (15463) wsgi starting up on http://0.0.0.0:6385
2017-03-21 15:19:58.759 15464 INFO eventlet.wsgi.server [-] (15464) wsgi starting up on http://0.0.0.0:6385
2017-03-21 15:19:58.762 15466 INFO eventlet.wsgi.server [-] (15466) wsgi starting up on http://0.0.0.0:6385
2017-03-21 15:19:58.764 15461 INFO eventlet.wsgi.server [-] (15461) wsgi starting up on http://0.0.0.0:6385
2017-03-21 15:19:58.767 15362 WARNING oslo_config.cfg [-] Option "rabbit_password" from group "DEFAULT" is deprecated. Use option "rabbit_password" from group "oslo_messaging_rabbit".
2017-03-21 15:19:58.768 15362 WARNING oslo_config.cfg [-] Option "rabbit_password" from group "oslo_messaging_rabbit" is deprecated for removal. Its value may be silently ignored in the future.
2017-03-21 15:19:58.769 15362 WARNING oslo_config.cfg [-] Option "rabbit_userid" from group "DEFAULT" is deprecated. Use option "rabbit_userid" from group "oslo_messaging_rabbit".
2017-03-21 15:19:58.769 15362 WARNING oslo_config.cfg [-] Option "rabbit_userid" from group "oslo_messaging_rabbit" is deprecated for removal. Its value may be silently ignored in the future.
2017-03-21 15:19:58.768 15465 INFO eventlet.wsgi.server [-] (15465) wsgi starting up on http://0.0.0.0:6385
2017-03-21 15:19:58.768 15469 INFO eventlet.wsgi.server [-] (15469) wsgi starting up on http://0.0.0.0:6385
2017-03-21 15:19:58.771 15468 INFO eventlet.wsgi.server [-] (15468) wsgi starting up on http://0.0.0.0:6385
2017-03-21 15:19:58.770 15467 INFO eventlet.wsgi.server [-] (15467) wsgi starting up on http://0.0.0.0:6385
2017-03-21 15:20:58.930 15455 ERROR wsme.api [req-bae78311-5833-4757-8ca8-5179110a6afb - - - - -] Server-side error: "(pymysql.err.InternalError) (1049, u"Unknown database 'ironic'")". Detail: Traceback (most recent call last): File "/usr/local/lib/python2.7/dist-packages/wsmeext/pecan.py", line 85, in callfunction result = f(self, *args, **kwargs)
File "/usr/local/lib/python2.7/dist-packages/ironic/api/controllers/v1/node.py", line 1456, in get_all fields=fields)
File "/usr/local/lib/python2.7/dist-packages/ironic/api/controllers/v1/node.py", line 1310, in _get_nodes_collection filters=filters)
File "/usr/local/lib/python2.7/dist-packages/ironic/objects/node.py", line 255, in list sort_dir=sort_dir)
File "/usr/local/lib/python2.7/dist-packages/ironic/db/sqlalchemy/api.py", line 260, in get_node_list query = _get_node_query_with_tags()
File "/usr/local/lib/python2.7/dist-packages/ironic/db/sqlalchemy/api.py", line 67, in _get_node_query_with_tags return model_query(models.Node).options(joinedload('tags'))
File "/usr/local/lib/python2.7/dist-packages/ironic/db/sqlalchemy/api.py", line 76, in model_query with _session_for_read() as session: File "/usr/lib/python2.7/contextlib.py", line 17, in __enter__ return self.gen.next()
File "/usr/local/lib/python2.7/dist-packages/oslo_db/sqlalchemy/enginefacade.py", line 1012, in _transaction_scope allow_async=self._allow_async) as resource: File "/usr/lib/python2.7/contextlib.py", line 17, in __enter__ return self.gen.next()
File "/usr/local/lib/python2.7/dist-packages/oslo_db/sqlalchemy/enginefacade.py", line 625, in _session bind=self.connection, mode=self.mode)
File "/usr/local/lib/python2.7/dist-packages/oslo_db/sqlalchemy/enginefacade.py", line 395, in _create_session self._start()
File "/usr/local/lib/python2.7/dist-packages/oslo_db/sqlalchemy/enginefacade.py", line 481, in _start engine_args, maker_args)
File "/usr/local/lib/python2.7/dist-packages/oslo_db/sqlalchemy/enginefacade.py", line 505, in _setup_for_connection sql_connection=sql_connection, **engine_kwargs)
File "/usr/local/lib/python2.7/dist-packages/oslo_db/sqlalchemy/engines.py", line 155, in create_engine test_conn = _test_connection(engine, max_retries, retry_interval)
File "/usr/local/lib/python2.7/dist-packages/oslo_db/sqlalchemy/engines.py", line 331, in _test_connection return engine.connect()
File "/usr/local/lib/python2.7/dist-packages/sqlalchemy/engine/base.py", line 2018, in connect return self._connection_cls(self, **kwargs)
File "/usr/local/lib/python2.7/dist-packages/sqlalchemy/engine/base.py", line 72, in __init__ if connection is not None else engine.raw_connection()
File "/usr/local/lib/python2.7/dist-packages/sqlalchemy/engine/base.py", line 2104, in raw_connection self.pool.unique_connection, _connection)
File "/usr/local/lib/python2.7/dist-packages/sqlalchemy/engine/base.py", line 2078, in _wrap_pool_connect e, dialect, self)
File "/usr/local/lib/python2.7/dist-packages/sqlalchemy/engine/base.py", line 1401, in _handle_dbapi_exception_noconnection util.raise_from_cause(newraise, exc_info)
File "/usr/local/lib/python2.7/dist-packages/sqlalchemy/util/compat.py", line 203, in raise_from_cause reraise(type(exception), exception, tb=exc_tb, cause=cause)
File "/usr/local/lib/python2.7/dist-packages/sqlalchemy/engine/base.py", line 2074, in _wrap_pool_connect return fn()
File "/usr/local/lib/python2.7/dist-packages/sqlalchemy/pool.py", line 318, in unique_connection return _ConnectionFairy._checkout(self)
File "/usr/local/lib/python2.7/dist-packages/sqlalchemy/pool.py", line 713, in _checkout fairy = _ConnectionRecord.checkout(pool)
File "/usr/local/lib/python2.7/dist-packages/sqlalchemy/pool.py", line 480, in checkout rec = pool._do_get()
File "/usr/local/lib/python2.7/dist-packages/sqlalchemy/pool.py", line 1060, in _do_get self._dec_overflow()
File "/usr/local/lib/python2.7/dist-packages/sqlalchemy/util/langhelpers.py", line 60, in __exit__ compat.reraise(exc_type, exc_value, exc_tb)
File "/usr/local/lib/python2.7/dist-packages/sqlalchemy/pool.py", line 1057, in _do_get return self._create_connection()
File "/usr/local/lib/python2.7/dist-packages/sqlalchemy/pool.py", line 323, in _create_connection return _ConnectionRecord(self)
File "/usr/local/lib/python2.7/dist-packages/sqlalchemy/pool.py", line 449, in __init__ self.connection = self.__connect()
File "/usr/local/lib/python2.7/dist-packages/sqlalchemy/pool.py", line 607, in __connect connection = self.__pool._invoke_creator(self)
File "/usr/local/lib/python2.7/dist-packages/sqlalchemy/engine/strategies.py", line 97, in connect return dialect.connect(*cargs, **cparams)
File "/usr/local/lib/python2.7/dist-packages/sqlalchemy/engine/default.py", line 385, in connect return self.dbapi.connect(*cargs, **cparams)
File "/usr/local/lib/python2.7/dist-packages/pymysql/__init__.py", line 90, in Connect return Connection(*args, **kwargs)
File "/usr/local/lib/python2.7/dist-packages/pymysql/connections.py", line 688, in __init__ self.connect()
File "/usr/local/lib/python2.7/dist-packages/pymysql/connections.py", line 906, in connect self._request_authentication()
File "/usr/local/lib/python2.7/dist-packages/pymysql/connections.py", line 1114, in _request_authentication auth_packet = self._read_packet()
File "/usr/local/lib/python2.7/dist-packages/pymysql/connections.py", line 981, in _read_packet packet.check_error()
File "/usr/local/lib/python2.7/dist-packages/pymysql/connections.py", line 393, in check_error err.raise_mysql_exception(self._data)
File "/usr/local/lib/python2.7/dist-packages/pymysql/err.py", line 107, in raise_mysql_exception raise errorclass(errno, errval) DBNonExistentDatabase: (pymysql.err.InternalError) (1049, u"Unknown database 'ironic'")
2017-03-21 15:20:58.932 15455 INFO eventlet.wsgi.server [req-bae78311-5833-4757-8ca8-5179110a6afb - - - - -] 127.0.0.1 "GET /v1/nodes HTTP/1.1" status: 500 len: 507 time: 0.1457720
2017-03-21 15:21:58.935 15462 ERROR wsme.api [req-55a931b1-1bfe-4be0-a680-290b2baf5951 - - - - -] Server-side error: "(pymysql.err.InternalError) (1049, u"Unknown database 'ironic'")". Detail: Traceback (most recent call last): File "/usr/local/lib/python2.7/dist-packages/wsmeext/pecan.py", line 85, in callfunction result = f(self, *args, **kwargs)
File "/usr/local/lib/python2.7/dist-packages/ironic/api/controllers/v1/node.py", line 1456, in get_all fields=fields)
File "/usr/local/lib/python2.7/dist-packages/ironic/api/controllers/v1/node.py", line 1310, in _get_nodes_collection filters=filters)
File "/usr/local/lib/python2.7/dist-packages/ironic/objects/node.py", line 255, in list sort_dir=sort_dir)
File "/usr/local/lib/python2.7/dist-packages/ironic/db/sqlalchemy/api.py", line 260, in get_node_list query = _get_node_query_with_tags()
File "/usr/local/lib/python2.7/dist-packages/ironic/db/sqlalchemy/api.py", line 67, in _get_node_query_with_tags return model_query(models.Node).options(joinedload('tags'))
File "/usr/local/lib/python2.7/dist-packages/ironic/db/sqlalchemy/api.py", line 76, in model_query with _session_for_read() as session: File "/usr/lib/python2.7/contextlib.py", line 17, in __enter__ return self.gen.next()
File "/usr/local/lib/python2.7/dist-packages/oslo_db/sqlalchemy/enginefacade.py", line 1012, in _transaction_scope allow_async=self._allow_async) as resource: File "/usr/lib/python2.7/contextlib.py", line 17, in __enter__ return self.gen.next()
File "/usr/local/lib/python2.7/dist-packages/oslo_db/sqlalchemy/enginefacade.py", line 625, in _session bind=self.connection, mode=self.mode)
File "/usr/local/lib/python2.7/dist-packages/oslo_db/sqlalchemy/enginefacade.py", line 395, in _create_session self._start()
File "/usr/local/lib/python2.7/dist-packages/oslo_db/sqlalchemy/enginefacade.py", line 481, in _start engine_args, maker_args)
File "/usr/local/lib/python2.7/dist-packages/oslo_db/sqlalchemy/enginefacade.py", line 505, in _setup_for_connection sql_connection=sql_connection, **engine_kwargs)
File "/usr/local/lib/python2.7/dist-packages/oslo_db/sqlalchemy/engines.py", line 155, in create_engine test_conn = _test_connection(engine, max_retries, retry_interval)
File "/usr/local/lib/python2.7/dist-packages/oslo_db/sqlalchemy/engines.py", line 331, in _test_connection return engine.connect()
File "/usr/local/lib/python2.7/dist-packages/sqlalchemy/engine/base.py", line 2018, in connect return self._connection_cls(self, **kwargs)
File "/usr/local/lib/python2.7/dist-packages/sqlalchemy/engine/base.py", line 72, in __init__ if connection is not None else engine.raw_connection()
File "/usr/local/lib/python2.7/dist-packages/sqlalchemy/engine/base.py", line 2104, in raw_connection self.pool.unique_connection, _connection)
File "/usr/local/lib/python2.7/dist-packages/sqlalchemy/engine/base.py", line 2078, in _wrap_pool_connect e, dialect, self)
File "/usr/local/lib/python2.7/dist-packages/sqlalchemy/engine/base.py", line 1401, in _handle_dbapi_exception_noconnection util.raise_from_cause(newraise, exc_info)
File "/usr/local/lib/python2.7/dist-packages/sqlalchemy/util/compat.py", line 203, in raise_from_cause reraise(type(exception), exception, tb=exc_tb, cause=cause)
File "/usr/local/lib/python2.7/dist-packages/sqlalchemy/engine/base.py", line 2074, in _wrap_pool_connect return fn()
File "/usr/local/lib/python2.7/dist-packages/sqlalchemy/pool.py", line 318, in unique_connection return _ConnectionFairy._checkout(self)
File "/usr/local/lib/python2.7/dist-packages/sqlalchemy/pool.py", line 713, in _checkout fairy = _ConnectionRecord.checkout(pool)
File "/usr/local/lib/python2.7/dist-packages/sqlalchemy/pool.py", line 480, in checkout rec = pool._do_get()
File "/usr/local/lib/python2.7/dist-packages/sqlalchemy/pool.py", line 1060, in _do_get self._dec_overflow()
File "/usr/local/lib/python2.7/dist-packages/sqlalchemy/util/langhelpers.py", line 60, in __exit__ compat.reraise(exc_type, exc_value, exc_tb)
File "/usr/local/lib/python2.7/dist-packages/sqlalchemy/pool.py", line 1057, in _do_get return self._create_connection()
File "/usr/local/lib/python2.7/dist-packages/sqlalchemy/pool.py", line 323, in _create_connection return _ConnectionRecord(self)
File "/usr/local/lib/python2.7/dist-packages/sqlalchemy/pool.py", line 449, in __init__ self.connection = self.__connect()
File "/usr/local/lib/python2.7/dist-packages/sqlalchemy/pool.py", line 607, in __connect connection = self.__pool._invoke_creator(self)
File "/usr/local/lib/python2.7/dist-packages/sqlalchemy/engine/strategies.py", line 97, in connect return dialect.connect(*cargs, **cparams)
File "/usr/local/lib/python2.7/dist-packages/sqlalchemy/engine/default.py", line 385, in connect return self.dbapi.connect(*cargs, **cparams)
File "/usr/local/lib/python2.7/dist-packages/pymysql/__init__.py", line 90, in Connect return Connection(*args, **kwargs)
File "/usr/local/lib/python2.7/dist-packages/pymysql/connections.py", line 688, in __init__ self.connect()
File "/usr/local/lib/python2.7/dist-packages/pymysql/connections.py", line 906, in connect self._request_authentication()
File "/usr/local/lib/python2.7/dist-packages/pymysql/connections.py", line 1114, in _request_authentication auth_packet = self._read_packet()
File "/usr/local/lib/python2.7/dist-packages/pymysql/connections.py", line 981, in _read_packet packet.check_error()
File "/usr/local/lib/python2.7/dist-packages/pymysql/connections.py", line 393, in check_error err.raise_mysql_exception(self._data)
File "/usr/local/lib/python2.7/dist-packages/pymysql/err.py", line 107, in raise_mysql_exception raise errorclass(errno, errval) DBNonExistentDatabase: (pymysql.err.InternalError) (1049, u"Unknown database 'ironic'")
2017-03-21 15:21:58.937 15462 INFO eventlet.wsgi.server [req-55a931b1-1bfe-4be0-a680-290b2baf5951 - - - - -] 127.0.0.1 "GET /v1/nodes HTTP/1.1" status: 500 len: 507 time: 0.1700401
2017-03-21 15:22:59.055 15362 INFO oslo_service.service [-] Child 15454 killed by signal 11
2017-03-21 15:22:59.065 18088 INFO eventlet.wsgi.server [-] (18088) wsgi starting up on http://0.0.0.0:6385
2017-03-21 15:23:01.329 15362 INFO oslo_service.service [-] Child 15460 killed by signal 11
2017-03-21 15:23:01.340 18103 INFO eventlet.wsgi.server [-] (18103) wsgi starting up on http://0.0.0.0:6385
2017-03-21 15:23:03.567 15362 INFO oslo_service.service [-] Child 18088 killed by signal 11
2017-03-21 15:23:03.574 18173 INFO eventlet.wsgi.server [-] (18173) wsgi starting up on http://0.0.0.0:6385
2017-03-21 15:23:05.863 15362 INFO oslo_service.service [-] Child 18173 killed by signal 11
2017-03-21 15:23:05.874 18266 INFO eventlet.wsgi.server [-] (18266) wsgi starting up on http://0.0.0.0:6385
2017-03-21 15:23:08.125 15362 INFO oslo_service.service [-] Child 15464 killed by signal 11
2017-03-21 15:23:08.137 18268 INFO eventlet.wsgi.server [-] (18268) wsgi starting up on http://0.0.0.0:6385
2017-03-21 15:23:10.371 15362 INFO oslo_service.service [-] Child 15458 killed by signal 11
2017-03-21 15:23:10.381 18478 INFO eventlet.wsgi.server [-] (18478) wsgi starting up on http://0.0.0.0:6385
2017-03-21 15:23:12.677 15362 INFO oslo_service.service [-] Child 15469 killed by signal 11
2017-03-21 15:23:12.688 18841 INFO eventlet.wsgi.server [-] (18841) wsgi starting up on http://0.0.0.0:6385
2017-03-21 15:23:14.985 15362 INFO oslo_service.service [-] Child 15456 killed by signal 11
2017-03-21 15:23:14.995 18952 INFO eventlet.wsgi.server [-] (18952) wsgi starting up on http://0.0.0.0:6385
2017-03-21 15:23:17.306 15362 INFO oslo_service.service [-] Child 15465 killed by signal 11
2017-03-21 15:23:17.317 19074 INFO eventlet.wsgi.server [-] (19074) wsgi starting up on http://0.0.0.0:6385
2017-03-21 15:23:19.627 15362 INFO oslo_service.service [-] Child 15466 killed by signal 11
2017-03-21 15:23:19.637 19118 INFO eventlet.wsgi.server [-] (19118) wsgi starting up on http://0.0.0.0:6385
2017-03-21 15:23:21.938 15362 INFO oslo_service.service [-] Child 18266 killed by signal 11
2017-03-21 15:23:21.950 19198 INFO eventlet.wsgi.server [-] (19198) wsgi starting up on http://0.0.0.0:6385
2017-03-21 15:23:24.217 15362 INFO oslo_service.service [-] Child 19074 killed by signal 11
2017-03-21 15:23:24.228 19301 INFO eventlet.wsgi.server [-] (19301) wsgi starting up on http://0.0.0.0:6385
2017-03-21 15:23:26.298 15455 INFO eventlet.wsgi.server [req-a59a1105-fc10-4340-a65b-63dc8de059c7 - - - - -] 127.0.0.1 "GET /v1/nodes HTTP/1.1" status: 200 len: 338 time: 0.0777020
2017-03-21 15:23:59.879 19118 INFO oslo.service.wsgi [-] Stopping WSGI server.
2017-03-21 15:23:59.879 19301 INFO oslo.service.wsgi [-] Stopping WSGI server.
2017-03-21 15:23:59.879 19118 INFO eventlet.wsgi.server [-] (19118) wsgi exited, is_accepting=True
2017-03-21 15:23:59.879 18841 INFO oslo.service.wsgi [-] Stopping WSGI server.
2017-03-21 15:23:59.879 19301 INFO eventlet.wsgi.server [-] (19301) wsgi exited, is_accepting=True
2017-03-21 15:23:59.879 18952 INFO oslo.service.wsgi [-] Stopping WSGI server.
2017-03-21 15:23:59.879 18103 INFO oslo.service.wsgi [-] Stopping WSGI server.
2017-03-21 15:23:59.880 18841 INFO eventlet.wsgi.server [-] (18841) wsgi exited, is_accepting=True
2017-03-21 15:23:59.879 15468 INFO oslo.service.wsgi [-] Stopping WSGI server.
2017-03-21 15:23:59.879 15457 INFO oslo.service.wsgi [-] Stopping WSGI server.
2017-03-21 15:23:59.879 15459 INFO oslo.service.wsgi [-] Stopping WSGI server.
2017-03-21 15:23:59.880 18952 INFO eventlet.wsgi.server [-] (18952) wsgi exited, is_accepting=True
2017-03-21 15:23:59.880 18103 INFO eventlet.wsgi.server [-] (18103) wsgi exited, is_accepting=True
2017-03-21 15:23:59.881 15468 INFO eventlet.wsgi.server [-] (15468) wsgi exited, is_accepting=True
2017-03-21 15:23:59.881 15457 INFO eventlet.wsgi.server [-] (15457) wsgi exited, is_accepting=True
2017-03-21 15:23:59.881 15459 INFO eventlet.wsgi.server [-] (15459) wsgi exited, is_accepting=True
2017-03-21 15:23:59.883 15461 INFO oslo.service.wsgi [-] Stopping WSGI server.
2017-03-21 15:23:59.883 18478 INFO oslo.service.wsgi [-] Stopping WSGI server.
2017-03-21 15:23:59.884 18478 INFO eventlet.wsgi.server [-] (18478) wsgi exited, is_accepting=True
2017-03-21 15:23:59.884 19198 INFO oslo.service.wsgi [-] Stopping WSGI server.
2017-03-21 15:23:59.884 15461 INFO eventlet.wsgi.server [-] (15461) wsgi exited, is_accepting=True
2017-03-21 15:23:59.885 19198 INFO eventlet.wsgi.server [-] (19198) wsgi exited, is_accepting=True
2017-03-21 15:23:59.885 18268 INFO oslo.service.wsgi [-] Stopping WSGI server.
2017-03-21 15:23:59.886 18268 INFO eventlet.wsgi.server [-] (18268) wsgi exited, is_accepting=True
2017-03-21 15:23:59.886 15462 INFO oslo.service.wsgi [-] Stopping WSGI server.
2017-03-21 15:23:59.887 15463 INFO oslo.service.wsgi [-] Stopping WSGI server.
2017-03-21 15:23:59.887 15462 INFO eventlet.wsgi.server [-] (15462) wsgi exited, is_accepting=True
2017-03-21 15:23:59.888 15463 INFO eventlet.wsgi.server [-] (15463) wsgi exited, is_accepting=True
2017-03-21 15:23:59.889 15467 INFO oslo.service.wsgi [-] Stopping WSGI server.
2017-03-21 15:23:59.890 15467 INFO eventlet.wsgi.server [-] (15467) wsgi exited, is_accepting=True
2017-03-21 15:23:59.892 15455 INFO oslo.service.wsgi [-] Stopping WSGI server.
2017-03-21 15:23:59.893 15455 INFO eventlet.wsgi.server [-] (15455) wsgi exited, is_accepting=True
2017-03-21 15:23:59.893 15362 INFO oslo_service.service [-] Child 15457 exited with status 0
2017-03-21 15:23:59.896 15362 INFO oslo_service.service [-] Child 15459 exited with status 0
2017-03-21 15:23:59.900 15362 INFO oslo_service.service [-] Child 15455 exited with status 0
2017-03-21 15:23:59.903 20567 INFO eventlet.wsgi.server [-] (20567) wsgi starting up on http://0.0.0.0:6385
2017-03-21 15:23:59.903 15362 INFO oslo_service.service [-] Child 15461 exited with status 0
2017-03-21 15:23:59.906 20568 INFO eventlet.wsgi.server [-] (20568) wsgi starting up on http://0.0.0.0:6385
2017-03-21 15:23:59.907 15362 INFO oslo_service.service [-] Child 15462 exited with status 0
2017-03-21 15:23:59.909 20569 INFO eventlet.wsgi.server [-] (20569) wsgi starting up on http://0.0.0.0:6385
2017-03-21 15:23:59.910 15362 INFO oslo_service.service [-] Child 15463 exited with status 0
2017-03-21 15:23:59.912 20570 INFO eventlet.wsgi.server [-] (20570) wsgi starting up on http://0.0.0.0:6385
2017-03-21 15:23:59.913 20571 INFO eventlet.wsgi.server [-] (20571) wsgi starting up on http://0.0.0.0:6385
2017-03-21 15:23:59.913 15362 INFO oslo_service.service [-] Child 15467 exited with status 0
2017-03-21 15:23:59.916 20572 INFO eventlet.wsgi.server [-] (20572) wsgi starting up on http://0.0.0.0:6385
2017-03-21 15:23:59.916 15362 INFO oslo_service.service [-] Child 15468 exited with status 0
2017-03-21 15:23:59.920 20573 INFO eventlet.wsgi.server [-] (20573) wsgi starting up on http://0.0.0.0:6385
2017-03-21 15:23:59.919 15362 INFO oslo_service.service [-] Child 18103 exited with status 0
2017-03-21 15:23:59.922 15362 INFO oslo_service.service [-] Child 18268 exited with status 0
2017-03-21 15:23:59.924 20574 INFO eventlet.wsgi.server [-] (20574) wsgi starting up on http://0.0.0.0:6385
2017-03-21 15:23:59.926 20575 INFO eventlet.wsgi.server [-] (20575) wsgi starting up on http://0.0.0.0:6385
2017-03-21 15:23:59.925 15362 INFO oslo_service.service [-] Child 18478 exited with status 0
2017-03-21 15:23:59.929 20576 INFO eventlet.wsgi.server [-] (20576) wsgi starting up on http://0.0.0.0:6385
2017-03-21 15:23:59.929 15362 INFO oslo_service.service [-] Child 18841 exited with status 0
2017-03-21 15:23:59.932 20577 INFO eventlet.wsgi.server [-] (20577) wsgi starting up on http://0.0.0.0:6385
2017-03-21 15:23:59.932 15362 INFO oslo_service.service [-] Child 18952 exited with status 0
2017-03-21 15:23:59.935 15362 INFO oslo_service.service [-] Child 19118 exited with status 0
2017-03-21 15:23:59.937 20578 INFO eventlet.wsgi.server [-] (20578) wsgi starting up on http://0.0.0.0:6385
2017-03-21 15:23:59.938 20579 INFO eventlet.wsgi.server [-] (20579) wsgi starting up on http://0.0.0.0:6385
2017-03-21 15:23:59.938 15362 INFO oslo_service.service [-] Child 19198 exited with status 0
2017-03-21 15:23:59.941 20580 INFO eventlet.wsgi.server [-] (20580) wsgi starting up on http://0.0.0.0:6385
2017-03-21 15:23:59.941 15362 INFO oslo_service.service [-] Child 19301 exited with status 0
2017-03-21 15:23:59.944 20581 INFO eventlet.wsgi.server [-] (20581) wsgi starting up on http://0.0.0.0:6385
2017-03-21 15:23:59.950 20582 INFO eventlet.wsgi.server [-] (20582) wsgi starting up on http://0.0.0.0:6385
