2017-03-21 07:29:16.711 8645 INFO eventlet.wsgi.server [req-49ecd82a-df47-4b28-9c4d-9bd44b7c0d2f - - - - -] 127.0.0.1 "GET /v1/nodes/a960e3ed-9e08-51e2-a4b4-29ea8fee5576/ports HTTP/1.1" status: 200 len: 623 time: 0.0376880
2017-03-21 07:29:16.897 8645 INFO eventlet.wsgi.server [req-9b2d95e7-c867-45a5-9b7a-dec1554a6942 - - - - -] 127.0.0.1 "PATCH /v1/nodes/a960e3ed-9e08-51e2-a4b4-29ea8fee5576 HTTP/1.1" status: 200 len: 1785 time: 0.1803250
2017-03-21 07:29:17.131 8645 INFO eventlet.wsgi.server [req-19ea756b-ae28-4127-9d18-7d45eb456728 - - - - -] 127.0.0.1 "PATCH /v1/nodes/a960e3ed-9e08-51e2-a4b4-29ea8fee5576 HTTP/1.1" status: 200 len: 1835 time: 0.2272499
2017-03-21 07:29:17.374 8646 WARNING oslo_config.cfg [req-ece9c58c-9c14-46c1-ab52-6c693a46857b - - - - -] Option "rabbit_userid" from group "DEFAULT" is deprecated. Use option "rabbit_userid" from group "oslo_messaging_rabbit".
2017-03-21 07:29:17.375 8646 WARNING oslo_config.cfg [req-ece9c58c-9c14-46c1-ab52-6c693a46857b - - - - -] Option "rabbit_userid" from group "oslo_messaging_rabbit" is deprecated for removal. Its value may be silently ignored in the future.
2017-03-21 07:29:17.375 8646 WARNING oslo_config.cfg [req-ece9c58c-9c14-46c1-ab52-6c693a46857b - - - - -] Option "rabbit_password" from group "DEFAULT" is deprecated. Use option "rabbit_password" from group "oslo_messaging_rabbit".
2017-03-21 07:29:17.376 8646 WARNING oslo_config.cfg [req-ece9c58c-9c14-46c1-ab52-6c693a46857b - - - - -] Option "rabbit_password" from group "oslo_messaging_rabbit" is deprecated for removal. Its value may be silently ignored in the future.
2017-03-21 07:29:17.553 8646 INFO eventlet.wsgi.server [req-ece9c58c-9c14-46c1-ab52-6c693a46857b - - - - -] 127.0.0.1 "PUT /v1/nodes/a960e3ed-9e08-51e2-a4b4-29ea8fee5576/states/power HTTP/1.1" status: 202 len: 384 time: 0.3921130
2017-03-21 07:29:18.410 8642 INFO eventlet.wsgi.server [req-64e42e1e-c01d-4d5e-9b4c-f6d4fdf9acc6 - - - - -] 127.0.0.1 "GET /v1/nodes/f7647c75-31e7-5dc3-be4d-1011a681070a HTTP/1.1" status: 200 len: 1839 time: 0.0312998
2017-03-21 07:29:18.616 8645 INFO eventlet.wsgi.server [req-d4ef9839-e7c4-4953-b08a-b7391f442e59 - - - - -] 127.0.0.1 "GET /v1/nodes/a960e3ed-9e08-51e2-a4b4-29ea8fee5576 HTTP/1.1" status: 200 len: 1843 time: 0.0311382
2017-03-21 07:29:18.639 8638 INFO eventlet.wsgi.server [req-5fbc7447-4dd6-43fa-bc4a-39355a3a2916 - - - - -] 127.0.0.1 "GET /v1/nodes/78544ab5-49df-5a83-acfa-2068ac465b21 HTTP/1.1" status: 200 len: 1763 time: 0.0183179
2017-03-21 07:29:19.562 8633 INFO eventlet.wsgi.server [req-b37ebcd7-4628-4968-8f07-7cc18605ba61 - - - - -] 127.0.0.1 "GET /v1/nodes/78544ab5-49df-5a83-acfa-2068ac465b21 HTTP/1.1" status: 200 len: 1782 time: 0.0348840
2017-03-21 07:29:19.663 8633 INFO eventlet.wsgi.server [req-4ebbc0fd-bcde-450a-8ebf-ae19e344d1ea - - - - -] 127.0.0.1 "GET /v1/nodes/78544ab5-49df-5a83-acfa-2068ac465b21/ports HTTP/1.1" status: 200 len: 623 time: 0.0389431
2017-03-21 07:29:19.703 8633 WARNING oslo_config.cfg [req-b339bc61-7330-4aba-aca8-5449c83d4582 - - - - -] Option "rabbit_userid" from group "DEFAULT" is deprecated. Use option "rabbit_userid" from group "oslo_messaging_rabbit".
2017-03-21 07:29:19.704 8633 WARNING oslo_config.cfg [req-b339bc61-7330-4aba-aca8-5449c83d4582 - - - - -] Option "rabbit_userid" from group "oslo_messaging_rabbit" is deprecated for removal. Its value may be silently ignored in the future.
2017-03-21 07:29:19.704 8633 WARNING oslo_config.cfg [req-b339bc61-7330-4aba-aca8-5449c83d4582 - - - - -] Option "rabbit_password" from group "DEFAULT" is deprecated. Use option "rabbit_password" from group "oslo_messaging_rabbit".
2017-03-21 07:29:19.704 8633 WARNING oslo_config.cfg [req-b339bc61-7330-4aba-aca8-5449c83d4582 - - - - -] Option "rabbit_password" from group "oslo_messaging_rabbit" is deprecated for removal. Its value may be silently ignored in the future.
2017-03-21 07:29:19.863 8633 INFO eventlet.wsgi.server [req-b339bc61-7330-4aba-aca8-5449c83d4582 - - - - -] 127.0.0.1 "PATCH /v1/nodes/78544ab5-49df-5a83-acfa-2068ac465b21 HTTP/1.1" status: 200 len: 1782 time: 0.1939099
2017-03-21 07:29:20.095 8633 INFO eventlet.wsgi.server [req-8bc1e5eb-b2f2-42f5-a3c2-e29962af61f3 - - - - -] 127.0.0.1 "PATCH /v1/nodes/78544ab5-49df-5a83-acfa-2068ac465b21 HTTP/1.1" status: 200 len: 1832 time: 0.2255731
2017-03-21 07:29:20.244 8645 INFO eventlet.wsgi.server [req-866d69af-b7a1-4fbb-89b9-15b30401481f - - - - -] 127.0.0.1 "PUT /v1/nodes/78544ab5-49df-5a83-acfa-2068ac465b21/states/power HTTP/1.1" status: 202 len: 384 time: 0.1210718
2017-03-21 07:29:20.441 8642 INFO eventlet.wsgi.server [req-efec7ee1-5e05-4b81-b7e1-b3250cab0f25 - - - - -] 127.0.0.1 "GET /v1/nodes/f7647c75-31e7-5dc3-be4d-1011a681070a HTTP/1.1" status: 200 len: 1839 time: 0.0261400
2017-03-21 07:29:20.651 8645 INFO eventlet.wsgi.server [req-92fa2dea-865c-4187-b514-e35be3e801fe - - - - -] 127.0.0.1 "GET /v1/nodes/a960e3ed-9e08-51e2-a4b4-29ea8fee5576 HTTP/1.1" status: 200 len: 1843 time: 0.0292001
2017-03-21 07:29:20.662 8638 INFO eventlet.wsgi.server [req-08e8f5cc-d42d-4d1e-bf6b-a431a57831b8 - - - - -] 127.0.0.1 "GET /v1/nodes/78544ab5-49df-5a83-acfa-2068ac465b21 HTTP/1.1" status: 200 len: 1840 time: 0.0191019
2017-03-21 07:29:22.468 8642 INFO eventlet.wsgi.server [req-a9b69dae-80e3-459b-a38e-4d70f660537f - - - - -] 127.0.0.1 "GET /v1/nodes/f7647c75-31e7-5dc3-be4d-1011a681070a HTTP/1.1" status: 200 len: 1839 time: 0.0251808
2017-03-21 07:29:22.685 8645 INFO eventlet.wsgi.server [req-6d3feff2-09dd-4814-bb49-b3ee993f0332 - - - - -] 127.0.0.1 "GET /v1/nodes/a960e3ed-9e08-51e2-a4b4-29ea8fee5576 HTTP/1.1" status: 200 len: 1843 time: 0.0290511
2017-03-21 07:29:22.692 8638 INFO eventlet.wsgi.server [req-e08aca2e-17c2-428f-9261-2a0eeee87c2a - - - - -] 127.0.0.1 "GET /v1/nodes/78544ab5-49df-5a83-acfa-2068ac465b21 HTTP/1.1" status: 200 len: 1840 time: 0.0251219
2017-03-21 07:29:24.504 8642 INFO eventlet.wsgi.server [req-eacc218e-9e70-4a04-94de-169fb445a5c7 - - - - -] 127.0.0.1 "GET /v1/nodes/f7647c75-31e7-5dc3-be4d-1011a681070a HTTP/1.1" status: 200 len: 1839 time: 0.0307338
2017-03-21 07:29:24.723 8645 INFO eventlet.wsgi.server [req-0f7174ce-2a6f-4151-b4af-12ed229b3408 - - - - -] 127.0.0.1 "GET /v1/nodes/a960e3ed-9e08-51e2-a4b4-29ea8fee5576 HTTP/1.1" status: 200 len: 1843 time: 0.0328660
2017-03-21 07:29:24.726 8638 INFO eventlet.wsgi.server [req-205ac08b-4b61-4f50-bc09-75c49f6cf945 - - - - -] 127.0.0.1 "GET /v1/nodes/78544ab5-49df-5a83-acfa-2068ac465b21 HTTP/1.1" status: 200 len: 1840 time: 0.0295210
2017-03-21 07:29:26.538 8642 INFO eventlet.wsgi.server [req-7c070a05-dea7-4a99-a6ef-897519145591 - - - - -] 127.0.0.1 "GET /v1/nodes/f7647c75-31e7-5dc3-be4d-1011a681070a HTTP/1.1" status: 200 len: 1839 time: 0.0297089
2017-03-21 07:29:26.745 8638 INFO eventlet.wsgi.server [req-a38d271f-dcb9-47c0-a4b0-01329db7ebfd - - - - -] 127.0.0.1 "GET /v1/nodes/78544ab5-49df-5a83-acfa-2068ac465b21 HTTP/1.1" status: 200 len: 1840 time: 0.0143390
2017-03-21 07:29:26.754 8645 INFO eventlet.wsgi.server [req-74c3cacc-e258-4edf-8c55-9f2fe04c14b4 - - - - -] 127.0.0.1 "GET /v1/nodes/a960e3ed-9e08-51e2-a4b4-29ea8fee5576 HTTP/1.1" status: 200 len: 1843 time: 0.0258341
2017-03-21 07:29:28.573 8642 INFO eventlet.wsgi.server [req-76f136bc-ae22-493a-9186-b8561af073b0 - - - - -] 127.0.0.1 "GET /v1/nodes/f7647c75-31e7-5dc3-be4d-1011a681070a HTTP/1.1" status: 200 len: 1813 time: 0.0300009
2017-03-21 07:29:28.776 8638 INFO eventlet.wsgi.server [req-ea515d6c-be17-4868-b94c-f0ccf0159e35 - - - - -] 127.0.0.1 "GET /v1/nodes/78544ab5-49df-5a83-acfa-2068ac465b21 HTTP/1.1" status: 200 len: 1840 time: 0.0245569
2017-03-21 07:29:28.788 8645 INFO eventlet.wsgi.server [req-29dbf28e-17b7-453d-a8a9-f20998ea2a76 - - - - -] 127.0.0.1 "GET /v1/nodes/a960e3ed-9e08-51e2-a4b4-29ea8fee5576 HTTP/1.1" status: 200 len: 1843 time: 0.0292640
2017-03-21 07:29:30.612 8642 INFO eventlet.wsgi.server [req-fef27176-449b-4a79-b822-60b7d05a0fdc - - - - -] 127.0.0.1 "GET /v1/nodes/f7647c75-31e7-5dc3-be4d-1011a681070a HTTP/1.1" status: 200 len: 1813 time: 0.0324099
2017-03-21 07:29:30.808 8638 INFO eventlet.wsgi.server [req-f30bb0b4-74b8-432b-a6e1-6a7bb779ad06 - - - - -] 127.0.0.1 "GET /v1/nodes/78544ab5-49df-5a83-acfa-2068ac465b21 HTTP/1.1" status: 200 len: 1840 time: 0.0282779
2017-03-21 07:29:30.824 8645 INFO eventlet.wsgi.server [req-eb41a09a-8fa6-49ac-98f3-2a4fd10c6c95 - - - - -] 127.0.0.1 "GET /v1/nodes/a960e3ed-9e08-51e2-a4b4-29ea8fee5576 HTTP/1.1" status: 200 len: 1837 time: 0.0297019
2017-03-21 07:29:32.646 8642 INFO eventlet.wsgi.server [req-f6e270b9-9dec-4a7c-bdef-bbada808b46c - - - - -] 127.0.0.1 "GET /v1/nodes/f7647c75-31e7-5dc3-be4d-1011a681070a HTTP/1.1" status: 200 len: 1813 time: 0.0294089
2017-03-21 07:29:32.841 8638 INFO eventlet.wsgi.server [req-95d46daf-086e-48c9-88d8-df6c454baa08 - - - - -] 127.0.0.1 "GET /v1/nodes/78544ab5-49df-5a83-acfa-2068ac465b21 HTTP/1.1" status: 200 len: 1840 time: 0.0279422
2017-03-21 07:29:32.858 8645 INFO eventlet.wsgi.server [req-74ac531d-c501-4baa-8d78-4069b445c129 - - - - -] 127.0.0.1 "GET /v1/nodes/a960e3ed-9e08-51e2-a4b4-29ea8fee5576 HTTP/1.1" status: 200 len: 1817 time: 0.0284278
2017-03-21 07:29:34.680 8642 INFO eventlet.wsgi.server [req-38e859f1-ce71-4fb7-988b-42cf97daa845 - - - - -] 127.0.0.1 "GET /v1/nodes/f7647c75-31e7-5dc3-be4d-1011a681070a HTTP/1.1" status: 200 len: 1813 time: 0.0282819
2017-03-21 07:29:34.873 8638 INFO eventlet.wsgi.server [req-f6815b5f-c34f-446c-bea1-ec293918593d - - - - -] 127.0.0.1 "GET /v1/nodes/78544ab5-49df-5a83-acfa-2068ac465b21 HTTP/1.1" status: 200 len: 1840 time: 0.0280380
2017-03-21 07:29:34.894 8645 INFO eventlet.wsgi.server [req-c3a40050-2afd-4570-8391-3cca71113727 - - - - -] 127.0.0.1 "GET /v1/nodes/a960e3ed-9e08-51e2-a4b4-29ea8fee5576 HTTP/1.1" status: 200 len: 1817 time: 0.0296440
2017-03-21 07:29:36.716 8642 INFO eventlet.wsgi.server [req-cda3489e-a272-4872-8ec6-c11fa913aa95 - - - - -] 127.0.0.1 "GET /v1/nodes/f7647c75-31e7-5dc3-be4d-1011a681070a HTTP/1.1" status: 200 len: 1813 time: 0.0296330
2017-03-21 07:29:36.906 8638 INFO eventlet.wsgi.server [req-405a5951-18f5-4510-b288-69ae942881e8 - - - - -] 127.0.0.1 "GET /v1/nodes/78544ab5-49df-5a83-acfa-2068ac465b21 HTTP/1.1" status: 200 len: 1814 time: 0.0286369
2017-03-21 07:29:36.929 8645 INFO eventlet.wsgi.server [req-c2b4e4bd-1e71-45db-ba37-805955a841e3 - - - - -] 127.0.0.1 "GET /v1/nodes/a960e3ed-9e08-51e2-a4b4-29ea8fee5576 HTTP/1.1" status: 200 len: 1817 time: 0.0289581
2017-03-21 07:29:38.750 8642 INFO eventlet.wsgi.server [req-801f882c-35cc-452a-aefa-2a2404d74327 - - - - -] 127.0.0.1 "GET /v1/nodes/f7647c75-31e7-5dc3-be4d-1011a681070a HTTP/1.1" status: 200 len: 1813 time: 0.0292120
2017-03-21 07:29:38.940 8638 INFO eventlet.wsgi.server [req-1f03c088-7d1d-4137-8868-5a2bbf02c51a - - - - -] 127.0.0.1 "GET /v1/nodes/78544ab5-49df-5a83-acfa-2068ac465b21 HTTP/1.1" status: 200 len: 1814 time: 0.0295999
2017-03-21 07:29:38.965 8645 INFO eventlet.wsgi.server [req-e71418fa-9eae-41c9-81e9-576f8bd8066e - - - - -] 127.0.0.1 "GET /v1/nodes/a960e3ed-9e08-51e2-a4b4-29ea8fee5576 HTTP/1.1" status: 200 len: 1817 time: 0.0294518
2017-03-21 07:29:40.787 8642 INFO eventlet.wsgi.server [req-b2ed2463-b7e3-4473-8883-346c7ad4317b - - - - -] 127.0.0.1 "GET /v1/nodes/f7647c75-31e7-5dc3-be4d-1011a681070a HTTP/1.1" status: 200 len: 1813 time: 0.0297840
2017-03-21 07:29:40.976 8638 INFO eventlet.wsgi.server [req-d5d6236f-345e-4c95-8af7-1891909cee24 - - - - -] 127.0.0.1 "GET /v1/nodes/78544ab5-49df-5a83-acfa-2068ac465b21 HTTP/1.1" status: 200 len: 1814 time: 0.0305371
2017-03-21 07:29:41.001 8645 INFO eventlet.wsgi.server [req-e98d0339-27e9-40a1-9867-d2bd5b01b1c9 - - - - -] 127.0.0.1 "GET /v1/nodes/a960e3ed-9e08-51e2-a4b4-29ea8fee5576 HTTP/1.1" status: 200 len: 1817 time: 0.0305278
2017-03-21 07:29:42.822 8642 INFO eventlet.wsgi.server [req-3477b085-87c6-42e1-9abd-034b9c09c21d - - - - -] 127.0.0.1 "GET /v1/nodes/f7647c75-31e7-5dc3-be4d-1011a681070a HTTP/1.1" status: 200 len: 1813 time: 0.0300200
2017-03-21 07:29:43.010 8638 INFO eventlet.wsgi.server [req-aee94449-e488-4a19-8143-9006ebfd9f42 - - - - -] 127.0.0.1 "GET /v1/nodes/78544ab5-49df-5a83-acfa-2068ac465b21 HTTP/1.1" status: 200 len: 1814 time: 0.0291991
2017-03-21 07:29:43.036 8645 INFO eventlet.wsgi.server [req-e182cb32-8c09-4ff8-a342-12dfef34cb35 - - - - -] 127.0.0.1 "GET /v1/nodes/a960e3ed-9e08-51e2-a4b4-29ea8fee5576 HTTP/1.1" status: 200 len: 1817 time: 0.0300369
2017-03-21 07:29:44.857 8642 INFO eventlet.wsgi.server [req-6a00a10f-e700-4ef5-99b8-a2fbb45a5ef5 - - - - -] 127.0.0.1 "GET /v1/nodes/f7647c75-31e7-5dc3-be4d-1011a681070a HTTP/1.1" status: 200 len: 1813 time: 0.0300920
2017-03-21 07:29:45.048 8638 INFO eventlet.wsgi.server [req-1e002bf0-fdb5-41b6-8839-f08fe32106d9 - - - - -] 127.0.0.1 "GET /v1/nodes/78544ab5-49df-5a83-acfa-2068ac465b21 HTTP/1.1" status: 200 len: 1814 time: 0.0323670
2017-03-21 07:29:45.070 8645 INFO eventlet.wsgi.server [req-35996c8e-1c13-4925-9aea-4c65478f8e9f - - - - -] 127.0.0.1 "GET /v1/nodes/a960e3ed-9e08-51e2-a4b4-29ea8fee5576 HTTP/1.1" status: 200 len: 1817 time: 0.0293601
2017-03-21 07:29:46.894 8642 INFO eventlet.wsgi.server [req-0e5331e1-a7e2-4e9d-8550-a0ecc321b12a - - - - -] 127.0.0.1 "GET /v1/nodes/f7647c75-31e7-5dc3-be4d-1011a681070a HTTP/1.1" status: 200 len: 1813 time: 0.0313730
2017-03-21 07:29:47.082 8638 INFO eventlet.wsgi.server [req-bb6365cb-bf9c-4460-9d49-062c9da19379 - - - - -] 127.0.0.1 "GET /v1/nodes/78544ab5-49df-5a83-acfa-2068ac465b21 HTTP/1.1" status: 200 len: 1814 time: 0.0288930
2017-03-21 07:29:47.105 8645 INFO eventlet.wsgi.server [req-c305d98b-2a13-44b5-969e-77e233ac50eb - - - - -] 127.0.0.1 "GET /v1/nodes/a960e3ed-9e08-51e2-a4b4-29ea8fee5576 HTTP/1.1" status: 200 len: 1817 time: 0.0304341
2017-03-21 07:29:48.928 8642 INFO eventlet.wsgi.server [req-1f19fb75-a222-44bb-b021-fd8cd4ef9d49 - - - - -] 127.0.0.1 "GET /v1/nodes/f7647c75-31e7-5dc3-be4d-1011a681070a HTTP/1.1" status: 200 len: 1813 time: 0.0296960
2017-03-21 07:29:49.118 8638 INFO eventlet.wsgi.server [req-80d41826-fc2d-45f7-941a-a23edc462e05 - - - - -] 127.0.0.1 "GET /v1/nodes/78544ab5-49df-5a83-acfa-2068ac465b21 HTTP/1.1" status: 200 len: 1814 time: 0.0305440
2017-03-21 07:29:49.140 8645 INFO eventlet.wsgi.server [req-95f2247c-083e-4092-8c5e-1661f633e79d - - - - -] 127.0.0.1 "GET /v1/nodes/a960e3ed-9e08-51e2-a4b4-29ea8fee5576 HTTP/1.1" status: 200 len: 1817 time: 0.0296550
2017-03-21 07:29:50.960 8642 INFO eventlet.wsgi.server [req-60cc4ca0-b64d-4a3f-b619-c33f78beee3d - - - - -] 127.0.0.1 "GET /v1/nodes/f7647c75-31e7-5dc3-be4d-1011a681070a HTTP/1.1" status: 200 len: 1813 time: 0.0271230
2017-03-21 07:29:51.153 8638 INFO eventlet.wsgi.server [req-827c8bb0-b3e8-45f9-9d99-adf809c00998 - - - - -] 127.0.0.1 "GET /v1/nodes/78544ab5-49df-5a83-acfa-2068ac465b21 HTTP/1.1" status: 200 len: 1814 time: 0.0302930
2017-03-21 07:29:51.159 8645 INFO eventlet.wsgi.server [req-aab55ab5-c67f-4891-880f-ff8fc80ea6f6 - - - - -] 127.0.0.1 "GET /v1/nodes/a960e3ed-9e08-51e2-a4b4-29ea8fee5576 HTTP/1.1" status: 200 len: 1817 time: 0.0149820
2017-03-21 07:29:52.995 8642 INFO eventlet.wsgi.server [req-fc3df0c1-24d5-4830-b447-98c9c672cac4 - - - - -] 127.0.0.1 "GET /v1/nodes/f7647c75-31e7-5dc3-be4d-1011a681070a HTTP/1.1" status: 200 len: 1813 time: 0.0297799
2017-03-21 07:29:53.188 8638 INFO eventlet.wsgi.server [req-d52ea1a2-0bb4-4a0b-9677-6ebe4addcbcb - - - - -] 127.0.0.1 "GET /v1/nodes/78544ab5-49df-5a83-acfa-2068ac465b21 HTTP/1.1" status: 200 len: 1814 time: 0.0293360
2017-03-21 07:29:53.192 8645 INFO eventlet.wsgi.server [req-7e40e097-7bbc-4a6e-b0b4-594db49f8d43 - - - - -] 127.0.0.1 "GET /v1/nodes/a960e3ed-9e08-51e2-a4b4-29ea8fee5576 HTTP/1.1" status: 200 len: 1817 time: 0.0281570
2017-03-21 07:29:55.032 8642 INFO eventlet.wsgi.server [req-323d70de-f597-4cdf-ba85-3a801b829cd3 - - - - -] 127.0.0.1 "GET /v1/nodes/f7647c75-31e7-5dc3-be4d-1011a681070a HTTP/1.1" status: 200 len: 1813 time: 0.0309389
2017-03-21 07:29:55.218 8638 INFO eventlet.wsgi.server [req-0bbcba7d-8756-4caf-bb40-53426fe185d3 - - - - -] 127.0.0.1 "GET /v1/nodes/78544ab5-49df-5a83-acfa-2068ac465b21 HTTP/1.1" status: 200 len: 1814 time: 0.0258000
2017-03-21 07:29:55.228 8645 INFO eventlet.wsgi.server [req-4ed3bbb6-a71e-4b96-8cce-4620134ab35d - - - - -] 127.0.0.1 "GET /v1/nodes/a960e3ed-9e08-51e2-a4b4-29ea8fee5576 HTTP/1.1" status: 200 len: 1817 time: 0.0301020
2017-03-21 07:29:57.067 8642 INFO eventlet.wsgi.server [req-c4aafb46-d7d7-44cc-a45a-1f140e919880 - - - - -] 127.0.0.1 "GET /v1/nodes/f7647c75-31e7-5dc3-be4d-1011a681070a HTTP/1.1" status: 200 len: 1813 time: 0.0296140
2017-03-21 07:29:57.249 8638 INFO eventlet.wsgi.server [req-03d60c8c-10cc-4d02-b2b0-7c09ea484cc2 - - - - -] 127.0.0.1 "GET /v1/nodes/78544ab5-49df-5a83-acfa-2068ac465b21 HTTP/1.1" status: 200 len: 1814 time: 0.0262361
2017-03-21 07:29:57.260 8645 INFO eventlet.wsgi.server [req-0fce94b3-2ec7-4b39-bb9a-2d9df2cb4d42 - - - - -] 127.0.0.1 "GET /v1/nodes/a960e3ed-9e08-51e2-a4b4-29ea8fee5576 HTTP/1.1" status: 200 len: 1817 time: 0.0275741
2017-03-21 07:29:59.102 8642 INFO eventlet.wsgi.server [req-21cf26c7-439e-4de2-9054-812e23329e58 - - - - -] 127.0.0.1 "GET /v1/nodes/f7647c75-31e7-5dc3-be4d-1011a681070a HTTP/1.1" status: 200 len: 1813 time: 0.0300319
2017-03-21 07:29:59.283 8638 INFO eventlet.wsgi.server [req-61c2fa07-a9fa-471b-a322-683a738e4747 - - - - -] 127.0.0.1 "GET /v1/nodes/78544ab5-49df-5a83-acfa-2068ac465b21 HTTP/1.1" status: 200 len: 1814 time: 0.0288811
2017-03-21 07:29:59.294 8645 INFO eventlet.wsgi.server [req-6d527f2e-2f95-4cf0-8ed0-13319e15d85b - - - - -] 127.0.0.1 "GET /v1/nodes/a960e3ed-9e08-51e2-a4b4-29ea8fee5576 HTTP/1.1" status: 200 len: 1817 time: 0.0294931
2017-03-21 07:30:01.138 8642 INFO eventlet.wsgi.server [req-c5c6386f-1753-4bfe-9547-4f2eee768ebb - - - - -] 127.0.0.1 "GET /v1/nodes/f7647c75-31e7-5dc3-be4d-1011a681070a HTTP/1.1" status: 200 len: 1813 time: 0.0297031
2017-03-21 07:30:01.318 8638 INFO eventlet.wsgi.server [req-f96ab811-b32d-4802-93f6-7ceab9318d39 - - - - -] 127.0.0.1 "GET /v1/nodes/78544ab5-49df-5a83-acfa-2068ac465b21 HTTP/1.1" status: 200 len: 1814 time: 0.0297320
2017-03-21 07:30:01.334 8645 INFO eventlet.wsgi.server [req-e7800cad-2196-4285-9dd5-699ce997e73c - - - - -] 127.0.0.1 "GET /v1/nodes/a960e3ed-9e08-51e2-a4b4-29ea8fee5576 HTTP/1.1" status: 200 len: 1817 time: 0.0346720
2017-03-21 07:30:02.307 8638 INFO eventlet.wsgi.server [req-acc37e24-9957-4ed7-90aa-7fe3d662290b - - - - -] 127.0.0.1 "GET /v1/nodes HTTP/1.1" status: 200 len: 1516 time: 0.0597692
2017-03-21 07:30:03.176 8642 INFO eventlet.wsgi.server [req-89d2dcc8-ba43-483c-91a2-a3a815a8e75a - - - - -] 127.0.0.1 "GET /v1/nodes/f7647c75-31e7-5dc3-be4d-1011a681070a HTTP/1.1" status: 200 len: 1813 time: 0.0319431
2017-03-21 07:30:03.348 8638 INFO eventlet.wsgi.server [req-a8f29eff-476b-45d5-a138-993872562c4f - - - - -] 127.0.0.1 "GET /v1/nodes/78544ab5-49df-5a83-acfa-2068ac465b21 HTTP/1.1" status: 200 len: 1806 time: 0.0249891
2017-03-21 07:30:03.368 8645 INFO eventlet.wsgi.server [req-ceb026fe-2962-48cd-8119-7ac84cf20d1d - - - - -] 127.0.0.1 "GET /v1/nodes/a960e3ed-9e08-51e2-a4b4-29ea8fee5576 HTTP/1.1" status: 200 len: 1817 time: 0.0294981
2017-03-21 07:30:03.516 8638 INFO eventlet.wsgi.server [req-1982fcd6-859c-4986-a64f-4cb4e32c938a - - - - -] 127.0.0.1 "PUT /v1/nodes/78544ab5-49df-5a83-acfa-2068ac465b21/states/provision HTTP/1.1" status: 202 len: 383 time: 0.1643970
2017-03-21 07:30:03.546 8638 INFO eventlet.wsgi.server [req-ce4f6e00-4bfb-4773-ac03-dba82283c173 - - - - -] 127.0.0.1 "GET /v1/nodes/78544ab5-49df-5a83-acfa-2068ac465b21 HTTP/1.1" status: 200 len: 1825 time: 0.0270700
2017-03-21 07:30:05.214 8642 INFO eventlet.wsgi.server [req-6019e870-f04a-4fd9-903c-8fbf47b173fa - - - - -] 127.0.0.1 "GET /v1/nodes/f7647c75-31e7-5dc3-be4d-1011a681070a HTTP/1.1" status: 200 len: 1805 time: 0.0334771
2017-03-21 07:30:05.404 8645 INFO eventlet.wsgi.server [req-0f7dbf69-9197-466a-8e01-123d0b2f1add - - - - -] 127.0.0.1 "GET /v1/nodes/a960e3ed-9e08-51e2-a4b4-29ea8fee5576 HTTP/1.1" status: 200 len: 1809 time: 0.0309069
2017-03-21 07:30:07.494 8642 INFO eventlet.wsgi.server [req-de5ea225-e646-4f5c-bbba-670151362631 - - - - -] 127.0.0.1 "PUT /v1/nodes/f7647c75-31e7-5dc3-be4d-1011a681070a/states/provision HTTP/1.1" status: 202 len: 383 time: 2.2759750
2017-03-21 07:30:07.614 8645 INFO eventlet.wsgi.server [req-9075aa98-bd88-481b-97ff-b76233a5e906 - - - - -] 127.0.0.1 "PUT /v1/nodes/a960e3ed-9e08-51e2-a4b4-29ea8fee5576/states/provision HTTP/1.1" status: 202 len: 383 time: 2.2091789
2017-03-21 07:30:08.578 8642 INFO eventlet.wsgi.server [req-dcd6c012-82c2-4cc7-a463-7d7431954065 - - - - -] 127.0.0.1 "GET /v1/nodes/f7647c75-31e7-5dc3-be4d-1011a681070a HTTP/1.1" status: 200 len: 1830 time: 1.0813260
2017-03-21 07:30:08.583 8645 INFO eventlet.wsgi.server [req-1fc35865-ed12-4ba4-969d-6658ae4e1b69 - - - - -] 127.0.0.1 "GET /v1/nodes/a960e3ed-9e08-51e2-a4b4-29ea8fee5576 HTTP/1.1" status: 200 len: 1834 time: 0.9674170
2017-03-21 07:30:10.610 8642 INFO eventlet.wsgi.server [req-fed434af-02ff-41ea-a749-e8069d1b82ad - - - - -] 127.0.0.1 "GET /v1/nodes/f7647c75-31e7-5dc3-be4d-1011a681070a HTTP/1.1" status: 200 len: 1824 time: 0.0251470
2017-03-21 07:30:10.619 8645 INFO eventlet.wsgi.server [req-7ac79e88-3de7-43fc-808e-976e66918034 - - - - -] 127.0.0.1 "GET /v1/nodes/a960e3ed-9e08-51e2-a4b4-29ea8fee5576 HTTP/1.1" status: 200 len: 1828 time: 0.0290940
2017-03-21 07:30:15.231 8637 INFO eventlet.wsgi.server [req-0966d724-6091-4aa7-a58f-69cb425789e0 - - - - -] 127.0.0.1 "GET /v1/nodes/a960e3ed-9e08-51e2-a4b4-29ea8fee5576 HTTP/1.1" status: 200 len: 1808 time: 0.0167611
2017-03-21 07:30:15.397 8646 INFO eventlet.wsgi.server [req-df5a3755-79fa-4b45-8fe2-1ecdd267bfaa - - - - -] 127.0.0.1 "GET /v1/nodes/78544ab5-49df-5a83-acfa-2068ac465b21 HTTP/1.1" status: 200 len: 1805 time: 0.0164721
2017-03-21 07:30:15.441 8636 INFO eventlet.wsgi.server [req-033c7e31-641e-44f5-aece-220392b84e91 - - - - -] 127.0.0.1 "GET /v1/nodes/f7647c75-31e7-5dc3-be4d-1011a681070a HTTP/1.1" status: 200 len: 1804 time: 0.1380730
2017-03-21 07:30:25.656 8633 INFO eventlet.wsgi.server [req-e1b8588e-7e88-4bf7-869c-9d8abcb0de35 - - - - -] 127.0.0.1 "GET /v1/nodes/a960e3ed-9e08-51e2-a4b4-29ea8fee5576 HTTP/1.1" status: 200 len: 1808 time: 0.0147960
2017-03-21 07:30:25.786 8634 INFO eventlet.wsgi.server [req-3aa738e4-de3d-4b09-90b1-c5454da4c316 - - - - -] 127.0.0.1 "GET /v1/nodes/f7647c75-31e7-5dc3-be4d-1011a681070a HTTP/1.1" status: 200 len: 1804 time: 0.1404109
2017-03-21 07:30:25.811 8634 WARNING oslo_config.cfg [req-f74aca3d-0cd1-45e3-ab89-ff693f48a0df - - - - -] Option "rabbit_userid" from group "DEFAULT" is deprecated. Use option "rabbit_userid" from group "oslo_messaging_rabbit".
2017-03-21 07:30:25.811 8634 WARNING oslo_config.cfg [req-f74aca3d-0cd1-45e3-ab89-ff693f48a0df - - - - -] Option "rabbit_userid" from group "oslo_messaging_rabbit" is deprecated for removal. Its value may be silently ignored in the future.
2017-03-21 07:30:25.811 8634 WARNING oslo_config.cfg [req-f74aca3d-0cd1-45e3-ab89-ff693f48a0df - - - - -] Option "rabbit_password" from group "DEFAULT" is deprecated. Use option "rabbit_password" from group "oslo_messaging_rabbit".
2017-03-21 07:30:25.811 8634 WARNING oslo_config.cfg [req-f74aca3d-0cd1-45e3-ab89-ff693f48a0df - - - - -] Option "rabbit_password" from group "oslo_messaging_rabbit" is deprecated for removal. Its value may be silently ignored in the future.
2017-03-21 07:30:25.976 8633 INFO eventlet.wsgi.server [req-38144442-23e7-4aa1-86c0-35a1fabe7710 - - - - -] 127.0.0.1 "PATCH /v1/nodes/a960e3ed-9e08-51e2-a4b4-29ea8fee5576 HTTP/1.1" status: 200 len: 1973 time: 0.3149481
2017-03-21 07:30:26.038 8634 INFO eventlet.wsgi.server [req-f74aca3d-0cd1-45e3-ab89-ff693f48a0df - - - - -] 127.0.0.1 "PATCH /v1/nodes/f7647c75-31e7-5dc3-be4d-1011a681070a HTTP/1.1" status: 200 len: 1969 time: 0.2490759
2017-03-21 07:30:26.068 8639 INFO eventlet.wsgi.server [req-6bde1ddd-e831-4d3c-85ed-0d879583b65d - - - - -] 127.0.0.1 "GET /v1/nodes/78544ab5-49df-5a83-acfa-2068ac465b21 HTTP/1.1" status: 200 len: 1805 time: 0.0167620
2017-03-21 07:30:26.072 8633 INFO eventlet.wsgi.server [req-9f3407ee-bb34-465f-892c-654a819efbb3 - - - - -] 127.0.0.1 "GET /v1/nodes/a960e3ed-9e08-51e2-a4b4-29ea8fee5576/validate HTTP/1.1" status: 200 len: 656 time: 0.0923400
2017-03-21 07:30:26.093 8639 WARNING oslo_config.cfg [req-edbcc7e9-abc1-41cc-8d16-486cdff6d32f - - - - -] Option "rabbit_userid" from group "DEFAULT" is deprecated. Use option "rabbit_userid" from group "oslo_messaging_rabbit".
2017-03-21 07:30:26.093 8639 WARNING oslo_config.cfg [req-edbcc7e9-abc1-41cc-8d16-486cdff6d32f - - - - -] Option "rabbit_userid" from group "oslo_messaging_rabbit" is deprecated for removal. Its value may be silently ignored in the future.
2017-03-21 07:30:26.094 8639 WARNING oslo_config.cfg [req-edbcc7e9-abc1-41cc-8d16-486cdff6d32f - - - - -] Option "rabbit_password" from group "DEFAULT" is deprecated. Use option "rabbit_password" from group "oslo_messaging_rabbit".
2017-03-21 07:30:26.094 8639 WARNING oslo_config.cfg [req-edbcc7e9-abc1-41cc-8d16-486cdff6d32f - - - - -] Option "rabbit_password" from group "oslo_messaging_rabbit" is deprecated for removal. Its value may be silently ignored in the future.
2017-03-21 07:30:26.107 8634 INFO eventlet.wsgi.server [req-58c6b3e7-61ae-4c27-ae46-316100344898 - - - - -] 127.0.0.1 "GET /v1/nodes/f7647c75-31e7-5dc3-be4d-1011a681070a/validate HTTP/1.1" status: 200 len: 656 time: 0.0667350
2017-03-21 07:30:26.296 8633 INFO eventlet.wsgi.server [req-27c4668f-46dd-404a-85b6-946c8f8356b3 - - - - -] 127.0.0.1 "PUT /v1/nodes/a960e3ed-9e08-51e2-a4b4-29ea8fee5576/states/provision HTTP/1.1" status: 202 len: 383 time: 0.2195008
2017-03-21 07:30:26.329 8633 INFO eventlet.wsgi.server [req-d0954932-62f6-4dcd-a5d9-72f482b30baa - - - - -] 127.0.0.1 "GET /v1/nodes/a960e3ed-9e08-51e2-a4b4-29ea8fee5576 HTTP/1.1" status: 200 len: 2024 time: 0.0289211
2017-03-21 07:30:26.340 8639 INFO eventlet.wsgi.server [req-edbcc7e9-abc1-41cc-8d16-486cdff6d32f - - - - -] 127.0.0.1 "PATCH /v1/nodes/78544ab5-49df-5a83-acfa-2068ac465b21 HTTP/1.1" status: 200 len: 1970 time: 0.2696400
2017-03-21 07:30:26.363 8634 INFO eventlet.wsgi.server [req-ad46ed7a-1241-450c-8c09-e1923d7bf182 - - - - -] 127.0.0.1 "PUT /v1/nodes/f7647c75-31e7-5dc3-be4d-1011a681070a/states/provision HTTP/1.1" status: 202 len: 383 time: 0.2530482
2017-03-21 07:30:26.394 8634 INFO eventlet.wsgi.server [req-2fa8ccff-7c78-48ed-b558-9a75e7dde772 - - - - -] 127.0.0.1 "GET /v1/nodes/f7647c75-31e7-5dc3-be4d-1011a681070a HTTP/1.1" status: 200 len: 2020 time: 0.0293450
2017-03-21 07:30:26.440 8639 INFO eventlet.wsgi.server [req-c893b9a9-e890-4c38-83e0-5f5e1ef197a7 - - - - -] 127.0.0.1 "GET /v1/nodes/78544ab5-49df-5a83-acfa-2068ac465b21/validate HTTP/1.1" status: 200 len: 656 time: 0.0961699
2017-03-21 07:30:26.629 8639 INFO eventlet.wsgi.server [req-c2fde3df-b510-45a8-86be-ee357a83ef97 - - - - -] 127.0.0.1 "PUT /v1/nodes/78544ab5-49df-5a83-acfa-2068ac465b21/states/provision HTTP/1.1" status: 202 len: 383 time: 0.1847930
2017-03-21 07:30:26.660 8639 INFO eventlet.wsgi.server [req-3efaf07c-7f40-45ca-9af4-4afcd47f1a5c - - - - -] 127.0.0.1 "GET /v1/nodes/78544ab5-49df-5a83-acfa-2068ac465b21 HTTP/1.1" status: 200 len: 2021 time: 0.0271299
2017-03-21 07:31:02.304 8637 INFO eventlet.wsgi.server [req-ce8c1093-45d8-420a-b368-ddcc25e281bb - - - - -] 127.0.0.1 "GET /v1/nodes HTTP/1.1" status: 200 len: 1513 time: 0.0528309
2017-03-21 07:31:33.592 8639 INFO eventlet.wsgi.server [req-0e4453a6-4ed5-49d9-ba7e-a9a1f22668ca - - - - -] 192.168.122.203 "GET /v1/lookup?addresses=52%3A54%3A00%3A28%3Ad4%3A46 HTTP/1.1" status: 200 len: 1297 time: 0.0385220
2017-03-21 07:31:33.664 8639 INFO eventlet.wsgi.server [req-4a4e7af0-8539-427e-ad7d-d93048b05c95 - - - - -] 192.168.122.203 "POST /v1/heartbeat/78544ab5-49df-5a83-acfa-2068ac465b21 HTTP/1.1" status: 202 len: 298 time: 0.0592301
2017-03-21 07:31:34.032 8633 INFO eventlet.wsgi.server [req-34f85893-40c5-4735-9faa-ed07f67f3130 - - - - -] 192.168.122.180 "GET /v1/lookup?addresses=52%3A54%3A00%3A02%3A8c%3A32 HTTP/1.1" status: 200 len: 1297 time: 0.0223460
2017-03-21 07:31:34.097 8633 INFO eventlet.wsgi.server [req-5679fb71-b6d6-4998-9c84-5cebd66a1b8e - - - - -] 192.168.122.180 "POST /v1/heartbeat/a960e3ed-9e08-51e2-a4b4-29ea8fee5576 HTTP/1.1" status: 202 len: 298 time: 0.0482280
2017-03-21 07:31:35.491 8636 INFO eventlet.wsgi.server [req-1c804386-3d18-4378-ac4b-b6caa09c938b - - - - -] 192.168.122.107 "GET /v1/lookup?addresses=52%3A54%3A00%3Af4%3Aca%3A82 HTTP/1.1" status: 200 len: 1297 time: 0.0235691
2017-03-21 07:31:35.524 8636 WARNING oslo_config.cfg [req-fcfb8936-3cac-4f07-9866-ec7096f22af5 - - - - -] Option "rabbit_userid" from group "DEFAULT" is deprecated. Use option "rabbit_userid" from group "oslo_messaging_rabbit".
2017-03-21 07:31:35.525 8636 WARNING oslo_config.cfg [req-fcfb8936-3cac-4f07-9866-ec7096f22af5 - - - - -] Option "rabbit_userid" from group "oslo_messaging_rabbit" is deprecated for removal. Its value may be silently ignored in the future.
2017-03-21 07:31:35.525 8636 WARNING oslo_config.cfg [req-fcfb8936-3cac-4f07-9866-ec7096f22af5 - - - - -] Option "rabbit_password" from group "DEFAULT" is deprecated. Use option "rabbit_password" from group "oslo_messaging_rabbit".
2017-03-21 07:31:35.525 8636 WARNING oslo_config.cfg [req-fcfb8936-3cac-4f07-9866-ec7096f22af5 - - - - -] Option "rabbit_password" from group "oslo_messaging_rabbit" is deprecated for removal. Its value may be silently ignored in the future.
2017-03-21 07:31:35.594 8636 INFO eventlet.wsgi.server [req-fcfb8936-3cac-4f07-9866-ec7096f22af5 - - - - -] 192.168.122.107 "POST /v1/heartbeat/f7647c75-31e7-5dc3-be4d-1011a681070a HTTP/1.1" status: 202 len: 298 time: 0.0904691
2017-03-21 07:32:02.315 8634 INFO eventlet.wsgi.server [req-3c233dda-36dd-4cab-a904-1cee3ebc409a - - - - -] 127.0.0.1 "GET /v1/nodes HTTP/1.1" status: 200 len: 1525 time: 0.0616250
2017-03-21 07:33:00.180 8639 INFO eventlet.wsgi.server [req-17e7d207-1127-40d4-b252-b7e0dc6f5486 - - - - -] 192.168.122.203 "POST /v1/heartbeat/78544ab5-49df-5a83-acfa-2068ac465b21 HTTP/1.1" status: 202 len: 298 time: 0.0653710
2017-03-21 07:33:02.329 8639 INFO eventlet.wsgi.server [req-246dafac-aece-43f2-ad0d-28f07fb0a862 - - - - -] 127.0.0.1 "GET /v1/nodes HTTP/1.1" status: 200 len: 1525 time: 0.0771298
2017-03-21 07:33:04.542 8636 INFO eventlet.wsgi.server [req-b9852f84-55d8-4109-8d3b-39837f2289c9 - - - - -] 192.168.122.107 "POST /v1/heartbeat/f7647c75-31e7-5dc3-be4d-1011a681070a HTTP/1.1" status: 202 len: 298 time: 0.0686500
2017-03-21 07:33:04.722 8633 INFO eventlet.wsgi.server [req-0c45c464-e65b-4040-99a7-960a35cff96d - - - - -] 192.168.122.180 "POST /v1/heartbeat/a960e3ed-9e08-51e2-a4b4-29ea8fee5576 HTTP/1.1" status: 202 len: 298 time: 0.0519440
2017-03-21 07:33:26.675 8639 INFO eventlet.wsgi.server [req-e12ca873-3bb9-4eb7-8a40-8428352158e6 - - - - -] 192.168.122.203 "POST /v1/heartbeat/78544ab5-49df-5a83-acfa-2068ac465b21 HTTP/1.1" status: 202 len: 298 time: 0.0814798
2017-03-21 07:33:35.329 8636 INFO eventlet.wsgi.server [req-0e429d88-008e-46bd-bc45-f2fcf46fdf64 - - - - -] 192.168.122.107 "POST /v1/heartbeat/f7647c75-31e7-5dc3-be4d-1011a681070a HTTP/1.1" status: 202 len: 298 time: 0.0950220
2017-03-21 07:33:35.342 8633 INFO eventlet.wsgi.server [req-ad59ac70-4990-4e53-b388-39c860712ebf - - - - -] 192.168.122.180 "POST /v1/heartbeat/a960e3ed-9e08-51e2-a4b4-29ea8fee5576 HTTP/1.1" status: 202 len: 298 time: 0.0870831
2017-03-21 07:34:02.314 8645 INFO eventlet.wsgi.server [req-4be761e6-232d-4acc-88df-d5e57181a4cf - - - - -] 127.0.0.1 "GET /v1/nodes HTTP/1.1" status: 200 len: 1501 time: 0.0579550
2017-03-21 07:34:56.251 8644 INFO eventlet.wsgi.server [req-1a6c1793-b00c-4bb4-8437-94eb17b11d12 - - - - -] 127.0.0.1 "GET /v1/nodes HTTP/1.1" status: 200 len: 1500 time: 0.0601830
2017-03-21 07:35:02.316 8641 INFO eventlet.wsgi.server [req-890051e7-6d00-4531-bab4-739d2a77e1aa - - - - -] 127.0.0.1 "GET /v1/nodes HTTP/1.1" status: 200 len: 1501 time: 0.0607421
2017-03-21 07:36:02.315 8641 INFO eventlet.wsgi.server [req-f65b16b5-6bcc-4aa0-8f5d-cbcc5d09037b - - - - -] 127.0.0.1 "GET /v1/nodes HTTP/1.1" status: 200 len: 1501 time: 0.0573392
2017-03-21 07:37:02.332 8633 INFO eventlet.wsgi.server [req-370f6594-e2b7-4d70-874f-e0495e66fe30 - - - - -] 127.0.0.1 "GET /v1/nodes HTTP/1.1" status: 200 len: 1501 time: 0.0676470
2017-03-21 07:38:02.338 8644 INFO eventlet.wsgi.server [req-35677cd7-8e74-4dc1-b571-33661e3659f5 - - - - -] 127.0.0.1 "GET /v1/nodes HTTP/1.1" status: 200 len: 1501 time: 0.0665040
2017-03-21 07:39:02.315 8633 INFO eventlet.wsgi.server [req-ef9185a8-aa9c-459e-98f8-241aa0a7baac - - - - -] 127.0.0.1 "GET /v1/nodes HTTP/1.1" status: 200 len: 1501 time: 0.0503159
2017-03-21 07:39:13.983 8644 INFO oslo.service.wsgi [-] Stopping WSGI server.
2017-03-21 07:39:13.983 8633 INFO oslo.service.wsgi [-] Stopping WSGI server.
2017-03-21 07:39:13.983 8639 INFO oslo.service.wsgi [-] Stopping WSGI server.
2017-03-21 07:39:13.983 8635 INFO oslo.service.wsgi [-] Stopping WSGI server.
2017-03-21 07:39:13.984 8644 INFO eventlet.wsgi.server [-] (8644) wsgi exited, is_accepting=True
2017-03-21 07:39:13.984 8633 INFO eventlet.wsgi.server [-] (8633) wsgi exited, is_accepting=True
2017-03-21 07:39:13.984 8645 INFO oslo.service.wsgi [-] Stopping WSGI server.
2017-03-21 07:39:13.983 8636 INFO oslo.service.wsgi [-] Stopping WSGI server.
2017-03-21 07:39:13.985 8635 INFO eventlet.wsgi.server [-] (8635) wsgi exited, is_accepting=True
2017-03-21 07:39:13.984 8647 INFO oslo.service.wsgi [-] Stopping WSGI server.
2017-03-21 07:39:13.984 8648 INFO oslo.service.wsgi [-] Stopping WSGI server.
2017-03-21 07:39:13.985 8639 INFO eventlet.wsgi.server [-] (8639) wsgi exited, is_accepting=True
2017-03-21 07:39:13.984 8640 INFO oslo.service.wsgi [-] Stopping WSGI server.
2017-03-21 07:39:13.984 8646 INFO oslo.service.wsgi [-] Stopping WSGI server.
2017-03-21 07:39:13.984 8643 INFO oslo.service.wsgi [-] Stopping WSGI server.
2017-03-21 07:39:13.985 8636 INFO eventlet.wsgi.server [-] (8636) wsgi exited, is_accepting=True
2017-03-21 07:39:13.985 8645 INFO eventlet.wsgi.server [-] (8645) wsgi exited, is_accepting=True
2017-03-21 07:39:13.986 8647 INFO eventlet.wsgi.server [-] (8647) wsgi exited, is_accepting=True
2017-03-21 07:39:13.986 8648 INFO eventlet.wsgi.server [-] (8648) wsgi exited, is_accepting=True
2017-03-21 07:39:13.986 8646 INFO eventlet.wsgi.server [-] (8646) wsgi exited, is_accepting=True
2017-03-21 07:39:13.986 8643 INFO eventlet.wsgi.server [-] (8643) wsgi exited, is_accepting=True
2017-03-21 07:39:13.986 8640 INFO eventlet.wsgi.server [-] (8640) wsgi exited, is_accepting=True
2017-03-21 07:39:13.996 8638 INFO oslo.service.wsgi [-] Stopping WSGI server.
2017-03-21 07:39:13.996 8596 INFO oslo_service.service [-] Child 8643 exited with status 0
2017-03-21 07:39:13.996 8634 INFO oslo.service.wsgi [-] Stopping WSGI server.
2017-03-21 07:39:13.997 8638 INFO eventlet.wsgi.server [-] (8638) wsgi exited, is_accepting=True
2017-03-21 07:39:13.997 8634 INFO eventlet.wsgi.server [-] (8634) wsgi exited, is_accepting=True
2017-03-21 07:39:14.000 8641 INFO oslo.service.wsgi [-] Stopping WSGI server.
2017-03-21 07:39:14.001 8641 INFO eventlet.wsgi.server [-] (8641) wsgi exited, is_accepting=True
2017-03-21 07:39:14.002 8637 INFO oslo.service.wsgi [-] Stopping WSGI server.
2017-03-21 07:39:14.001 8596 INFO oslo_service.service [-] Child 8633 exited with status 0
2017-03-21 07:39:14.004 8637 INFO eventlet.wsgi.server [-] (8637) wsgi exited, is_accepting=True
2017-03-21 07:39:14.003 8642 INFO oslo.service.wsgi [-] Stopping WSGI server.
2017-03-21 07:39:14.006 8596 INFO oslo_service.service [-] Child 8635 exited with status 0
2017-03-21 07:39:14.008 8642 INFO eventlet.wsgi.server [-] (8642) wsgi exited, is_accepting=True
2017-03-21 07:39:14.009 27538 INFO eventlet.wsgi.server [-] (27538) wsgi starting up on http://0.0.0.0:6385
2017-03-21 07:39:14.011 8596 INFO oslo_service.service [-] Child 8634 exited with status 0
2017-03-21 07:39:14.013 27539 INFO eventlet.wsgi.server [-] (27539) wsgi starting up on http://0.0.0.0:6385
2017-03-21 07:39:14.015 8596 INFO oslo_service.service [-] Child 8636 exited with status 0
2017-03-21 07:39:14.018 27540 INFO eventlet.wsgi.server [-] (27540) wsgi starting up on http://0.0.0.0:6385
2017-03-21 07:39:14.020 8596 INFO oslo_service.service [-] Child 8637 exited with status 0
2017-03-21 07:39:14.023 27541 INFO eventlet.wsgi.server [-] (27541) wsgi starting up on http://0.0.0.0:6385
2017-03-21 07:39:14.024 8596 INFO oslo_service.service [-] Child 8638 exited with status 0
2017-03-21 07:39:14.027 27542 INFO eventlet.wsgi.server [-] (27542) wsgi starting up on http://0.0.0.0:6385
2017-03-21 07:39:14.028 8596 INFO oslo_service.service [-] Child 8639 exited with status 0
2017-03-21 07:39:14.030 27543 INFO eventlet.wsgi.server [-] (27543) wsgi starting up on http://0.0.0.0:6385
2017-03-21 07:39:14.032 8596 INFO oslo_service.service [-] Child 8640 exited with status 0
2017-03-21 07:39:14.034 27544 INFO eventlet.wsgi.server [-] (27544) wsgi starting up on http://0.0.0.0:6385
2017-03-21 07:39:14.036 8596 INFO oslo_service.service [-] Child 8641 exited with status 0
2017-03-21 07:39:14.039 27545 INFO eventlet.wsgi.server [-] (27545) wsgi starting up on http://0.0.0.0:6385
2017-03-21 07:39:14.040 8596 INFO oslo_service.service [-] Child 8642 exited with status 0
2017-03-21 07:39:14.041 27546 INFO eventlet.wsgi.server [-] (27546) wsgi starting up on http://0.0.0.0:6385
2017-03-21 07:39:14.043 8596 INFO oslo_service.service [-] Child 8644 exited with status 0
2017-03-21 07:39:14.045 27547 INFO eventlet.wsgi.server [-] (27547) wsgi starting up on http://0.0.0.0:6385
2017-03-21 07:39:14.047 8596 INFO oslo_service.service [-] Child 8645 exited with status 0
2017-03-21 07:39:14.049 27548 INFO eventlet.wsgi.server [-] (27548) wsgi starting up on http://0.0.0.0:6385
2017-03-21 07:39:14.051 8596 INFO oslo_service.service [-] Child 8646 exited with status 0
2017-03-21 07:39:14.052 27549 INFO eventlet.wsgi.server [-] (27549) wsgi starting up on http://0.0.0.0:6385
2017-03-21 07:39:14.055 8596 INFO oslo_service.service [-] Child 8647 exited with status 0
2017-03-21 07:39:14.057 27550 INFO eventlet.wsgi.server [-] (27550) wsgi starting up on http://0.0.0.0:6385
2017-03-21 07:39:14.059 8596 INFO oslo_service.service [-] Child 8648 exited with status 0
2017-03-21 07:39:14.061 27551 INFO eventlet.wsgi.server [-] (27551) wsgi starting up on http://0.0.0.0:6385
2017-03-21 07:39:14.065 27552 INFO eventlet.wsgi.server [-] (27552) wsgi starting up on http://0.0.0.0:6385
2017-03-21 07:39:14.068 27553 INFO eventlet.wsgi.server [-] (27553) wsgi starting up on http://0.0.0.0:6385
2017-03-21 07:39:14.072 8596 INFO oslo_service.service [-] Caught SIGTERM, stopping children
2017-03-21 07:39:14.073 8596 INFO oslo.service.wsgi [-] Stopping WSGI server.
2017-03-21 07:39:14.074 8596 INFO oslo_service.service [-] Waiting on 16 children to exit
2017-03-21 07:39:14.074 27546 INFO oslo.service.wsgi [-] Stopping WSGI server.
2017-03-21 07:39:14.074 27548 INFO oslo.service.wsgi [-] Stopping WSGI server.
2017-03-21 07:39:14.074 27550 INFO oslo.service.wsgi [-] Stopping WSGI server.
2017-03-21 07:39:14.074 27552 INFO oslo.service.wsgi [-] Stopping WSGI server.
2017-03-21 07:39:14.074 27553 INFO oslo.service.wsgi [-] Stopping WSGI server.
2017-03-21 07:39:14.074 27543 INFO oslo.service.wsgi [-] Stopping WSGI server.
2017-03-21 07:39:14.075 27553 INFO eventlet.wsgi.server [-] (27553) wsgi exited, is_accepting=True
2017-03-21 07:39:14.075 27552 INFO eventlet.wsgi.server [-] (27552) wsgi exited, is_accepting=True
2017-03-21 07:39:14.075 27550 INFO eventlet.wsgi.server [-] (27550) wsgi exited, is_accepting=True
2017-03-21 07:39:14.075 27543 INFO eventlet.wsgi.server [-] (27543) wsgi exited, is_accepting=True
2017-03-21 07:39:14.075 27544 INFO oslo.service.wsgi [-] Stopping WSGI server.
2017-03-21 07:39:14.076 27544 INFO eventlet.wsgi.server [-] (27544) wsgi exited, is_accepting=True
2017-03-21 07:39:14.076 27540 INFO oslo.service.wsgi [-] Stopping WSGI server.
2017-03-21 07:39:14.076 27540 INFO eventlet.wsgi.server [-] (27540) wsgi exited, is_accepting=True
2017-03-21 07:39:14.079 8596 INFO oslo_service.service [-] Child 27553 exited with status 0
2017-03-21 07:39:14.080 8596 INFO oslo_service.service [-] Child 27550 exited with status 0
2017-03-21 07:39:14.080 8596 INFO oslo_service.service [-] Child 27552 exited with status 0
2017-03-21 07:39:14.080 8596 INFO oslo_service.service [-] Child 27544 exited with status 0
2017-03-21 07:39:14.080 8596 INFO oslo_service.service [-] Child 27543 exited with status 0
2017-03-21 07:39:14.081 8596 INFO oslo_service.service [-] Child 27540 exited with status 0
2017-03-21 07:39:14.080 27541 INFO oslo.service.wsgi [-] Stopping WSGI server.
2017-03-21 07:39:14.081 27545 INFO oslo.service.wsgi [-] Stopping WSGI server.
2017-03-21 07:39:14.081 27539 INFO oslo.service.wsgi [-] Stopping WSGI server.
2017-03-21 07:39:14.081 27541 INFO eventlet.wsgi.server [-] (27541) wsgi exited, is_accepting=True
2017-03-21 07:39:14.081 27545 INFO eventlet.wsgi.server [-] (27545) wsgi exited, is_accepting=True
2017-03-21 07:39:14.082 27539 INFO eventlet.wsgi.server [-] (27539) wsgi exited, is_accepting=True
2017-03-21 07:39:14.084 8596 INFO oslo_service.service [-] Child 27541 exited with status 0
2017-03-21 07:39:14.075 27542 INFO oslo.service.wsgi [-] Stopping WSGI server.
2017-03-21 07:39:14.085 8596 INFO oslo_service.service [-] Child 27545 exited with status 0
2017-03-21 07:39:14.085 27538 INFO oslo.service.wsgi [-] Stopping WSGI server.
2017-03-21 07:39:14.085 27542 INFO eventlet.wsgi.server [-] (27542) wsgi exited, is_accepting=True
2017-03-21 07:39:14.085 27538 INFO eventlet.wsgi.server [-] (27538) wsgi exited, is_accepting=True
2017-03-21 07:39:14.086 8596 INFO oslo_service.service [-] Child 27539 exited with status 0
2017-03-21 07:39:14.086 27547 INFO oslo.service.wsgi [-] Stopping WSGI server.
2017-03-21 07:39:14.087 27547 INFO eventlet.wsgi.server [-] (27547) wsgi exited, is_accepting=True
2017-03-21 07:39:14.088 8596 INFO oslo_service.service [-] Child 27542 exited with status 0
2017-03-21 07:39:14.075 27546 INFO eventlet.wsgi.server [-] (27546) wsgi exited, is_accepting=True
2017-03-21 07:39:14.088 27548 INFO eventlet.wsgi.server [-] (27548) wsgi exited, is_accepting=True
2017-03-21 07:39:14.088 8596 INFO oslo_service.service [-] Child 27538 exited with status 0
2017-03-21 07:39:14.091 8596 INFO oslo_service.service [-] Child 27547 exited with status 0
2017-03-21 07:39:14.091 8596 INFO oslo_service.service [-] Child 27546 exited with status 0
2017-03-21 07:39:14.091 8596 INFO oslo_service.service [-] Child 27548 exited with status 0
2017-03-21 07:39:14.091 27549 INFO oslo.service.wsgi [-] Stopping WSGI server.
2017-03-21 07:39:14.091 27551 INFO oslo.service.wsgi [-] Stopping WSGI server.
2017-03-21 07:39:14.092 27549 INFO eventlet.wsgi.server [-] (27549) wsgi exited, is_accepting=True
2017-03-21 07:39:14.092 27551 INFO eventlet.wsgi.server [-] (27551) wsgi exited, is_accepting=True
2017-03-21 07:39:14.094 8596 INFO oslo_service.service [-] Child 27549 exited with status 0
2017-03-21 07:39:14.095 8596 INFO oslo_service.service [-] Child 27551 exited with status 0
2017-03-21 07:39:15.643 27558 INFO oslo.service.wsgi [-] ironic_api listening on 0.0.0.0:6385
2017-03-21 07:39:15.644 27558 INFO oslo_service.service [-] Starting 16 workers
2017-03-21 07:39:15.654 27653 INFO eventlet.wsgi.server [-] (27653) wsgi starting up on http://0.0.0.0:6385
2017-03-21 07:39:15.656 27656 INFO eventlet.wsgi.server [-] (27656) wsgi starting up on http://0.0.0.0:6385
2017-03-21 07:39:15.657 27657 INFO eventlet.wsgi.server [-] (27657) wsgi starting up on http://0.0.0.0:6385
2017-03-21 07:39:15.658 27660 INFO eventlet.wsgi.server [-] (27660) wsgi starting up on http://0.0.0.0:6385
2017-03-21 07:39:15.660 27659 INFO eventlet.wsgi.server [-] (27659) wsgi starting up on http://0.0.0.0:6385
2017-03-21 07:39:15.663 27661 INFO eventlet.wsgi.server [-] (27661) wsgi starting up on http://0.0.0.0:6385
2017-03-21 07:39:15.665 27654 INFO eventlet.wsgi.server [-] (27654) wsgi starting up on http://0.0.0.0:6385
2017-03-21 07:39:15.665 27663 INFO eventlet.wsgi.server [-] (27663) wsgi starting up on http://0.0.0.0:6385
2017-03-21 07:39:15.663 27655 INFO eventlet.wsgi.server [-] (27655) wsgi starting up on http://0.0.0.0:6385
2017-03-21 07:39:15.666 27664 INFO eventlet.wsgi.server [-] (27664) wsgi starting up on http://0.0.0.0:6385
2017-03-21 07:39:15.668 27666 INFO eventlet.wsgi.server [-] (27666) wsgi starting up on http://0.0.0.0:6385
2017-03-21 07:39:15.668 27658 INFO eventlet.wsgi.server [-] (27658) wsgi starting up on http://0.0.0.0:6385
2017-03-21 07:39:15.668 27665 INFO eventlet.wsgi.server [-] (27665) wsgi starting up on http://0.0.0.0:6385
2017-03-21 07:39:15.672 27667 INFO eventlet.wsgi.server [-] (27667) wsgi starting up on http://0.0.0.0:6385
2017-03-21 07:39:15.673 27558 WARNING oslo_config.cfg [-] Option "rabbit_password" from group "DEFAULT" is deprecated. Use option "rabbit_password" from group "oslo_messaging_rabbit".
2017-03-21 07:39:15.674 27558 WARNING oslo_config.cfg [-] Option "rabbit_password" from group "oslo_messaging_rabbit" is deprecated for removal. Its value may be silently ignored in the future.
2017-03-21 07:39:15.674 27558 WARNING oslo_config.cfg [-] Option "rabbit_userid" from group "DEFAULT" is deprecated. Use option "rabbit_userid" from group "oslo_messaging_rabbit".
2017-03-21 07:39:15.674 27558 WARNING oslo_config.cfg [-] Option "rabbit_userid" from group "oslo_messaging_rabbit" is deprecated for removal. Its value may be silently ignored in the future.
2017-03-21 07:39:15.673 27662 INFO eventlet.wsgi.server [-] (27662) wsgi starting up on http://0.0.0.0:6385
2017-03-21 07:39:15.679 27668 INFO eventlet.wsgi.server [-] (27668) wsgi starting up on http://0.0.0.0:6385
2017-03-21 07:40:15.812 27655 ERROR wsme.api [req-51863de6-46eb-49ef-8fb6-fcf666f89017 - - - - -] Server-side error: "(pymysql.err.InternalError) (1049, u"Unknown database 'ironic'")". Detail: Traceback (most recent call last): File "/usr/local/lib/python2.7/dist-packages/wsmeext/pecan.py", line 85, in callfunction result = f(self, *args, **kwargs)
File "/usr/local/lib/python2.7/dist-packages/ironic/api/controllers/v1/node.py", line 1456, in get_all fields=fields)
File "/usr/local/lib/python2.7/dist-packages/ironic/api/controllers/v1/node.py", line 1310, in _get_nodes_collection filters=filters)
File "/usr/local/lib/python2.7/dist-packages/ironic/objects/node.py", line 255, in list sort_dir=sort_dir)
File "/usr/local/lib/python2.7/dist-packages/ironic/db/sqlalchemy/api.py", line 260, in get_node_list query = _get_node_query_with_tags()
File "/usr/local/lib/python2.7/dist-packages/ironic/db/sqlalchemy/api.py", line 67, in _get_node_query_with_tags return model_query(models.Node).options(joinedload('tags'))
File "/usr/local/lib/python2.7/dist-packages/ironic/db/sqlalchemy/api.py", line 76, in model_query with _session_for_read() as session: File "/usr/lib/python2.7/contextlib.py", line 17, in __enter__ return self.gen.next()
File "/usr/local/lib/python2.7/dist-packages/oslo_db/sqlalchemy/enginefacade.py", line 1012, in _transaction_scope allow_async=self._allow_async) as resource: File "/usr/lib/python2.7/contextlib.py", line 17, in __enter__ return self.gen.next()
File "/usr/local/lib/python2.7/dist-packages/oslo_db/sqlalchemy/enginefacade.py", line 625, in _session bind=self.connection, mode=self.mode)
File "/usr/local/lib/python2.7/dist-packages/oslo_db/sqlalchemy/enginefacade.py", line 395, in _create_session self._start()
File "/usr/local/lib/python2.7/dist-packages/oslo_db/sqlalchemy/enginefacade.py", line 481, in _start engine_args, maker_args)
File "/usr/local/lib/python2.7/dist-packages/oslo_db/sqlalchemy/enginefacade.py", line 505, in _setup_for_connection sql_connection=sql_connection, **engine_kwargs)
File "/usr/local/lib/python2.7/dist-packages/oslo_db/sqlalchemy/engines.py", line 155, in create_engine test_conn = _test_connection(engine, max_retries, retry_interval)
File "/usr/local/lib/python2.7/dist-packages/oslo_db/sqlalchemy/engines.py", line 331, in _test_connection return engine.connect()
File "/usr/local/lib/python2.7/dist-packages/sqlalchemy/engine/base.py", line 2018, in connect return self._connection_cls(self, **kwargs)
File "/usr/local/lib/python2.7/dist-packages/sqlalchemy/engine/base.py", line 72, in __init__ if connection is not None else engine.raw_connection()
File "/usr/local/lib/python2.7/dist-packages/sqlalchemy/engine/base.py", line 2104, in raw_connection self.pool.unique_connection, _connection)
File "/usr/local/lib/python2.7/dist-packages/sqlalchemy/engine/base.py", line 2078, in _wrap_pool_connect e, dialect, self)
File "/usr/local/lib/python2.7/dist-packages/sqlalchemy/engine/base.py", line 1401, in _handle_dbapi_exception_noconnection util.raise_from_cause(newraise, exc_info)
File "/usr/local/lib/python2.7/dist-packages/sqlalchemy/util/compat.py", line 203, in raise_from_cause reraise(type(exception), exception, tb=exc_tb, cause=cause)
File "/usr/local/lib/python2.7/dist-packages/sqlalchemy/engine/base.py", line 2074, in _wrap_pool_connect return fn()
File "/usr/local/lib/python2.7/dist-packages/sqlalchemy/pool.py", line 318, in unique_connection return _ConnectionFairy._checkout(self)
File "/usr/local/lib/python2.7/dist-packages/sqlalchemy/pool.py", line 713, in _checkout fairy = _ConnectionRecord.checkout(pool)
File "/usr/local/lib/python2.7/dist-packages/sqlalchemy/pool.py", line 480, in checkout rec = pool._do_get()
File "/usr/local/lib/python2.7/dist-packages/sqlalchemy/pool.py", line 1060, in _do_get self._dec_overflow()
File "/usr/local/lib/python2.7/dist-packages/sqlalchemy/util/langhelpers.py", line 60, in __exit__ compat.reraise(exc_type, exc_value, exc_tb)
