2017-03-21 08:22:16.104 16233 INFO eventlet.wsgi.server [req-cd79195e-7030-447d-8d00-f24c3fd0f0f0 - - - - -] 127.0.0.1 "PATCH /v1/nodes/78544ab5-49df-5a83-acfa-2068ac465b21 HTTP/1.1" status: 200 len: 1782 time: 0.1696260
2017-03-21 08:22:16.312 16233 INFO eventlet.wsgi.server [req-a099e00f-f63a-4ba5-bf02-55ba2c64dc69 - - - - -] 127.0.0.1 "PATCH /v1/nodes/78544ab5-49df-5a83-acfa-2068ac465b21 HTTP/1.1" status: 200 len: 1832 time: 0.2009430
2017-03-21 08:22:16.491 16233 INFO eventlet.wsgi.server [req-092f0c9f-c25e-4c35-8307-4e41e439fb88 - - - - -] 127.0.0.1 "PUT /v1/nodes/78544ab5-49df-5a83-acfa-2068ac465b21/states/power HTTP/1.1" status: 202 len: 384 time: 0.1495540
2017-03-21 08:22:16.658 16225 INFO eventlet.wsgi.server [req-fef0d061-f01f-403d-b7f1-53cfd361e642 - - - - -] 127.0.0.1 "GET /v1/nodes/78544ab5-49df-5a83-acfa-2068ac465b21 HTTP/1.1" status: 200 len: 1840 time: 0.0300751
2017-03-21 08:22:16.945 16228 INFO eventlet.wsgi.server [req-cab4e678-ab5a-4a10-8e9b-3890d1b846b7 - - - - -] 127.0.0.1 "GET /v1/nodes/f7647c75-31e7-5dc3-be4d-1011a681070a HTTP/1.1" status: 200 len: 1762 time: 0.0303860
2017-03-21 08:22:16.989 16223 INFO eventlet.wsgi.server [req-cf588803-9d0e-4a65-bb3b-39c45af9749b - - - - -] 127.0.0.1 "GET /v1/nodes/a960e3ed-9e08-51e2-a4b4-29ea8fee5576 HTTP/1.1" status: 200 len: 1766 time: 0.0297060
2017-03-21 08:22:18.696 16225 INFO eventlet.wsgi.server [req-dff2c41b-2514-4e6e-be3a-ac2de5959ed3 - - - - -] 127.0.0.1 "GET /v1/nodes/78544ab5-49df-5a83-acfa-2068ac465b21 HTTP/1.1" status: 200 len: 1840 time: 0.0317309
2017-03-21 08:22:18.983 16228 INFO eventlet.wsgi.server [req-cce6db0c-d215-44fe-822f-d74a4366c59a - - - - -] 127.0.0.1 "GET /v1/nodes/f7647c75-31e7-5dc3-be4d-1011a681070a HTTP/1.1" status: 200 len: 1762 time: 0.0314488
2017-03-21 08:22:19.024 16223 INFO eventlet.wsgi.server [req-0584c398-ffa4-4eaa-b5de-8993093140ac - - - - -] 127.0.0.1 "GET /v1/nodes/a960e3ed-9e08-51e2-a4b4-29ea8fee5576 HTTP/1.1" status: 200 len: 1766 time: 0.0306301
2017-03-21 08:22:20.735 16225 INFO eventlet.wsgi.server [req-eb10d717-e05d-43bc-80d7-a0315afc3702 - - - - -] 127.0.0.1 "GET /v1/nodes/78544ab5-49df-5a83-acfa-2068ac465b21 HTTP/1.1" status: 200 len: 1840 time: 0.0322390
2017-03-21 08:22:21.018 16228 INFO eventlet.wsgi.server [req-ceafa36e-f856-479e-af2c-995c65457d1c - - - - -] 127.0.0.1 "GET /v1/nodes/f7647c75-31e7-5dc3-be4d-1011a681070a HTTP/1.1" status: 200 len: 1762 time: 0.0296650
2017-03-21 08:22:21.059 16223 INFO eventlet.wsgi.server [req-fac39252-29b1-486c-a383-0f0935efce91 - - - - -] 127.0.0.1 "GET /v1/nodes/a960e3ed-9e08-51e2-a4b4-29ea8fee5576 HTTP/1.1" status: 200 len: 1766 time: 0.0293319
2017-03-21 08:22:22.768 16225 INFO eventlet.wsgi.server [req-93614e8c-a9aa-42eb-aad2-c10668ce65af - - - - -] 127.0.0.1 "GET /v1/nodes/78544ab5-49df-5a83-acfa-2068ac465b21 HTTP/1.1" status: 200 len: 1840 time: 0.0287838
2017-03-21 08:22:23.056 16228 INFO eventlet.wsgi.server [req-f31e1ee5-b3ca-49af-ab8f-e383aeb723f7 - - - - -] 127.0.0.1 "GET /v1/nodes/f7647c75-31e7-5dc3-be4d-1011a681070a HTTP/1.1" status: 200 len: 1762 time: 0.0320189
2017-03-21 08:22:23.094 16223 INFO eventlet.wsgi.server [req-82c6b9f6-d28b-4c9d-a252-71069eb835af - - - - -] 127.0.0.1 "GET /v1/nodes/a960e3ed-9e08-51e2-a4b4-29ea8fee5576 HTTP/1.1" status: 200 len: 1766 time: 0.0293169
2017-03-21 08:22:23.898 16231 INFO eventlet.wsgi.server [req-2347678d-ef7d-4036-bfd2-01bc852e9a6a - - - - -] 127.0.0.1 "GET /v1/nodes/a960e3ed-9e08-51e2-a4b4-29ea8fee5576 HTTP/1.1" status: 200 len: 1785 time: 0.2085900
2017-03-21 08:22:23.996 16231 INFO eventlet.wsgi.server [req-265bea13-19d0-4cf0-82df-9cb1bb6b70c6 - - - - -] 127.0.0.1 "GET /v1/nodes/a960e3ed-9e08-51e2-a4b4-29ea8fee5576/ports HTTP/1.1" status: 200 len: 623 time: 0.0410569
2017-03-21 08:22:24.038 16231 WARNING oslo_config.cfg [req-cb767493-a74d-4fb0-abe0-97f321a12df4 - - - - -] Option "rabbit_userid" from group "DEFAULT" is deprecated. Use option "rabbit_userid" from group "oslo_messaging_rabbit".
2017-03-21 08:22:24.038 16231 WARNING oslo_config.cfg [req-cb767493-a74d-4fb0-abe0-97f321a12df4 - - - - -] Option "rabbit_userid" from group "oslo_messaging_rabbit" is deprecated for removal. Its value may be silently ignored in the future.
2017-03-21 08:22:24.038 16231 WARNING oslo_config.cfg [req-cb767493-a74d-4fb0-abe0-97f321a12df4 - - - - -] Option "rabbit_password" from group "DEFAULT" is deprecated. Use option "rabbit_password" from group "oslo_messaging_rabbit".
2017-03-21 08:22:24.039 16231 WARNING oslo_config.cfg [req-cb767493-a74d-4fb0-abe0-97f321a12df4 - - - - -] Option "rabbit_password" from group "oslo_messaging_rabbit" is deprecated for removal. Its value may be silently ignored in the future.
2017-03-21 08:22:24.237 16231 INFO eventlet.wsgi.server [req-cb767493-a74d-4fb0-abe0-97f321a12df4 - - - - -] 127.0.0.1 "PATCH /v1/nodes/a960e3ed-9e08-51e2-a4b4-29ea8fee5576 HTTP/1.1" status: 200 len: 1785 time: 0.2336960
2017-03-21 08:22:24.437 16231 INFO eventlet.wsgi.server [req-41a87f15-70e5-42c5-97cb-ac37a87be038 - - - - -] 127.0.0.1 "PATCH /v1/nodes/a960e3ed-9e08-51e2-a4b4-29ea8fee5576 HTTP/1.1" status: 200 len: 1835 time: 0.1932170
2017-03-21 08:22:24.619 16229 WARNING oslo_config.cfg [req-3dcd33ef-1c64-4cbc-855a-e6efa7940033 - - - - -] Option "rabbit_userid" from group "DEFAULT" is deprecated. Use option "rabbit_userid" from group "oslo_messaging_rabbit".
2017-03-21 08:22:24.619 16229 WARNING oslo_config.cfg [req-3dcd33ef-1c64-4cbc-855a-e6efa7940033 - - - - -] Option "rabbit_userid" from group "oslo_messaging_rabbit" is deprecated for removal. Its value may be silently ignored in the future.
2017-03-21 08:22:24.619 16229 WARNING oslo_config.cfg [req-3dcd33ef-1c64-4cbc-855a-e6efa7940033 - - - - -] Option "rabbit_password" from group "DEFAULT" is deprecated. Use option "rabbit_password" from group "oslo_messaging_rabbit".
2017-03-21 08:22:24.619 16229 WARNING oslo_config.cfg [req-3dcd33ef-1c64-4cbc-855a-e6efa7940033 - - - - -] Option "rabbit_password" from group "oslo_messaging_rabbit" is deprecated for removal. Its value may be silently ignored in the future.
2017-03-21 08:22:24.728 16230 INFO eventlet.wsgi.server [req-783d0314-9066-44fb-8e6f-6ec557102cca - - - - -] 127.0.0.1 "GET /v1/nodes/f7647c75-31e7-5dc3-be4d-1011a681070a HTTP/1.1" status: 200 len: 1781 time: 0.2007620
2017-03-21 08:22:24.843 16225 INFO eventlet.wsgi.server [req-4d8f6088-e8f8-451f-841c-7066ee48083e - - - - -] 127.0.0.1 "GET /v1/nodes/78544ab5-49df-5a83-acfa-2068ac465b21 HTTP/1.1" status: 200 len: 1840 time: 0.0688810
2017-03-21 08:22:24.853 16230 INFO eventlet.wsgi.server [req-2b8e3425-93fc-4581-bdd6-3b85155e3261 - - - - -] 127.0.0.1 "GET /v1/nodes/f7647c75-31e7-5dc3-be4d-1011a681070a/ports HTTP/1.1" status: 200 len: 623 time: 0.0549440
2017-03-21 08:22:24.893 16230 WARNING oslo_config.cfg [req-3145576a-89fa-4762-8f00-704b92357141 - - - - -] Option "rabbit_userid" from group "DEFAULT" is deprecated. Use option "rabbit_userid" from group "oslo_messaging_rabbit".
2017-03-21 08:22:24.893 16230 WARNING oslo_config.cfg [req-3145576a-89fa-4762-8f00-704b92357141 - - - - -] Option "rabbit_userid" from group "oslo_messaging_rabbit" is deprecated for removal. Its value may be silently ignored in the future.
2017-03-21 08:22:24.894 16230 WARNING oslo_config.cfg [req-3145576a-89fa-4762-8f00-704b92357141 - - - - -] Option "rabbit_password" from group "DEFAULT" is deprecated. Use option "rabbit_password" from group "oslo_messaging_rabbit".
2017-03-21 08:22:24.893 16229 INFO eventlet.wsgi.server [req-3dcd33ef-1c64-4cbc-855a-e6efa7940033 - - - - -] 127.0.0.1 "PUT /v1/nodes/a960e3ed-9e08-51e2-a4b4-29ea8fee5576/states/power HTTP/1.1" status: 202 len: 384 time: 0.4252729
2017-03-21 08:22:24.894 16230 WARNING oslo_config.cfg [req-3145576a-89fa-4762-8f00-704b92357141 - - - - -] Option "rabbit_password" from group "oslo_messaging_rabbit" is deprecated for removal. Its value may be silently ignored in the future.
2017-03-21 08:22:25.047 16230 INFO eventlet.wsgi.server [req-3145576a-89fa-4762-8f00-704b92357141 - - - - -] 127.0.0.1 "PATCH /v1/nodes/f7647c75-31e7-5dc3-be4d-1011a681070a HTTP/1.1" status: 200 len: 1781 time: 0.1876891
2017-03-21 08:22:25.090 16228 INFO eventlet.wsgi.server [req-da908f92-974a-4373-8c36-49d7270bc071 - - - - -] 127.0.0.1 "GET /v1/nodes/f7647c75-31e7-5dc3-be4d-1011a681070a HTTP/1.1" status: 200 len: 1762 time: 0.0288980
2017-03-21 08:22:25.121 16223 INFO eventlet.wsgi.server [req-628d262c-c813-42c7-bfb4-34c527d7a941 - - - - -] 127.0.0.1 "GET /v1/nodes/a960e3ed-9e08-51e2-a4b4-29ea8fee5576 HTTP/1.1" status: 200 len: 1843 time: 0.0242550
2017-03-21 08:22:25.230 16230 INFO eventlet.wsgi.server [req-3f7a5e08-e290-4a3a-a6d8-d0818532979a - - - - -] 127.0.0.1 "PATCH /v1/nodes/f7647c75-31e7-5dc3-be4d-1011a681070a HTTP/1.1" status: 200 len: 1831 time: 0.1758931
2017-03-21 08:22:25.401 16237 INFO eventlet.wsgi.server [req-9a682bf8-d031-4cde-9497-91298a90e2df - - - - -] 127.0.0.1 "PUT /v1/nodes/f7647c75-31e7-5dc3-be4d-1011a681070a/states/power HTTP/1.1" status: 202 len: 384 time: 0.1408689
2017-03-21 08:22:26.879 16225 INFO eventlet.wsgi.server [req-d37d9d8b-8e6c-42ff-bf3c-c70428e066e4 - - - - -] 127.0.0.1 "GET /v1/nodes/78544ab5-49df-5a83-acfa-2068ac465b21 HTTP/1.1" status: 200 len: 1840 time: 0.0302970
2017-03-21 08:22:27.124 16228 INFO eventlet.wsgi.server [req-dc1cfbbb-58fb-48e3-b515-789d39d5ed3e - - - - -] 127.0.0.1 "GET /v1/nodes/f7647c75-31e7-5dc3-be4d-1011a681070a HTTP/1.1" status: 200 len: 1839 time: 0.0291240
2017-03-21 08:22:27.155 16223 INFO eventlet.wsgi.server [req-519c7e17-d2b9-46f0-9ed2-38dfb8353223 - - - - -] 127.0.0.1 "GET /v1/nodes/a960e3ed-9e08-51e2-a4b4-29ea8fee5576 HTTP/1.1" status: 200 len: 1843 time: 0.0299151
2017-03-21 08:22:28.913 16225 INFO eventlet.wsgi.server [req-f4b18b81-c330-4822-bc35-da4a5f253295 - - - - -] 127.0.0.1 "GET /v1/nodes/78544ab5-49df-5a83-acfa-2068ac465b21 HTTP/1.1" status: 200 len: 1814 time: 0.0285330
2017-03-21 08:22:29.148 16228 INFO eventlet.wsgi.server [req-ac1ae291-34c1-4ca1-a5fe-9637929b732b - - - - -] 127.0.0.1 "GET /v1/nodes/f7647c75-31e7-5dc3-be4d-1011a681070a HTTP/1.1" status: 200 len: 1839 time: 0.0182729
2017-03-21 08:22:29.193 16223 INFO eventlet.wsgi.server [req-20676dd2-74a7-4ec8-9524-50783f8ebb1d - - - - -] 127.0.0.1 "GET /v1/nodes/a960e3ed-9e08-51e2-a4b4-29ea8fee5576 HTTP/1.1" status: 200 len: 1843 time: 0.0325131
2017-03-21 08:22:30.948 16225 INFO eventlet.wsgi.server [req-b6b9c981-0654-4de5-a327-9e7dfbc1d0ae - - - - -] 127.0.0.1 "GET /v1/nodes/78544ab5-49df-5a83-acfa-2068ac465b21 HTTP/1.1" status: 200 len: 1814 time: 0.0290990
2017-03-21 08:22:31.184 16228 INFO eventlet.wsgi.server [req-52a5aea2-e30d-4260-adff-189affe8b73c - - - - -] 127.0.0.1 "GET /v1/nodes/f7647c75-31e7-5dc3-be4d-1011a681070a HTTP/1.1" status: 200 len: 1839 time: 0.0292351
2017-03-21 08:22:31.227 16223 INFO eventlet.wsgi.server [req-e2ce8c1e-6538-4fc3-84e5-812fdeda6ff0 - - - - -] 127.0.0.1 "GET /v1/nodes/a960e3ed-9e08-51e2-a4b4-29ea8fee5576 HTTP/1.1" status: 200 len: 1843 time: 0.0297880
2017-03-21 08:22:32.982 16225 INFO eventlet.wsgi.server [req-8a0a3205-3e89-46ff-a0d5-3d88ccaa7131 - - - - -] 127.0.0.1 "GET /v1/nodes/78544ab5-49df-5a83-acfa-2068ac465b21 HTTP/1.1" status: 200 len: 1814 time: 0.0297961
2017-03-21 08:22:33.216 16228 INFO eventlet.wsgi.server [req-23300c80-7734-498b-b04e-7e47ce3c5003 - - - - -] 127.0.0.1 "GET /v1/nodes/f7647c75-31e7-5dc3-be4d-1011a681070a HTTP/1.1" status: 200 len: 1839 time: 0.0259850
2017-03-21 08:22:33.261 16223 INFO eventlet.wsgi.server [req-5ce9ec96-9f84-4652-8beb-0dcf4580c873 - - - - -] 127.0.0.1 "GET /v1/nodes/a960e3ed-9e08-51e2-a4b4-29ea8fee5576 HTTP/1.1" status: 200 len: 1843 time: 0.0293720
2017-03-21 08:22:35.016 16225 INFO eventlet.wsgi.server [req-a7d353d0-4dfe-4fa4-af0f-18c5abede662 - - - - -] 127.0.0.1 "GET /v1/nodes/78544ab5-49df-5a83-acfa-2068ac465b21 HTTP/1.1" status: 200 len: 1814 time: 0.0293610
2017-03-21 08:22:35.249 16228 INFO eventlet.wsgi.server [req-017da6bb-f016-43ae-9b3d-d141091bc6aa - - - - -] 127.0.0.1 "GET /v1/nodes/f7647c75-31e7-5dc3-be4d-1011a681070a HTTP/1.1" status: 200 len: 1839 time: 0.0256979
2017-03-21 08:22:35.295 16223 INFO eventlet.wsgi.server [req-70737774-22a8-4b19-9ade-fe418af1d5df - - - - -] 127.0.0.1 "GET /v1/nodes/a960e3ed-9e08-51e2-a4b4-29ea8fee5576 HTTP/1.1" status: 200 len: 1843 time: 0.0285411
2017-03-21 08:22:37.051 16225 INFO eventlet.wsgi.server [req-13812c45-a66f-4b28-9f5e-612c2f09d367 - - - - -] 127.0.0.1 "GET /v1/nodes/78544ab5-49df-5a83-acfa-2068ac465b21 HTTP/1.1" status: 200 len: 1814 time: 0.0296822
2017-03-21 08:22:37.286 16228 INFO eventlet.wsgi.server [req-13e4c0d4-fb3d-47ca-ad81-b929b3020baf - - - - -] 127.0.0.1 "GET /v1/nodes/f7647c75-31e7-5dc3-be4d-1011a681070a HTTP/1.1" status: 200 len: 1839 time: 0.0308630
2017-03-21 08:22:37.330 16223 INFO eventlet.wsgi.server [req-22d948d8-3da6-4833-8a39-0b3dae33f39d - - - - -] 127.0.0.1 "GET /v1/nodes/a960e3ed-9e08-51e2-a4b4-29ea8fee5576 HTTP/1.1" status: 200 len: 1843 time: 0.0304010
2017-03-21 08:22:39.087 16225 INFO eventlet.wsgi.server [req-0ad4010b-6875-46a9-94b0-cc8437299e4a - - - - -] 127.0.0.1 "GET /v1/nodes/78544ab5-49df-5a83-acfa-2068ac465b21 HTTP/1.1" status: 200 len: 1814 time: 0.0312781
2017-03-21 08:22:39.321 16228 INFO eventlet.wsgi.server [req-043e54cf-f167-4a6a-9bc2-e73fe1df8011 - - - - -] 127.0.0.1 "GET /v1/nodes/f7647c75-31e7-5dc3-be4d-1011a681070a HTTP/1.1" status: 200 len: 1813 time: 0.0286942
2017-03-21 08:22:39.365 16223 INFO eventlet.wsgi.server [req-740098c7-c6f8-4f05-aeb4-72d07379cd12 - - - - -] 127.0.0.1 "GET /v1/nodes/a960e3ed-9e08-51e2-a4b4-29ea8fee5576 HTTP/1.1" status: 200 len: 1817 time: 0.0301719
2017-03-21 08:22:41.121 16225 INFO eventlet.wsgi.server [req-4e67fb21-6af3-423b-a1bd-fc81fe9bb31b - - - - -] 127.0.0.1 "GET /v1/nodes/78544ab5-49df-5a83-acfa-2068ac465b21 HTTP/1.1" status: 200 len: 1814 time: 0.0289030
2017-03-21 08:22:41.357 16228 INFO eventlet.wsgi.server [req-0b82c927-5315-4a98-a12d-9a24b1ca3b9b - - - - -] 127.0.0.1 "GET /v1/nodes/f7647c75-31e7-5dc3-be4d-1011a681070a HTTP/1.1" status: 200 len: 1813 time: 0.0292690
2017-03-21 08:22:41.387 16223 INFO eventlet.wsgi.server [req-a38f45c9-4377-40d4-b4fd-f68e21d162f4 - - - - -] 127.0.0.1 "GET /v1/nodes/a960e3ed-9e08-51e2-a4b4-29ea8fee5576 HTTP/1.1" status: 200 len: 1817 time: 0.0168099
2017-03-21 08:22:41.580 16230 INFO eventlet.wsgi.server [req-c9e77a47-5b8f-4ee1-98f9-4040419da91b - - - - -] 127.0.0.1 "GET /v1/nodes HTTP/1.1" status: 200 len: 1516 time: 0.0302219
2017-03-21 08:22:43.155 16225 INFO eventlet.wsgi.server [req-542afa71-cab3-4046-a262-014aa1ecc085 - - - - -] 127.0.0.1 "GET /v1/nodes/78544ab5-49df-5a83-acfa-2068ac465b21 HTTP/1.1" status: 200 len: 1826 time: 0.0288610
2017-03-21 08:22:43.391 16228 INFO eventlet.wsgi.server [req-b3338fe1-22a5-4b2f-8299-b03a34329fb9 - - - - -] 127.0.0.1 "GET /v1/nodes/f7647c75-31e7-5dc3-be4d-1011a681070a HTTP/1.1" status: 200 len: 1813 time: 0.0295560
2017-03-21 08:22:43.421 16223 INFO eventlet.wsgi.server [req-b52a1481-18ff-47a5-8228-019b19d15a58 - - - - -] 127.0.0.1 "GET /v1/nodes/a960e3ed-9e08-51e2-a4b4-29ea8fee5576 HTTP/1.1" status: 200 len: 1817 time: 0.0300200
2017-03-21 08:22:44.889 16225 INFO eventlet.wsgi.server [req-bb986c17-0d8f-4534-a9a6-d9d87bce4f35 - - - - -] 127.0.0.1 "PUT /v1/nodes/78544ab5-49df-5a83-acfa-2068ac465b21/states/provision HTTP/1.1" status: 202 len: 383 time: 1.7319109
2017-03-21 08:22:44.919 16225 INFO eventlet.wsgi.server [req-2d566b38-4c1b-4b9b-8bf4-a1ffb1519ea1 - - - - -] 127.0.0.1 "GET /v1/nodes/78544ab5-49df-5a83-acfa-2068ac465b21 HTTP/1.1" status: 200 len: 1825 time: 0.0292439
2017-03-21 08:22:45.425 16228 INFO eventlet.wsgi.server [req-b6de52ed-f45d-4721-89e8-22e96b48d925 - - - - -] 127.0.0.1 "GET /v1/nodes/f7647c75-31e7-5dc3-be4d-1011a681070a HTTP/1.1" status: 200 len: 1805 time: 0.0293541
2017-03-21 08:22:45.458 16223 INFO eventlet.wsgi.server [req-0bcdae05-64eb-4b70-a12b-fbe8a2d4cc3b - - - - -] 127.0.0.1 "GET /v1/nodes/a960e3ed-9e08-51e2-a4b4-29ea8fee5576 HTTP/1.1" status: 200 len: 1809 time: 0.0318000
2017-03-21 08:22:46.846 16228 INFO eventlet.wsgi.server [req-e5b9655a-ac3d-4d87-a368-5b630852eb5e - - - - -] 127.0.0.1 "PUT /v1/nodes/f7647c75-31e7-5dc3-be4d-1011a681070a/states/provision HTTP/1.1" status: 202 len: 383 time: 1.4167151
2017-03-21 08:22:46.847 16223 INFO eventlet.wsgi.server [req-0bf5c3ae-c0de-46c1-9026-80bad804fd62 - - - - -] 127.0.0.1 "PUT /v1/nodes/a960e3ed-9e08-51e2-a4b4-29ea8fee5576/states/provision HTTP/1.1" status: 202 len: 383 time: 1.3882940
2017-03-21 08:22:46.866 16223 INFO eventlet.wsgi.server [req-1ee063bd-608a-439b-a744-5f33e64a1dae - - - - -] 127.0.0.1 "GET /v1/nodes/a960e3ed-9e08-51e2-a4b4-29ea8fee5576 HTTP/1.1" status: 200 len: 1834 time: 0.0146320
2017-03-21 08:22:46.876 16228 INFO eventlet.wsgi.server [req-55895253-5bcb-4b7e-a3c9-16da7bc40e25 - - - - -] 127.0.0.1 "GET /v1/nodes/f7647c75-31e7-5dc3-be4d-1011a681070a HTTP/1.1" status: 200 len: 1830 time: 0.0290070
2017-03-21 08:22:48.902 16223 INFO eventlet.wsgi.server [req-0b9184d8-1bd4-442b-8812-185abfaca377 - - - - -] 127.0.0.1 "GET /v1/nodes/a960e3ed-9e08-51e2-a4b4-29ea8fee5576 HTTP/1.1" status: 200 len: 1808 time: 0.0302122
2017-03-21 08:22:48.914 16228 INFO eventlet.wsgi.server [req-8b5c8f35-055b-4957-8681-37a1c767969a - - - - -] 127.0.0.1 "GET /v1/nodes/f7647c75-31e7-5dc3-be4d-1011a681070a HTTP/1.1" status: 200 len: 1804 time: 0.0326049
2017-03-21 08:22:52.596 16232 INFO eventlet.wsgi.server [req-b318d2c2-8fd8-4580-ae66-5025b0f9230c - - - - -] 127.0.0.1 "GET /v1/nodes/78544ab5-49df-5a83-acfa-2068ac465b21 HTTP/1.1" status: 200 len: 1805 time: 0.1437190
2017-03-21 08:22:52.686 16229 INFO eventlet.wsgi.server [req-15ac0c48-49d2-4846-a28d-588820596325 - - - - -] 127.0.0.1 "GET /v1/nodes/f7647c75-31e7-5dc3-be4d-1011a681070a HTTP/1.1" status: 200 len: 1804 time: 0.0216458
2017-03-21 08:22:52.760 16227 INFO eventlet.wsgi.server [req-b3100bca-edd5-4efe-9bc3-261a8a3f609f - - - - -] 127.0.0.1 "GET /v1/nodes/a960e3ed-9e08-51e2-a4b4-29ea8fee5576 HTTP/1.1" status: 200 len: 1808 time: 0.1385250
2017-03-21 08:23:04.849 16234 INFO eventlet.wsgi.server [req-321fb291-8e6f-42b0-b93b-19091ff82824 - - - - -] 127.0.0.1 "GET /v1/nodes/78544ab5-49df-5a83-acfa-2068ac465b21 HTTP/1.1" status: 200 len: 1805 time: 0.0170510
2017-03-21 08:23:04.966 16234 INFO eventlet.wsgi.server [req-58e78e02-ae41-4a22-8a56-3ba0b341856f - - - - -] 127.0.0.1 "GET /v1/nodes/a960e3ed-9e08-51e2-a4b4-29ea8fee5576 HTTP/1.1" status: 200 len: 1808 time: 0.0231049
2017-03-21 08:23:05.272 16231 INFO eventlet.wsgi.server [req-6282f011-11a5-498e-8fc0-37f6c13b89ad - - - - -] 127.0.0.1 "GET /v1/nodes/f7647c75-31e7-5dc3-be4d-1011a681070a HTTP/1.1" status: 200 len: 1804 time: 0.0158060
2017-03-21 08:23:06.189 16234 INFO eventlet.wsgi.server [req-49f507da-ce71-4fb0-b21c-c2ddd0a0ea69 - - - - -] 127.0.0.1 "PATCH /v1/nodes/78544ab5-49df-5a83-acfa-2068ac465b21 HTTP/1.1" status: 200 len: 1970 time: 1.3377910
2017-03-21 08:23:06.275 16234 INFO eventlet.wsgi.server [req-77179137-d39d-442f-8793-6d53e33a1894 - - - - -] 127.0.0.1 "GET /v1/nodes/78544ab5-49df-5a83-acfa-2068ac465b21/validate HTTP/1.1" status: 200 len: 656 time: 0.0820210
2017-03-21 08:23:06.492 16234 INFO eventlet.wsgi.server [req-5d5f78c6-d843-4abd-a4e8-5482d7f510ed - - - - -] 127.0.0.1 "PATCH /v1/nodes/a960e3ed-9e08-51e2-a4b4-29ea8fee5576 HTTP/1.1" status: 200 len: 1973 time: 1.5214851
2017-03-21 08:23:06.648 16234 INFO eventlet.wsgi.server [req-4129658a-a046-4f24-a79c-420b3a38dcbc - - - - -] 127.0.0.1 "GET /v1/nodes/a960e3ed-9e08-51e2-a4b4-29ea8fee5576/validate HTTP/1.1" status: 200 len: 656 time: 0.1520100
2017-03-21 08:23:06.829 16231 INFO eventlet.wsgi.server [req-64f5675f-068e-4365-9cca-76e44744713a - - - - -] 127.0.0.1 "PATCH /v1/nodes/f7647c75-31e7-5dc3-be4d-1011a681070a HTTP/1.1" status: 200 len: 1969 time: 1.5526400
2017-03-21 08:23:06.900 16231 INFO eventlet.wsgi.server [req-8fe5aeb0-0038-4552-8546-d41fb39eff40 - - - - -] 127.0.0.1 "GET /v1/nodes/f7647c75-31e7-5dc3-be4d-1011a681070a/validate HTTP/1.1" status: 200 len: 656 time: 0.0677319
2017-03-21 08:23:08.896 16234 INFO eventlet.wsgi.server [req-7e0bf8dc-4bbb-437a-8955-98479036d1c9 - - - - -] 127.0.0.1 "PUT /v1/nodes/78544ab5-49df-5a83-acfa-2068ac465b21/states/provision HTTP/1.1" status: 202 len: 383 time: 2.6175721
2017-03-21 08:23:08.923 16234 INFO eventlet.wsgi.server [req-b21ce460-8e27-42be-acec-900499c0ea2c - - - - -] 127.0.0.1 "GET /v1/nodes/78544ab5-49df-5a83-acfa-2068ac465b21 HTTP/1.1" status: 200 len: 2021 time: 0.0216489
2017-03-21 08:23:08.946 16234 INFO eventlet.wsgi.server [req-5a3c919b-161b-47d4-ac09-bd9b57966cdf - - - - -] 127.0.0.1 "PUT /v1/nodes/a960e3ed-9e08-51e2-a4b4-29ea8fee5576/states/provision HTTP/1.1" status: 202 len: 383 time: 2.2932360
2017-03-21 08:23:08.977 16234 INFO eventlet.wsgi.server [req-193b3471-befc-42e0-a6b6-0ca6a381d5c0 - - - - -] 127.0.0.1 "GET /v1/nodes/a960e3ed-9e08-51e2-a4b4-29ea8fee5576 HTTP/1.1" status: 200 len: 2024 time: 0.0290141
2017-03-21 08:23:09.194 16231 INFO eventlet.wsgi.server [req-010f6256-45e7-47ec-9986-98a01a8c17c1 - - - - -] 127.0.0.1 "PUT /v1/nodes/f7647c75-31e7-5dc3-be4d-1011a681070a/states/provision HTTP/1.1" status: 202 len: 383 time: 2.2916250
2017-03-21 08:23:09.226 16231 INFO eventlet.wsgi.server [req-d8b7148d-da00-446d-b677-d471c96fc305 - - - - -] 127.0.0.1 "GET /v1/nodes/f7647c75-31e7-5dc3-be4d-1011a681070a HTTP/1.1" status: 200 len: 2020 time: 0.0281160
2017-03-21 08:23:41.612 16231 INFO eventlet.wsgi.server [req-4b77cced-fac5-4508-b800-9f1d2ae688a2 - - - - -] 127.0.0.1 "GET /v1/nodes HTTP/1.1" status: 200 len: 1513 time: 0.0559490
2017-03-21 08:24:16.272 16234 INFO eventlet.wsgi.server [req-3386c954-ff21-40ce-8431-6d1802e3e819 - - - - -] 192.168.122.176 "GET /v1/lookup?addresses=52%3A54%3A00%3A0e%3A1f%3Ab5 HTTP/1.1" status: 200 len: 1297 time: 0.0329041
2017-03-21 08:24:16.368 16234 INFO eventlet.wsgi.server [req-b694f8a9-ce7f-417f-9ff4-e378a74f4018 - - - - -] 192.168.122.176 "POST /v1/heartbeat/a960e3ed-9e08-51e2-a4b4-29ea8fee5576 HTTP/1.1" status: 202 len: 298 time: 0.0774171
2017-03-21 08:24:21.238 16228 INFO eventlet.wsgi.server [req-e5c60dda-1748-47bc-b0e2-76b01280608a - - - - -] 192.168.122.228 "GET /v1/lookup?addresses=52%3A54%3A00%3A4a%3Af7%3A03 HTTP/1.1" status: 200 len: 1297 time: 0.0286870
2017-03-21 08:24:21.320 16228 INFO eventlet.wsgi.server [req-fa086c99-8af2-419a-8ca4-02ccac29bdf4 - - - - -] 192.168.122.228 "POST /v1/heartbeat/78544ab5-49df-5a83-acfa-2068ac465b21 HTTP/1.1" status: 202 len: 298 time: 0.0701289
2017-03-21 08:24:23.484 16230 INFO eventlet.wsgi.server [req-fad664bd-100c-4617-9c61-664bc34fba32 - - - - -] 192.168.122.127 "GET /v1/lookup?addresses=52%3A54%3A00%3A34%3Ae7%3A92 HTTP/1.1" status: 200 len: 1297 time: 0.0222020
2017-03-21 08:24:23.554 16230 INFO eventlet.wsgi.server [req-1423cf0f-7183-4b99-94f5-5ede2353fa76 - - - - -] 192.168.122.127 "POST /v1/heartbeat/f7647c75-31e7-5dc3-be4d-1011a681070a HTTP/1.1" status: 202 len: 298 time: 0.0523260
2017-03-21 08:24:41.595 16226 INFO eventlet.wsgi.server [req-09d8fd8d-6590-456f-9bfd-4bbf8b03f751 - - - - -] 127.0.0.1 "GET /v1/nodes HTTP/1.1" status: 200 len: 1525 time: 0.0374200
2017-03-21 08:25:36.573 16234 INFO eventlet.wsgi.server [req-4c5e55fb-49b3-4fb5-9027-03424bc36893 - - - - -] 192.168.122.176 "POST /v1/heartbeat/a960e3ed-9e08-51e2-a4b4-29ea8fee5576 HTTP/1.1" status: 202 len: 298 time: 0.0665069
2017-03-21 08:25:36.638 16228 INFO eventlet.wsgi.server [req-d15b51da-429d-450b-9543-6852dddfc08d - - - - -] 192.168.122.228 "POST /v1/heartbeat/78544ab5-49df-5a83-acfa-2068ac465b21 HTTP/1.1" status: 202 len: 298 time: 0.0718088
2017-03-21 08:25:46.773 16229 INFO eventlet.wsgi.server [req-a44506a8-5ed6-411a-b878-7db40a5c54b0 - - - - -] 127.0.0.1 "GET /v1/nodes HTTP/1.1" status: 200 len: 1525 time: 5.2061779
2017-03-21 08:25:46.835 16230 INFO eventlet.wsgi.server [req-03376781-1353-4fde-84ba-05e3f943176a - - - - -] 192.168.122.127 "POST /v1/heartbeat/f7647c75-31e7-5dc3-be4d-1011a681070a HTTP/1.1" status: 202 len: 298 time: 5.4306061
2017-03-21 08:25:55.301 16228 INFO eventlet.wsgi.server [req-13c13e89-10d3-4682-b3c3-b2b224887be3 - - - - -] 192.168.122.228 "POST /v1/heartbeat/78544ab5-49df-5a83-acfa-2068ac465b21 HTTP/1.1" status: 202 len: 298 time: 0.0801749
2017-03-21 08:26:03.286 16234 INFO eventlet.wsgi.server [req-cd1a1754-01c9-4b22-b5c9-403899191dc9 - - - - -] 192.168.122.176 "POST /v1/heartbeat/a960e3ed-9e08-51e2-a4b4-29ea8fee5576 HTTP/1.1" status: 202 len: 298 time: 0.0874710
2017-03-21 08:26:09.307 16230 INFO eventlet.wsgi.server [req-f1410843-ef0a-46a2-9448-bc9f08fb011e - - - - -] 192.168.122.127 "POST /v1/heartbeat/f7647c75-31e7-5dc3-be4d-1011a681070a HTTP/1.1" status: 202 len: 298 time: 2.3082740
2017-03-21 08:26:41.633 16229 INFO eventlet.wsgi.server [req-aa3a20b2-ba9e-47ac-8493-e6e30114588f - - - - -] 127.0.0.1 "GET /v1/nodes HTTP/1.1" status: 200 len: 1501 time: 0.0619318
2017-03-21 08:27:23.295 16237 INFO eventlet.wsgi.server [req-628154e1-f338-41ff-b0b8-b2d91747de90 - - - - -] 127.0.0.1 "GET /v1/nodes HTTP/1.1" status: 200 len: 1500 time: 0.0633519
2017-03-21 08:27:41.630 16227 INFO eventlet.wsgi.server [req-6381bd2a-0434-4a95-8491-068d6b0af57d - - - - -] 127.0.0.1 "GET /v1/nodes HTTP/1.1" status: 200 len: 1501 time: 0.0626450
2017-03-21 08:28:10.740 16229 INFO oslo.service.wsgi [-] Stopping WSGI server.
2017-03-21 08:28:10.740 16230 INFO oslo.service.wsgi [-] Stopping WSGI server.
2017-03-21 08:28:10.741 16229 INFO eventlet.wsgi.server [-] (16229) wsgi exited, is_accepting=True
2017-03-21 08:28:10.740 16234 INFO oslo.service.wsgi [-] Stopping WSGI server.
2017-03-21 08:28:10.742 16230 INFO eventlet.wsgi.server [-] (16230) wsgi exited, is_accepting=True
2017-03-21 08:28:10.741 16227 INFO oslo.service.wsgi [-] Stopping WSGI server.
2017-03-21 08:28:10.741 16237 INFO oslo.service.wsgi [-] Stopping WSGI server.
2017-03-21 08:28:10.740 16238 INFO oslo.service.wsgi [-] Stopping WSGI server.
2017-03-21 08:28:10.743 16234 INFO eventlet.wsgi.server [-] (16234) wsgi exited, is_accepting=True
2017-03-21 08:28:10.741 16236 INFO oslo.service.wsgi [-] Stopping WSGI server.
2017-03-21 08:28:10.743 16227 INFO eventlet.wsgi.server [-] (16227) wsgi exited, is_accepting=True
2017-03-21 08:28:10.742 16235 INFO oslo.service.wsgi [-] Stopping WSGI server.
2017-03-21 08:28:10.741 16225 INFO oslo.service.wsgi [-] Stopping WSGI server.
2017-03-21 08:28:10.741 16228 INFO oslo.service.wsgi [-] Stopping WSGI server.
2017-03-21 08:28:10.743 16237 INFO eventlet.wsgi.server [-] (16237) wsgi exited, is_accepting=True
2017-03-21 08:28:10.743 16238 INFO eventlet.wsgi.server [-] (16238) wsgi exited, is_accepting=True
2017-03-21 08:28:10.743 16236 INFO eventlet.wsgi.server [-] (16236) wsgi exited, is_accepting=True
2017-03-21 08:28:10.744 16235 INFO eventlet.wsgi.server [-] (16235) wsgi exited, is_accepting=True
2017-03-21 08:28:10.744 16225 INFO eventlet.wsgi.server [-] (16225) wsgi exited, is_accepting=True
2017-03-21 08:28:10.742 16224 INFO oslo.service.wsgi [-] Stopping WSGI server.
2017-03-21 08:28:10.744 16228 INFO eventlet.wsgi.server [-] (16228) wsgi exited, is_accepting=True
2017-03-21 08:28:10.742 16226 INFO oslo.service.wsgi [-] Stopping WSGI server.
2017-03-21 08:28:10.744 16224 INFO eventlet.wsgi.server [-] (16224) wsgi exited, is_accepting=True
2017-03-21 08:28:10.745 16226 INFO eventlet.wsgi.server [-] (16226) wsgi exited, is_accepting=True
2017-03-21 08:28:10.751 16232 INFO oslo.service.wsgi [-] Stopping WSGI server.
2017-03-21 08:28:10.752 16232 INFO eventlet.wsgi.server [-] (16232) wsgi exited, is_accepting=True
2017-03-21 08:28:10.752 16223 INFO oslo.service.wsgi [-] Stopping WSGI server.
2017-03-21 08:28:10.753 16223 INFO eventlet.wsgi.server [-] (16223) wsgi exited, is_accepting=True
2017-03-21 08:28:10.757 16233 INFO oslo.service.wsgi [-] Stopping WSGI server.
2017-03-21 08:28:10.758 16233 INFO eventlet.wsgi.server [-] (16233) wsgi exited, is_accepting=True
2017-03-21 08:28:10.762 16231 INFO oslo.service.wsgi [-] Stopping WSGI server.
2017-03-21 08:28:10.763 16231 INFO eventlet.wsgi.server [-] (16231) wsgi exited, is_accepting=True
2017-03-21 08:28:10.763 16186 INFO oslo_service.service [-] Child 16223 exited with status 0
2017-03-21 08:28:10.766 16186 INFO oslo_service.service [-] Child 16224 exited with status 0
2017-03-21 08:28:10.769 16186 INFO oslo_service.service [-] Child 16225 exited with status 0
2017-03-21 08:28:10.772 16186 INFO oslo_service.service [-] Child 16226 exited with status 0
2017-03-21 08:28:10.773 2753 INFO eventlet.wsgi.server [-] (2753) wsgi starting up on http://0.0.0.0:6385
2017-03-21 08:28:10.774 16186 INFO oslo_service.service [-] Child 16227 exited with status 0
2017-03-21 08:28:10.776 2754 INFO eventlet.wsgi.server [-] (2754) wsgi starting up on http://0.0.0.0:6385
2017-03-21 08:28:10.777 16186 INFO oslo_service.service [-] Child 16228 exited with status 0
2017-03-21 08:28:10.778 2755 INFO eventlet.wsgi.server [-] (2755) wsgi starting up on http://0.0.0.0:6385
2017-03-21 08:28:10.780 16186 INFO oslo_service.service [-] Child 16229 exited with status 0
2017-03-21 08:28:10.782 2756 INFO eventlet.wsgi.server [-] (2756) wsgi starting up on http://0.0.0.0:6385
2017-03-21 08:28:10.783 16186 INFO oslo_service.service [-] Child 16230 exited with status 0
2017-03-21 08:28:10.784 2757 INFO eventlet.wsgi.server [-] (2757) wsgi starting up on http://0.0.0.0:6385
2017-03-21 08:28:10.786 2758 INFO eventlet.wsgi.server [-] (2758) wsgi starting up on http://0.0.0.0:6385
2017-03-21 08:28:10.786 16186 INFO oslo_service.service [-] Child 16231 exited with status 0
2017-03-21 08:28:10.789 2759 INFO eventlet.wsgi.server [-] (2759) wsgi starting up on http://0.0.0.0:6385
2017-03-21 08:28:10.789 16186 INFO oslo_service.service [-] Child 16232 exited with status 0
2017-03-21 08:28:10.792 16186 INFO oslo_service.service [-] Child 16233 exited with status 0
2017-03-21 08:28:10.792 2760 INFO eventlet.wsgi.server [-] (2760) wsgi starting up on http://0.0.0.0:6385
2017-03-21 08:28:10.795 2761 INFO eventlet.wsgi.server [-] (2761) wsgi starting up on http://0.0.0.0:6385
2017-03-21 08:28:10.795 16186 INFO oslo_service.service [-] Child 16234 exited with status 0
2017-03-21 08:28:10.798 2762 INFO eventlet.wsgi.server [-] (2762) wsgi starting up on http://0.0.0.0:6385
2017-03-21 08:28:10.798 16186 INFO oslo_service.service [-] Child 16235 exited with status 0
2017-03-21 08:28:10.801 2763 INFO eventlet.wsgi.server [-] (2763) wsgi starting up on http://0.0.0.0:6385
2017-03-21 08:28:10.801 16186 INFO oslo_service.service [-] Child 16236 exited with status 0
2017-03-21 08:28:10.803 2764 INFO eventlet.wsgi.server [-] (2764) wsgi starting up on http://0.0.0.0:6385
2017-03-21 08:28:10.804 16186 INFO oslo_service.service [-] Child 16237 exited with status 0
2017-03-21 08:28:10.807 2765 INFO eventlet.wsgi.server [-] (2765) wsgi starting up on http://0.0.0.0:6385
2017-03-21 08:28:10.808 16186 INFO oslo_service.service [-] Child 16238 exited with status 0
2017-03-21 08:28:10.811 2766 INFO eventlet.wsgi.server [-] (2766) wsgi starting up on http://0.0.0.0:6385
2017-03-21 08:28:10.813 2767 INFO eventlet.wsgi.server [-] (2767) wsgi starting up on http://0.0.0.0:6385
2017-03-21 08:28:10.817 2768 INFO eventlet.wsgi.server [-] (2768) wsgi starting up on http://0.0.0.0:6385
2017-03-21 08:28:10.822 16186 INFO oslo_service.service [-] Caught SIGTERM, stopping children
2017-03-21 08:28:10.822 16186 INFO oslo.service.wsgi [-] Stopping WSGI server.
2017-03-21 08:28:10.823 16186 INFO oslo_service.service [-] Waiting on 16 children to exit
2017-03-21 08:28:10.823 2764 INFO oslo.service.wsgi [-] Stopping WSGI server.
2017-03-21 08:28:10.823 2763 INFO oslo.service.wsgi [-] Stopping WSGI server.
2017-03-21 08:28:10.823 2762 INFO oslo.service.wsgi [-] Stopping WSGI server.
2017-03-21 08:28:10.823 2755 INFO oslo.service.wsgi [-] Stopping WSGI server.
2017-03-21 08:28:10.823 2766 INFO oslo.service.wsgi [-] Stopping WSGI server.
2017-03-21 08:28:10.823 2756 INFO oslo.service.wsgi [-] Stopping WSGI server.
2017-03-21 08:28:10.824 2764 INFO eventlet.wsgi.server [-] (2764) wsgi exited, is_accepting=True
2017-03-21 08:28:10.824 2763 INFO eventlet.wsgi.server [-] (2763) wsgi exited, is_accepting=True
2017-03-21 08:28:10.824 2762 INFO eventlet.wsgi.server [-] (2762) wsgi exited, is_accepting=True
2017-03-21 08:28:10.824 2766 INFO eventlet.wsgi.server [-] (2766) wsgi exited, is_accepting=True
2017-03-21 08:28:10.824 2755 INFO eventlet.wsgi.server [-] (2755) wsgi exited, is_accepting=True
2017-03-21 08:28:10.824 2756 INFO eventlet.wsgi.server [-] (2756) wsgi exited, is_accepting=True
2017-03-21 08:28:10.827 16186 INFO oslo_service.service [-] Child 2764 exited with status 0
2017-03-21 08:28:10.828 2761 INFO oslo.service.wsgi [-] Stopping WSGI server.
2017-03-21 08:28:10.828 16186 INFO oslo_service.service [-] Child 2763 exited with status 0
2017-03-21 08:28:10.828 16186 INFO oslo_service.service [-] Child 2762 exited with status 0
2017-03-21 08:28:10.828 2761 INFO eventlet.wsgi.server [-] (2761) wsgi exited, is_accepting=True
2017-03-21 08:28:10.828 2760 INFO oslo.service.wsgi [-] Stopping WSGI server.
2017-03-21 08:28:10.828 16186 INFO oslo_service.service [-] Child 2766 exited with status 0
2017-03-21 08:28:10.828 2759 INFO oslo.service.wsgi [-] Stopping WSGI server.
2017-03-21 08:28:10.829 16186 INFO oslo_service.service [-] Child 2755 exited with status 0
2017-03-21 08:28:10.829 2760 INFO eventlet.wsgi.server [-] (2760) wsgi exited, is_accepting=True
2017-03-21 08:28:10.829 16186 INFO oslo_service.service [-] Child 2756 exited with status 0
2017-03-21 08:28:10.829 2759 INFO eventlet.wsgi.server [-] (2759) wsgi exited, is_accepting=True
2017-03-21 08:28:10.832 16186 INFO oslo_service.service [-] Child 2761 exited with status 0
2017-03-21 08:28:10.832 16186 INFO oslo_service.service [-] Child 2760 exited with status 0
2017-03-21 08:28:10.832 2758 INFO oslo.service.wsgi [-] Stopping WSGI server.
2017-03-21 08:28:10.832 16186 INFO oslo_service.service [-] Child 2759 exited with status 0
2017-03-21 08:28:10.832 2757 INFO oslo.service.wsgi [-] Stopping WSGI server.
2017-03-21 08:28:10.833 2758 INFO eventlet.wsgi.server [-] (2758) wsgi exited, is_accepting=True
2017-03-21 08:28:10.833 2754 INFO oslo.service.wsgi [-] Stopping WSGI server.
2017-03-21 08:28:10.833 2757 INFO eventlet.wsgi.server [-] (2757) wsgi exited, is_accepting=True
2017-03-21 08:28:10.833 2754 INFO eventlet.wsgi.server [-] (2754) wsgi exited, is_accepting=True
2017-03-21 08:28:10.835 16186 INFO oslo_service.service [-] Child 2758 exited with status 0
2017-03-21 08:28:10.835 2767 INFO oslo.service.wsgi [-] Stopping WSGI server.
2017-03-21 08:28:10.836 2767 INFO eventlet.wsgi.server [-] (2767) wsgi exited, is_accepting=True
2017-03-21 08:28:10.836 16186 INFO oslo_service.service [-] Child 2757 exited with status 0
2017-03-21 08:28:10.837 16186 INFO oslo_service.service [-] Child 2754 exited with status 0
2017-03-21 08:28:10.837 2753 INFO oslo.service.wsgi [-] Stopping WSGI server.
2017-03-21 08:28:10.837 2765 INFO oslo.service.wsgi [-] Stopping WSGI server.
2017-03-21 08:28:10.837 2753 INFO eventlet.wsgi.server [-] (2753) wsgi exited, is_accepting=True
2017-03-21 08:28:10.837 2765 INFO eventlet.wsgi.server [-] (2765) wsgi exited, is_accepting=True
2017-03-21 08:28:10.838 16186 INFO oslo_service.service [-] Child 2767 exited with status 0
2017-03-21 08:28:10.840 16186 INFO oslo_service.service [-] Child 2753 exited with status 0
2017-03-21 08:28:10.841 16186 INFO oslo_service.service [-] Child 2765 exited with status 0
2017-03-21 08:28:10.841 2768 INFO oslo.service.wsgi [-] Stopping WSGI server.
2017-03-21 08:28:10.841 2768 INFO eventlet.wsgi.server [-] (2768) wsgi exited, is_accepting=True
2017-03-21 08:28:10.844 16186 INFO oslo_service.service [-] Child 2768 exited with status 0
2017-03-21 08:28:12.559 2773 INFO oslo.service.wsgi [-] ironic_api listening on 0.0.0.0:6385
2017-03-21 08:28:12.560 2773 INFO oslo_service.service [-] Starting 16 workers
2017-03-21 08:28:12.571 2868 INFO eventlet.wsgi.server [-] (2868) wsgi starting up on http://0.0.0.0:6385
2017-03-21 08:28:12.571 2869 INFO eventlet.wsgi.server [-] (2869) wsgi starting up on http://0.0.0.0:6385
2017-03-21 08:28:12.572 2874 INFO eventlet.wsgi.server [-] (2874) wsgi starting up on http://0.0.0.0:6385
2017-03-21 08:28:12.572 2870 INFO eventlet.wsgi.server [-] (2870) wsgi starting up on http://0.0.0.0:6385
2017-03-21 08:28:12.575 2872 INFO eventlet.wsgi.server [-] (2872) wsgi starting up on http://0.0.0.0:6385
2017-03-21 08:28:12.580 2877 INFO eventlet.wsgi.server [-] (2877) wsgi starting up on http://0.0.0.0:6385
2017-03-21 08:28:12.581 2879 INFO eventlet.wsgi.server [-] (2879) wsgi starting up on http://0.0.0.0:6385
2017-03-21 08:28:12.581 2880 INFO eventlet.wsgi.server [-] (2880) wsgi starting up on http://0.0.0.0:6385
2017-03-21 08:28:12.581 2881 INFO eventlet.wsgi.server [-] (2881) wsgi starting up on http://0.0.0.0:6385
2017-03-21 08:28:12.582 2878 INFO eventlet.wsgi.server [-] (2878) wsgi starting up on http://0.0.0.0:6385
2017-03-21 08:28:12.582 2871 INFO eventlet.wsgi.server [-] (2871) wsgi starting up on http://0.0.0.0:6385
2017-03-21 08:28:12.584 2883 INFO eventlet.wsgi.server [-] (2883) wsgi starting up on http://0.0.0.0:6385
2017-03-21 08:28:12.585 2882 INFO eventlet.wsgi.server [-] (2882) wsgi starting up on http://0.0.0.0:6385
2017-03-21 08:28:12.587 2884 INFO eventlet.wsgi.server [-] (2884) wsgi starting up on http://0.0.0.0:6385
2017-03-21 08:28:12.590 2773 WARNING oslo_config.cfg [-] Option "rabbit_password" from group "DEFAULT" is deprecated. Use option "rabbit_password" from group "oslo_messaging_rabbit".
2017-03-21 08:28:12.591 2773 WARNING oslo_config.cfg [-] Option "rabbit_password" from group "oslo_messaging_rabbit" is deprecated for removal. Its value may be silently ignored in the future.
2017-03-21 08:28:12.591 2773 WARNING oslo_config.cfg [-] Option "rabbit_userid" from group "DEFAULT" is deprecated. Use option "rabbit_userid" from group "oslo_messaging_rabbit".
2017-03-21 08:28:12.591 2773 WARNING oslo_config.cfg [-] Option "rabbit_userid" from group "oslo_messaging_rabbit" is deprecated for removal. Its value may be silently ignored in the future.
2017-03-21 08:28:12.592 2886 INFO eventlet.wsgi.server [-] (2886) wsgi starting up on http://0.0.0.0:6385
2017-03-21 08:28:12.594 2885 INFO eventlet.wsgi.server [-] (2885) wsgi starting up on http://0.0.0.0:6385
2017-03-21 08:29:12.603 2878 ERROR wsme.api [req-48681895-4f42-4a57-95cb-feb8d20354d8 - - - - -] Server-side error: "(pymysql.err.InternalError) (1049, u"Unknown database 'ironic'")". Detail: Traceback (most recent call last): File "/usr/local/lib/python2.7/dist-packages/wsmeext/pecan.py", line 85, in callfunction result = f(self, *args, **kwargs)
File "/usr/local/lib/python2.7/dist-packages/ironic/api/controllers/v1/node.py", line 1456, in get_all fields=fields)
File "/usr/local/lib/python2.7/dist-packages/ironic/api/controllers/v1/node.py", line 1310, in _get_nodes_collection filters=filters)
File "/usr/local/lib/python2.7/dist-packages/ironic/objects/node.py", line 255, in list sort_dir=sort_dir)
File "/usr/local/lib/python2.7/dist-packages/ironic/db/sqlalchemy/api.py", line 260, in get_node_list query = _get_node_query_with_tags()
File "/usr/local/lib/python2.7/dist-packages/ironic/db/sqlalchemy/api.py", line 67, in _get_node_query_with_tags return model_query(models.Node).options(joinedload('tags'))
File "/usr/local/lib/python2.7/dist-packages/ironic/db/sqlalchemy/api.py", line 76, in model_query with _session_for_read() as session: File "/usr/lib/python2.7/contextlib.py", line 17, in __enter__ return self.gen.next()
File "/usr/local/lib/python2.7/dist-packages/oslo_db/sqlalchemy/enginefacade.py", line 1012, in _transaction_scope allow_async=self._allow_async) as resource: File "/usr/lib/python2.7/contextlib.py", line 17, in __enter__ return self.gen.next()
File "/usr/local/lib/python2.7/dist-packages/oslo_db/sqlalchemy/enginefacade.py", line 625, in _session bind=self.connection, mode=self.mode)
File "/usr/local/lib/python2.7/dist-packages/oslo_db/sqlalchemy/enginefacade.py", line 395, in _create_session self._start()
File "/usr/local/lib/python2.7/dist-packages/oslo_db/sqlalchemy/enginefacade.py", line 481, in _start engine_args, maker_args)
File "/usr/local/lib/python2.7/dist-packages/oslo_db/sqlalchemy/enginefacade.py", line 505, in _setup_for_connection sql_connection=sql_connection, **engine_kwargs)
File "/usr/local/lib/python2.7/dist-packages/oslo_db/sqlalchemy/engines.py", line 155, in create_engine test_conn = _test_connection(engine, max_retries, retry_interval)
File "/usr/local/lib/python2.7/dist-packages/oslo_db/sqlalchemy/engines.py", line 331, in _test_connection return engine.connect()
File "/usr/local/lib/python2.7/dist-packages/sqlalchemy/engine/base.py", line 2018, in connect return self._connection_cls(self, **kwargs)
File "/usr/local/lib/python2.7/dist-packages/sqlalchemy/engine/base.py", line 72, in __init__ if connection is not None else engine.raw_connection()
File "/usr/local/lib/python2.7/dist-packages/sqlalchemy/engine/base.py", line 2104, in raw_connection self.pool.unique_connection, _connection)
File "/usr/local/lib/python2.7/dist-packages/sqlalchemy/engine/base.py", line 2078, in _wrap_pool_connect e, dialect, self)
File "/usr/local/lib/python2.7/dist-packages/sqlalchemy/engine/base.py", line 1401, in _handle_dbapi_exception_noconnection util.raise_from_cause(newraise, exc_info)
File "/usr/local/lib/python2.7/dist-packages/sqlalchemy/util/compat.py", line 203, in raise_from_cause reraise(type(exception), exception, tb=exc_tb, cause=cause)
File "/usr/local/lib/python2.7/dist-packages/sqlalchemy/engine/base.py", line 2074, in _wrap_pool_connect return fn()
File "/usr/local/lib/python2.7/dist-packages/sqlalchemy/pool.py", line 318, in unique_connection return _ConnectionFairy._checkout(self)
File "/usr/local/lib/python2.7/dist-packages/sqlalchemy/pool.py", line 713, in _checkout fairy = _ConnectionRecord.checkout(pool)
File "/usr/local/lib/python2.7/dist-packages/sqlalchemy/pool.py", line 480, in checkout rec = pool._do_get()
File "/usr/local/lib/python2.7/dist-packages/sqlalchemy/pool.py", line 1060, in _do_get self._dec_overflow()
File "/usr/local/lib/python2.7/dist-packages/sqlalchemy/util/langhelpers.py", line 60, in __exit__ compat.reraise(exc_type, exc_value, exc_tb)
File "/usr/local/lib/python2.7/dist-packages/sqlalchemy/pool.py", line 1057, in _do_get return self._create_connection()
File "/usr/local/lib/python2.7/dist-packages/sqlalchemy/pool.py", line 323, in _create_connection return _ConnectionRecord(self)
File "/usr/local/lib/python2.7/dist-packages/sqlalchemy/pool.py", line 449, in __init__ self.connection = self.__connect()
File "/usr/local/lib/python2.7/dist-packages/sqlalchemy/pool.py", line 607, in __connect connection = self.__pool._invoke_creator(self)
File "/usr/local/lib/python2.7/dist-packages/sqlalchemy/engine/strategies.py", line 97, in connect return dialect.connect(*cargs, **cparams)
File "/usr/local/lib/python2.7/dist-packages/sqlalchemy/engine/default.py", line 385, in connect return self.dbapi.connect(*cargs, **cparams)
File "/usr/local/lib/python2.7/dist-packages/pymysql/__init__.py", line 90, in Connect return Connection(*args, **kwargs)
File "/usr/local/lib/python2.7/dist-packages/pymysql/connections.py", line 688, in __init__ self.connect()
File "/usr/local/lib/python2.7/dist-packages/pymysql/connections.py", line 906, in connect self._request_authentication()
File "/usr/local/lib/python2.7/dist-packages/pymysql/connections.py", line 1114, in _request_authentication auth_packet = self._read_packet()
File "/usr/local/lib/python2.7/dist-packages/pymysql/connections.py", line 981, in _read_packet packet.check_error()
File "/usr/local/lib/python2.7/dist-packages/pymysql/connections.py", line 393, in check_error err.raise_mysql_exception(self._data)
File "/usr/local/lib/python2.7/dist-packages/pymysql/err.py", line 107, in raise_mysql_exception raise errorclass(errno, errval) DBNonExistentDatabase: (pymysql.err.InternalError) (1049, u"Unknown database 'ironic'")
2017-03-21 08:29:12.605 2878 INFO eventlet.wsgi.server [req-48681895-4f42-4a57-95cb-feb8d20354d8 - - - - -] 127.0.0.1 "GET /v1/nodes HTTP/1.1" status: 500 len: 507 time: 0.1524041
2017-03-21 08:30:12.576 2871 ERROR wsme.api [req-e081e6c3-f25a-4954-9e11-254cb66dddd0 - - - - -] Server-side error: "(pymysql.err.InternalError) (1049, u"Unknown database 'ironic'")". Detail: Traceback (most recent call last): File "/usr/local/lib/python2.7/dist-packages/wsmeext/pecan.py", line 85, in callfunction result = f(self, *args, **kwargs)
File "/usr/local/lib/python2.7/dist-packages/ironic/api/controllers/v1/node.py", line 1456, in get_all fields=fields)
File "/usr/local/lib/python2.7/dist-packages/ironic/api/controllers/v1/node.py", line 1310, in _get_nodes_collection filters=filters)
File "/usr/local/lib/python2.7/dist-packages/ironic/objects/node.py", line 255, in list sort_dir=sort_dir)
File "/usr/local/lib/python2.7/dist-packages/ironic/db/sqlalchemy/api.py", line 260, in get_node_list query = _get_node_query_with_tags()
File "/usr/local/lib/python2.7/dist-packages/ironic/db/sqlalchemy/api.py", line 67, in _get_node_query_with_tags return model_query(models.Node).options(joinedload('tags'))
File "/usr/local/lib/python2.7/dist-packages/ironic/db/sqlalchemy/api.py", line 76, in model_query with _session_for_read() as session: File "/usr/lib/python2.7/contextlib.py", line 17, in __enter__ return self.gen.next()
File "/usr/local/lib/python2.7/dist-packages/oslo_db/sqlalchemy/enginefacade.py", line 1012, in _transaction_scope allow_async=self._allow_async) as resource: File "/usr/lib/python2.7/contextlib.py", line 17, in __enter__ return self.gen.next()
File "/usr/local/lib/python2.7/dist-packages/oslo_db/sqlalchemy/enginefacade.py", line 625, in _session bind=self.connection, mode=self.mode)
File "/usr/local/lib/python2.7/dist-packages/oslo_db/sqlalchemy/enginefacade.py", line 395, in _create_session self._start()
File "/usr/local/lib/python2.7/dist-packages/oslo_db/sqlalchemy/enginefacade.py", line 481, in _start engine_args, maker_args)
File "/usr/local/lib/python2.7/dist-packages/oslo_db/sqlalchemy/enginefacade.py", line 505, in _setup_for_connection sql_connection=sql_connection, **engine_kwargs)
File "/usr/local/lib/python2.7/dist-packages/oslo_db/sqlalchemy/engines.py", line 155, in create_engine test_conn = _test_connection(engine, max_retries, retry_interval)
File "/usr/local/lib/python2.7/dist-packages/oslo_db/sqlalchemy/engines.py", line 331, in _test_connection return engine.connect()
File "/usr/local/lib/python2.7/dist-packages/sqlalchemy/engine/base.py", line 2018, in connect return self._connection_cls(self, **kwargs)
File "/usr/local/lib/python2.7/dist-packages/sqlalchemy/engine/base.py", line 72, in __init__ if connection is not None else engine.raw_connection()
File "/usr/local/lib/python2.7/dist-packages/sqlalchemy/engine/base.py", line 2104, in raw_connection self.pool.unique_connection, _connection)
File "/usr/local/lib/python2.7/dist-packages/sqlalchemy/engine/base.py", line 2078, in _wrap_pool_connect e, dialect, self)
File "/usr/local/lib/python2.7/dist-packages/sqlalchemy/engine/base.py", line 1401, in _handle_dbapi_exception_noconnection util.raise_from_cause(newraise, exc_info)
File "/usr/local/lib/python2.7/dist-packages/sqlalchemy/util/compat.py", line 203, in raise_from_cause reraise(type(exception), exception, tb=exc_tb, cause=cause)
File "/usr/local/lib/python2.7/dist-packages/sqlalchemy/engine/base.py", line 2074, in _wrap_pool_connect return fn()
File "/usr/local/lib/python2.7/dist-packages/sqlalchemy/pool.py", line 318, in unique_connection return _ConnectionFairy._checkout(self)
File "/usr/local/lib/python2.7/dist-packages/sqlalchemy/pool.py", line 713, in _checkout fairy = _ConnectionRecord.checkout(pool)
File "/usr/local/lib/python2.7/dist-packages/sqlalchemy/pool.py", line 480, in checkout rec = pool._do_get()
File "/usr/local/lib/python2.7/dist-packages/sqlalchemy/pool.py", line 1060, in _do_get self._dec_overflow()
File "/usr/local/lib/python2.7/dist-packages/sqlalchemy/util/langhelpers.py", line 60, in __exit__ compat.reraise(exc_type, exc_value, exc_tb)
File "/usr/local/lib/python2.7/dist-packages/sqlalchemy/pool.py", line 1057, in _do_get return self._create_connection()
File "/usr/local/lib/python2.7/dist-packages/sqlalchemy/pool.py", line 323, in _create_connection return _ConnectionRecord(self)
File "/usr/local/lib/python2.7/dist-packages/sqlalchemy/pool.py", line 449, in __init__ self.connection = self.__connect()
File "/usr/local/lib/python2.7/dist-packages/sqlalchemy/pool.py", line 607, in __connect connection = self.__pool._invoke_creator(self)
File "/usr/local/lib/python2.7/dist-packages/sqlalchemy/engine/strategies.py", line 97, in connect return dialect.connect(*cargs, **cparams)
File "/usr/local/lib/python2.7/dist-packages/sqlalchemy/engine/default.py", line 385, in connect return self.dbapi.connect(*cargs, **cparams)
File "/usr/local/lib/python2.7/dist-packages/pymysql/__init__.py", line 90, in Connect return Connection(*args, **kwargs)
File "/usr/local/lib/python2.7/dist-packages/pymysql/connections.py", line 688, in __init__ self.connect()
File "/usr/local/lib/python2.7/dist-packages/pymysql/connections.py", line 906, in connect self._request_authentication()
File "/usr/local/lib/python2.7/dist-packages/pymysql/connections.py", line 1114, in _request_authentication auth_packet = self._read_packet()
File "/usr/local/lib/python2.7/dist-packages/pymysql/connections.py", line 981, in _read_packet packet.check_error()
File "/usr/local/lib/python2.7/dist-packages/pymysql/connections.py", line 393, in check_error err.raise_mysql_exception(self._data)
