2017-03-21 15:33:08.534 20645 INFO eventlet.wsgi.server [req-3a211ca6-f769-4f0e-9590-760acd9c7c2c - - - - -] 127.0.0.1 "GET /v1/nodes/c1a56cb3-fcef-59d5-8105-7e6815154f70 HTTP/1.1" status: 200 len: 1752 time: 0.0299940
2017-03-21 15:33:09.597 20641 INFO eventlet.wsgi.server [req-978058f2-9eff-4ab3-b4eb-0afd764ea440 - - - - -] 127.0.0.1 "GET /v1/nodes/e1369efa-5391-5035-8533-3a065c44a584 HTTP/1.1" status: 200 len: 1755 time: 0.0300729
2017-03-21 15:33:09.642 20643 INFO eventlet.wsgi.server [req-aeab812a-2d93-47c4-b9b7-a33c3e173644 - - - - -] 127.0.0.1 "GET /v1/nodes/72010e8e-a3bd-519e-92fa-a69484f8298f HTTP/1.1" status: 200 len: 1829 time: 0.0284798
2017-03-21 15:33:10.569 20645 INFO eventlet.wsgi.server [req-85edf805-d207-452a-aed1-21941e2d7a37 - - - - -] 127.0.0.1 "GET /v1/nodes/c1a56cb3-fcef-59d5-8105-7e6815154f70 HTTP/1.1" status: 200 len: 1752 time: 0.0299680
2017-03-21 15:33:11.622 20641 INFO eventlet.wsgi.server [req-14fa3aa7-5347-4c48-bf44-1291465ca990 - - - - -] 127.0.0.1 "GET /v1/nodes/e1369efa-5391-5035-8533-3a065c44a584 HTTP/1.1" status: 200 len: 1755 time: 0.0199089
2017-03-21 15:33:11.674 20643 INFO eventlet.wsgi.server [req-431e9b82-4da3-4bbe-876e-2cc334134216 - - - - -] 127.0.0.1 "GET /v1/nodes/72010e8e-a3bd-519e-92fa-a69484f8298f HTTP/1.1" status: 200 len: 1829 time: 0.0268860
2017-03-21 15:33:11.933 20640 INFO eventlet.wsgi.server [req-457b77e9-2094-49e3-825f-955a770a1051 - - - - -] 127.0.0.1 "GET /v1/nodes/c1a56cb3-fcef-59d5-8105-7e6815154f70 HTTP/1.1" status: 200 len: 1771 time: 0.0325611
2017-03-21 15:33:12.039 20640 INFO eventlet.wsgi.server [req-5b333f66-be53-40ab-9f47-8db09442fdec - - - - -] 127.0.0.1 "GET /v1/nodes/c1a56cb3-fcef-59d5-8105-7e6815154f70/ports HTTP/1.1" status: 200 len: 623 time: 0.0381200
2017-03-21 15:33:12.164 20640 INFO eventlet.wsgi.server [req-48798a06-c600-4e0c-bb1b-65963b44d08b - - - - -] 127.0.0.1 "PATCH /v1/nodes/c1a56cb3-fcef-59d5-8105-7e6815154f70 HTTP/1.1" status: 200 len: 1771 time: 0.1186202
2017-03-21 15:33:12.600 20645 INFO eventlet.wsgi.server [req-ca4bac3f-0a91-4841-90ac-0d58a5a8aa50 - - - - -] 127.0.0.1 "GET /v1/nodes/c1a56cb3-fcef-59d5-8105-7e6815154f70 HTTP/1.1" status: 200 len: 1802 time: 0.0262070
2017-03-21 15:33:12.643 20640 INFO eventlet.wsgi.server [req-f86895d3-4497-4c42-81aa-95e037f77d19 - - - - -] 127.0.0.1 "PATCH /v1/nodes/c1a56cb3-fcef-59d5-8105-7e6815154f70 HTTP/1.1" status: 200 len: 1821 time: 0.4725292
2017-03-21 15:33:12.781 20648 INFO eventlet.wsgi.server [req-e478d1ad-a8b4-4e8f-aa6e-e7328d2bead0 - - - - -] 127.0.0.1 "PUT /v1/nodes/c1a56cb3-fcef-59d5-8105-7e6815154f70/states/power HTTP/1.1" status: 202 len: 384 time: 0.1084719
2017-03-21 15:33:13.650 20641 INFO eventlet.wsgi.server [req-57884742-40c7-43f2-85e2-78e898745f83 - - - - -] 127.0.0.1 "GET /v1/nodes/e1369efa-5391-5035-8533-3a065c44a584 HTTP/1.1" status: 200 len: 1755 time: 0.0232489
2017-03-21 15:33:13.693 20643 INFO eventlet.wsgi.server [req-a2fcb39b-77eb-4277-867c-89a80f01165d - - - - -] 127.0.0.1 "GET /v1/nodes/72010e8e-a3bd-519e-92fa-a69484f8298f HTTP/1.1" status: 200 len: 1829 time: 0.0155771
2017-03-21 15:33:13.863 20641 INFO eventlet.wsgi.server [req-0d17e2de-f34b-49ab-ad5a-0dc2f1c34c37 - - - - -] 127.0.0.1 "GET /v1/nodes/e1369efa-5391-5035-8533-3a065c44a584 HTTP/1.1" status: 200 len: 1774 time: 0.0188501
2017-03-21 15:33:13.973 20641 INFO eventlet.wsgi.server [req-e28664fe-dda1-49b0-9fa1-d7f58d16e899 - - - - -] 127.0.0.1 "GET /v1/nodes/e1369efa-5391-5035-8533-3a065c44a584/ports HTTP/1.1" status: 200 len: 623 time: 0.0365350
2017-03-21 15:33:14.135 20641 INFO eventlet.wsgi.server [req-5733eab7-d85f-46ce-a728-be4db488595c - - - - -] 127.0.0.1 "PATCH /v1/nodes/e1369efa-5391-5035-8533-3a065c44a584 HTTP/1.1" status: 200 len: 1774 time: 0.1549809
2017-03-21 15:33:14.334 20641 INFO eventlet.wsgi.server [req-be88840a-c5f4-4845-8e31-9881d51caee8 - - - - -] 127.0.0.1 "PATCH /v1/nodes/e1369efa-5391-5035-8533-3a065c44a584 HTTP/1.1" status: 200 len: 1824 time: 0.1924651
2017-03-21 15:33:14.488 20641 INFO eventlet.wsgi.server [req-0ec03213-af31-4c31-b045-cf4031ef2025 - - - - -] 127.0.0.1 "PUT /v1/nodes/e1369efa-5391-5035-8533-3a065c44a584/states/power HTTP/1.1" status: 202 len: 384 time: 0.1215920
2017-03-21 15:33:14.637 20645 INFO eventlet.wsgi.server [req-5c860170-6da0-46e0-b969-7077f357f93e - - - - -] 127.0.0.1 "GET /v1/nodes/c1a56cb3-fcef-59d5-8105-7e6815154f70 HTTP/1.1" status: 200 len: 1829 time: 0.0312769
2017-03-21 15:33:15.686 20641 INFO eventlet.wsgi.server [req-f80691fb-2ca3-47b4-81e3-43162b9d57c2 - - - - -] 127.0.0.1 "GET /v1/nodes/e1369efa-5391-5035-8533-3a065c44a584 HTTP/1.1" status: 200 len: 1832 time: 0.0309958
2017-03-21 15:33:15.727 20643 INFO eventlet.wsgi.server [req-da9476db-e38a-45c8-a8cc-767b57032574 - - - - -] 127.0.0.1 "GET /v1/nodes/72010e8e-a3bd-519e-92fa-a69484f8298f HTTP/1.1" status: 200 len: 1829 time: 0.0290091
2017-03-21 15:33:16.671 20645 INFO eventlet.wsgi.server [req-a8f5919f-1995-4dd3-8927-8d8959e95296 - - - - -] 127.0.0.1 "GET /v1/nodes/c1a56cb3-fcef-59d5-8105-7e6815154f70 HTTP/1.1" status: 200 len: 1829 time: 0.0296171
2017-03-21 15:33:17.717 20641 INFO eventlet.wsgi.server [req-ee89e96b-7209-4b2d-99c5-3e10e6e41d81 - - - - -] 127.0.0.1 "GET /v1/nodes/e1369efa-5391-5035-8533-3a065c44a584 HTTP/1.1" status: 200 len: 1832 time: 0.0263090
2017-03-21 15:33:17.762 20643 INFO eventlet.wsgi.server [req-2862aaa2-459c-40a5-9054-77f863801957 - - - - -] 127.0.0.1 "GET /v1/nodes/72010e8e-a3bd-519e-92fa-a69484f8298f HTTP/1.1" status: 200 len: 1829 time: 0.0293379
2017-03-21 15:33:18.696 20645 INFO eventlet.wsgi.server [req-7e531137-d308-45f9-bbcf-4ec032f81703 - - - - -] 127.0.0.1 "GET /v1/nodes/c1a56cb3-fcef-59d5-8105-7e6815154f70 HTTP/1.1" status: 200 len: 1829 time: 0.0207930
2017-03-21 15:33:19.752 20641 INFO eventlet.wsgi.server [req-4389e8af-01bd-4dcd-97df-e24878533067 - - - - -] 127.0.0.1 "GET /v1/nodes/e1369efa-5391-5035-8533-3a065c44a584 HTTP/1.1" status: 200 len: 1832 time: 0.0300419
2017-03-21 15:33:19.797 20643 INFO eventlet.wsgi.server [req-e439fec7-6f22-4192-b136-d57d2310c51c - - - - -] 127.0.0.1 "GET /v1/nodes/72010e8e-a3bd-519e-92fa-a69484f8298f HTTP/1.1" status: 200 len: 1803 time: 0.0304120
2017-03-21 15:33:20.730 20645 INFO eventlet.wsgi.server [req-c4ef590a-0863-4309-9664-a911c9560bf9 - - - - -] 127.0.0.1 "GET /v1/nodes/c1a56cb3-fcef-59d5-8105-7e6815154f70 HTTP/1.1" status: 200 len: 1829 time: 0.0291200
2017-03-21 15:33:21.789 20641 INFO eventlet.wsgi.server [req-74d72519-9063-4720-8e27-f5f368153f96 - - - - -] 127.0.0.1 "GET /v1/nodes/e1369efa-5391-5035-8533-3a065c44a584 HTTP/1.1" status: 200 len: 1832 time: 0.0321410
2017-03-21 15:33:21.827 20643 INFO eventlet.wsgi.server [req-f86bd846-0952-489f-9571-d828b8dd53ef - - - - -] 127.0.0.1 "GET /v1/nodes/72010e8e-a3bd-519e-92fa-a69484f8298f HTTP/1.1" status: 200 len: 1803 time: 0.0254889
2017-03-21 15:33:22.766 20645 INFO eventlet.wsgi.server [req-3b5acca6-fef2-4e04-97c3-1636ee5e12d7 - - - - -] 127.0.0.1 "GET /v1/nodes/c1a56cb3-fcef-59d5-8105-7e6815154f70 HTTP/1.1" status: 200 len: 1829 time: 0.0302081
2017-03-21 15:33:23.824 20641 INFO eventlet.wsgi.server [req-53b8388e-8eca-4c27-b764-0e149e305222 - - - - -] 127.0.0.1 "GET /v1/nodes/e1369efa-5391-5035-8533-3a065c44a584 HTTP/1.1" status: 200 len: 1832 time: 0.0301988
2017-03-21 15:33:23.857 20643 INFO eventlet.wsgi.server [req-5354054b-9db9-4697-b815-d61dc29107a5 - - - - -] 127.0.0.1 "GET /v1/nodes/72010e8e-a3bd-519e-92fa-a69484f8298f HTTP/1.1" status: 200 len: 1803 time: 0.0253000
2017-03-21 15:33:24.797 20645 INFO eventlet.wsgi.server [req-efe1c538-4692-43cf-add6-569b563127c9 - - - - -] 127.0.0.1 "GET /v1/nodes/c1a56cb3-fcef-59d5-8105-7e6815154f70 HTTP/1.1" status: 200 len: 1829 time: 0.0263290
2017-03-21 15:33:25.844 20641 INFO eventlet.wsgi.server [req-f49f324d-c8f5-4441-bbad-296b35e1cf57 - - - - -] 127.0.0.1 "GET /v1/nodes/e1369efa-5391-5035-8533-3a065c44a584 HTTP/1.1" status: 200 len: 1832 time: 0.0160630
2017-03-21 15:33:25.892 20643 INFO eventlet.wsgi.server [req-8196597f-e66c-42a6-bbfe-4e30b5f52561 - - - - -] 127.0.0.1 "GET /v1/nodes/72010e8e-a3bd-519e-92fa-a69484f8298f HTTP/1.1" status: 200 len: 1803 time: 0.0295420
2017-03-21 15:33:26.832 20645 INFO eventlet.wsgi.server [req-cba22d01-b4a7-4c0d-a6dc-d0d23f0d9cd5 - - - - -] 127.0.0.1 "GET /v1/nodes/c1a56cb3-fcef-59d5-8105-7e6815154f70 HTTP/1.1" status: 200 len: 1829 time: 0.0304189
2017-03-21 15:33:27.864 20641 INFO eventlet.wsgi.server [req-8f43ae98-5659-457a-81fe-58197c42323d - - - - -] 127.0.0.1 "GET /v1/nodes/e1369efa-5391-5035-8533-3a065c44a584 HTTP/1.1" status: 200 len: 1832 time: 0.0156760
2017-03-21 15:33:27.927 20643 INFO eventlet.wsgi.server [req-a983a3eb-21eb-46a6-914a-75511fd41c02 - - - - -] 127.0.0.1 "GET /v1/nodes/72010e8e-a3bd-519e-92fa-a69484f8298f HTTP/1.1" status: 200 len: 1803 time: 0.0298591
2017-03-21 15:33:28.867 20645 INFO eventlet.wsgi.server [req-5d9dad95-422e-4701-9ef2-e5785a7645fd - - - - -] 127.0.0.1 "GET /v1/nodes/c1a56cb3-fcef-59d5-8105-7e6815154f70 HTTP/1.1" status: 200 len: 1803 time: 0.0298970
2017-03-21 15:33:29.890 20641 INFO eventlet.wsgi.server [req-1a89b297-a957-4f97-a1b1-756e64598096 - - - - -] 127.0.0.1 "GET /v1/nodes/e1369efa-5391-5035-8533-3a065c44a584 HTTP/1.1" status: 200 len: 1806 time: 0.0221891
2017-03-21 15:33:29.961 20643 INFO eventlet.wsgi.server [req-67923aaa-8ec9-44b1-8c65-bbaa2ebb9c62 - - - - -] 127.0.0.1 "GET /v1/nodes/72010e8e-a3bd-519e-92fa-a69484f8298f HTTP/1.1" status: 200 len: 1803 time: 0.0297060
2017-03-21 15:33:30.899 20645 INFO eventlet.wsgi.server [req-1cf427d2-1372-4dc1-9bd8-1d56d5163219 - - - - -] 127.0.0.1 "GET /v1/nodes/c1a56cb3-fcef-59d5-8105-7e6815154f70 HTTP/1.1" status: 200 len: 1803 time: 0.0279951
2017-03-21 15:33:31.926 20641 INFO eventlet.wsgi.server [req-b1f060ff-5d51-4aa4-ae54-751690b50662 - - - - -] 127.0.0.1 "GET /v1/nodes/e1369efa-5391-5035-8533-3a065c44a584 HTTP/1.1" status: 200 len: 1806 time: 0.0311830
2017-03-21 15:33:31.989 20643 INFO eventlet.wsgi.server [req-3a2b4146-63b9-488c-9e39-c022677ea8e9 - - - - -] 127.0.0.1 "GET /v1/nodes/72010e8e-a3bd-519e-92fa-a69484f8298f HTTP/1.1" status: 200 len: 1803 time: 0.0238070
2017-03-21 15:33:32.932 20645 INFO eventlet.wsgi.server [req-2bbf800b-cff8-4d91-8069-8848af399ebd - - - - -] 127.0.0.1 "GET /v1/nodes/c1a56cb3-fcef-59d5-8105-7e6815154f70 HTTP/1.1" status: 200 len: 1803 time: 0.0286748
2017-03-21 15:33:33.956 20641 INFO eventlet.wsgi.server [req-9e1e33ef-b416-4b95-9205-04f4efaf6a5c - - - - -] 127.0.0.1 "GET /v1/nodes/e1369efa-5391-5035-8533-3a065c44a584 HTTP/1.1" status: 200 len: 1806 time: 0.0254889
2017-03-21 15:33:34.019 20643 INFO eventlet.wsgi.server [req-a5f0d10e-3431-44db-8db8-391b7b22fe02 - - - - -] 127.0.0.1 "GET /v1/nodes/72010e8e-a3bd-519e-92fa-a69484f8298f HTTP/1.1" status: 200 len: 1803 time: 0.0253949
2017-03-21 15:33:34.966 20645 INFO eventlet.wsgi.server [req-95c05f89-c073-41c3-b1f7-822e32305c17 - - - - -] 127.0.0.1 "GET /v1/nodes/c1a56cb3-fcef-59d5-8105-7e6815154f70 HTTP/1.1" status: 200 len: 1803 time: 0.0292501
2017-03-21 15:33:35.990 20641 INFO eventlet.wsgi.server [req-c6a7291f-0959-4887-bee0-6238b62b49eb - - - - -] 127.0.0.1 "GET /v1/nodes/e1369efa-5391-5035-8533-3a065c44a584 HTTP/1.1" status: 200 len: 1806 time: 0.0295939
2017-03-21 15:33:36.056 20643 INFO eventlet.wsgi.server [req-c7922adb-3025-415d-a51e-2da5448e2cbb - - - - -] 127.0.0.1 "GET /v1/nodes/72010e8e-a3bd-519e-92fa-a69484f8298f HTTP/1.1" status: 200 len: 1803 time: 0.0324888
2017-03-21 15:33:37.006 20645 INFO eventlet.wsgi.server [req-d8d0e008-040f-49de-8f02-9aa6c136279c - - - - -] 127.0.0.1 "GET /v1/nodes/c1a56cb3-fcef-59d5-8105-7e6815154f70 HTTP/1.1" status: 200 len: 1803 time: 0.0344489
2017-03-21 15:33:38.025 20641 INFO eventlet.wsgi.server [req-e53f1dda-56a5-4f5a-bc14-86b752f7e276 - - - - -] 127.0.0.1 "GET /v1/nodes/e1369efa-5391-5035-8533-3a065c44a584 HTTP/1.1" status: 200 len: 1806 time: 0.0300128
2017-03-21 15:33:38.090 20643 INFO eventlet.wsgi.server [req-d8fd8b3c-7c6d-4230-8afe-6f0dbfa22c10 - - - - -] 127.0.0.1 "GET /v1/nodes/72010e8e-a3bd-519e-92fa-a69484f8298f HTTP/1.1" status: 200 len: 1803 time: 0.0296390
2017-03-21 15:33:39.041 20645 INFO eventlet.wsgi.server [req-6e90437c-1a10-45d2-9f7b-c9f377295909 - - - - -] 127.0.0.1 "GET /v1/nodes/c1a56cb3-fcef-59d5-8105-7e6815154f70 HTTP/1.1" status: 200 len: 1803 time: 0.0296371
2017-03-21 15:33:40.058 20641 INFO eventlet.wsgi.server [req-bb720440-67b2-48d6-abb3-2d9d9719d974 - - - - -] 127.0.0.1 "GET /v1/nodes/e1369efa-5391-5035-8533-3a065c44a584 HTTP/1.1" status: 200 len: 1806 time: 0.0288110
2017-03-21 15:33:40.124 20643 INFO eventlet.wsgi.server [req-ba0fbc39-c2da-47d6-a723-05d3f92d3aa0 - - - - -] 127.0.0.1 "GET /v1/nodes/72010e8e-a3bd-519e-92fa-a69484f8298f HTTP/1.1" status: 200 len: 1803 time: 0.0294969
2017-03-21 15:33:41.076 20645 INFO eventlet.wsgi.server [req-0e246cdd-df85-42d4-9c45-965627f478ac - - - - -] 127.0.0.1 "GET /v1/nodes/c1a56cb3-fcef-59d5-8105-7e6815154f70 HTTP/1.1" status: 200 len: 1803 time: 0.0301809
2017-03-21 15:33:42.094 20641 INFO eventlet.wsgi.server [req-5781bd43-85e3-439e-96a0-5ebbd5076472 - - - - -] 127.0.0.1 "GET /v1/nodes/e1369efa-5391-5035-8533-3a065c44a584 HTTP/1.1" status: 200 len: 1806 time: 0.0310850
2017-03-21 15:33:42.158 20643 INFO eventlet.wsgi.server [req-f1a693fb-00d5-4e32-883e-5dbbd34a7e60 - - - - -] 127.0.0.1 "GET /v1/nodes/72010e8e-a3bd-519e-92fa-a69484f8298f HTTP/1.1" status: 200 len: 1803 time: 0.0296788
2017-03-21 15:33:43.109 20645 INFO eventlet.wsgi.server [req-0863151f-0e7a-4638-9d32-fdc8b71caef5 - - - - -] 127.0.0.1 "GET /v1/nodes/c1a56cb3-fcef-59d5-8105-7e6815154f70 HTTP/1.1" status: 200 len: 1803 time: 0.0273392
2017-03-21 15:33:44.128 20641 INFO eventlet.wsgi.server [req-c1ee5afe-62dd-472e-8c27-0204a9b7e1a5 - - - - -] 127.0.0.1 "GET /v1/nodes/e1369efa-5391-5035-8533-3a065c44a584 HTTP/1.1" status: 200 len: 1806 time: 0.0290730
2017-03-21 15:33:44.192 20643 INFO eventlet.wsgi.server [req-2d34c644-1c28-457d-80c9-6b90a7fb7918 - - - - -] 127.0.0.1 "GET /v1/nodes/72010e8e-a3bd-519e-92fa-a69484f8298f HTTP/1.1" status: 200 len: 1803 time: 0.0288029
2017-03-21 15:33:45.143 20645 INFO eventlet.wsgi.server [req-5b75078a-82b4-4552-9a45-d0de30eac73c - - - - -] 127.0.0.1 "GET /v1/nodes/c1a56cb3-fcef-59d5-8105-7e6815154f70 HTTP/1.1" status: 200 len: 1803 time: 0.0291872
2017-03-21 15:33:46.162 20641 INFO eventlet.wsgi.server [req-c0e68fe2-d88b-4b1b-be8f-4335a338d2af - - - - -] 127.0.0.1 "GET /v1/nodes/e1369efa-5391-5035-8533-3a065c44a584 HTTP/1.1" status: 200 len: 1806 time: 0.0300360
2017-03-21 15:33:46.225 20643 INFO eventlet.wsgi.server [req-66f20038-becb-4cc2-b339-d1c4fee51ffb - - - - -] 127.0.0.1 "GET /v1/nodes/72010e8e-a3bd-519e-92fa-a69484f8298f HTTP/1.1" status: 200 len: 1803 time: 0.0277901
2017-03-21 15:33:47.177 20645 INFO eventlet.wsgi.server [req-be11e763-9c1c-41a5-84f6-f470e703bfe1 - - - - -] 127.0.0.1 "GET /v1/nodes/c1a56cb3-fcef-59d5-8105-7e6815154f70 HTTP/1.1" status: 200 len: 1803 time: 0.0289841
2017-03-21 15:33:48.196 20641 INFO eventlet.wsgi.server [req-a27d5f36-b1c3-4ec4-bffe-36488b9bfd53 - - - - -] 127.0.0.1 "GET /v1/nodes/e1369efa-5391-5035-8533-3a065c44a584 HTTP/1.1" status: 200 len: 1806 time: 0.0287740
2017-03-21 15:33:48.258 20643 INFO eventlet.wsgi.server [req-434c222b-90e3-42db-ad0f-5b50abff4224 - - - - -] 127.0.0.1 "GET /v1/nodes/72010e8e-a3bd-519e-92fa-a69484f8298f HTTP/1.1" status: 200 len: 1803 time: 0.0287750
2017-03-21 15:33:49.210 20645 INFO eventlet.wsgi.server [req-7186a842-b864-4a5a-a6b1-476f6fa7d34a - - - - -] 127.0.0.1 "GET /v1/nodes/c1a56cb3-fcef-59d5-8105-7e6815154f70 HTTP/1.1" status: 200 len: 1803 time: 0.0288808
2017-03-21 15:33:50.230 20641 INFO eventlet.wsgi.server [req-40ee0f95-90a6-4680-b6a2-6e6bb3238cae - - - - -] 127.0.0.1 "GET /v1/nodes/e1369efa-5391-5035-8533-3a065c44a584 HTTP/1.1" status: 200 len: 1806 time: 0.0296988
2017-03-21 15:33:50.291 20643 INFO eventlet.wsgi.server [req-585bb624-0855-4be9-9a82-ee1fd1841cc9 - - - - -] 127.0.0.1 "GET /v1/nodes/72010e8e-a3bd-519e-92fa-a69484f8298f HTTP/1.1" status: 200 len: 1803 time: 0.0283382
2017-03-21 15:33:51.236 20645 INFO eventlet.wsgi.server [req-111a2ce1-c231-49d8-9e27-b191d5639081 - - - - -] 127.0.0.1 "GET /v1/nodes/c1a56cb3-fcef-59d5-8105-7e6815154f70 HTTP/1.1" status: 200 len: 1803 time: 0.0213442
2017-03-21 15:33:52.265 20641 INFO eventlet.wsgi.server [req-43e173c2-b903-4c02-824b-396f8748200d - - - - -] 127.0.0.1 "GET /v1/nodes/e1369efa-5391-5035-8533-3a065c44a584 HTTP/1.1" status: 200 len: 1806 time: 0.0295968
2017-03-21 15:33:52.322 20643 INFO eventlet.wsgi.server [req-dd2232c9-d3f9-44bd-a2d9-97592eb5726d - - - - -] 127.0.0.1 "GET /v1/nodes/72010e8e-a3bd-519e-92fa-a69484f8298f HTTP/1.1" status: 200 len: 1803 time: 0.0241160
2017-03-21 15:33:53.271 20645 INFO eventlet.wsgi.server [req-6d27e7cb-aa95-4cc9-a61a-352392c7e8dd - - - - -] 127.0.0.1 "GET /v1/nodes/c1a56cb3-fcef-59d5-8105-7e6815154f70 HTTP/1.1" status: 200 len: 1803 time: 0.0298309
2017-03-21 15:33:54.304 20641 INFO eventlet.wsgi.server [req-15260664-20c6-4d32-93d1-9b0eb45ae543 - - - - -] 127.0.0.1 "GET /v1/nodes/e1369efa-5391-5035-8533-3a065c44a584 HTTP/1.1" status: 200 len: 1806 time: 0.0345170
2017-03-21 15:33:54.357 20643 INFO eventlet.wsgi.server [req-dedaba27-f32c-4c36-a118-b20af7538804 - - - - -] 127.0.0.1 "GET /v1/nodes/72010e8e-a3bd-519e-92fa-a69484f8298f HTTP/1.1" status: 200 len: 1803 time: 0.0304229
2017-03-21 15:33:55.306 20645 INFO eventlet.wsgi.server [req-9321ed9a-a051-4f93-a261-ba2ccd919279 - - - - -] 127.0.0.1 "GET /v1/nodes/c1a56cb3-fcef-59d5-8105-7e6815154f70 HTTP/1.1" status: 200 len: 1803 time: 0.0306051
2017-03-21 15:33:56.339 20641 INFO eventlet.wsgi.server [req-6b628c0e-3aa8-4bc7-92d6-061758ee34d3 - - - - -] 127.0.0.1 "GET /v1/nodes/e1369efa-5391-5035-8533-3a065c44a584 HTTP/1.1" status: 200 len: 1806 time: 0.0296030
2017-03-21 15:33:56.390 20643 INFO eventlet.wsgi.server [req-7127ec7a-0440-4802-9105-1d9da659c7c0 - - - - -] 127.0.0.1 "GET /v1/nodes/72010e8e-a3bd-519e-92fa-a69484f8298f HTTP/1.1" status: 200 len: 1803 time: 0.0274141
2017-03-21 15:33:57.340 20645 INFO eventlet.wsgi.server [req-5a1c8071-8820-4161-a57a-96f261dbe3c5 - - - - -] 127.0.0.1 "GET /v1/nodes/c1a56cb3-fcef-59d5-8105-7e6815154f70 HTTP/1.1" status: 200 len: 1803 time: 0.0293930
2017-03-21 15:33:58.374 20641 INFO eventlet.wsgi.server [req-32db5155-d70e-4d9d-b659-322a86c0842f - - - - -] 127.0.0.1 "GET /v1/nodes/e1369efa-5391-5035-8533-3a065c44a584 HTTP/1.1" status: 200 len: 1806 time: 0.0296800
2017-03-21 15:33:58.424 20643 INFO eventlet.wsgi.server [req-76cdb748-5636-4b52-a9cf-80177734d96c - - - - -] 127.0.0.1 "GET /v1/nodes/72010e8e-a3bd-519e-92fa-a69484f8298f HTTP/1.1" status: 200 len: 1803 time: 0.0296419
2017-03-21 15:33:59.377 20645 INFO eventlet.wsgi.server [req-8f414551-a3ae-49e7-8113-3a9451161a81 - - - - -] 127.0.0.1 "GET /v1/nodes/c1a56cb3-fcef-59d5-8105-7e6815154f70 HTTP/1.1" status: 200 len: 1803 time: 0.0313699
2017-03-21 15:34:00.244 20648 INFO eventlet.wsgi.server [req-812d0eac-8267-4109-9ffb-e51507580218 - - - - -] 127.0.0.1 "GET /v1/nodes HTTP/1.1" status: 200 len: 1484 time: 0.0486701
2017-03-21 15:34:00.409 20641 INFO eventlet.wsgi.server [req-3eec8ef1-14ed-44b7-8b8a-6919c47cd3a9 - - - - -] 127.0.0.1 "GET /v1/nodes/e1369efa-5391-5035-8533-3a065c44a584 HTTP/1.1" status: 200 len: 1806 time: 0.0302641
2017-03-21 15:34:00.459 20643 INFO eventlet.wsgi.server [req-454976d1-9184-4ba2-9642-6bc671e22631 - - - - -] 127.0.0.1 "GET /v1/nodes/72010e8e-a3bd-519e-92fa-a69484f8298f HTTP/1.1" status: 200 len: 1803 time: 0.0295608
2017-03-21 15:34:01.411 20645 INFO eventlet.wsgi.server [req-b718c2c4-d4ea-421f-a0e3-da23b77aa75a - - - - -] 127.0.0.1 "GET /v1/nodes/c1a56cb3-fcef-59d5-8105-7e6815154f70 HTTP/1.1" status: 200 len: 1823 time: 0.0287039
2017-03-21 15:34:02.428 20641 INFO eventlet.wsgi.server [req-3195476a-4bbd-4b38-982f-17bd892c00ee - - - - -] 127.0.0.1 "GET /v1/nodes/e1369efa-5391-5035-8533-3a065c44a584 HTTP/1.1" status: 200 len: 1806 time: 0.0143571
2017-03-21 15:34:02.492 20643 INFO eventlet.wsgi.server [req-32f876e3-fca9-4d8f-98fe-4df30acda301 - - - - -] 127.0.0.1 "GET /v1/nodes/72010e8e-a3bd-519e-92fa-a69484f8298f HTTP/1.1" status: 200 len: 1823 time: 0.0287390
2017-03-21 15:34:03.447 20645 INFO eventlet.wsgi.server [req-643e363d-3d7d-4313-8836-5eff07e533c0 - - - - -] 127.0.0.1 "GET /v1/nodes/c1a56cb3-fcef-59d5-8105-7e6815154f70 HTTP/1.1" status: 200 len: 1795 time: 0.0313199
2017-03-21 15:34:03.578 20645 INFO eventlet.wsgi.server [req-ead13bb8-af96-4ac6-80b8-f7b3b1f3f89f - - - - -] 127.0.0.1 "PUT /v1/nodes/c1a56cb3-fcef-59d5-8105-7e6815154f70/states/provision HTTP/1.1" status: 202 len: 383 time: 0.1301639
2017-03-21 15:34:03.600 20645 INFO eventlet.wsgi.server [req-2518339f-afdf-46f0-941b-6ac1aedb8a6c - - - - -] 127.0.0.1 "GET /v1/nodes/c1a56cb3-fcef-59d5-8105-7e6815154f70 HTTP/1.1" status: 200 len: 1814 time: 0.0207100
2017-03-21 15:34:04.446 20641 INFO eventlet.wsgi.server [req-9099c0b6-b135-4513-937a-a461cfca08b1 - - - - -] 127.0.0.1 "GET /v1/nodes/e1369efa-5391-5035-8533-3a065c44a584 HTTP/1.1" status: 200 len: 1798 time: 0.0146391
2017-03-21 15:34:04.530 20643 INFO eventlet.wsgi.server [req-41151316-9d3a-4203-8377-71e90354df6a - - - - -] 127.0.0.1 "GET /v1/nodes/72010e8e-a3bd-519e-92fa-a69484f8298f HTTP/1.1" status: 200 len: 1795 time: 0.0325298
2017-03-21 15:34:04.625 20641 INFO eventlet.wsgi.server [req-07b2cdda-5429-4f5b-b0fc-74f45a11163b - - - - -] 127.0.0.1 "PUT /v1/nodes/e1369efa-5391-5035-8533-3a065c44a584/states/provision HTTP/1.1" status: 202 len: 383 time: 0.1779940
2017-03-21 15:34:04.654 20643 INFO eventlet.wsgi.server [req-c6b853f4-05ed-4861-b5b7-512a5d645cf3 - - - - -] 127.0.0.1 "PUT /v1/nodes/72010e8e-a3bd-519e-92fa-a69484f8298f/states/provision HTTP/1.1" status: 202 len: 383 time: 0.1231909
2017-03-21 15:34:04.658 20641 INFO eventlet.wsgi.server [req-9078b532-9607-4032-82b4-d17037828dea - - - - -] 127.0.0.1 "GET /v1/nodes/e1369efa-5391-5035-8533-3a065c44a584 HTTP/1.1" status: 200 len: 1817 time: 0.0304010
2017-03-21 15:34:04.696 20643 INFO eventlet.wsgi.server [req-b49fefe8-f15a-4c24-b631-b1744797e5e2 - - - - -] 127.0.0.1 "GET /v1/nodes/72010e8e-a3bd-519e-92fa-a69484f8298f HTTP/1.1" status: 200 len: 1814 time: 0.0410650
2017-03-21 15:34:08.145 20634 INFO eventlet.wsgi.server [req-878b33d5-6a15-46ac-a17e-5e6853f00c8b - - - - -] 127.0.0.1 "GET /v1/nodes/e1369efa-5391-5035-8533-3a065c44a584 HTTP/1.1" status: 200 len: 1797 time: 0.0262461
2017-03-21 15:34:08.151 20645 INFO eventlet.wsgi.server [req-86d81ec5-da81-4a50-84c9-c65683900df8 - - - - -] 127.0.0.1 "GET /v1/nodes/c1a56cb3-fcef-59d5-8105-7e6815154f70 HTTP/1.1" status: 200 len: 1794 time: 0.0279441
2017-03-21 15:34:08.205 20639 INFO eventlet.wsgi.server [req-7aaff2f2-cd50-4a77-ae14-2e1c20688c89 - - - - -] 127.0.0.1 "GET /v1/nodes/72010e8e-a3bd-519e-92fa-a69484f8298f HTTP/1.1" status: 200 len: 1794 time: 0.1613550
2017-03-21 15:34:18.636 20635 INFO eventlet.wsgi.server [req-cf6615ce-7772-46b1-9066-820b839783b5 - - - - -] 127.0.0.1 "GET /v1/nodes/c1a56cb3-fcef-59d5-8105-7e6815154f70 HTTP/1.1" status: 200 len: 1794 time: 0.0158989
2017-03-21 15:34:18.657 20635 WARNING oslo_config.cfg [req-896d9311-dca7-4252-9f30-395365bd3b3b - - - - -] Option "rabbit_userid" from group "DEFAULT" is deprecated. Use option "rabbit_userid" from group "oslo_messaging_rabbit".
2017-03-21 15:34:18.658 20635 WARNING oslo_config.cfg [req-896d9311-dca7-4252-9f30-395365bd3b3b - - - - -] Option "rabbit_userid" from group "oslo_messaging_rabbit" is deprecated for removal. Its value may be silently ignored in the future.
2017-03-21 15:34:18.658 20635 WARNING oslo_config.cfg [req-896d9311-dca7-4252-9f30-395365bd3b3b - - - - -] Option "rabbit_password" from group "DEFAULT" is deprecated. Use option "rabbit_password" from group "oslo_messaging_rabbit".
2017-03-21 15:34:18.658 20635 WARNING oslo_config.cfg [req-896d9311-dca7-4252-9f30-395365bd3b3b - - - - -] Option "rabbit_password" from group "oslo_messaging_rabbit" is deprecated for removal. Its value may be silently ignored in the future.
2017-03-21 15:34:18.765 20637 INFO eventlet.wsgi.server [req-ee4d6492-f83b-48ac-9fb8-fc5f25a6f0bd - - - - -] 127.0.0.1 "GET /v1/nodes/72010e8e-a3bd-519e-92fa-a69484f8298f HTTP/1.1" status: 200 len: 1794 time: 0.0168500
2017-03-21 15:34:18.788 20637 WARNING oslo_config.cfg [req-adeac080-ee48-45d2-b1f5-71a6827aceb8 - - - - -] Option "rabbit_userid" from group "DEFAULT" is deprecated. Use option "rabbit_userid" from group "oslo_messaging_rabbit".
2017-03-21 15:34:18.788 20637 WARNING oslo_config.cfg [req-adeac080-ee48-45d2-b1f5-71a6827aceb8 - - - - -] Option "rabbit_userid" from group "oslo_messaging_rabbit" is deprecated for removal. Its value may be silently ignored in the future.
2017-03-21 15:34:18.788 20637 WARNING oslo_config.cfg [req-adeac080-ee48-45d2-b1f5-71a6827aceb8 - - - - -] Option "rabbit_password" from group "DEFAULT" is deprecated. Use option "rabbit_password" from group "oslo_messaging_rabbit".
2017-03-21 15:34:18.788 20637 WARNING oslo_config.cfg [req-adeac080-ee48-45d2-b1f5-71a6827aceb8 - - - - -] Option "rabbit_password" from group "oslo_messaging_rabbit" is deprecated for removal. Its value may be silently ignored in the future.
2017-03-21 15:34:18.802 20635 INFO eventlet.wsgi.server [req-902be4ad-83aa-4d2a-808a-43e7732c080d - - - - -] 127.0.0.1 "GET /v1/nodes/e1369efa-5391-5035-8533-3a065c44a584 HTTP/1.1" status: 200 len: 1797 time: 0.0141420
2017-03-21 15:34:18.809 20635 INFO eventlet.wsgi.server [req-896d9311-dca7-4252-9f30-395365bd3b3b - - - - -] 127.0.0.1 "PATCH /v1/nodes/c1a56cb3-fcef-59d5-8105-7e6815154f70 HTTP/1.1" status: 200 len: 1959 time: 0.1717091
2017-03-21 15:34:18.915 20635 INFO eventlet.wsgi.server [req-664fc9a2-c5ce-4d39-a8a9-9a4597baae2c - - - - -] 127.0.0.1 "GET /v1/nodes/c1a56cb3-fcef-59d5-8105-7e6815154f70/validate HTTP/1.1" status: 200 len: 656 time: 0.1003950
2017-03-21 15:34:18.993 20637 INFO eventlet.wsgi.server [req-adeac080-ee48-45d2-b1f5-71a6827aceb8 - - - - -] 127.0.0.1 "PATCH /v1/nodes/72010e8e-a3bd-519e-92fa-a69484f8298f HTTP/1.1" status: 200 len: 1959 time: 0.2251151
2017-03-21 15:34:19.022 20635 INFO eventlet.wsgi.server [req-bd41ecec-a3a4-4add-b609-141452df35aa - - - - -] 127.0.0.1 "PATCH /v1/nodes/e1369efa-5391-5035-8533-3a065c44a584 HTTP/1.1" status: 200 len: 1962 time: 0.2119460
2017-03-21 15:34:19.085 20637 INFO eventlet.wsgi.server [req-4cb6f0be-9648-44ea-8078-5cbba976c35d - - - - -] 127.0.0.1 "GET /v1/nodes/72010e8e-a3bd-519e-92fa-a69484f8298f/validate HTTP/1.1" status: 200 len: 656 time: 0.0890179
2017-03-21 15:34:19.096 20635 INFO eventlet.wsgi.server [req-9a6ca82d-039e-43e2-b91d-fb3b1939a5ca - - - - -] 127.0.0.1 "GET /v1/nodes/e1369efa-5391-5035-8533-3a065c44a584/validate HTTP/1.1" status: 200 len: 656 time: 0.0710490
2017-03-21 15:34:19.163 20635 INFO eventlet.wsgi.server [req-71bc7aec-0e01-47b8-831c-5824adb75d6a - - - - -] 127.0.0.1 "PUT /v1/nodes/c1a56cb3-fcef-59d5-8105-7e6815154f70/states/provision HTTP/1.1" status: 202 len: 383 time: 0.2455111
2017-03-21 15:34:19.181 20635 INFO eventlet.wsgi.server [req-f82f1a89-adee-471e-8412-591672a55f5a - - - - -] 127.0.0.1 "GET /v1/nodes/c1a56cb3-fcef-59d5-8105-7e6815154f70 HTTP/1.1" status: 200 len: 2010 time: 0.0143518
2017-03-21 15:34:19.325 20637 INFO eventlet.wsgi.server [req-367a6a20-c21b-4dde-9e02-27d19a140c80 - - - - -] 127.0.0.1 "PUT /v1/nodes/72010e8e-a3bd-519e-92fa-a69484f8298f/states/provision HTTP/1.1" status: 202 len: 383 time: 0.2370529
2017-03-21 15:34:19.349 20635 INFO eventlet.wsgi.server [req-518c0eec-92e0-4f02-ada8-50b9c657e150 - - - - -] 127.0.0.1 "PUT /v1/nodes/e1369efa-5391-5035-8533-3a065c44a584/states/provision HTTP/1.1" status: 202 len: 383 time: 0.2497270
2017-03-21 15:34:19.354 20637 INFO eventlet.wsgi.server [req-16185853-b159-4e36-b6a4-2f47820a4905 - - - - -] 127.0.0.1 "GET /v1/nodes/72010e8e-a3bd-519e-92fa-a69484f8298f HTTP/1.1" status: 200 len: 2010 time: 0.0261540
2017-03-21 15:34:19.366 20635 INFO eventlet.wsgi.server [req-80274934-29d9-4b56-8001-86bbb0f4a6f7 - - - - -] 127.0.0.1 "GET /v1/nodes/e1369efa-5391-5035-8533-3a065c44a584 HTTP/1.1" status: 200 len: 2013 time: 0.0140080
2017-03-21 15:35:00.259 20637 INFO eventlet.wsgi.server [req-15b35cf4-890b-40c7-a590-db4493ca0626 - - - - -] 127.0.0.1 "GET /v1/nodes HTTP/1.1" status: 200 len: 1485 time: 0.0615849
2017-03-21 15:35:19.662 20635 INFO eventlet.wsgi.server [req-48ebbf98-06ce-4b3d-afc7-7e03307f7690 - - - - -] 192.168.122.74 "GET /v1/lookup?addresses=52%3A54%3A00%3A4b%3Aaa%3Ade HTTP/1.1" status: 200 len: 1297 time: 0.0192239
2017-03-21 15:35:19.740 20635 INFO eventlet.wsgi.server [req-9f185a1d-5f65-4817-a366-d36841abc571 - - - - -] 192.168.122.74 "POST /v1/heartbeat/c1a56cb3-fcef-59d5-8105-7e6815154f70 HTTP/1.1" status: 202 len: 298 time: 0.0663059
2017-03-21 15:35:31.534 20637 INFO eventlet.wsgi.server [req-f389dde8-4dbe-4423-83c2-c618c57ef6aa - - - - -] 192.168.122.106 "GET /v1/lookup?addresses=52%3A54%3A00%3A29%3A10%3Ab2 HTTP/1.1" status: 200 len: 1297 time: 0.0290549
2017-03-21 15:35:31.617 20637 INFO eventlet.wsgi.server [req-b47a929f-29ec-43d0-b53f-0d4efa071b2a - - - - -] 192.168.122.106 "POST /v1/heartbeat/72010e8e-a3bd-519e-92fa-a69484f8298f HTTP/1.1" status: 202 len: 298 time: 0.0699921
2017-03-21 15:35:33.748 20635 INFO eventlet.wsgi.server [req-b913cc27-596e-476a-9bce-81d52d89a1af - - - - -] 192.168.122.97 "GET /v1/lookup?addresses=52%3A54%3A00%3Aa9%3A0f%3A29 HTTP/1.1" status: 200 len: 1297 time: 0.0272019
2017-03-21 15:35:33.837 20635 INFO eventlet.wsgi.server [req-aa903c98-38b8-4dc1-a37e-a8da6f3391d1 - - - - -] 192.168.122.97 "POST /v1/heartbeat/e1369efa-5391-5035-8533-3a065c44a584 HTTP/1.1" status: 202 len: 298 time: 0.0720439
2017-03-21 15:36:00.239 20635 INFO eventlet.wsgi.server [req-33817ee2-f5d2-4ff0-932c-81a9171759ce - - - - -] 127.0.0.1 "GET /v1/nodes HTTP/1.1" status: 200 len: 1493 time: 0.0366929
2017-03-21 15:36:33.322 20635 INFO eventlet.wsgi.server [req-f0e494d4-d51e-40eb-8c1a-4df3ea195fd3 - - - - -] 192.168.122.74 "POST /v1/heartbeat/c1a56cb3-fcef-59d5-8105-7e6815154f70 HTTP/1.1" status: 202 len: 298 time: 0.0830309
2017-03-21 15:36:54.254 20635 INFO eventlet.wsgi.server [req-b2cf3c50-953e-4c29-b070-71eeb8d941fc - - - - -] 192.168.122.74 "POST /v1/heartbeat/c1a56cb3-fcef-59d5-8105-7e6815154f70 HTTP/1.1" status: 202 len: 298 time: 0.0786452
2017-03-21 15:36:55.048 20637 INFO eventlet.wsgi.server [req-fc7f85fd-15e4-4291-8f0d-0b69660a05a2 - - - - -] 192.168.122.106 "POST /v1/heartbeat/72010e8e-a3bd-519e-92fa-a69484f8298f HTTP/1.1" status: 202 len: 298 time: 0.0757880
2017-03-21 15:36:59.536 20635 INFO eventlet.wsgi.server [req-79e4c4cb-2644-4279-b272-99e2f5658fca - - - - -] 192.168.122.97 "POST /v1/heartbeat/e1369efa-5391-5035-8533-3a065c44a584 HTTP/1.1" status: 202 len: 298 time: 0.0681660
2017-03-21 15:37:00.259 20635 INFO eventlet.wsgi.server [req-564cd388-e696-45f9-ba97-96b3c1d87d5c - - - - -] 127.0.0.1 "GET /v1/nodes HTTP/1.1" status: 200 len: 1483 time: 0.0591321
2017-03-21 15:37:22.611 20637 INFO eventlet.wsgi.server [req-17b0aa67-3f55-456f-9d48-9671d8b6b2e0 - - - - -] 192.168.122.106 "POST /v1/heartbeat/72010e8e-a3bd-519e-92fa-a69484f8298f HTTP/1.1" status: 202 len: 298 time: 0.0574560
2017-03-21 15:37:25.769 20635 INFO eventlet.wsgi.server [req-8fdffc57-f8cf-47c4-b687-21d81933bc8a - - - - -] 192.168.122.97 "POST /v1/heartbeat/e1369efa-5391-5035-8533-3a065c44a584 HTTP/1.1" status: 202 len: 298 time: 0.0649230
2017-03-21 15:38:00.240 20645 INFO eventlet.wsgi.server [req-65d5a934-943b-4859-9685-4ed919859ecc - - - - -] 127.0.0.1 "GET /v1/nodes HTTP/1.1" status: 200 len: 1469 time: 0.0351520
2017-03-21 15:38:30.986 20646 INFO eventlet.wsgi.server [req-c9c6e20e-df4d-430f-ac46-494324475c78 - - - - -] 127.0.0.1 "GET /v1/nodes HTTP/1.1" status: 200 len: 1468 time: 0.0656431
2017-03-21 15:39:00.265 20639 INFO eventlet.wsgi.server [req-d9a2f0ae-3a9b-4f01-80fd-a16f611f828e - - - - -] 127.0.0.1 "GET /v1/nodes HTTP/1.1" status: 200 len: 1469 time: 0.0601790
2017-03-21 15:40:00.265 20639 INFO eventlet.wsgi.server [req-fd499dd6-2e70-4801-b6ec-d20a524b8632 - - - - -] 127.0.0.1 "GET /v1/nodes HTTP/1.1" status: 200 len: 1469 time: 0.0607281
2017-03-21 15:41:00.273 20645 INFO eventlet.wsgi.server [req-f2d26ab8-6406-42b0-bd79-fbb71016fc50 - - - - -] 127.0.0.1 "GET /v1/nodes HTTP/1.1" status: 200 len: 1469 time: 0.0641909
2017-03-21 15:42:00.277 20645 INFO eventlet.wsgi.server [req-009d2a4c-d0f5-4662-ab01-6b1247d46c31 - - - - -] 127.0.0.1 "GET /v1/nodes HTTP/1.1" status: 200 len: 1469 time: 0.0652082
2017-03-21 15:43:00.283 20641 INFO eventlet.wsgi.server [req-6e287c1e-e77c-4627-993c-2c25597bb4cf - - - - -] 127.0.0.1 "GET /v1/nodes HTTP/1.1" status: 200 len: 1469 time: 0.0701339
2017-03-21 15:44:00.282 20645 INFO eventlet.wsgi.server [req-a3b7693f-d3c1-4e08-8434-0421842389d5 - - - - -] 127.0.0.1 "GET /v1/nodes HTTP/1.1" status: 200 len: 1469 time: 0.0664849
2017-03-21 15:45:00.451 20633 INFO eventlet.wsgi.server [req-5661e8e8-46dc-4f22-9567-0018f6b52f4e - - - - -] 127.0.0.1 "GET /v1/nodes HTTP/1.1" status: 200 len: 1469 time: 0.2306559
2017-03-21 15:46:00.443 20647 INFO eventlet.wsgi.server [req-1f5d6d25-008e-4e83-abb6-c3423f054cb7 - - - - -] 127.0.0.1 "GET /v1/nodes HTTP/1.1" status: 200 len: 1469 time: 0.2242601
2017-03-21 15:47:00.280 20636 INFO eventlet.wsgi.server [req-a2ef6dba-236c-43fe-a7a9-dffdd5a74d30 - - - - -] 127.0.0.1 "GET /v1/nodes HTTP/1.1" status: 200 len: 1469 time: 0.0603940
2017-03-21 15:48:00.369 20641 INFO eventlet.wsgi.server [req-c18a2c1b-7c8c-4956-a8e4-05828b4d40bd - - - - -] 127.0.0.1 "GET /v1/nodes HTTP/1.1" status: 200 len: 1469 time: 0.1460550
2017-03-21 15:49:00.302 20645 INFO eventlet.wsgi.server [req-205230c8-2d8b-4ba5-8068-8e21091437ad - - - - -] 127.0.0.1 "GET /v1/nodes HTTP/1.1" status: 200 len: 1469 time: 0.0744932
2017-03-21 15:50:00.288 20636 INFO eventlet.wsgi.server [req-9ab1757b-5700-4f7e-b2b8-2305305596ce - - - - -] 127.0.0.1 "GET /v1/nodes HTTP/1.1" status: 200 len: 1469 time: 0.0607479
2017-03-21 15:51:00.291 20644 INFO eventlet.wsgi.server [req-acc132e8-4e86-44f4-b23f-4c55db8ca6c7 - - - - -] 127.0.0.1 "GET /v1/nodes HTTP/1.1" status: 200 len: 1469 time: 0.0629408
2017-03-21 15:52:00.296 20635 INFO eventlet.wsgi.server [req-3d744a14-4f27-46b6-a3a3-9e553a863638 - - - - -] 127.0.0.1 "GET /v1/nodes HTTP/1.1" status: 200 len: 1469 time: 0.0662138
2017-03-21 15:53:00.304 20645 INFO eventlet.wsgi.server [req-546b6018-b5d0-4944-8366-c5ad1492f9e9 - - - - -] 127.0.0.1 "GET /v1/nodes HTTP/1.1" status: 200 len: 1469 time: 0.0695109
2017-03-21 15:54:00.300 20644 INFO eventlet.wsgi.server [req-a9737c6c-bf88-44de-81b8-b75e1b8d02a0 - - - - -] 127.0.0.1 "GET /v1/nodes HTTP/1.1" status: 200 len: 1469 time: 0.0649559
2017-03-21 15:55:00.308 20640 INFO eventlet.wsgi.server [req-bca7f10d-9d68-40d2-8f51-d0407aabd707 - - - - -] 127.0.0.1 "GET /v1/nodes HTTP/1.1" status: 200 len: 1469 time: 0.0653288
2017-03-21 15:56:00.297 20640 INFO eventlet.wsgi.server [req-df1134cd-1cf8-4ca5-91c9-e177f587c5b6 - - - - -] 127.0.0.1 "GET /v1/nodes HTTP/1.1" status: 200 len: 1469 time: 0.0593810
2017-03-21 15:57:00.317 20648 INFO eventlet.wsgi.server [req-74dcc6cb-2ed7-46fd-949b-b410132842d2 - - - - -] 127.0.0.1 "GET /v1/nodes HTTP/1.1" status: 200 len: 1469 time: 0.0756662
2017-03-21 15:58:00.322 20648 INFO eventlet.wsgi.server [req-c5d64394-5def-40a2-a198-16bb54afa41e - - - - -] 127.0.0.1 "GET /v1/nodes HTTP/1.1" status: 200 len: 1469 time: 0.0754781
2017-03-21 15:59:00.319 20638 INFO eventlet.wsgi.server [req-45a96594-829f-4cc8-bf57-3101df5e7a5b - - - - -] 127.0.0.1 "GET /v1/nodes HTTP/1.1" status: 200 len: 1469 time: 0.0685260
2017-03-21 16:00:00.331 20643 INFO eventlet.wsgi.server [req-ecd9bca7-f132-40ae-9e33-f163f8320d6a - - - - -] 127.0.0.1 "GET /v1/nodes HTTP/1.1" status: 200 len: 1469 time: 0.0784841
2017-03-21 16:01:00.330 20648 INFO eventlet.wsgi.server [req-ab76da69-dc14-4da6-a8a9-f2952525b769 - - - - -] 127.0.0.1 "GET /v1/nodes HTTP/1.1" status: 200 len: 1469 time: 0.0728259
2017-03-21 16:02:00.328 20638 INFO eventlet.wsgi.server [req-eba17f60-1eb5-4fde-aadc-11e6d5c19bd1 - - - - -] 127.0.0.1 "GET /v1/nodes HTTP/1.1" status: 200 len: 1469 time: 0.0670938
2017-03-21 16:03:00.323 20640 INFO eventlet.wsgi.server [req-4ed7b345-ff64-4ff6-abd7-d5c67ad7d041 - - - - -] 127.0.0.1 "GET /v1/nodes HTTP/1.1" status: 200 len: 1469 time: 0.0667679
2017-03-21 16:04:00.327 20645 INFO eventlet.wsgi.server [req-ca5da1f3-0743-456d-9e2e-e399d97d13c5 - - - - -] 127.0.0.1 "GET /v1/nodes HTTP/1.1" status: 200 len: 1469 time: 0.0664420
2017-03-21 16:05:00.322 20637 INFO eventlet.wsgi.server [req-ca60da45-d426-4ba2-8508-0192e4be6e6d - - - - -] 127.0.0.1 "GET /v1/nodes HTTP/1.1" status: 200 len: 1469 time: 0.0603082
2017-03-21 16:06:00.329 20635 INFO eventlet.wsgi.server [req-916ba630-29d5-407e-8756-42ace88a56ae - - - - -] 127.0.0.1 "GET /v1/nodes HTTP/1.1" status: 200 len: 1469 time: 0.0654941
2017-03-21 16:07:00.426 20645 INFO eventlet.wsgi.server [req-c3c4db81-ba5b-4829-b9c4-b4ca77976264 - - - - -] 127.0.0.1 "GET /v1/nodes HTTP/1.1" status: 200 len: 1469 time: 0.1598029
2017-03-21 16:08:00.335 20637 INFO eventlet.wsgi.server [req-e78a5ff3-ce90-4612-8633-fb6ba445d62d - - - - -] 127.0.0.1 "GET /v1/nodes HTTP/1.1" status: 200 len: 1469 time: 0.0695009
2017-03-21 16:09:00.342 20647 INFO eventlet.wsgi.server [req-294f1efc-3deb-4462-9160-b0a8b0859c70 - - - - -] 127.0.0.1 "GET /v1/nodes HTTP/1.1" status: 200 len: 1469 time: 0.0706000
2017-03-21 16:10:00.347 20644 INFO eventlet.wsgi.server [req-d9c43c5e-3dcf-4b01-96b2-ffd5f2c84dfe - - - - -] 127.0.0.1 "GET /v1/nodes HTTP/1.1" status: 200 len: 1469 time: 0.0753708
2017-03-21 16:11:00.345 20636 INFO eventlet.wsgi.server [req-9f65d788-2aed-4533-969d-c2d790893b50 - - - - -] 127.0.0.1 "GET /v1/nodes HTTP/1.1" status: 200 len: 1469 time: 0.0720739
2017-03-21 16:12:00.342 20636 INFO eventlet.wsgi.server [req-4071a9fc-23fd-4ab3-8ffd-55cbff8c8211 - - - - -] 127.0.0.1 "GET /v1/nodes HTTP/1.1" status: 200 len: 1469 time: 0.0690808
2017-03-21 16:13:00.355 20646 INFO eventlet.wsgi.server [req-247894fe-483e-4297-9d72-e8d15e6eb1ec - - - - -] 127.0.0.1 "GET /v1/nodes HTTP/1.1" status: 200 len: 1469 time: 0.0785592
2017-03-21 16:14:00.341 20640 INFO eventlet.wsgi.server [req-42a26b51-9309-467f-a3de-ef8a5a061278 - - - - -] 127.0.0.1 "GET /v1/nodes HTTP/1.1" status: 200 len: 1469 time: 0.0620790
2017-03-21 16:15:00.352 20640 INFO eventlet.wsgi.server [req-f725aa11-6714-4b66-8454-73ebc38a8048 - - - - -] 127.0.0.1 "GET /v1/nodes HTTP/1.1" status: 200 len: 1469 time: 0.0721419
2017-03-21 16:16:00.345 20638 INFO eventlet.wsgi.server [req-5a408f1f-315a-4edd-90a9-8448231899e9 - - - - -] 127.0.0.1 "GET /v1/nodes HTTP/1.1" status: 200 len: 1469 time: 0.0642610
2017-03-21 16:17:00.353 20635 INFO eventlet.wsgi.server [req-41ee8bb4-4c7d-4d0a-b02a-50a71a31952d - - - - -] 127.0.0.1 "GET /v1/nodes HTTP/1.1" status: 200 len: 1469 time: 0.0708959
2017-03-21 16:18:00.346 20635 INFO eventlet.wsgi.server [req-b3ffcf31-9379-482f-95da-cf8828c153b4 - - - - -] 127.0.0.1 "GET /v1/nodes HTTP/1.1" status: 200 len: 1469 time: 0.0618858
2017-03-21 16:19:00.352 20640 INFO eventlet.wsgi.server [req-d7224db8-3f03-450c-ae70-2d2c0b4abe05 - - - - -] 127.0.0.1 "GET /v1/nodes HTTP/1.1" status: 200 len: 1469 time: 0.0671730
2017-03-21 16:20:00.359 20648 INFO eventlet.wsgi.server [req-19f40260-eedc-4bea-902a-97f624f71547 - - - - -] 127.0.0.1 "GET /v1/nodes HTTP/1.1" status: 200 len: 1469 time: 0.0686910
2017-03-21 16:21:00.366 20648 INFO eventlet.wsgi.server [req-cd4c5cf3-b350-4600-8f8c-f47951a99288 - - - - -] 127.0.0.1 "GET /v1/nodes HTTP/1.1" status: 200 len: 1469 time: 0.0728359
2017-03-21 16:22:00.358 20648 INFO eventlet.wsgi.server [req-f7a4599b-bc0a-4764-815c-717d7a3c2b0b - - - - -] 127.0.0.1 "GET /v1/nodes HTTP/1.1" status: 200 len: 1469 time: 0.0667419
2017-03-21 16:23:00.361 20637 INFO eventlet.wsgi.server [req-82de7942-9c41-4456-821c-23999e4ae477 - - - - -] 127.0.0.1 "GET /v1/nodes HTTP/1.1" status: 200 len: 1469 time: 0.0635850
2017-03-21 16:24:00.361 20638 INFO eventlet.wsgi.server [req-6f2c5dd5-fcad-452c-ac08-0a1a9f365cb9 - - - - -] 127.0.0.1 "GET /v1/nodes HTTP/1.1" status: 200 len: 1469 time: 0.0623679
2017-03-21 16:25:00.370 20633 INFO eventlet.wsgi.server [req-8139ae7a-9f93-4376-a2b5-8af6f47e55f4 - - - - -] 127.0.0.1 "GET /v1/nodes HTTP/1.1" status: 200 len: 1469 time: 0.0703769
2017-03-21 16:26:00.367 20642 INFO eventlet.wsgi.server [req-56294757-ab9a-4c02-891f-0ef74d1a2be7 - - - - -] 127.0.0.1 "GET /v1/nodes HTTP/1.1" status: 200 len: 1469 time: 0.0657048
2017-03-21 16:27:00.368 20640 INFO eventlet.wsgi.server [req-41f445d2-4c18-42a9-bee2-ef67af795302 - - - - -] 127.0.0.1 "GET /v1/nodes HTTP/1.1" status: 200 len: 1469 time: 0.0621521
2017-03-21 16:28:00.360 20642 INFO eventlet.wsgi.server [req-e40c7849-729f-4210-b16a-4a0b04670d7d - - - - -] 127.0.0.1 "GET /v1/nodes HTTP/1.1" status: 200 len: 1469 time: 0.0566468
2017-03-21 16:29:00.369 20640 INFO eventlet.wsgi.server [req-dc2ec797-ccf6-438b-805a-7825d465c165 - - - - -] 127.0.0.1 "GET /v1/nodes HTTP/1.1" status: 200 len: 1469 time: 0.0635951
2017-03-21 16:30:00.372 20640 INFO eventlet.wsgi.server [req-f82c3023-ee20-4428-9a05-a40efdbb3e72 - - - - -] 127.0.0.1 "GET /v1/nodes HTTP/1.1" status: 200 len: 1469 time: 0.0604100
2017-03-21 16:31:00.367 20642 INFO eventlet.wsgi.server [req-c60daae7-d0a0-49ad-a43b-00312bc093fd - - - - -] 127.0.0.1 "GET /v1/nodes HTTP/1.1" status: 200 len: 1469 time: 0.0574770
2017-03-21 16:32:00.395 20640 INFO eventlet.wsgi.server [req-c3cb5a1d-cb2c-49b0-a5d2-dd5a210e4b80 - - - - -] 127.0.0.1 "GET /v1/nodes HTTP/1.1" status: 200 len: 1469 time: 0.0816479
2017-03-21 16:33:00.387 20640 INFO eventlet.wsgi.server [req-5962bef0-6ddf-4b24-9330-472655628c3d - - - - -] 127.0.0.1 "GET /v1/nodes HTTP/1.1" status: 200 len: 1469 time: 0.0602269
2017-03-21 16:34:00.385 20635 INFO eventlet.wsgi.server [req-a26d6bbf-98e3-4ffb-955f-87af956295a0 - - - - -] 127.0.0.1 "GET /v1/nodes HTTP/1.1" status: 200 len: 1469 time: 0.0713520
2017-03-21 16:35:00.397 20644 INFO eventlet.wsgi.server [req-d36c39c8-af18-4b82-855c-87fc487a1841 - - - - -] 127.0.0.1 "GET /v1/nodes HTTP/1.1" status: 200 len: 1469 time: 0.0755291
2017-03-21 16:36:00.397 20635 INFO eventlet.wsgi.server [req-4f9c5931-01fe-4f62-8d36-aa0980d91356 - - - - -] 127.0.0.1 "GET /v1/nodes HTTP/1.1" status: 200 len: 1469 time: 0.0738060
2017-03-21 16:37:00.387 20640 INFO eventlet.wsgi.server [req-64c6aab2-92c2-4e8d-9d29-e613fbb2a401 - - - - -] 127.0.0.1 "GET /v1/nodes HTTP/1.1" status: 200 len: 1469 time: 0.0644639
2017-03-21 16:38:00.391 20640 INFO eventlet.wsgi.server [req-45aed497-0904-4f48-96ed-7fe278275352 - - - - -] 127.0.0.1 "GET /v1/nodes HTTP/1.1" status: 200 len: 1469 time: 0.0648131
2017-03-21 16:39:00.393 20648 INFO eventlet.wsgi.server [req-ef4fd6b2-8a1a-49e8-91a2-b20ccf6cffa5 - - - - -] 127.0.0.1 "GET /v1/nodes HTTP/1.1" status: 200 len: 1469 time: 0.0674489
2017-03-21 16:40:00.412 20643 INFO eventlet.wsgi.server [req-ade9aacf-7efa-4091-a3fe-4e1ce8611d8f - - - - -] 127.0.0.1 "GET /v1/nodes HTTP/1.1" status: 200 len: 1469 time: 0.0794430
2017-03-21 16:41:00.396 20640 INFO eventlet.wsgi.server [req-7309de1e-c27e-4d02-97a4-178163e63e5b - - - - -] 127.0.0.1 "GET /v1/nodes HTTP/1.1" status: 200 len: 1469 time: 0.0654740
2017-03-21 16:42:00.388 20640 INFO eventlet.wsgi.server [req-33de236c-f84e-4be4-8968-e08f19502cb4 - - - - -] 127.0.0.1 "GET /v1/nodes HTTP/1.1" status: 200 len: 1469 time: 0.0584631
2017-03-21 16:43:00.416 20634 INFO eventlet.wsgi.server [req-2105ad5e-e0d7-4296-9b77-8624f4da4ad8 - - - - -] 127.0.0.1 "GET /v1/nodes HTTP/1.1" status: 200 len: 1469 time: 0.0807700
2017-03-21 16:44:00.410 20641 INFO eventlet.wsgi.server [req-dd1a2e19-9fe1-4592-b285-7218ab17bbf8 - - - - -] 127.0.0.1 "GET /v1/nodes HTTP/1.1" status: 200 len: 1469 time: 0.0739219
2017-03-21 16:45:00.411 20638 INFO eventlet.wsgi.server [req-c3d19dc5-2594-4c22-bfd4-8a21ff6e8650 - - - - -] 127.0.0.1 "GET /v1/nodes HTTP/1.1" status: 200 len: 1469 time: 0.0748670
2017-03-21 16:46:00.418 20648 INFO eventlet.wsgi.server [req-a52bcf01-c9fb-4220-807f-eeb9c498a3da - - - - -] 127.0.0.1 "GET /v1/nodes HTTP/1.1" status: 200 len: 1469 time: 0.0762851
2017-03-21 16:47:00.399 20638 INFO eventlet.wsgi.server [req-3afc0d54-9673-43dd-b52a-81ac88b5250d - - - - -] 127.0.0.1 "GET /v1/nodes HTTP/1.1" status: 200 len: 1469 time: 0.0577059
2017-03-21 16:48:00.408 20640 INFO eventlet.wsgi.server [req-e959e23c-f017-4a67-8fc3-2e49f12e8e35 - - - - -] 127.0.0.1 "GET /v1/nodes HTTP/1.1" status: 200 len: 1469 time: 0.0642259
2017-03-21 16:49:00.428 20636 INFO eventlet.wsgi.server [req-baea2022-bc7f-4579-a884-96fa565778c9 - - - - -] 127.0.0.1 "GET /v1/nodes HTTP/1.1" status: 200 len: 1469 time: 0.0806100
2017-03-21 16:50:00.436 20637 INFO eventlet.wsgi.server [req-f4f58f56-65e5-47ed-a6d9-9a33d6eb2ca3 - - - - -] 127.0.0.1 "GET /v1/nodes HTTP/1.1" status: 200 len: 1469 time: 0.0848420
2017-03-21 16:51:00.418 20648 INFO eventlet.wsgi.server [req-30b7e94f-edc1-410a-9787-da8326640714 - - - - -] 127.0.0.1 "GET /v1/nodes HTTP/1.1" status: 200 len: 1469 time: 0.0661559
2017-03-21 16:52:00.415 20641 INFO eventlet.wsgi.server [req-4316223b-fc0c-4bd0-9a72-a40320e6a0eb - - - - -] 127.0.0.1 "GET /v1/nodes HTTP/1.1" status: 200 len: 1469 time: 0.0637081
2017-03-21 16:53:00.443 20646 INFO eventlet.wsgi.server [req-173351fe-34d0-495e-aeae-c0c81630f5d1 - - - - -] 127.0.0.1 "GET /v1/nodes HTTP/1.1" status: 200 len: 1469 time: 0.0872140
2017-03-21 16:54:00.414 20637 INFO eventlet.wsgi.server [req-465270c3-6541-476a-b479-350bd0a2d791 - - - - -] 127.0.0.1 "GET /v1/nodes HTTP/1.1" status: 200 len: 1469 time: 0.0590348
2017-03-21 16:55:00.424 20637 INFO eventlet.wsgi.server [req-6273a97b-94a4-4655-a704-9fc5b3a23ddd - - - - -] 127.0.0.1 "GET /v1/nodes HTTP/1.1" status: 200 len: 1469 time: 0.0683119
2017-03-21 16:56:00.434 20633 INFO eventlet.wsgi.server [req-ec8efaa4-00ca-4ee7-a990-189704f23196 - - - - -] 127.0.0.1 "GET /v1/nodes HTTP/1.1" status: 200 len: 1469 time: 0.0754042
2017-03-21 16:57:00.425 20638 INFO eventlet.wsgi.server [req-f980db5e-8375-4d65-8401-7ef088d57c3d - - - - -] 127.0.0.1 "GET /v1/nodes HTTP/1.1" status: 200 len: 1469 time: 0.0641458
2017-03-21 16:58:00.429 20645 INFO eventlet.wsgi.server [req-64c6e7d2-b715-4ed1-a2b2-69e1c4b48239 - - - - -] 127.0.0.1 "GET /v1/nodes HTTP/1.1" status: 200 len: 1469 time: 0.0674729
2017-03-21 16:59:00.442 20633 INFO eventlet.wsgi.server [req-eb35b378-9432-4af6-bc60-aa6c913bf3cb - - - - -] 127.0.0.1 "GET /v1/nodes HTTP/1.1" status: 200 len: 1469 time: 0.0762911
2017-03-21 17:00:00.432 20648 INFO eventlet.wsgi.server [req-f521e6a5-3517-45da-9ffb-8167b24ba5cc - - - - -] 127.0.0.1 "GET /v1/nodes HTTP/1.1" status: 200 len: 1469 time: 0.0670590
2017-03-21 17:01:00.438 20648 INFO eventlet.wsgi.server [req-6cf85c78-cf15-47b8-9da9-961c6f7a0537 - - - - -] 127.0.0.1 "GET /v1/nodes HTTP/1.1" status: 200 len: 1469 time: 0.0693541
2017-03-21 17:02:00.440 20638 INFO eventlet.wsgi.server [req-5649899c-ff89-4a8e-bd09-ef3a0d84f485 - - - - -] 127.0.0.1 "GET /v1/nodes HTTP/1.1" status: 200 len: 1469 time: 0.0674150
2017-03-21 17:03:00.437 20638 INFO eventlet.wsgi.server [req-0b815e59-6f75-4ece-95b0-ac71294e471a - - - - -] 127.0.0.1 "GET /v1/nodes HTTP/1.1" status: 200 len: 1469 time: 0.0622911
2017-03-21 17:04:00.566 20640 INFO eventlet.wsgi.server [req-345384b4-32a6-426a-b575-6ffe10f5e749 - - - - -] 127.0.0.1 "GET /v1/nodes HTTP/1.1" status: 200 len: 1469 time: 0.1925910
2017-03-21 17:05:00.449 20637 INFO eventlet.wsgi.server [req-f81d807a-8d07-4f83-94b7-12b75f82b1de - - - - -] 127.0.0.1 "GET /v1/nodes HTTP/1.1" status: 200 len: 1469 time: 0.0700979
2017-03-21 17:06:00.448 20638 INFO eventlet.wsgi.server [req-e8844fdb-3525-4e48-a3f4-1b98155d1ee7 - - - - -] 127.0.0.1 "GET /v1/nodes HTTP/1.1" status: 200 len: 1469 time: 0.0693421
2017-03-21 17:07:00.444 20646 INFO eventlet.wsgi.server [req-4baa52d3-ba28-4e98-907a-2a5ee525c288 - - - - -] 127.0.0.1 "GET /v1/nodes HTTP/1.1" status: 200 len: 1469 time: 0.0642970
2017-03-21 17:08:00.461 20648 INFO eventlet.wsgi.server [req-99b50096-6eca-443e-95b5-ca0a24d85f09 - - - - -] 127.0.0.1 "GET /v1/nodes HTTP/1.1" status: 200 len: 1469 time: 0.0741801
2017-03-21 17:09:00.466 20639 INFO eventlet.wsgi.server [req-842a67e4-eac3-4912-91f9-f746a5406d38 - - - - -] 127.0.0.1 "GET /v1/nodes HTTP/1.1" status: 200 len: 1469 time: 0.0821350
2017-03-21 17:10:00.455 20641 INFO eventlet.wsgi.server [req-f0eca3df-c524-4419-8e1f-a75097449699 - - - - -] 127.0.0.1 "GET /v1/nodes HTTP/1.1" status: 200 len: 1469 time: 0.0685699
2017-03-21 17:11:00.449 20638 INFO eventlet.wsgi.server [req-ffe2f4a0-dc90-454c-805a-381daeedf125 - - - - -] 127.0.0.1 "GET /v1/nodes HTTP/1.1" status: 200 len: 1469 time: 0.0634370
2017-03-21 17:12:00.455 20636 INFO eventlet.wsgi.server [req-6300611c-c8d7-4f73-a176-d65841542a4e - - - - -] 127.0.0.1 "GET /v1/nodes HTTP/1.1" status: 200 len: 1469 time: 0.0679221
2017-03-21 17:13:00.460 20641 INFO eventlet.wsgi.server [req-5bb696c2-2e4e-4bed-8f78-bca2bcb45ebd - - - - -] 127.0.0.1 "GET /v1/nodes HTTP/1.1" status: 200 len: 1469 time: 0.0681269
2017-03-21 17:14:00.468 20645 INFO eventlet.wsgi.server [req-0268010a-de77-4fd6-ad39-4c24c12eff07 - - - - -] 127.0.0.1 "GET /v1/nodes HTTP/1.1" status: 200 len: 1469 time: 0.0712471
2017-03-21 17:15:00.471 20638 INFO eventlet.wsgi.server [req-e99feda7-394d-497d-847c-118bfef3e820 - - - - -] 127.0.0.1 "GET /v1/nodes HTTP/1.1" status: 200 len: 1469 time: 0.0729201
2017-03-21 17:16:00.466 20640 INFO eventlet.wsgi.server [req-fbfa53cf-0e7e-421a-badd-94935065a552 - - - - -] 127.0.0.1 "GET /v1/nodes HTTP/1.1" status: 200 len: 1469 time: 0.0675249
2017-03-21 17:17:00.462 20633 INFO eventlet.wsgi.server [req-a25d0949-5490-4873-acec-2559fa8969ae - - - - -] 127.0.0.1 "GET /v1/nodes HTTP/1.1" status: 200 len: 1469 time: 0.0618131
2017-03-21 17:18:00.478 20647 INFO eventlet.wsgi.server [req-ae461a27-907e-4fae-a1fd-456755e65863 - - - - -] 127.0.0.1 "GET /v1/nodes HTTP/1.1" status: 200 len: 1469 time: 0.0767701
