2017-03-21 08:45:53.913 8015 INFO eventlet.wsgi.server [req-5c2da9b5-cf99-4c79-9a4d-9d517d7cd2f8 - - - - -] 127.0.0.1 "GET /v1/nodes/f7647c75-31e7-5dc3-be4d-1011a681070a HTTP/1.1" status: 200 len: 1762 time: 0.0327449
2017-03-21 08:45:55.658 8005 INFO eventlet.wsgi.server [req-221f6c41-7f2a-4fc9-a4c0-f7bc24082bd2 - - - - -] 127.0.0.1 "GET /v1/nodes/78544ab5-49df-5a83-acfa-2068ac465b21 HTTP/1.1" status: 200 len: 1763 time: 0.0174839
2017-03-21 08:45:55.874 8005 INFO eventlet.wsgi.server [req-25f32f19-5875-4d5c-b76c-8c3c3b4b4491 - - - - -] 127.0.0.1 "GET /v1/nodes/a960e3ed-9e08-51e2-a4b4-29ea8fee5576 HTTP/1.1" status: 200 len: 1766 time: 0.0193720
2017-03-21 08:45:55.928 8015 INFO eventlet.wsgi.server [req-d4370e5c-fd02-4e49-8d92-0c3658140672 - - - - -] 127.0.0.1 "GET /v1/nodes/f7647c75-31e7-5dc3-be4d-1011a681070a HTTP/1.1" status: 200 len: 1762 time: 0.0138638
2017-03-21 08:45:57.691 8005 INFO eventlet.wsgi.server [req-14d3ef36-ac50-420d-8a62-5b9120c98ae7 - - - - -] 127.0.0.1 "GET /v1/nodes/78544ab5-49df-5a83-acfa-2068ac465b21 HTTP/1.1" status: 200 len: 1763 time: 0.0281031
2017-03-21 08:45:57.906 8005 INFO eventlet.wsgi.server [req-81aaea64-82cd-46a2-94c1-9ba75ab03ca8 - - - - -] 127.0.0.1 "GET /v1/nodes/a960e3ed-9e08-51e2-a4b4-29ea8fee5576 HTTP/1.1" status: 200 len: 1766 time: 0.0265071
2017-03-21 08:45:57.948 8015 INFO eventlet.wsgi.server [req-36efce2b-c40d-417a-b353-ac013c63546a - - - - -] 127.0.0.1 "GET /v1/nodes/f7647c75-31e7-5dc3-be4d-1011a681070a HTTP/1.1" status: 200 len: 1762 time: 0.0161438
2017-03-21 08:45:59.727 8005 INFO eventlet.wsgi.server [req-33ac3d4b-8746-42e1-9a52-2daf5967ee89 - - - - -] 127.0.0.1 "GET /v1/nodes/78544ab5-49df-5a83-acfa-2068ac465b21 HTTP/1.1" status: 200 len: 1763 time: 0.0292549
2017-03-21 08:45:59.940 8005 INFO eventlet.wsgi.server [req-78343b22-37ea-4511-a9f1-74bab0a4c6be - - - - -] 127.0.0.1 "GET /v1/nodes/a960e3ed-9e08-51e2-a4b4-29ea8fee5576 HTTP/1.1" status: 200 len: 1766 time: 0.0272040
2017-03-21 08:45:59.965 8015 INFO eventlet.wsgi.server [req-19058797-751e-4a27-ab70-55782b77d6b2 - - - - -] 127.0.0.1 "GET /v1/nodes/f7647c75-31e7-5dc3-be4d-1011a681070a HTTP/1.1" status: 200 len: 1762 time: 0.0159628
2017-03-21 08:46:01.764 8005 INFO eventlet.wsgi.server [req-2adf2689-1bc8-4cf1-95c6-d9408798100f - - - - -] 127.0.0.1 "GET /v1/nodes/78544ab5-49df-5a83-acfa-2068ac465b21 HTTP/1.1" status: 200 len: 1763 time: 0.0304561
2017-03-21 08:46:01.971 8005 INFO eventlet.wsgi.server [req-3f4b2386-fd67-4885-921e-559f0f226a40 - - - - -] 127.0.0.1 "GET /v1/nodes/a960e3ed-9e08-51e2-a4b4-29ea8fee5576 HTTP/1.1" status: 200 len: 1766 time: 0.0257730
2017-03-21 08:46:01.983 8015 INFO eventlet.wsgi.server [req-541219bf-b4e3-4e03-ba1c-115f0758d1b0 - - - - -] 127.0.0.1 "GET /v1/nodes/f7647c75-31e7-5dc3-be4d-1011a681070a HTTP/1.1" status: 200 len: 1762 time: 0.0155799
2017-03-21 08:46:03.799 8005 INFO eventlet.wsgi.server [req-d9683ee8-9512-4527-a9ab-58940082b5cd - - - - -] 127.0.0.1 "GET /v1/nodes/78544ab5-49df-5a83-acfa-2068ac465b21 HTTP/1.1" status: 200 len: 1763 time: 0.0303540
2017-03-21 08:46:03.999 8015 INFO eventlet.wsgi.server [req-978cece6-562f-481b-95a2-e908ece4594b - - - - -] 127.0.0.1 "GET /v1/nodes/f7647c75-31e7-5dc3-be4d-1011a681070a HTTP/1.1" status: 200 len: 1762 time: 0.0149670
2017-03-21 08:46:04.011 8005 INFO eventlet.wsgi.server [req-47c1d5de-18c7-4d3e-a5ff-dc602654aa27 - - - - -] 127.0.0.1 "GET /v1/nodes/a960e3ed-9e08-51e2-a4b4-29ea8fee5576 HTTP/1.1" status: 200 len: 1766 time: 0.0353758
2017-03-21 08:46:05.828 8005 INFO eventlet.wsgi.server [req-c3b19f08-ab0e-43e6-bc24-08724a3bc721 - - - - -] 127.0.0.1 "GET /v1/nodes/78544ab5-49df-5a83-acfa-2068ac465b21 HTTP/1.1" status: 200 len: 1763 time: 0.0245759
2017-03-21 08:46:06.029 8015 INFO eventlet.wsgi.server [req-1948bf95-54c2-46d5-9894-a07edc82a19c - - - - -] 127.0.0.1 "GET /v1/nodes/f7647c75-31e7-5dc3-be4d-1011a681070a HTTP/1.1" status: 200 len: 1762 time: 0.0250020
2017-03-21 08:46:06.039 8005 INFO eventlet.wsgi.server [req-078b1158-48a3-4329-826c-107bc2446dcd - - - - -] 127.0.0.1 "GET /v1/nodes/a960e3ed-9e08-51e2-a4b4-29ea8fee5576 HTTP/1.1" status: 200 len: 1766 time: 0.0231721
2017-03-21 08:46:06.878 8012 INFO eventlet.wsgi.server [req-77c200ba-71fd-4cbf-a1c3-0c7635c1b07a - - - - -] 127.0.0.1 "GET /v1/nodes/78544ab5-49df-5a83-acfa-2068ac465b21 HTTP/1.1" status: 200 len: 1782 time: 0.0202730
2017-03-21 08:46:07.092 8012 INFO eventlet.wsgi.server [req-fb93ea57-16ed-4634-a46b-35b4d61569ee - - - - -] 127.0.0.1 "GET /v1/nodes/78544ab5-49df-5a83-acfa-2068ac465b21/ports HTTP/1.1" status: 200 len: 623 time: 0.0357170
2017-03-21 08:46:07.502 8012 INFO eventlet.wsgi.server [req-2ba8cc5d-83ff-4984-87f2-307c57bd7514 - - - - -] 127.0.0.1 "PATCH /v1/nodes/78544ab5-49df-5a83-acfa-2068ac465b21 HTTP/1.1" status: 200 len: 1782 time: 0.4020569
2017-03-21 08:46:07.859 8005 INFO eventlet.wsgi.server [req-cd1355db-37d0-47a4-a1f4-f0f1c0e32ce9 - - - - -] 127.0.0.1 "GET /v1/nodes/78544ab5-49df-5a83-acfa-2068ac465b21 HTTP/1.1" status: 200 len: 1833 time: 0.0257552
2017-03-21 08:46:08.064 8015 INFO eventlet.wsgi.server [req-315b70d4-d920-49f2-9e4a-27397441c745 - - - - -] 127.0.0.1 "GET /v1/nodes/f7647c75-31e7-5dc3-be4d-1011a681070a HTTP/1.1" status: 200 len: 1762 time: 0.0299010
2017-03-21 08:46:08.073 8005 INFO eventlet.wsgi.server [req-5f8a3b67-e79f-4332-800e-75adfc7a050a - - - - -] 127.0.0.1 "GET /v1/nodes/a960e3ed-9e08-51e2-a4b4-29ea8fee5576 HTTP/1.1" status: 200 len: 1766 time: 0.0292721
2017-03-21 08:46:08.192 8012 INFO eventlet.wsgi.server [req-def24242-dabc-427f-be11-bdf57c25b81b - - - - -] 127.0.0.1 "PATCH /v1/nodes/78544ab5-49df-5a83-acfa-2068ac465b21 HTTP/1.1" status: 200 len: 1832 time: 0.6855140
2017-03-21 08:46:08.246 8004 WARNING oslo_config.cfg [req-8a75edc4-2f6f-421e-90ca-4ee30809291b - - - - -] Option "rabbit_userid" from group "DEFAULT" is deprecated. Use option "rabbit_userid" from group "oslo_messaging_rabbit".
2017-03-21 08:46:08.247 8004 WARNING oslo_config.cfg [req-8a75edc4-2f6f-421e-90ca-4ee30809291b - - - - -] Option "rabbit_userid" from group "oslo_messaging_rabbit" is deprecated for removal. Its value may be silently ignored in the future.
2017-03-21 08:46:08.247 8004 WARNING oslo_config.cfg [req-8a75edc4-2f6f-421e-90ca-4ee30809291b - - - - -] Option "rabbit_password" from group "DEFAULT" is deprecated. Use option "rabbit_password" from group "oslo_messaging_rabbit".
2017-03-21 08:46:08.247 8004 WARNING oslo_config.cfg [req-8a75edc4-2f6f-421e-90ca-4ee30809291b - - - - -] Option "rabbit_password" from group "oslo_messaging_rabbit" is deprecated for removal. Its value may be silently ignored in the future.
2017-03-21 08:46:08.528 8004 INFO eventlet.wsgi.server [req-209c7233-8348-4cee-961d-7570517858c6 - - - - -] 127.0.0.1 "GET /v1/nodes HTTP/1.1" status: 200 len: 1513 time: 0.0351760
2017-03-21 08:46:08.613 8004 INFO eventlet.wsgi.server [req-8a75edc4-2f6f-421e-90ca-4ee30809291b - - - - -] 127.0.0.1 "PUT /v1/nodes/78544ab5-49df-5a83-acfa-2068ac465b21/states/power HTTP/1.1" status: 202 len: 384 time: 0.3905110
2017-03-21 08:46:09.892 8005 INFO eventlet.wsgi.server [req-e2e7f601-fe8a-4d25-bf62-d33dd5672ecc - - - - -] 127.0.0.1 "GET /v1/nodes/78544ab5-49df-5a83-acfa-2068ac465b21 HTTP/1.1" status: 200 len: 1840 time: 0.0273540
2017-03-21 08:46:10.060 8003 INFO eventlet.wsgi.server [req-be566b14-5f09-4852-af3d-6492bb6d850a - - - - -] 127.0.0.1 "GET /v1/nodes/f7647c75-31e7-5dc3-be4d-1011a681070a HTTP/1.1" status: 200 len: 1781 time: 0.0158250
2017-03-21 08:46:10.100 8015 INFO eventlet.wsgi.server [req-bb51d6d7-9f3e-4c05-9b14-4f2c513e52d8 - - - - -] 127.0.0.1 "GET /v1/nodes/f7647c75-31e7-5dc3-be4d-1011a681070a HTTP/1.1" status: 200 len: 1762 time: 0.0309088
2017-03-21 08:46:10.109 8005 INFO eventlet.wsgi.server [req-885c8876-0d03-4b7a-a9c0-67947635b970 - - - - -] 127.0.0.1 "GET /v1/nodes/a960e3ed-9e08-51e2-a4b4-29ea8fee5576 HTTP/1.1" status: 200 len: 1766 time: 0.0304298
2017-03-21 08:46:10.233 8003 INFO eventlet.wsgi.server [req-acf931a3-a6bb-474d-b50b-22e7bc319d2d - - - - -] 127.0.0.1 "GET /v1/nodes/f7647c75-31e7-5dc3-be4d-1011a681070a/ports HTTP/1.1" status: 200 len: 623 time: 0.0234499
2017-03-21 08:46:10.811 8003 INFO eventlet.wsgi.server [req-f7541e2c-4af1-4e55-a63b-92eac99717db - - - - -] 127.0.0.1 "PATCH /v1/nodes/f7647c75-31e7-5dc3-be4d-1011a681070a HTTP/1.1" status: 200 len: 1781 time: 0.5745912
2017-03-21 08:46:11.795 8003 INFO eventlet.wsgi.server [req-98e8ad6a-229b-43fb-a854-487fdc69e7d1 - - - - -] 127.0.0.1 "PATCH /v1/nodes/f7647c75-31e7-5dc3-be4d-1011a681070a HTTP/1.1" status: 200 len: 1831 time: 0.9760170
2017-03-21 08:46:11.916 8005 INFO eventlet.wsgi.server [req-823a455c-d569-4e41-b890-7b29c3b9df7e - - - - -] 127.0.0.1 "GET /v1/nodes/78544ab5-49df-5a83-acfa-2068ac465b21 HTTP/1.1" status: 200 len: 1840 time: 0.0179071
2017-03-21 08:46:12.134 8015 INFO eventlet.wsgi.server [req-faa560ea-7a14-4f35-93da-681416da2f9e - - - - -] 127.0.0.1 "GET /v1/nodes/f7647c75-31e7-5dc3-be4d-1011a681070a HTTP/1.1" status: 200 len: 1832 time: 0.0298030
2017-03-21 08:46:12.143 8005 INFO eventlet.wsgi.server [req-dac5146c-7831-4f97-a7f5-8d329beea06e - - - - -] 127.0.0.1 "GET /v1/nodes/a960e3ed-9e08-51e2-a4b4-29ea8fee5576 HTTP/1.1" status: 200 len: 1766 time: 0.0303290
2017-03-21 08:46:12.520 8003 INFO eventlet.wsgi.server [req-9834e5f1-1a07-4acd-a47b-fd818748cbdf - - - - -] 127.0.0.1 "PUT /v1/nodes/f7647c75-31e7-5dc3-be4d-1011a681070a/states/power HTTP/1.1" status: 202 len: 384 time: 0.6953840
2017-03-21 08:46:13.957 8005 INFO eventlet.wsgi.server [req-08a2958a-33cf-4689-9bee-4e5af2db4e2b - - - - -] 127.0.0.1 "GET /v1/nodes/78544ab5-49df-5a83-acfa-2068ac465b21 HTTP/1.1" status: 200 len: 1840 time: 0.0348380
2017-03-21 08:46:14.159 8015 INFO eventlet.wsgi.server [req-00777362-c00d-4841-992d-e8baa1a14a2e - - - - -] 127.0.0.1 "GET /v1/nodes/f7647c75-31e7-5dc3-be4d-1011a681070a HTTP/1.1" status: 200 len: 1839 time: 0.0199370
2017-03-21 08:46:14.182 8005 INFO eventlet.wsgi.server [req-b0c7a85f-69aa-45a9-ba5b-4800b82bc75d - - - - -] 127.0.0.1 "GET /v1/nodes/a960e3ed-9e08-51e2-a4b4-29ea8fee5576 HTTP/1.1" status: 200 len: 1766 time: 0.0339870
2017-03-21 08:46:15.996 8005 INFO eventlet.wsgi.server [req-69425614-5644-4f65-bade-2a6d3b637153 - - - - -] 127.0.0.1 "GET /v1/nodes/78544ab5-49df-5a83-acfa-2068ac465b21 HTTP/1.1" status: 200 len: 1840 time: 0.0330060
2017-03-21 08:46:16.195 8015 INFO eventlet.wsgi.server [req-fb515034-ecca-49c6-aa52-d5f004fb12d3 - - - - -] 127.0.0.1 "GET /v1/nodes/f7647c75-31e7-5dc3-be4d-1011a681070a HTTP/1.1" status: 200 len: 1839 time: 0.0301552
2017-03-21 08:46:16.217 8005 INFO eventlet.wsgi.server [req-a6117bc1-c407-496b-b63d-85b345ee72cf - - - - -] 127.0.0.1 "GET /v1/nodes/a960e3ed-9e08-51e2-a4b4-29ea8fee5576 HTTP/1.1" status: 200 len: 1766 time: 0.0301471
2017-03-21 08:46:16.517 8004 INFO eventlet.wsgi.server [req-309b3056-6282-46fa-8048-ebc3b97a0c55 - - - - -] 127.0.0.1 "GET /v1/nodes/a960e3ed-9e08-51e2-a4b4-29ea8fee5576 HTTP/1.1" status: 200 len: 1785 time: 0.0160942
2017-03-21 08:46:17.792 8004 INFO eventlet.wsgi.server [req-50f09110-aadc-48ea-8bff-d3f5a8ba0789 - - - - -] 127.0.0.1 "GET /v1/nodes/a960e3ed-9e08-51e2-a4b4-29ea8fee5576/ports HTTP/1.1" status: 200 len: 623 time: 0.0430939
2017-03-21 08:46:18.030 8005 INFO eventlet.wsgi.server [req-96b4c239-7bc0-4cdf-9789-56d1c6b9f01c - - - - -] 127.0.0.1 "GET /v1/nodes/78544ab5-49df-5a83-acfa-2068ac465b21 HTTP/1.1" status: 200 len: 1840 time: 0.0296600
2017-03-21 08:46:18.228 8015 INFO eventlet.wsgi.server [req-8d2845fc-b3e1-4d25-a981-b20921c3b153 - - - - -] 127.0.0.1 "GET /v1/nodes/f7647c75-31e7-5dc3-be4d-1011a681070a HTTP/1.1" status: 200 len: 1839 time: 0.0286369
2017-03-21 08:46:18.251 8005 INFO eventlet.wsgi.server [req-29999036-80a0-4b76-8226-49e05dbfe19e - - - - -] 127.0.0.1 "GET /v1/nodes/a960e3ed-9e08-51e2-a4b4-29ea8fee5576 HTTP/1.1" status: 200 len: 1786 time: 0.0292590
2017-03-21 08:46:20.066 8005 INFO eventlet.wsgi.server [req-d39a4968-23f4-48e4-9503-fca146262d88 - - - - -] 127.0.0.1 "GET /v1/nodes/78544ab5-49df-5a83-acfa-2068ac465b21 HTTP/1.1" status: 200 len: 1834 time: 0.0306602
2017-03-21 08:46:20.261 8015 INFO eventlet.wsgi.server [req-5a410313-de82-4771-9dad-f951fc082a23 - - - - -] 127.0.0.1 "GET /v1/nodes/f7647c75-31e7-5dc3-be4d-1011a681070a HTTP/1.1" status: 200 len: 1839 time: 0.0278511
2017-03-21 08:46:20.285 8005 INFO eventlet.wsgi.server [req-cabdc6fb-0aed-4a6b-9c89-6df4b5e44e20 - - - - -] 127.0.0.1 "GET /v1/nodes/a960e3ed-9e08-51e2-a4b4-29ea8fee5576 HTTP/1.1" status: 200 len: 1786 time: 0.0290461
2017-03-21 08:46:21.254 8004 INFO eventlet.wsgi.server [req-385665eb-01eb-4bbe-955b-7ba98d390829 - - - - -] 127.0.0.1 "PATCH /v1/nodes/a960e3ed-9e08-51e2-a4b4-29ea8fee5576 HTTP/1.1" status: 200 len: 1785 time: 3.4577520
2017-03-21 08:46:22.099 8005 INFO eventlet.wsgi.server [req-c64b391e-f8a1-4dab-adb9-44b2eacc4d87 - - - - -] 127.0.0.1 "GET /v1/nodes/78544ab5-49df-5a83-acfa-2068ac465b21 HTTP/1.1" status: 200 len: 1814 time: 0.0301931
2017-03-21 08:46:22.296 8015 INFO eventlet.wsgi.server [req-94aa80a9-64c7-4a8b-994e-3afd3cfebe0a - - - - -] 127.0.0.1 "GET /v1/nodes/f7647c75-31e7-5dc3-be4d-1011a681070a HTTP/1.1" status: 200 len: 1839 time: 0.0300992
2017-03-21 08:46:22.321 8005 INFO eventlet.wsgi.server [req-e80c3aa7-d690-4772-8984-420d1f15ee60 - - - - -] 127.0.0.1 "GET /v1/nodes/a960e3ed-9e08-51e2-a4b4-29ea8fee5576 HTTP/1.1" status: 200 len: 1816 time: 0.0305619
2017-03-21 08:46:22.551 8004 INFO eventlet.wsgi.server [req-fc512b3a-2c40-402f-9d88-6e0f2d9626f0 - - - - -] 127.0.0.1 "PATCH /v1/nodes/a960e3ed-9e08-51e2-a4b4-29ea8fee5576 HTTP/1.1" status: 200 len: 1835 time: 1.2898989
2017-03-21 08:46:22.719 8007 WARNING oslo_config.cfg [req-030bdad0-4a70-4e45-a620-f0b045bfc29c - - - - -] Option "rabbit_userid" from group "DEFAULT" is deprecated. Use option "rabbit_userid" from group "oslo_messaging_rabbit".
2017-03-21 08:46:22.720 8007 WARNING oslo_config.cfg [req-030bdad0-4a70-4e45-a620-f0b045bfc29c - - - - -] Option "rabbit_userid" from group "oslo_messaging_rabbit" is deprecated for removal. Its value may be silently ignored in the future.
2017-03-21 08:46:22.720 8007 WARNING oslo_config.cfg [req-030bdad0-4a70-4e45-a620-f0b045bfc29c - - - - -] Option "rabbit_password" from group "DEFAULT" is deprecated. Use option "rabbit_password" from group "oslo_messaging_rabbit".
2017-03-21 08:46:22.720 8007 WARNING oslo_config.cfg [req-030bdad0-4a70-4e45-a620-f0b045bfc29c - - - - -] Option "rabbit_password" from group "oslo_messaging_rabbit" is deprecated for removal. Its value may be silently ignored in the future.
2017-03-21 08:46:22.840 8007 INFO eventlet.wsgi.server [req-030bdad0-4a70-4e45-a620-f0b045bfc29c - - - - -] 127.0.0.1 "PUT /v1/nodes/a960e3ed-9e08-51e2-a4b4-29ea8fee5576/states/power HTTP/1.1" status: 202 len: 384 time: 0.2662621
2017-03-21 08:46:24.134 8005 INFO eventlet.wsgi.server [req-c1bb4b12-b794-4b44-b1c6-8bb94a076396 - - - - -] 127.0.0.1 "GET /v1/nodes/78544ab5-49df-5a83-acfa-2068ac465b21 HTTP/1.1" status: 200 len: 1814 time: 0.0298991
2017-03-21 08:46:24.330 8015 INFO eventlet.wsgi.server [req-cd0e640a-2aba-4dba-a95b-f039cdb16cfb - - - - -] 127.0.0.1 "GET /v1/nodes/f7647c75-31e7-5dc3-be4d-1011a681070a HTTP/1.1" status: 200 len: 1839 time: 0.0297761
2017-03-21 08:46:24.354 8005 INFO eventlet.wsgi.server [req-5dcef368-96c2-4ad3-aa59-737580beb4b4 - - - - -] 127.0.0.1 "GET /v1/nodes/a960e3ed-9e08-51e2-a4b4-29ea8fee5576 HTTP/1.1" status: 200 len: 1843 time: 0.0283780
2017-03-21 08:46:26.168 8005 INFO eventlet.wsgi.server [req-095fd7be-1b73-46c2-9cc9-e23e2b2055ff - - - - -] 127.0.0.1 "GET /v1/nodes/78544ab5-49df-5a83-acfa-2068ac465b21 HTTP/1.1" status: 200 len: 1814 time: 0.0297818
2017-03-21 08:46:26.365 8015 INFO eventlet.wsgi.server [req-cd43cb05-c818-4b31-a8b3-3d54a2345d60 - - - - -] 127.0.0.1 "GET /v1/nodes/f7647c75-31e7-5dc3-be4d-1011a681070a HTTP/1.1" status: 200 len: 1839 time: 0.0298381
2017-03-21 08:46:26.387 8005 INFO eventlet.wsgi.server [req-5cc24add-c2e7-482c-9280-5cfdd1455a21 - - - - -] 127.0.0.1 "GET /v1/nodes/a960e3ed-9e08-51e2-a4b4-29ea8fee5576 HTTP/1.1" status: 200 len: 1843 time: 0.0286860
2017-03-21 08:46:28.204 8005 INFO eventlet.wsgi.server [req-bf86c092-35c1-415a-b6fd-a99c6ee7c365 - - - - -] 127.0.0.1 "GET /v1/nodes/78544ab5-49df-5a83-acfa-2068ac465b21 HTTP/1.1" status: 200 len: 1814 time: 0.0309331
2017-03-21 08:46:28.402 8015 INFO eventlet.wsgi.server [req-595fa396-ebb5-4b53-a207-aaf584d56733 - - - - -] 127.0.0.1 "GET /v1/nodes/f7647c75-31e7-5dc3-be4d-1011a681070a HTTP/1.1" status: 200 len: 1813 time: 0.0322459
2017-03-21 08:46:28.420 8005 INFO eventlet.wsgi.server [req-01be6444-a9c3-4af0-b4f5-9dc4a3e067f1 - - - - -] 127.0.0.1 "GET /v1/nodes/a960e3ed-9e08-51e2-a4b4-29ea8fee5576 HTTP/1.1" status: 200 len: 1843 time: 0.0284750
2017-03-21 08:46:30.239 8005 INFO eventlet.wsgi.server [req-48bf075a-a2e1-4397-95fb-33aeaf2f3524 - - - - -] 127.0.0.1 "GET /v1/nodes/78544ab5-49df-5a83-acfa-2068ac465b21 HTTP/1.1" status: 200 len: 1814 time: 0.0306990
2017-03-21 08:46:30.427 8015 INFO eventlet.wsgi.server [req-d605315e-5f7b-4fb8-92fe-1c5fcf7896d2 - - - - -] 127.0.0.1 "GET /v1/nodes/f7647c75-31e7-5dc3-be4d-1011a681070a HTTP/1.1" status: 200 len: 1813 time: 0.0213161
2017-03-21 08:46:30.447 8005 INFO eventlet.wsgi.server [req-ef684217-d661-48db-8b56-9615dec1e1e9 - - - - -] 127.0.0.1 "GET /v1/nodes/a960e3ed-9e08-51e2-a4b4-29ea8fee5576 HTTP/1.1" status: 200 len: 1843 time: 0.0224900
2017-03-21 08:46:32.276 8005 INFO eventlet.wsgi.server [req-0ea267fe-ff19-425d-82cb-91c095e5494c - - - - -] 127.0.0.1 "GET /v1/nodes/78544ab5-49df-5a83-acfa-2068ac465b21 HTTP/1.1" status: 200 len: 1814 time: 0.0307200
2017-03-21 08:46:32.462 8015 INFO eventlet.wsgi.server [req-14eb92a4-f6c0-4f76-bd72-2c4a418993db - - - - -] 127.0.0.1 "GET /v1/nodes/f7647c75-31e7-5dc3-be4d-1011a681070a HTTP/1.1" status: 200 len: 1813 time: 0.0297830
2017-03-21 08:46:32.553 8005 INFO eventlet.wsgi.server [req-454c1306-8837-47d0-b033-650f5872a0e9 - - - - -] 127.0.0.1 "GET /v1/nodes/a960e3ed-9e08-51e2-a4b4-29ea8fee5576 HTTP/1.1" status: 200 len: 1843 time: 0.1014230
2017-03-21 08:46:34.312 8005 INFO eventlet.wsgi.server [req-a655e0a3-9487-4e2e-a16c-ee5ca8a08dd5 - - - - -] 127.0.0.1 "GET /v1/nodes/78544ab5-49df-5a83-acfa-2068ac465b21 HTTP/1.1" status: 200 len: 1814 time: 0.0307040
2017-03-21 08:46:34.493 8015 INFO eventlet.wsgi.server [req-bb4917ad-b133-4064-822d-9ec0f86248ac - - - - -] 127.0.0.1 "GET /v1/nodes/f7647c75-31e7-5dc3-be4d-1011a681070a HTTP/1.1" status: 200 len: 1813 time: 0.0258870
2017-03-21 08:46:34.584 8005 INFO eventlet.wsgi.server [req-78938b4a-695f-4dc8-b796-fe6e13aef129 - - - - -] 127.0.0.1 "GET /v1/nodes/a960e3ed-9e08-51e2-a4b4-29ea8fee5576 HTTP/1.1" status: 200 len: 1843 time: 0.0274730
2017-03-21 08:46:36.346 8005 INFO eventlet.wsgi.server [req-78ff6062-18a6-4408-be1f-d0a483f926f2 - - - - -] 127.0.0.1 "GET /v1/nodes/78544ab5-49df-5a83-acfa-2068ac465b21 HTTP/1.1" status: 200 len: 1814 time: 0.0292089
2017-03-21 08:46:36.530 8015 INFO eventlet.wsgi.server [req-a893a0b4-dae9-47b4-8c21-fab1e5e2602f - - - - -] 127.0.0.1 "GET /v1/nodes/f7647c75-31e7-5dc3-be4d-1011a681070a HTTP/1.1" status: 200 len: 1813 time: 0.0297220
2017-03-21 08:46:36.618 8005 INFO eventlet.wsgi.server [req-a45eaf63-7963-4a96-8799-d215fa1e254e - - - - -] 127.0.0.1 "GET /v1/nodes/a960e3ed-9e08-51e2-a4b4-29ea8fee5576 HTTP/1.1" status: 200 len: 1843 time: 0.0299480
2017-03-21 08:46:38.382 8005 INFO eventlet.wsgi.server [req-56bd6548-ae2b-4f21-9700-175b5a7dad7e - - - - -] 127.0.0.1 "GET /v1/nodes/78544ab5-49df-5a83-acfa-2068ac465b21 HTTP/1.1" status: 200 len: 1814 time: 0.0310020
2017-03-21 08:46:38.565 8015 INFO eventlet.wsgi.server [req-802c93f4-17bf-4067-a22e-187eacf62d72 - - - - -] 127.0.0.1 "GET /v1/nodes/f7647c75-31e7-5dc3-be4d-1011a681070a HTTP/1.1" status: 200 len: 1813 time: 0.0296521
2017-03-21 08:46:38.650 8005 INFO eventlet.wsgi.server [req-e1fbdfed-ccc1-40f5-90c3-b07f0b04ffa0 - - - - -] 127.0.0.1 "GET /v1/nodes/a960e3ed-9e08-51e2-a4b4-29ea8fee5576 HTTP/1.1" status: 200 len: 1843 time: 0.0270350
2017-03-21 08:46:40.415 8005 INFO eventlet.wsgi.server [req-b5554b6d-5192-40ad-8007-73fa151d01f4 - - - - -] 127.0.0.1 "GET /v1/nodes/78544ab5-49df-5a83-acfa-2068ac465b21 HTTP/1.1" status: 200 len: 1814 time: 0.0278580
2017-03-21 08:46:40.595 8015 INFO eventlet.wsgi.server [req-72ebab21-7025-4ff4-87e9-9186fc67a2aa - - - - -] 127.0.0.1 "GET /v1/nodes/f7647c75-31e7-5dc3-be4d-1011a681070a HTTP/1.1" status: 200 len: 1813 time: 0.0258620
2017-03-21 08:46:40.682 8005 INFO eventlet.wsgi.server [req-ecfedc82-a44f-4a60-96f2-fd1de02efcc3 - - - - -] 127.0.0.1 "GET /v1/nodes/a960e3ed-9e08-51e2-a4b4-29ea8fee5576 HTTP/1.1" status: 200 len: 1817 time: 0.0271671
2017-03-21 08:46:42.445 8005 INFO eventlet.wsgi.server [req-0f931410-e05b-4f11-ac34-93e13f2e6c8e - - - - -] 127.0.0.1 "GET /v1/nodes/78544ab5-49df-5a83-acfa-2068ac465b21 HTTP/1.1" status: 200 len: 1814 time: 0.0256460
2017-03-21 08:46:42.629 8015 INFO eventlet.wsgi.server [req-2dbc5b9d-c687-4847-8c50-aeaaa8ffbc3b - - - - -] 127.0.0.1 "GET /v1/nodes/f7647c75-31e7-5dc3-be4d-1011a681070a HTTP/1.1" status: 200 len: 1813 time: 0.0290010
2017-03-21 08:46:42.716 8005 INFO eventlet.wsgi.server [req-064680fe-6bef-4808-8da0-20ca072b5571 - - - - -] 127.0.0.1 "GET /v1/nodes/a960e3ed-9e08-51e2-a4b4-29ea8fee5576 HTTP/1.1" status: 200 len: 1817 time: 0.0273411
2017-03-21 08:46:44.482 8005 INFO eventlet.wsgi.server [req-c2b17d10-8522-4af6-be1c-f28c09115ac0 - - - - -] 127.0.0.1 "GET /v1/nodes/78544ab5-49df-5a83-acfa-2068ac465b21 HTTP/1.1" status: 200 len: 1814 time: 0.0323100
2017-03-21 08:46:44.665 8015 INFO eventlet.wsgi.server [req-c0b3f4af-a43f-4af0-868e-672a34b0e114 - - - - -] 127.0.0.1 "GET /v1/nodes/f7647c75-31e7-5dc3-be4d-1011a681070a HTTP/1.1" status: 200 len: 1813 time: 0.0310230
2017-03-21 08:46:44.751 8005 INFO eventlet.wsgi.server [req-fb719130-15df-48e0-bdb5-c72bd1bbe0e2 - - - - -] 127.0.0.1 "GET /v1/nodes/a960e3ed-9e08-51e2-a4b4-29ea8fee5576 HTTP/1.1" status: 200 len: 1817 time: 0.0286000
2017-03-21 08:46:46.517 8005 INFO eventlet.wsgi.server [req-a9267b53-519e-4384-9c96-8d9985080b99 - - - - -] 127.0.0.1 "GET /v1/nodes/78544ab5-49df-5a83-acfa-2068ac465b21 HTTP/1.1" status: 200 len: 1814 time: 0.0294979
2017-03-21 08:46:46.700 8015 INFO eventlet.wsgi.server [req-9d324d3b-67d9-413c-80a8-66e1c9e0aea6 - - - - -] 127.0.0.1 "GET /v1/nodes/f7647c75-31e7-5dc3-be4d-1011a681070a HTTP/1.1" status: 200 len: 1813 time: 0.0302930
2017-03-21 08:46:46.786 8005 INFO eventlet.wsgi.server [req-690a95e8-56a5-4d4c-97eb-4191c8e16bcd - - - - -] 127.0.0.1 "GET /v1/nodes/a960e3ed-9e08-51e2-a4b4-29ea8fee5576 HTTP/1.1" status: 200 len: 1817 time: 0.0290110
2017-03-21 08:46:48.551 8005 INFO eventlet.wsgi.server [req-f84717d6-6988-4010-af98-6ec1021f02ca - - - - -] 127.0.0.1 "GET /v1/nodes/78544ab5-49df-5a83-acfa-2068ac465b21 HTTP/1.1" status: 200 len: 1814 time: 0.0297532
2017-03-21 08:46:48.734 8015 INFO eventlet.wsgi.server [req-378b58d8-1a30-4265-9836-04122ccca327 - - - - -] 127.0.0.1 "GET /v1/nodes/f7647c75-31e7-5dc3-be4d-1011a681070a HTTP/1.1" status: 200 len: 1813 time: 0.0289671
2017-03-21 08:46:48.814 8005 INFO eventlet.wsgi.server [req-9e185609-0491-4a21-ab90-c2ff086ccf78 - - - - -] 127.0.0.1 "GET /v1/nodes/a960e3ed-9e08-51e2-a4b4-29ea8fee5576 HTTP/1.1" status: 200 len: 1817 time: 0.0218589
2017-03-21 08:46:50.588 8005 INFO eventlet.wsgi.server [req-e4f5a651-6f5c-4b88-836b-a1ca58dc0cab - - - - -] 127.0.0.1 "GET /v1/nodes/78544ab5-49df-5a83-acfa-2068ac465b21 HTTP/1.1" status: 200 len: 1814 time: 0.0307140
2017-03-21 08:46:50.769 8015 INFO eventlet.wsgi.server [req-c3bf6123-677f-4f57-80fe-7e4b18c6372e - - - - -] 127.0.0.1 "GET /v1/nodes/f7647c75-31e7-5dc3-be4d-1011a681070a HTTP/1.1" status: 200 len: 1813 time: 0.0300310
2017-03-21 08:46:50.848 8005 INFO eventlet.wsgi.server [req-5a7a724b-17a5-49a2-87f5-3dd7cff73252 - - - - -] 127.0.0.1 "GET /v1/nodes/a960e3ed-9e08-51e2-a4b4-29ea8fee5576 HTTP/1.1" status: 200 len: 1817 time: 0.0278120
2017-03-21 08:46:52.626 8005 INFO eventlet.wsgi.server [req-bebcac1b-1ca1-4171-9758-21f524ec0a4f - - - - -] 127.0.0.1 "GET /v1/nodes/78544ab5-49df-5a83-acfa-2068ac465b21 HTTP/1.1" status: 200 len: 1814 time: 0.0317919
2017-03-21 08:46:52.805 8015 INFO eventlet.wsgi.server [req-7c823ca3-34c6-4204-becd-2304550c1c51 - - - - -] 127.0.0.1 "GET /v1/nodes/f7647c75-31e7-5dc3-be4d-1011a681070a HTTP/1.1" status: 200 len: 1813 time: 0.0301261
2017-03-21 08:46:52.883 8005 INFO eventlet.wsgi.server [req-a407c3d8-3ea9-4306-9634-d3808ac32657 - - - - -] 127.0.0.1 "GET /v1/nodes/a960e3ed-9e08-51e2-a4b4-29ea8fee5576 HTTP/1.1" status: 200 len: 1817 time: 0.0286739
2017-03-21 08:46:54.663 8005 INFO eventlet.wsgi.server [req-1c9570ed-a714-4744-b634-8c87fddf79ef - - - - -] 127.0.0.1 "GET /v1/nodes/78544ab5-49df-5a83-acfa-2068ac465b21 HTTP/1.1" status: 200 len: 1814 time: 0.0309310
2017-03-21 08:46:54.840 8015 INFO eventlet.wsgi.server [req-80e522a9-646e-4ac4-967b-44b417e98295 - - - - -] 127.0.0.1 "GET /v1/nodes/f7647c75-31e7-5dc3-be4d-1011a681070a HTTP/1.1" status: 200 len: 1813 time: 0.0308440
2017-03-21 08:46:54.913 8005 INFO eventlet.wsgi.server [req-bc64457e-f577-47df-a534-682889cef2f9 - - - - -] 127.0.0.1 "GET /v1/nodes/a960e3ed-9e08-51e2-a4b4-29ea8fee5576 HTTP/1.1" status: 200 len: 1817 time: 0.0239639
2017-03-21 08:46:56.697 8005 INFO eventlet.wsgi.server [req-a5792a29-d243-4022-ad1a-1a35b40eaa25 - - - - -] 127.0.0.1 "GET /v1/nodes/78544ab5-49df-5a83-acfa-2068ac465b21 HTTP/1.1" status: 200 len: 1814 time: 0.0288408
2017-03-21 08:46:56.874 8015 INFO eventlet.wsgi.server [req-26460bfd-a883-4620-9c51-ca3ae74cec76 - - - - -] 127.0.0.1 "GET /v1/nodes/f7647c75-31e7-5dc3-be4d-1011a681070a HTTP/1.1" status: 200 len: 1813 time: 0.0285060
2017-03-21 08:46:56.946 8005 INFO eventlet.wsgi.server [req-dd5143e9-5df1-4b39-abfa-55258df6d678 - - - - -] 127.0.0.1 "GET /v1/nodes/a960e3ed-9e08-51e2-a4b4-29ea8fee5576 HTTP/1.1" status: 200 len: 1817 time: 0.0289860
2017-03-21 08:46:58.733 8005 INFO eventlet.wsgi.server [req-5785a097-5533-4cb8-8980-88eb87343a4d - - - - -] 127.0.0.1 "GET /v1/nodes/78544ab5-49df-5a83-acfa-2068ac465b21 HTTP/1.1" status: 200 len: 1814 time: 0.0307758
2017-03-21 08:46:58.909 8015 INFO eventlet.wsgi.server [req-25bfa2eb-6929-4119-ab0e-6ea9bca64a09 - - - - -] 127.0.0.1 "GET /v1/nodes/f7647c75-31e7-5dc3-be4d-1011a681070a HTTP/1.1" status: 200 len: 1813 time: 0.0302420
2017-03-21 08:46:58.979 8005 INFO eventlet.wsgi.server [req-ee70272b-1f32-4b42-9bc0-9b311c6325cc - - - - -] 127.0.0.1 "GET /v1/nodes/a960e3ed-9e08-51e2-a4b4-29ea8fee5576 HTTP/1.1" status: 200 len: 1817 time: 0.0280881
2017-03-21 08:47:00.766 8005 INFO eventlet.wsgi.server [req-74c4bb40-e193-48b2-a29f-0882e7e4ddb9 - - - - -] 127.0.0.1 "GET /v1/nodes/78544ab5-49df-5a83-acfa-2068ac465b21 HTTP/1.1" status: 200 len: 1814 time: 0.0277479
2017-03-21 08:47:00.944 8015 INFO eventlet.wsgi.server [req-d9817886-7d81-4a47-a053-2aaa0ff78e42 - - - - -] 127.0.0.1 "GET /v1/nodes/f7647c75-31e7-5dc3-be4d-1011a681070a HTTP/1.1" status: 200 len: 1813 time: 0.0304079
2017-03-21 08:47:01.013 8005 INFO eventlet.wsgi.server [req-2674fbf4-10e8-4f21-bda8-99a1c6b4d775 - - - - -] 127.0.0.1 "GET /v1/nodes/a960e3ed-9e08-51e2-a4b4-29ea8fee5576 HTTP/1.1" status: 200 len: 1817 time: 0.0289710
2017-03-21 08:47:02.803 8005 INFO eventlet.wsgi.server [req-c65f41e9-f94d-4fd5-9054-570364adbc2f - - - - -] 127.0.0.1 "GET /v1/nodes/78544ab5-49df-5a83-acfa-2068ac465b21 HTTP/1.1" status: 200 len: 1814 time: 0.0303211
2017-03-21 08:47:02.979 8015 INFO eventlet.wsgi.server [req-156cdd41-b573-46f8-9be9-93a384b6113b - - - - -] 127.0.0.1 "GET /v1/nodes/f7647c75-31e7-5dc3-be4d-1011a681070a HTTP/1.1" status: 200 len: 1813 time: 0.0296922
2017-03-21 08:47:03.045 8005 INFO eventlet.wsgi.server [req-b52a4956-e1d4-4fb6-a908-a156b3c2dfbf - - - - -] 127.0.0.1 "GET /v1/nodes/a960e3ed-9e08-51e2-a4b4-29ea8fee5576 HTTP/1.1" status: 200 len: 1817 time: 0.0276639
2017-03-21 08:47:04.830 8005 INFO eventlet.wsgi.server [req-f68cf214-3c01-4fe5-b0a4-efd68817d7c0 - - - - -] 127.0.0.1 "GET /v1/nodes/78544ab5-49df-5a83-acfa-2068ac465b21 HTTP/1.1" status: 200 len: 1814 time: 0.0224540
2017-03-21 08:47:05.013 8015 INFO eventlet.wsgi.server [req-eb7da57d-1ce2-40f1-8241-6edc55296182 - - - - -] 127.0.0.1 "GET /v1/nodes/f7647c75-31e7-5dc3-be4d-1011a681070a HTTP/1.1" status: 200 len: 1813 time: 0.0297170
2017-03-21 08:47:05.078 8005 INFO eventlet.wsgi.server [req-0614ce39-5733-47ba-af23-8352bc8c03a7 - - - - -] 127.0.0.1 "GET /v1/nodes/a960e3ed-9e08-51e2-a4b4-29ea8fee5576 HTTP/1.1" status: 200 len: 1817 time: 0.0280008
2017-03-21 08:47:06.867 8005 INFO eventlet.wsgi.server [req-7b2b5dcd-c9b8-46b2-9efa-a97a67314d44 - - - - -] 127.0.0.1 "GET /v1/nodes/78544ab5-49df-5a83-acfa-2068ac465b21 HTTP/1.1" status: 200 len: 1814 time: 0.0303950
2017-03-21 08:47:07.047 8015 INFO eventlet.wsgi.server [req-cbf4c3ce-1de5-4613-9116-08847c22d507 - - - - -] 127.0.0.1 "GET /v1/nodes/f7647c75-31e7-5dc3-be4d-1011a681070a HTTP/1.1" status: 200 len: 1813 time: 0.0282059
2017-03-21 08:47:07.111 8005 INFO eventlet.wsgi.server [req-b1d20d79-f101-43e4-8f2d-3635deae3d24 - - - - -] 127.0.0.1 "GET /v1/nodes/a960e3ed-9e08-51e2-a4b4-29ea8fee5576 HTTP/1.1" status: 200 len: 1817 time: 0.0281401
2017-03-21 08:47:08.535 8007 INFO eventlet.wsgi.server [req-1b9498e6-3e6d-4771-8d14-f472dd978352 - - - - -] 127.0.0.1 "GET /v1/nodes HTTP/1.1" status: 200 len: 1516 time: 0.0406179
2017-03-21 08:47:08.902 8005 INFO eventlet.wsgi.server [req-b03bee73-4696-405f-8536-01c645908fcd - - - - -] 127.0.0.1 "GET /v1/nodes/78544ab5-49df-5a83-acfa-2068ac465b21 HTTP/1.1" status: 200 len: 1814 time: 0.0296509
2017-03-21 08:47:09.080 8015 INFO eventlet.wsgi.server [req-5009a09f-7663-4e9d-8be9-e1371d73939f - - - - -] 127.0.0.1 "GET /v1/nodes/f7647c75-31e7-5dc3-be4d-1011a681070a HTTP/1.1" status: 200 len: 1813 time: 0.0284889
2017-03-21 08:47:09.144 8005 INFO eventlet.wsgi.server [req-f5070f77-1159-402d-afed-d90ad7598255 - - - - -] 127.0.0.1 "GET /v1/nodes/a960e3ed-9e08-51e2-a4b4-29ea8fee5576 HTTP/1.1" status: 200 len: 1817 time: 0.0285749
2017-03-21 08:47:10.938 8005 INFO eventlet.wsgi.server [req-79702348-ea70-4da6-8e38-7fd08b9c5938 - - - - -] 127.0.0.1 "GET /v1/nodes/78544ab5-49df-5a83-acfa-2068ac465b21 HTTP/1.1" status: 200 len: 1806 time: 0.0312119
2017-03-21 08:47:11.085 8005 INFO eventlet.wsgi.server [req-adc0fafb-5d55-4e67-9f5f-8dccf64d3e16 - - - - -] 127.0.0.1 "PUT /v1/nodes/78544ab5-49df-5a83-acfa-2068ac465b21/states/provision HTTP/1.1" status: 202 len: 383 time: 0.1452370
2017-03-21 08:47:11.112 8005 INFO eventlet.wsgi.server [req-fae77318-6453-4fc6-9bb8-4bfdd297385c - - - - -] 127.0.0.1 "GET /v1/nodes/78544ab5-49df-5a83-acfa-2068ac465b21 HTTP/1.1" status: 200 len: 1831 time: 0.0247838
2017-03-21 08:47:11.116 8015 INFO eventlet.wsgi.server [req-409d299b-0e22-4453-937d-2a33975f11d5 - - - - -] 127.0.0.1 "GET /v1/nodes/f7647c75-31e7-5dc3-be4d-1011a681070a HTTP/1.1" status: 200 len: 1805 time: 0.0289650
2017-03-21 08:47:11.178 8005 INFO eventlet.wsgi.server [req-6ea1622d-c3a4-4a21-9162-1a4014c32fcf - - - - -] 127.0.0.1 "GET /v1/nodes/a960e3ed-9e08-51e2-a4b4-29ea8fee5576 HTTP/1.1" status: 200 len: 1809 time: 0.0292530
2017-03-21 08:47:11.260 8015 INFO eventlet.wsgi.server [req-ef62ba5f-e06e-4033-a71d-b5d9aa78e9df - - - - -] 127.0.0.1 "PUT /v1/nodes/f7647c75-31e7-5dc3-be4d-1011a681070a/states/provision HTTP/1.1" status: 202 len: 383 time: 0.1398640
2017-03-21 08:47:11.289 8015 INFO eventlet.wsgi.server [req-f770095e-10b3-44bb-8827-d194ac2f9c4b - - - - -] 127.0.0.1 "GET /v1/nodes/f7647c75-31e7-5dc3-be4d-1011a681070a HTTP/1.1" status: 200 len: 1824 time: 0.0270321
2017-03-21 08:47:11.344 8005 INFO eventlet.wsgi.server [req-7dc4f129-cfdb-4dcb-9064-e11835e085fb - - - - -] 127.0.0.1 "PUT /v1/nodes/a960e3ed-9e08-51e2-a4b4-29ea8fee5576/states/provision HTTP/1.1" status: 202 len: 383 time: 0.1646721
2017-03-21 08:47:11.378 8005 INFO eventlet.wsgi.server [req-69182d32-503c-4488-9635-af723f91a12f - - - - -] 127.0.0.1 "GET /v1/nodes/a960e3ed-9e08-51e2-a4b4-29ea8fee5576 HTTP/1.1" status: 200 len: 1828 time: 0.0305040
2017-03-21 08:47:13.146 8005 INFO eventlet.wsgi.server [req-75658c57-b1ae-4997-9f81-ff0f806332bb - - - - -] 127.0.0.1 "GET /v1/nodes/78544ab5-49df-5a83-acfa-2068ac465b21 HTTP/1.1" status: 200 len: 1805 time: 0.0285900
2017-03-21 08:47:16.762 8015 INFO eventlet.wsgi.server [req-c7b11fbf-9397-47af-95ae-c12d68f8de68 - - - - -] 127.0.0.1 "GET /v1/nodes/78544ab5-49df-5a83-acfa-2068ac465b21 HTTP/1.1" status: 200 len: 1805 time: 0.0251191
2017-03-21 08:47:16.853 8003 INFO eventlet.wsgi.server [req-fa22a0c9-6ce6-4141-81eb-f28ba2adce05 - - - - -] 127.0.0.1 "GET /v1/nodes/a960e3ed-9e08-51e2-a4b4-29ea8fee5576 HTTP/1.1" status: 200 len: 1808 time: 0.0177090
2017-03-21 08:47:17.004 8003 INFO eventlet.wsgi.server [req-26dcf1fe-2795-46d4-afb6-507df8f257c5 - - - - -] 127.0.0.1 "GET /v1/nodes/f7647c75-31e7-5dc3-be4d-1011a681070a HTTP/1.1" status: 200 len: 1804 time: 0.0193150
2017-03-21 08:47:28.482 8007 INFO eventlet.wsgi.server [req-f697bd89-274b-4b1a-a791-93455f9db652 - - - - -] 127.0.0.1 "GET /v1/nodes/a960e3ed-9e08-51e2-a4b4-29ea8fee5576 HTTP/1.1" status: 200 len: 1808 time: 0.0156200
2017-03-21 08:47:28.489 8003 INFO eventlet.wsgi.server [req-98353d65-1c12-4c12-9515-b275295b9a19 - - - - -] 127.0.0.1 "GET /v1/nodes/78544ab5-49df-5a83-acfa-2068ac465b21 HTTP/1.1" status: 200 len: 1805 time: 0.0153220
2017-03-21 08:47:28.500 8012 INFO eventlet.wsgi.server [req-50a6ebc0-d18a-44a0-9038-c09b32ffffeb - - - - -] 127.0.0.1 "GET /v1/nodes/f7647c75-31e7-5dc3-be4d-1011a681070a HTTP/1.1" status: 200 len: 1804 time: 0.0162430
2017-03-21 08:47:28.736 8003 INFO eventlet.wsgi.server [req-80ff3481-6f2f-416c-8cd8-7a07046d1ad5 - - - - -] 127.0.0.1 "PATCH /v1/nodes/78544ab5-49df-5a83-acfa-2068ac465b21 HTTP/1.1" status: 200 len: 1970 time: 0.2432261
2017-03-21 08:47:28.752 8007 INFO eventlet.wsgi.server [req-43602563-a7bd-4408-8855-a9dc8809a487 - - - - -] 127.0.0.1 "PATCH /v1/nodes/a960e3ed-9e08-51e2-a4b4-29ea8fee5576 HTTP/1.1" status: 200 len: 1973 time: 0.2650921
2017-03-21 08:47:28.784 8012 INFO eventlet.wsgi.server [req-6672c7ad-abfa-4dd3-9e82-8c3c2b7c4147 - - - - -] 127.0.0.1 "PATCH /v1/nodes/f7647c75-31e7-5dc3-be4d-1011a681070a HTTP/1.1" status: 200 len: 1969 time: 0.2819121
2017-03-21 08:47:28.863 8007 INFO eventlet.wsgi.server [req-90f062f1-8d0d-4dca-8d94-eb127035b8a3 - - - - -] 127.0.0.1 "GET /v1/nodes/a960e3ed-9e08-51e2-a4b4-29ea8fee5576/validate HTTP/1.1" status: 200 len: 656 time: 0.1070559
2017-03-21 08:47:28.870 8003 INFO eventlet.wsgi.server [req-271d4e51-8448-4b82-9fa2-f9a11c681ece - - - - -] 127.0.0.1 "GET /v1/nodes/78544ab5-49df-5a83-acfa-2068ac465b21/validate HTTP/1.1" status: 200 len: 656 time: 0.1310251
2017-03-21 08:47:28.895 8012 INFO eventlet.wsgi.server [req-c0e00a2b-014c-4a8d-af5d-adac169ac478 - - - - -] 127.0.0.1 "GET /v1/nodes/f7647c75-31e7-5dc3-be4d-1011a681070a/validate HTTP/1.1" status: 200 len: 656 time: 0.1082990
2017-03-21 08:47:29.056 8007 INFO eventlet.wsgi.server [req-9427d321-592c-4475-be6f-0f30f40ffbfe - - - - -] 127.0.0.1 "PUT /v1/nodes/a960e3ed-9e08-51e2-a4b4-29ea8fee5576/states/provision HTTP/1.1" status: 202 len: 383 time: 0.1901929
2017-03-21 08:47:29.087 8003 INFO eventlet.wsgi.server [req-e39d0bd8-9391-4ddf-9761-d5f349b5eeac - - - - -] 127.0.0.1 "PUT /v1/nodes/78544ab5-49df-5a83-acfa-2068ac465b21/states/provision HTTP/1.1" status: 202 len: 383 time: 0.2124341
2017-03-21 08:47:29.090 8007 INFO eventlet.wsgi.server [req-a9df802b-53e1-4e0e-b05d-0dc4d605ed68 - - - - -] 127.0.0.1 "GET /v1/nodes/a960e3ed-9e08-51e2-a4b4-29ea8fee5576 HTTP/1.1" status: 200 len: 2024 time: 0.0300770
2017-03-21 08:47:29.119 8003 INFO eventlet.wsgi.server [req-7a69b2b6-8d83-48d6-9ab2-3432381f228a - - - - -] 127.0.0.1 "GET /v1/nodes/78544ab5-49df-5a83-acfa-2068ac465b21 HTTP/1.1" status: 200 len: 2021 time: 0.0275412
2017-03-21 08:47:29.214 8012 INFO eventlet.wsgi.server [req-3f228af6-d867-4176-b959-4b6824c74ada - - - - -] 127.0.0.1 "PUT /v1/nodes/f7647c75-31e7-5dc3-be4d-1011a681070a/states/provision HTTP/1.1" status: 202 len: 383 time: 0.3159120
2017-03-21 08:47:29.245 8012 INFO eventlet.wsgi.server [req-912248cc-603e-4716-b3e3-d99dab11e4b3 - - - - -] 127.0.0.1 "GET /v1/nodes/f7647c75-31e7-5dc3-be4d-1011a681070a HTTP/1.1" status: 200 len: 2020 time: 0.0278950
2017-03-21 08:48:08.528 8003 INFO eventlet.wsgi.server [req-b96737bc-1103-46fa-afe0-b6b981691101 - - - - -] 127.0.0.1 "GET /v1/nodes HTTP/1.1" status: 200 len: 1521 time: 0.0337319
2017-03-21 08:48:32.305 8003 INFO eventlet.wsgi.server [req-5fff40ae-2e1f-4324-b015-03918e1b30dc - - - - -] 192.168.122.61 "GET /v1/lookup?addresses=52%3A54%3A00%3A87%3A40%3A25 HTTP/1.1" status: 200 len: 1297 time: 0.0164261
2017-03-21 08:48:32.377 8003 INFO eventlet.wsgi.server [req-cb51cfaa-6a58-4ab5-be70-046ce32cec1f - - - - -] 192.168.122.61 "POST /v1/heartbeat/a960e3ed-9e08-51e2-a4b4-29ea8fee5576 HTTP/1.1" status: 202 len: 298 time: 0.0465801
2017-03-21 08:48:34.113 8003 INFO eventlet.wsgi.server [req-0d9a276e-a20a-4cf5-8dc7-374452816c6f - - - - -] 192.168.122.116 "GET /v1/lookup?addresses=52%3A54%3A00%3A39%3A23%3A5e HTTP/1.1" status: 200 len: 1297 time: 0.0150421
2017-03-21 08:48:34.188 8003 INFO eventlet.wsgi.server [req-2b4ab049-aaeb-47c5-ae53-35fa8ab15b5d - - - - -] 192.168.122.116 "POST /v1/heartbeat/78544ab5-49df-5a83-acfa-2068ac465b21 HTTP/1.1" status: 202 len: 298 time: 0.0564642
2017-03-21 08:48:37.632 8000 INFO eventlet.wsgi.server [req-cda05eab-4d56-4e8f-90b7-e2a19f03405b - - - - -] 192.168.122.174 "GET /v1/lookup?addresses=52%3A54%3A00%3A3e%3A70%3Aa9 HTTP/1.1" status: 200 len: 1297 time: 0.2130461
2017-03-21 08:48:37.690 8000 WARNING oslo_config.cfg [req-5ee8e4ef-1d02-4f64-9962-8cd36855f076 - - - - -] Option "rabbit_userid" from group "DEFAULT" is deprecated. Use option "rabbit_userid" from group "oslo_messaging_rabbit".
2017-03-21 08:48:37.691 8000 WARNING oslo_config.cfg [req-5ee8e4ef-1d02-4f64-9962-8cd36855f076 - - - - -] Option "rabbit_userid" from group "oslo_messaging_rabbit" is deprecated for removal. Its value may be silently ignored in the future.
2017-03-21 08:48:37.692 8000 WARNING oslo_config.cfg [req-5ee8e4ef-1d02-4f64-9962-8cd36855f076 - - - - -] Option "rabbit_password" from group "DEFAULT" is deprecated. Use option "rabbit_password" from group "oslo_messaging_rabbit".
2017-03-21 08:48:37.692 8000 WARNING oslo_config.cfg [req-5ee8e4ef-1d02-4f64-9962-8cd36855f076 - - - - -] Option "rabbit_password" from group "oslo_messaging_rabbit" is deprecated for removal. Its value may be silently ignored in the future.
2017-03-21 08:48:37.762 8000 INFO eventlet.wsgi.server [req-5ee8e4ef-1d02-4f64-9962-8cd36855f076 - - - - -] 192.168.122.174 "POST /v1/heartbeat/f7647c75-31e7-5dc3-be4d-1011a681070a HTTP/1.1" status: 202 len: 298 time: 0.1092219
2017-03-21 08:49:08.549 8000 INFO eventlet.wsgi.server [req-22f9a3d2-07a4-487f-9311-a47eafe29c43 - - - - -] 127.0.0.1 "GET /v1/nodes HTTP/1.1" status: 200 len: 1525 time: 0.0500989
2017-03-21 08:49:37.581 8003 INFO eventlet.wsgi.server [req-165b4f18-7a21-419d-8d9b-37b731459b7e - - - - -] 192.168.122.61 "POST /v1/heartbeat/a960e3ed-9e08-51e2-a4b4-29ea8fee5576 HTTP/1.1" status: 202 len: 298 time: 0.0836201
2017-03-21 08:49:37.885 8000 INFO eventlet.wsgi.server [req-99c28e9f-21aa-4fb7-8942-68575ef47bfb - - - - -] 192.168.122.174 "POST /v1/heartbeat/f7647c75-31e7-5dc3-be4d-1011a681070a HTTP/1.1" status: 202 len: 298 time: 0.0665150
2017-03-21 08:49:39.331 8003 INFO eventlet.wsgi.server [req-492096be-57a9-494c-ad50-ec05164f9e6f - - - - -] 192.168.122.116 "POST /v1/heartbeat/78544ab5-49df-5a83-acfa-2068ac465b21 HTTP/1.1" status: 202 len: 298 time: 0.0717750
2017-03-21 08:49:54.432 8003 INFO eventlet.wsgi.server [req-ea9932b4-1071-425d-a31e-d92f768d8f8a - - - - -] 192.168.122.61 "POST /v1/heartbeat/a960e3ed-9e08-51e2-a4b4-29ea8fee5576 HTTP/1.1" status: 202 len: 298 time: 0.0667138
2017-03-21 08:50:03.779 8003 INFO eventlet.wsgi.server [req-b6bf4947-0b7d-430e-9001-252dcc3ea1f3 - - - - -] 192.168.122.116 "POST /v1/heartbeat/78544ab5-49df-5a83-acfa-2068ac465b21 HTTP/1.1" status: 202 len: 298 time: 0.0632408
2017-03-21 08:50:08.564 8007 INFO eventlet.wsgi.server [req-a9ae4b05-714f-4afb-80dc-eebffd0a1416 - - - - -] 127.0.0.1 "GET /v1/nodes HTTP/1.1" status: 200 len: 1510 time: 0.0616860
2017-03-21 08:50:10.066 8000 INFO eventlet.wsgi.server [req-23f7843c-9b4d-4089-bc51-9b297c5d00cf - - - - -] 192.168.122.174 "POST /v1/heartbeat/f7647c75-31e7-5dc3-be4d-1011a681070a HTTP/1.1" status: 202 len: 298 time: 0.0781028
2017-03-21 08:51:08.536 8000 INFO eventlet.wsgi.server [req-2477b7db-2674-4643-b932-ebeb6bc2af97 - - - - -] 127.0.0.1 "GET /v1/nodes HTTP/1.1" status: 200 len: 1501 time: 0.0336108
2017-03-21 08:51:15.421 8011 INFO eventlet.wsgi.server [req-39802d4b-864f-4ece-9336-236c4d050d1e - - - - -] 127.0.0.1 "GET /v1/nodes HTTP/1.1" status: 200 len: 1500 time: 0.2794781
2017-03-21 08:51:59.434 8004 INFO oslo.service.wsgi [-] Stopping WSGI server.
2017-03-21 08:51:59.434 8014 INFO oslo.service.wsgi [-] Stopping WSGI server.
2017-03-21 08:51:59.435 8012 INFO oslo.service.wsgi [-] Stopping WSGI server.
2017-03-21 08:51:59.435 8000 INFO oslo.service.wsgi [-] Stopping WSGI server.
2017-03-21 08:51:59.433 8001 INFO oslo.service.wsgi [-] Stopping WSGI server.
2017-03-21 08:51:59.437 8014 INFO eventlet.wsgi.server [-] (8014) wsgi exited, is_accepting=True
2017-03-21 08:51:59.435 8007 INFO oslo.service.wsgi [-] Stopping WSGI server.
2017-03-21 08:51:59.437 8004 INFO eventlet.wsgi.server [-] (8004) wsgi exited, is_accepting=True
2017-03-21 08:51:59.437 8000 INFO eventlet.wsgi.server [-] (8000) wsgi exited, is_accepting=True
2017-03-21 08:51:59.438 8012 INFO eventlet.wsgi.server [-] (8012) wsgi exited, is_accepting=True
2017-03-21 08:51:59.437 8011 INFO oslo.service.wsgi [-] Stopping WSGI server.
2017-03-21 08:51:59.438 8001 INFO eventlet.wsgi.server [-] (8001) wsgi exited, is_accepting=True
2017-03-21 08:51:59.438 8007 INFO eventlet.wsgi.server [-] (8007) wsgi exited, is_accepting=True
2017-03-21 08:51:59.438 8013 INFO oslo.service.wsgi [-] Stopping WSGI server.
2017-03-21 08:51:59.437 8010 INFO oslo.service.wsgi [-] Stopping WSGI server.
2017-03-21 08:51:59.439 8011 INFO eventlet.wsgi.server [-] (8011) wsgi exited, is_accepting=True
2017-03-21 08:51:59.439 8013 INFO eventlet.wsgi.server [-] (8013) wsgi exited, is_accepting=True
2017-03-21 08:51:59.439 8010 INFO eventlet.wsgi.server [-] (8010) wsgi exited, is_accepting=True
2017-03-21 08:51:59.440 8003 INFO oslo.service.wsgi [-] Stopping WSGI server.
2017-03-21 08:51:59.438 8008 INFO oslo.service.wsgi [-] Stopping WSGI server.
2017-03-21 08:51:59.441 8003 INFO eventlet.wsgi.server [-] (8003) wsgi exited, is_accepting=True
2017-03-21 08:51:59.441 8008 INFO eventlet.wsgi.server [-] (8008) wsgi exited, is_accepting=True
2017-03-21 08:51:59.441 8009 INFO oslo.service.wsgi [-] Stopping WSGI server.
2017-03-21 08:51:59.442 8009 INFO eventlet.wsgi.server [-] (8009) wsgi exited, is_accepting=True
2017-03-21 08:51:59.445 8005 INFO oslo.service.wsgi [-] Stopping WSGI server.
2017-03-21 08:51:59.446 8005 INFO eventlet.wsgi.server [-] (8005) wsgi exited, is_accepting=True
2017-03-21 08:51:59.448 8006 INFO oslo.service.wsgi [-] Stopping WSGI server.
2017-03-21 08:51:59.449 8006 INFO eventlet.wsgi.server [-] (8006) wsgi exited, is_accepting=True
2017-03-21 08:51:59.450 8002 INFO oslo.service.wsgi [-] Stopping WSGI server.
2017-03-21 08:51:59.450 8015 INFO oslo.service.wsgi [-] Stopping WSGI server.
2017-03-21 08:51:59.451 8015 INFO eventlet.wsgi.server [-] (8015) wsgi exited, is_accepting=True
2017-03-21 08:51:59.451 8002 INFO eventlet.wsgi.server [-] (8002) wsgi exited, is_accepting=True
2017-03-21 08:51:59.454 7963 INFO oslo_service.service [-] Caught SIGTERM, stopping children
2017-03-21 08:51:59.454 7963 INFO oslo.service.wsgi [-] Stopping WSGI server.
2017-03-21 08:51:59.454 7963 INFO oslo_service.service [-] Waiting on 16 children to exit
2017-03-21 08:51:59.455 7963 INFO oslo_service.service [-] Child 8000 exited with status 0
2017-03-21 08:51:59.455 7963 INFO oslo_service.service [-] Child 8001 exited with status 0
2017-03-21 08:51:59.455 7963 INFO oslo_service.service [-] Child 8003 exited with status 0
2017-03-21 08:51:59.455 7963 INFO oslo_service.service [-] Child 8004 exited with status 0
2017-03-21 08:51:59.455 7963 INFO oslo_service.service [-] Child 8005 exited with status 0
2017-03-21 08:51:59.456 7963 INFO oslo_service.service [-] Child 8002 exited with status 0
2017-03-21 08:51:59.456 7963 INFO oslo_service.service [-] Child 8006 exited with status 0
2017-03-21 08:51:59.456 7963 INFO oslo_service.service [-] Child 8007 exited with status 0
2017-03-21 08:51:59.456 7963 INFO oslo_service.service [-] Child 8008 exited with status 0
2017-03-21 08:51:59.456 7963 INFO oslo_service.service [-] Child 8009 exited with status 0
2017-03-21 08:51:59.456 7963 INFO oslo_service.service [-] Child 8010 exited with status 0
2017-03-21 08:51:59.457 7963 INFO oslo_service.service [-] Child 8011 exited with status 0
2017-03-21 08:51:59.457 7963 INFO oslo_service.service [-] Child 8012 exited with status 0
2017-03-21 08:51:59.457 7963 INFO oslo_service.service [-] Child 8013 exited with status 0
2017-03-21 08:51:59.457 7963 INFO oslo_service.service [-] Child 8014 exited with status 0
2017-03-21 08:51:59.457 7963 INFO oslo_service.service [-] Child 8015 exited with status 0
2017-03-21 08:52:01.198 26783 INFO oslo.service.wsgi [-] ironic_api listening on 0.0.0.0:6385
2017-03-21 08:52:01.199 26783 INFO oslo_service.service [-] Starting 16 workers
2017-03-21 08:52:01.207 26886 INFO eventlet.wsgi.server [-] (26886) wsgi starting up on http://0.0.0.0:6385
2017-03-21 08:52:01.210 26884 INFO eventlet.wsgi.server [-] (26884) wsgi starting up on http://0.0.0.0:6385
2017-03-21 08:52:01.212 26887 INFO eventlet.wsgi.server [-] (26887) wsgi starting up on http://0.0.0.0:6385
2017-03-21 08:52:01.213 26889 INFO eventlet.wsgi.server [-] (26889) wsgi starting up on http://0.0.0.0:6385
2017-03-21 08:52:01.214 26892 INFO eventlet.wsgi.server [-] (26892) wsgi starting up on http://0.0.0.0:6385
2017-03-21 08:52:01.215 26890 INFO eventlet.wsgi.server [-] (26890) wsgi starting up on http://0.0.0.0:6385
2017-03-21 08:52:01.217 26893 INFO eventlet.wsgi.server [-] (26893) wsgi starting up on http://0.0.0.0:6385
2017-03-21 08:52:01.219 26885 INFO eventlet.wsgi.server [-] (26885) wsgi starting up on http://0.0.0.0:6385
2017-03-21 08:52:01.222 26888 INFO eventlet.wsgi.server [-] (26888) wsgi starting up on http://0.0.0.0:6385
2017-03-21 08:52:01.222 26895 INFO eventlet.wsgi.server [-] (26895) wsgi starting up on http://0.0.0.0:6385
2017-03-21 08:52:01.223 26896 INFO eventlet.wsgi.server [-] (26896) wsgi starting up on http://0.0.0.0:6385
2017-03-21 08:52:01.225 26891 INFO eventlet.wsgi.server [-] (26891) wsgi starting up on http://0.0.0.0:6385
2017-03-21 08:52:01.225 26894 INFO eventlet.wsgi.server [-] (26894) wsgi starting up on http://0.0.0.0:6385
2017-03-21 08:52:01.226 26898 INFO eventlet.wsgi.server [-] (26898) wsgi starting up on http://0.0.0.0:6385
2017-03-21 08:52:01.226 26897 INFO eventlet.wsgi.server [-] (26897) wsgi starting up on http://0.0.0.0:6385
2017-03-21 08:52:01.228 26783 WARNING oslo_config.cfg [-] Option "rabbit_password" from group "DEFAULT" is deprecated. Use option "rabbit_password" from group "oslo_messaging_rabbit".
2017-03-21 08:52:01.227 26899 INFO eventlet.wsgi.server [-] (26899) wsgi starting up on http://0.0.0.0:6385
2017-03-21 08:52:01.228 26783 WARNING oslo_config.cfg [-] Option "rabbit_password" from group "oslo_messaging_rabbit" is deprecated for removal. Its value may be silently ignored in the future.
2017-03-21 08:52:01.229 26783 WARNING oslo_config.cfg [-] Option "rabbit_userid" from group "DEFAULT" is deprecated. Use option "rabbit_userid" from group "oslo_messaging_rabbit".
2017-03-21 08:52:01.229 26783 WARNING oslo_config.cfg [-] Option "rabbit_userid" from group "oslo_messaging_rabbit" is deprecated for removal. Its value may be silently ignored in the future.
2017-03-21 08:53:01.304 26892 ERROR wsme.api [req-c49b651c-9963-4148-a73f-d82724a5840f - - - - -] Server-side error: "(pymysql.err.InternalError) (1049, u"Unknown database 'ironic'")". Detail: Traceback (most recent call last): File "/usr/local/lib/python2.7/dist-packages/wsmeext/pecan.py", line 85, in callfunction result = f(self, *args, **kwargs)
File "/usr/local/lib/python2.7/dist-packages/ironic/api/controllers/v1/node.py", line 1456, in get_all fields=fields)
File "/usr/local/lib/python2.7/dist-packages/ironic/api/controllers/v1/node.py", line 1310, in _get_nodes_collection filters=filters)
File "/usr/local/lib/python2.7/dist-packages/ironic/objects/node.py", line 255, in list sort_dir=sort_dir)
File "/usr/local/lib/python2.7/dist-packages/ironic/db/sqlalchemy/api.py", line 260, in get_node_list query = _get_node_query_with_tags()
File "/usr/local/lib/python2.7/dist-packages/ironic/db/sqlalchemy/api.py", line 67, in _get_node_query_with_tags return model_query(models.Node).options(joinedload('tags'))
File "/usr/local/lib/python2.7/dist-packages/ironic/db/sqlalchemy/api.py", line 76, in model_query with _session_for_read() as session: File "/usr/lib/python2.7/contextlib.py", line 17, in __enter__ return self.gen.next()
File "/usr/local/lib/python2.7/dist-packages/oslo_db/sqlalchemy/enginefacade.py", line 1012, in _transaction_scope allow_async=self._allow_async) as resource: File "/usr/lib/python2.7/contextlib.py", line 17, in __enter__ return self.gen.next()
File "/usr/local/lib/python2.7/dist-packages/oslo_db/sqlalchemy/enginefacade.py", line 625, in _session bind=self.connection, mode=self.mode)
File "/usr/local/lib/python2.7/dist-packages/oslo_db/sqlalchemy/enginefacade.py", line 395, in _create_session self._start()
File "/usr/local/lib/python2.7/dist-packages/oslo_db/sqlalchemy/enginefacade.py", line 481, in _start engine_args, maker_args)
