2017-03-21 10:46:59.898 9764 INFO oslo.service.wsgi [-] Stopping WSGI server.
2017-03-21 10:46:59.899 9759 INFO eventlet.wsgi.server [-] (9759) wsgi exited, is_accepting=True
2017-03-21 10:46:59.898 9761 INFO oslo.service.wsgi [-] Stopping WSGI server.
2017-03-21 10:46:59.899 14552 INFO eventlet.wsgi.server [-] (14552) wsgi exited, is_accepting=True
2017-03-21 10:46:59.899 9761 INFO eventlet.wsgi.server [-] (9761) wsgi exited, is_accepting=True
2017-03-21 10:46:59.899 9770 INFO oslo.service.wsgi [-] Stopping WSGI server.
2017-03-21 10:46:59.899 9764 INFO eventlet.wsgi.server [-] (9764) wsgi exited, is_accepting=True
2017-03-21 10:46:59.899 9763 INFO oslo.service.wsgi [-] Stopping WSGI server.
2017-03-21 10:46:59.900 9770 INFO eventlet.wsgi.server [-] (9770) wsgi exited, is_accepting=True
2017-03-21 10:46:59.900 9763 INFO eventlet.wsgi.server [-] (9763) wsgi exited, is_accepting=True
2017-03-21 10:46:59.902 14497 INFO oslo.service.wsgi [-] Stopping WSGI server.
2017-03-21 10:46:59.902 14497 INFO eventlet.wsgi.server [-] (14497) wsgi exited, is_accepting=True
2017-03-21 10:46:59.903 9661 INFO oslo_service.service [-] Child 9756 exited with status 0
2017-03-21 10:46:59.904 9769 INFO oslo.service.wsgi [-] Stopping WSGI server.
2017-03-21 10:46:59.905 9769 INFO eventlet.wsgi.server [-] (9769) wsgi exited, is_accepting=True
2017-03-21 10:46:59.906 12561 INFO oslo.service.wsgi [-] Stopping WSGI server.
2017-03-21 10:46:59.907 12561 INFO eventlet.wsgi.server [-] (12561) wsgi exited, is_accepting=True
2017-03-21 10:46:59.905 9661 INFO oslo_service.service [-] Child 9759 exited with status 0
2017-03-21 10:46:59.909 12351 INFO oslo.service.wsgi [-] Stopping WSGI server.
2017-03-21 10:46:59.910 12351 INFO eventlet.wsgi.server [-] (12351) wsgi exited, is_accepting=True
2017-03-21 10:46:59.909 9661 INFO oslo_service.service [-] Child 9761 exited with status 0
2017-03-21 10:46:59.912 14859 INFO eventlet.wsgi.server [-] (14859) wsgi starting up on http://0.0.0.0:6385
2017-03-21 10:46:59.912 9661 INFO oslo_service.service [-] Child 9763 exited with status 0
2017-03-21 10:46:59.915 14860 INFO eventlet.wsgi.server [-] (14860) wsgi starting up on http://0.0.0.0:6385
2017-03-21 10:46:59.915 9661 INFO oslo_service.service [-] Child 9764 exited with status 0
2017-03-21 10:46:59.918 14861 INFO eventlet.wsgi.server [-] (14861) wsgi starting up on http://0.0.0.0:6385
2017-03-21 10:46:59.919 9661 INFO oslo_service.service [-] Child 9766 exited with status 0
2017-03-21 10:46:59.921 14862 INFO eventlet.wsgi.server [-] (14862) wsgi starting up on http://0.0.0.0:6385
2017-03-21 10:46:59.922 9661 INFO oslo_service.service [-] Child 9768 exited with status 0
2017-03-21 10:46:59.924 14863 INFO eventlet.wsgi.server [-] (14863) wsgi starting up on http://0.0.0.0:6385
2017-03-21 10:46:59.928 14864 INFO eventlet.wsgi.server [-] (14864) wsgi starting up on http://0.0.0.0:6385
2017-03-21 10:46:59.925 9661 INFO oslo_service.service [-] Child 9769 exited with status 0
2017-03-21 10:46:59.930 9661 INFO oslo_service.service [-] Child 9770 exited with status 0
2017-03-21 10:46:59.934 14865 INFO eventlet.wsgi.server [-] (14865) wsgi starting up on http://0.0.0.0:6385
2017-03-21 10:46:59.933 9661 INFO oslo_service.service [-] Child 12351 exited with status 0
2017-03-21 10:46:59.936 14866 INFO eventlet.wsgi.server [-] (14866) wsgi starting up on http://0.0.0.0:6385
2017-03-21 10:46:59.937 9661 INFO oslo_service.service [-] Child 12381 exited with status 0
2017-03-21 10:46:59.939 14867 INFO eventlet.wsgi.server [-] (14867) wsgi starting up on http://0.0.0.0:6385
2017-03-21 10:46:59.940 9661 INFO oslo_service.service [-] Child 12388 exited with status 0
2017-03-21 10:46:59.942 14868 INFO eventlet.wsgi.server [-] (14868) wsgi starting up on http://0.0.0.0:6385
2017-03-21 10:46:59.943 9661 INFO oslo_service.service [-] Child 12561 exited with status 0
2017-03-21 10:46:59.947 14869 INFO eventlet.wsgi.server [-] (14869) wsgi starting up on http://0.0.0.0:6385
2017-03-21 10:46:59.946 9661 INFO oslo_service.service [-] Child 14493 exited with status 0
2017-03-21 10:46:59.949 14870 INFO eventlet.wsgi.server [-] (14870) wsgi starting up on http://0.0.0.0:6385
2017-03-21 10:46:59.949 9661 INFO oslo_service.service [-] Child 14497 exited with status 0
2017-03-21 10:46:59.951 9661 INFO oslo_service.service [-] Forking too fast, sleeping
2017-03-21 10:46:59.952 14872 INFO eventlet.wsgi.server [-] (14872) wsgi starting up on http://0.0.0.0:6385
2017-03-21 10:46:59.955 14874 INFO eventlet.wsgi.server [-] (14874) wsgi starting up on http://0.0.0.0:6385
2017-03-21 10:47:00.956 9661 INFO oslo_service.service [-] Caught SIGTERM, stopping children
2017-03-21 10:47:00.960 9661 INFO oslo.service.wsgi [-] Stopping WSGI server.
2017-03-21 10:47:00.960 9661 INFO oslo_service.service [-] Waiting on 16 children to exit
2017-03-21 10:47:00.961 9661 INFO oslo_service.service [-] Child 14552 exited with status 0
2017-03-21 10:47:00.961 14869 INFO oslo.service.wsgi [-] Stopping WSGI server.
2017-03-21 10:47:00.961 14862 INFO oslo.service.wsgi [-] Stopping WSGI server.
2017-03-21 10:47:00.961 14864 INFO oslo.service.wsgi [-] Stopping WSGI server.
2017-03-21 10:47:00.961 14863 INFO oslo.service.wsgi [-] Stopping WSGI server.
2017-03-21 10:47:00.961 14867 INFO oslo.service.wsgi [-] Stopping WSGI server.
2017-03-21 10:47:00.962 14869 INFO eventlet.wsgi.server [-] (14869) wsgi exited, is_accepting=True
2017-03-21 10:47:00.962 14862 INFO eventlet.wsgi.server [-] (14862) wsgi exited, is_accepting=True
2017-03-21 10:47:00.962 14864 INFO eventlet.wsgi.server [-] (14864) wsgi exited, is_accepting=True
2017-03-21 10:47:00.962 14867 INFO eventlet.wsgi.server [-] (14867) wsgi exited, is_accepting=True
2017-03-21 10:47:00.962 14863 INFO eventlet.wsgi.server [-] (14863) wsgi exited, is_accepting=True
2017-03-21 10:47:00.962 14882 INFO oslo.service.wsgi [-] Stopping WSGI server.
2017-03-21 10:47:00.966 9661 INFO oslo_service.service [-] Child 14869 exited with status 0
2017-03-21 10:47:00.966 14859 INFO oslo.service.wsgi [-] Stopping WSGI server.
2017-03-21 10:47:00.967 9661 INFO oslo_service.service [-] Child 14864 exited with status 0
2017-03-21 10:47:00.967 9661 INFO oslo_service.service [-] Child 14882 exited with status 0
2017-03-21 10:47:00.967 14859 INFO eventlet.wsgi.server [-] (14859) wsgi exited, is_accepting=True
2017-03-21 10:47:00.967 14861 INFO oslo.service.wsgi [-] Stopping WSGI server.
2017-03-21 10:47:00.968 14861 INFO eventlet.wsgi.server [-] (14861) wsgi exited, is_accepting=True
2017-03-21 10:47:00.968 9661 INFO oslo_service.service [-] Child 14867 exited with status 0
2017-03-21 10:47:00.968 14860 INFO oslo.service.wsgi [-] Stopping WSGI server.
2017-03-21 10:47:00.969 14874 INFO oslo.service.wsgi [-] Stopping WSGI server.
2017-03-21 10:47:00.969 14860 INFO eventlet.wsgi.server [-] (14860) wsgi exited, is_accepting=True
2017-03-21 10:47:00.970 14874 INFO eventlet.wsgi.server [-] (14874) wsgi exited, is_accepting=True
2017-03-21 10:47:00.971 9661 INFO oslo_service.service [-] Child 14859 exited with status 0
2017-03-21 10:47:00.971 14868 INFO oslo.service.wsgi [-] Stopping WSGI server.
2017-03-21 10:47:00.972 9661 INFO oslo_service.service [-] Child 14861 exited with status 0
2017-03-21 10:47:00.972 14868 INFO eventlet.wsgi.server [-] (14868) wsgi exited, is_accepting=True
2017-03-21 10:47:00.972 14866 INFO oslo.service.wsgi [-] Stopping WSGI server.
2017-03-21 10:47:00.973 14866 INFO eventlet.wsgi.server [-] (14866) wsgi exited, is_accepting=True
2017-03-21 10:47:00.974 9661 INFO oslo_service.service [-] Child 14860 exited with status 0
2017-03-21 10:47:00.975 9661 INFO oslo_service.service [-] Child 14874 exited with status 0
2017-03-21 10:47:00.975 9661 INFO oslo_service.service [-] Child 14863 exited with status 0
2017-03-21 10:47:00.975 14870 INFO oslo.service.wsgi [-] Stopping WSGI server.
2017-03-21 10:47:00.976 9661 INFO oslo_service.service [-] Child 14868 exited with status 0
2017-03-21 10:47:00.976 14870 INFO eventlet.wsgi.server [-] (14870) wsgi exited, is_accepting=True
2017-03-21 10:47:00.976 14865 INFO oslo.service.wsgi [-] Stopping WSGI server.
2017-03-21 10:47:00.976 9661 INFO oslo_service.service [-] Child 14866 exited with status 0
2017-03-21 10:47:00.977 14865 INFO eventlet.wsgi.server [-] (14865) wsgi exited, is_accepting=True
2017-03-21 10:47:00.979 9661 INFO oslo_service.service [-] Child 14870 exited with status 0
2017-03-21 10:47:00.980 9661 INFO oslo_service.service [-] Child 14865 exited with status 0
2017-03-21 10:47:00.981 9661 INFO oslo_service.service [-] Child 14862 exited with status 0
2017-03-21 10:47:00.981 14872 INFO oslo.service.wsgi [-] Stopping WSGI server.
2017-03-21 10:47:00.982 14872 INFO eventlet.wsgi.server [-] (14872) wsgi exited, is_accepting=True
2017-03-21 10:47:00.985 9661 INFO oslo_service.service [-] Child 14872 exited with status 0
2017-03-21 10:47:02.611 14892 INFO oslo.service.wsgi [-] ironic_api listening on 0.0.0.0:6385
2017-03-21 10:47:02.612 14892 INFO oslo_service.service [-] Starting 16 workers
2017-03-21 10:47:02.620 14921 INFO eventlet.wsgi.server [-] (14921) wsgi starting up on http://0.0.0.0:6385
2017-03-21 10:47:02.623 14923 INFO eventlet.wsgi.server [-] (14923) wsgi starting up on http://0.0.0.0:6385
2017-03-21 10:47:02.624 14924 INFO eventlet.wsgi.server [-] (14924) wsgi starting up on http://0.0.0.0:6385
2017-03-21 10:47:02.625 14926 INFO eventlet.wsgi.server [-] (14926) wsgi starting up on http://0.0.0.0:6385
2017-03-21 10:47:02.628 14922 INFO eventlet.wsgi.server [-] (14922) wsgi starting up on http://0.0.0.0:6385
2017-03-21 10:47:02.629 14929 INFO eventlet.wsgi.server [-] (14929) wsgi starting up on http://0.0.0.0:6385
2017-03-21 10:47:02.631 14931 INFO eventlet.wsgi.server [-] (14931) wsgi starting up on http://0.0.0.0:6385
2017-03-21 10:47:02.632 14932 INFO eventlet.wsgi.server [-] (14932) wsgi starting up on http://0.0.0.0:6385
2017-03-21 10:47:02.632 14925 INFO eventlet.wsgi.server [-] (14925) wsgi starting up on http://0.0.0.0:6385
2017-03-21 10:47:02.634 14927 INFO eventlet.wsgi.server [-] (14927) wsgi starting up on http://0.0.0.0:6385
2017-03-21 10:47:02.634 14934 INFO eventlet.wsgi.server [-] (14934) wsgi starting up on http://0.0.0.0:6385
2017-03-21 10:47:02.636 14928 INFO eventlet.wsgi.server [-] (14928) wsgi starting up on http://0.0.0.0:6385
2017-03-21 10:47:02.637 14892 WARNING oslo_config.cfg [-] Option "rabbit_password" from group "DEFAULT" is deprecated. Use option "rabbit_password" from group "oslo_messaging_rabbit".
2017-03-21 10:47:02.638 14892 WARNING oslo_config.cfg [-] Option "rabbit_password" from group "oslo_messaging_rabbit" is deprecated for removal. Its value may be silently ignored in the future.
2017-03-21 10:47:02.638 14892 WARNING oslo_config.cfg [-] Option "rabbit_userid" from group "DEFAULT" is deprecated. Use option "rabbit_userid" from group "oslo_messaging_rabbit".
2017-03-21 10:47:02.638 14892 WARNING oslo_config.cfg [-] Option "rabbit_userid" from group "oslo_messaging_rabbit" is deprecated for removal. Its value may be silently ignored in the future.
2017-03-21 10:47:02.640 14936 INFO eventlet.wsgi.server [-] (14936) wsgi starting up on http://0.0.0.0:6385
2017-03-21 10:47:02.640 14930 INFO eventlet.wsgi.server [-] (14930) wsgi starting up on http://0.0.0.0:6385
2017-03-21 10:47:02.641 14933 INFO eventlet.wsgi.server [-] (14933) wsgi starting up on http://0.0.0.0:6385
2017-03-21 10:47:02.636 14935 INFO eventlet.wsgi.server [-] (14935) wsgi starting up on http://0.0.0.0:6385
2017-03-21 10:48:00.513 14936 INFO eventlet.wsgi.server [req-0243ce3c-f1f1-4e37-b082-6155cc3d1b38 - - - - -] 127.0.0.1 "GET /v1/nodes HTTP/1.1" status: 200 len: 338 time: 0.2064359
2017-03-21 10:49:00.474 14934 INFO eventlet.wsgi.server [req-f8f2aa4d-e6f2-47e7-b034-9258284fa326 - - - - -] 127.0.0.1 "GET /v1/nodes HTTP/1.1" status: 200 len: 338 time: 0.2016349
2017-03-21 10:50:00.423 14922 INFO eventlet.wsgi.server [req-422cf200-9ccb-49c0-afe6-63cac8640303 - - - - -] 127.0.0.1 "GET /v1/nodes HTTP/1.1" status: 200 len: 338 time: 0.1477201
2017-03-21 10:51:00.321 14936 INFO eventlet.wsgi.server [req-d886f090-d7c3-4a19-a68b-2b7875567e86 - - - - -] 127.0.0.1 "GET /v1/nodes HTTP/1.1" status: 200 len: 338 time: 0.0379848
2017-03-21 10:52:00.434 14926 INFO eventlet.wsgi.server [req-da8d6ea9-9d49-4731-9fc8-c9ee21ebd23a - - - - -] 127.0.0.1 "GET /v1/nodes HTTP/1.1" status: 200 len: 338 time: 0.1521130
2017-03-21 10:53:00.486 14927 INFO eventlet.wsgi.server [req-88415e3a-3520-493c-899a-d69896d7f2f2 - - - - -] 127.0.0.1 "GET /v1/nodes HTTP/1.1" status: 200 len: 338 time: 0.2023270
2017-03-21 10:54:00.499 14928 INFO eventlet.wsgi.server [req-93533698-100e-4888-a088-1f745a312f6d - - - - -] 127.0.0.1 "GET /v1/nodes HTTP/1.1" status: 200 len: 338 time: 0.2163842
2017-03-21 10:54:11.041 14936 INFO eventlet.wsgi.server [req-bff3acaa-f778-4770-a9cc-0059aa1879c4 - - - - -] 127.0.0.1 "GET /v1/nodes/f7647c75-31e7-5dc3-be4d-1011a681070a HTTP/1.1" status: 404 len: 485 time: 0.0119832
2017-03-21 10:54:11.058 14936 WARNING oslo_config.cfg [req-d3345e8c-8aa2-4d86-b7cb-a82a46c84204 - - - - -] Option "rabbit_userid" from group "DEFAULT" is deprecated. Use option "rabbit_userid" from group "oslo_messaging_rabbit".
2017-03-21 10:54:11.058 14936 WARNING oslo_config.cfg [req-d3345e8c-8aa2-4d86-b7cb-a82a46c84204 - - - - -] Option "rabbit_userid" from group "oslo_messaging_rabbit" is deprecated for removal. Its value may be silently ignored in the future.
2017-03-21 10:54:11.059 14936 WARNING oslo_config.cfg [req-d3345e8c-8aa2-4d86-b7cb-a82a46c84204 - - - - -] Option "rabbit_password" from group "DEFAULT" is deprecated. Use option "rabbit_password" from group "oslo_messaging_rabbit".
2017-03-21 10:54:11.059 14936 WARNING oslo_config.cfg [req-d3345e8c-8aa2-4d86-b7cb-a82a46c84204 - - - - -] Option "rabbit_password" from group "oslo_messaging_rabbit" is deprecated for removal. Its value may be silently ignored in the future.
2017-03-21 10:54:11.095 14926 INFO eventlet.wsgi.server [req-b88f6700-e940-433b-a270-c1e355b23f77 - - - - -] 127.0.0.1 "GET /v1/nodes/a960e3ed-9e08-51e2-a4b4-29ea8fee5576 HTTP/1.1" status: 404 len: 485 time: 0.0125871
2017-03-21 10:54:11.114 14926 WARNING oslo_config.cfg [req-b7f1beb7-bb81-44d6-95d2-030a02eda541 - - - - -] Option "rabbit_userid" from group "DEFAULT" is deprecated. Use option "rabbit_userid" from group "oslo_messaging_rabbit".
2017-03-21 10:54:11.114 14926 WARNING oslo_config.cfg [req-b7f1beb7-bb81-44d6-95d2-030a02eda541 - - - - -] Option "rabbit_userid" from group "oslo_messaging_rabbit" is deprecated for removal. Its value may be silently ignored in the future.
2017-03-21 10:54:11.115 14926 WARNING oslo_config.cfg [req-b7f1beb7-bb81-44d6-95d2-030a02eda541 - - - - -] Option "rabbit_password" from group "DEFAULT" is deprecated. Use option "rabbit_password" from group "oslo_messaging_rabbit".
2017-03-21 10:54:11.115 14926 WARNING oslo_config.cfg [req-b7f1beb7-bb81-44d6-95d2-030a02eda541 - - - - -] Option "rabbit_password" from group "oslo_messaging_rabbit" is deprecated for removal. Its value may be silently ignored in the future.
2017-03-21 10:54:11.131 14933 INFO eventlet.wsgi.server [req-7865a4a1-63e0-4429-b019-8d1c097dbbd1 - - - - -] 127.0.0.1 "GET /v1/nodes/78544ab5-49df-5a83-acfa-2068ac465b21 HTTP/1.1" status: 404 len: 485 time: 0.1866050
2017-03-21 10:54:11.151 14933 WARNING oslo_config.cfg [req-9cc4183a-c10a-496b-bcac-4450a8de657b - - - - -] Option "rabbit_userid" from group "DEFAULT" is deprecated. Use option "rabbit_userid" from group "oslo_messaging_rabbit".
2017-03-21 10:54:11.152 14933 WARNING oslo_config.cfg [req-9cc4183a-c10a-496b-bcac-4450a8de657b - - - - -] Option "rabbit_userid" from group "oslo_messaging_rabbit" is deprecated for removal. Its value may be silently ignored in the future.
2017-03-21 10:54:11.152 14933 WARNING oslo_config.cfg [req-9cc4183a-c10a-496b-bcac-4450a8de657b - - - - -] Option "rabbit_password" from group "DEFAULT" is deprecated. Use option "rabbit_password" from group "oslo_messaging_rabbit".
2017-03-21 10:54:11.152 14933 WARNING oslo_config.cfg [req-9cc4183a-c10a-496b-bcac-4450a8de657b - - - - -] Option "rabbit_password" from group "oslo_messaging_rabbit" is deprecated for removal. Its value may be silently ignored in the future.
2017-03-21 10:54:11.189 14936 INFO eventlet.wsgi.server [req-d3345e8c-8aa2-4d86-b7cb-a82a46c84204 - - - - -] 127.0.0.1 "POST /v1/nodes HTTP/1.1" status: 201 len: 1762 time: 0.1460299
2017-03-21 10:54:11.263 14926 INFO eventlet.wsgi.server [req-b7f1beb7-bb81-44d6-95d2-030a02eda541 - - - - -] 127.0.0.1 "POST /v1/nodes HTTP/1.1" status: 201 len: 1766 time: 0.1647630
2017-03-21 10:54:11.461 14936 INFO eventlet.wsgi.server [req-4e161e4d-fae1-4c1d-9a4f-5769d8dacdd1 - - - - -] 127.0.0.1 "POST /v1/ports HTTP/1.1" status: 201 len: 829 time: 0.2651491
2017-03-21 10:54:11.461 14933 INFO eventlet.wsgi.server [req-9cc4183a-c10a-496b-bcac-4450a8de657b - - - - -] 127.0.0.1 "POST /v1/nodes HTTP/1.1" status: 201 len: 1763 time: 0.3270569
2017-03-21 10:54:11.571 14926 INFO eventlet.wsgi.server [req-0df9df69-2e4f-438a-8be8-c085224986b4 - - - - -] 127.0.0.1 "POST /v1/ports HTTP/1.1" status: 201 len: 829 time: 0.3061051
2017-03-21 10:54:11.705 14933 INFO eventlet.wsgi.server [req-0e9b0906-a3b6-48f1-ab2f-efdb2abce12f - - - - -] 127.0.0.1 "POST /v1/ports HTTP/1.1" status: 201 len: 829 time: 0.2405670
2017-03-21 10:54:15.075 14922 INFO eventlet.wsgi.server [req-429fc197-dba7-42a9-82bb-1549d25566b3 - - - - -] 127.0.0.1 "GET /v1/nodes/78544ab5-49df-5a83-acfa-2068ac465b21 HTTP/1.1" status: 200 len: 1679 time: 0.0163441
2017-03-21 10:54:15.089 14922 INFO eventlet.wsgi.server [req-af6bf5fe-adb5-477d-a377-845ceca8bf73 - - - - -] 127.0.0.1 "GET /v1/nodes/78544ab5-49df-5a83-acfa-2068ac465b21 HTTP/1.1" status: 200 len: 1679 time: 0.0112970
2017-03-21 10:54:15.115 14922 WARNING oslo_config.cfg [req-bc1f9969-632b-4d95-b80c-733e5828f406 - - - - -] Option "rabbit_userid" from group "DEFAULT" is deprecated. Use option "rabbit_userid" from group "oslo_messaging_rabbit".
2017-03-21 10:54:15.115 14922 WARNING oslo_config.cfg [req-bc1f9969-632b-4d95-b80c-733e5828f406 - - - - -] Option "rabbit_userid" from group "oslo_messaging_rabbit" is deprecated for removal. Its value may be silently ignored in the future.
2017-03-21 10:54:15.115 14922 WARNING oslo_config.cfg [req-bc1f9969-632b-4d95-b80c-733e5828f406 - - - - -] Option "rabbit_password" from group "DEFAULT" is deprecated. Use option "rabbit_password" from group "oslo_messaging_rabbit".
2017-03-21 10:54:15.115 14922 WARNING oslo_config.cfg [req-bc1f9969-632b-4d95-b80c-733e5828f406 - - - - -] Option "rabbit_password" from group "oslo_messaging_rabbit" is deprecated for removal. Its value may be silently ignored in the future.
2017-03-21 10:54:15.116 14928 INFO eventlet.wsgi.server [req-58f70558-30aa-4f92-bc87-4720141a3f13 - - - - -] 127.0.0.1 "GET /v1/nodes/a960e3ed-9e08-51e2-a4b4-29ea8fee5576 HTTP/1.1" status: 200 len: 1682 time: 0.0193419
2017-03-21 10:54:15.135 14928 INFO eventlet.wsgi.server [req-5abc3135-8425-400f-9085-1b6adba80378 - - - - -] 127.0.0.1 "GET /v1/nodes/a960e3ed-9e08-51e2-a4b4-29ea8fee5576 HTTP/1.1" status: 200 len: 1682 time: 0.0169520
2017-03-21 10:54:15.163 14928 WARNING oslo_config.cfg [req-6f3b6f3a-3ca0-47e4-84b2-6c6c612212a9 - - - - -] Option "rabbit_userid" from group "DEFAULT" is deprecated. Use option "rabbit_userid" from group "oslo_messaging_rabbit".
2017-03-21 10:54:15.164 14928 WARNING oslo_config.cfg [req-6f3b6f3a-3ca0-47e4-84b2-6c6c612212a9 - - - - -] Option "rabbit_userid" from group "oslo_messaging_rabbit" is deprecated for removal. Its value may be silently ignored in the future.
2017-03-21 10:54:15.165 14928 WARNING oslo_config.cfg [req-6f3b6f3a-3ca0-47e4-84b2-6c6c612212a9 - - - - -] Option "rabbit_password" from group "DEFAULT" is deprecated. Use option "rabbit_password" from group "oslo_messaging_rabbit".
2017-03-21 10:54:15.165 14928 WARNING oslo_config.cfg [req-6f3b6f3a-3ca0-47e4-84b2-6c6c612212a9 - - - - -] Option "rabbit_password" from group "oslo_messaging_rabbit" is deprecated for removal. Its value may be silently ignored in the future.
2017-03-21 10:54:15.211 14925 INFO eventlet.wsgi.server [req-747bddfb-dae9-4aed-9035-30b0296dc255 - - - - -] 127.0.0.1 "GET /v1/nodes/f7647c75-31e7-5dc3-be4d-1011a681070a HTTP/1.1" status: 200 len: 1678 time: 0.1846890
2017-03-21 10:54:15.230 14925 INFO eventlet.wsgi.server [req-e818b54d-1e25-484f-a8f1-95b2f580613b - - - - -] 127.0.0.1 "GET /v1/nodes/f7647c75-31e7-5dc3-be4d-1011a681070a HTTP/1.1" status: 200 len: 1678 time: 0.0160031
2017-03-21 10:54:15.254 14925 WARNING oslo_config.cfg [req-2a1821e7-e1b6-497f-8ef3-5c3e894bb074 - - - - -] Option "rabbit_userid" from group "DEFAULT" is deprecated. Use option "rabbit_userid" from group "oslo_messaging_rabbit".
2017-03-21 10:54:15.255 14925 WARNING oslo_config.cfg [req-2a1821e7-e1b6-497f-8ef3-5c3e894bb074 - - - - -] Option "rabbit_userid" from group "oslo_messaging_rabbit" is deprecated for removal. Its value may be silently ignored in the future.
2017-03-21 10:54:15.255 14925 WARNING oslo_config.cfg [req-2a1821e7-e1b6-497f-8ef3-5c3e894bb074 - - - - -] Option "rabbit_password" from group "DEFAULT" is deprecated. Use option "rabbit_password" from group "oslo_messaging_rabbit".
2017-03-21 10:54:15.255 14925 WARNING oslo_config.cfg [req-2a1821e7-e1b6-497f-8ef3-5c3e894bb074 - - - - -] Option "rabbit_password" from group "oslo_messaging_rabbit" is deprecated for removal. Its value may be silently ignored in the future.
2017-03-21 10:54:16.916 14928 INFO eventlet.wsgi.server [req-6f3b6f3a-3ca0-47e4-84b2-6c6c612212a9 - - - - -] 127.0.0.1 "PUT /v1/nodes/a960e3ed-9e08-51e2-a4b4-29ea8fee5576/states/provision HTTP/1.1" status: 202 len: 383 time: 1.7787001
2017-03-21 10:54:16.948 14928 INFO eventlet.wsgi.server [req-5661319d-8f31-4059-813c-701608f3efdc - - - - -] 127.0.0.1 "GET /v1/nodes/a960e3ed-9e08-51e2-a4b4-29ea8fee5576 HTTP/1.1" status: 200 len: 1729 time: 0.0296431
2017-03-21 10:54:17.193 14922 INFO eventlet.wsgi.server [req-bc1f9969-632b-4d95-b80c-733e5828f406 - - - - -] 127.0.0.1 "PUT /v1/nodes/78544ab5-49df-5a83-acfa-2068ac465b21/states/provision HTTP/1.1" status: 202 len: 383 time: 2.1018679
2017-03-21 10:54:17.206 14925 INFO eventlet.wsgi.server [req-2a1821e7-e1b6-497f-8ef3-5c3e894bb074 - - - - -] 127.0.0.1 "PUT /v1/nodes/f7647c75-31e7-5dc3-be4d-1011a681070a/states/provision HTTP/1.1" status: 202 len: 383 time: 1.9740500
2017-03-21 10:54:17.222 14922 INFO eventlet.wsgi.server [req-453b3ed4-a980-4b26-9cd1-68d8999d5930 - - - - -] 127.0.0.1 "GET /v1/nodes/78544ab5-49df-5a83-acfa-2068ac465b21 HTTP/1.1" status: 200 len: 1726 time: 0.0254641
2017-03-21 10:54:17.233 14925 INFO eventlet.wsgi.server [req-146ca0f0-dbf4-4764-83ba-e7de44fb39fa - - - - -] 127.0.0.1 "GET /v1/nodes/f7647c75-31e7-5dc3-be4d-1011a681070a HTTP/1.1" status: 200 len: 1725 time: 0.0244479
2017-03-21 10:54:18.384 14928 INFO eventlet.wsgi.server [req-e57cc05d-5dc6-4e01-ae04-bdf49deca6d0 - - - - -] 127.0.0.1 "PUT /v1/nodes/a960e3ed-9e08-51e2-a4b4-29ea8fee5576/states/provision HTTP/1.1" status: 202 len: 383 time: 1.4317291
2017-03-21 10:54:18.412 14928 INFO eventlet.wsgi.server [req-dc72570b-df82-49f6-854e-9847f0bd10f0 - - - - -] 127.0.0.1 "GET /v1/nodes/a960e3ed-9e08-51e2-a4b4-29ea8fee5576 HTTP/1.1" status: 200 len: 1760 time: 0.0247610
2017-03-21 10:54:18.432 14928 INFO eventlet.wsgi.server [req-e2b0dcd0-991d-44fe-8fce-13d5241308b0 - - - - -] 127.0.0.1 "GET /v1/nodes/a960e3ed-9e08-51e2-a4b4-29ea8fee5576 HTTP/1.1" status: 200 len: 1760 time: 0.0168252
2017-03-21 10:54:18.538 14923 INFO eventlet.wsgi.server [req-045a3290-9d10-4b92-80e1-4ab4827b0f70 - - - - -] 127.0.0.1 "GET /v1/nodes/a960e3ed-9e08-51e2-a4b4-29ea8fee5576 HTTP/1.1" status: 200 len: 1779 time: 0.1310341
2017-03-21 10:54:18.560 14923 WARNING oslo_config.cfg [req-4d9e3ca9-99f9-4d9b-857a-cb0fd4dcb82b - - - - -] Option "rabbit_userid" from group "DEFAULT" is deprecated. Use option "rabbit_userid" from group "oslo_messaging_rabbit".
2017-03-21 10:54:18.560 14923 WARNING oslo_config.cfg [req-4d9e3ca9-99f9-4d9b-857a-cb0fd4dcb82b - - - - -] Option "rabbit_userid" from group "oslo_messaging_rabbit" is deprecated for removal. Its value may be silently ignored in the future.
2017-03-21 10:54:18.560 14923 WARNING oslo_config.cfg [req-4d9e3ca9-99f9-4d9b-857a-cb0fd4dcb82b - - - - -] Option "rabbit_password" from group "DEFAULT" is deprecated. Use option "rabbit_password" from group "oslo_messaging_rabbit".
2017-03-21 10:54:18.560 14923 WARNING oslo_config.cfg [req-4d9e3ca9-99f9-4d9b-857a-cb0fd4dcb82b - - - - -] Option "rabbit_password" from group "oslo_messaging_rabbit" is deprecated for removal. Its value may be silently ignored in the future.
2017-03-21 10:54:18.617 14923 INFO eventlet.wsgi.server [req-4d9e3ca9-99f9-4d9b-857a-cb0fd4dcb82b - - - - -] 127.0.0.1 "GET /v1/nodes/a960e3ed-9e08-51e2-a4b4-29ea8fee5576/validate HTTP/1.1" status: 200 len: 1081 time: 0.0741470
2017-03-21 10:54:18.657 14925 INFO eventlet.wsgi.server [req-ecc335cc-ad9a-42f5-a888-b7260296ccfb - - - - -] 127.0.0.1 "PUT /v1/nodes/f7647c75-31e7-5dc3-be4d-1011a681070a/states/provision HTTP/1.1" status: 202 len: 383 time: 1.4209640
2017-03-21 10:54:18.663 14922 INFO eventlet.wsgi.server [req-c4bd107b-d7e9-45d7-9523-f192b801c069 - - - - -] 127.0.0.1 "PUT /v1/nodes/78544ab5-49df-5a83-acfa-2068ac465b21/states/provision HTTP/1.1" status: 202 len: 383 time: 1.4382000
2017-03-21 10:54:18.685 14925 INFO eventlet.wsgi.server [req-16fc3561-6761-4b46-aa82-313e6902f17f - - - - -] 127.0.0.1 "GET /v1/nodes/f7647c75-31e7-5dc3-be4d-1011a681070a HTTP/1.1" status: 200 len: 1756 time: 0.0234928
2017-03-21 10:54:18.702 14922 INFO eventlet.wsgi.server [req-1ef81931-d436-46f0-ab8d-5acb259eea4e - - - - -] 127.0.0.1 "GET /v1/nodes/78544ab5-49df-5a83-acfa-2068ac465b21 HTTP/1.1" status: 200 len: 1757 time: 0.0345352
2017-03-21 10:54:18.708 14925 INFO eventlet.wsgi.server [req-fe50d7ab-3a4a-474d-ab15-673332be242f - - - - -] 127.0.0.1 "GET /v1/nodes/f7647c75-31e7-5dc3-be4d-1011a681070a HTTP/1.1" status: 200 len: 1756 time: 0.0187640
2017-03-21 10:54:18.731 14922 INFO eventlet.wsgi.server [req-a7bd3590-2f94-4ffc-b2cb-82dcb0b7a340 - - - - -] 127.0.0.1 "GET /v1/nodes/78544ab5-49df-5a83-acfa-2068ac465b21 HTTP/1.1" status: 200 len: 1757 time: 0.0262141
2017-03-21 10:54:19.831 14923 INFO eventlet.wsgi.server [req-00d4302c-80dd-43d2-ac24-c140fe49d7e8 - - - - -] 127.0.0.1 "GET /v1/nodes/a960e3ed-9e08-51e2-a4b4-29ea8fee5576 HTTP/1.1" status: 200 len: 1779 time: 0.0277750
2017-03-21 10:54:19.873 14923 INFO eventlet.wsgi.server [req-201216d4-5e11-4d48-be2a-de2571b5b12e - - - - -] 127.0.0.1 "GET /v1/nodes/a960e3ed-9e08-51e2-a4b4-29ea8fee5576/ports HTTP/1.1" status: 200 len: 623 time: 0.0355370
2017-03-21 10:54:19.957 14931 INFO eventlet.wsgi.server [req-3ff36f57-c1bc-404b-a1b4-d779ddbf63ae - - - - -] 127.0.0.1 "GET /v1/nodes/f7647c75-31e7-5dc3-be4d-1011a681070a HTTP/1.1" status: 200 len: 1775 time: 0.1460660
2017-03-21 10:54:19.981 14931 WARNING oslo_config.cfg [req-38153aec-1f5c-48b5-bc5c-b8eaedaa3399 - - - - -] Option "rabbit_userid" from group "DEFAULT" is deprecated. Use option "rabbit_userid" from group "oslo_messaging_rabbit".
2017-03-21 10:54:19.981 14931 WARNING oslo_config.cfg [req-38153aec-1f5c-48b5-bc5c-b8eaedaa3399 - - - - -] Option "rabbit_userid" from group "oslo_messaging_rabbit" is deprecated for removal. Its value may be silently ignored in the future.
2017-03-21 10:54:19.981 14931 WARNING oslo_config.cfg [req-38153aec-1f5c-48b5-bc5c-b8eaedaa3399 - - - - -] Option "rabbit_password" from group "DEFAULT" is deprecated. Use option "rabbit_password" from group "oslo_messaging_rabbit".
2017-03-21 10:54:19.981 14931 WARNING oslo_config.cfg [req-38153aec-1f5c-48b5-bc5c-b8eaedaa3399 - - - - -] Option "rabbit_password" from group "oslo_messaging_rabbit" is deprecated for removal. Its value may be silently ignored in the future.
2017-03-21 10:54:20.048 14931 INFO eventlet.wsgi.server [req-38153aec-1f5c-48b5-bc5c-b8eaedaa3399 - - - - -] 127.0.0.1 "GET /v1/nodes/f7647c75-31e7-5dc3-be4d-1011a681070a/validate HTTP/1.1" status: 200 len: 1081 time: 0.0865259
2017-03-21 10:54:20.466 14928 INFO eventlet.wsgi.server [req-5c07232d-c98a-466b-8297-898dd13c0c47 - - - - -] 127.0.0.1 "GET /v1/nodes/a960e3ed-9e08-51e2-a4b4-29ea8fee5576 HTTP/1.1" status: 200 len: 1780 time: 0.0282981
2017-03-21 10:54:20.742 14925 INFO eventlet.wsgi.server [req-69e836ba-a3d2-4cfa-9006-8d4eac4f2c4c - - - - -] 127.0.0.1 "GET /v1/nodes/f7647c75-31e7-5dc3-be4d-1011a681070a HTTP/1.1" status: 200 len: 1756 time: 0.0276160
2017-03-21 10:54:20.765 14922 INFO eventlet.wsgi.server [req-70ae2561-792f-44e3-9e1b-a4e7ca82ba9f - - - - -] 127.0.0.1 "GET /v1/nodes/78544ab5-49df-5a83-acfa-2068ac465b21 HTTP/1.1" status: 200 len: 1757 time: 0.0273271
2017-03-21 10:54:20.896 14936 INFO eventlet.wsgi.server [req-69e20d69-ba59-4084-8121-45d8f19a36bb - - - - -] 127.0.0.1 "GET /v1/nodes/78544ab5-49df-5a83-acfa-2068ac465b21 HTTP/1.1" status: 200 len: 1776 time: 0.0186460
2017-03-21 10:54:20.900 14931 INFO eventlet.wsgi.server [req-5fddd6e7-b346-48e8-bf27-eab658550183 - - - - -] 127.0.0.1 "GET /v1/nodes/f7647c75-31e7-5dc3-be4d-1011a681070a HTTP/1.1" status: 200 len: 1775 time: 0.0244629
2017-03-21 10:54:20.964 14936 INFO eventlet.wsgi.server [req-97108f93-096e-434c-8023-41e4fa852b56 - - - - -] 127.0.0.1 "GET /v1/nodes/78544ab5-49df-5a83-acfa-2068ac465b21/validate HTTP/1.1" status: 200 len: 1081 time: 0.0644219
2017-03-21 10:54:22.502 14928 INFO eventlet.wsgi.server [req-d082d10b-0e0a-4ed7-acc1-c58f55391e79 - - - - -] 127.0.0.1 "GET /v1/nodes/a960e3ed-9e08-51e2-a4b4-29ea8fee5576 HTTP/1.1" status: 200 len: 1780 time: 0.0297599
2017-03-21 10:54:22.778 14925 INFO eventlet.wsgi.server [req-f32ad3c8-93b6-4b24-bb3a-faa773c5cc01 - - - - -] 127.0.0.1 "GET /v1/nodes/f7647c75-31e7-5dc3-be4d-1011a681070a HTTP/1.1" status: 200 len: 1756 time: 0.0287170
2017-03-21 10:54:22.784 14922 INFO eventlet.wsgi.server [req-607de6c0-2d30-47b1-b730-454cb9072170 - - - - -] 127.0.0.1 "GET /v1/nodes/78544ab5-49df-5a83-acfa-2068ac465b21 HTTP/1.1" status: 200 len: 1757 time: 0.0130761
2017-03-21 10:54:24.524 14928 INFO eventlet.wsgi.server [req-b48216de-b8b3-4807-ab03-9979e6489347 - - - - -] 127.0.0.1 "GET /v1/nodes/a960e3ed-9e08-51e2-a4b4-29ea8fee5576 HTTP/1.1" status: 200 len: 1780 time: 0.0150821
2017-03-21 10:54:24.769 14936 INFO eventlet.wsgi.server [req-ff75dc7f-87a4-496c-919d-ee58fdcf45a5 - - - - -] 127.0.0.1 "GET /v1/nodes/78544ab5-49df-5a83-acfa-2068ac465b21 HTTP/1.1" status: 200 len: 1776 time: 0.0299878
2017-03-21 10:54:24.815 14925 INFO eventlet.wsgi.server [req-665bf0b1-51f1-44bb-a997-0da873ed1415 - - - - -] 127.0.0.1 "GET /v1/nodes/f7647c75-31e7-5dc3-be4d-1011a681070a HTTP/1.1" status: 200 len: 1756 time: 0.0306640
2017-03-21 10:54:24.818 14922 INFO eventlet.wsgi.server [req-efdb977e-a465-4b5d-b75a-e37ebf90a8ce - - - - -] 127.0.0.1 "GET /v1/nodes/78544ab5-49df-5a83-acfa-2068ac465b21 HTTP/1.1" status: 200 len: 1757 time: 0.0274031
2017-03-21 10:54:24.860 14931 INFO eventlet.wsgi.server [req-ca753009-0ba0-4cf7-beb7-c1c56107c5f6 - - - - -] 127.0.0.1 "GET /v1/nodes/f7647c75-31e7-5dc3-be4d-1011a681070a/ports HTTP/1.1" status: 200 len: 623 time: 0.0211818
2017-03-21 10:54:26.559 14928 INFO eventlet.wsgi.server [req-b1784c4f-1556-488c-9f99-d9644904b310 - - - - -] 127.0.0.1 "GET /v1/nodes/a960e3ed-9e08-51e2-a4b4-29ea8fee5576 HTTP/1.1" status: 200 len: 1760 time: 0.0283470
2017-03-21 10:54:26.851 14925 INFO eventlet.wsgi.server [req-30b146cd-217c-4d87-9b20-a1fb43e6f7c3 - - - - -] 127.0.0.1 "GET /v1/nodes/f7647c75-31e7-5dc3-be4d-1011a681070a HTTP/1.1" status: 200 len: 1776 time: 0.0281239
2017-03-21 10:54:26.856 14922 INFO eventlet.wsgi.server [req-842644f2-9ea7-4b8c-9c72-8a21dac598f6 - - - - -] 127.0.0.1 "GET /v1/nodes/78544ab5-49df-5a83-acfa-2068ac465b21 HTTP/1.1" status: 200 len: 1757 time: 0.0318620
2017-03-21 10:54:27.308 14923 INFO eventlet.wsgi.server [req-62a18f39-39a4-4c06-ae5d-50805146d2b8 - - - - -] 127.0.0.1 "PUT /v1/nodes/a960e3ed-9e08-51e2-a4b4-29ea8fee5576/management/boot_device HTTP/1.1" status: 204 len: 300 time: 7.0151670
2017-03-21 10:54:28.076 14923 INFO eventlet.wsgi.server [req-e6d9f599-5569-441a-8201-b4bee8bc5f05 - - - - -] 127.0.0.1 "PUT /v1/nodes/a960e3ed-9e08-51e2-a4b4-29ea8fee5576/states/power HTTP/1.1" status: 202 len: 384 time: 0.7635300
2017-03-21 10:54:28.599 14928 INFO eventlet.wsgi.server [req-be43159d-2e6d-4f5a-8bc8-ac113f1bcb80 - - - - -] 127.0.0.1 "GET /v1/nodes/a960e3ed-9e08-51e2-a4b4-29ea8fee5576 HTTP/1.1" status: 200 len: 1786 time: 0.0314331
2017-03-21 10:54:28.890 14922 INFO eventlet.wsgi.server [req-c539d1c0-cfd9-4341-8a1d-e54576cb6a74 - - - - -] 127.0.0.1 "GET /v1/nodes/78544ab5-49df-5a83-acfa-2068ac465b21 HTTP/1.1" status: 200 len: 1757 time: 0.0283239
2017-03-21 10:54:28.891 14925 INFO eventlet.wsgi.server [req-10963ec0-3c5e-476c-b015-b31d188d8bed - - - - -] 127.0.0.1 "GET /v1/nodes/f7647c75-31e7-5dc3-be4d-1011a681070a HTTP/1.1" status: 200 len: 1776 time: 0.0334151
2017-03-21 10:54:29.865 14936 INFO eventlet.wsgi.server [req-3de4079b-32a8-431e-9693-5adcc715c4e9 - - - - -] 127.0.0.1 "GET /v1/nodes/78544ab5-49df-5a83-acfa-2068ac465b21/ports HTTP/1.1" status: 200 len: 623 time: 0.0260592
2017-03-21 10:54:30.633 14928 INFO eventlet.wsgi.server [req-33176916-816b-43e4-9bd3-6e115319aada - - - - -] 127.0.0.1 "GET /v1/nodes/a960e3ed-9e08-51e2-a4b4-29ea8fee5576 HTTP/1.1" status: 200 len: 1786 time: 0.0287752
2017-03-21 10:54:30.910 14922 INFO eventlet.wsgi.server [req-022872df-839f-487a-bd1b-cb0f4278ca1f - - - - -] 127.0.0.1 "GET /v1/nodes/78544ab5-49df-5a83-acfa-2068ac465b21 HTTP/1.1" status: 200 len: 1777 time: 0.0163791
2017-03-21 10:54:30.926 14925 INFO eventlet.wsgi.server [req-5f58d4df-2b46-4747-9785-308e84cccd09 - - - - -] 127.0.0.1 "GET /v1/nodes/f7647c75-31e7-5dc3-be4d-1011a681070a HTTP/1.1" status: 200 len: 1776 time: 0.0280890
2017-03-21 10:54:32.257 14931 INFO eventlet.wsgi.server [req-d141c215-8ad1-4157-81ff-adea1eb98da3 - - - - -] 127.0.0.1 "PUT /v1/nodes/f7647c75-31e7-5dc3-be4d-1011a681070a/management/boot_device HTTP/1.1" status: 204 len: 300 time: 7.0989280
2017-03-21 10:54:32.669 14928 INFO eventlet.wsgi.server [req-a38f0e15-d9a1-4338-b42c-e17c484a6058 - - - - -] 127.0.0.1 "GET /v1/nodes/a960e3ed-9e08-51e2-a4b4-29ea8fee5576 HTTP/1.1" status: 200 len: 1786 time: 0.0311341
2017-03-21 10:54:32.884 14931 INFO eventlet.wsgi.server [req-0bae539b-cb25-4972-9292-7527aa5543d9 - - - - -] 127.0.0.1 "PUT /v1/nodes/f7647c75-31e7-5dc3-be4d-1011a681070a/states/power HTTP/1.1" status: 202 len: 384 time: 0.6242440
2017-03-21 10:54:32.944 14922 INFO eventlet.wsgi.server [req-2e98bd31-05ee-42b6-befa-16f20d2dd947 - - - - -] 127.0.0.1 "GET /v1/nodes/78544ab5-49df-5a83-acfa-2068ac465b21 HTTP/1.1" status: 200 len: 1777 time: 0.0290420
2017-03-21 10:54:32.961 14925 INFO eventlet.wsgi.server [req-8ae1f26a-8709-4386-82f3-a5c2202676ab - - - - -] 127.0.0.1 "GET /v1/nodes/f7647c75-31e7-5dc3-be4d-1011a681070a HTTP/1.1" status: 200 len: 1782 time: 0.0302370
2017-03-21 10:54:34.705 14928 INFO eventlet.wsgi.server [req-fc4870c2-01fd-469d-9379-e1e6b92e7ea0 - - - - -] 127.0.0.1 "GET /v1/nodes/a960e3ed-9e08-51e2-a4b4-29ea8fee5576 HTTP/1.1" status: 200 len: 1786 time: 0.0304091
2017-03-21 10:54:34.980 14922 INFO eventlet.wsgi.server [req-2999eb0c-80ea-4abd-b993-1c038ea744ce - - - - -] 127.0.0.1 "GET /v1/nodes/78544ab5-49df-5a83-acfa-2068ac465b21 HTTP/1.1" status: 200 len: 1777 time: 0.0293291
2017-03-21 10:54:34.986 14925 INFO eventlet.wsgi.server [req-f476250c-8e60-4612-9523-f86e5c3b67f6 - - - - -] 127.0.0.1 "GET /v1/nodes/f7647c75-31e7-5dc3-be4d-1011a681070a HTTP/1.1" status: 200 len: 1782 time: 0.0212250
2017-03-21 10:54:36.743 14928 INFO eventlet.wsgi.server [req-61e4d180-2f84-4fc6-b234-2864a81d1af8 - - - - -] 127.0.0.1 "GET /v1/nodes/a960e3ed-9e08-51e2-a4b4-29ea8fee5576 HTTP/1.1" status: 200 len: 1786 time: 0.0330398
2017-03-21 10:54:37.018 14922 INFO eventlet.wsgi.server [req-15cdf80d-ba93-49cf-85c1-fc97b6d8f0b3 - - - - -] 127.0.0.1 "GET /v1/nodes/78544ab5-49df-5a83-acfa-2068ac465b21 HTTP/1.1" status: 200 len: 1777 time: 0.0311701
2017-03-21 10:54:37.021 14925 INFO eventlet.wsgi.server [req-e7ddd1d3-d480-4813-b533-3c8ade980479 - - - - -] 127.0.0.1 "GET /v1/nodes/f7647c75-31e7-5dc3-be4d-1011a681070a HTTP/1.1" status: 200 len: 1782 time: 0.0304849
2017-03-21 10:54:38.776 14928 INFO eventlet.wsgi.server [req-914ab800-1c8b-4963-a32f-a9fa9ebbb570 - - - - -] 127.0.0.1 "GET /v1/nodes/a960e3ed-9e08-51e2-a4b4-29ea8fee5576 HTTP/1.1" status: 200 len: 1786 time: 0.0282781
2017-03-21 10:54:39.053 14922 INFO eventlet.wsgi.server [req-a0592ee5-93b8-4516-b039-a674ddfa7157 - - - - -] 127.0.0.1 "GET /v1/nodes/78544ab5-49df-5a83-acfa-2068ac465b21 HTTP/1.1" status: 200 len: 1777 time: 0.0294650
2017-03-21 10:54:39.054 14925 INFO eventlet.wsgi.server [req-586d89e3-f0ac-49c5-bcfd-8ef1f1b78753 - - - - -] 127.0.0.1 "GET /v1/nodes/f7647c75-31e7-5dc3-be4d-1011a681070a HTTP/1.1" status: 200 len: 1782 time: 0.0279791
2017-03-21 10:54:40.472 14936 INFO eventlet.wsgi.server [req-013599ef-cb85-41f7-ba38-95d57e2734f1 - - - - -] 127.0.0.1 "PUT /v1/nodes/78544ab5-49df-5a83-acfa-2068ac465b21/management/boot_device HTTP/1.1" status: 204 len: 300 time: 10.2666121
2017-03-21 10:54:40.810 14928 INFO eventlet.wsgi.server [req-b8ff88e0-f8ec-4bfe-949d-bbd5c1d935ae - - - - -] 127.0.0.1 "GET /v1/nodes/a960e3ed-9e08-51e2-a4b4-29ea8fee5576 HTTP/1.1" status: 200 len: 1786 time: 0.0272861
2017-03-21 10:54:41.087 14922 INFO eventlet.wsgi.server [req-1897c842-e888-4d9f-a1e4-dd1ea890d8df - - - - -] 127.0.0.1 "GET /v1/nodes/78544ab5-49df-5a83-acfa-2068ac465b21 HTTP/1.1" status: 200 len: 1777 time: 0.0291538
2017-03-21 10:54:41.090 14925 INFO eventlet.wsgi.server [req-983a1f94-49b7-425a-a2ff-83cb82942925 - - - - -] 127.0.0.1 "GET /v1/nodes/f7647c75-31e7-5dc3-be4d-1011a681070a HTTP/1.1" status: 200 len: 1782 time: 0.0298901
2017-03-21 10:54:41.886 14936 INFO eventlet.wsgi.server [req-20b90f79-4106-4f2e-a96b-7d585d1dfa12 - - - - -] 127.0.0.1 "PUT /v1/nodes/78544ab5-49df-5a83-acfa-2068ac465b21/states/power HTTP/1.1" status: 202 len: 384 time: 1.4098761
2017-03-21 10:54:42.844 14928 INFO eventlet.wsgi.server [req-3325a4f1-94d9-440c-9230-cdfe3e48aa27 - - - - -] 127.0.0.1 "GET /v1/nodes/a960e3ed-9e08-51e2-a4b4-29ea8fee5576 HTTP/1.1" status: 200 len: 1786 time: 0.0283039
2017-03-21 10:54:43.112 14925 INFO eventlet.wsgi.server [req-467a6fcd-4b37-4056-8e8a-03e922f33be6 - - - - -] 127.0.0.1 "GET /v1/nodes/f7647c75-31e7-5dc3-be4d-1011a681070a HTTP/1.1" status: 200 len: 1782 time: 0.0177462
2017-03-21 10:54:43.125 14922 INFO eventlet.wsgi.server [req-cf4dd9af-38fc-4735-ad03-897265ea51ad - - - - -] 127.0.0.1 "GET /v1/nodes/78544ab5-49df-5a83-acfa-2068ac465b21 HTTP/1.1" status: 200 len: 1783 time: 0.0306659
2017-03-21 10:54:44.883 14928 INFO eventlet.wsgi.server [req-e57674a5-3cca-4db8-a41b-c1adfd51d5a3 - - - - -] 127.0.0.1 "GET /v1/nodes/a960e3ed-9e08-51e2-a4b4-29ea8fee5576 HTTP/1.1" status: 200 len: 1786 time: 0.0301459
2017-03-21 10:54:45.148 14925 INFO eventlet.wsgi.server [req-b0162140-4176-4e6f-b160-c42428a5af6d - - - - -] 127.0.0.1 "GET /v1/nodes/f7647c75-31e7-5dc3-be4d-1011a681070a HTTP/1.1" status: 200 len: 1782 time: 0.0302279
2017-03-21 10:54:45.157 14922 INFO eventlet.wsgi.server [req-9be73c29-5c0f-4c88-afee-9c4f6934e240 - - - - -] 127.0.0.1 "GET /v1/nodes/78544ab5-49df-5a83-acfa-2068ac465b21 HTTP/1.1" status: 200 len: 1783 time: 0.0293400
2017-03-21 10:54:46.921 14928 INFO eventlet.wsgi.server [req-25c98a76-a456-467c-aedc-66818fdea7d8 - - - - -] 127.0.0.1 "GET /v1/nodes/a960e3ed-9e08-51e2-a4b4-29ea8fee5576 HTTP/1.1" status: 200 len: 1786 time: 0.0296891
2017-03-21 10:54:47.183 14925 INFO eventlet.wsgi.server [req-fd326629-a2c8-4666-be23-778c37cdf14a - - - - -] 127.0.0.1 "GET /v1/nodes/f7647c75-31e7-5dc3-be4d-1011a681070a HTTP/1.1" status: 200 len: 1782 time: 0.0297930
2017-03-21 10:54:47.184 14922 INFO eventlet.wsgi.server [req-2a68486b-cc22-4c42-8e66-83092e319ae2 - - - - -] 127.0.0.1 "GET /v1/nodes/78544ab5-49df-5a83-acfa-2068ac465b21 HTTP/1.1" status: 200 len: 1783 time: 0.0224700
2017-03-21 10:54:48.957 14928 INFO eventlet.wsgi.server [req-c775804c-f2cb-4920-ab3b-14a98bbeb6b6 - - - - -] 127.0.0.1 "GET /v1/nodes/a960e3ed-9e08-51e2-a4b4-29ea8fee5576 HTTP/1.1" status: 200 len: 1786 time: 0.0288630
2017-03-21 10:54:49.205 14922 INFO eventlet.wsgi.server [req-9a6e1756-48b6-458b-b1e0-1c871960ebe7 - - - - -] 127.0.0.1 "GET /v1/nodes/78544ab5-49df-5a83-acfa-2068ac465b21 HTTP/1.1" status: 200 len: 1783 time: 0.0147371
2017-03-21 10:54:49.216 14925 INFO eventlet.wsgi.server [req-3fb7e831-b3c5-482b-af61-f16084e299b6 - - - - -] 127.0.0.1 "GET /v1/nodes/f7647c75-31e7-5dc3-be4d-1011a681070a HTTP/1.1" status: 200 len: 1782 time: 0.0276659
2017-03-21 10:54:50.993 14928 INFO eventlet.wsgi.server [req-dda9e124-a454-4a17-9f18-996b95fca982 - - - - -] 127.0.0.1 "GET /v1/nodes/a960e3ed-9e08-51e2-a4b4-29ea8fee5576 HTTP/1.1" status: 200 len: 1786 time: 0.0300581
2017-03-21 10:54:51.240 14922 INFO eventlet.wsgi.server [req-59251267-22ea-4851-839d-bcaa6cecfd16 - - - - -] 127.0.0.1 "GET /v1/nodes/78544ab5-49df-5a83-acfa-2068ac465b21 HTTP/1.1" status: 200 len: 1783 time: 0.0286989
2017-03-21 10:54:51.251 14925 INFO eventlet.wsgi.server [req-35aae72b-33ed-4544-af31-05bf5b129426 - - - - -] 127.0.0.1 "GET /v1/nodes/f7647c75-31e7-5dc3-be4d-1011a681070a HTTP/1.1" status: 200 len: 1782 time: 0.0303500
2017-03-21 10:54:53.029 14928 INFO eventlet.wsgi.server [req-90ac9ff4-e80e-4622-b4b7-bf7f75b4b386 - - - - -] 127.0.0.1 "GET /v1/nodes/a960e3ed-9e08-51e2-a4b4-29ea8fee5576 HTTP/1.1" status: 200 len: 1786 time: 0.0287430
2017-03-21 10:54:53.271 14922 INFO eventlet.wsgi.server [req-ea398513-cb29-456c-bb5c-f288587d8ec3 - - - - -] 127.0.0.1 "GET /v1/nodes/78544ab5-49df-5a83-acfa-2068ac465b21 HTTP/1.1" status: 200 len: 1783 time: 0.0249388
2017-03-21 10:54:53.282 14925 INFO eventlet.wsgi.server [req-c77041fa-0657-4c6f-ac28-69bc72b76560 - - - - -] 127.0.0.1 "GET /v1/nodes/f7647c75-31e7-5dc3-be4d-1011a681070a HTTP/1.1" status: 200 len: 1782 time: 0.0262511
2017-03-21 10:54:55.065 14928 INFO eventlet.wsgi.server [req-b6bf067e-ccbe-4678-a1dd-27fd42fef8e9 - - - - -] 127.0.0.1 "GET /v1/nodes/a960e3ed-9e08-51e2-a4b4-29ea8fee5576 HTTP/1.1" status: 200 len: 1766 time: 0.0295269
2017-03-21 10:54:55.307 14922 INFO eventlet.wsgi.server [req-4f919abe-b92c-444b-82a6-db06d1e1548b - - - - -] 127.0.0.1 "GET /v1/nodes/78544ab5-49df-5a83-acfa-2068ac465b21 HTTP/1.1" status: 200 len: 1783 time: 0.0288479
2017-03-21 10:54:55.316 14925 INFO eventlet.wsgi.server [req-a247b565-2df4-499e-a50b-bc403e960410 - - - - -] 127.0.0.1 "GET /v1/nodes/f7647c75-31e7-5dc3-be4d-1011a681070a HTTP/1.1" status: 200 len: 1782 time: 0.0289960
2017-03-21 10:54:57.103 14928 INFO eventlet.wsgi.server [req-398902b5-5071-4cfa-b971-d643a529d8a7 - - - - -] 127.0.0.1 "GET /v1/nodes/a960e3ed-9e08-51e2-a4b4-29ea8fee5576 HTTP/1.1" status: 200 len: 1766 time: 0.0303531
2017-03-21 10:54:57.342 14925 INFO eventlet.wsgi.server [req-918da55f-186c-4561-af9f-c62db1a06909 - - - - -] 127.0.0.1 "GET /v1/nodes/f7647c75-31e7-5dc3-be4d-1011a681070a HTTP/1.1" status: 200 len: 1782 time: 0.0189600
2017-03-21 10:54:57.344 14922 INFO eventlet.wsgi.server [req-1759343e-099e-480c-a894-419dbdeba888 - - - - -] 127.0.0.1 "GET /v1/nodes/78544ab5-49df-5a83-acfa-2068ac465b21 HTTP/1.1" status: 200 len: 1783 time: 0.0304379
2017-03-21 10:54:59.133 14928 INFO eventlet.wsgi.server [req-0e7a105f-3c1c-4641-baa4-0497318d5e95 - - - - -] 127.0.0.1 "GET /v1/nodes/a960e3ed-9e08-51e2-a4b4-29ea8fee5576 HTTP/1.1" status: 200 len: 1766 time: 0.0230601
2017-03-21 10:54:59.364 14925 INFO eventlet.wsgi.server [req-deb0ede0-cce2-4aa8-8878-cee4eb78b3ac - - - - -] 127.0.0.1 "GET /v1/nodes/f7647c75-31e7-5dc3-be4d-1011a681070a HTTP/1.1" status: 200 len: 1782 time: 0.0159972
2017-03-21 10:54:59.380 14922 INFO eventlet.wsgi.server [req-ba432dc2-c06a-4ed5-a200-fded6ab4b1d4 - - - - -] 127.0.0.1 "GET /v1/nodes/78544ab5-49df-5a83-acfa-2068ac465b21 HTTP/1.1" status: 200 len: 1783 time: 0.0309269
2017-03-21 10:55:01.171 14928 INFO eventlet.wsgi.server [req-36aa06fa-def4-455c-9658-7c48326f44a9 - - - - -] 127.0.0.1 "GET /v1/nodes/a960e3ed-9e08-51e2-a4b4-29ea8fee5576 HTTP/1.1" status: 200 len: 1766 time: 0.0309861
2017-03-21 10:55:01.393 14925 INFO eventlet.wsgi.server [req-e926d080-3814-48a1-83ff-cc20d5dd0a4c - - - - -] 127.0.0.1 "GET /v1/nodes/f7647c75-31e7-5dc3-be4d-1011a681070a HTTP/1.1" status: 200 len: 1782 time: 0.0229030
2017-03-21 10:55:01.413 14922 INFO eventlet.wsgi.server [req-4a1b4850-5972-4f30-9ec1-1edb5aa0cb3d - - - - -] 127.0.0.1 "GET /v1/nodes/78544ab5-49df-5a83-acfa-2068ac465b21 HTTP/1.1" status: 200 len: 1783 time: 0.0280142
2017-03-21 10:55:02.929 14923 INFO eventlet.wsgi.server [req-1e9c5e14-b4dc-4e4f-8c00-9e4a0c0a1ccf - - - - -] 127.0.0.1 "GET /v1/nodes HTTP/1.1" status: 200 len: 1507 time: 0.0329292
2017-03-21 10:55:03.207 14928 INFO eventlet.wsgi.server [req-674f39e8-8ab1-456c-bcae-dc2a06f0bc11 - - - - -] 127.0.0.1 "GET /v1/nodes/a960e3ed-9e08-51e2-a4b4-29ea8fee5576 HTTP/1.1" status: 200 len: 1766 time: 0.0313132
2017-03-21 10:55:03.430 14925 INFO eventlet.wsgi.server [req-b149f5f9-f550-4af8-96b0-d18d70a7a716 - - - - -] 127.0.0.1 "GET /v1/nodes/f7647c75-31e7-5dc3-be4d-1011a681070a HTTP/1.1" status: 200 len: 1762 time: 0.0322030
2017-03-21 10:55:03.432 14922 INFO eventlet.wsgi.server [req-b4035cbf-c686-4900-a4df-af2fe0297803 - - - - -] 127.0.0.1 "GET /v1/nodes/78544ab5-49df-5a83-acfa-2068ac465b21 HTTP/1.1" status: 200 len: 1783 time: 0.0164261
2017-03-21 10:55:05.239 14928 INFO eventlet.wsgi.server [req-a35b4e50-c9a5-447b-9944-84ec33aee534 - - - - -] 127.0.0.1 "GET /v1/nodes/a960e3ed-9e08-51e2-a4b4-29ea8fee5576 HTTP/1.1" status: 200 len: 1766 time: 0.0265560
2017-03-21 10:55:05.462 14925 INFO eventlet.wsgi.server [req-8fa5452f-c510-4493-934b-ecb2edde1c45 - - - - -] 127.0.0.1 "GET /v1/nodes/f7647c75-31e7-5dc3-be4d-1011a681070a HTTP/1.1" status: 200 len: 1762 time: 0.0270829
2017-03-21 10:55:05.466 14922 INFO eventlet.wsgi.server [req-ebf7271a-b69f-41d1-9859-32f31ffd8ea7 - - - - -] 127.0.0.1 "GET /v1/nodes/78544ab5-49df-5a83-acfa-2068ac465b21 HTTP/1.1" status: 200 len: 1783 time: 0.0289340
2017-03-21 10:55:07.274 14928 INFO eventlet.wsgi.server [req-50bb6fe3-4780-4ea4-83ba-b8c01fcdbdca - - - - -] 127.0.0.1 "GET /v1/nodes/a960e3ed-9e08-51e2-a4b4-29ea8fee5576 HTTP/1.1" status: 200 len: 1766 time: 0.0298281
2017-03-21 10:55:07.496 14925 INFO eventlet.wsgi.server [req-ce5ea809-9b0d-4c07-8059-348a60272dfc - - - - -] 127.0.0.1 "GET /v1/nodes/f7647c75-31e7-5dc3-be4d-1011a681070a HTTP/1.1" status: 200 len: 1762 time: 0.0294352
2017-03-21 10:55:07.500 14922 INFO eventlet.wsgi.server [req-e2c96700-cc14-439c-8584-1003640dbcd5 - - - - -] 127.0.0.1 "GET /v1/nodes/78544ab5-49df-5a83-acfa-2068ac465b21 HTTP/1.1" status: 200 len: 1763 time: 0.0289571
2017-03-21 10:55:09.309 14928 INFO eventlet.wsgi.server [req-ef821048-bcb8-4ffe-803e-c3c02bf70786 - - - - -] 127.0.0.1 "GET /v1/nodes/a960e3ed-9e08-51e2-a4b4-29ea8fee5576 HTTP/1.1" status: 200 len: 1766 time: 0.0301001
2017-03-21 10:55:09.531 14925 INFO eventlet.wsgi.server [req-dc858d64-b3af-4034-a327-bc4a0c5a1787 - - - - -] 127.0.0.1 "GET /v1/nodes/f7647c75-31e7-5dc3-be4d-1011a681070a HTTP/1.1" status: 200 len: 1762 time: 0.0307639
2017-03-21 10:55:09.537 14922 INFO eventlet.wsgi.server [req-8f65e3b0-afa9-4244-a6ce-f55e187c2875 - - - - -] 127.0.0.1 "GET /v1/nodes/78544ab5-49df-5a83-acfa-2068ac465b21 HTTP/1.1" status: 200 len: 1763 time: 0.0319841
2017-03-21 10:55:11.346 14928 INFO eventlet.wsgi.server [req-38f09d0a-3a87-4ef5-8d95-5ebf37c4735f - - - - -] 127.0.0.1 "GET /v1/nodes/a960e3ed-9e08-51e2-a4b4-29ea8fee5576 HTTP/1.1" status: 200 len: 1766 time: 0.0304070
2017-03-21 10:55:11.567 14925 INFO eventlet.wsgi.server [req-66c02404-d044-4d97-a858-21b667a436dc - - - - -] 127.0.0.1 "GET /v1/nodes/f7647c75-31e7-5dc3-be4d-1011a681070a HTTP/1.1" status: 200 len: 1762 time: 0.0311430
2017-03-21 10:55:11.574 14922 INFO eventlet.wsgi.server [req-ea35e6ff-c729-49ba-9d85-9018eaf2d890 - - - - -] 127.0.0.1 "GET /v1/nodes/78544ab5-49df-5a83-acfa-2068ac465b21 HTTP/1.1" status: 200 len: 1763 time: 0.0328200
2017-03-21 10:55:13.384 14928 INFO eventlet.wsgi.server [req-5f0f19c1-960d-4f27-974b-d575d9d7d350 - - - - -] 127.0.0.1 "GET /v1/nodes/a960e3ed-9e08-51e2-a4b4-29ea8fee5576 HTTP/1.1" status: 200 len: 1766 time: 0.0316191
2017-03-21 10:55:13.593 14922 INFO eventlet.wsgi.server [req-92ff4315-52a7-4500-841a-13e99b86de98 - - - - -] 127.0.0.1 "GET /v1/nodes/78544ab5-49df-5a83-acfa-2068ac465b21 HTTP/1.1" status: 200 len: 1763 time: 0.0173202
2017-03-21 10:55:13.600 14925 INFO eventlet.wsgi.server [req-50fdb352-c267-4ac6-9f65-9976d4e47c66 - - - - -] 127.0.0.1 "GET /v1/nodes/f7647c75-31e7-5dc3-be4d-1011a681070a HTTP/1.1" status: 200 len: 1762 time: 0.0278342
2017-03-21 10:55:15.425 14928 INFO eventlet.wsgi.server [req-cc7f0bea-e437-4fc1-a472-e5af8b967e76 - - - - -] 127.0.0.1 "GET /v1/nodes/a960e3ed-9e08-51e2-a4b4-29ea8fee5576 HTTP/1.1" status: 200 len: 1766 time: 0.0344310
2017-03-21 10:55:15.610 14922 INFO eventlet.wsgi.server [req-6399e5ae-69e1-458b-b27c-49fd1adca320 - - - - -] 127.0.0.1 "GET /v1/nodes/78544ab5-49df-5a83-acfa-2068ac465b21 HTTP/1.1" status: 200 len: 1763 time: 0.0136552
2017-03-21 10:55:15.635 14925 INFO eventlet.wsgi.server [req-295d90c9-4399-409b-af65-a0efb2e60cca - - - - -] 127.0.0.1 "GET /v1/nodes/f7647c75-31e7-5dc3-be4d-1011a681070a HTTP/1.1" status: 200 len: 1762 time: 0.0296211
2017-03-21 10:55:17.460 14928 INFO eventlet.wsgi.server [req-b7042742-2f90-40ef-b2bb-cf26fb95ad61 - - - - -] 127.0.0.1 "GET /v1/nodes/a960e3ed-9e08-51e2-a4b4-29ea8fee5576 HTTP/1.1" status: 200 len: 1766 time: 0.0306840
2017-03-21 10:55:17.630 14922 INFO eventlet.wsgi.server [req-f2cf7846-c65f-4a69-9cea-1d7e65128452 - - - - -] 127.0.0.1 "GET /v1/nodes/78544ab5-49df-5a83-acfa-2068ac465b21 HTTP/1.1" status: 200 len: 1763 time: 0.0171840
