2017-03-21 06:36:37.404 15964 INFO eventlet.wsgi.server [req-3a4c6087-e40d-4227-9f7f-2973a8fb4ce9 - - - - -] 127.0.0.1 "GET /v1/nodes HTTP/1.1" status: 200 len: 338 time: 0.1599641
2017-03-21 06:37:04.884 15968 INFO eventlet.wsgi.server [req-792d387a-fad4-42d1-982a-d78da8359b96 - - - - -] 127.0.0.1 "GET /v1/nodes/78544ab5-49df-5a83-acfa-2068ac465b21 HTTP/1.1" status: 404 len: 485 time: 0.0222781
2017-03-21 06:37:04.914 15968 WARNING oslo_config.cfg [req-2e54b3c5-2913-42a2-aac0-f4c79e3a1c0b - - - - -] Option "rabbit_userid" from group "DEFAULT" is deprecated. Use option "rabbit_userid" from group "oslo_messaging_rabbit".
2017-03-21 06:37:04.915 15968 WARNING oslo_config.cfg [req-2e54b3c5-2913-42a2-aac0-f4c79e3a1c0b - - - - -] Option "rabbit_userid" from group "oslo_messaging_rabbit" is deprecated for removal. Its value may be silently ignored in the future.
2017-03-21 06:37:04.915 15968 WARNING oslo_config.cfg [req-2e54b3c5-2913-42a2-aac0-f4c79e3a1c0b - - - - -] Option "rabbit_password" from group "DEFAULT" is deprecated. Use option "rabbit_password" from group "oslo_messaging_rabbit".
2017-03-21 06:37:04.916 15968 WARNING oslo_config.cfg [req-2e54b3c5-2913-42a2-aac0-f4c79e3a1c0b - - - - -] Option "rabbit_password" from group "oslo_messaging_rabbit" is deprecated for removal. Its value may be silently ignored in the future.
2017-03-21 06:37:05.087 15964 INFO eventlet.wsgi.server [req-aec8eeb1-8d6a-4a98-ad0c-cfd9031f98f6 - - - - -] 127.0.0.1 "GET /v1/nodes/f7647c75-31e7-5dc3-be4d-1011a681070a HTTP/1.1" status: 404 len: 485 time: 0.0176930
2017-03-21 06:37:05.115 15964 WARNING oslo_config.cfg [req-0929efd3-d9b3-48ce-81f5-f8ab713ecc11 - - - - -] Option "rabbit_userid" from group "DEFAULT" is deprecated. Use option "rabbit_userid" from group "oslo_messaging_rabbit".
2017-03-21 06:37:05.116 15964 WARNING oslo_config.cfg [req-0929efd3-d9b3-48ce-81f5-f8ab713ecc11 - - - - -] Option "rabbit_userid" from group "oslo_messaging_rabbit" is deprecated for removal. Its value may be silently ignored in the future.
2017-03-21 06:37:05.116 15964 WARNING oslo_config.cfg [req-0929efd3-d9b3-48ce-81f5-f8ab713ecc11 - - - - -] Option "rabbit_password" from group "DEFAULT" is deprecated. Use option "rabbit_password" from group "oslo_messaging_rabbit".
2017-03-21 06:37:05.117 15964 WARNING oslo_config.cfg [req-0929efd3-d9b3-48ce-81f5-f8ab713ecc11 - - - - -] Option "rabbit_password" from group "oslo_messaging_rabbit" is deprecated for removal. Its value may be silently ignored in the future.
2017-03-21 06:37:05.144 15966 INFO eventlet.wsgi.server [req-813e74e8-38de-4a97-980c-f994ec4bfa33 - - - - -] 127.0.0.1 "GET /v1/nodes/a960e3ed-9e08-51e2-a4b4-29ea8fee5576 HTTP/1.1" status: 404 len: 485 time: 0.1504409
2017-03-21 06:37:05.156 15968 INFO eventlet.wsgi.server [req-2e54b3c5-2913-42a2-aac0-f4c79e3a1c0b - - - - -] 127.0.0.1 "POST /v1/nodes HTTP/1.1" status: 201 len: 1763 time: 0.2685640
2017-03-21 06:37:05.178 15966 WARNING oslo_config.cfg [req-9c6a0ca0-5380-4503-9ca3-78dc3eabea94 - - - - -] Option "rabbit_userid" from group "DEFAULT" is deprecated. Use option "rabbit_userid" from group "oslo_messaging_rabbit".
2017-03-21 06:37:05.179 15966 WARNING oslo_config.cfg [req-9c6a0ca0-5380-4503-9ca3-78dc3eabea94 - - - - -] Option "rabbit_userid" from group "oslo_messaging_rabbit" is deprecated for removal. Its value may be silently ignored in the future.
2017-03-21 06:37:05.179 15966 WARNING oslo_config.cfg [req-9c6a0ca0-5380-4503-9ca3-78dc3eabea94 - - - - -] Option "rabbit_password" from group "DEFAULT" is deprecated. Use option "rabbit_password" from group "oslo_messaging_rabbit".
2017-03-21 06:37:05.180 15966 WARNING oslo_config.cfg [req-9c6a0ca0-5380-4503-9ca3-78dc3eabea94 - - - - -] Option "rabbit_password" from group "oslo_messaging_rabbit" is deprecated for removal. Its value may be silently ignored in the future.
2017-03-21 06:37:06.243 15964 INFO eventlet.wsgi.server [req-0929efd3-d9b3-48ce-81f5-f8ab713ecc11 - - - - -] 127.0.0.1 "POST /v1/nodes HTTP/1.1" status: 201 len: 1762 time: 1.1536109
2017-03-21 06:37:06.338 15968 INFO eventlet.wsgi.server [req-56da1a9d-fb2b-4dd1-a7b9-df57b4740042 - - - - -] 127.0.0.1 "POST /v1/ports HTTP/1.1" status: 201 len: 829 time: 1.1774659
2017-03-21 06:37:06.342 15966 INFO eventlet.wsgi.server [req-9c6a0ca0-5380-4503-9ca3-78dc3eabea94 - - - - -] 127.0.0.1 "POST /v1/nodes HTTP/1.1" status: 201 len: 1766 time: 1.1929121
2017-03-21 06:37:06.360 15964 INFO eventlet.wsgi.server [req-2826f7cf-1771-443a-8660-804f33b882fd - - - - -] 127.0.0.1 "POST /v1/ports HTTP/1.1" status: 201 len: 829 time: 0.1132760
2017-03-21 06:37:06.413 15966 INFO eventlet.wsgi.server [req-a0a89f41-66b4-4a05-b086-8053deae0e75 - - - - -] 127.0.0.1 "POST /v1/ports HTTP/1.1" status: 201 len: 829 time: 0.0658009
2017-03-21 06:37:10.264 15965 INFO eventlet.wsgi.server [req-5bf690cd-a79b-4309-ab02-dbca00aa7f4b - - - - -] 127.0.0.1 "GET /v1/nodes/f7647c75-31e7-5dc3-be4d-1011a681070a HTTP/1.1" status: 200 len: 1678 time: 0.0319369
2017-03-21 06:37:10.290 15965 INFO eventlet.wsgi.server [req-9c98a01b-22af-4803-9008-d24b62fcbd8f - - - - -] 127.0.0.1 "GET /v1/nodes/f7647c75-31e7-5dc3-be4d-1011a681070a HTTP/1.1" status: 200 len: 1678 time: 0.0228429
2017-03-21 06:37:10.331 15965 WARNING oslo_config.cfg [req-b05e7190-e8f9-48eb-9919-bea4acefd277 - - - - -] Option "rabbit_userid" from group "DEFAULT" is deprecated. Use option "rabbit_userid" from group "oslo_messaging_rabbit".
2017-03-21 06:37:10.332 15965 WARNING oslo_config.cfg [req-b05e7190-e8f9-48eb-9919-bea4acefd277 - - - - -] Option "rabbit_userid" from group "oslo_messaging_rabbit" is deprecated for removal. Its value may be silently ignored in the future.
2017-03-21 06:37:10.332 15965 WARNING oslo_config.cfg [req-b05e7190-e8f9-48eb-9919-bea4acefd277 - - - - -] Option "rabbit_password" from group "DEFAULT" is deprecated. Use option "rabbit_password" from group "oslo_messaging_rabbit".
2017-03-21 06:37:10.332 15965 WARNING oslo_config.cfg [req-b05e7190-e8f9-48eb-9919-bea4acefd277 - - - - -] Option "rabbit_password" from group "oslo_messaging_rabbit" is deprecated for removal. Its value may be silently ignored in the future.
2017-03-21 06:37:10.364 15964 INFO eventlet.wsgi.server [req-5c402a4f-5d38-4d5d-90a0-98ffd1631e52 - - - - -] 127.0.0.1 "GET /v1/nodes/78544ab5-49df-5a83-acfa-2068ac465b21 HTTP/1.1" status: 200 len: 1679 time: 0.0298932
2017-03-21 06:37:10.382 15964 INFO eventlet.wsgi.server [req-fb3a3312-f841-4557-85c9-b2ec2e5353d9 - - - - -] 127.0.0.1 "GET /v1/nodes/78544ab5-49df-5a83-acfa-2068ac465b21 HTTP/1.1" status: 200 len: 1679 time: 0.0147481
2017-03-21 06:37:10.467 15964 INFO eventlet.wsgi.server [req-193d34aa-ab66-4bc9-9d6e-823c5f056504 - - - - -] 127.0.0.1 "GET /v1/nodes/a960e3ed-9e08-51e2-a4b4-29ea8fee5576 HTTP/1.1" status: 200 len: 1682 time: 0.0258338
2017-03-21 06:37:10.492 15964 INFO eventlet.wsgi.server [req-7974de8a-eab6-4cdf-8ee5-244f55c46d67 - - - - -] 127.0.0.1 "GET /v1/nodes/a960e3ed-9e08-51e2-a4b4-29ea8fee5576 HTTP/1.1" status: 200 len: 1682 time: 0.0230131
2017-03-21 06:37:11.174 15964 INFO eventlet.wsgi.server [req-7c7339b5-7ef7-4aa2-8315-1206951c131b - - - - -] 127.0.0.1 "PUT /v1/nodes/78544ab5-49df-5a83-acfa-2068ac465b21/states/provision HTTP/1.1" status: 202 len: 383 time: 0.7917781
2017-03-21 06:37:11.205 15964 INFO eventlet.wsgi.server [req-e0da5db0-a032-4f24-91b5-3b16ed50e10d - - - - -] 127.0.0.1 "GET /v1/nodes/78544ab5-49df-5a83-acfa-2068ac465b21 HTTP/1.1" status: 200 len: 1726 time: 0.0298860
2017-03-21 06:37:11.266 15965 INFO eventlet.wsgi.server [req-b05e7190-e8f9-48eb-9919-bea4acefd277 - - - - -] 127.0.0.1 "PUT /v1/nodes/f7647c75-31e7-5dc3-be4d-1011a681070a/states/provision HTTP/1.1" status: 202 len: 383 time: 0.9733829
2017-03-21 06:37:11.289 15964 INFO eventlet.wsgi.server [req-96d76526-8103-4c33-814f-9588168b7782 - - - - -] 127.0.0.1 "PUT /v1/nodes/a960e3ed-9e08-51e2-a4b4-29ea8fee5576/states/provision HTTP/1.1" status: 202 len: 383 time: 0.7941189
2017-03-21 06:37:11.293 15965 INFO eventlet.wsgi.server [req-0e5df7f9-a3bb-4c40-a6bb-cf441c049431 - - - - -] 127.0.0.1 "GET /v1/nodes/f7647c75-31e7-5dc3-be4d-1011a681070a HTTP/1.1" status: 200 len: 1725 time: 0.0226929
2017-03-21 06:37:11.319 15964 INFO eventlet.wsgi.server [req-8a8cf96f-6c0c-4403-996a-bb65a7ef15aa - - - - -] 127.0.0.1 "GET /v1/nodes/a960e3ed-9e08-51e2-a4b4-29ea8fee5576 HTTP/1.1" status: 200 len: 1729 time: 0.0251770
2017-03-21 06:37:11.594 15964 INFO eventlet.wsgi.server [req-0de46354-a8f2-4ee6-8fde-01a301bb38c2 - - - - -] 127.0.0.1 "PUT /v1/nodes/78544ab5-49df-5a83-acfa-2068ac465b21/states/provision HTTP/1.1" status: 202 len: 383 time: 0.3841970
2017-03-21 06:37:11.631 15964 INFO eventlet.wsgi.server [req-3dbe0abc-5cb0-4d80-9e65-d5b14616ac0e - - - - -] 127.0.0.1 "GET /v1/nodes/78544ab5-49df-5a83-acfa-2068ac465b21 HTTP/1.1" status: 200 len: 1757 time: 0.0336559
2017-03-21 06:37:11.662 15964 INFO eventlet.wsgi.server [req-b3aacfa0-93ad-4852-80a1-3d47f37cd156 - - - - -] 127.0.0.1 "GET /v1/nodes/78544ab5-49df-5a83-acfa-2068ac465b21 HTTP/1.1" status: 200 len: 1757 time: 0.0280120
2017-03-21 06:37:11.666 15965 INFO eventlet.wsgi.server [req-966f8fd9-ecb4-48fa-83ea-ca56e879cde1 - - - - -] 127.0.0.1 "PUT /v1/nodes/f7647c75-31e7-5dc3-be4d-1011a681070a/states/provision HTTP/1.1" status: 202 len: 383 time: 0.3695881
2017-03-21 06:37:11.672 15964 INFO eventlet.wsgi.server [req-fa5e9372-0e78-4f71-a0f0-ac47779c2265 - - - - -] 127.0.0.1 "PUT /v1/nodes/a960e3ed-9e08-51e2-a4b4-29ea8fee5576/states/provision HTTP/1.1" status: 202 len: 383 time: 0.3501551
2017-03-21 06:37:11.689 15965 INFO eventlet.wsgi.server [req-24b8676e-0e3a-4967-abae-d0067d0bfc72 - - - - -] 127.0.0.1 "GET /v1/nodes/f7647c75-31e7-5dc3-be4d-1011a681070a HTTP/1.1" status: 200 len: 1776 time: 0.0197449
2017-03-21 06:37:11.698 15964 INFO eventlet.wsgi.server [req-6d793099-7572-4387-8a4a-0812f0f9b49d - - - - -] 127.0.0.1 "GET /v1/nodes/a960e3ed-9e08-51e2-a4b4-29ea8fee5576 HTTP/1.1" status: 200 len: 1760 time: 0.0221171
2017-03-21 06:37:11.708 15965 INFO eventlet.wsgi.server [req-e61b4eb5-d9be-4f79-bbf3-30678f71999a - - - - -] 127.0.0.1 "GET /v1/nodes/f7647c75-31e7-5dc3-be4d-1011a681070a HTTP/1.1" status: 200 len: 1756 time: 0.0149448
2017-03-21 06:37:11.722 15964 INFO eventlet.wsgi.server [req-0061bd26-7e4b-43a5-a449-097ba767b0eb - - - - -] 127.0.0.1 "GET /v1/nodes/a960e3ed-9e08-51e2-a4b4-29ea8fee5576 HTTP/1.1" status: 200 len: 1760 time: 0.0200899
2017-03-21 06:37:11.804 15975 INFO eventlet.wsgi.server [req-ecbabb38-a417-4fe0-b79c-2c7361be3c86 - - - - -] 127.0.0.1 "GET /v1/nodes/78544ab5-49df-5a83-acfa-2068ac465b21 HTTP/1.1" status: 200 len: 1776 time: 0.1911621
2017-03-21 06:37:11.830 15975 WARNING oslo_config.cfg [req-19ac1662-1d3f-4818-a40e-5d25024f0372 - - - - -] Option "rabbit_userid" from group "DEFAULT" is deprecated. Use option "rabbit_userid" from group "oslo_messaging_rabbit".
2017-03-21 06:37:11.830 15975 WARNING oslo_config.cfg [req-19ac1662-1d3f-4818-a40e-5d25024f0372 - - - - -] Option "rabbit_userid" from group "oslo_messaging_rabbit" is deprecated for removal. Its value may be silently ignored in the future.
2017-03-21 06:37:11.831 15975 WARNING oslo_config.cfg [req-19ac1662-1d3f-4818-a40e-5d25024f0372 - - - - -] Option "rabbit_password" from group "DEFAULT" is deprecated. Use option "rabbit_password" from group "oslo_messaging_rabbit".
2017-03-21 06:37:11.831 15975 WARNING oslo_config.cfg [req-19ac1662-1d3f-4818-a40e-5d25024f0372 - - - - -] Option "rabbit_password" from group "oslo_messaging_rabbit" is deprecated for removal. Its value may be silently ignored in the future.
2017-03-21 06:37:11.903 15975 INFO eventlet.wsgi.server [req-19ac1662-1d3f-4818-a40e-5d25024f0372 - - - - -] 127.0.0.1 "GET /v1/nodes/78544ab5-49df-5a83-acfa-2068ac465b21/validate HTTP/1.1" status: 200 len: 1081 time: 0.0954978
2017-03-21 06:37:12.210 15975 INFO eventlet.wsgi.server [req-1ef5f18f-bdaf-47bb-8c95-ddae18bf12a3 - - - - -] 127.0.0.1 "GET /v1/nodes/78544ab5-49df-5a83-acfa-2068ac465b21 HTTP/1.1" status: 200 len: 1776 time: 0.0294850
2017-03-21 06:37:12.251 15975 INFO eventlet.wsgi.server [req-df73f505-58bc-42c9-a3c4-7952d0355610 - - - - -] 127.0.0.1 "GET /v1/nodes/78544ab5-49df-5a83-acfa-2068ac465b21/ports HTTP/1.1" status: 200 len: 623 time: 0.0345490
2017-03-21 06:37:12.378 15976 INFO eventlet.wsgi.server [req-ccef83b2-cf69-4f6e-b471-6efe57686ffa - - - - -] 127.0.0.1 "GET /v1/nodes/f7647c75-31e7-5dc3-be4d-1011a681070a HTTP/1.1" status: 200 len: 1775 time: 0.1911001
2017-03-21 06:37:12.407 15976 WARNING oslo_config.cfg [req-52a93f91-7472-470d-90fb-ee75562284fe - - - - -] Option "rabbit_userid" from group "DEFAULT" is deprecated. Use option "rabbit_userid" from group "oslo_messaging_rabbit".
2017-03-21 06:37:12.407 15976 WARNING oslo_config.cfg [req-52a93f91-7472-470d-90fb-ee75562284fe - - - - -] Option "rabbit_userid" from group "oslo_messaging_rabbit" is deprecated for removal. Its value may be silently ignored in the future.
2017-03-21 06:37:12.407 15976 WARNING oslo_config.cfg [req-52a93f91-7472-470d-90fb-ee75562284fe - - - - -] Option "rabbit_password" from group "DEFAULT" is deprecated. Use option "rabbit_password" from group "oslo_messaging_rabbit".
2017-03-21 06:37:12.408 15976 WARNING oslo_config.cfg [req-52a93f91-7472-470d-90fb-ee75562284fe - - - - -] Option "rabbit_password" from group "oslo_messaging_rabbit" is deprecated for removal. Its value may be silently ignored in the future.
2017-03-21 06:37:12.496 15976 INFO eventlet.wsgi.server [req-52a93f91-7472-470d-90fb-ee75562284fe - - - - -] 127.0.0.1 "GET /v1/nodes/f7647c75-31e7-5dc3-be4d-1011a681070a/validate HTTP/1.1" status: 200 len: 1081 time: 0.1145699
2017-03-21 06:37:12.893 15971 INFO eventlet.wsgi.server [req-03281d01-f6ac-45ec-bbf4-439831c52525 - - - - -] 127.0.0.1 "GET /v1/nodes/a960e3ed-9e08-51e2-a4b4-29ea8fee5576 HTTP/1.1" status: 200 len: 1779 time: 0.0241418
2017-03-21 06:37:12.897 15976 INFO eventlet.wsgi.server [req-74a714fa-0848-454a-b231-d17d9bb81a95 - - - - -] 127.0.0.1 "GET /v1/nodes/f7647c75-31e7-5dc3-be4d-1011a681070a HTTP/1.1" status: 200 len: 1775 time: 0.0303819
2017-03-21 06:37:12.920 15971 WARNING oslo_config.cfg [req-f0ddf92d-3fcf-4713-a98e-5cb53dfa11b9 - - - - -] Option "rabbit_userid" from group "DEFAULT" is deprecated. Use option "rabbit_userid" from group "oslo_messaging_rabbit".
2017-03-21 06:37:12.920 15971 WARNING oslo_config.cfg [req-f0ddf92d-3fcf-4713-a98e-5cb53dfa11b9 - - - - -] Option "rabbit_userid" from group "oslo_messaging_rabbit" is deprecated for removal. Its value may be silently ignored in the future.
2017-03-21 06:37:12.920 15971 WARNING oslo_config.cfg [req-f0ddf92d-3fcf-4713-a98e-5cb53dfa11b9 - - - - -] Option "rabbit_password" from group "DEFAULT" is deprecated. Use option "rabbit_password" from group "oslo_messaging_rabbit".
2017-03-21 06:37:12.921 15971 WARNING oslo_config.cfg [req-f0ddf92d-3fcf-4713-a98e-5cb53dfa11b9 - - - - -] Option "rabbit_password" from group "oslo_messaging_rabbit" is deprecated for removal. Its value may be silently ignored in the future.
2017-03-21 06:37:12.990 15971 INFO eventlet.wsgi.server [req-f0ddf92d-3fcf-4713-a98e-5cb53dfa11b9 - - - - -] 127.0.0.1 "GET /v1/nodes/a960e3ed-9e08-51e2-a4b4-29ea8fee5576/validate HTTP/1.1" status: 200 len: 1081 time: 0.0933750
2017-03-21 06:37:13.106 15971 INFO eventlet.wsgi.server [req-b48f0cee-8253-48f3-bdfb-52a5c1c54816 - - - - -] 127.0.0.1 "GET /v1/nodes/a960e3ed-9e08-51e2-a4b4-29ea8fee5576 HTTP/1.1" status: 200 len: 1779 time: 0.0215819
2017-03-21 06:37:13.698 15964 INFO eventlet.wsgi.server [req-b322ea29-cdf1-4057-b425-38797a8c38ec - - - - -] 127.0.0.1 "GET /v1/nodes/78544ab5-49df-5a83-acfa-2068ac465b21 HTTP/1.1" status: 200 len: 1777 time: 0.0290270
2017-03-21 06:37:13.742 15965 INFO eventlet.wsgi.server [req-bd3963ef-048e-40cf-956f-75bfa84d63b4 - - - - -] 127.0.0.1 "GET /v1/nodes/f7647c75-31e7-5dc3-be4d-1011a681070a HTTP/1.1" status: 200 len: 1756 time: 0.0278640
2017-03-21 06:37:13.754 15964 INFO eventlet.wsgi.server [req-52360594-49d2-42db-b703-7a2d06994075 - - - - -] 127.0.0.1 "GET /v1/nodes/a960e3ed-9e08-51e2-a4b4-29ea8fee5576 HTTP/1.1" status: 200 len: 1760 time: 0.0261321
2017-03-21 06:37:15.739 15964 INFO eventlet.wsgi.server [req-191dc5cf-a281-428b-8a0d-30fca1287af0 - - - - -] 127.0.0.1 "GET /v1/nodes/78544ab5-49df-5a83-acfa-2068ac465b21 HTTP/1.1" status: 200 len: 1777 time: 0.0335529
2017-03-21 06:37:15.780 15965 INFO eventlet.wsgi.server [req-b2ad9773-2868-4754-bec1-dce1c61fd5f4 - - - - -] 127.0.0.1 "GET /v1/nodes/f7647c75-31e7-5dc3-be4d-1011a681070a HTTP/1.1" status: 200 len: 1756 time: 0.0325971
2017-03-21 06:37:15.784 15964 INFO eventlet.wsgi.server [req-091561b7-08c1-40fa-947e-3d6c926c94f8 - - - - -] 127.0.0.1 "GET /v1/nodes/a960e3ed-9e08-51e2-a4b4-29ea8fee5576 HTTP/1.1" status: 200 len: 1760 time: 0.0231860
2017-03-21 06:37:17.265 15976 INFO eventlet.wsgi.server [req-51e1858a-4f01-4247-961c-f23f08873e72 - - - - -] 127.0.0.1 "GET /v1/nodes/f7647c75-31e7-5dc3-be4d-1011a681070a/ports HTTP/1.1" status: 200 len: 623 time: 0.0448821
2017-03-21 06:37:17.776 15975 INFO eventlet.wsgi.server [req-43ccbdd6-df4a-4caa-8ae4-95bee93250da - - - - -] 127.0.0.1 "PUT /v1/nodes/78544ab5-49df-5a83-acfa-2068ac465b21/management/boot_device HTTP/1.1" status: 204 len: 300 time: 5.3551319
2017-03-21 06:37:17.777 15964 INFO eventlet.wsgi.server [req-8e480249-b21d-4aa2-b3be-24710c388319 - - - - -] 127.0.0.1 "GET /v1/nodes/78544ab5-49df-5a83-acfa-2068ac465b21 HTTP/1.1" status: 200 len: 1757 time: 0.0298610
2017-03-21 06:37:17.813 15965 INFO eventlet.wsgi.server [req-3b463207-5ce1-45ee-8621-36aa9b1e8b3b - - - - -] 127.0.0.1 "GET /v1/nodes/f7647c75-31e7-5dc3-be4d-1011a681070a HTTP/1.1" status: 200 len: 1776 time: 0.0294039
2017-03-21 06:37:17.816 15964 INFO eventlet.wsgi.server [req-464ab74f-d169-4dc1-ac60-ef5165139714 - - - - -] 127.0.0.1 "GET /v1/nodes/a960e3ed-9e08-51e2-a4b4-29ea8fee5576 HTTP/1.1" status: 200 len: 1760 time: 0.0239899
2017-03-21 06:37:17.937 15975 INFO eventlet.wsgi.server [req-3c65c109-9ad9-4e33-b447-cd92693a8668 - - - - -] 127.0.0.1 "PUT /v1/nodes/78544ab5-49df-5a83-acfa-2068ac465b21/states/power HTTP/1.1" status: 202 len: 384 time: 0.1577559
2017-03-21 06:37:19.821 15964 INFO eventlet.wsgi.server [req-5f8c4e2a-e6a4-4db1-8678-f55f1bb279c5 - - - - -] 127.0.0.1 "GET /v1/nodes/78544ab5-49df-5a83-acfa-2068ac465b21 HTTP/1.1" status: 200 len: 1783 time: 0.0332479
2017-03-21 06:37:19.845 15965 INFO eventlet.wsgi.server [req-7b7e3dce-ec89-4594-a2be-3fecc2853f0c - - - - -] 127.0.0.1 "GET /v1/nodes/f7647c75-31e7-5dc3-be4d-1011a681070a HTTP/1.1" status: 200 len: 1776 time: 0.0285189
2017-03-21 06:37:19.846 15964 INFO eventlet.wsgi.server [req-61642a70-d6b5-4d9d-a86d-3d24f61107a3 - - - - -] 127.0.0.1 "GET /v1/nodes/a960e3ed-9e08-51e2-a4b4-29ea8fee5576 HTTP/1.1" status: 200 len: 1760 time: 0.0227468
2017-03-21 06:37:21.878 15965 INFO eventlet.wsgi.server [req-d6c71d0f-2cc1-48a2-91e3-a0fdf278d731 - - - - -] 127.0.0.1 "GET /v1/nodes/f7647c75-31e7-5dc3-be4d-1011a681070a HTTP/1.1" status: 200 len: 1776 time: 0.0284319
2017-03-21 06:37:21.880 15964 INFO eventlet.wsgi.server [req-ec9cd2ec-ed49-4559-91bf-86eb9edf1269 - - - - -] 127.0.0.1 "GET /v1/nodes/78544ab5-49df-5a83-acfa-2068ac465b21 HTTP/1.1" status: 200 len: 1783 time: 0.0449381
2017-03-21 06:37:21.898 15964 INFO eventlet.wsgi.server [req-4ce8bcc2-42f9-4166-8408-3aa0304340bf - - - - -] 127.0.0.1 "GET /v1/nodes/a960e3ed-9e08-51e2-a4b4-29ea8fee5576 HTTP/1.1" status: 200 len: 1760 time: 0.0436451
2017-03-21 06:37:22.268 15971 INFO eventlet.wsgi.server [req-58759b67-254e-4aec-a354-587276d1c74d - - - - -] 127.0.0.1 "GET /v1/nodes/a960e3ed-9e08-51e2-a4b4-29ea8fee5576/ports HTTP/1.1" status: 200 len: 623 time: 0.0474489
2017-03-21 06:37:22.797 15976 INFO eventlet.wsgi.server [req-b9973fe4-05ef-4ea8-bde2-0590048da6fd - - - - -] 127.0.0.1 "PUT /v1/nodes/f7647c75-31e7-5dc3-be4d-1011a681070a/management/boot_device HTTP/1.1" status: 204 len: 300 time: 5.4907210
2017-03-21 06:37:22.953 15976 INFO eventlet.wsgi.server [req-38d33e37-73fb-4a9a-8022-0ad3220c2709 - - - - -] 127.0.0.1 "PUT /v1/nodes/f7647c75-31e7-5dc3-be4d-1011a681070a/states/power HTTP/1.1" status: 202 len: 384 time: 0.1526539
2017-03-21 06:37:23.910 15965 INFO eventlet.wsgi.server [req-4700b019-8da8-4290-b12e-b9255dc07fd6 - - - - -] 127.0.0.1 "GET /v1/nodes/f7647c75-31e7-5dc3-be4d-1011a681070a HTTP/1.1" status: 200 len: 1782 time: 0.0285559
2017-03-21 06:37:23.914 15964 INFO eventlet.wsgi.server [req-f5097873-2db5-43e0-bf51-a6cc4689d7b8 - - - - -] 127.0.0.1 "GET /v1/nodes/78544ab5-49df-5a83-acfa-2068ac465b21 HTTP/1.1" status: 200 len: 1783 time: 0.0273690
2017-03-21 06:37:23.939 15964 INFO eventlet.wsgi.server [req-0336a321-45b3-4b04-9667-286aa5b219d6 - - - - -] 127.0.0.1 "GET /v1/nodes/a960e3ed-9e08-51e2-a4b4-29ea8fee5576 HTTP/1.1" status: 200 len: 1780 time: 0.0244520
2017-03-21 06:37:25.944 15965 INFO eventlet.wsgi.server [req-56700177-7a45-4f72-8e66-378ee3dc996c - - - - -] 127.0.0.1 "GET /v1/nodes/f7647c75-31e7-5dc3-be4d-1011a681070a HTTP/1.1" status: 200 len: 1782 time: 0.0301600
2017-03-21 06:37:25.950 15964 INFO eventlet.wsgi.server [req-ca487da4-05b4-44d1-85a8-70484cecdfab - - - - -] 127.0.0.1 "GET /v1/nodes/78544ab5-49df-5a83-acfa-2068ac465b21 HTTP/1.1" status: 200 len: 1783 time: 0.0297270
2017-03-21 06:37:25.976 15964 INFO eventlet.wsgi.server [req-6467dad1-f8a5-4a4a-837a-af3a07f8e02b - - - - -] 127.0.0.1 "GET /v1/nodes/a960e3ed-9e08-51e2-a4b4-29ea8fee5576 HTTP/1.1" status: 200 len: 1780 time: 0.0252519
2017-03-21 06:37:27.889 15971 INFO eventlet.wsgi.server [req-3002ec8e-d01f-41c6-b2a0-8e9e204850f0 - - - - -] 127.0.0.1 "PUT /v1/nodes/a960e3ed-9e08-51e2-a4b4-29ea8fee5576/management/boot_device HTTP/1.1" status: 204 len: 300 time: 5.5750680
2017-03-21 06:37:27.981 15965 INFO eventlet.wsgi.server [req-b2555ffa-fb72-4a86-92b9-0314a4e5314a - - - - -] 127.0.0.1 "GET /v1/nodes/f7647c75-31e7-5dc3-be4d-1011a681070a HTTP/1.1" status: 200 len: 1782 time: 0.0332539
2017-03-21 06:37:27.987 15964 INFO eventlet.wsgi.server [req-13fc854f-d3ba-4373-af6b-5bd9851097f4 - - - - -] 127.0.0.1 "GET /v1/nodes/78544ab5-49df-5a83-acfa-2068ac465b21 HTTP/1.1" status: 200 len: 1783 time: 0.0279071
2017-03-21 06:37:28.010 15964 INFO eventlet.wsgi.server [req-0343367b-4bc3-43cf-adad-514c78734f6c - - - - -] 127.0.0.1 "GET /v1/nodes/a960e3ed-9e08-51e2-a4b4-29ea8fee5576 HTTP/1.1" status: 200 len: 1780 time: 0.0221059
2017-03-21 06:37:28.063 15971 INFO eventlet.wsgi.server [req-2c32620c-770a-4d17-b28b-860ab956c109 - - - - -] 127.0.0.1 "PUT /v1/nodes/a960e3ed-9e08-51e2-a4b4-29ea8fee5576/states/power HTTP/1.1" status: 202 len: 384 time: 0.1695800
2017-03-21 06:37:30.014 15965 INFO eventlet.wsgi.server [req-6b20f1c9-bdd9-4cd1-826c-28abe054c6bf - - - - -] 127.0.0.1 "GET /v1/nodes/f7647c75-31e7-5dc3-be4d-1011a681070a HTTP/1.1" status: 200 len: 1782 time: 0.0284159
2017-03-21 06:37:30.025 15964 INFO eventlet.wsgi.server [req-4d461ef8-20c5-4193-aeff-f6c2416058ac - - - - -] 127.0.0.1 "GET /v1/nodes/78544ab5-49df-5a83-acfa-2068ac465b21 HTTP/1.1" status: 200 len: 1783 time: 0.0306251
2017-03-21 06:37:30.050 15964 INFO eventlet.wsgi.server [req-a58a5841-dc9c-4f7b-80ac-02ae408fce8f - - - - -] 127.0.0.1 "GET /v1/nodes/a960e3ed-9e08-51e2-a4b4-29ea8fee5576 HTTP/1.1" status: 200 len: 1786 time: 0.0234210
2017-03-21 06:37:32.055 15965 INFO eventlet.wsgi.server [req-039dee8b-7895-46a4-935e-53c68472e740 - - - - -] 127.0.0.1 "GET /v1/nodes/f7647c75-31e7-5dc3-be4d-1011a681070a HTTP/1.1" status: 200 len: 1782 time: 0.0367320
2017-03-21 06:37:32.068 15964 INFO eventlet.wsgi.server [req-423f48bf-71fc-485e-87b7-cf953f9967f6 - - - - -] 127.0.0.1 "GET /v1/nodes/78544ab5-49df-5a83-acfa-2068ac465b21 HTTP/1.1" status: 200 len: 1783 time: 0.0345800
2017-03-21 06:37:32.092 15964 INFO eventlet.wsgi.server [req-45985d87-fece-464b-9cf2-8adf0fe9e227 - - - - -] 127.0.0.1 "GET /v1/nodes/a960e3ed-9e08-51e2-a4b4-29ea8fee5576 HTTP/1.1" status: 200 len: 1786 time: 0.0228200
2017-03-21 06:37:34.087 15965 INFO eventlet.wsgi.server [req-1b243f6c-9666-4218-bad2-c47902e1d255 - - - - -] 127.0.0.1 "GET /v1/nodes/f7647c75-31e7-5dc3-be4d-1011a681070a HTTP/1.1" status: 200 len: 1782 time: 0.0286810
2017-03-21 06:37:34.106 15964 INFO eventlet.wsgi.server [req-d01856b2-8a46-4aa1-adf9-ccd8afbd28d1 - - - - -] 127.0.0.1 "GET /v1/nodes/78544ab5-49df-5a83-acfa-2068ac465b21 HTTP/1.1" status: 200 len: 1783 time: 0.0296669
2017-03-21 06:37:34.129 15964 INFO eventlet.wsgi.server [req-11194556-73c8-460a-adc8-d2ea6a23bb83 - - - - -] 127.0.0.1 "GET /v1/nodes/a960e3ed-9e08-51e2-a4b4-29ea8fee5576 HTTP/1.1" status: 200 len: 1786 time: 0.0220180
2017-03-21 06:37:36.125 15965 INFO eventlet.wsgi.server [req-68fe5100-a96a-4eef-b526-0f4ff18100d3 - - - - -] 127.0.0.1 "GET /v1/nodes/f7647c75-31e7-5dc3-be4d-1011a681070a HTTP/1.1" status: 200 len: 1782 time: 0.0322540
2017-03-21 06:37:36.143 15964 INFO eventlet.wsgi.server [req-30e68ba8-15d1-4826-9954-74fc19d37c16 - - - - -] 127.0.0.1 "GET /v1/nodes/78544ab5-49df-5a83-acfa-2068ac465b21 HTTP/1.1" status: 200 len: 1783 time: 0.0309801
2017-03-21 06:37:36.166 15964 INFO eventlet.wsgi.server [req-4e6359e3-61bd-4703-8796-466f9bfd287a - - - - -] 127.0.0.1 "GET /v1/nodes/a960e3ed-9e08-51e2-a4b4-29ea8fee5576 HTTP/1.1" status: 200 len: 1786 time: 0.0214579
2017-03-21 06:37:37.314 15968 INFO eventlet.wsgi.server [req-c292fd64-158c-446f-98b6-7056a44ef13f - - - - -] 127.0.0.1 "GET /v1/nodes HTTP/1.1" status: 200 len: 1495 time: 0.0615041
2017-03-21 06:37:38.161 15965 INFO eventlet.wsgi.server [req-f7a019e1-7e95-4f3b-98fb-fc86d2792ed6 - - - - -] 127.0.0.1 "GET /v1/nodes/f7647c75-31e7-5dc3-be4d-1011a681070a HTTP/1.1" status: 200 len: 1782 time: 0.0306990
2017-03-21 06:37:38.199 15964 INFO eventlet.wsgi.server [req-f5d0f5f5-9bb4-4bd8-aa05-a8b2848402e3 - - - - -] 127.0.0.1 "GET /v1/nodes/78544ab5-49df-5a83-acfa-2068ac465b21 HTTP/1.1" status: 200 len: 1783 time: 0.0521119
2017-03-21 06:37:38.208 15964 INFO eventlet.wsgi.server [req-b07b54a8-4010-41ce-bbfd-fd8af6a35649 - - - - -] 127.0.0.1 "GET /v1/nodes/a960e3ed-9e08-51e2-a4b4-29ea8fee5576 HTTP/1.1" status: 200 len: 1786 time: 0.0329089
2017-03-21 06:37:40.206 15965 INFO eventlet.wsgi.server [req-38724202-50d5-418b-b456-18de84cfd82c - - - - -] 127.0.0.1 "GET /v1/nodes/f7647c75-31e7-5dc3-be4d-1011a681070a HTTP/1.1" status: 200 len: 1782 time: 0.0341589
2017-03-21 06:37:40.240 15964 INFO eventlet.wsgi.server [req-5684b6bf-cf29-4cb2-8937-d93d097d3124 - - - - -] 127.0.0.1 "GET /v1/nodes/a960e3ed-9e08-51e2-a4b4-29ea8fee5576 HTTP/1.1" status: 200 len: 1786 time: 0.0242569
2017-03-21 06:37:40.258 15964 INFO eventlet.wsgi.server [req-90a14504-cedf-4674-8daf-256cd2c126c8 - - - - -] 127.0.0.1 "GET /v1/nodes/78544ab5-49df-5a83-acfa-2068ac465b21 HTTP/1.1" status: 200 len: 1783 time: 0.0540080
2017-03-21 06:37:42.244 15965 INFO eventlet.wsgi.server [req-bc319bbc-3c73-4fd1-8de6-6ca39ce99558 - - - - -] 127.0.0.1 "GET /v1/nodes/f7647c75-31e7-5dc3-be4d-1011a681070a HTTP/1.1" status: 200 len: 1782 time: 0.0297899
2017-03-21 06:37:42.275 15964 INFO eventlet.wsgi.server [req-2d86df53-49be-4a18-b237-7389a189152a - - - - -] 127.0.0.1 "GET /v1/nodes/a960e3ed-9e08-51e2-a4b4-29ea8fee5576 HTTP/1.1" status: 200 len: 1786 time: 0.0303490
2017-03-21 06:37:42.299 15964 INFO eventlet.wsgi.server [req-0407679d-47f3-4d99-9e9b-4702f344d2ce - - - - -] 127.0.0.1 "GET /v1/nodes/78544ab5-49df-5a83-acfa-2068ac465b21 HTTP/1.1" status: 200 len: 1783 time: 0.0237532
2017-03-21 06:37:44.281 15965 INFO eventlet.wsgi.server [req-7a023458-2a55-4aba-9e34-937f11af98e3 - - - - -] 127.0.0.1 "GET /v1/nodes/f7647c75-31e7-5dc3-be4d-1011a681070a HTTP/1.1" status: 200 len: 1782 time: 0.0302000
2017-03-21 06:37:44.310 15964 INFO eventlet.wsgi.server [req-0de18ec6-c7f9-430f-a125-6499e5decbf9 - - - - -] 127.0.0.1 "GET /v1/nodes/a960e3ed-9e08-51e2-a4b4-29ea8fee5576 HTTP/1.1" status: 200 len: 1786 time: 0.0309958
2017-03-21 06:37:44.332 15964 INFO eventlet.wsgi.server [req-ffd2770a-3892-4774-b7ac-671c4d27422f - - - - -] 127.0.0.1 "GET /v1/nodes/78544ab5-49df-5a83-acfa-2068ac465b21 HTTP/1.1" status: 200 len: 1763 time: 0.0206110
2017-03-21 06:37:46.317 15965 INFO eventlet.wsgi.server [req-ebcde784-6305-4158-ac28-73eb2a725d2f - - - - -] 127.0.0.1 "GET /v1/nodes/f7647c75-31e7-5dc3-be4d-1011a681070a HTTP/1.1" status: 200 len: 1782 time: 0.0308421
2017-03-21 06:37:46.346 15964 INFO eventlet.wsgi.server [req-6a59573e-836c-446d-a527-ff9c3471b6f4 - - - - -] 127.0.0.1 "GET /v1/nodes/a960e3ed-9e08-51e2-a4b4-29ea8fee5576 HTTP/1.1" status: 200 len: 1786 time: 0.0285480
2017-03-21 06:37:46.369 15964 INFO eventlet.wsgi.server [req-ee2140e1-2f6b-455b-9331-c2847aa3084d - - - - -] 127.0.0.1 "GET /v1/nodes/78544ab5-49df-5a83-acfa-2068ac465b21 HTTP/1.1" status: 200 len: 1763 time: 0.0222669
2017-03-21 06:37:48.354 15965 INFO eventlet.wsgi.server [req-81cc8caa-ee19-4336-b520-8c1b26c42a25 - - - - -] 127.0.0.1 "GET /v1/nodes/f7647c75-31e7-5dc3-be4d-1011a681070a HTTP/1.1" status: 200 len: 1782 time: 0.0315661
2017-03-21 06:37:48.383 15964 INFO eventlet.wsgi.server [req-0f3eee0d-a163-4181-8211-f88e36407597 - - - - -] 127.0.0.1 "GET /v1/nodes/a960e3ed-9e08-51e2-a4b4-29ea8fee5576 HTTP/1.1" status: 200 len: 1786 time: 0.0307851
2017-03-21 06:37:48.410 15964 INFO eventlet.wsgi.server [req-cb6a3de4-bf50-4e99-9b1b-941fb7d36d89 - - - - -] 127.0.0.1 "GET /v1/nodes/78544ab5-49df-5a83-acfa-2068ac465b21 HTTP/1.1" status: 200 len: 1763 time: 0.0255749
2017-03-21 06:37:50.390 15965 INFO eventlet.wsgi.server [req-e5e667fd-1d9d-488a-92ec-0b6f9c95fb64 - - - - -] 127.0.0.1 "GET /v1/nodes/f7647c75-31e7-5dc3-be4d-1011a681070a HTTP/1.1" status: 200 len: 1762 time: 0.0308099
2017-03-21 06:37:50.421 15964 INFO eventlet.wsgi.server [req-a2f2322f-7da9-458d-a1f0-aab3542c50ef - - - - -] 127.0.0.1 "GET /v1/nodes/a960e3ed-9e08-51e2-a4b4-29ea8fee5576 HTTP/1.1" status: 200 len: 1786 time: 0.0328581
2017-03-21 06:37:50.447 15964 INFO eventlet.wsgi.server [req-dcded2a2-ab74-48e6-bea3-cd2cef48f9a4 - - - - -] 127.0.0.1 "GET /v1/nodes/78544ab5-49df-5a83-acfa-2068ac465b21 HTTP/1.1" status: 200 len: 1763 time: 0.0250778
2017-03-21 06:37:52.426 15965 INFO eventlet.wsgi.server [req-468f1abe-c3b1-482e-b7d4-32ceedad6f79 - - - - -] 127.0.0.1 "GET /v1/nodes/f7647c75-31e7-5dc3-be4d-1011a681070a HTTP/1.1" status: 200 len: 1762 time: 0.0300710
2017-03-21 06:37:52.458 15964 INFO eventlet.wsgi.server [req-f4dff370-09fe-43e4-bb29-b45f1dcd376f - - - - -] 127.0.0.1 "GET /v1/nodes/a960e3ed-9e08-51e2-a4b4-29ea8fee5576 HTTP/1.1" status: 200 len: 1786 time: 0.0317631
2017-03-21 06:37:52.482 15964 INFO eventlet.wsgi.server [req-3ec7e83f-cebe-4cb7-ac17-16f14855f15e - - - - -] 127.0.0.1 "GET /v1/nodes/78544ab5-49df-5a83-acfa-2068ac465b21 HTTP/1.1" status: 200 len: 1763 time: 0.0231462
2017-03-21 06:37:54.460 15965 INFO eventlet.wsgi.server [req-ca1d88ce-2bec-4618-a6f6-0fd23ff7a57e - - - - -] 127.0.0.1 "GET /v1/nodes/f7647c75-31e7-5dc3-be4d-1011a681070a HTTP/1.1" status: 200 len: 1762 time: 0.0299499
2017-03-21 06:37:54.495 15964 INFO eventlet.wsgi.server [req-10d48c0e-85bd-4cc0-8f18-3b71ce2364ec - - - - -] 127.0.0.1 "GET /v1/nodes/a960e3ed-9e08-51e2-a4b4-29ea8fee5576 HTTP/1.1" status: 200 len: 1766 time: 0.0326319
2017-03-21 06:37:54.521 15964 INFO eventlet.wsgi.server [req-84112a5a-5f34-4b05-916c-c3d129d7a801 - - - - -] 127.0.0.1 "GET /v1/nodes/78544ab5-49df-5a83-acfa-2068ac465b21 HTTP/1.1" status: 200 len: 1763 time: 0.0245562
2017-03-21 06:37:56.492 15965 INFO eventlet.wsgi.server [req-bb0866f2-8e09-4224-86e8-611caaeace87 - - - - -] 127.0.0.1 "GET /v1/nodes/f7647c75-31e7-5dc3-be4d-1011a681070a HTTP/1.1" status: 200 len: 1762 time: 0.0288289
2017-03-21 06:37:56.534 15964 INFO eventlet.wsgi.server [req-14706513-f220-41fc-b6ef-ed7bcbd6ff09 - - - - -] 127.0.0.1 "GET /v1/nodes/a960e3ed-9e08-51e2-a4b4-29ea8fee5576 HTTP/1.1" status: 200 len: 1766 time: 0.0339820
2017-03-21 06:37:56.560 15964 INFO eventlet.wsgi.server [req-cb382f38-dcfd-4e44-8a41-71f56cca1391 - - - - -] 127.0.0.1 "GET /v1/nodes/78544ab5-49df-5a83-acfa-2068ac465b21 HTTP/1.1" status: 200 len: 1763 time: 0.0242090
2017-03-21 06:37:58.510 15965 INFO eventlet.wsgi.server [req-1c38a0dd-02d5-4528-a246-01e6b76d055c - - - - -] 127.0.0.1 "GET /v1/nodes/f7647c75-31e7-5dc3-be4d-1011a681070a HTTP/1.1" status: 200 len: 1762 time: 0.0145230
2017-03-21 06:37:58.571 15964 INFO eventlet.wsgi.server [req-3a05cd22-75d4-46c9-8d08-90b2c6f632c9 - - - - -] 127.0.0.1 "GET /v1/nodes/a960e3ed-9e08-51e2-a4b4-29ea8fee5576 HTTP/1.1" status: 200 len: 1766 time: 0.0312331
2017-03-21 06:37:58.594 15964 INFO eventlet.wsgi.server [req-bf7e04c3-163f-484b-8536-c1224f2850d4 - - - - -] 127.0.0.1 "GET /v1/nodes/78544ab5-49df-5a83-acfa-2068ac465b21 HTTP/1.1" status: 200 len: 1763 time: 0.0218790
2017-03-21 06:38:00.550 15965 INFO eventlet.wsgi.server [req-64f5e7db-a292-4b94-a849-186d20e48fb1 - - - - -] 127.0.0.1 "GET /v1/nodes/f7647c75-31e7-5dc3-be4d-1011a681070a HTTP/1.1" status: 200 len: 1762 time: 0.0334570
2017-03-21 06:38:00.608 15964 INFO eventlet.wsgi.server [req-b3f502f6-8815-49bf-ac01-2c59add8fec6 - - - - -] 127.0.0.1 "GET /v1/nodes/a960e3ed-9e08-51e2-a4b4-29ea8fee5576 HTTP/1.1" status: 200 len: 1766 time: 0.0314360
2017-03-21 06:38:00.635 15964 INFO eventlet.wsgi.server [req-09a7fe78-5984-4646-96d1-9af5389c1828 - - - - -] 127.0.0.1 "GET /v1/nodes/78544ab5-49df-5a83-acfa-2068ac465b21 HTTP/1.1" status: 200 len: 1763 time: 0.0258210
2017-03-21 06:38:02.587 15965 INFO eventlet.wsgi.server [req-941e0dd6-820f-4dfd-bfe5-f0e965a731b3 - - - - -] 127.0.0.1 "GET /v1/nodes/f7647c75-31e7-5dc3-be4d-1011a681070a HTTP/1.1" status: 200 len: 1762 time: 0.0307310
2017-03-21 06:38:02.647 15964 INFO eventlet.wsgi.server [req-6ff70982-24ac-4175-86c1-9befb19d7b93 - - - - -] 127.0.0.1 "GET /v1/nodes/a960e3ed-9e08-51e2-a4b4-29ea8fee5576 HTTP/1.1" status: 200 len: 1766 time: 0.0333679
2017-03-21 06:38:02.672 15964 INFO eventlet.wsgi.server [req-36adb625-4c38-4857-b000-701cef2a41c2 - - - - -] 127.0.0.1 "GET /v1/nodes/78544ab5-49df-5a83-acfa-2068ac465b21 HTTP/1.1" status: 200 len: 1763 time: 0.0238731
2017-03-21 06:38:04.614 15965 INFO eventlet.wsgi.server [req-fac1db97-b5e2-4e18-a42c-aadc179507f2 - - - - -] 127.0.0.1 "GET /v1/nodes/f7647c75-31e7-5dc3-be4d-1011a681070a HTTP/1.1" status: 200 len: 1762 time: 0.0225389
2017-03-21 06:38:04.691 15964 INFO eventlet.wsgi.server [req-f3f4899c-5ccf-4ef1-a2b8-a1685dfedd25 - - - - -] 127.0.0.1 "GET /v1/nodes/a960e3ed-9e08-51e2-a4b4-29ea8fee5576 HTTP/1.1" status: 200 len: 1766 time: 0.0382061
2017-03-21 06:38:04.718 15964 INFO eventlet.wsgi.server [req-0acd1abe-317b-481f-9660-8c6fa2563da6 - - - - -] 127.0.0.1 "GET /v1/nodes/78544ab5-49df-5a83-acfa-2068ac465b21 HTTP/1.1" status: 200 len: 1763 time: 0.0254631
2017-03-21 06:38:06.631 15965 INFO eventlet.wsgi.server [req-d4e90764-02d5-479d-a69f-f99a4d4eb7d3 - - - - -] 127.0.0.1 "GET /v1/nodes/f7647c75-31e7-5dc3-be4d-1011a681070a HTTP/1.1" status: 200 len: 1762 time: 0.0157599
2017-03-21 06:38:06.728 15964 INFO eventlet.wsgi.server [req-2401807b-f96d-4f0c-9b5e-568a6c561ec4 - - - - -] 127.0.0.1 "GET /v1/nodes/a960e3ed-9e08-51e2-a4b4-29ea8fee5576 HTTP/1.1" status: 200 len: 1766 time: 0.0319459
2017-03-21 06:38:06.753 15964 INFO eventlet.wsgi.server [req-fa55cf53-0dfb-43e4-a014-fc1cc397c1dd - - - - -] 127.0.0.1 "GET /v1/nodes/78544ab5-49df-5a83-acfa-2068ac465b21 HTTP/1.1" status: 200 len: 1763 time: 0.0234120
2017-03-21 06:38:08.668 15965 INFO eventlet.wsgi.server [req-75f4144c-366c-46f6-a675-0efc3edd08c6 - - - - -] 127.0.0.1 "GET /v1/nodes/f7647c75-31e7-5dc3-be4d-1011a681070a HTTP/1.1" status: 200 len: 1762 time: 0.0311630
2017-03-21 06:38:08.766 15964 INFO eventlet.wsgi.server [req-2a585d47-bded-4978-8eec-84db94453b65 - - - - -] 127.0.0.1 "GET /v1/nodes/a960e3ed-9e08-51e2-a4b4-29ea8fee5576 HTTP/1.1" status: 200 len: 1766 time: 0.0323079
2017-03-21 06:38:08.790 15964 INFO eventlet.wsgi.server [req-78efc283-e6de-44f7-9358-8eb3534b54f4 - - - - -] 127.0.0.1 "GET /v1/nodes/78544ab5-49df-5a83-acfa-2068ac465b21 HTTP/1.1" status: 200 len: 1763 time: 0.0235181
2017-03-21 06:38:10.702 15965 INFO eventlet.wsgi.server [req-7cea31c4-77ed-4712-bb9e-09060183d1db - - - - -] 127.0.0.1 "GET /v1/nodes/f7647c75-31e7-5dc3-be4d-1011a681070a HTTP/1.1" status: 200 len: 1762 time: 0.0294960
2017-03-21 06:38:10.786 15964 INFO eventlet.wsgi.server [req-dac9110c-254a-4656-a857-6b20c7ed077c - - - - -] 127.0.0.1 "GET /v1/nodes/a960e3ed-9e08-51e2-a4b4-29ea8fee5576 HTTP/1.1" status: 200 len: 1766 time: 0.0156670
2017-03-21 06:38:10.806 15964 INFO eventlet.wsgi.server [req-dbed998d-a130-4aeb-9f2a-9f28b74d0416 - - - - -] 127.0.0.1 "GET /v1/nodes/78544ab5-49df-5a83-acfa-2068ac465b21 HTTP/1.1" status: 200 len: 1763 time: 0.0134921
2017-03-21 06:38:12.414 15968 INFO eventlet.wsgi.server [req-b9cbaf3d-22e5-4ee8-a606-c51a761cb48c - - - - -] 127.0.0.1 "GET /v1/nodes/78544ab5-49df-5a83-acfa-2068ac465b21 HTTP/1.1" status: 200 len: 1782 time: 0.0325110
2017-03-21 06:38:12.517 15968 INFO eventlet.wsgi.server [req-2da405d5-c6ec-407a-8784-484f805e477e - - - - -] 127.0.0.1 "GET /v1/nodes/78544ab5-49df-5a83-acfa-2068ac465b21/ports HTTP/1.1" status: 200 len: 623 time: 0.0353620
2017-03-21 06:38:12.713 15968 INFO eventlet.wsgi.server [req-52d2df2f-275f-4406-8a66-89088ca1ec98 - - - - -] 127.0.0.1 "PATCH /v1/nodes/78544ab5-49df-5a83-acfa-2068ac465b21 HTTP/1.1" status: 200 len: 1782 time: 0.1889210
2017-03-21 06:38:12.741 15965 INFO eventlet.wsgi.server [req-5da48b65-a7db-47c7-8cfd-7471a45a5d2e - - - - -] 127.0.0.1 "GET /v1/nodes/f7647c75-31e7-5dc3-be4d-1011a681070a HTTP/1.1" status: 200 len: 1762 time: 0.0322051
2017-03-21 06:38:12.821 15964 INFO eventlet.wsgi.server [req-e175ece7-e45f-445a-bfcd-b43df3056a84 - - - - -] 127.0.0.1 "GET /v1/nodes/a960e3ed-9e08-51e2-a4b4-29ea8fee5576 HTTP/1.1" status: 200 len: 1766 time: 0.0278990
2017-03-21 06:38:12.839 15964 INFO eventlet.wsgi.server [req-bd880caf-e26f-4079-a054-ea3f8d8d5a03 - - - - -] 127.0.0.1 "GET /v1/nodes/78544ab5-49df-5a83-acfa-2068ac465b21 HTTP/1.1" status: 200 len: 1783 time: 0.0172112
2017-03-21 06:38:12.931 15968 INFO eventlet.wsgi.server [req-30197053-0248-48be-a5ef-aacac22c2961 - - - - -] 127.0.0.1 "PATCH /v1/nodes/78544ab5-49df-5a83-acfa-2068ac465b21 HTTP/1.1" status: 200 len: 1832 time: 0.2103548
2017-03-21 06:38:13.151 15973 WARNING oslo_config.cfg [req-99faa319-c14e-4454-9a36-ad1aa5727582 - - - - -] Option "rabbit_userid" from group "DEFAULT" is deprecated. Use option "rabbit_userid" from group "oslo_messaging_rabbit".
2017-03-21 06:38:13.152 15973 WARNING oslo_config.cfg [req-99faa319-c14e-4454-9a36-ad1aa5727582 - - - - -] Option "rabbit_userid" from group "oslo_messaging_rabbit" is deprecated for removal. Its value may be silently ignored in the future.
2017-03-21 06:38:13.152 15973 WARNING oslo_config.cfg [req-99faa319-c14e-4454-9a36-ad1aa5727582 - - - - -] Option "rabbit_password" from group "DEFAULT" is deprecated. Use option "rabbit_password" from group "oslo_messaging_rabbit".
2017-03-21 06:38:13.152 15973 WARNING oslo_config.cfg [req-99faa319-c14e-4454-9a36-ad1aa5727582 - - - - -] Option "rabbit_password" from group "oslo_messaging_rabbit" is deprecated for removal. Its value may be silently ignored in the future.
2017-03-21 06:38:13.309 15973 INFO eventlet.wsgi.server [req-99faa319-c14e-4454-9a36-ad1aa5727582 - - - - -] 127.0.0.1 "PUT /v1/nodes/78544ab5-49df-5a83-acfa-2068ac465b21/states/power HTTP/1.1" status: 202 len: 384 time: 0.3455539
2017-03-21 06:38:14.760 15965 INFO eventlet.wsgi.server [req-e7c570dd-1c67-4e83-b02f-310e191a1e82 - - - - -] 127.0.0.1 "GET /v1/nodes/f7647c75-31e7-5dc3-be4d-1011a681070a HTTP/1.1" status: 200 len: 1762 time: 0.0160229
2017-03-21 06:38:14.860 15964 INFO eventlet.wsgi.server [req-6d069bc0-b091-4e9e-81a1-fb6acd07dd2b - - - - -] 127.0.0.1 "GET /v1/nodes/a960e3ed-9e08-51e2-a4b4-29ea8fee5576 HTTP/1.1" status: 200 len: 1766 time: 0.0335729
2017-03-21 06:38:14.877 15964 INFO eventlet.wsgi.server [req-c32a1f8c-527b-4a1e-9d77-265963d4a022 - - - - -] 127.0.0.1 "GET /v1/nodes/78544ab5-49df-5a83-acfa-2068ac465b21 HTTP/1.1" status: 200 len: 1840 time: 0.0330181
2017-03-21 06:38:15.175 15973 INFO eventlet.wsgi.server [req-738097b7-43c4-418c-84bb-7a567602a8a0 - - - - -] 127.0.0.1 "GET /v1/nodes/f7647c75-31e7-5dc3-be4d-1011a681070a HTTP/1.1" status: 200 len: 1781 time: 0.0162120
2017-03-21 06:38:15.253 15973 INFO eventlet.wsgi.server [req-681fdc96-b353-43dc-b7c6-6d0ff89802af - - - - -] 127.0.0.1 "GET /v1/nodes/f7647c75-31e7-5dc3-be4d-1011a681070a/ports HTTP/1.1" status: 200 len: 623 time: 0.0204740
2017-03-21 06:38:15.414 15973 INFO eventlet.wsgi.server [req-d0ea43a4-583b-4e33-a5bd-4e163bc7f2d7 - - - - -] 127.0.0.1 "PATCH /v1/nodes/f7647c75-31e7-5dc3-be4d-1011a681070a HTTP/1.1" status: 200 len: 1781 time: 0.1552069
2017-03-21 06:38:15.742 15973 INFO eventlet.wsgi.server [req-3e153b93-eb76-444b-8c89-92af94060973 - - - - -] 127.0.0.1 "PATCH /v1/nodes/f7647c75-31e7-5dc3-be4d-1011a681070a HTTP/1.1" status: 200 len: 1831 time: 0.3206220
2017-03-21 06:38:15.964 15974 WARNING oslo_config.cfg [req-0192a1ac-f0a4-439b-8b39-22f6761009d0 - - - - -] Option "rabbit_userid" from group "DEFAULT" is deprecated. Use option "rabbit_userid" from group "oslo_messaging_rabbit".
2017-03-21 06:38:15.964 15974 WARNING oslo_config.cfg [req-0192a1ac-f0a4-439b-8b39-22f6761009d0 - - - - -] Option "rabbit_userid" from group "oslo_messaging_rabbit" is deprecated for removal. Its value may be silently ignored in the future.
2017-03-21 06:38:15.965 15974 WARNING oslo_config.cfg [req-0192a1ac-f0a4-439b-8b39-22f6761009d0 - - - - -] Option "rabbit_password" from group "DEFAULT" is deprecated. Use option "rabbit_password" from group "oslo_messaging_rabbit".
2017-03-21 06:38:15.965 15974 WARNING oslo_config.cfg [req-0192a1ac-f0a4-439b-8b39-22f6761009d0 - - - - -] Option "rabbit_password" from group "oslo_messaging_rabbit" is deprecated for removal. Its value may be silently ignored in the future.
2017-03-21 06:38:16.620 15974 INFO eventlet.wsgi.server [req-0192a1ac-f0a4-439b-8b39-22f6761009d0 - - - - -] 127.0.0.1 "PUT /v1/nodes/f7647c75-31e7-5dc3-be4d-1011a681070a/states/power HTTP/1.1" status: 202 len: 384 time: 0.8482840
2017-03-21 06:38:16.794 15965 INFO eventlet.wsgi.server [req-d2673fab-46c5-485b-8678-6df537221e57 - - - - -] 127.0.0.1 "GET /v1/nodes/f7647c75-31e7-5dc3-be4d-1011a681070a HTTP/1.1" status: 200 len: 1839 time: 0.0291290
2017-03-21 06:38:16.912 15964 INFO eventlet.wsgi.server [req-3ccb4580-f17d-4083-9b8d-7ecd7c999359 - - - - -] 127.0.0.1 "GET /v1/nodes/78544ab5-49df-5a83-acfa-2068ac465b21 HTTP/1.1" status: 200 len: 1840 time: 0.0286891
2017-03-21 06:38:16.925 15964 INFO eventlet.wsgi.server [req-e30aa229-d941-4f59-a85a-0b64a0fad9cf - - - - -] 127.0.0.1 "GET /v1/nodes/a960e3ed-9e08-51e2-a4b4-29ea8fee5576 HTTP/1.1" status: 200 len: 1766 time: 0.0581541
2017-03-21 06:38:18.716 15976 INFO eventlet.wsgi.server [req-4a86c092-18c2-422d-b47b-ea893cedf9a9 - - - - -] 127.0.0.1 "GET /v1/nodes/a960e3ed-9e08-51e2-a4b4-29ea8fee5576 HTTP/1.1" status: 200 len: 1785 time: 0.0241861
2017-03-21 06:38:18.834 15965 INFO eventlet.wsgi.server [req-d3ea596d-06ac-43d2-97ac-25704aa9d562 - - - - -] 127.0.0.1 "GET /v1/nodes/f7647c75-31e7-5dc3-be4d-1011a681070a HTTP/1.1" status: 200 len: 1839 time: 0.0332429
2017-03-21 06:38:18.950 15964 INFO eventlet.wsgi.server [req-f28a88c9-bb92-497b-94a2-8fcb41973570 - - - - -] 127.0.0.1 "GET /v1/nodes/78544ab5-49df-5a83-acfa-2068ac465b21 HTTP/1.1" status: 200 len: 1840 time: 0.0321729
2017-03-21 06:38:18.974 15964 INFO eventlet.wsgi.server [req-1cf412ab-5728-4940-842b-e2934989da6d - - - - -] 127.0.0.1 "GET /v1/nodes/a960e3ed-9e08-51e2-a4b4-29ea8fee5576 HTTP/1.1" status: 200 len: 1766 time: 0.0232620
2017-03-21 06:38:19.540 15976 INFO eventlet.wsgi.server [req-77efcdd2-b735-4849-80a3-49d787578a0f - - - - -] 127.0.0.1 "GET /v1/nodes/a960e3ed-9e08-51e2-a4b4-29ea8fee5576/ports HTTP/1.1" status: 200 len: 623 time: 0.0233130
2017-03-21 06:38:20.022 15976 INFO eventlet.wsgi.server [req-b850b306-13d8-4145-a49f-64f556000890 - - - - -] 127.0.0.1 "PATCH /v1/nodes/a960e3ed-9e08-51e2-a4b4-29ea8fee5576 HTTP/1.1" status: 200 len: 1785 time: 0.4757230
2017-03-21 06:38:20.312 15976 INFO eventlet.wsgi.server [req-364082f4-1c86-4271-97ed-0936e7176fa3 - - - - -] 127.0.0.1 "PATCH /v1/nodes/a960e3ed-9e08-51e2-a4b4-29ea8fee5576 HTTP/1.1" status: 200 len: 1835 time: 0.2836921
2017-03-21 06:38:20.570 15971 INFO eventlet.wsgi.server [req-0e492b3a-e1d1-491f-9d16-cc7c90f4fc0e - - - - -] 127.0.0.1 "PUT /v1/nodes/a960e3ed-9e08-51e2-a4b4-29ea8fee5576/states/power HTTP/1.1" status: 202 len: 384 time: 0.2193320
2017-03-21 06:38:20.864 15965 INFO eventlet.wsgi.server [req-95511a61-accf-4e44-9fb6-3f984150fe1f - - - - -] 127.0.0.1 "GET /v1/nodes/f7647c75-31e7-5dc3-be4d-1011a681070a HTTP/1.1" status: 200 len: 1839 time: 0.0261819
2017-03-21 06:38:20.986 15964 INFO eventlet.wsgi.server [req-9cbae7c4-f9ad-4977-870f-c1f1fb441b26 - - - - -] 127.0.0.1 "GET /v1/nodes/78544ab5-49df-5a83-acfa-2068ac465b21 HTTP/1.1" status: 200 len: 1840 time: 0.0313332
2017-03-21 06:38:21.018 15964 INFO eventlet.wsgi.server [req-653f7d3b-7ac2-494d-b688-e90052c5d8b5 - - - - -] 127.0.0.1 "GET /v1/nodes/a960e3ed-9e08-51e2-a4b4-29ea8fee5576 HTTP/1.1" status: 200 len: 1843 time: 0.0302639
2017-03-21 06:38:22.899 15965 INFO eventlet.wsgi.server [req-27ea6a6e-51e3-4485-966e-3baafdef68d5 - - - - -] 127.0.0.1 "GET /v1/nodes/f7647c75-31e7-5dc3-be4d-1011a681070a HTTP/1.1" status: 200 len: 1839 time: 0.0293479
2017-03-21 06:38:23.022 15964 INFO eventlet.wsgi.server [req-9a43ff8b-b0de-4949-af45-2218f466b071 - - - - -] 127.0.0.1 "GET /v1/nodes/78544ab5-49df-5a83-acfa-2068ac465b21 HTTP/1.1" status: 200 len: 1840 time: 0.0297010
2017-03-21 06:38:23.046 15964 INFO eventlet.wsgi.server [req-21bd1381-9fb2-4d9f-8209-001adf37df13 - - - - -] 127.0.0.1 "GET /v1/nodes/a960e3ed-9e08-51e2-a4b4-29ea8fee5576 HTTP/1.1" status: 200 len: 1843 time: 0.0235820
2017-03-21 06:38:24.933 15965 INFO eventlet.wsgi.server [req-2499ee49-40df-4162-8b42-3a5401033bda - - - - -] 127.0.0.1 "GET /v1/nodes/f7647c75-31e7-5dc3-be4d-1011a681070a HTTP/1.1" status: 200 len: 1839 time: 0.0295360
2017-03-21 06:38:25.052 15964 INFO eventlet.wsgi.server [req-248df9b5-65c0-425f-9cd7-2a9102ccfe7d - - - - -] 127.0.0.1 "GET /v1/nodes/78544ab5-49df-5a83-acfa-2068ac465b21 HTTP/1.1" status: 200 len: 1814 time: 0.0238640
2017-03-21 06:38:25.065 15964 INFO eventlet.wsgi.server [req-bc75a34c-fdb2-467b-8cb8-ca30e682e631 - - - - -] 127.0.0.1 "GET /v1/nodes/a960e3ed-9e08-51e2-a4b4-29ea8fee5576 HTTP/1.1" status: 200 len: 1843 time: 0.0126250
2017-03-21 06:38:26.968 15965 INFO eventlet.wsgi.server [req-74e270d9-a55d-4d74-bd8e-b9b9a84bb510 - - - - -] 127.0.0.1 "GET /v1/nodes/f7647c75-31e7-5dc3-be4d-1011a681070a HTTP/1.1" status: 200 len: 1839 time: 0.0297780
2017-03-21 06:38:27.079 15964 INFO eventlet.wsgi.server [req-dfaf527e-c4be-4c63-a20a-52375a9f00f4 - - - - -] 127.0.0.1 "GET /v1/nodes/78544ab5-49df-5a83-acfa-2068ac465b21 HTTP/1.1" status: 200 len: 1814 time: 0.0228610
2017-03-21 06:38:27.098 15964 INFO eventlet.wsgi.server [req-bbe064bc-7b5c-4090-830a-62e757b3e1f6 - - - - -] 127.0.0.1 "GET /v1/nodes/a960e3ed-9e08-51e2-a4b4-29ea8fee5576 HTTP/1.1" status: 200 len: 1843 time: 0.0175700
2017-03-21 06:38:29.003 15965 INFO eventlet.wsgi.server [req-da5177d8-3239-451c-9de7-ef62627faf77 - - - - -] 127.0.0.1 "GET /v1/nodes/f7647c75-31e7-5dc3-be4d-1011a681070a HTTP/1.1" status: 200 len: 1839 time: 0.0294971
2017-03-21 06:38:29.115 15964 INFO eventlet.wsgi.server [req-87dfd3ec-8426-4d5c-a626-5e6017d9d760 - - - - -] 127.0.0.1 "GET /v1/nodes/78544ab5-49df-5a83-acfa-2068ac465b21 HTTP/1.1" status: 200 len: 1814 time: 0.0303612
2017-03-21 06:38:29.138 15964 INFO eventlet.wsgi.server [req-3a79528a-f3c1-4219-842f-d05c7600984f - - - - -] 127.0.0.1 "GET /v1/nodes/a960e3ed-9e08-51e2-a4b4-29ea8fee5576 HTTP/1.1" status: 200 len: 1843 time: 0.0224040
2017-03-21 06:38:31.037 15965 INFO eventlet.wsgi.server [req-4eb84c02-d1b9-41bc-94b8-1e39459ca0db - - - - -] 127.0.0.1 "GET /v1/nodes/f7647c75-31e7-5dc3-be4d-1011a681070a HTTP/1.1" status: 200 len: 1833 time: 0.0283051
2017-03-21 06:38:31.151 15964 INFO eventlet.wsgi.server [req-077f1fe3-10e2-49e9-9f5e-144bd884cabd - - - - -] 127.0.0.1 "GET /v1/nodes/78544ab5-49df-5a83-acfa-2068ac465b21 HTTP/1.1" status: 200 len: 1814 time: 0.0309670
2017-03-21 06:38:31.177 15964 INFO eventlet.wsgi.server [req-bd1c7cad-3f8c-42f3-b2d0-b45a0c7cfb44 - - - - -] 127.0.0.1 "GET /v1/nodes/a960e3ed-9e08-51e2-a4b4-29ea8fee5576 HTTP/1.1" status: 200 len: 1843 time: 0.0248590
2017-03-21 06:38:33.073 15965 INFO eventlet.wsgi.server [req-7446e61a-455f-47cb-9b43-66cede11a8be - - - - -] 127.0.0.1 "GET /v1/nodes/f7647c75-31e7-5dc3-be4d-1011a681070a HTTP/1.1" status: 200 len: 1813 time: 0.0304708
2017-03-21 06:38:33.186 15964 INFO eventlet.wsgi.server [req-4e96dbdb-6bdc-4182-9df1-2e4596d444e8 - - - - -] 127.0.0.1 "GET /v1/nodes/78544ab5-49df-5a83-acfa-2068ac465b21 HTTP/1.1" status: 200 len: 1814 time: 0.0302529
2017-03-21 06:38:33.209 15964 INFO eventlet.wsgi.server [req-cd3c98ba-e8c9-485a-9881-788f2fa42e88 - - - - -] 127.0.0.1 "GET /v1/nodes/a960e3ed-9e08-51e2-a4b4-29ea8fee5576 HTTP/1.1" status: 200 len: 1843 time: 0.0217068
2017-03-21 06:38:35.108 15965 INFO eventlet.wsgi.server [req-8e775904-fc7a-4f26-8cb6-a1c6cd472eb9 - - - - -] 127.0.0.1 "GET /v1/nodes/f7647c75-31e7-5dc3-be4d-1011a681070a HTTP/1.1" status: 200 len: 1813 time: 0.0296719
2017-03-21 06:38:35.223 15964 INFO eventlet.wsgi.server [req-79823774-f8b2-442c-937a-8073f8da4bc9 - - - - -] 127.0.0.1 "GET /v1/nodes/78544ab5-49df-5a83-acfa-2068ac465b21 HTTP/1.1" status: 200 len: 1814 time: 0.0339689
2017-03-21 06:38:35.246 15964 INFO eventlet.wsgi.server [req-8a16999f-f538-4a35-a473-641889d3cc7b - - - - -] 127.0.0.1 "GET /v1/nodes/a960e3ed-9e08-51e2-a4b4-29ea8fee5576 HTTP/1.1" status: 200 len: 1843 time: 0.0221529
2017-03-21 06:38:37.138 15965 INFO eventlet.wsgi.server [req-6289fe2d-712a-409d-a4ab-0d51d3971024 - - - - -] 127.0.0.1 "GET /v1/nodes/f7647c75-31e7-5dc3-be4d-1011a681070a HTTP/1.1" status: 200 len: 1813 time: 0.0245330
