2017-03-21 13:49:14.765 3796 INFO eventlet.wsgi.server [req-5855591b-eab5-42a8-b3cc-eca70ad72da1 - - - - -] 127.0.0.1 "PUT /v1/nodes/a960e3ed-9e08-51e2-a4b4-29ea8fee5576/management/boot_device HTTP/1.1" status: 204 len: 300 time: 10.7600150
2017-03-21 13:49:14.788 3787 INFO eventlet.wsgi.server [req-56f190ce-3daf-4d78-9228-768dbb8147a0 - - - - -] 127.0.0.1 "PUT /v1/nodes/5910c412-a48c-50c1-9a92-84a7edd87952/management/boot_device HTTP/1.1" status: 204 len: 300 time: 5.7377651
2017-03-21 13:49:14.903 3795 INFO eventlet.wsgi.server [req-441f4d58-ffff-490d-9a8a-0ae7aafb5111 - - - - -] 127.0.0.1 "GET /v1/nodes/78544ab5-49df-5a83-acfa-2068ac465b21 HTTP/1.1" status: 200 len: 1783 time: 0.0297489
2017-03-21 13:49:14.929 3796 INFO eventlet.wsgi.server [req-daeb7f66-951a-489e-82c2-a10bb6dc41a6 - - - - -] 127.0.0.1 "PUT /v1/nodes/a960e3ed-9e08-51e2-a4b4-29ea8fee5576/states/power HTTP/1.1" status: 202 len: 384 time: 0.1593158
2017-03-21 13:49:14.954 3787 INFO eventlet.wsgi.server [req-221428ef-36d2-4c92-9414-ab4ec64f8956 - - - - -] 127.0.0.1 "PUT /v1/nodes/5910c412-a48c-50c1-9a92-84a7edd87952/states/power HTTP/1.1" status: 202 len: 384 time: 0.1633410
2017-03-21 13:49:15.077 3792 INFO eventlet.wsgi.server [req-dff86b0a-7fa5-4eb1-bb59-c6148e006d7b - - - - -] 127.0.0.1 "GET /v1/nodes/a960e3ed-9e08-51e2-a4b4-29ea8fee5576 HTTP/1.1" status: 200 len: 1786 time: 0.0285020
2017-03-21 13:49:15.152 3785 INFO eventlet.wsgi.server [req-c5b635c9-5b9b-488a-86f9-8aaf6f9ec4f5 - - - - -] 127.0.0.1 "GET /v1/nodes/5910c412-a48c-50c1-9a92-84a7edd87952 HTTP/1.1" status: 200 len: 1784 time: 0.0298638
2017-03-21 13:49:16.940 3795 INFO eventlet.wsgi.server [req-2a4240dc-af0e-4ffc-a4a4-fd7fbfe3c275 - - - - -] 127.0.0.1 "GET /v1/nodes/78544ab5-49df-5a83-acfa-2068ac465b21 HTTP/1.1" status: 200 len: 1783 time: 0.0313430
2017-03-21 13:49:17.111 3792 INFO eventlet.wsgi.server [req-95c29d10-4349-447c-9dc4-e36a831907e2 - - - - -] 127.0.0.1 "GET /v1/nodes/a960e3ed-9e08-51e2-a4b4-29ea8fee5576 HTTP/1.1" status: 200 len: 1786 time: 0.0296071
2017-03-21 13:49:17.186 3785 INFO eventlet.wsgi.server [req-f5abeadf-1cf6-4018-9595-5c0398e450e1 - - - - -] 127.0.0.1 "GET /v1/nodes/5910c412-a48c-50c1-9a92-84a7edd87952 HTTP/1.1" status: 200 len: 1784 time: 0.0294251
2017-03-21 13:49:18.981 3795 INFO eventlet.wsgi.server [req-7b8a2a79-6fbd-44db-9f10-2042c2a7236f - - - - -] 127.0.0.1 "GET /v1/nodes/78544ab5-49df-5a83-acfa-2068ac465b21 HTTP/1.1" status: 200 len: 1783 time: 0.0327570
2017-03-21 13:49:19.148 3792 INFO eventlet.wsgi.server [req-e8f53ffd-c064-4b4e-b6a9-800e14cdcae0 - - - - -] 127.0.0.1 "GET /v1/nodes/a960e3ed-9e08-51e2-a4b4-29ea8fee5576 HTTP/1.1" status: 200 len: 1786 time: 0.0308928
2017-03-21 13:49:19.221 3785 INFO eventlet.wsgi.server [req-5e0bc086-51d1-4361-ba64-d57e4485e8cb - - - - -] 127.0.0.1 "GET /v1/nodes/5910c412-a48c-50c1-9a92-84a7edd87952 HTTP/1.1" status: 200 len: 1784 time: 0.0287611
2017-03-21 13:49:21.018 3795 INFO eventlet.wsgi.server [req-dec20759-91cd-4a4f-86d9-703fbfdcee11 - - - - -] 127.0.0.1 "GET /v1/nodes/78544ab5-49df-5a83-acfa-2068ac465b21 HTTP/1.1" status: 200 len: 1783 time: 0.0297601
2017-03-21 13:49:21.186 3792 INFO eventlet.wsgi.server [req-9046feb8-1d87-4885-a09a-ad0f39a2c917 - - - - -] 127.0.0.1 "GET /v1/nodes/a960e3ed-9e08-51e2-a4b4-29ea8fee5576 HTTP/1.1" status: 200 len: 1786 time: 0.0302589
2017-03-21 13:49:21.259 3785 INFO eventlet.wsgi.server [req-4142d24a-904e-4b0f-925f-4881022f0c9a - - - - -] 127.0.0.1 "GET /v1/nodes/5910c412-a48c-50c1-9a92-84a7edd87952 HTTP/1.1" status: 200 len: 1784 time: 0.0302570
2017-03-21 13:49:23.056 3795 INFO eventlet.wsgi.server [req-2f95e0db-b05f-4944-b957-d252b8823185 - - - - -] 127.0.0.1 "GET /v1/nodes/78544ab5-49df-5a83-acfa-2068ac465b21 HTTP/1.1" status: 200 len: 1783 time: 0.0307851
2017-03-21 13:49:23.224 3792 INFO eventlet.wsgi.server [req-31990582-b671-43a7-87ca-5098ffbd1559 - - - - -] 127.0.0.1 "GET /v1/nodes/a960e3ed-9e08-51e2-a4b4-29ea8fee5576 HTTP/1.1" status: 200 len: 1786 time: 0.0330949
2017-03-21 13:49:23.297 3785 INFO eventlet.wsgi.server [req-6f9f7257-a23c-4192-996e-8ef9f1f9d255 - - - - -] 127.0.0.1 "GET /v1/nodes/5910c412-a48c-50c1-9a92-84a7edd87952 HTTP/1.1" status: 200 len: 1784 time: 0.0330200
2017-03-21 13:49:25.090 3795 INFO eventlet.wsgi.server [req-9b04b38e-6076-4286-90b9-a1586d684f88 - - - - -] 127.0.0.1 "GET /v1/nodes/78544ab5-49df-5a83-acfa-2068ac465b21 HTTP/1.1" status: 200 len: 1783 time: 0.0294890
2017-03-21 13:49:25.258 3792 INFO eventlet.wsgi.server [req-b84e0b47-e182-4f0c-88dd-5976179ebdf9 - - - - -] 127.0.0.1 "GET /v1/nodes/a960e3ed-9e08-51e2-a4b4-29ea8fee5576 HTTP/1.1" status: 200 len: 1786 time: 0.0284770
2017-03-21 13:49:25.333 3785 INFO eventlet.wsgi.server [req-2d04794e-01c7-4d0f-a9c2-882d3a48f703 - - - - -] 127.0.0.1 "GET /v1/nodes/5910c412-a48c-50c1-9a92-84a7edd87952 HTTP/1.1" status: 200 len: 1784 time: 0.0317330
2017-03-21 13:49:27.126 3795 INFO eventlet.wsgi.server [req-46cb3e4d-2c6e-45ad-8965-eb8c8bef3ed3 - - - - -] 127.0.0.1 "GET /v1/nodes/78544ab5-49df-5a83-acfa-2068ac465b21 HTTP/1.1" status: 200 len: 1783 time: 0.0287840
2017-03-21 13:49:27.292 3792 INFO eventlet.wsgi.server [req-7dab6072-b204-42ae-a922-25b7809ad88c - - - - -] 127.0.0.1 "GET /v1/nodes/a960e3ed-9e08-51e2-a4b4-29ea8fee5576 HTTP/1.1" status: 200 len: 1786 time: 0.0295031
2017-03-21 13:49:27.368 3785 INFO eventlet.wsgi.server [req-24509996-971d-4590-ae9c-51fcfa96c9e1 - - - - -] 127.0.0.1 "GET /v1/nodes/5910c412-a48c-50c1-9a92-84a7edd87952 HTTP/1.1" status: 200 len: 1784 time: 0.0296750
2017-03-21 13:49:29.161 3795 INFO eventlet.wsgi.server [req-a009680b-7cfb-4c5d-b638-4b5398488756 - - - - -] 127.0.0.1 "GET /v1/nodes/78544ab5-49df-5a83-acfa-2068ac465b21 HTTP/1.1" status: 200 len: 1783 time: 0.0285912
2017-03-21 13:49:29.326 3792 INFO eventlet.wsgi.server [req-3ef7a807-8d50-4dbe-92b5-829d20a365ac - - - - -] 127.0.0.1 "GET /v1/nodes/a960e3ed-9e08-51e2-a4b4-29ea8fee5576 HTTP/1.1" status: 200 len: 1786 time: 0.0290840
2017-03-21 13:49:29.401 3785 INFO eventlet.wsgi.server [req-c9032ad7-a476-4ba6-83ce-3689fe3c4cbd - - - - -] 127.0.0.1 "GET /v1/nodes/5910c412-a48c-50c1-9a92-84a7edd87952 HTTP/1.1" status: 200 len: 1784 time: 0.0284629
2017-03-21 13:49:29.880 3792 INFO eventlet.wsgi.server [req-02b79a60-22f3-422f-8e23-be5d4b4fd6ac - - - - -] 127.0.0.1 "GET /v1/nodes HTTP/1.1" status: 200 len: 1497 time: 0.0521059
2017-03-21 13:49:31.200 3795 INFO eventlet.wsgi.server [req-034da7b5-c553-46e3-8743-ff31c49093b2 - - - - -] 127.0.0.1 "GET /v1/nodes/78544ab5-49df-5a83-acfa-2068ac465b21 HTTP/1.1" status: 200 len: 1763 time: 0.0315268
2017-03-21 13:49:31.362 3792 INFO eventlet.wsgi.server [req-cc1dd9ad-0d7a-466c-aef6-4c9ea04c734c - - - - -] 127.0.0.1 "GET /v1/nodes/a960e3ed-9e08-51e2-a4b4-29ea8fee5576 HTTP/1.1" status: 200 len: 1786 time: 0.0304630
2017-03-21 13:49:31.433 3785 INFO eventlet.wsgi.server [req-2c7ecf83-2810-4d2e-81d9-f191d8ed23dc - - - - -] 127.0.0.1 "GET /v1/nodes/5910c412-a48c-50c1-9a92-84a7edd87952 HTTP/1.1" status: 200 len: 1784 time: 0.0283489
2017-03-21 13:49:33.234 3795 INFO eventlet.wsgi.server [req-34c2b5c1-2d4c-45a9-b8c3-6ab04aa23d9d - - - - -] 127.0.0.1 "GET /v1/nodes/78544ab5-49df-5a83-acfa-2068ac465b21 HTTP/1.1" status: 200 len: 1763 time: 0.0291221
2017-03-21 13:49:33.396 3792 INFO eventlet.wsgi.server [req-bdfb8021-2a46-476f-b62f-0c045c8f881d - - - - -] 127.0.0.1 "GET /v1/nodes/a960e3ed-9e08-51e2-a4b4-29ea8fee5576 HTTP/1.1" status: 200 len: 1786 time: 0.0295081
2017-03-21 13:49:33.469 3785 INFO eventlet.wsgi.server [req-b6dc5428-362d-416e-93ec-b09f0bbd36f0 - - - - -] 127.0.0.1 "GET /v1/nodes/5910c412-a48c-50c1-9a92-84a7edd87952 HTTP/1.1" status: 200 len: 1784 time: 0.0310099
2017-03-21 13:49:35.272 3795 INFO eventlet.wsgi.server [req-aa8df37d-6c85-4b21-a3cb-aef52025a957 - - - - -] 127.0.0.1 "GET /v1/nodes/78544ab5-49df-5a83-acfa-2068ac465b21 HTTP/1.1" status: 200 len: 1763 time: 0.0328450
2017-03-21 13:49:35.431 3792 INFO eventlet.wsgi.server [req-429857bb-60be-414e-9b6a-04164c2028a2 - - - - -] 127.0.0.1 "GET /v1/nodes/a960e3ed-9e08-51e2-a4b4-29ea8fee5576 HTTP/1.1" status: 200 len: 1786 time: 0.0293210
2017-03-21 13:49:35.504 3785 INFO eventlet.wsgi.server [req-dae416bb-a318-4f64-9b50-7089eb9ffed3 - - - - -] 127.0.0.1 "GET /v1/nodes/5910c412-a48c-50c1-9a92-84a7edd87952 HTTP/1.1" status: 200 len: 1784 time: 0.0302360
2017-03-21 13:49:37.308 3795 INFO eventlet.wsgi.server [req-30a11e33-973f-4af7-8163-9122e1c1f688 - - - - -] 127.0.0.1 "GET /v1/nodes/78544ab5-49df-5a83-acfa-2068ac465b21 HTTP/1.1" status: 200 len: 1763 time: 0.0307040
2017-03-21 13:49:37.452 3792 INFO eventlet.wsgi.server [req-e528a84c-0fc8-4709-a7fd-230b462c3c2a - - - - -] 127.0.0.1 "GET /v1/nodes/a960e3ed-9e08-51e2-a4b4-29ea8fee5576 HTTP/1.1" status: 200 len: 1786 time: 0.0176258
2017-03-21 13:49:37.533 3785 INFO eventlet.wsgi.server [req-e10ba2a5-4f5b-4659-94cb-962adad45e94 - - - - -] 127.0.0.1 "GET /v1/nodes/5910c412-a48c-50c1-9a92-84a7edd87952 HTTP/1.1" status: 200 len: 1784 time: 0.0243449
2017-03-21 13:49:39.340 3795 INFO eventlet.wsgi.server [req-40f00e62-c7e7-49ba-8189-ef6362357d62 - - - - -] 127.0.0.1 "GET /v1/nodes/78544ab5-49df-5a83-acfa-2068ac465b21 HTTP/1.1" status: 200 len: 1763 time: 0.0264890
2017-03-21 13:49:39.485 3792 INFO eventlet.wsgi.server [req-af5dfc5a-684d-476e-bbd2-99b5d6bc29f8 - - - - -] 127.0.0.1 "GET /v1/nodes/a960e3ed-9e08-51e2-a4b4-29ea8fee5576 HTTP/1.1" status: 200 len: 1786 time: 0.0277882
2017-03-21 13:49:39.569 3785 INFO eventlet.wsgi.server [req-878ec176-a055-40ed-849d-f8a37628bf77 - - - - -] 127.0.0.1 "GET /v1/nodes/5910c412-a48c-50c1-9a92-84a7edd87952 HTTP/1.1" status: 200 len: 1784 time: 0.0307250
2017-03-21 13:49:41.367 3795 INFO eventlet.wsgi.server [req-e1202aeb-5369-4fde-9c4d-bd77b7b2506d - - - - -] 127.0.0.1 "GET /v1/nodes/78544ab5-49df-5a83-acfa-2068ac465b21 HTTP/1.1" status: 200 len: 1763 time: 0.0227089
2017-03-21 13:49:41.519 3792 INFO eventlet.wsgi.server [req-9f390a4d-445f-4cdf-87a9-c75a8f55b6fc - - - - -] 127.0.0.1 "GET /v1/nodes/a960e3ed-9e08-51e2-a4b4-29ea8fee5576 HTTP/1.1" status: 200 len: 1786 time: 0.0289600
2017-03-21 13:49:41.602 3785 INFO eventlet.wsgi.server [req-a28f0bf0-0a8e-4f60-9b77-fd7765bcfb39 - - - - -] 127.0.0.1 "GET /v1/nodes/5910c412-a48c-50c1-9a92-84a7edd87952 HTTP/1.1" status: 200 len: 1764 time: 0.0294311
2017-03-21 13:49:43.408 3795 INFO eventlet.wsgi.server [req-10a9503f-958e-44ed-9059-24ade5afad12 - - - - -] 127.0.0.1 "GET /v1/nodes/78544ab5-49df-5a83-acfa-2068ac465b21 HTTP/1.1" status: 200 len: 1763 time: 0.0360510
2017-03-21 13:49:43.553 3792 INFO eventlet.wsgi.server [req-0bf41f68-ed25-4cc8-8d46-7e9f31cb4f27 - - - - -] 127.0.0.1 "GET /v1/nodes/a960e3ed-9e08-51e2-a4b4-29ea8fee5576 HTTP/1.1" status: 200 len: 1766 time: 0.0286651
2017-03-21 13:49:43.636 3785 INFO eventlet.wsgi.server [req-0c615115-b413-4aae-bbb8-181808923908 - - - - -] 127.0.0.1 "GET /v1/nodes/5910c412-a48c-50c1-9a92-84a7edd87952 HTTP/1.1" status: 200 len: 1764 time: 0.0288160
2017-03-21 13:49:45.443 3795 INFO eventlet.wsgi.server [req-bbc9c6c5-6fab-4edb-ab5f-ffdfd67b7184 - - - - -] 127.0.0.1 "GET /v1/nodes/78544ab5-49df-5a83-acfa-2068ac465b21 HTTP/1.1" status: 200 len: 1763 time: 0.0287409
2017-03-21 13:49:45.588 3792 INFO eventlet.wsgi.server [req-be65d670-8c6d-4398-9ade-90f126564f28 - - - - -] 127.0.0.1 "GET /v1/nodes/a960e3ed-9e08-51e2-a4b4-29ea8fee5576 HTTP/1.1" status: 200 len: 1766 time: 0.0304940
2017-03-21 13:49:45.672 3785 INFO eventlet.wsgi.server [req-a27b04ea-0a56-427b-93a3-acd9c9ff9631 - - - - -] 127.0.0.1 "GET /v1/nodes/5910c412-a48c-50c1-9a92-84a7edd87952 HTTP/1.1" status: 200 len: 1764 time: 0.0305099
2017-03-21 13:49:47.481 3795 INFO eventlet.wsgi.server [req-3cd00042-8a52-406b-84a5-aecdaa2c97b6 - - - - -] 127.0.0.1 "GET /v1/nodes/78544ab5-49df-5a83-acfa-2068ac465b21 HTTP/1.1" status: 200 len: 1763 time: 0.0327940
2017-03-21 13:49:47.622 3792 INFO eventlet.wsgi.server [req-13f38f90-7209-4b83-8e9a-09a0c42eb54d - - - - -] 127.0.0.1 "GET /v1/nodes/a960e3ed-9e08-51e2-a4b4-29ea8fee5576 HTTP/1.1" status: 200 len: 1766 time: 0.0290151
2017-03-21 13:49:47.707 3785 INFO eventlet.wsgi.server [req-c9e1be92-fa66-4497-953a-7dd0d31d7200 - - - - -] 127.0.0.1 "GET /v1/nodes/5910c412-a48c-50c1-9a92-84a7edd87952 HTTP/1.1" status: 200 len: 1764 time: 0.0295508
2017-03-21 13:49:49.520 3795 INFO eventlet.wsgi.server [req-1a10ec2a-b1ce-45c2-a894-0f247ba4c686 - - - - -] 127.0.0.1 "GET /v1/nodes/78544ab5-49df-5a83-acfa-2068ac465b21 HTTP/1.1" status: 200 len: 1763 time: 0.0316110
2017-03-21 13:49:49.657 3792 INFO eventlet.wsgi.server [req-a434f4c9-d07d-4190-9904-692037e6a5ab - - - - -] 127.0.0.1 "GET /v1/nodes/a960e3ed-9e08-51e2-a4b4-29ea8fee5576 HTTP/1.1" status: 200 len: 1766 time: 0.0296361
2017-03-21 13:49:49.742 3785 INFO eventlet.wsgi.server [req-60ebf384-fc52-4119-973a-aa7e088d6fe9 - - - - -] 127.0.0.1 "GET /v1/nodes/5910c412-a48c-50c1-9a92-84a7edd87952 HTTP/1.1" status: 200 len: 1764 time: 0.0300028
2017-03-21 13:49:51.554 3795 INFO eventlet.wsgi.server [req-4869511d-7a67-4d06-b127-5613afec3081 - - - - -] 127.0.0.1 "GET /v1/nodes/78544ab5-49df-5a83-acfa-2068ac465b21 HTTP/1.1" status: 200 len: 1763 time: 0.0286379
2017-03-21 13:49:51.695 3792 INFO eventlet.wsgi.server [req-b65e4f49-7280-4222-ae2e-b345c2f99a04 - - - - -] 127.0.0.1 "GET /v1/nodes/a960e3ed-9e08-51e2-a4b4-29ea8fee5576 HTTP/1.1" status: 200 len: 1766 time: 0.0332751
2017-03-21 13:49:51.773 3785 INFO eventlet.wsgi.server [req-207813c1-db84-417e-a0f5-6938e8631147 - - - - -] 127.0.0.1 "GET /v1/nodes/5910c412-a48c-50c1-9a92-84a7edd87952 HTTP/1.1" status: 200 len: 1764 time: 0.0269880
2017-03-21 13:49:53.589 3795 INFO eventlet.wsgi.server [req-89407aa4-119a-4010-9a1e-b6b563d96510 - - - - -] 127.0.0.1 "GET /v1/nodes/78544ab5-49df-5a83-acfa-2068ac465b21 HTTP/1.1" status: 200 len: 1763 time: 0.0295241
2017-03-21 13:49:53.728 3792 INFO eventlet.wsgi.server [req-4cfe3fe6-0c08-42e3-bbd2-fa2337eadfe7 - - - - -] 127.0.0.1 "GET /v1/nodes/a960e3ed-9e08-51e2-a4b4-29ea8fee5576 HTTP/1.1" status: 200 len: 1766 time: 0.0274131
2017-03-21 13:49:53.806 3785 INFO eventlet.wsgi.server [req-d70fa77c-a2f0-4063-bed1-428c80a3ebe2 - - - - -] 127.0.0.1 "GET /v1/nodes/5910c412-a48c-50c1-9a92-84a7edd87952 HTTP/1.1" status: 200 len: 1764 time: 0.0272310
2017-03-21 13:49:55.626 3795 INFO eventlet.wsgi.server [req-34fa7388-542c-411b-8714-d434fb586245 - - - - -] 127.0.0.1 "GET /v1/nodes/78544ab5-49df-5a83-acfa-2068ac465b21 HTTP/1.1" status: 200 len: 1763 time: 0.0318801
2017-03-21 13:49:55.764 3792 INFO eventlet.wsgi.server [req-3998788d-90ca-4f7c-9843-89e99f1d8979 - - - - -] 127.0.0.1 "GET /v1/nodes/a960e3ed-9e08-51e2-a4b4-29ea8fee5576 HTTP/1.1" status: 200 len: 1766 time: 0.0314610
2017-03-21 13:49:55.849 3785 INFO eventlet.wsgi.server [req-bd7fbd2a-b420-4064-923f-da4d6f67c7c8 - - - - -] 127.0.0.1 "GET /v1/nodes/5910c412-a48c-50c1-9a92-84a7edd87952 HTTP/1.1" status: 200 len: 1764 time: 0.0369549
2017-03-21 13:49:57.652 3795 INFO eventlet.wsgi.server [req-ef5f95de-fdda-44cf-a026-5c6066f547b8 - - - - -] 127.0.0.1 "GET /v1/nodes/78544ab5-49df-5a83-acfa-2068ac465b21 HTTP/1.1" status: 200 len: 1763 time: 0.0199811
2017-03-21 13:49:57.800 3792 INFO eventlet.wsgi.server [req-c16120e0-ac57-4177-a60d-4c5a7b0acdcc - - - - -] 127.0.0.1 "GET /v1/nodes/a960e3ed-9e08-51e2-a4b4-29ea8fee5576 HTTP/1.1" status: 200 len: 1766 time: 0.0307369
2017-03-21 13:49:57.871 3785 INFO eventlet.wsgi.server [req-8e7f7140-20a7-40e4-846d-7325251d4490 - - - - -] 127.0.0.1 "GET /v1/nodes/5910c412-a48c-50c1-9a92-84a7edd87952 HTTP/1.1" status: 200 len: 1764 time: 0.0188451
2017-03-21 13:49:59.690 3795 INFO eventlet.wsgi.server [req-bc6a69bd-ff43-48d6-a9c1-4dd9801116ad - - - - -] 127.0.0.1 "GET /v1/nodes/78544ab5-49df-5a83-acfa-2068ac465b21 HTTP/1.1" status: 200 len: 1763 time: 0.0307961
2017-03-21 13:49:59.835 3792 INFO eventlet.wsgi.server [req-13605c62-7459-4060-893f-c6a2c6efd5e3 - - - - -] 127.0.0.1 "GET /v1/nodes/a960e3ed-9e08-51e2-a4b4-29ea8fee5576 HTTP/1.1" status: 200 len: 1766 time: 0.0296800
2017-03-21 13:49:59.910 3785 INFO eventlet.wsgi.server [req-98a038bf-24d9-47a7-969e-e39de2040a47 - - - - -] 127.0.0.1 "GET /v1/nodes/5910c412-a48c-50c1-9a92-84a7edd87952 HTTP/1.1" status: 200 len: 1764 time: 0.0326378
2017-03-21 13:50:01.725 3795 INFO eventlet.wsgi.server [req-8a872af4-7f28-4983-ba0c-27cb30a4c1c5 - - - - -] 127.0.0.1 "GET /v1/nodes/78544ab5-49df-5a83-acfa-2068ac465b21 HTTP/1.1" status: 200 len: 1763 time: 0.0298269
2017-03-21 13:50:01.871 3792 INFO eventlet.wsgi.server [req-5f760095-e550-47d4-8ac8-2bbf99c56fd6 - - - - -] 127.0.0.1 "GET /v1/nodes/a960e3ed-9e08-51e2-a4b4-29ea8fee5576 HTTP/1.1" status: 200 len: 1766 time: 0.0300500
2017-03-21 13:50:01.944 3785 INFO eventlet.wsgi.server [req-26d6575b-bc79-4f33-b437-40e39c8301b8 - - - - -] 127.0.0.1 "GET /v1/nodes/5910c412-a48c-50c1-9a92-84a7edd87952 HTTP/1.1" status: 200 len: 1764 time: 0.0290649
2017-03-21 13:50:02.043 3792 INFO eventlet.wsgi.server [req-f00f923b-bccd-411b-918d-b685aebadc27 - - - - -] 127.0.0.1 "GET /v1/nodes/78544ab5-49df-5a83-acfa-2068ac465b21 HTTP/1.1" status: 200 len: 1782 time: 0.0211639
2017-03-21 13:50:02.145 3792 INFO eventlet.wsgi.server [req-dddfe06e-85bb-405d-8038-810c5ad3b1e7 - - - - -] 127.0.0.1 "GET /v1/nodes/78544ab5-49df-5a83-acfa-2068ac465b21/ports HTTP/1.1" status: 200 len: 623 time: 0.0355220
2017-03-21 13:50:02.325 3792 INFO eventlet.wsgi.server [req-98e383a4-389e-47d3-990c-fc1614d69877 - - - - -] 127.0.0.1 "PATCH /v1/nodes/78544ab5-49df-5a83-acfa-2068ac465b21 HTTP/1.1" status: 200 len: 1782 time: 0.1725922
2017-03-21 13:50:02.540 3792 INFO eventlet.wsgi.server [req-966d2f5c-d8f1-40e7-b671-de84837798ee - - - - -] 127.0.0.1 "PATCH /v1/nodes/78544ab5-49df-5a83-acfa-2068ac465b21 HTTP/1.1" status: 200 len: 1832 time: 0.2084250
2017-03-21 13:50:02.598 3784 WARNING oslo_config.cfg [req-ff1322e5-8950-43e3-92e2-3eead4051d20 - - - - -] Option "rabbit_userid" from group "DEFAULT" is deprecated. Use option "rabbit_userid" from group "oslo_messaging_rabbit".
2017-03-21 13:50:02.598 3784 WARNING oslo_config.cfg [req-ff1322e5-8950-43e3-92e2-3eead4051d20 - - - - -] Option "rabbit_userid" from group "oslo_messaging_rabbit" is deprecated for removal. Its value may be silently ignored in the future.
2017-03-21 13:50:02.599 3784 WARNING oslo_config.cfg [req-ff1322e5-8950-43e3-92e2-3eead4051d20 - - - - -] Option "rabbit_password" from group "DEFAULT" is deprecated. Use option "rabbit_password" from group "oslo_messaging_rabbit".
2017-03-21 13:50:02.599 3784 WARNING oslo_config.cfg [req-ff1322e5-8950-43e3-92e2-3eead4051d20 - - - - -] Option "rabbit_password" from group "oslo_messaging_rabbit" is deprecated for removal. Its value may be silently ignored in the future.
2017-03-21 13:50:02.771 3784 INFO eventlet.wsgi.server [req-ff1322e5-8950-43e3-92e2-3eead4051d20 - - - - -] 127.0.0.1 "PUT /v1/nodes/78544ab5-49df-5a83-acfa-2068ac465b21/states/power HTTP/1.1" status: 202 len: 384 time: 0.2015409
2017-03-21 13:50:03.760 3795 INFO eventlet.wsgi.server [req-1a2f3890-937e-4bbc-95c5-b141f92338a8 - - - - -] 127.0.0.1 "GET /v1/nodes/78544ab5-49df-5a83-acfa-2068ac465b21 HTTP/1.1" status: 200 len: 1840 time: 0.0292749
2017-03-21 13:50:03.903 3792 INFO eventlet.wsgi.server [req-0e006049-b713-40a8-b8ce-3049c231fe42 - - - - -] 127.0.0.1 "GET /v1/nodes/a960e3ed-9e08-51e2-a4b4-29ea8fee5576 HTTP/1.1" status: 200 len: 1766 time: 0.0279369
2017-03-21 13:50:03.979 3785 INFO eventlet.wsgi.server [req-a750abcb-c1ea-4177-afcb-f042ed3b7ebe - - - - -] 127.0.0.1 "GET /v1/nodes/5910c412-a48c-50c1-9a92-84a7edd87952 HTTP/1.1" status: 200 len: 1764 time: 0.0297120
2017-03-21 13:50:05.795 3795 INFO eventlet.wsgi.server [req-3079546b-7428-47ad-9a66-48bb0eaa5260 - - - - -] 127.0.0.1 "GET /v1/nodes/78544ab5-49df-5a83-acfa-2068ac465b21 HTTP/1.1" status: 200 len: 1840 time: 0.0299761
2017-03-21 13:50:05.939 3792 INFO eventlet.wsgi.server [req-ee4be191-5038-48d3-9352-79091fb0a19e - - - - -] 127.0.0.1 "GET /v1/nodes/a960e3ed-9e08-51e2-a4b4-29ea8fee5576 HTTP/1.1" status: 200 len: 1766 time: 0.0310462
2017-03-21 13:50:06.014 3785 INFO eventlet.wsgi.server [req-5fb580ab-6cbc-40b5-a6d7-13498af79c36 - - - - -] 127.0.0.1 "GET /v1/nodes/5910c412-a48c-50c1-9a92-84a7edd87952 HTTP/1.1" status: 200 len: 1764 time: 0.0300431
2017-03-21 13:50:07.832 3795 INFO eventlet.wsgi.server [req-120c3762-cfd0-4a2c-9be3-ddeaa7b0f37e - - - - -] 127.0.0.1 "GET /v1/nodes/78544ab5-49df-5a83-acfa-2068ac465b21 HTTP/1.1" status: 200 len: 1840 time: 0.0312741
2017-03-21 13:50:07.971 3792 INFO eventlet.wsgi.server [req-17709703-f7be-47a0-9d16-ce42abd4fd7f - - - - -] 127.0.0.1 "GET /v1/nodes/a960e3ed-9e08-51e2-a4b4-29ea8fee5576 HTTP/1.1" status: 200 len: 1766 time: 0.0276811
2017-03-21 13:50:08.048 3785 INFO eventlet.wsgi.server [req-666cff75-646b-4397-8e7e-0c8cd679679d - - - - -] 127.0.0.1 "GET /v1/nodes/5910c412-a48c-50c1-9a92-84a7edd87952 HTTP/1.1" status: 200 len: 1764 time: 0.0280170
2017-03-21 13:50:09.868 3795 INFO eventlet.wsgi.server [req-3c77ce78-561a-46b7-b428-a31e7855f132 - - - - -] 127.0.0.1 "GET /v1/nodes/78544ab5-49df-5a83-acfa-2068ac465b21 HTTP/1.1" status: 200 len: 1840 time: 0.0303409
2017-03-21 13:50:10.010 3792 INFO eventlet.wsgi.server [req-7d1a609b-4f97-4f26-b76e-054fb9dde0bf - - - - -] 127.0.0.1 "GET /v1/nodes/a960e3ed-9e08-51e2-a4b4-29ea8fee5576 HTTP/1.1" status: 200 len: 1766 time: 0.0339401
2017-03-21 13:50:10.049 3784 INFO eventlet.wsgi.server [req-194c4f79-238a-4323-ad77-7248e4f90fc9 - - - - -] 127.0.0.1 "GET /v1/nodes/a960e3ed-9e08-51e2-a4b4-29ea8fee5576 HTTP/1.1" status: 200 len: 1785 time: 0.0153220
2017-03-21 13:50:10.081 3785 INFO eventlet.wsgi.server [req-60f77e49-94fc-454c-b0f6-d9d27b539178 - - - - -] 127.0.0.1 "GET /v1/nodes/5910c412-a48c-50c1-9a92-84a7edd87952 HTTP/1.1" status: 200 len: 1764 time: 0.0282240
2017-03-21 13:50:10.134 3784 INFO eventlet.wsgi.server [req-e9aec548-ed82-469a-9207-b8783d303860 - - - - -] 127.0.0.1 "GET /v1/nodes/a960e3ed-9e08-51e2-a4b4-29ea8fee5576/ports HTTP/1.1" status: 200 len: 623 time: 0.0229478
2017-03-21 13:50:10.279 3784 INFO eventlet.wsgi.server [req-9d3cc090-d1f5-44db-a02c-03cf7eb29bae - - - - -] 127.0.0.1 "PATCH /v1/nodes/a960e3ed-9e08-51e2-a4b4-29ea8fee5576 HTTP/1.1" status: 200 len: 1785 time: 0.1385510
2017-03-21 13:50:10.471 3784 INFO eventlet.wsgi.server [req-b983168c-2fd5-4158-ad68-386680273973 - - - - -] 127.0.0.1 "PATCH /v1/nodes/a960e3ed-9e08-51e2-a4b4-29ea8fee5576 HTTP/1.1" status: 200 len: 1835 time: 0.1849971
2017-03-21 13:50:10.548 3784 INFO eventlet.wsgi.server [req-73ccac44-40e6-4392-9ffa-f170b3381784 - - - - -] 127.0.0.1 "GET /v1/nodes/5910c412-a48c-50c1-9a92-84a7edd87952 HTTP/1.1" status: 200 len: 1783 time: 0.0159409
2017-03-21 13:50:10.624 3784 INFO eventlet.wsgi.server [req-b1fcffbd-54bd-497e-8bd6-df618ee6f357 - - - - -] 127.0.0.1 "GET /v1/nodes/5910c412-a48c-50c1-9a92-84a7edd87952/ports HTTP/1.1" status: 200 len: 623 time: 0.0196519
2017-03-21 13:50:10.630 3784 INFO eventlet.wsgi.server [req-8c464279-2bbf-4dba-95fa-e923dfa56f6f - - - - -] 127.0.0.1 "PUT /v1/nodes/a960e3ed-9e08-51e2-a4b4-29ea8fee5576/states/power HTTP/1.1" status: 202 len: 384 time: 0.1297669
2017-03-21 13:50:10.786 3784 INFO eventlet.wsgi.server [req-95d0b0de-608c-42e1-93bd-de4582107441 - - - - -] 127.0.0.1 "PATCH /v1/nodes/5910c412-a48c-50c1-9a92-84a7edd87952 HTTP/1.1" status: 200 len: 1783 time: 0.1550591
2017-03-21 13:50:10.970 3784 INFO eventlet.wsgi.server [req-b21f1ca5-389f-463e-92c5-b0645516518d - - - - -] 127.0.0.1 "PATCH /v1/nodes/5910c412-a48c-50c1-9a92-84a7edd87952 HTTP/1.1" status: 200 len: 1833 time: 0.1790400
2017-03-21 13:50:11.132 3784 INFO eventlet.wsgi.server [req-e956145d-bf16-46be-a6df-876119555614 - - - - -] 127.0.0.1 "PUT /v1/nodes/5910c412-a48c-50c1-9a92-84a7edd87952/states/power HTTP/1.1" status: 202 len: 384 time: 0.1311259
2017-03-21 13:50:11.900 3795 INFO eventlet.wsgi.server [req-2bba91ad-1ffc-4764-83c6-0b282b7bdff7 - - - - -] 127.0.0.1 "GET /v1/nodes/78544ab5-49df-5a83-acfa-2068ac465b21 HTTP/1.1" status: 200 len: 1840 time: 0.0274131
2017-03-21 13:50:12.044 3792 INFO eventlet.wsgi.server [req-0f328c21-c7e4-406d-a302-19e75fc32b12 - - - - -] 127.0.0.1 "GET /v1/nodes/a960e3ed-9e08-51e2-a4b4-29ea8fee5576 HTTP/1.1" status: 200 len: 1843 time: 0.0287061
2017-03-21 13:50:12.115 3785 INFO eventlet.wsgi.server [req-053e2f33-69a4-4533-b395-3cf02ebacfb3 - - - - -] 127.0.0.1 "GET /v1/nodes/5910c412-a48c-50c1-9a92-84a7edd87952 HTTP/1.1" status: 200 len: 1841 time: 0.0294762
2017-03-21 13:50:13.937 3795 INFO eventlet.wsgi.server [req-39df9901-b10f-4caa-a1ac-d0155082443e - - - - -] 127.0.0.1 "GET /v1/nodes/78544ab5-49df-5a83-acfa-2068ac465b21 HTTP/1.1" status: 200 len: 1814 time: 0.0314698
2017-03-21 13:50:14.080 3792 INFO eventlet.wsgi.server [req-c1ac2426-73b8-4abf-8841-fd6981575ddb - - - - -] 127.0.0.1 "GET /v1/nodes/a960e3ed-9e08-51e2-a4b4-29ea8fee5576 HTTP/1.1" status: 200 len: 1843 time: 0.0308580
2017-03-21 13:50:14.150 3785 INFO eventlet.wsgi.server [req-fca4e4fe-237f-4d69-a144-525f729328f7 - - - - -] 127.0.0.1 "GET /v1/nodes/5910c412-a48c-50c1-9a92-84a7edd87952 HTTP/1.1" status: 200 len: 1841 time: 0.0299339
2017-03-21 13:50:15.952 3795 INFO eventlet.wsgi.server [req-8c1442cb-f680-4431-a26d-30b6cbdfa7fa - - - - -] 127.0.0.1 "GET /v1/nodes/78544ab5-49df-5a83-acfa-2068ac465b21 HTTP/1.1" status: 200 len: 1814 time: 0.0139248
2017-03-21 13:50:16.114 3792 INFO eventlet.wsgi.server [req-11f03140-2d42-49e8-80e9-d67c75bbe6f6 - - - - -] 127.0.0.1 "GET /v1/nodes/a960e3ed-9e08-51e2-a4b4-29ea8fee5576 HTTP/1.1" status: 200 len: 1843 time: 0.0288761
2017-03-21 13:50:16.182 3785 INFO eventlet.wsgi.server [req-8198ac46-61c6-40d4-b945-6f2a75e47708 - - - - -] 127.0.0.1 "GET /v1/nodes/5910c412-a48c-50c1-9a92-84a7edd87952 HTTP/1.1" status: 200 len: 1841 time: 0.0266440
2017-03-21 13:50:17.989 3795 INFO eventlet.wsgi.server [req-a4865912-4b9c-4361-b161-144efe6ee6c7 - - - - -] 127.0.0.1 "GET /v1/nodes/78544ab5-49df-5a83-acfa-2068ac465b21 HTTP/1.1" status: 200 len: 1814 time: 0.0294321
2017-03-21 13:50:18.145 3792 INFO eventlet.wsgi.server [req-6af3db21-c6c9-4217-8db7-4ef6ada376d1 - - - - -] 127.0.0.1 "GET /v1/nodes/a960e3ed-9e08-51e2-a4b4-29ea8fee5576 HTTP/1.1" status: 200 len: 1843 time: 0.0263610
2017-03-21 13:50:18.216 3785 INFO eventlet.wsgi.server [req-57b30a15-d785-4070-ad8d-967031488fad - - - - -] 127.0.0.1 "GET /v1/nodes/5910c412-a48c-50c1-9a92-84a7edd87952 HTTP/1.1" status: 200 len: 1841 time: 0.0284410
2017-03-21 13:50:20.023 3795 INFO eventlet.wsgi.server [req-0f174cb8-8437-4c9e-8218-92ae769bbca4 - - - - -] 127.0.0.1 "GET /v1/nodes/78544ab5-49df-5a83-acfa-2068ac465b21 HTTP/1.1" status: 200 len: 1814 time: 0.0239360
2017-03-21 13:50:20.178 3792 INFO eventlet.wsgi.server [req-02dd3c38-c457-424f-af2d-16bebea68d0f - - - - -] 127.0.0.1 "GET /v1/nodes/a960e3ed-9e08-51e2-a4b4-29ea8fee5576 HTTP/1.1" status: 200 len: 1843 time: 0.0249009
2017-03-21 13:50:20.254 3785 INFO eventlet.wsgi.server [req-3050a00d-bc58-4b98-be5d-0f128be1924a - - - - -] 127.0.0.1 "GET /v1/nodes/5910c412-a48c-50c1-9a92-84a7edd87952 HTTP/1.1" status: 200 len: 1841 time: 0.0293851
2017-03-21 13:50:22.059 3795 INFO eventlet.wsgi.server [req-2be15a58-fb2d-4390-bece-a712ddc4227e - - - - -] 127.0.0.1 "GET /v1/nodes/78544ab5-49df-5a83-acfa-2068ac465b21 HTTP/1.1" status: 200 len: 1814 time: 0.0307090
2017-03-21 13:50:22.210 3792 INFO eventlet.wsgi.server [req-7154e0f5-30f1-44d5-8b7a-512e82f5c16b - - - - -] 127.0.0.1 "GET /v1/nodes/a960e3ed-9e08-51e2-a4b4-29ea8fee5576 HTTP/1.1" status: 200 len: 1843 time: 0.0269730
2017-03-21 13:50:22.285 3785 INFO eventlet.wsgi.server [req-e505b777-1a51-4873-bc49-d68a09564587 - - - - -] 127.0.0.1 "GET /v1/nodes/5910c412-a48c-50c1-9a92-84a7edd87952 HTTP/1.1" status: 200 len: 1841 time: 0.0259709
2017-03-21 13:50:24.096 3795 INFO eventlet.wsgi.server [req-acafc6c3-c1cd-46fa-9323-4ff358c2e5bf - - - - -] 127.0.0.1 "GET /v1/nodes/78544ab5-49df-5a83-acfa-2068ac465b21 HTTP/1.1" status: 200 len: 1814 time: 0.0301199
2017-03-21 13:50:24.234 3792 INFO eventlet.wsgi.server [req-94808389-42dd-42a2-bbbc-b2d51757f4dd - - - - -] 127.0.0.1 "GET /v1/nodes/a960e3ed-9e08-51e2-a4b4-29ea8fee5576 HTTP/1.1" status: 200 len: 1837 time: 0.0168660
2017-03-21 13:50:24.318 3785 INFO eventlet.wsgi.server [req-ff11260a-55cd-4041-b42b-3afad6ddcce3 - - - - -] 127.0.0.1 "GET /v1/nodes/5910c412-a48c-50c1-9a92-84a7edd87952 HTTP/1.1" status: 200 len: 1835 time: 0.0293090
2017-03-21 13:50:26.133 3795 INFO eventlet.wsgi.server [req-c642f9ed-06c7-41a2-9b17-fb28f6b51920 - - - - -] 127.0.0.1 "GET /v1/nodes/78544ab5-49df-5a83-acfa-2068ac465b21 HTTP/1.1" status: 200 len: 1814 time: 0.0307560
2017-03-21 13:50:26.269 3792 INFO eventlet.wsgi.server [req-5aaf2c6f-9cba-40ba-bccd-357e3bf3eefa - - - - -] 127.0.0.1 "GET /v1/nodes/a960e3ed-9e08-51e2-a4b4-29ea8fee5576 HTTP/1.1" status: 200 len: 1817 time: 0.0287008
2017-03-21 13:50:26.352 3785 INFO eventlet.wsgi.server [req-7756351e-8fce-4898-8e38-bb97f7afa6a4 - - - - -] 127.0.0.1 "GET /v1/nodes/5910c412-a48c-50c1-9a92-84a7edd87952 HTTP/1.1" status: 200 len: 1815 time: 0.0291281
2017-03-21 13:50:28.170 3795 INFO eventlet.wsgi.server [req-b30364c7-7938-4a88-bd52-65787d6051c0 - - - - -] 127.0.0.1 "GET /v1/nodes/78544ab5-49df-5a83-acfa-2068ac465b21 HTTP/1.1" status: 200 len: 1814 time: 0.0288279
2017-03-21 13:50:28.306 3792 INFO eventlet.wsgi.server [req-71cde2b2-cd9b-4287-b4f9-b1107be2deec - - - - -] 127.0.0.1 "GET /v1/nodes/a960e3ed-9e08-51e2-a4b4-29ea8fee5576 HTTP/1.1" status: 200 len: 1817 time: 0.0304580
2017-03-21 13:50:28.386 3785 INFO eventlet.wsgi.server [req-3be0744f-dbfc-4e4d-9cf9-ac5fea81a9b9 - - - - -] 127.0.0.1 "GET /v1/nodes/5910c412-a48c-50c1-9a92-84a7edd87952 HTTP/1.1" status: 200 len: 1815 time: 0.0293970
2017-03-21 13:50:30.039 3793 INFO eventlet.wsgi.server [req-789475e9-a86c-4175-804a-68afb97a98c6 - - - - -] 127.0.0.1 "GET /v1/nodes HTTP/1.1" status: 200 len: 1518 time: 0.2074468
2017-03-21 13:50:30.205 3795 INFO eventlet.wsgi.server [req-dd07cd7e-5a19-43c6-b115-bf4cc093fd8f - - - - -] 127.0.0.1 "GET /v1/nodes/78544ab5-49df-5a83-acfa-2068ac465b21 HTTP/1.1" status: 200 len: 1814 time: 0.0277030
2017-03-21 13:50:30.340 3792 INFO eventlet.wsgi.server [req-bbb2d8f2-a7ee-407e-97ee-b1a481d8b1c3 - - - - -] 127.0.0.1 "GET /v1/nodes/a960e3ed-9e08-51e2-a4b4-29ea8fee5576 HTTP/1.1" status: 200 len: 1817 time: 0.0290730
2017-03-21 13:50:30.423 3785 INFO eventlet.wsgi.server [req-269fbaa9-b72a-4f1b-b6d9-647e6c754ba7 - - - - -] 127.0.0.1 "GET /v1/nodes/5910c412-a48c-50c1-9a92-84a7edd87952 HTTP/1.1" status: 200 len: 1815 time: 0.0317869
2017-03-21 13:50:32.240 3795 INFO eventlet.wsgi.server [req-49fb278c-501f-40b6-a8a8-c281e414fc1f - - - - -] 127.0.0.1 "GET /v1/nodes/78544ab5-49df-5a83-acfa-2068ac465b21 HTTP/1.1" status: 200 len: 1806 time: 0.0296919
2017-03-21 13:50:32.378 3792 INFO eventlet.wsgi.server [req-74d4d32e-66a4-4a8d-acb9-3bd9755c01ad - - - - -] 127.0.0.1 "GET /v1/nodes/a960e3ed-9e08-51e2-a4b4-29ea8fee5576 HTTP/1.1" status: 200 len: 1809 time: 0.0330200
2017-03-21 13:50:32.413 3795 INFO eventlet.wsgi.server [req-5b8efd64-8394-44a7-b84d-d3dac9916cf1 - - - - -] 127.0.0.1 "PUT /v1/nodes/78544ab5-49df-5a83-acfa-2068ac465b21/states/provision HTTP/1.1" status: 202 len: 383 time: 0.1684861
2017-03-21 13:50:32.459 3795 INFO eventlet.wsgi.server [req-71477e8d-367e-462d-9009-5de800dc3711 - - - - -] 127.0.0.1 "GET /v1/nodes/78544ab5-49df-5a83-acfa-2068ac465b21 HTTP/1.1" status: 200 len: 1831 time: 0.0451591
2017-03-21 13:50:32.459 3785 INFO eventlet.wsgi.server [req-bdc9658b-e096-4f7d-b347-46ab44666f8f - - - - -] 127.0.0.1 "GET /v1/nodes/5910c412-a48c-50c1-9a92-84a7edd87952 HTTP/1.1" status: 200 len: 1807 time: 0.0315900
2017-03-21 13:50:32.587 3792 INFO eventlet.wsgi.server [req-85a16828-cc33-42f4-8cce-8e43e5b25cdc - - - - -] 127.0.0.1 "PUT /v1/nodes/a960e3ed-9e08-51e2-a4b4-29ea8fee5576/states/provision HTTP/1.1" status: 202 len: 383 time: 0.2084100
2017-03-21 13:50:32.619 3792 INFO eventlet.wsgi.server [req-e254187d-ca86-475e-b3ab-ddbbf531e3c2 - - - - -] 127.0.0.1 "GET /v1/nodes/a960e3ed-9e08-51e2-a4b4-29ea8fee5576 HTTP/1.1" status: 200 len: 1828 time: 0.0309701
2017-03-21 13:50:32.625 3785 INFO eventlet.wsgi.server [req-54b66214-fefb-4191-8857-e31d6301952f - - - - -] 127.0.0.1 "PUT /v1/nodes/5910c412-a48c-50c1-9a92-84a7edd87952/states/provision HTTP/1.1" status: 202 len: 383 time: 0.1627300
2017-03-21 13:50:32.656 3785 INFO eventlet.wsgi.server [req-1a3d2d1e-c110-4c31-a0f4-90c7bc7568f2 - - - - -] 127.0.0.1 "GET /v1/nodes/5910c412-a48c-50c1-9a92-84a7edd87952 HTTP/1.1" status: 200 len: 1826 time: 0.0277848
2017-03-21 13:50:34.495 3795 INFO eventlet.wsgi.server [req-8032dd43-b0e4-4864-8f8d-949c27436a6d - - - - -] 127.0.0.1 "GET /v1/nodes/78544ab5-49df-5a83-acfa-2068ac465b21 HTTP/1.1" status: 200 len: 1805 time: 0.0286131
2017-03-21 13:50:37.994 3784 INFO eventlet.wsgi.server [req-38c51be2-12e1-40a9-af24-949baeb9020c - - - - -] 127.0.0.1 "GET /v1/nodes/5910c412-a48c-50c1-9a92-84a7edd87952 HTTP/1.1" status: 200 len: 1806 time: 0.0147932
2017-03-21 13:50:38.126 3789 INFO eventlet.wsgi.server [req-444d53ec-b10a-4165-a8e6-b7ffd9a16eb3 - - - - -] 127.0.0.1 "GET /v1/nodes/78544ab5-49df-5a83-acfa-2068ac465b21 HTTP/1.1" status: 200 len: 1805 time: 0.0166430
2017-03-21 13:50:38.295 3784 INFO eventlet.wsgi.server [req-00854b42-c4ea-449f-a7f6-731600b7eb82 - - - - -] 127.0.0.1 "GET /v1/nodes/a960e3ed-9e08-51e2-a4b4-29ea8fee5576 HTTP/1.1" status: 200 len: 1808 time: 0.0276330
2017-03-21 13:50:48.689 3787 INFO eventlet.wsgi.server [req-62c45a95-dc5a-421e-b3d1-f9346398f908 - - - - -] 127.0.0.1 "GET /v1/nodes/5910c412-a48c-50c1-9a92-84a7edd87952 HTTP/1.1" status: 200 len: 1806 time: 0.0157499
2017-03-21 13:50:48.746 3785 INFO eventlet.wsgi.server [req-753655d5-e54b-4470-9b4e-2743870afc55 - - - - -] 127.0.0.1 "GET /v1/nodes/78544ab5-49df-5a83-acfa-2068ac465b21 HTTP/1.1" status: 200 len: 1805 time: 0.0145469
2017-03-21 13:50:48.867 3799 INFO eventlet.wsgi.server [req-468f8170-d79f-4930-896c-27773245553e - - - - -] 127.0.0.1 "GET /v1/nodes/a960e3ed-9e08-51e2-a4b4-29ea8fee5576 HTTP/1.1" status: 200 len: 1808 time: 0.1681859
2017-03-21 13:50:48.903 3799 WARNING oslo_config.cfg [req-c05310f1-43d7-414e-aeea-62d5337b3efa - - - - -] Option "rabbit_userid" from group "DEFAULT" is deprecated. Use option "rabbit_userid" from group "oslo_messaging_rabbit".
2017-03-21 13:50:48.903 3799 WARNING oslo_config.cfg [req-c05310f1-43d7-414e-aeea-62d5337b3efa - - - - -] Option "rabbit_userid" from group "oslo_messaging_rabbit" is deprecated for removal. Its value may be silently ignored in the future.
2017-03-21 13:50:48.904 3799 WARNING oslo_config.cfg [req-c05310f1-43d7-414e-aeea-62d5337b3efa - - - - -] Option "rabbit_password" from group "DEFAULT" is deprecated. Use option "rabbit_password" from group "oslo_messaging_rabbit".
2017-03-21 13:50:48.904 3799 WARNING oslo_config.cfg [req-c05310f1-43d7-414e-aeea-62d5337b3efa - - - - -] Option "rabbit_password" from group "oslo_messaging_rabbit" is deprecated for removal. Its value may be silently ignored in the future.
2017-03-21 13:50:48.933 3787 INFO eventlet.wsgi.server [req-00f4d67f-3207-45b6-84ce-35e7ff9ff8cd - - - - -] 127.0.0.1 "PATCH /v1/nodes/5910c412-a48c-50c1-9a92-84a7edd87952 HTTP/1.1" status: 200 len: 1971 time: 0.2415721
2017-03-21 13:50:48.949 3785 INFO eventlet.wsgi.server [req-14821a11-2c69-4eaa-9e6f-a27305baea70 - - - - -] 127.0.0.1 "PATCH /v1/nodes/78544ab5-49df-5a83-acfa-2068ac465b21 HTTP/1.1" status: 200 len: 1970 time: 0.2010269
2017-03-21 13:50:49.041 3787 INFO eventlet.wsgi.server [req-ef7df295-d2f9-4670-9643-b66541af4131 - - - - -] 127.0.0.1 "GET /v1/nodes/5910c412-a48c-50c1-9a92-84a7edd87952/validate HTTP/1.1" status: 200 len: 656 time: 0.0993271
2017-03-21 13:50:49.050 3785 INFO eventlet.wsgi.server [req-6286f85d-d32a-4273-859b-7a37dce57af6 - - - - -] 127.0.0.1 "GET /v1/nodes/78544ab5-49df-5a83-acfa-2068ac465b21/validate HTTP/1.1" status: 200 len: 656 time: 0.0971940
2017-03-21 13:50:49.105 3799 INFO eventlet.wsgi.server [req-c05310f1-43d7-414e-aeea-62d5337b3efa - - - - -] 127.0.0.1 "PATCH /v1/nodes/a960e3ed-9e08-51e2-a4b4-29ea8fee5576 HTTP/1.1" status: 200 len: 1973 time: 0.2333500
2017-03-21 13:50:49.195 3799 INFO eventlet.wsgi.server [req-99d189f6-fae6-4586-9290-a323bec75b41 - - - - -] 127.0.0.1 "GET /v1/nodes/a960e3ed-9e08-51e2-a4b4-29ea8fee5576/validate HTTP/1.1" status: 200 len: 656 time: 0.0859840
2017-03-21 13:50:49.239 3787 INFO eventlet.wsgi.server [req-6e3a525b-ac20-4e34-9f70-c7a10b3c1ce5 - - - - -] 127.0.0.1 "PUT /v1/nodes/5910c412-a48c-50c1-9a92-84a7edd87952/states/provision HTTP/1.1" status: 202 len: 383 time: 0.1938710
2017-03-21 13:50:49.266 3785 INFO eventlet.wsgi.server [req-9fe7a501-d1ee-4999-ae59-3351232f67bf - - - - -] 127.0.0.1 "PUT /v1/nodes/78544ab5-49df-5a83-acfa-2068ac465b21/states/provision HTTP/1.1" status: 202 len: 383 time: 0.2133200
2017-03-21 13:50:49.270 3787 INFO eventlet.wsgi.server [req-444c6fcc-22c3-46e6-8073-cf8ea319c92c - - - - -] 127.0.0.1 "GET /v1/nodes/5910c412-a48c-50c1-9a92-84a7edd87952 HTTP/1.1" status: 200 len: 2022 time: 0.0275760
2017-03-21 13:50:49.292 3785 INFO eventlet.wsgi.server [req-c906d885-9547-4a2f-b651-2def3df48e48 - - - - -] 127.0.0.1 "GET /v1/nodes/78544ab5-49df-5a83-acfa-2068ac465b21 HTTP/1.1" status: 200 len: 2021 time: 0.0226581
2017-03-21 13:50:49.796 3799 INFO eventlet.wsgi.server [req-5516c174-18b7-4030-9445-7c5c2dc25e18 - - - - -] 127.0.0.1 "PUT /v1/nodes/a960e3ed-9e08-51e2-a4b4-29ea8fee5576/states/provision HTTP/1.1" status: 202 len: 383 time: 0.5975370
2017-03-21 13:50:49.828 3799 INFO eventlet.wsgi.server [req-e16cdce3-3242-4976-92de-4a77bb5a7486 - - - - -] 127.0.0.1 "GET /v1/nodes/a960e3ed-9e08-51e2-a4b4-29ea8fee5576 HTTP/1.1" status: 200 len: 2024 time: 0.0274270
2017-03-21 13:51:29.866 3790 INFO eventlet.wsgi.server [req-c9e94a55-8eea-4e8b-afc1-b4d167049161 - - - - -] 127.0.0.1 "GET /v1/nodes HTTP/1.1" status: 200 len: 1523 time: 0.0343220
2017-03-21 13:51:53.798 3799 INFO eventlet.wsgi.server [req-19ca8987-55b7-49da-a0e6-676e27d5d043 - - - - -] 192.168.122.144 "GET /v1/lookup?addresses=52%3A54%3A00%3A7c%3Af6%3A22 HTTP/1.1" status: 200 len: 1297 time: 0.0288639
2017-03-21 13:51:53.861 3799 INFO eventlet.wsgi.server [req-18327405-d18b-4e4e-85af-002a3211aa7e - - - - -] 192.168.122.144 "POST /v1/heartbeat/78544ab5-49df-5a83-acfa-2068ac465b21 HTTP/1.1" status: 202 len: 298 time: 0.0527611
2017-03-21 13:51:57.102 3788 INFO eventlet.wsgi.server [req-30458a23-5d66-48e9-8716-9acf6451a334 - - - - -] 192.168.122.170 "GET /v1/lookup?addresses=52%3A54%3A00%3Aea%3A15%3A6a HTTP/1.1" status: 200 len: 1297 time: 0.2211800
2017-03-21 13:51:57.143 3788 WARNING oslo_config.cfg [req-4f3ad41d-5f68-47c0-86a2-19bd6a475099 - - - - -] Option "rabbit_userid" from group "DEFAULT" is deprecated. Use option "rabbit_userid" from group "oslo_messaging_rabbit".
2017-03-21 13:51:57.143 3788 WARNING oslo_config.cfg [req-4f3ad41d-5f68-47c0-86a2-19bd6a475099 - - - - -] Option "rabbit_userid" from group "oslo_messaging_rabbit" is deprecated for removal. Its value may be silently ignored in the future.
2017-03-21 13:51:57.144 3788 WARNING oslo_config.cfg [req-4f3ad41d-5f68-47c0-86a2-19bd6a475099 - - - - -] Option "rabbit_password" from group "DEFAULT" is deprecated. Use option "rabbit_password" from group "oslo_messaging_rabbit".
2017-03-21 13:51:57.144 3788 WARNING oslo_config.cfg [req-4f3ad41d-5f68-47c0-86a2-19bd6a475099 - - - - -] Option "rabbit_password" from group "oslo_messaging_rabbit" is deprecated for removal. Its value may be silently ignored in the future.
2017-03-21 13:51:57.214 3788 INFO eventlet.wsgi.server [req-4f3ad41d-5f68-47c0-86a2-19bd6a475099 - - - - -] 192.168.122.170 "POST /v1/heartbeat/a960e3ed-9e08-51e2-a4b4-29ea8fee5576 HTTP/1.1" status: 202 len: 298 time: 0.0948322
2017-03-21 13:52:01.715 3790 INFO eventlet.wsgi.server [req-9cfc6b0e-9a5e-4c4a-8e99-8e00ff517cec - - - - -] 192.168.122.232 "GET /v1/lookup?addresses=52%3A54%3A00%3Aa3%3A9f%3A99 HTTP/1.1" status: 200 len: 1297 time: 0.0289891
2017-03-21 13:52:01.789 3790 INFO eventlet.wsgi.server [req-50b2ee84-e166-4866-92a7-7cd89da41a6b - - - - -] 192.168.122.232 "POST /v1/heartbeat/5910c412-a48c-50c1-9a92-84a7edd87952 HTTP/1.1" status: 202 len: 298 time: 0.0592630
2017-03-21 13:52:29.891 3798 INFO eventlet.wsgi.server [req-3860cbe4-1c17-4f7b-9715-58f11dcaf0c1 - - - - -] 127.0.0.1 "GET /v1/nodes HTTP/1.1" status: 200 len: 1527 time: 0.0609510
2017-03-21 13:53:04.468 3788 INFO eventlet.wsgi.server [req-3128d086-1cdc-4c77-ac13-3c61ea1379ae - - - - -] 192.168.122.170 "POST /v1/heartbeat/a960e3ed-9e08-51e2-a4b4-29ea8fee5576 HTTP/1.1" status: 202 len: 298 time: 0.0765481
2017-03-21 13:53:07.085 3799 INFO eventlet.wsgi.server [req-99991d28-7011-4f05-8629-d4e0d0d22010 - - - - -] 192.168.122.144 "POST /v1/heartbeat/78544ab5-49df-5a83-acfa-2068ac465b21 HTTP/1.1" status: 202 len: 298 time: 0.0712891
2017-03-21 13:53:09.065 3790 INFO eventlet.wsgi.server [req-b6c752bb-2297-4b69-8c6f-7015bf4d0db5 - - - - -] 192.168.122.232 "POST /v1/heartbeat/5910c412-a48c-50c1-9a92-84a7edd87952 HTTP/1.1" status: 202 len: 298 time: 0.0704439
2017-03-21 13:53:20.896 3788 INFO eventlet.wsgi.server [req-7da0ac1c-f348-472c-bb11-83b5787506d5 - - - - -] 192.168.122.170 "POST /v1/heartbeat/a960e3ed-9e08-51e2-a4b4-29ea8fee5576 HTTP/1.1" status: 202 len: 298 time: 0.0863900
2017-03-21 13:53:29.897 3798 INFO eventlet.wsgi.server [req-ecde8381-7523-427f-88a3-62e6e5c418a6 - - - - -] 127.0.0.1 "GET /v1/nodes HTTP/1.1" status: 200 len: 1512 time: 0.0587449
2017-03-21 13:53:34.145 3790 INFO eventlet.wsgi.server [req-eb289199-4a9b-442e-af23-56d09c969085 - - - - -] 192.168.122.232 "POST /v1/heartbeat/5910c412-a48c-50c1-9a92-84a7edd87952 HTTP/1.1" status: 202 len: 298 time: 2.7710271
2017-03-21 13:53:34.165 3799 INFO eventlet.wsgi.server [req-1bde0a11-47a5-4075-b569-880ad4e96ea2 - - - - -] 192.168.122.144 "POST /v1/heartbeat/78544ab5-49df-5a83-acfa-2068ac465b21 HTTP/1.1" status: 202 len: 298 time: 2.6206288
2017-03-21 13:54:29.904 3798 INFO eventlet.wsgi.server [req-4a7c06a1-0b1c-45ae-945d-c95dc1eee28a - - - - -] 127.0.0.1 "GET /v1/nodes HTTP/1.1" status: 200 len: 1503 time: 0.0616300
2017-03-21 13:54:47.947 3798 INFO eventlet.wsgi.server [req-2f12099e-8a3c-465a-a393-c3397b953034 - - - - -] 127.0.0.1 "GET /v1/nodes HTTP/1.1" status: 200 len: 1502 time: 0.0398588
2017-03-21 13:55:29.897 3798 INFO eventlet.wsgi.server [req-c66e6670-d761-407d-a121-367806fd1234 - - - - -] 127.0.0.1 "GET /v1/nodes HTTP/1.1" status: 200 len: 1503 time: 0.0556231
2017-03-21 13:56:29.909 3798 INFO eventlet.wsgi.server [req-855398b3-62d8-482a-9e06-d2e95ea410d0 - - - - -] 127.0.0.1 "GET /v1/nodes HTTP/1.1" status: 200 len: 1503 time: 0.0648530
2017-03-21 13:57:29.923 3789 INFO eventlet.wsgi.server [req-5ea84817-55fb-4239-8099-eb441ea1391c - - - - -] 127.0.0.1 "GET /v1/nodes HTTP/1.1" status: 200 len: 1503 time: 0.0729089
2017-03-21 13:58:29.921 3787 INFO eventlet.wsgi.server [req-f6031d3b-11a2-4eed-b379-6fce9936cf90 - - - - -] 127.0.0.1 "GET /v1/nodes HTTP/1.1" status: 200 len: 1503 time: 0.0662920
2017-03-21 13:59:29.914 3784 INFO eventlet.wsgi.server [req-24570c4d-0a3b-463f-8bd8-588b9c6cf679 - - - - -] 127.0.0.1 "GET /v1/nodes HTTP/1.1" status: 200 len: 1503 time: 0.0609441
2017-03-21 14:00:29.930 3785 INFO eventlet.wsgi.server [req-bdb3e552-fa2b-4f1c-9b04-62b25c17a6a3 - - - - -] 127.0.0.1 "GET /v1/nodes HTTP/1.1" status: 200 len: 1503 time: 0.0741611
2017-03-21 14:01:29.923 3788 INFO eventlet.wsgi.server [req-603ae798-d4b6-4a72-8368-356080cbac55 - - - - -] 127.0.0.1 "GET /v1/nodes HTTP/1.1" status: 200 len: 1503 time: 0.0671699
2017-03-21 14:02:29.922 3788 INFO eventlet.wsgi.server [req-05c05f93-be5d-4c96-bed9-54c8db98bade - - - - -] 127.0.0.1 "GET /v1/nodes HTTP/1.1" status: 200 len: 1503 time: 0.0622749
2017-03-21 14:03:29.923 3788 INFO eventlet.wsgi.server [req-f6019d8a-466f-49cc-bdfe-ec7ec5ec872d - - - - -] 127.0.0.1 "GET /v1/nodes HTTP/1.1" status: 200 len: 1503 time: 0.0636640
2017-03-21 14:04:29.964 3792 INFO eventlet.wsgi.server [req-215df7f8-1a76-437a-91ba-33ecc14984e5 - - - - -] 127.0.0.1 "GET /v1/nodes HTTP/1.1" status: 200 len: 1503 time: 0.0902021
2017-03-21 14:05:29.929 3787 INFO eventlet.wsgi.server [req-41358651-aebb-46ff-ab90-56a947bb7d1f - - - - -] 127.0.0.1 "GET /v1/nodes HTTP/1.1" status: 200 len: 1503 time: 0.0633869
2017-03-21 14:06:29.927 3787 INFO eventlet.wsgi.server [req-b8b8702b-c94a-40d3-b70a-4deed217883f - - - - -] 127.0.0.1 "GET /v1/nodes HTTP/1.1" status: 200 len: 1503 time: 0.0625410
2017-03-21 14:07:29.944 3795 INFO eventlet.wsgi.server [req-1b864999-7c4c-4dc7-b1f7-f414a887ae9e - - - - -] 127.0.0.1 "GET /v1/nodes HTTP/1.1" status: 200 len: 1503 time: 0.0752380
2017-03-21 14:08:29.926 3799 INFO eventlet.wsgi.server [req-a6bf1c3c-33ca-4c2f-b1bd-fbdc8f36ce40 - - - - -] 127.0.0.1 "GET /v1/nodes HTTP/1.1" status: 200 len: 1503 time: 0.0566380
2017-03-21 14:09:29.941 3798 INFO eventlet.wsgi.server [req-b470ef38-62fb-4aff-beac-80da4354540c - - - - -] 127.0.0.1 "GET /v1/nodes HTTP/1.1" status: 200 len: 1503 time: 0.0671442
2017-03-21 14:10:29.938 3798 INFO eventlet.wsgi.server [req-50c6809c-3611-41ae-8584-239b17668b2f - - - - -] 127.0.0.1 "GET /v1/nodes HTTP/1.1" status: 200 len: 1503 time: 0.0627851
2017-03-21 14:11:29.939 3798 INFO eventlet.wsgi.server [req-a0abc07c-e289-4582-8e38-f3e21c5fd0f8 - - - - -] 127.0.0.1 "GET /v1/nodes HTTP/1.1" status: 200 len: 1503 time: 0.0638690
2017-03-21 14:12:29.940 3798 INFO eventlet.wsgi.server [req-eaf993ae-f6ca-4f0d-8e56-065cc6bbd46f - - - - -] 127.0.0.1 "GET /v1/nodes HTTP/1.1" status: 200 len: 1503 time: 0.0623269
2017-03-21 14:13:29.950 3798 INFO eventlet.wsgi.server [req-9c434a58-adc9-464f-94ad-e84b78cd8d29 - - - - -] 127.0.0.1 "GET /v1/nodes HTTP/1.1" status: 200 len: 1503 time: 0.0674350
2017-03-21 14:14:29.952 3798 INFO eventlet.wsgi.server [req-7db18a8e-6db3-45d9-bd42-a5ecd4f5e02f - - - - -] 127.0.0.1 "GET /v1/nodes HTTP/1.1" status: 200 len: 1503 time: 0.0655742
2017-03-21 14:15:29.946 3798 INFO eventlet.wsgi.server [req-b5c0bc38-1e3b-44d2-8ce1-6ba658122980 - - - - -] 127.0.0.1 "GET /v1/nodes HTTP/1.1" status: 200 len: 1503 time: 0.0602820
2017-03-21 14:16:29.949 3785 INFO eventlet.wsgi.server [req-62667a41-4399-464c-b602-5281e8192bc7 - - - - -] 127.0.0.1 "GET /v1/nodes HTTP/1.1" status: 200 len: 1503 time: 0.0580590
2017-03-21 14:17:29.957 3793 INFO eventlet.wsgi.server [req-ff5c5662-8d6e-433e-aae5-9d38664c1489 - - - - -] 127.0.0.1 "GET /v1/nodes HTTP/1.1" status: 200 len: 1503 time: 0.0627780
2017-03-21 14:18:29.962 3791 INFO eventlet.wsgi.server [req-ff71be31-51d0-44bd-a5e6-3368c28e1d5c - - - - -] 127.0.0.1 "GET /v1/nodes HTTP/1.1" status: 200 len: 1503 time: 0.0667081
2017-03-21 14:19:29.963 3798 INFO eventlet.wsgi.server [req-57007bc7-d41c-45cc-9c6b-28a0da12b312 - - - - -] 127.0.0.1 "GET /v1/nodes HTTP/1.1" status: 200 len: 1503 time: 0.0691140
2017-03-21 14:20:29.956 3798 INFO eventlet.wsgi.server [req-54525e24-d41a-422f-858f-5248e993e372 - - - - -] 127.0.0.1 "GET /v1/nodes HTTP/1.1" status: 200 len: 1503 time: 0.0569711
2017-03-21 14:21:29.967 3785 INFO eventlet.wsgi.server [req-50b15a52-28d0-46cd-b069-062ac6316feb - - - - -] 127.0.0.1 "GET /v1/nodes HTTP/1.1" status: 200 len: 1503 time: 0.0674121
2017-03-21 14:21:34.280 3785 INFO oslo.service.wsgi [-] Stopping WSGI server.
2017-03-21 14:21:34.280 3798 INFO oslo.service.wsgi [-] Stopping WSGI server.
2017-03-21 14:21:34.281 3785 INFO eventlet.wsgi.server [-] (3785) wsgi exited, is_accepting=True
2017-03-21 14:21:34.281 3797 INFO oslo.service.wsgi [-] Stopping WSGI server.
2017-03-21 14:21:34.281 3794 INFO oslo.service.wsgi [-] Stopping WSGI server.
2017-03-21 14:21:34.281 3788 INFO oslo.service.wsgi [-] Stopping WSGI server.
2017-03-21 14:21:34.281 3784 INFO oslo.service.wsgi [-] Stopping WSGI server.
2017-03-21 14:21:34.283 3788 INFO eventlet.wsgi.server [-] (3788) wsgi exited, is_accepting=True
2017-03-21 14:21:34.281 3793 INFO oslo.service.wsgi [-] Stopping WSGI server.
2017-03-21 14:21:34.281 3789 INFO oslo.service.wsgi [-] Stopping WSGI server.
2017-03-21 14:21:34.283 3789 INFO eventlet.wsgi.server [-] (3789) wsgi exited, is_accepting=True
2017-03-21 14:21:34.283 3786 INFO oslo.service.wsgi [-] Stopping WSGI server.
2017-03-21 14:21:34.283 3784 INFO eventlet.wsgi.server [-] (3784) wsgi exited, is_accepting=True
2017-03-21 14:21:34.284 3793 INFO eventlet.wsgi.server [-] (3793) wsgi exited, is_accepting=True
2017-03-21 14:21:34.284 3797 INFO eventlet.wsgi.server [-] (3797) wsgi exited, is_accepting=True
2017-03-21 14:21:34.284 3794 INFO eventlet.wsgi.server [-] (3794) wsgi exited, is_accepting=True
2017-03-21 14:21:34.285 3786 INFO eventlet.wsgi.server [-] (3786) wsgi exited, is_accepting=True
2017-03-21 14:21:34.286 3756 INFO oslo_service.service [-] Caught SIGTERM, stopping children
2017-03-21 14:21:34.288 3756 INFO oslo.service.wsgi [-] Stopping WSGI server.
2017-03-21 14:21:34.288 3756 INFO oslo_service.service [-] Waiting on 16 children to exit
2017-03-21 14:21:34.290 3756 INFO oslo_service.service [-] Child 3797 exited with status 0
2017-03-21 14:21:34.290 3792 INFO oslo.service.wsgi [-] Stopping WSGI server.
2017-03-21 14:21:34.291 3792 INFO eventlet.wsgi.server [-] (3792) wsgi exited, is_accepting=True
2017-03-21 14:21:34.290 3796 INFO oslo.service.wsgi [-] Stopping WSGI server.
2017-03-21 14:21:34.291 3790 INFO oslo.service.wsgi [-] Stopping WSGI server.
2017-03-21 14:21:34.291 3796 INFO eventlet.wsgi.server [-] (3796) wsgi exited, is_accepting=True
2017-03-21 14:21:34.292 3790 INFO eventlet.wsgi.server [-] (3790) wsgi exited, is_accepting=True
2017-03-21 14:21:34.298 3795 INFO oslo.service.wsgi [-] Stopping WSGI server.
2017-03-21 14:21:34.299 3795 INFO eventlet.wsgi.server [-] (3795) wsgi exited, is_accepting=True
2017-03-21 14:21:34.302 3791 INFO oslo.service.wsgi [-] Stopping WSGI server.
2017-03-21 14:21:34.303 3791 INFO eventlet.wsgi.server [-] (3791) wsgi exited, is_accepting=True
2017-03-21 14:21:34.314 3799 INFO oslo.service.wsgi [-] Stopping WSGI server.
2017-03-21 14:21:34.315 3799 INFO eventlet.wsgi.server [-] (3799) wsgi exited, is_accepting=True
