File "/usr/local/lib/python2.7/dist-packages/sqlalchemy/engine/base.py", line 2104, in raw_connection self.pool.unique_connection, _connection)
File "/usr/local/lib/python2.7/dist-packages/sqlalchemy/engine/base.py", line 2078, in _wrap_pool_connect e, dialect, self)
File "/usr/local/lib/python2.7/dist-packages/sqlalchemy/engine/base.py", line 1401, in _handle_dbapi_exception_noconnection util.raise_from_cause(newraise, exc_info)
File "/usr/local/lib/python2.7/dist-packages/sqlalchemy/util/compat.py", line 203, in raise_from_cause reraise(type(exception), exception, tb=exc_tb, cause=cause)
File "/usr/local/lib/python2.7/dist-packages/sqlalchemy/engine/base.py", line 2074, in _wrap_pool_connect return fn()
File "/usr/local/lib/python2.7/dist-packages/sqlalchemy/pool.py", line 318, in unique_connection return _ConnectionFairy._checkout(self)
File "/usr/local/lib/python2.7/dist-packages/sqlalchemy/pool.py", line 713, in _checkout fairy = _ConnectionRecord.checkout(pool)
File "/usr/local/lib/python2.7/dist-packages/sqlalchemy/pool.py", line 480, in checkout rec = pool._do_get()
File "/usr/local/lib/python2.7/dist-packages/sqlalchemy/pool.py", line 1060, in _do_get self._dec_overflow()
File "/usr/local/lib/python2.7/dist-packages/sqlalchemy/util/langhelpers.py", line 60, in __exit__ compat.reraise(exc_type, exc_value, exc_tb)
File "/usr/local/lib/python2.7/dist-packages/sqlalchemy/pool.py", line 1057, in _do_get return self._create_connection()
File "/usr/local/lib/python2.7/dist-packages/sqlalchemy/pool.py", line 323, in _create_connection return _ConnectionRecord(self)
File "/usr/local/lib/python2.7/dist-packages/sqlalchemy/pool.py", line 449, in __init__ self.connection = self.__connect()
File "/usr/local/lib/python2.7/dist-packages/sqlalchemy/pool.py", line 607, in __connect connection = self.__pool._invoke_creator(self)
File "/usr/local/lib/python2.7/dist-packages/sqlalchemy/engine/strategies.py", line 97, in connect return dialect.connect(*cargs, **cparams)
File "/usr/local/lib/python2.7/dist-packages/sqlalchemy/engine/default.py", line 385, in connect return self.dbapi.connect(*cargs, **cparams)
File "/usr/local/lib/python2.7/dist-packages/pymysql/__init__.py", line 90, in Connect return Connection(*args, **kwargs)
File "/usr/local/lib/python2.7/dist-packages/pymysql/connections.py", line 688, in __init__ self.connect()
File "/usr/local/lib/python2.7/dist-packages/pymysql/connections.py", line 906, in connect self._request_authentication()
File "/usr/local/lib/python2.7/dist-packages/pymysql/connections.py", line 1114, in _request_authentication auth_packet = self._read_packet()
File "/usr/local/lib/python2.7/dist-packages/pymysql/connections.py", line 981, in _read_packet packet.check_error()
File "/usr/local/lib/python2.7/dist-packages/pymysql/connections.py", line 393, in check_error err.raise_mysql_exception(self._data)
File "/usr/local/lib/python2.7/dist-packages/pymysql/err.py", line 107, in raise_mysql_exception raise errorclass(errno, errval) DBNonExistentDatabase: (pymysql.err.InternalError) (1049, u"Unknown database 'ironic'")
2017-03-21 08:10:22.565 11093 INFO eventlet.wsgi.server [req-4c17de2c-89ac-45b1-8f7f-406b7a1ded74 - - - - -] 127.0.0.1 "GET /v1/nodes HTTP/1.1" status: 500 len: 507 time: 0.0213368
2017-03-21 08:11:22.849 10987 INFO oslo_service.service [-] Child 11084 killed by signal 11
2017-03-21 08:11:22.859 15408 INFO eventlet.wsgi.server [-] (15408) wsgi starting up on http://0.0.0.0:6385
2017-03-21 08:11:25.112 10987 INFO oslo_service.service [-] Child 11088 killed by signal 11
2017-03-21 08:11:25.123 15589 INFO eventlet.wsgi.server [-] (15589) wsgi starting up on http://0.0.0.0:6385
2017-03-21 08:11:27.420 10987 INFO oslo_service.service [-] Child 15589 killed by signal 11
2017-03-21 08:11:27.431 15695 INFO eventlet.wsgi.server [-] (15695) wsgi starting up on http://0.0.0.0:6385
2017-03-21 08:11:29.739 10987 INFO oslo_service.service [-] Child 11091 killed by signal 11
2017-03-21 08:11:29.747 15751 INFO eventlet.wsgi.server [-] (15751) wsgi starting up on http://0.0.0.0:6385
2017-03-21 08:11:32.049 10987 INFO oslo_service.service [-] Child 15695 killed by signal 11
2017-03-21 08:11:32.060 15805 INFO eventlet.wsgi.server [-] (15805) wsgi starting up on http://0.0.0.0:6385
2017-03-21 08:11:34.316 10987 INFO oslo_service.service [-] Child 15751 killed by signal 11
2017-03-21 08:11:34.327 15807 INFO eventlet.wsgi.server [-] (15807) wsgi starting up on http://0.0.0.0:6385
2017-03-21 08:11:36.613 10987 INFO oslo_service.service [-] Child 11094 killed by signal 11
2017-03-21 08:11:36.624 15809 INFO eventlet.wsgi.server [-] (15809) wsgi starting up on http://0.0.0.0:6385
2017-03-21 08:11:38.873 10987 INFO oslo_service.service [-] Child 11089 killed by signal 11
2017-03-21 08:11:38.883 15870 INFO eventlet.wsgi.server [-] (15870) wsgi starting up on http://0.0.0.0:6385
2017-03-21 08:11:41.324 15807 INFO oslo.service.wsgi [-] Stopping WSGI server.
2017-03-21 08:11:41.324 15807 INFO eventlet.wsgi.server [-] (15807) wsgi exited, is_accepting=True
2017-03-21 08:11:41.324 11082 INFO oslo.service.wsgi [-] Stopping WSGI server.
2017-03-21 08:11:41.324 11097 INFO oslo.service.wsgi [-] Stopping WSGI server.
2017-03-21 08:11:41.324 11083 INFO oslo.service.wsgi [-] Stopping WSGI server.
2017-03-21 08:11:41.324 11093 INFO oslo.service.wsgi [-] Stopping WSGI server.
2017-03-21 08:11:41.325 11092 INFO oslo.service.wsgi [-] Stopping WSGI server.
2017-03-21 08:11:41.325 11082 INFO eventlet.wsgi.server [-] (11082) wsgi exited, is_accepting=True
2017-03-21 08:11:41.325 11087 INFO oslo.service.wsgi [-] Stopping WSGI server.
2017-03-21 08:11:41.325 11095 INFO oslo.service.wsgi [-] Stopping WSGI server.
2017-03-21 08:11:41.326 11083 INFO eventlet.wsgi.server [-] (11083) wsgi exited, is_accepting=True
2017-03-21 08:11:41.326 11093 INFO eventlet.wsgi.server [-] (11093) wsgi exited, is_accepting=True
2017-03-21 08:11:41.326 11097 INFO eventlet.wsgi.server [-] (11097) wsgi exited, is_accepting=True
2017-03-21 08:11:41.326 11092 INFO eventlet.wsgi.server [-] (11092) wsgi exited, is_accepting=True
2017-03-21 08:11:41.326 11087 INFO eventlet.wsgi.server [-] (11087) wsgi exited, is_accepting=True
2017-03-21 08:11:41.326 11095 INFO eventlet.wsgi.server [-] (11095) wsgi exited, is_accepting=True
2017-03-21 08:11:41.330 15809 INFO oslo.service.wsgi [-] Stopping WSGI server.
2017-03-21 08:11:41.330 15805 INFO oslo.service.wsgi [-] Stopping WSGI server.
2017-03-21 08:11:41.330 11090 INFO oslo.service.wsgi [-] Stopping WSGI server.
2017-03-21 08:11:41.330 15809 INFO eventlet.wsgi.server [-] (15809) wsgi exited, is_accepting=True
2017-03-21 08:11:41.330 15805 INFO eventlet.wsgi.server [-] (15805) wsgi exited, is_accepting=True
2017-03-21 08:11:41.330 15870 INFO oslo.service.wsgi [-] Stopping WSGI server.
2017-03-21 08:11:41.331 11090 INFO eventlet.wsgi.server [-] (11090) wsgi exited, is_accepting=True
2017-03-21 08:11:41.331 15870 INFO eventlet.wsgi.server [-] (15870) wsgi exited, is_accepting=True
2017-03-21 08:11:41.331 11096 INFO oslo.service.wsgi [-] Stopping WSGI server.
2017-03-21 08:11:41.332 11096 INFO eventlet.wsgi.server [-] (11096) wsgi exited, is_accepting=True
2017-03-21 08:11:41.332 10987 INFO oslo_service.service [-] Caught SIGTERM, stopping children
2017-03-21 08:11:41.333 15408 INFO oslo.service.wsgi [-] Stopping WSGI server.
2017-03-21 08:11:41.334 15408 INFO eventlet.wsgi.server [-] (15408) wsgi exited, is_accepting=True
2017-03-21 08:11:41.334 10987 INFO oslo.service.wsgi [-] Stopping WSGI server.
2017-03-21 08:11:41.334 10987 INFO oslo_service.service [-] Waiting on 16 children to exit
2017-03-21 08:11:41.335 10987 INFO oslo_service.service [-] Child 11082 exited with status 0
2017-03-21 08:11:41.335 10987 INFO oslo_service.service [-] Child 11083 exited with status 0
2017-03-21 08:11:41.336 10987 INFO oslo_service.service [-] Child 11087 exited with status 0
2017-03-21 08:11:41.337 10987 INFO oslo_service.service [-] Child 11090 exited with status 0
2017-03-21 08:11:41.337 10987 INFO oslo_service.service [-] Child 11092 exited with status 0
2017-03-21 08:11:41.337 10987 INFO oslo_service.service [-] Child 11093 exited with status 0
2017-03-21 08:11:41.337 10987 INFO oslo_service.service [-] Child 11095 exited with status 0
2017-03-21 08:11:41.338 10987 INFO oslo_service.service [-] Child 11096 exited with status 0
2017-03-21 08:11:41.338 10987 INFO oslo_service.service [-] Child 11097 exited with status 0
2017-03-21 08:11:41.338 10987 INFO oslo_service.service [-] Child 15408 killed by signal 15
2017-03-21 08:11:41.338 10987 INFO oslo_service.service [-] Child 15805 exited with status 0
2017-03-21 08:11:41.337 11086 INFO oslo.service.wsgi [-] Stopping WSGI server.
2017-03-21 08:11:41.339 10987 INFO oslo_service.service [-] Child 15807 exited with status 0
2017-03-21 08:11:41.339 10987 INFO oslo_service.service [-] Child 15809 exited with status 0
2017-03-21 08:11:41.337 11085 INFO oslo.service.wsgi [-] Stopping WSGI server.
2017-03-21 08:11:41.339 10987 INFO oslo_service.service [-] Child 15870 exited with status 0
2017-03-21 08:11:41.340 11085 INFO eventlet.wsgi.server [-] (11085) wsgi exited, is_accepting=True
2017-03-21 08:11:41.340 11086 INFO eventlet.wsgi.server [-] (11086) wsgi exited, is_accepting=True
2017-03-21 08:11:41.346 10987 INFO oslo_service.service [-] Child 11085 exited with status 0
2017-03-21 08:11:41.346 10987 INFO oslo_service.service [-] Child 11086 exited with status 0
2017-03-21 08:11:43.033 16186 INFO oslo.service.wsgi [-] ironic_api listening on 0.0.0.0:6385
2017-03-21 08:11:43.034 16186 INFO oslo_service.service [-] Starting 16 workers
2017-03-21 08:11:43.043 16223 INFO eventlet.wsgi.server [-] (16223) wsgi starting up on http://0.0.0.0:6385
2017-03-21 08:11:43.044 16224 INFO eventlet.wsgi.server [-] (16224) wsgi starting up on http://0.0.0.0:6385
2017-03-21 08:11:43.047 16226 INFO eventlet.wsgi.server [-] (16226) wsgi starting up on http://0.0.0.0:6385
2017-03-21 08:11:43.050 16232 INFO eventlet.wsgi.server [-] (16232) wsgi starting up on http://0.0.0.0:6385
2017-03-21 08:11:43.051 16230 INFO eventlet.wsgi.server [-] (16230) wsgi starting up on http://0.0.0.0:6385
2017-03-21 08:11:43.053 16233 INFO eventlet.wsgi.server [-] (16233) wsgi starting up on http://0.0.0.0:6385
2017-03-21 08:11:43.054 16229 INFO eventlet.wsgi.server [-] (16229) wsgi starting up on http://0.0.0.0:6385
2017-03-21 08:11:43.054 16225 INFO eventlet.wsgi.server [-] (16225) wsgi starting up on http://0.0.0.0:6385
2017-03-21 08:11:43.055 16234 INFO eventlet.wsgi.server [-] (16234) wsgi starting up on http://0.0.0.0:6385
2017-03-21 08:11:43.056 16227 INFO eventlet.wsgi.server [-] (16227) wsgi starting up on http://0.0.0.0:6385
2017-03-21 08:11:43.056 16235 INFO eventlet.wsgi.server [-] (16235) wsgi starting up on http://0.0.0.0:6385
2017-03-21 08:11:43.056 16236 INFO eventlet.wsgi.server [-] (16236) wsgi starting up on http://0.0.0.0:6385
2017-03-21 08:11:43.058 16228 INFO eventlet.wsgi.server [-] (16228) wsgi starting up on http://0.0.0.0:6385
2017-03-21 08:11:43.059 16186 WARNING oslo_config.cfg [-] Option "rabbit_password" from group "DEFAULT" is deprecated. Use option "rabbit_password" from group "oslo_messaging_rabbit".
2017-03-21 08:11:43.058 16237 INFO eventlet.wsgi.server [-] (16237) wsgi starting up on http://0.0.0.0:6385
2017-03-21 08:11:43.060 16186 WARNING oslo_config.cfg [-] Option "rabbit_password" from group "oslo_messaging_rabbit" is deprecated for removal. Its value may be silently ignored in the future.
2017-03-21 08:11:43.060 16186 WARNING oslo_config.cfg [-] Option "rabbit_userid" from group "DEFAULT" is deprecated. Use option "rabbit_userid" from group "oslo_messaging_rabbit".
2017-03-21 08:11:43.060 16186 WARNING oslo_config.cfg [-] Option "rabbit_userid" from group "oslo_messaging_rabbit" is deprecated for removal. Its value may be silently ignored in the future.
2017-03-21 08:11:43.059 16231 INFO eventlet.wsgi.server [-] (16231) wsgi starting up on http://0.0.0.0:6385
2017-03-21 08:11:43.059 16238 INFO eventlet.wsgi.server [-] (16238) wsgi starting up on http://0.0.0.0:6385
2017-03-21 08:12:41.731 16238 INFO eventlet.wsgi.server [req-938aee12-b667-4b94-a617-d9bb4cba04db - - - - -] 127.0.0.1 "GET /v1/nodes HTTP/1.1" status: 200 len: 338 time: 0.1618471
2017-03-21 08:13:41.745 16233 INFO eventlet.wsgi.server [req-f0e67d18-0620-4686-b378-13fb412d0add - - - - -] 127.0.0.1 "GET /v1/nodes HTTP/1.1" status: 200 len: 338 time: 0.1987391
2017-03-21 08:14:41.750 16224 INFO eventlet.wsgi.server [req-0311d185-84f5-45d6-a1f1-0747dbdee038 - - - - -] 127.0.0.1 "GET /v1/nodes HTTP/1.1" status: 200 len: 338 time: 0.2055261
2017-03-21 08:15:41.582 16238 INFO eventlet.wsgi.server [req-4e7e5717-d293-4b60-b593-49664a60491e - - - - -] 127.0.0.1 "GET /v1/nodes HTTP/1.1" status: 200 len: 338 time: 0.0379281
2017-03-21 08:16:41.724 16226 INFO eventlet.wsgi.server [req-3f5b7976-7e33-45b4-a739-471d9fda78b5 - - - - -] 127.0.0.1 "GET /v1/nodes HTTP/1.1" status: 200 len: 338 time: 0.1889088
2017-03-21 08:17:41.580 16224 INFO eventlet.wsgi.server [req-6f227515-0f19-4d0e-b173-dcda16a0e956 - - - - -] 127.0.0.1 "GET /v1/nodes HTTP/1.1" status: 200 len: 338 time: 0.0361660
2017-03-21 08:18:41.746 16225 INFO eventlet.wsgi.server [req-39701809-0265-408a-af15-c885ddf1e2cd - - - - -] 127.0.0.1 "GET /v1/nodes HTTP/1.1" status: 200 len: 338 time: 0.1937919
2017-03-21 08:19:41.754 16234 INFO eventlet.wsgi.server [req-c7fe956a-3c36-4b6b-9796-bb085ac7f93a - - - - -] 127.0.0.1 "GET /v1/nodes HTTP/1.1" status: 200 len: 338 time: 0.2014711
2017-03-21 08:20:41.755 16237 INFO eventlet.wsgi.server [req-c14a4dda-7b2b-48a7-aa6a-a800d8bf0094 - - - - -] 127.0.0.1 "GET /v1/nodes HTTP/1.1" status: 200 len: 338 time: 0.2033689
2017-03-21 08:21:13.094 16237 INFO eventlet.wsgi.server [req-0e4593fc-8621-40d3-a714-1d110dad912d - - - - -] 127.0.0.1 "GET /v1/nodes/78544ab5-49df-5a83-acfa-2068ac465b21 HTTP/1.1" status: 404 len: 485 time: 0.0217581
2017-03-21 08:21:13.124 16237 WARNING oslo_config.cfg [req-653f9c30-fb83-4092-a1e1-4f230e3509e7 - - - - -] Option "rabbit_userid" from group "DEFAULT" is deprecated. Use option "rabbit_userid" from group "oslo_messaging_rabbit".
2017-03-21 08:21:13.124 16237 WARNING oslo_config.cfg [req-653f9c30-fb83-4092-a1e1-4f230e3509e7 - - - - -] Option "rabbit_userid" from group "oslo_messaging_rabbit" is deprecated for removal. Its value may be silently ignored in the future.
2017-03-21 08:21:13.125 16237 WARNING oslo_config.cfg [req-653f9c30-fb83-4092-a1e1-4f230e3509e7 - - - - -] Option "rabbit_password" from group "DEFAULT" is deprecated. Use option "rabbit_password" from group "oslo_messaging_rabbit".
2017-03-21 08:21:13.125 16237 WARNING oslo_config.cfg [req-653f9c30-fb83-4092-a1e1-4f230e3509e7 - - - - -] Option "rabbit_password" from group "oslo_messaging_rabbit" is deprecated for removal. Its value may be silently ignored in the future.
2017-03-21 08:21:13.219 16234 INFO eventlet.wsgi.server [req-de7f3a9a-132b-4fcb-bea2-349ea4d4ac3b - - - - -] 127.0.0.1 "GET /v1/nodes/f7647c75-31e7-5dc3-be4d-1011a681070a HTTP/1.1" status: 404 len: 485 time: 0.0135648
2017-03-21 08:21:13.227 16225 INFO eventlet.wsgi.server [req-9a536e76-88cf-461f-961b-3a0cdab360bc - - - - -] 127.0.0.1 "GET /v1/nodes/a960e3ed-9e08-51e2-a4b4-29ea8fee5576 HTTP/1.1" status: 404 len: 485 time: 0.0112572
2017-03-21 08:21:13.241 16234 WARNING oslo_config.cfg [req-d1de88a0-ad36-452d-a613-29ff6f6b0cf9 - - - - -] Option "rabbit_userid" from group "DEFAULT" is deprecated. Use option "rabbit_userid" from group "oslo_messaging_rabbit".
2017-03-21 08:21:13.242 16234 WARNING oslo_config.cfg [req-d1de88a0-ad36-452d-a613-29ff6f6b0cf9 - - - - -] Option "rabbit_userid" from group "oslo_messaging_rabbit" is deprecated for removal. Its value may be silently ignored in the future.
2017-03-21 08:21:13.242 16234 WARNING oslo_config.cfg [req-d1de88a0-ad36-452d-a613-29ff6f6b0cf9 - - - - -] Option "rabbit_password" from group "DEFAULT" is deprecated. Use option "rabbit_password" from group "oslo_messaging_rabbit".
2017-03-21 08:21:13.242 16234 WARNING oslo_config.cfg [req-d1de88a0-ad36-452d-a613-29ff6f6b0cf9 - - - - -] Option "rabbit_password" from group "oslo_messaging_rabbit" is deprecated for removal. Its value may be silently ignored in the future.
2017-03-21 08:21:13.243 16237 INFO eventlet.wsgi.server [req-653f9c30-fb83-4092-a1e1-4f230e3509e7 - - - - -] 127.0.0.1 "POST /v1/nodes HTTP/1.1" status: 201 len: 1763 time: 0.1447229
2017-03-21 08:21:13.244 16225 WARNING oslo_config.cfg [req-02605a26-478f-4b59-9bfd-1d4b8a8bfa38 - - - - -] Option "rabbit_userid" from group "DEFAULT" is deprecated. Use option "rabbit_userid" from group "oslo_messaging_rabbit".
2017-03-21 08:21:13.244 16225 WARNING oslo_config.cfg [req-02605a26-478f-4b59-9bfd-1d4b8a8bfa38 - - - - -] Option "rabbit_userid" from group "oslo_messaging_rabbit" is deprecated for removal. Its value may be silently ignored in the future.
2017-03-21 08:21:13.244 16225 WARNING oslo_config.cfg [req-02605a26-478f-4b59-9bfd-1d4b8a8bfa38 - - - - -] Option "rabbit_password" from group "DEFAULT" is deprecated. Use option "rabbit_password" from group "oslo_messaging_rabbit".
2017-03-21 08:21:13.244 16225 WARNING oslo_config.cfg [req-02605a26-478f-4b59-9bfd-1d4b8a8bfa38 - - - - -] Option "rabbit_password" from group "oslo_messaging_rabbit" is deprecated for removal. Its value may be silently ignored in the future.
2017-03-21 08:21:13.318 16237 INFO eventlet.wsgi.server [req-387254c0-8eb0-47fc-ad9d-d4db04ff8953 - - - - -] 127.0.0.1 "POST /v1/ports HTTP/1.1" status: 201 len: 829 time: 0.0714259
2017-03-21 08:21:13.347 16225 INFO eventlet.wsgi.server [req-02605a26-478f-4b59-9bfd-1d4b8a8bfa38 - - - - -] 127.0.0.1 "POST /v1/nodes HTTP/1.1" status: 201 len: 1766 time: 0.1176450
2017-03-21 08:21:13.356 16234 INFO eventlet.wsgi.server [req-d1de88a0-ad36-452d-a613-29ff6f6b0cf9 - - - - -] 127.0.0.1 "POST /v1/nodes HTTP/1.1" status: 201 len: 1762 time: 0.1342700
2017-03-21 08:21:13.413 16234 INFO eventlet.wsgi.server [req-f3ca84ad-0df4-4320-ba40-9b31c4b52591 - - - - -] 127.0.0.1 "POST /v1/ports HTTP/1.1" status: 201 len: 829 time: 0.0534651
2017-03-21 08:21:13.448 16225 INFO eventlet.wsgi.server [req-0cbf899b-e910-4788-8ba1-c00cb570415f - - - - -] 127.0.0.1 "POST /v1/ports HTTP/1.1" status: 201 len: 829 time: 0.0984960
2017-03-21 08:21:17.208 16225 INFO eventlet.wsgi.server [req-c5b9f421-e5d0-4d43-a8f8-ec74c2d3381e - - - - -] 127.0.0.1 "GET /v1/nodes/78544ab5-49df-5a83-acfa-2068ac465b21 HTTP/1.1" status: 200 len: 1679 time: 0.0308180
2017-03-21 08:21:17.235 16225 INFO eventlet.wsgi.server [req-58da0011-87d6-481c-95ea-ee476061487a - - - - -] 127.0.0.1 "GET /v1/nodes/78544ab5-49df-5a83-acfa-2068ac465b21 HTTP/1.1" status: 200 len: 1679 time: 0.0239031
2017-03-21 08:21:17.441 16225 INFO eventlet.wsgi.server [req-55cae3a1-e68e-4b19-8b68-74e8b57ac3b7 - - - - -] 127.0.0.1 "PUT /v1/nodes/78544ab5-49df-5a83-acfa-2068ac465b21/states/provision HTTP/1.1" status: 202 len: 383 time: 0.2039659
2017-03-21 08:21:17.461 16223 INFO eventlet.wsgi.server [req-8e1fe98f-5a84-4b4b-99d4-20025df7b87a - - - - -] 127.0.0.1 "GET /v1/nodes/a960e3ed-9e08-51e2-a4b4-29ea8fee5576 HTTP/1.1" status: 200 len: 1682 time: 0.1417801
2017-03-21 08:21:17.473 16225 INFO eventlet.wsgi.server [req-b8d369e9-f2ec-41c7-a98b-9f3e3fb319cd - - - - -] 127.0.0.1 "GET /v1/nodes/78544ab5-49df-5a83-acfa-2068ac465b21 HTTP/1.1" status: 200 len: 1726 time: 0.0276332
2017-03-21 08:21:17.478 16223 INFO eventlet.wsgi.server [req-4041a1f1-cfe1-4677-8b8b-92cfcd37965c - - - - -] 127.0.0.1 "GET /v1/nodes/a960e3ed-9e08-51e2-a4b4-29ea8fee5576 HTTP/1.1" status: 200 len: 1682 time: 0.0130658
2017-03-21 08:21:17.493 16228 INFO eventlet.wsgi.server [req-f5075d2b-c234-44c8-8c54-86098fc22a76 - - - - -] 127.0.0.1 "GET /v1/nodes/f7647c75-31e7-5dc3-be4d-1011a681070a HTTP/1.1" status: 200 len: 1678 time: 0.1716540
2017-03-21 08:21:17.500 16223 WARNING oslo_config.cfg [req-750d714b-67dd-4dbe-9c41-443063adccdd - - - - -] Option "rabbit_userid" from group "DEFAULT" is deprecated. Use option "rabbit_userid" from group "oslo_messaging_rabbit".
2017-03-21 08:21:17.500 16223 WARNING oslo_config.cfg [req-750d714b-67dd-4dbe-9c41-443063adccdd - - - - -] Option "rabbit_userid" from group "oslo_messaging_rabbit" is deprecated for removal. Its value may be silently ignored in the future.
2017-03-21 08:21:17.501 16223 WARNING oslo_config.cfg [req-750d714b-67dd-4dbe-9c41-443063adccdd - - - - -] Option "rabbit_password" from group "DEFAULT" is deprecated. Use option "rabbit_password" from group "oslo_messaging_rabbit".
2017-03-21 08:21:17.501 16223 WARNING oslo_config.cfg [req-750d714b-67dd-4dbe-9c41-443063adccdd - - - - -] Option "rabbit_password" from group "oslo_messaging_rabbit" is deprecated for removal. Its value may be silently ignored in the future.
2017-03-21 08:21:17.514 16228 INFO eventlet.wsgi.server [req-d8ddb57c-d574-46fa-ac85-803e4e06ad6c - - - - -] 127.0.0.1 "GET /v1/nodes/f7647c75-31e7-5dc3-be4d-1011a681070a HTTP/1.1" status: 200 len: 1678 time: 0.0165079
2017-03-21 08:21:17.541 16228 WARNING oslo_config.cfg [req-aa47a6e0-a46d-4bc1-a64b-b30e61cc544c - - - - -] Option "rabbit_userid" from group "DEFAULT" is deprecated. Use option "rabbit_userid" from group "oslo_messaging_rabbit".
2017-03-21 08:21:17.541 16228 WARNING oslo_config.cfg [req-aa47a6e0-a46d-4bc1-a64b-b30e61cc544c - - - - -] Option "rabbit_userid" from group "oslo_messaging_rabbit" is deprecated for removal. Its value may be silently ignored in the future.
2017-03-21 08:21:17.541 16228 WARNING oslo_config.cfg [req-aa47a6e0-a46d-4bc1-a64b-b30e61cc544c - - - - -] Option "rabbit_password" from group "DEFAULT" is deprecated. Use option "rabbit_password" from group "oslo_messaging_rabbit".
2017-03-21 08:21:17.542 16228 WARNING oslo_config.cfg [req-aa47a6e0-a46d-4bc1-a64b-b30e61cc544c - - - - -] Option "rabbit_password" from group "oslo_messaging_rabbit" is deprecated for removal. Its value may be silently ignored in the future.
2017-03-21 08:21:17.611 16225 INFO eventlet.wsgi.server [req-879356a8-a507-4451-8e1a-d51a8ad59097 - - - - -] 127.0.0.1 "PUT /v1/nodes/78544ab5-49df-5a83-acfa-2068ac465b21/states/provision HTTP/1.1" status: 202 len: 383 time: 0.1338320
2017-03-21 08:21:17.642 16225 INFO eventlet.wsgi.server [req-fb40c146-0787-4576-bebc-0b172ef989ef - - - - -] 127.0.0.1 "GET /v1/nodes/78544ab5-49df-5a83-acfa-2068ac465b21 HTTP/1.1" status: 200 len: 1757 time: 0.0280712
2017-03-21 08:21:17.648 16238 INFO eventlet.wsgi.server [req-82643103-b03d-4d06-95dd-99313282ae98 - - - - -] 127.0.0.1 "GET /v1/nodes/78544ab5-49df-5a83-acfa-2068ac465b21 HTTP/1.1" status: 200 len: 1776 time: 0.0196202
2017-03-21 08:21:17.670 16225 INFO eventlet.wsgi.server [req-7c0188a4-522f-464b-9b3d-d29ec2ba2fd0 - - - - -] 127.0.0.1 "GET /v1/nodes/78544ab5-49df-5a83-acfa-2068ac465b21 HTTP/1.1" status: 200 len: 1757 time: 0.0240059
2017-03-21 08:21:17.674 16238 WARNING oslo_config.cfg [req-89ab02e3-752f-40da-ab69-8171144fd766 - - - - -] Option "rabbit_userid" from group "DEFAULT" is deprecated. Use option "rabbit_userid" from group "oslo_messaging_rabbit".
2017-03-21 08:21:17.674 16238 WARNING oslo_config.cfg [req-89ab02e3-752f-40da-ab69-8171144fd766 - - - - -] Option "rabbit_userid" from group "oslo_messaging_rabbit" is deprecated for removal. Its value may be silently ignored in the future.
2017-03-21 08:21:17.674 16238 WARNING oslo_config.cfg [req-89ab02e3-752f-40da-ab69-8171144fd766 - - - - -] Option "rabbit_password" from group "DEFAULT" is deprecated. Use option "rabbit_password" from group "oslo_messaging_rabbit".
2017-03-21 08:21:17.675 16238 WARNING oslo_config.cfg [req-89ab02e3-752f-40da-ab69-8171144fd766 - - - - -] Option "rabbit_password" from group "oslo_messaging_rabbit" is deprecated for removal. Its value may be silently ignored in the future.
2017-03-21 08:21:17.726 16223 INFO eventlet.wsgi.server [req-750d714b-67dd-4dbe-9c41-443063adccdd - - - - -] 127.0.0.1 "PUT /v1/nodes/a960e3ed-9e08-51e2-a4b4-29ea8fee5576/states/provision HTTP/1.1" status: 202 len: 383 time: 0.2444551
2017-03-21 08:21:17.744 16228 INFO eventlet.wsgi.server [req-aa47a6e0-a46d-4bc1-a64b-b30e61cc544c - - - - -] 127.0.0.1 "PUT /v1/nodes/f7647c75-31e7-5dc3-be4d-1011a681070a/states/provision HTTP/1.1" status: 202 len: 383 time: 0.2262440
2017-03-21 08:21:17.745 16238 INFO eventlet.wsgi.server [req-89ab02e3-752f-40da-ab69-8171144fd766 - - - - -] 127.0.0.1 "GET /v1/nodes/78544ab5-49df-5a83-acfa-2068ac465b21/validate HTTP/1.1" status: 200 len: 1081 time: 0.0928781
2017-03-21 08:21:17.757 16223 INFO eventlet.wsgi.server [req-cd91ad50-90d2-4c23-b6fe-fdd0955a18f6 - - - - -] 127.0.0.1 "GET /v1/nodes/a960e3ed-9e08-51e2-a4b4-29ea8fee5576 HTTP/1.1" status: 200 len: 1729 time: 0.0273490
2017-03-21 08:21:17.780 16228 INFO eventlet.wsgi.server [req-9107d76c-5be4-46da-8549-766faf30f8b3 - - - - -] 127.0.0.1 "GET /v1/nodes/f7647c75-31e7-5dc3-be4d-1011a681070a HTTP/1.1" status: 200 len: 1725 time: 0.0323391
2017-03-21 08:21:17.860 16238 INFO eventlet.wsgi.server [req-5e2703e6-91dd-437c-8880-505da0f46d02 - - - - -] 127.0.0.1 "GET /v1/nodes/78544ab5-49df-5a83-acfa-2068ac465b21 HTTP/1.1" status: 200 len: 1776 time: 0.0270760
2017-03-21 08:21:17.901 16238 INFO eventlet.wsgi.server [req-2b34df9b-1395-4fae-bb99-b8989ca68cd2 - - - - -] 127.0.0.1 "GET /v1/nodes/78544ab5-49df-5a83-acfa-2068ac465b21/ports HTTP/1.1" status: 200 len: 623 time: 0.0350170
2017-03-21 08:21:17.917 16223 INFO eventlet.wsgi.server [req-a9551442-4f72-4273-b53f-3345af7781d8 - - - - -] 127.0.0.1 "PUT /v1/nodes/a960e3ed-9e08-51e2-a4b4-29ea8fee5576/states/provision HTTP/1.1" status: 202 len: 383 time: 0.1547010
2017-03-21 08:21:17.943 16228 INFO eventlet.wsgi.server [req-e25e964f-4e5e-437a-92dd-3e0ecc44eb6f - - - - -] 127.0.0.1 "PUT /v1/nodes/f7647c75-31e7-5dc3-be4d-1011a681070a/states/provision HTTP/1.1" status: 202 len: 383 time: 0.1588731
2017-03-21 08:21:17.952 16223 INFO eventlet.wsgi.server [req-b80bbe06-170c-4f4d-94a5-f4d047b04338 - - - - -] 127.0.0.1 "GET /v1/nodes/a960e3ed-9e08-51e2-a4b4-29ea8fee5576 HTTP/1.1" status: 200 len: 1760 time: 0.0317378
2017-03-21 08:21:17.976 16238 INFO eventlet.wsgi.server [req-55e2b656-5718-4124-aa54-a60940f31d9c - - - - -] 127.0.0.1 "GET /v1/nodes/a960e3ed-9e08-51e2-a4b4-29ea8fee5576 HTTP/1.1" status: 200 len: 1779 time: 0.0410230
2017-03-21 08:21:17.978 16228 INFO eventlet.wsgi.server [req-db6064c2-b415-4968-b10b-8c0f6a305627 - - - - -] 127.0.0.1 "GET /v1/nodes/f7647c75-31e7-5dc3-be4d-1011a681070a HTTP/1.1" status: 200 len: 1756 time: 0.0306520
2017-03-21 08:21:17.978 16223 INFO eventlet.wsgi.server [req-ae9f7007-1e8d-4366-8cc2-8cd8bcfa7578 - - - - -] 127.0.0.1 "GET /v1/nodes/a960e3ed-9e08-51e2-a4b4-29ea8fee5576 HTTP/1.1" status: 200 len: 1760 time: 0.0239580
2017-03-21 08:21:18.006 16228 INFO eventlet.wsgi.server [req-02881dd8-60be-4f4c-a0d9-1e8e40a9c12f - - - - -] 127.0.0.1 "GET /v1/nodes/f7647c75-31e7-5dc3-be4d-1011a681070a HTTP/1.1" status: 200 len: 1756 time: 0.0235510
2017-03-21 08:21:18.063 16238 INFO eventlet.wsgi.server [req-af8c3396-c10b-4820-9275-e2d2f8363131 - - - - -] 127.0.0.1 "GET /v1/nodes/a960e3ed-9e08-51e2-a4b4-29ea8fee5576/validate HTTP/1.1" status: 200 len: 1081 time: 0.0831501
2017-03-21 08:21:18.225 16238 INFO eventlet.wsgi.server [req-f70faf36-a672-497d-a40f-374dfb65ab85 - - - - -] 127.0.0.1 "GET /v1/nodes/a960e3ed-9e08-51e2-a4b4-29ea8fee5576 HTTP/1.1" status: 200 len: 1779 time: 0.0299990
2017-03-21 08:21:18.238 16233 INFO eventlet.wsgi.server [req-b5814423-7f96-4e2b-a63d-a068e3ecbe15 - - - - -] 127.0.0.1 "GET /v1/nodes/f7647c75-31e7-5dc3-be4d-1011a681070a HTTP/1.1" status: 200 len: 1775 time: 0.0319040
2017-03-21 08:21:18.271 16233 WARNING oslo_config.cfg [req-a80dd7b4-55a0-4eb8-b15d-fcba5e191cc2 - - - - -] Option "rabbit_userid" from group "DEFAULT" is deprecated. Use option "rabbit_userid" from group "oslo_messaging_rabbit".
2017-03-21 08:21:18.271 16233 WARNING oslo_config.cfg [req-a80dd7b4-55a0-4eb8-b15d-fcba5e191cc2 - - - - -] Option "rabbit_userid" from group "oslo_messaging_rabbit" is deprecated for removal. Its value may be silently ignored in the future.
2017-03-21 08:21:18.272 16233 WARNING oslo_config.cfg [req-a80dd7b4-55a0-4eb8-b15d-fcba5e191cc2 - - - - -] Option "rabbit_password" from group "DEFAULT" is deprecated. Use option "rabbit_password" from group "oslo_messaging_rabbit".
2017-03-21 08:21:18.272 16233 WARNING oslo_config.cfg [req-a80dd7b4-55a0-4eb8-b15d-fcba5e191cc2 - - - - -] Option "rabbit_password" from group "oslo_messaging_rabbit" is deprecated for removal. Its value may be silently ignored in the future.
2017-03-21 08:21:18.346 16233 INFO eventlet.wsgi.server [req-a80dd7b4-55a0-4eb8-b15d-fcba5e191cc2 - - - - -] 127.0.0.1 "GET /v1/nodes/f7647c75-31e7-5dc3-be4d-1011a681070a/validate HTTP/1.1" status: 200 len: 1081 time: 0.1042850
2017-03-21 08:21:18.454 16233 INFO eventlet.wsgi.server [req-ad849a83-6b4a-407e-bc52-a9e04a9ec7ee - - - - -] 127.0.0.1 "GET /v1/nodes/f7647c75-31e7-5dc3-be4d-1011a681070a HTTP/1.1" status: 200 len: 1775 time: 0.0277760
2017-03-21 08:21:19.709 16225 INFO eventlet.wsgi.server [req-be17f43e-59c5-4338-8e73-55325bb2c665 - - - - -] 127.0.0.1 "GET /v1/nodes/78544ab5-49df-5a83-acfa-2068ac465b21 HTTP/1.1" status: 200 len: 1777 time: 0.0323360
2017-03-21 08:21:20.011 16223 INFO eventlet.wsgi.server [req-3ee527af-2009-4a32-b608-6f11c2fb057f - - - - -] 127.0.0.1 "GET /v1/nodes/a960e3ed-9e08-51e2-a4b4-29ea8fee5576 HTTP/1.1" status: 200 len: 1760 time: 0.0271800
2017-03-21 08:21:20.039 16228 INFO eventlet.wsgi.server [req-87212ba5-44ec-4e48-aeeb-5dd299faec7b - - - - -] 127.0.0.1 "GET /v1/nodes/f7647c75-31e7-5dc3-be4d-1011a681070a HTTP/1.1" status: 200 len: 1756 time: 0.0273371
2017-03-21 08:21:21.748 16225 INFO eventlet.wsgi.server [req-97240e5e-a5c1-4084-bac1-882e5ffa52d7 - - - - -] 127.0.0.1 "GET /v1/nodes/78544ab5-49df-5a83-acfa-2068ac465b21 HTTP/1.1" status: 200 len: 1777 time: 0.0319490
2017-03-21 08:21:22.050 16223 INFO eventlet.wsgi.server [req-9422fb8b-4b84-49bb-a3cb-940f7f089ab4 - - - - -] 127.0.0.1 "GET /v1/nodes/a960e3ed-9e08-51e2-a4b4-29ea8fee5576 HTTP/1.1" status: 200 len: 1760 time: 0.0313730
2017-03-21 08:21:22.063 16228 INFO eventlet.wsgi.server [req-4cc16dae-3cdd-482c-a2ca-992fb405bfc3 - - - - -] 127.0.0.1 "GET /v1/nodes/f7647c75-31e7-5dc3-be4d-1011a681070a HTTP/1.1" status: 200 len: 1756 time: 0.0169039
2017-03-21 08:21:22.911 16238 INFO eventlet.wsgi.server [req-916cfc6c-e622-4141-b1c5-2f2613d80770 - - - - -] 127.0.0.1 "GET /v1/nodes/a960e3ed-9e08-51e2-a4b4-29ea8fee5576/ports HTTP/1.1" status: 200 len: 623 time: 0.0424740
2017-03-21 08:21:23.521 16238 INFO eventlet.wsgi.server [req-5716c8f8-9f96-4d52-8d1b-727c0da17b13 - - - - -] 127.0.0.1 "PUT /v1/nodes/78544ab5-49df-5a83-acfa-2068ac465b21/management/boot_device HTTP/1.1" status: 204 len: 300 time: 5.5704160
2017-03-21 08:21:23.685 16238 INFO eventlet.wsgi.server [req-ce2a437e-2884-4c5b-ad0c-e02da9b781c9 - - - - -] 127.0.0.1 "PUT /v1/nodes/78544ab5-49df-5a83-acfa-2068ac465b21/states/power HTTP/1.1" status: 202 len: 384 time: 0.1603060
2017-03-21 08:21:23.787 16225 INFO eventlet.wsgi.server [req-ca2254dd-dd92-43a1-a5ec-8937763919b7 - - - - -] 127.0.0.1 "GET /v1/nodes/78544ab5-49df-5a83-acfa-2068ac465b21 HTTP/1.1" status: 200 len: 1783 time: 0.0306711
2017-03-21 08:21:24.088 16228 INFO eventlet.wsgi.server [req-9f11a0ba-da10-46d1-b921-650f59af2db9 - - - - -] 127.0.0.1 "GET /v1/nodes/f7647c75-31e7-5dc3-be4d-1011a681070a HTTP/1.1" status: 200 len: 1756 time: 0.0176761
2017-03-21 08:21:24.090 16223 INFO eventlet.wsgi.server [req-bf071ca6-6030-4b20-90a6-b502a5b1a3b8 - - - - -] 127.0.0.1 "GET /v1/nodes/a960e3ed-9e08-51e2-a4b4-29ea8fee5576 HTTP/1.1" status: 200 len: 1780 time: 0.0324271
2017-03-21 08:21:25.821 16225 INFO eventlet.wsgi.server [req-9005ccf2-705a-4098-8f45-be8bf4519ea1 - - - - -] 127.0.0.1 "GET /v1/nodes/78544ab5-49df-5a83-acfa-2068ac465b21 HTTP/1.1" status: 200 len: 1783 time: 0.0272510
2017-03-21 08:21:26.124 16228 INFO eventlet.wsgi.server [req-6ed0a6c6-5ded-4b1f-9b58-c40486f9b095 - - - - -] 127.0.0.1 "GET /v1/nodes/f7647c75-31e7-5dc3-be4d-1011a681070a HTTP/1.1" status: 200 len: 1756 time: 0.0296311
2017-03-21 08:21:26.126 16223 INFO eventlet.wsgi.server [req-43136329-f6d2-4f7f-8325-5389a9877006 - - - - -] 127.0.0.1 "GET /v1/nodes/a960e3ed-9e08-51e2-a4b4-29ea8fee5576 HTTP/1.1" status: 200 len: 1780 time: 0.0297670
2017-03-21 08:21:27.857 16225 INFO eventlet.wsgi.server [req-5a42761c-f0eb-46e1-b48a-d77ab2bac27c - - - - -] 127.0.0.1 "GET /v1/nodes/78544ab5-49df-5a83-acfa-2068ac465b21 HTTP/1.1" status: 200 len: 1783 time: 0.0296171
2017-03-21 08:21:27.911 16233 INFO eventlet.wsgi.server [req-69a51e8f-3d32-4db2-969e-8d05cfc1e56d - - - - -] 127.0.0.1 "GET /v1/nodes/f7647c75-31e7-5dc3-be4d-1011a681070a/ports HTTP/1.1" status: 200 len: 623 time: 0.0440459
2017-03-21 08:21:28.159 16228 INFO eventlet.wsgi.server [req-0090c26d-5611-4408-af25-fd9a4df86743 - - - - -] 127.0.0.1 "GET /v1/nodes/f7647c75-31e7-5dc3-be4d-1011a681070a HTTP/1.1" status: 200 len: 1776 time: 0.0279860
2017-03-21 08:21:28.160 16223 INFO eventlet.wsgi.server [req-f7a769cc-5c7c-4f62-a3af-84c5406e1cbc - - - - -] 127.0.0.1 "GET /v1/nodes/a960e3ed-9e08-51e2-a4b4-29ea8fee5576 HTTP/1.1" status: 200 len: 1780 time: 0.0279920
2017-03-21 08:21:28.311 16238 INFO eventlet.wsgi.server [req-2f805009-112a-456a-806b-08c5557ed3c8 - - - - -] 127.0.0.1 "PUT /v1/nodes/a960e3ed-9e08-51e2-a4b4-29ea8fee5576/management/boot_device HTTP/1.1" status: 204 len: 300 time: 5.3477988
2017-03-21 08:21:28.459 16238 INFO eventlet.wsgi.server [req-474d0985-de84-4f19-8e08-ce54f35486e2 - - - - -] 127.0.0.1 "PUT /v1/nodes/a960e3ed-9e08-51e2-a4b4-29ea8fee5576/states/power HTTP/1.1" status: 202 len: 384 time: 0.1446581
2017-03-21 08:21:29.894 16225 INFO eventlet.wsgi.server [req-a0c5feca-28ab-4453-bc34-d7f0f7d1f1b0 - - - - -] 127.0.0.1 "GET /v1/nodes/78544ab5-49df-5a83-acfa-2068ac465b21 HTTP/1.1" status: 200 len: 1783 time: 0.0302370
2017-03-21 08:21:30.185 16228 INFO eventlet.wsgi.server [req-602390df-57fe-4729-98c9-2ba50d4ecb43 - - - - -] 127.0.0.1 "GET /v1/nodes/f7647c75-31e7-5dc3-be4d-1011a681070a HTTP/1.1" status: 200 len: 1776 time: 0.0200920
2017-03-21 08:21:30.195 16223 INFO eventlet.wsgi.server [req-70acab9e-dcfa-465c-9784-436f8f479c35 - - - - -] 127.0.0.1 "GET /v1/nodes/a960e3ed-9e08-51e2-a4b4-29ea8fee5576 HTTP/1.1" status: 200 len: 1786 time: 0.0282848
2017-03-21 08:21:31.928 16225 INFO eventlet.wsgi.server [req-5811764d-dd9b-4c09-9877-b02164162103 - - - - -] 127.0.0.1 "GET /v1/nodes/78544ab5-49df-5a83-acfa-2068ac465b21 HTTP/1.1" status: 200 len: 1783 time: 0.0288689
2017-03-21 08:21:32.222 16228 INFO eventlet.wsgi.server [req-b5a79192-7dc9-41f8-a77d-ea4d106eb393 - - - - -] 127.0.0.1 "GET /v1/nodes/f7647c75-31e7-5dc3-be4d-1011a681070a HTTP/1.1" status: 200 len: 1776 time: 0.0301812
2017-03-21 08:21:32.229 16223 INFO eventlet.wsgi.server [req-0c57c474-5661-4170-ba33-ffae4778cfda - - - - -] 127.0.0.1 "GET /v1/nodes/a960e3ed-9e08-51e2-a4b4-29ea8fee5576 HTTP/1.1" status: 200 len: 1786 time: 0.0284171
2017-03-21 08:21:33.956 16233 INFO eventlet.wsgi.server [req-6bba679d-f242-4ec0-bd45-3c71b5a7fdac - - - - -] 127.0.0.1 "PUT /v1/nodes/f7647c75-31e7-5dc3-be4d-1011a681070a/management/boot_device HTTP/1.1" status: 204 len: 300 time: 5.9939940
2017-03-21 08:21:33.963 16225 INFO eventlet.wsgi.server [req-06a1b505-38b5-4ef5-ab06-0d070633f6b6 - - - - -] 127.0.0.1 "GET /v1/nodes/78544ab5-49df-5a83-acfa-2068ac465b21 HTTP/1.1" status: 200 len: 1783 time: 0.0303869
2017-03-21 08:21:34.196 16233 INFO eventlet.wsgi.server [req-ccca1213-8099-4015-87b0-e0b05ade639e - - - - -] 127.0.0.1 "PUT /v1/nodes/f7647c75-31e7-5dc3-be4d-1011a681070a/states/power HTTP/1.1" status: 202 len: 384 time: 0.2370231
2017-03-21 08:21:34.256 16228 INFO eventlet.wsgi.server [req-1eb432b1-cc44-401b-85aa-1d2b74a7359a - - - - -] 127.0.0.1 "GET /v1/nodes/f7647c75-31e7-5dc3-be4d-1011a681070a HTTP/1.1" status: 200 len: 1782 time: 0.0289929
2017-03-21 08:21:34.264 16223 INFO eventlet.wsgi.server [req-a9330c64-96b1-4761-ae3e-b27b324246c3 - - - - -] 127.0.0.1 "GET /v1/nodes/a960e3ed-9e08-51e2-a4b4-29ea8fee5576 HTTP/1.1" status: 200 len: 1786 time: 0.0281088
2017-03-21 08:21:35.995 16225 INFO eventlet.wsgi.server [req-20be34e7-3f56-4c2a-a3cd-2335637568db - - - - -] 127.0.0.1 "GET /v1/nodes/78544ab5-49df-5a83-acfa-2068ac465b21 HTTP/1.1" status: 200 len: 1783 time: 0.0276110
2017-03-21 08:21:36.289 16228 INFO eventlet.wsgi.server [req-b1059262-d1b1-44fa-9f01-7f868e5c8c96 - - - - -] 127.0.0.1 "GET /v1/nodes/f7647c75-31e7-5dc3-be4d-1011a681070a HTTP/1.1" status: 200 len: 1782 time: 0.0280600
2017-03-21 08:21:36.300 16223 INFO eventlet.wsgi.server [req-768c9734-210b-4779-8421-f25a8c22bd8e - - - - -] 127.0.0.1 "GET /v1/nodes/a960e3ed-9e08-51e2-a4b4-29ea8fee5576 HTTP/1.1" status: 200 len: 1786 time: 0.0293379
2017-03-21 08:21:38.030 16225 INFO eventlet.wsgi.server [req-2269fc6e-aaab-4148-a65a-14729923f4ed - - - - -] 127.0.0.1 "GET /v1/nodes/78544ab5-49df-5a83-acfa-2068ac465b21 HTTP/1.1" status: 200 len: 1783 time: 0.0293219
2017-03-21 08:21:38.321 16228 INFO eventlet.wsgi.server [req-b8d45fb6-c097-49fb-9f6a-ca169ea4bb47 - - - - -] 127.0.0.1 "GET /v1/nodes/f7647c75-31e7-5dc3-be4d-1011a681070a HTTP/1.1" status: 200 len: 1782 time: 0.0280349
2017-03-21 08:21:38.335 16223 INFO eventlet.wsgi.server [req-39a308ad-55bf-43b6-9a7e-43c323918061 - - - - -] 127.0.0.1 "GET /v1/nodes/a960e3ed-9e08-51e2-a4b4-29ea8fee5576 HTTP/1.1" status: 200 len: 1786 time: 0.0299211
2017-03-21 08:21:40.064 16225 INFO eventlet.wsgi.server [req-cae86094-a66b-46d3-b9c1-97ef835e2a06 - - - - -] 127.0.0.1 "GET /v1/nodes/78544ab5-49df-5a83-acfa-2068ac465b21 HTTP/1.1" status: 200 len: 1783 time: 0.0297019
2017-03-21 08:21:40.355 16228 INFO eventlet.wsgi.server [req-912a1ee9-9a83-4d3e-9aed-de1e7f96b693 - - - - -] 127.0.0.1 "GET /v1/nodes/f7647c75-31e7-5dc3-be4d-1011a681070a HTTP/1.1" status: 200 len: 1782 time: 0.0290132
2017-03-21 08:21:40.370 16223 INFO eventlet.wsgi.server [req-b2bb23f3-9e86-4cca-a811-1e179dea351f - - - - -] 127.0.0.1 "GET /v1/nodes/a960e3ed-9e08-51e2-a4b4-29ea8fee5576 HTTP/1.1" status: 200 len: 1786 time: 0.0291288
2017-03-21 08:21:41.580 16233 INFO eventlet.wsgi.server [req-903f7377-e065-470d-9a49-7d392e7f9972 - - - - -] 127.0.0.1 "GET /v1/nodes HTTP/1.1" status: 200 len: 1495 time: 0.0312221
2017-03-21 08:21:42.089 16225 INFO eventlet.wsgi.server [req-7a536209-8efb-432a-ba32-99821eb40d7f - - - - -] 127.0.0.1 "GET /v1/nodes/78544ab5-49df-5a83-acfa-2068ac465b21 HTTP/1.1" status: 200 len: 1783 time: 0.0209348
2017-03-21 08:21:42.392 16228 INFO eventlet.wsgi.server [req-d633ec35-efd0-490a-a5f5-d2d4d399b481 - - - - -] 127.0.0.1 "GET /v1/nodes/f7647c75-31e7-5dc3-be4d-1011a681070a HTTP/1.1" status: 200 len: 1782 time: 0.0321920
2017-03-21 08:21:42.408 16223 INFO eventlet.wsgi.server [req-8489a16a-06bf-4dc5-8c2d-13dc84040753 - - - - -] 127.0.0.1 "GET /v1/nodes/a960e3ed-9e08-51e2-a4b4-29ea8fee5576 HTTP/1.1" status: 200 len: 1786 time: 0.0333121
2017-03-21 08:21:44.112 16225 INFO eventlet.wsgi.server [req-8cb8a724-d5a7-4cc8-97f6-4812f073da81 - - - - -] 127.0.0.1 "GET /v1/nodes/78544ab5-49df-5a83-acfa-2068ac465b21 HTTP/1.1" status: 200 len: 1783 time: 0.0185001
2017-03-21 08:21:44.430 16228 INFO eventlet.wsgi.server [req-26ab4067-aa38-4987-9639-f7f3bb72411a - - - - -] 127.0.0.1 "GET /v1/nodes/f7647c75-31e7-5dc3-be4d-1011a681070a HTTP/1.1" status: 200 len: 1782 time: 0.0319030
2017-03-21 08:21:44.445 16223 INFO eventlet.wsgi.server [req-71fc8c7e-d1c2-4f70-8d46-f909c0e96124 - - - - -] 127.0.0.1 "GET /v1/nodes/a960e3ed-9e08-51e2-a4b4-29ea8fee5576 HTTP/1.1" status: 200 len: 1786 time: 0.0313978
2017-03-21 08:21:46.146 16225 INFO eventlet.wsgi.server [req-8f1bdada-f639-433d-9491-185c905d99b2 - - - - -] 127.0.0.1 "GET /v1/nodes/78544ab5-49df-5a83-acfa-2068ac465b21 HTTP/1.1" status: 200 len: 1783 time: 0.0291691
2017-03-21 08:21:46.448 16228 INFO eventlet.wsgi.server [req-598f939b-88a0-4454-b748-e6b63df080b1 - - - - -] 127.0.0.1 "GET /v1/nodes/f7647c75-31e7-5dc3-be4d-1011a681070a HTTP/1.1" status: 200 len: 1782 time: 0.0162921
2017-03-21 08:21:46.481 16223 INFO eventlet.wsgi.server [req-a77d04de-efff-466b-9a64-dd42f3f38724 - - - - -] 127.0.0.1 "GET /v1/nodes/a960e3ed-9e08-51e2-a4b4-29ea8fee5576 HTTP/1.1" status: 200 len: 1786 time: 0.0306981
2017-03-21 08:21:48.175 16225 INFO eventlet.wsgi.server [req-46a62197-ff1e-4418-b41e-772858c0704d - - - - -] 127.0.0.1 "GET /v1/nodes/78544ab5-49df-5a83-acfa-2068ac465b21 HTTP/1.1" status: 200 len: 1783 time: 0.0235209
2017-03-21 08:21:48.485 16228 INFO eventlet.wsgi.server [req-f7364d67-4e46-4fa0-b745-1fa88f277eac - - - - -] 127.0.0.1 "GET /v1/nodes/f7647c75-31e7-5dc3-be4d-1011a681070a HTTP/1.1" status: 200 len: 1782 time: 0.0312390
2017-03-21 08:21:48.517 16223 INFO eventlet.wsgi.server [req-00f0c64f-ef87-4c69-8996-a38f28bf56c3 - - - - -] 127.0.0.1 "GET /v1/nodes/a960e3ed-9e08-51e2-a4b4-29ea8fee5576 HTTP/1.1" status: 200 len: 1786 time: 0.0300560
2017-03-21 08:21:50.212 16225 INFO eventlet.wsgi.server [req-126b476d-e448-44ec-b60a-b89af9b4a8a1 - - - - -] 127.0.0.1 "GET /v1/nodes/78544ab5-49df-5a83-acfa-2068ac465b21 HTTP/1.1" status: 200 len: 1783 time: 0.0319679
2017-03-21 08:21:50.519 16228 INFO eventlet.wsgi.server [req-6c97c3c7-f3c7-4e03-83f5-9a46f635ec43 - - - - -] 127.0.0.1 "GET /v1/nodes/f7647c75-31e7-5dc3-be4d-1011a681070a HTTP/1.1" status: 200 len: 1782 time: 0.0288391
2017-03-21 08:21:50.552 16223 INFO eventlet.wsgi.server [req-34a7f1f8-f229-437f-bd1b-6b2b73b346e6 - - - - -] 127.0.0.1 "GET /v1/nodes/a960e3ed-9e08-51e2-a4b4-29ea8fee5576 HTTP/1.1" status: 200 len: 1786 time: 0.0300579
2017-03-21 08:21:52.248 16225 INFO eventlet.wsgi.server [req-bbd696b7-11bb-4d0a-aa94-f67bda737503 - - - - -] 127.0.0.1 "GET /v1/nodes/78544ab5-49df-5a83-acfa-2068ac465b21 HTTP/1.1" status: 200 len: 1763 time: 0.0303040
2017-03-21 08:21:52.556 16228 INFO eventlet.wsgi.server [req-c72bc0ce-22fc-409a-a4e0-a3b8344a74ff - - - - -] 127.0.0.1 "GET /v1/nodes/f7647c75-31e7-5dc3-be4d-1011a681070a HTTP/1.1" status: 200 len: 1782 time: 0.0315199
2017-03-21 08:21:52.586 16223 INFO eventlet.wsgi.server [req-87d7e6ba-b3de-4986-937c-ffef6bc027cd - - - - -] 127.0.0.1 "GET /v1/nodes/a960e3ed-9e08-51e2-a4b4-29ea8fee5576 HTTP/1.1" status: 200 len: 1786 time: 0.0305531
2017-03-21 08:21:54.266 16225 INFO eventlet.wsgi.server [req-9b374fba-81d5-4fcf-bb0e-e1074d6896e4 - - - - -] 127.0.0.1 "GET /v1/nodes/78544ab5-49df-5a83-acfa-2068ac465b21 HTTP/1.1" status: 200 len: 1763 time: 0.0146010
2017-03-21 08:21:54.592 16228 INFO eventlet.wsgi.server [req-795cee55-322c-44c2-b868-88cd1d57b2c9 - - - - -] 127.0.0.1 "GET /v1/nodes/f7647c75-31e7-5dc3-be4d-1011a681070a HTTP/1.1" status: 200 len: 1782 time: 0.0308032
2017-03-21 08:21:54.621 16223 INFO eventlet.wsgi.server [req-23d18891-31a2-4a01-9625-f5bb56ed0384 - - - - -] 127.0.0.1 "GET /v1/nodes/a960e3ed-9e08-51e2-a4b4-29ea8fee5576 HTTP/1.1" status: 200 len: 1786 time: 0.0302451
2017-03-21 08:21:56.301 16225 INFO eventlet.wsgi.server [req-c46e032a-7712-4299-b8e1-6a663451444b - - - - -] 127.0.0.1 "GET /v1/nodes/78544ab5-49df-5a83-acfa-2068ac465b21 HTTP/1.1" status: 200 len: 1763 time: 0.0301080
2017-03-21 08:21:56.614 16228 INFO eventlet.wsgi.server [req-f1505938-f13b-4899-bc29-21313a3c88d0 - - - - -] 127.0.0.1 "GET /v1/nodes/f7647c75-31e7-5dc3-be4d-1011a681070a HTTP/1.1" status: 200 len: 1782 time: 0.0183160
2017-03-21 08:21:56.655 16223 INFO eventlet.wsgi.server [req-73c064e6-58fb-4aef-8e3b-53333ab96c73 - - - - -] 127.0.0.1 "GET /v1/nodes/a960e3ed-9e08-51e2-a4b4-29ea8fee5576 HTTP/1.1" status: 200 len: 1766 time: 0.0289171
2017-03-21 08:21:58.336 16225 INFO eventlet.wsgi.server [req-1544f9ac-06ad-41fd-a1f5-545cfa354c49 - - - - -] 127.0.0.1 "GET /v1/nodes/78544ab5-49df-5a83-acfa-2068ac465b21 HTTP/1.1" status: 200 len: 1763 time: 0.0298250
2017-03-21 08:21:58.648 16228 INFO eventlet.wsgi.server [req-a1e1cc80-70d1-468c-8f4e-ab79a143be6e - - - - -] 127.0.0.1 "GET /v1/nodes/f7647c75-31e7-5dc3-be4d-1011a681070a HTTP/1.1" status: 200 len: 1782 time: 0.0294678
2017-03-21 08:21:58.689 16223 INFO eventlet.wsgi.server [req-0270befe-4744-4a1b-a847-24d7cfd7fded - - - - -] 127.0.0.1 "GET /v1/nodes/a960e3ed-9e08-51e2-a4b4-29ea8fee5576 HTTP/1.1" status: 200 len: 1766 time: 0.0294280
2017-03-21 08:22:00.371 16225 INFO eventlet.wsgi.server [req-fd43ce25-22c5-47bb-a3e7-714b1e5b184d - - - - -] 127.0.0.1 "GET /v1/nodes/78544ab5-49df-5a83-acfa-2068ac465b21 HTTP/1.1" status: 200 len: 1763 time: 0.0298870
2017-03-21 08:22:00.672 16228 INFO eventlet.wsgi.server [req-13dd1556-7f9e-400d-908f-964affd3ce97 - - - - -] 127.0.0.1 "GET /v1/nodes/f7647c75-31e7-5dc3-be4d-1011a681070a HTTP/1.1" status: 200 len: 1762 time: 0.0200479
2017-03-21 08:22:00.723 16223 INFO eventlet.wsgi.server [req-30c37571-7228-42ef-9c0e-c1bf448ae3df - - - - -] 127.0.0.1 "GET /v1/nodes/a960e3ed-9e08-51e2-a4b4-29ea8fee5576 HTTP/1.1" status: 200 len: 1766 time: 0.0294061
2017-03-21 08:22:02.407 16225 INFO eventlet.wsgi.server [req-d7846c0a-c79a-4d34-9bfd-15acd1e4cbe0 - - - - -] 127.0.0.1 "GET /v1/nodes/78544ab5-49df-5a83-acfa-2068ac465b21 HTTP/1.1" status: 200 len: 1763 time: 0.0310490
2017-03-21 08:22:02.699 16228 INFO eventlet.wsgi.server [req-213c7854-09c7-4fef-a41f-ca1883042cb4 - - - - -] 127.0.0.1 "GET /v1/nodes/f7647c75-31e7-5dc3-be4d-1011a681070a HTTP/1.1" status: 200 len: 1762 time: 0.0231462
2017-03-21 08:22:02.753 16223 INFO eventlet.wsgi.server [req-6f0a544b-ba9d-4d4a-974e-3c370cd093cd - - - - -] 127.0.0.1 "GET /v1/nodes/a960e3ed-9e08-51e2-a4b4-29ea8fee5576 HTTP/1.1" status: 200 len: 1766 time: 0.0253000
2017-03-21 08:22:04.444 16225 INFO eventlet.wsgi.server [req-ff34f320-2eb2-4ead-b8a0-fecdfa1ca31d - - - - -] 127.0.0.1 "GET /v1/nodes/78544ab5-49df-5a83-acfa-2068ac465b21 HTTP/1.1" status: 200 len: 1763 time: 0.0327518
2017-03-21 08:22:04.735 16228 INFO eventlet.wsgi.server [req-146ddf81-fb0f-4059-a181-f93692c3680c - - - - -] 127.0.0.1 "GET /v1/nodes/f7647c75-31e7-5dc3-be4d-1011a681070a HTTP/1.1" status: 200 len: 1762 time: 0.0303929
2017-03-21 08:22:04.786 16223 INFO eventlet.wsgi.server [req-31afea7b-b69b-4b2c-8f16-c73cd5325090 - - - - -] 127.0.0.1 "GET /v1/nodes/a960e3ed-9e08-51e2-a4b4-29ea8fee5576 HTTP/1.1" status: 200 len: 1766 time: 0.0289509
2017-03-21 08:22:06.482 16225 INFO eventlet.wsgi.server [req-abeb364b-e6d7-435b-b4b3-bcb07de7d07f - - - - -] 127.0.0.1 "GET /v1/nodes/78544ab5-49df-5a83-acfa-2068ac465b21 HTTP/1.1" status: 200 len: 1763 time: 0.0330560
2017-03-21 08:22:06.770 16228 INFO eventlet.wsgi.server [req-32582d4c-d860-4d6e-bb8c-b539d4747df5 - - - - -] 127.0.0.1 "GET /v1/nodes/f7647c75-31e7-5dc3-be4d-1011a681070a HTTP/1.1" status: 200 len: 1762 time: 0.0304971
2017-03-21 08:22:06.820 16223 INFO eventlet.wsgi.server [req-c88ff9f4-4983-4493-ba82-71112181c4d3 - - - - -] 127.0.0.1 "GET /v1/nodes/a960e3ed-9e08-51e2-a4b4-29ea8fee5576 HTTP/1.1" status: 200 len: 1766 time: 0.0290520
2017-03-21 08:22:08.516 16225 INFO eventlet.wsgi.server [req-0e816719-3842-446f-8b57-8a9269c187f9 - - - - -] 127.0.0.1 "GET /v1/nodes/78544ab5-49df-5a83-acfa-2068ac465b21 HTTP/1.1" status: 200 len: 1763 time: 0.0285649
2017-03-21 08:22:08.805 16228 INFO eventlet.wsgi.server [req-a3f0e331-8bd6-4be5-a63b-6fed90b6d324 - - - - -] 127.0.0.1 "GET /v1/nodes/f7647c75-31e7-5dc3-be4d-1011a681070a HTTP/1.1" status: 200 len: 1762 time: 0.0299289
2017-03-21 08:22:08.852 16223 INFO eventlet.wsgi.server [req-e5fae2ff-65ff-4ccf-9970-e3f11a834aae - - - - -] 127.0.0.1 "GET /v1/nodes/a960e3ed-9e08-51e2-a4b4-29ea8fee5576 HTTP/1.1" status: 200 len: 1766 time: 0.0269361
2017-03-21 08:22:10.551 16225 INFO eventlet.wsgi.server [req-e094c98f-a85d-46e8-a6df-34efcd5776b9 - - - - -] 127.0.0.1 "GET /v1/nodes/78544ab5-49df-5a83-acfa-2068ac465b21 HTTP/1.1" status: 200 len: 1763 time: 0.0304310
2017-03-21 08:22:10.840 16228 INFO eventlet.wsgi.server [req-38323734-5c47-4de6-abc2-1ceb3e750f87 - - - - -] 127.0.0.1 "GET /v1/nodes/f7647c75-31e7-5dc3-be4d-1011a681070a HTTP/1.1" status: 200 len: 1762 time: 0.0298860
2017-03-21 08:22:10.885 16223 INFO eventlet.wsgi.server [req-9ce3803b-4337-45b7-956f-cccda937125e - - - - -] 127.0.0.1 "GET /v1/nodes/a960e3ed-9e08-51e2-a4b4-29ea8fee5576 HTTP/1.1" status: 200 len: 1766 time: 0.0280800
2017-03-21 08:22:12.585 16225 INFO eventlet.wsgi.server [req-67217f4f-cea3-41ee-823a-3681ec18a01b - - - - -] 127.0.0.1 "GET /v1/nodes/78544ab5-49df-5a83-acfa-2068ac465b21 HTTP/1.1" status: 200 len: 1763 time: 0.0295360
2017-03-21 08:22:12.874 16228 INFO eventlet.wsgi.server [req-55a80081-a938-488d-b69e-2712e1155e70 - - - - -] 127.0.0.1 "GET /v1/nodes/f7647c75-31e7-5dc3-be4d-1011a681070a HTTP/1.1" status: 200 len: 1762 time: 0.0291240
2017-03-21 08:22:12.918 16223 INFO eventlet.wsgi.server [req-9cf4da1a-e431-4833-9017-1890bf280614 - - - - -] 127.0.0.1 "GET /v1/nodes/a960e3ed-9e08-51e2-a4b4-29ea8fee5576 HTTP/1.1" status: 200 len: 1766 time: 0.0285702
2017-03-21 08:22:14.622 16225 INFO eventlet.wsgi.server [req-cb06734c-c2cb-4a11-afb0-a01b8555f2e4 - - - - -] 127.0.0.1 "GET /v1/nodes/78544ab5-49df-5a83-acfa-2068ac465b21 HTTP/1.1" status: 200 len: 1763 time: 0.0320570
2017-03-21 08:22:14.910 16228 INFO eventlet.wsgi.server [req-1a721b94-067b-49d6-8ad5-1fd029e831db - - - - -] 127.0.0.1 "GET /v1/nodes/f7647c75-31e7-5dc3-be4d-1011a681070a HTTP/1.1" status: 200 len: 1762 time: 0.0303969
2017-03-21 08:22:14.954 16223 INFO eventlet.wsgi.server [req-8b5bbbe9-f06d-4894-ad31-4491ac66bb09 - - - - -] 127.0.0.1 "GET /v1/nodes/a960e3ed-9e08-51e2-a4b4-29ea8fee5576 HTTP/1.1" status: 200 len: 1766 time: 0.0307200
2017-03-21 08:22:15.824 16233 INFO eventlet.wsgi.server [req-afe391c4-f178-45dc-b90d-6a3a8078bf91 - - - - -] 127.0.0.1 "GET /v1/nodes/78544ab5-49df-5a83-acfa-2068ac465b21 HTTP/1.1" status: 200 len: 1782 time: 0.0169249
2017-03-21 08:22:15.928 16233 INFO eventlet.wsgi.server [req-3fb27d79-629e-4bd3-9c0e-a050189a1669 - - - - -] 127.0.0.1 "GET /v1/nodes/78544ab5-49df-5a83-acfa-2068ac465b21/ports HTTP/1.1" status: 200 len: 623 time: 0.0365150
