2017-03-21 07:59:19.760 25068 INFO eventlet.wsgi.server [req-af91c356-2704-40fa-88d6-4838952ac95a - - - - -] 127.0.0.1 "GET /v1/nodes/f7647c75-31e7-5dc3-be4d-1011a681070a HTTP/1.1" status: 200 len: 1725 time: 0.0170159
2017-03-21 07:59:19.865 25068 INFO eventlet.wsgi.server [req-da256db5-76af-485a-a532-5e15389ad010 - - - - -] 127.0.0.1 "PUT /v1/nodes/78544ab5-49df-5a83-acfa-2068ac465b21/states/provision HTTP/1.1" status: 202 len: 383 time: 0.2257800
2017-03-21 07:59:19.890 25068 INFO eventlet.wsgi.server [req-560f00fb-8802-46cf-823d-5ad2d2a566ac - - - - -] 127.0.0.1 "GET /v1/nodes/78544ab5-49df-5a83-acfa-2068ac465b21 HTTP/1.1" status: 200 len: 1726 time: 0.0208039
2017-03-21 07:59:19.891 25075 INFO eventlet.wsgi.server [req-4ce0a681-5dfd-47c9-8c8a-faf455db7e1e - - - - -] 127.0.0.1 "PUT /v1/nodes/a960e3ed-9e08-51e2-a4b4-29ea8fee5576/states/provision HTTP/1.1" status: 202 len: 383 time: 0.2759578
2017-03-21 07:59:19.917 25068 INFO eventlet.wsgi.server [req-75f1b18a-59a9-47b4-bf35-4c0c09f8ece7 - - - - -] 127.0.0.1 "PUT /v1/nodes/f7647c75-31e7-5dc3-be4d-1011a681070a/states/provision HTTP/1.1" status: 202 len: 383 time: 0.1529679
2017-03-21 07:59:19.922 25075 INFO eventlet.wsgi.server [req-029c38e2-65d7-46b4-87e9-63b16e4490d9 - - - - -] 127.0.0.1 "GET /v1/nodes/a960e3ed-9e08-51e2-a4b4-29ea8fee5576 HTTP/1.1" status: 200 len: 1729 time: 0.0284441
2017-03-21 07:59:19.956 25068 INFO eventlet.wsgi.server [req-e390f639-4c6e-4d83-8ebc-b77e44868a5b - - - - -] 127.0.0.1 "GET /v1/nodes/f7647c75-31e7-5dc3-be4d-1011a681070a HTTP/1.1" status: 200 len: 1756 time: 0.0351410
2017-03-21 07:59:19.970 25077 INFO eventlet.wsgi.server [req-37b5e523-3add-4f14-9e12-be9275f57d4d - - - - -] 127.0.0.1 "GET /v1/nodes/f7647c75-31e7-5dc3-be4d-1011a681070a HTTP/1.1" status: 200 len: 1775 time: 0.0345180
2017-03-21 07:59:19.979 25068 INFO eventlet.wsgi.server [req-20913907-4f6a-4da7-b882-1fe885c4814a - - - - -] 127.0.0.1 "GET /v1/nodes/f7647c75-31e7-5dc3-be4d-1011a681070a HTTP/1.1" status: 200 len: 1756 time: 0.0194700
2017-03-21 07:59:20.004 25077 WARNING oslo_config.cfg [req-98281cb1-4078-42bf-a61f-f57a592b2ded - - - - -] Option "rabbit_userid" from group "DEFAULT" is deprecated. Use option "rabbit_userid" from group "oslo_messaging_rabbit".
2017-03-21 07:59:20.004 25077 WARNING oslo_config.cfg [req-98281cb1-4078-42bf-a61f-f57a592b2ded - - - - -] Option "rabbit_userid" from group "oslo_messaging_rabbit" is deprecated for removal. Its value may be silently ignored in the future.
2017-03-21 07:59:20.004 25077 WARNING oslo_config.cfg [req-98281cb1-4078-42bf-a61f-f57a592b2ded - - - - -] Option "rabbit_password" from group "DEFAULT" is deprecated. Use option "rabbit_password" from group "oslo_messaging_rabbit".
2017-03-21 07:59:20.005 25077 WARNING oslo_config.cfg [req-98281cb1-4078-42bf-a61f-f57a592b2ded - - - - -] Option "rabbit_password" from group "oslo_messaging_rabbit" is deprecated for removal. Its value may be silently ignored in the future.
2017-03-21 07:59:20.096 25077 INFO eventlet.wsgi.server [req-98281cb1-4078-42bf-a61f-f57a592b2ded - - - - -] 127.0.0.1 "GET /v1/nodes/f7647c75-31e7-5dc3-be4d-1011a681070a/validate HTTP/1.1" status: 200 len: 1081 time: 0.1213679
2017-03-21 07:59:20.099 25068 INFO eventlet.wsgi.server [req-35e603a7-e751-4d01-8309-5d40f2cca053 - - - - -] 127.0.0.1 "PUT /v1/nodes/78544ab5-49df-5a83-acfa-2068ac465b21/states/provision HTTP/1.1" status: 202 len: 383 time: 0.2057371
2017-03-21 07:59:20.126 25075 INFO eventlet.wsgi.server [req-6269b4cb-f625-47db-b254-962e5e8047c8 - - - - -] 127.0.0.1 "PUT /v1/nodes/a960e3ed-9e08-51e2-a4b4-29ea8fee5576/states/provision HTTP/1.1" status: 202 len: 383 time: 0.2008581
2017-03-21 07:59:20.132 25068 INFO eventlet.wsgi.server [req-a0fea2d5-4281-4aaf-b0a5-f12290a6d6c8 - - - - -] 127.0.0.1 "GET /v1/nodes/78544ab5-49df-5a83-acfa-2068ac465b21 HTTP/1.1" status: 200 len: 1757 time: 0.0295560
2017-03-21 07:59:20.157 25068 INFO eventlet.wsgi.server [req-5c823019-05e0-40d0-b8a5-4e9caba24822 - - - - -] 127.0.0.1 "GET /v1/nodes/78544ab5-49df-5a83-acfa-2068ac465b21 HTTP/1.1" status: 200 len: 1757 time: 0.0211132
2017-03-21 07:59:20.159 25075 INFO eventlet.wsgi.server [req-a990e163-2858-4a28-89d6-a97544499886 - - - - -] 127.0.0.1 "GET /v1/nodes/a960e3ed-9e08-51e2-a4b4-29ea8fee5576 HTTP/1.1" status: 200 len: 1760 time: 0.0296140
2017-03-21 07:59:20.184 25075 INFO eventlet.wsgi.server [req-04379be1-88ff-4a73-beb6-d933ad1eb0ca - - - - -] 127.0.0.1 "GET /v1/nodes/a960e3ed-9e08-51e2-a4b4-29ea8fee5576 HTTP/1.1" status: 200 len: 1760 time: 0.0224361
2017-03-21 07:59:20.245 25077 INFO eventlet.wsgi.server [req-d290a1fb-6cb8-4ff8-9bf1-1ee16cfec35c - - - - -] 127.0.0.1 "GET /v1/nodes/f7647c75-31e7-5dc3-be4d-1011a681070a HTTP/1.1" status: 200 len: 1782 time: 0.0294561
2017-03-21 07:59:20.261 25081 INFO eventlet.wsgi.server [req-ecc1fad4-61fc-45dd-9180-9ccdb026bebc - - - - -] 127.0.0.1 "GET /v1/nodes/78544ab5-49df-5a83-acfa-2068ac465b21 HTTP/1.1" status: 200 len: 1776 time: 0.0292082
2017-03-21 07:59:20.286 25077 INFO eventlet.wsgi.server [req-97632f0d-bd64-4329-b50e-ca29665734e3 - - - - -] 127.0.0.1 "GET /v1/nodes/f7647c75-31e7-5dc3-be4d-1011a681070a/ports HTTP/1.1" status: 200 len: 623 time: 0.0355859
2017-03-21 07:59:20.324 25081 INFO eventlet.wsgi.server [req-d1d5926e-8c47-4282-8b72-7908232f4e09 - - - - -] 127.0.0.1 "GET /v1/nodes/78544ab5-49df-5a83-acfa-2068ac465b21/validate HTTP/1.1" status: 200 len: 1081 time: 0.0594361
2017-03-21 07:59:20.803 25081 INFO eventlet.wsgi.server [req-4ce651d7-7df6-4788-bc2f-8bc088b9fd59 - - - - -] 127.0.0.1 "GET /v1/nodes/78544ab5-49df-5a83-acfa-2068ac465b21 HTTP/1.1" status: 200 len: 1776 time: 0.0296731
2017-03-21 07:59:20.993 25069 INFO eventlet.wsgi.server [req-f3a405a9-d47a-48d1-885e-d30b43dd40d9 - - - - -] 127.0.0.1 "GET /v1/nodes/a960e3ed-9e08-51e2-a4b4-29ea8fee5576 HTTP/1.1" status: 200 len: 1779 time: 0.2164299
2017-03-21 07:59:21.023 25069 WARNING oslo_config.cfg [req-ac135656-dcdb-4e2e-abff-c6de89848ecc - - - - -] Option "rabbit_userid" from group "DEFAULT" is deprecated. Use option "rabbit_userid" from group "oslo_messaging_rabbit".
2017-03-21 07:59:21.024 25069 WARNING oslo_config.cfg [req-ac135656-dcdb-4e2e-abff-c6de89848ecc - - - - -] Option "rabbit_userid" from group "oslo_messaging_rabbit" is deprecated for removal. Its value may be silently ignored in the future.
2017-03-21 07:59:21.024 25069 WARNING oslo_config.cfg [req-ac135656-dcdb-4e2e-abff-c6de89848ecc - - - - -] Option "rabbit_password" from group "DEFAULT" is deprecated. Use option "rabbit_password" from group "oslo_messaging_rabbit".
2017-03-21 07:59:21.024 25069 WARNING oslo_config.cfg [req-ac135656-dcdb-4e2e-abff-c6de89848ecc - - - - -] Option "rabbit_password" from group "oslo_messaging_rabbit" is deprecated for removal. Its value may be silently ignored in the future.
2017-03-21 07:59:21.092 25069 INFO eventlet.wsgi.server [req-ac135656-dcdb-4e2e-abff-c6de89848ecc - - - - -] 127.0.0.1 "GET /v1/nodes/a960e3ed-9e08-51e2-a4b4-29ea8fee5576/validate HTTP/1.1" status: 200 len: 1081 time: 0.0938551
2017-03-21 07:59:21.211 25069 INFO eventlet.wsgi.server [req-d9b3b4f0-3df2-46fd-80a9-dda4920170c6 - - - - -] 127.0.0.1 "GET /v1/nodes/a960e3ed-9e08-51e2-a4b4-29ea8fee5576 HTTP/1.1" status: 200 len: 1779 time: 0.0282378
2017-03-21 07:59:22.013 25068 INFO eventlet.wsgi.server [req-3f512580-7813-4a78-87f7-478b8f082d64 - - - - -] 127.0.0.1 "GET /v1/nodes/f7647c75-31e7-5dc3-be4d-1011a681070a HTTP/1.1" status: 200 len: 1783 time: 0.0287230
2017-03-21 07:59:22.193 25068 INFO eventlet.wsgi.server [req-f65e7385-ebe6-4b89-8d84-8dc659869c8d - - - - -] 127.0.0.1 "GET /v1/nodes/78544ab5-49df-5a83-acfa-2068ac465b21 HTTP/1.1" status: 200 len: 1757 time: 0.0299950
2017-03-21 07:59:22.218 25075 INFO eventlet.wsgi.server [req-3bc7e5e5-2592-49b5-8b99-de26e7c448ce - - - - -] 127.0.0.1 "GET /v1/nodes/a960e3ed-9e08-51e2-a4b4-29ea8fee5576 HTTP/1.1" status: 200 len: 1760 time: 0.0280421
2017-03-21 07:59:24.048 25068 INFO eventlet.wsgi.server [req-fcbfe22f-ccdc-4c5f-86c8-de94d2daf82b - - - - -] 127.0.0.1 "GET /v1/nodes/f7647c75-31e7-5dc3-be4d-1011a681070a HTTP/1.1" status: 200 len: 1783 time: 0.0287921
2017-03-21 07:59:24.228 25068 INFO eventlet.wsgi.server [req-a1bf9b2d-dfe3-4017-8809-1b8627757b70 - - - - -] 127.0.0.1 "GET /v1/nodes/78544ab5-49df-5a83-acfa-2068ac465b21 HTTP/1.1" status: 200 len: 1757 time: 0.0281589
2017-03-21 07:59:24.249 25075 INFO eventlet.wsgi.server [req-481a2d58-1f2b-45f4-a220-70a95c7e238c - - - - -] 127.0.0.1 "GET /v1/nodes/a960e3ed-9e08-51e2-a4b4-29ea8fee5576 HTTP/1.1" status: 200 len: 1760 time: 0.0251591
2017-03-21 07:59:25.278 25081 INFO eventlet.wsgi.server [req-d29045fc-f84a-447b-8a89-64288266da60 - - - - -] 127.0.0.1 "GET /v1/nodes/78544ab5-49df-5a83-acfa-2068ac465b21/ports HTTP/1.1" status: 200 len: 623 time: 0.0269680
2017-03-21 07:59:26.083 25068 INFO eventlet.wsgi.server [req-bb183ad0-51f8-424d-8a6d-ed4ba6afded5 - - - - -] 127.0.0.1 "GET /v1/nodes/f7647c75-31e7-5dc3-be4d-1011a681070a HTTP/1.1" status: 200 len: 1783 time: 0.0290561
2017-03-21 07:59:26.261 25068 INFO eventlet.wsgi.server [req-9f882d8a-cc58-4541-8090-4d8f9a36c2ef - - - - -] 127.0.0.1 "GET /v1/nodes/78544ab5-49df-5a83-acfa-2068ac465b21 HTTP/1.1" status: 200 len: 1757 time: 0.0268471
2017-03-21 07:59:26.285 25075 INFO eventlet.wsgi.server [req-0c4fff1e-7861-447c-b8e6-8a6ed26d9e94 - - - - -] 127.0.0.1 "GET /v1/nodes/a960e3ed-9e08-51e2-a4b4-29ea8fee5576 HTTP/1.1" status: 200 len: 1760 time: 0.0289302
2017-03-21 07:59:28.120 25068 INFO eventlet.wsgi.server [req-6f41f4e8-d264-498a-8c11-d55904241991 - - - - -] 127.0.0.1 "GET /v1/nodes/f7647c75-31e7-5dc3-be4d-1011a681070a HTTP/1.1" status: 200 len: 1783 time: 0.0293579
2017-03-21 07:59:28.295 25068 INFO eventlet.wsgi.server [req-d019e8a6-2388-42f5-b007-0a0a72a39b40 - - - - -] 127.0.0.1 "GET /v1/nodes/78544ab5-49df-5a83-acfa-2068ac465b21 HTTP/1.1" status: 200 len: 1777 time: 0.0278590
2017-03-21 07:59:28.314 25075 INFO eventlet.wsgi.server [req-08cbaf71-6096-40a8-a47e-f94948ca5211 - - - - -] 127.0.0.1 "GET /v1/nodes/a960e3ed-9e08-51e2-a4b4-29ea8fee5576 HTTP/1.1" status: 200 len: 1760 time: 0.0232339
2017-03-21 07:59:30.154 25068 INFO eventlet.wsgi.server [req-aa8db50f-e5bc-48de-9057-d3aaf156f3d5 - - - - -] 127.0.0.1 "GET /v1/nodes/f7647c75-31e7-5dc3-be4d-1011a681070a HTTP/1.1" status: 200 len: 1783 time: 0.0271630
2017-03-21 07:59:30.293 25069 INFO eventlet.wsgi.server [req-358bee6e-8f81-429f-99d7-f505e98fccd3 - - - - -] 127.0.0.1 "GET /v1/nodes/a960e3ed-9e08-51e2-a4b4-29ea8fee5576/ports HTTP/1.1" status: 200 len: 623 time: 0.0408750
2017-03-21 07:59:30.329 25068 INFO eventlet.wsgi.server [req-43db0f97-fbee-4cef-afda-c9403a963650 - - - - -] 127.0.0.1 "GET /v1/nodes/78544ab5-49df-5a83-acfa-2068ac465b21 HTTP/1.1" status: 200 len: 1777 time: 0.0268421
2017-03-21 07:59:30.350 25075 INFO eventlet.wsgi.server [req-0bd8aa10-1f42-4443-9e40-250a01fd5007 - - - - -] 127.0.0.1 "GET /v1/nodes/a960e3ed-9e08-51e2-a4b4-29ea8fee5576 HTTP/1.1" status: 200 len: 1760 time: 0.0281520
2017-03-21 07:59:32.190 25068 INFO eventlet.wsgi.server [req-a20fd6a3-bc2c-409f-97f5-b5c5dd108759 - - - - -] 127.0.0.1 "GET /v1/nodes/f7647c75-31e7-5dc3-be4d-1011a681070a HTTP/1.1" status: 200 len: 1763 time: 0.0296168
2017-03-21 07:59:32.364 25068 INFO eventlet.wsgi.server [req-a2c13ad3-7ea5-45ca-935c-6b1509b69970 - - - - -] 127.0.0.1 "GET /v1/nodes/78544ab5-49df-5a83-acfa-2068ac465b21 HTTP/1.1" status: 200 len: 1784 time: 0.0285969
2017-03-21 07:59:32.386 25075 INFO eventlet.wsgi.server [req-e676cf52-f3d8-4549-9fac-48c6e1e27433 - - - - -] 127.0.0.1 "GET /v1/nodes/a960e3ed-9e08-51e2-a4b4-29ea8fee5576 HTTP/1.1" status: 200 len: 1780 time: 0.0294409
2017-03-21 07:59:32.952 25077 INFO eventlet.wsgi.server [req-5feb1e62-01b4-45b5-a79e-1f3e49da1a0e - - - - -] 127.0.0.1 "PUT /v1/nodes/f7647c75-31e7-5dc3-be4d-1011a681070a/management/boot_device HTTP/1.1" status: 204 len: 300 time: 12.5818250
2017-03-21 07:59:33.617 25077 INFO eventlet.wsgi.server [req-375db1c4-7a1a-4517-bf61-5c9344caa646 - - - - -] 127.0.0.1 "PUT /v1/nodes/f7647c75-31e7-5dc3-be4d-1011a681070a/states/power HTTP/1.1" status: 202 len: 384 time: 0.6613860
2017-03-21 07:59:34.225 25068 INFO eventlet.wsgi.server [req-744e3c66-2fb2-43fb-ab24-9d237efb0f3b - - - - -] 127.0.0.1 "GET /v1/nodes/f7647c75-31e7-5dc3-be4d-1011a681070a HTTP/1.1" status: 200 len: 1789 time: 0.0275528
2017-03-21 07:59:34.399 25068 INFO eventlet.wsgi.server [req-77864863-2bb6-434f-844a-b865e5b19125 - - - - -] 127.0.0.1 "GET /v1/nodes/78544ab5-49df-5a83-acfa-2068ac465b21 HTTP/1.1" status: 200 len: 1784 time: 0.0303991
2017-03-21 07:59:34.421 25075 INFO eventlet.wsgi.server [req-c5a8bcd4-495c-4224-ab42-813bff070b82 - - - - -] 127.0.0.1 "GET /v1/nodes/a960e3ed-9e08-51e2-a4b4-29ea8fee5576 HTTP/1.1" status: 200 len: 1780 time: 0.0281088
2017-03-21 07:59:36.260 25068 INFO eventlet.wsgi.server [req-91731c16-4721-4028-8ad7-c378c9509189 - - - - -] 127.0.0.1 "GET /v1/nodes/f7647c75-31e7-5dc3-be4d-1011a681070a HTTP/1.1" status: 200 len: 1789 time: 0.0287390
2017-03-21 07:59:36.432 25068 INFO eventlet.wsgi.server [req-cadc3d50-6b62-436d-8504-22daa0b42503 - - - - -] 127.0.0.1 "GET /v1/nodes/78544ab5-49df-5a83-acfa-2068ac465b21 HTTP/1.1" status: 200 len: 1784 time: 0.0284500
2017-03-21 07:59:36.458 25075 INFO eventlet.wsgi.server [req-ddcb61f9-9334-43e2-a611-29d9c5ed4a70 - - - - -] 127.0.0.1 "GET /v1/nodes/a960e3ed-9e08-51e2-a4b4-29ea8fee5576 HTTP/1.1" status: 200 len: 1780 time: 0.0311971
2017-03-21 07:59:37.700 25069 INFO eventlet.wsgi.server [req-20512820-88ce-41c7-b863-7900ab0a8dc9 - - - - -] 127.0.0.1 "PUT /v1/nodes/a960e3ed-9e08-51e2-a4b4-29ea8fee5576/management/boot_device HTTP/1.1" status: 204 len: 300 time: 6.6647432
2017-03-21 07:59:38.295 25068 INFO eventlet.wsgi.server [req-d45dd997-b9f9-4e84-bfdc-7d8e7107ee9f - - - - -] 127.0.0.1 "GET /v1/nodes/f7647c75-31e7-5dc3-be4d-1011a681070a HTTP/1.1" status: 200 len: 1789 time: 0.0282409
2017-03-21 07:59:38.470 25068 INFO eventlet.wsgi.server [req-f23a0e62-0ec9-4bb2-9df1-285333227e8a - - - - -] 127.0.0.1 "GET /v1/nodes/78544ab5-49df-5a83-acfa-2068ac465b21 HTTP/1.1" status: 200 len: 1784 time: 0.0346060
2017-03-21 07:59:38.489 25075 INFO eventlet.wsgi.server [req-f5bcdbe5-2262-402f-adc4-ce263822bc1a - - - - -] 127.0.0.1 "GET /v1/nodes/a960e3ed-9e08-51e2-a4b4-29ea8fee5576 HTTP/1.1" status: 200 len: 1786 time: 0.0258300
2017-03-21 07:59:38.951 25069 INFO eventlet.wsgi.server [req-7cfb7550-43b1-48e0-b377-9cbffc800c13 - - - - -] 127.0.0.1 "PUT /v1/nodes/a960e3ed-9e08-51e2-a4b4-29ea8fee5576/states/power HTTP/1.1" status: 202 len: 384 time: 1.2469862
2017-03-21 07:59:40.331 25068 INFO eventlet.wsgi.server [req-60d21b59-4264-45b3-8a30-82cf90d049c1 - - - - -] 127.0.0.1 "GET /v1/nodes/f7647c75-31e7-5dc3-be4d-1011a681070a HTTP/1.1" status: 200 len: 1789 time: 0.0311680
2017-03-21 07:59:40.521 25068 INFO eventlet.wsgi.server [req-085a5456-ce2e-4f30-a398-60f9b628eda3 - - - - -] 127.0.0.1 "GET /v1/nodes/78544ab5-49df-5a83-acfa-2068ac465b21 HTTP/1.1" status: 200 len: 1784 time: 0.0446460
2017-03-21 07:59:40.533 25075 INFO eventlet.wsgi.server [req-4acbb45b-b780-4fec-bf22-f10abdc78f1a - - - - -] 127.0.0.1 "GET /v1/nodes/a960e3ed-9e08-51e2-a4b4-29ea8fee5576 HTTP/1.1" status: 200 len: 1786 time: 0.0373039
2017-03-21 07:59:42.251 25081 INFO eventlet.wsgi.server [req-97cd0ee7-febf-4079-8e03-b7bb00c3cb78 - - - - -] 127.0.0.1 "PUT /v1/nodes/78544ab5-49df-5a83-acfa-2068ac465b21/management/boot_device HTTP/1.1" status: 204 len: 300 time: 11.4599159
2017-03-21 07:59:42.368 25068 INFO eventlet.wsgi.server [req-3361dee6-c23b-4bc0-9ea9-c4dc665b2f67 - - - - -] 127.0.0.1 "GET /v1/nodes/f7647c75-31e7-5dc3-be4d-1011a681070a HTTP/1.1" status: 200 len: 1789 time: 0.0303860
2017-03-21 07:59:42.400 25081 INFO eventlet.wsgi.server [req-d4e4cf4a-e1ae-465e-a938-d6a5da2398a3 - - - - -] 127.0.0.1 "PUT /v1/nodes/78544ab5-49df-5a83-acfa-2068ac465b21/states/power HTTP/1.1" status: 202 len: 384 time: 0.1463671
2017-03-21 07:59:42.555 25068 INFO eventlet.wsgi.server [req-448f9518-df66-4f2d-829c-8cd0516f6bb4 - - - - -] 127.0.0.1 "GET /v1/nodes/78544ab5-49df-5a83-acfa-2068ac465b21 HTTP/1.1" status: 200 len: 1790 time: 0.0272062
2017-03-21 07:59:42.570 25075 INFO eventlet.wsgi.server [req-baa40f72-c0ef-45e6-996c-1c7ad02dd1bb - - - - -] 127.0.0.1 "GET /v1/nodes/a960e3ed-9e08-51e2-a4b4-29ea8fee5576 HTTP/1.1" status: 200 len: 1786 time: 0.0299032
2017-03-21 07:59:44.404 25068 INFO eventlet.wsgi.server [req-0b9a1246-5647-447c-be51-98dd6645e20c - - - - -] 127.0.0.1 "GET /v1/nodes/f7647c75-31e7-5dc3-be4d-1011a681070a HTTP/1.1" status: 200 len: 1789 time: 0.0297401
2017-03-21 07:59:44.591 25068 INFO eventlet.wsgi.server [req-af7a0dd9-32df-4307-b340-d6d5dfe573ec - - - - -] 127.0.0.1 "GET /v1/nodes/78544ab5-49df-5a83-acfa-2068ac465b21 HTTP/1.1" status: 200 len: 1790 time: 0.0293541
2017-03-21 07:59:44.607 25075 INFO eventlet.wsgi.server [req-a3ca773b-5d99-4c37-90c1-b6057dfecdee - - - - -] 127.0.0.1 "GET /v1/nodes/a960e3ed-9e08-51e2-a4b4-29ea8fee5576 HTTP/1.1" status: 200 len: 1786 time: 0.0319641
2017-03-21 07:59:46.440 25068 INFO eventlet.wsgi.server [req-f610ea37-c375-45a6-b19f-4966db71dbe6 - - - - -] 127.0.0.1 "GET /v1/nodes/f7647c75-31e7-5dc3-be4d-1011a681070a HTTP/1.1" status: 200 len: 1789 time: 0.0294089
2017-03-21 07:59:46.623 25068 INFO eventlet.wsgi.server [req-3ab855aa-db33-40fc-bc58-834c7f0798d1 - - - - -] 127.0.0.1 "GET /v1/nodes/78544ab5-49df-5a83-acfa-2068ac465b21 HTTP/1.1" status: 200 len: 1790 time: 0.0276840
2017-03-21 07:59:46.640 25075 INFO eventlet.wsgi.server [req-a3f41a55-b4bd-4ca9-8392-92c0e8840713 - - - - -] 127.0.0.1 "GET /v1/nodes/a960e3ed-9e08-51e2-a4b4-29ea8fee5576 HTTP/1.1" status: 200 len: 1786 time: 0.0285652
2017-03-21 07:59:48.480 25068 INFO eventlet.wsgi.server [req-229fb33f-9bd1-456c-8928-3ce68f0179b0 - - - - -] 127.0.0.1 "GET /v1/nodes/f7647c75-31e7-5dc3-be4d-1011a681070a HTTP/1.1" status: 200 len: 1789 time: 0.0325701
2017-03-21 07:59:48.656 25068 INFO eventlet.wsgi.server [req-b39767c4-b256-428b-9f78-b256ab95bff5 - - - - -] 127.0.0.1 "GET /v1/nodes/78544ab5-49df-5a83-acfa-2068ac465b21 HTTP/1.1" status: 200 len: 1790 time: 0.0286469
2017-03-21 07:59:48.674 25075 INFO eventlet.wsgi.server [req-78f16830-f03b-4946-983a-82c1dadd3e66 - - - - -] 127.0.0.1 "GET /v1/nodes/a960e3ed-9e08-51e2-a4b4-29ea8fee5576 HTTP/1.1" status: 200 len: 1786 time: 0.0294821
2017-03-21 07:59:50.513 25068 INFO eventlet.wsgi.server [req-68db2e24-59bc-4dfb-b7ee-97f7b181f790 - - - - -] 127.0.0.1 "GET /v1/nodes/f7647c75-31e7-5dc3-be4d-1011a681070a HTTP/1.1" status: 200 len: 1789 time: 0.0287910
2017-03-21 07:59:50.689 25068 INFO eventlet.wsgi.server [req-756cd8bc-07b6-49f1-a052-4c3deb2b3be1 - - - - -] 127.0.0.1 "GET /v1/nodes/78544ab5-49df-5a83-acfa-2068ac465b21 HTTP/1.1" status: 200 len: 1790 time: 0.0282569
2017-03-21 07:59:50.709 25075 INFO eventlet.wsgi.server [req-7af6503c-cf73-4e27-a9ad-a16f4d54ae2f - - - - -] 127.0.0.1 "GET /v1/nodes/a960e3ed-9e08-51e2-a4b4-29ea8fee5576 HTTP/1.1" status: 200 len: 1786 time: 0.0299470
2017-03-21 07:59:52.548 25068 INFO eventlet.wsgi.server [req-6e5c7250-75c6-478f-8e9e-5c3cec4a6fec - - - - -] 127.0.0.1 "GET /v1/nodes/f7647c75-31e7-5dc3-be4d-1011a681070a HTTP/1.1" status: 200 len: 1789 time: 0.0300272
2017-03-21 07:59:52.723 25068 INFO eventlet.wsgi.server [req-62068467-71ce-4be4-a3f2-550b57f4a2a7 - - - - -] 127.0.0.1 "GET /v1/nodes/78544ab5-49df-5a83-acfa-2068ac465b21 HTTP/1.1" status: 200 len: 1790 time: 0.0313449
2017-03-21 07:59:52.746 25075 INFO eventlet.wsgi.server [req-339c4682-e87f-4f36-b080-66bb3cd2ac1f - - - - -] 127.0.0.1 "GET /v1/nodes/a960e3ed-9e08-51e2-a4b4-29ea8fee5576 HTTP/1.1" status: 200 len: 1786 time: 0.0330760
2017-03-21 07:59:54.585 25068 INFO eventlet.wsgi.server [req-9cb82405-1090-4b0b-a868-4d8e01d1bdfd - - - - -] 127.0.0.1 "GET /v1/nodes/f7647c75-31e7-5dc3-be4d-1011a681070a HTTP/1.1" status: 200 len: 1789 time: 0.0302379
2017-03-21 07:59:54.758 25068 INFO eventlet.wsgi.server [req-2751787f-863f-46e6-af4c-d065836afcae - - - - -] 127.0.0.1 "GET /v1/nodes/78544ab5-49df-5a83-acfa-2068ac465b21 HTTP/1.1" status: 200 len: 1790 time: 0.0288999
2017-03-21 07:59:54.782 25075 INFO eventlet.wsgi.server [req-b324247e-a1f4-4372-9f82-ff658c150581 - - - - -] 127.0.0.1 "GET /v1/nodes/a960e3ed-9e08-51e2-a4b4-29ea8fee5576 HTTP/1.1" status: 200 len: 1786 time: 0.0303419
2017-03-21 07:59:56.626 25068 INFO eventlet.wsgi.server [req-8fc484d0-6846-43eb-962b-5fa48094f0b4 - - - - -] 127.0.0.1 "GET /v1/nodes/f7647c75-31e7-5dc3-be4d-1011a681070a HTTP/1.1" status: 200 len: 1789 time: 0.0354590
2017-03-21 07:59:56.794 25068 INFO eventlet.wsgi.server [req-709afc4c-5c94-44d4-8f8f-0fd3bd14fcf1 - - - - -] 127.0.0.1 "GET /v1/nodes/78544ab5-49df-5a83-acfa-2068ac465b21 HTTP/1.1" status: 200 len: 1790 time: 0.0299759
2017-03-21 07:59:56.820 25075 INFO eventlet.wsgi.server [req-199c2626-4079-40e8-9352-5b59ba7c3df4 - - - - -] 127.0.0.1 "GET /v1/nodes/a960e3ed-9e08-51e2-a4b4-29ea8fee5576 HTTP/1.1" status: 200 len: 1786 time: 0.0305049
2017-03-21 07:59:58.661 25068 INFO eventlet.wsgi.server [req-607a2548-6266-4376-be07-fd26bd44e796 - - - - -] 127.0.0.1 "GET /v1/nodes/f7647c75-31e7-5dc3-be4d-1011a681070a HTTP/1.1" status: 200 len: 1762 time: 0.0301831
2017-03-21 07:59:58.829 25068 INFO eventlet.wsgi.server [req-70137ed0-ed9e-4b6c-a43d-0b791ee9505f - - - - -] 127.0.0.1 "GET /v1/nodes/78544ab5-49df-5a83-acfa-2068ac465b21 HTTP/1.1" status: 200 len: 1790 time: 0.0303221
2017-03-21 07:59:58.855 25075 INFO eventlet.wsgi.server [req-ef7548a0-809e-443f-a945-363a03a8a4e8 - - - - -] 127.0.0.1 "GET /v1/nodes/a960e3ed-9e08-51e2-a4b4-29ea8fee5576 HTTP/1.1" status: 200 len: 1786 time: 0.0299010
2017-03-21 08:00:00.696 25068 INFO eventlet.wsgi.server [req-ae6e4fbf-33b4-4814-8434-e62c1658457d - - - - -] 127.0.0.1 "GET /v1/nodes/f7647c75-31e7-5dc3-be4d-1011a681070a HTTP/1.1" status: 200 len: 1762 time: 0.0297019
2017-03-21 08:00:00.859 25068 INFO eventlet.wsgi.server [req-acace0f2-2051-4f20-ba3c-58d0da8ea9d8 - - - - -] 127.0.0.1 "GET /v1/nodes/78544ab5-49df-5a83-acfa-2068ac465b21 HTTP/1.1" status: 200 len: 1790 time: 0.0248461
2017-03-21 08:00:00.890 25075 INFO eventlet.wsgi.server [req-985c756e-586c-4ac2-9a4d-57156d48ecff - - - - -] 127.0.0.1 "GET /v1/nodes/a960e3ed-9e08-51e2-a4b4-29ea8fee5576 HTTP/1.1" status: 200 len: 1786 time: 0.0300832
2017-03-21 08:00:02.732 25068 INFO eventlet.wsgi.server [req-8ae461cf-3378-4bab-820d-2b610ac019df - - - - -] 127.0.0.1 "GET /v1/nodes/f7647c75-31e7-5dc3-be4d-1011a681070a HTTP/1.1" status: 200 len: 1762 time: 0.0313320
2017-03-21 08:00:02.893 25068 INFO eventlet.wsgi.server [req-ec3e294a-fd40-475c-9f3f-007f83f66b22 - - - - -] 127.0.0.1 "GET /v1/nodes/78544ab5-49df-5a83-acfa-2068ac465b21 HTTP/1.1" status: 200 len: 1790 time: 0.0294459
2017-03-21 08:00:02.925 25075 INFO eventlet.wsgi.server [req-18e3ee84-e078-4da4-8675-5513772ac776 - - - - -] 127.0.0.1 "GET /v1/nodes/a960e3ed-9e08-51e2-a4b4-29ea8fee5576 HTTP/1.1" status: 200 len: 1786 time: 0.0294549
2017-03-21 08:00:04.768 25068 INFO eventlet.wsgi.server [req-203acdd2-5478-401e-a179-04c4124158a8 - - - - -] 127.0.0.1 "GET /v1/nodes/f7647c75-31e7-5dc3-be4d-1011a681070a HTTP/1.1" status: 200 len: 1762 time: 0.0303869
2017-03-21 08:00:04.925 25068 INFO eventlet.wsgi.server [req-ca7a2e93-0ee1-429a-b7a3-fb10bd10ac44 - - - - -] 127.0.0.1 "GET /v1/nodes/78544ab5-49df-5a83-acfa-2068ac465b21 HTTP/1.1" status: 200 len: 1790 time: 0.0270889
2017-03-21 08:00:04.958 25075 INFO eventlet.wsgi.server [req-0cbee794-780d-408c-bb69-08d86770bbc2 - - - - -] 127.0.0.1 "GET /v1/nodes/a960e3ed-9e08-51e2-a4b4-29ea8fee5576 HTTP/1.1" status: 200 len: 1766 time: 0.0277238
2017-03-21 08:00:06.803 25068 INFO eventlet.wsgi.server [req-9c93a1aa-0ec5-41f2-aa30-db6d5cfd2e8a - - - - -] 127.0.0.1 "GET /v1/nodes/f7647c75-31e7-5dc3-be4d-1011a681070a HTTP/1.1" status: 200 len: 1762 time: 0.0298860
2017-03-21 08:00:06.959 25068 INFO eventlet.wsgi.server [req-9cf1f0a7-c0e1-4bdb-8916-2d1b5e902ec5 - - - - -] 127.0.0.1 "GET /v1/nodes/78544ab5-49df-5a83-acfa-2068ac465b21 HTTP/1.1" status: 200 len: 1790 time: 0.0289340
2017-03-21 08:00:06.992 25075 INFO eventlet.wsgi.server [req-df892d20-df34-4368-a4b7-a7e684bd57ee - - - - -] 127.0.0.1 "GET /v1/nodes/a960e3ed-9e08-51e2-a4b4-29ea8fee5576 HTTP/1.1" status: 200 len: 1766 time: 0.0292749
2017-03-21 08:00:08.845 25068 INFO eventlet.wsgi.server [req-9c592f45-4ab9-4a42-a9e6-7bc7f1b47254 - - - - -] 127.0.0.1 "GET /v1/nodes/f7647c75-31e7-5dc3-be4d-1011a681070a HTTP/1.1" status: 200 len: 1762 time: 0.0356901
2017-03-21 08:00:08.997 25068 INFO eventlet.wsgi.server [req-5ea29446-cf7e-423b-bfb3-3b8e8761fea0 - - - - -] 127.0.0.1 "GET /v1/nodes/78544ab5-49df-5a83-acfa-2068ac465b21 HTTP/1.1" status: 200 len: 1790 time: 0.0316498
2017-03-21 08:00:09.025 25075 INFO eventlet.wsgi.server [req-7b582a79-17a8-413c-a215-1545da268e06 - - - - -] 127.0.0.1 "GET /v1/nodes/a960e3ed-9e08-51e2-a4b4-29ea8fee5576 HTTP/1.1" status: 200 len: 1766 time: 0.0285189
2017-03-21 08:00:10.880 25068 INFO eventlet.wsgi.server [req-7c5793c0-c67c-493b-ad8e-b90638c819ee - - - - -] 127.0.0.1 "GET /v1/nodes/f7647c75-31e7-5dc3-be4d-1011a681070a HTTP/1.1" status: 200 len: 1762 time: 0.0291290
2017-03-21 08:00:11.031 25068 INFO eventlet.wsgi.server [req-9de2581a-11a6-4e52-b6cf-c3039d72d2d7 - - - - -] 127.0.0.1 "GET /v1/nodes/78544ab5-49df-5a83-acfa-2068ac465b21 HTTP/1.1" status: 200 len: 1763 time: 0.0289121
2017-03-21 08:00:11.061 25075 INFO eventlet.wsgi.server [req-62ce3433-e0c1-4c54-993f-d1acbf97fc95 - - - - -] 127.0.0.1 "GET /v1/nodes/a960e3ed-9e08-51e2-a4b4-29ea8fee5576 HTTP/1.1" status: 200 len: 1766 time: 0.0310972
2017-03-21 08:00:12.912 25068 INFO eventlet.wsgi.server [req-fe9da198-5d7a-41b3-8bad-65c0fc2d103f - - - - -] 127.0.0.1 "GET /v1/nodes/f7647c75-31e7-5dc3-be4d-1011a681070a HTTP/1.1" status: 200 len: 1762 time: 0.0273349
2017-03-21 08:00:13.070 25068 INFO eventlet.wsgi.server [req-ba1b0d5d-62fe-4395-a2cc-5276094df07a - - - - -] 127.0.0.1 "GET /v1/nodes/78544ab5-49df-5a83-acfa-2068ac465b21 HTTP/1.1" status: 200 len: 1763 time: 0.0335021
2017-03-21 08:00:13.096 25075 INFO eventlet.wsgi.server [req-5b7cf96c-1b72-4df4-81b6-4c56e10b38dd - - - - -] 127.0.0.1 "GET /v1/nodes/a960e3ed-9e08-51e2-a4b4-29ea8fee5576 HTTP/1.1" status: 200 len: 1766 time: 0.0298710
2017-03-21 08:00:14.932 25068 INFO eventlet.wsgi.server [req-ea70e579-86e4-4900-a1cf-382ee373c81e - - - - -] 127.0.0.1 "GET /v1/nodes/f7647c75-31e7-5dc3-be4d-1011a681070a HTTP/1.1" status: 200 len: 1762 time: 0.0162189
2017-03-21 08:00:15.105 25068 INFO eventlet.wsgi.server [req-d9a783da-6249-41ca-b12f-3417f4eff0e0 - - - - -] 127.0.0.1 "GET /v1/nodes/78544ab5-49df-5a83-acfa-2068ac465b21 HTTP/1.1" status: 200 len: 1763 time: 0.0307531
2017-03-21 08:00:15.130 25075 INFO eventlet.wsgi.server [req-0f9130d4-7091-434c-aeb4-460991e2c7af - - - - -] 127.0.0.1 "GET /v1/nodes/a960e3ed-9e08-51e2-a4b4-29ea8fee5576 HTTP/1.1" status: 200 len: 1766 time: 0.0286009
2017-03-21 08:00:16.981 25068 INFO eventlet.wsgi.server [req-c33af217-6c50-461a-bb9b-a6e7bb3a3277 - - - - -] 127.0.0.1 "GET /v1/nodes/f7647c75-31e7-5dc3-be4d-1011a681070a HTTP/1.1" status: 200 len: 1762 time: 0.0426528
2017-03-21 08:00:17.140 25068 INFO eventlet.wsgi.server [req-426b6440-b2c5-48dc-bfe3-95bdf2c0b217 - - - - -] 127.0.0.1 "GET /v1/nodes/78544ab5-49df-5a83-acfa-2068ac465b21 HTTP/1.1" status: 200 len: 1763 time: 0.0295019
2017-03-21 08:00:17.164 25075 INFO eventlet.wsgi.server [req-6db99435-555c-478a-b90e-bf46cd4a2394 - - - - -] 127.0.0.1 "GET /v1/nodes/a960e3ed-9e08-51e2-a4b4-29ea8fee5576 HTTP/1.1" status: 200 len: 1766 time: 0.0300610
2017-03-21 08:00:18.902 25069 INFO eventlet.wsgi.server [req-888b7522-7cfa-4aca-902e-b05ccacdb727 - - - - -] 127.0.0.1 "GET /v1/nodes HTTP/1.1" status: 200 len: 1513 time: 0.0579259
2017-03-21 08:00:19.009 25068 INFO eventlet.wsgi.server [req-854a83a3-d5a1-4912-9b9a-b54826da6fe7 - - - - -] 127.0.0.1 "GET /v1/nodes/f7647c75-31e7-5dc3-be4d-1011a681070a HTTP/1.1" status: 200 len: 1762 time: 0.0237019
2017-03-21 08:00:19.174 25068 INFO eventlet.wsgi.server [req-6ba7b272-bb86-42ff-bae6-22ba20a54e55 - - - - -] 127.0.0.1 "GET /v1/nodes/78544ab5-49df-5a83-acfa-2068ac465b21 HTTP/1.1" status: 200 len: 1763 time: 0.0292501
2017-03-21 08:00:19.198 25075 INFO eventlet.wsgi.server [req-72425609-1b43-4a55-a9c5-c2bd8eaa643a - - - - -] 127.0.0.1 "GET /v1/nodes/a960e3ed-9e08-51e2-a4b4-29ea8fee5576 HTTP/1.1" status: 200 len: 1766 time: 0.0297558
2017-03-21 08:00:21.048 25068 INFO eventlet.wsgi.server [req-3cd880f0-c16c-47a0-8187-5317bdb42bc5 - - - - -] 127.0.0.1 "GET /v1/nodes/f7647c75-31e7-5dc3-be4d-1011a681070a HTTP/1.1" status: 200 len: 1762 time: 0.0338869
2017-03-21 08:00:21.209 25068 INFO eventlet.wsgi.server [req-362d97f0-2292-4772-b884-6a9c08271a1a - - - - -] 127.0.0.1 "GET /v1/nodes/78544ab5-49df-5a83-acfa-2068ac465b21 HTTP/1.1" status: 200 len: 1763 time: 0.0294988
2017-03-21 08:00:21.233 25075 INFO eventlet.wsgi.server [req-676818ac-d921-49ea-9766-d723e07521f8 - - - - -] 127.0.0.1 "GET /v1/nodes/a960e3ed-9e08-51e2-a4b4-29ea8fee5576 HTTP/1.1" status: 200 len: 1766 time: 0.0311491
2017-03-21 08:00:23.083 25068 INFO eventlet.wsgi.server [req-2dee93f7-a13f-4b1a-b7fe-f3f334ad3dd5 - - - - -] 127.0.0.1 "GET /v1/nodes/f7647c75-31e7-5dc3-be4d-1011a681070a HTTP/1.1" status: 200 len: 1762 time: 0.0295999
2017-03-21 08:00:23.245 25068 INFO eventlet.wsgi.server [req-af4201eb-44fd-435c-aa6f-eea770803af3 - - - - -] 127.0.0.1 "GET /v1/nodes/78544ab5-49df-5a83-acfa-2068ac465b21 HTTP/1.1" status: 200 len: 1763 time: 0.0296760
2017-03-21 08:00:23.264 25075 INFO eventlet.wsgi.server [req-d63a0769-46b5-4722-b701-3bbd4a228ada - - - - -] 127.0.0.1 "GET /v1/nodes/a960e3ed-9e08-51e2-a4b4-29ea8fee5576 HTTP/1.1" status: 200 len: 1766 time: 0.0264220
2017-03-21 08:00:25.118 25068 INFO eventlet.wsgi.server [req-b5870225-f7f6-4a2c-8ce0-a460e7c53c28 - - - - -] 127.0.0.1 "GET /v1/nodes/f7647c75-31e7-5dc3-be4d-1011a681070a HTTP/1.1" status: 200 len: 1762 time: 0.0293901
2017-03-21 08:00:25.278 25068 INFO eventlet.wsgi.server [req-a9f61c0f-c81d-4391-ad4b-dbbce42c6d62 - - - - -] 127.0.0.1 "GET /v1/nodes/78544ab5-49df-5a83-acfa-2068ac465b21 HTTP/1.1" status: 200 len: 1763 time: 0.0281451
2017-03-21 08:00:25.301 25075 INFO eventlet.wsgi.server [req-999edb02-5d40-47de-b294-fdbe8bdab452 - - - - -] 127.0.0.1 "GET /v1/nodes/a960e3ed-9e08-51e2-a4b4-29ea8fee5576 HTTP/1.1" status: 200 len: 1766 time: 0.0317111
2017-03-21 08:00:27.154 25068 INFO eventlet.wsgi.server [req-c88236ed-bd11-4afa-bdee-2085153cc5e5 - - - - -] 127.0.0.1 "GET /v1/nodes/f7647c75-31e7-5dc3-be4d-1011a681070a HTTP/1.1" status: 200 len: 1762 time: 0.0278349
2017-03-21 08:00:27.312 25068 INFO eventlet.wsgi.server [req-1faffae6-bb2c-401c-adb6-ce2c450bf0a2 - - - - -] 127.0.0.1 "GET /v1/nodes/78544ab5-49df-5a83-acfa-2068ac465b21 HTTP/1.1" status: 200 len: 1763 time: 0.0287189
2017-03-21 08:00:27.330 25075 INFO eventlet.wsgi.server [req-1e2a51c7-c6bb-4119-b31a-7fb25fc6a319 - - - - -] 127.0.0.1 "GET /v1/nodes/a960e3ed-9e08-51e2-a4b4-29ea8fee5576 HTTP/1.1" status: 200 len: 1766 time: 0.0253899
2017-03-21 08:00:27.475 25075 INFO eventlet.wsgi.server [req-2904477e-cf02-4ee6-8f8b-815700d1e16c - - - - -] 127.0.0.1 "GET /v1/nodes/f7647c75-31e7-5dc3-be4d-1011a681070a HTTP/1.1" status: 200 len: 1781 time: 0.0197101
2017-03-21 08:00:27.625 25075 INFO eventlet.wsgi.server [req-b4184362-28ee-4514-a077-38006378a7f5 - - - - -] 127.0.0.1 "GET /v1/nodes/f7647c75-31e7-5dc3-be4d-1011a681070a/ports HTTP/1.1" status: 200 len: 623 time: 0.0254500
2017-03-21 08:00:28.059 25075 INFO eventlet.wsgi.server [req-6e483af0-2222-4a2f-8d71-8ce632c9030e - - - - -] 127.0.0.1 "PATCH /v1/nodes/f7647c75-31e7-5dc3-be4d-1011a681070a HTTP/1.1" status: 200 len: 1781 time: 0.4297609
2017-03-21 08:00:28.324 25075 INFO eventlet.wsgi.server [req-de617a76-1617-4b95-b021-d2a04d9452fc - - - - -] 127.0.0.1 "PATCH /v1/nodes/f7647c75-31e7-5dc3-be4d-1011a681070a HTTP/1.1" status: 200 len: 1831 time: 0.2604570
2017-03-21 08:00:28.369 25070 WARNING oslo_config.cfg [req-1ff382f8-545a-4bcd-bc0e-10e16287813e - - - - -] Option "rabbit_userid" from group "DEFAULT" is deprecated. Use option "rabbit_userid" from group "oslo_messaging_rabbit".
2017-03-21 08:00:28.370 25070 WARNING oslo_config.cfg [req-1ff382f8-545a-4bcd-bc0e-10e16287813e - - - - -] Option "rabbit_userid" from group "oslo_messaging_rabbit" is deprecated for removal. Its value may be silently ignored in the future.
2017-03-21 08:00:28.370 25070 WARNING oslo_config.cfg [req-1ff382f8-545a-4bcd-bc0e-10e16287813e - - - - -] Option "rabbit_password" from group "DEFAULT" is deprecated. Use option "rabbit_password" from group "oslo_messaging_rabbit".
2017-03-21 08:00:28.370 25070 WARNING oslo_config.cfg [req-1ff382f8-545a-4bcd-bc0e-10e16287813e - - - - -] Option "rabbit_password" from group "oslo_messaging_rabbit" is deprecated for removal. Its value may be silently ignored in the future.
2017-03-21 08:00:28.523 25070 INFO eventlet.wsgi.server [req-1ff382f8-545a-4bcd-bc0e-10e16287813e - - - - -] 127.0.0.1 "PUT /v1/nodes/f7647c75-31e7-5dc3-be4d-1011a681070a/states/power HTTP/1.1" status: 202 len: 384 time: 0.1776960
2017-03-21 08:00:29.188 25068 INFO eventlet.wsgi.server [req-d77e4d6b-6823-4a4d-bb02-4768feb3b169 - - - - -] 127.0.0.1 "GET /v1/nodes/f7647c75-31e7-5dc3-be4d-1011a681070a HTTP/1.1" status: 200 len: 1839 time: 0.0291650
2017-03-21 08:00:29.345 25068 INFO eventlet.wsgi.server [req-fd8409db-c748-40ea-9fef-d3c9f62ad64a - - - - -] 127.0.0.1 "GET /v1/nodes/78544ab5-49df-5a83-acfa-2068ac465b21 HTTP/1.1" status: 200 len: 1763 time: 0.0282900
2017-03-21 08:00:29.357 25075 INFO eventlet.wsgi.server [req-61e9ad4b-d977-431e-a5fe-c1cb94164372 - - - - -] 127.0.0.1 "GET /v1/nodes/a960e3ed-9e08-51e2-a4b4-29ea8fee5576 HTTP/1.1" status: 200 len: 1766 time: 0.0243719
2017-03-21 08:00:31.228 25068 INFO eventlet.wsgi.server [req-ffcd621c-0ba5-424e-8f04-bb5b1a44fbb6 - - - - -] 127.0.0.1 "GET /v1/nodes/f7647c75-31e7-5dc3-be4d-1011a681070a HTTP/1.1" status: 200 len: 1839 time: 0.0340040
2017-03-21 08:00:31.377 25068 INFO eventlet.wsgi.server [req-8c2f5188-dcfc-4a7b-86f6-39d0108e622f - - - - -] 127.0.0.1 "GET /v1/nodes/78544ab5-49df-5a83-acfa-2068ac465b21 HTTP/1.1" status: 200 len: 1763 time: 0.0276952
2017-03-21 08:00:31.391 25075 INFO eventlet.wsgi.server [req-f860dbad-a8d2-4093-b4ae-4fe2a109520a - - - - -] 127.0.0.1 "GET /v1/nodes/a960e3ed-9e08-51e2-a4b4-29ea8fee5576 HTTP/1.1" status: 200 len: 1766 time: 0.0283830
2017-03-21 08:00:33.154 25080 INFO eventlet.wsgi.server [req-b446a2d8-0a72-4a3f-aa2a-0e815da8dc79 - - - - -] 127.0.0.1 "GET /v1/nodes/a960e3ed-9e08-51e2-a4b4-29ea8fee5576 HTTP/1.1" status: 200 len: 1785 time: 0.0244520
2017-03-21 08:00:33.259 25080 INFO eventlet.wsgi.server [req-12627dbf-ae37-4664-a3a7-f00c43513275 - - - - -] 127.0.0.1 "GET /v1/nodes/a960e3ed-9e08-51e2-a4b4-29ea8fee5576/ports HTTP/1.1" status: 200 len: 623 time: 0.0347331
2017-03-21 08:00:33.263 25068 INFO eventlet.wsgi.server [req-5cb35aad-e972-402a-94bb-0cad1423d6f4 - - - - -] 127.0.0.1 "GET /v1/nodes/f7647c75-31e7-5dc3-be4d-1011a681070a HTTP/1.1" status: 200 len: 1839 time: 0.0298469
2017-03-21 08:00:33.294 25080 WARNING oslo_config.cfg [req-513302bd-8d5a-416a-940f-b3ad4207e0b4 - - - - -] Option "rabbit_userid" from group "DEFAULT" is deprecated. Use option "rabbit_userid" from group "oslo_messaging_rabbit".
2017-03-21 08:00:33.295 25080 WARNING oslo_config.cfg [req-513302bd-8d5a-416a-940f-b3ad4207e0b4 - - - - -] Option "rabbit_userid" from group "oslo_messaging_rabbit" is deprecated for removal. Its value may be silently ignored in the future.
2017-03-21 08:00:33.295 25080 WARNING oslo_config.cfg [req-513302bd-8d5a-416a-940f-b3ad4207e0b4 - - - - -] Option "rabbit_password" from group "DEFAULT" is deprecated. Use option "rabbit_password" from group "oslo_messaging_rabbit".
2017-03-21 08:00:33.296 25080 WARNING oslo_config.cfg [req-513302bd-8d5a-416a-940f-b3ad4207e0b4 - - - - -] Option "rabbit_password" from group "oslo_messaging_rabbit" is deprecated for removal. Its value may be silently ignored in the future.
2017-03-21 08:00:33.408 25068 INFO eventlet.wsgi.server [req-72e29e94-fbbd-49bd-9c1c-e542c9279f7b - - - - -] 127.0.0.1 "GET /v1/nodes/78544ab5-49df-5a83-acfa-2068ac465b21 HTTP/1.1" status: 200 len: 1763 time: 0.0274620
2017-03-21 08:00:33.424 25075 INFO eventlet.wsgi.server [req-30b0b4e5-498c-4d82-959d-548a9c01eddd - - - - -] 127.0.0.1 "GET /v1/nodes/a960e3ed-9e08-51e2-a4b4-29ea8fee5576 HTTP/1.1" status: 200 len: 1786 time: 0.0271668
2017-03-21 08:00:33.484 25080 INFO eventlet.wsgi.server [req-513302bd-8d5a-416a-940f-b3ad4207e0b4 - - - - -] 127.0.0.1 "PATCH /v1/nodes/a960e3ed-9e08-51e2-a4b4-29ea8fee5576 HTTP/1.1" status: 200 len: 1785 time: 0.2191079
2017-03-21 08:00:33.674 25080 INFO eventlet.wsgi.server [req-96e5cf50-152c-4675-851f-fec08ae44bf6 - - - - -] 127.0.0.1 "PATCH /v1/nodes/a960e3ed-9e08-51e2-a4b4-29ea8fee5576 HTTP/1.1" status: 200 len: 1835 time: 0.1817529
2017-03-21 08:00:33.974 25080 INFO eventlet.wsgi.server [req-05cb8f49-67df-47a5-8f0c-a9d3460ee4a8 - - - - -] 127.0.0.1 "PUT /v1/nodes/a960e3ed-9e08-51e2-a4b4-29ea8fee5576/states/power HTTP/1.1" status: 202 len: 384 time: 0.2703831
2017-03-21 08:00:35.300 25068 INFO eventlet.wsgi.server [req-80b1016e-868e-4dd1-969f-8d2a921e2aac - - - - -] 127.0.0.1 "GET /v1/nodes/f7647c75-31e7-5dc3-be4d-1011a681070a HTTP/1.1" status: 200 len: 1839 time: 0.0302680
2017-03-21 08:00:35.443 25068 INFO eventlet.wsgi.server [req-585075f6-9332-472d-9674-28c3910b4b36 - - - - -] 127.0.0.1 "GET /v1/nodes/78544ab5-49df-5a83-acfa-2068ac465b21 HTTP/1.1" status: 200 len: 1763 time: 0.0294981
2017-03-21 08:00:35.461 25075 INFO eventlet.wsgi.server [req-27976f3b-2e0b-4f9b-b517-11c2aa399216 - - - - -] 127.0.0.1 "GET /v1/nodes/a960e3ed-9e08-51e2-a4b4-29ea8fee5576 HTTP/1.1" status: 200 len: 1843 time: 0.0321181
2017-03-21 08:00:36.012 25070 INFO eventlet.wsgi.server [req-9e58f538-eb82-4c60-8e05-884272dc5355 - - - - -] 127.0.0.1 "GET /v1/nodes/78544ab5-49df-5a83-acfa-2068ac465b21 HTTP/1.1" status: 200 len: 1782 time: 0.0326760
2017-03-21 08:00:36.105 25070 INFO eventlet.wsgi.server [req-55134b32-49f3-445e-bb1e-03c821eaab5e - - - - -] 127.0.0.1 "GET /v1/nodes/78544ab5-49df-5a83-acfa-2068ac465b21/ports HTTP/1.1" status: 200 len: 623 time: 0.0413342
2017-03-21 08:00:36.322 25070 INFO eventlet.wsgi.server [req-0ebfa9d7-e982-4b35-9a5c-417bbf550d14 - - - - -] 127.0.0.1 "PATCH /v1/nodes/78544ab5-49df-5a83-acfa-2068ac465b21 HTTP/1.1" status: 200 len: 1782 time: 0.2098711
2017-03-21 08:00:36.512 25070 INFO eventlet.wsgi.server [req-d780257f-8dc8-4a63-ae6a-fe6f320abad4 - - - - -] 127.0.0.1 "PATCH /v1/nodes/78544ab5-49df-5a83-acfa-2068ac465b21 HTTP/1.1" status: 200 len: 1832 time: 0.1838121
2017-03-21 08:00:36.750 25082 WARNING oslo_config.cfg [req-016bc6e9-8f2a-4140-8459-93eb2db9130c - - - - -] Option "rabbit_userid" from group "DEFAULT" is deprecated. Use option "rabbit_userid" from group "oslo_messaging_rabbit".
2017-03-21 08:00:36.750 25082 WARNING oslo_config.cfg [req-016bc6e9-8f2a-4140-8459-93eb2db9130c - - - - -] Option "rabbit_userid" from group "oslo_messaging_rabbit" is deprecated for removal. Its value may be silently ignored in the future.
2017-03-21 08:00:36.750 25082 WARNING oslo_config.cfg [req-016bc6e9-8f2a-4140-8459-93eb2db9130c - - - - -] Option "rabbit_password" from group "DEFAULT" is deprecated. Use option "rabbit_password" from group "oslo_messaging_rabbit".
2017-03-21 08:00:36.751 25082 WARNING oslo_config.cfg [req-016bc6e9-8f2a-4140-8459-93eb2db9130c - - - - -] Option "rabbit_password" from group "oslo_messaging_rabbit" is deprecated for removal. Its value may be silently ignored in the future.
2017-03-21 08:00:36.893 25082 INFO eventlet.wsgi.server [req-016bc6e9-8f2a-4140-8459-93eb2db9130c - - - - -] 127.0.0.1 "PUT /v1/nodes/78544ab5-49df-5a83-acfa-2068ac465b21/states/power HTTP/1.1" status: 202 len: 384 time: 0.3585911
2017-03-21 08:00:37.336 25068 INFO eventlet.wsgi.server [req-24e86160-36bb-4b21-9ff1-0008b55aea40 - - - - -] 127.0.0.1 "GET /v1/nodes/f7647c75-31e7-5dc3-be4d-1011a681070a HTTP/1.1" status: 200 len: 1839 time: 0.0295391
2017-03-21 08:00:37.474 25068 INFO eventlet.wsgi.server [req-0d695d7d-4392-4b4c-923e-a4a8a5a76d30 - - - - -] 127.0.0.1 "GET /v1/nodes/78544ab5-49df-5a83-acfa-2068ac465b21 HTTP/1.1" status: 200 len: 1840 time: 0.0261850
2017-03-21 08:00:37.497 25075 INFO eventlet.wsgi.server [req-10fa6a7d-bcb2-4560-86a7-8b31b9133831 - - - - -] 127.0.0.1 "GET /v1/nodes/a960e3ed-9e08-51e2-a4b4-29ea8fee5576 HTTP/1.1" status: 200 len: 1843 time: 0.0305350
2017-03-21 08:00:39.371 25068 INFO eventlet.wsgi.server [req-7fb1a489-9594-452f-b6f5-3bb6c1c61a7f - - - - -] 127.0.0.1 "GET /v1/nodes/f7647c75-31e7-5dc3-be4d-1011a681070a HTTP/1.1" status: 200 len: 1839 time: 0.0302529
2017-03-21 08:00:39.508 25068 INFO eventlet.wsgi.server [req-bf795ae4-e7e2-4247-a6ca-6b58d5251b09 - - - - -] 127.0.0.1 "GET /v1/nodes/78544ab5-49df-5a83-acfa-2068ac465b21 HTTP/1.1" status: 200 len: 1840 time: 0.0291109
2017-03-21 08:00:39.529 25075 INFO eventlet.wsgi.server [req-0fbf7fdb-9bad-44b7-82f6-085d281604e7 - - - - -] 127.0.0.1 "GET /v1/nodes/a960e3ed-9e08-51e2-a4b4-29ea8fee5576 HTTP/1.1" status: 200 len: 1843 time: 0.0275099
2017-03-21 08:00:41.406 25068 INFO eventlet.wsgi.server [req-db20e0db-ef67-4f86-9d97-78c103bd8350 - - - - -] 127.0.0.1 "GET /v1/nodes/f7647c75-31e7-5dc3-be4d-1011a681070a HTTP/1.1" status: 200 len: 1813 time: 0.0292549
2017-03-21 08:00:41.541 25068 INFO eventlet.wsgi.server [req-7816519c-0de4-4983-ad69-9050c64dfb15 - - - - -] 127.0.0.1 "GET /v1/nodes/78544ab5-49df-5a83-acfa-2068ac465b21 HTTP/1.1" status: 200 len: 1840 time: 0.0281241
2017-03-21 08:00:41.564 25075 INFO eventlet.wsgi.server [req-de4ac390-f17c-40cb-86ae-a61b24d81018 - - - - -] 127.0.0.1 "GET /v1/nodes/a960e3ed-9e08-51e2-a4b4-29ea8fee5576 HTTP/1.1" status: 200 len: 1843 time: 0.0296760
2017-03-21 08:00:43.440 25068 INFO eventlet.wsgi.server [req-d0578d06-52de-433c-86b3-730ddb4178ee - - - - -] 127.0.0.1 "GET /v1/nodes/f7647c75-31e7-5dc3-be4d-1011a681070a HTTP/1.1" status: 200 len: 1813 time: 0.0297711
2017-03-21 08:00:43.573 25068 INFO eventlet.wsgi.server [req-d8a3b482-1990-430a-8152-de0dee9e1a00 - - - - -] 127.0.0.1 "GET /v1/nodes/78544ab5-49df-5a83-acfa-2068ac465b21 HTTP/1.1" status: 200 len: 1840 time: 0.0275660
2017-03-21 08:00:43.601 25075 INFO eventlet.wsgi.server [req-d7986ee7-332a-48ce-a4fd-64e56f4d0349 - - - - -] 127.0.0.1 "GET /v1/nodes/a960e3ed-9e08-51e2-a4b4-29ea8fee5576 HTTP/1.1" status: 200 len: 1843 time: 0.0326190
2017-03-21 08:00:45.474 25068 INFO eventlet.wsgi.server [req-8e27d515-bf9f-4b17-900f-aac3566d3869 - - - - -] 127.0.0.1 "GET /v1/nodes/f7647c75-31e7-5dc3-be4d-1011a681070a HTTP/1.1" status: 200 len: 1813 time: 0.0294609
2017-03-21 08:00:45.608 25068 INFO eventlet.wsgi.server [req-5da1c5ca-43e2-435a-961c-81a1f00226d8 - - - - -] 127.0.0.1 "GET /v1/nodes/78544ab5-49df-5a83-acfa-2068ac465b21 HTTP/1.1" status: 200 len: 1840 time: 0.0299599
2017-03-21 08:00:45.636 25075 INFO eventlet.wsgi.server [req-aefa692f-bbf0-4bd4-b5c2-784cce790ab3 - - - - -] 127.0.0.1 "GET /v1/nodes/a960e3ed-9e08-51e2-a4b4-29ea8fee5576 HTTP/1.1" status: 200 len: 1843 time: 0.0300062
2017-03-21 08:00:47.509 25068 INFO eventlet.wsgi.server [req-fe38bf6e-4cc1-4dc6-a52b-5468e596cf25 - - - - -] 127.0.0.1 "GET /v1/nodes/f7647c75-31e7-5dc3-be4d-1011a681070a HTTP/1.1" status: 200 len: 1813 time: 0.0297430
2017-03-21 08:00:47.641 25068 INFO eventlet.wsgi.server [req-bed104f7-d63f-483f-a767-6c3450eb6f0d - - - - -] 127.0.0.1 "GET /v1/nodes/78544ab5-49df-5a83-acfa-2068ac465b21 HTTP/1.1" status: 200 len: 1840 time: 0.0281410
2017-03-21 08:00:47.670 25075 INFO eventlet.wsgi.server [req-302833b8-3e34-4746-b782-a940026d91c1 - - - - -] 127.0.0.1 "GET /v1/nodes/a960e3ed-9e08-51e2-a4b4-29ea8fee5576 HTTP/1.1" status: 200 len: 1817 time: 0.0285132
2017-03-21 08:00:49.545 25068 INFO eventlet.wsgi.server [req-f046a23a-957d-4e06-9868-adb74bbabb6d - - - - -] 127.0.0.1 "GET /v1/nodes/f7647c75-31e7-5dc3-be4d-1011a681070a HTTP/1.1" status: 200 len: 1813 time: 0.0305810
2017-03-21 08:00:49.704 25075 INFO eventlet.wsgi.server [req-0c46e117-0956-412c-b6a8-212598b76f01 - - - - -] 127.0.0.1 "GET /v1/nodes/a960e3ed-9e08-51e2-a4b4-29ea8fee5576 HTTP/1.1" status: 200 len: 1817 time: 0.0297201
2017-03-21 08:00:49.748 25068 INFO eventlet.wsgi.server [req-5c2c607d-199a-49d1-8400-b7ad84950a86 - - - - -] 127.0.0.1 "GET /v1/nodes/78544ab5-49df-5a83-acfa-2068ac465b21 HTTP/1.1" status: 200 len: 1840 time: 0.1030140
2017-03-21 08:00:51.579 25068 INFO eventlet.wsgi.server [req-e239d9e3-37e0-4b00-b095-489dacdbd31b - - - - -] 127.0.0.1 "GET /v1/nodes/f7647c75-31e7-5dc3-be4d-1011a681070a HTTP/1.1" status: 200 len: 1813 time: 0.0296829
2017-03-21 08:00:51.738 25075 INFO eventlet.wsgi.server [req-d9194942-0527-4b12-a3e6-6ba594d380d4 - - - - -] 127.0.0.1 "GET /v1/nodes/a960e3ed-9e08-51e2-a4b4-29ea8fee5576 HTTP/1.1" status: 200 len: 1817 time: 0.0289521
2017-03-21 08:00:51.782 25068 INFO eventlet.wsgi.server [req-70c44ec4-6aa7-478d-a02c-6e07e7c30bdc - - - - -] 127.0.0.1 "GET /v1/nodes/78544ab5-49df-5a83-acfa-2068ac465b21 HTTP/1.1" status: 200 len: 1814 time: 0.0285811
2017-03-21 08:00:53.594 25068 INFO eventlet.wsgi.server [req-be2e8675-a121-4d40-b7cd-295637282532 - - - - -] 127.0.0.1 "GET /v1/nodes/f7647c75-31e7-5dc3-be4d-1011a681070a HTTP/1.1" status: 200 len: 1813 time: 0.0133040
2017-03-21 08:00:53.774 25075 INFO eventlet.wsgi.server [req-7b03432b-8475-4165-a427-fc187f24f162 - - - - -] 127.0.0.1 "GET /v1/nodes/a960e3ed-9e08-51e2-a4b4-29ea8fee5576 HTTP/1.1" status: 200 len: 1817 time: 0.0303991
2017-03-21 08:00:53.808 25068 INFO eventlet.wsgi.server [req-8add2482-9d3c-4e6a-823f-d74e393d9859 - - - - -] 127.0.0.1 "GET /v1/nodes/78544ab5-49df-5a83-acfa-2068ac465b21 HTTP/1.1" status: 200 len: 1814 time: 0.0223939
2017-03-21 08:00:55.630 25068 INFO eventlet.wsgi.server [req-2eb5e8b0-7af0-448f-b195-240cf34b1b04 - - - - -] 127.0.0.1 "GET /v1/nodes/f7647c75-31e7-5dc3-be4d-1011a681070a HTTP/1.1" status: 200 len: 1813 time: 0.0286741
2017-03-21 08:00:55.806 25075 INFO eventlet.wsgi.server [req-550e42ae-5ed0-412e-875e-1277867678b2 - - - - -] 127.0.0.1 "GET /v1/nodes/a960e3ed-9e08-51e2-a4b4-29ea8fee5576 HTTP/1.1" status: 200 len: 1817 time: 0.0290949
2017-03-21 08:00:55.843 25068 INFO eventlet.wsgi.server [req-f1fd8bd8-abe6-4607-a260-3f3d91018a7f - - - - -] 127.0.0.1 "GET /v1/nodes/78544ab5-49df-5a83-acfa-2068ac465b21 HTTP/1.1" status: 200 len: 1814 time: 0.0303340
2017-03-21 08:00:57.661 25068 INFO eventlet.wsgi.server [req-f2990fe6-245b-4b18-a669-d3d9ce298907 - - - - -] 127.0.0.1 "GET /v1/nodes/f7647c75-31e7-5dc3-be4d-1011a681070a HTTP/1.1" status: 200 len: 1813 time: 0.0254850
2017-03-21 08:00:57.841 25075 INFO eventlet.wsgi.server [req-8aac1d12-799b-46ee-ac29-c77d9a49fa22 - - - - -] 127.0.0.1 "GET /v1/nodes/a960e3ed-9e08-51e2-a4b4-29ea8fee5576 HTTP/1.1" status: 200 len: 1817 time: 0.0303290
2017-03-21 08:00:57.869 25068 INFO eventlet.wsgi.server [req-d04e66b3-9d8e-4a0c-9429-6acb6017e8eb - - - - -] 127.0.0.1 "GET /v1/nodes/78544ab5-49df-5a83-acfa-2068ac465b21 HTTP/1.1" status: 200 len: 1814 time: 0.0218201
2017-03-21 08:00:59.692 25068 INFO eventlet.wsgi.server [req-56745eff-fcab-4ea4-9e73-ebd986439492 - - - - -] 127.0.0.1 "GET /v1/nodes/f7647c75-31e7-5dc3-be4d-1011a681070a HTTP/1.1" status: 200 len: 1813 time: 0.0260401
2017-03-21 08:00:59.876 25075 INFO eventlet.wsgi.server [req-168cd44e-c163-41f2-a1b5-0a2c6c992adb - - - - -] 127.0.0.1 "GET /v1/nodes/a960e3ed-9e08-51e2-a4b4-29ea8fee5576 HTTP/1.1" status: 200 len: 1817 time: 0.0300510
2017-03-21 08:00:59.903 25068 INFO eventlet.wsgi.server [req-f031bf21-72ae-4609-b5e3-b0490803f551 - - - - -] 127.0.0.1 "GET /v1/nodes/78544ab5-49df-5a83-acfa-2068ac465b21 HTTP/1.1" status: 200 len: 1814 time: 0.0293322
2017-03-21 08:01:01.729 25068 INFO eventlet.wsgi.server [req-0ecd1781-6551-4e0d-8e4c-fdcea7878438 - - - - -] 127.0.0.1 "GET /v1/nodes/f7647c75-31e7-5dc3-be4d-1011a681070a HTTP/1.1" status: 200 len: 1813 time: 0.0317259
2017-03-21 08:01:01.912 25075 INFO eventlet.wsgi.server [req-78fdfaee-f3c0-457a-9b12-08858ab61a34 - - - - -] 127.0.0.1 "GET /v1/nodes/a960e3ed-9e08-51e2-a4b4-29ea8fee5576 HTTP/1.1" status: 200 len: 1817 time: 0.0307510
2017-03-21 08:01:01.936 25068 INFO eventlet.wsgi.server [req-f5225a42-9fc9-46eb-becf-56e41bdbdde6 - - - - -] 127.0.0.1 "GET /v1/nodes/78544ab5-49df-5a83-acfa-2068ac465b21 HTTP/1.1" status: 200 len: 1814 time: 0.0276999
2017-03-21 08:01:03.765 25068 INFO eventlet.wsgi.server [req-37c988bd-0c69-4dd7-a72e-a5fcea97d5aa - - - - -] 127.0.0.1 "GET /v1/nodes/f7647c75-31e7-5dc3-be4d-1011a681070a HTTP/1.1" status: 200 len: 1813 time: 0.0308640
2017-03-21 08:01:03.945 25075 INFO eventlet.wsgi.server [req-c0c8264a-38a8-4fdd-b942-8cb74ac2ef1e - - - - -] 127.0.0.1 "GET /v1/nodes/a960e3ed-9e08-51e2-a4b4-29ea8fee5576 HTTP/1.1" status: 200 len: 1817 time: 0.0278080
2017-03-21 08:01:03.970 25068 INFO eventlet.wsgi.server [req-ce184516-191b-4314-aac6-53462b96c85e - - - - -] 127.0.0.1 "GET /v1/nodes/78544ab5-49df-5a83-acfa-2068ac465b21 HTTP/1.1" status: 200 len: 1814 time: 0.0289230
2017-03-21 08:01:05.800 25068 INFO eventlet.wsgi.server [req-765ca38f-fb3b-49bd-9fe1-8b7322b130bf - - - - -] 127.0.0.1 "GET /v1/nodes/f7647c75-31e7-5dc3-be4d-1011a681070a HTTP/1.1" status: 200 len: 1813 time: 0.0295370
2017-03-21 08:01:05.979 25075 INFO eventlet.wsgi.server [req-9e9a849e-2e88-4d02-b186-3f1de2c929df - - - - -] 127.0.0.1 "GET /v1/nodes/a960e3ed-9e08-51e2-a4b4-29ea8fee5576 HTTP/1.1" status: 200 len: 1817 time: 0.0285830
2017-03-21 08:01:06.000 25068 INFO eventlet.wsgi.server [req-7bab4834-9aa7-4ec2-b1d4-e276d2d82264 - - - - -] 127.0.0.1 "GET /v1/nodes/78544ab5-49df-5a83-acfa-2068ac465b21 HTTP/1.1" status: 200 len: 1814 time: 0.0249472
2017-03-21 08:01:07.833 25068 INFO eventlet.wsgi.server [req-e5542fc6-c698-4da4-a6d6-b5ee6f6c5547 - - - - -] 127.0.0.1 "GET /v1/nodes/f7647c75-31e7-5dc3-be4d-1011a681070a HTTP/1.1" status: 200 len: 1813 time: 0.0257499
