2017-03-21 09:33:48.018 22242 INFO eventlet.wsgi.server [req-89fa79ef-2ecc-4f92-9093-256eeea4293a - - - - -] 127.0.0.1 "GET /v1/nodes/f7647c75-31e7-5dc3-be4d-1011a681070a HTTP/1.1" status: 200 len: 1804 time: 0.0192699
2017-03-21 09:33:48.035 22233 INFO eventlet.wsgi.server [req-cd86e43b-3f70-46eb-ba7f-ab8e850de53d - - - - -] 127.0.0.1 "GET /v1/nodes/a960e3ed-9e08-51e2-a4b4-29ea8fee5576 HTTP/1.1" status: 200 len: 1808 time: 0.1451130
2017-03-21 09:33:58.697 22243 INFO eventlet.wsgi.server [req-72cdbff8-b80b-495d-a66f-3cb171bee038 - - - - -] 127.0.0.1 "GET /v1/nodes/f7647c75-31e7-5dc3-be4d-1011a681070a HTTP/1.1" status: 200 len: 1804 time: 0.0285170
2017-03-21 09:33:59.267 22233 INFO eventlet.wsgi.server [req-dfbeef57-d571-42d7-8bff-fcb8ff6cf490 - - - - -] 127.0.0.1 "GET /v1/nodes/a960e3ed-9e08-51e2-a4b4-29ea8fee5576 HTTP/1.1" status: 200 len: 1808 time: 0.0144780
2017-03-21 09:33:59.268 22237 INFO eventlet.wsgi.server [req-33dd2d3f-d554-4307-bda0-02dfcb621e0d - - - - -] 127.0.0.1 "GET /v1/nodes/78544ab5-49df-5a83-acfa-2068ac465b21 HTTP/1.1" status: 200 len: 1805 time: 0.0200820
2017-03-21 09:33:59.294 22233 WARNING oslo_config.cfg [req-a779a2bc-6797-4135-8f12-45f8e7c29b2f - - - - -] Option "rabbit_userid" from group "DEFAULT" is deprecated. Use option "rabbit_userid" from group "oslo_messaging_rabbit".
2017-03-21 09:33:59.294 22233 WARNING oslo_config.cfg [req-a779a2bc-6797-4135-8f12-45f8e7c29b2f - - - - -] Option "rabbit_userid" from group "oslo_messaging_rabbit" is deprecated for removal. Its value may be silently ignored in the future.
2017-03-21 09:33:59.295 22233 WARNING oslo_config.cfg [req-a779a2bc-6797-4135-8f12-45f8e7c29b2f - - - - -] Option "rabbit_password" from group "DEFAULT" is deprecated. Use option "rabbit_password" from group "oslo_messaging_rabbit".
2017-03-21 09:33:59.295 22233 WARNING oslo_config.cfg [req-a779a2bc-6797-4135-8f12-45f8e7c29b2f - - - - -] Option "rabbit_password" from group "oslo_messaging_rabbit" is deprecated for removal. Its value may be silently ignored in the future.
2017-03-21 09:33:59.296 22237 WARNING oslo_config.cfg [req-03527853-d3b5-43f8-86b7-f0925c8b2966 - - - - -] Option "rabbit_userid" from group "DEFAULT" is deprecated. Use option "rabbit_userid" from group "oslo_messaging_rabbit".
2017-03-21 09:33:59.296 22237 WARNING oslo_config.cfg [req-03527853-d3b5-43f8-86b7-f0925c8b2966 - - - - -] Option "rabbit_userid" from group "oslo_messaging_rabbit" is deprecated for removal. Its value may be silently ignored in the future.
2017-03-21 09:33:59.297 22237 WARNING oslo_config.cfg [req-03527853-d3b5-43f8-86b7-f0925c8b2966 - - - - -] Option "rabbit_password" from group "DEFAULT" is deprecated. Use option "rabbit_password" from group "oslo_messaging_rabbit".
2017-03-21 09:33:59.297 22237 WARNING oslo_config.cfg [req-03527853-d3b5-43f8-86b7-f0925c8b2966 - - - - -] Option "rabbit_password" from group "oslo_messaging_rabbit" is deprecated for removal. Its value may be silently ignored in the future.
2017-03-21 09:33:59.332 22243 INFO eventlet.wsgi.server [req-9c7ddae7-feb9-4190-85f9-4522e9e07dde - - - - -] 127.0.0.1 "PATCH /v1/nodes/f7647c75-31e7-5dc3-be4d-1011a681070a HTTP/1.1" status: 200 len: 1969 time: 0.6313939
2017-03-21 09:33:59.422 22243 INFO eventlet.wsgi.server [req-b3e2c834-7fcc-4238-a47a-013db8ef308f - - - - -] 127.0.0.1 "GET /v1/nodes/f7647c75-31e7-5dc3-be4d-1011a681070a/validate HTTP/1.1" status: 200 len: 656 time: 0.0848901
2017-03-21 09:33:59.963 22233 INFO eventlet.wsgi.server [req-a779a2bc-6797-4135-8f12-45f8e7c29b2f - - - - -] 127.0.0.1 "PATCH /v1/nodes/a960e3ed-9e08-51e2-a4b4-29ea8fee5576 HTTP/1.1" status: 200 len: 1973 time: 0.6928880
2017-03-21 09:34:00.025 22237 INFO eventlet.wsgi.server [req-03527853-d3b5-43f8-86b7-f0925c8b2966 - - - - -] 127.0.0.1 "PATCH /v1/nodes/78544ab5-49df-5a83-acfa-2068ac465b21 HTTP/1.1" status: 200 len: 1970 time: 0.7535150
2017-03-21 09:34:00.057 22243 INFO eventlet.wsgi.server [req-1d189032-7445-466f-976f-6e460073be71 - - - - -] 127.0.0.1 "PUT /v1/nodes/f7647c75-31e7-5dc3-be4d-1011a681070a/states/provision HTTP/1.1" status: 202 len: 383 time: 0.6316631
2017-03-21 09:34:00.071 22233 INFO eventlet.wsgi.server [req-258d936e-6706-4c53-8c04-7e65d32bc418 - - - - -] 127.0.0.1 "GET /v1/nodes/a960e3ed-9e08-51e2-a4b4-29ea8fee5576/validate HTTP/1.1" status: 200 len: 656 time: 0.1033719
2017-03-21 09:34:00.094 22243 INFO eventlet.wsgi.server [req-2f3b3544-c3e2-40ad-88d8-edd11e43334a - - - - -] 127.0.0.1 "GET /v1/nodes/f7647c75-31e7-5dc3-be4d-1011a681070a HTTP/1.1" status: 200 len: 2020 time: 0.0319891
2017-03-21 09:34:00.114 22237 INFO eventlet.wsgi.server [req-4a1e3278-d03c-43ec-b50a-eaa472247ba4 - - - - -] 127.0.0.1 "GET /v1/nodes/78544ab5-49df-5a83-acfa-2068ac465b21/validate HTTP/1.1" status: 200 len: 656 time: 0.0829761
2017-03-21 09:34:00.297 22233 INFO eventlet.wsgi.server [req-a4830cbe-0692-4694-85ad-96768db4354d - - - - -] 127.0.0.1 "PUT /v1/nodes/a960e3ed-9e08-51e2-a4b4-29ea8fee5576/states/provision HTTP/1.1" status: 202 len: 383 time: 0.2221789
2017-03-21 09:34:00.334 22233 INFO eventlet.wsgi.server [req-72999a52-bb34-4bf0-8f96-8a2ff9d7bb33 - - - - -] 127.0.0.1 "GET /v1/nodes/a960e3ed-9e08-51e2-a4b4-29ea8fee5576 HTTP/1.1" status: 200 len: 2024 time: 0.0329199
2017-03-21 09:34:00.363 22237 INFO eventlet.wsgi.server [req-caa0edb8-2c4b-4bcb-b343-05bb80d02a80 - - - - -] 127.0.0.1 "PUT /v1/nodes/78544ab5-49df-5a83-acfa-2068ac465b21/states/provision HTTP/1.1" status: 202 len: 383 time: 0.2465200
2017-03-21 09:34:00.396 22237 INFO eventlet.wsgi.server [req-292e5659-acdb-4eb2-9e4d-27508634d5c6 - - - - -] 127.0.0.1 "GET /v1/nodes/78544ab5-49df-5a83-acfa-2068ac465b21 HTTP/1.1" status: 200 len: 2021 time: 0.0287700
2017-03-21 09:34:41.671 22233 INFO eventlet.wsgi.server [req-14e3d94c-58d1-44a7-8535-4d3cb00d8448 - - - - -] 127.0.0.1 "GET /v1/nodes HTTP/1.1" status: 200 len: 1517 time: 0.0555148
2017-03-21 09:35:05.106 22232 INFO eventlet.wsgi.server [req-c94f5616-42f5-448a-b854-d273da707523 - - - - -] 192.168.122.36 "GET /v1/lookup?addresses=52%3A54%3A00%3A56%3A16%3A41 HTTP/1.1" status: 200 len: 1297 time: 0.0203440
2017-03-21 09:35:05.175 22232 INFO eventlet.wsgi.server [req-3c926238-36d1-40eb-8b7d-5adc60f9698e - - - - -] 192.168.122.36 "POST /v1/heartbeat/f7647c75-31e7-5dc3-be4d-1011a681070a HTTP/1.1" status: 202 len: 298 time: 0.0549579
2017-03-21 09:35:08.819 22236 INFO eventlet.wsgi.server [req-f5fd7cad-f156-474e-ac60-632d6141b774 - - - - -] 192.168.122.246 "GET /v1/lookup?addresses=52%3A54%3A00%3Aee%3Aa5%3A32 HTTP/1.1" status: 200 len: 1297 time: 0.1809042
2017-03-21 09:35:08.877 22236 WARNING oslo_config.cfg [req-0d59c329-cd51-4004-8e00-8bf89a49a65f - - - - -] Option "rabbit_userid" from group "DEFAULT" is deprecated. Use option "rabbit_userid" from group "oslo_messaging_rabbit".
2017-03-21 09:35:08.878 22236 WARNING oslo_config.cfg [req-0d59c329-cd51-4004-8e00-8bf89a49a65f - - - - -] Option "rabbit_userid" from group "oslo_messaging_rabbit" is deprecated for removal. Its value may be silently ignored in the future.
2017-03-21 09:35:08.879 22236 WARNING oslo_config.cfg [req-0d59c329-cd51-4004-8e00-8bf89a49a65f - - - - -] Option "rabbit_password" from group "DEFAULT" is deprecated. Use option "rabbit_password" from group "oslo_messaging_rabbit".
2017-03-21 09:35:08.879 22236 WARNING oslo_config.cfg [req-0d59c329-cd51-4004-8e00-8bf89a49a65f - - - - -] Option "rabbit_password" from group "oslo_messaging_rabbit" is deprecated for removal. Its value may be silently ignored in the future.
2017-03-21 09:35:08.969 22236 INFO eventlet.wsgi.server [req-0d59c329-cd51-4004-8e00-8bf89a49a65f - - - - -] 192.168.122.246 "POST /v1/heartbeat/78544ab5-49df-5a83-acfa-2068ac465b21 HTTP/1.1" status: 202 len: 298 time: 0.1292191
2017-03-21 09:35:12.402 22234 INFO eventlet.wsgi.server [req-52261c75-42f5-4dbd-9b98-ffe7b625ac91 - - - - -] 192.168.122.105 "GET /v1/lookup?addresses=52%3A54%3A00%3A9b%3A13%3A70 HTTP/1.1" status: 200 len: 1297 time: 0.0230629
2017-03-21 09:35:12.483 22234 INFO eventlet.wsgi.server [req-fdc4e514-6a13-4c25-ab41-7c9b947f9e0e - - - - -] 192.168.122.105 "POST /v1/heartbeat/a960e3ed-9e08-51e2-a4b4-29ea8fee5576 HTTP/1.1" status: 202 len: 298 time: 0.0651531
2017-03-21 09:35:41.652 22245 INFO eventlet.wsgi.server [req-ff4528b2-2679-4a20-a4a2-0ebafb6ea7f7 - - - - -] 127.0.0.1 "GET /v1/nodes HTTP/1.1" status: 200 len: 1525 time: 0.0375690
2017-03-21 09:36:17.795 22236 INFO eventlet.wsgi.server [req-4bfc89e6-44d1-48dd-b29b-41e21dd196fe - - - - -] 192.168.122.246 "POST /v1/heartbeat/78544ab5-49df-5a83-acfa-2068ac465b21 HTTP/1.1" status: 202 len: 298 time: 0.0814779
2017-03-21 09:36:26.794 22232 INFO eventlet.wsgi.server [req-392306fa-256e-4d4c-947d-a3322a78768f - - - - -] 192.168.122.36 "POST /v1/heartbeat/f7647c75-31e7-5dc3-be4d-1011a681070a HTTP/1.1" status: 202 len: 298 time: 0.8560190
2017-03-21 09:36:26.950 22234 INFO eventlet.wsgi.server [req-9c41aa07-23d8-4e4f-aff0-5bd2018c6e7f - - - - -] 192.168.122.105 "POST /v1/heartbeat/a960e3ed-9e08-51e2-a4b4-29ea8fee5576 HTTP/1.1" status: 202 len: 298 time: 0.0784180
2017-03-21 09:36:37.252 22236 INFO eventlet.wsgi.server [req-97865e9e-0cce-4319-9af2-19acb857376f - - - - -] 192.168.122.246 "POST /v1/heartbeat/78544ab5-49df-5a83-acfa-2068ac465b21 HTTP/1.1" status: 202 len: 298 time: 0.0881798
2017-03-21 09:36:41.673 22232 INFO eventlet.wsgi.server [req-46227d4d-dba9-45fe-ba68-9e9f6417ea66 - - - - -] 127.0.0.1 "GET /v1/nodes HTTP/1.1" status: 200 len: 1510 time: 0.0546541
2017-03-21 09:36:48.974 22234 INFO eventlet.wsgi.server [req-5b4c2080-0409-4908-a18c-b578d0b9538f - - - - -] 192.168.122.105 "POST /v1/heartbeat/a960e3ed-9e08-51e2-a4b4-29ea8fee5576 HTTP/1.1" status: 202 len: 298 time: 0.0764449
2017-03-21 09:36:51.468 22232 INFO eventlet.wsgi.server [req-6b807c14-eebb-4fd3-ba69-ca9db7917e5b - - - - -] 192.168.122.36 "POST /v1/heartbeat/f7647c75-31e7-5dc3-be4d-1011a681070a HTTP/1.1" status: 202 len: 298 time: 0.0594909
2017-03-21 09:37:41.803 22235 INFO eventlet.wsgi.server [req-f659e05d-ca4c-43f7-afc9-a1175cec0758 - - - - -] 127.0.0.1 "GET /v1/nodes HTTP/1.1" status: 200 len: 1501 time: 0.1828921
2017-03-21 09:38:06.279 22245 INFO eventlet.wsgi.server [req-22470db5-75fa-460b-8452-75c64c452b18 - - - - -] 127.0.0.1 "GET /v1/nodes HTTP/1.1" status: 200 len: 1500 time: 0.0616200
2017-03-21 09:38:41.701 22236 INFO eventlet.wsgi.server [req-2b3506c0-c805-4058-869a-4a8a34d51f3d - - - - -] 127.0.0.1 "GET /v1/nodes HTTP/1.1" status: 200 len: 1501 time: 0.0786731
2017-03-21 09:39:41.679 22242 INFO eventlet.wsgi.server [req-d9e070af-4454-4c2d-8f70-0c38370ec652 - - - - -] 127.0.0.1 "GET /v1/nodes HTTP/1.1" status: 200 len: 1501 time: 0.0543611
2017-03-21 09:40:41.697 22232 INFO eventlet.wsgi.server [req-e527d640-f3f7-4837-a4eb-950d268e712f - - - - -] 127.0.0.1 "GET /v1/nodes HTTP/1.1" status: 200 len: 1501 time: 0.0691390
2017-03-21 09:41:41.704 22231 INFO eventlet.wsgi.server [req-9c1300fb-4553-4695-b40b-a7958b9e074a - - - - -] 127.0.0.1 "GET /v1/nodes HTTP/1.1" status: 200 len: 1501 time: 0.0694220
2017-03-21 09:42:41.698 22231 INFO eventlet.wsgi.server [req-286b2915-a2cc-44cb-9ea2-b570a670a252 - - - - -] 127.0.0.1 "GET /v1/nodes HTTP/1.1" status: 200 len: 1501 time: 0.0652881
2017-03-21 09:43:41.691 22232 INFO eventlet.wsgi.server [req-b5145b4e-0d28-424a-b477-035603456e6f - - - - -] 127.0.0.1 "GET /v1/nodes HTTP/1.1" status: 200 len: 1501 time: 0.0561340
2017-03-21 09:44:41.702 22234 INFO eventlet.wsgi.server [req-105eca2c-ac17-4523-ad10-9288b972183f - - - - -] 127.0.0.1 "GET /v1/nodes HTTP/1.1" status: 200 len: 1501 time: 0.0652690
2017-03-21 09:45:41.931 22230 INFO eventlet.wsgi.server [req-648290f5-36f9-4f09-95ea-a3703a83b8a5 - - - - -] 127.0.0.1 "GET /v1/nodes HTTP/1.1" status: 200 len: 1501 time: 0.2926559
2017-03-21 09:46:41.700 22245 INFO eventlet.wsgi.server [req-36ac6a4d-97c0-429b-b6b2-84bf1b69cf14 - - - - -] 127.0.0.1 "GET /v1/nodes HTTP/1.1" status: 200 len: 1501 time: 0.0634439
2017-03-21 09:47:41.702 22231 INFO eventlet.wsgi.server [req-748d0e01-686a-4be4-9c50-c3d3faa3e78f - - - - -] 127.0.0.1 "GET /v1/nodes HTTP/1.1" status: 200 len: 1501 time: 0.0625281
2017-03-21 09:48:41.707 22231 INFO eventlet.wsgi.server [req-306a0fac-8f25-47ae-b068-99935ae2f152 - - - - -] 127.0.0.1 "GET /v1/nodes HTTP/1.1" status: 200 len: 1501 time: 0.0673501
2017-03-21 09:49:41.704 22231 INFO eventlet.wsgi.server [req-00d9fb06-683f-4a90-ad7c-29cabc94b8b2 - - - - -] 127.0.0.1 "GET /v1/nodes HTTP/1.1" status: 200 len: 1501 time: 0.0606539
2017-03-21 09:50:41.707 22231 INFO eventlet.wsgi.server [req-47937bd8-88c6-4259-95db-988807d7dd0c - - - - -] 127.0.0.1 "GET /v1/nodes HTTP/1.1" status: 200 len: 1501 time: 0.0596750
2017-03-21 09:51:41.722 22231 INFO eventlet.wsgi.server [req-86249df8-f2d3-4e7a-886d-a7a598736e87 - - - - -] 127.0.0.1 "GET /v1/nodes HTTP/1.1" status: 200 len: 1501 time: 0.0705729
2017-03-21 09:52:41.718 22236 INFO eventlet.wsgi.server [req-2ecbc503-8398-40d1-b138-47e097e3b43a - - - - -] 127.0.0.1 "GET /v1/nodes HTTP/1.1" status: 200 len: 1501 time: 0.0649960
2017-03-21 09:53:41.734 22231 INFO eventlet.wsgi.server [req-d9874ef9-bdde-4202-9428-b94e59385561 - - - - -] 127.0.0.1 "GET /v1/nodes HTTP/1.1" status: 200 len: 1501 time: 0.0755260
2017-03-21 09:54:41.732 22234 INFO eventlet.wsgi.server [req-1190f2d7-db18-4491-8bc5-12998b4e4420 - - - - -] 127.0.0.1 "GET /v1/nodes HTTP/1.1" status: 200 len: 1501 time: 0.0717480
2017-03-21 09:55:41.722 22231 INFO eventlet.wsgi.server [req-04aca4ec-b7e1-4d7a-88a1-8327527a90b2 - - - - -] 127.0.0.1 "GET /v1/nodes HTTP/1.1" status: 200 len: 1501 time: 0.0612919
2017-03-21 09:56:41.731 22234 INFO eventlet.wsgi.server [req-1476112d-f5f8-4c80-ac9d-e96187be03dd - - - - -] 127.0.0.1 "GET /v1/nodes HTTP/1.1" status: 200 len: 1501 time: 0.0673220
2017-03-21 09:57:41.730 22231 INFO eventlet.wsgi.server [req-506fa6b6-51b9-4eb1-aba0-517d436c615d - - - - -] 127.0.0.1 "GET /v1/nodes HTTP/1.1" status: 200 len: 1501 time: 0.0645039
2017-03-21 09:58:41.729 22236 INFO eventlet.wsgi.server [req-d82a6854-f83e-4344-9d25-a5ada05d37ff - - - - -] 127.0.0.1 "GET /v1/nodes HTTP/1.1" status: 200 len: 1501 time: 0.0644331
2017-03-21 09:59:41.728 22242 INFO eventlet.wsgi.server [req-96490623-99d4-464a-a477-9f28d1957b71 - - - - -] 127.0.0.1 "GET /v1/nodes HTTP/1.1" status: 200 len: 1501 time: 0.0630782
2017-03-21 10:00:41.740 22230 INFO eventlet.wsgi.server [req-385b1798-4a42-4bda-b852-8e05ef8ebf55 - - - - -] 127.0.0.1 "GET /v1/nodes HTTP/1.1" status: 200 len: 1501 time: 0.0676832
2017-03-21 10:01:41.741 22245 INFO eventlet.wsgi.server [req-1e61f4bd-5b76-458f-ad0e-d34348165f0d - - - - -] 127.0.0.1 "GET /v1/nodes HTTP/1.1" status: 200 len: 1501 time: 0.0692792
2017-03-21 10:02:41.745 22236 INFO eventlet.wsgi.server [req-1dfbe74b-acae-463c-830f-392c9dba66a8 - - - - -] 127.0.0.1 "GET /v1/nodes HTTP/1.1" status: 200 len: 1501 time: 0.0716739
2017-03-21 10:03:41.740 22232 INFO eventlet.wsgi.server [req-b92a41fc-a51c-4cba-a41f-cb856935b9be - - - - -] 127.0.0.1 "GET /v1/nodes HTTP/1.1" status: 200 len: 1501 time: 0.0599792
2017-03-21 10:04:41.737 22239 INFO eventlet.wsgi.server [req-51b63571-e55a-47c3-a73d-806b440fa053 - - - - -] 127.0.0.1 "GET /v1/nodes HTTP/1.1" status: 200 len: 1501 time: 0.0584939
2017-03-21 10:05:41.742 22239 INFO eventlet.wsgi.server [req-7bfa85f0-fcf6-4e65-b33f-e7abc25cdfcb - - - - -] 127.0.0.1 "GET /v1/nodes HTTP/1.1" status: 200 len: 1501 time: 0.0629520
2017-03-21 10:06:41.745 22232 INFO eventlet.wsgi.server [req-1fc14fe9-ec96-402b-96ac-4bf6fd9b11b3 - - - - -] 127.0.0.1 "GET /v1/nodes HTTP/1.1" status: 200 len: 1501 time: 0.0628021
2017-03-21 10:07:41.744 22231 INFO eventlet.wsgi.server [req-3996edd6-99cf-4810-9d3f-30652a39d2e7 - - - - -] 127.0.0.1 "GET /v1/nodes HTTP/1.1" status: 200 len: 1501 time: 0.0599320
2017-03-21 10:08:41.757 22236 INFO eventlet.wsgi.server [req-415995d3-4790-4c5e-8c66-31184a377fd9 - - - - -] 127.0.0.1 "GET /v1/nodes HTTP/1.1" status: 200 len: 1501 time: 0.0704920
2017-03-21 10:09:41.761 22239 INFO eventlet.wsgi.server [req-09eed4b5-9fb4-49fb-acc3-e527445e9812 - - - - -] 127.0.0.1 "GET /v1/nodes HTTP/1.1" status: 200 len: 1501 time: 0.0690660
2017-03-21 10:10:41.776 22230 INFO eventlet.wsgi.server [req-ba679170-526b-41f8-9585-9b5c67a72466 - - - - -] 127.0.0.1 "GET /v1/nodes HTTP/1.1" status: 200 len: 1501 time: 0.0805230
2017-03-21 10:11:41.770 22240 INFO eventlet.wsgi.server [req-39d6a0ad-473b-4262-ba99-21ad7eedc816 - - - - -] 127.0.0.1 "GET /v1/nodes HTTP/1.1" status: 200 len: 1501 time: 0.0740299
2017-03-21 10:12:41.757 22233 INFO eventlet.wsgi.server [req-b27fb54a-1a69-4891-8614-fa1eb7006436 - - - - -] 127.0.0.1 "GET /v1/nodes HTTP/1.1" status: 200 len: 1501 time: 0.0600240
2017-03-21 10:13:41.964 22244 INFO eventlet.wsgi.server [req-3d720ae8-89f6-462a-a94a-299212df5bf3 - - - - -] 127.0.0.1 "GET /v1/nodes HTTP/1.1" status: 200 len: 1501 time: 0.2624481
2017-03-21 10:14:41.753 22231 INFO eventlet.wsgi.server [req-1cb806f6-e720-438f-bce1-2759e712de7d - - - - -] 127.0.0.1 "GET /v1/nodes HTTP/1.1" status: 200 len: 1501 time: 0.0575681
2017-03-21 10:15:41.755 22231 INFO eventlet.wsgi.server [req-90427834-b7e1-46ae-aef2-3df526fb5875 - - - - -] 127.0.0.1 "GET /v1/nodes HTTP/1.1" status: 200 len: 1501 time: 0.0574472
2017-03-21 10:16:41.768 22231 INFO eventlet.wsgi.server [req-88d037bf-0fb1-4a36-acb2-ff66806f0787 - - - - -] 127.0.0.1 "GET /v1/nodes HTTP/1.1" status: 200 len: 1501 time: 0.0700190
2017-03-21 10:17:41.778 22237 INFO eventlet.wsgi.server [req-da2bbe63-3fa3-41cd-b593-7003ad71f096 - - - - -] 127.0.0.1 "GET /v1/nodes HTTP/1.1" status: 200 len: 1501 time: 0.0724852
2017-03-21 10:18:41.777 22245 INFO eventlet.wsgi.server [req-499cd9f5-cbf7-4dec-9248-5701b4e93e57 - - - - -] 127.0.0.1 "GET /v1/nodes HTTP/1.1" status: 200 len: 1501 time: 0.0649710
2017-03-21 10:19:41.777 22233 INFO eventlet.wsgi.server [req-1f4f17b2-e2f7-46ee-be6e-bd9310009c63 - - - - -] 127.0.0.1 "GET /v1/nodes HTTP/1.1" status: 200 len: 1501 time: 0.0669229
2017-03-21 10:20:41.773 22240 INFO eventlet.wsgi.server [req-9a7f1e21-1fb2-47d8-a71c-005d6b6ba765 - - - - -] 127.0.0.1 "GET /v1/nodes HTTP/1.1" status: 200 len: 1501 time: 0.0638080
2017-03-21 10:21:41.773 22234 INFO eventlet.wsgi.server [req-fe610460-b77d-4d1d-b95d-7e68c2a1e120 - - - - -] 127.0.0.1 "GET /v1/nodes HTTP/1.1" status: 200 len: 1501 time: 0.0618989
2017-03-21 10:22:41.780 22234 INFO eventlet.wsgi.server [req-5bb45dd1-36fc-4c88-83cf-091c0a870071 - - - - -] 127.0.0.1 "GET /v1/nodes HTTP/1.1" status: 200 len: 1501 time: 0.0683191
2017-03-21 10:23:41.795 22232 INFO eventlet.wsgi.server [req-2b87430f-3556-47ea-aef4-187b4d258218 - - - - -] 127.0.0.1 "GET /v1/nodes HTTP/1.1" status: 200 len: 1501 time: 0.0714729
2017-03-21 10:24:41.785 22240 INFO eventlet.wsgi.server [req-40b32254-7361-4a58-86ee-2e5acce257d4 - - - - -] 127.0.0.1 "GET /v1/nodes HTTP/1.1" status: 200 len: 1501 time: 0.0647171
2017-03-21 10:25:41.787 22231 INFO eventlet.wsgi.server [req-65c029c0-8109-4a4e-ad83-eec3fd47ffd7 - - - - -] 127.0.0.1 "GET /v1/nodes HTTP/1.1" status: 200 len: 1501 time: 0.0674429
2017-03-21 10:26:41.788 22231 INFO eventlet.wsgi.server [req-d5e84067-26bb-4692-90b4-66cc18f27e56 - - - - -] 127.0.0.1 "GET /v1/nodes HTTP/1.1" status: 200 len: 1501 time: 0.0678041
2017-03-21 10:27:41.784 22231 INFO eventlet.wsgi.server [req-fa355014-8812-4ce2-b08d-35a8e0089ca1 - - - - -] 127.0.0.1 "GET /v1/nodes HTTP/1.1" status: 200 len: 1501 time: 0.0618160
2017-03-21 10:28:41.783 22231 INFO eventlet.wsgi.server [req-f9910aac-c5b4-4b5d-a260-e9a247ee0cd7 - - - - -] 127.0.0.1 "GET /v1/nodes HTTP/1.1" status: 200 len: 1501 time: 0.0617950
2017-03-21 10:29:41.797 22234 INFO eventlet.wsgi.server [req-41c5c400-d2bd-47b0-b81d-7cccfa0dd1d6 - - - - -] 127.0.0.1 "GET /v1/nodes HTTP/1.1" status: 200 len: 1501 time: 0.0696859
2017-03-21 10:30:41.804 22231 INFO eventlet.wsgi.server [req-584940e3-eb0b-4079-9d00-fa9a300b5606 - - - - -] 127.0.0.1 "GET /v1/nodes HTTP/1.1" status: 200 len: 1501 time: 0.0725470
2017-03-21 10:31:41.801 22244 INFO eventlet.wsgi.server [req-e1732fda-3bd1-4939-a8d3-22072c5339e8 - - - - -] 127.0.0.1 "GET /v1/nodes HTTP/1.1" status: 200 len: 1501 time: 0.0679049
2017-03-21 10:32:41.804 22243 INFO eventlet.wsgi.server [req-efa3e9d2-5dfa-47b9-87e3-99bcce2017d9 - - - - -] 127.0.0.1 "GET /v1/nodes HTTP/1.1" status: 200 len: 1501 time: 0.0717130
2017-03-21 10:33:41.813 22231 INFO eventlet.wsgi.server [req-7af6ee46-3ff0-4091-9f2d-80e79977a4a9 - - - - -] 127.0.0.1 "GET /v1/nodes HTTP/1.1" status: 200 len: 1501 time: 0.0779691
2017-03-21 10:34:41.797 22231 INFO eventlet.wsgi.server [req-1ea70d15-4b94-441c-a383-e3cea797ac40 - - - - -] 127.0.0.1 "GET /v1/nodes HTTP/1.1" status: 200 len: 1501 time: 0.0607729
2017-03-21 10:35:41.809 22231 INFO eventlet.wsgi.server [req-b26bd9a5-256c-45f7-901b-e168e8c05d45 - - - - -] 127.0.0.1 "GET /v1/nodes HTTP/1.1" status: 200 len: 1501 time: 0.0604210
2017-03-21 10:36:41.808 22234 INFO eventlet.wsgi.server [req-859c117b-c06e-477c-8c71-8eba5066dfaa - - - - -] 127.0.0.1 "GET /v1/nodes HTTP/1.1" status: 200 len: 1501 time: 0.0659080
2017-03-21 10:37:41.818 22244 INFO eventlet.wsgi.server [req-a0dd0e1f-9c2a-4e56-b2c2-269125d38c8f - - - - -] 127.0.0.1 "GET /v1/nodes HTTP/1.1" status: 200 len: 1501 time: 0.0723660
2017-03-21 10:38:41.814 22243 INFO eventlet.wsgi.server [req-021a5cca-7610-4757-b9da-700d7608043d - - - - -] 127.0.0.1 "GET /v1/nodes HTTP/1.1" status: 200 len: 1501 time: 0.0654171
2017-03-21 10:39:41.823 22237 INFO eventlet.wsgi.server [req-b7909735-4596-4217-a0ad-02259a8dc267 - - - - -] 127.0.0.1 "GET /v1/nodes HTTP/1.1" status: 200 len: 1501 time: 0.0734038
2017-03-21 10:40:41.819 22243 INFO eventlet.wsgi.server [req-76b2253c-1d79-444b-a0ad-e491a0a5ee2d - - - - -] 127.0.0.1 "GET /v1/nodes HTTP/1.1" status: 200 len: 1501 time: 0.0709510
2017-03-21 10:41:41.821 22237 INFO eventlet.wsgi.server [req-66f4ef0d-13a2-41b2-bd0d-2fdf7d357098 - - - - -] 127.0.0.1 "GET /v1/nodes HTTP/1.1" status: 200 len: 1501 time: 0.0709541
2017-03-21 10:42:41.824 22241 INFO eventlet.wsgi.server [req-1e6eaf77-10e5-4dfe-b07a-60f4c6514590 - - - - -] 127.0.0.1 "GET /v1/nodes HTTP/1.1" status: 200 len: 1501 time: 0.0694430
2017-03-21 10:42:50.797 22241 INFO oslo.service.wsgi [-] Stopping WSGI server.
2017-03-21 10:42:50.797 22237 INFO oslo.service.wsgi [-] Stopping WSGI server.
2017-03-21 10:42:50.798 22241 INFO eventlet.wsgi.server [-] (22241) wsgi exited, is_accepting=True
2017-03-21 10:42:50.798 22237 INFO eventlet.wsgi.server [-] (22237) wsgi exited, is_accepting=True
2017-03-21 10:42:50.797 22240 INFO oslo.service.wsgi [-] Stopping WSGI server.
2017-03-21 10:42:50.798 22202 INFO oslo_service.service [-] Caught SIGTERM, stopping children
2017-03-21 10:42:50.798 22244 INFO oslo.service.wsgi [-] Stopping WSGI server.
2017-03-21 10:42:50.798 22236 INFO oslo.service.wsgi [-] Stopping WSGI server.
2017-03-21 10:42:50.800 22240 INFO eventlet.wsgi.server [-] (22240) wsgi exited, is_accepting=True
2017-03-21 10:42:50.799 22233 INFO oslo.service.wsgi [-] Stopping WSGI server.
2017-03-21 10:42:50.801 22236 INFO eventlet.wsgi.server [-] (22236) wsgi exited, is_accepting=True
2017-03-21 10:42:50.801 22244 INFO eventlet.wsgi.server [-] (22244) wsgi exited, is_accepting=True
2017-03-21 10:42:50.799 22230 INFO oslo.service.wsgi [-] Stopping WSGI server.
2017-03-21 10:42:50.799 22238 INFO oslo.service.wsgi [-] Stopping WSGI server.
2017-03-21 10:42:50.801 22233 INFO eventlet.wsgi.server [-] (22233) wsgi exited, is_accepting=True
2017-03-21 10:42:50.801 22202 INFO oslo.service.wsgi [-] Stopping WSGI server.
2017-03-21 10:42:50.800 22235 INFO oslo.service.wsgi [-] Stopping WSGI server.
2017-03-21 10:42:50.802 22202 INFO oslo_service.service [-] Waiting on 16 children to exit
2017-03-21 10:42:50.803 22232 INFO oslo.service.wsgi [-] Stopping WSGI server.
2017-03-21 10:42:50.803 22234 INFO oslo.service.wsgi [-] Stopping WSGI server.
2017-03-21 10:42:50.803 22242 INFO oslo.service.wsgi [-] Stopping WSGI server.
2017-03-21 10:42:50.804 22232 INFO eventlet.wsgi.server [-] (22232) wsgi exited, is_accepting=True
2017-03-21 10:42:50.804 22242 INFO eventlet.wsgi.server [-] (22242) wsgi exited, is_accepting=True
2017-03-21 10:42:50.804 22234 INFO eventlet.wsgi.server [-] (22234) wsgi exited, is_accepting=True
2017-03-21 10:42:50.806 22245 INFO oslo.service.wsgi [-] Stopping WSGI server.
2017-03-21 10:42:50.808 22245 INFO eventlet.wsgi.server [-] (22245) wsgi exited, is_accepting=True
2017-03-21 10:42:50.809 22202 INFO oslo_service.service [-] Child 22241 exited with status 0
2017-03-21 10:42:50.812 22231 INFO oslo.service.wsgi [-] Stopping WSGI server.
2017-03-21 10:42:50.814 22202 INFO oslo_service.service [-] Child 22237 exited with status 0
2017-03-21 10:42:50.814 22231 INFO eventlet.wsgi.server [-] (22231) wsgi exited, is_accepting=True
2017-03-21 10:42:50.814 22202 INFO oslo_service.service [-] Child 22235 killed by signal 15
2017-03-21 10:42:50.815 22202 INFO oslo_service.service [-] Child 22238 killed by signal 15
2017-03-21 10:42:50.815 22202 INFO oslo_service.service [-] Child 22236 killed by signal 15
2017-03-21 10:42:50.817 22202 INFO oslo_service.service [-] Child 22244 killed by signal 15
2017-03-21 10:42:50.817 22202 INFO oslo_service.service [-] Child 22230 killed by signal 15
2017-03-21 10:42:50.817 22239 INFO oslo.service.wsgi [-] Stopping WSGI server.
2017-03-21 10:42:50.818 22202 INFO oslo_service.service [-] Child 22245 exited with status 0
2017-03-21 10:42:50.821 22239 INFO eventlet.wsgi.server [-] (22239) wsgi exited, is_accepting=True
2017-03-21 10:42:50.821 22202 INFO oslo_service.service [-] Child 22242 exited with status 0
2017-03-21 10:42:50.823 22202 INFO oslo_service.service [-] Child 22231 exited with status 0
2017-03-21 10:42:50.823 22202 INFO oslo_service.service [-] Child 22233 killed by signal 15
2017-03-21 10:42:50.824 22202 INFO oslo_service.service [-] Child 22240 exited with status 0
2017-03-21 10:42:50.824 22243 INFO oslo.service.wsgi [-] Stopping WSGI server.
2017-03-21 10:42:50.825 22243 INFO eventlet.wsgi.server [-] (22243) wsgi exited, is_accepting=True
2017-03-21 10:42:50.829 22202 INFO oslo_service.service [-] Child 22234 exited with status 0
2017-03-21 10:42:50.831 22202 INFO oslo_service.service [-] Child 22232 exited with status 0
2017-03-21 10:42:50.832 22202 INFO oslo_service.service [-] Child 22239 exited with status 0
2017-03-21 10:42:50.833 22202 INFO oslo_service.service [-] Child 22243 exited with status 0
2017-03-21 10:42:52.416 9661 INFO oslo.service.wsgi [-] ironic_api listening on 0.0.0.0:6385
2017-03-21 10:42:52.417 9661 INFO oslo_service.service [-] Starting 16 workers
2017-03-21 10:42:52.430 9758 INFO eventlet.wsgi.server [-] (9758) wsgi starting up on http://0.0.0.0:6385
2017-03-21 10:42:52.431 9759 INFO eventlet.wsgi.server [-] (9759) wsgi starting up on http://0.0.0.0:6385
2017-03-21 10:42:52.432 9760 INFO eventlet.wsgi.server [-] (9760) wsgi starting up on http://0.0.0.0:6385
2017-03-21 10:42:52.434 9762 INFO eventlet.wsgi.server [-] (9762) wsgi starting up on http://0.0.0.0:6385
2017-03-21 10:42:52.438 9756 INFO eventlet.wsgi.server [-] (9756) wsgi starting up on http://0.0.0.0:6385
2017-03-21 10:42:52.439 9765 INFO eventlet.wsgi.server [-] (9765) wsgi starting up on http://0.0.0.0:6385
2017-03-21 10:42:52.442 9757 INFO eventlet.wsgi.server [-] (9757) wsgi starting up on http://0.0.0.0:6385
2017-03-21 10:42:52.442 9768 INFO eventlet.wsgi.server [-] (9768) wsgi starting up on http://0.0.0.0:6385
2017-03-21 10:42:52.442 9761 INFO eventlet.wsgi.server [-] (9761) wsgi starting up on http://0.0.0.0:6385
2017-03-21 10:42:52.444 9767 INFO eventlet.wsgi.server [-] (9767) wsgi starting up on http://0.0.0.0:6385
2017-03-21 10:42:52.444 9769 INFO eventlet.wsgi.server [-] (9769) wsgi starting up on http://0.0.0.0:6385
2017-03-21 10:42:52.445 9771 INFO eventlet.wsgi.server [-] (9771) wsgi starting up on http://0.0.0.0:6385
2017-03-21 10:42:52.447 9661 WARNING oslo_config.cfg [-] Option "rabbit_password" from group "DEFAULT" is deprecated. Use option "rabbit_password" from group "oslo_messaging_rabbit".
2017-03-21 10:42:52.446 9770 INFO eventlet.wsgi.server [-] (9770) wsgi starting up on http://0.0.0.0:6385
2017-03-21 10:42:52.448 9661 WARNING oslo_config.cfg [-] Option "rabbit_password" from group "oslo_messaging_rabbit" is deprecated for removal. Its value may be silently ignored in the future.
2017-03-21 10:42:52.448 9661 WARNING oslo_config.cfg [-] Option "rabbit_userid" from group "DEFAULT" is deprecated. Use option "rabbit_userid" from group "oslo_messaging_rabbit".
2017-03-21 10:42:52.449 9661 WARNING oslo_config.cfg [-] Option "rabbit_userid" from group "oslo_messaging_rabbit" is deprecated for removal. Its value may be silently ignored in the future.
2017-03-21 10:42:52.447 9766 INFO eventlet.wsgi.server [-] (9766) wsgi starting up on http://0.0.0.0:6385
2017-03-21 10:42:52.450 9764 INFO eventlet.wsgi.server [-] (9764) wsgi starting up on http://0.0.0.0:6385
2017-03-21 10:42:52.447 9763 INFO eventlet.wsgi.server [-] (9763) wsgi starting up on http://0.0.0.0:6385
2017-03-21 10:43:52.541 9761 ERROR wsme.api [req-d90c1245-ad79-4e9b-b640-67513192e7e1 - - - - -] Server-side error: "(pymysql.err.InternalError) (1049, u"Unknown database 'ironic'")". Detail: Traceback (most recent call last): File "/usr/local/lib/python2.7/dist-packages/wsmeext/pecan.py", line 85, in callfunction result = f(self, *args, **kwargs)
File "/usr/local/lib/python2.7/dist-packages/ironic/api/controllers/v1/node.py", line 1456, in get_all fields=fields)
File "/usr/local/lib/python2.7/dist-packages/ironic/api/controllers/v1/node.py", line 1310, in _get_nodes_collection filters=filters)
File "/usr/local/lib/python2.7/dist-packages/ironic/objects/node.py", line 255, in list sort_dir=sort_dir)
File "/usr/local/lib/python2.7/dist-packages/ironic/db/sqlalchemy/api.py", line 260, in get_node_list query = _get_node_query_with_tags()
File "/usr/local/lib/python2.7/dist-packages/ironic/db/sqlalchemy/api.py", line 67, in _get_node_query_with_tags return model_query(models.Node).options(joinedload('tags'))
File "/usr/local/lib/python2.7/dist-packages/ironic/db/sqlalchemy/api.py", line 76, in model_query with _session_for_read() as session: File "/usr/lib/python2.7/contextlib.py", line 17, in __enter__ return self.gen.next()
File "/usr/local/lib/python2.7/dist-packages/oslo_db/sqlalchemy/enginefacade.py", line 1012, in _transaction_scope allow_async=self._allow_async) as resource: File "/usr/lib/python2.7/contextlib.py", line 17, in __enter__ return self.gen.next()
File "/usr/local/lib/python2.7/dist-packages/oslo_db/sqlalchemy/enginefacade.py", line 625, in _session bind=self.connection, mode=self.mode)
File "/usr/local/lib/python2.7/dist-packages/oslo_db/sqlalchemy/enginefacade.py", line 395, in _create_session self._start()
File "/usr/local/lib/python2.7/dist-packages/oslo_db/sqlalchemy/enginefacade.py", line 481, in _start engine_args, maker_args)
File "/usr/local/lib/python2.7/dist-packages/oslo_db/sqlalchemy/enginefacade.py", line 505, in _setup_for_connection sql_connection=sql_connection, **engine_kwargs)
File "/usr/local/lib/python2.7/dist-packages/oslo_db/sqlalchemy/engines.py", line 155, in create_engine test_conn = _test_connection(engine, max_retries, retry_interval)
File "/usr/local/lib/python2.7/dist-packages/oslo_db/sqlalchemy/engines.py", line 331, in _test_connection return engine.connect()
File "/usr/local/lib/python2.7/dist-packages/sqlalchemy/engine/base.py", line 2018, in connect return self._connection_cls(self, **kwargs)
File "/usr/local/lib/python2.7/dist-packages/sqlalchemy/engine/base.py", line 72, in __init__ if connection is not None else engine.raw_connection()
File "/usr/local/lib/python2.7/dist-packages/sqlalchemy/engine/base.py", line 2104, in raw_connection self.pool.unique_connection, _connection)
File "/usr/local/lib/python2.7/dist-packages/sqlalchemy/engine/base.py", line 2078, in _wrap_pool_connect e, dialect, self)
File "/usr/local/lib/python2.7/dist-packages/sqlalchemy/engine/base.py", line 1401, in _handle_dbapi_exception_noconnection util.raise_from_cause(newraise, exc_info)
File "/usr/local/lib/python2.7/dist-packages/sqlalchemy/util/compat.py", line 203, in raise_from_cause reraise(type(exception), exception, tb=exc_tb, cause=cause)
File "/usr/local/lib/python2.7/dist-packages/sqlalchemy/engine/base.py", line 2074, in _wrap_pool_connect return fn()
File "/usr/local/lib/python2.7/dist-packages/sqlalchemy/pool.py", line 318, in unique_connection return _ConnectionFairy._checkout(self)
File "/usr/local/lib/python2.7/dist-packages/sqlalchemy/pool.py", line 713, in _checkout fairy = _ConnectionRecord.checkout(pool)
File "/usr/local/lib/python2.7/dist-packages/sqlalchemy/pool.py", line 480, in checkout rec = pool._do_get()
File "/usr/local/lib/python2.7/dist-packages/sqlalchemy/pool.py", line 1060, in _do_get self._dec_overflow()
File "/usr/local/lib/python2.7/dist-packages/sqlalchemy/util/langhelpers.py", line 60, in __exit__ compat.reraise(exc_type, exc_value, exc_tb)
File "/usr/local/lib/python2.7/dist-packages/sqlalchemy/pool.py", line 1057, in _do_get return self._create_connection()
File "/usr/local/lib/python2.7/dist-packages/sqlalchemy/pool.py", line 323, in _create_connection return _ConnectionRecord(self)
File "/usr/local/lib/python2.7/dist-packages/sqlalchemy/pool.py", line 449, in __init__ self.connection = self.__connect()
File "/usr/local/lib/python2.7/dist-packages/sqlalchemy/pool.py", line 607, in __connect connection = self.__pool._invoke_creator(self)
File "/usr/local/lib/python2.7/dist-packages/sqlalchemy/engine/strategies.py", line 97, in connect return dialect.connect(*cargs, **cparams)
File "/usr/local/lib/python2.7/dist-packages/sqlalchemy/engine/default.py", line 385, in connect return self.dbapi.connect(*cargs, **cparams)
File "/usr/local/lib/python2.7/dist-packages/pymysql/__init__.py", line 90, in Connect return Connection(*args, **kwargs)
File "/usr/local/lib/python2.7/dist-packages/pymysql/connections.py", line 688, in __init__ self.connect()
File "/usr/local/lib/python2.7/dist-packages/pymysql/connections.py", line 906, in connect self._request_authentication()
File "/usr/local/lib/python2.7/dist-packages/pymysql/connections.py", line 1114, in _request_authentication auth_packet = self._read_packet()
File "/usr/local/lib/python2.7/dist-packages/pymysql/connections.py", line 981, in _read_packet packet.check_error()
File "/usr/local/lib/python2.7/dist-packages/pymysql/connections.py", line 393, in check_error err.raise_mysql_exception(self._data)
File "/usr/local/lib/python2.7/dist-packages/pymysql/err.py", line 107, in raise_mysql_exception raise errorclass(errno, errval) DBNonExistentDatabase: (pymysql.err.InternalError) (1049, u"Unknown database 'ironic'")
2017-03-21 10:43:52.543 9761 INFO eventlet.wsgi.server [req-d90c1245-ad79-4e9b-b640-67513192e7e1 - - - - -] 127.0.0.1 "GET /v1/nodes HTTP/1.1" status: 500 len: 507 time: 0.1448541
2017-03-21 10:44:52.548 9766 ERROR wsme.api [req-569a0f8d-50a1-46f4-8092-6f388d16cc62 - - - - -] Server-side error: "(pymysql.err.InternalError) (1049, u"Unknown database 'ironic'")". Detail: Traceback (most recent call last): File "/usr/local/lib/python2.7/dist-packages/wsmeext/pecan.py", line 85, in callfunction result = f(self, *args, **kwargs)
File "/usr/local/lib/python2.7/dist-packages/ironic/api/controllers/v1/node.py", line 1456, in get_all fields=fields)
File "/usr/local/lib/python2.7/dist-packages/ironic/api/controllers/v1/node.py", line 1310, in _get_nodes_collection filters=filters)
File "/usr/local/lib/python2.7/dist-packages/ironic/objects/node.py", line 255, in list sort_dir=sort_dir)
File "/usr/local/lib/python2.7/dist-packages/ironic/db/sqlalchemy/api.py", line 260, in get_node_list query = _get_node_query_with_tags()
File "/usr/local/lib/python2.7/dist-packages/ironic/db/sqlalchemy/api.py", line 67, in _get_node_query_with_tags return model_query(models.Node).options(joinedload('tags'))
File "/usr/local/lib/python2.7/dist-packages/ironic/db/sqlalchemy/api.py", line 76, in model_query with _session_for_read() as session: File "/usr/lib/python2.7/contextlib.py", line 17, in __enter__ return self.gen.next()
File "/usr/local/lib/python2.7/dist-packages/oslo_db/sqlalchemy/enginefacade.py", line 1012, in _transaction_scope allow_async=self._allow_async) as resource: File "/usr/lib/python2.7/contextlib.py", line 17, in __enter__ return self.gen.next()
File "/usr/local/lib/python2.7/dist-packages/oslo_db/sqlalchemy/enginefacade.py", line 625, in _session bind=self.connection, mode=self.mode)
File "/usr/local/lib/python2.7/dist-packages/oslo_db/sqlalchemy/enginefacade.py", line 395, in _create_session self._start()
File "/usr/local/lib/python2.7/dist-packages/oslo_db/sqlalchemy/enginefacade.py", line 481, in _start engine_args, maker_args)
File "/usr/local/lib/python2.7/dist-packages/oslo_db/sqlalchemy/enginefacade.py", line 505, in _setup_for_connection sql_connection=sql_connection, **engine_kwargs)
File "/usr/local/lib/python2.7/dist-packages/oslo_db/sqlalchemy/engines.py", line 155, in create_engine test_conn = _test_connection(engine, max_retries, retry_interval)
File "/usr/local/lib/python2.7/dist-packages/oslo_db/sqlalchemy/engines.py", line 331, in _test_connection return engine.connect()
File "/usr/local/lib/python2.7/dist-packages/sqlalchemy/engine/base.py", line 2018, in connect return self._connection_cls(self, **kwargs)
File "/usr/local/lib/python2.7/dist-packages/sqlalchemy/engine/base.py", line 72, in __init__ if connection is not None else engine.raw_connection()
File "/usr/local/lib/python2.7/dist-packages/sqlalchemy/engine/base.py", line 2104, in raw_connection self.pool.unique_connection, _connection)
File "/usr/local/lib/python2.7/dist-packages/sqlalchemy/engine/base.py", line 2078, in _wrap_pool_connect e, dialect, self)
File "/usr/local/lib/python2.7/dist-packages/sqlalchemy/engine/base.py", line 1401, in _handle_dbapi_exception_noconnection util.raise_from_cause(newraise, exc_info)
File "/usr/local/lib/python2.7/dist-packages/sqlalchemy/util/compat.py", line 203, in raise_from_cause reraise(type(exception), exception, tb=exc_tb, cause=cause)
File "/usr/local/lib/python2.7/dist-packages/sqlalchemy/engine/base.py", line 2074, in _wrap_pool_connect return fn()
File "/usr/local/lib/python2.7/dist-packages/sqlalchemy/pool.py", line 318, in unique_connection return _ConnectionFairy._checkout(self)
File "/usr/local/lib/python2.7/dist-packages/sqlalchemy/pool.py", line 713, in _checkout fairy = _ConnectionRecord.checkout(pool)
File "/usr/local/lib/python2.7/dist-packages/sqlalchemy/pool.py", line 480, in checkout rec = pool._do_get()
File "/usr/local/lib/python2.7/dist-packages/sqlalchemy/pool.py", line 1060, in _do_get self._dec_overflow()
File "/usr/local/lib/python2.7/dist-packages/sqlalchemy/util/langhelpers.py", line 60, in __exit__ compat.reraise(exc_type, exc_value, exc_tb)
File "/usr/local/lib/python2.7/dist-packages/sqlalchemy/pool.py", line 1057, in _do_get return self._create_connection()
File "/usr/local/lib/python2.7/dist-packages/sqlalchemy/pool.py", line 323, in _create_connection return _ConnectionRecord(self)
File "/usr/local/lib/python2.7/dist-packages/sqlalchemy/pool.py", line 449, in __init__ self.connection = self.__connect()
File "/usr/local/lib/python2.7/dist-packages/sqlalchemy/pool.py", line 607, in __connect connection = self.__pool._invoke_creator(self)
File "/usr/local/lib/python2.7/dist-packages/sqlalchemy/engine/strategies.py", line 97, in connect return dialect.connect(*cargs, **cparams)
File "/usr/local/lib/python2.7/dist-packages/sqlalchemy/engine/default.py", line 385, in connect return self.dbapi.connect(*cargs, **cparams)
File "/usr/local/lib/python2.7/dist-packages/pymysql/__init__.py", line 90, in Connect return Connection(*args, **kwargs)
File "/usr/local/lib/python2.7/dist-packages/pymysql/connections.py", line 688, in __init__ self.connect()
File "/usr/local/lib/python2.7/dist-packages/pymysql/connections.py", line 906, in connect self._request_authentication()
File "/usr/local/lib/python2.7/dist-packages/pymysql/connections.py", line 1114, in _request_authentication auth_packet = self._read_packet()
File "/usr/local/lib/python2.7/dist-packages/pymysql/connections.py", line 981, in _read_packet packet.check_error()
File "/usr/local/lib/python2.7/dist-packages/pymysql/connections.py", line 393, in check_error err.raise_mysql_exception(self._data)
File "/usr/local/lib/python2.7/dist-packages/pymysql/err.py", line 107, in raise_mysql_exception raise errorclass(errno, errval) DBNonExistentDatabase: (pymysql.err.InternalError) (1049, u"Unknown database 'ironic'")
2017-03-21 10:44:52.551 9766 INFO eventlet.wsgi.server [req-569a0f8d-50a1-46f4-8092-6f388d16cc62 - - - - -] 127.0.0.1 "GET /v1/nodes HTTP/1.1" status: 500 len: 507 time: 0.1662619
2017-03-21 10:45:52.694 9661 INFO oslo_service.service [-] Child 9767 killed by signal 11
2017-03-21 10:45:52.706 12351 INFO eventlet.wsgi.server [-] (12351) wsgi starting up on http://0.0.0.0:6385
2017-03-21 10:45:54.978 9661 INFO oslo_service.service [-] Child 9758 killed by signal 11
2017-03-21 10:45:54.990 12381 INFO eventlet.wsgi.server [-] (12381) wsgi starting up on http://0.0.0.0:6385
2017-03-21 10:45:57.228 9661 INFO oslo_service.service [-] Child 9757 killed by signal 11
2017-03-21 10:45:57.239 12388 INFO eventlet.wsgi.server [-] (12388) wsgi starting up on http://0.0.0.0:6385
2017-03-21 10:45:59.480 9661 INFO oslo_service.service [-] Child 9762 killed by signal 11
2017-03-21 10:45:59.491 12455 INFO eventlet.wsgi.server [-] (12455) wsgi starting up on http://0.0.0.0:6385
2017-03-21 10:46:01.774 9661 INFO oslo_service.service [-] Child 9765 killed by signal 11
2017-03-21 10:46:01.786 12561 INFO eventlet.wsgi.server [-] (12561) wsgi starting up on http://0.0.0.0:6385
2017-03-21 10:46:04.072 9661 INFO oslo_service.service [-] Child 12455 killed by signal 11
2017-03-21 10:46:04.082 12565 INFO eventlet.wsgi.server [-] (12565) wsgi starting up on http://0.0.0.0:6385
2017-03-21 10:46:06.384 9661 INFO oslo_service.service [-] Child 12565 killed by signal 11
2017-03-21 10:46:06.395 12567 INFO eventlet.wsgi.server [-] (12567) wsgi starting up on http://0.0.0.0:6385
2017-03-21 10:46:08.409 9766 ERROR wsme.api [req-b3148cbc-7751-468d-8056-34f5acdd631c - - - - -] Server-side error: "(pymysql.err.InternalError) (1049, u"Unknown database 'ironic'")". Detail: Traceback (most recent call last): File "/usr/local/lib/python2.7/dist-packages/wsmeext/pecan.py", line 85, in callfunction result = f(self, *args, **kwargs)
File "/usr/local/lib/python2.7/dist-packages/ironic/api/controllers/v1/node.py", line 1456, in get_all fields=fields)
File "/usr/local/lib/python2.7/dist-packages/ironic/api/controllers/v1/node.py", line 1310, in _get_nodes_collection filters=filters)
File "/usr/local/lib/python2.7/dist-packages/ironic/objects/node.py", line 255, in list sort_dir=sort_dir)
File "/usr/local/lib/python2.7/dist-packages/ironic/db/sqlalchemy/api.py", line 260, in get_node_list query = _get_node_query_with_tags()
File "/usr/local/lib/python2.7/dist-packages/ironic/db/sqlalchemy/api.py", line 67, in _get_node_query_with_tags return model_query(models.Node).options(joinedload('tags'))
File "/usr/local/lib/python2.7/dist-packages/ironic/db/sqlalchemy/api.py", line 76, in model_query with _session_for_read() as session: File "/usr/lib/python2.7/contextlib.py", line 17, in __enter__ return self.gen.next()
File "/usr/local/lib/python2.7/dist-packages/oslo_db/sqlalchemy/enginefacade.py", line 1012, in _transaction_scope allow_async=self._allow_async) as resource: File "/usr/lib/python2.7/contextlib.py", line 17, in __enter__ return self.gen.next()
File "/usr/local/lib/python2.7/dist-packages/oslo_db/sqlalchemy/enginefacade.py", line 625, in _session bind=self.connection, mode=self.mode)
File "/usr/local/lib/python2.7/dist-packages/oslo_db/sqlalchemy/enginefacade.py", line 395, in _create_session self._start()
File "/usr/local/lib/python2.7/dist-packages/oslo_db/sqlalchemy/enginefacade.py", line 481, in _start engine_args, maker_args)
File "/usr/local/lib/python2.7/dist-packages/oslo_db/sqlalchemy/enginefacade.py", line 505, in _setup_for_connection sql_connection=sql_connection, **engine_kwargs)
File "/usr/local/lib/python2.7/dist-packages/oslo_db/sqlalchemy/engines.py", line 155, in create_engine test_conn = _test_connection(engine, max_retries, retry_interval)
File "/usr/local/lib/python2.7/dist-packages/oslo_db/sqlalchemy/engines.py", line 331, in _test_connection return engine.connect()
File "/usr/local/lib/python2.7/dist-packages/sqlalchemy/engine/base.py", line 2018, in connect return self._connection_cls(self, **kwargs)
File "/usr/local/lib/python2.7/dist-packages/sqlalchemy/engine/base.py", line 72, in __init__ if connection is not None else engine.raw_connection()
File "/usr/local/lib/python2.7/dist-packages/sqlalchemy/engine/base.py", line 2104, in raw_connection self.pool.unique_connection, _connection)
File "/usr/local/lib/python2.7/dist-packages/sqlalchemy/engine/base.py", line 2078, in _wrap_pool_connect e, dialect, self)
File "/usr/local/lib/python2.7/dist-packages/sqlalchemy/engine/base.py", line 1401, in _handle_dbapi_exception_noconnection util.raise_from_cause(newraise, exc_info)
File "/usr/local/lib/python2.7/dist-packages/sqlalchemy/util/compat.py", line 203, in raise_from_cause reraise(type(exception), exception, tb=exc_tb, cause=cause)
File "/usr/local/lib/python2.7/dist-packages/sqlalchemy/engine/base.py", line 2074, in _wrap_pool_connect return fn()
File "/usr/local/lib/python2.7/dist-packages/sqlalchemy/pool.py", line 318, in unique_connection return _ConnectionFairy._checkout(self)
File "/usr/local/lib/python2.7/dist-packages/sqlalchemy/pool.py", line 713, in _checkout fairy = _ConnectionRecord.checkout(pool)
File "/usr/local/lib/python2.7/dist-packages/sqlalchemy/pool.py", line 480, in checkout rec = pool._do_get()
File "/usr/local/lib/python2.7/dist-packages/sqlalchemy/pool.py", line 1060, in _do_get self._dec_overflow()
File "/usr/local/lib/python2.7/dist-packages/sqlalchemy/util/langhelpers.py", line 60, in __exit__ compat.reraise(exc_type, exc_value, exc_tb)
File "/usr/local/lib/python2.7/dist-packages/sqlalchemy/pool.py", line 1057, in _do_get return self._create_connection()
File "/usr/local/lib/python2.7/dist-packages/sqlalchemy/pool.py", line 323, in _create_connection return _ConnectionRecord(self)
File "/usr/local/lib/python2.7/dist-packages/sqlalchemy/pool.py", line 449, in __init__ self.connection = self.__connect()
File "/usr/local/lib/python2.7/dist-packages/sqlalchemy/pool.py", line 607, in __connect connection = self.__pool._invoke_creator(self)
File "/usr/local/lib/python2.7/dist-packages/sqlalchemy/engine/strategies.py", line 97, in connect return dialect.connect(*cargs, **cparams)
File "/usr/local/lib/python2.7/dist-packages/sqlalchemy/engine/default.py", line 385, in connect return self.dbapi.connect(*cargs, **cparams)
File "/usr/local/lib/python2.7/dist-packages/pymysql/__init__.py", line 90, in Connect return Connection(*args, **kwargs)
File "/usr/local/lib/python2.7/dist-packages/pymysql/connections.py", line 688, in __init__ self.connect()
File "/usr/local/lib/python2.7/dist-packages/pymysql/connections.py", line 906, in connect self._request_authentication()
File "/usr/local/lib/python2.7/dist-packages/pymysql/connections.py", line 1114, in _request_authentication auth_packet = self._read_packet()
File "/usr/local/lib/python2.7/dist-packages/pymysql/connections.py", line 981, in _read_packet packet.check_error()
File "/usr/local/lib/python2.7/dist-packages/pymysql/connections.py", line 393, in check_error err.raise_mysql_exception(self._data)
File "/usr/local/lib/python2.7/dist-packages/pymysql/err.py", line 107, in raise_mysql_exception raise errorclass(errno, errval) DBNonExistentDatabase: (pymysql.err.InternalError) (1049, u"Unknown database 'ironic'")
2017-03-21 10:46:08.411 9766 INFO eventlet.wsgi.server [req-b3148cbc-7751-468d-8056-34f5acdd631c - - - - -] 127.0.0.1 "GET /v1/nodes HTTP/1.1" status: 500 len: 507 time: 0.0220692
2017-03-21 10:46:52.644 9661 INFO oslo_service.service [-] Child 9760 killed by signal 11
2017-03-21 10:46:52.655 14493 INFO eventlet.wsgi.server [-] (14493) wsgi starting up on http://0.0.0.0:6385
2017-03-21 10:46:54.955 9661 INFO oslo_service.service [-] Child 9771 killed by signal 11
2017-03-21 10:46:54.967 14497 INFO eventlet.wsgi.server [-] (14497) wsgi starting up on http://0.0.0.0:6385
2017-03-21 10:46:57.236 9661 INFO oslo_service.service [-] Child 12567 killed by signal 11
2017-03-21 10:46:57.246 14552 INFO eventlet.wsgi.server [-] (14552) wsgi starting up on http://0.0.0.0:6385
2017-03-21 10:46:59.896 14493 INFO oslo.service.wsgi [-] Stopping WSGI server.
2017-03-21 10:46:59.896 12381 INFO oslo.service.wsgi [-] Stopping WSGI server.
2017-03-21 10:46:59.897 14493 INFO eventlet.wsgi.server [-] (14493) wsgi exited, is_accepting=True
2017-03-21 10:46:59.897 12381 INFO eventlet.wsgi.server [-] (12381) wsgi exited, is_accepting=True
2017-03-21 10:46:59.897 9766 INFO oslo.service.wsgi [-] Stopping WSGI server.
2017-03-21 10:46:59.897 12388 INFO oslo.service.wsgi [-] Stopping WSGI server.
2017-03-21 10:46:59.897 9759 INFO oslo.service.wsgi [-] Stopping WSGI server.
2017-03-21 10:46:59.898 9756 INFO oslo.service.wsgi [-] Stopping WSGI server.
2017-03-21 10:46:59.897 9768 INFO oslo.service.wsgi [-] Stopping WSGI server.
2017-03-21 10:46:59.898 9766 INFO eventlet.wsgi.server [-] (9766) wsgi exited, is_accepting=True
2017-03-21 10:46:59.898 12388 INFO eventlet.wsgi.server [-] (12388) wsgi exited, is_accepting=True
2017-03-21 10:46:59.898 14552 INFO oslo.service.wsgi [-] Stopping WSGI server.
2017-03-21 10:46:59.899 9756 INFO eventlet.wsgi.server [-] (9756) wsgi exited, is_accepting=True
2017-03-21 10:46:59.899 9768 INFO eventlet.wsgi.server [-] (9768) wsgi exited, is_accepting=True
