2017-03-21 10:55:17.668 14925 INFO eventlet.wsgi.server [req-8fa6d2b4-e394-4b2d-bdee-c86f8a9d86b4 - - - - -] 127.0.0.1 "GET /v1/nodes/f7647c75-31e7-5dc3-be4d-1011a681070a HTTP/1.1" status: 200 len: 1762 time: 0.0290720
2017-03-21 10:55:19.498 14928 INFO eventlet.wsgi.server [req-d0ea71e1-790b-462e-905d-e66f81b7de2a - - - - -] 127.0.0.1 "GET /v1/nodes/a960e3ed-9e08-51e2-a4b4-29ea8fee5576 HTTP/1.1" status: 200 len: 1766 time: 0.0318558
2017-03-21 10:55:19.646 14922 INFO eventlet.wsgi.server [req-38ee6a42-854f-494f-8f4f-1c1551326095 - - - - -] 127.0.0.1 "GET /v1/nodes/78544ab5-49df-5a83-acfa-2068ac465b21 HTTP/1.1" status: 200 len: 1763 time: 0.0125070
2017-03-21 10:55:19.703 14925 INFO eventlet.wsgi.server [req-6cb6eef7-6174-4db8-8983-0b3c7d5bb3ab - - - - -] 127.0.0.1 "GET /v1/nodes/f7647c75-31e7-5dc3-be4d-1011a681070a HTTP/1.1" status: 200 len: 1762 time: 0.0295649
2017-03-21 10:55:21.529 14928 INFO eventlet.wsgi.server [req-6569edd3-47f0-4c3d-9361-e553388b11af - - - - -] 127.0.0.1 "GET /v1/nodes/a960e3ed-9e08-51e2-a4b4-29ea8fee5576 HTTP/1.1" status: 200 len: 1766 time: 0.0262089
2017-03-21 10:55:21.668 14922 INFO eventlet.wsgi.server [req-7cbfcea4-a01e-458e-8707-353c89e9aba0 - - - - -] 127.0.0.1 "GET /v1/nodes/78544ab5-49df-5a83-acfa-2068ac465b21 HTTP/1.1" status: 200 len: 1763 time: 0.0184910
2017-03-21 10:55:21.738 14925 INFO eventlet.wsgi.server [req-b0a65f7b-4dbb-4df8-b07a-401ae2ab601d - - - - -] 127.0.0.1 "GET /v1/nodes/f7647c75-31e7-5dc3-be4d-1011a681070a HTTP/1.1" status: 200 len: 1762 time: 0.0296381
2017-03-21 10:55:23.564 14928 INFO eventlet.wsgi.server [req-ad478d66-e9f1-4639-a4a1-5ec4dbe0216a - - - - -] 127.0.0.1 "GET /v1/nodes/a960e3ed-9e08-51e2-a4b4-29ea8fee5576 HTTP/1.1" status: 200 len: 1766 time: 0.0299211
2017-03-21 10:55:23.703 14922 INFO eventlet.wsgi.server [req-46dbcad5-cb9b-4c19-9f7d-102d6b281bae - - - - -] 127.0.0.1 "GET /v1/nodes/78544ab5-49df-5a83-acfa-2068ac465b21 HTTP/1.1" status: 200 len: 1763 time: 0.0297990
2017-03-21 10:55:23.773 14925 INFO eventlet.wsgi.server [req-8626b12d-aea6-4352-b784-d54f2f16e134 - - - - -] 127.0.0.1 "GET /v1/nodes/f7647c75-31e7-5dc3-be4d-1011a681070a HTTP/1.1" status: 200 len: 1762 time: 0.0298688
2017-03-21 10:55:24.919 14928 INFO eventlet.wsgi.server [req-3b3d23f4-3de7-4684-a120-2b171bfd6d99 - - - - -] 127.0.0.1 "GET /v1/nodes/a960e3ed-9e08-51e2-a4b4-29ea8fee5576 HTTP/1.1" status: 200 len: 1785 time: 0.0304260
2017-03-21 10:55:25.584 14928 INFO eventlet.wsgi.server [req-8538a08d-2423-484c-8d95-65225bef7b58 - - - - -] 127.0.0.1 "GET /v1/nodes/a960e3ed-9e08-51e2-a4b4-29ea8fee5576 HTTP/1.1" status: 200 len: 1766 time: 0.0156419
2017-03-21 10:55:25.740 14922 INFO eventlet.wsgi.server [req-02d5f37d-9d1e-4f10-b7d2-d436e34d24c4 - - - - -] 127.0.0.1 "GET /v1/nodes/78544ab5-49df-5a83-acfa-2068ac465b21 HTTP/1.1" status: 200 len: 1763 time: 0.0317302
2017-03-21 10:55:25.811 14925 INFO eventlet.wsgi.server [req-f09da061-160a-4abe-a825-c0dad7b1ed17 - - - - -] 127.0.0.1 "GET /v1/nodes/f7647c75-31e7-5dc3-be4d-1011a681070a HTTP/1.1" status: 200 len: 1762 time: 0.0337570
2017-03-21 10:55:25.875 14928 INFO eventlet.wsgi.server [req-0e84e93b-7c0f-47a6-b039-ad279269b972 - - - - -] 127.0.0.1 "GET /v1/nodes/a960e3ed-9e08-51e2-a4b4-29ea8fee5576/ports HTTP/1.1" status: 200 len: 623 time: 0.0422890
2017-03-21 10:55:27.620 14928 INFO eventlet.wsgi.server [req-2f9823d4-aa07-43fc-bb2c-2c7fbffbd7ee - - - - -] 127.0.0.1 "GET /v1/nodes/a960e3ed-9e08-51e2-a4b4-29ea8fee5576 HTTP/1.1" status: 200 len: 1786 time: 0.0310979
2017-03-21 10:55:27.775 14922 INFO eventlet.wsgi.server [req-14e32cda-e759-4041-8d05-de3fb053c2b7 - - - - -] 127.0.0.1 "GET /v1/nodes/78544ab5-49df-5a83-acfa-2068ac465b21 HTTP/1.1" status: 200 len: 1763 time: 0.0301192
2017-03-21 10:55:27.847 14925 INFO eventlet.wsgi.server [req-771309c8-fa14-4e48-9943-341e97a0dd19 - - - - -] 127.0.0.1 "GET /v1/nodes/f7647c75-31e7-5dc3-be4d-1011a681070a HTTP/1.1" status: 200 len: 1762 time: 0.0301430
2017-03-21 10:55:28.280 14928 INFO eventlet.wsgi.server [req-b01961f3-74f8-4d32-b564-9dc39c3a4590 - - - - -] 127.0.0.1 "PATCH /v1/nodes/a960e3ed-9e08-51e2-a4b4-29ea8fee5576 HTTP/1.1" status: 200 len: 1785 time: 2.4001272
2017-03-21 10:55:29.866 14922 INFO eventlet.wsgi.server [req-18fb689c-5b50-40da-ad50-3dcea59d2946 - - - - -] 127.0.0.1 "GET /v1/nodes/78544ab5-49df-5a83-acfa-2068ac465b21 HTTP/1.1" status: 200 len: 1763 time: 0.0857301
2017-03-21 10:55:29.867 14928 INFO eventlet.wsgi.server [req-821f4b4a-9885-4f62-a227-41d832751877 - - - - -] 127.0.0.1 "GET /v1/nodes/a960e3ed-9e08-51e2-a4b4-29ea8fee5576 HTTP/1.1" status: 200 len: 1836 time: 0.2414980
2017-03-21 10:55:29.881 14925 INFO eventlet.wsgi.server [req-4e03865b-8f8c-4a26-afee-68fddc14245d - - - - -] 127.0.0.1 "GET /v1/nodes/f7647c75-31e7-5dc3-be4d-1011a681070a HTTP/1.1" status: 200 len: 1762 time: 0.0296240
2017-03-21 10:55:30.626 14928 INFO eventlet.wsgi.server [req-3ef8244c-060f-4240-ba43-f02abeb371e1 - - - - -] 127.0.0.1 "PATCH /v1/nodes/a960e3ed-9e08-51e2-a4b4-29ea8fee5576 HTTP/1.1" status: 200 len: 1835 time: 2.3364172
2017-03-21 10:55:31.892 14922 INFO eventlet.wsgi.server [req-3653d8af-9d9a-45c4-adb6-d35300cf2fe1 - - - - -] 127.0.0.1 "GET /v1/nodes/78544ab5-49df-5a83-acfa-2068ac465b21 HTTP/1.1" status: 200 len: 1763 time: 0.0207319
2017-03-21 10:55:31.906 14928 INFO eventlet.wsgi.server [req-4a3d7552-4312-4d2f-9ad0-37a0a95092e7 - - - - -] 127.0.0.1 "GET /v1/nodes/a960e3ed-9e08-51e2-a4b4-29ea8fee5576 HTTP/1.1" status: 200 len: 1843 time: 0.0337200
2017-03-21 10:55:31.917 14925 INFO eventlet.wsgi.server [req-18f34335-9670-4004-acc4-4899060101ed - - - - -] 127.0.0.1 "GET /v1/nodes/f7647c75-31e7-5dc3-be4d-1011a681070a HTTP/1.1" status: 200 len: 1762 time: 0.0305831
2017-03-21 10:55:32.146 14925 INFO eventlet.wsgi.server [req-1a711179-8e01-49c0-8ff4-5962d0d15eff - - - - -] 127.0.0.1 "PUT /v1/nodes/a960e3ed-9e08-51e2-a4b4-29ea8fee5576/states/power HTTP/1.1" status: 202 len: 384 time: 1.4858298
2017-03-21 10:55:32.798 14925 INFO eventlet.wsgi.server [req-1afdfcbd-22e0-4df1-beb8-efed019e7e6e - - - - -] 127.0.0.1 "GET /v1/nodes/f7647c75-31e7-5dc3-be4d-1011a681070a HTTP/1.1" status: 200 len: 1781 time: 0.0216558
2017-03-21 10:55:33.926 14922 INFO eventlet.wsgi.server [req-d3881ef0-e264-4c67-8bd2-238257765d8c - - - - -] 127.0.0.1 "GET /v1/nodes/78544ab5-49df-5a83-acfa-2068ac465b21 HTTP/1.1" status: 200 len: 1763 time: 0.0291328
2017-03-21 10:55:33.941 14925 INFO eventlet.wsgi.server [req-1dc20145-5c84-46d1-8ee9-767facf9a186 - - - - -] 127.0.0.1 "GET /v1/nodes/f7647c75-31e7-5dc3-be4d-1011a681070a HTTP/1.1" status: 200 len: 1762 time: 0.0200150
2017-03-21 10:55:33.949 14928 INFO eventlet.wsgi.server [req-ac3a66dc-e443-4664-9c0d-a82907394f19 - - - - -] 127.0.0.1 "GET /v1/nodes/a960e3ed-9e08-51e2-a4b4-29ea8fee5576 HTTP/1.1" status: 200 len: 1843 time: 0.0380731
2017-03-21 10:55:33.966 14925 INFO eventlet.wsgi.server [req-beeff3a0-0455-4475-ba6d-d03f9e3f9175 - - - - -] 127.0.0.1 "GET /v1/nodes/f7647c75-31e7-5dc3-be4d-1011a681070a/ports HTTP/1.1" status: 200 len: 623 time: 0.0241711
2017-03-21 10:55:34.793 14925 INFO eventlet.wsgi.server [req-0f9d42fd-18aa-4030-bf29-002af8fffff5 - - - - -] 127.0.0.1 "PATCH /v1/nodes/f7647c75-31e7-5dc3-be4d-1011a681070a HTTP/1.1" status: 200 len: 1781 time: 0.8264959
2017-03-21 10:55:35.961 14922 INFO eventlet.wsgi.server [req-b40df7a6-ea2d-4a1f-a92d-50cff2e5f9b0 - - - - -] 127.0.0.1 "GET /v1/nodes/78544ab5-49df-5a83-acfa-2068ac465b21 HTTP/1.1" status: 200 len: 1763 time: 0.0301421
2017-03-21 10:55:35.966 14925 INFO eventlet.wsgi.server [req-b25b384b-65a3-46f6-91f6-3dffa265a0fc - - - - -] 127.0.0.1 "GET /v1/nodes/f7647c75-31e7-5dc3-be4d-1011a681070a HTTP/1.1" status: 200 len: 1812 time: 0.0222499
2017-03-21 10:55:35.984 14928 INFO eventlet.wsgi.server [req-8b3dab28-ffd5-4c5c-add7-10e15433f9de - - - - -] 127.0.0.1 "GET /v1/nodes/a960e3ed-9e08-51e2-a4b4-29ea8fee5576 HTTP/1.1" status: 200 len: 1843 time: 0.0298278
2017-03-21 10:55:36.255 14925 INFO eventlet.wsgi.server [req-48f7a61e-bb3d-45f8-a697-ef39bc44c628 - - - - -] 127.0.0.1 "PATCH /v1/nodes/f7647c75-31e7-5dc3-be4d-1011a681070a HTTP/1.1" status: 200 len: 1831 time: 1.4616132
2017-03-21 10:55:36.690 14929 WARNING oslo_config.cfg [req-f9504df7-f07f-43f8-8e16-5542eb7d8c8d - - - - -] Option "rabbit_userid" from group "DEFAULT" is deprecated. Use option "rabbit_userid" from group "oslo_messaging_rabbit".
2017-03-21 10:55:36.691 14929 WARNING oslo_config.cfg [req-f9504df7-f07f-43f8-8e16-5542eb7d8c8d - - - - -] Option "rabbit_userid" from group "oslo_messaging_rabbit" is deprecated for removal. Its value may be silently ignored in the future.
2017-03-21 10:55:36.691 14929 WARNING oslo_config.cfg [req-f9504df7-f07f-43f8-8e16-5542eb7d8c8d - - - - -] Option "rabbit_password" from group "DEFAULT" is deprecated. Use option "rabbit_password" from group "oslo_messaging_rabbit".
2017-03-21 10:55:36.691 14929 WARNING oslo_config.cfg [req-f9504df7-f07f-43f8-8e16-5542eb7d8c8d - - - - -] Option "rabbit_password" from group "oslo_messaging_rabbit" is deprecated for removal. Its value may be silently ignored in the future.
2017-03-21 10:55:37.997 14922 INFO eventlet.wsgi.server [req-9129b833-bcf5-4e81-bb37-fb2382801abe - - - - -] 127.0.0.1 "GET /v1/nodes/78544ab5-49df-5a83-acfa-2068ac465b21 HTTP/1.1" status: 200 len: 1763 time: 0.0303180
2017-03-21 10:55:37.997 14925 INFO eventlet.wsgi.server [req-9a88e0ff-418c-444f-9536-fe46953e8cec - - - - -] 127.0.0.1 "GET /v1/nodes/f7647c75-31e7-5dc3-be4d-1011a681070a HTTP/1.1" status: 200 len: 1832 time: 0.0258930
2017-03-21 10:55:38.019 14928 INFO eventlet.wsgi.server [req-48cdf3cd-c839-43ff-a108-0c018ddd3696 - - - - -] 127.0.0.1 "GET /v1/nodes/a960e3ed-9e08-51e2-a4b4-29ea8fee5576 HTTP/1.1" status: 200 len: 1843 time: 0.0298400
2017-03-21 10:55:39.259 14929 INFO eventlet.wsgi.server [req-f9504df7-f07f-43f8-8e16-5542eb7d8c8d - - - - -] 127.0.0.1 "PUT /v1/nodes/f7647c75-31e7-5dc3-be4d-1011a681070a/states/power HTTP/1.1" status: 202 len: 384 time: 2.9857371
2017-03-21 10:55:40.029 14922 INFO eventlet.wsgi.server [req-90c12f74-8e7a-4326-8a93-406cc92a4315 - - - - -] 127.0.0.1 "GET /v1/nodes/78544ab5-49df-5a83-acfa-2068ac465b21 HTTP/1.1" status: 200 len: 1763 time: 0.0274291
2017-03-21 10:55:40.034 14925 INFO eventlet.wsgi.server [req-225baa4c-a229-4bd2-997d-8551d0b729ff - - - - -] 127.0.0.1 "GET /v1/nodes/f7647c75-31e7-5dc3-be4d-1011a681070a HTTP/1.1" status: 200 len: 1839 time: 0.0319390
2017-03-21 10:55:40.053 14928 INFO eventlet.wsgi.server [req-8fccbd98-73de-4d68-8174-5546306b905e - - - - -] 127.0.0.1 "GET /v1/nodes/a960e3ed-9e08-51e2-a4b4-29ea8fee5576 HTTP/1.1" status: 200 len: 1843 time: 0.0289211
2017-03-21 10:55:42.068 14925 INFO eventlet.wsgi.server [req-c4e86ecf-4083-4597-b756-82a8a5db6165 - - - - -] 127.0.0.1 "GET /v1/nodes/f7647c75-31e7-5dc3-be4d-1011a681070a HTTP/1.1" status: 200 len: 1839 time: 0.0286870
2017-03-21 10:55:42.081 14922 INFO eventlet.wsgi.server [req-182ad000-f5c9-4042-8609-3aad015bcba1 - - - - -] 127.0.0.1 "GET /v1/nodes/78544ab5-49df-5a83-acfa-2068ac465b21 HTTP/1.1" status: 200 len: 1763 time: 0.0471270
2017-03-21 10:55:42.096 14928 INFO eventlet.wsgi.server [req-31f96069-f902-41e3-950e-30270bef253d - - - - -] 127.0.0.1 "GET /v1/nodes/a960e3ed-9e08-51e2-a4b4-29ea8fee5576 HTTP/1.1" status: 200 len: 1843 time: 0.0374649
2017-03-21 10:55:44.098 14925 INFO eventlet.wsgi.server [req-f476c0a1-de95-4d74-893d-139602177455 - - - - -] 127.0.0.1 "GET /v1/nodes/f7647c75-31e7-5dc3-be4d-1011a681070a HTTP/1.1" status: 200 len: 1839 time: 0.0254180
2017-03-21 10:55:44.117 14922 INFO eventlet.wsgi.server [req-8d85f265-5ce5-4e28-b602-b5b3295612b1 - - - - -] 127.0.0.1 "GET /v1/nodes/78544ab5-49df-5a83-acfa-2068ac465b21 HTTP/1.1" status: 200 len: 1763 time: 0.0286391
2017-03-21 10:55:44.131 14928 INFO eventlet.wsgi.server [req-ece73cb4-cedf-4408-99b9-5cbccb2dabe5 - - - - -] 127.0.0.1 "GET /v1/nodes/a960e3ed-9e08-51e2-a4b4-29ea8fee5576 HTTP/1.1" status: 200 len: 1837 time: 0.0301321
2017-03-21 10:55:46.397 14925 INFO eventlet.wsgi.server [req-54219f5c-c1ef-43be-9a46-1c09b8555280 - - - - -] 127.0.0.1 "GET /v1/nodes/f7647c75-31e7-5dc3-be4d-1011a681070a HTTP/1.1" status: 200 len: 1839 time: 0.2933581
2017-03-21 10:55:46.398 14928 INFO eventlet.wsgi.server [req-50452686-205b-482e-a4c3-cd83d5107810 - - - - -] 127.0.0.1 "GET /v1/nodes/a960e3ed-9e08-51e2-a4b4-29ea8fee5576 HTTP/1.1" status: 200 len: 1837 time: 0.2621441
2017-03-21 10:55:46.401 14922 INFO eventlet.wsgi.server [req-876faf1f-2d7f-4e0e-9d26-b74451b1e9f6 - - - - -] 127.0.0.1 "GET /v1/nodes/78544ab5-49df-5a83-acfa-2068ac465b21 HTTP/1.1" status: 200 len: 1763 time: 0.2790902
2017-03-21 10:55:48.431 14925 INFO eventlet.wsgi.server [req-07db87ce-e884-4529-ba93-686088bbd282 - - - - -] 127.0.0.1 "GET /v1/nodes/f7647c75-31e7-5dc3-be4d-1011a681070a HTTP/1.1" status: 200 len: 1839 time: 0.0295269
2017-03-21 10:55:48.433 14928 INFO eventlet.wsgi.server [req-4d839f56-3026-432f-ba41-c3149b8aeda4 - - - - -] 127.0.0.1 "GET /v1/nodes/a960e3ed-9e08-51e2-a4b4-29ea8fee5576 HTTP/1.1" status: 200 len: 1817 time: 0.0297761
2017-03-21 10:55:48.434 14922 INFO eventlet.wsgi.server [req-3bbed311-2682-4dee-b131-ca7b84d6b9d7 - - - - -] 127.0.0.1 "GET /v1/nodes/78544ab5-49df-5a83-acfa-2068ac465b21 HTTP/1.1" status: 200 len: 1763 time: 0.0280910
2017-03-21 10:55:50.453 14925 INFO eventlet.wsgi.server [req-522f7975-c6f7-4844-9371-98b612512647 - - - - -] 127.0.0.1 "GET /v1/nodes/f7647c75-31e7-5dc3-be4d-1011a681070a HTTP/1.1" status: 200 len: 1839 time: 0.0164390
2017-03-21 10:55:50.468 14928 INFO eventlet.wsgi.server [req-eb37fc35-1845-4f73-a3e6-2a12a46d792b - - - - -] 127.0.0.1 "GET /v1/nodes/a960e3ed-9e08-51e2-a4b4-29ea8fee5576 HTTP/1.1" status: 200 len: 1817 time: 0.0303960
2017-03-21 10:55:50.472 14922 INFO eventlet.wsgi.server [req-205a728f-1bd5-447a-860a-90c6ecd0f350 - - - - -] 127.0.0.1 "GET /v1/nodes/78544ab5-49df-5a83-acfa-2068ac465b21 HTTP/1.1" status: 200 len: 1763 time: 0.0326579
2017-03-21 10:55:52.488 14925 INFO eventlet.wsgi.server [req-01b48dd6-251d-4593-863c-5dbd4a0b4541 - - - - -] 127.0.0.1 "GET /v1/nodes/f7647c75-31e7-5dc3-be4d-1011a681070a HTTP/1.1" status: 200 len: 1839 time: 0.0303080
2017-03-21 10:55:52.504 14928 INFO eventlet.wsgi.server [req-1d1dd738-8a15-4162-ae68-3a079785dbb4 - - - - -] 127.0.0.1 "GET /v1/nodes/a960e3ed-9e08-51e2-a4b4-29ea8fee5576 HTTP/1.1" status: 200 len: 1817 time: 0.0295029
2017-03-21 10:55:52.507 14922 INFO eventlet.wsgi.server [req-72807f28-c57c-4695-b27f-b73ecd677470 - - - - -] 127.0.0.1 "GET /v1/nodes/78544ab5-49df-5a83-acfa-2068ac465b21 HTTP/1.1" status: 200 len: 1763 time: 0.0308771
2017-03-21 10:55:54.524 14925 INFO eventlet.wsgi.server [req-1681cb8e-b530-4c72-9e51-f976b439934b - - - - -] 127.0.0.1 "GET /v1/nodes/f7647c75-31e7-5dc3-be4d-1011a681070a HTTP/1.1" status: 200 len: 1839 time: 0.0290470
2017-03-21 10:55:54.542 14928 INFO eventlet.wsgi.server [req-4bcf854e-ef2c-47cf-aa13-8e52b25d0527 - - - - -] 127.0.0.1 "GET /v1/nodes/a960e3ed-9e08-51e2-a4b4-29ea8fee5576 HTTP/1.1" status: 200 len: 1817 time: 0.0308321
2017-03-21 10:55:54.543 14922 INFO eventlet.wsgi.server [req-4f6eeb46-62a4-44bc-8ab0-19996452e17a - - - - -] 127.0.0.1 "GET /v1/nodes/78544ab5-49df-5a83-acfa-2068ac465b21 HTTP/1.1" status: 200 len: 1763 time: 0.0307419
2017-03-21 10:55:56.562 14925 INFO eventlet.wsgi.server [req-15c18657-b7fc-4471-b4d6-33c9596042f3 - - - - -] 127.0.0.1 "GET /v1/nodes/f7647c75-31e7-5dc3-be4d-1011a681070a HTTP/1.1" status: 200 len: 1813 time: 0.0300109
2017-03-21 10:55:56.573 14928 INFO eventlet.wsgi.server [req-bbd6ba9f-c7dc-44d2-ac4e-c1e8d08357d6 - - - - -] 127.0.0.1 "GET /v1/nodes/a960e3ed-9e08-51e2-a4b4-29ea8fee5576 HTTP/1.1" status: 200 len: 1817 time: 0.0250900
2017-03-21 10:55:56.578 14922 INFO eventlet.wsgi.server [req-8cdd5000-9d1d-48a4-8142-2a8a5e34ceb4 - - - - -] 127.0.0.1 "GET /v1/nodes/78544ab5-49df-5a83-acfa-2068ac465b21 HTTP/1.1" status: 200 len: 1763 time: 0.0294960
2017-03-21 10:55:58.596 14925 INFO eventlet.wsgi.server [req-db907a3e-542d-49e5-8b49-d6d65eb46954 - - - - -] 127.0.0.1 "GET /v1/nodes/f7647c75-31e7-5dc3-be4d-1011a681070a HTTP/1.1" status: 200 len: 1813 time: 0.0262871
2017-03-21 10:55:58.611 14928 INFO eventlet.wsgi.server [req-f863a799-2792-4103-8325-d1bb4c76aea4 - - - - -] 127.0.0.1 "GET /v1/nodes/a960e3ed-9e08-51e2-a4b4-29ea8fee5576 HTTP/1.1" status: 200 len: 1817 time: 0.0302060
2017-03-21 10:55:58.614 14922 INFO eventlet.wsgi.server [req-52abc6fd-dacd-493a-8384-af54a04cfa88 - - - - -] 127.0.0.1 "GET /v1/nodes/78544ab5-49df-5a83-acfa-2068ac465b21 HTTP/1.1" status: 200 len: 1763 time: 0.0304248
2017-03-21 10:56:00.337 14928 INFO eventlet.wsgi.server [req-81fb266d-46cd-4a56-a73b-25b89817acfc - - - - -] 127.0.0.1 "GET /v1/nodes HTTP/1.1" status: 200 len: 1515 time: 0.0563691
2017-03-21 10:56:00.631 14925 INFO eventlet.wsgi.server [req-c4934c48-e368-4ce6-962d-b96f8315271e - - - - -] 127.0.0.1 "GET /v1/nodes/f7647c75-31e7-5dc3-be4d-1011a681070a HTTP/1.1" status: 200 len: 1813 time: 0.0286138
2017-03-21 10:56:00.648 14922 INFO eventlet.wsgi.server [req-9f992a09-7f4d-46ce-8097-d793c049c154 - - - - -] 127.0.0.1 "GET /v1/nodes/78544ab5-49df-5a83-acfa-2068ac465b21 HTTP/1.1" status: 200 len: 1763 time: 0.0292349
2017-03-21 10:56:00.650 14928 INFO eventlet.wsgi.server [req-5acab9c9-3c9d-4039-8c8e-ba942a4431b1 - - - - -] 127.0.0.1 "GET /v1/nodes/a960e3ed-9e08-51e2-a4b4-29ea8fee5576 HTTP/1.1" status: 200 len: 1817 time: 0.0331781
2017-03-21 10:56:02.662 14925 INFO eventlet.wsgi.server [req-0a73be73-7105-4741-8fa0-b74c2df05105 - - - - -] 127.0.0.1 "GET /v1/nodes/f7647c75-31e7-5dc3-be4d-1011a681070a HTTP/1.1" status: 200 len: 1805 time: 0.0250340
2017-03-21 10:56:02.682 14922 INFO eventlet.wsgi.server [req-7c249d0e-db28-4f87-b439-57d181526adf - - - - -] 127.0.0.1 "GET /v1/nodes/78544ab5-49df-5a83-acfa-2068ac465b21 HTTP/1.1" status: 200 len: 1763 time: 0.0293281
2017-03-21 10:56:02.686 14928 INFO eventlet.wsgi.server [req-ea3a46f3-32bd-48bd-9d1b-ad6bd4362b7f - - - - -] 127.0.0.1 "GET /v1/nodes/a960e3ed-9e08-51e2-a4b4-29ea8fee5576 HTTP/1.1" status: 200 len: 1809 time: 0.0305390
2017-03-21 10:56:02.818 14925 INFO eventlet.wsgi.server [req-d30bb787-8212-459a-8a19-157b4a3e0384 - - - - -] 127.0.0.1 "PUT /v1/nodes/f7647c75-31e7-5dc3-be4d-1011a681070a/states/provision HTTP/1.1" status: 202 len: 383 time: 0.1529000
2017-03-21 10:56:02.847 14928 INFO eventlet.wsgi.server [req-04b23cd0-aa5e-463e-af72-8c28573ceb2a - - - - -] 127.0.0.1 "PUT /v1/nodes/a960e3ed-9e08-51e2-a4b4-29ea8fee5576/states/provision HTTP/1.1" status: 202 len: 383 time: 0.1604710
2017-03-21 10:56:02.853 14925 INFO eventlet.wsgi.server [req-26414263-2109-491c-b8a2-cb3fbb7d672d - - - - -] 127.0.0.1 "GET /v1/nodes/f7647c75-31e7-5dc3-be4d-1011a681070a HTTP/1.1" status: 200 len: 1824 time: 0.0320230
2017-03-21 10:56:02.886 14928 INFO eventlet.wsgi.server [req-2520e878-c6f2-430c-aff6-7ce19597b8eb - - - - -] 127.0.0.1 "GET /v1/nodes/a960e3ed-9e08-51e2-a4b4-29ea8fee5576 HTTP/1.1" status: 200 len: 1828 time: 0.0381711
2017-03-21 10:56:04.717 14922 INFO eventlet.wsgi.server [req-f65e9934-8a57-446c-be7e-bd5e3116d2f3 - - - - -] 127.0.0.1 "GET /v1/nodes/78544ab5-49df-5a83-acfa-2068ac465b21 HTTP/1.1" status: 200 len: 1763 time: 0.0292261
2017-03-21 10:56:06.752 14922 INFO eventlet.wsgi.server [req-4ac04f25-977f-488f-939d-3a6cddc956df - - - - -] 127.0.0.1 "GET /v1/nodes/78544ab5-49df-5a83-acfa-2068ac465b21 HTTP/1.1" status: 200 len: 1763 time: 0.0284669
2017-03-21 10:56:08.790 14922 INFO eventlet.wsgi.server [req-a82e532d-a488-4509-bf90-551dba2ec501 - - - - -] 127.0.0.1 "GET /v1/nodes/78544ab5-49df-5a83-acfa-2068ac465b21 HTTP/1.1" status: 200 len: 1763 time: 0.0306351
2017-03-21 10:56:10.826 14922 INFO eventlet.wsgi.server [req-eeffc6d6-33e5-4dd1-9603-8ee0f221a30b - - - - -] 127.0.0.1 "GET /v1/nodes/78544ab5-49df-5a83-acfa-2068ac465b21 HTTP/1.1" status: 200 len: 1763 time: 0.0302210
2017-03-21 10:56:12.863 14922 INFO eventlet.wsgi.server [req-9fa85639-0030-4dcc-ab3c-650698f3e488 - - - - -] 127.0.0.1 "GET /v1/nodes/78544ab5-49df-5a83-acfa-2068ac465b21 HTTP/1.1" status: 200 len: 1763 time: 0.0312970
2017-03-21 10:56:14.896 14922 INFO eventlet.wsgi.server [req-9b788530-e0c7-4e92-a527-0881817fa3c2 - - - - -] 127.0.0.1 "GET /v1/nodes/78544ab5-49df-5a83-acfa-2068ac465b21 HTTP/1.1" status: 200 len: 1763 time: 0.0275309
2017-03-21 10:56:16.931 14922 INFO eventlet.wsgi.server [req-d36431c5-9479-474e-a2ce-59f9b22ad21a - - - - -] 127.0.0.1 "GET /v1/nodes/78544ab5-49df-5a83-acfa-2068ac465b21 HTTP/1.1" status: 200 len: 1763 time: 0.0298541
2017-03-21 10:56:18.966 14922 INFO eventlet.wsgi.server [req-3eeb946f-4584-4ce3-b583-5016543334ca - - - - -] 127.0.0.1 "GET /v1/nodes/78544ab5-49df-5a83-acfa-2068ac465b21 HTTP/1.1" status: 200 len: 1763 time: 0.0305049
2017-03-21 10:56:21.002 14922 INFO eventlet.wsgi.server [req-b8697ba1-2ffb-48f2-9410-dbf072eba943 - - - - -] 127.0.0.1 "GET /v1/nodes/78544ab5-49df-5a83-acfa-2068ac465b21 HTTP/1.1" status: 200 len: 1763 time: 0.0309250
2017-03-21 10:56:23.038 14922 INFO eventlet.wsgi.server [req-f7de1a4c-f278-4454-ba77-3d9ef5eb94dc - - - - -] 127.0.0.1 "GET /v1/nodes/78544ab5-49df-5a83-acfa-2068ac465b21 HTTP/1.1" status: 200 len: 1763 time: 0.0310659
2017-03-21 10:56:25.066 14922 INFO eventlet.wsgi.server [req-e29e019d-104d-465c-9b88-23780af6af42 - - - - -] 127.0.0.1 "GET /v1/nodes/78544ab5-49df-5a83-acfa-2068ac465b21 HTTP/1.1" status: 200 len: 1763 time: 0.0241709
2017-03-21 10:56:27.101 14922 INFO eventlet.wsgi.server [req-1c98a5d8-e5c4-472f-b408-9b51c42ebeef - - - - -] 127.0.0.1 "GET /v1/nodes/78544ab5-49df-5a83-acfa-2068ac465b21 HTTP/1.1" status: 200 len: 1763 time: 0.0295231
2017-03-21 10:56:29.140 14922 INFO eventlet.wsgi.server [req-c3974cef-ccdc-47c8-a736-9f1ab7a9fb6e - - - - -] 127.0.0.1 "GET /v1/nodes/78544ab5-49df-5a83-acfa-2068ac465b21 HTTP/1.1" status: 200 len: 1763 time: 0.0322618
2017-03-21 10:56:31.176 14922 INFO eventlet.wsgi.server [req-7ea26782-6f30-4ad0-8250-096fa433ea44 - - - - -] 127.0.0.1 "GET /v1/nodes/78544ab5-49df-5a83-acfa-2068ac465b21 HTTP/1.1" status: 200 len: 1763 time: 0.0307209
2017-03-21 10:56:33.212 14922 INFO eventlet.wsgi.server [req-9dca2224-b555-4f6d-9d62-20971dca4e40 - - - - -] 127.0.0.1 "GET /v1/nodes/78544ab5-49df-5a83-acfa-2068ac465b21 HTTP/1.1" status: 200 len: 1763 time: 0.0315750
2017-03-21 10:56:35.249 14922 INFO eventlet.wsgi.server [req-5eee547c-65fd-4483-b3dc-927426d85e9d - - - - -] 127.0.0.1 "GET /v1/nodes/78544ab5-49df-5a83-acfa-2068ac465b21 HTTP/1.1" status: 200 len: 1763 time: 0.0310071
2017-03-21 10:56:37.282 14922 INFO eventlet.wsgi.server [req-4293f06f-5560-477b-bee2-63a659973752 - - - - -] 127.0.0.1 "GET /v1/nodes/78544ab5-49df-5a83-acfa-2068ac465b21 HTTP/1.1" status: 200 len: 1763 time: 0.0288229
2017-03-21 10:56:39.316 14922 INFO eventlet.wsgi.server [req-0b3d02e3-9b36-42c2-933d-b671d841cbe2 - - - - -] 127.0.0.1 "GET /v1/nodes/78544ab5-49df-5a83-acfa-2068ac465b21 HTTP/1.1" status: 200 len: 1763 time: 0.0291729
2017-03-21 10:56:41.351 14922 INFO eventlet.wsgi.server [req-ec6ee97d-989f-4c2e-929b-34b07fbac959 - - - - -] 127.0.0.1 "GET /v1/nodes/78544ab5-49df-5a83-acfa-2068ac465b21 HTTP/1.1" status: 200 len: 1763 time: 0.0280900
2017-03-21 10:56:42.232 14923 INFO eventlet.wsgi.server [req-07a92dc6-7db0-41cc-a470-f99cabeb5ebe - - - - -] 127.0.0.1 "GET /v1/nodes/78544ab5-49df-5a83-acfa-2068ac465b21 HTTP/1.1" status: 200 len: 1782 time: 0.0286841
2017-03-21 10:56:42.338 14923 INFO eventlet.wsgi.server [req-e325a76a-af23-49d8-8045-3d0d69e863be - - - - -] 127.0.0.1 "GET /v1/nodes/78544ab5-49df-5a83-acfa-2068ac465b21/ports HTTP/1.1" status: 200 len: 623 time: 0.0355661
2017-03-21 10:56:42.524 14923 INFO eventlet.wsgi.server [req-a258cf47-3e60-4d0d-ae6c-0c20d3bca606 - - - - -] 127.0.0.1 "PATCH /v1/nodes/78544ab5-49df-5a83-acfa-2068ac465b21 HTTP/1.1" status: 200 len: 1782 time: 0.1795809
2017-03-21 10:56:42.723 14923 INFO eventlet.wsgi.server [req-4fff9e3b-6947-46f8-bde5-bcbbb2eb32cc - - - - -] 127.0.0.1 "PATCH /v1/nodes/78544ab5-49df-5a83-acfa-2068ac465b21 HTTP/1.1" status: 200 len: 1832 time: 0.1928742
2017-03-21 10:56:42.895 14930 WARNING oslo_config.cfg [req-24a42c12-78d0-494d-9a9c-ce4ef038320b - - - - -] Option "rabbit_userid" from group "DEFAULT" is deprecated. Use option "rabbit_userid" from group "oslo_messaging_rabbit".
2017-03-21 10:56:42.896 14930 WARNING oslo_config.cfg [req-24a42c12-78d0-494d-9a9c-ce4ef038320b - - - - -] Option "rabbit_userid" from group "oslo_messaging_rabbit" is deprecated for removal. Its value may be silently ignored in the future.
2017-03-21 10:56:42.896 14930 WARNING oslo_config.cfg [req-24a42c12-78d0-494d-9a9c-ce4ef038320b - - - - -] Option "rabbit_password" from group "DEFAULT" is deprecated. Use option "rabbit_password" from group "oslo_messaging_rabbit".
2017-03-21 10:56:42.896 14930 WARNING oslo_config.cfg [req-24a42c12-78d0-494d-9a9c-ce4ef038320b - - - - -] Option "rabbit_password" from group "oslo_messaging_rabbit" is deprecated for removal. Its value may be silently ignored in the future.
2017-03-21 10:56:43.020 14930 INFO eventlet.wsgi.server [req-24a42c12-78d0-494d-9a9c-ce4ef038320b - - - - -] 127.0.0.1 "PUT /v1/nodes/78544ab5-49df-5a83-acfa-2068ac465b21/states/power HTTP/1.1" status: 202 len: 384 time: 0.2676919
2017-03-21 10:56:43.386 14922 INFO eventlet.wsgi.server [req-2aebaf1f-f905-44f7-b849-66bdde8db5cc - - - - -] 127.0.0.1 "GET /v1/nodes/78544ab5-49df-5a83-acfa-2068ac465b21 HTTP/1.1" status: 200 len: 1840 time: 0.0293050
2017-03-21 10:56:45.422 14922 INFO eventlet.wsgi.server [req-77c7b5ea-1977-4ebf-90fb-66ca65100d65 - - - - -] 127.0.0.1 "GET /v1/nodes/78544ab5-49df-5a83-acfa-2068ac465b21 HTTP/1.1" status: 200 len: 1840 time: 0.0299881
2017-03-21 10:56:47.455 14922 INFO eventlet.wsgi.server [req-dabc3e98-3225-4765-9430-63b170926c80 - - - - -] 127.0.0.1 "GET /v1/nodes/78544ab5-49df-5a83-acfa-2068ac465b21 HTTP/1.1" status: 200 len: 1840 time: 0.0291409
2017-03-21 10:56:49.490 14922 INFO eventlet.wsgi.server [req-6aca6138-7d1f-4825-bb55-4381d22cfe6e - - - - -] 127.0.0.1 "GET /v1/nodes/78544ab5-49df-5a83-acfa-2068ac465b21 HTTP/1.1" status: 200 len: 1840 time: 0.0295820
2017-03-21 10:56:51.524 14922 INFO eventlet.wsgi.server [req-006f54a0-80b3-499f-9d07-079eb8a97733 - - - - -] 127.0.0.1 "GET /v1/nodes/78544ab5-49df-5a83-acfa-2068ac465b21 HTTP/1.1" status: 200 len: 1840 time: 0.0289640
2017-03-21 10:56:53.558 14922 INFO eventlet.wsgi.server [req-22947daf-b0d1-4d7e-bb66-546a6d11ee70 - - - - -] 127.0.0.1 "GET /v1/nodes/78544ab5-49df-5a83-acfa-2068ac465b21 HTTP/1.1" status: 200 len: 1814 time: 0.0273821
2017-03-21 10:56:55.595 14922 INFO eventlet.wsgi.server [req-c7bffe51-9505-4a29-97b9-ca33d5e44e34 - - - - -] 127.0.0.1 "GET /v1/nodes/78544ab5-49df-5a83-acfa-2068ac465b21 HTTP/1.1" status: 200 len: 1814 time: 0.0310380
2017-03-21 10:56:57.630 14922 INFO eventlet.wsgi.server [req-15c18f67-eb78-438f-80a2-63fcb6caece7 - - - - -] 127.0.0.1 "GET /v1/nodes/78544ab5-49df-5a83-acfa-2068ac465b21 HTTP/1.1" status: 200 len: 1814 time: 0.0286610
2017-03-21 10:56:59.661 14922 INFO eventlet.wsgi.server [req-fc0fea12-da03-4c10-9071-fdc9206fecd1 - - - - -] 127.0.0.1 "GET /v1/nodes/78544ab5-49df-5a83-acfa-2068ac465b21 HTTP/1.1" status: 200 len: 1814 time: 0.0257390
2017-03-21 10:57:00.341 14930 INFO eventlet.wsgi.server [req-7281e69a-5b54-452e-b969-665840196686 - - - - -] 127.0.0.1 "GET /v1/nodes HTTP/1.1" status: 200 len: 1514 time: 0.0589921
2017-03-21 10:57:01.698 14922 INFO eventlet.wsgi.server [req-48450d37-00ea-43e8-9c09-a2710e1e8b7d - - - - -] 127.0.0.1 "GET /v1/nodes/78544ab5-49df-5a83-acfa-2068ac465b21 HTTP/1.1" status: 200 len: 1806 time: 0.0298948
2017-03-21 10:57:01.866 14922 INFO eventlet.wsgi.server [req-fe6df441-fa6f-4d6a-ba2b-145564ddd398 - - - - -] 127.0.0.1 "PUT /v1/nodes/78544ab5-49df-5a83-acfa-2068ac465b21/states/provision HTTP/1.1" status: 202 len: 383 time: 0.1640561
2017-03-21 10:57:01.898 14922 INFO eventlet.wsgi.server [req-1d3862a2-3b3e-404c-a765-3b947d656b37 - - - - -] 127.0.0.1 "GET /v1/nodes/78544ab5-49df-5a83-acfa-2068ac465b21 HTTP/1.1" status: 200 len: 1825 time: 0.0311649
2017-03-21 10:57:05.423 14931 INFO eventlet.wsgi.server [req-17830cce-3f6f-4d65-a7e6-5b0589498860 - - - - -] 127.0.0.1 "GET /v1/nodes/a960e3ed-9e08-51e2-a4b4-29ea8fee5576 HTTP/1.1" status: 200 len: 1808 time: 0.0159929
2017-03-21 10:57:05.447 14925 INFO eventlet.wsgi.server [req-1077996a-e1a9-4a52-903c-e52b1e232f97 - - - - -] 127.0.0.1 "GET /v1/nodes/f7647c75-31e7-5dc3-be4d-1011a681070a HTTP/1.1" status: 200 len: 1804 time: 0.0250790
2017-03-21 10:57:05.633 14931 INFO eventlet.wsgi.server [req-9b10e525-b23d-4695-a57e-de92138f09f3 - - - - -] 127.0.0.1 "GET /v1/nodes/78544ab5-49df-5a83-acfa-2068ac465b21 HTTP/1.1" status: 200 len: 1805 time: 0.0143781
2017-03-21 10:57:16.091 14922 INFO eventlet.wsgi.server [req-13e5ce8e-b87e-4153-9ed6-0dcda2adb430 - - - - -] 127.0.0.1 "GET /v1/nodes/a960e3ed-9e08-51e2-a4b4-29ea8fee5576 HTTP/1.1" status: 200 len: 1808 time: 0.0151739
2017-03-21 10:57:16.249 14923 INFO eventlet.wsgi.server [req-8bbbd333-dd09-4df4-b5c4-f53a095468a8 - - - - -] 127.0.0.1 "GET /v1/nodes/f7647c75-31e7-5dc3-be4d-1011a681070a HTTP/1.1" status: 200 len: 1804 time: 0.0146339
2017-03-21 10:57:16.295 14922 INFO eventlet.wsgi.server [req-f48b2f6d-032b-4ff2-84ec-1217c830a917 - - - - -] 127.0.0.1 "PATCH /v1/nodes/a960e3ed-9e08-51e2-a4b4-29ea8fee5576 HTTP/1.1" status: 200 len: 1973 time: 0.2012460
2017-03-21 10:57:16.351 14921 INFO eventlet.wsgi.server [req-fafcab78-6be6-491c-8879-806f0dd3cd41 - - - - -] 127.0.0.1 "GET /v1/nodes/78544ab5-49df-5a83-acfa-2068ac465b21 HTTP/1.1" status: 200 len: 1805 time: 0.1717288
2017-03-21 10:57:16.375 14922 INFO eventlet.wsgi.server [req-c8cf1c99-86e0-4d3e-aae8-44fb0ea47fbc - - - - -] 127.0.0.1 "GET /v1/nodes/a960e3ed-9e08-51e2-a4b4-29ea8fee5576/validate HTTP/1.1" status: 200 len: 656 time: 0.0764461
2017-03-21 10:57:16.381 14921 WARNING oslo_config.cfg [req-fc933f1c-4352-4884-af29-c4081cc572af - - - - -] Option "rabbit_userid" from group "DEFAULT" is deprecated. Use option "rabbit_userid" from group "oslo_messaging_rabbit".
2017-03-21 10:57:16.381 14921 WARNING oslo_config.cfg [req-fc933f1c-4352-4884-af29-c4081cc572af - - - - -] Option "rabbit_userid" from group "oslo_messaging_rabbit" is deprecated for removal. Its value may be silently ignored in the future.
2017-03-21 10:57:16.381 14921 WARNING oslo_config.cfg [req-fc933f1c-4352-4884-af29-c4081cc572af - - - - -] Option "rabbit_password" from group "DEFAULT" is deprecated. Use option "rabbit_password" from group "oslo_messaging_rabbit".
2017-03-21 10:57:16.382 14921 WARNING oslo_config.cfg [req-fc933f1c-4352-4884-af29-c4081cc572af - - - - -] Option "rabbit_password" from group "oslo_messaging_rabbit" is deprecated for removal. Its value may be silently ignored in the future.
2017-03-21 10:57:16.604 14923 INFO eventlet.wsgi.server [req-2814980a-52ff-45b1-95cb-e1d2cf5011dd - - - - -] 127.0.0.1 "PATCH /v1/nodes/f7647c75-31e7-5dc3-be4d-1011a681070a HTTP/1.1" status: 200 len: 1969 time: 0.3512051
2017-03-21 10:57:16.698 14923 INFO eventlet.wsgi.server [req-3611d71e-3823-4a37-8fe5-d31ac4d6e080 - - - - -] 127.0.0.1 "GET /v1/nodes/f7647c75-31e7-5dc3-be4d-1011a681070a/validate HTTP/1.1" status: 200 len: 656 time: 0.0906460
2017-03-21 10:57:16.806 14922 INFO eventlet.wsgi.server [req-7619421c-e522-4a1b-a165-436a8bf6938d - - - - -] 127.0.0.1 "PUT /v1/nodes/a960e3ed-9e08-51e2-a4b4-29ea8fee5576/states/provision HTTP/1.1" status: 202 len: 383 time: 0.4286621
2017-03-21 10:57:16.826 14922 INFO eventlet.wsgi.server [req-e306f141-bff4-4d31-90d4-ec2050eb86ce - - - - -] 127.0.0.1 "GET /v1/nodes/a960e3ed-9e08-51e2-a4b4-29ea8fee5576 HTTP/1.1" status: 200 len: 2024 time: 0.0164540
2017-03-21 10:57:16.922 14921 INFO eventlet.wsgi.server [req-fc933f1c-4352-4884-af29-c4081cc572af - - - - -] 127.0.0.1 "PATCH /v1/nodes/78544ab5-49df-5a83-acfa-2068ac465b21 HTTP/1.1" status: 200 len: 1970 time: 0.5667150
2017-03-21 10:57:16.974 14921 INFO eventlet.wsgi.server [req-813a97fe-7f1f-4941-845b-fb0bcd748a2c - - - - -] 127.0.0.1 "GET /v1/nodes/78544ab5-49df-5a83-acfa-2068ac465b21/validate HTTP/1.1" status: 200 len: 656 time: 0.0503628
2017-03-21 10:57:17.064 14923 INFO eventlet.wsgi.server [req-4c681e80-7da6-4f5b-b908-8355f1ce48dc - - - - -] 127.0.0.1 "PUT /v1/nodes/f7647c75-31e7-5dc3-be4d-1011a681070a/states/provision HTTP/1.1" status: 202 len: 383 time: 0.3623002
2017-03-21 10:57:17.096 14923 INFO eventlet.wsgi.server [req-24bdf95c-abd7-4981-b20f-7b47667f7bc8 - - - - -] 127.0.0.1 "GET /v1/nodes/f7647c75-31e7-5dc3-be4d-1011a681070a HTTP/1.1" status: 200 len: 2020 time: 0.0275991
2017-03-21 10:57:17.493 14921 INFO eventlet.wsgi.server [req-d6bcbd28-be0d-41c7-9e3d-6700af2b4834 - - - - -] 127.0.0.1 "PUT /v1/nodes/78544ab5-49df-5a83-acfa-2068ac465b21/states/provision HTTP/1.1" status: 202 len: 383 time: 0.5150418
2017-03-21 10:57:17.527 14921 INFO eventlet.wsgi.server [req-744438c4-59cb-4f27-a08d-689c8c89dd84 - - - - -] 127.0.0.1 "GET /v1/nodes/78544ab5-49df-5a83-acfa-2068ac465b21 HTTP/1.1" status: 200 len: 2021 time: 0.0290060
2017-03-21 10:58:00.350 14936 INFO eventlet.wsgi.server [req-f7b03849-6b47-4dcf-a263-4dc2cce68a89 - - - - -] 127.0.0.1 "GET /v1/nodes HTTP/1.1" status: 200 len: 1521 time: 0.0652330
2017-03-21 10:58:17.976 14925 INFO eventlet.wsgi.server [req-1625e5ac-e55d-4354-8472-f2a2be35dee9 - - - - -] 192.168.122.2 "GET /v1/lookup?addresses=52%3A54%3A00%3A54%3A09%3A5b HTTP/1.1" status: 200 len: 1297 time: 0.0179601
2017-03-21 10:58:18.049 14925 INFO eventlet.wsgi.server [req-6a7eed17-d737-4560-8b83-0bae3a1fb715 - - - - -] 192.168.122.2 "POST /v1/heartbeat/f7647c75-31e7-5dc3-be4d-1011a681070a HTTP/1.1" status: 202 len: 298 time: 0.0597129
2017-03-21 10:58:25.106 14925 INFO eventlet.wsgi.server [req-96132819-c43e-4291-9fe0-333e39910126 - - - - -] 192.168.122.193 "GET /v1/lookup?addresses=52%3A54%3A00%3A0d%3Acc%3A9a HTTP/1.1" status: 200 len: 1297 time: 0.0188360
2017-03-21 10:58:25.181 14925 INFO eventlet.wsgi.server [req-772e5d0f-e7a1-40a4-8f6b-4bc556d96e60 - - - - -] 192.168.122.193 "POST /v1/heartbeat/a960e3ed-9e08-51e2-a4b4-29ea8fee5576 HTTP/1.1" status: 202 len: 298 time: 0.0615640
2017-03-21 10:58:26.809 14928 INFO eventlet.wsgi.server [req-69506a95-06c6-45e1-a2a8-2b039c6d1197 - - - - -] 192.168.122.205 "GET /v1/lookup?addresses=52%3A54%3A00%3A81%3A9d%3A56 HTTP/1.1" status: 200 len: 1297 time: 0.0349290
2017-03-21 10:58:26.899 14928 INFO eventlet.wsgi.server [req-adf3b022-3216-4ecb-ac43-08f4b537e952 - - - - -] 192.168.122.205 "POST /v1/heartbeat/78544ab5-49df-5a83-acfa-2068ac465b21 HTTP/1.1" status: 202 len: 298 time: 0.0759449
2017-03-21 10:58:57.321 14925 INFO eventlet.wsgi.server [req-07f46ccb-998c-49bc-9ea8-3c123ef2b7a4 - - - - -] 192.168.122.2 "POST /v1/heartbeat/f7647c75-31e7-5dc3-be4d-1011a681070a HTTP/1.1" status: 202 len: 298 time: 0.0686400
2017-03-21 10:59:00.352 14925 INFO eventlet.wsgi.server [req-393f4e66-4949-463e-8eff-cae20141486e - - - - -] 127.0.0.1 "GET /v1/nodes HTTP/1.1" status: 200 len: 1525 time: 0.0561039
2017-03-21 10:59:42.530 14925 INFO eventlet.wsgi.server [req-751f8ed5-c5b2-4904-a2ae-d7c9fa32734c - - - - -] 192.168.122.2 "POST /v1/heartbeat/f7647c75-31e7-5dc3-be4d-1011a681070a HTTP/1.1" status: 202 len: 298 time: 0.0799181
2017-03-21 10:59:50.316 14928 INFO eventlet.wsgi.server [req-0cb506c8-3466-4b52-be97-fa1d6eb03754 - - - - -] 192.168.122.205 "POST /v1/heartbeat/78544ab5-49df-5a83-acfa-2068ac465b21 HTTP/1.1" status: 202 len: 298 time: 2.1019311
2017-03-21 10:59:50.335 14925 INFO eventlet.wsgi.server [req-7074443b-eacd-4188-a75b-6b8656880934 - - - - -] 192.168.122.193 "POST /v1/heartbeat/a960e3ed-9e08-51e2-a4b4-29ea8fee5576 HTTP/1.1" status: 202 len: 298 time: 2.7979221
2017-03-21 11:00:00.362 14925 INFO eventlet.wsgi.server [req-510c9c30-e0c8-44dd-acc8-69decbe53a3f - - - - -] 127.0.0.1 "GET /v1/nodes HTTP/1.1" status: 200 len: 1510 time: 0.0689311
2017-03-21 11:00:10.898 14925 INFO eventlet.wsgi.server [req-2e8465a2-273c-4ccb-967b-9a90bed6064c - - - - -] 192.168.122.193 "POST /v1/heartbeat/a960e3ed-9e08-51e2-a4b4-29ea8fee5576 HTTP/1.1" status: 202 len: 298 time: 0.0833912
2017-03-21 11:00:16.888 14928 INFO eventlet.wsgi.server [req-7b880881-b3bb-4cb9-913d-a6ba1c2d5815 - - - - -] 192.168.122.205 "POST /v1/heartbeat/78544ab5-49df-5a83-acfa-2068ac465b21 HTTP/1.1" status: 202 len: 298 time: 0.0809948
2017-03-21 11:01:00.332 14926 INFO eventlet.wsgi.server [req-b1624666-4a81-41e6-98f1-6a20d0124f40 - - - - -] 127.0.0.1 "GET /v1/nodes HTTP/1.1" status: 200 len: 1501 time: 0.0374081
2017-03-21 11:01:28.697 14921 INFO eventlet.wsgi.server [req-05b33320-e13a-41f9-8c49-71620aa6ad99 - - - - -] 127.0.0.1 "GET /v1/nodes HTTP/1.1" status: 200 len: 1500 time: 0.0623729
2017-03-21 11:02:00.371 14930 INFO eventlet.wsgi.server [req-8cd99a68-b16f-470c-9214-4f772d8a4b2e - - - - -] 127.0.0.1 "GET /v1/nodes HTTP/1.1" status: 200 len: 1501 time: 0.0750759
2017-03-21 11:03:00.387 14923 INFO eventlet.wsgi.server [req-e29d5506-5935-4435-ac1e-e564074ad2b7 - - - - -] 127.0.0.1 "GET /v1/nodes HTTP/1.1" status: 200 len: 1501 time: 0.0633409
2017-03-21 11:04:00.378 14933 INFO eventlet.wsgi.server [req-1e13e95c-4921-49b4-9cdc-1c177983ed90 - - - - -] 127.0.0.1 "GET /v1/nodes HTTP/1.1" status: 200 len: 1501 time: 0.0647240
2017-03-21 11:05:00.371 14926 INFO eventlet.wsgi.server [req-9301f314-27d9-4e9b-b432-98cfc0bbb8c9 - - - - -] 127.0.0.1 "GET /v1/nodes HTTP/1.1" status: 200 len: 1501 time: 0.0634980
2017-03-21 11:06:00.378 14926 INFO eventlet.wsgi.server [req-960cb0d5-1292-40ef-bef7-c20e44794d4f - - - - -] 127.0.0.1 "GET /v1/nodes HTTP/1.1" status: 200 len: 1501 time: 0.0688810
2017-03-21 11:07:00.381 14929 INFO eventlet.wsgi.server [req-3d6dc519-3c91-4474-93b0-8d33ba01cbad - - - - -] 127.0.0.1 "GET /v1/nodes HTTP/1.1" status: 200 len: 1501 time: 0.0682850
2017-03-21 11:08:00.391 14926 INFO eventlet.wsgi.server [req-406c3584-d6b9-4076-bab6-69064937e446 - - - - -] 127.0.0.1 "GET /v1/nodes HTTP/1.1" status: 200 len: 1501 time: 0.0754910
2017-03-21 11:09:00.388 14928 INFO eventlet.wsgi.server [req-5fdba6cf-a390-40a5-b753-14b45905b29c - - - - -] 127.0.0.1 "GET /v1/nodes HTTP/1.1" status: 200 len: 1501 time: 0.0732551
2017-03-21 11:10:00.383 14928 INFO eventlet.wsgi.server [req-3b75f93c-3fa7-45a5-b05f-19dea18c93bd - - - - -] 127.0.0.1 "GET /v1/nodes HTTP/1.1" status: 200 len: 1501 time: 0.0668340
2017-03-21 11:11:00.383 14928 INFO eventlet.wsgi.server [req-f979cb3f-a0e7-4e23-ac5e-f56aee05dcb6 - - - - -] 127.0.0.1 "GET /v1/nodes HTTP/1.1" status: 200 len: 1501 time: 0.0616610
2017-03-21 11:12:00.390 14928 INFO eventlet.wsgi.server [req-34d11b79-6328-4997-9af7-0113634599aa - - - - -] 127.0.0.1 "GET /v1/nodes HTTP/1.1" status: 200 len: 1501 time: 0.0675080
2017-03-21 11:13:00.470 14922 INFO eventlet.wsgi.server [req-0c758dd9-e0ef-4f2d-a351-9a820ff9228b - - - - -] 127.0.0.1 "GET /v1/nodes HTTP/1.1" status: 200 len: 1501 time: 0.1453319
2017-03-21 11:14:00.564 14932 INFO eventlet.wsgi.server [req-ddebcf7a-69a6-4a6f-bb08-2ed3593deee8 - - - - -] 127.0.0.1 "GET /v1/nodes HTTP/1.1" status: 200 len: 1501 time: 0.2388110
2017-03-21 11:15:00.385 14933 INFO eventlet.wsgi.server [req-c36373b0-d6e7-4e8a-b7dd-f2d255376294 - - - - -] 127.0.0.1 "GET /v1/nodes HTTP/1.1" status: 200 len: 1501 time: 0.0578551
2017-03-21 11:16:00.398 14933 INFO eventlet.wsgi.server [req-ca13957c-8caf-47c3-8547-c383caf62111 - - - - -] 127.0.0.1 "GET /v1/nodes HTTP/1.1" status: 200 len: 1501 time: 0.0701439
2017-03-21 11:16:50.713 14933 INFO oslo.service.wsgi [-] Stopping WSGI server.
2017-03-21 11:16:50.713 14930 INFO oslo.service.wsgi [-] Stopping WSGI server.
2017-03-21 11:16:50.713 14926 INFO oslo.service.wsgi [-] Stopping WSGI server.
2017-03-21 11:16:50.716 14933 INFO eventlet.wsgi.server [-] (14933) wsgi exited, is_accepting=True
2017-03-21 11:16:50.716 14930 INFO eventlet.wsgi.server [-] (14930) wsgi exited, is_accepting=True
2017-03-21 11:16:50.713 14928 INFO oslo.service.wsgi [-] Stopping WSGI server.
2017-03-21 11:16:50.716 14926 INFO eventlet.wsgi.server [-] (14926) wsgi exited, is_accepting=True
2017-03-21 11:16:50.717 14928 INFO eventlet.wsgi.server [-] (14928) wsgi exited, is_accepting=True
2017-03-21 11:16:50.715 14932 INFO oslo.service.wsgi [-] Stopping WSGI server.
2017-03-21 11:16:50.716 14924 INFO oslo.service.wsgi [-] Stopping WSGI server.
2017-03-21 11:16:50.715 14935 INFO oslo.service.wsgi [-] Stopping WSGI server.
2017-03-21 11:16:50.716 14925 INFO oslo.service.wsgi [-] Stopping WSGI server.
2017-03-21 11:16:50.717 14934 INFO oslo.service.wsgi [-] Stopping WSGI server.
2017-03-21 11:16:50.720 14925 INFO eventlet.wsgi.server [-] (14925) wsgi exited, is_accepting=True
2017-03-21 11:16:50.720 14924 INFO eventlet.wsgi.server [-] (14924) wsgi exited, is_accepting=True
2017-03-21 11:16:50.720 14935 INFO eventlet.wsgi.server [-] (14935) wsgi exited, is_accepting=True
2017-03-21 11:16:50.720 14934 INFO eventlet.wsgi.server [-] (14934) wsgi exited, is_accepting=True
2017-03-21 11:16:50.718 14927 INFO oslo.service.wsgi [-] Stopping WSGI server.
2017-03-21 11:16:50.719 14929 INFO oslo.service.wsgi [-] Stopping WSGI server.
2017-03-21 11:16:50.721 14927 INFO eventlet.wsgi.server [-] (14927) wsgi exited, is_accepting=True
2017-03-21 11:16:50.721 14929 INFO eventlet.wsgi.server [-] (14929) wsgi exited, is_accepting=True
2017-03-21 11:16:50.722 14932 INFO eventlet.wsgi.server [-] (14932) wsgi exited, is_accepting=True
2017-03-21 11:16:50.723 14923 INFO oslo.service.wsgi [-] Stopping WSGI server.
2017-03-21 11:16:50.724 14921 INFO oslo.service.wsgi [-] Stopping WSGI server.
2017-03-21 11:16:50.725 14923 INFO eventlet.wsgi.server [-] (14923) wsgi exited, is_accepting=True
2017-03-21 11:16:50.725 14921 INFO eventlet.wsgi.server [-] (14921) wsgi exited, is_accepting=True
2017-03-21 11:16:50.728 14936 INFO oslo.service.wsgi [-] Stopping WSGI server.
2017-03-21 11:16:50.729 14936 INFO eventlet.wsgi.server [-] (14936) wsgi exited, is_accepting=True
2017-03-21 11:16:50.731 14931 INFO oslo.service.wsgi [-] Stopping WSGI server.
2017-03-21 11:16:50.732 14931 INFO eventlet.wsgi.server [-] (14931) wsgi exited, is_accepting=True
2017-03-21 11:16:50.734 14922 INFO oslo.service.wsgi [-] Stopping WSGI server.
2017-03-21 11:16:50.735 14922 INFO eventlet.wsgi.server [-] (14922) wsgi exited, is_accepting=True
2017-03-21 11:16:50.736 14892 INFO oslo_service.service [-] Caught SIGTERM, stopping children
2017-03-21 11:16:50.737 14892 INFO oslo.service.wsgi [-] Stopping WSGI server.
2017-03-21 11:16:50.737 14892 INFO oslo_service.service [-] Waiting on 16 children to exit
2017-03-21 11:16:50.738 14892 INFO oslo_service.service [-] Child 14921 exited with status 0
2017-03-21 11:16:50.738 14892 INFO oslo_service.service [-] Child 14924 exited with status 0
2017-03-21 11:16:50.739 14892 INFO oslo_service.service [-] Child 14926 exited with status 0
2017-03-21 11:16:50.739 14892 INFO oslo_service.service [-] Child 14927 exited with status 0
2017-03-21 11:16:50.739 14892 INFO oslo_service.service [-] Child 14923 exited with status 0
2017-03-21 11:16:50.740 14892 INFO oslo_service.service [-] Child 14928 exited with status 0
2017-03-21 11:16:50.740 14892 INFO oslo_service.service [-] Child 14929 exited with status 0
2017-03-21 11:16:50.740 14892 INFO oslo_service.service [-] Child 14932 exited with status 0
2017-03-21 11:16:50.741 14892 INFO oslo_service.service [-] Child 14933 exited with status 0
2017-03-21 11:16:50.741 14892 INFO oslo_service.service [-] Child 14934 exited with status 0
2017-03-21 11:16:50.741 14892 INFO oslo_service.service [-] Child 14935 exited with status 0
2017-03-21 11:16:50.742 14892 INFO oslo_service.service [-] Child 14936 exited with status 0
2017-03-21 11:16:50.743 14892 INFO oslo_service.service [-] Child 14925 exited with status 0
2017-03-21 11:16:50.743 14892 INFO oslo_service.service [-] Child 14930 exited with status 0
2017-03-21 11:16:50.744 14892 INFO oslo_service.service [-] Child 14931 exited with status 0
2017-03-21 11:16:50.745 14892 INFO oslo_service.service [-] Child 14922 exited with status 0
2017-03-21 11:16:52.314 1715 INFO oslo.service.wsgi [-] ironic_api listening on 0.0.0.0:6385
2017-03-21 11:16:52.315 1715 INFO oslo_service.service [-] Starting 16 workers
2017-03-21 11:16:52.324 1817 INFO eventlet.wsgi.server [-] (1817) wsgi starting up on http://0.0.0.0:6385
2017-03-21 11:16:52.324 1816 INFO eventlet.wsgi.server [-] (1816) wsgi starting up on http://0.0.0.0:6385
2017-03-21 11:16:52.326 1818 INFO eventlet.wsgi.server [-] (1818) wsgi starting up on http://0.0.0.0:6385
2017-03-21 11:16:52.328 1820 INFO eventlet.wsgi.server [-] (1820) wsgi starting up on http://0.0.0.0:6385
2017-03-21 11:16:52.329 1822 INFO eventlet.wsgi.server [-] (1822) wsgi starting up on http://0.0.0.0:6385
2017-03-21 11:16:52.331 1823 INFO eventlet.wsgi.server [-] (1823) wsgi starting up on http://0.0.0.0:6385
2017-03-21 11:16:52.332 1826 INFO eventlet.wsgi.server [-] (1826) wsgi starting up on http://0.0.0.0:6385
2017-03-21 11:16:52.333 1824 INFO eventlet.wsgi.server [-] (1824) wsgi starting up on http://0.0.0.0:6385
2017-03-21 11:16:52.334 1825 INFO eventlet.wsgi.server [-] (1825) wsgi starting up on http://0.0.0.0:6385
2017-03-21 11:16:52.336 1819 INFO eventlet.wsgi.server [-] (1819) wsgi starting up on http://0.0.0.0:6385
2017-03-21 11:16:52.338 1821 INFO eventlet.wsgi.server [-] (1821) wsgi starting up on http://0.0.0.0:6385
2017-03-21 11:16:52.338 1827 INFO eventlet.wsgi.server [-] (1827) wsgi starting up on http://0.0.0.0:6385
2017-03-21 11:16:52.340 1828 INFO eventlet.wsgi.server [-] (1828) wsgi starting up on http://0.0.0.0:6385
2017-03-21 11:16:52.341 1829 INFO eventlet.wsgi.server [-] (1829) wsgi starting up on http://0.0.0.0:6385
2017-03-21 11:16:52.345 1715 WARNING oslo_config.cfg [-] Option "rabbit_password" from group "DEFAULT" is deprecated. Use option "rabbit_password" from group "oslo_messaging_rabbit".
2017-03-21 11:16:52.346 1715 WARNING oslo_config.cfg [-] Option "rabbit_password" from group "oslo_messaging_rabbit" is deprecated for removal. Its value may be silently ignored in the future.
2017-03-21 11:16:52.346 1715 WARNING oslo_config.cfg [-] Option "rabbit_userid" from group "DEFAULT" is deprecated. Use option "rabbit_userid" from group "oslo_messaging_rabbit".
2017-03-21 11:16:52.347 1715 WARNING oslo_config.cfg [-] Option "rabbit_userid" from group "oslo_messaging_rabbit" is deprecated for removal. Its value may be silently ignored in the future.
2017-03-21 11:16:52.348 1831 INFO eventlet.wsgi.server [-] (1831) wsgi starting up on http://0.0.0.0:6385
2017-03-21 11:16:52.350 1830 INFO eventlet.wsgi.server [-] (1830) wsgi starting up on http://0.0.0.0:6385
2017-03-21 11:17:52.518 1816 ERROR wsme.api [req-6c3c494d-4885-4cf3-82bf-7bc129d70447 - - - - -] Server-side error: "(pymysql.err.InternalError) (1049, u"Unknown database 'ironic'")". Detail: Traceback (most recent call last): File "/usr/local/lib/python2.7/dist-packages/wsmeext/pecan.py", line 85, in callfunction result = f(self, *args, **kwargs)
File "/usr/local/lib/python2.7/dist-packages/ironic/api/controllers/v1/node.py", line 1456, in get_all fields=fields)
File "/usr/local/lib/python2.7/dist-packages/ironic/api/controllers/v1/node.py", line 1310, in _get_nodes_collection filters=filters)
File "/usr/local/lib/python2.7/dist-packages/ironic/objects/node.py", line 255, in list sort_dir=sort_dir)
File "/usr/local/lib/python2.7/dist-packages/ironic/db/sqlalchemy/api.py", line 260, in get_node_list query = _get_node_query_with_tags()
File "/usr/local/lib/python2.7/dist-packages/ironic/db/sqlalchemy/api.py", line 67, in _get_node_query_with_tags return model_query(models.Node).options(joinedload('tags'))
File "/usr/local/lib/python2.7/dist-packages/ironic/db/sqlalchemy/api.py", line 76, in model_query with _session_for_read() as session: File "/usr/lib/python2.7/contextlib.py", line 17, in __enter__ return self.gen.next()
File "/usr/local/lib/python2.7/dist-packages/oslo_db/sqlalchemy/enginefacade.py", line 1012, in _transaction_scope allow_async=self._allow_async) as resource: File "/usr/lib/python2.7/contextlib.py", line 17, in __enter__ return self.gen.next()
File "/usr/local/lib/python2.7/dist-packages/oslo_db/sqlalchemy/enginefacade.py", line 625, in _session bind=self.connection, mode=self.mode)
File "/usr/local/lib/python2.7/dist-packages/oslo_db/sqlalchemy/enginefacade.py", line 395, in _create_session self._start()
File "/usr/local/lib/python2.7/dist-packages/oslo_db/sqlalchemy/enginefacade.py", line 481, in _start engine_args, maker_args)
File "/usr/local/lib/python2.7/dist-packages/oslo_db/sqlalchemy/enginefacade.py", line 505, in _setup_for_connection sql_connection=sql_connection, **engine_kwargs)
File "/usr/local/lib/python2.7/dist-packages/oslo_db/sqlalchemy/engines.py", line 155, in create_engine test_conn = _test_connection(engine, max_retries, retry_interval)
File "/usr/local/lib/python2.7/dist-packages/oslo_db/sqlalchemy/engines.py", line 331, in _test_connection return engine.connect()
File "/usr/local/lib/python2.7/dist-packages/sqlalchemy/engine/base.py", line 2018, in connect return self._connection_cls(self, **kwargs)
File "/usr/local/lib/python2.7/dist-packages/sqlalchemy/engine/base.py", line 72, in __init__ if connection is not None else engine.raw_connection()
File "/usr/local/lib/python2.7/dist-packages/sqlalchemy/engine/base.py", line 2104, in raw_connection self.pool.unique_connection, _connection)
File "/usr/local/lib/python2.7/dist-packages/sqlalchemy/engine/base.py", line 2078, in _wrap_pool_connect e, dialect, self)
File "/usr/local/lib/python2.7/dist-packages/sqlalchemy/engine/base.py", line 1401, in _handle_dbapi_exception_noconnection util.raise_from_cause(newraise, exc_info)
File "/usr/local/lib/python2.7/dist-packages/sqlalchemy/util/compat.py", line 203, in raise_from_cause reraise(type(exception), exception, tb=exc_tb, cause=cause)
File "/usr/local/lib/python2.7/dist-packages/sqlalchemy/engine/base.py", line 2074, in _wrap_pool_connect return fn()
