2017-03-21 14:21:34.314 3787 INFO oslo.service.wsgi [-] Stopping WSGI server.
2017-03-21 14:21:34.316 3787 INFO eventlet.wsgi.server [-] (3787) wsgi exited, is_accepting=True
2017-03-21 14:21:34.316 3756 INFO oslo_service.service [-] Child 3786 exited with status 0
2017-03-21 14:21:34.319 3756 INFO oslo_service.service [-] Child 3791 exited with status 0
2017-03-21 14:21:34.319 3756 INFO oslo_service.service [-] Child 3793 exited with status 0
2017-03-21 14:21:34.319 3756 INFO oslo_service.service [-] Child 3784 exited with status 0
2017-03-21 14:21:34.320 3756 INFO oslo_service.service [-] Child 3788 exited with status 0
2017-03-21 14:21:34.320 3756 INFO oslo_service.service [-] Child 3794 exited with status 0
2017-03-21 14:21:34.320 3756 INFO oslo_service.service [-] Child 3789 exited with status 0
2017-03-21 14:21:34.323 3756 INFO oslo_service.service [-] Child 3785 exited with status 0
2017-03-21 14:21:34.323 3756 INFO oslo_service.service [-] Child 3799 exited with status 0
2017-03-21 14:21:34.324 3756 INFO oslo_service.service [-] Child 3787 exited with status 0
2017-03-21 14:21:34.325 3756 INFO oslo_service.service [-] Child 3796 exited with status 0
2017-03-21 14:21:34.326 3756 INFO oslo_service.service [-] Child 3790 exited with status 0
2017-03-21 14:21:34.327 3756 INFO oslo_service.service [-] Child 3792 exited with status 0
2017-03-21 14:21:34.327 3756 INFO oslo_service.service [-] Child 3798 killed by signal 15
2017-03-21 14:21:34.327 3756 INFO oslo_service.service [-] Child 3795 exited with status 0
2017-03-21 14:21:36.015 22975 INFO oslo.service.wsgi [-] ironic_api listening on 0.0.0.0:6385
2017-03-21 14:21:36.015 22975 INFO oslo_service.service [-] Starting 16 workers
2017-03-21 14:21:36.027 23073 INFO eventlet.wsgi.server [-] (23073) wsgi starting up on http://0.0.0.0:6385
2017-03-21 14:21:36.027 23074 INFO eventlet.wsgi.server [-] (23074) wsgi starting up on http://0.0.0.0:6385
2017-03-21 14:21:36.028 23075 INFO eventlet.wsgi.server [-] (23075) wsgi starting up on http://0.0.0.0:6385
2017-03-21 14:21:36.030 23076 INFO eventlet.wsgi.server [-] (23076) wsgi starting up on http://0.0.0.0:6385
2017-03-21 14:21:36.030 23077 INFO eventlet.wsgi.server [-] (23077) wsgi starting up on http://0.0.0.0:6385
2017-03-21 14:21:36.034 23079 INFO eventlet.wsgi.server [-] (23079) wsgi starting up on http://0.0.0.0:6385
2017-03-21 14:21:36.032 23072 INFO eventlet.wsgi.server [-] (23072) wsgi starting up on http://0.0.0.0:6385
2017-03-21 14:21:36.034 23071 INFO eventlet.wsgi.server [-] (23071) wsgi starting up on http://0.0.0.0:6385
2017-03-21 14:21:36.037 23081 INFO eventlet.wsgi.server [-] (23081) wsgi starting up on http://0.0.0.0:6385
2017-03-21 14:21:36.038 23082 INFO eventlet.wsgi.server [-] (23082) wsgi starting up on http://0.0.0.0:6385
2017-03-21 14:21:36.040 23083 INFO eventlet.wsgi.server [-] (23083) wsgi starting up on http://0.0.0.0:6385
2017-03-21 14:21:36.040 23078 INFO eventlet.wsgi.server [-] (23078) wsgi starting up on http://0.0.0.0:6385
2017-03-21 14:21:36.043 23080 INFO eventlet.wsgi.server [-] (23080) wsgi starting up on http://0.0.0.0:6385
2017-03-21 14:21:36.044 23086 INFO eventlet.wsgi.server [-] (23086) wsgi starting up on http://0.0.0.0:6385
2017-03-21 14:21:36.045 22975 WARNING oslo_config.cfg [-] Option "rabbit_password" from group "DEFAULT" is deprecated. Use option "rabbit_password" from group "oslo_messaging_rabbit".
2017-03-21 14:21:36.046 22975 WARNING oslo_config.cfg [-] Option "rabbit_password" from group "oslo_messaging_rabbit" is deprecated for removal. Its value may be silently ignored in the future.
2017-03-21 14:21:36.046 22975 WARNING oslo_config.cfg [-] Option "rabbit_userid" from group "DEFAULT" is deprecated. Use option "rabbit_userid" from group "oslo_messaging_rabbit".
2017-03-21 14:21:36.047 22975 WARNING oslo_config.cfg [-] Option "rabbit_userid" from group "oslo_messaging_rabbit" is deprecated for removal. Its value may be silently ignored in the future.
2017-03-21 14:21:36.047 23085 INFO eventlet.wsgi.server [-] (23085) wsgi starting up on http://0.0.0.0:6385
2017-03-21 14:21:36.042 23084 INFO eventlet.wsgi.server [-] (23084) wsgi starting up on http://0.0.0.0:6385
2017-03-21 14:22:36.161 23076 ERROR wsme.api [req-89447e43-ae0b-4a1d-8a21-29ce0800040f - - - - -] Server-side error: "(pymysql.err.InternalError) (1049, u"Unknown database 'ironic'")". Detail: Traceback (most recent call last): File "/usr/local/lib/python2.7/dist-packages/wsmeext/pecan.py", line 85, in callfunction result = f(self, *args, **kwargs)
File "/usr/local/lib/python2.7/dist-packages/ironic/api/controllers/v1/node.py", line 1456, in get_all fields=fields)
File "/usr/local/lib/python2.7/dist-packages/ironic/api/controllers/v1/node.py", line 1310, in _get_nodes_collection filters=filters)
File "/usr/local/lib/python2.7/dist-packages/ironic/objects/node.py", line 255, in list sort_dir=sort_dir)
File "/usr/local/lib/python2.7/dist-packages/ironic/db/sqlalchemy/api.py", line 260, in get_node_list query = _get_node_query_with_tags()
File "/usr/local/lib/python2.7/dist-packages/ironic/db/sqlalchemy/api.py", line 67, in _get_node_query_with_tags return model_query(models.Node).options(joinedload('tags'))
File "/usr/local/lib/python2.7/dist-packages/ironic/db/sqlalchemy/api.py", line 76, in model_query with _session_for_read() as session: File "/usr/lib/python2.7/contextlib.py", line 17, in __enter__ return self.gen.next()
File "/usr/local/lib/python2.7/dist-packages/oslo_db/sqlalchemy/enginefacade.py", line 1012, in _transaction_scope allow_async=self._allow_async) as resource: File "/usr/lib/python2.7/contextlib.py", line 17, in __enter__ return self.gen.next()
File "/usr/local/lib/python2.7/dist-packages/oslo_db/sqlalchemy/enginefacade.py", line 625, in _session bind=self.connection, mode=self.mode)
File "/usr/local/lib/python2.7/dist-packages/oslo_db/sqlalchemy/enginefacade.py", line 395, in _create_session self._start()
File "/usr/local/lib/python2.7/dist-packages/oslo_db/sqlalchemy/enginefacade.py", line 481, in _start engine_args, maker_args)
File "/usr/local/lib/python2.7/dist-packages/oslo_db/sqlalchemy/enginefacade.py", line 505, in _setup_for_connection sql_connection=sql_connection, **engine_kwargs)
File "/usr/local/lib/python2.7/dist-packages/oslo_db/sqlalchemy/engines.py", line 155, in create_engine test_conn = _test_connection(engine, max_retries, retry_interval)
File "/usr/local/lib/python2.7/dist-packages/oslo_db/sqlalchemy/engines.py", line 331, in _test_connection return engine.connect()
File "/usr/local/lib/python2.7/dist-packages/sqlalchemy/engine/base.py", line 2018, in connect return self._connection_cls(self, **kwargs)
File "/usr/local/lib/python2.7/dist-packages/sqlalchemy/engine/base.py", line 72, in __init__ if connection is not None else engine.raw_connection()
File "/usr/local/lib/python2.7/dist-packages/sqlalchemy/engine/base.py", line 2104, in raw_connection self.pool.unique_connection, _connection)
File "/usr/local/lib/python2.7/dist-packages/sqlalchemy/engine/base.py", line 2078, in _wrap_pool_connect e, dialect, self)
File "/usr/local/lib/python2.7/dist-packages/sqlalchemy/engine/base.py", line 1401, in _handle_dbapi_exception_noconnection util.raise_from_cause(newraise, exc_info)
File "/usr/local/lib/python2.7/dist-packages/sqlalchemy/util/compat.py", line 203, in raise_from_cause reraise(type(exception), exception, tb=exc_tb, cause=cause)
File "/usr/local/lib/python2.7/dist-packages/sqlalchemy/engine/base.py", line 2074, in _wrap_pool_connect return fn()
File "/usr/local/lib/python2.7/dist-packages/sqlalchemy/pool.py", line 318, in unique_connection return _ConnectionFairy._checkout(self)
File "/usr/local/lib/python2.7/dist-packages/sqlalchemy/pool.py", line 713, in _checkout fairy = _ConnectionRecord.checkout(pool)
File "/usr/local/lib/python2.7/dist-packages/sqlalchemy/pool.py", line 480, in checkout rec = pool._do_get()
File "/usr/local/lib/python2.7/dist-packages/sqlalchemy/pool.py", line 1060, in _do_get self._dec_overflow()
File "/usr/local/lib/python2.7/dist-packages/sqlalchemy/util/langhelpers.py", line 60, in __exit__ compat.reraise(exc_type, exc_value, exc_tb)
File "/usr/local/lib/python2.7/dist-packages/sqlalchemy/pool.py", line 1057, in _do_get return self._create_connection()
File "/usr/local/lib/python2.7/dist-packages/sqlalchemy/pool.py", line 323, in _create_connection return _ConnectionRecord(self)
File "/usr/local/lib/python2.7/dist-packages/sqlalchemy/pool.py", line 449, in __init__ self.connection = self.__connect()
File "/usr/local/lib/python2.7/dist-packages/sqlalchemy/pool.py", line 607, in __connect connection = self.__pool._invoke_creator(self)
File "/usr/local/lib/python2.7/dist-packages/sqlalchemy/engine/strategies.py", line 97, in connect return dialect.connect(*cargs, **cparams)
File "/usr/local/lib/python2.7/dist-packages/sqlalchemy/engine/default.py", line 385, in connect return self.dbapi.connect(*cargs, **cparams)
File "/usr/local/lib/python2.7/dist-packages/pymysql/__init__.py", line 90, in Connect return Connection(*args, **kwargs)
File "/usr/local/lib/python2.7/dist-packages/pymysql/connections.py", line 688, in __init__ self.connect()
File "/usr/local/lib/python2.7/dist-packages/pymysql/connections.py", line 906, in connect self._request_authentication()
File "/usr/local/lib/python2.7/dist-packages/pymysql/connections.py", line 1114, in _request_authentication auth_packet = self._read_packet()
File "/usr/local/lib/python2.7/dist-packages/pymysql/connections.py", line 981, in _read_packet packet.check_error()
File "/usr/local/lib/python2.7/dist-packages/pymysql/connections.py", line 393, in check_error err.raise_mysql_exception(self._data)
File "/usr/local/lib/python2.7/dist-packages/pymysql/err.py", line 107, in raise_mysql_exception raise errorclass(errno, errval) DBNonExistentDatabase: (pymysql.err.InternalError) (1049, u"Unknown database 'ironic'")
2017-03-21 14:22:36.163 23076 INFO eventlet.wsgi.server [req-89447e43-ae0b-4a1d-8a21-29ce0800040f - - - - -] 127.0.0.1 "GET /v1/nodes HTTP/1.1" status: 500 len: 507 time: 0.1620972
2017-03-21 14:23:36.000 23076 ERROR wsme.api [req-89ca677a-2a55-4496-b256-ef34ff2c2037 - - - - -] Server-side error: "(pymysql.err.InternalError) (1049, u"Unknown database 'ironic'")". Detail: Traceback (most recent call last): File "/usr/local/lib/python2.7/dist-packages/wsmeext/pecan.py", line 85, in callfunction result = f(self, *args, **kwargs)
File "/usr/local/lib/python2.7/dist-packages/ironic/api/controllers/v1/node.py", line 1456, in get_all fields=fields)
File "/usr/local/lib/python2.7/dist-packages/ironic/api/controllers/v1/node.py", line 1310, in _get_nodes_collection filters=filters)
File "/usr/local/lib/python2.7/dist-packages/ironic/objects/node.py", line 255, in list sort_dir=sort_dir)
File "/usr/local/lib/python2.7/dist-packages/ironic/db/sqlalchemy/api.py", line 260, in get_node_list query = _get_node_query_with_tags()
File "/usr/local/lib/python2.7/dist-packages/ironic/db/sqlalchemy/api.py", line 67, in _get_node_query_with_tags return model_query(models.Node).options(joinedload('tags'))
File "/usr/local/lib/python2.7/dist-packages/ironic/db/sqlalchemy/api.py", line 76, in model_query with _session_for_read() as session: File "/usr/lib/python2.7/contextlib.py", line 17, in __enter__ return self.gen.next()
File "/usr/local/lib/python2.7/dist-packages/oslo_db/sqlalchemy/enginefacade.py", line 1012, in _transaction_scope allow_async=self._allow_async) as resource: File "/usr/lib/python2.7/contextlib.py", line 17, in __enter__ return self.gen.next()
File "/usr/local/lib/python2.7/dist-packages/oslo_db/sqlalchemy/enginefacade.py", line 625, in _session bind=self.connection, mode=self.mode)
File "/usr/local/lib/python2.7/dist-packages/oslo_db/sqlalchemy/enginefacade.py", line 395, in _create_session self._start()
File "/usr/local/lib/python2.7/dist-packages/oslo_db/sqlalchemy/enginefacade.py", line 481, in _start engine_args, maker_args)
File "/usr/local/lib/python2.7/dist-packages/oslo_db/sqlalchemy/enginefacade.py", line 505, in _setup_for_connection sql_connection=sql_connection, **engine_kwargs)
File "/usr/local/lib/python2.7/dist-packages/oslo_db/sqlalchemy/engines.py", line 155, in create_engine test_conn = _test_connection(engine, max_retries, retry_interval)
File "/usr/local/lib/python2.7/dist-packages/oslo_db/sqlalchemy/engines.py", line 331, in _test_connection return engine.connect()
File "/usr/local/lib/python2.7/dist-packages/sqlalchemy/engine/base.py", line 2018, in connect return self._connection_cls(self, **kwargs)
File "/usr/local/lib/python2.7/dist-packages/sqlalchemy/engine/base.py", line 72, in __init__ if connection is not None else engine.raw_connection()
File "/usr/local/lib/python2.7/dist-packages/sqlalchemy/engine/base.py", line 2104, in raw_connection self.pool.unique_connection, _connection)
File "/usr/local/lib/python2.7/dist-packages/sqlalchemy/engine/base.py", line 2078, in _wrap_pool_connect e, dialect, self)
File "/usr/local/lib/python2.7/dist-packages/sqlalchemy/engine/base.py", line 1401, in _handle_dbapi_exception_noconnection util.raise_from_cause(newraise, exc_info)
File "/usr/local/lib/python2.7/dist-packages/sqlalchemy/util/compat.py", line 203, in raise_from_cause reraise(type(exception), exception, tb=exc_tb, cause=cause)
File "/usr/local/lib/python2.7/dist-packages/sqlalchemy/engine/base.py", line 2074, in _wrap_pool_connect return fn()
File "/usr/local/lib/python2.7/dist-packages/sqlalchemy/pool.py", line 318, in unique_connection return _ConnectionFairy._checkout(self)
File "/usr/local/lib/python2.7/dist-packages/sqlalchemy/pool.py", line 713, in _checkout fairy = _ConnectionRecord.checkout(pool)
File "/usr/local/lib/python2.7/dist-packages/sqlalchemy/pool.py", line 480, in checkout rec = pool._do_get()
File "/usr/local/lib/python2.7/dist-packages/sqlalchemy/pool.py", line 1060, in _do_get self._dec_overflow()
File "/usr/local/lib/python2.7/dist-packages/sqlalchemy/util/langhelpers.py", line 60, in __exit__ compat.reraise(exc_type, exc_value, exc_tb)
File "/usr/local/lib/python2.7/dist-packages/sqlalchemy/pool.py", line 1057, in _do_get return self._create_connection()
File "/usr/local/lib/python2.7/dist-packages/sqlalchemy/pool.py", line 323, in _create_connection return _ConnectionRecord(self)
File "/usr/local/lib/python2.7/dist-packages/sqlalchemy/pool.py", line 449, in __init__ self.connection = self.__connect()
File "/usr/local/lib/python2.7/dist-packages/sqlalchemy/pool.py", line 607, in __connect connection = self.__pool._invoke_creator(self)
File "/usr/local/lib/python2.7/dist-packages/sqlalchemy/engine/strategies.py", line 97, in connect return dialect.connect(*cargs, **cparams)
File "/usr/local/lib/python2.7/dist-packages/sqlalchemy/engine/default.py", line 385, in connect return self.dbapi.connect(*cargs, **cparams)
File "/usr/local/lib/python2.7/dist-packages/pymysql/__init__.py", line 90, in Connect return Connection(*args, **kwargs)
File "/usr/local/lib/python2.7/dist-packages/pymysql/connections.py", line 688, in __init__ self.connect()
File "/usr/local/lib/python2.7/dist-packages/pymysql/connections.py", line 906, in connect self._request_authentication()
File "/usr/local/lib/python2.7/dist-packages/pymysql/connections.py", line 1114, in _request_authentication auth_packet = self._read_packet()
File "/usr/local/lib/python2.7/dist-packages/pymysql/connections.py", line 981, in _read_packet packet.check_error()
File "/usr/local/lib/python2.7/dist-packages/pymysql/connections.py", line 393, in check_error err.raise_mysql_exception(self._data)
File "/usr/local/lib/python2.7/dist-packages/pymysql/err.py", line 107, in raise_mysql_exception raise errorclass(errno, errval) DBNonExistentDatabase: (pymysql.err.InternalError) (1049, u"Unknown database 'ironic'")
2017-03-21 14:23:36.002 23076 INFO eventlet.wsgi.server [req-89ca677a-2a55-4496-b256-ef34ff2c2037 - - - - -] 127.0.0.1 "GET /v1/nodes HTTP/1.1" status: 500 len: 507 time: 0.0212090
2017-03-21 14:24:36.006 23076 ERROR wsme.api [req-27eae2d0-d5c4-4d69-82a6-aa53f09415c2 - - - - -] Server-side error: "(pymysql.err.InternalError) (1049, u"Unknown database 'ironic'")". Detail: Traceback (most recent call last): File "/usr/local/lib/python2.7/dist-packages/wsmeext/pecan.py", line 85, in callfunction result = f(self, *args, **kwargs)
File "/usr/local/lib/python2.7/dist-packages/ironic/api/controllers/v1/node.py", line 1456, in get_all fields=fields)
File "/usr/local/lib/python2.7/dist-packages/ironic/api/controllers/v1/node.py", line 1310, in _get_nodes_collection filters=filters)
File "/usr/local/lib/python2.7/dist-packages/ironic/objects/node.py", line 255, in list sort_dir=sort_dir)
File "/usr/local/lib/python2.7/dist-packages/ironic/db/sqlalchemy/api.py", line 260, in get_node_list query = _get_node_query_with_tags()
File "/usr/local/lib/python2.7/dist-packages/ironic/db/sqlalchemy/api.py", line 67, in _get_node_query_with_tags return model_query(models.Node).options(joinedload('tags'))
File "/usr/local/lib/python2.7/dist-packages/ironic/db/sqlalchemy/api.py", line 76, in model_query with _session_for_read() as session: File "/usr/lib/python2.7/contextlib.py", line 17, in __enter__ return self.gen.next()
File "/usr/local/lib/python2.7/dist-packages/oslo_db/sqlalchemy/enginefacade.py", line 1012, in _transaction_scope allow_async=self._allow_async) as resource: File "/usr/lib/python2.7/contextlib.py", line 17, in __enter__ return self.gen.next()
File "/usr/local/lib/python2.7/dist-packages/oslo_db/sqlalchemy/enginefacade.py", line 625, in _session bind=self.connection, mode=self.mode)
File "/usr/local/lib/python2.7/dist-packages/oslo_db/sqlalchemy/enginefacade.py", line 395, in _create_session self._start()
File "/usr/local/lib/python2.7/dist-packages/oslo_db/sqlalchemy/enginefacade.py", line 481, in _start engine_args, maker_args)
File "/usr/local/lib/python2.7/dist-packages/oslo_db/sqlalchemy/enginefacade.py", line 505, in _setup_for_connection sql_connection=sql_connection, **engine_kwargs)
File "/usr/local/lib/python2.7/dist-packages/oslo_db/sqlalchemy/engines.py", line 155, in create_engine test_conn = _test_connection(engine, max_retries, retry_interval)
File "/usr/local/lib/python2.7/dist-packages/oslo_db/sqlalchemy/engines.py", line 331, in _test_connection return engine.connect()
File "/usr/local/lib/python2.7/dist-packages/sqlalchemy/engine/base.py", line 2018, in connect return self._connection_cls(self, **kwargs)
File "/usr/local/lib/python2.7/dist-packages/sqlalchemy/engine/base.py", line 72, in __init__ if connection is not None else engine.raw_connection()
File "/usr/local/lib/python2.7/dist-packages/sqlalchemy/engine/base.py", line 2104, in raw_connection self.pool.unique_connection, _connection)
File "/usr/local/lib/python2.7/dist-packages/sqlalchemy/engine/base.py", line 2078, in _wrap_pool_connect e, dialect, self)
File "/usr/local/lib/python2.7/dist-packages/sqlalchemy/engine/base.py", line 1401, in _handle_dbapi_exception_noconnection util.raise_from_cause(newraise, exc_info)
File "/usr/local/lib/python2.7/dist-packages/sqlalchemy/util/compat.py", line 203, in raise_from_cause reraise(type(exception), exception, tb=exc_tb, cause=cause)
File "/usr/local/lib/python2.7/dist-packages/sqlalchemy/engine/base.py", line 2074, in _wrap_pool_connect return fn()
File "/usr/local/lib/python2.7/dist-packages/sqlalchemy/pool.py", line 318, in unique_connection return _ConnectionFairy._checkout(self)
File "/usr/local/lib/python2.7/dist-packages/sqlalchemy/pool.py", line 713, in _checkout fairy = _ConnectionRecord.checkout(pool)
File "/usr/local/lib/python2.7/dist-packages/sqlalchemy/pool.py", line 480, in checkout rec = pool._do_get()
File "/usr/local/lib/python2.7/dist-packages/sqlalchemy/pool.py", line 1060, in _do_get self._dec_overflow()
File "/usr/local/lib/python2.7/dist-packages/sqlalchemy/util/langhelpers.py", line 60, in __exit__ compat.reraise(exc_type, exc_value, exc_tb)
File "/usr/local/lib/python2.7/dist-packages/sqlalchemy/pool.py", line 1057, in _do_get return self._create_connection()
File "/usr/local/lib/python2.7/dist-packages/sqlalchemy/pool.py", line 323, in _create_connection return _ConnectionRecord(self)
File "/usr/local/lib/python2.7/dist-packages/sqlalchemy/pool.py", line 449, in __init__ self.connection = self.__connect()
File "/usr/local/lib/python2.7/dist-packages/sqlalchemy/pool.py", line 607, in __connect connection = self.__pool._invoke_creator(self)
File "/usr/local/lib/python2.7/dist-packages/sqlalchemy/engine/strategies.py", line 97, in connect return dialect.connect(*cargs, **cparams)
File "/usr/local/lib/python2.7/dist-packages/sqlalchemy/engine/default.py", line 385, in connect return self.dbapi.connect(*cargs, **cparams)
File "/usr/local/lib/python2.7/dist-packages/pymysql/__init__.py", line 90, in Connect return Connection(*args, **kwargs)
File "/usr/local/lib/python2.7/dist-packages/pymysql/connections.py", line 688, in __init__ self.connect()
File "/usr/local/lib/python2.7/dist-packages/pymysql/connections.py", line 906, in connect self._request_authentication()
File "/usr/local/lib/python2.7/dist-packages/pymysql/connections.py", line 1114, in _request_authentication auth_packet = self._read_packet()
File "/usr/local/lib/python2.7/dist-packages/pymysql/connections.py", line 981, in _read_packet packet.check_error()
File "/usr/local/lib/python2.7/dist-packages/pymysql/connections.py", line 393, in check_error err.raise_mysql_exception(self._data)
File "/usr/local/lib/python2.7/dist-packages/pymysql/err.py", line 107, in raise_mysql_exception raise errorclass(errno, errval) DBNonExistentDatabase: (pymysql.err.InternalError) (1049, u"Unknown database 'ironic'")
2017-03-21 14:24:36.008 23076 INFO eventlet.wsgi.server [req-27eae2d0-d5c4-4d69-82a6-aa53f09415c2 - - - - -] 127.0.0.1 "GET /v1/nodes HTTP/1.1" status: 500 len: 507 time: 0.0224071
2017-03-21 14:25:36.301 22975 INFO oslo_service.service [-] Child 23072 killed by signal 11
2017-03-21 14:25:36.314 27824 INFO eventlet.wsgi.server [-] (27824) wsgi starting up on http://0.0.0.0:6385
2017-03-21 14:25:38.604 22975 INFO oslo_service.service [-] Child 23084 killed by signal 11
2017-03-21 14:25:38.614 27826 INFO eventlet.wsgi.server [-] (27826) wsgi starting up on http://0.0.0.0:6385
2017-03-21 14:25:40.938 22975 INFO oslo_service.service [-] Child 23074 killed by signal 11
2017-03-21 14:25:40.947 27828 INFO eventlet.wsgi.server [-] (27828) wsgi starting up on http://0.0.0.0:6385
2017-03-21 14:25:43.253 22975 INFO oslo_service.service [-] Child 23077 killed by signal 11
2017-03-21 14:25:43.265 28005 INFO eventlet.wsgi.server [-] (28005) wsgi starting up on http://0.0.0.0:6385
2017-03-21 14:25:46.365 27826 INFO oslo.service.wsgi [-] Stopping WSGI server.
2017-03-21 14:25:46.366 27826 INFO eventlet.wsgi.server [-] (27826) wsgi exited, is_accepting=True
2017-03-21 14:25:46.366 27824 INFO oslo.service.wsgi [-] Stopping WSGI server.
2017-03-21 14:25:46.367 27824 INFO eventlet.wsgi.server [-] (27824) wsgi exited, is_accepting=True
2017-03-21 14:25:46.367 23073 INFO oslo.service.wsgi [-] Stopping WSGI server.
2017-03-21 14:25:46.366 23076 INFO oslo.service.wsgi [-] Stopping WSGI server.
2017-03-21 14:25:46.367 23081 INFO oslo.service.wsgi [-] Stopping WSGI server.
2017-03-21 14:25:46.369 23076 INFO eventlet.wsgi.server [-] (23076) wsgi exited, is_accepting=True
2017-03-21 14:25:46.367 23086 INFO oslo.service.wsgi [-] Stopping WSGI server.
2017-03-21 14:25:46.367 23082 INFO oslo.service.wsgi [-] Stopping WSGI server.
2017-03-21 14:25:46.368 23083 INFO oslo.service.wsgi [-] Stopping WSGI server.
2017-03-21 14:25:46.368 23080 INFO oslo.service.wsgi [-] Stopping WSGI server.
2017-03-21 14:25:46.368 23078 INFO oslo.service.wsgi [-] Stopping WSGI server.
2017-03-21 14:25:46.367 23071 INFO oslo.service.wsgi [-] Stopping WSGI server.
2017-03-21 14:25:46.370 23073 INFO eventlet.wsgi.server [-] (23073) wsgi exited, is_accepting=True
2017-03-21 14:25:46.371 23082 INFO eventlet.wsgi.server [-] (23082) wsgi exited, is_accepting=True
2017-03-21 14:25:46.371 23081 INFO eventlet.wsgi.server [-] (23081) wsgi exited, is_accepting=True
2017-03-21 14:25:46.371 23086 INFO eventlet.wsgi.server [-] (23086) wsgi exited, is_accepting=True
2017-03-21 14:25:46.371 23080 INFO eventlet.wsgi.server [-] (23080) wsgi exited, is_accepting=True
2017-03-21 14:25:46.371 23075 INFO oslo.service.wsgi [-] Stopping WSGI server.
2017-03-21 14:25:46.371 23078 INFO eventlet.wsgi.server [-] (23078) wsgi exited, is_accepting=True
2017-03-21 14:25:46.371 23071 INFO eventlet.wsgi.server [-] (23071) wsgi exited, is_accepting=True
2017-03-21 14:25:46.373 23075 INFO eventlet.wsgi.server [-] (23075) wsgi exited, is_accepting=True
2017-03-21 14:25:46.373 23079 INFO oslo.service.wsgi [-] Stopping WSGI server.
2017-03-21 14:25:46.373 22975 INFO oslo_service.service [-] Caught SIGTERM, stopping children
2017-03-21 14:25:46.374 22975 INFO oslo.service.wsgi [-] Stopping WSGI server.
2017-03-21 14:25:46.375 22975 INFO oslo_service.service [-] Waiting on 16 children to exit
2017-03-21 14:25:46.375 22975 INFO oslo_service.service [-] Child 27824 exited with status 0
2017-03-21 14:25:46.375 22975 INFO oslo_service.service [-] Child 27826 exited with status 0
2017-03-21 14:25:46.375 22975 INFO oslo_service.service [-] Child 23082 exited with status 0
2017-03-21 14:25:46.376 22975 INFO oslo_service.service [-] Child 23073 exited with status 0
2017-03-21 14:25:46.376 22975 INFO oslo_service.service [-] Child 23081 exited with status 0
2017-03-21 14:25:46.377 22975 INFO oslo_service.service [-] Child 23086 exited with status 0
2017-03-21 14:25:46.377 22975 INFO oslo_service.service [-] Child 23080 exited with status 0
2017-03-21 14:25:46.377 22975 INFO oslo_service.service [-] Child 23071 exited with status 0
2017-03-21 14:25:46.377 22975 INFO oslo_service.service [-] Child 23076 exited with status 0
2017-03-21 14:25:46.377 22975 INFO oslo_service.service [-] Child 23078 exited with status 0
2017-03-21 14:25:46.378 22975 INFO oslo_service.service [-] Child 23075 killed by signal 15
2017-03-21 14:25:46.377 23085 INFO oslo.service.wsgi [-] Stopping WSGI server.
2017-03-21 14:25:46.378 22975 INFO oslo_service.service [-] Child 23079 killed by signal 15
2017-03-21 14:25:46.378 27828 INFO oslo.service.wsgi [-] Stopping WSGI server.
2017-03-21 14:25:46.379 28005 INFO oslo.service.wsgi [-] Stopping WSGI server.
2017-03-21 14:25:46.379 23085 INFO eventlet.wsgi.server [-] (23085) wsgi exited, is_accepting=True
2017-03-21 14:25:46.379 28005 INFO eventlet.wsgi.server [-] (28005) wsgi exited, is_accepting=True
2017-03-21 14:25:46.379 27828 INFO eventlet.wsgi.server [-] (27828) wsgi exited, is_accepting=True
2017-03-21 14:25:46.380 22975 INFO oslo_service.service [-] Child 23083 killed by signal 15
2017-03-21 14:25:46.382 22975 INFO oslo_service.service [-] Child 23085 exited with status 0
2017-03-21 14:25:46.383 22975 INFO oslo_service.service [-] Child 28005 exited with status 0
2017-03-21 14:25:46.384 22975 INFO oslo_service.service [-] Child 27828 exited with status 0
2017-03-21 14:25:48.215 28212 INFO oslo.service.wsgi [-] ironic_api listening on 0.0.0.0:6385
2017-03-21 14:25:48.215 28212 INFO oslo_service.service [-] Starting 16 workers
2017-03-21 14:25:48.226 28240 INFO eventlet.wsgi.server [-] (28240) wsgi starting up on http://0.0.0.0:6385
2017-03-21 14:25:48.226 28241 INFO eventlet.wsgi.server [-] (28241) wsgi starting up on http://0.0.0.0:6385
2017-03-21 14:25:48.228 28242 INFO eventlet.wsgi.server [-] (28242) wsgi starting up on http://0.0.0.0:6385
2017-03-21 14:25:48.229 28243 INFO eventlet.wsgi.server [-] (28243) wsgi starting up on http://0.0.0.0:6385
2017-03-21 14:25:48.230 28244 INFO eventlet.wsgi.server [-] (28244) wsgi starting up on http://0.0.0.0:6385
2017-03-21 14:25:48.235 28247 INFO eventlet.wsgi.server [-] (28247) wsgi starting up on http://0.0.0.0:6385
2017-03-21 14:25:48.236 28248 INFO eventlet.wsgi.server [-] (28248) wsgi starting up on http://0.0.0.0:6385
2017-03-21 14:25:48.236 28249 INFO eventlet.wsgi.server [-] (28249) wsgi starting up on http://0.0.0.0:6385
2017-03-21 14:25:48.236 28250 INFO eventlet.wsgi.server [-] (28250) wsgi starting up on http://0.0.0.0:6385
2017-03-21 14:25:48.238 28251 INFO eventlet.wsgi.server [-] (28251) wsgi starting up on http://0.0.0.0:6385
2017-03-21 14:25:48.239 28252 INFO eventlet.wsgi.server [-] (28252) wsgi starting up on http://0.0.0.0:6385
2017-03-21 14:25:48.240 28245 INFO eventlet.wsgi.server [-] (28245) wsgi starting up on http://0.0.0.0:6385
2017-03-21 14:25:48.241 28246 INFO eventlet.wsgi.server [-] (28246) wsgi starting up on http://0.0.0.0:6385
2017-03-21 14:25:48.241 28253 INFO eventlet.wsgi.server [-] (28253) wsgi starting up on http://0.0.0.0:6385
2017-03-21 14:25:48.246 28212 WARNING oslo_config.cfg [-] Option "rabbit_password" from group "DEFAULT" is deprecated. Use option "rabbit_password" from group "oslo_messaging_rabbit".
2017-03-21 14:25:48.246 28212 WARNING oslo_config.cfg [-] Option "rabbit_password" from group "oslo_messaging_rabbit" is deprecated for removal. Its value may be silently ignored in the future.
2017-03-21 14:25:48.247 28212 WARNING oslo_config.cfg [-] Option "rabbit_userid" from group "DEFAULT" is deprecated. Use option "rabbit_userid" from group "oslo_messaging_rabbit".
2017-03-21 14:25:48.247 28212 WARNING oslo_config.cfg [-] Option "rabbit_userid" from group "oslo_messaging_rabbit" is deprecated for removal. Its value may be silently ignored in the future.
2017-03-21 14:25:48.246 28255 INFO eventlet.wsgi.server [-] (28255) wsgi starting up on http://0.0.0.0:6385
2017-03-21 14:25:48.251 28254 INFO eventlet.wsgi.server [-] (28254) wsgi starting up on http://0.0.0.0:6385
2017-03-21 14:26:45.373 28254 INFO eventlet.wsgi.server [req-f6b5d6bc-5760-4e8d-9ef5-d26f555187bd - - - - -] 127.0.0.1 "GET /v1/nodes HTTP/1.1" status: 200 len: 338 time: 0.2093482
2017-03-21 14:27:45.378 28242 INFO eventlet.wsgi.server [req-5ace1f09-0431-497e-b9c5-f14436fbf842 - - - - -] 127.0.0.1 "GET /v1/nodes HTTP/1.1" status: 200 len: 338 time: 0.2365141
2017-03-21 14:28:45.353 28244 INFO eventlet.wsgi.server [req-0341e87a-6503-4ca9-9004-b51147a2ea2b - - - - -] 127.0.0.1 "GET /v1/nodes HTTP/1.1" status: 200 len: 338 time: 0.2055600
2017-03-21 14:29:45.324 28240 INFO eventlet.wsgi.server [req-b617741b-aea8-4179-8b2b-43375ccfd2b5 - - - - -] 127.0.0.1 "GET /v1/nodes HTTP/1.1" status: 200 len: 338 time: 0.1765180
2017-03-21 14:30:45.182 28242 INFO eventlet.wsgi.server [req-1845cfd2-f382-4a27-90cd-5998fdb6108f - - - - -] 127.0.0.1 "GET /v1/nodes HTTP/1.1" status: 200 len: 338 time: 0.0354810
2017-03-21 14:31:45.357 28247 INFO eventlet.wsgi.server [req-f5a0035f-5bac-440c-8516-0d932090f9bc - - - - -] 127.0.0.1 "GET /v1/nodes HTTP/1.1" status: 200 len: 338 time: 0.2035301
2017-03-21 14:32:45.306 28245 INFO eventlet.wsgi.server [req-0aaa386d-cc50-46a8-aae8-bdf00b36eb9a - - - - -] 127.0.0.1 "GET /v1/nodes HTTP/1.1" status: 200 len: 338 time: 0.1493518
2017-03-21 14:33:09.967 28240 INFO eventlet.wsgi.server [req-da81bc9e-cfb6-4266-af15-a47b845fd380 - - - - -] 127.0.0.1 "GET /v1/nodes/e1369efa-5391-5035-8533-3a065c44a584 HTTP/1.1" status: 404 len: 485 time: 0.0119660
2017-03-21 14:33:09.985 28240 WARNING oslo_config.cfg [req-83b0e2d4-b7d9-49a5-9e91-cb332834f53a - - - - -] Option "rabbit_userid" from group "DEFAULT" is deprecated. Use option "rabbit_userid" from group "oslo_messaging_rabbit".
2017-03-21 14:33:09.985 28240 WARNING oslo_config.cfg [req-83b0e2d4-b7d9-49a5-9e91-cb332834f53a - - - - -] Option "rabbit_userid" from group "oslo_messaging_rabbit" is deprecated for removal. Its value may be silently ignored in the future.
2017-03-21 14:33:09.985 28240 WARNING oslo_config.cfg [req-83b0e2d4-b7d9-49a5-9e91-cb332834f53a - - - - -] Option "rabbit_password" from group "DEFAULT" is deprecated. Use option "rabbit_password" from group "oslo_messaging_rabbit".
2017-03-21 14:33:09.986 28240 WARNING oslo_config.cfg [req-83b0e2d4-b7d9-49a5-9e91-cb332834f53a - - - - -] Option "rabbit_password" from group "oslo_messaging_rabbit" is deprecated for removal. Its value may be silently ignored in the future.
2017-03-21 14:33:10.118 28240 INFO eventlet.wsgi.server [req-83b0e2d4-b7d9-49a5-9e91-cb332834f53a - - - - -] 127.0.0.1 "POST /v1/nodes HTTP/1.1" status: 201 len: 1755 time: 0.1490040
2017-03-21 14:33:10.362 28249 INFO eventlet.wsgi.server [req-9c729f3c-b6b6-4e0c-a1cb-aa8d07f0cb84 - - - - -] 127.0.0.1 "GET /v1/nodes/c1a56cb3-fcef-59d5-8105-7e6815154f70 HTTP/1.1" status: 404 len: 485 time: 0.2050941
2017-03-21 14:33:10.389 28249 WARNING oslo_config.cfg [req-21411167-5c87-4c62-994f-5be03d90ba5a - - - - -] Option "rabbit_userid" from group "DEFAULT" is deprecated. Use option "rabbit_userid" from group "oslo_messaging_rabbit".
2017-03-21 14:33:10.389 28249 WARNING oslo_config.cfg [req-21411167-5c87-4c62-994f-5be03d90ba5a - - - - -] Option "rabbit_userid" from group "oslo_messaging_rabbit" is deprecated for removal. Its value may be silently ignored in the future.
2017-03-21 14:33:10.389 28249 WARNING oslo_config.cfg [req-21411167-5c87-4c62-994f-5be03d90ba5a - - - - -] Option "rabbit_password" from group "DEFAULT" is deprecated. Use option "rabbit_password" from group "oslo_messaging_rabbit".
2017-03-21 14:33:10.390 28249 WARNING oslo_config.cfg [req-21411167-5c87-4c62-994f-5be03d90ba5a - - - - -] Option "rabbit_password" from group "oslo_messaging_rabbit" is deprecated for removal. Its value may be silently ignored in the future.
2017-03-21 14:33:10.396 28253 INFO eventlet.wsgi.server [req-42d2c4ed-0e81-4831-8f06-d2f3729c5bef - - - - -] 127.0.0.1 "GET /v1/nodes/72010e8e-a3bd-519e-92fa-a69484f8298f HTTP/1.1" status: 404 len: 485 time: 0.1779869
2017-03-21 14:33:10.414 28253 WARNING oslo_config.cfg [req-61f58006-f38c-4e6a-9673-553ff1071616 - - - - -] Option "rabbit_userid" from group "DEFAULT" is deprecated. Use option "rabbit_userid" from group "oslo_messaging_rabbit".
2017-03-21 14:33:10.415 28253 WARNING oslo_config.cfg [req-61f58006-f38c-4e6a-9673-553ff1071616 - - - - -] Option "rabbit_userid" from group "oslo_messaging_rabbit" is deprecated for removal. Its value may be silently ignored in the future.
2017-03-21 14:33:10.415 28253 WARNING oslo_config.cfg [req-61f58006-f38c-4e6a-9673-553ff1071616 - - - - -] Option "rabbit_password" from group "DEFAULT" is deprecated. Use option "rabbit_password" from group "oslo_messaging_rabbit".
2017-03-21 14:33:10.415 28253 WARNING oslo_config.cfg [req-61f58006-f38c-4e6a-9673-553ff1071616 - - - - -] Option "rabbit_password" from group "oslo_messaging_rabbit" is deprecated for removal. Its value may be silently ignored in the future.
2017-03-21 14:33:10.924 28240 INFO eventlet.wsgi.server [req-0d312bb0-3569-4105-9227-d322013b4780 - - - - -] 127.0.0.1 "POST /v1/ports HTTP/1.1" status: 201 len: 829 time: 0.8017468
2017-03-21 14:33:11.888 28253 INFO eventlet.wsgi.server [req-61f58006-f38c-4e6a-9673-553ff1071616 - - - - -] 127.0.0.1 "POST /v1/nodes HTTP/1.1" status: 201 len: 1752 time: 1.4892230
2017-03-21 14:33:11.910 28249 INFO eventlet.wsgi.server [req-21411167-5c87-4c62-994f-5be03d90ba5a - - - - -] 127.0.0.1 "POST /v1/nodes HTTP/1.1" status: 201 len: 1752 time: 1.5443342
2017-03-21 14:33:12.724 28253 INFO eventlet.wsgi.server [req-7190e4b6-364b-4e90-82fc-8bb3cebf1ffd - - - - -] 127.0.0.1 "POST /v1/ports HTTP/1.1" status: 201 len: 829 time: 0.8316410
2017-03-21 14:33:12.807 28249 INFO eventlet.wsgi.server [req-b8190de4-4050-4465-ab55-c8eee2113ecf - - - - -] 127.0.0.1 "POST /v1/ports HTTP/1.1" status: 201 len: 829 time: 0.8940980
2017-03-21 14:33:16.412 28255 INFO eventlet.wsgi.server [req-52cd3c9f-5365-495c-9b76-c28febef1bb4 - - - - -] 127.0.0.1 "GET /v1/nodes/c1a56cb3-fcef-59d5-8105-7e6815154f70 HTTP/1.1" status: 200 len: 1668 time: 0.1390049
2017-03-21 14:33:16.430 28255 INFO eventlet.wsgi.server [req-da8d917a-f8c5-4d59-91c2-b969d4e1f4c9 - - - - -] 127.0.0.1 "GET /v1/nodes/c1a56cb3-fcef-59d5-8105-7e6815154f70 HTTP/1.1" status: 200 len: 1668 time: 0.0138729
2017-03-21 14:33:16.432 28242 INFO eventlet.wsgi.server [req-0e9f647e-b5ad-4295-9c9d-4fe7616c4f12 - - - - -] 127.0.0.1 "GET /v1/nodes/72010e8e-a3bd-519e-92fa-a69484f8298f HTTP/1.1" status: 200 len: 1668 time: 0.0333748
2017-03-21 14:33:16.453 28255 WARNING oslo_config.cfg [req-0cfcf8f7-b825-4973-b4c7-79656473ef19 - - - - -] Option "rabbit_userid" from group "DEFAULT" is deprecated. Use option "rabbit_userid" from group "oslo_messaging_rabbit".
2017-03-21 14:33:16.454 28255 WARNING oslo_config.cfg [req-0cfcf8f7-b825-4973-b4c7-79656473ef19 - - - - -] Option "rabbit_userid" from group "oslo_messaging_rabbit" is deprecated for removal. Its value may be silently ignored in the future.
2017-03-21 14:33:16.454 28255 WARNING oslo_config.cfg [req-0cfcf8f7-b825-4973-b4c7-79656473ef19 - - - - -] Option "rabbit_password" from group "DEFAULT" is deprecated. Use option "rabbit_password" from group "oslo_messaging_rabbit".
2017-03-21 14:33:16.454 28255 WARNING oslo_config.cfg [req-0cfcf8f7-b825-4973-b4c7-79656473ef19 - - - - -] Option "rabbit_password" from group "oslo_messaging_rabbit" is deprecated for removal. Its value may be silently ignored in the future.
2017-03-21 14:33:16.458 28242 INFO eventlet.wsgi.server [req-1f4e1947-7532-4061-a1de-641a218ee87a - - - - -] 127.0.0.1 "GET /v1/nodes/72010e8e-a3bd-519e-92fa-a69484f8298f HTTP/1.1" status: 200 len: 1668 time: 0.0223019
2017-03-21 14:33:16.492 28242 WARNING oslo_config.cfg [req-bf7bebd5-c306-418e-8ce7-cbdaa9a5d07d - - - - -] Option "rabbit_userid" from group "DEFAULT" is deprecated. Use option "rabbit_userid" from group "oslo_messaging_rabbit".
2017-03-21 14:33:16.492 28242 WARNING oslo_config.cfg [req-bf7bebd5-c306-418e-8ce7-cbdaa9a5d07d - - - - -] Option "rabbit_userid" from group "oslo_messaging_rabbit" is deprecated for removal. Its value may be silently ignored in the future.
2017-03-21 14:33:16.493 28242 WARNING oslo_config.cfg [req-bf7bebd5-c306-418e-8ce7-cbdaa9a5d07d - - - - -] Option "rabbit_password" from group "DEFAULT" is deprecated. Use option "rabbit_password" from group "oslo_messaging_rabbit".
2017-03-21 14:33:16.493 28242 WARNING oslo_config.cfg [req-bf7bebd5-c306-418e-8ce7-cbdaa9a5d07d - - - - -] Option "rabbit_password" from group "oslo_messaging_rabbit" is deprecated for removal. Its value may be silently ignored in the future.
2017-03-21 14:33:16.514 28252 INFO eventlet.wsgi.server [req-747e32ee-3882-4da5-9beb-3b6cf7c28c27 - - - - -] 127.0.0.1 "GET /v1/nodes/e1369efa-5391-5035-8533-3a065c44a584 HTTP/1.1" status: 200 len: 1671 time: 0.1953609
2017-03-21 14:33:16.534 28252 INFO eventlet.wsgi.server [req-3ed7a2fa-c687-4335-bda5-fe9fd99bcb56 - - - - -] 127.0.0.1 "GET /v1/nodes/e1369efa-5391-5035-8533-3a065c44a584 HTTP/1.1" status: 200 len: 1671 time: 0.0162411
2017-03-21 14:33:16.559 28252 WARNING oslo_config.cfg [req-a9914cdc-c688-4396-b6ae-d47749a998ed - - - - -] Option "rabbit_userid" from group "DEFAULT" is deprecated. Use option "rabbit_userid" from group "oslo_messaging_rabbit".
2017-03-21 14:33:16.560 28252 WARNING oslo_config.cfg [req-a9914cdc-c688-4396-b6ae-d47749a998ed - - - - -] Option "rabbit_userid" from group "oslo_messaging_rabbit" is deprecated for removal. Its value may be silently ignored in the future.
2017-03-21 14:33:16.560 28252 WARNING oslo_config.cfg [req-a9914cdc-c688-4396-b6ae-d47749a998ed - - - - -] Option "rabbit_password" from group "DEFAULT" is deprecated. Use option "rabbit_password" from group "oslo_messaging_rabbit".
2017-03-21 14:33:16.560 28252 WARNING oslo_config.cfg [req-a9914cdc-c688-4396-b6ae-d47749a998ed - - - - -] Option "rabbit_password" from group "oslo_messaging_rabbit" is deprecated for removal. Its value may be silently ignored in the future.
2017-03-21 14:33:18.251 28255 INFO eventlet.wsgi.server [req-0cfcf8f7-b825-4973-b4c7-79656473ef19 - - - - -] 127.0.0.1 "PUT /v1/nodes/c1a56cb3-fcef-59d5-8105-7e6815154f70/states/provision HTTP/1.1" status: 202 len: 383 time: 1.8169780
2017-03-21 14:33:18.282 28255 INFO eventlet.wsgi.server [req-2ee47a50-c89b-47cb-a32b-68a5f82f1727 - - - - -] 127.0.0.1 "GET /v1/nodes/c1a56cb3-fcef-59d5-8105-7e6815154f70 HTTP/1.1" status: 200 len: 1715 time: 0.0272660
2017-03-21 14:33:18.838 28252 INFO eventlet.wsgi.server [req-a9914cdc-c688-4396-b6ae-d47749a998ed - - - - -] 127.0.0.1 "PUT /v1/nodes/e1369efa-5391-5035-8533-3a065c44a584/states/provision HTTP/1.1" status: 202 len: 383 time: 2.3013380
2017-03-21 14:33:18.841 28242 INFO eventlet.wsgi.server [req-bf7bebd5-c306-418e-8ce7-cbdaa9a5d07d - - - - -] 127.0.0.1 "PUT /v1/nodes/72010e8e-a3bd-519e-92fa-a69484f8298f/states/provision HTTP/1.1" status: 202 len: 383 time: 2.3794670
2017-03-21 14:33:18.869 28252 INFO eventlet.wsgi.server [req-c2c3e1fb-74c1-4888-9752-ac458f27e92c - - - - -] 127.0.0.1 "GET /v1/nodes/e1369efa-5391-5035-8533-3a065c44a584 HTTP/1.1" status: 200 len: 1718 time: 0.0268240
2017-03-21 14:33:18.871 28242 INFO eventlet.wsgi.server [req-0846e6c3-e096-4ab4-a66d-ece28ced9c33 - - - - -] 127.0.0.1 "GET /v1/nodes/72010e8e-a3bd-519e-92fa-a69484f8298f HTTP/1.1" status: 200 len: 1715 time: 0.0262511
2017-03-21 14:33:19.606 28255 INFO eventlet.wsgi.server [req-96e7c62d-fc15-45b4-b134-6300718e785c - - - - -] 127.0.0.1 "PUT /v1/nodes/c1a56cb3-fcef-59d5-8105-7e6815154f70/states/provision HTTP/1.1" status: 202 len: 383 time: 1.3199961
2017-03-21 14:33:19.649 28255 INFO eventlet.wsgi.server [req-2efa5547-5478-4aff-b6eb-5c8ff4974308 - - - - -] 127.0.0.1 "GET /v1/nodes/c1a56cb3-fcef-59d5-8105-7e6815154f70 HTTP/1.1" status: 200 len: 1746 time: 0.0391970
2017-03-21 14:33:19.674 28255 INFO eventlet.wsgi.server [req-a2568bec-3257-4d16-98a3-3a10f8eab4a4 - - - - -] 127.0.0.1 "GET /v1/nodes/c1a56cb3-fcef-59d5-8105-7e6815154f70 HTTP/1.1" status: 200 len: 1746 time: 0.0218089
2017-03-21 14:33:19.688 28255 INFO eventlet.wsgi.server [req-3196a936-f3aa-4c32-a7f7-389946987548 - - - - -] 127.0.0.1 "GET /v1/nodes/c1a56cb3-fcef-59d5-8105-7e6815154f70 HTTP/1.1" status: 200 len: 1765 time: 0.0572920
2017-03-21 14:33:19.753 28255 INFO eventlet.wsgi.server [req-38fbe670-bd41-4151-a902-f64f7090a147 - - - - -] 127.0.0.1 "GET /v1/nodes/c1a56cb3-fcef-59d5-8105-7e6815154f70/validate HTTP/1.1" status: 200 len: 1081 time: 0.0624390
2017-03-21 14:33:20.124 28242 INFO eventlet.wsgi.server [req-d3d43f0f-e866-44eb-997b-6549665d0829 - - - - -] 127.0.0.1 "PUT /v1/nodes/72010e8e-a3bd-519e-92fa-a69484f8298f/states/provision HTTP/1.1" status: 202 len: 383 time: 1.2496910
2017-03-21 14:33:20.129 28252 INFO eventlet.wsgi.server [req-4a10e769-7920-4ac1-9fb9-151be5fade62 - - - - -] 127.0.0.1 "PUT /v1/nodes/e1369efa-5391-5035-8533-3a065c44a584/states/provision HTTP/1.1" status: 202 len: 383 time: 1.2573860
2017-03-21 14:33:21.082 28252 INFO eventlet.wsgi.server [req-f5fa65e3-2f8f-4f3e-92fb-7fe4203a96cb - - - - -] 127.0.0.1 "GET /v1/nodes/e1369efa-5391-5035-8533-3a065c44a584 HTTP/1.1" status: 200 len: 1769 time: 0.9489050
2017-03-21 14:33:21.083 28242 INFO eventlet.wsgi.server [req-a9f13894-895e-44e8-97ce-59419de18ac5 - - - - -] 127.0.0.1 "GET /v1/nodes/72010e8e-a3bd-519e-92fa-a69484f8298f HTTP/1.1" status: 200 len: 1766 time: 0.9548271
2017-03-21 14:33:21.109 28255 INFO eventlet.wsgi.server [req-39a30ded-061d-47e9-be66-03e9d7f2e0b2 - - - - -] 127.0.0.1 "GET /v1/nodes/c1a56cb3-fcef-59d5-8105-7e6815154f70 HTTP/1.1" status: 200 len: 1765 time: 0.0286899
2017-03-21 14:33:21.113 28252 INFO eventlet.wsgi.server [req-02e62148-3fd8-4ca0-baad-00771a227f0b - - - - -] 127.0.0.1 "GET /v1/nodes/e1369efa-5391-5035-8533-3a065c44a584 HTTP/1.1" status: 200 len: 1749 time: 0.0261610
2017-03-21 14:33:21.117 28240 INFO eventlet.wsgi.server [req-64203f1b-0dc1-446b-8c68-9b79f74169a0 - - - - -] 127.0.0.1 "GET /v1/nodes/72010e8e-a3bd-519e-92fa-a69484f8298f HTTP/1.1" status: 200 len: 1765 time: 0.0294039
2017-03-21 14:33:21.123 28242 INFO eventlet.wsgi.server [req-f60f1217-982a-40a4-947a-c7f7f31af4d7 - - - - -] 127.0.0.1 "GET /v1/nodes/72010e8e-a3bd-519e-92fa-a69484f8298f HTTP/1.1" status: 200 len: 1746 time: 0.0253301
2017-03-21 14:33:21.149 28255 INFO eventlet.wsgi.server [req-7f96dd10-b26e-4505-9a70-cd12a68a0310 - - - - -] 127.0.0.1 "GET /v1/nodes/c1a56cb3-fcef-59d5-8105-7e6815154f70/ports HTTP/1.1" status: 200 len: 623 time: 0.0341620
2017-03-21 14:33:21.172 28240 INFO eventlet.wsgi.server [req-f537874a-128e-4d9d-8830-ee4ba2effe0a - - - - -] 127.0.0.1 "GET /v1/nodes/72010e8e-a3bd-519e-92fa-a69484f8298f/validate HTTP/1.1" status: 200 len: 1081 time: 0.0513411
2017-03-21 14:33:21.707 28255 INFO eventlet.wsgi.server [req-5bc6139d-ee7e-4322-99ae-aee4d95d5766 - - - - -] 127.0.0.1 "GET /v1/nodes/c1a56cb3-fcef-59d5-8105-7e6815154f70 HTTP/1.1" status: 200 len: 1746 time: 0.0263591
2017-03-21 14:33:23.148 28252 INFO eventlet.wsgi.server [req-cdd43e6f-590e-4c6d-9d74-b2de03ab4494 - - - - -] 127.0.0.1 "GET /v1/nodes/e1369efa-5391-5035-8533-3a065c44a584 HTTP/1.1" status: 200 len: 1749 time: 0.0295100
2017-03-21 14:33:23.158 28242 INFO eventlet.wsgi.server [req-aebb5fc5-5598-4110-baab-2069782759fe - - - - -] 127.0.0.1 "GET /v1/nodes/72010e8e-a3bd-519e-92fa-a69484f8298f HTTP/1.1" status: 200 len: 1746 time: 0.0300121
2017-03-21 14:33:23.743 28255 INFO eventlet.wsgi.server [req-6f8220a4-fbe4-4674-95a8-9988e418f62b - - - - -] 127.0.0.1 "GET /v1/nodes/c1a56cb3-fcef-59d5-8105-7e6815154f70 HTTP/1.1" status: 200 len: 1766 time: 0.0297270
2017-03-21 14:33:25.184 28252 INFO eventlet.wsgi.server [req-f4172163-68c5-49b7-b712-db2403b8480c - - - - -] 127.0.0.1 "GET /v1/nodes/e1369efa-5391-5035-8533-3a065c44a584 HTTP/1.1" status: 200 len: 1749 time: 0.0294580
2017-03-21 14:33:25.190 28242 INFO eventlet.wsgi.server [req-ecbcadce-da41-4407-a6a3-94799a8e4789 - - - - -] 127.0.0.1 "GET /v1/nodes/72010e8e-a3bd-519e-92fa-a69484f8298f HTTP/1.1" status: 200 len: 1746 time: 0.0257020
2017-03-21 14:33:25.725 28254 INFO eventlet.wsgi.server [req-06be7544-4b43-495e-b4cc-f31637b05404 - - - - -] 127.0.0.1 "GET /v1/nodes/e1369efa-5391-5035-8533-3a065c44a584 HTTP/1.1" status: 200 len: 1768 time: 0.0181570
2017-03-21 14:33:25.734 28240 INFO eventlet.wsgi.server [req-d4066260-6946-4403-8a91-cbc7290a0130 - - - - -] 127.0.0.1 "GET /v1/nodes/72010e8e-a3bd-519e-92fa-a69484f8298f HTTP/1.1" status: 200 len: 1765 time: 0.0299649
2017-03-21 14:33:25.748 28254 WARNING oslo_config.cfg [req-a6a5871b-19ac-4d69-a4b1-275fc100bd95 - - - - -] Option "rabbit_userid" from group "DEFAULT" is deprecated. Use option "rabbit_userid" from group "oslo_messaging_rabbit".
2017-03-21 14:33:25.748 28254 WARNING oslo_config.cfg [req-a6a5871b-19ac-4d69-a4b1-275fc100bd95 - - - - -] Option "rabbit_userid" from group "oslo_messaging_rabbit" is deprecated for removal. Its value may be silently ignored in the future.
2017-03-21 14:33:25.749 28254 WARNING oslo_config.cfg [req-a6a5871b-19ac-4d69-a4b1-275fc100bd95 - - - - -] Option "rabbit_password" from group "DEFAULT" is deprecated. Use option "rabbit_password" from group "oslo_messaging_rabbit".
2017-03-21 14:33:25.749 28254 WARNING oslo_config.cfg [req-a6a5871b-19ac-4d69-a4b1-275fc100bd95 - - - - -] Option "rabbit_password" from group "oslo_messaging_rabbit" is deprecated for removal. Its value may be silently ignored in the future.
2017-03-21 14:33:25.778 28255 INFO eventlet.wsgi.server [req-01664331-83a8-4e10-92a4-ec0a6e5b4f15 - - - - -] 127.0.0.1 "GET /v1/nodes/c1a56cb3-fcef-59d5-8105-7e6815154f70 HTTP/1.1" status: 200 len: 1766 time: 0.0285220
2017-03-21 14:33:25.822 28254 INFO eventlet.wsgi.server [req-a6a5871b-19ac-4d69-a4b1-275fc100bd95 - - - - -] 127.0.0.1 "GET /v1/nodes/e1369efa-5391-5035-8533-3a065c44a584/validate HTTP/1.1" status: 200 len: 1081 time: 0.0926900
2017-03-21 14:33:26.156 28240 INFO eventlet.wsgi.server [req-28cc0842-eba6-47c8-93b1-d8ae58a8d14b - - - - -] 127.0.0.1 "GET /v1/nodes/72010e8e-a3bd-519e-92fa-a69484f8298f/ports HTTP/1.1" status: 200 len: 623 time: 0.0396769
2017-03-21 14:33:27.338 28252 INFO eventlet.wsgi.server [req-4924b7d7-6da1-4370-9a58-a05d899dc82b - - - - -] 127.0.0.1 "GET /v1/nodes/e1369efa-5391-5035-8533-3a065c44a584 HTTP/1.1" status: 200 len: 1749 time: 0.1475670
2017-03-21 14:33:27.342 28242 INFO eventlet.wsgi.server [req-eb00a09d-2b3c-45bd-ba2f-52198cec4671 - - - - -] 127.0.0.1 "GET /v1/nodes/72010e8e-a3bd-519e-92fa-a69484f8298f HTTP/1.1" status: 200 len: 1746 time: 0.1457150
2017-03-21 14:33:27.815 28255 INFO eventlet.wsgi.server [req-abf6e7bc-d063-4fee-9a69-a2090830bb81 - - - - -] 127.0.0.1 "GET /v1/nodes/c1a56cb3-fcef-59d5-8105-7e6815154f70 HTTP/1.1" status: 200 len: 1766 time: 0.0301690
2017-03-21 14:33:29.051 28254 INFO eventlet.wsgi.server [req-3453c556-f6ba-4768-8d2f-a44c1febaa3f - - - - -] 127.0.0.1 "GET /v1/nodes/e1369efa-5391-5035-8533-3a065c44a584 HTTP/1.1" status: 200 len: 1768 time: 0.0175939
2017-03-21 14:33:29.372 28252 INFO eventlet.wsgi.server [req-ed4a061a-57de-40d9-b140-8e56d3062e8e - - - - -] 127.0.0.1 "GET /v1/nodes/e1369efa-5391-5035-8533-3a065c44a584 HTTP/1.1" status: 200 len: 1749 time: 0.0275378
2017-03-21 14:33:29.378 28242 INFO eventlet.wsgi.server [req-9bbdb69b-8f91-4923-bcd8-16e09ba211b9 - - - - -] 127.0.0.1 "GET /v1/nodes/72010e8e-a3bd-519e-92fa-a69484f8298f HTTP/1.1" status: 200 len: 1766 time: 0.0288000
2017-03-21 14:33:29.856 28255 INFO eventlet.wsgi.server [req-2444a0ec-d06b-45d4-bd64-c55f8585bdb9 - - - - -] 127.0.0.1 "GET /v1/nodes/c1a56cb3-fcef-59d5-8105-7e6815154f70 HTTP/1.1" status: 200 len: 1766 time: 0.0339420
2017-03-21 14:33:31.157 28254 INFO eventlet.wsgi.server [req-ebd12f52-e520-41bd-8683-f360f9ba88cc - - - - -] 127.0.0.1 "GET /v1/nodes/e1369efa-5391-5035-8533-3a065c44a584/ports HTTP/1.1" status: 200 len: 623 time: 0.0407929
2017-03-21 14:33:31.403 28242 INFO eventlet.wsgi.server [req-346b7a7a-ecd7-44c0-9780-6036a5507e72 - - - - -] 127.0.0.1 "GET /v1/nodes/72010e8e-a3bd-519e-92fa-a69484f8298f HTTP/1.1" status: 200 len: 1766 time: 0.0197041
