2017-03-22 02:20:35.442 20638 INFO eventlet.wsgi.server [-] (20638) wsgi exited, is_accepting=True
2017-03-22 02:20:35.424 20648 INFO oslo.service.wsgi [-] Stopping WSGI server.
2017-03-22 02:20:35.426 20639 INFO oslo.service.wsgi [-] Stopping WSGI server.
2017-03-22 02:20:35.444 20648 INFO eventlet.wsgi.server [-] (20648) wsgi exited, is_accepting=True
2017-03-22 02:20:35.445 20639 INFO eventlet.wsgi.server [-] (20639) wsgi exited, is_accepting=True
2017-03-22 02:20:35.425 20637 INFO oslo.service.wsgi [-] Stopping WSGI server.
2017-03-22 02:20:35.425 20646 INFO oslo.service.wsgi [-] Stopping WSGI server.
2017-03-22 02:20:35.447 20646 INFO eventlet.wsgi.server [-] (20646) wsgi exited, is_accepting=True
2017-03-22 02:20:35.448 20596 INFO oslo_service.service [-] Caught SIGTERM, stopping children
2017-03-22 02:20:35.448 20637 INFO eventlet.wsgi.server [-] (20637) wsgi exited, is_accepting=True
2017-03-22 02:20:35.449 20596 INFO oslo.service.wsgi [-] Stopping WSGI server.
2017-03-22 02:20:35.462 20596 INFO oslo_service.service [-] Waiting on 16 children to exit
2017-03-22 02:20:35.463 20596 INFO oslo_service.service [-] Child 20633 killed by signal 15
2017-03-22 02:20:35.463 20596 INFO oslo_service.service [-] Child 20634 killed by signal 15
2017-03-22 02:20:35.464 20596 INFO oslo_service.service [-] Child 20635 exited with status 0
2017-03-22 02:20:35.464 20596 INFO oslo_service.service [-] Child 20639 exited with status 0
2017-03-22 02:20:35.464 20596 INFO oslo_service.service [-] Child 20640 exited with status 0
2017-03-22 02:20:35.465 20596 INFO oslo_service.service [-] Child 20636 killed by signal 15
2017-03-22 02:20:35.465 20596 INFO oslo_service.service [-] Child 20641 exited with status 0
2017-03-22 02:20:35.466 20596 INFO oslo_service.service [-] Child 20637 exited with status 0
2017-03-22 02:20:35.467 20596 INFO oslo_service.service [-] Child 20642 exited with status 0
2017-03-22 02:20:35.467 20596 INFO oslo_service.service [-] Child 20643 exited with status 0
2017-03-22 02:20:35.468 20596 INFO oslo_service.service [-] Child 20644 killed by signal 15
2017-03-22 02:20:35.468 20596 INFO oslo_service.service [-] Child 20645 exited with status 0
2017-03-22 02:20:35.468 20596 INFO oslo_service.service [-] Child 20638 exited with status 0
2017-03-22 02:20:35.469 20596 INFO oslo_service.service [-] Child 20646 exited with status 0
2017-03-22 02:20:35.469 20596 INFO oslo_service.service [-] Child 20647 killed by signal 15
2017-03-22 02:20:35.469 20596 INFO oslo_service.service [-] Child 20648 exited with status 0
2017-03-22 02:20:37.181 17245 INFO oslo.service.wsgi [-] ironic_api listening on 0.0.0.0:6385
2017-03-22 02:20:37.181 17245 INFO oslo_service.service [-] Starting 16 workers
2017-03-22 02:20:37.191 17343 INFO eventlet.wsgi.server [-] (17343) wsgi starting up on http://0.0.0.0:6385
2017-03-22 02:20:37.191 17342 INFO eventlet.wsgi.server [-] (17342) wsgi starting up on http://0.0.0.0:6385
2017-03-22 02:20:37.195 17345 INFO eventlet.wsgi.server [-] (17345) wsgi starting up on http://0.0.0.0:6385
2017-03-22 02:20:37.196 17346 INFO eventlet.wsgi.server [-] (17346) wsgi starting up on http://0.0.0.0:6385
2017-03-22 02:20:37.197 17347 INFO eventlet.wsgi.server [-] (17347) wsgi starting up on http://0.0.0.0:6385
2017-03-22 02:20:37.199 17344 INFO eventlet.wsgi.server [-] (17344) wsgi starting up on http://0.0.0.0:6385
2017-03-22 02:20:37.200 17350 INFO eventlet.wsgi.server [-] (17350) wsgi starting up on http://0.0.0.0:6385
2017-03-22 02:20:37.200 17349 INFO eventlet.wsgi.server [-] (17349) wsgi starting up on http://0.0.0.0:6385
2017-03-22 02:20:37.207 17351 INFO eventlet.wsgi.server [-] (17351) wsgi starting up on http://0.0.0.0:6385
2017-03-22 02:20:37.206 17348 INFO eventlet.wsgi.server [-] (17348) wsgi starting up on http://0.0.0.0:6385
2017-03-22 02:20:37.206 17353 INFO eventlet.wsgi.server [-] (17353) wsgi starting up on http://0.0.0.0:6385
2017-03-22 02:20:37.207 17352 INFO eventlet.wsgi.server [-] (17352) wsgi starting up on http://0.0.0.0:6385
2017-03-22 02:20:37.208 17354 INFO eventlet.wsgi.server [-] (17354) wsgi starting up on http://0.0.0.0:6385
2017-03-22 02:20:37.208 17355 INFO eventlet.wsgi.server [-] (17355) wsgi starting up on http://0.0.0.0:6385
2017-03-22 02:20:37.212 17356 INFO eventlet.wsgi.server [-] (17356) wsgi starting up on http://0.0.0.0:6385
2017-03-22 02:20:37.213 17357 INFO eventlet.wsgi.server [-] (17357) wsgi starting up on http://0.0.0.0:6385
2017-03-22 02:20:37.216 17245 WARNING oslo_config.cfg [-] Option "rabbit_password" from group "DEFAULT" is deprecated. Use option "rabbit_password" from group "oslo_messaging_rabbit".
2017-03-22 02:20:37.216 17245 WARNING oslo_config.cfg [-] Option "rabbit_password" from group "oslo_messaging_rabbit" is deprecated for removal. Its value may be silently ignored in the future.
2017-03-22 02:20:37.217 17245 WARNING oslo_config.cfg [-] Option "rabbit_userid" from group "DEFAULT" is deprecated. Use option "rabbit_userid" from group "oslo_messaging_rabbit".
2017-03-22 02:20:37.217 17245 WARNING oslo_config.cfg [-] Option "rabbit_userid" from group "oslo_messaging_rabbit" is deprecated for removal. Its value may be silently ignored in the future.
2017-03-22 02:21:37.414 17346 ERROR wsme.api [req-3d3bfd98-7586-40f2-bd72-190a4fc06679 - - - - -] Server-side error: "(pymysql.err.InternalError) (1049, u"Unknown database 'ironic'")". Detail: Traceback (most recent call last): File "/usr/local/lib/python2.7/dist-packages/wsmeext/pecan.py", line 85, in callfunction result = f(self, *args, **kwargs)
File "/usr/local/lib/python2.7/dist-packages/ironic/api/controllers/v1/node.py", line 1456, in get_all fields=fields)
File "/usr/local/lib/python2.7/dist-packages/ironic/api/controllers/v1/node.py", line 1310, in _get_nodes_collection filters=filters)
File "/usr/local/lib/python2.7/dist-packages/ironic/objects/node.py", line 255, in list sort_dir=sort_dir)
File "/usr/local/lib/python2.7/dist-packages/ironic/db/sqlalchemy/api.py", line 260, in get_node_list query = _get_node_query_with_tags()
File "/usr/local/lib/python2.7/dist-packages/ironic/db/sqlalchemy/api.py", line 67, in _get_node_query_with_tags return model_query(models.Node).options(joinedload('tags'))
File "/usr/local/lib/python2.7/dist-packages/ironic/db/sqlalchemy/api.py", line 76, in model_query with _session_for_read() as session: File "/usr/lib/python2.7/contextlib.py", line 17, in __enter__ return self.gen.next()
File "/usr/local/lib/python2.7/dist-packages/oslo_db/sqlalchemy/enginefacade.py", line 1012, in _transaction_scope allow_async=self._allow_async) as resource: File "/usr/lib/python2.7/contextlib.py", line 17, in __enter__ return self.gen.next()
File "/usr/local/lib/python2.7/dist-packages/oslo_db/sqlalchemy/enginefacade.py", line 625, in _session bind=self.connection, mode=self.mode)
File "/usr/local/lib/python2.7/dist-packages/oslo_db/sqlalchemy/enginefacade.py", line 395, in _create_session self._start()
File "/usr/local/lib/python2.7/dist-packages/oslo_db/sqlalchemy/enginefacade.py", line 481, in _start engine_args, maker_args)
File "/usr/local/lib/python2.7/dist-packages/oslo_db/sqlalchemy/enginefacade.py", line 505, in _setup_for_connection sql_connection=sql_connection, **engine_kwargs)
File "/usr/local/lib/python2.7/dist-packages/oslo_db/sqlalchemy/engines.py", line 155, in create_engine test_conn = _test_connection(engine, max_retries, retry_interval)
File "/usr/local/lib/python2.7/dist-packages/oslo_db/sqlalchemy/engines.py", line 331, in _test_connection return engine.connect()
File "/usr/local/lib/python2.7/dist-packages/sqlalchemy/engine/base.py", line 2018, in connect return self._connection_cls(self, **kwargs)
File "/usr/local/lib/python2.7/dist-packages/sqlalchemy/engine/base.py", line 72, in __init__ if connection is not None else engine.raw_connection()
File "/usr/local/lib/python2.7/dist-packages/sqlalchemy/engine/base.py", line 2104, in raw_connection self.pool.unique_connection, _connection)
File "/usr/local/lib/python2.7/dist-packages/sqlalchemy/engine/base.py", line 2078, in _wrap_pool_connect e, dialect, self)
File "/usr/local/lib/python2.7/dist-packages/sqlalchemy/engine/base.py", line 1401, in _handle_dbapi_exception_noconnection util.raise_from_cause(newraise, exc_info)
File "/usr/local/lib/python2.7/dist-packages/sqlalchemy/util/compat.py", line 203, in raise_from_cause reraise(type(exception), exception, tb=exc_tb, cause=cause)
File "/usr/local/lib/python2.7/dist-packages/sqlalchemy/engine/base.py", line 2074, in _wrap_pool_connect return fn()
File "/usr/local/lib/python2.7/dist-packages/sqlalchemy/pool.py", line 318, in unique_connection return _ConnectionFairy._checkout(self)
File "/usr/local/lib/python2.7/dist-packages/sqlalchemy/pool.py", line 713, in _checkout fairy = _ConnectionRecord.checkout(pool)
File "/usr/local/lib/python2.7/dist-packages/sqlalchemy/pool.py", line 480, in checkout rec = pool._do_get()
File "/usr/local/lib/python2.7/dist-packages/sqlalchemy/pool.py", line 1060, in _do_get self._dec_overflow()
File "/usr/local/lib/python2.7/dist-packages/sqlalchemy/util/langhelpers.py", line 60, in __exit__ compat.reraise(exc_type, exc_value, exc_tb)
File "/usr/local/lib/python2.7/dist-packages/sqlalchemy/pool.py", line 1057, in _do_get return self._create_connection()
File "/usr/local/lib/python2.7/dist-packages/sqlalchemy/pool.py", line 323, in _create_connection return _ConnectionRecord(self)
File "/usr/local/lib/python2.7/dist-packages/sqlalchemy/pool.py", line 449, in __init__ self.connection = self.__connect()
File "/usr/local/lib/python2.7/dist-packages/sqlalchemy/pool.py", line 607, in __connect connection = self.__pool._invoke_creator(self)
File "/usr/local/lib/python2.7/dist-packages/sqlalchemy/engine/strategies.py", line 97, in connect return dialect.connect(*cargs, **cparams)
File "/usr/local/lib/python2.7/dist-packages/sqlalchemy/engine/default.py", line 385, in connect return self.dbapi.connect(*cargs, **cparams)
File "/usr/local/lib/python2.7/dist-packages/pymysql/__init__.py", line 90, in Connect return Connection(*args, **kwargs)
File "/usr/local/lib/python2.7/dist-packages/pymysql/connections.py", line 688, in __init__ self.connect()
File "/usr/local/lib/python2.7/dist-packages/pymysql/connections.py", line 906, in connect self._request_authentication()
File "/usr/local/lib/python2.7/dist-packages/pymysql/connections.py", line 1114, in _request_authentication auth_packet = self._read_packet()
File "/usr/local/lib/python2.7/dist-packages/pymysql/connections.py", line 981, in _read_packet packet.check_error()
File "/usr/local/lib/python2.7/dist-packages/pymysql/connections.py", line 393, in check_error err.raise_mysql_exception(self._data)
File "/usr/local/lib/python2.7/dist-packages/pymysql/err.py", line 107, in raise_mysql_exception raise errorclass(errno, errval) DBNonExistentDatabase: (pymysql.err.InternalError) (1049, u"Unknown database 'ironic'")
2017-03-22 02:21:37.416 17346 INFO eventlet.wsgi.server [req-3d3bfd98-7586-40f2-bd72-190a4fc06679 - - - - -] 127.0.0.1 "GET /v1/nodes HTTP/1.1" status: 500 len: 507 time: 0.1682401
2017-03-22 02:22:37.339 17350 ERROR wsme.api [req-24c75fdc-8996-489f-a44e-04919863e4c0 - - - - -] Server-side error: "(pymysql.err.InternalError) (1049, u"Unknown database 'ironic'")". Detail: Traceback (most recent call last): File "/usr/local/lib/python2.7/dist-packages/wsmeext/pecan.py", line 85, in callfunction result = f(self, *args, **kwargs)
File "/usr/local/lib/python2.7/dist-packages/ironic/api/controllers/v1/node.py", line 1456, in get_all fields=fields)
File "/usr/local/lib/python2.7/dist-packages/ironic/api/controllers/v1/node.py", line 1310, in _get_nodes_collection filters=filters)
File "/usr/local/lib/python2.7/dist-packages/ironic/objects/node.py", line 255, in list sort_dir=sort_dir)
File "/usr/local/lib/python2.7/dist-packages/ironic/db/sqlalchemy/api.py", line 260, in get_node_list query = _get_node_query_with_tags()
File "/usr/local/lib/python2.7/dist-packages/ironic/db/sqlalchemy/api.py", line 67, in _get_node_query_with_tags return model_query(models.Node).options(joinedload('tags'))
File "/usr/local/lib/python2.7/dist-packages/ironic/db/sqlalchemy/api.py", line 76, in model_query with _session_for_read() as session: File "/usr/lib/python2.7/contextlib.py", line 17, in __enter__ return self.gen.next()
File "/usr/local/lib/python2.7/dist-packages/oslo_db/sqlalchemy/enginefacade.py", line 1012, in _transaction_scope allow_async=self._allow_async) as resource: File "/usr/lib/python2.7/contextlib.py", line 17, in __enter__ return self.gen.next()
File "/usr/local/lib/python2.7/dist-packages/oslo_db/sqlalchemy/enginefacade.py", line 625, in _session bind=self.connection, mode=self.mode)
File "/usr/local/lib/python2.7/dist-packages/oslo_db/sqlalchemy/enginefacade.py", line 395, in _create_session self._start()
File "/usr/local/lib/python2.7/dist-packages/oslo_db/sqlalchemy/enginefacade.py", line 481, in _start engine_args, maker_args)
File "/usr/local/lib/python2.7/dist-packages/oslo_db/sqlalchemy/enginefacade.py", line 505, in _setup_for_connection sql_connection=sql_connection, **engine_kwargs)
File "/usr/local/lib/python2.7/dist-packages/oslo_db/sqlalchemy/engines.py", line 155, in create_engine test_conn = _test_connection(engine, max_retries, retry_interval)
File "/usr/local/lib/python2.7/dist-packages/oslo_db/sqlalchemy/engines.py", line 331, in _test_connection return engine.connect()
File "/usr/local/lib/python2.7/dist-packages/sqlalchemy/engine/base.py", line 2018, in connect return self._connection_cls(self, **kwargs)
File "/usr/local/lib/python2.7/dist-packages/sqlalchemy/engine/base.py", line 72, in __init__ if connection is not None else engine.raw_connection()
File "/usr/local/lib/python2.7/dist-packages/sqlalchemy/engine/base.py", line 2104, in raw_connection self.pool.unique_connection, _connection)
File "/usr/local/lib/python2.7/dist-packages/sqlalchemy/engine/base.py", line 2078, in _wrap_pool_connect e, dialect, self)
File "/usr/local/lib/python2.7/dist-packages/sqlalchemy/engine/base.py", line 1401, in _handle_dbapi_exception_noconnection util.raise_from_cause(newraise, exc_info)
File "/usr/local/lib/python2.7/dist-packages/sqlalchemy/util/compat.py", line 203, in raise_from_cause reraise(type(exception), exception, tb=exc_tb, cause=cause)
File "/usr/local/lib/python2.7/dist-packages/sqlalchemy/engine/base.py", line 2074, in _wrap_pool_connect return fn()
File "/usr/local/lib/python2.7/dist-packages/sqlalchemy/pool.py", line 318, in unique_connection return _ConnectionFairy._checkout(self)
File "/usr/local/lib/python2.7/dist-packages/sqlalchemy/pool.py", line 713, in _checkout fairy = _ConnectionRecord.checkout(pool)
File "/usr/local/lib/python2.7/dist-packages/sqlalchemy/pool.py", line 480, in checkout rec = pool._do_get()
File "/usr/local/lib/python2.7/dist-packages/sqlalchemy/pool.py", line 1060, in _do_get self._dec_overflow()
File "/usr/local/lib/python2.7/dist-packages/sqlalchemy/util/langhelpers.py", line 60, in __exit__ compat.reraise(exc_type, exc_value, exc_tb)
File "/usr/local/lib/python2.7/dist-packages/sqlalchemy/pool.py", line 1057, in _do_get return self._create_connection()
File "/usr/local/lib/python2.7/dist-packages/sqlalchemy/pool.py", line 323, in _create_connection return _ConnectionRecord(self)
File "/usr/local/lib/python2.7/dist-packages/sqlalchemy/pool.py", line 449, in __init__ self.connection = self.__connect()
File "/usr/local/lib/python2.7/dist-packages/sqlalchemy/pool.py", line 607, in __connect connection = self.__pool._invoke_creator(self)
File "/usr/local/lib/python2.7/dist-packages/sqlalchemy/engine/strategies.py", line 97, in connect return dialect.connect(*cargs, **cparams)
File "/usr/local/lib/python2.7/dist-packages/sqlalchemy/engine/default.py", line 385, in connect return self.dbapi.connect(*cargs, **cparams)
File "/usr/local/lib/python2.7/dist-packages/pymysql/__init__.py", line 90, in Connect return Connection(*args, **kwargs)
File "/usr/local/lib/python2.7/dist-packages/pymysql/connections.py", line 688, in __init__ self.connect()
File "/usr/local/lib/python2.7/dist-packages/pymysql/connections.py", line 906, in connect self._request_authentication()
File "/usr/local/lib/python2.7/dist-packages/pymysql/connections.py", line 1114, in _request_authentication auth_packet = self._read_packet()
File "/usr/local/lib/python2.7/dist-packages/pymysql/connections.py", line 981, in _read_packet packet.check_error()
File "/usr/local/lib/python2.7/dist-packages/pymysql/connections.py", line 393, in check_error err.raise_mysql_exception(self._data)
File "/usr/local/lib/python2.7/dist-packages/pymysql/err.py", line 107, in raise_mysql_exception raise errorclass(errno, errval) DBNonExistentDatabase: (pymysql.err.InternalError) (1049, u"Unknown database 'ironic'")
2017-03-22 02:22:37.341 17350 INFO eventlet.wsgi.server [req-24c75fdc-8996-489f-a44e-04919863e4c0 - - - - -] 127.0.0.1 "GET /v1/nodes HTTP/1.1" status: 500 len: 507 time: 0.1179221
2017-03-22 02:23:37.237 17350 ERROR wsme.api [req-573f584b-871e-49ce-a748-9f883918baa9 - - - - -] Server-side error: "(pymysql.err.InternalError) (1049, u"Unknown database 'ironic'")". Detail: Traceback (most recent call last): File "/usr/local/lib/python2.7/dist-packages/wsmeext/pecan.py", line 85, in callfunction result = f(self, *args, **kwargs)
File "/usr/local/lib/python2.7/dist-packages/ironic/api/controllers/v1/node.py", line 1456, in get_all fields=fields)
File "/usr/local/lib/python2.7/dist-packages/ironic/api/controllers/v1/node.py", line 1310, in _get_nodes_collection filters=filters)
File "/usr/local/lib/python2.7/dist-packages/ironic/objects/node.py", line 255, in list sort_dir=sort_dir)
File "/usr/local/lib/python2.7/dist-packages/ironic/db/sqlalchemy/api.py", line 260, in get_node_list query = _get_node_query_with_tags()
File "/usr/local/lib/python2.7/dist-packages/ironic/db/sqlalchemy/api.py", line 67, in _get_node_query_with_tags return model_query(models.Node).options(joinedload('tags'))
File "/usr/local/lib/python2.7/dist-packages/ironic/db/sqlalchemy/api.py", line 76, in model_query with _session_for_read() as session: File "/usr/lib/python2.7/contextlib.py", line 17, in __enter__ return self.gen.next()
File "/usr/local/lib/python2.7/dist-packages/oslo_db/sqlalchemy/enginefacade.py", line 1012, in _transaction_scope allow_async=self._allow_async) as resource: File "/usr/lib/python2.7/contextlib.py", line 17, in __enter__ return self.gen.next()
File "/usr/local/lib/python2.7/dist-packages/oslo_db/sqlalchemy/enginefacade.py", line 625, in _session bind=self.connection, mode=self.mode)
File "/usr/local/lib/python2.7/dist-packages/oslo_db/sqlalchemy/enginefacade.py", line 395, in _create_session self._start()
File "/usr/local/lib/python2.7/dist-packages/oslo_db/sqlalchemy/enginefacade.py", line 481, in _start engine_args, maker_args)
File "/usr/local/lib/python2.7/dist-packages/oslo_db/sqlalchemy/enginefacade.py", line 505, in _setup_for_connection sql_connection=sql_connection, **engine_kwargs)
File "/usr/local/lib/python2.7/dist-packages/oslo_db/sqlalchemy/engines.py", line 155, in create_engine test_conn = _test_connection(engine, max_retries, retry_interval)
File "/usr/local/lib/python2.7/dist-packages/oslo_db/sqlalchemy/engines.py", line 331, in _test_connection return engine.connect()
File "/usr/local/lib/python2.7/dist-packages/sqlalchemy/engine/base.py", line 2018, in connect return self._connection_cls(self, **kwargs)
File "/usr/local/lib/python2.7/dist-packages/sqlalchemy/engine/base.py", line 72, in __init__ if connection is not None else engine.raw_connection()
File "/usr/local/lib/python2.7/dist-packages/sqlalchemy/engine/base.py", line 2104, in raw_connection self.pool.unique_connection, _connection)
File "/usr/local/lib/python2.7/dist-packages/sqlalchemy/engine/base.py", line 2078, in _wrap_pool_connect e, dialect, self)
File "/usr/local/lib/python2.7/dist-packages/sqlalchemy/engine/base.py", line 1401, in _handle_dbapi_exception_noconnection util.raise_from_cause(newraise, exc_info)
File "/usr/local/lib/python2.7/dist-packages/sqlalchemy/util/compat.py", line 203, in raise_from_cause reraise(type(exception), exception, tb=exc_tb, cause=cause)
File "/usr/local/lib/python2.7/dist-packages/sqlalchemy/engine/base.py", line 2074, in _wrap_pool_connect return fn()
File "/usr/local/lib/python2.7/dist-packages/sqlalchemy/pool.py", line 318, in unique_connection return _ConnectionFairy._checkout(self)
File "/usr/local/lib/python2.7/dist-packages/sqlalchemy/pool.py", line 713, in _checkout fairy = _ConnectionRecord.checkout(pool)
File "/usr/local/lib/python2.7/dist-packages/sqlalchemy/pool.py", line 480, in checkout rec = pool._do_get()
File "/usr/local/lib/python2.7/dist-packages/sqlalchemy/pool.py", line 1060, in _do_get self._dec_overflow()
File "/usr/local/lib/python2.7/dist-packages/sqlalchemy/util/langhelpers.py", line 60, in __exit__ compat.reraise(exc_type, exc_value, exc_tb)
File "/usr/local/lib/python2.7/dist-packages/sqlalchemy/pool.py", line 1057, in _do_get return self._create_connection()
File "/usr/local/lib/python2.7/dist-packages/sqlalchemy/pool.py", line 323, in _create_connection return _ConnectionRecord(self)
File "/usr/local/lib/python2.7/dist-packages/sqlalchemy/pool.py", line 449, in __init__ self.connection = self.__connect()
File "/usr/local/lib/python2.7/dist-packages/sqlalchemy/pool.py", line 607, in __connect connection = self.__pool._invoke_creator(self)
File "/usr/local/lib/python2.7/dist-packages/sqlalchemy/engine/strategies.py", line 97, in connect return dialect.connect(*cargs, **cparams)
File "/usr/local/lib/python2.7/dist-packages/sqlalchemy/engine/default.py", line 385, in connect return self.dbapi.connect(*cargs, **cparams)
File "/usr/local/lib/python2.7/dist-packages/pymysql/__init__.py", line 90, in Connect return Connection(*args, **kwargs)
File "/usr/local/lib/python2.7/dist-packages/pymysql/connections.py", line 688, in __init__ self.connect()
File "/usr/local/lib/python2.7/dist-packages/pymysql/connections.py", line 906, in connect self._request_authentication()
File "/usr/local/lib/python2.7/dist-packages/pymysql/connections.py", line 1114, in _request_authentication auth_packet = self._read_packet()
File "/usr/local/lib/python2.7/dist-packages/pymysql/connections.py", line 981, in _read_packet packet.check_error()
File "/usr/local/lib/python2.7/dist-packages/pymysql/connections.py", line 393, in check_error err.raise_mysql_exception(self._data)
File "/usr/local/lib/python2.7/dist-packages/pymysql/err.py", line 107, in raise_mysql_exception raise errorclass(errno, errval) DBNonExistentDatabase: (pymysql.err.InternalError) (1049, u"Unknown database 'ironic'")
2017-03-22 02:23:37.238 17350 INFO eventlet.wsgi.server [req-573f584b-871e-49ce-a748-9f883918baa9 - - - - -] 127.0.0.1 "GET /v1/nodes HTTP/1.1" status: 500 len: 507 time: 0.0125139
2017-03-22 02:24:37.271 17344 INFO oslo.service.wsgi [-] Stopping WSGI server.
2017-03-22 02:24:37.271 17345 INFO oslo.service.wsgi [-] Stopping WSGI server.
2017-03-22 02:24:37.272 17350 INFO oslo.service.wsgi [-] Stopping WSGI server.
2017-03-22 02:24:37.271 17353 INFO oslo.service.wsgi [-] Stopping WSGI server.
2017-03-22 02:24:37.273 17350 INFO eventlet.wsgi.server [-] (17350) wsgi exited, is_accepting=True
2017-03-22 02:24:37.272 17357 INFO oslo.service.wsgi [-] Stopping WSGI server.
2017-03-22 02:24:37.272 17347 INFO oslo.service.wsgi [-] Stopping WSGI server.
2017-03-22 02:24:37.272 17349 INFO oslo.service.wsgi [-] Stopping WSGI server.
2017-03-22 02:24:37.272 17354 INFO oslo.service.wsgi [-] Stopping WSGI server.
2017-03-22 02:24:37.274 17344 INFO eventlet.wsgi.server [-] (17344) wsgi exited, is_accepting=True
2017-03-22 02:24:37.274 17353 INFO eventlet.wsgi.server [-] (17353) wsgi exited, is_accepting=True
2017-03-22 02:24:37.274 17345 INFO eventlet.wsgi.server [-] (17345) wsgi exited, is_accepting=True
2017-03-22 02:24:37.273 17343 INFO oslo.service.wsgi [-] Stopping WSGI server.
2017-03-22 02:24:37.274 17357 INFO eventlet.wsgi.server [-] (17357) wsgi exited, is_accepting=True
2017-03-22 02:24:37.275 17347 INFO eventlet.wsgi.server [-] (17347) wsgi exited, is_accepting=True
2017-03-22 02:24:37.275 17349 INFO eventlet.wsgi.server [-] (17349) wsgi exited, is_accepting=True
2017-03-22 02:24:37.275 17354 INFO eventlet.wsgi.server [-] (17354) wsgi exited, is_accepting=True
2017-03-22 02:24:37.274 17342 INFO oslo.service.wsgi [-] Stopping WSGI server.
2017-03-22 02:24:37.276 17343 INFO eventlet.wsgi.server [-] (17343) wsgi exited, is_accepting=True
2017-03-22 02:24:37.276 17342 INFO eventlet.wsgi.server [-] (17342) wsgi exited, is_accepting=True
2017-03-22 02:24:37.279 17346 INFO oslo.service.wsgi [-] Stopping WSGI server.
2017-03-22 02:24:37.280 17346 INFO eventlet.wsgi.server [-] (17346) wsgi exited, is_accepting=True
2017-03-22 02:24:37.280 17351 INFO oslo.service.wsgi [-] Stopping WSGI server.
2017-03-22 02:24:37.280 17356 INFO oslo.service.wsgi [-] Stopping WSGI server.
2017-03-22 02:24:37.272 17352 INFO oslo.service.wsgi [-] Stopping WSGI server.
2017-03-22 02:24:37.281 17348 INFO oslo.service.wsgi [-] Stopping WSGI server.
2017-03-22 02:24:37.282 17351 INFO eventlet.wsgi.server [-] (17351) wsgi exited, is_accepting=True
2017-03-22 02:24:37.281 17245 INFO oslo_service.service [-] Caught SIGTERM, stopping children
2017-03-22 02:24:37.282 17356 INFO eventlet.wsgi.server [-] (17356) wsgi exited, is_accepting=True
2017-03-22 02:24:37.283 17348 INFO eventlet.wsgi.server [-] (17348) wsgi exited, is_accepting=True
2017-03-22 02:24:37.283 17352 INFO eventlet.wsgi.server [-] (17352) wsgi exited, is_accepting=True
2017-03-22 02:24:37.284 17245 INFO oslo.service.wsgi [-] Stopping WSGI server.
2017-03-22 02:24:37.283 17355 INFO oslo.service.wsgi [-] Stopping WSGI server.
2017-03-22 02:24:37.285 17355 INFO eventlet.wsgi.server [-] (17355) wsgi exited, is_accepting=True
2017-03-22 02:24:37.286 17245 INFO oslo_service.service [-] Waiting on 16 children to exit
2017-03-22 02:24:37.286 17245 INFO oslo_service.service [-] Child 17342 exited with status 0
2017-03-22 02:24:37.289 17245 INFO oslo_service.service [-] Child 17343 exited with status 0
2017-03-22 02:24:37.290 17245 INFO oslo_service.service [-] Child 17344 exited with status 0
2017-03-22 02:24:37.290 17245 INFO oslo_service.service [-] Child 17345 exited with status 0
2017-03-22 02:24:37.290 17245 INFO oslo_service.service [-] Child 17346 exited with status 0
2017-03-22 02:24:37.290 17245 INFO oslo_service.service [-] Child 17347 exited with status 0
2017-03-22 02:24:37.291 17245 INFO oslo_service.service [-] Child 17348 exited with status 0
2017-03-22 02:24:37.291 17245 INFO oslo_service.service [-] Child 17349 exited with status 0
2017-03-22 02:24:37.291 17245 INFO oslo_service.service [-] Child 17350 exited with status 0
2017-03-22 02:24:37.292 17245 INFO oslo_service.service [-] Child 17351 exited with status 0
2017-03-22 02:24:37.292 17245 INFO oslo_service.service [-] Child 17352 exited with status 0
2017-03-22 02:24:37.292 17245 INFO oslo_service.service [-] Child 17353 exited with status 0
2017-03-22 02:24:37.292 17245 INFO oslo_service.service [-] Child 17354 exited with status 0
2017-03-22 02:24:37.293 17245 INFO oslo_service.service [-] Child 17355 killed by signal 15
2017-03-22 02:24:37.293 17245 INFO oslo_service.service [-] Child 17356 exited with status 0
2017-03-22 02:24:37.293 17245 INFO oslo_service.service [-] Child 17357 exited with status 0
2017-03-22 02:24:38.857 22436 INFO oslo.service.wsgi [-] ironic_api listening on 0.0.0.0:6385
2017-03-22 02:24:38.858 22436 INFO oslo_service.service [-] Starting 16 workers
2017-03-22 02:24:38.868 22473 INFO eventlet.wsgi.server [-] (22473) wsgi starting up on http://0.0.0.0:6385
2017-03-22 02:24:38.869 22475 INFO eventlet.wsgi.server [-] (22475) wsgi starting up on http://0.0.0.0:6385
2017-03-22 02:24:38.871 22479 INFO eventlet.wsgi.server [-] (22479) wsgi starting up on http://0.0.0.0:6385
2017-03-22 02:24:38.871 22480 INFO eventlet.wsgi.server [-] (22480) wsgi starting up on http://0.0.0.0:6385
2017-03-22 02:24:38.871 22477 INFO eventlet.wsgi.server [-] (22477) wsgi starting up on http://0.0.0.0:6385
2017-03-22 02:24:38.877 22481 INFO eventlet.wsgi.server [-] (22481) wsgi starting up on http://0.0.0.0:6385
2017-03-22 02:24:38.877 22474 INFO eventlet.wsgi.server [-] (22474) wsgi starting up on http://0.0.0.0:6385
2017-03-22 02:24:38.877 22482 INFO eventlet.wsgi.server [-] (22482) wsgi starting up on http://0.0.0.0:6385
2017-03-22 02:24:38.878 22483 INFO eventlet.wsgi.server [-] (22483) wsgi starting up on http://0.0.0.0:6385
2017-03-22 02:24:38.878 22476 INFO eventlet.wsgi.server [-] (22476) wsgi starting up on http://0.0.0.0:6385
2017-03-22 02:24:38.880 22478 INFO eventlet.wsgi.server [-] (22478) wsgi starting up on http://0.0.0.0:6385
2017-03-22 02:24:38.881 22485 INFO eventlet.wsgi.server [-] (22485) wsgi starting up on http://0.0.0.0:6385
2017-03-22 02:24:38.882 22486 INFO eventlet.wsgi.server [-] (22486) wsgi starting up on http://0.0.0.0:6385
2017-03-22 02:24:38.883 22487 INFO eventlet.wsgi.server [-] (22487) wsgi starting up on http://0.0.0.0:6385
2017-03-22 02:24:38.885 22436 WARNING oslo_config.cfg [-] Option "rabbit_password" from group "DEFAULT" is deprecated. Use option "rabbit_password" from group "oslo_messaging_rabbit".
2017-03-22 02:24:38.884 22484 INFO eventlet.wsgi.server [-] (22484) wsgi starting up on http://0.0.0.0:6385
2017-03-22 02:24:38.884 22488 INFO eventlet.wsgi.server [-] (22488) wsgi starting up on http://0.0.0.0:6385
2017-03-22 02:24:38.886 22436 WARNING oslo_config.cfg [-] Option "rabbit_password" from group "oslo_messaging_rabbit" is deprecated for removal. Its value may be silently ignored in the future.
2017-03-22 02:24:38.886 22436 WARNING oslo_config.cfg [-] Option "rabbit_userid" from group "DEFAULT" is deprecated. Use option "rabbit_userid" from group "oslo_messaging_rabbit".
2017-03-22 02:24:38.886 22436 WARNING oslo_config.cfg [-] Option "rabbit_userid" from group "oslo_messaging_rabbit" is deprecated for removal. Its value may be silently ignored in the future.
2017-03-22 02:25:37.813 22484 INFO eventlet.wsgi.server [req-ebf902fa-cb05-4711-b8f4-88569dfebe19 - - - - -] 127.0.0.1 "GET /v1/nodes HTTP/1.1" status: 200 len: 338 time: 0.2293670
2017-03-22 02:26:37.751 22487 INFO eventlet.wsgi.server [req-e1380eb0-d0ac-42a8-9fb8-221a9cec2bd1 - - - - -] 127.0.0.1 "GET /v1/nodes HTTP/1.1" status: 200 len: 338 time: 0.1959131
2017-03-22 02:27:37.749 22475 INFO eventlet.wsgi.server [req-876324f4-7f8c-4f5f-a029-2de596648961 - - - - -] 127.0.0.1 "GET /v1/nodes HTTP/1.1" status: 200 len: 338 time: 0.1908820
2017-03-22 02:28:37.752 22480 INFO eventlet.wsgi.server [req-89ccc79b-b894-464b-9846-9426b030c502 - - - - -] 127.0.0.1 "GET /v1/nodes HTTP/1.1" status: 200 len: 338 time: 0.1946170
2017-03-22 02:29:37.768 22476 INFO eventlet.wsgi.server [req-c0faf353-a29d-4e3b-a255-261ae7a44b0d - - - - -] 127.0.0.1 "GET /v1/nodes HTTP/1.1" status: 200 len: 338 time: 0.2025900
2017-03-22 02:30:37.712 22478 INFO eventlet.wsgi.server [req-863f0e36-57a6-4964-852d-dda02ce60aaa - - - - -] 127.0.0.1 "GET /v1/nodes HTTP/1.1" status: 200 len: 338 time: 0.1479261
2017-03-22 02:31:37.752 22485 INFO eventlet.wsgi.server [req-c1a81f8d-0cb1-400a-93e1-ac19f27f0066 - - - - -] 127.0.0.1 "GET /v1/nodes HTTP/1.1" status: 200 len: 338 time: 0.1834350
2017-03-22 02:32:17.457 22476 INFO eventlet.wsgi.server [req-d697dec4-b977-4dd1-ac63-a2b32d502be6 - - - - -] 127.0.0.1 "GET /v1/nodes/c1a56cb3-fcef-59d5-8105-7e6815154f70 HTTP/1.1" status: 404 len: 485 time: 0.0228331
2017-03-22 02:32:17.484 22476 WARNING oslo_config.cfg [req-d7b79e80-12d0-4d0c-b445-6f91619dab2c - - - - -] Option "rabbit_userid" from group "DEFAULT" is deprecated. Use option "rabbit_userid" from group "oslo_messaging_rabbit".
2017-03-22 02:32:17.485 22476 WARNING oslo_config.cfg [req-d7b79e80-12d0-4d0c-b445-6f91619dab2c - - - - -] Option "rabbit_userid" from group "oslo_messaging_rabbit" is deprecated for removal. Its value may be silently ignored in the future.
2017-03-22 02:32:17.485 22476 WARNING oslo_config.cfg [req-d7b79e80-12d0-4d0c-b445-6f91619dab2c - - - - -] Option "rabbit_password" from group "DEFAULT" is deprecated. Use option "rabbit_password" from group "oslo_messaging_rabbit".
2017-03-22 02:32:17.485 22476 WARNING oslo_config.cfg [req-d7b79e80-12d0-4d0c-b445-6f91619dab2c - - - - -] Option "rabbit_password" from group "oslo_messaging_rabbit" is deprecated for removal. Its value may be silently ignored in the future.
2017-03-22 02:32:17.608 22476 INFO eventlet.wsgi.server [req-c1e82fa6-fc85-42e2-8a09-80764e01e431 - - - - -] 127.0.0.1 "GET /v1/nodes/72010e8e-a3bd-519e-92fa-a69484f8298f HTTP/1.1" status: 404 len: 485 time: 0.0170920
2017-03-22 02:32:17.621 22480 INFO eventlet.wsgi.server [req-151966f2-7a7e-4f90-8c64-8f9b64ce8993 - - - - -] 127.0.0.1 "GET /v1/nodes/e1369efa-5391-5035-8533-3a065c44a584 HTTP/1.1" status: 404 len: 485 time: 0.0145669
2017-03-22 02:32:17.641 22480 WARNING oslo_config.cfg [req-28b1ac4b-200e-4548-b1dc-e16b4b6f33b7 - - - - -] Option "rabbit_userid" from group "DEFAULT" is deprecated. Use option "rabbit_userid" from group "oslo_messaging_rabbit".
2017-03-22 02:32:17.642 22480 WARNING oslo_config.cfg [req-28b1ac4b-200e-4548-b1dc-e16b4b6f33b7 - - - - -] Option "rabbit_userid" from group "oslo_messaging_rabbit" is deprecated for removal. Its value may be silently ignored in the future.
2017-03-22 02:32:17.642 22480 WARNING oslo_config.cfg [req-28b1ac4b-200e-4548-b1dc-e16b4b6f33b7 - - - - -] Option "rabbit_password" from group "DEFAULT" is deprecated. Use option "rabbit_password" from group "oslo_messaging_rabbit".
2017-03-22 02:32:17.642 22480 WARNING oslo_config.cfg [req-28b1ac4b-200e-4548-b1dc-e16b4b6f33b7 - - - - -] Option "rabbit_password" from group "oslo_messaging_rabbit" is deprecated for removal. Its value may be silently ignored in the future.
2017-03-22 02:32:17.863 22476 INFO eventlet.wsgi.server [req-d7b79e80-12d0-4d0c-b445-6f91619dab2c - - - - -] 127.0.0.1 "POST /v1/nodes HTTP/1.1" status: 201 len: 1752 time: 0.4033639
2017-03-22 02:32:18.169 22476 INFO eventlet.wsgi.server [req-1d7c37f2-3544-41ff-b76f-ea0645a8bc58 - - - - -] 127.0.0.1 "POST /v1/nodes HTTP/1.1" status: 201 len: 1752 time: 0.5595300
2017-03-22 02:32:18.190 22480 INFO eventlet.wsgi.server [req-28b1ac4b-200e-4548-b1dc-e16b4b6f33b7 - - - - -] 127.0.0.1 "POST /v1/nodes HTTP/1.1" status: 201 len: 1755 time: 0.5670660
2017-03-22 02:32:18.516 22476 INFO eventlet.wsgi.server [req-0a947ba7-7679-4e04-909b-116cb23c789c - - - - -] 127.0.0.1 "POST /v1/ports HTTP/1.1" status: 201 len: 829 time: 0.6488318
2017-03-22 02:32:18.788 22476 INFO eventlet.wsgi.server [req-6c067533-4dd5-43eb-8db4-0d64d530a48a - - - - -] 127.0.0.1 "POST /v1/ports HTTP/1.1" status: 201 len: 829 time: 0.6143281
2017-03-22 02:32:18.789 22480 INFO eventlet.wsgi.server [req-06c07ad4-2c47-4548-9f04-75f6ecdd1a28 - - - - -] 127.0.0.1 "POST /v1/ports HTTP/1.1" status: 201 len: 829 time: 0.5943820
2017-03-22 02:32:22.631 22487 INFO eventlet.wsgi.server [req-62511b78-b4c6-432b-9c77-3695481dbf12 - - - - -] 127.0.0.1 "GET /v1/nodes/e1369efa-5391-5035-8533-3a065c44a584 HTTP/1.1" status: 200 len: 1671 time: 0.0330701
2017-03-22 02:32:22.656 22487 INFO eventlet.wsgi.server [req-f2b2f376-f240-4e52-afe0-412f7a45abd5 - - - - -] 127.0.0.1 "GET /v1/nodes/e1369efa-5391-5035-8533-3a065c44a584 HTTP/1.1" status: 200 len: 1671 time: 0.0208869
2017-03-22 02:32:22.677 22485 INFO eventlet.wsgi.server [req-fd24ee38-8305-400f-82e4-366ed0b7ff0f - - - - -] 127.0.0.1 "GET /v1/nodes/72010e8e-a3bd-519e-92fa-a69484f8298f HTTP/1.1" status: 200 len: 1668 time: 0.0157530
2017-03-22 02:32:22.685 22487 WARNING oslo_config.cfg [req-37679c13-039c-4063-9025-680c3c6ae525 - - - - -] Option "rabbit_userid" from group "DEFAULT" is deprecated. Use option "rabbit_userid" from group "oslo_messaging_rabbit".
2017-03-22 02:32:22.686 22487 WARNING oslo_config.cfg [req-37679c13-039c-4063-9025-680c3c6ae525 - - - - -] Option "rabbit_userid" from group "oslo_messaging_rabbit" is deprecated for removal. Its value may be silently ignored in the future.
2017-03-22 02:32:22.686 22487 WARNING oslo_config.cfg [req-37679c13-039c-4063-9025-680c3c6ae525 - - - - -] Option "rabbit_password" from group "DEFAULT" is deprecated. Use option "rabbit_password" from group "oslo_messaging_rabbit".
2017-03-22 02:32:22.686 22487 WARNING oslo_config.cfg [req-37679c13-039c-4063-9025-680c3c6ae525 - - - - -] Option "rabbit_password" from group "oslo_messaging_rabbit" is deprecated for removal. Its value may be silently ignored in the future.
2017-03-22 02:32:22.693 22485 INFO eventlet.wsgi.server [req-e4248b6d-c80d-4ea7-9f3c-6d20f61c378e - - - - -] 127.0.0.1 "GET /v1/nodes/72010e8e-a3bd-519e-92fa-a69484f8298f HTTP/1.1" status: 200 len: 1668 time: 0.0126312
2017-03-22 02:32:22.720 22485 WARNING oslo_config.cfg [req-c204a786-8f5b-4d87-9645-68f78d2898ee - - - - -] Option "rabbit_userid" from group "DEFAULT" is deprecated. Use option "rabbit_userid" from group "oslo_messaging_rabbit".
2017-03-22 02:32:22.721 22485 WARNING oslo_config.cfg [req-c204a786-8f5b-4d87-9645-68f78d2898ee - - - - -] Option "rabbit_userid" from group "oslo_messaging_rabbit" is deprecated for removal. Its value may be silently ignored in the future.
2017-03-22 02:32:22.721 22485 WARNING oslo_config.cfg [req-c204a786-8f5b-4d87-9645-68f78d2898ee - - - - -] Option "rabbit_password" from group "DEFAULT" is deprecated. Use option "rabbit_password" from group "oslo_messaging_rabbit".
2017-03-22 02:32:22.721 22485 WARNING oslo_config.cfg [req-c204a786-8f5b-4d87-9645-68f78d2898ee - - - - -] Option "rabbit_password" from group "oslo_messaging_rabbit" is deprecated for removal. Its value may be silently ignored in the future.
2017-03-22 02:32:22.981 22485 INFO eventlet.wsgi.server [req-ed758c87-ab82-4fc8-8645-e095bbe50456 - - - - -] 127.0.0.1 "GET /v1/nodes/c1a56cb3-fcef-59d5-8105-7e6815154f70 HTTP/1.1" status: 200 len: 1668 time: 0.1678700
2017-03-22 02:32:23.006 22485 INFO eventlet.wsgi.server [req-d6a23bcf-9d52-4969-a83c-0605668b03e3 - - - - -] 127.0.0.1 "GET /v1/nodes/c1a56cb3-fcef-59d5-8105-7e6815154f70 HTTP/1.1" status: 200 len: 1668 time: 0.0208318
2017-03-22 02:32:30.921 22487 INFO eventlet.wsgi.server [req-37679c13-039c-4063-9025-680c3c6ae525 - - - - -] 127.0.0.1 "PUT /v1/nodes/e1369efa-5391-5035-8533-3a065c44a584/states/provision HTTP/1.1" status: 202 len: 383 time: 8.2613780
2017-03-22 02:32:30.956 22487 INFO eventlet.wsgi.server [req-559300ef-ccad-4e1e-a566-fc8d0eca0cef - - - - -] 127.0.0.1 "GET /v1/nodes/e1369efa-5391-5035-8533-3a065c44a584 HTTP/1.1" status: 200 len: 1718 time: 0.0307000
2017-03-22 02:32:32.525 22485 INFO eventlet.wsgi.server [req-c204a786-8f5b-4d87-9645-68f78d2898ee - - - - -] 127.0.0.1 "PUT /v1/nodes/72010e8e-a3bd-519e-92fa-a69484f8298f/states/provision HTTP/1.1" status: 202 len: 383 time: 9.8285511
2017-03-22 02:32:32.527 22485 INFO eventlet.wsgi.server [req-075847d5-5285-43bb-8f7e-07b67d30e72b - - - - -] 127.0.0.1 "PUT /v1/nodes/c1a56cb3-fcef-59d5-8105-7e6815154f70/states/provision HTTP/1.1" status: 202 len: 383 time: 9.5175250
2017-03-22 02:32:32.566 22485 INFO eventlet.wsgi.server [req-09e20979-840b-4cb5-be4c-51bc764fa86a - - - - -] 127.0.0.1 "GET /v1/nodes/72010e8e-a3bd-519e-92fa-a69484f8298f HTTP/1.1" status: 200 len: 1715 time: 0.0382669
2017-03-22 02:32:32.600 22485 INFO eventlet.wsgi.server [req-0b39cce2-afef-4c73-b8c5-36ad8ccef3b0 - - - - -] 127.0.0.1 "GET /v1/nodes/c1a56cb3-fcef-59d5-8105-7e6815154f70 HTTP/1.1" status: 200 len: 1715 time: 0.0599310
2017-03-22 02:32:33.926 22487 INFO eventlet.wsgi.server [req-dd9ce943-f33c-4d38-ae09-3555379a1138 - - - - -] 127.0.0.1 "PUT /v1/nodes/e1369efa-5391-5035-8533-3a065c44a584/states/provision HTTP/1.1" status: 202 len: 383 time: 2.9661222
2017-03-22 02:32:33.957 22487 INFO eventlet.wsgi.server [req-fadcd1bc-ea18-48eb-9fea-66f5f46eb9bd - - - - -] 127.0.0.1 "GET /v1/nodes/e1369efa-5391-5035-8533-3a065c44a584 HTTP/1.1" status: 200 len: 1749 time: 0.0276132
2017-03-22 02:32:33.984 22487 INFO eventlet.wsgi.server [req-d82d49e1-ce00-498c-8da6-477e301805b0 - - - - -] 127.0.0.1 "GET /v1/nodes/e1369efa-5391-5035-8533-3a065c44a584 HTTP/1.1" status: 200 len: 1749 time: 0.0225179
2017-03-22 02:32:34.083 22486 INFO eventlet.wsgi.server [req-d18fbbcb-f7cf-434e-8e6b-25b493265d5e - - - - -] 127.0.0.1 "GET /v1/nodes/e1369efa-5391-5035-8533-3a065c44a584 HTTP/1.1" status: 200 len: 1768 time: 0.1337609
2017-03-22 02:32:34.104 22486 WARNING oslo_config.cfg [req-77f00c6e-6466-44f4-8fd5-43a4b4029cb0 - - - - -] Option "rabbit_userid" from group "DEFAULT" is deprecated. Use option "rabbit_userid" from group "oslo_messaging_rabbit".
2017-03-22 02:32:34.104 22486 WARNING oslo_config.cfg [req-77f00c6e-6466-44f4-8fd5-43a4b4029cb0 - - - - -] Option "rabbit_userid" from group "oslo_messaging_rabbit" is deprecated for removal. Its value may be silently ignored in the future.
2017-03-22 02:32:34.104 22486 WARNING oslo_config.cfg [req-77f00c6e-6466-44f4-8fd5-43a4b4029cb0 - - - - -] Option "rabbit_password" from group "DEFAULT" is deprecated. Use option "rabbit_password" from group "oslo_messaging_rabbit".
2017-03-22 02:32:34.104 22486 WARNING oslo_config.cfg [req-77f00c6e-6466-44f4-8fd5-43a4b4029cb0 - - - - -] Option "rabbit_password" from group "oslo_messaging_rabbit" is deprecated for removal. Its value may be silently ignored in the future.
2017-03-22 02:32:34.168 22486 INFO eventlet.wsgi.server [req-77f00c6e-6466-44f4-8fd5-43a4b4029cb0 - - - - -] 127.0.0.1 "GET /v1/nodes/e1369efa-5391-5035-8533-3a065c44a584/validate HTTP/1.1" status: 200 len: 1081 time: 0.0804272
2017-03-22 02:32:34.328 22485 INFO eventlet.wsgi.server [req-bb0ac956-c11e-4c47-ba8e-9372779110c1 - - - - -] 127.0.0.1 "PUT /v1/nodes/72010e8e-a3bd-519e-92fa-a69484f8298f/states/provision HTTP/1.1" status: 202 len: 383 time: 1.7593620
2017-03-22 02:32:34.359 22485 INFO eventlet.wsgi.server [req-c4e57664-950f-4e5a-848b-4e6b19549e36 - - - - -] 127.0.0.1 "GET /v1/nodes/72010e8e-a3bd-519e-92fa-a69484f8298f HTTP/1.1" status: 200 len: 1746 time: 0.0286081
2017-03-22 02:32:34.362 22485 INFO eventlet.wsgi.server [req-bd13b785-ea31-4e69-800b-24667faa18e7 - - - - -] 127.0.0.1 "PUT /v1/nodes/c1a56cb3-fcef-59d5-8105-7e6815154f70/states/provision HTTP/1.1" status: 202 len: 383 time: 1.7565260
2017-03-22 02:32:34.397 22485 INFO eventlet.wsgi.server [req-00c70cd5-9896-4c30-b23e-9e45132d1e81 - - - - -] 127.0.0.1 "GET /v1/nodes/c1a56cb3-fcef-59d5-8105-7e6815154f70 HTTP/1.1" status: 200 len: 1746 time: 0.0239251
2017-03-22 02:32:34.407 22485 INFO eventlet.wsgi.server [req-5cbca92e-023b-41e5-83d4-34348fe5b027 - - - - -] 127.0.0.1 "GET /v1/nodes/72010e8e-a3bd-519e-92fa-a69484f8298f HTTP/1.1" status: 200 len: 1746 time: 0.0438452
2017-03-22 02:32:34.426 22485 INFO eventlet.wsgi.server [req-2199d3f5-1f8b-4ee4-bcd8-3c811c418a56 - - - - -] 127.0.0.1 "GET /v1/nodes/c1a56cb3-fcef-59d5-8105-7e6815154f70 HTTP/1.1" status: 200 len: 1746 time: 0.0180080
2017-03-22 02:32:35.437 22486 INFO eventlet.wsgi.server [req-772cc886-8a7d-4856-8dde-ab09242542ad - - - - -] 127.0.0.1 "GET /v1/nodes/e1369efa-5391-5035-8533-3a065c44a584 HTTP/1.1" status: 200 len: 1768 time: 0.0293119
2017-03-22 02:32:35.477 22486 INFO eventlet.wsgi.server [req-cec679f2-9a75-46ce-80a9-5c664d6493af - - - - -] 127.0.0.1 "GET /v1/nodes/e1369efa-5391-5035-8533-3a065c44a584/ports HTTP/1.1" status: 200 len: 623 time: 0.0353129
2017-03-22 02:32:35.556 22479 INFO eventlet.wsgi.server [req-92e67922-b040-4986-8de5-d6570b8ab88e - - - - -] 127.0.0.1 "GET /v1/nodes/72010e8e-a3bd-519e-92fa-a69484f8298f HTTP/1.1" status: 200 len: 1765 time: 0.1398680
2017-03-22 02:32:35.577 22479 WARNING oslo_config.cfg [req-b519012d-568a-4d5a-a8b8-5f1bc9bb77a3 - - - - -] Option "rabbit_userid" from group "DEFAULT" is deprecated. Use option "rabbit_userid" from group "oslo_messaging_rabbit".
2017-03-22 02:32:35.577 22479 WARNING oslo_config.cfg [req-b519012d-568a-4d5a-a8b8-5f1bc9bb77a3 - - - - -] Option "rabbit_userid" from group "oslo_messaging_rabbit" is deprecated for removal. Its value may be silently ignored in the future.
2017-03-22 02:32:35.577 22479 WARNING oslo_config.cfg [req-b519012d-568a-4d5a-a8b8-5f1bc9bb77a3 - - - - -] Option "rabbit_password" from group "DEFAULT" is deprecated. Use option "rabbit_password" from group "oslo_messaging_rabbit".
2017-03-22 02:32:35.577 22479 WARNING oslo_config.cfg [req-b519012d-568a-4d5a-a8b8-5f1bc9bb77a3 - - - - -] Option "rabbit_password" from group "oslo_messaging_rabbit" is deprecated for removal. Its value may be silently ignored in the future.
2017-03-22 02:32:35.641 22479 INFO eventlet.wsgi.server [req-b519012d-568a-4d5a-a8b8-5f1bc9bb77a3 - - - - -] 127.0.0.1 "GET /v1/nodes/72010e8e-a3bd-519e-92fa-a69484f8298f/validate HTTP/1.1" status: 200 len: 1081 time: 0.0805740
2017-03-22 02:32:36.019 22487 INFO eventlet.wsgi.server [req-ed7ce875-43c1-4ad6-8416-de3d8cbc23fb - - - - -] 127.0.0.1 "GET /v1/nodes/e1369efa-5391-5035-8533-3a065c44a584 HTTP/1.1" status: 200 len: 1749 time: 0.0286610
2017-03-22 02:32:36.441 22485 INFO eventlet.wsgi.server [req-e6615f60-2577-45df-bae1-72c9a43f5a0c - - - - -] 127.0.0.1 "GET /v1/nodes/72010e8e-a3bd-519e-92fa-a69484f8298f HTTP/1.1" status: 200 len: 1746 time: 0.0314410
2017-03-22 02:32:36.465 22485 INFO eventlet.wsgi.server [req-125a3cb1-2ca5-418d-93ce-dda916a201c1 - - - - -] 127.0.0.1 "GET /v1/nodes/c1a56cb3-fcef-59d5-8105-7e6815154f70 HTTP/1.1" status: 200 len: 1746 time: 0.0232170
2017-03-22 02:32:37.456 22486 INFO eventlet.wsgi.server [req-7968acdc-064f-46ac-92a4-9720c2c9e071 - - - - -] 127.0.0.1 "GET /v1/nodes/c1a56cb3-fcef-59d5-8105-7e6815154f70 HTTP/1.1" status: 200 len: 1765 time: 0.0237710
2017-03-22 02:32:37.458 22479 INFO eventlet.wsgi.server [req-ba7e4da6-eb28-446d-9dcb-b3d7586c322a - - - - -] 127.0.0.1 "GET /v1/nodes/72010e8e-a3bd-519e-92fa-a69484f8298f HTTP/1.1" status: 200 len: 1765 time: 0.0285251
2017-03-22 02:32:37.528 22486 INFO eventlet.wsgi.server [req-d5c0cd62-be75-4b76-8098-70da93a2f5b0 - - - - -] 127.0.0.1 "GET /v1/nodes/c1a56cb3-fcef-59d5-8105-7e6815154f70/validate HTTP/1.1" status: 200 len: 1081 time: 0.0646181
2017-03-22 02:32:37.750 22477 INFO eventlet.wsgi.server [req-04d3c5a9-8477-4b65-a311-435b74bd211a - - - - -] 127.0.0.1 "GET /v1/nodes HTTP/1.1" status: 200 len: 1463 time: 0.1887200
2017-03-22 02:32:38.053 22487 INFO eventlet.wsgi.server [req-da414925-4cc4-4882-92ca-1cd800383399 - - - - -] 127.0.0.1 "GET /v1/nodes/e1369efa-5391-5035-8533-3a065c44a584 HTTP/1.1" status: 200 len: 1769 time: 0.0282249
2017-03-22 02:32:38.470 22485 INFO eventlet.wsgi.server [req-7f513bb1-e266-4d0e-b0b0-40a32e84e516 - - - - -] 127.0.0.1 "GET /v1/nodes/72010e8e-a3bd-519e-92fa-a69484f8298f HTTP/1.1" status: 200 len: 1746 time: 0.0267720
2017-03-22 02:32:38.493 22485 INFO eventlet.wsgi.server [req-d9120b9c-0f28-43dd-9320-8d3eacb21a86 - - - - -] 127.0.0.1 "GET /v1/nodes/c1a56cb3-fcef-59d5-8105-7e6815154f70 HTTP/1.1" status: 200 len: 1746 time: 0.0217340
2017-03-22 02:32:38.560 22486 INFO eventlet.wsgi.server [req-43e8dbac-80f3-460e-abd9-2fa386ca2b0f - - - - -] 127.0.0.1 "GET /v1/nodes/c1a56cb3-fcef-59d5-8105-7e6815154f70 HTTP/1.1" status: 200 len: 1765 time: 0.0287869
2017-03-22 02:32:40.089 22487 INFO eventlet.wsgi.server [req-a151e011-0687-4f18-a2e4-fcf7b4a766bd - - - - -] 127.0.0.1 "GET /v1/nodes/e1369efa-5391-5035-8533-3a065c44a584 HTTP/1.1" status: 200 len: 1769 time: 0.0289841
2017-03-22 02:32:40.473 22479 INFO eventlet.wsgi.server [req-93a2c2bd-4fa4-4f5e-a495-27a1fe594380 - - - - -] 127.0.0.1 "GET /v1/nodes/72010e8e-a3bd-519e-92fa-a69484f8298f/ports HTTP/1.1" status: 200 len: 623 time: 0.0297370
2017-03-22 02:32:40.500 22485 INFO eventlet.wsgi.server [req-48c9be9b-e3b5-4fc3-a2b8-3510294ccc82 - - - - -] 127.0.0.1 "GET /v1/nodes/72010e8e-a3bd-519e-92fa-a69484f8298f HTTP/1.1" status: 200 len: 1746 time: 0.0269918
2017-03-22 02:32:40.523 22485 INFO eventlet.wsgi.server [req-85a4f4d1-cf23-4b2a-99af-77a1d14aa304 - - - - -] 127.0.0.1 "GET /v1/nodes/c1a56cb3-fcef-59d5-8105-7e6815154f70 HTTP/1.1" status: 200 len: 1746 time: 0.0219150
2017-03-22 02:32:42.129 22487 INFO eventlet.wsgi.server [req-1fabee3a-499e-4d54-a323-c05fe3a31d01 - - - - -] 127.0.0.1 "GET /v1/nodes/e1369efa-5391-5035-8533-3a065c44a584 HTTP/1.1" status: 200 len: 1769 time: 0.0339589
2017-03-22 02:32:42.533 22485 INFO eventlet.wsgi.server [req-003ae8cc-70c2-4eb6-9a51-3eaaf32cbdb1 - - - - -] 127.0.0.1 "GET /v1/nodes/72010e8e-a3bd-519e-92fa-a69484f8298f HTTP/1.1" status: 200 len: 1766 time: 0.0304329
2017-03-22 02:32:42.560 22485 INFO eventlet.wsgi.server [req-cd8d9d16-c596-48be-998d-6acb093919dd - - - - -] 127.0.0.1 "GET /v1/nodes/c1a56cb3-fcef-59d5-8105-7e6815154f70 HTTP/1.1" status: 200 len: 1773 time: 0.0263288
2017-03-22 02:32:43.366 22486 INFO eventlet.wsgi.server [req-5370bf93-aa36-441c-9b74-5625510af5d5 - - - - -] 127.0.0.1 "PUT /v1/nodes/e1369efa-5391-5035-8533-3a065c44a584/management/boot_device HTTP/1.1" status: 204 len: 300 time: 7.3071730
2017-03-22 02:32:44.165 22487 INFO eventlet.wsgi.server [req-1c79ab11-6e4d-452d-81b0-390d1c64639e - - - - -] 127.0.0.1 "GET /v1/nodes/e1369efa-5391-5035-8533-3a065c44a584 HTTP/1.1" status: 200 len: 1775 time: 0.0290139
2017-03-22 02:32:44.223 22486 INFO eventlet.wsgi.server [req-e55df7b8-312d-4aee-ace0-93cf5df31da9 - - - - -] 127.0.0.1 "PUT /v1/nodes/e1369efa-5391-5035-8533-3a065c44a584/states/power HTTP/1.1" status: 202 len: 384 time: 0.8532231
2017-03-22 02:32:44.555 22485 INFO eventlet.wsgi.server [req-125916be-348d-4325-be08-38f364dd9248 - - - - -] 127.0.0.1 "GET /v1/nodes/72010e8e-a3bd-519e-92fa-a69484f8298f HTTP/1.1" status: 200 len: 1766 time: 0.0199659
2017-03-22 02:32:44.583 22485 INFO eventlet.wsgi.server [req-c4ed774f-92d9-4369-9d88-c6fe26af4d9e - - - - -] 127.0.0.1 "GET /v1/nodes/c1a56cb3-fcef-59d5-8105-7e6815154f70 HTTP/1.1" status: 200 len: 1753 time: 0.0188849
