2017-03-21 09:31:17.567 22240 INFO eventlet.wsgi.server [req-658d6831-5111-49e1-8295-a2f4ca0e0934 - - - - -] 127.0.0.1 "PUT /v1/nodes/a960e3ed-9e08-51e2-a4b4-29ea8fee5576/states/provision HTTP/1.1" status: 202 len: 383 time: 0.2252731
2017-03-21 09:31:17.588 22240 INFO eventlet.wsgi.server [req-0d9b5a35-1d6c-4efd-9321-c1005f37f8d0 - - - - -] 127.0.0.1 "GET /v1/nodes/78544ab5-49df-5a83-acfa-2068ac465b21 HTTP/1.1" status: 200 len: 1757 time: 0.0299289
2017-03-21 09:31:17.608 22240 INFO eventlet.wsgi.server [req-fe80a64c-22a8-41a1-94e9-0afe816a4755 - - - - -] 127.0.0.1 "GET /v1/nodes/a960e3ed-9e08-51e2-a4b4-29ea8fee5576 HTTP/1.1" status: 200 len: 1760 time: 0.0348170
2017-03-21 09:31:17.627 22240 INFO eventlet.wsgi.server [req-460819ab-5ab3-4c81-807d-a71b3abbbe0d - - - - -] 127.0.0.1 "GET /v1/nodes/a960e3ed-9e08-51e2-a4b4-29ea8fee5576 HTTP/1.1" status: 200 len: 1760 time: 0.0170779
2017-03-21 09:31:17.633 22240 INFO eventlet.wsgi.server [req-dd816bb0-004a-452a-ab43-130df9289327 - - - - -] 127.0.0.1 "GET /v1/nodes/f7647c75-31e7-5dc3-be4d-1011a681070a/validate HTTP/1.1" status: 200 len: 1081 time: 0.0959330
2017-03-21 09:31:17.750 22240 INFO eventlet.wsgi.server [req-eadaae3c-8696-496f-bb2a-dc97bc02088d - - - - -] 127.0.0.1 "GET /v1/nodes/f7647c75-31e7-5dc3-be4d-1011a681070a HTTP/1.1" status: 200 len: 1775 time: 0.0218852
2017-03-21 09:31:17.781 22240 INFO eventlet.wsgi.server [req-a372d0c3-8175-44a4-9578-82de46640b3d - - - - -] 127.0.0.1 "GET /v1/nodes/f7647c75-31e7-5dc3-be4d-1011a681070a/ports HTTP/1.1" status: 200 len: 623 time: 0.0266750
2017-03-21 09:31:17.884 22243 INFO eventlet.wsgi.server [req-f0b91987-4108-4214-a104-878c3babd51c - - - - -] 127.0.0.1 "GET /v1/nodes/78544ab5-49df-5a83-acfa-2068ac465b21 HTTP/1.1" status: 200 len: 1776 time: 0.1491320
2017-03-21 09:31:17.907 22243 WARNING oslo_config.cfg [req-d36f040b-14ae-4404-bfd5-2c0e8d1542d5 - - - - -] Option "rabbit_userid" from group "DEFAULT" is deprecated. Use option "rabbit_userid" from group "oslo_messaging_rabbit".
2017-03-21 09:31:17.908 22243 WARNING oslo_config.cfg [req-d36f040b-14ae-4404-bfd5-2c0e8d1542d5 - - - - -] Option "rabbit_userid" from group "oslo_messaging_rabbit" is deprecated for removal. Its value may be silently ignored in the future.
2017-03-21 09:31:17.908 22243 WARNING oslo_config.cfg [req-d36f040b-14ae-4404-bfd5-2c0e8d1542d5 - - - - -] Option "rabbit_password" from group "DEFAULT" is deprecated. Use option "rabbit_password" from group "oslo_messaging_rabbit".
2017-03-21 09:31:17.908 22243 WARNING oslo_config.cfg [req-d36f040b-14ae-4404-bfd5-2c0e8d1542d5 - - - - -] Option "rabbit_password" from group "oslo_messaging_rabbit" is deprecated for removal. Its value may be silently ignored in the future.
2017-03-21 09:31:17.978 22243 INFO eventlet.wsgi.server [req-d36f040b-14ae-4404-bfd5-2c0e8d1542d5 - - - - -] 127.0.0.1 "GET /v1/nodes/78544ab5-49df-5a83-acfa-2068ac465b21/validate HTTP/1.1" status: 200 len: 1081 time: 0.0888090
2017-03-21 09:31:18.201 22240 INFO eventlet.wsgi.server [req-50f46f1f-cb74-4a12-8e62-fbab7b4576da - - - - -] 127.0.0.1 "GET /v1/nodes/a960e3ed-9e08-51e2-a4b4-29ea8fee5576 HTTP/1.1" status: 200 len: 1779 time: 0.0153790
2017-03-21 09:31:18.213 22243 INFO eventlet.wsgi.server [req-43f95708-a2f7-45d0-a04f-2e45037b650c - - - - -] 127.0.0.1 "GET /v1/nodes/78544ab5-49df-5a83-acfa-2068ac465b21 HTTP/1.1" status: 200 len: 1776 time: 0.0294049
2017-03-21 09:31:18.268 22240 INFO eventlet.wsgi.server [req-dfbcacfc-db3b-4034-9697-69bf453aa1f4 - - - - -] 127.0.0.1 "GET /v1/nodes/a960e3ed-9e08-51e2-a4b4-29ea8fee5576/validate HTTP/1.1" status: 200 len: 1081 time: 0.0622020
2017-03-21 09:31:18.374 22240 INFO eventlet.wsgi.server [req-d8331cda-4e17-4c2e-982e-56e1721eecf5 - - - - -] 127.0.0.1 "GET /v1/nodes/a960e3ed-9e08-51e2-a4b4-29ea8fee5576 HTTP/1.1" status: 200 len: 1779 time: 0.0135779
2017-03-21 09:31:19.579 22234 INFO eventlet.wsgi.server [req-395f476f-8665-4bdb-813d-520d2f92f633 - - - - -] 127.0.0.1 "GET /v1/nodes/f7647c75-31e7-5dc3-be4d-1011a681070a HTTP/1.1" status: 200 len: 1776 time: 0.0263040
2017-03-21 09:31:19.618 22240 INFO eventlet.wsgi.server [req-abd831ee-01e5-4f1a-872e-d771744a895f - - - - -] 127.0.0.1 "GET /v1/nodes/78544ab5-49df-5a83-acfa-2068ac465b21 HTTP/1.1" status: 200 len: 1757 time: 0.0237160
2017-03-21 09:31:19.646 22240 INFO eventlet.wsgi.server [req-9d741701-f240-4ca2-ba1a-e3b5ba044d9c - - - - -] 127.0.0.1 "GET /v1/nodes/a960e3ed-9e08-51e2-a4b4-29ea8fee5576 HTTP/1.1" status: 200 len: 1760 time: 0.0140271
2017-03-21 09:31:21.610 22234 INFO eventlet.wsgi.server [req-04b48f83-c437-41e6-b86a-ca8c0a3d3be6 - - - - -] 127.0.0.1 "GET /v1/nodes/f7647c75-31e7-5dc3-be4d-1011a681070a HTTP/1.1" status: 200 len: 1776 time: 0.0258279
2017-03-21 09:31:21.652 22240 INFO eventlet.wsgi.server [req-94d8d629-c9b8-427f-8b79-e8ed74cb372b - - - - -] 127.0.0.1 "GET /v1/nodes/78544ab5-49df-5a83-acfa-2068ac465b21 HTTP/1.1" status: 200 len: 1757 time: 0.0288322
2017-03-21 09:31:21.676 22240 INFO eventlet.wsgi.server [req-2167dc25-b1cb-46cb-84c7-8ce22f33bd1e - - - - -] 127.0.0.1 "GET /v1/nodes/a960e3ed-9e08-51e2-a4b4-29ea8fee5576 HTTP/1.1" status: 200 len: 1760 time: 0.0222709
2017-03-21 09:31:22.798 22243 INFO eventlet.wsgi.server [req-5657591d-374c-441e-a6e2-8ae7974159ab - - - - -] 127.0.0.1 "GET /v1/nodes/78544ab5-49df-5a83-acfa-2068ac465b21/ports HTTP/1.1" status: 200 len: 623 time: 0.0421321
2017-03-21 09:31:23.337 22240 INFO eventlet.wsgi.server [req-4e015bb7-9cdf-4213-9a07-47f41150a9be - - - - -] 127.0.0.1 "PUT /v1/nodes/f7647c75-31e7-5dc3-be4d-1011a681070a/management/boot_device HTTP/1.1" status: 204 len: 300 time: 5.5151849
2017-03-21 09:31:23.527 22240 INFO eventlet.wsgi.server [req-3b8f265c-8560-4362-97b9-bf10beb6cace - - - - -] 127.0.0.1 "PUT /v1/nodes/f7647c75-31e7-5dc3-be4d-1011a681070a/states/power HTTP/1.1" status: 202 len: 384 time: 0.1874230
2017-03-21 09:31:23.645 22234 INFO eventlet.wsgi.server [req-2c8a7d00-1007-49ec-93dd-247d747229e6 - - - - -] 127.0.0.1 "GET /v1/nodes/f7647c75-31e7-5dc3-be4d-1011a681070a HTTP/1.1" status: 200 len: 1782 time: 0.0301070
2017-03-21 09:31:23.689 22240 INFO eventlet.wsgi.server [req-0228f387-b119-46f0-9c19-eab14534971c - - - - -] 127.0.0.1 "GET /v1/nodes/78544ab5-49df-5a83-acfa-2068ac465b21 HTTP/1.1" status: 200 len: 1777 time: 0.0309570
2017-03-21 09:31:23.714 22240 INFO eventlet.wsgi.server [req-f3d647b3-cbd5-463b-8f20-1f94698434ce - - - - -] 127.0.0.1 "GET /v1/nodes/a960e3ed-9e08-51e2-a4b4-29ea8fee5576 HTTP/1.1" status: 200 len: 1760 time: 0.0235732
2017-03-21 09:31:25.670 22234 INFO eventlet.wsgi.server [req-48a52555-0ebb-4f62-b232-0e681262193e - - - - -] 127.0.0.1 "GET /v1/nodes/f7647c75-31e7-5dc3-be4d-1011a681070a HTTP/1.1" status: 200 len: 1782 time: 0.0193410
2017-03-21 09:31:25.708 22240 INFO eventlet.wsgi.server [req-514609ec-db42-4226-a04b-df8dd02a0eda - - - - -] 127.0.0.1 "GET /v1/nodes/78544ab5-49df-5a83-acfa-2068ac465b21 HTTP/1.1" status: 200 len: 1777 time: 0.0158350
2017-03-21 09:31:25.733 22240 INFO eventlet.wsgi.server [req-80cfbaa3-adaa-44de-889a-1c20961b68fd - - - - -] 127.0.0.1 "GET /v1/nodes/a960e3ed-9e08-51e2-a4b4-29ea8fee5576 HTTP/1.1" status: 200 len: 1760 time: 0.0132339
2017-03-21 09:31:27.695 22234 INFO eventlet.wsgi.server [req-022f44fb-b904-4b8a-9783-0763f4c8b5c5 - - - - -] 127.0.0.1 "GET /v1/nodes/f7647c75-31e7-5dc3-be4d-1011a681070a HTTP/1.1" status: 200 len: 1782 time: 0.0183868
2017-03-21 09:31:27.746 22240 INFO eventlet.wsgi.server [req-f19190db-4e46-4f8a-a1d4-2dc5c199e784 - - - - -] 127.0.0.1 "GET /v1/nodes/78544ab5-49df-5a83-acfa-2068ac465b21 HTTP/1.1" status: 200 len: 1777 time: 0.0325420
2017-03-21 09:31:27.769 22240 INFO eventlet.wsgi.server [req-59a7d12e-f33c-4925-9770-a65d32bbbe08 - - - - -] 127.0.0.1 "GET /v1/nodes/a960e3ed-9e08-51e2-a4b4-29ea8fee5576 HTTP/1.1" status: 200 len: 1760 time: 0.0220060
2017-03-21 09:31:27.796 22240 INFO eventlet.wsgi.server [req-15265b4b-be86-4e32-ab65-5a4bea496f53 - - - - -] 127.0.0.1 "GET /v1/nodes/a960e3ed-9e08-51e2-a4b4-29ea8fee5576/ports HTTP/1.1" status: 200 len: 623 time: 0.0265899
2017-03-21 09:31:29.730 22234 INFO eventlet.wsgi.server [req-12801351-a359-445e-96c7-d4a3ad545ca4 - - - - -] 127.0.0.1 "GET /v1/nodes/f7647c75-31e7-5dc3-be4d-1011a681070a HTTP/1.1" status: 200 len: 1782 time: 0.0286171
2017-03-21 09:31:29.765 22240 INFO eventlet.wsgi.server [req-dd9d1221-e330-4c44-86dc-803595a6c492 - - - - -] 127.0.0.1 "GET /v1/nodes/78544ab5-49df-5a83-acfa-2068ac465b21 HTTP/1.1" status: 200 len: 1757 time: 0.0150409
2017-03-21 09:31:29.788 22240 INFO eventlet.wsgi.server [req-3935a2fa-1797-4deb-b27c-fad367fc7be5 - - - - -] 127.0.0.1 "GET /v1/nodes/a960e3ed-9e08-51e2-a4b4-29ea8fee5576 HTTP/1.1" status: 200 len: 1780 time: 0.0140150
2017-03-21 09:31:30.377 22243 INFO eventlet.wsgi.server [req-339fdcd3-2684-434c-8a9a-90ab76fc4f6c - - - - -] 127.0.0.1 "PUT /v1/nodes/78544ab5-49df-5a83-acfa-2068ac465b21/management/boot_device HTTP/1.1" status: 204 len: 300 time: 7.5331531
2017-03-21 09:31:31.127 22243 INFO eventlet.wsgi.server [req-171c00f7-9141-414f-b67b-4cc2c6c1629b - - - - -] 127.0.0.1 "PUT /v1/nodes/78544ab5-49df-5a83-acfa-2068ac465b21/states/power HTTP/1.1" status: 202 len: 384 time: 0.7457690
2017-03-21 09:31:31.770 22234 INFO eventlet.wsgi.server [req-634097cf-8166-452d-979c-e50e82891675 - - - - -] 127.0.0.1 "GET /v1/nodes/f7647c75-31e7-5dc3-be4d-1011a681070a HTTP/1.1" status: 200 len: 1782 time: 0.0331111
2017-03-21 09:31:31.806 22240 INFO eventlet.wsgi.server [req-a237298e-2ab1-4526-aefc-374fc6f23ee1 - - - - -] 127.0.0.1 "GET /v1/nodes/78544ab5-49df-5a83-acfa-2068ac465b21 HTTP/1.1" status: 200 len: 1783 time: 0.0334561
2017-03-21 09:31:31.832 22240 INFO eventlet.wsgi.server [req-b3ca99a2-e105-4994-8c10-fdf982ea77de - - - - -] 127.0.0.1 "GET /v1/nodes/a960e3ed-9e08-51e2-a4b4-29ea8fee5576 HTTP/1.1" status: 200 len: 1780 time: 0.0239880
2017-03-21 09:31:33.809 22234 INFO eventlet.wsgi.server [req-8acf09ad-3532-48f0-9bf3-3cbfbbbb434a - - - - -] 127.0.0.1 "GET /v1/nodes/f7647c75-31e7-5dc3-be4d-1011a681070a HTTP/1.1" status: 200 len: 1782 time: 0.0312049
2017-03-21 09:31:33.842 22240 INFO eventlet.wsgi.server [req-a0d460c4-60f1-4a0f-a366-75bc21f7f79c - - - - -] 127.0.0.1 "GET /v1/nodes/78544ab5-49df-5a83-acfa-2068ac465b21 HTTP/1.1" status: 200 len: 1783 time: 0.0275271
2017-03-21 09:31:33.866 22240 INFO eventlet.wsgi.server [req-a56b0967-447d-449f-abdf-b57bc9ee09c9 - - - - -] 127.0.0.1 "GET /v1/nodes/a960e3ed-9e08-51e2-a4b4-29ea8fee5576 HTTP/1.1" status: 200 len: 1780 time: 0.0227239
2017-03-21 09:31:35.845 22234 INFO eventlet.wsgi.server [req-22cfea13-3bfc-4fac-b975-c0dbc5d10f85 - - - - -] 127.0.0.1 "GET /v1/nodes/f7647c75-31e7-5dc3-be4d-1011a681070a HTTP/1.1" status: 200 len: 1782 time: 0.0307829
2017-03-21 09:31:35.876 22240 INFO eventlet.wsgi.server [req-2f06ff68-3956-4345-8f35-03d8a1622611 - - - - -] 127.0.0.1 "GET /v1/nodes/78544ab5-49df-5a83-acfa-2068ac465b21 HTTP/1.1" status: 200 len: 1783 time: 0.0276158
2017-03-21 09:31:35.899 22240 INFO eventlet.wsgi.server [req-937545ba-2cdf-4103-bb40-7959908c745a - - - - -] 127.0.0.1 "GET /v1/nodes/a960e3ed-9e08-51e2-a4b4-29ea8fee5576 HTTP/1.1" status: 200 len: 1780 time: 0.0223169
2017-03-21 09:31:37.877 22234 INFO eventlet.wsgi.server [req-49340083-4030-4d4b-8377-165edb04d270 - - - - -] 127.0.0.1 "GET /v1/nodes/f7647c75-31e7-5dc3-be4d-1011a681070a HTTP/1.1" status: 200 len: 1782 time: 0.0271819
2017-03-21 09:31:37.911 22240 INFO eventlet.wsgi.server [req-962b6580-6763-4bb8-bbfe-6ac142fda7e3 - - - - -] 127.0.0.1 "GET /v1/nodes/78544ab5-49df-5a83-acfa-2068ac465b21 HTTP/1.1" status: 200 len: 1783 time: 0.0289481
2017-03-21 09:31:37.936 22240 INFO eventlet.wsgi.server [req-4a35af8b-bde4-4a47-8c74-3ce8e53d5cba - - - - -] 127.0.0.1 "GET /v1/nodes/a960e3ed-9e08-51e2-a4b4-29ea8fee5576 HTTP/1.1" status: 200 len: 1780 time: 0.0231988
2017-03-21 09:31:39.370 22240 INFO eventlet.wsgi.server [req-9c315328-6887-4dc6-a5ad-774c20d8ba6b - - - - -] 127.0.0.1 "PUT /v1/nodes/a960e3ed-9e08-51e2-a4b4-29ea8fee5576/management/boot_device HTTP/1.1" status: 204 len: 300 time: 11.3895099
2017-03-21 09:31:39.913 22234 INFO eventlet.wsgi.server [req-82770be1-847c-45cf-90fa-616d17c53179 - - - - -] 127.0.0.1 "GET /v1/nodes/f7647c75-31e7-5dc3-be4d-1011a681070a HTTP/1.1" status: 200 len: 1782 time: 0.0305560
2017-03-21 09:31:39.948 22240 INFO eventlet.wsgi.server [req-a18289f2-737c-4aed-a951-ef29c07b66ca - - - - -] 127.0.0.1 "GET /v1/nodes/78544ab5-49df-5a83-acfa-2068ac465b21 HTTP/1.1" status: 200 len: 1783 time: 0.0299439
2017-03-21 09:31:39.969 22240 INFO eventlet.wsgi.server [req-3a471692-cb42-48b4-854e-55ea7ea3286c - - - - -] 127.0.0.1 "GET /v1/nodes/a960e3ed-9e08-51e2-a4b4-29ea8fee5576 HTTP/1.1" status: 200 len: 1786 time: 0.0205081
2017-03-21 09:31:40.254 22240 INFO eventlet.wsgi.server [req-44f009e4-3367-4783-b186-2dea1f386e5c - - - - -] 127.0.0.1 "PUT /v1/nodes/a960e3ed-9e08-51e2-a4b4-29ea8fee5576/states/power HTTP/1.1" status: 202 len: 384 time: 0.8803480
2017-03-21 09:31:41.788 22239 INFO eventlet.wsgi.server [req-dd6aa61a-aee2-4ebc-aa37-a2a8edaaa725 - - - - -] 127.0.0.1 "GET /v1/nodes HTTP/1.1" status: 200 len: 1495 time: 0.1785080
2017-03-21 09:31:41.948 22234 INFO eventlet.wsgi.server [req-3d2036ff-035a-455e-8079-e77fb03aef97 - - - - -] 127.0.0.1 "GET /v1/nodes/f7647c75-31e7-5dc3-be4d-1011a681070a HTTP/1.1" status: 200 len: 1782 time: 0.0309091
2017-03-21 09:31:41.981 22240 INFO eventlet.wsgi.server [req-5b76b2c7-1926-47de-ac6b-31304bcdb082 - - - - -] 127.0.0.1 "GET /v1/nodes/78544ab5-49df-5a83-acfa-2068ac465b21 HTTP/1.1" status: 200 len: 1783 time: 0.0270970
2017-03-21 09:31:42.005 22240 INFO eventlet.wsgi.server [req-8820653a-4645-4c3e-bb43-38adcc1e8d19 - - - - -] 127.0.0.1 "GET /v1/nodes/a960e3ed-9e08-51e2-a4b4-29ea8fee5576 HTTP/1.1" status: 200 len: 1786 time: 0.0226150
2017-03-21 09:31:43.972 22234 INFO eventlet.wsgi.server [req-c8009180-4b1e-4c2e-8db9-67c562ad7d94 - - - - -] 127.0.0.1 "GET /v1/nodes/f7647c75-31e7-5dc3-be4d-1011a681070a HTTP/1.1" status: 200 len: 1782 time: 0.0214109
2017-03-21 09:31:44.007 22240 INFO eventlet.wsgi.server [req-c00196b2-3cf9-4cf0-9c91-0c8f406c98ab - - - - -] 127.0.0.1 "GET /v1/nodes/78544ab5-49df-5a83-acfa-2068ac465b21 HTTP/1.1" status: 200 len: 1783 time: 0.0208430
2017-03-21 09:31:44.035 22240 INFO eventlet.wsgi.server [req-c7f4ff86-4071-423d-a741-07b477ba6b79 - - - - -] 127.0.0.1 "GET /v1/nodes/a960e3ed-9e08-51e2-a4b4-29ea8fee5576 HTTP/1.1" status: 200 len: 1786 time: 0.0234921
2017-03-21 09:31:45.996 22234 INFO eventlet.wsgi.server [req-e511c5c2-92ff-4f7d-b64d-ddd8ef3e4f4b - - - - -] 127.0.0.1 "GET /v1/nodes/f7647c75-31e7-5dc3-be4d-1011a681070a HTTP/1.1" status: 200 len: 1782 time: 0.0206840
2017-03-21 09:31:46.045 22240 INFO eventlet.wsgi.server [req-b23f4efc-d38a-4026-b9b0-c39b3715faf8 - - - - -] 127.0.0.1 "GET /v1/nodes/78544ab5-49df-5a83-acfa-2068ac465b21 HTTP/1.1" status: 200 len: 1783 time: 0.0319428
2017-03-21 09:31:46.073 22240 INFO eventlet.wsgi.server [req-c0c9cf09-7436-4d53-aa9e-1d053e1dc7ba - - - - -] 127.0.0.1 "GET /v1/nodes/a960e3ed-9e08-51e2-a4b4-29ea8fee5576 HTTP/1.1" status: 200 len: 1786 time: 0.0270820
2017-03-21 09:31:48.016 22234 INFO eventlet.wsgi.server [req-2a0a4563-ddec-4d57-b5d6-cc262520d9df - - - - -] 127.0.0.1 "GET /v1/nodes/f7647c75-31e7-5dc3-be4d-1011a681070a HTTP/1.1" status: 200 len: 1782 time: 0.0161991
2017-03-21 09:31:48.091 22240 INFO eventlet.wsgi.server [req-2843e3f1-e45c-4236-b21d-acd90aa0da04 - - - - -] 127.0.0.1 "GET /v1/nodes/78544ab5-49df-5a83-acfa-2068ac465b21 HTTP/1.1" status: 200 len: 1783 time: 0.0390930
2017-03-21 09:31:48.113 22240 INFO eventlet.wsgi.server [req-16c1871b-eb74-4ab2-959b-88fa01edf082 - - - - -] 127.0.0.1 "GET /v1/nodes/a960e3ed-9e08-51e2-a4b4-29ea8fee5576 HTTP/1.1" status: 200 len: 1786 time: 0.0209980
2017-03-21 09:31:50.053 22234 INFO eventlet.wsgi.server [req-f6ead52d-32b8-4905-91a3-93674bdff0a9 - - - - -] 127.0.0.1 "GET /v1/nodes/f7647c75-31e7-5dc3-be4d-1011a681070a HTTP/1.1" status: 200 len: 1762 time: 0.0274940
2017-03-21 09:31:50.111 22240 INFO eventlet.wsgi.server [req-16a1a379-5844-4da1-b26b-91e28e131388 - - - - -] 127.0.0.1 "GET /v1/nodes/78544ab5-49df-5a83-acfa-2068ac465b21 HTTP/1.1" status: 200 len: 1783 time: 0.0158880
2017-03-21 09:31:50.133 22240 INFO eventlet.wsgi.server [req-9469edab-148e-4807-add3-1210d681b19d - - - - -] 127.0.0.1 "GET /v1/nodes/a960e3ed-9e08-51e2-a4b4-29ea8fee5576 HTTP/1.1" status: 200 len: 1786 time: 0.0132430
2017-03-21 09:31:52.085 22234 INFO eventlet.wsgi.server [req-f93f4a03-8690-4248-8fed-3d1f2207e979 - - - - -] 127.0.0.1 "GET /v1/nodes/f7647c75-31e7-5dc3-be4d-1011a681070a HTTP/1.1" status: 200 len: 1762 time: 0.0244489
2017-03-21 09:31:52.146 22240 INFO eventlet.wsgi.server [req-22908014-460d-49a0-9f82-3db4a46c486b - - - - -] 127.0.0.1 "GET /v1/nodes/78544ab5-49df-5a83-acfa-2068ac465b21 HTTP/1.1" status: 200 len: 1783 time: 0.0302219
2017-03-21 09:31:52.180 22240 INFO eventlet.wsgi.server [req-4edf0acb-a49b-4f55-b3e0-eba047ab16f7 - - - - -] 127.0.0.1 "GET /v1/nodes/a960e3ed-9e08-51e2-a4b4-29ea8fee5576 HTTP/1.1" status: 200 len: 1786 time: 0.0320990
2017-03-21 09:31:54.125 22234 INFO eventlet.wsgi.server [req-6c896100-d417-4ee8-aaa5-9c0140f0df5f - - - - -] 127.0.0.1 "GET /v1/nodes/f7647c75-31e7-5dc3-be4d-1011a681070a HTTP/1.1" status: 200 len: 1762 time: 0.0326800
2017-03-21 09:31:54.181 22240 INFO eventlet.wsgi.server [req-92d313f8-c529-4d35-91cf-0c8d8314fda5 - - - - -] 127.0.0.1 "GET /v1/nodes/78544ab5-49df-5a83-acfa-2068ac465b21 HTTP/1.1" status: 200 len: 1783 time: 0.0286660
2017-03-21 09:31:54.207 22240 INFO eventlet.wsgi.server [req-9538e3b3-2953-40d8-895a-837554d0fcd9 - - - - -] 127.0.0.1 "GET /v1/nodes/a960e3ed-9e08-51e2-a4b4-29ea8fee5576 HTTP/1.1" status: 200 len: 1786 time: 0.0207989
2017-03-21 09:31:56.161 22234 INFO eventlet.wsgi.server [req-6c51e48a-674b-41c3-8184-edd3ecd86e67 - - - - -] 127.0.0.1 "GET /v1/nodes/f7647c75-31e7-5dc3-be4d-1011a681070a HTTP/1.1" status: 200 len: 1762 time: 0.0286829
2017-03-21 09:31:56.216 22240 INFO eventlet.wsgi.server [req-c843493e-69d2-430a-acc5-cfa0f6f5bf23 - - - - -] 127.0.0.1 "GET /v1/nodes/78544ab5-49df-5a83-acfa-2068ac465b21 HTTP/1.1" status: 200 len: 1763 time: 0.0306170
2017-03-21 09:31:56.242 22240 INFO eventlet.wsgi.server [req-61ec7d5d-6926-4991-8f65-5fb152fca582 - - - - -] 127.0.0.1 "GET /v1/nodes/a960e3ed-9e08-51e2-a4b4-29ea8fee5576 HTTP/1.1" status: 200 len: 1786 time: 0.0256431
2017-03-21 09:31:58.183 22234 INFO eventlet.wsgi.server [req-7ace0a6c-b2fd-4487-9721-be99096035d9 - - - - -] 127.0.0.1 "GET /v1/nodes/f7647c75-31e7-5dc3-be4d-1011a681070a HTTP/1.1" status: 200 len: 1762 time: 0.0154371
2017-03-21 09:31:58.250 22240 INFO eventlet.wsgi.server [req-11d27c3c-b932-439e-9b83-b6c3ae55aa85 - - - - -] 127.0.0.1 "GET /v1/nodes/78544ab5-49df-5a83-acfa-2068ac465b21 HTTP/1.1" status: 200 len: 1763 time: 0.0289738
2017-03-21 09:31:58.273 22240 INFO eventlet.wsgi.server [req-a24ca5e7-8e4e-4ffc-8231-88b6c8379c96 - - - - -] 127.0.0.1 "GET /v1/nodes/a960e3ed-9e08-51e2-a4b4-29ea8fee5576 HTTP/1.1" status: 200 len: 1786 time: 0.0220149
2017-03-21 09:32:00.221 22234 INFO eventlet.wsgi.server [req-a24f9217-84f4-4457-b280-ae10998eccc6 - - - - -] 127.0.0.1 "GET /v1/nodes/f7647c75-31e7-5dc3-be4d-1011a681070a HTTP/1.1" status: 200 len: 1762 time: 0.0311508
2017-03-21 09:32:00.279 22240 INFO eventlet.wsgi.server [req-988189ff-f22c-4387-94ff-f873b0410bd3 - - - - -] 127.0.0.1 "GET /v1/nodes/78544ab5-49df-5a83-acfa-2068ac465b21 HTTP/1.1" status: 200 len: 1763 time: 0.0253971
2017-03-21 09:32:00.300 22240 INFO eventlet.wsgi.server [req-ba7f7d1b-c1af-480f-bcca-8d1df59008f3 - - - - -] 127.0.0.1 "GET /v1/nodes/a960e3ed-9e08-51e2-a4b4-29ea8fee5576 HTTP/1.1" status: 200 len: 1786 time: 0.0190649
2017-03-21 09:32:02.258 22234 INFO eventlet.wsgi.server [req-140d913b-b6b9-4fa7-a6c2-72b8bfbc028d - - - - -] 127.0.0.1 "GET /v1/nodes/f7647c75-31e7-5dc3-be4d-1011a681070a HTTP/1.1" status: 200 len: 1762 time: 0.0311270
2017-03-21 09:32:02.317 22240 INFO eventlet.wsgi.server [req-da2b0bf0-f22d-46e5-b635-3ede8536ed0c - - - - -] 127.0.0.1 "GET /v1/nodes/78544ab5-49df-5a83-acfa-2068ac465b21 HTTP/1.1" status: 200 len: 1763 time: 0.0324252
2017-03-21 09:32:02.342 22240 INFO eventlet.wsgi.server [req-575ea386-f18a-4d2b-9d13-21f1ac255c1f - - - - -] 127.0.0.1 "GET /v1/nodes/a960e3ed-9e08-51e2-a4b4-29ea8fee5576 HTTP/1.1" status: 200 len: 1786 time: 0.0240309
2017-03-21 09:32:04.293 22234 INFO eventlet.wsgi.server [req-fbcf2773-eb54-43dc-8ad1-08f5f42fa667 - - - - -] 127.0.0.1 "GET /v1/nodes/f7647c75-31e7-5dc3-be4d-1011a681070a HTTP/1.1" status: 200 len: 1762 time: 0.0304980
2017-03-21 09:32:04.349 22240 INFO eventlet.wsgi.server [req-643d5b44-673d-4bf5-895b-a385f7d69116 - - - - -] 127.0.0.1 "GET /v1/nodes/78544ab5-49df-5a83-acfa-2068ac465b21 HTTP/1.1" status: 200 len: 1763 time: 0.0270360
2017-03-21 09:32:04.371 22240 INFO eventlet.wsgi.server [req-b1cf27c2-15ec-468a-bcb2-451eda486c38 - - - - -] 127.0.0.1 "GET /v1/nodes/a960e3ed-9e08-51e2-a4b4-29ea8fee5576 HTTP/1.1" status: 200 len: 1786 time: 0.0207489
2017-03-21 09:32:06.328 22234 INFO eventlet.wsgi.server [req-0bcfbc91-09ee-4a57-961a-03d1dcf3738a - - - - -] 127.0.0.1 "GET /v1/nodes/f7647c75-31e7-5dc3-be4d-1011a681070a HTTP/1.1" status: 200 len: 1762 time: 0.0295520
2017-03-21 09:32:06.381 22240 INFO eventlet.wsgi.server [req-9e9d49b4-f6b7-4767-9181-f5089f300833 - - - - -] 127.0.0.1 "GET /v1/nodes/78544ab5-49df-5a83-acfa-2068ac465b21 HTTP/1.1" status: 200 len: 1763 time: 0.0278652
2017-03-21 09:32:06.403 22240 INFO eventlet.wsgi.server [req-61899718-ff55-4114-bb46-18f9f3fae885 - - - - -] 127.0.0.1 "GET /v1/nodes/a960e3ed-9e08-51e2-a4b4-29ea8fee5576 HTTP/1.1" status: 200 len: 1786 time: 0.0207489
2017-03-21 09:32:08.364 22234 INFO eventlet.wsgi.server [req-676d487b-a233-409b-81dd-262508c66616 - - - - -] 127.0.0.1 "GET /v1/nodes/f7647c75-31e7-5dc3-be4d-1011a681070a HTTP/1.1" status: 200 len: 1762 time: 0.0306978
2017-03-21 09:32:08.416 22240 INFO eventlet.wsgi.server [req-a2a64f09-61dc-457d-83c0-5fd67ba82c26 - - - - -] 127.0.0.1 "GET /v1/nodes/78544ab5-49df-5a83-acfa-2068ac465b21 HTTP/1.1" status: 200 len: 1763 time: 0.0301752
2017-03-21 09:32:08.442 22240 INFO eventlet.wsgi.server [req-c6213917-d082-401e-bbfb-711817445ca9 - - - - -] 127.0.0.1 "GET /v1/nodes/a960e3ed-9e08-51e2-a4b4-29ea8fee5576 HTTP/1.1" status: 200 len: 1766 time: 0.0244050
2017-03-21 09:32:10.399 22234 INFO eventlet.wsgi.server [req-7f74d964-6d4b-4fac-94cb-55673aa6dc51 - - - - -] 127.0.0.1 "GET /v1/nodes/f7647c75-31e7-5dc3-be4d-1011a681070a HTTP/1.1" status: 200 len: 1762 time: 0.0301590
2017-03-21 09:32:10.451 22240 INFO eventlet.wsgi.server [req-3f385458-5268-4a21-8949-08c9edb01d0e - - - - -] 127.0.0.1 "GET /v1/nodes/78544ab5-49df-5a83-acfa-2068ac465b21 HTTP/1.1" status: 200 len: 1763 time: 0.0296221
2017-03-21 09:32:10.475 22240 INFO eventlet.wsgi.server [req-f8056e2e-b796-46ff-9534-43b8d3f38031 - - - - -] 127.0.0.1 "GET /v1/nodes/a960e3ed-9e08-51e2-a4b4-29ea8fee5576 HTTP/1.1" status: 200 len: 1766 time: 0.0234051
2017-03-21 09:32:12.424 22234 INFO eventlet.wsgi.server [req-25448f5b-8af9-450b-b938-65098585548d - - - - -] 127.0.0.1 "GET /v1/nodes/f7647c75-31e7-5dc3-be4d-1011a681070a HTTP/1.1" status: 200 len: 1762 time: 0.0204811
2017-03-21 09:32:12.487 22240 INFO eventlet.wsgi.server [req-46e870c4-f87b-418a-b05d-9011232f6716 - - - - -] 127.0.0.1 "GET /v1/nodes/78544ab5-49df-5a83-acfa-2068ac465b21 HTTP/1.1" status: 200 len: 1763 time: 0.0312250
2017-03-21 09:32:12.512 22240 INFO eventlet.wsgi.server [req-211332b0-df6d-4897-ad74-eb43461f33e0 - - - - -] 127.0.0.1 "GET /v1/nodes/a960e3ed-9e08-51e2-a4b4-29ea8fee5576 HTTP/1.1" status: 200 len: 1766 time: 0.0234659
2017-03-21 09:32:14.459 22234 INFO eventlet.wsgi.server [req-be79e8a8-f1f2-4619-9fde-d10eabb935d4 - - - - -] 127.0.0.1 "GET /v1/nodes/f7647c75-31e7-5dc3-be4d-1011a681070a HTTP/1.1" status: 200 len: 1762 time: 0.0299060
2017-03-21 09:32:14.525 22240 INFO eventlet.wsgi.server [req-a8279df8-60bc-40b8-bdcf-dc3b4786359f - - - - -] 127.0.0.1 "GET /v1/nodes/78544ab5-49df-5a83-acfa-2068ac465b21 HTTP/1.1" status: 200 len: 1763 time: 0.0326412
2017-03-21 09:32:14.549 22240 INFO eventlet.wsgi.server [req-ad3a3cec-c4b8-407f-b20c-bbde1fc5103b - - - - -] 127.0.0.1 "GET /v1/nodes/a960e3ed-9e08-51e2-a4b4-29ea8fee5576 HTTP/1.1" status: 200 len: 1766 time: 0.0227289
2017-03-21 09:32:16.496 22234 INFO eventlet.wsgi.server [req-f1a35bbb-76fe-42b9-ad4e-0099027dcd5c - - - - -] 127.0.0.1 "GET /v1/nodes/f7647c75-31e7-5dc3-be4d-1011a681070a HTTP/1.1" status: 200 len: 1762 time: 0.0309319
2017-03-21 09:32:16.547 22240 INFO eventlet.wsgi.server [req-28b5f98b-4180-4fd4-adfc-179c4e0b61dc - - - - -] 127.0.0.1 "GET /v1/nodes/78544ab5-49df-5a83-acfa-2068ac465b21 HTTP/1.1" status: 200 len: 1763 time: 0.0186849
2017-03-21 09:32:16.571 22240 INFO eventlet.wsgi.server [req-ea2754b1-8e75-4052-bc49-62eae80a83b8 - - - - -] 127.0.0.1 "GET /v1/nodes/a960e3ed-9e08-51e2-a4b4-29ea8fee5576 HTTP/1.1" status: 200 len: 1766 time: 0.0156622
2017-03-21 09:32:17.563 22234 INFO eventlet.wsgi.server [req-1fcf64dc-42a5-45f9-9e2c-f253631c30d7 - - - - -] 127.0.0.1 "GET /v1/nodes/f7647c75-31e7-5dc3-be4d-1011a681070a HTTP/1.1" status: 200 len: 1781 time: 0.0313458
2017-03-21 09:32:17.912 22234 INFO eventlet.wsgi.server [req-f0c69207-3b9d-468e-836f-1cc9944fbecc - - - - -] 127.0.0.1 "GET /v1/nodes/f7647c75-31e7-5dc3-be4d-1011a681070a/ports HTTP/1.1" status: 200 len: 623 time: 0.0404701
2017-03-21 09:32:18.526 22234 INFO eventlet.wsgi.server [req-378aebe9-afb1-4be0-8936-bbfc7d738432 - - - - -] 127.0.0.1 "GET /v1/nodes/f7647c75-31e7-5dc3-be4d-1011a681070a HTTP/1.1" status: 200 len: 1762 time: 0.0253370
2017-03-21 09:32:18.582 22240 INFO eventlet.wsgi.server [req-5267867d-0350-4ba6-a037-22330fd301c8 - - - - -] 127.0.0.1 "GET /v1/nodes/78544ab5-49df-5a83-acfa-2068ac465b21 HTTP/1.1" status: 200 len: 1763 time: 0.0299830
2017-03-21 09:32:18.583 22234 INFO eventlet.wsgi.server [req-eb9b9ca3-c6d9-4b45-8dee-3ed95369cb30 - - - - -] 127.0.0.1 "PATCH /v1/nodes/f7647c75-31e7-5dc3-be4d-1011a681070a HTTP/1.1" status: 200 len: 1781 time: 0.6636472
2017-03-21 09:32:18.607 22240 INFO eventlet.wsgi.server [req-87fb43c0-5c8c-40df-a89a-8c3588241368 - - - - -] 127.0.0.1 "GET /v1/nodes/a960e3ed-9e08-51e2-a4b4-29ea8fee5576 HTTP/1.1" status: 200 len: 1766 time: 0.0239100
2017-03-21 09:32:19.933 22234 INFO eventlet.wsgi.server [req-3ff1aac8-34ac-48bd-8ecb-ec3c87af34b3 - - - - -] 127.0.0.1 "PATCH /v1/nodes/f7647c75-31e7-5dc3-be4d-1011a681070a HTTP/1.1" status: 200 len: 1831 time: 1.3424609
2017-03-21 09:32:20.117 22245 WARNING oslo_config.cfg [req-0aab02a9-aad9-49c7-b5aa-eabe63570ed7 - - - - -] Option "rabbit_userid" from group "DEFAULT" is deprecated. Use option "rabbit_userid" from group "oslo_messaging_rabbit".
2017-03-21 09:32:20.117 22245 WARNING oslo_config.cfg [req-0aab02a9-aad9-49c7-b5aa-eabe63570ed7 - - - - -] Option "rabbit_userid" from group "oslo_messaging_rabbit" is deprecated for removal. Its value may be silently ignored in the future.
2017-03-21 09:32:20.117 22245 WARNING oslo_config.cfg [req-0aab02a9-aad9-49c7-b5aa-eabe63570ed7 - - - - -] Option "rabbit_password" from group "DEFAULT" is deprecated. Use option "rabbit_password" from group "oslo_messaging_rabbit".
2017-03-21 09:32:20.118 22245 WARNING oslo_config.cfg [req-0aab02a9-aad9-49c7-b5aa-eabe63570ed7 - - - - -] Option "rabbit_password" from group "oslo_messaging_rabbit" is deprecated for removal. Its value may be silently ignored in the future.
2017-03-21 09:32:20.545 22234 INFO eventlet.wsgi.server [req-47cf5912-c137-47b3-bd96-35983a939f08 - - - - -] 127.0.0.1 "GET /v1/nodes/f7647c75-31e7-5dc3-be4d-1011a681070a HTTP/1.1" status: 200 len: 1832 time: 0.0149040
2017-03-21 09:32:20.603 22240 INFO eventlet.wsgi.server [req-ba3d793f-f412-4a15-afdc-7e57291974ef - - - - -] 127.0.0.1 "GET /v1/nodes/78544ab5-49df-5a83-acfa-2068ac465b21 HTTP/1.1" status: 200 len: 1763 time: 0.0187421
2017-03-21 09:32:20.649 22240 INFO eventlet.wsgi.server [req-b367e449-9792-47a0-a977-f55bb6300ed1 - - - - -] 127.0.0.1 "GET /v1/nodes/a960e3ed-9e08-51e2-a4b4-29ea8fee5576 HTTP/1.1" status: 200 len: 1766 time: 0.0347760
2017-03-21 09:32:21.482 22245 INFO eventlet.wsgi.server [req-0aab02a9-aad9-49c7-b5aa-eabe63570ed7 - - - - -] 127.0.0.1 "PUT /v1/nodes/f7647c75-31e7-5dc3-be4d-1011a681070a/states/power HTTP/1.1" status: 202 len: 384 time: 1.5115881
2017-03-21 09:32:22.590 22243 INFO eventlet.wsgi.server [req-1dce4be9-65e4-4150-9083-097d6c89706f - - - - -] 127.0.0.1 "GET /v1/nodes/78544ab5-49df-5a83-acfa-2068ac465b21 HTTP/1.1" status: 200 len: 1782 time: 0.0312960
2017-03-21 09:32:22.603 22234 INFO eventlet.wsgi.server [req-a49712aa-56da-48ea-9553-73394e4950ec - - - - -] 127.0.0.1 "GET /v1/nodes/f7647c75-31e7-5dc3-be4d-1011a681070a HTTP/1.1" status: 200 len: 1839 time: 0.0521970
2017-03-21 09:32:22.638 22240 INFO eventlet.wsgi.server [req-3e532e43-5e28-4611-8ae8-ddc50137d8f4 - - - - -] 127.0.0.1 "GET /v1/nodes/78544ab5-49df-5a83-acfa-2068ac465b21 HTTP/1.1" status: 200 len: 1763 time: 0.0327990
2017-03-21 09:32:22.671 22243 INFO eventlet.wsgi.server [req-445aa124-dcb9-4d54-9664-b219cdf96cf6 - - - - -] 127.0.0.1 "GET /v1/nodes/78544ab5-49df-5a83-acfa-2068ac465b21/ports HTTP/1.1" status: 200 len: 623 time: 0.0270362
2017-03-21 09:32:22.679 22240 INFO eventlet.wsgi.server [req-4a8507e8-9783-4f22-b7d5-537b5cf1e0fe - - - - -] 127.0.0.1 "GET /v1/nodes/a960e3ed-9e08-51e2-a4b4-29ea8fee5576 HTTP/1.1" status: 200 len: 1766 time: 0.0251131
2017-03-21 09:32:22.824 22243 INFO eventlet.wsgi.server [req-36698cb4-46ce-4d4e-b90e-e4d9ce500bef - - - - -] 127.0.0.1 "PATCH /v1/nodes/78544ab5-49df-5a83-acfa-2068ac465b21 HTTP/1.1" status: 200 len: 1782 time: 0.1472502
2017-03-21 09:32:22.991 22243 INFO eventlet.wsgi.server [req-b1639dc6-91f7-4148-82b1-82185df1ae1e - - - - -] 127.0.0.1 "PATCH /v1/nodes/78544ab5-49df-5a83-acfa-2068ac465b21 HTTP/1.1" status: 200 len: 1832 time: 0.1613040
2017-03-21 09:32:23.055 22242 WARNING oslo_config.cfg [req-0462b466-23e4-453b-bace-4373adc7d893 - - - - -] Option "rabbit_userid" from group "DEFAULT" is deprecated. Use option "rabbit_userid" from group "oslo_messaging_rabbit".
2017-03-21 09:32:23.056 22242 WARNING oslo_config.cfg [req-0462b466-23e4-453b-bace-4373adc7d893 - - - - -] Option "rabbit_userid" from group "oslo_messaging_rabbit" is deprecated for removal. Its value may be silently ignored in the future.
2017-03-21 09:32:23.056 22242 WARNING oslo_config.cfg [req-0462b466-23e4-453b-bace-4373adc7d893 - - - - -] Option "rabbit_password" from group "DEFAULT" is deprecated. Use option "rabbit_password" from group "oslo_messaging_rabbit".
2017-03-21 09:32:23.057 22242 WARNING oslo_config.cfg [req-0462b466-23e4-453b-bace-4373adc7d893 - - - - -] Option "rabbit_password" from group "oslo_messaging_rabbit" is deprecated for removal. Its value may be silently ignored in the future.
2017-03-21 09:32:23.213 22242 INFO eventlet.wsgi.server [req-0462b466-23e4-453b-bace-4373adc7d893 - - - - -] 127.0.0.1 "PUT /v1/nodes/78544ab5-49df-5a83-acfa-2068ac465b21/states/power HTTP/1.1" status: 202 len: 384 time: 0.2027020
2017-03-21 09:32:24.638 22234 INFO eventlet.wsgi.server [req-1e96242a-b470-4ea8-b297-12b59b729eba - - - - -] 127.0.0.1 "GET /v1/nodes/f7647c75-31e7-5dc3-be4d-1011a681070a HTTP/1.1" status: 200 len: 1839 time: 0.0301411
2017-03-21 09:32:24.673 22240 INFO eventlet.wsgi.server [req-77f6edf5-8dac-4ebd-93be-2ad5c740dcca - - - - -] 127.0.0.1 "GET /v1/nodes/78544ab5-49df-5a83-acfa-2068ac465b21 HTTP/1.1" status: 200 len: 1840 time: 0.0302982
2017-03-21 09:32:24.708 22240 INFO eventlet.wsgi.server [req-1c07815e-d933-4f54-9e81-8355f3ce815c - - - - -] 127.0.0.1 "GET /v1/nodes/a960e3ed-9e08-51e2-a4b4-29ea8fee5576 HTTP/1.1" status: 200 len: 1766 time: 0.0250788
2017-03-21 09:32:26.674 22234 INFO eventlet.wsgi.server [req-90b641d3-437a-4754-b708-cb7c76b98edb - - - - -] 127.0.0.1 "GET /v1/nodes/f7647c75-31e7-5dc3-be4d-1011a681070a HTTP/1.1" status: 200 len: 1839 time: 0.0305982
2017-03-21 09:32:26.708 22240 INFO eventlet.wsgi.server [req-006ed705-1edc-4d1b-88d1-37d35baca782 - - - - -] 127.0.0.1 "GET /v1/nodes/78544ab5-49df-5a83-acfa-2068ac465b21 HTTP/1.1" status: 200 len: 1840 time: 0.0296302
2017-03-21 09:32:26.739 22240 INFO eventlet.wsgi.server [req-fb5441ba-11c6-471d-87aa-261a698408fe - - - - -] 127.0.0.1 "GET /v1/nodes/a960e3ed-9e08-51e2-a4b4-29ea8fee5576 HTTP/1.1" status: 200 len: 1766 time: 0.0265141
2017-03-21 09:32:28.713 22234 INFO eventlet.wsgi.server [req-69846879-a914-402b-9fa7-9cc472447ef7 - - - - -] 127.0.0.1 "GET /v1/nodes/f7647c75-31e7-5dc3-be4d-1011a681070a HTTP/1.1" status: 200 len: 1839 time: 0.0335431
2017-03-21 09:32:28.743 22240 INFO eventlet.wsgi.server [req-fd20b582-9941-4701-a1bf-4add65bd7a23 - - - - -] 127.0.0.1 "GET /v1/nodes/78544ab5-49df-5a83-acfa-2068ac465b21 HTTP/1.1" status: 200 len: 1840 time: 0.0295920
2017-03-21 09:32:28.771 22240 INFO eventlet.wsgi.server [req-9ad73f6b-6602-4d16-9a55-c991dae22f24 - - - - -] 127.0.0.1 "GET /v1/nodes/a960e3ed-9e08-51e2-a4b4-29ea8fee5576 HTTP/1.1" status: 200 len: 1766 time: 0.0261071
2017-03-21 09:32:30.732 22234 INFO eventlet.wsgi.server [req-75e53736-0c06-4269-b8a4-5bd8ef9fa23a - - - - -] 127.0.0.1 "GET /v1/nodes/f7647c75-31e7-5dc3-be4d-1011a681070a HTTP/1.1" status: 200 len: 1839 time: 0.0159810
2017-03-21 09:32:30.783 22240 INFO eventlet.wsgi.server [req-a80b6222-5841-4e2a-842f-c1ab80cd434b - - - - -] 127.0.0.1 "GET /v1/nodes/78544ab5-49df-5a83-acfa-2068ac465b21 HTTP/1.1" status: 200 len: 1840 time: 0.0327179
2017-03-21 09:32:30.810 22240 INFO eventlet.wsgi.server [req-6e7690cf-4109-4873-840d-32d45c91ee44 - - - - -] 127.0.0.1 "GET /v1/nodes/a960e3ed-9e08-51e2-a4b4-29ea8fee5576 HTTP/1.1" status: 200 len: 1766 time: 0.0261381
2017-03-21 09:32:32.749 22234 INFO eventlet.wsgi.server [req-c60c2bd7-3ac5-4795-8b83-5808ddf0366f - - - - -] 127.0.0.1 "GET /v1/nodes/f7647c75-31e7-5dc3-be4d-1011a681070a HTTP/1.1" status: 200 len: 1813 time: 0.0137439
2017-03-21 09:32:32.820 22240 INFO eventlet.wsgi.server [req-4350275f-c025-47d9-bf74-c017504dce26 - - - - -] 127.0.0.1 "GET /v1/nodes/78544ab5-49df-5a83-acfa-2068ac465b21 HTTP/1.1" status: 200 len: 1840 time: 0.0325840
2017-03-21 09:32:32.942 22240 INFO eventlet.wsgi.server [req-8acdf83a-3d86-4e3d-9c6c-f08c8ac81232 - - - - -] 127.0.0.1 "GET /v1/nodes/a960e3ed-9e08-51e2-a4b4-29ea8fee5576 HTTP/1.1" status: 200 len: 1766 time: 0.1200299
2017-03-21 09:32:33.148 22239 INFO eventlet.wsgi.server [req-35ad1ffe-627a-454e-9a4f-06af23d2fbaa - - - - -] 127.0.0.1 "GET /v1/nodes/a960e3ed-9e08-51e2-a4b4-29ea8fee5576 HTTP/1.1" status: 200 len: 1785 time: 0.0326700
2017-03-21 09:32:33.259 22239 INFO eventlet.wsgi.server [req-5918a464-cf24-4906-8445-7c6508b9e528 - - - - -] 127.0.0.1 "GET /v1/nodes/a960e3ed-9e08-51e2-a4b4-29ea8fee5576/ports HTTP/1.1" status: 200 len: 623 time: 0.0377350
2017-03-21 09:32:33.299 22239 WARNING oslo_config.cfg [req-c79add99-8974-4caa-af9e-8f932b881b3b - - - - -] Option "rabbit_userid" from group "DEFAULT" is deprecated. Use option "rabbit_userid" from group "oslo_messaging_rabbit".
2017-03-21 09:32:33.299 22239 WARNING oslo_config.cfg [req-c79add99-8974-4caa-af9e-8f932b881b3b - - - - -] Option "rabbit_userid" from group "oslo_messaging_rabbit" is deprecated for removal. Its value may be silently ignored in the future.
2017-03-21 09:32:33.300 22239 WARNING oslo_config.cfg [req-c79add99-8974-4caa-af9e-8f932b881b3b - - - - -] Option "rabbit_password" from group "DEFAULT" is deprecated. Use option "rabbit_password" from group "oslo_messaging_rabbit".
2017-03-21 09:32:33.300 22239 WARNING oslo_config.cfg [req-c79add99-8974-4caa-af9e-8f932b881b3b - - - - -] Option "rabbit_password" from group "oslo_messaging_rabbit" is deprecated for removal. Its value may be silently ignored in the future.
2017-03-21 09:32:33.476 22239 INFO eventlet.wsgi.server [req-c79add99-8974-4caa-af9e-8f932b881b3b - - - - -] 127.0.0.1 "PATCH /v1/nodes/a960e3ed-9e08-51e2-a4b4-29ea8fee5576 HTTP/1.1" status: 200 len: 1785 time: 0.2105219
2017-03-21 09:32:33.810 22239 INFO eventlet.wsgi.server [req-a04337a2-ea5e-4033-9604-262b62d3cf43 - - - - -] 127.0.0.1 "PATCH /v1/nodes/a960e3ed-9e08-51e2-a4b4-29ea8fee5576 HTTP/1.1" status: 200 len: 1835 time: 0.3283761
2017-03-21 09:32:34.036 22231 WARNING oslo_config.cfg [req-f342d5ca-b8e3-4235-b1c4-475e293125c4 - - - - -] Option "rabbit_userid" from group "DEFAULT" is deprecated. Use option "rabbit_userid" from group "oslo_messaging_rabbit".
2017-03-21 09:32:34.036 22231 WARNING oslo_config.cfg [req-f342d5ca-b8e3-4235-b1c4-475e293125c4 - - - - -] Option "rabbit_userid" from group "oslo_messaging_rabbit" is deprecated for removal. Its value may be silently ignored in the future.
2017-03-21 09:32:34.037 22231 WARNING oslo_config.cfg [req-f342d5ca-b8e3-4235-b1c4-475e293125c4 - - - - -] Option "rabbit_password" from group "DEFAULT" is deprecated. Use option "rabbit_password" from group "oslo_messaging_rabbit".
2017-03-21 09:32:34.037 22231 WARNING oslo_config.cfg [req-f342d5ca-b8e3-4235-b1c4-475e293125c4 - - - - -] Option "rabbit_password" from group "oslo_messaging_rabbit" is deprecated for removal. Its value may be silently ignored in the future.
2017-03-21 09:32:34.324 22231 INFO eventlet.wsgi.server [req-f342d5ca-b8e3-4235-b1c4-475e293125c4 - - - - -] 127.0.0.1 "PUT /v1/nodes/a960e3ed-9e08-51e2-a4b4-29ea8fee5576/states/power HTTP/1.1" status: 202 len: 384 time: 0.4820781
2017-03-21 09:32:34.786 22234 INFO eventlet.wsgi.server [req-a37ffb35-4a13-43e8-b5bd-c8b7bbe946fb - - - - -] 127.0.0.1 "GET /v1/nodes/f7647c75-31e7-5dc3-be4d-1011a681070a HTTP/1.1" status: 200 len: 1813 time: 0.0299370
2017-03-21 09:32:34.855 22240 INFO eventlet.wsgi.server [req-7ae595dc-8096-464a-b43e-072798db2c8d - - - - -] 127.0.0.1 "GET /v1/nodes/78544ab5-49df-5a83-acfa-2068ac465b21 HTTP/1.1" status: 200 len: 1840 time: 0.0303299
2017-03-21 09:32:34.975 22240 INFO eventlet.wsgi.server [req-6b5d92e8-c79c-4049-90b8-52d521bc12c7 - - - - -] 127.0.0.1 "GET /v1/nodes/a960e3ed-9e08-51e2-a4b4-29ea8fee5576 HTTP/1.1" status: 200 len: 1843 time: 0.0274842
2017-03-21 09:32:36.825 22234 INFO eventlet.wsgi.server [req-5d521ae9-5a00-40a2-9de4-a8a0dde68e49 - - - - -] 127.0.0.1 "GET /v1/nodes/f7647c75-31e7-5dc3-be4d-1011a681070a HTTP/1.1" status: 200 len: 1813 time: 0.0341630
2017-03-21 09:32:36.883 22240 INFO eventlet.wsgi.server [req-20d6d0d2-ab3c-4b16-8a92-a0f5378cecd7 - - - - -] 127.0.0.1 "GET /v1/nodes/78544ab5-49df-5a83-acfa-2068ac465b21 HTTP/1.1" status: 200 len: 1840 time: 0.0253129
2017-03-21 09:32:37.013 22240 INFO eventlet.wsgi.server [req-923b548b-21e4-4831-a98c-00fd2e2223ae - - - - -] 127.0.0.1 "GET /v1/nodes/a960e3ed-9e08-51e2-a4b4-29ea8fee5576 HTTP/1.1" status: 200 len: 1843 time: 0.0310240
2017-03-21 09:32:38.847 22234 INFO eventlet.wsgi.server [req-a1b9a12a-79f6-4511-9b55-d32a9d58a32f - - - - -] 127.0.0.1 "GET /v1/nodes/f7647c75-31e7-5dc3-be4d-1011a681070a HTTP/1.1" status: 200 len: 1813 time: 0.0185258
2017-03-21 09:32:38.918 22240 INFO eventlet.wsgi.server [req-8f8bddc3-1001-4451-a9d2-c01f2d5ccad4 - - - - -] 127.0.0.1 "GET /v1/nodes/78544ab5-49df-5a83-acfa-2068ac465b21 HTTP/1.1" status: 200 len: 1814 time: 0.0302019
2017-03-21 09:32:39.046 22240 INFO eventlet.wsgi.server [req-042d2dfb-fb63-460b-909d-56021e76bc26 - - - - -] 127.0.0.1 "GET /v1/nodes/a960e3ed-9e08-51e2-a4b4-29ea8fee5576 HTTP/1.1" status: 200 len: 1843 time: 0.0274601
2017-03-21 09:32:40.873 22234 INFO eventlet.wsgi.server [req-d0bba2f7-db20-4878-81f5-458b641d864e - - - - -] 127.0.0.1 "GET /v1/nodes/f7647c75-31e7-5dc3-be4d-1011a681070a HTTP/1.1" status: 200 len: 1813 time: 0.0209799
2017-03-21 09:32:40.954 22240 INFO eventlet.wsgi.server [req-2e8389a3-d0f3-4034-b6fd-354556d8bff5 - - - - -] 127.0.0.1 "GET /v1/nodes/78544ab5-49df-5a83-acfa-2068ac465b21 HTTP/1.1" status: 200 len: 1814 time: 0.0301440
2017-03-21 09:32:41.079 22240 INFO eventlet.wsgi.server [req-7cfbc9d0-2bcf-4905-9faf-365a7d9c77e7 - - - - -] 127.0.0.1 "GET /v1/nodes/a960e3ed-9e08-51e2-a4b4-29ea8fee5576 HTTP/1.1" status: 200 len: 1843 time: 0.0272241
2017-03-21 09:32:41.668 22231 INFO eventlet.wsgi.server [req-a19a9449-8aeb-451c-b3e9-fb068d8f6e59 - - - - -] 127.0.0.1 "GET /v1/nodes HTTP/1.1" status: 200 len: 1515 time: 0.0615010
2017-03-21 09:32:42.908 22234 INFO eventlet.wsgi.server [req-ad543753-b5b4-494e-b7fa-0a5c4cefb964 - - - - -] 127.0.0.1 "GET /v1/nodes/f7647c75-31e7-5dc3-be4d-1011a681070a HTTP/1.1" status: 200 len: 1813 time: 0.0307140
2017-03-21 09:32:42.988 22240 INFO eventlet.wsgi.server [req-4c390d9c-cfe0-42ce-ad30-3faf1426d8ff - - - - -] 127.0.0.1 "GET /v1/nodes/78544ab5-49df-5a83-acfa-2068ac465b21 HTTP/1.1" status: 200 len: 1814 time: 0.0299721
2017-03-21 09:32:43.114 22240 INFO eventlet.wsgi.server [req-f8b1c7d0-1b5f-4d0f-b8b1-8f2830f8956d - - - - -] 127.0.0.1 "GET /v1/nodes/a960e3ed-9e08-51e2-a4b4-29ea8fee5576 HTTP/1.1" status: 200 len: 1843 time: 0.0277350
2017-03-21 09:32:44.933 22234 INFO eventlet.wsgi.server [req-0feb9ebe-2dc5-4e73-ba96-cf6621144ba0 - - - - -] 127.0.0.1 "GET /v1/nodes/f7647c75-31e7-5dc3-be4d-1011a681070a HTTP/1.1" status: 200 len: 1805 time: 0.0197709
2017-03-21 09:32:45.026 22240 INFO eventlet.wsgi.server [req-e3c6f372-dc1f-422e-ad9b-ab6076ede623 - - - - -] 127.0.0.1 "GET /v1/nodes/78544ab5-49df-5a83-acfa-2068ac465b21 HTTP/1.1" status: 200 len: 1806 time: 0.0327342
2017-03-21 09:32:45.050 22234 INFO eventlet.wsgi.server [req-24d55ad8-df47-414e-ad23-8dbae1f2a738 - - - - -] 127.0.0.1 "PUT /v1/nodes/f7647c75-31e7-5dc3-be4d-1011a681070a/states/provision HTTP/1.1" status: 202 len: 383 time: 0.1161730
2017-03-21 09:32:45.069 22234 INFO eventlet.wsgi.server [req-586abb1a-0d37-4756-959d-9de561cf98e7 - - - - -] 127.0.0.1 "GET /v1/nodes/f7647c75-31e7-5dc3-be4d-1011a681070a HTTP/1.1" status: 200 len: 1830 time: 0.0178950
2017-03-21 09:32:45.148 22240 INFO eventlet.wsgi.server [req-65d78237-c1a8-47a9-b3fd-1b5ed0806f3b - - - - -] 127.0.0.1 "GET /v1/nodes/a960e3ed-9e08-51e2-a4b4-29ea8fee5576 HTTP/1.1" status: 200 len: 1843 time: 0.0283260
2017-03-21 09:32:45.168 22240 INFO eventlet.wsgi.server [req-b111744e-f28e-4e25-b3db-f789066ca59b - - - - -] 127.0.0.1 "PUT /v1/nodes/78544ab5-49df-5a83-acfa-2068ac465b21/states/provision HTTP/1.1" status: 202 len: 383 time: 0.1394970
2017-03-21 09:32:45.194 22240 INFO eventlet.wsgi.server [req-34dbe200-cf1d-4161-ba8c-c97fbef1f3af - - - - -] 127.0.0.1 "GET /v1/nodes/78544ab5-49df-5a83-acfa-2068ac465b21 HTTP/1.1" status: 200 len: 1825 time: 0.0251741
2017-03-21 09:32:47.102 22234 INFO eventlet.wsgi.server [req-a70eea6f-c208-4d2c-9c78-bc29ddfb7236 - - - - -] 127.0.0.1 "GET /v1/nodes/f7647c75-31e7-5dc3-be4d-1011a681070a HTTP/1.1" status: 200 len: 1804 time: 0.0294070
2017-03-21 09:32:47.183 22240 INFO eventlet.wsgi.server [req-a74269a8-c6c4-4584-9b89-11c08582391b - - - - -] 127.0.0.1 "GET /v1/nodes/a960e3ed-9e08-51e2-a4b4-29ea8fee5576 HTTP/1.1" status: 200 len: 1843 time: 0.0304370
2017-03-21 09:32:49.223 22240 INFO eventlet.wsgi.server [req-ca3f7eae-5560-4d51-bd63-a751aab70db8 - - - - -] 127.0.0.1 "GET /v1/nodes/a960e3ed-9e08-51e2-a4b4-29ea8fee5576 HTTP/1.1" status: 200 len: 1843 time: 0.0329211
2017-03-21 09:32:51.253 22240 INFO eventlet.wsgi.server [req-1ff04ef8-fb83-4472-b24d-eb29deb8ad93 - - - - -] 127.0.0.1 "GET /v1/nodes/a960e3ed-9e08-51e2-a4b4-29ea8fee5576 HTTP/1.1" status: 200 len: 1817 time: 0.0252960
2017-03-21 09:32:53.290 22240 INFO eventlet.wsgi.server [req-06ea361f-fb0b-4ffe-8a1f-c958f07b8dc7 - - - - -] 127.0.0.1 "GET /v1/nodes/a960e3ed-9e08-51e2-a4b4-29ea8fee5576 HTTP/1.1" status: 200 len: 1817 time: 0.0289290
2017-03-21 09:32:55.327 22240 INFO eventlet.wsgi.server [req-cca58be0-1deb-4d13-986d-1f9d72f2035f - - - - -] 127.0.0.1 "GET /v1/nodes/a960e3ed-9e08-51e2-a4b4-29ea8fee5576 HTTP/1.1" status: 200 len: 1817 time: 0.0308459
2017-03-21 09:32:57.363 22240 INFO eventlet.wsgi.server [req-708138db-ca8b-422d-be08-81814af87b8d - - - - -] 127.0.0.1 "GET /v1/nodes/a960e3ed-9e08-51e2-a4b4-29ea8fee5576 HTTP/1.1" status: 200 len: 1817 time: 0.0296130
2017-03-21 09:32:59.390 22240 INFO eventlet.wsgi.server [req-01c2dcd9-170d-46f4-a3a8-3fa4fa64e3c3 - - - - -] 127.0.0.1 "GET /v1/nodes/a960e3ed-9e08-51e2-a4b4-29ea8fee5576 HTTP/1.1" status: 200 len: 1817 time: 0.0218179
2017-03-21 09:33:01.425 22240 INFO eventlet.wsgi.server [req-f78901e8-f424-4a43-be32-6f418e62ffc7 - - - - -] 127.0.0.1 "GET /v1/nodes/a960e3ed-9e08-51e2-a4b4-29ea8fee5576 HTTP/1.1" status: 200 len: 1817 time: 0.0283282
2017-03-21 09:33:03.461 22240 INFO eventlet.wsgi.server [req-48c8ac53-29a2-4251-9660-565ffccdcda3 - - - - -] 127.0.0.1 "GET /v1/nodes/a960e3ed-9e08-51e2-a4b4-29ea8fee5576 HTTP/1.1" status: 200 len: 1817 time: 0.0299468
2017-03-21 09:33:05.497 22240 INFO eventlet.wsgi.server [req-7792c58d-41c1-4791-bd86-415e23ecee57 - - - - -] 127.0.0.1 "GET /v1/nodes/a960e3ed-9e08-51e2-a4b4-29ea8fee5576 HTTP/1.1" status: 200 len: 1817 time: 0.0304031
2017-03-21 09:33:07.530 22240 INFO eventlet.wsgi.server [req-ffa87b20-353f-416c-a919-29f08c55286e - - - - -] 127.0.0.1 "GET /v1/nodes/a960e3ed-9e08-51e2-a4b4-29ea8fee5576 HTTP/1.1" status: 200 len: 1817 time: 0.0293210
2017-03-21 09:33:09.564 22240 INFO eventlet.wsgi.server [req-d9f84e1f-453f-4b66-93a2-57795ae7fe78 - - - - -] 127.0.0.1 "GET /v1/nodes/a960e3ed-9e08-51e2-a4b4-29ea8fee5576 HTTP/1.1" status: 200 len: 1817 time: 0.0283420
2017-03-21 09:33:11.602 22240 INFO eventlet.wsgi.server [req-82d4a639-3c01-4b50-9b16-ac1995ac7a58 - - - - -] 127.0.0.1 "GET /v1/nodes/a960e3ed-9e08-51e2-a4b4-29ea8fee5576 HTTP/1.1" status: 200 len: 1817 time: 0.0308230
2017-03-21 09:33:13.641 22240 INFO eventlet.wsgi.server [req-ce62001f-e9cc-45eb-a14d-8919cfe32503 - - - - -] 127.0.0.1 "GET /v1/nodes/a960e3ed-9e08-51e2-a4b4-29ea8fee5576 HTTP/1.1" status: 200 len: 1817 time: 0.0336950
2017-03-21 09:33:15.677 22240 INFO eventlet.wsgi.server [req-7f4d2374-39ae-4bbd-9951-a86da8520f6d - - - - -] 127.0.0.1 "GET /v1/nodes/a960e3ed-9e08-51e2-a4b4-29ea8fee5576 HTTP/1.1" status: 200 len: 1817 time: 0.0301070
2017-03-21 09:33:17.710 22240 INFO eventlet.wsgi.server [req-f287997f-33a3-47ea-a56f-f9705d555eeb - - - - -] 127.0.0.1 "GET /v1/nodes/a960e3ed-9e08-51e2-a4b4-29ea8fee5576 HTTP/1.1" status: 200 len: 1817 time: 0.0289199
2017-03-21 09:33:19.745 22240 INFO eventlet.wsgi.server [req-e66724a7-a5b7-406b-bf27-5f4150889683 - - - - -] 127.0.0.1 "GET /v1/nodes/a960e3ed-9e08-51e2-a4b4-29ea8fee5576 HTTP/1.1" status: 200 len: 1817 time: 0.0301650
2017-03-21 09:33:21.779 22240 INFO eventlet.wsgi.server [req-1172a285-24ec-4722-93cf-235da81954ee - - - - -] 127.0.0.1 "GET /v1/nodes/a960e3ed-9e08-51e2-a4b4-29ea8fee5576 HTTP/1.1" status: 200 len: 1817 time: 0.0276420
2017-03-21 09:33:23.815 22240 INFO eventlet.wsgi.server [req-134059f7-4bdb-4279-93b5-8cd91ef1ef0a - - - - -] 127.0.0.1 "GET /v1/nodes/a960e3ed-9e08-51e2-a4b4-29ea8fee5576 HTTP/1.1" status: 200 len: 1817 time: 0.0309701
2017-03-21 09:33:25.851 22240 INFO eventlet.wsgi.server [req-3d526502-ceab-4a78-9637-3d5f8c3c2a99 - - - - -] 127.0.0.1 "GET /v1/nodes/a960e3ed-9e08-51e2-a4b4-29ea8fee5576 HTTP/1.1" status: 200 len: 1817 time: 0.0308750
2017-03-21 09:33:27.886 22240 INFO eventlet.wsgi.server [req-efc2de44-8488-4e39-a13c-8f586abce24e - - - - -] 127.0.0.1 "GET /v1/nodes/a960e3ed-9e08-51e2-a4b4-29ea8fee5576 HTTP/1.1" status: 200 len: 1817 time: 0.0300119
2017-03-21 09:33:29.921 22240 INFO eventlet.wsgi.server [req-2f57eb9a-8c10-4594-9fb4-fbee3e54a116 - - - - -] 127.0.0.1 "GET /v1/nodes/a960e3ed-9e08-51e2-a4b4-29ea8fee5576 HTTP/1.1" status: 200 len: 1817 time: 0.0289700
2017-03-21 09:33:31.952 22240 INFO eventlet.wsgi.server [req-dd1d4a20-293a-4180-ad58-a4ff24f2db5b - - - - -] 127.0.0.1 "GET /v1/nodes/a960e3ed-9e08-51e2-a4b4-29ea8fee5576 HTTP/1.1" status: 200 len: 1817 time: 0.0269549
2017-03-21 09:33:33.987 22240 INFO eventlet.wsgi.server [req-7ef57bde-d070-4efd-8b76-f2a5cb5acd1a - - - - -] 127.0.0.1 "GET /v1/nodes/a960e3ed-9e08-51e2-a4b4-29ea8fee5576 HTTP/1.1" status: 200 len: 1817 time: 0.0303140
2017-03-21 09:33:36.021 22240 INFO eventlet.wsgi.server [req-ceb5e7b1-8a17-48bd-b091-3c5b893f3f44 - - - - -] 127.0.0.1 "GET /v1/nodes/a960e3ed-9e08-51e2-a4b4-29ea8fee5576 HTTP/1.1" status: 200 len: 1817 time: 0.0285699
2017-03-21 09:33:38.054 22240 INFO eventlet.wsgi.server [req-4328b8fc-5a86-4149-846a-a00f43185865 - - - - -] 127.0.0.1 "GET /v1/nodes/a960e3ed-9e08-51e2-a4b4-29ea8fee5576 HTTP/1.1" status: 200 len: 1817 time: 0.0288470
2017-03-21 09:33:40.090 22240 INFO eventlet.wsgi.server [req-f9201e70-31d7-4205-b70f-51f35b4a7e47 - - - - -] 127.0.0.1 "GET /v1/nodes/a960e3ed-9e08-51e2-a4b4-29ea8fee5576 HTTP/1.1" status: 200 len: 1817 time: 0.0311718
2017-03-21 09:33:41.670 22231 INFO eventlet.wsgi.server [req-440f8af9-10dd-4393-91fa-1760f4d9b687 - - - - -] 127.0.0.1 "GET /v1/nodes HTTP/1.1" status: 200 len: 1514 time: 0.0604348
2017-03-21 09:33:42.121 22240 INFO eventlet.wsgi.server [req-19e8b2e3-7af4-4947-8438-290e4fe27052 - - - - -] 127.0.0.1 "GET /v1/nodes/a960e3ed-9e08-51e2-a4b4-29ea8fee5576 HTTP/1.1" status: 200 len: 1817 time: 0.0257959
2017-03-21 09:33:44.159 22240 INFO eventlet.wsgi.server [req-ccc0d11d-f537-4b00-a4c1-8f2cd1e9673f - - - - -] 127.0.0.1 "GET /v1/nodes/a960e3ed-9e08-51e2-a4b4-29ea8fee5576 HTTP/1.1" status: 200 len: 1809 time: 0.0317740
2017-03-21 09:33:44.321 22240 INFO eventlet.wsgi.server [req-50922be4-9d4e-4833-961f-e6acd3e68efd - - - - -] 127.0.0.1 "PUT /v1/nodes/a960e3ed-9e08-51e2-a4b4-29ea8fee5576/states/provision HTTP/1.1" status: 202 len: 383 time: 0.1604390
2017-03-21 09:33:44.350 22240 INFO eventlet.wsgi.server [req-1836471a-ea6d-4118-9059-758e6c0774a5 - - - - -] 127.0.0.1 "GET /v1/nodes/a960e3ed-9e08-51e2-a4b4-29ea8fee5576 HTTP/1.1" status: 200 len: 1828 time: 0.0279830
2017-03-21 09:33:48.016 22238 INFO eventlet.wsgi.server [req-102d38d0-b470-4791-84a7-112cc1a64afd - - - - -] 127.0.0.1 "GET /v1/nodes/78544ab5-49df-5a83-acfa-2068ac465b21 HTTP/1.1" status: 200 len: 1805 time: 0.0177500
