2017-03-21 07:20:01.815 3381 INFO oslo_service.service [-] Child 3489 exited with status 0
2017-03-21 07:20:01.819 3381 INFO oslo_service.service [-] Child 3490 exited with status 0
2017-03-21 07:20:01.821 8577 INFO eventlet.wsgi.server [-] (8577) wsgi starting up on http://0.0.0.0:6385
2017-03-21 07:20:01.823 3381 INFO oslo_service.service [-] Child 6048 exited with status 0
2017-03-21 07:20:01.824 8578 INFO eventlet.wsgi.server [-] (8578) wsgi starting up on http://0.0.0.0:6385
2017-03-21 07:20:01.827 8579 INFO eventlet.wsgi.server [-] (8579) wsgi starting up on http://0.0.0.0:6385
2017-03-21 07:20:01.826 3381 INFO oslo_service.service [-] Child 6076 exited with status 0
2017-03-21 07:20:01.831 3381 INFO oslo_service.service [-] Child 8204 exited with status 0
2017-03-21 07:20:01.832 8580 INFO eventlet.wsgi.server [-] (8580) wsgi starting up on http://0.0.0.0:6385
2017-03-21 07:20:01.837 8581 INFO eventlet.wsgi.server [-] (8581) wsgi starting up on http://0.0.0.0:6385
2017-03-21 07:20:01.839 8582 INFO eventlet.wsgi.server [-] (8582) wsgi starting up on http://0.0.0.0:6385
2017-03-21 07:20:01.845 3381 INFO oslo_service.service [-] Caught SIGTERM, stopping children
2017-03-21 07:20:01.846 3381 INFO oslo.service.wsgi [-] Stopping WSGI server.
2017-03-21 07:20:01.846 3381 INFO oslo_service.service [-] Waiting on 16 children to exit
2017-03-21 07:20:01.846 8582 INFO oslo.service.wsgi [-] Stopping WSGI server.
2017-03-21 07:20:01.846 8578 INFO oslo.service.wsgi [-] Stopping WSGI server.
2017-03-21 07:20:01.846 8581 INFO oslo.service.wsgi [-] Stopping WSGI server.
2017-03-21 07:20:01.847 8582 INFO eventlet.wsgi.server [-] (8582) wsgi exited, is_accepting=True
2017-03-21 07:20:01.847 8567 INFO oslo.service.wsgi [-] Stopping WSGI server.
2017-03-21 07:20:01.847 8573 INFO oslo.service.wsgi [-] Stopping WSGI server.
2017-03-21 07:20:01.847 8581 INFO eventlet.wsgi.server [-] (8581) wsgi exited, is_accepting=True
2017-03-21 07:20:01.847 8572 INFO oslo.service.wsgi [-] Stopping WSGI server.
2017-03-21 07:20:01.847 8567 INFO eventlet.wsgi.server [-] (8567) wsgi exited, is_accepting=True
2017-03-21 07:20:01.848 8573 INFO eventlet.wsgi.server [-] (8573) wsgi exited, is_accepting=True
2017-03-21 07:20:01.848 8568 INFO oslo.service.wsgi [-] Stopping WSGI server.
2017-03-21 07:20:01.848 8572 INFO eventlet.wsgi.server [-] (8572) wsgi exited, is_accepting=True
2017-03-21 07:20:01.848 8568 INFO eventlet.wsgi.server [-] (8568) wsgi exited, is_accepting=True
2017-03-21 07:20:01.849 3381 INFO oslo_service.service [-] Child 8582 exited with status 0
2017-03-21 07:20:01.851 3381 INFO oslo_service.service [-] Child 8581 exited with status 0
2017-03-21 07:20:01.851 3381 INFO oslo_service.service [-] Child 8573 exited with status 0
2017-03-21 07:20:01.852 3381 INFO oslo_service.service [-] Child 8567 exited with status 0
2017-03-21 07:20:01.851 8579 INFO oslo.service.wsgi [-] Stopping WSGI server.
2017-03-21 07:20:01.852 3381 INFO oslo_service.service [-] Child 8572 exited with status 0
2017-03-21 07:20:01.852 3381 INFO oslo_service.service [-] Child 8568 exited with status 0
2017-03-21 07:20:01.852 8579 INFO eventlet.wsgi.server [-] (8579) wsgi exited, is_accepting=True
2017-03-21 07:20:01.852 8569 INFO oslo.service.wsgi [-] Stopping WSGI server.
2017-03-21 07:20:01.852 8574 INFO oslo.service.wsgi [-] Stopping WSGI server.
2017-03-21 07:20:01.852 8571 INFO oslo.service.wsgi [-] Stopping WSGI server.
2017-03-21 07:20:01.853 8569 INFO eventlet.wsgi.server [-] (8569) wsgi exited, is_accepting=True
2017-03-21 07:20:01.853 8571 INFO eventlet.wsgi.server [-] (8571) wsgi exited, is_accepting=True
2017-03-21 07:20:01.853 8574 INFO eventlet.wsgi.server [-] (8574) wsgi exited, is_accepting=True
2017-03-21 07:20:01.854 3381 INFO oslo_service.service [-] Child 8579 exited with status 0
2017-03-21 07:20:01.856 3381 INFO oslo_service.service [-] Child 8571 exited with status 0
2017-03-21 07:20:01.856 3381 INFO oslo_service.service [-] Child 8569 exited with status 0
2017-03-21 07:20:01.846 8570 INFO oslo.service.wsgi [-] Stopping WSGI server.
2017-03-21 07:20:01.857 3381 INFO oslo_service.service [-] Child 8574 exited with status 0
2017-03-21 07:20:01.856 8575 INFO oslo.service.wsgi [-] Stopping WSGI server.
2017-03-21 07:20:01.857 8570 INFO eventlet.wsgi.server [-] (8570) wsgi exited, is_accepting=True
2017-03-21 07:20:01.857 8575 INFO eventlet.wsgi.server [-] (8575) wsgi exited, is_accepting=True
2017-03-21 07:20:01.847 8578 INFO eventlet.wsgi.server [-] (8578) wsgi exited, is_accepting=True
2017-03-21 07:20:01.847 8576 INFO oslo.service.wsgi [-] Stopping WSGI server.
2017-03-21 07:20:01.860 3381 INFO oslo_service.service [-] Child 8575 exited with status 0
2017-03-21 07:20:01.860 3381 INFO oslo_service.service [-] Child 8570 exited with status 0
2017-03-21 07:20:01.860 8576 INFO eventlet.wsgi.server [-] (8576) wsgi exited, is_accepting=True
2017-03-21 07:20:01.861 8577 INFO oslo.service.wsgi [-] Stopping WSGI server.
2017-03-21 07:20:01.861 8577 INFO eventlet.wsgi.server [-] (8577) wsgi exited, is_accepting=True
2017-03-21 07:20:01.862 3381 INFO oslo_service.service [-] Child 8578 exited with status 0
2017-03-21 07:20:01.863 3381 INFO oslo_service.service [-] Child 8576 exited with status 0
2017-03-21 07:20:01.863 8580 INFO oslo.service.wsgi [-] Stopping WSGI server.
2017-03-21 07:20:01.863 8580 INFO eventlet.wsgi.server [-] (8580) wsgi exited, is_accepting=True
2017-03-21 07:20:01.864 3381 INFO oslo_service.service [-] Child 8577 exited with status 0
2017-03-21 07:20:01.866 3381 INFO oslo_service.service [-] Child 8580 exited with status 0
2017-03-21 07:20:03.518 8596 INFO oslo.service.wsgi [-] ironic_api listening on 0.0.0.0:6385
2017-03-21 07:20:03.519 8596 INFO oslo_service.service [-] Starting 16 workers
2017-03-21 07:20:03.528 8633 INFO eventlet.wsgi.server [-] (8633) wsgi starting up on http://0.0.0.0:6385
2017-03-21 07:20:03.530 8634 INFO eventlet.wsgi.server [-] (8634) wsgi starting up on http://0.0.0.0:6385
2017-03-21 07:20:03.532 8636 INFO eventlet.wsgi.server [-] (8636) wsgi starting up on http://0.0.0.0:6385
2017-03-21 07:20:03.533 8640 INFO eventlet.wsgi.server [-] (8640) wsgi starting up on http://0.0.0.0:6385
2017-03-21 07:20:03.534 8638 INFO eventlet.wsgi.server [-] (8638) wsgi starting up on http://0.0.0.0:6385
2017-03-21 07:20:03.536 8641 INFO eventlet.wsgi.server [-] (8641) wsgi starting up on http://0.0.0.0:6385
2017-03-21 07:20:03.539 8645 INFO eventlet.wsgi.server [-] (8645) wsgi starting up on http://0.0.0.0:6385
2017-03-21 07:20:03.538 8642 INFO eventlet.wsgi.server [-] (8642) wsgi starting up on http://0.0.0.0:6385
2017-03-21 07:20:03.540 8635 INFO eventlet.wsgi.server [-] (8635) wsgi starting up on http://0.0.0.0:6385
2017-03-21 07:20:03.541 8637 INFO eventlet.wsgi.server [-] (8637) wsgi starting up on http://0.0.0.0:6385
2017-03-21 07:20:03.541 8644 INFO eventlet.wsgi.server [-] (8644) wsgi starting up on http://0.0.0.0:6385
2017-03-21 07:20:03.543 8646 INFO eventlet.wsgi.server [-] (8646) wsgi starting up on http://0.0.0.0:6385
2017-03-21 07:20:03.543 8639 INFO eventlet.wsgi.server [-] (8639) wsgi starting up on http://0.0.0.0:6385
2017-03-21 07:20:03.544 8648 INFO eventlet.wsgi.server [-] (8648) wsgi starting up on http://0.0.0.0:6385
2017-03-21 07:20:03.546 8596 WARNING oslo_config.cfg [-] Option "rabbit_password" from group "DEFAULT" is deprecated. Use option "rabbit_password" from group "oslo_messaging_rabbit".
2017-03-21 07:20:03.547 8596 WARNING oslo_config.cfg [-] Option "rabbit_password" from group "oslo_messaging_rabbit" is deprecated for removal. Its value may be silently ignored in the future.
2017-03-21 07:20:03.547 8596 WARNING oslo_config.cfg [-] Option "rabbit_userid" from group "DEFAULT" is deprecated. Use option "rabbit_userid" from group "oslo_messaging_rabbit".
2017-03-21 07:20:03.547 8596 WARNING oslo_config.cfg [-] Option "rabbit_userid" from group "oslo_messaging_rabbit" is deprecated for removal. Its value may be silently ignored in the future.
2017-03-21 07:20:03.547 8643 INFO eventlet.wsgi.server [-] (8643) wsgi starting up on http://0.0.0.0:6385
2017-03-21 07:20:03.550 8647 INFO eventlet.wsgi.server [-] (8647) wsgi starting up on http://0.0.0.0:6385
2017-03-21 07:21:02.470 8639 INFO eventlet.wsgi.server [req-9f63701c-70cb-4d0d-ab7f-4756f3b28aaa - - - - -] 127.0.0.1 "GET /v1/nodes HTTP/1.1" status: 200 len: 338 time: 0.2109969
2017-03-21 07:22:02.436 8633 INFO eventlet.wsgi.server [req-cd82f7c9-80fb-49e8-8b32-1c2720024038 - - - - -] 127.0.0.1 "GET /v1/nodes HTTP/1.1" status: 200 len: 338 time: 0.1930881
2017-03-21 07:23:02.280 8639 INFO eventlet.wsgi.server [req-ab61aefb-4590-4c41-b773-109a26c90f8a - - - - -] 127.0.0.1 "GET /v1/nodes HTTP/1.1" status: 200 len: 338 time: 0.0251400
2017-03-21 07:24:02.267 8633 INFO eventlet.wsgi.server [req-cc2a24fb-80d2-4329-8848-cc3972a08e69 - - - - -] 127.0.0.1 "GET /v1/nodes HTTP/1.1" status: 200 len: 338 time: 0.0278721
2017-03-21 07:25:02.260 8633 INFO eventlet.wsgi.server [req-a5860ae1-a17b-4cf0-9e10-7d759250084b - - - - -] 127.0.0.1 "GET /v1/nodes HTTP/1.1" status: 200 len: 338 time: 0.0184331
2017-03-21 07:26:02.278 8633 INFO eventlet.wsgi.server [req-4909b4cb-9e9d-4eee-927d-8c3a0a14950c - - - - -] 127.0.0.1 "GET /v1/nodes HTTP/1.1" status: 200 len: 338 time: 0.0430720
2017-03-21 07:27:02.388 8637 INFO eventlet.wsgi.server [req-6fc095fa-c803-4d76-815e-fae59e402073 - - - - -] 127.0.0.1 "GET /v1/nodes HTTP/1.1" status: 200 len: 338 time: 0.1450679
2017-03-21 07:27:58.626 8637 INFO eventlet.wsgi.server [req-32371f5e-6120-46d2-b34f-5d03fef8d084 - - - - -] 127.0.0.1 "GET /v1/nodes/78544ab5-49df-5a83-acfa-2068ac465b21 HTTP/1.1" status: 404 len: 485 time: 0.0186312
2017-03-21 07:27:58.651 8637 WARNING oslo_config.cfg [req-ce859fbc-f0b2-4bdb-8442-273f97d031ee - - - - -] Option "rabbit_userid" from group "DEFAULT" is deprecated. Use option "rabbit_userid" from group "oslo_messaging_rabbit".
2017-03-21 07:27:58.651 8637 WARNING oslo_config.cfg [req-ce859fbc-f0b2-4bdb-8442-273f97d031ee - - - - -] Option "rabbit_userid" from group "oslo_messaging_rabbit" is deprecated for removal. Its value may be silently ignored in the future.
2017-03-21 07:27:58.651 8637 WARNING oslo_config.cfg [req-ce859fbc-f0b2-4bdb-8442-273f97d031ee - - - - -] Option "rabbit_password" from group "DEFAULT" is deprecated. Use option "rabbit_password" from group "oslo_messaging_rabbit".
2017-03-21 07:27:58.652 8637 WARNING oslo_config.cfg [req-ce859fbc-f0b2-4bdb-8442-273f97d031ee - - - - -] Option "rabbit_password" from group "oslo_messaging_rabbit" is deprecated for removal. Its value may be silently ignored in the future.
2017-03-21 07:27:58.742 8642 INFO eventlet.wsgi.server [req-260e01ad-3856-4f0e-93d9-ec2d5fb311c1 - - - - -] 127.0.0.1 "GET /v1/nodes/f7647c75-31e7-5dc3-be4d-1011a681070a HTTP/1.1" status: 404 len: 485 time: 0.1339321
2017-03-21 07:27:58.761 8642 WARNING oslo_config.cfg [req-f77503d9-e6db-4113-9cf6-703249ae6919 - - - - -] Option "rabbit_userid" from group "DEFAULT" is deprecated. Use option "rabbit_userid" from group "oslo_messaging_rabbit".
2017-03-21 07:27:58.761 8642 WARNING oslo_config.cfg [req-f77503d9-e6db-4113-9cf6-703249ae6919 - - - - -] Option "rabbit_userid" from group "oslo_messaging_rabbit" is deprecated for removal. Its value may be silently ignored in the future.
2017-03-21 07:27:58.761 8642 WARNING oslo_config.cfg [req-f77503d9-e6db-4113-9cf6-703249ae6919 - - - - -] Option "rabbit_password" from group "DEFAULT" is deprecated. Use option "rabbit_password" from group "oslo_messaging_rabbit".
2017-03-21 07:27:58.761 8642 WARNING oslo_config.cfg [req-f77503d9-e6db-4113-9cf6-703249ae6919 - - - - -] Option "rabbit_password" from group "oslo_messaging_rabbit" is deprecated for removal. Its value may be silently ignored in the future.
2017-03-21 07:27:58.794 8642 INFO eventlet.wsgi.server [req-8feaf277-c53c-4e53-94bf-19842e1f49e7 - - - - -] 127.0.0.1 "GET /v1/nodes/a960e3ed-9e08-51e2-a4b4-29ea8fee5576 HTTP/1.1" status: 404 len: 485 time: 0.0097289
2017-03-21 07:28:02.293 8637 INFO eventlet.wsgi.server [req-72e293a7-21c9-48c5-9b96-66596cb88e84 - - - - -] 127.0.0.1 "GET /v1/nodes HTTP/1.1" status: 200 len: 1492 time: 0.0511401
2017-03-21 07:28:02.691 8637 INFO eventlet.wsgi.server [req-ce859fbc-f0b2-4bdb-8442-273f97d031ee - - - - -] 127.0.0.1 "POST /v1/nodes HTTP/1.1" status: 201 len: 1763 time: 4.0623691
2017-03-21 07:28:04.765 8642 INFO eventlet.wsgi.server [req-cd6c07ee-6679-4d19-bbc7-e8ca679aa2b8 - - - - -] 127.0.0.1 "POST /v1/nodes HTTP/1.1" status: 201 len: 1766 time: 5.9681909
2017-03-21 07:28:04.791 8642 INFO eventlet.wsgi.server [req-f77503d9-e6db-4113-9cf6-703249ae6919 - - - - -] 127.0.0.1 "POST /v1/nodes HTTP/1.1" status: 201 len: 1762 time: 6.0456598
2017-03-21 07:28:04.927 8637 INFO eventlet.wsgi.server [req-cb4f995a-6eca-47b2-a3ad-4a93446ceefd - - - - -] 127.0.0.1 "POST /v1/ports HTTP/1.1" status: 201 len: 829 time: 2.2320881
2017-03-21 07:28:05.053 8642 INFO eventlet.wsgi.server [req-248d5c5c-e8ed-4c31-b11c-2c8a2fbf6bd4 - - - - -] 127.0.0.1 "POST /v1/ports HTTP/1.1" status: 201 len: 829 time: 0.2828920
2017-03-21 07:28:05.058 8642 INFO eventlet.wsgi.server [req-28ddbdac-4bc6-436c-8087-9ec07b25c41b - - - - -] 127.0.0.1 "POST /v1/ports HTTP/1.1" status: 201 len: 829 time: 0.2604342
2017-03-21 07:28:08.635 8642 INFO eventlet.wsgi.server [req-e7785c36-5030-4e5d-b80c-68f4b7d07250 - - - - -] 127.0.0.1 "GET /v1/nodes/f7647c75-31e7-5dc3-be4d-1011a681070a HTTP/1.1" status: 200 len: 1708 time: 0.0180051
2017-03-21 07:28:08.652 8642 INFO eventlet.wsgi.server [req-bffe0c30-521d-4687-88d3-02bb120662c8 - - - - -] 127.0.0.1 "GET /v1/nodes/f7647c75-31e7-5dc3-be4d-1011a681070a HTTP/1.1" status: 200 len: 1708 time: 0.0151701
2017-03-21 07:28:08.927 8645 INFO eventlet.wsgi.server [req-81d4c413-a03f-4c91-bdb4-cce3b57315ed - - - - -] 127.0.0.1 "GET /v1/nodes/a960e3ed-9e08-51e2-a4b4-29ea8fee5576 HTTP/1.1" status: 200 len: 1682 time: 0.1345911
2017-03-21 07:28:08.944 8645 INFO eventlet.wsgi.server [req-f960bbe1-3a94-458e-8954-d79c25c78aa1 - - - - -] 127.0.0.1 "GET /v1/nodes/a960e3ed-9e08-51e2-a4b4-29ea8fee5576 HTTP/1.1" status: 200 len: 1682 time: 0.0128129
2017-03-21 07:28:08.974 8645 WARNING oslo_config.cfg [req-2007610f-11ed-4bc2-afb8-51f0e1125a21 - - - - -] Option "rabbit_userid" from group "DEFAULT" is deprecated. Use option "rabbit_userid" from group "oslo_messaging_rabbit".
2017-03-21 07:28:08.974 8645 WARNING oslo_config.cfg [req-2007610f-11ed-4bc2-afb8-51f0e1125a21 - - - - -] Option "rabbit_userid" from group "oslo_messaging_rabbit" is deprecated for removal. Its value may be silently ignored in the future.
2017-03-21 07:28:08.974 8645 WARNING oslo_config.cfg [req-2007610f-11ed-4bc2-afb8-51f0e1125a21 - - - - -] Option "rabbit_password" from group "DEFAULT" is deprecated. Use option "rabbit_password" from group "oslo_messaging_rabbit".
2017-03-21 07:28:08.974 8645 WARNING oslo_config.cfg [req-2007610f-11ed-4bc2-afb8-51f0e1125a21 - - - - -] Option "rabbit_password" from group "oslo_messaging_rabbit" is deprecated for removal. Its value may be silently ignored in the future.
2017-03-21 07:28:09.008 8642 INFO eventlet.wsgi.server [req-2c457d93-d9c0-4998-a715-44f353f810e3 - - - - -] 127.0.0.1 "PUT /v1/nodes/f7647c75-31e7-5dc3-be4d-1011a681070a/states/provision HTTP/1.1" status: 202 len: 383 time: 0.3547649
2017-03-21 07:28:09.036 8642 INFO eventlet.wsgi.server [req-d52b8629-e149-42c1-9fb0-c682f3630e17 - - - - -] 127.0.0.1 "GET /v1/nodes/f7647c75-31e7-5dc3-be4d-1011a681070a HTTP/1.1" status: 200 len: 1732 time: 0.0260150
2017-03-21 07:28:09.069 8638 INFO eventlet.wsgi.server [req-566c531c-9e3e-4bb4-b2b2-5959b1d63936 - - - - -] 127.0.0.1 "GET /v1/nodes/78544ab5-49df-5a83-acfa-2068ac465b21 HTTP/1.1" status: 200 len: 1709 time: 0.1896200
2017-03-21 07:28:09.100 8638 INFO eventlet.wsgi.server [req-fc6a8082-2b14-43be-bbc9-3ebd6d41ca72 - - - - -] 127.0.0.1 "GET /v1/nodes/78544ab5-49df-5a83-acfa-2068ac465b21 HTTP/1.1" status: 200 len: 1709 time: 0.0270841
2017-03-21 07:28:09.134 8638 WARNING oslo_config.cfg [req-126ad5b7-36fe-487f-bf24-7c315f1dea1e - - - - -] Option "rabbit_userid" from group "DEFAULT" is deprecated. Use option "rabbit_userid" from group "oslo_messaging_rabbit".
2017-03-21 07:28:09.134 8638 WARNING oslo_config.cfg [req-126ad5b7-36fe-487f-bf24-7c315f1dea1e - - - - -] Option "rabbit_userid" from group "oslo_messaging_rabbit" is deprecated for removal. Its value may be silently ignored in the future.
2017-03-21 07:28:09.135 8638 WARNING oslo_config.cfg [req-126ad5b7-36fe-487f-bf24-7c315f1dea1e - - - - -] Option "rabbit_password" from group "DEFAULT" is deprecated. Use option "rabbit_password" from group "oslo_messaging_rabbit".
2017-03-21 07:28:09.135 8638 WARNING oslo_config.cfg [req-126ad5b7-36fe-487f-bf24-7c315f1dea1e - - - - -] Option "rabbit_password" from group "oslo_messaging_rabbit" is deprecated for removal. Its value may be silently ignored in the future.
2017-03-21 07:28:09.167 8642 INFO eventlet.wsgi.server [req-1af931ec-d09c-4a65-b98e-e6c1b141876c - - - - -] 127.0.0.1 "PUT /v1/nodes/f7647c75-31e7-5dc3-be4d-1011a681070a/states/provision HTTP/1.1" status: 202 len: 383 time: 0.1284709
2017-03-21 07:28:09.194 8642 INFO eventlet.wsgi.server [req-4821f427-8244-4bc0-856a-13e0766317bc - - - - -] 127.0.0.1 "GET /v1/nodes/f7647c75-31e7-5dc3-be4d-1011a681070a HTTP/1.1" status: 200 len: 1763 time: 0.0251510
2017-03-21 07:28:09.200 8645 INFO eventlet.wsgi.server [req-2007610f-11ed-4bc2-afb8-51f0e1125a21 - - - - -] 127.0.0.1 "PUT /v1/nodes/a960e3ed-9e08-51e2-a4b4-29ea8fee5576/states/provision HTTP/1.1" status: 202 len: 383 time: 0.2528520
2017-03-21 07:28:09.217 8642 INFO eventlet.wsgi.server [req-cd3625fe-12ac-4fc4-8ba8-31a86f869833 - - - - -] 127.0.0.1 "GET /v1/nodes/f7647c75-31e7-5dc3-be4d-1011a681070a HTTP/1.1" status: 200 len: 1763 time: 0.0215452
2017-03-21 07:28:09.231 8645 INFO eventlet.wsgi.server [req-406e99f5-964e-4a55-a2a9-1c7c90a2a350 - - - - -] 127.0.0.1 "GET /v1/nodes/a960e3ed-9e08-51e2-a4b4-29ea8fee5576 HTTP/1.1" status: 200 len: 1729 time: 0.0278130
2017-03-21 07:28:09.300 8638 INFO eventlet.wsgi.server [req-126ad5b7-36fe-487f-bf24-7c315f1dea1e - - - - -] 127.0.0.1 "PUT /v1/nodes/78544ab5-49df-5a83-acfa-2068ac465b21/states/provision HTTP/1.1" status: 202 len: 383 time: 0.1979821
2017-03-21 07:28:09.331 8638 INFO eventlet.wsgi.server [req-6319c2e4-6086-49fa-b3fb-22e9dd7b6b5f - - - - -] 127.0.0.1 "GET /v1/nodes/78544ab5-49df-5a83-acfa-2068ac465b21 HTTP/1.1" status: 200 len: 1733 time: 0.0267789
2017-03-21 07:28:09.344 8644 INFO eventlet.wsgi.server [req-a46ef0eb-127d-4c79-9807-b8a88c267e33 - - - - -] 127.0.0.1 "GET /v1/nodes/f7647c75-31e7-5dc3-be4d-1011a681070a HTTP/1.1" status: 200 len: 1782 time: 0.1570258
2017-03-21 07:28:09.367 8644 WARNING oslo_config.cfg [req-d43ddc8e-12b8-443b-b530-cfd14aa04470 - - - - -] Option "rabbit_userid" from group "DEFAULT" is deprecated. Use option "rabbit_userid" from group "oslo_messaging_rabbit".
2017-03-21 07:28:09.367 8644 WARNING oslo_config.cfg [req-d43ddc8e-12b8-443b-b530-cfd14aa04470 - - - - -] Option "rabbit_userid" from group "oslo_messaging_rabbit" is deprecated for removal. Its value may be silently ignored in the future.
2017-03-21 07:28:09.367 8644 WARNING oslo_config.cfg [req-d43ddc8e-12b8-443b-b530-cfd14aa04470 - - - - -] Option "rabbit_password" from group "DEFAULT" is deprecated. Use option "rabbit_password" from group "oslo_messaging_rabbit".
2017-03-21 07:28:09.367 8644 WARNING oslo_config.cfg [req-d43ddc8e-12b8-443b-b530-cfd14aa04470 - - - - -] Option "rabbit_password" from group "oslo_messaging_rabbit" is deprecated for removal. Its value may be silently ignored in the future.
2017-03-21 07:28:09.383 8645 INFO eventlet.wsgi.server [req-311cccf2-9fff-4758-ad87-292b8ed84ec4 - - - - -] 127.0.0.1 "PUT /v1/nodes/a960e3ed-9e08-51e2-a4b4-29ea8fee5576/states/provision HTTP/1.1" status: 202 len: 383 time: 0.1481280
2017-03-21 07:28:09.407 8645 INFO eventlet.wsgi.server [req-0b3ec547-c396-44c8-b5ed-58e17e4fd886 - - - - -] 127.0.0.1 "GET /v1/nodes/a960e3ed-9e08-51e2-a4b4-29ea8fee5576 HTTP/1.1" status: 200 len: 1760 time: 0.0210359
2017-03-21 07:28:09.419 8644 INFO eventlet.wsgi.server [req-d43ddc8e-12b8-443b-b530-cfd14aa04470 - - - - -] 127.0.0.1 "GET /v1/nodes/f7647c75-31e7-5dc3-be4d-1011a681070a/validate HTTP/1.1" status: 200 len: 1081 time: 0.0714769
2017-03-21 07:28:09.429 8645 INFO eventlet.wsgi.server [req-3d008139-8a0e-4ab7-8b72-d82795c6ce92 - - - - -] 127.0.0.1 "GET /v1/nodes/a960e3ed-9e08-51e2-a4b4-29ea8fee5576 HTTP/1.1" status: 200 len: 1760 time: 0.0183439
2017-03-21 07:28:09.458 8638 INFO eventlet.wsgi.server [req-8b750b2b-2e7b-435b-8833-2d25d59e86f0 - - - - -] 127.0.0.1 "PUT /v1/nodes/78544ab5-49df-5a83-acfa-2068ac465b21/states/provision HTTP/1.1" status: 202 len: 383 time: 0.1236200
2017-03-21 07:28:09.482 8638 INFO eventlet.wsgi.server [req-f2e52bb4-9039-4ce8-ae5f-bb9d1b447ed7 - - - - -] 127.0.0.1 "GET /v1/nodes/78544ab5-49df-5a83-acfa-2068ac465b21 HTTP/1.1" status: 200 len: 1764 time: 0.0205939
2017-03-21 07:28:09.503 8638 INFO eventlet.wsgi.server [req-cb73f5df-0c63-4053-838f-3c9764a748f1 - - - - -] 127.0.0.1 "GET /v1/nodes/78544ab5-49df-5a83-acfa-2068ac465b21 HTTP/1.1" status: 200 len: 1764 time: 0.0175130
2017-03-21 07:28:09.574 8644 INFO eventlet.wsgi.server [req-83b25587-043a-4a7a-b29d-66310dd3d2ea - - - - -] 127.0.0.1 "GET /v1/nodes/f7647c75-31e7-5dc3-be4d-1011a681070a HTTP/1.1" status: 200 len: 1782 time: 0.0281360
2017-03-21 07:28:09.578 8645 INFO eventlet.wsgi.server [req-02e109a8-56e5-4697-8c18-673f33d3d5d9 - - - - -] 127.0.0.1 "GET /v1/nodes/a960e3ed-9e08-51e2-a4b4-29ea8fee5576 HTTP/1.1" status: 200 len: 1779 time: 0.0272539
2017-03-21 07:28:09.620 8644 INFO eventlet.wsgi.server [req-be805784-21ea-4e91-b758-402bc4781fcd - - - - -] 127.0.0.1 "GET /v1/nodes/f7647c75-31e7-5dc3-be4d-1011a681070a/ports HTTP/1.1" status: 200 len: 623 time: 0.0371411
2017-03-21 07:28:09.632 8645 INFO eventlet.wsgi.server [req-67da2de5-79e4-4c26-b73d-03b765448fc2 - - - - -] 127.0.0.1 "GET /v1/nodes/a960e3ed-9e08-51e2-a4b4-29ea8fee5576/validate HTTP/1.1" status: 200 len: 1081 time: 0.0490022
2017-03-21 07:28:09.801 8645 INFO eventlet.wsgi.server [req-17bc8a36-4770-4bb0-a90b-d6b76e2b241a - - - - -] 127.0.0.1 "GET /v1/nodes/a960e3ed-9e08-51e2-a4b4-29ea8fee5576 HTTP/1.1" status: 200 len: 1779 time: 0.0270679
2017-03-21 07:28:09.965 8635 INFO eventlet.wsgi.server [req-32a6936a-ccc8-4328-b825-6bd7970f3c30 - - - - -] 127.0.0.1 "GET /v1/nodes/78544ab5-49df-5a83-acfa-2068ac465b21 HTTP/1.1" status: 200 len: 1783 time: 0.1877470
2017-03-21 07:28:09.990 8635 WARNING oslo_config.cfg [req-d80b3829-e145-4ae2-9907-2e172772d789 - - - - -] Option "rabbit_userid" from group "DEFAULT" is deprecated. Use option "rabbit_userid" from group "oslo_messaging_rabbit".
2017-03-21 07:28:09.990 8635 WARNING oslo_config.cfg [req-d80b3829-e145-4ae2-9907-2e172772d789 - - - - -] Option "rabbit_userid" from group "oslo_messaging_rabbit" is deprecated for removal. Its value may be silently ignored in the future.
2017-03-21 07:28:09.990 8635 WARNING oslo_config.cfg [req-d80b3829-e145-4ae2-9907-2e172772d789 - - - - -] Option "rabbit_password" from group "DEFAULT" is deprecated. Use option "rabbit_password" from group "oslo_messaging_rabbit".
2017-03-21 07:28:09.991 8635 WARNING oslo_config.cfg [req-d80b3829-e145-4ae2-9907-2e172772d789 - - - - -] Option "rabbit_password" from group "oslo_messaging_rabbit" is deprecated for removal. Its value may be silently ignored in the future.
2017-03-21 07:28:10.061 8635 INFO eventlet.wsgi.server [req-d80b3829-e145-4ae2-9907-2e172772d789 - - - - -] 127.0.0.1 "GET /v1/nodes/78544ab5-49df-5a83-acfa-2068ac465b21/validate HTTP/1.1" status: 200 len: 1081 time: 0.0910492
2017-03-21 07:28:10.164 8635 INFO eventlet.wsgi.server [req-c0dba503-223a-49e2-93da-ffa421d93130 - - - - -] 127.0.0.1 "GET /v1/nodes/78544ab5-49df-5a83-acfa-2068ac465b21 HTTP/1.1" status: 200 len: 1783 time: 0.0203469
2017-03-21 07:28:11.250 8642 INFO eventlet.wsgi.server [req-62699501-1abf-4a2a-a3eb-f34cccdf6c10 - - - - -] 127.0.0.1 "GET /v1/nodes/f7647c75-31e7-5dc3-be4d-1011a681070a HTTP/1.1" status: 200 len: 1783 time: 0.0281980
2017-03-21 07:28:11.464 8645 INFO eventlet.wsgi.server [req-d78cafb1-31f0-485e-a797-3f0fe2ce97ca - - - - -] 127.0.0.1 "GET /v1/nodes/a960e3ed-9e08-51e2-a4b4-29ea8fee5576 HTTP/1.1" status: 200 len: 1760 time: 0.0289998
2017-03-21 07:28:11.538 8638 INFO eventlet.wsgi.server [req-f13e9e9e-dd57-4ef4-9ebb-5a92b5b1ea24 - - - - -] 127.0.0.1 "GET /v1/nodes/78544ab5-49df-5a83-acfa-2068ac465b21 HTTP/1.1" status: 200 len: 1764 time: 0.0290232
2017-03-21 07:28:13.286 8642 INFO eventlet.wsgi.server [req-e146a7bd-be72-45a1-8e15-924f6fca6296 - - - - -] 127.0.0.1 "GET /v1/nodes/f7647c75-31e7-5dc3-be4d-1011a681070a HTTP/1.1" status: 200 len: 1783 time: 0.0292370
2017-03-21 07:28:13.500 8645 INFO eventlet.wsgi.server [req-74a8fbf5-a1b5-422b-9b9e-c4fd19d1a5e0 - - - - -] 127.0.0.1 "GET /v1/nodes/a960e3ed-9e08-51e2-a4b4-29ea8fee5576 HTTP/1.1" status: 200 len: 1767 time: 0.0291200
2017-03-21 07:28:13.572 8638 INFO eventlet.wsgi.server [req-41153105-ae78-4404-9e8f-ef885455c0c9 - - - - -] 127.0.0.1 "GET /v1/nodes/78544ab5-49df-5a83-acfa-2068ac465b21 HTTP/1.1" status: 200 len: 1764 time: 0.0279679
2017-03-21 07:28:14.620 8645 INFO eventlet.wsgi.server [req-6ba8d439-866e-4fda-8252-7d071e2fc62d - - - - -] 127.0.0.1 "GET /v1/nodes/a960e3ed-9e08-51e2-a4b4-29ea8fee5576/ports HTTP/1.1" status: 200 len: 623 time: 0.0389910
2017-03-21 07:28:15.320 8642 INFO eventlet.wsgi.server [req-ade2728b-356b-486c-a148-b68f1de7afd6 - - - - -] 127.0.0.1 "GET /v1/nodes/f7647c75-31e7-5dc3-be4d-1011a681070a HTTP/1.1" status: 200 len: 1783 time: 0.0285349
2017-03-21 07:28:15.533 8645 INFO eventlet.wsgi.server [req-e57efb6e-3289-4837-91a1-17e3e6eda474 - - - - -] 127.0.0.1 "GET /v1/nodes/a960e3ed-9e08-51e2-a4b4-29ea8fee5576 HTTP/1.1" status: 200 len: 1787 time: 0.0267911
2017-03-21 07:28:15.603 8638 INFO eventlet.wsgi.server [req-47245037-fb7d-409e-b884-a9a6b15eb703 - - - - -] 127.0.0.1 "GET /v1/nodes/78544ab5-49df-5a83-acfa-2068ac465b21 HTTP/1.1" status: 200 len: 1764 time: 0.0246928
2017-03-21 07:28:17.354 8642 INFO eventlet.wsgi.server [req-7a38d99a-8b93-4265-be37-ffdc9ecd2ef1 - - - - -] 127.0.0.1 "GET /v1/nodes/f7647c75-31e7-5dc3-be4d-1011a681070a HTTP/1.1" status: 200 len: 1783 time: 0.0286891
2017-03-21 07:28:17.568 8645 INFO eventlet.wsgi.server [req-5825e0b2-4254-4afc-8ef3-8095e1bc77b5 - - - - -] 127.0.0.1 "GET /v1/nodes/a960e3ed-9e08-51e2-a4b4-29ea8fee5576 HTTP/1.1" status: 200 len: 1787 time: 0.0285721
2017-03-21 07:28:17.638 8638 INFO eventlet.wsgi.server [req-1a9de863-3d2f-4880-8c56-e0487e817984 - - - - -] 127.0.0.1 "GET /v1/nodes/78544ab5-49df-5a83-acfa-2068ac465b21 HTTP/1.1" status: 200 len: 1764 time: 0.0278869
2017-03-21 07:28:18.410 8644 INFO eventlet.wsgi.server [req-66555b4a-7f69-4bf8-9157-16b8062bb4a0 - - - - -] 127.0.0.1 "PUT /v1/nodes/f7647c75-31e7-5dc3-be4d-1011a681070a/management/boot_device HTTP/1.1" status: 204 len: 300 time: 8.7527490
2017-03-21 07:28:18.542 8644 INFO eventlet.wsgi.server [req-85741736-6b66-4fd7-b08a-401e55f8232c - - - - -] 127.0.0.1 "PUT /v1/nodes/f7647c75-31e7-5dc3-be4d-1011a681070a/states/power HTTP/1.1" status: 202 len: 384 time: 0.1278300
2017-03-21 07:28:19.387 8642 INFO eventlet.wsgi.server [req-d58a45eb-ef00-49b6-9b1a-1ae6ea4b22a7 - - - - -] 127.0.0.1 "GET /v1/nodes/f7647c75-31e7-5dc3-be4d-1011a681070a HTTP/1.1" status: 200 len: 1789 time: 0.0285330
2017-03-21 07:28:19.603 8635 INFO eventlet.wsgi.server [req-ac397f73-3d1d-4e44-9e18-6bf3fa5dfc54 - - - - -] 127.0.0.1 "GET /v1/nodes/78544ab5-49df-5a83-acfa-2068ac465b21/ports HTTP/1.1" status: 200 len: 623 time: 0.0229061
2017-03-21 07:28:19.605 8645 INFO eventlet.wsgi.server [req-9cca5661-8bd3-4a80-acca-eef5c0d875d1 - - - - -] 127.0.0.1 "GET /v1/nodes/a960e3ed-9e08-51e2-a4b4-29ea8fee5576 HTTP/1.1" status: 200 len: 1787 time: 0.0312202
2017-03-21 07:28:19.672 8638 INFO eventlet.wsgi.server [req-87aa8308-41db-4109-952d-c42e3792fa8e - - - - -] 127.0.0.1 "GET /v1/nodes/78544ab5-49df-5a83-acfa-2068ac465b21 HTTP/1.1" status: 200 len: 1764 time: 0.0273659
2017-03-21 07:28:21.426 8642 INFO eventlet.wsgi.server [req-f485a64a-ac47-46cd-85b5-a8271f293a39 - - - - -] 127.0.0.1 "GET /v1/nodes/f7647c75-31e7-5dc3-be4d-1011a681070a HTTP/1.1" status: 200 len: 1789 time: 0.0324261
2017-03-21 07:28:21.638 8645 INFO eventlet.wsgi.server [req-ac4a9e7c-76d5-4e94-945b-95bbb93a3e15 - - - - -] 127.0.0.1 "GET /v1/nodes/a960e3ed-9e08-51e2-a4b4-29ea8fee5576 HTTP/1.1" status: 200 len: 1787 time: 0.0268509
2017-03-21 07:28:21.708 8638 INFO eventlet.wsgi.server [req-96ec9a4f-edaa-4733-ad2c-da6794c3124e - - - - -] 127.0.0.1 "GET /v1/nodes/78544ab5-49df-5a83-acfa-2068ac465b21 HTTP/1.1" status: 200 len: 1784 time: 0.0295010
2017-03-21 07:28:23.458 8642 INFO eventlet.wsgi.server [req-f8156996-6656-423f-876b-fb41fd2181a2 - - - - -] 127.0.0.1 "GET /v1/nodes/f7647c75-31e7-5dc3-be4d-1011a681070a HTTP/1.1" status: 200 len: 1789 time: 0.0271909
2017-03-21 07:28:23.462 8645 INFO eventlet.wsgi.server [req-28309809-3720-46b8-8678-53ee57220a4b - - - - -] 127.0.0.1 "PUT /v1/nodes/a960e3ed-9e08-51e2-a4b4-29ea8fee5576/management/boot_device HTTP/1.1" status: 204 len: 300 time: 8.7659931
2017-03-21 07:28:23.618 8645 INFO eventlet.wsgi.server [req-4ea68dec-31ab-4975-84fa-b2fc83925e48 - - - - -] 127.0.0.1 "PUT /v1/nodes/a960e3ed-9e08-51e2-a4b4-29ea8fee5576/states/power HTTP/1.1" status: 202 len: 384 time: 0.1520841
2017-03-21 07:28:23.669 8645 INFO eventlet.wsgi.server [req-8fab3b52-787e-409c-be37-0cc876224eea - - - - -] 127.0.0.1 "GET /v1/nodes/a960e3ed-9e08-51e2-a4b4-29ea8fee5576 HTTP/1.1" status: 200 len: 1793 time: 0.0258210
2017-03-21 07:28:23.743 8638 INFO eventlet.wsgi.server [req-94607e27-88d1-4ed5-ad13-d813fb8accc3 - - - - -] 127.0.0.1 "GET /v1/nodes/78544ab5-49df-5a83-acfa-2068ac465b21 HTTP/1.1" status: 200 len: 1784 time: 0.0278699
2017-03-21 07:28:25.494 8642 INFO eventlet.wsgi.server [req-780f81b8-61e6-4f4b-aede-1522b22bdd01 - - - - -] 127.0.0.1 "GET /v1/nodes/f7647c75-31e7-5dc3-be4d-1011a681070a HTTP/1.1" status: 200 len: 1789 time: 0.0300150
2017-03-21 07:28:25.704 8645 INFO eventlet.wsgi.server [req-6991dd5e-9a17-409b-8762-df33dd3d7829 - - - - -] 127.0.0.1 "GET /v1/nodes/a960e3ed-9e08-51e2-a4b4-29ea8fee5576 HTTP/1.1" status: 200 len: 1793 time: 0.0295420
2017-03-21 07:28:25.778 8638 INFO eventlet.wsgi.server [req-1470a7ca-21c8-4076-bb3d-a3b3e8ef9ee5 - - - - -] 127.0.0.1 "GET /v1/nodes/78544ab5-49df-5a83-acfa-2068ac465b21 HTTP/1.1" status: 200 len: 1784 time: 0.0292261
2017-03-21 07:28:27.524 8642 INFO eventlet.wsgi.server [req-b415e374-ba30-4de3-aadd-aa373a633d86 - - - - -] 127.0.0.1 "GET /v1/nodes/f7647c75-31e7-5dc3-be4d-1011a681070a HTTP/1.1" status: 200 len: 1789 time: 0.0260801
2017-03-21 07:28:27.735 8645 INFO eventlet.wsgi.server [req-81cdc177-bbf6-4ba1-a8b3-d2897b0843af - - - - -] 127.0.0.1 "GET /v1/nodes/a960e3ed-9e08-51e2-a4b4-29ea8fee5576 HTTP/1.1" status: 200 len: 1793 time: 0.0281341
2017-03-21 07:28:27.810 8638 INFO eventlet.wsgi.server [req-b15c4a9b-5d7c-4607-aee5-391eb7f5e9a1 - - - - -] 127.0.0.1 "GET /v1/nodes/78544ab5-49df-5a83-acfa-2068ac465b21 HTTP/1.1" status: 200 len: 1784 time: 0.0265679
2017-03-21 07:28:28.802 8635 INFO eventlet.wsgi.server [req-9beec5d3-f32b-41b8-9d34-e69adab752c0 - - - - -] 127.0.0.1 "PUT /v1/nodes/78544ab5-49df-5a83-acfa-2068ac465b21/management/boot_device HTTP/1.1" status: 204 len: 300 time: 9.0730190
2017-03-21 07:28:29.093 8635 INFO eventlet.wsgi.server [req-e6f016af-6427-478f-9085-99bb87b56b76 - - - - -] 127.0.0.1 "PUT /v1/nodes/78544ab5-49df-5a83-acfa-2068ac465b21/states/power HTTP/1.1" status: 202 len: 384 time: 0.2864311
2017-03-21 07:28:29.544 8642 INFO eventlet.wsgi.server [req-5fbce476-7422-4164-9f02-3ad1457c92cf - - - - -] 127.0.0.1 "GET /v1/nodes/f7647c75-31e7-5dc3-be4d-1011a681070a HTTP/1.1" status: 200 len: 1789 time: 0.0146801
2017-03-21 07:28:29.769 8645 INFO eventlet.wsgi.server [req-11abb379-d0ad-48eb-93e5-cb45c46d97e6 - - - - -] 127.0.0.1 "GET /v1/nodes/a960e3ed-9e08-51e2-a4b4-29ea8fee5576 HTTP/1.1" status: 200 len: 1793 time: 0.0293579
2017-03-21 07:28:29.846 8638 INFO eventlet.wsgi.server [req-3012f87c-1e26-4a53-ba01-f181a9290f5f - - - - -] 127.0.0.1 "GET /v1/nodes/78544ab5-49df-5a83-acfa-2068ac465b21 HTTP/1.1" status: 200 len: 1790 time: 0.0293050
2017-03-21 07:28:31.583 8642 INFO eventlet.wsgi.server [req-ba4d7a54-862b-4dd9-b8b2-92e20ceaa42c - - - - -] 127.0.0.1 "GET /v1/nodes/f7647c75-31e7-5dc3-be4d-1011a681070a HTTP/1.1" status: 200 len: 1789 time: 0.0297320
2017-03-21 07:28:31.809 8645 INFO eventlet.wsgi.server [req-7c45fa33-9cd7-462a-99df-35627402ab97 - - - - -] 127.0.0.1 "GET /v1/nodes/a960e3ed-9e08-51e2-a4b4-29ea8fee5576 HTTP/1.1" status: 200 len: 1793 time: 0.0333490
2017-03-21 07:28:31.884 8638 INFO eventlet.wsgi.server [req-ded165a5-878b-4e3e-9618-067a27d63e1d - - - - -] 127.0.0.1 "GET /v1/nodes/78544ab5-49df-5a83-acfa-2068ac465b21 HTTP/1.1" status: 200 len: 1790 time: 0.0320740
2017-03-21 07:28:33.620 8642 INFO eventlet.wsgi.server [req-4b2e4e63-d89d-4cb2-98d3-5c542fcd8e5c - - - - -] 127.0.0.1 "GET /v1/nodes/f7647c75-31e7-5dc3-be4d-1011a681070a HTTP/1.1" status: 200 len: 1789 time: 0.0295970
2017-03-21 07:28:33.845 8645 INFO eventlet.wsgi.server [req-2ffb5460-a650-432e-87d1-c99b1b804568 - - - - -] 127.0.0.1 "GET /v1/nodes/a960e3ed-9e08-51e2-a4b4-29ea8fee5576 HTTP/1.1" status: 200 len: 1793 time: 0.0312300
2017-03-21 07:28:33.922 8638 INFO eventlet.wsgi.server [req-fc8dcb3b-bb06-4c0b-bf4f-9955f747106e - - - - -] 127.0.0.1 "GET /v1/nodes/78544ab5-49df-5a83-acfa-2068ac465b21 HTTP/1.1" status: 200 len: 1790 time: 0.0325999
2017-03-21 07:28:35.662 8642 INFO eventlet.wsgi.server [req-e01a0831-ca9d-43b9-bd88-44479e9b2014 - - - - -] 127.0.0.1 "GET /v1/nodes/f7647c75-31e7-5dc3-be4d-1011a681070a HTTP/1.1" status: 200 len: 1789 time: 0.0328851
2017-03-21 07:28:35.876 8645 INFO eventlet.wsgi.server [req-db23f566-831d-4fa4-8e7c-9be38ac3859f - - - - -] 127.0.0.1 "GET /v1/nodes/a960e3ed-9e08-51e2-a4b4-29ea8fee5576 HTTP/1.1" status: 200 len: 1793 time: 0.0243640
2017-03-21 07:28:35.958 8638 INFO eventlet.wsgi.server [req-8395904b-9c41-4029-a6df-62580f00f545 - - - - -] 127.0.0.1 "GET /v1/nodes/78544ab5-49df-5a83-acfa-2068ac465b21 HTTP/1.1" status: 200 len: 1790 time: 0.0287802
2017-03-21 07:28:37.696 8642 INFO eventlet.wsgi.server [req-0d0378bc-60cd-44a7-a2c1-e2a052cf419e - - - - -] 127.0.0.1 "GET /v1/nodes/f7647c75-31e7-5dc3-be4d-1011a681070a HTTP/1.1" status: 200 len: 1789 time: 0.0263731
2017-03-21 07:28:37.910 8645 INFO eventlet.wsgi.server [req-b979b95d-4497-4e55-8f41-0cd77a13b882 - - - - -] 127.0.0.1 "GET /v1/nodes/a960e3ed-9e08-51e2-a4b4-29ea8fee5576 HTTP/1.1" status: 200 len: 1793 time: 0.0283780
2017-03-21 07:28:37.994 8638 INFO eventlet.wsgi.server [req-48b38ed5-b76d-427f-80bc-16c22ce3bcdc - - - - -] 127.0.0.1 "GET /v1/nodes/78544ab5-49df-5a83-acfa-2068ac465b21 HTTP/1.1" status: 200 len: 1790 time: 0.0285070
2017-03-21 07:28:39.732 8642 INFO eventlet.wsgi.server [req-56e404ec-5440-4459-aff6-f8dc14815c5c - - - - -] 127.0.0.1 "GET /v1/nodes/f7647c75-31e7-5dc3-be4d-1011a681070a HTTP/1.1" status: 200 len: 1789 time: 0.0307190
2017-03-21 07:28:39.946 8645 INFO eventlet.wsgi.server [req-112583a8-6cc6-4cc3-b64b-ed20e86346cf - - - - -] 127.0.0.1 "GET /v1/nodes/a960e3ed-9e08-51e2-a4b4-29ea8fee5576 HTTP/1.1" status: 200 len: 1793 time: 0.0311239
2017-03-21 07:28:40.022 8638 INFO eventlet.wsgi.server [req-7f831851-f8b7-4fe5-b97b-d1d00477b8be - - - - -] 127.0.0.1 "GET /v1/nodes/78544ab5-49df-5a83-acfa-2068ac465b21 HTTP/1.1" status: 200 len: 1790 time: 0.0219970
2017-03-21 07:28:41.767 8642 INFO eventlet.wsgi.server [req-1b42a252-bd76-41a4-9fec-bb3bd3415755 - - - - -] 127.0.0.1 "GET /v1/nodes/f7647c75-31e7-5dc3-be4d-1011a681070a HTTP/1.1" status: 200 len: 1789 time: 0.0300460
2017-03-21 07:28:41.982 8645 INFO eventlet.wsgi.server [req-4b14527b-d35b-4358-a75a-5fe2d4a626da - - - - -] 127.0.0.1 "GET /v1/nodes/a960e3ed-9e08-51e2-a4b4-29ea8fee5576 HTTP/1.1" status: 200 len: 1793 time: 0.0298591
2017-03-21 07:28:42.055 8638 INFO eventlet.wsgi.server [req-80a1c6e0-5ff9-4c5e-9cc5-8d970f2ade5f - - - - -] 127.0.0.1 "GET /v1/nodes/78544ab5-49df-5a83-acfa-2068ac465b21 HTTP/1.1" status: 200 len: 1790 time: 0.0288548
2017-03-21 07:28:43.801 8642 INFO eventlet.wsgi.server [req-dfbaf7e7-07c2-4d0c-b8ca-ab1a080e62f3 - - - - -] 127.0.0.1 "GET /v1/nodes/f7647c75-31e7-5dc3-be4d-1011a681070a HTTP/1.1" status: 200 len: 1789 time: 0.0289800
2017-03-21 07:28:44.017 8645 INFO eventlet.wsgi.server [req-3a138580-d11a-41da-ab2a-f5d89374456a - - - - -] 127.0.0.1 "GET /v1/nodes/a960e3ed-9e08-51e2-a4b4-29ea8fee5576 HTTP/1.1" status: 200 len: 1793 time: 0.0302839
2017-03-21 07:28:44.090 8638 INFO eventlet.wsgi.server [req-ed60fa24-fbf7-49be-9937-914730afd3b4 - - - - -] 127.0.0.1 "GET /v1/nodes/78544ab5-49df-5a83-acfa-2068ac465b21 HTTP/1.1" status: 200 len: 1790 time: 0.0305009
2017-03-21 07:28:45.839 8642 INFO eventlet.wsgi.server [req-bb617d45-d1a9-403d-ab8d-4f7df696bf31 - - - - -] 127.0.0.1 "GET /v1/nodes/f7647c75-31e7-5dc3-be4d-1011a681070a HTTP/1.1" status: 200 len: 1762 time: 0.0315330
2017-03-21 07:28:46.054 8645 INFO eventlet.wsgi.server [req-a45521a6-cc79-4ed8-a35e-6efdfb1b68d0 - - - - -] 127.0.0.1 "GET /v1/nodes/a960e3ed-9e08-51e2-a4b4-29ea8fee5576 HTTP/1.1" status: 200 len: 1793 time: 0.0305631
2017-03-21 07:28:46.126 8638 INFO eventlet.wsgi.server [req-1cd56fb5-5237-40aa-8b71-82711b58dfa1 - - - - -] 127.0.0.1 "GET /v1/nodes/78544ab5-49df-5a83-acfa-2068ac465b21 HTTP/1.1" status: 200 len: 1790 time: 0.0305042
2017-03-21 07:28:47.875 8642 INFO eventlet.wsgi.server [req-5df48356-922c-4536-ac55-31aaecfeacc8 - - - - -] 127.0.0.1 "GET /v1/nodes/f7647c75-31e7-5dc3-be4d-1011a681070a HTTP/1.1" status: 200 len: 1762 time: 0.0292578
2017-03-21 07:28:48.092 8645 INFO eventlet.wsgi.server [req-43a3a25a-56cd-4b16-8123-83dec2a978ca - - - - -] 127.0.0.1 "GET /v1/nodes/a960e3ed-9e08-51e2-a4b4-29ea8fee5576 HTTP/1.1" status: 200 len: 1793 time: 0.0316119
2017-03-21 07:28:48.161 8638 INFO eventlet.wsgi.server [req-823dd872-94b8-42fd-ac67-ffbe0813c9e0 - - - - -] 127.0.0.1 "GET /v1/nodes/78544ab5-49df-5a83-acfa-2068ac465b21 HTTP/1.1" status: 200 len: 1790 time: 0.0293639
2017-03-21 07:28:49.911 8642 INFO eventlet.wsgi.server [req-4da4b386-0746-4cc0-846e-3e18c4ba1544 - - - - -] 127.0.0.1 "GET /v1/nodes/f7647c75-31e7-5dc3-be4d-1011a681070a HTTP/1.1" status: 200 len: 1762 time: 0.0302839
2017-03-21 07:28:50.133 8645 INFO eventlet.wsgi.server [req-2049c4b8-87aa-42e2-ac87-7e4535e5fffd - - - - -] 127.0.0.1 "GET /v1/nodes/a960e3ed-9e08-51e2-a4b4-29ea8fee5576 HTTP/1.1" status: 200 len: 1766 time: 0.0358050
2017-03-21 07:28:50.197 8638 INFO eventlet.wsgi.server [req-e507e789-0d46-45da-a7f2-af160683d3e3 - - - - -] 127.0.0.1 "GET /v1/nodes/78544ab5-49df-5a83-acfa-2068ac465b21 HTTP/1.1" status: 200 len: 1790 time: 0.0305080
2017-03-21 07:28:51.947 8642 INFO eventlet.wsgi.server [req-42f26e46-8a3e-415e-b83e-e3ba8b72fee4 - - - - -] 127.0.0.1 "GET /v1/nodes/f7647c75-31e7-5dc3-be4d-1011a681070a HTTP/1.1" status: 200 len: 1762 time: 0.0299962
2017-03-21 07:28:52.159 8645 INFO eventlet.wsgi.server [req-63c81b89-fedd-4ad5-99b1-5496adc396e0 - - - - -] 127.0.0.1 "GET /v1/nodes/a960e3ed-9e08-51e2-a4b4-29ea8fee5576 HTTP/1.1" status: 200 len: 1766 time: 0.0211430
2017-03-21 07:28:52.216 8638 INFO eventlet.wsgi.server [req-25e674a8-aecc-45c9-b142-5756ec1631b3 - - - - -] 127.0.0.1 "GET /v1/nodes/78544ab5-49df-5a83-acfa-2068ac465b21 HTTP/1.1" status: 200 len: 1790 time: 0.0162091
2017-03-21 07:28:53.982 8642 INFO eventlet.wsgi.server [req-4b80b171-692b-4729-a6d0-d55a58db6916 - - - - -] 127.0.0.1 "GET /v1/nodes/f7647c75-31e7-5dc3-be4d-1011a681070a HTTP/1.1" status: 200 len: 1762 time: 0.0303121
2017-03-21 07:28:54.195 8645 INFO eventlet.wsgi.server [req-f00bccd6-d907-4e1f-9fd1-5fd9cd27773a - - - - -] 127.0.0.1 "GET /v1/nodes/a960e3ed-9e08-51e2-a4b4-29ea8fee5576 HTTP/1.1" status: 200 len: 1766 time: 0.0305128
2017-03-21 07:28:54.251 8638 INFO eventlet.wsgi.server [req-2953ffe5-8c18-4086-8be2-f8a92538eba5 - - - - -] 127.0.0.1 "GET /v1/nodes/78544ab5-49df-5a83-acfa-2068ac465b21 HTTP/1.1" status: 200 len: 1790 time: 0.0291259
2017-03-21 07:28:56.021 8642 INFO eventlet.wsgi.server [req-83005a09-d626-411e-8be2-e51d1bc40d58 - - - - -] 127.0.0.1 "GET /v1/nodes/f7647c75-31e7-5dc3-be4d-1011a681070a HTTP/1.1" status: 200 len: 1762 time: 0.0335102
2017-03-21 07:28:56.218 8645 INFO eventlet.wsgi.server [req-f9f67c7a-b1cb-4ad4-970e-4444d84ca5b8 - - - - -] 127.0.0.1 "GET /v1/nodes/a960e3ed-9e08-51e2-a4b4-29ea8fee5576 HTTP/1.1" status: 200 len: 1766 time: 0.0196021
2017-03-21 07:28:56.288 8638 INFO eventlet.wsgi.server [req-be3c57d7-76d3-4d63-a5aa-0480e5193a3c - - - - -] 127.0.0.1 "GET /v1/nodes/78544ab5-49df-5a83-acfa-2068ac465b21 HTTP/1.1" status: 200 len: 1763 time: 0.0307581
2017-03-21 07:28:58.054 8642 INFO eventlet.wsgi.server [req-0b6aa1e8-b9d9-4ad5-a4b0-957197b17723 - - - - -] 127.0.0.1 "GET /v1/nodes/f7647c75-31e7-5dc3-be4d-1011a681070a HTTP/1.1" status: 200 len: 1762 time: 0.0273941
2017-03-21 07:28:58.240 8645 INFO eventlet.wsgi.server [req-65dfa078-5757-4241-a66c-e8d12442d1ef - - - - -] 127.0.0.1 "GET /v1/nodes/a960e3ed-9e08-51e2-a4b4-29ea8fee5576 HTTP/1.1" status: 200 len: 1766 time: 0.0183301
2017-03-21 07:28:58.323 8638 INFO eventlet.wsgi.server [req-000b274b-94c8-4803-b6f2-7c5fabc00089 - - - - -] 127.0.0.1 "GET /v1/nodes/78544ab5-49df-5a83-acfa-2068ac465b21 HTTP/1.1" status: 200 len: 1763 time: 0.0303268
2017-03-21 07:29:00.092 8642 INFO eventlet.wsgi.server [req-10519124-4a79-45a8-97fc-1fc89760db60 - - - - -] 127.0.0.1 "GET /v1/nodes/f7647c75-31e7-5dc3-be4d-1011a681070a HTTP/1.1" status: 200 len: 1762 time: 0.0329530
2017-03-21 07:29:00.269 8645 INFO eventlet.wsgi.server [req-bb6139e7-980b-4f57-92b5-30da9d4027dc - - - - -] 127.0.0.1 "GET /v1/nodes/a960e3ed-9e08-51e2-a4b4-29ea8fee5576 HTTP/1.1" status: 200 len: 1766 time: 0.0241499
2017-03-21 07:29:00.357 8638 INFO eventlet.wsgi.server [req-85c601c3-7b2f-4239-ac53-b48e8fda0357 - - - - -] 127.0.0.1 "GET /v1/nodes/78544ab5-49df-5a83-acfa-2068ac465b21 HTTP/1.1" status: 200 len: 1763 time: 0.0289991
2017-03-21 07:29:02.125 8642 INFO eventlet.wsgi.server [req-eeee70b9-d33f-4698-a3c7-494cd496e9b5 - - - - -] 127.0.0.1 "GET /v1/nodes/f7647c75-31e7-5dc3-be4d-1011a681070a HTTP/1.1" status: 200 len: 1762 time: 0.0279200
2017-03-21 07:29:02.318 8645 INFO eventlet.wsgi.server [req-9fd64992-218a-4d00-a02e-0054999f8d71 - - - - -] 127.0.0.1 "GET /v1/nodes HTTP/1.1" status: 200 len: 1513 time: 0.0718360
2017-03-21 07:29:02.338 8645 INFO eventlet.wsgi.server [req-e030b39d-f856-4c34-9d79-9ce9cfa7aa72 - - - - -] 127.0.0.1 "GET /v1/nodes/a960e3ed-9e08-51e2-a4b4-29ea8fee5576 HTTP/1.1" status: 200 len: 1766 time: 0.0539908
2017-03-21 07:29:02.378 8638 INFO eventlet.wsgi.server [req-a588bcc3-e298-40de-a984-ca76a4ef21a9 - - - - -] 127.0.0.1 "GET /v1/nodes/78544ab5-49df-5a83-acfa-2068ac465b21 HTTP/1.1" status: 200 len: 1763 time: 0.0183160
2017-03-21 07:29:04.162 8642 INFO eventlet.wsgi.server [req-3944560f-d5ea-426f-a6b5-9525df6ba507 - - - - -] 127.0.0.1 "GET /v1/nodes/f7647c75-31e7-5dc3-be4d-1011a681070a HTTP/1.1" status: 200 len: 1762 time: 0.0301919
2017-03-21 07:29:04.368 8645 INFO eventlet.wsgi.server [req-f35ea565-f8ad-4e74-a9a3-892f0c84dbfe - - - - -] 127.0.0.1 "GET /v1/nodes/a960e3ed-9e08-51e2-a4b4-29ea8fee5576 HTTP/1.1" status: 200 len: 1766 time: 0.0243490
2017-03-21 07:29:04.415 8638 INFO eventlet.wsgi.server [req-1ff556ba-d21a-41a2-b873-2c0c769eb366 - - - - -] 127.0.0.1 "GET /v1/nodes/78544ab5-49df-5a83-acfa-2068ac465b21 HTTP/1.1" status: 200 len: 1763 time: 0.0308218
2017-03-21 07:29:06.203 8642 INFO eventlet.wsgi.server [req-721d1cbc-f74c-4031-8617-5676fc832c34 - - - - -] 127.0.0.1 "GET /v1/nodes/f7647c75-31e7-5dc3-be4d-1011a681070a HTTP/1.1" status: 200 len: 1762 time: 0.0349021
2017-03-21 07:29:06.406 8645 INFO eventlet.wsgi.server [req-dc4f57ff-62c3-4891-88e3-b263c3213d77 - - - - -] 127.0.0.1 "GET /v1/nodes/a960e3ed-9e08-51e2-a4b4-29ea8fee5576 HTTP/1.1" status: 200 len: 1766 time: 0.0309989
2017-03-21 07:29:06.439 8638 INFO eventlet.wsgi.server [req-4f730ad8-3e53-470f-9e92-ba58bc027694 - - - - -] 127.0.0.1 "GET /v1/nodes/78544ab5-49df-5a83-acfa-2068ac465b21 HTTP/1.1" status: 200 len: 1763 time: 0.0185492
2017-03-21 07:29:08.241 8642 INFO eventlet.wsgi.server [req-aea21820-b7d9-4a28-99bd-b2306aa7f109 - - - - -] 127.0.0.1 "GET /v1/nodes/f7647c75-31e7-5dc3-be4d-1011a681070a HTTP/1.1" status: 200 len: 1762 time: 0.0313590
2017-03-21 07:29:08.441 8645 INFO eventlet.wsgi.server [req-591c0d00-b58f-416e-8422-2f8436f17637 - - - - -] 127.0.0.1 "GET /v1/nodes/a960e3ed-9e08-51e2-a4b4-29ea8fee5576 HTTP/1.1" status: 200 len: 1766 time: 0.0287321
2017-03-21 07:29:08.474 8638 INFO eventlet.wsgi.server [req-9452fb21-d09d-4fe5-b823-0be71c59abe1 - - - - -] 127.0.0.1 "GET /v1/nodes/78544ab5-49df-5a83-acfa-2068ac465b21 HTTP/1.1" status: 200 len: 1763 time: 0.0292811
2017-03-21 07:29:10.264 8642 INFO eventlet.wsgi.server [req-ecf5d79d-6209-4d74-9d23-26a7d6f46bee - - - - -] 127.0.0.1 "GET /v1/nodes/f7647c75-31e7-5dc3-be4d-1011a681070a HTTP/1.1" status: 200 len: 1762 time: 0.0188332
2017-03-21 07:29:10.478 8645 INFO eventlet.wsgi.server [req-92e344b8-45aa-46e3-b964-73f600455cf6 - - - - -] 127.0.0.1 "GET /v1/nodes/a960e3ed-9e08-51e2-a4b4-29ea8fee5576 HTTP/1.1" status: 200 len: 1766 time: 0.0299909
2017-03-21 07:29:10.513 8638 INFO eventlet.wsgi.server [req-14d40624-3083-4b43-b9ef-2b5b47d61c2b - - - - -] 127.0.0.1 "GET /v1/nodes/78544ab5-49df-5a83-acfa-2068ac465b21 HTTP/1.1" status: 200 len: 1763 time: 0.0346601
2017-03-21 07:29:11.821 8645 INFO eventlet.wsgi.server [req-7a2aa986-b926-4ed4-b832-34fba07cf4f3 - - - - -] 127.0.0.1 "GET /v1/nodes/f7647c75-31e7-5dc3-be4d-1011a681070a HTTP/1.1" status: 200 len: 1781 time: 0.0286021
2017-03-21 07:29:11.915 8645 INFO eventlet.wsgi.server [req-3ce3a157-bb37-43b7-a595-e820abf233d3 - - - - -] 127.0.0.1 "GET /v1/nodes/f7647c75-31e7-5dc3-be4d-1011a681070a/ports HTTP/1.1" status: 200 len: 623 time: 0.0351651
2017-03-21 07:29:12.127 8645 INFO eventlet.wsgi.server [req-725999b0-d046-491b-ab92-2366eae49e1a - - - - -] 127.0.0.1 "PATCH /v1/nodes/f7647c75-31e7-5dc3-be4d-1011a681070a HTTP/1.1" status: 200 len: 1781 time: 0.2063949
2017-03-21 07:29:12.300 8642 INFO eventlet.wsgi.server [req-c436197e-3fa5-421d-b312-c99e9e5b7d95 - - - - -] 127.0.0.1 "GET /v1/nodes/f7647c75-31e7-5dc3-be4d-1011a681070a HTTP/1.1" status: 200 len: 1812 time: 0.0308459
2017-03-21 07:29:12.328 8645 INFO eventlet.wsgi.server [req-2abebf69-d1de-47bd-b918-bc794b59444e - - - - -] 127.0.0.1 "PATCH /v1/nodes/f7647c75-31e7-5dc3-be4d-1011a681070a HTTP/1.1" status: 200 len: 1831 time: 0.1933069
2017-03-21 07:29:12.501 8645 INFO eventlet.wsgi.server [req-779515e9-55ab-4ada-9d6e-7973fbdc55ea - - - - -] 127.0.0.1 "GET /v1/nodes/a960e3ed-9e08-51e2-a4b4-29ea8fee5576 HTTP/1.1" status: 200 len: 1766 time: 0.0188870
2017-03-21 07:29:12.521 8641 WARNING oslo_config.cfg [req-05d8be37-e8b0-4dc1-8c01-386d25d8ab4d - - - - -] Option "rabbit_userid" from group "DEFAULT" is deprecated. Use option "rabbit_userid" from group "oslo_messaging_rabbit".
2017-03-21 07:29:12.522 8641 WARNING oslo_config.cfg [req-05d8be37-e8b0-4dc1-8c01-386d25d8ab4d - - - - -] Option "rabbit_userid" from group "oslo_messaging_rabbit" is deprecated for removal. Its value may be silently ignored in the future.
2017-03-21 07:29:12.522 8641 WARNING oslo_config.cfg [req-05d8be37-e8b0-4dc1-8c01-386d25d8ab4d - - - - -] Option "rabbit_password" from group "DEFAULT" is deprecated. Use option "rabbit_password" from group "oslo_messaging_rabbit".
2017-03-21 07:29:12.523 8641 WARNING oslo_config.cfg [req-05d8be37-e8b0-4dc1-8c01-386d25d8ab4d - - - - -] Option "rabbit_password" from group "oslo_messaging_rabbit" is deprecated for removal. Its value may be silently ignored in the future.
2017-03-21 07:29:12.546 8638 INFO eventlet.wsgi.server [req-2e342d45-b4ba-47d9-b1fe-cc17ffbfcd7c - - - - -] 127.0.0.1 "GET /v1/nodes/78544ab5-49df-5a83-acfa-2068ac465b21 HTTP/1.1" status: 200 len: 1763 time: 0.0277171
2017-03-21 07:29:12.733 8641 INFO eventlet.wsgi.server [req-05d8be37-e8b0-4dc1-8c01-386d25d8ab4d - - - - -] 127.0.0.1 "PUT /v1/nodes/f7647c75-31e7-5dc3-be4d-1011a681070a/states/power HTTP/1.1" status: 202 len: 384 time: 0.3768430
2017-03-21 07:29:14.336 8642 INFO eventlet.wsgi.server [req-a16da7bb-7f6b-4043-ade7-4b115f03725d - - - - -] 127.0.0.1 "GET /v1/nodes/f7647c75-31e7-5dc3-be4d-1011a681070a HTTP/1.1" status: 200 len: 1839 time: 0.0294440
2017-03-21 07:29:14.542 8645 INFO eventlet.wsgi.server [req-a509736e-3cfb-4fea-85e2-438e9afa36f5 - - - - -] 127.0.0.1 "GET /v1/nodes/a960e3ed-9e08-51e2-a4b4-29ea8fee5576 HTTP/1.1" status: 200 len: 1766 time: 0.0318830
2017-03-21 07:29:14.581 8638 INFO eventlet.wsgi.server [req-21a29024-a919-4069-bb57-544c49a5f5bd - - - - -] 127.0.0.1 "GET /v1/nodes/78544ab5-49df-5a83-acfa-2068ac465b21 HTTP/1.1" status: 200 len: 1763 time: 0.0295599
2017-03-21 07:29:16.373 8642 INFO eventlet.wsgi.server [req-9a828ba7-2798-4904-88a5-8c09a82f7f96 - - - - -] 127.0.0.1 "GET /v1/nodes/f7647c75-31e7-5dc3-be4d-1011a681070a HTTP/1.1" status: 200 len: 1839 time: 0.0311680
2017-03-21 07:29:16.580 8645 INFO eventlet.wsgi.server [req-1e91a03f-9714-4074-bea5-b4ba645d1c4b - - - - -] 127.0.0.1 "GET /v1/nodes/a960e3ed-9e08-51e2-a4b4-29ea8fee5576 HTTP/1.1" status: 200 len: 1766 time: 0.0313871
2017-03-21 07:29:16.617 8638 INFO eventlet.wsgi.server [req-294984f5-de35-4346-9003-04d8a0973894 - - - - -] 127.0.0.1 "GET /v1/nodes/78544ab5-49df-5a83-acfa-2068ac465b21 HTTP/1.1" status: 200 len: 1763 time: 0.0294969
2017-03-21 07:29:16.621 8645 INFO eventlet.wsgi.server [req-de04cfce-22eb-4ebb-9e73-080c220b9b5c - - - - -] 127.0.0.1 "GET /v1/nodes/a960e3ed-9e08-51e2-a4b4-29ea8fee5576 HTTP/1.1" status: 200 len: 1785 time: 0.0239220
