2017-03-21 09:04:36.357 32048 INFO eventlet.wsgi.server [req-b626214c-d79b-4d66-a7a0-5d04519005d5 - - - - -] 127.0.0.1 "GET /v1/nodes/f7647c75-31e7-5dc3-be4d-1011a681070a HTTP/1.1" status: 200 len: 1776 time: 0.0156701
2017-03-21 09:04:38.176 32043 INFO eventlet.wsgi.server [req-17854ffb-e1b5-400a-83ab-bcf4e4a3d336 - - - - -] 127.0.0.1 "GET /v1/nodes/a960e3ed-9e08-51e2-a4b4-29ea8fee5576 HTTP/1.1" status: 200 len: 1786 time: 0.0303700
2017-03-21 09:04:38.371 32048 INFO eventlet.wsgi.server [req-e001151d-02c1-491f-977e-a59bf43292a9 - - - - -] 127.0.0.1 "GET /v1/nodes/78544ab5-49df-5a83-acfa-2068ac465b21 HTTP/1.1" status: 200 len: 1757 time: 0.0298309
2017-03-21 09:04:38.400 32048 INFO eventlet.wsgi.server [req-3ee58627-5953-44e3-842a-bbfc5fef640e - - - - -] 127.0.0.1 "GET /v1/nodes/f7647c75-31e7-5dc3-be4d-1011a681070a HTTP/1.1" status: 200 len: 1776 time: 0.0275860
2017-03-21 09:04:38.440 32048 INFO eventlet.wsgi.server [req-6c978f75-d62c-4fdc-b2fc-54e5289e8584 - - - - -] 127.0.0.1 "GET /v1/nodes/78544ab5-49df-5a83-acfa-2068ac465b21/ports HTTP/1.1" status: 200 len: 623 time: 0.0389318
2017-03-21 09:04:38.798 32052 INFO eventlet.wsgi.server [req-f1390e15-d0c9-485a-8c2c-272d89c65736 - - - - -] 127.0.0.1 "PUT /v1/nodes/f7647c75-31e7-5dc3-be4d-1011a681070a/management/boot_device HTTP/1.1" status: 204 len: 300 time: 5.3367441
2017-03-21 09:04:38.980 32052 INFO eventlet.wsgi.server [req-5c60dd26-5d61-46fe-a1c2-f059d84d067a - - - - -] 127.0.0.1 "PUT /v1/nodes/f7647c75-31e7-5dc3-be4d-1011a681070a/states/power HTTP/1.1" status: 202 len: 384 time: 0.1768091
2017-03-21 09:04:40.215 32043 INFO eventlet.wsgi.server [req-b1254886-7d88-471c-8051-c93565442812 - - - - -] 127.0.0.1 "GET /v1/nodes/a960e3ed-9e08-51e2-a4b4-29ea8fee5576 HTTP/1.1" status: 200 len: 1786 time: 0.0322602
2017-03-21 09:04:40.407 32048 INFO eventlet.wsgi.server [req-1ad60f3c-f561-4e67-9140-bb399f64d1bd - - - - -] 127.0.0.1 "GET /v1/nodes/78544ab5-49df-5a83-acfa-2068ac465b21 HTTP/1.1" status: 200 len: 1777 time: 0.0320361
2017-03-21 09:04:40.433 32048 INFO eventlet.wsgi.server [req-c1c2c1e3-ac16-40ed-9c01-b712a8f83f83 - - - - -] 127.0.0.1 "GET /v1/nodes/f7647c75-31e7-5dc3-be4d-1011a681070a HTTP/1.1" status: 200 len: 1782 time: 0.0242221
2017-03-21 09:04:42.250 32043 INFO eventlet.wsgi.server [req-f23be98d-3df3-4dd6-b1c6-4aad80b2bc35 - - - - -] 127.0.0.1 "GET /v1/nodes/a960e3ed-9e08-51e2-a4b4-29ea8fee5576 HTTP/1.1" status: 200 len: 1786 time: 0.0304239
2017-03-21 09:04:42.440 32048 INFO eventlet.wsgi.server [req-8b28948e-ad37-45f5-9ade-989a3817ab0b - - - - -] 127.0.0.1 "GET /v1/nodes/78544ab5-49df-5a83-acfa-2068ac465b21 HTTP/1.1" status: 200 len: 1777 time: 0.0294371
2017-03-21 09:04:42.467 32048 INFO eventlet.wsgi.server [req-77c2c20f-4797-431d-94ac-d5cb16ce71bd - - - - -] 127.0.0.1 "GET /v1/nodes/f7647c75-31e7-5dc3-be4d-1011a681070a HTTP/1.1" status: 200 len: 1782 time: 0.0249431
2017-03-21 09:04:43.783 32048 INFO eventlet.wsgi.server [req-c4033d2b-298e-444b-8d06-b1f6925c55d4 - - - - -] 127.0.0.1 "PUT /v1/nodes/78544ab5-49df-5a83-acfa-2068ac465b21/management/boot_device HTTP/1.1" status: 204 len: 300 time: 5.3011410
2017-03-21 09:04:43.929 32048 INFO eventlet.wsgi.server [req-f5281e50-93db-4afa-9d0c-a228101ca13b - - - - -] 127.0.0.1 "PUT /v1/nodes/78544ab5-49df-5a83-acfa-2068ac465b21/states/power HTTP/1.1" status: 202 len: 384 time: 0.1425052
2017-03-21 09:04:44.286 32043 INFO eventlet.wsgi.server [req-66d11fee-8475-4877-a27e-315e063aafef - - - - -] 127.0.0.1 "GET /v1/nodes/a960e3ed-9e08-51e2-a4b4-29ea8fee5576 HTTP/1.1" status: 200 len: 1786 time: 0.0302191
2017-03-21 09:04:44.475 32048 INFO eventlet.wsgi.server [req-7c251c38-659b-4708-a174-2c965abc57ac - - - - -] 127.0.0.1 "GET /v1/nodes/78544ab5-49df-5a83-acfa-2068ac465b21 HTTP/1.1" status: 200 len: 1783 time: 0.0278099
2017-03-21 09:04:44.498 32048 INFO eventlet.wsgi.server [req-d0c13260-17bf-4116-a4d2-2d9dfd7ca226 - - - - -] 127.0.0.1 "GET /v1/nodes/f7647c75-31e7-5dc3-be4d-1011a681070a HTTP/1.1" status: 200 len: 1782 time: 0.0220101
2017-03-21 09:04:46.318 32043 INFO eventlet.wsgi.server [req-13cbe565-2df0-4b5d-8bc7-a77cc975ec02 - - - - -] 127.0.0.1 "GET /v1/nodes/a960e3ed-9e08-51e2-a4b4-29ea8fee5576 HTTP/1.1" status: 200 len: 1786 time: 0.0266340
2017-03-21 09:04:46.513 32048 INFO eventlet.wsgi.server [req-51695dba-5f10-43bd-b707-9106b058b4b3 - - - - -] 127.0.0.1 "GET /v1/nodes/78544ab5-49df-5a83-acfa-2068ac465b21 HTTP/1.1" status: 200 len: 1783 time: 0.0310550
2017-03-21 09:04:46.538 32048 INFO eventlet.wsgi.server [req-689a9549-63c8-4fe8-abad-344191b5162a - - - - -] 127.0.0.1 "GET /v1/nodes/f7647c75-31e7-5dc3-be4d-1011a681070a HTTP/1.1" status: 200 len: 1782 time: 0.0239630
2017-03-21 09:04:48.354 32043 INFO eventlet.wsgi.server [req-485e0689-67a4-4af6-8d39-6aff07df1301 - - - - -] 127.0.0.1 "GET /v1/nodes/a960e3ed-9e08-51e2-a4b4-29ea8fee5576 HTTP/1.1" status: 200 len: 1786 time: 0.0302589
2017-03-21 09:04:48.549 32048 INFO eventlet.wsgi.server [req-6f4554ac-a50d-4e72-93b0-b6ee70507c61 - - - - -] 127.0.0.1 "GET /v1/nodes/78544ab5-49df-5a83-acfa-2068ac465b21 HTTP/1.1" status: 200 len: 1783 time: 0.0308990
2017-03-21 09:04:48.575 32048 INFO eventlet.wsgi.server [req-815e16f2-6a27-4beb-8345-7d0cf24c13d1 - - - - -] 127.0.0.1 "GET /v1/nodes/f7647c75-31e7-5dc3-be4d-1011a681070a HTTP/1.1" status: 200 len: 1782 time: 0.0251641
2017-03-21 09:04:50.389 32043 INFO eventlet.wsgi.server [req-8c8126ef-8677-4133-aa4c-a7fb22f334e6 - - - - -] 127.0.0.1 "GET /v1/nodes/a960e3ed-9e08-51e2-a4b4-29ea8fee5576 HTTP/1.1" status: 200 len: 1786 time: 0.0299110
2017-03-21 09:04:50.584 32048 INFO eventlet.wsgi.server [req-03007c6b-694a-4dad-84c3-a140606ecea8 - - - - -] 127.0.0.1 "GET /v1/nodes/78544ab5-49df-5a83-acfa-2068ac465b21 HTTP/1.1" status: 200 len: 1783 time: 0.0288181
2017-03-21 09:04:50.610 32048 INFO eventlet.wsgi.server [req-f7e33ef6-0abd-41d9-bce2-20be01949fe9 - - - - -] 127.0.0.1 "GET /v1/nodes/f7647c75-31e7-5dc3-be4d-1011a681070a HTTP/1.1" status: 200 len: 1782 time: 0.0244260
2017-03-21 09:04:52.422 32043 INFO eventlet.wsgi.server [req-e3532c64-1c8a-4197-babd-09a5c12c38e3 - - - - -] 127.0.0.1 "GET /v1/nodes/a960e3ed-9e08-51e2-a4b4-29ea8fee5576 HTTP/1.1" status: 200 len: 1786 time: 0.0281050
2017-03-21 09:04:52.620 32048 INFO eventlet.wsgi.server [req-242b447a-0f0a-4160-a28e-896672ea9be6 - - - - -] 127.0.0.1 "GET /v1/nodes/78544ab5-49df-5a83-acfa-2068ac465b21 HTTP/1.1" status: 200 len: 1783 time: 0.0284920
2017-03-21 09:04:52.648 32048 INFO eventlet.wsgi.server [req-ad030853-4555-4f5e-ad77-594ae39bb056 - - - - -] 127.0.0.1 "GET /v1/nodes/f7647c75-31e7-5dc3-be4d-1011a681070a HTTP/1.1" status: 200 len: 1782 time: 0.0266161
2017-03-21 09:04:54.458 32043 INFO eventlet.wsgi.server [req-97b9a099-66b4-4a76-8a81-ef1df9c9b57c - - - - -] 127.0.0.1 "GET /v1/nodes/a960e3ed-9e08-51e2-a4b4-29ea8fee5576 HTTP/1.1" status: 200 len: 1786 time: 0.0312490
2017-03-21 09:04:54.650 32048 INFO eventlet.wsgi.server [req-68792d59-eeb3-4e7a-b74a-b67d45ca2a15 - - - - -] 127.0.0.1 "GET /v1/nodes/78544ab5-49df-5a83-acfa-2068ac465b21 HTTP/1.1" status: 200 len: 1783 time: 0.0247529
2017-03-21 09:04:54.680 32048 INFO eventlet.wsgi.server [req-5361c6ae-f525-47d8-8da7-342a24b6c92d - - - - -] 127.0.0.1 "GET /v1/nodes/f7647c75-31e7-5dc3-be4d-1011a681070a HTTP/1.1" status: 200 len: 1782 time: 0.0260432
2017-03-21 09:04:55.862 32045 INFO eventlet.wsgi.server [req-1de30128-8c5a-47c6-952f-550406e605a2 - - - - -] 127.0.0.1 "GET /v1/nodes HTTP/1.1" status: 200 len: 1495 time: 0.0446641
2017-03-21 09:04:56.491 32043 INFO eventlet.wsgi.server [req-9e4f59c2-3af5-4d81-bece-28636882de0c - - - - -] 127.0.0.1 "GET /v1/nodes/a960e3ed-9e08-51e2-a4b4-29ea8fee5576 HTTP/1.1" status: 200 len: 1786 time: 0.0282259
2017-03-21 09:04:56.665 32048 INFO eventlet.wsgi.server [req-1f4360a9-3291-4649-8eae-1403fdaf8bda - - - - -] 127.0.0.1 "GET /v1/nodes/78544ab5-49df-5a83-acfa-2068ac465b21 HTTP/1.1" status: 200 len: 1783 time: 0.0129869
2017-03-21 09:04:56.699 32048 INFO eventlet.wsgi.server [req-98b698cf-2031-4fc6-8b75-a8fc595607f5 - - - - -] 127.0.0.1 "GET /v1/nodes/f7647c75-31e7-5dc3-be4d-1011a681070a HTTP/1.1" status: 200 len: 1782 time: 0.0125492
2017-03-21 09:04:58.526 32043 INFO eventlet.wsgi.server [req-15fd1284-ef93-4045-ad14-2afb305c2065 - - - - -] 127.0.0.1 "GET /v1/nodes/a960e3ed-9e08-51e2-a4b4-29ea8fee5576 HTTP/1.1" status: 200 len: 1786 time: 0.0288970
2017-03-21 09:04:58.682 32048 INFO eventlet.wsgi.server [req-03497147-b7e7-4e07-a887-a9b57305863e - - - - -] 127.0.0.1 "GET /v1/nodes/78544ab5-49df-5a83-acfa-2068ac465b21 HTTP/1.1" status: 200 len: 1783 time: 0.0143430
2017-03-21 09:04:58.720 32048 INFO eventlet.wsgi.server [req-68ac8781-e977-406a-8e5f-4d36c933ff70 - - - - -] 127.0.0.1 "GET /v1/nodes/f7647c75-31e7-5dc3-be4d-1011a681070a HTTP/1.1" status: 200 len: 1782 time: 0.0143461
2017-03-21 09:05:00.564 32043 INFO eventlet.wsgi.server [req-bbd17979-7beb-4e79-a4cc-3b9e152306dc - - - - -] 127.0.0.1 "GET /v1/nodes/a960e3ed-9e08-51e2-a4b4-29ea8fee5576 HTTP/1.1" status: 200 len: 1786 time: 0.0302701
2017-03-21 09:05:00.699 32048 INFO eventlet.wsgi.server [req-28cde825-1d16-4633-a84b-eef4dcca12a0 - - - - -] 127.0.0.1 "GET /v1/nodes/78544ab5-49df-5a83-acfa-2068ac465b21 HTTP/1.1" status: 200 len: 1783 time: 0.0140531
2017-03-21 09:05:00.755 32048 INFO eventlet.wsgi.server [req-49090cb0-7c38-406f-9311-8503f59ef896 - - - - -] 127.0.0.1 "GET /v1/nodes/f7647c75-31e7-5dc3-be4d-1011a681070a HTTP/1.1" status: 200 len: 1782 time: 0.0289960
2017-03-21 09:05:02.600 32043 INFO eventlet.wsgi.server [req-8d38e2b8-22c4-49d6-b8a8-a581bced226c - - - - -] 127.0.0.1 "GET /v1/nodes/a960e3ed-9e08-51e2-a4b4-29ea8fee5576 HTTP/1.1" status: 200 len: 1766 time: 0.0302069
2017-03-21 09:05:02.716 32048 INFO eventlet.wsgi.server [req-209aa624-e096-4ea9-ac7f-c0fc1d543c0e - - - - -] 127.0.0.1 "GET /v1/nodes/78544ab5-49df-5a83-acfa-2068ac465b21 HTTP/1.1" status: 200 len: 1783 time: 0.0145199
2017-03-21 09:05:02.787 32048 INFO eventlet.wsgi.server [req-bb37c415-a934-4eb1-a710-48836d82cd08 - - - - -] 127.0.0.1 "GET /v1/nodes/f7647c75-31e7-5dc3-be4d-1011a681070a HTTP/1.1" status: 200 len: 1782 time: 0.0271289
2017-03-21 09:05:04.636 32043 INFO eventlet.wsgi.server [req-0377664b-ab90-4994-aaf9-988fe09d2d8c - - - - -] 127.0.0.1 "GET /v1/nodes/a960e3ed-9e08-51e2-a4b4-29ea8fee5576 HTTP/1.1" status: 200 len: 1766 time: 0.0303810
2017-03-21 09:05:04.750 32048 INFO eventlet.wsgi.server [req-df812ac8-c505-41c5-ad9f-aa4fc06d4270 - - - - -] 127.0.0.1 "GET /v1/nodes/78544ab5-49df-5a83-acfa-2068ac465b21 HTTP/1.1" status: 200 len: 1783 time: 0.0299811
2017-03-21 09:05:04.820 32048 INFO eventlet.wsgi.server [req-e723cd2d-831a-4360-b3e2-af7d4b149184 - - - - -] 127.0.0.1 "GET /v1/nodes/f7647c75-31e7-5dc3-be4d-1011a681070a HTTP/1.1" status: 200 len: 1782 time: 0.0284719
2017-03-21 09:05:06.654 32043 INFO eventlet.wsgi.server [req-ce4578d3-4893-4cec-a954-fa6a460bd0fa - - - - -] 127.0.0.1 "GET /v1/nodes/a960e3ed-9e08-51e2-a4b4-29ea8fee5576 HTTP/1.1" status: 200 len: 1766 time: 0.0148561
2017-03-21 09:05:06.784 32048 INFO eventlet.wsgi.server [req-41163367-a559-48d6-9df2-649937fbc31e - - - - -] 127.0.0.1 "GET /v1/nodes/78544ab5-49df-5a83-acfa-2068ac465b21 HTTP/1.1" status: 200 len: 1783 time: 0.0289688
2017-03-21 09:05:06.853 32048 INFO eventlet.wsgi.server [req-1bccb674-7391-4518-a8d4-39404e21dfec - - - - -] 127.0.0.1 "GET /v1/nodes/f7647c75-31e7-5dc3-be4d-1011a681070a HTTP/1.1" status: 200 len: 1762 time: 0.0284541
2017-03-21 09:05:08.685 32043 INFO eventlet.wsgi.server [req-5ec549fd-b3b0-4de7-9d69-3b3970494728 - - - - -] 127.0.0.1 "GET /v1/nodes/a960e3ed-9e08-51e2-a4b4-29ea8fee5576 HTTP/1.1" status: 200 len: 1766 time: 0.0257289
2017-03-21 09:05:08.819 32048 INFO eventlet.wsgi.server [req-68e041b9-3e58-48b3-af1b-b04cd8a572ba - - - - -] 127.0.0.1 "GET /v1/nodes/78544ab5-49df-5a83-acfa-2068ac465b21 HTTP/1.1" status: 200 len: 1783 time: 0.0300121
2017-03-21 09:05:08.887 32048 INFO eventlet.wsgi.server [req-d52cbc9e-fc64-45e2-b5f7-9195c7cb3b29 - - - - -] 127.0.0.1 "GET /v1/nodes/f7647c75-31e7-5dc3-be4d-1011a681070a HTTP/1.1" status: 200 len: 1762 time: 0.0290251
2017-03-21 09:05:10.721 32043 INFO eventlet.wsgi.server [req-00252eed-4a31-41ab-a308-2a32363a21d1 - - - - -] 127.0.0.1 "GET /v1/nodes/a960e3ed-9e08-51e2-a4b4-29ea8fee5576 HTTP/1.1" status: 200 len: 1766 time: 0.0303781
2017-03-21 09:05:10.855 32048 INFO eventlet.wsgi.server [req-d444a9c2-1e50-400b-9be7-d2de2960ac1f - - - - -] 127.0.0.1 "GET /v1/nodes/78544ab5-49df-5a83-acfa-2068ac465b21 HTTP/1.1" status: 200 len: 1783 time: 0.0288029
2017-03-21 09:05:10.917 32048 INFO eventlet.wsgi.server [req-1bdbfeb4-25d8-4c25-9cf1-57bdec341f60 - - - - -] 127.0.0.1 "GET /v1/nodes/f7647c75-31e7-5dc3-be4d-1011a681070a HTTP/1.1" status: 200 len: 1762 time: 0.0254509
2017-03-21 09:05:12.754 32043 INFO eventlet.wsgi.server [req-b0c3f643-f073-4c3f-8325-6b1d6ea3f3c4 - - - - -] 127.0.0.1 "GET /v1/nodes/a960e3ed-9e08-51e2-a4b4-29ea8fee5576 HTTP/1.1" status: 200 len: 1766 time: 0.0285659
2017-03-21 09:05:12.890 32048 INFO eventlet.wsgi.server [req-27414f89-0985-43b4-b5f6-39e9ebda8e2c - - - - -] 127.0.0.1 "GET /v1/nodes/78544ab5-49df-5a83-acfa-2068ac465b21 HTTP/1.1" status: 200 len: 1763 time: 0.0296891
2017-03-21 09:05:12.945 32048 INFO eventlet.wsgi.server [req-c30a0bc6-9feb-4f1a-9fb6-a002f59e9d55 - - - - -] 127.0.0.1 "GET /v1/nodes/f7647c75-31e7-5dc3-be4d-1011a681070a HTTP/1.1" status: 200 len: 1762 time: 0.0234849
2017-03-21 09:05:14.789 32043 INFO eventlet.wsgi.server [req-e761271c-81ab-4751-9fd9-a37c15058836 - - - - -] 127.0.0.1 "GET /v1/nodes/a960e3ed-9e08-51e2-a4b4-29ea8fee5576 HTTP/1.1" status: 200 len: 1766 time: 0.0298181
2017-03-21 09:05:14.922 32048 INFO eventlet.wsgi.server [req-69b9a89e-4099-41f1-9187-5b2944a03484 - - - - -] 127.0.0.1 "GET /v1/nodes/78544ab5-49df-5a83-acfa-2068ac465b21 HTTP/1.1" status: 200 len: 1763 time: 0.0272639
2017-03-21 09:05:14.971 32048 INFO eventlet.wsgi.server [req-83d6163a-222d-460f-9856-a4857386bb40 - - - - -] 127.0.0.1 "GET /v1/nodes/f7647c75-31e7-5dc3-be4d-1011a681070a HTTP/1.1" status: 200 len: 1762 time: 0.0223908
2017-03-21 09:05:16.824 32043 INFO eventlet.wsgi.server [req-a1f1de1f-7cbd-4826-89b4-fba120dafdfa - - - - -] 127.0.0.1 "GET /v1/nodes/a960e3ed-9e08-51e2-a4b4-29ea8fee5576 HTTP/1.1" status: 200 len: 1766 time: 0.0302131
2017-03-21 09:05:16.956 32048 INFO eventlet.wsgi.server [req-0ba68f01-aff8-43b2-bfdb-92fdf4cf7edd - - - - -] 127.0.0.1 "GET /v1/nodes/78544ab5-49df-5a83-acfa-2068ac465b21 HTTP/1.1" status: 200 len: 1763 time: 0.0291970
2017-03-21 09:05:17.000 32048 INFO eventlet.wsgi.server [req-cf7ddab1-97e1-4a09-a535-7c8de1479ada - - - - -] 127.0.0.1 "GET /v1/nodes/f7647c75-31e7-5dc3-be4d-1011a681070a HTTP/1.1" status: 200 len: 1762 time: 0.0245981
2017-03-21 09:05:18.859 32043 INFO eventlet.wsgi.server [req-3bde0a0c-6454-4c4d-b679-929c27e643f8 - - - - -] 127.0.0.1 "GET /v1/nodes/a960e3ed-9e08-51e2-a4b4-29ea8fee5576 HTTP/1.1" status: 200 len: 1766 time: 0.0304670
2017-03-21 09:05:18.993 32048 INFO eventlet.wsgi.server [req-23418252-5340-4b4b-803e-9d969da204f1 - - - - -] 127.0.0.1 "GET /v1/nodes/78544ab5-49df-5a83-acfa-2068ac465b21 HTTP/1.1" status: 200 len: 1763 time: 0.0318389
2017-03-21 09:05:19.027 32048 INFO eventlet.wsgi.server [req-0a5c3e96-afdd-4a24-bb99-fbadd3dc3165 - - - - -] 127.0.0.1 "GET /v1/nodes/f7647c75-31e7-5dc3-be4d-1011a681070a HTTP/1.1" status: 200 len: 1762 time: 0.0226741
2017-03-21 09:05:20.894 32043 INFO eventlet.wsgi.server [req-5fa35b2c-c791-4dce-b82d-4d82665e4216 - - - - -] 127.0.0.1 "GET /v1/nodes/a960e3ed-9e08-51e2-a4b4-29ea8fee5576 HTTP/1.1" status: 200 len: 1766 time: 0.0289841
2017-03-21 09:05:21.028 32048 INFO eventlet.wsgi.server [req-40169217-5275-433a-bfec-9c7dcf241367 - - - - -] 127.0.0.1 "GET /v1/nodes/78544ab5-49df-5a83-acfa-2068ac465b21 HTTP/1.1" status: 200 len: 1763 time: 0.0288861
2017-03-21 09:05:21.054 32048 INFO eventlet.wsgi.server [req-c47dea98-2f7d-4a87-a123-71182434420a - - - - -] 127.0.0.1 "GET /v1/nodes/f7647c75-31e7-5dc3-be4d-1011a681070a HTTP/1.1" status: 200 len: 1762 time: 0.0225351
2017-03-21 09:05:22.931 32043 INFO eventlet.wsgi.server [req-657ac35c-ccad-46de-ba6b-57ac6bde42d4 - - - - -] 127.0.0.1 "GET /v1/nodes/a960e3ed-9e08-51e2-a4b4-29ea8fee5576 HTTP/1.1" status: 200 len: 1766 time: 0.0312791
2017-03-21 09:05:23.066 32048 INFO eventlet.wsgi.server [req-0d1d4c1d-4d89-49fb-a2a3-635a2caf8b2b - - - - -] 127.0.0.1 "GET /v1/nodes/78544ab5-49df-5a83-acfa-2068ac465b21 HTTP/1.1" status: 200 len: 1763 time: 0.0324290
2017-03-21 09:05:23.089 32048 INFO eventlet.wsgi.server [req-4586c644-8e31-4a4c-8c7f-1e6ff9969b33 - - - - -] 127.0.0.1 "GET /v1/nodes/f7647c75-31e7-5dc3-be4d-1011a681070a HTTP/1.1" status: 200 len: 1762 time: 0.0226419
2017-03-21 09:05:24.971 32043 INFO eventlet.wsgi.server [req-b584ed19-baf5-4533-afa6-6d6b66a85ca4 - - - - -] 127.0.0.1 "GET /v1/nodes/a960e3ed-9e08-51e2-a4b4-29ea8fee5576 HTTP/1.1" status: 200 len: 1766 time: 0.0344541
2017-03-21 09:05:25.102 32048 INFO eventlet.wsgi.server [req-2231f05a-abda-4836-a2b6-2b106d8a227b - - - - -] 127.0.0.1 "GET /v1/nodes/78544ab5-49df-5a83-acfa-2068ac465b21 HTTP/1.1" status: 200 len: 1763 time: 0.0312090
2017-03-21 09:05:25.126 32048 INFO eventlet.wsgi.server [req-a025eaf8-b359-48f1-a1b2-5c98b6002394 - - - - -] 127.0.0.1 "GET /v1/nodes/f7647c75-31e7-5dc3-be4d-1011a681070a HTTP/1.1" status: 200 len: 1762 time: 0.0221891
2017-03-21 09:05:25.326 32052 INFO eventlet.wsgi.server [req-f799d44a-a5ed-4a6a-8473-64e457f26fc4 - - - - -] 127.0.0.1 "GET /v1/nodes/a960e3ed-9e08-51e2-a4b4-29ea8fee5576 HTTP/1.1" status: 200 len: 1785 time: 0.0165918
2017-03-21 09:05:25.818 32052 INFO eventlet.wsgi.server [req-e85a6c6a-e64d-4095-9862-5deb24dc58d3 - - - - -] 127.0.0.1 "GET /v1/nodes/a960e3ed-9e08-51e2-a4b4-29ea8fee5576/ports HTTP/1.1" status: 200 len: 623 time: 0.0256081
2017-03-21 09:05:26.349 32052 INFO eventlet.wsgi.server [req-f090a469-c19c-43e3-b8ed-99a119549ab8 - - - - -] 127.0.0.1 "PATCH /v1/nodes/a960e3ed-9e08-51e2-a4b4-29ea8fee5576 HTTP/1.1" status: 200 len: 1785 time: 0.5255001
2017-03-21 09:05:27.136 32043 INFO eventlet.wsgi.server [req-621ef8c3-75cc-45e6-9f0d-4b4aefd8a510 - - - - -] 127.0.0.1 "GET /v1/nodes/a960e3ed-9e08-51e2-a4b4-29ea8fee5576 HTTP/1.1" status: 200 len: 1836 time: 0.1595440
2017-03-21 09:05:27.139 32048 INFO eventlet.wsgi.server [req-f0baa64c-d331-4d93-ba83-e3a2c74011ca - - - - -] 127.0.0.1 "GET /v1/nodes/78544ab5-49df-5a83-acfa-2068ac465b21 HTTP/1.1" status: 200 len: 1763 time: 0.0315530
2017-03-21 09:05:27.166 32048 INFO eventlet.wsgi.server [req-3faa32c4-e950-4144-b0b3-d0a790ddb77f - - - - -] 127.0.0.1 "GET /v1/nodes/f7647c75-31e7-5dc3-be4d-1011a681070a HTTP/1.1" status: 200 len: 1762 time: 0.0256970
2017-03-21 09:05:27.395 32052 INFO eventlet.wsgi.server [req-0c69d026-c8ae-4aa5-a9fc-e824326c52d4 - - - - -] 127.0.0.1 "PATCH /v1/nodes/a960e3ed-9e08-51e2-a4b4-29ea8fee5576 HTTP/1.1" status: 200 len: 1835 time: 1.0370560
2017-03-21 09:05:27.642 32053 WARNING oslo_config.cfg [req-d3d1fffc-8b02-4fd7-a684-2aecc6400612 - - - - -] Option "rabbit_userid" from group "DEFAULT" is deprecated. Use option "rabbit_userid" from group "oslo_messaging_rabbit".
2017-03-21 09:05:27.642 32053 WARNING oslo_config.cfg [req-d3d1fffc-8b02-4fd7-a684-2aecc6400612 - - - - -] Option "rabbit_userid" from group "oslo_messaging_rabbit" is deprecated for removal. Its value may be silently ignored in the future.
2017-03-21 09:05:27.643 32053 WARNING oslo_config.cfg [req-d3d1fffc-8b02-4fd7-a684-2aecc6400612 - - - - -] Option "rabbit_password" from group "DEFAULT" is deprecated. Use option "rabbit_password" from group "oslo_messaging_rabbit".
2017-03-21 09:05:27.643 32053 WARNING oslo_config.cfg [req-d3d1fffc-8b02-4fd7-a684-2aecc6400612 - - - - -] Option "rabbit_password" from group "oslo_messaging_rabbit" is deprecated for removal. Its value may be silently ignored in the future.
2017-03-21 09:05:28.222 32053 INFO eventlet.wsgi.server [req-d3d1fffc-8b02-4fd7-a684-2aecc6400612 - - - - -] 127.0.0.1 "PUT /v1/nodes/a960e3ed-9e08-51e2-a4b4-29ea8fee5576/states/power HTTP/1.1" status: 202 len: 384 time: 0.7951279
2017-03-21 09:05:29.168 32043 INFO eventlet.wsgi.server [req-552de9fb-4aa5-4c94-94e7-c5d955eeb334 - - - - -] 127.0.0.1 "GET /v1/nodes/a960e3ed-9e08-51e2-a4b4-29ea8fee5576 HTTP/1.1" status: 200 len: 1843 time: 0.0269170
2017-03-21 09:05:29.179 32048 INFO eventlet.wsgi.server [req-1d96c4dd-e00f-451d-a465-8ac94fbf07b3 - - - - -] 127.0.0.1 "GET /v1/nodes/78544ab5-49df-5a83-acfa-2068ac465b21 HTTP/1.1" status: 200 len: 1763 time: 0.0340490
2017-03-21 09:05:29.207 32048 INFO eventlet.wsgi.server [req-48892d4e-53d0-4499-8d02-e72c993c5de3 - - - - -] 127.0.0.1 "GET /v1/nodes/f7647c75-31e7-5dc3-be4d-1011a681070a HTTP/1.1" status: 200 len: 1762 time: 0.0264840
2017-03-21 09:05:31.204 32043 INFO eventlet.wsgi.server [req-1d299ddf-a7a4-4a94-9945-063c2da8d3c2 - - - - -] 127.0.0.1 "GET /v1/nodes/a960e3ed-9e08-51e2-a4b4-29ea8fee5576 HTTP/1.1" status: 200 len: 1843 time: 0.0304492
2017-03-21 09:05:31.216 32048 INFO eventlet.wsgi.server [req-932ccc1a-11c7-4c1e-b5d4-4f1e8aa43249 - - - - -] 127.0.0.1 "GET /v1/nodes/78544ab5-49df-5a83-acfa-2068ac465b21 HTTP/1.1" status: 200 len: 1763 time: 0.0315108
2017-03-21 09:05:31.240 32048 INFO eventlet.wsgi.server [req-c0bc71cf-b4fa-4ee0-9613-a464e3a5bf5f - - - - -] 127.0.0.1 "GET /v1/nodes/f7647c75-31e7-5dc3-be4d-1011a681070a HTTP/1.1" status: 200 len: 1762 time: 0.0226171
2017-03-21 09:05:33.239 32043 INFO eventlet.wsgi.server [req-df6e19f1-9536-4065-9a61-e614379b5acc - - - - -] 127.0.0.1 "GET /v1/nodes/a960e3ed-9e08-51e2-a4b4-29ea8fee5576 HTTP/1.1" status: 200 len: 1843 time: 0.0303829
2017-03-21 09:05:33.254 32048 INFO eventlet.wsgi.server [req-9703d6bf-5289-4073-9145-6f7a98281e5d - - - - -] 127.0.0.1 "GET /v1/nodes/78544ab5-49df-5a83-acfa-2068ac465b21 HTTP/1.1" status: 200 len: 1763 time: 0.0320148
2017-03-21 09:05:33.288 32048 INFO eventlet.wsgi.server [req-00d34da4-1c4f-48aa-9612-f55ff6f19012 - - - - -] 127.0.0.1 "GET /v1/nodes/f7647c75-31e7-5dc3-be4d-1011a681070a HTTP/1.1" status: 200 len: 1762 time: 0.0327768
2017-03-21 09:05:35.093 32042 INFO eventlet.wsgi.server [req-5a4fe081-3137-4c78-8e1e-c35cf27c8116 - - - - -] 127.0.0.1 "GET /v1/nodes/f7647c75-31e7-5dc3-be4d-1011a681070a HTTP/1.1" status: 200 len: 1781 time: 0.0294628
2017-03-21 09:05:35.272 32043 INFO eventlet.wsgi.server [req-1759a930-2de4-4ca2-b4ae-ea347edf60a6 - - - - -] 127.0.0.1 "GET /v1/nodes/a960e3ed-9e08-51e2-a4b4-29ea8fee5576 HTTP/1.1" status: 200 len: 1843 time: 0.0259900
2017-03-21 09:05:35.288 32048 INFO eventlet.wsgi.server [req-6c587480-7941-4063-b394-5901641e43d0 - - - - -] 127.0.0.1 "GET /v1/nodes/78544ab5-49df-5a83-acfa-2068ac465b21 HTTP/1.1" status: 200 len: 1763 time: 0.0289810
2017-03-21 09:05:35.316 32048 INFO eventlet.wsgi.server [req-1512b1a9-0dfc-4116-85f4-22fcd9fd7c95 - - - - -] 127.0.0.1 "GET /v1/nodes/f7647c75-31e7-5dc3-be4d-1011a681070a HTTP/1.1" status: 200 len: 1762 time: 0.0230091
2017-03-21 09:05:35.381 32042 INFO eventlet.wsgi.server [req-63bf5218-4c89-4707-82c0-557764d6dad6 - - - - -] 127.0.0.1 "GET /v1/nodes/f7647c75-31e7-5dc3-be4d-1011a681070a/ports HTTP/1.1" status: 200 len: 623 time: 0.0396850
2017-03-21 09:05:35.419 32042 WARNING oslo_config.cfg [req-faf6b01c-cdad-4830-8753-28abd25a71e9 - - - - -] Option "rabbit_userid" from group "DEFAULT" is deprecated. Use option "rabbit_userid" from group "oslo_messaging_rabbit".
2017-03-21 09:05:35.419 32042 WARNING oslo_config.cfg [req-faf6b01c-cdad-4830-8753-28abd25a71e9 - - - - -] Option "rabbit_userid" from group "oslo_messaging_rabbit" is deprecated for removal. Its value may be silently ignored in the future.
2017-03-21 09:05:35.420 32042 WARNING oslo_config.cfg [req-faf6b01c-cdad-4830-8753-28abd25a71e9 - - - - -] Option "rabbit_password" from group "DEFAULT" is deprecated. Use option "rabbit_password" from group "oslo_messaging_rabbit".
2017-03-21 09:05:35.420 32042 WARNING oslo_config.cfg [req-faf6b01c-cdad-4830-8753-28abd25a71e9 - - - - -] Option "rabbit_password" from group "oslo_messaging_rabbit" is deprecated for removal. Its value may be silently ignored in the future.
2017-03-21 09:05:35.689 32042 INFO eventlet.wsgi.server [req-faf6b01c-cdad-4830-8753-28abd25a71e9 - - - - -] 127.0.0.1 "PATCH /v1/nodes/f7647c75-31e7-5dc3-be4d-1011a681070a HTTP/1.1" status: 200 len: 1781 time: 0.3013968
2017-03-21 09:05:36.105 32042 INFO eventlet.wsgi.server [req-e5fe9b32-ae11-4281-b7f9-6a3b2259bb62 - - - - -] 127.0.0.1 "PATCH /v1/nodes/f7647c75-31e7-5dc3-be4d-1011a681070a HTTP/1.1" status: 200 len: 1831 time: 0.4096451
2017-03-21 09:05:36.174 32044 WARNING oslo_config.cfg [req-2323fedb-88e2-4a12-acfb-9ad9837e7ab3 - - - - -] Option "rabbit_userid" from group "DEFAULT" is deprecated. Use option "rabbit_userid" from group "oslo_messaging_rabbit".
2017-03-21 09:05:36.175 32044 WARNING oslo_config.cfg [req-2323fedb-88e2-4a12-acfb-9ad9837e7ab3 - - - - -] Option "rabbit_userid" from group "oslo_messaging_rabbit" is deprecated for removal. Its value may be silently ignored in the future.
2017-03-21 09:05:36.175 32044 WARNING oslo_config.cfg [req-2323fedb-88e2-4a12-acfb-9ad9837e7ab3 - - - - -] Option "rabbit_password" from group "DEFAULT" is deprecated. Use option "rabbit_password" from group "oslo_messaging_rabbit".
2017-03-21 09:05:36.175 32044 WARNING oslo_config.cfg [req-2323fedb-88e2-4a12-acfb-9ad9837e7ab3 - - - - -] Option "rabbit_password" from group "oslo_messaging_rabbit" is deprecated for removal. Its value may be silently ignored in the future.
2017-03-21 09:05:36.683 32044 INFO eventlet.wsgi.server [req-2323fedb-88e2-4a12-acfb-9ad9837e7ab3 - - - - -] 127.0.0.1 "PUT /v1/nodes/f7647c75-31e7-5dc3-be4d-1011a681070a/states/power HTTP/1.1" status: 202 len: 384 time: 0.5493979
2017-03-21 09:05:37.316 32043 INFO eventlet.wsgi.server [req-3537e54f-22ff-4f51-a53e-c46128631e55 - - - - -] 127.0.0.1 "GET /v1/nodes/a960e3ed-9e08-51e2-a4b4-29ea8fee5576 HTTP/1.1" status: 200 len: 1843 time: 0.0360861
2017-03-21 09:05:37.327 32048 INFO eventlet.wsgi.server [req-d9c49f3c-a2f3-4d8f-839b-d09c00e84240 - - - - -] 127.0.0.1 "GET /v1/nodes/78544ab5-49df-5a83-acfa-2068ac465b21 HTTP/1.1" status: 200 len: 1763 time: 0.0332069
2017-03-21 09:05:37.353 32048 INFO eventlet.wsgi.server [req-a5ffba4f-06e0-4333-a767-46884bfded22 - - - - -] 127.0.0.1 "GET /v1/nodes/f7647c75-31e7-5dc3-be4d-1011a681070a HTTP/1.1" status: 200 len: 1839 time: 0.0253370
2017-03-21 09:05:38.016 32044 INFO eventlet.wsgi.server [req-fb115feb-763d-45d8-8349-79a2eec19891 - - - - -] 127.0.0.1 "GET /v1/nodes/78544ab5-49df-5a83-acfa-2068ac465b21 HTTP/1.1" status: 200 len: 1782 time: 0.0267301
2017-03-21 09:05:38.265 32044 INFO eventlet.wsgi.server [req-7de13960-be7c-41e4-8bf0-f00b74b34c76 - - - - -] 127.0.0.1 "GET /v1/nodes/78544ab5-49df-5a83-acfa-2068ac465b21/ports HTTP/1.1" status: 200 len: 623 time: 0.0430119
2017-03-21 09:05:39.341 32043 INFO eventlet.wsgi.server [req-ccf16009-989d-439d-9c9e-2e8a951c8cb4 - - - - -] 127.0.0.1 "GET /v1/nodes/a960e3ed-9e08-51e2-a4b4-29ea8fee5576 HTTP/1.1" status: 200 len: 1837 time: 0.0183959
2017-03-21 09:05:39.362 32048 INFO eventlet.wsgi.server [req-f9793fea-94e3-4187-bc7c-a80afd48f2b6 - - - - -] 127.0.0.1 "GET /v1/nodes/78544ab5-49df-5a83-acfa-2068ac465b21 HTTP/1.1" status: 200 len: 1763 time: 0.0301471
2017-03-21 09:05:39.385 32048 INFO eventlet.wsgi.server [req-9f799259-9c51-4953-a206-349bdb4263a7 - - - - -] 127.0.0.1 "GET /v1/nodes/f7647c75-31e7-5dc3-be4d-1011a681070a HTTP/1.1" status: 200 len: 1839 time: 0.0224619
2017-03-21 09:05:39.615 32044 INFO eventlet.wsgi.server [req-29be1265-1cbb-4dfa-a0d2-fdca619a734d - - - - -] 127.0.0.1 "PATCH /v1/nodes/78544ab5-49df-5a83-acfa-2068ac465b21 HTTP/1.1" status: 200 len: 1782 time: 1.3436701
2017-03-21 09:05:41.379 32043 INFO eventlet.wsgi.server [req-4c7fdf49-6017-453b-8ef0-6349a9526073 - - - - -] 127.0.0.1 "GET /v1/nodes/a960e3ed-9e08-51e2-a4b4-29ea8fee5576 HTTP/1.1" status: 200 len: 1817 time: 0.0303969
2017-03-21 09:05:41.397 32048 INFO eventlet.wsgi.server [req-e4fe87d3-e404-4051-93c4-ff54c0c09aaf - - - - -] 127.0.0.1 "GET /v1/nodes/78544ab5-49df-5a83-acfa-2068ac465b21 HTTP/1.1" status: 200 len: 1813 time: 0.0304110
2017-03-21 09:05:41.420 32048 INFO eventlet.wsgi.server [req-9ba96d53-0007-487e-bc89-459a6b91211e - - - - -] 127.0.0.1 "GET /v1/nodes/f7647c75-31e7-5dc3-be4d-1011a681070a HTTP/1.1" status: 200 len: 1839 time: 0.0216770
2017-03-21 09:05:41.471 32044 INFO eventlet.wsgi.server [req-bbd6cd70-ae06-470e-8aa1-f261d7d829e1 - - - - -] 127.0.0.1 "PATCH /v1/nodes/78544ab5-49df-5a83-acfa-2068ac465b21 HTTP/1.1" status: 200 len: 1832 time: 1.8496139
2017-03-21 09:05:41.639 32041 WARNING oslo_config.cfg [req-9936a3cf-d633-40cb-99fc-a74e52262a14 - - - - -] Option "rabbit_userid" from group "DEFAULT" is deprecated. Use option "rabbit_userid" from group "oslo_messaging_rabbit".
2017-03-21 09:05:41.639 32041 WARNING oslo_config.cfg [req-9936a3cf-d633-40cb-99fc-a74e52262a14 - - - - -] Option "rabbit_userid" from group "oslo_messaging_rabbit" is deprecated for removal. Its value may be silently ignored in the future.
2017-03-21 09:05:41.639 32041 WARNING oslo_config.cfg [req-9936a3cf-d633-40cb-99fc-a74e52262a14 - - - - -] Option "rabbit_password" from group "DEFAULT" is deprecated. Use option "rabbit_password" from group "oslo_messaging_rabbit".
2017-03-21 09:05:41.640 32041 WARNING oslo_config.cfg [req-9936a3cf-d633-40cb-99fc-a74e52262a14 - - - - -] Option "rabbit_password" from group "oslo_messaging_rabbit" is deprecated for removal. Its value may be silently ignored in the future.
2017-03-21 09:05:42.073 32041 INFO eventlet.wsgi.server [req-9936a3cf-d633-40cb-99fc-a74e52262a14 - - - - -] 127.0.0.1 "PUT /v1/nodes/78544ab5-49df-5a83-acfa-2068ac465b21/states/power HTTP/1.1" status: 202 len: 384 time: 0.5779090
2017-03-21 09:05:43.416 32043 INFO eventlet.wsgi.server [req-1cb1d58e-d09a-4e0a-93ae-e72424ec32d7 - - - - -] 127.0.0.1 "GET /v1/nodes/a960e3ed-9e08-51e2-a4b4-29ea8fee5576 HTTP/1.1" status: 200 len: 1817 time: 0.0308120
2017-03-21 09:05:43.433 32048 INFO eventlet.wsgi.server [req-35ddb353-bd09-4332-a02e-ff24f0481ead - - - - -] 127.0.0.1 "GET /v1/nodes/78544ab5-49df-5a83-acfa-2068ac465b21 HTTP/1.1" status: 200 len: 1840 time: 0.0304658
2017-03-21 09:05:43.456 32048 INFO eventlet.wsgi.server [req-763ebc29-abb1-4549-b583-73991cc165e3 - - - - -] 127.0.0.1 "GET /v1/nodes/f7647c75-31e7-5dc3-be4d-1011a681070a HTTP/1.1" status: 200 len: 1839 time: 0.0223489
2017-03-21 09:05:45.454 32043 INFO eventlet.wsgi.server [req-f041c085-1874-4f26-92ed-cfa0e4da0ba7 - - - - -] 127.0.0.1 "GET /v1/nodes/a960e3ed-9e08-51e2-a4b4-29ea8fee5576 HTTP/1.1" status: 200 len: 1817 time: 0.0317991
2017-03-21 09:05:45.459 32048 INFO eventlet.wsgi.server [req-1f9dd64a-148a-4919-8471-a6cddca5e25d - - - - -] 127.0.0.1 "GET /v1/nodes/78544ab5-49df-5a83-acfa-2068ac465b21 HTTP/1.1" status: 200 len: 1840 time: 0.0218680
2017-03-21 09:05:45.478 32048 INFO eventlet.wsgi.server [req-65516360-e07f-4aee-8fed-f73611f4f7cd - - - - -] 127.0.0.1 "GET /v1/nodes/f7647c75-31e7-5dc3-be4d-1011a681070a HTTP/1.1" status: 200 len: 1839 time: 0.0152221
2017-03-21 09:05:47.489 32043 INFO eventlet.wsgi.server [req-28281dba-b73e-42cc-b8ec-3ec35ba66fb7 - - - - -] 127.0.0.1 "GET /v1/nodes/a960e3ed-9e08-51e2-a4b4-29ea8fee5576 HTTP/1.1" status: 200 len: 1817 time: 0.0294621
2017-03-21 09:05:47.534 32048 INFO eventlet.wsgi.server [req-b3aca641-9b8c-4f4d-8d13-d38ed815fcdb - - - - -] 127.0.0.1 "GET /v1/nodes/78544ab5-49df-5a83-acfa-2068ac465b21 HTTP/1.1" status: 200 len: 1840 time: 0.0736039
2017-03-21 09:05:47.565 32048 INFO eventlet.wsgi.server [req-d4853939-8c4d-4dbf-b395-111daec23110 - - - - -] 127.0.0.1 "GET /v1/nodes/f7647c75-31e7-5dc3-be4d-1011a681070a HTTP/1.1" status: 200 len: 1839 time: 0.0288191
2017-03-21 09:05:49.527 32043 INFO eventlet.wsgi.server [req-39fda206-a571-4685-8b17-987cac6c9f4f - - - - -] 127.0.0.1 "GET /v1/nodes/a960e3ed-9e08-51e2-a4b4-29ea8fee5576 HTTP/1.1" status: 200 len: 1817 time: 0.0302260
2017-03-21 09:05:49.570 32048 INFO eventlet.wsgi.server [req-303b0933-e978-4a1b-a4f7-1450d62f09de - - - - -] 127.0.0.1 "GET /v1/nodes/78544ab5-49df-5a83-acfa-2068ac465b21 HTTP/1.1" status: 200 len: 1840 time: 0.0299690
2017-03-21 09:05:49.593 32048 INFO eventlet.wsgi.server [req-6dbb9952-fded-408a-b512-73acaf1f004b - - - - -] 127.0.0.1 "GET /v1/nodes/f7647c75-31e7-5dc3-be4d-1011a681070a HTTP/1.1" status: 200 len: 1813 time: 0.0220351
2017-03-21 09:05:51.562 32043 INFO eventlet.wsgi.server [req-99183786-8e76-4212-abab-c68731a8fd65 - - - - -] 127.0.0.1 "GET /v1/nodes/a960e3ed-9e08-51e2-a4b4-29ea8fee5576 HTTP/1.1" status: 200 len: 1817 time: 0.0287111
2017-03-21 09:05:51.604 32048 INFO eventlet.wsgi.server [req-f402a259-805f-4d0c-96a2-7baeceea10de - - - - -] 127.0.0.1 "GET /v1/nodes/78544ab5-49df-5a83-acfa-2068ac465b21 HTTP/1.1" status: 200 len: 1840 time: 0.0299921
2017-03-21 09:05:51.636 32048 INFO eventlet.wsgi.server [req-bec0c960-a812-4fd8-bd9d-26c951108c53 - - - - -] 127.0.0.1 "GET /v1/nodes/f7647c75-31e7-5dc3-be4d-1011a681070a HTTP/1.1" status: 200 len: 1813 time: 0.0295899
2017-03-21 09:05:53.592 32043 INFO eventlet.wsgi.server [req-a7d3269c-6e18-4dd7-89f6-8ac44d1f490b - - - - -] 127.0.0.1 "GET /v1/nodes/a960e3ed-9e08-51e2-a4b4-29ea8fee5576 HTTP/1.1" status: 200 len: 1817 time: 0.0247860
2017-03-21 09:05:53.641 32048 INFO eventlet.wsgi.server [req-83a233bf-65ce-46b5-ad4c-ca8a642ce757 - - - - -] 127.0.0.1 "GET /v1/nodes/78544ab5-49df-5a83-acfa-2068ac465b21 HTTP/1.1" status: 200 len: 1840 time: 0.0302899
2017-03-21 09:05:53.668 32048 INFO eventlet.wsgi.server [req-2364726a-7272-4483-b7d2-2e9ee3b96ba6 - - - - -] 127.0.0.1 "GET /v1/nodes/f7647c75-31e7-5dc3-be4d-1011a681070a HTTP/1.1" status: 200 len: 1813 time: 0.0252190
2017-03-21 09:05:55.627 32043 INFO eventlet.wsgi.server [req-5d3d81e2-8f52-40b9-8723-473f7925bbab - - - - -] 127.0.0.1 "GET /v1/nodes/a960e3ed-9e08-51e2-a4b4-29ea8fee5576 HTTP/1.1" status: 200 len: 1817 time: 0.0304639
2017-03-21 09:05:55.681 32048 INFO eventlet.wsgi.server [req-1f3623b9-666c-4cb4-8f23-c2eba118ecc6 - - - - -] 127.0.0.1 "GET /v1/nodes/78544ab5-49df-5a83-acfa-2068ac465b21 HTTP/1.1" status: 200 len: 1840 time: 0.0332999
2017-03-21 09:05:55.709 32048 INFO eventlet.wsgi.server [req-278334d4-bc23-496c-8c34-6f5fb0d44f3e - - - - -] 127.0.0.1 "GET /v1/nodes/f7647c75-31e7-5dc3-be4d-1011a681070a HTTP/1.1" status: 200 len: 1813 time: 0.0274169
2017-03-21 09:05:55.855 32046 INFO eventlet.wsgi.server [req-6bba27f4-dff1-472d-bb52-55fae06cbdc2 - - - - -] 127.0.0.1 "GET /v1/nodes HTTP/1.1" status: 200 len: 1515 time: 0.0334520
2017-03-21 09:05:57.662 32043 INFO eventlet.wsgi.server [req-303ee382-3d9e-4f35-b1c7-b09f51e36d04 - - - - -] 127.0.0.1 "GET /v1/nodes/a960e3ed-9e08-51e2-a4b4-29ea8fee5576 HTTP/1.1" status: 200 len: 1809 time: 0.0302391
2017-03-21 09:05:57.716 32048 INFO eventlet.wsgi.server [req-b8aea346-d273-4666-b52e-d2bc80b49c2d - - - - -] 127.0.0.1 "GET /v1/nodes/78544ab5-49df-5a83-acfa-2068ac465b21 HTTP/1.1" status: 200 len: 1834 time: 0.0298162
2017-03-21 09:05:57.745 32048 INFO eventlet.wsgi.server [req-dc8b6831-b9d4-475f-9878-7fd5ec752059 - - - - -] 127.0.0.1 "GET /v1/nodes/f7647c75-31e7-5dc3-be4d-1011a681070a HTTP/1.1" status: 200 len: 1813 time: 0.0273809
2017-03-21 09:05:58.435 32043 INFO eventlet.wsgi.server [req-a3f46cca-d9dc-4f23-b787-720a538781e7 - - - - -] 127.0.0.1 "PUT /v1/nodes/a960e3ed-9e08-51e2-a4b4-29ea8fee5576/states/provision HTTP/1.1" status: 202 len: 383 time: 0.7716122
2017-03-21 09:05:58.464 32043 INFO eventlet.wsgi.server [req-bc98ba85-8918-41f1-b95c-a9eb33eb7592 - - - - -] 127.0.0.1 "GET /v1/nodes/a960e3ed-9e08-51e2-a4b4-29ea8fee5576 HTTP/1.1" status: 200 len: 1828 time: 0.0279551
2017-03-21 09:05:59.753 32048 INFO eventlet.wsgi.server [req-bade0cde-7522-4646-80a7-91af6388f2b1 - - - - -] 127.0.0.1 "GET /v1/nodes/78544ab5-49df-5a83-acfa-2068ac465b21 HTTP/1.1" status: 200 len: 1806 time: 0.0316520
2017-03-21 09:05:59.785 32048 INFO eventlet.wsgi.server [req-5d2dfe13-2a32-4137-b0d2-72ace5cc69c5 - - - - -] 127.0.0.1 "GET /v1/nodes/f7647c75-31e7-5dc3-be4d-1011a681070a HTTP/1.1" status: 200 len: 1805 time: 0.0209961
2017-03-21 09:06:00.238 32048 INFO eventlet.wsgi.server [req-e48c9e3e-aa58-40ed-a1db-f10d2e2071b4 - - - - -] 127.0.0.1 "PUT /v1/nodes/78544ab5-49df-5a83-acfa-2068ac465b21/states/provision HTTP/1.1" status: 202 len: 383 time: 0.4841499
2017-03-21 09:06:00.274 32048 INFO eventlet.wsgi.server [req-c3692ed2-91b5-4f08-ad7c-a01d9f1b68da - - - - -] 127.0.0.1 "GET /v1/nodes/78544ab5-49df-5a83-acfa-2068ac465b21 HTTP/1.1" status: 200 len: 1825 time: 0.0323670
2017-03-21 09:06:00.281 32048 INFO eventlet.wsgi.server [req-265b168d-a7c7-4be1-a431-2f1d40fb5e12 - - - - -] 127.0.0.1 "PUT /v1/nodes/f7647c75-31e7-5dc3-be4d-1011a681070a/states/provision HTTP/1.1" status: 202 len: 383 time: 0.4848900
2017-03-21 09:06:00.313 32048 INFO eventlet.wsgi.server [req-58e19885-745c-42a9-af61-999d5450a1dc - - - - -] 127.0.0.1 "GET /v1/nodes/f7647c75-31e7-5dc3-be4d-1011a681070a HTTP/1.1" status: 200 len: 1824 time: 0.0271089
2017-03-21 09:06:05.179 32041 INFO eventlet.wsgi.server [req-ac599def-d860-49e8-8e0b-b912b20e4a48 - - - - -] 127.0.0.1 "GET /v1/nodes/78544ab5-49df-5a83-acfa-2068ac465b21 HTTP/1.1" status: 200 len: 1805 time: 0.0301909
2017-03-21 09:06:05.230 32053 INFO eventlet.wsgi.server [req-c1637123-63eb-4f23-b17e-833d68bab175 - - - - -] 127.0.0.1 "GET /v1/nodes/a960e3ed-9e08-51e2-a4b4-29ea8fee5576 HTTP/1.1" status: 200 len: 1808 time: 0.0162551
2017-03-21 09:06:05.254 32053 INFO eventlet.wsgi.server [req-a1b23c9c-33d8-4e36-af92-10064d40f0f9 - - - - -] 127.0.0.1 "GET /v1/nodes/f7647c75-31e7-5dc3-be4d-1011a681070a HTTP/1.1" status: 200 len: 1804 time: 0.0171621
2017-03-21 09:06:15.821 32044 INFO eventlet.wsgi.server [req-4caf5369-9236-47fb-84a9-724f76609f03 - - - - -] 127.0.0.1 "GET /v1/nodes/f7647c75-31e7-5dc3-be4d-1011a681070a HTTP/1.1" status: 200 len: 1804 time: 0.0169001
2017-03-21 09:06:15.920 32044 INFO eventlet.wsgi.server [req-1d1173b8-0f6b-43da-b8ab-663a060afe71 - - - - -] 127.0.0.1 "GET /v1/nodes/a960e3ed-9e08-51e2-a4b4-29ea8fee5576 HTTP/1.1" status: 200 len: 1808 time: 0.0142510
2017-03-21 09:06:16.076 32044 INFO eventlet.wsgi.server [req-13dda2c8-979a-45c3-9997-446d057422e7 - - - - -] 127.0.0.1 "GET /v1/nodes/78544ab5-49df-5a83-acfa-2068ac465b21 HTTP/1.1" status: 200 len: 1805 time: 0.0148308
2017-03-21 09:06:16.914 32044 INFO eventlet.wsgi.server [req-c168665a-b7bb-482b-97c5-8141e4ddcfac - - - - -] 127.0.0.1 "PATCH /v1/nodes/f7647c75-31e7-5dc3-be4d-1011a681070a HTTP/1.1" status: 200 len: 1969 time: 1.0911782
2017-03-21 09:06:16.943 32044 INFO eventlet.wsgi.server [req-2b1b6ead-0dbe-47cb-8899-8983fdcd9697 - - - - -] 127.0.0.1 "PATCH /v1/nodes/78544ab5-49df-5a83-acfa-2068ac465b21 HTTP/1.1" status: 200 len: 1970 time: 0.8647821
2017-03-21 09:06:16.953 32044 INFO eventlet.wsgi.server [req-63af6a5a-74a5-406c-9187-69d7b2499444 - - - - -] 127.0.0.1 "PATCH /v1/nodes/a960e3ed-9e08-51e2-a4b4-29ea8fee5576 HTTP/1.1" status: 200 len: 1973 time: 1.0311949
2017-03-21 09:06:17.106 32044 INFO eventlet.wsgi.server [req-9815afd7-4b9f-48e1-bf8a-424514962f8d - - - - -] 127.0.0.1 "GET /v1/nodes/78544ab5-49df-5a83-acfa-2068ac465b21/validate HTTP/1.1" status: 200 len: 656 time: 0.1521690
2017-03-21 09:06:17.108 32044 INFO eventlet.wsgi.server [req-a689f0e0-34c1-4abd-aeed-dc971d245e0d - - - - -] 127.0.0.1 "GET /v1/nodes/f7647c75-31e7-5dc3-be4d-1011a681070a/validate HTTP/1.1" status: 200 len: 656 time: 0.1892712
2017-03-21 09:06:17.136 32044 INFO eventlet.wsgi.server [req-2033ced4-2011-46d7-818f-31a27eab463e - - - - -] 127.0.0.1 "GET /v1/nodes/a960e3ed-9e08-51e2-a4b4-29ea8fee5576/validate HTTP/1.1" status: 200 len: 656 time: 0.1711879
2017-03-21 09:06:19.970 32044 INFO eventlet.wsgi.server [req-e121007a-629c-4be3-a9f1-d0d1198ad766 - - - - -] 127.0.0.1 "PUT /v1/nodes/78544ab5-49df-5a83-acfa-2068ac465b21/states/provision HTTP/1.1" status: 202 len: 383 time: 2.8600271
2017-03-21 09:06:20.000 32044 INFO eventlet.wsgi.server [req-64227ad9-bf47-4818-9fed-72e4e3797e82 - - - - -] 127.0.0.1 "GET /v1/nodes/78544ab5-49df-5a83-acfa-2068ac465b21 HTTP/1.1" status: 200 len: 2021 time: 0.0283370
2017-03-21 09:06:20.004 32044 INFO eventlet.wsgi.server [req-3b145004-d3e3-44ed-b567-f9588efd0ae5 - - - - -] 127.0.0.1 "PUT /v1/nodes/a960e3ed-9e08-51e2-a4b4-29ea8fee5576/states/provision HTTP/1.1" status: 202 len: 383 time: 2.8602371
2017-03-21 09:06:20.018 32044 INFO eventlet.wsgi.server [req-afe6cc80-2499-4ce6-8b13-b94ba2a1375c - - - - -] 127.0.0.1 "PUT /v1/nodes/f7647c75-31e7-5dc3-be4d-1011a681070a/states/provision HTTP/1.1" status: 202 len: 383 time: 2.8956330
2017-03-21 09:06:20.041 32044 INFO eventlet.wsgi.server [req-bf5f7d53-562c-4bc2-a671-3aff772700e0 - - - - -] 127.0.0.1 "GET /v1/nodes/a960e3ed-9e08-51e2-a4b4-29ea8fee5576 HTTP/1.1" status: 200 len: 2024 time: 0.0350931
2017-03-21 09:06:20.054 32044 INFO eventlet.wsgi.server [req-b49e9865-0c5f-49e9-b79c-b9b25d6b928b - - - - -] 127.0.0.1 "GET /v1/nodes/f7647c75-31e7-5dc3-be4d-1011a681070a HTTP/1.1" status: 200 len: 2020 time: 0.0289891
2017-03-21 09:06:55.861 32045 INFO eventlet.wsgi.server [req-078f31a7-f126-4ecb-9102-08cbe9a7df04 - - - - -] 127.0.0.1 "GET /v1/nodes HTTP/1.1" status: 200 len: 1513 time: 0.0352690
2017-03-21 09:07:26.571 32045 INFO eventlet.wsgi.server [req-ac33cb47-ba2a-4ba6-9ce8-2ec7cc1536e2 - - - - -] 192.168.122.37 "GET /v1/lookup?addresses=52%3A54%3A00%3Ad0%3A97%3Ab2 HTTP/1.1" status: 200 len: 1297 time: 0.0217490
2017-03-21 09:07:26.652 32045 INFO eventlet.wsgi.server [req-0953c446-34a6-4e99-a04c-ffd1be57404d - - - - -] 192.168.122.37 "POST /v1/heartbeat/a960e3ed-9e08-51e2-a4b4-29ea8fee5576 HTTP/1.1" status: 202 len: 298 time: 0.0665431
2017-03-21 09:07:27.095 32046 INFO eventlet.wsgi.server [req-3f419d3b-6183-4f06-ba0c-4e44038d04f3 - - - - -] 192.168.122.18 "GET /v1/lookup?addresses=52%3A54%3A00%3A0c%3Ac6%3A63 HTTP/1.1" status: 200 len: 1297 time: 0.0299401
2017-03-21 09:07:27.139 32046 WARNING oslo_config.cfg [req-c4c70e00-6285-4d3d-abee-9bc57f52744d - - - - -] Option "rabbit_userid" from group "DEFAULT" is deprecated. Use option "rabbit_userid" from group "oslo_messaging_rabbit".
2017-03-21 09:07:27.139 32046 WARNING oslo_config.cfg [req-c4c70e00-6285-4d3d-abee-9bc57f52744d - - - - -] Option "rabbit_userid" from group "oslo_messaging_rabbit" is deprecated for removal. Its value may be silently ignored in the future.
2017-03-21 09:07:27.139 32046 WARNING oslo_config.cfg [req-c4c70e00-6285-4d3d-abee-9bc57f52744d - - - - -] Option "rabbit_password" from group "DEFAULT" is deprecated. Use option "rabbit_password" from group "oslo_messaging_rabbit".
2017-03-21 09:07:27.140 32046 WARNING oslo_config.cfg [req-c4c70e00-6285-4d3d-abee-9bc57f52744d - - - - -] Option "rabbit_password" from group "oslo_messaging_rabbit" is deprecated for removal. Its value may be silently ignored in the future.
2017-03-21 09:07:27.201 32047 INFO eventlet.wsgi.server [req-06565633-59b9-4524-a708-541ba047f730 - - - - -] 192.168.122.221 "GET /v1/lookup?addresses=52%3A54%3A00%3Ac9%3Ae4%3A69 HTTP/1.1" status: 200 len: 1297 time: 0.2089980
2017-03-21 09:07:27.211 32046 INFO eventlet.wsgi.server [req-c4c70e00-6285-4d3d-abee-9bc57f52744d - - - - -] 192.168.122.18 "POST /v1/heartbeat/f7647c75-31e7-5dc3-be4d-1011a681070a HTTP/1.1" status: 202 len: 298 time: 0.1019211
2017-03-21 09:07:27.244 32047 WARNING oslo_config.cfg [req-1491a55b-e5df-40f2-9f02-3873fd9e9e50 - - - - -] Option "rabbit_userid" from group "DEFAULT" is deprecated. Use option "rabbit_userid" from group "oslo_messaging_rabbit".
2017-03-21 09:07:27.244 32047 WARNING oslo_config.cfg [req-1491a55b-e5df-40f2-9f02-3873fd9e9e50 - - - - -] Option "rabbit_userid" from group "oslo_messaging_rabbit" is deprecated for removal. Its value may be silently ignored in the future.
2017-03-21 09:07:27.245 32047 WARNING oslo_config.cfg [req-1491a55b-e5df-40f2-9f02-3873fd9e9e50 - - - - -] Option "rabbit_password" from group "DEFAULT" is deprecated. Use option "rabbit_password" from group "oslo_messaging_rabbit".
2017-03-21 09:07:27.245 32047 WARNING oslo_config.cfg [req-1491a55b-e5df-40f2-9f02-3873fd9e9e50 - - - - -] Option "rabbit_password" from group "oslo_messaging_rabbit" is deprecated for removal. Its value may be silently ignored in the future.
2017-03-21 09:07:27.328 32047 INFO eventlet.wsgi.server [req-1491a55b-e5df-40f2-9f02-3873fd9e9e50 - - - - -] 192.168.122.221 "POST /v1/heartbeat/78544ab5-49df-5a83-acfa-2068ac465b21 HTTP/1.1" status: 202 len: 298 time: 0.1069040
2017-03-21 09:07:55.886 32045 INFO eventlet.wsgi.server [req-2c80dc53-b3af-4c91-b90e-267f9ea92273 - - - - -] 127.0.0.1 "GET /v1/nodes HTTP/1.1" status: 200 len: 1525 time: 0.0611620
2017-03-21 09:08:12.541 32045 INFO eventlet.wsgi.server [req-828dc5d6-2e97-48d8-b751-111a4da870a6 - - - - -] 192.168.122.37 "POST /v1/heartbeat/a960e3ed-9e08-51e2-a4b4-29ea8fee5576 HTTP/1.1" status: 202 len: 298 time: 0.0780931
2017-03-21 09:08:25.770 32046 INFO eventlet.wsgi.server [req-80e486ed-2c35-4037-b911-4f44b8cb91ee - - - - -] 192.168.122.18 "POST /v1/heartbeat/f7647c75-31e7-5dc3-be4d-1011a681070a HTTP/1.1" status: 202 len: 298 time: 0.0828600
2017-03-21 09:08:27.607 32047 INFO eventlet.wsgi.server [req-2dff7410-156f-4918-a839-ac33a9d3fed1 - - - - -] 192.168.122.221 "POST /v1/heartbeat/78544ab5-49df-5a83-acfa-2068ac465b21 HTTP/1.1" status: 202 len: 298 time: 1.8332732
2017-03-21 09:08:27.667 32045 INFO eventlet.wsgi.server [req-b10b3b7a-e6fc-4283-b9af-1bf9544e386f - - - - -] 192.168.122.37 "POST /v1/heartbeat/a960e3ed-9e08-51e2-a4b4-29ea8fee5576 HTTP/1.1" status: 202 len: 298 time: 0.0650680
2017-03-21 09:08:45.060 32046 INFO eventlet.wsgi.server [req-4add0603-203f-41c7-b4f7-53500b4ff8c6 - - - - -] 192.168.122.18 "POST /v1/heartbeat/f7647c75-31e7-5dc3-be4d-1011a681070a HTTP/1.1" status: 202 len: 298 time: 0.0470910
2017-03-21 09:08:46.998 32047 INFO eventlet.wsgi.server [req-b8ce4306-eb03-4729-a4bc-466e354f0377 - - - - -] 192.168.122.221 "POST /v1/heartbeat/78544ab5-49df-5a83-acfa-2068ac465b21 HTTP/1.1" status: 202 len: 298 time: 0.0645730
2017-03-21 09:08:55.892 32045 INFO eventlet.wsgi.server [req-ae6ec7a3-81db-4210-9e42-4267a0d9c08d - - - - -] 127.0.0.1 "GET /v1/nodes HTTP/1.1" status: 200 len: 1510 time: 0.0607269
2017-03-21 09:09:56.117 32045 INFO eventlet.wsgi.server [req-bcb89795-82f5-4a38-8160-93c24caadb08 - - - - -] 127.0.0.1 "GET /v1/nodes HTTP/1.1" status: 200 len: 1501 time: 0.2797220
2017-03-21 09:10:55.910 32044 INFO eventlet.wsgi.server [req-16409009-8484-48ba-8589-a081ccf2a684 - - - - -] 127.0.0.1 "GET /v1/nodes HTTP/1.1" status: 200 len: 1501 time: 0.0717900
2017-03-21 09:11:55.908 32044 INFO eventlet.wsgi.server [req-406f3960-cb63-4250-9958-7df9485f7982 - - - - -] 127.0.0.1 "GET /v1/nodes HTTP/1.1" status: 200 len: 1501 time: 0.0679739
2017-03-21 09:12:55.903 32044 INFO eventlet.wsgi.server [req-0fbc1baf-e3c1-416e-8cee-8cec4b16a1f6 - - - - -] 127.0.0.1 "GET /v1/nodes HTTP/1.1" status: 200 len: 1501 time: 0.0647171
2017-03-21 09:13:55.916 32042 INFO eventlet.wsgi.server [req-8f016c75-2633-4be0-bba3-4ae47b30f0a0 - - - - -] 127.0.0.1 "GET /v1/nodes HTTP/1.1" status: 200 len: 1501 time: 0.0692391
2017-03-21 09:14:55.915 32046 INFO eventlet.wsgi.server [req-91594e50-6fe5-43e6-8fac-8f4d368756a4 - - - - -] 127.0.0.1 "GET /v1/nodes HTTP/1.1" status: 200 len: 1501 time: 0.0673289
2017-03-21 09:15:55.917 32044 INFO eventlet.wsgi.server [req-8fd1feb2-e7b0-4926-8919-4cbf853964e2 - - - - -] 127.0.0.1 "GET /v1/nodes HTTP/1.1" status: 200 len: 1501 time: 0.0688560
2017-03-21 09:16:55.915 32039 INFO eventlet.wsgi.server [req-2244becf-d665-46db-80d6-799718cd7d6f - - - - -] 127.0.0.1 "GET /v1/nodes HTTP/1.1" status: 200 len: 1501 time: 0.0638912
2017-03-21 09:17:55.922 32039 INFO eventlet.wsgi.server [req-dfe81c06-7beb-41dd-b1af-a8980f0f543c - - - - -] 127.0.0.1 "GET /v1/nodes HTTP/1.1" status: 200 len: 1501 time: 0.0672841
2017-03-21 09:18:55.924 32041 INFO eventlet.wsgi.server [req-b0479fc9-f2e4-4dec-b17a-3b5ae3d50026 - - - - -] 127.0.0.1 "GET /v1/nodes HTTP/1.1" status: 200 len: 1501 time: 0.0676188
2017-03-21 09:19:37.196 32041 INFO oslo.service.wsgi [-] Stopping WSGI server.
2017-03-21 09:19:37.196 32046 INFO oslo.service.wsgi [-] Stopping WSGI server.
2017-03-21 09:19:37.196 32042 INFO oslo.service.wsgi [-] Stopping WSGI server.
2017-03-21 09:19:37.196 32045 INFO oslo.service.wsgi [-] Stopping WSGI server.
2017-03-21 09:19:37.197 32041 INFO eventlet.wsgi.server [-] (32041) wsgi exited, is_accepting=True
2017-03-21 09:19:37.196 32044 INFO oslo.service.wsgi [-] Stopping WSGI server.
2017-03-21 09:19:37.196 32053 INFO oslo.service.wsgi [-] Stopping WSGI server.
2017-03-21 09:19:37.196 32049 INFO oslo.service.wsgi [-] Stopping WSGI server.
2017-03-21 09:19:37.198 32046 INFO eventlet.wsgi.server [-] (32046) wsgi exited, is_accepting=True
2017-03-21 09:19:37.198 32045 INFO eventlet.wsgi.server [-] (32045) wsgi exited, is_accepting=True
2017-03-21 09:19:37.196 32047 INFO oslo.service.wsgi [-] Stopping WSGI server.
2017-03-21 09:19:37.198 32042 INFO eventlet.wsgi.server [-] (32042) wsgi exited, is_accepting=True
2017-03-21 09:19:37.197 32050 INFO oslo.service.wsgi [-] Stopping WSGI server.
2017-03-21 09:19:37.198 32044 INFO eventlet.wsgi.server [-] (32044) wsgi exited, is_accepting=True
2017-03-21 09:19:37.198 32053 INFO eventlet.wsgi.server [-] (32053) wsgi exited, is_accepting=True
2017-03-21 09:19:37.198 32049 INFO eventlet.wsgi.server [-] (32049) wsgi exited, is_accepting=True
2017-03-21 09:19:37.199 32047 INFO eventlet.wsgi.server [-] (32047) wsgi exited, is_accepting=True
2017-03-21 09:19:37.199 32050 INFO eventlet.wsgi.server [-] (32050) wsgi exited, is_accepting=True
2017-03-21 09:19:37.197 32054 INFO oslo.service.wsgi [-] Stopping WSGI server.
2017-03-21 09:19:37.198 32051 INFO oslo.service.wsgi [-] Stopping WSGI server.
2017-03-21 09:19:37.199 32054 INFO eventlet.wsgi.server [-] (32054) wsgi exited, is_accepting=True
2017-03-21 09:19:37.198 32040 INFO oslo.service.wsgi [-] Stopping WSGI server.
