File "/usr/local/lib/python2.7/dist-packages/sqlalchemy/pool.py", line 1060, in _do_get self._dec_overflow()
File "/usr/local/lib/python2.7/dist-packages/sqlalchemy/util/langhelpers.py", line 60, in __exit__ compat.reraise(exc_type, exc_value, exc_tb)
File "/usr/local/lib/python2.7/dist-packages/sqlalchemy/pool.py", line 1057, in _do_get return self._create_connection()
File "/usr/local/lib/python2.7/dist-packages/sqlalchemy/pool.py", line 323, in _create_connection return _ConnectionRecord(self)
File "/usr/local/lib/python2.7/dist-packages/sqlalchemy/pool.py", line 449, in __init__ self.connection = self.__connect()
File "/usr/local/lib/python2.7/dist-packages/sqlalchemy/pool.py", line 607, in __connect connection = self.__pool._invoke_creator(self)
File "/usr/local/lib/python2.7/dist-packages/sqlalchemy/engine/strategies.py", line 97, in connect return dialect.connect(*cargs, **cparams)
File "/usr/local/lib/python2.7/dist-packages/sqlalchemy/engine/default.py", line 385, in connect return self.dbapi.connect(*cargs, **cparams)
File "/usr/local/lib/python2.7/dist-packages/pymysql/__init__.py", line 90, in Connect return Connection(*args, **kwargs)
File "/usr/local/lib/python2.7/dist-packages/pymysql/connections.py", line 688, in __init__ self.connect()
File "/usr/local/lib/python2.7/dist-packages/pymysql/connections.py", line 906, in connect self._request_authentication()
File "/usr/local/lib/python2.7/dist-packages/pymysql/connections.py", line 1114, in _request_authentication auth_packet = self._read_packet()
File "/usr/local/lib/python2.7/dist-packages/pymysql/connections.py", line 981, in _read_packet packet.check_error()
File "/usr/local/lib/python2.7/dist-packages/pymysql/connections.py", line 393, in check_error err.raise_mysql_exception(self._data)
File "/usr/local/lib/python2.7/dist-packages/pymysql/err.py", line 107, in raise_mysql_exception raise errorclass(errno, errval) DBNonExistentDatabase: (pymysql.err.InternalError) (1049, u"Unknown database 'ironic'")
2017-03-21 13:37:12.547 30985 INFO eventlet.wsgi.server [req-39a7dd50-9105-4c90-be98-8c02b7bdb933 - - - - -] 127.0.0.1 "GET /v1/nodes HTTP/1.1" status: 500 len: 507 time: 0.1784310
2017-03-21 13:38:12.471 30984 ERROR wsme.api [req-b7e55117-d302-490c-b2b9-59c94d702810 - - - - -] Server-side error: "(pymysql.err.InternalError) (1049, u"Unknown database 'ironic'")". Detail: Traceback (most recent call last): File "/usr/local/lib/python2.7/dist-packages/wsmeext/pecan.py", line 85, in callfunction result = f(self, *args, **kwargs)
File "/usr/local/lib/python2.7/dist-packages/ironic/api/controllers/v1/node.py", line 1456, in get_all fields=fields)
File "/usr/local/lib/python2.7/dist-packages/ironic/api/controllers/v1/node.py", line 1310, in _get_nodes_collection filters=filters)
File "/usr/local/lib/python2.7/dist-packages/ironic/objects/node.py", line 255, in list sort_dir=sort_dir)
File "/usr/local/lib/python2.7/dist-packages/ironic/db/sqlalchemy/api.py", line 260, in get_node_list query = _get_node_query_with_tags()
File "/usr/local/lib/python2.7/dist-packages/ironic/db/sqlalchemy/api.py", line 67, in _get_node_query_with_tags return model_query(models.Node).options(joinedload('tags'))
File "/usr/local/lib/python2.7/dist-packages/ironic/db/sqlalchemy/api.py", line 76, in model_query with _session_for_read() as session: File "/usr/lib/python2.7/contextlib.py", line 17, in __enter__ return self.gen.next()
File "/usr/local/lib/python2.7/dist-packages/oslo_db/sqlalchemy/enginefacade.py", line 1012, in _transaction_scope allow_async=self._allow_async) as resource: File "/usr/lib/python2.7/contextlib.py", line 17, in __enter__ return self.gen.next()
File "/usr/local/lib/python2.7/dist-packages/oslo_db/sqlalchemy/enginefacade.py", line 625, in _session bind=self.connection, mode=self.mode)
File "/usr/local/lib/python2.7/dist-packages/oslo_db/sqlalchemy/enginefacade.py", line 395, in _create_session self._start()
File "/usr/local/lib/python2.7/dist-packages/oslo_db/sqlalchemy/enginefacade.py", line 481, in _start engine_args, maker_args)
File "/usr/local/lib/python2.7/dist-packages/oslo_db/sqlalchemy/enginefacade.py", line 505, in _setup_for_connection sql_connection=sql_connection, **engine_kwargs)
File "/usr/local/lib/python2.7/dist-packages/oslo_db/sqlalchemy/engines.py", line 155, in create_engine test_conn = _test_connection(engine, max_retries, retry_interval)
File "/usr/local/lib/python2.7/dist-packages/oslo_db/sqlalchemy/engines.py", line 331, in _test_connection return engine.connect()
File "/usr/local/lib/python2.7/dist-packages/sqlalchemy/engine/base.py", line 2018, in connect return self._connection_cls(self, **kwargs)
File "/usr/local/lib/python2.7/dist-packages/sqlalchemy/engine/base.py", line 72, in __init__ if connection is not None else engine.raw_connection()
File "/usr/local/lib/python2.7/dist-packages/sqlalchemy/engine/base.py", line 2104, in raw_connection self.pool.unique_connection, _connection)
File "/usr/local/lib/python2.7/dist-packages/sqlalchemy/engine/base.py", line 2078, in _wrap_pool_connect e, dialect, self)
File "/usr/local/lib/python2.7/dist-packages/sqlalchemy/engine/base.py", line 1401, in _handle_dbapi_exception_noconnection util.raise_from_cause(newraise, exc_info)
File "/usr/local/lib/python2.7/dist-packages/sqlalchemy/util/compat.py", line 203, in raise_from_cause reraise(type(exception), exception, tb=exc_tb, cause=cause)
File "/usr/local/lib/python2.7/dist-packages/sqlalchemy/engine/base.py", line 2074, in _wrap_pool_connect return fn()
File "/usr/local/lib/python2.7/dist-packages/sqlalchemy/pool.py", line 318, in unique_connection return _ConnectionFairy._checkout(self)
File "/usr/local/lib/python2.7/dist-packages/sqlalchemy/pool.py", line 713, in _checkout fairy = _ConnectionRecord.checkout(pool)
File "/usr/local/lib/python2.7/dist-packages/sqlalchemy/pool.py", line 480, in checkout rec = pool._do_get()
File "/usr/local/lib/python2.7/dist-packages/sqlalchemy/pool.py", line 1060, in _do_get self._dec_overflow()
File "/usr/local/lib/python2.7/dist-packages/sqlalchemy/util/langhelpers.py", line 60, in __exit__ compat.reraise(exc_type, exc_value, exc_tb)
File "/usr/local/lib/python2.7/dist-packages/sqlalchemy/pool.py", line 1057, in _do_get return self._create_connection()
File "/usr/local/lib/python2.7/dist-packages/sqlalchemy/pool.py", line 323, in _create_connection return _ConnectionRecord(self)
File "/usr/local/lib/python2.7/dist-packages/sqlalchemy/pool.py", line 449, in __init__ self.connection = self.__connect()
File "/usr/local/lib/python2.7/dist-packages/sqlalchemy/pool.py", line 607, in __connect connection = self.__pool._invoke_creator(self)
File "/usr/local/lib/python2.7/dist-packages/sqlalchemy/engine/strategies.py", line 97, in connect return dialect.connect(*cargs, **cparams)
File "/usr/local/lib/python2.7/dist-packages/sqlalchemy/engine/default.py", line 385, in connect return self.dbapi.connect(*cargs, **cparams)
File "/usr/local/lib/python2.7/dist-packages/pymysql/__init__.py", line 90, in Connect return Connection(*args, **kwargs)
File "/usr/local/lib/python2.7/dist-packages/pymysql/connections.py", line 688, in __init__ self.connect()
File "/usr/local/lib/python2.7/dist-packages/pymysql/connections.py", line 906, in connect self._request_authentication()
File "/usr/local/lib/python2.7/dist-packages/pymysql/connections.py", line 1114, in _request_authentication auth_packet = self._read_packet()
File "/usr/local/lib/python2.7/dist-packages/pymysql/connections.py", line 981, in _read_packet packet.check_error()
File "/usr/local/lib/python2.7/dist-packages/pymysql/connections.py", line 393, in check_error err.raise_mysql_exception(self._data)
File "/usr/local/lib/python2.7/dist-packages/pymysql/err.py", line 107, in raise_mysql_exception raise errorclass(errno, errval) DBNonExistentDatabase: (pymysql.err.InternalError) (1049, u"Unknown database 'ironic'")
2017-03-21 13:38:12.473 30984 INFO eventlet.wsgi.server [req-b7e55117-d302-490c-b2b9-59c94d702810 - - - - -] 127.0.0.1 "GET /v1/nodes HTTP/1.1" status: 500 len: 507 time: 0.1601541
2017-03-21 13:39:12.480 30986 ERROR wsme.api [req-7fdaf3e1-3eed-454d-9757-0968a69cd2d9 - - - - -] Server-side error: "(pymysql.err.InternalError) (1049, u"Unknown database 'ironic'")". Detail: Traceback (most recent call last): File "/usr/local/lib/python2.7/dist-packages/wsmeext/pecan.py", line 85, in callfunction result = f(self, *args, **kwargs)
File "/usr/local/lib/python2.7/dist-packages/ironic/api/controllers/v1/node.py", line 1456, in get_all fields=fields)
File "/usr/local/lib/python2.7/dist-packages/ironic/api/controllers/v1/node.py", line 1310, in _get_nodes_collection filters=filters)
File "/usr/local/lib/python2.7/dist-packages/ironic/objects/node.py", line 255, in list sort_dir=sort_dir)
File "/usr/local/lib/python2.7/dist-packages/ironic/db/sqlalchemy/api.py", line 260, in get_node_list query = _get_node_query_with_tags()
File "/usr/local/lib/python2.7/dist-packages/ironic/db/sqlalchemy/api.py", line 67, in _get_node_query_with_tags return model_query(models.Node).options(joinedload('tags'))
File "/usr/local/lib/python2.7/dist-packages/ironic/db/sqlalchemy/api.py", line 76, in model_query with _session_for_read() as session: File "/usr/lib/python2.7/contextlib.py", line 17, in __enter__ return self.gen.next()
File "/usr/local/lib/python2.7/dist-packages/oslo_db/sqlalchemy/enginefacade.py", line 1012, in _transaction_scope allow_async=self._allow_async) as resource: File "/usr/lib/python2.7/contextlib.py", line 17, in __enter__ return self.gen.next()
File "/usr/local/lib/python2.7/dist-packages/oslo_db/sqlalchemy/enginefacade.py", line 625, in _session bind=self.connection, mode=self.mode)
File "/usr/local/lib/python2.7/dist-packages/oslo_db/sqlalchemy/enginefacade.py", line 395, in _create_session self._start()
File "/usr/local/lib/python2.7/dist-packages/oslo_db/sqlalchemy/enginefacade.py", line 481, in _start engine_args, maker_args)
File "/usr/local/lib/python2.7/dist-packages/oslo_db/sqlalchemy/enginefacade.py", line 505, in _setup_for_connection sql_connection=sql_connection, **engine_kwargs)
File "/usr/local/lib/python2.7/dist-packages/oslo_db/sqlalchemy/engines.py", line 155, in create_engine test_conn = _test_connection(engine, max_retries, retry_interval)
File "/usr/local/lib/python2.7/dist-packages/oslo_db/sqlalchemy/engines.py", line 331, in _test_connection return engine.connect()
File "/usr/local/lib/python2.7/dist-packages/sqlalchemy/engine/base.py", line 2018, in connect return self._connection_cls(self, **kwargs)
File "/usr/local/lib/python2.7/dist-packages/sqlalchemy/engine/base.py", line 72, in __init__ if connection is not None else engine.raw_connection()
File "/usr/local/lib/python2.7/dist-packages/sqlalchemy/engine/base.py", line 2104, in raw_connection self.pool.unique_connection, _connection)
File "/usr/local/lib/python2.7/dist-packages/sqlalchemy/engine/base.py", line 2078, in _wrap_pool_connect e, dialect, self)
File "/usr/local/lib/python2.7/dist-packages/sqlalchemy/engine/base.py", line 1401, in _handle_dbapi_exception_noconnection util.raise_from_cause(newraise, exc_info)
File "/usr/local/lib/python2.7/dist-packages/sqlalchemy/util/compat.py", line 203, in raise_from_cause reraise(type(exception), exception, tb=exc_tb, cause=cause)
File "/usr/local/lib/python2.7/dist-packages/sqlalchemy/engine/base.py", line 2074, in _wrap_pool_connect return fn()
File "/usr/local/lib/python2.7/dist-packages/sqlalchemy/pool.py", line 318, in unique_connection return _ConnectionFairy._checkout(self)
File "/usr/local/lib/python2.7/dist-packages/sqlalchemy/pool.py", line 713, in _checkout fairy = _ConnectionRecord.checkout(pool)
File "/usr/local/lib/python2.7/dist-packages/sqlalchemy/pool.py", line 480, in checkout rec = pool._do_get()
File "/usr/local/lib/python2.7/dist-packages/sqlalchemy/pool.py", line 1060, in _do_get self._dec_overflow()
File "/usr/local/lib/python2.7/dist-packages/sqlalchemy/util/langhelpers.py", line 60, in __exit__ compat.reraise(exc_type, exc_value, exc_tb)
File "/usr/local/lib/python2.7/dist-packages/sqlalchemy/pool.py", line 1057, in _do_get return self._create_connection()
File "/usr/local/lib/python2.7/dist-packages/sqlalchemy/pool.py", line 323, in _create_connection return _ConnectionRecord(self)
File "/usr/local/lib/python2.7/dist-packages/sqlalchemy/pool.py", line 449, in __init__ self.connection = self.__connect()
File "/usr/local/lib/python2.7/dist-packages/sqlalchemy/pool.py", line 607, in __connect connection = self.__pool._invoke_creator(self)
File "/usr/local/lib/python2.7/dist-packages/sqlalchemy/engine/strategies.py", line 97, in connect return dialect.connect(*cargs, **cparams)
File "/usr/local/lib/python2.7/dist-packages/sqlalchemy/engine/default.py", line 385, in connect return self.dbapi.connect(*cargs, **cparams)
File "/usr/local/lib/python2.7/dist-packages/pymysql/__init__.py", line 90, in Connect return Connection(*args, **kwargs)
File "/usr/local/lib/python2.7/dist-packages/pymysql/connections.py", line 688, in __init__ self.connect()
File "/usr/local/lib/python2.7/dist-packages/pymysql/connections.py", line 906, in connect self._request_authentication()
File "/usr/local/lib/python2.7/dist-packages/pymysql/connections.py", line 1114, in _request_authentication auth_packet = self._read_packet()
File "/usr/local/lib/python2.7/dist-packages/pymysql/connections.py", line 981, in _read_packet packet.check_error()
File "/usr/local/lib/python2.7/dist-packages/pymysql/connections.py", line 393, in check_error err.raise_mysql_exception(self._data)
File "/usr/local/lib/python2.7/dist-packages/pymysql/err.py", line 107, in raise_mysql_exception raise errorclass(errno, errval) DBNonExistentDatabase: (pymysql.err.InternalError) (1049, u"Unknown database 'ironic'")
2017-03-21 13:39:12.481 30986 INFO eventlet.wsgi.server [req-7fdaf3e1-3eed-454d-9757-0968a69cd2d9 - - - - -] 127.0.0.1 "GET /v1/nodes HTTP/1.1" status: 500 len: 507 time: 0.1673181
2017-03-21 13:40:12.566 30880 INFO oslo_service.service [-] Child 30987 killed by signal 11
2017-03-21 13:40:12.574 3032 INFO eventlet.wsgi.server [-] (3032) wsgi starting up on http://0.0.0.0:6385
2017-03-21 13:40:14.863 30880 INFO oslo_service.service [-] Child 30991 killed by signal 11
2017-03-21 13:40:14.873 3193 INFO eventlet.wsgi.server [-] (3193) wsgi starting up on http://0.0.0.0:6385
2017-03-21 13:40:17.124 30880 INFO oslo_service.service [-] Child 30982 killed by signal 11
2017-03-21 13:40:17.135 3254 INFO eventlet.wsgi.server [-] (3254) wsgi starting up on http://0.0.0.0:6385
2017-03-21 13:40:19.459 30880 INFO oslo_service.service [-] Child 30978 killed by signal 11
2017-03-21 13:40:19.470 3302 INFO eventlet.wsgi.server [-] (3302) wsgi starting up on http://0.0.0.0:6385
2017-03-21 13:40:21.711 30880 INFO oslo_service.service [-] Child 30979 killed by signal 11
2017-03-21 13:40:21.723 3358 INFO eventlet.wsgi.server [-] (3358) wsgi starting up on http://0.0.0.0:6385
2017-03-21 13:40:23.984 30880 INFO oslo_service.service [-] Child 30988 killed by signal 11
2017-03-21 13:40:23.996 3360 INFO eventlet.wsgi.server [-] (3360) wsgi starting up on http://0.0.0.0:6385
2017-03-21 13:40:26.277 30880 INFO oslo_service.service [-] Child 3032 killed by signal 11
2017-03-21 13:40:26.285 3383 INFO eventlet.wsgi.server [-] (3383) wsgi starting up on http://0.0.0.0:6385
2017-03-21 13:40:28.586 30880 INFO oslo_service.service [-] Child 30981 killed by signal 11
2017-03-21 13:40:28.596 3601 INFO eventlet.wsgi.server [-] (3601) wsgi starting up on http://0.0.0.0:6385
2017-03-21 13:40:29.588 3601 INFO oslo.service.wsgi [-] Stopping WSGI server.
2017-03-21 13:40:29.589 3601 INFO eventlet.wsgi.server [-] (3601) wsgi exited, is_accepting=True
2017-03-21 13:40:29.588 3383 INFO oslo.service.wsgi [-] Stopping WSGI server.
2017-03-21 13:40:29.589 3383 INFO eventlet.wsgi.server [-] (3383) wsgi exited, is_accepting=True
2017-03-21 13:40:29.589 3193 INFO oslo.service.wsgi [-] Stopping WSGI server.
2017-03-21 13:40:29.589 3254 INFO oslo.service.wsgi [-] Stopping WSGI server.
2017-03-21 13:40:29.590 3193 INFO eventlet.wsgi.server [-] (3193) wsgi exited, is_accepting=True
2017-03-21 13:40:29.590 30992 INFO oslo.service.wsgi [-] Stopping WSGI server.
2017-03-21 13:40:29.590 3254 INFO eventlet.wsgi.server [-] (3254) wsgi exited, is_accepting=True
2017-03-21 13:40:29.589 30990 INFO oslo.service.wsgi [-] Stopping WSGI server.
2017-03-21 13:40:29.590 30983 INFO oslo.service.wsgi [-] Stopping WSGI server.
2017-03-21 13:40:29.589 30984 INFO oslo.service.wsgi [-] Stopping WSGI server.
2017-03-21 13:40:29.591 30992 INFO eventlet.wsgi.server [-] (30992) wsgi exited, is_accepting=True
2017-03-21 13:40:29.590 30980 INFO oslo.service.wsgi [-] Stopping WSGI server.
2017-03-21 13:40:29.591 30984 INFO eventlet.wsgi.server [-] (30984) wsgi exited, is_accepting=True
2017-03-21 13:40:29.591 30983 INFO eventlet.wsgi.server [-] (30983) wsgi exited, is_accepting=True
2017-03-21 13:40:29.591 30990 INFO eventlet.wsgi.server [-] (30990) wsgi exited, is_accepting=True
2017-03-21 13:40:29.590 30985 INFO oslo.service.wsgi [-] Stopping WSGI server.
2017-03-21 13:40:29.592 30980 INFO eventlet.wsgi.server [-] (30980) wsgi exited, is_accepting=True
2017-03-21 13:40:29.592 30985 INFO eventlet.wsgi.server [-] (30985) wsgi exited, is_accepting=True
2017-03-21 13:40:29.592 30977 INFO oslo.service.wsgi [-] Stopping WSGI server.
2017-03-21 13:40:29.591 30989 INFO oslo.service.wsgi [-] Stopping WSGI server.
2017-03-21 13:40:29.593 30977 INFO eventlet.wsgi.server [-] (30977) wsgi exited, is_accepting=True
2017-03-21 13:40:29.593 30989 INFO eventlet.wsgi.server [-] (30989) wsgi exited, is_accepting=True
2017-03-21 13:40:29.595 30986 INFO oslo.service.wsgi [-] Stopping WSGI server.
2017-03-21 13:40:29.596 30986 INFO eventlet.wsgi.server [-] (30986) wsgi exited, is_accepting=True
2017-03-21 13:40:29.596 3358 INFO oslo.service.wsgi [-] Stopping WSGI server.
2017-03-21 13:40:29.597 3358 INFO eventlet.wsgi.server [-] (3358) wsgi exited, is_accepting=True
2017-03-21 13:40:29.597 3302 INFO oslo.service.wsgi [-] Stopping WSGI server.
2017-03-21 13:40:29.598 3302 INFO eventlet.wsgi.server [-] (3302) wsgi exited, is_accepting=True
2017-03-21 13:40:29.598 30880 INFO oslo_service.service [-] Child 30977 exited with status 0
2017-03-21 13:40:29.603 3360 INFO oslo.service.wsgi [-] Stopping WSGI server.
2017-03-21 13:40:29.603 3360 INFO eventlet.wsgi.server [-] (3360) wsgi exited, is_accepting=True
2017-03-21 13:40:29.602 30880 INFO oslo_service.service [-] Child 30980 exited with status 0
2017-03-21 13:40:29.606 30880 INFO oslo_service.service [-] Child 30983 exited with status 0
2017-03-21 13:40:29.607 3725 INFO eventlet.wsgi.server [-] (3725) wsgi starting up on http://0.0.0.0:6385
2017-03-21 13:40:29.610 30880 INFO oslo_service.service [-] Child 30984 exited with status 0
2017-03-21 13:40:29.612 3726 INFO eventlet.wsgi.server [-] (3726) wsgi starting up on http://0.0.0.0:6385
2017-03-21 13:40:29.614 30880 INFO oslo_service.service [-] Child 30985 exited with status 0
2017-03-21 13:40:29.616 3727 INFO eventlet.wsgi.server [-] (3727) wsgi starting up on http://0.0.0.0:6385
2017-03-21 13:40:29.618 30880 INFO oslo_service.service [-] Child 30986 exited with status 0
2017-03-21 13:40:29.619 3728 INFO eventlet.wsgi.server [-] (3728) wsgi starting up on http://0.0.0.0:6385
2017-03-21 13:40:29.622 30880 INFO oslo_service.service [-] Child 30989 exited with status 0
2017-03-21 13:40:29.624 3729 INFO eventlet.wsgi.server [-] (3729) wsgi starting up on http://0.0.0.0:6385
2017-03-21 13:40:29.626 30880 INFO oslo_service.service [-] Child 30990 exited with status 0
2017-03-21 13:40:29.627 3730 INFO eventlet.wsgi.server [-] (3730) wsgi starting up on http://0.0.0.0:6385
2017-03-21 13:40:29.629 30880 INFO oslo_service.service [-] Child 30992 exited with status 0
2017-03-21 13:40:29.631 3731 INFO eventlet.wsgi.server [-] (3731) wsgi starting up on http://0.0.0.0:6385
2017-03-21 13:40:29.633 30880 INFO oslo_service.service [-] Child 3193 exited with status 0
2017-03-21 13:40:29.635 3732 INFO eventlet.wsgi.server [-] (3732) wsgi starting up on http://0.0.0.0:6385
2017-03-21 13:40:29.637 30880 INFO oslo_service.service [-] Child 3254 exited with status 0
2017-03-21 13:40:29.639 30880 INFO oslo_service.service [-] Forking too fast, sleeping
2017-03-21 13:40:29.639 3733 INFO eventlet.wsgi.server [-] (3733) wsgi starting up on http://0.0.0.0:6385
2017-03-21 13:40:29.642 3734 INFO eventlet.wsgi.server [-] (3734) wsgi starting up on http://0.0.0.0:6385
2017-03-21 13:40:30.643 30880 INFO oslo_service.service [-] Caught SIGTERM, stopping children
2017-03-21 13:40:30.646 30880 INFO oslo.service.wsgi [-] Stopping WSGI server.
2017-03-21 13:40:30.647 30880 INFO oslo_service.service [-] Waiting on 16 children to exit
2017-03-21 13:40:30.648 30880 INFO oslo_service.service [-] Child 3302 exited with status 0
2017-03-21 13:40:30.647 3726 INFO oslo.service.wsgi [-] Stopping WSGI server.
2017-03-21 13:40:30.648 3732 INFO oslo.service.wsgi [-] Stopping WSGI server.
2017-03-21 13:40:30.648 30880 INFO oslo_service.service [-] Child 3358 exited with status 0
2017-03-21 13:40:30.648 3727 INFO oslo.service.wsgi [-] Stopping WSGI server.
2017-03-21 13:40:30.648 3726 INFO eventlet.wsgi.server [-] (3726) wsgi exited, is_accepting=True
2017-03-21 13:40:30.648 30880 INFO oslo_service.service [-] Child 3360 exited with status 0
2017-03-21 13:40:30.649 30880 INFO oslo_service.service [-] Child 3383 exited with status 0
2017-03-21 13:40:30.647 3730 INFO oslo.service.wsgi [-] Stopping WSGI server.
2017-03-21 13:40:30.649 3734 INFO oslo.service.wsgi [-] Stopping WSGI server.
2017-03-21 13:40:30.649 30880 INFO oslo_service.service [-] Child 3601 exited with status 0
2017-03-21 13:40:30.649 3730 INFO eventlet.wsgi.server [-] (3730) wsgi exited, is_accepting=True
2017-03-21 13:40:30.650 3734 INFO eventlet.wsgi.server [-] (3734) wsgi exited, is_accepting=True
2017-03-21 13:40:30.649 3727 INFO eventlet.wsgi.server [-] (3727) wsgi exited, is_accepting=True
2017-03-21 13:40:30.652 30880 INFO oslo_service.service [-] Child 3726 exited with status 0
2017-03-21 13:40:30.653 3729 INFO oslo.service.wsgi [-] Stopping WSGI server.
2017-03-21 13:40:30.653 30880 INFO oslo_service.service [-] Child 3734 exited with status 0
2017-03-21 13:40:30.654 3729 INFO eventlet.wsgi.server [-] (3729) wsgi exited, is_accepting=True
2017-03-21 13:40:30.654 3725 INFO oslo.service.wsgi [-] Stopping WSGI server.
2017-03-21 13:40:30.655 3725 INFO eventlet.wsgi.server [-] (3725) wsgi exited, is_accepting=True
2017-03-21 13:40:30.656 30880 INFO oslo_service.service [-] Child 3727 exited with status 0
2017-03-21 13:40:30.658 30880 INFO oslo_service.service [-] Child 3730 exited with status 0
2017-03-21 13:40:30.658 30880 INFO oslo_service.service [-] Child 3725 exited with status 0
2017-03-21 13:40:30.658 3733 INFO oslo.service.wsgi [-] Stopping WSGI server.
2017-03-21 13:40:30.648 3732 INFO eventlet.wsgi.server [-] (3732) wsgi exited, is_accepting=True
2017-03-21 13:40:30.659 3728 INFO oslo.service.wsgi [-] Stopping WSGI server.
2017-03-21 13:40:30.659 3733 INFO eventlet.wsgi.server [-] (3733) wsgi exited, is_accepting=True
2017-03-21 13:40:30.659 30880 INFO oslo_service.service [-] Child 3729 exited with status 0
2017-03-21 13:40:30.659 3728 INFO eventlet.wsgi.server [-] (3728) wsgi exited, is_accepting=True
2017-03-21 13:40:30.660 3731 INFO oslo.service.wsgi [-] Stopping WSGI server.
2017-03-21 13:40:30.660 3731 INFO eventlet.wsgi.server [-] (3731) wsgi exited, is_accepting=True
2017-03-21 13:40:30.661 3743 INFO oslo.service.wsgi [-] Stopping WSGI server.
2017-03-21 13:40:30.662 30880 INFO oslo_service.service [-] Child 3732 exited with status 0
2017-03-21 13:40:30.663 30880 INFO oslo_service.service [-] Child 3733 exited with status 0
2017-03-21 13:40:30.663 30880 INFO oslo_service.service [-] Child 3728 exited with status 0
2017-03-21 13:40:30.665 30880 INFO oslo_service.service [-] Child 3743 exited with status 0
2017-03-21 13:40:30.666 30880 INFO oslo_service.service [-] Child 3731 exited with status 0
2017-03-21 13:40:32.339 3756 INFO oslo.service.wsgi [-] ironic_api listening on 0.0.0.0:6385
2017-03-21 13:40:32.339 3756 INFO oslo_service.service [-] Starting 16 workers
2017-03-21 13:40:32.349 3784 INFO eventlet.wsgi.server [-] (3784) wsgi starting up on http://0.0.0.0:6385
2017-03-21 13:40:32.350 3785 INFO eventlet.wsgi.server [-] (3785) wsgi starting up on http://0.0.0.0:6385
2017-03-21 13:40:32.350 3787 INFO eventlet.wsgi.server [-] (3787) wsgi starting up on http://0.0.0.0:6385
2017-03-21 13:40:32.352 3789 INFO eventlet.wsgi.server [-] (3789) wsgi starting up on http://0.0.0.0:6385
2017-03-21 13:40:32.357 3790 INFO eventlet.wsgi.server [-] (3790) wsgi starting up on http://0.0.0.0:6385
2017-03-21 13:40:32.358 3788 INFO eventlet.wsgi.server [-] (3788) wsgi starting up on http://0.0.0.0:6385
2017-03-21 13:40:32.358 3792 INFO eventlet.wsgi.server [-] (3792) wsgi starting up on http://0.0.0.0:6385
2017-03-21 13:40:32.359 3786 INFO eventlet.wsgi.server [-] (3786) wsgi starting up on http://0.0.0.0:6385
2017-03-21 13:40:32.359 3793 INFO eventlet.wsgi.server [-] (3793) wsgi starting up on http://0.0.0.0:6385
2017-03-21 13:40:32.364 3796 INFO eventlet.wsgi.server [-] (3796) wsgi starting up on http://0.0.0.0:6385
2017-03-21 13:40:32.366 3797 INFO eventlet.wsgi.server [-] (3797) wsgi starting up on http://0.0.0.0:6385
2017-03-21 13:40:32.368 3798 INFO eventlet.wsgi.server [-] (3798) wsgi starting up on http://0.0.0.0:6385
2017-03-21 13:40:32.368 3756 WARNING oslo_config.cfg [-] Option "rabbit_password" from group "DEFAULT" is deprecated. Use option "rabbit_password" from group "oslo_messaging_rabbit".
2017-03-21 13:40:32.369 3756 WARNING oslo_config.cfg [-] Option "rabbit_password" from group "oslo_messaging_rabbit" is deprecated for removal. Its value may be silently ignored in the future.
2017-03-21 13:40:32.369 3756 WARNING oslo_config.cfg [-] Option "rabbit_userid" from group "DEFAULT" is deprecated. Use option "rabbit_userid" from group "oslo_messaging_rabbit".
2017-03-21 13:40:32.370 3756 WARNING oslo_config.cfg [-] Option "rabbit_userid" from group "oslo_messaging_rabbit" is deprecated for removal. Its value may be silently ignored in the future.
2017-03-21 13:40:32.369 3791 INFO eventlet.wsgi.server [-] (3791) wsgi starting up on http://0.0.0.0:6385
2017-03-21 13:40:32.368 3794 INFO eventlet.wsgi.server [-] (3794) wsgi starting up on http://0.0.0.0:6385
2017-03-21 13:40:32.370 3795 INFO eventlet.wsgi.server [-] (3795) wsgi starting up on http://0.0.0.0:6385
2017-03-21 13:40:32.375 3799 INFO eventlet.wsgi.server [-] (3799) wsgi starting up on http://0.0.0.0:6385
2017-03-21 13:41:30.036 3798 INFO eventlet.wsgi.server [req-f15d3148-24cf-4c1c-83aa-2a40a3714f75 - - - - -] 127.0.0.1 "GET /v1/nodes HTTP/1.1" status: 200 len: 338 time: 0.2022140
2017-03-21 13:42:30.016 3784 INFO eventlet.wsgi.server [req-ca9dd9fe-6c5b-4d4c-8272-dbe385a94cf4 - - - - -] 127.0.0.1 "GET /v1/nodes HTTP/1.1" status: 200 len: 338 time: 0.1941142
2017-03-21 13:43:29.857 3784 INFO eventlet.wsgi.server [req-a13e7e86-179d-473c-810b-578b1e44a6fe - - - - -] 127.0.0.1 "GET /v1/nodes HTTP/1.1" status: 200 len: 338 time: 0.0363638
2017-03-21 13:44:29.834 3784 INFO eventlet.wsgi.server [req-afb77cb7-2ea0-4d3c-9353-049484f0258c - - - - -] 127.0.0.1 "GET /v1/nodes HTTP/1.1" status: 200 len: 338 time: 0.0181980
2017-03-21 13:45:30.039 3789 INFO eventlet.wsgi.server [req-7b2aaf7c-0462-437e-a788-f651a30a6aba - - - - -] 127.0.0.1 "GET /v1/nodes HTTP/1.1" status: 200 len: 338 time: 0.2107499
2017-03-21 13:46:29.868 3798 INFO eventlet.wsgi.server [req-2258bfee-08e5-4fa6-9039-e7a4fdc23f22 - - - - -] 127.0.0.1 "GET /v1/nodes HTTP/1.1" status: 200 len: 338 time: 0.0387659
2017-03-21 13:47:29.865 3798 INFO eventlet.wsgi.server [req-2f2ebe86-3179-4b40-8116-0b39aa5edf72 - - - - -] 127.0.0.1 "GET /v1/nodes HTTP/1.1" status: 200 len: 338 time: 0.0351980
2017-03-21 13:48:29.855 3784 INFO eventlet.wsgi.server [req-a3e58d2a-781d-43e6-b5ee-d0be553fc357 - - - - -] 127.0.0.1 "GET /v1/nodes HTTP/1.1" status: 200 len: 338 time: 0.0219920
2017-03-21 13:48:54.161 3795 INFO eventlet.wsgi.server [req-1163f89a-5830-45e5-8d03-e61e048f0dda - - - - -] 127.0.0.1 "GET /v1/nodes/a960e3ed-9e08-51e2-a4b4-29ea8fee5576 HTTP/1.1" status: 404 len: 485 time: 0.1302350
2017-03-21 13:48:54.181 3795 WARNING oslo_config.cfg [req-aa49485b-d44b-4f2c-87b0-bd2aacb77fac - - - - -] Option "rabbit_userid" from group "DEFAULT" is deprecated. Use option "rabbit_userid" from group "oslo_messaging_rabbit".
2017-03-21 13:48:54.181 3795 WARNING oslo_config.cfg [req-aa49485b-d44b-4f2c-87b0-bd2aacb77fac - - - - -] Option "rabbit_userid" from group "oslo_messaging_rabbit" is deprecated for removal. Its value may be silently ignored in the future.
2017-03-21 13:48:54.181 3795 WARNING oslo_config.cfg [req-aa49485b-d44b-4f2c-87b0-bd2aacb77fac - - - - -] Option "rabbit_password" from group "DEFAULT" is deprecated. Use option "rabbit_password" from group "oslo_messaging_rabbit".
2017-03-21 13:48:54.181 3795 WARNING oslo_config.cfg [req-aa49485b-d44b-4f2c-87b0-bd2aacb77fac - - - - -] Option "rabbit_password" from group "oslo_messaging_rabbit" is deprecated for removal. Its value may be silently ignored in the future.
2017-03-21 13:48:54.207 3791 INFO eventlet.wsgi.server [req-cbee9f62-529c-40b4-ab54-c783fc5593b6 - - - - -] 127.0.0.1 "GET /v1/nodes/78544ab5-49df-5a83-acfa-2068ac465b21 HTTP/1.1" status: 404 len: 485 time: 0.1904199
2017-03-21 13:48:54.220 3790 INFO eventlet.wsgi.server [req-05fbe318-98ae-45a5-9072-bfea4c3405e9 - - - - -] 127.0.0.1 "GET /v1/nodes/5910c412-a48c-50c1-9a92-84a7edd87952 HTTP/1.1" status: 404 len: 485 time: 0.1960070
2017-03-21 13:48:54.228 3791 WARNING oslo_config.cfg [req-2977e216-9b6d-491f-bddc-101099dd536d - - - - -] Option "rabbit_userid" from group "DEFAULT" is deprecated. Use option "rabbit_userid" from group "oslo_messaging_rabbit".
2017-03-21 13:48:54.228 3791 WARNING oslo_config.cfg [req-2977e216-9b6d-491f-bddc-101099dd536d - - - - -] Option "rabbit_userid" from group "oslo_messaging_rabbit" is deprecated for removal. Its value may be silently ignored in the future.
2017-03-21 13:48:54.229 3791 WARNING oslo_config.cfg [req-2977e216-9b6d-491f-bddc-101099dd536d - - - - -] Option "rabbit_password" from group "DEFAULT" is deprecated. Use option "rabbit_password" from group "oslo_messaging_rabbit".
2017-03-21 13:48:54.229 3791 WARNING oslo_config.cfg [req-2977e216-9b6d-491f-bddc-101099dd536d - - - - -] Option "rabbit_password" from group "oslo_messaging_rabbit" is deprecated for removal. Its value may be silently ignored in the future.
2017-03-21 13:48:54.241 3790 WARNING oslo_config.cfg [req-b97150f7-4d20-4c91-9822-3eaa7064b87a - - - - -] Option "rabbit_userid" from group "DEFAULT" is deprecated. Use option "rabbit_userid" from group "oslo_messaging_rabbit".
2017-03-21 13:48:54.242 3790 WARNING oslo_config.cfg [req-b97150f7-4d20-4c91-9822-3eaa7064b87a - - - - -] Option "rabbit_userid" from group "oslo_messaging_rabbit" is deprecated for removal. Its value may be silently ignored in the future.
2017-03-21 13:48:54.242 3790 WARNING oslo_config.cfg [req-b97150f7-4d20-4c91-9822-3eaa7064b87a - - - - -] Option "rabbit_password" from group "DEFAULT" is deprecated. Use option "rabbit_password" from group "oslo_messaging_rabbit".
2017-03-21 13:48:54.242 3790 WARNING oslo_config.cfg [req-b97150f7-4d20-4c91-9822-3eaa7064b87a - - - - -] Option "rabbit_password" from group "oslo_messaging_rabbit" is deprecated for removal. Its value may be silently ignored in the future.
2017-03-21 13:48:54.308 3795 INFO eventlet.wsgi.server [req-aa49485b-d44b-4f2c-87b0-bd2aacb77fac - - - - -] 127.0.0.1 "POST /v1/nodes HTTP/1.1" status: 201 len: 1766 time: 0.1423528
2017-03-21 13:48:54.319 3791 INFO eventlet.wsgi.server [req-2977e216-9b6d-491f-bddc-101099dd536d - - - - -] 127.0.0.1 "POST /v1/nodes HTTP/1.1" status: 201 len: 1763 time: 0.1090262
2017-03-21 13:48:54.346 3790 INFO eventlet.wsgi.server [req-b97150f7-4d20-4c91-9822-3eaa7064b87a - - - - -] 127.0.0.1 "POST /v1/nodes HTTP/1.1" status: 201 len: 1764 time: 0.1237240
2017-03-21 13:48:54.378 3795 INFO eventlet.wsgi.server [req-b5679e23-5600-4f18-a1c9-501311e198ca - - - - -] 127.0.0.1 "POST /v1/ports HTTP/1.1" status: 201 len: 829 time: 0.0658150
2017-03-21 13:48:54.403 3791 INFO eventlet.wsgi.server [req-2a757a9b-df2d-48a4-a0c6-785e6ee434ec - - - - -] 127.0.0.1 "POST /v1/ports HTTP/1.1" status: 201 len: 829 time: 0.0801160
2017-03-21 13:48:54.430 3790 INFO eventlet.wsgi.server [req-d7cc2f97-9d73-4fdd-8b94-804161dabd0c - - - - -] 127.0.0.1 "POST /v1/ports HTTP/1.1" status: 201 len: 829 time: 0.0811999
2017-03-21 13:48:58.155 3795 INFO eventlet.wsgi.server [req-b44a24ca-9476-4751-a047-1ed09aa6dbb2 - - - - -] 127.0.0.1 "GET /v1/nodes/78544ab5-49df-5a83-acfa-2068ac465b21 HTTP/1.1" status: 200 len: 1679 time: 0.0299659
2017-03-21 13:48:58.182 3795 INFO eventlet.wsgi.server [req-7a813fd8-2768-43b7-acbf-11bccb8a4b66 - - - - -] 127.0.0.1 "GET /v1/nodes/78544ab5-49df-5a83-acfa-2068ac465b21 HTTP/1.1" status: 200 len: 1679 time: 0.0248342
2017-03-21 13:48:58.294 3792 INFO eventlet.wsgi.server [req-4c179d38-bcc3-475a-97ab-5e57fe46678b - - - - -] 127.0.0.1 "GET /v1/nodes/a960e3ed-9e08-51e2-a4b4-29ea8fee5576 HTTP/1.1" status: 200 len: 1682 time: 0.1501999
2017-03-21 13:48:58.312 3792 INFO eventlet.wsgi.server [req-423f4b2c-bd1f-4eb1-b6f6-be75ebb4beff - - - - -] 127.0.0.1 "GET /v1/nodes/a960e3ed-9e08-51e2-a4b4-29ea8fee5576 HTTP/1.1" status: 200 len: 1682 time: 0.0131049
2017-03-21 13:48:58.334 3792 WARNING oslo_config.cfg [req-a6fd3c2d-f0c6-4f76-b4c2-71d0b7c3a011 - - - - -] Option "rabbit_userid" from group "DEFAULT" is deprecated. Use option "rabbit_userid" from group "oslo_messaging_rabbit".
2017-03-21 13:48:58.335 3792 WARNING oslo_config.cfg [req-a6fd3c2d-f0c6-4f76-b4c2-71d0b7c3a011 - - - - -] Option "rabbit_userid" from group "oslo_messaging_rabbit" is deprecated for removal. Its value may be silently ignored in the future.
2017-03-21 13:48:58.335 3792 WARNING oslo_config.cfg [req-a6fd3c2d-f0c6-4f76-b4c2-71d0b7c3a011 - - - - -] Option "rabbit_password" from group "DEFAULT" is deprecated. Use option "rabbit_password" from group "oslo_messaging_rabbit".
2017-03-21 13:48:58.335 3792 WARNING oslo_config.cfg [req-a6fd3c2d-f0c6-4f76-b4c2-71d0b7c3a011 - - - - -] Option "rabbit_password" from group "oslo_messaging_rabbit" is deprecated for removal. Its value may be silently ignored in the future.
2017-03-21 13:48:58.381 3795 INFO eventlet.wsgi.server [req-79f44a61-4232-4757-8ff9-b1664e2b3653 - - - - -] 127.0.0.1 "PUT /v1/nodes/78544ab5-49df-5a83-acfa-2068ac465b21/states/provision HTTP/1.1" status: 202 len: 383 time: 0.1964149
2017-03-21 13:48:58.386 3785 INFO eventlet.wsgi.server [req-efa1fed4-9a50-48c8-869c-5e7c04f8421c - - - - -] 127.0.0.1 "GET /v1/nodes/5910c412-a48c-50c1-9a92-84a7edd87952 HTTP/1.1" status: 200 len: 1680 time: 0.2065330
2017-03-21 13:48:58.405 3785 INFO eventlet.wsgi.server [req-2e54385f-6b09-4a35-a5df-f4aa5553feb8 - - - - -] 127.0.0.1 "GET /v1/nodes/5910c412-a48c-50c1-9a92-84a7edd87952 HTTP/1.1" status: 200 len: 1680 time: 0.0159609
2017-03-21 13:48:58.411 3795 INFO eventlet.wsgi.server [req-a25d9b43-72e7-4e16-9539-2c8c0fa305a7 - - - - -] 127.0.0.1 "GET /v1/nodes/78544ab5-49df-5a83-acfa-2068ac465b21 HTTP/1.1" status: 200 len: 1726 time: 0.0271108
2017-03-21 13:48:58.432 3785 WARNING oslo_config.cfg [req-a886c6e9-a979-4e9c-b774-521b1460b7e5 - - - - -] Option "rabbit_userid" from group "DEFAULT" is deprecated. Use option "rabbit_userid" from group "oslo_messaging_rabbit".
2017-03-21 13:48:58.432 3785 WARNING oslo_config.cfg [req-a886c6e9-a979-4e9c-b774-521b1460b7e5 - - - - -] Option "rabbit_userid" from group "oslo_messaging_rabbit" is deprecated for removal. Its value may be silently ignored in the future.
2017-03-21 13:48:58.432 3785 WARNING oslo_config.cfg [req-a886c6e9-a979-4e9c-b774-521b1460b7e5 - - - - -] Option "rabbit_password" from group "DEFAULT" is deprecated. Use option "rabbit_password" from group "oslo_messaging_rabbit".
2017-03-21 13:48:58.433 3785 WARNING oslo_config.cfg [req-a886c6e9-a979-4e9c-b774-521b1460b7e5 - - - - -] Option "rabbit_password" from group "oslo_messaging_rabbit" is deprecated for removal. Its value may be silently ignored in the future.
2017-03-21 13:48:58.540 3792 INFO eventlet.wsgi.server [req-a6fd3c2d-f0c6-4f76-b4c2-71d0b7c3a011 - - - - -] 127.0.0.1 "PUT /v1/nodes/a960e3ed-9e08-51e2-a4b4-29ea8fee5576/states/provision HTTP/1.1" status: 202 len: 383 time: 0.2248449
2017-03-21 13:48:58.561 3795 INFO eventlet.wsgi.server [req-4f53ca96-9cbe-43b2-8b82-3449c54e17da - - - - -] 127.0.0.1 "PUT /v1/nodes/78544ab5-49df-5a83-acfa-2068ac465b21/states/provision HTTP/1.1" status: 202 len: 383 time: 0.1458809
2017-03-21 13:48:58.570 3792 INFO eventlet.wsgi.server [req-1cb5884b-e529-43b3-829f-2d2d7e7639de - - - - -] 127.0.0.1 "GET /v1/nodes/a960e3ed-9e08-51e2-a4b4-29ea8fee5576 HTTP/1.1" status: 200 len: 1729 time: 0.0258901
2017-03-21 13:48:58.596 3795 INFO eventlet.wsgi.server [req-667be9a8-b785-46d4-ad25-da9c1e667f35 - - - - -] 127.0.0.1 "GET /v1/nodes/78544ab5-49df-5a83-acfa-2068ac465b21 HTTP/1.1" status: 200 len: 1757 time: 0.0316961
2017-03-21 13:48:58.612 3798 INFO eventlet.wsgi.server [req-829b2178-6e17-4661-8cf0-fbd780b06eeb - - - - -] 127.0.0.1 "GET /v1/nodes/78544ab5-49df-5a83-acfa-2068ac465b21 HTTP/1.1" status: 200 len: 1776 time: 0.0329370
2017-03-21 13:48:58.617 3795 INFO eventlet.wsgi.server [req-72857dca-460b-4bf5-b173-c3fac4ad881f - - - - -] 127.0.0.1 "GET /v1/nodes/78544ab5-49df-5a83-acfa-2068ac465b21 HTTP/1.1" status: 200 len: 1757 time: 0.0181010
2017-03-21 13:48:58.636 3785 INFO eventlet.wsgi.server [req-a886c6e9-a979-4e9c-b774-521b1460b7e5 - - - - -] 127.0.0.1 "PUT /v1/nodes/5910c412-a48c-50c1-9a92-84a7edd87952/states/provision HTTP/1.1" status: 202 len: 383 time: 0.2275140
2017-03-21 13:48:58.643 3798 WARNING oslo_config.cfg [req-54d3aa4c-3517-4a86-91a5-6758cab0a9b6 - - - - -] Option "rabbit_userid" from group "DEFAULT" is deprecated. Use option "rabbit_userid" from group "oslo_messaging_rabbit".
2017-03-21 13:48:58.644 3798 WARNING oslo_config.cfg [req-54d3aa4c-3517-4a86-91a5-6758cab0a9b6 - - - - -] Option "rabbit_userid" from group "oslo_messaging_rabbit" is deprecated for removal. Its value may be silently ignored in the future.
2017-03-21 13:48:58.644 3798 WARNING oslo_config.cfg [req-54d3aa4c-3517-4a86-91a5-6758cab0a9b6 - - - - -] Option "rabbit_password" from group "DEFAULT" is deprecated. Use option "rabbit_password" from group "oslo_messaging_rabbit".
2017-03-21 13:48:58.644 3798 WARNING oslo_config.cfg [req-54d3aa4c-3517-4a86-91a5-6758cab0a9b6 - - - - -] Option "rabbit_password" from group "oslo_messaging_rabbit" is deprecated for removal. Its value may be silently ignored in the future.
2017-03-21 13:48:58.668 3785 INFO eventlet.wsgi.server [req-bbbfea3f-333c-4844-87ee-654762adc167 - - - - -] 127.0.0.1 "GET /v1/nodes/5910c412-a48c-50c1-9a92-84a7edd87952 HTTP/1.1" status: 200 len: 1727 time: 0.0277629
2017-03-21 13:48:58.738 3792 INFO eventlet.wsgi.server [req-9e783cda-329e-48a9-8f00-81b1f060e1d3 - - - - -] 127.0.0.1 "PUT /v1/nodes/a960e3ed-9e08-51e2-a4b4-29ea8fee5576/states/provision HTTP/1.1" status: 202 len: 383 time: 0.1642940
2017-03-21 13:48:58.751 3798 INFO eventlet.wsgi.server [req-54d3aa4c-3517-4a86-91a5-6758cab0a9b6 - - - - -] 127.0.0.1 "GET /v1/nodes/78544ab5-49df-5a83-acfa-2068ac465b21/validate HTTP/1.1" status: 200 len: 1081 time: 0.1345100
2017-03-21 13:48:58.773 3792 INFO eventlet.wsgi.server [req-34272036-a775-435e-82c9-74cad11744e3 - - - - -] 127.0.0.1 "GET /v1/nodes/a960e3ed-9e08-51e2-a4b4-29ea8fee5576 HTTP/1.1" status: 200 len: 1760 time: 0.0333309
2017-03-21 13:48:58.797 3792 INFO eventlet.wsgi.server [req-cdd68839-f08c-4cd3-aa7c-8f07cbf191d1 - - - - -] 127.0.0.1 "GET /v1/nodes/a960e3ed-9e08-51e2-a4b4-29ea8fee5576 HTTP/1.1" status: 200 len: 1760 time: 0.0237911
2017-03-21 13:48:58.823 3785 INFO eventlet.wsgi.server [req-fdd08e33-4efd-49fd-a5f2-206eda12ab36 - - - - -] 127.0.0.1 "PUT /v1/nodes/5910c412-a48c-50c1-9a92-84a7edd87952/states/provision HTTP/1.1" status: 202 len: 383 time: 0.1514521
2017-03-21 13:48:58.847 3785 INFO eventlet.wsgi.server [req-9825209d-3060-4b4b-958a-b7faeb436d66 - - - - -] 127.0.0.1 "GET /v1/nodes/5910c412-a48c-50c1-9a92-84a7edd87952 HTTP/1.1" status: 200 len: 1758 time: 0.0201790
2017-03-21 13:48:58.866 3785 INFO eventlet.wsgi.server [req-a77f9296-5f38-4268-96c6-843432356310 - - - - -] 127.0.0.1 "GET /v1/nodes/5910c412-a48c-50c1-9a92-84a7edd87952 HTTP/1.1" status: 200 len: 1758 time: 0.0159640
2017-03-21 13:48:58.917 3798 INFO eventlet.wsgi.server [req-4bd1a6b8-6954-4863-9b1e-15e58ad1de1b - - - - -] 127.0.0.1 "GET /v1/nodes/78544ab5-49df-5a83-acfa-2068ac465b21 HTTP/1.1" status: 200 len: 1776 time: 0.0256000
2017-03-21 13:48:58.952 3798 INFO eventlet.wsgi.server [req-8d59c9cf-8345-4ce2-92f7-0c85e3136916 - - - - -] 127.0.0.1 "GET /v1/nodes/78544ab5-49df-5a83-acfa-2068ac465b21/ports HTTP/1.1" status: 200 len: 623 time: 0.0296919
2017-03-21 13:48:59.083 3796 INFO eventlet.wsgi.server [req-ffd2c162-6bd2-4067-b679-ef1d49bcaa1e - - - - -] 127.0.0.1 "GET /v1/nodes/a960e3ed-9e08-51e2-a4b4-29ea8fee5576 HTTP/1.1" status: 200 len: 1779 time: 0.1853929
2017-03-21 13:48:59.117 3796 WARNING oslo_config.cfg [req-4d65a666-d3b2-4ba1-8a5f-1d8e09ad5118 - - - - -] Option "rabbit_userid" from group "DEFAULT" is deprecated. Use option "rabbit_userid" from group "oslo_messaging_rabbit".
2017-03-21 13:48:59.118 3796 WARNING oslo_config.cfg [req-4d65a666-d3b2-4ba1-8a5f-1d8e09ad5118 - - - - -] Option "rabbit_userid" from group "oslo_messaging_rabbit" is deprecated for removal. Its value may be silently ignored in the future.
2017-03-21 13:48:59.118 3796 WARNING oslo_config.cfg [req-4d65a666-d3b2-4ba1-8a5f-1d8e09ad5118 - - - - -] Option "rabbit_password" from group "DEFAULT" is deprecated. Use option "rabbit_password" from group "oslo_messaging_rabbit".
2017-03-21 13:48:59.118 3796 WARNING oslo_config.cfg [req-4d65a666-d3b2-4ba1-8a5f-1d8e09ad5118 - - - - -] Option "rabbit_password" from group "oslo_messaging_rabbit" is deprecated for removal. Its value may be silently ignored in the future.
2017-03-21 13:48:59.189 3796 INFO eventlet.wsgi.server [req-4d65a666-d3b2-4ba1-8a5f-1d8e09ad5118 - - - - -] 127.0.0.1 "GET /v1/nodes/a960e3ed-9e08-51e2-a4b4-29ea8fee5576/validate HTTP/1.1" status: 200 len: 1081 time: 0.1006119
2017-03-21 13:48:59.347 3796 INFO eventlet.wsgi.server [req-4a11c3c8-bc7b-49c0-8be9-52f90f1665c7 - - - - -] 127.0.0.1 "GET /v1/nodes/a960e3ed-9e08-51e2-a4b4-29ea8fee5576 HTTP/1.1" status: 200 len: 1779 time: 0.0305831
2017-03-21 13:48:59.497 3787 INFO eventlet.wsgi.server [req-67fe1d7c-f19c-45ae-91ef-bd8af4b56416 - - - - -] 127.0.0.1 "GET /v1/nodes/5910c412-a48c-50c1-9a92-84a7edd87952 HTTP/1.1" status: 200 len: 1777 time: 0.1755478
2017-03-21 13:48:59.522 3787 WARNING oslo_config.cfg [req-f34fc2ac-b747-4951-b090-20f2d020bb62 - - - - -] Option "rabbit_userid" from group "DEFAULT" is deprecated. Use option "rabbit_userid" from group "oslo_messaging_rabbit".
2017-03-21 13:48:59.522 3787 WARNING oslo_config.cfg [req-f34fc2ac-b747-4951-b090-20f2d020bb62 - - - - -] Option "rabbit_userid" from group "oslo_messaging_rabbit" is deprecated for removal. Its value may be silently ignored in the future.
2017-03-21 13:48:59.523 3787 WARNING oslo_config.cfg [req-f34fc2ac-b747-4951-b090-20f2d020bb62 - - - - -] Option "rabbit_password" from group "DEFAULT" is deprecated. Use option "rabbit_password" from group "oslo_messaging_rabbit".
2017-03-21 13:48:59.523 3787 WARNING oslo_config.cfg [req-f34fc2ac-b747-4951-b090-20f2d020bb62 - - - - -] Option "rabbit_password" from group "oslo_messaging_rabbit" is deprecated for removal. Its value may be silently ignored in the future.
2017-03-21 13:48:59.598 3787 INFO eventlet.wsgi.server [req-f34fc2ac-b747-4951-b090-20f2d020bb62 - - - - -] 127.0.0.1 "GET /v1/nodes/5910c412-a48c-50c1-9a92-84a7edd87952/validate HTTP/1.1" status: 200 len: 1081 time: 0.0972791
2017-03-21 13:48:59.756 3787 INFO eventlet.wsgi.server [req-b750209a-a50f-453c-94dd-2f177794c33c - - - - -] 127.0.0.1 "GET /v1/nodes/5910c412-a48c-50c1-9a92-84a7edd87952 HTTP/1.1" status: 200 len: 1777 time: 0.0270660
2017-03-21 13:49:00.652 3795 INFO eventlet.wsgi.server [req-7c65f28d-99d1-4566-929f-bc649c3f4c02 - - - - -] 127.0.0.1 "GET /v1/nodes/78544ab5-49df-5a83-acfa-2068ac465b21 HTTP/1.1" status: 200 len: 1777 time: 0.0287960
2017-03-21 13:49:00.831 3792 INFO eventlet.wsgi.server [req-2e8cd11d-49ff-49de-a9e4-d9d148efe6cb - - - - -] 127.0.0.1 "GET /v1/nodes/a960e3ed-9e08-51e2-a4b4-29ea8fee5576 HTTP/1.1" status: 200 len: 1760 time: 0.0289960
2017-03-21 13:49:00.900 3785 INFO eventlet.wsgi.server [req-8c49f6d5-b4dc-4307-8ac5-5ecfca34d0d7 - - - - -] 127.0.0.1 "GET /v1/nodes/5910c412-a48c-50c1-9a92-84a7edd87952 HTTP/1.1" status: 200 len: 1758 time: 0.0281410
2017-03-21 13:49:02.687 3795 INFO eventlet.wsgi.server [req-de71c84e-dd65-4117-b7d5-9fc3a2145eec - - - - -] 127.0.0.1 "GET /v1/nodes/78544ab5-49df-5a83-acfa-2068ac465b21 HTTP/1.1" status: 200 len: 1777 time: 0.0287390
2017-03-21 13:49:02.864 3792 INFO eventlet.wsgi.server [req-fda86923-daae-4a87-9db1-2003323f5675 - - - - -] 127.0.0.1 "GET /v1/nodes/a960e3ed-9e08-51e2-a4b4-29ea8fee5576 HTTP/1.1" status: 200 len: 1760 time: 0.0283558
2017-03-21 13:49:02.935 3785 INFO eventlet.wsgi.server [req-904eabd3-b884-49a9-8979-4eabb577f98e - - - - -] 127.0.0.1 "GET /v1/nodes/5910c412-a48c-50c1-9a92-84a7edd87952 HTTP/1.1" status: 200 len: 1758 time: 0.0289860
2017-03-21 13:49:03.966 3796 INFO eventlet.wsgi.server [req-6cd2e211-f3d4-4100-ab48-dd34517c4cc4 - - - - -] 127.0.0.1 "GET /v1/nodes/a960e3ed-9e08-51e2-a4b4-29ea8fee5576/ports HTTP/1.1" status: 200 len: 623 time: 0.0418382
2017-03-21 13:49:04.355 3798 INFO eventlet.wsgi.server [req-2aeb4722-d995-485b-98e5-83e1635bfdee - - - - -] 127.0.0.1 "PUT /v1/nodes/78544ab5-49df-5a83-acfa-2068ac465b21/management/boot_device HTTP/1.1" status: 204 len: 300 time: 5.3567710
2017-03-21 13:49:04.513 3798 INFO eventlet.wsgi.server [req-1c0f9c7c-4d01-4513-8df1-620a2bbc2a2a - - - - -] 127.0.0.1 "PUT /v1/nodes/78544ab5-49df-5a83-acfa-2068ac465b21/states/power HTTP/1.1" status: 202 len: 384 time: 0.1545620
2017-03-21 13:49:04.723 3795 INFO eventlet.wsgi.server [req-08719fc4-7278-46d7-9df2-adfd6d7ecf2f - - - - -] 127.0.0.1 "GET /v1/nodes/78544ab5-49df-5a83-acfa-2068ac465b21 HTTP/1.1" status: 200 len: 1783 time: 0.0289302
2017-03-21 13:49:04.900 3792 INFO eventlet.wsgi.server [req-9a9793e3-86f4-484b-b6e0-efaf0b401273 - - - - -] 127.0.0.1 "GET /v1/nodes/a960e3ed-9e08-51e2-a4b4-29ea8fee5576 HTTP/1.1" status: 200 len: 1780 time: 0.0286391
2017-03-21 13:49:04.972 3785 INFO eventlet.wsgi.server [req-277ee2c1-acc5-4a41-87d9-4946dfa38774 - - - - -] 127.0.0.1 "GET /v1/nodes/5910c412-a48c-50c1-9a92-84a7edd87952 HTTP/1.1" status: 200 len: 1758 time: 0.0304060
2017-03-21 13:49:06.758 3795 INFO eventlet.wsgi.server [req-4e288a2b-689a-4fb7-9391-9f42dcd5058b - - - - -] 127.0.0.1 "GET /v1/nodes/78544ab5-49df-5a83-acfa-2068ac465b21 HTTP/1.1" status: 200 len: 1783 time: 0.0282750
2017-03-21 13:49:06.935 3792 INFO eventlet.wsgi.server [req-fd5968c1-b5ef-47b2-b915-0860f7fdaae2 - - - - -] 127.0.0.1 "GET /v1/nodes/a960e3ed-9e08-51e2-a4b4-29ea8fee5576 HTTP/1.1" status: 200 len: 1780 time: 0.0284109
2017-03-21 13:49:07.007 3785 INFO eventlet.wsgi.server [req-723c8084-54f6-423f-a00a-41a0d27f6053 - - - - -] 127.0.0.1 "GET /v1/nodes/5910c412-a48c-50c1-9a92-84a7edd87952 HTTP/1.1" status: 200 len: 1758 time: 0.0282400
2017-03-21 13:49:08.793 3795 INFO eventlet.wsgi.server [req-24316f07-fac7-480f-97df-b248cc50b674 - - - - -] 127.0.0.1 "GET /v1/nodes/78544ab5-49df-5a83-acfa-2068ac465b21 HTTP/1.1" status: 200 len: 1783 time: 0.0282500
2017-03-21 13:49:08.960 3787 INFO eventlet.wsgi.server [req-fd8985f8-b90b-4185-b1b8-fafa0837fb3f - - - - -] 127.0.0.1 "GET /v1/nodes/5910c412-a48c-50c1-9a92-84a7edd87952/ports HTTP/1.1" status: 200 len: 623 time: 0.0355480
2017-03-21 13:49:08.970 3792 INFO eventlet.wsgi.server [req-32ede697-6176-43f3-a4ee-42a5c4d68985 - - - - -] 127.0.0.1 "GET /v1/nodes/a960e3ed-9e08-51e2-a4b4-29ea8fee5576 HTTP/1.1" status: 200 len: 1780 time: 0.0294909
2017-03-21 13:49:09.042 3785 INFO eventlet.wsgi.server [req-4b32eb41-a688-4871-bc90-d642566d2130 - - - - -] 127.0.0.1 "GET /v1/nodes/5910c412-a48c-50c1-9a92-84a7edd87952 HTTP/1.1" status: 200 len: 1758 time: 0.0287571
2017-03-21 13:49:10.829 3795 INFO eventlet.wsgi.server [req-26929e33-02fc-432d-a0b7-a5b498d355d6 - - - - -] 127.0.0.1 "GET /v1/nodes/78544ab5-49df-5a83-acfa-2068ac465b21 HTTP/1.1" status: 200 len: 1783 time: 0.0288100
2017-03-21 13:49:11.005 3792 INFO eventlet.wsgi.server [req-df1665a3-86f9-44c1-8ad5-f4ef19c39026 - - - - -] 127.0.0.1 "GET /v1/nodes/a960e3ed-9e08-51e2-a4b4-29ea8fee5576 HTTP/1.1" status: 200 len: 1780 time: 0.0282571
2017-03-21 13:49:11.080 3785 INFO eventlet.wsgi.server [req-0c284859-dd06-446b-a475-556ceb365989 - - - - -] 127.0.0.1 "GET /v1/nodes/5910c412-a48c-50c1-9a92-84a7edd87952 HTTP/1.1" status: 200 len: 1778 time: 0.0314748
2017-03-21 13:49:12.867 3795 INFO eventlet.wsgi.server [req-87f0ff57-2125-4fc5-b33b-7e7655adbd2d - - - - -] 127.0.0.1 "GET /v1/nodes/78544ab5-49df-5a83-acfa-2068ac465b21 HTTP/1.1" status: 200 len: 1783 time: 0.0302739
2017-03-21 13:49:13.041 3792 INFO eventlet.wsgi.server [req-0c21f387-625f-44f7-9752-1c635eec0f1d - - - - -] 127.0.0.1 "GET /v1/nodes/a960e3ed-9e08-51e2-a4b4-29ea8fee5576 HTTP/1.1" status: 200 len: 1780 time: 0.0289171
2017-03-21 13:49:13.117 3785 INFO eventlet.wsgi.server [req-62d1312b-3c94-47ef-8ef5-646b81cf70d6 - - - - -] 127.0.0.1 "GET /v1/nodes/5910c412-a48c-50c1-9a92-84a7edd87952 HTTP/1.1" status: 200 len: 1778 time: 0.0311542
