2017-03-21 15:23:59.954 15362 INFO oslo_service.service [-] Caught SIGTERM, stopping children
2017-03-21 15:23:59.955 15362 INFO oslo.service.wsgi [-] Stopping WSGI server.
2017-03-21 15:23:59.955 15362 INFO oslo_service.service [-] Waiting on 16 children to exit
2017-03-21 15:23:59.955 20580 INFO oslo.service.wsgi [-] Stopping WSGI server.
2017-03-21 15:23:59.955 20579 INFO oslo.service.wsgi [-] Stopping WSGI server.
2017-03-21 15:23:59.955 20572 INFO oslo.service.wsgi [-] Stopping WSGI server.
2017-03-21 15:23:59.955 20580 INFO eventlet.wsgi.server [-] (20580) wsgi exited, is_accepting=True
2017-03-21 15:23:59.955 20574 INFO oslo.service.wsgi [-] Stopping WSGI server.
2017-03-21 15:23:59.955 20568 INFO oslo.service.wsgi [-] Stopping WSGI server.
2017-03-21 15:23:59.956 20572 INFO eventlet.wsgi.server [-] (20572) wsgi exited, is_accepting=True
2017-03-21 15:23:59.955 20569 INFO oslo.service.wsgi [-] Stopping WSGI server.
2017-03-21 15:23:59.956 20577 INFO oslo.service.wsgi [-] Stopping WSGI server.
2017-03-21 15:23:59.956 20568 INFO eventlet.wsgi.server [-] (20568) wsgi exited, is_accepting=True
2017-03-21 15:23:59.956 20577 INFO eventlet.wsgi.server [-] (20577) wsgi exited, is_accepting=True
2017-03-21 15:23:59.956 20574 INFO eventlet.wsgi.server [-] (20574) wsgi exited, is_accepting=True
2017-03-21 15:23:59.956 20569 INFO eventlet.wsgi.server [-] (20569) wsgi exited, is_accepting=True
2017-03-21 15:23:59.958 15362 INFO oslo_service.service [-] Child 20580 exited with status 0
2017-03-21 15:23:59.958 15362 INFO oslo_service.service [-] Child 20572 exited with status 0
2017-03-21 15:23:59.959 15362 INFO oslo_service.service [-] Child 20577 exited with status 0
2017-03-21 15:23:59.959 20576 INFO oslo.service.wsgi [-] Stopping WSGI server.
2017-03-21 15:23:59.959 20575 INFO oslo.service.wsgi [-] Stopping WSGI server.
2017-03-21 15:23:59.959 20576 INFO eventlet.wsgi.server [-] (20576) wsgi exited, is_accepting=True
2017-03-21 15:23:59.959 20575 INFO eventlet.wsgi.server [-] (20575) wsgi exited, is_accepting=True
2017-03-21 15:23:59.960 15362 INFO oslo_service.service [-] Child 20568 exited with status 0
2017-03-21 15:23:59.960 15362 INFO oslo_service.service [-] Child 20574 exited with status 0
2017-03-21 15:23:59.961 15362 INFO oslo_service.service [-] Child 20569 exited with status 0
2017-03-21 15:23:59.960 20582 INFO oslo.service.wsgi [-] Stopping WSGI server.
2017-03-21 15:23:59.961 20570 INFO oslo.service.wsgi [-] Stopping WSGI server.
2017-03-21 15:23:59.961 20582 INFO eventlet.wsgi.server [-] (20582) wsgi exited, is_accepting=True
2017-03-21 15:23:59.961 15362 INFO oslo_service.service [-] Child 20576 exited with status 0
2017-03-21 15:23:59.961 15362 INFO oslo_service.service [-] Child 20575 exited with status 0
2017-03-21 15:23:59.961 20570 INFO eventlet.wsgi.server [-] (20570) wsgi exited, is_accepting=True
2017-03-21 15:23:59.962 20573 INFO oslo.service.wsgi [-] Stopping WSGI server.
2017-03-21 15:23:59.962 20573 INFO eventlet.wsgi.server [-] (20573) wsgi exited, is_accepting=True
2017-03-21 15:23:59.964 15362 INFO oslo_service.service [-] Child 20582 exited with status 0
2017-03-21 15:23:59.965 15362 INFO oslo_service.service [-] Child 20573 exited with status 0
2017-03-21 15:23:59.965 20571 INFO oslo.service.wsgi [-] Stopping WSGI server.
2017-03-21 15:23:59.965 15362 INFO oslo_service.service [-] Child 20570 exited with status 0
2017-03-21 15:23:59.965 20571 INFO eventlet.wsgi.server [-] (20571) wsgi exited, is_accepting=True
2017-03-21 15:23:59.966 20567 INFO oslo.service.wsgi [-] Stopping WSGI server.
2017-03-21 15:23:59.966 20567 INFO eventlet.wsgi.server [-] (20567) wsgi exited, is_accepting=True
2017-03-21 15:23:59.956 20579 INFO eventlet.wsgi.server [-] (20579) wsgi exited, is_accepting=True
2017-03-21 15:23:59.967 15362 INFO oslo_service.service [-] Child 20571 exited with status 0
2017-03-21 15:23:59.970 15362 INFO oslo_service.service [-] Child 20567 exited with status 0
2017-03-21 15:23:59.970 15362 INFO oslo_service.service [-] Child 20579 exited with status 0
2017-03-21 15:23:59.970 20581 INFO oslo.service.wsgi [-] Stopping WSGI server.
2017-03-21 15:23:59.970 20578 INFO oslo.service.wsgi [-] Stopping WSGI server.
2017-03-21 15:23:59.970 20581 INFO eventlet.wsgi.server [-] (20581) wsgi exited, is_accepting=True
2017-03-21 15:23:59.971 20578 INFO eventlet.wsgi.server [-] (20578) wsgi exited, is_accepting=True
2017-03-21 15:23:59.972 15362 INFO oslo_service.service [-] Child 20581 exited with status 0
2017-03-21 15:23:59.974 15362 INFO oslo_service.service [-] Child 20578 exited with status 0
2017-03-21 15:24:01.636 20596 INFO oslo.service.wsgi [-] ironic_api listening on 0.0.0.0:6385
2017-03-21 15:24:01.637 20596 INFO oslo_service.service [-] Starting 16 workers
2017-03-21 15:24:01.647 20636 INFO eventlet.wsgi.server [-] (20636) wsgi starting up on http://0.0.0.0:6385
2017-03-21 15:24:01.647 20633 INFO eventlet.wsgi.server [-] (20633) wsgi starting up on http://0.0.0.0:6385
2017-03-21 15:24:01.649 20635 INFO eventlet.wsgi.server [-] (20635) wsgi starting up on http://0.0.0.0:6385
2017-03-21 15:24:01.653 20641 INFO eventlet.wsgi.server [-] (20641) wsgi starting up on http://0.0.0.0:6385
2017-03-21 15:24:01.653 20639 INFO eventlet.wsgi.server [-] (20639) wsgi starting up on http://0.0.0.0:6385
2017-03-21 15:24:01.657 20634 INFO eventlet.wsgi.server [-] (20634) wsgi starting up on http://0.0.0.0:6385
2017-03-21 15:24:01.657 20638 INFO eventlet.wsgi.server [-] (20638) wsgi starting up on http://0.0.0.0:6385
2017-03-21 15:24:01.659 20646 INFO eventlet.wsgi.server [-] (20646) wsgi starting up on http://0.0.0.0:6385
2017-03-21 15:24:01.658 20643 INFO eventlet.wsgi.server [-] (20643) wsgi starting up on http://0.0.0.0:6385
2017-03-21 15:24:01.659 20644 INFO eventlet.wsgi.server [-] (20644) wsgi starting up on http://0.0.0.0:6385
2017-03-21 15:24:01.660 20642 INFO eventlet.wsgi.server [-] (20642) wsgi starting up on http://0.0.0.0:6385
2017-03-21 15:24:01.662 20637 INFO eventlet.wsgi.server [-] (20637) wsgi starting up on http://0.0.0.0:6385
2017-03-21 15:24:01.662 20640 INFO eventlet.wsgi.server [-] (20640) wsgi starting up on http://0.0.0.0:6385
2017-03-21 15:24:01.663 20647 INFO eventlet.wsgi.server [-] (20647) wsgi starting up on http://0.0.0.0:6385
2017-03-21 15:24:01.665 20596 WARNING oslo_config.cfg [-] Option "rabbit_password" from group "DEFAULT" is deprecated. Use option "rabbit_password" from group "oslo_messaging_rabbit".
2017-03-21 15:24:01.666 20596 WARNING oslo_config.cfg [-] Option "rabbit_password" from group "oslo_messaging_rabbit" is deprecated for removal. Its value may be silently ignored in the future.
2017-03-21 15:24:01.666 20596 WARNING oslo_config.cfg [-] Option "rabbit_userid" from group "DEFAULT" is deprecated. Use option "rabbit_userid" from group "oslo_messaging_rabbit".
2017-03-21 15:24:01.666 20596 WARNING oslo_config.cfg [-] Option "rabbit_userid" from group "oslo_messaging_rabbit" is deprecated for removal. Its value may be silently ignored in the future.
2017-03-21 15:24:01.667 20645 INFO eventlet.wsgi.server [-] (20645) wsgi starting up on http://0.0.0.0:6385
2017-03-21 15:24:01.669 20648 INFO eventlet.wsgi.server [-] (20648) wsgi starting up on http://0.0.0.0:6385
2017-03-21 15:25:00.389 20634 INFO eventlet.wsgi.server [req-82e716ec-c876-4e96-94a5-ebb5bb5489c7 - - - - -] 127.0.0.1 "GET /v1/nodes HTTP/1.1" status: 200 len: 338 time: 0.2026210
2017-03-21 15:26:00.388 20636 INFO eventlet.wsgi.server [req-8f2c8e05-a245-47d2-8668-6efad1aaa868 - - - - -] 127.0.0.1 "GET /v1/nodes HTTP/1.1" status: 200 len: 338 time: 0.1986251
2017-03-21 15:27:00.224 20636 INFO eventlet.wsgi.server [req-fd1363e3-9779-4ce5-8a35-fcd98f6c2278 - - - - -] 127.0.0.1 "GET /v1/nodes HTTP/1.1" status: 200 len: 338 time: 0.0329401
2017-03-21 15:28:00.370 20646 INFO eventlet.wsgi.server [req-996764d7-9423-477d-94e0-20b859a247d5 - - - - -] 127.0.0.1 "GET /v1/nodes HTTP/1.1" status: 200 len: 338 time: 0.1856949
2017-03-21 15:29:00.326 20635 INFO eventlet.wsgi.server [req-c0aa45a9-65b1-4f2d-af38-7045152bd9c0 - - - - -] 127.0.0.1 "GET /v1/nodes HTTP/1.1" status: 200 len: 338 time: 0.1380661
2017-03-21 15:30:00.390 20637 INFO eventlet.wsgi.server [req-98c050a7-81cb-4aa2-9a46-42ec5f154f07 - - - - -] 127.0.0.1 "GET /v1/nodes HTTP/1.1" status: 200 len: 338 time: 0.1993110
2017-03-21 15:31:00.398 20641 INFO eventlet.wsgi.server [req-901b187f-3a64-42cf-bcf9-f4ea28ca63af - - - - -] 127.0.0.1 "GET /v1/nodes HTTP/1.1" status: 200 len: 338 time: 0.2002718
2017-03-21 15:31:41.239 20636 INFO eventlet.wsgi.server [req-3f0c9173-50ef-4b25-bef2-2d8be56ea8a9 - - - - -] 127.0.0.1 "GET /v1/nodes/c1a56cb3-fcef-59d5-8105-7e6815154f70 HTTP/1.1" status: 404 len: 485 time: 0.0132041
2017-03-21 15:31:41.264 20636 WARNING oslo_config.cfg [req-595e6eb1-334c-46bf-ad00-1635aeeced63 - - - - -] Option "rabbit_userid" from group "DEFAULT" is deprecated. Use option "rabbit_userid" from group "oslo_messaging_rabbit".
2017-03-21 15:31:41.264 20636 WARNING oslo_config.cfg [req-595e6eb1-334c-46bf-ad00-1635aeeced63 - - - - -] Option "rabbit_userid" from group "oslo_messaging_rabbit" is deprecated for removal. Its value may be silently ignored in the future.
2017-03-21 15:31:41.264 20636 WARNING oslo_config.cfg [req-595e6eb1-334c-46bf-ad00-1635aeeced63 - - - - -] Option "rabbit_password" from group "DEFAULT" is deprecated. Use option "rabbit_password" from group "oslo_messaging_rabbit".
2017-03-21 15:31:41.265 20636 WARNING oslo_config.cfg [req-595e6eb1-334c-46bf-ad00-1635aeeced63 - - - - -] Option "rabbit_password" from group "oslo_messaging_rabbit" is deprecated for removal. Its value may be silently ignored in the future.
2017-03-21 15:31:41.363 20640 INFO eventlet.wsgi.server [req-a07d4330-b41f-40ce-8967-170f280bfc9f - - - - -] 127.0.0.1 "GET /v1/nodes/72010e8e-a3bd-519e-92fa-a69484f8298f HTTP/1.1" status: 404 len: 485 time: 0.1350849
2017-03-21 15:31:41.384 20640 WARNING oslo_config.cfg [req-094db11b-7a26-4477-a99b-38d09f5cd306 - - - - -] Option "rabbit_userid" from group "DEFAULT" is deprecated. Use option "rabbit_userid" from group "oslo_messaging_rabbit".
2017-03-21 15:31:41.384 20640 WARNING oslo_config.cfg [req-094db11b-7a26-4477-a99b-38d09f5cd306 - - - - -] Option "rabbit_userid" from group "oslo_messaging_rabbit" is deprecated for removal. Its value may be silently ignored in the future.
2017-03-21 15:31:41.384 20640 WARNING oslo_config.cfg [req-094db11b-7a26-4477-a99b-38d09f5cd306 - - - - -] Option "rabbit_password" from group "DEFAULT" is deprecated. Use option "rabbit_password" from group "oslo_messaging_rabbit".
2017-03-21 15:31:41.385 20640 WARNING oslo_config.cfg [req-094db11b-7a26-4477-a99b-38d09f5cd306 - - - - -] Option "rabbit_password" from group "oslo_messaging_rabbit" is deprecated for removal. Its value may be silently ignored in the future.
2017-03-21 15:31:41.447 20648 INFO eventlet.wsgi.server [req-e130e598-9ccf-4718-99cc-18f2cf6d6775 - - - - -] 127.0.0.1 "GET /v1/nodes/e1369efa-5391-5035-8533-3a065c44a584 HTTP/1.1" status: 404 len: 485 time: 0.1652191
2017-03-21 15:31:41.469 20648 WARNING oslo_config.cfg [req-3611b9a8-6cb9-44dd-9d8f-7200310ffbae - - - - -] Option "rabbit_userid" from group "DEFAULT" is deprecated. Use option "rabbit_userid" from group "oslo_messaging_rabbit".
2017-03-21 15:31:41.469 20648 WARNING oslo_config.cfg [req-3611b9a8-6cb9-44dd-9d8f-7200310ffbae - - - - -] Option "rabbit_userid" from group "oslo_messaging_rabbit" is deprecated for removal. Its value may be silently ignored in the future.
2017-03-21 15:31:41.469 20648 WARNING oslo_config.cfg [req-3611b9a8-6cb9-44dd-9d8f-7200310ffbae - - - - -] Option "rabbit_password" from group "DEFAULT" is deprecated. Use option "rabbit_password" from group "oslo_messaging_rabbit".
2017-03-21 15:31:41.470 20648 WARNING oslo_config.cfg [req-3611b9a8-6cb9-44dd-9d8f-7200310ffbae - - - - -] Option "rabbit_password" from group "oslo_messaging_rabbit" is deprecated for removal. Its value may be silently ignored in the future.
2017-03-21 15:31:41.749 20636 INFO eventlet.wsgi.server [req-595e6eb1-334c-46bf-ad00-1635aeeced63 - - - - -] 127.0.0.1 "POST /v1/nodes HTTP/1.1" status: 201 len: 1752 time: 0.5036371
2017-03-21 15:31:42.116 20640 INFO eventlet.wsgi.server [req-094db11b-7a26-4477-a99b-38d09f5cd306 - - - - -] 127.0.0.1 "POST /v1/nodes HTTP/1.1" status: 201 len: 1752 time: 0.7481899
2017-03-21 15:31:42.125 20648 INFO eventlet.wsgi.server [req-3611b9a8-6cb9-44dd-9d8f-7200310ffbae - - - - -] 127.0.0.1 "POST /v1/nodes HTTP/1.1" status: 201 len: 1755 time: 0.6735890
2017-03-21 15:31:42.532 20636 INFO eventlet.wsgi.server [req-f33462fe-7fd6-4e7b-98fd-b2eaee731b02 - - - - -] 127.0.0.1 "POST /v1/ports HTTP/1.1" status: 201 len: 829 time: 0.7785180
2017-03-21 15:31:42.958 20640 INFO eventlet.wsgi.server [req-4daeacbb-bca3-4071-9b48-2f50dc4a2c31 - - - - -] 127.0.0.1 "POST /v1/ports HTTP/1.1" status: 201 len: 829 time: 0.8380899
2017-03-21 15:31:42.965 20648 INFO eventlet.wsgi.server [req-58893e92-9327-4efa-bdc6-1b083c9ee4f3 - - - - -] 127.0.0.1 "POST /v1/ports HTTP/1.1" status: 201 len: 829 time: 0.8356202
2017-03-21 15:31:46.543 20641 INFO eventlet.wsgi.server [req-6acc2073-c964-449d-a11b-9228b24ea039 - - - - -] 127.0.0.1 "GET /v1/nodes/e1369efa-5391-5035-8533-3a065c44a584 HTTP/1.1" status: 200 len: 1671 time: 0.0253019
2017-03-21 15:31:46.567 20641 INFO eventlet.wsgi.server [req-efbcbab4-81f3-4827-8656-9a75863bc0c3 - - - - -] 127.0.0.1 "GET /v1/nodes/e1369efa-5391-5035-8533-3a065c44a584 HTTP/1.1" status: 200 len: 1671 time: 0.0218420
2017-03-21 15:31:46.600 20641 WARNING oslo_config.cfg [req-876ae551-7f32-4887-84f6-4d92339a9d2a - - - - -] Option "rabbit_userid" from group "DEFAULT" is deprecated. Use option "rabbit_userid" from group "oslo_messaging_rabbit".
2017-03-21 15:31:46.601 20641 WARNING oslo_config.cfg [req-876ae551-7f32-4887-84f6-4d92339a9d2a - - - - -] Option "rabbit_userid" from group "oslo_messaging_rabbit" is deprecated for removal. Its value may be silently ignored in the future.
2017-03-21 15:31:46.601 20641 WARNING oslo_config.cfg [req-876ae551-7f32-4887-84f6-4d92339a9d2a - - - - -] Option "rabbit_password" from group "DEFAULT" is deprecated. Use option "rabbit_password" from group "oslo_messaging_rabbit".
2017-03-21 15:31:46.602 20641 WARNING oslo_config.cfg [req-876ae551-7f32-4887-84f6-4d92339a9d2a - - - - -] Option "rabbit_password" from group "oslo_messaging_rabbit" is deprecated for removal. Its value may be silently ignored in the future.
2017-03-21 15:31:46.693 20645 INFO eventlet.wsgi.server [req-0bec3b21-ae12-4f15-9fd4-0636525e3661 - - - - -] 127.0.0.1 "GET /v1/nodes/c1a56cb3-fcef-59d5-8105-7e6815154f70 HTTP/1.1" status: 200 len: 1668 time: 0.2154169
2017-03-21 15:31:46.709 20645 INFO eventlet.wsgi.server [req-f34e602e-fb6b-40f3-966b-d88b1d47fffd - - - - -] 127.0.0.1 "GET /v1/nodes/c1a56cb3-fcef-59d5-8105-7e6815154f70 HTTP/1.1" status: 200 len: 1668 time: 0.0121341
2017-03-21 15:31:46.732 20645 WARNING oslo_config.cfg [req-23726778-c05f-4407-9607-6a750d95b463 - - - - -] Option "rabbit_userid" from group "DEFAULT" is deprecated. Use option "rabbit_userid" from group "oslo_messaging_rabbit".
2017-03-21 15:31:46.733 20645 WARNING oslo_config.cfg [req-23726778-c05f-4407-9607-6a750d95b463 - - - - -] Option "rabbit_userid" from group "oslo_messaging_rabbit" is deprecated for removal. Its value may be silently ignored in the future.
2017-03-21 15:31:46.733 20645 WARNING oslo_config.cfg [req-23726778-c05f-4407-9607-6a750d95b463 - - - - -] Option "rabbit_password" from group "DEFAULT" is deprecated. Use option "rabbit_password" from group "oslo_messaging_rabbit".
2017-03-21 15:31:46.733 20645 WARNING oslo_config.cfg [req-23726778-c05f-4407-9607-6a750d95b463 - - - - -] Option "rabbit_password" from group "oslo_messaging_rabbit" is deprecated for removal. Its value may be silently ignored in the future.
2017-03-21 15:31:46.785 20643 INFO eventlet.wsgi.server [req-3c6beab5-cc75-4d73-8bdb-f9148060fda6 - - - - -] 127.0.0.1 "GET /v1/nodes/72010e8e-a3bd-519e-92fa-a69484f8298f HTTP/1.1" status: 200 len: 1668 time: 0.1928301
2017-03-21 15:31:46.806 20643 INFO eventlet.wsgi.server [req-640bc14a-c871-496a-bfa8-99a59f65f57f - - - - -] 127.0.0.1 "GET /v1/nodes/72010e8e-a3bd-519e-92fa-a69484f8298f HTTP/1.1" status: 200 len: 1668 time: 0.0162768
2017-03-21 15:31:46.833 20643 WARNING oslo_config.cfg [req-5508de20-7ea4-4e92-9dd7-e4252695b98c - - - - -] Option "rabbit_userid" from group "DEFAULT" is deprecated. Use option "rabbit_userid" from group "oslo_messaging_rabbit".
2017-03-21 15:31:46.833 20643 WARNING oslo_config.cfg [req-5508de20-7ea4-4e92-9dd7-e4252695b98c - - - - -] Option "rabbit_userid" from group "oslo_messaging_rabbit" is deprecated for removal. Its value may be silently ignored in the future.
2017-03-21 15:31:46.834 20643 WARNING oslo_config.cfg [req-5508de20-7ea4-4e92-9dd7-e4252695b98c - - - - -] Option "rabbit_password" from group "DEFAULT" is deprecated. Use option "rabbit_password" from group "oslo_messaging_rabbit".
2017-03-21 15:31:46.834 20643 WARNING oslo_config.cfg [req-5508de20-7ea4-4e92-9dd7-e4252695b98c - - - - -] Option "rabbit_password" from group "oslo_messaging_rabbit" is deprecated for removal. Its value may be silently ignored in the future.
2017-03-21 15:32:00.410 20642 INFO eventlet.wsgi.server [req-9186fe29-2eff-46c3-9cbe-77a38320caaf - - - - -] 127.0.0.1 "GET /v1/nodes HTTP/1.1" status: 200 len: 1463 time: 0.2139010
2017-03-21 15:32:00.986 20641 INFO eventlet.wsgi.server [req-876ae551-7f32-4887-84f6-4d92339a9d2a - - - - -] 127.0.0.1 "PUT /v1/nodes/e1369efa-5391-5035-8533-3a065c44a584/states/provision HTTP/1.1" status: 202 len: 383 time: 14.4162140
2017-03-21 15:32:00.989 20643 INFO eventlet.wsgi.server [req-5508de20-7ea4-4e92-9dd7-e4252695b98c - - - - -] 127.0.0.1 "PUT /v1/nodes/72010e8e-a3bd-519e-92fa-a69484f8298f/states/provision HTTP/1.1" status: 202 len: 383 time: 14.1794329
2017-03-21 15:32:01.020 20643 INFO eventlet.wsgi.server [req-429adc30-a1b1-4617-85d3-80fedd5ce1c7 - - - - -] 127.0.0.1 "GET /v1/nodes/72010e8e-a3bd-519e-92fa-a69484f8298f HTTP/1.1" status: 200 len: 1715 time: 0.0273459
2017-03-21 15:32:01.024 20641 INFO eventlet.wsgi.server [req-b229c1b0-6062-4e17-86f1-f85505653414 - - - - -] 127.0.0.1 "GET /v1/nodes/e1369efa-5391-5035-8533-3a065c44a584 HTTP/1.1" status: 200 len: 1718 time: 0.0330420
2017-03-21 15:32:01.442 20645 INFO eventlet.wsgi.server [req-23726778-c05f-4407-9607-6a750d95b463 - - - - -] 127.0.0.1 "PUT /v1/nodes/c1a56cb3-fcef-59d5-8105-7e6815154f70/states/provision HTTP/1.1" status: 202 len: 383 time: 14.7293439
2017-03-21 15:32:01.475 20645 INFO eventlet.wsgi.server [req-58ea009d-9c4c-4032-bc81-698760eb5eee - - - - -] 127.0.0.1 "GET /v1/nodes/c1a56cb3-fcef-59d5-8105-7e6815154f70 HTTP/1.1" status: 200 len: 1735 time: 0.0287850
2017-03-21 15:32:02.558 20643 INFO eventlet.wsgi.server [req-11594c9c-49b2-4af7-b76a-0d9018f42077 - - - - -] 127.0.0.1 "PUT /v1/nodes/72010e8e-a3bd-519e-92fa-a69484f8298f/states/provision HTTP/1.1" status: 202 len: 383 time: 1.5338080
2017-03-21 15:32:02.564 20641 INFO eventlet.wsgi.server [req-6136bd11-f95a-4433-a8ee-38c48edfd3ef - - - - -] 127.0.0.1 "PUT /v1/nodes/e1369efa-5391-5035-8533-3a065c44a584/states/provision HTTP/1.1" status: 202 len: 383 time: 1.5361080
2017-03-21 15:32:02.612 20643 INFO eventlet.wsgi.server [req-1fb2a80d-2889-411b-b92d-2a793abec7a5 - - - - -] 127.0.0.1 "GET /v1/nodes/72010e8e-a3bd-519e-92fa-a69484f8298f HTTP/1.1" status: 200 len: 1766 time: 0.0467341
2017-03-21 15:32:02.616 20642 INFO eventlet.wsgi.server [req-2c53ea76-1a34-46b4-a317-126d4706704d - - - - -] 127.0.0.1 "GET /v1/nodes/72010e8e-a3bd-519e-92fa-a69484f8298f HTTP/1.1" status: 200 len: 1765 time: 0.0248101
2017-03-21 15:32:02.619 20641 INFO eventlet.wsgi.server [req-0a2f10b1-7a50-47d4-94f3-656ff457165d - - - - -] 127.0.0.1 "GET /v1/nodes/e1369efa-5391-5035-8533-3a065c44a584 HTTP/1.1" status: 200 len: 1769 time: 0.0441809
2017-03-21 15:32:02.632 20643 INFO eventlet.wsgi.server [req-7e81bb27-d7dd-4221-94e2-17fe8521dbdc - - - - -] 127.0.0.1 "GET /v1/nodes/72010e8e-a3bd-519e-92fa-a69484f8298f HTTP/1.1" status: 200 len: 1746 time: 0.0158648
2017-03-21 15:32:02.646 20641 INFO eventlet.wsgi.server [req-1817edaa-fbfb-4b72-839a-1414c2c4c536 - - - - -] 127.0.0.1 "GET /v1/nodes/e1369efa-5391-5035-8533-3a065c44a584 HTTP/1.1" status: 200 len: 1749 time: 0.0258310
2017-03-21 15:32:02.646 20642 WARNING oslo_config.cfg [req-ada39eef-8254-4e4f-a8c2-48c4919cfb45 - - - - -] Option "rabbit_userid" from group "DEFAULT" is deprecated. Use option "rabbit_userid" from group "oslo_messaging_rabbit".
2017-03-21 15:32:02.647 20642 WARNING oslo_config.cfg [req-ada39eef-8254-4e4f-a8c2-48c4919cfb45 - - - - -] Option "rabbit_userid" from group "oslo_messaging_rabbit" is deprecated for removal. Its value may be silently ignored in the future.
2017-03-21 15:32:02.647 20642 WARNING oslo_config.cfg [req-ada39eef-8254-4e4f-a8c2-48c4919cfb45 - - - - -] Option "rabbit_password" from group "DEFAULT" is deprecated. Use option "rabbit_password" from group "oslo_messaging_rabbit".
2017-03-21 15:32:02.647 20642 WARNING oslo_config.cfg [req-ada39eef-8254-4e4f-a8c2-48c4919cfb45 - - - - -] Option "rabbit_password" from group "oslo_messaging_rabbit" is deprecated for removal. Its value may be silently ignored in the future.
2017-03-21 15:32:02.709 20642 INFO eventlet.wsgi.server [req-ada39eef-8254-4e4f-a8c2-48c4919cfb45 - - - - -] 127.0.0.1 "GET /v1/nodes/72010e8e-a3bd-519e-92fa-a69484f8298f/validate HTTP/1.1" status: 200 len: 1081 time: 0.0886130
2017-03-21 15:32:03.395 20645 INFO eventlet.wsgi.server [req-f3d7bccd-48c2-4e7c-a4ce-f26bc9ee89bd - - - - -] 127.0.0.1 "PUT /v1/nodes/c1a56cb3-fcef-59d5-8105-7e6815154f70/states/provision HTTP/1.1" status: 202 len: 383 time: 1.9164851
2017-03-21 15:32:03.429 20645 INFO eventlet.wsgi.server [req-4fbd5962-1f7f-4b92-8801-6f3856949699 - - - - -] 127.0.0.1 "GET /v1/nodes/c1a56cb3-fcef-59d5-8105-7e6815154f70 HTTP/1.1" status: 200 len: 1753 time: 0.0288870
2017-03-21 15:32:03.453 20645 INFO eventlet.wsgi.server [req-2efc9d66-a8e3-4a5d-a1ee-25c41353345d - - - - -] 127.0.0.1 "GET /v1/nodes/c1a56cb3-fcef-59d5-8105-7e6815154f70 HTTP/1.1" status: 200 len: 1753 time: 0.0213151
2017-03-21 15:32:03.544 20642 INFO eventlet.wsgi.server [req-563e5252-63a8-403b-834a-a25f60552920 - - - - -] 127.0.0.1 "GET /v1/nodes/72010e8e-a3bd-519e-92fa-a69484f8298f HTTP/1.1" status: 200 len: 1765 time: 0.0240569
2017-03-21 15:32:03.553 20640 INFO eventlet.wsgi.server [req-8ad8d357-202b-49a0-acac-56b1fff6d32f - - - - -] 127.0.0.1 "GET /v1/nodes/e1369efa-5391-5035-8533-3a065c44a584 HTTP/1.1" status: 200 len: 1768 time: 0.0297210
2017-03-21 15:32:03.579 20642 INFO eventlet.wsgi.server [req-7e5f24ff-aab5-472e-b124-c3d93f318b03 - - - - -] 127.0.0.1 "GET /v1/nodes/72010e8e-a3bd-519e-92fa-a69484f8298f/ports HTTP/1.1" status: 200 len: 623 time: 0.0313361
2017-03-21 15:32:03.629 20640 INFO eventlet.wsgi.server [req-f8e393bf-63ed-41d4-90a9-e621e2fb08f7 - - - - -] 127.0.0.1 "GET /v1/nodes/e1369efa-5391-5035-8533-3a065c44a584/validate HTTP/1.1" status: 200 len: 1081 time: 0.0698030
2017-03-21 15:32:04.229 20640 INFO eventlet.wsgi.server [req-fdbb2ea8-377a-47e2-8906-f983a4c68c5f - - - - -] 127.0.0.1 "GET /v1/nodes/e1369efa-5391-5035-8533-3a065c44a584 HTTP/1.1" status: 200 len: 1768 time: 0.0259769
2017-03-21 15:32:04.235 20641 INFO eventlet.wsgi.server [req-5c505d0f-53bf-4389-978e-2f36450fabaf - - - - -] 127.0.0.1 "GET /v1/nodes/c1a56cb3-fcef-59d5-8105-7e6815154f70 HTTP/1.1" status: 200 len: 1772 time: 0.0278590
2017-03-21 15:32:04.288 20641 INFO eventlet.wsgi.server [req-f3ae610c-f82c-4a23-80fa-90b91cd26155 - - - - -] 127.0.0.1 "GET /v1/nodes/c1a56cb3-fcef-59d5-8105-7e6815154f70/validate HTTP/1.1" status: 200 len: 1081 time: 0.0501080
2017-03-21 15:32:04.613 20641 INFO eventlet.wsgi.server [req-7cf7986d-5352-4745-98cb-948bf969dad6 - - - - -] 127.0.0.1 "GET /v1/nodes/c1a56cb3-fcef-59d5-8105-7e6815154f70 HTTP/1.1" status: 200 len: 1772 time: 0.0276461
2017-03-21 15:32:04.665 20643 INFO eventlet.wsgi.server [req-910aa945-3d8a-4c0a-8361-cff58fc80c9e - - - - -] 127.0.0.1 "GET /v1/nodes/72010e8e-a3bd-519e-92fa-a69484f8298f HTTP/1.1" status: 200 len: 1766 time: 0.0270000
2017-03-21 15:32:04.677 20641 INFO eventlet.wsgi.server [req-1494970c-d0b3-42d3-b28d-02151154c57a - - - - -] 127.0.0.1 "GET /v1/nodes/e1369efa-5391-5035-8533-3a065c44a584 HTTP/1.1" status: 200 len: 1749 time: 0.0262940
2017-03-21 15:32:05.491 20645 INFO eventlet.wsgi.server [req-20efbcd1-3ab6-4ee8-983a-e417c86403fa - - - - -] 127.0.0.1 "GET /v1/nodes/c1a56cb3-fcef-59d5-8105-7e6815154f70 HTTP/1.1" status: 200 len: 1753 time: 0.0312469
2017-03-21 15:32:06.703 20643 INFO eventlet.wsgi.server [req-1b00ec85-e56d-4ee5-aa38-a280bb2a46d0 - - - - -] 127.0.0.1 "GET /v1/nodes/72010e8e-a3bd-519e-92fa-a69484f8298f HTTP/1.1" status: 200 len: 1766 time: 0.0292730
2017-03-21 15:32:06.712 20641 INFO eventlet.wsgi.server [req-749cb957-4625-49de-95df-a890db01e987 - - - - -] 127.0.0.1 "GET /v1/nodes/e1369efa-5391-5035-8533-3a065c44a584 HTTP/1.1" status: 200 len: 1749 time: 0.0300548
2017-03-21 15:32:07.528 20645 INFO eventlet.wsgi.server [req-879d39e7-42ed-4e44-a718-3ad087bfd725 - - - - -] 127.0.0.1 "GET /v1/nodes/c1a56cb3-fcef-59d5-8105-7e6815154f70 HTTP/1.1" status: 200 len: 1753 time: 0.0294621
2017-03-21 15:32:08.575 20640 INFO eventlet.wsgi.server [req-85526e8d-07e7-4cf1-bfcf-0b0032af6f2c - - - - -] 127.0.0.1 "GET /v1/nodes/e1369efa-5391-5035-8533-3a065c44a584/ports HTTP/1.1" status: 200 len: 623 time: 0.0226560
2017-03-21 15:32:08.739 20643 INFO eventlet.wsgi.server [req-34774e8e-034f-4352-9b0f-2588bc9f35b7 - - - - -] 127.0.0.1 "GET /v1/nodes/72010e8e-a3bd-519e-92fa-a69484f8298f HTTP/1.1" status: 200 len: 1766 time: 0.0297999
2017-03-21 15:32:08.747 20641 INFO eventlet.wsgi.server [req-159c0a27-2d3a-4b2b-bb0f-0daf311763c8 - - - - -] 127.0.0.1 "GET /v1/nodes/e1369efa-5391-5035-8533-3a065c44a584 HTTP/1.1" status: 200 len: 1769 time: 0.0292661
2017-03-21 15:32:09.567 20645 INFO eventlet.wsgi.server [req-54fa42f8-946e-4f5d-a2ac-f962d6c09415 - - - - -] 127.0.0.1 "GET /v1/nodes/c1a56cb3-fcef-59d5-8105-7e6815154f70 HTTP/1.1" status: 200 len: 1753 time: 0.0306828
2017-03-21 15:32:10.777 20643 INFO eventlet.wsgi.server [req-399ef533-7365-48f2-8640-d332c31a37cb - - - - -] 127.0.0.1 "GET /v1/nodes/72010e8e-a3bd-519e-92fa-a69484f8298f HTTP/1.1" status: 200 len: 1766 time: 0.0302088
2017-03-21 15:32:10.784 20641 INFO eventlet.wsgi.server [req-093549d8-c025-46d7-b224-2451dd89c39d - - - - -] 127.0.0.1 "GET /v1/nodes/e1369efa-5391-5035-8533-3a065c44a584 HTTP/1.1" status: 200 len: 1769 time: 0.0328121
2017-03-21 15:32:11.502 20642 INFO eventlet.wsgi.server [req-a1d9f1ae-e2ce-438e-8fc7-fbda13fe4f9d - - - - -] 127.0.0.1 "PUT /v1/nodes/72010e8e-a3bd-519e-92fa-a69484f8298f/management/boot_device HTTP/1.1" status: 204 len: 300 time: 7.7737801
2017-03-21 15:32:11.604 20645 INFO eventlet.wsgi.server [req-631f24c1-f885-49d8-962b-8b5be1c339d1 - - - - -] 127.0.0.1 "GET /v1/nodes/c1a56cb3-fcef-59d5-8105-7e6815154f70 HTTP/1.1" status: 200 len: 1753 time: 0.0297031
2017-03-21 15:32:11.635 20642 INFO eventlet.wsgi.server [req-33538723-e23e-4f38-ac64-2c0b0bde49e9 - - - - -] 127.0.0.1 "PUT /v1/nodes/72010e8e-a3bd-519e-92fa-a69484f8298f/states/power HTTP/1.1" status: 202 len: 384 time: 0.1282439
2017-03-21 15:32:12.810 20643 INFO eventlet.wsgi.server [req-752157e4-bdf6-4e29-9873-7e774e86b10f - - - - -] 127.0.0.1 "GET /v1/nodes/72010e8e-a3bd-519e-92fa-a69484f8298f HTTP/1.1" status: 200 len: 1772 time: 0.0293510
2017-03-21 15:32:12.816 20641 INFO eventlet.wsgi.server [req-aa2943fb-0b0e-41bc-92ee-768b94e61989 - - - - -] 127.0.0.1 "GET /v1/nodes/e1369efa-5391-5035-8533-3a065c44a584 HTTP/1.1" status: 200 len: 1769 time: 0.0268080
2017-03-21 15:32:13.590 20641 INFO eventlet.wsgi.server [req-56f0e2ed-b521-4fbd-b6c2-c1b31385a35a - - - - -] 127.0.0.1 "GET /v1/nodes/c1a56cb3-fcef-59d5-8105-7e6815154f70/ports HTTP/1.1" status: 200 len: 623 time: 0.0386691
2017-03-21 15:32:13.640 20645 INFO eventlet.wsgi.server [req-1fdcf92a-67ed-414e-99a0-bffe4c189ba5 - - - - -] 127.0.0.1 "GET /v1/nodes/c1a56cb3-fcef-59d5-8105-7e6815154f70 HTTP/1.1" status: 200 len: 1753 time: 0.0303290
2017-03-21 15:32:14.841 20643 INFO eventlet.wsgi.server [req-28875c1a-274f-4598-a72b-c0760416aba3 - - - - -] 127.0.0.1 "GET /v1/nodes/72010e8e-a3bd-519e-92fa-a69484f8298f HTTP/1.1" status: 200 len: 1772 time: 0.0280831
2017-03-21 15:32:14.850 20641 INFO eventlet.wsgi.server [req-369cf0f8-79c9-4916-9d6e-e77c17d83a2e - - - - -] 127.0.0.1 "GET /v1/nodes/e1369efa-5391-5035-8533-3a065c44a584 HTTP/1.1" status: 200 len: 1769 time: 0.0294361
2017-03-21 15:32:15.674 20645 INFO eventlet.wsgi.server [req-8fa56379-d90e-4e46-b0a1-6e307899e74f - - - - -] 127.0.0.1 "GET /v1/nodes/c1a56cb3-fcef-59d5-8105-7e6815154f70 HTTP/1.1" status: 200 len: 1773 time: 0.0274920
2017-03-21 15:32:16.521 20640 INFO eventlet.wsgi.server [req-c29d88cb-1990-4161-923c-e770468aa7f7 - - - - -] 127.0.0.1 "PUT /v1/nodes/e1369efa-5391-5035-8533-3a065c44a584/management/boot_device HTTP/1.1" status: 204 len: 300 time: 7.8488860
2017-03-21 15:32:16.652 20640 INFO eventlet.wsgi.server [req-e6e81bd1-fe39-4ab6-bf0f-ba4e3de27b8d - - - - -] 127.0.0.1 "PUT /v1/nodes/e1369efa-5391-5035-8533-3a065c44a584/states/power HTTP/1.1" status: 202 len: 384 time: 0.1282089
2017-03-21 15:32:16.867 20643 INFO eventlet.wsgi.server [req-9da2ad89-edfc-4e76-9479-aae88aed3bcc - - - - -] 127.0.0.1 "GET /v1/nodes/72010e8e-a3bd-519e-92fa-a69484f8298f HTTP/1.1" status: 200 len: 1772 time: 0.0243351
2017-03-21 15:32:16.879 20641 INFO eventlet.wsgi.server [req-2fb93a84-03fb-43d2-a04d-c837dd04e4f4 - - - - -] 127.0.0.1 "GET /v1/nodes/e1369efa-5391-5035-8533-3a065c44a584 HTTP/1.1" status: 200 len: 1775 time: 0.0248711
2017-03-21 15:32:17.709 20645 INFO eventlet.wsgi.server [req-4f25456a-0cf8-4963-8e84-bf7a190c2108 - - - - -] 127.0.0.1 "GET /v1/nodes/c1a56cb3-fcef-59d5-8105-7e6815154f70 HTTP/1.1" status: 200 len: 1773 time: 0.0284810
2017-03-21 15:32:18.898 20643 INFO eventlet.wsgi.server [req-a9012fd4-1a00-4046-87e4-61cd4fe5f0f7 - - - - -] 127.0.0.1 "GET /v1/nodes/72010e8e-a3bd-519e-92fa-a69484f8298f HTTP/1.1" status: 200 len: 1772 time: 0.0282760
2017-03-21 15:32:18.913 20641 INFO eventlet.wsgi.server [req-806f9874-e69e-47a1-a6c2-314b39076021 - - - - -] 127.0.0.1 "GET /v1/nodes/e1369efa-5391-5035-8533-3a065c44a584 HTTP/1.1" status: 200 len: 1775 time: 0.0290651
2017-03-21 15:32:19.738 20645 INFO eventlet.wsgi.server [req-2e808c69-6d28-4d7a-93cd-3e8d8f35980f - - - - -] 127.0.0.1 "GET /v1/nodes/c1a56cb3-fcef-59d5-8105-7e6815154f70 HTTP/1.1" status: 200 len: 1773 time: 0.0249791
2017-03-21 15:32:20.923 20643 INFO eventlet.wsgi.server [req-29c9f4ae-d4cd-491e-8e61-0cdde8a25c2f - - - - -] 127.0.0.1 "GET /v1/nodes/72010e8e-a3bd-519e-92fa-a69484f8298f HTTP/1.1" status: 200 len: 1772 time: 0.0210402
2017-03-21 15:32:20.950 20641 INFO eventlet.wsgi.server [req-9f787baf-d356-4dbd-bdb8-a3f96515d807 - - - - -] 127.0.0.1 "GET /v1/nodes/e1369efa-5391-5035-8533-3a065c44a584 HTTP/1.1" status: 200 len: 1775 time: 0.0315912
2017-03-21 15:32:21.628 20641 INFO eventlet.wsgi.server [req-cbae93d0-c79e-4a3a-ad19-fe266abdd903 - - - - -] 127.0.0.1 "PUT /v1/nodes/c1a56cb3-fcef-59d5-8105-7e6815154f70/management/boot_device HTTP/1.1" status: 204 len: 300 time: 8.0025930
2017-03-21 15:32:21.772 20645 INFO eventlet.wsgi.server [req-fcc737fb-4736-4666-a173-27c9ab5b2b4c - - - - -] 127.0.0.1 "GET /v1/nodes/c1a56cb3-fcef-59d5-8105-7e6815154f70 HTTP/1.1" status: 200 len: 1773 time: 0.0278721
2017-03-21 15:32:21.860 20641 INFO eventlet.wsgi.server [req-abb00470-8cb9-474c-98eb-17ad549f7ac8 - - - - -] 127.0.0.1 "PUT /v1/nodes/c1a56cb3-fcef-59d5-8105-7e6815154f70/states/power HTTP/1.1" status: 202 len: 384 time: 0.2281060
2017-03-21 15:32:22.953 20643 INFO eventlet.wsgi.server [req-b8e5c7fc-5bd4-4c83-93dd-082a4c0b166d - - - - -] 127.0.0.1 "GET /v1/nodes/72010e8e-a3bd-519e-92fa-a69484f8298f HTTP/1.1" status: 200 len: 1772 time: 0.0277190
2017-03-21 15:32:22.984 20641 INFO eventlet.wsgi.server [req-b0fe7aa9-9af2-4f7a-9550-0c8b839d4d1f - - - - -] 127.0.0.1 "GET /v1/nodes/e1369efa-5391-5035-8533-3a065c44a584 HTTP/1.1" status: 200 len: 1775 time: 0.0291610
2017-03-21 15:32:23.808 20645 INFO eventlet.wsgi.server [req-f3d454e7-22e7-42ea-97b7-b255331f7a4a - - - - -] 127.0.0.1 "GET /v1/nodes/c1a56cb3-fcef-59d5-8105-7e6815154f70 HTTP/1.1" status: 200 len: 1779 time: 0.0305240
2017-03-21 15:32:24.986 20643 INFO eventlet.wsgi.server [req-1e343c3a-e92a-4ac9-9149-b446ede063f5 - - - - -] 127.0.0.1 "GET /v1/nodes/72010e8e-a3bd-519e-92fa-a69484f8298f HTTP/1.1" status: 200 len: 1772 time: 0.0297179
2017-03-21 15:32:25.018 20641 INFO eventlet.wsgi.server [req-73aa0e94-bb87-4ed6-85ed-3d695de57a41 - - - - -] 127.0.0.1 "GET /v1/nodes/e1369efa-5391-5035-8533-3a065c44a584 HTTP/1.1" status: 200 len: 1775 time: 0.0285950
2017-03-21 15:32:25.843 20645 INFO eventlet.wsgi.server [req-ee048377-8d73-441c-8236-2ee6fc4a38ef - - - - -] 127.0.0.1 "GET /v1/nodes/c1a56cb3-fcef-59d5-8105-7e6815154f70 HTTP/1.1" status: 200 len: 1779 time: 0.0289009
2017-03-21 15:32:27.022 20643 INFO eventlet.wsgi.server [req-b231dc23-65d8-4eca-bc26-ec0dff126090 - - - - -] 127.0.0.1 "GET /v1/nodes/72010e8e-a3bd-519e-92fa-a69484f8298f HTTP/1.1" status: 200 len: 1772 time: 0.0320911
2017-03-21 15:32:27.054 20641 INFO eventlet.wsgi.server [req-b82a583b-20bc-4f63-a486-4b988c2fa2df - - - - -] 127.0.0.1 "GET /v1/nodes/e1369efa-5391-5035-8533-3a065c44a584 HTTP/1.1" status: 200 len: 1775 time: 0.0309060
2017-03-21 15:32:27.878 20645 INFO eventlet.wsgi.server [req-ed759ef3-b800-462a-9a10-4f8e80c9cd86 - - - - -] 127.0.0.1 "GET /v1/nodes/c1a56cb3-fcef-59d5-8105-7e6815154f70 HTTP/1.1" status: 200 len: 1779 time: 0.0316601
2017-03-21 15:32:29.050 20643 INFO eventlet.wsgi.server [req-e6b6e1f8-df39-4bd6-b049-49a8401c27e5 - - - - -] 127.0.0.1 "GET /v1/nodes/72010e8e-a3bd-519e-92fa-a69484f8298f HTTP/1.1" status: 200 len: 1772 time: 0.0258749
2017-03-21 15:32:29.088 20641 INFO eventlet.wsgi.server [req-3344b458-a275-4826-94f8-c4ffdb174dc2 - - - - -] 127.0.0.1 "GET /v1/nodes/e1369efa-5391-5035-8533-3a065c44a584 HTTP/1.1" status: 200 len: 1775 time: 0.0296059
2017-03-21 15:32:29.901 20645 INFO eventlet.wsgi.server [req-ecf5faae-198a-4ac9-b70b-7e28d6923b1a - - - - -] 127.0.0.1 "GET /v1/nodes/c1a56cb3-fcef-59d5-8105-7e6815154f70 HTTP/1.1" status: 200 len: 1779 time: 0.0177860
2017-03-21 15:32:31.078 20643 INFO eventlet.wsgi.server [req-60c70aa4-aa66-43ba-95b4-a218b7442774 - - - - -] 127.0.0.1 "GET /v1/nodes/72010e8e-a3bd-519e-92fa-a69484f8298f HTTP/1.1" status: 200 len: 1772 time: 0.0255020
2017-03-21 15:32:31.122 20641 INFO eventlet.wsgi.server [req-818341c3-db8c-41f2-837f-35583c0c1089 - - - - -] 127.0.0.1 "GET /v1/nodes/e1369efa-5391-5035-8533-3a065c44a584 HTTP/1.1" status: 200 len: 1775 time: 0.0295081
2017-03-21 15:32:31.921 20645 INFO eventlet.wsgi.server [req-1c9c03cb-c0a8-4870-876b-6d3852a8d40a - - - - -] 127.0.0.1 "GET /v1/nodes/c1a56cb3-fcef-59d5-8105-7e6815154f70 HTTP/1.1" status: 200 len: 1779 time: 0.0157812
2017-03-21 15:32:33.102 20643 INFO eventlet.wsgi.server [req-8f584583-c917-46ea-8250-c0a11c0bde3d - - - - -] 127.0.0.1 "GET /v1/nodes/72010e8e-a3bd-519e-92fa-a69484f8298f HTTP/1.1" status: 200 len: 1772 time: 0.0183411
2017-03-21 15:32:33.147 20641 INFO eventlet.wsgi.server [req-2231ec10-0060-437b-ae74-2b1ec4b22687 - - - - -] 127.0.0.1 "GET /v1/nodes/e1369efa-5391-5035-8533-3a065c44a584 HTTP/1.1" status: 200 len: 1775 time: 0.0213041
2017-03-21 15:32:33.956 20645 INFO eventlet.wsgi.server [req-5b3c0852-115a-4b77-b198-0f0e8cc264a3 - - - - -] 127.0.0.1 "GET /v1/nodes/c1a56cb3-fcef-59d5-8105-7e6815154f70 HTTP/1.1" status: 200 len: 1779 time: 0.0289490
2017-03-21 15:32:35.136 20643 INFO eventlet.wsgi.server [req-35b606d9-5426-447f-ad2c-27df71655b16 - - - - -] 127.0.0.1 "GET /v1/nodes/72010e8e-a3bd-519e-92fa-a69484f8298f HTTP/1.1" status: 200 len: 1772 time: 0.0281510
2017-03-21 15:32:35.184 20641 INFO eventlet.wsgi.server [req-828a0cae-ec98-4b4b-8258-4896fb588ed1 - - - - -] 127.0.0.1 "GET /v1/nodes/e1369efa-5391-5035-8533-3a065c44a584 HTTP/1.1" status: 200 len: 1775 time: 0.0321739
2017-03-21 15:32:35.990 20645 INFO eventlet.wsgi.server [req-fb352465-8084-4048-b427-142ec331dadb - - - - -] 127.0.0.1 "GET /v1/nodes/c1a56cb3-fcef-59d5-8105-7e6815154f70 HTTP/1.1" status: 200 len: 1779 time: 0.0287070
2017-03-21 15:32:37.156 20643 INFO eventlet.wsgi.server [req-401e4b60-cb55-479a-98a4-335a65f06470 - - - - -] 127.0.0.1 "GET /v1/nodes/72010e8e-a3bd-519e-92fa-a69484f8298f HTTP/1.1" status: 200 len: 1772 time: 0.0152349
2017-03-21 15:32:37.205 20641 INFO eventlet.wsgi.server [req-864df442-7cd8-413f-a52f-c298ab8bee6f - - - - -] 127.0.0.1 "GET /v1/nodes/e1369efa-5391-5035-8533-3a065c44a584 HTTP/1.1" status: 200 len: 1775 time: 0.0184281
2017-03-21 15:32:38.028 20645 INFO eventlet.wsgi.server [req-5aaefa60-b3dd-4f60-b41c-576f5f0088ba - - - - -] 127.0.0.1 "GET /v1/nodes/c1a56cb3-fcef-59d5-8105-7e6815154f70 HTTP/1.1" status: 200 len: 1779 time: 0.0313220
2017-03-21 15:32:39.186 20643 INFO eventlet.wsgi.server [req-ebbba7f7-4240-47ec-990e-1c837586b1d7 - - - - -] 127.0.0.1 "GET /v1/nodes/72010e8e-a3bd-519e-92fa-a69484f8298f HTTP/1.1" status: 200 len: 1752 time: 0.0262930
2017-03-21 15:32:39.234 20641 INFO eventlet.wsgi.server [req-97c12f5c-196b-4dea-b6a1-7dd0e7c5dff4 - - - - -] 127.0.0.1 "GET /v1/nodes/e1369efa-5391-5035-8533-3a065c44a584 HTTP/1.1" status: 200 len: 1775 time: 0.0258129
2017-03-21 15:32:40.063 20645 INFO eventlet.wsgi.server [req-83fdf2d3-4ee5-4d3b-8134-d85543a77cb7 - - - - -] 127.0.0.1 "GET /v1/nodes/c1a56cb3-fcef-59d5-8105-7e6815154f70 HTTP/1.1" status: 200 len: 1779 time: 0.0306361
2017-03-21 15:32:41.213 20643 INFO eventlet.wsgi.server [req-8ad02852-afb0-4ec9-88d5-e2784c74c8a4 - - - - -] 127.0.0.1 "GET /v1/nodes/72010e8e-a3bd-519e-92fa-a69484f8298f HTTP/1.1" status: 200 len: 1752 time: 0.0221109
2017-03-21 15:32:41.251 20641 INFO eventlet.wsgi.server [req-1fb3af40-741b-4b05-908a-8dd3a6ced7aa - - - - -] 127.0.0.1 "GET /v1/nodes/e1369efa-5391-5035-8533-3a065c44a584 HTTP/1.1" status: 200 len: 1775 time: 0.0161810
2017-03-21 15:32:42.096 20645 INFO eventlet.wsgi.server [req-c7168c85-e097-4f46-b0db-0b18d83a531a - - - - -] 127.0.0.1 "GET /v1/nodes/c1a56cb3-fcef-59d5-8105-7e6815154f70 HTTP/1.1" status: 200 len: 1779 time: 0.0287859
2017-03-21 15:32:43.246 20643 INFO eventlet.wsgi.server [req-043e106e-181e-49be-9f76-afc05799be08 - - - - -] 127.0.0.1 "GET /v1/nodes/72010e8e-a3bd-519e-92fa-a69484f8298f HTTP/1.1" status: 200 len: 1752 time: 0.0288091
2017-03-21 15:32:43.267 20641 INFO eventlet.wsgi.server [req-1511ee17-1639-4df2-8fa7-87d8b10f3034 - - - - -] 127.0.0.1 "GET /v1/nodes/e1369efa-5391-5035-8533-3a065c44a584 HTTP/1.1" status: 200 len: 1755 time: 0.0131860
2017-03-21 15:32:44.128 20645 INFO eventlet.wsgi.server [req-d7e5119d-c15e-4694-857f-0912e7fd811a - - - - -] 127.0.0.1 "GET /v1/nodes/c1a56cb3-fcef-59d5-8105-7e6815154f70 HTTP/1.1" status: 200 len: 1779 time: 0.0272799
2017-03-21 15:32:45.276 20643 INFO eventlet.wsgi.server [req-853b74e0-7f9e-4abd-9a5c-11686f0bc0aa - - - - -] 127.0.0.1 "GET /v1/nodes/72010e8e-a3bd-519e-92fa-a69484f8298f HTTP/1.1" status: 200 len: 1752 time: 0.0254660
2017-03-21 15:32:45.282 20641 INFO eventlet.wsgi.server [req-5a16e63e-c012-4001-b9ce-5220f7dd6e95 - - - - -] 127.0.0.1 "GET /v1/nodes/e1369efa-5391-5035-8533-3a065c44a584 HTTP/1.1" status: 200 len: 1755 time: 0.0125709
2017-03-21 15:32:46.163 20645 INFO eventlet.wsgi.server [req-ad0f964a-0cc5-44bc-bf7a-f0fdd6c5c8fb - - - - -] 127.0.0.1 "GET /v1/nodes/c1a56cb3-fcef-59d5-8105-7e6815154f70 HTTP/1.1" status: 200 len: 1779 time: 0.0301759
2017-03-21 15:32:47.300 20641 INFO eventlet.wsgi.server [req-4aadfd12-e38a-48ed-8dfe-197b80b8f355 - - - - -] 127.0.0.1 "GET /v1/nodes/e1369efa-5391-5035-8533-3a065c44a584 HTTP/1.1" status: 200 len: 1755 time: 0.0148578
2017-03-21 15:32:47.310 20643 INFO eventlet.wsgi.server [req-e4b606a8-e28f-4e97-a77d-408daca1b1e9 - - - - -] 127.0.0.1 "GET /v1/nodes/72010e8e-a3bd-519e-92fa-a69484f8298f HTTP/1.1" status: 200 len: 1752 time: 0.0290298
2017-03-21 15:32:48.198 20645 INFO eventlet.wsgi.server [req-0b091b6b-b478-4d70-b934-12e088947f22 - - - - -] 127.0.0.1 "GET /v1/nodes/c1a56cb3-fcef-59d5-8105-7e6815154f70 HTTP/1.1" status: 200 len: 1752 time: 0.0298991
2017-03-21 15:32:49.329 20641 INFO eventlet.wsgi.server [req-78a7c244-cf82-4a57-86e0-9b2f42ea26a7 - - - - -] 127.0.0.1 "GET /v1/nodes/e1369efa-5391-5035-8533-3a065c44a584 HTTP/1.1" status: 200 len: 1755 time: 0.0254710
2017-03-21 15:32:49.343 20643 INFO eventlet.wsgi.server [req-21db38fe-9a88-43e0-8e3a-447fe6b87cbd - - - - -] 127.0.0.1 "GET /v1/nodes/72010e8e-a3bd-519e-92fa-a69484f8298f HTTP/1.1" status: 200 len: 1752 time: 0.0286069
2017-03-21 15:32:50.232 20645 INFO eventlet.wsgi.server [req-17041ea7-4fd4-4a58-a8c5-7161070e8f32 - - - - -] 127.0.0.1 "GET /v1/nodes/c1a56cb3-fcef-59d5-8105-7e6815154f70 HTTP/1.1" status: 200 len: 1752 time: 0.0293012
2017-03-21 15:32:51.345 20641 INFO eventlet.wsgi.server [req-bee0716c-283a-4cd1-9455-647658e1873a - - - - -] 127.0.0.1 "GET /v1/nodes/e1369efa-5391-5035-8533-3a065c44a584 HTTP/1.1" status: 200 len: 1755 time: 0.0139511
2017-03-21 15:32:51.361 20643 INFO eventlet.wsgi.server [req-72a806a4-4b45-4bce-94df-838f0bce4ecd - - - - -] 127.0.0.1 "GET /v1/nodes/72010e8e-a3bd-519e-92fa-a69484f8298f HTTP/1.1" status: 200 len: 1752 time: 0.0141020
2017-03-21 15:32:52.270 20645 INFO eventlet.wsgi.server [req-8a6fac42-3431-4b81-9842-8b9f062c112c - - - - -] 127.0.0.1 "GET /v1/nodes/c1a56cb3-fcef-59d5-8105-7e6815154f70 HTTP/1.1" status: 200 len: 1752 time: 0.0315430
2017-03-21 15:32:53.365 20641 INFO eventlet.wsgi.server [req-20e9550a-e7db-4776-9444-1cc44fcb36c1 - - - - -] 127.0.0.1 "GET /v1/nodes/e1369efa-5391-5035-8533-3a065c44a584 HTTP/1.1" status: 200 len: 1755 time: 0.0159161
2017-03-21 15:32:53.380 20643 INFO eventlet.wsgi.server [req-0f70537c-3576-4921-93e4-302df608320b - - - - -] 127.0.0.1 "GET /v1/nodes/72010e8e-a3bd-519e-92fa-a69484f8298f HTTP/1.1" status: 200 len: 1752 time: 0.0147531
2017-03-21 15:32:54.304 20645 INFO eventlet.wsgi.server [req-e43d827c-2c19-49ca-87cf-d36fb1ed0ba6 - - - - -] 127.0.0.1 "GET /v1/nodes/c1a56cb3-fcef-59d5-8105-7e6815154f70 HTTP/1.1" status: 200 len: 1752 time: 0.0287240
2017-03-21 15:32:55.382 20641 INFO eventlet.wsgi.server [req-99c71306-4c62-4c5b-9093-64d386fc99da - - - - -] 127.0.0.1 "GET /v1/nodes/e1369efa-5391-5035-8533-3a065c44a584 HTTP/1.1" status: 200 len: 1755 time: 0.0138421
2017-03-21 15:32:55.399 20643 INFO eventlet.wsgi.server [req-b5f43dad-e24a-4d2f-a7c3-d88a873d2e43 - - - - -] 127.0.0.1 "GET /v1/nodes/72010e8e-a3bd-519e-92fa-a69484f8298f HTTP/1.1" status: 200 len: 1752 time: 0.0149271
2017-03-21 15:32:56.322 20645 INFO eventlet.wsgi.server [req-90e9faf5-3683-410a-bdc7-e8460ce6d093 - - - - -] 127.0.0.1 "GET /v1/nodes/c1a56cb3-fcef-59d5-8105-7e6815154f70 HTTP/1.1" status: 200 len: 1752 time: 0.0144520
2017-03-21 15:32:57.399 20641 INFO eventlet.wsgi.server [req-e0cd8ef6-f90c-4592-bd4e-c2836f93c44a - - - - -] 127.0.0.1 "GET /v1/nodes/e1369efa-5391-5035-8533-3a065c44a584 HTTP/1.1" status: 200 len: 1755 time: 0.0139730
2017-03-21 15:32:57.429 20643 INFO eventlet.wsgi.server [req-f36703a9-fa4e-4153-af7b-ba01f331782a - - - - -] 127.0.0.1 "GET /v1/nodes/72010e8e-a3bd-519e-92fa-a69484f8298f HTTP/1.1" status: 200 len: 1752 time: 0.0253599
2017-03-21 15:32:58.358 20645 INFO eventlet.wsgi.server [req-81cc4591-32a3-4905-974d-53c6b11f9b33 - - - - -] 127.0.0.1 "GET /v1/nodes/c1a56cb3-fcef-59d5-8105-7e6815154f70 HTTP/1.1" status: 200 len: 1752 time: 0.0307269
2017-03-21 15:32:59.425 20641 INFO eventlet.wsgi.server [req-d25ab55b-83f0-45c8-9cc9-846de90fb068 - - - - -] 127.0.0.1 "GET /v1/nodes/e1369efa-5391-5035-8533-3a065c44a584 HTTP/1.1" status: 200 len: 1755 time: 0.0215049
2017-03-21 15:32:59.465 20643 INFO eventlet.wsgi.server [req-1a96b13e-c472-45de-b912-6cc8b9c8376d - - - - -] 127.0.0.1 "GET /v1/nodes/72010e8e-a3bd-519e-92fa-a69484f8298f HTTP/1.1" status: 200 len: 1752 time: 0.0301661
2017-03-21 15:33:00.256 20641 INFO eventlet.wsgi.server [req-5c684476-af37-4faa-ae93-36ee725159c0 - - - - -] 127.0.0.1 "GET /v1/nodes HTTP/1.1" status: 200 len: 1481 time: 0.0582578
2017-03-21 15:33:00.391 20645 INFO eventlet.wsgi.server [req-882eade3-9fb3-4d01-a71f-a9a5d25d8b74 - - - - -] 127.0.0.1 "GET /v1/nodes/c1a56cb3-fcef-59d5-8105-7e6815154f70 HTTP/1.1" status: 200 len: 1752 time: 0.0271530
2017-03-21 15:33:01.460 20641 INFO eventlet.wsgi.server [req-0ef69d7f-1daa-481d-8b9d-9cd6a38f191b - - - - -] 127.0.0.1 "GET /v1/nodes/e1369efa-5391-5035-8533-3a065c44a584 HTTP/1.1" status: 200 len: 1755 time: 0.0302382
2017-03-21 15:33:01.500 20643 INFO eventlet.wsgi.server [req-2c587028-6a5e-414e-ae26-b28666d9c1e4 - - - - -] 127.0.0.1 "GET /v1/nodes/72010e8e-a3bd-519e-92fa-a69484f8298f HTTP/1.1" status: 200 len: 1752 time: 0.0307689
2017-03-21 15:33:02.429 20645 INFO eventlet.wsgi.server [req-0bd3f61d-b866-483b-99af-8e5cd7a1cc0f - - - - -] 127.0.0.1 "GET /v1/nodes/c1a56cb3-fcef-59d5-8105-7e6815154f70 HTTP/1.1" status: 200 len: 1752 time: 0.0321081
2017-03-21 15:33:03.501 20641 INFO eventlet.wsgi.server [req-f426a8ce-85c0-4d0b-9fa7-fe6ec5a379d8 - - - - -] 127.0.0.1 "GET /v1/nodes/e1369efa-5391-5035-8533-3a065c44a584 HTTP/1.1" status: 200 len: 1755 time: 0.0347979
2017-03-21 15:33:03.536 20643 INFO eventlet.wsgi.server [req-a83860f9-09ed-473f-87b5-a89ab79abf40 - - - - -] 127.0.0.1 "GET /v1/nodes/72010e8e-a3bd-519e-92fa-a69484f8298f HTTP/1.1" status: 200 len: 1752 time: 0.0299160
2017-03-21 15:33:04.467 20645 INFO eventlet.wsgi.server [req-529e9a43-b897-4ffe-9de8-4f4a0d534d94 - - - - -] 127.0.0.1 "GET /v1/nodes/c1a56cb3-fcef-59d5-8105-7e6815154f70 HTTP/1.1" status: 200 len: 1752 time: 0.0301371
2017-03-21 15:33:05.525 20641 INFO eventlet.wsgi.server [req-52271ac0-b779-4775-91a3-af5bfccc1c4c - - - - -] 127.0.0.1 "GET /v1/nodes/e1369efa-5391-5035-8533-3a065c44a584 HTTP/1.1" status: 200 len: 1755 time: 0.0193541
2017-03-21 15:33:05.572 20643 INFO eventlet.wsgi.server [req-06fae36f-e11a-40ad-98a5-71b91342dd19 - - - - -] 127.0.0.1 "GET /v1/nodes/72010e8e-a3bd-519e-92fa-a69484f8298f HTTP/1.1" status: 200 len: 1752 time: 0.0305741
2017-03-21 15:33:05.943 20644 INFO eventlet.wsgi.server [req-b241fbf3-1526-4c4e-8846-43ceb1abae0b - - - - -] 127.0.0.1 "GET /v1/nodes/72010e8e-a3bd-519e-92fa-a69484f8298f HTTP/1.1" status: 200 len: 1771 time: 0.1495628
2017-03-21 15:33:06.055 20644 INFO eventlet.wsgi.server [req-271c7dff-0089-4c88-9f43-fa778a84a29d - - - - -] 127.0.0.1 "GET /v1/nodes/72010e8e-a3bd-519e-92fa-a69484f8298f/ports HTTP/1.1" status: 200 len: 623 time: 0.0320392
2017-03-21 15:33:06.087 20644 WARNING oslo_config.cfg [req-72c7c3be-e7b7-467b-8f65-c94fa49e4199 - - - - -] Option "rabbit_userid" from group "DEFAULT" is deprecated. Use option "rabbit_userid" from group "oslo_messaging_rabbit".
2017-03-21 15:33:06.087 20644 WARNING oslo_config.cfg [req-72c7c3be-e7b7-467b-8f65-c94fa49e4199 - - - - -] Option "rabbit_userid" from group "oslo_messaging_rabbit" is deprecated for removal. Its value may be silently ignored in the future.
2017-03-21 15:33:06.088 20644 WARNING oslo_config.cfg [req-72c7c3be-e7b7-467b-8f65-c94fa49e4199 - - - - -] Option "rabbit_password" from group "DEFAULT" is deprecated. Use option "rabbit_password" from group "oslo_messaging_rabbit".
2017-03-21 15:33:06.088 20644 WARNING oslo_config.cfg [req-72c7c3be-e7b7-467b-8f65-c94fa49e4199 - - - - -] Option "rabbit_password" from group "oslo_messaging_rabbit" is deprecated for removal. Its value may be silently ignored in the future.
2017-03-21 15:33:06.368 20644 INFO eventlet.wsgi.server [req-72c7c3be-e7b7-467b-8f65-c94fa49e4199 - - - - -] 127.0.0.1 "PATCH /v1/nodes/72010e8e-a3bd-519e-92fa-a69484f8298f HTTP/1.1" status: 200 len: 1771 time: 0.3101702
2017-03-21 15:33:06.499 20645 INFO eventlet.wsgi.server [req-e817b0fc-c460-4986-bb2c-b5783ed3750e - - - - -] 127.0.0.1 "GET /v1/nodes/c1a56cb3-fcef-59d5-8105-7e6815154f70 HTTP/1.1" status: 200 len: 1752 time: 0.0270822
2017-03-21 15:33:06.580 20644 INFO eventlet.wsgi.server [req-68ca0089-973a-44d9-a38c-ed98a5817698 - - - - -] 127.0.0.1 "PATCH /v1/nodes/72010e8e-a3bd-519e-92fa-a69484f8298f HTTP/1.1" status: 200 len: 1821 time: 0.2079360
2017-03-21 15:33:06.751 20638 WARNING oslo_config.cfg [req-d9c390cc-8a17-4f8c-accf-6b29250d6dd1 - - - - -] Option "rabbit_userid" from group "DEFAULT" is deprecated. Use option "rabbit_userid" from group "oslo_messaging_rabbit".
2017-03-21 15:33:06.751 20638 WARNING oslo_config.cfg [req-d9c390cc-8a17-4f8c-accf-6b29250d6dd1 - - - - -] Option "rabbit_userid" from group "oslo_messaging_rabbit" is deprecated for removal. Its value may be silently ignored in the future.
2017-03-21 15:33:06.751 20638 WARNING oslo_config.cfg [req-d9c390cc-8a17-4f8c-accf-6b29250d6dd1 - - - - -] Option "rabbit_password" from group "DEFAULT" is deprecated. Use option "rabbit_password" from group "oslo_messaging_rabbit".
2017-03-21 15:33:06.752 20638 WARNING oslo_config.cfg [req-d9c390cc-8a17-4f8c-accf-6b29250d6dd1 - - - - -] Option "rabbit_password" from group "oslo_messaging_rabbit" is deprecated for removal. Its value may be silently ignored in the future.
2017-03-21 15:33:07.191 20638 INFO eventlet.wsgi.server [req-d9c390cc-8a17-4f8c-accf-6b29250d6dd1 - - - - -] 127.0.0.1 "PUT /v1/nodes/72010e8e-a3bd-519e-92fa-a69484f8298f/states/power HTTP/1.1" status: 202 len: 384 time: 0.5905399
2017-03-21 15:33:07.562 20641 INFO eventlet.wsgi.server [req-0d7687cb-649a-44b3-b289-5fad5607e1d0 - - - - -] 127.0.0.1 "GET /v1/nodes/e1369efa-5391-5035-8533-3a065c44a584 HTTP/1.1" status: 200 len: 1755 time: 0.0311880
2017-03-21 15:33:07.608 20643 INFO eventlet.wsgi.server [req-87367e42-bb38-4e83-9cf9-28b94a8e469b - - - - -] 127.0.0.1 "GET /v1/nodes/72010e8e-a3bd-519e-92fa-a69484f8298f HTTP/1.1" status: 200 len: 1829 time: 0.0306432
