2019-12-05 08:31:38.390 15 INFO rally.task.engine [-] Load duration is: 163.501512
2019-12-05 08:31:38.391 15 INFO rally.task.engine [-] Full runner duration is: 163.555616
2019-12-05 08:31:38.391 15 INFO rally.task.engine [-] Full duration is: 319.215465
2019-12-05 08:31:38.705 15 INFO rally.task.engine [-] Running workload: position = 2 config = { "version": 2, "title": "A cropped version of a bigger task.", "description": "Auto-generated task from a single workload (uuid=c076b6b5-3f9c-479e-9305-a26fe638a6ea)", "subtasks": [ { "title": "NeutronNetworks.create_and_delete_subnets", "description": "Create and delete a given number of subnets.", "scenario": { "NeutronNetworks.create_and_delete_subnets": { "network_create_args": {}, "subnet_create_args": {}, "subnet_cidr_start": "1.1.0.0/30", "subnets_per_network": 2 } }, "contexts": { "users": { "tenants": 1, "users_per_tenant": 1 }, "quotas": { "neutron": { "network": -1, "subnet": -1 } } }, "runner": { "constant": { "times": 40, "concurrency": 20 } }, "hooks": [], "sla": { "failure_rate": { "max": 0 } } } ] }
2019-12-05 08:31:38.730 15 RALLYDEBUG rally_openstack.contexts.keystone.users [-] Creating 1 tenants using 20 threads
2019-12-05 08:31:39.028 15 RALLYDEBUG rally_openstack.contexts.keystone.users [-] Creating 1 users using 20 threads
2019-12-05 08:31:39.407 15 INFO rally.task.context [-] Task 5d17afcc-0dc0-49ec-8f35-eebf966ed807 | Context users@openstack setup() finished in 0.68 sec
2019-12-05 08:31:39.785 15 INFO rally.task.context [-] Task 5d17afcc-0dc0-49ec-8f35-eebf966ed807 | Context quotas@openstack setup() finished in 0.38 sec
2019-12-05 08:31:39.785 15 INFO rally.task.context [-] Task 5d17afcc-0dc0-49ec-8f35-eebf966ed807 | Context cleanup@openstack setup() finished in 0.01 msec
2019-12-05 08:31:39.794 15 RALLYDEBUG rally.task.runner [-] Starting the constant runner (task UUID: 5d17afcc-0dc0-49ec-8f35-eebf966ed807). timeout: 0 concurrency: 20 concurrency_per_worker: 1 times: 40 concurrency_overhead: 0 processes_to_start: 20 max_cpu_used: 88
2019-12-05 08:31:39.808 2269 RALLYDEBUG rally.task.runner [-] Starting a worker. concurrency: 1 args: {"network_create_args": {}, "subnet_create_args": {}, "subnet_cidr_start": "1.1.0.0/30", "subnets_per_network": 2} times: 40 method_name: run timeout: 0 duration: None cls:
2019-12-05 08:31:39.811 2270 RALLYDEBUG rally.task.runner [-] Starting a worker. concurrency: 1 args: {"network_create_args": {}, "subnet_create_args": {}, "subnet_cidr_start": "1.1.0.0/30", "subnets_per_network": 2} times: 40 method_name: run timeout: 0 duration: None cls:
2019-12-05 08:31:39.815 2269 INFO rally.task.runner [-] Task 5d17afcc-0dc0-49ec-8f35-eebf966ed807 | ITER: 1 START
2019-12-05 08:31:39.817 2269 WARNING rally_openstack.scenarios.neutron.utils [-] Running this scenario without either the 'network' or 'existing_network' context is deprecated
2019-12-05 08:31:39.816 2271 RALLYDEBUG rally.task.runner [-] Starting a worker. concurrency: 1 args: {"network_create_args": {}, "subnet_create_args": {}, "subnet_cidr_start": "1.1.0.0/30", "subnets_per_network": 2} times: 40 method_name: run timeout: 0 duration: None cls:
2019-12-05 08:31:39.818 2270 INFO rally.task.runner [-] Task 5d17afcc-0dc0-49ec-8f35-eebf966ed807 | ITER: 2 START
2019-12-05 08:31:39.818 2272 RALLYDEBUG rally.task.runner [-] Starting a worker. concurrency: 1 args: {"network_create_args": {}, "subnet_create_args": {}, "subnet_cidr_start": "1.1.0.0/30", "subnets_per_network": 2} times: 40 method_name: run timeout: 0 duration: None cls:
2019-12-05 08:31:39.819 2270 WARNING rally_openstack.scenarios.neutron.utils [-] Running this scenario without either the 'network' or 'existing_network' context is deprecated
2019-12-05 08:31:39.821 2273 RALLYDEBUG rally.task.runner [-] Starting a worker. concurrency: 1 args: {"network_create_args": {}, "subnet_create_args": {}, "subnet_cidr_start": "1.1.0.0/30", "subnets_per_network": 2} times: 40 method_name: run timeout: 0 duration: None cls:
2019-12-05 08:31:39.822 2271 INFO rally.task.runner [-] Task 5d17afcc-0dc0-49ec-8f35-eebf966ed807 | ITER: 3 START
2019-12-05 08:31:39.824 2271 WARNING rally_openstack.scenarios.neutron.utils [-] Running this scenario without either the 'network' or 'existing_network' context is deprecated
2019-12-05 08:31:39.824 2272 INFO rally.task.runner [-] Task 5d17afcc-0dc0-49ec-8f35-eebf966ed807 | ITER: 4 START
2019-12-05 08:31:39.824 2277 RALLYDEBUG rally.task.runner [-] Starting a worker. concurrency: 1 args: {"network_create_args": {}, "subnet_create_args": {}, "subnet_cidr_start": "1.1.0.0/30", "subnets_per_network": 2} times: 40 method_name: run timeout: 0 duration: None cls:
2019-12-05 08:31:39.826 2272 WARNING rally_openstack.scenarios.neutron.utils [-] Running this scenario without either the 'network' or 'existing_network' context is deprecated
2019-12-05 08:31:39.827 2279 RALLYDEBUG rally.task.runner [-] Starting a worker. concurrency: 1 args: {"network_create_args": {}, "subnet_create_args": {}, "subnet_cidr_start": "1.1.0.0/30", "subnets_per_network": 2} times: 40 method_name: run timeout: 0 duration: None cls:
2019-12-05 08:31:39.830 2277 INFO rally.task.runner [-] Task 5d17afcc-0dc0-49ec-8f35-eebf966ed807 | ITER: 6 START
2019-12-05 08:31:39.830 2283 RALLYDEBUG rally.task.runner [-] Starting a worker. concurrency: 1 args: {"network_create_args": {}, "subnet_create_args": {}, "subnet_cidr_start": "1.1.0.0/30", "subnets_per_network": 2} times: 40 method_name: run timeout: 0 duration: None cls:
2019-12-05 08:31:39.831 2277 WARNING rally_openstack.scenarios.neutron.utils [-] Running this scenario without either the 'network' or 'existing_network' context is deprecated
2019-12-05 08:31:39.834 2279 INFO rally.task.runner [-] Task 5d17afcc-0dc0-49ec-8f35-eebf966ed807 | ITER: 7 START
2019-12-05 08:31:39.835 2279 WARNING rally_openstack.scenarios.neutron.utils [-] Running this scenario without either the 'network' or 'existing_network' context is deprecated
2019-12-05 08:31:39.837 2283 INFO rally.task.runner [-] Task 5d17afcc-0dc0-49ec-8f35-eebf966ed807 | ITER: 8 START
2019-12-05 08:31:39.836 2289 RALLYDEBUG rally.task.runner [-] Starting a worker. concurrency: 1 args: {"network_create_args": {}, "subnet_create_args": {}, "subnet_cidr_start": "1.1.0.0/30", "subnets_per_network": 2} times: 40 method_name: run timeout: 0 duration: None cls:
2019-12-05 08:31:39.838 2283 WARNING rally_openstack.scenarios.neutron.utils [-] Running this scenario without either the 'network' or 'existing_network' context is deprecated
2019-12-05 08:31:39.838 2273 INFO rally.task.runner [-] Task 5d17afcc-0dc0-49ec-8f35-eebf966ed807 | ITER: 5 START
2019-12-05 08:31:39.839 2273 WARNING rally_openstack.scenarios.neutron.utils [-] Running this scenario without either the 'network' or 'existing_network' context is deprecated
2019-12-05 08:31:39.841 2285 RALLYDEBUG rally.task.runner [-] Starting a worker. concurrency: 1 args: {"network_create_args": {}, "subnet_create_args": {}, "subnet_cidr_start": "1.1.0.0/30", "subnets_per_network": 2} times: 40 method_name: run timeout: 0 duration: None cls:
2019-12-05 08:31:39.843 2289 INFO rally.task.runner [-] Task 5d17afcc-0dc0-49ec-8f35-eebf966ed807 | ITER: 9 START
2019-12-05 08:31:39.843 2293 RALLYDEBUG rally.task.runner [-] Starting a worker. concurrency: 1 args: {"network_create_args": {}, "subnet_create_args": {}, "subnet_cidr_start": "1.1.0.0/30", "subnets_per_network": 2} times: 40 method_name: run timeout: 0 duration: None cls:
2019-12-05 08:31:39.844 2289 WARNING rally_openstack.scenarios.neutron.utils [-] Running this scenario without either the 'network' or 'existing_network' context is deprecated
2019-12-05 08:31:39.846 2296 RALLYDEBUG rally.task.runner [-] Starting a worker. concurrency: 1 args: {"network_create_args": {}, "subnet_create_args": {}, "subnet_cidr_start": "1.1.0.0/30", "subnets_per_network": 2} times: 40 method_name: run timeout: 0 duration: None cls:
2019-12-05 08:31:39.848 2285 INFO rally.task.runner [-] Task 5d17afcc-0dc0-49ec-8f35-eebf966ed807 | ITER: 10 START
2019-12-05 08:31:39.849 2285 WARNING rally_openstack.scenarios.neutron.utils [-] Running this scenario without either the 'network' or 'existing_network' context is deprecated
2019-12-05 08:31:39.850 2293 INFO rally.task.runner [-] Task 5d17afcc-0dc0-49ec-8f35-eebf966ed807 | ITER: 11 START
2019-12-05 08:31:39.850 2299 RALLYDEBUG rally.task.runner [-] Starting a worker. concurrency: 1 args: {"network_create_args": {}, "subnet_create_args": {}, "subnet_cidr_start": "1.1.0.0/30", "subnets_per_network": 2} times: 40 method_name: run timeout: 0 duration: None cls:
2019-12-05 08:31:39.851 2293 WARNING rally_openstack.scenarios.neutron.utils [-] Running this scenario without either the 'network' or 'existing_network' context is deprecated
2019-12-05 08:31:39.853 2296 INFO rally.task.runner [-] Task 5d17afcc-0dc0-49ec-8f35-eebf966ed807 | ITER: 12 START
2019-12-05 08:31:39.854 2296 WARNING rally_openstack.scenarios.neutron.utils [-] Running this scenario without either the 'network' or 'existing_network' context is deprecated
2019-12-05 08:31:39.854 2302 RALLYDEBUG rally.task.runner [-] Starting a worker. concurrency: 1 args: {"network_create_args": {}, "subnet_create_args": {}, "subnet_cidr_start": "1.1.0.0/30", "subnets_per_network": 2} times: 40 method_name: run timeout: 0 duration: None cls:
2019-12-05 08:31:39.856 2299 INFO rally.task.runner [-] Task 5d17afcc-0dc0-49ec-8f35-eebf966ed807 | ITER: 13 START
2019-12-05 08:31:39.858 2299 WARNING rally_openstack.scenarios.neutron.utils [-] Running this scenario without either the 'network' or 'existing_network' context is deprecated
2019-12-05 08:31:39.857 2305 RALLYDEBUG rally.task.runner [-] Starting a worker. concurrency: 1 args: {"network_create_args": {}, "subnet_create_args": {}, "subnet_cidr_start": "1.1.0.0/30", "subnets_per_network": 2} times: 40 method_name: run timeout: 0 duration: None cls:
2019-12-05 08:31:39.860 2302 INFO rally.task.runner [-] Task 5d17afcc-0dc0-49ec-8f35-eebf966ed807 | ITER: 14 START
2019-12-05 08:31:39.861 2302 WARNING rally_openstack.scenarios.neutron.utils [-] Running this scenario without either the 'network' or 'existing_network' context is deprecated
2019-12-05 08:31:39.861 2308 RALLYDEBUG rally.task.runner [-] Starting a worker. concurrency: 1 args: {"network_create_args": {}, "subnet_create_args": {}, "subnet_cidr_start": "1.1.0.0/30", "subnets_per_network": 2} times: 40 method_name: run timeout: 0 duration: None cls:
2019-12-05 08:31:39.864 2305 INFO rally.task.runner [-] Task 5d17afcc-0dc0-49ec-8f35-eebf966ed807 | ITER: 15 START
2019-12-05 08:31:39.865 2305 WARNING rally_openstack.scenarios.neutron.utils [-] Running this scenario without either the 'network' or 'existing_network' context is deprecated
2019-12-05 08:31:39.864 2311 RALLYDEBUG rally.task.runner [-] Starting a worker. concurrency: 1 args: {"network_create_args": {}, "subnet_create_args": {}, "subnet_cidr_start": "1.1.0.0/30", "subnets_per_network": 2} times: 40 method_name: run timeout: 0 duration: None cls:
2019-12-05 08:31:39.867 2308 INFO rally.task.runner [-] Task 5d17afcc-0dc0-49ec-8f35-eebf966ed807 | ITER: 16 START
2019-12-05 08:31:39.868 2308 WARNING rally_openstack.scenarios.neutron.utils [-] Running this scenario without either the 'network' or 'existing_network' context is deprecated
2019-12-05 08:31:39.868 2314 RALLYDEBUG rally.task.runner [-] Starting a worker. concurrency: 1 args: {"network_create_args": {}, "subnet_create_args": {}, "subnet_cidr_start": "1.1.0.0/30", "subnets_per_network": 2} times: 40 method_name: run timeout: 0 duration: None cls:
2019-12-05 08:31:39.870 2311 INFO rally.task.runner [-] Task 5d17afcc-0dc0-49ec-8f35-eebf966ed807 | ITER: 17 START
2019-12-05 08:31:39.871 2311 WARNING rally_openstack.scenarios.neutron.utils [-] Running this scenario without either the 'network' or 'existing_network' context is deprecated
2019-12-05 08:31:39.872 2317 RALLYDEBUG rally.task.runner [-] Starting a worker. concurrency: 1 args: {"network_create_args": {}, "subnet_create_args": {}, "subnet_cidr_start": "1.1.0.0/30", "subnets_per_network": 2} times: 40 method_name: run timeout: 0 duration: None cls:
2019-12-05 08:31:39.874 2314 INFO rally.task.runner [-] Task 5d17afcc-0dc0-49ec-8f35-eebf966ed807 | ITER: 18 START
2019-12-05 08:31:39.876 2314 WARNING rally_openstack.scenarios.neutron.utils [-] Running this scenario without either the 'network' or 'existing_network' context is deprecated
2019-12-05 08:31:39.876 2320 RALLYDEBUG rally.task.runner [-] Starting a worker. concurrency: 1 args: {"network_create_args": {}, "subnet_create_args": {}, "subnet_cidr_start": "1.1.0.0/30", "subnets_per_network": 2} times: 40 method_name: run timeout: 0 duration: None cls:
2019-12-05 08:31:39.878 2317 INFO rally.task.runner [-] Task 5d17afcc-0dc0-49ec-8f35-eebf966ed807 | ITER: 19 START
2019-12-05 08:31:39.879 2317 WARNING rally_openstack.scenarios.neutron.utils [-] Running this scenario without either the 'network' or 'existing_network' context is deprecated
2019-12-05 08:31:39.882 2320 INFO rally.task.runner [-] Task 5d17afcc-0dc0-49ec-8f35-eebf966ed807 | ITER: 20 START
2019-12-05 08:31:39.883 2320 WARNING rally_openstack.scenarios.neutron.utils [-] Running this scenario without either the 'network' or 'existing_network' context is deprecated
2019-12-05 08:31:40.748 2270 RALLYDEBUG rally_openstack.wrappers.network [-] CIDR generated: 1.1.4.96/30
2019-12-05 08:31:40.970 2269 RALLYDEBUG rally_openstack.wrappers.network [-] CIDR generated: 1.1.4.100/30
2019-12-05 08:31:41.713 2271 RALLYDEBUG rally_openstack.wrappers.network [-] CIDR generated: 1.1.4.104/30
2019-12-05 08:31:41.892 2277 RALLYDEBUG rally_openstack.wrappers.network [-] CIDR generated: 1.1.4.108/30
2019-12-05 08:31:41.910 2296 RALLYDEBUG rally_openstack.wrappers.network [-] CIDR generated: 1.1.4.112/30
2019-12-05 08:31:41.971 2289 RALLYDEBUG rally_openstack.wrappers.network [-] CIDR generated: 1.1.4.116/30
2019-12-05 08:31:42.011 2272 RALLYDEBUG rally_openstack.wrappers.network [-] CIDR generated: 1.1.4.120/30
2019-12-05 08:31:42.165 2302 RALLYDEBUG rally_openstack.wrappers.network [-] CIDR generated: 1.1.4.124/30
2019-12-05 08:31:42.452 2320 RALLYDEBUG rally_openstack.wrappers.network [-] CIDR generated: 1.1.4.128/30
2019-12-05 08:31:42.686 2279 RALLYDEBUG rally_openstack.wrappers.network [-] CIDR generated: 1.1.4.132/30
2019-12-05 08:31:43.919 2296 RALLYDEBUG rally_openstack.wrappers.network [-] CIDR generated: 1.1.4.136/30
2019-12-05 08:31:43.992 2272 RALLYDEBUG rally_openstack.wrappers.network [-] CIDR generated: 1.1.4.140/30
2019-12-05 08:31:43.997 2279 RALLYDEBUG rally_openstack.wrappers.network [-] CIDR generated: 1.1.4.144/30
2019-12-05 08:31:44.930 2299 RALLYDEBUG rally_openstack.wrappers.network [-] CIDR generated: 1.1.4.148/30
2019-12-05 08:31:45.078 2283 RALLYDEBUG rally_openstack.wrappers.network [-] CIDR generated: 1.1.4.152/30
2019-12-05 08:31:45.084 2305 RALLYDEBUG rally_openstack.wrappers.network [-] CIDR generated: 1.1.4.156/30
2019-12-05 08:31:45.290 2293 RALLYDEBUG rally_openstack.wrappers.network [-] CIDR generated: 1.1.4.160/30
2019-12-05 08:31:45.293 2273 RALLYDEBUG rally_openstack.wrappers.network [-] CIDR generated: 1.1.4.164/30
2019-12-05 08:31:45.690 2311 RALLYDEBUG rally_openstack.wrappers.network [-] CIDR generated: 1.1.4.168/30
2019-12-05 08:31:45.765 2308 RALLYDEBUG rally_openstack.wrappers.network [-] CIDR generated: 1.1.4.172/30
2019-12-05 08:31:45.776 2285 RALLYDEBUG rally_openstack.wrappers.network [-] CIDR generated: 1.1.4.176/30
2019-12-05 08:31:45.923 2314 RALLYDEBUG rally_openstack.wrappers.network [-] CIDR generated: 1.1.4.180/30
2019-12-05 08:31:46.416 2317 RALLYDEBUG rally_openstack.wrappers.network [-] CIDR generated: 1.1.4.184/30
2019-12-05 08:31:48.005 2270 RALLYDEBUG rally_openstack.wrappers.network [-] CIDR generated: 1.1.4.188/30
2019-12-05 08:31:48.570 2269 RALLYDEBUG rally_openstack.wrappers.network [-] CIDR generated: 1.1.4.192/30
2019-12-05 08:31:48.926 2271 RALLYDEBUG rally_openstack.wrappers.network [-] CIDR generated: 1.1.4.196/30
2019-12-05 08:31:48.980 2289 RALLYDEBUG rally_openstack.wrappers.network [-] CIDR generated: 1.1.4.200/30
2019-12-05 08:31:49.055 2277 RALLYDEBUG rally_openstack.wrappers.network [-] CIDR generated: 1.1.4.204/30
2019-12-05 08:31:49.058 2320 RALLYDEBUG rally_openstack.wrappers.network [-] CIDR generated: 1.1.4.208/30
2019-12-05 08:31:49.094 2302 RALLYDEBUG rally_openstack.wrappers.network [-] CIDR generated: 1.1.4.212/30
2019-12-05 08:31:50.932 2299 RALLYDEBUG rally_openstack.wrappers.network [-] CIDR generated: 1.1.4.216/30
2019-12-05 08:31:52.059 2283 RALLYDEBUG rally_openstack.wrappers.network [-] CIDR generated: 1.1.4.220/30
2019-12-05 08:31:52.290 2305 RALLYDEBUG rally_openstack.wrappers.network [-] CIDR generated: 1.1.4.224/30
2019-12-05 08:31:52.372 2273 RALLYDEBUG rally_openstack.wrappers.network [-] CIDR generated: 1.1.4.228/30
2019-12-05 08:31:52.969 2293 RALLYDEBUG rally_openstack.wrappers.network [-] CIDR generated: 1.1.4.232/30
2019-12-05 08:31:53.106 2311 RALLYDEBUG rally_openstack.wrappers.network [-] CIDR generated: 1.1.4.236/30
2019-12-05 08:31:53.423 2314 RALLYDEBUG rally_openstack.wrappers.network [-] CIDR generated: 1.1.4.240/30
2019-12-05 08:31:53.524 2285 RALLYDEBUG rally_openstack.wrappers.network [-] CIDR generated: 1.1.4.244/30
2019-12-05 08:31:53.565 2308 RALLYDEBUG rally_openstack.wrappers.network [-] CIDR generated: 1.1.4.248/30
2019-12-05 08:31:54.025 2317 RALLYDEBUG rally_openstack.wrappers.network [-] CIDR generated: 1.1.4.252/30
2019-12-05 08:31:57.329 2296 INFO rally.task.runner [-] Task 5d17afcc-0dc0-49ec-8f35-eebf966ed807 | ITER: 12 END: OK
2019-12-05 08:31:57.335 2296 INFO rally.task.runner [-] Task 5d17afcc-0dc0-49ec-8f35-eebf966ed807 | ITER: 21 START
2019-12-05 08:31:57.335 2296 WARNING rally_openstack.scenarios.neutron.utils [-] Running this scenario without either the 'network' or 'existing_network' context is deprecated
2019-12-05 08:31:59.569 2296 RALLYDEBUG rally_openstack.wrappers.network [-] CIDR generated: 1.1.5.0/30
2019-12-05 08:32:02.260 2279 INFO rally.task.runner [-] Task 5d17afcc-0dc0-49ec-8f35-eebf966ed807 | ITER: 7 END: OK
2019-12-05 08:32:02.266 2279 INFO rally.task.runner [-] Task 5d17afcc-0dc0-49ec-8f35-eebf966ed807 | ITER: 22 START
2019-12-05 08:32:02.266 2279 WARNING rally_openstack.scenarios.neutron.utils [-] Running this scenario without either the 'network' or 'existing_network' context is deprecated
2019-12-05 08:32:02.279 2272 INFO rally.task.runner [-] Task 5d17afcc-0dc0-49ec-8f35-eebf966ed807 | ITER: 4 END: OK
2019-12-05 08:32:02.284 2272 INFO rally.task.runner [-] Task 5d17afcc-0dc0-49ec-8f35-eebf966ed807 | ITER: 23 START
2019-12-05 08:32:02.285 2272 WARNING rally_openstack.scenarios.neutron.utils [-] Running this scenario without either the 'network' or 'existing_network' context is deprecated
2019-12-05 08:32:04.348 2299 INFO rally.task.runner [-] Task 5d17afcc-0dc0-49ec-8f35-eebf966ed807 | ITER: 13 END: OK
2019-12-05 08:32:04.353 2299 INFO rally.task.runner [-] Task 5d17afcc-0dc0-49ec-8f35-eebf966ed807 | ITER: 24 START
2019-12-05 08:32:04.354 2299 WARNING rally_openstack.scenarios.neutron.utils [-] Running this scenario without either the 'network' or 'existing_network' context is deprecated
2019-12-05 08:32:04.600 2272 RALLYDEBUG rally_openstack.wrappers.network [-] CIDR generated: 1.1.5.4/30
2019-12-05 08:32:05.134 2296 RALLYDEBUG rally_openstack.wrappers.network [-] CIDR generated: 1.1.5.8/30
2019-12-05 08:32:05.581 2283 INFO rally.task.runner [-] Task 5d17afcc-0dc0-49ec-8f35-eebf966ed807 | ITER: 8 END: OK
2019-12-05 08:32:05.586 2283 INFO rally.task.runner [-] Task 5d17afcc-0dc0-49ec-8f35-eebf966ed807 | ITER: 25 START
2019-12-05 08:32:05.587 2283 WARNING rally_openstack.scenarios.neutron.utils [-] Running this scenario without either the 'network' or 'existing_network' context is deprecated
2019-12-05 08:32:06.265 2279 RALLYDEBUG rally_openstack.wrappers.network [-] CIDR generated: 1.1.5.12/30
2019-12-05 08:32:06.916 2273 INFO rally.task.runner [-] Task 5d17afcc-0dc0-49ec-8f35-eebf966ed807 | ITER: 5 END: OK
2019-12-05 08:32:06.924 2273 INFO rally.task.runner [-] Task 5d17afcc-0dc0-49ec-8f35-eebf966ed807 | ITER: 26 START
2019-12-05 08:32:06.925 2273 WARNING rally_openstack.scenarios.neutron.utils [-] Running this scenario without either the 'network' or 'existing_network' context is deprecated
2019-12-05 08:32:07.107 2305 INFO rally.task.runner [-] Task 5d17afcc-0dc0-49ec-8f35-eebf966ed807 | ITER: 15 END: OK
2019-12-05 08:32:07.116 2305 INFO rally.task.runner [-] Task 5d17afcc-0dc0-49ec-8f35-eebf966ed807 | ITER: 27 START
2019-12-05 08:32:07.118 2305 WARNING rally_openstack.scenarios.neutron.utils [-] Running this scenario without either the 'network' or 'existing_network' context is deprecated
2019-12-05 08:32:07.868 2299 RALLYDEBUG rally_openstack.wrappers.network [-] CIDR generated: 1.1.5.16/30
2019-12-05 08:32:07.898 2283 RALLYDEBUG rally_openstack.wrappers.network [-] CIDR generated: 1.1.5.20/30
2019-12-05 08:32:09.567 2273 RALLYDEBUG rally_openstack.wrappers.network [-] CIDR generated: 1.1.5.24/30
2019-12-05 08:32:10.448 2289 INFO rally.task.runner [-] Task 5d17afcc-0dc0-49ec-8f35-eebf966ed807 | ITER: 9 END: OK
2019-12-05 08:32:10.458 2289 INFO rally.task.runner [-] Task 5d17afcc-0dc0-49ec-8f35-eebf966ed807 | ITER: 28 START
2019-12-05 08:32:10.459 2289 WARNING rally_openstack.scenarios.neutron.utils [-] Running this scenario without either the 'network' or 'existing_network' context is deprecated
2019-12-05 08:32:10.472 2277 INFO rally.task.runner [-] Task 5d17afcc-0dc0-49ec-8f35-eebf966ed807 | ITER: 6 END: OK
2019-12-05 08:32:10.481 2277 INFO rally.task.runner [-] Task 5d17afcc-0dc0-49ec-8f35-eebf966ed807 | ITER: 29 START
2019-12-05 08:32:10.483 2277 WARNING rally_openstack.scenarios.neutron.utils [-] Running this scenario without either the 'network' or 'existing_network' context is deprecated
2019-12-05 08:32:10.607 2305 RALLYDEBUG rally_openstack.wrappers.network [-] CIDR generated: 1.1.5.28/30
2019-12-05 08:32:11.062 2272 RALLYDEBUG rally_openstack.wrappers.network [-] CIDR generated: 1.1.5.32/30
2019-12-05 08:32:11.183 2279 RALLYDEBUG rally_openstack.wrappers.network [-] CIDR generated: 1.1.5.36/30
2019-12-05 08:32:11.965 2311 INFO rally.task.runner [-] Task 5d17afcc-0dc0-49ec-8f35-eebf966ed807 | ITER: 17 END: OK
2019-12-05 08:32:11.970 2317 INFO rally.task.runner [-] Task 5d17afcc-0dc0-49ec-8f35-eebf966ed807 | ITER: 19 END: OK
2019-12-05 08:32:11.975 2311 INFO rally.task.runner [-] Task 5d17afcc-0dc0-49ec-8f35-eebf966ed807 | ITER: 30 START
2019-12-05 08:32:11.976 2311 WARNING rally_openstack.scenarios.neutron.utils [-] Running this scenario without either the 'network' or 'existing_network' context is deprecated
2019-12-05 08:32:11.977 2317 INFO rally.task.runner [-] Task 5d17afcc-0dc0-49ec-8f35-eebf966ed807 | ITER: 31 START
2019-12-05 08:32:11.979 2317 WARNING rally_openstack.scenarios.neutron.utils [-] Running this scenario without either the 'network' or 'existing_network' context is deprecated
2019-12-05 08:32:12.003 2308 INFO rally.task.runner [-] Task 5d17afcc-0dc0-49ec-8f35-eebf966ed807 | ITER: 16 END: OK
2019-12-05 08:32:12.007 2293 INFO rally.task.runner [-] Task 5d17afcc-0dc0-49ec-8f35-eebf966ed807 | ITER: 11 END: OK
2019-12-05 08:32:12.007 2314 INFO rally.task.runner [-] Task 5d17afcc-0dc0-49ec-8f35-eebf966ed807 | ITER: 18 END: OK
2019-12-05 08:32:12.011 2308 INFO rally.task.runner [-] Task 5d17afcc-0dc0-49ec-8f35-eebf966ed807 | ITER: 32 START
2019-12-05 08:32:12.012 2308 WARNING rally_openstack.scenarios.neutron.utils [-] Running this scenario without either the 'network' or 'existing_network' context is deprecated
2019-12-05 08:32:12.014 2293 INFO rally.task.runner [-] Task 5d17afcc-0dc0-49ec-8f35-eebf966ed807 | ITER: 33 START
2019-12-05 08:32:12.015 2293 WARNING rally_openstack.scenarios.neutron.utils [-] Running this scenario without either the 'network' or 'existing_network' context is deprecated
2019-12-05 08:32:12.016 2314 INFO rally.task.runner [-] Task 5d17afcc-0dc0-49ec-8f35-eebf966ed807 | ITER: 34 START
2019-12-05 08:32:12.017 2314 WARNING rally_openstack.scenarios.neutron.utils [-] Running this scenario without either the 'network' or 'existing_network' context is deprecated
2019-12-05 08:32:12.048 2285 INFO rally.task.runner [-] Task 5d17afcc-0dc0-49ec-8f35-eebf966ed807 | ITER: 10 END: OK
2019-12-05 08:32:12.056 2285 INFO rally.task.runner [-] Task 5d17afcc-0dc0-49ec-8f35-eebf966ed807 | ITER: 35 START
2019-12-05 08:32:12.057 2285 WARNING rally_openstack.scenarios.neutron.utils [-] Running this scenario without either the 'network' or 'existing_network' context is deprecated
2019-12-05 08:32:12.295 2299 RALLYDEBUG rally_openstack.wrappers.network [-] CIDR generated: 1.1.5.40/30
2019-12-05 08:32:12.623 2289 RALLYDEBUG rally_openstack.wrappers.network [-] CIDR generated: 1.1.5.44/30
2019-12-05 08:32:13.295 2293 RALLYDEBUG rally_openstack.wrappers.network [-] CIDR generated: 1.1.5.48/30
2019-12-05 08:32:13.346 2305 RALLYDEBUG rally_openstack.wrappers.network [-] CIDR generated: 1.1.5.52/30
2019-12-05 08:32:15.043 2277 RALLYDEBUG rally_openstack.wrappers.network [-] CIDR generated: 1.1.5.56/30
2019-12-05 08:32:15.699 2283 RALLYDEBUG rally_openstack.wrappers.network [-] CIDR generated: 1.1.5.60/30
2019-12-05 08:32:15.742 2277 RALLYDEBUG rally_openstack.wrappers.network [-] CIDR generated: 1.1.5.64/30
2019-12-05 08:32:17.246 2317 RALLYDEBUG rally_openstack.wrappers.network [-] CIDR generated: 1.1.5.68/30
2019-12-05 08:32:17.266 2308 RALLYDEBUG rally_openstack.wrappers.network [-] CIDR generated: 1.1.5.72/30
2019-12-05 08:32:17.279 2311 RALLYDEBUG rally_openstack.wrappers.network [-] CIDR generated: 1.1.5.76/30
2019-12-05 08:32:17.415 2314 RALLYDEBUG rally_openstack.wrappers.network [-] CIDR generated: 1.1.5.80/30
2019-12-05 08:32:17.430 2285 RALLYDEBUG rally_openstack.wrappers.network [-] CIDR generated: 1.1.5.84/30
2019-12-05 08:32:18.101 2273 RALLYDEBUG rally_openstack.wrappers.network [-] CIDR generated: 1.1.5.88/30
2019-12-05 08:32:18.749 2302 INFO rally.task.runner [-] Task 5d17afcc-0dc0-49ec-8f35-eebf966ed807 | ITER: 14 END: OK
2019-12-05 08:32:18.757 2302 INFO rally.task.runner [-] Task 5d17afcc-0dc0-49ec-8f35-eebf966ed807 | ITER: 36 START
2019-12-05 08:32:18.758 2302 WARNING rally_openstack.scenarios.neutron.utils [-] Running this scenario without either the 'network' or 'existing_network' context is deprecated
2019-12-05 08:32:18.764 2271 INFO rally.task.runner [-] Task 5d17afcc-0dc0-49ec-8f35-eebf966ed807 | ITER: 3 END: OK
2019-12-05 08:32:18.773 2271 INFO rally.task.runner [-] Task 5d17afcc-0dc0-49ec-8f35-eebf966ed807 | ITER: 37 START
2019-12-05 08:32:18.775 2271 WARNING rally_openstack.scenarios.neutron.utils [-] Running this scenario without either the 'network' or 'existing_network' context is deprecated
2019-12-05 08:32:18.983 2320 INFO rally.task.runner [-] Task 5d17afcc-0dc0-49ec-8f35-eebf966ed807 | ITER: 20 END: OK
2019-12-05 08:32:18.990 2320 INFO rally.task.runner [-] Task 5d17afcc-0dc0-49ec-8f35-eebf966ed807 | ITER: 38 START
2019-12-05 08:32:18.992 2320 WARNING rally_openstack.scenarios.neutron.utils [-] Running this scenario without either the 'network' or 'existing_network' context is deprecated
2019-12-05 08:32:20.795 2308 RALLYDEBUG rally_openstack.wrappers.network [-] CIDR generated: 1.1.5.92/30
2019-12-05 08:32:20.797 2311 RALLYDEBUG rally_openstack.wrappers.network [-] CIDR generated: 1.1.5.96/30
2019-12-05 08:32:20.866 2317 RALLYDEBUG rally_openstack.wrappers.network [-] CIDR generated: 1.1.5.100/30
2019-12-05 08:32:21.188 2285 RALLYDEBUG rally_openstack.wrappers.network [-] CIDR generated: 1.1.5.104/30
2019-12-05 08:32:21.206 2314 RALLYDEBUG rally_openstack.wrappers.network [-] CIDR generated: 1.1.5.108/30
2019-12-05 08:32:22.071 2289 RALLYDEBUG rally_openstack.wrappers.network [-] CIDR generated: 1.1.5.112/30
2019-12-05 08:32:22.122 2293 RALLYDEBUG rally_openstack.wrappers.network [-] CIDR generated: 1.1.5.116/30
2019-12-05 08:32:22.601 2271 RALLYDEBUG rally_openstack.wrappers.network [-] CIDR generated: 1.1.5.120/30
2019-12-05 08:32:22.663 2302 RALLYDEBUG rally_openstack.wrappers.network [-] CIDR generated: 1.1.5.124/30
2019-12-05 08:32:22.795 2320 RALLYDEBUG rally_openstack.wrappers.network [-] CIDR generated: 1.1.5.128/30
2019-12-05 08:32:22.864 2270 INFO rally.task.runner [-] Task 5d17afcc-0dc0-49ec-8f35-eebf966ed807 | ITER: 2 END: OK
2019-12-05 08:32:22.872 2270 INFO rally.task.runner [-] Task 5d17afcc-0dc0-49ec-8f35-eebf966ed807 | ITER: 39 START
2019-12-05 08:32:22.874 2270 WARNING rally_openstack.scenarios.neutron.utils [-] Running this scenario without either the 'network' or 'existing_network' context is deprecated
2019-12-05 08:32:23.964 2296 INFO rally.task.runner [-] Task 5d17afcc-0dc0-49ec-8f35-eebf966ed807 | ITER: 21 END: OK
2019-12-05 08:32:23.969 2296 INFO rally.task.runner [-] Task 5d17afcc-0dc0-49ec-8f35-eebf966ed807 | ITER: 40 START
2019-12-05 08:32:23.970 2296 WARNING rally_openstack.scenarios.neutron.utils [-] Running this scenario without either the 'network' or 'existing_network' context is deprecated
2019-12-05 08:32:24.160 2269 INFO rally.task.runner [-] Task 5d17afcc-0dc0-49ec-8f35-eebf966ed807 | ITER: 1 END: OK
2019-12-05 08:32:26.341 2270 RALLYDEBUG rally_openstack.wrappers.network [-] CIDR generated: 1.1.5.132/30
2019-12-05 08:32:26.709 2296 RALLYDEBUG rally_openstack.wrappers.network [-] CIDR generated: 1.1.5.136/30
2019-12-05 08:32:27.289 2320 RALLYDEBUG rally_openstack.wrappers.network [-] CIDR generated: 1.1.5.140/30
2019-12-05 08:32:29.197 2302 RALLYDEBUG rally_openstack.wrappers.network [-] CIDR generated: 1.1.5.144/30
2019-12-05 08:32:29.210 2271 RALLYDEBUG rally_openstack.wrappers.network [-] CIDR generated: 1.1.5.148/30
2019-12-05 08:32:29.266 2305 INFO rally.task.runner [-] Task 5d17afcc-0dc0-49ec-8f35-eebf966ed807 | ITER: 27 END: OK
2019-12-05 08:32:30.395 2272 INFO rally.task.runner [-] Task 5d17afcc-0dc0-49ec-8f35-eebf966ed807 | ITER: 23 END: OK
2019-12-05 08:32:30.425 2279 INFO rally.task.runner [-] Task 5d17afcc-0dc0-49ec-8f35-eebf966ed807 | ITER: 22 END: OK
2019-12-05 08:32:30.677 2270 RALLYDEBUG rally_openstack.wrappers.network [-] CIDR generated: 1.1.5.152/30
2019-12-05 08:32:30.843 2283 INFO rally.task.runner [-] Task 5d17afcc-0dc0-49ec-8f35-eebf966ed807 | ITER: 25 END: OK
2019-12-05 08:32:32.387 2314 INFO rally.task.runner [-] Task 5d17afcc-0dc0-49ec-8f35-eebf966ed807 | ITER: 34 END: OK
2019-12-05 08:32:32.399 2273 INFO rally.task.runner [-] Task 5d17afcc-0dc0-49ec-8f35-eebf966ed807 | ITER: 26 END: OK
2019-12-05 08:32:32.875 2296 RALLYDEBUG rally_openstack.wrappers.network [-] CIDR generated: 1.1.5.156/30
2019-12-05 08:32:34.172 2299 INFO rally.task.runner [-] Task 5d17afcc-0dc0-49ec-8f35-eebf966ed807 | ITER: 24 END: OK
2019-12-05 08:32:35.224 2289 INFO rally.task.runner [-] Task 5d17afcc-0dc0-49ec-8f35-eebf966ed807 | ITER: 28 END: OK
2019-12-05 08:32:36.324 2277 INFO rally.task.runner [-] Task 5d17afcc-0dc0-49ec-8f35-eebf966ed807 | ITER: 29 END: OK
2019-12-05 08:32:36.349 2317 INFO rally.task.runner [-] Task 5d17afcc-0dc0-49ec-8f35-eebf966ed807 | ITER: 31 END: OK
2019-12-05 08:32:38.610 2308 INFO rally.task.runner [-] Task 5d17afcc-0dc0-49ec-8f35-eebf966ed807 | ITER: 32 END: OK
2019-12-05 08:32:39.863 2311 INFO rally.task.runner [-] Task 5d17afcc-0dc0-49ec-8f35-eebf966ed807 | ITER: 30 END: OK
2019-12-05 08:32:40.062 2320 INFO rally.task.runner [-] Task 5d17afcc-0dc0-49ec-8f35-eebf966ed807 | ITER: 38 END: OK
2019-12-05 08:32:40.476 2293 INFO rally.task.runner [-] Task 5d17afcc-0dc0-49ec-8f35-eebf966ed807 | ITER: 33 END: OK
2019-12-05 08:32:41.635 2285 INFO rally.task.runner [-] Task 5d17afcc-0dc0-49ec-8f35-eebf966ed807 | ITER: 35 END: OK
2019-12-05 08:32:42.389 2270 INFO rally.task.runner [-] Task 5d17afcc-0dc0-49ec-8f35-eebf966ed807 | ITER: 39 END: OK
2019-12-05 08:32:43.063 2302 INFO rally.task.runner [-] Task 5d17afcc-0dc0-49ec-8f35-eebf966ed807 | ITER: 36 END: OK
2019-12-05 08:32:44.691 2296 INFO rally.task.runner [-] Task 5d17afcc-0dc0-49ec-8f35-eebf966ed807 | ITER: 40 END: OK
2019-12-05 08:32:44.718 2271 INFO rally.task.runner [-] Task 5d17afcc-0dc0-49ec-8f35-eebf966ed807 | ITER: 37 END: OK
2019-12-05 08:32:44.743 15 INFO rally.task.context [-] Task 5d17afcc-0dc0-49ec-8f35-eebf966ed807 | Context cleanup@openstack cleanup() started
2019-12-05 08:32:44.748 15 RALLYDEBUG rally_openstack.cleanup.manager [-] Cleaning up neutron vip objects
2019-12-05 08:32:44.951 15 RALLYDEBUG rally_openstack.cleanup.manager [-] Cleaning up neutron health_monitor objects
2019-12-05 08:32:45.129 15 RALLYDEBUG rally_openstack.cleanup.manager [-] Cleaning up neutron pool objects
2019-12-05 08:32:45.320 15 RALLYDEBUG rally_openstack.cleanup.manager [-] Cleaning up neutron loadbalancer objects
2019-12-05 08:32:45.499 15 RALLYDEBUG rally_openstack.cleanup.manager [-] Cleaning up neutron floatingip objects
2019-12-05 08:32:45.708 15 RALLYDEBUG rally_openstack.cleanup.manager [-] Cleaning up neutron trunk objects
2019-12-05 08:32:45.930 15 DEBUG neutronclient.v2_0.client [-] Error message: {"message": "The resource could not be found.

\n\n\n", "code": "404 Not Found", "title": "Not Found"} _handle_fault_response /usr/lib/python2.7/site-packages/neutronclient/v2_0/client.py:259
2019-12-05 08:32:45.940 15 RALLYDEBUG rally_openstack.cleanup.manager [-] Cleaning up neutron port objects
2019-12-05 08:32:46.321 15 RALLYDEBUG rally_openstack.cleanup.manager [-] Cleaning up neutron subnet objects
2019-12-05 08:32:46.575 15 RALLYDEBUG rally_openstack.cleanup.manager [-] Cleaning up neutron network objects
2019-12-05 08:32:46.998 15 RALLYDEBUG rally_openstack.cleanup.manager [-] Deleting neutron.network object s_rally_c076b6b5_klOuH03X (0764235d-c156-4ed2-aa0a-703af4e5d5ef)
2019-12-05 08:32:47.005 15 RALLYDEBUG rally_openstack.cleanup.manager [-] Deleting neutron.network object s_rally_c076b6b5_HEFaQEyD (0bcc3f41-dfae-43e0-a9d8-107b05edabfd)
2019-12-05 08:32:47.017 15 RALLYDEBUG rally_openstack.cleanup.manager [-] Deleting neutron.network object s_rally_c076b6b5_vpkNs3xJ (107a2e41-603c-4132-b126-cb9f2b46852f)
2019-12-05 08:32:47.026 15 RALLYDEBUG rally_openstack.cleanup.manager [-] Deleting neutron.network object s_rally_c076b6b5_YDwZUePu (128732d1-b6ad-40b8-99bf-7030fbd340fb)
2019-12-05 08:32:47.042 15 RALLYDEBUG rally_openstack.cleanup.manager [-] Deleting neutron.network object s_rally_c076b6b5_8Eas4Ce6 (2552df30-7e82-40fa-85c0-7925758621aa)
2019-12-05 08:32:47.047 15 RALLYDEBUG rally_openstack.cleanup.manager [-] Deleting neutron.network object s_rally_c076b6b5_KtZCzHSi (17c80e68-4c2b-4bba-ac6a-927eebb1dfe4)
2019-12-05 08:32:47.055 15 RALLYDEBUG rally_openstack.cleanup.manager [-] Deleting neutron.network object s_rally_c076b6b5_1b72dUSM (2e778a7b-0988-42df-bc21-7df2820d113f)
2019-12-05 08:32:47.064 15 RALLYDEBUG rally_openstack.cleanup.manager [-] Deleting neutron.network object s_rally_c076b6b5_i4wI6UyT (30d48b0c-c6d0-4f67-84d1-5d2ae8606e7e)
2019-12-05 08:32:47.098 15 RALLYDEBUG rally_openstack.cleanup.manager [-] Deleting neutron.network object s_rally_c076b6b5_I1w2ysuc (3d92cd75-254e-4cb2-9f1d-63f20acba6d9)
2019-12-05 08:32:47.113 15 RALLYDEBUG rally_openstack.cleanup.manager [-] Deleting neutron.network object s_rally_c076b6b5_TMLDwVnO (5cb1bdf6-438e-4251-8180-816d72fc8728)
2019-12-05 08:32:47.114 15 RALLYDEBUG rally_openstack.cleanup.manager [-] Deleting neutron.network object s_rally_c076b6b5_YLyGCjTY (4de69bc5-b134-4c2d-a571-ab329d174665)
2019-12-05 08:32:47.116 15 RALLYDEBUG rally_openstack.cleanup.manager [-] Deleting neutron.network object s_rally_c076b6b5_wvX6KjIx (4c791145-873e-4c0e-a1b1-e7d44147cc8c)
2019-12-05 08:32:47.127 15 RALLYDEBUG rally_openstack.cleanup.manager [-] Deleting neutron.network object s_rally_c076b6b5_EscHcEWt (5e74b155-c830-40d9-95e6-1703fb1d6a07)
2019-12-05 08:32:47.191 15 RALLYDEBUG rally_openstack.cleanup.manager [-] Deleting neutron.network object s_rally_c076b6b5_JggW57b0 (6e6a67c0-275b-406e-a1bb-b491e2f4ff71)
2019-12-05 08:32:47.194 15 RALLYDEBUG rally_openstack.cleanup.manager [-] Deleting neutron.network object s_rally_c076b6b5_pA2oroJd (613878bf-ba65-45d0-8f4a-f59ac5c11c30)
2019-12-05 08:32:47.197 15 RALLYDEBUG rally_openstack.cleanup.manager [-] Deleting neutron.network object s_rally_c076b6b5_xbbMq7jO (606017c0-d867-4e89-acca-4ac0cd699011)
2019-12-05 08:32:47.207 15 RALLYDEBUG rally_openstack.cleanup.manager [-] Deleting neutron.network object s_rally_c076b6b5_ONFvKjeu (7051f561-5f0d-4376-880c-c1c4f9b09810)
2019-12-05 08:32:47.220 15 RALLYDEBUG rally_openstack.cleanup.manager [-] Deleting neutron.network object s_rally_c076b6b5_YTaWq9LV (5f139f84-8ee1-4096-b72f-67695e790f0e)
2019-12-05 08:32:47.266 15 RALLYDEBUG rally_openstack.cleanup.manager [-] Deleting neutron.network object s_rally_c076b6b5_X2KMqAoG (62962196-fdc8-43c3-aedd-04020e00e2ae)
2019-12-05 08:32:47.290 15 RALLYDEBUG rally_openstack.cleanup.manager [-] Deleting neutron.network object s_rally_c076b6b5_LBxcANID (6f2c348c-2e01-4fec-8db8-931a97174ea1)
2019-12-05 08:32:52.538 15 RALLYDEBUG rally_openstack.cleanup.manager [-] Deleting neutron.network object s_rally_c076b6b5_W7nG7eXh (76fd24b9-b5ed-4e75-9d9f-b8cad7964ab0)
2019-12-05 08:32:52.580 15 RALLYDEBUG rally_openstack.cleanup.manager [-] Deleting neutron.network object s_rally_c076b6b5_N8l3degt (8c37aa0b-538d-4815-b5c9-1b7066e6e172)
2019-12-05 08:32:53.644 15 RALLYDEBUG rally_openstack.cleanup.manager [-] Deleting neutron.network object s_rally_c076b6b5_n8fhhDsT (8d8d40d8-a916-41fb-8fe0-5bbd71b6d997)
2019-12-05 08:32:53.774 15 RALLYDEBUG rally_openstack.cleanup.manager [-] Deleting neutron.network object s_rally_c076b6b5_fycaL9zV (94f7118a-0347-49c6-8f4c-3eec0f8f10b8)
2019-12-05 08:32:53.782 15 RALLYDEBUG rally_openstack.cleanup.manager [-] Deleting neutron.network object s_rally_c076b6b5_Dwnr2xZT (967e4358-4c47-420b-a401-ee5de5662323)
2019-12-05 08:32:53.826 15 RALLYDEBUG rally_openstack.cleanup.manager [-] Deleting neutron.network object s_rally_c076b6b5_BHwDkZ43 (9734ba4a-46ad-4d01-9b12-92d3e89aaf57)
2019-12-05 08:32:53.851 15 RALLYDEBUG rally_openstack.cleanup.manager [-] Deleting neutron.network object s_rally_c076b6b5_5NPAp7DE (9759e78a-2aa9-4e1b-ae72-508aebb28b2b)
2019-12-05 08:32:53.859 15 RALLYDEBUG rally_openstack.cleanup.manager [-] Deleting neutron.network object s_rally_c076b6b5_JZTQyZZf (9a538ea3-ef27-44fd-945d-c827ee5e5237)
2019-12-05 08:32:54.253 15 RALLYDEBUG rally_openstack.cleanup.manager [-] Deleting neutron.network object s_rally_c076b6b5_1q2EacEc (ab9c6151-3993-4bc6-afc2-b616532d1ed7)
2019-12-05 08:32:54.883 15 RALLYDEBUG rally_openstack.cleanup.manager [-] Deleting neutron.network object s_rally_c076b6b5_brVLjmHB (b3d5bfdc-beeb-4478-91bf-66b1566aae75)
2019-12-05 08:32:55.254 15 RALLYDEBUG rally_openstack.cleanup.manager [-] Deleting neutron.network object s_rally_c076b6b5_hr0OGut7 (b8be19f7-48e8-4961-b514-fefa9ba3abe6)
2019-12-05 08:32:55.642 15 RALLYDEBUG rally_openstack.cleanup.manager [-] Deleting neutron.network object s_rally_c076b6b5_9k39bVxM (b95c14bd-1529-46e3-a4b1-069cdfdc851c)
2019-12-05 08:32:55.727 15 RALLYDEBUG rally_openstack.cleanup.manager [-] Deleting neutron.network object s_rally_c076b6b5_PJWEcD62 (b9aab9a1-ec27-431b-b494-ed2d422ed165)
2019-12-05 08:32:55.853 15 RALLYDEBUG rally_openstack.cleanup.manager [-] Deleting neutron.network object s_rally_c076b6b5_nTSQuo4E (c01b1559-78e3-4089-b466-67dc51727c22)
2019-12-05 08:32:56.050 15 RALLYDEBUG rally_openstack.cleanup.manager [-] Deleting neutron.network object s_rally_c076b6b5_Lvul1ov5 (c3e6665d-a9c0-4b47-a7e8-074d7b1290f6)
2019-12-05 08:32:56.737 15 RALLYDEBUG rally_openstack.cleanup.manager [-] Deleting neutron.network object s_rally_c076b6b5_2pFdie7j (cbdae70d-6964-45fe-9693-5c4af9a18e50)
2019-12-05 08:32:56.800 15 RALLYDEBUG rally_openstack.cleanup.manager [-] Deleting neutron.network object s_rally_c076b6b5_JNge7NWy (cbea2f67-0600-4152-84f1-824bc61bcb1c)
2019-12-05 08:32:56.834 15 RALLYDEBUG rally_openstack.cleanup.manager [-] Deleting neutron.network object s_rally_c076b6b5_LaOt4Kg2 (cf2e824e-afbc-4380-90db-e4d8e3797f0d)
2019-12-05 08:32:56.860 15 RALLYDEBUG rally_openstack.cleanup.manager [-] Deleting neutron.network object s_rally_c076b6b5_pFJvvzoM (d065734f-eff3-4867-baf3-a9a837d3749e)
2019-12-05 08:33:00.050 15 RALLYDEBUG rally_openstack.cleanup.manager [-] Deleting neutron.network object s_rally_c076b6b5_Eg86xi1u (d91bf8ca-8f0d-4ac7-bd54-18e72f9cedb5)
2019-12-05 08:33:07.525 15 RALLYDEBUG rally_openstack.cleanup.manager [-] Cleaning up neutron router objects
2019-12-05 08:33:07.769 15 RALLYDEBUG rally_openstack.cleanup.manager [-] Cleaning up neutron security_group objects
2019-12-05 08:33:08.018 15 INFO rally.task.context [-] Task 5d17afcc-0dc0-49ec-8f35-eebf966ed807 | Context cleanup@openstack cleanup() finished in 23.28 sec
2019-12-05 08:33:08.019 15 INFO rally.task.context [-] Task 5d17afcc-0dc0-49ec-8f35-eebf966ed807 | Context quotas@openstack cleanup() started
2019-12-05 08:33:08.064 15 INFO rally.task.context [-] Task 5d17afcc-0dc0-49ec-8f35-eebf966ed807 | Context quotas@openstack cleanup() finished in 45.34 msec
2019-12-05 08:33:08.065 15 INFO rally.task.context [-] Task 5d17afcc-0dc0-49ec-8f35-eebf966ed807 | Context users@openstack cleanup() started
2019-12-05 08:33:09.441 15 INFO rally.task.context [-] Task 5d17afcc-0dc0-49ec-8f35-eebf966ed807 | Context users@openstack cleanup() finished in 1.38 sec
2019-12-05 08:33:11.327 15 INFO rally.task.engine [-] Load duration is: 64.901899
2019-12-05 08:33:11.328 15 INFO rally.task.engine [-] Full runner duration is: 64.948331
2019-12-05 08:33:11.328 15 INFO rally.task.engine [-] Full duration is: 90.71463
2019-12-05 08:33:11.743 15 INFO rally.task.engine [-] Running workload: position = 0 config = { "version": 2, "title": "A cropped version of a bigger task.", "description": "Auto-generated task from a single workload (uuid=f2de97b9-2cef-462d-90ad-5fe31d6f561c)", "subtasks": [ { "title": "NeutronNetworks.create_and_list_routers", "description": "Create and a given number of routers and list all routers.", "scenario": { "NeutronNetworks.create_and_list_routers": { "network_create_args": null, "subnet_create_args": null, "subnet_cidr_start": "1.1.0.0/30", "subnets_per_network": 2, "router_create_args": null } }, "contexts": { "users": { "tenants": 1, "users_per_tenant": 1 }, "quotas": { "neutron": { "network": -1, "subnet": -1, "router": -1 } } }, "runner": { "constant": { "times": 40, "concurrency": 20 } }, "hooks": [], "sla": { "failure_rate": { "max": 0 } } } ] }
2019-12-05 08:33:11.769 15 RALLYDEBUG rally_openstack.contexts.keystone.users [-] Creating 1 tenants using 20 threads
2019-12-05 08:33:12.074 15 RALLYDEBUG rally_openstack.contexts.keystone.users [-] Creating 1 users using 20 threads
2019-12-05 08:33:12.458 15 INFO rally.task.context [-] Task 5d17afcc-0dc0-49ec-8f35-eebf966ed807 | Context users@openstack setup() finished in 0.69 sec
2019-12-05 08:33:12.809 15 INFO rally.task.context [-] Task 5d17afcc-0dc0-49ec-8f35-eebf966ed807 | Context quotas@openstack setup() finished in 0.35 sec
2019-12-05 08:33:12.810 15 INFO rally.task.context [-] Task 5d17afcc-0dc0-49ec-8f35-eebf966ed807 | Context cleanup@openstack setup() finished in 0.01 msec
2019-12-05 08:33:12.818 15 RALLYDEBUG rally.task.runner [-] Starting the constant runner (task UUID: 5d17afcc-0dc0-49ec-8f35-eebf966ed807). timeout: 0 concurrency: 20 concurrency_per_worker: 1 times: 40 concurrency_overhead: 0 processes_to_start: 20 max_cpu_used: 88
2019-12-05 08:33:12.832 2671 RALLYDEBUG rally.task.runner [-] Starting a worker. concurrency: 1 args: {"network_create_args": null, "subnet_create_args": null, "subnet_cidr_start": "1.1.0.0/30", "subnets_per_network": 2, "router_create_args": null} times: 40 method_name: run timeout: 0 duration: None cls:
2019-12-05 08:33:12.836 2672 RALLYDEBUG rally.task.runner [-] Starting a worker. concurrency: 1 args: {"network_create_args": null, "subnet_create_args": null, "subnet_cidr_start": "1.1.0.0/30", "subnets_per_network": 2, "router_create_args": null} times: 40 method_name: run timeout: 0 duration: None cls:
2019-12-05 08:33:12.837 2673 RALLYDEBUG rally.task.runner [-] Starting a worker. concurrency: 1 args: {"network_create_args": null, "subnet_create_args": null, "subnet_cidr_start": "1.1.0.0/30", "subnets_per_network": 2, "router_create_args": null} times: 40 method_name: run timeout: 0 duration: None cls:
2019-12-05 08:33:12.840 2674 RALLYDEBUG rally.task.runner [-] Starting a worker. concurrency: 1 args: {"network_create_args": null, "subnet_create_args": null, "subnet_cidr_start": "1.1.0.0/30", "subnets_per_network": 2, "router_create_args": null} times: 40 method_name: run timeout: 0 duration: None cls:
2019-12-05 08:33:12.842 2672 INFO rally.task.runner [-] Task 5d17afcc-0dc0-49ec-8f35-eebf966ed807 | ITER: 2 START
2019-12-05 08:33:12.843 2673 INFO rally.task.runner [-] Task 5d17afcc-0dc0-49ec-8f35-eebf966ed807 | ITER: 3 START
2019-12-05 08:33:12.844 2675 RALLYDEBUG rally.task.runner [-] Starting a worker. concurrency: 1 args: {"network_create_args": null, "subnet_create_args": null, "subnet_cidr_start": "1.1.0.0/30", "subnets_per_network": 2, "router_create_args": null} times: 40 method_name: run timeout: 0 duration: None cls:
2019-12-05 08:33:12.847 2674 INFO rally.task.runner [-] Task 5d17afcc-0dc0-49ec-8f35-eebf966ed807 | ITER: 4 START
2019-12-05 08:33:12.847 2677 RALLYDEBUG rally.task.runner [-] Starting a worker. concurrency: 1 args: {"network_create_args": null, "subnet_create_args": null, "subnet_cidr_start": "1.1.0.0/30", "subnets_per_network": 2, "router_create_args": null} times: 40 method_name: run timeout: 0 duration: None cls:
2019-12-05 08:33:12.850 2675 INFO rally.task.runner [-] Task 5d17afcc-0dc0-49ec-8f35-eebf966ed807 | ITER: 5 START
2019-12-05 08:33:12.850 2681 RALLYDEBUG rally.task.runner [-] Starting a worker. concurrency: 1 args: {"network_create_args": null, "subnet_create_args": null, "subnet_cidr_start": "1.1.0.0/30", "subnets_per_network": 2, "router_create_args": null} times: 40 method_name: run timeout: 0 duration: None cls:
2019-12-05 08:33:12.853 2677 INFO rally.task.runner [-] Task 5d17afcc-0dc0-49ec-8f35-eebf966ed807 | ITER: 6 START
2019-12-05 08:33:12.853 2671 INFO rally.task.runner [-] Task 5d17afcc-0dc0-49ec-8f35-eebf966ed807 | ITER: 1 START
2019-12-05 08:33:12.852 2684 RALLYDEBUG rally.task.runner [-] Starting a worker. concurrency: 1 args: {"network_create_args": null, "subnet_create_args": null, "subnet_cidr_start": "1.1.0.0/30", "subnets_per_network": 2, "router_create_args": null} times: 40 method_name: run timeout: 0 duration: None cls:
2019-12-05 08:33:12.856 2681 INFO rally.task.runner [-] Task 5d17afcc-0dc0-49ec-8f35-eebf966ed807 | ITER: 7 START
2019-12-05 08:33:12.856 2687 RALLYDEBUG rally.task.runner [-] Starting a worker. concurrency: 1 args: {"network_create_args": null, "subnet_create_args": null, "subnet_cidr_start": "1.1.0.0/30", "subnets_per_network": 2, "router_create_args": null} times: 40 method_name: run timeout: 0 duration: None cls:
2019-12-05 08:33:12.858 2684 INFO rally.task.runner [-] Task 5d17afcc-0dc0-49ec-8f35-eebf966ed807 | ITER: 8 START
2019-12-05 08:33:12.859 2692 RALLYDEBUG rally.task.runner [-] Starting a worker. concurrency: 1 args: {"network_create_args": null, "subnet_create_args": null, "subnet_cidr_start": "1.1.0.0/30", "subnets_per_network": 2, "router_create_args": null} times: 40 method_name: run timeout: 0 duration: None cls:
2019-12-05 08:33:12.862 2687 INFO rally.task.runner [-] Task 5d17afcc-0dc0-49ec-8f35-eebf966ed807 | ITER: 9 START
2019-12-05 08:33:12.863 2695 RALLYDEBUG rally.task.runner [-] Starting a worker. concurrency: 1 args: {"network_create_args": null, "subnet_create_args": null, "subnet_cidr_start": "1.1.0.0/30", "subnets_per_network": 2, "router_create_args": null} times: 40 method_name: run timeout: 0 duration: None cls:
2019-12-05 08:33:12.865 2692 INFO rally.task.runner [-] Task 5d17afcc-0dc0-49ec-8f35-eebf966ed807 | ITER: 10 START
2019-12-05 08:33:12.866 2698 RALLYDEBUG rally.task.runner [-] Starting a worker. concurrency: 1 args: {"network_create_args": null, "subnet_create_args": null, "subnet_cidr_start": "1.1.0.0/30", "subnets_per_network": 2, "router_create_args": null} times: 40 method_name: run timeout: 0 duration: None cls:
2019-12-05 08:33:12.869 2695 INFO rally.task.runner [-] Task 5d17afcc-0dc0-49ec-8f35-eebf966ed807 | ITER: 11 START
2019-12-05 08:33:12.868 2701 RALLYDEBUG rally.task.runner [-] Starting a worker. concurrency: 1 args: {"network_create_args": null, "subnet_create_args": null, "subnet_cidr_start": "1.1.0.0/30", "subnets_per_network": 2, "router_create_args": null} times: 40 method_name: run timeout: 0 duration: None cls:
2019-12-05 08:33:12.874 2701 INFO rally.task.runner [-] Task 5d17afcc-0dc0-49ec-8f35-eebf966ed807 | ITER: 13 START
2019-12-05 08:33:12.874 2704 RALLYDEBUG rally.task.runner [-] Starting a worker. concurrency: 1 args: {"network_create_args": null, "subnet_create_args": null, "subnet_cidr_start": "1.1.0.0/30", "subnets_per_network": 2, "router_create_args": null} times: 40 method_name: run timeout: 0 duration: None cls:
2019-12-05 08:33:12.875 2698 INFO rally.task.runner [-] Task 5d17afcc-0dc0-49ec-8f35-eebf966ed807 | ITER: 12 START
2019-12-05 08:33:12.875 2707 RALLYDEBUG rally.task.runner [-] Starting a worker. concurrency: 1 args: {"network_create_args": null, "subnet_create_args": null, "subnet_cidr_start": "1.1.0.0/30", "subnets_per_network": 2, "router_create_args": null} times: 40 method_name: run timeout: 0 duration: None cls:
2019-12-05 08:33:12.880 2707 INFO rally.task.runner [-] Task 5d17afcc-0dc0-49ec-8f35-eebf966ed807 | ITER: 15 START
2019-12-05 08:33:12.881 2704 INFO rally.task.runner [-] Task 5d17afcc-0dc0-49ec-8f35-eebf966ed807 | ITER: 14 START
