2019-12-05 08:21:43.598 6 RALLYDEBUG rally.api [-] INFO logs from urllib3 and requests module are hide.
2019-12-05 08:21:43.598 6 RALLYDEBUG rally.api [-] urllib3 insecure warnings are hidden.
2019-12-05 08:21:43.598 6 RALLYDEBUG rally.api [-] ERROR log from boto module is hide.
2019-12-05 08:21:45.113 6 ERROR rally.cli.cliutils [-] Unexpected exception in CLI: DBRecordNotFound: Record for uuid or name is opnfv-rally not found in table envs
2019-12-05 08:21:45.113 6 ERROR rally.cli.cliutils
Traceback (most recent call last):
2019-12-05 08:21:45.113 6 ERROR rally.cli.cliutils
File "/usr/lib/python2.7/site-packages/rally/cli/cliutils.py", line 674, in run
2019-12-05 08:21:45.113 6 ERROR rally.cli.cliutils ret = fn(*fn_args, **fn_kwargs)
2019-12-05 08:21:45.113 6 ERROR rally.cli.cliutils File "", line 2, in destroy
2019-12-05 08:21:45.113 6 ERROR rally.cli.cliutils
File "/usr/lib/python2.7/site-packages/rally/cli/envutils.py", line 68, in default_from_global
2019-12-05 08:21:45.113 6 ERROR rally.cli.cliutils return f(*args, **kwargs)
2019-12-05 08:21:45.113 6 ERROR rally.cli.cliutils File "", line 2, in destroy
2019-12-05 08:21:45.113 6 ERROR rally.cli.cliutils
File "/usr/lib/python2.7/site-packages/rally/plugins/__init__.py", line 51, in ensure_plugins_are_loaded
2019-12-05 08:21:45.113 6 ERROR rally.cli.cliutils return f(*args, **kwargs)
2019-12-05 08:21:45.113 6 ERROR rally.cli.cliutils
File "/usr/lib/python2.7/site-packages/rally/cli/commands/deployment.py", line 157, in destroy
2019-12-05 08:21:45.113 6 ERROR rally.cli.cliutils api.deployment.destroy(deployment=deployment)
2019-12-05 08:21:45.113 6 ERROR rally.cli.cliutils
File "/usr/lib/python2.7/site-packages/rally/api.py", line 115, in destroy
2019-12-05 08:21:45.113 6 ERROR rally.cli.cliutils deploy = objects.Deployment.get(deployment)
2019-12-05 08:21:45.113 6 ERROR rally.cli.cliutils
File "/usr/lib/python2.7/site-packages/rally/common/objects/deploy.py", line 124, in get
2019-12-05 08:21:45.113 6 ERROR rally.cli.cliutils return Deployment(env_mgr.EnvManager.get(deploy))
2019-12-05 08:21:45.113 6 ERROR rally.cli.cliutils
File "/usr/lib/python2.7/site-packages/rally/env/env_mgr.py", line 212, in get
2019-12-05 08:21:45.113 6 ERROR rally.cli.cliutils return cls(db.env_get(uuid_or_name))
2019-12-05 08:21:45.113 6 ERROR rally.cli.cliutils
File "/usr/lib/python2.7/site-packages/rally/common/db/api.py", line 135, in wrapper
2019-12-05 08:21:45.113 6 ERROR rally.cli.cliutils result = f(session, *args, **kwargs)
2019-12-05 08:21:45.113 6 ERROR rally.cli.cliutils
File "/usr/lib/python2.7/site-packages/rally/common/db/api.py", line 521, in env_get
2019-12-05 08:21:45.113 6 ERROR rally.cli.cliutils criteria="uuid or name is %s" % uuid_or_name, table="envs")
2019-12-05 08:21:45.113 6 ERROR rally.cli.cliutils DBRecordNotFound: Record for uuid or name is opnfv-rally not found in table envs
2019-12-05 08:21:45.113 6 ERROR rally.cli.cliutils
2019-12-05 08:21:46.047 8 RALLYDEBUG rally.api [-] INFO logs from urllib3 and requests module are hide.
2019-12-05 08:21:46.047 8 RALLYDEBUG rally.api [-] urllib3 insecure warnings are hidden.
2019-12-05 08:21:46.047 8 RALLYDEBUG rally.api [-] ERROR log from boto module is hide.
2019-12-05 08:21:48.449 10 RALLYDEBUG rally.api [-] INFO logs from urllib3 and requests module are hide.
2019-12-05 08:21:48.449 10 RALLYDEBUG rally.api [-] urllib3 insecure warnings are hidden.
2019-12-05 08:21:48.449 10 RALLYDEBUG rally.api [-] ERROR log from boto module is hide.
2019-12-05 08:21:51.166 13 RALLYDEBUG rally.api [-] INFO logs from urllib3 and requests module are hide.
2019-12-05 08:21:51.166 13 RALLYDEBUG rally.api [-] urllib3 insecure warnings are hidden.
2019-12-05 08:21:51.166 13 RALLYDEBUG rally.api [-] ERROR log from boto module is hide.
2019-12-05 08:21:54.243 15 RALLYDEBUG rally.api [-] INFO logs from urllib3 and requests module are hide.
2019-12-05 08:21:54.243 15 RALLYDEBUG rally.api [-] urllib3 insecure warnings are hidden.
2019-12-05 08:21:54.243 15 RALLYDEBUG rally.api [-] ERROR log from boto module is hide.
2019-12-05 08:21:55.423 15 INFO rally.common.plugin.discover [-] Loading plugins from directories /root/.rally/plugins/*
2019-12-05 08:21:55.423 15 INFO rally.common.plugin.discover [-] Loaded module with plugins: /root/.rally/plugins/__init__.py
2019-12-05 08:21:55.426 15 INFO rally.common.plugin.discover [-] Loaded module with plugins: /root/.rally/plugins/trunk_scenario.py
2019-12-05 08:21:55.737 15 INFO rally.task.engine [-] Task 5d17afcc-0dc0-49ec-8f35-eebf966ed807 | Starting: Task validation.
2019-12-05 08:21:55.799 15 INFO rally.task.engine [-] Task 5d17afcc-0dc0-49ec-8f35-eebf966ed807 | Starting: Task validation of syntax.
2019-12-05 08:21:56.086 15 INFO rally.task.engine [-] Task 5d17afcc-0dc0-49ec-8f35-eebf966ed807 | Completed: Task validation of syntax.
2019-12-05 08:21:56.086 15 INFO rally.task.engine [-] Task 5d17afcc-0dc0-49ec-8f35-eebf966ed807 | Starting: Task validation of required platforms.
2019-12-05 08:21:56.196 15 INFO rally.task.engine [-] Task 5d17afcc-0dc0-49ec-8f35-eebf966ed807 | Completed: Task validation of required platforms.
2019-12-05 08:21:56.196 15 INFO rally.task.engine [-] Task 5d17afcc-0dc0-49ec-8f35-eebf966ed807 | Starting: Task validation of semantic.
2019-12-05 08:21:56.196 15 INFO rally.task.engine [-] Check health of the environment '73fd856b-a948-481b-b13e-5d86f51604c5'.
2019-12-05 08:21:56.601 15 INFO rally.task.engine [-] Platform existing@openstack (available: True): OK!
2019-12-05 08:21:56.619 15 RALLYDEBUG rally_openstack.contexts.keystone.users [-] Creating 1 tenants using 20 threads
2019-12-05 08:21:56.862 15 RALLYDEBUG rally_openstack.contexts.keystone.users [-] Creating 1 users using 20 threads
2019-12-05 08:21:57.248 15 INFO rally.task.context [-] Task 5d17afcc-0dc0-49ec-8f35-eebf966ed807 | Context users@openstack setup() finished in 0.63 sec
2019-12-05 08:21:58.819 15 INFO rally.task.context [-] Task 5d17afcc-0dc0-49ec-8f35-eebf966ed807 | Context users@openstack cleanup() started
2019-12-05 08:22:00.370 15 INFO rally.task.context [-] Task 5d17afcc-0dc0-49ec-8f35-eebf966ed807 | Context users@openstack cleanup() finished in 1.55 sec
2019-12-05 08:22:00.370 15 INFO rally.task.engine [-] Task 5d17afcc-0dc0-49ec-8f35-eebf966ed807 | Completed: Task validation of semantic.
2019-12-05 08:22:00.371 15 INFO rally.task.engine [-] Task 5d17afcc-0dc0-49ec-8f35-eebf966ed807 | Completed: Task validation.
2019-12-05 08:22:00.371 15 INFO rally.api [-] Task 5d17afcc-0dc0-49ec-8f35-eebf966ed807 input file is valid.
2019-12-05 08:22:00.371 15 INFO rally.api [-] Run Task 5d17afcc-0dc0-49ec-8f35-eebf966ed807 against Deployment 73fd856b-a948-481b-b13e-5d86f51604c5
2019-12-05 08:22:00.372 15 INFO rally.task.engine [-] Task 5d17afcc-0dc0-49ec-8f35-eebf966ed807 | Starting: Running task.
2019-12-05 08:22:00.584 15 INFO rally.task.engine [-] Running workload: position = 0 config = { "version": 2, "title": "A cropped version of a bigger task.", "description": "Auto-generated task from a single workload (uuid=4d09d214-5eda-451c-8c2e-ece24666b359)", "subtasks": [ { "title": "NeutronNetworks.create_and_list_networks", "description": "Check performance of list_networks action and ensure > network quotas are not exceeded", "scenario": { "NeutronNetworks.create_and_list_networks": {} }, "contexts": { "users": { "tenants": 1, "users_per_tenant": 1 }, "quotas": { "neutron": { "network": 119 } } }, "runner": { "constant": { "times": 100, "concurrency": 20 } }, "hooks": [], "sla": { "max_avg_duration_per_atomic": { "neutron.list_networks": 15 }, "failure_rate": { "max": 0 } } } ] }
2019-12-05 08:22:00.609 15 RALLYDEBUG rally_openstack.contexts.keystone.users [-] Creating 1 tenants using 20 threads
2019-12-05 08:22:00.910 15 RALLYDEBUG rally_openstack.contexts.keystone.users [-] Creating 1 users using 20 threads
2019-12-05 08:22:01.326 15 INFO rally.task.context [-] Task 5d17afcc-0dc0-49ec-8f35-eebf966ed807 | Context users@openstack setup() finished in 0.72 sec
2019-12-05 08:22:01.629 15 INFO rally.task.context [-] Task 5d17afcc-0dc0-49ec-8f35-eebf966ed807 | Context quotas@openstack setup() finished in 0.30 sec
2019-12-05 08:22:01.630 15 INFO rally.task.context [-] Task 5d17afcc-0dc0-49ec-8f35-eebf966ed807 | Context cleanup@openstack setup() finished in 0.00 msec
2019-12-05 08:22:01.639 15 RALLYDEBUG rally.task.runner [-] Starting the constant runner (task UUID: 5d17afcc-0dc0-49ec-8f35-eebf966ed807). timeout: 0 concurrency: 20 concurrency_per_worker: 1 times: 100 concurrency_overhead: 0 processes_to_start: 20 max_cpu_used: 88
2019-12-05 08:22:01.652 139 RALLYDEBUG rally.task.runner [-] Starting a worker. concurrency: 1 args: {} times: 100 method_name: run timeout: 0 duration: None cls:
2019-12-05 08:22:01.658 139 INFO rally.task.runner [-] Task 5d17afcc-0dc0-49ec-8f35-eebf966ed807 | ITER: 1 START
2019-12-05 08:22:01.658 140 RALLYDEBUG rally.task.runner [-] Starting a worker. concurrency: 1 args: {} times: 100 method_name: run timeout: 0 duration: None cls:
2019-12-05 08:22:01.658 141 RALLYDEBUG rally.task.runner [-] Starting a worker. concurrency: 1 args: {} times: 100 method_name: run timeout: 0 duration: None cls:
2019-12-05 08:22:01.661 142 RALLYDEBUG rally.task.runner [-] Starting a worker. concurrency: 1 args: {} times: 100 method_name: run timeout: 0 duration: None cls:
2019-12-05 08:22:01.663 140 INFO rally.task.runner [-] Task 5d17afcc-0dc0-49ec-8f35-eebf966ed807 | ITER: 2 START
2019-12-05 08:22:01.664 141 INFO rally.task.runner [-] Task 5d17afcc-0dc0-49ec-8f35-eebf966ed807 | ITER: 3 START
2019-12-05 08:22:01.663 145 RALLYDEBUG rally.task.runner [-] Starting a worker. concurrency: 1 args: {} times: 100 method_name: run timeout: 0 duration: None cls:
2019-12-05 08:22:01.666 142 INFO rally.task.runner [-] Task 5d17afcc-0dc0-49ec-8f35-eebf966ed807 | ITER: 4 START
2019-12-05 08:22:01.666 146 RALLYDEBUG rally.task.runner [-] Starting a worker. concurrency: 1 args: {} times: 100 method_name: run timeout: 0 duration: None cls:
2019-12-05 08:22:01.669 145 INFO rally.task.runner [-] Task 5d17afcc-0dc0-49ec-8f35-eebf966ed807 | ITER: 5 START
2019-12-05 08:22:01.669 151 RALLYDEBUG rally.task.runner [-] Starting a worker. concurrency: 1 args: {} times: 100 method_name: run timeout: 0 duration: None cls:
2019-12-05 08:22:01.672 146 INFO rally.task.runner [-] Task 5d17afcc-0dc0-49ec-8f35-eebf966ed807 | ITER: 6 START
2019-12-05 08:22:01.672 154 RALLYDEBUG rally.task.runner [-] Starting a worker. concurrency: 1 args: {} times: 100 method_name: run timeout: 0 duration: None cls:
2019-12-05 08:22:01.674 151 INFO rally.task.runner [-] Task 5d17afcc-0dc0-49ec-8f35-eebf966ed807 | ITER: 7 START
2019-12-05 08:22:01.675 157 RALLYDEBUG rally.task.runner [-] Starting a worker. concurrency: 1 args: {} times: 100 method_name: run timeout: 0 duration: None cls:
2019-12-05 08:22:01.678 154 INFO rally.task.runner [-] Task 5d17afcc-0dc0-49ec-8f35-eebf966ed807 | ITER: 8 START
2019-12-05 08:22:01.678 160 RALLYDEBUG rally.task.runner [-] Starting a worker. concurrency: 1 args: {} times: 100 method_name: run timeout: 0 duration: None cls:
2019-12-05 08:22:01.680 163 RALLYDEBUG rally.task.runner [-] Starting a worker. concurrency: 1 args: {} times: 100 method_name: run timeout: 0 duration: None cls:
2019-12-05 08:22:01.683 160 INFO rally.task.runner [-] Task 5d17afcc-0dc0-49ec-8f35-eebf966ed807 | ITER: 10 START
2019-12-05 08:22:01.683 166 RALLYDEBUG rally.task.runner [-] Starting a worker. concurrency: 1 args: {} times: 100 method_name: run timeout: 0 duration: None cls:
2019-12-05 08:22:01.685 157 INFO rally.task.runner [-] Task 5d17afcc-0dc0-49ec-8f35-eebf966ed807 | ITER: 9 START
2019-12-05 08:22:01.687 169 RALLYDEBUG rally.task.runner [-] Starting a worker. concurrency: 1 args: {} times: 100 method_name: run timeout: 0 duration: None cls:
2019-12-05 08:22:01.688 163 INFO rally.task.runner [-] Task 5d17afcc-0dc0-49ec-8f35-eebf966ed807 | ITER: 11 START
2019-12-05 08:22:01.689 172 RALLYDEBUG rally.task.runner [-] Starting a worker. concurrency: 1 args: {} times: 100 method_name: run timeout: 0 duration: None cls:
2019-12-05 08:22:01.693 166 INFO rally.task.runner [-] Task 5d17afcc-0dc0-49ec-8f35-eebf966ed807 | ITER: 12 START
2019-12-05 08:22:01.694 172 INFO rally.task.runner [-] Task 5d17afcc-0dc0-49ec-8f35-eebf966ed807 | ITER: 14 START
2019-12-05 08:22:01.694 169 INFO rally.task.runner [-] Task 5d17afcc-0dc0-49ec-8f35-eebf966ed807 | ITER: 13 START
2019-12-05 08:22:01.695 178 RALLYDEBUG rally.task.runner [-] Starting a worker. concurrency: 1 args: {} times: 100 method_name: run timeout: 0 duration: None cls:
2019-12-05 08:22:01.697 175 RALLYDEBUG rally.task.runner [-] Starting a worker. concurrency: 1 args: {} times: 100 method_name: run timeout: 0 duration: None cls:
2019-12-05 08:22:01.701 178 INFO rally.task.runner [-] Task 5d17afcc-0dc0-49ec-8f35-eebf966ed807 | ITER: 15 START
2019-12-05 08:22:01.701 180 RALLYDEBUG rally.task.runner [-] Starting a worker. concurrency: 1 args: {} times: 100 method_name: run timeout: 0 duration: None cls:
2019-12-05 08:22:01.704 185 RALLYDEBUG rally.task.runner [-] Starting a worker. concurrency: 1 args: {} times: 100 method_name: run timeout: 0 duration: None cls:
2019-12-05 08:22:01.706 184 RALLYDEBUG rally.task.runner [-] Starting a worker. concurrency: 1 args: {} times: 100 method_name: run timeout: 0 duration: None cls:
2019-12-05 08:22:01.707 188 RALLYDEBUG rally.task.runner [-] Starting a worker. concurrency: 1 args: {} times: 100 method_name: run timeout: 0 duration: None cls:
2019-12-05 08:22:01.706 180 INFO rally.task.runner [-] Task 5d17afcc-0dc0-49ec-8f35-eebf966ed807 | ITER: 17 START
2019-12-05 08:22:01.712 185 INFO rally.task.runner [-] Task 5d17afcc-0dc0-49ec-8f35-eebf966ed807 | ITER: 18 START
2019-12-05 08:22:01.712 175 INFO rally.task.runner [-] Task 5d17afcc-0dc0-49ec-8f35-eebf966ed807 | ITER: 16 START
2019-12-05 08:22:01.714 188 INFO rally.task.runner [-] Task 5d17afcc-0dc0-49ec-8f35-eebf966ed807 | ITER: 20 START
2019-12-05 08:22:01.714 184 INFO rally.task.runner [-] Task 5d17afcc-0dc0-49ec-8f35-eebf966ed807 | ITER: 19 START
2019-12-05 08:22:02.594 145 INFO rally.task.runner [-] Task 5d17afcc-0dc0-49ec-8f35-eebf966ed807 | ITER: 5 END: OK
2019-12-05 08:22:02.599 145 INFO rally.task.runner [-] Task 5d17afcc-0dc0-49ec-8f35-eebf966ed807 | ITER: 21 START
2019-12-05 08:22:03.624 151 INFO rally.task.runner [-] Task 5d17afcc-0dc0-49ec-8f35-eebf966ed807 | ITER: 7 END: OK
2019-12-05 08:22:03.629 151 INFO rally.task.runner [-] Task 5d17afcc-0dc0-49ec-8f35-eebf966ed807 | ITER: 22 START
2019-12-05 08:22:05.278 139 INFO rally.task.runner [-] Task 5d17afcc-0dc0-49ec-8f35-eebf966ed807 | ITER: 1 END: OK
2019-12-05 08:22:05.283 139 INFO rally.task.runner [-] Task 5d17afcc-0dc0-49ec-8f35-eebf966ed807 | ITER: 23 START
2019-12-05 08:22:05.335 141 INFO rally.task.runner [-] Task 5d17afcc-0dc0-49ec-8f35-eebf966ed807 | ITER: 3 END: OK
2019-12-05 08:22:05.340 141 INFO rally.task.runner [-] Task 5d17afcc-0dc0-49ec-8f35-eebf966ed807 | ITER: 24 START
2019-12-05 08:22:05.798 160 INFO rally.task.runner [-] Task 5d17afcc-0dc0-49ec-8f35-eebf966ed807 | ITER: 10 END: OK
2019-12-05 08:22:05.802 160 INFO rally.task.runner [-] Task 5d17afcc-0dc0-49ec-8f35-eebf966ed807 | ITER: 25 START
2019-12-05 08:22:05.820 154 INFO rally.task.runner [-] Task 5d17afcc-0dc0-49ec-8f35-eebf966ed807 | ITER: 8 END: OK
2019-12-05 08:22:05.825 154 INFO rally.task.runner [-] Task 5d17afcc-0dc0-49ec-8f35-eebf966ed807 | ITER: 26 START
2019-12-05 08:22:05.889 140 INFO rally.task.runner [-] Task 5d17afcc-0dc0-49ec-8f35-eebf966ed807 | ITER: 2 END: OK
2019-12-05 08:22:05.894 140 INFO rally.task.runner [-] Task 5d17afcc-0dc0-49ec-8f35-eebf966ed807 | ITER: 27 START
2019-12-05 08:22:05.911 142 INFO rally.task.runner [-] Task 5d17afcc-0dc0-49ec-8f35-eebf966ed807 | ITER: 4 END: OK
2019-12-05 08:22:05.915 142 INFO rally.task.runner [-] Task 5d17afcc-0dc0-49ec-8f35-eebf966ed807 | ITER: 28 START
2019-12-05 08:22:05.953 163 INFO rally.task.runner [-] Task 5d17afcc-0dc0-49ec-8f35-eebf966ed807 | ITER: 11 END: OK
2019-12-05 08:22:05.958 163 INFO rally.task.runner [-] Task 5d17afcc-0dc0-49ec-8f35-eebf966ed807 | ITER: 29 START
2019-12-05 08:22:06.219 172 INFO rally.task.runner [-] Task 5d17afcc-0dc0-49ec-8f35-eebf966ed807 | ITER: 14 END: OK
2019-12-05 08:22:06.224 172 INFO rally.task.runner [-] Task 5d17afcc-0dc0-49ec-8f35-eebf966ed807 | ITER: 30 START
2019-12-05 08:22:06.293 146 INFO rally.task.runner [-] Task 5d17afcc-0dc0-49ec-8f35-eebf966ed807 | ITER: 6 END: OK
2019-12-05 08:22:06.298 146 INFO rally.task.runner [-] Task 5d17afcc-0dc0-49ec-8f35-eebf966ed807 | ITER: 31 START
2019-12-05 08:22:06.302 178 INFO rally.task.runner [-] Task 5d17afcc-0dc0-49ec-8f35-eebf966ed807 | ITER: 15 END: OK
2019-12-05 08:22:06.306 178 INFO rally.task.runner [-] Task 5d17afcc-0dc0-49ec-8f35-eebf966ed807 | ITER: 32 START
2019-12-05 08:22:06.410 180 INFO rally.task.runner [-] Task 5d17afcc-0dc0-49ec-8f35-eebf966ed807 | ITER: 17 END: OK
2019-12-05 08:22:06.415 180 INFO rally.task.runner [-] Task 5d17afcc-0dc0-49ec-8f35-eebf966ed807 | ITER: 33 START
2019-12-05 08:22:06.481 169 INFO rally.task.runner [-] Task 5d17afcc-0dc0-49ec-8f35-eebf966ed807 | ITER: 13 END: OK
2019-12-05 08:22:06.486 169 INFO rally.task.runner [-] Task 5d17afcc-0dc0-49ec-8f35-eebf966ed807 | ITER: 34 START
2019-12-05 08:22:06.589 184 INFO rally.task.runner [-] Task 5d17afcc-0dc0-49ec-8f35-eebf966ed807 | ITER: 19 END: OK
2019-12-05 08:22:06.594 184 INFO rally.task.runner [-] Task 5d17afcc-0dc0-49ec-8f35-eebf966ed807 | ITER: 35 START
2019-12-05 08:22:06.709 166 INFO rally.task.runner [-] Task 5d17afcc-0dc0-49ec-8f35-eebf966ed807 | ITER: 12 END: OK
2019-12-05 08:22:06.714 166 INFO rally.task.runner [-] Task 5d17afcc-0dc0-49ec-8f35-eebf966ed807 | ITER: 36 START
2019-12-05 08:22:06.717 157 INFO rally.task.runner [-] Task 5d17afcc-0dc0-49ec-8f35-eebf966ed807 | ITER: 9 END: OK
2019-12-05 08:22:06.722 157 INFO rally.task.runner [-] Task 5d17afcc-0dc0-49ec-8f35-eebf966ed807 | ITER: 37 START
2019-12-05 08:22:06.816 185 INFO rally.task.runner [-] Task 5d17afcc-0dc0-49ec-8f35-eebf966ed807 | ITER: 18 END: OK
2019-12-05 08:22:06.821 185 INFO rally.task.runner [-] Task 5d17afcc-0dc0-49ec-8f35-eebf966ed807 | ITER: 38 START
2019-12-05 08:22:06.939 175 INFO rally.task.runner [-] Task 5d17afcc-0dc0-49ec-8f35-eebf966ed807 | ITER: 16 END: OK
2019-12-05 08:22:06.944 175 INFO rally.task.runner [-] Task 5d17afcc-0dc0-49ec-8f35-eebf966ed807 | ITER: 39 START
2019-12-05 08:22:06.962 188 INFO rally.task.runner [-] Task 5d17afcc-0dc0-49ec-8f35-eebf966ed807 | ITER: 20 END: OK
2019-12-05 08:22:06.966 188 INFO rally.task.runner [-] Task 5d17afcc-0dc0-49ec-8f35-eebf966ed807 | ITER: 40 START
2019-12-05 08:22:07.402 145 INFO rally.task.runner [-] Task 5d17afcc-0dc0-49ec-8f35-eebf966ed807 | ITER: 21 END: OK
2019-12-05 08:22:07.406 145 INFO rally.task.runner [-] Task 5d17afcc-0dc0-49ec-8f35-eebf966ed807 | ITER: 41 START
2019-12-05 08:22:07.948 151 INFO rally.task.runner [-] Task 5d17afcc-0dc0-49ec-8f35-eebf966ed807 | ITER: 22 END: OK
2019-12-05 08:22:07.952 151 INFO rally.task.runner [-] Task 5d17afcc-0dc0-49ec-8f35-eebf966ed807 | ITER: 42 START
2019-12-05 08:22:09.930 180 INFO rally.task.runner [-] Task 5d17afcc-0dc0-49ec-8f35-eebf966ed807 | ITER: 33 END: OK
2019-12-05 08:22:09.934 180 INFO rally.task.runner [-] Task 5d17afcc-0dc0-49ec-8f35-eebf966ed807 | ITER: 43 START
2019-12-05 08:22:09.939 184 INFO rally.task.runner [-] Task 5d17afcc-0dc0-49ec-8f35-eebf966ed807 | ITER: 35 END: OK
2019-12-05 08:22:09.943 184 INFO rally.task.runner [-] Task 5d17afcc-0dc0-49ec-8f35-eebf966ed807 | ITER: 44 START
2019-12-05 08:22:10.785 154 INFO rally.task.runner [-] Task 5d17afcc-0dc0-49ec-8f35-eebf966ed807 | ITER: 26 END: OK
2019-12-05 08:22:10.789 154 INFO rally.task.runner [-] Task 5d17afcc-0dc0-49ec-8f35-eebf966ed807 | ITER: 45 START
2019-12-05 08:22:11.008 139 INFO rally.task.runner [-] Task 5d17afcc-0dc0-49ec-8f35-eebf966ed807 | ITER: 23 END: OK
2019-12-05 08:22:11.011 139 INFO rally.task.runner [-] Task 5d17afcc-0dc0-49ec-8f35-eebf966ed807 | ITER: 46 START
2019-12-05 08:22:11.159 146 INFO rally.task.runner [-] Task 5d17afcc-0dc0-49ec-8f35-eebf966ed807 | ITER: 31 END: OK
2019-12-05 08:22:11.162 146 INFO rally.task.runner [-] Task 5d17afcc-0dc0-49ec-8f35-eebf966ed807 | ITER: 47 START
2019-12-05 08:22:11.333 140 INFO rally.task.runner [-] Task 5d17afcc-0dc0-49ec-8f35-eebf966ed807 | ITER: 27 END: OK
2019-12-05 08:22:11.337 140 INFO rally.task.runner [-] Task 5d17afcc-0dc0-49ec-8f35-eebf966ed807 | ITER: 48 START
2019-12-05 08:22:11.417 172 INFO rally.task.runner [-] Task 5d17afcc-0dc0-49ec-8f35-eebf966ed807 | ITER: 30 END: OK
2019-12-05 08:22:11.421 172 INFO rally.task.runner [-] Task 5d17afcc-0dc0-49ec-8f35-eebf966ed807 | ITER: 49 START
2019-12-05 08:22:11.427 141 INFO rally.task.runner [-] Task 5d17afcc-0dc0-49ec-8f35-eebf966ed807 | ITER: 24 END: OK
2019-12-05 08:22:11.431 141 INFO rally.task.runner [-] Task 5d17afcc-0dc0-49ec-8f35-eebf966ed807 | ITER: 50 START
2019-12-05 08:22:11.502 163 INFO rally.task.runner [-] Task 5d17afcc-0dc0-49ec-8f35-eebf966ed807 | ITER: 29 END: OK
2019-12-05 08:22:11.506 163 INFO rally.task.runner [-] Task 5d17afcc-0dc0-49ec-8f35-eebf966ed807 | ITER: 51 START
2019-12-05 08:22:11.710 157 INFO rally.task.runner [-] Task 5d17afcc-0dc0-49ec-8f35-eebf966ed807 | ITER: 37 END: OK
2019-12-05 08:22:11.714 157 INFO rally.task.runner [-] Task 5d17afcc-0dc0-49ec-8f35-eebf966ed807 | ITER: 52 START
2019-12-05 08:22:12.187 178 INFO rally.task.runner [-] Task 5d17afcc-0dc0-49ec-8f35-eebf966ed807 | ITER: 32 END: OK
2019-12-05 08:22:12.191 178 INFO rally.task.runner [-] Task 5d17afcc-0dc0-49ec-8f35-eebf966ed807 | ITER: 53 START
2019-12-05 08:22:12.334 169 INFO rally.task.runner [-] Task 5d17afcc-0dc0-49ec-8f35-eebf966ed807 | ITER: 34 END: OK
2019-12-05 08:22:12.338 169 INFO rally.task.runner [-] Task 5d17afcc-0dc0-49ec-8f35-eebf966ed807 | ITER: 54 START
2019-12-05 08:22:12.358 175 INFO rally.task.runner [-] Task 5d17afcc-0dc0-49ec-8f35-eebf966ed807 | ITER: 39 END: OK
2019-12-05 08:22:12.362 175 INFO rally.task.runner [-] Task 5d17afcc-0dc0-49ec-8f35-eebf966ed807 | ITER: 55 START
2019-12-05 08:22:12.389 142 INFO rally.task.runner [-] Task 5d17afcc-0dc0-49ec-8f35-eebf966ed807 | ITER: 28 END: OK
2019-12-05 08:22:12.392 142 INFO rally.task.runner [-] Task 5d17afcc-0dc0-49ec-8f35-eebf966ed807 | ITER: 56 START
2019-12-05 08:22:12.394 160 INFO rally.task.runner [-] Task 5d17afcc-0dc0-49ec-8f35-eebf966ed807 | ITER: 25 END: OK
2019-12-05 08:22:12.398 160 INFO rally.task.runner [-] Task 5d17afcc-0dc0-49ec-8f35-eebf966ed807 | ITER: 57 START
2019-12-05 08:22:12.845 166 INFO rally.task.runner [-] Task 5d17afcc-0dc0-49ec-8f35-eebf966ed807 | ITER: 36 END: OK
2019-12-05 08:22:12.849 166 INFO rally.task.runner [-] Task 5d17afcc-0dc0-49ec-8f35-eebf966ed807 | ITER: 58 START
2019-12-05 08:22:12.861 185 INFO rally.task.runner [-] Task 5d17afcc-0dc0-49ec-8f35-eebf966ed807 | ITER: 38 END: OK
2019-12-05 08:22:12.865 185 INFO rally.task.runner [-] Task 5d17afcc-0dc0-49ec-8f35-eebf966ed807 | ITER: 59 START
2019-12-05 08:22:13.014 151 INFO rally.task.runner [-] Task 5d17afcc-0dc0-49ec-8f35-eebf966ed807 | ITER: 42 END: OK
2019-12-05 08:22:13.018 151 INFO rally.task.runner [-] Task 5d17afcc-0dc0-49ec-8f35-eebf966ed807 | ITER: 60 START
2019-12-05 08:22:13.099 188 INFO rally.task.runner [-] Task 5d17afcc-0dc0-49ec-8f35-eebf966ed807 | ITER: 40 END: OK
2019-12-05 08:22:13.103 188 INFO rally.task.runner [-] Task 5d17afcc-0dc0-49ec-8f35-eebf966ed807 | ITER: 61 START
2019-12-05 08:22:13.212 145 INFO rally.task.runner [-] Task 5d17afcc-0dc0-49ec-8f35-eebf966ed807 | ITER: 41 END: OK
2019-12-05 08:22:13.216 145 INFO rally.task.runner [-] Task 5d17afcc-0dc0-49ec-8f35-eebf966ed807 | ITER: 62 START
2019-12-05 08:22:15.090 154 INFO rally.task.runner [-] Task 5d17afcc-0dc0-49ec-8f35-eebf966ed807 | ITER: 45 END: OK
2019-12-05 08:22:15.094 154 INFO rally.task.runner [-] Task 5d17afcc-0dc0-49ec-8f35-eebf966ed807 | ITER: 63 START
2019-12-05 08:22:15.659 180 INFO rally.task.runner [-] Task 5d17afcc-0dc0-49ec-8f35-eebf966ed807 | ITER: 43 END: OK
2019-12-05 08:22:15.662 180 INFO rally.task.runner [-] Task 5d17afcc-0dc0-49ec-8f35-eebf966ed807 | ITER: 64 START
2019-12-05 08:22:15.871 184 INFO rally.task.runner [-] Task 5d17afcc-0dc0-49ec-8f35-eebf966ed807 | ITER: 44 END: OK
2019-12-05 08:22:15.874 184 INFO rally.task.runner [-] Task 5d17afcc-0dc0-49ec-8f35-eebf966ed807 | ITER: 65 START
2019-12-05 08:22:17.034 139 INFO rally.task.runner [-] Task 5d17afcc-0dc0-49ec-8f35-eebf966ed807 | ITER: 46 END: OK
2019-12-05 08:22:17.038 139 INFO rally.task.runner [-] Task 5d17afcc-0dc0-49ec-8f35-eebf966ed807 | ITER: 66 START
2019-12-05 08:22:17.054 146 INFO rally.task.runner [-] Task 5d17afcc-0dc0-49ec-8f35-eebf966ed807 | ITER: 47 END: OK
2019-12-05 08:22:17.058 146 INFO rally.task.runner [-] Task 5d17afcc-0dc0-49ec-8f35-eebf966ed807 | ITER: 67 START
2019-12-05 08:22:17.255 142 INFO rally.task.runner [-] Task 5d17afcc-0dc0-49ec-8f35-eebf966ed807 | ITER: 56 END: OK
2019-12-05 08:22:17.259 142 INFO rally.task.runner [-] Task 5d17afcc-0dc0-49ec-8f35-eebf966ed807 | ITER: 68 START
2019-12-05 08:22:17.260 166 INFO rally.task.runner [-] Task 5d17afcc-0dc0-49ec-8f35-eebf966ed807 | ITER: 58 END: OK
2019-12-05 08:22:17.264 166 INFO rally.task.runner [-] Task 5d17afcc-0dc0-49ec-8f35-eebf966ed807 | ITER: 69 START
2019-12-05 08:22:17.359 140 INFO rally.task.runner [-] Task 5d17afcc-0dc0-49ec-8f35-eebf966ed807 | ITER: 48 END: OK
2019-12-05 08:22:17.363 140 INFO rally.task.runner [-] Task 5d17afcc-0dc0-49ec-8f35-eebf966ed807 | ITER: 70 START
2019-12-05 08:22:17.395 141 INFO rally.task.runner [-] Task 5d17afcc-0dc0-49ec-8f35-eebf966ed807 | ITER: 50 END: OK
2019-12-05 08:22:17.398 141 INFO rally.task.runner [-] Task 5d17afcc-0dc0-49ec-8f35-eebf966ed807 | ITER: 71 START
2019-12-05 08:22:17.719 172 INFO rally.task.runner [-] Task 5d17afcc-0dc0-49ec-8f35-eebf966ed807 | ITER: 49 END: OK
2019-12-05 08:22:17.722 172 INFO rally.task.runner [-] Task 5d17afcc-0dc0-49ec-8f35-eebf966ed807 | ITER: 72 START
2019-12-05 08:22:17.858 178 INFO rally.task.runner [-] Task 5d17afcc-0dc0-49ec-8f35-eebf966ed807 | ITER: 53 END: OK
2019-12-05 08:22:17.862 178 INFO rally.task.runner [-] Task 5d17afcc-0dc0-49ec-8f35-eebf966ed807 | ITER: 73 START
2019-12-05 08:22:18.169 157 INFO rally.task.runner [-] Task 5d17afcc-0dc0-49ec-8f35-eebf966ed807 | ITER: 52 END: OK
2019-12-05 08:22:18.172 157 INFO rally.task.runner [-] Task 5d17afcc-0dc0-49ec-8f35-eebf966ed807 | ITER: 74 START
2019-12-05 08:22:18.563 169 INFO rally.task.runner [-] Task 5d17afcc-0dc0-49ec-8f35-eebf966ed807 | ITER: 54 END: OK
2019-12-05 08:22:18.566 169 INFO rally.task.runner [-] Task 5d17afcc-0dc0-49ec-8f35-eebf966ed807 | ITER: 75 START
2019-12-05 08:22:18.768 160 INFO rally.task.runner [-] Task 5d17afcc-0dc0-49ec-8f35-eebf966ed807 | ITER: 57 END: OK
2019-12-05 08:22:18.771 160 INFO rally.task.runner [-] Task 5d17afcc-0dc0-49ec-8f35-eebf966ed807 | ITER: 76 START
2019-12-05 08:22:18.826 175 INFO rally.task.runner [-] Task 5d17afcc-0dc0-49ec-8f35-eebf966ed807 | ITER: 55 END: OK
2019-12-05 08:22:18.829 175 INFO rally.task.runner [-] Task 5d17afcc-0dc0-49ec-8f35-eebf966ed807 | ITER: 77 START
2019-12-05 08:22:18.861 163 INFO rally.task.runner [-] Task 5d17afcc-0dc0-49ec-8f35-eebf966ed807 | ITER: 51 END: OK
2019-12-05 08:22:18.864 163 INFO rally.task.runner [-] Task 5d17afcc-0dc0-49ec-8f35-eebf966ed807 | ITER: 78 START
2019-12-05 08:22:19.890 145 INFO rally.task.runner [-] Task 5d17afcc-0dc0-49ec-8f35-eebf966ed807 | ITER: 62 END: OK
2019-12-05 08:22:19.891 188 INFO rally.task.runner [-] Task 5d17afcc-0dc0-49ec-8f35-eebf966ed807 | ITER: 61 END: OK
2019-12-05 08:22:19.893 145 INFO rally.task.runner [-] Task 5d17afcc-0dc0-49ec-8f35-eebf966ed807 | ITER: 79 START
2019-12-05 08:22:19.895 188 INFO rally.task.runner [-] Task 5d17afcc-0dc0-49ec-8f35-eebf966ed807 | ITER: 80 START
2019-12-05 08:22:20.099 151 INFO rally.task.runner [-] Task 5d17afcc-0dc0-49ec-8f35-eebf966ed807 | ITER: 60 END: OK
2019-12-05 08:22:20.103 151 INFO rally.task.runner [-] Task 5d17afcc-0dc0-49ec-8f35-eebf966ed807 | ITER: 81 START
2019-12-05 08:22:20.524 154 INFO rally.task.runner [-] Task 5d17afcc-0dc0-49ec-8f35-eebf966ed807 | ITER: 63 END: OK
2019-12-05 08:22:20.528 154 INFO rally.task.runner [-] Task 5d17afcc-0dc0-49ec-8f35-eebf966ed807 | ITER: 82 START
2019-12-05 08:22:21.062 180 INFO rally.task.runner [-] Task 5d17afcc-0dc0-49ec-8f35-eebf966ed807 | ITER: 64 END: OK
2019-12-05 08:22:21.065 180 INFO rally.task.runner [-] Task 5d17afcc-0dc0-49ec-8f35-eebf966ed807 | ITER: 83 START
2019-12-05 08:22:21.445 184 INFO rally.task.runner [-] Task 5d17afcc-0dc0-49ec-8f35-eebf966ed807 | ITER: 65 END: OK
2019-12-05 08:22:21.449 184 INFO rally.task.runner [-] Task 5d17afcc-0dc0-49ec-8f35-eebf966ed807 | ITER: 84 START
2019-12-05 08:22:21.634 139 INFO rally.task.runner [-] Task 5d17afcc-0dc0-49ec-8f35-eebf966ed807 | ITER: 66 END: OK
2019-12-05 08:22:21.638 139 INFO rally.task.runner [-] Task 5d17afcc-0dc0-49ec-8f35-eebf966ed807 | ITER: 85 START
2019-12-05 08:22:21.969 140 INFO rally.task.runner [-] Task 5d17afcc-0dc0-49ec-8f35-eebf966ed807 | ITER: 70 END: OK
2019-12-05 08:22:21.973 140 INFO rally.task.runner [-] Task 5d17afcc-0dc0-49ec-8f35-eebf966ed807 | ITER: 86 START
2019-12-05 08:22:21.979 166 INFO rally.task.runner [-] Task 5d17afcc-0dc0-49ec-8f35-eebf966ed807 | ITER: 69 END: OK
2019-12-05 08:22:21.982 166 INFO rally.task.runner [-] Task 5d17afcc-0dc0-49ec-8f35-eebf966ed807 | ITER: 87 START
2019-12-05 08:22:22.417 146 INFO rally.task.runner [-] Task 5d17afcc-0dc0-49ec-8f35-eebf966ed807 | ITER: 67 END: OK
2019-12-05 08:22:22.420 146 INFO rally.task.runner [-] Task 5d17afcc-0dc0-49ec-8f35-eebf966ed807 | ITER: 88 START
2019-12-05 08:22:22.487 172 INFO rally.task.runner [-] Task 5d17afcc-0dc0-49ec-8f35-eebf966ed807 | ITER: 72 END: OK
2019-12-05 08:22:22.491 172 INFO rally.task.runner [-] Task 5d17afcc-0dc0-49ec-8f35-eebf966ed807 | ITER: 89 START
2019-12-05 08:22:24.610 163 INFO rally.task.runner [-] Task 5d17afcc-0dc0-49ec-8f35-eebf966ed807 | ITER: 78 END: OK
2019-12-05 08:22:24.613 163 INFO rally.task.runner [-] Task 5d17afcc-0dc0-49ec-8f35-eebf966ed807 | ITER: 90 START
2019-12-05 08:22:24.693 178 INFO rally.task.runner [-] Task 5d17afcc-0dc0-49ec-8f35-eebf966ed807 | ITER: 73 END: OK
2019-12-05 08:22:24.697 178 INFO rally.task.runner [-] Task 5d17afcc-0dc0-49ec-8f35-eebf966ed807 | ITER: 91 START
2019-12-05 08:22:24.857 141 INFO rally.task.runner [-] Task 5d17afcc-0dc0-49ec-8f35-eebf966ed807 | ITER: 71 END: OK
2019-12-05 08:22:24.860 141 INFO rally.task.runner [-] Task 5d17afcc-0dc0-49ec-8f35-eebf966ed807 | ITER: 92 START
2019-12-05 08:22:25.130 157 INFO rally.task.runner [-] Task 5d17afcc-0dc0-49ec-8f35-eebf966ed807 | ITER: 74 END: OK
2019-12-05 08:22:25.134 157 INFO rally.task.runner [-] Task 5d17afcc-0dc0-49ec-8f35-eebf966ed807 | ITER: 93 START
2019-12-05 08:22:25.135 185 INFO rally.task.runner [-] Task 5d17afcc-0dc0-49ec-8f35-eebf966ed807 | ITER: 59 END: OK
2019-12-05 08:22:25.139 185 INFO rally.task.runner [-] Task 5d17afcc-0dc0-49ec-8f35-eebf966ed807 | ITER: 94 START
2019-12-05 08:22:25.192 160 INFO rally.task.runner [-] Task 5d17afcc-0dc0-49ec-8f35-eebf966ed807 | ITER: 76 END: OK
2019-12-05 08:22:25.196 160 INFO rally.task.runner [-] Task 5d17afcc-0dc0-49ec-8f35-eebf966ed807 | ITER: 95 START
2019-12-05 08:22:25.793 145 INFO rally.task.runner [-] Task 5d17afcc-0dc0-49ec-8f35-eebf966ed807 | ITER: 79 END: OK
2019-12-05 08:22:25.796 145 INFO rally.task.runner [-] Task 5d17afcc-0dc0-49ec-8f35-eebf966ed807 | ITER: 96 START
2019-12-05 08:22:28.134 169 INFO rally.task.runner [-] Task 5d17afcc-0dc0-49ec-8f35-eebf966ed807 | ITER: 75 END: OK
2019-12-05 08:22:28.137 169 INFO rally.task.runner [-] Task 5d17afcc-0dc0-49ec-8f35-eebf966ed807 | ITER: 97 START
2019-12-05 08:22:28.305 188 INFO rally.task.runner [-] Task 5d17afcc-0dc0-49ec-8f35-eebf966ed807 | ITER: 80 END: OK
2019-12-05 08:22:28.308 188 INFO rally.task.runner [-] Task 5d17afcc-0dc0-49ec-8f35-eebf966ed807 | ITER: 98 START
2019-12-05 08:22:28.310 140 INFO rally.task.runner [-] Task 5d17afcc-0dc0-49ec-8f35-eebf966ed807 | ITER: 86 END: OK
2019-12-05 08:22:28.313 140 INFO rally.task.runner [-] Task 5d17afcc-0dc0-49ec-8f35-eebf966ed807 | ITER: 99 START
2019-12-05 08:22:28.417 139 INFO rally.task.runner [-] Task 5d17afcc-0dc0-49ec-8f35-eebf966ed807 | ITER: 85 END: OK
2019-12-05 08:22:28.419 166 INFO rally.task.runner [-] Task 5d17afcc-0dc0-49ec-8f35-eebf966ed807 | ITER: 87 END: OK
2019-12-05 08:22:28.421 139 INFO rally.task.runner [-] Task 5d17afcc-0dc0-49ec-8f35-eebf966ed807 | ITER: 100 START
2019-12-05 08:22:28.476 151 INFO rally.task.runner [-] Task 5d17afcc-0dc0-49ec-8f35-eebf966ed807 | ITER: 81 END: OK
2019-12-05 08:22:28.688 142 INFO rally.task.runner [-] Task 5d17afcc-0dc0-49ec-8f35-eebf966ed807 | ITER: 68 END: OK
2019-12-05 08:22:28.735 180 INFO rally.task.runner [-] Task 5d17afcc-0dc0-49ec-8f35-eebf966ed807 | ITER: 83 END: OK
2019-12-05 08:22:28.903 175 INFO rally.task.runner [-] Task 5d17afcc-0dc0-49ec-8f35-eebf966ed807 | ITER: 77 END: OK
2019-12-05 08:22:28.939 154 INFO rally.task.runner [-] Task 5d17afcc-0dc0-49ec-8f35-eebf966ed807 | ITER: 82 END: OK
2019-12-05 08:22:29.107 157 INFO rally.task.runner [-] Task 5d17afcc-0dc0-49ec-8f35-eebf966ed807 | ITER: 93 END: OK
2019-12-05 08:22:29.539 172 INFO rally.task.runner [-] Task 5d17afcc-0dc0-49ec-8f35-eebf966ed807 | ITER: 89 END: OK
2019-12-05 08:22:29.608 184 INFO rally.task.runner [-] Task 5d17afcc-0dc0-49ec-8f35-eebf966ed807 | ITER: 84 END: OK
2019-12-05 08:22:30.726 146 INFO rally.task.runner [-] Task 5d17afcc-0dc0-49ec-8f35-eebf966ed807 | ITER: 88 END: OK
2019-12-05 08:22:30.989 145 INFO rally.task.runner [-] Task 5d17afcc-0dc0-49ec-8f35-eebf966ed807 | ITER: 96 END: OK
2019-12-05 08:22:31.445 178 INFO rally.task.runner [-] Task 5d17afcc-0dc0-49ec-8f35-eebf966ed807 | ITER: 91 END: OK
2019-12-05 08:22:31.447 185 INFO rally.task.runner [-] Task 5d17afcc-0dc0-49ec-8f35-eebf966ed807 | ITER: 94 END: OK
2019-12-05 08:22:31.819 163 INFO rally.task.runner [-] Task 5d17afcc-0dc0-49ec-8f35-eebf966ed807 | ITER: 90 END: OK
2019-12-05 08:22:32.059 169 INFO rally.task.runner [-] Task 5d17afcc-0dc0-49ec-8f35-eebf966ed807 | ITER: 97 END: OK
2019-12-05 08:22:32.302 140 INFO rally.task.runner [-] Task 5d17afcc-0dc0-49ec-8f35-eebf966ed807 | ITER: 99 END: OK
2019-12-05 08:22:32.569 139 INFO rally.task.runner [-] Task 5d17afcc-0dc0-49ec-8f35-eebf966ed807 | ITER: 100 END: OK
2019-12-05 08:22:33.413 160 INFO rally.task.runner [-] Task 5d17afcc-0dc0-49ec-8f35-eebf966ed807 | ITER: 95 END: OK
2019-12-05 08:22:33.459 141 INFO rally.task.runner [-] Task 5d17afcc-0dc0-49ec-8f35-eebf966ed807 | ITER: 92 END: OK
2019-12-05 08:22:33.762 188 INFO rally.task.runner [-] Task 5d17afcc-0dc0-49ec-8f35-eebf966ed807 | ITER: 98 END: OK
2019-12-05 08:22:33.783 15 INFO rally.task.context [-] Task 5d17afcc-0dc0-49ec-8f35-eebf966ed807 | Context cleanup@openstack cleanup() started
2019-12-05 08:22:33.786 15 RALLYDEBUG rally_openstack.cleanup.manager [-] Cleaning up neutron vip objects
2019-12-05 08:22:33.981 15 RALLYDEBUG rally_openstack.cleanup.manager [-] Cleaning up neutron health_monitor objects
2019-12-05 08:22:34.163 15 RALLYDEBUG rally_openstack.cleanup.manager [-] Cleaning up neutron pool objects
2019-12-05 08:22:34.356 15 RALLYDEBUG rally_openstack.cleanup.manager [-] Cleaning up neutron loadbalancer objects
2019-12-05 08:22:34.541 15 RALLYDEBUG rally_openstack.cleanup.manager [-] Cleaning up neutron floatingip objects
2019-12-05 08:22:34.725 15 RALLYDEBUG rally_openstack.cleanup.manager [-] Cleaning up neutron trunk objects
2019-12-05 08:22:34.902 15 DEBUG neutronclient.v2_0.client [-] Error message: {"message": "The resource could not be found.

\n\n\n", "code": "404 Not Found", "title": "Not Found"} _handle_fault_response /usr/lib/python2.7/site-packages/neutronclient/v2_0/client.py:259
2019-12-05 08:22:34.917 15 RALLYDEBUG rally_openstack.cleanup.manager [-] Cleaning up neutron port objects
2019-12-05 08:22:35.154 15 RALLYDEBUG rally_openstack.cleanup.manager [-] Cleaning up neutron subnet objects
2019-12-05 08:22:35.359 15 RALLYDEBUG rally_openstack.cleanup.manager [-] Cleaning up neutron network objects
2019-12-05 08:22:35.941 15 RALLYDEBUG rally_openstack.cleanup.manager [-] Deleting neutron.network object s_rally_4d09d214_8qpUjuxw (041a68e4-0571-4f9c-9480-01d0a10dca94)
2019-12-05 08:22:35.945 15 RALLYDEBUG rally_openstack.cleanup.manager [-] Deleting neutron.network object s_rally_4d09d214_A3rjq30l (04d5d0be-5546-4927-b389-f8779bab954f)
2019-12-05 08:22:35.947 15 RALLYDEBUG rally_openstack.cleanup.manager [-] Deleting neutron.network object s_rally_4d09d214_FBshGLOr (03668a89-1328-415a-8bcb-728557e10251)
2019-12-05 08:22:35.954 15 RALLYDEBUG rally_openstack.cleanup.manager [-] Deleting neutron.network object s_rally_4d09d214_SUJOkE3O (04eeeb79-26a2-44bd-9778-c521da994c7a)
2019-12-05 08:22:35.955 15 RALLYDEBUG rally_openstack.cleanup.manager [-] Deleting neutron.network object s_rally_4d09d214_j4flwAEF (0085cb20-d462-4e88-8c31-f106547c416c)
2019-12-05 08:22:35.960 15 RALLYDEBUG rally_openstack.cleanup.manager [-] Deleting neutron.network object s_rally_4d09d214_ZYZmJJfF (05684236-fc49-4f1b-afed-0d46b38d7f6b)
2019-12-05 08:22:35.972 15 RALLYDEBUG rally_openstack.cleanup.manager [-] Deleting neutron.network object s_rally_4d09d214_o0G90LTZ (09c5cfa6-4023-4051-862f-540ade4954a2)
2019-12-05 08:22:35.987 15 RALLYDEBUG rally_openstack.cleanup.manager [-] Deleting neutron.network object s_rally_4d09d214_8hcGyAns (0a56343b-c848-4fcf-8176-b79c42bfc261)
2019-12-05 08:22:36.039 15 RALLYDEBUG rally_openstack.cleanup.manager [-] Deleting neutron.network object s_rally_4d09d214_ihSFtW9c (1101a0f1-9b0d-4e0d-af6b-01f6f214b612)
2019-12-05 08:22:36.073 15 RALLYDEBUG rally_openstack.cleanup.manager [-] Deleting neutron.network object s_rally_4d09d214_INnCjhZR (1119610f-78f1-4375-85e9-de353db2805a)
2019-12-05 08:22:36.077 15 RALLYDEBUG rally_openstack.cleanup.manager [-] Deleting neutron.network object s_rally_4d09d214_XqVBnfGS (14e820f5-938f-4e1d-bbe7-6763b77bb95a)
2019-12-05 08:22:36.085 15 RALLYDEBUG rally_openstack.cleanup.manager [-] Deleting neutron.network object s_rally_4d09d214_VJwpXu5c (102062d9-3c98-4d86-8808-ba4fee0aac6f)
2019-12-05 08:22:36.086 15 RALLYDEBUG rally_openstack.cleanup.manager [-] Deleting neutron.network object s_rally_4d09d214_ZEd650S4 (150c74ef-3657-471f-97fc-b92a0594cb8b)
2019-12-05 08:22:36.127 15 RALLYDEBUG rally_openstack.cleanup.manager [-] Deleting neutron.network object s_rally_4d09d214_WVdDqLCc (19833ca0-4209-42db-9820-e093d030181b)
2019-12-05 08:22:36.142 15 RALLYDEBUG rally_openstack.cleanup.manager [-] Deleting neutron.network object s_rally_4d09d214_Z0Pcaicn (1787a0d2-03f3-4c02-8fc7-7e5c097c260d)
2019-12-05 08:22:36.156 15 RALLYDEBUG rally_openstack.cleanup.manager [-] Deleting neutron.network object s_rally_4d09d214_OdfPtcnJ (15f34497-d6e5-4da1-bd72-513e1c9010b7)
2019-12-05 08:22:36.157 15 RALLYDEBUG rally_openstack.cleanup.manager [-] Deleting neutron.network object s_rally_4d09d214_kq27xv0y (1e4c2f27-1bc6-429f-8bb1-ea30bfa51a5e)
2019-12-05 08:22:36.163 15 RALLYDEBUG rally_openstack.cleanup.manager [-] Deleting neutron.network object s_rally_4d09d214_HZx9FlOP (120338fa-dddb-4f35-82df-03a8aaad2502)
2019-12-05 08:22:36.204 15 RALLYDEBUG rally_openstack.cleanup.manager [-] Deleting neutron.network object s_rally_4d09d214_p8ZsH77f (229a603b-ca69-4cc7-b50e-3ef1b9129d69)
2019-12-05 08:22:36.245 15 RALLYDEBUG rally_openstack.cleanup.manager [-] Deleting neutron.network object s_rally_4d09d214_qV7Z7YZi (25e79d51-0a3c-424f-8e95-3dc41797694f)
2019-12-05 08:22:39.702 15 RALLYDEBUG rally_openstack.cleanup.manager [-] Deleting neutron.network object s_rally_4d09d214_KiJ1GWxZ (26a80706-6d39-4596-8323-b9cba6265f14)
2019-12-05 08:22:41.655 15 RALLYDEBUG rally_openstack.cleanup.manager [-] Deleting neutron.network object s_rally_4d09d214_usD7gTOE (2f419270-349c-4377-a248-62069e6726dd)
2019-12-05 08:22:41.933 15 RALLYDEBUG rally_openstack.cleanup.manager [-] Deleting neutron.network object s_rally_4d09d214_GGFPPDB1 (32fb64a5-4877-456b-9848-f6bee053ed9c)
2019-12-05 08:22:41.959 15 RALLYDEBUG rally_openstack.cleanup.manager [-] Deleting neutron.network object s_rally_4d09d214_q1EStawR (333bdf33-5c34-460f-a8b5-1da82b974241)
2019-12-05 08:22:42.860 15 RALLYDEBUG rally_openstack.cleanup.manager [-] Deleting neutron.network object s_rally_4d09d214_lk5OXFys (39e70252-5e83-4fae-b151-28c73fd8c0c4)
2019-12-05 08:22:43.005 15 RALLYDEBUG rally_openstack.cleanup.manager [-] Deleting neutron.network object s_rally_4d09d214_vMar8WBo (46f7b1d6-c41f-471b-992c-e78702829397)
2019-12-05 08:22:43.046 15 RALLYDEBUG rally_openstack.cleanup.manager [-] Deleting neutron.network object s_rally_4d09d214_4PwbDuhl (483bb870-f665-41b1-a190-0bdeaa771a9b)
2019-12-05 08:22:43.413 15 RALLYDEBUG rally_openstack.cleanup.manager [-] Deleting neutron.network object s_rally_4d09d214_0KbnaxIC (4cff7501-37b0-4a13-b87d-23d368f7d38e)
2019-12-05 08:22:43.417 15 RALLYDEBUG rally_openstack.cleanup.manager [-] Deleting neutron.network object s_rally_4d09d214_AYBG2nFV (4f6a3c59-66c9-4ee7-aad0-3ad7f3223267)
2019-12-05 08:22:43.490 15 RALLYDEBUG rally_openstack.cleanup.manager [-] Deleting neutron.network object s_rally_4d09d214_Pe2zrICN (502973e9-be45-4d39-b92b-2df9a824e6bf)
2019-12-05 08:22:43.495 15 RALLYDEBUG rally_openstack.cleanup.manager [-] Deleting neutron.network object s_rally_4d09d214_pXEl9DMz (50321ac4-6cb0-40ec-9c28-dd2a98408358)
2019-12-05 08:22:43.653 15 RALLYDEBUG rally_openstack.cleanup.manager [-] Deleting neutron.network object s_rally_4d09d214_y5WMyQBF (532ee1fc-e51e-4412-b82d-6cf2937377a8)
2019-12-05 08:22:43.804 15 RALLYDEBUG rally_openstack.cleanup.manager [-] Deleting neutron.network object s_rally_4d09d214_5lrjhreK (553ead99-8ab8-44e9-b8fb-056498ae9c97)
2019-12-05 08:22:44.054 15 RALLYDEBUG rally_openstack.cleanup.manager [-] Deleting neutron.network object s_rally_4d09d214_CxpC5GAY (56020a96-9806-4fdf-9e8c-ffe9baa95022)
2019-12-05 08:22:44.600 15 RALLYDEBUG rally_openstack.cleanup.manager [-] Deleting neutron.network object s_rally_4d09d214_RvOFVvTr (59331e70-f4bb-4c52-b0d3-27e801fc58ee)
2019-12-05 08:22:44.634 15 RALLYDEBUG rally_openstack.cleanup.manager [-] Deleting neutron.network object s_rally_4d09d214_V18hgWKR (5c76a582-255e-4039-8de0-e79876380198)
2019-12-05 08:22:44.677 15 RALLYDEBUG rally_openstack.cleanup.manager [-] Deleting neutron.network object s_rally_4d09d214_dxczdoa0 (5e864384-82b2-4f76-baa4-b5ad96dbdb17)
2019-12-05 08:22:44.834 15 RALLYDEBUG rally_openstack.cleanup.manager [-] Deleting neutron.network object s_rally_4d09d214_mOs8pmQb (5f33b5a7-17ab-41ba-a2fd-180759cc59c5)
2019-12-05 08:22:44.900 15 RALLYDEBUG rally_openstack.cleanup.manager [-] Deleting neutron.network object s_rally_4d09d214_jO6VTFmu (64b310e6-e17e-410c-903e-97608aee9d06)
2019-12-05 08:22:44.902 15 RALLYDEBUG rally_openstack.cleanup.manager [-] Deleting neutron.network object s_rally_4d09d214_4Q2wxfP5 (6170359e-99cb-4302-9a99-c810fe580c8d)
2019-12-05 08:22:44.916 15 RALLYDEBUG rally_openstack.cleanup.manager [-] Deleting neutron.network object s_rally_4d09d214_EU7KjbEK (68f38ce9-9da0-4e6a-af6f-e0cb0e5a8aa2)
2019-12-05 08:22:45.068 15 RALLYDEBUG rally_openstack.cleanup.manager [-] Deleting neutron.network object s_rally_4d09d214_VQC0cS4G (6a7d836d-f442-4e10-a028-4216c1707c5d)
2019-12-05 08:22:46.016 15 RALLYDEBUG rally_openstack.cleanup.manager [-] Deleting neutron.network object s_rally_4d09d214_0GjKWF0Z (6fb2deab-38a3-470e-911c-862fa8449d03)
2019-12-05 08:22:47.296 15 RALLYDEBUG rally_openstack.cleanup.manager [-] Deleting neutron.network object s_rally_4d09d214_7gjPImOk (73b55103-9a76-4b83-bb24-0b87ba2045fe)
2019-12-05 08:22:47.443 15 RALLYDEBUG rally_openstack.cleanup.manager [-] Deleting neutron.network object s_rally_4d09d214_VCpMkHNc (7432212c-189d-4139-a312-1f59cf365672)
2019-12-05 08:22:49.115 15 RALLYDEBUG rally_openstack.cleanup.manager [-] Deleting neutron.network object s_rally_4d09d214_tBk5MQjS (74517773-bb6b-4f4c-888c-101a982e75e1)
2019-12-05 08:22:49.120 15 RALLYDEBUG rally_openstack.cleanup.manager [-] Deleting neutron.network object s_rally_4d09d214_j6aZGHPk (77a80dd0-61c8-40ee-849a-d9630c2b54cd)
2019-12-05 08:22:49.925 15 RALLYDEBUG rally_openstack.cleanup.manager [-] Deleting neutron.network object s_rally_4d09d214_7JYP4g8l (78186737-216e-4dd5-9b50-af1aca505590)
2019-12-05 08:22:49.929 15 RALLYDEBUG rally_openstack.cleanup.manager [-] Deleting neutron.network object s_rally_4d09d214_LFm8cTXM (78f80203-81e8-4835-afae-f55505c3bbf4)
2019-12-05 08:22:49.984 15 RALLYDEBUG rally_openstack.cleanup.manager [-] Deleting neutron.network object s_rally_4d09d214_I5nC2TLM (7a70ebef-c0e3-498f-8c80-5a22f3204405)
2019-12-05 08:22:50.215 15 RALLYDEBUG rally_openstack.cleanup.manager [-] Deleting neutron.network object s_rally_4d09d214_ktomqmoP (7e40d517-7078-4416-85ec-6a85976b1805)
2019-12-05 08:22:50.754 15 RALLYDEBUG rally_openstack.cleanup.manager [-] Deleting neutron.network object s_rally_4d09d214_5ohantl5 (8372d16e-67da-4d56-aea8-116c59036ccf)
2019-12-05 08:22:50.762 15 RALLYDEBUG rally_openstack.cleanup.manager [-] Deleting neutron.network object s_rally_4d09d214_Z8Kyieoq (8ac72c3c-b226-433f-baf6-fbe64d5a15dc)
2019-12-05 08:22:51.033 15 RALLYDEBUG rally_openstack.cleanup.manager [-] Deleting neutron.network object s_rally_4d09d214_IeeZkS0Q (8fc43614-324c-45df-a9ac-846750332e29)
2019-12-05 08:22:51.070 15 RALLYDEBUG rally_openstack.cleanup.manager [-] Deleting neutron.network object s_rally_4d09d214_zEvjTnY7 (93b9bc4a-22ae-42d0-8c1c-75bedf6bc36e)
2019-12-05 08:22:51.196 15 RALLYDEBUG rally_openstack.cleanup.manager [-] Deleting neutron.network object s_rally_4d09d214_vTiLHfNw (93dbe0b1-3116-4d58-8777-33cf91f2fde6)
2019-12-05 08:22:51.982 15 RALLYDEBUG rally_openstack.cleanup.manager [-] Deleting neutron.network object s_rally_4d09d214_1c3Ge3a3 (9518a337-5233-4649-ba33-aab3d18a76de)
2019-12-05 08:22:51.991 15 RALLYDEBUG rally_openstack.cleanup.manager [-] Deleting neutron.network object s_rally_4d09d214_hXAX1bRC (9760b804-39e2-4bc6-b56b-3ac613cf0a54)
2019-12-05 08:22:52.008 15 RALLYDEBUG rally_openstack.cleanup.manager [-] Deleting neutron.network object s_rally_4d09d214_Z720xIDz (9adae656-46ea-44b7-890b-e363f7c3167d)
2019-12-05 08:22:52.071 15 RALLYDEBUG rally_openstack.cleanup.manager [-] Deleting neutron.network object s_rally_4d09d214_54ZSgY22 (9c6e976a-d0b6-48f8-bb01-55988e76e31e)
2019-12-05 08:22:52.264 15 RALLYDEBUG rally_openstack.cleanup.manager [-] Deleting neutron.network object s_rally_4d09d214_GaAEhmMe (a22d25ed-af37-4715-9ba9-92fbe93f4421)
2019-12-05 08:22:52.310 15 RALLYDEBUG rally_openstack.cleanup.manager [-] Deleting neutron.network object s_rally_4d09d214_IuF3XTs1 (a66a4502-161d-4c4b-a3d4-41d9f48597c3)
2019-12-05 08:22:52.863 15 RALLYDEBUG rally_openstack.cleanup.manager [-] Deleting neutron.network object s_rally_4d09d214_NaY3xAXF (a6b4e7e9-77d4-43ea-95a5-ba697a82b6a0)
2019-12-05 08:22:53.209 15 RALLYDEBUG rally_openstack.cleanup.manager [-] Deleting neutron.network object s_rally_4d09d214_vsQs22Ds (a9a305cf-68e1-4d65-b94a-6e4fd76c2cf7)
2019-12-05 08:22:53.539 15 RALLYDEBUG rally_openstack.cleanup.manager [-] Deleting neutron.network object s_rally_4d09d214_zNUOxMEK (aa6b2095-760d-4ad1-ab68-153f1d594247)
2019-12-05 08:22:54.499 15 RALLYDEBUG rally_openstack.cleanup.manager [-] Deleting neutron.network object s_rally_4d09d214_JkWt984W (aeaf60c4-47e0-40c8-ba24-bfcbb145941c)
2019-12-05 08:22:55.505 15 RALLYDEBUG rally_openstack.cleanup.manager [-] Deleting neutron.network object s_rally_4d09d214_AhkHVlKx (af94f0e9-901b-4cdc-b8fd-a2a4867c3c7c)
2019-12-05 08:22:55.526 15 RALLYDEBUG rally_openstack.cleanup.manager [-] Deleting neutron.network object s_rally_4d09d214_JolwqCnx (b57bc391-ab9b-4ac9-adf5-89343bb6a298)
2019-12-05 08:22:55.704 15 RALLYDEBUG rally_openstack.cleanup.manager [-] Deleting neutron.network object s_rally_4d09d214_9QZBWPLV (b814d726-6898-4af3-9bc5-1b26fda7d491)
2019-12-05 08:22:55.759 15 RALLYDEBUG rally_openstack.cleanup.manager [-] Deleting neutron.network object s_rally_4d09d214_RQoXs2fN (ba541bcf-a0ef-4357-b6cb-5e7d8afa70a5)
2019-12-05 08:22:56.160 15 RALLYDEBUG rally_openstack.cleanup.manager [-] Deleting neutron.network object s_rally_4d09d214_efwIwy5A (bf8a1452-e881-4b55-8689-3536b3760528)
2019-12-05 08:22:56.764 15 RALLYDEBUG rally_openstack.cleanup.manager [-] Deleting neutron.network object s_rally_4d09d214_u5enTMW3 (c1e4f472-210d-4420-8e90-2e5b3fa00b3a)
2019-12-05 08:22:57.410 15 RALLYDEBUG rally_openstack.cleanup.manager [-] Deleting neutron.network object s_rally_4d09d214_FIt9G7hD (c803ff41-8957-4e1e-b26c-0d3c7861625d)
2019-12-05 08:22:57.851 15 RALLYDEBUG rally_openstack.cleanup.manager [-] Deleting neutron.network object s_rally_4d09d214_hOFTNXUe (c8a08324-8d6f-4114-a5cd-f00c37f7cf4f)
2019-12-05 08:22:58.084 15 RALLYDEBUG rally_openstack.cleanup.manager [-] Deleting neutron.network object s_rally_4d09d214_mJCMZ91h (c8a2f8bb-a766-483b-b63a-ef16d13a9830)
2019-12-05 08:22:58.431 15 RALLYDEBUG rally_openstack.cleanup.manager [-] Deleting neutron.network object s_rally_4d09d214_eelZJRx6 (c908a857-5a9f-4891-8e88-8d2c7745e171)
2019-12-05 08:22:58.989 15 RALLYDEBUG rally_openstack.cleanup.manager [-] Deleting neutron.network object s_rally_4d09d214_oRnuI2TK (cb8ebd74-9e74-439b-a56e-34460d7c8470)
2019-12-05 08:22:59.031 15 RALLYDEBUG rally_openstack.cleanup.manager [-] Deleting neutron.network object s_rally_4d09d214_3X1vPOQ1 (ce03f4b5-c6d1-4de6-8295-028cefc9b890)
2019-12-05 08:22:59.041 15 RALLYDEBUG rally_openstack.cleanup.manager [-] Deleting neutron.network object s_rally_4d09d214_hVu1ifNr (d16fd0eb-0b38-41ff-9f59-630748627789)
2019-12-05 08:22:59.127 15 RALLYDEBUG rally_openstack.cleanup.manager [-] Deleting neutron.network object s_rally_4d09d214_Io9jqnCP (d1e64e72-b72a-48d3-96f2-2a8059bfb63b)
