2019-12-05 06:38:09.890 6 RALLYDEBUG rally.api [-] INFO logs from urllib3 and requests module are hide.
2019-12-05 06:38:09.890 6 RALLYDEBUG rally.api [-] urllib3 insecure warnings are hidden.
2019-12-05 06:38:09.890 6 RALLYDEBUG rally.api [-] ERROR log from boto module is hide.
2019-12-05 06:38:11.396 6 ERROR rally.cli.cliutils [-] Unexpected exception in CLI: DBRecordNotFound: Record for uuid or name is opnfv-rally not found in table envs
2019-12-05 06:38:11.396 6 ERROR rally.cli.cliutils
Traceback (most recent call last):
2019-12-05 06:38:11.396 6 ERROR rally.cli.cliutils
File "/usr/lib/python2.7/site-packages/rally/cli/cliutils.py", line 674, in run
2019-12-05 06:38:11.396 6 ERROR rally.cli.cliutils ret = fn(*fn_args, **fn_kwargs)
2019-12-05 06:38:11.396 6 ERROR rally.cli.cliutils File "", line 2, in destroy
2019-12-05 06:38:11.396 6 ERROR rally.cli.cliutils
File "/usr/lib/python2.7/site-packages/rally/cli/envutils.py", line 68, in default_from_global
2019-12-05 06:38:11.396 6 ERROR rally.cli.cliutils return f(*args, **kwargs)
2019-12-05 06:38:11.396 6 ERROR rally.cli.cliutils File "", line 2, in destroy
2019-12-05 06:38:11.396 6 ERROR rally.cli.cliutils
File "/usr/lib/python2.7/site-packages/rally/plugins/__init__.py", line 51, in ensure_plugins_are_loaded
2019-12-05 06:38:11.396 6 ERROR rally.cli.cliutils return f(*args, **kwargs)
2019-12-05 06:38:11.396 6 ERROR rally.cli.cliutils
File "/usr/lib/python2.7/site-packages/rally/cli/commands/deployment.py", line 157, in destroy
2019-12-05 06:38:11.396 6 ERROR rally.cli.cliutils api.deployment.destroy(deployment=deployment)
2019-12-05 06:38:11.396 6 ERROR rally.cli.cliutils
File "/usr/lib/python2.7/site-packages/rally/api.py", line 115, in destroy
2019-12-05 06:38:11.396 6 ERROR rally.cli.cliutils deploy = objects.Deployment.get(deployment)
2019-12-05 06:38:11.396 6 ERROR rally.cli.cliutils
File "/usr/lib/python2.7/site-packages/rally/common/objects/deploy.py", line 124, in get
2019-12-05 06:38:11.396 6 ERROR rally.cli.cliutils return Deployment(env_mgr.EnvManager.get(deploy))
2019-12-05 06:38:11.396 6 ERROR rally.cli.cliutils
File "/usr/lib/python2.7/site-packages/rally/env/env_mgr.py", line 212, in get
2019-12-05 06:38:11.396 6 ERROR rally.cli.cliutils return cls(db.env_get(uuid_or_name))
2019-12-05 06:38:11.396 6 ERROR rally.cli.cliutils
File "/usr/lib/python2.7/site-packages/rally/common/db/api.py", line 135, in wrapper
2019-12-05 06:38:11.396 6 ERROR rally.cli.cliutils result = f(session, *args, **kwargs)
2019-12-05 06:38:11.396 6 ERROR rally.cli.cliutils
File "/usr/lib/python2.7/site-packages/rally/common/db/api.py", line 521, in env_get
2019-12-05 06:38:11.396 6 ERROR rally.cli.cliutils criteria="uuid or name is %s" % uuid_or_name, table="envs")
2019-12-05 06:38:11.396 6 ERROR rally.cli.cliutils DBRecordNotFound: Record for uuid or name is opnfv-rally not found in table envs
2019-12-05 06:38:11.396 6 ERROR rally.cli.cliutils
2019-12-05 06:38:12.346 8 RALLYDEBUG rally.api [-] INFO logs from urllib3 and requests module are hide.
2019-12-05 06:38:12.346 8 RALLYDEBUG rally.api [-] urllib3 insecure warnings are hidden.
2019-12-05 06:38:12.346 8 RALLYDEBUG rally.api [-] ERROR log from boto module is hide.
2019-12-05 06:38:15.025 10 RALLYDEBUG rally.api [-] INFO logs from urllib3 and requests module are hide.
2019-12-05 06:38:15.025 10 RALLYDEBUG rally.api [-] urllib3 insecure warnings are hidden.
2019-12-05 06:38:15.025 10 RALLYDEBUG rally.api [-] ERROR log from boto module is hide.
2019-12-05 06:38:17.695 13 RALLYDEBUG rally.api [-] INFO logs from urllib3 and requests module are hide.
2019-12-05 06:38:17.695 13 RALLYDEBUG rally.api [-] urllib3 insecure warnings are hidden.
2019-12-05 06:38:17.695 13 RALLYDEBUG rally.api [-] ERROR log from boto module is hide.
2019-12-05 06:38:18.904 15 RALLYDEBUG rally.api [-] INFO logs from urllib3 and requests module are hide.
2019-12-05 06:38:18.904 15 RALLYDEBUG rally.api [-] urllib3 insecure warnings are hidden.
2019-12-05 06:38:18.904 15 RALLYDEBUG rally.api [-] ERROR log from boto module is hide.
2019-12-05 06:38:20.363 15 INFO rally.task.engine [-] Task 77ff7236-7508-489b-b66f-8cf6ed1ee2a5 | Starting: Task validation.
2019-12-05 06:38:20.425 15 INFO rally.task.engine [-] Task 77ff7236-7508-489b-b66f-8cf6ed1ee2a5 | Starting: Task validation of syntax.
2019-12-05 06:38:20.524 15 INFO rally.task.engine [-] Task 77ff7236-7508-489b-b66f-8cf6ed1ee2a5 | Completed: Task validation of syntax.
2019-12-05 06:38:20.524 15 INFO rally.task.engine [-] Task 77ff7236-7508-489b-b66f-8cf6ed1ee2a5 | Starting: Task validation of required platforms.
2019-12-05 06:38:20.571 15 INFO rally.task.engine [-] Task 77ff7236-7508-489b-b66f-8cf6ed1ee2a5 | Completed: Task validation of required platforms.
2019-12-05 06:38:20.571 15 INFO rally.task.engine [-] Task 77ff7236-7508-489b-b66f-8cf6ed1ee2a5 | Starting: Task validation of semantic.
2019-12-05 06:38:20.571 15 INFO rally.task.engine [-] Check health of the environment 'a38e98ff-d07d-4487-8a69-beaefbfb83ef'.
2019-12-05 06:38:20.981 15 INFO rally.task.engine [-] Platform existing@openstack (available: True): OK!
2019-12-05 06:38:21.000 15 RALLYDEBUG rally_openstack.contexts.keystone.users [-] Creating 1 tenants using 20 threads
2019-12-05 06:38:21.258 15 RALLYDEBUG rally_openstack.contexts.keystone.users [-] Creating 1 users using 20 threads
2019-12-05 06:38:21.639 15 INFO rally.task.context [-] Task 77ff7236-7508-489b-b66f-8cf6ed1ee2a5 | Context users@openstack setup() finished in 0.64 sec
2019-12-05 06:38:21.701 15 INFO rally.task.context [-] Task 77ff7236-7508-489b-b66f-8cf6ed1ee2a5 | Context users@openstack cleanup() started
2019-12-05 06:38:23.187 15 INFO rally.task.context [-] Task 77ff7236-7508-489b-b66f-8cf6ed1ee2a5 | Context users@openstack cleanup() finished in 1.49 sec
2019-12-05 06:38:23.188 15 INFO rally.task.engine [-] Task 77ff7236-7508-489b-b66f-8cf6ed1ee2a5 | Completed: Task validation of semantic.
2019-12-05 06:38:23.188 15 INFO rally.task.engine [-] Task 77ff7236-7508-489b-b66f-8cf6ed1ee2a5 | Completed: Task validation.
2019-12-05 06:38:23.188 15 INFO rally.api [-] Task 77ff7236-7508-489b-b66f-8cf6ed1ee2a5 input file is valid.
2019-12-05 06:38:23.189 15 INFO rally.api [-] Run Task 77ff7236-7508-489b-b66f-8cf6ed1ee2a5 against Deployment a38e98ff-d07d-4487-8a69-beaefbfb83ef
2019-12-05 06:38:23.189 15 INFO rally.task.engine [-] Task 77ff7236-7508-489b-b66f-8cf6ed1ee2a5 | Starting: Running task.
2019-12-05 06:38:23.510 15 INFO rally.task.engine [-] Running workload: position = 0 config = { "version": 2, "title": "A cropped version of a bigger task.", "description": "Auto-generated task from a single workload (uuid=8a1c9dfe-ce04-406b-ba10-f7b139de8dd7)", "subtasks": [ { "title": "Authenticate.keystone", "description": "Check Keystone Client.", "scenario": { "Authenticate.keystone": {} }, "contexts": { "users": { "tenants": 3, "users_per_tenant": 2 } }, "runner": { "constant": { "concurrency": 4, "times": 10 } }, "hooks": [], "sla": { "failure_rate": { "max": 0 } } } ] }
2019-12-05 06:38:23.531 15 RALLYDEBUG rally_openstack.contexts.keystone.users [-] Creating 3 tenants using 20 threads
2019-12-05 06:38:24.079 15 RALLYDEBUG rally_openstack.contexts.keystone.users [-] Creating 6 users using 20 threads
2019-12-05 06:38:25.123 15 INFO rally.task.context [-] Task 77ff7236-7508-489b-b66f-8cf6ed1ee2a5 | Context users@openstack setup() finished in 1.59 sec
2019-12-05 06:38:25.132 15 RALLYDEBUG rally.task.runner [-] Starting the constant runner (task UUID: 77ff7236-7508-489b-b66f-8cf6ed1ee2a5). timeout: 0 concurrency: 4 concurrency_per_worker: 1 times: 10 concurrency_overhead: 0 processes_to_start: 4 max_cpu_used: 88
2019-12-05 06:38:25.146 139 RALLYDEBUG rally.task.runner [-] Starting a worker. concurrency: 1 args: {} times: 10 method_name: run timeout: 0 duration: None cls:
2019-12-05 06:38:25.149 140 RALLYDEBUG rally.task.runner [-] Starting a worker. concurrency: 1 args: {} times: 10 method_name: run timeout: 0 duration: None cls:
2019-12-05 06:38:25.152 141 RALLYDEBUG rally.task.runner [-] Starting a worker. concurrency: 1 args: {} times: 10 method_name: run timeout: 0 duration: None cls:
2019-12-05 06:38:25.153 139 INFO rally.task.runner [-] Task 77ff7236-7508-489b-b66f-8cf6ed1ee2a5 | ITER: 1 START
2019-12-05 06:38:25.155 142 RALLYDEBUG rally.task.runner [-] Starting a worker. concurrency: 1 args: {} times: 10 method_name: run timeout: 0 duration: None cls:
2019-12-05 06:38:25.156 140 INFO rally.task.runner [-] Task 77ff7236-7508-489b-b66f-8cf6ed1ee2a5 | ITER: 2 START
2019-12-05 06:38:25.159 141 INFO rally.task.runner [-] Task 77ff7236-7508-489b-b66f-8cf6ed1ee2a5 | ITER: 3 START
2019-12-05 06:38:25.162 142 INFO rally.task.runner [-] Task 77ff7236-7508-489b-b66f-8cf6ed1ee2a5 | ITER: 4 START
2019-12-05 06:38:25.751 140 INFO rally.task.runner [-] Task 77ff7236-7508-489b-b66f-8cf6ed1ee2a5 | ITER: 2 END: OK
2019-12-05 06:38:25.756 139 INFO rally.task.runner [-] Task 77ff7236-7508-489b-b66f-8cf6ed1ee2a5 | ITER: 1 END: OK
2019-12-05 06:38:25.757 140 INFO rally.task.runner [-] Task 77ff7236-7508-489b-b66f-8cf6ed1ee2a5 | ITER: 5 START
2019-12-05 06:38:25.762 139 INFO rally.task.runner [-] Task 77ff7236-7508-489b-b66f-8cf6ed1ee2a5 | ITER: 6 START
2019-12-05 06:38:25.805 141 INFO rally.task.runner [-] Task 77ff7236-7508-489b-b66f-8cf6ed1ee2a5 | ITER: 3 END: OK
2019-12-05 06:38:25.811 141 INFO rally.task.runner [-] Task 77ff7236-7508-489b-b66f-8cf6ed1ee2a5 | ITER: 7 START
2019-12-05 06:38:25.855 142 INFO rally.task.runner [-] Task 77ff7236-7508-489b-b66f-8cf6ed1ee2a5 | ITER: 4 END: OK
2019-12-05 06:38:25.861 142 INFO rally.task.runner [-] Task 77ff7236-7508-489b-b66f-8cf6ed1ee2a5 | ITER: 8 START
2019-12-05 06:38:26.177 140 INFO rally.task.runner [-] Task 77ff7236-7508-489b-b66f-8cf6ed1ee2a5 | ITER: 5 END: OK
2019-12-05 06:38:26.182 140 INFO rally.task.runner [-] Task 77ff7236-7508-489b-b66f-8cf6ed1ee2a5 | ITER: 9 START
2019-12-05 06:38:26.231 141 INFO rally.task.runner [-] Task 77ff7236-7508-489b-b66f-8cf6ed1ee2a5 | ITER: 7 END: OK
2019-12-05 06:38:26.235 141 INFO rally.task.runner [-] Task 77ff7236-7508-489b-b66f-8cf6ed1ee2a5 | ITER: 10 START
2019-12-05 06:38:26.240 139 INFO rally.task.runner [-] Task 77ff7236-7508-489b-b66f-8cf6ed1ee2a5 | ITER: 6 END: OK
2019-12-05 06:38:26.291 142 INFO rally.task.runner [-] Task 77ff7236-7508-489b-b66f-8cf6ed1ee2a5 | ITER: 8 END: OK
2019-12-05 06:38:26.452 140 INFO rally.task.runner [-] Task 77ff7236-7508-489b-b66f-8cf6ed1ee2a5 | ITER: 9 END: OK
2019-12-05 06:38:26.513 141 INFO rally.task.runner [-] Task 77ff7236-7508-489b-b66f-8cf6ed1ee2a5 | ITER: 10 END: OK
2019-12-05 06:38:26.536 15 INFO rally.task.context [-] Task 77ff7236-7508-489b-b66f-8cf6ed1ee2a5 | Context users@openstack cleanup() started
2019-12-05 06:38:29.790 15 INFO rally.task.context [-] Task 77ff7236-7508-489b-b66f-8cf6ed1ee2a5 | Context users@openstack cleanup() finished in 3.25 sec
2019-12-05 06:38:31.585 15 INFO rally.task.engine [-] Load duration is: 1.358959
2019-12-05 06:38:31.585 15 INFO rally.task.engine [-] Full runner duration is: 1.404078
2019-12-05 06:38:31.586 15 INFO rally.task.engine [-] Full duration is: 6.260554
2019-12-05 06:38:32.071 15 INFO rally.task.engine [-] Running workload: position = 0 config = { "version": 2, "title": "A cropped version of a bigger task.", "description": "Auto-generated task from a single workload (uuid=8c2fd176-e057-4d98-adf2-85df7e0eaa35)", "subtasks": [ { "title": "Authenticate.validate_cinder", "description": "Check Cinder Client to ensure validation of token.", "scenario": { "Authenticate.validate_cinder": { "repetitions": 2 } }, "contexts": { "users": { "tenants": 3, "users_per_tenant": 2 } }, "runner": { "constant": { "concurrency": 4, "times": 10 } }, "hooks": [], "sla": { "failure_rate": { "max": 0 } } } ] }
2019-12-05 06:38:32.096 15 RALLYDEBUG rally_openstack.contexts.keystone.users [-] Creating 3 tenants using 20 threads
2019-12-05 06:38:32.512 15 RALLYDEBUG rally_openstack.contexts.keystone.users [-] Creating 6 users using 20 threads
2019-12-05 06:38:33.539 15 INFO rally.task.context [-] Task 77ff7236-7508-489b-b66f-8cf6ed1ee2a5 | Context users@openstack setup() finished in 1.44 sec
2019-12-05 06:38:33.548 15 RALLYDEBUG rally.task.runner [-] Starting the constant runner (task UUID: 77ff7236-7508-489b-b66f-8cf6ed1ee2a5). timeout: 0 concurrency: 4 concurrency_per_worker: 1 times: 10 concurrency_overhead: 0 processes_to_start: 4 max_cpu_used: 88
2019-12-05 06:38:33.559 243 RALLYDEBUG rally.task.runner [-] Starting a worker. concurrency: 1 args: {"repetitions": 2} times: 10 method_name: run timeout: 0 duration: None cls:
2019-12-05 06:38:33.565 245 RALLYDEBUG rally.task.runner [-] Starting a worker. concurrency: 1 args: {"repetitions": 2} times: 10 method_name: run timeout: 0 duration: None cls:
2019-12-05 06:38:33.566 243 INFO rally.task.runner [-] Task 77ff7236-7508-489b-b66f-8cf6ed1ee2a5 | ITER: 1 START
2019-12-05 06:38:33.568 246 RALLYDEBUG rally.task.runner [-] Starting a worker. concurrency: 1 args: {"repetitions": 2} times: 10 method_name: run timeout: 0 duration: None cls:
2019-12-05 06:38:33.571 244 RALLYDEBUG rally.task.runner [-] Starting a worker. concurrency: 1 args: {"repetitions": 2} times: 10 method_name: run timeout: 0 duration: None cls:
2019-12-05 06:38:33.572 245 INFO rally.task.runner [-] Task 77ff7236-7508-489b-b66f-8cf6ed1ee2a5 | ITER: 2 START
2019-12-05 06:38:33.575 246 INFO rally.task.runner [-] Task 77ff7236-7508-489b-b66f-8cf6ed1ee2a5 | ITER: 3 START
2019-12-05 06:38:33.581 244 INFO rally.task.runner [-] Task 77ff7236-7508-489b-b66f-8cf6ed1ee2a5 | ITER: 4 START
2019-12-05 06:38:34.327 245 INFO rally.task.runner [-] Task 77ff7236-7508-489b-b66f-8cf6ed1ee2a5 | ITER: 2 END: OK
2019-12-05 06:38:34.332 245 INFO rally.task.runner [-] Task 77ff7236-7508-489b-b66f-8cf6ed1ee2a5 | ITER: 5 START
2019-12-05 06:38:34.339 243 INFO rally.task.runner [-] Task 77ff7236-7508-489b-b66f-8cf6ed1ee2a5 | ITER: 1 END: OK
2019-12-05 06:38:34.344 243 INFO rally.task.runner [-] Task 77ff7236-7508-489b-b66f-8cf6ed1ee2a5 | ITER: 6 START
2019-12-05 06:38:34.361 246 INFO rally.task.runner [-] Task 77ff7236-7508-489b-b66f-8cf6ed1ee2a5 | ITER: 3 END: OK
2019-12-05 06:38:34.366 246 INFO rally.task.runner [-] Task 77ff7236-7508-489b-b66f-8cf6ed1ee2a5 | ITER: 7 START
2019-12-05 06:38:34.366 244 INFO rally.task.runner [-] Task 77ff7236-7508-489b-b66f-8cf6ed1ee2a5 | ITER: 4 END: OK
2019-12-05 06:38:34.372 244 INFO rally.task.runner [-] Task 77ff7236-7508-489b-b66f-8cf6ed1ee2a5 | ITER: 8 START
2019-12-05 06:38:34.675 245 INFO rally.task.runner [-] Task 77ff7236-7508-489b-b66f-8cf6ed1ee2a5 | ITER: 5 END: OK
2019-12-05 06:38:34.680 245 INFO rally.task.runner [-] Task 77ff7236-7508-489b-b66f-8cf6ed1ee2a5 | ITER: 9 START
2019-12-05 06:38:34.711 243 INFO rally.task.runner [-] Task 77ff7236-7508-489b-b66f-8cf6ed1ee2a5 | ITER: 6 END: OK
2019-12-05 06:38:34.714 243 INFO rally.task.runner [-] Task 77ff7236-7508-489b-b66f-8cf6ed1ee2a5 | ITER: 10 START
2019-12-05 06:38:34.914 246 INFO rally.task.runner [-] Task 77ff7236-7508-489b-b66f-8cf6ed1ee2a5 | ITER: 7 END: OK
2019-12-05 06:38:35.144 245 INFO rally.task.runner [-] Task 77ff7236-7508-489b-b66f-8cf6ed1ee2a5 | ITER: 9 END: OK
2019-12-05 06:38:35.157 243 INFO rally.task.runner [-] Task 77ff7236-7508-489b-b66f-8cf6ed1ee2a5 | ITER: 10 END: OK
2019-12-05 06:38:35.182 244 INFO rally.task.runner [-] Task 77ff7236-7508-489b-b66f-8cf6ed1ee2a5 | ITER: 8 END: OK
2019-12-05 06:38:35.201 15 INFO rally.task.context [-] Task 77ff7236-7508-489b-b66f-8cf6ed1ee2a5 | Context users@openstack cleanup() started
2019-12-05 06:38:38.981 15 INFO rally.task.context [-] Task 77ff7236-7508-489b-b66f-8cf6ed1ee2a5 | Context users@openstack cleanup() finished in 3.78 sec
2019-12-05 06:38:40.149 15 INFO rally.task.engine [-] Load duration is: 1.615021
2019-12-05 06:38:40.149 15 INFO rally.task.engine [-] Full runner duration is: 1.65281
2019-12-05 06:38:40.149 15 INFO rally.task.engine [-] Full duration is: 6.887122
2019-12-05 06:38:40.542 15 INFO rally.task.engine [-] Running workload: position = 0 config = { "version": 2, "title": "A cropped version of a bigger task.", "description": "Auto-generated task from a single workload (uuid=aa0bb6fd-72f9-4505-a316-3e8c8926f265)", "subtasks": [ { "title": "Authenticate.validate_glance", "description": "Check Glance Client to ensure validation of token.", "scenario": { "Authenticate.validate_glance": { "repetitions": 2 } }, "contexts": { "users": { "tenants": 3, "users_per_tenant": 2 } }, "runner": { "constant": { "concurrency": 4, "times": 10 } }, "hooks": [], "sla": { "failure_rate": { "max": 0 } } } ] }
2019-12-05 06:38:40.567 15 RALLYDEBUG rally_openstack.contexts.keystone.users [-] Creating 3 tenants using 20 threads
2019-12-05 06:38:41.080 15 RALLYDEBUG rally_openstack.contexts.keystone.users [-] Creating 6 users using 20 threads
2019-12-05 06:38:42.173 15 INFO rally.task.context [-] Task 77ff7236-7508-489b-b66f-8cf6ed1ee2a5 | Context users@openstack setup() finished in 1.61 sec
2019-12-05 06:38:42.183 15 RALLYDEBUG rally.task.runner [-] Starting the constant runner (task UUID: 77ff7236-7508-489b-b66f-8cf6ed1ee2a5). timeout: 0 concurrency: 4 concurrency_per_worker: 1 times: 10 concurrency_overhead: 0 processes_to_start: 4 max_cpu_used: 88
2019-12-05 06:38:42.195 347 RALLYDEBUG rally.task.runner [-] Starting a worker. concurrency: 1 args: {"repetitions": 2} times: 10 method_name: run timeout: 0 duration: None cls:
2019-12-05 06:38:42.198 348 RALLYDEBUG rally.task.runner [-] Starting a worker. concurrency: 1 args: {"repetitions": 2} times: 10 method_name: run timeout: 0 duration: None cls:
2019-12-05 06:38:42.201 349 RALLYDEBUG rally.task.runner [-] Starting a worker. concurrency: 1 args: {"repetitions": 2} times: 10 method_name: run timeout: 0 duration: None cls:
2019-12-05 06:38:42.202 347 INFO rally.task.runner [-] Task 77ff7236-7508-489b-b66f-8cf6ed1ee2a5 | ITER: 1 START
2019-12-05 06:38:42.205 348 INFO rally.task.runner [-] Task 77ff7236-7508-489b-b66f-8cf6ed1ee2a5 | ITER: 2 START
2019-12-05 06:38:42.204 350 RALLYDEBUG rally.task.runner [-] Starting a worker. concurrency: 1 args: {"repetitions": 2} times: 10 method_name: run timeout: 0 duration: None cls:
2019-12-05 06:38:42.211 350 INFO rally.task.runner [-] Task 77ff7236-7508-489b-b66f-8cf6ed1ee2a5 | ITER: 4 START
2019-12-05 06:38:42.220 349 INFO rally.task.runner [-] Task 77ff7236-7508-489b-b66f-8cf6ed1ee2a5 | ITER: 3 START
2019-12-05 06:38:42.770 350 INFO rally.task.runner [-] Task 77ff7236-7508-489b-b66f-8cf6ed1ee2a5 | ITER: 4 END: OK
2019-12-05 06:38:42.776 350 INFO rally.task.runner [-] Task 77ff7236-7508-489b-b66f-8cf6ed1ee2a5 | ITER: 5 START
2019-12-05 06:38:42.787 347 INFO rally.task.runner [-] Task 77ff7236-7508-489b-b66f-8cf6ed1ee2a5 | ITER: 1 END: OK
2019-12-05 06:38:42.792 347 INFO rally.task.runner [-] Task 77ff7236-7508-489b-b66f-8cf6ed1ee2a5 | ITER: 6 START
2019-12-05 06:38:42.868 348 INFO rally.task.runner [-] Task 77ff7236-7508-489b-b66f-8cf6ed1ee2a5 | ITER: 2 END: OK
2019-12-05 06:38:42.874 348 INFO rally.task.runner [-] Task 77ff7236-7508-489b-b66f-8cf6ed1ee2a5 | ITER: 7 START
2019-12-05 06:38:42.880 349 INFO rally.task.runner [-] Task 77ff7236-7508-489b-b66f-8cf6ed1ee2a5 | ITER: 3 END: OK
2019-12-05 06:38:42.884 349 INFO rally.task.runner [-] Task 77ff7236-7508-489b-b66f-8cf6ed1ee2a5 | ITER: 8 START
2019-12-05 06:38:43.214 350 INFO rally.task.runner [-] Task 77ff7236-7508-489b-b66f-8cf6ed1ee2a5 | ITER: 5 END: OK
2019-12-05 06:38:43.219 350 INFO rally.task.runner [-] Task 77ff7236-7508-489b-b66f-8cf6ed1ee2a5 | ITER: 9 START
2019-12-05 06:38:43.458 348 INFO rally.task.runner [-] Task 77ff7236-7508-489b-b66f-8cf6ed1ee2a5 | ITER: 7 END: OK
2019-12-05 06:38:43.463 348 INFO rally.task.runner [-] Task 77ff7236-7508-489b-b66f-8cf6ed1ee2a5 | ITER: 10 START
2019-12-05 06:38:43.489 347 INFO rally.task.runner [-] Task 77ff7236-7508-489b-b66f-8cf6ed1ee2a5 | ITER: 6 END: OK
2019-12-05 06:38:43.530 349 INFO rally.task.runner [-] Task 77ff7236-7508-489b-b66f-8cf6ed1ee2a5 | ITER: 8 END: OK
2019-12-05 06:38:43.606 350 INFO rally.task.runner [-] Task 77ff7236-7508-489b-b66f-8cf6ed1ee2a5 | ITER: 9 END: OK
2019-12-05 06:38:43.766 348 INFO rally.task.runner [-] Task 77ff7236-7508-489b-b66f-8cf6ed1ee2a5 | ITER: 10 END: OK
2019-12-05 06:38:43.786 15 INFO rally.task.context [-] Task 77ff7236-7508-489b-b66f-8cf6ed1ee2a5 | Context users@openstack cleanup() started
2019-12-05 06:38:47.542 15 INFO rally.task.context [-] Task 77ff7236-7508-489b-b66f-8cf6ed1ee2a5 | Context users@openstack cleanup() finished in 3.76 sec
2019-12-05 06:38:48.631 15 INFO rally.task.engine [-] Load duration is: 1.563002
2019-12-05 06:38:48.631 15 INFO rally.task.engine [-] Full runner duration is: 1.602834
2019-12-05 06:38:48.631 15 INFO rally.task.engine [-] Full duration is: 6.976672
2019-12-05 06:38:48.990 15 INFO rally.task.engine [-] Running workload: position = 0 config = { "version": 2, "title": "A cropped version of a bigger task.", "description": "Auto-generated task from a single workload (uuid=a9734264-850e-4761-bfac-5a635abfa686)", "subtasks": [ { "title": "Authenticate.validate_heat", "description": "Check Heat Client to ensure validation of token.", "scenario": { "Authenticate.validate_heat": { "repetitions": 2 } }, "contexts": { "users": { "tenants": 3, "users_per_tenant": 2 } }, "runner": { "constant": { "concurrency": 4, "times": 10 } }, "hooks": [], "sla": { "failure_rate": { "max": 0 } } } ] }
2019-12-05 06:38:49.014 15 RALLYDEBUG rally_openstack.contexts.keystone.users [-] Creating 3 tenants using 20 threads
2019-12-05 06:38:49.533 15 RALLYDEBUG rally_openstack.contexts.keystone.users [-] Creating 6 users using 20 threads
2019-12-05 06:38:50.671 15 INFO rally.task.context [-] Task 77ff7236-7508-489b-b66f-8cf6ed1ee2a5 | Context users@openstack setup() finished in 1.66 sec
2019-12-05 06:38:50.680 15 RALLYDEBUG rally.task.runner [-] Starting the constant runner (task UUID: 77ff7236-7508-489b-b66f-8cf6ed1ee2a5). timeout: 0 concurrency: 4 concurrency_per_worker: 1 times: 10 concurrency_overhead: 0 processes_to_start: 4 max_cpu_used: 88
2019-12-05 06:38:50.692 451 RALLYDEBUG rally.task.runner [-] Starting a worker. concurrency: 1 args: {"repetitions": 2} times: 10 method_name: run timeout: 0 duration: None cls:
2019-12-05 06:38:50.695 452 RALLYDEBUG rally.task.runner [-] Starting a worker. concurrency: 1 args: {"repetitions": 2} times: 10 method_name: run timeout: 0 duration: None cls:
2019-12-05 06:38:50.699 451 INFO rally.task.runner [-] Task 77ff7236-7508-489b-b66f-8cf6ed1ee2a5 | ITER: 1 START
2019-12-05 06:38:50.701 454 RALLYDEBUG rally.task.runner [-] Starting a worker. concurrency: 1 args: {"repetitions": 2} times: 10 method_name: run timeout: 0 duration: None cls:
2019-12-05 06:38:50.702 452 INFO rally.task.runner [-] Task 77ff7236-7508-489b-b66f-8cf6ed1ee2a5 | ITER: 2 START
2019-12-05 06:38:50.707 453 RALLYDEBUG rally.task.runner [-] Starting a worker. concurrency: 1 args: {"repetitions": 2} times: 10 method_name: run timeout: 0 duration: None cls:
2019-12-05 06:38:50.708 454 INFO rally.task.runner [-] Task 77ff7236-7508-489b-b66f-8cf6ed1ee2a5 | ITER: 3 START
2019-12-05 06:38:50.713 453 INFO rally.task.runner [-] Task 77ff7236-7508-489b-b66f-8cf6ed1ee2a5 | ITER: 4 START
2019-12-05 06:38:51.248 451 INFO rally.task.runner [-] Task 77ff7236-7508-489b-b66f-8cf6ed1ee2a5 | ITER: 1 END: OK
2019-12-05 06:38:51.253 451 INFO rally.task.runner [-] Task 77ff7236-7508-489b-b66f-8cf6ed1ee2a5 | ITER: 5 START
2019-12-05 06:38:51.284 452 INFO rally.task.runner [-] Task 77ff7236-7508-489b-b66f-8cf6ed1ee2a5 | ITER: 2 END: OK
2019-12-05 06:38:51.289 452 INFO rally.task.runner [-] Task 77ff7236-7508-489b-b66f-8cf6ed1ee2a5 | ITER: 6 START
2019-12-05 06:38:51.299 454 INFO rally.task.runner [-] Task 77ff7236-7508-489b-b66f-8cf6ed1ee2a5 | ITER: 3 END: OK
2019-12-05 06:38:51.305 454 INFO rally.task.runner [-] Task 77ff7236-7508-489b-b66f-8cf6ed1ee2a5 | ITER: 7 START
2019-12-05 06:38:51.372 453 INFO rally.task.runner [-] Task 77ff7236-7508-489b-b66f-8cf6ed1ee2a5 | ITER: 4 END: OK
2019-12-05 06:38:51.377 453 INFO rally.task.runner [-] Task 77ff7236-7508-489b-b66f-8cf6ed1ee2a5 | ITER: 8 START
2019-12-05 06:38:51.698 451 INFO rally.task.runner [-] Task 77ff7236-7508-489b-b66f-8cf6ed1ee2a5 | ITER: 5 END: OK
2019-12-05 06:38:51.702 451 INFO rally.task.runner [-] Task 77ff7236-7508-489b-b66f-8cf6ed1ee2a5 | ITER: 9 START
2019-12-05 06:38:51.782 454 INFO rally.task.runner [-] Task 77ff7236-7508-489b-b66f-8cf6ed1ee2a5 | ITER: 7 END: OK
2019-12-05 06:38:51.786 454 INFO rally.task.runner [-] Task 77ff7236-7508-489b-b66f-8cf6ed1ee2a5 | ITER: 10 START
2019-12-05 06:38:51.791 452 INFO rally.task.runner [-] Task 77ff7236-7508-489b-b66f-8cf6ed1ee2a5 | ITER: 6 END: OK
2019-12-05 06:38:51.795 453 INFO rally.task.runner [-] Task 77ff7236-7508-489b-b66f-8cf6ed1ee2a5 | ITER: 8 END: OK
2019-12-05 06:38:51.929 451 INFO rally.task.runner [-] Task 77ff7236-7508-489b-b66f-8cf6ed1ee2a5 | ITER: 9 END: OK
2019-12-05 06:38:52.039 454 INFO rally.task.runner [-] Task 77ff7236-7508-489b-b66f-8cf6ed1ee2a5 | ITER: 10 END: OK
2019-12-05 06:38:52.061 15 INFO rally.task.context [-] Task 77ff7236-7508-489b-b66f-8cf6ed1ee2a5 | Context users@openstack cleanup() started
2019-12-05 06:38:55.571 15 INFO rally.task.context [-] Task 77ff7236-7508-489b-b66f-8cf6ed1ee2a5 | Context users@openstack cleanup() finished in 3.51 sec
2019-12-05 06:38:57.072 15 INFO rally.task.engine [-] Load duration is: 1.33818
2019-12-05 06:38:57.073 15 INFO rally.task.engine [-] Full runner duration is: 1.381677
2019-12-05 06:38:57.073 15 INFO rally.task.engine [-] Full duration is: 6.559543
2019-12-05 06:38:57.518 15 INFO rally.task.engine [-] Running workload: position = 0 config = { "version": 2, "title": "A cropped version of a bigger task.", "description": "Auto-generated task from a single workload (uuid=a3745d69-8666-42bf-9beb-d7f33138e4cb)", "subtasks": [ { "title": "Authenticate.validate_neutron", "description": "Check Neutron Client to ensure validation of token.", "scenario": { "Authenticate.validate_neutron": { "repetitions": 2 } }, "contexts": { "users": { "tenants": 3, "users_per_tenant": 2 } }, "runner": { "constant": { "concurrency": 4, "times": 10 } }, "hooks": [], "sla": { "failure_rate": { "max": 0 } } } ] }
2019-12-05 06:38:57.542 15 RALLYDEBUG rally_openstack.contexts.keystone.users [-] Creating 3 tenants using 20 threads
2019-12-05 06:38:58.091 15 RALLYDEBUG rally_openstack.contexts.keystone.users [-] Creating 6 users using 20 threads
2019-12-05 06:38:59.065 15 INFO rally.task.context [-] Task 77ff7236-7508-489b-b66f-8cf6ed1ee2a5 | Context users@openstack setup() finished in 1.52 sec
2019-12-05 06:38:59.074 15 RALLYDEBUG rally.task.runner [-] Starting the constant runner (task UUID: 77ff7236-7508-489b-b66f-8cf6ed1ee2a5). timeout: 0 concurrency: 4 concurrency_per_worker: 1 times: 10 concurrency_overhead: 0 processes_to_start: 4 max_cpu_used: 88
2019-12-05 06:38:59.087 555 RALLYDEBUG rally.task.runner [-] Starting a worker. concurrency: 1 args: {"repetitions": 2} times: 10 method_name: run timeout: 0 duration: None cls:
2019-12-05 06:38:59.090 556 RALLYDEBUG rally.task.runner [-] Starting a worker. concurrency: 1 args: {"repetitions": 2} times: 10 method_name: run timeout: 0 duration: None cls:
2019-12-05 06:38:59.093 557 RALLYDEBUG rally.task.runner [-] Starting a worker. concurrency: 1 args: {"repetitions": 2} times: 10 method_name: run timeout: 0 duration: None cls:
2019-12-05 06:38:59.094 555 INFO rally.task.runner [-] Task 77ff7236-7508-489b-b66f-8cf6ed1ee2a5 | ITER: 1 START
2019-12-05 06:38:59.096 558 RALLYDEBUG rally.task.runner [-] Starting a worker. concurrency: 1 args: {"repetitions": 2} times: 10 method_name: run timeout: 0 duration: None cls:
2019-12-05 06:38:59.097 556 INFO rally.task.runner [-] Task 77ff7236-7508-489b-b66f-8cf6ed1ee2a5 | ITER: 2 START
2019-12-05 06:38:59.100 557 INFO rally.task.runner [-] Task 77ff7236-7508-489b-b66f-8cf6ed1ee2a5 | ITER: 3 START
2019-12-05 06:38:59.103 558 INFO rally.task.runner [-] Task 77ff7236-7508-489b-b66f-8cf6ed1ee2a5 | ITER: 4 START
2019-12-05 06:38:59.952 555 INFO rally.task.runner [-] Task 77ff7236-7508-489b-b66f-8cf6ed1ee2a5 | ITER: 1 END: OK
2019-12-05 06:38:59.957 555 INFO rally.task.runner [-] Task 77ff7236-7508-489b-b66f-8cf6ed1ee2a5 | ITER: 5 START
2019-12-05 06:39:00.069 558 INFO rally.task.runner [-] Task 77ff7236-7508-489b-b66f-8cf6ed1ee2a5 | ITER: 4 END: OK
2019-12-05 06:39:00.075 558 INFO rally.task.runner [-] Task 77ff7236-7508-489b-b66f-8cf6ed1ee2a5 | ITER: 6 START
2019-12-05 06:39:00.079 556 INFO rally.task.runner [-] Task 77ff7236-7508-489b-b66f-8cf6ed1ee2a5 | ITER: 2 END: OK
2019-12-05 06:39:00.084 556 INFO rally.task.runner [-] Task 77ff7236-7508-489b-b66f-8cf6ed1ee2a5 | ITER: 7 START
2019-12-05 06:39:00.665 557 INFO rally.task.runner [-] Task 77ff7236-7508-489b-b66f-8cf6ed1ee2a5 | ITER: 3 END: OK
2019-12-05 06:39:00.670 557 INFO rally.task.runner [-] Task 77ff7236-7508-489b-b66f-8cf6ed1ee2a5 | ITER: 8 START
2019-12-05 06:39:00.826 555 INFO rally.task.runner [-] Task 77ff7236-7508-489b-b66f-8cf6ed1ee2a5 | ITER: 5 END: OK
2019-12-05 06:39:00.831 555 INFO rally.task.runner [-] Task 77ff7236-7508-489b-b66f-8cf6ed1ee2a5 | ITER: 9 START
2019-12-05 06:39:00.903 556 INFO rally.task.runner [-] Task 77ff7236-7508-489b-b66f-8cf6ed1ee2a5 | ITER: 7 END: OK
2019-12-05 06:39:00.907 556 INFO rally.task.runner [-] Task 77ff7236-7508-489b-b66f-8cf6ed1ee2a5 | ITER: 10 START
2019-12-05 06:39:00.924 558 INFO rally.task.runner [-] Task 77ff7236-7508-489b-b66f-8cf6ed1ee2a5 | ITER: 6 END: OK
2019-12-05 06:39:01.254 557 INFO rally.task.runner [-] Task 77ff7236-7508-489b-b66f-8cf6ed1ee2a5 | ITER: 8 END: OK
2019-12-05 06:39:01.383 556 INFO rally.task.runner [-] Task 77ff7236-7508-489b-b66f-8cf6ed1ee2a5 | ITER: 10 END: OK
2019-12-05 06:39:01.426 555 INFO rally.task.runner [-] Task 77ff7236-7508-489b-b66f-8cf6ed1ee2a5 | ITER: 9 END: OK
2019-12-05 06:39:01.446 15 INFO rally.task.context [-] Task 77ff7236-7508-489b-b66f-8cf6ed1ee2a5 | Context users@openstack cleanup() started
2019-12-05 06:39:04.922 15 INFO rally.task.context [-] Task 77ff7236-7508-489b-b66f-8cf6ed1ee2a5 | Context users@openstack cleanup() finished in 3.48 sec
2019-12-05 06:39:05.653 15 INFO rally.task.engine [-] Load duration is: 2.330271
2019-12-05 06:39:05.654 15 INFO rally.task.engine [-] Full runner duration is: 2.371705
2019-12-05 06:39:05.654 15 INFO rally.task.engine [-] Full duration is: 7.381331
2019-12-05 06:39:05.988 15 INFO rally.task.engine [-] Running workload: position = 0 config = { "version": 2, "title": "A cropped version of a bigger task.", "description": "Auto-generated task from a single workload (uuid=b20f8830-0f5c-483f-8ffa-a8ea993dc8b3)", "subtasks": [ { "title": "Authenticate.validate_nova", "description": "Check Nova Client to ensure validation of token.", "scenario": { "Authenticate.validate_nova": { "repetitions": 2 } }, "contexts": { "users": { "tenants": 3, "users_per_tenant": 2 } }, "runner": { "constant": { "concurrency": 4, "times": 10 } }, "hooks": [], "sla": { "failure_rate": { "max": 0 } } } ] }
2019-12-05 06:39:06.013 15 RALLYDEBUG rally_openstack.contexts.keystone.users [-] Creating 3 tenants using 20 threads
2019-12-05 06:39:06.562 15 RALLYDEBUG rally_openstack.contexts.keystone.users [-] Creating 6 users using 20 threads
2019-12-05 06:39:07.622 15 INFO rally.task.context [-] Task 77ff7236-7508-489b-b66f-8cf6ed1ee2a5 | Context users@openstack setup() finished in 1.61 sec
2019-12-05 06:39:07.632 15 RALLYDEBUG rally.task.runner [-] Starting the constant runner (task UUID: 77ff7236-7508-489b-b66f-8cf6ed1ee2a5). timeout: 0 concurrency: 4 concurrency_per_worker: 1 times: 10 concurrency_overhead: 0 processes_to_start: 4 max_cpu_used: 88
2019-12-05 06:39:07.644 659 RALLYDEBUG rally.task.runner [-] Starting a worker. concurrency: 1 args: {"repetitions": 2} times: 10 method_name: run timeout: 0 duration: None cls:
2019-12-05 06:39:07.648 660 RALLYDEBUG rally.task.runner [-] Starting a worker. concurrency: 1 args: {"repetitions": 2} times: 10 method_name: run timeout: 0 duration: None cls:
2019-12-05 06:39:07.651 659 INFO rally.task.runner [-] Task 77ff7236-7508-489b-b66f-8cf6ed1ee2a5 | ITER: 1 START
2019-12-05 06:39:07.651 661 RALLYDEBUG rally.task.runner [-] Starting a worker. concurrency: 1 args: {"repetitions": 2} times: 10 method_name: run timeout: 0 duration: None cls:
2019-12-05 06:39:07.654 662 RALLYDEBUG rally.task.runner [-] Starting a worker. concurrency: 1 args: {"repetitions": 2} times: 10 method_name: run timeout: 0 duration: None cls:
2019-12-05 06:39:07.654 660 INFO rally.task.runner [-] Task 77ff7236-7508-489b-b66f-8cf6ed1ee2a5 | ITER: 2 START
2019-12-05 06:39:07.657 661 INFO rally.task.runner [-] Task 77ff7236-7508-489b-b66f-8cf6ed1ee2a5 | ITER: 3 START
2019-12-05 06:39:07.660 662 INFO rally.task.runner [-] Task 77ff7236-7508-489b-b66f-8cf6ed1ee2a5 | ITER: 4 START
2019-12-05 06:39:07.904 659 DEBUG novaclient.v2.client [-] REQ: curl -g -i -X GET http://compute-airship.intel-pod10.opnfv.org:80/v2.1/72f59d221c194c1ba2ce2d02954454a5/flavors/detail -H "Accept: application/json" -H "User-Agent: python-novaclient" -H "X-Auth-Token: {SHA1}b99529d73312e93b0ecd0fb1908b7ead7b2ef9ce" _http_log_request /usr/lib/python2.7/site-packages/keystoneauth1/session.py:448
2019-12-05 06:39:07.907 661 DEBUG novaclient.v2.client [-] REQ: curl -g -i -X GET http://compute-airship.intel-pod10.opnfv.org:80/v2.1/bcb4ca3c19d54622a71bceb090165230/flavors/detail -H "Accept: application/json" -H "User-Agent: python-novaclient" -H "X-Auth-Token: {SHA1}936b576d7c9fbaadd8e891231c8de7a6ca1ddc46" _http_log_request /usr/lib/python2.7/site-packages/keystoneauth1/session.py:448
2019-12-05 06:39:08.078 662 DEBUG novaclient.v2.client [-] REQ: curl -g -i -X GET http://compute-airship.intel-pod10.opnfv.org:80/v2.1/72f59d221c194c1ba2ce2d02954454a5/flavors/detail -H "Accept: application/json" -H "User-Agent: python-novaclient" -H "X-Auth-Token: {SHA1}ea9f08250e12ca83e5f93f433f31546bb8528d83" _http_log_request /usr/lib/python2.7/site-packages/keystoneauth1/session.py:448
2019-12-05 06:39:08.122 660 DEBUG novaclient.v2.client [-] REQ: curl -g -i -X GET http://compute-airship.intel-pod10.opnfv.org:80/v2.1/cc3eca35433044a9a6f1b86c5f5a852b/flavors/detail -H "Accept: application/json" -H "User-Agent: python-novaclient" -H "X-Auth-Token: {SHA1}70dadc5740ead02ec323eba7c14610692aa6985b" _http_log_request /usr/lib/python2.7/site-packages/keystoneauth1/session.py:448
2019-12-05 06:39:08.165 659 DEBUG novaclient.v2.client [-] RESP: [200] Connection: keep-alive Content-Encoding: gzip Content-Type: application/json Date: Thu, 05 Dec 2019 06:39:08 GMT Openstack-Api-Version: compute 2.1 Transfer-Encoding: chunked Vary: Accept-Encoding, OpenStack-API-Version, X-OpenStack-Nova-API-Version X-Compute-Request-Id: req-b6312bf8-2c48-41ed-b853-69aa93d584bd X-Openstack-Nova-Api-Version: 2.1 _http_log_response /usr/lib/python2.7/site-packages/keystoneauth1/session.py:479
2019-12-05 06:39:08.166 661 DEBUG novaclient.v2.client [-] RESP: [200] Connection: keep-alive Content-Encoding: gzip Content-Type: application/json Date: Thu, 05 Dec 2019 06:39:08 GMT Openstack-Api-Version: compute 2.1 Transfer-Encoding: chunked Vary: Accept-Encoding, OpenStack-API-Version, X-OpenStack-Nova-API-Version X-Compute-Request-Id: req-57f284ac-cb84-488f-8c82-3205b5b775b8 X-Openstack-Nova-Api-Version: 2.1 _http_log_response /usr/lib/python2.7/site-packages/keystoneauth1/session.py:479
2019-12-05 06:39:08.167 659 DEBUG novaclient.v2.client [-] RESP BODY: {"flavors": [{"links": [{"href": "http://compute-airship.intel-pod10.opnfv.org/v2.1/72f59d221c194c1ba2ce2d02954454a5/flavors/3b3b9d57-7827-4ed0-a7a9-82ce7650a8d5", "rel": "self"}, {"href": "http://compute-airship.intel-pod10.opnfv.org/72f59d221c194c1ba2ce2d02954454a5/flavors/3b3b9d57-7827-4ed0-a7a9-82ce7650a8d5", "rel": "bookmark"}], "ram": 2048, "OS-FLV-DISABLED:disabled": false, "os-flavor-access:is_public": true, "rxtx_factor": 1.0, "disk": 20, "id": "3b3b9d57-7827-4ed0-a7a9-82ce7650a8d5", "name": "m1.small", "vcpus": 1, "swap": "", "OS-FLV-EXT-DATA:ephemeral": 0}, {"links": [{"href": "http://compute-airship.intel-pod10.opnfv.org/v2.1/72f59d221c194c1ba2ce2d02954454a5/flavors/667072cd-b75d-480a-ab97-9fdee34c93d0", "rel": "self"}, {"href": "http://compute-airship.intel-pod10.opnfv.org/72f59d221c194c1ba2ce2d02954454a5/flavors/667072cd-b75d-480a-ab97-9fdee34c93d0", "rel": "bookmark"}], "ram": 512, "OS-FLV-DISABLED:disabled": false, "os-flavor-access:is_public": true, "rxtx_factor": 1.0, "disk": 1, "id": "667072cd-b75d-480a-ab97-9fdee34c93d0", "name": "rally_full-flavor_1ff5fba9-8328-46f6-bdcd-33798059c0bc", "vcpus": 1, "swap": "", "OS-FLV-EXT-DATA:ephemeral": 0}, {"links": [{"href": "http://compute-airship.intel-pod10.opnfv.org/v2.1/72f59d221c194c1ba2ce2d02954454a5/flavors/733ef2d1-544c-40db-862c-9e69067837e0", "rel": "self"}, {"href": "http://compute-airship.intel-pod10.opnfv.org/72f59d221c194c1ba2ce2d02954454a5/flavors/733ef2d1-544c-40db-862c-9e69067837e0", "rel": "bookmark"}], "ram": 512, "OS-FLV-DISABLED:disabled": false, "os-flavor-access:is_public": true, "rxtx_factor": 1.0, "disk": 1, "id": "733ef2d1-544c-40db-862c-9e69067837e0", "name": "m1.tiny", "vcpus": 1, "swap": "", "OS-FLV-EXT-DATA:ephemeral": 0}, {"links": [{"href": "http://compute-airship.intel-pod10.opnfv.org/v2.1/72f59d221c194c1ba2ce2d02954454a5/flavors/7cb81024-6fbc-43f9-906e-e158be805b5a", "rel": "self"}, {"href": "http://compute-airship.intel-pod10.opnfv.org/72f59d221c194c1ba2ce2d02954454a5/flavors/7cb81024-6fbc-43f9-906e-e158be805b5a", "rel": "bookmark"}], "ram": 8192, "OS-FLV-DISABLED:disabled": false, "os-flavor-access:is_public": true, "rxtx_factor": 1.0, "disk": 80, "id": "7cb81024-6fbc-43f9-906e-e158be805b5a", "name": "m1.large", "vcpus": 4, "swap": "", "OS-FLV-EXT-DATA:ephemeral": 0}, {"links": [{"href": "http://compute-airship.intel-pod10.opnfv.org/v2.1/72f59d221c194c1ba2ce2d02954454a5/flavors/ab62e0ad-549e-4561-a962-22f3c9be6a22", "rel": "self"}, {"href": "http://compute-airship.intel-pod10.opnfv.org/72f59d221c194c1ba2ce2d02954454a5/flavors/ab62e0ad-549e-4561-a962-22f3c9be6a22", "rel": "bookmark"}], "ram": 16384, "OS-FLV-DISABLED:disabled": false, "os-flavor-access:is_public": true, "rxtx_factor": 1.0, "disk": 160, "id": "ab62e0ad-549e-4561-a962-22f3c9be6a22", "name": "m1.xlarge", "vcpus": 8, "swap": "", "OS-FLV-EXT-DATA:ephemeral": 0}, {"links": [{"href": "http://compute-airship.intel-pod10.opnfv.org/v2.1/72f59d221c194c1ba2ce2d02954454a5/flavors/e486c48b-8f8f-4a5d-bb62-dfb6803b3a0e", "rel": "self"}, {"href": "http://compute-airship.intel-pod10.opnfv.org/72f59d221c194c1ba2ce2d02954454a5/flavors/e486c48b-8f8f-4a5d-bb62-dfb6803b3a0e", "rel": "bookmark"}], "ram": 4096, "OS-FLV-DISABLED:disabled": false, "os-flavor-access:is_public": true, "rxtx_factor": 1.0, "disk": 40, "id": "e486c48b-8f8f-4a5d-bb62-dfb6803b3a0e", "name": "m1.medium", "vcpus": 2, "swap": "", "OS-FLV-EXT-DATA:ephemeral": 0}, {"links": [{"href": "http://compute-airship.intel-pod10.opnfv.org/v2.1/72f59d221c194c1ba2ce2d02954454a5/flavors/ea2081f3-52a5-4afb-b03f-f31a3c7aa8ba", "rel": "self"}, {"href": "http://compute-airship.intel-pod10.opnfv.org/72f59d221c194c1ba2ce2d02954454a5/flavors/ea2081f3-52a5-4afb-b03f-f31a3c7aa8ba", "rel": "bookmark"}], "ram": 1024, "OS-FLV-DISABLED:disabled": false, "os-flavor-access:is_public": true, "rxtx_factor": 1.0, "disk": 1, "id": "ea2081f3-52a5-4afb-b03f-f31a3c7aa8ba", "name": "rally_full-flavor_alt_1ff5fba9-8328-46f6-bdcd-33798059c0bc", "vcpus": 1, "swap": "", "OS-FLV-EXT-DATA:ephemeral": 0}]} _http_log_response /usr/lib/python2.7/site-packages/keystoneauth1/session.py:511
2019-12-05 06:39:08.167 659 DEBUG novaclient.v2.client [-] GET call to compute for http://compute-airship.intel-pod10.opnfv.org:80/v2.1/72f59d221c194c1ba2ce2d02954454a5/flavors/detail used request id req-b6312bf8-2c48-41ed-b853-69aa93d584bd request /usr/lib/python2.7/site-packages/keystoneauth1/session.py:844
2019-12-05 06:39:08.168 661 DEBUG novaclient.v2.client [-] RESP BODY: {"flavors": [{"links": [{"href": "http://compute-airship.intel-pod10.opnfv.org/v2.1/bcb4ca3c19d54622a71bceb090165230/flavors/3b3b9d57-7827-4ed0-a7a9-82ce7650a8d5", "rel": "self"}, {"href": "http://compute-airship.intel-pod10.opnfv.org/bcb4ca3c19d54622a71bceb090165230/flavors/3b3b9d57-7827-4ed0-a7a9-82ce7650a8d5", "rel": "bookmark"}], "ram": 2048, "OS-FLV-DISABLED:disabled": false, "os-flavor-access:is_public": true, "rxtx_factor": 1.0, "disk": 20, "id": "3b3b9d57-7827-4ed0-a7a9-82ce7650a8d5", "name": "m1.small", "vcpus": 1, "swap": "", "OS-FLV-EXT-DATA:ephemeral": 0}, {"links": [{"href": "http://compute-airship.intel-pod10.opnfv.org/v2.1/bcb4ca3c19d54622a71bceb090165230/flavors/667072cd-b75d-480a-ab97-9fdee34c93d0", "rel": "self"}, {"href": "http://compute-airship.intel-pod10.opnfv.org/bcb4ca3c19d54622a71bceb090165230/flavors/667072cd-b75d-480a-ab97-9fdee34c93d0", "rel": "bookmark"}], "ram": 512, "OS-FLV-DISABLED:disabled": false, "os-flavor-access:is_public": true, "rxtx_factor": 1.0, "disk": 1, "id": "667072cd-b75d-480a-ab97-9fdee34c93d0", "name": "rally_full-flavor_1ff5fba9-8328-46f6-bdcd-33798059c0bc", "vcpus": 1, "swap": "", "OS-FLV-EXT-DATA:ephemeral": 0}, {"links": [{"href": "http://compute-airship.intel-pod10.opnfv.org/v2.1/bcb4ca3c19d54622a71bceb090165230/flavors/733ef2d1-544c-40db-862c-9e69067837e0", "rel": "self"}, {"href": "http://compute-airship.intel-pod10.opnfv.org/bcb4ca3c19d54622a71bceb090165230/flavors/733ef2d1-544c-40db-862c-9e69067837e0", "rel": "bookmark"}], "ram": 512, "OS-FLV-DISABLED:disabled": false, "os-flavor-access:is_public": true, "rxtx_factor": 1.0, "disk": 1, "id": "733ef2d1-544c-40db-862c-9e69067837e0", "name": "m1.tiny", "vcpus": 1, "swap": "", "OS-FLV-EXT-DATA:ephemeral": 0}, {"links": [{"href": "http://compute-airship.intel-pod10.opnfv.org/v2.1/bcb4ca3c19d54622a71bceb090165230/flavors/7cb81024-6fbc-43f9-906e-e158be805b5a", "rel": "self"}, {"href": "http://compute-airship.intel-pod10.opnfv.org/bcb4ca3c19d54622a71bceb090165230/flavors/7cb81024-6fbc-43f9-906e-e158be805b5a", "rel": "bookmark"}], "ram": 8192, "OS-FLV-DISABLED:disabled": false, "os-flavor-access:is_public": true, "rxtx_factor": 1.0, "disk": 80, "id": "7cb81024-6fbc-43f9-906e-e158be805b5a", "name": "m1.large", "vcpus": 4, "swap": "", "OS-FLV-EXT-DATA:ephemeral": 0}, {"links": [{"href": "http://compute-airship.intel-pod10.opnfv.org/v2.1/bcb4ca3c19d54622a71bceb090165230/flavors/ab62e0ad-549e-4561-a962-22f3c9be6a22", "rel": "self"}, {"href": "http://compute-airship.intel-pod10.opnfv.org/bcb4ca3c19d54622a71bceb090165230/flavors/ab62e0ad-549e-4561-a962-22f3c9be6a22", "rel": "bookmark"}], "ram": 16384, "OS-FLV-DISABLED:disabled": false, "os-flavor-access:is_public": true, "rxtx_factor": 1.0, "disk": 160, "id": "ab62e0ad-549e-4561-a962-22f3c9be6a22", "name": "m1.xlarge", "vcpus": 8, "swap": "", "OS-FLV-EXT-DATA:ephemeral": 0}, {"links": [{"href": "http://compute-airship.intel-pod10.opnfv.org/v2.1/bcb4ca3c19d54622a71bceb090165230/flavors/e486c48b-8f8f-4a5d-bb62-dfb6803b3a0e", "rel": "self"}, {"href": "http://compute-airship.intel-pod10.opnfv.org/bcb4ca3c19d54622a71bceb090165230/flavors/e486c48b-8f8f-4a5d-bb62-dfb6803b3a0e", "rel": "bookmark"}], "ram": 4096, "OS-FLV-DISABLED:disabled": false, "os-flavor-access:is_public": true, "rxtx_factor": 1.0, "disk": 40, "id": "e486c48b-8f8f-4a5d-bb62-dfb6803b3a0e", "name": "m1.medium", "vcpus": 2, "swap": "", "OS-FLV-EXT-DATA:ephemeral": 0}, {"links": [{"href": "http://compute-airship.intel-pod10.opnfv.org/v2.1/bcb4ca3c19d54622a71bceb090165230/flavors/ea2081f3-52a5-4afb-b03f-f31a3c7aa8ba", "rel": "self"}, {"href": "http://compute-airship.intel-pod10.opnfv.org/bcb4ca3c19d54622a71bceb090165230/flavors/ea2081f3-52a5-4afb-b03f-f31a3c7aa8ba", "rel": "bookmark"}], "ram": 1024, "OS-FLV-DISABLED:disabled": false, "os-flavor-access:is_public": true, "rxtx_factor": 1.0, "disk": 1, "id": "ea2081f3-52a5-4afb-b03f-f31a3c7aa8ba", "name": "rally_full-flavor_alt_1ff5fba9-8328-46f6-bdcd-33798059c0bc", "vcpus": 1, "swap": "", "OS-FLV-EXT-DATA:ephemeral": 0}]} _http_log_response /usr/lib/python2.7/site-packages/keystoneauth1/session.py:511
2019-12-05 06:39:08.168 661 DEBUG novaclient.v2.client [-] GET call to compute for http://compute-airship.intel-pod10.opnfv.org:80/v2.1/bcb4ca3c19d54622a71bceb090165230/flavors/detail used request id req-57f284ac-cb84-488f-8c82-3205b5b775b8 request /usr/lib/python2.7/site-packages/keystoneauth1/session.py:844
2019-12-05 06:39:08.169 659 DEBUG novaclient.v2.client [-] REQ: curl -g -i -X GET http://compute-airship.intel-pod10.opnfv.org:80/v2.1/72f59d221c194c1ba2ce2d02954454a5/flavors/detail -H "Accept: application/json" -H "User-Agent: python-novaclient" -H "X-Auth-Token: {SHA1}b99529d73312e93b0ecd0fb1908b7ead7b2ef9ce" _http_log_request /usr/lib/python2.7/site-packages/keystoneauth1/session.py:448
2019-12-05 06:39:08.170 661 DEBUG novaclient.v2.client [-] REQ: curl -g -i -X GET http://compute-airship.intel-pod10.opnfv.org:80/v2.1/bcb4ca3c19d54622a71bceb090165230/flavors/detail -H "Accept: application/json" -H "User-Agent: python-novaclient" -H "X-Auth-Token: {SHA1}936b576d7c9fbaadd8e891231c8de7a6ca1ddc46" _http_log_request /usr/lib/python2.7/site-packages/keystoneauth1/session.py:448
2019-12-05 06:39:08.225 661 DEBUG novaclient.v2.client [-] RESP: [200] Connection: keep-alive Content-Encoding: gzip Content-Type: application/json Date: Thu, 05 Dec 2019 06:39:08 GMT Openstack-Api-Version: compute 2.1 Transfer-Encoding: chunked Vary: Accept-Encoding, OpenStack-API-Version, X-OpenStack-Nova-API-Version X-Compute-Request-Id: req-9a0c30e8-defb-410c-808a-5fded755784d X-Openstack-Nova-Api-Version: 2.1 _http_log_response /usr/lib/python2.7/site-packages/keystoneauth1/session.py:479
