2019-12-05 06:43:18.992 725 DEBUG glanceclient.common.http [-] Request returned failure status 404. _handle_response /usr/lib/python2.7/site-packages/glanceclient/common/http.py:125
2019-12-05 06:43:19.004 725 DEBUG glanceclient.common.http [-] Request returned failure status 404. _handle_response /usr/lib/python2.7/site-packages/glanceclient/common/http.py:125
2019-12-05 06:43:19.011 725 DEBUG glanceclient.common.http [-] Request returned failure status 404. _handle_response /usr/lib/python2.7/site-packages/glanceclient/common/http.py:125
2019-12-05 06:43:19.013 725 DEBUG glanceclient.common.http [-] Request returned failure status 404. _handle_response /usr/lib/python2.7/site-packages/glanceclient/common/http.py:125
2019-12-05 06:43:19.057 725 DEBUG glanceclient.common.http [-] Request returned failure status 404. _handle_response /usr/lib/python2.7/site-packages/glanceclient/common/http.py:125
2019-12-05 06:43:19.060 725 DEBUG glanceclient.common.http [-] Request returned failure status 404. _handle_response /usr/lib/python2.7/site-packages/glanceclient/common/http.py:125
2019-12-05 06:43:19.067 725 DEBUG glanceclient.common.http [-] Request returned failure status 404. _handle_response /usr/lib/python2.7/site-packages/glanceclient/common/http.py:125
2019-12-05 06:43:20.070 725 INFO rally.task.context [-] Task 1dfd26da-d028-4ff9-9ebb-bfd703d00295 | Context cleanup@openstack cleanup() finished in 34.00 sec
2019-12-05 06:43:20.070 725 INFO rally.task.context [-] Task 1dfd26da-d028-4ff9-9ebb-bfd703d00295 | Context quotas@openstack cleanup() started
2019-12-05 06:43:20.072 725 DEBUG novaclient.v2.client [-] REQ: curl -g -i -X DELETE http://compute-airship.intel-pod10.opnfv.org:80/v2.1/d8b1a07b3ce74740a06c2e39c2e20cf4/os-quota-sets/4da8bd4511bf4fbba32d768e707ec653 -H "Accept: application/json" -H "User-Agent: python-novaclient" -H "X-Auth-Token: {SHA1}635b11aba50194b658a7987e13ab98bd97dcb7c3" _http_log_request /usr/lib/python2.7/site-packages/keystoneauth1/session.py:448
2019-12-05 06:43:20.128 725 DEBUG novaclient.v2.client [-] RESP: [202] Connection: keep-alive Content-Length: 0 Content-Type: application/json Date: Thu, 05 Dec 2019 06:43:20 GMT Openstack-Api-Version: compute 2.1 Vary: OpenStack-API-Version, X-OpenStack-Nova-API-Version X-Compute-Request-Id: req-29e99e52-16dd-4e97-9722-348cd1f6d72c X-Openstack-Nova-Api-Version: 2.1 _http_log_response /usr/lib/python2.7/site-packages/keystoneauth1/session.py:479
2019-12-05 06:43:20.129 725 DEBUG novaclient.v2.client [-] DELETE call to compute for http://compute-airship.intel-pod10.opnfv.org:80/v2.1/d8b1a07b3ce74740a06c2e39c2e20cf4/os-quota-sets/4da8bd4511bf4fbba32d768e707ec653 used request id req-29e99e52-16dd-4e97-9722-348cd1f6d72c request /usr/lib/python2.7/site-packages/keystoneauth1/session.py:844
2019-12-05 06:43:20.130 725 DEBUG novaclient.v2.client [-] REQ: curl -g -i -X DELETE http://compute-airship.intel-pod10.opnfv.org:80/v2.1/d8b1a07b3ce74740a06c2e39c2e20cf4/os-quota-sets/c8ae979f67ae4c92bfb00f2080c1ee83 -H "Accept: application/json" -H "User-Agent: python-novaclient" -H "X-Auth-Token: {SHA1}635b11aba50194b658a7987e13ab98bd97dcb7c3" _http_log_request /usr/lib/python2.7/site-packages/keystoneauth1/session.py:448
2019-12-05 06:43:20.181 725 DEBUG novaclient.v2.client [-] RESP: [202] Connection: keep-alive Content-Length: 0 Content-Type: application/json Date: Thu, 05 Dec 2019 06:43:20 GMT Openstack-Api-Version: compute 2.1 Vary: OpenStack-API-Version, X-OpenStack-Nova-API-Version X-Compute-Request-Id: req-3f9d1301-bdb4-4cdb-a426-d93ec657364a X-Openstack-Nova-Api-Version: 2.1 _http_log_response /usr/lib/python2.7/site-packages/keystoneauth1/session.py:479
2019-12-05 06:43:20.182 725 DEBUG novaclient.v2.client [-] DELETE call to compute for http://compute-airship.intel-pod10.opnfv.org:80/v2.1/d8b1a07b3ce74740a06c2e39c2e20cf4/os-quota-sets/c8ae979f67ae4c92bfb00f2080c1ee83 used request id req-3f9d1301-bdb4-4cdb-a426-d93ec657364a request /usr/lib/python2.7/site-packages/keystoneauth1/session.py:844
2019-12-05 06:43:20.183 725 DEBUG novaclient.v2.client [-] REQ: curl -g -i -X DELETE http://compute-airship.intel-pod10.opnfv.org:80/v2.1/d8b1a07b3ce74740a06c2e39c2e20cf4/os-quota-sets/bc38145b2dad4b6db5283ef9a0e915fc -H "Accept: application/json" -H "User-Agent: python-novaclient" -H "X-Auth-Token: {SHA1}635b11aba50194b658a7987e13ab98bd97dcb7c3" _http_log_request /usr/lib/python2.7/site-packages/keystoneauth1/session.py:448
2019-12-05 06:43:20.231 725 DEBUG novaclient.v2.client [-] RESP: [202] Connection: keep-alive Content-Length: 0 Content-Type: application/json Date: Thu, 05 Dec 2019 06:43:20 GMT Openstack-Api-Version: compute 2.1 Vary: OpenStack-API-Version, X-OpenStack-Nova-API-Version X-Compute-Request-Id: req-50ed6b83-dfd0-41ea-adff-9b9713e18f87 X-Openstack-Nova-Api-Version: 2.1 _http_log_response /usr/lib/python2.7/site-packages/keystoneauth1/session.py:479
2019-12-05 06:43:20.232 725 DEBUG novaclient.v2.client [-] DELETE call to compute for http://compute-airship.intel-pod10.opnfv.org:80/v2.1/d8b1a07b3ce74740a06c2e39c2e20cf4/os-quota-sets/bc38145b2dad4b6db5283ef9a0e915fc used request id req-50ed6b83-dfd0-41ea-adff-9b9713e18f87 request /usr/lib/python2.7/site-packages/keystoneauth1/session.py:844
2019-12-05 06:43:20.233 725 INFO rally.task.context [-] Task 1dfd26da-d028-4ff9-9ebb-bfd703d00295 | Context quotas@openstack cleanup() finished in 0.16 sec
2019-12-05 06:43:20.233 725 INFO rally.task.context [-] Task 1dfd26da-d028-4ff9-9ebb-bfd703d00295 | Context users@openstack cleanup() started
2019-12-05 06:43:23.488 725 INFO rally.task.context [-] Task 1dfd26da-d028-4ff9-9ebb-bfd703d00295 | Context users@openstack cleanup() finished in 3.26 sec
2019-12-05 06:43:23.727 725 INFO rally.task.engine [-] Load duration is: 145.094367
2019-12-05 06:43:23.727 725 INFO rally.task.engine [-] Full runner duration is: 146.443434
2019-12-05 06:43:23.728 725 INFO rally.task.engine [-] Full duration is: 186.502843
2019-12-05 06:43:24.173 725 INFO rally.task.engine [-] Running workload: position = 0 config = { "version": 2, "title": "A cropped version of a bigger task.", "description": "Auto-generated task from a single workload (uuid=487c4647-3559-4188-b738-c2da32c6365f)", "subtasks": [ { "title": "GlanceImages.create_and_deactivate_image", "description": "Create an image, then deactivate it.", "scenario": { "GlanceImages.create_and_deactivate_image": { "container_format": "bare", "disk_format": "qcow2", "image_location": "/home/opnfv/functest/images/cirros-0.4.0-x86_64-disk.img" } }, "contexts": { "users": { "tenants": 3, "users_per_tenant": 2 } }, "runner": { "constant": { "concurrency": 4, "times": 10 } }, "hooks": [], "sla": { "failure_rate": { "max": 0 } } } ] }
2019-12-05 06:43:24.199 725 RALLYDEBUG rally_openstack.contexts.keystone.users [-] Creating 3 tenants using 20 threads
2019-12-05 06:43:24.667 725 RALLYDEBUG rally_openstack.contexts.keystone.users [-] Creating 6 users using 20 threads
2019-12-05 06:43:25.779 725 INFO rally.task.context [-] Task 1dfd26da-d028-4ff9-9ebb-bfd703d00295 | Context users@openstack setup() finished in 1.58 sec
2019-12-05 06:43:25.779 725 INFO rally.task.context [-] Task 1dfd26da-d028-4ff9-9ebb-bfd703d00295 | Context cleanup@openstack setup() finished in 0.02 msec
2019-12-05 06:43:25.789 725 RALLYDEBUG rally.task.runner [-] Starting the constant runner (task UUID: 1dfd26da-d028-4ff9-9ebb-bfd703d00295). timeout: 0 concurrency: 4 concurrency_per_worker: 1 times: 10 concurrency_overhead: 0 processes_to_start: 4 max_cpu_used: 88
2019-12-05 06:43:25.803 1385 RALLYDEBUG rally.task.runner [-] Starting a worker. concurrency: 1 args: {"container_format": "bare", "disk_format": "qcow2", "image_location": "/home/opnfv/functest/images/cirros-0.4.0-x86_64-disk.img"} times: 10 method_name: run timeout: 0 duration: None cls:
2019-12-05 06:43:25.806 1386 RALLYDEBUG rally.task.runner [-] Starting a worker. concurrency: 1 args: {"container_format": "bare", "disk_format": "qcow2", "image_location": "/home/opnfv/functest/images/cirros-0.4.0-x86_64-disk.img"} times: 10 method_name: run timeout: 0 duration: None cls:
2019-12-05 06:43:25.809 1387 RALLYDEBUG rally.task.runner [-] Starting a worker. concurrency: 1 args: {"container_format": "bare", "disk_format": "qcow2", "image_location": "/home/opnfv/functest/images/cirros-0.4.0-x86_64-disk.img"} times: 10 method_name: run timeout: 0 duration: None cls:
2019-12-05 06:43:25.810 1385 INFO rally.task.runner [-] Task 1dfd26da-d028-4ff9-9ebb-bfd703d00295 | ITER: 1 START
2019-12-05 06:43:25.813 1388 RALLYDEBUG rally.task.runner [-] Starting a worker. concurrency: 1 args: {"container_format": "bare", "disk_format": "qcow2", "image_location": "/home/opnfv/functest/images/cirros-0.4.0-x86_64-disk.img"} times: 10 method_name: run timeout: 0 duration: None cls:
2019-12-05 06:43:25.814 1386 INFO rally.task.runner [-] Task 1dfd26da-d028-4ff9-9ebb-bfd703d00295 | ITER: 2 START
2019-12-05 06:43:25.817 1387 INFO rally.task.runner [-] Task 1dfd26da-d028-4ff9-9ebb-bfd703d00295 | ITER: 3 START
2019-12-05 06:43:25.820 1388 INFO rally.task.runner [-] Task 1dfd26da-d028-4ff9-9ebb-bfd703d00295 | ITER: 4 START
2019-12-05 06:43:28.741 1385 RALLYDEBUG rally.task.utils [-] Waiting for resource u'65b03dc4-a2d7-4820-8b76-8fc0b2fd5913'. Status changed: NONE => QUEUED in 0.0511710643768
2019-12-05 06:43:28.784 1387 RALLYDEBUG rally.task.utils [-] Waiting for resource u'2b895bc1-2df9-454f-b18f-2971cfb7c4a5'. Status changed: NONE => QUEUED in 0.0507860183716
2019-12-05 06:43:28.844 1386 RALLYDEBUG rally.task.utils [-] Waiting for resource u'bea7aa23-3795-46a8-92b9-41bbe910e0c1'. Status changed: NONE => QUEUED in 0.0504999160767
2019-12-05 06:43:28.883 1388 RALLYDEBUG rally.task.utils [-] Waiting for resource u'3a121977-9b95-4c2a-99c8-fd64b735f461'. Status changed: NONE => QUEUED in 0.0591549873352
2019-12-05 06:43:29.988 1385 RALLYDEBUG rally.task.utils [-] Waiting for resource s_rally_487c4647_eoV6xB2t. Status changed: QUEUED => ACTIVE in 0.0568289756775
2019-12-05 06:43:30.099 1387 RALLYDEBUG rally.task.utils [-] Waiting for resource s_rally_487c4647_MtB1CcUw. Status changed: QUEUED => ACTIVE in 0.0623559951782
2019-12-05 06:43:30.135 1385 INFO rally.task.runner [-] Task 1dfd26da-d028-4ff9-9ebb-bfd703d00295 | ITER: 1 END: OK
2019-12-05 06:43:30.139 1385 INFO rally.task.runner [-] Task 1dfd26da-d028-4ff9-9ebb-bfd703d00295 | ITER: 5 START
2019-12-05 06:43:30.185 1386 RALLYDEBUG rally.task.utils [-] Waiting for resource s_rally_487c4647_8qaPrBKz. Status changed: QUEUED => ACTIVE in 0.0574350357056
2019-12-05 06:43:30.216 1387 INFO rally.task.runner [-] Task 1dfd26da-d028-4ff9-9ebb-bfd703d00295 | ITER: 3 END: OK
2019-12-05 06:43:30.222 1387 INFO rally.task.runner [-] Task 1dfd26da-d028-4ff9-9ebb-bfd703d00295 | ITER: 6 START
2019-12-05 06:43:30.238 1388 RALLYDEBUG rally.task.utils [-] Waiting for resource s_rally_487c4647_LHrRARrP. Status changed: QUEUED => ACTIVE in 0.0478100776672
2019-12-05 06:43:30.293 1386 INFO rally.task.runner [-] Task 1dfd26da-d028-4ff9-9ebb-bfd703d00295 | ITER: 2 END: OK
2019-12-05 06:43:30.298 1386 INFO rally.task.runner [-] Task 1dfd26da-d028-4ff9-9ebb-bfd703d00295 | ITER: 7 START
2019-12-05 06:43:30.348 1388 INFO rally.task.runner [-] Task 1dfd26da-d028-4ff9-9ebb-bfd703d00295 | ITER: 4 END: OK
2019-12-05 06:43:30.354 1388 INFO rally.task.runner [-] Task 1dfd26da-d028-4ff9-9ebb-bfd703d00295 | ITER: 8 START
2019-12-05 06:43:32.705 1385 RALLYDEBUG rally.task.utils [-] Waiting for resource u'9841cd4f-a8da-4df4-ab0a-89f21d8cb416'. Status changed: NONE => QUEUED in 0.0509190559387
2019-12-05 06:43:32.960 1387 RALLYDEBUG rally.task.utils [-] Waiting for resource u'2ded9340-6ae2-4858-ab55-d6b1058a7e40'. Status changed: NONE => QUEUED in 0.0593869686127
2019-12-05 06:43:32.996 1386 RALLYDEBUG rally.task.utils [-] Waiting for resource u'2549bafa-5237-4b2f-bc9a-5befef298432'. Status changed: NONE => QUEUED in 0.0600049495697
2019-12-05 06:43:33.049 1388 RALLYDEBUG rally.task.utils [-] Waiting for resource u'82002eb8-1672-4bc2-afae-e707ab6c1cab'. Status changed: NONE => QUEUED in 0.0601208209991
2019-12-05 06:43:33.635 1385 RALLYDEBUG rally.task.utils [-] Waiting for resource s_rally_487c4647_3WFkxH0c. Status changed: QUEUED => ACTIVE in 0.0405929088593
2019-12-05 06:43:33.731 1385 INFO rally.task.runner [-] Task 1dfd26da-d028-4ff9-9ebb-bfd703d00295 | ITER: 5 END: OK
2019-12-05 06:43:33.735 1385 INFO rally.task.runner [-] Task 1dfd26da-d028-4ff9-9ebb-bfd703d00295 | ITER: 9 START
2019-12-05 06:43:33.965 1387 RALLYDEBUG rally.task.utils [-] Waiting for resource s_rally_487c4647_JLAUCncN. Status changed: QUEUED => ACTIVE in 0.0316460132599
2019-12-05 06:43:34.066 1387 INFO rally.task.runner [-] Task 1dfd26da-d028-4ff9-9ebb-bfd703d00295 | ITER: 6 END: OK
2019-12-05 06:43:34.070 1387 INFO rally.task.runner [-] Task 1dfd26da-d028-4ff9-9ebb-bfd703d00295 | ITER: 10 START
2019-12-05 06:43:34.178 1386 RALLYDEBUG rally.task.utils [-] Waiting for resource s_rally_487c4647_UnsdJuIf. Status changed: QUEUED => ACTIVE in 0.0388231277466
2019-12-05 06:43:34.246 1388 RALLYDEBUG rally.task.utils [-] Waiting for resource s_rally_487c4647_M3wgiQSI. Status changed: QUEUED => ACTIVE in 0.0511150360107
2019-12-05 06:43:34.300 1386 INFO rally.task.runner [-] Task 1dfd26da-d028-4ff9-9ebb-bfd703d00295 | ITER: 7 END: OK
2019-12-05 06:43:34.350 1388 INFO rally.task.runner [-] Task 1dfd26da-d028-4ff9-9ebb-bfd703d00295 | ITER: 8 END: OK
2019-12-05 06:43:36.163 1385 RALLYDEBUG rally.task.utils [-] Waiting for resource u'c2dbca66-02e5-4a5b-9a4c-72aa0f829519'. Status changed: NONE => QUEUED in 0.0527939796448
2019-12-05 06:43:36.503 1387 RALLYDEBUG rally.task.utils [-] Waiting for resource u'97347171-eda0-4c56-bda4-b072ed85d3ca'. Status changed: NONE => QUEUED in 0.0505270957947
2019-12-05 06:43:37.070 1385 RALLYDEBUG rally.task.utils [-] Waiting for resource s_rally_487c4647_Laxuwjfc. Status changed: QUEUED => ACTIVE in 0.0347149372101
2019-12-05 06:43:37.207 1385 INFO rally.task.runner [-] Task 1dfd26da-d028-4ff9-9ebb-bfd703d00295 | ITER: 9 END: OK
2019-12-05 06:43:37.729 1387 RALLYDEBUG rally.task.utils [-] Waiting for resource s_rally_487c4647_CxegVY0C. Status changed: QUEUED => ACTIVE in 0.0333619117737
2019-12-05 06:43:37.827 1387 INFO rally.task.runner [-] Task 1dfd26da-d028-4ff9-9ebb-bfd703d00295 | ITER: 10 END: OK
2019-12-05 06:43:37.852 725 INFO rally.task.context [-] Task 1dfd26da-d028-4ff9-9ebb-bfd703d00295 | Context cleanup@openstack cleanup() started
2019-12-05 06:43:37.855 725 RALLYDEBUG rally_openstack.cleanup.manager [-] Cleaning up glance images objects
2019-12-05 06:43:38.785 725 RALLYDEBUG rally_openstack.cleanup.manager [-] Deleting glance.images object s_rally_487c4647_eoV6xB2t (65b03dc4-a2d7-4820-8b76-8fc0b2fd5913)
2019-12-05 06:43:38.786 725 RALLYDEBUG rally_openstack.cleanup.manager [-] Deleting glance.images object s_rally_487c4647_CxegVY0C (97347171-eda0-4c56-bda4-b072ed85d3ca)
2019-12-05 06:43:38.786 725 RALLYDEBUG rally_openstack.cleanup.manager [-] Deleting glance.images object s_rally_487c4647_8qaPrBKz (bea7aa23-3795-46a8-92b9-41bbe910e0c1)
2019-12-05 06:43:38.787 725 RALLYDEBUG rally_openstack.cleanup.manager [-] Deleting glance.images object s_rally_487c4647_MtB1CcUw (2b895bc1-2df9-454f-b18f-2971cfb7c4a5)
2019-12-05 06:43:38.794 725 RALLYDEBUG rally_openstack.cleanup.manager [-] Deleting glance.images object s_rally_487c4647_3WFkxH0c (9841cd4f-a8da-4df4-ab0a-89f21d8cb416)
2019-12-05 06:43:38.810 725 RALLYDEBUG rally_openstack.cleanup.manager [-] Deleting glance.images object s_rally_487c4647_M3wgiQSI (82002eb8-1672-4bc2-afae-e707ab6c1cab)
2019-12-05 06:43:38.830 725 RALLYDEBUG rally_openstack.cleanup.manager [-] Deleting glance.images object s_rally_487c4647_Laxuwjfc (c2dbca66-02e5-4a5b-9a4c-72aa0f829519)
2019-12-05 06:43:38.831 725 RALLYDEBUG rally_openstack.cleanup.manager [-] Deleting glance.images object s_rally_487c4647_JLAUCncN (2ded9340-6ae2-4858-ab55-d6b1058a7e40)
2019-12-05 06:43:38.863 725 RALLYDEBUG rally_openstack.cleanup.manager [-] Deleting glance.images object s_rally_487c4647_UnsdJuIf (2549bafa-5237-4b2f-bc9a-5befef298432)
2019-12-05 06:43:38.868 725 RALLYDEBUG rally_openstack.cleanup.manager [-] Deleting glance.images object s_rally_487c4647_LHrRARrP (3a121977-9b95-4c2a-99c8-fd64b735f461)
2019-12-05 06:43:40.369 725 DEBUG glanceclient.common.http [-] Request returned failure status 404. _handle_response /usr/lib/python2.7/site-packages/glanceclient/common/http.py:125
2019-12-05 06:43:40.398 725 DEBUG glanceclient.common.http [-] Request returned failure status 404. _handle_response /usr/lib/python2.7/site-packages/glanceclient/common/http.py:125
2019-12-05 06:43:40.437 725 DEBUG glanceclient.common.http [-] Request returned failure status 404. _handle_response /usr/lib/python2.7/site-packages/glanceclient/common/http.py:125
2019-12-05 06:43:40.467 725 DEBUG glanceclient.common.http [-] Request returned failure status 404. _handle_response /usr/lib/python2.7/site-packages/glanceclient/common/http.py:125
2019-12-05 06:43:40.557 725 DEBUG glanceclient.common.http [-] Request returned failure status 404. _handle_response /usr/lib/python2.7/site-packages/glanceclient/common/http.py:125
2019-12-05 06:43:40.584 725 DEBUG glanceclient.common.http [-] Request returned failure status 404. _handle_response /usr/lib/python2.7/site-packages/glanceclient/common/http.py:125
2019-12-05 06:43:42.781 725 DEBUG glanceclient.common.http [-] Request returned failure status 404. _handle_response /usr/lib/python2.7/site-packages/glanceclient/common/http.py:125
2019-12-05 06:43:42.805 725 DEBUG glanceclient.common.http [-] Request returned failure status 404. _handle_response /usr/lib/python2.7/site-packages/glanceclient/common/http.py:125
2019-12-05 06:43:42.824 725 DEBUG glanceclient.common.http [-] Request returned failure status 404. _handle_response /usr/lib/python2.7/site-packages/glanceclient/common/http.py:125
2019-12-05 06:43:42.846 725 DEBUG glanceclient.common.http [-] Request returned failure status 404. _handle_response /usr/lib/python2.7/site-packages/glanceclient/common/http.py:125
2019-12-05 06:43:42.862 725 DEBUG glanceclient.common.http [-] Request returned failure status 404. _handle_response /usr/lib/python2.7/site-packages/glanceclient/common/http.py:125
2019-12-05 06:43:42.873 725 DEBUG glanceclient.common.http [-] Request returned failure status 404. _handle_response /usr/lib/python2.7/site-packages/glanceclient/common/http.py:125
2019-12-05 06:43:42.904 725 DEBUG glanceclient.common.http [-] Request returned failure status 404. _handle_response /usr/lib/python2.7/site-packages/glanceclient/common/http.py:125
2019-12-05 06:43:42.909 725 DEBUG glanceclient.common.http [-] Request returned failure status 404. _handle_response /usr/lib/python2.7/site-packages/glanceclient/common/http.py:125
2019-12-05 06:43:42.914 725 DEBUG glanceclient.common.http [-] Request returned failure status 404. _handle_response /usr/lib/python2.7/site-packages/glanceclient/common/http.py:125
2019-12-05 06:43:42.951 725 DEBUG glanceclient.common.http [-] Request returned failure status 404. _handle_response /usr/lib/python2.7/site-packages/glanceclient/common/http.py:125
2019-12-05 06:43:42.962 725 DEBUG glanceclient.common.http [-] Request returned failure status 404. _handle_response /usr/lib/python2.7/site-packages/glanceclient/common/http.py:125
2019-12-05 06:43:42.968 725 DEBUG glanceclient.common.http [-] Request returned failure status 404. _handle_response /usr/lib/python2.7/site-packages/glanceclient/common/http.py:125
2019-12-05 06:43:42.978 725 DEBUG glanceclient.common.http [-] Request returned failure status 404. _handle_response /usr/lib/python2.7/site-packages/glanceclient/common/http.py:125
2019-12-05 06:43:42.980 725 DEBUG glanceclient.common.http [-] Request returned failure status 404. _handle_response /usr/lib/python2.7/site-packages/glanceclient/common/http.py:125
2019-12-05 06:43:43.983 725 INFO rally.task.context [-] Task 1dfd26da-d028-4ff9-9ebb-bfd703d00295 | Context cleanup@openstack cleanup() finished in 6.13 sec
2019-12-05 06:43:43.984 725 INFO rally.task.context [-] Task 1dfd26da-d028-4ff9-9ebb-bfd703d00295 | Context users@openstack cleanup() started
2019-12-05 06:43:47.469 725 INFO rally.task.context [-] Task 1dfd26da-d028-4ff9-9ebb-bfd703d00295 | Context users@openstack cleanup() finished in 3.48 sec
2019-12-05 06:43:48.315 725 INFO rally.task.engine [-] Load duration is: 11.61469
2019-12-05 06:43:48.315 725 INFO rally.task.engine [-] Full runner duration is: 12.064115
2019-12-05 06:43:48.315 725 INFO rally.task.engine [-] Full duration is: 23.272018
2019-12-05 06:43:48.703 725 INFO rally.task.engine [-] Running workload: position = 0 config = { "version": 2, "title": "A cropped version of a bigger task.", "description": "Auto-generated task from a single workload (uuid=f687ceb2-cf27-47e7-8725-cacfbcddf1c7)", "subtasks": [ { "title": "GlanceImages.create_and_download_image", "description": "Create an image, then download data of the image.", "scenario": { "GlanceImages.create_and_download_image": { "container_format": "bare", "disk_format": "qcow2", "image_location": "/home/opnfv/functest/images/cirros-0.4.0-x86_64-disk.img" } }, "contexts": { "users": { "tenants": 3, "users_per_tenant": 2 } }, "runner": { "constant": { "concurrency": 4, "times": 10 } }, "hooks": [], "sla": { "failure_rate": { "max": 0 } } } ] }
2019-12-05 06:43:48.727 725 RALLYDEBUG rally_openstack.contexts.keystone.users [-] Creating 3 tenants using 20 threads
2019-12-05 06:43:49.189 725 RALLYDEBUG rally_openstack.contexts.keystone.users [-] Creating 6 users using 20 threads
2019-12-05 06:43:50.304 725 INFO rally.task.context [-] Task 1dfd26da-d028-4ff9-9ebb-bfd703d00295 | Context users@openstack setup() finished in 1.58 sec
2019-12-05 06:43:50.304 725 INFO rally.task.context [-] Task 1dfd26da-d028-4ff9-9ebb-bfd703d00295 | Context cleanup@openstack setup() finished in 0.00 msec
2019-12-05 06:43:50.314 725 RALLYDEBUG rally.task.runner [-] Starting the constant runner (task UUID: 1dfd26da-d028-4ff9-9ebb-bfd703d00295). timeout: 0 concurrency: 4 concurrency_per_worker: 1 times: 10 concurrency_overhead: 0 processes_to_start: 4 max_cpu_used: 88
2019-12-05 06:43:50.326 1509 RALLYDEBUG rally.task.runner [-] Starting a worker. concurrency: 1 args: {"container_format": "bare", "disk_format": "qcow2", "image_location": "/home/opnfv/functest/images/cirros-0.4.0-x86_64-disk.img"} times: 10 method_name: run timeout: 0 duration: None cls:
2019-12-05 06:43:50.330 1510 RALLYDEBUG rally.task.runner [-] Starting a worker. concurrency: 1 args: {"container_format": "bare", "disk_format": "qcow2", "image_location": "/home/opnfv/functest/images/cirros-0.4.0-x86_64-disk.img"} times: 10 method_name: run timeout: 0 duration: None cls:
2019-12-05 06:43:50.333 1511 RALLYDEBUG rally.task.runner [-] Starting a worker. concurrency: 1 args: {"container_format": "bare", "disk_format": "qcow2", "image_location": "/home/opnfv/functest/images/cirros-0.4.0-x86_64-disk.img"} times: 10 method_name: run timeout: 0 duration: None cls:
2019-12-05 06:43:50.334 1509 INFO rally.task.runner [-] Task 1dfd26da-d028-4ff9-9ebb-bfd703d00295 | ITER: 1 START
2019-12-05 06:43:50.336 1512 RALLYDEBUG rally.task.runner [-] Starting a worker. concurrency: 1 args: {"container_format": "bare", "disk_format": "qcow2", "image_location": "/home/opnfv/functest/images/cirros-0.4.0-x86_64-disk.img"} times: 10 method_name: run timeout: 0 duration: None cls:
2019-12-05 06:43:50.337 1510 INFO rally.task.runner [-] Task 1dfd26da-d028-4ff9-9ebb-bfd703d00295 | ITER: 2 START
2019-12-05 06:43:50.340 1511 INFO rally.task.runner [-] Task 1dfd26da-d028-4ff9-9ebb-bfd703d00295 | ITER: 3 START
2019-12-05 06:43:50.344 1512 INFO rally.task.runner [-] Task 1dfd26da-d028-4ff9-9ebb-bfd703d00295 | ITER: 4 START
2019-12-05 06:43:53.128 1509 RALLYDEBUG rally.task.utils [-] Waiting for resource u'f001c230-6079-4c63-a7d1-8d60204291c6'. Status changed: NONE => QUEUED in 0.0697810649872
2019-12-05 06:43:53.148 1512 RALLYDEBUG rally.task.utils [-] Waiting for resource u'e9c2d58d-72e5-4f24-9fb7-05904e4715bd'. Status changed: NONE => QUEUED in 0.0715420246124
2019-12-05 06:43:53.174 1510 RALLYDEBUG rally.task.utils [-] Waiting for resource u'371f8fba-cfe9-4284-93f2-c447498a1152'. Status changed: NONE => QUEUED in 0.065388917923
2019-12-05 06:43:53.192 1511 RALLYDEBUG rally.task.utils [-] Waiting for resource u'8745927c-404f-4e41-924c-6a151d6d6ece'. Status changed: NONE => QUEUED in 0.0609750747681
2019-12-05 06:43:54.479 1510 RALLYDEBUG rally.task.utils [-] Waiting for resource s_rally_f687ceb2_lNm16wlV. Status changed: QUEUED => ACTIVE in 0.0323989391327
2019-12-05 06:43:54.712 1509 RALLYDEBUG rally.task.utils [-] Waiting for resource s_rally_f687ceb2_vcJlto7W. Status changed: QUEUED => ACTIVE in 0.0324778556824
2019-12-05 06:43:54.796 1510 INFO rally.task.runner [-] Task 1dfd26da-d028-4ff9-9ebb-bfd703d00295 | ITER: 2 END: OK
2019-12-05 06:43:54.801 1510 INFO rally.task.runner [-] Task 1dfd26da-d028-4ff9-9ebb-bfd703d00295 | ITER: 5 START
2019-12-05 06:43:54.952 1511 RALLYDEBUG rally.task.utils [-] Waiting for resource s_rally_f687ceb2_4askWdUu. Status changed: QUEUED => ACTIVE in 0.0526292324066
2019-12-05 06:43:54.956 1512 RALLYDEBUG rally.task.utils [-] Waiting for resource s_rally_f687ceb2_xBa5ui3x. Status changed: QUEUED => ACTIVE in 0.0555369853973
2019-12-05 06:43:55.340 1509 INFO rally.task.runner [-] Task 1dfd26da-d028-4ff9-9ebb-bfd703d00295 | ITER: 1 END: OK
2019-12-05 06:43:55.345 1509 INFO rally.task.runner [-] Task 1dfd26da-d028-4ff9-9ebb-bfd703d00295 | ITER: 6 START
2019-12-05 06:43:55.374 1511 INFO rally.task.runner [-] Task 1dfd26da-d028-4ff9-9ebb-bfd703d00295 | ITER: 3 END: OK
2019-12-05 06:43:55.379 1511 INFO rally.task.runner [-] Task 1dfd26da-d028-4ff9-9ebb-bfd703d00295 | ITER: 7 START
2019-12-05 06:43:55.381 1512 INFO rally.task.runner [-] Task 1dfd26da-d028-4ff9-9ebb-bfd703d00295 | ITER: 4 END: OK
2019-12-05 06:43:55.386 1512 INFO rally.task.runner [-] Task 1dfd26da-d028-4ff9-9ebb-bfd703d00295 | ITER: 8 START
2019-12-05 06:43:57.346 1510 RALLYDEBUG rally.task.utils [-] Waiting for resource u'b0a142c8-7b3c-4cba-a6bf-e4874fe5f147'. Status changed: NONE => QUEUED in 0.0539100170135
2019-12-05 06:43:57.906 1509 RALLYDEBUG rally.task.utils [-] Waiting for resource u'0182e2b2-2d2b-4d94-b0dc-8a45102faad2'. Status changed: NONE => QUEUED in 0.0621469020844
2019-12-05 06:43:57.994 1511 RALLYDEBUG rally.task.utils [-] Waiting for resource u'e6a39e6f-e2f9-4afd-9160-7cac1ac48f26'. Status changed: NONE => QUEUED in 0.0653131008148
2019-12-05 06:43:58.041 1512 RALLYDEBUG rally.task.utils [-] Waiting for resource u'a5af1bc9-f91b-485b-9b28-519a5c2513e1'. Status changed: NONE => QUEUED in 0.0650751590729
2019-12-05 06:43:58.362 1510 RALLYDEBUG rally.task.utils [-] Waiting for resource s_rally_f687ceb2_ySt9UO3r. Status changed: QUEUED => ACTIVE in 0.0320320129395
2019-12-05 06:43:58.642 1510 INFO rally.task.runner [-] Task 1dfd26da-d028-4ff9-9ebb-bfd703d00295 | ITER: 5 END: OK
2019-12-05 06:43:58.647 1510 INFO rally.task.runner [-] Task 1dfd26da-d028-4ff9-9ebb-bfd703d00295 | ITER: 9 START
2019-12-05 06:43:58.965 1509 RALLYDEBUG rally.task.utils [-] Waiting for resource s_rally_f687ceb2_IDjhnfor. Status changed: QUEUED => ACTIVE in 0.0445249080658
2019-12-05 06:43:59.164 1511 RALLYDEBUG rally.task.utils [-] Waiting for resource s_rally_f687ceb2_tsUxCr69. Status changed: QUEUED => ACTIVE in 0.0320198535919
2019-12-05 06:43:59.213 1509 INFO rally.task.runner [-] Task 1dfd26da-d028-4ff9-9ebb-bfd703d00295 | ITER: 6 END: OK
2019-12-05 06:43:59.218 1509 INFO rally.task.runner [-] Task 1dfd26da-d028-4ff9-9ebb-bfd703d00295 | ITER: 10 START
2019-12-05 06:43:59.258 1512 RALLYDEBUG rally.task.utils [-] Waiting for resource s_rally_f687ceb2_3xXLyxoL. Status changed: QUEUED => ACTIVE in 0.0375010967255
2019-12-05 06:43:59.452 1511 INFO rally.task.runner [-] Task 1dfd26da-d028-4ff9-9ebb-bfd703d00295 | ITER: 7 END: OK
2019-12-05 06:43:59.560 1512 INFO rally.task.runner [-] Task 1dfd26da-d028-4ff9-9ebb-bfd703d00295 | ITER: 8 END: OK
2019-12-05 06:44:01.066 1510 RALLYDEBUG rally.task.utils [-] Waiting for resource u'184abd51-6e28-4660-9028-a100619066a9'. Status changed: NONE => QUEUED in 0.054612159729
2019-12-05 06:44:01.637 1509 RALLYDEBUG rally.task.utils [-] Waiting for resource u'08c89812-3221-4c6a-9f09-8f3d43963854'. Status changed: NONE => QUEUED in 0.0494999885559
2019-12-05 06:44:01.910 1510 RALLYDEBUG rally.task.utils [-] Waiting for resource s_rally_f687ceb2_7tobKe49. Status changed: QUEUED => ACTIVE in 0.0293521881104
2019-12-05 06:44:02.161 1510 INFO rally.task.runner [-] Task 1dfd26da-d028-4ff9-9ebb-bfd703d00295 | ITER: 9 END: OK
2019-12-05 06:44:02.510 1509 RALLYDEBUG rally.task.utils [-] Waiting for resource s_rally_f687ceb2_orUkBKmz. Status changed: QUEUED => ACTIVE in 0.0400249958038
2019-12-05 06:44:02.770 1509 INFO rally.task.runner [-] Task 1dfd26da-d028-4ff9-9ebb-bfd703d00295 | ITER: 10 END: OK
2019-12-05 06:44:02.792 725 INFO rally.task.context [-] Task 1dfd26da-d028-4ff9-9ebb-bfd703d00295 | Context cleanup@openstack cleanup() started
2019-12-05 06:44:02.795 725 RALLYDEBUG rally_openstack.cleanup.manager [-] Cleaning up glance images objects
2019-12-05 06:44:03.720 725 RALLYDEBUG rally_openstack.cleanup.manager [-] Deleting glance.images object s_rally_f687ceb2_orUkBKmz (08c89812-3221-4c6a-9f09-8f3d43963854)
2019-12-05 06:44:03.724 725 RALLYDEBUG rally_openstack.cleanup.manager [-] Deleting glance.images object s_rally_f687ceb2_ySt9UO3r (b0a142c8-7b3c-4cba-a6bf-e4874fe5f147)
2019-12-05 06:44:03.725 725 RALLYDEBUG rally_openstack.cleanup.manager [-] Deleting glance.images object s_rally_f687ceb2_7tobKe49 (184abd51-6e28-4660-9028-a100619066a9)
2019-12-05 06:44:03.732 725 RALLYDEBUG rally_openstack.cleanup.manager [-] Deleting glance.images object s_rally_f687ceb2_IDjhnfor (0182e2b2-2d2b-4d94-b0dc-8a45102faad2)
2019-12-05 06:44:03.732 725 RALLYDEBUG rally_openstack.cleanup.manager [-] Deleting glance.images object s_rally_f687ceb2_tsUxCr69 (e6a39e6f-e2f9-4afd-9160-7cac1ac48f26)
2019-12-05 06:44:03.747 725 RALLYDEBUG rally_openstack.cleanup.manager [-] Deleting glance.images object s_rally_f687ceb2_3xXLyxoL (a5af1bc9-f91b-485b-9b28-519a5c2513e1)
2019-12-05 06:44:03.771 725 RALLYDEBUG rally_openstack.cleanup.manager [-] Deleting glance.images object s_rally_f687ceb2_xBa5ui3x (e9c2d58d-72e5-4f24-9fb7-05904e4715bd)
2019-12-05 06:44:03.770 725 RALLYDEBUG rally_openstack.cleanup.manager [-] Deleting glance.images object s_rally_f687ceb2_4askWdUu (8745927c-404f-4e41-924c-6a151d6d6ece)
2019-12-05 06:44:03.805 725 RALLYDEBUG rally_openstack.cleanup.manager [-] Deleting glance.images object s_rally_f687ceb2_lNm16wlV (371f8fba-cfe9-4284-93f2-c447498a1152)
2019-12-05 06:44:03.834 725 RALLYDEBUG rally_openstack.cleanup.manager [-] Deleting glance.images object s_rally_f687ceb2_vcJlto7W (f001c230-6079-4c63-a7d1-8d60204291c6)
2019-12-05 06:44:04.885 725 DEBUG glanceclient.common.http [-] Request returned failure status 404. _handle_response /usr/lib/python2.7/site-packages/glanceclient/common/http.py:125
2019-12-05 06:44:04.892 725 DEBUG glanceclient.common.http [-] Request returned failure status 404. _handle_response /usr/lib/python2.7/site-packages/glanceclient/common/http.py:125
2019-12-05 06:44:04.927 725 DEBUG glanceclient.common.http [-] Request returned failure status 404. _handle_response /usr/lib/python2.7/site-packages/glanceclient/common/http.py:125
2019-12-05 06:44:04.934 725 DEBUG glanceclient.common.http [-] Request returned failure status 404. _handle_response /usr/lib/python2.7/site-packages/glanceclient/common/http.py:125
2019-12-05 06:44:05.118 725 DEBUG glanceclient.common.http [-] Request returned failure status 404. _handle_response /usr/lib/python2.7/site-packages/glanceclient/common/http.py:125
2019-12-05 06:44:05.157 725 DEBUG glanceclient.common.http [-] Request returned failure status 404. _handle_response /usr/lib/python2.7/site-packages/glanceclient/common/http.py:125
2019-12-05 06:44:05.208 725 DEBUG glanceclient.common.http [-] Request returned failure status 404. _handle_response /usr/lib/python2.7/site-packages/glanceclient/common/http.py:125
2019-12-05 06:44:05.229 725 DEBUG glanceclient.common.http [-] Request returned failure status 404. _handle_response /usr/lib/python2.7/site-packages/glanceclient/common/http.py:125
2019-12-05 06:44:05.270 725 DEBUG glanceclient.common.http [-] Request returned failure status 404. _handle_response /usr/lib/python2.7/site-packages/glanceclient/common/http.py:125
2019-12-05 06:44:05.275 725 DEBUG glanceclient.common.http [-] Request returned failure status 404. _handle_response /usr/lib/python2.7/site-packages/glanceclient/common/http.py:125
2019-12-05 06:44:05.299 725 DEBUG glanceclient.common.http [-] Request returned failure status 404. _handle_response /usr/lib/python2.7/site-packages/glanceclient/common/http.py:125
2019-12-05 06:44:05.308 725 DEBUG glanceclient.common.http [-] Request returned failure status 404. _handle_response /usr/lib/python2.7/site-packages/glanceclient/common/http.py:125
2019-12-05 06:44:05.309 725 DEBUG glanceclient.common.http [-] Request returned failure status 404. _handle_response /usr/lib/python2.7/site-packages/glanceclient/common/http.py:125
2019-12-05 06:44:05.336 725 DEBUG glanceclient.common.http [-] Request returned failure status 404. _handle_response /usr/lib/python2.7/site-packages/glanceclient/common/http.py:125
2019-12-05 06:44:05.396 725 DEBUG glanceclient.common.http [-] Request returned failure status 404. _handle_response /usr/lib/python2.7/site-packages/glanceclient/common/http.py:125
2019-12-05 06:44:05.486 725 DEBUG glanceclient.common.http [-] Request returned failure status 404. _handle_response /usr/lib/python2.7/site-packages/glanceclient/common/http.py:125
2019-12-05 06:44:05.506 725 DEBUG glanceclient.common.http [-] Request returned failure status 404. _handle_response /usr/lib/python2.7/site-packages/glanceclient/common/http.py:125
2019-12-05 06:44:05.543 725 DEBUG glanceclient.common.http [-] Request returned failure status 404. _handle_response /usr/lib/python2.7/site-packages/glanceclient/common/http.py:125
2019-12-05 06:44:05.552 725 DEBUG glanceclient.common.http [-] Request returned failure status 404. _handle_response /usr/lib/python2.7/site-packages/glanceclient/common/http.py:125
2019-12-05 06:44:05.577 725 DEBUG glanceclient.common.http [-] Request returned failure status 404. _handle_response /usr/lib/python2.7/site-packages/glanceclient/common/http.py:125
2019-12-05 06:44:06.580 725 INFO rally.task.context [-] Task 1dfd26da-d028-4ff9-9ebb-bfd703d00295 | Context cleanup@openstack cleanup() finished in 3.79 sec
2019-12-05 06:44:06.580 725 INFO rally.task.context [-] Task 1dfd26da-d028-4ff9-9ebb-bfd703d00295 | Context users@openstack cleanup() started
2019-12-05 06:44:11.153 725 INFO rally.task.context [-] Task 1dfd26da-d028-4ff9-9ebb-bfd703d00295 | Context users@openstack cleanup() finished in 4.57 sec
2019-12-05 06:44:12.863 725 INFO rally.task.engine [-] Load duration is: 11.993012
2019-12-05 06:44:12.864 725 INFO rally.task.engine [-] Full runner duration is: 12.477913
2019-12-05 06:44:12.864 725 INFO rally.task.engine [-] Full duration is: 22.427803
2019-12-05 06:44:13.258 725 INFO rally.task.engine [-] Running workload: position = 0 config = { "version": 2, "title": "A cropped version of a bigger task.", "description": "Auto-generated task from a single workload (uuid=1bd55766-3cdd-493d-b697-6d1c818723d1)", "subtasks": [ { "title": "GlanceImages.create_and_get_image", "description": "Create and get detailed information of an image.", "scenario": { "GlanceImages.create_and_get_image": { "container_format": "bare", "disk_format": "qcow2", "image_location": "/home/opnfv/functest/images/cirros-0.4.0-x86_64-disk.img" } }, "contexts": { "users": { "tenants": 3, "users_per_tenant": 2 } }, "runner": { "constant": { "concurrency": 4, "times": 10 } }, "hooks": [], "sla": { "failure_rate": { "max": 0 } } } ] }
2019-12-05 06:44:13.284 725 RALLYDEBUG rally_openstack.contexts.keystone.users [-] Creating 3 tenants using 20 threads
2019-12-05 06:44:13.740 725 RALLYDEBUG rally_openstack.contexts.keystone.users [-] Creating 6 users using 20 threads
2019-12-05 06:44:14.961 725 INFO rally.task.context [-] Task 1dfd26da-d028-4ff9-9ebb-bfd703d00295 | Context users@openstack setup() finished in 1.68 sec
2019-12-05 06:44:14.961 725 INFO rally.task.context [-] Task 1dfd26da-d028-4ff9-9ebb-bfd703d00295 | Context cleanup@openstack setup() finished in 0.00 msec
2019-12-05 06:44:14.971 725 RALLYDEBUG rally.task.runner [-] Starting the constant runner (task UUID: 1dfd26da-d028-4ff9-9ebb-bfd703d00295). timeout: 0 concurrency: 4 concurrency_per_worker: 1 times: 10 concurrency_overhead: 0 processes_to_start: 4 max_cpu_used: 88
2019-12-05 06:44:14.984 1633 RALLYDEBUG rally.task.runner [-] Starting a worker. concurrency: 1 args: {"container_format": "bare", "disk_format": "qcow2", "image_location": "/home/opnfv/functest/images/cirros-0.4.0-x86_64-disk.img"} times: 10 method_name: run timeout: 0 duration: None cls:
2019-12-05 06:44:14.991 1635 RALLYDEBUG rally.task.runner [-] Starting a worker. concurrency: 1 args: {"container_format": "bare", "disk_format": "qcow2", "image_location": "/home/opnfv/functest/images/cirros-0.4.0-x86_64-disk.img"} times: 10 method_name: run timeout: 0 duration: None cls:
2019-12-05 06:44:14.992 1633 INFO rally.task.runner [-] Task 1dfd26da-d028-4ff9-9ebb-bfd703d00295 | ITER: 1 START
2019-12-05 06:44:14.994 1636 RALLYDEBUG rally.task.runner [-] Starting a worker. concurrency: 1 args: {"container_format": "bare", "disk_format": "qcow2", "image_location": "/home/opnfv/functest/images/cirros-0.4.0-x86_64-disk.img"} times: 10 method_name: run timeout: 0 duration: None cls:
2019-12-05 06:44:14.997 1634 RALLYDEBUG rally.task.runner [-] Starting a worker. concurrency: 1 args: {"container_format": "bare", "disk_format": "qcow2", "image_location": "/home/opnfv/functest/images/cirros-0.4.0-x86_64-disk.img"} times: 10 method_name: run timeout: 0 duration: None cls:
2019-12-05 06:44:14.998 1635 INFO rally.task.runner [-] Task 1dfd26da-d028-4ff9-9ebb-bfd703d00295 | ITER: 2 START
2019-12-05 06:44:15.001 1636 INFO rally.task.runner [-] Task 1dfd26da-d028-4ff9-9ebb-bfd703d00295 | ITER: 3 START
2019-12-05 06:44:15.004 1634 INFO rally.task.runner [-] Task 1dfd26da-d028-4ff9-9ebb-bfd703d00295 | ITER: 4 START
2019-12-05 06:44:17.791 1635 RALLYDEBUG rally.task.utils [-] Waiting for resource u'27ddc08c-a1c2-4c6c-9997-5a48c38798f1'. Status changed: NONE => QUEUED in 0.0613420009613
2019-12-05 06:44:17.910 1633 RALLYDEBUG rally.task.utils [-] Waiting for resource u'6bedbfd6-6163-4e30-a5d8-3fd49ce594ba'. Status changed: NONE => QUEUED in 0.125304937363
2019-12-05 06:44:17.971 1634 RALLYDEBUG rally.task.utils [-] Waiting for resource u'734e4b0d-95c5-48bb-afa3-8abbf2dafb60'. Status changed: NONE => QUEUED in 0.138151168823
2019-12-05 06:44:17.983 1636 RALLYDEBUG rally.task.utils [-] Waiting for resource u'c3e0c182-3e03-43f3-8edf-78f89ee6a3f2'. Status changed: NONE => QUEUED in 0.0591249465942
2019-12-05 06:44:18.795 1635 RALLYDEBUG rally.task.utils [-] Waiting for resource s_rally_1bd55766_ecMbcYuC. Status changed: QUEUED => ACTIVE in 0.0311739444733
2019-12-05 06:44:18.828 1635 INFO rally.task.runner [-] Task 1dfd26da-d028-4ff9-9ebb-bfd703d00295 | ITER: 2 END: OK
2019-12-05 06:44:18.833 1635 INFO rally.task.runner [-] Task 1dfd26da-d028-4ff9-9ebb-bfd703d00295 | ITER: 5 START
2019-12-05 06:44:19.077 1633 RALLYDEBUG rally.task.utils [-] Waiting for resource s_rally_1bd55766_LFhmoTz7. Status changed: QUEUED => ACTIVE in 0.030935049057
2019-12-05 06:44:19.112 1633 INFO rally.task.runner [-] Task 1dfd26da-d028-4ff9-9ebb-bfd703d00295 | ITER: 1 END: OK
2019-12-05 06:44:19.117 1633 INFO rally.task.runner [-] Task 1dfd26da-d028-4ff9-9ebb-bfd703d00295 | ITER: 6 START
2019-12-05 06:44:19.376 1634 RALLYDEBUG rally.task.utils [-] Waiting for resource s_rally_1bd55766_sDzWwAmE. Status changed: QUEUED => ACTIVE in 0.053512096405
2019-12-05 06:44:19.381 1636 RALLYDEBUG rally.task.utils [-] Waiting for resource s_rally_1bd55766_EIhi184s. Status changed: QUEUED => ACTIVE in 0.0495131015778
2019-12-05 06:44:19.424 1634 INFO rally.task.runner [-] Task 1dfd26da-d028-4ff9-9ebb-bfd703d00295 | ITER: 4 END: OK
2019-12-05 06:44:19.427 1636 INFO rally.task.runner [-] Task 1dfd26da-d028-4ff9-9ebb-bfd703d00295 | ITER: 3 END: OK
2019-12-05 06:44:19.429 1634 INFO rally.task.runner [-] Task 1dfd26da-d028-4ff9-9ebb-bfd703d00295 | ITER: 7 START
2019-12-05 06:44:19.432 1636 INFO rally.task.runner [-] Task 1dfd26da-d028-4ff9-9ebb-bfd703d00295 | ITER: 8 START
2019-12-05 06:44:21.243 1635 RALLYDEBUG rally.task.utils [-] Waiting for resource u'5764be76-6187-4c41-9c9e-854cac976a21'. Status changed: NONE => QUEUED in 0.0510370731354
2019-12-05 06:44:21.534 1633 RALLYDEBUG rally.task.utils [-] Waiting for resource u'bcff1a22-ff9e-40d7-8401-56dd61d6da8d'. Status changed: NONE => QUEUED in 0.0551478862762
2019-12-05 06:44:21.963 1636 RALLYDEBUG rally.task.utils [-] Waiting for resource u'a2832056-ef49-45a4-8295-47230290d18e'. Status changed: NONE => QUEUED in 0.0610449314117
2019-12-05 06:44:21.998 1634 RALLYDEBUG rally.task.utils [-] Waiting for resource u'a4c3f983-61dc-4e55-8e03-39b83219d88b'. Status changed: NONE => QUEUED in 0.0586459636688
2019-12-05 06:44:22.054 1635 RALLYDEBUG rally.task.utils [-] Waiting for resource s_rally_1bd55766_Nrb4KaGk. Status changed: QUEUED => ACTIVE in 0.0375001430511
2019-12-05 06:44:22.102 1635 INFO rally.task.runner [-] Task 1dfd26da-d028-4ff9-9ebb-bfd703d00295 | ITER: 5 END: OK
2019-12-05 06:44:22.106 1635 INFO rally.task.runner [-] Task 1dfd26da-d028-4ff9-9ebb-bfd703d00295 | ITER: 9 START
2019-12-05 06:44:22.381 1633 RALLYDEBUG rally.task.utils [-] Waiting for resource s_rally_1bd55766_TKgeqWol. Status changed: QUEUED => ACTIVE in 0.0376758575439
2019-12-05 06:44:22.428 1633 INFO rally.task.runner [-] Task 1dfd26da-d028-4ff9-9ebb-bfd703d00295 | ITER: 6 END: OK
2019-12-05 06:44:22.433 1633 INFO rally.task.runner [-] Task 1dfd26da-d028-4ff9-9ebb-bfd703d00295 | ITER: 10 START
2019-12-05 06:44:22.975 1636 RALLYDEBUG rally.task.utils [-] Waiting for resource s_rally_1bd55766_2lnptFk9. Status changed: QUEUED => ACTIVE in 0.0315160751343
2019-12-05 06:44:23.008 1636 INFO rally.task.runner [-] Task 1dfd26da-d028-4ff9-9ebb-bfd703d00295 | ITER: 8 END: OK
2019-12-05 06:44:23.165 1634 RALLYDEBUG rally.task.utils [-] Waiting for resource s_rally_1bd55766_Bd5Wbghp. Status changed: QUEUED => ACTIVE in 0.034698009491
2019-12-05 06:44:23.202 1634 INFO rally.task.runner [-] Task 1dfd26da-d028-4ff9-9ebb-bfd703d00295 | ITER: 7 END: OK
2019-12-05 06:44:24.590 1635 RALLYDEBUG rally.task.utils [-] Waiting for resource u'4d19acc5-b09c-4c96-b643-c8d334a3eaf7'. Status changed: NONE => QUEUED in 0.0511221885681
2019-12-05 06:44:24.966 1633 RALLYDEBUG rally.task.utils [-] Waiting for resource u'47c7ca65-a8dc-4480-8e76-fbfaaa4a14d3'. Status changed: NONE => QUEUED in 0.0498960018158
2019-12-05 06:44:25.502 1635 RALLYDEBUG rally.task.utils [-] Waiting for resource s_rally_1bd55766_epJt61fs. Status changed: QUEUED => ACTIVE in 0.0312421321869
2019-12-05 06:44:25.538 1635 INFO rally.task.runner [-] Task 1dfd26da-d028-4ff9-9ebb-bfd703d00295 | ITER: 9 END: OK
2019-12-05 06:44:25.862 1633 RALLYDEBUG rally.task.utils [-] Waiting for resource s_rally_1bd55766_HSCDLgLf. Status changed: QUEUED => ACTIVE in 0.0333380699158
2019-12-05 06:44:25.901 1633 INFO rally.task.runner [-] Task 1dfd26da-d028-4ff9-9ebb-bfd703d00295 | ITER: 10 END: OK
2019-12-05 06:44:25.929 725 INFO rally.task.context [-] Task 1dfd26da-d028-4ff9-9ebb-bfd703d00295 | Context cleanup@openstack cleanup() started
2019-12-05 06:44:25.934 725 RALLYDEBUG rally_openstack.cleanup.manager [-] Cleaning up glance images objects
2019-12-05 06:44:26.741 725 RALLYDEBUG rally_openstack.cleanup.manager [-] Deleting glance.images object s_rally_1bd55766_LFhmoTz7 (6bedbfd6-6163-4e30-a5d8-3fd49ce594ba)
2019-12-05 06:44:26.745 725 RALLYDEBUG rally_openstack.cleanup.manager [-] Deleting glance.images object s_rally_1bd55766_2lnptFk9 (a2832056-ef49-45a4-8295-47230290d18e)
2019-12-05 06:44:26.744 725 RALLYDEBUG rally_openstack.cleanup.manager [-] Deleting glance.images object s_rally_1bd55766_sDzWwAmE (734e4b0d-95c5-48bb-afa3-8abbf2dafb60)
2019-12-05 06:44:26.745 725 RALLYDEBUG rally_openstack.cleanup.manager [-] Deleting glance.images object s_rally_1bd55766_Nrb4KaGk (5764be76-6187-4c41-9c9e-854cac976a21)
2019-12-05 06:44:26.750 725 RALLYDEBUG rally_openstack.cleanup.manager [-] Deleting glance.images object s_rally_1bd55766_epJt61fs (4d19acc5-b09c-4c96-b643-c8d334a3eaf7)
2019-12-05 06:44:26.756 725 RALLYDEBUG rally_openstack.cleanup.manager [-] Deleting glance.images object s_rally_1bd55766_HSCDLgLf (47c7ca65-a8dc-4480-8e76-fbfaaa4a14d3)
2019-12-05 06:44:26.765 725 RALLYDEBUG rally_openstack.cleanup.manager [-] Deleting glance.images object s_rally_1bd55766_TKgeqWol (bcff1a22-ff9e-40d7-8401-56dd61d6da8d)
2019-12-05 06:44:26.776 725 RALLYDEBUG rally_openstack.cleanup.manager [-] Deleting glance.images object s_rally_1bd55766_Bd5Wbghp (a4c3f983-61dc-4e55-8e03-39b83219d88b)
2019-12-05 06:44:26.813 725 RALLYDEBUG rally_openstack.cleanup.manager [-] Deleting glance.images object s_rally_1bd55766_EIhi184s (c3e0c182-3e03-43f3-8edf-78f89ee6a3f2)
2019-12-05 06:44:26.850 725 RALLYDEBUG rally_openstack.cleanup.manager [-] Deleting glance.images object s_rally_1bd55766_ecMbcYuC (27ddc08c-a1c2-4c6c-9997-5a48c38798f1)
2019-12-05 06:44:27.983 725 DEBUG glanceclient.common.http [-] Request returned failure status 404. _handle_response /usr/lib/python2.7/site-packages/glanceclient/common/http.py:125
2019-12-05 06:44:28.011 725 DEBUG glanceclient.common.http [-] Request returned failure status 404. _handle_response /usr/lib/python2.7/site-packages/glanceclient/common/http.py:125
2019-12-05 06:44:28.078 725 DEBUG glanceclient.common.http [-] Request returned failure status 404. _handle_response /usr/lib/python2.7/site-packages/glanceclient/common/http.py:125
2019-12-05 06:44:28.112 725 DEBUG glanceclient.common.http [-] Request returned failure status 404. _handle_response /usr/lib/python2.7/site-packages/glanceclient/common/http.py:125
2019-12-05 06:44:29.000 725 DEBUG glanceclient.common.http [-] Request returned failure status 404. _handle_response /usr/lib/python2.7/site-packages/glanceclient/common/http.py:125
2019-12-05 06:44:29.019 725 DEBUG glanceclient.common.http [-] Request returned failure status 404. _handle_response /usr/lib/python2.7/site-packages/glanceclient/common/http.py:125
2019-12-05 06:44:29.020 725 DEBUG glanceclient.common.http [-] Request returned failure status 404. _handle_response /usr/lib/python2.7/site-packages/glanceclient/common/http.py:125
2019-12-05 06:44:29.027 725 DEBUG glanceclient.common.http [-] Request returned failure status 404. _handle_response /usr/lib/python2.7/site-packages/glanceclient/common/http.py:125
2019-12-05 06:44:29.056 725 DEBUG glanceclient.common.http [-] Request returned failure status 404. _handle_response /usr/lib/python2.7/site-packages/glanceclient/common/http.py:125
2019-12-05 06:44:29.060 725 DEBUG glanceclient.common.http [-] Request returned failure status 404. _handle_response /usr/lib/python2.7/site-packages/glanceclient/common/http.py:125
2019-12-05 06:44:29.067 725 DEBUG glanceclient.common.http [-] Request returned failure status 404. _handle_response /usr/lib/python2.7/site-packages/glanceclient/common/http.py:125
2019-12-05 06:44:29.092 725 DEBUG glanceclient.common.http [-] Request returned failure status 404. _handle_response /usr/lib/python2.7/site-packages/glanceclient/common/http.py:125
2019-12-05 06:44:29.116 725 DEBUG glanceclient.common.http [-] Request returned failure status 404. _handle_response /usr/lib/python2.7/site-packages/glanceclient/common/http.py:125
2019-12-05 06:44:29.143 725 DEBUG glanceclient.common.http [-] Request returned failure status 404. _handle_response /usr/lib/python2.7/site-packages/glanceclient/common/http.py:125
2019-12-05 06:44:29.167 725 DEBUG glanceclient.common.http [-] Request returned failure status 404. _handle_response /usr/lib/python2.7/site-packages/glanceclient/common/http.py:125
2019-12-05 06:44:29.212 725 DEBUG glanceclient.common.http [-] Request returned failure status 404. _handle_response /usr/lib/python2.7/site-packages/glanceclient/common/http.py:125
2019-12-05 06:44:29.218 725 DEBUG glanceclient.common.http [-] Request returned failure status 404. _handle_response /usr/lib/python2.7/site-packages/glanceclient/common/http.py:125
2019-12-05 06:44:29.242 725 DEBUG glanceclient.common.http [-] Request returned failure status 404. _handle_response /usr/lib/python2.7/site-packages/glanceclient/common/http.py:125
2019-12-05 06:44:29.300 725 DEBUG glanceclient.common.http [-] Request returned failure status 404. _handle_response /usr/lib/python2.7/site-packages/glanceclient/common/http.py:125
2019-12-05 06:44:29.328 725 DEBUG glanceclient.common.http [-] Request returned failure status 404. _handle_response /usr/lib/python2.7/site-packages/glanceclient/common/http.py:125
2019-12-05 06:44:30.331 725 INFO rally.task.context [-] Task 1dfd26da-d028-4ff9-9ebb-bfd703d00295 | Context cleanup@openstack cleanup() finished in 4.40 sec
2019-12-05 06:44:30.331 725 INFO rally.task.context [-] Task 1dfd26da-d028-4ff9-9ebb-bfd703d00295 | Context users@openstack cleanup() started
2019-12-05 06:44:34.885 725 INFO rally.task.context [-] Task 1dfd26da-d028-4ff9-9ebb-bfd703d00295 | Context users@openstack cleanup() finished in 4.55 sec
2019-12-05 06:44:35.397 725 INFO rally.task.engine [-] Load duration is: 10.514797
2019-12-05 06:44:35.397 725 INFO rally.task.engine [-] Full runner duration is: 10.95828
