2019-12-05 06:39:21.519 725 INFO rally.task.engine [-] Task 1dfd26da-d028-4ff9-9ebb-bfd703d00295 | Completed: Task validation of required platforms.
2019-12-05 06:39:21.519 725 INFO rally.task.engine [-] Task 1dfd26da-d028-4ff9-9ebb-bfd703d00295 | Starting: Task validation of semantic.
2019-12-05 06:39:21.519 725 INFO rally.task.engine [-] Check health of the environment 'a38e98ff-d07d-4487-8a69-beaefbfb83ef'.
2019-12-05 06:39:21.953 725 INFO rally.task.engine [-] Platform existing@openstack (available: True): OK!
2019-12-05 06:39:21.974 725 RALLYDEBUG rally_openstack.contexts.keystone.users [-] Creating 1 tenants using 20 threads
2019-12-05 06:39:22.212 725 RALLYDEBUG rally_openstack.contexts.keystone.users [-] Creating 1 users using 20 threads
2019-12-05 06:39:22.574 725 INFO rally.task.context [-] Task 1dfd26da-d028-4ff9-9ebb-bfd703d00295 | Context users@openstack setup() finished in 0.60 sec
2019-12-05 06:39:23.232 725 DEBUG novaclient.v2.client [-] REQ: curl -g -i -X GET http://compute-airship.intel-pod10.opnfv.org:80/v2.1/9d676162fbb540b5a7842c2ef71e1ec7/flavors/detail -H "Accept: application/json" -H "User-Agent: python-novaclient" -H "X-Auth-Token: {SHA1}e88270cc6286544878320176f17cd4fd43032ecc" _http_log_request /usr/lib/python2.7/site-packages/keystoneauth1/session.py:448
2019-12-05 06:39:23.395 725 DEBUG novaclient.v2.client [-] RESP: [200] Connection: keep-alive Content-Encoding: gzip Content-Type: application/json Date: Thu, 05 Dec 2019 06:39:23 GMT Openstack-Api-Version: compute 2.1 Transfer-Encoding: chunked Vary: Accept-Encoding, OpenStack-API-Version, X-OpenStack-Nova-API-Version X-Compute-Request-Id: req-111188bc-2316-4264-b0c1-dc05bdf1a395 X-Openstack-Nova-Api-Version: 2.1 _http_log_response /usr/lib/python2.7/site-packages/keystoneauth1/session.py:479
2019-12-05 06:39:23.397 725 DEBUG novaclient.v2.client [-] RESP BODY: {"flavors": [{"links": [{"href": "http://compute-airship.intel-pod10.opnfv.org/v2.1/9d676162fbb540b5a7842c2ef71e1ec7/flavors/3b3b9d57-7827-4ed0-a7a9-82ce7650a8d5", "rel": "self"}, {"href": "http://compute-airship.intel-pod10.opnfv.org/9d676162fbb540b5a7842c2ef71e1ec7/flavors/3b3b9d57-7827-4ed0-a7a9-82ce7650a8d5", "rel": "bookmark"}], "ram": 2048, "OS-FLV-DISABLED:disabled": false, "os-flavor-access:is_public": true, "rxtx_factor": 1.0, "disk": 20, "id": "3b3b9d57-7827-4ed0-a7a9-82ce7650a8d5", "name": "m1.small", "vcpus": 1, "swap": "", "OS-FLV-EXT-DATA:ephemeral": 0}, {"links": [{"href": "http://compute-airship.intel-pod10.opnfv.org/v2.1/9d676162fbb540b5a7842c2ef71e1ec7/flavors/667072cd-b75d-480a-ab97-9fdee34c93d0", "rel": "self"}, {"href": "http://compute-airship.intel-pod10.opnfv.org/9d676162fbb540b5a7842c2ef71e1ec7/flavors/667072cd-b75d-480a-ab97-9fdee34c93d0", "rel": "bookmark"}], "ram": 512, "OS-FLV-DISABLED:disabled": false, "os-flavor-access:is_public": true, "rxtx_factor": 1.0, "disk": 1, "id": "667072cd-b75d-480a-ab97-9fdee34c93d0", "name": "rally_full-flavor_1ff5fba9-8328-46f6-bdcd-33798059c0bc", "vcpus": 1, "swap": "", "OS-FLV-EXT-DATA:ephemeral": 0}, {"links": [{"href": "http://compute-airship.intel-pod10.opnfv.org/v2.1/9d676162fbb540b5a7842c2ef71e1ec7/flavors/733ef2d1-544c-40db-862c-9e69067837e0", "rel": "self"}, {"href": "http://compute-airship.intel-pod10.opnfv.org/9d676162fbb540b5a7842c2ef71e1ec7/flavors/733ef2d1-544c-40db-862c-9e69067837e0", "rel": "bookmark"}], "ram": 512, "OS-FLV-DISABLED:disabled": false, "os-flavor-access:is_public": true, "rxtx_factor": 1.0, "disk": 1, "id": "733ef2d1-544c-40db-862c-9e69067837e0", "name": "m1.tiny", "vcpus": 1, "swap": "", "OS-FLV-EXT-DATA:ephemeral": 0}, {"links": [{"href": "http://compute-airship.intel-pod10.opnfv.org/v2.1/9d676162fbb540b5a7842c2ef71e1ec7/flavors/7cb81024-6fbc-43f9-906e-e158be805b5a", "rel": "self"}, {"href": "http://compute-airship.intel-pod10.opnfv.org/9d676162fbb540b5a7842c2ef71e1ec7/flavors/7cb81024-6fbc-43f9-906e-e158be805b5a", "rel": "bookmark"}], "ram": 8192, "OS-FLV-DISABLED:disabled": false, "os-flavor-access:is_public": true, "rxtx_factor": 1.0, "disk": 80, "id": "7cb81024-6fbc-43f9-906e-e158be805b5a", "name": "m1.large", "vcpus": 4, "swap": "", "OS-FLV-EXT-DATA:ephemeral": 0}, {"links": [{"href": "http://compute-airship.intel-pod10.opnfv.org/v2.1/9d676162fbb540b5a7842c2ef71e1ec7/flavors/ab62e0ad-549e-4561-a962-22f3c9be6a22", "rel": "self"}, {"href": "http://compute-airship.intel-pod10.opnfv.org/9d676162fbb540b5a7842c2ef71e1ec7/flavors/ab62e0ad-549e-4561-a962-22f3c9be6a22", "rel": "bookmark"}], "ram": 16384, "OS-FLV-DISABLED:disabled": false, "os-flavor-access:is_public": true, "rxtx_factor": 1.0, "disk": 160, "id": "ab62e0ad-549e-4561-a962-22f3c9be6a22", "name": "m1.xlarge", "vcpus": 8, "swap": "", "OS-FLV-EXT-DATA:ephemeral": 0}, {"links": [{"href": "http://compute-airship.intel-pod10.opnfv.org/v2.1/9d676162fbb540b5a7842c2ef71e1ec7/flavors/e486c48b-8f8f-4a5d-bb62-dfb6803b3a0e", "rel": "self"}, {"href": "http://compute-airship.intel-pod10.opnfv.org/9d676162fbb540b5a7842c2ef71e1ec7/flavors/e486c48b-8f8f-4a5d-bb62-dfb6803b3a0e", "rel": "bookmark"}], "ram": 4096, "OS-FLV-DISABLED:disabled": false, "os-flavor-access:is_public": true, "rxtx_factor": 1.0, "disk": 40, "id": "e486c48b-8f8f-4a5d-bb62-dfb6803b3a0e", "name": "m1.medium", "vcpus": 2, "swap": "", "OS-FLV-EXT-DATA:ephemeral": 0}, {"links": [{"href": "http://compute-airship.intel-pod10.opnfv.org/v2.1/9d676162fbb540b5a7842c2ef71e1ec7/flavors/ea2081f3-52a5-4afb-b03f-f31a3c7aa8ba", "rel": "self"}, {"href": "http://compute-airship.intel-pod10.opnfv.org/9d676162fbb540b5a7842c2ef71e1ec7/flavors/ea2081f3-52a5-4afb-b03f-f31a3c7aa8ba", "rel": "bookmark"}], "ram": 1024, "OS-FLV-DISABLED:disabled": false, "os-flavor-access:is_public": true, "rxtx_factor": 1.0, "disk": 1, "id": "ea2081f3-52a5-4afb-b03f-f31a3c7aa8ba", "name": "rally_full-flavor_alt_1ff5fba9-8328-46f6-bdcd-33798059c0bc", "vcpus": 1, "swap": "", "OS-FLV-EXT-DATA:ephemeral": 0}]} _http_log_response /usr/lib/python2.7/site-packages/keystoneauth1/session.py:511
2019-12-05 06:39:23.397 725 DEBUG novaclient.v2.client [-] GET call to compute for http://compute-airship.intel-pod10.opnfv.org:80/v2.1/9d676162fbb540b5a7842c2ef71e1ec7/flavors/detail used request id req-111188bc-2316-4264-b0c1-dc05bdf1a395 request /usr/lib/python2.7/site-packages/keystoneauth1/session.py:844
2019-12-05 06:39:23.471 725 DEBUG novaclient.v2.client [-] REQ: curl -g -i -X GET http://compute-airship.intel-pod10.opnfv.org:80/v2.1/9d676162fbb540b5a7842c2ef71e1ec7/flavors/667072cd-b75d-480a-ab97-9fdee34c93d0 -H "Accept: application/json" -H "User-Agent: python-novaclient" -H "X-Auth-Token: {SHA1}52835e9da71eb4e72930b5a03c942795da65490f" _http_log_request /usr/lib/python2.7/site-packages/keystoneauth1/session.py:448
2019-12-05 06:39:23.574 725 DEBUG novaclient.v2.client [-] RESP: [200] Connection: keep-alive Content-Encoding: gzip Content-Type: application/json Date: Thu, 05 Dec 2019 06:39:23 GMT Openstack-Api-Version: compute 2.1 Transfer-Encoding: chunked Vary: Accept-Encoding, OpenStack-API-Version, X-OpenStack-Nova-API-Version X-Compute-Request-Id: req-27ab59ac-5ca8-4685-83fa-7fce48fd26a5 X-Openstack-Nova-Api-Version: 2.1 _http_log_response /usr/lib/python2.7/site-packages/keystoneauth1/session.py:479
2019-12-05 06:39:23.575 725 DEBUG novaclient.v2.client [-] RESP BODY: {"flavor": {"links": [{"href": "http://compute-airship.intel-pod10.opnfv.org/v2.1/9d676162fbb540b5a7842c2ef71e1ec7/flavors/667072cd-b75d-480a-ab97-9fdee34c93d0", "rel": "self"}, {"href": "http://compute-airship.intel-pod10.opnfv.org/9d676162fbb540b5a7842c2ef71e1ec7/flavors/667072cd-b75d-480a-ab97-9fdee34c93d0", "rel": "bookmark"}], "ram": 512, "OS-FLV-DISABLED:disabled": false, "os-flavor-access:is_public": true, "rxtx_factor": 1.0, "disk": 1, "id": "667072cd-b75d-480a-ab97-9fdee34c93d0", "name": "rally_full-flavor_1ff5fba9-8328-46f6-bdcd-33798059c0bc", "vcpus": 1, "swap": "", "OS-FLV-EXT-DATA:ephemeral": 0}} _http_log_response /usr/lib/python2.7/site-packages/keystoneauth1/session.py:511
2019-12-05 06:39:23.575 725 DEBUG novaclient.v2.client [-] GET call to compute for http://compute-airship.intel-pod10.opnfv.org:80/v2.1/9d676162fbb540b5a7842c2ef71e1ec7/flavors/667072cd-b75d-480a-ab97-9fdee34c93d0 used request id req-27ab59ac-5ca8-4685-83fa-7fce48fd26a5 request /usr/lib/python2.7/site-packages/keystoneauth1/session.py:844
2019-12-05 06:39:23.943 725 INFO rally.task.context [-] Task 1dfd26da-d028-4ff9-9ebb-bfd703d00295 | Context users@openstack cleanup() started
2019-12-05 06:39:25.191 725 INFO rally.task.context [-] Task 1dfd26da-d028-4ff9-9ebb-bfd703d00295 | Context users@openstack cleanup() finished in 1.25 sec
2019-12-05 06:39:25.191 725 INFO rally.task.engine [-] Task 1dfd26da-d028-4ff9-9ebb-bfd703d00295 | Completed: Task validation of semantic.
2019-12-05 06:39:25.191 725 INFO rally.task.engine [-] Task 1dfd26da-d028-4ff9-9ebb-bfd703d00295 | Completed: Task validation.
2019-12-05 06:39:25.192 725 INFO rally.api [-] Task 1dfd26da-d028-4ff9-9ebb-bfd703d00295 input file is valid.
2019-12-05 06:39:25.192 725 INFO rally.api [-] Run Task 1dfd26da-d028-4ff9-9ebb-bfd703d00295 against Deployment a38e98ff-d07d-4487-8a69-beaefbfb83ef
2019-12-05 06:39:25.192 725 INFO rally.task.engine [-] Task 1dfd26da-d028-4ff9-9ebb-bfd703d00295 | Starting: Running task.
2019-12-05 06:39:25.436 725 INFO rally.task.engine [-] Running workload: position = 0 config = { "version": 2, "title": "A cropped version of a bigger task.", "description": "Auto-generated task from a single workload (uuid=fc7b32f7-f04f-4400-9870-bb8858e4b44d)", "subtasks": [ { "title": "GlanceImages.create_and_delete_image", "description": "Create and then delete an image.", "scenario": { "GlanceImages.create_and_delete_image": { "container_format": "bare", "disk_format": "qcow2", "image_location": "/home/opnfv/functest/images/cirros-0.4.0-x86_64-disk.img" } }, "contexts": { "users": { "tenants": 3, "users_per_tenant": 2 } }, "runner": { "constant": { "concurrency": 4, "times": 10 } }, "hooks": [], "sla": { "failure_rate": { "max": 0 } } } ] }
2019-12-05 06:39:25.460 725 RALLYDEBUG rally_openstack.contexts.keystone.users [-] Creating 3 tenants using 20 threads
2019-12-05 06:39:25.981 725 RALLYDEBUG rally_openstack.contexts.keystone.users [-] Creating 6 users using 20 threads
2019-12-05 06:39:27.174 725 INFO rally.task.context [-] Task 1dfd26da-d028-4ff9-9ebb-bfd703d00295 | Context users@openstack setup() finished in 1.71 sec
2019-12-05 06:39:27.174 725 INFO rally.task.context [-] Task 1dfd26da-d028-4ff9-9ebb-bfd703d00295 | Context cleanup@openstack setup() finished in 0.01 msec
2019-12-05 06:39:27.188 725 RALLYDEBUG rally.task.runner [-] Starting the constant runner (task UUID: 1dfd26da-d028-4ff9-9ebb-bfd703d00295). timeout: 0 concurrency: 4 concurrency_per_worker: 1 times: 10 concurrency_overhead: 0 processes_to_start: 4 max_cpu_used: 88
2019-12-05 06:39:27.207 849 RALLYDEBUG rally.task.runner [-] Starting a worker. concurrency: 1 args: {"container_format": "bare", "disk_format": "qcow2", "image_location": "/home/opnfv/functest/images/cirros-0.4.0-x86_64-disk.img"} times: 10 method_name: run timeout: 0 duration: None cls:
2019-12-05 06:39:27.209 850 RALLYDEBUG rally.task.runner [-] Starting a worker. concurrency: 1 args: {"container_format": "bare", "disk_format": "qcow2", "image_location": "/home/opnfv/functest/images/cirros-0.4.0-x86_64-disk.img"} times: 10 method_name: run timeout: 0 duration: None cls:
2019-12-05 06:39:27.211 851 RALLYDEBUG rally.task.runner [-] Starting a worker. concurrency: 1 args: {"container_format": "bare", "disk_format": "qcow2", "image_location": "/home/opnfv/functest/images/cirros-0.4.0-x86_64-disk.img"} times: 10 method_name: run timeout: 0 duration: None cls:
2019-12-05 06:39:27.215 849 INFO rally.task.runner [-] Task 1dfd26da-d028-4ff9-9ebb-bfd703d00295 | ITER: 1 START
2019-12-05 06:39:27.215 852 RALLYDEBUG rally.task.runner [-] Starting a worker. concurrency: 1 args: {"container_format": "bare", "disk_format": "qcow2", "image_location": "/home/opnfv/functest/images/cirros-0.4.0-x86_64-disk.img"} times: 10 method_name: run timeout: 0 duration: None cls:
2019-12-05 06:39:27.222 852 INFO rally.task.runner [-] Task 1dfd26da-d028-4ff9-9ebb-bfd703d00295 | ITER: 4 START
2019-12-05 06:39:27.222 851 INFO rally.task.runner [-] Task 1dfd26da-d028-4ff9-9ebb-bfd703d00295 | ITER: 3 START
2019-12-05 06:39:27.223 850 INFO rally.task.runner [-] Task 1dfd26da-d028-4ff9-9ebb-bfd703d00295 | ITER: 2 START
2019-12-05 06:39:29.992 849 RALLYDEBUG rally.task.utils [-] Waiting for resource u'3778d0bf-ff58-4db2-a528-c2675661ff77'. Status changed: NONE => QUEUED in 0.0633671283722
2019-12-05 06:39:30.020 852 RALLYDEBUG rally.task.utils [-] Waiting for resource u'e74e1e5a-508d-4056-8d9c-2b63c2435f5f'. Status changed: NONE => QUEUED in 0.0604701042175
2019-12-05 06:39:30.047 851 RALLYDEBUG rally.task.utils [-] Waiting for resource u'932f6a49-80ba-45cc-bfb0-59789ac1d10b'. Status changed: NONE => QUEUED in 0.0517859458923
2019-12-05 06:39:30.193 850 RALLYDEBUG rally.task.utils [-] Waiting for resource u'e3aebad2-7491-4619-8908-881507cc20d0'. Status changed: NONE => QUEUED in 0.0670969486237
2019-12-05 06:39:31.068 849 RALLYDEBUG rally.task.utils [-] Waiting for resource s_rally_fc7b32f7_WG4FiEy9. Status changed: QUEUED => ACTIVE in 0.0312819480896
2019-12-05 06:39:31.210 852 RALLYDEBUG rally.task.utils [-] Waiting for resource s_rally_fc7b32f7_FFPyTuF0. Status changed: QUEUED => ACTIVE in 0.0336089134216
2019-12-05 06:39:31.483 850 RALLYDEBUG rally.task.utils [-] Waiting for resource s_rally_fc7b32f7_NXFh0tjr. Status changed: QUEUED => ACTIVE in 0.0372099876404
2019-12-05 06:39:31.543 851 RALLYDEBUG rally.task.utils [-] Waiting for resource s_rally_fc7b32f7_i7c6XSxU. Status changed: QUEUED => ACTIVE in 0.0620939731598
2019-12-05 06:39:31.565 849 INFO rally.task.runner [-] Task 1dfd26da-d028-4ff9-9ebb-bfd703d00295 | ITER: 1 END: OK
2019-12-05 06:39:31.570 849 INFO rally.task.runner [-] Task 1dfd26da-d028-4ff9-9ebb-bfd703d00295 | ITER: 5 START
2019-12-05 06:39:31.719 852 INFO rally.task.runner [-] Task 1dfd26da-d028-4ff9-9ebb-bfd703d00295 | ITER: 4 END: OK
2019-12-05 06:39:31.723 852 INFO rally.task.runner [-] Task 1dfd26da-d028-4ff9-9ebb-bfd703d00295 | ITER: 6 START
2019-12-05 06:39:32.016 850 INFO rally.task.runner [-] Task 1dfd26da-d028-4ff9-9ebb-bfd703d00295 | ITER: 2 END: OK
2019-12-05 06:39:32.021 850 INFO rally.task.runner [-] Task 1dfd26da-d028-4ff9-9ebb-bfd703d00295 | ITER: 7 START
2019-12-05 06:39:32.185 851 INFO rally.task.runner [-] Task 1dfd26da-d028-4ff9-9ebb-bfd703d00295 | ITER: 3 END: OK
2019-12-05 06:39:32.190 851 INFO rally.task.runner [-] Task 1dfd26da-d028-4ff9-9ebb-bfd703d00295 | ITER: 8 START
2019-12-05 06:39:34.184 849 RALLYDEBUG rally.task.utils [-] Waiting for resource u'0c35f693-f8f3-4b9b-9540-ea516f0d33a2'. Status changed: NONE => QUEUED in 0.0501699447632
2019-12-05 06:39:34.319 852 RALLYDEBUG rally.task.utils [-] Waiting for resource u'97ba3767-17d7-4697-8efd-d9ef403d1a71'. Status changed: NONE => QUEUED in 0.0488078594208
2019-12-05 06:39:34.485 850 RALLYDEBUG rally.task.utils [-] Waiting for resource u'c8ff8501-e866-4fc1-8c51-b660c48e71e0'. Status changed: NONE => QUEUED in 0.0660998821259
2019-12-05 06:39:34.708 851 RALLYDEBUG rally.task.utils [-] Waiting for resource u'52cf1989-0a46-4892-a59a-edc6812c2061'. Status changed: NONE => QUEUED in 0.048308134079
2019-12-05 06:39:35.225 849 RALLYDEBUG rally.task.utils [-] Waiting for resource s_rally_fc7b32f7_CTa57btE. Status changed: QUEUED => ACTIVE in 0.0325908660889
2019-12-05 06:39:35.537 850 RALLYDEBUG rally.task.utils [-] Waiting for resource s_rally_fc7b32f7_quusaLyN. Status changed: QUEUED => ACTIVE in 0.030289888382
2019-12-05 06:39:35.557 851 RALLYDEBUG rally.task.utils [-] Waiting for resource s_rally_fc7b32f7_5co01boE. Status changed: QUEUED => ACTIVE in 0.0441589355469
2019-12-05 06:39:35.586 852 RALLYDEBUG rally.task.utils [-] Waiting for resource s_rally_fc7b32f7_imPPcwlR. Status changed: QUEUED => ACTIVE in 0.0443050861359
2019-12-05 06:39:35.706 849 INFO rally.task.runner [-] Task 1dfd26da-d028-4ff9-9ebb-bfd703d00295 | ITER: 5 END: OK
2019-12-05 06:39:35.711 849 INFO rally.task.runner [-] Task 1dfd26da-d028-4ff9-9ebb-bfd703d00295 | ITER: 9 START
2019-12-05 06:39:36.019 851 INFO rally.task.runner [-] Task 1dfd26da-d028-4ff9-9ebb-bfd703d00295 | ITER: 8 END: OK
2019-12-05 06:39:36.023 851 INFO rally.task.runner [-] Task 1dfd26da-d028-4ff9-9ebb-bfd703d00295 | ITER: 10 START
2019-12-05 06:39:36.141 850 INFO rally.task.runner [-] Task 1dfd26da-d028-4ff9-9ebb-bfd703d00295 | ITER: 7 END: OK
2019-12-05 06:39:36.210 852 INFO rally.task.runner [-] Task 1dfd26da-d028-4ff9-9ebb-bfd703d00295 | ITER: 6 END: OK
2019-12-05 06:39:38.202 849 RALLYDEBUG rally.task.utils [-] Waiting for resource u'a5c88c41-bf74-40c4-8ace-505e84cd1df4'. Status changed: NONE => QUEUED in 0.0502600669861
2019-12-05 06:39:38.529 851 RALLYDEBUG rally.task.utils [-] Waiting for resource u'83a80a35-89e0-42d3-ae6e-47df33c6df68'. Status changed: NONE => QUEUED in 0.052109003067
2019-12-05 06:39:39.041 849 RALLYDEBUG rally.task.utils [-] Waiting for resource s_rally_fc7b32f7_GLvp1DfO. Status changed: QUEUED => ACTIVE in 0.0315611362457
2019-12-05 06:39:39.335 851 RALLYDEBUG rally.task.utils [-] Waiting for resource s_rally_fc7b32f7_svg3appI. Status changed: QUEUED => ACTIVE in 0.0313909053802
2019-12-05 06:39:39.446 849 INFO rally.task.runner [-] Task 1dfd26da-d028-4ff9-9ebb-bfd703d00295 | ITER: 9 END: OK
2019-12-05 06:39:39.765 851 INFO rally.task.runner [-] Task 1dfd26da-d028-4ff9-9ebb-bfd703d00295 | ITER: 10 END: OK
2019-12-05 06:39:39.792 725 INFO rally.task.context [-] Task 1dfd26da-d028-4ff9-9ebb-bfd703d00295 | Context cleanup@openstack cleanup() started
2019-12-05 06:39:39.796 725 RALLYDEBUG rally_openstack.cleanup.manager [-] Cleaning up glance images objects
2019-12-05 06:39:40.707 725 INFO rally.task.context [-] Task 1dfd26da-d028-4ff9-9ebb-bfd703d00295 | Context cleanup@openstack cleanup() finished in 0.92 sec
2019-12-05 06:39:40.708 725 INFO rally.task.context [-] Task 1dfd26da-d028-4ff9-9ebb-bfd703d00295 | Context users@openstack cleanup() started
2019-12-05 06:39:44.263 725 INFO rally.task.context [-] Task 1dfd26da-d028-4ff9-9ebb-bfd703d00295 | Context users@openstack cleanup() finished in 3.56 sec
2019-12-05 06:39:45.567 725 INFO rally.task.engine [-] Load duration is: 12.095
2019-12-05 06:39:45.568 725 INFO rally.task.engine [-] Full runner duration is: 12.605274
2019-12-05 06:39:45.568 725 INFO rally.task.engine [-] Full duration is: 18.805117
2019-12-05 06:39:45.950 725 INFO rally.task.engine [-] Running workload: position = 0 config = { "version": 2, "title": "A cropped version of a bigger task.", "description": "Auto-generated task from a single workload (uuid=5de5b9bb-a188-43d7-9085-4b2075a8d0d1)", "subtasks": [ { "title": "GlanceImages.create_and_list_image", "description": "Create an image and then list all images.", "scenario": { "GlanceImages.create_and_list_image": { "container_format": "bare", "disk_format": "qcow2", "image_location": "/home/opnfv/functest/images/cirros-0.4.0-x86_64-disk.img" } }, "contexts": { "users": { "tenants": 3, "users_per_tenant": 2 } }, "runner": { "constant": { "concurrency": 4, "times": 10 } }, "hooks": [], "sla": { "failure_rate": { "max": 0 } } } ] }
2019-12-05 06:39:45.975 725 RALLYDEBUG rally_openstack.contexts.keystone.users [-] Creating 3 tenants using 20 threads
2019-12-05 06:39:46.519 725 RALLYDEBUG rally_openstack.contexts.keystone.users [-] Creating 6 users using 20 threads
2019-12-05 06:39:47.625 725 INFO rally.task.context [-] Task 1dfd26da-d028-4ff9-9ebb-bfd703d00295 | Context users@openstack setup() finished in 1.65 sec
2019-12-05 06:39:47.625 725 INFO rally.task.context [-] Task 1dfd26da-d028-4ff9-9ebb-bfd703d00295 | Context cleanup@openstack setup() finished in 0.01 msec
2019-12-05 06:39:47.634 725 RALLYDEBUG rally.task.runner [-] Starting the constant runner (task UUID: 1dfd26da-d028-4ff9-9ebb-bfd703d00295). timeout: 0 concurrency: 4 concurrency_per_worker: 1 times: 10 concurrency_overhead: 0 processes_to_start: 4 max_cpu_used: 88
2019-12-05 06:39:47.647 973 RALLYDEBUG rally.task.runner [-] Starting a worker. concurrency: 1 args: {"container_format": "bare", "disk_format": "qcow2", "image_location": "/home/opnfv/functest/images/cirros-0.4.0-x86_64-disk.img"} times: 10 method_name: run timeout: 0 duration: None cls:
2019-12-05 06:39:47.651 974 RALLYDEBUG rally.task.runner [-] Starting a worker. concurrency: 1 args: {"container_format": "bare", "disk_format": "qcow2", "image_location": "/home/opnfv/functest/images/cirros-0.4.0-x86_64-disk.img"} times: 10 method_name: run timeout: 0 duration: None cls:
2019-12-05 06:39:47.653 975 RALLYDEBUG rally.task.runner [-] Starting a worker. concurrency: 1 args: {"container_format": "bare", "disk_format": "qcow2", "image_location": "/home/opnfv/functest/images/cirros-0.4.0-x86_64-disk.img"} times: 10 method_name: run timeout: 0 duration: None cls:
2019-12-05 06:39:47.654 973 INFO rally.task.runner [-] Task 1dfd26da-d028-4ff9-9ebb-bfd703d00295 | ITER: 1 START
2019-12-05 06:39:47.656 976 RALLYDEBUG rally.task.runner [-] Starting a worker. concurrency: 1 args: {"container_format": "bare", "disk_format": "qcow2", "image_location": "/home/opnfv/functest/images/cirros-0.4.0-x86_64-disk.img"} times: 10 method_name: run timeout: 0 duration: None cls:
2019-12-05 06:39:47.658 974 INFO rally.task.runner [-] Task 1dfd26da-d028-4ff9-9ebb-bfd703d00295 | ITER: 2 START
2019-12-05 06:39:47.659 975 INFO rally.task.runner [-] Task 1dfd26da-d028-4ff9-9ebb-bfd703d00295 | ITER: 3 START
2019-12-05 06:39:47.663 976 INFO rally.task.runner [-] Task 1dfd26da-d028-4ff9-9ebb-bfd703d00295 | ITER: 4 START
2019-12-05 06:39:50.583 973 RALLYDEBUG rally.task.utils [-] Waiting for resource u'771c0077-82c1-401e-9aee-4925b748528f'. Status changed: NONE => QUEUED in 0.0884311199188
2019-12-05 06:39:50.620 975 RALLYDEBUG rally.task.utils [-] Waiting for resource u'33506140-2a91-4e27-97b1-3ef6469c76c2'. Status changed: NONE => QUEUED in 0.0539770126343
2019-12-05 06:39:50.668 976 RALLYDEBUG rally.task.utils [-] Waiting for resource u'65664f4d-75c8-4b5a-b7b3-a02fcaa1bd33'. Status changed: NONE => QUEUED in 0.0563600063324
2019-12-05 06:39:50.744 974 RALLYDEBUG rally.task.utils [-] Waiting for resource u'f0495c0b-eb36-48b7-b3d0-8210472df1c7'. Status changed: NONE => QUEUED in 0.0567030906677
2019-12-05 06:39:52.228 973 RALLYDEBUG rally.task.utils [-] Waiting for resource s_rally_5de5b9bb_82OYIeza. Status changed: QUEUED => ACTIVE in 0.0559210777283
2019-12-05 06:39:52.259 976 RALLYDEBUG rally.task.utils [-] Waiting for resource s_rally_5de5b9bb_t5Ckw9nk. Status changed: QUEUED => ACTIVE in 0.0675699710846
2019-12-05 06:39:52.326 973 INFO rally.task.runner [-] Task 1dfd26da-d028-4ff9-9ebb-bfd703d00295 | ITER: 1 END: OK
2019-12-05 06:39:52.330 973 INFO rally.task.runner [-] Task 1dfd26da-d028-4ff9-9ebb-bfd703d00295 | ITER: 5 START
2019-12-05 06:39:52.344 976 INFO rally.task.runner [-] Task 1dfd26da-d028-4ff9-9ebb-bfd703d00295 | ITER: 4 END: OK
2019-12-05 06:39:52.349 976 INFO rally.task.runner [-] Task 1dfd26da-d028-4ff9-9ebb-bfd703d00295 | ITER: 6 START
2019-12-05 06:39:52.363 975 RALLYDEBUG rally.task.utils [-] Waiting for resource s_rally_5de5b9bb_uBQSUV01. Status changed: QUEUED => ACTIVE in 0.0964679718018
2019-12-05 06:39:52.368 974 RALLYDEBUG rally.task.utils [-] Waiting for resource s_rally_5de5b9bb_6QQZVlKA. Status changed: QUEUED => ACTIVE in 0.0766508579254
2019-12-05 06:39:52.444 975 INFO rally.task.runner [-] Task 1dfd26da-d028-4ff9-9ebb-bfd703d00295 | ITER: 3 END: OK
2019-12-05 06:39:52.447 974 INFO rally.task.runner [-] Task 1dfd26da-d028-4ff9-9ebb-bfd703d00295 | ITER: 2 END: OK
2019-12-05 06:39:52.449 975 INFO rally.task.runner [-] Task 1dfd26da-d028-4ff9-9ebb-bfd703d00295 | ITER: 7 START
2019-12-05 06:39:52.452 974 INFO rally.task.runner [-] Task 1dfd26da-d028-4ff9-9ebb-bfd703d00295 | ITER: 8 START
2019-12-05 06:39:54.917 973 RALLYDEBUG rally.task.utils [-] Waiting for resource u'1f11671b-bc10-41bd-bb59-2d40146090a0'. Status changed: NONE => QUEUED in 0.053964138031
2019-12-05 06:39:55.064 976 RALLYDEBUG rally.task.utils [-] Waiting for resource u'76ce4f40-8316-4786-a0c2-79030199f219'. Status changed: NONE => QUEUED in 0.0603349208832
2019-12-05 06:39:55.245 975 RALLYDEBUG rally.task.utils [-] Waiting for resource u'd1cbc065-524c-47ee-84f6-81443e9d4653'. Status changed: NONE => QUEUED in 0.0687940120697
2019-12-05 06:39:55.270 974 RALLYDEBUG rally.task.utils [-] Waiting for resource u'ffa3a063-3290-4166-a41e-056045655c19'. Status changed: NONE => QUEUED in 0.0577681064606
2019-12-05 06:39:56.019 973 RALLYDEBUG rally.task.utils [-] Waiting for resource s_rally_5de5b9bb_AbaM7eFi. Status changed: QUEUED => ACTIVE in 0.0322258472443
2019-12-05 06:39:56.042 976 RALLYDEBUG rally.task.utils [-] Waiting for resource s_rally_5de5b9bb_4LLdCnqi. Status changed: QUEUED => ACTIVE in 0.0289039611816
2019-12-05 06:39:56.096 973 INFO rally.task.runner [-] Task 1dfd26da-d028-4ff9-9ebb-bfd703d00295 | ITER: 5 END: OK
2019-12-05 06:39:56.100 973 INFO rally.task.runner [-] Task 1dfd26da-d028-4ff9-9ebb-bfd703d00295 | ITER: 9 START
2019-12-05 06:39:56.109 976 INFO rally.task.runner [-] Task 1dfd26da-d028-4ff9-9ebb-bfd703d00295 | ITER: 6 END: OK
2019-12-05 06:39:56.114 976 INFO rally.task.runner [-] Task 1dfd26da-d028-4ff9-9ebb-bfd703d00295 | ITER: 10 START
2019-12-05 06:39:56.306 974 RALLYDEBUG rally.task.utils [-] Waiting for resource s_rally_5de5b9bb_2E60AIE6. Status changed: QUEUED => ACTIVE in 0.0364968776703
2019-12-05 06:39:56.369 974 INFO rally.task.runner [-] Task 1dfd26da-d028-4ff9-9ebb-bfd703d00295 | ITER: 8 END: OK
2019-12-05 06:39:56.442 975 RALLYDEBUG rally.task.utils [-] Waiting for resource s_rally_5de5b9bb_6me9Rkq9. Status changed: QUEUED => ACTIVE in 0.0338470935822
2019-12-05 06:39:56.508 975 INFO rally.task.runner [-] Task 1dfd26da-d028-4ff9-9ebb-bfd703d00295 | ITER: 7 END: OK
2019-12-05 06:39:58.576 973 RALLYDEBUG rally.task.utils [-] Waiting for resource u'2647cf6a-80e6-473a-b9ff-1e3b9648e087'. Status changed: NONE => QUEUED in 0.0543169975281
2019-12-05 06:39:58.602 976 RALLYDEBUG rally.task.utils [-] Waiting for resource u'9c5cbf29-a793-44d5-99df-c3238894108d'. Status changed: NONE => QUEUED in 0.048485994339
2019-12-05 06:39:59.753 973 RALLYDEBUG rally.task.utils [-] Waiting for resource s_rally_5de5b9bb_s25cUiQ8. Status changed: QUEUED => ACTIVE in 0.0335240364075
2019-12-05 06:39:59.778 976 RALLYDEBUG rally.task.utils [-] Waiting for resource s_rally_5de5b9bb_vHxFKHnA. Status changed: QUEUED => ACTIVE in 0.0297961235046
2019-12-05 06:39:59.832 973 INFO rally.task.runner [-] Task 1dfd26da-d028-4ff9-9ebb-bfd703d00295 | ITER: 9 END: OK
2019-12-05 06:39:59.847 976 INFO rally.task.runner [-] Task 1dfd26da-d028-4ff9-9ebb-bfd703d00295 | ITER: 10 END: OK
2019-12-05 06:39:59.869 725 INFO rally.task.context [-] Task 1dfd26da-d028-4ff9-9ebb-bfd703d00295 | Context cleanup@openstack cleanup() started
2019-12-05 06:39:59.872 725 RALLYDEBUG rally_openstack.cleanup.manager [-] Cleaning up glance images objects
2019-12-05 06:40:00.876 725 RALLYDEBUG rally_openstack.cleanup.manager [-] Deleting glance.images object s_rally_5de5b9bb_s25cUiQ8 (2647cf6a-80e6-473a-b9ff-1e3b9648e087)
2019-12-05 06:40:00.882 725 RALLYDEBUG rally_openstack.cleanup.manager [-] Deleting glance.images object s_rally_5de5b9bb_t5Ckw9nk (65664f4d-75c8-4b5a-b7b3-a02fcaa1bd33)
2019-12-05 06:40:00.883 725 RALLYDEBUG rally_openstack.cleanup.manager [-] Deleting glance.images object s_rally_5de5b9bb_2E60AIE6 (ffa3a063-3290-4166-a41e-056045655c19)
2019-12-05 06:40:00.885 725 RALLYDEBUG rally_openstack.cleanup.manager [-] Deleting glance.images object s_rally_5de5b9bb_AbaM7eFi (1f11671b-bc10-41bd-bb59-2d40146090a0)
2019-12-05 06:40:00.894 725 RALLYDEBUG rally_openstack.cleanup.manager [-] Deleting glance.images object s_rally_5de5b9bb_vHxFKHnA (9c5cbf29-a793-44d5-99df-c3238894108d)
2019-12-05 06:40:00.897 725 RALLYDEBUG rally_openstack.cleanup.manager [-] Deleting glance.images object s_rally_5de5b9bb_4LLdCnqi (76ce4f40-8316-4786-a0c2-79030199f219)
2019-12-05 06:40:00.899 725 RALLYDEBUG rally_openstack.cleanup.manager [-] Deleting glance.images object s_rally_5de5b9bb_6me9Rkq9 (d1cbc065-524c-47ee-84f6-81443e9d4653)
2019-12-05 06:40:00.902 725 RALLYDEBUG rally_openstack.cleanup.manager [-] Deleting glance.images object s_rally_5de5b9bb_82OYIeza (771c0077-82c1-401e-9aee-4925b748528f)
2019-12-05 06:40:00.945 725 RALLYDEBUG rally_openstack.cleanup.manager [-] Deleting glance.images object s_rally_5de5b9bb_uBQSUV01 (33506140-2a91-4e27-97b1-3ef6469c76c2)
2019-12-05 06:40:00.946 725 RALLYDEBUG rally_openstack.cleanup.manager [-] Deleting glance.images object s_rally_5de5b9bb_6QQZVlKA (f0495c0b-eb36-48b7-b3d0-8210472df1c7)
2019-12-05 06:40:01.873 725 DEBUG glanceclient.common.http [-] Request returned failure status 404. _handle_response /usr/lib/python2.7/site-packages/glanceclient/common/http.py:125
2019-12-05 06:40:01.909 725 DEBUG glanceclient.common.http [-] Request returned failure status 404. _handle_response /usr/lib/python2.7/site-packages/glanceclient/common/http.py:125
2019-12-05 06:40:02.355 725 DEBUG glanceclient.common.http [-] Request returned failure status 404. _handle_response /usr/lib/python2.7/site-packages/glanceclient/common/http.py:125
2019-12-05 06:40:02.387 725 DEBUG glanceclient.common.http [-] Request returned failure status 404. _handle_response /usr/lib/python2.7/site-packages/glanceclient/common/http.py:125
2019-12-05 06:40:02.505 725 DEBUG glanceclient.common.http [-] Request returned failure status 404. _handle_response /usr/lib/python2.7/site-packages/glanceclient/common/http.py:125
2019-12-05 06:40:02.573 725 DEBUG glanceclient.common.http [-] Request returned failure status 404. _handle_response /usr/lib/python2.7/site-packages/glanceclient/common/http.py:125
2019-12-05 06:40:02.582 725 DEBUG glanceclient.common.http [-] Request returned failure status 404. _handle_response /usr/lib/python2.7/site-packages/glanceclient/common/http.py:125
2019-12-05 06:40:02.583 725 DEBUG glanceclient.common.http [-] Request returned failure status 404. _handle_response /usr/lib/python2.7/site-packages/glanceclient/common/http.py:125
2019-12-05 06:40:02.622 725 DEBUG glanceclient.common.http [-] Request returned failure status 404. _handle_response /usr/lib/python2.7/site-packages/glanceclient/common/http.py:125
2019-12-05 06:40:02.627 725 DEBUG glanceclient.common.http [-] Request returned failure status 404. _handle_response /usr/lib/python2.7/site-packages/glanceclient/common/http.py:125
2019-12-05 06:40:02.701 725 DEBUG glanceclient.common.http [-] Request returned failure status 404. _handle_response /usr/lib/python2.7/site-packages/glanceclient/common/http.py:125
2019-12-05 06:40:02.737 725 DEBUG glanceclient.common.http [-] Request returned failure status 404. _handle_response /usr/lib/python2.7/site-packages/glanceclient/common/http.py:125
2019-12-05 06:40:02.739 725 DEBUG glanceclient.common.http [-] Request returned failure status 404. _handle_response /usr/lib/python2.7/site-packages/glanceclient/common/http.py:125
2019-12-05 06:40:02.750 725 DEBUG glanceclient.common.http [-] Request returned failure status 404. _handle_response /usr/lib/python2.7/site-packages/glanceclient/common/http.py:125
2019-12-05 06:40:02.766 725 DEBUG glanceclient.common.http [-] Request returned failure status 404. _handle_response /usr/lib/python2.7/site-packages/glanceclient/common/http.py:125
2019-12-05 06:40:02.783 725 DEBUG glanceclient.common.http [-] Request returned failure status 404. _handle_response /usr/lib/python2.7/site-packages/glanceclient/common/http.py:125
2019-12-05 06:40:02.788 725 DEBUG glanceclient.common.http [-] Request returned failure status 404. _handle_response /usr/lib/python2.7/site-packages/glanceclient/common/http.py:125
2019-12-05 06:40:02.818 725 DEBUG glanceclient.common.http [-] Request returned failure status 404. _handle_response /usr/lib/python2.7/site-packages/glanceclient/common/http.py:125
2019-12-05 06:40:02.828 725 DEBUG glanceclient.common.http [-] Request returned failure status 404. _handle_response /usr/lib/python2.7/site-packages/glanceclient/common/http.py:125
2019-12-05 06:40:02.856 725 DEBUG glanceclient.common.http [-] Request returned failure status 404. _handle_response /usr/lib/python2.7/site-packages/glanceclient/common/http.py:125
2019-12-05 06:40:03.859 725 INFO rally.task.context [-] Task 1dfd26da-d028-4ff9-9ebb-bfd703d00295 | Context cleanup@openstack cleanup() finished in 3.99 sec
2019-12-05 06:40:03.860 725 INFO rally.task.context [-] Task 1dfd26da-d028-4ff9-9ebb-bfd703d00295 | Context users@openstack cleanup() started
2019-12-05 06:40:07.678 725 INFO rally.task.context [-] Task 1dfd26da-d028-4ff9-9ebb-bfd703d00295 | Context users@openstack cleanup() finished in 3.82 sec
2019-12-05 06:40:08.090 725 INFO rally.task.engine [-] Load duration is: 11.754085
2019-12-05 06:40:08.090 725 INFO rally.task.engine [-] Full runner duration is: 12.234922
2019-12-05 06:40:08.090 725 INFO rally.task.engine [-] Full duration is: 21.705289
2019-12-05 06:40:08.489 725 INFO rally.task.engine [-] Running workload: position = 0 config = { "version": 2, "title": "A cropped version of a bigger task.", "description": "Auto-generated task from a single workload (uuid=bd087701-fd88-44e1-8053-e2de70d100ff)", "subtasks": [ { "title": "GlanceImages.list_images", "description": "List all images.", "scenario": { "GlanceImages.list_images": {} }, "contexts": { "users": { "tenants": 3, "users_per_tenant": 2 } }, "runner": { "constant": { "concurrency": 4, "times": 10 } }, "hooks": [], "sla": { "failure_rate": { "max": 0 } } } ] }
2019-12-05 06:40:08.512 725 RALLYDEBUG rally_openstack.contexts.keystone.users [-] Creating 3 tenants using 20 threads
2019-12-05 06:40:09.111 725 RALLYDEBUG rally_openstack.contexts.keystone.users [-] Creating 6 users using 20 threads
2019-12-05 06:40:10.285 725 INFO rally.task.context [-] Task 1dfd26da-d028-4ff9-9ebb-bfd703d00295 | Context users@openstack setup() finished in 1.77 sec
2019-12-05 06:40:10.294 725 RALLYDEBUG rally.task.runner [-] Starting the constant runner (task UUID: 1dfd26da-d028-4ff9-9ebb-bfd703d00295). timeout: 0 concurrency: 4 concurrency_per_worker: 1 times: 10 concurrency_overhead: 0 processes_to_start: 4 max_cpu_used: 88
2019-12-05 06:40:10.307 1097 RALLYDEBUG rally.task.runner [-] Starting a worker. concurrency: 1 args: {} times: 10 method_name: run timeout: 0 duration: None cls:
2019-12-05 06:40:10.313 1099 RALLYDEBUG rally.task.runner [-] Starting a worker. concurrency: 1 args: {} times: 10 method_name: run timeout: 0 duration: None cls:
2019-12-05 06:40:10.314 1097 INFO rally.task.runner [-] Task 1dfd26da-d028-4ff9-9ebb-bfd703d00295 | ITER: 1 START
2019-12-05 06:40:10.316 1100 RALLYDEBUG rally.task.runner [-] Starting a worker. concurrency: 1 args: {} times: 10 method_name: run timeout: 0 duration: None cls:
2019-12-05 06:40:10.318 1098 RALLYDEBUG rally.task.runner [-] Starting a worker. concurrency: 1 args: {} times: 10 method_name: run timeout: 0 duration: None cls:
2019-12-05 06:40:10.319 1099 INFO rally.task.runner [-] Task 1dfd26da-d028-4ff9-9ebb-bfd703d00295 | ITER: 2 START
2019-12-05 06:40:10.323 1100 INFO rally.task.runner [-] Task 1dfd26da-d028-4ff9-9ebb-bfd703d00295 | ITER: 3 START
2019-12-05 06:40:10.325 1098 INFO rally.task.runner [-] Task 1dfd26da-d028-4ff9-9ebb-bfd703d00295 | ITER: 4 START
2019-12-05 06:40:11.109 1098 INFO rally.task.runner [-] Task 1dfd26da-d028-4ff9-9ebb-bfd703d00295 | ITER: 4 END: OK
2019-12-05 06:40:11.113 1098 INFO rally.task.runner [-] Task 1dfd26da-d028-4ff9-9ebb-bfd703d00295 | ITER: 5 START
2019-12-05 06:40:11.150 1097 INFO rally.task.runner [-] Task 1dfd26da-d028-4ff9-9ebb-bfd703d00295 | ITER: 1 END: OK
2019-12-05 06:40:11.154 1097 INFO rally.task.runner [-] Task 1dfd26da-d028-4ff9-9ebb-bfd703d00295 | ITER: 6 START
2019-12-05 06:40:11.168 1099 INFO rally.task.runner [-] Task 1dfd26da-d028-4ff9-9ebb-bfd703d00295 | ITER: 2 END: OK
2019-12-05 06:40:11.173 1099 INFO rally.task.runner [-] Task 1dfd26da-d028-4ff9-9ebb-bfd703d00295 | ITER: 7 START
2019-12-05 06:40:11.205 1100 INFO rally.task.runner [-] Task 1dfd26da-d028-4ff9-9ebb-bfd703d00295 | ITER: 3 END: OK
2019-12-05 06:40:11.209 1100 INFO rally.task.runner [-] Task 1dfd26da-d028-4ff9-9ebb-bfd703d00295 | ITER: 8 START
2019-12-05 06:40:11.451 1098 INFO rally.task.runner [-] Task 1dfd26da-d028-4ff9-9ebb-bfd703d00295 | ITER: 5 END: OK
2019-12-05 06:40:11.455 1098 INFO rally.task.runner [-] Task 1dfd26da-d028-4ff9-9ebb-bfd703d00295 | ITER: 9 START
2019-12-05 06:40:11.742 1099 INFO rally.task.runner [-] Task 1dfd26da-d028-4ff9-9ebb-bfd703d00295 | ITER: 7 END: OK
2019-12-05 06:40:11.746 1099 INFO rally.task.runner [-] Task 1dfd26da-d028-4ff9-9ebb-bfd703d00295 | ITER: 10 START
2019-12-05 06:40:11.908 1097 INFO rally.task.runner [-] Task 1dfd26da-d028-4ff9-9ebb-bfd703d00295 | ITER: 6 END: OK
2019-12-05 06:40:12.049 1098 INFO rally.task.runner [-] Task 1dfd26da-d028-4ff9-9ebb-bfd703d00295 | ITER: 9 END: OK
2019-12-05 06:40:12.068 1100 INFO rally.task.runner [-] Task 1dfd26da-d028-4ff9-9ebb-bfd703d00295 | ITER: 8 END: OK
2019-12-05 06:40:12.217 1099 INFO rally.task.runner [-] Task 1dfd26da-d028-4ff9-9ebb-bfd703d00295 | ITER: 10 END: OK
2019-12-05 06:40:12.239 725 INFO rally.task.context [-] Task 1dfd26da-d028-4ff9-9ebb-bfd703d00295 | Context users@openstack cleanup() started
2019-12-05 06:40:15.834 725 INFO rally.task.context [-] Task 1dfd26da-d028-4ff9-9ebb-bfd703d00295 | Context users@openstack cleanup() finished in 3.60 sec
2019-12-05 06:40:16.569 725 INFO rally.task.engine [-] Load duration is: 1.448743
2019-12-05 06:40:16.570 725 INFO rally.task.engine [-] Full runner duration is: 1.945132
2019-12-05 06:40:16.570 725 INFO rally.task.engine [-] Full duration is: 7.323941
2019-12-05 06:40:16.963 725 INFO rally.task.engine [-] Running workload: position = 0 config = { "version": 2, "title": "A cropped version of a bigger task.", "description": "Auto-generated task from a single workload (uuid=27c71d99-6795-4070-b6c2-81e1cb592e6d)", "subtasks": [ { "title": "GlanceImages.create_image_and_boot_instances", "description": "Create an image and boot several instances from it.", "scenario": { "GlanceImages.create_image_and_boot_instances": { "container_format": "bare", "disk_format": "qcow2", "image_location": "/home/opnfv/functest/images/cirros-0.4.0-x86_64-disk.img", "flavor": { "name": "rally_full-flavor_1ff5fba9-8328-46f6-bdcd-33798059c0bc" }, "number_instances": 2, "nics": [ { "net-id": "81b4ef72-0b1b-44fa-a6d3-8757a0a37314" } ] } }, "contexts": { "users": { "tenants": 3, "users_per_tenant": 2 }, "quotas": { "nova": { "cores": -1, "floating_ips": -1, "instances": -1, "ram": -1, "security_group_rules": -1, "security_groups": -1 } } }, "runner": { "constant": { "concurrency": 4, "times": 10 } }, "hooks": [], "sla": { "failure_rate": { "max": 0 } } } ] }
2019-12-05 06:40:16.988 725 RALLYDEBUG rally_openstack.contexts.keystone.users [-] Creating 3 tenants using 20 threads
2019-12-05 06:40:17.397 725 RALLYDEBUG rally_openstack.contexts.keystone.users [-] Creating 6 users using 20 threads
2019-12-05 06:40:18.640 725 INFO rally.task.context [-] Task 1dfd26da-d028-4ff9-9ebb-bfd703d00295 | Context users@openstack setup() finished in 1.65 sec
2019-12-05 06:40:18.768 725 DEBUG novaclient.v2.client [-] REQ: curl -g -i -X PUT http://compute-airship.intel-pod10.opnfv.org:80/v2.1/d8b1a07b3ce74740a06c2e39c2e20cf4/os-quota-sets/4da8bd4511bf4fbba32d768e707ec653 -H "Accept: application/json" -H "Content-Type: application/json" -H "User-Agent: python-novaclient" -H "X-Auth-Token: {SHA1}635b11aba50194b658a7987e13ab98bd97dcb7c3" -d '{"quota_set": {"ram": -1, "floating_ips": -1, "security_group_rules": -1, "instances": -1, "cores": -1, "security_groups": -1}}' _http_log_request /usr/lib/python2.7/site-packages/keystoneauth1/session.py:448
2019-12-05 06:40:19.072 725 DEBUG novaclient.v2.client [-] RESP: [200] Connection: keep-alive Content-Encoding: gzip Content-Type: application/json Date: Thu, 05 Dec 2019 06:40:19 GMT Openstack-Api-Version: compute 2.1 Transfer-Encoding: chunked Vary: Accept-Encoding, OpenStack-API-Version, X-OpenStack-Nova-API-Version X-Compute-Request-Id: req-81bb3baf-0f27-4e42-9a0a-27ca73d038c8 X-Openstack-Nova-Api-Version: 2.1 _http_log_response /usr/lib/python2.7/site-packages/keystoneauth1/session.py:479
2019-12-05 06:40:19.072 725 DEBUG novaclient.v2.client [-] RESP BODY: {"quota_set": {"injected_file_content_bytes": 10240, "metadata_items": 128, "server_group_members": 10, "server_groups": 10, "ram": -1, "floating_ips": -1, "key_pairs": 100, "instances": -1, "security_group_rules": -1, "injected_files": 5, "cores": -1, "fixed_ips": -1, "injected_file_path_bytes": 255, "security_groups": -1}} _http_log_response /usr/lib/python2.7/site-packages/keystoneauth1/session.py:511
2019-12-05 06:40:19.073 725 DEBUG novaclient.v2.client [-] PUT call to compute for http://compute-airship.intel-pod10.opnfv.org:80/v2.1/d8b1a07b3ce74740a06c2e39c2e20cf4/os-quota-sets/4da8bd4511bf4fbba32d768e707ec653 used request id req-81bb3baf-0f27-4e42-9a0a-27ca73d038c8 request /usr/lib/python2.7/site-packages/keystoneauth1/session.py:844
2019-12-05 06:40:19.074 725 DEBUG novaclient.v2.client [-] REQ: curl -g -i -X PUT http://compute-airship.intel-pod10.opnfv.org:80/v2.1/d8b1a07b3ce74740a06c2e39c2e20cf4/os-quota-sets/c8ae979f67ae4c92bfb00f2080c1ee83 -H "Accept: application/json" -H "Content-Type: application/json" -H "User-Agent: python-novaclient" -H "X-Auth-Token: {SHA1}635b11aba50194b658a7987e13ab98bd97dcb7c3" -d '{"quota_set": {"ram": -1, "floating_ips": -1, "security_group_rules": -1, "instances": -1, "cores": -1, "security_groups": -1}}' _http_log_request /usr/lib/python2.7/site-packages/keystoneauth1/session.py:448
2019-12-05 06:40:19.241 725 DEBUG novaclient.v2.client [-] RESP: [200] Connection: keep-alive Content-Encoding: gzip Content-Type: application/json Date: Thu, 05 Dec 2019 06:40:19 GMT Openstack-Api-Version: compute 2.1 Transfer-Encoding: chunked Vary: Accept-Encoding, OpenStack-API-Version, X-OpenStack-Nova-API-Version X-Compute-Request-Id: req-51914875-8813-4950-af7b-4a2a0e2d8f19 X-Openstack-Nova-Api-Version: 2.1 _http_log_response /usr/lib/python2.7/site-packages/keystoneauth1/session.py:479
2019-12-05 06:40:19.241 725 DEBUG novaclient.v2.client [-] RESP BODY: {"quota_set": {"injected_file_content_bytes": 10240, "metadata_items": 128, "server_group_members": 10, "server_groups": 10, "ram": -1, "floating_ips": -1, "key_pairs": 100, "instances": -1, "security_group_rules": -1, "injected_files": 5, "cores": -1, "fixed_ips": -1, "injected_file_path_bytes": 255, "security_groups": -1}} _http_log_response /usr/lib/python2.7/site-packages/keystoneauth1/session.py:511
2019-12-05 06:40:19.242 725 DEBUG novaclient.v2.client [-] PUT call to compute for http://compute-airship.intel-pod10.opnfv.org:80/v2.1/d8b1a07b3ce74740a06c2e39c2e20cf4/os-quota-sets/c8ae979f67ae4c92bfb00f2080c1ee83 used request id req-51914875-8813-4950-af7b-4a2a0e2d8f19 request /usr/lib/python2.7/site-packages/keystoneauth1/session.py:844
2019-12-05 06:40:19.243 725 DEBUG novaclient.v2.client [-] REQ: curl -g -i -X PUT http://compute-airship.intel-pod10.opnfv.org:80/v2.1/d8b1a07b3ce74740a06c2e39c2e20cf4/os-quota-sets/bc38145b2dad4b6db5283ef9a0e915fc -H "Accept: application/json" -H "Content-Type: application/json" -H "User-Agent: python-novaclient" -H "X-Auth-Token: {SHA1}635b11aba50194b658a7987e13ab98bd97dcb7c3" -d '{"quota_set": {"ram": -1, "floating_ips": -1, "security_group_rules": -1, "instances": -1, "cores": -1, "security_groups": -1}}' _http_log_request /usr/lib/python2.7/site-packages/keystoneauth1/session.py:448
2019-12-05 06:40:19.414 725 DEBUG novaclient.v2.client [-] RESP: [200] Connection: keep-alive Content-Encoding: gzip Content-Type: application/json Date: Thu, 05 Dec 2019 06:40:19 GMT Openstack-Api-Version: compute 2.1 Transfer-Encoding: chunked Vary: Accept-Encoding, OpenStack-API-Version, X-OpenStack-Nova-API-Version X-Compute-Request-Id: req-fa6f463a-43aa-4132-9bed-78feeb66ce34 X-Openstack-Nova-Api-Version: 2.1 _http_log_response /usr/lib/python2.7/site-packages/keystoneauth1/session.py:479
2019-12-05 06:40:19.415 725 DEBUG novaclient.v2.client [-] RESP BODY: {"quota_set": {"injected_file_content_bytes": 10240, "metadata_items": 128, "server_group_members": 10, "server_groups": 10, "ram": -1, "floating_ips": -1, "key_pairs": 100, "instances": -1, "security_group_rules": -1, "injected_files": 5, "cores": -1, "fixed_ips": -1, "injected_file_path_bytes": 255, "security_groups": -1}} _http_log_response /usr/lib/python2.7/site-packages/keystoneauth1/session.py:511
2019-12-05 06:40:19.415 725 DEBUG novaclient.v2.client [-] PUT call to compute for http://compute-airship.intel-pod10.opnfv.org:80/v2.1/d8b1a07b3ce74740a06c2e39c2e20cf4/os-quota-sets/bc38145b2dad4b6db5283ef9a0e915fc used request id req-fa6f463a-43aa-4132-9bed-78feeb66ce34 request /usr/lib/python2.7/site-packages/keystoneauth1/session.py:844
2019-12-05 06:40:19.416 725 INFO rally.task.context [-] Task 1dfd26da-d028-4ff9-9ebb-bfd703d00295 | Context quotas@openstack setup() finished in 0.78 sec
2019-12-05 06:40:19.416 725 INFO rally.task.context [-] Task 1dfd26da-d028-4ff9-9ebb-bfd703d00295 | Context cleanup@openstack setup() finished in 0.01 msec
2019-12-05 06:40:19.502 725 DEBUG novaclient.v2.client [-] REQ: curl -g -i -X GET http://compute-airship.intel-pod10.opnfv.org:80/v2.1/d8b1a07b3ce74740a06c2e39c2e20cf4/flavors/detail -H "Accept: application/json" -H "User-Agent: python-novaclient" -H "X-Auth-Token: {SHA1}cf57414a7eac19693aeafa2665f50a2bb2bb75fd" _http_log_request /usr/lib/python2.7/site-packages/keystoneauth1/session.py:448
2019-12-05 06:40:19.620 725 DEBUG novaclient.v2.client [-] RESP: [200] Connection: keep-alive Content-Encoding: gzip Content-Type: application/json Date: Thu, 05 Dec 2019 06:40:19 GMT Openstack-Api-Version: compute 2.1 Transfer-Encoding: chunked Vary: Accept-Encoding, OpenStack-API-Version, X-OpenStack-Nova-API-Version X-Compute-Request-Id: req-94ae835f-b798-48ae-a535-79cf6b09923c X-Openstack-Nova-Api-Version: 2.1 _http_log_response /usr/lib/python2.7/site-packages/keystoneauth1/session.py:479
