2020-04-10 07:40:07.351 15 RALLYDEBUG rally_openstack.cleanup.manager [-] Deleting neutron.subnet object s_rally_648b72f8_4r3k0h5A (d48f2087-acfa-4d34-839b-7688e1d223d1)
2020-04-10 07:40:07.562 15 RALLYDEBUG rally_openstack.cleanup.manager [-] Deleting neutron.subnet object s_rally_648b72f8_XoalMH8K (d5b738cc-016e-483c-8ca4-58c0f9adbf34)
2020-04-10 07:40:07.573 15 RALLYDEBUG rally_openstack.cleanup.manager [-] Deleting neutron.subnet object s_rally_648b72f8_CqGV9FpG (d6a424f4-f4d0-4ced-a36d-504b8121dfa1)
2020-04-10 07:40:07.861 15 RALLYDEBUG rally_openstack.cleanup.manager [-] Deleting neutron.subnet object s_rally_648b72f8_uXae3qpQ (d70947f7-0d20-48be-9dde-3af8d30edca5)
2020-04-10 07:40:07.965 15 RALLYDEBUG rally_openstack.cleanup.manager [-] Deleting neutron.subnet object s_rally_648b72f8_TJ9MUjYJ (dacce506-7c70-4310-a0f9-5612e9e66c09)
2020-04-10 07:40:07.988 15 RALLYDEBUG rally_openstack.cleanup.manager [-] Deleting neutron.subnet object s_rally_648b72f8_EztBEoJ8 (dc6d14ab-fe50-4847-bd93-0273f2518905)
2020-04-10 07:40:08.278 15 RALLYDEBUG rally_openstack.cleanup.manager [-] Deleting neutron.subnet object s_rally_648b72f8_O7YzRSbl (dd5581fb-0183-4ebd-9a53-f6858e12ce46)
2020-04-10 07:40:08.407 15 RALLYDEBUG rally_openstack.cleanup.manager [-] Deleting neutron.subnet object s_rally_648b72f8_zvuJCEZr (deaa29a8-7282-440a-b7df-30563b857e3e)
2020-04-10 07:40:08.732 15 RALLYDEBUG rally_openstack.cleanup.manager [-] Deleting neutron.subnet object s_rally_648b72f8_shZYyDot (df26c49b-f478-4103-91d9-62b2312061b9)
2020-04-10 07:40:08.786 15 RALLYDEBUG rally_openstack.cleanup.manager [-] Deleting neutron.subnet object s_rally_648b72f8_lvBXoDiJ (dfc5cf1e-ab7a-4818-b700-b0110fd039af)
2020-04-10 07:40:08.932 15 RALLYDEBUG rally_openstack.cleanup.manager [-] Deleting neutron.subnet object s_rally_648b72f8_N4VLqrXp (e056947d-c10b-4772-8831-974dc03925be)
2020-04-10 07:40:08.972 15 RALLYDEBUG rally_openstack.cleanup.manager [-] Deleting neutron.subnet object s_rally_648b72f8_yg0zFLjC (e19cbe8c-f137-419c-b4f7-17d07353875b)
2020-04-10 07:40:08.991 15 RALLYDEBUG rally_openstack.cleanup.manager [-] Deleting neutron.subnet object s_rally_648b72f8_wznnPyyj (e2232be9-d456-4f10-b7fd-f2151371a993)
2020-04-10 07:40:09.239 15 RALLYDEBUG rally_openstack.cleanup.manager [-] Deleting neutron.subnet object s_rally_648b72f8_Uzthme81 (e2246bda-0426-437f-b047-97effbd4012c)
2020-04-10 07:40:09.421 15 RALLYDEBUG rally_openstack.cleanup.manager [-] Deleting neutron.subnet object s_rally_648b72f8_uy96zkSK (e3042623-a6a3-461a-a2e4-9849b75043ec)
2020-04-10 07:40:09.525 15 RALLYDEBUG rally_openstack.cleanup.manager [-] Deleting neutron.subnet object s_rally_648b72f8_OeQS4awF (e4845adc-fc3e-4366-9ae9-c39ef7962084)
2020-04-10 07:40:09.633 15 RALLYDEBUG rally_openstack.cleanup.manager [-] Deleting neutron.subnet object s_rally_648b72f8_zdaN9xTi (e499ecf1-c21a-423d-b413-2eadde013f3f)
2020-04-10 07:40:09.725 15 RALLYDEBUG rally_openstack.cleanup.manager [-] Deleting neutron.subnet object s_rally_648b72f8_RTg3IFhj (e6e02c4a-731c-4f1f-9d30-243d31afe96d)
2020-04-10 07:40:10.102 15 RALLYDEBUG rally_openstack.cleanup.manager [-] Deleting neutron.subnet object s_rally_648b72f8_TgF03fIw (e75b8b12-c29f-4eb6-acc8-8b34e3a99346)
2020-04-10 07:40:10.160 15 RALLYDEBUG rally_openstack.cleanup.manager [-] Deleting neutron.subnet object s_rally_648b72f8_P8sGl5ew (ea8a0496-4f07-4738-a828-87c74b23d0ec)
2020-04-10 07:40:10.168 15 RALLYDEBUG rally_openstack.cleanup.manager [-] Deleting neutron.subnet object s_rally_648b72f8_BqMvFWAG (eaefbabf-db61-4911-9f1c-257852725a09)
2020-04-10 07:40:10.200 15 RALLYDEBUG rally_openstack.cleanup.manager [-] Deleting neutron.subnet object s_rally_648b72f8_nCnOBdgn (ee31fe78-8e5b-47f6-bc22-9fc0a95a6fcf)
2020-04-10 07:40:10.543 15 RALLYDEBUG rally_openstack.cleanup.manager [-] Deleting neutron.subnet object s_rally_648b72f8_tuwLeeEh (f01015d4-0244-43bf-a3dc-471836a25052)
2020-04-10 07:40:10.628 15 RALLYDEBUG rally_openstack.cleanup.manager [-] Deleting neutron.subnet object s_rally_648b72f8_3mSwCXdo (f04aac8d-c514-4e01-b38d-a4436d047c23)
2020-04-10 07:40:10.752 15 RALLYDEBUG rally_openstack.cleanup.manager [-] Deleting neutron.subnet object s_rally_648b72f8_Hz8XcQWE (f0a73e99-d801-4fc0-813b-c02e7384cca7)
2020-04-10 07:40:10.851 15 RALLYDEBUG rally_openstack.cleanup.manager [-] Deleting neutron.subnet object s_rally_648b72f8_3FdPxKPz (f184f5fd-707c-4004-b326-ed5aea771a8e)
2020-04-10 07:40:10.942 15 RALLYDEBUG rally_openstack.cleanup.manager [-] Deleting neutron.subnet object s_rally_648b72f8_GGa9RegL (f34b7d25-b48e-45ac-85e4-61e960c79138)
2020-04-10 07:40:11.076 15 RALLYDEBUG rally_openstack.cleanup.manager [-] Deleting neutron.subnet object s_rally_648b72f8_IVv8X7kf (f72ee31c-afd5-4859-ac35-1dec60adfc7e)
2020-04-10 07:40:11.278 15 RALLYDEBUG rally_openstack.cleanup.manager [-] Deleting neutron.subnet object s_rally_648b72f8_6gsYLCr0 (f7779bd9-2a84-4a7c-88e9-33f71ea66579)
2020-04-10 07:40:11.285 15 RALLYDEBUG rally_openstack.cleanup.manager [-] Deleting neutron.subnet object s_rally_648b72f8_G0dcoKEm (f87eba1c-0508-4ad9-b665-67c1c6da902d)
2020-04-10 07:40:11.414 15 RALLYDEBUG rally_openstack.cleanup.manager [-] Deleting neutron.subnet object s_rally_648b72f8_TVQzgAUE (f9bbcef2-2d7d-4868-97eb-df6b8e3c479a)
2020-04-10 07:40:11.482 15 RALLYDEBUG rally_openstack.cleanup.manager [-] Deleting neutron.subnet object s_rally_648b72f8_QXWUFBug (fcbc7a6c-17cd-4ed0-bf72-890a065cb284)
2020-04-10 07:40:11.491 15 RALLYDEBUG rally_openstack.cleanup.manager [-] Deleting neutron.subnet object s_rally_648b72f8_GdAG3b8S (fe4b3335-43f2-4389-aa54-8c8011ed4982)
2020-04-10 07:40:11.529 15 RALLYDEBUG rally_openstack.cleanup.manager [-] Deleting neutron.subnet object s_rally_648b72f8_oW6uT0l5 (fe4c3a0c-b3ba-46de-8fc5-8c6764c74a9c)
2020-04-10 07:40:15.456 15 RALLYDEBUG rally_openstack.cleanup.manager [-] Cleaning up neutron network objects
2020-04-10 07:40:16.244 15 RALLYDEBUG rally_openstack.cleanup.manager [-] Deleting neutron.network object s_rally_648b72f8_8Jfti92Z (0286ad41-29b6-42b4-81e4-9d8a6fa540e0)
2020-04-10 07:40:16.251 15 RALLYDEBUG rally_openstack.cleanup.manager [-] Deleting neutron.network object s_rally_648b72f8_ItXSUh2Y (02cf022e-347a-4f1c-a2f7-63e8adfc2212)
2020-04-10 07:40:16.258 15 RALLYDEBUG rally_openstack.cleanup.manager [-] Deleting neutron.network object s_rally_648b72f8_mCt83ekE (048096c3-dbc9-4667-b08c-40a3633cfd1f)
2020-04-10 07:40:16.270 15 RALLYDEBUG rally_openstack.cleanup.manager [-] Deleting neutron.network object s_rally_648b72f8_ZmrTmfmI (04dfac34-2d5c-4085-a64b-5c38b9177e24)
2020-04-10 07:40:16.279 15 RALLYDEBUG rally_openstack.cleanup.manager [-] Deleting neutron.network object s_rally_648b72f8_GV9N3wyF (14d22207-ce86-4460-9259-e7f316e92d20)
2020-04-10 07:40:16.286 15 RALLYDEBUG rally_openstack.cleanup.manager [-] Deleting neutron.network object s_rally_648b72f8_yufVIezR (16ce0036-a7e5-42ec-8e46-31643f150c81)
2020-04-10 07:40:16.301 15 RALLYDEBUG rally_openstack.cleanup.manager [-] Deleting neutron.network object s_rally_648b72f8_wCJWkrQS (1d8a82ae-536e-4078-8fb3-f28e9535ac63)
2020-04-10 07:40:16.313 15 RALLYDEBUG rally_openstack.cleanup.manager [-] Deleting neutron.network object s_rally_648b72f8_bgF2BcOW (21bfdf7c-09f1-423e-af49-412a49b5e646)
2020-04-10 07:40:16.371 15 RALLYDEBUG rally_openstack.cleanup.manager [-] Deleting neutron.network object s_rally_648b72f8_2Jk2lDPL (22e1ed1a-227a-4957-800c-1aa7a904b6f2)
2020-04-10 07:40:16.396 15 RALLYDEBUG rally_openstack.cleanup.manager [-] Deleting neutron.network object s_rally_648b72f8_PF47dBkv (28abefb4-ed1e-421b-86dd-2963f276e815)
2020-04-10 07:40:16.400 15 RALLYDEBUG rally_openstack.cleanup.manager [-] Deleting neutron.network object s_rally_648b72f8_QifokwQK (27e0c107-93ac-481e-96a7-fb3815f52560)
2020-04-10 07:40:16.408 15 RALLYDEBUG rally_openstack.cleanup.manager [-] Deleting neutron.network object s_rally_648b72f8_HbatP1mi (317b74a3-3787-42d0-bfed-bbcca199de55)
2020-04-10 07:40:16.419 15 RALLYDEBUG rally_openstack.cleanup.manager [-] Deleting neutron.network object s_rally_648b72f8_qS9f2qhT (340fe4f3-c81f-4186-8de1-7769bcf21400)
2020-04-10 07:40:16.423 15 RALLYDEBUG rally_openstack.cleanup.manager [-] Deleting neutron.network object s_rally_648b72f8_YOcNdCtD (257c34c4-8799-47b5-9da3-299db671c152)
2020-04-10 07:40:16.430 15 RALLYDEBUG rally_openstack.cleanup.manager [-] Deleting neutron.network object s_rally_648b72f8_dEKyEPqT (3ed16d9b-585e-467e-974b-630fbda35c77)
2020-04-10 07:40:16.432 15 RALLYDEBUG rally_openstack.cleanup.manager [-] Deleting neutron.network object s_rally_648b72f8_eb3OXHcp (3686451e-79a6-45a5-8dd3-02929b77fe66)
2020-04-10 07:40:16.445 15 RALLYDEBUG rally_openstack.cleanup.manager [-] Deleting neutron.network object s_rally_648b72f8_ZAMuKsZu (372faf55-ca94-49eb-bc6a-7405ba9a3b1b)
2020-04-10 07:40:16.425 15 RALLYDEBUG rally_openstack.cleanup.manager [-] Deleting neutron.network object s_rally_648b72f8_txEsSMO6 (3fc8dab6-dcd9-421d-ab02-b6487ec5e028)
2020-04-10 07:40:16.471 15 RALLYDEBUG rally_openstack.cleanup.manager [-] Deleting neutron.network object s_rally_648b72f8_VMfJwCPG (404cfd7b-95b7-48b9-aa41-401309e33551)
2020-04-10 07:40:16.526 15 RALLYDEBUG rally_openstack.cleanup.manager [-] Deleting neutron.network object s_rally_648b72f8_OIRTSZTZ (40447f85-4504-4243-b40a-88d20059fa20)
2020-04-10 07:40:18.885 15 RALLYDEBUG rally_openstack.cleanup.manager [-] Deleting neutron.network object s_rally_648b72f8_5kzCTn2R (41ea3e9e-cdb2-4c26-8b15-75f8d9d648e3)
2020-04-10 07:40:18.893 15 RALLYDEBUG rally_openstack.cleanup.manager [-] Deleting neutron.network object s_rally_648b72f8_QmjAncDw (44668eb4-8968-4ee6-9a54-2fbf7845f5be)
2020-04-10 07:40:18.889 15 RALLYDEBUG rally_openstack.cleanup.manager [-] Deleting neutron.network object s_rally_648b72f8_wLqCrQzt (43c5f76e-049a-4d20-8934-b4b25bfa18e2)
2020-04-10 07:40:18.975 15 RALLYDEBUG rally_openstack.cleanup.manager [-] Deleting neutron.network object s_rally_648b72f8_KShe9naT (47ae340a-5778-443b-ae48-cef84f23ccd8)
2020-04-10 07:40:19.055 15 RALLYDEBUG rally_openstack.cleanup.manager [-] Deleting neutron.network object s_rally_648b72f8_gvKhiBti (4a463652-b12e-44a5-9bad-7218fe7c402b)
2020-04-10 07:40:19.352 15 RALLYDEBUG rally_openstack.cleanup.manager [-] Deleting neutron.network object s_rally_648b72f8_3VfMUOhq (4a5f8642-c586-4670-af92-ae01b1466d89)
2020-04-10 07:40:19.419 15 RALLYDEBUG rally_openstack.cleanup.manager [-] Deleting neutron.network object s_rally_648b72f8_1wI19vmz (4bb14c2d-74ef-4ae1-a323-1241cfb02064)
2020-04-10 07:40:19.440 15 RALLYDEBUG rally_openstack.cleanup.manager [-] Deleting neutron.network object s_rally_648b72f8_JkS9a5Rq (5467b1b2-856f-4137-a331-dc4b33e5a349)
2020-04-10 07:40:19.441 15 RALLYDEBUG rally_openstack.cleanup.manager [-] Deleting neutron.network object s_rally_648b72f8_QR0bCw5w (52b9dc97-f969-4bf1-aaff-01f14233c0d7)
2020-04-10 07:40:19.446 15 RALLYDEBUG rally_openstack.cleanup.manager [-] Deleting neutron.network object s_rally_648b72f8_XE3xBoaQ (55f96ae7-2cdc-49c7-94c8-234ffa30d79c)
2020-04-10 07:40:19.527 15 RALLYDEBUG rally_openstack.cleanup.manager [-] Deleting neutron.network object s_rally_648b72f8_6U88gKRF (56213340-8d9c-4d1f-a5ba-4c9ba44b3f33)
2020-04-10 07:40:19.869 15 RALLYDEBUG rally_openstack.cleanup.manager [-] Deleting neutron.network object s_rally_648b72f8_QifBcpzA (568ad8fa-d973-4cfc-9357-9641859a40ee)
2020-04-10 07:40:19.886 15 RALLYDEBUG rally_openstack.cleanup.manager [-] Deleting neutron.network object s_rally_648b72f8_AzCFFT4f (5af9ab80-03ae-4918-acd4-111298061872)
2020-04-10 07:40:20.054 15 RALLYDEBUG rally_openstack.cleanup.manager [-] Deleting neutron.network object s_rally_648b72f8_nEHXTT32 (5ec96219-8f3c-4c98-ad7f-87f8c7253eef)
2020-04-10 07:40:20.177 15 RALLYDEBUG rally_openstack.cleanup.manager [-] Deleting neutron.network object s_rally_648b72f8_mTDaw8mF (62427e9f-85d7-4793-87e7-5a15c56d18d4)
2020-04-10 07:40:20.383 15 RALLYDEBUG rally_openstack.cleanup.manager [-] Deleting neutron.network object s_rally_648b72f8_o6A0uLN1 (62f8040f-33cb-4445-94af-d519f7394c92)
2020-04-10 07:40:20.411 15 RALLYDEBUG rally_openstack.cleanup.manager [-] Deleting neutron.network object s_rally_648b72f8_iGCYm4eo (6809929d-7699-4509-9060-53dcbeefa8a0)
2020-04-10 07:40:20.508 15 RALLYDEBUG rally_openstack.cleanup.manager [-] Deleting neutron.network object s_rally_648b72f8_xxRL6sdd (68847445-f25d-4b78-ac57-c1fc35e1fb1f)
2020-04-10 07:40:20.543 15 RALLYDEBUG rally_openstack.cleanup.manager [-] Deleting neutron.network object s_rally_648b72f8_DChopi5a (699da8f2-5ae8-4489-909c-1af3cfa3d75e)
2020-04-10 07:40:22.855 15 RALLYDEBUG rally_openstack.cleanup.manager [-] Deleting neutron.network object s_rally_648b72f8_9t6mjSb6 (6b3b2670-b953-4acb-8d0f-236a2a8e5ea5)
2020-04-10 07:40:23.215 15 RALLYDEBUG rally_openstack.cleanup.manager [-] Deleting neutron.network object s_rally_648b72f8_UjgStgbN (6f0a635d-3148-4235-a495-d9f2fd97d90e)
2020-04-10 07:40:23.309 15 RALLYDEBUG rally_openstack.cleanup.manager [-] Deleting neutron.network object s_rally_648b72f8_iVatjE38 (6f17f56e-0df8-46f3-9a0e-8d302b11300b)
2020-04-10 07:40:23.399 15 RALLYDEBUG rally_openstack.cleanup.manager [-] Deleting neutron.network object s_rally_648b72f8_RJdF08MA (7021af55-a9e0-4c73-8291-8e46e5022eab)
2020-04-10 07:40:23.421 15 RALLYDEBUG rally_openstack.cleanup.manager [-] Deleting neutron.network object s_rally_648b72f8_h9HMCj38 (7120ce7b-0cc8-4554-bd6c-aa1c39fa2626)
2020-04-10 07:40:23.445 15 RALLYDEBUG rally_openstack.cleanup.manager [-] Deleting neutron.network object s_rally_648b72f8_bwDW5969 (7197ae98-0e59-45fa-bae8-9f0a28e5e119)
2020-04-10 07:40:23.464 15 RALLYDEBUG rally_openstack.cleanup.manager [-] Deleting neutron.network object s_rally_648b72f8_JooLEnkI (71fc5717-01c3-4c4e-93a4-3646d75fd5ad)
2020-04-10 07:40:23.498 15 RALLYDEBUG rally_openstack.cleanup.manager [-] Deleting neutron.network object s_rally_648b72f8_R92YnvSn (72146f99-1924-46ef-b554-a7485aa7c72c)
2020-04-10 07:40:23.508 15 RALLYDEBUG rally_openstack.cleanup.manager [-] Deleting neutron.network object s_rally_648b72f8_7m9n5auh (72e01432-3be4-4f54-9eca-26131eb447be)
2020-04-10 07:40:23.536 15 RALLYDEBUG rally_openstack.cleanup.manager [-] Deleting neutron.network object s_rally_648b72f8_oZBuueZy (75e4a3c4-8a4b-4fae-9bb3-02e948b35243)
2020-04-10 07:40:23.562 15 RALLYDEBUG rally_openstack.cleanup.manager [-] Deleting neutron.network object s_rally_648b72f8_vbED1cJ0 (77eca0fa-baf8-40c2-bf3e-ab4c9c681c1f)
2020-04-10 07:40:23.578 15 RALLYDEBUG rally_openstack.cleanup.manager [-] Deleting neutron.network object s_rally_648b72f8_uYw6V6T7 (7977213d-c6c5-433e-b92d-7abe4a091616)
2020-04-10 07:40:23.754 15 RALLYDEBUG rally_openstack.cleanup.manager [-] Deleting neutron.network object s_rally_648b72f8_snOZQeYy (7fe739e5-86fa-4043-810a-21555d1668c6)
2020-04-10 07:40:23.769 15 RALLYDEBUG rally_openstack.cleanup.manager [-] Deleting neutron.network object s_rally_648b72f8_vpAGfRgs (811905f3-fc7f-454a-b775-4993fd7572f6)
2020-04-10 07:40:23.780 15 RALLYDEBUG rally_openstack.cleanup.manager [-] Deleting neutron.network object s_rally_648b72f8_WDs6hVhA (848be3fc-1643-4d08-81fe-1678185f8d69)
2020-04-10 07:40:23.929 15 RALLYDEBUG rally_openstack.cleanup.manager [-] Deleting neutron.network object s_rally_648b72f8_7rLikHU8 (87fed2d1-a207-4bec-b4ff-72fd13b941f9)
2020-04-10 07:40:23.962 15 RALLYDEBUG rally_openstack.cleanup.manager [-] Deleting neutron.network object s_rally_648b72f8_a8ntUhkY (8a73a23c-c8bb-40a8-a4b4-60cfd1b916a6)
2020-04-10 07:40:24.018 15 RALLYDEBUG rally_openstack.cleanup.manager [-] Deleting neutron.network object s_rally_648b72f8_0dXGGtkU (8af6e962-a619-42c0-93f2-a5b38eea1284)
2020-04-10 07:40:24.640 15 RALLYDEBUG rally_openstack.cleanup.manager [-] Deleting neutron.network object s_rally_648b72f8_Cr2G2jWN (8eb80d31-7cd5-4afd-b039-31d4d0e899f5)
2020-04-10 07:40:25.078 15 RALLYDEBUG rally_openstack.cleanup.manager [-] Deleting neutron.network object s_rally_648b72f8_bsgoS5up (96bfbc3b-c620-447f-b4e8-02648a77cd8c)
2020-04-10 07:40:25.318 15 RALLYDEBUG rally_openstack.cleanup.manager [-] Deleting neutron.network object s_rally_648b72f8_iVR2qNJi (971b2a4c-6de8-4879-852c-c1c27c00d23d)
2020-04-10 07:40:25.339 15 RALLYDEBUG rally_openstack.cleanup.manager [-] Deleting neutron.network object s_rally_648b72f8_HdC5RYlq (98dcd7f6-b268-4d12-b1d1-9b1f5324f42f)
2020-04-10 07:40:25.547 15 RALLYDEBUG rally_openstack.cleanup.manager [-] Deleting neutron.network object s_rally_648b72f8_wmmTdCXv (99975f6f-2087-40e3-a3bb-331f6f6fe727)
2020-04-10 07:40:25.832 15 RALLYDEBUG rally_openstack.cleanup.manager [-] Deleting neutron.network object s_rally_648b72f8_A3911p5F (9d6753a7-ead5-4eca-b994-5c1782c0c11f)
2020-04-10 07:40:25.988 15 RALLYDEBUG rally_openstack.cleanup.manager [-] Deleting neutron.network object s_rally_648b72f8_yC915F0a (a0267b37-cb5c-46db-b00c-141979644e47)
2020-04-10 07:40:26.223 15 RALLYDEBUG rally_openstack.cleanup.manager [-] Deleting neutron.network object s_rally_648b72f8_mhfj1glC (a4eaecd5-7110-483a-9fbf-15fe6428bfff)
2020-04-10 07:40:26.388 15 RALLYDEBUG rally_openstack.cleanup.manager [-] Deleting neutron.network object s_rally_648b72f8_d2VvvmfB (a5d025dd-f2e1-4f9f-893d-b67a22b32440)
2020-04-10 07:40:26.473 15 RALLYDEBUG rally_openstack.cleanup.manager [-] Deleting neutron.network object s_rally_648b72f8_ExrbHNIm (a6f80bab-214d-42b5-a596-f66094525103)
2020-04-10 07:40:26.667 15 RALLYDEBUG rally_openstack.cleanup.manager [-] Deleting neutron.network object s_rally_648b72f8_8E22GWs9 (a6fd97d6-4876-4029-8113-2ace510a926f)
2020-04-10 07:40:26.688 15 RALLYDEBUG rally_openstack.cleanup.manager [-] Deleting neutron.network object s_rally_648b72f8_0EQ1WaOG (ac08a445-0414-4417-a8a6-71d814b160bf)
2020-04-10 07:40:26.886 15 RALLYDEBUG rally_openstack.cleanup.manager [-] Deleting neutron.network object s_rally_648b72f8_Jdy49Hoy (aef32cf8-81a0-49c2-994f-3d9874d096cf)
2020-04-10 07:40:26.954 15 RALLYDEBUG rally_openstack.cleanup.manager [-] Deleting neutron.network object s_rally_648b72f8_L4MbzNh6 (b1615d0c-ecf2-4a58-a932-4f30ae00bf6c)
2020-04-10 07:40:27.137 15 RALLYDEBUG rally_openstack.cleanup.manager [-] Deleting neutron.network object s_rally_648b72f8_Lz2CieQP (b2d28bf4-8ab5-4d16-893f-d12922585d3c)
2020-04-10 07:40:27.159 15 RALLYDEBUG rally_openstack.cleanup.manager [-] Deleting neutron.network object s_rally_648b72f8_aRbGUGbF (b410ca58-4c7b-490a-9101-24bf974d0203)
2020-04-10 07:40:27.209 15 RALLYDEBUG rally_openstack.cleanup.manager [-] Deleting neutron.network object s_rally_648b72f8_I9QjHvFl (b9064f46-2b14-4b27-bff0-aaba51d8cccb)
2020-04-10 07:40:27.321 15 RALLYDEBUG rally_openstack.cleanup.manager [-] Deleting neutron.network object s_rally_648b72f8_1qHs8RWg (bb6e0d26-8fa6-40d5-bb94-283f5f977cb4)
2020-04-10 07:40:27.375 15 RALLYDEBUG rally_openstack.cleanup.manager [-] Deleting neutron.network object s_rally_648b72f8_K7vgiztK (bf9c4292-9d0a-4810-9da7-7d2d6939f40d)
2020-04-10 07:40:27.728 15 RALLYDEBUG rally_openstack.cleanup.manager [-] Deleting neutron.network object s_rally_648b72f8_HvwGCJPX (c06cc067-6a90-4d4f-8aba-decd9dd293e3)
2020-04-10 07:40:27.839 15 RALLYDEBUG rally_openstack.cleanup.manager [-] Deleting neutron.network object s_rally_648b72f8_DSkQ66Xi (c35bee70-5163-4e35-84bd-2f438c43e8bd)
2020-04-10 07:40:27.850 15 RALLYDEBUG rally_openstack.cleanup.manager [-] Deleting neutron.network object s_rally_648b72f8_D0Yr56i2 (c3d65fc1-ea6b-42c3-b661-5b696c9bc203)
2020-04-10 07:40:27.854 15 RALLYDEBUG rally_openstack.cleanup.manager [-] Deleting neutron.network object s_rally_648b72f8_I2dtIHXj (c6460211-cc77-44e1-a6b8-7d93e128589c)
2020-04-10 07:40:27.936 15 RALLYDEBUG rally_openstack.cleanup.manager [-] Deleting neutron.network object s_rally_648b72f8_eQMIe62P (c9633b8a-2729-4765-9ffe-6c7ed975c281)
2020-04-10 07:40:28.219 15 RALLYDEBUG rally_openstack.cleanup.manager [-] Deleting neutron.network object s_rally_648b72f8_VF85Bkd3 (cb415870-c293-454a-906c-5f6b0fa93b31)
2020-04-10 07:40:28.275 15 RALLYDEBUG rally_openstack.cleanup.manager [-] Deleting neutron.network object s_rally_648b72f8_sR1TzmMY (cd06469c-f457-45f3-a5b6-64f37a00a5e6)
2020-04-10 07:40:28.633 15 RALLYDEBUG rally_openstack.cleanup.manager [-] Deleting neutron.network object s_rally_648b72f8_OC3PH9CU (cf29f64b-c54e-4cd1-8014-3aafe3f6369e)
2020-04-10 07:40:28.800 15 RALLYDEBUG rally_openstack.cleanup.manager [-] Deleting neutron.network object s_rally_648b72f8_pLsqkHbH (d20e665b-3e79-4ee6-b4b2-11b3921b03c5)
2020-04-10 07:40:29.105 15 RALLYDEBUG rally_openstack.cleanup.manager [-] Deleting neutron.network object s_rally_648b72f8_CjTo4vTL (d4ba488f-f7e4-465a-9f0b-4bbe3206091b)
2020-04-10 07:40:29.180 15 RALLYDEBUG rally_openstack.cleanup.manager [-] Deleting neutron.network object s_rally_648b72f8_v0jgX1dO (d9af0344-49d6-4c94-a848-da41a48188fb)
2020-04-10 07:40:29.284 15 RALLYDEBUG rally_openstack.cleanup.manager [-] Deleting neutron.network object s_rally_648b72f8_TUmopN8o (dc8c9572-6c44-4b69-be73-5c047b5d50a9)
2020-04-10 07:40:29.627 15 RALLYDEBUG rally_openstack.cleanup.manager [-] Deleting neutron.network object s_rally_648b72f8_Rf0UeBVm (dd1d2a21-ecec-40b6-970d-bc1aa25dead4)
2020-04-10 07:40:29.772 15 RALLYDEBUG rally_openstack.cleanup.manager [-] Deleting neutron.network object s_rally_648b72f8_BDPaY15J (dd252ecc-39ff-45cf-a942-b54742718f0e)
2020-04-10 07:40:29.811 15 RALLYDEBUG rally_openstack.cleanup.manager [-] Deleting neutron.network object s_rally_648b72f8_INeHnu7k (e30c32f7-fb1c-4046-b7c3-e55d02eb0cf3)
2020-04-10 07:40:29.839 15 RALLYDEBUG rally_openstack.cleanup.manager [-] Deleting neutron.network object s_rally_648b72f8_nTpaGul1 (e4ed10f8-e714-4747-9581-9efad5dd85e7)
2020-04-10 07:40:29.966 15 RALLYDEBUG rally_openstack.cleanup.manager [-] Deleting neutron.network object s_rally_648b72f8_uN9jSB9i (e540b85f-f754-4840-857d-c719f9dbc954)
2020-04-10 07:40:30.015 15 RALLYDEBUG rally_openstack.cleanup.manager [-] Deleting neutron.network object s_rally_648b72f8_UL6K9RLx (e7accfbb-8350-43d0-a164-fa9594c13f47)
2020-04-10 07:40:30.150 15 RALLYDEBUG rally_openstack.cleanup.manager [-] Deleting neutron.network object s_rally_648b72f8_vFTFDdoE (eb6017e1-3c90-4765-bd77-62bb3d264f15)
2020-04-10 07:40:30.204 15 RALLYDEBUG rally_openstack.cleanup.manager [-] Deleting neutron.network object s_rally_648b72f8_h7lG4Puk (ebafe384-e7f0-4e6c-a1d4-d0520221a507)
2020-04-10 07:40:30.408 15 RALLYDEBUG rally_openstack.cleanup.manager [-] Deleting neutron.network object s_rally_648b72f8_b0tz8xC2 (eea61aca-e7a7-4f9e-a37c-b56c80568a07)
2020-04-10 07:40:30.459 15 RALLYDEBUG rally_openstack.cleanup.manager [-] Deleting neutron.network object s_rally_648b72f8_qV99bpUk (f41902c0-e7ab-4aa1-835d-f59d7aabf242)
2020-04-10 07:40:30.703 15 RALLYDEBUG rally_openstack.cleanup.manager [-] Deleting neutron.network object s_rally_648b72f8_MB0Kksrp (f6c9fa5a-7d9f-4305-9085-b6e9e3ed8a29)
2020-04-10 07:40:31.042 15 RALLYDEBUG rally_openstack.cleanup.manager [-] Deleting neutron.network object s_rally_648b72f8_oZXLrijH (f8530d1f-54fc-4423-afef-f84ff1f65e92)
2020-04-10 07:40:34.533 15 RALLYDEBUG rally_openstack.cleanup.manager [-] Cleaning up neutron router objects
2020-04-10 07:40:34.775 15 RALLYDEBUG rally_openstack.cleanup.manager [-] Cleaning up neutron security_group objects
2020-04-10 07:40:35.071 15 INFO rally.task.context [-] Task de124b79-731d-422e-b910-cc865513f57f | Context cleanup@openstack cleanup() finished in 53.20 sec
2020-04-10 07:40:35.071 15 INFO rally.task.context [-] Task de124b79-731d-422e-b910-cc865513f57f | Context quotas@openstack cleanup() started
2020-04-10 07:40:35.172 15 INFO rally.task.context [-] Task de124b79-731d-422e-b910-cc865513f57f | Context quotas@openstack cleanup() finished in 0.10 sec
2020-04-10 07:40:35.172 15 INFO rally.task.context [-] Task de124b79-731d-422e-b910-cc865513f57f | Context users@openstack cleanup() started
2020-04-10 07:40:38.188 15 INFO rally.task.context [-] Task de124b79-731d-422e-b910-cc865513f57f | Context users@openstack cleanup() finished in 3.02 sec
2020-04-10 07:40:39.577 15 INFO rally.task.engine [-] Load duration is: 93.01861
2020-04-10 07:40:39.578 15 INFO rally.task.engine [-] Full runner duration is: 93.065691
2020-04-10 07:40:39.578 15 INFO rally.task.engine [-] Full duration is: 151.12671
2020-04-10 07:40:39.687 15 INFO rally.task.engine [-] Running workload: position = 2 config = { "version": 2, "title": "A cropped version of a bigger task.", "description": "Auto-generated task from a single workload (uuid=74aaf7ff-2a65-4f33-9d4c-b3cbaf12d11f)", "subtasks": [ { "title": "NeutronNetworks.create_and_delete_subnets", "description": "Create and delete a given number of subnets.", "scenario": { "NeutronNetworks.create_and_delete_subnets": { "network_create_args": {}, "subnet_create_args": {}, "subnet_cidr_start": "1.1.0.0/30", "subnets_per_network": 2 } }, "contexts": { "users": { "tenants": 1, "users_per_tenant": 1 }, "quotas": { "neutron": { "network": -1, "subnet": -1 } } }, "runner": { "constant": { "times": 40, "concurrency": 20 } }, "hooks": [], "sla": { "failure_rate": { "max": 0 } } } ] }
2020-04-10 07:40:39.711 15 RALLYDEBUG rally_openstack.contexts.keystone.users [-] Creating 1 tenants using 20 threads
2020-04-10 07:40:40.110 15 RALLYDEBUG rally_openstack.contexts.keystone.users [-] Creating 1 users using 20 threads
2020-04-10 07:40:40.701 15 INFO rally.task.context [-] Task de124b79-731d-422e-b910-cc865513f57f | Context users@openstack setup() finished in 0.99 sec
2020-04-10 07:40:41.070 15 INFO rally.task.context [-] Task de124b79-731d-422e-b910-cc865513f57f | Context quotas@openstack setup() finished in 0.37 sec
2020-04-10 07:40:41.071 15 INFO rally.task.context [-] Task de124b79-731d-422e-b910-cc865513f57f | Context cleanup@openstack setup() finished in 0.00 msec
2020-04-10 07:40:41.080 15 RALLYDEBUG rally.task.runner [-] Starting the constant runner (task UUID: de124b79-731d-422e-b910-cc865513f57f). timeout: 0 concurrency: 20 concurrency_per_worker: 1 times: 40 concurrency_overhead: 0 processes_to_start: 20 max_cpu_used: 88
2020-04-10 07:40:41.094 2269 RALLYDEBUG rally.task.runner [-] Starting a worker. concurrency: 1 args: {"network_create_args": {}, "subnet_create_args": {}, "subnet_cidr_start": "1.1.0.0/30", "subnets_per_network": 2} times: 40 method_name: run timeout: 0 duration: None cls:
2020-04-10 07:40:41.098 2270 RALLYDEBUG rally.task.runner [-] Starting a worker. concurrency: 1 args: {"network_create_args": {}, "subnet_create_args": {}, "subnet_cidr_start": "1.1.0.0/30", "subnets_per_network": 2} times: 40 method_name: run timeout: 0 duration: None cls:
2020-04-10 07:40:41.100 2271 RALLYDEBUG rally.task.runner [-] Starting a worker. concurrency: 1 args: {"network_create_args": {}, "subnet_create_args": {}, "subnet_cidr_start": "1.1.0.0/30", "subnets_per_network": 2} times: 40 method_name: run timeout: 0 duration: None cls:
2020-04-10 07:40:41.103 2272 RALLYDEBUG rally.task.runner [-] Starting a worker. concurrency: 1 args: {"network_create_args": {}, "subnet_create_args": {}, "subnet_cidr_start": "1.1.0.0/30", "subnets_per_network": 2} times: 40 method_name: run timeout: 0 duration: None cls:
2020-04-10 07:40:41.104 2270 INFO rally.task.runner [-] Task de124b79-731d-422e-b910-cc865513f57f | ITER: 2 START
2020-04-10 07:40:41.105 2270 WARNING rally_openstack.scenarios.neutron.utils [-] Running this scenario without either the 'network' or 'existing_network' context is deprecated
2020-04-10 07:40:41.106 2271 INFO rally.task.runner [-] Task de124b79-731d-422e-b910-cc865513f57f | ITER: 3 START
2020-04-10 07:40:41.106 2273 RALLYDEBUG rally.task.runner [-] Starting a worker. concurrency: 1 args: {"network_create_args": {}, "subnet_create_args": {}, "subnet_cidr_start": "1.1.0.0/30", "subnets_per_network": 2} times: 40 method_name: run timeout: 0 duration: None cls:
2020-04-10 07:40:41.107 2271 WARNING rally_openstack.scenarios.neutron.utils [-] Running this scenario without either the 'network' or 'existing_network' context is deprecated
2020-04-10 07:40:41.109 2269 INFO rally.task.runner [-] Task de124b79-731d-422e-b910-cc865513f57f | ITER: 1 START
2020-04-10 07:40:41.109 2272 INFO rally.task.runner [-] Task de124b79-731d-422e-b910-cc865513f57f | ITER: 4 START
2020-04-10 07:40:41.109 2275 RALLYDEBUG rally.task.runner [-] Starting a worker. concurrency: 1 args: {"network_create_args": {}, "subnet_create_args": {}, "subnet_cidr_start": "1.1.0.0/30", "subnets_per_network": 2} times: 40 method_name: run timeout: 0 duration: None cls:
2020-04-10 07:40:41.110 2272 WARNING rally_openstack.scenarios.neutron.utils [-] Running this scenario without either the 'network' or 'existing_network' context is deprecated
2020-04-10 07:40:41.110 2269 WARNING rally_openstack.scenarios.neutron.utils [-] Running this scenario without either the 'network' or 'existing_network' context is deprecated
2020-04-10 07:40:41.112 2273 INFO rally.task.runner [-] Task de124b79-731d-422e-b910-cc865513f57f | ITER: 5 START
2020-04-10 07:40:41.112 2279 RALLYDEBUG rally.task.runner [-] Starting a worker. concurrency: 1 args: {"network_create_args": {}, "subnet_create_args": {}, "subnet_cidr_start": "1.1.0.0/30", "subnets_per_network": 2} times: 40 method_name: run timeout: 0 duration: None cls:
2020-04-10 07:40:41.113 2273 WARNING rally_openstack.scenarios.neutron.utils [-] Running this scenario without either the 'network' or 'existing_network' context is deprecated
2020-04-10 07:40:41.115 2275 INFO rally.task.runner [-] Task de124b79-731d-422e-b910-cc865513f57f | ITER: 6 START
2020-04-10 07:40:41.116 2275 WARNING rally_openstack.scenarios.neutron.utils [-] Running this scenario without either the 'network' or 'existing_network' context is deprecated
2020-04-10 07:40:41.115 2281 RALLYDEBUG rally.task.runner [-] Starting a worker. concurrency: 1 args: {"network_create_args": {}, "subnet_create_args": {}, "subnet_cidr_start": "1.1.0.0/30", "subnets_per_network": 2} times: 40 method_name: run timeout: 0 duration: None cls:
2020-04-10 07:40:41.118 2286 RALLYDEBUG rally.task.runner [-] Starting a worker. concurrency: 1 args: {"network_create_args": {}, "subnet_create_args": {}, "subnet_cidr_start": "1.1.0.0/30", "subnets_per_network": 2} times: 40 method_name: run timeout: 0 duration: None cls:
2020-04-10 07:40:41.122 2279 INFO rally.task.runner [-] Task de124b79-731d-422e-b910-cc865513f57f | ITER: 7 START
2020-04-10 07:40:41.123 2279 WARNING rally_openstack.scenarios.neutron.utils [-] Running this scenario without either the 'network' or 'existing_network' context is deprecated
2020-04-10 07:40:41.124 2286 INFO rally.task.runner [-] Task de124b79-731d-422e-b910-cc865513f57f | ITER: 9 START
2020-04-10 07:40:41.125 2281 INFO rally.task.runner [-] Task de124b79-731d-422e-b910-cc865513f57f | ITER: 8 START
2020-04-10 07:40:41.124 2290 RALLYDEBUG rally.task.runner [-] Starting a worker. concurrency: 1 args: {"network_create_args": {}, "subnet_create_args": {}, "subnet_cidr_start": "1.1.0.0/30", "subnets_per_network": 2} times: 40 method_name: run timeout: 0 duration: None cls:
2020-04-10 07:40:41.126 2286 WARNING rally_openstack.scenarios.neutron.utils [-] Running this scenario without either the 'network' or 'existing_network' context is deprecated
2020-04-10 07:40:41.126 2281 WARNING rally_openstack.scenarios.neutron.utils [-] Running this scenario without either the 'network' or 'existing_network' context is deprecated
2020-04-10 07:40:41.127 2292 RALLYDEBUG rally.task.runner [-] Starting a worker. concurrency: 1 args: {"network_create_args": {}, "subnet_create_args": {}, "subnet_cidr_start": "1.1.0.0/30", "subnets_per_network": 2} times: 40 method_name: run timeout: 0 duration: None cls:
2020-04-10 07:40:41.130 2297 RALLYDEBUG rally.task.runner [-] Starting a worker. concurrency: 1 args: {"network_create_args": {}, "subnet_create_args": {}, "subnet_cidr_start": "1.1.0.0/30", "subnets_per_network": 2} times: 40 method_name: run timeout: 0 duration: None cls:
2020-04-10 07:40:41.130 2290 INFO rally.task.runner [-] Task de124b79-731d-422e-b910-cc865513f57f | ITER: 10 START
2020-04-10 07:40:41.132 2290 WARNING rally_openstack.scenarios.neutron.utils [-] Running this scenario without either the 'network' or 'existing_network' context is deprecated
2020-04-10 07:40:41.133 2292 INFO rally.task.runner [-] Task de124b79-731d-422e-b910-cc865513f57f | ITER: 11 START
2020-04-10 07:40:41.134 2292 WARNING rally_openstack.scenarios.neutron.utils [-] Running this scenario without either the 'network' or 'existing_network' context is deprecated
2020-04-10 07:40:41.134 2299 RALLYDEBUG rally.task.runner [-] Starting a worker. concurrency: 1 args: {"network_create_args": {}, "subnet_create_args": {}, "subnet_cidr_start": "1.1.0.0/30", "subnets_per_network": 2} times: 40 method_name: run timeout: 0 duration: None cls:
2020-04-10 07:40:41.135 2297 INFO rally.task.runner [-] Task de124b79-731d-422e-b910-cc865513f57f | ITER: 12 START
2020-04-10 07:40:41.136 2297 WARNING rally_openstack.scenarios.neutron.utils [-] Running this scenario without either the 'network' or 'existing_network' context is deprecated
2020-04-10 07:40:41.136 2302 RALLYDEBUG rally.task.runner [-] Starting a worker. concurrency: 1 args: {"network_create_args": {}, "subnet_create_args": {}, "subnet_cidr_start": "1.1.0.0/30", "subnets_per_network": 2} times: 40 method_name: run timeout: 0 duration: None cls:
2020-04-10 07:40:41.140 2299 INFO rally.task.runner [-] Task de124b79-731d-422e-b910-cc865513f57f | ITER: 13 START
2020-04-10 07:40:41.140 2305 RALLYDEBUG rally.task.runner [-] Starting a worker. concurrency: 1 args: {"network_create_args": {}, "subnet_create_args": {}, "subnet_cidr_start": "1.1.0.0/30", "subnets_per_network": 2} times: 40 method_name: run timeout: 0 duration: None cls:
2020-04-10 07:40:41.141 2299 WARNING rally_openstack.scenarios.neutron.utils [-] Running this scenario without either the 'network' or 'existing_network' context is deprecated
2020-04-10 07:40:41.142 2302 INFO rally.task.runner [-] Task de124b79-731d-422e-b910-cc865513f57f | ITER: 14 START
2020-04-10 07:40:41.143 2302 WARNING rally_openstack.scenarios.neutron.utils [-] Running this scenario without either the 'network' or 'existing_network' context is deprecated
2020-04-10 07:40:41.145 2308 RALLYDEBUG rally.task.runner [-] Starting a worker. concurrency: 1 args: {"network_create_args": {}, "subnet_create_args": {}, "subnet_cidr_start": "1.1.0.0/30", "subnets_per_network": 2} times: 40 method_name: run timeout: 0 duration: None cls:
2020-04-10 07:40:41.146 2305 INFO rally.task.runner [-] Task de124b79-731d-422e-b910-cc865513f57f | ITER: 15 START
2020-04-10 07:40:41.147 2305 WARNING rally_openstack.scenarios.neutron.utils [-] Running this scenario without either the 'network' or 'existing_network' context is deprecated
2020-04-10 07:40:41.147 2311 RALLYDEBUG rally.task.runner [-] Starting a worker. concurrency: 1 args: {"network_create_args": {}, "subnet_create_args": {}, "subnet_cidr_start": "1.1.0.0/30", "subnets_per_network": 2} times: 40 method_name: run timeout: 0 duration: None cls:
2020-04-10 07:40:41.150 2314 RALLYDEBUG rally.task.runner [-] Starting a worker. concurrency: 1 args: {"network_create_args": {}, "subnet_create_args": {}, "subnet_cidr_start": "1.1.0.0/30", "subnets_per_network": 2} times: 40 method_name: run timeout: 0 duration: None cls:
2020-04-10 07:40:41.151 2308 INFO rally.task.runner [-] Task de124b79-731d-422e-b910-cc865513f57f | ITER: 16 START
2020-04-10 07:40:41.152 2308 WARNING rally_openstack.scenarios.neutron.utils [-] Running this scenario without either the 'network' or 'existing_network' context is deprecated
2020-04-10 07:40:41.153 2311 INFO rally.task.runner [-] Task de124b79-731d-422e-b910-cc865513f57f | ITER: 17 START
2020-04-10 07:40:41.154 2311 WARNING rally_openstack.scenarios.neutron.utils [-] Running this scenario without either the 'network' or 'existing_network' context is deprecated
2020-04-10 07:40:41.154 2317 RALLYDEBUG rally.task.runner [-] Starting a worker. concurrency: 1 args: {"network_create_args": {}, "subnet_create_args": {}, "subnet_cidr_start": "1.1.0.0/30", "subnets_per_network": 2} times: 40 method_name: run timeout: 0 duration: None cls:
2020-04-10 07:40:41.155 2318 RALLYDEBUG rally.task.runner [-] Starting a worker. concurrency: 1 args: {"network_create_args": {}, "subnet_create_args": {}, "subnet_cidr_start": "1.1.0.0/30", "subnets_per_network": 2} times: 40 method_name: run timeout: 0 duration: None cls:
2020-04-10 07:40:41.156 2314 INFO rally.task.runner [-] Task de124b79-731d-422e-b910-cc865513f57f | ITER: 18 START
2020-04-10 07:40:41.157 2314 WARNING rally_openstack.scenarios.neutron.utils [-] Running this scenario without either the 'network' or 'existing_network' context is deprecated
2020-04-10 07:40:41.160 2318 INFO rally.task.runner [-] Task de124b79-731d-422e-b910-cc865513f57f | ITER: 20 START
2020-04-10 07:40:41.160 2317 INFO rally.task.runner [-] Task de124b79-731d-422e-b910-cc865513f57f | ITER: 19 START
2020-04-10 07:40:41.161 2317 WARNING rally_openstack.scenarios.neutron.utils [-] Running this scenario without either the 'network' or 'existing_network' context is deprecated
2020-04-10 07:40:41.161 2318 WARNING rally_openstack.scenarios.neutron.utils [-] Running this scenario without either the 'network' or 'existing_network' context is deprecated
2020-04-10 07:40:45.110 2314 RALLYDEBUG rally_openstack.wrappers.network [-] CIDR generated: 1.1.4.96/30
2020-04-10 07:40:45.135 2272 RALLYDEBUG rally_openstack.wrappers.network [-] CIDR generated: 1.1.4.100/30
2020-04-10 07:40:45.169 2271 RALLYDEBUG rally_openstack.wrappers.network [-] CIDR generated: 1.1.4.104/30
2020-04-10 07:40:45.196 2292 RALLYDEBUG rally_openstack.wrappers.network [-] CIDR generated: 1.1.4.108/30
2020-04-10 07:40:45.227 2318 RALLYDEBUG rally_openstack.wrappers.network [-] CIDR generated: 1.1.4.112/30
2020-04-10 07:40:45.269 2311 RALLYDEBUG rally_openstack.wrappers.network [-] CIDR generated: 1.1.4.116/30
2020-04-10 07:40:45.273 2270 RALLYDEBUG rally_openstack.wrappers.network [-] CIDR generated: 1.1.4.120/30
2020-04-10 07:40:45.279 2269 RALLYDEBUG rally_openstack.wrappers.network [-] CIDR generated: 1.1.4.124/30
2020-04-10 07:40:45.293 2273 RALLYDEBUG rally_openstack.wrappers.network [-] CIDR generated: 1.1.4.128/30
2020-04-10 07:40:45.325 2305 RALLYDEBUG rally_openstack.wrappers.network [-] CIDR generated: 1.1.4.132/30
2020-04-10 07:40:45.348 2317 RALLYDEBUG rally_openstack.wrappers.network [-] CIDR generated: 1.1.4.136/30
2020-04-10 07:40:45.389 2302 RALLYDEBUG rally_openstack.wrappers.network [-] CIDR generated: 1.1.4.140/30
2020-04-10 07:40:45.444 2299 RALLYDEBUG rally_openstack.wrappers.network [-] CIDR generated: 1.1.4.144/30
2020-04-10 07:40:45.465 2281 RALLYDEBUG rally_openstack.wrappers.network [-] CIDR generated: 1.1.4.148/30
2020-04-10 07:40:45.475 2290 RALLYDEBUG rally_openstack.wrappers.network [-] CIDR generated: 1.1.4.152/30
2020-04-10 07:40:45.478 2308 RALLYDEBUG rally_openstack.wrappers.network [-] CIDR generated: 1.1.4.156/30
2020-04-10 07:40:45.537 2275 RALLYDEBUG rally_openstack.wrappers.network [-] CIDR generated: 1.1.4.160/30
2020-04-10 07:40:45.618 2297 RALLYDEBUG rally_openstack.wrappers.network [-] CIDR generated: 1.1.4.164/30
2020-04-10 07:40:45.830 2279 RALLYDEBUG rally_openstack.wrappers.network [-] CIDR generated: 1.1.4.168/30
2020-04-10 07:40:45.952 2286 RALLYDEBUG rally_openstack.wrappers.network [-] CIDR generated: 1.1.4.172/30
2020-04-10 07:40:49.900 2311 RALLYDEBUG rally_openstack.wrappers.network [-] CIDR generated: 1.1.4.176/30
2020-04-10 07:40:50.368 2305 RALLYDEBUG rally_openstack.wrappers.network [-] CIDR generated: 1.1.4.180/30
2020-04-10 07:40:50.766 2269 RALLYDEBUG rally_openstack.wrappers.network [-] CIDR generated: 1.1.4.184/30
2020-04-10 07:40:50.817 2290 RALLYDEBUG rally_openstack.wrappers.network [-] CIDR generated: 1.1.4.188/30
2020-04-10 07:40:50.911 2314 RALLYDEBUG rally_openstack.wrappers.network [-] CIDR generated: 1.1.4.192/30
2020-04-10 07:40:50.955 2302 RALLYDEBUG rally_openstack.wrappers.network [-] CIDR generated: 1.1.4.196/30
2020-04-10 07:40:51.053 2318 RALLYDEBUG rally_openstack.wrappers.network [-] CIDR generated: 1.1.4.200/30
2020-04-10 07:40:51.064 2273 RALLYDEBUG rally_openstack.wrappers.network [-] CIDR generated: 1.1.4.204/30
2020-04-10 07:40:51.333 2270 RALLYDEBUG rally_openstack.wrappers.network [-] CIDR generated: 1.1.4.208/30
2020-04-10 07:40:51.360 2292 RALLYDEBUG rally_openstack.wrappers.network [-] CIDR generated: 1.1.4.212/30
2020-04-10 07:40:51.373 2272 RALLYDEBUG rally_openstack.wrappers.network [-] CIDR generated: 1.1.4.216/30
2020-04-10 07:40:51.461 2281 RALLYDEBUG rally_openstack.wrappers.network [-] CIDR generated: 1.1.4.220/30
2020-04-10 07:40:51.916 2275 RALLYDEBUG rally_openstack.wrappers.network [-] CIDR generated: 1.1.4.224/30
2020-04-10 07:40:51.959 2297 RALLYDEBUG rally_openstack.wrappers.network [-] CIDR generated: 1.1.4.228/30
2020-04-10 07:40:52.022 2271 RALLYDEBUG rally_openstack.wrappers.network [-] CIDR generated: 1.1.4.232/30
2020-04-10 07:40:52.112 2317 RALLYDEBUG rally_openstack.wrappers.network [-] CIDR generated: 1.1.4.236/30
2020-04-10 07:40:52.179 2299 RALLYDEBUG rally_openstack.wrappers.network [-] CIDR generated: 1.1.4.240/30
2020-04-10 07:40:52.316 2308 RALLYDEBUG rally_openstack.wrappers.network [-] CIDR generated: 1.1.4.244/30
2020-04-10 07:40:52.333 2286 RALLYDEBUG rally_openstack.wrappers.network [-] CIDR generated: 1.1.4.248/30
2020-04-10 07:40:52.394 2279 RALLYDEBUG rally_openstack.wrappers.network [-] CIDR generated: 1.1.4.252/30
2020-04-10 07:40:56.061 2311 INFO rally.task.runner [-] Task de124b79-731d-422e-b910-cc865513f57f | ITER: 17 END: OK
2020-04-10 07:40:56.065 2311 INFO rally.task.runner [-] Task de124b79-731d-422e-b910-cc865513f57f | ITER: 21 START
2020-04-10 07:40:56.066 2311 WARNING rally_openstack.scenarios.neutron.utils [-] Running this scenario without either the 'network' or 'existing_network' context is deprecated
2020-04-10 07:40:56.676 2311 RALLYDEBUG rally_openstack.wrappers.network [-] CIDR generated: 1.1.5.0/30
2020-04-10 07:40:56.859 2314 INFO rally.task.runner [-] Task de124b79-731d-422e-b910-cc865513f57f | ITER: 18 END: OK
2020-04-10 07:40:56.864 2314 INFO rally.task.runner [-] Task de124b79-731d-422e-b910-cc865513f57f | ITER: 22 START
2020-04-10 07:40:56.865 2314 WARNING rally_openstack.scenarios.neutron.utils [-] Running this scenario without either the 'network' or 'existing_network' context is deprecated
2020-04-10 07:40:56.892 2269 INFO rally.task.runner [-] Task de124b79-731d-422e-b910-cc865513f57f | ITER: 1 END: OK
2020-04-10 07:40:56.898 2269 INFO rally.task.runner [-] Task de124b79-731d-422e-b910-cc865513f57f | ITER: 23 START
2020-04-10 07:40:56.898 2269 WARNING rally_openstack.scenarios.neutron.utils [-] Running this scenario without either the 'network' or 'existing_network' context is deprecated
2020-04-10 07:40:57.195 2292 INFO rally.task.runner [-] Task de124b79-731d-422e-b910-cc865513f57f | ITER: 11 END: OK
2020-04-10 07:40:57.196 2302 INFO rally.task.runner [-] Task de124b79-731d-422e-b910-cc865513f57f | ITER: 14 END: OK
2020-04-10 07:40:57.200 2292 INFO rally.task.runner [-] Task de124b79-731d-422e-b910-cc865513f57f | ITER: 24 START
2020-04-10 07:40:57.201 2292 WARNING rally_openstack.scenarios.neutron.utils [-] Running this scenario without either the 'network' or 'existing_network' context is deprecated
2020-04-10 07:40:57.201 2302 INFO rally.task.runner [-] Task de124b79-731d-422e-b910-cc865513f57f | ITER: 25 START
2020-04-10 07:40:57.202 2302 WARNING rally_openstack.scenarios.neutron.utils [-] Running this scenario without either the 'network' or 'existing_network' context is deprecated
2020-04-10 07:40:57.431 2305 INFO rally.task.runner [-] Task de124b79-731d-422e-b910-cc865513f57f | ITER: 15 END: OK
2020-04-10 07:40:57.437 2305 INFO rally.task.runner [-] Task de124b79-731d-422e-b910-cc865513f57f | ITER: 26 START
2020-04-10 07:40:57.438 2305 WARNING rally_openstack.scenarios.neutron.utils [-] Running this scenario without either the 'network' or 'existing_network' context is deprecated
2020-04-10 07:40:58.036 2297 INFO rally.task.runner [-] Task de124b79-731d-422e-b910-cc865513f57f | ITER: 12 END: OK
2020-04-10 07:40:58.041 2297 INFO rally.task.runner [-] Task de124b79-731d-422e-b910-cc865513f57f | ITER: 27 START
2020-04-10 07:40:58.042 2297 WARNING rally_openstack.scenarios.neutron.utils [-] Running this scenario without either the 'network' or 'existing_network' context is deprecated
2020-04-10 07:40:58.067 2281 INFO rally.task.runner [-] Task de124b79-731d-422e-b910-cc865513f57f | ITER: 8 END: OK
2020-04-10 07:40:58.072 2281 INFO rally.task.runner [-] Task de124b79-731d-422e-b910-cc865513f57f | ITER: 28 START
2020-04-10 07:40:58.073 2281 WARNING rally_openstack.scenarios.neutron.utils [-] Running this scenario without either the 'network' or 'existing_network' context is deprecated
2020-04-10 07:40:58.224 2290 INFO rally.task.runner [-] Task de124b79-731d-422e-b910-cc865513f57f | ITER: 10 END: OK
2020-04-10 07:40:58.229 2290 INFO rally.task.runner [-] Task de124b79-731d-422e-b910-cc865513f57f | ITER: 29 START
2020-04-10 07:40:58.230 2290 WARNING rally_openstack.scenarios.neutron.utils [-] Running this scenario without either the 'network' or 'existing_network' context is deprecated
2020-04-10 07:40:58.422 2269 RALLYDEBUG rally_openstack.wrappers.network [-] CIDR generated: 1.1.5.4/30
2020-04-10 07:40:58.439 2279 INFO rally.task.runner [-] Task de124b79-731d-422e-b910-cc865513f57f | ITER: 7 END: OK
2020-04-10 07:40:58.444 2279 INFO rally.task.runner [-] Task de124b79-731d-422e-b910-cc865513f57f | ITER: 30 START
2020-04-10 07:40:58.445 2279 WARNING rally_openstack.scenarios.neutron.utils [-] Running this scenario without either the 'network' or 'existing_network' context is deprecated
2020-04-10 07:40:58.476 2292 RALLYDEBUG rally_openstack.wrappers.network [-] CIDR generated: 1.1.5.8/30
2020-04-10 07:40:58.968 2302 RALLYDEBUG rally_openstack.wrappers.network [-] CIDR generated: 1.1.5.12/30
2020-04-10 07:40:59.125 2314 RALLYDEBUG rally_openstack.wrappers.network [-] CIDR generated: 1.1.5.16/30
2020-04-10 07:40:59.146 2305 RALLYDEBUG rally_openstack.wrappers.network [-] CIDR generated: 1.1.5.20/30
2020-04-10 07:40:59.511 2318 INFO rally.task.runner [-] Task de124b79-731d-422e-b910-cc865513f57f | ITER: 20 END: OK
2020-04-10 07:40:59.515 2318 INFO rally.task.runner [-] Task de124b79-731d-422e-b910-cc865513f57f | ITER: 31 START
2020-04-10 07:40:59.516 2318 WARNING rally_openstack.scenarios.neutron.utils [-] Running this scenario without either the 'network' or 'existing_network' context is deprecated
2020-04-10 07:40:59.626 2273 INFO rally.task.runner [-] Task de124b79-731d-422e-b910-cc865513f57f | ITER: 5 END: OK
2020-04-10 07:40:59.631 2273 INFO rally.task.runner [-] Task de124b79-731d-422e-b910-cc865513f57f | ITER: 32 START
2020-04-10 07:40:59.632 2273 WARNING rally_openstack.scenarios.neutron.utils [-] Running this scenario without either the 'network' or 'existing_network' context is deprecated
2020-04-10 07:40:59.666 2281 RALLYDEBUG rally_openstack.wrappers.network [-] CIDR generated: 1.1.5.24/30
2020-04-10 07:41:00.110 2290 RALLYDEBUG rally_openstack.wrappers.network [-] CIDR generated: 1.1.5.28/30
2020-04-10 07:41:00.314 2297 RALLYDEBUG rally_openstack.wrappers.network [-] CIDR generated: 1.1.5.32/30
2020-04-10 07:41:00.680 2279 RALLYDEBUG rally_openstack.wrappers.network [-] CIDR generated: 1.1.5.36/30
2020-04-10 07:41:00.816 2299 INFO rally.task.runner [-] Task de124b79-731d-422e-b910-cc865513f57f | ITER: 13 END: OK
2020-04-10 07:41:00.821 2299 INFO rally.task.runner [-] Task de124b79-731d-422e-b910-cc865513f57f | ITER: 33 START
2020-04-10 07:41:00.821 2299 WARNING rally_openstack.scenarios.neutron.utils [-] Running this scenario without either the 'network' or 'existing_network' context is deprecated
2020-04-10 07:41:00.829 2308 INFO rally.task.runner [-] Task de124b79-731d-422e-b910-cc865513f57f | ITER: 16 END: OK
2020-04-10 07:41:00.835 2308 INFO rally.task.runner [-] Task de124b79-731d-422e-b910-cc865513f57f | ITER: 34 START
2020-04-10 07:41:00.836 2308 WARNING rally_openstack.scenarios.neutron.utils [-] Running this scenario without either the 'network' or 'existing_network' context is deprecated
2020-04-10 07:41:00.870 2271 INFO rally.task.runner [-] Task de124b79-731d-422e-b910-cc865513f57f | ITER: 3 END: OK
2020-04-10 07:41:00.875 2271 INFO rally.task.runner [-] Task de124b79-731d-422e-b910-cc865513f57f | ITER: 35 START
2020-04-10 07:41:00.875 2271 WARNING rally_openstack.scenarios.neutron.utils [-] Running this scenario without either the 'network' or 'existing_network' context is deprecated
2020-04-10 07:41:00.901 2272 INFO rally.task.runner [-] Task de124b79-731d-422e-b910-cc865513f57f | ITER: 4 END: OK
2020-04-10 07:41:00.906 2272 INFO rally.task.runner [-] Task de124b79-731d-422e-b910-cc865513f57f | ITER: 36 START
2020-04-10 07:41:00.907 2272 WARNING rally_openstack.scenarios.neutron.utils [-] Running this scenario without either the 'network' or 'existing_network' context is deprecated
2020-04-10 07:41:01.045 2275 INFO rally.task.runner [-] Task de124b79-731d-422e-b910-cc865513f57f | ITER: 6 END: OK
2020-04-10 07:41:01.050 2275 INFO rally.task.runner [-] Task de124b79-731d-422e-b910-cc865513f57f | ITER: 37 START
2020-04-10 07:41:01.051 2275 WARNING rally_openstack.scenarios.neutron.utils [-] Running this scenario without either the 'network' or 'existing_network' context is deprecated
2020-04-10 07:41:01.611 2311 RALLYDEBUG rally_openstack.wrappers.network [-] CIDR generated: 1.1.5.40/30
2020-04-10 07:41:01.717 2273 RALLYDEBUG rally_openstack.wrappers.network [-] CIDR generated: 1.1.5.44/30
2020-04-10 07:41:01.735 2317 INFO rally.task.runner [-] Task de124b79-731d-422e-b910-cc865513f57f | ITER: 19 END: OK
2020-04-10 07:41:01.739 2317 INFO rally.task.runner [-] Task de124b79-731d-422e-b910-cc865513f57f | ITER: 38 START
