2020-04-10 07:35:53.410 15 RALLYDEBUG rally_openstack.cleanup.manager [-] Deleting neutron.network object s_rally_26eaa786_U8O4IOWy (8e277d59-65a6-46a7-8c94-d734f33b962b)
2020-04-10 07:35:53.440 15 RALLYDEBUG rally_openstack.cleanup.manager [-] Deleting neutron.network object s_rally_26eaa786_k88b2WUy (90fec5b9-1c39-42d1-b448-92cf824b3680)
2020-04-10 07:35:53.470 15 RALLYDEBUG rally_openstack.cleanup.manager [-] Deleting neutron.network object s_rally_26eaa786_74Ix5MVj (920be351-69e3-4796-89a5-123bdeb9afa0)
2020-04-10 07:35:53.815 15 RALLYDEBUG rally_openstack.cleanup.manager [-] Deleting neutron.network object s_rally_26eaa786_rxrD9F0j (9460c90a-3b55-4dbc-8627-1371945042bc)
2020-04-10 07:35:54.068 15 RALLYDEBUG rally_openstack.cleanup.manager [-] Deleting neutron.network object s_rally_26eaa786_xOJXnMUy (98bb6ead-9715-4c9c-bf16-faa758046a47)
2020-04-10 07:35:54.119 15 RALLYDEBUG rally_openstack.cleanup.manager [-] Deleting neutron.network object s_rally_26eaa786_eqsGZWBr (9f0030ce-4eb5-4f7a-814e-238e901f3247)
2020-04-10 07:35:54.141 15 RALLYDEBUG rally_openstack.cleanup.manager [-] Deleting neutron.network object s_rally_26eaa786_ctBucQMf (9f7cef3c-69d1-4890-9e3b-a8827b42782e)
2020-04-10 07:35:54.806 15 RALLYDEBUG rally_openstack.cleanup.manager [-] Deleting neutron.network object s_rally_26eaa786_HfPKyg8g (a3a3f2aa-d331-49ca-9492-5095a936cf68)
2020-04-10 07:35:54.928 15 RALLYDEBUG rally_openstack.cleanup.manager [-] Deleting neutron.network object s_rally_26eaa786_QZzNWIiD (a819428a-594c-4d1d-84a0-abd569ba076a)
2020-04-10 07:35:54.991 15 RALLYDEBUG rally_openstack.cleanup.manager [-] Deleting neutron.network object s_rally_26eaa786_E4nAedbi (aa1e231d-e237-451f-b585-3afa9bc16580)
2020-04-10 07:35:55.085 15 RALLYDEBUG rally_openstack.cleanup.manager [-] Deleting neutron.network object s_rally_26eaa786_gaT02F5C (ac80dcdc-79b0-44be-ad93-7d9e460d7238)
2020-04-10 07:35:55.110 15 RALLYDEBUG rally_openstack.cleanup.manager [-] Deleting neutron.network object s_rally_26eaa786_rtM3DgPj (af9e7a2e-9838-4bb6-8fb6-0bcfc354cc60)
2020-04-10 07:35:55.368 15 RALLYDEBUG rally_openstack.cleanup.manager [-] Deleting neutron.network object s_rally_26eaa786_uX8W5blj (b1e08414-39c3-4697-91b1-373b90cd7332)
2020-04-10 07:35:55.419 15 RALLYDEBUG rally_openstack.cleanup.manager [-] Deleting neutron.network object s_rally_26eaa786_dIq191WP (b6898300-b493-4a8a-960e-538f42906c6f)
2020-04-10 07:35:55.464 15 RALLYDEBUG rally_openstack.cleanup.manager [-] Deleting neutron.network object s_rally_26eaa786_nC7BT6ad (bc434900-5df5-42b9-a7b5-8faed20d1c30)
2020-04-10 07:35:55.601 15 RALLYDEBUG rally_openstack.cleanup.manager [-] Deleting neutron.network object s_rally_26eaa786_X2putLKt (bfc99946-e82c-48f8-8048-bf57f74d5752)
2020-04-10 07:35:55.623 15 RALLYDEBUG rally_openstack.cleanup.manager [-] Deleting neutron.network object s_rally_26eaa786_zzB9KqFL (bfebfe56-2b59-4ac2-93f4-e9cf8d107373)
2020-04-10 07:35:55.707 15 RALLYDEBUG rally_openstack.cleanup.manager [-] Deleting neutron.network object s_rally_26eaa786_aLROUhPL (c2d81241-4323-4a92-bcd9-881807a7df37)
2020-04-10 07:35:55.849 15 RALLYDEBUG rally_openstack.cleanup.manager [-] Deleting neutron.network object s_rally_26eaa786_9jwpGdPS (c379cb6a-05a6-4e12-b630-470e2ec9324d)
2020-04-10 07:35:56.096 15 RALLYDEBUG rally_openstack.cleanup.manager [-] Deleting neutron.network object s_rally_26eaa786_pO9KFLkL (c5095b2c-3ffb-44c6-9f4b-21a7d8cad1b4)
2020-04-10 07:35:56.430 15 RALLYDEBUG rally_openstack.cleanup.manager [-] Deleting neutron.network object s_rally_26eaa786_ZJvMkU7F (c538844a-c16d-4131-bbf5-9bfa6ad002ef)
2020-04-10 07:35:56.578 15 RALLYDEBUG rally_openstack.cleanup.manager [-] Deleting neutron.network object s_rally_26eaa786_jeYzztXD (c55b5dbd-161d-4619-ad45-deabc609acac)
2020-04-10 07:35:56.760 15 RALLYDEBUG rally_openstack.cleanup.manager [-] Deleting neutron.network object s_rally_26eaa786_DWb4eZO4 (c55ba66a-0502-4a9d-ad7c-b9f449834aba)
2020-04-10 07:35:56.974 15 RALLYDEBUG rally_openstack.cleanup.manager [-] Deleting neutron.network object s_rally_26eaa786_QbDZn3NP (c73dd8cd-fae4-497f-ad13-c955dd7b527c)
2020-04-10 07:35:57.011 15 RALLYDEBUG rally_openstack.cleanup.manager [-] Deleting neutron.network object s_rally_26eaa786_zVXpXaER (c8e95220-9826-41d0-b451-62d500a40f80)
2020-04-10 07:35:57.268 15 RALLYDEBUG rally_openstack.cleanup.manager [-] Deleting neutron.network object s_rally_26eaa786_bMhUSFfB (ca8cd6f1-8cca-4569-a68c-df7434b77b3e)
2020-04-10 07:35:57.302 15 RALLYDEBUG rally_openstack.cleanup.manager [-] Deleting neutron.network object s_rally_26eaa786_Hb4NDQX2 (d0c8d858-4f56-4b50-ba8b-29af6dfaf797)
2020-04-10 07:35:57.329 15 RALLYDEBUG rally_openstack.cleanup.manager [-] Deleting neutron.network object s_rally_26eaa786_aCKkqjgX (d561051e-999d-4d80-b70a-8f0ea397cebc)
2020-04-10 07:35:57.402 15 RALLYDEBUG rally_openstack.cleanup.manager [-] Deleting neutron.network object s_rally_26eaa786_dvwlMZ09 (d6cc710c-1216-4d59-96d0-065c08ab1de5)
2020-04-10 07:35:57.495 15 RALLYDEBUG rally_openstack.cleanup.manager [-] Deleting neutron.network object s_rally_26eaa786_lctskt0o (d832196a-6cc5-4000-9f8b-c29da6112750)
2020-04-10 07:35:57.601 15 RALLYDEBUG rally_openstack.cleanup.manager [-] Deleting neutron.network object s_rally_26eaa786_FJ2Xsg0F (da50fd77-9fc8-414b-bd3b-87089b3147f5)
2020-04-10 07:35:57.710 15 RALLYDEBUG rally_openstack.cleanup.manager [-] Deleting neutron.network object s_rally_26eaa786_umPuiVuL (dbc81fe0-0748-4ce3-8e4b-b04f8c263bb7)
2020-04-10 07:35:57.867 15 RALLYDEBUG rally_openstack.cleanup.manager [-] Deleting neutron.network object s_rally_26eaa786_W8vkK301 (e039a825-8568-4d86-a145-05941c22abc7)
2020-04-10 07:35:57.997 15 RALLYDEBUG rally_openstack.cleanup.manager [-] Deleting neutron.network object s_rally_26eaa786_kNLxVXSF (e438fa31-4f04-4742-83b1-b72b3182a891)
2020-04-10 07:35:58.024 15 RALLYDEBUG rally_openstack.cleanup.manager [-] Deleting neutron.network object s_rally_26eaa786_ybEkrp6B (e622572c-1b77-4f8a-91bc-155e084a9360)
2020-04-10 07:35:58.034 15 RALLYDEBUG rally_openstack.cleanup.manager [-] Deleting neutron.network object s_rally_26eaa786_COFnUsKO (e80002d0-ff6d-4cbc-b4cb-769cb65ac0cd)
2020-04-10 07:35:58.068 15 RALLYDEBUG rally_openstack.cleanup.manager [-] Deleting neutron.network object s_rally_26eaa786_yh07exFe (e8c330a0-666b-4d10-b8e4-c26f951f708e)
2020-04-10 07:35:58.083 15 RALLYDEBUG rally_openstack.cleanup.manager [-] Deleting neutron.network object s_rally_26eaa786_gxzp01zt (ed151568-8cf0-4509-b618-2f3993315ab4)
2020-04-10 07:35:58.100 15 RALLYDEBUG rally_openstack.cleanup.manager [-] Deleting neutron.network object s_rally_26eaa786_W8krimM8 (efda83a9-1e4e-4c4b-b690-f6ee04897094)
2020-04-10 07:35:58.228 15 RALLYDEBUG rally_openstack.cleanup.manager [-] Deleting neutron.network object s_rally_26eaa786_uOU7A7UT (f04f531b-e4d3-4519-b506-91ec39448af1)
2020-04-10 07:35:58.374 15 RALLYDEBUG rally_openstack.cleanup.manager [-] Deleting neutron.network object s_rally_26eaa786_9fN6BLOD (f16915c9-c4a0-4042-b676-5a9abc9a597a)
2020-04-10 07:35:58.498 15 RALLYDEBUG rally_openstack.cleanup.manager [-] Deleting neutron.network object s_rally_26eaa786_P1WwmW2D (f27704d3-249d-405c-9285-8a06a963dfa3)
2020-04-10 07:35:59.213 15 RALLYDEBUG rally_openstack.cleanup.manager [-] Deleting neutron.network object s_rally_26eaa786_KhneKtsG (f6203936-1fa6-4234-98f3-509acea4c819)
2020-04-10 07:35:59.509 15 RALLYDEBUG rally_openstack.cleanup.manager [-] Deleting neutron.network object s_rally_26eaa786_3BdHsirn (f6b4e80d-143c-4e4b-a82a-32a18035c492)
2020-04-10 07:35:59.666 15 RALLYDEBUG rally_openstack.cleanup.manager [-] Deleting neutron.network object s_rally_26eaa786_KuxpUJ3E (fb4113ae-d035-4646-baef-e12de1e88a90)
2020-04-10 07:35:59.678 15 RALLYDEBUG rally_openstack.cleanup.manager [-] Deleting neutron.network object s_rally_26eaa786_gmYRnXLa (fb6ede78-aa89-495c-b463-55fb40abc9ea)
2020-04-10 07:35:59.807 15 RALLYDEBUG rally_openstack.cleanup.manager [-] Deleting neutron.network object s_rally_26eaa786_JOzkpJIo (feff11a0-0daf-409a-bef2-d4354867d52d)
2020-04-10 07:36:02.160 15 RALLYDEBUG rally_openstack.cleanup.manager [-] Cleaning up neutron router objects
2020-04-10 07:36:02.428 15 RALLYDEBUG rally_openstack.cleanup.manager [-] Cleaning up neutron security_group objects
2020-04-10 07:36:02.736 15 INFO rally.task.context [-] Task de124b79-731d-422e-b910-cc865513f57f | Context cleanup@openstack cleanup() finished in 18.16 sec
2020-04-10 07:36:02.736 15 INFO rally.task.context [-] Task de124b79-731d-422e-b910-cc865513f57f | Context quotas@openstack cleanup() started
2020-04-10 07:36:02.784 15 INFO rally.task.context [-] Task de124b79-731d-422e-b910-cc865513f57f | Context quotas@openstack cleanup() finished in 47.31 msec
2020-04-10 07:36:02.784 15 INFO rally.task.context [-] Task de124b79-731d-422e-b910-cc865513f57f | Context users@openstack cleanup() started
2020-04-10 07:36:04.400 15 INFO rally.task.context [-] Task de124b79-731d-422e-b910-cc865513f57f | Context users@openstack cleanup() finished in 1.62 sec
2020-04-10 07:36:05.879 15 INFO rally.task.engine [-] Load duration is: 27.468153
2020-04-10 07:36:05.880 15 INFO rally.task.engine [-] Full runner duration is: 27.510884
2020-04-10 07:36:05.880 15 INFO rally.task.engine [-] Full duration is: 48.720445
2020-04-10 07:36:06.057 15 INFO rally.task.engine [-] Running workload: position = 1 config = { "version": 2, "title": "A cropped version of a bigger task.", "description": "Auto-generated task from a single workload (uuid=381bd4e1-963b-44c3-82b2-0ec9fc5ffb13)", "subtasks": [ { "title": "NeutronNetworks.create_and_update_networks", "description": "Check network update action", "scenario": { "NeutronNetworks.create_and_update_networks": { "network_create_args": {}, "network_update_args": { "admin_state_up": false, "name": "_updated" } } }, "contexts": { "users": { "tenants": 1, "users_per_tenant": 1 }, "quotas": { "neutron": { "network": -1 } } }, "runner": { "constant": { "times": 40, "concurrency": 20 } }, "hooks": [], "sla": { "failure_rate": { "max": 0 } } } ] }
2020-04-10 07:36:06.079 15 RALLYDEBUG rally_openstack.contexts.keystone.users [-] Creating 1 tenants using 20 threads
2020-04-10 07:36:06.441 15 RALLYDEBUG rally_openstack.contexts.keystone.users [-] Creating 1 users using 20 threads
2020-04-10 07:36:06.942 15 INFO rally.task.context [-] Task de124b79-731d-422e-b910-cc865513f57f | Context users@openstack setup() finished in 0.86 sec
2020-04-10 07:36:07.353 15 INFO rally.task.context [-] Task de124b79-731d-422e-b910-cc865513f57f | Context quotas@openstack setup() finished in 0.41 sec
2020-04-10 07:36:07.354 15 INFO rally.task.context [-] Task de124b79-731d-422e-b910-cc865513f57f | Context cleanup@openstack setup() finished in 0.01 msec
2020-04-10 07:36:07.363 15 RALLYDEBUG rally.task.runner [-] Starting the constant runner (task UUID: de124b79-731d-422e-b910-cc865513f57f). timeout: 0 concurrency: 20 concurrency_per_worker: 1 times: 40 concurrency_overhead: 0 processes_to_start: 20 max_cpu_used: 88
2020-04-10 07:36:07.377 601 RALLYDEBUG rally.task.runner [-] Starting a worker. concurrency: 1 args: {"network_create_args": {}, "network_update_args": {"admin_state_up": false, "name": "_updated"}} times: 40 method_name: run timeout: 0 duration: None cls:
2020-04-10 07:36:07.379 602 RALLYDEBUG rally.task.runner [-] Starting a worker. concurrency: 1 args: {"network_create_args": {}, "network_update_args": {"admin_state_up": false, "name": "_updated"}} times: 40 method_name: run timeout: 0 duration: None cls:
2020-04-10 07:36:07.383 601 INFO rally.task.runner [-] Task de124b79-731d-422e-b910-cc865513f57f | ITER: 1 START
2020-04-10 07:36:07.382 603 RALLYDEBUG rally.task.runner [-] Starting a worker. concurrency: 1 args: {"network_create_args": {}, "network_update_args": {"admin_state_up": false, "name": "_updated"}} times: 40 method_name: run timeout: 0 duration: None cls:
2020-04-10 07:36:07.385 602 INFO rally.task.runner [-] Task de124b79-731d-422e-b910-cc865513f57f | ITER: 2 START
2020-04-10 07:36:07.386 604 RALLYDEBUG rally.task.runner [-] Starting a worker. concurrency: 1 args: {"network_create_args": {}, "network_update_args": {"admin_state_up": false, "name": "_updated"}} times: 40 method_name: run timeout: 0 duration: None cls:
2020-04-10 07:36:07.388 603 INFO rally.task.runner [-] Task de124b79-731d-422e-b910-cc865513f57f | ITER: 3 START
2020-04-10 07:36:07.389 607 RALLYDEBUG rally.task.runner [-] Starting a worker. concurrency: 1 args: {"network_create_args": {}, "network_update_args": {"admin_state_up": false, "name": "_updated"}} times: 40 method_name: run timeout: 0 duration: None cls:
2020-04-10 07:36:07.394 604 INFO rally.task.runner [-] Task de124b79-731d-422e-b910-cc865513f57f | ITER: 4 START
2020-04-10 07:36:07.395 607 INFO rally.task.runner [-] Task de124b79-731d-422e-b910-cc865513f57f | ITER: 5 START
2020-04-10 07:36:07.395 612 RALLYDEBUG rally.task.runner [-] Starting a worker. concurrency: 1 args: {"network_create_args": {}, "network_update_args": {"admin_state_up": false, "name": "_updated"}} times: 40 method_name: run timeout: 0 duration: None cls:
2020-04-10 07:36:07.399 614 RALLYDEBUG rally.task.runner [-] Starting a worker. concurrency: 1 args: {"network_create_args": {}, "network_update_args": {"admin_state_up": false, "name": "_updated"}} times: 40 method_name: run timeout: 0 duration: None cls:
2020-04-10 07:36:07.402 612 INFO rally.task.runner [-] Task de124b79-731d-422e-b910-cc865513f57f | ITER: 6 START
2020-04-10 07:36:07.402 618 RALLYDEBUG rally.task.runner [-] Starting a worker. concurrency: 1 args: {"network_create_args": {}, "network_update_args": {"admin_state_up": false, "name": "_updated"}} times: 40 method_name: run timeout: 0 duration: None cls:
2020-04-10 07:36:07.404 614 INFO rally.task.runner [-] Task de124b79-731d-422e-b910-cc865513f57f | ITER: 7 START
2020-04-10 07:36:07.406 619 RALLYDEBUG rally.task.runner [-] Starting a worker. concurrency: 1 args: {"network_create_args": {}, "network_update_args": {"admin_state_up": false, "name": "_updated"}} times: 40 method_name: run timeout: 0 duration: None cls:
2020-04-10 07:36:07.409 622 RALLYDEBUG rally.task.runner [-] Starting a worker. concurrency: 1 args: {"network_create_args": {}, "network_update_args": {"admin_state_up": false, "name": "_updated"}} times: 40 method_name: run timeout: 0 duration: None cls:
2020-04-10 07:36:07.412 618 INFO rally.task.runner [-] Task de124b79-731d-422e-b910-cc865513f57f | ITER: 8 START
2020-04-10 07:36:07.412 619 INFO rally.task.runner [-] Task de124b79-731d-422e-b910-cc865513f57f | ITER: 9 START
2020-04-10 07:36:07.412 625 RALLYDEBUG rally.task.runner [-] Starting a worker. concurrency: 1 args: {"network_create_args": {}, "network_update_args": {"admin_state_up": false, "name": "_updated"}} times: 40 method_name: run timeout: 0 duration: None cls:
2020-04-10 07:36:07.415 622 INFO rally.task.runner [-] Task de124b79-731d-422e-b910-cc865513f57f | ITER: 10 START
2020-04-10 07:36:07.415 627 RALLYDEBUG rally.task.runner [-] Starting a worker. concurrency: 1 args: {"network_create_args": {}, "network_update_args": {"admin_state_up": false, "name": "_updated"}} times: 40 method_name: run timeout: 0 duration: None cls:
2020-04-10 07:36:07.419 625 INFO rally.task.runner [-] Task de124b79-731d-422e-b910-cc865513f57f | ITER: 11 START
2020-04-10 07:36:07.419 631 RALLYDEBUG rally.task.runner [-] Starting a worker. concurrency: 1 args: {"network_create_args": {}, "network_update_args": {"admin_state_up": false, "name": "_updated"}} times: 40 method_name: run timeout: 0 duration: None cls:
2020-04-10 07:36:07.422 634 RALLYDEBUG rally.task.runner [-] Starting a worker. concurrency: 1 args: {"network_create_args": {}, "network_update_args": {"admin_state_up": false, "name": "_updated"}} times: 40 method_name: run timeout: 0 duration: None cls:
2020-04-10 07:36:07.424 627 INFO rally.task.runner [-] Task de124b79-731d-422e-b910-cc865513f57f | ITER: 12 START
2020-04-10 07:36:07.425 631 INFO rally.task.runner [-] Task de124b79-731d-422e-b910-cc865513f57f | ITER: 13 START
2020-04-10 07:36:07.425 637 RALLYDEBUG rally.task.runner [-] Starting a worker. concurrency: 1 args: {"network_create_args": {}, "network_update_args": {"admin_state_up": false, "name": "_updated"}} times: 40 method_name: run timeout: 0 duration: None cls:
2020-04-10 07:36:07.427 634 INFO rally.task.runner [-] Task de124b79-731d-422e-b910-cc865513f57f | ITER: 14 START
2020-04-10 07:36:07.428 639 RALLYDEBUG rally.task.runner [-] Starting a worker. concurrency: 1 args: {"network_create_args": {}, "network_update_args": {"admin_state_up": false, "name": "_updated"}} times: 40 method_name: run timeout: 0 duration: None cls:
2020-04-10 07:36:07.431 637 INFO rally.task.runner [-] Task de124b79-731d-422e-b910-cc865513f57f | ITER: 15 START
2020-04-10 07:36:07.432 643 RALLYDEBUG rally.task.runner [-] Starting a worker. concurrency: 1 args: {"network_create_args": {}, "network_update_args": {"admin_state_up": false, "name": "_updated"}} times: 40 method_name: run timeout: 0 duration: None cls:
2020-04-10 07:36:07.433 639 INFO rally.task.runner [-] Task de124b79-731d-422e-b910-cc865513f57f | ITER: 16 START
2020-04-10 07:36:07.434 646 RALLYDEBUG rally.task.runner [-] Starting a worker. concurrency: 1 args: {"network_create_args": {}, "network_update_args": {"admin_state_up": false, "name": "_updated"}} times: 40 method_name: run timeout: 0 duration: None cls:
2020-04-10 07:36:07.437 649 RALLYDEBUG rally.task.runner [-] Starting a worker. concurrency: 1 args: {"network_create_args": {}, "network_update_args": {"admin_state_up": false, "name": "_updated"}} times: 40 method_name: run timeout: 0 duration: None cls:
2020-04-10 07:36:07.438 643 INFO rally.task.runner [-] Task de124b79-731d-422e-b910-cc865513f57f | ITER: 17 START
2020-04-10 07:36:07.440 646 INFO rally.task.runner [-] Task de124b79-731d-422e-b910-cc865513f57f | ITER: 18 START
2020-04-10 07:36:07.440 652 RALLYDEBUG rally.task.runner [-] Starting a worker. concurrency: 1 args: {"network_create_args": {}, "network_update_args": {"admin_state_up": false, "name": "_updated"}} times: 40 method_name: run timeout: 0 duration: None cls:
2020-04-10 07:36:07.442 649 INFO rally.task.runner [-] Task de124b79-731d-422e-b910-cc865513f57f | ITER: 19 START
2020-04-10 07:36:07.445 652 INFO rally.task.runner [-] Task de124b79-731d-422e-b910-cc865513f57f | ITER: 20 START
2020-04-10 07:36:10.041 634 INFO rally.task.runner [-] Task de124b79-731d-422e-b910-cc865513f57f | ITER: 14 END: OK
2020-04-10 07:36:10.046 634 INFO rally.task.runner [-] Task de124b79-731d-422e-b910-cc865513f57f | ITER: 21 START
2020-04-10 07:36:10.210 604 INFO rally.task.runner [-] Task de124b79-731d-422e-b910-cc865513f57f | ITER: 4 END: OK
2020-04-10 07:36:10.215 604 INFO rally.task.runner [-] Task de124b79-731d-422e-b910-cc865513f57f | ITER: 22 START
2020-04-10 07:36:10.358 618 INFO rally.task.runner [-] Task de124b79-731d-422e-b910-cc865513f57f | ITER: 8 END: OK
2020-04-10 07:36:10.363 618 INFO rally.task.runner [-] Task de124b79-731d-422e-b910-cc865513f57f | ITER: 23 START
2020-04-10 07:36:10.433 652 INFO rally.task.runner [-] Task de124b79-731d-422e-b910-cc865513f57f | ITER: 20 END: OK
2020-04-10 07:36:10.437 652 INFO rally.task.runner [-] Task de124b79-731d-422e-b910-cc865513f57f | ITER: 24 START
2020-04-10 07:36:10.514 639 INFO rally.task.runner [-] Task de124b79-731d-422e-b910-cc865513f57f | ITER: 16 END: OK
2020-04-10 07:36:10.519 639 INFO rally.task.runner [-] Task de124b79-731d-422e-b910-cc865513f57f | ITER: 25 START
2020-04-10 07:36:10.538 622 INFO rally.task.runner [-] Task de124b79-731d-422e-b910-cc865513f57f | ITER: 10 END: OK
2020-04-10 07:36:10.543 622 INFO rally.task.runner [-] Task de124b79-731d-422e-b910-cc865513f57f | ITER: 26 START
2020-04-10 07:36:10.598 643 INFO rally.task.runner [-] Task de124b79-731d-422e-b910-cc865513f57f | ITER: 17 END: OK
2020-04-10 07:36:10.603 643 INFO rally.task.runner [-] Task de124b79-731d-422e-b910-cc865513f57f | ITER: 27 START
2020-04-10 07:36:10.652 607 INFO rally.task.runner [-] Task de124b79-731d-422e-b910-cc865513f57f | ITER: 5 END: OK
2020-04-10 07:36:10.657 607 INFO rally.task.runner [-] Task de124b79-731d-422e-b910-cc865513f57f | ITER: 28 START
2020-04-10 07:36:10.759 649 INFO rally.task.runner [-] Task de124b79-731d-422e-b910-cc865513f57f | ITER: 19 END: OK
2020-04-10 07:36:10.764 649 INFO rally.task.runner [-] Task de124b79-731d-422e-b910-cc865513f57f | ITER: 29 START
2020-04-10 07:36:11.004 619 INFO rally.task.runner [-] Task de124b79-731d-422e-b910-cc865513f57f | ITER: 9 END: OK
2020-04-10 07:36:11.008 619 INFO rally.task.runner [-] Task de124b79-731d-422e-b910-cc865513f57f | ITER: 30 START
2020-04-10 07:36:11.250 614 INFO rally.task.runner [-] Task de124b79-731d-422e-b910-cc865513f57f | ITER: 7 END: OK
2020-04-10 07:36:11.255 614 INFO rally.task.runner [-] Task de124b79-731d-422e-b910-cc865513f57f | ITER: 31 START
2020-04-10 07:36:11.310 646 INFO rally.task.runner [-] Task de124b79-731d-422e-b910-cc865513f57f | ITER: 18 END: OK
2020-04-10 07:36:11.314 646 INFO rally.task.runner [-] Task de124b79-731d-422e-b910-cc865513f57f | ITER: 32 START
2020-04-10 07:36:11.879 603 INFO rally.task.runner [-] Task de124b79-731d-422e-b910-cc865513f57f | ITER: 3 END: OK
2020-04-10 07:36:11.884 603 INFO rally.task.runner [-] Task de124b79-731d-422e-b910-cc865513f57f | ITER: 33 START
2020-04-10 07:36:11.891 612 INFO rally.task.runner [-] Task de124b79-731d-422e-b910-cc865513f57f | ITER: 6 END: OK
2020-04-10 07:36:11.896 612 INFO rally.task.runner [-] Task de124b79-731d-422e-b910-cc865513f57f | ITER: 34 START
2020-04-10 07:36:11.948 602 INFO rally.task.runner [-] Task de124b79-731d-422e-b910-cc865513f57f | ITER: 2 END: OK
2020-04-10 07:36:11.952 631 INFO rally.task.runner [-] Task de124b79-731d-422e-b910-cc865513f57f | ITER: 13 END: OK
2020-04-10 07:36:11.953 602 INFO rally.task.runner [-] Task de124b79-731d-422e-b910-cc865513f57f | ITER: 35 START
2020-04-10 07:36:11.957 631 INFO rally.task.runner [-] Task de124b79-731d-422e-b910-cc865513f57f | ITER: 36 START
2020-04-10 07:36:11.971 637 INFO rally.task.runner [-] Task de124b79-731d-422e-b910-cc865513f57f | ITER: 15 END: OK
2020-04-10 07:36:11.974 601 INFO rally.task.runner [-] Task de124b79-731d-422e-b910-cc865513f57f | ITER: 1 END: OK
2020-04-10 07:36:11.976 637 INFO rally.task.runner [-] Task de124b79-731d-422e-b910-cc865513f57f | ITER: 37 START
2020-04-10 07:36:11.978 601 INFO rally.task.runner [-] Task de124b79-731d-422e-b910-cc865513f57f | ITER: 38 START
2020-04-10 07:36:12.508 622 INFO rally.task.runner [-] Task de124b79-731d-422e-b910-cc865513f57f | ITER: 26 END: OK
2020-04-10 07:36:12.512 622 INFO rally.task.runner [-] Task de124b79-731d-422e-b910-cc865513f57f | ITER: 39 START
2020-04-10 07:36:12.576 652 INFO rally.task.runner [-] Task de124b79-731d-422e-b910-cc865513f57f | ITER: 24 END: OK
2020-04-10 07:36:12.580 652 INFO rally.task.runner [-] Task de124b79-731d-422e-b910-cc865513f57f | ITER: 40 START
2020-04-10 07:36:12.633 625 INFO rally.task.runner [-] Task de124b79-731d-422e-b910-cc865513f57f | ITER: 11 END: OK
2020-04-10 07:36:12.694 627 INFO rally.task.runner [-] Task de124b79-731d-422e-b910-cc865513f57f | ITER: 12 END: OK
2020-04-10 07:36:12.801 604 INFO rally.task.runner [-] Task de124b79-731d-422e-b910-cc865513f57f | ITER: 22 END: OK
2020-04-10 07:36:12.828 607 INFO rally.task.runner [-] Task de124b79-731d-422e-b910-cc865513f57f | ITER: 28 END: OK
2020-04-10 07:36:15.034 639 INFO rally.task.runner [-] Task de124b79-731d-422e-b910-cc865513f57f | ITER: 25 END: OK
2020-04-10 07:36:15.314 634 INFO rally.task.runner [-] Task de124b79-731d-422e-b910-cc865513f57f | ITER: 21 END: OK
2020-04-10 07:36:15.723 614 INFO rally.task.runner [-] Task de124b79-731d-422e-b910-cc865513f57f | ITER: 31 END: OK
2020-04-10 07:36:15.796 618 INFO rally.task.runner [-] Task de124b79-731d-422e-b910-cc865513f57f | ITER: 23 END: OK
2020-04-10 07:36:16.047 646 INFO rally.task.runner [-] Task de124b79-731d-422e-b910-cc865513f57f | ITER: 32 END: OK
2020-04-10 07:36:16.136 631 INFO rally.task.runner [-] Task de124b79-731d-422e-b910-cc865513f57f | ITER: 36 END: OK
2020-04-10 07:36:16.312 643 INFO rally.task.runner [-] Task de124b79-731d-422e-b910-cc865513f57f | ITER: 27 END: OK
2020-04-10 07:36:16.486 602 INFO rally.task.runner [-] Task de124b79-731d-422e-b910-cc865513f57f | ITER: 35 END: OK
2020-04-10 07:36:16.486 619 INFO rally.task.runner [-] Task de124b79-731d-422e-b910-cc865513f57f | ITER: 30 END: OK
2020-04-10 07:36:16.513 649 INFO rally.task.runner [-] Task de124b79-731d-422e-b910-cc865513f57f | ITER: 29 END: OK
2020-04-10 07:36:16.627 603 INFO rally.task.runner [-] Task de124b79-731d-422e-b910-cc865513f57f | ITER: 33 END: OK
2020-04-10 07:36:16.668 637 INFO rally.task.runner [-] Task de124b79-731d-422e-b910-cc865513f57f | ITER: 37 END: OK
2020-04-10 07:36:16.796 622 INFO rally.task.runner [-] Task de124b79-731d-422e-b910-cc865513f57f | ITER: 39 END: OK
2020-04-10 07:36:16.955 601 INFO rally.task.runner [-] Task de124b79-731d-422e-b910-cc865513f57f | ITER: 38 END: OK
2020-04-10 07:36:17.023 612 INFO rally.task.runner [-] Task de124b79-731d-422e-b910-cc865513f57f | ITER: 34 END: OK
2020-04-10 07:36:17.280 652 INFO rally.task.runner [-] Task de124b79-731d-422e-b910-cc865513f57f | ITER: 40 END: OK
2020-04-10 07:36:17.306 15 INFO rally.task.context [-] Task de124b79-731d-422e-b910-cc865513f57f | Context cleanup@openstack cleanup() started
2020-04-10 07:36:17.309 15 RALLYDEBUG rally_openstack.cleanup.manager [-] Cleaning up neutron vip objects
2020-04-10 07:36:17.533 15 RALLYDEBUG rally_openstack.cleanup.manager [-] Cleaning up neutron health_monitor objects
2020-04-10 07:36:17.741 15 RALLYDEBUG rally_openstack.cleanup.manager [-] Cleaning up neutron pool objects
2020-04-10 07:36:17.916 15 RALLYDEBUG rally_openstack.cleanup.manager [-] Cleaning up neutron loadbalancer objects
2020-04-10 07:36:18.111 15 RALLYDEBUG rally_openstack.cleanup.manager [-] Cleaning up neutron floatingip objects
2020-04-10 07:36:18.328 15 RALLYDEBUG rally_openstack.cleanup.manager [-] Cleaning up neutron trunk objects
2020-04-10 07:36:18.495 15 DEBUG neutronclient.v2_0.client [-] Error message: {"NeutronError": {"message": "Invalid input for operation: 'tenant_id' is not supported for filtering.", "type": "InvalidInput", "detail": ""}} _handle_fault_response /usr/lib/python2.7/site-packages/neutronclient/v2_0/client.py:259
2020-04-10 07:36:18.528 15 DEBUG neutronclient.v2_0.client [-] Error message: {"NeutronError": {"message": "Invalid input for operation: 'tenant_id' is not supported for filtering.", "type": "InvalidInput", "detail": ""}} _handle_fault_response /usr/lib/python2.7/site-packages/neutronclient/v2_0/client.py:259
2020-04-10 07:36:18.548 15 DEBUG neutronclient.v2_0.client [-] Error message: {"NeutronError": {"message": "Invalid input for operation: 'tenant_id' is not supported for filtering.", "type": "InvalidInput", "detail": ""}} _handle_fault_response /usr/lib/python2.7/site-packages/neutronclient/v2_0/client.py:259
2020-04-10 07:36:18.549 15 ERROR rally_openstack.cleanup.manager [-] Seems like rally_openstack.cleanup.resources.NeutronTrunk.list(self) method is broken. It shouldn't raise any exceptions.: BadRequest: Invalid input for operation: 'tenant_id' is not supported for filtering. Neutron server returns request_ids: ['req-79266347-12d7-424e-b3b3-43299116d1b7']
2020-04-10 07:36:18.549 15 ERROR rally_openstack.cleanup.manager
Traceback (most recent call last):
2020-04-10 07:36:18.549 15 ERROR rally_openstack.cleanup.manager
File "/usr/lib/python2.7/site-packages/rally_openstack/cleanup/manager.py", line 133, in _publish
2020-04-10 07:36:18.549 15 ERROR rally_openstack.cleanup.manager for raw_resource in rutils.retry(3, manager.list):
2020-04-10 07:36:18.549 15 ERROR rally_openstack.cleanup.manager
File "/usr/lib/python2.7/site-packages/rally/common/utils.py", line 230, in retry
2020-04-10 07:36:18.549 15 ERROR rally_openstack.cleanup.manager return func(*args, **kwargs)
2020-04-10 07:36:18.549 15 ERROR rally_openstack.cleanup.manager
File "/usr/lib/python2.7/site-packages/rally_openstack/cleanup/resources.py", line 396, in list
2020-04-10 07:36:18.549 15 ERROR rally_openstack.cleanup.manager return super(NeutronTrunk, self).list()
2020-04-10 07:36:18.549 15 ERROR rally_openstack.cleanup.manager
File "/usr/lib/python2.7/site-packages/rally_openstack/cleanup/resources.py", line 273, in list
2020-04-10 07:36:18.549 15 ERROR rally_openstack.cleanup.manager result = list_method(tenant_id=self.tenant_uuid)[resources]
2020-04-10 07:36:18.549 15 ERROR rally_openstack.cleanup.manager
File "/usr/lib/python2.7/site-packages/neutronclient/v2_0/client.py", line 2105, in list_trunks
2020-04-10 07:36:18.549 15 ERROR rally_openstack.cleanup.manager **_params)
2020-04-10 07:36:18.549 15 ERROR rally_openstack.cleanup.manager
File "/usr/lib/python2.7/site-packages/neutronclient/v2_0/client.py", line 369, in list
2020-04-10 07:36:18.549 15 ERROR rally_openstack.cleanup.manager for r in self._pagination(collection, path, **params):
2020-04-10 07:36:18.549 15 ERROR rally_openstack.cleanup.manager
File "/usr/lib/python2.7/site-packages/neutronclient/v2_0/client.py", line 384, in _pagination
2020-04-10 07:36:18.549 15 ERROR rally_openstack.cleanup.manager res = self.get(path, params=params)
2020-04-10 07:36:18.549 15 ERROR rally_openstack.cleanup.manager
File "/usr/lib/python2.7/site-packages/neutronclient/v2_0/client.py", line 354, in get
2020-04-10 07:36:18.549 15 ERROR rally_openstack.cleanup.manager headers=headers, params=params)
2020-04-10 07:36:18.549 15 ERROR rally_openstack.cleanup.manager
File "/usr/lib/python2.7/site-packages/neutronclient/v2_0/client.py", line 331, in retry_request
2020-04-10 07:36:18.549 15 ERROR rally_openstack.cleanup.manager headers=headers, params=params)
2020-04-10 07:36:18.549 15 ERROR rally_openstack.cleanup.manager
File "/usr/lib/python2.7/site-packages/neutronclient/v2_0/client.py", line 294, in do_request
2020-04-10 07:36:18.549 15 ERROR rally_openstack.cleanup.manager self._handle_fault_response(status_code, replybody, resp)
2020-04-10 07:36:18.549 15 ERROR rally_openstack.cleanup.manager
File "/usr/lib/python2.7/site-packages/neutronclient/v2_0/client.py", line 269, in _handle_fault_response
2020-04-10 07:36:18.549 15 ERROR rally_openstack.cleanup.manager exception_handler_v20(status_code, error_body)
2020-04-10 07:36:18.549 15 ERROR rally_openstack.cleanup.manager
File "/usr/lib/python2.7/site-packages/neutronclient/v2_0/client.py", line 93, in exception_handler_v20
2020-04-10 07:36:18.549 15 ERROR rally_openstack.cleanup.manager request_ids=request_ids)
2020-04-10 07:36:18.549 15 ERROR rally_openstack.cleanup.manager BadRequest: Invalid input for operation: 'tenant_id' is not supported for filtering.
2020-04-10 07:36:18.549 15 ERROR rally_openstack.cleanup.manager Neutron server returns request_ids: ['req-79266347-12d7-424e-b3b3-43299116d1b7']
2020-04-10 07:36:18.549 15 ERROR rally_openstack.cleanup.manager
2020-04-10 07:36:18.559 15 RALLYDEBUG rally_openstack.cleanup.manager [-] Cleaning up neutron port objects
2020-04-10 07:36:18.801 15 RALLYDEBUG rally_openstack.cleanup.manager [-] Cleaning up neutron subnet objects
2020-04-10 07:36:19.035 15 RALLYDEBUG rally_openstack.cleanup.manager [-] Cleaning up neutron network objects
2020-04-10 07:36:19.535 15 RALLYDEBUG rally_openstack.cleanup.manager [-] Deleting neutron.network object s_rally_381bd4e1_FiMqa5Yp (1a4727fc-b7b4-4744-aa63-ad89da010737)
2020-04-10 07:36:19.536 15 RALLYDEBUG rally_openstack.cleanup.manager [-] Deleting neutron.network object s_rally_381bd4e1_XibiA0bW (22f4624d-aa17-46b4-ae32-0e071a5aba65)
2020-04-10 07:36:19.537 15 RALLYDEBUG rally_openstack.cleanup.manager [-] Deleting neutron.network object s_rally_381bd4e1_bGHMkFsU (2035c18e-2882-439f-9d56-3da62f7adfa8)
2020-04-10 07:36:19.540 15 RALLYDEBUG rally_openstack.cleanup.manager [-] Deleting neutron.network object s_rally_381bd4e1_XYZrRjaO (2cc6d649-e389-4a40-bca4-542b498e0cc9)
2020-04-10 07:36:19.544 15 RALLYDEBUG rally_openstack.cleanup.manager [-] Deleting neutron.network object s_rally_381bd4e1_QCB2uqTY (10b8ebca-2d80-45e7-a4e9-3349646b91a0)
2020-04-10 07:36:19.562 15 RALLYDEBUG rally_openstack.cleanup.manager [-] Deleting neutron.network object s_rally_381bd4e1_HfKUCtxv (231ad0a3-7f31-4096-8892-6b2c69981d5f)
2020-04-10 07:36:19.563 15 RALLYDEBUG rally_openstack.cleanup.manager [-] Deleting neutron.network object s_rally_381bd4e1_rj0TOa0i (32aae2cd-77ad-43e8-af56-a348ac613a41)
2020-04-10 07:36:19.566 15 RALLYDEBUG rally_openstack.cleanup.manager [-] Deleting neutron.network object s_rally_381bd4e1_vjXoTDzY (2a957a41-1432-4571-8db3-59c42146810b)
2020-04-10 07:36:19.594 15 RALLYDEBUG rally_openstack.cleanup.manager [-] Deleting neutron.network object s_rally_381bd4e1_YWT1iDRB (39605b53-3804-48bc-ad3b-90e7c4173f31)
2020-04-10 07:36:19.622 15 RALLYDEBUG rally_openstack.cleanup.manager [-] Deleting neutron.network object s_rally_381bd4e1_Glg4sdxv (31dc677c-9a35-4cb4-b080-2df8eda6feec)
2020-04-10 07:36:19.641 15 RALLYDEBUG rally_openstack.cleanup.manager [-] Deleting neutron.network object s_rally_381bd4e1_z4pUkYDn (3845cdc0-376a-4d1d-9e4b-d20799e41c22)
2020-04-10 07:36:19.650 15 RALLYDEBUG rally_openstack.cleanup.manager [-] Deleting neutron.network object s_rally_381bd4e1_RdtcXy2w (338cee07-b332-4c63-b89e-f2be0db14bfc)
2020-04-10 07:36:19.660 15 RALLYDEBUG rally_openstack.cleanup.manager [-] Deleting neutron.network object s_rally_381bd4e1_UShTcLPf (5730a683-4b47-432d-98f7-13628ba60aa1)
2020-04-10 07:36:19.683 15 RALLYDEBUG rally_openstack.cleanup.manager [-] Deleting neutron.network object s_rally_381bd4e1_WrTgLQdm (3cc7f460-81d5-48ba-a7fb-47d5ecfb3c91)
2020-04-10 07:36:19.693 15 RALLYDEBUG rally_openstack.cleanup.manager [-] Deleting neutron.network object s_rally_381bd4e1_wxvOILEy (4d78c3b1-7ca6-4a98-a999-d913292ef41f)
2020-04-10 07:36:19.685 15 RALLYDEBUG rally_openstack.cleanup.manager [-] Deleting neutron.network object s_rally_381bd4e1_g5kpg0KD (3d49ad45-752a-4704-8785-07f5733d12de)
2020-04-10 07:36:19.734 15 RALLYDEBUG rally_openstack.cleanup.manager [-] Deleting neutron.network object s_rally_381bd4e1_bAmnZ9M4 (3cee9e10-081d-4055-96b8-35cb4ad2b416)
2020-04-10 07:36:19.743 15 RALLYDEBUG rally_openstack.cleanup.manager [-] Deleting neutron.network object s_rally_381bd4e1_rUyxKmo2 (41385d5f-1750-4e67-910f-5d21aa5b72fd)
2020-04-10 07:36:19.777 15 RALLYDEBUG rally_openstack.cleanup.manager [-] Deleting neutron.network object s_rally_381bd4e1_lsAOUpfd (5382329a-dd85-4df7-b998-f30638784a29)
2020-04-10 07:36:19.785 15 RALLYDEBUG rally_openstack.cleanup.manager [-] Deleting neutron.network object s_rally_381bd4e1_pmo2YN0U (54a50ea0-17e2-4f94-9233-5afef7bcc8a2)
2020-04-10 07:36:22.008 15 RALLYDEBUG rally_openstack.cleanup.manager [-] Deleting neutron.network object s_rally_381bd4e1_fQu5wKXD (6124f09e-e24b-47c8-9094-5588a6557871)
2020-04-10 07:36:22.012 15 RALLYDEBUG rally_openstack.cleanup.manager [-] Deleting neutron.network object s_rally_381bd4e1_EpmAk7xG (647f1e7d-68c9-4940-8090-5bf926990818)
2020-04-10 07:36:22.219 15 RALLYDEBUG rally_openstack.cleanup.manager [-] Deleting neutron.network object s_rally_381bd4e1_WQtwuqgl (70a9d02d-e015-48dd-bf55-c110be7bc9ed)
2020-04-10 07:36:22.323 15 RALLYDEBUG rally_openstack.cleanup.manager [-] Deleting neutron.network object s_rally_381bd4e1_DpVqhHli (7591e3e5-846a-4523-8595-1c16b3d85ba8)
2020-04-10 07:36:22.419 15 RALLYDEBUG rally_openstack.cleanup.manager [-] Deleting neutron.network object s_rally_381bd4e1_1ikE3tqF (7b021395-2f11-4be6-9421-934106aeca65)
2020-04-10 07:36:22.574 15 RALLYDEBUG rally_openstack.cleanup.manager [-] Deleting neutron.network object s_rally_381bd4e1_EONimKBQ (7ca10a04-718c-4d33-bccf-e543f461e371)
2020-04-10 07:36:22.790 15 RALLYDEBUG rally_openstack.cleanup.manager [-] Deleting neutron.network object s_rally_381bd4e1_oWAjH9fd (9641cc03-f80f-484e-97a3-f6259582f087)
2020-04-10 07:36:22.796 15 RALLYDEBUG rally_openstack.cleanup.manager [-] Deleting neutron.network object s_rally_381bd4e1_nSfwlH0K (993ef49f-bf36-4134-bb17-e9e228e77024)
2020-04-10 07:36:22.845 15 RALLYDEBUG rally_openstack.cleanup.manager [-] Deleting neutron.network object s_rally_381bd4e1_H4F2fVqU (9c8cebe9-3eb2-40cf-9f41-a139a95f0689)
2020-04-10 07:36:22.873 15 RALLYDEBUG rally_openstack.cleanup.manager [-] Deleting neutron.network object s_rally_381bd4e1_UboZrCR7 (9f435914-a0d8-44d6-b435-230efed61c95)
2020-04-10 07:36:23.329 15 RALLYDEBUG rally_openstack.cleanup.manager [-] Deleting neutron.network object s_rally_381bd4e1_PHSSrDFS (a0decf72-4522-4d72-8e96-6b7294093546)
2020-04-10 07:36:23.388 15 RALLYDEBUG rally_openstack.cleanup.manager [-] Deleting neutron.network object s_rally_381bd4e1_M4n7FaQY (a31484fe-91dd-4bcf-be59-ec3e562dfb1d)
2020-04-10 07:36:23.392 15 RALLYDEBUG rally_openstack.cleanup.manager [-] Deleting neutron.network object s_rally_381bd4e1_lvPxbgUE (aa6399fe-62f3-4b19-9bd7-c4498dddaf84)
2020-04-10 07:36:23.409 15 RALLYDEBUG rally_openstack.cleanup.manager [-] Deleting neutron.network object s_rally_381bd4e1_1vOoNPiw (aee0ea1b-2bac-46a0-8584-0dadef95a06d)
2020-04-10 07:36:23.450 15 RALLYDEBUG rally_openstack.cleanup.manager [-] Deleting neutron.network object s_rally_381bd4e1_xFPIr9eV (c05856c3-501f-4468-bb93-42a289ef462d)
2020-04-10 07:36:23.480 15 RALLYDEBUG rally_openstack.cleanup.manager [-] Deleting neutron.network object s_rally_381bd4e1_Gh0a16ms (c402a548-b042-49ca-8c96-d97e06417d33)
2020-04-10 07:36:23.699 15 RALLYDEBUG rally_openstack.cleanup.manager [-] Deleting neutron.network object s_rally_381bd4e1_GbQbJ6fw (c86c6dd4-37ac-4a67-afc0-d2ccad73378d)
2020-04-10 07:36:23.921 15 RALLYDEBUG rally_openstack.cleanup.manager [-] Deleting neutron.network object s_rally_381bd4e1_q89URW4b (c9b7d740-a210-4708-809a-cf8a46dfeb11)
2020-04-10 07:36:24.010 15 RALLYDEBUG rally_openstack.cleanup.manager [-] Deleting neutron.network object s_rally_381bd4e1_vaB32Pmp (de986150-2a04-4b06-a6fd-e11d182f5075)
2020-04-10 07:36:24.093 15 RALLYDEBUG rally_openstack.cleanup.manager [-] Deleting neutron.network object s_rally_381bd4e1_OQsWOsRI (f3632287-b71c-412d-808c-8cdfca550140)
2020-04-10 07:36:26.615 15 RALLYDEBUG rally_openstack.cleanup.manager [-] Cleaning up neutron router objects
2020-04-10 07:36:26.880 15 RALLYDEBUG rally_openstack.cleanup.manager [-] Cleaning up neutron security_group objects
2020-04-10 07:36:27.140 15 INFO rally.task.context [-] Task de124b79-731d-422e-b910-cc865513f57f | Context cleanup@openstack cleanup() finished in 9.83 sec
2020-04-10 07:36:27.140 15 INFO rally.task.context [-] Task de124b79-731d-422e-b910-cc865513f57f | Context quotas@openstack cleanup() started
2020-04-10 07:36:27.184 15 INFO rally.task.context [-] Task de124b79-731d-422e-b910-cc865513f57f | Context quotas@openstack cleanup() finished in 43.51 msec
2020-04-10 07:36:27.184 15 INFO rally.task.context [-] Task de124b79-731d-422e-b910-cc865513f57f | Context users@openstack cleanup() started
2020-04-10 07:36:28.658 15 INFO rally.task.context [-] Task de124b79-731d-422e-b910-cc865513f57f | Context users@openstack cleanup() finished in 1.47 sec
2020-04-10 07:36:30.217 15 INFO rally.task.engine [-] Load duration is: 9.896087
2020-04-10 07:36:30.217 15 INFO rally.task.engine [-] Full runner duration is: 9.942554
2020-04-10 07:36:30.218 15 INFO rally.task.engine [-] Full duration is: 22.581422
2020-04-10 07:36:30.279 15 INFO rally.task.engine [-] Running workload: position = 2 config = { "version": 2, "title": "A cropped version of a bigger task.", "description": "Auto-generated task from a single workload (uuid=fab58235-ee91-47f4-93d0-b65c5c7bd0a0)", "subtasks": [ { "title": "NeutronNetworks.create_and_delete_networks", "description": "Create and delete a network.", "scenario": { "NeutronNetworks.create_and_delete_networks": {} }, "contexts": { "users": { "tenants": 1, "users_per_tenant": 1 }, "quotas": { "neutron": { "network": -1, "subnet": -1 } } }, "runner": { "constant": { "times": 40, "concurrency": 20 } }, "hooks": [], "sla": { "failure_rate": { "max": 0 } } } ] }
2020-04-10 07:36:30.306 15 RALLYDEBUG rally_openstack.contexts.keystone.users [-] Creating 1 tenants using 20 threads
2020-04-10 07:36:30.901 15 RALLYDEBUG rally_openstack.contexts.keystone.users [-] Creating 1 users using 20 threads
2020-04-10 07:36:31.361 15 INFO rally.task.context [-] Task de124b79-731d-422e-b910-cc865513f57f | Context users@openstack setup() finished in 1.05 sec
2020-04-10 07:36:31.851 15 INFO rally.task.context [-] Task de124b79-731d-422e-b910-cc865513f57f | Context quotas@openstack setup() finished in 0.49 sec
2020-04-10 07:36:31.851 15 INFO rally.task.context [-] Task de124b79-731d-422e-b910-cc865513f57f | Context cleanup@openstack setup() finished in 0.01 msec
2020-04-10 07:36:31.860 15 RALLYDEBUG rally.task.runner [-] Starting the constant runner (task UUID: de124b79-731d-422e-b910-cc865513f57f). timeout: 0 concurrency: 20 concurrency_per_worker: 1 times: 40 concurrency_overhead: 0 processes_to_start: 20 max_cpu_used: 88
2020-04-10 07:36:31.873 1003 RALLYDEBUG rally.task.runner [-] Starting a worker. concurrency: 1 args: {} times: 40 method_name: run timeout: 0 duration: None cls:
2020-04-10 07:36:31.876 1004 RALLYDEBUG rally.task.runner [-] Starting a worker. concurrency: 1 args: {} times: 40 method_name: run timeout: 0 duration: None cls:
2020-04-10 07:36:31.879 1005 RALLYDEBUG rally.task.runner [-] Starting a worker. concurrency: 1 args: {} times: 40 method_name: run timeout: 0 duration: None cls:
2020-04-10 07:36:31.880 1003 INFO rally.task.runner [-] Task de124b79-731d-422e-b910-cc865513f57f | ITER: 1 START
2020-04-10 07:36:31.882 1004 INFO rally.task.runner [-] Task de124b79-731d-422e-b910-cc865513f57f | ITER: 2 START
2020-04-10 07:36:31.882 1006 RALLYDEBUG rally.task.runner [-] Starting a worker. concurrency: 1 args: {} times: 40 method_name: run timeout: 0 duration: None cls:
2020-04-10 07:36:31.886 1007 RALLYDEBUG rally.task.runner [-] Starting a worker. concurrency: 1 args: {} times: 40 method_name: run timeout: 0 duration: None cls:
2020-04-10 07:36:31.888 1005 INFO rally.task.runner [-] Task de124b79-731d-422e-b910-cc865513f57f | ITER: 3 START
2020-04-10 07:36:31.888 1006 INFO rally.task.runner [-] Task de124b79-731d-422e-b910-cc865513f57f | ITER: 4 START
2020-04-10 07:36:31.890 1012 RALLYDEBUG rally.task.runner [-] Starting a worker. concurrency: 1 args: {} times: 40 method_name: run timeout: 0 duration: None cls:
2020-04-10 07:36:31.896 1007 INFO rally.task.runner [-] Task de124b79-731d-422e-b910-cc865513f57f | ITER: 5 START
2020-04-10 07:36:31.895 1015 RALLYDEBUG rally.task.runner [-] Starting a worker. concurrency: 1 args: {} times: 40 method_name: run timeout: 0 duration: None cls:
2020-04-10 07:36:31.898 1019 RALLYDEBUG rally.task.runner [-] Starting a worker. concurrency: 1 args: {} times: 40 method_name: run timeout: 0 duration: None cls:
2020-04-10 07:36:31.902 1015 INFO rally.task.runner [-] Task de124b79-731d-422e-b910-cc865513f57f | ITER: 7 START
2020-04-10 07:36:31.901 1021 RALLYDEBUG rally.task.runner [-] Starting a worker. concurrency: 1 args: {} times: 40 method_name: run timeout: 0 duration: None cls:
2020-04-10 07:36:31.904 1012 INFO rally.task.runner [-] Task de124b79-731d-422e-b910-cc865513f57f | ITER: 6 START
2020-04-10 07:36:31.904 1019 INFO rally.task.runner [-] Task de124b79-731d-422e-b910-cc865513f57f | ITER: 8 START
2020-04-10 07:36:31.905 1023 RALLYDEBUG rally.task.runner [-] Starting a worker. concurrency: 1 args: {} times: 40 method_name: run timeout: 0 duration: None cls:
2020-04-10 07:36:31.908 1021 INFO rally.task.runner [-] Task de124b79-731d-422e-b910-cc865513f57f | ITER: 9 START
2020-04-10 07:36:31.912 1023 INFO rally.task.runner [-] Task de124b79-731d-422e-b910-cc865513f57f | ITER: 10 START
2020-04-10 07:36:31.911 1026 RALLYDEBUG rally.task.runner [-] Starting a worker. concurrency: 1 args: {} times: 40 method_name: run timeout: 0 duration: None cls:
2020-04-10 07:36:31.912 1030 RALLYDEBUG rally.task.runner [-] Starting a worker. concurrency: 1 args: {} times: 40 method_name: run timeout: 0 duration: None cls:
2020-04-10 07:36:31.915 1033 RALLYDEBUG rally.task.runner [-] Starting a worker. concurrency: 1 args: {} times: 40 method_name: run timeout: 0 duration: None cls:
2020-04-10 07:36:31.918 1026 INFO rally.task.runner [-] Task de124b79-731d-422e-b910-cc865513f57f | ITER: 11 START
2020-04-10 07:36:31.919 1036 RALLYDEBUG rally.task.runner [-] Starting a worker. concurrency: 1 args: {} times: 40 method_name: run timeout: 0 duration: None cls:
2020-04-10 07:36:31.920 1030 INFO rally.task.runner [-] Task de124b79-731d-422e-b910-cc865513f57f | ITER: 12 START
2020-04-10 07:36:31.921 1033 INFO rally.task.runner [-] Task de124b79-731d-422e-b910-cc865513f57f | ITER: 13 START
2020-04-10 07:36:31.922 1037 RALLYDEBUG rally.task.runner [-] Starting a worker. concurrency: 1 args: {} times: 40 method_name: run timeout: 0 duration: None cls:
2020-04-10 07:36:31.925 1036 INFO rally.task.runner [-] Task de124b79-731d-422e-b910-cc865513f57f | ITER: 14 START
2020-04-10 07:36:31.925 1041 RALLYDEBUG rally.task.runner [-] Starting a worker. concurrency: 1 args: {} times: 40 method_name: run timeout: 0 duration: None cls:
2020-04-10 07:36:31.927 1037 INFO rally.task.runner [-] Task de124b79-731d-422e-b910-cc865513f57f | ITER: 15 START
2020-04-10 07:36:31.929 1045 RALLYDEBUG rally.task.runner [-] Starting a worker. concurrency: 1 args: {} times: 40 method_name: run timeout: 0 duration: None cls:
2020-04-10 07:36:31.930 1041 INFO rally.task.runner [-] Task de124b79-731d-422e-b910-cc865513f57f | ITER: 16 START
2020-04-10 07:36:31.932 1048 RALLYDEBUG rally.task.runner [-] Starting a worker. concurrency: 1 args: {} times: 40 method_name: run timeout: 0 duration: None cls:
2020-04-10 07:36:31.935 1045 INFO rally.task.runner [-] Task de124b79-731d-422e-b910-cc865513f57f | ITER: 17 START
2020-04-10 07:36:31.935 1051 RALLYDEBUG rally.task.runner [-] Starting a worker. concurrency: 1 args: {} times: 40 method_name: run timeout: 0 duration: None cls:
2020-04-10 07:36:31.938 1048 INFO rally.task.runner [-] Task de124b79-731d-422e-b910-cc865513f57f | ITER: 18 START
2020-04-10 07:36:31.939 1054 RALLYDEBUG rally.task.runner [-] Starting a worker. concurrency: 1 args: {} times: 40 method_name: run timeout: 0 duration: None cls:
2020-04-10 07:36:31.940 1051 INFO rally.task.runner [-] Task de124b79-731d-422e-b910-cc865513f57f | ITER: 19 START
2020-04-10 07:36:31.944 1054 INFO rally.task.runner [-] Task de124b79-731d-422e-b910-cc865513f57f | ITER: 20 START
2020-04-10 07:36:35.788 1005 INFO rally.task.runner [-] Task de124b79-731d-422e-b910-cc865513f57f | ITER: 3 END: OK
2020-04-10 07:36:35.793 1005 INFO rally.task.runner [-] Task de124b79-731d-422e-b910-cc865513f57f | ITER: 21 START
2020-04-10 07:36:35.832 1006 INFO rally.task.runner [-] Task de124b79-731d-422e-b910-cc865513f57f | ITER: 4 END: OK
2020-04-10 07:36:35.837 1006 INFO rally.task.runner [-] Task de124b79-731d-422e-b910-cc865513f57f | ITER: 22 START
2020-04-10 07:36:35.854 1015 INFO rally.task.runner [-] Task de124b79-731d-422e-b910-cc865513f57f | ITER: 7 END: OK
2020-04-10 07:36:35.859 1015 INFO rally.task.runner [-] Task de124b79-731d-422e-b910-cc865513f57f | ITER: 23 START
2020-04-10 07:36:35.910 1030 INFO rally.task.runner [-] Task de124b79-731d-422e-b910-cc865513f57f | ITER: 12 END: OK
2020-04-10 07:36:35.915 1030 INFO rally.task.runner [-] Task de124b79-731d-422e-b910-cc865513f57f | ITER: 24 START
2020-04-10 07:36:35.941 1023 INFO rally.task.runner [-] Task de124b79-731d-422e-b910-cc865513f57f | ITER: 10 END: OK
2020-04-10 07:36:35.946 1023 INFO rally.task.runner [-] Task de124b79-731d-422e-b910-cc865513f57f | ITER: 25 START
2020-04-10 07:36:36.025 1054 INFO rally.task.runner [-] Task de124b79-731d-422e-b910-cc865513f57f | ITER: 20 END: OK
2020-04-10 07:36:36.030 1054 INFO rally.task.runner [-] Task de124b79-731d-422e-b910-cc865513f57f | ITER: 26 START
2020-04-10 07:36:36.039 1048 INFO rally.task.runner [-] Task de124b79-731d-422e-b910-cc865513f57f | ITER: 18 END: OK
2020-04-10 07:36:36.043 1051 INFO rally.task.runner [-] Task de124b79-731d-422e-b910-cc865513f57f | ITER: 19 END: OK
2020-04-10 07:36:36.043 1048 INFO rally.task.runner [-] Task de124b79-731d-422e-b910-cc865513f57f | ITER: 27 START
2020-04-10 07:36:36.048 1051 INFO rally.task.runner [-] Task de124b79-731d-422e-b910-cc865513f57f | ITER: 28 START
2020-04-10 07:36:36.049 1003 INFO rally.task.runner [-] Task de124b79-731d-422e-b910-cc865513f57f | ITER: 1 END: OK
2020-04-10 07:36:36.053 1003 INFO rally.task.runner [-] Task de124b79-731d-422e-b910-cc865513f57f | ITER: 29 START
2020-04-10 07:36:36.408 1037 INFO rally.task.runner [-] Task de124b79-731d-422e-b910-cc865513f57f | ITER: 15 END: OK
2020-04-10 07:36:36.412 1037 INFO rally.task.runner [-] Task de124b79-731d-422e-b910-cc865513f57f | ITER: 30 START
2020-04-10 07:36:36.737 1036 INFO rally.task.runner [-] Task de124b79-731d-422e-b910-cc865513f57f | ITER: 14 END: OK
2020-04-10 07:36:36.742 1036 INFO rally.task.runner [-] Task de124b79-731d-422e-b910-cc865513f57f | ITER: 31 START
2020-04-10 07:36:37.944 1041 INFO rally.task.runner [-] Task de124b79-731d-422e-b910-cc865513f57f | ITER: 16 END: OK
2020-04-10 07:36:37.949 1041 INFO rally.task.runner [-] Task de124b79-731d-422e-b910-cc865513f57f | ITER: 32 START
2020-04-10 07:36:38.129 1045 INFO rally.task.runner [-] Task de124b79-731d-422e-b910-cc865513f57f | ITER: 17 END: OK
2020-04-10 07:36:38.134 1045 INFO rally.task.runner [-] Task de124b79-731d-422e-b910-cc865513f57f | ITER: 33 START
2020-04-10 07:36:38.150 1019 INFO rally.task.runner [-] Task de124b79-731d-422e-b910-cc865513f57f | ITER: 8 END: OK
2020-04-10 07:36:38.155 1019 INFO rally.task.runner [-] Task de124b79-731d-422e-b910-cc865513f57f | ITER: 34 START
