2020-04-10 07:51:19.019 3523 RALLYDEBUG rally_openstack.wrappers.network [-] CIDR generated: 1.1.8.216/30
2020-04-10 07:51:19.446 3499 INFO rally.task.runner [-] Task de124b79-731d-422e-b910-cc865513f57f | ITER: 11 END: OK
2020-04-10 07:51:19.453 3499 INFO rally.task.runner [-] Task de124b79-731d-422e-b910-cc865513f57f | ITER: 28 START
2020-04-10 07:51:19.504 3488 INFO rally.task.runner [-] Task de124b79-731d-422e-b910-cc865513f57f | ITER: 8 END: OK
2020-04-10 07:51:19.511 3488 INFO rally.task.runner [-] Task de124b79-731d-422e-b910-cc865513f57f | ITER: 29 START
2020-04-10 07:51:19.589 3514 RALLYDEBUG rally_openstack.wrappers.network [-] CIDR generated: 1.1.8.220/30
2020-04-10 07:51:20.020 3495 RALLYDEBUG rally_openstack.wrappers.network [-] CIDR generated: 1.1.8.224/30
2020-04-10 07:51:20.089 3488 RALLYDEBUG rally_openstack.wrappers.network [-] CIDR generated: 1.1.8.228/30
2020-04-10 07:51:20.128 3499 RALLYDEBUG rally_openstack.wrappers.network [-] CIDR generated: 1.1.8.232/30
2020-04-10 07:51:20.500 3523 RALLYDEBUG rally_openstack.wrappers.network [-] CIDR generated: 1.1.8.236/30
2020-04-10 07:51:21.303 3475 INFO rally.task.runner [-] Task de124b79-731d-422e-b910-cc865513f57f | ITER: 1 END: OK
2020-04-10 07:51:21.305 3479 INFO rally.task.runner [-] Task de124b79-731d-422e-b910-cc865513f57f | ITER: 5 END: OK
2020-04-10 07:51:21.311 3475 INFO rally.task.runner [-] Task de124b79-731d-422e-b910-cc865513f57f | ITER: 30 START
2020-04-10 07:51:21.312 3479 INFO rally.task.runner [-] Task de124b79-731d-422e-b910-cc865513f57f | ITER: 31 START
2020-04-10 07:51:21.344 3478 RALLYDEBUG rally_openstack.wrappers.network [-] CIDR generated: 1.1.8.240/30
2020-04-10 07:51:21.448 3514 RALLYDEBUG rally_openstack.wrappers.network [-] CIDR generated: 1.1.8.244/30
2020-04-10 07:51:22.346 3499 RALLYDEBUG rally_openstack.wrappers.network [-] CIDR generated: 1.1.8.248/30
2020-04-10 07:51:22.373 3488 RALLYDEBUG rally_openstack.wrappers.network [-] CIDR generated: 1.1.8.252/30
2020-04-10 07:51:22.478 3476 RALLYDEBUG rally_openstack.wrappers.network [-] CIDR generated: 1.1.9.0/30
2020-04-10 07:51:23.496 3475 RALLYDEBUG rally_openstack.wrappers.network [-] CIDR generated: 1.1.9.4/30
2020-04-10 07:51:23.779 3479 RALLYDEBUG rally_openstack.wrappers.network [-] CIDR generated: 1.1.9.8/30
2020-04-10 07:51:23.833 3517 INFO rally.task.runner [-] Task de124b79-731d-422e-b910-cc865513f57f | ITER: 17 END: OK
2020-04-10 07:51:23.842 3517 INFO rally.task.runner [-] Task de124b79-731d-422e-b910-cc865513f57f | ITER: 32 START
2020-04-10 07:51:24.676 3517 RALLYDEBUG rally_openstack.wrappers.network [-] CIDR generated: 1.1.9.12/30
2020-04-10 07:51:24.888 3508 INFO rally.task.runner [-] Task de124b79-731d-422e-b910-cc865513f57f | ITER: 14 END: OK
2020-04-10 07:51:24.895 3508 INFO rally.task.runner [-] Task de124b79-731d-422e-b910-cc865513f57f | ITER: 33 START
2020-04-10 07:51:25.777 3478 RALLYDEBUG rally_openstack.wrappers.network [-] CIDR generated: 1.1.9.16/30
2020-04-10 07:51:26.012 3475 RALLYDEBUG rally_openstack.wrappers.network [-] CIDR generated: 1.1.9.20/30
2020-04-10 07:51:26.065 3520 INFO rally.task.runner [-] Task de124b79-731d-422e-b910-cc865513f57f | ITER: 18 END: OK
2020-04-10 07:51:26.074 3520 INFO rally.task.runner [-] Task de124b79-731d-422e-b910-cc865513f57f | ITER: 34 START
2020-04-10 07:51:26.402 3508 RALLYDEBUG rally_openstack.wrappers.network [-] CIDR generated: 1.1.9.24/30
2020-04-10 07:51:26.875 3526 INFO rally.task.runner [-] Task de124b79-731d-422e-b910-cc865513f57f | ITER: 20 END: OK
2020-04-10 07:51:26.882 3526 INFO rally.task.runner [-] Task de124b79-731d-422e-b910-cc865513f57f | ITER: 35 START
2020-04-10 07:51:27.464 3479 RALLYDEBUG rally_openstack.wrappers.network [-] CIDR generated: 1.1.9.28/30
2020-04-10 07:51:27.639 3501 INFO rally.task.runner [-] Task de124b79-731d-422e-b910-cc865513f57f | ITER: 12 END: OK
2020-04-10 07:51:27.642 3477 INFO rally.task.runner [-] Task de124b79-731d-422e-b910-cc865513f57f | ITER: 3 END: OK
2020-04-10 07:51:27.647 3501 INFO rally.task.runner [-] Task de124b79-731d-422e-b910-cc865513f57f | ITER: 36 START
2020-04-10 07:51:27.649 3477 INFO rally.task.runner [-] Task de124b79-731d-422e-b910-cc865513f57f | ITER: 37 START
2020-04-10 07:51:27.915 3520 RALLYDEBUG rally_openstack.wrappers.network [-] CIDR generated: 1.1.9.32/30
2020-04-10 07:51:27.976 3517 RALLYDEBUG rally_openstack.wrappers.network [-] CIDR generated: 1.1.9.36/30
2020-04-10 07:51:28.173 3482 INFO rally.task.runner [-] Task de124b79-731d-422e-b910-cc865513f57f | ITER: 6 END: OK
2020-04-10 07:51:28.179 3482 INFO rally.task.runner [-] Task de124b79-731d-422e-b910-cc865513f57f | ITER: 38 START
2020-04-10 07:51:28.587 3526 RALLYDEBUG rally_openstack.wrappers.network [-] CIDR generated: 1.1.9.40/30
2020-04-10 07:51:30.277 3501 RALLYDEBUG rally_openstack.wrappers.network [-] CIDR generated: 1.1.9.44/30
2020-04-10 07:51:30.300 3477 RALLYDEBUG rally_openstack.wrappers.network [-] CIDR generated: 1.1.9.48/30
2020-04-10 07:51:30.323 3482 RALLYDEBUG rally_openstack.wrappers.network [-] CIDR generated: 1.1.9.52/30
2020-04-10 07:51:30.411 3508 RALLYDEBUG rally_openstack.wrappers.network [-] CIDR generated: 1.1.9.56/30
2020-04-10 07:51:31.703 3520 RALLYDEBUG rally_openstack.wrappers.network [-] CIDR generated: 1.1.9.60/30
2020-04-10 07:51:32.128 3526 RALLYDEBUG rally_openstack.wrappers.network [-] CIDR generated: 1.1.9.64/30
2020-04-10 07:51:34.432 3482 RALLYDEBUG rally_openstack.wrappers.network [-] CIDR generated: 1.1.9.68/30
2020-04-10 07:51:34.960 3477 RALLYDEBUG rally_openstack.wrappers.network [-] CIDR generated: 1.1.9.72/30
2020-04-10 07:51:35.005 3501 RALLYDEBUG rally_openstack.wrappers.network [-] CIDR generated: 1.1.9.76/30
2020-04-10 07:51:35.422 3485 INFO rally.task.runner [-] Task de124b79-731d-422e-b910-cc865513f57f | ITER: 7 END: OK
2020-04-10 07:51:35.431 3485 INFO rally.task.runner [-] Task de124b79-731d-422e-b910-cc865513f57f | ITER: 39 START
2020-04-10 07:51:36.088 3505 INFO rally.task.runner [-] Task de124b79-731d-422e-b910-cc865513f57f | ITER: 13 END: OK
2020-04-10 07:51:36.095 3505 INFO rally.task.runner [-] Task de124b79-731d-422e-b910-cc865513f57f | ITER: 40 START
2020-04-10 07:51:36.657 3485 RALLYDEBUG rally_openstack.wrappers.network [-] CIDR generated: 1.1.9.80/30
2020-04-10 07:51:36.979 3505 RALLYDEBUG rally_openstack.wrappers.network [-] CIDR generated: 1.1.9.84/30
2020-04-10 07:51:39.300 3485 RALLYDEBUG rally_openstack.wrappers.network [-] CIDR generated: 1.1.9.88/30
2020-04-10 07:51:41.992 3505 RALLYDEBUG rally_openstack.wrappers.network [-] CIDR generated: 1.1.9.92/30
2020-04-10 07:52:00.372 3511 INFO rally.task.runner [-] Task de124b79-731d-422e-b910-cc865513f57f | ITER: 21 END: OK
2020-04-10 07:52:03.497 3492 INFO rally.task.runner [-] Task de124b79-731d-422e-b910-cc865513f57f | ITER: 22 END: OK
2020-04-10 07:52:10.273 3514 INFO rally.task.runner [-] Task de124b79-731d-422e-b910-cc865513f57f | ITER: 26 END: OK
2020-04-10 07:52:12.798 3499 INFO rally.task.runner [-] Task de124b79-731d-422e-b910-cc865513f57f | ITER: 28 END: OK
2020-04-10 07:52:13.808 3476 INFO rally.task.runner [-] Task de124b79-731d-422e-b910-cc865513f57f | ITER: 24 END: OK
2020-04-10 07:52:14.120 3482 INFO rally.task.runner [-] Task de124b79-731d-422e-b910-cc865513f57f | ITER: 38 END: OK
2020-04-10 07:52:14.883 3488 INFO rally.task.runner [-] Task de124b79-731d-422e-b910-cc865513f57f | ITER: 29 END: OK
2020-04-10 07:52:17.307 3495 INFO rally.task.runner [-] Task de124b79-731d-422e-b910-cc865513f57f | ITER: 23 END: OK
2020-04-10 07:52:18.911 3478 INFO rally.task.runner [-] Task de124b79-731d-422e-b910-cc865513f57f | ITER: 27 END: OK
2020-04-10 07:52:19.165 3517 INFO rally.task.runner [-] Task de124b79-731d-422e-b910-cc865513f57f | ITER: 32 END: OK
2020-04-10 07:52:19.380 3479 INFO rally.task.runner [-] Task de124b79-731d-422e-b910-cc865513f57f | ITER: 31 END: OK
2020-04-10 07:52:19.573 3523 INFO rally.task.runner [-] Task de124b79-731d-422e-b910-cc865513f57f | ITER: 25 END: OK
2020-04-10 07:52:19.756 3475 INFO rally.task.runner [-] Task de124b79-731d-422e-b910-cc865513f57f | ITER: 30 END: OK
2020-04-10 07:52:20.814 3526 INFO rally.task.runner [-] Task de124b79-731d-422e-b910-cc865513f57f | ITER: 35 END: OK
2020-04-10 07:52:21.909 3508 INFO rally.task.runner [-] Task de124b79-731d-422e-b910-cc865513f57f | ITER: 33 END: OK
2020-04-10 07:52:28.327 3520 INFO rally.task.runner [-] Task de124b79-731d-422e-b910-cc865513f57f | ITER: 34 END: OK
2020-04-10 07:52:29.101 3477 INFO rally.task.runner [-] Task de124b79-731d-422e-b910-cc865513f57f | ITER: 37 END: OK
2020-04-10 07:52:29.910 3501 INFO rally.task.runner [-] Task de124b79-731d-422e-b910-cc865513f57f | ITER: 36 END: OK
2020-04-10 07:52:32.429 3505 INFO rally.task.runner [-] Task de124b79-731d-422e-b910-cc865513f57f | ITER: 40 END: OK
2020-04-10 07:52:37.988 3485 INFO rally.task.runner [-] Task de124b79-731d-422e-b910-cc865513f57f | ITER: 39 END: OK
2020-04-10 07:52:38.014 15 INFO rally.task.context [-] Task de124b79-731d-422e-b910-cc865513f57f | Context cleanup@openstack cleanup() started
2020-04-10 07:52:38.022 15 RALLYDEBUG rally_openstack.cleanup.manager [-] Cleaning up neutron vip objects
2020-04-10 07:52:38.241 15 RALLYDEBUG rally_openstack.cleanup.manager [-] Cleaning up neutron health_monitor objects
2020-04-10 07:52:38.420 15 RALLYDEBUG rally_openstack.cleanup.manager [-] Cleaning up neutron pool objects
2020-04-10 07:52:38.634 15 RALLYDEBUG rally_openstack.cleanup.manager [-] Cleaning up neutron loadbalancer objects
2020-04-10 07:52:38.817 15 RALLYDEBUG rally_openstack.cleanup.manager [-] Cleaning up neutron floatingip objects
2020-04-10 07:52:39.019 15 RALLYDEBUG rally_openstack.cleanup.manager [-] Cleaning up neutron trunk objects
2020-04-10 07:52:39.185 15 DEBUG neutronclient.v2_0.client [-] Error message: {"NeutronError": {"message": "Invalid input for operation: 'tenant_id' is not supported for filtering.", "type": "InvalidInput", "detail": ""}} _handle_fault_response /usr/lib/python2.7/site-packages/neutronclient/v2_0/client.py:259
2020-04-10 07:52:39.212 15 DEBUG neutronclient.v2_0.client [-] Error message: {"NeutronError": {"message": "Invalid input for operation: 'tenant_id' is not supported for filtering.", "type": "InvalidInput", "detail": ""}} _handle_fault_response /usr/lib/python2.7/site-packages/neutronclient/v2_0/client.py:259
2020-04-10 07:52:39.240 15 DEBUG neutronclient.v2_0.client [-] Error message: {"NeutronError": {"message": "Invalid input for operation: 'tenant_id' is not supported for filtering.", "type": "InvalidInput", "detail": ""}} _handle_fault_response /usr/lib/python2.7/site-packages/neutronclient/v2_0/client.py:259
2020-04-10 07:52:39.240 15 ERROR rally_openstack.cleanup.manager [-] Seems like rally_openstack.cleanup.resources.NeutronTrunk.list(self) method is broken. It shouldn't raise any exceptions.: BadRequest: Invalid input for operation: 'tenant_id' is not supported for filtering. Neutron server returns request_ids: ['req-99afeaba-6e39-4cac-baf8-c886d1d54c41']
2020-04-10 07:52:39.240 15 ERROR rally_openstack.cleanup.manager
Traceback (most recent call last):
2020-04-10 07:52:39.240 15 ERROR rally_openstack.cleanup.manager
File "/usr/lib/python2.7/site-packages/rally_openstack/cleanup/manager.py", line 133, in _publish
2020-04-10 07:52:39.240 15 ERROR rally_openstack.cleanup.manager for raw_resource in rutils.retry(3, manager.list):
2020-04-10 07:52:39.240 15 ERROR rally_openstack.cleanup.manager
File "/usr/lib/python2.7/site-packages/rally/common/utils.py", line 230, in retry
2020-04-10 07:52:39.240 15 ERROR rally_openstack.cleanup.manager return func(*args, **kwargs)
2020-04-10 07:52:39.240 15 ERROR rally_openstack.cleanup.manager
File "/usr/lib/python2.7/site-packages/rally_openstack/cleanup/resources.py", line 396, in list
2020-04-10 07:52:39.240 15 ERROR rally_openstack.cleanup.manager return super(NeutronTrunk, self).list()
2020-04-10 07:52:39.240 15 ERROR rally_openstack.cleanup.manager
File "/usr/lib/python2.7/site-packages/rally_openstack/cleanup/resources.py", line 273, in list
2020-04-10 07:52:39.240 15 ERROR rally_openstack.cleanup.manager result = list_method(tenant_id=self.tenant_uuid)[resources]
2020-04-10 07:52:39.240 15 ERROR rally_openstack.cleanup.manager
File "/usr/lib/python2.7/site-packages/neutronclient/v2_0/client.py", line 2105, in list_trunks
2020-04-10 07:52:39.240 15 ERROR rally_openstack.cleanup.manager **_params)
2020-04-10 07:52:39.240 15 ERROR rally_openstack.cleanup.manager
File "/usr/lib/python2.7/site-packages/neutronclient/v2_0/client.py", line 369, in list
2020-04-10 07:52:39.240 15 ERROR rally_openstack.cleanup.manager for r in self._pagination(collection, path, **params):
2020-04-10 07:52:39.240 15 ERROR rally_openstack.cleanup.manager
File "/usr/lib/python2.7/site-packages/neutronclient/v2_0/client.py", line 384, in _pagination
2020-04-10 07:52:39.240 15 ERROR rally_openstack.cleanup.manager res = self.get(path, params=params)
2020-04-10 07:52:39.240 15 ERROR rally_openstack.cleanup.manager
File "/usr/lib/python2.7/site-packages/neutronclient/v2_0/client.py", line 354, in get
2020-04-10 07:52:39.240 15 ERROR rally_openstack.cleanup.manager headers=headers, params=params)
2020-04-10 07:52:39.240 15 ERROR rally_openstack.cleanup.manager
File "/usr/lib/python2.7/site-packages/neutronclient/v2_0/client.py", line 331, in retry_request
2020-04-10 07:52:39.240 15 ERROR rally_openstack.cleanup.manager headers=headers, params=params)
2020-04-10 07:52:39.240 15 ERROR rally_openstack.cleanup.manager
File "/usr/lib/python2.7/site-packages/neutronclient/v2_0/client.py", line 294, in do_request
2020-04-10 07:52:39.240 15 ERROR rally_openstack.cleanup.manager self._handle_fault_response(status_code, replybody, resp)
2020-04-10 07:52:39.240 15 ERROR rally_openstack.cleanup.manager
File "/usr/lib/python2.7/site-packages/neutronclient/v2_0/client.py", line 269, in _handle_fault_response
2020-04-10 07:52:39.240 15 ERROR rally_openstack.cleanup.manager exception_handler_v20(status_code, error_body)
2020-04-10 07:52:39.240 15 ERROR rally_openstack.cleanup.manager
File "/usr/lib/python2.7/site-packages/neutronclient/v2_0/client.py", line 93, in exception_handler_v20
2020-04-10 07:52:39.240 15 ERROR rally_openstack.cleanup.manager request_ids=request_ids)
2020-04-10 07:52:39.240 15 ERROR rally_openstack.cleanup.manager BadRequest: Invalid input for operation: 'tenant_id' is not supported for filtering.
2020-04-10 07:52:39.240 15 ERROR rally_openstack.cleanup.manager Neutron server returns request_ids: ['req-99afeaba-6e39-4cac-baf8-c886d1d54c41']
2020-04-10 07:52:39.240 15 ERROR rally_openstack.cleanup.manager
2020-04-10 07:52:39.251 15 RALLYDEBUG rally_openstack.cleanup.manager [-] Cleaning up neutron port objects
2020-04-10 07:52:39.735 15 RALLYDEBUG rally_openstack.cleanup.manager [-] Cleaning up neutron subnet objects
2020-04-10 07:52:40.288 15 RALLYDEBUG rally_openstack.cleanup.manager [-] Deleting neutron.subnet object s_rally_28577e62_RPD8ZFmX (04100a98-0b25-4ad0-b05b-de60b6361346)
2020-04-10 07:52:40.297 15 RALLYDEBUG rally_openstack.cleanup.manager [-] Deleting neutron.subnet object s_rally_28577e62_X3YlGqHv (08ccb5fb-a3e0-4a27-9488-1bef1a739c5f)
2020-04-10 07:52:40.304 15 RALLYDEBUG rally_openstack.cleanup.manager [-] Deleting neutron.subnet object s_rally_28577e62_aIAtkDIH (0d881eb5-c22d-4018-9fdd-3b1fa8eac7d3)
2020-04-10 07:52:40.315 15 RALLYDEBUG rally_openstack.cleanup.manager [-] Deleting neutron.subnet object s_rally_28577e62_zxpm2XuG (0f4230af-07b4-4903-9cce-f35bc59db352)
2020-04-10 07:52:40.320 15 RALLYDEBUG rally_openstack.cleanup.manager [-] Deleting neutron.subnet object s_rally_28577e62_KRFtawrQ (101463c4-022d-49e4-8ff8-ad00c75d729e)
2020-04-10 07:52:40.345 15 RALLYDEBUG rally_openstack.cleanup.manager [-] Deleting neutron.subnet object s_rally_28577e62_PhgcE7Tn (116bfde4-dc0b-44c6-816d-c4dbdc5925b0)
2020-04-10 07:52:40.353 15 RALLYDEBUG rally_openstack.cleanup.manager [-] Deleting neutron.subnet object s_rally_28577e62_yLsn1Z1r (10ff75ce-d654-444e-937a-ec9849c476f4)
2020-04-10 07:52:40.371 15 RALLYDEBUG rally_openstack.cleanup.manager [-] Deleting neutron.subnet object s_rally_28577e62_ol8EcOhK (11b386a6-4652-422a-96f2-9121a41f07b6)
2020-04-10 07:52:40.391 15 RALLYDEBUG rally_openstack.cleanup.manager [-] Deleting neutron.subnet object s_rally_28577e62_rlZ1OQip (17693e69-a272-40eb-9981-89b16dcb6bf0)
2020-04-10 07:52:40.401 15 RALLYDEBUG rally_openstack.cleanup.manager [-] Deleting neutron.subnet object s_rally_28577e62_z4mwWVaM (13544374-89e1-489a-ac04-88ccddba746a)
2020-04-10 07:52:40.402 15 RALLYDEBUG rally_openstack.cleanup.manager [-] Deleting neutron.subnet object s_rally_28577e62_UCwxYN5u (12ed6d82-cd20-45e5-babd-999cff117d22)
2020-04-10 07:52:40.414 15 RALLYDEBUG rally_openstack.cleanup.manager [-] Deleting neutron.subnet object s_rally_28577e62_Wjb3NoJ6 (1935045d-f5b4-4a84-9c7d-ee589ce495cf)
2020-04-10 07:52:40.463 15 RALLYDEBUG rally_openstack.cleanup.manager [-] Deleting neutron.subnet object s_rally_28577e62_iIyik8HK (1aa6d0e3-2691-4a55-9652-83c9f642337d)
2020-04-10 07:52:40.660 15 RALLYDEBUG rally_openstack.cleanup.manager [-] Deleting neutron.subnet object s_rally_28577e62_RFVCZHPO (27b9c4a3-9484-46a2-b8c3-c9ceb39851cc)
2020-04-10 07:52:40.666 15 RALLYDEBUG rally_openstack.cleanup.manager [-] Deleting neutron.subnet object s_rally_28577e62_XYiqP1jz (1fe94c60-4c2a-4a6f-b52d-821582beacf8)
2020-04-10 07:52:40.669 15 RALLYDEBUG rally_openstack.cleanup.manager [-] Deleting neutron.subnet object s_rally_28577e62_fOlMTdA1 (21143075-99f7-43e1-98c5-fb061d5d5d53)
2020-04-10 07:52:40.682 15 RALLYDEBUG rally_openstack.cleanup.manager [-] Deleting neutron.subnet object s_rally_28577e62_ClYbY0xS (2accc15e-bc08-4bd7-afea-616ceec6eca7)
2020-04-10 07:52:40.686 15 RALLYDEBUG rally_openstack.cleanup.manager [-] Deleting neutron.subnet object s_rally_28577e62_4KMN76z5 (26f52c87-b426-42bd-86b5-40bfcfa2f7c9)
2020-04-10 07:52:40.696 15 RALLYDEBUG rally_openstack.cleanup.manager [-] Deleting neutron.subnet object s_rally_28577e62_d4Yf0C62 (2506524b-6674-4c5e-8759-5b283e3f7efb)
2020-04-10 07:52:40.718 15 RALLYDEBUG rally_openstack.cleanup.manager [-] Deleting neutron.subnet object s_rally_28577e62_O8OVBVh4 (28ec46b7-b3e2-4d64-baf9-2fac7c03fdc3)
2020-04-10 07:52:42.772 15 RALLYDEBUG rally_openstack.cleanup.manager [-] Deleting neutron.subnet object s_rally_28577e62_XnXNO0Fo (2c037dd8-c8bd-4d4d-91fa-9bfc30c6af1e)
2020-04-10 07:52:43.060 15 RALLYDEBUG rally_openstack.cleanup.manager [-] Deleting neutron.subnet object s_rally_28577e62_Btjdas6w (2cac64eb-be65-4d7d-8e42-2edb4afd9edc)
2020-04-10 07:52:43.170 15 RALLYDEBUG rally_openstack.cleanup.manager [-] Deleting neutron.subnet object s_rally_28577e62_nHErq4t1 (32f64641-ce7b-45d7-b955-dfd8194763eb)
2020-04-10 07:52:43.322 15 RALLYDEBUG rally_openstack.cleanup.manager [-] Deleting neutron.subnet object s_rally_28577e62_3Y41LQnT (3415a80a-058f-40aa-baa1-7d633516fd85)
2020-04-10 07:52:43.555 15 RALLYDEBUG rally_openstack.cleanup.manager [-] Deleting neutron.subnet object s_rally_28577e62_1IX74UKW (35cdbca4-0e7b-48c6-ac74-5081b26b7338)
2020-04-10 07:52:43.560 15 RALLYDEBUG rally_openstack.cleanup.manager [-] Deleting neutron.subnet object s_rally_28577e62_QpwvZXEJ (3c5659f2-82b9-44be-a26f-61a017559760)
2020-04-10 07:52:43.847 15 RALLYDEBUG rally_openstack.cleanup.manager [-] Deleting neutron.subnet object s_rally_28577e62_hi89h7JV (3e07ef97-e2da-4af5-a740-d1404d6e5baf)
2020-04-10 07:52:43.908 15 RALLYDEBUG rally_openstack.cleanup.manager [-] Deleting neutron.subnet object s_rally_28577e62_KogKM53j (3efa350f-3275-4519-9edd-0f9cbc61b964)
2020-04-10 07:52:44.040 15 RALLYDEBUG rally_openstack.cleanup.manager [-] Deleting neutron.subnet object s_rally_28577e62_BWfT2HRX (4601c282-69fa-4114-a2ef-8e562b2d6ed2)
2020-04-10 07:52:44.293 15 RALLYDEBUG rally_openstack.cleanup.manager [-] Deleting neutron.subnet object s_rally_28577e62_sRrGzFwe (4761e291-815e-4870-a5f5-46a2f7570681)
2020-04-10 07:52:44.368 15 RALLYDEBUG rally_openstack.cleanup.manager [-] Deleting neutron.subnet object s_rally_28577e62_7BiwzNtR (4be98477-59fc-4f71-a2f0-2728ccc47c40)
2020-04-10 07:52:44.374 15 RALLYDEBUG rally_openstack.cleanup.manager [-] Deleting neutron.subnet object s_rally_28577e62_hJCjMuy3 (4ea870a7-d7aa-49b8-96ca-9583ea3ea4e2)
2020-04-10 07:52:44.816 15 RALLYDEBUG rally_openstack.cleanup.manager [-] Deleting neutron.subnet object s_rally_28577e62_f9Rm413F (4ee1e53c-fde0-4d7d-8aa4-4579990bf91d)
2020-04-10 07:52:45.031 15 RALLYDEBUG rally_openstack.cleanup.manager [-] Deleting neutron.subnet object s_rally_28577e62_9onhu6MN (51354b11-e878-4b20-a291-b13e314a8dc1)
2020-04-10 07:52:45.080 15 RALLYDEBUG rally_openstack.cleanup.manager [-] Deleting neutron.subnet object s_rally_28577e62_BjWn1dmb (52c2dbdc-62e2-4816-8987-c08ac9dd9632)
2020-04-10 07:52:45.524 15 RALLYDEBUG rally_openstack.cleanup.manager [-] Deleting neutron.subnet object s_rally_28577e62_cV9yahwz (53e44443-fc52-48f8-a4d9-f93d38f378ec)
2020-04-10 07:52:45.845 15 RALLYDEBUG rally_openstack.cleanup.manager [-] Deleting neutron.subnet object s_rally_28577e62_Zu0iBj7a (5402bed4-e4a8-481e-ad8b-2b8e1f95a823)
2020-04-10 07:52:46.046 15 RALLYDEBUG rally_openstack.cleanup.manager [-] Deleting neutron.subnet object s_rally_28577e62_DLs6Lq8O (5a2c05bc-8794-4909-ae2b-955f6be1001d)
2020-04-10 07:52:46.053 15 RALLYDEBUG rally_openstack.cleanup.manager [-] Deleting neutron.subnet object s_rally_28577e62_GbF3oQ4P (62ed6fb9-4e87-459a-8130-ace953ebca2f)
2020-04-10 07:52:46.209 15 RALLYDEBUG rally_openstack.cleanup.manager [-] Deleting neutron.subnet object s_rally_28577e62_anUc7x81 (651ea7b6-f708-422e-94a1-d0d639dc9400)
2020-04-10 07:52:46.263 15 RALLYDEBUG rally_openstack.cleanup.manager [-] Deleting neutron.subnet object s_rally_28577e62_A84BrwZB (6a7ce6e0-1f3c-4ca0-bda3-0c5cecf8055b)
2020-04-10 07:52:46.361 15 RALLYDEBUG rally_openstack.cleanup.manager [-] Deleting neutron.subnet object s_rally_28577e62_gXaIDSnw (6ae6f84e-b011-434d-81f2-79bb5ab0cffb)
2020-04-10 07:52:46.492 15 RALLYDEBUG rally_openstack.cleanup.manager [-] Deleting neutron.subnet object s_rally_28577e62_ZhnQZhcy (7144f96d-9249-4e7f-8e38-13864965d926)
2020-04-10 07:52:46.496 15 RALLYDEBUG rally_openstack.cleanup.manager [-] Deleting neutron.subnet object s_rally_28577e62_BiJkOjgX (72704fc7-88eb-4815-8463-f2a0cb450563)
2020-04-10 07:52:46.500 15 RALLYDEBUG rally_openstack.cleanup.manager [-] Deleting neutron.subnet object s_rally_28577e62_ibEXKOXd (7427e3e1-d3fe-4dc9-8fb2-e81e87d8062c)
2020-04-10 07:52:46.524 15 RALLYDEBUG rally_openstack.cleanup.manager [-] Deleting neutron.subnet object s_rally_28577e62_NwVJlDDr (751dd971-fbbf-494b-91ed-b6686ce0a283)
2020-04-10 07:52:46.713 15 RALLYDEBUG rally_openstack.cleanup.manager [-] Deleting neutron.subnet object s_rally_28577e62_cvzrmkR7 (7805093e-8bdb-4ec9-ae37-643503e94bb8)
2020-04-10 07:52:47.085 15 RALLYDEBUG rally_openstack.cleanup.manager [-] Deleting neutron.subnet object s_rally_28577e62_kd64bo0p (79694417-071c-4543-a931-57b2904076c2)
2020-04-10 07:52:47.357 15 RALLYDEBUG rally_openstack.cleanup.manager [-] Deleting neutron.subnet object s_rally_28577e62_Blp0rrpz (7b83d76f-9b67-4221-a71a-c4ff7cb6baba)
2020-04-10 07:52:48.326 15 RALLYDEBUG rally_openstack.cleanup.manager [-] Deleting neutron.subnet object s_rally_28577e62_AlTQuvPm (7fd6c1c1-c212-4343-8783-8d1fe790d487)
2020-04-10 07:52:48.373 15 RALLYDEBUG rally_openstack.cleanup.manager [-] Deleting neutron.subnet object s_rally_28577e62_h7XTBHxo (841b01fe-9555-426b-91eb-26ecc5e66d3c)
2020-04-10 07:52:48.426 15 RALLYDEBUG rally_openstack.cleanup.manager [-] Deleting neutron.subnet object s_rally_28577e62_73wZxAUq (86e600e2-30da-4645-b31a-ef32e86d580f)
2020-04-10 07:52:48.570 15 RALLYDEBUG rally_openstack.cleanup.manager [-] Deleting neutron.subnet object s_rally_28577e62_jKtl0RPo (87e7a554-165c-479e-bc6f-b7f1018f406f)
2020-04-10 07:52:49.161 15 RALLYDEBUG rally_openstack.cleanup.manager [-] Deleting neutron.subnet object s_rally_28577e62_3FCTPge7 (89494276-383f-4599-b1ff-6b1544c70e32)
2020-04-10 07:52:49.221 15 RALLYDEBUG rally_openstack.cleanup.manager [-] Deleting neutron.subnet object s_rally_28577e62_OolGwYML (9982f113-3dbd-4bc5-9056-05ff0fa31b31)
2020-04-10 07:52:49.225 15 RALLYDEBUG rally_openstack.cleanup.manager [-] Deleting neutron.subnet object s_rally_28577e62_F4lR4PVw (99e3c4da-dd95-480d-bff9-da2dcb6a963d)
2020-04-10 07:52:50.315 15 RALLYDEBUG rally_openstack.cleanup.manager [-] Deleting neutron.subnet object s_rally_28577e62_tiRlRvlv (a0555ff2-6c10-4304-b0e3-a0105a276ad5)
2020-04-10 07:52:50.769 15 RALLYDEBUG rally_openstack.cleanup.manager [-] Deleting neutron.subnet object s_rally_28577e62_dI3zfAB9 (a19894ee-96ae-4c5c-bcbc-7bfe93ed563b)
2020-04-10 07:52:50.800 15 RALLYDEBUG rally_openstack.cleanup.manager [-] Deleting neutron.subnet object s_rally_28577e62_9GeRjr5R (aa4d2c2e-34c0-4f96-9ad6-5ae87fb9b25d)
2020-04-10 07:52:50.962 15 RALLYDEBUG rally_openstack.cleanup.manager [-] Deleting neutron.subnet object s_rally_28577e62_8DgcYpI2 (abba958e-8e77-45f5-b0b8-3347933659d2)
2020-04-10 07:52:50.966 15 RALLYDEBUG rally_openstack.cleanup.manager [-] Deleting neutron.subnet object s_rally_28577e62_vX9BYWNg (b121d018-383c-41cc-817b-a2f0c2ac3d5f)
2020-04-10 07:52:51.006 15 RALLYDEBUG rally_openstack.cleanup.manager [-] Deleting neutron.subnet object s_rally_28577e62_PxAy3kD2 (b25eef2d-890a-40f0-8b5f-ca0e2725b822)
2020-04-10 07:52:51.026 15 RALLYDEBUG rally_openstack.cleanup.manager [-] Deleting neutron.subnet object s_rally_28577e62_NoirTGOn (b473ffcb-c6dc-4125-a668-81dff562a068)
2020-04-10 07:52:51.052 15 RALLYDEBUG rally_openstack.cleanup.manager [-] Deleting neutron.subnet object s_rally_28577e62_A5qfkxxp (b4fde599-818f-4fad-b6fc-ae690cb6ffcb)
2020-04-10 07:52:51.078 15 RALLYDEBUG rally_openstack.cleanup.manager [-] Deleting neutron.subnet object s_rally_28577e62_AkaGTztK (ba0d7675-8f6b-4b5e-8284-892ce07aa038)
2020-04-10 07:52:51.123 15 RALLYDEBUG rally_openstack.cleanup.manager [-] Deleting neutron.subnet object s_rally_28577e62_a3HPRnfX (bf87cb4e-785f-4b04-908f-d09745e8aff3)
2020-04-10 07:52:51.200 15 RALLYDEBUG rally_openstack.cleanup.manager [-] Deleting neutron.subnet object s_rally_28577e62_Sy7wI63S (bfc72226-7192-4fbb-a0dc-b9efb7cedc33)
2020-04-10 07:52:51.708 15 RALLYDEBUG rally_openstack.cleanup.manager [-] Deleting neutron.subnet object s_rally_28577e62_ChrEqx68 (d37b44b0-af9d-465d-bdda-4e252474ffa1)
2020-04-10 07:52:51.933 15 RALLYDEBUG rally_openstack.cleanup.manager [-] Deleting neutron.subnet object s_rally_28577e62_UYvTAq55 (da03e092-88f3-4019-ade7-fa72c51b6541)
2020-04-10 07:52:51.979 15 RALLYDEBUG rally_openstack.cleanup.manager [-] Deleting neutron.subnet object s_rally_28577e62_l6pNj6jo (e3250bcd-9949-4a0c-a63c-0712b852e4a8)
2020-04-10 07:52:52.184 15 RALLYDEBUG rally_openstack.cleanup.manager [-] Deleting neutron.subnet object s_rally_28577e62_EvMcDBtE (e5bad030-6a39-4d19-bd07-38c871edbbc8)
2020-04-10 07:52:52.288 15 RALLYDEBUG rally_openstack.cleanup.manager [-] Deleting neutron.subnet object s_rally_28577e62_RCK9ULey (e62741a7-077b-458a-b708-674afe94f2aa)
2020-04-10 07:52:52.432 15 RALLYDEBUG rally_openstack.cleanup.manager [-] Deleting neutron.subnet object s_rally_28577e62_n5DBRU0K (e76cc8bf-c616-4059-ad88-e2785e66d7a5)
2020-04-10 07:52:53.241 15 RALLYDEBUG rally_openstack.cleanup.manager [-] Deleting neutron.subnet object s_rally_28577e62_eB3ClIDz (e974bc94-67ee-4f8e-9311-c1d180294e6b)
2020-04-10 07:52:53.555 15 RALLYDEBUG rally_openstack.cleanup.manager [-] Deleting neutron.subnet object s_rally_28577e62_6DEi3OxD (edcd7149-21e0-4073-b32f-cc0f17a8a3b6)
2020-04-10 07:52:53.642 15 RALLYDEBUG rally_openstack.cleanup.manager [-] Deleting neutron.subnet object s_rally_28577e62_CDQ5oo1s (f06f8415-ef88-4de4-9801-16f03cff1177)
2020-04-10 07:52:54.009 15 RALLYDEBUG rally_openstack.cleanup.manager [-] Deleting neutron.subnet object s_rally_28577e62_Rk3xVniR (fa5a1155-a9b0-4c86-853d-8c87f7593372)
2020-04-10 07:52:54.035 15 RALLYDEBUG rally_openstack.cleanup.manager [-] Deleting neutron.subnet object s_rally_28577e62_JofBaYgg (fc0867f1-50f6-45fa-92d6-acf95715f67d)
2020-04-10 07:52:54.042 15 RALLYDEBUG rally_openstack.cleanup.manager [-] Deleting neutron.subnet object s_rally_28577e62_inCCHr3V (fcf1b95e-2328-4154-b5f1-53184e4b2829)
2020-04-10 07:52:54.146 15 RALLYDEBUG rally_openstack.cleanup.manager [-] Deleting neutron.subnet object s_rally_28577e62_xU7yY4Lk (ffb9b735-f13c-4225-b693-3f86d38eecb8)
2020-04-10 07:52:58.607 15 RALLYDEBUG rally_openstack.cleanup.manager [-] Cleaning up neutron network objects
2020-04-10 07:52:59.479 15 RALLYDEBUG rally_openstack.cleanup.manager [-] Deleting neutron.network object s_rally_28577e62_I2xxPkHv (03197fb0-656e-4e6a-82f3-fba6c96450d2)
2020-04-10 07:52:59.487 15 RALLYDEBUG rally_openstack.cleanup.manager [-] Deleting neutron.network object s_rally_28577e62_X0rOI6bM (04d3e95f-fa21-42d1-884f-e1abe583245b)
2020-04-10 07:52:59.500 15 RALLYDEBUG rally_openstack.cleanup.manager [-] Deleting neutron.network object s_rally_28577e62_tChUbT3Q (08a666cc-04f0-4605-8faa-d841fd4636ff)
2020-04-10 07:52:59.508 15 RALLYDEBUG rally_openstack.cleanup.manager [-] Deleting neutron.network object s_rally_28577e62_pSVzZfuF (10c7c02a-8a45-477b-9feb-c3b4a6d11f02)
2020-04-10 07:52:59.524 15 RALLYDEBUG rally_openstack.cleanup.manager [-] Deleting neutron.network object s_rally_28577e62_VQfqwjLe (119d6534-0071-4610-b539-714dd6591159)
2020-04-10 07:52:59.525 15 RALLYDEBUG rally_openstack.cleanup.manager [-] Deleting neutron.network object s_rally_28577e62_yujOc1kX (12ff45e2-dbd8-47b6-8420-5c9c710eeca9)
2020-04-10 07:52:59.530 15 RALLYDEBUG rally_openstack.cleanup.manager [-] Deleting neutron.network object s_rally_28577e62_qyBgh7Ol (16c43744-6043-4ea8-a3f6-ba6d1e0729fd)
2020-04-10 07:52:59.541 15 RALLYDEBUG rally_openstack.cleanup.manager [-] Deleting neutron.network object s_rally_28577e62_wai7CDpF (1c7b3713-f2e1-4a25-ae8a-df083252c9d1)
2020-04-10 07:52:59.551 15 RALLYDEBUG rally_openstack.cleanup.manager [-] Deleting neutron.network object s_rally_28577e62_G2uoizEa (2914419c-931f-469c-9154-9ba2f27ab998)
2020-04-10 07:52:59.558 15 RALLYDEBUG rally_openstack.cleanup.manager [-] Deleting neutron.network object s_rally_28577e62_CmKSUgx4 (337e252a-28f2-4dcc-b95f-ae4bf9623f34)
2020-04-10 07:52:59.562 15 RALLYDEBUG rally_openstack.cleanup.manager [-] Deleting neutron.network object s_rally_28577e62_jJ3Ymxxs (30198e36-3b10-437e-8c36-b8c1fbf0bb5c)
2020-04-10 07:52:59.608 15 RALLYDEBUG rally_openstack.cleanup.manager [-] Deleting neutron.network object s_rally_28577e62_TKtkoQyV (53dde519-29c2-4b23-919b-4e4782fefce7)
2020-04-10 07:52:59.612 15 RALLYDEBUG rally_openstack.cleanup.manager [-] Deleting neutron.network object s_rally_28577e62_bQSZkH7i (3c8b740f-62be-4437-872a-f2c239d3c740)
2020-04-10 07:52:59.617 15 RALLYDEBUG rally_openstack.cleanup.manager [-] Deleting neutron.network object s_rally_28577e62_QYy66U0c (4ed10839-46c0-4fad-a132-083cd831dec4)
2020-04-10 07:52:59.659 15 RALLYDEBUG rally_openstack.cleanup.manager [-] Deleting neutron.network object s_rally_28577e62_uuLu4dvt (5e0218e4-ac8e-44e7-a5b7-5a2798d2e351)
2020-04-10 07:52:59.688 15 RALLYDEBUG rally_openstack.cleanup.manager [-] Deleting neutron.network object s_rally_28577e62_YPR7clBf (5b9687ff-dd92-4350-882e-5119684cce9e)
2020-04-10 07:52:59.699 15 RALLYDEBUG rally_openstack.cleanup.manager [-] Deleting neutron.network object s_rally_28577e62_gJOgWoFJ (62abe63f-e605-4514-9445-af2fe0d3e9b6)
2020-04-10 07:52:59.701 15 RALLYDEBUG rally_openstack.cleanup.manager [-] Deleting neutron.network object s_rally_28577e62_Ohnl2T4Y (624a0469-aa4a-42ed-b526-a5ae537bd199)
2020-04-10 07:52:59.739 15 RALLYDEBUG rally_openstack.cleanup.manager [-] Deleting neutron.network object s_rally_28577e62_4NDpgNQp (6e4aeffe-ed30-47df-9fa0-5f1cbab7cfc0)
2020-04-10 07:52:59.771 15 RALLYDEBUG rally_openstack.cleanup.manager [-] Deleting neutron.network object s_rally_28577e62_ZPSKyKTu (6c1b9e2f-2185-474c-bfcd-8a4e107deaa2)
2020-04-10 07:53:02.168 15 RALLYDEBUG rally_openstack.cleanup.manager [-] Deleting neutron.network object s_rally_28577e62_g0mmH2Es (74f20189-7296-45f0-9bd1-29bf2699a3f2)
2020-04-10 07:53:02.356 15 RALLYDEBUG rally_openstack.cleanup.manager [-] Deleting neutron.network object s_rally_28577e62_9veFKiWQ (774e59d0-1ed2-493c-968d-2741e57ef21f)
2020-04-10 07:53:02.389 15 RALLYDEBUG rally_openstack.cleanup.manager [-] Deleting neutron.network object s_rally_28577e62_LqeGSODn (7cc4a7e2-8905-4e90-ae2e-110745e36713)
2020-04-10 07:53:02.425 15 RALLYDEBUG rally_openstack.cleanup.manager [-] Deleting neutron.network object s_rally_28577e62_yd2Hl57F (7dd1d7a1-9010-473d-a0be-5bd2f66cff81)
2020-04-10 07:53:02.447 15 RALLYDEBUG rally_openstack.cleanup.manager [-] Deleting neutron.network object s_rally_28577e62_rcVowbSD (809f6dcd-57e8-451b-b7df-1e6d0b6926c0)
2020-04-10 07:53:02.520 15 RALLYDEBUG rally_openstack.cleanup.manager [-] Deleting neutron.network object s_rally_28577e62_g8kt2rvj (80e28295-3f85-4df5-98ff-fa5ae05ce43a)
2020-04-10 07:53:02.629 15 RALLYDEBUG rally_openstack.cleanup.manager [-] Deleting neutron.network object s_rally_28577e62_dKTLH1WF (85133c74-8167-4537-8280-67e2dd4397a7)
2020-04-10 07:53:02.904 15 RALLYDEBUG rally_openstack.cleanup.manager [-] Deleting neutron.network object s_rally_28577e62_e0uClE9A (87077345-313c-44aa-9218-566e873a17f9)
2020-04-10 07:53:02.946 15 RALLYDEBUG rally_openstack.cleanup.manager [-] Deleting neutron.network object s_rally_28577e62_Y4jBKmNk (950edd84-ca52-4c40-88ac-5902c201099c)
2020-04-10 07:53:03.070 15 RALLYDEBUG rally_openstack.cleanup.manager [-] Deleting neutron.network object s_rally_28577e62_WhAF095C (96ed0c8e-f8aa-4625-9e9a-9b5582110d64)
2020-04-10 07:53:03.534 15 RALLYDEBUG rally_openstack.cleanup.manager [-] Deleting neutron.network object s_rally_28577e62_k8XKczyT (b23faa07-06a1-4859-b39d-9549d679b79a)
2020-04-10 07:53:03.575 15 RALLYDEBUG rally_openstack.cleanup.manager [-] Deleting neutron.network object s_rally_28577e62_H1f5Vv9U (b4e09c5d-bb1a-4f6f-b24e-bbe69d5d7fc6)
2020-04-10 07:53:03.621 15 RALLYDEBUG rally_openstack.cleanup.manager [-] Deleting neutron.network object s_rally_28577e62_UiqV4z4U (bf5e44fc-071a-4ace-b884-15b542059f49)
2020-04-10 07:53:03.716 15 RALLYDEBUG rally_openstack.cleanup.manager [-] Deleting neutron.network object s_rally_28577e62_PBY2QYGQ (c0119b48-2f77-433a-9274-8afb873b8f52)
2020-04-10 07:53:03.736 15 RALLYDEBUG rally_openstack.cleanup.manager [-] Deleting neutron.network object s_rally_28577e62_4axOqaVo (c3c064e8-834f-4187-8f78-8482a187624b)
2020-04-10 07:53:03.924 15 RALLYDEBUG rally_openstack.cleanup.manager [-] Deleting neutron.network object s_rally_28577e62_ncSr9eIw (c5e663ca-3708-4f14-8e6d-5fd5a07cf77e)
2020-04-10 07:53:04.041 15 RALLYDEBUG rally_openstack.cleanup.manager [-] Deleting neutron.network object s_rally_28577e62_TyXyZaZ1 (c7b6c476-85d4-440a-b596-0410f949a789)
2020-04-10 07:53:04.293 15 RALLYDEBUG rally_openstack.cleanup.manager [-] Deleting neutron.network object s_rally_28577e62_KOuhG9KL (e0031788-67ea-4574-b8af-bbccd1f91842)
2020-04-10 07:53:04.946 15 RALLYDEBUG rally_openstack.cleanup.manager [-] Deleting neutron.network object s_rally_28577e62_nLEmsqNx (eaaaa256-978b-4b86-bd5b-6b7b0f4e0df8)
2020-04-10 07:53:04.959 15 RALLYDEBUG rally_openstack.cleanup.manager [-] Deleting neutron.network object s_rally_28577e62_csTWSSfW (ef14de4e-3584-4c0a-9f3b-9a9fa75b5988)
2020-04-10 07:53:07.634 15 RALLYDEBUG rally_openstack.cleanup.manager [-] Cleaning up neutron router objects
2020-04-10 07:53:07.930 15 RALLYDEBUG rally_openstack.cleanup.manager [-] Cleaning up neutron security_group objects
2020-04-10 07:53:08.253 15 INFO rally.task.context [-] Task de124b79-731d-422e-b910-cc865513f57f | Context cleanup@openstack cleanup() finished in 30.24 sec
2020-04-10 07:53:08.253 15 INFO rally.task.context [-] Task de124b79-731d-422e-b910-cc865513f57f | Context quotas@openstack cleanup() started
2020-04-10 07:53:08.301 15 INFO rally.task.context [-] Task de124b79-731d-422e-b910-cc865513f57f | Context quotas@openstack cleanup() finished in 47.23 msec
2020-04-10 07:53:08.301 15 INFO rally.task.context [-] Task de124b79-731d-422e-b910-cc865513f57f | Context users@openstack cleanup() started
2020-04-10 07:53:10.449 15 INFO rally.task.context [-] Task de124b79-731d-422e-b910-cc865513f57f | Context users@openstack cleanup() finished in 2.15 sec
2020-04-10 07:53:11.350 15 INFO rally.task.engine [-] Load duration is: 155.665417
2020-04-10 07:53:11.351 15 INFO rally.task.engine [-] Full runner duration is: 155.714364
2020-04-10 07:53:11.351 15 INFO rally.task.engine [-] Full duration is: 189.824442
2020-04-10 07:53:11.449 15 INFO rally.task.engine [-] Running workload: position = 0 config = { "version": 2, "title": "A cropped version of a bigger task.", "description": "Auto-generated task from a single workload (uuid=9b924b0f-2c39-486f-9596-aa8fb93cc4ca)", "subtasks": [ { "title": "NeutronNetworks.create_and_list_ports", "description": "Check performance of list ports action and ensure > network quotas are not exceeded", "scenario": { "NeutronNetworks.create_and_list_ports": { "network_create_args": null, "port_create_args": null, "ports_per_network": 50 } }, "contexts": { "users": { "tenants": 1, "users_per_tenant": 1 }, "quotas": { "neutron": { "network": -1, "subnet": -1, "router": -1, "port": 811 } } }, "runner": { "constant": { "times": 8, "concurrency": 4 } }, "hooks": [], "sla": { "max_avg_duration_per_atomic": { "neutron.list_ports": 15 }, "failure_rate": { "max": 0 } } } ] }
2020-04-10 07:53:11.471 15 RALLYDEBUG rally_openstack.contexts.keystone.users [-] Creating 1 tenants using 20 threads
2020-04-10 07:53:12.030 15 RALLYDEBUG rally_openstack.contexts.keystone.users [-] Creating 1 users using 20 threads
2020-04-10 07:53:12.598 15 INFO rally.task.context [-] Task de124b79-731d-422e-b910-cc865513f57f | Context users@openstack setup() finished in 1.13 sec
2020-04-10 07:53:13.101 15 INFO rally.task.context [-] Task de124b79-731d-422e-b910-cc865513f57f | Context quotas@openstack setup() finished in 0.50 sec
2020-04-10 07:53:13.101 15 INFO rally.task.context [-] Task de124b79-731d-422e-b910-cc865513f57f | Context cleanup@openstack setup() finished in 0.00 msec
2020-04-10 07:53:13.110 15 RALLYDEBUG rally.task.runner [-] Starting the constant runner (task UUID: de124b79-731d-422e-b910-cc865513f57f). timeout: 0 concurrency: 4 concurrency_per_worker: 1 times: 8 concurrency_overhead: 0 processes_to_start: 4 max_cpu_used: 88
2020-04-10 07:53:13.125 3877 RALLYDEBUG rally.task.runner [-] Starting a worker. concurrency: 1 args: {"network_create_args": null, "port_create_args": null, "ports_per_network": 50} times: 8 method_name: run timeout: 0 duration: None cls:
2020-04-10 07:53:13.128 3878 RALLYDEBUG rally.task.runner [-] Starting a worker. concurrency: 1 args: {"network_create_args": null, "port_create_args": null, "ports_per_network": 50} times: 8 method_name: run timeout: 0 duration: None cls:
2020-04-10 07:53:13.131 3877 INFO rally.task.runner [-] Task de124b79-731d-422e-b910-cc865513f57f | ITER: 1 START
2020-04-10 07:53:13.131 3879 RALLYDEBUG rally.task.runner [-] Starting a worker. concurrency: 1 args: {"network_create_args": null, "port_create_args": null, "ports_per_network": 50} times: 8 method_name: run timeout: 0 duration: None cls:
2020-04-10 07:53:13.132 3877 WARNING rally_openstack.scenarios.neutron.utils [-] Running this scenario without either the 'network' or 'existing_network' context is deprecated
2020-04-10 07:53:13.134 3878 INFO rally.task.runner [-] Task de124b79-731d-422e-b910-cc865513f57f | ITER: 2 START
2020-04-10 07:53:13.134 3880 RALLYDEBUG rally.task.runner [-] Starting a worker. concurrency: 1 args: {"network_create_args": null, "port_create_args": null, "ports_per_network": 50} times: 8 method_name: run timeout: 0 duration: None cls:
2020-04-10 07:53:13.135 3878 WARNING rally_openstack.scenarios.neutron.utils [-] Running this scenario without either the 'network' or 'existing_network' context is deprecated
2020-04-10 07:53:13.137 3879 INFO rally.task.runner [-] Task de124b79-731d-422e-b910-cc865513f57f | ITER: 3 START
2020-04-10 07:53:13.138 3879 WARNING rally_openstack.scenarios.neutron.utils [-] Running this scenario without either the 'network' or 'existing_network' context is deprecated
2020-04-10 07:53:13.140 3880 INFO rally.task.runner [-] Task de124b79-731d-422e-b910-cc865513f57f | ITER: 4 START
2020-04-10 07:53:13.142 3880 WARNING rally_openstack.scenarios.neutron.utils [-] Running this scenario without either the 'network' or 'existing_network' context is deprecated
2020-04-10 07:54:36.830 3877 INFO rally.task.runner [-] Task de124b79-731d-422e-b910-cc865513f57f | ITER: 1 END: OK
2020-04-10 07:54:36.836 3877 INFO rally.task.runner [-] Task de124b79-731d-422e-b910-cc865513f57f | ITER: 5 START
2020-04-10 07:54:36.838 3877 WARNING rally_openstack.scenarios.neutron.utils [-] Running this scenario without either the 'network' or 'existing_network' context is deprecated
2020-04-10 07:54:40.024 3878 INFO rally.task.runner [-] Task de124b79-731d-422e-b910-cc865513f57f | ITER: 2 END: OK
2020-04-10 07:54:40.031 3878 INFO rally.task.runner [-] Task de124b79-731d-422e-b910-cc865513f57f | ITER: 6 START
2020-04-10 07:54:40.032 3878 WARNING rally_openstack.scenarios.neutron.utils [-] Running this scenario without either the 'network' or 'existing_network' context is deprecated
2020-04-10 07:54:51.988 3879 INFO rally.task.runner [-] Task de124b79-731d-422e-b910-cc865513f57f | ITER: 3 END: OK
2020-04-10 07:54:51.994 3879 INFO rally.task.runner [-] Task de124b79-731d-422e-b910-cc865513f57f | ITER: 7 START
2020-04-10 07:54:51.995 3879 WARNING rally_openstack.scenarios.neutron.utils [-] Running this scenario without either the 'network' or 'existing_network' context is deprecated
2020-04-10 07:54:54.428 3880 INFO rally.task.runner [-] Task de124b79-731d-422e-b910-cc865513f57f | ITER: 4 END: OK
2020-04-10 07:54:54.435 3880 INFO rally.task.runner [-] Task de124b79-731d-422e-b910-cc865513f57f | ITER: 8 START
2020-04-10 07:54:54.436 3880 WARNING rally_openstack.scenarios.neutron.utils [-] Running this scenario without either the 'network' or 'existing_network' context is deprecated
2020-04-10 07:55:50.225 3878 INFO rally.task.runner [-] Task de124b79-731d-422e-b910-cc865513f57f | ITER: 6 END: OK
2020-04-10 07:56:06.417 3877 INFO rally.task.runner [-] Task de124b79-731d-422e-b910-cc865513f57f | ITER: 5 END: OK
2020-04-10 07:56:09.339 3879 INFO rally.task.runner [-] Task de124b79-731d-422e-b910-cc865513f57f | ITER: 7 END: OK
2020-04-10 07:56:12.114 3880 INFO rally.task.runner [-] Task de124b79-731d-422e-b910-cc865513f57f | ITER: 8 END: OK
2020-04-10 07:56:12.146 15 INFO rally.task.context [-] Task de124b79-731d-422e-b910-cc865513f57f | Context cleanup@openstack cleanup() started
2020-04-10 07:56:12.149 15 RALLYDEBUG rally_openstack.cleanup.manager [-] Cleaning up neutron vip objects
2020-04-10 07:56:12.375 15 RALLYDEBUG rally_openstack.cleanup.manager [-] Cleaning up neutron health_monitor objects
2020-04-10 07:56:12.596 15 RALLYDEBUG rally_openstack.cleanup.manager [-] Cleaning up neutron pool objects
2020-04-10 07:56:12.819 15 RALLYDEBUG rally_openstack.cleanup.manager [-] Cleaning up neutron loadbalancer objects
2020-04-10 07:56:13.034 15 RALLYDEBUG rally_openstack.cleanup.manager [-] Cleaning up neutron floatingip objects
2020-04-10 07:56:13.243 15 RALLYDEBUG rally_openstack.cleanup.manager [-] Cleaning up neutron trunk objects
2020-04-10 07:56:13.438 15 DEBUG neutronclient.v2_0.client [-] Error message: {"NeutronError": {"message": "Invalid input for operation: 'tenant_id' is not supported for filtering.", "type": "InvalidInput", "detail": ""}} _handle_fault_response /usr/lib/python2.7/site-packages/neutronclient/v2_0/client.py:259
2020-04-10 07:56:13.461 15 DEBUG neutronclient.v2_0.client [-] Error message: {"NeutronError": {"message": "Invalid input for operation: 'tenant_id' is not supported for filtering.", "type": "InvalidInput", "detail": ""}} _handle_fault_response /usr/lib/python2.7/site-packages/neutronclient/v2_0/client.py:259
2020-04-10 07:56:13.482 15 DEBUG neutronclient.v2_0.client [-] Error message: {"NeutronError": {"message": "Invalid input for operation: 'tenant_id' is not supported for filtering.", "type": "InvalidInput", "detail": ""}} _handle_fault_response /usr/lib/python2.7/site-packages/neutronclient/v2_0/client.py:259
2020-04-10 07:56:13.483 15 ERROR rally_openstack.cleanup.manager [-] Seems like rally_openstack.cleanup.resources.NeutronTrunk.list(self) method is broken. It shouldn't raise any exceptions.: BadRequest: Invalid input for operation: 'tenant_id' is not supported for filtering. Neutron server returns request_ids: ['req-ab9fdd31-9b74-41d3-9341-7393c7f37e8e']
2020-04-10 07:56:13.483 15 ERROR rally_openstack.cleanup.manager
Traceback (most recent call last):
2020-04-10 07:56:13.483 15 ERROR rally_openstack.cleanup.manager
File "/usr/lib/python2.7/site-packages/rally_openstack/cleanup/manager.py", line 133, in _publish
2020-04-10 07:56:13.483 15 ERROR rally_openstack.cleanup.manager for raw_resource in rutils.retry(3, manager.list):
2020-04-10 07:56:13.483 15 ERROR rally_openstack.cleanup.manager
File "/usr/lib/python2.7/site-packages/rally/common/utils.py", line 230, in retry
2020-04-10 07:56:13.483 15 ERROR rally_openstack.cleanup.manager return func(*args, **kwargs)
2020-04-10 07:56:13.483 15 ERROR rally_openstack.cleanup.manager
File "/usr/lib/python2.7/site-packages/rally_openstack/cleanup/resources.py", line 396, in list
2020-04-10 07:56:13.483 15 ERROR rally_openstack.cleanup.manager return super(NeutronTrunk, self).list()
2020-04-10 07:56:13.483 15 ERROR rally_openstack.cleanup.manager
File "/usr/lib/python2.7/site-packages/rally_openstack/cleanup/resources.py", line 273, in list
2020-04-10 07:56:13.483 15 ERROR rally_openstack.cleanup.manager result = list_method(tenant_id=self.tenant_uuid)[resources]
2020-04-10 07:56:13.483 15 ERROR rally_openstack.cleanup.manager
File "/usr/lib/python2.7/site-packages/neutronclient/v2_0/client.py", line 2105, in list_trunks
2020-04-10 07:56:13.483 15 ERROR rally_openstack.cleanup.manager **_params)
2020-04-10 07:56:13.483 15 ERROR rally_openstack.cleanup.manager
File "/usr/lib/python2.7/site-packages/neutronclient/v2_0/client.py", line 369, in list
2020-04-10 07:56:13.483 15 ERROR rally_openstack.cleanup.manager for r in self._pagination(collection, path, **params):
2020-04-10 07:56:13.483 15 ERROR rally_openstack.cleanup.manager
File "/usr/lib/python2.7/site-packages/neutronclient/v2_0/client.py", line 384, in _pagination
2020-04-10 07:56:13.483 15 ERROR rally_openstack.cleanup.manager res = self.get(path, params=params)
2020-04-10 07:56:13.483 15 ERROR rally_openstack.cleanup.manager
File "/usr/lib/python2.7/site-packages/neutronclient/v2_0/client.py", line 354, in get
2020-04-10 07:56:13.483 15 ERROR rally_openstack.cleanup.manager headers=headers, params=params)
2020-04-10 07:56:13.483 15 ERROR rally_openstack.cleanup.manager
File "/usr/lib/python2.7/site-packages/neutronclient/v2_0/client.py", line 331, in retry_request
2020-04-10 07:56:13.483 15 ERROR rally_openstack.cleanup.manager headers=headers, params=params)
2020-04-10 07:56:13.483 15 ERROR rally_openstack.cleanup.manager
File "/usr/lib/python2.7/site-packages/neutronclient/v2_0/client.py", line 294, in do_request
2020-04-10 07:56:13.483 15 ERROR rally_openstack.cleanup.manager self._handle_fault_response(status_code, replybody, resp)
2020-04-10 07:56:13.483 15 ERROR rally_openstack.cleanup.manager
File "/usr/lib/python2.7/site-packages/neutronclient/v2_0/client.py", line 269, in _handle_fault_response
2020-04-10 07:56:13.483 15 ERROR rally_openstack.cleanup.manager exception_handler_v20(status_code, error_body)
2020-04-10 07:56:13.483 15 ERROR rally_openstack.cleanup.manager
File "/usr/lib/python2.7/site-packages/neutronclient/v2_0/client.py", line 93, in exception_handler_v20
2020-04-10 07:56:13.483 15 ERROR rally_openstack.cleanup.manager request_ids=request_ids)
2020-04-10 07:56:13.483 15 ERROR rally_openstack.cleanup.manager BadRequest: Invalid input for operation: 'tenant_id' is not supported for filtering.
2020-04-10 07:56:13.483 15 ERROR rally_openstack.cleanup.manager Neutron server returns request_ids: ['req-ab9fdd31-9b74-41d3-9341-7393c7f37e8e']
2020-04-10 07:56:13.483 15 ERROR rally_openstack.cleanup.manager
2020-04-10 07:56:13.493 15 RALLYDEBUG rally_openstack.cleanup.manager [-] Cleaning up neutron port objects
2020-04-10 07:56:14.735 15 RALLYDEBUG rally_openstack.cleanup.manager [-] Deleting neutron.port object s_rally_9b924b0f_1yMgjpxW (00d63f41-ec16-48ef-8667-5a94686c1c96)
2020-04-10 07:56:14.736 15 RALLYDEBUG rally_openstack.cleanup.manager [-] Deleting neutron.port object s_rally_9b924b0f_QT96yJGD (0161ccf2-59c2-4e2b-be8f-d034403cd215)
2020-04-10 07:56:14.738 15 RALLYDEBUG rally_openstack.cleanup.manager [-] Deleting neutron.port object s_rally_9b924b0f_AxUCSHST (01855cca-c677-48d4-ba0c-67d6a0096031)
2020-04-10 07:56:14.751 15 RALLYDEBUG rally_openstack.cleanup.manager [-] Deleting neutron.port object s_rally_9b924b0f_YW24Xafe (033f609c-e091-4c8b-b194-d7f2168f328f)
2020-04-10 07:56:14.757 15 RALLYDEBUG rally_openstack.cleanup.manager [-] Deleting neutron.port object s_rally_9b924b0f_3qjq7F4R (0142e35d-f8ad-4eb2-ae9f-1244b037bfef)
2020-04-10 07:56:14.762 15 RALLYDEBUG rally_openstack.cleanup.manager [-] Deleting neutron.port object s_rally_9b924b0f_69AhcO7q (029ca385-f3b1-467e-9e06-95d4f4bca306)
2020-04-10 07:56:14.765 15 RALLYDEBUG rally_openstack.cleanup.manager [-] Deleting neutron.port object s_rally_9b924b0f_pA0f4ZkL (01b97f39-a94a-4902-b077-0dd0d33506fb)
2020-04-10 07:56:14.777 15 RALLYDEBUG rally_openstack.cleanup.manager [-] Deleting neutron.port object s_rally_9b924b0f_z0SXE3u4 (03fc226e-88a7-40fb-b8ef-2f41f5c13542)
