2020-04-10 07:56:47.653 15 RALLYDEBUG rally_openstack.cleanup.manager [-] Deleting neutron.port object s_rally_9b924b0f_fZVeTibH (c6558f1d-a1eb-4c68-be55-0294e3fdc664)
2020-04-10 07:56:47.750 15 RALLYDEBUG rally_openstack.cleanup.manager [-] Deleting neutron.port object s_rally_9b924b0f_GZD4abGq (c6e06ba9-1f67-4b51-a6ba-785e7b97ee90)
2020-04-10 07:56:47.773 15 RALLYDEBUG rally_openstack.cleanup.manager [-] Deleting neutron.port object s_rally_9b924b0f_xBR4MnoD (c8112aa6-abca-4ac6-856e-50ff9a2d1d32)
2020-04-10 07:56:47.777 15 RALLYDEBUG rally_openstack.cleanup.manager [-] Deleting neutron.port object s_rally_9b924b0f_dIpRa3JQ (c870b563-0fb8-4c2f-aba6-3eaa85da1f8e)
2020-04-10 07:56:47.798 15 RALLYDEBUG rally_openstack.cleanup.manager [-] Deleting neutron.port object s_rally_9b924b0f_QfD4807V (c9e84df5-ec67-4dd5-baa0-a0fb10ba29c3)
2020-04-10 07:56:47.812 15 RALLYDEBUG rally_openstack.cleanup.manager [-] Deleting neutron.port object s_rally_9b924b0f_CUWmQNBf (ca86d715-4de9-4dac-a3cc-d73168b30619)
2020-04-10 07:56:48.018 15 RALLYDEBUG rally_openstack.cleanup.manager [-] Deleting neutron.port object s_rally_9b924b0f_2oiZFDTD (cb90faa1-c88c-4ded-accc-a31b3575ae41)
2020-04-10 07:56:48.059 15 RALLYDEBUG rally_openstack.cleanup.manager [-] Deleting neutron.port object s_rally_9b924b0f_jUMHa5Fu (cc8c7530-e587-4751-8afc-46a79dbb7b69)
2020-04-10 07:56:48.282 15 RALLYDEBUG rally_openstack.cleanup.manager [-] Deleting neutron.port object s_rally_9b924b0f_fGDNiCst (cc94d2be-9a34-4da3-a945-0441abd076f1)
2020-04-10 07:56:48.992 15 RALLYDEBUG rally_openstack.cleanup.manager [-] Deleting neutron.port object s_rally_9b924b0f_isUxvJfN (cca1b951-50ff-4a0c-a035-3f4f5de9b0c6)
2020-04-10 07:56:49.617 15 RALLYDEBUG rally_openstack.cleanup.manager [-] Deleting neutron.port object s_rally_9b924b0f_7YmOEh1I (cdfecc6f-7d2a-447f-a137-f44b2c3fbeb4)
2020-04-10 07:56:49.637 15 RALLYDEBUG rally_openstack.cleanup.manager [-] Deleting neutron.port object s_rally_9b924b0f_S2nMU2sA (ced0bd52-3e1e-405f-9bd5-0e65648c2fc0)
2020-04-10 07:56:49.651 15 RALLYDEBUG rally_openstack.cleanup.manager [-] Deleting neutron.port object s_rally_9b924b0f_eDV7dDgI (cf944832-f465-4560-a760-eea87df3efee)
2020-04-10 07:56:49.665 15 RALLYDEBUG rally_openstack.cleanup.manager [-] Deleting neutron.port object s_rally_9b924b0f_ECcqVTso (d067e459-0491-4869-8169-af1484d1a72e)
2020-04-10 07:56:49.725 15 RALLYDEBUG rally_openstack.cleanup.manager [-] Deleting neutron.port object s_rally_9b924b0f_JlBAtoD8 (d1052526-4154-4cfd-be09-50924df154cb)
2020-04-10 07:56:49.740 15 RALLYDEBUG rally_openstack.cleanup.manager [-] Deleting neutron.port object s_rally_9b924b0f_yEnamihR (d1cb31d2-da4e-4138-8212-c0976f1209d8)
2020-04-10 07:56:49.777 15 RALLYDEBUG rally_openstack.cleanup.manager [-] Deleting neutron.port object s_rally_9b924b0f_9wBl7qjA (d24e1f10-3965-4c59-a2ca-3f1962ac3b33)
2020-04-10 07:56:49.830 15 RALLYDEBUG rally_openstack.cleanup.manager [-] Deleting neutron.port object s_rally_9b924b0f_Fmnf0Jsx (d291e978-0343-4f5c-acb6-f1259e1b68b4)
2020-04-10 07:56:49.867 15 RALLYDEBUG rally_openstack.cleanup.manager [-] Deleting neutron.port object s_rally_9b924b0f_sOcrYxY4 (d2cffd7a-0141-441e-b1c4-8a70f46a0834)
2020-04-10 07:56:49.894 15 RALLYDEBUG rally_openstack.cleanup.manager [-] Deleting neutron.port object s_rally_9b924b0f_4lZ09oUZ (d41bd910-6401-4f77-bf98-e5a45569de99)
2020-04-10 07:56:49.932 15 RALLYDEBUG rally_openstack.cleanup.manager [-] Deleting neutron.port object s_rally_9b924b0f_vcrmO1xw (d53d678e-8f80-4b30-bdcb-7e8ecb5bc000)
2020-04-10 07:56:49.945 15 RALLYDEBUG rally_openstack.cleanup.manager [-] Deleting neutron.port object s_rally_9b924b0f_nSFhsIgW (d5898585-00a5-456d-b57e-e22ee53e17c0)
2020-04-10 07:56:49.960 15 RALLYDEBUG rally_openstack.cleanup.manager [-] Deleting neutron.port object s_rally_9b924b0f_lzYMUzYa (d59b4834-c386-4013-b9b5-ad406a7e89b3)
2020-04-10 07:56:50.001 15 RALLYDEBUG rally_openstack.cleanup.manager [-] Deleting neutron.port object s_rally_9b924b0f_T7ygRvNz (d5b69095-3854-4cd8-8579-143ced56f15a)
2020-04-10 07:56:50.054 15 RALLYDEBUG rally_openstack.cleanup.manager [-] Deleting neutron.port object s_rally_9b924b0f_Qzk5n4S4 (d6b72c6f-ab20-42d2-95b4-a84281aa1507)
2020-04-10 07:56:50.141 15 RALLYDEBUG rally_openstack.cleanup.manager [-] Deleting neutron.port object s_rally_9b924b0f_OepRF82O (d8cee65f-1771-4dd1-91d5-f2014c7251bb)
2020-04-10 07:56:50.151 15 RALLYDEBUG rally_openstack.cleanup.manager [-] Deleting neutron.port object s_rally_9b924b0f_A31Gk4QN (d8dc603a-15cd-4efc-9fbc-1fa9ea306dfc)
2020-04-10 07:56:50.293 15 RALLYDEBUG rally_openstack.cleanup.manager [-] Deleting neutron.port object s_rally_9b924b0f_WXBerw8V (d8ff7d35-8988-4e0b-ab59-4ed1db7e689a)
2020-04-10 07:56:50.321 15 RALLYDEBUG rally_openstack.cleanup.manager [-] Deleting neutron.port object s_rally_9b924b0f_8wJLX0uX (d902bcba-1ad1-4361-adc3-dae723888973)
2020-04-10 07:56:50.771 15 RALLYDEBUG rally_openstack.cleanup.manager [-] Deleting neutron.port object s_rally_9b924b0f_MRBSwzc9 (d93fe310-1ce9-47ce-bcc1-670188c31021)
2020-04-10 07:56:51.627 15 RALLYDEBUG rally_openstack.cleanup.manager [-] Deleting neutron.port object s_rally_9b924b0f_zrdJpyPu (db0a283d-44ad-4813-8497-53d912649e65)
2020-04-10 07:56:51.635 15 RALLYDEBUG rally_openstack.cleanup.manager [-] Deleting neutron.port object s_rally_9b924b0f_WbLH10Ns (db7507cd-81ad-4a95-a0e0-3eeb45395355)
2020-04-10 07:56:51.651 15 RALLYDEBUG rally_openstack.cleanup.manager [-] Deleting neutron.port object s_rally_9b924b0f_UqtXFF2n (dbd70373-62f2-4d6a-9d95-bb65d89b4938)
2020-04-10 07:56:51.654 15 RALLYDEBUG rally_openstack.cleanup.manager [-] Deleting neutron.port object s_rally_9b924b0f_biNgSmFA (dba4f935-d0fe-47a5-ad20-fe197a43ee14)
2020-04-10 07:56:51.903 15 RALLYDEBUG rally_openstack.cleanup.manager [-] Deleting neutron.port object s_rally_9b924b0f_7PEUIGOb (dcb518d4-842f-469f-a60f-836742a01b1b)
2020-04-10 07:56:51.958 15 RALLYDEBUG rally_openstack.cleanup.manager [-] Deleting neutron.port object s_rally_9b924b0f_ugXApkZt (dd3bb163-6b2c-4ac8-968b-d6a117305c31)
2020-04-10 07:56:51.962 15 RALLYDEBUG rally_openstack.cleanup.manager [-] Deleting neutron.port object s_rally_9b924b0f_GOyTARrR (df93d568-d37a-445f-bc4a-378a1bd27b0e)
2020-04-10 07:56:52.034 15 RALLYDEBUG rally_openstack.cleanup.manager [-] Deleting neutron.port object s_rally_9b924b0f_dYuZm6SX (e017ae1a-4607-4c30-a64d-9ac50a713a22)
2020-04-10 07:56:52.086 15 RALLYDEBUG rally_openstack.cleanup.manager [-] Deleting neutron.port object s_rally_9b924b0f_rcMG7NBD (e2b4d901-1f31-4095-aad4-9e04908984f4)
2020-04-10 07:56:52.111 15 RALLYDEBUG rally_openstack.cleanup.manager [-] Deleting neutron.port object s_rally_9b924b0f_4hOxLXDk (e34c6179-ed65-4761-9dd0-374b2a1a3f52)
2020-04-10 07:56:52.122 15 RALLYDEBUG rally_openstack.cleanup.manager [-] Deleting neutron.port object s_rally_9b924b0f_DQD9hLp0 (e3ebc45f-24d7-4ac4-ac8e-c3e54a28edde)
2020-04-10 07:56:52.302 15 RALLYDEBUG rally_openstack.cleanup.manager [-] Deleting neutron.port object s_rally_9b924b0f_wEbEBnIR (e42409c8-bbed-4021-b152-e49e84b46b6f)
2020-04-10 07:56:52.317 15 RALLYDEBUG rally_openstack.cleanup.manager [-] Deleting neutron.port object s_rally_9b924b0f_7DHf020w (e447420b-c2d3-4bd1-bd92-6030ab144f52)
2020-04-10 07:56:52.422 15 RALLYDEBUG rally_openstack.cleanup.manager [-] Deleting neutron.port object s_rally_9b924b0f_2HgpvvWo (e51f368a-d56c-4e56-88bc-4332949e8c61)
2020-04-10 07:56:52.426 15 RALLYDEBUG rally_openstack.cleanup.manager [-] Deleting neutron.port object s_rally_9b924b0f_OxSMTub7 (e56461dd-a6cc-4a9f-9bd2-265cf65375ee)
2020-04-10 07:56:52.442 15 RALLYDEBUG rally_openstack.cleanup.manager [-] Deleting neutron.port object s_rally_9b924b0f_QBTFPucs (e57aa544-c392-498b-83e4-f6bc9d22c4bd)
2020-04-10 07:56:52.567 15 RALLYDEBUG rally_openstack.cleanup.manager [-] Deleting neutron.port object s_rally_9b924b0f_mOaTqbDG (e59be7e8-bdea-45ee-9e1f-8e671513ce5b)
2020-04-10 07:56:52.898 15 RALLYDEBUG rally_openstack.cleanup.manager [-] Deleting neutron.port object s_rally_9b924b0f_6IV45XcK (e5c6acad-add2-41b2-9eb9-26b4fd9bc405)
2020-04-10 07:56:52.911 15 RALLYDEBUG rally_openstack.cleanup.manager [-] Deleting neutron.port object s_rally_9b924b0f_UtQN7chV (e7f216e8-7b60-406f-aed9-e0007026d31a)
2020-04-10 07:56:52.940 15 RALLYDEBUG rally_openstack.cleanup.manager [-] Deleting neutron.port object s_rally_9b924b0f_CZymTJSs (e976ed7a-dc1f-4efd-bc5a-105f523a89d5)
2020-04-10 07:56:53.284 15 RALLYDEBUG rally_openstack.cleanup.manager [-] Deleting neutron.port object s_rally_9b924b0f_i6WEsA8y (e9a82ec7-0279-4501-ad19-5750370f8052)
2020-04-10 07:56:53.565 15 RALLYDEBUG rally_openstack.cleanup.manager [-] Deleting neutron.port object s_rally_9b924b0f_G0zFwrGt (ea3ea481-d0fd-46ec-81e6-bc4ae272318d)
2020-04-10 07:56:53.627 15 RALLYDEBUG rally_openstack.cleanup.manager [-] Deleting neutron.port object s_rally_9b924b0f_g68MyJ7C (eac349e1-22bd-4f46-a14d-d91264a47e99)
2020-04-10 07:56:53.731 15 RALLYDEBUG rally_openstack.cleanup.manager [-] Deleting neutron.port object s_rally_9b924b0f_aRiQL2tH (eac79edb-7aeb-46c1-b496-615ee1fc6098)
2020-04-10 07:56:53.952 15 RALLYDEBUG rally_openstack.cleanup.manager [-] Deleting neutron.port object s_rally_9b924b0f_j515PsPc (eafa5a89-ffde-4e88-be66-8199f0b07e95)
2020-04-10 07:56:54.217 15 RALLYDEBUG rally_openstack.cleanup.manager [-] Deleting neutron.port object s_rally_9b924b0f_Mc2v3efE (eb6a1654-fc00-4b17-89dd-54ce067bc182)
2020-04-10 07:56:54.274 15 RALLYDEBUG rally_openstack.cleanup.manager [-] Deleting neutron.port object s_rally_9b924b0f_SCA7WLGl (ebdaf0f7-b789-4167-b688-571d82684d70)
2020-04-10 07:56:54.344 15 RALLYDEBUG rally_openstack.cleanup.manager [-] Deleting neutron.port object s_rally_9b924b0f_gUKxZKSH (ec89e1f7-b015-42d6-8823-f9f1575f2b91)
2020-04-10 07:56:54.372 15 RALLYDEBUG rally_openstack.cleanup.manager [-] Deleting neutron.port object s_rally_9b924b0f_gPVMDstc (efb1e12d-c1f0-415a-8ed6-34b0e269c8a7)
2020-04-10 07:56:54.437 15 RALLYDEBUG rally_openstack.cleanup.manager [-] Deleting neutron.port object s_rally_9b924b0f_Y97kIdgG (f133ae6e-503b-4319-85dc-4777be5719d1)
2020-04-10 07:56:54.649 15 RALLYDEBUG rally_openstack.cleanup.manager [-] Deleting neutron.port object s_rally_9b924b0f_pTHNz46l (f1f1dff7-2309-4649-99a1-e26276544ebd)
2020-04-10 07:56:54.810 15 RALLYDEBUG rally_openstack.cleanup.manager [-] Deleting neutron.port object s_rally_9b924b0f_I4G4yZHI (f21ef41f-b610-42be-b297-cc70d801de62)
2020-04-10 07:56:54.833 15 RALLYDEBUG rally_openstack.cleanup.manager [-] Deleting neutron.port object s_rally_9b924b0f_9UA7W6H1 (f2ffe03b-3f3d-4404-be30-7ebf9a2f18a3)
2020-04-10 07:56:55.061 15 RALLYDEBUG rally_openstack.cleanup.manager [-] Deleting neutron.port object s_rally_9b924b0f_RNgIzWfM (f3396ed3-d77d-490c-baa8-347fc3e97775)
2020-04-10 07:56:55.117 15 RALLYDEBUG rally_openstack.cleanup.manager [-] Deleting neutron.port object s_rally_9b924b0f_0KEGSn7U (f37a2b10-47f0-48a5-aec9-235a37855284)
2020-04-10 07:56:55.139 15 RALLYDEBUG rally_openstack.cleanup.manager [-] Deleting neutron.port object s_rally_9b924b0f_3w9sgkV8 (f41aa111-ae67-4f63-8e59-ddb8ce8db981)
2020-04-10 07:56:55.188 15 RALLYDEBUG rally_openstack.cleanup.manager [-] Deleting neutron.port object s_rally_9b924b0f_OeQhVVsT (f44b8cf9-c9d5-4e5d-892e-e64187c2dc4b)
2020-04-10 07:56:55.507 15 RALLYDEBUG rally_openstack.cleanup.manager [-] Deleting neutron.port object s_rally_9b924b0f_Re8hg8Uo (f4955d71-5e1b-4cb0-afd3-cc3461da249b)
2020-04-10 07:56:55.593 15 RALLYDEBUG rally_openstack.cleanup.manager [-] Deleting neutron.port object s_rally_9b924b0f_aGzNTQKv (f4b6e323-1360-448c-a193-1826db7d929e)
2020-04-10 07:56:55.611 15 RALLYDEBUG rally_openstack.cleanup.manager [-] Deleting neutron.port object s_rally_9b924b0f_AR3nzxHt (f4b81d0d-110a-4004-9081-83c92115d424)
2020-04-10 07:56:55.719 15 RALLYDEBUG rally_openstack.cleanup.manager [-] Deleting neutron.port object s_rally_9b924b0f_sGWRGKVq (f57c9b99-9ef5-4402-b426-b56ca1e124fe)
2020-04-10 07:56:55.902 15 RALLYDEBUG rally_openstack.cleanup.manager [-] Deleting neutron.port object s_rally_9b924b0f_AeYetwEi (f59a505a-56be-4659-b787-66c6cfea1740)
2020-04-10 07:56:56.020 15 RALLYDEBUG rally_openstack.cleanup.manager [-] Deleting neutron.port object s_rally_9b924b0f_lu13EeW3 (f5df57ed-54ef-4937-af1f-c65519a54174)
2020-04-10 07:56:56.061 15 RALLYDEBUG rally_openstack.cleanup.manager [-] Deleting neutron.port object s_rally_9b924b0f_gSHtDoQU (f639106e-2049-44f6-9600-38de34cbb22e)
2020-04-10 07:56:56.216 15 RALLYDEBUG rally_openstack.cleanup.manager [-] Deleting neutron.port object s_rally_9b924b0f_n5FH1Mqy (f6778dfe-8ab2-471a-ad53-f973d1165572)
2020-04-10 07:56:56.227 15 RALLYDEBUG rally_openstack.cleanup.manager [-] Deleting neutron.port object s_rally_9b924b0f_rRkMbvBh (f68eb613-4d0d-4f27-a557-76234f09c438)
2020-04-10 07:56:56.232 15 RALLYDEBUG rally_openstack.cleanup.manager [-] Deleting neutron.port object s_rally_9b924b0f_0V0zZ4qP (f69c3898-ad27-48d2-b053-e4682ced2806)
2020-04-10 07:56:56.368 15 RALLYDEBUG rally_openstack.cleanup.manager [-] Deleting neutron.port object s_rally_9b924b0f_DYuOjzdz (f6c343ff-b160-4f6d-8a20-a5fe95fb95f1)
2020-04-10 07:56:56.385 15 RALLYDEBUG rally_openstack.cleanup.manager [-] Deleting neutron.port object s_rally_9b924b0f_ZbXE1otO (f73120e8-5fb2-4216-83ee-75b25790bf4f)
2020-04-10 07:56:56.652 15 RALLYDEBUG rally_openstack.cleanup.manager [-] Deleting neutron.port object s_rally_9b924b0f_1aO3Vzbu (f7fb8511-2277-441c-94a8-70b2f9bf9b39)
2020-04-10 07:56:56.746 15 RALLYDEBUG rally_openstack.cleanup.manager [-] Deleting neutron.port object s_rally_9b924b0f_9FF19T6s (f8d67cb6-b362-45dc-8661-be8084892f41)
2020-04-10 07:56:56.785 15 RALLYDEBUG rally_openstack.cleanup.manager [-] Deleting neutron.port object s_rally_9b924b0f_A2nvbnZt (f8fd16c3-723b-4982-b6cb-41534cc1235f)
2020-04-10 07:56:56.821 15 RALLYDEBUG rally_openstack.cleanup.manager [-] Deleting neutron.port object s_rally_9b924b0f_FTGbyG0o (f92eaf80-8680-45d0-98a5-2280e35cdd39)
2020-04-10 07:56:56.881 15 RALLYDEBUG rally_openstack.cleanup.manager [-] Deleting neutron.port object s_rally_9b924b0f_9bG5MRh6 (f99e2256-3ab8-433c-b5be-1563e1e97131)
2020-04-10 07:56:57.066 15 RALLYDEBUG rally_openstack.cleanup.manager [-] Deleting neutron.port object s_rally_9b924b0f_0QWOLfiE (f9dd442b-11c2-4cc5-a957-7cf1ab2c47f5)
2020-04-10 07:56:57.287 15 RALLYDEBUG rally_openstack.cleanup.manager [-] Deleting neutron.port object s_rally_9b924b0f_HMbCCS0j (fadbcb64-adab-4683-acbd-da80ba21c8fa)
2020-04-10 07:56:57.977 15 RALLYDEBUG rally_openstack.cleanup.manager [-] Deleting neutron.port object s_rally_9b924b0f_7a31e7ql (fb299ad7-d873-44ea-a91d-e801e95fcb69)
2020-04-10 07:56:58.044 15 RALLYDEBUG rally_openstack.cleanup.manager [-] Deleting neutron.port object s_rally_9b924b0f_LxQy0h5e (fc11de15-a6b9-4543-9d23-c4aad58903e7)
2020-04-10 07:56:58.080 15 RALLYDEBUG rally_openstack.cleanup.manager [-] Deleting neutron.port object s_rally_9b924b0f_VClWim5R (fcdcfc22-dd35-4936-9b71-aebc11c07608)
2020-04-10 07:56:58.187 15 RALLYDEBUG rally_openstack.cleanup.manager [-] Deleting neutron.port object s_rally_9b924b0f_dNHZynYt (fd54f755-8028-4575-b33b-a73b8c19e0dd)
2020-04-10 07:56:58.216 15 RALLYDEBUG rally_openstack.cleanup.manager [-] Deleting neutron.port object s_rally_9b924b0f_HSlnAORT (fd8c0e27-5f98-4ecd-b906-6ae898b741b4)
2020-04-10 07:56:58.339 15 RALLYDEBUG rally_openstack.cleanup.manager [-] Deleting neutron.port object s_rally_9b924b0f_ejcFodDD (fdd5277a-3219-46ba-ad0e-aaff80a3d1d7)
2020-04-10 07:56:58.343 15 RALLYDEBUG rally_openstack.cleanup.manager [-] Deleting neutron.port object s_rally_9b924b0f_XrJ6TCby (fdf50644-c568-449c-86bc-466820ab684e)
2020-04-10 07:56:58.387 15 RALLYDEBUG rally_openstack.cleanup.manager [-] Deleting neutron.port object s_rally_9b924b0f_LE4HccIH (feea313c-7161-46b0-994a-c5c8c757edb7)
2020-04-10 07:56:58.442 15 RALLYDEBUG rally_openstack.cleanup.manager [-] Deleting neutron.port object s_rally_9b924b0f_sTKxU5sJ (ff21acf4-1eca-4b6c-98fc-82202ad2bffe)
2020-04-10 07:57:02.051 15 RALLYDEBUG rally_openstack.cleanup.manager [-] Cleaning up neutron subnet objects
2020-04-10 07:57:02.346 15 RALLYDEBUG rally_openstack.cleanup.manager [-] Cleaning up neutron network objects
2020-04-10 07:57:02.684 15 RALLYDEBUG rally_openstack.cleanup.manager [-] Deleting neutron.network object s_rally_9b924b0f_S8PkGuuV (0edd26ca-e883-41df-ac52-4ffe41c76d61)
2020-04-10 07:57:02.694 15 RALLYDEBUG rally_openstack.cleanup.manager [-] Deleting neutron.network object s_rally_9b924b0f_bbFOW36a (198216c6-c5cb-46df-a20c-3fb4b694fb86)
2020-04-10 07:57:02.705 15 RALLYDEBUG rally_openstack.cleanup.manager [-] Deleting neutron.network object s_rally_9b924b0f_VSj27VJG (6f3205ad-6b61-4cb2-8772-a1083455b2f4)
2020-04-10 07:57:02.715 15 RALLYDEBUG rally_openstack.cleanup.manager [-] Deleting neutron.network object s_rally_9b924b0f_apfrz9qQ (9f47e57a-e8ea-4ad6-84f9-88f3eeb50f52)
2020-04-10 07:57:02.724 15 RALLYDEBUG rally_openstack.cleanup.manager [-] Deleting neutron.network object s_rally_9b924b0f_E7BKXDsm (cd7cf8fc-940a-49dd-987a-76e4a3639096)
2020-04-10 07:57:02.737 15 RALLYDEBUG rally_openstack.cleanup.manager [-] Deleting neutron.network object s_rally_9b924b0f_BjoLu4Fy (d59bd223-f633-43a8-a758-5c899e08dfe3)
2020-04-10 07:57:02.742 15 RALLYDEBUG rally_openstack.cleanup.manager [-] Deleting neutron.network object s_rally_9b924b0f_95lX1tCj (e2199b26-f47f-459e-8e38-9daf4972b6d0)
2020-04-10 07:57:02.757 15 RALLYDEBUG rally_openstack.cleanup.manager [-] Deleting neutron.network object s_rally_9b924b0f_DH4TIDMW (f2fef511-0148-44bd-9d2d-33e90bf4a5f8)
2020-04-10 07:57:05.272 15 RALLYDEBUG rally_openstack.cleanup.manager [-] Cleaning up neutron router objects
2020-04-10 07:57:05.547 15 RALLYDEBUG rally_openstack.cleanup.manager [-] Cleaning up neutron security_group objects
2020-04-10 07:57:05.813 15 INFO rally.task.context [-] Task de124b79-731d-422e-b910-cc865513f57f | Context cleanup@openstack cleanup() finished in 53.67 sec
2020-04-10 07:57:05.814 15 INFO rally.task.context [-] Task de124b79-731d-422e-b910-cc865513f57f | Context quotas@openstack cleanup() started
2020-04-10 07:57:05.862 15 INFO rally.task.context [-] Task de124b79-731d-422e-b910-cc865513f57f | Context quotas@openstack cleanup() finished in 47.68 msec
2020-04-10 07:57:05.862 15 INFO rally.task.context [-] Task de124b79-731d-422e-b910-cc865513f57f | Context users@openstack cleanup() started
2020-04-10 07:57:08.223 15 INFO rally.task.context [-] Task de124b79-731d-422e-b910-cc865513f57f | Context users@openstack cleanup() finished in 2.36 sec
2020-04-10 07:57:08.409 15 INFO rally.task.engine [-] Load duration is: 178.98171
2020-04-10 07:57:08.410 15 INFO rally.task.engine [-] Full runner duration is: 179.036144
2020-04-10 07:57:08.410 15 INFO rally.task.engine [-] Full duration is: 236.755041
2020-04-10 07:57:08.481 15 INFO rally.task.engine [-] Running workload: position = 1 config = { "version": 2, "title": "A cropped version of a bigger task.", "description": "Auto-generated task from a single workload (uuid=78084147-45d5-4aae-9901-dc0a47ff5a51)", "subtasks": [ { "title": "NeutronNetworks.create_and_update_ports", "description": "Create and update a given number of ports.", "scenario": { "NeutronNetworks.create_and_update_ports": { "network_create_args": {}, "port_create_args": {}, "ports_per_network": 5, "port_update_args": { "admin_state_up": false, "device_id": "dummy_id", "device_owner": "dummy_owner", "name": "_port_updated" } } }, "contexts": { "users": { "tenants": 1, "users_per_tenant": 1 }, "quotas": { "neutron": { "network": -1, "port": -1 } } }, "runner": { "constant": { "times": 40, "concurrency": 20 } }, "hooks": [], "sla": { "failure_rate": { "max": 0 } } } ] }
2020-04-10 07:57:08.500 15 RALLYDEBUG rally_openstack.contexts.keystone.users [-] Creating 1 tenants using 20 threads
2020-04-10 07:57:08.810 15 RALLYDEBUG rally_openstack.contexts.keystone.users [-] Creating 1 users using 20 threads
2020-04-10 07:57:09.377 15 INFO rally.task.context [-] Task de124b79-731d-422e-b910-cc865513f57f | Context users@openstack setup() finished in 0.88 sec
2020-04-10 07:57:09.871 15 INFO rally.task.context [-] Task de124b79-731d-422e-b910-cc865513f57f | Context quotas@openstack setup() finished in 0.49 sec
2020-04-10 07:57:09.871 15 INFO rally.task.context [-] Task de124b79-731d-422e-b910-cc865513f57f | Context cleanup@openstack setup() finished in 0.00 msec
2020-04-10 07:57:09.880 15 RALLYDEBUG rally.task.runner [-] Starting the constant runner (task UUID: de124b79-731d-422e-b910-cc865513f57f). timeout: 0 concurrency: 20 concurrency_per_worker: 1 times: 40 concurrency_overhead: 0 processes_to_start: 20 max_cpu_used: 88
2020-04-10 07:57:09.895 4199 RALLYDEBUG rally.task.runner [-] Starting a worker. concurrency: 1 args: {"network_create_args": {}, "port_create_args": {}, "ports_per_network": 5, "port_update_args": {"admin_state_up": false, "device_id": "dummy_id", "device_owner": "dummy_owner", "name": "_port_updated"}} times: 40 method_name: run timeout: 0 duration: None cls:
2020-04-10 07:57:09.899 4200 RALLYDEBUG rally.task.runner [-] Starting a worker. concurrency: 1 args: {"network_create_args": {}, "port_create_args": {}, "ports_per_network": 5, "port_update_args": {"admin_state_up": false, "device_id": "dummy_id", "device_owner": "dummy_owner", "name": "_port_updated"}} times: 40 method_name: run timeout: 0 duration: None cls:
2020-04-10 07:57:09.902 4201 RALLYDEBUG rally.task.runner [-] Starting a worker. concurrency: 1 args: {"network_create_args": {}, "port_create_args": {}, "ports_per_network": 5, "port_update_args": {"admin_state_up": false, "device_id": "dummy_id", "device_owner": "dummy_owner", "name": "_port_updated"}} times: 40 method_name: run timeout: 0 duration: None cls:
2020-04-10 07:57:09.904 4199 INFO rally.task.runner [-] Task de124b79-731d-422e-b910-cc865513f57f | ITER: 1 START
2020-04-10 07:57:09.905 4199 WARNING rally_openstack.scenarios.neutron.utils [-] Running this scenario without either the 'network' or 'existing_network' context is deprecated
2020-04-10 07:57:09.905 4202 RALLYDEBUG rally.task.runner [-] Starting a worker. concurrency: 1 args: {"network_create_args": {}, "port_create_args": {}, "ports_per_network": 5, "port_update_args": {"admin_state_up": false, "device_id": "dummy_id", "device_owner": "dummy_owner", "name": "_port_updated"}} times: 40 method_name: run timeout: 0 duration: None cls:
2020-04-10 07:57:09.906 4200 INFO rally.task.runner [-] Task de124b79-731d-422e-b910-cc865513f57f | ITER: 2 START
2020-04-10 07:57:09.907 4200 WARNING rally_openstack.scenarios.neutron.utils [-] Running this scenario without either the 'network' or 'existing_network' context is deprecated
2020-04-10 07:57:09.909 4201 INFO rally.task.runner [-] Task de124b79-731d-422e-b910-cc865513f57f | ITER: 3 START
2020-04-10 07:57:09.908 4203 RALLYDEBUG rally.task.runner [-] Starting a worker. concurrency: 1 args: {"network_create_args": {}, "port_create_args": {}, "ports_per_network": 5, "port_update_args": {"admin_state_up": false, "device_id": "dummy_id", "device_owner": "dummy_owner", "name": "_port_updated"}} times: 40 method_name: run timeout: 0 duration: None cls:
2020-04-10 07:57:09.910 4201 WARNING rally_openstack.scenarios.neutron.utils [-] Running this scenario without either the 'network' or 'existing_network' context is deprecated
2020-04-10 07:57:09.911 4206 RALLYDEBUG rally.task.runner [-] Starting a worker. concurrency: 1 args: {"network_create_args": {}, "port_create_args": {}, "ports_per_network": 5, "port_update_args": {"admin_state_up": false, "device_id": "dummy_id", "device_owner": "dummy_owner", "name": "_port_updated"}} times: 40 method_name: run timeout: 0 duration: None cls:
2020-04-10 07:57:09.918 4211 RALLYDEBUG rally.task.runner [-] Starting a worker. concurrency: 1 args: {"network_create_args": {}, "port_create_args": {}, "ports_per_network": 5, "port_update_args": {"admin_state_up": false, "device_id": "dummy_id", "device_owner": "dummy_owner", "name": "_port_updated"}} times: 40 method_name: run timeout: 0 duration: None cls:
2020-04-10 07:57:09.919 4206 INFO rally.task.runner [-] Task de124b79-731d-422e-b910-cc865513f57f | ITER: 6 START
2020-04-10 07:57:09.919 4202 INFO rally.task.runner [-] Task de124b79-731d-422e-b910-cc865513f57f | ITER: 4 START
2020-04-10 07:57:09.919 4203 INFO rally.task.runner [-] Task de124b79-731d-422e-b910-cc865513f57f | ITER: 5 START
2020-04-10 07:57:09.920 4206 WARNING rally_openstack.scenarios.neutron.utils [-] Running this scenario without either the 'network' or 'existing_network' context is deprecated
2020-04-10 07:57:09.920 4202 WARNING rally_openstack.scenarios.neutron.utils [-] Running this scenario without either the 'network' or 'existing_network' context is deprecated
2020-04-10 07:57:09.921 4203 WARNING rally_openstack.scenarios.neutron.utils [-] Running this scenario without either the 'network' or 'existing_network' context is deprecated
2020-04-10 07:57:09.923 4214 RALLYDEBUG rally.task.runner [-] Starting a worker. concurrency: 1 args: {"network_create_args": {}, "port_create_args": {}, "ports_per_network": 5, "port_update_args": {"admin_state_up": false, "device_id": "dummy_id", "device_owner": "dummy_owner", "name": "_port_updated"}} times: 40 method_name: run timeout: 0 duration: None cls:
2020-04-10 07:57:09.925 4211 INFO rally.task.runner [-] Task de124b79-731d-422e-b910-cc865513f57f | ITER: 7 START
2020-04-10 07:57:09.926 4211 WARNING rally_openstack.scenarios.neutron.utils [-] Running this scenario without either the 'network' or 'existing_network' context is deprecated
2020-04-10 07:57:09.926 4217 RALLYDEBUG rally.task.runner [-] Starting a worker. concurrency: 1 args: {"network_create_args": {}, "port_create_args": {}, "ports_per_network": 5, "port_update_args": {"admin_state_up": false, "device_id": "dummy_id", "device_owner": "dummy_owner", "name": "_port_updated"}} times: 40 method_name: run timeout: 0 duration: None cls:
2020-04-10 07:57:09.928 4220 RALLYDEBUG rally.task.runner [-] Starting a worker. concurrency: 1 args: {"network_create_args": {}, "port_create_args": {}, "ports_per_network": 5, "port_update_args": {"admin_state_up": false, "device_id": "dummy_id", "device_owner": "dummy_owner", "name": "_port_updated"}} times: 40 method_name: run timeout: 0 duration: None cls:
2020-04-10 07:57:09.932 4214 INFO rally.task.runner [-] Task de124b79-731d-422e-b910-cc865513f57f | ITER: 8 START
2020-04-10 07:57:09.932 4217 INFO rally.task.runner [-] Task de124b79-731d-422e-b910-cc865513f57f | ITER: 9 START
2020-04-10 07:57:09.932 4223 RALLYDEBUG rally.task.runner [-] Starting a worker. concurrency: 1 args: {"network_create_args": {}, "port_create_args": {}, "ports_per_network": 5, "port_update_args": {"admin_state_up": false, "device_id": "dummy_id", "device_owner": "dummy_owner", "name": "_port_updated"}} times: 40 method_name: run timeout: 0 duration: None cls:
2020-04-10 07:57:09.933 4214 WARNING rally_openstack.scenarios.neutron.utils [-] Running this scenario without either the 'network' or 'existing_network' context is deprecated
2020-04-10 07:57:09.933 4217 WARNING rally_openstack.scenarios.neutron.utils [-] Running this scenario without either the 'network' or 'existing_network' context is deprecated
2020-04-10 07:57:09.935 4220 INFO rally.task.runner [-] Task de124b79-731d-422e-b910-cc865513f57f | ITER: 10 START
2020-04-10 07:57:09.936 4224 RALLYDEBUG rally.task.runner [-] Starting a worker. concurrency: 1 args: {"network_create_args": {}, "port_create_args": {}, "ports_per_network": 5, "port_update_args": {"admin_state_up": false, "device_id": "dummy_id", "device_owner": "dummy_owner", "name": "_port_updated"}} times: 40 method_name: run timeout: 0 duration: None cls:
2020-04-10 07:57:09.937 4220 WARNING rally_openstack.scenarios.neutron.utils [-] Running this scenario without either the 'network' or 'existing_network' context is deprecated
2020-04-10 07:57:09.939 4223 INFO rally.task.runner [-] Task de124b79-731d-422e-b910-cc865513f57f | ITER: 11 START
2020-04-10 07:57:09.940 4229 RALLYDEBUG rally.task.runner [-] Starting a worker. concurrency: 1 args: {"network_create_args": {}, "port_create_args": {}, "ports_per_network": 5, "port_update_args": {"admin_state_up": false, "device_id": "dummy_id", "device_owner": "dummy_owner", "name": "_port_updated"}} times: 40 method_name: run timeout: 0 duration: None cls:
2020-04-10 07:57:09.941 4223 WARNING rally_openstack.scenarios.neutron.utils [-] Running this scenario without either the 'network' or 'existing_network' context is deprecated
2020-04-10 07:57:09.942 4224 INFO rally.task.runner [-] Task de124b79-731d-422e-b910-cc865513f57f | ITER: 12 START
2020-04-10 07:57:09.943 4224 WARNING rally_openstack.scenarios.neutron.utils [-] Running this scenario without either the 'network' or 'existing_network' context is deprecated
2020-04-10 07:57:09.943 4232 RALLYDEBUG rally.task.runner [-] Starting a worker. concurrency: 1 args: {"network_create_args": {}, "port_create_args": {}, "ports_per_network": 5, "port_update_args": {"admin_state_up": false, "device_id": "dummy_id", "device_owner": "dummy_owner", "name": "_port_updated"}} times: 40 method_name: run timeout: 0 duration: None cls:
2020-04-10 07:57:09.946 4235 RALLYDEBUG rally.task.runner [-] Starting a worker. concurrency: 1 args: {"network_create_args": {}, "port_create_args": {}, "ports_per_network": 5, "port_update_args": {"admin_state_up": false, "device_id": "dummy_id", "device_owner": "dummy_owner", "name": "_port_updated"}} times: 40 method_name: run timeout: 0 duration: None cls:
2020-04-10 07:57:09.947 4229 INFO rally.task.runner [-] Task de124b79-731d-422e-b910-cc865513f57f | ITER: 13 START
2020-04-10 07:57:09.948 4229 WARNING rally_openstack.scenarios.neutron.utils [-] Running this scenario without either the 'network' or 'existing_network' context is deprecated
2020-04-10 07:57:09.949 4232 INFO rally.task.runner [-] Task de124b79-731d-422e-b910-cc865513f57f | ITER: 14 START
2020-04-10 07:57:09.950 4232 WARNING rally_openstack.scenarios.neutron.utils [-] Running this scenario without either the 'network' or 'existing_network' context is deprecated
2020-04-10 07:57:09.950 4238 RALLYDEBUG rally.task.runner [-] Starting a worker. concurrency: 1 args: {"network_create_args": {}, "port_create_args": {}, "ports_per_network": 5, "port_update_args": {"admin_state_up": false, "device_id": "dummy_id", "device_owner": "dummy_owner", "name": "_port_updated"}} times: 40 method_name: run timeout: 0 duration: None cls:
2020-04-10 07:57:09.952 4235 INFO rally.task.runner [-] Task de124b79-731d-422e-b910-cc865513f57f | ITER: 15 START
2020-04-10 07:57:09.953 4241 RALLYDEBUG rally.task.runner [-] Starting a worker. concurrency: 1 args: {"network_create_args": {}, "port_create_args": {}, "ports_per_network": 5, "port_update_args": {"admin_state_up": false, "device_id": "dummy_id", "device_owner": "dummy_owner", "name": "_port_updated"}} times: 40 method_name: run timeout: 0 duration: None cls:
2020-04-10 07:57:09.953 4235 WARNING rally_openstack.scenarios.neutron.utils [-] Running this scenario without either the 'network' or 'existing_network' context is deprecated
2020-04-10 07:57:09.956 4238 INFO rally.task.runner [-] Task de124b79-731d-422e-b910-cc865513f57f | ITER: 16 START
2020-04-10 07:57:09.957 4238 WARNING rally_openstack.scenarios.neutron.utils [-] Running this scenario without either the 'network' or 'existing_network' context is deprecated
2020-04-10 07:57:09.959 4241 INFO rally.task.runner [-] Task de124b79-731d-422e-b910-cc865513f57f | ITER: 17 START
2020-04-10 07:57:09.959 4247 RALLYDEBUG rally.task.runner [-] Starting a worker. concurrency: 1 args: {"network_create_args": {}, "port_create_args": {}, "ports_per_network": 5, "port_update_args": {"admin_state_up": false, "device_id": "dummy_id", "device_owner": "dummy_owner", "name": "_port_updated"}} times: 40 method_name: run timeout: 0 duration: None cls:
2020-04-10 07:57:09.960 4241 WARNING rally_openstack.scenarios.neutron.utils [-] Running this scenario without either the 'network' or 'existing_network' context is deprecated
2020-04-10 07:57:09.961 4244 RALLYDEBUG rally.task.runner [-] Starting a worker. concurrency: 1 args: {"network_create_args": {}, "port_create_args": {}, "ports_per_network": 5, "port_update_args": {"admin_state_up": false, "device_id": "dummy_id", "device_owner": "dummy_owner", "name": "_port_updated"}} times: 40 method_name: run timeout: 0 duration: None cls:
2020-04-10 07:57:09.965 4247 INFO rally.task.runner [-] Task de124b79-731d-422e-b910-cc865513f57f | ITER: 18 START
2020-04-10 07:57:09.965 4250 RALLYDEBUG rally.task.runner [-] Starting a worker. concurrency: 1 args: {"network_create_args": {}, "port_create_args": {}, "ports_per_network": 5, "port_update_args": {"admin_state_up": false, "device_id": "dummy_id", "device_owner": "dummy_owner", "name": "_port_updated"}} times: 40 method_name: run timeout: 0 duration: None cls:
2020-04-10 07:57:09.966 4247 WARNING rally_openstack.scenarios.neutron.utils [-] Running this scenario without either the 'network' or 'existing_network' context is deprecated
2020-04-10 07:57:09.967 4244 INFO rally.task.runner [-] Task de124b79-731d-422e-b910-cc865513f57f | ITER: 19 START
2020-04-10 07:57:09.968 4244 WARNING rally_openstack.scenarios.neutron.utils [-] Running this scenario without either the 'network' or 'existing_network' context is deprecated
2020-04-10 07:57:09.972 4250 INFO rally.task.runner [-] Task de124b79-731d-422e-b910-cc865513f57f | ITER: 20 START
2020-04-10 07:57:09.973 4250 WARNING rally_openstack.scenarios.neutron.utils [-] Running this scenario without either the 'network' or 'existing_network' context is deprecated
2020-04-10 07:57:37.859 4238 INFO rally.task.runner [-] Task de124b79-731d-422e-b910-cc865513f57f | ITER: 16 END: OK
2020-04-10 07:57:37.870 4238 INFO rally.task.runner [-] Task de124b79-731d-422e-b910-cc865513f57f | ITER: 21 START
2020-04-10 07:57:37.872 4238 WARNING rally_openstack.scenarios.neutron.utils [-] Running this scenario without either the 'network' or 'existing_network' context is deprecated
2020-04-10 07:57:38.365 4241 INFO rally.task.runner [-] Task de124b79-731d-422e-b910-cc865513f57f | ITER: 17 END: OK
2020-04-10 07:57:38.373 4241 INFO rally.task.runner [-] Task de124b79-731d-422e-b910-cc865513f57f | ITER: 22 START
2020-04-10 07:57:38.374 4241 WARNING rally_openstack.scenarios.neutron.utils [-] Running this scenario without either the 'network' or 'existing_network' context is deprecated
2020-04-10 07:57:38.510 4201 INFO rally.task.runner [-] Task de124b79-731d-422e-b910-cc865513f57f | ITER: 3 END: OK
2020-04-10 07:57:38.519 4201 INFO rally.task.runner [-] Task de124b79-731d-422e-b910-cc865513f57f | ITER: 23 START
2020-04-10 07:57:38.520 4201 WARNING rally_openstack.scenarios.neutron.utils [-] Running this scenario without either the 'network' or 'existing_network' context is deprecated
2020-04-10 07:57:38.665 4220 INFO rally.task.runner [-] Task de124b79-731d-422e-b910-cc865513f57f | ITER: 10 END: OK
2020-04-10 07:57:38.674 4220 INFO rally.task.runner [-] Task de124b79-731d-422e-b910-cc865513f57f | ITER: 24 START
2020-04-10 07:57:38.675 4220 WARNING rally_openstack.scenarios.neutron.utils [-] Running this scenario without either the 'network' or 'existing_network' context is deprecated
2020-04-10 07:57:38.814 4229 INFO rally.task.runner [-] Task de124b79-731d-422e-b910-cc865513f57f | ITER: 13 END: OK
2020-04-10 07:57:38.822 4229 INFO rally.task.runner [-] Task de124b79-731d-422e-b910-cc865513f57f | ITER: 25 START
2020-04-10 07:57:38.823 4229 WARNING rally_openstack.scenarios.neutron.utils [-] Running this scenario without either the 'network' or 'existing_network' context is deprecated
2020-04-10 07:57:39.825 4235 INFO rally.task.runner [-] Task de124b79-731d-422e-b910-cc865513f57f | ITER: 15 END: OK
2020-04-10 07:57:39.834 4235 INFO rally.task.runner [-] Task de124b79-731d-422e-b910-cc865513f57f | ITER: 26 START
2020-04-10 07:57:39.835 4235 WARNING rally_openstack.scenarios.neutron.utils [-] Running this scenario without either the 'network' or 'existing_network' context is deprecated
2020-04-10 07:57:40.410 4244 INFO rally.task.runner [-] Task de124b79-731d-422e-b910-cc865513f57f | ITER: 19 END: OK
2020-04-10 07:57:40.417 4244 INFO rally.task.runner [-] Task de124b79-731d-422e-b910-cc865513f57f | ITER: 27 START
2020-04-10 07:57:40.418 4244 WARNING rally_openstack.scenarios.neutron.utils [-] Running this scenario without either the 'network' or 'existing_network' context is deprecated
2020-04-10 07:57:40.821 4203 INFO rally.task.runner [-] Task de124b79-731d-422e-b910-cc865513f57f | ITER: 5 END: OK
2020-04-10 07:57:40.828 4203 INFO rally.task.runner [-] Task de124b79-731d-422e-b910-cc865513f57f | ITER: 28 START
2020-04-10 07:57:40.829 4203 WARNING rally_openstack.scenarios.neutron.utils [-] Running this scenario without either the 'network' or 'existing_network' context is deprecated
2020-04-10 07:57:40.891 4200 INFO rally.task.runner [-] Task de124b79-731d-422e-b910-cc865513f57f | ITER: 2 END: OK
2020-04-10 07:57:40.899 4200 INFO rally.task.runner [-] Task de124b79-731d-422e-b910-cc865513f57f | ITER: 29 START
2020-04-10 07:57:40.900 4200 WARNING rally_openstack.scenarios.neutron.utils [-] Running this scenario without either the 'network' or 'existing_network' context is deprecated
2020-04-10 07:57:40.939 4217 INFO rally.task.runner [-] Task de124b79-731d-422e-b910-cc865513f57f | ITER: 9 END: OK
2020-04-10 07:57:40.946 4217 INFO rally.task.runner [-] Task de124b79-731d-422e-b910-cc865513f57f | ITER: 30 START
2020-04-10 07:57:40.947 4217 WARNING rally_openstack.scenarios.neutron.utils [-] Running this scenario without either the 'network' or 'existing_network' context is deprecated
2020-04-10 07:57:42.237 4202 INFO rally.task.runner [-] Task de124b79-731d-422e-b910-cc865513f57f | ITER: 4 END: OK
2020-04-10 07:57:42.245 4202 INFO rally.task.runner [-] Task de124b79-731d-422e-b910-cc865513f57f | ITER: 31 START
2020-04-10 07:57:42.246 4202 WARNING rally_openstack.scenarios.neutron.utils [-] Running this scenario without either the 'network' or 'existing_network' context is deprecated
2020-04-10 07:57:42.626 4211 INFO rally.task.runner [-] Task de124b79-731d-422e-b910-cc865513f57f | ITER: 7 END: OK
2020-04-10 07:57:42.633 4211 INFO rally.task.runner [-] Task de124b79-731d-422e-b910-cc865513f57f | ITER: 32 START
2020-04-10 07:57:42.634 4211 WARNING rally_openstack.scenarios.neutron.utils [-] Running this scenario without either the 'network' or 'existing_network' context is deprecated
2020-04-10 07:57:42.694 4250 INFO rally.task.runner [-] Task de124b79-731d-422e-b910-cc865513f57f | ITER: 20 END: OK
2020-04-10 07:57:42.701 4250 INFO rally.task.runner [-] Task de124b79-731d-422e-b910-cc865513f57f | ITER: 33 START
2020-04-10 07:57:42.702 4250 WARNING rally_openstack.scenarios.neutron.utils [-] Running this scenario without either the 'network' or 'existing_network' context is deprecated
2020-04-10 07:57:42.709 4199 INFO rally.task.runner [-] Task de124b79-731d-422e-b910-cc865513f57f | ITER: 1 END: OK
2020-04-10 07:57:42.717 4199 INFO rally.task.runner [-] Task de124b79-731d-422e-b910-cc865513f57f | ITER: 34 START
2020-04-10 07:57:42.718 4199 WARNING rally_openstack.scenarios.neutron.utils [-] Running this scenario without either the 'network' or 'existing_network' context is deprecated
2020-04-10 07:57:42.824 4247 INFO rally.task.runner [-] Task de124b79-731d-422e-b910-cc865513f57f | ITER: 18 END: OK
2020-04-10 07:57:42.826 4232 INFO rally.task.runner [-] Task de124b79-731d-422e-b910-cc865513f57f | ITER: 14 END: OK
2020-04-10 07:57:42.831 4247 INFO rally.task.runner [-] Task de124b79-731d-422e-b910-cc865513f57f | ITER: 35 START
2020-04-10 07:57:42.832 4247 WARNING rally_openstack.scenarios.neutron.utils [-] Running this scenario without either the 'network' or 'existing_network' context is deprecated
2020-04-10 07:57:42.832 4232 INFO rally.task.runner [-] Task de124b79-731d-422e-b910-cc865513f57f | ITER: 36 START
2020-04-10 07:57:42.833 4232 WARNING rally_openstack.scenarios.neutron.utils [-] Running this scenario without either the 'network' or 'existing_network' context is deprecated
2020-04-10 07:57:42.980 4206 INFO rally.task.runner [-] Task de124b79-731d-422e-b910-cc865513f57f | ITER: 6 END: OK
2020-04-10 07:57:42.988 4206 INFO rally.task.runner [-] Task de124b79-731d-422e-b910-cc865513f57f | ITER: 37 START
2020-04-10 07:57:42.989 4206 WARNING rally_openstack.scenarios.neutron.utils [-] Running this scenario without either the 'network' or 'existing_network' context is deprecated
2020-04-10 07:57:43.278 4224 INFO rally.task.runner [-] Task de124b79-731d-422e-b910-cc865513f57f | ITER: 12 END: OK
2020-04-10 07:57:43.287 4224 INFO rally.task.runner [-] Task de124b79-731d-422e-b910-cc865513f57f | ITER: 38 START
2020-04-10 07:57:43.288 4224 WARNING rally_openstack.scenarios.neutron.utils [-] Running this scenario without either the 'network' or 'existing_network' context is deprecated
2020-04-10 07:57:43.641 4214 INFO rally.task.runner [-] Task de124b79-731d-422e-b910-cc865513f57f | ITER: 8 END: OK
2020-04-10 07:57:43.648 4214 INFO rally.task.runner [-] Task de124b79-731d-422e-b910-cc865513f57f | ITER: 39 START
2020-04-10 07:57:43.649 4214 WARNING rally_openstack.scenarios.neutron.utils [-] Running this scenario without either the 'network' or 'existing_network' context is deprecated
2020-04-10 07:57:43.672 4223 INFO rally.task.runner [-] Task de124b79-731d-422e-b910-cc865513f57f | ITER: 11 END: OK
2020-04-10 07:57:43.680 4223 INFO rally.task.runner [-] Task de124b79-731d-422e-b910-cc865513f57f | ITER: 40 START
2020-04-10 07:57:43.681 4223 WARNING rally_openstack.scenarios.neutron.utils [-] Running this scenario without either the 'network' or 'existing_network' context is deprecated
2020-04-10 07:57:59.563 4241 INFO rally.task.runner [-] Task de124b79-731d-422e-b910-cc865513f57f | ITER: 22 END: OK
2020-04-10 07:58:01.704 4238 INFO rally.task.runner [-] Task de124b79-731d-422e-b910-cc865513f57f | ITER: 21 END: OK
2020-04-10 07:58:01.768 4201 INFO rally.task.runner [-] Task de124b79-731d-422e-b910-cc865513f57f | ITER: 23 END: OK
2020-04-10 07:58:02.373 4235 INFO rally.task.runner [-] Task de124b79-731d-422e-b910-cc865513f57f | ITER: 26 END: OK
2020-04-10 07:58:02.656 4220 INFO rally.task.runner [-] Task de124b79-731d-422e-b910-cc865513f57f | ITER: 24 END: OK
2020-04-10 07:58:03.140 4199 INFO rally.task.runner [-] Task de124b79-731d-422e-b910-cc865513f57f | ITER: 34 END: OK
2020-04-10 07:58:03.419 4247 INFO rally.task.runner [-] Task de124b79-731d-422e-b910-cc865513f57f | ITER: 35 END: OK
2020-04-10 07:58:04.029 4200 INFO rally.task.runner [-] Task de124b79-731d-422e-b910-cc865513f57f | ITER: 29 END: OK
2020-04-10 07:58:04.295 4229 INFO rally.task.runner [-] Task de124b79-731d-422e-b910-cc865513f57f | ITER: 25 END: OK
2020-04-10 07:58:04.511 4250 INFO rally.task.runner [-] Task de124b79-731d-422e-b910-cc865513f57f | ITER: 33 END: OK
2020-04-10 07:58:05.211 4217 INFO rally.task.runner [-] Task de124b79-731d-422e-b910-cc865513f57f | ITER: 30 END: OK
2020-04-10 07:58:05.255 4214 INFO rally.task.runner [-] Task de124b79-731d-422e-b910-cc865513f57f | ITER: 39 END: OK
2020-04-10 07:58:05.517 4244 INFO rally.task.runner [-] Task de124b79-731d-422e-b910-cc865513f57f | ITER: 27 END: OK
2020-04-10 07:58:05.932 4202 INFO rally.task.runner [-] Task de124b79-731d-422e-b910-cc865513f57f | ITER: 31 END: OK
2020-04-10 07:58:06.038 4223 INFO rally.task.runner [-] Task de124b79-731d-422e-b910-cc865513f57f | ITER: 40 END: OK
2020-04-10 07:58:06.056 4211 INFO rally.task.runner [-] Task de124b79-731d-422e-b910-cc865513f57f | ITER: 32 END: OK
2020-04-10 07:58:06.078 4203 INFO rally.task.runner [-] Task de124b79-731d-422e-b910-cc865513f57f | ITER: 28 END: OK
2020-04-10 07:58:06.318 4232 INFO rally.task.runner [-] Task de124b79-731d-422e-b910-cc865513f57f | ITER: 36 END: OK
2020-04-10 07:58:06.642 4224 INFO rally.task.runner [-] Task de124b79-731d-422e-b910-cc865513f57f | ITER: 38 END: OK
2020-04-10 07:58:06.762 4206 INFO rally.task.runner [-] Task de124b79-731d-422e-b910-cc865513f57f | ITER: 37 END: OK
2020-04-10 07:58:06.789 15 INFO rally.task.context [-] Task de124b79-731d-422e-b910-cc865513f57f | Context cleanup@openstack cleanup() started
2020-04-10 07:58:06.792 15 RALLYDEBUG rally_openstack.cleanup.manager [-] Cleaning up neutron vip objects
2020-04-10 07:58:07.001 15 RALLYDEBUG rally_openstack.cleanup.manager [-] Cleaning up neutron health_monitor objects
2020-04-10 07:58:07.194 15 RALLYDEBUG rally_openstack.cleanup.manager [-] Cleaning up neutron pool objects
2020-04-10 07:58:07.383 15 RALLYDEBUG rally_openstack.cleanup.manager [-] Cleaning up neutron loadbalancer objects
2020-04-10 07:58:07.633 15 RALLYDEBUG rally_openstack.cleanup.manager [-] Cleaning up neutron floatingip objects
2020-04-10 07:58:07.822 15 RALLYDEBUG rally_openstack.cleanup.manager [-] Cleaning up neutron trunk objects
2020-04-10 07:58:08.014 15 DEBUG neutronclient.v2_0.client [-] Error message: {"NeutronError": {"message": "Invalid input for operation: 'tenant_id' is not supported for filtering.", "type": "InvalidInput", "detail": ""}} _handle_fault_response /usr/lib/python2.7/site-packages/neutronclient/v2_0/client.py:259
2020-04-10 07:58:08.040 15 DEBUG neutronclient.v2_0.client [-] Error message: {"NeutronError": {"message": "Invalid input for operation: 'tenant_id' is not supported for filtering.", "type": "InvalidInput", "detail": ""}} _handle_fault_response /usr/lib/python2.7/site-packages/neutronclient/v2_0/client.py:259
2020-04-10 07:58:08.061 15 DEBUG neutronclient.v2_0.client [-] Error message: {"NeutronError": {"message": "Invalid input for operation: 'tenant_id' is not supported for filtering.", "type": "InvalidInput", "detail": ""}} _handle_fault_response /usr/lib/python2.7/site-packages/neutronclient/v2_0/client.py:259
2020-04-10 07:58:08.062 15 ERROR rally_openstack.cleanup.manager [-] Seems like rally_openstack.cleanup.resources.NeutronTrunk.list(self) method is broken. It shouldn't raise any exceptions.: BadRequest: Invalid input for operation: 'tenant_id' is not supported for filtering. Neutron server returns request_ids: ['req-c8b4fbcd-a442-4ab2-b65f-d1cdd61ec765']
2020-04-10 07:58:08.062 15 ERROR rally_openstack.cleanup.manager
Traceback (most recent call last):
2020-04-10 07:58:08.062 15 ERROR rally_openstack.cleanup.manager
File "/usr/lib/python2.7/site-packages/rally_openstack/cleanup/manager.py", line 133, in _publish
2020-04-10 07:58:08.062 15 ERROR rally_openstack.cleanup.manager for raw_resource in rutils.retry(3, manager.list):
2020-04-10 07:58:08.062 15 ERROR rally_openstack.cleanup.manager
File "/usr/lib/python2.7/site-packages/rally/common/utils.py", line 230, in retry
2020-04-10 07:58:08.062 15 ERROR rally_openstack.cleanup.manager return func(*args, **kwargs)
2020-04-10 07:58:08.062 15 ERROR rally_openstack.cleanup.manager
File "/usr/lib/python2.7/site-packages/rally_openstack/cleanup/resources.py", line 396, in list
2020-04-10 07:58:08.062 15 ERROR rally_openstack.cleanup.manager return super(NeutronTrunk, self).list()
2020-04-10 07:58:08.062 15 ERROR rally_openstack.cleanup.manager
File "/usr/lib/python2.7/site-packages/rally_openstack/cleanup/resources.py", line 273, in list
2020-04-10 07:58:08.062 15 ERROR rally_openstack.cleanup.manager result = list_method(tenant_id=self.tenant_uuid)[resources]
2020-04-10 07:58:08.062 15 ERROR rally_openstack.cleanup.manager
File "/usr/lib/python2.7/site-packages/neutronclient/v2_0/client.py", line 2105, in list_trunks
2020-04-10 07:58:08.062 15 ERROR rally_openstack.cleanup.manager **_params)
2020-04-10 07:58:08.062 15 ERROR rally_openstack.cleanup.manager
File "/usr/lib/python2.7/site-packages/neutronclient/v2_0/client.py", line 369, in list
2020-04-10 07:58:08.062 15 ERROR rally_openstack.cleanup.manager for r in self._pagination(collection, path, **params):
2020-04-10 07:58:08.062 15 ERROR rally_openstack.cleanup.manager
File "/usr/lib/python2.7/site-packages/neutronclient/v2_0/client.py", line 384, in _pagination
2020-04-10 07:58:08.062 15 ERROR rally_openstack.cleanup.manager res = self.get(path, params=params)
2020-04-10 07:58:08.062 15 ERROR rally_openstack.cleanup.manager
File "/usr/lib/python2.7/site-packages/neutronclient/v2_0/client.py", line 354, in get
2020-04-10 07:58:08.062 15 ERROR rally_openstack.cleanup.manager headers=headers, params=params)
2020-04-10 07:58:08.062 15 ERROR rally_openstack.cleanup.manager
File "/usr/lib/python2.7/site-packages/neutronclient/v2_0/client.py", line 331, in retry_request
2020-04-10 07:58:08.062 15 ERROR rally_openstack.cleanup.manager headers=headers, params=params)
2020-04-10 07:58:08.062 15 ERROR rally_openstack.cleanup.manager
File "/usr/lib/python2.7/site-packages/neutronclient/v2_0/client.py", line 294, in do_request
2020-04-10 07:58:08.062 15 ERROR rally_openstack.cleanup.manager self._handle_fault_response(status_code, replybody, resp)
2020-04-10 07:58:08.062 15 ERROR rally_openstack.cleanup.manager
File "/usr/lib/python2.7/site-packages/neutronclient/v2_0/client.py", line 269, in _handle_fault_response
2020-04-10 07:58:08.062 15 ERROR rally_openstack.cleanup.manager exception_handler_v20(status_code, error_body)
2020-04-10 07:58:08.062 15 ERROR rally_openstack.cleanup.manager
File "/usr/lib/python2.7/site-packages/neutronclient/v2_0/client.py", line 93, in exception_handler_v20
2020-04-10 07:58:08.062 15 ERROR rally_openstack.cleanup.manager request_ids=request_ids)
2020-04-10 07:58:08.062 15 ERROR rally_openstack.cleanup.manager BadRequest: Invalid input for operation: 'tenant_id' is not supported for filtering.
2020-04-10 07:58:08.062 15 ERROR rally_openstack.cleanup.manager Neutron server returns request_ids: ['req-c8b4fbcd-a442-4ab2-b65f-d1cdd61ec765']
2020-04-10 07:58:08.062 15 ERROR rally_openstack.cleanup.manager
