2020-04-10 07:46:15.425 15 RALLYDEBUG rally_openstack.cleanup.manager [-] Deleting neutron.router object s_rally_0be2e3f1_AK5d8W6E (fe8e3f34-ac62-4c65-bf1f-0026f5bf553e)
2020-04-10 07:46:25.172 15 RALLYDEBUG rally_openstack.cleanup.manager [-] Cleaning up neutron security_group objects
2020-04-10 07:46:25.440 15 INFO rally.task.context [-] Task de124b79-731d-422e-b910-cc865513f57f | Context cleanup@openstack cleanup() finished in 1.76 min
2020-04-10 07:46:25.441 15 INFO rally.task.context [-] Task de124b79-731d-422e-b910-cc865513f57f | Context quotas@openstack cleanup() started
2020-04-10 07:46:25.487 15 INFO rally.task.context [-] Task de124b79-731d-422e-b910-cc865513f57f | Context quotas@openstack cleanup() finished in 46.00 msec
2020-04-10 07:46:25.487 15 INFO rally.task.context [-] Task de124b79-731d-422e-b910-cc865513f57f | Context users@openstack cleanup() started
2020-04-10 07:46:27.447 15 INFO rally.task.context [-] Task de124b79-731d-422e-b910-cc865513f57f | Context users@openstack cleanup() finished in 1.96 sec
2020-04-10 07:46:29.390 15 INFO rally.task.engine [-] Load duration is: 186.247467
2020-04-10 07:46:29.391 15 INFO rally.task.engine [-] Full runner duration is: 186.304975
2020-04-10 07:46:29.391 15 INFO rally.task.engine [-] Full duration is: 295.35665
2020-04-10 07:46:29.471 15 INFO rally.task.engine [-] Running workload: position = 1 config = { "version": 2, "title": "A cropped version of a bigger task.", "description": "Auto-generated task from a single workload (uuid=8e11298d-eeb8-41ab-a5af-d993e14ac60d)", "subtasks": [ { "title": "NeutronNetworks.create_and_update_routers", "description": "Create and update a given number of routers.", "scenario": { "NeutronNetworks.create_and_update_routers": { "network_create_args": {}, "subnet_create_args": {}, "subnet_cidr_start": "1.1.0.0/30", "subnets_per_network": 2, "router_create_args": {}, "router_update_args": { "admin_state_up": false, "name": "_router_updated" } } }, "contexts": { "users": { "tenants": 1, "users_per_tenant": 1 }, "quotas": { "neutron": { "network": -1, "subnet": -1, "router": -1 } } }, "runner": { "constant": { "times": 40, "concurrency": 20 } }, "hooks": [], "sla": { "failure_rate": { "max": 0 } } } ] }
2020-04-10 07:46:29.492 15 RALLYDEBUG rally_openstack.contexts.keystone.users [-] Creating 1 tenants using 20 threads
2020-04-10 07:46:31.179 15 RALLYDEBUG rally_openstack.contexts.keystone.users [-] Creating 1 users using 20 threads
2020-04-10 07:46:32.616 15 INFO rally.task.context [-] Task de124b79-731d-422e-b910-cc865513f57f | Context users@openstack setup() finished in 3.12 sec
2020-04-10 07:46:33.046 15 INFO rally.task.context [-] Task de124b79-731d-422e-b910-cc865513f57f | Context quotas@openstack setup() finished in 0.43 sec
2020-04-10 07:46:33.047 15 INFO rally.task.context [-] Task de124b79-731d-422e-b910-cc865513f57f | Context cleanup@openstack setup() finished in 0.03 msec
2020-04-10 07:46:33.057 15 RALLYDEBUG rally.task.runner [-] Starting the constant runner (task UUID: de124b79-731d-422e-b910-cc865513f57f). timeout: 0 concurrency: 20 concurrency_per_worker: 1 times: 40 concurrency_overhead: 0 processes_to_start: 20 max_cpu_used: 88
2020-04-10 07:46:33.071 3073 RALLYDEBUG rally.task.runner [-] Starting a worker. concurrency: 1 args: {"network_create_args": {}, "subnet_create_args": {}, "subnet_cidr_start": "1.1.0.0/30", "subnets_per_network": 2, "router_create_args": {}, "router_update_args": {"admin_state_up": false, "name": "_router_updated"}} times: 40 method_name: run timeout: 0 duration: None cls:
2020-04-10 07:46:33.075 3074 RALLYDEBUG rally.task.runner [-] Starting a worker. concurrency: 1 args: {"network_create_args": {}, "subnet_create_args": {}, "subnet_cidr_start": "1.1.0.0/30", "subnets_per_network": 2, "router_create_args": {}, "router_update_args": {"admin_state_up": false, "name": "_router_updated"}} times: 40 method_name: run timeout: 0 duration: None cls:
2020-04-10 07:46:33.078 3075 RALLYDEBUG rally.task.runner [-] Starting a worker. concurrency: 1 args: {"network_create_args": {}, "subnet_create_args": {}, "subnet_cidr_start": "1.1.0.0/30", "subnets_per_network": 2, "router_create_args": {}, "router_update_args": {"admin_state_up": false, "name": "_router_updated"}} times: 40 method_name: run timeout: 0 duration: None cls:
2020-04-10 07:46:33.082 3073 INFO rally.task.runner [-] Task de124b79-731d-422e-b910-cc865513f57f | ITER: 1 START
2020-04-10 07:46:33.084 3076 RALLYDEBUG rally.task.runner [-] Starting a worker. concurrency: 1 args: {"network_create_args": {}, "subnet_create_args": {}, "subnet_cidr_start": "1.1.0.0/30", "subnets_per_network": 2, "router_create_args": {}, "router_update_args": {"admin_state_up": false, "name": "_router_updated"}} times: 40 method_name: run timeout: 0 duration: None cls:
2020-04-10 07:46:33.085 3074 INFO rally.task.runner [-] Task de124b79-731d-422e-b910-cc865513f57f | ITER: 2 START
2020-04-10 07:46:33.085 3075 INFO rally.task.runner [-] Task de124b79-731d-422e-b910-cc865513f57f | ITER: 3 START
2020-04-10 07:46:33.087 3078 RALLYDEBUG rally.task.runner [-] Starting a worker. concurrency: 1 args: {"network_create_args": {}, "subnet_create_args": {}, "subnet_cidr_start": "1.1.0.0/30", "subnets_per_network": 2, "router_create_args": {}, "router_update_args": {"admin_state_up": false, "name": "_router_updated"}} times: 40 method_name: run timeout: 0 duration: None cls:
2020-04-10 07:46:33.091 3076 INFO rally.task.runner [-] Task de124b79-731d-422e-b910-cc865513f57f | ITER: 4 START
2020-04-10 07:46:33.091 3081 RALLYDEBUG rally.task.runner [-] Starting a worker. concurrency: 1 args: {"network_create_args": {}, "subnet_create_args": {}, "subnet_cidr_start": "1.1.0.0/30", "subnets_per_network": 2, "router_create_args": {}, "router_update_args": {"admin_state_up": false, "name": "_router_updated"}} times: 40 method_name: run timeout: 0 duration: None cls:
2020-04-10 07:46:33.094 3078 INFO rally.task.runner [-] Task de124b79-731d-422e-b910-cc865513f57f | ITER: 5 START
2020-04-10 07:46:33.094 3085 RALLYDEBUG rally.task.runner [-] Starting a worker. concurrency: 1 args: {"network_create_args": {}, "subnet_create_args": {}, "subnet_cidr_start": "1.1.0.0/30", "subnets_per_network": 2, "router_create_args": {}, "router_update_args": {"admin_state_up": false, "name": "_router_updated"}} times: 40 method_name: run timeout: 0 duration: None cls:
2020-04-10 07:46:33.098 3088 RALLYDEBUG rally.task.runner [-] Starting a worker. concurrency: 1 args: {"network_create_args": {}, "subnet_create_args": {}, "subnet_cidr_start": "1.1.0.0/30", "subnets_per_network": 2, "router_create_args": {}, "router_update_args": {"admin_state_up": false, "name": "_router_updated"}} times: 40 method_name: run timeout: 0 duration: None cls:
2020-04-10 07:46:33.102 3081 INFO rally.task.runner [-] Task de124b79-731d-422e-b910-cc865513f57f | ITER: 6 START
2020-04-10 07:46:33.101 3091 RALLYDEBUG rally.task.runner [-] Starting a worker. concurrency: 1 args: {"network_create_args": {}, "subnet_create_args": {}, "subnet_cidr_start": "1.1.0.0/30", "subnets_per_network": 2, "router_create_args": {}, "router_update_args": {"admin_state_up": false, "name": "_router_updated"}} times: 40 method_name: run timeout: 0 duration: None cls:
2020-04-10 07:46:33.104 3085 INFO rally.task.runner [-] Task de124b79-731d-422e-b910-cc865513f57f | ITER: 7 START
2020-04-10 07:46:33.104 3088 INFO rally.task.runner [-] Task de124b79-731d-422e-b910-cc865513f57f | ITER: 8 START
2020-04-10 07:46:33.105 3093 RALLYDEBUG rally.task.runner [-] Starting a worker. concurrency: 1 args: {"network_create_args": {}, "subnet_create_args": {}, "subnet_cidr_start": "1.1.0.0/30", "subnets_per_network": 2, "router_create_args": {}, "router_update_args": {"admin_state_up": false, "name": "_router_updated"}} times: 40 method_name: run timeout: 0 duration: None cls:
2020-04-10 07:46:33.108 3091 INFO rally.task.runner [-] Task de124b79-731d-422e-b910-cc865513f57f | ITER: 9 START
2020-04-10 07:46:33.108 3097 RALLYDEBUG rally.task.runner [-] Starting a worker. concurrency: 1 args: {"network_create_args": {}, "subnet_create_args": {}, "subnet_cidr_start": "1.1.0.0/30", "subnets_per_network": 2, "router_create_args": {}, "router_update_args": {"admin_state_up": false, "name": "_router_updated"}} times: 40 method_name: run timeout: 0 duration: None cls:
2020-04-10 07:46:33.111 3100 RALLYDEBUG rally.task.runner [-] Starting a worker. concurrency: 1 args: {"network_create_args": {}, "subnet_create_args": {}, "subnet_cidr_start": "1.1.0.0/30", "subnets_per_network": 2, "router_create_args": {}, "router_update_args": {"admin_state_up": false, "name": "_router_updated"}} times: 40 method_name: run timeout: 0 duration: None cls:
2020-04-10 07:46:33.112 3093 INFO rally.task.runner [-] Task de124b79-731d-422e-b910-cc865513f57f | ITER: 10 START
2020-04-10 07:46:33.115 3097 INFO rally.task.runner [-] Task de124b79-731d-422e-b910-cc865513f57f | ITER: 11 START
2020-04-10 07:46:33.115 3103 RALLYDEBUG rally.task.runner [-] Starting a worker. concurrency: 1 args: {"network_create_args": {}, "subnet_create_args": {}, "subnet_cidr_start": "1.1.0.0/30", "subnets_per_network": 2, "router_create_args": {}, "router_update_args": {"admin_state_up": false, "name": "_router_updated"}} times: 40 method_name: run timeout: 0 duration: None cls:
2020-04-10 07:46:33.118 3100 INFO rally.task.runner [-] Task de124b79-731d-422e-b910-cc865513f57f | ITER: 12 START
2020-04-10 07:46:33.119 3106 RALLYDEBUG rally.task.runner [-] Starting a worker. concurrency: 1 args: {"network_create_args": {}, "subnet_create_args": {}, "subnet_cidr_start": "1.1.0.0/30", "subnets_per_network": 2, "router_create_args": {}, "router_update_args": {"admin_state_up": false, "name": "_router_updated"}} times: 40 method_name: run timeout: 0 duration: None cls:
2020-04-10 07:46:33.121 3103 INFO rally.task.runner [-] Task de124b79-731d-422e-b910-cc865513f57f | ITER: 13 START
2020-04-10 07:46:33.122 3109 RALLYDEBUG rally.task.runner [-] Starting a worker. concurrency: 1 args: {"network_create_args": {}, "subnet_create_args": {}, "subnet_cidr_start": "1.1.0.0/30", "subnets_per_network": 2, "router_create_args": {}, "router_update_args": {"admin_state_up": false, "name": "_router_updated"}} times: 40 method_name: run timeout: 0 duration: None cls:
2020-04-10 07:46:33.125 3106 INFO rally.task.runner [-] Task de124b79-731d-422e-b910-cc865513f57f | ITER: 14 START
2020-04-10 07:46:33.124 3112 RALLYDEBUG rally.task.runner [-] Starting a worker. concurrency: 1 args: {"network_create_args": {}, "subnet_create_args": {}, "subnet_cidr_start": "1.1.0.0/30", "subnets_per_network": 2, "router_create_args": {}, "router_update_args": {"admin_state_up": false, "name": "_router_updated"}} times: 40 method_name: run timeout: 0 duration: None cls:
2020-04-10 07:46:33.129 3109 INFO rally.task.runner [-] Task de124b79-731d-422e-b910-cc865513f57f | ITER: 15 START
2020-04-10 07:46:33.130 3112 INFO rally.task.runner [-] Task de124b79-731d-422e-b910-cc865513f57f | ITER: 16 START
2020-04-10 07:46:33.129 3115 RALLYDEBUG rally.task.runner [-] Starting a worker. concurrency: 1 args: {"network_create_args": {}, "subnet_create_args": {}, "subnet_cidr_start": "1.1.0.0/30", "subnets_per_network": 2, "router_create_args": {}, "router_update_args": {"admin_state_up": false, "name": "_router_updated"}} times: 40 method_name: run timeout: 0 duration: None cls:
2020-04-10 07:46:33.133 3118 RALLYDEBUG rally.task.runner [-] Starting a worker. concurrency: 1 args: {"network_create_args": {}, "subnet_create_args": {}, "subnet_cidr_start": "1.1.0.0/30", "subnets_per_network": 2, "router_create_args": {}, "router_update_args": {"admin_state_up": false, "name": "_router_updated"}} times: 40 method_name: run timeout: 0 duration: None cls:
2020-04-10 07:46:33.134 3120 RALLYDEBUG rally.task.runner [-] Starting a worker. concurrency: 1 args: {"network_create_args": {}, "subnet_create_args": {}, "subnet_cidr_start": "1.1.0.0/30", "subnets_per_network": 2, "router_create_args": {}, "router_update_args": {"admin_state_up": false, "name": "_router_updated"}} times: 40 method_name: run timeout: 0 duration: None cls:
2020-04-10 07:46:33.137 3124 RALLYDEBUG rally.task.runner [-] Starting a worker. concurrency: 1 args: {"network_create_args": {}, "subnet_create_args": {}, "subnet_cidr_start": "1.1.0.0/30", "subnets_per_network": 2, "router_create_args": {}, "router_update_args": {"admin_state_up": false, "name": "_router_updated"}} times: 40 method_name: run timeout: 0 duration: None cls:
2020-04-10 07:46:33.138 3115 INFO rally.task.runner [-] Task de124b79-731d-422e-b910-cc865513f57f | ITER: 17 START
2020-04-10 07:46:33.140 3118 INFO rally.task.runner [-] Task de124b79-731d-422e-b910-cc865513f57f | ITER: 18 START
2020-04-10 07:46:33.140 3120 INFO rally.task.runner [-] Task de124b79-731d-422e-b910-cc865513f57f | ITER: 19 START
2020-04-10 07:46:33.143 3124 INFO rally.task.runner [-] Task de124b79-731d-422e-b910-cc865513f57f | ITER: 20 START
2020-04-10 07:46:34.310 3100 RALLYDEBUG rally_openstack.wrappers.network [-] CIDR generated: 1.1.6.224/30
2020-04-10 07:46:34.393 3073 RALLYDEBUG rally_openstack.wrappers.network [-] CIDR generated: 1.1.6.228/30
2020-04-10 07:46:34.489 3078 RALLYDEBUG rally_openstack.wrappers.network [-] CIDR generated: 1.1.6.232/30
2020-04-10 07:46:34.563 3075 RALLYDEBUG rally_openstack.wrappers.network [-] CIDR generated: 1.1.6.236/30
2020-04-10 07:46:34.566 3124 RALLYDEBUG rally_openstack.wrappers.network [-] CIDR generated: 1.1.6.240/30
2020-04-10 07:46:34.582 3109 RALLYDEBUG rally_openstack.wrappers.network [-] CIDR generated: 1.1.6.244/30
2020-04-10 07:46:34.585 3074 RALLYDEBUG rally_openstack.wrappers.network [-] CIDR generated: 1.1.6.248/30
2020-04-10 07:46:34.677 3115 RALLYDEBUG rally_openstack.wrappers.network [-] CIDR generated: 1.1.6.252/30
2020-04-10 07:46:34.681 3088 RALLYDEBUG rally_openstack.wrappers.network [-] CIDR generated: 1.1.7.0/30
2020-04-10 07:46:34.754 3106 RALLYDEBUG rally_openstack.wrappers.network [-] CIDR generated: 1.1.7.4/30
2020-04-10 07:46:34.781 3112 RALLYDEBUG rally_openstack.wrappers.network [-] CIDR generated: 1.1.7.8/30
2020-04-10 07:46:34.828 3085 RALLYDEBUG rally_openstack.wrappers.network [-] CIDR generated: 1.1.7.12/30
2020-04-10 07:46:34.849 3097 RALLYDEBUG rally_openstack.wrappers.network [-] CIDR generated: 1.1.7.16/30
2020-04-10 07:46:34.853 3118 RALLYDEBUG rally_openstack.wrappers.network [-] CIDR generated: 1.1.7.20/30
2020-04-10 07:46:34.989 3076 RALLYDEBUG rally_openstack.wrappers.network [-] CIDR generated: 1.1.7.24/30
2020-04-10 07:46:34.995 3120 RALLYDEBUG rally_openstack.wrappers.network [-] CIDR generated: 1.1.7.28/30
2020-04-10 07:46:35.611 3093 RALLYDEBUG rally_openstack.wrappers.network [-] CIDR generated: 1.1.7.32/30
2020-04-10 07:46:35.778 3103 RALLYDEBUG rally_openstack.wrappers.network [-] CIDR generated: 1.1.7.36/30
2020-04-10 07:46:36.512 3081 RALLYDEBUG rally_openstack.wrappers.network [-] CIDR generated: 1.1.7.40/30
2020-04-10 07:46:36.826 3091 RALLYDEBUG rally_openstack.wrappers.network [-] CIDR generated: 1.1.7.44/30
2020-04-10 07:46:40.512 3073 RALLYDEBUG rally_openstack.wrappers.network [-] CIDR generated: 1.1.7.48/30
2020-04-10 07:46:40.534 3109 RALLYDEBUG rally_openstack.wrappers.network [-] CIDR generated: 1.1.7.52/30
2020-04-10 07:46:40.558 3088 RALLYDEBUG rally_openstack.wrappers.network [-] CIDR generated: 1.1.7.56/30
2020-04-10 07:46:40.631 3100 RALLYDEBUG rally_openstack.wrappers.network [-] CIDR generated: 1.1.7.60/30
2020-04-10 07:46:40.740 3078 RALLYDEBUG rally_openstack.wrappers.network [-] CIDR generated: 1.1.7.64/30
2020-04-10 07:46:40.779 3124 RALLYDEBUG rally_openstack.wrappers.network [-] CIDR generated: 1.1.7.68/30
2020-04-10 07:46:40.816 3075 RALLYDEBUG rally_openstack.wrappers.network [-] CIDR generated: 1.1.7.72/30
2020-04-10 07:46:40.855 3074 RALLYDEBUG rally_openstack.wrappers.network [-] CIDR generated: 1.1.7.76/30
2020-04-10 07:46:40.864 3097 RALLYDEBUG rally_openstack.wrappers.network [-] CIDR generated: 1.1.7.80/30
2020-04-10 07:46:40.871 3085 RALLYDEBUG rally_openstack.wrappers.network [-] CIDR generated: 1.1.7.84/30
2020-04-10 07:46:40.914 3115 RALLYDEBUG rally_openstack.wrappers.network [-] CIDR generated: 1.1.7.88/30
2020-04-10 07:46:40.976 3118 RALLYDEBUG rally_openstack.wrappers.network [-] CIDR generated: 1.1.7.92/30
2020-04-10 07:46:41.050 3120 RALLYDEBUG rally_openstack.wrappers.network [-] CIDR generated: 1.1.7.96/30
2020-04-10 07:46:41.106 3076 RALLYDEBUG rally_openstack.wrappers.network [-] CIDR generated: 1.1.7.100/30
2020-04-10 07:46:41.165 3103 RALLYDEBUG rally_openstack.wrappers.network [-] CIDR generated: 1.1.7.104/30
2020-04-10 07:46:41.238 3106 RALLYDEBUG rally_openstack.wrappers.network [-] CIDR generated: 1.1.7.108/30
2020-04-10 07:46:41.344 3112 RALLYDEBUG rally_openstack.wrappers.network [-] CIDR generated: 1.1.7.112/30
2020-04-10 07:46:41.476 3093 RALLYDEBUG rally_openstack.wrappers.network [-] CIDR generated: 1.1.7.116/30
2020-04-10 07:46:41.556 3091 RALLYDEBUG rally_openstack.wrappers.network [-] CIDR generated: 1.1.7.120/30
2020-04-10 07:46:43.188 3081 RALLYDEBUG rally_openstack.wrappers.network [-] CIDR generated: 1.1.7.124/30
2020-04-10 07:47:28.461 3115 INFO rally.task.runner [-] Task de124b79-731d-422e-b910-cc865513f57f | ITER: 17 END: OK
2020-04-10 07:47:28.469 3115 INFO rally.task.runner [-] Task de124b79-731d-422e-b910-cc865513f57f | ITER: 21 START
2020-04-10 07:47:29.120 3085 INFO rally.task.runner [-] Task de124b79-731d-422e-b910-cc865513f57f | ITER: 7 END: OK
2020-04-10 07:47:29.127 3085 INFO rally.task.runner [-] Task de124b79-731d-422e-b910-cc865513f57f | ITER: 22 START
2020-04-10 07:47:29.404 3106 INFO rally.task.runner [-] Task de124b79-731d-422e-b910-cc865513f57f | ITER: 14 END: OK
2020-04-10 07:47:29.412 3106 INFO rally.task.runner [-] Task de124b79-731d-422e-b910-cc865513f57f | ITER: 23 START
2020-04-10 07:47:29.424 3124 INFO rally.task.runner [-] Task de124b79-731d-422e-b910-cc865513f57f | ITER: 20 END: OK
2020-04-10 07:47:29.431 3124 INFO rally.task.runner [-] Task de124b79-731d-422e-b910-cc865513f57f | ITER: 24 START
2020-04-10 07:47:29.711 3115 RALLYDEBUG rally_openstack.wrappers.network [-] CIDR generated: 1.1.7.128/30
2020-04-10 07:47:29.795 3085 RALLYDEBUG rally_openstack.wrappers.network [-] CIDR generated: 1.1.7.132/30
2020-04-10 07:47:29.908 3112 INFO rally.task.runner [-] Task de124b79-731d-422e-b910-cc865513f57f | ITER: 16 END: OK
2020-04-10 07:47:29.915 3112 INFO rally.task.runner [-] Task de124b79-731d-422e-b910-cc865513f57f | ITER: 25 START
2020-04-10 07:47:29.927 3097 INFO rally.task.runner [-] Task de124b79-731d-422e-b910-cc865513f57f | ITER: 11 END: OK
2020-04-10 07:47:29.934 3097 INFO rally.task.runner [-] Task de124b79-731d-422e-b910-cc865513f57f | ITER: 26 START
2020-04-10 07:47:29.941 3074 INFO rally.task.runner [-] Task de124b79-731d-422e-b910-cc865513f57f | ITER: 2 END: OK
2020-04-10 07:47:29.952 3074 INFO rally.task.runner [-] Task de124b79-731d-422e-b910-cc865513f57f | ITER: 27 START
2020-04-10 07:47:30.015 3106 RALLYDEBUG rally_openstack.wrappers.network [-] CIDR generated: 1.1.7.136/30
2020-04-10 07:47:30.399 3112 RALLYDEBUG rally_openstack.wrappers.network [-] CIDR generated: 1.1.7.140/30
2020-04-10 07:47:30.767 3074 RALLYDEBUG rally_openstack.wrappers.network [-] CIDR generated: 1.1.7.144/30
2020-04-10 07:47:30.989 3115 RALLYDEBUG rally_openstack.wrappers.network [-] CIDR generated: 1.1.7.148/30
2020-04-10 07:47:31.115 3097 RALLYDEBUG rally_openstack.wrappers.network [-] CIDR generated: 1.1.7.152/30
2020-04-10 07:47:31.256 3075 INFO rally.task.runner [-] Task de124b79-731d-422e-b910-cc865513f57f | ITER: 3 END: OK
2020-04-10 07:47:31.263 3075 INFO rally.task.runner [-] Task de124b79-731d-422e-b910-cc865513f57f | ITER: 28 START
2020-04-10 07:47:31.426 3109 INFO rally.task.runner [-] Task de124b79-731d-422e-b910-cc865513f57f | ITER: 15 END: OK
2020-04-10 07:47:31.433 3109 INFO rally.task.runner [-] Task de124b79-731d-422e-b910-cc865513f57f | ITER: 29 START
2020-04-10 07:47:31.483 3112 RALLYDEBUG rally_openstack.wrappers.network [-] CIDR generated: 1.1.7.156/30
2020-04-10 07:47:31.680 3093 INFO rally.task.runner [-] Task de124b79-731d-422e-b910-cc865513f57f | ITER: 10 END: OK
2020-04-10 07:47:31.688 3093 INFO rally.task.runner [-] Task de124b79-731d-422e-b910-cc865513f57f | ITER: 30 START
2020-04-10 07:47:31.716 3124 RALLYDEBUG rally_openstack.wrappers.network [-] CIDR generated: 1.1.7.160/30
2020-04-10 07:47:32.147 3075 RALLYDEBUG rally_openstack.wrappers.network [-] CIDR generated: 1.1.7.164/30
2020-04-10 07:47:32.260 3091 INFO rally.task.runner [-] Task de124b79-731d-422e-b910-cc865513f57f | ITER: 9 END: OK
2020-04-10 07:47:32.267 3091 INFO rally.task.runner [-] Task de124b79-731d-422e-b910-cc865513f57f | ITER: 31 START
2020-04-10 07:47:32.547 3093 RALLYDEBUG rally_openstack.wrappers.network [-] CIDR generated: 1.1.7.168/30
2020-04-10 07:47:33.016 3109 RALLYDEBUG rally_openstack.wrappers.network [-] CIDR generated: 1.1.7.172/30
2020-04-10 07:47:33.018 3100 INFO rally.task.runner [-] Task de124b79-731d-422e-b910-cc865513f57f | ITER: 12 END: OK
2020-04-10 07:47:33.027 3100 INFO rally.task.runner [-] Task de124b79-731d-422e-b910-cc865513f57f | ITER: 32 START
2020-04-10 07:47:33.027 3091 RALLYDEBUG rally_openstack.wrappers.network [-] CIDR generated: 1.1.7.176/30
2020-04-10 07:47:33.041 3078 INFO rally.task.runner [-] Task de124b79-731d-422e-b910-cc865513f57f | ITER: 5 END: OK
2020-04-10 07:47:33.047 3078 INFO rally.task.runner [-] Task de124b79-731d-422e-b910-cc865513f57f | ITER: 33 START
2020-04-10 07:47:33.058 3124 RALLYDEBUG rally_openstack.wrappers.network [-] CIDR generated: 1.1.7.180/30
2020-04-10 07:47:33.132 3073 INFO rally.task.runner [-] Task de124b79-731d-422e-b910-cc865513f57f | ITER: 1 END: OK
2020-04-10 07:47:33.139 3073 INFO rally.task.runner [-] Task de124b79-731d-422e-b910-cc865513f57f | ITER: 34 START
2020-04-10 07:47:33.242 3085 RALLYDEBUG rally_openstack.wrappers.network [-] CIDR generated: 1.1.7.184/30
2020-04-10 07:47:33.904 3100 RALLYDEBUG rally_openstack.wrappers.network [-] CIDR generated: 1.1.7.188/30
2020-04-10 07:47:34.135 3106 RALLYDEBUG rally_openstack.wrappers.network [-] CIDR generated: 1.1.7.192/30
2020-04-10 07:47:34.262 3097 RALLYDEBUG rally_openstack.wrappers.network [-] CIDR generated: 1.1.7.196/30
2020-04-10 07:47:34.381 3078 RALLYDEBUG rally_openstack.wrappers.network [-] CIDR generated: 1.1.7.200/30
2020-04-10 07:47:34.414 3073 RALLYDEBUG rally_openstack.wrappers.network [-] CIDR generated: 1.1.7.204/30
2020-04-10 07:47:35.262 3118 INFO rally.task.runner [-] Task de124b79-731d-422e-b910-cc865513f57f | ITER: 18 END: OK
2020-04-10 07:47:35.269 3118 INFO rally.task.runner [-] Task de124b79-731d-422e-b910-cc865513f57f | ITER: 35 START
2020-04-10 07:47:35.289 3074 RALLYDEBUG rally_openstack.wrappers.network [-] CIDR generated: 1.1.7.208/30
2020-04-10 07:47:35.790 3093 RALLYDEBUG rally_openstack.wrappers.network [-] CIDR generated: 1.1.7.212/30
2020-04-10 07:47:35.791 3075 RALLYDEBUG rally_openstack.wrappers.network [-] CIDR generated: 1.1.7.216/30
2020-04-10 07:47:36.087 3076 INFO rally.task.runner [-] Task de124b79-731d-422e-b910-cc865513f57f | ITER: 4 END: OK
2020-04-10 07:47:36.094 3076 INFO rally.task.runner [-] Task de124b79-731d-422e-b910-cc865513f57f | ITER: 36 START
2020-04-10 07:47:36.104 3081 INFO rally.task.runner [-] Task de124b79-731d-422e-b910-cc865513f57f | ITER: 6 END: OK
2020-04-10 07:47:36.112 3081 INFO rally.task.runner [-] Task de124b79-731d-422e-b910-cc865513f57f | ITER: 37 START
2020-04-10 07:47:37.175 3091 RALLYDEBUG rally_openstack.wrappers.network [-] CIDR generated: 1.1.7.220/30
2020-04-10 07:47:37.363 3118 RALLYDEBUG rally_openstack.wrappers.network [-] CIDR generated: 1.1.7.224/30
2020-04-10 07:47:37.684 3109 RALLYDEBUG rally_openstack.wrappers.network [-] CIDR generated: 1.1.7.228/30
2020-04-10 07:47:37.724 3120 INFO rally.task.runner [-] Task de124b79-731d-422e-b910-cc865513f57f | ITER: 19 END: OK
2020-04-10 07:47:37.731 3120 INFO rally.task.runner [-] Task de124b79-731d-422e-b910-cc865513f57f | ITER: 38 START
2020-04-10 07:47:37.736 3088 INFO rally.task.runner [-] Task de124b79-731d-422e-b910-cc865513f57f | ITER: 8 END: OK
2020-04-10 07:47:37.743 3088 INFO rally.task.runner [-] Task de124b79-731d-422e-b910-cc865513f57f | ITER: 39 START
2020-04-10 07:47:38.024 3081 RALLYDEBUG rally_openstack.wrappers.network [-] CIDR generated: 1.1.7.232/30
2020-04-10 07:47:38.161 3100 RALLYDEBUG rally_openstack.wrappers.network [-] CIDR generated: 1.1.7.236/30
2020-04-10 07:47:38.207 3073 RALLYDEBUG rally_openstack.wrappers.network [-] CIDR generated: 1.1.7.240/30
2020-04-10 07:47:38.249 3078 RALLYDEBUG rally_openstack.wrappers.network [-] CIDR generated: 1.1.7.244/30
2020-04-10 07:47:38.640 3076 RALLYDEBUG rally_openstack.wrappers.network [-] CIDR generated: 1.1.7.248/30
2020-04-10 07:47:38.912 3103 INFO rally.task.runner [-] Task de124b79-731d-422e-b910-cc865513f57f | ITER: 13 END: OK
2020-04-10 07:47:38.920 3103 INFO rally.task.runner [-] Task de124b79-731d-422e-b910-cc865513f57f | ITER: 40 START
2020-04-10 07:47:38.941 3088 RALLYDEBUG rally_openstack.wrappers.network [-] CIDR generated: 1.1.7.252/30
2020-04-10 07:47:41.169 3120 RALLYDEBUG rally_openstack.wrappers.network [-] CIDR generated: 1.1.8.0/30
2020-04-10 07:47:41.747 3103 RALLYDEBUG rally_openstack.wrappers.network [-] CIDR generated: 1.1.8.4/30
2020-04-10 07:47:42.399 3118 RALLYDEBUG rally_openstack.wrappers.network [-] CIDR generated: 1.1.8.8/30
2020-04-10 07:47:42.761 3081 RALLYDEBUG rally_openstack.wrappers.network [-] CIDR generated: 1.1.8.12/30
2020-04-10 07:47:43.596 3076 RALLYDEBUG rally_openstack.wrappers.network [-] CIDR generated: 1.1.8.16/30
2020-04-10 07:47:43.866 3088 RALLYDEBUG rally_openstack.wrappers.network [-] CIDR generated: 1.1.8.20/30
2020-04-10 07:47:44.843 3120 RALLYDEBUG rally_openstack.wrappers.network [-] CIDR generated: 1.1.8.24/30
2020-04-10 07:47:44.921 3103 RALLYDEBUG rally_openstack.wrappers.network [-] CIDR generated: 1.1.8.28/30
2020-04-10 07:47:59.253 3074 INFO rally.task.runner [-] Task de124b79-731d-422e-b910-cc865513f57f | ITER: 27 END: OK
2020-04-10 07:48:04.985 3097 INFO rally.task.runner [-] Task de124b79-731d-422e-b910-cc865513f57f | ITER: 26 END: OK
2020-04-10 07:48:05.645 3106 INFO rally.task.runner [-] Task de124b79-731d-422e-b910-cc865513f57f | ITER: 23 END: OK
2020-04-10 07:48:06.368 3093 INFO rally.task.runner [-] Task de124b79-731d-422e-b910-cc865513f57f | ITER: 30 END: OK
2020-04-10 07:48:06.369 3085 INFO rally.task.runner [-] Task de124b79-731d-422e-b910-cc865513f57f | ITER: 22 END: OK
2020-04-10 07:48:07.652 3115 INFO rally.task.runner [-] Task de124b79-731d-422e-b910-cc865513f57f | ITER: 21 END: OK
2020-04-10 07:48:08.016 3109 INFO rally.task.runner [-] Task de124b79-731d-422e-b910-cc865513f57f | ITER: 29 END: OK
2020-04-10 07:48:09.931 3124 INFO rally.task.runner [-] Task de124b79-731d-422e-b910-cc865513f57f | ITER: 24 END: OK
2020-04-10 07:48:10.198 3088 INFO rally.task.runner [-] Task de124b79-731d-422e-b910-cc865513f57f | ITER: 39 END: OK
2020-04-10 07:48:11.180 3073 INFO rally.task.runner [-] Task de124b79-731d-422e-b910-cc865513f57f | ITER: 34 END: OK
2020-04-10 07:48:15.540 3112 INFO rally.task.runner [-] Task de124b79-731d-422e-b910-cc865513f57f | ITER: 25 END: OK
2020-04-10 07:48:16.360 3091 INFO rally.task.runner [-] Task de124b79-731d-422e-b910-cc865513f57f | ITER: 31 END: OK
2020-04-10 07:48:16.370 3100 INFO rally.task.runner [-] Task de124b79-731d-422e-b910-cc865513f57f | ITER: 32 END: OK
2020-04-10 07:48:19.690 3118 INFO rally.task.runner [-] Task de124b79-731d-422e-b910-cc865513f57f | ITER: 35 END: OK
2020-04-10 07:48:23.316 3075 INFO rally.task.runner [-] Task de124b79-731d-422e-b910-cc865513f57f | ITER: 28 END: OK
2020-04-10 07:48:23.460 3078 INFO rally.task.runner [-] Task de124b79-731d-422e-b910-cc865513f57f | ITER: 33 END: OK
2020-04-10 07:48:25.544 3081 INFO rally.task.runner [-] Task de124b79-731d-422e-b910-cc865513f57f | ITER: 37 END: OK
2020-04-10 07:48:27.930 3103 INFO rally.task.runner [-] Task de124b79-731d-422e-b910-cc865513f57f | ITER: 40 END: OK
2020-04-10 07:48:28.620 3120 INFO rally.task.runner [-] Task de124b79-731d-422e-b910-cc865513f57f | ITER: 38 END: OK
2020-04-10 07:48:28.992 3076 INFO rally.task.runner [-] Task de124b79-731d-422e-b910-cc865513f57f | ITER: 36 END: OK
2020-04-10 07:48:29.017 15 INFO rally.task.context [-] Task de124b79-731d-422e-b910-cc865513f57f | Context cleanup@openstack cleanup() started
2020-04-10 07:48:29.020 15 RALLYDEBUG rally_openstack.cleanup.manager [-] Cleaning up neutron vip objects
2020-04-10 07:48:29.234 15 RALLYDEBUG rally_openstack.cleanup.manager [-] Cleaning up neutron health_monitor objects
2020-04-10 07:48:29.414 15 RALLYDEBUG rally_openstack.cleanup.manager [-] Cleaning up neutron pool objects
2020-04-10 07:48:29.615 15 RALLYDEBUG rally_openstack.cleanup.manager [-] Cleaning up neutron loadbalancer objects
2020-04-10 07:48:29.814 15 RALLYDEBUG rally_openstack.cleanup.manager [-] Cleaning up neutron floatingip objects
2020-04-10 07:48:30.047 15 RALLYDEBUG rally_openstack.cleanup.manager [-] Cleaning up neutron trunk objects
2020-04-10 07:48:30.209 15 DEBUG neutronclient.v2_0.client [-] Error message: {"NeutronError": {"message": "Invalid input for operation: 'tenant_id' is not supported for filtering.", "type": "InvalidInput", "detail": ""}} _handle_fault_response /usr/lib/python2.7/site-packages/neutronclient/v2_0/client.py:259
2020-04-10 07:48:30.235 15 DEBUG neutronclient.v2_0.client [-] Error message: {"NeutronError": {"message": "Invalid input for operation: 'tenant_id' is not supported for filtering.", "type": "InvalidInput", "detail": ""}} _handle_fault_response /usr/lib/python2.7/site-packages/neutronclient/v2_0/client.py:259
2020-04-10 07:48:30.259 15 DEBUG neutronclient.v2_0.client [-] Error message: {"NeutronError": {"message": "Invalid input for operation: 'tenant_id' is not supported for filtering.", "type": "InvalidInput", "detail": ""}} _handle_fault_response /usr/lib/python2.7/site-packages/neutronclient/v2_0/client.py:259
2020-04-10 07:48:30.260 15 ERROR rally_openstack.cleanup.manager [-] Seems like rally_openstack.cleanup.resources.NeutronTrunk.list(self) method is broken. It shouldn't raise any exceptions.: BadRequest: Invalid input for operation: 'tenant_id' is not supported for filtering. Neutron server returns request_ids: ['req-0d4c603d-59f6-4427-96d4-8e6ab40d87e3']
2020-04-10 07:48:30.260 15 ERROR rally_openstack.cleanup.manager
Traceback (most recent call last):
2020-04-10 07:48:30.260 15 ERROR rally_openstack.cleanup.manager
File "/usr/lib/python2.7/site-packages/rally_openstack/cleanup/manager.py", line 133, in _publish
2020-04-10 07:48:30.260 15 ERROR rally_openstack.cleanup.manager for raw_resource in rutils.retry(3, manager.list):
2020-04-10 07:48:30.260 15 ERROR rally_openstack.cleanup.manager
File "/usr/lib/python2.7/site-packages/rally/common/utils.py", line 230, in retry
2020-04-10 07:48:30.260 15 ERROR rally_openstack.cleanup.manager return func(*args, **kwargs)
2020-04-10 07:48:30.260 15 ERROR rally_openstack.cleanup.manager
File "/usr/lib/python2.7/site-packages/rally_openstack/cleanup/resources.py", line 396, in list
2020-04-10 07:48:30.260 15 ERROR rally_openstack.cleanup.manager return super(NeutronTrunk, self).list()
2020-04-10 07:48:30.260 15 ERROR rally_openstack.cleanup.manager
File "/usr/lib/python2.7/site-packages/rally_openstack/cleanup/resources.py", line 273, in list
2020-04-10 07:48:30.260 15 ERROR rally_openstack.cleanup.manager result = list_method(tenant_id=self.tenant_uuid)[resources]
2020-04-10 07:48:30.260 15 ERROR rally_openstack.cleanup.manager
File "/usr/lib/python2.7/site-packages/neutronclient/v2_0/client.py", line 2105, in list_trunks
2020-04-10 07:48:30.260 15 ERROR rally_openstack.cleanup.manager **_params)
2020-04-10 07:48:30.260 15 ERROR rally_openstack.cleanup.manager
File "/usr/lib/python2.7/site-packages/neutronclient/v2_0/client.py", line 369, in list
2020-04-10 07:48:30.260 15 ERROR rally_openstack.cleanup.manager for r in self._pagination(collection, path, **params):
2020-04-10 07:48:30.260 15 ERROR rally_openstack.cleanup.manager
File "/usr/lib/python2.7/site-packages/neutronclient/v2_0/client.py", line 384, in _pagination
2020-04-10 07:48:30.260 15 ERROR rally_openstack.cleanup.manager res = self.get(path, params=params)
2020-04-10 07:48:30.260 15 ERROR rally_openstack.cleanup.manager
File "/usr/lib/python2.7/site-packages/neutronclient/v2_0/client.py", line 354, in get
2020-04-10 07:48:30.260 15 ERROR rally_openstack.cleanup.manager headers=headers, params=params)
2020-04-10 07:48:30.260 15 ERROR rally_openstack.cleanup.manager
File "/usr/lib/python2.7/site-packages/neutronclient/v2_0/client.py", line 331, in retry_request
2020-04-10 07:48:30.260 15 ERROR rally_openstack.cleanup.manager headers=headers, params=params)
2020-04-10 07:48:30.260 15 ERROR rally_openstack.cleanup.manager
File "/usr/lib/python2.7/site-packages/neutronclient/v2_0/client.py", line 294, in do_request
2020-04-10 07:48:30.260 15 ERROR rally_openstack.cleanup.manager self._handle_fault_response(status_code, replybody, resp)
2020-04-10 07:48:30.260 15 ERROR rally_openstack.cleanup.manager
File "/usr/lib/python2.7/site-packages/neutronclient/v2_0/client.py", line 269, in _handle_fault_response
2020-04-10 07:48:30.260 15 ERROR rally_openstack.cleanup.manager exception_handler_v20(status_code, error_body)
2020-04-10 07:48:30.260 15 ERROR rally_openstack.cleanup.manager
File "/usr/lib/python2.7/site-packages/neutronclient/v2_0/client.py", line 93, in exception_handler_v20
2020-04-10 07:48:30.260 15 ERROR rally_openstack.cleanup.manager request_ids=request_ids)
2020-04-10 07:48:30.260 15 ERROR rally_openstack.cleanup.manager BadRequest: Invalid input for operation: 'tenant_id' is not supported for filtering.
2020-04-10 07:48:30.260 15 ERROR rally_openstack.cleanup.manager Neutron server returns request_ids: ['req-0d4c603d-59f6-4427-96d4-8e6ab40d87e3']
2020-04-10 07:48:30.260 15 ERROR rally_openstack.cleanup.manager
2020-04-10 07:48:30.271 15 RALLYDEBUG rally_openstack.cleanup.manager [-] Cleaning up neutron port objects
2020-04-10 07:48:31.294 15 RALLYDEBUG rally_openstack.cleanup.manager [-] Deleting neutron.port object s_rally_8e11298d_8CQ936Nd (0210b6ff-b415-4b50-922e-86eeec570fa5)
2020-04-10 07:48:31.302 15 RALLYDEBUG rally_openstack.cleanup.manager [-] Deleting neutron.port object s_rally_8e11298d_sSVXTBzY (005d171e-7322-4d1f-99b0-270e64268429)
2020-04-10 07:48:31.303 15 RALLYDEBUG rally_openstack.cleanup.manager [-] Deleting neutron.port object s_rally_8e11298d_kFIplRYe (0218622b-deb0-4c65-b7ed-d4acc0099bda)
2020-04-10 07:48:31.307 15 RALLYDEBUG rally_openstack.cleanup.manager [-] Deleting neutron.port object s_rally_8e11298d_B6vbW2US (02aec9c8-c4fa-4fd0-bdee-4de4422c572c)
2020-04-10 07:48:31.312 15 RALLYDEBUG rally_openstack.cleanup.manager [-] Deleting neutron.port object s_rally_8e11298d_PEazvXio (011dd7c0-0091-4c83-98f1-fcea345e1d4c)
2020-04-10 07:48:31.354 15 RALLYDEBUG rally_openstack.cleanup.manager [-] Deleting neutron.port object s_rally_8e11298d_QWnoljR0 (03954455-0ec5-404b-a214-0b75e6d663d5)
2020-04-10 07:48:31.356 15 RALLYDEBUG rally_openstack.cleanup.manager [-] Deleting neutron.port object s_rally_8e11298d_sXyNMdXG (03778ec9-14c6-4f9b-806a-59332c833559)
2020-04-10 07:48:31.387 15 RALLYDEBUG rally_openstack.cleanup.manager [-] Deleting neutron.port object s_rally_8e11298d_pKsRL8O7 (0f7b3fd4-c36d-4ac5-b36e-27338fad7db0)
2020-04-10 07:48:31.394 15 RALLYDEBUG rally_openstack.cleanup.manager [-] Deleting neutron.port object s_rally_8e11298d_70pw4B7t (178ce476-88b6-4863-aacb-2270c50d1ea1)
2020-04-10 07:48:31.447 15 RALLYDEBUG rally_openstack.cleanup.manager [-] Deleting neutron.port object s_rally_8e11298d_DDyW2hNs (1538e52b-e86f-481a-bd00-84e5c48beec0)
2020-04-10 07:48:31.453 15 RALLYDEBUG rally_openstack.cleanup.manager [-] Deleting neutron.port object s_rally_8e11298d_kzfQtUN0 (21052de3-4663-43b7-9a2b-a820923e8bff)
2020-04-10 07:48:31.465 15 RALLYDEBUG rally_openstack.cleanup.manager [-] Deleting neutron.port object s_rally_8e11298d_jgUlXZWx (22c13d9e-6afa-47b9-9049-cdfec16bb913)
2020-04-10 07:48:31.494 15 RALLYDEBUG rally_openstack.cleanup.manager [-] Deleting neutron.port object s_rally_8e11298d_Jh4OhvrD (27d14b7f-713f-44b4-896c-74e4b892ede2)
2020-04-10 07:48:31.495 15 RALLYDEBUG rally_openstack.cleanup.manager [-] Deleting neutron.port object s_rally_8e11298d_TaY8dFqR (1656db7e-db7a-44ef-a820-2bf456f3845b)
2020-04-10 07:48:31.499 15 RALLYDEBUG rally_openstack.cleanup.manager [-] Deleting neutron.port object s_rally_8e11298d_75ENG8az (22ee558a-986e-471a-8411-2c8049bcde5f)
2020-04-10 07:48:31.511 15 RALLYDEBUG rally_openstack.cleanup.manager [-] Deleting neutron.port object s_rally_8e11298d_905nYg8n (2cbd530d-a66c-4cea-a65b-b4cc1bccab99)
2020-04-10 07:48:31.533 15 RALLYDEBUG rally_openstack.cleanup.manager [-] Deleting neutron.port object s_rally_8e11298d_SYihv4rn (2bd0c767-8615-4832-b545-840725f75dbe)
2020-04-10 07:48:31.542 15 RALLYDEBUG rally_openstack.cleanup.manager [-] Deleting neutron.port object s_rally_8e11298d_EtX2kRr6 (2dfed8e4-4da3-4bcb-b3d2-d4acd15c0080)
2020-04-10 07:48:31.628 15 RALLYDEBUG rally_openstack.cleanup.manager [-] Deleting neutron.port object s_rally_8e11298d_ojsTgDMr (2fe18fb3-ed65-4005-ab29-9dc5faa631eb)
2020-04-10 07:48:31.691 15 RALLYDEBUG rally_openstack.cleanup.manager [-] Deleting neutron.port object s_rally_8e11298d_hvrbMsIl (3770ef06-8a95-4742-9e7f-a942f1bc57a1)
2020-04-10 07:48:34.579 15 RALLYDEBUG rally_openstack.cleanup.manager [-] Deleting neutron.port object s_rally_8e11298d_ExMGn1Jo (3d4ac857-4cbb-4522-9d35-9d3e50f821b6)
2020-04-10 07:48:34.583 15 RALLYDEBUG rally_openstack.cleanup.manager [-] Deleting neutron.port object s_rally_8e11298d_WlJQT9FW (40f9a439-2926-4a64-93cf-e56188e89276)
2020-04-10 07:48:34.736 15 RALLYDEBUG rally_openstack.cleanup.manager [-] Deleting neutron.port object s_rally_8e11298d_R9qcPgyd (413b601f-6db3-4d60-b23a-e7cea49225fd)
2020-04-10 07:48:35.507 15 RALLYDEBUG rally_openstack.cleanup.manager [-] Deleting neutron.port object s_rally_8e11298d_LxHzChd0 (42ad8d8d-62a9-4adb-a655-87c5c2a4b972)
2020-04-10 07:48:35.845 15 RALLYDEBUG rally_openstack.cleanup.manager [-] Deleting neutron.port object s_rally_8e11298d_BQ1ejWNe (4478100e-f8cc-4c43-81f3-f961384093b8)
2020-04-10 07:48:36.078 15 RALLYDEBUG rally_openstack.cleanup.manager [-] Deleting neutron.port object s_rally_8e11298d_IeCKzHKy (46234f61-ae14-4b65-89e0-bc0921066fda)
2020-04-10 07:48:36.083 15 RALLYDEBUG rally_openstack.cleanup.manager [-] Deleting neutron.port object s_rally_8e11298d_lrRh8l9I (4c9b8880-3975-4ba8-bf80-e46a2d81cc70)
2020-04-10 07:48:37.716 15 RALLYDEBUG rally_openstack.cleanup.manager [-] Deleting neutron.port object s_rally_8e11298d_tjxCzk5G (4ccbad5c-58be-4d2c-ab2f-2e29ab232088)
2020-04-10 07:48:37.750 15 RALLYDEBUG rally_openstack.cleanup.manager [-] Deleting neutron.port object s_rally_8e11298d_kTFXE7la (4dd93238-f3c9-4472-881c-e684ad597087)
2020-04-10 07:48:38.142 15 RALLYDEBUG rally_openstack.cleanup.manager [-] Deleting neutron.port object s_rally_8e11298d_HtQO1OWy (4f03cdf6-cb03-4c4b-92a4-5d2d744a0d08)
2020-04-10 07:48:38.345 15 RALLYDEBUG rally_openstack.cleanup.manager [-] Deleting neutron.port object s_rally_8e11298d_jresiG0e (509dc8e2-67cd-4d5f-b6ce-9a7ba5b842d3)
2020-04-10 07:48:38.424 15 RALLYDEBUG rally_openstack.cleanup.manager [-] Deleting neutron.port object s_rally_8e11298d_Ob316reN (50b6a9e4-ebe7-4907-b3d0-17a10083d0f4)
2020-04-10 07:48:38.521 15 RALLYDEBUG rally_openstack.cleanup.manager [-] Deleting neutron.port object s_rally_8e11298d_UkYHWUdz (5cf593c0-e27b-439e-9a94-13da671c0cf6)
2020-04-10 07:48:38.525 15 RALLYDEBUG rally_openstack.cleanup.manager [-] Deleting neutron.port object s_rally_8e11298d_g1kwm4cL (6038fcf7-8d3f-468b-9eec-296e74a65ba5)
2020-04-10 07:48:38.552 15 RALLYDEBUG rally_openstack.cleanup.manager [-] Deleting neutron.port object s_rally_8e11298d_YKnBX4h5 (61acde34-caae-42f5-9bc0-9aeef63bd7e6)
2020-04-10 07:48:38.697 15 RALLYDEBUG rally_openstack.cleanup.manager [-] Deleting neutron.port object s_rally_8e11298d_IvFTvoAJ (62439ec1-86e6-4666-875e-bc7af3bb9b93)
2020-04-10 07:48:38.732 15 RALLYDEBUG rally_openstack.cleanup.manager [-] Deleting neutron.port object s_rally_8e11298d_NMOhSJyv (699c6986-214f-476c-8d80-77d32708f459)
2020-04-10 07:48:38.736 15 RALLYDEBUG rally_openstack.cleanup.manager [-] Deleting neutron.port object s_rally_8e11298d_8xKBZLKp (6af8cfd3-8dbe-48df-9ac2-ec08ffc21d31)
2020-04-10 07:48:40.398 15 RALLYDEBUG rally_openstack.cleanup.manager [-] Deleting neutron.port object s_rally_8e11298d_Pp7XxSLe (6b9a52f0-d6d8-4d65-ac47-c8d2bd8b8ed6)
2020-04-10 07:48:40.415 15 RALLYDEBUG rally_openstack.cleanup.manager [-] Deleting neutron.port object s_rally_8e11298d_27cirFUP (6cab7354-886b-412f-80e5-dbcdb500d9d9)
2020-04-10 07:48:40.531 15 RALLYDEBUG rally_openstack.cleanup.manager [-] Deleting neutron.port object s_rally_8e11298d_y29ol8x9 (733447fb-7c42-498f-adbc-387d25e6404b)
2020-04-10 07:48:40.577 15 RALLYDEBUG rally_openstack.cleanup.manager [-] Deleting neutron.port object s_rally_8e11298d_GtXQIZuk (793dd1bd-3713-4677-9d58-bd7db296a643)
2020-04-10 07:48:40.661 15 RALLYDEBUG rally_openstack.cleanup.manager [-] Deleting neutron.port object s_rally_8e11298d_axMNvTjk (7b3aae67-fb96-474e-b70c-28184191349d)
2020-04-10 07:48:40.790 15 RALLYDEBUG rally_openstack.cleanup.manager [-] Deleting neutron.port object s_rally_8e11298d_AKLNHnVF (7bb28851-34c2-4157-bf28-3b3b3182f879)
2020-04-10 07:48:41.167 15 RALLYDEBUG rally_openstack.cleanup.manager [-] Deleting neutron.port object s_rally_8e11298d_kpO9bUzs (7bd04d6f-cf7a-43c9-b9d6-23659bc482bf)
2020-04-10 07:48:41.287 15 RALLYDEBUG rally_openstack.cleanup.manager [-] Deleting neutron.port object s_rally_8e11298d_4jym6wTC (7d0879ad-ffec-4553-a13f-280a7a1b2283)
2020-04-10 07:48:41.455 15 RALLYDEBUG rally_openstack.cleanup.manager [-] Deleting neutron.port object s_rally_8e11298d_SHJqvqtZ (8305ebd8-2fa2-4cb1-b55c-2173e43893b8)
2020-04-10 07:48:41.560 15 RALLYDEBUG rally_openstack.cleanup.manager [-] Deleting neutron.port object s_rally_8e11298d_0A7dDHYf (860fc6ff-3aba-4f07-80f0-cce1e0ca39db)
2020-04-10 07:48:41.784 15 RALLYDEBUG rally_openstack.cleanup.manager [-] Deleting neutron.port object s_rally_8e11298d_IF8pmslm (8b4db9a8-6c0b-4680-9af6-0902460a36bf)
2020-04-10 07:48:41.988 15 RALLYDEBUG rally_openstack.cleanup.manager [-] Deleting neutron.port object s_rally_8e11298d_JDjndIgz (8ea083ec-0528-4938-b51b-6f6ba59f2232)
2020-04-10 07:48:42.043 15 RALLYDEBUG rally_openstack.cleanup.manager [-] Deleting neutron.port object s_rally_8e11298d_ThfLqArS (93f25824-c309-40d8-a48a-d89782a36d3b)
2020-04-10 07:48:43.025 15 RALLYDEBUG rally_openstack.cleanup.manager [-] Deleting neutron.port object s_rally_8e11298d_Ioqgqm0L (962ba796-65f1-46a0-8350-0b9723fe4e7a)
2020-04-10 07:48:43.550 15 RALLYDEBUG rally_openstack.cleanup.manager [-] Deleting neutron.port object s_rally_8e11298d_BOyVHQ1z (a2a37af8-8058-4ac5-a7a9-7b9e712ddb2f)
2020-04-10 07:48:43.816 15 RALLYDEBUG rally_openstack.cleanup.manager [-] Deleting neutron.port object s_rally_8e11298d_3aFgmjly (a496f89e-932b-46ae-96d7-6bd194cfc4ac)
2020-04-10 07:48:43.935 15 RALLYDEBUG rally_openstack.cleanup.manager [-] Deleting neutron.port object s_rally_8e11298d_NrTqxbxR (a67545a5-9469-4fd2-8e21-3f31542576fa)
2020-04-10 07:48:44.136 15 RALLYDEBUG rally_openstack.cleanup.manager [-] Deleting neutron.port object s_rally_8e11298d_Yfr1QZJh (b453bef1-e703-46b9-bdee-e1dceeb5c23d)
2020-04-10 07:48:44.232 15 RALLYDEBUG rally_openstack.cleanup.manager [-] Deleting neutron.port object s_rally_8e11298d_lngy9qqI (ba3e1831-bd72-493f-a9f1-6d7d9d2b8d9a)
2020-04-10 07:48:44.246 15 RALLYDEBUG rally_openstack.cleanup.manager [-] Deleting neutron.port object s_rally_8e11298d_nKdYKega (bdb9e187-f532-4531-8e9c-ccfd9e53719f)
2020-04-10 07:48:44.438 15 RALLYDEBUG rally_openstack.cleanup.manager [-] Deleting neutron.port object s_rally_8e11298d_hZ7vacZH (c0b9755a-c20c-4749-81f0-a74627ad0ae7)
2020-04-10 07:48:44.833 15 RALLYDEBUG rally_openstack.cleanup.manager [-] Deleting neutron.port object s_rally_8e11298d_caQVeSGS (c3e552ca-65ad-47cf-90c1-4f6dba5334da)
2020-04-10 07:48:45.308 15 RALLYDEBUG rally_openstack.cleanup.manager [-] Deleting neutron.port object s_rally_8e11298d_iYRZoxx1 (c7bdc4b5-2e6b-40d0-a1e4-74a10c1e84b6)
2020-04-10 07:48:45.517 15 RALLYDEBUG rally_openstack.cleanup.manager [-] Deleting neutron.port object s_rally_8e11298d_BiDB2PHo (c8bb377e-9ba0-45d2-bcdb-1f89b1afce09)
2020-04-10 07:48:45.542 15 RALLYDEBUG rally_openstack.cleanup.manager [-] Deleting neutron.port object s_rally_8e11298d_AwLGE4bw (cbb5f870-5a31-4c3d-8dfc-c37c7422eb7f)
2020-04-10 07:48:45.612 15 RALLYDEBUG rally_openstack.cleanup.manager [-] Deleting neutron.port object s_rally_8e11298d_rVoPbfnZ (ce9ae86e-c0c1-46ee-af70-354da6f001ec)
2020-04-10 07:48:45.762 15 RALLYDEBUG rally_openstack.cleanup.manager [-] Deleting neutron.port object s_rally_8e11298d_ISUh2G0M (d567dccf-dca5-4000-97bf-cfb4770b0e21)
2020-04-10 07:48:46.167 15 RALLYDEBUG rally_openstack.cleanup.manager [-] Deleting neutron.port object s_rally_8e11298d_zZpcG8TU (d6414ba6-39e2-4af4-af09-e2fea81d4892)
2020-04-10 07:48:46.247 15 RALLYDEBUG rally_openstack.cleanup.manager [-] Deleting neutron.port object s_rally_8e11298d_D2pUIHcE (d87cbfab-d1fb-45ee-9fff-dd5e999bf9b3)
2020-04-10 07:48:46.253 15 RALLYDEBUG rally_openstack.cleanup.manager [-] Deleting neutron.port object s_rally_8e11298d_5ruC76I6 (de03ae4b-e036-45de-bd4a-9820f8299ff1)
2020-04-10 07:48:46.321 15 RALLYDEBUG rally_openstack.cleanup.manager [-] Deleting neutron.port object s_rally_8e11298d_dkRyqNHj (df06090c-6c38-4236-a72a-f68fb595215c)
2020-04-10 07:48:46.465 15 RALLYDEBUG rally_openstack.cleanup.manager [-] Deleting neutron.port object s_rally_8e11298d_BdchjdaU (e1d1ca06-bfb9-41fc-8257-d20925e4d6d5)
2020-04-10 07:48:46.760 15 RALLYDEBUG rally_openstack.cleanup.manager [-] Deleting neutron.port object s_rally_8e11298d_7mUHP5F6 (e4065188-4e58-48de-a511-b160d89045c6)
2020-04-10 07:48:46.887 15 RALLYDEBUG rally_openstack.cleanup.manager [-] Deleting neutron.port object s_rally_8e11298d_TWvKr8Ak (eaec2c07-2c1e-4a50-8c35-06b3b41b88db)
2020-04-10 07:48:47.073 15 RALLYDEBUG rally_openstack.cleanup.manager [-] Deleting neutron.port object s_rally_8e11298d_gy9CKbMc (f0af867f-e46a-467b-9528-e63d76ee2da7)
2020-04-10 07:48:47.457 15 RALLYDEBUG rally_openstack.cleanup.manager [-] Deleting neutron.port object s_rally_8e11298d_kwtbdLAj (f144801e-81ad-4a80-985a-ae65c918f736)
2020-04-10 07:48:47.647 15 RALLYDEBUG rally_openstack.cleanup.manager [-] Deleting neutron.port object s_rally_8e11298d_0BjZCO0n (f1ca0fcd-8c16-4f70-86a4-36ed00516bec)
2020-04-10 07:48:47.717 15 RALLYDEBUG rally_openstack.cleanup.manager [-] Deleting neutron.port object s_rally_8e11298d_yvIchkl2 (f1ff0d1b-12e4-48fe-af65-295e2450d384)
2020-04-10 07:48:48.673 15 RALLYDEBUG rally_openstack.cleanup.manager [-] Deleting neutron.port object s_rally_8e11298d_dBcNmNVZ (f222b46e-873d-4873-a858-e0a3b267dfa3)
2020-04-10 07:48:48.740 15 RALLYDEBUG rally_openstack.cleanup.manager [-] Deleting neutron.port object s_rally_8e11298d_th08DPyJ (f4bdaaf3-9d81-4729-a860-a51b7211bf7b)
2020-04-10 07:48:49.729 15 RALLYDEBUG rally_openstack.cleanup.manager [-] Deleting neutron.port object s_rally_8e11298d_9wObQuaI (f66ab3d5-59b4-47ce-87f9-27e9a2aa3e45)
2020-04-10 07:48:49.743 15 RALLYDEBUG rally_openstack.cleanup.manager [-] Deleting neutron.port object s_rally_8e11298d_M6cZ58eE (f8ee87f0-197c-4d2c-9f55-d7d7b5143131)
2020-04-10 07:48:52.678 15 RALLYDEBUG rally_openstack.cleanup.manager [-] Cleaning up neutron subnet objects
2020-04-10 07:48:53.230 15 RALLYDEBUG rally_openstack.cleanup.manager [-] Deleting neutron.subnet object s_rally_8e11298d_H0cDYiGQ (00e0b113-3afb-4c82-8156-fc7f9823279e)
2020-04-10 07:48:53.239 15 RALLYDEBUG rally_openstack.cleanup.manager [-] Deleting neutron.subnet object s_rally_8e11298d_dqTVS66S (09d4de2f-49f5-4226-a594-8a2095a6e850)
2020-04-10 07:48:53.244 15 RALLYDEBUG rally_openstack.cleanup.manager [-] Deleting neutron.subnet object s_rally_8e11298d_gRK10t97 (0d0cd104-0a46-4d30-ade5-970aa74cd1a8)
2020-04-10 07:48:53.253 15 RALLYDEBUG rally_openstack.cleanup.manager [-] Deleting neutron.subnet object s_rally_8e11298d_0I7EJn9z (11abbc2e-5e2e-46a7-bbc1-1cd05e1bf369)
2020-04-10 07:48:53.261 15 RALLYDEBUG rally_openstack.cleanup.manager [-] Deleting neutron.subnet object s_rally_8e11298d_UzDcTiAu (125406df-2d88-4875-8ba6-c633ac68c602)
2020-04-10 07:48:53.275 15 RALLYDEBUG rally_openstack.cleanup.manager [-] Deleting neutron.subnet object s_rally_8e11298d_UtPyMEPP (1d943d7c-f08c-4f15-b0b8-754f9f46c1cc)
2020-04-10 07:48:53.281 15 RALLYDEBUG rally_openstack.cleanup.manager [-] Deleting neutron.subnet object s_rally_8e11298d_46fO3RG1 (2081cf88-1ec1-4562-8dee-aeefd835d391)
2020-04-10 07:48:53.291 15 RALLYDEBUG rally_openstack.cleanup.manager [-] Deleting neutron.subnet object s_rally_8e11298d_rkR7DtSt (2c213e96-2286-4613-b484-5c2cc03f83e8)
2020-04-10 07:48:53.337 15 RALLYDEBUG rally_openstack.cleanup.manager [-] Deleting neutron.subnet object s_rally_8e11298d_fscsivFd (2da1b488-b0f0-4251-8c13-13e261e036cb)
2020-04-10 07:48:53.385 15 RALLYDEBUG rally_openstack.cleanup.manager [-] Deleting neutron.subnet object s_rally_8e11298d_BqBItsNr (44ccad4a-3875-45fa-a157-615a6a12a4ae)
2020-04-10 07:48:53.383 15 RALLYDEBUG rally_openstack.cleanup.manager [-] Deleting neutron.subnet object s_rally_8e11298d_RlIF4x3y (3b28e721-2188-4963-9597-eb0f3a9325e0)
2020-04-10 07:48:53.409 15 RALLYDEBUG rally_openstack.cleanup.manager [-] Deleting neutron.subnet object s_rally_8e11298d_1ZS5wyYe (47c06880-fbef-4dd4-923a-37790e0cdfaf)
