2020-04-10 07:34:59.866 6 RALLYDEBUG rally.api [-] INFO logs from urllib3 and requests module are hide.
2020-04-10 07:34:59.866 6 RALLYDEBUG rally.api [-] urllib3 insecure warnings are hidden.
2020-04-10 07:34:59.866 6 RALLYDEBUG rally.api [-] ERROR log from boto module is hide.
2020-04-10 07:35:01.085 6 ERROR rally.cli.cliutils [-] Unexpected exception in CLI: DBRecordNotFound: Record for uuid or name is opnfv-rally not found in table envs
2020-04-10 07:35:01.085 6 ERROR rally.cli.cliutils
Traceback (most recent call last):
2020-04-10 07:35:01.085 6 ERROR rally.cli.cliutils
File "/usr/lib/python2.7/site-packages/rally/cli/cliutils.py", line 674, in run
2020-04-10 07:35:01.085 6 ERROR rally.cli.cliutils ret = fn(*fn_args, **fn_kwargs)
2020-04-10 07:35:01.085 6 ERROR rally.cli.cliutils File "", line 2, in destroy
2020-04-10 07:35:01.085 6 ERROR rally.cli.cliutils
File "/usr/lib/python2.7/site-packages/rally/cli/envutils.py", line 68, in default_from_global
2020-04-10 07:35:01.085 6 ERROR rally.cli.cliutils return f(*args, **kwargs)
2020-04-10 07:35:01.085 6 ERROR rally.cli.cliutils File "", line 2, in destroy
2020-04-10 07:35:01.085 6 ERROR rally.cli.cliutils
File "/usr/lib/python2.7/site-packages/rally/plugins/__init__.py", line 51, in ensure_plugins_are_loaded
2020-04-10 07:35:01.085 6 ERROR rally.cli.cliutils return f(*args, **kwargs)
2020-04-10 07:35:01.085 6 ERROR rally.cli.cliutils
File "/usr/lib/python2.7/site-packages/rally/cli/commands/deployment.py", line 157, in destroy
2020-04-10 07:35:01.085 6 ERROR rally.cli.cliutils api.deployment.destroy(deployment=deployment)
2020-04-10 07:35:01.085 6 ERROR rally.cli.cliutils
File "/usr/lib/python2.7/site-packages/rally/api.py", line 115, in destroy
2020-04-10 07:35:01.085 6 ERROR rally.cli.cliutils deploy = objects.Deployment.get(deployment)
2020-04-10 07:35:01.085 6 ERROR rally.cli.cliutils
File "/usr/lib/python2.7/site-packages/rally/common/objects/deploy.py", line 124, in get
2020-04-10 07:35:01.085 6 ERROR rally.cli.cliutils return Deployment(env_mgr.EnvManager.get(deploy))
2020-04-10 07:35:01.085 6 ERROR rally.cli.cliutils
File "/usr/lib/python2.7/site-packages/rally/env/env_mgr.py", line 212, in get
2020-04-10 07:35:01.085 6 ERROR rally.cli.cliutils return cls(db.env_get(uuid_or_name))
2020-04-10 07:35:01.085 6 ERROR rally.cli.cliutils
File "/usr/lib/python2.7/site-packages/rally/common/db/api.py", line 135, in wrapper
2020-04-10 07:35:01.085 6 ERROR rally.cli.cliutils result = f(session, *args, **kwargs)
2020-04-10 07:35:01.085 6 ERROR rally.cli.cliutils
File "/usr/lib/python2.7/site-packages/rally/common/db/api.py", line 521, in env_get
2020-04-10 07:35:01.085 6 ERROR rally.cli.cliutils criteria="uuid or name is %s" % uuid_or_name, table="envs")
2020-04-10 07:35:01.085 6 ERROR rally.cli.cliutils DBRecordNotFound: Record for uuid or name is opnfv-rally not found in table envs
2020-04-10 07:35:01.085 6 ERROR rally.cli.cliutils
2020-04-10 07:35:01.779 8 RALLYDEBUG rally.api [-] INFO logs from urllib3 and requests module are hide.
2020-04-10 07:35:01.779 8 RALLYDEBUG rally.api [-] urllib3 insecure warnings are hidden.
2020-04-10 07:35:01.779 8 RALLYDEBUG rally.api [-] ERROR log from boto module is hide.
2020-04-10 07:35:03.902 10 RALLYDEBUG rally.api [-] INFO logs from urllib3 and requests module are hide.
2020-04-10 07:35:03.902 10 RALLYDEBUG rally.api [-] urllib3 insecure warnings are hidden.
2020-04-10 07:35:03.902 10 RALLYDEBUG rally.api [-] ERROR log from boto module is hide.
2020-04-10 07:35:06.742 13 RALLYDEBUG rally.api [-] INFO logs from urllib3 and requests module are hide.
2020-04-10 07:35:06.743 13 RALLYDEBUG rally.api [-] urllib3 insecure warnings are hidden.
2020-04-10 07:35:06.743 13 RALLYDEBUG rally.api [-] ERROR log from boto module is hide.
2020-04-10 07:35:08.204 15 RALLYDEBUG rally.api [-] INFO logs from urllib3 and requests module are hide.
2020-04-10 07:35:08.204 15 RALLYDEBUG rally.api [-] urllib3 insecure warnings are hidden.
2020-04-10 07:35:08.204 15 RALLYDEBUG rally.api [-] ERROR log from boto module is hide.
2020-04-10 07:35:09.386 15 INFO rally.common.plugin.discover [-] Loading plugins from directories /root/.rally/plugins/*
2020-04-10 07:35:09.387 15 INFO rally.common.plugin.discover [-] Loaded module with plugins: /root/.rally/plugins/__init__.py
2020-04-10 07:35:09.389 15 INFO rally.common.plugin.discover [-] Loaded module with plugins: /root/.rally/plugins/trunk_scenario.py
2020-04-10 07:35:09.602 15 INFO rally.task.engine [-] Task de124b79-731d-422e-b910-cc865513f57f | Starting: Task validation.
2020-04-10 07:35:09.608 15 INFO rally.task.engine [-] Task de124b79-731d-422e-b910-cc865513f57f | Starting: Task validation of syntax.
2020-04-10 07:35:09.873 15 INFO rally.task.engine [-] Task de124b79-731d-422e-b910-cc865513f57f | Completed: Task validation of syntax.
2020-04-10 07:35:09.873 15 INFO rally.task.engine [-] Task de124b79-731d-422e-b910-cc865513f57f | Starting: Task validation of required platforms.
2020-04-10 07:35:09.990 15 INFO rally.task.engine [-] Task de124b79-731d-422e-b910-cc865513f57f | Completed: Task validation of required platforms.
2020-04-10 07:35:09.990 15 INFO rally.task.engine [-] Task de124b79-731d-422e-b910-cc865513f57f | Starting: Task validation of semantic.
2020-04-10 07:35:09.990 15 INFO rally.task.engine [-] Check health of the environment '57c79523-e934-4665-a01e-f8caec6b0856'.
2020-04-10 07:35:10.492 15 INFO rally.task.engine [-] Platform existing@openstack (available: True): OK!
2020-04-10 07:35:10.513 15 RALLYDEBUG rally_openstack.contexts.keystone.users [-] Creating 1 tenants using 20 threads
2020-04-10 07:35:10.788 15 RALLYDEBUG rally_openstack.contexts.keystone.users [-] Creating 1 users using 20 threads
2020-04-10 07:35:11.391 15 INFO rally.task.context [-] Task de124b79-731d-422e-b910-cc865513f57f | Context users@openstack setup() finished in 0.88 sec
2020-04-10 07:35:12.820 15 INFO rally.task.context [-] Task de124b79-731d-422e-b910-cc865513f57f | Context users@openstack cleanup() started
2020-04-10 07:35:15.623 15 INFO rally.task.context [-] Task de124b79-731d-422e-b910-cc865513f57f | Context users@openstack cleanup() finished in 2.80 sec
2020-04-10 07:35:15.624 15 INFO rally.task.engine [-] Task de124b79-731d-422e-b910-cc865513f57f | Completed: Task validation of semantic.
2020-04-10 07:35:15.624 15 INFO rally.task.engine [-] Task de124b79-731d-422e-b910-cc865513f57f | Completed: Task validation.
2020-04-10 07:35:15.624 15 INFO rally.api [-] Task de124b79-731d-422e-b910-cc865513f57f input file is valid.
2020-04-10 07:35:15.625 15 INFO rally.api [-] Run Task de124b79-731d-422e-b910-cc865513f57f against Deployment 57c79523-e934-4665-a01e-f8caec6b0856
2020-04-10 07:35:15.625 15 INFO rally.task.engine [-] Task de124b79-731d-422e-b910-cc865513f57f | Starting: Running task.
2020-04-10 07:35:15.661 15 INFO rally.task.engine [-] Running workload: position = 0 config = { "version": 2, "title": "A cropped version of a bigger task.", "description": "Auto-generated task from a single workload (uuid=26eaa786-2b95-4eb3-a748-67ef34e835a0)", "subtasks": [ { "title": "NeutronNetworks.create_and_list_networks", "description": "Check performance of list_networks action and ensure > network quotas are not exceeded", "scenario": { "NeutronNetworks.create_and_list_networks": {} }, "contexts": { "users": { "tenants": 1, "users_per_tenant": 1 }, "quotas": { "neutron": { "network": 119 } } }, "runner": { "constant": { "times": 100, "concurrency": 20 } }, "hooks": [], "sla": { "max_avg_duration_per_atomic": { "neutron.list_networks": 15 }, "failure_rate": { "max": 0 } } } ] }
2020-04-10 07:35:15.682 15 RALLYDEBUG rally_openstack.contexts.keystone.users [-] Creating 1 tenants using 20 threads
2020-04-10 07:35:16.182 15 RALLYDEBUG rally_openstack.contexts.keystone.users [-] Creating 1 users using 20 threads
2020-04-10 07:35:16.712 15 INFO rally.task.context [-] Task de124b79-731d-422e-b910-cc865513f57f | Context users@openstack setup() finished in 1.03 sec
2020-04-10 07:35:17.060 15 INFO rally.task.context [-] Task de124b79-731d-422e-b910-cc865513f57f | Context quotas@openstack setup() finished in 0.35 sec
2020-04-10 07:35:17.060 15 INFO rally.task.context [-] Task de124b79-731d-422e-b910-cc865513f57f | Context cleanup@openstack setup() finished in 0.01 msec
2020-04-10 07:35:17.068 15 RALLYDEBUG rally.task.runner [-] Starting the constant runner (task UUID: de124b79-731d-422e-b910-cc865513f57f). timeout: 0 concurrency: 20 concurrency_per_worker: 1 times: 100 concurrency_overhead: 0 processes_to_start: 20 max_cpu_used: 88
2020-04-10 07:35:17.080 139 RALLYDEBUG rally.task.runner [-] Starting a worker. concurrency: 1 args: {} times: 100 method_name: run timeout: 0 duration: None cls:
2020-04-10 07:35:17.084 140 RALLYDEBUG rally.task.runner [-] Starting a worker. concurrency: 1 args: {} times: 100 method_name: run timeout: 0 duration: None cls:
2020-04-10 07:35:17.085 141 RALLYDEBUG rally.task.runner [-] Starting a worker. concurrency: 1 args: {} times: 100 method_name: run timeout: 0 duration: None cls:
2020-04-10 07:35:17.086 139 INFO rally.task.runner [-] Task de124b79-731d-422e-b910-cc865513f57f | ITER: 1 START
2020-04-10 07:35:17.088 142 RALLYDEBUG rally.task.runner [-] Starting a worker. concurrency: 1 args: {} times: 100 method_name: run timeout: 0 duration: None cls:
2020-04-10 07:35:17.090 140 INFO rally.task.runner [-] Task de124b79-731d-422e-b910-cc865513f57f | ITER: 2 START
2020-04-10 07:35:17.091 141 INFO rally.task.runner [-] Task de124b79-731d-422e-b910-cc865513f57f | ITER: 3 START
2020-04-10 07:35:17.091 145 RALLYDEBUG rally.task.runner [-] Starting a worker. concurrency: 1 args: {} times: 100 method_name: run timeout: 0 duration: None cls:
2020-04-10 07:35:17.097 145 INFO rally.task.runner [-] Task de124b79-731d-422e-b910-cc865513f57f | ITER: 5 START
2020-04-10 07:35:17.097 150 RALLYDEBUG rally.task.runner [-] Starting a worker. concurrency: 1 args: {} times: 100 method_name: run timeout: 0 duration: None cls:
2020-04-10 07:35:17.100 142 INFO rally.task.runner [-] Task de124b79-731d-422e-b910-cc865513f57f | ITER: 4 START
2020-04-10 07:35:17.100 152 RALLYDEBUG rally.task.runner [-] Starting a worker. concurrency: 1 args: {} times: 100 method_name: run timeout: 0 duration: None cls:
2020-04-10 07:35:17.103 150 INFO rally.task.runner [-] Task de124b79-731d-422e-b910-cc865513f57f | ITER: 6 START
2020-04-10 07:35:17.106 152 INFO rally.task.runner [-] Task de124b79-731d-422e-b910-cc865513f57f | ITER: 7 START
2020-04-10 07:35:17.107 157 RALLYDEBUG rally.task.runner [-] Starting a worker. concurrency: 1 args: {} times: 100 method_name: run timeout: 0 duration: None cls:
2020-04-10 07:35:17.110 161 RALLYDEBUG rally.task.runner [-] Starting a worker. concurrency: 1 args: {} times: 100 method_name: run timeout: 0 duration: None cls:
2020-04-10 07:35:17.111 155 RALLYDEBUG rally.task.runner [-] Starting a worker. concurrency: 1 args: {} times: 100 method_name: run timeout: 0 duration: None cls:
2020-04-10 07:35:17.115 161 INFO rally.task.runner [-] Task de124b79-731d-422e-b910-cc865513f57f | ITER: 9 START
2020-04-10 07:35:17.115 163 RALLYDEBUG rally.task.runner [-] Starting a worker. concurrency: 1 args: {} times: 100 method_name: run timeout: 0 duration: None cls:
2020-04-10 07:35:17.117 164 RALLYDEBUG rally.task.runner [-] Starting a worker. concurrency: 1 args: {} times: 100 method_name: run timeout: 0 duration: None cls:
2020-04-10 07:35:17.118 155 INFO rally.task.runner [-] Task de124b79-731d-422e-b910-cc865513f57f | ITER: 10 START
2020-04-10 07:35:17.120 163 INFO rally.task.runner [-] Task de124b79-731d-422e-b910-cc865513f57f | ITER: 11 START
2020-04-10 07:35:17.121 157 INFO rally.task.runner [-] Task de124b79-731d-422e-b910-cc865513f57f | ITER: 8 START
2020-04-10 07:35:17.123 171 RALLYDEBUG rally.task.runner [-] Starting a worker. concurrency: 1 args: {} times: 100 method_name: run timeout: 0 duration: None cls:
2020-04-10 07:35:17.124 168 RALLYDEBUG rally.task.runner [-] Starting a worker. concurrency: 1 args: {} times: 100 method_name: run timeout: 0 duration: None cls:
2020-04-10 07:35:17.130 168 INFO rally.task.runner [-] Task de124b79-731d-422e-b910-cc865513f57f | ITER: 14 START
2020-04-10 07:35:17.129 177 RALLYDEBUG rally.task.runner [-] Starting a worker. concurrency: 1 args: {} times: 100 method_name: run timeout: 0 duration: None cls:
2020-04-10 07:35:17.131 164 INFO rally.task.runner [-] Task de124b79-731d-422e-b910-cc865513f57f | ITER: 12 START
2020-04-10 07:35:17.133 178 RALLYDEBUG rally.task.runner [-] Starting a worker. concurrency: 1 args: {} times: 100 method_name: run timeout: 0 duration: None cls:
2020-04-10 07:35:17.133 175 RALLYDEBUG rally.task.runner [-] Starting a worker. concurrency: 1 args: {} times: 100 method_name: run timeout: 0 duration: None cls:
2020-04-10 07:35:17.135 171 INFO rally.task.runner [-] Task de124b79-731d-422e-b910-cc865513f57f | ITER: 13 START
2020-04-10 07:35:17.135 177 INFO rally.task.runner [-] Task de124b79-731d-422e-b910-cc865513f57f | ITER: 15 START
2020-04-10 07:35:17.136 183 RALLYDEBUG rally.task.runner [-] Starting a worker. concurrency: 1 args: {} times: 100 method_name: run timeout: 0 duration: None cls:
2020-04-10 07:35:17.139 175 INFO rally.task.runner [-] Task de124b79-731d-422e-b910-cc865513f57f | ITER: 17 START
2020-04-10 07:35:17.139 185 RALLYDEBUG rally.task.runner [-] Starting a worker. concurrency: 1 args: {} times: 100 method_name: run timeout: 0 duration: None cls:
2020-04-10 07:35:17.141 183 INFO rally.task.runner [-] Task de124b79-731d-422e-b910-cc865513f57f | ITER: 18 START
2020-04-10 07:35:17.144 178 INFO rally.task.runner [-] Task de124b79-731d-422e-b910-cc865513f57f | ITER: 16 START
2020-04-10 07:35:17.149 188 RALLYDEBUG rally.task.runner [-] Starting a worker. concurrency: 1 args: {} times: 100 method_name: run timeout: 0 duration: None cls:
2020-04-10 07:35:17.150 185 INFO rally.task.runner [-] Task de124b79-731d-422e-b910-cc865513f57f | ITER: 19 START
2020-04-10 07:35:17.154 188 INFO rally.task.runner [-] Task de124b79-731d-422e-b910-cc865513f57f | ITER: 20 START
2020-04-10 07:35:18.812 142 INFO rally.task.runner [-] Task de124b79-731d-422e-b910-cc865513f57f | ITER: 4 END: OK
2020-04-10 07:35:18.818 142 INFO rally.task.runner [-] Task de124b79-731d-422e-b910-cc865513f57f | ITER: 21 START
2020-04-10 07:35:19.986 140 INFO rally.task.runner [-] Task de124b79-731d-422e-b910-cc865513f57f | ITER: 2 END: OK
2020-04-10 07:35:19.990 140 INFO rally.task.runner [-] Task de124b79-731d-422e-b910-cc865513f57f | ITER: 22 START
2020-04-10 07:35:20.423 150 INFO rally.task.runner [-] Task de124b79-731d-422e-b910-cc865513f57f | ITER: 6 END: OK
2020-04-10 07:35:20.428 150 INFO rally.task.runner [-] Task de124b79-731d-422e-b910-cc865513f57f | ITER: 23 START
2020-04-10 07:35:21.419 157 INFO rally.task.runner [-] Task de124b79-731d-422e-b910-cc865513f57f | ITER: 8 END: OK
2020-04-10 07:35:21.424 157 INFO rally.task.runner [-] Task de124b79-731d-422e-b910-cc865513f57f | ITER: 24 START
2020-04-10 07:35:21.502 178 INFO rally.task.runner [-] Task de124b79-731d-422e-b910-cc865513f57f | ITER: 16 END: OK
2020-04-10 07:35:21.507 178 INFO rally.task.runner [-] Task de124b79-731d-422e-b910-cc865513f57f | ITER: 25 START
2020-04-10 07:35:21.941 175 INFO rally.task.runner [-] Task de124b79-731d-422e-b910-cc865513f57f | ITER: 17 END: OK
2020-04-10 07:35:21.942 164 INFO rally.task.runner [-] Task de124b79-731d-422e-b910-cc865513f57f | ITER: 12 END: OK
2020-04-10 07:35:21.943 139 INFO rally.task.runner [-] Task de124b79-731d-422e-b910-cc865513f57f | ITER: 1 END: OK
2020-04-10 07:35:21.945 175 INFO rally.task.runner [-] Task de124b79-731d-422e-b910-cc865513f57f | ITER: 26 START
2020-04-10 07:35:21.947 164 INFO rally.task.runner [-] Task de124b79-731d-422e-b910-cc865513f57f | ITER: 27 START
2020-04-10 07:35:21.948 139 INFO rally.task.runner [-] Task de124b79-731d-422e-b910-cc865513f57f | ITER: 28 START
2020-04-10 07:35:21.949 171 INFO rally.task.runner [-] Task de124b79-731d-422e-b910-cc865513f57f | ITER: 13 END: OK
2020-04-10 07:35:21.954 171 INFO rally.task.runner [-] Task de124b79-731d-422e-b910-cc865513f57f | ITER: 29 START
2020-04-10 07:35:21.965 155 INFO rally.task.runner [-] Task de124b79-731d-422e-b910-cc865513f57f | ITER: 10 END: OK
2020-04-10 07:35:21.969 155 INFO rally.task.runner [-] Task de124b79-731d-422e-b910-cc865513f57f | ITER: 30 START
2020-04-10 07:35:21.971 185 INFO rally.task.runner [-] Task de124b79-731d-422e-b910-cc865513f57f | ITER: 19 END: OK
2020-04-10 07:35:21.975 185 INFO rally.task.runner [-] Task de124b79-731d-422e-b910-cc865513f57f | ITER: 31 START
2020-04-10 07:35:22.026 168 INFO rally.task.runner [-] Task de124b79-731d-422e-b910-cc865513f57f | ITER: 14 END: OK
2020-04-10 07:35:22.030 168 INFO rally.task.runner [-] Task de124b79-731d-422e-b910-cc865513f57f | ITER: 32 START
2020-04-10 07:35:22.059 188 INFO rally.task.runner [-] Task de124b79-731d-422e-b910-cc865513f57f | ITER: 20 END: OK
2020-04-10 07:35:22.063 188 INFO rally.task.runner [-] Task de124b79-731d-422e-b910-cc865513f57f | ITER: 33 START
2020-04-10 07:35:22.067 141 INFO rally.task.runner [-] Task de124b79-731d-422e-b910-cc865513f57f | ITER: 3 END: OK
2020-04-10 07:35:22.070 161 INFO rally.task.runner [-] Task de124b79-731d-422e-b910-cc865513f57f | ITER: 9 END: OK
2020-04-10 07:35:22.072 141 INFO rally.task.runner [-] Task de124b79-731d-422e-b910-cc865513f57f | ITER: 34 START
2020-04-10 07:35:22.074 161 INFO rally.task.runner [-] Task de124b79-731d-422e-b910-cc865513f57f | ITER: 35 START
2020-04-10 07:35:22.144 177 INFO rally.task.runner [-] Task de124b79-731d-422e-b910-cc865513f57f | ITER: 15 END: OK
2020-04-10 07:35:22.149 177 INFO rally.task.runner [-] Task de124b79-731d-422e-b910-cc865513f57f | ITER: 36 START
2020-04-10 07:35:22.165 152 INFO rally.task.runner [-] Task de124b79-731d-422e-b910-cc865513f57f | ITER: 7 END: OK
2020-04-10 07:35:22.169 152 INFO rally.task.runner [-] Task de124b79-731d-422e-b910-cc865513f57f | ITER: 37 START
2020-04-10 07:35:22.178 145 INFO rally.task.runner [-] Task de124b79-731d-422e-b910-cc865513f57f | ITER: 5 END: OK
2020-04-10 07:35:22.183 145 INFO rally.task.runner [-] Task de124b79-731d-422e-b910-cc865513f57f | ITER: 38 START
2020-04-10 07:35:22.319 142 INFO rally.task.runner [-] Task de124b79-731d-422e-b910-cc865513f57f | ITER: 21 END: OK
2020-04-10 07:35:22.322 142 INFO rally.task.runner [-] Task de124b79-731d-422e-b910-cc865513f57f | ITER: 39 START
2020-04-10 07:35:22.471 150 INFO rally.task.runner [-] Task de124b79-731d-422e-b910-cc865513f57f | ITER: 23 END: OK
2020-04-10 07:35:22.474 150 INFO rally.task.runner [-] Task de124b79-731d-422e-b910-cc865513f57f | ITER: 40 START
2020-04-10 07:35:22.549 183 INFO rally.task.runner [-] Task de124b79-731d-422e-b910-cc865513f57f | ITER: 18 END: OK
2020-04-10 07:35:22.551 163 INFO rally.task.runner [-] Task de124b79-731d-422e-b910-cc865513f57f | ITER: 11 END: OK
2020-04-10 07:35:22.554 183 INFO rally.task.runner [-] Task de124b79-731d-422e-b910-cc865513f57f | ITER: 41 START
2020-04-10 07:35:22.555 163 INFO rally.task.runner [-] Task de124b79-731d-422e-b910-cc865513f57f | ITER: 42 START
2020-04-10 07:35:24.573 140 INFO rally.task.runner [-] Task de124b79-731d-422e-b910-cc865513f57f | ITER: 22 END: OK
2020-04-10 07:35:24.577 140 INFO rally.task.runner [-] Task de124b79-731d-422e-b910-cc865513f57f | ITER: 43 START
2020-04-10 07:35:25.260 178 INFO rally.task.runner [-] Task de124b79-731d-422e-b910-cc865513f57f | ITER: 25 END: OK
2020-04-10 07:35:25.263 178 INFO rally.task.runner [-] Task de124b79-731d-422e-b910-cc865513f57f | ITER: 44 START
2020-04-10 07:35:25.331 157 INFO rally.task.runner [-] Task de124b79-731d-422e-b910-cc865513f57f | ITER: 24 END: OK
2020-04-10 07:35:25.334 157 INFO rally.task.runner [-] Task de124b79-731d-422e-b910-cc865513f57f | ITER: 45 START
2020-04-10 07:35:25.946 150 INFO rally.task.runner [-] Task de124b79-731d-422e-b910-cc865513f57f | ITER: 40 END: OK
2020-04-10 07:35:25.950 150 INFO rally.task.runner [-] Task de124b79-731d-422e-b910-cc865513f57f | ITER: 46 START
2020-04-10 07:35:25.966 185 INFO rally.task.runner [-] Task de124b79-731d-422e-b910-cc865513f57f | ITER: 31 END: OK
2020-04-10 07:35:25.970 185 INFO rally.task.runner [-] Task de124b79-731d-422e-b910-cc865513f57f | ITER: 47 START
2020-04-10 07:35:25.979 141 INFO rally.task.runner [-] Task de124b79-731d-422e-b910-cc865513f57f | ITER: 34 END: OK
2020-04-10 07:35:25.983 141 INFO rally.task.runner [-] Task de124b79-731d-422e-b910-cc865513f57f | ITER: 48 START
2020-04-10 07:35:26.136 171 INFO rally.task.runner [-] Task de124b79-731d-422e-b910-cc865513f57f | ITER: 29 END: OK
2020-04-10 07:35:26.138 145 INFO rally.task.runner [-] Task de124b79-731d-422e-b910-cc865513f57f | ITER: 38 END: OK
2020-04-10 07:35:26.140 171 INFO rally.task.runner [-] Task de124b79-731d-422e-b910-cc865513f57f | ITER: 49 START
2020-04-10 07:35:26.141 145 INFO rally.task.runner [-] Task de124b79-731d-422e-b910-cc865513f57f | ITER: 50 START
2020-04-10 07:35:26.150 183 INFO rally.task.runner [-] Task de124b79-731d-422e-b910-cc865513f57f | ITER: 41 END: OK
2020-04-10 07:35:26.152 177 INFO rally.task.runner [-] Task de124b79-731d-422e-b910-cc865513f57f | ITER: 36 END: OK
2020-04-10 07:35:26.154 168 INFO rally.task.runner [-] Task de124b79-731d-422e-b910-cc865513f57f | ITER: 32 END: OK
2020-04-10 07:35:26.154 183 INFO rally.task.runner [-] Task de124b79-731d-422e-b910-cc865513f57f | ITER: 51 START
2020-04-10 07:35:26.156 177 INFO rally.task.runner [-] Task de124b79-731d-422e-b910-cc865513f57f | ITER: 52 START
2020-04-10 07:35:26.159 168 INFO rally.task.runner [-] Task de124b79-731d-422e-b910-cc865513f57f | ITER: 53 START
2020-04-10 07:35:26.167 155 INFO rally.task.runner [-] Task de124b79-731d-422e-b910-cc865513f57f | ITER: 30 END: OK
2020-04-10 07:35:26.167 161 INFO rally.task.runner [-] Task de124b79-731d-422e-b910-cc865513f57f | ITER: 35 END: OK
2020-04-10 07:35:26.171 155 INFO rally.task.runner [-] Task de124b79-731d-422e-b910-cc865513f57f | ITER: 54 START
2020-04-10 07:35:26.171 161 INFO rally.task.runner [-] Task de124b79-731d-422e-b910-cc865513f57f | ITER: 55 START
2020-04-10 07:35:26.179 139 INFO rally.task.runner [-] Task de124b79-731d-422e-b910-cc865513f57f | ITER: 28 END: OK
2020-04-10 07:35:26.183 139 INFO rally.task.runner [-] Task de124b79-731d-422e-b910-cc865513f57f | ITER: 56 START
2020-04-10 07:35:26.292 164 INFO rally.task.runner [-] Task de124b79-731d-422e-b910-cc865513f57f | ITER: 27 END: OK
2020-04-10 07:35:26.295 164 INFO rally.task.runner [-] Task de124b79-731d-422e-b910-cc865513f57f | ITER: 57 START
2020-04-10 07:35:26.300 178 INFO rally.task.runner [-] Task de124b79-731d-422e-b910-cc865513f57f | ITER: 44 END: OK
2020-04-10 07:35:26.303 178 INFO rally.task.runner [-] Task de124b79-731d-422e-b910-cc865513f57f | ITER: 58 START
2020-04-10 07:35:26.350 140 INFO rally.task.runner [-] Task de124b79-731d-422e-b910-cc865513f57f | ITER: 43 END: OK
2020-04-10 07:35:26.353 140 INFO rally.task.runner [-] Task de124b79-731d-422e-b910-cc865513f57f | ITER: 59 START
2020-04-10 07:35:26.454 163 INFO rally.task.runner [-] Task de124b79-731d-422e-b910-cc865513f57f | ITER: 42 END: OK
2020-04-10 07:35:26.454 188 INFO rally.task.runner [-] Task de124b79-731d-422e-b910-cc865513f57f | ITER: 33 END: OK
2020-04-10 07:35:26.458 163 INFO rally.task.runner [-] Task de124b79-731d-422e-b910-cc865513f57f | ITER: 60 START
2020-04-10 07:35:26.458 188 INFO rally.task.runner [-] Task de124b79-731d-422e-b910-cc865513f57f | ITER: 61 START
2020-04-10 07:35:26.474 175 INFO rally.task.runner [-] Task de124b79-731d-422e-b910-cc865513f57f | ITER: 26 END: OK
2020-04-10 07:35:26.478 175 INFO rally.task.runner [-] Task de124b79-731d-422e-b910-cc865513f57f | ITER: 62 START
2020-04-10 07:35:26.611 152 INFO rally.task.runner [-] Task de124b79-731d-422e-b910-cc865513f57f | ITER: 37 END: OK
2020-04-10 07:35:26.615 152 INFO rally.task.runner [-] Task de124b79-731d-422e-b910-cc865513f57f | ITER: 63 START
2020-04-10 07:35:26.716 142 INFO rally.task.runner [-] Task de124b79-731d-422e-b910-cc865513f57f | ITER: 39 END: OK
2020-04-10 07:35:26.720 142 INFO rally.task.runner [-] Task de124b79-731d-422e-b910-cc865513f57f | ITER: 64 START
2020-04-10 07:35:27.351 157 INFO rally.task.runner [-] Task de124b79-731d-422e-b910-cc865513f57f | ITER: 45 END: OK
2020-04-10 07:35:27.355 157 INFO rally.task.runner [-] Task de124b79-731d-422e-b910-cc865513f57f | ITER: 65 START
2020-04-10 07:35:32.196 183 INFO rally.task.runner [-] Task de124b79-731d-422e-b910-cc865513f57f | ITER: 51 END: OK
2020-04-10 07:35:32.199 183 INFO rally.task.runner [-] Task de124b79-731d-422e-b910-cc865513f57f | ITER: 66 START
2020-04-10 07:35:32.225 141 INFO rally.task.runner [-] Task de124b79-731d-422e-b910-cc865513f57f | ITER: 48 END: OK
2020-04-10 07:35:32.229 141 INFO rally.task.runner [-] Task de124b79-731d-422e-b910-cc865513f57f | ITER: 67 START
2020-04-10 07:35:32.296 177 INFO rally.task.runner [-] Task de124b79-731d-422e-b910-cc865513f57f | ITER: 52 END: OK
2020-04-10 07:35:32.299 177 INFO rally.task.runner [-] Task de124b79-731d-422e-b910-cc865513f57f | ITER: 68 START
2020-04-10 07:35:32.355 178 INFO rally.task.runner [-] Task de124b79-731d-422e-b910-cc865513f57f | ITER: 58 END: OK
2020-04-10 07:35:32.358 178 INFO rally.task.runner [-] Task de124b79-731d-422e-b910-cc865513f57f | ITER: 69 START
2020-04-10 07:35:32.485 140 INFO rally.task.runner [-] Task de124b79-731d-422e-b910-cc865513f57f | ITER: 59 END: OK
2020-04-10 07:35:32.488 140 INFO rally.task.runner [-] Task de124b79-731d-422e-b910-cc865513f57f | ITER: 70 START
2020-04-10 07:35:33.309 155 INFO rally.task.runner [-] Task de124b79-731d-422e-b910-cc865513f57f | ITER: 54 END: OK
2020-04-10 07:35:33.309 185 INFO rally.task.runner [-] Task de124b79-731d-422e-b910-cc865513f57f | ITER: 47 END: OK
2020-04-10 07:35:33.313 155 INFO rally.task.runner [-] Task de124b79-731d-422e-b910-cc865513f57f | ITER: 71 START
2020-04-10 07:35:33.313 185 INFO rally.task.runner [-] Task de124b79-731d-422e-b910-cc865513f57f | ITER: 72 START
2020-04-10 07:35:33.314 163 INFO rally.task.runner [-] Task de124b79-731d-422e-b910-cc865513f57f | ITER: 60 END: OK
2020-04-10 07:35:33.314 168 INFO rally.task.runner [-] Task de124b79-731d-422e-b910-cc865513f57f | ITER: 53 END: OK
2020-04-10 07:35:33.315 145 INFO rally.task.runner [-] Task de124b79-731d-422e-b910-cc865513f57f | ITER: 50 END: OK
2020-04-10 07:35:33.316 164 INFO rally.task.runner [-] Task de124b79-731d-422e-b910-cc865513f57f | ITER: 57 END: OK
2020-04-10 07:35:33.318 163 INFO rally.task.runner [-] Task de124b79-731d-422e-b910-cc865513f57f | ITER: 73 START
2020-04-10 07:35:33.318 168 INFO rally.task.runner [-] Task de124b79-731d-422e-b910-cc865513f57f | ITER: 74 START
2020-04-10 07:35:33.319 145 INFO rally.task.runner [-] Task de124b79-731d-422e-b910-cc865513f57f | ITER: 75 START
2020-04-10 07:35:33.319 164 INFO rally.task.runner [-] Task de124b79-731d-422e-b910-cc865513f57f | ITER: 76 START
2020-04-10 07:35:33.320 175 INFO rally.task.runner [-] Task de124b79-731d-422e-b910-cc865513f57f | ITER: 62 END: OK
2020-04-10 07:35:33.323 175 INFO rally.task.runner [-] Task de124b79-731d-422e-b910-cc865513f57f | ITER: 77 START
2020-04-10 07:35:33.602 152 INFO rally.task.runner [-] Task de124b79-731d-422e-b910-cc865513f57f | ITER: 63 END: OK
2020-04-10 07:35:33.604 142 INFO rally.task.runner [-] Task de124b79-731d-422e-b910-cc865513f57f | ITER: 64 END: OK
2020-04-10 07:35:33.606 152 INFO rally.task.runner [-] Task de124b79-731d-422e-b910-cc865513f57f | ITER: 78 START
2020-04-10 07:35:33.608 161 INFO rally.task.runner [-] Task de124b79-731d-422e-b910-cc865513f57f | ITER: 55 END: OK
2020-04-10 07:35:33.608 142 INFO rally.task.runner [-] Task de124b79-731d-422e-b910-cc865513f57f | ITER: 79 START
2020-04-10 07:35:33.609 171 INFO rally.task.runner [-] Task de124b79-731d-422e-b910-cc865513f57f | ITER: 49 END: OK
2020-04-10 07:35:33.612 161 INFO rally.task.runner [-] Task de124b79-731d-422e-b910-cc865513f57f | ITER: 80 START
2020-04-10 07:35:33.614 188 INFO rally.task.runner [-] Task de124b79-731d-422e-b910-cc865513f57f | ITER: 61 END: OK
2020-04-10 07:35:33.615 171 INFO rally.task.runner [-] Task de124b79-731d-422e-b910-cc865513f57f | ITER: 81 START
2020-04-10 07:35:33.618 188 INFO rally.task.runner [-] Task de124b79-731d-422e-b910-cc865513f57f | ITER: 82 START
2020-04-10 07:35:33.630 139 INFO rally.task.runner [-] Task de124b79-731d-422e-b910-cc865513f57f | ITER: 56 END: OK
2020-04-10 07:35:33.634 139 INFO rally.task.runner [-] Task de124b79-731d-422e-b910-cc865513f57f | ITER: 83 START
2020-04-10 07:35:33.646 150 INFO rally.task.runner [-] Task de124b79-731d-422e-b910-cc865513f57f | ITER: 46 END: OK
2020-04-10 07:35:33.650 150 INFO rally.task.runner [-] Task de124b79-731d-422e-b910-cc865513f57f | ITER: 84 START
2020-04-10 07:35:33.667 157 INFO rally.task.runner [-] Task de124b79-731d-422e-b910-cc865513f57f | ITER: 65 END: OK
2020-04-10 07:35:33.671 157 INFO rally.task.runner [-] Task de124b79-731d-422e-b910-cc865513f57f | ITER: 85 START
2020-04-10 07:35:34.112 183 INFO rally.task.runner [-] Task de124b79-731d-422e-b910-cc865513f57f | ITER: 66 END: OK
2020-04-10 07:35:34.116 183 INFO rally.task.runner [-] Task de124b79-731d-422e-b910-cc865513f57f | ITER: 86 START
2020-04-10 07:35:34.633 177 INFO rally.task.runner [-] Task de124b79-731d-422e-b910-cc865513f57f | ITER: 68 END: OK
2020-04-10 07:35:34.636 177 INFO rally.task.runner [-] Task de124b79-731d-422e-b910-cc865513f57f | ITER: 87 START
2020-04-10 07:35:36.569 178 INFO rally.task.runner [-] Task de124b79-731d-422e-b910-cc865513f57f | ITER: 69 END: OK
2020-04-10 07:35:36.573 178 INFO rally.task.runner [-] Task de124b79-731d-422e-b910-cc865513f57f | ITER: 88 START
2020-04-10 07:35:36.627 141 INFO rally.task.runner [-] Task de124b79-731d-422e-b910-cc865513f57f | ITER: 67 END: OK
2020-04-10 07:35:36.631 141 INFO rally.task.runner [-] Task de124b79-731d-422e-b910-cc865513f57f | ITER: 89 START
2020-04-10 07:35:37.061 140 INFO rally.task.runner [-] Task de124b79-731d-422e-b910-cc865513f57f | ITER: 70 END: OK
2020-04-10 07:35:37.065 140 INFO rally.task.runner [-] Task de124b79-731d-422e-b910-cc865513f57f | ITER: 90 START
2020-04-10 07:35:37.408 164 INFO rally.task.runner [-] Task de124b79-731d-422e-b910-cc865513f57f | ITER: 76 END: OK
2020-04-10 07:35:37.412 164 INFO rally.task.runner [-] Task de124b79-731d-422e-b910-cc865513f57f | ITER: 91 START
2020-04-10 07:35:37.469 145 INFO rally.task.runner [-] Task de124b79-731d-422e-b910-cc865513f57f | ITER: 75 END: OK
2020-04-10 07:35:37.472 145 INFO rally.task.runner [-] Task de124b79-731d-422e-b910-cc865513f57f | ITER: 92 START
2020-04-10 07:35:37.826 150 INFO rally.task.runner [-] Task de124b79-731d-422e-b910-cc865513f57f | ITER: 84 END: OK
2020-04-10 07:35:37.830 150 INFO rally.task.runner [-] Task de124b79-731d-422e-b910-cc865513f57f | ITER: 93 START
2020-04-10 07:35:37.873 161 INFO rally.task.runner [-] Task de124b79-731d-422e-b910-cc865513f57f | ITER: 80 END: OK
2020-04-10 07:35:37.876 161 INFO rally.task.runner [-] Task de124b79-731d-422e-b910-cc865513f57f | ITER: 94 START
2020-04-10 07:35:38.139 185 INFO rally.task.runner [-] Task de124b79-731d-422e-b910-cc865513f57f | ITER: 72 END: OK
2020-04-10 07:35:38.143 185 INFO rally.task.runner [-] Task de124b79-731d-422e-b910-cc865513f57f | ITER: 95 START
2020-04-10 07:35:38.539 175 INFO rally.task.runner [-] Task de124b79-731d-422e-b910-cc865513f57f | ITER: 77 END: OK
2020-04-10 07:35:38.543 175 INFO rally.task.runner [-] Task de124b79-731d-422e-b910-cc865513f57f | ITER: 96 START
2020-04-10 07:35:38.837 163 INFO rally.task.runner [-] Task de124b79-731d-422e-b910-cc865513f57f | ITER: 73 END: OK
2020-04-10 07:35:38.840 163 INFO rally.task.runner [-] Task de124b79-731d-422e-b910-cc865513f57f | ITER: 97 START
2020-04-10 07:35:38.849 142 INFO rally.task.runner [-] Task de124b79-731d-422e-b910-cc865513f57f | ITER: 79 END: OK
2020-04-10 07:35:38.852 142 INFO rally.task.runner [-] Task de124b79-731d-422e-b910-cc865513f57f | ITER: 98 START
2020-04-10 07:35:39.154 168 INFO rally.task.runner [-] Task de124b79-731d-422e-b910-cc865513f57f | ITER: 74 END: OK
2020-04-10 07:35:39.156 171 INFO rally.task.runner [-] Task de124b79-731d-422e-b910-cc865513f57f | ITER: 81 END: OK
2020-04-10 07:35:39.158 168 INFO rally.task.runner [-] Task de124b79-731d-422e-b910-cc865513f57f | ITER: 99 START
2020-04-10 07:35:39.160 171 INFO rally.task.runner [-] Task de124b79-731d-422e-b910-cc865513f57f | ITER: 100 START
2020-04-10 07:35:41.001 155 INFO rally.task.runner [-] Task de124b79-731d-422e-b910-cc865513f57f | ITER: 71 END: OK
2020-04-10 07:35:41.237 139 INFO rally.task.runner [-] Task de124b79-731d-422e-b910-cc865513f57f | ITER: 83 END: OK
2020-04-10 07:35:41.365 177 INFO rally.task.runner [-] Task de124b79-731d-422e-b910-cc865513f57f | ITER: 87 END: OK
2020-04-10 07:35:41.597 183 INFO rally.task.runner [-] Task de124b79-731d-422e-b910-cc865513f57f | ITER: 86 END: OK
2020-04-10 07:35:41.682 178 INFO rally.task.runner [-] Task de124b79-731d-422e-b910-cc865513f57f | ITER: 88 END: OK
2020-04-10 07:35:42.976 152 INFO rally.task.runner [-] Task de124b79-731d-422e-b910-cc865513f57f | ITER: 78 END: OK
2020-04-10 07:35:43.250 141 INFO rally.task.runner [-] Task de124b79-731d-422e-b910-cc865513f57f | ITER: 89 END: OK
2020-04-10 07:35:43.277 157 INFO rally.task.runner [-] Task de124b79-731d-422e-b910-cc865513f57f | ITER: 85 END: OK
2020-04-10 07:35:43.529 140 INFO rally.task.runner [-] Task de124b79-731d-422e-b910-cc865513f57f | ITER: 90 END: OK
2020-04-10 07:35:43.718 188 INFO rally.task.runner [-] Task de124b79-731d-422e-b910-cc865513f57f | ITER: 82 END: OK
2020-04-10 07:35:43.726 175 INFO rally.task.runner [-] Task de124b79-731d-422e-b910-cc865513f57f | ITER: 96 END: OK
2020-04-10 07:35:43.726 164 INFO rally.task.runner [-] Task de124b79-731d-422e-b910-cc865513f57f | ITER: 91 END: OK
2020-04-10 07:35:43.806 145 INFO rally.task.runner [-] Task de124b79-731d-422e-b910-cc865513f57f | ITER: 92 END: OK
2020-04-10 07:35:43.816 150 INFO rally.task.runner [-] Task de124b79-731d-422e-b910-cc865513f57f | ITER: 93 END: OK
2020-04-10 07:35:43.829 171 INFO rally.task.runner [-] Task de124b79-731d-422e-b910-cc865513f57f | ITER: 100 END: OK
2020-04-10 07:35:43.954 163 INFO rally.task.runner [-] Task de124b79-731d-422e-b910-cc865513f57f | ITER: 97 END: OK
2020-04-10 07:35:44.098 142 INFO rally.task.runner [-] Task de124b79-731d-422e-b910-cc865513f57f | ITER: 98 END: OK
2020-04-10 07:35:44.179 161 INFO rally.task.runner [-] Task de124b79-731d-422e-b910-cc865513f57f | ITER: 94 END: OK
2020-04-10 07:35:44.194 185 INFO rally.task.runner [-] Task de124b79-731d-422e-b910-cc865513f57f | ITER: 95 END: OK
2020-04-10 07:35:44.555 168 INFO rally.task.runner [-] Task de124b79-731d-422e-b910-cc865513f57f | ITER: 99 END: OK
2020-04-10 07:35:44.579 15 INFO rally.task.context [-] Task de124b79-731d-422e-b910-cc865513f57f | Context cleanup@openstack cleanup() started
2020-04-10 07:35:44.582 15 RALLYDEBUG rally_openstack.cleanup.manager [-] Cleaning up neutron vip objects
2020-04-10 07:35:44.810 15 RALLYDEBUG rally_openstack.cleanup.manager [-] Cleaning up neutron health_monitor objects
2020-04-10 07:35:45.024 15 RALLYDEBUG rally_openstack.cleanup.manager [-] Cleaning up neutron pool objects
2020-04-10 07:35:45.245 15 RALLYDEBUG rally_openstack.cleanup.manager [-] Cleaning up neutron loadbalancer objects
2020-04-10 07:35:45.457 15 RALLYDEBUG rally_openstack.cleanup.manager [-] Cleaning up neutron floatingip objects
2020-04-10 07:35:45.690 15 RALLYDEBUG rally_openstack.cleanup.manager [-] Cleaning up neutron trunk objects
2020-04-10 07:35:45.895 15 DEBUG neutronclient.v2_0.client [-] Error message: {"NeutronError": {"message": "Invalid input for operation: 'tenant_id' is not supported for filtering.", "type": "InvalidInput", "detail": ""}} _handle_fault_response /usr/lib/python2.7/site-packages/neutronclient/v2_0/client.py:259
2020-04-10 07:35:45.923 15 DEBUG neutronclient.v2_0.client [-] Error message: {"NeutronError": {"message": "Invalid input for operation: 'tenant_id' is not supported for filtering.", "type": "InvalidInput", "detail": ""}} _handle_fault_response /usr/lib/python2.7/site-packages/neutronclient/v2_0/client.py:259
2020-04-10 07:35:45.957 15 DEBUG neutronclient.v2_0.client [-] Error message: {"NeutronError": {"message": "Invalid input for operation: 'tenant_id' is not supported for filtering.", "type": "InvalidInput", "detail": ""}} _handle_fault_response /usr/lib/python2.7/site-packages/neutronclient/v2_0/client.py:259
2020-04-10 07:35:45.957 15 ERROR rally_openstack.cleanup.manager [-] Seems like rally_openstack.cleanup.resources.NeutronTrunk.list(self) method is broken. It shouldn't raise any exceptions.: BadRequest: Invalid input for operation: 'tenant_id' is not supported for filtering. Neutron server returns request_ids: ['req-8de49a3c-69c3-4085-a0b8-e3c9aeaa674a']
2020-04-10 07:35:45.957 15 ERROR rally_openstack.cleanup.manager
Traceback (most recent call last):
2020-04-10 07:35:45.957 15 ERROR rally_openstack.cleanup.manager
File "/usr/lib/python2.7/site-packages/rally_openstack/cleanup/manager.py", line 133, in _publish
2020-04-10 07:35:45.957 15 ERROR rally_openstack.cleanup.manager for raw_resource in rutils.retry(3, manager.list):
2020-04-10 07:35:45.957 15 ERROR rally_openstack.cleanup.manager
File "/usr/lib/python2.7/site-packages/rally/common/utils.py", line 230, in retry
2020-04-10 07:35:45.957 15 ERROR rally_openstack.cleanup.manager return func(*args, **kwargs)
2020-04-10 07:35:45.957 15 ERROR rally_openstack.cleanup.manager
File "/usr/lib/python2.7/site-packages/rally_openstack/cleanup/resources.py", line 396, in list
2020-04-10 07:35:45.957 15 ERROR rally_openstack.cleanup.manager return super(NeutronTrunk, self).list()
2020-04-10 07:35:45.957 15 ERROR rally_openstack.cleanup.manager
File "/usr/lib/python2.7/site-packages/rally_openstack/cleanup/resources.py", line 273, in list
2020-04-10 07:35:45.957 15 ERROR rally_openstack.cleanup.manager result = list_method(tenant_id=self.tenant_uuid)[resources]
2020-04-10 07:35:45.957 15 ERROR rally_openstack.cleanup.manager
File "/usr/lib/python2.7/site-packages/neutronclient/v2_0/client.py", line 2105, in list_trunks
2020-04-10 07:35:45.957 15 ERROR rally_openstack.cleanup.manager **_params)
2020-04-10 07:35:45.957 15 ERROR rally_openstack.cleanup.manager
File "/usr/lib/python2.7/site-packages/neutronclient/v2_0/client.py", line 369, in list
2020-04-10 07:35:45.957 15 ERROR rally_openstack.cleanup.manager for r in self._pagination(collection, path, **params):
2020-04-10 07:35:45.957 15 ERROR rally_openstack.cleanup.manager
File "/usr/lib/python2.7/site-packages/neutronclient/v2_0/client.py", line 384, in _pagination
2020-04-10 07:35:45.957 15 ERROR rally_openstack.cleanup.manager res = self.get(path, params=params)
2020-04-10 07:35:45.957 15 ERROR rally_openstack.cleanup.manager
File "/usr/lib/python2.7/site-packages/neutronclient/v2_0/client.py", line 354, in get
2020-04-10 07:35:45.957 15 ERROR rally_openstack.cleanup.manager headers=headers, params=params)
2020-04-10 07:35:45.957 15 ERROR rally_openstack.cleanup.manager
File "/usr/lib/python2.7/site-packages/neutronclient/v2_0/client.py", line 331, in retry_request
2020-04-10 07:35:45.957 15 ERROR rally_openstack.cleanup.manager headers=headers, params=params)
2020-04-10 07:35:45.957 15 ERROR rally_openstack.cleanup.manager
File "/usr/lib/python2.7/site-packages/neutronclient/v2_0/client.py", line 294, in do_request
2020-04-10 07:35:45.957 15 ERROR rally_openstack.cleanup.manager self._handle_fault_response(status_code, replybody, resp)
2020-04-10 07:35:45.957 15 ERROR rally_openstack.cleanup.manager
File "/usr/lib/python2.7/site-packages/neutronclient/v2_0/client.py", line 269, in _handle_fault_response
2020-04-10 07:35:45.957 15 ERROR rally_openstack.cleanup.manager exception_handler_v20(status_code, error_body)
2020-04-10 07:35:45.957 15 ERROR rally_openstack.cleanup.manager
File "/usr/lib/python2.7/site-packages/neutronclient/v2_0/client.py", line 93, in exception_handler_v20
2020-04-10 07:35:45.957 15 ERROR rally_openstack.cleanup.manager request_ids=request_ids)
2020-04-10 07:35:45.957 15 ERROR rally_openstack.cleanup.manager BadRequest: Invalid input for operation: 'tenant_id' is not supported for filtering.
2020-04-10 07:35:45.957 15 ERROR rally_openstack.cleanup.manager Neutron server returns request_ids: ['req-8de49a3c-69c3-4085-a0b8-e3c9aeaa674a']
2020-04-10 07:35:45.957 15 ERROR rally_openstack.cleanup.manager
2020-04-10 07:35:45.971 15 RALLYDEBUG rally_openstack.cleanup.manager [-] Cleaning up neutron port objects
2020-04-10 07:35:46.219 15 RALLYDEBUG rally_openstack.cleanup.manager [-] Cleaning up neutron subnet objects
2020-04-10 07:35:46.493 15 RALLYDEBUG rally_openstack.cleanup.manager [-] Cleaning up neutron network objects
2020-04-10 07:35:47.123 15 RALLYDEBUG rally_openstack.cleanup.manager [-] Deleting neutron.network object s_rally_26eaa786_s7cz4ix9 (0811e8fc-d785-4385-aab6-3f10b9069f39)
2020-04-10 07:35:47.123 15 RALLYDEBUG rally_openstack.cleanup.manager [-] Deleting neutron.network object s_rally_26eaa786_tjTHatl3 (0acc98eb-3376-4807-aeb6-f390f5b95cb0)
2020-04-10 07:35:47.124 15 RALLYDEBUG rally_openstack.cleanup.manager [-] Deleting neutron.network object s_rally_26eaa786_r4y7mg1V (031e9820-6fd7-482d-9fe3-539c4dde44d7)
2020-04-10 07:35:47.129 15 RALLYDEBUG rally_openstack.cleanup.manager [-] Deleting neutron.network object s_rally_26eaa786_Dml1Zdny (10084fe4-31e2-4964-a182-0e7c13079382)
2020-04-10 07:35:47.145 15 RALLYDEBUG rally_openstack.cleanup.manager [-] Deleting neutron.network object s_rally_26eaa786_IYvv2eS8 (0eb73f38-0fc7-47d1-98ff-24cea5b1e20a)
2020-04-10 07:35:47.152 15 RALLYDEBUG rally_openstack.cleanup.manager [-] Deleting neutron.network object s_rally_26eaa786_UKu6dteR (1256bb9b-bac6-454e-9164-6188f459ed20)
2020-04-10 07:35:47.158 15 RALLYDEBUG rally_openstack.cleanup.manager [-] Deleting neutron.network object s_rally_26eaa786_KnaCqSs6 (11053a80-ed83-4664-8396-b4af1f342cf6)
2020-04-10 07:35:47.177 15 RALLYDEBUG rally_openstack.cleanup.manager [-] Deleting neutron.network object s_rally_26eaa786_Da1tt13t (16cb1890-0429-4253-8e6c-1db12dc82ecf)
2020-04-10 07:35:47.241 15 RALLYDEBUG rally_openstack.cleanup.manager [-] Deleting neutron.network object s_rally_26eaa786_tj2wnpNN (1d9acb74-043c-4b80-a296-43ff538d0107)
2020-04-10 07:35:47.242 15 RALLYDEBUG rally_openstack.cleanup.manager [-] Deleting neutron.network object s_rally_26eaa786_xh3jlxaV (17d8f3ed-10c2-46a3-9c9b-f95fe5a8e4cc)
2020-04-10 07:35:47.264 15 RALLYDEBUG rally_openstack.cleanup.manager [-] Deleting neutron.network object s_rally_26eaa786_5sa3m2vJ (197f33c2-7fb3-4bc7-8a4b-88e1baf93a6a)
2020-04-10 07:35:47.271 15 RALLYDEBUG rally_openstack.cleanup.manager [-] Deleting neutron.network object s_rally_26eaa786_WPr8E8UC (1a71a10a-8fcb-43d3-abe7-7a82a4790465)
2020-04-10 07:35:47.270 15 RALLYDEBUG rally_openstack.cleanup.manager [-] Deleting neutron.network object s_rally_26eaa786_6c0I8R76 (2bd66bbe-5252-45e5-854f-9e927cb42e51)
2020-04-10 07:35:47.286 15 RALLYDEBUG rally_openstack.cleanup.manager [-] Deleting neutron.network object s_rally_26eaa786_OcmYqUr8 (1f97e5c9-afd9-48a9-b309-373dc28ff92a)
2020-04-10 07:35:47.283 15 RALLYDEBUG rally_openstack.cleanup.manager [-] Deleting neutron.network object s_rally_26eaa786_eYTBsyka (3a29d611-7a23-46b4-abf6-269b0696c72d)
2020-04-10 07:35:47.344 15 RALLYDEBUG rally_openstack.cleanup.manager [-] Deleting neutron.network object s_rally_26eaa786_V4FxaS6f (3d537e27-fa60-47f8-92a3-dd44864b0257)
2020-04-10 07:35:47.344 15 RALLYDEBUG rally_openstack.cleanup.manager [-] Deleting neutron.network object s_rally_26eaa786_OcHWrDqu (350aea30-a8bb-47d7-8ef1-a3562c5c5152)
2020-04-10 07:35:47.329 15 RALLYDEBUG rally_openstack.cleanup.manager [-] Deleting neutron.network object s_rally_26eaa786_G1nTLmfs (36c6c400-f94a-4acd-917b-d715652eb947)
2020-04-10 07:35:47.354 15 RALLYDEBUG rally_openstack.cleanup.manager [-] Deleting neutron.network object s_rally_26eaa786_AnMRH6HB (3ba559e8-c412-4039-9aac-bfe092d29e73)
2020-04-10 07:35:47.369 15 RALLYDEBUG rally_openstack.cleanup.manager [-] Deleting neutron.network object s_rally_26eaa786_3ALyhxyj (412af282-285d-4590-b777-0d9eff2a3426)
2020-04-10 07:35:49.288 15 RALLYDEBUG rally_openstack.cleanup.manager [-] Deleting neutron.network object s_rally_26eaa786_WoOjrDFn (4273fc80-90c0-425d-ab75-e67dd3eec91a)
2020-04-10 07:35:49.472 15 RALLYDEBUG rally_openstack.cleanup.manager [-] Deleting neutron.network object s_rally_26eaa786_cC9QdsiI (44e38d1b-df87-437a-8046-b62a768de824)
2020-04-10 07:35:49.537 15 RALLYDEBUG rally_openstack.cleanup.manager [-] Deleting neutron.network object s_rally_26eaa786_FPwro3JL (496757b5-fa6a-4167-9579-816718e20261)
2020-04-10 07:35:49.682 15 RALLYDEBUG rally_openstack.cleanup.manager [-] Deleting neutron.network object s_rally_26eaa786_seDVUKQp (4ae3512e-4998-49fc-a22d-078f9b00859d)
2020-04-10 07:35:49.815 15 RALLYDEBUG rally_openstack.cleanup.manager [-] Deleting neutron.network object s_rally_26eaa786_dSeuXpaY (4b02f360-d6ce-49e6-a45c-1233b7ddb5f5)
2020-04-10 07:35:49.841 15 RALLYDEBUG rally_openstack.cleanup.manager [-] Deleting neutron.network object s_rally_26eaa786_868bRuTD (4f190cfb-0724-4350-888e-621d8d6bee63)
2020-04-10 07:35:49.977 15 RALLYDEBUG rally_openstack.cleanup.manager [-] Deleting neutron.network object s_rally_26eaa786_5KCml1UZ (52917969-c218-43c3-9282-730b91558731)
2020-04-10 07:35:50.004 15 RALLYDEBUG rally_openstack.cleanup.manager [-] Deleting neutron.network object s_rally_26eaa786_ZGYjT9jb (532f101d-1e3b-4f43-8265-be6422ab2449)
2020-04-10 07:35:50.385 15 RALLYDEBUG rally_openstack.cleanup.manager [-] Deleting neutron.network object s_rally_26eaa786_6VloeP3d (534c820f-1da1-4931-81c6-7339702f8ff6)
2020-04-10 07:35:50.423 15 RALLYDEBUG rally_openstack.cleanup.manager [-] Deleting neutron.network object s_rally_26eaa786_4yXzIaHl (5681b8aa-cc6a-4cf1-8c27-e9c910935459)
2020-04-10 07:35:50.427 15 RALLYDEBUG rally_openstack.cleanup.manager [-] Deleting neutron.network object s_rally_26eaa786_m8Z6faYX (57b75a0c-3d6f-4d05-a384-30c5cf165343)
2020-04-10 07:35:50.514 15 RALLYDEBUG rally_openstack.cleanup.manager [-] Deleting neutron.network object s_rally_26eaa786_m3fXcYbp (5bd49c23-f449-41cf-b3e3-0a8be8670be5)
2020-04-10 07:35:50.768 15 RALLYDEBUG rally_openstack.cleanup.manager [-] Deleting neutron.network object s_rally_26eaa786_HmsILDCj (5f255a8d-c1b3-48bc-99f1-f60c7fc551cd)
2020-04-10 07:35:50.771 15 RALLYDEBUG rally_openstack.cleanup.manager [-] Deleting neutron.network object s_rally_26eaa786_VtW6qoSS (5eb07b2b-8294-49a3-90ef-d4cdcd17bfd0)
2020-04-10 07:35:50.875 15 RALLYDEBUG rally_openstack.cleanup.manager [-] Deleting neutron.network object s_rally_26eaa786_kaZLiUqP (5f399eca-ae23-4cf0-8e92-bc85e9e8ed2f)
2020-04-10 07:35:51.191 15 RALLYDEBUG rally_openstack.cleanup.manager [-] Deleting neutron.network object s_rally_26eaa786_RCCc0Skx (65467a2f-1b15-41b6-bbcb-5c2540a00490)
2020-04-10 07:35:51.350 15 RALLYDEBUG rally_openstack.cleanup.manager [-] Deleting neutron.network object s_rally_26eaa786_p861miyU (6bcf888e-0813-4e78-a914-1df8913af8ba)
2020-04-10 07:35:51.554 15 RALLYDEBUG rally_openstack.cleanup.manager [-] Deleting neutron.network object s_rally_26eaa786_ueVKBMdJ (719745cf-b8bb-4953-be43-cdfd03fd2bc7)
2020-04-10 07:35:51.575 15 RALLYDEBUG rally_openstack.cleanup.manager [-] Deleting neutron.network object s_rally_26eaa786_W74uZ4LB (722b13cf-88a4-4ab6-86ee-845aa07b391b)
2020-04-10 07:35:52.342 15 RALLYDEBUG rally_openstack.cleanup.manager [-] Deleting neutron.network object s_rally_26eaa786_D6CBmB18 (72646263-5e23-4fb3-ba08-ea04c36bf2ec)
2020-04-10 07:35:52.371 15 RALLYDEBUG rally_openstack.cleanup.manager [-] Deleting neutron.network object s_rally_26eaa786_XxgujpQ0 (72a3900e-2959-4325-b8e9-1d34d4d4e837)
2020-04-10 07:35:52.480 15 RALLYDEBUG rally_openstack.cleanup.manager [-] Deleting neutron.network object s_rally_26eaa786_saWz3rX9 (75166b70-3dd2-461a-ab2d-163abeb80051)
2020-04-10 07:35:52.639 15 RALLYDEBUG rally_openstack.cleanup.manager [-] Deleting neutron.network object s_rally_26eaa786_unnOqCj3 (75acea83-4b53-485b-a5d2-bb8c18f643c2)
2020-04-10 07:35:52.648 15 RALLYDEBUG rally_openstack.cleanup.manager [-] Deleting neutron.network object s_rally_26eaa786_nmexsSQL (7a145685-2fdc-4b5b-8fe5-e80e47e3c421)
2020-04-10 07:35:52.655 15 RALLYDEBUG rally_openstack.cleanup.manager [-] Deleting neutron.network object s_rally_26eaa786_yaARxCUx (7b012770-17f5-4484-a654-e6e51f9f8391)
2020-04-10 07:35:52.729 15 RALLYDEBUG rally_openstack.cleanup.manager [-] Deleting neutron.network object s_rally_26eaa786_RLzaNzSk (7bc205cb-8e61-4b51-9a1c-a93acfe35fda)
2020-04-10 07:35:52.764 15 RALLYDEBUG rally_openstack.cleanup.manager [-] Deleting neutron.network object s_rally_26eaa786_fuG3H2UU (8185e0f7-9488-4d6b-8753-9f6de425d259)
2020-04-10 07:35:52.835 15 RALLYDEBUG rally_openstack.cleanup.manager [-] Deleting neutron.network object s_rally_26eaa786_qB4R5yMH (8351aae8-8bb4-4410-b582-b282e2aa48a7)
2020-04-10 07:35:52.858 15 RALLYDEBUG rally_openstack.cleanup.manager [-] Deleting neutron.network object s_rally_26eaa786_LPaVHdGR (84846c3c-a9fe-4e7c-af74-35bb8cb76049)
2020-04-10 07:35:52.949 15 RALLYDEBUG rally_openstack.cleanup.manager [-] Deleting neutron.network object s_rally_26eaa786_SHrlVwvs (87a1fd66-f424-4ed6-ad81-ae9ae5a2e233)
2020-04-10 07:35:52.992 15 RALLYDEBUG rally_openstack.cleanup.manager [-] Deleting neutron.network object s_rally_26eaa786_FULnuCBj (881618b4-9444-485e-ba6d-cfc71af8f9c8)
2020-04-10 07:35:52.995 15 RALLYDEBUG rally_openstack.cleanup.manager [-] Deleting neutron.network object s_rally_26eaa786_55zu5EAC (8cb1b9eb-85b9-4a46-a00e-e0cfcfa8dc5e)
2020-04-10 07:35:53.390 15 RALLYDEBUG rally_openstack.cleanup.manager [-] Deleting neutron.network object s_rally_26eaa786_bBZXjbPU (8d6a8fd2-3887-49ef-a275-5a27a6dfd504)
