2020-04-10 07:41:01.740 2317 WARNING rally_openstack.scenarios.neutron.utils [-] Running this scenario without either the 'network' or 'existing_network' context is deprecated
2020-04-10 07:41:01.740 2270 INFO rally.task.runner [-] Task de124b79-731d-422e-b910-cc865513f57f | ITER: 2 END: OK
2020-04-10 07:41:01.742 2286 INFO rally.task.runner [-] Task de124b79-731d-422e-b910-cc865513f57f | ITER: 9 END: OK
2020-04-10 07:41:01.745 2270 INFO rally.task.runner [-] Task de124b79-731d-422e-b910-cc865513f57f | ITER: 39 START
2020-04-10 07:41:01.746 2270 WARNING rally_openstack.scenarios.neutron.utils [-] Running this scenario without either the 'network' or 'existing_network' context is deprecated
2020-04-10 07:41:01.747 2286 INFO rally.task.runner [-] Task de124b79-731d-422e-b910-cc865513f57f | ITER: 40 START
2020-04-10 07:41:01.748 2286 WARNING rally_openstack.scenarios.neutron.utils [-] Running this scenario without either the 'network' or 'existing_network' context is deprecated
2020-04-10 07:41:02.248 2318 RALLYDEBUG rally_openstack.wrappers.network [-] CIDR generated: 1.1.5.48/30
2020-04-10 07:41:04.214 2272 RALLYDEBUG rally_openstack.wrappers.network [-] CIDR generated: 1.1.5.52/30
2020-04-10 07:41:04.237 2308 RALLYDEBUG rally_openstack.wrappers.network [-] CIDR generated: 1.1.5.56/30
2020-04-10 07:41:04.771 2271 RALLYDEBUG rally_openstack.wrappers.network [-] CIDR generated: 1.1.5.60/30
2020-04-10 07:41:05.688 2275 RALLYDEBUG rally_openstack.wrappers.network [-] CIDR generated: 1.1.5.64/30
2020-04-10 07:41:05.729 2299 RALLYDEBUG rally_openstack.wrappers.network [-] CIDR generated: 1.1.5.68/30
2020-04-10 07:41:05.772 2302 RALLYDEBUG rally_openstack.wrappers.network [-] CIDR generated: 1.1.5.72/30
2020-04-10 07:41:05.948 2270 RALLYDEBUG rally_openstack.wrappers.network [-] CIDR generated: 1.1.5.76/30
2020-04-10 07:41:06.151 2286 RALLYDEBUG rally_openstack.wrappers.network [-] CIDR generated: 1.1.5.80/30
2020-04-10 07:41:06.351 2292 RALLYDEBUG rally_openstack.wrappers.network [-] CIDR generated: 1.1.5.84/30
2020-04-10 07:41:06.551 2317 RALLYDEBUG rally_openstack.wrappers.network [-] CIDR generated: 1.1.5.88/30
2020-04-10 07:41:06.814 2305 RALLYDEBUG rally_openstack.wrappers.network [-] CIDR generated: 1.1.5.92/30
2020-04-10 07:41:08.186 2269 RALLYDEBUG rally_openstack.wrappers.network [-] CIDR generated: 1.1.5.96/30
2020-04-10 07:41:08.346 2311 INFO rally.task.runner [-] Task de124b79-731d-422e-b910-cc865513f57f | ITER: 21 END: OK
2020-04-10 07:41:09.065 2314 RALLYDEBUG rally_openstack.wrappers.network [-] CIDR generated: 1.1.5.100/30
2020-04-10 07:41:10.411 2290 RALLYDEBUG rally_openstack.wrappers.network [-] CIDR generated: 1.1.5.104/30
2020-04-10 07:41:11.037 2302 INFO rally.task.runner [-] Task de124b79-731d-422e-b910-cc865513f57f | ITER: 25 END: OK
2020-04-10 07:41:11.333 2275 RALLYDEBUG rally_openstack.wrappers.network [-] CIDR generated: 1.1.5.108/30
2020-04-10 07:41:11.756 2281 RALLYDEBUG rally_openstack.wrappers.network [-] CIDR generated: 1.1.5.112/30
2020-04-10 07:41:11.804 2305 INFO rally.task.runner [-] Task de124b79-731d-422e-b910-cc865513f57f | ITER: 26 END: OK
2020-04-10 07:41:11.951 2272 RALLYDEBUG rally_openstack.wrappers.network [-] CIDR generated: 1.1.5.116/30
2020-04-10 07:41:11.999 2292 INFO rally.task.runner [-] Task de124b79-731d-422e-b910-cc865513f57f | ITER: 24 END: OK
2020-04-10 07:41:12.128 2297 RALLYDEBUG rally_openstack.wrappers.network [-] CIDR generated: 1.1.5.120/30
2020-04-10 07:41:12.222 2286 RALLYDEBUG rally_openstack.wrappers.network [-] CIDR generated: 1.1.5.124/30
2020-04-10 07:41:12.234 2270 RALLYDEBUG rally_openstack.wrappers.network [-] CIDR generated: 1.1.5.128/30
2020-04-10 07:41:12.246 2308 RALLYDEBUG rally_openstack.wrappers.network [-] CIDR generated: 1.1.5.132/30
2020-04-10 07:41:12.286 2271 RALLYDEBUG rally_openstack.wrappers.network [-] CIDR generated: 1.1.5.136/30
2020-04-10 07:41:12.574 2279 RALLYDEBUG rally_openstack.wrappers.network [-] CIDR generated: 1.1.5.140/30
2020-04-10 07:41:12.581 2299 RALLYDEBUG rally_openstack.wrappers.network [-] CIDR generated: 1.1.5.144/30
2020-04-10 07:41:12.653 2317 RALLYDEBUG rally_openstack.wrappers.network [-] CIDR generated: 1.1.5.148/30
2020-04-10 07:41:13.320 2273 RALLYDEBUG rally_openstack.wrappers.network [-] CIDR generated: 1.1.5.152/30
2020-04-10 07:41:13.416 2318 RALLYDEBUG rally_openstack.wrappers.network [-] CIDR generated: 1.1.5.156/30
2020-04-10 07:41:13.867 2269 INFO rally.task.runner [-] Task de124b79-731d-422e-b910-cc865513f57f | ITER: 23 END: OK
2020-04-10 07:41:14.837 2314 INFO rally.task.runner [-] Task de124b79-731d-422e-b910-cc865513f57f | ITER: 22 END: OK
2020-04-10 07:41:15.766 2290 INFO rally.task.runner [-] Task de124b79-731d-422e-b910-cc865513f57f | ITER: 29 END: OK
2020-04-10 07:41:16.575 2275 INFO rally.task.runner [-] Task de124b79-731d-422e-b910-cc865513f57f | ITER: 37 END: OK
2020-04-10 07:41:17.070 2286 INFO rally.task.runner [-] Task de124b79-731d-422e-b910-cc865513f57f | ITER: 40 END: OK
2020-04-10 07:41:17.447 2281 INFO rally.task.runner [-] Task de124b79-731d-422e-b910-cc865513f57f | ITER: 28 END: OK
2020-04-10 07:41:17.665 2271 INFO rally.task.runner [-] Task de124b79-731d-422e-b910-cc865513f57f | ITER: 35 END: OK
2020-04-10 07:41:17.744 2318 INFO rally.task.runner [-] Task de124b79-731d-422e-b910-cc865513f57f | ITER: 31 END: OK
2020-04-10 07:41:17.805 2273 INFO rally.task.runner [-] Task de124b79-731d-422e-b910-cc865513f57f | ITER: 32 END: OK
2020-04-10 07:41:17.886 2279 INFO rally.task.runner [-] Task de124b79-731d-422e-b910-cc865513f57f | ITER: 30 END: OK
2020-04-10 07:41:18.130 2299 INFO rally.task.runner [-] Task de124b79-731d-422e-b910-cc865513f57f | ITER: 33 END: OK
2020-04-10 07:41:18.342 2317 INFO rally.task.runner [-] Task de124b79-731d-422e-b910-cc865513f57f | ITER: 38 END: OK
2020-04-10 07:41:18.616 2297 INFO rally.task.runner [-] Task de124b79-731d-422e-b910-cc865513f57f | ITER: 27 END: OK
2020-04-10 07:41:18.670 2308 INFO rally.task.runner [-] Task de124b79-731d-422e-b910-cc865513f57f | ITER: 34 END: OK
2020-04-10 07:41:19.018 2270 INFO rally.task.runner [-] Task de124b79-731d-422e-b910-cc865513f57f | ITER: 39 END: OK
2020-04-10 07:41:19.038 2272 INFO rally.task.runner [-] Task de124b79-731d-422e-b910-cc865513f57f | ITER: 36 END: OK
2020-04-10 07:41:19.066 15 INFO rally.task.context [-] Task de124b79-731d-422e-b910-cc865513f57f | Context cleanup@openstack cleanup() started
2020-04-10 07:41:19.069 15 RALLYDEBUG rally_openstack.cleanup.manager [-] Cleaning up neutron vip objects
2020-04-10 07:41:19.288 15 RALLYDEBUG rally_openstack.cleanup.manager [-] Cleaning up neutron health_monitor objects
2020-04-10 07:41:19.467 15 RALLYDEBUG rally_openstack.cleanup.manager [-] Cleaning up neutron pool objects
2020-04-10 07:41:19.657 15 RALLYDEBUG rally_openstack.cleanup.manager [-] Cleaning up neutron loadbalancer objects
2020-04-10 07:41:19.855 15 RALLYDEBUG rally_openstack.cleanup.manager [-] Cleaning up neutron floatingip objects
2020-04-10 07:41:20.058 15 RALLYDEBUG rally_openstack.cleanup.manager [-] Cleaning up neutron trunk objects
2020-04-10 07:41:20.238 15 DEBUG neutronclient.v2_0.client [-] Error message: {"NeutronError": {"message": "Invalid input for operation: 'tenant_id' is not supported for filtering.", "type": "InvalidInput", "detail": ""}} _handle_fault_response /usr/lib/python2.7/site-packages/neutronclient/v2_0/client.py:259
2020-04-10 07:41:20.271 15 DEBUG neutronclient.v2_0.client [-] Error message: {"NeutronError": {"message": "Invalid input for operation: 'tenant_id' is not supported for filtering.", "type": "InvalidInput", "detail": ""}} _handle_fault_response /usr/lib/python2.7/site-packages/neutronclient/v2_0/client.py:259
2020-04-10 07:41:20.300 15 DEBUG neutronclient.v2_0.client [-] Error message: {"NeutronError": {"message": "Invalid input for operation: 'tenant_id' is not supported for filtering.", "type": "InvalidInput", "detail": ""}} _handle_fault_response /usr/lib/python2.7/site-packages/neutronclient/v2_0/client.py:259
2020-04-10 07:41:20.301 15 ERROR rally_openstack.cleanup.manager [-] Seems like rally_openstack.cleanup.resources.NeutronTrunk.list(self) method is broken. It shouldn't raise any exceptions.: BadRequest: Invalid input for operation: 'tenant_id' is not supported for filtering. Neutron server returns request_ids: ['req-2cd06286-0b4c-46a4-9d7b-27cba4acc112']
2020-04-10 07:41:20.301 15 ERROR rally_openstack.cleanup.manager
Traceback (most recent call last):
2020-04-10 07:41:20.301 15 ERROR rally_openstack.cleanup.manager
File "/usr/lib/python2.7/site-packages/rally_openstack/cleanup/manager.py", line 133, in _publish
2020-04-10 07:41:20.301 15 ERROR rally_openstack.cleanup.manager for raw_resource in rutils.retry(3, manager.list):
2020-04-10 07:41:20.301 15 ERROR rally_openstack.cleanup.manager
File "/usr/lib/python2.7/site-packages/rally/common/utils.py", line 230, in retry
2020-04-10 07:41:20.301 15 ERROR rally_openstack.cleanup.manager return func(*args, **kwargs)
2020-04-10 07:41:20.301 15 ERROR rally_openstack.cleanup.manager
File "/usr/lib/python2.7/site-packages/rally_openstack/cleanup/resources.py", line 396, in list
2020-04-10 07:41:20.301 15 ERROR rally_openstack.cleanup.manager return super(NeutronTrunk, self).list()
2020-04-10 07:41:20.301 15 ERROR rally_openstack.cleanup.manager
File "/usr/lib/python2.7/site-packages/rally_openstack/cleanup/resources.py", line 273, in list
2020-04-10 07:41:20.301 15 ERROR rally_openstack.cleanup.manager result = list_method(tenant_id=self.tenant_uuid)[resources]
2020-04-10 07:41:20.301 15 ERROR rally_openstack.cleanup.manager
File "/usr/lib/python2.7/site-packages/neutronclient/v2_0/client.py", line 2105, in list_trunks
2020-04-10 07:41:20.301 15 ERROR rally_openstack.cleanup.manager **_params)
2020-04-10 07:41:20.301 15 ERROR rally_openstack.cleanup.manager
File "/usr/lib/python2.7/site-packages/neutronclient/v2_0/client.py", line 369, in list
2020-04-10 07:41:20.301 15 ERROR rally_openstack.cleanup.manager for r in self._pagination(collection, path, **params):
2020-04-10 07:41:20.301 15 ERROR rally_openstack.cleanup.manager
File "/usr/lib/python2.7/site-packages/neutronclient/v2_0/client.py", line 384, in _pagination
2020-04-10 07:41:20.301 15 ERROR rally_openstack.cleanup.manager res = self.get(path, params=params)
2020-04-10 07:41:20.301 15 ERROR rally_openstack.cleanup.manager
File "/usr/lib/python2.7/site-packages/neutronclient/v2_0/client.py", line 354, in get
2020-04-10 07:41:20.301 15 ERROR rally_openstack.cleanup.manager headers=headers, params=params)
2020-04-10 07:41:20.301 15 ERROR rally_openstack.cleanup.manager
File "/usr/lib/python2.7/site-packages/neutronclient/v2_0/client.py", line 331, in retry_request
2020-04-10 07:41:20.301 15 ERROR rally_openstack.cleanup.manager headers=headers, params=params)
2020-04-10 07:41:20.301 15 ERROR rally_openstack.cleanup.manager
File "/usr/lib/python2.7/site-packages/neutronclient/v2_0/client.py", line 294, in do_request
2020-04-10 07:41:20.301 15 ERROR rally_openstack.cleanup.manager self._handle_fault_response(status_code, replybody, resp)
2020-04-10 07:41:20.301 15 ERROR rally_openstack.cleanup.manager
File "/usr/lib/python2.7/site-packages/neutronclient/v2_0/client.py", line 269, in _handle_fault_response
2020-04-10 07:41:20.301 15 ERROR rally_openstack.cleanup.manager exception_handler_v20(status_code, error_body)
2020-04-10 07:41:20.301 15 ERROR rally_openstack.cleanup.manager
File "/usr/lib/python2.7/site-packages/neutronclient/v2_0/client.py", line 93, in exception_handler_v20
2020-04-10 07:41:20.301 15 ERROR rally_openstack.cleanup.manager request_ids=request_ids)
2020-04-10 07:41:20.301 15 ERROR rally_openstack.cleanup.manager BadRequest: Invalid input for operation: 'tenant_id' is not supported for filtering.
2020-04-10 07:41:20.301 15 ERROR rally_openstack.cleanup.manager Neutron server returns request_ids: ['req-2cd06286-0b4c-46a4-9d7b-27cba4acc112']
2020-04-10 07:41:20.301 15 ERROR rally_openstack.cleanup.manager
2020-04-10 07:41:20.311 15 RALLYDEBUG rally_openstack.cleanup.manager [-] Cleaning up neutron port objects
2020-04-10 07:41:20.547 15 RALLYDEBUG rally_openstack.cleanup.manager [-] Cleaning up neutron subnet objects
2020-04-10 07:41:20.923 15 RALLYDEBUG rally_openstack.cleanup.manager [-] Cleaning up neutron network objects
2020-04-10 07:41:21.558 15 RALLYDEBUG rally_openstack.cleanup.manager [-] Deleting neutron.network object s_rally_74aaf7ff_ufUnoF3p (00ebd9ee-b592-488d-9c20-bfcb47919be8)
2020-04-10 07:41:21.558 15 RALLYDEBUG rally_openstack.cleanup.manager [-] Deleting neutron.network object s_rally_74aaf7ff_OEbGUmZr (08088d21-cc46-4632-b62e-fa4c600e8e60)
2020-04-10 07:41:21.559 15 RALLYDEBUG rally_openstack.cleanup.manager [-] Deleting neutron.network object s_rally_74aaf7ff_kLURUC2s (17fb1b4d-6db7-4c2d-8f21-75234c60540d)
2020-04-10 07:41:21.559 15 RALLYDEBUG rally_openstack.cleanup.manager [-] Deleting neutron.network object s_rally_74aaf7ff_JDmSeUV8 (1424d91f-32bb-480b-8ef5-9adf51b93ed7)
2020-04-10 07:41:21.560 15 RALLYDEBUG rally_openstack.cleanup.manager [-] Deleting neutron.network object s_rally_74aaf7ff_9j5c0ZnI (3d6a1eda-e356-454e-a26f-f79f253cbbd4)
2020-04-10 07:41:21.565 15 RALLYDEBUG rally_openstack.cleanup.manager [-] Deleting neutron.network object s_rally_74aaf7ff_BszdehCr (3ea03357-17eb-4446-a11c-a21991724396)
2020-04-10 07:41:21.577 15 RALLYDEBUG rally_openstack.cleanup.manager [-] Deleting neutron.network object s_rally_74aaf7ff_SHjvoYYs (11eddbdc-f272-4463-a719-3d31b8bbd929)
2020-04-10 07:41:21.581 15 RALLYDEBUG rally_openstack.cleanup.manager [-] Deleting neutron.network object s_rally_74aaf7ff_YccSk2Bk (40f1ccb0-7683-49e8-866a-69cb78d1d429)
2020-04-10 07:41:21.588 15 RALLYDEBUG rally_openstack.cleanup.manager [-] Deleting neutron.network object s_rally_74aaf7ff_4QOZo4Tc (5b3e5b5f-d0ee-4ce9-9478-770529b532c1)
2020-04-10 07:41:21.620 15 RALLYDEBUG rally_openstack.cleanup.manager [-] Deleting neutron.network object s_rally_74aaf7ff_wkOhNxRR (61305407-b8ce-4000-9dd7-7b8abe1a825e)
2020-04-10 07:41:21.685 15 RALLYDEBUG rally_openstack.cleanup.manager [-] Deleting neutron.network object s_rally_74aaf7ff_3IsQr13j (6aee2784-73c7-47e6-8e15-4861c8bba98e)
2020-04-10 07:41:21.704 15 RALLYDEBUG rally_openstack.cleanup.manager [-] Deleting neutron.network object s_rally_74aaf7ff_J6csW7sF (7792cd9e-4e30-4625-a7f2-eefcd69b01f0)
2020-04-10 07:41:21.723 15 RALLYDEBUG rally_openstack.cleanup.manager [-] Deleting neutron.network object s_rally_74aaf7ff_HtrMc3vn (74afa42d-8eec-4885-a828-e38bb84dbf9b)
2020-04-10 07:41:21.731 15 RALLYDEBUG rally_openstack.cleanup.manager [-] Deleting neutron.network object s_rally_74aaf7ff_8BicCYJJ (7d15c699-c8be-4d69-9fd1-0090af6a5def)
2020-04-10 07:41:21.741 15 RALLYDEBUG rally_openstack.cleanup.manager [-] Deleting neutron.network object s_rally_74aaf7ff_GC9JwA0K (7f5a758c-50fa-4ea9-a0bc-47dedae6d9df)
2020-04-10 07:41:21.764 15 RALLYDEBUG rally_openstack.cleanup.manager [-] Deleting neutron.network object s_rally_74aaf7ff_6sf63ak5 (7ec6dcc2-df53-4399-b690-628e21c11d58)
2020-04-10 07:41:21.794 15 RALLYDEBUG rally_openstack.cleanup.manager [-] Deleting neutron.network object s_rally_74aaf7ff_5Al2P9fW (89fe336e-86fe-46df-b372-c983198b19f2)
2020-04-10 07:41:21.792 15 RALLYDEBUG rally_openstack.cleanup.manager [-] Deleting neutron.network object s_rally_74aaf7ff_oUAUK14w (8827e844-b4a0-4d0b-b0b3-75beb99c2214)
2020-04-10 07:41:21.795 15 RALLYDEBUG rally_openstack.cleanup.manager [-] Deleting neutron.network object s_rally_74aaf7ff_jrmVTIqz (899bcbaa-fb73-4e5e-8da4-87a0f47577db)
2020-04-10 07:41:21.818 15 RALLYDEBUG rally_openstack.cleanup.manager [-] Deleting neutron.network object s_rally_74aaf7ff_BeCk0HHj (8e9421e0-0917-4778-9b6c-bd6ea262922c)
2020-04-10 07:41:23.888 15 RALLYDEBUG rally_openstack.cleanup.manager [-] Deleting neutron.network object s_rally_74aaf7ff_UfG3r30e (8f337797-afe5-43b9-88ad-58f796013a78)
2020-04-10 07:41:24.000 15 RALLYDEBUG rally_openstack.cleanup.manager [-] Deleting neutron.network object s_rally_74aaf7ff_d46yKD8y (90a8111e-9e30-4fbf-bcfd-9fe7ec53b42d)
2020-04-10 07:41:24.319 15 RALLYDEBUG rally_openstack.cleanup.manager [-] Deleting neutron.network object s_rally_74aaf7ff_dVcIXUKj (9103c20f-a978-4d5d-a531-9af9130a8a29)
2020-04-10 07:41:24.326 15 RALLYDEBUG rally_openstack.cleanup.manager [-] Deleting neutron.network object s_rally_74aaf7ff_cZ4usZZT (9132e6ac-c7ad-4579-b961-e67b1268ba43)
2020-04-10 07:41:24.396 15 RALLYDEBUG rally_openstack.cleanup.manager [-] Deleting neutron.network object s_rally_74aaf7ff_1HkjwHiU (9d56a7e5-83b7-498a-8e8b-39de5a2e7433)
2020-04-10 07:41:24.401 15 RALLYDEBUG rally_openstack.cleanup.manager [-] Deleting neutron.network object s_rally_74aaf7ff_qstg0JUm (a0db6c91-7ca7-42d0-8e24-2c252d72a386)
2020-04-10 07:41:24.419 15 RALLYDEBUG rally_openstack.cleanup.manager [-] Deleting neutron.network object s_rally_74aaf7ff_UvErMHjH (a195fb58-f62f-44d3-ae74-d366cc83aaf3)
2020-04-10 07:41:24.463 15 RALLYDEBUG rally_openstack.cleanup.manager [-] Deleting neutron.network object s_rally_74aaf7ff_WOVDRCxc (a1fc2137-7ba3-4082-8bd7-b6c4884320a7)
2020-04-10 07:41:24.744 15 RALLYDEBUG rally_openstack.cleanup.manager [-] Deleting neutron.network object s_rally_74aaf7ff_VhDQQ0t5 (a5235fca-30df-48ba-bbc6-2688f63bb2d4)
2020-04-10 07:41:24.811 15 RALLYDEBUG rally_openstack.cleanup.manager [-] Deleting neutron.network object s_rally_74aaf7ff_dh5Ss32S (ae4f6034-0711-4f8c-b863-22dcea8fd588)
2020-04-10 07:41:24.827 15 RALLYDEBUG rally_openstack.cleanup.manager [-] Deleting neutron.network object s_rally_74aaf7ff_FgSdJWYj (b59dce18-2a4a-4367-a36c-5633afe8f46e)
2020-04-10 07:41:24.929 15 RALLYDEBUG rally_openstack.cleanup.manager [-] Deleting neutron.network object s_rally_74aaf7ff_9UpoehPM (bffe0cba-e237-488a-a39b-3ca64d4d96fb)
2020-04-10 07:41:24.975 15 RALLYDEBUG rally_openstack.cleanup.manager [-] Deleting neutron.network object s_rally_74aaf7ff_vJQgcRPU (d123b9fc-de41-4f0b-8ab7-13485f935c3a)
2020-04-10 07:41:25.026 15 RALLYDEBUG rally_openstack.cleanup.manager [-] Deleting neutron.network object s_rally_74aaf7ff_KULX5U07 (d4110838-2a18-4f73-9ed8-70a09fea38e5)
2020-04-10 07:41:25.040 15 RALLYDEBUG rally_openstack.cleanup.manager [-] Deleting neutron.network object s_rally_74aaf7ff_BF2Nou8a (de4a3982-36fd-431a-bbf3-c60cf4202705)
2020-04-10 07:41:25.061 15 RALLYDEBUG rally_openstack.cleanup.manager [-] Deleting neutron.network object s_rally_74aaf7ff_PYOK4AuO (e489530a-5f94-432e-954d-08074aba14e5)
2020-04-10 07:41:25.437 15 RALLYDEBUG rally_openstack.cleanup.manager [-] Deleting neutron.network object s_rally_74aaf7ff_KIgZLL8J (efb59088-f5f6-4050-b156-db185cfb1a75)
2020-04-10 07:41:25.447 15 RALLYDEBUG rally_openstack.cleanup.manager [-] Deleting neutron.network object s_rally_74aaf7ff_l3kuSPiY (f83ac961-4a89-428a-9493-ad09a0149656)
2020-04-10 07:41:25.474 15 RALLYDEBUG rally_openstack.cleanup.manager [-] Deleting neutron.network object s_rally_74aaf7ff_weVzXthB (fd772a3c-e2ec-4c62-884a-a7f11c888aca)
2020-04-10 07:41:25.479 15 RALLYDEBUG rally_openstack.cleanup.manager [-] Deleting neutron.network object s_rally_74aaf7ff_CuQkYa6i (fdc8f7b2-d2e1-412a-bbe1-659f022762d1)
2020-04-10 07:41:28.132 15 RALLYDEBUG rally_openstack.cleanup.manager [-] Cleaning up neutron router objects
2020-04-10 07:41:28.401 15 RALLYDEBUG rally_openstack.cleanup.manager [-] Cleaning up neutron security_group objects
2020-04-10 07:41:28.695 15 INFO rally.task.context [-] Task de124b79-731d-422e-b910-cc865513f57f | Context cleanup@openstack cleanup() finished in 9.63 sec
2020-04-10 07:41:28.696 15 INFO rally.task.context [-] Task de124b79-731d-422e-b910-cc865513f57f | Context quotas@openstack cleanup() started
2020-04-10 07:41:29.224 15 INFO rally.task.context [-] Task de124b79-731d-422e-b910-cc865513f57f | Context quotas@openstack cleanup() finished in 0.53 sec
2020-04-10 07:41:29.224 15 INFO rally.task.context [-] Task de124b79-731d-422e-b910-cc865513f57f | Context users@openstack cleanup() started
2020-04-10 07:41:31.223 15 INFO rally.task.context [-] Task de124b79-731d-422e-b910-cc865513f57f | Context users@openstack cleanup() finished in 2.00 sec
2020-04-10 07:41:31.984 15 INFO rally.task.engine [-] Load duration is: 37.932505
2020-04-10 07:41:31.984 15 INFO rally.task.engine [-] Full runner duration is: 37.986893
2020-04-10 07:41:31.985 15 INFO rally.task.engine [-] Full duration is: 51.515994
2020-04-10 07:41:32.068 15 INFO rally.task.engine [-] Running workload: position = 0 config = { "version": 2, "title": "A cropped version of a bigger task.", "description": "Auto-generated task from a single workload (uuid=0be2e3f1-2196-453f-85e5-84f58174a51b)", "subtasks": [ { "title": "NeutronNetworks.create_and_list_routers", "description": "Create and a given number of routers and list all routers.", "scenario": { "NeutronNetworks.create_and_list_routers": { "network_create_args": null, "subnet_create_args": null, "subnet_cidr_start": "1.1.0.0/30", "subnets_per_network": 2, "router_create_args": null } }, "contexts": { "users": { "tenants": 1, "users_per_tenant": 1 }, "quotas": { "neutron": { "network": -1, "subnet": -1, "router": -1 } } }, "runner": { "constant": { "times": 40, "concurrency": 20 } }, "hooks": [], "sla": { "failure_rate": { "max": 0 } } } ] }
2020-04-10 07:41:32.093 15 RALLYDEBUG rally_openstack.contexts.keystone.users [-] Creating 1 tenants using 20 threads
2020-04-10 07:41:32.529 15 RALLYDEBUG rally_openstack.contexts.keystone.users [-] Creating 1 users using 20 threads
2020-04-10 07:41:32.984 15 INFO rally.task.context [-] Task de124b79-731d-422e-b910-cc865513f57f | Context users@openstack setup() finished in 0.89 sec
2020-04-10 07:41:33.616 15 INFO rally.task.context [-] Task de124b79-731d-422e-b910-cc865513f57f | Context quotas@openstack setup() finished in 0.63 sec
2020-04-10 07:41:33.617 15 INFO rally.task.context [-] Task de124b79-731d-422e-b910-cc865513f57f | Context cleanup@openstack setup() finished in 0.01 msec
2020-04-10 07:41:33.626 15 RALLYDEBUG rally.task.runner [-] Starting the constant runner (task UUID: de124b79-731d-422e-b910-cc865513f57f). timeout: 0 concurrency: 20 concurrency_per_worker: 1 times: 40 concurrency_overhead: 0 processes_to_start: 20 max_cpu_used: 88
2020-04-10 07:41:33.639 2671 RALLYDEBUG rally.task.runner [-] Starting a worker. concurrency: 1 args: {"network_create_args": null, "subnet_create_args": null, "subnet_cidr_start": "1.1.0.0/30", "subnets_per_network": 2, "router_create_args": null} times: 40 method_name: run timeout: 0 duration: None cls:
2020-04-10 07:41:33.642 2672 RALLYDEBUG rally.task.runner [-] Starting a worker. concurrency: 1 args: {"network_create_args": null, "subnet_create_args": null, "subnet_cidr_start": "1.1.0.0/30", "subnets_per_network": 2, "router_create_args": null} times: 40 method_name: run timeout: 0 duration: None cls:
2020-04-10 07:41:33.645 2673 RALLYDEBUG rally.task.runner [-] Starting a worker. concurrency: 1 args: {"network_create_args": null, "subnet_create_args": null, "subnet_cidr_start": "1.1.0.0/30", "subnets_per_network": 2, "router_create_args": null} times: 40 method_name: run timeout: 0 duration: None cls:
2020-04-10 07:41:33.648 2674 RALLYDEBUG rally.task.runner [-] Starting a worker. concurrency: 1 args: {"network_create_args": null, "subnet_create_args": null, "subnet_cidr_start": "1.1.0.0/30", "subnets_per_network": 2, "router_create_args": null} times: 40 method_name: run timeout: 0 duration: None cls:
2020-04-10 07:41:33.649 2672 INFO rally.task.runner [-] Task de124b79-731d-422e-b910-cc865513f57f | ITER: 2 START
2020-04-10 07:41:33.651 2671 INFO rally.task.runner [-] Task de124b79-731d-422e-b910-cc865513f57f | ITER: 1 START
2020-04-10 07:41:33.651 2673 INFO rally.task.runner [-] Task de124b79-731d-422e-b910-cc865513f57f | ITER: 3 START
2020-04-10 07:41:33.651 2675 RALLYDEBUG rally.task.runner [-] Starting a worker. concurrency: 1 args: {"network_create_args": null, "subnet_create_args": null, "subnet_cidr_start": "1.1.0.0/30", "subnets_per_network": 2, "router_create_args": null} times: 40 method_name: run timeout: 0 duration: None cls:
2020-04-10 07:41:33.654 2674 INFO rally.task.runner [-] Task de124b79-731d-422e-b910-cc865513f57f | ITER: 4 START
2020-04-10 07:41:33.655 2677 RALLYDEBUG rally.task.runner [-] Starting a worker. concurrency: 1 args: {"network_create_args": null, "subnet_create_args": null, "subnet_cidr_start": "1.1.0.0/30", "subnets_per_network": 2, "router_create_args": null} times: 40 method_name: run timeout: 0 duration: None cls:
2020-04-10 07:41:33.657 2675 INFO rally.task.runner [-] Task de124b79-731d-422e-b910-cc865513f57f | ITER: 5 START
2020-04-10 07:41:33.657 2682 RALLYDEBUG rally.task.runner [-] Starting a worker. concurrency: 1 args: {"network_create_args": null, "subnet_create_args": null, "subnet_cidr_start": "1.1.0.0/30", "subnets_per_network": 2, "router_create_args": null} times: 40 method_name: run timeout: 0 duration: None cls:
2020-04-10 07:41:33.661 2685 RALLYDEBUG rally.task.runner [-] Starting a worker. concurrency: 1 args: {"network_create_args": null, "subnet_create_args": null, "subnet_cidr_start": "1.1.0.0/30", "subnets_per_network": 2, "router_create_args": null} times: 40 method_name: run timeout: 0 duration: None cls:
2020-04-10 07:41:33.663 2682 INFO rally.task.runner [-] Task de124b79-731d-422e-b910-cc865513f57f | ITER: 7 START
2020-04-10 07:41:33.663 2689 RALLYDEBUG rally.task.runner [-] Starting a worker. concurrency: 1 args: {"network_create_args": null, "subnet_create_args": null, "subnet_cidr_start": "1.1.0.0/30", "subnets_per_network": 2, "router_create_args": null} times: 40 method_name: run timeout: 0 duration: None cls:
2020-04-10 07:41:33.667 2685 INFO rally.task.runner [-] Task de124b79-731d-422e-b910-cc865513f57f | ITER: 8 START
2020-04-10 07:41:33.667 2690 RALLYDEBUG rally.task.runner [-] Starting a worker. concurrency: 1 args: {"network_create_args": null, "subnet_create_args": null, "subnet_cidr_start": "1.1.0.0/30", "subnets_per_network": 2, "router_create_args": null} times: 40 method_name: run timeout: 0 duration: None cls:
2020-04-10 07:41:33.670 2694 RALLYDEBUG rally.task.runner [-] Starting a worker. concurrency: 1 args: {"network_create_args": null, "subnet_create_args": null, "subnet_cidr_start": "1.1.0.0/30", "subnets_per_network": 2, "router_create_args": null} times: 40 method_name: run timeout: 0 duration: None cls:
2020-04-10 07:41:33.673 2690 INFO rally.task.runner [-] Task de124b79-731d-422e-b910-cc865513f57f | ITER: 10 START
2020-04-10 07:41:33.673 2677 INFO rally.task.runner [-] Task de124b79-731d-422e-b910-cc865513f57f | ITER: 6 START
2020-04-10 07:41:33.673 2689 INFO rally.task.runner [-] Task de124b79-731d-422e-b910-cc865513f57f | ITER: 9 START
2020-04-10 07:41:33.674 2697 RALLYDEBUG rally.task.runner [-] Starting a worker. concurrency: 1 args: {"network_create_args": null, "subnet_create_args": null, "subnet_cidr_start": "1.1.0.0/30", "subnets_per_network": 2, "router_create_args": null} times: 40 method_name: run timeout: 0 duration: None cls:
2020-04-10 07:41:33.676 2694 INFO rally.task.runner [-] Task de124b79-731d-422e-b910-cc865513f57f | ITER: 11 START
2020-04-10 07:41:33.676 2701 RALLYDEBUG rally.task.runner [-] Starting a worker. concurrency: 1 args: {"network_create_args": null, "subnet_create_args": null, "subnet_cidr_start": "1.1.0.0/30", "subnets_per_network": 2, "router_create_args": null} times: 40 method_name: run timeout: 0 duration: None cls:
2020-04-10 07:41:33.680 2697 INFO rally.task.runner [-] Task de124b79-731d-422e-b910-cc865513f57f | ITER: 12 START
2020-04-10 07:41:33.681 2701 INFO rally.task.runner [-] Task de124b79-731d-422e-b910-cc865513f57f | ITER: 13 START
2020-04-10 07:41:33.681 2704 RALLYDEBUG rally.task.runner [-] Starting a worker. concurrency: 1 args: {"network_create_args": null, "subnet_create_args": null, "subnet_cidr_start": "1.1.0.0/30", "subnets_per_network": 2, "router_create_args": null} times: 40 method_name: run timeout: 0 duration: None cls:
2020-04-10 07:41:33.683 2707 RALLYDEBUG rally.task.runner [-] Starting a worker. concurrency: 1 args: {"network_create_args": null, "subnet_create_args": null, "subnet_cidr_start": "1.1.0.0/30", "subnets_per_network": 2, "router_create_args": null} times: 40 method_name: run timeout: 0 duration: None cls:
2020-04-10 07:41:33.686 2710 RALLYDEBUG rally.task.runner [-] Starting a worker. concurrency: 1 args: {"network_create_args": null, "subnet_create_args": null, "subnet_cidr_start": "1.1.0.0/30", "subnets_per_network": 2, "router_create_args": null} times: 40 method_name: run timeout: 0 duration: None cls:
2020-04-10 07:41:33.687 2704 INFO rally.task.runner [-] Task de124b79-731d-422e-b910-cc865513f57f | ITER: 14 START
2020-04-10 07:41:33.688 2707 INFO rally.task.runner [-] Task de124b79-731d-422e-b910-cc865513f57f | ITER: 15 START
2020-04-10 07:41:33.689 2713 RALLYDEBUG rally.task.runner [-] Starting a worker. concurrency: 1 args: {"network_create_args": null, "subnet_create_args": null, "subnet_cidr_start": "1.1.0.0/30", "subnets_per_network": 2, "router_create_args": null} times: 40 method_name: run timeout: 0 duration: None cls:
2020-04-10 07:41:33.690 2710 INFO rally.task.runner [-] Task de124b79-731d-422e-b910-cc865513f57f | ITER: 16 START
2020-04-10 07:41:33.693 2716 RALLYDEBUG rally.task.runner [-] Starting a worker. concurrency: 1 args: {"network_create_args": null, "subnet_create_args": null, "subnet_cidr_start": "1.1.0.0/30", "subnets_per_network": 2, "router_create_args": null} times: 40 method_name: run timeout: 0 duration: None cls:
2020-04-10 07:41:33.694 2713 INFO rally.task.runner [-] Task de124b79-731d-422e-b910-cc865513f57f | ITER: 17 START
2020-04-10 07:41:33.699 2716 INFO rally.task.runner [-] Task de124b79-731d-422e-b910-cc865513f57f | ITER: 18 START
2020-04-10 07:41:33.699 2722 RALLYDEBUG rally.task.runner [-] Starting a worker. concurrency: 1 args: {"network_create_args": null, "subnet_create_args": null, "subnet_cidr_start": "1.1.0.0/30", "subnets_per_network": 2, "router_create_args": null} times: 40 method_name: run timeout: 0 duration: None cls:
2020-04-10 07:41:33.700 2720 RALLYDEBUG rally.task.runner [-] Starting a worker. concurrency: 1 args: {"network_create_args": null, "subnet_create_args": null, "subnet_cidr_start": "1.1.0.0/30", "subnets_per_network": 2, "router_create_args": null} times: 40 method_name: run timeout: 0 duration: None cls:
2020-04-10 07:41:33.704 2722 INFO rally.task.runner [-] Task de124b79-731d-422e-b910-cc865513f57f | ITER: 19 START
2020-04-10 07:41:33.706 2720 INFO rally.task.runner [-] Task de124b79-731d-422e-b910-cc865513f57f | ITER: 20 START
2020-04-10 07:41:35.976 2674 RALLYDEBUG rally_openstack.wrappers.network [-] CIDR generated: 1.1.5.160/30
2020-04-10 07:41:36.219 2713 RALLYDEBUG rally_openstack.wrappers.network [-] CIDR generated: 1.1.5.164/30
2020-04-10 07:41:36.305 2675 RALLYDEBUG rally_openstack.wrappers.network [-] CIDR generated: 1.1.5.168/30
2020-04-10 07:41:36.314 2677 RALLYDEBUG rally_openstack.wrappers.network [-] CIDR generated: 1.1.5.172/30
2020-04-10 07:41:36.466 2672 RALLYDEBUG rally_openstack.wrappers.network [-] CIDR generated: 1.1.5.176/30
2020-04-10 07:41:36.513 2720 RALLYDEBUG rally_openstack.wrappers.network [-] CIDR generated: 1.1.5.180/30
2020-04-10 07:41:36.594 2671 RALLYDEBUG rally_openstack.wrappers.network [-] CIDR generated: 1.1.5.184/30
2020-04-10 07:41:36.631 2707 RALLYDEBUG rally_openstack.wrappers.network [-] CIDR generated: 1.1.5.188/30
2020-04-10 07:41:36.721 2701 RALLYDEBUG rally_openstack.wrappers.network [-] CIDR generated: 1.1.5.192/30
2020-04-10 07:41:36.723 2682 RALLYDEBUG rally_openstack.wrappers.network [-] CIDR generated: 1.1.5.196/30
2020-04-10 07:41:36.769 2697 RALLYDEBUG rally_openstack.wrappers.network [-] CIDR generated: 1.1.5.200/30
2020-04-10 07:41:36.858 2722 RALLYDEBUG rally_openstack.wrappers.network [-] CIDR generated: 1.1.5.204/30
2020-04-10 07:41:37.013 2685 RALLYDEBUG rally_openstack.wrappers.network [-] CIDR generated: 1.1.5.208/30
2020-04-10 07:41:37.100 2710 RALLYDEBUG rally_openstack.wrappers.network [-] CIDR generated: 1.1.5.212/30
2020-04-10 07:41:37.162 2716 RALLYDEBUG rally_openstack.wrappers.network [-] CIDR generated: 1.1.5.216/30
2020-04-10 07:41:37.345 2694 RALLYDEBUG rally_openstack.wrappers.network [-] CIDR generated: 1.1.5.220/30
2020-04-10 07:41:37.816 2673 RALLYDEBUG rally_openstack.wrappers.network [-] CIDR generated: 1.1.5.224/30
2020-04-10 07:41:37.874 2704 RALLYDEBUG rally_openstack.wrappers.network [-] CIDR generated: 1.1.5.228/30
2020-04-10 07:41:38.080 2690 RALLYDEBUG rally_openstack.wrappers.network [-] CIDR generated: 1.1.5.232/30
2020-04-10 07:41:38.131 2689 RALLYDEBUG rally_openstack.wrappers.network [-] CIDR generated: 1.1.5.236/30
2020-04-10 07:41:41.986 2674 RALLYDEBUG rally_openstack.wrappers.network [-] CIDR generated: 1.1.5.240/30
2020-04-10 07:41:42.721 2722 RALLYDEBUG rally_openstack.wrappers.network [-] CIDR generated: 1.1.5.244/30
2020-04-10 07:41:42.826 2720 RALLYDEBUG rally_openstack.wrappers.network [-] CIDR generated: 1.1.5.248/30
2020-04-10 07:41:42.883 2682 RALLYDEBUG rally_openstack.wrappers.network [-] CIDR generated: 1.1.5.252/30
2020-04-10 07:41:42.904 2671 RALLYDEBUG rally_openstack.wrappers.network [-] CIDR generated: 1.1.6.0/30
2020-04-10 07:41:42.927 2697 RALLYDEBUG rally_openstack.wrappers.network [-] CIDR generated: 1.1.6.4/30
2020-04-10 07:41:42.962 2673 RALLYDEBUG rally_openstack.wrappers.network [-] CIDR generated: 1.1.6.8/30
2020-04-10 07:41:42.973 2672 RALLYDEBUG rally_openstack.wrappers.network [-] CIDR generated: 1.1.6.12/30
2020-04-10 07:41:43.125 2713 RALLYDEBUG rally_openstack.wrappers.network [-] CIDR generated: 1.1.6.16/30
2020-04-10 07:41:43.169 2677 RALLYDEBUG rally_openstack.wrappers.network [-] CIDR generated: 1.1.6.20/30
2020-04-10 07:41:43.232 2685 RALLYDEBUG rally_openstack.wrappers.network [-] CIDR generated: 1.1.6.24/30
2020-04-10 07:41:43.342 2716 RALLYDEBUG rally_openstack.wrappers.network [-] CIDR generated: 1.1.6.28/30
2020-04-10 07:41:44.247 2689 RALLYDEBUG rally_openstack.wrappers.network [-] CIDR generated: 1.1.6.32/30
2020-04-10 07:41:44.317 2704 RALLYDEBUG rally_openstack.wrappers.network [-] CIDR generated: 1.1.6.36/30
2020-04-10 07:41:44.486 2701 RALLYDEBUG rally_openstack.wrappers.network [-] CIDR generated: 1.1.6.40/30
2020-04-10 07:41:44.524 2694 RALLYDEBUG rally_openstack.wrappers.network [-] CIDR generated: 1.1.6.44/30
2020-04-10 07:41:44.552 2707 RALLYDEBUG rally_openstack.wrappers.network [-] CIDR generated: 1.1.6.48/30
2020-04-10 07:41:44.735 2710 RALLYDEBUG rally_openstack.wrappers.network [-] CIDR generated: 1.1.6.52/30
2020-04-10 07:41:44.866 2675 RALLYDEBUG rally_openstack.wrappers.network [-] CIDR generated: 1.1.6.56/30
2020-04-10 07:41:44.962 2690 RALLYDEBUG rally_openstack.wrappers.network [-] CIDR generated: 1.1.6.60/30
2020-04-10 07:42:24.623 2710 INFO rally.task.runner [-] Task de124b79-731d-422e-b910-cc865513f57f | ITER: 16 END: OK
2020-04-10 07:42:24.631 2710 INFO rally.task.runner [-] Task de124b79-731d-422e-b910-cc865513f57f | ITER: 21 START
2020-04-10 07:42:25.457 2710 RALLYDEBUG rally_openstack.wrappers.network [-] CIDR generated: 1.1.6.64/30
2020-04-10 07:42:27.328 2674 INFO rally.task.runner [-] Task de124b79-731d-422e-b910-cc865513f57f | ITER: 4 END: OK
2020-04-10 07:42:27.336 2674 INFO rally.task.runner [-] Task de124b79-731d-422e-b910-cc865513f57f | ITER: 22 START
2020-04-10 07:42:27.772 2690 INFO rally.task.runner [-] Task de124b79-731d-422e-b910-cc865513f57f | ITER: 10 END: OK
2020-04-10 07:42:27.780 2690 INFO rally.task.runner [-] Task de124b79-731d-422e-b910-cc865513f57f | ITER: 23 START
2020-04-10 07:42:28.627 2674 RALLYDEBUG rally_openstack.wrappers.network [-] CIDR generated: 1.1.6.68/30
2020-04-10 07:42:28.753 2710 RALLYDEBUG rally_openstack.wrappers.network [-] CIDR generated: 1.1.6.72/30
2020-04-10 07:42:28.759 2690 RALLYDEBUG rally_openstack.wrappers.network [-] CIDR generated: 1.1.6.76/30
2020-04-10 07:42:28.820 2713 INFO rally.task.runner [-] Task de124b79-731d-422e-b910-cc865513f57f | ITER: 17 END: OK
2020-04-10 07:42:28.827 2713 INFO rally.task.runner [-] Task de124b79-731d-422e-b910-cc865513f57f | ITER: 24 START
2020-04-10 07:42:29.076 2701 INFO rally.task.runner [-] Task de124b79-731d-422e-b910-cc865513f57f | ITER: 13 END: OK
2020-04-10 07:42:29.084 2701 INFO rally.task.runner [-] Task de124b79-731d-422e-b910-cc865513f57f | ITER: 25 START
2020-04-10 07:42:29.190 2707 INFO rally.task.runner [-] Task de124b79-731d-422e-b910-cc865513f57f | ITER: 15 END: OK
2020-04-10 07:42:29.198 2707 INFO rally.task.runner [-] Task de124b79-731d-422e-b910-cc865513f57f | ITER: 26 START
2020-04-10 07:42:29.709 2694 INFO rally.task.runner [-] Task de124b79-731d-422e-b910-cc865513f57f | ITER: 11 END: OK
2020-04-10 07:42:29.717 2694 INFO rally.task.runner [-] Task de124b79-731d-422e-b910-cc865513f57f | ITER: 27 START
2020-04-10 07:42:29.814 2682 INFO rally.task.runner [-] Task de124b79-731d-422e-b910-cc865513f57f | ITER: 7 END: OK
2020-04-10 07:42:29.814 2673 INFO rally.task.runner [-] Task de124b79-731d-422e-b910-cc865513f57f | ITER: 3 END: OK
2020-04-10 07:42:29.821 2682 INFO rally.task.runner [-] Task de124b79-731d-422e-b910-cc865513f57f | ITER: 28 START
2020-04-10 07:42:29.822 2673 INFO rally.task.runner [-] Task de124b79-731d-422e-b910-cc865513f57f | ITER: 29 START
2020-04-10 07:42:30.403 2675 INFO rally.task.runner [-] Task de124b79-731d-422e-b910-cc865513f57f | ITER: 5 END: OK
2020-04-10 07:42:30.410 2675 INFO rally.task.runner [-] Task de124b79-731d-422e-b910-cc865513f57f | ITER: 30 START
2020-04-10 07:42:31.719 2685 INFO rally.task.runner [-] Task de124b79-731d-422e-b910-cc865513f57f | ITER: 8 END: OK
2020-04-10 07:42:31.727 2685 INFO rally.task.runner [-] Task de124b79-731d-422e-b910-cc865513f57f | ITER: 31 START
2020-04-10 07:42:31.969 2713 RALLYDEBUG rally_openstack.wrappers.network [-] CIDR generated: 1.1.6.80/30
2020-04-10 07:42:32.516 2701 RALLYDEBUG rally_openstack.wrappers.network [-] CIDR generated: 1.1.6.84/30
2020-04-10 07:42:33.418 2707 RALLYDEBUG rally_openstack.wrappers.network [-] CIDR generated: 1.1.6.88/30
2020-04-10 07:42:34.456 2694 RALLYDEBUG rally_openstack.wrappers.network [-] CIDR generated: 1.1.6.92/30
2020-04-10 07:42:34.869 2682 RALLYDEBUG rally_openstack.wrappers.network [-] CIDR generated: 1.1.6.96/30
2020-04-10 07:42:35.513 2722 INFO rally.task.runner [-] Task de124b79-731d-422e-b910-cc865513f57f | ITER: 19 END: OK
2020-04-10 07:42:35.522 2722 INFO rally.task.runner [-] Task de124b79-731d-422e-b910-cc865513f57f | ITER: 32 START
2020-04-10 07:42:36.027 2675 RALLYDEBUG rally_openstack.wrappers.network [-] CIDR generated: 1.1.6.100/30
2020-04-10 07:42:38.212 2690 RALLYDEBUG rally_openstack.wrappers.network [-] CIDR generated: 1.1.6.104/30
2020-04-10 07:42:38.846 2673 RALLYDEBUG rally_openstack.wrappers.network [-] CIDR generated: 1.1.6.108/30
2020-04-10 07:42:38.861 2720 INFO rally.task.runner [-] Task de124b79-731d-422e-b910-cc865513f57f | ITER: 20 END: OK
2020-04-10 07:42:38.868 2720 INFO rally.task.runner [-] Task de124b79-731d-422e-b910-cc865513f57f | ITER: 33 START
2020-04-10 07:42:39.451 2685 RALLYDEBUG rally_openstack.wrappers.network [-] CIDR generated: 1.1.6.112/30
2020-04-10 07:42:39.614 2671 INFO rally.task.runner [-] Task de124b79-731d-422e-b910-cc865513f57f | ITER: 1 END: OK
2020-04-10 07:42:39.622 2671 INFO rally.task.runner [-] Task de124b79-731d-422e-b910-cc865513f57f | ITER: 34 START
2020-04-10 07:42:40.529 2674 RALLYDEBUG rally_openstack.wrappers.network [-] CIDR generated: 1.1.6.116/30
2020-04-10 07:42:42.802 2722 RALLYDEBUG rally_openstack.wrappers.network [-] CIDR generated: 1.1.6.120/30
2020-04-10 07:42:43.666 2720 RALLYDEBUG rally_openstack.wrappers.network [-] CIDR generated: 1.1.6.124/30
2020-04-10 07:42:44.662 2677 INFO rally.task.runner [-] Task de124b79-731d-422e-b910-cc865513f57f | ITER: 6 END: OK
2020-04-10 07:42:44.671 2677 INFO rally.task.runner [-] Task de124b79-731d-422e-b910-cc865513f57f | ITER: 35 START
2020-04-10 07:42:44.717 2671 RALLYDEBUG rally_openstack.wrappers.network [-] CIDR generated: 1.1.6.128/30
2020-04-10 07:42:44.840 2689 INFO rally.task.runner [-] Task de124b79-731d-422e-b910-cc865513f57f | ITER: 9 END: OK
2020-04-10 07:42:44.848 2689 INFO rally.task.runner [-] Task de124b79-731d-422e-b910-cc865513f57f | ITER: 36 START
2020-04-10 07:42:46.007 2697 INFO rally.task.runner [-] Task de124b79-731d-422e-b910-cc865513f57f | ITER: 12 END: OK
2020-04-10 07:42:46.016 2697 INFO rally.task.runner [-] Task de124b79-731d-422e-b910-cc865513f57f | ITER: 37 START
2020-04-10 07:42:46.095 2713 RALLYDEBUG rally_openstack.wrappers.network [-] CIDR generated: 1.1.6.132/30
2020-04-10 07:42:46.669 2672 INFO rally.task.runner [-] Task de124b79-731d-422e-b910-cc865513f57f | ITER: 2 END: OK
2020-04-10 07:42:46.677 2672 INFO rally.task.runner [-] Task de124b79-731d-422e-b910-cc865513f57f | ITER: 38 START
2020-04-10 07:42:47.582 2701 RALLYDEBUG rally_openstack.wrappers.network [-] CIDR generated: 1.1.6.136/30
2020-04-10 07:42:47.583 2716 INFO rally.task.runner [-] Task de124b79-731d-422e-b910-cc865513f57f | ITER: 18 END: OK
2020-04-10 07:42:47.590 2716 INFO rally.task.runner [-] Task de124b79-731d-422e-b910-cc865513f57f | ITER: 39 START
2020-04-10 07:42:49.124 2704 INFO rally.task.runner [-] Task de124b79-731d-422e-b910-cc865513f57f | ITER: 14 END: OK
2020-04-10 07:42:49.132 2704 INFO rally.task.runner [-] Task de124b79-731d-422e-b910-cc865513f57f | ITER: 40 START
2020-04-10 07:42:51.041 2707 RALLYDEBUG rally_openstack.wrappers.network [-] CIDR generated: 1.1.6.140/30
2020-04-10 07:42:51.579 2677 RALLYDEBUG rally_openstack.wrappers.network [-] CIDR generated: 1.1.6.144/30
2020-04-10 07:42:51.900 2689 RALLYDEBUG rally_openstack.wrappers.network [-] CIDR generated: 1.1.6.148/30
2020-04-10 07:42:52.433 2697 RALLYDEBUG rally_openstack.wrappers.network [-] CIDR generated: 1.1.6.152/30
2020-04-10 07:42:53.056 2672 RALLYDEBUG rally_openstack.wrappers.network [-] CIDR generated: 1.1.6.156/30
2020-04-10 07:42:53.966 2675 RALLYDEBUG rally_openstack.wrappers.network [-] CIDR generated: 1.1.6.160/30
2020-04-10 07:42:54.187 2716 RALLYDEBUG rally_openstack.wrappers.network [-] CIDR generated: 1.1.6.164/30
2020-04-10 07:42:55.001 2694 RALLYDEBUG rally_openstack.wrappers.network [-] CIDR generated: 1.1.6.168/30
2020-04-10 07:42:55.657 2704 RALLYDEBUG rally_openstack.wrappers.network [-] CIDR generated: 1.1.6.172/30
2020-04-10 07:42:56.770 2682 RALLYDEBUG rally_openstack.wrappers.network [-] CIDR generated: 1.1.6.176/30
2020-04-10 07:42:58.791 2673 RALLYDEBUG rally_openstack.wrappers.network [-] CIDR generated: 1.1.6.180/30
2020-04-10 07:42:59.429 2685 RALLYDEBUG rally_openstack.wrappers.network [-] CIDR generated: 1.1.6.184/30
2020-04-10 07:43:00.263 2689 RALLYDEBUG rally_openstack.wrappers.network [-] CIDR generated: 1.1.6.188/30
2020-04-10 07:43:03.361 2672 RALLYDEBUG rally_openstack.wrappers.network [-] CIDR generated: 1.1.6.192/30
2020-04-10 07:43:03.382 2722 RALLYDEBUG rally_openstack.wrappers.network [-] CIDR generated: 1.1.6.196/30
2020-04-10 07:43:05.180 2677 RALLYDEBUG rally_openstack.wrappers.network [-] CIDR generated: 1.1.6.200/30
2020-04-10 07:43:05.786 2720 RALLYDEBUG rally_openstack.wrappers.network [-] CIDR generated: 1.1.6.204/30
2020-04-10 07:43:06.153 2697 RALLYDEBUG rally_openstack.wrappers.network [-] CIDR generated: 1.1.6.208/30
2020-04-10 07:43:06.677 2671 RALLYDEBUG rally_openstack.wrappers.network [-] CIDR generated: 1.1.6.212/30
2020-04-10 07:43:06.712 2716 RALLYDEBUG rally_openstack.wrappers.network [-] CIDR generated: 1.1.6.216/30
2020-04-10 07:43:06.915 2704 RALLYDEBUG rally_openstack.wrappers.network [-] CIDR generated: 1.1.6.220/30
2020-04-10 07:43:55.483 2710 INFO rally.task.runner [-] Task de124b79-731d-422e-b910-cc865513f57f | ITER: 21 END: OK
2020-04-10 07:44:07.736 2690 INFO rally.task.runner [-] Task de124b79-731d-422e-b910-cc865513f57f | ITER: 23 END: OK
2020-04-10 07:44:09.895 2674 INFO rally.task.runner [-] Task de124b79-731d-422e-b910-cc865513f57f | ITER: 22 END: OK
2020-04-10 07:44:18.377 2675 INFO rally.task.runner [-] Task de124b79-731d-422e-b910-cc865513f57f | ITER: 30 END: OK
2020-04-10 07:44:19.870 2707 INFO rally.task.runner [-] Task de124b79-731d-422e-b910-cc865513f57f | ITER: 26 END: OK
2020-04-10 07:44:19.873 2701 INFO rally.task.runner [-] Task de124b79-731d-422e-b910-cc865513f57f | ITER: 25 END: OK
2020-04-10 07:44:19.890 2713 INFO rally.task.runner [-] Task de124b79-731d-422e-b910-cc865513f57f | ITER: 24 END: OK
2020-04-10 07:44:28.232 2694 INFO rally.task.runner [-] Task de124b79-731d-422e-b910-cc865513f57f | ITER: 27 END: OK
2020-04-10 07:44:30.819 2673 INFO rally.task.runner [-] Task de124b79-731d-422e-b910-cc865513f57f | ITER: 29 END: OK
2020-04-10 07:44:31.056 2682 INFO rally.task.runner [-] Task de124b79-731d-422e-b910-cc865513f57f | ITER: 28 END: OK
2020-04-10 07:44:32.691 2689 INFO rally.task.runner [-] Task de124b79-731d-422e-b910-cc865513f57f | ITER: 36 END: OK
2020-04-10 07:44:34.485 2685 INFO rally.task.runner [-] Task de124b79-731d-422e-b910-cc865513f57f | ITER: 31 END: OK
2020-04-10 07:44:35.786 2672 INFO rally.task.runner [-] Task de124b79-731d-422e-b910-cc865513f57f | ITER: 38 END: OK
2020-04-10 07:44:36.095 2677 INFO rally.task.runner [-] Task de124b79-731d-422e-b910-cc865513f57f | ITER: 35 END: OK
2020-04-10 07:44:37.283 2720 INFO rally.task.runner [-] Task de124b79-731d-422e-b910-cc865513f57f | ITER: 33 END: OK
2020-04-10 07:44:38.775 2671 INFO rally.task.runner [-] Task de124b79-731d-422e-b910-cc865513f57f | ITER: 34 END: OK
2020-04-10 07:44:39.380 2697 INFO rally.task.runner [-] Task de124b79-731d-422e-b910-cc865513f57f | ITER: 37 END: OK
2020-04-10 07:44:39.432 2716 INFO rally.task.runner [-] Task de124b79-731d-422e-b910-cc865513f57f | ITER: 39 END: OK
2020-04-10 07:44:39.756 2722 INFO rally.task.runner [-] Task de124b79-731d-422e-b910-cc865513f57f | ITER: 32 END: OK
2020-04-10 07:44:39.897 2704 INFO rally.task.runner [-] Task de124b79-731d-422e-b910-cc865513f57f | ITER: 40 END: OK
2020-04-10 07:44:39.931 15 INFO rally.task.context [-] Task de124b79-731d-422e-b910-cc865513f57f | Context cleanup@openstack cleanup() started
2020-04-10 07:44:39.940 15 RALLYDEBUG rally_openstack.cleanup.manager [-] Cleaning up neutron vip objects
2020-04-10 07:44:40.174 15 RALLYDEBUG rally_openstack.cleanup.manager [-] Cleaning up neutron health_monitor objects
2020-04-10 07:44:40.384 15 RALLYDEBUG rally_openstack.cleanup.manager [-] Cleaning up neutron pool objects
2020-04-10 07:44:40.587 15 RALLYDEBUG rally_openstack.cleanup.manager [-] Cleaning up neutron loadbalancer objects
2020-04-10 07:44:40.778 15 RALLYDEBUG rally_openstack.cleanup.manager [-] Cleaning up neutron floatingip objects
2020-04-10 07:44:41.016 15 RALLYDEBUG rally_openstack.cleanup.manager [-] Cleaning up neutron trunk objects
2020-04-10 07:44:41.182 15 DEBUG neutronclient.v2_0.client [-] Error message: {"NeutronError": {"message": "Invalid input for operation: 'tenant_id' is not supported for filtering.", "type": "InvalidInput", "detail": ""}} _handle_fault_response /usr/lib/python2.7/site-packages/neutronclient/v2_0/client.py:259
2020-04-10 07:44:41.208 15 DEBUG neutronclient.v2_0.client [-] Error message: {"NeutronError": {"message": "Invalid input for operation: 'tenant_id' is not supported for filtering.", "type": "InvalidInput", "detail": ""}} _handle_fault_response /usr/lib/python2.7/site-packages/neutronclient/v2_0/client.py:259
2020-04-10 07:44:41.237 15 DEBUG neutronclient.v2_0.client [-] Error message: {"NeutronError": {"message": "Invalid input for operation: 'tenant_id' is not supported for filtering.", "type": "InvalidInput", "detail": ""}} _handle_fault_response /usr/lib/python2.7/site-packages/neutronclient/v2_0/client.py:259
2020-04-10 07:44:41.238 15 ERROR rally_openstack.cleanup.manager [-] Seems like rally_openstack.cleanup.resources.NeutronTrunk.list(self) method is broken. It shouldn't raise any exceptions.: BadRequest: Invalid input for operation: 'tenant_id' is not supported for filtering. Neutron server returns request_ids: ['req-1d983263-c5a0-4d9b-9607-026cf11772ac']
2020-04-10 07:44:41.238 15 ERROR rally_openstack.cleanup.manager
Traceback (most recent call last):
2020-04-10 07:44:41.238 15 ERROR rally_openstack.cleanup.manager
File "/usr/lib/python2.7/site-packages/rally_openstack/cleanup/manager.py", line 133, in _publish
2020-04-10 07:44:41.238 15 ERROR rally_openstack.cleanup.manager for raw_resource in rutils.retry(3, manager.list):
2020-04-10 07:44:41.238 15 ERROR rally_openstack.cleanup.manager
File "/usr/lib/python2.7/site-packages/rally/common/utils.py", line 230, in retry
2020-04-10 07:44:41.238 15 ERROR rally_openstack.cleanup.manager return func(*args, **kwargs)
2020-04-10 07:44:41.238 15 ERROR rally_openstack.cleanup.manager
File "/usr/lib/python2.7/site-packages/rally_openstack/cleanup/resources.py", line 396, in list
2020-04-10 07:44:41.238 15 ERROR rally_openstack.cleanup.manager return super(NeutronTrunk, self).list()
2020-04-10 07:44:41.238 15 ERROR rally_openstack.cleanup.manager
File "/usr/lib/python2.7/site-packages/rally_openstack/cleanup/resources.py", line 273, in list
2020-04-10 07:44:41.238 15 ERROR rally_openstack.cleanup.manager result = list_method(tenant_id=self.tenant_uuid)[resources]
2020-04-10 07:44:41.238 15 ERROR rally_openstack.cleanup.manager
File "/usr/lib/python2.7/site-packages/neutronclient/v2_0/client.py", line 2105, in list_trunks
2020-04-10 07:44:41.238 15 ERROR rally_openstack.cleanup.manager **_params)
2020-04-10 07:44:41.238 15 ERROR rally_openstack.cleanup.manager
File "/usr/lib/python2.7/site-packages/neutronclient/v2_0/client.py", line 369, in list
2020-04-10 07:44:41.238 15 ERROR rally_openstack.cleanup.manager for r in self._pagination(collection, path, **params):
2020-04-10 07:44:41.238 15 ERROR rally_openstack.cleanup.manager
