2020-04-10 05:41:48.516 849 RALLYDEBUG rally.task.utils [-] Waiting for resource u'b580449a-3120-458e-ab43-7ce150fe13fa'. Status changed: NONE => QUEUED in 0.0682859420776
2020-04-10 05:41:48.897 851 RALLYDEBUG rally.task.utils [-] Waiting for resource u'313baa98-49be-4f4e-810c-3ca4ad530c60'. Status changed: NONE => QUEUED in 0.0663030147552
2020-04-10 05:41:49.036 852 RALLYDEBUG rally.task.utils [-] Waiting for resource u'b7464309-e150-49da-a8c8-90f570114163'. Status changed: NONE => QUEUED in 0.0742070674896
2020-04-10 05:41:49.133 850 RALLYDEBUG rally.task.utils [-] Waiting for resource u'9f657d17-9712-4232-9b8f-ea9c65c91125'. Status changed: NONE => QUEUED in 0.0665059089661
2020-04-10 05:41:49.782 849 RALLYDEBUG rally.task.utils [-] Waiting for resource s_rally_1a3e2e97_XwpAiiki. Status changed: QUEUED => ACTIVE in 0.0329871177673
2020-04-10 05:41:50.899 851 RALLYDEBUG rally.task.utils [-] Waiting for resource s_rally_1a3e2e97_rK2gMGGZ. Status changed: QUEUED => ACTIVE in 0.0398190021515
2020-04-10 05:41:50.909 852 RALLYDEBUG rally.task.utils [-] Waiting for resource s_rally_1a3e2e97_aPgDx0FO. Status changed: QUEUED => ACTIVE in 0.0389788150787
2020-04-10 05:41:51.724 850 RALLYDEBUG rally.task.utils [-] Waiting for resource s_rally_1a3e2e97_tNL9oJb4. Status changed: QUEUED => ACTIVE in 0.0372729301453
2020-04-10 05:41:52.066 849 INFO rally.task.runner [-] Task 727bff16-b207-4063-9fcb-52d06c25c345 | ITER: 5 END: OK
2020-04-10 05:41:52.071 849 INFO rally.task.runner [-] Task 727bff16-b207-4063-9fcb-52d06c25c345 | ITER: 9 START
2020-04-10 05:41:52.109 851 INFO rally.task.runner [-] Task 727bff16-b207-4063-9fcb-52d06c25c345 | ITER: 6 END: OK
2020-04-10 05:41:52.114 851 INFO rally.task.runner [-] Task 727bff16-b207-4063-9fcb-52d06c25c345 | ITER: 10 START
2020-04-10 05:41:52.132 852 INFO rally.task.runner [-] Task 727bff16-b207-4063-9fcb-52d06c25c345 | ITER: 7 END: OK
2020-04-10 05:41:52.495 850 INFO rally.task.runner [-] Task 727bff16-b207-4063-9fcb-52d06c25c345 | ITER: 8 END: OK
2020-04-10 05:41:54.627 851 RALLYDEBUG rally.task.utils [-] Waiting for resource u'5706cea3-e392-44d4-ae32-bfef433744de'. Status changed: NONE => QUEUED in 0.0760200023651
2020-04-10 05:41:54.725 849 RALLYDEBUG rally.task.utils [-] Waiting for resource u'94e2d56f-6db6-45db-8b08-1aeb1d7f28c9'. Status changed: NONE => QUEUED in 0.0681538581848
2020-04-10 05:41:55.576 851 RALLYDEBUG rally.task.utils [-] Waiting for resource s_rally_1a3e2e97_aSf2IB1x. Status changed: QUEUED => ACTIVE in 0.0411150455475
2020-04-10 05:41:55.682 849 RALLYDEBUG rally.task.utils [-] Waiting for resource s_rally_1a3e2e97_2OLQRRje. Status changed: QUEUED => ACTIVE in 0.0386848449707
2020-04-10 05:41:56.226 851 INFO rally.task.runner [-] Task 727bff16-b207-4063-9fcb-52d06c25c345 | ITER: 10 END: OK
2020-04-10 05:41:56.390 849 INFO rally.task.runner [-] Task 727bff16-b207-4063-9fcb-52d06c25c345 | ITER: 9 END: OK
2020-04-10 05:41:56.415 725 INFO rally.task.context [-] Task 727bff16-b207-4063-9fcb-52d06c25c345 | Context cleanup@openstack cleanup() started
2020-04-10 05:41:56.418 725 RALLYDEBUG rally_openstack.cleanup.manager [-] Cleaning up glance images objects
2020-04-10 05:41:57.411 725 INFO rally.task.context [-] Task 727bff16-b207-4063-9fcb-52d06c25c345 | Context cleanup@openstack cleanup() finished in 1.00 sec
2020-04-10 05:41:57.411 725 INFO rally.task.context [-] Task 727bff16-b207-4063-9fcb-52d06c25c345 | Context users@openstack cleanup() started
2020-04-10 05:42:03.017 725 INFO rally.task.context [-] Task 727bff16-b207-4063-9fcb-52d06c25c345 | Context users@openstack cleanup() finished in 5.61 sec
2020-04-10 05:42:04.259 725 INFO rally.task.engine [-] Load duration is: 15.094697
2020-04-10 05:42:04.260 725 INFO rally.task.engine [-] Full runner duration is: 15.54587
2020-04-10 05:42:04.260 725 INFO rally.task.engine [-] Full duration is: 24.882414
2020-04-10 05:42:04.325 725 INFO rally.task.engine [-] Running workload: position = 0 config = { "version": 2, "title": "A cropped version of a bigger task.", "description": "Auto-generated task from a single workload (uuid=e4bc285a-bb28-4a0f-a087-981f37a8c441)", "subtasks": [ { "title": "GlanceImages.create_and_list_image", "description": "Create an image and then list all images.", "scenario": { "GlanceImages.create_and_list_image": { "container_format": "bare", "disk_format": "qcow2", "image_location": "/home/opnfv/functest/images/cirros-0.4.0-x86_64-disk.img" } }, "contexts": { "users": { "tenants": 3, "users_per_tenant": 2 } }, "runner": { "constant": { "concurrency": 4, "times": 10 } }, "hooks": [], "sla": { "failure_rate": { "max": 0 } } } ] }
2020-04-10 05:42:04.346 725 RALLYDEBUG rally_openstack.contexts.keystone.users [-] Creating 3 tenants using 20 threads
2020-04-10 05:42:04.750 725 RALLYDEBUG rally_openstack.contexts.keystone.users [-] Creating 6 users using 20 threads
2020-04-10 05:42:05.627 725 INFO rally.task.context [-] Task 727bff16-b207-4063-9fcb-52d06c25c345 | Context users@openstack setup() finished in 1.28 sec
2020-04-10 05:42:05.628 725 INFO rally.task.context [-] Task 727bff16-b207-4063-9fcb-52d06c25c345 | Context cleanup@openstack setup() finished in 0.01 msec
2020-04-10 05:42:05.637 725 RALLYDEBUG rally.task.runner [-] Starting the constant runner (task UUID: 727bff16-b207-4063-9fcb-52d06c25c345). timeout: 0 concurrency: 4 concurrency_per_worker: 1 times: 10 concurrency_overhead: 0 processes_to_start: 4 max_cpu_used: 88
2020-04-10 05:42:05.648 973 RALLYDEBUG rally.task.runner [-] Starting a worker. concurrency: 1 args: {"container_format": "bare", "disk_format": "qcow2", "image_location": "/home/opnfv/functest/images/cirros-0.4.0-x86_64-disk.img"} times: 10 method_name: run timeout: 0 duration: None cls:
2020-04-10 05:42:05.651 974 RALLYDEBUG rally.task.runner [-] Starting a worker. concurrency: 1 args: {"container_format": "bare", "disk_format": "qcow2", "image_location": "/home/opnfv/functest/images/cirros-0.4.0-x86_64-disk.img"} times: 10 method_name: run timeout: 0 duration: None cls:
2020-04-10 05:42:05.653 975 RALLYDEBUG rally.task.runner [-] Starting a worker. concurrency: 1 args: {"container_format": "bare", "disk_format": "qcow2", "image_location": "/home/opnfv/functest/images/cirros-0.4.0-x86_64-disk.img"} times: 10 method_name: run timeout: 0 duration: None cls:
2020-04-10 05:42:05.655 973 INFO rally.task.runner [-] Task 727bff16-b207-4063-9fcb-52d06c25c345 | ITER: 1 START
2020-04-10 05:42:05.658 974 INFO rally.task.runner [-] Task 727bff16-b207-4063-9fcb-52d06c25c345 | ITER: 2 START
2020-04-10 05:42:05.660 975 INFO rally.task.runner [-] Task 727bff16-b207-4063-9fcb-52d06c25c345 | ITER: 3 START
2020-04-10 05:42:05.665 976 RALLYDEBUG rally.task.runner [-] Starting a worker. concurrency: 1 args: {"container_format": "bare", "disk_format": "qcow2", "image_location": "/home/opnfv/functest/images/cirros-0.4.0-x86_64-disk.img"} times: 10 method_name: run timeout: 0 duration: None cls:
2020-04-10 05:42:05.671 976 INFO rally.task.runner [-] Task 727bff16-b207-4063-9fcb-52d06c25c345 | ITER: 4 START
2020-04-10 05:42:08.402 974 RALLYDEBUG rally.task.utils [-] Waiting for resource u'35b095e4-9832-49ae-bdf4-86dffad5147d'. Status changed: NONE => QUEUED in 0.0725159645081
2020-04-10 05:42:08.453 976 RALLYDEBUG rally.task.utils [-] Waiting for resource u'59bda032-7955-4e3c-a3d0-1f6ba20d4b23'. Status changed: NONE => QUEUED in 0.0642120838165
2020-04-10 05:42:08.491 973 RALLYDEBUG rally.task.utils [-] Waiting for resource u'4fd52172-be22-41b0-aa43-aeae6076a9f9'. Status changed: NONE => QUEUED in 0.0680661201477
2020-04-10 05:42:08.638 975 RALLYDEBUG rally.task.utils [-] Waiting for resource u'a0ae95a3-9315-471b-a960-144c6ebcf1b2'. Status changed: NONE => QUEUED in 0.169211149216
2020-04-10 05:42:09.613 974 RALLYDEBUG rally.task.utils [-] Waiting for resource s_rally_e4bc285a_12nMau79. Status changed: QUEUED => ACTIVE in 0.0612239837646
2020-04-10 05:42:09.692 974 INFO rally.task.runner [-] Task 727bff16-b207-4063-9fcb-52d06c25c345 | ITER: 2 END: OK
2020-04-10 05:42:09.697 974 INFO rally.task.runner [-] Task 727bff16-b207-4063-9fcb-52d06c25c345 | ITER: 5 START
2020-04-10 05:42:09.757 975 RALLYDEBUG rally.task.utils [-] Waiting for resource s_rally_e4bc285a_QpymJQWp. Status changed: QUEUED => ACTIVE in 0.0302639007568
2020-04-10 05:42:09.796 976 RALLYDEBUG rally.task.utils [-] Waiting for resource s_rally_e4bc285a_aLEez2jg. Status changed: QUEUED => ACTIVE in 0.0406351089478
2020-04-10 05:42:09.829 975 INFO rally.task.runner [-] Task 727bff16-b207-4063-9fcb-52d06c25c345 | ITER: 3 END: OK
2020-04-10 05:42:09.834 975 INFO rally.task.runner [-] Task 727bff16-b207-4063-9fcb-52d06c25c345 | ITER: 6 START
2020-04-10 05:42:09.842 976 INFO rally.task.runner [-] Task 727bff16-b207-4063-9fcb-52d06c25c345 | ITER: 4 END: OK
2020-04-10 05:42:09.847 976 INFO rally.task.runner [-] Task 727bff16-b207-4063-9fcb-52d06c25c345 | ITER: 7 START
2020-04-10 05:42:09.878 973 RALLYDEBUG rally.task.utils [-] Waiting for resource s_rally_e4bc285a_xy6mOZZ0. Status changed: QUEUED => ACTIVE in 0.0338208675385
2020-04-10 05:42:09.946 973 INFO rally.task.runner [-] Task 727bff16-b207-4063-9fcb-52d06c25c345 | ITER: 1 END: OK
2020-04-10 05:42:09.951 973 INFO rally.task.runner [-] Task 727bff16-b207-4063-9fcb-52d06c25c345 | ITER: 8 START
2020-04-10 05:42:12.195 974 RALLYDEBUG rally.task.utils [-] Waiting for resource u'c28ed1ef-d6bf-4a34-b588-c5e80426ad58'. Status changed: NONE => QUEUED in 0.0624670982361
2020-04-10 05:42:12.298 976 RALLYDEBUG rally.task.utils [-] Waiting for resource u'742702a8-c40d-4782-ad89-e88b0fa47428'. Status changed: NONE => QUEUED in 0.0690898895264
2020-04-10 05:42:12.432 975 RALLYDEBUG rally.task.utils [-] Waiting for resource u'10619146-cbeb-4df0-9cb8-a4c0b61ff959'. Status changed: NONE => QUEUED in 0.0665678977966
2020-04-10 05:42:12.605 973 RALLYDEBUG rally.task.utils [-] Waiting for resource u'e2ea54f2-6caf-421e-8914-bb1ef25d6825'. Status changed: NONE => QUEUED in 0.0588891506195
2020-04-10 05:42:13.247 976 RALLYDEBUG rally.task.utils [-] Waiting for resource s_rally_e4bc285a_lqgU2XmJ. Status changed: QUEUED => ACTIVE in 0.0375330448151
2020-04-10 05:42:13.327 976 INFO rally.task.runner [-] Task 727bff16-b207-4063-9fcb-52d06c25c345 | ITER: 7 END: OK
2020-04-10 05:42:13.331 976 INFO rally.task.runner [-] Task 727bff16-b207-4063-9fcb-52d06c25c345 | ITER: 9 START
2020-04-10 05:42:13.392 974 RALLYDEBUG rally.task.utils [-] Waiting for resource s_rally_e4bc285a_ef3u7vTe. Status changed: QUEUED => ACTIVE in 0.0461668968201
2020-04-10 05:42:13.436 975 RALLYDEBUG rally.task.utils [-] Waiting for resource s_rally_e4bc285a_G4XOPSw5. Status changed: QUEUED => ACTIVE in 0.0366458892822
2020-04-10 05:42:13.450 974 INFO rally.task.runner [-] Task 727bff16-b207-4063-9fcb-52d06c25c345 | ITER: 5 END: OK
2020-04-10 05:42:13.455 974 INFO rally.task.runner [-] Task 727bff16-b207-4063-9fcb-52d06c25c345 | ITER: 10 START
2020-04-10 05:42:13.494 975 INFO rally.task.runner [-] Task 727bff16-b207-4063-9fcb-52d06c25c345 | ITER: 6 END: OK
2020-04-10 05:42:13.513 973 RALLYDEBUG rally.task.utils [-] Waiting for resource s_rally_e4bc285a_qcSEXcHa. Status changed: QUEUED => ACTIVE in 0.0292959213257
2020-04-10 05:42:13.576 973 INFO rally.task.runner [-] Task 727bff16-b207-4063-9fcb-52d06c25c345 | ITER: 8 END: OK
2020-04-10 05:42:16.244 976 RALLYDEBUG rally.task.utils [-] Waiting for resource u'06159e9e-cf4f-4eac-95b6-a17d2981cf9d'. Status changed: NONE => QUEUED in 0.0666079521179
2020-04-10 05:42:16.276 974 RALLYDEBUG rally.task.utils [-] Waiting for resource u'a57766ef-fd62-4398-9146-4a4c93dee415'. Status changed: NONE => QUEUED in 0.0605330467224
2020-04-10 05:42:17.457 976 RALLYDEBUG rally.task.utils [-] Waiting for resource s_rally_e4bc285a_1y51JJvs. Status changed: QUEUED => ACTIVE in 0.0441188812256
2020-04-10 05:42:17.524 976 INFO rally.task.runner [-] Task 727bff16-b207-4063-9fcb-52d06c25c345 | ITER: 9 END: OK
2020-04-10 05:42:17.649 974 RALLYDEBUG rally.task.utils [-] Waiting for resource s_rally_e4bc285a_EUI8w9Eb. Status changed: QUEUED => ACTIVE in 0.0435738563538
2020-04-10 05:42:17.717 974 INFO rally.task.runner [-] Task 727bff16-b207-4063-9fcb-52d06c25c345 | ITER: 10 END: OK
2020-04-10 05:42:17.738 725 INFO rally.task.context [-] Task 727bff16-b207-4063-9fcb-52d06c25c345 | Context cleanup@openstack cleanup() started
2020-04-10 05:42:17.747 725 RALLYDEBUG rally_openstack.cleanup.manager [-] Cleaning up glance images objects
2020-04-10 05:42:18.712 725 RALLYDEBUG rally_openstack.cleanup.manager [-] Deleting glance.images object s_rally_e4bc285a_EUI8w9Eb (a57766ef-fd62-4398-9146-4a4c93dee415)
2020-04-10 05:42:18.715 725 RALLYDEBUG rally_openstack.cleanup.manager [-] Deleting glance.images object s_rally_e4bc285a_aLEez2jg (59bda032-7955-4e3c-a3d0-1f6ba20d4b23)
2020-04-10 05:42:18.721 725 RALLYDEBUG rally_openstack.cleanup.manager [-] Deleting glance.images object s_rally_e4bc285a_1y51JJvs (06159e9e-cf4f-4eac-95b6-a17d2981cf9d)
2020-04-10 05:42:18.719 725 RALLYDEBUG rally_openstack.cleanup.manager [-] Deleting glance.images object s_rally_e4bc285a_qcSEXcHa (e2ea54f2-6caf-421e-8914-bb1ef25d6825)
2020-04-10 05:42:18.734 725 RALLYDEBUG rally_openstack.cleanup.manager [-] Deleting glance.images object s_rally_e4bc285a_ef3u7vTe (c28ed1ef-d6bf-4a34-b588-c5e80426ad58)
2020-04-10 05:42:18.730 725 RALLYDEBUG rally_openstack.cleanup.manager [-] Deleting glance.images object s_rally_e4bc285a_12nMau79 (35b095e4-9832-49ae-bdf4-86dffad5147d)
2020-04-10 05:42:18.744 725 RALLYDEBUG rally_openstack.cleanup.manager [-] Deleting glance.images object s_rally_e4bc285a_QpymJQWp (a0ae95a3-9315-471b-a960-144c6ebcf1b2)
2020-04-10 05:42:18.776 725 RALLYDEBUG rally_openstack.cleanup.manager [-] Deleting glance.images object s_rally_e4bc285a_G4XOPSw5 (10619146-cbeb-4df0-9cb8-a4c0b61ff959)
2020-04-10 05:42:18.788 725 RALLYDEBUG rally_openstack.cleanup.manager [-] Deleting glance.images object s_rally_e4bc285a_lqgU2XmJ (742702a8-c40d-4782-ad89-e88b0fa47428)
2020-04-10 05:42:18.809 725 RALLYDEBUG rally_openstack.cleanup.manager [-] Deleting glance.images object s_rally_e4bc285a_xy6mOZZ0 (4fd52172-be22-41b0-aa43-aeae6076a9f9)
2020-04-10 05:42:19.635 725 DEBUG glanceclient.common.http [-] Request returned failure status 404. _handle_response /usr/lib/python2.7/site-packages/glanceclient/common/http.py:125
2020-04-10 05:42:19.691 725 DEBUG glanceclient.common.http [-] Request returned failure status 404. _handle_response /usr/lib/python2.7/site-packages/glanceclient/common/http.py:125
2020-04-10 05:42:19.955 725 DEBUG glanceclient.common.http [-] Request returned failure status 404. _handle_response /usr/lib/python2.7/site-packages/glanceclient/common/http.py:125
2020-04-10 05:42:19.990 725 DEBUG glanceclient.common.http [-] Request returned failure status 404. _handle_response /usr/lib/python2.7/site-packages/glanceclient/common/http.py:125
2020-04-10 05:42:20.275 725 DEBUG glanceclient.common.http [-] Request returned failure status 404. _handle_response /usr/lib/python2.7/site-packages/glanceclient/common/http.py:125
2020-04-10 05:42:20.303 725 DEBUG glanceclient.common.http [-] Request returned failure status 404. _handle_response /usr/lib/python2.7/site-packages/glanceclient/common/http.py:125
2020-04-10 05:42:20.307 725 DEBUG glanceclient.common.http [-] Request returned failure status 404. _handle_response /usr/lib/python2.7/site-packages/glanceclient/common/http.py:125
2020-04-10 05:42:20.341 725 DEBUG glanceclient.common.http [-] Request returned failure status 404. _handle_response /usr/lib/python2.7/site-packages/glanceclient/common/http.py:125
2020-04-10 05:42:20.358 725 DEBUG glanceclient.common.http [-] Request returned failure status 404. _handle_response /usr/lib/python2.7/site-packages/glanceclient/common/http.py:125
2020-04-10 05:42:20.396 725 DEBUG glanceclient.common.http [-] Request returned failure status 404. _handle_response /usr/lib/python2.7/site-packages/glanceclient/common/http.py:125
2020-04-10 05:42:20.481 725 DEBUG glanceclient.common.http [-] Request returned failure status 404. _handle_response /usr/lib/python2.7/site-packages/glanceclient/common/http.py:125
2020-04-10 05:42:20.518 725 DEBUG glanceclient.common.http [-] Request returned failure status 404. _handle_response /usr/lib/python2.7/site-packages/glanceclient/common/http.py:125
2020-04-10 05:42:20.635 725 DEBUG glanceclient.common.http [-] Request returned failure status 404. _handle_response /usr/lib/python2.7/site-packages/glanceclient/common/http.py:125
2020-04-10 05:42:20.675 725 DEBUG glanceclient.common.http [-] Request returned failure status 404. _handle_response /usr/lib/python2.7/site-packages/glanceclient/common/http.py:125
2020-04-10 05:42:20.680 725 DEBUG glanceclient.common.http [-] Request returned failure status 404. _handle_response /usr/lib/python2.7/site-packages/glanceclient/common/http.py:125
2020-04-10 05:42:20.714 725 DEBUG glanceclient.common.http [-] Request returned failure status 404. _handle_response /usr/lib/python2.7/site-packages/glanceclient/common/http.py:125
2020-04-10 05:42:20.758 725 DEBUG glanceclient.common.http [-] Request returned failure status 404. _handle_response /usr/lib/python2.7/site-packages/glanceclient/common/http.py:125
2020-04-10 05:42:20.790 725 DEBUG glanceclient.common.http [-] Request returned failure status 404. _handle_response /usr/lib/python2.7/site-packages/glanceclient/common/http.py:125
2020-04-10 05:42:20.795 725 DEBUG glanceclient.common.http [-] Request returned failure status 404. _handle_response /usr/lib/python2.7/site-packages/glanceclient/common/http.py:125
2020-04-10 05:42:20.834 725 DEBUG glanceclient.common.http [-] Request returned failure status 404. _handle_response /usr/lib/python2.7/site-packages/glanceclient/common/http.py:125
2020-04-10 05:42:21.837 725 INFO rally.task.context [-] Task 727bff16-b207-4063-9fcb-52d06c25c345 | Context cleanup@openstack cleanup() finished in 4.10 sec
2020-04-10 05:42:21.838 725 INFO rally.task.context [-] Task 727bff16-b207-4063-9fcb-52d06c25c345 | Context users@openstack cleanup() started
2020-04-10 05:42:27.512 725 INFO rally.task.context [-] Task 727bff16-b207-4063-9fcb-52d06c25c345 | Context users@openstack cleanup() finished in 5.67 sec
2020-04-10 05:42:28.694 725 INFO rally.task.engine [-] Load duration is: 11.704017
2020-04-10 05:42:28.694 725 INFO rally.task.engine [-] Full runner duration is: 12.100368
2020-04-10 05:42:28.695 725 INFO rally.task.engine [-] Full duration is: 23.168758
2020-04-10 05:42:28.757 725 INFO rally.task.engine [-] Running workload: position = 0 config = { "version": 2, "title": "A cropped version of a bigger task.", "description": "Auto-generated task from a single workload (uuid=de35524f-d219-4b6c-a856-3257e73c5eae)", "subtasks": [ { "title": "GlanceImages.list_images", "description": "List all images.", "scenario": { "GlanceImages.list_images": {} }, "contexts": { "users": { "tenants": 3, "users_per_tenant": 2 } }, "runner": { "constant": { "concurrency": 4, "times": 10 } }, "hooks": [], "sla": { "failure_rate": { "max": 0 } } } ] }
2020-04-10 05:42:28.779 725 RALLYDEBUG rally_openstack.contexts.keystone.users [-] Creating 3 tenants using 20 threads
2020-04-10 05:42:29.588 725 RALLYDEBUG rally_openstack.contexts.keystone.users [-] Creating 6 users using 20 threads
2020-04-10 05:42:30.836 725 INFO rally.task.context [-] Task 727bff16-b207-4063-9fcb-52d06c25c345 | Context users@openstack setup() finished in 2.06 sec
2020-04-10 05:42:30.846 725 RALLYDEBUG rally.task.runner [-] Starting the constant runner (task UUID: 727bff16-b207-4063-9fcb-52d06c25c345). timeout: 0 concurrency: 4 concurrency_per_worker: 1 times: 10 concurrency_overhead: 0 processes_to_start: 4 max_cpu_used: 88
2020-04-10 05:42:30.859 1097 RALLYDEBUG rally.task.runner [-] Starting a worker. concurrency: 1 args: {} times: 10 method_name: run timeout: 0 duration: None cls:
2020-04-10 05:42:30.862 1098 RALLYDEBUG rally.task.runner [-] Starting a worker. concurrency: 1 args: {} times: 10 method_name: run timeout: 0 duration: None cls:
2020-04-10 05:42:30.865 1099 RALLYDEBUG rally.task.runner [-] Starting a worker. concurrency: 1 args: {} times: 10 method_name: run timeout: 0 duration: None cls:
2020-04-10 05:42:30.866 1097 INFO rally.task.runner [-] Task 727bff16-b207-4063-9fcb-52d06c25c345 | ITER: 1 START
2020-04-10 05:42:30.869 1098 INFO rally.task.runner [-] Task 727bff16-b207-4063-9fcb-52d06c25c345 | ITER: 2 START
2020-04-10 05:42:30.869 1100 RALLYDEBUG rally.task.runner [-] Starting a worker. concurrency: 1 args: {} times: 10 method_name: run timeout: 0 duration: None cls:
2020-04-10 05:42:30.872 1099 INFO rally.task.runner [-] Task 727bff16-b207-4063-9fcb-52d06c25c345 | ITER: 3 START
2020-04-10 05:42:30.875 1100 INFO rally.task.runner [-] Task 727bff16-b207-4063-9fcb-52d06c25c345 | ITER: 4 START
2020-04-10 05:42:31.396 1098 INFO rally.task.runner [-] Task 727bff16-b207-4063-9fcb-52d06c25c345 | ITER: 2 END: OK
2020-04-10 05:42:31.401 1098 INFO rally.task.runner [-] Task 727bff16-b207-4063-9fcb-52d06c25c345 | ITER: 5 START
2020-04-10 05:42:31.426 1099 INFO rally.task.runner [-] Task 727bff16-b207-4063-9fcb-52d06c25c345 | ITER: 3 END: OK
2020-04-10 05:42:31.430 1099 INFO rally.task.runner [-] Task 727bff16-b207-4063-9fcb-52d06c25c345 | ITER: 6 START
2020-04-10 05:42:31.446 1097 INFO rally.task.runner [-] Task 727bff16-b207-4063-9fcb-52d06c25c345 | ITER: 1 END: OK
2020-04-10 05:42:31.451 1097 INFO rally.task.runner [-] Task 727bff16-b207-4063-9fcb-52d06c25c345 | ITER: 7 START
2020-04-10 05:42:31.511 1100 INFO rally.task.runner [-] Task 727bff16-b207-4063-9fcb-52d06c25c345 | ITER: 4 END: OK
2020-04-10 05:42:31.515 1100 INFO rally.task.runner [-] Task 727bff16-b207-4063-9fcb-52d06c25c345 | ITER: 8 START
2020-04-10 05:42:31.783 1099 INFO rally.task.runner [-] Task 727bff16-b207-4063-9fcb-52d06c25c345 | ITER: 6 END: OK
2020-04-10 05:42:31.787 1099 INFO rally.task.runner [-] Task 727bff16-b207-4063-9fcb-52d06c25c345 | ITER: 9 START
2020-04-10 05:42:31.818 1098 INFO rally.task.runner [-] Task 727bff16-b207-4063-9fcb-52d06c25c345 | ITER: 5 END: OK
2020-04-10 05:42:31.822 1098 INFO rally.task.runner [-] Task 727bff16-b207-4063-9fcb-52d06c25c345 | ITER: 10 START
2020-04-10 05:42:31.886 1097 INFO rally.task.runner [-] Task 727bff16-b207-4063-9fcb-52d06c25c345 | ITER: 7 END: OK
2020-04-10 05:42:31.897 1100 INFO rally.task.runner [-] Task 727bff16-b207-4063-9fcb-52d06c25c345 | ITER: 8 END: OK
2020-04-10 05:42:32.098 1099 INFO rally.task.runner [-] Task 727bff16-b207-4063-9fcb-52d06c25c345 | ITER: 9 END: OK
2020-04-10 05:42:32.104 1098 INFO rally.task.runner [-] Task 727bff16-b207-4063-9fcb-52d06c25c345 | ITER: 10 END: OK
2020-04-10 05:42:32.125 725 INFO rally.task.context [-] Task 727bff16-b207-4063-9fcb-52d06c25c345 | Context users@openstack cleanup() started
2020-04-10 05:42:35.642 725 INFO rally.task.context [-] Task 727bff16-b207-4063-9fcb-52d06c25c345 | Context users@openstack cleanup() finished in 3.52 sec
2020-04-10 05:42:36.829 725 INFO rally.task.engine [-] Load duration is: 0.906895
2020-04-10 05:42:36.830 725 INFO rally.task.engine [-] Full runner duration is: 1.279701
2020-04-10 05:42:36.830 725 INFO rally.task.engine [-] Full duration is: 6.864506
2020-04-10 05:42:36.888 725 INFO rally.task.engine [-] Running workload: position = 0 config = { "version": 2, "title": "A cropped version of a bigger task.", "description": "Auto-generated task from a single workload (uuid=01129713-e95f-4909-87b6-69c446683b0c)", "subtasks": [ { "title": "GlanceImages.create_image_and_boot_instances", "description": "Create an image and boot several instances from it.", "scenario": { "GlanceImages.create_image_and_boot_instances": { "container_format": "bare", "disk_format": "qcow2", "image_location": "/home/opnfv/functest/images/cirros-0.4.0-x86_64-disk.img", "flavor": { "name": "rally_full-flavor_e9f87855-92b4-43dc-a728-76f2f712b8ef" }, "number_instances": 2, "boot_server_kwargs": { "nics": [ { "net-id": "ad484902-8d68-40ee-a573-9969c4a22ae7" } ] } } }, "contexts": { "users": { "tenants": 3, "users_per_tenant": 2 }, "quotas": { "nova": { "cores": -1, "floating_ips": -1, "instances": -1, "ram": -1, "security_group_rules": -1, "security_groups": -1 } } }, "runner": { "constant": { "concurrency": 4, "times": 10 } }, "hooks": [], "sla": { "failure_rate": { "max": 0 } } } ] }
2020-04-10 05:42:36.914 725 RALLYDEBUG rally_openstack.contexts.keystone.users [-] Creating 3 tenants using 20 threads
2020-04-10 05:42:37.529 725 RALLYDEBUG rally_openstack.contexts.keystone.users [-] Creating 6 users using 20 threads
2020-04-10 05:42:38.766 725 INFO rally.task.context [-] Task 727bff16-b207-4063-9fcb-52d06c25c345 | Context users@openstack setup() finished in 1.85 sec
2020-04-10 05:42:38.913 725 DEBUG novaclient.v2.client [-] REQ: curl -g -i -X PUT http://compute-airship.intel-pod15.opnfv.org/v2.1/os-quota-sets/e86b8356af424a35a7c664fbf6caf24f -H "Accept: application/json" -H "Content-Type: application/json" -H "User-Agent: python-novaclient" -H "X-Auth-Token: {SHA1}559fbadd270fe8136e99dd4340adbeab8a083555" -d '{"quota_set": {"ram": -1, "floating_ips": -1, "security_group_rules": -1, "instances": -1, "cores": -1, "security_groups": -1}}' _http_log_request /usr/lib/python2.7/site-packages/keystoneauth1/session.py:448
2020-04-10 05:42:39.523 725 DEBUG novaclient.v2.client [-] RESP: [200] Connection: keep-alive Content-Encoding: gzip Content-Type: application/json Date: Fri, 10 Apr 2020 05:42:39 GMT Openstack-Api-Version: compute 2.1 Transfer-Encoding: chunked Vary: Accept-Encoding, OpenStack-API-Version, X-OpenStack-Nova-API-Version X-Compute-Request-Id: req-8a38b538-d8d4-4fcb-afc5-d0f35962b734 X-Openstack-Nova-Api-Version: 2.1 _http_log_response /usr/lib/python2.7/site-packages/keystoneauth1/session.py:479
2020-04-10 05:42:39.523 725 DEBUG novaclient.v2.client [-] RESP BODY: {"quota_set": {"injected_file_content_bytes": 10240, "metadata_items": 128, "server_group_members": 10, "server_groups": 10, "ram": -1, "floating_ips": -1, "key_pairs": 100, "instances": -1, "security_group_rules": -1, "injected_files": 5, "cores": -1, "fixed_ips": -1, "injected_file_path_bytes": 255, "security_groups": -1}} _http_log_response /usr/lib/python2.7/site-packages/keystoneauth1/session.py:511
2020-04-10 05:42:39.524 725 DEBUG novaclient.v2.client [-] PUT call to compute for http://compute-airship.intel-pod15.opnfv.org/v2.1/os-quota-sets/e86b8356af424a35a7c664fbf6caf24f used request id req-8a38b538-d8d4-4fcb-afc5-d0f35962b734 request /usr/lib/python2.7/site-packages/keystoneauth1/session.py:844
2020-04-10 05:42:39.526 725 DEBUG novaclient.v2.client [-] REQ: curl -g -i -X PUT http://compute-airship.intel-pod15.opnfv.org/v2.1/os-quota-sets/831c53441dc245e688a718a9445fa688 -H "Accept: application/json" -H "Content-Type: application/json" -H "User-Agent: python-novaclient" -H "X-Auth-Token: {SHA1}559fbadd270fe8136e99dd4340adbeab8a083555" -d '{"quota_set": {"ram": -1, "floating_ips": -1, "security_group_rules": -1, "instances": -1, "cores": -1, "security_groups": -1}}' _http_log_request /usr/lib/python2.7/site-packages/keystoneauth1/session.py:448
2020-04-10 05:42:39.768 725 DEBUG novaclient.v2.client [-] RESP: [200] Connection: keep-alive Content-Encoding: gzip Content-Type: application/json Date: Fri, 10 Apr 2020 05:42:39 GMT Openstack-Api-Version: compute 2.1 Transfer-Encoding: chunked Vary: Accept-Encoding, OpenStack-API-Version, X-OpenStack-Nova-API-Version X-Compute-Request-Id: req-d1f15145-414c-4fe5-8c3a-99326f93962e X-Openstack-Nova-Api-Version: 2.1 _http_log_response /usr/lib/python2.7/site-packages/keystoneauth1/session.py:479
2020-04-10 05:42:39.769 725 DEBUG novaclient.v2.client [-] RESP BODY: {"quota_set": {"injected_file_content_bytes": 10240, "metadata_items": 128, "server_group_members": 10, "server_groups": 10, "ram": -1, "floating_ips": -1, "key_pairs": 100, "instances": -1, "security_group_rules": -1, "injected_files": 5, "cores": -1, "fixed_ips": -1, "injected_file_path_bytes": 255, "security_groups": -1}} _http_log_response /usr/lib/python2.7/site-packages/keystoneauth1/session.py:511
2020-04-10 05:42:39.769 725 DEBUG novaclient.v2.client [-] PUT call to compute for http://compute-airship.intel-pod15.opnfv.org/v2.1/os-quota-sets/831c53441dc245e688a718a9445fa688 used request id req-d1f15145-414c-4fe5-8c3a-99326f93962e request /usr/lib/python2.7/site-packages/keystoneauth1/session.py:844
2020-04-10 05:42:39.771 725 DEBUG novaclient.v2.client [-] REQ: curl -g -i -X PUT http://compute-airship.intel-pod15.opnfv.org/v2.1/os-quota-sets/0f17d42038d2483699e9aae9c2abcb55 -H "Accept: application/json" -H "Content-Type: application/json" -H "User-Agent: python-novaclient" -H "X-Auth-Token: {SHA1}559fbadd270fe8136e99dd4340adbeab8a083555" -d '{"quota_set": {"ram": -1, "floating_ips": -1, "security_group_rules": -1, "instances": -1, "cores": -1, "security_groups": -1}}' _http_log_request /usr/lib/python2.7/site-packages/keystoneauth1/session.py:448
2020-04-10 05:42:40.157 725 DEBUG novaclient.v2.client [-] RESP: [200] Connection: keep-alive Content-Encoding: gzip Content-Type: application/json Date: Fri, 10 Apr 2020 05:42:40 GMT Openstack-Api-Version: compute 2.1 Transfer-Encoding: chunked Vary: Accept-Encoding, OpenStack-API-Version, X-OpenStack-Nova-API-Version X-Compute-Request-Id: req-02bf70df-838b-4ea8-acb2-b4eccb87f884 X-Openstack-Nova-Api-Version: 2.1 _http_log_response /usr/lib/python2.7/site-packages/keystoneauth1/session.py:479
2020-04-10 05:42:40.158 725 DEBUG novaclient.v2.client [-] RESP BODY: {"quota_set": {"injected_file_content_bytes": 10240, "metadata_items": 128, "server_group_members": 10, "server_groups": 10, "ram": -1, "floating_ips": -1, "key_pairs": 100, "instances": -1, "security_group_rules": -1, "injected_files": 5, "cores": -1, "fixed_ips": -1, "injected_file_path_bytes": 255, "security_groups": -1}} _http_log_response /usr/lib/python2.7/site-packages/keystoneauth1/session.py:511
2020-04-10 05:42:40.158 725 DEBUG novaclient.v2.client [-] PUT call to compute for http://compute-airship.intel-pod15.opnfv.org/v2.1/os-quota-sets/0f17d42038d2483699e9aae9c2abcb55 used request id req-02bf70df-838b-4ea8-acb2-b4eccb87f884 request /usr/lib/python2.7/site-packages/keystoneauth1/session.py:844
2020-04-10 05:42:40.159 725 INFO rally.task.context [-] Task 727bff16-b207-4063-9fcb-52d06c25c345 | Context quotas@openstack setup() finished in 1.39 sec
2020-04-10 05:42:40.159 725 INFO rally.task.context [-] Task 727bff16-b207-4063-9fcb-52d06c25c345 | Context cleanup@openstack setup() finished in 0.01 msec
2020-04-10 05:42:40.256 725 DEBUG novaclient.v2.client [-] REQ: curl -g -i -X GET http://compute-airship.intel-pod15.opnfv.org/v2.1/flavors/detail -H "Accept: application/json" -H "User-Agent: python-novaclient" -H "X-Auth-Token: {SHA1}1fa79d62dcf40472a922300d8778039064fc6813" _http_log_request /usr/lib/python2.7/site-packages/keystoneauth1/session.py:448
2020-04-10 05:42:40.425 725 DEBUG novaclient.v2.client [-] RESP: [200] Connection: keep-alive Content-Encoding: gzip Content-Type: application/json Date: Fri, 10 Apr 2020 05:42:40 GMT Openstack-Api-Version: compute 2.1 Transfer-Encoding: chunked Vary: Accept-Encoding, OpenStack-API-Version, X-OpenStack-Nova-API-Version X-Compute-Request-Id: req-7861c1c1-d946-48da-8d9b-46f0654f0cf5 X-Openstack-Nova-Api-Version: 2.1 _http_log_response /usr/lib/python2.7/site-packages/keystoneauth1/session.py:479
2020-04-10 05:42:40.426 725 DEBUG novaclient.v2.client [-] RESP BODY: {"flavors": [{"links": [{"href": "http://compute-airship.intel-pod15.opnfv.org/v2.1/flavors/0108f9b1-79e0-4103-8a3c-efcdc249554f", "rel": "self"}, {"href": "http://compute-airship.intel-pod15.opnfv.org/flavors/0108f9b1-79e0-4103-8a3c-efcdc249554f", "rel": "bookmark"}], "ram": 8192, "OS-FLV-DISABLED:disabled": false, "os-flavor-access:is_public": true, "rxtx_factor": 1.0, "disk": 80, "id": "0108f9b1-79e0-4103-8a3c-efcdc249554f", "name": "m1.large", "vcpus": 4, "swap": "", "OS-FLV-EXT-DATA:ephemeral": 0}, {"links": [{"href": "http://compute-airship.intel-pod15.opnfv.org/v2.1/flavors/06108368-6c74-4995-b4b6-cd5f5102030e", "rel": "self"}, {"href": "http://compute-airship.intel-pod15.opnfv.org/flavors/06108368-6c74-4995-b4b6-cd5f5102030e", "rel": "bookmark"}], "ram": 4096, "OS-FLV-DISABLED:disabled": false, "os-flavor-access:is_public": true, "rxtx_factor": 1.0, "disk": 40, "id": "06108368-6c74-4995-b4b6-cd5f5102030e", "name": "m1.medium", "vcpus": 2, "swap": "", "OS-FLV-EXT-DATA:ephemeral": 0}, {"links": [{"href": "http://compute-airship.intel-pod15.opnfv.org/v2.1/flavors/2bdef912-68de-48c7-925d-b7ace60771a4", "rel": "self"}, {"href": "http://compute-airship.intel-pod15.opnfv.org/flavors/2bdef912-68de-48c7-925d-b7ace60771a4", "rel": "bookmark"}], "ram": 512, "OS-FLV-DISABLED:disabled": false, "os-flavor-access:is_public": true, "rxtx_factor": 1.0, "disk": 1, "id": "2bdef912-68de-48c7-925d-b7ace60771a4", "name": "rally_full-flavor_e9f87855-92b4-43dc-a728-76f2f712b8ef", "vcpus": 1, "swap": "", "OS-FLV-EXT-DATA:ephemeral": 0}, {"links": [{"href": "http://compute-airship.intel-pod15.opnfv.org/v2.1/flavors/3a977df5-6d80-4795-a460-bcadfae65cd9", "rel": "self"}, {"href": "http://compute-airship.intel-pod15.opnfv.org/flavors/3a977df5-6d80-4795-a460-bcadfae65cd9", "rel": "bookmark"}], "ram": 512, "OS-FLV-DISABLED:disabled": false, "os-flavor-access:is_public": true, "rxtx_factor": 1.0, "disk": 1, "id": "3a977df5-6d80-4795-a460-bcadfae65cd9", "name": "m1.tiny", "vcpus": 1, "swap": "", "OS-FLV-EXT-DATA:ephemeral": 0}, {"links": [{"href": "http://compute-airship.intel-pod15.opnfv.org/v2.1/flavors/4ac83a91-fd31-44b9-baa4-ea02cd52f069", "rel": "self"}, {"href": "http://compute-airship.intel-pod15.opnfv.org/flavors/4ac83a91-fd31-44b9-baa4-ea02cd52f069", "rel": "bookmark"}], "ram": 1024, "OS-FLV-DISABLED:disabled": false, "os-flavor-access:is_public": true, "rxtx_factor": 1.0, "disk": 1, "id": "4ac83a91-fd31-44b9-baa4-ea02cd52f069", "name": "rally_full-flavor_alt_e9f87855-92b4-43dc-a728-76f2f712b8ef", "vcpus": 1, "swap": "", "OS-FLV-EXT-DATA:ephemeral": 0}, {"links": [{"href": "http://compute-airship.intel-pod15.opnfv.org/v2.1/flavors/d81b2d71-0e15-45cd-9fa7-b3de95db8c71", "rel": "self"}, {"href": "http://compute-airship.intel-pod15.opnfv.org/flavors/d81b2d71-0e15-45cd-9fa7-b3de95db8c71", "rel": "bookmark"}], "ram": 2048, "OS-FLV-DISABLED:disabled": false, "os-flavor-access:is_public": true, "rxtx_factor": 1.0, "disk": 20, "id": "d81b2d71-0e15-45cd-9fa7-b3de95db8c71", "name": "m1.small", "vcpus": 1, "swap": "", "OS-FLV-EXT-DATA:ephemeral": 0}, {"links": [{"href": "http://compute-airship.intel-pod15.opnfv.org/v2.1/flavors/ef424789-b256-4609-8208-5fc1a473f672", "rel": "self"}, {"href": "http://compute-airship.intel-pod15.opnfv.org/flavors/ef424789-b256-4609-8208-5fc1a473f672", "rel": "bookmark"}], "ram": 16384, "OS-FLV-DISABLED:disabled": false, "os-flavor-access:is_public": true, "rxtx_factor": 1.0, "disk": 160, "id": "ef424789-b256-4609-8208-5fc1a473f672", "name": "m1.xlarge", "vcpus": 8, "swap": "", "OS-FLV-EXT-DATA:ephemeral": 0}]} _http_log_response /usr/lib/python2.7/site-packages/keystoneauth1/session.py:511
2020-04-10 05:42:40.426 725 DEBUG novaclient.v2.client [-] GET call to compute for http://compute-airship.intel-pod15.opnfv.org/v2.1/flavors/detail used request id req-7861c1c1-d946-48da-8d9b-46f0654f0cf5 request /usr/lib/python2.7/site-packages/keystoneauth1/session.py:844
2020-04-10 05:42:40.429 725 RALLYDEBUG rally.task.runner [-] Starting the constant runner (task UUID: 727bff16-b207-4063-9fcb-52d06c25c345). timeout: 0 concurrency: 4 concurrency_per_worker: 1 times: 10 concurrency_overhead: 0 processes_to_start: 4 max_cpu_used: 88
2020-04-10 05:42:40.441 1201 RALLYDEBUG rally.task.runner [-] Starting a worker. concurrency: 1 args: {"container_format": "bare", "disk_format": "qcow2", "image_location": "/home/opnfv/functest/images/cirros-0.4.0-x86_64-disk.img", "flavor": "2bdef912-68de-48c7-925d-b7ace60771a4", "number_instances": 2, "boot_server_kwargs": {"nics": [{"net-id": "ad484902-8d68-40ee-a573-9969c4a22ae7"}]}} times: 10 method_name: run timeout: 0 duration: None cls:
2020-04-10 05:42:40.445 1202 RALLYDEBUG rally.task.runner [-] Starting a worker. concurrency: 1 args: {"container_format": "bare", "disk_format": "qcow2", "image_location": "/home/opnfv/functest/images/cirros-0.4.0-x86_64-disk.img", "flavor": "2bdef912-68de-48c7-925d-b7ace60771a4", "number_instances": 2, "boot_server_kwargs": {"nics": [{"net-id": "ad484902-8d68-40ee-a573-9969c4a22ae7"}]}} times: 10 method_name: run timeout: 0 duration: None cls:
2020-04-10 05:42:40.448 1203 RALLYDEBUG rally.task.runner [-] Starting a worker. concurrency: 1 args: {"container_format": "bare", "disk_format": "qcow2", "image_location": "/home/opnfv/functest/images/cirros-0.4.0-x86_64-disk.img", "flavor": "2bdef912-68de-48c7-925d-b7ace60771a4", "number_instances": 2, "boot_server_kwargs": {"nics": [{"net-id": "ad484902-8d68-40ee-a573-9969c4a22ae7"}]}} times: 10 method_name: run timeout: 0 duration: None cls:
2020-04-10 05:42:40.449 1201 INFO rally.task.runner [-] Task 727bff16-b207-4063-9fcb-52d06c25c345 | ITER: 1 START
2020-04-10 05:42:40.451 1204 RALLYDEBUG rally.task.runner [-] Starting a worker. concurrency: 1 args: {"container_format": "bare", "disk_format": "qcow2", "image_location": "/home/opnfv/functest/images/cirros-0.4.0-x86_64-disk.img", "flavor": "2bdef912-68de-48c7-925d-b7ace60771a4", "number_instances": 2, "boot_server_kwargs": {"nics": [{"net-id": "ad484902-8d68-40ee-a573-9969c4a22ae7"}]}} times: 10 method_name: run timeout: 0 duration: None cls:
2020-04-10 05:42:40.453 1202 INFO rally.task.runner [-] Task 727bff16-b207-4063-9fcb-52d06c25c345 | ITER: 2 START
2020-04-10 05:42:40.459 1203 INFO rally.task.runner [-] Task 727bff16-b207-4063-9fcb-52d06c25c345 | ITER: 3 START
2020-04-10 05:42:40.459 1204 INFO rally.task.runner [-] Task 727bff16-b207-4063-9fcb-52d06c25c345 | ITER: 4 START
2020-04-10 05:42:43.254 1201 RALLYDEBUG rally.task.utils [-] Waiting for resource u'7162d245-482a-4364-bd29-2fc16b44c40b'. Status changed: NONE => QUEUED in 0.0977630615234
2020-04-10 05:42:43.261 1204 RALLYDEBUG rally.task.utils [-] Waiting for resource u'b4be379b-075c-4b25-a211-5da53f64adfd'. Status changed: NONE => QUEUED in 0.0978891849518
2020-04-10 05:42:43.467 1202 RALLYDEBUG rally.task.utils [-] Waiting for resource u'd1c926c3-2cfb-45b3-a486-ad79ce0f6ab7'. Status changed: NONE => QUEUED in 0.103163003922
2020-04-10 05:42:43.471 1203 RALLYDEBUG rally.task.utils [-] Waiting for resource u'e673f86d-f4de-4bf2-867f-7ba8dd06fc3f'. Status changed: NONE => QUEUED in 0.0830910205841
2020-04-10 05:42:45.236 1202 RALLYDEBUG rally.task.utils [-] Waiting for resource s_rally_01129713_uYlbLjJl. Status changed: QUEUED => ACTIVE in 0.0429921150208
2020-04-10 05:42:45.239 1201 RALLYDEBUG rally.task.utils [-] Waiting for resource s_rally_01129713_dV6gBT28. Status changed: QUEUED => ACTIVE in 0.0389280319214
2020-04-10 05:42:45.243 1202 DEBUG novaclient.v2.client [-] REQ: curl -g -i -X POST http://compute-airship.intel-pod15.opnfv.org/v2.1/servers -H "Accept: application/json" -H "Content-Type: application/json" -H "User-Agent: python-novaclient" -H "X-Auth-Token: {SHA1}2cc89f061a518be48f96895ff7a57e0d397c98d6" -d '{"server": {"name": "s_rally_01129713_jf82Xir3_0", "imageRef": "d1c926c3-2cfb-45b3-a486-ad79ce0f6ab7", "flavorRef": "2bdef912-68de-48c7-925d-b7ace60771a4", "max_count": 1, "min_count": 1, "networks": [{"uuid": "ad484902-8d68-40ee-a573-9969c4a22ae7"}]}}' _http_log_request /usr/lib/python2.7/site-packages/keystoneauth1/session.py:448
2020-04-10 05:42:45.247 1201 DEBUG novaclient.v2.client [-] REQ: curl -g -i -X POST http://compute-airship.intel-pod15.opnfv.org/v2.1/servers -H "Accept: application/json" -H "Content-Type: application/json" -H "User-Agent: python-novaclient" -H "X-Auth-Token: {SHA1}c400761fe46190273687c8a6e8079c4b130a372d" -d '{"server": {"name": "s_rally_01129713_VuGDGfAo_0", "imageRef": "7162d245-482a-4364-bd29-2fc16b44c40b", "flavorRef": "2bdef912-68de-48c7-925d-b7ace60771a4", "max_count": 1, "min_count": 1, "networks": [{"uuid": "ad484902-8d68-40ee-a573-9969c4a22ae7"}]}}' _http_log_request /usr/lib/python2.7/site-packages/keystoneauth1/session.py:448
2020-04-10 05:42:45.255 1203 RALLYDEBUG rally.task.utils [-] Waiting for resource s_rally_01129713_pon6HeGD. Status changed: QUEUED => ACTIVE in 0.0384640693665
2020-04-10 05:42:45.261 1203 DEBUG novaclient.v2.client [-] REQ: curl -g -i -X POST http://compute-airship.intel-pod15.opnfv.org/v2.1/servers -H "Accept: application/json" -H "Content-Type: application/json" -H "User-Agent: python-novaclient" -H "X-Auth-Token: {SHA1}6fd85a3d0af3b54e6d9c624e81d88c9517504e07" -d '{"server": {"name": "s_rally_01129713_hMo1ybsH_0", "imageRef": "e673f86d-f4de-4bf2-867f-7ba8dd06fc3f", "flavorRef": "2bdef912-68de-48c7-925d-b7ace60771a4", "max_count": 1, "min_count": 1, "networks": [{"uuid": "ad484902-8d68-40ee-a573-9969c4a22ae7"}]}}' _http_log_request /usr/lib/python2.7/site-packages/keystoneauth1/session.py:448
2020-04-10 05:42:45.283 1204 RALLYDEBUG rally.task.utils [-] Waiting for resource s_rally_01129713_Bpnfz4kP. Status changed: QUEUED => ACTIVE in 0.0354290008545
2020-04-10 05:42:45.289 1204 DEBUG novaclient.v2.client [-] REQ: curl -g -i -X POST http://compute-airship.intel-pod15.opnfv.org/v2.1/servers -H "Accept: application/json" -H "Content-Type: application/json" -H "User-Agent: python-novaclient" -H "X-Auth-Token: {SHA1}46851231c606103a76923b94ac35e2d3e92c3e22" -d '{"server": {"name": "s_rally_01129713_3dPWi0jO_0", "imageRef": "b4be379b-075c-4b25-a211-5da53f64adfd", "flavorRef": "2bdef912-68de-48c7-925d-b7ace60771a4", "max_count": 1, "min_count": 1, "networks": [{"uuid": "ad484902-8d68-40ee-a573-9969c4a22ae7"}]}}' _http_log_request /usr/lib/python2.7/site-packages/keystoneauth1/session.py:448
2020-04-10 05:42:46.688 1204 DEBUG novaclient.v2.client [-] RESP: [202] Connection: keep-alive Content-Length: 416 Content-Type: application/json Date: Fri, 10 Apr 2020 05:42:46 GMT Location: http://compute-airship.intel-pod15.opnfv.org/v2.1/servers/72b7dbf3-d2b9-492a-94ab-791c9761e574 Openstack-Api-Version: compute 2.1 Vary: OpenStack-API-Version, X-OpenStack-Nova-API-Version X-Compute-Request-Id: req-77cd4978-54cc-45fe-be38-5f775e4a4281 X-Openstack-Nova-Api-Version: 2.1 _http_log_response /usr/lib/python2.7/site-packages/keystoneauth1/session.py:479
2020-04-10 05:42:46.689 1204 DEBUG novaclient.v2.client [-] RESP BODY: {"server": {"security_groups": [{"name": "default"}], "OS-DCF:diskConfig": "MANUAL", "id": "72b7dbf3-d2b9-492a-94ab-791c9761e574", "links": [{"href": "http://compute-airship.intel-pod15.opnfv.org/v2.1/servers/72b7dbf3-d2b9-492a-94ab-791c9761e574", "rel": "self"}, {"href": "http://compute-airship.intel-pod15.opnfv.org/servers/72b7dbf3-d2b9-492a-94ab-791c9761e574", "rel": "bookmark"}], "adminPass": "rPF4MJbTiH4u"}} _http_log_response /usr/lib/python2.7/site-packages/keystoneauth1/session.py:511
2020-04-10 05:42:46.689 1204 DEBUG novaclient.v2.client [-] POST call to compute for http://compute-airship.intel-pod15.opnfv.org/v2.1/servers used request id req-77cd4978-54cc-45fe-be38-5f775e4a4281 request /usr/lib/python2.7/site-packages/keystoneauth1/session.py:844
2020-04-10 05:42:46.692 1204 DEBUG novaclient.v2.client [-] REQ: curl -g -i -X POST http://compute-airship.intel-pod15.opnfv.org/v2.1/servers -H "Accept: application/json" -H "Content-Type: application/json" -H "User-Agent: python-novaclient" -H "X-Auth-Token: {SHA1}46851231c606103a76923b94ac35e2d3e92c3e22" -d '{"server": {"name": "s_rally_01129713_3dPWi0jO_1", "imageRef": "b4be379b-075c-4b25-a211-5da53f64adfd", "flavorRef": "2bdef912-68de-48c7-925d-b7ace60771a4", "max_count": 1, "min_count": 1, "networks": [{"uuid": "ad484902-8d68-40ee-a573-9969c4a22ae7"}]}}' _http_log_request /usr/lib/python2.7/site-packages/keystoneauth1/session.py:448
2020-04-10 05:42:47.028 1201 DEBUG novaclient.v2.client [-] RESP: [202] Connection: keep-alive Content-Length: 416 Content-Type: application/json Date: Fri, 10 Apr 2020 05:42:47 GMT Location: http://compute-airship.intel-pod15.opnfv.org/v2.1/servers/e5788f1f-2eee-4a8d-af02-edc417de982b Openstack-Api-Version: compute 2.1 Vary: OpenStack-API-Version, X-OpenStack-Nova-API-Version X-Compute-Request-Id: req-c63e13fd-e25a-437b-9672-c2bac3323c1e X-Openstack-Nova-Api-Version: 2.1 _http_log_response /usr/lib/python2.7/site-packages/keystoneauth1/session.py:479
2020-04-10 05:42:47.029 1201 DEBUG novaclient.v2.client [-] RESP BODY: {"server": {"security_groups": [{"name": "default"}], "OS-DCF:diskConfig": "MANUAL", "id": "e5788f1f-2eee-4a8d-af02-edc417de982b", "links": [{"href": "http://compute-airship.intel-pod15.opnfv.org/v2.1/servers/e5788f1f-2eee-4a8d-af02-edc417de982b", "rel": "self"}, {"href": "http://compute-airship.intel-pod15.opnfv.org/servers/e5788f1f-2eee-4a8d-af02-edc417de982b", "rel": "bookmark"}], "adminPass": "76eAtECd2xHb"}} _http_log_response /usr/lib/python2.7/site-packages/keystoneauth1/session.py:511
2020-04-10 05:42:47.029 1201 DEBUG novaclient.v2.client [-] POST call to compute for http://compute-airship.intel-pod15.opnfv.org/v2.1/servers used request id req-c63e13fd-e25a-437b-9672-c2bac3323c1e request /usr/lib/python2.7/site-packages/keystoneauth1/session.py:844
2020-04-10 05:42:47.032 1201 DEBUG novaclient.v2.client [-] REQ: curl -g -i -X POST http://compute-airship.intel-pod15.opnfv.org/v2.1/servers -H "Accept: application/json" -H "Content-Type: application/json" -H "User-Agent: python-novaclient" -H "X-Auth-Token: {SHA1}c400761fe46190273687c8a6e8079c4b130a372d" -d '{"server": {"name": "s_rally_01129713_VuGDGfAo_1", "imageRef": "7162d245-482a-4364-bd29-2fc16b44c40b", "flavorRef": "2bdef912-68de-48c7-925d-b7ace60771a4", "max_count": 1, "min_count": 1, "networks": [{"uuid": "ad484902-8d68-40ee-a573-9969c4a22ae7"}]}}' _http_log_request /usr/lib/python2.7/site-packages/keystoneauth1/session.py:448
2020-04-10 05:42:47.562 1202 DEBUG novaclient.v2.client [-] RESP: [202] Connection: keep-alive Content-Length: 416 Content-Type: application/json Date: Fri, 10 Apr 2020 05:42:47 GMT Location: http://compute-airship.intel-pod15.opnfv.org/v2.1/servers/5b5dffaf-8f17-4161-b9c4-975f87566911 Openstack-Api-Version: compute 2.1 Vary: OpenStack-API-Version, X-OpenStack-Nova-API-Version X-Compute-Request-Id: req-cfb38e5f-d24f-4396-a3bb-077cc7027267 X-Openstack-Nova-Api-Version: 2.1 _http_log_response /usr/lib/python2.7/site-packages/keystoneauth1/session.py:479
2020-04-10 05:42:47.563 1202 DEBUG novaclient.v2.client [-] RESP BODY: {"server": {"security_groups": [{"name": "default"}], "OS-DCF:diskConfig": "MANUAL", "id": "5b5dffaf-8f17-4161-b9c4-975f87566911", "links": [{"href": "http://compute-airship.intel-pod15.opnfv.org/v2.1/servers/5b5dffaf-8f17-4161-b9c4-975f87566911", "rel": "self"}, {"href": "http://compute-airship.intel-pod15.opnfv.org/servers/5b5dffaf-8f17-4161-b9c4-975f87566911", "rel": "bookmark"}], "adminPass": "GuLzr6XZeVyQ"}} _http_log_response /usr/lib/python2.7/site-packages/keystoneauth1/session.py:511
2020-04-10 05:42:47.563 1202 DEBUG novaclient.v2.client [-] POST call to compute for http://compute-airship.intel-pod15.opnfv.org/v2.1/servers used request id req-cfb38e5f-d24f-4396-a3bb-077cc7027267 request /usr/lib/python2.7/site-packages/keystoneauth1/session.py:844
2020-04-10 05:42:47.565 1202 DEBUG novaclient.v2.client [-] REQ: curl -g -i -X POST http://compute-airship.intel-pod15.opnfv.org/v2.1/servers -H "Accept: application/json" -H "Content-Type: application/json" -H "User-Agent: python-novaclient" -H "X-Auth-Token: {SHA1}2cc89f061a518be48f96895ff7a57e0d397c98d6" -d '{"server": {"name": "s_rally_01129713_jf82Xir3_1", "imageRef": "d1c926c3-2cfb-45b3-a486-ad79ce0f6ab7", "flavorRef": "2bdef912-68de-48c7-925d-b7ace60771a4", "max_count": 1, "min_count": 1, "networks": [{"uuid": "ad484902-8d68-40ee-a573-9969c4a22ae7"}]}}' _http_log_request /usr/lib/python2.7/site-packages/keystoneauth1/session.py:448
2020-04-10 05:42:50.164 1203 DEBUG novaclient.v2.client [-] RESP: [202] Connection: keep-alive Content-Length: 416 Content-Type: application/json Date: Fri, 10 Apr 2020 05:42:50 GMT Location: http://compute-airship.intel-pod15.opnfv.org/v2.1/servers/ba1d9ce8-30bf-4dcb-b8a0-0db1bfd8fec3 Openstack-Api-Version: compute 2.1 Vary: OpenStack-API-Version, X-OpenStack-Nova-API-Version X-Compute-Request-Id: req-0ea73e01-7ba7-4e9d-aa89-6e5b02914ef5 X-Openstack-Nova-Api-Version: 2.1 _http_log_response /usr/lib/python2.7/site-packages/keystoneauth1/session.py:479
2020-04-10 05:42:50.164 1203 DEBUG novaclient.v2.client [-] RESP BODY: {"server": {"security_groups": [{"name": "default"}], "OS-DCF:diskConfig": "MANUAL", "id": "ba1d9ce8-30bf-4dcb-b8a0-0db1bfd8fec3", "links": [{"href": "http://compute-airship.intel-pod15.opnfv.org/v2.1/servers/ba1d9ce8-30bf-4dcb-b8a0-0db1bfd8fec3", "rel": "self"}, {"href": "http://compute-airship.intel-pod15.opnfv.org/servers/ba1d9ce8-30bf-4dcb-b8a0-0db1bfd8fec3", "rel": "bookmark"}], "adminPass": "hqMH8VLRQtgd"}} _http_log_response /usr/lib/python2.7/site-packages/keystoneauth1/session.py:511
2020-04-10 05:42:50.165 1203 DEBUG novaclient.v2.client [-] POST call to compute for http://compute-airship.intel-pod15.opnfv.org/v2.1/servers used request id req-0ea73e01-7ba7-4e9d-aa89-6e5b02914ef5 request /usr/lib/python2.7/site-packages/keystoneauth1/session.py:844
