2020-04-10 11:15:30.403 15 RALLYDEBUG rally_openstack.cleanup.manager [-] Deleting neutron.port object s_rally_a65df412_ei3BOwAK (cb291dab-6ea1-4579-95d3-c6bc66182ec8)
2020-04-10 11:15:30.407 15 RALLYDEBUG rally_openstack.cleanup.manager [-] Deleting neutron.port object s_rally_a65df412_o0vo4L9G (cb7f7e91-b1c9-4d60-9bb6-f1bdb7b4992d)
2020-04-10 11:15:30.580 15 RALLYDEBUG rally_openstack.cleanup.manager [-] Deleting neutron.port object s_rally_a65df412_tw73y0Aw (cb911160-730a-4d0b-abbf-0e0bf3b08ef9)
2020-04-10 11:15:31.039 15 RALLYDEBUG rally_openstack.cleanup.manager [-] Deleting neutron.port object s_rally_a65df412_zlqPSd6q (cba7d379-da6c-46ac-88dc-2e2372658a85)
2020-04-10 11:15:31.046 15 RALLYDEBUG rally_openstack.cleanup.manager [-] Deleting neutron.port object s_rally_a65df412_3CEavsIH (cc699415-d1f1-48b2-9382-f5c392f23fce)
2020-04-10 11:15:31.069 15 RALLYDEBUG rally_openstack.cleanup.manager [-] Deleting neutron.port object s_rally_a65df412_4W1B77na (cc789ad1-88f2-4961-9081-9cc798bb045c)
2020-04-10 11:15:31.304 15 RALLYDEBUG rally_openstack.cleanup.manager [-] Deleting neutron.port object s_rally_a65df412_YZOlsZoz (cd1f6074-f71f-4aed-99c7-562456ed71b6)
2020-04-10 11:15:31.577 15 RALLYDEBUG rally_openstack.cleanup.manager [-] Deleting neutron.port object s_rally_a65df412_jBxeK7kL (ce05639c-abc2-41e7-b974-10f23e1832e2)
2020-04-10 11:15:31.935 15 RALLYDEBUG rally_openstack.cleanup.manager [-] Deleting neutron.port object s_rally_a65df412_9NlVPhnY (ce0f8859-160c-4718-a3c7-826446ea2085)
2020-04-10 11:15:31.942 15 RALLYDEBUG rally_openstack.cleanup.manager [-] Deleting neutron.port object s_rally_a65df412_PgACyK73 (cf2a0b93-4de2-4430-b618-1e2567c0239d)
2020-04-10 11:15:31.975 15 RALLYDEBUG rally_openstack.cleanup.manager [-] Deleting neutron.port object s_rally_a65df412_yWe6m0Yq (cfb800bf-ef31-480a-9ece-25a4d1963020)
2020-04-10 11:15:31.986 15 RALLYDEBUG rally_openstack.cleanup.manager [-] Deleting neutron.port object s_rally_a65df412_gebMI0By (d0a3d028-303b-43d9-bb2b-aa5a8f67df73)
2020-04-10 11:15:32.011 15 RALLYDEBUG rally_openstack.cleanup.manager [-] Deleting neutron.port object s_rally_a65df412_dlsxWjBa (d0b61805-ffea-47fa-a9d8-0ebba191494e)
2020-04-10 11:15:32.060 15 RALLYDEBUG rally_openstack.cleanup.manager [-] Deleting neutron.port object s_rally_a65df412_lEA9kKII (d0f5352a-b31c-4c40-b272-1170589d0610)
2020-04-10 11:15:32.143 15 RALLYDEBUG rally_openstack.cleanup.manager [-] Deleting neutron.port object s_rally_a65df412_VWtRb5sn (d225ac3d-aa21-498f-b185-fbe79398f5ab)
2020-04-10 11:15:32.390 15 RALLYDEBUG rally_openstack.cleanup.manager [-] Deleting neutron.port object s_rally_a65df412_QDxa9CJa (d22965ae-ec63-498f-8a3d-d9f89cbbc666)
2020-04-10 11:15:32.616 15 RALLYDEBUG rally_openstack.cleanup.manager [-] Deleting neutron.port object s_rally_a65df412_kMmBKAfp (d2952cfb-6a27-42ba-8706-22db4619c14d)
2020-04-10 11:15:32.639 15 RALLYDEBUG rally_openstack.cleanup.manager [-] Deleting neutron.port object s_rally_a65df412_dboIrOHt (d3a1f3dd-b7e1-4500-b3b2-0439e5e3e68f)
2020-04-10 11:15:32.811 15 RALLYDEBUG rally_openstack.cleanup.manager [-] Deleting neutron.port object s_rally_a65df412_E9vFpjow (d3f854b5-588a-4f0e-b9c6-8084fc3fbadf)
2020-04-10 11:15:32.857 15 RALLYDEBUG rally_openstack.cleanup.manager [-] Deleting neutron.port object s_rally_a65df412_2N8YJlZv (d4646488-304c-4be9-8552-2938c02f580f)
2020-04-10 11:15:32.895 15 RALLYDEBUG rally_openstack.cleanup.manager [-] Deleting neutron.port object s_rally_a65df412_GuhvX382 (d47ce5ad-3e88-4eee-974a-56498286bd63)
2020-04-10 11:15:32.991 15 RALLYDEBUG rally_openstack.cleanup.manager [-] Deleting neutron.port object s_rally_a65df412_JCNoSecM (d616f00b-e6c5-4cb5-8537-47e6a2057fc0)
2020-04-10 11:15:33.004 15 RALLYDEBUG rally_openstack.cleanup.manager [-] Deleting neutron.port object s_rally_a65df412_CB3ccs35 (d6267b77-463d-44dd-b920-ae1b5e209136)
2020-04-10 11:15:33.061 15 RALLYDEBUG rally_openstack.cleanup.manager [-] Deleting neutron.port object s_rally_a65df412_29YU2O3q (d7be76c9-386d-43d7-ae66-1a2891a99bd4)
2020-04-10 11:15:33.070 15 RALLYDEBUG rally_openstack.cleanup.manager [-] Deleting neutron.port object s_rally_a65df412_ruQhFwFW (d8288ec9-04a6-40b9-9c80-1af9bdad6271)
2020-04-10 11:15:33.154 15 RALLYDEBUG rally_openstack.cleanup.manager [-] Deleting neutron.port object s_rally_a65df412_KbW7LCvi (d972effd-9599-4f7e-9f86-2015050b1471)
2020-04-10 11:15:33.735 15 RALLYDEBUG rally_openstack.cleanup.manager [-] Deleting neutron.port object s_rally_a65df412_jFn7coyu (d985b4c0-5b44-4ae0-b56c-ba58eda0aa6a)
2020-04-10 11:15:33.743 15 RALLYDEBUG rally_openstack.cleanup.manager [-] Deleting neutron.port object s_rally_a65df412_r6LLyQf6 (d9a01e25-047a-4396-9aeb-9709959a3242)
2020-04-10 11:15:33.789 15 RALLYDEBUG rally_openstack.cleanup.manager [-] Deleting neutron.port object s_rally_a65df412_Xq0Ezxu5 (d9a6c74f-dbae-4548-bbd3-18053bd0baf2)
2020-04-10 11:15:33.814 15 RALLYDEBUG rally_openstack.cleanup.manager [-] Deleting neutron.port object s_rally_a65df412_8GnGUCHI (da959d55-a6eb-4b24-9a72-793caf5c5189)
2020-04-10 11:15:33.950 15 RALLYDEBUG rally_openstack.cleanup.manager [-] Deleting neutron.port object s_rally_a65df412_qrSutJrY (db169841-fa76-40d1-bd47-cd68e1ca9136)
2020-04-10 11:15:33.960 15 RALLYDEBUG rally_openstack.cleanup.manager [-] Deleting neutron.port object s_rally_a65df412_WTxGV6ij (dc8647c3-f642-439c-b3b6-6f96d1724f24)
2020-04-10 11:15:34.135 15 RALLYDEBUG rally_openstack.cleanup.manager [-] Deleting neutron.port object s_rally_a65df412_mvGlcIgR (dce94e71-81c7-4d5c-b2af-79c94b53d79e)
2020-04-10 11:15:34.230 15 RALLYDEBUG rally_openstack.cleanup.manager [-] Deleting neutron.port object s_rally_a65df412_4nd6lMgD (dd438e00-c947-4144-be9e-ccc6ccf430bd)
2020-04-10 11:15:34.590 15 RALLYDEBUG rally_openstack.cleanup.manager [-] Deleting neutron.port object s_rally_a65df412_U3wiFi9q (dd7c3685-c1c3-42d3-a1e1-f6bcf0ba77fe)
2020-04-10 11:15:34.608 15 RALLYDEBUG rally_openstack.cleanup.manager [-] Deleting neutron.port object s_rally_a65df412_IiUvrkC3 (df2c46bd-8a34-44b8-9818-e3a071ee46cf)
2020-04-10 11:15:35.540 15 RALLYDEBUG rally_openstack.cleanup.manager [-] Deleting neutron.port object s_rally_a65df412_mdUwPcpT (df374423-3b2b-498a-9fe6-94ac86d0d4a1)
2020-04-10 11:15:35.576 15 RALLYDEBUG rally_openstack.cleanup.manager [-] Deleting neutron.port object s_rally_a65df412_bTKMpjRE (e02fe5cc-493f-4355-bba4-19e1b4859e57)
2020-04-10 11:15:35.653 15 RALLYDEBUG rally_openstack.cleanup.manager [-] Deleting neutron.port object s_rally_a65df412_zOBVkysg (e15309a0-fa92-4dc7-abee-f2c0b3e5e417)
2020-04-10 11:15:35.658 15 RALLYDEBUG rally_openstack.cleanup.manager [-] Deleting neutron.port object s_rally_a65df412_Zhtlh1pa (e0ae533f-96ff-4698-9763-1169ba232587)
2020-04-10 11:15:35.963 15 RALLYDEBUG rally_openstack.cleanup.manager [-] Deleting neutron.port object s_rally_a65df412_9K81tNBE (e3245afe-3bb1-4f0e-8cde-d4986f58ae94)
2020-04-10 11:15:35.964 15 RALLYDEBUG rally_openstack.cleanup.manager [-] Deleting neutron.port object s_rally_a65df412_m2zjPdem (e3717399-28a3-4f02-bde0-21eeefcf6c13)
2020-04-10 11:15:36.060 15 RALLYDEBUG rally_openstack.cleanup.manager [-] Deleting neutron.port object s_rally_a65df412_VupXojo3 (e38bae81-4035-41a6-83af-f63d5956ecda)
2020-04-10 11:15:36.070 15 RALLYDEBUG rally_openstack.cleanup.manager [-] Deleting neutron.port object s_rally_a65df412_qLEdNjXl (e44f30a3-214e-4397-a0df-dbc286ff7c9a)
2020-04-10 11:15:36.076 15 RALLYDEBUG rally_openstack.cleanup.manager [-] Deleting neutron.port object s_rally_a65df412_9FpCfhO2 (e479b925-a27a-4f39-8f3f-912c1ab867c8)
2020-04-10 11:15:36.160 15 RALLYDEBUG rally_openstack.cleanup.manager [-] Deleting neutron.port object s_rally_a65df412_kCX8jFHJ (e48bcae8-24b9-4fce-a38a-ae2e27b4ce98)
2020-04-10 11:15:36.259 15 RALLYDEBUG rally_openstack.cleanup.manager [-] Deleting neutron.port object s_rally_a65df412_tLHHmIZP (e49bc7ff-e90c-4c78-ac69-63a15233fae2)
2020-04-10 11:15:36.267 15 RALLYDEBUG rally_openstack.cleanup.manager [-] Deleting neutron.port object s_rally_a65df412_QF8Hm2JF (e4bcbf6c-6dc4-46c7-8572-6a0cfbefb5da)
2020-04-10 11:15:36.272 15 RALLYDEBUG rally_openstack.cleanup.manager [-] Deleting neutron.port object s_rally_a65df412_binYAA3D (e4eceb9a-0dec-4337-b74b-036327cc7ca1)
2020-04-10 11:15:36.277 15 RALLYDEBUG rally_openstack.cleanup.manager [-] Deleting neutron.port object s_rally_a65df412_AyeyNiTn (e4f92c4d-84a6-4d57-b45c-58b57d21c7ac)
2020-04-10 11:15:36.465 15 RALLYDEBUG rally_openstack.cleanup.manager [-] Deleting neutron.port object s_rally_a65df412_tGcCR6DU (e60c722f-4f9e-4d59-a653-b8156c7dfaa0)
2020-04-10 11:15:36.469 15 RALLYDEBUG rally_openstack.cleanup.manager [-] Deleting neutron.port object s_rally_a65df412_wUV2x7fZ (e69a5ecb-ba2c-4fe3-915a-1ba1b42e6a33)
2020-04-10 11:15:36.476 15 RALLYDEBUG rally_openstack.cleanup.manager [-] Deleting neutron.port object s_rally_a65df412_Ub6xlS0u (e71ca99a-ef78-4c33-887b-54ace1915c13)
2020-04-10 11:15:36.488 15 RALLYDEBUG rally_openstack.cleanup.manager [-] Deleting neutron.port object s_rally_a65df412_ipfLuoxj (e7f32aec-0444-418f-808e-2e38f48743d8)
2020-04-10 11:15:36.870 15 RALLYDEBUG rally_openstack.cleanup.manager [-] Deleting neutron.port object s_rally_a65df412_i3MrA7W1 (e8763392-b39c-4cf6-9bc1-77bbec394356)
2020-04-10 11:15:37.053 15 RALLYDEBUG rally_openstack.cleanup.manager [-] Deleting neutron.port object s_rally_a65df412_fRYl1swY (e8dc5298-4be6-4848-8306-9c2bd5425c4c)
2020-04-10 11:15:37.357 15 RALLYDEBUG rally_openstack.cleanup.manager [-] Deleting neutron.port object s_rally_a65df412_dDG31Q00 (e9903944-d0f1-4db2-9bad-0332057d4ec1)
2020-04-10 11:15:37.394 15 RALLYDEBUG rally_openstack.cleanup.manager [-] Deleting neutron.port object s_rally_a65df412_jKR0WkRF (e9a61b8c-c915-4189-98a8-4b475741896b)
2020-04-10 11:15:37.494 15 RALLYDEBUG rally_openstack.cleanup.manager [-] Deleting neutron.port object s_rally_a65df412_ux5yh2Tu (e9f1ab37-85d8-4201-b7da-9fc53d070f89)
2020-04-10 11:15:37.663 15 RALLYDEBUG rally_openstack.cleanup.manager [-] Deleting neutron.port object s_rally_a65df412_v6B5tXPn (ea73b81a-fdcd-4caf-bcf1-bc0e50bd5038)
2020-04-10 11:15:37.891 15 RALLYDEBUG rally_openstack.cleanup.manager [-] Deleting neutron.port object s_rally_a65df412_m1ZlBdK2 (ead52c18-bc01-4cd0-bf34-6cb18bd66310)
2020-04-10 11:15:37.910 15 RALLYDEBUG rally_openstack.cleanup.manager [-] Deleting neutron.port object s_rally_a65df412_cc5OGYrn (eb676acf-4cf3-4725-832f-4b2151b00057)
2020-04-10 11:15:38.048 15 RALLYDEBUG rally_openstack.cleanup.manager [-] Deleting neutron.port object s_rally_a65df412_MDIpOouS (ebabef30-4e60-4949-a352-da96d3a4c873)
2020-04-10 11:15:38.186 15 RALLYDEBUG rally_openstack.cleanup.manager [-] Deleting neutron.port object s_rally_a65df412_zqohKPQb (ed52ff52-c51c-42c6-a9e9-58066bf18605)
2020-04-10 11:15:38.217 15 RALLYDEBUG rally_openstack.cleanup.manager [-] Deleting neutron.port object s_rally_a65df412_2E4hCyMZ (ed9b8ee1-8fef-400d-a1e2-fcc21e6a48e1)
2020-04-10 11:15:38.274 15 RALLYDEBUG rally_openstack.cleanup.manager [-] Deleting neutron.port object s_rally_a65df412_9OePFN7t (eda4eb78-aa1d-4220-b424-f5d5643c1095)
2020-04-10 11:15:38.318 15 RALLYDEBUG rally_openstack.cleanup.manager [-] Deleting neutron.port object s_rally_a65df412_WMvHPKR4 (edf12504-0a6b-4467-a2fd-b6d8698fe4b8)
2020-04-10 11:15:38.496 15 RALLYDEBUG rally_openstack.cleanup.manager [-] Deleting neutron.port object s_rally_a65df412_PwDe6FMD (ee498fab-7d3f-4169-bbf8-dad6d572f343)
2020-04-10 11:15:38.639 15 RALLYDEBUG rally_openstack.cleanup.manager [-] Deleting neutron.port object s_rally_a65df412_uPqG6nYb (ef0cee46-166c-4c9a-a278-8147696f8498)
2020-04-10 11:15:38.747 15 RALLYDEBUG rally_openstack.cleanup.manager [-] Deleting neutron.port object s_rally_a65df412_fceTlwV4 (ef6c612e-b347-4f63-bcb2-1f1ed27c3c18)
2020-04-10 11:15:38.835 15 RALLYDEBUG rally_openstack.cleanup.manager [-] Deleting neutron.port object s_rally_a65df412_ZnEX46k7 (efa938a6-8ee5-450d-9cd5-99bc4508c8a5)
2020-04-10 11:15:38.963 15 RALLYDEBUG rally_openstack.cleanup.manager [-] Deleting neutron.port object s_rally_a65df412_yRnpEugE (f08f9740-e92e-4c54-b4c2-5d511230485b)
2020-04-10 11:15:38.965 15 RALLYDEBUG rally_openstack.cleanup.manager [-] Deleting neutron.port object s_rally_a65df412_o4IzF4F8 (efc94d43-a5b7-47ff-be02-1ffd0c7b12e1)
2020-04-10 11:15:39.139 15 RALLYDEBUG rally_openstack.cleanup.manager [-] Deleting neutron.port object s_rally_a65df412_LCio4Hww (f1344f80-aa21-4579-a2a5-b558db4587bc)
2020-04-10 11:15:39.181 15 RALLYDEBUG rally_openstack.cleanup.manager [-] Deleting neutron.port object s_rally_a65df412_6Fy2Dhqy (f241e68f-6503-4de2-a451-2760acceef48)
2020-04-10 11:15:39.357 15 RALLYDEBUG rally_openstack.cleanup.manager [-] Deleting neutron.port object s_rally_a65df412_krGkNhb9 (f3614a35-b06e-4406-a36d-0e465b56fd8e)
2020-04-10 11:15:39.381 15 RALLYDEBUG rally_openstack.cleanup.manager [-] Deleting neutron.port object s_rally_a65df412_J49DZxX1 (f45aebfb-9123-4fcf-aee9-9c42740c42e1)
2020-04-10 11:15:39.386 15 RALLYDEBUG rally_openstack.cleanup.manager [-] Deleting neutron.port object s_rally_a65df412_d1j3cYqT (f5821aac-b574-421f-a2da-ffcfae18650c)
2020-04-10 11:15:39.401 15 RALLYDEBUG rally_openstack.cleanup.manager [-] Deleting neutron.port object s_rally_a65df412_46kL0wBR (f616e3d2-4399-4e8c-bdd4-fe547e53758c)
2020-04-10 11:15:39.590 15 RALLYDEBUG rally_openstack.cleanup.manager [-] Deleting neutron.port object s_rally_a65df412_RFlqzOAC (f6f793b6-5b1e-4981-b0e8-c5bc32a623a8)
2020-04-10 11:15:39.730 15 RALLYDEBUG rally_openstack.cleanup.manager [-] Deleting neutron.port object s_rally_a65df412_J45PbNQ8 (f7452a67-973a-4935-9516-92cfdb0098c4)
2020-04-10 11:15:39.746 15 RALLYDEBUG rally_openstack.cleanup.manager [-] Deleting neutron.port object s_rally_a65df412_Awmwyt9Q (f78ecadf-3a51-4637-8e13-3804d13021fc)
2020-04-10 11:15:39.968 15 RALLYDEBUG rally_openstack.cleanup.manager [-] Deleting neutron.port object s_rally_a65df412_6dX8pc4c (f822d75b-96c0-405f-a07c-9eeaff0d7327)
2020-04-10 11:15:40.018 15 RALLYDEBUG rally_openstack.cleanup.manager [-] Deleting neutron.port object s_rally_a65df412_MWiiwaXI (f8907595-54ac-4823-a1a3-8bd0510a5520)
2020-04-10 11:15:40.265 15 RALLYDEBUG rally_openstack.cleanup.manager [-] Deleting neutron.port object s_rally_a65df412_CqazusCC (f89269be-ec5d-4fa4-bf9a-963a69d7a935)
2020-04-10 11:15:40.269 15 RALLYDEBUG rally_openstack.cleanup.manager [-] Deleting neutron.port object s_rally_a65df412_Mw2AOzFc (fae72ded-e989-4b30-ba8d-05573110f449)
2020-04-10 11:15:40.416 15 RALLYDEBUG rally_openstack.cleanup.manager [-] Deleting neutron.port object s_rally_a65df412_MjEKj9vQ (fbfac0fc-b4fb-41ec-ab85-2931d2bb3366)
2020-04-10 11:15:40.490 15 RALLYDEBUG rally_openstack.cleanup.manager [-] Deleting neutron.port object s_rally_a65df412_OpJF1wpF (fc157e8f-7271-4ec8-a635-707c24766d4a)
2020-04-10 11:15:40.959 15 RALLYDEBUG rally_openstack.cleanup.manager [-] Deleting neutron.port object s_rally_a65df412_qQGl3VfI (fd3a3ae2-dfc3-4d70-a163-7397a8f0cea4)
2020-04-10 11:15:41.108 15 RALLYDEBUG rally_openstack.cleanup.manager [-] Deleting neutron.port object s_rally_a65df412_xYrsUHfZ (fde8cb28-ea89-4942-8d9f-8af546f6bbb8)
2020-04-10 11:15:41.140 15 RALLYDEBUG rally_openstack.cleanup.manager [-] Deleting neutron.port object s_rally_a65df412_faKGcsdP (ff1025a6-aa25-415c-931e-8ff5d5963138)
2020-04-10 11:15:41.200 15 RALLYDEBUG rally_openstack.cleanup.manager [-] Deleting neutron.port object s_rally_a65df412_FcokDAdo (ff6d662d-59f1-4601-a0d9-ea0f530fa480)
2020-04-10 11:15:41.208 15 RALLYDEBUG rally_openstack.cleanup.manager [-] Deleting neutron.port object s_rally_a65df412_l4jFTeYx (ffabe0bc-a8d0-4a03-bad3-5e104ca8aaad)
2020-04-10 11:15:41.491 15 RALLYDEBUG rally_openstack.cleanup.manager [-] Deleting neutron.port object s_rally_a65df412_PnYksJJr (ffe06ccd-d589-4285-ba37-d6eda6c0bc3d)
2020-04-10 11:15:43.540 15 RALLYDEBUG rally_openstack.cleanup.manager [-] Cleaning up neutron subnet objects
2020-04-10 11:15:43.761 15 RALLYDEBUG rally_openstack.cleanup.manager [-] Cleaning up neutron network objects
2020-04-10 11:15:44.109 15 RALLYDEBUG rally_openstack.cleanup.manager [-] Deleting neutron.network object s_rally_a65df412_20vumyGD (07b1005b-201f-4d9a-ac72-115dd13bc005)
2020-04-10 11:15:44.114 15 RALLYDEBUG rally_openstack.cleanup.manager [-] Deleting neutron.network object s_rally_a65df412_IQlT2oJt (10564186-8bd8-44c2-811e-611dfee67654)
2020-04-10 11:15:44.124 15 RALLYDEBUG rally_openstack.cleanup.manager [-] Deleting neutron.network object s_rally_a65df412_A3VTJ3ql (751c1a3a-8faf-40ef-81b9-b7faa498e2af)
2020-04-10 11:15:44.137 15 RALLYDEBUG rally_openstack.cleanup.manager [-] Deleting neutron.network object s_rally_a65df412_tckkqsPU (862da916-9df1-425e-9b26-1ed17c08ac4b)
2020-04-10 11:15:44.144 15 RALLYDEBUG rally_openstack.cleanup.manager [-] Deleting neutron.network object s_rally_a65df412_XyqYOXpI (86d15f5e-a483-4b78-86ad-b03a184102bc)
2020-04-10 11:15:44.157 15 RALLYDEBUG rally_openstack.cleanup.manager [-] Deleting neutron.network object s_rally_a65df412_zEQvbEec (a5d3fcc8-11ab-48c1-bfc9-249bae04d037)
2020-04-10 11:15:44.163 15 RALLYDEBUG rally_openstack.cleanup.manager [-] Deleting neutron.network object s_rally_a65df412_j6p1iGYQ (cf8112e8-511a-43ae-975f-68abb7057475)
2020-04-10 11:15:44.173 15 RALLYDEBUG rally_openstack.cleanup.manager [-] Deleting neutron.network object s_rally_a65df412_WSRXk88b (fd2a2475-f8f1-46c3-a89f-ef25475b0248)
2020-04-10 11:15:47.200 15 RALLYDEBUG rally_openstack.cleanup.manager [-] Cleaning up neutron router objects
2020-04-10 11:15:47.455 15 RALLYDEBUG rally_openstack.cleanup.manager [-] Cleaning up neutron security_group objects
2020-04-10 11:15:47.748 15 INFO rally.task.context [-] Task 95088a20-aa60-4c9d-8882-0f08436b7dfb | Context cleanup@openstack cleanup() finished in 58.86 sec
2020-04-10 11:15:47.748 15 INFO rally.task.context [-] Task 95088a20-aa60-4c9d-8882-0f08436b7dfb | Context quotas@openstack cleanup() started
2020-04-10 11:15:47.799 15 INFO rally.task.context [-] Task 95088a20-aa60-4c9d-8882-0f08436b7dfb | Context quotas@openstack cleanup() finished in 50.12 msec
2020-04-10 11:15:47.799 15 INFO rally.task.context [-] Task 95088a20-aa60-4c9d-8882-0f08436b7dfb | Context users@openstack cleanup() started
2020-04-10 11:15:49.633 15 INFO rally.task.context [-] Task 95088a20-aa60-4c9d-8882-0f08436b7dfb | Context users@openstack cleanup() finished in 1.83 sec
2020-04-10 11:15:49.919 15 INFO rally.task.engine [-] Load duration is: 186.54776
2020-04-10 11:15:49.919 15 INFO rally.task.engine [-] Full runner duration is: 186.593874
2020-04-10 11:15:49.920 15 INFO rally.task.engine [-] Full duration is: 248.771865
2020-04-10 11:15:49.989 15 INFO rally.task.engine [-] Running workload: position = 1 config = { "version": 2, "title": "A cropped version of a bigger task.", "description": "Auto-generated task from a single workload (uuid=73b74906-8ef0-451e-96ff-e4733682cc4d)", "subtasks": [ { "title": "NeutronNetworks.create_and_update_ports", "description": "Create and update a given number of ports.", "scenario": { "NeutronNetworks.create_and_update_ports": { "network_create_args": {}, "port_create_args": {}, "ports_per_network": 5, "port_update_args": { "admin_state_up": false, "device_id": "dummy_id", "device_owner": "dummy_owner", "name": "_port_updated" } } }, "contexts": { "users": { "tenants": 1, "users_per_tenant": 1 }, "quotas": { "neutron": { "network": -1, "port": -1 } } }, "runner": { "constant": { "times": 40, "concurrency": 20 } }, "hooks": [], "sla": { "failure_rate": { "max": 0 } } } ] }
2020-04-10 11:15:50.009 15 RALLYDEBUG rally_openstack.contexts.keystone.users [-] Creating 1 tenants using 20 threads
2020-04-10 11:15:50.429 15 RALLYDEBUG rally_openstack.contexts.keystone.users [-] Creating 1 users using 20 threads
2020-04-10 11:15:51.174 15 INFO rally.task.context [-] Task 95088a20-aa60-4c9d-8882-0f08436b7dfb | Context users@openstack setup() finished in 1.17 sec
2020-04-10 11:15:51.621 15 INFO rally.task.context [-] Task 95088a20-aa60-4c9d-8882-0f08436b7dfb | Context quotas@openstack setup() finished in 0.45 sec
2020-04-10 11:15:51.621 15 INFO rally.task.context [-] Task 95088a20-aa60-4c9d-8882-0f08436b7dfb | Context cleanup@openstack setup() finished in 0.00 msec
2020-04-10 11:15:51.630 15 RALLYDEBUG rally.task.runner [-] Starting the constant runner (task UUID: 95088a20-aa60-4c9d-8882-0f08436b7dfb). timeout: 0 concurrency: 20 concurrency_per_worker: 1 times: 40 concurrency_overhead: 0 processes_to_start: 20 max_cpu_used: 88
2020-04-10 11:15:51.644 4199 RALLYDEBUG rally.task.runner [-] Starting a worker. concurrency: 1 args: {"network_create_args": {}, "port_create_args": {}, "ports_per_network": 5, "port_update_args": {"admin_state_up": false, "device_id": "dummy_id", "device_owner": "dummy_owner", "name": "_port_updated"}} times: 40 method_name: run timeout: 0 duration: None cls:
2020-04-10 11:15:51.647 4200 RALLYDEBUG rally.task.runner [-] Starting a worker. concurrency: 1 args: {"network_create_args": {}, "port_create_args": {}, "ports_per_network": 5, "port_update_args": {"admin_state_up": false, "device_id": "dummy_id", "device_owner": "dummy_owner", "name": "_port_updated"}} times: 40 method_name: run timeout: 0 duration: None cls:
2020-04-10 11:15:51.650 4201 RALLYDEBUG rally.task.runner [-] Starting a worker. concurrency: 1 args: {"network_create_args": {}, "port_create_args": {}, "ports_per_network": 5, "port_update_args": {"admin_state_up": false, "device_id": "dummy_id", "device_owner": "dummy_owner", "name": "_port_updated"}} times: 40 method_name: run timeout: 0 duration: None cls:
2020-04-10 11:15:51.654 4199 INFO rally.task.runner [-] Task 95088a20-aa60-4c9d-8882-0f08436b7dfb | ITER: 1 START
2020-04-10 11:15:51.655 4200 INFO rally.task.runner [-] Task 95088a20-aa60-4c9d-8882-0f08436b7dfb | ITER: 2 START
2020-04-10 11:15:51.656 4199 WARNING rally_openstack.scenarios.neutron.utils [-] Running this scenario without either the 'network' or 'existing_network' context is deprecated
2020-04-10 11:15:51.656 4200 WARNING rally_openstack.scenarios.neutron.utils [-] Running this scenario without either the 'network' or 'existing_network' context is deprecated
2020-04-10 11:15:51.657 4201 INFO rally.task.runner [-] Task 95088a20-aa60-4c9d-8882-0f08436b7dfb | ITER: 3 START
2020-04-10 11:15:51.657 4203 RALLYDEBUG rally.task.runner [-] Starting a worker. concurrency: 1 args: {"network_create_args": {}, "port_create_args": {}, "ports_per_network": 5, "port_update_args": {"admin_state_up": false, "device_id": "dummy_id", "device_owner": "dummy_owner", "name": "_port_updated"}} times: 40 method_name: run timeout: 0 duration: None cls:
2020-04-10 11:15:51.657 4202 RALLYDEBUG rally.task.runner [-] Starting a worker. concurrency: 1 args: {"network_create_args": {}, "port_create_args": {}, "ports_per_network": 5, "port_update_args": {"admin_state_up": false, "device_id": "dummy_id", "device_owner": "dummy_owner", "name": "_port_updated"}} times: 40 method_name: run timeout: 0 duration: None cls:
2020-04-10 11:15:51.658 4201 WARNING rally_openstack.scenarios.neutron.utils [-] Running this scenario without either the 'network' or 'existing_network' context is deprecated
2020-04-10 11:15:51.660 4205 RALLYDEBUG rally.task.runner [-] Starting a worker. concurrency: 1 args: {"network_create_args": {}, "port_create_args": {}, "ports_per_network": 5, "port_update_args": {"admin_state_up": false, "device_id": "dummy_id", "device_owner": "dummy_owner", "name": "_port_updated"}} times: 40 method_name: run timeout: 0 duration: None cls:
2020-04-10 11:15:51.663 4203 INFO rally.task.runner [-] Task 95088a20-aa60-4c9d-8882-0f08436b7dfb | ITER: 4 START
2020-04-10 11:15:51.663 4202 INFO rally.task.runner [-] Task 95088a20-aa60-4c9d-8882-0f08436b7dfb | ITER: 5 START
2020-04-10 11:15:51.663 4209 RALLYDEBUG rally.task.runner [-] Starting a worker. concurrency: 1 args: {"network_create_args": {}, "port_create_args": {}, "ports_per_network": 5, "port_update_args": {"admin_state_up": false, "device_id": "dummy_id", "device_owner": "dummy_owner", "name": "_port_updated"}} times: 40 method_name: run timeout: 0 duration: None cls:
2020-04-10 11:15:51.664 4203 WARNING rally_openstack.scenarios.neutron.utils [-] Running this scenario without either the 'network' or 'existing_network' context is deprecated
2020-04-10 11:15:51.664 4202 WARNING rally_openstack.scenarios.neutron.utils [-] Running this scenario without either the 'network' or 'existing_network' context is deprecated
2020-04-10 11:15:51.666 4205 INFO rally.task.runner [-] Task 95088a20-aa60-4c9d-8882-0f08436b7dfb | ITER: 6 START
2020-04-10 11:15:51.666 4212 RALLYDEBUG rally.task.runner [-] Starting a worker. concurrency: 1 args: {"network_create_args": {}, "port_create_args": {}, "ports_per_network": 5, "port_update_args": {"admin_state_up": false, "device_id": "dummy_id", "device_owner": "dummy_owner", "name": "_port_updated"}} times: 40 method_name: run timeout: 0 duration: None cls:
2020-04-10 11:15:51.667 4205 WARNING rally_openstack.scenarios.neutron.utils [-] Running this scenario without either the 'network' or 'existing_network' context is deprecated
2020-04-10 11:15:51.669 4209 INFO rally.task.runner [-] Task 95088a20-aa60-4c9d-8882-0f08436b7dfb | ITER: 7 START
2020-04-10 11:15:51.669 4213 RALLYDEBUG rally.task.runner [-] Starting a worker. concurrency: 1 args: {"network_create_args": {}, "port_create_args": {}, "ports_per_network": 5, "port_update_args": {"admin_state_up": false, "device_id": "dummy_id", "device_owner": "dummy_owner", "name": "_port_updated"}} times: 40 method_name: run timeout: 0 duration: None cls:
2020-04-10 11:15:51.670 4209 WARNING rally_openstack.scenarios.neutron.utils [-] Running this scenario without either the 'network' or 'existing_network' context is deprecated
2020-04-10 11:15:51.673 4212 INFO rally.task.runner [-] Task 95088a20-aa60-4c9d-8882-0f08436b7dfb | ITER: 8 START
2020-04-10 11:15:51.672 4218 RALLYDEBUG rally.task.runner [-] Starting a worker. concurrency: 1 args: {"network_create_args": {}, "port_create_args": {}, "ports_per_network": 5, "port_update_args": {"admin_state_up": false, "device_id": "dummy_id", "device_owner": "dummy_owner", "name": "_port_updated"}} times: 40 method_name: run timeout: 0 duration: None cls:
2020-04-10 11:15:51.674 4212 WARNING rally_openstack.scenarios.neutron.utils [-] Running this scenario without either the 'network' or 'existing_network' context is deprecated
2020-04-10 11:15:51.675 4221 RALLYDEBUG rally.task.runner [-] Starting a worker. concurrency: 1 args: {"network_create_args": {}, "port_create_args": {}, "ports_per_network": 5, "port_update_args": {"admin_state_up": false, "device_id": "dummy_id", "device_owner": "dummy_owner", "name": "_port_updated"}} times: 40 method_name: run timeout: 0 duration: None cls:
2020-04-10 11:15:51.676 4213 INFO rally.task.runner [-] Task 95088a20-aa60-4c9d-8882-0f08436b7dfb | ITER: 9 START
2020-04-10 11:15:51.677 4213 WARNING rally_openstack.scenarios.neutron.utils [-] Running this scenario without either the 'network' or 'existing_network' context is deprecated
2020-04-10 11:15:51.679 4218 INFO rally.task.runner [-] Task 95088a20-aa60-4c9d-8882-0f08436b7dfb | ITER: 10 START
2020-04-10 11:15:51.678 4224 RALLYDEBUG rally.task.runner [-] Starting a worker. concurrency: 1 args: {"network_create_args": {}, "port_create_args": {}, "ports_per_network": 5, "port_update_args": {"admin_state_up": false, "device_id": "dummy_id", "device_owner": "dummy_owner", "name": "_port_updated"}} times: 40 method_name: run timeout: 0 duration: None cls:
2020-04-10 11:15:51.680 4218 WARNING rally_openstack.scenarios.neutron.utils [-] Running this scenario without either the 'network' or 'existing_network' context is deprecated
2020-04-10 11:15:51.681 4221 INFO rally.task.runner [-] Task 95088a20-aa60-4c9d-8882-0f08436b7dfb | ITER: 11 START
2020-04-10 11:15:51.681 4227 RALLYDEBUG rally.task.runner [-] Starting a worker. concurrency: 1 args: {"network_create_args": {}, "port_create_args": {}, "ports_per_network": 5, "port_update_args": {"admin_state_up": false, "device_id": "dummy_id", "device_owner": "dummy_owner", "name": "_port_updated"}} times: 40 method_name: run timeout: 0 duration: None cls:
2020-04-10 11:15:51.683 4221 WARNING rally_openstack.scenarios.neutron.utils [-] Running this scenario without either the 'network' or 'existing_network' context is deprecated
2020-04-10 11:15:51.684 4224 INFO rally.task.runner [-] Task 95088a20-aa60-4c9d-8882-0f08436b7dfb | ITER: 12 START
2020-04-10 11:15:51.684 4231 RALLYDEBUG rally.task.runner [-] Starting a worker. concurrency: 1 args: {"network_create_args": {}, "port_create_args": {}, "ports_per_network": 5, "port_update_args": {"admin_state_up": false, "device_id": "dummy_id", "device_owner": "dummy_owner", "name": "_port_updated"}} times: 40 method_name: run timeout: 0 duration: None cls:
2020-04-10 11:15:51.685 4224 WARNING rally_openstack.scenarios.neutron.utils [-] Running this scenario without either the 'network' or 'existing_network' context is deprecated
2020-04-10 11:15:51.687 4227 INFO rally.task.runner [-] Task 95088a20-aa60-4c9d-8882-0f08436b7dfb | ITER: 13 START
2020-04-10 11:15:51.688 4234 RALLYDEBUG rally.task.runner [-] Starting a worker. concurrency: 1 args: {"network_create_args": {}, "port_create_args": {}, "ports_per_network": 5, "port_update_args": {"admin_state_up": false, "device_id": "dummy_id", "device_owner": "dummy_owner", "name": "_port_updated"}} times: 40 method_name: run timeout: 0 duration: None cls:
2020-04-10 11:15:51.688 4227 WARNING rally_openstack.scenarios.neutron.utils [-] Running this scenario without either the 'network' or 'existing_network' context is deprecated
2020-04-10 11:15:51.691 4231 INFO rally.task.runner [-] Task 95088a20-aa60-4c9d-8882-0f08436b7dfb | ITER: 14 START
2020-04-10 11:15:51.690 4238 RALLYDEBUG rally.task.runner [-] Starting a worker. concurrency: 1 args: {"network_create_args": {}, "port_create_args": {}, "ports_per_network": 5, "port_update_args": {"admin_state_up": false, "device_id": "dummy_id", "device_owner": "dummy_owner", "name": "_port_updated"}} times: 40 method_name: run timeout: 0 duration: None cls:
2020-04-10 11:15:51.692 4231 WARNING rally_openstack.scenarios.neutron.utils [-] Running this scenario without either the 'network' or 'existing_network' context is deprecated
2020-04-10 11:15:51.694 4234 INFO rally.task.runner [-] Task 95088a20-aa60-4c9d-8882-0f08436b7dfb | ITER: 15 START
2020-04-10 11:15:51.695 4234 WARNING rally_openstack.scenarios.neutron.utils [-] Running this scenario without either the 'network' or 'existing_network' context is deprecated
2020-04-10 11:15:51.695 4241 RALLYDEBUG rally.task.runner [-] Starting a worker. concurrency: 1 args: {"network_create_args": {}, "port_create_args": {}, "ports_per_network": 5, "port_update_args": {"admin_state_up": false, "device_id": "dummy_id", "device_owner": "dummy_owner", "name": "_port_updated"}} times: 40 method_name: run timeout: 0 duration: None cls:
2020-04-10 11:15:51.696 4238 INFO rally.task.runner [-] Task 95088a20-aa60-4c9d-8882-0f08436b7dfb | ITER: 16 START
2020-04-10 11:15:51.697 4244 RALLYDEBUG rally.task.runner [-] Starting a worker. concurrency: 1 args: {"network_create_args": {}, "port_create_args": {}, "ports_per_network": 5, "port_update_args": {"admin_state_up": false, "device_id": "dummy_id", "device_owner": "dummy_owner", "name": "_port_updated"}} times: 40 method_name: run timeout: 0 duration: None cls:
2020-04-10 11:15:51.697 4238 WARNING rally_openstack.scenarios.neutron.utils [-] Running this scenario without either the 'network' or 'existing_network' context is deprecated
2020-04-10 11:15:51.700 4247 RALLYDEBUG rally.task.runner [-] Starting a worker. concurrency: 1 args: {"network_create_args": {}, "port_create_args": {}, "ports_per_network": 5, "port_update_args": {"admin_state_up": false, "device_id": "dummy_id", "device_owner": "dummy_owner", "name": "_port_updated"}} times: 40 method_name: run timeout: 0 duration: None cls:
2020-04-10 11:15:51.701 4241 INFO rally.task.runner [-] Task 95088a20-aa60-4c9d-8882-0f08436b7dfb | ITER: 17 START
2020-04-10 11:15:51.702 4250 RALLYDEBUG rally.task.runner [-] Starting a worker. concurrency: 1 args: {"network_create_args": {}, "port_create_args": {}, "ports_per_network": 5, "port_update_args": {"admin_state_up": false, "device_id": "dummy_id", "device_owner": "dummy_owner", "name": "_port_updated"}} times: 40 method_name: run timeout: 0 duration: None cls:
2020-04-10 11:15:51.703 4241 WARNING rally_openstack.scenarios.neutron.utils [-] Running this scenario without either the 'network' or 'existing_network' context is deprecated
2020-04-10 11:15:51.703 4244 INFO rally.task.runner [-] Task 95088a20-aa60-4c9d-8882-0f08436b7dfb | ITER: 18 START
2020-04-10 11:15:51.704 4244 WARNING rally_openstack.scenarios.neutron.utils [-] Running this scenario without either the 'network' or 'existing_network' context is deprecated
2020-04-10 11:15:51.706 4247 INFO rally.task.runner [-] Task 95088a20-aa60-4c9d-8882-0f08436b7dfb | ITER: 19 START
2020-04-10 11:15:51.707 4247 WARNING rally_openstack.scenarios.neutron.utils [-] Running this scenario without either the 'network' or 'existing_network' context is deprecated
2020-04-10 11:15:51.707 4250 INFO rally.task.runner [-] Task 95088a20-aa60-4c9d-8882-0f08436b7dfb | ITER: 20 START
2020-04-10 11:15:51.708 4250 WARNING rally_openstack.scenarios.neutron.utils [-] Running this scenario without either the 'network' or 'existing_network' context is deprecated
2020-04-10 11:16:16.945 4213 INFO rally.task.runner [-] Task 95088a20-aa60-4c9d-8882-0f08436b7dfb | ITER: 9 END: OK
2020-04-10 11:16:16.950 4213 INFO rally.task.runner [-] Task 95088a20-aa60-4c9d-8882-0f08436b7dfb | ITER: 21 START
2020-04-10 11:16:16.951 4213 WARNING rally_openstack.scenarios.neutron.utils [-] Running this scenario without either the 'network' or 'existing_network' context is deprecated
2020-04-10 11:16:17.012 4199 INFO rally.task.runner [-] Task 95088a20-aa60-4c9d-8882-0f08436b7dfb | ITER: 1 END: OK
2020-04-10 11:16:17.017 4199 INFO rally.task.runner [-] Task 95088a20-aa60-4c9d-8882-0f08436b7dfb | ITER: 22 START
2020-04-10 11:16:17.018 4199 WARNING rally_openstack.scenarios.neutron.utils [-] Running this scenario without either the 'network' or 'existing_network' context is deprecated
2020-04-10 11:16:17.522 4201 INFO rally.task.runner [-] Task 95088a20-aa60-4c9d-8882-0f08436b7dfb | ITER: 3 END: OK
2020-04-10 11:16:17.528 4201 INFO rally.task.runner [-] Task 95088a20-aa60-4c9d-8882-0f08436b7dfb | ITER: 23 START
2020-04-10 11:16:17.528 4201 WARNING rally_openstack.scenarios.neutron.utils [-] Running this scenario without either the 'network' or 'existing_network' context is deprecated
2020-04-10 11:16:17.549 4244 INFO rally.task.runner [-] Task 95088a20-aa60-4c9d-8882-0f08436b7dfb | ITER: 18 END: OK
2020-04-10 11:16:17.553 4244 INFO rally.task.runner [-] Task 95088a20-aa60-4c9d-8882-0f08436b7dfb | ITER: 24 START
2020-04-10 11:16:17.554 4244 WARNING rally_openstack.scenarios.neutron.utils [-] Running this scenario without either the 'network' or 'existing_network' context is deprecated
2020-04-10 11:16:17.575 4231 INFO rally.task.runner [-] Task 95088a20-aa60-4c9d-8882-0f08436b7dfb | ITER: 14 END: OK
2020-04-10 11:16:17.580 4231 INFO rally.task.runner [-] Task 95088a20-aa60-4c9d-8882-0f08436b7dfb | ITER: 25 START
2020-04-10 11:16:17.580 4231 WARNING rally_openstack.scenarios.neutron.utils [-] Running this scenario without either the 'network' or 'existing_network' context is deprecated
2020-04-10 11:16:17.594 4212 INFO rally.task.runner [-] Task 95088a20-aa60-4c9d-8882-0f08436b7dfb | ITER: 8 END: OK
2020-04-10 11:16:17.599 4212 INFO rally.task.runner [-] Task 95088a20-aa60-4c9d-8882-0f08436b7dfb | ITER: 26 START
2020-04-10 11:16:17.600 4212 WARNING rally_openstack.scenarios.neutron.utils [-] Running this scenario without either the 'network' or 'existing_network' context is deprecated
2020-04-10 11:16:17.891 4218 INFO rally.task.runner [-] Task 95088a20-aa60-4c9d-8882-0f08436b7dfb | ITER: 10 END: OK
2020-04-10 11:16:17.897 4218 INFO rally.task.runner [-] Task 95088a20-aa60-4c9d-8882-0f08436b7dfb | ITER: 27 START
2020-04-10 11:16:17.898 4218 WARNING rally_openstack.scenarios.neutron.utils [-] Running this scenario without either the 'network' or 'existing_network' context is deprecated
2020-04-10 11:16:18.005 4247 INFO rally.task.runner [-] Task 95088a20-aa60-4c9d-8882-0f08436b7dfb | ITER: 19 END: OK
2020-04-10 11:16:18.011 4247 INFO rally.task.runner [-] Task 95088a20-aa60-4c9d-8882-0f08436b7dfb | ITER: 28 START
2020-04-10 11:16:18.012 4247 WARNING rally_openstack.scenarios.neutron.utils [-] Running this scenario without either the 'network' or 'existing_network' context is deprecated
2020-04-10 11:16:18.126 4202 INFO rally.task.runner [-] Task 95088a20-aa60-4c9d-8882-0f08436b7dfb | ITER: 5 END: OK
2020-04-10 11:16:18.131 4202 INFO rally.task.runner [-] Task 95088a20-aa60-4c9d-8882-0f08436b7dfb | ITER: 29 START
2020-04-10 11:16:18.132 4202 WARNING rally_openstack.scenarios.neutron.utils [-] Running this scenario without either the 'network' or 'existing_network' context is deprecated
2020-04-10 11:16:18.475 4234 INFO rally.task.runner [-] Task 95088a20-aa60-4c9d-8882-0f08436b7dfb | ITER: 15 END: OK
2020-04-10 11:16:18.479 4234 INFO rally.task.runner [-] Task 95088a20-aa60-4c9d-8882-0f08436b7dfb | ITER: 30 START
2020-04-10 11:16:18.480 4234 WARNING rally_openstack.scenarios.neutron.utils [-] Running this scenario without either the 'network' or 'existing_network' context is deprecated
2020-04-10 11:16:18.797 4205 INFO rally.task.runner [-] Task 95088a20-aa60-4c9d-8882-0f08436b7dfb | ITER: 6 END: OK
2020-04-10 11:16:18.802 4205 INFO rally.task.runner [-] Task 95088a20-aa60-4c9d-8882-0f08436b7dfb | ITER: 31 START
2020-04-10 11:16:18.803 4205 WARNING rally_openstack.scenarios.neutron.utils [-] Running this scenario without either the 'network' or 'existing_network' context is deprecated
2020-04-10 11:16:19.078 4238 INFO rally.task.runner [-] Task 95088a20-aa60-4c9d-8882-0f08436b7dfb | ITER: 16 END: OK
2020-04-10 11:16:19.089 4238 INFO rally.task.runner [-] Task 95088a20-aa60-4c9d-8882-0f08436b7dfb | ITER: 32 START
2020-04-10 11:16:19.090 4238 WARNING rally_openstack.scenarios.neutron.utils [-] Running this scenario without either the 'network' or 'existing_network' context is deprecated
2020-04-10 11:16:19.240 4224 INFO rally.task.runner [-] Task 95088a20-aa60-4c9d-8882-0f08436b7dfb | ITER: 12 END: OK
2020-04-10 11:16:19.250 4224 INFO rally.task.runner [-] Task 95088a20-aa60-4c9d-8882-0f08436b7dfb | ITER: 33 START
2020-04-10 11:16:19.251 4224 WARNING rally_openstack.scenarios.neutron.utils [-] Running this scenario without either the 'network' or 'existing_network' context is deprecated
2020-04-10 11:16:19.449 4250 INFO rally.task.runner [-] Task 95088a20-aa60-4c9d-8882-0f08436b7dfb | ITER: 20 END: OK
2020-04-10 11:16:19.458 4250 INFO rally.task.runner [-] Task 95088a20-aa60-4c9d-8882-0f08436b7dfb | ITER: 34 START
2020-04-10 11:16:19.460 4250 WARNING rally_openstack.scenarios.neutron.utils [-] Running this scenario without either the 'network' or 'existing_network' context is deprecated
2020-04-10 11:16:19.476 4200 INFO rally.task.runner [-] Task 95088a20-aa60-4c9d-8882-0f08436b7dfb | ITER: 2 END: OK
2020-04-10 11:16:19.486 4200 INFO rally.task.runner [-] Task 95088a20-aa60-4c9d-8882-0f08436b7dfb | ITER: 35 START
2020-04-10 11:16:19.487 4200 WARNING rally_openstack.scenarios.neutron.utils [-] Running this scenario without either the 'network' or 'existing_network' context is deprecated
2020-04-10 11:16:19.789 4241 INFO rally.task.runner [-] Task 95088a20-aa60-4c9d-8882-0f08436b7dfb | ITER: 17 END: OK
2020-04-10 11:16:19.797 4241 INFO rally.task.runner [-] Task 95088a20-aa60-4c9d-8882-0f08436b7dfb | ITER: 36 START
2020-04-10 11:16:19.798 4241 WARNING rally_openstack.scenarios.neutron.utils [-] Running this scenario without either the 'network' or 'existing_network' context is deprecated
2020-04-10 11:16:19.902 4209 INFO rally.task.runner [-] Task 95088a20-aa60-4c9d-8882-0f08436b7dfb | ITER: 7 END: OK
2020-04-10 11:16:19.910 4209 INFO rally.task.runner [-] Task 95088a20-aa60-4c9d-8882-0f08436b7dfb | ITER: 37 START
2020-04-10 11:16:19.911 4209 WARNING rally_openstack.scenarios.neutron.utils [-] Running this scenario without either the 'network' or 'existing_network' context is deprecated
2020-04-10 11:16:21.149 4221 INFO rally.task.runner [-] Task 95088a20-aa60-4c9d-8882-0f08436b7dfb | ITER: 11 END: OK
2020-04-10 11:16:21.158 4221 INFO rally.task.runner [-] Task 95088a20-aa60-4c9d-8882-0f08436b7dfb | ITER: 38 START
2020-04-10 11:16:21.159 4221 WARNING rally_openstack.scenarios.neutron.utils [-] Running this scenario without either the 'network' or 'existing_network' context is deprecated
2020-04-10 11:16:22.260 4203 INFO rally.task.runner [-] Task 95088a20-aa60-4c9d-8882-0f08436b7dfb | ITER: 4 END: OK
2020-04-10 11:16:22.270 4203 INFO rally.task.runner [-] Task 95088a20-aa60-4c9d-8882-0f08436b7dfb | ITER: 39 START
2020-04-10 11:16:22.271 4203 WARNING rally_openstack.scenarios.neutron.utils [-] Running this scenario without either the 'network' or 'existing_network' context is deprecated
2020-04-10 11:16:22.581 4227 INFO rally.task.runner [-] Task 95088a20-aa60-4c9d-8882-0f08436b7dfb | ITER: 13 END: OK
2020-04-10 11:16:22.590 4227 INFO rally.task.runner [-] Task 95088a20-aa60-4c9d-8882-0f08436b7dfb | ITER: 40 START
2020-04-10 11:16:22.591 4227 WARNING rally_openstack.scenarios.neutron.utils [-] Running this scenario without either the 'network' or 'existing_network' context is deprecated
2020-04-10 11:16:35.652 4199 INFO rally.task.runner [-] Task 95088a20-aa60-4c9d-8882-0f08436b7dfb | ITER: 22 END: OK
2020-04-10 11:16:36.323 4205 INFO rally.task.runner [-] Task 95088a20-aa60-4c9d-8882-0f08436b7dfb | ITER: 31 END: OK
2020-04-10 11:16:37.002 4202 INFO rally.task.runner [-] Task 95088a20-aa60-4c9d-8882-0f08436b7dfb | ITER: 29 END: OK
2020-04-10 11:16:38.221 4244 INFO rally.task.runner [-] Task 95088a20-aa60-4c9d-8882-0f08436b7dfb | ITER: 24 END: OK
2020-04-10 11:16:39.298 4234 INFO rally.task.runner [-] Task 95088a20-aa60-4c9d-8882-0f08436b7dfb | ITER: 30 END: OK
2020-04-10 11:16:40.535 4250 INFO rally.task.runner [-] Task 95088a20-aa60-4c9d-8882-0f08436b7dfb | ITER: 34 END: OK
2020-04-10 11:16:40.580 4201 INFO rally.task.runner [-] Task 95088a20-aa60-4c9d-8882-0f08436b7dfb | ITER: 23 END: OK
2020-04-10 11:16:40.775 4224 INFO rally.task.runner [-] Task 95088a20-aa60-4c9d-8882-0f08436b7dfb | ITER: 33 END: OK
2020-04-10 11:16:41.192 4212 INFO rally.task.runner [-] Task 95088a20-aa60-4c9d-8882-0f08436b7dfb | ITER: 26 END: OK
2020-04-10 11:16:41.578 4227 INFO rally.task.runner [-] Task 95088a20-aa60-4c9d-8882-0f08436b7dfb | ITER: 40 END: OK
2020-04-10 11:16:41.994 4203 INFO rally.task.runner [-] Task 95088a20-aa60-4c9d-8882-0f08436b7dfb | ITER: 39 END: OK
2020-04-10 11:16:42.304 4213 INFO rally.task.runner [-] Task 95088a20-aa60-4c9d-8882-0f08436b7dfb | ITER: 21 END: OK
2020-04-10 11:16:42.894 4241 INFO rally.task.runner [-] Task 95088a20-aa60-4c9d-8882-0f08436b7dfb | ITER: 36 END: OK
2020-04-10 11:16:44.851 4218 INFO rally.task.runner [-] Task 95088a20-aa60-4c9d-8882-0f08436b7dfb | ITER: 27 END: OK
2020-04-10 11:16:45.223 4238 INFO rally.task.runner [-] Task 95088a20-aa60-4c9d-8882-0f08436b7dfb | ITER: 32 END: OK
2020-04-10 11:16:46.575 4247 INFO rally.task.runner [-] Task 95088a20-aa60-4c9d-8882-0f08436b7dfb | ITER: 28 END: OK
2020-04-10 11:16:47.290 4209 INFO rally.task.runner [-] Task 95088a20-aa60-4c9d-8882-0f08436b7dfb | ITER: 37 END: OK
2020-04-10 11:16:47.304 4200 INFO rally.task.runner [-] Task 95088a20-aa60-4c9d-8882-0f08436b7dfb | ITER: 35 END: OK
2020-04-10 11:16:48.973 4221 INFO rally.task.runner [-] Task 95088a20-aa60-4c9d-8882-0f08436b7dfb | ITER: 38 END: OK
2020-04-10 11:16:49.127 4231 INFO rally.task.runner [-] Task 95088a20-aa60-4c9d-8882-0f08436b7dfb | ITER: 25 END: OK
2020-04-10 11:16:49.151 15 INFO rally.task.context [-] Task 95088a20-aa60-4c9d-8882-0f08436b7dfb | Context cleanup@openstack cleanup() started
2020-04-10 11:16:49.154 15 RALLYDEBUG rally_openstack.cleanup.manager [-] Cleaning up neutron vip objects
2020-04-10 11:16:49.328 15 RALLYDEBUG rally_openstack.cleanup.manager [-] Cleaning up neutron health_monitor objects
2020-04-10 11:16:49.526 15 RALLYDEBUG rally_openstack.cleanup.manager [-] Cleaning up neutron pool objects
2020-04-10 11:16:49.711 15 RALLYDEBUG rally_openstack.cleanup.manager [-] Cleaning up neutron loadbalancer objects
2020-04-10 11:16:49.882 15 RALLYDEBUG rally_openstack.cleanup.manager [-] Cleaning up neutron floatingip objects
2020-04-10 11:16:50.091 15 RALLYDEBUG rally_openstack.cleanup.manager [-] Cleaning up neutron trunk objects
2020-04-10 11:16:50.243 15 DEBUG neutronclient.v2_0.client [-] Error message: {"NeutronError": {"message": "Invalid input for operation: 'tenant_id' is not supported for filtering.", "type": "InvalidInput", "detail": ""}} _handle_fault_response /usr/lib/python2.7/site-packages/neutronclient/v2_0/client.py:259
2020-04-10 11:16:50.262 15 DEBUG neutronclient.v2_0.client [-] Error message: {"NeutronError": {"message": "Invalid input for operation: 'tenant_id' is not supported for filtering.", "type": "InvalidInput", "detail": ""}} _handle_fault_response /usr/lib/python2.7/site-packages/neutronclient/v2_0/client.py:259
2020-04-10 11:16:50.286 15 DEBUG neutronclient.v2_0.client [-] Error message: {"NeutronError": {"message": "Invalid input for operation: 'tenant_id' is not supported for filtering.", "type": "InvalidInput", "detail": ""}} _handle_fault_response /usr/lib/python2.7/site-packages/neutronclient/v2_0/client.py:259
2020-04-10 11:16:50.287 15 ERROR rally_openstack.cleanup.manager [-] Seems like rally_openstack.cleanup.resources.NeutronTrunk.list(self) method is broken. It shouldn't raise any exceptions.: BadRequest: Invalid input for operation: 'tenant_id' is not supported for filtering. Neutron server returns request_ids: ['req-15ef8a40-7027-4f02-a5ec-792b3f666023']
2020-04-10 11:16:50.287 15 ERROR rally_openstack.cleanup.manager
Traceback (most recent call last):
2020-04-10 11:16:50.287 15 ERROR rally_openstack.cleanup.manager
File "/usr/lib/python2.7/site-packages/rally_openstack/cleanup/manager.py", line 133, in _publish
2020-04-10 11:16:50.287 15 ERROR rally_openstack.cleanup.manager for raw_resource in rutils.retry(3, manager.list):
2020-04-10 11:16:50.287 15 ERROR rally_openstack.cleanup.manager
File "/usr/lib/python2.7/site-packages/rally/common/utils.py", line 230, in retry
2020-04-10 11:16:50.287 15 ERROR rally_openstack.cleanup.manager return func(*args, **kwargs)
2020-04-10 11:16:50.287 15 ERROR rally_openstack.cleanup.manager
File "/usr/lib/python2.7/site-packages/rally_openstack/cleanup/resources.py", line 396, in list
2020-04-10 11:16:50.287 15 ERROR rally_openstack.cleanup.manager return super(NeutronTrunk, self).list()
2020-04-10 11:16:50.287 15 ERROR rally_openstack.cleanup.manager
File "/usr/lib/python2.7/site-packages/rally_openstack/cleanup/resources.py", line 273, in list
2020-04-10 11:16:50.287 15 ERROR rally_openstack.cleanup.manager result = list_method(tenant_id=self.tenant_uuid)[resources]
2020-04-10 11:16:50.287 15 ERROR rally_openstack.cleanup.manager
File "/usr/lib/python2.7/site-packages/neutronclient/v2_0/client.py", line 2105, in list_trunks
2020-04-10 11:16:50.287 15 ERROR rally_openstack.cleanup.manager **_params)
2020-04-10 11:16:50.287 15 ERROR rally_openstack.cleanup.manager
File "/usr/lib/python2.7/site-packages/neutronclient/v2_0/client.py", line 369, in list
2020-04-10 11:16:50.287 15 ERROR rally_openstack.cleanup.manager for r in self._pagination(collection, path, **params):
2020-04-10 11:16:50.287 15 ERROR rally_openstack.cleanup.manager
File "/usr/lib/python2.7/site-packages/neutronclient/v2_0/client.py", line 384, in _pagination
2020-04-10 11:16:50.287 15 ERROR rally_openstack.cleanup.manager res = self.get(path, params=params)
2020-04-10 11:16:50.287 15 ERROR rally_openstack.cleanup.manager
File "/usr/lib/python2.7/site-packages/neutronclient/v2_0/client.py", line 354, in get
2020-04-10 11:16:50.287 15 ERROR rally_openstack.cleanup.manager headers=headers, params=params)
2020-04-10 11:16:50.287 15 ERROR rally_openstack.cleanup.manager
File "/usr/lib/python2.7/site-packages/neutronclient/v2_0/client.py", line 331, in retry_request
2020-04-10 11:16:50.287 15 ERROR rally_openstack.cleanup.manager headers=headers, params=params)
2020-04-10 11:16:50.287 15 ERROR rally_openstack.cleanup.manager
File "/usr/lib/python2.7/site-packages/neutronclient/v2_0/client.py", line 294, in do_request
2020-04-10 11:16:50.287 15 ERROR rally_openstack.cleanup.manager self._handle_fault_response(status_code, replybody, resp)
2020-04-10 11:16:50.287 15 ERROR rally_openstack.cleanup.manager
File "/usr/lib/python2.7/site-packages/neutronclient/v2_0/client.py", line 269, in _handle_fault_response
2020-04-10 11:16:50.287 15 ERROR rally_openstack.cleanup.manager exception_handler_v20(status_code, error_body)
2020-04-10 11:16:50.287 15 ERROR rally_openstack.cleanup.manager
File "/usr/lib/python2.7/site-packages/neutronclient/v2_0/client.py", line 93, in exception_handler_v20
2020-04-10 11:16:50.287 15 ERROR rally_openstack.cleanup.manager request_ids=request_ids)
2020-04-10 11:16:50.287 15 ERROR rally_openstack.cleanup.manager BadRequest: Invalid input for operation: 'tenant_id' is not supported for filtering.
2020-04-10 11:16:50.287 15 ERROR rally_openstack.cleanup.manager Neutron server returns request_ids: ['req-15ef8a40-7027-4f02-a5ec-792b3f666023']
2020-04-10 11:16:50.287 15 ERROR rally_openstack.cleanup.manager
2020-04-10 11:16:50.297 15 RALLYDEBUG rally_openstack.cleanup.manager [-] Cleaning up neutron port objects
