2020-04-10 10:55:00.052 15 RALLYDEBUG rally_openstack.cleanup.manager [-] Deleting neutron.network object s_rally_87cf8721_lsGM5xzg (80ac90f3-f8c5-4aec-b032-6fe1ba561985)
2020-04-10 10:55:00.368 15 RALLYDEBUG rally_openstack.cleanup.manager [-] Deleting neutron.network object s_rally_87cf8721_SwdogLB7 (80d1ce49-d4e5-4bb2-aefb-27ac14597f9a)
2020-04-10 10:55:00.392 15 RALLYDEBUG rally_openstack.cleanup.manager [-] Deleting neutron.network object s_rally_87cf8721_WW09kTd6 (88e8a6c2-248e-41c5-94f2-82d2d56aa666)
2020-04-10 10:55:00.441 15 RALLYDEBUG rally_openstack.cleanup.manager [-] Deleting neutron.network object s_rally_87cf8721_ltLqFtzK (8aba7bd6-9afc-4a99-a390-d1e9a3027835)
2020-04-10 10:55:00.450 15 RALLYDEBUG rally_openstack.cleanup.manager [-] Deleting neutron.network object s_rally_87cf8721_vMIoJ1OJ (8ba9d5ae-5dfd-4928-aabe-98cbf5676003)
2020-04-10 10:55:00.479 15 RALLYDEBUG rally_openstack.cleanup.manager [-] Deleting neutron.network object s_rally_87cf8721_05jmqPO9 (97bdf7d3-5c0c-4c4c-b199-53ad7e9647e3)
2020-04-10 10:55:00.493 15 RALLYDEBUG rally_openstack.cleanup.manager [-] Deleting neutron.network object s_rally_87cf8721_sFkLShSU (9e1a1550-8d4e-4e2c-aca7-f4098909dcba)
2020-04-10 10:55:00.495 15 RALLYDEBUG rally_openstack.cleanup.manager [-] Deleting neutron.network object s_rally_87cf8721_7hEWDu4I (9d6f3d8b-bc81-4b3f-b82a-a822164c36c7)
2020-04-10 10:55:00.511 15 RALLYDEBUG rally_openstack.cleanup.manager [-] Deleting neutron.network object s_rally_87cf8721_jdGFsLuP (9f0ea86f-bd44-437c-ae6c-d388b433094e)
2020-04-10 10:55:00.516 15 RALLYDEBUG rally_openstack.cleanup.manager [-] Deleting neutron.network object s_rally_87cf8721_oNr51g2N (a2f0dc02-d878-451a-a45e-774bf058edca)
2020-04-10 10:55:00.548 15 RALLYDEBUG rally_openstack.cleanup.manager [-] Deleting neutron.network object s_rally_87cf8721_B28RweoU (a7af40b7-95e9-4615-a1f4-d5aec5d61c99)
2020-04-10 10:55:00.606 15 RALLYDEBUG rally_openstack.cleanup.manager [-] Deleting neutron.network object s_rally_87cf8721_UWmg3MMi (ae2db6b6-a1c9-4550-b3bf-c10af57c440c)
2020-04-10 10:55:00.623 15 RALLYDEBUG rally_openstack.cleanup.manager [-] Deleting neutron.network object s_rally_87cf8721_92RHibcW (b8df9e71-521f-4c51-9b50-1aa675deb8fd)
2020-04-10 10:55:00.660 15 RALLYDEBUG rally_openstack.cleanup.manager [-] Deleting neutron.network object s_rally_87cf8721_aHaq939w (bc851289-aa6f-4086-800c-00aa9ca101e2)
2020-04-10 10:55:00.899 15 RALLYDEBUG rally_openstack.cleanup.manager [-] Deleting neutron.network object s_rally_87cf8721_WXAe4BMW (be68d5de-ec60-4f75-97aa-4699e183826a)
2020-04-10 10:55:00.986 15 RALLYDEBUG rally_openstack.cleanup.manager [-] Deleting neutron.network object s_rally_87cf8721_aiTmWGFE (c2276393-f15c-4a43-80bf-94cc224997f7)
2020-04-10 10:55:01.103 15 RALLYDEBUG rally_openstack.cleanup.manager [-] Deleting neutron.network object s_rally_87cf8721_n8mtyRSC (c2af5371-4f11-479b-9701-f5a90856fd85)
2020-04-10 10:55:01.133 15 RALLYDEBUG rally_openstack.cleanup.manager [-] Deleting neutron.network object s_rally_87cf8721_6j15IAgU (c33bbc48-5535-436d-8b64-7db9caa751a9)
2020-04-10 10:55:01.217 15 RALLYDEBUG rally_openstack.cleanup.manager [-] Deleting neutron.network object s_rally_87cf8721_PauZDr1u (c59ff410-7de0-4b4c-bd91-9d26c00dbf44)
2020-04-10 10:55:01.339 15 RALLYDEBUG rally_openstack.cleanup.manager [-] Deleting neutron.network object s_rally_87cf8721_Nnj7vJYp (c5d1fdbf-6f16-479b-bd03-c7343e7908bd)
2020-04-10 10:55:02.093 15 RALLYDEBUG rally_openstack.cleanup.manager [-] Deleting neutron.network object s_rally_87cf8721_LEcuVWvF (c661a486-6794-422a-a068-804f5d47097d)
2020-04-10 10:55:02.431 15 RALLYDEBUG rally_openstack.cleanup.manager [-] Deleting neutron.network object s_rally_87cf8721_K6h57KEE (c6e8cfd1-6a62-42e5-a833-23508762344e)
2020-04-10 10:55:02.482 15 RALLYDEBUG rally_openstack.cleanup.manager [-] Deleting neutron.network object s_rally_87cf8721_3eQBRA48 (c82f5933-2778-40ea-894b-799d51af4dcb)
2020-04-10 10:55:02.491 15 RALLYDEBUG rally_openstack.cleanup.manager [-] Deleting neutron.network object s_rally_87cf8721_nUF6igo6 (c70ab265-4a9d-4012-91ee-9b7bf49b3f9b)
2020-04-10 10:55:02.643 15 RALLYDEBUG rally_openstack.cleanup.manager [-] Deleting neutron.network object s_rally_87cf8721_34kU6bUI (cb811117-6c72-4be5-b8ae-44a8a098991c)
2020-04-10 10:55:02.849 15 RALLYDEBUG rally_openstack.cleanup.manager [-] Deleting neutron.network object s_rally_87cf8721_ZMeSU0Wm (cbba17f1-6e54-4dec-885b-509085138fa3)
2020-04-10 10:55:03.029 15 RALLYDEBUG rally_openstack.cleanup.manager [-] Deleting neutron.network object s_rally_87cf8721_y8o1GPuj (ce5019be-1a0c-4149-8c03-bde93da3fb23)
2020-04-10 10:55:03.036 15 RALLYDEBUG rally_openstack.cleanup.manager [-] Deleting neutron.network object s_rally_87cf8721_oIyOWa9q (d0ac1f1a-4f4b-4e5a-adc3-e7fa59b8ce7a)
2020-04-10 10:55:03.142 15 RALLYDEBUG rally_openstack.cleanup.manager [-] Deleting neutron.network object s_rally_87cf8721_fS47IDJD (d32f8c39-dcc9-419d-b5a6-a0b477370eb1)
2020-04-10 10:55:03.296 15 RALLYDEBUG rally_openstack.cleanup.manager [-] Deleting neutron.network object s_rally_87cf8721_nmzDAnRE (d6d6f7f3-0382-41fa-8f16-e6eab03fbe86)
2020-04-10 10:55:03.402 15 RALLYDEBUG rally_openstack.cleanup.manager [-] Deleting neutron.network object s_rally_87cf8721_xAA5CBmI (d8c096eb-96f5-41fc-b1ac-d3eb36783317)
2020-04-10 10:55:03.418 15 RALLYDEBUG rally_openstack.cleanup.manager [-] Deleting neutron.network object s_rally_87cf8721_r5MViSLU (dbf95cce-c7c1-45e6-b57f-2fb885e0914d)
2020-04-10 10:55:03.460 15 RALLYDEBUG rally_openstack.cleanup.manager [-] Deleting neutron.network object s_rally_87cf8721_cJ2RodG8 (dda079da-e0aa-4d14-9062-806ae418f10f)
2020-04-10 10:55:03.478 15 RALLYDEBUG rally_openstack.cleanup.manager [-] Deleting neutron.network object s_rally_87cf8721_D6Ltbb8H (ddb36d7c-7818-44f7-b0a0-e987afb3b481)
2020-04-10 10:55:03.490 15 RALLYDEBUG rally_openstack.cleanup.manager [-] Deleting neutron.network object s_rally_87cf8721_zIOq79FA (de2396ff-6405-455a-b24a-c321ed067bd5)
2020-04-10 10:55:03.510 15 RALLYDEBUG rally_openstack.cleanup.manager [-] Deleting neutron.network object s_rally_87cf8721_3OB5v25y (dec7cc05-3f41-4d27-bd4b-e1b61f201aca)
2020-04-10 10:55:03.670 15 RALLYDEBUG rally_openstack.cleanup.manager [-] Deleting neutron.network object s_rally_87cf8721_qmMb3Ah3 (df43866b-685e-44e7-9668-fd70abef9350)
2020-04-10 10:55:03.749 15 RALLYDEBUG rally_openstack.cleanup.manager [-] Deleting neutron.network object s_rally_87cf8721_UnnM35B0 (e7f93885-faef-4bca-bdc8-321bf952e7bc)
2020-04-10 10:55:03.931 15 RALLYDEBUG rally_openstack.cleanup.manager [-] Deleting neutron.network object s_rally_87cf8721_38Xf5aZS (e858a028-4d5d-4567-8cf4-194c47d875ea)
2020-04-10 10:55:04.177 15 RALLYDEBUG rally_openstack.cleanup.manager [-] Deleting neutron.network object s_rally_87cf8721_sPiH2L6V (e9c50b6c-67c3-42b5-988e-7194ed83d477)
2020-04-10 10:55:04.186 15 RALLYDEBUG rally_openstack.cleanup.manager [-] Deleting neutron.network object s_rally_87cf8721_xeHUI12o (ecf6e391-e949-4876-8ffc-ba4bce06906d)
2020-04-10 10:55:04.353 15 RALLYDEBUG rally_openstack.cleanup.manager [-] Deleting neutron.network object s_rally_87cf8721_Ywv3GUio (f0298848-d1ca-4a20-9e3f-d010ed6f89ab)
2020-04-10 10:55:04.532 15 RALLYDEBUG rally_openstack.cleanup.manager [-] Deleting neutron.network object s_rally_87cf8721_VCLKNnOc (f149fa40-220e-469f-924e-d8ec763a5cf3)
2020-04-10 10:55:04.561 15 RALLYDEBUG rally_openstack.cleanup.manager [-] Deleting neutron.network object s_rally_87cf8721_vaRW2wIY (f780c200-b4ff-43a1-abe0-ccef5af9d246)
2020-04-10 10:55:04.601 15 RALLYDEBUG rally_openstack.cleanup.manager [-] Deleting neutron.network object s_rally_87cf8721_UgUPrDID (f920899f-2f3b-4509-a7b0-380f648dc5f5)
2020-04-10 10:55:04.794 15 RALLYDEBUG rally_openstack.cleanup.manager [-] Deleting neutron.network object s_rally_87cf8721_jfOxbdgR (fa3db7bc-9de5-4ade-9d51-c57c9d17dd74)
2020-04-10 10:55:04.814 15 RALLYDEBUG rally_openstack.cleanup.manager [-] Deleting neutron.network object s_rally_87cf8721_GQp0XyJd (fbb5e81d-efab-4ed8-8bb2-6dd0147ad6ec)
2020-04-10 10:55:07.042 15 RALLYDEBUG rally_openstack.cleanup.manager [-] Cleaning up neutron router objects
2020-04-10 10:55:07.431 15 RALLYDEBUG rally_openstack.cleanup.manager [-] Cleaning up neutron security_group objects
2020-04-10 10:55:07.807 15 INFO rally.task.context [-] Task 95088a20-aa60-4c9d-8882-0f08436b7dfb | Context cleanup@openstack cleanup() finished in 16.63 sec
2020-04-10 10:55:07.807 15 INFO rally.task.context [-] Task 95088a20-aa60-4c9d-8882-0f08436b7dfb | Context quotas@openstack cleanup() started
2020-04-10 10:55:08.141 15 INFO rally.task.context [-] Task 95088a20-aa60-4c9d-8882-0f08436b7dfb | Context quotas@openstack cleanup() finished in 0.33 sec
2020-04-10 10:55:08.141 15 INFO rally.task.context [-] Task 95088a20-aa60-4c9d-8882-0f08436b7dfb | Context users@openstack cleanup() started
2020-04-10 10:55:10.537 15 INFO rally.task.context [-] Task 95088a20-aa60-4c9d-8882-0f08436b7dfb | Context users@openstack cleanup() finished in 2.40 sec
2020-04-10 10:55:12.185 15 INFO rally.task.engine [-] Load duration is: 27.635068
2020-04-10 10:55:12.185 15 INFO rally.task.engine [-] Full runner duration is: 27.68154
2020-04-10 10:55:12.185 15 INFO rally.task.engine [-] Full duration is: 48.562637
2020-04-10 10:55:12.372 15 INFO rally.task.engine [-] Running workload: position = 1 config = { "version": 2, "title": "A cropped version of a bigger task.", "description": "Auto-generated task from a single workload (uuid=9f4f47d7-09fb-4940-8b81-dc88a4838940)", "subtasks": [ { "title": "NeutronNetworks.create_and_update_networks", "description": "Check network update action", "scenario": { "NeutronNetworks.create_and_update_networks": { "network_create_args": {}, "network_update_args": { "admin_state_up": false, "name": "_updated" } } }, "contexts": { "users": { "tenants": 1, "users_per_tenant": 1 }, "quotas": { "neutron": { "network": -1 } } }, "runner": { "constant": { "times": 40, "concurrency": 20 } }, "hooks": [], "sla": { "failure_rate": { "max": 0 } } } ] }
2020-04-10 10:55:12.395 15 RALLYDEBUG rally_openstack.contexts.keystone.users [-] Creating 1 tenants using 20 threads
2020-04-10 10:55:12.765 15 RALLYDEBUG rally_openstack.contexts.keystone.users [-] Creating 1 users using 20 threads
2020-04-10 10:55:13.426 15 INFO rally.task.context [-] Task 95088a20-aa60-4c9d-8882-0f08436b7dfb | Context users@openstack setup() finished in 1.03 sec
2020-04-10 10:55:13.899 15 INFO rally.task.context [-] Task 95088a20-aa60-4c9d-8882-0f08436b7dfb | Context quotas@openstack setup() finished in 0.47 sec
2020-04-10 10:55:13.899 15 INFO rally.task.context [-] Task 95088a20-aa60-4c9d-8882-0f08436b7dfb | Context cleanup@openstack setup() finished in 0.01 msec
2020-04-10 10:55:13.908 15 RALLYDEBUG rally.task.runner [-] Starting the constant runner (task UUID: 95088a20-aa60-4c9d-8882-0f08436b7dfb). timeout: 0 concurrency: 20 concurrency_per_worker: 1 times: 40 concurrency_overhead: 0 processes_to_start: 20 max_cpu_used: 88
2020-04-10 10:55:13.920 601 RALLYDEBUG rally.task.runner [-] Starting a worker. concurrency: 1 args: {"network_create_args": {}, "network_update_args": {"admin_state_up": false, "name": "_updated"}} times: 40 method_name: run timeout: 0 duration: None cls:
2020-04-10 10:55:13.923 602 RALLYDEBUG rally.task.runner [-] Starting a worker. concurrency: 1 args: {"network_create_args": {}, "network_update_args": {"admin_state_up": false, "name": "_updated"}} times: 40 method_name: run timeout: 0 duration: None cls:
2020-04-10 10:55:13.926 603 RALLYDEBUG rally.task.runner [-] Starting a worker. concurrency: 1 args: {"network_create_args": {}, "network_update_args": {"admin_state_up": false, "name": "_updated"}} times: 40 method_name: run timeout: 0 duration: None cls:
2020-04-10 10:55:13.928 601 INFO rally.task.runner [-] Task 95088a20-aa60-4c9d-8882-0f08436b7dfb | ITER: 1 START
2020-04-10 10:55:13.928 602 INFO rally.task.runner [-] Task 95088a20-aa60-4c9d-8882-0f08436b7dfb | ITER: 2 START
2020-04-10 10:55:13.929 604 RALLYDEBUG rally.task.runner [-] Starting a worker. concurrency: 1 args: {"network_create_args": {}, "network_update_args": {"admin_state_up": false, "name": "_updated"}} times: 40 method_name: run timeout: 0 duration: None cls:
2020-04-10 10:55:13.932 603 INFO rally.task.runner [-] Task 95088a20-aa60-4c9d-8882-0f08436b7dfb | ITER: 3 START
2020-04-10 10:55:13.932 606 RALLYDEBUG rally.task.runner [-] Starting a worker. concurrency: 1 args: {"network_create_args": {}, "network_update_args": {"admin_state_up": false, "name": "_updated"}} times: 40 method_name: run timeout: 0 duration: None cls:
2020-04-10 10:55:13.935 604 INFO rally.task.runner [-] Task 95088a20-aa60-4c9d-8882-0f08436b7dfb | ITER: 4 START
2020-04-10 10:55:13.935 610 RALLYDEBUG rally.task.runner [-] Starting a worker. concurrency: 1 args: {"network_create_args": {}, "network_update_args": {"admin_state_up": false, "name": "_updated"}} times: 40 method_name: run timeout: 0 duration: None cls:
2020-04-10 10:55:13.939 606 INFO rally.task.runner [-] Task 95088a20-aa60-4c9d-8882-0f08436b7dfb | ITER: 5 START
2020-04-10 10:55:13.938 612 RALLYDEBUG rally.task.runner [-] Starting a worker. concurrency: 1 args: {"network_create_args": {}, "network_update_args": {"admin_state_up": false, "name": "_updated"}} times: 40 method_name: run timeout: 0 duration: None cls:
2020-04-10 10:55:13.941 610 INFO rally.task.runner [-] Task 95088a20-aa60-4c9d-8882-0f08436b7dfb | ITER: 6 START
2020-04-10 10:55:13.941 616 RALLYDEBUG rally.task.runner [-] Starting a worker. concurrency: 1 args: {"network_create_args": {}, "network_update_args": {"admin_state_up": false, "name": "_updated"}} times: 40 method_name: run timeout: 0 duration: None cls:
2020-04-10 10:55:13.944 612 INFO rally.task.runner [-] Task 95088a20-aa60-4c9d-8882-0f08436b7dfb | ITER: 7 START
2020-04-10 10:55:13.945 618 RALLYDEBUG rally.task.runner [-] Starting a worker. concurrency: 1 args: {"network_create_args": {}, "network_update_args": {"admin_state_up": false, "name": "_updated"}} times: 40 method_name: run timeout: 0 duration: None cls:
2020-04-10 10:55:13.947 616 INFO rally.task.runner [-] Task 95088a20-aa60-4c9d-8882-0f08436b7dfb | ITER: 8 START
2020-04-10 10:55:13.947 622 RALLYDEBUG rally.task.runner [-] Starting a worker. concurrency: 1 args: {"network_create_args": {}, "network_update_args": {"admin_state_up": false, "name": "_updated"}} times: 40 method_name: run timeout: 0 duration: None cls:
2020-04-10 10:55:13.950 625 RALLYDEBUG rally.task.runner [-] Starting a worker. concurrency: 1 args: {"network_create_args": {}, "network_update_args": {"admin_state_up": false, "name": "_updated"}} times: 40 method_name: run timeout: 0 duration: None cls:
2020-04-10 10:55:13.951 618 INFO rally.task.runner [-] Task 95088a20-aa60-4c9d-8882-0f08436b7dfb | ITER: 9 START
2020-04-10 10:55:13.952 622 INFO rally.task.runner [-] Task 95088a20-aa60-4c9d-8882-0f08436b7dfb | ITER: 10 START
2020-04-10 10:55:13.953 627 RALLYDEBUG rally.task.runner [-] Starting a worker. concurrency: 1 args: {"network_create_args": {}, "network_update_args": {"admin_state_up": false, "name": "_updated"}} times: 40 method_name: run timeout: 0 duration: None cls:
2020-04-10 10:55:13.955 625 INFO rally.task.runner [-] Task 95088a20-aa60-4c9d-8882-0f08436b7dfb | ITER: 11 START
2020-04-10 10:55:13.956 630 RALLYDEBUG rally.task.runner [-] Starting a worker. concurrency: 1 args: {"network_create_args": {}, "network_update_args": {"admin_state_up": false, "name": "_updated"}} times: 40 method_name: run timeout: 0 duration: None cls:
2020-04-10 10:55:13.958 634 RALLYDEBUG rally.task.runner [-] Starting a worker. concurrency: 1 args: {"network_create_args": {}, "network_update_args": {"admin_state_up": false, "name": "_updated"}} times: 40 method_name: run timeout: 0 duration: None cls:
2020-04-10 10:55:13.961 637 RALLYDEBUG rally.task.runner [-] Starting a worker. concurrency: 1 args: {"network_create_args": {}, "network_update_args": {"admin_state_up": false, "name": "_updated"}} times: 40 method_name: run timeout: 0 duration: None cls:
2020-04-10 10:55:13.962 630 INFO rally.task.runner [-] Task 95088a20-aa60-4c9d-8882-0f08436b7dfb | ITER: 13 START
2020-04-10 10:55:13.964 627 INFO rally.task.runner [-] Task 95088a20-aa60-4c9d-8882-0f08436b7dfb | ITER: 12 START
2020-04-10 10:55:13.964 634 INFO rally.task.runner [-] Task 95088a20-aa60-4c9d-8882-0f08436b7dfb | ITER: 14 START
2020-04-10 10:55:13.965 639 RALLYDEBUG rally.task.runner [-] Starting a worker. concurrency: 1 args: {"network_create_args": {}, "network_update_args": {"admin_state_up": false, "name": "_updated"}} times: 40 method_name: run timeout: 0 duration: None cls:
2020-04-10 10:55:13.967 637 INFO rally.task.runner [-] Task 95088a20-aa60-4c9d-8882-0f08436b7dfb | ITER: 15 START
2020-04-10 10:55:13.967 640 RALLYDEBUG rally.task.runner [-] Starting a worker. concurrency: 1 args: {"network_create_args": {}, "network_update_args": {"admin_state_up": false, "name": "_updated"}} times: 40 method_name: run timeout: 0 duration: None cls:
2020-04-10 10:55:13.969 646 RALLYDEBUG rally.task.runner [-] Starting a worker. concurrency: 1 args: {"network_create_args": {}, "network_update_args": {"admin_state_up": false, "name": "_updated"}} times: 40 method_name: run timeout: 0 duration: None cls:
2020-04-10 10:55:13.972 640 INFO rally.task.runner [-] Task 95088a20-aa60-4c9d-8882-0f08436b7dfb | ITER: 17 START
2020-04-10 10:55:13.972 649 RALLYDEBUG rally.task.runner [-] Starting a worker. concurrency: 1 args: {"network_create_args": {}, "network_update_args": {"admin_state_up": false, "name": "_updated"}} times: 40 method_name: run timeout: 0 duration: None cls:
2020-04-10 10:55:13.974 646 INFO rally.task.runner [-] Task 95088a20-aa60-4c9d-8882-0f08436b7dfb | ITER: 18 START
2020-04-10 10:55:13.975 639 INFO rally.task.runner [-] Task 95088a20-aa60-4c9d-8882-0f08436b7dfb | ITER: 16 START
2020-04-10 10:55:13.975 650 RALLYDEBUG rally.task.runner [-] Starting a worker. concurrency: 1 args: {"network_create_args": {}, "network_update_args": {"admin_state_up": false, "name": "_updated"}} times: 40 method_name: run timeout: 0 duration: None cls:
2020-04-10 10:55:13.978 649 INFO rally.task.runner [-] Task 95088a20-aa60-4c9d-8882-0f08436b7dfb | ITER: 19 START
2020-04-10 10:55:13.981 650 INFO rally.task.runner [-] Task 95088a20-aa60-4c9d-8882-0f08436b7dfb | ITER: 20 START
2020-04-10 10:55:17.317 627 INFO rally.task.runner [-] Task 95088a20-aa60-4c9d-8882-0f08436b7dfb | ITER: 12 END: OK
2020-04-10 10:55:17.322 627 INFO rally.task.runner [-] Task 95088a20-aa60-4c9d-8882-0f08436b7dfb | ITER: 21 START
2020-04-10 10:55:17.787 637 INFO rally.task.runner [-] Task 95088a20-aa60-4c9d-8882-0f08436b7dfb | ITER: 15 END: OK
2020-04-10 10:55:17.792 637 INFO rally.task.runner [-] Task 95088a20-aa60-4c9d-8882-0f08436b7dfb | ITER: 22 START
2020-04-10 10:55:17.875 606 INFO rally.task.runner [-] Task 95088a20-aa60-4c9d-8882-0f08436b7dfb | ITER: 5 END: OK
2020-04-10 10:55:17.880 606 INFO rally.task.runner [-] Task 95088a20-aa60-4c9d-8882-0f08436b7dfb | ITER: 23 START
2020-04-10 10:55:17.881 602 INFO rally.task.runner [-] Task 95088a20-aa60-4c9d-8882-0f08436b7dfb | ITER: 2 END: OK
2020-04-10 10:55:17.886 602 INFO rally.task.runner [-] Task 95088a20-aa60-4c9d-8882-0f08436b7dfb | ITER: 24 START
2020-04-10 10:55:17.894 610 INFO rally.task.runner [-] Task 95088a20-aa60-4c9d-8882-0f08436b7dfb | ITER: 6 END: OK
2020-04-10 10:55:17.897 604 INFO rally.task.runner [-] Task 95088a20-aa60-4c9d-8882-0f08436b7dfb | ITER: 4 END: OK
2020-04-10 10:55:17.899 610 INFO rally.task.runner [-] Task 95088a20-aa60-4c9d-8882-0f08436b7dfb | ITER: 25 START
2020-04-10 10:55:17.901 604 INFO rally.task.runner [-] Task 95088a20-aa60-4c9d-8882-0f08436b7dfb | ITER: 26 START
2020-04-10 10:55:18.246 649 INFO rally.task.runner [-] Task 95088a20-aa60-4c9d-8882-0f08436b7dfb | ITER: 19 END: OK
2020-04-10 10:55:18.250 649 INFO rally.task.runner [-] Task 95088a20-aa60-4c9d-8882-0f08436b7dfb | ITER: 27 START
2020-04-10 10:55:18.465 601 INFO rally.task.runner [-] Task 95088a20-aa60-4c9d-8882-0f08436b7dfb | ITER: 1 END: OK
2020-04-10 10:55:18.470 601 INFO rally.task.runner [-] Task 95088a20-aa60-4c9d-8882-0f08436b7dfb | ITER: 28 START
2020-04-10 10:55:18.477 630 INFO rally.task.runner [-] Task 95088a20-aa60-4c9d-8882-0f08436b7dfb | ITER: 13 END: OK
2020-04-10 10:55:18.481 630 INFO rally.task.runner [-] Task 95088a20-aa60-4c9d-8882-0f08436b7dfb | ITER: 29 START
2020-04-10 10:55:18.938 646 INFO rally.task.runner [-] Task 95088a20-aa60-4c9d-8882-0f08436b7dfb | ITER: 18 END: OK
2020-04-10 10:55:18.943 646 INFO rally.task.runner [-] Task 95088a20-aa60-4c9d-8882-0f08436b7dfb | ITER: 30 START
2020-04-10 10:55:19.147 622 INFO rally.task.runner [-] Task 95088a20-aa60-4c9d-8882-0f08436b7dfb | ITER: 10 END: OK
2020-04-10 10:55:19.152 622 INFO rally.task.runner [-] Task 95088a20-aa60-4c9d-8882-0f08436b7dfb | ITER: 31 START
2020-04-10 10:55:19.165 612 INFO rally.task.runner [-] Task 95088a20-aa60-4c9d-8882-0f08436b7dfb | ITER: 7 END: OK
2020-04-10 10:55:19.170 612 INFO rally.task.runner [-] Task 95088a20-aa60-4c9d-8882-0f08436b7dfb | ITER: 32 START
2020-04-10 10:55:19.503 618 INFO rally.task.runner [-] Task 95088a20-aa60-4c9d-8882-0f08436b7dfb | ITER: 9 END: OK
2020-04-10 10:55:19.508 618 INFO rally.task.runner [-] Task 95088a20-aa60-4c9d-8882-0f08436b7dfb | ITER: 33 START
2020-04-10 10:55:19.528 616 INFO rally.task.runner [-] Task 95088a20-aa60-4c9d-8882-0f08436b7dfb | ITER: 8 END: OK
2020-04-10 10:55:19.533 616 INFO rally.task.runner [-] Task 95088a20-aa60-4c9d-8882-0f08436b7dfb | ITER: 34 START
2020-04-10 10:55:19.548 603 INFO rally.task.runner [-] Task 95088a20-aa60-4c9d-8882-0f08436b7dfb | ITER: 3 END: OK
2020-04-10 10:55:19.553 603 INFO rally.task.runner [-] Task 95088a20-aa60-4c9d-8882-0f08436b7dfb | ITER: 35 START
2020-04-10 10:55:19.863 610 INFO rally.task.runner [-] Task 95088a20-aa60-4c9d-8882-0f08436b7dfb | ITER: 25 END: OK
2020-04-10 10:55:19.867 610 INFO rally.task.runner [-] Task 95088a20-aa60-4c9d-8882-0f08436b7dfb | ITER: 36 START
2020-04-10 10:55:19.969 634 INFO rally.task.runner [-] Task 95088a20-aa60-4c9d-8882-0f08436b7dfb | ITER: 14 END: OK
2020-04-10 10:55:19.973 634 INFO rally.task.runner [-] Task 95088a20-aa60-4c9d-8882-0f08436b7dfb | ITER: 37 START
2020-04-10 10:55:20.003 625 INFO rally.task.runner [-] Task 95088a20-aa60-4c9d-8882-0f08436b7dfb | ITER: 11 END: OK
2020-04-10 10:55:20.008 625 INFO rally.task.runner [-] Task 95088a20-aa60-4c9d-8882-0f08436b7dfb | ITER: 38 START
2020-04-10 10:55:20.132 604 INFO rally.task.runner [-] Task 95088a20-aa60-4c9d-8882-0f08436b7dfb | ITER: 26 END: OK
2020-04-10 10:55:20.136 604 INFO rally.task.runner [-] Task 95088a20-aa60-4c9d-8882-0f08436b7dfb | ITER: 39 START
2020-04-10 10:55:20.462 639 INFO rally.task.runner [-] Task 95088a20-aa60-4c9d-8882-0f08436b7dfb | ITER: 16 END: OK
2020-04-10 10:55:20.467 639 INFO rally.task.runner [-] Task 95088a20-aa60-4c9d-8882-0f08436b7dfb | ITER: 40 START
2020-04-10 10:55:21.354 649 INFO rally.task.runner [-] Task 95088a20-aa60-4c9d-8882-0f08436b7dfb | ITER: 27 END: OK
2020-04-10 10:55:22.068 650 INFO rally.task.runner [-] Task 95088a20-aa60-4c9d-8882-0f08436b7dfb | ITER: 20 END: OK
2020-04-10 10:55:22.070 640 INFO rally.task.runner [-] Task 95088a20-aa60-4c9d-8882-0f08436b7dfb | ITER: 17 END: OK
2020-04-10 10:55:22.453 637 INFO rally.task.runner [-] Task 95088a20-aa60-4c9d-8882-0f08436b7dfb | ITER: 22 END: OK
2020-04-10 10:55:22.481 627 INFO rally.task.runner [-] Task 95088a20-aa60-4c9d-8882-0f08436b7dfb | ITER: 21 END: OK
2020-04-10 10:55:22.538 601 INFO rally.task.runner [-] Task 95088a20-aa60-4c9d-8882-0f08436b7dfb | ITER: 28 END: OK
2020-04-10 10:55:23.995 630 INFO rally.task.runner [-] Task 95088a20-aa60-4c9d-8882-0f08436b7dfb | ITER: 29 END: OK
2020-04-10 10:55:24.524 606 INFO rally.task.runner [-] Task 95088a20-aa60-4c9d-8882-0f08436b7dfb | ITER: 23 END: OK
2020-04-10 10:55:24.653 646 INFO rally.task.runner [-] Task 95088a20-aa60-4c9d-8882-0f08436b7dfb | ITER: 30 END: OK
2020-04-10 10:55:24.695 602 INFO rally.task.runner [-] Task 95088a20-aa60-4c9d-8882-0f08436b7dfb | ITER: 24 END: OK
2020-04-10 10:55:24.695 616 INFO rally.task.runner [-] Task 95088a20-aa60-4c9d-8882-0f08436b7dfb | ITER: 34 END: OK
2020-04-10 10:55:24.929 610 INFO rally.task.runner [-] Task 95088a20-aa60-4c9d-8882-0f08436b7dfb | ITER: 36 END: OK
2020-04-10 10:55:24.944 603 INFO rally.task.runner [-] Task 95088a20-aa60-4c9d-8882-0f08436b7dfb | ITER: 35 END: OK
2020-04-10 10:55:24.982 625 INFO rally.task.runner [-] Task 95088a20-aa60-4c9d-8882-0f08436b7dfb | ITER: 38 END: OK
2020-04-10 10:55:25.022 612 INFO rally.task.runner [-] Task 95088a20-aa60-4c9d-8882-0f08436b7dfb | ITER: 32 END: OK
2020-04-10 10:55:25.033 622 INFO rally.task.runner [-] Task 95088a20-aa60-4c9d-8882-0f08436b7dfb | ITER: 31 END: OK
2020-04-10 10:55:25.040 634 INFO rally.task.runner [-] Task 95088a20-aa60-4c9d-8882-0f08436b7dfb | ITER: 37 END: OK
2020-04-10 10:55:25.075 618 INFO rally.task.runner [-] Task 95088a20-aa60-4c9d-8882-0f08436b7dfb | ITER: 33 END: OK
2020-04-10 10:55:25.178 639 INFO rally.task.runner [-] Task 95088a20-aa60-4c9d-8882-0f08436b7dfb | ITER: 40 END: OK
2020-04-10 10:55:25.269 604 INFO rally.task.runner [-] Task 95088a20-aa60-4c9d-8882-0f08436b7dfb | ITER: 39 END: OK
2020-04-10 10:55:25.291 15 INFO rally.task.context [-] Task 95088a20-aa60-4c9d-8882-0f08436b7dfb | Context cleanup@openstack cleanup() started
2020-04-10 10:55:25.294 15 RALLYDEBUG rally_openstack.cleanup.manager [-] Cleaning up neutron vip objects
2020-04-10 10:55:25.473 15 RALLYDEBUG rally_openstack.cleanup.manager [-] Cleaning up neutron health_monitor objects
2020-04-10 10:55:25.654 15 RALLYDEBUG rally_openstack.cleanup.manager [-] Cleaning up neutron pool objects
2020-04-10 10:55:25.848 15 RALLYDEBUG rally_openstack.cleanup.manager [-] Cleaning up neutron loadbalancer objects
2020-04-10 10:55:26.040 15 RALLYDEBUG rally_openstack.cleanup.manager [-] Cleaning up neutron floatingip objects
2020-04-10 10:55:26.249 15 RALLYDEBUG rally_openstack.cleanup.manager [-] Cleaning up neutron trunk objects
2020-04-10 10:55:26.428 15 DEBUG neutronclient.v2_0.client [-] Error message: {"NeutronError": {"message": "Invalid input for operation: 'tenant_id' is not supported for filtering.", "type": "InvalidInput", "detail": ""}} _handle_fault_response /usr/lib/python2.7/site-packages/neutronclient/v2_0/client.py:259
2020-04-10 10:55:26.461 15 DEBUG neutronclient.v2_0.client [-] Error message: {"NeutronError": {"message": "Invalid input for operation: 'tenant_id' is not supported for filtering.", "type": "InvalidInput", "detail": ""}} _handle_fault_response /usr/lib/python2.7/site-packages/neutronclient/v2_0/client.py:259
2020-04-10 10:55:26.492 15 DEBUG neutronclient.v2_0.client [-] Error message: {"NeutronError": {"message": "Invalid input for operation: 'tenant_id' is not supported for filtering.", "type": "InvalidInput", "detail": ""}} _handle_fault_response /usr/lib/python2.7/site-packages/neutronclient/v2_0/client.py:259
2020-04-10 10:55:26.492 15 ERROR rally_openstack.cleanup.manager [-] Seems like rally_openstack.cleanup.resources.NeutronTrunk.list(self) method is broken. It shouldn't raise any exceptions.: BadRequest: Invalid input for operation: 'tenant_id' is not supported for filtering. Neutron server returns request_ids: ['req-e891a163-eab2-42a8-a50e-1a32ed4f944e']
2020-04-10 10:55:26.492 15 ERROR rally_openstack.cleanup.manager
Traceback (most recent call last):
2020-04-10 10:55:26.492 15 ERROR rally_openstack.cleanup.manager
File "/usr/lib/python2.7/site-packages/rally_openstack/cleanup/manager.py", line 133, in _publish
2020-04-10 10:55:26.492 15 ERROR rally_openstack.cleanup.manager for raw_resource in rutils.retry(3, manager.list):
2020-04-10 10:55:26.492 15 ERROR rally_openstack.cleanup.manager
File "/usr/lib/python2.7/site-packages/rally/common/utils.py", line 230, in retry
2020-04-10 10:55:26.492 15 ERROR rally_openstack.cleanup.manager return func(*args, **kwargs)
2020-04-10 10:55:26.492 15 ERROR rally_openstack.cleanup.manager
File "/usr/lib/python2.7/site-packages/rally_openstack/cleanup/resources.py", line 396, in list
2020-04-10 10:55:26.492 15 ERROR rally_openstack.cleanup.manager return super(NeutronTrunk, self).list()
2020-04-10 10:55:26.492 15 ERROR rally_openstack.cleanup.manager
File "/usr/lib/python2.7/site-packages/rally_openstack/cleanup/resources.py", line 273, in list
2020-04-10 10:55:26.492 15 ERROR rally_openstack.cleanup.manager result = list_method(tenant_id=self.tenant_uuid)[resources]
2020-04-10 10:55:26.492 15 ERROR rally_openstack.cleanup.manager
File "/usr/lib/python2.7/site-packages/neutronclient/v2_0/client.py", line 2105, in list_trunks
2020-04-10 10:55:26.492 15 ERROR rally_openstack.cleanup.manager **_params)
2020-04-10 10:55:26.492 15 ERROR rally_openstack.cleanup.manager
File "/usr/lib/python2.7/site-packages/neutronclient/v2_0/client.py", line 369, in list
2020-04-10 10:55:26.492 15 ERROR rally_openstack.cleanup.manager for r in self._pagination(collection, path, **params):
2020-04-10 10:55:26.492 15 ERROR rally_openstack.cleanup.manager
File "/usr/lib/python2.7/site-packages/neutronclient/v2_0/client.py", line 384, in _pagination
2020-04-10 10:55:26.492 15 ERROR rally_openstack.cleanup.manager res = self.get(path, params=params)
2020-04-10 10:55:26.492 15 ERROR rally_openstack.cleanup.manager
File "/usr/lib/python2.7/site-packages/neutronclient/v2_0/client.py", line 354, in get
2020-04-10 10:55:26.492 15 ERROR rally_openstack.cleanup.manager headers=headers, params=params)
2020-04-10 10:55:26.492 15 ERROR rally_openstack.cleanup.manager
File "/usr/lib/python2.7/site-packages/neutronclient/v2_0/client.py", line 331, in retry_request
2020-04-10 10:55:26.492 15 ERROR rally_openstack.cleanup.manager headers=headers, params=params)
2020-04-10 10:55:26.492 15 ERROR rally_openstack.cleanup.manager
File "/usr/lib/python2.7/site-packages/neutronclient/v2_0/client.py", line 294, in do_request
2020-04-10 10:55:26.492 15 ERROR rally_openstack.cleanup.manager self._handle_fault_response(status_code, replybody, resp)
2020-04-10 10:55:26.492 15 ERROR rally_openstack.cleanup.manager
File "/usr/lib/python2.7/site-packages/neutronclient/v2_0/client.py", line 269, in _handle_fault_response
2020-04-10 10:55:26.492 15 ERROR rally_openstack.cleanup.manager exception_handler_v20(status_code, error_body)
2020-04-10 10:55:26.492 15 ERROR rally_openstack.cleanup.manager
File "/usr/lib/python2.7/site-packages/neutronclient/v2_0/client.py", line 93, in exception_handler_v20
2020-04-10 10:55:26.492 15 ERROR rally_openstack.cleanup.manager request_ids=request_ids)
2020-04-10 10:55:26.492 15 ERROR rally_openstack.cleanup.manager BadRequest: Invalid input for operation: 'tenant_id' is not supported for filtering.
2020-04-10 10:55:26.492 15 ERROR rally_openstack.cleanup.manager Neutron server returns request_ids: ['req-e891a163-eab2-42a8-a50e-1a32ed4f944e']
2020-04-10 10:55:26.492 15 ERROR rally_openstack.cleanup.manager
2020-04-10 10:55:26.503 15 RALLYDEBUG rally_openstack.cleanup.manager [-] Cleaning up neutron port objects
2020-04-10 10:55:26.724 15 RALLYDEBUG rally_openstack.cleanup.manager [-] Cleaning up neutron subnet objects
2020-04-10 10:55:26.958 15 RALLYDEBUG rally_openstack.cleanup.manager [-] Cleaning up neutron network objects
2020-04-10 10:55:27.744 15 RALLYDEBUG rally_openstack.cleanup.manager [-] Deleting neutron.network object s_rally_9f4f47d7_5b8H73ok (031fa312-1107-4a05-9c17-7bca1b82e9b5)
2020-04-10 10:55:27.748 15 RALLYDEBUG rally_openstack.cleanup.manager [-] Deleting neutron.network object s_rally_9f4f47d7_6DNc9HZP (04bc0a18-1caf-41f1-9ceb-8b508f54bcdf)
2020-04-10 10:55:27.757 15 RALLYDEBUG rally_openstack.cleanup.manager [-] Deleting neutron.network object s_rally_9f4f47d7_7nVVIs52 (10857306-3a1a-4bc9-84f6-5224cc62348f)
2020-04-10 10:55:27.761 15 RALLYDEBUG rally_openstack.cleanup.manager [-] Deleting neutron.network object s_rally_9f4f47d7_JQjiHoGG (0fa11774-f111-4e1e-9f0e-d0cc0de47736)
2020-04-10 10:55:27.762 15 RALLYDEBUG rally_openstack.cleanup.manager [-] Deleting neutron.network object s_rally_9f4f47d7_RbIWUYjb (0afe06a4-bde6-4101-9e09-f5d44f88bb25)
2020-04-10 10:55:27.762 15 RALLYDEBUG rally_openstack.cleanup.manager [-] Deleting neutron.network object s_rally_9f4f47d7_rsDBstSO (04dd868b-7f97-4ec4-bd64-d1da25a15737)
2020-04-10 10:55:27.783 15 RALLYDEBUG rally_openstack.cleanup.manager [-] Deleting neutron.network object s_rally_9f4f47d7_n6IZ9FVg (186a9832-53ae-4653-85cd-a3b8c5bec3e6)
2020-04-10 10:55:27.785 15 RALLYDEBUG rally_openstack.cleanup.manager [-] Deleting neutron.network object s_rally_9f4f47d7_kMG2eoJD (181a47ca-7482-4ac4-8bd1-49b737fa1706)
2020-04-10 10:55:27.810 15 RALLYDEBUG rally_openstack.cleanup.manager [-] Deleting neutron.network object s_rally_9f4f47d7_rKkylHOg (1adb87fb-e3c3-4f5f-9fc3-05862a178cc8)
2020-04-10 10:55:27.828 15 RALLYDEBUG rally_openstack.cleanup.manager [-] Deleting neutron.network object s_rally_9f4f47d7_8ql0x3TV (2320dcb5-cffd-414b-9fe8-2dfc0b41f5ef)
2020-04-10 10:55:27.847 15 RALLYDEBUG rally_openstack.cleanup.manager [-] Deleting neutron.network object s_rally_9f4f47d7_fiv8kLXE (2dee0c36-dad0-4e1f-b8b1-8802a1e6ba43)
2020-04-10 10:55:27.852 15 RALLYDEBUG rally_openstack.cleanup.manager [-] Deleting neutron.network object s_rally_9f4f47d7_RxMncoL8 (2ee74cca-b5df-4d7c-9380-5401ba637db9)
2020-04-10 10:55:27.861 15 RALLYDEBUG rally_openstack.cleanup.manager [-] Deleting neutron.network object s_rally_9f4f47d7_UeGKCCOx (2e34b6d1-e30f-4e66-9e84-0a3e4e731dbf)
2020-04-10 10:55:27.909 15 RALLYDEBUG rally_openstack.cleanup.manager [-] Deleting neutron.network object s_rally_9f4f47d7_qoznCSPh (21f9ed8d-1b75-46a6-80be-0b96f4ca71fe)
2020-04-10 10:55:27.941 15 RALLYDEBUG rally_openstack.cleanup.manager [-] Deleting neutron.network object s_rally_9f4f47d7_H9sU7ZdB (449dee4d-771c-4969-b3db-78b97693847b)
2020-04-10 10:55:27.958 15 RALLYDEBUG rally_openstack.cleanup.manager [-] Deleting neutron.network object s_rally_9f4f47d7_BVS5O6zq (241de8ab-1448-4c98-b0bd-e030c8c6c481)
2020-04-10 10:55:27.995 15 RALLYDEBUG rally_openstack.cleanup.manager [-] Deleting neutron.network object s_rally_9f4f47d7_PnvPB7Zn (53c55e1d-89fb-4c3b-8e96-6ca5ec5a4892)
2020-04-10 10:55:27.984 15 RALLYDEBUG rally_openstack.cleanup.manager [-] Deleting neutron.network object s_rally_9f4f47d7_zPmofbiD (4e0f5b27-2498-42fc-b3f6-a0593342db72)
2020-04-10 10:55:28.006 15 RALLYDEBUG rally_openstack.cleanup.manager [-] Deleting neutron.network object s_rally_9f4f47d7_6DzkLgN6 (4e551685-31ac-4b63-95a7-f33f07544f4a)
2020-04-10 10:55:28.023 15 RALLYDEBUG rally_openstack.cleanup.manager [-] Deleting neutron.network object s_rally_9f4f47d7_GBcXyNxi (4f64667c-9631-433e-8ab6-049cf73de2ec)
2020-04-10 10:55:30.294 15 RALLYDEBUG rally_openstack.cleanup.manager [-] Deleting neutron.network object s_rally_9f4f47d7_vQb2EBWy (655b0cf5-2e73-42c4-88a5-601a85774587)
2020-04-10 10:55:30.299 15 RALLYDEBUG rally_openstack.cleanup.manager [-] Deleting neutron.network object s_rally_9f4f47d7_Hth3iXLx (6f85a2f0-9d4e-41d3-8db8-3a573f436c03)
2020-04-10 10:55:30.354 15 RALLYDEBUG rally_openstack.cleanup.manager [-] Deleting neutron.network object s_rally_9f4f47d7_yNLUyq3G (6fae1bff-a2b5-43e3-8f86-4df5a83166a6)
2020-04-10 10:55:30.442 15 RALLYDEBUG rally_openstack.cleanup.manager [-] Deleting neutron.network object s_rally_9f4f47d7_AXu8J0hN (7013605c-a962-447a-a32d-cca29377f7d6)
2020-04-10 10:55:30.680 15 RALLYDEBUG rally_openstack.cleanup.manager [-] Deleting neutron.network object s_rally_9f4f47d7_1piz8Ldc (75468c66-3766-45e9-9c47-647c0524be84)
2020-04-10 10:55:30.827 15 RALLYDEBUG rally_openstack.cleanup.manager [-] Deleting neutron.network object s_rally_9f4f47d7_yZjiVU5c (9dd719de-1a05-4a78-9160-6d028b434840)
2020-04-10 10:55:30.833 15 RALLYDEBUG rally_openstack.cleanup.manager [-] Deleting neutron.network object s_rally_9f4f47d7_fYGaj8j9 (9f079520-2537-452f-94aa-47e1d6b9c567)
2020-04-10 10:55:30.878 15 RALLYDEBUG rally_openstack.cleanup.manager [-] Deleting neutron.network object s_rally_9f4f47d7_68Zgbgca (a0cff4e9-04b1-4ff1-a802-b151893e9187)
2020-04-10 10:55:30.959 15 RALLYDEBUG rally_openstack.cleanup.manager [-] Deleting neutron.network object s_rally_9f4f47d7_VqvCB0Xp (a21260f6-0843-48c9-bf85-462e1f6e563b)
2020-04-10 10:55:31.243 15 RALLYDEBUG rally_openstack.cleanup.manager [-] Deleting neutron.network object s_rally_9f4f47d7_qQHLlWup (bdd0394d-c4b7-4f17-b14b-a6e6e75f89f3)
2020-04-10 10:55:31.267 15 RALLYDEBUG rally_openstack.cleanup.manager [-] Deleting neutron.network object s_rally_9f4f47d7_h1ouUin7 (c2e1aa89-76c8-4cdf-b70c-91a1c81096fb)
2020-04-10 10:55:31.275 15 RALLYDEBUG rally_openstack.cleanup.manager [-] Deleting neutron.network object s_rally_9f4f47d7_2MAGjovO (d31e0a20-adda-4c0e-a4ff-42f9607f2a23)
2020-04-10 10:55:31.371 15 RALLYDEBUG rally_openstack.cleanup.manager [-] Deleting neutron.network object s_rally_9f4f47d7_3HEr0C3e (d4d8509e-edc4-4740-8aee-dffbbf6692c4)
2020-04-10 10:55:31.404 15 RALLYDEBUG rally_openstack.cleanup.manager [-] Deleting neutron.network object s_rally_9f4f47d7_RCFsIb9b (d6f94fb3-1320-4cca-bb5c-64859ecd623e)
2020-04-10 10:55:31.435 15 RALLYDEBUG rally_openstack.cleanup.manager [-] Deleting neutron.network object s_rally_9f4f47d7_c3lgnyR7 (e16c4720-ce05-43de-bb9e-f46a0d7c6fbf)
2020-04-10 10:55:32.115 15 RALLYDEBUG rally_openstack.cleanup.manager [-] Deleting neutron.network object s_rally_9f4f47d7_0GSy6nNs (e62a8706-4a82-4e9f-b9af-d094cb6e70f5)
2020-04-10 10:55:32.201 15 RALLYDEBUG rally_openstack.cleanup.manager [-] Deleting neutron.network object s_rally_9f4f47d7_47paaMX5 (e8b81bf6-17c7-40fd-b629-4769db12ab96)
2020-04-10 10:55:32.961 15 RALLYDEBUG rally_openstack.cleanup.manager [-] Deleting neutron.network object s_rally_9f4f47d7_kCX1AAw8 (f64026f0-e41b-4c97-a680-50e2406ce015)
2020-04-10 10:55:32.965 15 RALLYDEBUG rally_openstack.cleanup.manager [-] Deleting neutron.network object s_rally_9f4f47d7_KAHYnjQd (f8dcf727-33b5-4eef-8e2b-d3a4b553199d)
2020-04-10 10:55:33.132 15 RALLYDEBUG rally_openstack.cleanup.manager [-] Deleting neutron.network object s_rally_9f4f47d7_hXzzUDqU (ff04278b-5626-4d30-9e0f-2587c8c391f6)
2020-04-10 10:55:34.881 15 RALLYDEBUG rally_openstack.cleanup.manager [-] Cleaning up neutron router objects
2020-04-10 10:55:35.146 15 RALLYDEBUG rally_openstack.cleanup.manager [-] Cleaning up neutron security_group objects
2020-04-10 10:55:35.412 15 INFO rally.task.context [-] Task 95088a20-aa60-4c9d-8882-0f08436b7dfb | Context cleanup@openstack cleanup() finished in 10.12 sec
2020-04-10 10:55:35.413 15 INFO rally.task.context [-] Task 95088a20-aa60-4c9d-8882-0f08436b7dfb | Context quotas@openstack cleanup() started
2020-04-10 10:55:35.484 15 INFO rally.task.context [-] Task 95088a20-aa60-4c9d-8882-0f08436b7dfb | Context quotas@openstack cleanup() finished in 71.34 msec
2020-04-10 10:55:35.485 15 INFO rally.task.context [-] Task 95088a20-aa60-4c9d-8882-0f08436b7dfb | Context users@openstack cleanup() started
2020-04-10 10:55:37.318 15 INFO rally.task.context [-] Task 95088a20-aa60-4c9d-8882-0f08436b7dfb | Context users@openstack cleanup() finished in 1.83 sec
2020-04-10 10:55:38.511 15 INFO rally.task.engine [-] Load duration is: 11.339806
2020-04-10 10:55:38.511 15 INFO rally.task.engine [-] Full runner duration is: 11.383562
2020-04-10 10:55:38.511 15 INFO rally.task.engine [-] Full duration is: 24.926238
2020-04-10 10:55:38.567 15 INFO rally.task.engine [-] Running workload: position = 2 config = { "version": 2, "title": "A cropped version of a bigger task.", "description": "Auto-generated task from a single workload (uuid=a61651f8-6e47-48de-a0b6-be31206618db)", "subtasks": [ { "title": "NeutronNetworks.create_and_delete_networks", "description": "Create and delete a network.", "scenario": { "NeutronNetworks.create_and_delete_networks": {} }, "contexts": { "users": { "tenants": 1, "users_per_tenant": 1 }, "quotas": { "neutron": { "network": -1, "subnet": -1 } } }, "runner": { "constant": { "times": 40, "concurrency": 20 } }, "hooks": [], "sla": { "failure_rate": { "max": 0 } } } ] }
2020-04-10 10:55:38.592 15 RALLYDEBUG rally_openstack.contexts.keystone.users [-] Creating 1 tenants using 20 threads
2020-04-10 10:55:38.939 15 RALLYDEBUG rally_openstack.contexts.keystone.users [-] Creating 1 users using 20 threads
2020-04-10 10:55:39.428 15 INFO rally.task.context [-] Task 95088a20-aa60-4c9d-8882-0f08436b7dfb | Context users@openstack setup() finished in 0.84 sec
2020-04-10 10:55:39.768 15 INFO rally.task.context [-] Task 95088a20-aa60-4c9d-8882-0f08436b7dfb | Context quotas@openstack setup() finished in 0.34 sec
2020-04-10 10:55:39.768 15 INFO rally.task.context [-] Task 95088a20-aa60-4c9d-8882-0f08436b7dfb | Context cleanup@openstack setup() finished in 0.01 msec
2020-04-10 10:55:39.777 15 RALLYDEBUG rally.task.runner [-] Starting the constant runner (task UUID: 95088a20-aa60-4c9d-8882-0f08436b7dfb). timeout: 0 concurrency: 20 concurrency_per_worker: 1 times: 40 concurrency_overhead: 0 processes_to_start: 20 max_cpu_used: 88
2020-04-10 10:55:39.790 1003 RALLYDEBUG rally.task.runner [-] Starting a worker. concurrency: 1 args: {} times: 40 method_name: run timeout: 0 duration: None cls:
2020-04-10 10:55:39.793 1004 RALLYDEBUG rally.task.runner [-] Starting a worker. concurrency: 1 args: {} times: 40 method_name: run timeout: 0 duration: None cls:
2020-04-10 10:55:39.796 1003 INFO rally.task.runner [-] Task 95088a20-aa60-4c9d-8882-0f08436b7dfb | ITER: 1 START
2020-04-10 10:55:39.796 1005 RALLYDEBUG rally.task.runner [-] Starting a worker. concurrency: 1 args: {} times: 40 method_name: run timeout: 0 duration: None cls:
2020-04-10 10:55:39.799 1006 RALLYDEBUG rally.task.runner [-] Starting a worker. concurrency: 1 args: {} times: 40 method_name: run timeout: 0 duration: None cls:
2020-04-10 10:55:39.802 1004 INFO rally.task.runner [-] Task 95088a20-aa60-4c9d-8882-0f08436b7dfb | ITER: 2 START
2020-04-10 10:55:39.802 1005 INFO rally.task.runner [-] Task 95088a20-aa60-4c9d-8882-0f08436b7dfb | ITER: 3 START
2020-04-10 10:55:39.803 1008 RALLYDEBUG rally.task.runner [-] Starting a worker. concurrency: 1 args: {} times: 40 method_name: run timeout: 0 duration: None cls:
2020-04-10 10:55:39.805 1006 INFO rally.task.runner [-] Task 95088a20-aa60-4c9d-8882-0f08436b7dfb | ITER: 4 START
2020-04-10 10:55:39.808 1012 RALLYDEBUG rally.task.runner [-] Starting a worker. concurrency: 1 args: {} times: 40 method_name: run timeout: 0 duration: None cls:
2020-04-10 10:55:39.812 1016 RALLYDEBUG rally.task.runner [-] Starting a worker. concurrency: 1 args: {} times: 40 method_name: run timeout: 0 duration: None cls:
2020-04-10 10:55:39.814 1008 INFO rally.task.runner [-] Task 95088a20-aa60-4c9d-8882-0f08436b7dfb | ITER: 5 START
2020-04-10 10:55:39.814 1012 INFO rally.task.runner [-] Task 95088a20-aa60-4c9d-8882-0f08436b7dfb | ITER: 6 START
2020-04-10 10:55:39.815 1019 RALLYDEBUG rally.task.runner [-] Starting a worker. concurrency: 1 args: {} times: 40 method_name: run timeout: 0 duration: None cls:
2020-04-10 10:55:39.818 1016 INFO rally.task.runner [-] Task 95088a20-aa60-4c9d-8882-0f08436b7dfb | ITER: 7 START
2020-04-10 10:55:39.819 1021 RALLYDEBUG rally.task.runner [-] Starting a worker. concurrency: 1 args: {} times: 40 method_name: run timeout: 0 duration: None cls:
2020-04-10 10:55:39.821 1019 INFO rally.task.runner [-] Task 95088a20-aa60-4c9d-8882-0f08436b7dfb | ITER: 8 START
2020-04-10 10:55:39.821 1024 RALLYDEBUG rally.task.runner [-] Starting a worker. concurrency: 1 args: {} times: 40 method_name: run timeout: 0 duration: None cls:
2020-04-10 10:55:39.825 1021 INFO rally.task.runner [-] Task 95088a20-aa60-4c9d-8882-0f08436b7dfb | ITER: 9 START
2020-04-10 10:55:39.826 1027 RALLYDEBUG rally.task.runner [-] Starting a worker. concurrency: 1 args: {} times: 40 method_name: run timeout: 0 duration: None cls:
2020-04-10 10:55:39.827 1024 INFO rally.task.runner [-] Task 95088a20-aa60-4c9d-8882-0f08436b7dfb | ITER: 10 START
2020-04-10 10:55:39.829 1030 RALLYDEBUG rally.task.runner [-] Starting a worker. concurrency: 1 args: {} times: 40 method_name: run timeout: 0 duration: None cls:
2020-04-10 10:55:39.831 1027 INFO rally.task.runner [-] Task 95088a20-aa60-4c9d-8882-0f08436b7dfb | ITER: 11 START
2020-04-10 10:55:39.832 1033 RALLYDEBUG rally.task.runner [-] Starting a worker. concurrency: 1 args: {} times: 40 method_name: run timeout: 0 duration: None cls:
2020-04-10 10:55:39.835 1030 INFO rally.task.runner [-] Task 95088a20-aa60-4c9d-8882-0f08436b7dfb | ITER: 12 START
2020-04-10 10:55:39.836 1036 RALLYDEBUG rally.task.runner [-] Starting a worker. concurrency: 1 args: {} times: 40 method_name: run timeout: 0 duration: None cls:
2020-04-10 10:55:39.838 1033 INFO rally.task.runner [-] Task 95088a20-aa60-4c9d-8882-0f08436b7dfb | ITER: 13 START
2020-04-10 10:55:39.838 1039 RALLYDEBUG rally.task.runner [-] Starting a worker. concurrency: 1 args: {} times: 40 method_name: run timeout: 0 duration: None cls:
2020-04-10 10:55:39.842 1036 INFO rally.task.runner [-] Task 95088a20-aa60-4c9d-8882-0f08436b7dfb | ITER: 14 START
2020-04-10 10:55:39.842 1042 RALLYDEBUG rally.task.runner [-] Starting a worker. concurrency: 1 args: {} times: 40 method_name: run timeout: 0 duration: None cls:
2020-04-10 10:55:39.844 1039 INFO rally.task.runner [-] Task 95088a20-aa60-4c9d-8882-0f08436b7dfb | ITER: 15 START
2020-04-10 10:55:39.845 1045 RALLYDEBUG rally.task.runner [-] Starting a worker. concurrency: 1 args: {} times: 40 method_name: run timeout: 0 duration: None cls:
2020-04-10 10:55:39.848 1042 INFO rally.task.runner [-] Task 95088a20-aa60-4c9d-8882-0f08436b7dfb | ITER: 16 START
2020-04-10 10:55:39.848 1048 RALLYDEBUG rally.task.runner [-] Starting a worker. concurrency: 1 args: {} times: 40 method_name: run timeout: 0 duration: None cls:
2020-04-10 10:55:39.851 1045 INFO rally.task.runner [-] Task 95088a20-aa60-4c9d-8882-0f08436b7dfb | ITER: 17 START
2020-04-10 10:55:39.851 1051 RALLYDEBUG rally.task.runner [-] Starting a worker. concurrency: 1 args: {} times: 40 method_name: run timeout: 0 duration: None cls:
2020-04-10 10:55:39.854 1048 INFO rally.task.runner [-] Task 95088a20-aa60-4c9d-8882-0f08436b7dfb | ITER: 18 START
2020-04-10 10:55:39.854 1054 RALLYDEBUG rally.task.runner [-] Starting a worker. concurrency: 1 args: {} times: 40 method_name: run timeout: 0 duration: None cls:
2020-04-10 10:55:39.857 1051 INFO rally.task.runner [-] Task 95088a20-aa60-4c9d-8882-0f08436b7dfb | ITER: 19 START
2020-04-10 10:55:39.860 1054 INFO rally.task.runner [-] Task 95088a20-aa60-4c9d-8882-0f08436b7dfb | ITER: 20 START
2020-04-10 10:55:44.403 1004 INFO rally.task.runner [-] Task 95088a20-aa60-4c9d-8882-0f08436b7dfb | ITER: 2 END: OK
2020-04-10 10:55:44.408 1004 INFO rally.task.runner [-] Task 95088a20-aa60-4c9d-8882-0f08436b7dfb | ITER: 21 START
2020-04-10 10:55:44.460 1003 INFO rally.task.runner [-] Task 95088a20-aa60-4c9d-8882-0f08436b7dfb | ITER: 1 END: OK
2020-04-10 10:55:44.465 1003 INFO rally.task.runner [-] Task 95088a20-aa60-4c9d-8882-0f08436b7dfb | ITER: 22 START
2020-04-10 10:55:44.487 1036 INFO rally.task.runner [-] Task 95088a20-aa60-4c9d-8882-0f08436b7dfb | ITER: 14 END: OK
2020-04-10 10:55:44.488 1054 INFO rally.task.runner [-] Task 95088a20-aa60-4c9d-8882-0f08436b7dfb | ITER: 20 END: OK
2020-04-10 10:55:44.492 1036 INFO rally.task.runner [-] Task 95088a20-aa60-4c9d-8882-0f08436b7dfb | ITER: 23 START
2020-04-10 10:55:44.493 1054 INFO rally.task.runner [-] Task 95088a20-aa60-4c9d-8882-0f08436b7dfb | ITER: 24 START
2020-04-10 10:55:44.520 1005 INFO rally.task.runner [-] Task 95088a20-aa60-4c9d-8882-0f08436b7dfb | ITER: 3 END: OK
2020-04-10 10:55:44.525 1005 INFO rally.task.runner [-] Task 95088a20-aa60-4c9d-8882-0f08436b7dfb | ITER: 25 START
2020-04-10 10:55:44.559 1012 INFO rally.task.runner [-] Task 95088a20-aa60-4c9d-8882-0f08436b7dfb | ITER: 6 END: OK
2020-04-10 10:55:44.564 1012 INFO rally.task.runner [-] Task 95088a20-aa60-4c9d-8882-0f08436b7dfb | ITER: 26 START
2020-04-10 10:55:44.980 1033 INFO rally.task.runner [-] Task 95088a20-aa60-4c9d-8882-0f08436b7dfb | ITER: 13 END: OK
2020-04-10 10:55:44.984 1033 INFO rally.task.runner [-] Task 95088a20-aa60-4c9d-8882-0f08436b7dfb | ITER: 27 START
2020-04-10 10:55:45.194 1006 INFO rally.task.runner [-] Task 95088a20-aa60-4c9d-8882-0f08436b7dfb | ITER: 4 END: OK
2020-04-10 10:55:45.199 1006 INFO rally.task.runner [-] Task 95088a20-aa60-4c9d-8882-0f08436b7dfb | ITER: 28 START
2020-04-10 10:55:45.220 1051 INFO rally.task.runner [-] Task 95088a20-aa60-4c9d-8882-0f08436b7dfb | ITER: 19 END: OK
2020-04-10 10:55:45.224 1051 INFO rally.task.runner [-] Task 95088a20-aa60-4c9d-8882-0f08436b7dfb | ITER: 29 START
2020-04-10 10:55:45.243 1019 INFO rally.task.runner [-] Task 95088a20-aa60-4c9d-8882-0f08436b7dfb | ITER: 8 END: OK
2020-04-10 10:55:45.248 1019 INFO rally.task.runner [-] Task 95088a20-aa60-4c9d-8882-0f08436b7dfb | ITER: 30 START
2020-04-10 10:55:45.480 1008 INFO rally.task.runner [-] Task 95088a20-aa60-4c9d-8882-0f08436b7dfb | ITER: 5 END: OK
2020-04-10 10:55:45.485 1008 INFO rally.task.runner [-] Task 95088a20-aa60-4c9d-8882-0f08436b7dfb | ITER: 31 START
2020-04-10 10:55:45.501 1016 INFO rally.task.runner [-] Task 95088a20-aa60-4c9d-8882-0f08436b7dfb | ITER: 7 END: OK
2020-04-10 10:55:45.507 1016 INFO rally.task.runner [-] Task 95088a20-aa60-4c9d-8882-0f08436b7dfb | ITER: 32 START
2020-04-10 10:55:45.677 1024 INFO rally.task.runner [-] Task 95088a20-aa60-4c9d-8882-0f08436b7dfb | ITER: 10 END: OK
2020-04-10 10:55:45.682 1024 INFO rally.task.runner [-] Task 95088a20-aa60-4c9d-8882-0f08436b7dfb | ITER: 33 START
2020-04-10 10:55:45.800 1030 INFO rally.task.runner [-] Task 95088a20-aa60-4c9d-8882-0f08436b7dfb | ITER: 12 END: OK
2020-04-10 10:55:45.806 1030 INFO rally.task.runner [-] Task 95088a20-aa60-4c9d-8882-0f08436b7dfb | ITER: 34 START
