2020-04-10 10:59:03.683 15 RALLYDEBUG rally_openstack.cleanup.manager [-] Deleting neutron.subnet object s_rally_4a993009_tWVTVgYV (d1e3f62f-c5b7-4e29-8c50-cd6d322558ba)
2020-04-10 10:59:03.713 15 RALLYDEBUG rally_openstack.cleanup.manager [-] Deleting neutron.subnet object s_rally_4a993009_LP1FBEf0 (d436f45c-5dbb-40d9-8111-0f8171fa834a)
2020-04-10 10:59:03.755 15 RALLYDEBUG rally_openstack.cleanup.manager [-] Deleting neutron.subnet object s_rally_4a993009_7MHEVTmT (d6874f62-e741-488f-900a-b809225e0f4b)
2020-04-10 10:59:03.797 15 RALLYDEBUG rally_openstack.cleanup.manager [-] Deleting neutron.subnet object s_rally_4a993009_VigM3gRC (d785238d-0f23-4562-8161-92cf7885dd09)
2020-04-10 10:59:03.900 15 RALLYDEBUG rally_openstack.cleanup.manager [-] Deleting neutron.subnet object s_rally_4a993009_yiAZk6OH (d8336c6f-7eaa-4f6e-9309-46d11699411e)
2020-04-10 10:59:04.033 15 RALLYDEBUG rally_openstack.cleanup.manager [-] Deleting neutron.subnet object s_rally_4a993009_Cb59wGxZ (db1a9fc8-0379-4243-96dc-0f1506d76635)
2020-04-10 10:59:04.139 15 RALLYDEBUG rally_openstack.cleanup.manager [-] Deleting neutron.subnet object s_rally_4a993009_xfXNKGu9 (dd192d5e-f0a6-430b-805a-8abb1bb707ad)
2020-04-10 10:59:04.151 15 RALLYDEBUG rally_openstack.cleanup.manager [-] Deleting neutron.subnet object s_rally_4a993009_1p4al2bD (de68b819-a117-4aa0-9ad9-169989623201)
2020-04-10 10:59:04.165 15 RALLYDEBUG rally_openstack.cleanup.manager [-] Deleting neutron.subnet object s_rally_4a993009_jGAvnaDC (df3345f8-bd3a-4232-b8e8-b6bc5dc690fa)
2020-04-10 10:59:04.169 15 RALLYDEBUG rally_openstack.cleanup.manager [-] Deleting neutron.subnet object s_rally_4a993009_YjRWwgBg (e4f18f66-3582-4c98-809a-d23ec5f003c7)
2020-04-10 10:59:04.189 15 RALLYDEBUG rally_openstack.cleanup.manager [-] Deleting neutron.subnet object s_rally_4a993009_h9VWj2Ea (e577e483-9dde-4452-927a-fb9659a6d89e)
2020-04-10 10:59:04.496 15 RALLYDEBUG rally_openstack.cleanup.manager [-] Deleting neutron.subnet object s_rally_4a993009_f2JMARZr (e62a597f-8d7f-489e-b856-67dbd2a6f95f)
2020-04-10 10:59:04.570 15 RALLYDEBUG rally_openstack.cleanup.manager [-] Deleting neutron.subnet object s_rally_4a993009_Bb8AyjXz (e6ea2ca3-4654-4121-8164-0dd21ac3879f)
2020-04-10 10:59:04.700 15 RALLYDEBUG rally_openstack.cleanup.manager [-] Deleting neutron.subnet object s_rally_4a993009_GdIMEuh0 (e829a34b-dee5-4d9b-8ad7-e45d56c9a229)
2020-04-10 10:59:05.162 15 RALLYDEBUG rally_openstack.cleanup.manager [-] Deleting neutron.subnet object s_rally_4a993009_NZMtv5y9 (eb772a97-2874-410c-8f89-d74d8c88ecf2)
2020-04-10 10:59:05.387 15 RALLYDEBUG rally_openstack.cleanup.manager [-] Deleting neutron.subnet object s_rally_4a993009_jV8NVnRo (ed3ee336-1cd2-4802-9745-9eddc60b58b6)
2020-04-10 10:59:05.812 15 RALLYDEBUG rally_openstack.cleanup.manager [-] Deleting neutron.subnet object s_rally_4a993009_5Vn3oj6D (ed5b7da8-0ef1-4455-a55a-a47fecb09426)
2020-04-10 10:59:05.973 15 RALLYDEBUG rally_openstack.cleanup.manager [-] Deleting neutron.subnet object s_rally_4a993009_bU7lw7Dx (ed838adf-6550-4b1c-b3d2-84db4b270c89)
2020-04-10 10:59:05.999 15 RALLYDEBUG rally_openstack.cleanup.manager [-] Deleting neutron.subnet object s_rally_4a993009_QUE8EndT (edf6456d-7854-428b-9b30-610fbf25e66b)
2020-04-10 10:59:06.126 15 RALLYDEBUG rally_openstack.cleanup.manager [-] Deleting neutron.subnet object s_rally_4a993009_Fw5VG4pq (ee07bef2-8594-4a9e-a398-f156f621b389)
2020-04-10 10:59:06.281 15 RALLYDEBUG rally_openstack.cleanup.manager [-] Deleting neutron.subnet object s_rally_4a993009_dQXw1waP (ef6b55b2-b9f2-4245-be59-21311ac69fb3)
2020-04-10 10:59:06.296 15 RALLYDEBUG rally_openstack.cleanup.manager [-] Deleting neutron.subnet object s_rally_4a993009_iErsxLJa (f13ed2dc-c7f9-4641-8889-ccd2cb0b76d0)
2020-04-10 10:59:06.305 15 RALLYDEBUG rally_openstack.cleanup.manager [-] Deleting neutron.subnet object s_rally_4a993009_A7rNzIRQ (f1b5df55-7a79-4f5c-bfef-fbc1fc95d8e1)
2020-04-10 10:59:06.409 15 RALLYDEBUG rally_openstack.cleanup.manager [-] Deleting neutron.subnet object s_rally_4a993009_fzK9E32e (f682bb8d-3a6f-4bfc-9ce3-bd7808421637)
2020-04-10 10:59:06.564 15 RALLYDEBUG rally_openstack.cleanup.manager [-] Deleting neutron.subnet object s_rally_4a993009_cPakfAed (f6f3ec5f-1643-4277-a744-8751f3bf1f83)
2020-04-10 10:59:06.609 15 RALLYDEBUG rally_openstack.cleanup.manager [-] Deleting neutron.subnet object s_rally_4a993009_JMQKX5ki (f9215838-30f0-4d04-806f-02cedf432515)
2020-04-10 10:59:06.695 15 RALLYDEBUG rally_openstack.cleanup.manager [-] Deleting neutron.subnet object s_rally_4a993009_wRnxeI14 (fa11d25d-7505-4f1b-a121-75c7ca0640e0)
2020-04-10 10:59:07.247 15 RALLYDEBUG rally_openstack.cleanup.manager [-] Deleting neutron.subnet object s_rally_4a993009_RUw7Dnpl (fba97a11-ee15-4504-9c25-384ce568cf31)
2020-04-10 10:59:07.506 15 RALLYDEBUG rally_openstack.cleanup.manager [-] Deleting neutron.subnet object s_rally_4a993009_q41zuT2s (fc2c9b93-5886-4c52-a566-acccc6d6710f)
2020-04-10 10:59:07.510 15 RALLYDEBUG rally_openstack.cleanup.manager [-] Deleting neutron.subnet object s_rally_4a993009_yPsgo2HK (fe2d57ae-f7e9-4b73-8fd3-702efe556355)
2020-04-10 10:59:07.558 15 RALLYDEBUG rally_openstack.cleanup.manager [-] Deleting neutron.subnet object s_rally_4a993009_qwe5s1KP (ff371a4d-6473-4d7d-a166-5ea829838d6d)
2020-04-10 10:59:10.251 15 RALLYDEBUG rally_openstack.cleanup.manager [-] Cleaning up neutron network objects
2020-04-10 10:59:11.811 15 RALLYDEBUG rally_openstack.cleanup.manager [-] Deleting neutron.network object s_rally_4a993009_3hiHpen8 (048ec249-0349-4627-a218-4bbda6d63255)
2020-04-10 10:59:11.819 15 RALLYDEBUG rally_openstack.cleanup.manager [-] Deleting neutron.network object s_rally_4a993009_myTWGNLG (0788ba46-e68d-472d-90bf-1ed699b1c862)
2020-04-10 10:59:11.829 15 RALLYDEBUG rally_openstack.cleanup.manager [-] Deleting neutron.network object s_rally_4a993009_ZQ1KER9K (0981e1b4-5efe-4f87-87d4-54af331c0c2d)
2020-04-10 10:59:11.833 15 RALLYDEBUG rally_openstack.cleanup.manager [-] Deleting neutron.network object s_rally_4a993009_270uve6O (0ae3def6-497d-41e4-a21f-40f1879042b6)
2020-04-10 10:59:11.846 15 RALLYDEBUG rally_openstack.cleanup.manager [-] Deleting neutron.network object s_rally_4a993009_Cih0nv5t (0c3959e9-988b-4c7f-a475-1f51acb7a203)
2020-04-10 10:59:11.853 15 RALLYDEBUG rally_openstack.cleanup.manager [-] Deleting neutron.network object s_rally_4a993009_PmzfQQ03 (0cd562c5-6b41-4bd4-b8a3-7359ea8ea630)
2020-04-10 10:59:11.869 15 RALLYDEBUG rally_openstack.cleanup.manager [-] Deleting neutron.network object s_rally_4a993009_4sjDQbJB (12597cfa-0930-46a4-a0a1-619a42d90662)
2020-04-10 10:59:11.909 15 RALLYDEBUG rally_openstack.cleanup.manager [-] Deleting neutron.network object s_rally_4a993009_FJJjQYXV (14292f33-3b12-4ce9-90d2-fcc0a25ffb76)
2020-04-10 10:59:11.920 15 RALLYDEBUG rally_openstack.cleanup.manager [-] Deleting neutron.network object s_rally_4a993009_msYMF2dr (12f817bd-670f-43f5-aeca-abf2e1878b84)
2020-04-10 10:59:11.925 15 RALLYDEBUG rally_openstack.cleanup.manager [-] Deleting neutron.network object s_rally_4a993009_POSmt3r7 (147f49cc-4b6d-426d-a8c4-53ee15c898d9)
2020-04-10 10:59:11.928 15 RALLYDEBUG rally_openstack.cleanup.manager [-] Deleting neutron.network object s_rally_4a993009_AeYz2PpV (137afb89-a07b-4f4e-a15b-59369c9a776d)
2020-04-10 10:59:11.978 15 RALLYDEBUG rally_openstack.cleanup.manager [-] Deleting neutron.network object s_rally_4a993009_rQ0ycfCJ (17c4b38d-9a8c-4a7d-a17d-5d3441bc60dd)
2020-04-10 10:59:11.986 15 RALLYDEBUG rally_openstack.cleanup.manager [-] Deleting neutron.network object s_rally_4a993009_UnugoZqd (26a68b6c-4db3-45f3-9669-3edc29a59d4f)
2020-04-10 10:59:11.988 15 RALLYDEBUG rally_openstack.cleanup.manager [-] Deleting neutron.network object s_rally_4a993009_S3FsBrKl (28112a74-bea0-4300-9d06-71105a32161f)
2020-04-10 10:59:12.016 15 RALLYDEBUG rally_openstack.cleanup.manager [-] Deleting neutron.network object s_rally_4a993009_HWuxdV8g (17a50d1d-35c3-413e-9633-f48fb2d58d10)
2020-04-10 10:59:12.020 15 RALLYDEBUG rally_openstack.cleanup.manager [-] Deleting neutron.network object s_rally_4a993009_WnjT5VXZ (1f30b369-def8-46c1-b9b0-3156bbb53698)
2020-04-10 10:59:12.023 15 RALLYDEBUG rally_openstack.cleanup.manager [-] Deleting neutron.network object s_rally_4a993009_COdtEUaH (191e584f-755a-448c-beb4-0c2b225846c5)
2020-04-10 10:59:12.035 15 RALLYDEBUG rally_openstack.cleanup.manager [-] Deleting neutron.network object s_rally_4a993009_MR8MZwx3 (2ea683f3-5fc5-46ca-82ec-58203e95bdbd)
2020-04-10 10:59:12.053 15 RALLYDEBUG rally_openstack.cleanup.manager [-] Deleting neutron.network object s_rally_4a993009_UtqdFmsP (2849e1a8-2308-4a31-a3a2-a65506cf54bb)
2020-04-10 10:59:12.052 15 RALLYDEBUG rally_openstack.cleanup.manager [-] Deleting neutron.network object s_rally_4a993009_2mOUgeDJ (2e81c284-9201-47d7-9f66-23ab0ba26e65)
2020-04-10 10:59:13.969 15 RALLYDEBUG rally_openstack.cleanup.manager [-] Deleting neutron.network object s_rally_4a993009_dfT5Jk1T (2f5403bd-2acd-40e9-a7e6-4ef3e7d4c0a0)
2020-04-10 10:59:14.206 15 RALLYDEBUG rally_openstack.cleanup.manager [-] Deleting neutron.network object s_rally_4a993009_SSRgxaBR (31ab7372-9f53-478b-bc46-cc9f6a89de17)
2020-04-10 10:59:14.495 15 RALLYDEBUG rally_openstack.cleanup.manager [-] Deleting neutron.network object s_rally_4a993009_WPjs0BzG (3228de7a-cedc-4b3b-be56-36d2350c08ac)
2020-04-10 10:59:14.543 15 RALLYDEBUG rally_openstack.cleanup.manager [-] Deleting neutron.network object s_rally_4a993009_XJiW5uJ8 (32b6d849-c0cc-44f9-abbf-1db21924f293)
2020-04-10 10:59:14.578 15 RALLYDEBUG rally_openstack.cleanup.manager [-] Deleting neutron.network object s_rally_4a993009_s4Preb1U (36a3dd89-5d08-4835-8484-69f2da7cd23e)
2020-04-10 10:59:14.600 15 RALLYDEBUG rally_openstack.cleanup.manager [-] Deleting neutron.network object s_rally_4a993009_q4MS00eG (37491cc1-d45b-43a4-9899-1bc88ea6d5f9)
2020-04-10 10:59:14.666 15 RALLYDEBUG rally_openstack.cleanup.manager [-] Deleting neutron.network object s_rally_4a993009_4SDf84wu (376f64ff-2e1f-4f83-82d5-05be52c793ca)
2020-04-10 10:59:14.976 15 RALLYDEBUG rally_openstack.cleanup.manager [-] Deleting neutron.network object s_rally_4a993009_mxaj6ENq (3b40019f-b309-43de-a0d3-b1a880c19291)
2020-04-10 10:59:15.005 15 RALLYDEBUG rally_openstack.cleanup.manager [-] Deleting neutron.network object s_rally_4a993009_iGOd7WQL (3d99e174-f03b-428c-938a-a63ec1a13b00)
2020-04-10 10:59:15.052 15 RALLYDEBUG rally_openstack.cleanup.manager [-] Deleting neutron.network object s_rally_4a993009_CUyBIbQH (489356f0-810c-4749-a94d-5c457d84c802)
2020-04-10 10:59:15.205 15 RALLYDEBUG rally_openstack.cleanup.manager [-] Deleting neutron.network object s_rally_4a993009_Jdy9hoNV (4a69c562-2c4a-42b6-8822-c9533c7cbff2)
2020-04-10 10:59:15.326 15 RALLYDEBUG rally_openstack.cleanup.manager [-] Deleting neutron.network object s_rally_4a993009_NRDxC0Fu (4c8e32d3-f58d-47f9-9f2f-879c33ad675c)
2020-04-10 10:59:15.372 15 RALLYDEBUG rally_openstack.cleanup.manager [-] Deleting neutron.network object s_rally_4a993009_vtYLtcjR (4e11a7a2-8a9e-43f4-9237-4c4a561f0981)
2020-04-10 10:59:15.440 15 RALLYDEBUG rally_openstack.cleanup.manager [-] Deleting neutron.network object s_rally_4a993009_Z0KKzjuc (502ece49-fb01-48d5-8c4b-bd66f31b631a)
2020-04-10 10:59:15.444 15 RALLYDEBUG rally_openstack.cleanup.manager [-] Deleting neutron.network object s_rally_4a993009_i2cpEJPP (50898506-7947-4c51-8709-a406f8fd39d7)
2020-04-10 10:59:15.497 15 RALLYDEBUG rally_openstack.cleanup.manager [-] Deleting neutron.network object s_rally_4a993009_3EW9YNcn (525b8938-507d-427e-9f46-2e031d3cd129)
2020-04-10 10:59:15.516 15 RALLYDEBUG rally_openstack.cleanup.manager [-] Deleting neutron.network object s_rally_4a993009_qDT8TPmU (544c8a7e-ea3c-48b6-bd32-f2e46026f8a6)
2020-04-10 10:59:15.695 15 RALLYDEBUG rally_openstack.cleanup.manager [-] Deleting neutron.network object s_rally_4a993009_FDtgNAQo (545f8eb2-b9c9-4b97-83e1-cc8da26d6e71)
2020-04-10 10:59:15.720 15 RALLYDEBUG rally_openstack.cleanup.manager [-] Deleting neutron.network object s_rally_4a993009_NdXUZyZC (54cbb945-f78c-4a3d-9797-17b811d1e80c)
2020-04-10 10:59:15.867 15 RALLYDEBUG rally_openstack.cleanup.manager [-] Deleting neutron.network object s_rally_4a993009_TbGpitab (6147b0ae-b104-42a5-b745-3a31e45c4b86)
2020-04-10 10:59:15.986 15 RALLYDEBUG rally_openstack.cleanup.manager [-] Deleting neutron.network object s_rally_4a993009_KyNeR2XC (65686f1b-92e4-4517-8521-8e2cff1af4e9)
2020-04-10 10:59:16.418 15 RALLYDEBUG rally_openstack.cleanup.manager [-] Deleting neutron.network object s_rally_4a993009_osJPnOp9 (65f6dbc3-1eab-47c3-8721-72db9b1dd28c)
2020-04-10 10:59:16.558 15 RALLYDEBUG rally_openstack.cleanup.manager [-] Deleting neutron.network object s_rally_4a993009_gKsBNASt (6686cced-f67b-4f36-9f33-23f8e8e343a6)
2020-04-10 10:59:16.602 15 RALLYDEBUG rally_openstack.cleanup.manager [-] Deleting neutron.network object s_rally_4a993009_jd0N4kYv (6d198600-9a7e-4605-9067-670036f3a7a6)
2020-04-10 10:59:16.982 15 RALLYDEBUG rally_openstack.cleanup.manager [-] Deleting neutron.network object s_rally_4a993009_wLnkJopu (76f93593-6c32-4995-b984-0d8fc1ec0071)
2020-04-10 10:59:17.089 15 RALLYDEBUG rally_openstack.cleanup.manager [-] Deleting neutron.network object s_rally_4a993009_XL7ZIJJ5 (7bed54b4-2086-494b-86f7-ba24f217f6e5)
2020-04-10 10:59:17.125 15 RALLYDEBUG rally_openstack.cleanup.manager [-] Deleting neutron.network object s_rally_4a993009_02jR5a0L (81f22949-a24b-4620-8a91-126c3efe708e)
2020-04-10 10:59:17.158 15 RALLYDEBUG rally_openstack.cleanup.manager [-] Deleting neutron.network object s_rally_4a993009_nxFUb05x (84437864-6591-4bcb-9469-4cd2c83a4ca5)
2020-04-10 10:59:17.458 15 RALLYDEBUG rally_openstack.cleanup.manager [-] Deleting neutron.network object s_rally_4a993009_xN1zaGXH (85aea484-e826-4a03-b81d-1a431a8e79e2)
2020-04-10 10:59:17.497 15 RALLYDEBUG rally_openstack.cleanup.manager [-] Deleting neutron.network object s_rally_4a993009_qGmPDDp0 (891f7c25-ff0a-4b0f-a1c5-d6fb9292675d)
2020-04-10 10:59:17.657 15 RALLYDEBUG rally_openstack.cleanup.manager [-] Deleting neutron.network object s_rally_4a993009_MeuOj5WD (89f398a1-7160-47f4-8bd3-8b5279c6b5eb)
2020-04-10 10:59:17.864 15 RALLYDEBUG rally_openstack.cleanup.manager [-] Deleting neutron.network object s_rally_4a993009_D8SG2l3j (8f249a89-15b2-4dec-84e8-a03c096cbcb1)
2020-04-10 10:59:17.871 15 RALLYDEBUG rally_openstack.cleanup.manager [-] Deleting neutron.network object s_rally_4a993009_DM4yp3AI (91b224c2-b9fc-4cd9-96bb-6f10e0f21235)
2020-04-10 10:59:17.979 15 RALLYDEBUG rally_openstack.cleanup.manager [-] Deleting neutron.network object s_rally_4a993009_4PTY9Lkp (91d3204d-51c4-4379-852a-3d83ee153ac5)
2020-04-10 10:59:18.121 15 RALLYDEBUG rally_openstack.cleanup.manager [-] Deleting neutron.network object s_rally_4a993009_F2DcVwCJ (9355a174-f828-41cf-a9cc-ae173739312d)
2020-04-10 10:59:18.967 15 RALLYDEBUG rally_openstack.cleanup.manager [-] Deleting neutron.network object s_rally_4a993009_EIE3kUZM (96d2e5c9-1fee-4ae8-82b1-f5e0ec7ef201)
2020-04-10 10:59:19.747 15 RALLYDEBUG rally_openstack.cleanup.manager [-] Deleting neutron.network object s_rally_4a993009_fHeNVWoK (97902247-34b5-4403-91b5-f85460ce53d8)
2020-04-10 10:59:19.891 15 RALLYDEBUG rally_openstack.cleanup.manager [-] Deleting neutron.network object s_rally_4a993009_tCEenWgc (9fcc13b3-0bb4-4939-8972-7f2fd47e32e4)
2020-04-10 10:59:20.052 15 RALLYDEBUG rally_openstack.cleanup.manager [-] Deleting neutron.network object s_rally_4a993009_kMYGUHqE (a1461f72-fa19-4016-bba1-ac7d8d1b4d32)
2020-04-10 10:59:20.061 15 RALLYDEBUG rally_openstack.cleanup.manager [-] Deleting neutron.network object s_rally_4a993009_MpcKMQsT (a327220b-af5d-4c3c-a6b9-789d6334f601)
2020-04-10 10:59:20.075 15 RALLYDEBUG rally_openstack.cleanup.manager [-] Deleting neutron.network object s_rally_4a993009_6YlpxCU9 (a3850adb-669d-480c-9da3-c51cb30363e5)
2020-04-10 10:59:20.094 15 RALLYDEBUG rally_openstack.cleanup.manager [-] Deleting neutron.network object s_rally_4a993009_XMV2KPg9 (a4732906-1fdd-4d13-acf4-3e533e51f43f)
2020-04-10 10:59:20.118 15 RALLYDEBUG rally_openstack.cleanup.manager [-] Deleting neutron.network object s_rally_4a993009_I7vzYMxn (aaa068f3-a2eb-4fda-b809-9d357f611f7b)
2020-04-10 10:59:20.322 15 RALLYDEBUG rally_openstack.cleanup.manager [-] Deleting neutron.network object s_rally_4a993009_ItqXqsFV (ab5e82dd-a1a8-4d88-8a9c-319125245d2f)
2020-04-10 10:59:20.406 15 RALLYDEBUG rally_openstack.cleanup.manager [-] Deleting neutron.network object s_rally_4a993009_IE8cauU3 (ae5e7c48-e997-4f95-8048-9532b13b46d9)
2020-04-10 10:59:20.421 15 RALLYDEBUG rally_openstack.cleanup.manager [-] Deleting neutron.network object s_rally_4a993009_nGGNARh3 (afc1517f-5c41-4beb-8c90-03da977c8e6f)
2020-04-10 10:59:20.443 15 RALLYDEBUG rally_openstack.cleanup.manager [-] Deleting neutron.network object s_rally_4a993009_YggmVD4C (b0157d8c-f40c-414a-abf5-c34e8b894067)
2020-04-10 10:59:20.490 15 RALLYDEBUG rally_openstack.cleanup.manager [-] Deleting neutron.network object s_rally_4a993009_vgmagJKr (b048c0ad-6e16-4254-973f-6fd04eb201ff)
2020-04-10 10:59:20.494 15 RALLYDEBUG rally_openstack.cleanup.manager [-] Deleting neutron.network object s_rally_4a993009_j3FqyTiZ (b07436e4-14e9-4c98-a7a1-f793a3cbb835)
2020-04-10 10:59:20.511 15 RALLYDEBUG rally_openstack.cleanup.manager [-] Deleting neutron.network object s_rally_4a993009_5XGHWRIS (b442e7fb-4314-4833-a2fd-b1d0e9c19426)
2020-04-10 10:59:20.649 15 RALLYDEBUG rally_openstack.cleanup.manager [-] Deleting neutron.network object s_rally_4a993009_aupzU1gR (b7fd943a-3643-4751-b84f-28d897ef5b5a)
2020-04-10 10:59:20.666 15 RALLYDEBUG rally_openstack.cleanup.manager [-] Deleting neutron.network object s_rally_4a993009_8HAyhebo (b89cde5a-1286-447a-8368-7b07b25ffc26)
2020-04-10 10:59:20.681 15 RALLYDEBUG rally_openstack.cleanup.manager [-] Deleting neutron.network object s_rally_4a993009_kEmYlPMV (bf371adc-23ad-4cf9-902c-de70c1f75f11)
2020-04-10 10:59:20.710 15 RALLYDEBUG rally_openstack.cleanup.manager [-] Deleting neutron.network object s_rally_4a993009_GMV4oUXR (c1852bfc-618b-4155-8636-e17a56e97315)
2020-04-10 10:59:20.730 15 RALLYDEBUG rally_openstack.cleanup.manager [-] Deleting neutron.network object s_rally_4a993009_jAZVh4nn (c2ad381d-8ddf-4a14-8060-439896c928bd)
2020-04-10 10:59:21.122 15 RALLYDEBUG rally_openstack.cleanup.manager [-] Deleting neutron.network object s_rally_4a993009_Bgdr3Ve9 (cf9c0276-4a6f-4f13-a2ee-f72ff962ded9)
2020-04-10 10:59:21.770 15 RALLYDEBUG rally_openstack.cleanup.manager [-] Deleting neutron.network object s_rally_4a993009_ITxs0hBG (d2a9f5f5-6712-4a38-b9a2-d4afaf415267)
2020-04-10 10:59:22.808 15 RALLYDEBUG rally_openstack.cleanup.manager [-] Deleting neutron.network object s_rally_4a993009_GwKLPfBa (d3dca515-a8b0-4e71-92b9-07f355b81a5b)
2020-04-10 10:59:22.819 15 RALLYDEBUG rally_openstack.cleanup.manager [-] Deleting neutron.network object s_rally_4a993009_Fhdo8LOe (d3e6aafe-a79d-4146-ab72-35273ca08ed8)
2020-04-10 10:59:22.879 15 RALLYDEBUG rally_openstack.cleanup.manager [-] Deleting neutron.network object s_rally_4a993009_xJpCrzsD (d4f26695-183c-41cb-827e-6da6d32b97d4)
2020-04-10 10:59:22.989 15 RALLYDEBUG rally_openstack.cleanup.manager [-] Deleting neutron.network object s_rally_4a993009_9ZrgmBnp (d56cab3e-628f-419b-8869-76eaa4119737)
2020-04-10 10:59:23.077 15 RALLYDEBUG rally_openstack.cleanup.manager [-] Deleting neutron.network object s_rally_4a993009_cNmUIwTt (d5f06832-a699-47fa-b164-67b3d1d367b5)
2020-04-10 10:59:23.088 15 RALLYDEBUG rally_openstack.cleanup.manager [-] Deleting neutron.network object s_rally_4a993009_rbGrZdhO (da3c34e3-6f12-4263-8a0f-64c914aaa1a2)
2020-04-10 10:59:23.123 15 RALLYDEBUG rally_openstack.cleanup.manager [-] Deleting neutron.network object s_rally_4a993009_ydfPfaLT (dcbb5ed4-9de2-40b5-89c6-b60d4ac6687d)
2020-04-10 10:59:23.161 15 RALLYDEBUG rally_openstack.cleanup.manager [-] Deleting neutron.network object s_rally_4a993009_vbBZmxih (df636844-60be-4dbb-a2fa-62c1ce213d34)
2020-04-10 10:59:23.348 15 RALLYDEBUG rally_openstack.cleanup.manager [-] Deleting neutron.network object s_rally_4a993009_6cNRS8uq (e0b4cdad-0e0a-415e-8308-902d884ac248)
2020-04-10 10:59:23.624 15 RALLYDEBUG rally_openstack.cleanup.manager [-] Deleting neutron.network object s_rally_4a993009_aZV0sgtO (e48aaea8-37ce-4418-abdb-967c879126a5)
2020-04-10 10:59:24.749 15 RALLYDEBUG rally_openstack.cleanup.manager [-] Deleting neutron.network object s_rally_4a993009_f6tgIGij (e57e365e-08c4-42ba-a548-9e7d04b770b2)
2020-04-10 10:59:24.807 15 RALLYDEBUG rally_openstack.cleanup.manager [-] Deleting neutron.network object s_rally_4a993009_QIBzQ4TS (e5a61615-a1af-46be-bd04-7feb985d30d6)
2020-04-10 10:59:24.812 15 RALLYDEBUG rally_openstack.cleanup.manager [-] Deleting neutron.network object s_rally_4a993009_zRW66aYt (e6b5ca95-89bc-4f87-8b24-0413a4075801)
2020-04-10 10:59:24.870 15 RALLYDEBUG rally_openstack.cleanup.manager [-] Deleting neutron.network object s_rally_4a993009_NiBbGWrB (ebf7be5f-2d0f-4c16-bdb1-0f6574409541)
2020-04-10 10:59:24.977 15 RALLYDEBUG rally_openstack.cleanup.manager [-] Deleting neutron.network object s_rally_4a993009_CZwaykYz (ed948911-8257-41dd-bc1c-ad36f9ee4119)
2020-04-10 10:59:24.982 15 RALLYDEBUG rally_openstack.cleanup.manager [-] Deleting neutron.network object s_rally_4a993009_ROQden6M (edb7ce8a-dcba-4853-8da0-ce8f4a145f86)
2020-04-10 10:59:25.080 15 RALLYDEBUG rally_openstack.cleanup.manager [-] Deleting neutron.network object s_rally_4a993009_KCjVNEdi (f440612b-afff-41ff-95d8-9912b2ff8515)
2020-04-10 10:59:25.174 15 RALLYDEBUG rally_openstack.cleanup.manager [-] Deleting neutron.network object s_rally_4a993009_Txfn3IKH (f453c790-0029-43ac-ae93-02f63d4b768f)
2020-04-10 10:59:25.361 15 RALLYDEBUG rally_openstack.cleanup.manager [-] Deleting neutron.network object s_rally_4a993009_YjfTVCo6 (f64bd3b3-67a2-4121-b579-e311aef267a7)
2020-04-10 10:59:25.535 15 RALLYDEBUG rally_openstack.cleanup.manager [-] Deleting neutron.network object s_rally_4a993009_1nGtlxxF (fab9fee5-7829-48e9-8cd7-7d4407544899)
2020-04-10 10:59:25.662 15 RALLYDEBUG rally_openstack.cleanup.manager [-] Deleting neutron.network object s_rally_4a993009_MGjakCjM (fbb0e143-a5db-4d44-814c-1ca767876dc6)
2020-04-10 10:59:25.707 15 RALLYDEBUG rally_openstack.cleanup.manager [-] Deleting neutron.network object s_rally_4a993009_xIBf8mJI (fcb3e8a7-2e55-4b5e-a299-662e80cbe40d)
2020-04-10 10:59:25.786 15 RALLYDEBUG rally_openstack.cleanup.manager [-] Deleting neutron.network object s_rally_4a993009_JOnZlXHu (ffa4ceaf-e387-4212-992d-6473954eba4d)
2020-04-10 10:59:27.871 15 RALLYDEBUG rally_openstack.cleanup.manager [-] Cleaning up neutron router objects
2020-04-10 10:59:28.111 15 RALLYDEBUG rally_openstack.cleanup.manager [-] Cleaning up neutron security_group objects
2020-04-10 10:59:28.369 15 INFO rally.task.context [-] Task 95088a20-aa60-4c9d-8882-0f08436b7dfb | Context cleanup@openstack cleanup() finished in 50.48 sec
2020-04-10 10:59:28.369 15 INFO rally.task.context [-] Task 95088a20-aa60-4c9d-8882-0f08436b7dfb | Context quotas@openstack cleanup() started
2020-04-10 10:59:28.496 15 INFO rally.task.context [-] Task 95088a20-aa60-4c9d-8882-0f08436b7dfb | Context quotas@openstack cleanup() finished in 0.13 sec
2020-04-10 10:59:28.497 15 INFO rally.task.context [-] Task 95088a20-aa60-4c9d-8882-0f08436b7dfb | Context users@openstack cleanup() started
2020-04-10 10:59:30.951 15 INFO rally.task.context [-] Task 95088a20-aa60-4c9d-8882-0f08436b7dfb | Context users@openstack cleanup() finished in 2.45 sec
2020-04-10 10:59:31.717 15 INFO rally.task.engine [-] Load duration is: 72.852768
2020-04-10 10:59:31.717 15 INFO rally.task.engine [-] Full runner duration is: 72.89718
2020-04-10 10:59:31.718 15 INFO rally.task.engine [-] Full duration is: 127.734348
2020-04-10 10:59:31.826 15 INFO rally.task.engine [-] Running workload: position = 2 config = { "version": 2, "title": "A cropped version of a bigger task.", "description": "Auto-generated task from a single workload (uuid=74d011c1-c8cf-4c0c-9922-34a2eab64c94)", "subtasks": [ { "title": "NeutronNetworks.create_and_delete_subnets", "description": "Create and delete a given number of subnets.", "scenario": { "NeutronNetworks.create_and_delete_subnets": { "network_create_args": {}, "subnet_create_args": {}, "subnet_cidr_start": "1.1.0.0/30", "subnets_per_network": 2 } }, "contexts": { "users": { "tenants": 1, "users_per_tenant": 1 }, "quotas": { "neutron": { "network": -1, "subnet": -1 } } }, "runner": { "constant": { "times": 40, "concurrency": 20 } }, "hooks": [], "sla": { "failure_rate": { "max": 0 } } } ] }
2020-04-10 10:59:31.851 15 RALLYDEBUG rally_openstack.contexts.keystone.users [-] Creating 1 tenants using 20 threads
2020-04-10 10:59:32.166 15 RALLYDEBUG rally_openstack.contexts.keystone.users [-] Creating 1 users using 20 threads
2020-04-10 10:59:32.616 15 INFO rally.task.context [-] Task 95088a20-aa60-4c9d-8882-0f08436b7dfb | Context users@openstack setup() finished in 0.77 sec
2020-04-10 10:59:33.089 15 INFO rally.task.context [-] Task 95088a20-aa60-4c9d-8882-0f08436b7dfb | Context quotas@openstack setup() finished in 0.47 sec
2020-04-10 10:59:33.089 15 INFO rally.task.context [-] Task 95088a20-aa60-4c9d-8882-0f08436b7dfb | Context cleanup@openstack setup() finished in 0.01 msec
2020-04-10 10:59:33.098 15 RALLYDEBUG rally.task.runner [-] Starting the constant runner (task UUID: 95088a20-aa60-4c9d-8882-0f08436b7dfb). timeout: 0 concurrency: 20 concurrency_per_worker: 1 times: 40 concurrency_overhead: 0 processes_to_start: 20 max_cpu_used: 88
2020-04-10 10:59:33.113 2269 RALLYDEBUG rally.task.runner [-] Starting a worker. concurrency: 1 args: {"network_create_args": {}, "subnet_create_args": {}, "subnet_cidr_start": "1.1.0.0/30", "subnets_per_network": 2} times: 40 method_name: run timeout: 0 duration: None cls:
2020-04-10 10:59:33.116 2270 RALLYDEBUG rally.task.runner [-] Starting a worker. concurrency: 1 args: {"network_create_args": {}, "subnet_create_args": {}, "subnet_cidr_start": "1.1.0.0/30", "subnets_per_network": 2} times: 40 method_name: run timeout: 0 duration: None cls:
2020-04-10 10:59:33.119 2271 RALLYDEBUG rally.task.runner [-] Starting a worker. concurrency: 1 args: {"network_create_args": {}, "subnet_create_args": {}, "subnet_cidr_start": "1.1.0.0/30", "subnets_per_network": 2} times: 40 method_name: run timeout: 0 duration: None cls:
2020-04-10 10:59:33.119 2269 INFO rally.task.runner [-] Task 95088a20-aa60-4c9d-8882-0f08436b7dfb | ITER: 1 START
2020-04-10 10:59:33.121 2269 WARNING rally_openstack.scenarios.neutron.utils [-] Running this scenario without either the 'network' or 'existing_network' context is deprecated
2020-04-10 10:59:33.123 2270 INFO rally.task.runner [-] Task 95088a20-aa60-4c9d-8882-0f08436b7dfb | ITER: 2 START
2020-04-10 10:59:33.122 2272 RALLYDEBUG rally.task.runner [-] Starting a worker. concurrency: 1 args: {"network_create_args": {}, "subnet_create_args": {}, "subnet_cidr_start": "1.1.0.0/30", "subnets_per_network": 2} times: 40 method_name: run timeout: 0 duration: None cls:
2020-04-10 10:59:33.124 2270 WARNING rally_openstack.scenarios.neutron.utils [-] Running this scenario without either the 'network' or 'existing_network' context is deprecated
2020-04-10 10:59:33.125 2271 INFO rally.task.runner [-] Task 95088a20-aa60-4c9d-8882-0f08436b7dfb | ITER: 3 START
2020-04-10 10:59:33.126 2271 WARNING rally_openstack.scenarios.neutron.utils [-] Running this scenario without either the 'network' or 'existing_network' context is deprecated
2020-04-10 10:59:33.126 2274 RALLYDEBUG rally.task.runner [-] Starting a worker. concurrency: 1 args: {"network_create_args": {}, "subnet_create_args": {}, "subnet_cidr_start": "1.1.0.0/30", "subnets_per_network": 2} times: 40 method_name: run timeout: 0 duration: None cls:
2020-04-10 10:59:33.128 2272 INFO rally.task.runner [-] Task 95088a20-aa60-4c9d-8882-0f08436b7dfb | ITER: 4 START
2020-04-10 10:59:33.130 2272 WARNING rally_openstack.scenarios.neutron.utils [-] Running this scenario without either the 'network' or 'existing_network' context is deprecated
2020-04-10 10:59:33.131 2278 RALLYDEBUG rally.task.runner [-] Starting a worker. concurrency: 1 args: {"network_create_args": {}, "subnet_create_args": {}, "subnet_cidr_start": "1.1.0.0/30", "subnets_per_network": 2} times: 40 method_name: run timeout: 0 duration: None cls:
2020-04-10 10:59:33.132 2281 RALLYDEBUG rally.task.runner [-] Starting a worker. concurrency: 1 args: {"network_create_args": {}, "subnet_create_args": {}, "subnet_cidr_start": "1.1.0.0/30", "subnets_per_network": 2} times: 40 method_name: run timeout: 0 duration: None cls:
2020-04-10 10:59:33.136 2274 INFO rally.task.runner [-] Task 95088a20-aa60-4c9d-8882-0f08436b7dfb | ITER: 5 START
2020-04-10 10:59:33.135 2284 RALLYDEBUG rally.task.runner [-] Starting a worker. concurrency: 1 args: {"network_create_args": {}, "subnet_create_args": {}, "subnet_cidr_start": "1.1.0.0/30", "subnets_per_network": 2} times: 40 method_name: run timeout: 0 duration: None cls:
2020-04-10 10:59:33.137 2274 WARNING rally_openstack.scenarios.neutron.utils [-] Running this scenario without either the 'network' or 'existing_network' context is deprecated
2020-04-10 10:59:33.139 2281 INFO rally.task.runner [-] Task 95088a20-aa60-4c9d-8882-0f08436b7dfb | ITER: 7 START
2020-04-10 10:59:33.139 2278 INFO rally.task.runner [-] Task 95088a20-aa60-4c9d-8882-0f08436b7dfb | ITER: 6 START
2020-04-10 10:59:33.139 2286 RALLYDEBUG rally.task.runner [-] Starting a worker. concurrency: 1 args: {"network_create_args": {}, "subnet_create_args": {}, "subnet_cidr_start": "1.1.0.0/30", "subnets_per_network": 2} times: 40 method_name: run timeout: 0 duration: None cls:
2020-04-10 10:59:33.140 2281 WARNING rally_openstack.scenarios.neutron.utils [-] Running this scenario without either the 'network' or 'existing_network' context is deprecated
2020-04-10 10:59:33.140 2278 WARNING rally_openstack.scenarios.neutron.utils [-] Running this scenario without either the 'network' or 'existing_network' context is deprecated
2020-04-10 10:59:33.141 2284 INFO rally.task.runner [-] Task 95088a20-aa60-4c9d-8882-0f08436b7dfb | ITER: 8 START
2020-04-10 10:59:33.143 2284 WARNING rally_openstack.scenarios.neutron.utils [-] Running this scenario without either the 'network' or 'existing_network' context is deprecated
2020-04-10 10:59:33.144 2287 RALLYDEBUG rally.task.runner [-] Starting a worker. concurrency: 1 args: {"network_create_args": {}, "subnet_create_args": {}, "subnet_cidr_start": "1.1.0.0/30", "subnets_per_network": 2} times: 40 method_name: run timeout: 0 duration: None cls:
2020-04-10 10:59:33.145 2286 INFO rally.task.runner [-] Task 95088a20-aa60-4c9d-8882-0f08436b7dfb | ITER: 9 START
2020-04-10 10:59:33.146 2286 WARNING rally_openstack.scenarios.neutron.utils [-] Running this scenario without either the 'network' or 'existing_network' context is deprecated
2020-04-10 10:59:33.146 2293 RALLYDEBUG rally.task.runner [-] Starting a worker. concurrency: 1 args: {"network_create_args": {}, "subnet_create_args": {}, "subnet_cidr_start": "1.1.0.0/30", "subnets_per_network": 2} times: 40 method_name: run timeout: 0 duration: None cls:
2020-04-10 10:59:33.149 2296 RALLYDEBUG rally.task.runner [-] Starting a worker. concurrency: 1 args: {"network_create_args": {}, "subnet_create_args": {}, "subnet_cidr_start": "1.1.0.0/30", "subnets_per_network": 2} times: 40 method_name: run timeout: 0 duration: None cls:
2020-04-10 10:59:33.150 2287 INFO rally.task.runner [-] Task 95088a20-aa60-4c9d-8882-0f08436b7dfb | ITER: 10 START
2020-04-10 10:59:33.152 2287 WARNING rally_openstack.scenarios.neutron.utils [-] Running this scenario without either the 'network' or 'existing_network' context is deprecated
2020-04-10 10:59:33.153 2293 INFO rally.task.runner [-] Task 95088a20-aa60-4c9d-8882-0f08436b7dfb | ITER: 11 START
2020-04-10 10:59:33.152 2299 RALLYDEBUG rally.task.runner [-] Starting a worker. concurrency: 1 args: {"network_create_args": {}, "subnet_create_args": {}, "subnet_cidr_start": "1.1.0.0/30", "subnets_per_network": 2} times: 40 method_name: run timeout: 0 duration: None cls:
2020-04-10 10:59:33.154 2293 WARNING rally_openstack.scenarios.neutron.utils [-] Running this scenario without either the 'network' or 'existing_network' context is deprecated
2020-04-10 10:59:33.155 2300 RALLYDEBUG rally.task.runner [-] Starting a worker. concurrency: 1 args: {"network_create_args": {}, "subnet_create_args": {}, "subnet_cidr_start": "1.1.0.0/30", "subnets_per_network": 2} times: 40 method_name: run timeout: 0 duration: None cls:
2020-04-10 10:59:33.155 2296 INFO rally.task.runner [-] Task 95088a20-aa60-4c9d-8882-0f08436b7dfb | ITER: 12 START
2020-04-10 10:59:33.157 2296 WARNING rally_openstack.scenarios.neutron.utils [-] Running this scenario without either the 'network' or 'existing_network' context is deprecated
2020-04-10 10:59:33.161 2300 INFO rally.task.runner [-] Task 95088a20-aa60-4c9d-8882-0f08436b7dfb | ITER: 14 START
2020-04-10 10:59:33.161 2299 INFO rally.task.runner [-] Task 95088a20-aa60-4c9d-8882-0f08436b7dfb | ITER: 13 START
2020-04-10 10:59:33.162 2300 WARNING rally_openstack.scenarios.neutron.utils [-] Running this scenario without either the 'network' or 'existing_network' context is deprecated
2020-04-10 10:59:33.162 2299 WARNING rally_openstack.scenarios.neutron.utils [-] Running this scenario without either the 'network' or 'existing_network' context is deprecated
2020-04-10 10:59:33.162 2306 RALLYDEBUG rally.task.runner [-] Starting a worker. concurrency: 1 args: {"network_create_args": {}, "subnet_create_args": {}, "subnet_cidr_start": "1.1.0.0/30", "subnets_per_network": 2} times: 40 method_name: run timeout: 0 duration: None cls:
2020-04-10 10:59:33.166 2309 RALLYDEBUG rally.task.runner [-] Starting a worker. concurrency: 1 args: {"network_create_args": {}, "subnet_create_args": {}, "subnet_cidr_start": "1.1.0.0/30", "subnets_per_network": 2} times: 40 method_name: run timeout: 0 duration: None cls:
2020-04-10 10:59:33.169 2306 INFO rally.task.runner [-] Task 95088a20-aa60-4c9d-8882-0f08436b7dfb | ITER: 15 START
2020-04-10 10:59:33.169 2313 RALLYDEBUG rally.task.runner [-] Starting a worker. concurrency: 1 args: {"network_create_args": {}, "subnet_create_args": {}, "subnet_cidr_start": "1.1.0.0/30", "subnets_per_network": 2} times: 40 method_name: run timeout: 0 duration: None cls:
2020-04-10 10:59:33.170 2306 WARNING rally_openstack.scenarios.neutron.utils [-] Running this scenario without either the 'network' or 'existing_network' context is deprecated
2020-04-10 10:59:33.172 2309 INFO rally.task.runner [-] Task 95088a20-aa60-4c9d-8882-0f08436b7dfb | ITER: 16 START
2020-04-10 10:59:33.173 2309 WARNING rally_openstack.scenarios.neutron.utils [-] Running this scenario without either the 'network' or 'existing_network' context is deprecated
2020-04-10 10:59:33.173 2314 RALLYDEBUG rally.task.runner [-] Starting a worker. concurrency: 1 args: {"network_create_args": {}, "subnet_create_args": {}, "subnet_cidr_start": "1.1.0.0/30", "subnets_per_network": 2} times: 40 method_name: run timeout: 0 duration: None cls:
2020-04-10 10:59:33.175 2313 INFO rally.task.runner [-] Task 95088a20-aa60-4c9d-8882-0f08436b7dfb | ITER: 17 START
2020-04-10 10:59:33.177 2313 WARNING rally_openstack.scenarios.neutron.utils [-] Running this scenario without either the 'network' or 'existing_network' context is deprecated
2020-04-10 10:59:33.177 2317 RALLYDEBUG rally.task.runner [-] Starting a worker. concurrency: 1 args: {"network_create_args": {}, "subnet_create_args": {}, "subnet_cidr_start": "1.1.0.0/30", "subnets_per_network": 2} times: 40 method_name: run timeout: 0 duration: None cls:
2020-04-10 10:59:33.180 2314 INFO rally.task.runner [-] Task 95088a20-aa60-4c9d-8882-0f08436b7dfb | ITER: 18 START
2020-04-10 10:59:33.181 2314 WARNING rally_openstack.scenarios.neutron.utils [-] Running this scenario without either the 'network' or 'existing_network' context is deprecated
2020-04-10 10:59:33.182 2320 RALLYDEBUG rally.task.runner [-] Starting a worker. concurrency: 1 args: {"network_create_args": {}, "subnet_create_args": {}, "subnet_cidr_start": "1.1.0.0/30", "subnets_per_network": 2} times: 40 method_name: run timeout: 0 duration: None cls:
2020-04-10 10:59:33.183 2317 INFO rally.task.runner [-] Task 95088a20-aa60-4c9d-8882-0f08436b7dfb | ITER: 19 START
2020-04-10 10:59:33.184 2317 WARNING rally_openstack.scenarios.neutron.utils [-] Running this scenario without either the 'network' or 'existing_network' context is deprecated
2020-04-10 10:59:33.188 2320 INFO rally.task.runner [-] Task 95088a20-aa60-4c9d-8882-0f08436b7dfb | ITER: 20 START
2020-04-10 10:59:33.189 2320 WARNING rally_openstack.scenarios.neutron.utils [-] Running this scenario without either the 'network' or 'existing_network' context is deprecated
2020-04-10 10:59:36.761 2274 RALLYDEBUG rally_openstack.wrappers.network [-] CIDR generated: 1.1.4.96/30
2020-04-10 10:59:37.009 2314 RALLYDEBUG rally_openstack.wrappers.network [-] CIDR generated: 1.1.4.100/30
2020-04-10 10:59:37.028 2296 RALLYDEBUG rally_openstack.wrappers.network [-] CIDR generated: 1.1.4.104/30
2020-04-10 10:59:37.044 2269 RALLYDEBUG rally_openstack.wrappers.network [-] CIDR generated: 1.1.4.108/30
2020-04-10 10:59:37.068 2287 RALLYDEBUG rally_openstack.wrappers.network [-] CIDR generated: 1.1.4.112/30
2020-04-10 10:59:37.211 2299 RALLYDEBUG rally_openstack.wrappers.network [-] CIDR generated: 1.1.4.116/30
2020-04-10 10:59:37.286 2300 RALLYDEBUG rally_openstack.wrappers.network [-] CIDR generated: 1.1.4.120/30
2020-04-10 10:59:37.313 2320 RALLYDEBUG rally_openstack.wrappers.network [-] CIDR generated: 1.1.4.124/30
2020-04-10 10:59:37.342 2317 RALLYDEBUG rally_openstack.wrappers.network [-] CIDR generated: 1.1.4.128/30
2020-04-10 10:59:37.366 2272 RALLYDEBUG rally_openstack.wrappers.network [-] CIDR generated: 1.1.4.132/30
2020-04-10 10:59:37.431 2293 RALLYDEBUG rally_openstack.wrappers.network [-] CIDR generated: 1.1.4.136/30
2020-04-10 10:59:37.456 2313 RALLYDEBUG rally_openstack.wrappers.network [-] CIDR generated: 1.1.4.140/30
2020-04-10 10:59:37.492 2270 RALLYDEBUG rally_openstack.wrappers.network [-] CIDR generated: 1.1.4.144/30
2020-04-10 10:59:37.588 2309 RALLYDEBUG rally_openstack.wrappers.network [-] CIDR generated: 1.1.4.148/30
2020-04-10 10:59:37.732 2286 RALLYDEBUG rally_openstack.wrappers.network [-] CIDR generated: 1.1.4.152/30
2020-04-10 10:59:37.750 2278 RALLYDEBUG rally_openstack.wrappers.network [-] CIDR generated: 1.1.4.156/30
2020-04-10 10:59:38.092 2281 RALLYDEBUG rally_openstack.wrappers.network [-] CIDR generated: 1.1.4.160/30
2020-04-10 10:59:38.097 2271 RALLYDEBUG rally_openstack.wrappers.network [-] CIDR generated: 1.1.4.164/30
2020-04-10 10:59:38.121 2306 RALLYDEBUG rally_openstack.wrappers.network [-] CIDR generated: 1.1.4.168/30
2020-04-10 10:59:38.558 2284 RALLYDEBUG rally_openstack.wrappers.network [-] CIDR generated: 1.1.4.172/30
2020-04-10 10:59:42.443 2274 RALLYDEBUG rally_openstack.wrappers.network [-] CIDR generated: 1.1.4.176/30
2020-04-10 10:59:42.576 2271 RALLYDEBUG rally_openstack.wrappers.network [-] CIDR generated: 1.1.4.180/30
2020-04-10 10:59:42.702 2296 RALLYDEBUG rally_openstack.wrappers.network [-] CIDR generated: 1.1.4.184/30
2020-04-10 10:59:42.709 2286 RALLYDEBUG rally_openstack.wrappers.network [-] CIDR generated: 1.1.4.188/30
2020-04-10 10:59:42.728 2313 RALLYDEBUG rally_openstack.wrappers.network [-] CIDR generated: 1.1.4.192/30
2020-04-10 10:59:42.902 2317 RALLYDEBUG rally_openstack.wrappers.network [-] CIDR generated: 1.1.4.196/30
2020-04-10 10:59:43.124 2320 RALLYDEBUG rally_openstack.wrappers.network [-] CIDR generated: 1.1.4.200/30
2020-04-10 10:59:43.165 2293 RALLYDEBUG rally_openstack.wrappers.network [-] CIDR generated: 1.1.4.204/30
2020-04-10 10:59:43.214 2287 RALLYDEBUG rally_openstack.wrappers.network [-] CIDR generated: 1.1.4.208/30
2020-04-10 10:59:43.347 2314 RALLYDEBUG rally_openstack.wrappers.network [-] CIDR generated: 1.1.4.212/30
2020-04-10 10:59:43.365 2300 RALLYDEBUG rally_openstack.wrappers.network [-] CIDR generated: 1.1.4.216/30
2020-04-10 10:59:43.387 2306 RALLYDEBUG rally_openstack.wrappers.network [-] CIDR generated: 1.1.4.220/30
2020-04-10 10:59:43.398 2270 RALLYDEBUG rally_openstack.wrappers.network [-] CIDR generated: 1.1.4.224/30
2020-04-10 10:59:43.415 2309 RALLYDEBUG rally_openstack.wrappers.network [-] CIDR generated: 1.1.4.228/30
2020-04-10 10:59:43.435 2278 RALLYDEBUG rally_openstack.wrappers.network [-] CIDR generated: 1.1.4.232/30
2020-04-10 10:59:43.452 2281 RALLYDEBUG rally_openstack.wrappers.network [-] CIDR generated: 1.1.4.236/30
2020-04-10 10:59:43.511 2269 RALLYDEBUG rally_openstack.wrappers.network [-] CIDR generated: 1.1.4.240/30
2020-04-10 10:59:43.722 2272 RALLYDEBUG rally_openstack.wrappers.network [-] CIDR generated: 1.1.4.244/30
2020-04-10 10:59:43.733 2299 RALLYDEBUG rally_openstack.wrappers.network [-] CIDR generated: 1.1.4.248/30
2020-04-10 10:59:43.854 2284 RALLYDEBUG rally_openstack.wrappers.network [-] CIDR generated: 1.1.4.252/30
2020-04-10 10:59:48.281 2296 INFO rally.task.runner [-] Task 95088a20-aa60-4c9d-8882-0f08436b7dfb | ITER: 12 END: OK
2020-04-10 10:59:48.286 2296 INFO rally.task.runner [-] Task 95088a20-aa60-4c9d-8882-0f08436b7dfb | ITER: 21 START
2020-04-10 10:59:48.287 2296 WARNING rally_openstack.scenarios.neutron.utils [-] Running this scenario without either the 'network' or 'existing_network' context is deprecated
2020-04-10 10:59:48.409 2317 INFO rally.task.runner [-] Task 95088a20-aa60-4c9d-8882-0f08436b7dfb | ITER: 19 END: OK
2020-04-10 10:59:48.415 2317 INFO rally.task.runner [-] Task 95088a20-aa60-4c9d-8882-0f08436b7dfb | ITER: 22 START
2020-04-10 10:59:48.415 2317 WARNING rally_openstack.scenarios.neutron.utils [-] Running this scenario without either the 'network' or 'existing_network' context is deprecated
2020-04-10 10:59:48.435 2271 INFO rally.task.runner [-] Task 95088a20-aa60-4c9d-8882-0f08436b7dfb | ITER: 3 END: OK
2020-04-10 10:59:48.440 2271 INFO rally.task.runner [-] Task 95088a20-aa60-4c9d-8882-0f08436b7dfb | ITER: 23 START
2020-04-10 10:59:48.441 2271 WARNING rally_openstack.scenarios.neutron.utils [-] Running this scenario without either the 'network' or 'existing_network' context is deprecated
2020-04-10 10:59:48.536 2313 INFO rally.task.runner [-] Task 95088a20-aa60-4c9d-8882-0f08436b7dfb | ITER: 17 END: OK
2020-04-10 10:59:48.540 2287 INFO rally.task.runner [-] Task 95088a20-aa60-4c9d-8882-0f08436b7dfb | ITER: 10 END: OK
2020-04-10 10:59:48.541 2313 INFO rally.task.runner [-] Task 95088a20-aa60-4c9d-8882-0f08436b7dfb | ITER: 24 START
2020-04-10 10:59:48.542 2313 WARNING rally_openstack.scenarios.neutron.utils [-] Running this scenario without either the 'network' or 'existing_network' context is deprecated
2020-04-10 10:59:48.545 2287 INFO rally.task.runner [-] Task 95088a20-aa60-4c9d-8882-0f08436b7dfb | ITER: 25 START
2020-04-10 10:59:48.546 2287 WARNING rally_openstack.scenarios.neutron.utils [-] Running this scenario without either the 'network' or 'existing_network' context is deprecated
2020-04-10 10:59:48.572 2293 INFO rally.task.runner [-] Task 95088a20-aa60-4c9d-8882-0f08436b7dfb | ITER: 11 END: OK
2020-04-10 10:59:48.577 2293 INFO rally.task.runner [-] Task 95088a20-aa60-4c9d-8882-0f08436b7dfb | ITER: 26 START
2020-04-10 10:59:48.578 2293 WARNING rally_openstack.scenarios.neutron.utils [-] Running this scenario without either the 'network' or 'existing_network' context is deprecated
2020-04-10 10:59:48.783 2274 INFO rally.task.runner [-] Task 95088a20-aa60-4c9d-8882-0f08436b7dfb | ITER: 5 END: OK
2020-04-10 10:59:48.788 2274 INFO rally.task.runner [-] Task 95088a20-aa60-4c9d-8882-0f08436b7dfb | ITER: 27 START
2020-04-10 10:59:48.789 2274 WARNING rally_openstack.scenarios.neutron.utils [-] Running this scenario without either the 'network' or 'existing_network' context is deprecated
2020-04-10 10:59:48.806 2296 RALLYDEBUG rally_openstack.wrappers.network [-] CIDR generated: 1.1.5.0/30
2020-04-10 10:59:48.879 2272 INFO rally.task.runner [-] Task 95088a20-aa60-4c9d-8882-0f08436b7dfb | ITER: 4 END: OK
2020-04-10 10:59:48.884 2272 INFO rally.task.runner [-] Task 95088a20-aa60-4c9d-8882-0f08436b7dfb | ITER: 28 START
2020-04-10 10:59:48.885 2272 WARNING rally_openstack.scenarios.neutron.utils [-] Running this scenario without either the 'network' or 'existing_network' context is deprecated
2020-04-10 10:59:49.068 2293 RALLYDEBUG rally_openstack.wrappers.network [-] CIDR generated: 1.1.5.4/30
2020-04-10 10:59:49.137 2299 INFO rally.task.runner [-] Task 95088a20-aa60-4c9d-8882-0f08436b7dfb | ITER: 13 END: OK
2020-04-10 10:59:49.142 2299 INFO rally.task.runner [-] Task 95088a20-aa60-4c9d-8882-0f08436b7dfb | ITER: 29 START
2020-04-10 10:59:49.143 2299 WARNING rally_openstack.scenarios.neutron.utils [-] Running this scenario without either the 'network' or 'existing_network' context is deprecated
2020-04-10 10:59:49.454 2271 RALLYDEBUG rally_openstack.wrappers.network [-] CIDR generated: 1.1.5.8/30
2020-04-10 10:59:49.712 2274 RALLYDEBUG rally_openstack.wrappers.network [-] CIDR generated: 1.1.5.12/30
2020-04-10 10:59:49.744 2286 INFO rally.task.runner [-] Task 95088a20-aa60-4c9d-8882-0f08436b7dfb | ITER: 9 END: OK
2020-04-10 10:59:49.745 2309 INFO rally.task.runner [-] Task 95088a20-aa60-4c9d-8882-0f08436b7dfb | ITER: 16 END: OK
2020-04-10 10:59:49.749 2286 INFO rally.task.runner [-] Task 95088a20-aa60-4c9d-8882-0f08436b7dfb | ITER: 30 START
2020-04-10 10:59:49.749 2286 WARNING rally_openstack.scenarios.neutron.utils [-] Running this scenario without either the 'network' or 'existing_network' context is deprecated
2020-04-10 10:59:49.750 2309 INFO rally.task.runner [-] Task 95088a20-aa60-4c9d-8882-0f08436b7dfb | ITER: 31 START
2020-04-10 10:59:49.751 2309 WARNING rally_openstack.scenarios.neutron.utils [-] Running this scenario without either the 'network' or 'existing_network' context is deprecated
2020-04-10 10:59:49.884 2317 RALLYDEBUG rally_openstack.wrappers.network [-] CIDR generated: 1.1.5.16/30
2020-04-10 10:59:49.960 2270 INFO rally.task.runner [-] Task 95088a20-aa60-4c9d-8882-0f08436b7dfb | ITER: 2 END: OK
2020-04-10 10:59:49.964 2270 INFO rally.task.runner [-] Task 95088a20-aa60-4c9d-8882-0f08436b7dfb | ITER: 32 START
2020-04-10 10:59:49.965 2270 WARNING rally_openstack.scenarios.neutron.utils [-] Running this scenario without either the 'network' or 'existing_network' context is deprecated
2020-04-10 10:59:49.985 2299 RALLYDEBUG rally_openstack.wrappers.network [-] CIDR generated: 1.1.5.20/30
2020-04-10 10:59:50.062 2313 RALLYDEBUG rally_openstack.wrappers.network [-] CIDR generated: 1.1.5.24/30
2020-04-10 10:59:50.096 2287 RALLYDEBUG rally_openstack.wrappers.network [-] CIDR generated: 1.1.5.28/30
2020-04-10 10:59:50.249 2278 INFO rally.task.runner [-] Task 95088a20-aa60-4c9d-8882-0f08436b7dfb | ITER: 6 END: OK
2020-04-10 10:59:50.253 2278 INFO rally.task.runner [-] Task 95088a20-aa60-4c9d-8882-0f08436b7dfb | ITER: 33 START
2020-04-10 10:59:50.254 2278 WARNING rally_openstack.scenarios.neutron.utils [-] Running this scenario without either the 'network' or 'existing_network' context is deprecated
2020-04-10 10:59:50.273 2284 INFO rally.task.runner [-] Task 95088a20-aa60-4c9d-8882-0f08436b7dfb | ITER: 8 END: OK
2020-04-10 10:59:50.278 2284 INFO rally.task.runner [-] Task 95088a20-aa60-4c9d-8882-0f08436b7dfb | ITER: 34 START
2020-04-10 10:59:50.278 2284 WARNING rally_openstack.scenarios.neutron.utils [-] Running this scenario without either the 'network' or 'existing_network' context is deprecated
2020-04-10 10:59:50.299 2272 RALLYDEBUG rally_openstack.wrappers.network [-] CIDR generated: 1.1.5.32/30
2020-04-10 10:59:50.358 2281 INFO rally.task.runner [-] Task 95088a20-aa60-4c9d-8882-0f08436b7dfb | ITER: 7 END: OK
2020-04-10 10:59:50.363 2281 INFO rally.task.runner [-] Task 95088a20-aa60-4c9d-8882-0f08436b7dfb | ITER: 35 START
2020-04-10 10:59:50.364 2281 WARNING rally_openstack.scenarios.neutron.utils [-] Running this scenario without either the 'network' or 'existing_network' context is deprecated
2020-04-10 10:59:50.386 2306 INFO rally.task.runner [-] Task 95088a20-aa60-4c9d-8882-0f08436b7dfb | ITER: 15 END: OK
2020-04-10 10:59:50.391 2306 INFO rally.task.runner [-] Task 95088a20-aa60-4c9d-8882-0f08436b7dfb | ITER: 36 START
2020-04-10 10:59:50.392 2306 WARNING rally_openstack.scenarios.neutron.utils [-] Running this scenario without either the 'network' or 'existing_network' context is deprecated
2020-04-10 10:59:50.477 2286 RALLYDEBUG rally_openstack.wrappers.network [-] CIDR generated: 1.1.5.36/30
2020-04-10 10:59:50.552 2320 INFO rally.task.runner [-] Task 95088a20-aa60-4c9d-8882-0f08436b7dfb | ITER: 20 END: OK
2020-04-10 10:59:50.557 2320 INFO rally.task.runner [-] Task 95088a20-aa60-4c9d-8882-0f08436b7dfb | ITER: 37 START
2020-04-10 10:59:50.557 2320 WARNING rally_openstack.scenarios.neutron.utils [-] Running this scenario without either the 'network' or 'existing_network' context is deprecated
2020-04-10 10:59:51.384 2269 INFO rally.task.runner [-] Task 95088a20-aa60-4c9d-8882-0f08436b7dfb | ITER: 1 END: OK
2020-04-10 10:59:51.389 2269 INFO rally.task.runner [-] Task 95088a20-aa60-4c9d-8882-0f08436b7dfb | ITER: 38 START
2020-04-10 10:59:51.390 2269 WARNING rally_openstack.scenarios.neutron.utils [-] Running this scenario without either the 'network' or 'existing_network' context is deprecated
2020-04-10 10:59:52.039 2293 RALLYDEBUG rally_openstack.wrappers.network [-] CIDR generated: 1.1.5.40/30
2020-04-10 10:59:52.131 2300 INFO rally.task.runner [-] Task 95088a20-aa60-4c9d-8882-0f08436b7dfb | ITER: 14 END: OK
2020-04-10 10:59:52.136 2300 INFO rally.task.runner [-] Task 95088a20-aa60-4c9d-8882-0f08436b7dfb | ITER: 39 START
2020-04-10 10:59:52.137 2300 WARNING rally_openstack.scenarios.neutron.utils [-] Running this scenario without either the 'network' or 'existing_network' context is deprecated
