2020-04-10 10:58:15.045 1829 RALLYDEBUG rally_openstack.wrappers.network [-] CIDR generated: 1.223.0.0/16
2020-04-10 10:58:15.372 1816 INFO rally.task.runner [-] Task 95088a20-aa60-4c9d-8882-0f08436b7dfb | ITER: 53 END: OK
2020-04-10 10:58:15.378 1816 INFO rally.task.runner [-] Task 95088a20-aa60-4c9d-8882-0f08436b7dfb | ITER: 73 START
2020-04-10 10:58:15.431 1832 RALLYDEBUG rally_openstack.wrappers.network [-] CIDR generated: 1.224.0.0/16
2020-04-10 10:58:15.503 1838 INFO rally.task.runner [-] Task 95088a20-aa60-4c9d-8882-0f08436b7dfb | ITER: 55 END: OK
2020-04-10 10:58:15.509 1838 INFO rally.task.runner [-] Task 95088a20-aa60-4c9d-8882-0f08436b7dfb | ITER: 74 START
2020-04-10 10:58:15.655 1849 INFO rally.task.runner [-] Task 95088a20-aa60-4c9d-8882-0f08436b7dfb | ITER: 54 END: OK
2020-04-10 10:58:15.661 1849 INFO rally.task.runner [-] Task 95088a20-aa60-4c9d-8882-0f08436b7dfb | ITER: 75 START
2020-04-10 10:58:15.801 1857 INFO rally.task.runner [-] Task 95088a20-aa60-4c9d-8882-0f08436b7dfb | ITER: 58 END: OK
2020-04-10 10:58:15.807 1857 INFO rally.task.runner [-] Task 95088a20-aa60-4c9d-8882-0f08436b7dfb | ITER: 76 START
2020-04-10 10:58:16.114 1810 INFO rally.task.runner [-] Task 95088a20-aa60-4c9d-8882-0f08436b7dfb | ITER: 57 END: OK
2020-04-10 10:58:16.120 1810 INFO rally.task.runner [-] Task 95088a20-aa60-4c9d-8882-0f08436b7dfb | ITER: 77 START
2020-04-10 10:58:16.131 1816 RALLYDEBUG rally_openstack.wrappers.network [-] CIDR generated: 1.225.0.0/16
2020-04-10 10:58:16.329 1821 INFO rally.task.runner [-] Task 95088a20-aa60-4c9d-8882-0f08436b7dfb | ITER: 56 END: OK
2020-04-10 10:58:16.334 1821 INFO rally.task.runner [-] Task 95088a20-aa60-4c9d-8882-0f08436b7dfb | ITER: 78 START
2020-04-10 10:58:16.738 1809 INFO rally.task.runner [-] Task 95088a20-aa60-4c9d-8882-0f08436b7dfb | ITER: 61 END: OK
2020-04-10 10:58:16.744 1809 INFO rally.task.runner [-] Task 95088a20-aa60-4c9d-8882-0f08436b7dfb | ITER: 79 START
2020-04-10 10:58:16.774 1841 INFO rally.task.runner [-] Task 95088a20-aa60-4c9d-8882-0f08436b7dfb | ITER: 60 END: OK
2020-04-10 10:58:16.780 1841 INFO rally.task.runner [-] Task 95088a20-aa60-4c9d-8882-0f08436b7dfb | ITER: 80 START
2020-04-10 10:58:16.951 1838 RALLYDEBUG rally_openstack.wrappers.network [-] CIDR generated: 1.226.0.0/16
2020-04-10 10:58:17.025 1807 RALLYDEBUG rally_openstack.wrappers.network [-] CIDR generated: 1.227.0.0/16
2020-04-10 10:58:17.103 1829 RALLYDEBUG rally_openstack.wrappers.network [-] CIDR generated: 1.228.0.0/16
2020-04-10 10:58:17.497 1849 RALLYDEBUG rally_openstack.wrappers.network [-] CIDR generated: 1.229.0.0/16
2020-04-10 10:58:17.670 1844 INFO rally.task.runner [-] Task 95088a20-aa60-4c9d-8882-0f08436b7dfb | ITER: 59 END: OK
2020-04-10 10:58:17.677 1844 INFO rally.task.runner [-] Task 95088a20-aa60-4c9d-8882-0f08436b7dfb | ITER: 81 START
2020-04-10 10:58:17.691 1857 RALLYDEBUG rally_openstack.wrappers.network [-] CIDR generated: 1.230.0.0/16
2020-04-10 10:58:18.012 1808 INFO rally.task.runner [-] Task 95088a20-aa60-4c9d-8882-0f08436b7dfb | ITER: 64 END: OK
2020-04-10 10:58:18.018 1808 INFO rally.task.runner [-] Task 95088a20-aa60-4c9d-8882-0f08436b7dfb | ITER: 82 START
2020-04-10 10:58:18.093 1821 RALLYDEBUG rally_openstack.wrappers.network [-] CIDR generated: 1.231.0.0/16
2020-04-10 10:58:18.319 1847 INFO rally.task.runner [-] Task 95088a20-aa60-4c9d-8882-0f08436b7dfb | ITER: 63 END: OK
2020-04-10 10:58:18.325 1847 INFO rally.task.runner [-] Task 95088a20-aa60-4c9d-8882-0f08436b7dfb | ITER: 83 START
2020-04-10 10:58:18.673 1841 RALLYDEBUG rally_openstack.wrappers.network [-] CIDR generated: 1.232.0.0/16
2020-04-10 10:58:18.688 1810 RALLYDEBUG rally_openstack.wrappers.network [-] CIDR generated: 1.233.0.0/16
2020-04-10 10:58:18.922 1811 INFO rally.task.runner [-] Task 95088a20-aa60-4c9d-8882-0f08436b7dfb | ITER: 62 END: OK
2020-04-10 10:58:18.928 1811 INFO rally.task.runner [-] Task 95088a20-aa60-4c9d-8882-0f08436b7dfb | ITER: 84 START
2020-04-10 10:58:19.201 1824 INFO rally.task.runner [-] Task 95088a20-aa60-4c9d-8882-0f08436b7dfb | ITER: 66 END: OK
2020-04-10 10:58:19.204 1809 RALLYDEBUG rally_openstack.wrappers.network [-] CIDR generated: 1.234.0.0/16
2020-04-10 10:58:19.209 1824 INFO rally.task.runner [-] Task 95088a20-aa60-4c9d-8882-0f08436b7dfb | ITER: 85 START
2020-04-10 10:58:19.264 1832 RALLYDEBUG rally_openstack.wrappers.network [-] CIDR generated: 1.235.0.0/16
2020-04-10 10:58:19.282 1816 RALLYDEBUG rally_openstack.wrappers.network [-] CIDR generated: 1.236.0.0/16
2020-04-10 10:58:19.673 1844 RALLYDEBUG rally_openstack.wrappers.network [-] CIDR generated: 1.237.0.0/16
2020-04-10 10:58:19.713 1808 RALLYDEBUG rally_openstack.wrappers.network [-] CIDR generated: 1.238.0.0/16
2020-04-10 10:58:19.955 1835 INFO rally.task.runner [-] Task 95088a20-aa60-4c9d-8882-0f08436b7dfb | ITER: 65 END: OK
2020-04-10 10:58:19.962 1835 INFO rally.task.runner [-] Task 95088a20-aa60-4c9d-8882-0f08436b7dfb | ITER: 86 START
2020-04-10 10:58:19.975 1854 INFO rally.task.runner [-] Task 95088a20-aa60-4c9d-8882-0f08436b7dfb | ITER: 69 END: OK
2020-04-10 10:58:19.984 1854 INFO rally.task.runner [-] Task 95088a20-aa60-4c9d-8882-0f08436b7dfb | ITER: 87 START
2020-04-10 10:58:20.076 1847 RALLYDEBUG rally_openstack.wrappers.network [-] CIDR generated: 1.239.0.0/16
2020-04-10 10:58:20.591 1819 INFO rally.task.runner [-] Task 95088a20-aa60-4c9d-8882-0f08436b7dfb | ITER: 68 END: OK
2020-04-10 10:58:20.599 1819 INFO rally.task.runner [-] Task 95088a20-aa60-4c9d-8882-0f08436b7dfb | ITER: 88 START
2020-04-10 10:58:20.703 1811 RALLYDEBUG rally_openstack.wrappers.network [-] CIDR generated: 1.240.0.0/16
2020-04-10 10:58:21.034 1824 RALLYDEBUG rally_openstack.wrappers.network [-] CIDR generated: 1.241.0.0/16
2020-04-10 10:58:21.489 1814 INFO rally.task.runner [-] Task 95088a20-aa60-4c9d-8882-0f08436b7dfb | ITER: 67 END: OK
2020-04-10 10:58:21.496 1814 INFO rally.task.runner [-] Task 95088a20-aa60-4c9d-8882-0f08436b7dfb | ITER: 89 START
2020-04-10 10:58:21.931 1838 RALLYDEBUG rally_openstack.wrappers.network [-] CIDR generated: 1.242.0.0/16
2020-04-10 10:58:22.286 1807 INFO rally.task.runner [-] Task 95088a20-aa60-4c9d-8882-0f08436b7dfb | ITER: 70 END: OK
2020-04-10 10:58:22.292 1807 INFO rally.task.runner [-] Task 95088a20-aa60-4c9d-8882-0f08436b7dfb | ITER: 90 START
2020-04-10 10:58:23.115 1835 RALLYDEBUG rally_openstack.wrappers.network [-] CIDR generated: 1.243.0.0/16
2020-04-10 10:58:23.131 1854 RALLYDEBUG rally_openstack.wrappers.network [-] CIDR generated: 1.244.0.0/16
2020-04-10 10:58:23.620 1829 INFO rally.task.runner [-] Task 95088a20-aa60-4c9d-8882-0f08436b7dfb | ITER: 71 END: OK
2020-04-10 10:58:23.627 1829 INFO rally.task.runner [-] Task 95088a20-aa60-4c9d-8882-0f08436b7dfb | ITER: 91 START
2020-04-10 10:58:23.700 1819 RALLYDEBUG rally_openstack.wrappers.network [-] CIDR generated: 1.245.0.0/16
2020-04-10 10:58:23.777 1821 RALLYDEBUG rally_openstack.wrappers.network [-] CIDR generated: 1.246.0.0/16
2020-04-10 10:58:24.628 1857 RALLYDEBUG rally_openstack.wrappers.network [-] CIDR generated: 1.247.0.0/16
2020-04-10 10:58:24.676 1814 RALLYDEBUG rally_openstack.wrappers.network [-] CIDR generated: 1.248.0.0/16
2020-04-10 10:58:24.845 1810 RALLYDEBUG rally_openstack.wrappers.network [-] CIDR generated: 1.249.0.0/16
2020-04-10 10:58:24.847 1807 RALLYDEBUG rally_openstack.wrappers.network [-] CIDR generated: 1.250.0.0/16
2020-04-10 10:58:24.892 1849 RALLYDEBUG rally_openstack.wrappers.network [-] CIDR generated: 1.251.0.0/16
2020-04-10 10:58:24.906 1841 RALLYDEBUG rally_openstack.wrappers.network [-] CIDR generated: 1.252.0.0/16
2020-04-10 10:58:25.030 1844 RALLYDEBUG rally_openstack.wrappers.network [-] CIDR generated: 1.253.0.0/16
2020-04-10 10:58:25.043 1829 RALLYDEBUG rally_openstack.wrappers.network [-] CIDR generated: 1.254.0.0/16
2020-04-10 10:58:25.071 1832 INFO rally.task.runner [-] Task 95088a20-aa60-4c9d-8882-0f08436b7dfb | ITER: 72 END: OK
2020-04-10 10:58:25.078 1832 INFO rally.task.runner [-] Task 95088a20-aa60-4c9d-8882-0f08436b7dfb | ITER: 92 START
2020-04-10 10:58:25.119 1809 RALLYDEBUG rally_openstack.wrappers.network [-] CIDR generated: 1.255.0.0/16
2020-04-10 10:58:25.230 1808 RALLYDEBUG rally_openstack.wrappers.network [-] CIDR generated: 2.0.0.0/16
2020-04-10 10:58:25.274 1835 RALLYDEBUG rally_openstack.wrappers.network [-] CIDR generated: 2.1.0.0/16
2020-04-10 10:58:25.287 1811 RALLYDEBUG rally_openstack.wrappers.network [-] CIDR generated: 2.2.0.0/16
2020-04-10 10:58:25.347 1847 RALLYDEBUG rally_openstack.wrappers.network [-] CIDR generated: 2.3.0.0/16
2020-04-10 10:58:25.396 1824 RALLYDEBUG rally_openstack.wrappers.network [-] CIDR generated: 2.4.0.0/16
2020-04-10 10:58:25.417 1854 RALLYDEBUG rally_openstack.wrappers.network [-] CIDR generated: 2.5.0.0/16
2020-04-10 10:58:25.595 1814 RALLYDEBUG rally_openstack.wrappers.network [-] CIDR generated: 2.6.0.0/16
2020-04-10 10:58:26.047 1832 RALLYDEBUG rally_openstack.wrappers.network [-] CIDR generated: 2.7.0.0/16
2020-04-10 10:58:26.204 1807 RALLYDEBUG rally_openstack.wrappers.network [-] CIDR generated: 2.8.0.0/16
2020-04-10 10:58:26.213 1819 RALLYDEBUG rally_openstack.wrappers.network [-] CIDR generated: 2.9.0.0/16
2020-04-10 10:58:27.288 1838 INFO rally.task.runner [-] Task 95088a20-aa60-4c9d-8882-0f08436b7dfb | ITER: 74 END: OK
2020-04-10 10:58:27.294 1838 INFO rally.task.runner [-] Task 95088a20-aa60-4c9d-8882-0f08436b7dfb | ITER: 93 START
2020-04-10 10:58:27.392 1829 RALLYDEBUG rally_openstack.wrappers.network [-] CIDR generated: 2.10.0.0/16
2020-04-10 10:58:27.631 1832 RALLYDEBUG rally_openstack.wrappers.network [-] CIDR generated: 2.11.0.0/16
2020-04-10 10:58:27.647 1816 INFO rally.task.runner [-] Task 95088a20-aa60-4c9d-8882-0f08436b7dfb | ITER: 73 END: OK
2020-04-10 10:58:27.655 1816 INFO rally.task.runner [-] Task 95088a20-aa60-4c9d-8882-0f08436b7dfb | ITER: 94 START
2020-04-10 10:58:28.189 1854 INFO rally.task.runner [-] Task 95088a20-aa60-4c9d-8882-0f08436b7dfb | ITER: 87 END: OK
2020-04-10 10:58:28.195 1854 INFO rally.task.runner [-] Task 95088a20-aa60-4c9d-8882-0f08436b7dfb | ITER: 95 START
2020-04-10 10:58:28.222 1838 RALLYDEBUG rally_openstack.wrappers.network [-] CIDR generated: 2.12.0.0/16
2020-04-10 10:58:28.849 1857 INFO rally.task.runner [-] Task 95088a20-aa60-4c9d-8882-0f08436b7dfb | ITER: 76 END: OK
2020-04-10 10:58:28.856 1857 INFO rally.task.runner [-] Task 95088a20-aa60-4c9d-8882-0f08436b7dfb | ITER: 96 START
2020-04-10 10:58:29.094 1816 RALLYDEBUG rally_openstack.wrappers.network [-] CIDR generated: 2.13.0.0/16
2020-04-10 10:58:29.140 1844 INFO rally.task.runner [-] Task 95088a20-aa60-4c9d-8882-0f08436b7dfb | ITER: 81 END: OK
2020-04-10 10:58:29.147 1844 INFO rally.task.runner [-] Task 95088a20-aa60-4c9d-8882-0f08436b7dfb | ITER: 97 START
2020-04-10 10:58:29.560 1847 INFO rally.task.runner [-] Task 95088a20-aa60-4c9d-8882-0f08436b7dfb | ITER: 83 END: OK
2020-04-10 10:58:29.566 1847 INFO rally.task.runner [-] Task 95088a20-aa60-4c9d-8882-0f08436b7dfb | ITER: 98 START
2020-04-10 10:58:29.640 1854 RALLYDEBUG rally_openstack.wrappers.network [-] CIDR generated: 2.14.0.0/16
2020-04-10 10:58:29.747 1810 INFO rally.task.runner [-] Task 95088a20-aa60-4c9d-8882-0f08436b7dfb | ITER: 77 END: OK
2020-04-10 10:58:29.754 1810 INFO rally.task.runner [-] Task 95088a20-aa60-4c9d-8882-0f08436b7dfb | ITER: 99 START
2020-04-10 10:58:29.795 1807 INFO rally.task.runner [-] Task 95088a20-aa60-4c9d-8882-0f08436b7dfb | ITER: 90 END: OK
2020-04-10 10:58:29.801 1807 INFO rally.task.runner [-] Task 95088a20-aa60-4c9d-8882-0f08436b7dfb | ITER: 100 START
2020-04-10 10:58:29.898 1808 INFO rally.task.runner [-] Task 95088a20-aa60-4c9d-8882-0f08436b7dfb | ITER: 82 END: OK
2020-04-10 10:58:30.271 1821 INFO rally.task.runner [-] Task 95088a20-aa60-4c9d-8882-0f08436b7dfb | ITER: 78 END: OK
2020-04-10 10:58:30.286 1811 INFO rally.task.runner [-] Task 95088a20-aa60-4c9d-8882-0f08436b7dfb | ITER: 84 END: OK
2020-04-10 10:58:30.465 1857 RALLYDEBUG rally_openstack.wrappers.network [-] CIDR generated: 2.15.0.0/16
2020-04-10 10:58:30.765 1835 INFO rally.task.runner [-] Task 95088a20-aa60-4c9d-8882-0f08436b7dfb | ITER: 86 END: OK
2020-04-10 10:58:30.879 1809 INFO rally.task.runner [-] Task 95088a20-aa60-4c9d-8882-0f08436b7dfb | ITER: 79 END: OK
2020-04-10 10:58:31.103 1844 RALLYDEBUG rally_openstack.wrappers.network [-] CIDR generated: 2.16.0.0/16
2020-04-10 10:58:31.181 1819 INFO rally.task.runner [-] Task 95088a20-aa60-4c9d-8882-0f08436b7dfb | ITER: 88 END: OK
2020-04-10 10:58:31.301 1824 INFO rally.task.runner [-] Task 95088a20-aa60-4c9d-8882-0f08436b7dfb | ITER: 85 END: OK
2020-04-10 10:58:31.304 1841 INFO rally.task.runner [-] Task 95088a20-aa60-4c9d-8882-0f08436b7dfb | ITER: 80 END: OK
2020-04-10 10:58:31.330 1814 INFO rally.task.runner [-] Task 95088a20-aa60-4c9d-8882-0f08436b7dfb | ITER: 89 END: OK
2020-04-10 10:58:31.334 1849 INFO rally.task.runner [-] Task 95088a20-aa60-4c9d-8882-0f08436b7dfb | ITER: 75 END: OK
2020-04-10 10:58:31.362 1847 RALLYDEBUG rally_openstack.wrappers.network [-] CIDR generated: 2.17.0.0/16
2020-04-10 10:58:31.654 1807 RALLYDEBUG rally_openstack.wrappers.network [-] CIDR generated: 2.18.0.0/16
2020-04-10 10:58:31.764 1810 RALLYDEBUG rally_openstack.wrappers.network [-] CIDR generated: 2.19.0.0/16
2020-04-10 10:58:31.844 1816 RALLYDEBUG rally_openstack.wrappers.network [-] CIDR generated: 2.20.0.0/16
2020-04-10 10:58:32.046 1838 RALLYDEBUG rally_openstack.wrappers.network [-] CIDR generated: 2.21.0.0/16
2020-04-10 10:58:32.310 1829 INFO rally.task.runner [-] Task 95088a20-aa60-4c9d-8882-0f08436b7dfb | ITER: 91 END: OK
2020-04-10 10:58:32.313 1854 RALLYDEBUG rally_openstack.wrappers.network [-] CIDR generated: 2.22.0.0/16
2020-04-10 10:58:32.380 1857 RALLYDEBUG rally_openstack.wrappers.network [-] CIDR generated: 2.23.0.0/16
2020-04-10 10:58:32.640 1807 RALLYDEBUG rally_openstack.wrappers.network [-] CIDR generated: 2.24.0.0/16
2020-04-10 10:58:32.684 1847 RALLYDEBUG rally_openstack.wrappers.network [-] CIDR generated: 2.25.0.0/16
2020-04-10 10:58:32.722 1844 RALLYDEBUG rally_openstack.wrappers.network [-] CIDR generated: 2.26.0.0/16
2020-04-10 10:58:33.004 1832 INFO rally.task.runner [-] Task 95088a20-aa60-4c9d-8882-0f08436b7dfb | ITER: 92 END: OK
2020-04-10 10:58:33.793 1810 RALLYDEBUG rally_openstack.wrappers.network [-] CIDR generated: 2.27.0.0/16
2020-04-10 10:58:36.645 1854 INFO rally.task.runner [-] Task 95088a20-aa60-4c9d-8882-0f08436b7dfb | ITER: 95 END: OK
2020-04-10 10:58:36.683 1816 INFO rally.task.runner [-] Task 95088a20-aa60-4c9d-8882-0f08436b7dfb | ITER: 94 END: OK
2020-04-10 10:58:36.894 1838 INFO rally.task.runner [-] Task 95088a20-aa60-4c9d-8882-0f08436b7dfb | ITER: 93 END: OK
2020-04-10 10:58:36.981 1807 INFO rally.task.runner [-] Task 95088a20-aa60-4c9d-8882-0f08436b7dfb | ITER: 100 END: OK
2020-04-10 10:58:37.246 1844 INFO rally.task.runner [-] Task 95088a20-aa60-4c9d-8882-0f08436b7dfb | ITER: 97 END: OK
2020-04-10 10:58:37.659 1857 INFO rally.task.runner [-] Task 95088a20-aa60-4c9d-8882-0f08436b7dfb | ITER: 96 END: OK
2020-04-10 10:58:37.826 1810 INFO rally.task.runner [-] Task 95088a20-aa60-4c9d-8882-0f08436b7dfb | ITER: 99 END: OK
2020-04-10 10:58:37.862 1847 INFO rally.task.runner [-] Task 95088a20-aa60-4c9d-8882-0f08436b7dfb | ITER: 98 END: OK
2020-04-10 10:58:37.885 15 INFO rally.task.context [-] Task 95088a20-aa60-4c9d-8882-0f08436b7dfb | Context cleanup@openstack cleanup() started
2020-04-10 10:58:37.888 15 RALLYDEBUG rally_openstack.cleanup.manager [-] Cleaning up neutron vip objects
2020-04-10 10:58:38.075 15 RALLYDEBUG rally_openstack.cleanup.manager [-] Cleaning up neutron health_monitor objects
2020-04-10 10:58:38.246 15 RALLYDEBUG rally_openstack.cleanup.manager [-] Cleaning up neutron pool objects
2020-04-10 10:58:38.420 15 RALLYDEBUG rally_openstack.cleanup.manager [-] Cleaning up neutron loadbalancer objects
2020-04-10 10:58:38.584 15 RALLYDEBUG rally_openstack.cleanup.manager [-] Cleaning up neutron floatingip objects
2020-04-10 10:58:38.781 15 RALLYDEBUG rally_openstack.cleanup.manager [-] Cleaning up neutron trunk objects
2020-04-10 10:58:38.944 15 DEBUG neutronclient.v2_0.client [-] Error message: {"NeutronError": {"message": "Invalid input for operation: 'tenant_id' is not supported for filtering.", "type": "InvalidInput", "detail": ""}} _handle_fault_response /usr/lib/python2.7/site-packages/neutronclient/v2_0/client.py:259
2020-04-10 10:58:38.967 15 DEBUG neutronclient.v2_0.client [-] Error message: {"NeutronError": {"message": "Invalid input for operation: 'tenant_id' is not supported for filtering.", "type": "InvalidInput", "detail": ""}} _handle_fault_response /usr/lib/python2.7/site-packages/neutronclient/v2_0/client.py:259
2020-04-10 10:58:38.993 15 DEBUG neutronclient.v2_0.client [-] Error message: {"NeutronError": {"message": "Invalid input for operation: 'tenant_id' is not supported for filtering.", "type": "InvalidInput", "detail": ""}} _handle_fault_response /usr/lib/python2.7/site-packages/neutronclient/v2_0/client.py:259
2020-04-10 10:58:38.994 15 ERROR rally_openstack.cleanup.manager [-] Seems like rally_openstack.cleanup.resources.NeutronTrunk.list(self) method is broken. It shouldn't raise any exceptions.: BadRequest: Invalid input for operation: 'tenant_id' is not supported for filtering. Neutron server returns request_ids: ['req-a39d433a-4598-4ac3-9f0d-93032d9d07dd']
2020-04-10 10:58:38.994 15 ERROR rally_openstack.cleanup.manager
Traceback (most recent call last):
2020-04-10 10:58:38.994 15 ERROR rally_openstack.cleanup.manager
File "/usr/lib/python2.7/site-packages/rally_openstack/cleanup/manager.py", line 133, in _publish
2020-04-10 10:58:38.994 15 ERROR rally_openstack.cleanup.manager for raw_resource in rutils.retry(3, manager.list):
2020-04-10 10:58:38.994 15 ERROR rally_openstack.cleanup.manager
File "/usr/lib/python2.7/site-packages/rally/common/utils.py", line 230, in retry
2020-04-10 10:58:38.994 15 ERROR rally_openstack.cleanup.manager return func(*args, **kwargs)
2020-04-10 10:58:38.994 15 ERROR rally_openstack.cleanup.manager
File "/usr/lib/python2.7/site-packages/rally_openstack/cleanup/resources.py", line 396, in list
2020-04-10 10:58:38.994 15 ERROR rally_openstack.cleanup.manager return super(NeutronTrunk, self).list()
2020-04-10 10:58:38.994 15 ERROR rally_openstack.cleanup.manager
File "/usr/lib/python2.7/site-packages/rally_openstack/cleanup/resources.py", line 273, in list
2020-04-10 10:58:38.994 15 ERROR rally_openstack.cleanup.manager result = list_method(tenant_id=self.tenant_uuid)[resources]
2020-04-10 10:58:38.994 15 ERROR rally_openstack.cleanup.manager
File "/usr/lib/python2.7/site-packages/neutronclient/v2_0/client.py", line 2105, in list_trunks
2020-04-10 10:58:38.994 15 ERROR rally_openstack.cleanup.manager **_params)
2020-04-10 10:58:38.994 15 ERROR rally_openstack.cleanup.manager
File "/usr/lib/python2.7/site-packages/neutronclient/v2_0/client.py", line 369, in list
2020-04-10 10:58:38.994 15 ERROR rally_openstack.cleanup.manager for r in self._pagination(collection, path, **params):
2020-04-10 10:58:38.994 15 ERROR rally_openstack.cleanup.manager
File "/usr/lib/python2.7/site-packages/neutronclient/v2_0/client.py", line 384, in _pagination
2020-04-10 10:58:38.994 15 ERROR rally_openstack.cleanup.manager res = self.get(path, params=params)
2020-04-10 10:58:38.994 15 ERROR rally_openstack.cleanup.manager
File "/usr/lib/python2.7/site-packages/neutronclient/v2_0/client.py", line 354, in get
2020-04-10 10:58:38.994 15 ERROR rally_openstack.cleanup.manager headers=headers, params=params)
2020-04-10 10:58:38.994 15 ERROR rally_openstack.cleanup.manager
File "/usr/lib/python2.7/site-packages/neutronclient/v2_0/client.py", line 331, in retry_request
2020-04-10 10:58:38.994 15 ERROR rally_openstack.cleanup.manager headers=headers, params=params)
2020-04-10 10:58:38.994 15 ERROR rally_openstack.cleanup.manager
File "/usr/lib/python2.7/site-packages/neutronclient/v2_0/client.py", line 294, in do_request
2020-04-10 10:58:38.994 15 ERROR rally_openstack.cleanup.manager self._handle_fault_response(status_code, replybody, resp)
2020-04-10 10:58:38.994 15 ERROR rally_openstack.cleanup.manager
File "/usr/lib/python2.7/site-packages/neutronclient/v2_0/client.py", line 269, in _handle_fault_response
2020-04-10 10:58:38.994 15 ERROR rally_openstack.cleanup.manager exception_handler_v20(status_code, error_body)
2020-04-10 10:58:38.994 15 ERROR rally_openstack.cleanup.manager
File "/usr/lib/python2.7/site-packages/neutronclient/v2_0/client.py", line 93, in exception_handler_v20
2020-04-10 10:58:38.994 15 ERROR rally_openstack.cleanup.manager request_ids=request_ids)
2020-04-10 10:58:38.994 15 ERROR rally_openstack.cleanup.manager BadRequest: Invalid input for operation: 'tenant_id' is not supported for filtering.
2020-04-10 10:58:38.994 15 ERROR rally_openstack.cleanup.manager Neutron server returns request_ids: ['req-a39d433a-4598-4ac3-9f0d-93032d9d07dd']
2020-04-10 10:58:38.994 15 ERROR rally_openstack.cleanup.manager
2020-04-10 10:58:39.004 15 RALLYDEBUG rally_openstack.cleanup.manager [-] Cleaning up neutron port objects
2020-04-10 10:58:39.223 15 RALLYDEBUG rally_openstack.cleanup.manager [-] Cleaning up neutron subnet objects
2020-04-10 10:58:40.129 15 RALLYDEBUG rally_openstack.cleanup.manager [-] Deleting neutron.subnet object s_rally_4a993009_nZSm6aIl (046f2c4a-09a4-4893-b4bb-f6f2b904899b)
2020-04-10 10:58:40.132 15 RALLYDEBUG rally_openstack.cleanup.manager [-] Deleting neutron.subnet object s_rally_4a993009_o823hBbZ (027c30f2-2709-48b4-a7ec-fbbce6ed9c11)
2020-04-10 10:58:40.133 15 RALLYDEBUG rally_openstack.cleanup.manager [-] Deleting neutron.subnet object s_rally_4a993009_TDDHhMJN (0706e38c-d913-4879-9c66-e1616e4d024f)
2020-04-10 10:58:40.137 15 RALLYDEBUG rally_openstack.cleanup.manager [-] Deleting neutron.subnet object s_rally_4a993009_BZYqlkSU (04130b9c-c757-4eb5-ba8c-d2b8f9ec43a9)
2020-04-10 10:58:40.137 15 RALLYDEBUG rally_openstack.cleanup.manager [-] Deleting neutron.subnet object s_rally_4a993009_DrjfOycA (073f6328-7772-4742-aee8-452f26f0272e)
2020-04-10 10:58:40.145 15 RALLYDEBUG rally_openstack.cleanup.manager [-] Deleting neutron.subnet object s_rally_4a993009_3YlnGymC (053350e2-c721-4358-b388-0dd382f5c5f4)
2020-04-10 10:58:40.170 15 RALLYDEBUG rally_openstack.cleanup.manager [-] Deleting neutron.subnet object s_rally_4a993009_hgbcieVi (0860bd52-5038-4dd3-a78f-9b348f2cb301)
2020-04-10 10:58:40.183 15 RALLYDEBUG rally_openstack.cleanup.manager [-] Deleting neutron.subnet object s_rally_4a993009_hjQVbUQP (085e8581-d383-48b4-b7b5-fd9a0e718851)
2020-04-10 10:58:40.217 15 RALLYDEBUG rally_openstack.cleanup.manager [-] Deleting neutron.subnet object s_rally_4a993009_nK45FUex (07f7d764-f95c-4a14-aedf-1458a002d78a)
2020-04-10 10:58:40.223 15 RALLYDEBUG rally_openstack.cleanup.manager [-] Deleting neutron.subnet object s_rally_4a993009_cCdEwIbG (09a53277-b7db-451e-a1ee-10dc755e5a35)
2020-04-10 10:58:40.220 15 RALLYDEBUG rally_openstack.cleanup.manager [-] Deleting neutron.subnet object s_rally_4a993009_nbg4bcUE (0910156e-2c69-4eda-a608-d7255c8bb7b9)
2020-04-10 10:58:40.234 15 RALLYDEBUG rally_openstack.cleanup.manager [-] Deleting neutron.subnet object s_rally_4a993009_Hvg4yX2f (0a9f6792-1924-42c5-a016-1b6b93d9a57b)
2020-04-10 10:58:40.248 15 RALLYDEBUG rally_openstack.cleanup.manager [-] Deleting neutron.subnet object s_rally_4a993009_7TpGpGSg (0bf41f97-3cdd-4cc2-a2dc-05549c7ddc53)
2020-04-10 10:58:40.265 15 RALLYDEBUG rally_openstack.cleanup.manager [-] Deleting neutron.subnet object s_rally_4a993009_8dZayie2 (0abf8623-5e3a-4cd6-8a7a-badc3b938e1f)
2020-04-10 10:58:40.269 15 RALLYDEBUG rally_openstack.cleanup.manager [-] Deleting neutron.subnet object s_rally_4a993009_VuH3tawU (1262976b-89f2-4c25-afd8-1b6dcf261fec)
2020-04-10 10:58:40.277 15 RALLYDEBUG rally_openstack.cleanup.manager [-] Deleting neutron.subnet object s_rally_4a993009_ua2GGG6J (0dcd5771-e071-42ae-a332-ebe68f4529d3)
2020-04-10 10:58:40.281 15 RALLYDEBUG rally_openstack.cleanup.manager [-] Deleting neutron.subnet object s_rally_4a993009_ATthvhYU (0ff80d36-eb6f-41c1-ac2e-16d8e9f0aca5)
2020-04-10 10:58:40.291 15 RALLYDEBUG rally_openstack.cleanup.manager [-] Deleting neutron.subnet object s_rally_4a993009_N6UT4WdY (1a50904c-66b3-4a6f-8e30-b48dfe0afb17)
2020-04-10 10:58:40.308 15 RALLYDEBUG rally_openstack.cleanup.manager [-] Deleting neutron.subnet object s_rally_4a993009_P99HGqNO (15908c63-e85b-43b7-ac52-32302527c7a7)
2020-04-10 10:58:40.312 15 RALLYDEBUG rally_openstack.cleanup.manager [-] Deleting neutron.subnet object s_rally_4a993009_5yse5kOD (19b89c05-b3d4-426f-8a1d-5f5b289ce263)
2020-04-10 10:58:42.775 15 RALLYDEBUG rally_openstack.cleanup.manager [-] Deleting neutron.subnet object s_rally_4a993009_Yp3weyaC (1a894b76-936a-4497-8683-d186bfa6b479)
2020-04-10 10:58:42.779 15 RALLYDEBUG rally_openstack.cleanup.manager [-] Deleting neutron.subnet object s_rally_4a993009_Agn2WHg7 (1c5a36fa-af2e-467e-b4b9-44a9dd04e528)
2020-04-10 10:58:42.869 15 RALLYDEBUG rally_openstack.cleanup.manager [-] Deleting neutron.subnet object s_rally_4a993009_BYgczEyJ (1f2c037f-db39-405c-9a74-4b982c608cf6)
2020-04-10 10:58:42.872 15 RALLYDEBUG rally_openstack.cleanup.manager [-] Deleting neutron.subnet object s_rally_4a993009_5XAvHi6k (1cb891f8-978f-4b10-88a2-a0f5d792ffbe)
2020-04-10 10:58:43.113 15 RALLYDEBUG rally_openstack.cleanup.manager [-] Deleting neutron.subnet object s_rally_4a993009_bajLRcxn (1fc5e2ce-94d1-43b0-a35a-3ca299fe5a52)
2020-04-10 10:58:43.117 15 RALLYDEBUG rally_openstack.cleanup.manager [-] Deleting neutron.subnet object s_rally_4a993009_jhyHTaZx (1ffc7861-3854-44a2-ab37-15c61e503bd6)
2020-04-10 10:58:43.150 15 RALLYDEBUG rally_openstack.cleanup.manager [-] Deleting neutron.subnet object s_rally_4a993009_kWMWmuzs (21f6edf1-1e20-416b-a08e-ff5756c11007)
2020-04-10 10:58:43.191 15 RALLYDEBUG rally_openstack.cleanup.manager [-] Deleting neutron.subnet object s_rally_4a993009_B97qVtfg (21fb6375-8180-4d86-a148-08627bf362f5)
2020-04-10 10:58:43.329 15 RALLYDEBUG rally_openstack.cleanup.manager [-] Deleting neutron.subnet object s_rally_4a993009_j9nGpHyq (232d957b-6f34-4aee-abb5-f7027742f7dd)
2020-04-10 10:58:43.356 15 RALLYDEBUG rally_openstack.cleanup.manager [-] Deleting neutron.subnet object s_rally_4a993009_JDcx5EbE (23ea33c1-468f-4a1b-bfb2-17305d9ff07c)
2020-04-10 10:58:43.480 15 RALLYDEBUG rally_openstack.cleanup.manager [-] Deleting neutron.subnet object s_rally_4a993009_TFK3tDVJ (24157da4-bc99-48fc-9fa3-5c297ad6508c)
2020-04-10 10:58:43.511 15 RALLYDEBUG rally_openstack.cleanup.manager [-] Deleting neutron.subnet object s_rally_4a993009_KwJeRfE8 (2437fd5c-6b4d-429c-9672-b2998ff09030)
2020-04-10 10:58:43.734 15 RALLYDEBUG rally_openstack.cleanup.manager [-] Deleting neutron.subnet object s_rally_4a993009_QjhbqbSk (27cb1421-0e00-4c26-bb30-462d5db04119)
2020-04-10 10:58:43.831 15 RALLYDEBUG rally_openstack.cleanup.manager [-] Deleting neutron.subnet object s_rally_4a993009_er7TwRsu (28a031d0-68bc-4fb5-858f-2510dfdc14ee)
2020-04-10 10:58:43.839 15 RALLYDEBUG rally_openstack.cleanup.manager [-] Deleting neutron.subnet object s_rally_4a993009_1muxd1R0 (28dd278c-f57a-4462-9dec-1f51f850e2ec)
2020-04-10 10:58:43.881 15 RALLYDEBUG rally_openstack.cleanup.manager [-] Deleting neutron.subnet object s_rally_4a993009_Jo2Z88vE (2a3e79ff-24bf-4dc6-9b24-0f0db7f6b979)
2020-04-10 10:58:44.462 15 RALLYDEBUG rally_openstack.cleanup.manager [-] Deleting neutron.subnet object s_rally_4a993009_DtkZwjpi (2aa78110-9b46-4b36-9e75-f30b5dbae67e)
2020-04-10 10:58:44.466 15 RALLYDEBUG rally_openstack.cleanup.manager [-] Deleting neutron.subnet object s_rally_4a993009_VPenNRpc (2b347908-290d-4058-b5fe-872f7538f3b8)
2020-04-10 10:58:44.476 15 RALLYDEBUG rally_openstack.cleanup.manager [-] Deleting neutron.subnet object s_rally_4a993009_wPudES1W (2babbac0-ff9b-4c15-a013-93ffbf7e7aac)
2020-04-10 10:58:44.926 15 RALLYDEBUG rally_openstack.cleanup.manager [-] Deleting neutron.subnet object s_rally_4a993009_Y7887GI1 (2cd4a2ad-370e-4c8c-8e10-c06f3431598a)
2020-04-10 10:58:45.182 15 RALLYDEBUG rally_openstack.cleanup.manager [-] Deleting neutron.subnet object s_rally_4a993009_eYFwY87X (2ff13f1e-15dc-46b8-9848-ca831c5d195e)
2020-04-10 10:58:45.248 15 RALLYDEBUG rally_openstack.cleanup.manager [-] Deleting neutron.subnet object s_rally_4a993009_HnOWCv2S (31a5e08a-f425-4d05-bef1-ed769a8c169f)
2020-04-10 10:58:45.458 15 RALLYDEBUG rally_openstack.cleanup.manager [-] Deleting neutron.subnet object s_rally_4a993009_f4JgezYt (323fa5eb-16b9-4884-804d-eba79de64bb3)
2020-04-10 10:58:45.474 15 RALLYDEBUG rally_openstack.cleanup.manager [-] Deleting neutron.subnet object s_rally_4a993009_QheCg4tt (32d21639-b607-41f9-b6ec-06c4159f1c56)
2020-04-10 10:58:45.520 15 RALLYDEBUG rally_openstack.cleanup.manager [-] Deleting neutron.subnet object s_rally_4a993009_Al6nW5Sn (330b0b79-aa07-4a60-932e-0b04d582c1dd)
2020-04-10 10:58:45.620 15 RALLYDEBUG rally_openstack.cleanup.manager [-] Deleting neutron.subnet object s_rally_4a993009_7iVMEdBH (33dbd31a-f0ab-4d98-aa26-62ccf298f66e)
2020-04-10 10:58:45.680 15 RALLYDEBUG rally_openstack.cleanup.manager [-] Deleting neutron.subnet object s_rally_4a993009_5FQPg4X3 (3448268e-27ac-4f3d-9a33-11762ba6a4a7)
2020-04-10 10:58:45.717 15 RALLYDEBUG rally_openstack.cleanup.manager [-] Deleting neutron.subnet object s_rally_4a993009_dOIHbYu7 (34b01919-3158-40bf-8ef3-32755d36b2cd)
2020-04-10 10:58:45.799 15 RALLYDEBUG rally_openstack.cleanup.manager [-] Deleting neutron.subnet object s_rally_4a993009_FdhTyCcm (38f767f8-8e1d-4eb4-803b-64bd8c55349e)
2020-04-10 10:58:46.071 15 RALLYDEBUG rally_openstack.cleanup.manager [-] Deleting neutron.subnet object s_rally_4a993009_TJh8HZuv (39feba36-62de-41db-9287-2741b5536914)
2020-04-10 10:58:46.079 15 RALLYDEBUG rally_openstack.cleanup.manager [-] Deleting neutron.subnet object s_rally_4a993009_RoYW8fW6 (3ac3bdeb-9ae4-4d28-93db-9cc3e771792c)
2020-04-10 10:58:46.244 15 RALLYDEBUG rally_openstack.cleanup.manager [-] Deleting neutron.subnet object s_rally_4a993009_g31DodQM (3c3c2efa-2cb1-40b8-a111-9bf7c3252e50)
2020-04-10 10:58:46.315 15 RALLYDEBUG rally_openstack.cleanup.manager [-] Deleting neutron.subnet object s_rally_4a993009_pde5ggKE (3e5d6910-b4f5-467d-b26b-1213f3811d84)
2020-04-10 10:58:46.387 15 RALLYDEBUG rally_openstack.cleanup.manager [-] Deleting neutron.subnet object s_rally_4a993009_6W6l0VMk (3eb63b60-6836-485e-b7fb-1c91933cc06f)
2020-04-10 10:58:46.824 15 RALLYDEBUG rally_openstack.cleanup.manager [-] Deleting neutron.subnet object s_rally_4a993009_31V3kEZt (3ed0198c-801a-4eed-90f6-13c6bc219a3e)
2020-04-10 10:58:47.420 15 RALLYDEBUG rally_openstack.cleanup.manager [-] Deleting neutron.subnet object s_rally_4a993009_dti68dG4 (3f4c87eb-d884-4f1a-9421-6bfdf076ce53)
2020-04-10 10:58:47.632 15 RALLYDEBUG rally_openstack.cleanup.manager [-] Deleting neutron.subnet object s_rally_4a993009_NPuDglu1 (404b7307-8c48-4d3b-99dc-a6e99ca9b94e)
2020-04-10 10:58:47.694 15 RALLYDEBUG rally_openstack.cleanup.manager [-] Deleting neutron.subnet object s_rally_4a993009_EcZIr7bH (42d3e8f2-5ba1-4c1a-bb5d-b654d0f76612)
2020-04-10 10:58:48.589 15 RALLYDEBUG rally_openstack.cleanup.manager [-] Deleting neutron.subnet object s_rally_4a993009_UMFjvQcW (436d2b04-9886-4623-b0bb-10b573d8d610)
2020-04-10 10:58:48.734 15 RALLYDEBUG rally_openstack.cleanup.manager [-] Deleting neutron.subnet object s_rally_4a993009_LyjzpnjE (4380b39d-8769-401d-8cb1-0d871342a2e4)
2020-04-10 10:58:48.763 15 RALLYDEBUG rally_openstack.cleanup.manager [-] Deleting neutron.subnet object s_rally_4a993009_OmcfNIO9 (453b62f2-c454-4049-89e1-4b1611257e19)
2020-04-10 10:58:48.818 15 RALLYDEBUG rally_openstack.cleanup.manager [-] Deleting neutron.subnet object s_rally_4a993009_lnYyJZK6 (473f7bd8-a0a7-480a-93a2-4cbe369fce83)
2020-04-10 10:58:48.934 15 RALLYDEBUG rally_openstack.cleanup.manager [-] Deleting neutron.subnet object s_rally_4a993009_G9DgKxA9 (474355f3-12ae-4039-836d-bb794d9001bd)
2020-04-10 10:58:48.971 15 RALLYDEBUG rally_openstack.cleanup.manager [-] Deleting neutron.subnet object s_rally_4a993009_nbPCNWfK (47cf620e-38ef-4afb-8442-e0c43811d346)
2020-04-10 10:58:48.994 15 RALLYDEBUG rally_openstack.cleanup.manager [-] Deleting neutron.subnet object s_rally_4a993009_ibnzGsvY (48014875-9da1-4525-ac40-491a61500013)
2020-04-10 10:58:49.131 15 RALLYDEBUG rally_openstack.cleanup.manager [-] Deleting neutron.subnet object s_rally_4a993009_iJzq8SRb (495973f8-6510-469a-977f-454e0d1ba3b3)
2020-04-10 10:58:49.140 15 RALLYDEBUG rally_openstack.cleanup.manager [-] Deleting neutron.subnet object s_rally_4a993009_noZbBQ1y (4994f00f-0641-47d5-96c8-a6764ef093f6)
2020-04-10 10:58:49.248 15 RALLYDEBUG rally_openstack.cleanup.manager [-] Deleting neutron.subnet object s_rally_4a993009_mluMXPD8 (4a4291cd-fa03-490b-a904-3e0821810615)
2020-04-10 10:58:49.271 15 RALLYDEBUG rally_openstack.cleanup.manager [-] Deleting neutron.subnet object s_rally_4a993009_VB1JuM5R (4d62f44b-d435-433f-87df-0f88eaab1d4a)
2020-04-10 10:58:49.298 15 RALLYDEBUG rally_openstack.cleanup.manager [-] Deleting neutron.subnet object s_rally_4a993009_jqYaNTaV (4e4b9601-79cf-41e8-9bc0-ac61f49d82d0)
2020-04-10 10:58:49.363 15 RALLYDEBUG rally_openstack.cleanup.manager [-] Deleting neutron.subnet object s_rally_4a993009_CZpv7G04 (4fcf6305-9f53-46d2-97f2-f51cbf89ece8)
2020-04-10 10:58:49.513 15 RALLYDEBUG rally_openstack.cleanup.manager [-] Deleting neutron.subnet object s_rally_4a993009_Su1HNtEo (562b0f45-791b-483a-81a3-61b579c6bd20)
2020-04-10 10:58:49.519 15 RALLYDEBUG rally_openstack.cleanup.manager [-] Deleting neutron.subnet object s_rally_4a993009_sBnaJt3N (509d4a9a-af1b-46a2-826e-f298ae2c52c6)
2020-04-10 10:58:49.705 15 RALLYDEBUG rally_openstack.cleanup.manager [-] Deleting neutron.subnet object s_rally_4a993009_kf10LfjB (563407be-5ab8-49ac-91ef-17bddf6f49ab)
2020-04-10 10:58:49.709 15 RALLYDEBUG rally_openstack.cleanup.manager [-] Deleting neutron.subnet object s_rally_4a993009_yKb6Khe5 (571dfaa8-700a-43bb-a104-126a7159ca92)
2020-04-10 10:58:49.914 15 RALLYDEBUG rally_openstack.cleanup.manager [-] Deleting neutron.subnet object s_rally_4a993009_PHT9cXGE (5813b0c4-605d-4e03-a1a5-3d4b5cd01a09)
2020-04-10 10:58:49.918 15 RALLYDEBUG rally_openstack.cleanup.manager [-] Deleting neutron.subnet object s_rally_4a993009_xuGIXw8X (584d8623-9730-479f-9290-493a7f9247b8)
2020-04-10 10:58:50.214 15 RALLYDEBUG rally_openstack.cleanup.manager [-] Deleting neutron.subnet object s_rally_4a993009_7Z6gfZHY (58629601-c27d-42c7-9b41-792a72865d42)
2020-04-10 10:58:50.542 15 RALLYDEBUG rally_openstack.cleanup.manager [-] Deleting neutron.subnet object s_rally_4a993009_xZxyQVN4 (5def107f-8d62-4c47-ab4d-d40457009b0d)
2020-04-10 10:58:50.947 15 RALLYDEBUG rally_openstack.cleanup.manager [-] Deleting neutron.subnet object s_rally_4a993009_BCwunqOX (5e97d4ac-7703-4642-9903-c84b5c37e65c)
2020-04-10 10:58:51.034 15 RALLYDEBUG rally_openstack.cleanup.manager [-] Deleting neutron.subnet object s_rally_4a993009_ox3RrSBQ (5eea2bb8-fc50-45b7-88e6-d29a1ad539c1)
2020-04-10 10:58:51.039 15 RALLYDEBUG rally_openstack.cleanup.manager [-] Deleting neutron.subnet object s_rally_4a993009_hdRjveQq (5f9fb499-4193-4c50-a8d6-e3947a839fdc)
2020-04-10 10:58:51.463 15 RALLYDEBUG rally_openstack.cleanup.manager [-] Deleting neutron.subnet object s_rally_4a993009_JGhIAHLO (5fa21560-6efa-43e9-9b75-966d7669650d)
2020-04-10 10:58:51.523 15 RALLYDEBUG rally_openstack.cleanup.manager [-] Deleting neutron.subnet object s_rally_4a993009_U6gd8VoF (6021ac9c-3bcf-4fc3-8fe5-d8c86ec0c0a1)
2020-04-10 10:58:51.540 15 RALLYDEBUG rally_openstack.cleanup.manager [-] Deleting neutron.subnet object s_rally_4a993009_qiCES2Qe (606fed38-dbdf-4082-85f8-9f69c2bde42a)
2020-04-10 10:58:51.579 15 RALLYDEBUG rally_openstack.cleanup.manager [-] Deleting neutron.subnet object s_rally_4a993009_hdTJhwSE (6290df8a-d993-43af-980b-ab1e0176e61c)
2020-04-10 10:58:51.689 15 RALLYDEBUG rally_openstack.cleanup.manager [-] Deleting neutron.subnet object s_rally_4a993009_JUrX3Z4u (62d9e56e-c48c-44db-81c5-8f4d0c22f74b)
2020-04-10 10:58:51.803 15 RALLYDEBUG rally_openstack.cleanup.manager [-] Deleting neutron.subnet object s_rally_4a993009_7p5xzEtF (62ee237c-5792-487e-8c4b-b8d9b653bd9d)
2020-04-10 10:58:51.816 15 RALLYDEBUG rally_openstack.cleanup.manager [-] Deleting neutron.subnet object s_rally_4a993009_GrtBDzeH (636b9b93-f289-4a24-ae92-38f985cec986)
2020-04-10 10:58:51.869 15 RALLYDEBUG rally_openstack.cleanup.manager [-] Deleting neutron.subnet object s_rally_4a993009_aaskv5W4 (63eb4efe-5f81-4f55-90b7-4be6c2b5c690)
2020-04-10 10:58:52.124 15 RALLYDEBUG rally_openstack.cleanup.manager [-] Deleting neutron.subnet object s_rally_4a993009_PtgdqY2u (66fc18d2-1154-4af6-8e8c-57fb1a4b2f63)
2020-04-10 10:58:52.358 15 RALLYDEBUG rally_openstack.cleanup.manager [-] Deleting neutron.subnet object s_rally_4a993009_1GqLKPk9 (698e9b2b-8e2f-4e49-9898-eb128bc29829)
2020-04-10 10:58:52.389 15 RALLYDEBUG rally_openstack.cleanup.manager [-] Deleting neutron.subnet object s_rally_4a993009_OYvfi7JW (6a5319d4-7a25-4f1f-a955-6f5eb017f1af)
2020-04-10 10:58:52.415 15 RALLYDEBUG rally_openstack.cleanup.manager [-] Deleting neutron.subnet object s_rally_4a993009_aOk8b9Rj (6b4d4461-abf1-4fd4-adc3-4d138f2a74b6)
2020-04-10 10:58:52.668 15 RALLYDEBUG rally_openstack.cleanup.manager [-] Deleting neutron.subnet object s_rally_4a993009_lHnvGreP (6bafba82-f3f9-48a7-8043-572175ed6db9)
2020-04-10 10:58:52.747 15 RALLYDEBUG rally_openstack.cleanup.manager [-] Deleting neutron.subnet object s_rally_4a993009_XTIBANLL (6c20c600-5282-4652-a81e-7720f41bc5b6)
2020-04-10 10:58:52.967 15 RALLYDEBUG rally_openstack.cleanup.manager [-] Deleting neutron.subnet object s_rally_4a993009_mq1Z7u2u (6d24face-251b-40bc-9bd5-488d5a757bf0)
2020-04-10 10:58:52.981 15 RALLYDEBUG rally_openstack.cleanup.manager [-] Deleting neutron.subnet object s_rally_4a993009_tgkFAHHv (6e0ea92b-4a5f-49e0-b0fc-ea0c357fc1f6)
2020-04-10 10:58:53.554 15 RALLYDEBUG rally_openstack.cleanup.manager [-] Deleting neutron.subnet object s_rally_4a993009_i7Q6mSBD (6e2e39e2-a0eb-4c50-9434-19a42722d9e2)
2020-04-10 10:58:53.585 15 RALLYDEBUG rally_openstack.cleanup.manager [-] Deleting neutron.subnet object s_rally_4a993009_TD3FF5eW (6e835289-6a7b-437d-8adc-7861ebd51d29)
2020-04-10 10:58:53.940 15 RALLYDEBUG rally_openstack.cleanup.manager [-] Deleting neutron.subnet object s_rally_4a993009_Wh81751l (7037fd97-67dd-47ce-b6d1-df751a5c2560)
2020-04-10 10:58:54.084 15 RALLYDEBUG rally_openstack.cleanup.manager [-] Deleting neutron.subnet object s_rally_4a993009_WOGYWNC8 (70e31a32-b8da-45c8-b000-bd5517587255)
2020-04-10 10:58:54.388 15 RALLYDEBUG rally_openstack.cleanup.manager [-] Deleting neutron.subnet object s_rally_4a993009_Idi65Q4v (73f1f77c-70d7-4164-a0a9-39c36e051123)
2020-04-10 10:58:54.436 15 RALLYDEBUG rally_openstack.cleanup.manager [-] Deleting neutron.subnet object s_rally_4a993009_NCKqjbtU (799be0d1-a45b-4b56-9bfd-c74cb70f5f14)
2020-04-10 10:58:54.575 15 RALLYDEBUG rally_openstack.cleanup.manager [-] Deleting neutron.subnet object s_rally_4a993009_HIodRH1i (7a43bca9-6165-4594-8977-d03288901a71)
2020-04-10 10:58:54.733 15 RALLYDEBUG rally_openstack.cleanup.manager [-] Deleting neutron.subnet object s_rally_4a993009_dIbrQVjg (7a88e399-423e-4ec3-b981-9a9426a4594c)
2020-04-10 10:58:54.789 15 RALLYDEBUG rally_openstack.cleanup.manager [-] Deleting neutron.subnet object s_rally_4a993009_zuGcVmfc (7b01f4a5-ffa9-4b6b-8519-df63d596e83d)
2020-04-10 10:58:54.793 15 RALLYDEBUG rally_openstack.cleanup.manager [-] Deleting neutron.subnet object s_rally_4a993009_lAaTXZl2 (7b6009c2-7dbb-452b-b3e6-5d3cff318a4b)
2020-04-10 10:58:54.804 15 RALLYDEBUG rally_openstack.cleanup.manager [-] Deleting neutron.subnet object s_rally_4a993009_giRzKIz3 (7cc37531-d893-439e-8fe0-c8d67b14348d)
2020-04-10 10:58:55.131 15 RALLYDEBUG rally_openstack.cleanup.manager [-] Deleting neutron.subnet object s_rally_4a993009_yJUAc4jt (7d57ae2c-7c2b-48fe-be4c-2b2ed26a0d7a)
2020-04-10 10:58:55.139 15 RALLYDEBUG rally_openstack.cleanup.manager [-] Deleting neutron.subnet object s_rally_4a993009_uul5lIYL (7fd246fb-193a-4264-804e-3367424dd40c)
2020-04-10 10:58:55.386 15 RALLYDEBUG rally_openstack.cleanup.manager [-] Deleting neutron.subnet object s_rally_4a993009_s4xcKtxq (8005efe7-0927-44a6-9fb9-a6a5e82a058d)
2020-04-10 10:58:55.402 15 RALLYDEBUG rally_openstack.cleanup.manager [-] Deleting neutron.subnet object s_rally_4a993009_lrbGfh6S (8180ffd0-0f87-4f29-bbb7-a661cb08a48c)
2020-04-10 10:58:55.423 15 RALLYDEBUG rally_openstack.cleanup.manager [-] Deleting neutron.subnet object s_rally_4a993009_5GHevyBT (8229a4de-7c7b-4930-8dcb-8acf8eba5873)
2020-04-10 10:58:55.829 15 RALLYDEBUG rally_openstack.cleanup.manager [-] Deleting neutron.subnet object s_rally_4a993009_VVpbhPna (84a3b484-8eea-4e96-aee9-a9813d7b8029)
2020-04-10 10:58:55.849 15 RALLYDEBUG rally_openstack.cleanup.manager [-] Deleting neutron.subnet object s_rally_4a993009_TxofUamg (8853e6cc-8e04-4621-ae48-1c88d3b28316)
2020-04-10 10:58:55.919 15 RALLYDEBUG rally_openstack.cleanup.manager [-] Deleting neutron.subnet object s_rally_4a993009_s6hDH95n (8a254800-02e1-41e8-9ae2-d5dd5ed216a4)
2020-04-10 10:58:55.930 15 RALLYDEBUG rally_openstack.cleanup.manager [-] Deleting neutron.subnet object s_rally_4a993009_VovpduuL (891b260e-4894-4d51-95d4-7240175a1329)
2020-04-10 10:58:56.160 15 RALLYDEBUG rally_openstack.cleanup.manager [-] Deleting neutron.subnet object s_rally_4a993009_ffIGiG08 (8b9f7644-b345-4321-973d-46e933622b5a)
2020-04-10 10:58:56.328 15 RALLYDEBUG rally_openstack.cleanup.manager [-] Deleting neutron.subnet object s_rally_4a993009_ufhAX5zD (8d00b01a-6745-401e-a7c1-d07248aed607)
2020-04-10 10:58:56.360 15 RALLYDEBUG rally_openstack.cleanup.manager [-] Deleting neutron.subnet object s_rally_4a993009_ienVYxVV (8d9c73b8-ac38-4b2c-91f2-c80a705a46b6)
2020-04-10 10:58:56.569 15 RALLYDEBUG rally_openstack.cleanup.manager [-] Deleting neutron.subnet object s_rally_4a993009_UqlGpMhu (8dbf909f-6e4b-46bf-a642-118da2d4ba85)
2020-04-10 10:58:56.668 15 RALLYDEBUG rally_openstack.cleanup.manager [-] Deleting neutron.subnet object s_rally_4a993009_Sm5P7Fnq (8f983da8-f1fb-4c1c-bfc0-79be703450f6)
2020-04-10 10:58:56.733 15 RALLYDEBUG rally_openstack.cleanup.manager [-] Deleting neutron.subnet object s_rally_4a993009_KcBuB1vJ (90e9e03b-bc98-44fc-900f-285609a9573a)
2020-04-10 10:58:56.943 15 RALLYDEBUG rally_openstack.cleanup.manager [-] Deleting neutron.subnet object s_rally_4a993009_Oj8kJq8Q (926c9717-c225-417e-a710-0296f484b087)
2020-04-10 10:58:57.269 15 RALLYDEBUG rally_openstack.cleanup.manager [-] Deleting neutron.subnet object s_rally_4a993009_o3IMHygT (9298f4e9-c369-4a7e-bec3-ac0094fb9733)
2020-04-10 10:58:57.312 15 RALLYDEBUG rally_openstack.cleanup.manager [-] Deleting neutron.subnet object s_rally_4a993009_1mZYAQTZ (94c1444b-fc2f-40a6-a236-b2e469229ec6)
2020-04-10 10:58:57.465 15 RALLYDEBUG rally_openstack.cleanup.manager [-] Deleting neutron.subnet object s_rally_4a993009_gTXncm6N (964de97d-0f18-411d-b387-cf077b7fe4ba)
2020-04-10 10:58:57.541 15 RALLYDEBUG rally_openstack.cleanup.manager [-] Deleting neutron.subnet object s_rally_4a993009_mkzftNFq (9a2ee439-4562-40a0-89a3-66d19569ff65)
2020-04-10 10:58:57.725 15 RALLYDEBUG rally_openstack.cleanup.manager [-] Deleting neutron.subnet object s_rally_4a993009_N3Z6QuM4 (9cf4332b-a26d-494d-9a23-9611ee2564db)
2020-04-10 10:58:57.850 15 RALLYDEBUG rally_openstack.cleanup.manager [-] Deleting neutron.subnet object s_rally_4a993009_KgMuHzLE (9f76e009-85ce-446e-8d25-38130ff26a60)
2020-04-10 10:58:57.854 15 RALLYDEBUG rally_openstack.cleanup.manager [-] Deleting neutron.subnet object s_rally_4a993009_R1uNx8xL (9fe0855a-675c-4aaa-8f4f-86d4a6c3e9bd)
2020-04-10 10:58:58.299 15 RALLYDEBUG rally_openstack.cleanup.manager [-] Deleting neutron.subnet object s_rally_4a993009_LEeqfpAU (a25803dd-1d39-422f-9065-e5db5e208650)
2020-04-10 10:58:58.380 15 RALLYDEBUG rally_openstack.cleanup.manager [-] Deleting neutron.subnet object s_rally_4a993009_1jfbAelC (a2c07638-246f-4235-9b5e-0f6ec053b9e7)
2020-04-10 10:58:58.489 15 RALLYDEBUG rally_openstack.cleanup.manager [-] Deleting neutron.subnet object s_rally_4a993009_7FpIDNkI (a3b648e3-684d-46bc-a481-33492a8ea1ef)
2020-04-10 10:58:58.562 15 RALLYDEBUG rally_openstack.cleanup.manager [-] Deleting neutron.subnet object s_rally_4a993009_5dWulT6l (a429014d-0729-4471-b889-489800db6fdf)
2020-04-10 10:58:58.663 15 RALLYDEBUG rally_openstack.cleanup.manager [-] Deleting neutron.subnet object s_rally_4a993009_lRCJcpOt (a45b1420-5f0f-4d9a-90b1-5001b9a1e072)
2020-04-10 10:58:58.699 15 RALLYDEBUG rally_openstack.cleanup.manager [-] Deleting neutron.subnet object s_rally_4a993009_ZHZMqaud (a491043a-c66f-4258-a0fb-f3a2de9f4434)
2020-04-10 10:58:58.826 15 RALLYDEBUG rally_openstack.cleanup.manager [-] Deleting neutron.subnet object s_rally_4a993009_7wC8EhWM (a4c33b1e-7d8b-4f90-83e1-31caa1648844)
2020-04-10 10:58:59.267 15 RALLYDEBUG rally_openstack.cleanup.manager [-] Deleting neutron.subnet object s_rally_4a993009_y0aTb20b (a4f0e22e-5114-462d-8fcc-f5634abb3d75)
2020-04-10 10:58:59.306 15 RALLYDEBUG rally_openstack.cleanup.manager [-] Deleting neutron.subnet object s_rally_4a993009_0rJWNsRa (a54089d2-7324-47e9-ba37-f7851e0083ad)
2020-04-10 10:58:59.389 15 RALLYDEBUG rally_openstack.cleanup.manager [-] Deleting neutron.subnet object s_rally_4a993009_JCurrUzR (a664275c-13a0-48ac-8a24-f9784fa785fa)
2020-04-10 10:59:00.704 15 RALLYDEBUG rally_openstack.cleanup.manager [-] Deleting neutron.subnet object s_rally_4a993009_2tVgQDVL (aa654de5-6c92-4e49-b1a9-405cd9ebb877)
2020-04-10 10:59:00.812 15 RALLYDEBUG rally_openstack.cleanup.manager [-] Deleting neutron.subnet object s_rally_4a993009_ltvxFwNq (aae1a95b-496a-4d96-9f42-76cd62e529af)
2020-04-10 10:59:00.833 15 RALLYDEBUG rally_openstack.cleanup.manager [-] Deleting neutron.subnet object s_rally_4a993009_doNyBadC (ace2bbb0-9c07-4f49-8e3d-c32c5394074a)
2020-04-10 10:59:00.839 15 RALLYDEBUG rally_openstack.cleanup.manager [-] Deleting neutron.subnet object s_rally_4a993009_rWoOpchd (ae331d38-6a5e-4e51-a897-526828dcc21f)
2020-04-10 10:59:00.869 15 RALLYDEBUG rally_openstack.cleanup.manager [-] Deleting neutron.subnet object s_rally_4a993009_uCnGoCyw (ae36c7ff-f301-4e7a-a020-6e268bf7467a)
2020-04-10 10:59:00.892 15 RALLYDEBUG rally_openstack.cleanup.manager [-] Deleting neutron.subnet object s_rally_4a993009_Qrimscl2 (ae38c233-b961-4b44-88d1-f6be166d28b4)
2020-04-10 10:59:00.917 15 RALLYDEBUG rally_openstack.cleanup.manager [-] Deleting neutron.subnet object s_rally_4a993009_cIqu8EZX (af2bacc1-e2f9-406e-a433-d7e608e34ac4)
2020-04-10 10:59:00.922 15 RALLYDEBUG rally_openstack.cleanup.manager [-] Deleting neutron.subnet object s_rally_4a993009_O3r20EIX (b005e102-8791-41e1-8beb-ef71a92ca459)
2020-04-10 10:59:00.927 15 RALLYDEBUG rally_openstack.cleanup.manager [-] Deleting neutron.subnet object s_rally_4a993009_UwHBnZho (b9d4d19c-5f34-45f1-b3f6-bc87dc3a78eb)
2020-04-10 10:59:00.936 15 RALLYDEBUG rally_openstack.cleanup.manager [-] Deleting neutron.subnet object s_rally_4a993009_ceaS8G32 (ba0df611-781b-49da-8349-c01d5ec709e5)
2020-04-10 10:59:01.050 15 RALLYDEBUG rally_openstack.cleanup.manager [-] Deleting neutron.subnet object s_rally_4a993009_q1cjeewW (bb704ace-825b-45bf-b0db-4152d3704947)
2020-04-10 10:59:01.143 15 RALLYDEBUG rally_openstack.cleanup.manager [-] Deleting neutron.subnet object s_rally_4a993009_ANCn9DzI (bd04c792-eee3-451e-9d07-2c0637e7467d)
2020-04-10 10:59:01.193 15 RALLYDEBUG rally_openstack.cleanup.manager [-] Deleting neutron.subnet object s_rally_4a993009_vOlVW9HF (bdfa5022-1dca-4d3b-bd0a-3560e277cc17)
2020-04-10 10:59:01.296 15 RALLYDEBUG rally_openstack.cleanup.manager [-] Deleting neutron.subnet object s_rally_4a993009_DMQWBU0f (be3a6518-ce06-463e-a10e-dc2548e3f097)
2020-04-10 10:59:01.480 15 RALLYDEBUG rally_openstack.cleanup.manager [-] Deleting neutron.subnet object s_rally_4a993009_Im8buGK5 (bec852e7-ddcc-47ce-96e1-6845b3f68d9c)
2020-04-10 10:59:01.504 15 RALLYDEBUG rally_openstack.cleanup.manager [-] Deleting neutron.subnet object s_rally_4a993009_x6ZDZCTv (bf6456b4-b0da-4ef6-95e6-fee19dbc306c)
2020-04-10 10:59:01.510 15 RALLYDEBUG rally_openstack.cleanup.manager [-] Deleting neutron.subnet object s_rally_4a993009_O2qrQChM (bf9ab9b3-6726-4986-9dc7-3dd9074ae677)
2020-04-10 10:59:01.519 15 RALLYDEBUG rally_openstack.cleanup.manager [-] Deleting neutron.subnet object s_rally_4a993009_CfxOwkeN (c338fda6-c65f-461a-b8b8-2995a9db6957)
2020-04-10 10:59:01.541 15 RALLYDEBUG rally_openstack.cleanup.manager [-] Deleting neutron.subnet object s_rally_4a993009_ghC8xj5K (c53ac801-44f3-4187-b3be-580d34ccfaa5)
2020-04-10 10:59:01.662 15 RALLYDEBUG rally_openstack.cleanup.manager [-] Deleting neutron.subnet object s_rally_4a993009_kAjfBoy5 (c67e3100-4839-4107-834f-2beeb72c5700)
2020-04-10 10:59:02.764 15 RALLYDEBUG rally_openstack.cleanup.manager [-] Deleting neutron.subnet object s_rally_4a993009_9KnWxXgb (c7aa49c9-9a71-4935-b5d8-4b0fe328bc62)
2020-04-10 10:59:02.829 15 RALLYDEBUG rally_openstack.cleanup.manager [-] Deleting neutron.subnet object s_rally_4a993009_c70kZriF (c8fee1b2-e434-4d44-a825-a04d0cc7216a)
2020-04-10 10:59:03.175 15 RALLYDEBUG rally_openstack.cleanup.manager [-] Deleting neutron.subnet object s_rally_4a993009_mVRBkkTu (ca8ee55f-2988-40e5-ad41-808e682b6524)
2020-04-10 10:59:03.300 15 RALLYDEBUG rally_openstack.cleanup.manager [-] Deleting neutron.subnet object s_rally_4a993009_WvwwWS6X (ca9abb3d-3a5e-417d-b232-0c40177edda0)
2020-04-10 10:59:03.308 15 RALLYDEBUG rally_openstack.cleanup.manager [-] Deleting neutron.subnet object s_rally_4a993009_6zLRrcYG (cb6fbc0c-f1de-4b71-98bf-93f34d44312f)
2020-04-10 10:59:03.345 15 RALLYDEBUG rally_openstack.cleanup.manager [-] Deleting neutron.subnet object s_rally_4a993009_XM4YTGxv (ce78222d-d7c3-486f-bb72-798a4376d2e6)
2020-04-10 10:59:03.664 15 RALLYDEBUG rally_openstack.cleanup.manager [-] Deleting neutron.subnet object s_rally_4a993009_taUszGGf (ce985cbf-0819-4880-a296-2c70d2acbe97)
