2020-04-10 11:04:22.298 15 INFO rally.task.context [-] Task 95088a20-aa60-4c9d-8882-0f08436b7dfb | Context quotas@openstack cleanup() started
2020-04-10 11:04:22.596 15 INFO rally.task.context [-] Task 95088a20-aa60-4c9d-8882-0f08436b7dfb | Context quotas@openstack cleanup() finished in 0.30 sec
2020-04-10 11:04:22.596 15 INFO rally.task.context [-] Task 95088a20-aa60-4c9d-8882-0f08436b7dfb | Context users@openstack cleanup() started
2020-04-10 11:04:24.246 15 INFO rally.task.context [-] Task 95088a20-aa60-4c9d-8882-0f08436b7dfb | Context users@openstack cleanup() finished in 1.65 sec
2020-04-10 11:04:24.995 15 INFO rally.task.engine [-] Load duration is: 145.135503
2020-04-10 11:04:24.996 15 INFO rally.task.engine [-] Full runner duration is: 145.176764
2020-04-10 11:04:24.996 15 INFO rally.task.engine [-] Full duration is: 236.062033
2020-04-10 11:04:25.078 15 INFO rally.task.engine [-] Running workload: position = 1 config = { "version": 2, "title": "A cropped version of a bigger task.", "description": "Auto-generated task from a single workload (uuid=e61eb05c-5be6-4ca2-82de-4a938b5db40b)", "subtasks": [ { "title": "NeutronNetworks.create_and_update_routers", "description": "Create and update a given number of routers.", "scenario": { "NeutronNetworks.create_and_update_routers": { "network_create_args": {}, "subnet_create_args": {}, "subnet_cidr_start": "1.1.0.0/30", "subnets_per_network": 2, "router_create_args": {}, "router_update_args": { "admin_state_up": false, "name": "_router_updated" } } }, "contexts": { "users": { "tenants": 1, "users_per_tenant": 1 }, "quotas": { "neutron": { "network": -1, "subnet": -1, "router": -1 } } }, "runner": { "constant": { "times": 40, "concurrency": 20 } }, "hooks": [], "sla": { "failure_rate": { "max": 0 } } } ] }
2020-04-10 11:04:25.102 15 RALLYDEBUG rally_openstack.contexts.keystone.users [-] Creating 1 tenants using 20 threads
2020-04-10 11:04:25.503 15 RALLYDEBUG rally_openstack.contexts.keystone.users [-] Creating 1 users using 20 threads
2020-04-10 11:04:26.541 15 INFO rally.task.context [-] Task 95088a20-aa60-4c9d-8882-0f08436b7dfb | Context users@openstack setup() finished in 1.44 sec
2020-04-10 11:04:27.446 15 INFO rally.task.context [-] Task 95088a20-aa60-4c9d-8882-0f08436b7dfb | Context quotas@openstack setup() finished in 0.91 sec
2020-04-10 11:04:27.447 15 INFO rally.task.context [-] Task 95088a20-aa60-4c9d-8882-0f08436b7dfb | Context cleanup@openstack setup() finished in 0.01 msec
2020-04-10 11:04:27.456 15 RALLYDEBUG rally.task.runner [-] Starting the constant runner (task UUID: 95088a20-aa60-4c9d-8882-0f08436b7dfb). timeout: 0 concurrency: 20 concurrency_per_worker: 1 times: 40 concurrency_overhead: 0 processes_to_start: 20 max_cpu_used: 88
2020-04-10 11:04:27.471 3073 RALLYDEBUG rally.task.runner [-] Starting a worker. concurrency: 1 args: {"network_create_args": {}, "subnet_create_args": {}, "subnet_cidr_start": "1.1.0.0/30", "subnets_per_network": 2, "router_create_args": {}, "router_update_args": {"admin_state_up": false, "name": "_router_updated"}} times: 40 method_name: run timeout: 0 duration: None cls:
2020-04-10 11:04:27.475 3074 RALLYDEBUG rally.task.runner [-] Starting a worker. concurrency: 1 args: {"network_create_args": {}, "subnet_create_args": {}, "subnet_cidr_start": "1.1.0.0/30", "subnets_per_network": 2, "router_create_args": {}, "router_update_args": {"admin_state_up": false, "name": "_router_updated"}} times: 40 method_name: run timeout: 0 duration: None cls:
2020-04-10 11:04:27.477 3075 RALLYDEBUG rally.task.runner [-] Starting a worker. concurrency: 1 args: {"network_create_args": {}, "subnet_create_args": {}, "subnet_cidr_start": "1.1.0.0/30", "subnets_per_network": 2, "router_create_args": {}, "router_update_args": {"admin_state_up": false, "name": "_router_updated"}} times: 40 method_name: run timeout: 0 duration: None cls:
2020-04-10 11:04:27.480 3073 INFO rally.task.runner [-] Task 95088a20-aa60-4c9d-8882-0f08436b7dfb | ITER: 1 START
2020-04-10 11:04:27.481 3076 RALLYDEBUG rally.task.runner [-] Starting a worker. concurrency: 1 args: {"network_create_args": {}, "subnet_create_args": {}, "subnet_cidr_start": "1.1.0.0/30", "subnets_per_network": 2, "router_create_args": {}, "router_update_args": {"admin_state_up": false, "name": "_router_updated"}} times: 40 method_name: run timeout: 0 duration: None cls:
2020-04-10 11:04:27.482 3074 INFO rally.task.runner [-] Task 95088a20-aa60-4c9d-8882-0f08436b7dfb | ITER: 2 START
2020-04-10 11:04:27.484 3077 RALLYDEBUG rally.task.runner [-] Starting a worker. concurrency: 1 args: {"network_create_args": {}, "subnet_create_args": {}, "subnet_cidr_start": "1.1.0.0/30", "subnets_per_network": 2, "router_create_args": {}, "router_update_args": {"admin_state_up": false, "name": "_router_updated"}} times: 40 method_name: run timeout: 0 duration: None cls:
2020-04-10 11:04:27.488 3076 INFO rally.task.runner [-] Task 95088a20-aa60-4c9d-8882-0f08436b7dfb | ITER: 4 START
2020-04-10 11:04:27.487 3080 RALLYDEBUG rally.task.runner [-] Starting a worker. concurrency: 1 args: {"network_create_args": {}, "subnet_create_args": {}, "subnet_cidr_start": "1.1.0.0/30", "subnets_per_network": 2, "router_create_args": {}, "router_update_args": {"admin_state_up": false, "name": "_router_updated"}} times: 40 method_name: run timeout: 0 duration: None cls:
2020-04-10 11:04:27.490 3075 INFO rally.task.runner [-] Task 95088a20-aa60-4c9d-8882-0f08436b7dfb | ITER: 3 START
2020-04-10 11:04:27.491 3084 RALLYDEBUG rally.task.runner [-] Starting a worker. concurrency: 1 args: {"network_create_args": {}, "subnet_create_args": {}, "subnet_cidr_start": "1.1.0.0/30", "subnets_per_network": 2, "router_create_args": {}, "router_update_args": {"admin_state_up": false, "name": "_router_updated"}} times: 40 method_name: run timeout: 0 duration: None cls:
2020-04-10 11:04:27.494 3080 INFO rally.task.runner [-] Task 95088a20-aa60-4c9d-8882-0f08436b7dfb | ITER: 6 START
2020-04-10 11:04:27.494 3087 RALLYDEBUG rally.task.runner [-] Starting a worker. concurrency: 1 args: {"network_create_args": {}, "subnet_create_args": {}, "subnet_cidr_start": "1.1.0.0/30", "subnets_per_network": 2, "router_create_args": {}, "router_update_args": {"admin_state_up": false, "name": "_router_updated"}} times: 40 method_name: run timeout: 0 duration: None cls:
2020-04-10 11:04:27.497 3090 RALLYDEBUG rally.task.runner [-] Starting a worker. concurrency: 1 args: {"network_create_args": {}, "subnet_create_args": {}, "subnet_cidr_start": "1.1.0.0/30", "subnets_per_network": 2, "router_create_args": {}, "router_update_args": {"admin_state_up": false, "name": "_router_updated"}} times: 40 method_name: run timeout: 0 duration: None cls:
2020-04-10 11:04:27.498 3084 INFO rally.task.runner [-] Task 95088a20-aa60-4c9d-8882-0f08436b7dfb | ITER: 7 START
2020-04-10 11:04:27.500 3092 RALLYDEBUG rally.task.runner [-] Starting a worker. concurrency: 1 args: {"network_create_args": {}, "subnet_create_args": {}, "subnet_cidr_start": "1.1.0.0/30", "subnets_per_network": 2, "router_create_args": {}, "router_update_args": {"admin_state_up": false, "name": "_router_updated"}} times: 40 method_name: run timeout: 0 duration: None cls:
2020-04-10 11:04:27.501 3077 INFO rally.task.runner [-] Task 95088a20-aa60-4c9d-8882-0f08436b7dfb | ITER: 5 START
2020-04-10 11:04:27.503 3095 RALLYDEBUG rally.task.runner [-] Starting a worker. concurrency: 1 args: {"network_create_args": {}, "subnet_create_args": {}, "subnet_cidr_start": "1.1.0.0/30", "subnets_per_network": 2, "router_create_args": {}, "router_update_args": {"admin_state_up": false, "name": "_router_updated"}} times: 40 method_name: run timeout: 0 duration: None cls:
2020-04-10 11:04:27.504 3087 INFO rally.task.runner [-] Task 95088a20-aa60-4c9d-8882-0f08436b7dfb | ITER: 8 START
2020-04-10 11:04:27.505 3090 INFO rally.task.runner [-] Task 95088a20-aa60-4c9d-8882-0f08436b7dfb | ITER: 9 START
2020-04-10 11:04:27.506 3092 INFO rally.task.runner [-] Task 95088a20-aa60-4c9d-8882-0f08436b7dfb | ITER: 10 START
2020-04-10 11:04:27.507 3098 RALLYDEBUG rally.task.runner [-] Starting a worker. concurrency: 1 args: {"network_create_args": {}, "subnet_create_args": {}, "subnet_cidr_start": "1.1.0.0/30", "subnets_per_network": 2, "router_create_args": {}, "router_update_args": {"admin_state_up": false, "name": "_router_updated"}} times: 40 method_name: run timeout: 0 duration: None cls:
2020-04-10 11:04:27.510 3095 INFO rally.task.runner [-] Task 95088a20-aa60-4c9d-8882-0f08436b7dfb | ITER: 11 START
2020-04-10 11:04:27.511 3101 RALLYDEBUG rally.task.runner [-] Starting a worker. concurrency: 1 args: {"network_create_args": {}, "subnet_create_args": {}, "subnet_cidr_start": "1.1.0.0/30", "subnets_per_network": 2, "router_create_args": {}, "router_update_args": {"admin_state_up": false, "name": "_router_updated"}} times: 40 method_name: run timeout: 0 duration: None cls:
2020-04-10 11:04:27.512 3106 RALLYDEBUG rally.task.runner [-] Starting a worker. concurrency: 1 args: {"network_create_args": {}, "subnet_create_args": {}, "subnet_cidr_start": "1.1.0.0/30", "subnets_per_network": 2, "router_create_args": {}, "router_update_args": {"admin_state_up": false, "name": "_router_updated"}} times: 40 method_name: run timeout: 0 duration: None cls:
2020-04-10 11:04:27.513 3098 INFO rally.task.runner [-] Task 95088a20-aa60-4c9d-8882-0f08436b7dfb | ITER: 12 START
2020-04-10 11:04:27.517 3101 INFO rally.task.runner [-] Task 95088a20-aa60-4c9d-8882-0f08436b7dfb | ITER: 13 START
2020-04-10 11:04:27.518 3106 INFO rally.task.runner [-] Task 95088a20-aa60-4c9d-8882-0f08436b7dfb | ITER: 14 START
2020-04-10 11:04:27.519 3109 RALLYDEBUG rally.task.runner [-] Starting a worker. concurrency: 1 args: {"network_create_args": {}, "subnet_create_args": {}, "subnet_cidr_start": "1.1.0.0/30", "subnets_per_network": 2, "router_create_args": {}, "router_update_args": {"admin_state_up": false, "name": "_router_updated"}} times: 40 method_name: run timeout: 0 duration: None cls:
2020-04-10 11:04:27.521 3112 RALLYDEBUG rally.task.runner [-] Starting a worker. concurrency: 1 args: {"network_create_args": {}, "subnet_create_args": {}, "subnet_cidr_start": "1.1.0.0/30", "subnets_per_network": 2, "router_create_args": {}, "router_update_args": {"admin_state_up": false, "name": "_router_updated"}} times: 40 method_name: run timeout: 0 duration: None cls:
2020-04-10 11:04:27.526 3109 INFO rally.task.runner [-] Task 95088a20-aa60-4c9d-8882-0f08436b7dfb | ITER: 15 START
2020-04-10 11:04:27.526 3117 RALLYDEBUG rally.task.runner [-] Starting a worker. concurrency: 1 args: {"network_create_args": {}, "subnet_create_args": {}, "subnet_cidr_start": "1.1.0.0/30", "subnets_per_network": 2, "router_create_args": {}, "router_update_args": {"admin_state_up": false, "name": "_router_updated"}} times: 40 method_name: run timeout: 0 duration: None cls:
2020-04-10 11:04:27.527 3112 INFO rally.task.runner [-] Task 95088a20-aa60-4c9d-8882-0f08436b7dfb | ITER: 16 START
2020-04-10 11:04:27.530 3118 RALLYDEBUG rally.task.runner [-] Starting a worker. concurrency: 1 args: {"network_create_args": {}, "subnet_create_args": {}, "subnet_cidr_start": "1.1.0.0/30", "subnets_per_network": 2, "router_create_args": {}, "router_update_args": {"admin_state_up": false, "name": "_router_updated"}} times: 40 method_name: run timeout: 0 duration: None cls:
2020-04-10 11:04:27.532 3117 INFO rally.task.runner [-] Task 95088a20-aa60-4c9d-8882-0f08436b7dfb | ITER: 17 START
2020-04-10 11:04:27.533 3121 RALLYDEBUG rally.task.runner [-] Starting a worker. concurrency: 1 args: {"network_create_args": {}, "subnet_create_args": {}, "subnet_cidr_start": "1.1.0.0/30", "subnets_per_network": 2, "router_create_args": {}, "router_update_args": {"admin_state_up": false, "name": "_router_updated"}} times: 40 method_name: run timeout: 0 duration: None cls:
2020-04-10 11:04:27.533 3124 RALLYDEBUG rally.task.runner [-] Starting a worker. concurrency: 1 args: {"network_create_args": {}, "subnet_create_args": {}, "subnet_cidr_start": "1.1.0.0/30", "subnets_per_network": 2, "router_create_args": {}, "router_update_args": {"admin_state_up": false, "name": "_router_updated"}} times: 40 method_name: run timeout: 0 duration: None cls:
2020-04-10 11:04:27.536 3118 INFO rally.task.runner [-] Task 95088a20-aa60-4c9d-8882-0f08436b7dfb | ITER: 18 START
2020-04-10 11:04:27.539 3124 INFO rally.task.runner [-] Task 95088a20-aa60-4c9d-8882-0f08436b7dfb | ITER: 20 START
2020-04-10 11:04:27.540 3121 INFO rally.task.runner [-] Task 95088a20-aa60-4c9d-8882-0f08436b7dfb | ITER: 19 START
2020-04-10 11:04:32.738 3074 RALLYDEBUG rally_openstack.wrappers.network [-] CIDR generated: 1.1.6.224/30
2020-04-10 11:04:32.784 3073 RALLYDEBUG rally_openstack.wrappers.network [-] CIDR generated: 1.1.6.228/30
2020-04-10 11:04:32.863 3118 RALLYDEBUG rally_openstack.wrappers.network [-] CIDR generated: 1.1.6.232/30
2020-04-10 11:04:33.028 3076 RALLYDEBUG rally_openstack.wrappers.network [-] CIDR generated: 1.1.6.236/30
2020-04-10 11:04:33.514 3117 RALLYDEBUG rally_openstack.wrappers.network [-] CIDR generated: 1.1.6.240/30
2020-04-10 11:04:36.434 3090 RALLYDEBUG rally_openstack.wrappers.network [-] CIDR generated: 1.1.6.244/30
2020-04-10 11:04:36.438 3092 RALLYDEBUG rally_openstack.wrappers.network [-] CIDR generated: 1.1.6.248/30
2020-04-10 11:04:36.490 3084 RALLYDEBUG rally_openstack.wrappers.network [-] CIDR generated: 1.1.6.252/30
2020-04-10 11:04:36.561 3080 RALLYDEBUG rally_openstack.wrappers.network [-] CIDR generated: 1.1.7.0/30
2020-04-10 11:04:36.663 3106 RALLYDEBUG rally_openstack.wrappers.network [-] CIDR generated: 1.1.7.4/30
2020-04-10 11:04:36.678 3077 RALLYDEBUG rally_openstack.wrappers.network [-] CIDR generated: 1.1.7.8/30
2020-04-10 11:04:36.730 3075 RALLYDEBUG rally_openstack.wrappers.network [-] CIDR generated: 1.1.7.12/30
2020-04-10 11:04:37.030 3101 RALLYDEBUG rally_openstack.wrappers.network [-] CIDR generated: 1.1.7.16/30
2020-04-10 11:04:37.050 3121 RALLYDEBUG rally_openstack.wrappers.network [-] CIDR generated: 1.1.7.20/30
2020-04-10 11:04:37.137 3095 RALLYDEBUG rally_openstack.wrappers.network [-] CIDR generated: 1.1.7.24/30
2020-04-10 11:04:37.153 3109 RALLYDEBUG rally_openstack.wrappers.network [-] CIDR generated: 1.1.7.28/30
2020-04-10 11:04:37.189 3087 RALLYDEBUG rally_openstack.wrappers.network [-] CIDR generated: 1.1.7.32/30
2020-04-10 11:04:37.997 3098 RALLYDEBUG rally_openstack.wrappers.network [-] CIDR generated: 1.1.7.36/30
2020-04-10 11:04:38.076 3112 RALLYDEBUG rally_openstack.wrappers.network [-] CIDR generated: 1.1.7.40/30
2020-04-10 11:04:38.995 3124 RALLYDEBUG rally_openstack.wrappers.network [-] CIDR generated: 1.1.7.44/30
2020-04-10 11:04:43.738 3118 RALLYDEBUG rally_openstack.wrappers.network [-] CIDR generated: 1.1.7.48/30
2020-04-10 11:04:43.800 3073 RALLYDEBUG rally_openstack.wrappers.network [-] CIDR generated: 1.1.7.52/30
2020-04-10 11:04:43.911 3074 RALLYDEBUG rally_openstack.wrappers.network [-] CIDR generated: 1.1.7.56/30
2020-04-10 11:04:44.088 3117 RALLYDEBUG rally_openstack.wrappers.network [-] CIDR generated: 1.1.7.60/30
2020-04-10 11:04:44.109 3090 RALLYDEBUG rally_openstack.wrappers.network [-] CIDR generated: 1.1.7.64/30
2020-04-10 11:04:44.185 3092 RALLYDEBUG rally_openstack.wrappers.network [-] CIDR generated: 1.1.7.68/30
2020-04-10 11:04:44.249 3075 RALLYDEBUG rally_openstack.wrappers.network [-] CIDR generated: 1.1.7.72/30
2020-04-10 11:04:44.337 3076 RALLYDEBUG rally_openstack.wrappers.network [-] CIDR generated: 1.1.7.76/30
2020-04-10 11:04:44.404 3080 RALLYDEBUG rally_openstack.wrappers.network [-] CIDR generated: 1.1.7.80/30
2020-04-10 11:04:44.501 3084 RALLYDEBUG rally_openstack.wrappers.network [-] CIDR generated: 1.1.7.84/30
2020-04-10 11:04:44.514 3112 RALLYDEBUG rally_openstack.wrappers.network [-] CIDR generated: 1.1.7.88/30
2020-04-10 11:04:44.548 3106 RALLYDEBUG rally_openstack.wrappers.network [-] CIDR generated: 1.1.7.92/30
2020-04-10 11:04:44.567 3124 RALLYDEBUG rally_openstack.wrappers.network [-] CIDR generated: 1.1.7.96/30
2020-04-10 11:04:44.588 3095 RALLYDEBUG rally_openstack.wrappers.network [-] CIDR generated: 1.1.7.100/30
2020-04-10 11:04:44.600 3101 RALLYDEBUG rally_openstack.wrappers.network [-] CIDR generated: 1.1.7.104/30
2020-04-10 11:04:44.635 3121 RALLYDEBUG rally_openstack.wrappers.network [-] CIDR generated: 1.1.7.108/30
2020-04-10 11:04:44.637 3077 RALLYDEBUG rally_openstack.wrappers.network [-] CIDR generated: 1.1.7.112/30
2020-04-10 11:04:44.652 3087 RALLYDEBUG rally_openstack.wrappers.network [-] CIDR generated: 1.1.7.116/30
2020-04-10 11:04:44.669 3098 RALLYDEBUG rally_openstack.wrappers.network [-] CIDR generated: 1.1.7.120/30
2020-04-10 11:04:44.685 3109 RALLYDEBUG rally_openstack.wrappers.network [-] CIDR generated: 1.1.7.124/30
2020-04-10 11:05:27.191 3092 INFO rally.task.runner [-] Task 95088a20-aa60-4c9d-8882-0f08436b7dfb | ITER: 10 END: OK
2020-04-10 11:05:27.201 3092 INFO rally.task.runner [-] Task 95088a20-aa60-4c9d-8882-0f08436b7dfb | ITER: 21 START
2020-04-10 11:05:27.883 3074 INFO rally.task.runner [-] Task 95088a20-aa60-4c9d-8882-0f08436b7dfb | ITER: 2 END: OK
2020-04-10 11:05:27.892 3074 INFO rally.task.runner [-] Task 95088a20-aa60-4c9d-8882-0f08436b7dfb | ITER: 22 START
2020-04-10 11:05:27.969 3076 INFO rally.task.runner [-] Task 95088a20-aa60-4c9d-8882-0f08436b7dfb | ITER: 4 END: OK
2020-04-10 11:05:27.977 3076 INFO rally.task.runner [-] Task 95088a20-aa60-4c9d-8882-0f08436b7dfb | ITER: 23 START
2020-04-10 11:05:29.831 3077 INFO rally.task.runner [-] Task 95088a20-aa60-4c9d-8882-0f08436b7dfb | ITER: 5 END: OK
2020-04-10 11:05:29.839 3077 INFO rally.task.runner [-] Task 95088a20-aa60-4c9d-8882-0f08436b7dfb | ITER: 24 START
2020-04-10 11:05:30.027 3075 INFO rally.task.runner [-] Task 95088a20-aa60-4c9d-8882-0f08436b7dfb | ITER: 3 END: OK
2020-04-10 11:05:30.035 3075 INFO rally.task.runner [-] Task 95088a20-aa60-4c9d-8882-0f08436b7dfb | ITER: 25 START
2020-04-10 11:05:30.054 3092 RALLYDEBUG rally_openstack.wrappers.network [-] CIDR generated: 1.1.7.128/30
2020-04-10 11:05:30.083 3076 RALLYDEBUG rally_openstack.wrappers.network [-] CIDR generated: 1.1.7.132/30
2020-04-10 11:05:30.113 3074 RALLYDEBUG rally_openstack.wrappers.network [-] CIDR generated: 1.1.7.136/30
2020-04-10 11:05:30.861 3077 RALLYDEBUG rally_openstack.wrappers.network [-] CIDR generated: 1.1.7.140/30
2020-04-10 11:05:30.995 3075 RALLYDEBUG rally_openstack.wrappers.network [-] CIDR generated: 1.1.7.144/30
2020-04-10 11:05:32.481 3092 RALLYDEBUG rally_openstack.wrappers.network [-] CIDR generated: 1.1.7.148/30
2020-04-10 11:05:32.488 3076 RALLYDEBUG rally_openstack.wrappers.network [-] CIDR generated: 1.1.7.152/30
2020-04-10 11:05:32.847 3075 RALLYDEBUG rally_openstack.wrappers.network [-] CIDR generated: 1.1.7.156/30
2020-04-10 11:05:32.902 3118 INFO rally.task.runner [-] Task 95088a20-aa60-4c9d-8882-0f08436b7dfb | ITER: 18 END: OK
2020-04-10 11:05:32.909 3118 INFO rally.task.runner [-] Task 95088a20-aa60-4c9d-8882-0f08436b7dfb | ITER: 26 START
2020-04-10 11:05:33.223 3112 INFO rally.task.runner [-] Task 95088a20-aa60-4c9d-8882-0f08436b7dfb | ITER: 16 END: OK
2020-04-10 11:05:33.231 3112 INFO rally.task.runner [-] Task 95088a20-aa60-4c9d-8882-0f08436b7dfb | ITER: 27 START
2020-04-10 11:05:34.039 3117 INFO rally.task.runner [-] Task 95088a20-aa60-4c9d-8882-0f08436b7dfb | ITER: 17 END: OK
2020-04-10 11:05:34.046 3117 INFO rally.task.runner [-] Task 95088a20-aa60-4c9d-8882-0f08436b7dfb | ITER: 28 START
2020-04-10 11:05:34.499 3074 RALLYDEBUG rally_openstack.wrappers.network [-] CIDR generated: 1.1.7.160/30
2020-04-10 11:05:34.713 3118 RALLYDEBUG rally_openstack.wrappers.network [-] CIDR generated: 1.1.7.164/30
2020-04-10 11:05:34.864 3077 RALLYDEBUG rally_openstack.wrappers.network [-] CIDR generated: 1.1.7.168/30
2020-04-10 11:05:35.229 3073 INFO rally.task.runner [-] Task 95088a20-aa60-4c9d-8882-0f08436b7dfb | ITER: 1 END: OK
2020-04-10 11:05:35.241 3073 INFO rally.task.runner [-] Task 95088a20-aa60-4c9d-8882-0f08436b7dfb | ITER: 29 START
2020-04-10 11:05:35.352 3112 RALLYDEBUG rally_openstack.wrappers.network [-] CIDR generated: 1.1.7.172/30
2020-04-10 11:05:35.393 3124 INFO rally.task.runner [-] Task 95088a20-aa60-4c9d-8882-0f08436b7dfb | ITER: 20 END: OK
2020-04-10 11:05:35.401 3124 INFO rally.task.runner [-] Task 95088a20-aa60-4c9d-8882-0f08436b7dfb | ITER: 30 START
2020-04-10 11:05:35.954 3090 INFO rally.task.runner [-] Task 95088a20-aa60-4c9d-8882-0f08436b7dfb | ITER: 9 END: OK
2020-04-10 11:05:35.963 3090 INFO rally.task.runner [-] Task 95088a20-aa60-4c9d-8882-0f08436b7dfb | ITER: 31 START
2020-04-10 11:05:36.871 3117 RALLYDEBUG rally_openstack.wrappers.network [-] CIDR generated: 1.1.7.176/30
2020-04-10 11:05:37.165 3080 INFO rally.task.runner [-] Task 95088a20-aa60-4c9d-8882-0f08436b7dfb | ITER: 6 END: OK
2020-04-10 11:05:37.173 3080 INFO rally.task.runner [-] Task 95088a20-aa60-4c9d-8882-0f08436b7dfb | ITER: 32 START
2020-04-10 11:05:38.073 3073 RALLYDEBUG rally_openstack.wrappers.network [-] CIDR generated: 1.1.7.180/30
2020-04-10 11:05:38.391 3124 RALLYDEBUG rally_openstack.wrappers.network [-] CIDR generated: 1.1.7.184/30
2020-04-10 11:05:39.701 3090 RALLYDEBUG rally_openstack.wrappers.network [-] CIDR generated: 1.1.7.188/30
2020-04-10 11:05:40.099 3080 RALLYDEBUG rally_openstack.wrappers.network [-] CIDR generated: 1.1.7.192/30
2020-04-10 11:05:40.689 3118 RALLYDEBUG rally_openstack.wrappers.network [-] CIDR generated: 1.1.7.196/30
2020-04-10 11:05:40.738 3112 RALLYDEBUG rally_openstack.wrappers.network [-] CIDR generated: 1.1.7.200/30
2020-04-10 11:05:40.903 3098 INFO rally.task.runner [-] Task 95088a20-aa60-4c9d-8882-0f08436b7dfb | ITER: 12 END: OK
2020-04-10 11:05:40.912 3098 INFO rally.task.runner [-] Task 95088a20-aa60-4c9d-8882-0f08436b7dfb | ITER: 33 START
2020-04-10 11:05:41.025 3124 RALLYDEBUG rally_openstack.wrappers.network [-] CIDR generated: 1.1.7.204/30
2020-04-10 11:05:41.131 3073 RALLYDEBUG rally_openstack.wrappers.network [-] CIDR generated: 1.1.7.208/30
2020-04-10 11:05:41.248 3117 RALLYDEBUG rally_openstack.wrappers.network [-] CIDR generated: 1.1.7.212/30
2020-04-10 11:05:41.470 3080 RALLYDEBUG rally_openstack.wrappers.network [-] CIDR generated: 1.1.7.216/30
2020-04-10 11:05:41.640 3090 RALLYDEBUG rally_openstack.wrappers.network [-] CIDR generated: 1.1.7.220/30
2020-04-10 11:05:42.884 3098 RALLYDEBUG rally_openstack.wrappers.network [-] CIDR generated: 1.1.7.224/30
2020-04-10 11:05:44.757 3087 INFO rally.task.runner [-] Task 95088a20-aa60-4c9d-8882-0f08436b7dfb | ITER: 8 END: OK
2020-04-10 11:05:44.765 3087 INFO rally.task.runner [-] Task 95088a20-aa60-4c9d-8882-0f08436b7dfb | ITER: 34 START
2020-04-10 11:05:45.245 3084 INFO rally.task.runner [-] Task 95088a20-aa60-4c9d-8882-0f08436b7dfb | ITER: 7 END: OK
2020-04-10 11:05:45.253 3084 INFO rally.task.runner [-] Task 95088a20-aa60-4c9d-8882-0f08436b7dfb | ITER: 35 START
2020-04-10 11:05:45.258 3106 INFO rally.task.runner [-] Task 95088a20-aa60-4c9d-8882-0f08436b7dfb | ITER: 14 END: OK
2020-04-10 11:05:45.266 3106 INFO rally.task.runner [-] Task 95088a20-aa60-4c9d-8882-0f08436b7dfb | ITER: 36 START
2020-04-10 11:05:45.429 3098 RALLYDEBUG rally_openstack.wrappers.network [-] CIDR generated: 1.1.7.228/30
2020-04-10 11:05:45.560 3087 RALLYDEBUG rally_openstack.wrappers.network [-] CIDR generated: 1.1.7.232/30
2020-04-10 11:05:46.000 3106 RALLYDEBUG rally_openstack.wrappers.network [-] CIDR generated: 1.1.7.236/30
2020-04-10 11:05:46.119 3084 RALLYDEBUG rally_openstack.wrappers.network [-] CIDR generated: 1.1.7.240/30
2020-04-10 11:05:47.660 3084 RALLYDEBUG rally_openstack.wrappers.network [-] CIDR generated: 1.1.7.244/30
2020-04-10 11:05:47.795 3106 RALLYDEBUG rally_openstack.wrappers.network [-] CIDR generated: 1.1.7.248/30
2020-04-10 11:05:47.817 3109 INFO rally.task.runner [-] Task 95088a20-aa60-4c9d-8882-0f08436b7dfb | ITER: 15 END: OK
2020-04-10 11:05:47.824 3109 INFO rally.task.runner [-] Task 95088a20-aa60-4c9d-8882-0f08436b7dfb | ITER: 37 START
2020-04-10 11:05:47.837 3121 INFO rally.task.runner [-] Task 95088a20-aa60-4c9d-8882-0f08436b7dfb | ITER: 19 END: OK
2020-04-10 11:05:47.845 3121 INFO rally.task.runner [-] Task 95088a20-aa60-4c9d-8882-0f08436b7dfb | ITER: 38 START
2020-04-10 11:05:48.040 3087 RALLYDEBUG rally_openstack.wrappers.network [-] CIDR generated: 1.1.7.252/30
2020-04-10 11:05:49.618 3109 RALLYDEBUG rally_openstack.wrappers.network [-] CIDR generated: 1.1.8.0/30
2020-04-10 11:05:50.390 3121 RALLYDEBUG rally_openstack.wrappers.network [-] CIDR generated: 1.1.8.4/30
2020-04-10 11:05:51.282 3101 INFO rally.task.runner [-] Task 95088a20-aa60-4c9d-8882-0f08436b7dfb | ITER: 13 END: OK
2020-04-10 11:05:51.291 3101 INFO rally.task.runner [-] Task 95088a20-aa60-4c9d-8882-0f08436b7dfb | ITER: 39 START
2020-04-10 11:05:51.295 3095 INFO rally.task.runner [-] Task 95088a20-aa60-4c9d-8882-0f08436b7dfb | ITER: 11 END: OK
2020-04-10 11:05:51.303 3095 INFO rally.task.runner [-] Task 95088a20-aa60-4c9d-8882-0f08436b7dfb | ITER: 40 START
2020-04-10 11:05:52.179 3109 RALLYDEBUG rally_openstack.wrappers.network [-] CIDR generated: 1.1.8.8/30
2020-04-10 11:05:52.626 3095 RALLYDEBUG rally_openstack.wrappers.network [-] CIDR generated: 1.1.8.12/30
2020-04-10 11:05:52.720 3101 RALLYDEBUG rally_openstack.wrappers.network [-] CIDR generated: 1.1.8.16/30
2020-04-10 11:05:54.463 3121 RALLYDEBUG rally_openstack.wrappers.network [-] CIDR generated: 1.1.8.20/30
2020-04-10 11:05:55.595 3095 RALLYDEBUG rally_openstack.wrappers.network [-] CIDR generated: 1.1.8.24/30
2020-04-10 11:05:55.731 3101 RALLYDEBUG rally_openstack.wrappers.network [-] CIDR generated: 1.1.8.28/30
2020-04-10 11:06:06.617 3077 INFO rally.task.runner [-] Task 95088a20-aa60-4c9d-8882-0f08436b7dfb | ITER: 24 END: OK
2020-04-10 11:06:07.475 3075 INFO rally.task.runner [-] Task 95088a20-aa60-4c9d-8882-0f08436b7dfb | ITER: 25 END: OK
2020-04-10 11:06:08.657 3074 INFO rally.task.runner [-] Task 95088a20-aa60-4c9d-8882-0f08436b7dfb | ITER: 22 END: OK
2020-04-10 11:06:12.790 3117 INFO rally.task.runner [-] Task 95088a20-aa60-4c9d-8882-0f08436b7dfb | ITER: 28 END: OK
2020-04-10 11:06:13.964 3092 INFO rally.task.runner [-] Task 95088a20-aa60-4c9d-8882-0f08436b7dfb | ITER: 21 END: OK
2020-04-10 11:06:15.907 3084 INFO rally.task.runner [-] Task 95088a20-aa60-4c9d-8882-0f08436b7dfb | ITER: 35 END: OK
2020-04-10 11:06:17.631 3073 INFO rally.task.runner [-] Task 95088a20-aa60-4c9d-8882-0f08436b7dfb | ITER: 29 END: OK
2020-04-10 11:06:18.389 3076 INFO rally.task.runner [-] Task 95088a20-aa60-4c9d-8882-0f08436b7dfb | ITER: 23 END: OK
2020-04-10 11:06:19.994 3090 INFO rally.task.runner [-] Task 95088a20-aa60-4c9d-8882-0f08436b7dfb | ITER: 31 END: OK
2020-04-10 11:06:20.571 3124 INFO rally.task.runner [-] Task 95088a20-aa60-4c9d-8882-0f08436b7dfb | ITER: 30 END: OK
2020-04-10 11:06:24.502 3098 INFO rally.task.runner [-] Task 95088a20-aa60-4c9d-8882-0f08436b7dfb | ITER: 33 END: OK
2020-04-10 11:06:24.814 3080 INFO rally.task.runner [-] Task 95088a20-aa60-4c9d-8882-0f08436b7dfb | ITER: 32 END: OK
2020-04-10 11:06:26.786 3118 INFO rally.task.runner [-] Task 95088a20-aa60-4c9d-8882-0f08436b7dfb | ITER: 26 END: OK
2020-04-10 11:06:28.066 3112 INFO rally.task.runner [-] Task 95088a20-aa60-4c9d-8882-0f08436b7dfb | ITER: 27 END: OK
2020-04-10 11:06:30.139 3087 INFO rally.task.runner [-] Task 95088a20-aa60-4c9d-8882-0f08436b7dfb | ITER: 34 END: OK
2020-04-10 11:06:30.557 3121 INFO rally.task.runner [-] Task 95088a20-aa60-4c9d-8882-0f08436b7dfb | ITER: 38 END: OK
2020-04-10 11:06:33.303 3095 INFO rally.task.runner [-] Task 95088a20-aa60-4c9d-8882-0f08436b7dfb | ITER: 40 END: OK
2020-04-10 11:06:35.584 3106 INFO rally.task.runner [-] Task 95088a20-aa60-4c9d-8882-0f08436b7dfb | ITER: 36 END: OK
2020-04-10 11:06:36.656 3109 INFO rally.task.runner [-] Task 95088a20-aa60-4c9d-8882-0f08436b7dfb | ITER: 37 END: OK
2020-04-10 11:06:38.745 3101 INFO rally.task.runner [-] Task 95088a20-aa60-4c9d-8882-0f08436b7dfb | ITER: 39 END: OK
2020-04-10 11:06:38.768 15 INFO rally.task.context [-] Task 95088a20-aa60-4c9d-8882-0f08436b7dfb | Context cleanup@openstack cleanup() started
2020-04-10 11:06:38.772 15 RALLYDEBUG rally_openstack.cleanup.manager [-] Cleaning up neutron vip objects
2020-04-10 11:06:38.950 15 RALLYDEBUG rally_openstack.cleanup.manager [-] Cleaning up neutron health_monitor objects
2020-04-10 11:06:39.129 15 RALLYDEBUG rally_openstack.cleanup.manager [-] Cleaning up neutron pool objects
2020-04-10 11:06:39.308 15 RALLYDEBUG rally_openstack.cleanup.manager [-] Cleaning up neutron loadbalancer objects
2020-04-10 11:06:39.541 15 RALLYDEBUG rally_openstack.cleanup.manager [-] Cleaning up neutron floatingip objects
2020-04-10 11:06:39.735 15 RALLYDEBUG rally_openstack.cleanup.manager [-] Cleaning up neutron trunk objects
2020-04-10 11:06:39.912 15 DEBUG neutronclient.v2_0.client [-] Error message: {"NeutronError": {"message": "Invalid input for operation: 'tenant_id' is not supported for filtering.", "type": "InvalidInput", "detail": ""}} _handle_fault_response /usr/lib/python2.7/site-packages/neutronclient/v2_0/client.py:259
2020-04-10 11:06:39.935 15 DEBUG neutronclient.v2_0.client [-] Error message: {"NeutronError": {"message": "Invalid input for operation: 'tenant_id' is not supported for filtering.", "type": "InvalidInput", "detail": ""}} _handle_fault_response /usr/lib/python2.7/site-packages/neutronclient/v2_0/client.py:259
2020-04-10 11:06:39.957 15 DEBUG neutronclient.v2_0.client [-] Error message: {"NeutronError": {"message": "Invalid input for operation: 'tenant_id' is not supported for filtering.", "type": "InvalidInput", "detail": ""}} _handle_fault_response /usr/lib/python2.7/site-packages/neutronclient/v2_0/client.py:259
2020-04-10 11:06:39.958 15 ERROR rally_openstack.cleanup.manager [-] Seems like rally_openstack.cleanup.resources.NeutronTrunk.list(self) method is broken. It shouldn't raise any exceptions.: BadRequest: Invalid input for operation: 'tenant_id' is not supported for filtering. Neutron server returns request_ids: ['req-95ce6ee3-2f96-4356-88c8-2f87a241a899']
2020-04-10 11:06:39.958 15 ERROR rally_openstack.cleanup.manager
Traceback (most recent call last):
2020-04-10 11:06:39.958 15 ERROR rally_openstack.cleanup.manager
File "/usr/lib/python2.7/site-packages/rally_openstack/cleanup/manager.py", line 133, in _publish
2020-04-10 11:06:39.958 15 ERROR rally_openstack.cleanup.manager for raw_resource in rutils.retry(3, manager.list):
2020-04-10 11:06:39.958 15 ERROR rally_openstack.cleanup.manager
File "/usr/lib/python2.7/site-packages/rally/common/utils.py", line 230, in retry
2020-04-10 11:06:39.958 15 ERROR rally_openstack.cleanup.manager return func(*args, **kwargs)
2020-04-10 11:06:39.958 15 ERROR rally_openstack.cleanup.manager
File "/usr/lib/python2.7/site-packages/rally_openstack/cleanup/resources.py", line 396, in list
2020-04-10 11:06:39.958 15 ERROR rally_openstack.cleanup.manager return super(NeutronTrunk, self).list()
2020-04-10 11:06:39.958 15 ERROR rally_openstack.cleanup.manager
File "/usr/lib/python2.7/site-packages/rally_openstack/cleanup/resources.py", line 273, in list
2020-04-10 11:06:39.958 15 ERROR rally_openstack.cleanup.manager result = list_method(tenant_id=self.tenant_uuid)[resources]
2020-04-10 11:06:39.958 15 ERROR rally_openstack.cleanup.manager
File "/usr/lib/python2.7/site-packages/neutronclient/v2_0/client.py", line 2105, in list_trunks
2020-04-10 11:06:39.958 15 ERROR rally_openstack.cleanup.manager **_params)
2020-04-10 11:06:39.958 15 ERROR rally_openstack.cleanup.manager
File "/usr/lib/python2.7/site-packages/neutronclient/v2_0/client.py", line 369, in list
2020-04-10 11:06:39.958 15 ERROR rally_openstack.cleanup.manager for r in self._pagination(collection, path, **params):
2020-04-10 11:06:39.958 15 ERROR rally_openstack.cleanup.manager
File "/usr/lib/python2.7/site-packages/neutronclient/v2_0/client.py", line 384, in _pagination
2020-04-10 11:06:39.958 15 ERROR rally_openstack.cleanup.manager res = self.get(path, params=params)
2020-04-10 11:06:39.958 15 ERROR rally_openstack.cleanup.manager
File "/usr/lib/python2.7/site-packages/neutronclient/v2_0/client.py", line 354, in get
2020-04-10 11:06:39.958 15 ERROR rally_openstack.cleanup.manager headers=headers, params=params)
2020-04-10 11:06:39.958 15 ERROR rally_openstack.cleanup.manager
File "/usr/lib/python2.7/site-packages/neutronclient/v2_0/client.py", line 331, in retry_request
2020-04-10 11:06:39.958 15 ERROR rally_openstack.cleanup.manager headers=headers, params=params)
2020-04-10 11:06:39.958 15 ERROR rally_openstack.cleanup.manager
File "/usr/lib/python2.7/site-packages/neutronclient/v2_0/client.py", line 294, in do_request
2020-04-10 11:06:39.958 15 ERROR rally_openstack.cleanup.manager self._handle_fault_response(status_code, replybody, resp)
2020-04-10 11:06:39.958 15 ERROR rally_openstack.cleanup.manager
File "/usr/lib/python2.7/site-packages/neutronclient/v2_0/client.py", line 269, in _handle_fault_response
2020-04-10 11:06:39.958 15 ERROR rally_openstack.cleanup.manager exception_handler_v20(status_code, error_body)
2020-04-10 11:06:39.958 15 ERROR rally_openstack.cleanup.manager
File "/usr/lib/python2.7/site-packages/neutronclient/v2_0/client.py", line 93, in exception_handler_v20
2020-04-10 11:06:39.958 15 ERROR rally_openstack.cleanup.manager request_ids=request_ids)
2020-04-10 11:06:39.958 15 ERROR rally_openstack.cleanup.manager BadRequest: Invalid input for operation: 'tenant_id' is not supported for filtering.
2020-04-10 11:06:39.958 15 ERROR rally_openstack.cleanup.manager Neutron server returns request_ids: ['req-95ce6ee3-2f96-4356-88c8-2f87a241a899']
2020-04-10 11:06:39.958 15 ERROR rally_openstack.cleanup.manager
2020-04-10 11:06:39.968 15 RALLYDEBUG rally_openstack.cleanup.manager [-] Cleaning up neutron port objects
2020-04-10 11:06:41.077 15 RALLYDEBUG rally_openstack.cleanup.manager [-] Deleting neutron.port object s_rally_e61eb05c_NJ7rbxJJ (0b58d406-0e3b-4173-a9db-7b6405a0f703)
2020-04-10 11:06:41.078 15 RALLYDEBUG rally_openstack.cleanup.manager [-] Deleting neutron.port object s_rally_e61eb05c_NJsZECwX (0b2fbfa0-a2a0-404d-8647-bc15eb30442a)
2020-04-10 11:06:41.082 15 RALLYDEBUG rally_openstack.cleanup.manager [-] Deleting neutron.port object s_rally_e61eb05c_D2a9sW8c (0dccee67-d3a8-4585-948f-fc625332b725)
2020-04-10 11:06:41.083 15 RALLYDEBUG rally_openstack.cleanup.manager [-] Deleting neutron.port object s_rally_e61eb05c_3s16wsab (02acecd9-ce50-4dbb-8ed4-af592f1e7cf8)
2020-04-10 11:06:41.084 15 RALLYDEBUG rally_openstack.cleanup.manager [-] Deleting neutron.port object s_rally_e61eb05c_dahe6hWB (0c091c00-33e8-49a0-a0f0-932b5f909a30)
2020-04-10 11:06:41.091 15 RALLYDEBUG rally_openstack.cleanup.manager [-] Deleting neutron.port object s_rally_e61eb05c_OXmXsmeB (10258a1e-2947-4f7b-ba00-36fd1642a0ce)
2020-04-10 11:06:41.094 15 RALLYDEBUG rally_openstack.cleanup.manager [-] Deleting neutron.port object s_rally_e61eb05c_GbaCHGzW (03704e58-ba9f-4cbd-ab05-49b3c1636757)
2020-04-10 11:06:41.160 15 RALLYDEBUG rally_openstack.cleanup.manager [-] Deleting neutron.port object s_rally_e61eb05c_TAFVMPxd (15644889-1241-4724-b914-2eb97bbf0459)
2020-04-10 11:06:41.175 15 RALLYDEBUG rally_openstack.cleanup.manager [-] Deleting neutron.port object s_rally_e61eb05c_q0XO28Im (169540ec-d098-4556-9fb8-94382e6a5863)
2020-04-10 11:06:41.181 15 RALLYDEBUG rally_openstack.cleanup.manager [-] Deleting neutron.port object s_rally_e61eb05c_Za8mtRgj (1668b83c-f97a-486f-93e3-ba0964275be2)
2020-04-10 11:06:41.210 15 RALLYDEBUG rally_openstack.cleanup.manager [-] Deleting neutron.port object s_rally_e61eb05c_xFTbNwZR (22361db6-7c67-456e-a73a-5b7d83d2ee26)
2020-04-10 11:06:41.219 15 RALLYDEBUG rally_openstack.cleanup.manager [-] Deleting neutron.port object s_rally_e61eb05c_ZrqMpPNr (22dba485-1f6d-417e-949d-f6bda0b4182a)
2020-04-10 11:06:41.277 15 RALLYDEBUG rally_openstack.cleanup.manager [-] Deleting neutron.port object s_rally_e61eb05c_svIeFOds (25b88455-e921-4214-8be7-142ed74505a2)
2020-04-10 11:06:41.284 15 RALLYDEBUG rally_openstack.cleanup.manager [-] Deleting neutron.port object s_rally_e61eb05c_QqDeyHSf (29a65f79-0deb-48e5-ba6e-247306bd71cc)
2020-04-10 11:06:41.294 15 RALLYDEBUG rally_openstack.cleanup.manager [-] Deleting neutron.port object s_rally_e61eb05c_CLEaqEGc (2a9ef510-0758-4543-8060-8d3203ed4937)
2020-04-10 11:06:41.333 15 RALLYDEBUG rally_openstack.cleanup.manager [-] Deleting neutron.port object s_rally_e61eb05c_LLrNNM9k (3124f2ed-8147-4984-96ec-70e459bcd8ea)
2020-04-10 11:06:41.348 15 RALLYDEBUG rally_openstack.cleanup.manager [-] Deleting neutron.port object s_rally_e61eb05c_yeqfdnVE (2b966459-06e9-4161-8689-a7440ef3efcb)
2020-04-10 11:06:41.369 15 RALLYDEBUG rally_openstack.cleanup.manager [-] Deleting neutron.port object s_rally_e61eb05c_2ozNqyX1 (280883f3-6c4e-4a18-9f8b-02b222411cda)
2020-04-10 11:06:41.435 15 RALLYDEBUG rally_openstack.cleanup.manager [-] Deleting neutron.port object s_rally_e61eb05c_2LvWYB4O (313d563d-4951-4f6b-a420-c8eac55d1fd9)
2020-04-10 11:06:41.492 15 RALLYDEBUG rally_openstack.cleanup.manager [-] Deleting neutron.port object s_rally_e61eb05c_vtBTNvBf (38e2b2c5-7ed1-453b-b3b1-75f63768d5c6)
2020-04-10 11:06:44.598 15 RALLYDEBUG rally_openstack.cleanup.manager [-] Deleting neutron.port object s_rally_e61eb05c_d6Hdq8ml (42085df3-41ba-47d6-9e0f-01bfa79e820b)
2020-04-10 11:06:44.602 15 RALLYDEBUG rally_openstack.cleanup.manager [-] Deleting neutron.port object s_rally_e61eb05c_kRba26ps (44ab6173-6fa4-4167-9c24-d190f1e74ee7)
2020-04-10 11:06:44.607 15 RALLYDEBUG rally_openstack.cleanup.manager [-] Deleting neutron.port object s_rally_e61eb05c_PVbkF7dz (3de4259f-49d7-4533-8ee0-20d5bd9f8a59)
2020-04-10 11:06:45.522 15 RALLYDEBUG rally_openstack.cleanup.manager [-] Deleting neutron.port object s_rally_e61eb05c_tcjFfdRe (46dc3bb8-4522-4695-b1c8-1b920796a91d)
2020-04-10 11:06:45.557 15 RALLYDEBUG rally_openstack.cleanup.manager [-] Deleting neutron.port object s_rally_e61eb05c_BAawn4hM (526845f2-d6b9-4df2-99a8-82264dccfc5d)
2020-04-10 11:06:45.569 15 RALLYDEBUG rally_openstack.cleanup.manager [-] Deleting neutron.port object s_rally_e61eb05c_q5xiT3Zx (53ef9c67-6a6f-4c8e-94d9-8358e92885b5)
2020-04-10 11:06:45.653 15 RALLYDEBUG rally_openstack.cleanup.manager [-] Deleting neutron.port object s_rally_e61eb05c_nQDten2j (53f5949a-71cb-46d9-ada3-248270f4a84e)
2020-04-10 11:06:45.990 15 RALLYDEBUG rally_openstack.cleanup.manager [-] Deleting neutron.port object s_rally_e61eb05c_yAVpw85k (625ded69-2084-43ea-a5fb-a20fca51272f)
2020-04-10 11:06:45.994 15 RALLYDEBUG rally_openstack.cleanup.manager [-] Deleting neutron.port object s_rally_e61eb05c_sEXD2waB (5b3ae3bc-813a-43cf-9b55-041f5c93f281)
2020-04-10 11:06:46.257 15 RALLYDEBUG rally_openstack.cleanup.manager [-] Deleting neutron.port object s_rally_e61eb05c_aVT4qzDU (6c6391fa-20ee-4303-83a3-bb800047db1a)
2020-04-10 11:06:47.016 15 RALLYDEBUG rally_openstack.cleanup.manager [-] Deleting neutron.port object s_rally_e61eb05c_bvhfNOC2 (6f033844-1e10-449c-a727-01a5974d86a3)
2020-04-10 11:06:47.032 15 RALLYDEBUG rally_openstack.cleanup.manager [-] Deleting neutron.port object s_rally_e61eb05c_a1l1Atmk (750d75e2-92e3-42cc-8711-4412a993ddcf)
2020-04-10 11:06:47.162 15 RALLYDEBUG rally_openstack.cleanup.manager [-] Deleting neutron.port object s_rally_e61eb05c_D7tfGvFU (7519cdec-e8e9-4417-a91e-9da71bb37d72)
2020-04-10 11:06:47.571 15 RALLYDEBUG rally_openstack.cleanup.manager [-] Deleting neutron.port object s_rally_e61eb05c_h9Go4hb5 (76a2eb71-2ffa-4364-a0fc-c93e5253f328)
2020-04-10 11:06:47.964 15 RALLYDEBUG rally_openstack.cleanup.manager [-] Deleting neutron.port object s_rally_e61eb05c_Utqz0wwT (7b6eea7d-037b-4052-ab61-f893b255575f)
2020-04-10 11:06:48.447 15 RALLYDEBUG rally_openstack.cleanup.manager [-] Deleting neutron.port object s_rally_e61eb05c_EUAhacGo (7d6417d6-afa0-470f-a76f-f003d96f8534)
2020-04-10 11:06:48.517 15 RALLYDEBUG rally_openstack.cleanup.manager [-] Deleting neutron.port object s_rally_e61eb05c_7pcnn2Mj (7ea5f461-0173-4686-916d-ba5cb31a4b2c)
2020-04-10 11:06:48.641 15 RALLYDEBUG rally_openstack.cleanup.manager [-] Deleting neutron.port object s_rally_e61eb05c_AhqnjSoL (8248d1b4-9ef4-4568-bc3a-e90a0f337ba2)
2020-04-10 11:06:48.676 15 RALLYDEBUG rally_openstack.cleanup.manager [-] Deleting neutron.port object s_rally_e61eb05c_05AMjko5 (89010231-ea4a-40fe-9b81-0b2fca1bf2ba)
2020-04-10 11:06:49.084 15 RALLYDEBUG rally_openstack.cleanup.manager [-] Deleting neutron.port object s_rally_e61eb05c_vJD6kqEu (8b6377ad-7cc3-43b2-81d1-8944344b79b2)
2020-04-10 11:06:49.093 15 RALLYDEBUG rally_openstack.cleanup.manager [-] Deleting neutron.port object s_rally_e61eb05c_3tmA1Jkv (8e941237-ee56-48d6-ba1e-fcca36b2bfa6)
2020-04-10 11:06:49.200 15 RALLYDEBUG rally_openstack.cleanup.manager [-] Deleting neutron.port object s_rally_e61eb05c_52wt7QHu (99ae2188-a016-42e0-b66e-7f0a5ec7aa06)
2020-04-10 11:06:49.357 15 RALLYDEBUG rally_openstack.cleanup.manager [-] Deleting neutron.port object s_rally_e61eb05c_wzeyIDre (9baf62ec-f4a1-4f26-8a22-61692adf0b1c)
2020-04-10 11:06:49.448 15 RALLYDEBUG rally_openstack.cleanup.manager [-] Deleting neutron.port object s_rally_e61eb05c_53cZapa0 (9df3e121-0f18-4531-b356-bd853a446cc9)
2020-04-10 11:06:49.843 15 RALLYDEBUG rally_openstack.cleanup.manager [-] Deleting neutron.port object s_rally_e61eb05c_uRiUw7oU (9f3d4508-5058-47f1-92a9-fe7850755c9d)
2020-04-10 11:06:49.850 15 RALLYDEBUG rally_openstack.cleanup.manager [-] Deleting neutron.port object s_rally_e61eb05c_aXrY3Xvg (a0f3fce3-d88b-446a-84d3-f07b893fe5e9)
2020-04-10 11:06:49.854 15 RALLYDEBUG rally_openstack.cleanup.manager [-] Deleting neutron.port object s_rally_e61eb05c_OuQE3jaC (a4ce19b0-4336-4138-9508-ea644a9317de)
2020-04-10 11:06:49.987 15 RALLYDEBUG rally_openstack.cleanup.manager [-] Deleting neutron.port object s_rally_e61eb05c_CFQIk32m (a7924038-39a9-49a3-9a95-a6c255783a0f)
2020-04-10 11:06:50.094 15 RALLYDEBUG rally_openstack.cleanup.manager [-] Deleting neutron.port object s_rally_e61eb05c_vwN19Kpr (a7ec872a-34f3-4f14-9816-1483fad9a68c)
2020-04-10 11:06:50.145 15 RALLYDEBUG rally_openstack.cleanup.manager [-] Deleting neutron.port object s_rally_e61eb05c_Tyorq0dt (a840bda1-8cab-4fa1-a93c-587fff5eefcd)
2020-04-10 11:06:50.353 15 RALLYDEBUG rally_openstack.cleanup.manager [-] Deleting neutron.port object s_rally_e61eb05c_MzriYnEo (abce2268-f416-4d2e-936f-716baeaf515d)
2020-04-10 11:06:51.026 15 RALLYDEBUG rally_openstack.cleanup.manager [-] Deleting neutron.port object s_rally_e61eb05c_oyEcrV3v (b0133796-31c4-4455-8843-f5e867afae79)
2020-04-10 11:06:51.041 15 RALLYDEBUG rally_openstack.cleanup.manager [-] Deleting neutron.port object s_rally_e61eb05c_v7VJuk07 (b6b22e5f-3096-456d-880d-00032936e1b3)
2020-04-10 11:06:51.076 15 RALLYDEBUG rally_openstack.cleanup.manager [-] Deleting neutron.port object s_rally_e61eb05c_bGHAQwQA (b79db234-43ba-40a5-bed0-ec6b3481b21d)
2020-04-10 11:06:51.418 15 RALLYDEBUG rally_openstack.cleanup.manager [-] Deleting neutron.port object s_rally_e61eb05c_oNDizsP8 (bd57583f-6e75-49fd-96ac-daa02b4465f1)
2020-04-10 11:06:51.603 15 RALLYDEBUG rally_openstack.cleanup.manager [-] Deleting neutron.port object s_rally_e61eb05c_vxII2oHC (bd65961c-1bb0-4ab4-92ae-7d10f99071cb)
2020-04-10 11:06:52.305 15 RALLYDEBUG rally_openstack.cleanup.manager [-] Deleting neutron.port object s_rally_e61eb05c_iECbNFHF (c05e04c1-4522-4447-8dfe-8d1a55edef11)
2020-04-10 11:06:52.509 15 RALLYDEBUG rally_openstack.cleanup.manager [-] Deleting neutron.port object s_rally_e61eb05c_ArR6OaYN (c89969f6-8918-4d20-9827-8fa4ef327e63)
2020-04-10 11:06:52.785 15 RALLYDEBUG rally_openstack.cleanup.manager [-] Deleting neutron.port object s_rally_e61eb05c_uals8TxU (ca2be354-c51b-4188-a0f4-03cda1167ca1)
2020-04-10 11:06:53.137 15 RALLYDEBUG rally_openstack.cleanup.manager [-] Deleting neutron.port object s_rally_e61eb05c_XkT2iGx9 (cbe5d385-ea34-4ec5-b3ae-6a3096c908f6)
2020-04-10 11:06:53.243 15 RALLYDEBUG rally_openstack.cleanup.manager [-] Deleting neutron.port object s_rally_e61eb05c_SsZQVyD1 (cc0e7d1e-6add-43b4-aad9-ff36c8f1aa7f)
2020-04-10 11:06:53.458 15 RALLYDEBUG rally_openstack.cleanup.manager [-] Deleting neutron.port object s_rally_e61eb05c_4P3gWgo0 (d0cece03-ba84-4a28-b605-2262ed4fa182)
2020-04-10 11:06:53.600 15 RALLYDEBUG rally_openstack.cleanup.manager [-] Deleting neutron.port object s_rally_e61eb05c_tnqx1Ydh (d4753409-7712-4f8d-b36f-b2fc3c3e7aea)
2020-04-10 11:06:53.814 15 RALLYDEBUG rally_openstack.cleanup.manager [-] Deleting neutron.port object s_rally_e61eb05c_nPzZ9byX (d7694827-9141-48fb-ba4c-77ee530b479f)
2020-04-10 11:06:53.927 15 RALLYDEBUG rally_openstack.cleanup.manager [-] Deleting neutron.port object s_rally_e61eb05c_NVfpsxqp (dab0a976-7490-4dd1-9799-65233bc06cea)
2020-04-10 11:06:54.077 15 RALLYDEBUG rally_openstack.cleanup.manager [-] Deleting neutron.port object s_rally_e61eb05c_hsS27jiS (dc0f080e-dcbe-4cc5-91fc-bf5996bb1819)
2020-04-10 11:06:54.676 15 RALLYDEBUG rally_openstack.cleanup.manager [-] Deleting neutron.port object s_rally_e61eb05c_uNBuJfT9 (ddbe4ff0-fec8-4ac6-97b3-06cb269ef305)
2020-04-10 11:06:54.751 15 RALLYDEBUG rally_openstack.cleanup.manager [-] Deleting neutron.port object s_rally_e61eb05c_MwC9nxcY (e17da4b1-8851-4557-a3bd-7a7b191a9eb2)
2020-04-10 11:06:54.857 15 RALLYDEBUG rally_openstack.cleanup.manager [-] Deleting neutron.port object s_rally_e61eb05c_9rd2xh79 (e24cb074-e6e4-4469-a5d4-2cfdfff2b60f)
2020-04-10 11:06:55.839 15 RALLYDEBUG rally_openstack.cleanup.manager [-] Deleting neutron.port object s_rally_e61eb05c_JfDq39C2 (e6d80f12-6352-4eda-84aa-3801b8250b2f)
2020-04-10 11:06:55.957 15 RALLYDEBUG rally_openstack.cleanup.manager [-] Deleting neutron.port object s_rally_e61eb05c_VzUt27Yn (eb49895b-00d4-46ca-b785-51f4486835c9)
2020-04-10 11:06:56.061 15 RALLYDEBUG rally_openstack.cleanup.manager [-] Deleting neutron.port object s_rally_e61eb05c_lrc5FFeD (ebdf2c9c-447a-4f41-a44d-cbb204aa0abf)
2020-04-10 11:06:56.130 15 RALLYDEBUG rally_openstack.cleanup.manager [-] Deleting neutron.port object s_rally_e61eb05c_vU90gfoM (eec25a21-2e5f-4450-9da5-895844980342)
2020-04-10 11:06:56.141 15 RALLYDEBUG rally_openstack.cleanup.manager [-] Deleting neutron.port object s_rally_e61eb05c_EJlfH92R (f0104d19-8139-486e-a429-9bab20d45b5d)
2020-04-10 11:06:56.327 15 RALLYDEBUG rally_openstack.cleanup.manager [-] Deleting neutron.port object s_rally_e61eb05c_r7NkCvS1 (f2f96018-c7a1-46a2-85f4-faf5efb69cc2)
2020-04-10 11:06:56.608 15 RALLYDEBUG rally_openstack.cleanup.manager [-] Deleting neutron.port object s_rally_e61eb05c_OVpBhcH0 (f30635fb-acd4-46f8-ab00-b90a3d26e37e)
2020-04-10 11:06:56.667 15 RALLYDEBUG rally_openstack.cleanup.manager [-] Deleting neutron.port object s_rally_e61eb05c_sj3lhh5n (f601e006-da19-40a4-ba88-64d38bf16e20)
2020-04-10 11:06:56.707 15 RALLYDEBUG rally_openstack.cleanup.manager [-] Deleting neutron.port object s_rally_e61eb05c_BlVpgtLV (f8e31166-e4b5-4718-b2fd-4bb89858a24a)
2020-04-10 11:06:56.818 15 RALLYDEBUG rally_openstack.cleanup.manager [-] Deleting neutron.port object s_rally_e61eb05c_0Cgw3DCJ (f9109927-1fe6-4cc1-8666-94ea9ed78f16)
2020-04-10 11:06:56.871 15 RALLYDEBUG rally_openstack.cleanup.manager [-] Deleting neutron.port object s_rally_e61eb05c_waUgfHQl (fe6a089c-2342-495a-822c-687ef76e589b)
2020-04-10 11:07:03.363 15 RALLYDEBUG rally_openstack.cleanup.manager [-] Cleaning up neutron subnet objects
2020-04-10 11:07:03.874 15 RALLYDEBUG rally_openstack.cleanup.manager [-] Deleting neutron.subnet object s_rally_e61eb05c_1ON69dCq (01a6b2b7-2369-4487-b92a-d45436267ea5)
2020-04-10 11:07:03.881 15 RALLYDEBUG rally_openstack.cleanup.manager [-] Deleting neutron.subnet object s_rally_e61eb05c_nxhYikc1 (03d93174-ee1b-4c3b-8867-0aec5d43d8b7)
2020-04-10 11:07:03.889 15 RALLYDEBUG rally_openstack.cleanup.manager [-] Deleting neutron.subnet object s_rally_e61eb05c_9PlluCsk (08de7c1d-99c8-46ec-84ef-d39e2c571c6f)
2020-04-10 11:07:03.896 15 RALLYDEBUG rally_openstack.cleanup.manager [-] Deleting neutron.subnet object s_rally_e61eb05c_xUH1Wjsz (0e0e1f61-a79e-42f0-a7ef-246b647a1a2c)
2020-04-10 11:07:03.910 15 RALLYDEBUG rally_openstack.cleanup.manager [-] Deleting neutron.subnet object s_rally_e61eb05c_OleCcw47 (0ef7e90e-8c32-46ea-9615-08489555e739)
2020-04-10 11:07:03.928 15 RALLYDEBUG rally_openstack.cleanup.manager [-] Deleting neutron.subnet object s_rally_e61eb05c_pPNnCH3F (10898e19-2990-4830-a0dc-eeec1ab4fef5)
2020-04-10 11:07:03.929 15 RALLYDEBUG rally_openstack.cleanup.manager [-] Deleting neutron.subnet object s_rally_e61eb05c_Gn91QvdX (0fbc47df-00c0-441f-9514-f26ae7e9b2a9)
2020-04-10 11:07:03.942 15 RALLYDEBUG rally_openstack.cleanup.manager [-] Deleting neutron.subnet object s_rally_e61eb05c_A30VEo0W (11298b75-f31b-4ee9-a379-06a89a30dc3a)
2020-04-10 11:07:03.966 15 RALLYDEBUG rally_openstack.cleanup.manager [-] Deleting neutron.subnet object s_rally_e61eb05c_6R5CJPDG (1268b31d-01a1-4daa-864e-ee593f316886)
2020-04-10 11:07:03.994 15 RALLYDEBUG rally_openstack.cleanup.manager [-] Deleting neutron.subnet object s_rally_e61eb05c_cbafi0og (16a8e9d0-95c5-40fb-8aa2-858455cceb03)
2020-04-10 11:07:04.016 15 RALLYDEBUG rally_openstack.cleanup.manager [-] Deleting neutron.subnet object s_rally_e61eb05c_GxHHokDQ (19f1396d-505b-453b-b259-a9234f8ccfcb)
2020-04-10 11:07:04.023 15 RALLYDEBUG rally_openstack.cleanup.manager [-] Deleting neutron.subnet object s_rally_e61eb05c_w9GZD5iF (197d8a9f-06ab-4250-8052-013987d034c2)
2020-04-10 11:07:04.029 15 RALLYDEBUG rally_openstack.cleanup.manager [-] Deleting neutron.subnet object s_rally_e61eb05c_JqLbFSNv (181f1dd9-6124-4c4b-8b56-4bc8c3c328d2)
2020-04-10 11:07:04.035 15 RALLYDEBUG rally_openstack.cleanup.manager [-] Deleting neutron.subnet object s_rally_e61eb05c_SNy79cfh (1b1a8bee-60fb-48bd-8fb2-5741045c7db2)
2020-04-10 11:07:04.056 15 RALLYDEBUG rally_openstack.cleanup.manager [-] Deleting neutron.subnet object s_rally_e61eb05c_YuRVCx9n (1c07fabe-53f1-49c9-bb48-aafbc156f250)
