2020-04-10 10:54:04.973 6 RALLYDEBUG rally.api [-] INFO logs from urllib3 and requests module are hide.
2020-04-10 10:54:04.973 6 RALLYDEBUG rally.api [-] urllib3 insecure warnings are hidden.
2020-04-10 10:54:04.973 6 RALLYDEBUG rally.api [-] ERROR log from boto module is hide.
2020-04-10 10:54:06.447 6 ERROR rally.cli.cliutils [-] Unexpected exception in CLI: DBRecordNotFound: Record for uuid or name is opnfv-rally not found in table envs
2020-04-10 10:54:06.447 6 ERROR rally.cli.cliutils
Traceback (most recent call last):
2020-04-10 10:54:06.447 6 ERROR rally.cli.cliutils
File "/usr/lib/python2.7/site-packages/rally/cli/cliutils.py", line 674, in run
2020-04-10 10:54:06.447 6 ERROR rally.cli.cliutils ret = fn(*fn_args, **fn_kwargs)
2020-04-10 10:54:06.447 6 ERROR rally.cli.cliutils File "", line 2, in destroy
2020-04-10 10:54:06.447 6 ERROR rally.cli.cliutils
File "/usr/lib/python2.7/site-packages/rally/cli/envutils.py", line 68, in default_from_global
2020-04-10 10:54:06.447 6 ERROR rally.cli.cliutils return f(*args, **kwargs)
2020-04-10 10:54:06.447 6 ERROR rally.cli.cliutils File "", line 2, in destroy
2020-04-10 10:54:06.447 6 ERROR rally.cli.cliutils
File "/usr/lib/python2.7/site-packages/rally/plugins/__init__.py", line 51, in ensure_plugins_are_loaded
2020-04-10 10:54:06.447 6 ERROR rally.cli.cliutils return f(*args, **kwargs)
2020-04-10 10:54:06.447 6 ERROR rally.cli.cliutils
File "/usr/lib/python2.7/site-packages/rally/cli/commands/deployment.py", line 157, in destroy
2020-04-10 10:54:06.447 6 ERROR rally.cli.cliutils api.deployment.destroy(deployment=deployment)
2020-04-10 10:54:06.447 6 ERROR rally.cli.cliutils
File "/usr/lib/python2.7/site-packages/rally/api.py", line 115, in destroy
2020-04-10 10:54:06.447 6 ERROR rally.cli.cliutils deploy = objects.Deployment.get(deployment)
2020-04-10 10:54:06.447 6 ERROR rally.cli.cliutils
File "/usr/lib/python2.7/site-packages/rally/common/objects/deploy.py", line 124, in get
2020-04-10 10:54:06.447 6 ERROR rally.cli.cliutils return Deployment(env_mgr.EnvManager.get(deploy))
2020-04-10 10:54:06.447 6 ERROR rally.cli.cliutils
File "/usr/lib/python2.7/site-packages/rally/env/env_mgr.py", line 212, in get
2020-04-10 10:54:06.447 6 ERROR rally.cli.cliutils return cls(db.env_get(uuid_or_name))
2020-04-10 10:54:06.447 6 ERROR rally.cli.cliutils
File "/usr/lib/python2.7/site-packages/rally/common/db/api.py", line 135, in wrapper
2020-04-10 10:54:06.447 6 ERROR rally.cli.cliutils result = f(session, *args, **kwargs)
2020-04-10 10:54:06.447 6 ERROR rally.cli.cliutils
File "/usr/lib/python2.7/site-packages/rally/common/db/api.py", line 521, in env_get
2020-04-10 10:54:06.447 6 ERROR rally.cli.cliutils criteria="uuid or name is %s" % uuid_or_name, table="envs")
2020-04-10 10:54:06.447 6 ERROR rally.cli.cliutils DBRecordNotFound: Record for uuid or name is opnfv-rally not found in table envs
2020-04-10 10:54:06.447 6 ERROR rally.cli.cliutils
2020-04-10 10:54:07.209 8 RALLYDEBUG rally.api [-] INFO logs from urllib3 and requests module are hide.
2020-04-10 10:54:07.209 8 RALLYDEBUG rally.api [-] urllib3 insecure warnings are hidden.
2020-04-10 10:54:07.209 8 RALLYDEBUG rally.api [-] ERROR log from boto module is hide.
2020-04-10 10:54:09.570 10 RALLYDEBUG rally.api [-] INFO logs from urllib3 and requests module are hide.
2020-04-10 10:54:09.570 10 RALLYDEBUG rally.api [-] urllib3 insecure warnings are hidden.
2020-04-10 10:54:09.570 10 RALLYDEBUG rally.api [-] ERROR log from boto module is hide.
2020-04-10 10:54:12.740 13 RALLYDEBUG rally.api [-] INFO logs from urllib3 and requests module are hide.
2020-04-10 10:54:12.740 13 RALLYDEBUG rally.api [-] urllib3 insecure warnings are hidden.
2020-04-10 10:54:12.740 13 RALLYDEBUG rally.api [-] ERROR log from boto module is hide.
2020-04-10 10:54:14.916 15 RALLYDEBUG rally.api [-] INFO logs from urllib3 and requests module are hide.
2020-04-10 10:54:14.916 15 RALLYDEBUG rally.api [-] urllib3 insecure warnings are hidden.
2020-04-10 10:54:14.917 15 RALLYDEBUG rally.api [-] ERROR log from boto module is hide.
2020-04-10 10:54:16.387 15 INFO rally.common.plugin.discover [-] Loading plugins from directories /root/.rally/plugins/*
2020-04-10 10:54:16.388 15 INFO rally.common.plugin.discover [-] Loaded module with plugins: /root/.rally/plugins/__init__.py
2020-04-10 10:54:16.390 15 INFO rally.common.plugin.discover [-] Loaded module with plugins: /root/.rally/plugins/trunk_scenario.py
2020-04-10 10:54:16.533 15 INFO rally.task.engine [-] Task 95088a20-aa60-4c9d-8882-0f08436b7dfb | Starting: Task validation.
2020-04-10 10:54:16.537 15 INFO rally.task.engine [-] Task 95088a20-aa60-4c9d-8882-0f08436b7dfb | Starting: Task validation of syntax.
2020-04-10 10:54:16.695 15 INFO rally.task.engine [-] Task 95088a20-aa60-4c9d-8882-0f08436b7dfb | Completed: Task validation of syntax.
2020-04-10 10:54:16.695 15 INFO rally.task.engine [-] Task 95088a20-aa60-4c9d-8882-0f08436b7dfb | Starting: Task validation of required platforms.
2020-04-10 10:54:16.767 15 INFO rally.task.engine [-] Task 95088a20-aa60-4c9d-8882-0f08436b7dfb | Completed: Task validation of required platforms.
2020-04-10 10:54:16.768 15 INFO rally.task.engine [-] Task 95088a20-aa60-4c9d-8882-0f08436b7dfb | Starting: Task validation of semantic.
2020-04-10 10:54:16.768 15 INFO rally.task.engine [-] Check health of the environment '2635a950-650f-43a9-b57a-59faadd283b7'.
2020-04-10 10:54:17.247 15 INFO rally.task.engine [-] Platform existing@openstack (available: True): OK!
2020-04-10 10:54:17.268 15 RALLYDEBUG rally_openstack.contexts.keystone.users [-] Creating 1 tenants using 20 threads
2020-04-10 10:54:17.533 15 RALLYDEBUG rally_openstack.contexts.keystone.users [-] Creating 1 users using 20 threads
2020-04-10 10:54:18.095 15 INFO rally.task.context [-] Task 95088a20-aa60-4c9d-8882-0f08436b7dfb | Context users@openstack setup() finished in 0.83 sec
2020-04-10 10:54:19.517 15 INFO rally.task.context [-] Task 95088a20-aa60-4c9d-8882-0f08436b7dfb | Context users@openstack cleanup() started
2020-04-10 10:54:21.917 15 INFO rally.task.context [-] Task 95088a20-aa60-4c9d-8882-0f08436b7dfb | Context users@openstack cleanup() finished in 2.40 sec
2020-04-10 10:54:21.918 15 INFO rally.task.engine [-] Task 95088a20-aa60-4c9d-8882-0f08436b7dfb | Completed: Task validation of semantic.
2020-04-10 10:54:21.918 15 INFO rally.task.engine [-] Task 95088a20-aa60-4c9d-8882-0f08436b7dfb | Completed: Task validation.
2020-04-10 10:54:21.918 15 INFO rally.api [-] Task 95088a20-aa60-4c9d-8882-0f08436b7dfb input file is valid.
2020-04-10 10:54:21.919 15 INFO rally.api [-] Run Task 95088a20-aa60-4c9d-8882-0f08436b7dfb against Deployment 2635a950-650f-43a9-b57a-59faadd283b7
2020-04-10 10:54:21.919 15 INFO rally.task.engine [-] Task 95088a20-aa60-4c9d-8882-0f08436b7dfb | Starting: Running task.
2020-04-10 10:54:21.956 15 INFO rally.task.engine [-] Running workload: position = 0 config = { "version": 2, "title": "A cropped version of a bigger task.", "description": "Auto-generated task from a single workload (uuid=87cf8721-1462-4bb3-b5bd-f3148e829755)", "subtasks": [ { "title": "NeutronNetworks.create_and_list_networks", "description": "Check performance of list_networks action and ensure > network quotas are not exceeded", "scenario": { "NeutronNetworks.create_and_list_networks": {} }, "contexts": { "users": { "tenants": 1, "users_per_tenant": 1 }, "quotas": { "neutron": { "network": 119 } } }, "runner": { "constant": { "times": 100, "concurrency": 20 } }, "hooks": [], "sla": { "max_avg_duration_per_atomic": { "neutron.list_networks": 15 }, "failure_rate": { "max": 0 } } } ] }
2020-04-10 10:54:21.977 15 RALLYDEBUG rally_openstack.contexts.keystone.users [-] Creating 1 tenants using 20 threads
2020-04-10 10:54:22.368 15 RALLYDEBUG rally_openstack.contexts.keystone.users [-] Creating 1 users using 20 threads
2020-04-10 10:54:22.954 15 INFO rally.task.context [-] Task 95088a20-aa60-4c9d-8882-0f08436b7dfb | Context users@openstack setup() finished in 0.98 sec
2020-04-10 10:54:23.487 15 INFO rally.task.context [-] Task 95088a20-aa60-4c9d-8882-0f08436b7dfb | Context quotas@openstack setup() finished in 0.53 sec
2020-04-10 10:54:23.487 15 INFO rally.task.context [-] Task 95088a20-aa60-4c9d-8882-0f08436b7dfb | Context cleanup@openstack setup() finished in 0.02 msec
2020-04-10 10:54:23.496 15 RALLYDEBUG rally.task.runner [-] Starting the constant runner (task UUID: 95088a20-aa60-4c9d-8882-0f08436b7dfb). timeout: 0 concurrency: 20 concurrency_per_worker: 1 times: 100 concurrency_overhead: 0 processes_to_start: 20 max_cpu_used: 88
2020-04-10 10:54:23.508 139 RALLYDEBUG rally.task.runner [-] Starting a worker. concurrency: 1 args: {} times: 100 method_name: run timeout: 0 duration: None cls:
2020-04-10 10:54:23.510 140 RALLYDEBUG rally.task.runner [-] Starting a worker. concurrency: 1 args: {} times: 100 method_name: run timeout: 0 duration: None cls:
2020-04-10 10:54:23.513 141 RALLYDEBUG rally.task.runner [-] Starting a worker. concurrency: 1 args: {} times: 100 method_name: run timeout: 0 duration: None cls:
2020-04-10 10:54:23.514 139 INFO rally.task.runner [-] Task 95088a20-aa60-4c9d-8882-0f08436b7dfb | ITER: 1 START
2020-04-10 10:54:23.516 140 INFO rally.task.runner [-] Task 95088a20-aa60-4c9d-8882-0f08436b7dfb | ITER: 2 START
2020-04-10 10:54:23.516 142 RALLYDEBUG rally.task.runner [-] Starting a worker. concurrency: 1 args: {} times: 100 method_name: run timeout: 0 duration: None cls:
2020-04-10 10:54:23.519 144 RALLYDEBUG rally.task.runner [-] Starting a worker. concurrency: 1 args: {} times: 100 method_name: run timeout: 0 duration: None cls:
2020-04-10 10:54:23.522 142 INFO rally.task.runner [-] Task 95088a20-aa60-4c9d-8882-0f08436b7dfb | ITER: 4 START
2020-04-10 10:54:23.522 148 RALLYDEBUG rally.task.runner [-] Starting a worker. concurrency: 1 args: {} times: 100 method_name: run timeout: 0 duration: None cls:
2020-04-10 10:54:23.525 144 INFO rally.task.runner [-] Task 95088a20-aa60-4c9d-8882-0f08436b7dfb | ITER: 5 START
2020-04-10 10:54:23.525 141 INFO rally.task.runner [-] Task 95088a20-aa60-4c9d-8882-0f08436b7dfb | ITER: 3 START
2020-04-10 10:54:23.525 151 RALLYDEBUG rally.task.runner [-] Starting a worker. concurrency: 1 args: {} times: 100 method_name: run timeout: 0 duration: None cls:
2020-04-10 10:54:23.527 154 RALLYDEBUG rally.task.runner [-] Starting a worker. concurrency: 1 args: {} times: 100 method_name: run timeout: 0 duration: None cls:
2020-04-10 10:54:23.531 157 RALLYDEBUG rally.task.runner [-] Starting a worker. concurrency: 1 args: {} times: 100 method_name: run timeout: 0 duration: None cls:
2020-04-10 10:54:23.533 160 RALLYDEBUG rally.task.runner [-] Starting a worker. concurrency: 1 args: {} times: 100 method_name: run timeout: 0 duration: None cls:
2020-04-10 10:54:23.534 151 INFO rally.task.runner [-] Task 95088a20-aa60-4c9d-8882-0f08436b7dfb | ITER: 7 START
2020-04-10 10:54:23.536 148 INFO rally.task.runner [-] Task 95088a20-aa60-4c9d-8882-0f08436b7dfb | ITER: 6 START
2020-04-10 10:54:23.537 157 INFO rally.task.runner [-] Task 95088a20-aa60-4c9d-8882-0f08436b7dfb | ITER: 9 START
2020-04-10 10:54:23.537 162 RALLYDEBUG rally.task.runner [-] Starting a worker. concurrency: 1 args: {} times: 100 method_name: run timeout: 0 duration: None cls:
2020-04-10 10:54:23.539 160 INFO rally.task.runner [-] Task 95088a20-aa60-4c9d-8882-0f08436b7dfb | ITER: 10 START
2020-04-10 10:54:23.541 165 RALLYDEBUG rally.task.runner [-] Starting a worker. concurrency: 1 args: {} times: 100 method_name: run timeout: 0 duration: None cls:
2020-04-10 10:54:23.542 169 RALLYDEBUG rally.task.runner [-] Starting a worker. concurrency: 1 args: {} times: 100 method_name: run timeout: 0 duration: None cls:
2020-04-10 10:54:23.543 154 INFO rally.task.runner [-] Task 95088a20-aa60-4c9d-8882-0f08436b7dfb | ITER: 8 START
2020-04-10 10:54:23.544 162 INFO rally.task.runner [-] Task 95088a20-aa60-4c9d-8882-0f08436b7dfb | ITER: 11 START
2020-04-10 10:54:23.544 172 RALLYDEBUG rally.task.runner [-] Starting a worker. concurrency: 1 args: {} times: 100 method_name: run timeout: 0 duration: None cls:
2020-04-10 10:54:23.547 173 RALLYDEBUG rally.task.runner [-] Starting a worker. concurrency: 1 args: {} times: 100 method_name: run timeout: 0 duration: None cls:
2020-04-10 10:54:23.549 172 INFO rally.task.runner [-] Task 95088a20-aa60-4c9d-8882-0f08436b7dfb | ITER: 14 START
2020-04-10 10:54:23.552 173 INFO rally.task.runner [-] Task 95088a20-aa60-4c9d-8882-0f08436b7dfb | ITER: 15 START
2020-04-10 10:54:23.554 165 INFO rally.task.runner [-] Task 95088a20-aa60-4c9d-8882-0f08436b7dfb | ITER: 12 START
2020-04-10 10:54:23.555 178 RALLYDEBUG rally.task.runner [-] Starting a worker. concurrency: 1 args: {} times: 100 method_name: run timeout: 0 duration: None cls:
2020-04-10 10:54:23.556 183 RALLYDEBUG rally.task.runner [-] Starting a worker. concurrency: 1 args: {} times: 100 method_name: run timeout: 0 duration: None cls:
2020-04-10 10:54:23.557 176 RALLYDEBUG rally.task.runner [-] Starting a worker. concurrency: 1 args: {} times: 100 method_name: run timeout: 0 duration: None cls:
2020-04-10 10:54:23.560 186 RALLYDEBUG rally.task.runner [-] Starting a worker. concurrency: 1 args: {} times: 100 method_name: run timeout: 0 duration: None cls:
2020-04-10 10:54:23.561 169 INFO rally.task.runner [-] Task 95088a20-aa60-4c9d-8882-0f08436b7dfb | ITER: 13 START
2020-04-10 10:54:23.561 183 INFO rally.task.runner [-] Task 95088a20-aa60-4c9d-8882-0f08436b7dfb | ITER: 17 START
2020-04-10 10:54:23.561 178 INFO rally.task.runner [-] Task 95088a20-aa60-4c9d-8882-0f08436b7dfb | ITER: 16 START
2020-04-10 10:54:23.561 188 RALLYDEBUG rally.task.runner [-] Starting a worker. concurrency: 1 args: {} times: 100 method_name: run timeout: 0 duration: None cls:
2020-04-10 10:54:23.566 186 INFO rally.task.runner [-] Task 95088a20-aa60-4c9d-8882-0f08436b7dfb | ITER: 19 START
2020-04-10 10:54:23.566 188 INFO rally.task.runner [-] Task 95088a20-aa60-4c9d-8882-0f08436b7dfb | ITER: 20 START
2020-04-10 10:54:23.570 176 INFO rally.task.runner [-] Task 95088a20-aa60-4c9d-8882-0f08436b7dfb | ITER: 18 START
2020-04-10 10:54:26.181 141 INFO rally.task.runner [-] Task 95088a20-aa60-4c9d-8882-0f08436b7dfb | ITER: 3 END: OK
2020-04-10 10:54:26.186 141 INFO rally.task.runner [-] Task 95088a20-aa60-4c9d-8882-0f08436b7dfb | ITER: 21 START
2020-04-10 10:54:26.190 151 INFO rally.task.runner [-] Task 95088a20-aa60-4c9d-8882-0f08436b7dfb | ITER: 7 END: OK
2020-04-10 10:54:26.194 151 INFO rally.task.runner [-] Task 95088a20-aa60-4c9d-8882-0f08436b7dfb | ITER: 22 START
2020-04-10 10:54:26.357 173 INFO rally.task.runner [-] Task 95088a20-aa60-4c9d-8882-0f08436b7dfb | ITER: 15 END: OK
2020-04-10 10:54:26.362 173 INFO rally.task.runner [-] Task 95088a20-aa60-4c9d-8882-0f08436b7dfb | ITER: 23 START
2020-04-10 10:54:26.376 186 INFO rally.task.runner [-] Task 95088a20-aa60-4c9d-8882-0f08436b7dfb | ITER: 19 END: OK
2020-04-10 10:54:26.380 186 INFO rally.task.runner [-] Task 95088a20-aa60-4c9d-8882-0f08436b7dfb | ITER: 24 START
2020-04-10 10:54:27.300 178 INFO rally.task.runner [-] Task 95088a20-aa60-4c9d-8882-0f08436b7dfb | ITER: 16 END: OK
2020-04-10 10:54:27.305 178 INFO rally.task.runner [-] Task 95088a20-aa60-4c9d-8882-0f08436b7dfb | ITER: 25 START
2020-04-10 10:54:27.397 169 INFO rally.task.runner [-] Task 95088a20-aa60-4c9d-8882-0f08436b7dfb | ITER: 13 END: OK
2020-04-10 10:54:27.402 169 INFO rally.task.runner [-] Task 95088a20-aa60-4c9d-8882-0f08436b7dfb | ITER: 26 START
2020-04-10 10:54:27.483 154 INFO rally.task.runner [-] Task 95088a20-aa60-4c9d-8882-0f08436b7dfb | ITER: 8 END: OK
2020-04-10 10:54:27.488 154 INFO rally.task.runner [-] Task 95088a20-aa60-4c9d-8882-0f08436b7dfb | ITER: 27 START
2020-04-10 10:54:27.630 165 INFO rally.task.runner [-] Task 95088a20-aa60-4c9d-8882-0f08436b7dfb | ITER: 12 END: OK
2020-04-10 10:54:27.635 165 INFO rally.task.runner [-] Task 95088a20-aa60-4c9d-8882-0f08436b7dfb | ITER: 28 START
2020-04-10 10:54:27.972 157 INFO rally.task.runner [-] Task 95088a20-aa60-4c9d-8882-0f08436b7dfb | ITER: 9 END: OK
2020-04-10 10:54:27.977 157 INFO rally.task.runner [-] Task 95088a20-aa60-4c9d-8882-0f08436b7dfb | ITER: 29 START
2020-04-10 10:54:27.990 140 INFO rally.task.runner [-] Task 95088a20-aa60-4c9d-8882-0f08436b7dfb | ITER: 2 END: OK
2020-04-10 10:54:27.995 140 INFO rally.task.runner [-] Task 95088a20-aa60-4c9d-8882-0f08436b7dfb | ITER: 30 START
2020-04-10 10:54:28.130 172 INFO rally.task.runner [-] Task 95088a20-aa60-4c9d-8882-0f08436b7dfb | ITER: 14 END: OK
2020-04-10 10:54:28.135 172 INFO rally.task.runner [-] Task 95088a20-aa60-4c9d-8882-0f08436b7dfb | ITER: 31 START
2020-04-10 10:54:28.204 144 INFO rally.task.runner [-] Task 95088a20-aa60-4c9d-8882-0f08436b7dfb | ITER: 5 END: OK
2020-04-10 10:54:28.209 144 INFO rally.task.runner [-] Task 95088a20-aa60-4c9d-8882-0f08436b7dfb | ITER: 32 START
2020-04-10 10:54:28.309 183 INFO rally.task.runner [-] Task 95088a20-aa60-4c9d-8882-0f08436b7dfb | ITER: 17 END: OK
2020-04-10 10:54:28.314 183 INFO rally.task.runner [-] Task 95088a20-aa60-4c9d-8882-0f08436b7dfb | ITER: 33 START
2020-04-10 10:54:28.403 186 INFO rally.task.runner [-] Task 95088a20-aa60-4c9d-8882-0f08436b7dfb | ITER: 24 END: OK
2020-04-10 10:54:28.407 186 INFO rally.task.runner [-] Task 95088a20-aa60-4c9d-8882-0f08436b7dfb | ITER: 34 START
2020-04-10 10:54:28.424 188 INFO rally.task.runner [-] Task 95088a20-aa60-4c9d-8882-0f08436b7dfb | ITER: 20 END: OK
2020-04-10 10:54:28.427 188 INFO rally.task.runner [-] Task 95088a20-aa60-4c9d-8882-0f08436b7dfb | ITER: 35 START
2020-04-10 10:54:28.514 141 INFO rally.task.runner [-] Task 95088a20-aa60-4c9d-8882-0f08436b7dfb | ITER: 21 END: OK
2020-04-10 10:54:28.518 141 INFO rally.task.runner [-] Task 95088a20-aa60-4c9d-8882-0f08436b7dfb | ITER: 36 START
2020-04-10 10:54:28.542 139 INFO rally.task.runner [-] Task 95088a20-aa60-4c9d-8882-0f08436b7dfb | ITER: 1 END: OK
2020-04-10 10:54:28.547 139 INFO rally.task.runner [-] Task 95088a20-aa60-4c9d-8882-0f08436b7dfb | ITER: 37 START
2020-04-10 10:54:28.607 148 INFO rally.task.runner [-] Task 95088a20-aa60-4c9d-8882-0f08436b7dfb | ITER: 6 END: OK
2020-04-10 10:54:28.611 148 INFO rally.task.runner [-] Task 95088a20-aa60-4c9d-8882-0f08436b7dfb | ITER: 38 START
2020-04-10 10:54:28.663 151 INFO rally.task.runner [-] Task 95088a20-aa60-4c9d-8882-0f08436b7dfb | ITER: 22 END: OK
2020-04-10 10:54:28.666 151 INFO rally.task.runner [-] Task 95088a20-aa60-4c9d-8882-0f08436b7dfb | ITER: 39 START
2020-04-10 10:54:30.581 173 INFO rally.task.runner [-] Task 95088a20-aa60-4c9d-8882-0f08436b7dfb | ITER: 23 END: OK
2020-04-10 10:54:30.585 173 INFO rally.task.runner [-] Task 95088a20-aa60-4c9d-8882-0f08436b7dfb | ITER: 40 START
2020-04-10 10:54:31.170 162 INFO rally.task.runner [-] Task 95088a20-aa60-4c9d-8882-0f08436b7dfb | ITER: 11 END: OK
2020-04-10 10:54:31.170 176 INFO rally.task.runner [-] Task 95088a20-aa60-4c9d-8882-0f08436b7dfb | ITER: 18 END: OK
2020-04-10 10:54:31.171 160 INFO rally.task.runner [-] Task 95088a20-aa60-4c9d-8882-0f08436b7dfb | ITER: 10 END: OK
2020-04-10 10:54:31.174 162 INFO rally.task.runner [-] Task 95088a20-aa60-4c9d-8882-0f08436b7dfb | ITER: 42 START
2020-04-10 10:54:31.175 176 INFO rally.task.runner [-] Task 95088a20-aa60-4c9d-8882-0f08436b7dfb | ITER: 41 START
2020-04-10 10:54:31.176 160 INFO rally.task.runner [-] Task 95088a20-aa60-4c9d-8882-0f08436b7dfb | ITER: 43 START
2020-04-10 10:54:31.637 142 INFO rally.task.runner [-] Task 95088a20-aa60-4c9d-8882-0f08436b7dfb | ITER: 4 END: OK
2020-04-10 10:54:31.643 142 INFO rally.task.runner [-] Task 95088a20-aa60-4c9d-8882-0f08436b7dfb | ITER: 44 START
2020-04-10 10:54:34.065 169 INFO rally.task.runner [-] Task 95088a20-aa60-4c9d-8882-0f08436b7dfb | ITER: 26 END: OK
2020-04-10 10:54:34.068 169 INFO rally.task.runner [-] Task 95088a20-aa60-4c9d-8882-0f08436b7dfb | ITER: 45 START
2020-04-10 10:54:34.265 154 INFO rally.task.runner [-] Task 95088a20-aa60-4c9d-8882-0f08436b7dfb | ITER: 27 END: OK
2020-04-10 10:54:34.269 154 INFO rally.task.runner [-] Task 95088a20-aa60-4c9d-8882-0f08436b7dfb | ITER: 46 START
2020-04-10 10:54:34.396 148 INFO rally.task.runner [-] Task 95088a20-aa60-4c9d-8882-0f08436b7dfb | ITER: 38 END: OK
2020-04-10 10:54:34.399 148 INFO rally.task.runner [-] Task 95088a20-aa60-4c9d-8882-0f08436b7dfb | ITER: 47 START
2020-04-10 10:54:34.414 157 INFO rally.task.runner [-] Task 95088a20-aa60-4c9d-8882-0f08436b7dfb | ITER: 29 END: OK
2020-04-10 10:54:34.418 157 INFO rally.task.runner [-] Task 95088a20-aa60-4c9d-8882-0f08436b7dfb | ITER: 48 START
2020-04-10 10:54:34.480 140 INFO rally.task.runner [-] Task 95088a20-aa60-4c9d-8882-0f08436b7dfb | ITER: 30 END: OK
2020-04-10 10:54:34.483 140 INFO rally.task.runner [-] Task 95088a20-aa60-4c9d-8882-0f08436b7dfb | ITER: 49 START
2020-04-10 10:54:34.667 178 INFO rally.task.runner [-] Task 95088a20-aa60-4c9d-8882-0f08436b7dfb | ITER: 25 END: OK
2020-04-10 10:54:34.671 178 INFO rally.task.runner [-] Task 95088a20-aa60-4c9d-8882-0f08436b7dfb | ITER: 50 START
2020-04-10 10:54:34.699 165 INFO rally.task.runner [-] Task 95088a20-aa60-4c9d-8882-0f08436b7dfb | ITER: 28 END: OK
2020-04-10 10:54:34.702 165 INFO rally.task.runner [-] Task 95088a20-aa60-4c9d-8882-0f08436b7dfb | ITER: 51 START
2020-04-10 10:54:34.941 176 INFO rally.task.runner [-] Task 95088a20-aa60-4c9d-8882-0f08436b7dfb | ITER: 41 END: OK
2020-04-10 10:54:34.945 176 INFO rally.task.runner [-] Task 95088a20-aa60-4c9d-8882-0f08436b7dfb | ITER: 52 START
2020-04-10 10:54:34.998 188 INFO rally.task.runner [-] Task 95088a20-aa60-4c9d-8882-0f08436b7dfb | ITER: 35 END: OK
2020-04-10 10:54:35.002 188 INFO rally.task.runner [-] Task 95088a20-aa60-4c9d-8882-0f08436b7dfb | ITER: 53 START
2020-04-10 10:54:35.004 144 INFO rally.task.runner [-] Task 95088a20-aa60-4c9d-8882-0f08436b7dfb | ITER: 32 END: OK
2020-04-10 10:54:35.007 144 INFO rally.task.runner [-] Task 95088a20-aa60-4c9d-8882-0f08436b7dfb | ITER: 54 START
2020-04-10 10:54:35.044 162 INFO rally.task.runner [-] Task 95088a20-aa60-4c9d-8882-0f08436b7dfb | ITER: 42 END: OK
2020-04-10 10:54:35.048 162 INFO rally.task.runner [-] Task 95088a20-aa60-4c9d-8882-0f08436b7dfb | ITER: 55 START
2020-04-10 10:54:35.162 139 INFO rally.task.runner [-] Task 95088a20-aa60-4c9d-8882-0f08436b7dfb | ITER: 37 END: OK
2020-04-10 10:54:35.165 139 INFO rally.task.runner [-] Task 95088a20-aa60-4c9d-8882-0f08436b7dfb | ITER: 56 START
2020-04-10 10:54:35.360 173 INFO rally.task.runner [-] Task 95088a20-aa60-4c9d-8882-0f08436b7dfb | ITER: 40 END: OK
2020-04-10 10:54:35.364 173 INFO rally.task.runner [-] Task 95088a20-aa60-4c9d-8882-0f08436b7dfb | ITER: 57 START
2020-04-10 10:54:36.565 186 INFO rally.task.runner [-] Task 95088a20-aa60-4c9d-8882-0f08436b7dfb | ITER: 34 END: OK
2020-04-10 10:54:36.568 141 INFO rally.task.runner [-] Task 95088a20-aa60-4c9d-8882-0f08436b7dfb | ITER: 36 END: OK
2020-04-10 10:54:36.569 186 INFO rally.task.runner [-] Task 95088a20-aa60-4c9d-8882-0f08436b7dfb | ITER: 58 START
2020-04-10 10:54:36.572 141 INFO rally.task.runner [-] Task 95088a20-aa60-4c9d-8882-0f08436b7dfb | ITER: 59 START
2020-04-10 10:54:37.964 172 INFO rally.task.runner [-] Task 95088a20-aa60-4c9d-8882-0f08436b7dfb | ITER: 31 END: OK
2020-04-10 10:54:37.968 172 INFO rally.task.runner [-] Task 95088a20-aa60-4c9d-8882-0f08436b7dfb | ITER: 60 START
2020-04-10 10:54:38.165 183 INFO rally.task.runner [-] Task 95088a20-aa60-4c9d-8882-0f08436b7dfb | ITER: 33 END: OK
2020-04-10 10:54:38.168 183 INFO rally.task.runner [-] Task 95088a20-aa60-4c9d-8882-0f08436b7dfb | ITER: 61 START
2020-04-10 10:54:38.891 151 INFO rally.task.runner [-] Task 95088a20-aa60-4c9d-8882-0f08436b7dfb | ITER: 39 END: OK
2020-04-10 10:54:38.895 151 INFO rally.task.runner [-] Task 95088a20-aa60-4c9d-8882-0f08436b7dfb | ITER: 62 START
2020-04-10 10:54:39.059 169 INFO rally.task.runner [-] Task 95088a20-aa60-4c9d-8882-0f08436b7dfb | ITER: 45 END: OK
2020-04-10 10:54:39.063 169 INFO rally.task.runner [-] Task 95088a20-aa60-4c9d-8882-0f08436b7dfb | ITER: 63 START
2020-04-10 10:54:39.782 160 INFO rally.task.runner [-] Task 95088a20-aa60-4c9d-8882-0f08436b7dfb | ITER: 43 END: OK
2020-04-10 10:54:39.786 160 INFO rally.task.runner [-] Task 95088a20-aa60-4c9d-8882-0f08436b7dfb | ITER: 64 START
2020-04-10 10:54:40.129 140 INFO rally.task.runner [-] Task 95088a20-aa60-4c9d-8882-0f08436b7dfb | ITER: 49 END: OK
2020-04-10 10:54:40.133 140 INFO rally.task.runner [-] Task 95088a20-aa60-4c9d-8882-0f08436b7dfb | ITER: 65 START
2020-04-10 10:54:40.172 142 INFO rally.task.runner [-] Task 95088a20-aa60-4c9d-8882-0f08436b7dfb | ITER: 44 END: OK
2020-04-10 10:54:40.176 142 INFO rally.task.runner [-] Task 95088a20-aa60-4c9d-8882-0f08436b7dfb | ITER: 66 START
2020-04-10 10:54:40.256 157 INFO rally.task.runner [-] Task 95088a20-aa60-4c9d-8882-0f08436b7dfb | ITER: 48 END: OK
2020-04-10 10:54:40.259 157 INFO rally.task.runner [-] Task 95088a20-aa60-4c9d-8882-0f08436b7dfb | ITER: 67 START
2020-04-10 10:54:40.290 178 INFO rally.task.runner [-] Task 95088a20-aa60-4c9d-8882-0f08436b7dfb | ITER: 50 END: OK
2020-04-10 10:54:40.294 178 INFO rally.task.runner [-] Task 95088a20-aa60-4c9d-8882-0f08436b7dfb | ITER: 68 START
2020-04-10 10:54:40.726 144 INFO rally.task.runner [-] Task 95088a20-aa60-4c9d-8882-0f08436b7dfb | ITER: 54 END: OK
2020-04-10 10:54:40.730 144 INFO rally.task.runner [-] Task 95088a20-aa60-4c9d-8882-0f08436b7dfb | ITER: 69 START
2020-04-10 10:54:41.004 173 INFO rally.task.runner [-] Task 95088a20-aa60-4c9d-8882-0f08436b7dfb | ITER: 57 END: OK
2020-04-10 10:54:41.007 173 INFO rally.task.runner [-] Task 95088a20-aa60-4c9d-8882-0f08436b7dfb | ITER: 70 START
2020-04-10 10:54:41.146 154 INFO rally.task.runner [-] Task 95088a20-aa60-4c9d-8882-0f08436b7dfb | ITER: 46 END: OK
2020-04-10 10:54:41.147 148 INFO rally.task.runner [-] Task 95088a20-aa60-4c9d-8882-0f08436b7dfb | ITER: 47 END: OK
2020-04-10 10:54:41.149 154 INFO rally.task.runner [-] Task 95088a20-aa60-4c9d-8882-0f08436b7dfb | ITER: 71 START
2020-04-10 10:54:41.150 148 INFO rally.task.runner [-] Task 95088a20-aa60-4c9d-8882-0f08436b7dfb | ITER: 72 START
2020-04-10 10:54:41.905 188 INFO rally.task.runner [-] Task 95088a20-aa60-4c9d-8882-0f08436b7dfb | ITER: 53 END: OK
2020-04-10 10:54:41.909 188 INFO rally.task.runner [-] Task 95088a20-aa60-4c9d-8882-0f08436b7dfb | ITER: 73 START
2020-04-10 10:54:42.348 165 INFO rally.task.runner [-] Task 95088a20-aa60-4c9d-8882-0f08436b7dfb | ITER: 51 END: OK
2020-04-10 10:54:42.350 141 INFO rally.task.runner [-] Task 95088a20-aa60-4c9d-8882-0f08436b7dfb | ITER: 59 END: OK
2020-04-10 10:54:42.352 165 INFO rally.task.runner [-] Task 95088a20-aa60-4c9d-8882-0f08436b7dfb | ITER: 74 START
2020-04-10 10:54:42.354 141 INFO rally.task.runner [-] Task 95088a20-aa60-4c9d-8882-0f08436b7dfb | ITER: 75 START
2020-04-10 10:54:42.355 186 INFO rally.task.runner [-] Task 95088a20-aa60-4c9d-8882-0f08436b7dfb | ITER: 58 END: OK
2020-04-10 10:54:42.359 186 INFO rally.task.runner [-] Task 95088a20-aa60-4c9d-8882-0f08436b7dfb | ITER: 76 START
2020-04-10 10:54:42.359 139 INFO rally.task.runner [-] Task 95088a20-aa60-4c9d-8882-0f08436b7dfb | ITER: 56 END: OK
2020-04-10 10:54:42.360 176 INFO rally.task.runner [-] Task 95088a20-aa60-4c9d-8882-0f08436b7dfb | ITER: 52 END: OK
2020-04-10 10:54:42.363 139 INFO rally.task.runner [-] Task 95088a20-aa60-4c9d-8882-0f08436b7dfb | ITER: 77 START
2020-04-10 10:54:42.367 176 INFO rally.task.runner [-] Task 95088a20-aa60-4c9d-8882-0f08436b7dfb | ITER: 78 START
2020-04-10 10:54:42.482 183 INFO rally.task.runner [-] Task 95088a20-aa60-4c9d-8882-0f08436b7dfb | ITER: 61 END: OK
2020-04-10 10:54:42.486 183 INFO rally.task.runner [-] Task 95088a20-aa60-4c9d-8882-0f08436b7dfb | ITER: 79 START
2020-04-10 10:54:42.908 162 INFO rally.task.runner [-] Task 95088a20-aa60-4c9d-8882-0f08436b7dfb | ITER: 55 END: OK
2020-04-10 10:54:42.908 151 INFO rally.task.runner [-] Task 95088a20-aa60-4c9d-8882-0f08436b7dfb | ITER: 62 END: OK
2020-04-10 10:54:42.910 172 INFO rally.task.runner [-] Task 95088a20-aa60-4c9d-8882-0f08436b7dfb | ITER: 60 END: OK
2020-04-10 10:54:42.911 162 INFO rally.task.runner [-] Task 95088a20-aa60-4c9d-8882-0f08436b7dfb | ITER: 80 START
2020-04-10 10:54:42.912 151 INFO rally.task.runner [-] Task 95088a20-aa60-4c9d-8882-0f08436b7dfb | ITER: 81 START
2020-04-10 10:54:42.914 172 INFO rally.task.runner [-] Task 95088a20-aa60-4c9d-8882-0f08436b7dfb | ITER: 82 START
2020-04-10 10:54:43.166 157 INFO rally.task.runner [-] Task 95088a20-aa60-4c9d-8882-0f08436b7dfb | ITER: 67 END: OK
2020-04-10 10:54:43.170 157 INFO rally.task.runner [-] Task 95088a20-aa60-4c9d-8882-0f08436b7dfb | ITER: 83 START
2020-04-10 10:54:43.189 169 INFO rally.task.runner [-] Task 95088a20-aa60-4c9d-8882-0f08436b7dfb | ITER: 63 END: OK
2020-04-10 10:54:43.193 169 INFO rally.task.runner [-] Task 95088a20-aa60-4c9d-8882-0f08436b7dfb | ITER: 84 START
2020-04-10 10:54:43.791 140 INFO rally.task.runner [-] Task 95088a20-aa60-4c9d-8882-0f08436b7dfb | ITER: 65 END: OK
2020-04-10 10:54:43.795 140 INFO rally.task.runner [-] Task 95088a20-aa60-4c9d-8882-0f08436b7dfb | ITER: 85 START
2020-04-10 10:54:43.852 142 INFO rally.task.runner [-] Task 95088a20-aa60-4c9d-8882-0f08436b7dfb | ITER: 66 END: OK
2020-04-10 10:54:43.856 142 INFO rally.task.runner [-] Task 95088a20-aa60-4c9d-8882-0f08436b7dfb | ITER: 86 START
2020-04-10 10:54:44.408 148 INFO rally.task.runner [-] Task 95088a20-aa60-4c9d-8882-0f08436b7dfb | ITER: 72 END: OK
2020-04-10 10:54:44.412 148 INFO rally.task.runner [-] Task 95088a20-aa60-4c9d-8882-0f08436b7dfb | ITER: 87 START
2020-04-10 10:54:44.616 154 INFO rally.task.runner [-] Task 95088a20-aa60-4c9d-8882-0f08436b7dfb | ITER: 71 END: OK
2020-04-10 10:54:44.620 154 INFO rally.task.runner [-] Task 95088a20-aa60-4c9d-8882-0f08436b7dfb | ITER: 88 START
2020-04-10 10:54:44.841 178 INFO rally.task.runner [-] Task 95088a20-aa60-4c9d-8882-0f08436b7dfb | ITER: 68 END: OK
2020-04-10 10:54:44.844 178 INFO rally.task.runner [-] Task 95088a20-aa60-4c9d-8882-0f08436b7dfb | ITER: 89 START
2020-04-10 10:54:45.004 160 INFO rally.task.runner [-] Task 95088a20-aa60-4c9d-8882-0f08436b7dfb | ITER: 64 END: OK
2020-04-10 10:54:45.008 160 INFO rally.task.runner [-] Task 95088a20-aa60-4c9d-8882-0f08436b7dfb | ITER: 90 START
2020-04-10 10:54:45.631 165 INFO rally.task.runner [-] Task 95088a20-aa60-4c9d-8882-0f08436b7dfb | ITER: 74 END: OK
2020-04-10 10:54:45.634 165 INFO rally.task.runner [-] Task 95088a20-aa60-4c9d-8882-0f08436b7dfb | ITER: 91 START
2020-04-10 10:54:45.984 162 INFO rally.task.runner [-] Task 95088a20-aa60-4c9d-8882-0f08436b7dfb | ITER: 80 END: OK
2020-04-10 10:54:45.987 162 INFO rally.task.runner [-] Task 95088a20-aa60-4c9d-8882-0f08436b7dfb | ITER: 92 START
2020-04-10 10:54:46.252 188 INFO rally.task.runner [-] Task 95088a20-aa60-4c9d-8882-0f08436b7dfb | ITER: 73 END: OK
2020-04-10 10:54:46.256 188 INFO rally.task.runner [-] Task 95088a20-aa60-4c9d-8882-0f08436b7dfb | ITER: 93 START
2020-04-10 10:54:46.527 176 INFO rally.task.runner [-] Task 95088a20-aa60-4c9d-8882-0f08436b7dfb | ITER: 78 END: OK
2020-04-10 10:54:46.531 176 INFO rally.task.runner [-] Task 95088a20-aa60-4c9d-8882-0f08436b7dfb | ITER: 94 START
2020-04-10 10:54:46.607 139 INFO rally.task.runner [-] Task 95088a20-aa60-4c9d-8882-0f08436b7dfb | ITER: 77 END: OK
2020-04-10 10:54:46.607 144 INFO rally.task.runner [-] Task 95088a20-aa60-4c9d-8882-0f08436b7dfb | ITER: 69 END: OK
2020-04-10 10:54:46.608 141 INFO rally.task.runner [-] Task 95088a20-aa60-4c9d-8882-0f08436b7dfb | ITER: 75 END: OK
2020-04-10 10:54:46.610 173 INFO rally.task.runner [-] Task 95088a20-aa60-4c9d-8882-0f08436b7dfb | ITER: 70 END: OK
2020-04-10 10:54:46.611 139 INFO rally.task.runner [-] Task 95088a20-aa60-4c9d-8882-0f08436b7dfb | ITER: 95 START
2020-04-10 10:54:46.611 144 INFO rally.task.runner [-] Task 95088a20-aa60-4c9d-8882-0f08436b7dfb | ITER: 96 START
2020-04-10 10:54:46.611 141 INFO rally.task.runner [-] Task 95088a20-aa60-4c9d-8882-0f08436b7dfb | ITER: 97 START
2020-04-10 10:54:46.613 173 INFO rally.task.runner [-] Task 95088a20-aa60-4c9d-8882-0f08436b7dfb | ITER: 98 START
2020-04-10 10:54:47.006 172 INFO rally.task.runner [-] Task 95088a20-aa60-4c9d-8882-0f08436b7dfb | ITER: 82 END: OK
2020-04-10 10:54:47.010 172 INFO rally.task.runner [-] Task 95088a20-aa60-4c9d-8882-0f08436b7dfb | ITER: 99 START
2020-04-10 10:54:48.876 186 INFO rally.task.runner [-] Task 95088a20-aa60-4c9d-8882-0f08436b7dfb | ITER: 76 END: OK
2020-04-10 10:54:48.880 186 INFO rally.task.runner [-] Task 95088a20-aa60-4c9d-8882-0f08436b7dfb | ITER: 100 START
2020-04-10 10:54:48.947 148 INFO rally.task.runner [-] Task 95088a20-aa60-4c9d-8882-0f08436b7dfb | ITER: 87 END: OK
2020-04-10 10:54:48.963 183 INFO rally.task.runner [-] Task 95088a20-aa60-4c9d-8882-0f08436b7dfb | ITER: 79 END: OK
2020-04-10 10:54:48.963 151 INFO rally.task.runner [-] Task 95088a20-aa60-4c9d-8882-0f08436b7dfb | ITER: 81 END: OK
2020-04-10 10:54:49.059 169 INFO rally.task.runner [-] Task 95088a20-aa60-4c9d-8882-0f08436b7dfb | ITER: 84 END: OK
2020-04-10 10:54:49.234 157 INFO rally.task.runner [-] Task 95088a20-aa60-4c9d-8882-0f08436b7dfb | ITER: 83 END: OK
2020-04-10 10:54:49.250 140 INFO rally.task.runner [-] Task 95088a20-aa60-4c9d-8882-0f08436b7dfb | ITER: 85 END: OK
2020-04-10 10:54:49.871 162 INFO rally.task.runner [-] Task 95088a20-aa60-4c9d-8882-0f08436b7dfb | ITER: 92 END: OK
2020-04-10 10:54:49.987 178 INFO rally.task.runner [-] Task 95088a20-aa60-4c9d-8882-0f08436b7dfb | ITER: 89 END: OK
2020-04-10 10:54:50.004 154 INFO rally.task.runner [-] Task 95088a20-aa60-4c9d-8882-0f08436b7dfb | ITER: 88 END: OK
2020-04-10 10:54:50.219 142 INFO rally.task.runner [-] Task 95088a20-aa60-4c9d-8882-0f08436b7dfb | ITER: 86 END: OK
2020-04-10 10:54:50.226 176 INFO rally.task.runner [-] Task 95088a20-aa60-4c9d-8882-0f08436b7dfb | ITER: 94 END: OK
2020-04-10 10:54:50.228 165 INFO rally.task.runner [-] Task 95088a20-aa60-4c9d-8882-0f08436b7dfb | ITER: 91 END: OK
2020-04-10 10:54:50.232 160 INFO rally.task.runner [-] Task 95088a20-aa60-4c9d-8882-0f08436b7dfb | ITER: 90 END: OK
2020-04-10 10:54:50.234 186 INFO rally.task.runner [-] Task 95088a20-aa60-4c9d-8882-0f08436b7dfb | ITER: 100 END: OK
2020-04-10 10:54:50.252 144 INFO rally.task.runner [-] Task 95088a20-aa60-4c9d-8882-0f08436b7dfb | ITER: 96 END: OK
2020-04-10 10:54:50.311 188 INFO rally.task.runner [-] Task 95088a20-aa60-4c9d-8882-0f08436b7dfb | ITER: 93 END: OK
2020-04-10 10:54:50.360 139 INFO rally.task.runner [-] Task 95088a20-aa60-4c9d-8882-0f08436b7dfb | ITER: 95 END: OK
2020-04-10 10:54:50.545 173 INFO rally.task.runner [-] Task 95088a20-aa60-4c9d-8882-0f08436b7dfb | ITER: 98 END: OK
2020-04-10 10:54:50.947 141 INFO rally.task.runner [-] Task 95088a20-aa60-4c9d-8882-0f08436b7dfb | ITER: 97 END: OK
2020-04-10 10:54:51.150 172 INFO rally.task.runner [-] Task 95088a20-aa60-4c9d-8882-0f08436b7dfb | ITER: 99 END: OK
2020-04-10 10:54:51.177 15 INFO rally.task.context [-] Task 95088a20-aa60-4c9d-8882-0f08436b7dfb | Context cleanup@openstack cleanup() started
2020-04-10 10:54:51.180 15 RALLYDEBUG rally_openstack.cleanup.manager [-] Cleaning up neutron vip objects
2020-04-10 10:54:51.365 15 RALLYDEBUG rally_openstack.cleanup.manager [-] Cleaning up neutron health_monitor objects
2020-04-10 10:54:51.537 15 RALLYDEBUG rally_openstack.cleanup.manager [-] Cleaning up neutron pool objects
2020-04-10 10:54:51.702 15 RALLYDEBUG rally_openstack.cleanup.manager [-] Cleaning up neutron loadbalancer objects
2020-04-10 10:54:51.881 15 RALLYDEBUG rally_openstack.cleanup.manager [-] Cleaning up neutron floatingip objects
2020-04-10 10:54:52.095 15 RALLYDEBUG rally_openstack.cleanup.manager [-] Cleaning up neutron trunk objects
2020-04-10 10:54:52.292 15 DEBUG neutronclient.v2_0.client [-] Error message: {"NeutronError": {"message": "Invalid input for operation: 'tenant_id' is not supported for filtering.", "type": "InvalidInput", "detail": ""}} _handle_fault_response /usr/lib/python2.7/site-packages/neutronclient/v2_0/client.py:259
2020-04-10 10:54:52.322 15 DEBUG neutronclient.v2_0.client [-] Error message: {"NeutronError": {"message": "Invalid input for operation: 'tenant_id' is not supported for filtering.", "type": "InvalidInput", "detail": ""}} _handle_fault_response /usr/lib/python2.7/site-packages/neutronclient/v2_0/client.py:259
2020-04-10 10:54:52.352 15 DEBUG neutronclient.v2_0.client [-] Error message: {"NeutronError": {"message": "Invalid input for operation: 'tenant_id' is not supported for filtering.", "type": "InvalidInput", "detail": ""}} _handle_fault_response /usr/lib/python2.7/site-packages/neutronclient/v2_0/client.py:259
2020-04-10 10:54:52.353 15 ERROR rally_openstack.cleanup.manager [-] Seems like rally_openstack.cleanup.resources.NeutronTrunk.list(self) method is broken. It shouldn't raise any exceptions.: BadRequest: Invalid input for operation: 'tenant_id' is not supported for filtering. Neutron server returns request_ids: ['req-c9ba7e36-6dbc-442e-b22a-018c48764f75']
2020-04-10 10:54:52.353 15 ERROR rally_openstack.cleanup.manager
Traceback (most recent call last):
2020-04-10 10:54:52.353 15 ERROR rally_openstack.cleanup.manager
File "/usr/lib/python2.7/site-packages/rally_openstack/cleanup/manager.py", line 133, in _publish
2020-04-10 10:54:52.353 15 ERROR rally_openstack.cleanup.manager for raw_resource in rutils.retry(3, manager.list):
2020-04-10 10:54:52.353 15 ERROR rally_openstack.cleanup.manager
File "/usr/lib/python2.7/site-packages/rally/common/utils.py", line 230, in retry
2020-04-10 10:54:52.353 15 ERROR rally_openstack.cleanup.manager return func(*args, **kwargs)
2020-04-10 10:54:52.353 15 ERROR rally_openstack.cleanup.manager
File "/usr/lib/python2.7/site-packages/rally_openstack/cleanup/resources.py", line 396, in list
2020-04-10 10:54:52.353 15 ERROR rally_openstack.cleanup.manager return super(NeutronTrunk, self).list()
2020-04-10 10:54:52.353 15 ERROR rally_openstack.cleanup.manager
File "/usr/lib/python2.7/site-packages/rally_openstack/cleanup/resources.py", line 273, in list
2020-04-10 10:54:52.353 15 ERROR rally_openstack.cleanup.manager result = list_method(tenant_id=self.tenant_uuid)[resources]
2020-04-10 10:54:52.353 15 ERROR rally_openstack.cleanup.manager
File "/usr/lib/python2.7/site-packages/neutronclient/v2_0/client.py", line 2105, in list_trunks
2020-04-10 10:54:52.353 15 ERROR rally_openstack.cleanup.manager **_params)
2020-04-10 10:54:52.353 15 ERROR rally_openstack.cleanup.manager
File "/usr/lib/python2.7/site-packages/neutronclient/v2_0/client.py", line 369, in list
2020-04-10 10:54:52.353 15 ERROR rally_openstack.cleanup.manager for r in self._pagination(collection, path, **params):
2020-04-10 10:54:52.353 15 ERROR rally_openstack.cleanup.manager
File "/usr/lib/python2.7/site-packages/neutronclient/v2_0/client.py", line 384, in _pagination
2020-04-10 10:54:52.353 15 ERROR rally_openstack.cleanup.manager res = self.get(path, params=params)
2020-04-10 10:54:52.353 15 ERROR rally_openstack.cleanup.manager
File "/usr/lib/python2.7/site-packages/neutronclient/v2_0/client.py", line 354, in get
2020-04-10 10:54:52.353 15 ERROR rally_openstack.cleanup.manager headers=headers, params=params)
2020-04-10 10:54:52.353 15 ERROR rally_openstack.cleanup.manager
File "/usr/lib/python2.7/site-packages/neutronclient/v2_0/client.py", line 331, in retry_request
2020-04-10 10:54:52.353 15 ERROR rally_openstack.cleanup.manager headers=headers, params=params)
2020-04-10 10:54:52.353 15 ERROR rally_openstack.cleanup.manager
File "/usr/lib/python2.7/site-packages/neutronclient/v2_0/client.py", line 294, in do_request
2020-04-10 10:54:52.353 15 ERROR rally_openstack.cleanup.manager self._handle_fault_response(status_code, replybody, resp)
2020-04-10 10:54:52.353 15 ERROR rally_openstack.cleanup.manager
File "/usr/lib/python2.7/site-packages/neutronclient/v2_0/client.py", line 269, in _handle_fault_response
2020-04-10 10:54:52.353 15 ERROR rally_openstack.cleanup.manager exception_handler_v20(status_code, error_body)
2020-04-10 10:54:52.353 15 ERROR rally_openstack.cleanup.manager
File "/usr/lib/python2.7/site-packages/neutronclient/v2_0/client.py", line 93, in exception_handler_v20
2020-04-10 10:54:52.353 15 ERROR rally_openstack.cleanup.manager request_ids=request_ids)
2020-04-10 10:54:52.353 15 ERROR rally_openstack.cleanup.manager BadRequest: Invalid input for operation: 'tenant_id' is not supported for filtering.
2020-04-10 10:54:52.353 15 ERROR rally_openstack.cleanup.manager Neutron server returns request_ids: ['req-c9ba7e36-6dbc-442e-b22a-018c48764f75']
2020-04-10 10:54:52.353 15 ERROR rally_openstack.cleanup.manager
2020-04-10 10:54:52.366 15 RALLYDEBUG rally_openstack.cleanup.manager [-] Cleaning up neutron port objects
2020-04-10 10:54:52.576 15 RALLYDEBUG rally_openstack.cleanup.manager [-] Cleaning up neutron subnet objects
2020-04-10 10:54:52.805 15 RALLYDEBUG rally_openstack.cleanup.manager [-] Cleaning up neutron network objects
2020-04-10 10:54:53.500 15 RALLYDEBUG rally_openstack.cleanup.manager [-] Deleting neutron.network object s_rally_87cf8721_LQerf0xL (0014bd9b-2e51-4936-9da1-a9fc8307400e)
2020-04-10 10:54:53.507 15 RALLYDEBUG rally_openstack.cleanup.manager [-] Deleting neutron.network object s_rally_87cf8721_NaSm8Dtu (0e45b363-9e2d-4b84-af65-dd6fbdabcf61)
2020-04-10 10:54:53.512 15 RALLYDEBUG rally_openstack.cleanup.manager [-] Deleting neutron.network object s_rally_87cf8721_T0qmVVaj (07f6a7e9-d01c-4beb-a4b2-6c388dfd849a)
2020-04-10 10:54:53.512 15 RALLYDEBUG rally_openstack.cleanup.manager [-] Deleting neutron.network object s_rally_87cf8721_cg1PJaJW (089eec6c-22de-4611-8f7a-d1bf31f69f93)
2020-04-10 10:54:53.514 15 RALLYDEBUG rally_openstack.cleanup.manager [-] Deleting neutron.network object s_rally_87cf8721_0S5zb0Zf (0ce95918-5eb9-4dd1-9dd6-8faa9f8a1c53)
2020-04-10 10:54:53.523 15 RALLYDEBUG rally_openstack.cleanup.manager [-] Deleting neutron.network object s_rally_87cf8721_KL1sWAcc (07d11a96-3e81-43c2-965c-6e5a4c818840)
2020-04-10 10:54:53.526 15 RALLYDEBUG rally_openstack.cleanup.manager [-] Deleting neutron.network object s_rally_87cf8721_tuPEnSyk (0e5af4d1-dce5-49c5-a162-f49f8645fd48)
2020-04-10 10:54:53.529 15 RALLYDEBUG rally_openstack.cleanup.manager [-] Deleting neutron.network object s_rally_87cf8721_vom5Zti0 (0fbce79b-daae-4f5a-abb0-68e9c4403ad1)
2020-04-10 10:54:53.546 15 RALLYDEBUG rally_openstack.cleanup.manager [-] Deleting neutron.network object s_rally_87cf8721_rverciuQ (1306e6ad-2671-4bae-a9b9-e04750cb1ae3)
2020-04-10 10:54:53.567 15 RALLYDEBUG rally_openstack.cleanup.manager [-] Deleting neutron.network object s_rally_87cf8721_5WdltYGY (18baa56f-109c-4d01-be27-b1c8cd449bed)
2020-04-10 10:54:53.608 15 RALLYDEBUG rally_openstack.cleanup.manager [-] Deleting neutron.network object s_rally_87cf8721_9OwboD65 (19b714b3-b47d-4b3a-8237-e5d20b470dc9)
2020-04-10 10:54:53.624 15 RALLYDEBUG rally_openstack.cleanup.manager [-] Deleting neutron.network object s_rally_87cf8721_wviE0SoU (1417c3e5-93ed-4237-aac1-7c15666f59a1)
2020-04-10 10:54:53.629 15 RALLYDEBUG rally_openstack.cleanup.manager [-] Deleting neutron.network object s_rally_87cf8721_w7dTmUqw (21b7125b-3484-47da-a331-5a313f7d1ec9)
2020-04-10 10:54:53.634 15 RALLYDEBUG rally_openstack.cleanup.manager [-] Deleting neutron.network object s_rally_87cf8721_lEFiCR6I (2409a782-1f82-4b91-a9c8-33050e790d3c)
2020-04-10 10:54:53.681 15 RALLYDEBUG rally_openstack.cleanup.manager [-] Deleting neutron.network object s_rally_87cf8721_S1CCUZLj (25bcf010-09f2-43c5-9a3e-0074a06c394a)
2020-04-10 10:54:53.682 15 RALLYDEBUG rally_openstack.cleanup.manager [-] Deleting neutron.network object s_rally_87cf8721_rRLSsl4w (18d98b2c-748d-43a6-a94d-42801836b6fa)
2020-04-10 10:54:53.686 15 RALLYDEBUG rally_openstack.cleanup.manager [-] Deleting neutron.network object s_rally_87cf8721_6Of7G3yg (1ec6f6c7-8292-448b-9217-d6896fe12ded)
2020-04-10 10:54:53.701 15 RALLYDEBUG rally_openstack.cleanup.manager [-] Deleting neutron.network object s_rally_87cf8721_t0AUKhpb (1fc99319-e0c1-4228-833c-c634aded6f09)
2020-04-10 10:54:53.750 15 RALLYDEBUG rally_openstack.cleanup.manager [-] Deleting neutron.network object s_rally_87cf8721_50UGlcAu (27927b2e-6b35-4304-8c93-3694a778bb54)
2020-04-10 10:54:53.781 15 RALLYDEBUG rally_openstack.cleanup.manager [-] Deleting neutron.network object s_rally_87cf8721_5Uuw0bpF (226c5092-2980-419a-b096-8d19c3c963e4)
2020-04-10 10:54:55.733 15 RALLYDEBUG rally_openstack.cleanup.manager [-] Deleting neutron.network object s_rally_87cf8721_JxO9V9KW (2cf5d04a-b567-4156-a17b-bfa02ed21ee9)
2020-04-10 10:54:55.796 15 RALLYDEBUG rally_openstack.cleanup.manager [-] Deleting neutron.network object s_rally_87cf8721_qni0NA6x (30383a7b-de70-4d70-9991-d3904b9dacfb)
2020-04-10 10:54:56.343 15 RALLYDEBUG rally_openstack.cleanup.manager [-] Deleting neutron.network object s_rally_87cf8721_Zkf00WBD (315e5aff-f53e-4962-a451-36cabe443ab0)
2020-04-10 10:54:56.353 15 RALLYDEBUG rally_openstack.cleanup.manager [-] Deleting neutron.network object s_rally_87cf8721_g1NzchjR (333f9b9e-949a-41a2-b124-3f631bb1dd54)
2020-04-10 10:54:56.357 15 RALLYDEBUG rally_openstack.cleanup.manager [-] Deleting neutron.network object s_rally_87cf8721_bXcYWSsM (3759cad9-e0dd-43a5-a1d3-46d3c427a485)
2020-04-10 10:54:56.395 15 RALLYDEBUG rally_openstack.cleanup.manager [-] Deleting neutron.network object s_rally_87cf8721_fV9QksAu (3a02a33d-a217-4993-b394-308204dc5610)
2020-04-10 10:54:56.399 15 RALLYDEBUG rally_openstack.cleanup.manager [-] Deleting neutron.network object s_rally_87cf8721_RWX8nS9Q (3b90ba91-27e3-4ed8-8c25-bda6dff8f1aa)
2020-04-10 10:54:56.404 15 RALLYDEBUG rally_openstack.cleanup.manager [-] Deleting neutron.network object s_rally_87cf8721_1nl9QADd (3d655f51-8e0d-48a7-8679-26bdbb173256)
2020-04-10 10:54:56.420 15 RALLYDEBUG rally_openstack.cleanup.manager [-] Deleting neutron.network object s_rally_87cf8721_9eYsZRXV (3d822070-94df-464a-8c20-d5541210dd7b)
2020-04-10 10:54:56.486 15 RALLYDEBUG rally_openstack.cleanup.manager [-] Deleting neutron.network object s_rally_87cf8721_PFrCBoqC (470f8903-0f9d-4cd0-9393-9301633ff07c)
2020-04-10 10:54:56.488 15 RALLYDEBUG rally_openstack.cleanup.manager [-] Deleting neutron.network object s_rally_87cf8721_lh4d3V4z (41c36ac9-f58e-4d5a-acf6-9851f2b1cebd)
2020-04-10 10:54:56.613 15 RALLYDEBUG rally_openstack.cleanup.manager [-] Deleting neutron.network object s_rally_87cf8721_Lb43S6jr (48e4fd60-4b88-4312-b6c1-5d2ccc8c33b1)
2020-04-10 10:54:56.794 15 RALLYDEBUG rally_openstack.cleanup.manager [-] Deleting neutron.network object s_rally_87cf8721_cmqeJ86n (49978367-de5b-4879-8075-21c0faf7c80e)
2020-04-10 10:54:56.925 15 RALLYDEBUG rally_openstack.cleanup.manager [-] Deleting neutron.network object s_rally_87cf8721_nrcjlHti (49f722a7-ed08-4700-8143-1662bcd706ee)
2020-04-10 10:54:56.958 15 RALLYDEBUG rally_openstack.cleanup.manager [-] Deleting neutron.network object s_rally_87cf8721_a2xkh8ru (4a4c1970-8a5a-41e0-b1d2-e5642be530fb)
2020-04-10 10:54:57.480 15 RALLYDEBUG rally_openstack.cleanup.manager [-] Deleting neutron.network object s_rally_87cf8721_s9PikUai (4bfc2759-63da-4049-b943-ed59ff46e5cd)
2020-04-10 10:54:57.504 15 RALLYDEBUG rally_openstack.cleanup.manager [-] Deleting neutron.network object s_rally_87cf8721_AlqqSfTj (4c9d8623-f6cc-410f-afc9-f1166911ea5d)
2020-04-10 10:54:57.509 15 RALLYDEBUG rally_openstack.cleanup.manager [-] Deleting neutron.network object s_rally_87cf8721_t09nFPlL (4d8ebacd-a279-454b-b3e2-bbea914262d6)
2020-04-10 10:54:57.516 15 RALLYDEBUG rally_openstack.cleanup.manager [-] Deleting neutron.network object s_rally_87cf8721_pVhxXneQ (50fe0700-fbf8-4745-9727-64aaea45b2c6)
2020-04-10 10:54:57.536 15 RALLYDEBUG rally_openstack.cleanup.manager [-] Deleting neutron.network object s_rally_87cf8721_K9mSqI6E (52240eff-5f2c-4532-868a-7a7f8afb0a66)
2020-04-10 10:54:57.614 15 RALLYDEBUG rally_openstack.cleanup.manager [-] Deleting neutron.network object s_rally_87cf8721_sKZNYxZ5 (57ef7ef1-05b8-428d-b362-031264e44d84)
2020-04-10 10:54:57.649 15 RALLYDEBUG rally_openstack.cleanup.manager [-] Deleting neutron.network object s_rally_87cf8721_YCW86jGq (590772f8-b65a-4b97-9796-5e1e6b46fb9c)
2020-04-10 10:54:58.355 15 RALLYDEBUG rally_openstack.cleanup.manager [-] Deleting neutron.network object s_rally_87cf8721_t3f9LEWf (5d5e10ef-ce53-4627-8f6f-681c45ef29be)
2020-04-10 10:54:58.377 15 RALLYDEBUG rally_openstack.cleanup.manager [-] Deleting neutron.network object s_rally_87cf8721_hTFhRbqt (5ef24f85-aa60-4397-ad2b-e8e0842e9f82)
2020-04-10 10:54:58.390 15 RALLYDEBUG rally_openstack.cleanup.manager [-] Deleting neutron.network object s_rally_87cf8721_ANsZv9e6 (5f3a488e-8f91-4c12-9f8f-c2f25c110ac8)
2020-04-10 10:54:58.595 15 RALLYDEBUG rally_openstack.cleanup.manager [-] Deleting neutron.network object s_rally_87cf8721_U4Y6Fz5I (6218518b-9c98-4722-bf27-deba727a7208)
2020-04-10 10:54:58.701 15 RALLYDEBUG rally_openstack.cleanup.manager [-] Deleting neutron.network object s_rally_87cf8721_e6B8mqUU (6cf1a380-0aad-4425-84f4-d1f79b920238)
2020-04-10 10:54:58.814 15 RALLYDEBUG rally_openstack.cleanup.manager [-] Deleting neutron.network object s_rally_87cf8721_7UA0KP53 (6d6fd315-7119-411d-83e6-fbfd52c18066)
2020-04-10 10:54:59.009 15 RALLYDEBUG rally_openstack.cleanup.manager [-] Deleting neutron.network object s_rally_87cf8721_CGqfnjBk (70b4e484-66ba-4ee4-ae8f-c2218932a439)
2020-04-10 10:54:59.021 15 RALLYDEBUG rally_openstack.cleanup.manager [-] Deleting neutron.network object s_rally_87cf8721_8WKJHfua (715aab39-bc64-47d5-9d46-fec92252d821)
2020-04-10 10:54:59.112 15 RALLYDEBUG rally_openstack.cleanup.manager [-] Deleting neutron.network object s_rally_87cf8721_KCLrORzF (776be5e9-fff6-439e-8fd4-729cd60396f5)
2020-04-10 10:54:59.241 15 RALLYDEBUG rally_openstack.cleanup.manager [-] Deleting neutron.network object s_rally_87cf8721_SMCcfJqA (7895ddde-719a-4105-9322-b9563d7adc81)
2020-04-10 10:54:59.391 15 RALLYDEBUG rally_openstack.cleanup.manager [-] Deleting neutron.network object s_rally_87cf8721_bJ257Y1y (7a01621c-fe6b-44c7-89c9-e92667876ada)
