2020-04-10 10:55:45.886 1048 INFO rally.task.runner [-] Task 95088a20-aa60-4c9d-8882-0f08436b7dfb | ITER: 18 END: OK
2020-04-10 10:55:45.891 1048 INFO rally.task.runner [-] Task 95088a20-aa60-4c9d-8882-0f08436b7dfb | ITER: 35 START
2020-04-10 10:55:46.319 1045 INFO rally.task.runner [-] Task 95088a20-aa60-4c9d-8882-0f08436b7dfb | ITER: 17 END: OK
2020-04-10 10:55:46.324 1045 INFO rally.task.runner [-] Task 95088a20-aa60-4c9d-8882-0f08436b7dfb | ITER: 36 START
2020-04-10 10:55:47.194 1003 INFO rally.task.runner [-] Task 95088a20-aa60-4c9d-8882-0f08436b7dfb | ITER: 22 END: OK
2020-04-10 10:55:47.197 1003 INFO rally.task.runner [-] Task 95088a20-aa60-4c9d-8882-0f08436b7dfb | ITER: 37 START
2020-04-10 10:55:47.207 1004 INFO rally.task.runner [-] Task 95088a20-aa60-4c9d-8882-0f08436b7dfb | ITER: 21 END: OK
2020-04-10 10:55:47.211 1004 INFO rally.task.runner [-] Task 95088a20-aa60-4c9d-8882-0f08436b7dfb | ITER: 38 START
2020-04-10 10:55:47.223 1033 INFO rally.task.runner [-] Task 95088a20-aa60-4c9d-8882-0f08436b7dfb | ITER: 27 END: OK
2020-04-10 10:55:47.227 1033 INFO rally.task.runner [-] Task 95088a20-aa60-4c9d-8882-0f08436b7dfb | ITER: 39 START
2020-04-10 10:55:47.449 1036 INFO rally.task.runner [-] Task 95088a20-aa60-4c9d-8882-0f08436b7dfb | ITER: 23 END: OK
2020-04-10 10:55:47.453 1036 INFO rally.task.runner [-] Task 95088a20-aa60-4c9d-8882-0f08436b7dfb | ITER: 40 START
2020-04-10 10:55:47.494 1012 INFO rally.task.runner [-] Task 95088a20-aa60-4c9d-8882-0f08436b7dfb | ITER: 26 END: OK
2020-04-10 10:55:47.730 1005 INFO rally.task.runner [-] Task 95088a20-aa60-4c9d-8882-0f08436b7dfb | ITER: 25 END: OK
2020-04-10 10:55:47.814 1021 INFO rally.task.runner [-] Task 95088a20-aa60-4c9d-8882-0f08436b7dfb | ITER: 9 END: OK
2020-04-10 10:55:47.849 1042 INFO rally.task.runner [-] Task 95088a20-aa60-4c9d-8882-0f08436b7dfb | ITER: 16 END: OK
2020-04-10 10:55:47.875 1019 INFO rally.task.runner [-] Task 95088a20-aa60-4c9d-8882-0f08436b7dfb | ITER: 30 END: OK
2020-04-10 10:55:48.029 1039 INFO rally.task.runner [-] Task 95088a20-aa60-4c9d-8882-0f08436b7dfb | ITER: 15 END: OK
2020-04-10 10:55:48.234 1027 INFO rally.task.runner [-] Task 95088a20-aa60-4c9d-8882-0f08436b7dfb | ITER: 11 END: OK
2020-04-10 10:55:48.454 1051 INFO rally.task.runner [-] Task 95088a20-aa60-4c9d-8882-0f08436b7dfb | ITER: 29 END: OK
2020-04-10 10:55:48.506 1054 INFO rally.task.runner [-] Task 95088a20-aa60-4c9d-8882-0f08436b7dfb | ITER: 24 END: OK
2020-04-10 10:55:48.759 1016 INFO rally.task.runner [-] Task 95088a20-aa60-4c9d-8882-0f08436b7dfb | ITER: 32 END: OK
2020-04-10 10:55:48.890 1024 INFO rally.task.runner [-] Task 95088a20-aa60-4c9d-8882-0f08436b7dfb | ITER: 33 END: OK
2020-04-10 10:55:49.002 1006 INFO rally.task.runner [-] Task 95088a20-aa60-4c9d-8882-0f08436b7dfb | ITER: 28 END: OK
2020-04-10 10:55:49.078 1008 INFO rally.task.runner [-] Task 95088a20-aa60-4c9d-8882-0f08436b7dfb | ITER: 31 END: OK
2020-04-10 10:55:49.083 1048 INFO rally.task.runner [-] Task 95088a20-aa60-4c9d-8882-0f08436b7dfb | ITER: 35 END: OK
2020-04-10 10:55:49.723 1036 INFO rally.task.runner [-] Task 95088a20-aa60-4c9d-8882-0f08436b7dfb | ITER: 40 END: OK
2020-04-10 10:55:49.789 1030 INFO rally.task.runner [-] Task 95088a20-aa60-4c9d-8882-0f08436b7dfb | ITER: 34 END: OK
2020-04-10 10:55:49.796 1045 INFO rally.task.runner [-] Task 95088a20-aa60-4c9d-8882-0f08436b7dfb | ITER: 36 END: OK
2020-04-10 10:55:49.854 1003 INFO rally.task.runner [-] Task 95088a20-aa60-4c9d-8882-0f08436b7dfb | ITER: 37 END: OK
2020-04-10 10:55:50.131 1004 INFO rally.task.runner [-] Task 95088a20-aa60-4c9d-8882-0f08436b7dfb | ITER: 38 END: OK
2020-04-10 10:55:50.142 1033 INFO rally.task.runner [-] Task 95088a20-aa60-4c9d-8882-0f08436b7dfb | ITER: 39 END: OK
2020-04-10 10:55:50.164 15 INFO rally.task.context [-] Task 95088a20-aa60-4c9d-8882-0f08436b7dfb | Context cleanup@openstack cleanup() started
2020-04-10 10:55:50.167 15 RALLYDEBUG rally_openstack.cleanup.manager [-] Cleaning up neutron vip objects
2020-04-10 10:55:50.350 15 RALLYDEBUG rally_openstack.cleanup.manager [-] Cleaning up neutron health_monitor objects
2020-04-10 10:55:50.513 15 RALLYDEBUG rally_openstack.cleanup.manager [-] Cleaning up neutron pool objects
2020-04-10 10:55:53.198 15 RALLYDEBUG rally_openstack.cleanup.manager [-] Cleaning up neutron loadbalancer objects
2020-04-10 10:55:53.391 15 RALLYDEBUG rally_openstack.cleanup.manager [-] Cleaning up neutron floatingip objects
2020-04-10 10:55:53.597 15 RALLYDEBUG rally_openstack.cleanup.manager [-] Cleaning up neutron trunk objects
2020-04-10 10:55:53.770 15 DEBUG neutronclient.v2_0.client [-] Error message: {"NeutronError": {"message": "Invalid input for operation: 'tenant_id' is not supported for filtering.", "type": "InvalidInput", "detail": ""}} _handle_fault_response /usr/lib/python2.7/site-packages/neutronclient/v2_0/client.py:259
2020-04-10 10:55:53.799 15 DEBUG neutronclient.v2_0.client [-] Error message: {"NeutronError": {"message": "Invalid input for operation: 'tenant_id' is not supported for filtering.", "type": "InvalidInput", "detail": ""}} _handle_fault_response /usr/lib/python2.7/site-packages/neutronclient/v2_0/client.py:259
2020-04-10 10:55:53.824 15 DEBUG neutronclient.v2_0.client [-] Error message: {"NeutronError": {"message": "Invalid input for operation: 'tenant_id' is not supported for filtering.", "type": "InvalidInput", "detail": ""}} _handle_fault_response /usr/lib/python2.7/site-packages/neutronclient/v2_0/client.py:259
2020-04-10 10:55:53.824 15 ERROR rally_openstack.cleanup.manager [-] Seems like rally_openstack.cleanup.resources.NeutronTrunk.list(self) method is broken. It shouldn't raise any exceptions.: BadRequest: Invalid input for operation: 'tenant_id' is not supported for filtering. Neutron server returns request_ids: ['req-e0605a4c-d494-4506-947f-c22c435e8a0b']
2020-04-10 10:55:53.824 15 ERROR rally_openstack.cleanup.manager
Traceback (most recent call last):
2020-04-10 10:55:53.824 15 ERROR rally_openstack.cleanup.manager
File "/usr/lib/python2.7/site-packages/rally_openstack/cleanup/manager.py", line 133, in _publish
2020-04-10 10:55:53.824 15 ERROR rally_openstack.cleanup.manager for raw_resource in rutils.retry(3, manager.list):
2020-04-10 10:55:53.824 15 ERROR rally_openstack.cleanup.manager
File "/usr/lib/python2.7/site-packages/rally/common/utils.py", line 230, in retry
2020-04-10 10:55:53.824 15 ERROR rally_openstack.cleanup.manager return func(*args, **kwargs)
2020-04-10 10:55:53.824 15 ERROR rally_openstack.cleanup.manager
File "/usr/lib/python2.7/site-packages/rally_openstack/cleanup/resources.py", line 396, in list
2020-04-10 10:55:53.824 15 ERROR rally_openstack.cleanup.manager return super(NeutronTrunk, self).list()
2020-04-10 10:55:53.824 15 ERROR rally_openstack.cleanup.manager
File "/usr/lib/python2.7/site-packages/rally_openstack/cleanup/resources.py", line 273, in list
2020-04-10 10:55:53.824 15 ERROR rally_openstack.cleanup.manager result = list_method(tenant_id=self.tenant_uuid)[resources]
2020-04-10 10:55:53.824 15 ERROR rally_openstack.cleanup.manager
File "/usr/lib/python2.7/site-packages/neutronclient/v2_0/client.py", line 2105, in list_trunks
2020-04-10 10:55:53.824 15 ERROR rally_openstack.cleanup.manager **_params)
2020-04-10 10:55:53.824 15 ERROR rally_openstack.cleanup.manager
File "/usr/lib/python2.7/site-packages/neutronclient/v2_0/client.py", line 369, in list
2020-04-10 10:55:53.824 15 ERROR rally_openstack.cleanup.manager for r in self._pagination(collection, path, **params):
2020-04-10 10:55:53.824 15 ERROR rally_openstack.cleanup.manager
File "/usr/lib/python2.7/site-packages/neutronclient/v2_0/client.py", line 384, in _pagination
2020-04-10 10:55:53.824 15 ERROR rally_openstack.cleanup.manager res = self.get(path, params=params)
2020-04-10 10:55:53.824 15 ERROR rally_openstack.cleanup.manager
File "/usr/lib/python2.7/site-packages/neutronclient/v2_0/client.py", line 354, in get
2020-04-10 10:55:53.824 15 ERROR rally_openstack.cleanup.manager headers=headers, params=params)
2020-04-10 10:55:53.824 15 ERROR rally_openstack.cleanup.manager
File "/usr/lib/python2.7/site-packages/neutronclient/v2_0/client.py", line 331, in retry_request
2020-04-10 10:55:53.824 15 ERROR rally_openstack.cleanup.manager headers=headers, params=params)
2020-04-10 10:55:53.824 15 ERROR rally_openstack.cleanup.manager
File "/usr/lib/python2.7/site-packages/neutronclient/v2_0/client.py", line 294, in do_request
2020-04-10 10:55:53.824 15 ERROR rally_openstack.cleanup.manager self._handle_fault_response(status_code, replybody, resp)
2020-04-10 10:55:53.824 15 ERROR rally_openstack.cleanup.manager
File "/usr/lib/python2.7/site-packages/neutronclient/v2_0/client.py", line 269, in _handle_fault_response
2020-04-10 10:55:53.824 15 ERROR rally_openstack.cleanup.manager exception_handler_v20(status_code, error_body)
2020-04-10 10:55:53.824 15 ERROR rally_openstack.cleanup.manager
File "/usr/lib/python2.7/site-packages/neutronclient/v2_0/client.py", line 93, in exception_handler_v20
2020-04-10 10:55:53.824 15 ERROR rally_openstack.cleanup.manager request_ids=request_ids)
2020-04-10 10:55:53.824 15 ERROR rally_openstack.cleanup.manager BadRequest: Invalid input for operation: 'tenant_id' is not supported for filtering.
2020-04-10 10:55:53.824 15 ERROR rally_openstack.cleanup.manager Neutron server returns request_ids: ['req-e0605a4c-d494-4506-947f-c22c435e8a0b']
2020-04-10 10:55:53.824 15 ERROR rally_openstack.cleanup.manager
2020-04-10 10:55:53.835 15 RALLYDEBUG rally_openstack.cleanup.manager [-] Cleaning up neutron port objects
2020-04-10 10:55:54.056 15 RALLYDEBUG rally_openstack.cleanup.manager [-] Cleaning up neutron subnet objects
2020-04-10 10:55:54.283 15 RALLYDEBUG rally_openstack.cleanup.manager [-] Cleaning up neutron network objects
2020-04-10 10:55:54.887 15 RALLYDEBUG rally_openstack.cleanup.manager [-] Cleaning up neutron router objects
2020-04-10 10:55:55.161 15 RALLYDEBUG rally_openstack.cleanup.manager [-] Cleaning up neutron security_group objects
2020-04-10 10:55:55.417 15 INFO rally.task.context [-] Task 95088a20-aa60-4c9d-8882-0f08436b7dfb | Context cleanup@openstack cleanup() finished in 5.25 sec
2020-04-10 10:55:55.418 15 INFO rally.task.context [-] Task 95088a20-aa60-4c9d-8882-0f08436b7dfb | Context quotas@openstack cleanup() started
2020-04-10 10:55:55.465 15 INFO rally.task.context [-] Task 95088a20-aa60-4c9d-8882-0f08436b7dfb | Context quotas@openstack cleanup() finished in 47.42 msec
2020-04-10 10:55:55.466 15 INFO rally.task.context [-] Task 95088a20-aa60-4c9d-8882-0f08436b7dfb | Context users@openstack cleanup() started
2020-04-10 10:55:57.227 15 INFO rally.task.context [-] Task 95088a20-aa60-4c9d-8882-0f08436b7dfb | Context users@openstack cleanup() finished in 1.76 sec
2020-04-10 10:55:58.687 15 INFO rally.task.engine [-] Load duration is: 10.345291
2020-04-10 10:55:58.688 15 INFO rally.task.engine [-] Full runner duration is: 10.38717
2020-04-10 10:55:58.688 15 INFO rally.task.engine [-] Full duration is: 18.637739
2020-04-10 10:55:58.764 15 INFO rally.task.engine [-] Running workload: position = 0 config = { "version": 2, "title": "A cropped version of a bigger task.", "description": "Auto-generated task from a single workload (uuid=2c822b72-4f96-4a69-9299-21a5bf20f75c)", "subtasks": [ { "title": "NeutronNetworks.create_and_list_subnets", "description": "Create and a given number of subnets and list all subnets.", "scenario": { "NeutronNetworks.create_and_list_subnets": { "subnets_per_network": 2 } }, "contexts": { "users": { "tenants": 1, "users_per_tenant": 1 }, "quotas": { "neutron": { "subnet": -1, "network": -1 } } }, "runner": { "constant": { "times": 40, "concurrency": 20 } }, "hooks": [], "sla": { "failure_rate": { "max": 0 } } } ] }
2020-04-10 10:55:58.790 15 RALLYDEBUG rally_openstack.contexts.keystone.users [-] Creating 1 tenants using 20 threads
2020-04-10 10:55:59.295 15 RALLYDEBUG rally_openstack.contexts.keystone.users [-] Creating 1 users using 20 threads
2020-04-10 10:55:59.758 15 INFO rally.task.context [-] Task 95088a20-aa60-4c9d-8882-0f08436b7dfb | Context users@openstack setup() finished in 0.97 sec
2020-04-10 10:56:00.207 15 INFO rally.task.context [-] Task 95088a20-aa60-4c9d-8882-0f08436b7dfb | Context quotas@openstack setup() finished in 0.45 sec
2020-04-10 10:56:00.207 15 INFO rally.task.context [-] Task 95088a20-aa60-4c9d-8882-0f08436b7dfb | Context cleanup@openstack setup() finished in 0.02 msec
2020-04-10 10:56:00.216 15 RALLYDEBUG rally.task.runner [-] Starting the constant runner (task UUID: 95088a20-aa60-4c9d-8882-0f08436b7dfb). timeout: 0 concurrency: 20 concurrency_per_worker: 1 times: 40 concurrency_overhead: 0 processes_to_start: 20 max_cpu_used: 88
2020-04-10 10:56:00.229 1405 RALLYDEBUG rally.task.runner [-] Starting a worker. concurrency: 1 args: {"subnets_per_network": 2} times: 40 method_name: run timeout: 0 duration: None cls:
2020-04-10 10:56:00.231 1406 RALLYDEBUG rally.task.runner [-] Starting a worker. concurrency: 1 args: {"subnets_per_network": 2} times: 40 method_name: run timeout: 0 duration: None cls:
2020-04-10 10:56:00.234 1407 RALLYDEBUG rally.task.runner [-] Starting a worker. concurrency: 1 args: {"subnets_per_network": 2} times: 40 method_name: run timeout: 0 duration: None cls:
2020-04-10 10:56:00.235 1405 INFO rally.task.runner [-] Task 95088a20-aa60-4c9d-8882-0f08436b7dfb | ITER: 1 START
2020-04-10 10:56:00.238 1406 INFO rally.task.runner [-] Task 95088a20-aa60-4c9d-8882-0f08436b7dfb | ITER: 2 START
2020-04-10 10:56:00.240 1407 INFO rally.task.runner [-] Task 95088a20-aa60-4c9d-8882-0f08436b7dfb | ITER: 3 START
2020-04-10 10:56:00.241 1409 RALLYDEBUG rally.task.runner [-] Starting a worker. concurrency: 1 args: {"subnets_per_network": 2} times: 40 method_name: run timeout: 0 duration: None cls:
2020-04-10 10:56:00.241 1408 RALLYDEBUG rally.task.runner [-] Starting a worker. concurrency: 1 args: {"subnets_per_network": 2} times: 40 method_name: run timeout: 0 duration: None cls:
2020-04-10 10:56:00.244 1412 RALLYDEBUG rally.task.runner [-] Starting a worker. concurrency: 1 args: {"subnets_per_network": 2} times: 40 method_name: run timeout: 0 duration: None cls:
2020-04-10 10:56:00.246 1409 INFO rally.task.runner [-] Task 95088a20-aa60-4c9d-8882-0f08436b7dfb | ITER: 4 START
2020-04-10 10:56:00.247 1408 INFO rally.task.runner [-] Task 95088a20-aa60-4c9d-8882-0f08436b7dfb | ITER: 5 START
2020-04-10 10:56:00.247 1417 RALLYDEBUG rally.task.runner [-] Starting a worker. concurrency: 1 args: {"subnets_per_network": 2} times: 40 method_name: run timeout: 0 duration: None cls:
2020-04-10 10:56:00.253 1417 INFO rally.task.runner [-] Task 95088a20-aa60-4c9d-8882-0f08436b7dfb | ITER: 7 START
2020-04-10 10:56:00.252 1418 RALLYDEBUG rally.task.runner [-] Starting a worker. concurrency: 1 args: {"subnets_per_network": 2} times: 40 method_name: run timeout: 0 duration: None cls:
2020-04-10 10:56:00.253 1412 INFO rally.task.runner [-] Task 95088a20-aa60-4c9d-8882-0f08436b7dfb | ITER: 6 START
2020-04-10 10:56:00.254 1423 RALLYDEBUG rally.task.runner [-] Starting a worker. concurrency: 1 args: {"subnets_per_network": 2} times: 40 method_name: run timeout: 0 duration: None cls:
2020-04-10 10:56:00.257 1425 RALLYDEBUG rally.task.runner [-] Starting a worker. concurrency: 1 args: {"subnets_per_network": 2} times: 40 method_name: run timeout: 0 duration: None cls:
2020-04-10 10:56:00.258 1418 INFO rally.task.runner [-] Task 95088a20-aa60-4c9d-8882-0f08436b7dfb | ITER: 8 START
2020-04-10 10:56:00.259 1423 INFO rally.task.runner [-] Task 95088a20-aa60-4c9d-8882-0f08436b7dfb | ITER: 9 START
2020-04-10 10:56:00.260 1429 RALLYDEBUG rally.task.runner [-] Starting a worker. concurrency: 1 args: {"subnets_per_network": 2} times: 40 method_name: run timeout: 0 duration: None cls:
2020-04-10 10:56:00.262 1425 INFO rally.task.runner [-] Task 95088a20-aa60-4c9d-8882-0f08436b7dfb | ITER: 10 START
2020-04-10 10:56:00.263 1430 RALLYDEBUG rally.task.runner [-] Starting a worker. concurrency: 1 args: {"subnets_per_network": 2} times: 40 method_name: run timeout: 0 duration: None cls:
2020-04-10 10:56:00.267 1429 INFO rally.task.runner [-] Task 95088a20-aa60-4c9d-8882-0f08436b7dfb | ITER: 11 START
2020-04-10 10:56:00.267 1435 RALLYDEBUG rally.task.runner [-] Starting a worker. concurrency: 1 args: {"subnets_per_network": 2} times: 40 method_name: run timeout: 0 duration: None cls:
2020-04-10 10:56:00.269 1430 INFO rally.task.runner [-] Task 95088a20-aa60-4c9d-8882-0f08436b7dfb | ITER: 12 START
2020-04-10 10:56:00.271 1438 RALLYDEBUG rally.task.runner [-] Starting a worker. concurrency: 1 args: {"subnets_per_network": 2} times: 40 method_name: run timeout: 0 duration: None cls:
2020-04-10 10:56:00.272 1435 INFO rally.task.runner [-] Task 95088a20-aa60-4c9d-8882-0f08436b7dfb | ITER: 13 START
2020-04-10 10:56:00.275 1441 RALLYDEBUG rally.task.runner [-] Starting a worker. concurrency: 1 args: {"subnets_per_network": 2} times: 40 method_name: run timeout: 0 duration: None cls:
2020-04-10 10:56:00.277 1444 RALLYDEBUG rally.task.runner [-] Starting a worker. concurrency: 1 args: {"subnets_per_network": 2} times: 40 method_name: run timeout: 0 duration: None cls:
2020-04-10 10:56:00.279 1438 INFO rally.task.runner [-] Task 95088a20-aa60-4c9d-8882-0f08436b7dfb | ITER: 14 START
2020-04-10 10:56:00.279 1447 RALLYDEBUG rally.task.runner [-] Starting a worker. concurrency: 1 args: {"subnets_per_network": 2} times: 40 method_name: run timeout: 0 duration: None cls:
2020-04-10 10:56:00.281 1441 INFO rally.task.runner [-] Task 95088a20-aa60-4c9d-8882-0f08436b7dfb | ITER: 15 START
2020-04-10 10:56:00.283 1448 RALLYDEBUG rally.task.runner [-] Starting a worker. concurrency: 1 args: {"subnets_per_network": 2} times: 40 method_name: run timeout: 0 duration: None cls:
2020-04-10 10:56:00.285 1447 INFO rally.task.runner [-] Task 95088a20-aa60-4c9d-8882-0f08436b7dfb | ITER: 17 START
2020-04-10 10:56:00.285 1444 INFO rally.task.runner [-] Task 95088a20-aa60-4c9d-8882-0f08436b7dfb | ITER: 16 START
2020-04-10 10:56:00.286 1451 RALLYDEBUG rally.task.runner [-] Starting a worker. concurrency: 1 args: {"subnets_per_network": 2} times: 40 method_name: run timeout: 0 duration: None cls:
2020-04-10 10:56:00.288 1448 INFO rally.task.runner [-] Task 95088a20-aa60-4c9d-8882-0f08436b7dfb | ITER: 18 START
2020-04-10 10:56:00.288 1455 RALLYDEBUG rally.task.runner [-] Starting a worker. concurrency: 1 args: {"subnets_per_network": 2} times: 40 method_name: run timeout: 0 duration: None cls:
2020-04-10 10:56:00.291 1451 INFO rally.task.runner [-] Task 95088a20-aa60-4c9d-8882-0f08436b7dfb | ITER: 19 START
2020-04-10 10:56:00.294 1455 INFO rally.task.runner [-] Task 95088a20-aa60-4c9d-8882-0f08436b7dfb | ITER: 20 START
2020-04-10 10:56:03.393 1406 RALLYDEBUG rally_openstack.wrappers.network [-] CIDR generated: 10.2.0.0/24
2020-04-10 10:56:03.603 1417 RALLYDEBUG rally_openstack.wrappers.network [-] CIDR generated: 10.2.1.0/24
2020-04-10 10:56:03.734 1412 RALLYDEBUG rally_openstack.wrappers.network [-] CIDR generated: 10.2.2.0/24
2020-04-10 10:56:03.780 1448 RALLYDEBUG rally_openstack.wrappers.network [-] CIDR generated: 10.2.3.0/24
2020-04-10 10:56:03.940 1447 RALLYDEBUG rally_openstack.wrappers.network [-] CIDR generated: 10.2.4.0/24
2020-04-10 10:56:04.096 1425 RALLYDEBUG rally_openstack.wrappers.network [-] CIDR generated: 10.2.5.0/24
2020-04-10 10:56:04.202 1423 RALLYDEBUG rally_openstack.wrappers.network [-] CIDR generated: 10.2.6.0/24
2020-04-10 10:56:04.612 1435 RALLYDEBUG rally_openstack.wrappers.network [-] CIDR generated: 10.2.7.0/24
2020-04-10 10:56:04.782 1451 RALLYDEBUG rally_openstack.wrappers.network [-] CIDR generated: 10.2.8.0/24
2020-04-10 10:56:04.967 1430 RALLYDEBUG rally_openstack.wrappers.network [-] CIDR generated: 10.2.9.0/24
2020-04-10 10:56:05.104 1405 RALLYDEBUG rally_openstack.wrappers.network [-] CIDR generated: 10.2.10.0/24
2020-04-10 10:56:05.121 1444 RALLYDEBUG rally_openstack.wrappers.network [-] CIDR generated: 10.2.11.0/24
2020-04-10 10:56:05.149 1407 RALLYDEBUG rally_openstack.wrappers.network [-] CIDR generated: 10.2.12.0/24
2020-04-10 10:56:05.159 1408 RALLYDEBUG rally_openstack.wrappers.network [-] CIDR generated: 10.2.13.0/24
2020-04-10 10:56:05.214 1409 RALLYDEBUG rally_openstack.wrappers.network [-] CIDR generated: 10.2.14.0/24
2020-04-10 10:56:05.364 1438 RALLYDEBUG rally_openstack.wrappers.network [-] CIDR generated: 10.2.15.0/24
2020-04-10 10:56:05.366 1418 RALLYDEBUG rally_openstack.wrappers.network [-] CIDR generated: 10.2.16.0/24
2020-04-10 10:56:05.410 1441 RALLYDEBUG rally_openstack.wrappers.network [-] CIDR generated: 10.2.17.0/24
2020-04-10 10:56:05.432 1455 RALLYDEBUG rally_openstack.wrappers.network [-] CIDR generated: 10.2.18.0/24
2020-04-10 10:56:05.660 1429 RALLYDEBUG rally_openstack.wrappers.network [-] CIDR generated: 10.2.19.0/24
2020-04-10 10:56:11.493 1448 RALLYDEBUG rally_openstack.wrappers.network [-] CIDR generated: 10.2.20.0/24
2020-04-10 10:56:11.642 1451 RALLYDEBUG rally_openstack.wrappers.network [-] CIDR generated: 10.2.21.0/24
2020-04-10 10:56:11.691 1407 RALLYDEBUG rally_openstack.wrappers.network [-] CIDR generated: 10.2.22.0/24
2020-04-10 10:56:11.855 1408 RALLYDEBUG rally_openstack.wrappers.network [-] CIDR generated: 10.2.23.0/24
2020-04-10 10:56:11.952 1425 RALLYDEBUG rally_openstack.wrappers.network [-] CIDR generated: 10.2.24.0/24
2020-04-10 10:56:11.955 1406 RALLYDEBUG rally_openstack.wrappers.network [-] CIDR generated: 10.2.25.0/24
2020-04-10 10:56:12.011 1417 RALLYDEBUG rally_openstack.wrappers.network [-] CIDR generated: 10.2.26.0/24
2020-04-10 10:56:12.064 1435 RALLYDEBUG rally_openstack.wrappers.network [-] CIDR generated: 10.2.27.0/24
2020-04-10 10:56:12.084 1412 RALLYDEBUG rally_openstack.wrappers.network [-] CIDR generated: 10.2.28.0/24
2020-04-10 10:56:12.138 1430 RALLYDEBUG rally_openstack.wrappers.network [-] CIDR generated: 10.2.29.0/24
2020-04-10 10:56:12.237 1447 RALLYDEBUG rally_openstack.wrappers.network [-] CIDR generated: 10.2.30.0/24
2020-04-10 10:56:12.255 1423 RALLYDEBUG rally_openstack.wrappers.network [-] CIDR generated: 10.2.31.0/24
2020-04-10 10:56:12.546 1405 RALLYDEBUG rally_openstack.wrappers.network [-] CIDR generated: 10.2.32.0/24
2020-04-10 10:56:12.605 1438 RALLYDEBUG rally_openstack.wrappers.network [-] CIDR generated: 10.2.33.0/24
2020-04-10 10:56:12.656 1418 RALLYDEBUG rally_openstack.wrappers.network [-] CIDR generated: 10.2.34.0/24
2020-04-10 10:56:12.768 1455 RALLYDEBUG rally_openstack.wrappers.network [-] CIDR generated: 10.2.35.0/24
2020-04-10 10:56:12.772 1441 RALLYDEBUG rally_openstack.wrappers.network [-] CIDR generated: 10.2.36.0/24
2020-04-10 10:56:12.792 1409 RALLYDEBUG rally_openstack.wrappers.network [-] CIDR generated: 10.2.37.0/24
2020-04-10 10:56:12.931 1444 RALLYDEBUG rally_openstack.wrappers.network [-] CIDR generated: 10.2.38.0/24
2020-04-10 10:56:13.015 1429 RALLYDEBUG rally_openstack.wrappers.network [-] CIDR generated: 10.2.39.0/24
2020-04-10 10:56:23.177 1448 INFO rally.task.runner [-] Task 95088a20-aa60-4c9d-8882-0f08436b7dfb | ITER: 18 END: OK
2020-04-10 10:56:23.182 1448 INFO rally.task.runner [-] Task 95088a20-aa60-4c9d-8882-0f08436b7dfb | ITER: 21 START
2020-04-10 10:56:26.516 1412 INFO rally.task.runner [-] Task 95088a20-aa60-4c9d-8882-0f08436b7dfb | ITER: 6 END: OK
2020-04-10 10:56:26.519 1455 INFO rally.task.runner [-] Task 95088a20-aa60-4c9d-8882-0f08436b7dfb | ITER: 20 END: OK
2020-04-10 10:56:26.522 1412 INFO rally.task.runner [-] Task 95088a20-aa60-4c9d-8882-0f08436b7dfb | ITER: 22 START
2020-04-10 10:56:26.524 1455 INFO rally.task.runner [-] Task 95088a20-aa60-4c9d-8882-0f08436b7dfb | ITER: 23 START
2020-04-10 10:56:26.575 1451 INFO rally.task.runner [-] Task 95088a20-aa60-4c9d-8882-0f08436b7dfb | ITER: 19 END: OK
2020-04-10 10:56:26.576 1408 INFO rally.task.runner [-] Task 95088a20-aa60-4c9d-8882-0f08436b7dfb | ITER: 5 END: OK
2020-04-10 10:56:26.577 1441 INFO rally.task.runner [-] Task 95088a20-aa60-4c9d-8882-0f08436b7dfb | ITER: 15 END: OK
2020-04-10 10:56:26.580 1451 INFO rally.task.runner [-] Task 95088a20-aa60-4c9d-8882-0f08436b7dfb | ITER: 24 START
2020-04-10 10:56:26.581 1441 INFO rally.task.runner [-] Task 95088a20-aa60-4c9d-8882-0f08436b7dfb | ITER: 26 START
2020-04-10 10:56:26.581 1408 INFO rally.task.runner [-] Task 95088a20-aa60-4c9d-8882-0f08436b7dfb | ITER: 25 START
2020-04-10 10:56:26.583 1438 INFO rally.task.runner [-] Task 95088a20-aa60-4c9d-8882-0f08436b7dfb | ITER: 14 END: OK
2020-04-10 10:56:26.588 1438 INFO rally.task.runner [-] Task 95088a20-aa60-4c9d-8882-0f08436b7dfb | ITER: 27 START
2020-04-10 10:56:26.592 1405 INFO rally.task.runner [-] Task 95088a20-aa60-4c9d-8882-0f08436b7dfb | ITER: 1 END: OK
2020-04-10 10:56:26.596 1430 INFO rally.task.runner [-] Task 95088a20-aa60-4c9d-8882-0f08436b7dfb | ITER: 12 END: OK
2020-04-10 10:56:26.597 1405 INFO rally.task.runner [-] Task 95088a20-aa60-4c9d-8882-0f08436b7dfb | ITER: 28 START
2020-04-10 10:56:26.598 1409 INFO rally.task.runner [-] Task 95088a20-aa60-4c9d-8882-0f08436b7dfb | ITER: 4 END: OK
2020-04-10 10:56:26.601 1430 INFO rally.task.runner [-] Task 95088a20-aa60-4c9d-8882-0f08436b7dfb | ITER: 29 START
2020-04-10 10:56:26.606 1409 INFO rally.task.runner [-] Task 95088a20-aa60-4c9d-8882-0f08436b7dfb | ITER: 30 START
2020-04-10 10:56:26.612 1406 INFO rally.task.runner [-] Task 95088a20-aa60-4c9d-8882-0f08436b7dfb | ITER: 2 END: OK
2020-04-10 10:56:26.617 1406 INFO rally.task.runner [-] Task 95088a20-aa60-4c9d-8882-0f08436b7dfb | ITER: 31 START
2020-04-10 10:56:26.659 1435 INFO rally.task.runner [-] Task 95088a20-aa60-4c9d-8882-0f08436b7dfb | ITER: 13 END: OK
2020-04-10 10:56:26.662 1425 INFO rally.task.runner [-] Task 95088a20-aa60-4c9d-8882-0f08436b7dfb | ITER: 10 END: OK
2020-04-10 10:56:26.663 1417 INFO rally.task.runner [-] Task 95088a20-aa60-4c9d-8882-0f08436b7dfb | ITER: 7 END: OK
2020-04-10 10:56:26.664 1435 INFO rally.task.runner [-] Task 95088a20-aa60-4c9d-8882-0f08436b7dfb | ITER: 32 START
2020-04-10 10:56:26.666 1425 INFO rally.task.runner [-] Task 95088a20-aa60-4c9d-8882-0f08436b7dfb | ITER: 33 START
2020-04-10 10:56:26.669 1417 INFO rally.task.runner [-] Task 95088a20-aa60-4c9d-8882-0f08436b7dfb | ITER: 34 START
2020-04-10 10:56:26.680 1429 INFO rally.task.runner [-] Task 95088a20-aa60-4c9d-8882-0f08436b7dfb | ITER: 11 END: OK
2020-04-10 10:56:26.685 1429 INFO rally.task.runner [-] Task 95088a20-aa60-4c9d-8882-0f08436b7dfb | ITER: 35 START
2020-04-10 10:56:26.696 1407 INFO rally.task.runner [-] Task 95088a20-aa60-4c9d-8882-0f08436b7dfb | ITER: 3 END: OK
2020-04-10 10:56:26.697 1418 INFO rally.task.runner [-] Task 95088a20-aa60-4c9d-8882-0f08436b7dfb | ITER: 8 END: OK
2020-04-10 10:56:26.701 1407 INFO rally.task.runner [-] Task 95088a20-aa60-4c9d-8882-0f08436b7dfb | ITER: 36 START
2020-04-10 10:56:26.702 1418 INFO rally.task.runner [-] Task 95088a20-aa60-4c9d-8882-0f08436b7dfb | ITER: 37 START
2020-04-10 10:56:26.762 1444 INFO rally.task.runner [-] Task 95088a20-aa60-4c9d-8882-0f08436b7dfb | ITER: 16 END: OK
2020-04-10 10:56:26.766 1444 INFO rally.task.runner [-] Task 95088a20-aa60-4c9d-8882-0f08436b7dfb | ITER: 38 START
2020-04-10 10:56:26.842 1447 INFO rally.task.runner [-] Task 95088a20-aa60-4c9d-8882-0f08436b7dfb | ITER: 17 END: OK
2020-04-10 10:56:26.847 1447 INFO rally.task.runner [-] Task 95088a20-aa60-4c9d-8882-0f08436b7dfb | ITER: 39 START
2020-04-10 10:56:26.850 1423 INFO rally.task.runner [-] Task 95088a20-aa60-4c9d-8882-0f08436b7dfb | ITER: 9 END: OK
2020-04-10 10:56:26.860 1423 INFO rally.task.runner [-] Task 95088a20-aa60-4c9d-8882-0f08436b7dfb | ITER: 40 START
2020-04-10 10:56:26.990 1448 RALLYDEBUG rally_openstack.wrappers.network [-] CIDR generated: 10.2.40.0/24
2020-04-10 10:56:27.155 1455 RALLYDEBUG rally_openstack.wrappers.network [-] CIDR generated: 10.2.41.0/24
2020-04-10 10:56:27.189 1441 RALLYDEBUG rally_openstack.wrappers.network [-] CIDR generated: 10.2.42.0/24
2020-04-10 10:56:27.286 1451 RALLYDEBUG rally_openstack.wrappers.network [-] CIDR generated: 10.2.43.0/24
2020-04-10 10:56:27.416 1429 RALLYDEBUG rally_openstack.wrappers.network [-] CIDR generated: 10.2.44.0/24
2020-04-10 10:56:27.663 1405 RALLYDEBUG rally_openstack.wrappers.network [-] CIDR generated: 10.2.45.0/24
2020-04-10 10:56:27.753 1408 RALLYDEBUG rally_openstack.wrappers.network [-] CIDR generated: 10.2.46.0/24
2020-04-10 10:56:28.096 1412 RALLYDEBUG rally_openstack.wrappers.network [-] CIDR generated: 10.2.47.0/24
2020-04-10 10:56:28.243 1438 RALLYDEBUG rally_openstack.wrappers.network [-] CIDR generated: 10.2.48.0/24
2020-04-10 10:56:28.972 1407 RALLYDEBUG rally_openstack.wrappers.network [-] CIDR generated: 10.2.49.0/24
2020-04-10 10:56:30.474 1430 RALLYDEBUG rally_openstack.wrappers.network [-] CIDR generated: 10.2.50.0/24
2020-04-10 10:56:31.161 1417 RALLYDEBUG rally_openstack.wrappers.network [-] CIDR generated: 10.2.51.0/24
2020-04-10 10:56:31.742 1418 RALLYDEBUG rally_openstack.wrappers.network [-] CIDR generated: 10.2.52.0/24
2020-04-10 10:56:31.747 1444 RALLYDEBUG rally_openstack.wrappers.network [-] CIDR generated: 10.2.53.0/24
2020-04-10 10:56:31.751 1409 RALLYDEBUG rally_openstack.wrappers.network [-] CIDR generated: 10.2.54.0/24
2020-04-10 10:56:31.755 1406 RALLYDEBUG rally_openstack.wrappers.network [-] CIDR generated: 10.2.55.0/24
2020-04-10 10:56:31.964 1447 RALLYDEBUG rally_openstack.wrappers.network [-] CIDR generated: 10.2.56.0/24
2020-04-10 10:56:31.981 1423 RALLYDEBUG rally_openstack.wrappers.network [-] CIDR generated: 10.2.57.0/24
2020-04-10 10:56:32.085 1425 RALLYDEBUG rally_openstack.wrappers.network [-] CIDR generated: 10.2.58.0/24
2020-04-10 10:56:32.647 1435 RALLYDEBUG rally_openstack.wrappers.network [-] CIDR generated: 10.2.59.0/24
2020-04-10 10:56:36.526 1448 RALLYDEBUG rally_openstack.wrappers.network [-] CIDR generated: 10.2.60.0/24
2020-04-10 10:56:37.306 1429 RALLYDEBUG rally_openstack.wrappers.network [-] CIDR generated: 10.2.61.0/24
2020-04-10 10:56:37.613 1451 RALLYDEBUG rally_openstack.wrappers.network [-] CIDR generated: 10.2.62.0/24
2020-04-10 10:56:37.797 1444 RALLYDEBUG rally_openstack.wrappers.network [-] CIDR generated: 10.2.63.0/24
2020-04-10 10:56:37.865 1455 RALLYDEBUG rally_openstack.wrappers.network [-] CIDR generated: 10.2.64.0/24
2020-04-10 10:56:38.045 1447 RALLYDEBUG rally_openstack.wrappers.network [-] CIDR generated: 10.2.65.0/24
2020-04-10 10:56:38.341 1441 RALLYDEBUG rally_openstack.wrappers.network [-] CIDR generated: 10.2.66.0/24
2020-04-10 10:56:38.374 1406 RALLYDEBUG rally_openstack.wrappers.network [-] CIDR generated: 10.2.67.0/24
2020-04-10 10:56:39.251 1408 RALLYDEBUG rally_openstack.wrappers.network [-] CIDR generated: 10.2.68.0/24
2020-04-10 10:56:39.751 1412 RALLYDEBUG rally_openstack.wrappers.network [-] CIDR generated: 10.2.69.0/24
2020-04-10 10:56:40.021 1435 RALLYDEBUG rally_openstack.wrappers.network [-] CIDR generated: 10.2.70.0/24
2020-04-10 10:56:40.061 1418 RALLYDEBUG rally_openstack.wrappers.network [-] CIDR generated: 10.2.71.0/24
2020-04-10 10:56:40.438 1448 INFO rally.task.runner [-] Task 95088a20-aa60-4c9d-8882-0f08436b7dfb | ITER: 21 END: OK
2020-04-10 10:56:40.658 1429 INFO rally.task.runner [-] Task 95088a20-aa60-4c9d-8882-0f08436b7dfb | ITER: 35 END: OK
2020-04-10 10:56:41.681 1409 RALLYDEBUG rally_openstack.wrappers.network [-] CIDR generated: 10.2.72.0/24
2020-04-10 10:56:41.682 1417 RALLYDEBUG rally_openstack.wrappers.network [-] CIDR generated: 10.2.73.0/24
2020-04-10 10:56:41.685 1423 RALLYDEBUG rally_openstack.wrappers.network [-] CIDR generated: 10.2.74.0/24
2020-04-10 10:56:41.686 1430 RALLYDEBUG rally_openstack.wrappers.network [-] CIDR generated: 10.2.75.0/24
2020-04-10 10:56:41.692 1407 RALLYDEBUG rally_openstack.wrappers.network [-] CIDR generated: 10.2.76.0/24
2020-04-10 10:56:41.726 1425 RALLYDEBUG rally_openstack.wrappers.network [-] CIDR generated: 10.2.77.0/24
2020-04-10 10:56:41.768 1438 RALLYDEBUG rally_openstack.wrappers.network [-] CIDR generated: 10.2.78.0/24
2020-04-10 10:56:41.770 1405 RALLYDEBUG rally_openstack.wrappers.network [-] CIDR generated: 10.2.79.0/24
2020-04-10 10:56:42.757 1444 INFO rally.task.runner [-] Task 95088a20-aa60-4c9d-8882-0f08436b7dfb | ITER: 38 END: OK
2020-04-10 10:56:42.758 1447 INFO rally.task.runner [-] Task 95088a20-aa60-4c9d-8882-0f08436b7dfb | ITER: 39 END: OK
2020-04-10 10:56:42.758 1441 INFO rally.task.runner [-] Task 95088a20-aa60-4c9d-8882-0f08436b7dfb | ITER: 26 END: OK
2020-04-10 10:56:42.761 1451 INFO rally.task.runner [-] Task 95088a20-aa60-4c9d-8882-0f08436b7dfb | ITER: 24 END: OK
2020-04-10 10:56:43.126 1455 INFO rally.task.runner [-] Task 95088a20-aa60-4c9d-8882-0f08436b7dfb | ITER: 23 END: OK
2020-04-10 10:56:43.216 1406 INFO rally.task.runner [-] Task 95088a20-aa60-4c9d-8882-0f08436b7dfb | ITER: 31 END: OK
2020-04-10 10:56:43.951 1423 INFO rally.task.runner [-] Task 95088a20-aa60-4c9d-8882-0f08436b7dfb | ITER: 40 END: OK
2020-04-10 10:56:43.971 1417 INFO rally.task.runner [-] Task 95088a20-aa60-4c9d-8882-0f08436b7dfb | ITER: 34 END: OK
2020-04-10 10:56:44.660 1408 INFO rally.task.runner [-] Task 95088a20-aa60-4c9d-8882-0f08436b7dfb | ITER: 25 END: OK
2020-04-10 10:56:44.664 1412 INFO rally.task.runner [-] Task 95088a20-aa60-4c9d-8882-0f08436b7dfb | ITER: 22 END: OK
2020-04-10 10:56:44.665 1438 INFO rally.task.runner [-] Task 95088a20-aa60-4c9d-8882-0f08436b7dfb | ITER: 27 END: OK
2020-04-10 10:56:44.665 1435 INFO rally.task.runner [-] Task 95088a20-aa60-4c9d-8882-0f08436b7dfb | ITER: 32 END: OK
2020-04-10 10:56:44.669 1418 INFO rally.task.runner [-] Task 95088a20-aa60-4c9d-8882-0f08436b7dfb | ITER: 37 END: OK
2020-04-10 10:56:44.669 1405 INFO rally.task.runner [-] Task 95088a20-aa60-4c9d-8882-0f08436b7dfb | ITER: 28 END: OK
2020-04-10 10:56:44.674 1409 INFO rally.task.runner [-] Task 95088a20-aa60-4c9d-8882-0f08436b7dfb | ITER: 30 END: OK
2020-04-10 10:56:45.119 1407 INFO rally.task.runner [-] Task 95088a20-aa60-4c9d-8882-0f08436b7dfb | ITER: 36 END: OK
2020-04-10 10:56:45.119 1430 INFO rally.task.runner [-] Task 95088a20-aa60-4c9d-8882-0f08436b7dfb | ITER: 29 END: OK
2020-04-10 10:56:45.124 1425 INFO rally.task.runner [-] Task 95088a20-aa60-4c9d-8882-0f08436b7dfb | ITER: 33 END: OK
2020-04-10 10:56:45.147 15 INFO rally.task.context [-] Task 95088a20-aa60-4c9d-8882-0f08436b7dfb | Context cleanup@openstack cleanup() started
2020-04-10 10:56:45.151 15 RALLYDEBUG rally_openstack.cleanup.manager [-] Cleaning up neutron vip objects
2020-04-10 10:56:45.313 15 RALLYDEBUG rally_openstack.cleanup.manager [-] Cleaning up neutron health_monitor objects
2020-04-10 10:56:45.480 15 RALLYDEBUG rally_openstack.cleanup.manager [-] Cleaning up neutron pool objects
2020-04-10 10:56:45.649 15 RALLYDEBUG rally_openstack.cleanup.manager [-] Cleaning up neutron loadbalancer objects
2020-04-10 10:56:45.841 15 RALLYDEBUG rally_openstack.cleanup.manager [-] Cleaning up neutron floatingip objects
2020-04-10 10:56:46.058 15 RALLYDEBUG rally_openstack.cleanup.manager [-] Cleaning up neutron trunk objects
2020-04-10 10:56:46.225 15 DEBUG neutronclient.v2_0.client [-] Error message: {"NeutronError": {"message": "Invalid input for operation: 'tenant_id' is not supported for filtering.", "type": "InvalidInput", "detail": ""}} _handle_fault_response /usr/lib/python2.7/site-packages/neutronclient/v2_0/client.py:259
2020-04-10 10:56:46.253 15 DEBUG neutronclient.v2_0.client [-] Error message: {"NeutronError": {"message": "Invalid input for operation: 'tenant_id' is not supported for filtering.", "type": "InvalidInput", "detail": ""}} _handle_fault_response /usr/lib/python2.7/site-packages/neutronclient/v2_0/client.py:259
2020-04-10 10:56:46.275 15 DEBUG neutronclient.v2_0.client [-] Error message: {"NeutronError": {"message": "Invalid input for operation: 'tenant_id' is not supported for filtering.", "type": "InvalidInput", "detail": ""}} _handle_fault_response /usr/lib/python2.7/site-packages/neutronclient/v2_0/client.py:259
2020-04-10 10:56:46.275 15 ERROR rally_openstack.cleanup.manager [-] Seems like rally_openstack.cleanup.resources.NeutronTrunk.list(self) method is broken. It shouldn't raise any exceptions.: BadRequest: Invalid input for operation: 'tenant_id' is not supported for filtering. Neutron server returns request_ids: ['req-a25df5d6-e25c-4cbf-a37b-c07450ea0168']
2020-04-10 10:56:46.275 15 ERROR rally_openstack.cleanup.manager
Traceback (most recent call last):
2020-04-10 10:56:46.275 15 ERROR rally_openstack.cleanup.manager
File "/usr/lib/python2.7/site-packages/rally_openstack/cleanup/manager.py", line 133, in _publish
2020-04-10 10:56:46.275 15 ERROR rally_openstack.cleanup.manager for raw_resource in rutils.retry(3, manager.list):
2020-04-10 10:56:46.275 15 ERROR rally_openstack.cleanup.manager
File "/usr/lib/python2.7/site-packages/rally/common/utils.py", line 230, in retry
2020-04-10 10:56:46.275 15 ERROR rally_openstack.cleanup.manager return func(*args, **kwargs)
2020-04-10 10:56:46.275 15 ERROR rally_openstack.cleanup.manager
File "/usr/lib/python2.7/site-packages/rally_openstack/cleanup/resources.py", line 396, in list
2020-04-10 10:56:46.275 15 ERROR rally_openstack.cleanup.manager return super(NeutronTrunk, self).list()
2020-04-10 10:56:46.275 15 ERROR rally_openstack.cleanup.manager
File "/usr/lib/python2.7/site-packages/rally_openstack/cleanup/resources.py", line 273, in list
2020-04-10 10:56:46.275 15 ERROR rally_openstack.cleanup.manager result = list_method(tenant_id=self.tenant_uuid)[resources]
2020-04-10 10:56:46.275 15 ERROR rally_openstack.cleanup.manager
File "/usr/lib/python2.7/site-packages/neutronclient/v2_0/client.py", line 2105, in list_trunks
2020-04-10 10:56:46.275 15 ERROR rally_openstack.cleanup.manager **_params)
2020-04-10 10:56:46.275 15 ERROR rally_openstack.cleanup.manager
File "/usr/lib/python2.7/site-packages/neutronclient/v2_0/client.py", line 369, in list
2020-04-10 10:56:46.275 15 ERROR rally_openstack.cleanup.manager for r in self._pagination(collection, path, **params):
2020-04-10 10:56:46.275 15 ERROR rally_openstack.cleanup.manager
File "/usr/lib/python2.7/site-packages/neutronclient/v2_0/client.py", line 384, in _pagination
2020-04-10 10:56:46.275 15 ERROR rally_openstack.cleanup.manager res = self.get(path, params=params)
2020-04-10 10:56:46.275 15 ERROR rally_openstack.cleanup.manager
File "/usr/lib/python2.7/site-packages/neutronclient/v2_0/client.py", line 354, in get
2020-04-10 10:56:46.275 15 ERROR rally_openstack.cleanup.manager headers=headers, params=params)
2020-04-10 10:56:46.275 15 ERROR rally_openstack.cleanup.manager
File "/usr/lib/python2.7/site-packages/neutronclient/v2_0/client.py", line 331, in retry_request
2020-04-10 10:56:46.275 15 ERROR rally_openstack.cleanup.manager headers=headers, params=params)
2020-04-10 10:56:46.275 15 ERROR rally_openstack.cleanup.manager
File "/usr/lib/python2.7/site-packages/neutronclient/v2_0/client.py", line 294, in do_request
2020-04-10 10:56:46.275 15 ERROR rally_openstack.cleanup.manager self._handle_fault_response(status_code, replybody, resp)
2020-04-10 10:56:46.275 15 ERROR rally_openstack.cleanup.manager
File "/usr/lib/python2.7/site-packages/neutronclient/v2_0/client.py", line 269, in _handle_fault_response
2020-04-10 10:56:46.275 15 ERROR rally_openstack.cleanup.manager exception_handler_v20(status_code, error_body)
2020-04-10 10:56:46.275 15 ERROR rally_openstack.cleanup.manager
File "/usr/lib/python2.7/site-packages/neutronclient/v2_0/client.py", line 93, in exception_handler_v20
2020-04-10 10:56:46.275 15 ERROR rally_openstack.cleanup.manager request_ids=request_ids)
2020-04-10 10:56:46.275 15 ERROR rally_openstack.cleanup.manager BadRequest: Invalid input for operation: 'tenant_id' is not supported for filtering.
2020-04-10 10:56:46.275 15 ERROR rally_openstack.cleanup.manager Neutron server returns request_ids: ['req-a25df5d6-e25c-4cbf-a37b-c07450ea0168']
2020-04-10 10:56:46.275 15 ERROR rally_openstack.cleanup.manager
2020-04-10 10:56:46.286 15 RALLYDEBUG rally_openstack.cleanup.manager [-] Cleaning up neutron port objects
2020-04-10 10:56:46.929 15 RALLYDEBUG rally_openstack.cleanup.manager [-] Cleaning up neutron subnet objects
2020-04-10 10:56:47.385 15 RALLYDEBUG rally_openstack.cleanup.manager [-] Deleting neutron.subnet object s_rally_2c822b72_tywYZW5Z (0650e3dd-cb0b-49ad-9252-7900e0e3c0a5)
2020-04-10 10:56:47.394 15 RALLYDEBUG rally_openstack.cleanup.manager [-] Deleting neutron.subnet object s_rally_2c822b72_RPD1EvLV (0c5f2f88-3893-4f91-938d-d98b70ff7b2a)
2020-04-10 10:56:47.403 15 RALLYDEBUG rally_openstack.cleanup.manager [-] Deleting neutron.subnet object s_rally_2c822b72_dzQuunNL (0f2e7459-3dad-420f-b266-90ccd77163cc)
2020-04-10 10:56:47.411 15 RALLYDEBUG rally_openstack.cleanup.manager [-] Deleting neutron.subnet object s_rally_2c822b72_hYkfNlu4 (0f5336d1-eaa1-4822-95f7-bd8e233e7a16)
2020-04-10 10:56:47.424 15 RALLYDEBUG rally_openstack.cleanup.manager [-] Deleting neutron.subnet object s_rally_2c822b72_QOkdKhs0 (1064642b-2977-4d10-933b-faf021d2c485)
2020-04-10 10:56:47.431 15 RALLYDEBUG rally_openstack.cleanup.manager [-] Deleting neutron.subnet object s_rally_2c822b72_2B6XjdoD (10f30ec9-973f-47b6-aa0d-af0ac232f602)
2020-04-10 10:56:47.438 15 RALLYDEBUG rally_openstack.cleanup.manager [-] Deleting neutron.subnet object s_rally_2c822b72_9OnA1euj (175a72c3-cbca-4141-8a51-9b0bb546d92f)
2020-04-10 10:56:47.466 15 RALLYDEBUG rally_openstack.cleanup.manager [-] Deleting neutron.subnet object s_rally_2c822b72_yCyY0kIy (1a2cdcec-c784-4cc6-b216-5c9d2d5870da)
2020-04-10 10:56:47.475 15 RALLYDEBUG rally_openstack.cleanup.manager [-] Deleting neutron.subnet object s_rally_2c822b72_37peRzGq (1e71ccd0-cad9-47fa-8abd-b2cdc6c6e2cb)
2020-04-10 10:56:47.528 15 RALLYDEBUG rally_openstack.cleanup.manager [-] Deleting neutron.subnet object s_rally_2c822b72_ETfC2mwT (21d926b7-a28d-4ce4-b122-c5fcf576f8e9)
2020-04-10 10:56:47.529 15 RALLYDEBUG rally_openstack.cleanup.manager [-] Deleting neutron.subnet object s_rally_2c822b72_daf08x53 (227096ad-e9c9-4350-974a-6d36447554ab)
2020-04-10 10:56:47.549 15 RALLYDEBUG rally_openstack.cleanup.manager [-] Deleting neutron.subnet object s_rally_2c822b72_GOPT2iZ1 (1e942b63-414f-4b65-ac7e-27dec4c5eb1d)
2020-04-10 10:56:47.557 15 RALLYDEBUG rally_openstack.cleanup.manager [-] Deleting neutron.subnet object s_rally_2c822b72_Oc873CrT (1b66050a-e350-44a2-8aa6-9cd2cee2e505)
2020-04-10 10:56:47.568 15 RALLYDEBUG rally_openstack.cleanup.manager [-] Deleting neutron.subnet object s_rally_2c822b72_q2ZI0gzI (2a21981e-84f9-4c65-8d53-3b008dc84951)
2020-04-10 10:56:47.580 15 RALLYDEBUG rally_openstack.cleanup.manager [-] Deleting neutron.subnet object s_rally_2c822b72_DUd7zRvc (25ee3b30-acc0-41b0-8577-7a976fa08c2f)
2020-04-10 10:56:47.596 15 RALLYDEBUG rally_openstack.cleanup.manager [-] Deleting neutron.subnet object s_rally_2c822b72_StBr4PUp (23e3338f-0b05-42b0-ac95-25d6f8f2f739)
2020-04-10 10:56:47.618 15 RALLYDEBUG rally_openstack.cleanup.manager [-] Deleting neutron.subnet object s_rally_2c822b72_YZBPVlgk (2a9e9072-1a64-42c2-a9c1-aef5c8d66f3d)
2020-04-10 10:56:47.621 15 RALLYDEBUG rally_openstack.cleanup.manager [-] Deleting neutron.subnet object s_rally_2c822b72_d5g12EJ8 (2e7680cf-ff10-42ed-b929-0eea0d864bcf)
2020-04-10 10:56:47.622 15 RALLYDEBUG rally_openstack.cleanup.manager [-] Deleting neutron.subnet object s_rally_2c822b72_4rVLoikE (2894e43f-c146-4e7c-9e23-8d6694e4a913)
2020-04-10 10:56:47.681 15 RALLYDEBUG rally_openstack.cleanup.manager [-] Deleting neutron.subnet object s_rally_2c822b72_U8N8JYNQ (2e799753-b2b2-4902-8a73-71034506c572)
2020-04-10 10:56:50.251 15 RALLYDEBUG rally_openstack.cleanup.manager [-] Deleting neutron.subnet object s_rally_2c822b72_ZoIurNTL (2ec5a0c4-89e6-4e15-b63a-2b08da538d91)
2020-04-10 10:56:50.274 15 RALLYDEBUG rally_openstack.cleanup.manager [-] Deleting neutron.subnet object s_rally_2c822b72_vjGVB3E1 (2f0bbe23-a84b-41d3-8223-0da7b02e080d)
2020-04-10 10:56:50.280 15 RALLYDEBUG rally_openstack.cleanup.manager [-] Deleting neutron.subnet object s_rally_2c822b72_MPZlaRVn (344905cb-e490-43ba-a7f8-5820cd4e3597)
2020-04-10 10:56:50.285 15 RALLYDEBUG rally_openstack.cleanup.manager [-] Deleting neutron.subnet object s_rally_2c822b72_8uWkqsCH (36dd011d-9d3c-46c9-859e-2fe728689aff)
2020-04-10 10:56:50.306 15 RALLYDEBUG rally_openstack.cleanup.manager [-] Deleting neutron.subnet object s_rally_2c822b72_dAm3jmyf (39d7f0f3-1e66-4b37-9b73-c8796bd00d0e)
2020-04-10 10:56:50.364 15 RALLYDEBUG rally_openstack.cleanup.manager [-] Deleting neutron.subnet object s_rally_2c822b72_AnbisleX (3da178af-ed87-4a07-996c-f232af1bae3c)
2020-04-10 10:56:50.365 15 RALLYDEBUG rally_openstack.cleanup.manager [-] Deleting neutron.subnet object s_rally_2c822b72_M6tVnEXs (3a296273-cafd-4c43-af10-e386a3ee06cd)
2020-04-10 10:56:50.565 15 RALLYDEBUG rally_openstack.cleanup.manager [-] Deleting neutron.subnet object s_rally_2c822b72_M3hY2YXJ (3f0d1246-ac6b-430f-bfe4-0fd59146746e)
2020-04-10 10:56:50.592 15 RALLYDEBUG rally_openstack.cleanup.manager [-] Deleting neutron.subnet object s_rally_2c822b72_sdGyFfrD (44c7b1fd-c497-4e88-93ba-8a216b42e999)
2020-04-10 10:56:50.624 15 RALLYDEBUG rally_openstack.cleanup.manager [-] Deleting neutron.subnet object s_rally_2c822b72_gvP2P7MK (461a6b74-a8a7-4c34-b956-276e6e888d2e)
2020-04-10 10:56:50.877 15 RALLYDEBUG rally_openstack.cleanup.manager [-] Deleting neutron.subnet object s_rally_2c822b72_NcGL4N8o (4da5d46d-544c-4686-a3f6-d557aa7308d3)
2020-04-10 10:56:52.019 15 RALLYDEBUG rally_openstack.cleanup.manager [-] Deleting neutron.subnet object s_rally_2c822b72_2iulf5H5 (4dcc70bf-c6a1-498b-87df-a7fef790e426)
2020-04-10 10:56:52.199 15 RALLYDEBUG rally_openstack.cleanup.manager [-] Deleting neutron.subnet object s_rally_2c822b72_cYVt1GyG (4e5b1cdf-2732-4935-be7a-12361b2b1606)
2020-04-10 10:56:52.261 15 RALLYDEBUG rally_openstack.cleanup.manager [-] Deleting neutron.subnet object s_rally_2c822b72_QRXYzPLC (4ee38906-de8d-4593-9655-138d18c4f37e)
2020-04-10 10:56:52.372 15 RALLYDEBUG rally_openstack.cleanup.manager [-] Deleting neutron.subnet object s_rally_2c822b72_9fVJj9W6 (4f01324e-74e8-46c8-9373-c4a92beaf027)
2020-04-10 10:56:52.480 15 RALLYDEBUG rally_openstack.cleanup.manager [-] Deleting neutron.subnet object s_rally_2c822b72_LO5doxP2 (52f997b3-4c30-4ed2-adf5-0732428f2a9a)
2020-04-10 10:56:52.665 15 RALLYDEBUG rally_openstack.cleanup.manager [-] Deleting neutron.subnet object s_rally_2c822b72_GtrL7dXT (568d0dd2-899b-46d8-a89f-342a69b6373f)
2020-04-10 10:56:53.117 15 RALLYDEBUG rally_openstack.cleanup.manager [-] Deleting neutron.subnet object s_rally_2c822b72_V1bfK2Gi (5fcbd2b4-0479-450d-b9de-831b23cbe8c3)
2020-04-10 10:56:53.378 15 RALLYDEBUG rally_openstack.cleanup.manager [-] Deleting neutron.subnet object s_rally_2c822b72_ux5eYInk (63e88dbf-2138-4b33-af54-2ae251246fb7)
2020-04-10 10:56:53.717 15 RALLYDEBUG rally_openstack.cleanup.manager [-] Deleting neutron.subnet object s_rally_2c822b72_eu3P1hyO (645bcab5-5343-4ff9-99f9-d2f9a9f849d6)
2020-04-10 10:56:54.055 15 RALLYDEBUG rally_openstack.cleanup.manager [-] Deleting neutron.subnet object s_rally_2c822b72_06WH6UfP (6e3100c0-dd10-4490-ab80-d7abc4f4a77e)
2020-04-10 10:56:54.134 15 RALLYDEBUG rally_openstack.cleanup.manager [-] Deleting neutron.subnet object s_rally_2c822b72_TLpL9o9L (7237c329-6528-4363-9bd8-a7d6b02ba973)
2020-04-10 10:56:54.177 15 RALLYDEBUG rally_openstack.cleanup.manager [-] Deleting neutron.subnet object s_rally_2c822b72_PKhJqpCk (761b0d5c-5158-4104-876f-40fbd683b732)
2020-04-10 10:56:54.777 15 RALLYDEBUG rally_openstack.cleanup.manager [-] Deleting neutron.subnet object s_rally_2c822b72_DpPHG3cM (7f977797-d53d-488d-a7a7-3504aae96862)
2020-04-10 10:56:54.981 15 RALLYDEBUG rally_openstack.cleanup.manager [-] Deleting neutron.subnet object s_rally_2c822b72_Ta43m2uZ (83c0516c-3417-4e27-92f2-60550d93c516)
2020-04-10 10:56:55.092 15 RALLYDEBUG rally_openstack.cleanup.manager [-] Deleting neutron.subnet object s_rally_2c822b72_Qwa1vGW7 (893a4fe5-1f0c-4eba-b8ae-acc7db60c805)
2020-04-10 10:56:55.430 15 RALLYDEBUG rally_openstack.cleanup.manager [-] Deleting neutron.subnet object s_rally_2c822b72_KK8vpimW (89ca7bd6-994d-4fb7-906f-633f073aaf03)
2020-04-10 10:56:55.502 15 RALLYDEBUG rally_openstack.cleanup.manager [-] Deleting neutron.subnet object s_rally_2c822b72_YXC8q9dj (8e51564c-33b6-4974-b905-b70bd4c078e5)
2020-04-10 10:56:55.607 15 RALLYDEBUG rally_openstack.cleanup.manager [-] Deleting neutron.subnet object s_rally_2c822b72_1WRfEhux (942b800e-acf5-45f1-be28-2bf10b15db6d)
2020-04-10 10:56:55.943 15 RALLYDEBUG rally_openstack.cleanup.manager [-] Deleting neutron.subnet object s_rally_2c822b72_rfVfYrqR (9537c879-72d4-4245-964f-f86ab771ef56)
2020-04-10 10:56:55.948 15 RALLYDEBUG rally_openstack.cleanup.manager [-] Deleting neutron.subnet object s_rally_2c822b72_y8qrXt8G (9c80a1f3-bd89-43e3-b22b-cd028998608c)
2020-04-10 10:56:56.254 15 RALLYDEBUG rally_openstack.cleanup.manager [-] Deleting neutron.subnet object s_rally_2c822b72_8AVmJmPv (9d170569-c083-461d-b059-a5b823ce7e6d)
2020-04-10 10:56:56.275 15 RALLYDEBUG rally_openstack.cleanup.manager [-] Deleting neutron.subnet object s_rally_2c822b72_2RLaHYkC (9f1271d9-7fea-4efd-bc78-873a3ab97338)
2020-04-10 10:56:56.277 15 RALLYDEBUG rally_openstack.cleanup.manager [-] Deleting neutron.subnet object s_rally_2c822b72_SJeZo3l6 (9d4945a3-2c97-48f5-b5aa-8c8deb3219f4)
2020-04-10 10:56:56.449 15 RALLYDEBUG rally_openstack.cleanup.manager [-] Deleting neutron.subnet object s_rally_2c822b72_xDrpBAv8 (a0ca002b-f1e3-4fe7-8ad5-02da13f14746)
2020-04-10 10:56:56.512 15 RALLYDEBUG rally_openstack.cleanup.manager [-] Deleting neutron.subnet object s_rally_2c822b72_heCKxxOA (a3472da8-cb09-4768-8fe0-bf00aab349bd)
2020-04-10 10:56:56.562 15 RALLYDEBUG rally_openstack.cleanup.manager [-] Deleting neutron.subnet object s_rally_2c822b72_KXdTqyqN (a7b20e4f-5271-4465-8c40-c03dff10fd69)
