2020-04-10 10:59:52.163 2309 RALLYDEBUG rally_openstack.wrappers.network [-] CIDR generated: 1.1.5.44/30
2020-04-10 10:59:52.169 2314 INFO rally.task.runner [-] Task 95088a20-aa60-4c9d-8882-0f08436b7dfb | ITER: 18 END: OK
2020-04-10 10:59:52.174 2314 INFO rally.task.runner [-] Task 95088a20-aa60-4c9d-8882-0f08436b7dfb | ITER: 40 START
2020-04-10 10:59:52.175 2314 WARNING rally_openstack.scenarios.neutron.utils [-] Running this scenario without either the 'network' or 'existing_network' context is deprecated
2020-04-10 10:59:52.236 2270 RALLYDEBUG rally_openstack.wrappers.network [-] CIDR generated: 1.1.5.48/30
2020-04-10 10:59:52.490 2278 RALLYDEBUG rally_openstack.wrappers.network [-] CIDR generated: 1.1.5.52/30
2020-04-10 10:59:52.539 2284 RALLYDEBUG rally_openstack.wrappers.network [-] CIDR generated: 1.1.5.56/30
2020-04-10 10:59:52.630 2281 RALLYDEBUG rally_openstack.wrappers.network [-] CIDR generated: 1.1.5.60/30
2020-04-10 10:59:52.640 2306 RALLYDEBUG rally_openstack.wrappers.network [-] CIDR generated: 1.1.5.64/30
2020-04-10 10:59:52.821 2296 RALLYDEBUG rally_openstack.wrappers.network [-] CIDR generated: 1.1.5.68/30
2020-04-10 10:59:52.956 2269 RALLYDEBUG rally_openstack.wrappers.network [-] CIDR generated: 1.1.5.72/30
2020-04-10 10:59:52.984 2320 RALLYDEBUG rally_openstack.wrappers.network [-] CIDR generated: 1.1.5.76/30
2020-04-10 10:59:53.406 2271 RALLYDEBUG rally_openstack.wrappers.network [-] CIDR generated: 1.1.5.80/30
2020-04-10 10:59:53.923 2314 RALLYDEBUG rally_openstack.wrappers.network [-] CIDR generated: 1.1.5.84/30
2020-04-10 10:59:53.940 2274 RALLYDEBUG rally_openstack.wrappers.network [-] CIDR generated: 1.1.5.88/30
2020-04-10 10:59:54.434 2300 RALLYDEBUG rally_openstack.wrappers.network [-] CIDR generated: 1.1.5.92/30
2020-04-10 10:59:54.831 2287 RALLYDEBUG rally_openstack.wrappers.network [-] CIDR generated: 1.1.5.96/30
2020-04-10 10:59:55.118 2272 RALLYDEBUG rally_openstack.wrappers.network [-] CIDR generated: 1.1.5.100/30
2020-04-10 10:59:55.220 2313 RALLYDEBUG rally_openstack.wrappers.network [-] CIDR generated: 1.1.5.104/30
2020-04-10 10:59:55.369 2286 RALLYDEBUG rally_openstack.wrappers.network [-] CIDR generated: 1.1.5.108/30
2020-04-10 10:59:55.444 2299 RALLYDEBUG rally_openstack.wrappers.network [-] CIDR generated: 1.1.5.112/30
2020-04-10 10:59:55.685 2317 RALLYDEBUG rally_openstack.wrappers.network [-] CIDR generated: 1.1.5.116/30
2020-04-10 10:59:55.760 2278 RALLYDEBUG rally_openstack.wrappers.network [-] CIDR generated: 1.1.5.120/30
2020-04-10 10:59:55.795 2269 RALLYDEBUG rally_openstack.wrappers.network [-] CIDR generated: 1.1.5.124/30
2020-04-10 10:59:55.929 2320 RALLYDEBUG rally_openstack.wrappers.network [-] CIDR generated: 1.1.5.128/30
2020-04-10 10:59:56.056 2284 RALLYDEBUG rally_openstack.wrappers.network [-] CIDR generated: 1.1.5.132/30
2020-04-10 10:59:56.236 2309 RALLYDEBUG rally_openstack.wrappers.network [-] CIDR generated: 1.1.5.136/30
2020-04-10 10:59:56.333 2281 RALLYDEBUG rally_openstack.wrappers.network [-] CIDR generated: 1.1.5.140/30
2020-04-10 10:59:56.364 2270 RALLYDEBUG rally_openstack.wrappers.network [-] CIDR generated: 1.1.5.144/30
2020-04-10 10:59:56.518 2314 RALLYDEBUG rally_openstack.wrappers.network [-] CIDR generated: 1.1.5.148/30
2020-04-10 10:59:56.599 2306 RALLYDEBUG rally_openstack.wrappers.network [-] CIDR generated: 1.1.5.152/30
2020-04-10 10:59:56.626 2300 RALLYDEBUG rally_openstack.wrappers.network [-] CIDR generated: 1.1.5.156/30
2020-04-10 10:59:56.657 2271 INFO rally.task.runner [-] Task 95088a20-aa60-4c9d-8882-0f08436b7dfb | ITER: 23 END: OK
2020-04-10 10:59:57.325 2293 INFO rally.task.runner [-] Task 95088a20-aa60-4c9d-8882-0f08436b7dfb | ITER: 26 END: OK
2020-04-10 10:59:58.975 2272 INFO rally.task.runner [-] Task 95088a20-aa60-4c9d-8882-0f08436b7dfb | ITER: 28 END: OK
2020-04-10 10:59:59.379 2296 INFO rally.task.runner [-] Task 95088a20-aa60-4c9d-8882-0f08436b7dfb | ITER: 21 END: OK
2020-04-10 10:59:59.918 2270 INFO rally.task.runner [-] Task 95088a20-aa60-4c9d-8882-0f08436b7dfb | ITER: 32 END: OK
2020-04-10 11:00:00.211 2274 INFO rally.task.runner [-] Task 95088a20-aa60-4c9d-8882-0f08436b7dfb | ITER: 27 END: OK
2020-04-10 11:00:00.507 2287 INFO rally.task.runner [-] Task 95088a20-aa60-4c9d-8882-0f08436b7dfb | ITER: 25 END: OK
2020-04-10 11:00:00.593 2286 INFO rally.task.runner [-] Task 95088a20-aa60-4c9d-8882-0f08436b7dfb | ITER: 30 END: OK
2020-04-10 11:00:00.882 2269 INFO rally.task.runner [-] Task 95088a20-aa60-4c9d-8882-0f08436b7dfb | ITER: 38 END: OK
2020-04-10 11:00:01.174 2299 INFO rally.task.runner [-] Task 95088a20-aa60-4c9d-8882-0f08436b7dfb | ITER: 29 END: OK
2020-04-10 11:00:01.257 2314 INFO rally.task.runner [-] Task 95088a20-aa60-4c9d-8882-0f08436b7dfb | ITER: 40 END: OK
2020-04-10 11:00:02.098 2284 INFO rally.task.runner [-] Task 95088a20-aa60-4c9d-8882-0f08436b7dfb | ITER: 34 END: OK
2020-04-10 11:00:02.348 2320 INFO rally.task.runner [-] Task 95088a20-aa60-4c9d-8882-0f08436b7dfb | ITER: 37 END: OK
2020-04-10 11:00:02.494 2300 INFO rally.task.runner [-] Task 95088a20-aa60-4c9d-8882-0f08436b7dfb | ITER: 39 END: OK
2020-04-10 11:00:02.643 2306 INFO rally.task.runner [-] Task 95088a20-aa60-4c9d-8882-0f08436b7dfb | ITER: 36 END: OK
2020-04-10 11:00:02.978 2278 INFO rally.task.runner [-] Task 95088a20-aa60-4c9d-8882-0f08436b7dfb | ITER: 33 END: OK
2020-04-10 11:00:03.251 2281 INFO rally.task.runner [-] Task 95088a20-aa60-4c9d-8882-0f08436b7dfb | ITER: 35 END: OK
2020-04-10 11:00:03.344 2313 INFO rally.task.runner [-] Task 95088a20-aa60-4c9d-8882-0f08436b7dfb | ITER: 24 END: OK
2020-04-10 11:00:03.860 2317 INFO rally.task.runner [-] Task 95088a20-aa60-4c9d-8882-0f08436b7dfb | ITER: 22 END: OK
2020-04-10 11:00:04.440 2309 INFO rally.task.runner [-] Task 95088a20-aa60-4c9d-8882-0f08436b7dfb | ITER: 31 END: OK
2020-04-10 11:00:04.464 15 INFO rally.task.context [-] Task 95088a20-aa60-4c9d-8882-0f08436b7dfb | Context cleanup@openstack cleanup() started
2020-04-10 11:00:04.467 15 RALLYDEBUG rally_openstack.cleanup.manager [-] Cleaning up neutron vip objects
2020-04-10 11:00:04.636 15 RALLYDEBUG rally_openstack.cleanup.manager [-] Cleaning up neutron health_monitor objects
2020-04-10 11:00:04.825 15 RALLYDEBUG rally_openstack.cleanup.manager [-] Cleaning up neutron pool objects
2020-04-10 11:00:04.997 15 RALLYDEBUG rally_openstack.cleanup.manager [-] Cleaning up neutron loadbalancer objects
2020-04-10 11:00:05.165 15 RALLYDEBUG rally_openstack.cleanup.manager [-] Cleaning up neutron floatingip objects
2020-04-10 11:00:05.341 15 RALLYDEBUG rally_openstack.cleanup.manager [-] Cleaning up neutron trunk objects
2020-04-10 11:00:05.513 15 DEBUG neutronclient.v2_0.client [-] Error message: {"NeutronError": {"message": "Invalid input for operation: 'tenant_id' is not supported for filtering.", "type": "InvalidInput", "detail": ""}} _handle_fault_response /usr/lib/python2.7/site-packages/neutronclient/v2_0/client.py:259
2020-04-10 11:00:05.538 15 DEBUG neutronclient.v2_0.client [-] Error message: {"NeutronError": {"message": "Invalid input for operation: 'tenant_id' is not supported for filtering.", "type": "InvalidInput", "detail": ""}} _handle_fault_response /usr/lib/python2.7/site-packages/neutronclient/v2_0/client.py:259
2020-04-10 11:00:05.567 15 DEBUG neutronclient.v2_0.client [-] Error message: {"NeutronError": {"message": "Invalid input for operation: 'tenant_id' is not supported for filtering.", "type": "InvalidInput", "detail": ""}} _handle_fault_response /usr/lib/python2.7/site-packages/neutronclient/v2_0/client.py:259
2020-04-10 11:00:05.567 15 ERROR rally_openstack.cleanup.manager [-] Seems like rally_openstack.cleanup.resources.NeutronTrunk.list(self) method is broken. It shouldn't raise any exceptions.: BadRequest: Invalid input for operation: 'tenant_id' is not supported for filtering. Neutron server returns request_ids: ['req-5dab971b-648b-431d-9343-b0a4a13b64df']
2020-04-10 11:00:05.567 15 ERROR rally_openstack.cleanup.manager
Traceback (most recent call last):
2020-04-10 11:00:05.567 15 ERROR rally_openstack.cleanup.manager
File "/usr/lib/python2.7/site-packages/rally_openstack/cleanup/manager.py", line 133, in _publish
2020-04-10 11:00:05.567 15 ERROR rally_openstack.cleanup.manager for raw_resource in rutils.retry(3, manager.list):
2020-04-10 11:00:05.567 15 ERROR rally_openstack.cleanup.manager
File "/usr/lib/python2.7/site-packages/rally/common/utils.py", line 230, in retry
2020-04-10 11:00:05.567 15 ERROR rally_openstack.cleanup.manager return func(*args, **kwargs)
2020-04-10 11:00:05.567 15 ERROR rally_openstack.cleanup.manager
File "/usr/lib/python2.7/site-packages/rally_openstack/cleanup/resources.py", line 396, in list
2020-04-10 11:00:05.567 15 ERROR rally_openstack.cleanup.manager return super(NeutronTrunk, self).list()
2020-04-10 11:00:05.567 15 ERROR rally_openstack.cleanup.manager
File "/usr/lib/python2.7/site-packages/rally_openstack/cleanup/resources.py", line 273, in list
2020-04-10 11:00:05.567 15 ERROR rally_openstack.cleanup.manager result = list_method(tenant_id=self.tenant_uuid)[resources]
2020-04-10 11:00:05.567 15 ERROR rally_openstack.cleanup.manager
File "/usr/lib/python2.7/site-packages/neutronclient/v2_0/client.py", line 2105, in list_trunks
2020-04-10 11:00:05.567 15 ERROR rally_openstack.cleanup.manager **_params)
2020-04-10 11:00:05.567 15 ERROR rally_openstack.cleanup.manager
File "/usr/lib/python2.7/site-packages/neutronclient/v2_0/client.py", line 369, in list
2020-04-10 11:00:05.567 15 ERROR rally_openstack.cleanup.manager for r in self._pagination(collection, path, **params):
2020-04-10 11:00:05.567 15 ERROR rally_openstack.cleanup.manager
File "/usr/lib/python2.7/site-packages/neutronclient/v2_0/client.py", line 384, in _pagination
2020-04-10 11:00:05.567 15 ERROR rally_openstack.cleanup.manager res = self.get(path, params=params)
2020-04-10 11:00:05.567 15 ERROR rally_openstack.cleanup.manager
File "/usr/lib/python2.7/site-packages/neutronclient/v2_0/client.py", line 354, in get
2020-04-10 11:00:05.567 15 ERROR rally_openstack.cleanup.manager headers=headers, params=params)
2020-04-10 11:00:05.567 15 ERROR rally_openstack.cleanup.manager
File "/usr/lib/python2.7/site-packages/neutronclient/v2_0/client.py", line 331, in retry_request
2020-04-10 11:00:05.567 15 ERROR rally_openstack.cleanup.manager headers=headers, params=params)
2020-04-10 11:00:05.567 15 ERROR rally_openstack.cleanup.manager
File "/usr/lib/python2.7/site-packages/neutronclient/v2_0/client.py", line 294, in do_request
2020-04-10 11:00:05.567 15 ERROR rally_openstack.cleanup.manager self._handle_fault_response(status_code, replybody, resp)
2020-04-10 11:00:05.567 15 ERROR rally_openstack.cleanup.manager
File "/usr/lib/python2.7/site-packages/neutronclient/v2_0/client.py", line 269, in _handle_fault_response
2020-04-10 11:00:05.567 15 ERROR rally_openstack.cleanup.manager exception_handler_v20(status_code, error_body)
2020-04-10 11:00:05.567 15 ERROR rally_openstack.cleanup.manager
File "/usr/lib/python2.7/site-packages/neutronclient/v2_0/client.py", line 93, in exception_handler_v20
2020-04-10 11:00:05.567 15 ERROR rally_openstack.cleanup.manager request_ids=request_ids)
2020-04-10 11:00:05.567 15 ERROR rally_openstack.cleanup.manager BadRequest: Invalid input for operation: 'tenant_id' is not supported for filtering.
2020-04-10 11:00:05.567 15 ERROR rally_openstack.cleanup.manager Neutron server returns request_ids: ['req-5dab971b-648b-431d-9343-b0a4a13b64df']
2020-04-10 11:00:05.567 15 ERROR rally_openstack.cleanup.manager
2020-04-10 11:00:05.578 15 RALLYDEBUG rally_openstack.cleanup.manager [-] Cleaning up neutron port objects
2020-04-10 11:00:05.947 15 RALLYDEBUG rally_openstack.cleanup.manager [-] Cleaning up neutron subnet objects
2020-04-10 11:00:06.269 15 RALLYDEBUG rally_openstack.cleanup.manager [-] Cleaning up neutron network objects
2020-04-10 11:00:06.769 15 RALLYDEBUG rally_openstack.cleanup.manager [-] Deleting neutron.network object s_rally_74d011c1_nTZHtm8Z (01aeeef1-e9a3-41f9-927f-792b36ac20e1)
2020-04-10 11:00:06.776 15 RALLYDEBUG rally_openstack.cleanup.manager [-] Deleting neutron.network object s_rally_74d011c1_pPwrbNmJ (025ca8bc-c4bd-45c3-96b7-462b29340bb1)
2020-04-10 11:00:06.788 15 RALLYDEBUG rally_openstack.cleanup.manager [-] Deleting neutron.network object s_rally_74d011c1_uq3TJuQ3 (031ee528-305a-4300-be5f-068d8f678c86)
2020-04-10 11:00:06.793 15 RALLYDEBUG rally_openstack.cleanup.manager [-] Deleting neutron.network object s_rally_74d011c1_rLqiAxgJ (090b95b9-ea50-44b4-aa19-0ef11669a2b1)
2020-04-10 11:00:06.807 15 RALLYDEBUG rally_openstack.cleanup.manager [-] Deleting neutron.network object s_rally_74d011c1_h0yjlx0B (0fe4d0da-df32-4935-a6e4-02ca91490544)
2020-04-10 11:00:06.814 15 RALLYDEBUG rally_openstack.cleanup.manager [-] Deleting neutron.network object s_rally_74d011c1_gtUK8P5s (18c3b4f2-2b92-444c-891b-f35e92a6ecfb)
2020-04-10 11:00:06.825 15 RALLYDEBUG rally_openstack.cleanup.manager [-] Deleting neutron.network object s_rally_74d011c1_bEoZRxZf (1d20bd92-37f5-4f12-bb31-b96b2c799d0d)
2020-04-10 11:00:06.870 15 RALLYDEBUG rally_openstack.cleanup.manager [-] Deleting neutron.network object s_rally_74d011c1_uPPhyjS9 (2b16dff5-fbd4-476b-a01e-fe4783dae6cf)
2020-04-10 11:00:06.872 15 RALLYDEBUG rally_openstack.cleanup.manager [-] Deleting neutron.network object s_rally_74d011c1_JgQSxrru (1ec66fd2-b383-4f0d-98a1-9dbdf7f0571f)
2020-04-10 11:00:06.877 15 RALLYDEBUG rally_openstack.cleanup.manager [-] Deleting neutron.network object s_rally_74d011c1_IEEX5Hwc (26ec761d-0aef-48f0-811d-9bd0431f7838)
2020-04-10 11:00:06.933 15 RALLYDEBUG rally_openstack.cleanup.manager [-] Deleting neutron.network object s_rally_74d011c1_WUXQwves (2efa3cab-197f-4f79-a411-6e6a42d34568)
2020-04-10 11:00:06.939 15 RALLYDEBUG rally_openstack.cleanup.manager [-] Deleting neutron.network object s_rally_74d011c1_w58FK8Sb (338d52fb-19cf-4bcc-9dca-a7ef71bcf06f)
2020-04-10 11:00:06.953 15 RALLYDEBUG rally_openstack.cleanup.manager [-] Deleting neutron.network object s_rally_74d011c1_tRseMFtN (4c218888-d0c4-4bc2-9a25-678c26c3692f)
2020-04-10 11:00:06.962 15 RALLYDEBUG rally_openstack.cleanup.manager [-] Deleting neutron.network object s_rally_74d011c1_U4ddeL9d (467995c8-9292-4574-bdbd-4695b0508faa)
2020-04-10 11:00:06.982 15 RALLYDEBUG rally_openstack.cleanup.manager [-] Deleting neutron.network object s_rally_74d011c1_33MgY71J (4d01c378-447d-457e-a2f2-f5963a4b0d39)
2020-04-10 11:00:06.983 15 RALLYDEBUG rally_openstack.cleanup.manager [-] Deleting neutron.network object s_rally_74d011c1_45j5NJV9 (37d657a7-40a9-4839-96bf-e34eadf841ec)
2020-04-10 11:00:06.997 15 RALLYDEBUG rally_openstack.cleanup.manager [-] Deleting neutron.network object s_rally_74d011c1_xA71AtIb (590fd6a0-586b-430a-9457-429ae23d4cd9)
2020-04-10 11:00:07.011 15 RALLYDEBUG rally_openstack.cleanup.manager [-] Deleting neutron.network object s_rally_74d011c1_lUW8Bhw3 (5cb0059e-d2e6-40b9-930d-e8ac304ca716)
2020-04-10 11:00:07.020 15 RALLYDEBUG rally_openstack.cleanup.manager [-] Deleting neutron.network object s_rally_74d011c1_P9qnMoQP (67e14c15-6579-4ecf-9513-5e4c33efd5e1)
2020-04-10 11:00:07.045 15 RALLYDEBUG rally_openstack.cleanup.manager [-] Deleting neutron.network object s_rally_74d011c1_nvu5gQ0G (613618e3-9d52-4ec4-bf7b-3e469aebee05)
2020-04-10 11:00:12.670 15 RALLYDEBUG rally_openstack.cleanup.manager [-] Deleting neutron.network object s_rally_74d011c1_4R073hGT (73b8758a-74c8-4222-894d-5088d7a38129)
2020-04-10 11:00:12.675 15 RALLYDEBUG rally_openstack.cleanup.manager [-] Deleting neutron.network object s_rally_74d011c1_WHhGNnFf (73d2cbe1-a701-45c2-a43f-381f5c9da752)
2020-04-10 11:00:12.682 15 RALLYDEBUG rally_openstack.cleanup.manager [-] Deleting neutron.network object s_rally_74d011c1_JnHY9rgn (7556526d-ce4a-43fe-afb4-56211ade3718)
2020-04-10 11:00:12.686 15 RALLYDEBUG rally_openstack.cleanup.manager [-] Deleting neutron.network object s_rally_74d011c1_d9xpTT9x (82f9a5c9-2255-4fdd-b38b-7a1a8b92e06e)
2020-04-10 11:00:12.691 15 RALLYDEBUG rally_openstack.cleanup.manager [-] Deleting neutron.network object s_rally_74d011c1_qXRqGhwT (a1213f94-88df-4bac-bdb5-a484ef45de1a)
2020-04-10 11:00:12.695 15 RALLYDEBUG rally_openstack.cleanup.manager [-] Deleting neutron.network object s_rally_74d011c1_y6JgY4X3 (a9ef8118-ab0c-4472-8c1d-d10a292b70ef)
2020-04-10 11:00:12.701 15 RALLYDEBUG rally_openstack.cleanup.manager [-] Deleting neutron.network object s_rally_74d011c1_1wY0DelK (b4e05742-a5f8-4092-bb80-2af93a7cbbfc)
2020-04-10 11:00:12.705 15 RALLYDEBUG rally_openstack.cleanup.manager [-] Deleting neutron.network object s_rally_74d011c1_Awjrw27W (b5836734-a051-484c-a4b7-5a44d38897c6)
2020-04-10 11:00:12.711 15 RALLYDEBUG rally_openstack.cleanup.manager [-] Deleting neutron.network object s_rally_74d011c1_BrZHVcZq (bf50b031-2ada-44f0-bf4d-e63b6cac596d)
2020-04-10 11:00:12.715 15 RALLYDEBUG rally_openstack.cleanup.manager [-] Deleting neutron.network object s_rally_74d011c1_UVoXz7eh (b67ecf7b-0e2f-4f46-b087-fc7e0675abc7)
2020-04-10 11:00:12.720 15 RALLYDEBUG rally_openstack.cleanup.manager [-] Deleting neutron.network object s_rally_74d011c1_b9QlH2py (c1b3fe4f-6a7c-4ec7-828f-a3c507441f6d)
2020-04-10 11:00:12.806 15 RALLYDEBUG rally_openstack.cleanup.manager [-] Deleting neutron.network object s_rally_74d011c1_1UIGVKvp (c7a98ce5-ddb9-4869-ab1e-f85d2df7b212)
2020-04-10 11:00:12.815 15 RALLYDEBUG rally_openstack.cleanup.manager [-] Deleting neutron.network object s_rally_74d011c1_5XsZHSnF (d16d491c-b9b8-4472-b3e0-eaf7ae205b2c)
2020-04-10 11:00:12.911 15 RALLYDEBUG rally_openstack.cleanup.manager [-] Deleting neutron.network object s_rally_74d011c1_HodEx4Nv (d2e83c25-b1a4-46e6-806c-2105e8ee8032)
2020-04-10 11:00:12.950 15 RALLYDEBUG rally_openstack.cleanup.manager [-] Deleting neutron.network object s_rally_74d011c1_sgSE2NY2 (d595cb9f-5929-474e-926e-ed463cb87437)
2020-04-10 11:00:12.965 15 RALLYDEBUG rally_openstack.cleanup.manager [-] Deleting neutron.network object s_rally_74d011c1_LrDUmB3T (d6fae927-0a4d-429d-bd67-e3efbe0ff5cf)
2020-04-10 11:00:12.968 15 RALLYDEBUG rally_openstack.cleanup.manager [-] Deleting neutron.network object s_rally_74d011c1_7LAVU8Zb (e18dae02-7e9f-4ce0-bf6b-0d8df7e2bc47)
2020-04-10 11:00:13.004 15 RALLYDEBUG rally_openstack.cleanup.manager [-] Deleting neutron.network object s_rally_74d011c1_D5XE1FAo (e61893b4-17c6-4687-acc1-337acd29568e)
2020-04-10 11:00:13.856 15 RALLYDEBUG rally_openstack.cleanup.manager [-] Deleting neutron.network object s_rally_74d011c1_MAAXIFuG (e7204d08-819e-44ce-84ba-6e1c71081da7)
2020-04-10 11:00:13.860 15 RALLYDEBUG rally_openstack.cleanup.manager [-] Deleting neutron.network object s_rally_74d011c1_z5cEuXmQ (fb9b72e0-92b9-4a95-8224-d7af36d08bd6)
2020-04-10 11:00:25.102 15 RALLYDEBUG rally_openstack.cleanup.manager [-] Cleaning up neutron router objects
2020-04-10 11:00:25.338 15 RALLYDEBUG rally_openstack.cleanup.manager [-] Cleaning up neutron security_group objects
2020-04-10 11:00:25.813 15 INFO rally.task.context [-] Task 95088a20-aa60-4c9d-8882-0f08436b7dfb | Context cleanup@openstack cleanup() finished in 21.35 sec
2020-04-10 11:00:25.813 15 INFO rally.task.context [-] Task 95088a20-aa60-4c9d-8882-0f08436b7dfb | Context quotas@openstack cleanup() started
2020-04-10 11:00:26.350 15 INFO rally.task.context [-] Task 95088a20-aa60-4c9d-8882-0f08436b7dfb | Context quotas@openstack cleanup() finished in 0.54 sec
2020-04-10 11:00:26.351 15 INFO rally.task.context [-] Task 95088a20-aa60-4c9d-8882-0f08436b7dfb | Context users@openstack cleanup() started
2020-04-10 11:00:27.753 15 INFO rally.task.context [-] Task 95088a20-aa60-4c9d-8882-0f08436b7dfb | Context users@openstack cleanup() finished in 1.40 sec
2020-04-10 11:00:28.082 15 INFO rally.task.engine [-] Load duration is: 31.319801
2020-04-10 11:00:28.083 15 INFO rally.task.engine [-] Full runner duration is: 31.365513
2020-04-10 11:00:28.083 15 INFO rally.task.engine [-] Full duration is: 55.904994
2020-04-10 11:00:28.162 15 INFO rally.task.engine [-] Running workload: position = 0 config = { "version": 2, "title": "A cropped version of a bigger task.", "description": "Auto-generated task from a single workload (uuid=6f5b3403-cd44-4536-b0cb-4fa48d80de0e)", "subtasks": [ { "title": "NeutronNetworks.create_and_list_routers", "description": "Create and a given number of routers and list all routers.", "scenario": { "NeutronNetworks.create_and_list_routers": { "network_create_args": null, "subnet_create_args": null, "subnet_cidr_start": "1.1.0.0/30", "subnets_per_network": 2, "router_create_args": null } }, "contexts": { "users": { "tenants": 1, "users_per_tenant": 1 }, "quotas": { "neutron": { "network": -1, "subnet": -1, "router": -1 } } }, "runner": { "constant": { "times": 40, "concurrency": 20 } }, "hooks": [], "sla": { "failure_rate": { "max": 0 } } } ] }
2020-04-10 11:00:28.187 15 RALLYDEBUG rally_openstack.contexts.keystone.users [-] Creating 1 tenants using 20 threads
2020-04-10 11:00:28.521 15 RALLYDEBUG rally_openstack.contexts.keystone.users [-] Creating 1 users using 20 threads
2020-04-10 11:00:28.963 15 INFO rally.task.context [-] Task 95088a20-aa60-4c9d-8882-0f08436b7dfb | Context users@openstack setup() finished in 0.78 sec
2020-04-10 11:00:29.487 15 INFO rally.task.context [-] Task 95088a20-aa60-4c9d-8882-0f08436b7dfb | Context quotas@openstack setup() finished in 0.52 sec
2020-04-10 11:00:29.488 15 INFO rally.task.context [-] Task 95088a20-aa60-4c9d-8882-0f08436b7dfb | Context cleanup@openstack setup() finished in 0.02 msec
2020-04-10 11:00:29.497 15 RALLYDEBUG rally.task.runner [-] Starting the constant runner (task UUID: 95088a20-aa60-4c9d-8882-0f08436b7dfb). timeout: 0 concurrency: 20 concurrency_per_worker: 1 times: 40 concurrency_overhead: 0 processes_to_start: 20 max_cpu_used: 88
2020-04-10 11:00:29.510 2671 RALLYDEBUG rally.task.runner [-] Starting a worker. concurrency: 1 args: {"network_create_args": null, "subnet_create_args": null, "subnet_cidr_start": "1.1.0.0/30", "subnets_per_network": 2, "router_create_args": null} times: 40 method_name: run timeout: 0 duration: None cls:
2020-04-10 11:00:29.515 2672 RALLYDEBUG rally.task.runner [-] Starting a worker. concurrency: 1 args: {"network_create_args": null, "subnet_create_args": null, "subnet_cidr_start": "1.1.0.0/30", "subnets_per_network": 2, "router_create_args": null} times: 40 method_name: run timeout: 0 duration: None cls:
2020-04-10 11:00:29.516 2671 INFO rally.task.runner [-] Task 95088a20-aa60-4c9d-8882-0f08436b7dfb | ITER: 1 START
2020-04-10 11:00:29.516 2673 RALLYDEBUG rally.task.runner [-] Starting a worker. concurrency: 1 args: {"network_create_args": null, "subnet_create_args": null, "subnet_cidr_start": "1.1.0.0/30", "subnets_per_network": 2, "router_create_args": null} times: 40 method_name: run timeout: 0 duration: None cls:
2020-04-10 11:00:29.519 2674 RALLYDEBUG rally.task.runner [-] Starting a worker. concurrency: 1 args: {"network_create_args": null, "subnet_create_args": null, "subnet_cidr_start": "1.1.0.0/30", "subnets_per_network": 2, "router_create_args": null} times: 40 method_name: run timeout: 0 duration: None cls:
2020-04-10 11:00:29.521 2672 INFO rally.task.runner [-] Task 95088a20-aa60-4c9d-8882-0f08436b7dfb | ITER: 2 START
2020-04-10 11:00:29.522 2673 INFO rally.task.runner [-] Task 95088a20-aa60-4c9d-8882-0f08436b7dfb | ITER: 3 START
2020-04-10 11:00:29.523 2675 RALLYDEBUG rally.task.runner [-] Starting a worker. concurrency: 1 args: {"network_create_args": null, "subnet_create_args": null, "subnet_cidr_start": "1.1.0.0/30", "subnets_per_network": 2, "router_create_args": null} times: 40 method_name: run timeout: 0 duration: None cls:
2020-04-10 11:00:29.526 2674 INFO rally.task.runner [-] Task 95088a20-aa60-4c9d-8882-0f08436b7dfb | ITER: 4 START
2020-04-10 11:00:29.526 2678 RALLYDEBUG rally.task.runner [-] Starting a worker. concurrency: 1 args: {"network_create_args": null, "subnet_create_args": null, "subnet_cidr_start": "1.1.0.0/30", "subnets_per_network": 2, "router_create_args": null} times: 40 method_name: run timeout: 0 duration: None cls:
2020-04-10 11:00:29.529 2675 INFO rally.task.runner [-] Task 95088a20-aa60-4c9d-8882-0f08436b7dfb | ITER: 5 START
2020-04-10 11:00:29.529 2682 RALLYDEBUG rally.task.runner [-] Starting a worker. concurrency: 1 args: {"network_create_args": null, "subnet_create_args": null, "subnet_cidr_start": "1.1.0.0/30", "subnets_per_network": 2, "router_create_args": null} times: 40 method_name: run timeout: 0 duration: None cls:
2020-04-10 11:00:29.532 2678 INFO rally.task.runner [-] Task 95088a20-aa60-4c9d-8882-0f08436b7dfb | ITER: 6 START
2020-04-10 11:00:29.533 2685 RALLYDEBUG rally.task.runner [-] Starting a worker. concurrency: 1 args: {"network_create_args": null, "subnet_create_args": null, "subnet_cidr_start": "1.1.0.0/30", "subnets_per_network": 2, "router_create_args": null} times: 40 method_name: run timeout: 0 duration: None cls:
2020-04-10 11:00:29.535 2688 RALLYDEBUG rally.task.runner [-] Starting a worker. concurrency: 1 args: {"network_create_args": null, "subnet_create_args": null, "subnet_cidr_start": "1.1.0.0/30", "subnets_per_network": 2, "router_create_args": null} times: 40 method_name: run timeout: 0 duration: None cls:
2020-04-10 11:00:29.539 2685 INFO rally.task.runner [-] Task 95088a20-aa60-4c9d-8882-0f08436b7dfb | ITER: 8 START
2020-04-10 11:00:29.539 2682 INFO rally.task.runner [-] Task 95088a20-aa60-4c9d-8882-0f08436b7dfb | ITER: 7 START
2020-04-10 11:00:29.539 2691 RALLYDEBUG rally.task.runner [-] Starting a worker. concurrency: 1 args: {"network_create_args": null, "subnet_create_args": null, "subnet_cidr_start": "1.1.0.0/30", "subnets_per_network": 2, "router_create_args": null} times: 40 method_name: run timeout: 0 duration: None cls:
2020-04-10 11:00:29.542 2688 INFO rally.task.runner [-] Task 95088a20-aa60-4c9d-8882-0f08436b7dfb | ITER: 9 START
2020-04-10 11:00:29.542 2694 RALLYDEBUG rally.task.runner [-] Starting a worker. concurrency: 1 args: {"network_create_args": null, "subnet_create_args": null, "subnet_cidr_start": "1.1.0.0/30", "subnets_per_network": 2, "router_create_args": null} times: 40 method_name: run timeout: 0 duration: None cls:
2020-04-10 11:00:29.544 2691 INFO rally.task.runner [-] Task 95088a20-aa60-4c9d-8882-0f08436b7dfb | ITER: 10 START
2020-04-10 11:00:29.547 2697 RALLYDEBUG rally.task.runner [-] Starting a worker. concurrency: 1 args: {"network_create_args": null, "subnet_create_args": null, "subnet_cidr_start": "1.1.0.0/30", "subnets_per_network": 2, "router_create_args": null} times: 40 method_name: run timeout: 0 duration: None cls:
2020-04-10 11:00:29.548 2700 RALLYDEBUG rally.task.runner [-] Starting a worker. concurrency: 1 args: {"network_create_args": null, "subnet_create_args": null, "subnet_cidr_start": "1.1.0.0/30", "subnets_per_network": 2, "router_create_args": null} times: 40 method_name: run timeout: 0 duration: None cls:
2020-04-10 11:00:29.549 2694 INFO rally.task.runner [-] Task 95088a20-aa60-4c9d-8882-0f08436b7dfb | ITER: 11 START
2020-04-10 11:00:29.551 2704 RALLYDEBUG rally.task.runner [-] Starting a worker. concurrency: 1 args: {"network_create_args": null, "subnet_create_args": null, "subnet_cidr_start": "1.1.0.0/30", "subnets_per_network": 2, "router_create_args": null} times: 40 method_name: run timeout: 0 duration: None cls:
2020-04-10 11:00:29.553 2700 INFO rally.task.runner [-] Task 95088a20-aa60-4c9d-8882-0f08436b7dfb | ITER: 13 START
2020-04-10 11:00:29.554 2697 INFO rally.task.runner [-] Task 95088a20-aa60-4c9d-8882-0f08436b7dfb | ITER: 12 START
2020-04-10 11:00:29.554 2706 RALLYDEBUG rally.task.runner [-] Starting a worker. concurrency: 1 args: {"network_create_args": null, "subnet_create_args": null, "subnet_cidr_start": "1.1.0.0/30", "subnets_per_network": 2, "router_create_args": null} times: 40 method_name: run timeout: 0 duration: None cls:
2020-04-10 11:00:29.557 2704 INFO rally.task.runner [-] Task 95088a20-aa60-4c9d-8882-0f08436b7dfb | ITER: 14 START
2020-04-10 11:00:29.558 2708 RALLYDEBUG rally.task.runner [-] Starting a worker. concurrency: 1 args: {"network_create_args": null, "subnet_create_args": null, "subnet_cidr_start": "1.1.0.0/30", "subnets_per_network": 2, "router_create_args": null} times: 40 method_name: run timeout: 0 duration: None cls:
2020-04-10 11:00:29.560 2706 INFO rally.task.runner [-] Task 95088a20-aa60-4c9d-8882-0f08436b7dfb | ITER: 15 START
2020-04-10 11:00:29.563 2708 INFO rally.task.runner [-] Task 95088a20-aa60-4c9d-8882-0f08436b7dfb | ITER: 16 START
2020-04-10 11:00:29.563 2713 RALLYDEBUG rally.task.runner [-] Starting a worker. concurrency: 1 args: {"network_create_args": null, "subnet_create_args": null, "subnet_cidr_start": "1.1.0.0/30", "subnets_per_network": 2, "router_create_args": null} times: 40 method_name: run timeout: 0 duration: None cls:
2020-04-10 11:00:29.566 2719 RALLYDEBUG rally.task.runner [-] Starting a worker. concurrency: 1 args: {"network_create_args": null, "subnet_create_args": null, "subnet_cidr_start": "1.1.0.0/30", "subnets_per_network": 2, "router_create_args": null} times: 40 method_name: run timeout: 0 duration: None cls:
2020-04-10 11:00:29.566 2716 RALLYDEBUG rally.task.runner [-] Starting a worker. concurrency: 1 args: {"network_create_args": null, "subnet_create_args": null, "subnet_cidr_start": "1.1.0.0/30", "subnets_per_network": 2, "router_create_args": null} times: 40 method_name: run timeout: 0 duration: None cls:
2020-04-10 11:00:29.570 2713 INFO rally.task.runner [-] Task 95088a20-aa60-4c9d-8882-0f08436b7dfb | ITER: 17 START
2020-04-10 11:00:29.570 2722 RALLYDEBUG rally.task.runner [-] Starting a worker. concurrency: 1 args: {"network_create_args": null, "subnet_create_args": null, "subnet_cidr_start": "1.1.0.0/30", "subnets_per_network": 2, "router_create_args": null} times: 40 method_name: run timeout: 0 duration: None cls:
2020-04-10 11:00:29.571 2719 INFO rally.task.runner [-] Task 95088a20-aa60-4c9d-8882-0f08436b7dfb | ITER: 18 START
2020-04-10 11:00:29.572 2716 INFO rally.task.runner [-] Task 95088a20-aa60-4c9d-8882-0f08436b7dfb | ITER: 19 START
2020-04-10 11:00:29.577 2722 INFO rally.task.runner [-] Task 95088a20-aa60-4c9d-8882-0f08436b7dfb | ITER: 20 START
2020-04-10 11:00:32.344 2672 RALLYDEBUG rally_openstack.wrappers.network [-] CIDR generated: 1.1.5.160/30
2020-04-10 11:00:32.367 2706 RALLYDEBUG rally_openstack.wrappers.network [-] CIDR generated: 1.1.5.164/30
2020-04-10 11:00:32.378 2675 RALLYDEBUG rally_openstack.wrappers.network [-] CIDR generated: 1.1.5.168/30
2020-04-10 11:00:32.409 2694 RALLYDEBUG rally_openstack.wrappers.network [-] CIDR generated: 1.1.5.172/30
2020-04-10 11:00:32.450 2697 RALLYDEBUG rally_openstack.wrappers.network [-] CIDR generated: 1.1.5.176/30
2020-04-10 11:00:32.459 2704 RALLYDEBUG rally_openstack.wrappers.network [-] CIDR generated: 1.1.5.180/30
2020-04-10 11:00:32.512 2678 RALLYDEBUG rally_openstack.wrappers.network [-] CIDR generated: 1.1.5.184/30
2020-04-10 11:00:32.577 2708 RALLYDEBUG rally_openstack.wrappers.network [-] CIDR generated: 1.1.5.188/30
2020-04-10 11:00:32.589 2671 RALLYDEBUG rally_openstack.wrappers.network [-] CIDR generated: 1.1.5.192/30
2020-04-10 11:00:32.594 2682 RALLYDEBUG rally_openstack.wrappers.network [-] CIDR generated: 1.1.5.196/30
2020-04-10 11:00:32.649 2674 RALLYDEBUG rally_openstack.wrappers.network [-] CIDR generated: 1.1.5.200/30
2020-04-10 11:00:32.698 2685 RALLYDEBUG rally_openstack.wrappers.network [-] CIDR generated: 1.1.5.204/30
2020-04-10 11:00:32.822 2722 RALLYDEBUG rally_openstack.wrappers.network [-] CIDR generated: 1.1.5.208/30
2020-04-10 11:00:32.823 2719 RALLYDEBUG rally_openstack.wrappers.network [-] CIDR generated: 1.1.5.212/30
2020-04-10 11:00:32.850 2716 RALLYDEBUG rally_openstack.wrappers.network [-] CIDR generated: 1.1.5.216/30
2020-04-10 11:00:32.856 2688 RALLYDEBUG rally_openstack.wrappers.network [-] CIDR generated: 1.1.5.220/30
2020-04-10 11:00:32.878 2673 RALLYDEBUG rally_openstack.wrappers.network [-] CIDR generated: 1.1.5.224/30
2020-04-10 11:00:32.900 2700 RALLYDEBUG rally_openstack.wrappers.network [-] CIDR generated: 1.1.5.228/30
2020-04-10 11:00:32.918 2691 RALLYDEBUG rally_openstack.wrappers.network [-] CIDR generated: 1.1.5.232/30
2020-04-10 11:00:33.796 2713 RALLYDEBUG rally_openstack.wrappers.network [-] CIDR generated: 1.1.5.236/30
2020-04-10 11:00:34.804 2672 RALLYDEBUG rally_openstack.wrappers.network [-] CIDR generated: 1.1.5.240/30
2020-04-10 11:00:35.404 2694 RALLYDEBUG rally_openstack.wrappers.network [-] CIDR generated: 1.1.5.244/30
2020-04-10 11:00:37.618 2706 RALLYDEBUG rally_openstack.wrappers.network [-] CIDR generated: 1.1.5.248/30
2020-04-10 11:00:37.742 2673 RALLYDEBUG rally_openstack.wrappers.network [-] CIDR generated: 1.1.5.252/30
2020-04-10 11:00:37.826 2704 RALLYDEBUG rally_openstack.wrappers.network [-] CIDR generated: 1.1.6.0/30
2020-04-10 11:00:37.860 2675 RALLYDEBUG rally_openstack.wrappers.network [-] CIDR generated: 1.1.6.4/30
2020-04-10 11:00:37.875 2685 RALLYDEBUG rally_openstack.wrappers.network [-] CIDR generated: 1.1.6.8/30
2020-04-10 11:00:38.185 2708 RALLYDEBUG rally_openstack.wrappers.network [-] CIDR generated: 1.1.6.12/30
2020-04-10 11:00:38.216 2697 RALLYDEBUG rally_openstack.wrappers.network [-] CIDR generated: 1.1.6.16/30
2020-04-10 11:00:38.690 2678 RALLYDEBUG rally_openstack.wrappers.network [-] CIDR generated: 1.1.6.20/30
2020-04-10 11:00:38.814 2671 RALLYDEBUG rally_openstack.wrappers.network [-] CIDR generated: 1.1.6.24/30
2020-04-10 11:00:38.827 2716 RALLYDEBUG rally_openstack.wrappers.network [-] CIDR generated: 1.1.6.28/30
2020-04-10 11:00:38.893 2682 RALLYDEBUG rally_openstack.wrappers.network [-] CIDR generated: 1.1.6.32/30
2020-04-10 11:00:38.911 2674 RALLYDEBUG rally_openstack.wrappers.network [-] CIDR generated: 1.1.6.36/30
2020-04-10 11:00:39.889 2713 RALLYDEBUG rally_openstack.wrappers.network [-] CIDR generated: 1.1.6.40/30
2020-04-10 11:00:40.011 2722 RALLYDEBUG rally_openstack.wrappers.network [-] CIDR generated: 1.1.6.44/30
2020-04-10 11:00:40.104 2700 RALLYDEBUG rally_openstack.wrappers.network [-] CIDR generated: 1.1.6.48/30
2020-04-10 11:00:40.107 2719 RALLYDEBUG rally_openstack.wrappers.network [-] CIDR generated: 1.1.6.52/30
2020-04-10 11:00:40.174 2691 RALLYDEBUG rally_openstack.wrappers.network [-] CIDR generated: 1.1.6.56/30
2020-04-10 11:00:40.186 2688 RALLYDEBUG rally_openstack.wrappers.network [-] CIDR generated: 1.1.6.60/30
2020-04-10 11:01:33.258 2685 INFO rally.task.runner [-] Task 95088a20-aa60-4c9d-8882-0f08436b7dfb | ITER: 8 END: OK
2020-04-10 11:01:33.266 2685 INFO rally.task.runner [-] Task 95088a20-aa60-4c9d-8882-0f08436b7dfb | ITER: 21 START
2020-04-10 11:01:33.546 2704 INFO rally.task.runner [-] Task 95088a20-aa60-4c9d-8882-0f08436b7dfb | ITER: 14 END: OK
2020-04-10 11:01:33.554 2704 INFO rally.task.runner [-] Task 95088a20-aa60-4c9d-8882-0f08436b7dfb | ITER: 22 START
2020-04-10 11:01:34.646 2694 INFO rally.task.runner [-] Task 95088a20-aa60-4c9d-8882-0f08436b7dfb | ITER: 11 END: OK
2020-04-10 11:01:34.654 2694 INFO rally.task.runner [-] Task 95088a20-aa60-4c9d-8882-0f08436b7dfb | ITER: 23 START
2020-04-10 11:01:34.697 2673 INFO rally.task.runner [-] Task 95088a20-aa60-4c9d-8882-0f08436b7dfb | ITER: 3 END: OK
2020-04-10 11:01:34.704 2673 INFO rally.task.runner [-] Task 95088a20-aa60-4c9d-8882-0f08436b7dfb | ITER: 24 START
2020-04-10 11:01:36.530 2685 RALLYDEBUG rally_openstack.wrappers.network [-] CIDR generated: 1.1.6.64/30
2020-04-10 11:01:36.915 2704 RALLYDEBUG rally_openstack.wrappers.network [-] CIDR generated: 1.1.6.68/30
2020-04-10 11:01:37.120 2673 RALLYDEBUG rally_openstack.wrappers.network [-] CIDR generated: 1.1.6.72/30
2020-04-10 11:01:37.123 2678 INFO rally.task.runner [-] Task 95088a20-aa60-4c9d-8882-0f08436b7dfb | ITER: 6 END: OK
2020-04-10 11:01:37.129 2678 INFO rally.task.runner [-] Task 95088a20-aa60-4c9d-8882-0f08436b7dfb | ITER: 25 START
2020-04-10 11:01:37.544 2694 RALLYDEBUG rally_openstack.wrappers.network [-] CIDR generated: 1.1.6.76/30
2020-04-10 11:01:37.800 2675 INFO rally.task.runner [-] Task 95088a20-aa60-4c9d-8882-0f08436b7dfb | ITER: 5 END: OK
2020-04-10 11:01:37.807 2675 INFO rally.task.runner [-] Task 95088a20-aa60-4c9d-8882-0f08436b7dfb | ITER: 26 START
2020-04-10 11:01:37.985 2716 INFO rally.task.runner [-] Task 95088a20-aa60-4c9d-8882-0f08436b7dfb | ITER: 19 END: OK
2020-04-10 11:01:37.992 2716 INFO rally.task.runner [-] Task 95088a20-aa60-4c9d-8882-0f08436b7dfb | ITER: 27 START
2020-04-10 11:01:38.181 2697 INFO rally.task.runner [-] Task 95088a20-aa60-4c9d-8882-0f08436b7dfb | ITER: 12 END: OK
2020-04-10 11:01:38.187 2697 INFO rally.task.runner [-] Task 95088a20-aa60-4c9d-8882-0f08436b7dfb | ITER: 28 START
2020-04-10 11:01:38.244 2671 INFO rally.task.runner [-] Task 95088a20-aa60-4c9d-8882-0f08436b7dfb | ITER: 1 END: OK
2020-04-10 11:01:38.251 2671 INFO rally.task.runner [-] Task 95088a20-aa60-4c9d-8882-0f08436b7dfb | ITER: 29 START
2020-04-10 11:01:38.366 2672 INFO rally.task.runner [-] Task 95088a20-aa60-4c9d-8882-0f08436b7dfb | ITER: 2 END: OK
2020-04-10 11:01:38.373 2672 INFO rally.task.runner [-] Task 95088a20-aa60-4c9d-8882-0f08436b7dfb | ITER: 30 START
2020-04-10 11:01:38.636 2682 INFO rally.task.runner [-] Task 95088a20-aa60-4c9d-8882-0f08436b7dfb | ITER: 7 END: OK
2020-04-10 11:01:38.644 2682 INFO rally.task.runner [-] Task 95088a20-aa60-4c9d-8882-0f08436b7dfb | ITER: 31 START
2020-04-10 11:01:39.546 2674 INFO rally.task.runner [-] Task 95088a20-aa60-4c9d-8882-0f08436b7dfb | ITER: 4 END: OK
2020-04-10 11:01:39.554 2674 INFO rally.task.runner [-] Task 95088a20-aa60-4c9d-8882-0f08436b7dfb | ITER: 32 START
2020-04-10 11:01:40.103 2678 RALLYDEBUG rally_openstack.wrappers.network [-] CIDR generated: 1.1.6.80/30
2020-04-10 11:01:40.249 2675 RALLYDEBUG rally_openstack.wrappers.network [-] CIDR generated: 1.1.6.84/30
2020-04-10 11:01:40.998 2716 RALLYDEBUG rally_openstack.wrappers.network [-] CIDR generated: 1.1.6.88/30
2020-04-10 11:01:41.456 2697 RALLYDEBUG rally_openstack.wrappers.network [-] CIDR generated: 1.1.6.92/30
2020-04-10 11:01:41.484 2671 RALLYDEBUG rally_openstack.wrappers.network [-] CIDR generated: 1.1.6.96/30
2020-04-10 11:01:42.340 2672 RALLYDEBUG rally_openstack.wrappers.network [-] CIDR generated: 1.1.6.100/30
2020-04-10 11:01:42.618 2682 RALLYDEBUG rally_openstack.wrappers.network [-] CIDR generated: 1.1.6.104/30
2020-04-10 11:01:42.761 2685 RALLYDEBUG rally_openstack.wrappers.network [-] CIDR generated: 1.1.6.108/30
2020-04-10 11:01:43.183 2722 INFO rally.task.runner [-] Task 95088a20-aa60-4c9d-8882-0f08436b7dfb | ITER: 20 END: OK
2020-04-10 11:01:43.190 2722 INFO rally.task.runner [-] Task 95088a20-aa60-4c9d-8882-0f08436b7dfb | ITER: 33 START
2020-04-10 11:01:43.796 2674 RALLYDEBUG rally_openstack.wrappers.network [-] CIDR generated: 1.1.6.112/30
2020-04-10 11:01:43.816 2708 INFO rally.task.runner [-] Task 95088a20-aa60-4c9d-8882-0f08436b7dfb | ITER: 16 END: OK
2020-04-10 11:01:43.823 2708 INFO rally.task.runner [-] Task 95088a20-aa60-4c9d-8882-0f08436b7dfb | ITER: 34 START
2020-04-10 11:01:43.876 2713 INFO rally.task.runner [-] Task 95088a20-aa60-4c9d-8882-0f08436b7dfb | ITER: 17 END: OK
2020-04-10 11:01:43.883 2713 INFO rally.task.runner [-] Task 95088a20-aa60-4c9d-8882-0f08436b7dfb | ITER: 35 START
2020-04-10 11:01:44.198 2673 RALLYDEBUG rally_openstack.wrappers.network [-] CIDR generated: 1.1.6.116/30
2020-04-10 11:01:44.239 2722 RALLYDEBUG rally_openstack.wrappers.network [-] CIDR generated: 1.1.6.120/30
2020-04-10 11:01:44.562 2704 RALLYDEBUG rally_openstack.wrappers.network [-] CIDR generated: 1.1.6.124/30
2020-04-10 11:01:44.691 2708 RALLYDEBUG rally_openstack.wrappers.network [-] CIDR generated: 1.1.6.128/30
2020-04-10 11:01:44.907 2706 INFO rally.task.runner [-] Task 95088a20-aa60-4c9d-8882-0f08436b7dfb | ITER: 15 END: OK
2020-04-10 11:01:44.915 2706 INFO rally.task.runner [-] Task 95088a20-aa60-4c9d-8882-0f08436b7dfb | ITER: 36 START
2020-04-10 11:01:45.229 2713 RALLYDEBUG rally_openstack.wrappers.network [-] CIDR generated: 1.1.6.132/30
2020-04-10 11:01:45.454 2694 RALLYDEBUG rally_openstack.wrappers.network [-] CIDR generated: 1.1.6.136/30
2020-04-10 11:01:47.119 2716 RALLYDEBUG rally_openstack.wrappers.network [-] CIDR generated: 1.1.6.140/30
2020-04-10 11:01:47.699 2706 RALLYDEBUG rally_openstack.wrappers.network [-] CIDR generated: 1.1.6.144/30
2020-04-10 11:01:48.025 2678 RALLYDEBUG rally_openstack.wrappers.network [-] CIDR generated: 1.1.6.148/30
2020-04-10 11:01:48.530 2675 RALLYDEBUG rally_openstack.wrappers.network [-] CIDR generated: 1.1.6.152/30
2020-04-10 11:01:48.614 2697 RALLYDEBUG rally_openstack.wrappers.network [-] CIDR generated: 1.1.6.156/30
2020-04-10 11:01:49.253 2671 RALLYDEBUG rally_openstack.wrappers.network [-] CIDR generated: 1.1.6.160/30
2020-04-10 11:01:50.205 2682 RALLYDEBUG rally_openstack.wrappers.network [-] CIDR generated: 1.1.6.164/30
2020-04-10 11:01:50.735 2672 RALLYDEBUG rally_openstack.wrappers.network [-] CIDR generated: 1.1.6.168/30
2020-04-10 11:01:51.096 2722 RALLYDEBUG rally_openstack.wrappers.network [-] CIDR generated: 1.1.6.172/30
2020-04-10 11:01:52.238 2708 RALLYDEBUG rally_openstack.wrappers.network [-] CIDR generated: 1.1.6.176/30
2020-04-10 11:01:52.678 2688 INFO rally.task.runner [-] Task 95088a20-aa60-4c9d-8882-0f08436b7dfb | ITER: 9 END: OK
2020-04-10 11:01:52.687 2688 INFO rally.task.runner [-] Task 95088a20-aa60-4c9d-8882-0f08436b7dfb | ITER: 37 START
2020-04-10 11:01:52.810 2674 RALLYDEBUG rally_openstack.wrappers.network [-] CIDR generated: 1.1.6.180/30
2020-04-10 11:01:53.328 2713 RALLYDEBUG rally_openstack.wrappers.network [-] CIDR generated: 1.1.6.184/30
2020-04-10 11:01:53.500 2691 INFO rally.task.runner [-] Task 95088a20-aa60-4c9d-8882-0f08436b7dfb | ITER: 10 END: OK
2020-04-10 11:01:53.507 2691 INFO rally.task.runner [-] Task 95088a20-aa60-4c9d-8882-0f08436b7dfb | ITER: 38 START
2020-04-10 11:01:53.638 2706 RALLYDEBUG rally_openstack.wrappers.network [-] CIDR generated: 1.1.6.188/30
2020-04-10 11:01:53.980 2688 RALLYDEBUG rally_openstack.wrappers.network [-] CIDR generated: 1.1.6.192/30
2020-04-10 11:01:54.612 2719 INFO rally.task.runner [-] Task 95088a20-aa60-4c9d-8882-0f08436b7dfb | ITER: 18 END: OK
2020-04-10 11:01:54.620 2719 INFO rally.task.runner [-] Task 95088a20-aa60-4c9d-8882-0f08436b7dfb | ITER: 39 START
2020-04-10 11:01:54.627 2700 INFO rally.task.runner [-] Task 95088a20-aa60-4c9d-8882-0f08436b7dfb | ITER: 13 END: OK
2020-04-10 11:01:54.635 2700 INFO rally.task.runner [-] Task 95088a20-aa60-4c9d-8882-0f08436b7dfb | ITER: 40 START
2020-04-10 11:01:55.722 2691 RALLYDEBUG rally_openstack.wrappers.network [-] CIDR generated: 1.1.6.196/30
2020-04-10 11:01:56.633 2700 RALLYDEBUG rally_openstack.wrappers.network [-] CIDR generated: 1.1.6.200/30
2020-04-10 11:01:56.744 2719 RALLYDEBUG rally_openstack.wrappers.network [-] CIDR generated: 1.1.6.204/30
2020-04-10 11:01:57.151 2688 RALLYDEBUG rally_openstack.wrappers.network [-] CIDR generated: 1.1.6.208/30
2020-04-10 11:01:57.843 2691 RALLYDEBUG rally_openstack.wrappers.network [-] CIDR generated: 1.1.6.212/30
2020-04-10 11:02:01.476 2719 RALLYDEBUG rally_openstack.wrappers.network [-] CIDR generated: 1.1.6.216/30
2020-04-10 11:02:01.552 2700 RALLYDEBUG rally_openstack.wrappers.network [-] CIDR generated: 1.1.6.220/30
2020-04-10 11:02:27.981 2678 INFO rally.task.runner [-] Task 95088a20-aa60-4c9d-8882-0f08436b7dfb | ITER: 25 END: OK
2020-04-10 11:02:32.135 2672 INFO rally.task.runner [-] Task 95088a20-aa60-4c9d-8882-0f08436b7dfb | ITER: 30 END: OK
2020-04-10 11:02:32.383 2673 INFO rally.task.runner [-] Task 95088a20-aa60-4c9d-8882-0f08436b7dfb | ITER: 24 END: OK
2020-04-10 11:02:33.263 2685 INFO rally.task.runner [-] Task 95088a20-aa60-4c9d-8882-0f08436b7dfb | ITER: 21 END: OK
2020-04-10 11:02:33.427 2671 INFO rally.task.runner [-] Task 95088a20-aa60-4c9d-8882-0f08436b7dfb | ITER: 29 END: OK
2020-04-10 11:02:36.988 2674 INFO rally.task.runner [-] Task 95088a20-aa60-4c9d-8882-0f08436b7dfb | ITER: 32 END: OK
2020-04-10 11:02:36.995 2704 INFO rally.task.runner [-] Task 95088a20-aa60-4c9d-8882-0f08436b7dfb | ITER: 22 END: OK
2020-04-10 11:02:37.378 2675 INFO rally.task.runner [-] Task 95088a20-aa60-4c9d-8882-0f08436b7dfb | ITER: 26 END: OK
2020-04-10 11:02:37.935 2706 INFO rally.task.runner [-] Task 95088a20-aa60-4c9d-8882-0f08436b7dfb | ITER: 36 END: OK
2020-04-10 11:02:40.008 2722 INFO rally.task.runner [-] Task 95088a20-aa60-4c9d-8882-0f08436b7dfb | ITER: 33 END: OK
2020-04-10 11:02:40.385 2688 INFO rally.task.runner [-] Task 95088a20-aa60-4c9d-8882-0f08436b7dfb | ITER: 37 END: OK
2020-04-10 11:02:41.801 2691 INFO rally.task.runner [-] Task 95088a20-aa60-4c9d-8882-0f08436b7dfb | ITER: 38 END: OK
2020-04-10 11:02:41.911 2713 INFO rally.task.runner [-] Task 95088a20-aa60-4c9d-8882-0f08436b7dfb | ITER: 35 END: OK
2020-04-10 11:02:43.417 2697 INFO rally.task.runner [-] Task 95088a20-aa60-4c9d-8882-0f08436b7dfb | ITER: 28 END: OK
2020-04-10 11:02:44.088 2708 INFO rally.task.runner [-] Task 95088a20-aa60-4c9d-8882-0f08436b7dfb | ITER: 34 END: OK
2020-04-10 11:02:50.654 2716 INFO rally.task.runner [-] Task 95088a20-aa60-4c9d-8882-0f08436b7dfb | ITER: 27 END: OK
2020-04-10 11:02:50.810 2694 INFO rally.task.runner [-] Task 95088a20-aa60-4c9d-8882-0f08436b7dfb | ITER: 23 END: OK
2020-04-10 11:02:50.814 2682 INFO rally.task.runner [-] Task 95088a20-aa60-4c9d-8882-0f08436b7dfb | ITER: 31 END: OK
2020-04-10 11:02:54.248 2719 INFO rally.task.runner [-] Task 95088a20-aa60-4c9d-8882-0f08436b7dfb | ITER: 39 END: OK
2020-04-10 11:02:54.653 2700 INFO rally.task.runner [-] Task 95088a20-aa60-4c9d-8882-0f08436b7dfb | ITER: 40 END: OK
2020-04-10 11:02:54.673 15 INFO rally.task.context [-] Task 95088a20-aa60-4c9d-8882-0f08436b7dfb | Context cleanup@openstack cleanup() started
2020-04-10 11:02:54.677 15 RALLYDEBUG rally_openstack.cleanup.manager [-] Cleaning up neutron vip objects
2020-04-10 11:02:54.853 15 RALLYDEBUG rally_openstack.cleanup.manager [-] Cleaning up neutron health_monitor objects
2020-04-10 11:02:55.024 15 RALLYDEBUG rally_openstack.cleanup.manager [-] Cleaning up neutron pool objects
2020-04-10 11:02:55.201 15 RALLYDEBUG rally_openstack.cleanup.manager [-] Cleaning up neutron loadbalancer objects
2020-04-10 11:02:55.377 15 RALLYDEBUG rally_openstack.cleanup.manager [-] Cleaning up neutron floatingip objects
2020-04-10 11:02:55.543 15 RALLYDEBUG rally_openstack.cleanup.manager [-] Cleaning up neutron trunk objects
2020-04-10 11:02:55.693 15 DEBUG neutronclient.v2_0.client [-] Error message: {"NeutronError": {"message": "Invalid input for operation: 'tenant_id' is not supported for filtering.", "type": "InvalidInput", "detail": ""}} _handle_fault_response /usr/lib/python2.7/site-packages/neutronclient/v2_0/client.py:259
2020-04-10 11:02:55.720 15 DEBUG neutronclient.v2_0.client [-] Error message: {"NeutronError": {"message": "Invalid input for operation: 'tenant_id' is not supported for filtering.", "type": "InvalidInput", "detail": ""}} _handle_fault_response /usr/lib/python2.7/site-packages/neutronclient/v2_0/client.py:259
2020-04-10 11:02:55.747 15 DEBUG neutronclient.v2_0.client [-] Error message: {"NeutronError": {"message": "Invalid input for operation: 'tenant_id' is not supported for filtering.", "type": "InvalidInput", "detail": ""}} _handle_fault_response /usr/lib/python2.7/site-packages/neutronclient/v2_0/client.py:259
2020-04-10 11:02:55.748 15 ERROR rally_openstack.cleanup.manager [-] Seems like rally_openstack.cleanup.resources.NeutronTrunk.list(self) method is broken. It shouldn't raise any exceptions.: BadRequest: Invalid input for operation: 'tenant_id' is not supported for filtering. Neutron server returns request_ids: ['req-60936b25-998c-4ca8-9d95-9502bd2f0b9e']
2020-04-10 11:02:55.748 15 ERROR rally_openstack.cleanup.manager
Traceback (most recent call last):
2020-04-10 11:02:55.748 15 ERROR rally_openstack.cleanup.manager
File "/usr/lib/python2.7/site-packages/rally_openstack/cleanup/manager.py", line 133, in _publish
2020-04-10 11:02:55.748 15 ERROR rally_openstack.cleanup.manager for raw_resource in rutils.retry(3, manager.list):
2020-04-10 11:02:55.748 15 ERROR rally_openstack.cleanup.manager
File "/usr/lib/python2.7/site-packages/rally/common/utils.py", line 230, in retry
2020-04-10 11:02:55.748 15 ERROR rally_openstack.cleanup.manager return func(*args, **kwargs)
2020-04-10 11:02:55.748 15 ERROR rally_openstack.cleanup.manager
File "/usr/lib/python2.7/site-packages/rally_openstack/cleanup/resources.py", line 396, in list
2020-04-10 11:02:55.748 15 ERROR rally_openstack.cleanup.manager return super(NeutronTrunk, self).list()
2020-04-10 11:02:55.748 15 ERROR rally_openstack.cleanup.manager
File "/usr/lib/python2.7/site-packages/rally_openstack/cleanup/resources.py", line 273, in list
2020-04-10 11:02:55.748 15 ERROR rally_openstack.cleanup.manager result = list_method(tenant_id=self.tenant_uuid)[resources]
2020-04-10 11:02:55.748 15 ERROR rally_openstack.cleanup.manager
File "/usr/lib/python2.7/site-packages/neutronclient/v2_0/client.py", line 2105, in list_trunks
2020-04-10 11:02:55.748 15 ERROR rally_openstack.cleanup.manager **_params)
2020-04-10 11:02:55.748 15 ERROR rally_openstack.cleanup.manager
File "/usr/lib/python2.7/site-packages/neutronclient/v2_0/client.py", line 369, in list
2020-04-10 11:02:55.748 15 ERROR rally_openstack.cleanup.manager for r in self._pagination(collection, path, **params):
2020-04-10 11:02:55.748 15 ERROR rally_openstack.cleanup.manager
File "/usr/lib/python2.7/site-packages/neutronclient/v2_0/client.py", line 384, in _pagination
2020-04-10 11:02:55.748 15 ERROR rally_openstack.cleanup.manager res = self.get(path, params=params)
2020-04-10 11:02:55.748 15 ERROR rally_openstack.cleanup.manager
File "/usr/lib/python2.7/site-packages/neutronclient/v2_0/client.py", line 354, in get
2020-04-10 11:02:55.748 15 ERROR rally_openstack.cleanup.manager headers=headers, params=params)
2020-04-10 11:02:55.748 15 ERROR rally_openstack.cleanup.manager
