2020-04-10 08:59:14.899 850 RALLYDEBUG rally.task.utils [-] Waiting for resource u'32b0a1fa-13c0-4aa4-824a-8424aaab7746'. Status changed: NONE => QUEUED in 0.0613880157471
2020-04-10 08:59:15.146 849 RALLYDEBUG rally.task.utils [-] Waiting for resource u'88a90710-464c-473b-b5d6-6b4587164c85'. Status changed: NONE => QUEUED in 0.05695104599
2020-04-10 08:59:15.316 852 RALLYDEBUG rally.task.utils [-] Waiting for resource u'16c70335-93ed-4c46-9853-f753b3fd0c13'. Status changed: NONE => QUEUED in 0.0660018920898
2020-04-10 08:59:15.909 851 RALLYDEBUG rally.task.utils [-] Waiting for resource s_rally_172587ec_0pTa89N5. Status changed: QUEUED => ACTIVE in 0.0388970375061
2020-04-10 08:59:16.055 850 RALLYDEBUG rally.task.utils [-] Waiting for resource s_rally_172587ec_uk5tXfRn. Status changed: QUEUED => ACTIVE in 0.0414209365845
2020-04-10 08:59:16.241 849 RALLYDEBUG rally.task.utils [-] Waiting for resource s_rally_172587ec_IwohxLCC. Status changed: QUEUED => ACTIVE in 0.0325109958649
2020-04-10 08:59:17.213 852 RALLYDEBUG rally.task.utils [-] Waiting for resource s_rally_172587ec_3EgsTxQV. Status changed: QUEUED => ACTIVE in 0.0483849048615
2020-04-10 08:59:18.363 850 INFO rally.task.runner [-] Task de9e35ad-67fd-45ca-a07a-e3681873e25f | ITER: 6 END: OK
2020-04-10 08:59:18.368 850 INFO rally.task.runner [-] Task de9e35ad-67fd-45ca-a07a-e3681873e25f | ITER: 9 START
2020-04-10 08:59:18.449 851 INFO rally.task.runner [-] Task de9e35ad-67fd-45ca-a07a-e3681873e25f | ITER: 5 END: OK
2020-04-10 08:59:18.453 851 INFO rally.task.runner [-] Task de9e35ad-67fd-45ca-a07a-e3681873e25f | ITER: 10 START
2020-04-10 08:59:18.541 849 INFO rally.task.runner [-] Task de9e35ad-67fd-45ca-a07a-e3681873e25f | ITER: 7 END: OK
2020-04-10 08:59:18.575 852 INFO rally.task.runner [-] Task de9e35ad-67fd-45ca-a07a-e3681873e25f | ITER: 8 END: OK
2020-04-10 08:59:20.965 851 RALLYDEBUG rally.task.utils [-] Waiting for resource u'3ef52328-64a8-470d-b61a-37dd8dac9b17'. Status changed: NONE => QUEUED in 0.0745961666107
2020-04-10 08:59:20.998 850 RALLYDEBUG rally.task.utils [-] Waiting for resource u'cfb01e3f-51cb-4b08-97d0-938fba6d87c9'. Status changed: NONE => QUEUED in 0.0627439022064
2020-04-10 08:59:23.348 851 RALLYDEBUG rally.task.utils [-] Waiting for resource s_rally_172587ec_JDkuRlXa. Status changed: QUEUED => ACTIVE in 0.0414640903473
2020-04-10 08:59:23.503 850 RALLYDEBUG rally.task.utils [-] Waiting for resource s_rally_172587ec_e8WBJCT0. Status changed: QUEUED => ACTIVE in 0.0412859916687
2020-04-10 08:59:24.051 851 INFO rally.task.runner [-] Task de9e35ad-67fd-45ca-a07a-e3681873e25f | ITER: 10 END: OK
2020-04-10 08:59:24.118 850 INFO rally.task.runner [-] Task de9e35ad-67fd-45ca-a07a-e3681873e25f | ITER: 9 END: OK
2020-04-10 08:59:24.138 725 INFO rally.task.context [-] Task de9e35ad-67fd-45ca-a07a-e3681873e25f | Context cleanup@openstack cleanup() started
2020-04-10 08:59:24.141 725 RALLYDEBUG rally_openstack.cleanup.manager [-] Cleaning up glance images objects
2020-04-10 08:59:25.210 725 INFO rally.task.context [-] Task de9e35ad-67fd-45ca-a07a-e3681873e25f | Context cleanup@openstack cleanup() finished in 1.07 sec
2020-04-10 08:59:25.211 725 INFO rally.task.context [-] Task de9e35ad-67fd-45ca-a07a-e3681873e25f | Context users@openstack cleanup() started
2020-04-10 08:59:31.764 725 INFO rally.task.context [-] Task de9e35ad-67fd-45ca-a07a-e3681873e25f | Context users@openstack cleanup() finished in 6.55 sec
2020-04-10 08:59:33.231 725 INFO rally.task.engine [-] Load duration is: 18.258407
2020-04-10 08:59:33.232 725 INFO rally.task.engine [-] Full runner duration is: 18.68111
2020-04-10 08:59:33.232 725 INFO rally.task.engine [-] Full duration is: 28.681956
2020-04-10 08:59:33.303 725 INFO rally.task.engine [-] Running workload: position = 0 config = { "version": 2, "title": "A cropped version of a bigger task.", "description": "Auto-generated task from a single workload (uuid=c599b59b-195a-49cf-9e76-58a5aee13992)", "subtasks": [ { "title": "GlanceImages.create_and_list_image", "description": "Create an image and then list all images.", "scenario": { "GlanceImages.create_and_list_image": { "container_format": "bare", "disk_format": "qcow2", "image_location": "/home/opnfv/functest/images/cirros-0.4.0-x86_64-disk.img" } }, "contexts": { "users": { "tenants": 3, "users_per_tenant": 2 } }, "runner": { "constant": { "concurrency": 4, "times": 10 } }, "hooks": [], "sla": { "failure_rate": { "max": 0 } } } ] }
2020-04-10 08:59:33.327 725 RALLYDEBUG rally_openstack.contexts.keystone.users [-] Creating 3 tenants using 20 threads
2020-04-10 08:59:34.150 725 RALLYDEBUG rally_openstack.contexts.keystone.users [-] Creating 6 users using 20 threads
2020-04-10 08:59:35.370 725 INFO rally.task.context [-] Task de9e35ad-67fd-45ca-a07a-e3681873e25f | Context users@openstack setup() finished in 2.04 sec
2020-04-10 08:59:35.371 725 INFO rally.task.context [-] Task de9e35ad-67fd-45ca-a07a-e3681873e25f | Context cleanup@openstack setup() finished in 0.02 msec
2020-04-10 08:59:35.381 725 RALLYDEBUG rally.task.runner [-] Starting the constant runner (task UUID: de9e35ad-67fd-45ca-a07a-e3681873e25f). timeout: 0 concurrency: 4 concurrency_per_worker: 1 times: 10 concurrency_overhead: 0 processes_to_start: 4 max_cpu_used: 88
2020-04-10 08:59:35.393 973 RALLYDEBUG rally.task.runner [-] Starting a worker. concurrency: 1 args: {"container_format": "bare", "disk_format": "qcow2", "image_location": "/home/opnfv/functest/images/cirros-0.4.0-x86_64-disk.img"} times: 10 method_name: run timeout: 0 duration: None cls:
2020-04-10 08:59:35.397 974 RALLYDEBUG rally.task.runner [-] Starting a worker. concurrency: 1 args: {"container_format": "bare", "disk_format": "qcow2", "image_location": "/home/opnfv/functest/images/cirros-0.4.0-x86_64-disk.img"} times: 10 method_name: run timeout: 0 duration: None cls:
2020-04-10 08:59:35.399 975 RALLYDEBUG rally.task.runner [-] Starting a worker. concurrency: 1 args: {"container_format": "bare", "disk_format": "qcow2", "image_location": "/home/opnfv/functest/images/cirros-0.4.0-x86_64-disk.img"} times: 10 method_name: run timeout: 0 duration: None cls:
2020-04-10 08:59:35.400 973 INFO rally.task.runner [-] Task de9e35ad-67fd-45ca-a07a-e3681873e25f | ITER: 1 START
2020-04-10 08:59:35.402 976 RALLYDEBUG rally.task.runner [-] Starting a worker. concurrency: 1 args: {"container_format": "bare", "disk_format": "qcow2", "image_location": "/home/opnfv/functest/images/cirros-0.4.0-x86_64-disk.img"} times: 10 method_name: run timeout: 0 duration: None cls:
2020-04-10 08:59:35.403 974 INFO rally.task.runner [-] Task de9e35ad-67fd-45ca-a07a-e3681873e25f | ITER: 2 START
2020-04-10 08:59:35.408 976 INFO rally.task.runner [-] Task de9e35ad-67fd-45ca-a07a-e3681873e25f | ITER: 4 START
2020-04-10 08:59:35.413 975 INFO rally.task.runner [-] Task de9e35ad-67fd-45ca-a07a-e3681873e25f | ITER: 3 START
2020-04-10 08:59:38.164 974 RALLYDEBUG rally.task.utils [-] Waiting for resource u'a3f3a617-503c-4e4e-95c2-a2a2e7f27fb7'. Status changed: NONE => QUEUED in 0.0597021579742
2020-04-10 08:59:38.223 973 RALLYDEBUG rally.task.utils [-] Waiting for resource u'34961a4b-1851-4221-8ac3-020a8667a3a6'. Status changed: NONE => QUEUED in 0.0699388980865
2020-04-10 08:59:38.369 975 RALLYDEBUG rally.task.utils [-] Waiting for resource u'5df35b22-b4a8-42bb-a55b-d99f05d76c12'. Status changed: NONE => QUEUED in 0.0725750923157
2020-04-10 08:59:38.474 976 RALLYDEBUG rally.task.utils [-] Waiting for resource u'dac921cc-f85b-446b-a9ac-472db57be2c6'. Status changed: NONE => QUEUED in 0.0688869953156
2020-04-10 08:59:39.225 974 RALLYDEBUG rally.task.utils [-] Waiting for resource s_rally_c599b59b_V9PU4Hwh. Status changed: QUEUED => ACTIVE in 0.0420429706573
2020-04-10 08:59:39.289 974 INFO rally.task.runner [-] Task de9e35ad-67fd-45ca-a07a-e3681873e25f | ITER: 2 END: OK
2020-04-10 08:59:39.293 974 INFO rally.task.runner [-] Task de9e35ad-67fd-45ca-a07a-e3681873e25f | ITER: 5 START
2020-04-10 08:59:40.132 973 RALLYDEBUG rally.task.utils [-] Waiting for resource s_rally_c599b59b_UTuwMcnW. Status changed: QUEUED => ACTIVE in 0.0396730899811
2020-04-10 08:59:40.190 973 INFO rally.task.runner [-] Task de9e35ad-67fd-45ca-a07a-e3681873e25f | ITER: 1 END: OK
2020-04-10 08:59:40.195 973 INFO rally.task.runner [-] Task de9e35ad-67fd-45ca-a07a-e3681873e25f | ITER: 6 START
2020-04-10 08:59:40.528 975 RALLYDEBUG rally.task.utils [-] Waiting for resource s_rally_c599b59b_tGERvtOv. Status changed: QUEUED => ACTIVE in 0.041445016861
2020-04-10 08:59:40.533 976 RALLYDEBUG rally.task.utils [-] Waiting for resource s_rally_c599b59b_ixojcLJF. Status changed: QUEUED => ACTIVE in 0.0346820354462
2020-04-10 08:59:40.620 975 INFO rally.task.runner [-] Task de9e35ad-67fd-45ca-a07a-e3681873e25f | ITER: 3 END: OK
2020-04-10 08:59:40.621 976 INFO rally.task.runner [-] Task de9e35ad-67fd-45ca-a07a-e3681873e25f | ITER: 4 END: OK
2020-04-10 08:59:40.626 975 INFO rally.task.runner [-] Task de9e35ad-67fd-45ca-a07a-e3681873e25f | ITER: 7 START
2020-04-10 08:59:40.627 976 INFO rally.task.runner [-] Task de9e35ad-67fd-45ca-a07a-e3681873e25f | ITER: 8 START
2020-04-10 08:59:42.260 974 RALLYDEBUG rally.task.utils [-] Waiting for resource u'64240630-664b-40cf-bffc-3ac31c05e20f'. Status changed: NONE => QUEUED in 0.0544469356537
2020-04-10 08:59:42.689 973 RALLYDEBUG rally.task.utils [-] Waiting for resource u'98b5eca5-6686-46b0-b3cc-d586be55658e'. Status changed: NONE => QUEUED in 0.0624661445618
2020-04-10 08:59:43.108 976 RALLYDEBUG rally.task.utils [-] Waiting for resource u'1c72684b-1f5f-41d1-a4f8-b9887c67e63b'. Status changed: NONE => QUEUED in 0.0629341602325
2020-04-10 08:59:43.180 975 RALLYDEBUG rally.task.utils [-] Waiting for resource u'7ed7ca24-7655-4410-9bfd-9e2085a65d54'. Status changed: NONE => QUEUED in 0.0754289627075
2020-04-10 08:59:43.314 974 RALLYDEBUG rally.task.utils [-] Waiting for resource s_rally_c599b59b_PowiKTdC. Status changed: QUEUED => ACTIVE in 0.0409359931946
2020-04-10 08:59:43.378 974 INFO rally.task.runner [-] Task de9e35ad-67fd-45ca-a07a-e3681873e25f | ITER: 5 END: OK
2020-04-10 08:59:43.382 974 INFO rally.task.runner [-] Task de9e35ad-67fd-45ca-a07a-e3681873e25f | ITER: 9 START
2020-04-10 08:59:43.695 973 RALLYDEBUG rally.task.utils [-] Waiting for resource s_rally_c599b59b_WTnuzrWO. Status changed: QUEUED => ACTIVE in 0.0291659832001
2020-04-10 08:59:43.761 973 INFO rally.task.runner [-] Task de9e35ad-67fd-45ca-a07a-e3681873e25f | ITER: 6 END: OK
2020-04-10 08:59:43.766 973 INFO rally.task.runner [-] Task de9e35ad-67fd-45ca-a07a-e3681873e25f | ITER: 10 START
2020-04-10 08:59:44.548 975 RALLYDEBUG rally.task.utils [-] Waiting for resource s_rally_c599b59b_7Oip3ScF. Status changed: QUEUED => ACTIVE in 0.0444300174713
2020-04-10 08:59:44.613 975 INFO rally.task.runner [-] Task de9e35ad-67fd-45ca-a07a-e3681873e25f | ITER: 7 END: OK
2020-04-10 08:59:44.858 976 RALLYDEBUG rally.task.utils [-] Waiting for resource s_rally_c599b59b_m8TzR7sb. Status changed: QUEUED => ACTIVE in 0.0343809127808
2020-04-10 08:59:44.923 976 INFO rally.task.runner [-] Task de9e35ad-67fd-45ca-a07a-e3681873e25f | ITER: 8 END: OK
2020-04-10 08:59:45.904 974 RALLYDEBUG rally.task.utils [-] Waiting for resource u'd0f7f5db-19f6-4240-83ec-916a2acfd0e8'. Status changed: NONE => QUEUED in 0.0757350921631
2020-04-10 08:59:46.426 973 RALLYDEBUG rally.task.utils [-] Waiting for resource u'19fd7e23-ea94-496c-bc67-4a8c57f39f2d'. Status changed: NONE => QUEUED in 0.0572340488434
2020-04-10 08:59:46.974 974 RALLYDEBUG rally.task.utils [-] Waiting for resource s_rally_c599b59b_YvCulHnS. Status changed: QUEUED => ACTIVE in 0.0437870025635
2020-04-10 08:59:47.054 974 INFO rally.task.runner [-] Task de9e35ad-67fd-45ca-a07a-e3681873e25f | ITER: 9 END: OK
2020-04-10 08:59:47.420 973 RALLYDEBUG rally.task.utils [-] Waiting for resource s_rally_c599b59b_8iNiumuq. Status changed: QUEUED => ACTIVE in 0.0376958847046
2020-04-10 08:59:47.486 973 INFO rally.task.runner [-] Task de9e35ad-67fd-45ca-a07a-e3681873e25f | ITER: 10 END: OK
2020-04-10 08:59:47.507 725 INFO rally.task.context [-] Task de9e35ad-67fd-45ca-a07a-e3681873e25f | Context cleanup@openstack cleanup() started
2020-04-10 08:59:47.510 725 RALLYDEBUG rally_openstack.cleanup.manager [-] Cleaning up glance images objects
2020-04-10 08:59:51.169 725 RALLYDEBUG rally_openstack.cleanup.manager [-] Deleting glance.images object s_rally_c599b59b_8iNiumuq (19fd7e23-ea94-496c-bc67-4a8c57f39f2d)
2020-04-10 08:59:51.174 725 RALLYDEBUG rally_openstack.cleanup.manager [-] Deleting glance.images object s_rally_c599b59b_tGERvtOv (5df35b22-b4a8-42bb-a55b-d99f05d76c12)
2020-04-10 08:59:51.186 725 RALLYDEBUG rally_openstack.cleanup.manager [-] Deleting glance.images object s_rally_c599b59b_7Oip3ScF (7ed7ca24-7655-4410-9bfd-9e2085a65d54)
2020-04-10 08:59:51.192 725 RALLYDEBUG rally_openstack.cleanup.manager [-] Deleting glance.images object s_rally_c599b59b_m8TzR7sb (1c72684b-1f5f-41d1-a4f8-b9887c67e63b)
2020-04-10 08:59:51.201 725 RALLYDEBUG rally_openstack.cleanup.manager [-] Deleting glance.images object s_rally_c599b59b_PowiKTdC (64240630-664b-40cf-bffc-3ac31c05e20f)
2020-04-10 08:59:51.192 725 RALLYDEBUG rally_openstack.cleanup.manager [-] Deleting glance.images object s_rally_c599b59b_WTnuzrWO (98b5eca5-6686-46b0-b3cc-d586be55658e)
2020-04-10 08:59:51.218 725 RALLYDEBUG rally_openstack.cleanup.manager [-] Deleting glance.images object s_rally_c599b59b_ixojcLJF (dac921cc-f85b-446b-a9ac-472db57be2c6)
2020-04-10 08:59:51.237 725 RALLYDEBUG rally_openstack.cleanup.manager [-] Deleting glance.images object s_rally_c599b59b_UTuwMcnW (34961a4b-1851-4221-8ac3-020a8667a3a6)
2020-04-10 08:59:51.250 725 RALLYDEBUG rally_openstack.cleanup.manager [-] Deleting glance.images object s_rally_c599b59b_V9PU4Hwh (a3f3a617-503c-4e4e-95c2-a2a2e7f27fb7)
2020-04-10 08:59:51.277 725 RALLYDEBUG rally_openstack.cleanup.manager [-] Deleting glance.images object s_rally_c599b59b_YvCulHnS (d0f7f5db-19f6-4240-83ec-916a2acfd0e8)
2020-04-10 08:59:53.110 725 DEBUG glanceclient.common.http [-] Request returned failure status 404. _handle_response /usr/lib/python2.7/site-packages/glanceclient/common/http.py:125
2020-04-10 08:59:53.150 725 DEBUG glanceclient.common.http [-] Request returned failure status 404. _handle_response /usr/lib/python2.7/site-packages/glanceclient/common/http.py:125
2020-04-10 08:59:53.153 725 DEBUG glanceclient.common.http [-] Request returned failure status 404. _handle_response /usr/lib/python2.7/site-packages/glanceclient/common/http.py:125
2020-04-10 08:59:53.189 725 DEBUG glanceclient.common.http [-] Request returned failure status 404. _handle_response /usr/lib/python2.7/site-packages/glanceclient/common/http.py:125
2020-04-10 08:59:53.327 725 DEBUG glanceclient.common.http [-] Request returned failure status 404. _handle_response /usr/lib/python2.7/site-packages/glanceclient/common/http.py:125
2020-04-10 08:59:53.381 725 DEBUG glanceclient.common.http [-] Request returned failure status 404. _handle_response /usr/lib/python2.7/site-packages/glanceclient/common/http.py:125
2020-04-10 08:59:53.422 725 DEBUG glanceclient.common.http [-] Request returned failure status 404. _handle_response /usr/lib/python2.7/site-packages/glanceclient/common/http.py:125
2020-04-10 08:59:53.473 725 DEBUG glanceclient.common.http [-] Request returned failure status 404. _handle_response /usr/lib/python2.7/site-packages/glanceclient/common/http.py:125
2020-04-10 08:59:53.578 725 DEBUG glanceclient.common.http [-] Request returned failure status 404. _handle_response /usr/lib/python2.7/site-packages/glanceclient/common/http.py:125
2020-04-10 08:59:53.580 725 DEBUG glanceclient.common.http [-] Request returned failure status 404. _handle_response /usr/lib/python2.7/site-packages/glanceclient/common/http.py:125
2020-04-10 08:59:53.584 725 DEBUG glanceclient.common.http [-] Request returned failure status 404. _handle_response /usr/lib/python2.7/site-packages/glanceclient/common/http.py:125
2020-04-10 08:59:53.587 725 DEBUG glanceclient.common.http [-] Request returned failure status 404. _handle_response /usr/lib/python2.7/site-packages/glanceclient/common/http.py:125
2020-04-10 08:59:53.635 725 DEBUG glanceclient.common.http [-] Request returned failure status 404. _handle_response /usr/lib/python2.7/site-packages/glanceclient/common/http.py:125
2020-04-10 08:59:53.648 725 DEBUG glanceclient.common.http [-] Request returned failure status 404. _handle_response /usr/lib/python2.7/site-packages/glanceclient/common/http.py:125
2020-04-10 08:59:53.678 725 DEBUG glanceclient.common.http [-] Request returned failure status 404. _handle_response /usr/lib/python2.7/site-packages/glanceclient/common/http.py:125
2020-04-10 08:59:53.688 725 DEBUG glanceclient.common.http [-] Request returned failure status 404. _handle_response /usr/lib/python2.7/site-packages/glanceclient/common/http.py:125
2020-04-10 08:59:53.695 725 DEBUG glanceclient.common.http [-] Request returned failure status 404. _handle_response /usr/lib/python2.7/site-packages/glanceclient/common/http.py:125
2020-04-10 08:59:53.696 725 DEBUG glanceclient.common.http [-] Request returned failure status 404. _handle_response /usr/lib/python2.7/site-packages/glanceclient/common/http.py:125
2020-04-10 08:59:53.724 725 DEBUG glanceclient.common.http [-] Request returned failure status 404. _handle_response /usr/lib/python2.7/site-packages/glanceclient/common/http.py:125
2020-04-10 08:59:53.734 725 DEBUG glanceclient.common.http [-] Request returned failure status 404. _handle_response /usr/lib/python2.7/site-packages/glanceclient/common/http.py:125
2020-04-10 08:59:54.737 725 INFO rally.task.context [-] Task de9e35ad-67fd-45ca-a07a-e3681873e25f | Context cleanup@openstack cleanup() finished in 7.23 sec
2020-04-10 08:59:54.737 725 INFO rally.task.context [-] Task de9e35ad-67fd-45ca-a07a-e3681873e25f | Context users@openstack cleanup() started
2020-04-10 08:59:58.933 725 INFO rally.task.context [-] Task de9e35ad-67fd-45ca-a07a-e3681873e25f | Context users@openstack cleanup() finished in 4.20 sec
2020-04-10 08:59:59.633 725 INFO rally.task.engine [-] Load duration is: 11.715239
2020-04-10 08:59:59.633 725 INFO rally.task.engine [-] Full runner duration is: 12.126179
2020-04-10 08:59:59.634 725 INFO rally.task.engine [-] Full duration is: 25.607959
2020-04-10 08:59:59.694 725 INFO rally.task.engine [-] Running workload: position = 0 config = { "version": 2, "title": "A cropped version of a bigger task.", "description": "Auto-generated task from a single workload (uuid=b7f51986-19c6-484c-b716-1751b5ace5cb)", "subtasks": [ { "title": "GlanceImages.list_images", "description": "List all images.", "scenario": { "GlanceImages.list_images": {} }, "contexts": { "users": { "tenants": 3, "users_per_tenant": 2 } }, "runner": { "constant": { "concurrency": 4, "times": 10 } }, "hooks": [], "sla": { "failure_rate": { "max": 0 } } } ] }
2020-04-10 08:59:59.715 725 RALLYDEBUG rally_openstack.contexts.keystone.users [-] Creating 3 tenants using 20 threads
2020-04-10 09:00:00.661 725 RALLYDEBUG rally_openstack.contexts.keystone.users [-] Creating 6 users using 20 threads
2020-04-10 09:00:01.941 725 INFO rally.task.context [-] Task de9e35ad-67fd-45ca-a07a-e3681873e25f | Context users@openstack setup() finished in 2.23 sec
2020-04-10 09:00:01.950 725 RALLYDEBUG rally.task.runner [-] Starting the constant runner (task UUID: de9e35ad-67fd-45ca-a07a-e3681873e25f). timeout: 0 concurrency: 4 concurrency_per_worker: 1 times: 10 concurrency_overhead: 0 processes_to_start: 4 max_cpu_used: 88
2020-04-10 09:00:01.963 1097 RALLYDEBUG rally.task.runner [-] Starting a worker. concurrency: 1 args: {} times: 10 method_name: run timeout: 0 duration: None cls:
2020-04-10 09:00:01.966 1098 RALLYDEBUG rally.task.runner [-] Starting a worker. concurrency: 1 args: {} times: 10 method_name: run timeout: 0 duration: None cls:
2020-04-10 09:00:01.969 1097 INFO rally.task.runner [-] Task de9e35ad-67fd-45ca-a07a-e3681873e25f | ITER: 1 START
2020-04-10 09:00:01.969 1099 RALLYDEBUG rally.task.runner [-] Starting a worker. concurrency: 1 args: {} times: 10 method_name: run timeout: 0 duration: None cls:
2020-04-10 09:00:01.973 1098 INFO rally.task.runner [-] Task de9e35ad-67fd-45ca-a07a-e3681873e25f | ITER: 2 START
2020-04-10 09:00:01.976 1099 INFO rally.task.runner [-] Task de9e35ad-67fd-45ca-a07a-e3681873e25f | ITER: 3 START
2020-04-10 09:00:01.981 1100 RALLYDEBUG rally.task.runner [-] Starting a worker. concurrency: 1 args: {} times: 10 method_name: run timeout: 0 duration: None cls:
2020-04-10 09:00:01.987 1100 INFO rally.task.runner [-] Task de9e35ad-67fd-45ca-a07a-e3681873e25f | ITER: 4 START
2020-04-10 09:00:02.578 1097 INFO rally.task.runner [-] Task de9e35ad-67fd-45ca-a07a-e3681873e25f | ITER: 1 END: OK
2020-04-10 09:00:02.583 1097 INFO rally.task.runner [-] Task de9e35ad-67fd-45ca-a07a-e3681873e25f | ITER: 5 START
2020-04-10 09:00:02.592 1100 INFO rally.task.runner [-] Task de9e35ad-67fd-45ca-a07a-e3681873e25f | ITER: 4 END: OK
2020-04-10 09:00:02.596 1100 INFO rally.task.runner [-] Task de9e35ad-67fd-45ca-a07a-e3681873e25f | ITER: 6 START
2020-04-10 09:00:02.671 1098 INFO rally.task.runner [-] Task de9e35ad-67fd-45ca-a07a-e3681873e25f | ITER: 2 END: OK
2020-04-10 09:00:02.675 1098 INFO rally.task.runner [-] Task de9e35ad-67fd-45ca-a07a-e3681873e25f | ITER: 7 START
2020-04-10 09:00:02.730 1099 INFO rally.task.runner [-] Task de9e35ad-67fd-45ca-a07a-e3681873e25f | ITER: 3 END: OK
2020-04-10 09:00:02.735 1099 INFO rally.task.runner [-] Task de9e35ad-67fd-45ca-a07a-e3681873e25f | ITER: 8 START
2020-04-10 09:00:03.011 1100 INFO rally.task.runner [-] Task de9e35ad-67fd-45ca-a07a-e3681873e25f | ITER: 6 END: OK
2020-04-10 09:00:03.016 1100 INFO rally.task.runner [-] Task de9e35ad-67fd-45ca-a07a-e3681873e25f | ITER: 9 START
2020-04-10 09:00:03.147 1098 INFO rally.task.runner [-] Task de9e35ad-67fd-45ca-a07a-e3681873e25f | ITER: 7 END: OK
2020-04-10 09:00:03.151 1098 INFO rally.task.runner [-] Task de9e35ad-67fd-45ca-a07a-e3681873e25f | ITER: 10 START
2020-04-10 09:00:03.211 1097 INFO rally.task.runner [-] Task de9e35ad-67fd-45ca-a07a-e3681873e25f | ITER: 5 END: OK
2020-04-10 09:00:03.266 1099 INFO rally.task.runner [-] Task de9e35ad-67fd-45ca-a07a-e3681873e25f | ITER: 8 END: OK
2020-04-10 09:00:03.424 1100 INFO rally.task.runner [-] Task de9e35ad-67fd-45ca-a07a-e3681873e25f | ITER: 9 END: OK
2020-04-10 09:00:03.608 1098 INFO rally.task.runner [-] Task de9e35ad-67fd-45ca-a07a-e3681873e25f | ITER: 10 END: OK
2020-04-10 09:00:03.636 725 INFO rally.task.context [-] Task de9e35ad-67fd-45ca-a07a-e3681873e25f | Context users@openstack cleanup() started
2020-04-10 09:00:11.844 725 INFO rally.task.context [-] Task de9e35ad-67fd-45ca-a07a-e3681873e25f | Context users@openstack cleanup() finished in 8.21 sec
2020-04-10 09:00:13.810 725 INFO rally.task.engine [-] Load duration is: 1.281561
2020-04-10 09:00:13.810 725 INFO rally.task.engine [-] Full runner duration is: 1.685709
2020-04-10 09:00:13.811 725 INFO rally.task.engine [-] Full duration is: 12.131592
2020-04-10 09:00:13.868 725 INFO rally.task.engine [-] Running workload: position = 0 config = { "version": 2, "title": "A cropped version of a bigger task.", "description": "Auto-generated task from a single workload (uuid=5d51cb2c-8d43-4320-954f-4a42334ac95a)", "subtasks": [ { "title": "GlanceImages.create_image_and_boot_instances", "description": "Create an image and boot several instances from it.", "scenario": { "GlanceImages.create_image_and_boot_instances": { "container_format": "bare", "disk_format": "qcow2", "image_location": "/home/opnfv/functest/images/cirros-0.4.0-x86_64-disk.img", "flavor": { "name": "rally_full_cntt-flavor_c6be4a7f-b1cc-4411-b47d-d9d8567ad528" }, "number_instances": 2, "boot_server_kwargs": { "nics": [ { "net-id": "8b80b0c2-68ef-44ad-b010-5e2f87d323b3" } ] } } }, "contexts": { "users": { "tenants": 3, "users_per_tenant": 2 }, "quotas": { "nova": { "cores": -1, "floating_ips": -1, "instances": -1, "ram": -1, "security_group_rules": -1, "security_groups": -1 } } }, "runner": { "constant": { "concurrency": 4, "times": 10 } }, "hooks": [], "sla": { "failure_rate": { "max": 0 } } } ] }
2020-04-10 09:00:13.895 725 RALLYDEBUG rally_openstack.contexts.keystone.users [-] Creating 3 tenants using 20 threads
2020-04-10 09:00:14.588 725 RALLYDEBUG rally_openstack.contexts.keystone.users [-] Creating 6 users using 20 threads
2020-04-10 09:00:24.235 725 INFO rally.task.context [-] Task de9e35ad-67fd-45ca-a07a-e3681873e25f | Context users@openstack setup() finished in 10.34 sec
2020-04-10 09:00:24.377 725 DEBUG novaclient.v2.client [-] REQ: curl -g -i -X PUT http://compute-airship.intel-pod15.opnfv.org/v2.1/os-quota-sets/29126bafe7c049c3aac0ea0d5726dacb -H "Accept: application/json" -H "Content-Type: application/json" -H "User-Agent: python-novaclient" -H "X-Auth-Token: {SHA1}e9e840ac220323b38de9ec7be8ed4513c079cac0" -d '{"quota_set": {"ram": -1, "floating_ips": -1, "security_group_rules": -1, "instances": -1, "cores": -1, "security_groups": -1}}' _http_log_request /usr/lib/python2.7/site-packages/keystoneauth1/session.py:448
2020-04-10 09:00:29.980 725 DEBUG novaclient.v2.client [-] RESP: [200] Connection: keep-alive Content-Encoding: gzip Content-Type: application/json Date: Fri, 10 Apr 2020 09:00:29 GMT Openstack-Api-Version: compute 2.1 Transfer-Encoding: chunked Vary: Accept-Encoding, OpenStack-API-Version, X-OpenStack-Nova-API-Version X-Compute-Request-Id: req-8b2f955b-1bb7-4974-b18c-93ada9252c69 X-Openstack-Nova-Api-Version: 2.1 _http_log_response /usr/lib/python2.7/site-packages/keystoneauth1/session.py:479
2020-04-10 09:00:29.981 725 DEBUG novaclient.v2.client [-] RESP BODY: {"quota_set": {"injected_file_content_bytes": 10240, "metadata_items": 128, "server_group_members": 10, "server_groups": 10, "ram": -1, "floating_ips": -1, "key_pairs": 100, "instances": -1, "security_group_rules": -1, "injected_files": 5, "cores": -1, "fixed_ips": -1, "injected_file_path_bytes": 255, "security_groups": -1}} _http_log_response /usr/lib/python2.7/site-packages/keystoneauth1/session.py:511
2020-04-10 09:00:29.981 725 DEBUG novaclient.v2.client [-] PUT call to compute for http://compute-airship.intel-pod15.opnfv.org/v2.1/os-quota-sets/29126bafe7c049c3aac0ea0d5726dacb used request id req-8b2f955b-1bb7-4974-b18c-93ada9252c69 request /usr/lib/python2.7/site-packages/keystoneauth1/session.py:844
2020-04-10 09:00:29.983 725 DEBUG novaclient.v2.client [-] REQ: curl -g -i -X PUT http://compute-airship.intel-pod15.opnfv.org/v2.1/os-quota-sets/9d6d73464fb3454a99c7056bb76e2102 -H "Accept: application/json" -H "Content-Type: application/json" -H "User-Agent: python-novaclient" -H "X-Auth-Token: {SHA1}e9e840ac220323b38de9ec7be8ed4513c079cac0" -d '{"quota_set": {"ram": -1, "floating_ips": -1, "security_group_rules": -1, "instances": -1, "cores": -1, "security_groups": -1}}' _http_log_request /usr/lib/python2.7/site-packages/keystoneauth1/session.py:448
2020-04-10 09:00:30.740 725 DEBUG novaclient.v2.client [-] RESP: [200] Connection: keep-alive Content-Encoding: gzip Content-Type: application/json Date: Fri, 10 Apr 2020 09:00:30 GMT Openstack-Api-Version: compute 2.1 Transfer-Encoding: chunked Vary: Accept-Encoding, OpenStack-API-Version, X-OpenStack-Nova-API-Version X-Compute-Request-Id: req-93bf2bfd-ff07-40f6-bb91-018f94cc02d7 X-Openstack-Nova-Api-Version: 2.1 _http_log_response /usr/lib/python2.7/site-packages/keystoneauth1/session.py:479
2020-04-10 09:00:30.741 725 DEBUG novaclient.v2.client [-] RESP BODY: {"quota_set": {"injected_file_content_bytes": 10240, "metadata_items": 128, "server_group_members": 10, "server_groups": 10, "ram": -1, "floating_ips": -1, "key_pairs": 100, "instances": -1, "security_group_rules": -1, "injected_files": 5, "cores": -1, "fixed_ips": -1, "injected_file_path_bytes": 255, "security_groups": -1}} _http_log_response /usr/lib/python2.7/site-packages/keystoneauth1/session.py:511
2020-04-10 09:00:30.741 725 DEBUG novaclient.v2.client [-] PUT call to compute for http://compute-airship.intel-pod15.opnfv.org/v2.1/os-quota-sets/9d6d73464fb3454a99c7056bb76e2102 used request id req-93bf2bfd-ff07-40f6-bb91-018f94cc02d7 request /usr/lib/python2.7/site-packages/keystoneauth1/session.py:844
2020-04-10 09:00:30.742 725 DEBUG novaclient.v2.client [-] REQ: curl -g -i -X PUT http://compute-airship.intel-pod15.opnfv.org/v2.1/os-quota-sets/78345dee77c94a9c944d7e7c56ac8b7d -H "Accept: application/json" -H "Content-Type: application/json" -H "User-Agent: python-novaclient" -H "X-Auth-Token: {SHA1}e9e840ac220323b38de9ec7be8ed4513c079cac0" -d '{"quota_set": {"ram": -1, "floating_ips": -1, "security_group_rules": -1, "instances": -1, "cores": -1, "security_groups": -1}}' _http_log_request /usr/lib/python2.7/site-packages/keystoneauth1/session.py:448
2020-04-10 09:00:30.925 725 DEBUG novaclient.v2.client [-] RESP: [200] Connection: keep-alive Content-Encoding: gzip Content-Type: application/json Date: Fri, 10 Apr 2020 09:00:30 GMT Openstack-Api-Version: compute 2.1 Transfer-Encoding: chunked Vary: Accept-Encoding, OpenStack-API-Version, X-OpenStack-Nova-API-Version X-Compute-Request-Id: req-919cfaa5-822a-46f2-ad0a-306d2f647595 X-Openstack-Nova-Api-Version: 2.1 _http_log_response /usr/lib/python2.7/site-packages/keystoneauth1/session.py:479
2020-04-10 09:00:30.925 725 DEBUG novaclient.v2.client [-] RESP BODY: {"quota_set": {"injected_file_content_bytes": 10240, "metadata_items": 128, "server_group_members": 10, "server_groups": 10, "ram": -1, "floating_ips": -1, "key_pairs": 100, "instances": -1, "security_group_rules": -1, "injected_files": 5, "cores": -1, "fixed_ips": -1, "injected_file_path_bytes": 255, "security_groups": -1}} _http_log_response /usr/lib/python2.7/site-packages/keystoneauth1/session.py:511
2020-04-10 09:00:30.926 725 DEBUG novaclient.v2.client [-] PUT call to compute for http://compute-airship.intel-pod15.opnfv.org/v2.1/os-quota-sets/78345dee77c94a9c944d7e7c56ac8b7d used request id req-919cfaa5-822a-46f2-ad0a-306d2f647595 request /usr/lib/python2.7/site-packages/keystoneauth1/session.py:844
2020-04-10 09:00:30.926 725 INFO rally.task.context [-] Task de9e35ad-67fd-45ca-a07a-e3681873e25f | Context quotas@openstack setup() finished in 6.69 sec
2020-04-10 09:00:30.927 725 INFO rally.task.context [-] Task de9e35ad-67fd-45ca-a07a-e3681873e25f | Context cleanup@openstack setup() finished in 0.02 msec
2020-04-10 09:00:31.040 725 DEBUG novaclient.v2.client [-] REQ: curl -g -i -X GET http://compute-airship.intel-pod15.opnfv.org/v2.1/flavors/detail -H "Accept: application/json" -H "User-Agent: python-novaclient" -H "X-Auth-Token: {SHA1}8e1aa536105af8dd7907b0651ac0e892dcc9e7fd" _http_log_request /usr/lib/python2.7/site-packages/keystoneauth1/session.py:448
2020-04-10 09:00:31.178 725 DEBUG novaclient.v2.client [-] RESP: [200] Connection: keep-alive Content-Encoding: gzip Content-Type: application/json Date: Fri, 10 Apr 2020 09:00:31 GMT Openstack-Api-Version: compute 2.1 Transfer-Encoding: chunked Vary: Accept-Encoding, OpenStack-API-Version, X-OpenStack-Nova-API-Version X-Compute-Request-Id: req-575c9d11-bf61-4b40-b9b4-2d16973f6485 X-Openstack-Nova-Api-Version: 2.1 _http_log_response /usr/lib/python2.7/site-packages/keystoneauth1/session.py:479
2020-04-10 09:00:31.179 725 DEBUG novaclient.v2.client [-] RESP BODY: {"flavors": [{"links": [{"href": "http://compute-airship.intel-pod15.opnfv.org/v2.1/flavors/0108f9b1-79e0-4103-8a3c-efcdc249554f", "rel": "self"}, {"href": "http://compute-airship.intel-pod15.opnfv.org/flavors/0108f9b1-79e0-4103-8a3c-efcdc249554f", "rel": "bookmark"}], "ram": 8192, "OS-FLV-DISABLED:disabled": false, "os-flavor-access:is_public": true, "rxtx_factor": 1.0, "disk": 80, "id": "0108f9b1-79e0-4103-8a3c-efcdc249554f", "name": "m1.large", "vcpus": 4, "swap": "", "OS-FLV-EXT-DATA:ephemeral": 0}, {"links": [{"href": "http://compute-airship.intel-pod15.opnfv.org/v2.1/flavors/06108368-6c74-4995-b4b6-cd5f5102030e", "rel": "self"}, {"href": "http://compute-airship.intel-pod15.opnfv.org/flavors/06108368-6c74-4995-b4b6-cd5f5102030e", "rel": "bookmark"}], "ram": 4096, "OS-FLV-DISABLED:disabled": false, "os-flavor-access:is_public": true, "rxtx_factor": 1.0, "disk": 40, "id": "06108368-6c74-4995-b4b6-cd5f5102030e", "name": "m1.medium", "vcpus": 2, "swap": "", "OS-FLV-EXT-DATA:ephemeral": 0}, {"links": [{"href": "http://compute-airship.intel-pod15.opnfv.org/v2.1/flavors/18de8285-6c33-4f89-8eec-0d48918a0d65", "rel": "self"}, {"href": "http://compute-airship.intel-pod15.opnfv.org/flavors/18de8285-6c33-4f89-8eec-0d48918a0d65", "rel": "bookmark"}], "ram": 1024, "OS-FLV-DISABLED:disabled": false, "os-flavor-access:is_public": true, "rxtx_factor": 1.0, "disk": 1, "id": "18de8285-6c33-4f89-8eec-0d48918a0d65", "name": "rally_full_cntt-flavor_alt_c6be4a7f-b1cc-4411-b47d-d9d8567ad528", "vcpus": 1, "swap": "", "OS-FLV-EXT-DATA:ephemeral": 0}, {"links": [{"href": "http://compute-airship.intel-pod15.opnfv.org/v2.1/flavors/3a977df5-6d80-4795-a460-bcadfae65cd9", "rel": "self"}, {"href": "http://compute-airship.intel-pod15.opnfv.org/flavors/3a977df5-6d80-4795-a460-bcadfae65cd9", "rel": "bookmark"}], "ram": 512, "OS-FLV-DISABLED:disabled": false, "os-flavor-access:is_public": true, "rxtx_factor": 1.0, "disk": 1, "id": "3a977df5-6d80-4795-a460-bcadfae65cd9", "name": "m1.tiny", "vcpus": 1, "swap": "", "OS-FLV-EXT-DATA:ephemeral": 0}, {"links": [{"href": "http://compute-airship.intel-pod15.opnfv.org/v2.1/flavors/9a467e2a-3777-448e-9d05-03134623ed08", "rel": "self"}, {"href": "http://compute-airship.intel-pod15.opnfv.org/flavors/9a467e2a-3777-448e-9d05-03134623ed08", "rel": "bookmark"}], "ram": 512, "OS-FLV-DISABLED:disabled": false, "os-flavor-access:is_public": true, "rxtx_factor": 1.0, "disk": 1, "id": "9a467e2a-3777-448e-9d05-03134623ed08", "name": "rally_full_cntt-flavor_c6be4a7f-b1cc-4411-b47d-d9d8567ad528", "vcpus": 1, "swap": "", "OS-FLV-EXT-DATA:ephemeral": 0}, {"links": [{"href": "http://compute-airship.intel-pod15.opnfv.org/v2.1/flavors/d81b2d71-0e15-45cd-9fa7-b3de95db8c71", "rel": "self"}, {"href": "http://compute-airship.intel-pod15.opnfv.org/flavors/d81b2d71-0e15-45cd-9fa7-b3de95db8c71", "rel": "bookmark"}], "ram": 2048, "OS-FLV-DISABLED:disabled": false, "os-flavor-access:is_public": true, "rxtx_factor": 1.0, "disk": 20, "id": "d81b2d71-0e15-45cd-9fa7-b3de95db8c71", "name": "m1.small", "vcpus": 1, "swap": "", "OS-FLV-EXT-DATA:ephemeral": 0}, {"links": [{"href": "http://compute-airship.intel-pod15.opnfv.org/v2.1/flavors/ef424789-b256-4609-8208-5fc1a473f672", "rel": "self"}, {"href": "http://compute-airship.intel-pod15.opnfv.org/flavors/ef424789-b256-4609-8208-5fc1a473f672", "rel": "bookmark"}], "ram": 16384, "OS-FLV-DISABLED:disabled": false, "os-flavor-access:is_public": true, "rxtx_factor": 1.0, "disk": 160, "id": "ef424789-b256-4609-8208-5fc1a473f672", "name": "m1.xlarge", "vcpus": 8, "swap": "", "OS-FLV-EXT-DATA:ephemeral": 0}]} _http_log_response /usr/lib/python2.7/site-packages/keystoneauth1/session.py:511
2020-04-10 09:00:31.180 725 DEBUG novaclient.v2.client [-] GET call to compute for http://compute-airship.intel-pod15.opnfv.org/v2.1/flavors/detail used request id req-575c9d11-bf61-4b40-b9b4-2d16973f6485 request /usr/lib/python2.7/site-packages/keystoneauth1/session.py:844
2020-04-10 09:00:31.182 725 RALLYDEBUG rally.task.runner [-] Starting the constant runner (task UUID: de9e35ad-67fd-45ca-a07a-e3681873e25f). timeout: 0 concurrency: 4 concurrency_per_worker: 1 times: 10 concurrency_overhead: 0 processes_to_start: 4 max_cpu_used: 88
2020-04-10 09:00:31.193 1201 RALLYDEBUG rally.task.runner [-] Starting a worker. concurrency: 1 args: {"container_format": "bare", "disk_format": "qcow2", "image_location": "/home/opnfv/functest/images/cirros-0.4.0-x86_64-disk.img", "flavor": "9a467e2a-3777-448e-9d05-03134623ed08", "number_instances": 2, "boot_server_kwargs": {"nics": [{"net-id": "8b80b0c2-68ef-44ad-b010-5e2f87d323b3"}]}} times: 10 method_name: run timeout: 0 duration: None cls:
2020-04-10 09:00:31.198 1202 RALLYDEBUG rally.task.runner [-] Starting a worker. concurrency: 1 args: {"container_format": "bare", "disk_format": "qcow2", "image_location": "/home/opnfv/functest/images/cirros-0.4.0-x86_64-disk.img", "flavor": "9a467e2a-3777-448e-9d05-03134623ed08", "number_instances": 2, "boot_server_kwargs": {"nics": [{"net-id": "8b80b0c2-68ef-44ad-b010-5e2f87d323b3"}]}} times: 10 method_name: run timeout: 0 duration: None cls:
2020-04-10 09:00:31.199 1203 RALLYDEBUG rally.task.runner [-] Starting a worker. concurrency: 1 args: {"container_format": "bare", "disk_format": "qcow2", "image_location": "/home/opnfv/functest/images/cirros-0.4.0-x86_64-disk.img", "flavor": "9a467e2a-3777-448e-9d05-03134623ed08", "number_instances": 2, "boot_server_kwargs": {"nics": [{"net-id": "8b80b0c2-68ef-44ad-b010-5e2f87d323b3"}]}} times: 10 method_name: run timeout: 0 duration: None cls:
2020-04-10 09:00:31.201 1201 INFO rally.task.runner [-] Task de9e35ad-67fd-45ca-a07a-e3681873e25f | ITER: 1 START
2020-04-10 09:00:31.202 1204 RALLYDEBUG rally.task.runner [-] Starting a worker. concurrency: 1 args: {"container_format": "bare", "disk_format": "qcow2", "image_location": "/home/opnfv/functest/images/cirros-0.4.0-x86_64-disk.img", "flavor": "9a467e2a-3777-448e-9d05-03134623ed08", "number_instances": 2, "boot_server_kwargs": {"nics": [{"net-id": "8b80b0c2-68ef-44ad-b010-5e2f87d323b3"}]}} times: 10 method_name: run timeout: 0 duration: None cls:
2020-04-10 09:00:31.206 1202 INFO rally.task.runner [-] Task de9e35ad-67fd-45ca-a07a-e3681873e25f | ITER: 2 START
2020-04-10 09:00:31.207 1203 INFO rally.task.runner [-] Task de9e35ad-67fd-45ca-a07a-e3681873e25f | ITER: 3 START
2020-04-10 09:00:31.209 1204 INFO rally.task.runner [-] Task de9e35ad-67fd-45ca-a07a-e3681873e25f | ITER: 4 START
2020-04-10 09:00:33.915 1202 RALLYDEBUG rally.task.utils [-] Waiting for resource u'04b8a008-d39e-46e0-93b9-2c9f72231add'. Status changed: NONE => QUEUED in 0.0733420848846
2020-04-10 09:00:33.977 1201 RALLYDEBUG rally.task.utils [-] Waiting for resource u'71186c03-2aca-48e3-b4ed-d9f590690bd6'. Status changed: NONE => QUEUED in 0.0580160617828
2020-04-10 09:00:34.033 1203 RALLYDEBUG rally.task.utils [-] Waiting for resource u'd0f99185-7913-4bce-8c6f-ad401b50378c'. Status changed: NONE => QUEUED in 0.0755372047424
2020-04-10 09:00:34.085 1204 RALLYDEBUG rally.task.utils [-] Waiting for resource u'd19f6692-4088-49e4-b9ed-72d0138752d3'. Status changed: NONE => QUEUED in 0.0653088092804
2020-04-10 09:00:38.774 1202 RALLYDEBUG rally.task.utils [-] Waiting for resource s_rally_5d51cb2c_ayq15nHK. Status changed: QUEUED => ACTIVE in 0.0375010967255
2020-04-10 09:00:38.782 1202 DEBUG novaclient.v2.client [-] REQ: curl -g -i -X POST http://compute-airship.intel-pod15.opnfv.org/v2.1/servers -H "Accept: application/json" -H "Content-Type: application/json" -H "User-Agent: python-novaclient" -H "X-Auth-Token: {SHA1}081281d6e2f34cc9c0ce3b4e2040a5311ba5dee3" -d '{"server": {"name": "s_rally_5d51cb2c_9Lb863QW_0", "imageRef": "04b8a008-d39e-46e0-93b9-2c9f72231add", "flavorRef": "9a467e2a-3777-448e-9d05-03134623ed08", "max_count": 1, "min_count": 1, "networks": [{"uuid": "8b80b0c2-68ef-44ad-b010-5e2f87d323b3"}]}}' _http_log_request /usr/lib/python2.7/site-packages/keystoneauth1/session.py:448
2020-04-10 09:00:39.044 1201 RALLYDEBUG rally.task.utils [-] Waiting for resource s_rally_5d51cb2c_FSbD5JAX. Status changed: QUEUED => ACTIVE in 0.0427069664001
2020-04-10 09:00:39.052 1201 DEBUG novaclient.v2.client [-] REQ: curl -g -i -X POST http://compute-airship.intel-pod15.opnfv.org/v2.1/servers -H "Accept: application/json" -H "Content-Type: application/json" -H "User-Agent: python-novaclient" -H "X-Auth-Token: {SHA1}f8376a7e81b9d26392772b561bc8806c00c3374c" -d '{"server": {"name": "s_rally_5d51cb2c_LpWw1ZxZ_0", "imageRef": "71186c03-2aca-48e3-b4ed-d9f590690bd6", "flavorRef": "9a467e2a-3777-448e-9d05-03134623ed08", "max_count": 1, "min_count": 1, "networks": [{"uuid": "8b80b0c2-68ef-44ad-b010-5e2f87d323b3"}]}}' _http_log_request /usr/lib/python2.7/site-packages/keystoneauth1/session.py:448
2020-04-10 09:00:39.611 1203 RALLYDEBUG rally.task.utils [-] Waiting for resource s_rally_5d51cb2c_WGwOn31J. Status changed: QUEUED => ACTIVE in 0.0410869121552
2020-04-10 09:00:39.619 1203 DEBUG novaclient.v2.client [-] REQ: curl -g -i -X POST http://compute-airship.intel-pod15.opnfv.org/v2.1/servers -H "Accept: application/json" -H "Content-Type: application/json" -H "User-Agent: python-novaclient" -H "X-Auth-Token: {SHA1}6c5b682a188fa70ac083f36e4063df409a533652" -d '{"server": {"name": "s_rally_5d51cb2c_QGB3q58h_0", "imageRef": "d0f99185-7913-4bce-8c6f-ad401b50378c", "flavorRef": "9a467e2a-3777-448e-9d05-03134623ed08", "max_count": 1, "min_count": 1, "networks": [{"uuid": "8b80b0c2-68ef-44ad-b010-5e2f87d323b3"}]}}' _http_log_request /usr/lib/python2.7/site-packages/keystoneauth1/session.py:448
2020-04-10 09:00:39.954 1204 RALLYDEBUG rally.task.utils [-] Waiting for resource s_rally_5d51cb2c_0J6MEYAR. Status changed: QUEUED => ACTIVE in 0.0342860221863
2020-04-10 09:00:39.961 1204 DEBUG novaclient.v2.client [-] REQ: curl -g -i -X POST http://compute-airship.intel-pod15.opnfv.org/v2.1/servers -H "Accept: application/json" -H "Content-Type: application/json" -H "User-Agent: python-novaclient" -H "X-Auth-Token: {SHA1}3c404d7491ce52b4607ef65cf7122d0127d1ed81" -d '{"server": {"name": "s_rally_5d51cb2c_KCOIob7g_0", "imageRef": "d19f6692-4088-49e4-b9ed-72d0138752d3", "flavorRef": "9a467e2a-3777-448e-9d05-03134623ed08", "max_count": 1, "min_count": 1, "networks": [{"uuid": "8b80b0c2-68ef-44ad-b010-5e2f87d323b3"}]}}' _http_log_request /usr/lib/python2.7/site-packages/keystoneauth1/session.py:448
2020-04-10 09:00:43.566 1202 DEBUG novaclient.v2.client [-] RESP: [202] Connection: keep-alive Content-Length: 416 Content-Type: application/json Date: Fri, 10 Apr 2020 09:00:43 GMT Location: http://compute-airship.intel-pod15.opnfv.org/v2.1/servers/d3f65891-84fc-49af-a302-6273d6d83ec9 Openstack-Api-Version: compute 2.1 Vary: OpenStack-API-Version, X-OpenStack-Nova-API-Version X-Compute-Request-Id: req-e8d06db7-3b00-4256-98c8-b912c364cd5f X-Openstack-Nova-Api-Version: 2.1 _http_log_response /usr/lib/python2.7/site-packages/keystoneauth1/session.py:479
2020-04-10 09:00:43.567 1202 DEBUG novaclient.v2.client [-] RESP BODY: {"server": {"security_groups": [{"name": "default"}], "OS-DCF:diskConfig": "MANUAL", "id": "d3f65891-84fc-49af-a302-6273d6d83ec9", "links": [{"href": "http://compute-airship.intel-pod15.opnfv.org/v2.1/servers/d3f65891-84fc-49af-a302-6273d6d83ec9", "rel": "self"}, {"href": "http://compute-airship.intel-pod15.opnfv.org/servers/d3f65891-84fc-49af-a302-6273d6d83ec9", "rel": "bookmark"}], "adminPass": "2J4aoT5GDpJC"}} _http_log_response /usr/lib/python2.7/site-packages/keystoneauth1/session.py:511
2020-04-10 09:00:43.567 1202 DEBUG novaclient.v2.client [-] POST call to compute for http://compute-airship.intel-pod15.opnfv.org/v2.1/servers used request id req-e8d06db7-3b00-4256-98c8-b912c364cd5f request /usr/lib/python2.7/site-packages/keystoneauth1/session.py:844
2020-04-10 09:00:43.570 1202 DEBUG novaclient.v2.client [-] REQ: curl -g -i -X POST http://compute-airship.intel-pod15.opnfv.org/v2.1/servers -H "Accept: application/json" -H "Content-Type: application/json" -H "User-Agent: python-novaclient" -H "X-Auth-Token: {SHA1}081281d6e2f34cc9c0ce3b4e2040a5311ba5dee3" -d '{"server": {"name": "s_rally_5d51cb2c_9Lb863QW_1", "imageRef": "04b8a008-d39e-46e0-93b9-2c9f72231add", "flavorRef": "9a467e2a-3777-448e-9d05-03134623ed08", "max_count": 1, "min_count": 1, "networks": [{"uuid": "8b80b0c2-68ef-44ad-b010-5e2f87d323b3"}]}}' _http_log_request /usr/lib/python2.7/site-packages/keystoneauth1/session.py:448
2020-04-10 09:00:43.868 1201 DEBUG novaclient.v2.client [-] RESP: [202] Connection: keep-alive Content-Length: 416 Content-Type: application/json Date: Fri, 10 Apr 2020 09:00:43 GMT Location: http://compute-airship.intel-pod15.opnfv.org/v2.1/servers/a1f61093-011c-4dec-9a68-ce0bd5565cb2 Openstack-Api-Version: compute 2.1 Vary: OpenStack-API-Version, X-OpenStack-Nova-API-Version X-Compute-Request-Id: req-f32c1571-3883-442f-afb5-c7abbef83fbd X-Openstack-Nova-Api-Version: 2.1 _http_log_response /usr/lib/python2.7/site-packages/keystoneauth1/session.py:479
2020-04-10 09:00:43.869 1201 DEBUG novaclient.v2.client [-] RESP BODY: {"server": {"security_groups": [{"name": "default"}], "OS-DCF:diskConfig": "MANUAL", "id": "a1f61093-011c-4dec-9a68-ce0bd5565cb2", "links": [{"href": "http://compute-airship.intel-pod15.opnfv.org/v2.1/servers/a1f61093-011c-4dec-9a68-ce0bd5565cb2", "rel": "self"}, {"href": "http://compute-airship.intel-pod15.opnfv.org/servers/a1f61093-011c-4dec-9a68-ce0bd5565cb2", "rel": "bookmark"}], "adminPass": "U6BEQX8iSEnM"}} _http_log_response /usr/lib/python2.7/site-packages/keystoneauth1/session.py:511
2020-04-10 09:00:43.870 1201 DEBUG novaclient.v2.client [-] POST call to compute for http://compute-airship.intel-pod15.opnfv.org/v2.1/servers used request id req-f32c1571-3883-442f-afb5-c7abbef83fbd request /usr/lib/python2.7/site-packages/keystoneauth1/session.py:844
2020-04-10 09:00:43.872 1201 DEBUG novaclient.v2.client [-] REQ: curl -g -i -X POST http://compute-airship.intel-pod15.opnfv.org/v2.1/servers -H "Accept: application/json" -H "Content-Type: application/json" -H "User-Agent: python-novaclient" -H "X-Auth-Token: {SHA1}f8376a7e81b9d26392772b561bc8806c00c3374c" -d '{"server": {"name": "s_rally_5d51cb2c_LpWw1ZxZ_1", "imageRef": "71186c03-2aca-48e3-b4ed-d9f590690bd6", "flavorRef": "9a467e2a-3777-448e-9d05-03134623ed08", "max_count": 1, "min_count": 1, "networks": [{"uuid": "8b80b0c2-68ef-44ad-b010-5e2f87d323b3"}]}}' _http_log_request /usr/lib/python2.7/site-packages/keystoneauth1/session.py:448
2020-04-10 09:00:43.938 1204 DEBUG novaclient.v2.client [-] RESP: [202] Connection: keep-alive Content-Length: 416 Content-Type: application/json Date: Fri, 10 Apr 2020 09:00:43 GMT Location: http://compute-airship.intel-pod15.opnfv.org/v2.1/servers/9bf85979-c648-4aba-8ae1-c5af2470f4cc Openstack-Api-Version: compute 2.1 Vary: OpenStack-API-Version, X-OpenStack-Nova-API-Version X-Compute-Request-Id: req-1705ca64-be78-493c-a8ce-f1c0971868be X-Openstack-Nova-Api-Version: 2.1 _http_log_response /usr/lib/python2.7/site-packages/keystoneauth1/session.py:479
2020-04-10 09:00:43.939 1204 DEBUG novaclient.v2.client [-] RESP BODY: {"server": {"security_groups": [{"name": "default"}], "OS-DCF:diskConfig": "MANUAL", "id": "9bf85979-c648-4aba-8ae1-c5af2470f4cc", "links": [{"href": "http://compute-airship.intel-pod15.opnfv.org/v2.1/servers/9bf85979-c648-4aba-8ae1-c5af2470f4cc", "rel": "self"}, {"href": "http://compute-airship.intel-pod15.opnfv.org/servers/9bf85979-c648-4aba-8ae1-c5af2470f4cc", "rel": "bookmark"}], "adminPass": "brpzTqDVa8Ta"}} _http_log_response /usr/lib/python2.7/site-packages/keystoneauth1/session.py:511
2020-04-10 09:00:43.939 1204 DEBUG novaclient.v2.client [-] POST call to compute for http://compute-airship.intel-pod15.opnfv.org/v2.1/servers used request id req-1705ca64-be78-493c-a8ce-f1c0971868be request /usr/lib/python2.7/site-packages/keystoneauth1/session.py:844
2020-04-10 09:00:43.941 1204 DEBUG novaclient.v2.client [-] REQ: curl -g -i -X POST http://compute-airship.intel-pod15.opnfv.org/v2.1/servers -H "Accept: application/json" -H "Content-Type: application/json" -H "User-Agent: python-novaclient" -H "X-Auth-Token: {SHA1}3c404d7491ce52b4607ef65cf7122d0127d1ed81" -d '{"server": {"name": "s_rally_5d51cb2c_KCOIob7g_1", "imageRef": "d19f6692-4088-49e4-b9ed-72d0138752d3", "flavorRef": "9a467e2a-3777-448e-9d05-03134623ed08", "max_count": 1, "min_count": 1, "networks": [{"uuid": "8b80b0c2-68ef-44ad-b010-5e2f87d323b3"}]}}' _http_log_request /usr/lib/python2.7/site-packages/keystoneauth1/session.py:448
2020-04-10 09:00:44.056 1203 DEBUG novaclient.v2.client [-] RESP: [202] Connection: keep-alive Content-Length: 416 Content-Type: application/json Date: Fri, 10 Apr 2020 09:00:44 GMT Location: http://compute-airship.intel-pod15.opnfv.org/v2.1/servers/80e1f8bc-bb02-4372-a791-f93cf66f9bde Openstack-Api-Version: compute 2.1 Vary: OpenStack-API-Version, X-OpenStack-Nova-API-Version X-Compute-Request-Id: req-38e77a58-5893-4a74-b79f-0459eb3fa824 X-Openstack-Nova-Api-Version: 2.1 _http_log_response /usr/lib/python2.7/site-packages/keystoneauth1/session.py:479
2020-04-10 09:00:44.056 1203 DEBUG novaclient.v2.client [-] RESP BODY: {"server": {"security_groups": [{"name": "default"}], "OS-DCF:diskConfig": "MANUAL", "id": "80e1f8bc-bb02-4372-a791-f93cf66f9bde", "links": [{"href": "http://compute-airship.intel-pod15.opnfv.org/v2.1/servers/80e1f8bc-bb02-4372-a791-f93cf66f9bde", "rel": "self"}, {"href": "http://compute-airship.intel-pod15.opnfv.org/servers/80e1f8bc-bb02-4372-a791-f93cf66f9bde", "rel": "bookmark"}], "adminPass": "gU3Y2w6KnH47"}} _http_log_response /usr/lib/python2.7/site-packages/keystoneauth1/session.py:511
2020-04-10 09:00:44.057 1203 DEBUG novaclient.v2.client [-] POST call to compute for http://compute-airship.intel-pod15.opnfv.org/v2.1/servers used request id req-38e77a58-5893-4a74-b79f-0459eb3fa824 request /usr/lib/python2.7/site-packages/keystoneauth1/session.py:844
2020-04-10 09:00:44.059 1203 DEBUG novaclient.v2.client [-] REQ: curl -g -i -X POST http://compute-airship.intel-pod15.opnfv.org/v2.1/servers -H "Accept: application/json" -H "Content-Type: application/json" -H "User-Agent: python-novaclient" -H "X-Auth-Token: {SHA1}6c5b682a188fa70ac083f36e4063df409a533652" -d '{"server": {"name": "s_rally_5d51cb2c_QGB3q58h_1", "imageRef": "d0f99185-7913-4bce-8c6f-ad401b50378c", "flavorRef": "9a467e2a-3777-448e-9d05-03134623ed08", "max_count": 1, "min_count": 1, "networks": [{"uuid": "8b80b0c2-68ef-44ad-b010-5e2f87d323b3"}]}}' _http_log_request /usr/lib/python2.7/site-packages/keystoneauth1/session.py:448
