2020-04-10 09:03:45.556 725 DEBUG glanceclient.common.http [-] Request returned failure status 404. _handle_response /usr/lib/python2.7/site-packages/glanceclient/common/http.py:125
2020-04-10 09:03:45.574 725 DEBUG glanceclient.common.http [-] Request returned failure status 404. _handle_response /usr/lib/python2.7/site-packages/glanceclient/common/http.py:125
2020-04-10 09:03:45.582 725 DEBUG glanceclient.common.http [-] Request returned failure status 404. _handle_response /usr/lib/python2.7/site-packages/glanceclient/common/http.py:125
2020-04-10 09:03:45.594 725 DEBUG glanceclient.common.http [-] Request returned failure status 404. _handle_response /usr/lib/python2.7/site-packages/glanceclient/common/http.py:125
2020-04-10 09:03:45.612 725 DEBUG glanceclient.common.http [-] Request returned failure status 404. _handle_response /usr/lib/python2.7/site-packages/glanceclient/common/http.py:125
2020-04-10 09:03:45.653 725 DEBUG glanceclient.common.http [-] Request returned failure status 404. _handle_response /usr/lib/python2.7/site-packages/glanceclient/common/http.py:125
2020-04-10 09:03:45.694 725 DEBUG glanceclient.common.http [-] Request returned failure status 404. _handle_response /usr/lib/python2.7/site-packages/glanceclient/common/http.py:125
2020-04-10 09:03:45.745 725 DEBUG glanceclient.common.http [-] Request returned failure status 404. _handle_response /usr/lib/python2.7/site-packages/glanceclient/common/http.py:125
2020-04-10 09:03:45.747 725 DEBUG glanceclient.common.http [-] Request returned failure status 404. _handle_response /usr/lib/python2.7/site-packages/glanceclient/common/http.py:125
2020-04-10 09:03:45.784 725 DEBUG glanceclient.common.http [-] Request returned failure status 404. _handle_response /usr/lib/python2.7/site-packages/glanceclient/common/http.py:125
2020-04-10 09:03:45.814 725 DEBUG glanceclient.common.http [-] Request returned failure status 404. _handle_response /usr/lib/python2.7/site-packages/glanceclient/common/http.py:125
2020-04-10 09:03:45.856 725 DEBUG glanceclient.common.http [-] Request returned failure status 404. _handle_response /usr/lib/python2.7/site-packages/glanceclient/common/http.py:125
2020-04-10 09:03:45.867 725 DEBUG glanceclient.common.http [-] Request returned failure status 404. _handle_response /usr/lib/python2.7/site-packages/glanceclient/common/http.py:125
2020-04-10 09:03:45.913 725 DEBUG glanceclient.common.http [-] Request returned failure status 404. _handle_response /usr/lib/python2.7/site-packages/glanceclient/common/http.py:125
2020-04-10 09:03:46.916 725 INFO rally.task.context [-] Task de9e35ad-67fd-45ca-a07a-e3681873e25f | Context cleanup@openstack cleanup() finished in 33.93 sec
2020-04-10 09:03:46.916 725 INFO rally.task.context [-] Task de9e35ad-67fd-45ca-a07a-e3681873e25f | Context quotas@openstack cleanup() started
2020-04-10 09:03:46.917 725 DEBUG novaclient.v2.client [-] REQ: curl -g -i -X DELETE http://compute-airship.intel-pod15.opnfv.org/v2.1/os-quota-sets/29126bafe7c049c3aac0ea0d5726dacb -H "Accept: application/json" -H "User-Agent: python-novaclient" -H "X-Auth-Token: {SHA1}e9e840ac220323b38de9ec7be8ed4513c079cac0" _http_log_request /usr/lib/python2.7/site-packages/keystoneauth1/session.py:448
2020-04-10 09:03:47.055 725 DEBUG novaclient.v2.client [-] RESP: [202] Connection: keep-alive Content-Length: 0 Content-Type: application/json Date: Fri, 10 Apr 2020 09:03:47 GMT Openstack-Api-Version: compute 2.1 Vary: OpenStack-API-Version, X-OpenStack-Nova-API-Version X-Compute-Request-Id: req-eec6bd7d-c0d9-4404-bb6b-72c0eb0bebb2 X-Openstack-Nova-Api-Version: 2.1 _http_log_response /usr/lib/python2.7/site-packages/keystoneauth1/session.py:479
2020-04-10 09:03:47.056 725 DEBUG novaclient.v2.client [-] DELETE call to compute for http://compute-airship.intel-pod15.opnfv.org/v2.1/os-quota-sets/29126bafe7c049c3aac0ea0d5726dacb used request id req-eec6bd7d-c0d9-4404-bb6b-72c0eb0bebb2 request /usr/lib/python2.7/site-packages/keystoneauth1/session.py:844
2020-04-10 09:03:47.057 725 DEBUG novaclient.v2.client [-] REQ: curl -g -i -X DELETE http://compute-airship.intel-pod15.opnfv.org/v2.1/os-quota-sets/9d6d73464fb3454a99c7056bb76e2102 -H "Accept: application/json" -H "User-Agent: python-novaclient" -H "X-Auth-Token: {SHA1}e9e840ac220323b38de9ec7be8ed4513c079cac0" _http_log_request /usr/lib/python2.7/site-packages/keystoneauth1/session.py:448
2020-04-10 09:03:47.125 725 DEBUG novaclient.v2.client [-] RESP: [202] Connection: keep-alive Content-Length: 0 Content-Type: application/json Date: Fri, 10 Apr 2020 09:03:47 GMT Openstack-Api-Version: compute 2.1 Vary: OpenStack-API-Version, X-OpenStack-Nova-API-Version X-Compute-Request-Id: req-1aa3d4ef-b6e4-4ba2-adb6-0786ef9f9c53 X-Openstack-Nova-Api-Version: 2.1 _http_log_response /usr/lib/python2.7/site-packages/keystoneauth1/session.py:479
2020-04-10 09:03:47.125 725 DEBUG novaclient.v2.client [-] DELETE call to compute for http://compute-airship.intel-pod15.opnfv.org/v2.1/os-quota-sets/9d6d73464fb3454a99c7056bb76e2102 used request id req-1aa3d4ef-b6e4-4ba2-adb6-0786ef9f9c53 request /usr/lib/python2.7/site-packages/keystoneauth1/session.py:844
2020-04-10 09:03:47.127 725 DEBUG novaclient.v2.client [-] REQ: curl -g -i -X DELETE http://compute-airship.intel-pod15.opnfv.org/v2.1/os-quota-sets/78345dee77c94a9c944d7e7c56ac8b7d -H "Accept: application/json" -H "User-Agent: python-novaclient" -H "X-Auth-Token: {SHA1}e9e840ac220323b38de9ec7be8ed4513c079cac0" _http_log_request /usr/lib/python2.7/site-packages/keystoneauth1/session.py:448
2020-04-10 09:03:47.197 725 DEBUG novaclient.v2.client [-] RESP: [202] Connection: keep-alive Content-Length: 0 Content-Type: application/json Date: Fri, 10 Apr 2020 09:03:47 GMT Openstack-Api-Version: compute 2.1 Vary: OpenStack-API-Version, X-OpenStack-Nova-API-Version X-Compute-Request-Id: req-93ffe8e4-ca29-410e-b0fb-c92442c4b542 X-Openstack-Nova-Api-Version: 2.1 _http_log_response /usr/lib/python2.7/site-packages/keystoneauth1/session.py:479
2020-04-10 09:03:47.198 725 DEBUG novaclient.v2.client [-] DELETE call to compute for http://compute-airship.intel-pod15.opnfv.org/v2.1/os-quota-sets/78345dee77c94a9c944d7e7c56ac8b7d used request id req-93ffe8e4-ca29-410e-b0fb-c92442c4b542 request /usr/lib/python2.7/site-packages/keystoneauth1/session.py:844
2020-04-10 09:03:47.198 725 INFO rally.task.context [-] Task de9e35ad-67fd-45ca-a07a-e3681873e25f | Context quotas@openstack cleanup() finished in 0.28 sec
2020-04-10 09:03:47.199 725 INFO rally.task.context [-] Task de9e35ad-67fd-45ca-a07a-e3681873e25f | Context users@openstack cleanup() started
2020-04-10 09:03:52.161 725 INFO rally.task.context [-] Task de9e35ad-67fd-45ca-a07a-e3681873e25f | Context users@openstack cleanup() finished in 4.96 sec
2020-04-10 09:03:52.756 725 INFO rally.task.engine [-] Load duration is: 160.476702
2020-04-10 09:03:52.757 725 INFO rally.task.engine [-] Full runner duration is: 161.806025
2020-04-10 09:03:52.757 725 INFO rally.task.engine [-] Full duration is: 218.268988
2020-04-10 09:03:52.820 725 INFO rally.task.engine [-] Running workload: position = 0 config = { "version": 2, "title": "A cropped version of a bigger task.", "description": "Auto-generated task from a single workload (uuid=41103356-6ef4-4ca7-bbf9-655d82a190e4)", "subtasks": [ { "title": "GlanceImages.create_and_deactivate_image", "description": "Create an image, then deactivate it.", "scenario": { "GlanceImages.create_and_deactivate_image": { "container_format": "bare", "disk_format": "qcow2", "image_location": "/home/opnfv/functest/images/cirros-0.4.0-x86_64-disk.img" } }, "contexts": { "users": { "tenants": 3, "users_per_tenant": 2 } }, "runner": { "constant": { "concurrency": 4, "times": 10 } }, "hooks": [], "sla": { "failure_rate": { "max": 0 } } } ] }
2020-04-10 09:03:52.841 725 RALLYDEBUG rally_openstack.contexts.keystone.users [-] Creating 3 tenants using 20 threads
2020-04-10 09:03:53.564 725 RALLYDEBUG rally_openstack.contexts.keystone.users [-] Creating 6 users using 20 threads
2020-04-10 09:03:54.574 725 INFO rally.task.context [-] Task de9e35ad-67fd-45ca-a07a-e3681873e25f | Context users@openstack setup() finished in 1.73 sec
2020-04-10 09:03:54.575 725 INFO rally.task.context [-] Task de9e35ad-67fd-45ca-a07a-e3681873e25f | Context cleanup@openstack setup() finished in 0.01 msec
2020-04-10 09:03:54.584 725 RALLYDEBUG rally.task.runner [-] Starting the constant runner (task UUID: de9e35ad-67fd-45ca-a07a-e3681873e25f). timeout: 0 concurrency: 4 concurrency_per_worker: 1 times: 10 concurrency_overhead: 0 processes_to_start: 4 max_cpu_used: 88
2020-04-10 09:03:54.597 1385 RALLYDEBUG rally.task.runner [-] Starting a worker. concurrency: 1 args: {"container_format": "bare", "disk_format": "qcow2", "image_location": "/home/opnfv/functest/images/cirros-0.4.0-x86_64-disk.img"} times: 10 method_name: run timeout: 0 duration: None cls:
2020-04-10 09:03:54.600 1386 RALLYDEBUG rally.task.runner [-] Starting a worker. concurrency: 1 args: {"container_format": "bare", "disk_format": "qcow2", "image_location": "/home/opnfv/functest/images/cirros-0.4.0-x86_64-disk.img"} times: 10 method_name: run timeout: 0 duration: None cls:
2020-04-10 09:03:54.603 1387 RALLYDEBUG rally.task.runner [-] Starting a worker. concurrency: 1 args: {"container_format": "bare", "disk_format": "qcow2", "image_location": "/home/opnfv/functest/images/cirros-0.4.0-x86_64-disk.img"} times: 10 method_name: run timeout: 0 duration: None cls:
2020-04-10 09:03:54.604 1385 INFO rally.task.runner [-] Task de9e35ad-67fd-45ca-a07a-e3681873e25f | ITER: 1 START
2020-04-10 09:03:54.607 1388 RALLYDEBUG rally.task.runner [-] Starting a worker. concurrency: 1 args: {"container_format": "bare", "disk_format": "qcow2", "image_location": "/home/opnfv/functest/images/cirros-0.4.0-x86_64-disk.img"} times: 10 method_name: run timeout: 0 duration: None cls:
2020-04-10 09:03:54.607 1386 INFO rally.task.runner [-] Task de9e35ad-67fd-45ca-a07a-e3681873e25f | ITER: 2 START
2020-04-10 09:03:54.610 1387 INFO rally.task.runner [-] Task de9e35ad-67fd-45ca-a07a-e3681873e25f | ITER: 3 START
2020-04-10 09:03:54.614 1388 INFO rally.task.runner [-] Task de9e35ad-67fd-45ca-a07a-e3681873e25f | ITER: 4 START
2020-04-10 09:03:57.862 1387 RALLYDEBUG rally.task.utils [-] Waiting for resource u'c97c2959-69d3-4b2c-b190-68ca39cb75f3'. Status changed: NONE => QUEUED in 0.0719571113586
2020-04-10 09:03:57.894 1386 RALLYDEBUG rally.task.utils [-] Waiting for resource u'230ce2af-c46e-4b90-a77b-1c4b333eec23'. Status changed: NONE => QUEUED in 0.0697770118713
2020-04-10 09:03:58.012 1385 RALLYDEBUG rally.task.utils [-] Waiting for resource u'8ec61faa-4d95-4bdb-af3d-fbcf206b56ea'. Status changed: NONE => QUEUED in 0.0726449489594
2020-04-10 09:03:58.023 1388 RALLYDEBUG rally.task.utils [-] Waiting for resource u'a5757a58-f202-4c6f-a0ed-86d5a1c57eb5'. Status changed: NONE => QUEUED in 0.0627660751343
2020-04-10 09:03:59.005 1387 RALLYDEBUG rally.task.utils [-] Waiting for resource s_rally_41103356_4r88uyVX. Status changed: QUEUED => ACTIVE in 0.0405180454254
2020-04-10 09:03:59.133 1387 INFO rally.task.runner [-] Task de9e35ad-67fd-45ca-a07a-e3681873e25f | ITER: 3 END: OK
2020-04-10 09:03:59.138 1387 INFO rally.task.runner [-] Task de9e35ad-67fd-45ca-a07a-e3681873e25f | ITER: 5 START
2020-04-10 09:03:59.179 1386 RALLYDEBUG rally.task.utils [-] Waiting for resource s_rally_41103356_anXsmMlK. Status changed: QUEUED => ACTIVE in 0.0298991203308
2020-04-10 09:03:59.294 1386 INFO rally.task.runner [-] Task de9e35ad-67fd-45ca-a07a-e3681873e25f | ITER: 2 END: OK
2020-04-10 09:03:59.300 1386 INFO rally.task.runner [-] Task de9e35ad-67fd-45ca-a07a-e3681873e25f | ITER: 6 START
2020-04-10 09:03:59.530 1388 RALLYDEBUG rally.task.utils [-] Waiting for resource s_rally_41103356_e2SQIq3D. Status changed: QUEUED => ACTIVE in 0.0413269996643
2020-04-10 09:03:59.531 1385 RALLYDEBUG rally.task.utils [-] Waiting for resource s_rally_41103356_TMYMFdW6. Status changed: QUEUED => ACTIVE in 0.0382759571075
2020-04-10 09:03:59.635 1388 INFO rally.task.runner [-] Task de9e35ad-67fd-45ca-a07a-e3681873e25f | ITER: 4 END: OK
2020-04-10 09:03:59.640 1388 INFO rally.task.runner [-] Task de9e35ad-67fd-45ca-a07a-e3681873e25f | ITER: 7 START
2020-04-10 09:03:59.659 1385 INFO rally.task.runner [-] Task de9e35ad-67fd-45ca-a07a-e3681873e25f | ITER: 1 END: OK
2020-04-10 09:03:59.664 1385 INFO rally.task.runner [-] Task de9e35ad-67fd-45ca-a07a-e3681873e25f | ITER: 8 START
2020-04-10 09:04:01.753 1386 RALLYDEBUG rally.task.utils [-] Waiting for resource u'dd42bb1e-0273-4caf-8d21-bf3033ee9536'. Status changed: NONE => QUEUED in 0.0633218288422
2020-04-10 09:04:01.785 1387 RALLYDEBUG rally.task.utils [-] Waiting for resource u'1be24b9b-ab2b-40e4-a404-052ab83efa10'. Status changed: NONE => QUEUED in 0.0664689540863
2020-04-10 09:04:02.107 1385 RALLYDEBUG rally.task.utils [-] Waiting for resource u'5834e71a-8590-49ec-a279-6a3dba6202e1'. Status changed: NONE => QUEUED in 0.0524349212646
2020-04-10 09:04:02.193 1388 RALLYDEBUG rally.task.utils [-] Waiting for resource u'230424f2-de19-4fb3-b2d8-dca8007d35c4'. Status changed: NONE => QUEUED in 0.0526211261749
2020-04-10 09:04:03.383 1386 RALLYDEBUG rally.task.utils [-] Waiting for resource s_rally_41103356_nTChSsnM. Status changed: QUEUED => ACTIVE in 0.0351400375366
2020-04-10 09:04:03.457 1387 RALLYDEBUG rally.task.utils [-] Waiting for resource s_rally_41103356_4AItG85F. Status changed: QUEUED => ACTIVE in 0.0623002052307
2020-04-10 09:04:03.587 1386 INFO rally.task.runner [-] Task de9e35ad-67fd-45ca-a07a-e3681873e25f | ITER: 6 END: OK
2020-04-10 09:04:03.591 1386 INFO rally.task.runner [-] Task de9e35ad-67fd-45ca-a07a-e3681873e25f | ITER: 9 START
2020-04-10 09:04:03.712 1387 INFO rally.task.runner [-] Task de9e35ad-67fd-45ca-a07a-e3681873e25f | ITER: 5 END: OK
2020-04-10 09:04:03.716 1387 INFO rally.task.runner [-] Task de9e35ad-67fd-45ca-a07a-e3681873e25f | ITER: 10 START
2020-04-10 09:04:04.134 1385 RALLYDEBUG rally.task.utils [-] Waiting for resource s_rally_41103356_ccERYV7h. Status changed: QUEUED => ACTIVE in 0.0367159843445
2020-04-10 09:04:04.160 1388 RALLYDEBUG rally.task.utils [-] Waiting for resource s_rally_41103356_fk1aGKcn. Status changed: QUEUED => ACTIVE in 0.030492067337
2020-04-10 09:04:04.350 1385 INFO rally.task.runner [-] Task de9e35ad-67fd-45ca-a07a-e3681873e25f | ITER: 8 END: OK
2020-04-10 09:04:04.379 1388 INFO rally.task.runner [-] Task de9e35ad-67fd-45ca-a07a-e3681873e25f | ITER: 7 END: OK
2020-04-10 09:04:06.215 1386 RALLYDEBUG rally.task.utils [-] Waiting for resource u'7af5916c-ad38-4636-94cc-26d56805cfdb'. Status changed: NONE => QUEUED in 0.100193023682
2020-04-10 09:04:06.225 1387 RALLYDEBUG rally.task.utils [-] Waiting for resource u'b765d13f-001a-42ad-afbf-586df9435d67'. Status changed: NONE => QUEUED in 0.0762920379639
2020-04-10 09:04:08.884 1386 RALLYDEBUG rally.task.utils [-] Waiting for resource s_rally_41103356_AO4SMU9g. Status changed: QUEUED => ACTIVE in 0.0620181560516
2020-04-10 09:04:08.892 1387 RALLYDEBUG rally.task.utils [-] Waiting for resource s_rally_41103356_UNnlc04D. Status changed: QUEUED => ACTIVE in 0.0525708198547
2020-04-10 09:04:09.225 1386 INFO rally.task.runner [-] Task de9e35ad-67fd-45ca-a07a-e3681873e25f | ITER: 9 END: OK
2020-04-10 09:04:09.254 1387 INFO rally.task.runner [-] Task de9e35ad-67fd-45ca-a07a-e3681873e25f | ITER: 10 END: OK
2020-04-10 09:04:09.277 725 INFO rally.task.context [-] Task de9e35ad-67fd-45ca-a07a-e3681873e25f | Context cleanup@openstack cleanup() started
2020-04-10 09:04:09.280 725 RALLYDEBUG rally_openstack.cleanup.manager [-] Cleaning up glance images objects
2020-04-10 09:04:10.318 725 RALLYDEBUG rally_openstack.cleanup.manager [-] Deleting glance.images object s_rally_41103356_4AItG85F (1be24b9b-ab2b-40e4-a404-052ab83efa10)
2020-04-10 09:04:10.319 725 RALLYDEBUG rally_openstack.cleanup.manager [-] Deleting glance.images object s_rally_41103356_UNnlc04D (b765d13f-001a-42ad-afbf-586df9435d67)
2020-04-10 09:04:10.321 725 RALLYDEBUG rally_openstack.cleanup.manager [-] Deleting glance.images object s_rally_41103356_AO4SMU9g (7af5916c-ad38-4636-94cc-26d56805cfdb)
2020-04-10 09:04:10.322 725 RALLYDEBUG rally_openstack.cleanup.manager [-] Deleting glance.images object s_rally_41103356_nTChSsnM (dd42bb1e-0273-4caf-8d21-bf3033ee9536)
2020-04-10 09:04:10.323 725 RALLYDEBUG rally_openstack.cleanup.manager [-] Deleting glance.images object s_rally_41103356_4r88uyVX (c97c2959-69d3-4b2c-b190-68ca39cb75f3)
2020-04-10 09:04:10.323 725 RALLYDEBUG rally_openstack.cleanup.manager [-] Deleting glance.images object s_rally_41103356_ccERYV7h (5834e71a-8590-49ec-a279-6a3dba6202e1)
2020-04-10 09:04:10.328 725 RALLYDEBUG rally_openstack.cleanup.manager [-] Deleting glance.images object s_rally_41103356_TMYMFdW6 (8ec61faa-4d95-4bdb-af3d-fbcf206b56ea)
2020-04-10 09:04:10.333 725 RALLYDEBUG rally_openstack.cleanup.manager [-] Deleting glance.images object s_rally_41103356_e2SQIq3D (a5757a58-f202-4c6f-a0ed-86d5a1c57eb5)
2020-04-10 09:04:10.340 725 RALLYDEBUG rally_openstack.cleanup.manager [-] Deleting glance.images object s_rally_41103356_fk1aGKcn (230424f2-de19-4fb3-b2d8-dca8007d35c4)
2020-04-10 09:04:10.399 725 RALLYDEBUG rally_openstack.cleanup.manager [-] Deleting glance.images object s_rally_41103356_anXsmMlK (230ce2af-c46e-4b90-a77b-1c4b333eec23)
2020-04-10 09:04:11.423 725 DEBUG glanceclient.common.http [-] Request returned failure status 404. _handle_response /usr/lib/python2.7/site-packages/glanceclient/common/http.py:125
2020-04-10 09:04:11.479 725 DEBUG glanceclient.common.http [-] Request returned failure status 404. _handle_response /usr/lib/python2.7/site-packages/glanceclient/common/http.py:125
2020-04-10 09:04:11.568 725 DEBUG glanceclient.common.http [-] Request returned failure status 404. _handle_response /usr/lib/python2.7/site-packages/glanceclient/common/http.py:125
2020-04-10 09:04:11.581 725 DEBUG glanceclient.common.http [-] Request returned failure status 404. _handle_response /usr/lib/python2.7/site-packages/glanceclient/common/http.py:125
2020-04-10 09:04:11.604 725 DEBUG glanceclient.common.http [-] Request returned failure status 404. _handle_response /usr/lib/python2.7/site-packages/glanceclient/common/http.py:125
2020-04-10 09:04:11.607 725 DEBUG glanceclient.common.http [-] Request returned failure status 404. _handle_response /usr/lib/python2.7/site-packages/glanceclient/common/http.py:125
2020-04-10 09:04:11.814 725 DEBUG glanceclient.common.http [-] Request returned failure status 404. _handle_response /usr/lib/python2.7/site-packages/glanceclient/common/http.py:125
2020-04-10 09:04:11.824 725 DEBUG glanceclient.common.http [-] Request returned failure status 404. _handle_response /usr/lib/python2.7/site-packages/glanceclient/common/http.py:125
2020-04-10 09:04:11.861 725 DEBUG glanceclient.common.http [-] Request returned failure status 404. _handle_response /usr/lib/python2.7/site-packages/glanceclient/common/http.py:125
2020-04-10 09:04:11.871 725 DEBUG glanceclient.common.http [-] Request returned failure status 404. _handle_response /usr/lib/python2.7/site-packages/glanceclient/common/http.py:125
2020-04-10 09:04:12.907 725 DEBUG glanceclient.common.http [-] Request returned failure status 404. _handle_response /usr/lib/python2.7/site-packages/glanceclient/common/http.py:125
2020-04-10 09:04:12.922 725 DEBUG glanceclient.common.http [-] Request returned failure status 404. _handle_response /usr/lib/python2.7/site-packages/glanceclient/common/http.py:125
2020-04-10 09:04:12.935 725 DEBUG glanceclient.common.http [-] Request returned failure status 404. _handle_response /usr/lib/python2.7/site-packages/glanceclient/common/http.py:125
2020-04-10 09:04:12.957 725 DEBUG glanceclient.common.http [-] Request returned failure status 404. _handle_response /usr/lib/python2.7/site-packages/glanceclient/common/http.py:125
2020-04-10 09:04:12.996 725 DEBUG glanceclient.common.http [-] Request returned failure status 404. _handle_response /usr/lib/python2.7/site-packages/glanceclient/common/http.py:125
2020-04-10 09:04:13.025 725 DEBUG glanceclient.common.http [-] Request returned failure status 404. _handle_response /usr/lib/python2.7/site-packages/glanceclient/common/http.py:125
2020-04-10 09:04:13.030 725 DEBUG glanceclient.common.http [-] Request returned failure status 404. _handle_response /usr/lib/python2.7/site-packages/glanceclient/common/http.py:125
2020-04-10 09:04:13.051 725 DEBUG glanceclient.common.http [-] Request returned failure status 404. _handle_response /usr/lib/python2.7/site-packages/glanceclient/common/http.py:125
2020-04-10 09:04:13.061 725 DEBUG glanceclient.common.http [-] Request returned failure status 404. _handle_response /usr/lib/python2.7/site-packages/glanceclient/common/http.py:125
2020-04-10 09:04:13.081 725 DEBUG glanceclient.common.http [-] Request returned failure status 404. _handle_response /usr/lib/python2.7/site-packages/glanceclient/common/http.py:125
2020-04-10 09:04:14.084 725 INFO rally.task.context [-] Task de9e35ad-67fd-45ca-a07a-e3681873e25f | Context cleanup@openstack cleanup() finished in 4.81 sec
2020-04-10 09:04:14.085 725 INFO rally.task.context [-] Task de9e35ad-67fd-45ca-a07a-e3681873e25f | Context users@openstack cleanup() started
2020-04-10 09:04:18.444 725 INFO rally.task.context [-] Task de9e35ad-67fd-45ca-a07a-e3681873e25f | Context users@openstack cleanup() finished in 4.36 sec
2020-04-10 09:04:18.965 725 INFO rally.task.engine [-] Load duration is: 14.298522
2020-04-10 09:04:18.966 725 INFO rally.task.engine [-] Full runner duration is: 14.693532
2020-04-10 09:04:18.966 725 INFO rally.task.engine [-] Full duration is: 25.604943
2020-04-10 09:04:19.027 725 INFO rally.task.engine [-] Running workload: position = 0 config = { "version": 2, "title": "A cropped version of a bigger task.", "description": "Auto-generated task from a single workload (uuid=21d23592-cb67-4a54-bb3a-2dc94429484d)", "subtasks": [ { "title": "GlanceImages.create_and_download_image", "description": "Create an image, then download data of the image.", "scenario": { "GlanceImages.create_and_download_image": { "container_format": "bare", "disk_format": "qcow2", "image_location": "/home/opnfv/functest/images/cirros-0.4.0-x86_64-disk.img" } }, "contexts": { "users": { "tenants": 3, "users_per_tenant": 2 } }, "runner": { "constant": { "concurrency": 4, "times": 10 } }, "hooks": [], "sla": { "failure_rate": { "max": 0 } } } ] }
2020-04-10 09:04:19.050 725 RALLYDEBUG rally_openstack.contexts.keystone.users [-] Creating 3 tenants using 20 threads
2020-04-10 09:04:20.772 725 RALLYDEBUG rally_openstack.contexts.keystone.users [-] Creating 6 users using 20 threads
2020-04-10 09:04:21.566 725 INFO rally.task.context [-] Task de9e35ad-67fd-45ca-a07a-e3681873e25f | Context users@openstack setup() finished in 2.52 sec
2020-04-10 09:04:21.567 725 INFO rally.task.context [-] Task de9e35ad-67fd-45ca-a07a-e3681873e25f | Context cleanup@openstack setup() finished in 0.01 msec
2020-04-10 09:04:21.576 725 RALLYDEBUG rally.task.runner [-] Starting the constant runner (task UUID: de9e35ad-67fd-45ca-a07a-e3681873e25f). timeout: 0 concurrency: 4 concurrency_per_worker: 1 times: 10 concurrency_overhead: 0 processes_to_start: 4 max_cpu_used: 88
2020-04-10 09:04:21.589 1509 RALLYDEBUG rally.task.runner [-] Starting a worker. concurrency: 1 args: {"container_format": "bare", "disk_format": "qcow2", "image_location": "/home/opnfv/functest/images/cirros-0.4.0-x86_64-disk.img"} times: 10 method_name: run timeout: 0 duration: None cls:
2020-04-10 09:04:21.593 1510 RALLYDEBUG rally.task.runner [-] Starting a worker. concurrency: 1 args: {"container_format": "bare", "disk_format": "qcow2", "image_location": "/home/opnfv/functest/images/cirros-0.4.0-x86_64-disk.img"} times: 10 method_name: run timeout: 0 duration: None cls:
2020-04-10 09:04:21.596 1509 INFO rally.task.runner [-] Task de9e35ad-67fd-45ca-a07a-e3681873e25f | ITER: 1 START
2020-04-10 09:04:21.596 1511 RALLYDEBUG rally.task.runner [-] Starting a worker. concurrency: 1 args: {"container_format": "bare", "disk_format": "qcow2", "image_location": "/home/opnfv/functest/images/cirros-0.4.0-x86_64-disk.img"} times: 10 method_name: run timeout: 0 duration: None cls:
2020-04-10 09:04:21.599 1512 RALLYDEBUG rally.task.runner [-] Starting a worker. concurrency: 1 args: {"container_format": "bare", "disk_format": "qcow2", "image_location": "/home/opnfv/functest/images/cirros-0.4.0-x86_64-disk.img"} times: 10 method_name: run timeout: 0 duration: None cls:
2020-04-10 09:04:21.600 1510 INFO rally.task.runner [-] Task de9e35ad-67fd-45ca-a07a-e3681873e25f | ITER: 2 START
2020-04-10 09:04:21.602 1511 INFO rally.task.runner [-] Task de9e35ad-67fd-45ca-a07a-e3681873e25f | ITER: 3 START
2020-04-10 09:04:21.606 1512 INFO rally.task.runner [-] Task de9e35ad-67fd-45ca-a07a-e3681873e25f | ITER: 4 START
2020-04-10 09:04:24.360 1509 RALLYDEBUG rally.task.utils [-] Waiting for resource u'a30c9ac5-1b3d-4f7b-b660-a68b92847ec5'. Status changed: NONE => QUEUED in 0.0714390277863
2020-04-10 09:04:24.421 1511 RALLYDEBUG rally.task.utils [-] Waiting for resource u'6f1bc747-f774-4bf3-9086-11329f286bc3'. Status changed: NONE => QUEUED in 0.0794250965118
2020-04-10 09:04:24.421 1510 RALLYDEBUG rally.task.utils [-] Waiting for resource u'5b571dc4-138b-4916-8db0-196d20182ab7'. Status changed: NONE => QUEUED in 0.083781003952
2020-04-10 09:04:24.421 1512 RALLYDEBUG rally.task.utils [-] Waiting for resource u'874815fb-ddf5-4547-8e11-c87aa5947139'. Status changed: NONE => QUEUED in 0.0610201358795
2020-04-10 09:04:26.090 1509 RALLYDEBUG rally.task.utils [-] Waiting for resource s_rally_21d23592_24RSQJVg. Status changed: QUEUED => ACTIVE in 0.0542500019073
2020-04-10 09:04:26.155 1512 RALLYDEBUG rally.task.utils [-] Waiting for resource s_rally_21d23592_gtufYjcc. Status changed: QUEUED => ACTIVE in 0.0518090724945
2020-04-10 09:04:26.361 1510 RALLYDEBUG rally.task.utils [-] Waiting for resource s_rally_21d23592_IPMd9Thw. Status changed: QUEUED => ACTIVE in 0.0410711765289
2020-04-10 09:04:26.438 1509 INFO rally.task.runner [-] Task de9e35ad-67fd-45ca-a07a-e3681873e25f | ITER: 1 END: OK
2020-04-10 09:04:26.442 1509 INFO rally.task.runner [-] Task de9e35ad-67fd-45ca-a07a-e3681873e25f | ITER: 5 START
2020-04-10 09:04:26.523 1512 INFO rally.task.runner [-] Task de9e35ad-67fd-45ca-a07a-e3681873e25f | ITER: 4 END: OK
2020-04-10 09:04:26.527 1512 INFO rally.task.runner [-] Task de9e35ad-67fd-45ca-a07a-e3681873e25f | ITER: 6 START
2020-04-10 09:04:26.667 1510 INFO rally.task.runner [-] Task de9e35ad-67fd-45ca-a07a-e3681873e25f | ITER: 2 END: OK
2020-04-10 09:04:26.672 1510 INFO rally.task.runner [-] Task de9e35ad-67fd-45ca-a07a-e3681873e25f | ITER: 7 START
2020-04-10 09:04:26.695 1511 RALLYDEBUG rally.task.utils [-] Waiting for resource s_rally_21d23592_tKkb4xAR. Status changed: QUEUED => ACTIVE in 0.0355231761932
2020-04-10 09:04:26.991 1511 INFO rally.task.runner [-] Task de9e35ad-67fd-45ca-a07a-e3681873e25f | ITER: 3 END: OK
2020-04-10 09:04:26.996 1511 INFO rally.task.runner [-] Task de9e35ad-67fd-45ca-a07a-e3681873e25f | ITER: 8 START
2020-04-10 09:04:28.973 1509 RALLYDEBUG rally.task.utils [-] Waiting for resource u'd315452f-5416-43b8-bb17-aa3b2cfaa744'. Status changed: NONE => QUEUED in 0.0617549419403
2020-04-10 09:04:29.384 1512 RALLYDEBUG rally.task.utils [-] Waiting for resource u'1701351b-55eb-4089-b109-576496936636'. Status changed: NONE => QUEUED in 0.0651738643646
2020-04-10 09:04:29.575 1510 RALLYDEBUG rally.task.utils [-] Waiting for resource u'f31cc48e-4030-473e-a093-06f7d6d9f873'. Status changed: NONE => QUEUED in 0.0632729530334
2020-04-10 09:04:30.106 1511 RALLYDEBUG rally.task.utils [-] Waiting for resource u'01ce275b-7412-417c-9425-410b38ff44fb'. Status changed: NONE => QUEUED in 0.0587079524994
2020-04-10 09:04:31.400 1509 RALLYDEBUG rally.task.utils [-] Waiting for resource s_rally_21d23592_tFddscqI. Status changed: QUEUED => ACTIVE in 0.0396640300751
2020-04-10 09:04:31.675 1509 INFO rally.task.runner [-] Task de9e35ad-67fd-45ca-a07a-e3681873e25f | ITER: 5 END: OK
2020-04-10 09:04:31.679 1509 INFO rally.task.runner [-] Task de9e35ad-67fd-45ca-a07a-e3681873e25f | ITER: 9 START
2020-04-10 09:04:33.069 1512 RALLYDEBUG rally.task.utils [-] Waiting for resource s_rally_21d23592_Ri1WH31G. Status changed: QUEUED => ACTIVE in 0.0415990352631
2020-04-10 09:04:33.072 1510 RALLYDEBUG rally.task.utils [-] Waiting for resource s_rally_21d23592_rOGAZQPq. Status changed: QUEUED => ACTIVE in 0.0327889919281
2020-04-10 09:04:33.345 1511 RALLYDEBUG rally.task.utils [-] Waiting for resource s_rally_21d23592_MlS25WdS. Status changed: QUEUED => ACTIVE in 0.0476291179657
2020-04-10 09:04:33.392 1510 INFO rally.task.runner [-] Task de9e35ad-67fd-45ca-a07a-e3681873e25f | ITER: 7 END: OK
2020-04-10 09:04:33.397 1510 INFO rally.task.runner [-] Task de9e35ad-67fd-45ca-a07a-e3681873e25f | ITER: 10 START
2020-04-10 09:04:33.400 1512 INFO rally.task.runner [-] Task de9e35ad-67fd-45ca-a07a-e3681873e25f | ITER: 6 END: OK
2020-04-10 09:04:33.650 1511 INFO rally.task.runner [-] Task de9e35ad-67fd-45ca-a07a-e3681873e25f | ITER: 8 END: OK
2020-04-10 09:04:35.300 1509 RALLYDEBUG rally.task.utils [-] Waiting for resource u'cc071358-7581-4511-af91-3448d04b342c'. Status changed: NONE => QUEUED in 0.0682561397552
2020-04-10 09:04:35.936 1510 RALLYDEBUG rally.task.utils [-] Waiting for resource u'a432c337-5ba3-438d-b6b1-70c65a1fe286'. Status changed: NONE => QUEUED in 0.0701630115509
2020-04-10 09:04:36.518 1509 RALLYDEBUG rally.task.utils [-] Waiting for resource s_rally_21d23592_F7EX7dU2. Status changed: QUEUED => ACTIVE in 0.04363489151
2020-04-10 09:04:36.800 1509 INFO rally.task.runner [-] Task de9e35ad-67fd-45ca-a07a-e3681873e25f | ITER: 9 END: OK
2020-04-10 09:04:37.003 1510 RALLYDEBUG rally.task.utils [-] Waiting for resource s_rally_21d23592_Nz5Ck1HN. Status changed: QUEUED => ACTIVE in 0.0378568172455
2020-04-10 09:04:37.300 1510 INFO rally.task.runner [-] Task de9e35ad-67fd-45ca-a07a-e3681873e25f | ITER: 10 END: OK
2020-04-10 09:04:37.324 725 INFO rally.task.context [-] Task de9e35ad-67fd-45ca-a07a-e3681873e25f | Context cleanup@openstack cleanup() started
2020-04-10 09:04:37.326 725 RALLYDEBUG rally_openstack.cleanup.manager [-] Cleaning up glance images objects
2020-04-10 09:04:38.499 725 RALLYDEBUG rally_openstack.cleanup.manager [-] Deleting glance.images object s_rally_21d23592_MlS25WdS (01ce275b-7412-417c-9425-410b38ff44fb)
2020-04-10 09:04:38.504 725 RALLYDEBUG rally_openstack.cleanup.manager [-] Deleting glance.images object s_rally_21d23592_gtufYjcc (874815fb-ddf5-4547-8e11-c87aa5947139)
2020-04-10 09:04:38.506 725 RALLYDEBUG rally_openstack.cleanup.manager [-] Deleting glance.images object s_rally_21d23592_Ri1WH31G (1701351b-55eb-4089-b109-576496936636)
2020-04-10 09:04:38.508 725 RALLYDEBUG rally_openstack.cleanup.manager [-] Deleting glance.images object s_rally_21d23592_tFddscqI (d315452f-5416-43b8-bb17-aa3b2cfaa744)
2020-04-10 09:04:38.512 725 RALLYDEBUG rally_openstack.cleanup.manager [-] Deleting glance.images object s_rally_21d23592_Nz5Ck1HN (a432c337-5ba3-438d-b6b1-70c65a1fe286)
2020-04-10 09:04:38.513 725 RALLYDEBUG rally_openstack.cleanup.manager [-] Deleting glance.images object s_rally_21d23592_24RSQJVg (a30c9ac5-1b3d-4f7b-b660-a68b92847ec5)
2020-04-10 09:04:38.519 725 RALLYDEBUG rally_openstack.cleanup.manager [-] Deleting glance.images object s_rally_21d23592_tKkb4xAR (6f1bc747-f774-4bf3-9086-11329f286bc3)
2020-04-10 09:04:38.566 725 RALLYDEBUG rally_openstack.cleanup.manager [-] Deleting glance.images object s_rally_21d23592_IPMd9Thw (5b571dc4-138b-4916-8db0-196d20182ab7)
2020-04-10 09:04:38.571 725 RALLYDEBUG rally_openstack.cleanup.manager [-] Deleting glance.images object s_rally_21d23592_F7EX7dU2 (cc071358-7581-4511-af91-3448d04b342c)
2020-04-10 09:04:38.582 725 RALLYDEBUG rally_openstack.cleanup.manager [-] Deleting glance.images object s_rally_21d23592_rOGAZQPq (f31cc48e-4030-473e-a093-06f7d6d9f873)
2020-04-10 09:04:40.077 725 DEBUG glanceclient.common.http [-] Request returned failure status 404. _handle_response /usr/lib/python2.7/site-packages/glanceclient/common/http.py:125
2020-04-10 09:04:40.112 725 DEBUG glanceclient.common.http [-] Request returned failure status 404. _handle_response /usr/lib/python2.7/site-packages/glanceclient/common/http.py:125
2020-04-10 09:04:40.263 725 DEBUG glanceclient.common.http [-] Request returned failure status 404. _handle_response /usr/lib/python2.7/site-packages/glanceclient/common/http.py:125
2020-04-10 09:04:40.309 725 DEBUG glanceclient.common.http [-] Request returned failure status 404. _handle_response /usr/lib/python2.7/site-packages/glanceclient/common/http.py:125
2020-04-10 09:04:40.314 725 DEBUG glanceclient.common.http [-] Request returned failure status 404. _handle_response /usr/lib/python2.7/site-packages/glanceclient/common/http.py:125
2020-04-10 09:04:40.348 725 DEBUG glanceclient.common.http [-] Request returned failure status 404. _handle_response /usr/lib/python2.7/site-packages/glanceclient/common/http.py:125
2020-04-10 09:04:41.006 725 DEBUG glanceclient.common.http [-] Request returned failure status 404. _handle_response /usr/lib/python2.7/site-packages/glanceclient/common/http.py:125
2020-04-10 09:04:41.033 725 DEBUG glanceclient.common.http [-] Request returned failure status 404. _handle_response /usr/lib/python2.7/site-packages/glanceclient/common/http.py:125
2020-04-10 09:04:41.045 725 DEBUG glanceclient.common.http [-] Request returned failure status 404. _handle_response /usr/lib/python2.7/site-packages/glanceclient/common/http.py:125
2020-04-10 09:04:41.072 725 DEBUG glanceclient.common.http [-] Request returned failure status 404. _handle_response /usr/lib/python2.7/site-packages/glanceclient/common/http.py:125
2020-04-10 09:04:41.080 725 DEBUG glanceclient.common.http [-] Request returned failure status 404. _handle_response /usr/lib/python2.7/site-packages/glanceclient/common/http.py:125
2020-04-10 09:04:41.108 725 DEBUG glanceclient.common.http [-] Request returned failure status 404. _handle_response /usr/lib/python2.7/site-packages/glanceclient/common/http.py:125
2020-04-10 09:04:41.120 725 DEBUG glanceclient.common.http [-] Request returned failure status 404. _handle_response /usr/lib/python2.7/site-packages/glanceclient/common/http.py:125
2020-04-10 09:04:41.144 725 DEBUG glanceclient.common.http [-] Request returned failure status 404. _handle_response /usr/lib/python2.7/site-packages/glanceclient/common/http.py:125
2020-04-10 09:04:41.149 725 DEBUG glanceclient.common.http [-] Request returned failure status 404. _handle_response /usr/lib/python2.7/site-packages/glanceclient/common/http.py:125
2020-04-10 09:04:41.201 725 DEBUG glanceclient.common.http [-] Request returned failure status 404. _handle_response /usr/lib/python2.7/site-packages/glanceclient/common/http.py:125
2020-04-10 09:04:41.207 725 DEBUG glanceclient.common.http [-] Request returned failure status 404. _handle_response /usr/lib/python2.7/site-packages/glanceclient/common/http.py:125
2020-04-10 09:04:41.247 725 DEBUG glanceclient.common.http [-] Request returned failure status 404. _handle_response /usr/lib/python2.7/site-packages/glanceclient/common/http.py:125
2020-04-10 09:04:41.255 725 DEBUG glanceclient.common.http [-] Request returned failure status 404. _handle_response /usr/lib/python2.7/site-packages/glanceclient/common/http.py:125
2020-04-10 09:04:41.281 725 DEBUG glanceclient.common.http [-] Request returned failure status 404. _handle_response /usr/lib/python2.7/site-packages/glanceclient/common/http.py:125
2020-04-10 09:04:42.284 725 INFO rally.task.context [-] Task de9e35ad-67fd-45ca-a07a-e3681873e25f | Context cleanup@openstack cleanup() finished in 4.96 sec
2020-04-10 09:04:42.284 725 INFO rally.task.context [-] Task de9e35ad-67fd-45ca-a07a-e3681873e25f | Context users@openstack cleanup() started
2020-04-10 09:04:46.796 725 INFO rally.task.context [-] Task de9e35ad-67fd-45ca-a07a-e3681873e25f | Context users@openstack cleanup() finished in 4.51 sec
2020-04-10 09:04:47.192 725 INFO rally.task.engine [-] Load duration is: 15.331753
2020-04-10 09:04:47.192 725 INFO rally.task.engine [-] Full runner duration is: 15.747365
2020-04-10 09:04:47.193 725 INFO rally.task.engine [-] Full duration is: 27.748004
2020-04-10 09:04:47.255 725 INFO rally.task.engine [-] Running workload: position = 0 config = { "version": 2, "title": "A cropped version of a bigger task.", "description": "Auto-generated task from a single workload (uuid=1a54cf9d-e7f3-4c8a-8596-fac72535b5b4)", "subtasks": [ { "title": "GlanceImages.create_and_get_image", "description": "Create and get detailed information of an image.", "scenario": { "GlanceImages.create_and_get_image": { "container_format": "bare", "disk_format": "qcow2", "image_location": "/home/opnfv/functest/images/cirros-0.4.0-x86_64-disk.img" } }, "contexts": { "users": { "tenants": 3, "users_per_tenant": 2 } }, "runner": { "constant": { "concurrency": 4, "times": 10 } }, "hooks": [], "sla": { "failure_rate": { "max": 0 } } } ] }
2020-04-10 09:04:47.279 725 RALLYDEBUG rally_openstack.contexts.keystone.users [-] Creating 3 tenants using 20 threads
2020-04-10 09:04:47.881 725 RALLYDEBUG rally_openstack.contexts.keystone.users [-] Creating 6 users using 20 threads
2020-04-10 09:04:49.094 725 INFO rally.task.context [-] Task de9e35ad-67fd-45ca-a07a-e3681873e25f | Context users@openstack setup() finished in 1.81 sec
2020-04-10 09:04:49.094 725 INFO rally.task.context [-] Task de9e35ad-67fd-45ca-a07a-e3681873e25f | Context cleanup@openstack setup() finished in 0.01 msec
2020-04-10 09:04:49.104 725 RALLYDEBUG rally.task.runner [-] Starting the constant runner (task UUID: de9e35ad-67fd-45ca-a07a-e3681873e25f). timeout: 0 concurrency: 4 concurrency_per_worker: 1 times: 10 concurrency_overhead: 0 processes_to_start: 4 max_cpu_used: 88
2020-04-10 09:04:49.118 1633 RALLYDEBUG rally.task.runner [-] Starting a worker. concurrency: 1 args: {"container_format": "bare", "disk_format": "qcow2", "image_location": "/home/opnfv/functest/images/cirros-0.4.0-x86_64-disk.img"} times: 10 method_name: run timeout: 0 duration: None cls:
2020-04-10 09:04:49.121 1634 RALLYDEBUG rally.task.runner [-] Starting a worker. concurrency: 1 args: {"container_format": "bare", "disk_format": "qcow2", "image_location": "/home/opnfv/functest/images/cirros-0.4.0-x86_64-disk.img"} times: 10 method_name: run timeout: 0 duration: None cls:
2020-04-10 09:04:49.124 1635 RALLYDEBUG rally.task.runner [-] Starting a worker. concurrency: 1 args: {"container_format": "bare", "disk_format": "qcow2", "image_location": "/home/opnfv/functest/images/cirros-0.4.0-x86_64-disk.img"} times: 10 method_name: run timeout: 0 duration: None cls:
2020-04-10 09:04:49.125 1633 INFO rally.task.runner [-] Task de9e35ad-67fd-45ca-a07a-e3681873e25f | ITER: 1 START
2020-04-10 09:04:49.127 1636 RALLYDEBUG rally.task.runner [-] Starting a worker. concurrency: 1 args: {"container_format": "bare", "disk_format": "qcow2", "image_location": "/home/opnfv/functest/images/cirros-0.4.0-x86_64-disk.img"} times: 10 method_name: run timeout: 0 duration: None cls:
2020-04-10 09:04:49.128 1634 INFO rally.task.runner [-] Task de9e35ad-67fd-45ca-a07a-e3681873e25f | ITER: 2 START
2020-04-10 09:04:49.131 1635 INFO rally.task.runner [-] Task de9e35ad-67fd-45ca-a07a-e3681873e25f | ITER: 3 START
2020-04-10 09:04:49.135 1636 INFO rally.task.runner [-] Task de9e35ad-67fd-45ca-a07a-e3681873e25f | ITER: 4 START
2020-04-10 09:04:51.844 1633 RALLYDEBUG rally.task.utils [-] Waiting for resource u'ca5f48b8-c3f4-4cd7-9d38-13a084ff9a6a'. Status changed: NONE => QUEUED in 0.0921051502228
2020-04-10 09:04:51.851 1634 RALLYDEBUG rally.task.utils [-] Waiting for resource u'50e99339-a102-4595-8765-35f5c4fe9cd8'. Status changed: NONE => QUEUED in 0.0951340198517
2020-04-10 09:04:51.949 1635 RALLYDEBUG rally.task.utils [-] Waiting for resource u'5ffedde0-41e6-447c-93ce-54b99b6c548b'. Status changed: NONE => QUEUED in 0.129549980164
2020-04-10 09:04:52.014 1636 RALLYDEBUG rally.task.utils [-] Waiting for resource u'02ab51c2-b2e3-4d39-86d8-3fb2c5c41489'. Status changed: NONE => QUEUED in 0.0786509513855
2020-04-10 09:04:53.669 1633 RALLYDEBUG rally.task.utils [-] Waiting for resource s_rally_1a54cf9d_ni5oxer7. Status changed: QUEUED => ACTIVE in 0.0357751846313
2020-04-10 09:04:53.704 1633 INFO rally.task.runner [-] Task de9e35ad-67fd-45ca-a07a-e3681873e25f | ITER: 1 END: OK
2020-04-10 09:04:53.710 1633 INFO rally.task.runner [-] Task de9e35ad-67fd-45ca-a07a-e3681873e25f | ITER: 5 START
2020-04-10 09:04:55.169 1636 RALLYDEBUG rally.task.utils [-] Waiting for resource s_rally_1a54cf9d_EcnpOLCo. Status changed: QUEUED => ACTIVE in 0.0410499572754
2020-04-10 09:04:55.204 1635 RALLYDEBUG rally.task.utils [-] Waiting for resource s_rally_1a54cf9d_q2zA7iSz. Status changed: QUEUED => ACTIVE in 0.0360748767853
2020-04-10 09:04:55.205 1636 INFO rally.task.runner [-] Task de9e35ad-67fd-45ca-a07a-e3681873e25f | ITER: 4 END: OK
2020-04-10 09:04:55.210 1636 INFO rally.task.runner [-] Task de9e35ad-67fd-45ca-a07a-e3681873e25f | ITER: 6 START
2020-04-10 09:04:55.235 1635 INFO rally.task.runner [-] Task de9e35ad-67fd-45ca-a07a-e3681873e25f | ITER: 3 END: OK
2020-04-10 09:04:55.240 1635 INFO rally.task.runner [-] Task de9e35ad-67fd-45ca-a07a-e3681873e25f | ITER: 7 START
2020-04-10 09:04:55.834 1634 RALLYDEBUG rally.task.utils [-] Waiting for resource s_rally_1a54cf9d_TtYuPySj. Status changed: QUEUED => ACTIVE in 0.0392611026764
2020-04-10 09:04:55.881 1634 INFO rally.task.runner [-] Task de9e35ad-67fd-45ca-a07a-e3681873e25f | ITER: 2 END: OK
2020-04-10 09:04:55.886 1634 INFO rally.task.runner [-] Task de9e35ad-67fd-45ca-a07a-e3681873e25f | ITER: 8 START
2020-04-10 09:04:56.861 1633 RALLYDEBUG rally.task.utils [-] Waiting for resource u'af9cd3a3-a4d0-4caf-8ffc-7132fdf052be'. Status changed: NONE => QUEUED in 0.0694990158081
2020-04-10 09:04:57.827 1633 RALLYDEBUG rally.task.utils [-] Waiting for resource s_rally_1a54cf9d_h4jempZK. Status changed: QUEUED => ACTIVE in 0.0442028045654
2020-04-10 09:04:57.873 1633 INFO rally.task.runner [-] Task de9e35ad-67fd-45ca-a07a-e3681873e25f | ITER: 5 END: OK
2020-04-10 09:04:57.878 1633 INFO rally.task.runner [-] Task de9e35ad-67fd-45ca-a07a-e3681873e25f | ITER: 9 START
2020-04-10 09:04:58.031 1636 RALLYDEBUG rally.task.utils [-] Waiting for resource u'ce480fec-afba-43dd-b69e-266c017379a9'. Status changed: NONE => QUEUED in 0.0674810409546
2020-04-10 09:04:58.058 1635 RALLYDEBUG rally.task.utils [-] Waiting for resource u'8c83e0f5-d4cf-4d25-a178-6e4b3c609077'. Status changed: NONE => QUEUED in 0.0809299945831
2020-04-10 09:04:58.452 1634 RALLYDEBUG rally.task.utils [-] Waiting for resource u'c3f8b2f0-aa85-4584-950b-0acb91b9b901'. Status changed: NONE => QUEUED in 0.0628740787506
2020-04-10 09:04:59.111 1636 RALLYDEBUG rally.task.utils [-] Waiting for resource s_rally_1a54cf9d_lM5s6YAY. Status changed: QUEUED => ACTIVE in 0.0485401153564
2020-04-10 09:04:59.155 1636 INFO rally.task.runner [-] Task de9e35ad-67fd-45ca-a07a-e3681873e25f | ITER: 6 END: OK
2020-04-10 09:04:59.156 1635 RALLYDEBUG rally.task.utils [-] Waiting for resource s_rally_1a54cf9d_HG1irvF8. Status changed: QUEUED => ACTIVE in 0.0409460067749
2020-04-10 09:04:59.160 1636 INFO rally.task.runner [-] Task de9e35ad-67fd-45ca-a07a-e3681873e25f | ITER: 10 START
2020-04-10 09:04:59.201 1635 INFO rally.task.runner [-] Task de9e35ad-67fd-45ca-a07a-e3681873e25f | ITER: 7 END: OK
2020-04-10 09:04:59.473 1634 RALLYDEBUG rally.task.utils [-] Waiting for resource s_rally_1a54cf9d_RR2eXlQc. Status changed: QUEUED => ACTIVE in 0.0415408611298
2020-04-10 09:04:59.514 1634 INFO rally.task.runner [-] Task de9e35ad-67fd-45ca-a07a-e3681873e25f | ITER: 8 END: OK
2020-04-10 09:05:00.397 1633 RALLYDEBUG rally.task.utils [-] Waiting for resource u'3c469583-bd4b-457e-8a22-2a144346903d'. Status changed: NONE => QUEUED in 0.0702750682831
2020-04-10 09:05:01.360 1633 RALLYDEBUG rally.task.utils [-] Waiting for resource s_rally_1a54cf9d_lKzDJV9i. Status changed: QUEUED => ACTIVE in 0.0420978069305
2020-04-10 09:05:01.399 1633 INFO rally.task.runner [-] Task de9e35ad-67fd-45ca-a07a-e3681873e25f | ITER: 9 END: OK
2020-04-10 09:05:01.764 1636 RALLYDEBUG rally.task.utils [-] Waiting for resource u'e48ec592-d822-4d03-9215-f926d35c6eaa'. Status changed: NONE => QUEUED in 0.0679569244385
2020-04-10 09:05:02.900 1636 RALLYDEBUG rally.task.utils [-] Waiting for resource s_rally_1a54cf9d_VdcbCHqU. Status changed: QUEUED => ACTIVE in 0.0483479499817
2020-04-10 09:05:02.944 1636 INFO rally.task.runner [-] Task de9e35ad-67fd-45ca-a07a-e3681873e25f | ITER: 10 END: OK
2020-04-10 09:05:02.965 725 INFO rally.task.context [-] Task de9e35ad-67fd-45ca-a07a-e3681873e25f | Context cleanup@openstack cleanup() started
2020-04-10 09:05:02.968 725 RALLYDEBUG rally_openstack.cleanup.manager [-] Cleaning up glance images objects
2020-04-10 09:05:04.138 725 RALLYDEBUG rally_openstack.cleanup.manager [-] Deleting glance.images object s_rally_1a54cf9d_HG1irvF8 (8c83e0f5-d4cf-4d25-a178-6e4b3c609077)
2020-04-10 09:05:04.142 725 RALLYDEBUG rally_openstack.cleanup.manager [-] Deleting glance.images object s_rally_1a54cf9d_ni5oxer7 (ca5f48b8-c3f4-4cd7-9d38-13a084ff9a6a)
2020-04-10 09:05:04.146 725 RALLYDEBUG rally_openstack.cleanup.manager [-] Deleting glance.images object s_rally_1a54cf9d_h4jempZK (af9cd3a3-a4d0-4caf-8ffc-7132fdf052be)
2020-04-10 09:05:04.147 725 RALLYDEBUG rally_openstack.cleanup.manager [-] Deleting glance.images object s_rally_1a54cf9d_RR2eXlQc (c3f8b2f0-aa85-4584-950b-0acb91b9b901)
2020-04-10 09:05:04.151 725 RALLYDEBUG rally_openstack.cleanup.manager [-] Deleting glance.images object s_rally_1a54cf9d_TtYuPySj (50e99339-a102-4595-8765-35f5c4fe9cd8)
2020-04-10 09:05:04.159 725 RALLYDEBUG rally_openstack.cleanup.manager [-] Deleting glance.images object s_rally_1a54cf9d_lKzDJV9i (3c469583-bd4b-457e-8a22-2a144346903d)
2020-04-10 09:05:04.167 725 RALLYDEBUG rally_openstack.cleanup.manager [-] Deleting glance.images object s_rally_1a54cf9d_lM5s6YAY (ce480fec-afba-43dd-b69e-266c017379a9)
2020-04-10 09:05:04.188 725 RALLYDEBUG rally_openstack.cleanup.manager [-] Deleting glance.images object s_rally_1a54cf9d_q2zA7iSz (5ffedde0-41e6-447c-93ce-54b99b6c548b)
2020-04-10 09:05:04.210 725 RALLYDEBUG rally_openstack.cleanup.manager [-] Deleting glance.images object s_rally_1a54cf9d_EcnpOLCo (02ab51c2-b2e3-4d39-86d8-3fb2c5c41489)
2020-04-10 09:05:04.244 725 RALLYDEBUG rally_openstack.cleanup.manager [-] Deleting glance.images object s_rally_1a54cf9d_VdcbCHqU (e48ec592-d822-4d03-9215-f926d35c6eaa)
2020-04-10 09:05:05.308 725 DEBUG glanceclient.common.http [-] Request returned failure status 404. _handle_response /usr/lib/python2.7/site-packages/glanceclient/common/http.py:125
2020-04-10 09:05:05.355 725 DEBUG glanceclient.common.http [-] Request returned failure status 404. _handle_response /usr/lib/python2.7/site-packages/glanceclient/common/http.py:125
2020-04-10 09:05:05.585 725 DEBUG glanceclient.common.http [-] Request returned failure status 404. _handle_response /usr/lib/python2.7/site-packages/glanceclient/common/http.py:125
2020-04-10 09:05:05.619 725 DEBUG glanceclient.common.http [-] Request returned failure status 404. _handle_response /usr/lib/python2.7/site-packages/glanceclient/common/http.py:125
2020-04-10 09:05:05.630 725 DEBUG glanceclient.common.http [-] Request returned failure status 404. _handle_response /usr/lib/python2.7/site-packages/glanceclient/common/http.py:125
2020-04-10 09:05:05.647 725 DEBUG glanceclient.common.http [-] Request returned failure status 404. _handle_response /usr/lib/python2.7/site-packages/glanceclient/common/http.py:125
2020-04-10 09:05:05.693 725 DEBUG glanceclient.common.http [-] Request returned failure status 404. _handle_response /usr/lib/python2.7/site-packages/glanceclient/common/http.py:125
2020-04-10 09:05:05.723 725 DEBUG glanceclient.common.http [-] Request returned failure status 404. _handle_response /usr/lib/python2.7/site-packages/glanceclient/common/http.py:125
2020-04-10 09:05:05.728 725 DEBUG glanceclient.common.http [-] Request returned failure status 404. _handle_response /usr/lib/python2.7/site-packages/glanceclient/common/http.py:125
2020-04-10 09:05:05.792 725 DEBUG glanceclient.common.http [-] Request returned failure status 404. _handle_response /usr/lib/python2.7/site-packages/glanceclient/common/http.py:125
2020-04-10 09:05:05.795 725 DEBUG glanceclient.common.http [-] Request returned failure status 404. _handle_response /usr/lib/python2.7/site-packages/glanceclient/common/http.py:125
2020-04-10 09:05:05.797 725 DEBUG glanceclient.common.http [-] Request returned failure status 404. _handle_response /usr/lib/python2.7/site-packages/glanceclient/common/http.py:125
2020-04-10 09:05:05.808 725 DEBUG glanceclient.common.http [-] Request returned failure status 404. _handle_response /usr/lib/python2.7/site-packages/glanceclient/common/http.py:125
2020-04-10 09:05:05.809 725 DEBUG glanceclient.common.http [-] Request returned failure status 404. _handle_response /usr/lib/python2.7/site-packages/glanceclient/common/http.py:125
2020-04-10 09:05:05.842 725 DEBUG glanceclient.common.http [-] Request returned failure status 404. _handle_response /usr/lib/python2.7/site-packages/glanceclient/common/http.py:125
2020-04-10 09:05:05.854 725 DEBUG glanceclient.common.http [-] Request returned failure status 404. _handle_response /usr/lib/python2.7/site-packages/glanceclient/common/http.py:125
2020-04-10 09:05:05.856 725 DEBUG glanceclient.common.http [-] Request returned failure status 404. _handle_response /usr/lib/python2.7/site-packages/glanceclient/common/http.py:125
