2020-03-08 22:35:04.215 15 INFO rally.task.context [-] Task 292c560a-1dd2-413e-8e85-9dab898c6bbe | Context users@openstack cleanup() finished in 2.21 sec
2020-03-08 22:35:04.611 15 INFO rally.task.engine [-] Load duration is: 93.991571
2020-03-08 22:35:04.612 15 INFO rally.task.engine [-] Full runner duration is: 94.039913
2020-03-08 22:35:04.612 15 INFO rally.task.engine [-] Full duration is: 146.221882
2020-03-08 22:35:04.722 15 INFO rally.task.engine [-] Running workload: position = 2 config = { "version": 2, "title": "A cropped version of a bigger task.", "description": "Auto-generated task from a single workload (uuid=4cdb639f-be24-4ecc-b74c-afb5795ada09)", "subtasks": [ { "title": "NeutronNetworks.create_and_delete_subnets", "description": "Create and delete a given number of subnets.", "scenario": { "NeutronNetworks.create_and_delete_subnets": { "network_create_args": {}, "subnet_create_args": {}, "subnet_cidr_start": "1.1.0.0/30", "subnets_per_network": 2 } }, "contexts": { "users": { "tenants": 1, "users_per_tenant": 1 }, "quotas": { "neutron": { "network": -1, "subnet": -1 } } }, "runner": { "constant": { "times": 40, "concurrency": 20 } }, "hooks": [], "sla": { "failure_rate": { "max": 0 } } } ] }
2020-03-08 22:35:04.746 15 RALLYDEBUG rally_openstack.contexts.keystone.users [-] Creating 1 tenants using 20 threads
2020-03-08 22:35:05.047 15 RALLYDEBUG rally_openstack.contexts.keystone.users [-] Creating 1 users using 20 threads
2020-03-08 22:35:05.546 15 INFO rally.task.context [-] Task 292c560a-1dd2-413e-8e85-9dab898c6bbe | Context users@openstack setup() finished in 0.80 sec
2020-03-08 22:35:06.463 15 INFO rally.task.context [-] Task 292c560a-1dd2-413e-8e85-9dab898c6bbe | Context quotas@openstack setup() finished in 0.92 sec
2020-03-08 22:35:06.463 15 INFO rally.task.context [-] Task 292c560a-1dd2-413e-8e85-9dab898c6bbe | Context cleanup@openstack setup() finished in 0.00 msec
2020-03-08 22:35:06.472 15 RALLYDEBUG rally.task.runner [-] Starting the constant runner (task UUID: 292c560a-1dd2-413e-8e85-9dab898c6bbe). timeout: 0 concurrency: 20 concurrency_per_worker: 1 times: 40 concurrency_overhead: 0 processes_to_start: 20 max_cpu_used: 88
2020-03-08 22:35:06.486 2269 RALLYDEBUG rally.task.runner [-] Starting a worker. concurrency: 1 args: {"network_create_args": {}, "subnet_create_args": {}, "subnet_cidr_start": "1.1.0.0/30", "subnets_per_network": 2} times: 40 method_name: run timeout: 0 duration: None cls:
2020-03-08 22:35:06.490 2270 RALLYDEBUG rally.task.runner [-] Starting a worker. concurrency: 1 args: {"network_create_args": {}, "subnet_create_args": {}, "subnet_cidr_start": "1.1.0.0/30", "subnets_per_network": 2} times: 40 method_name: run timeout: 0 duration: None cls:
2020-03-08 22:35:06.496 2272 RALLYDEBUG rally.task.runner [-] Starting a worker. concurrency: 1 args: {"network_create_args": {}, "subnet_create_args": {}, "subnet_cidr_start": "1.1.0.0/30", "subnets_per_network": 2} times: 40 method_name: run timeout: 0 duration: None cls:
2020-03-08 22:35:06.497 2269 INFO rally.task.runner [-] Task 292c560a-1dd2-413e-8e85-9dab898c6bbe | ITER: 1 START
2020-03-08 22:35:06.497 2270 INFO rally.task.runner [-] Task 292c560a-1dd2-413e-8e85-9dab898c6bbe | ITER: 2 START
2020-03-08 22:35:06.498 2269 WARNING rally_openstack.scenarios.neutron.utils [-] Running this scenario without either the 'network' or 'existing_network' context is deprecated
2020-03-08 22:35:06.498 2270 WARNING rally_openstack.scenarios.neutron.utils [-] Running this scenario without either the 'network' or 'existing_network' context is deprecated
2020-03-08 22:35:06.499 2271 RALLYDEBUG rally.task.runner [-] Starting a worker. concurrency: 1 args: {"network_create_args": {}, "subnet_create_args": {}, "subnet_cidr_start": "1.1.0.0/30", "subnets_per_network": 2} times: 40 method_name: run timeout: 0 duration: None cls:
2020-03-08 22:35:06.499 2273 RALLYDEBUG rally.task.runner [-] Starting a worker. concurrency: 1 args: {"network_create_args": {}, "subnet_create_args": {}, "subnet_cidr_start": "1.1.0.0/30", "subnets_per_network": 2} times: 40 method_name: run timeout: 0 duration: None cls:
2020-03-08 22:35:06.502 2272 INFO rally.task.runner [-] Task 292c560a-1dd2-413e-8e85-9dab898c6bbe | ITER: 3 START
2020-03-08 22:35:06.502 2275 RALLYDEBUG rally.task.runner [-] Starting a worker. concurrency: 1 args: {"network_create_args": {}, "subnet_create_args": {}, "subnet_cidr_start": "1.1.0.0/30", "subnets_per_network": 2} times: 40 method_name: run timeout: 0 duration: None cls:
2020-03-08 22:35:06.503 2272 WARNING rally_openstack.scenarios.neutron.utils [-] Running this scenario without either the 'network' or 'existing_network' context is deprecated
2020-03-08 22:35:06.505 2271 INFO rally.task.runner [-] Task 292c560a-1dd2-413e-8e85-9dab898c6bbe | ITER: 4 START
2020-03-08 22:35:06.506 2271 WARNING rally_openstack.scenarios.neutron.utils [-] Running this scenario without either the 'network' or 'existing_network' context is deprecated
2020-03-08 22:35:06.506 2279 RALLYDEBUG rally.task.runner [-] Starting a worker. concurrency: 1 args: {"network_create_args": {}, "subnet_create_args": {}, "subnet_cidr_start": "1.1.0.0/30", "subnets_per_network": 2} times: 40 method_name: run timeout: 0 duration: None cls:
2020-03-08 22:35:06.508 2273 INFO rally.task.runner [-] Task 292c560a-1dd2-413e-8e85-9dab898c6bbe | ITER: 5 START
2020-03-08 22:35:06.508 2275 INFO rally.task.runner [-] Task 292c560a-1dd2-413e-8e85-9dab898c6bbe | ITER: 6 START
2020-03-08 22:35:06.509 2273 WARNING rally_openstack.scenarios.neutron.utils [-] Running this scenario without either the 'network' or 'existing_network' context is deprecated
2020-03-08 22:35:06.509 2275 WARNING rally_openstack.scenarios.neutron.utils [-] Running this scenario without either the 'network' or 'existing_network' context is deprecated
2020-03-08 22:35:06.509 2281 RALLYDEBUG rally.task.runner [-] Starting a worker. concurrency: 1 args: {"network_create_args": {}, "subnet_create_args": {}, "subnet_cidr_start": "1.1.0.0/30", "subnets_per_network": 2} times: 40 method_name: run timeout: 0 duration: None cls:
2020-03-08 22:35:06.512 2279 INFO rally.task.runner [-] Task 292c560a-1dd2-413e-8e85-9dab898c6bbe | ITER: 7 START
2020-03-08 22:35:06.512 2285 RALLYDEBUG rally.task.runner [-] Starting a worker. concurrency: 1 args: {"network_create_args": {}, "subnet_create_args": {}, "subnet_cidr_start": "1.1.0.0/30", "subnets_per_network": 2} times: 40 method_name: run timeout: 0 duration: None cls:
2020-03-08 22:35:06.513 2279 WARNING rally_openstack.scenarios.neutron.utils [-] Running this scenario without either the 'network' or 'existing_network' context is deprecated
2020-03-08 22:35:06.515 2281 INFO rally.task.runner [-] Task 292c560a-1dd2-413e-8e85-9dab898c6bbe | ITER: 8 START
2020-03-08 22:35:06.515 2289 RALLYDEBUG rally.task.runner [-] Starting a worker. concurrency: 1 args: {"network_create_args": {}, "subnet_create_args": {}, "subnet_cidr_start": "1.1.0.0/30", "subnets_per_network": 2} times: 40 method_name: run timeout: 0 duration: None cls:
2020-03-08 22:35:06.516 2281 WARNING rally_openstack.scenarios.neutron.utils [-] Running this scenario without either the 'network' or 'existing_network' context is deprecated
2020-03-08 22:35:06.518 2285 INFO rally.task.runner [-] Task 292c560a-1dd2-413e-8e85-9dab898c6bbe | ITER: 9 START
2020-03-08 22:35:06.518 2292 RALLYDEBUG rally.task.runner [-] Starting a worker. concurrency: 1 args: {"network_create_args": {}, "subnet_create_args": {}, "subnet_cidr_start": "1.1.0.0/30", "subnets_per_network": 2} times: 40 method_name: run timeout: 0 duration: None cls:
2020-03-08 22:35:06.519 2285 WARNING rally_openstack.scenarios.neutron.utils [-] Running this scenario without either the 'network' or 'existing_network' context is deprecated
2020-03-08 22:35:06.521 2289 INFO rally.task.runner [-] Task 292c560a-1dd2-413e-8e85-9dab898c6bbe | ITER: 10 START
2020-03-08 22:35:06.522 2289 WARNING rally_openstack.scenarios.neutron.utils [-] Running this scenario without either the 'network' or 'existing_network' context is deprecated
2020-03-08 22:35:06.521 2295 RALLYDEBUG rally.task.runner [-] Starting a worker. concurrency: 1 args: {"network_create_args": {}, "subnet_create_args": {}, "subnet_cidr_start": "1.1.0.0/30", "subnets_per_network": 2} times: 40 method_name: run timeout: 0 duration: None cls:
2020-03-08 22:35:06.523 2292 INFO rally.task.runner [-] Task 292c560a-1dd2-413e-8e85-9dab898c6bbe | ITER: 11 START
2020-03-08 22:35:06.524 2292 WARNING rally_openstack.scenarios.neutron.utils [-] Running this scenario without either the 'network' or 'existing_network' context is deprecated
2020-03-08 22:35:06.525 2299 RALLYDEBUG rally.task.runner [-] Starting a worker. concurrency: 1 args: {"network_create_args": {}, "subnet_create_args": {}, "subnet_cidr_start": "1.1.0.0/30", "subnets_per_network": 2} times: 40 method_name: run timeout: 0 duration: None cls:
2020-03-08 22:35:06.527 2295 INFO rally.task.runner [-] Task 292c560a-1dd2-413e-8e85-9dab898c6bbe | ITER: 12 START
2020-03-08 22:35:06.529 2295 WARNING rally_openstack.scenarios.neutron.utils [-] Running this scenario without either the 'network' or 'existing_network' context is deprecated
2020-03-08 22:35:06.529 2302 RALLYDEBUG rally.task.runner [-] Starting a worker. concurrency: 1 args: {"network_create_args": {}, "subnet_create_args": {}, "subnet_cidr_start": "1.1.0.0/30", "subnets_per_network": 2} times: 40 method_name: run timeout: 0 duration: None cls:
2020-03-08 22:35:06.533 2299 INFO rally.task.runner [-] Task 292c560a-1dd2-413e-8e85-9dab898c6bbe | ITER: 13 START
2020-03-08 22:35:06.534 2299 WARNING rally_openstack.scenarios.neutron.utils [-] Running this scenario without either the 'network' or 'existing_network' context is deprecated
2020-03-08 22:35:06.534 2305 RALLYDEBUG rally.task.runner [-] Starting a worker. concurrency: 1 args: {"network_create_args": {}, "subnet_create_args": {}, "subnet_cidr_start": "1.1.0.0/30", "subnets_per_network": 2} times: 40 method_name: run timeout: 0 duration: None cls:
2020-03-08 22:35:06.536 2302 INFO rally.task.runner [-] Task 292c560a-1dd2-413e-8e85-9dab898c6bbe | ITER: 14 START
2020-03-08 22:35:06.536 2308 RALLYDEBUG rally.task.runner [-] Starting a worker. concurrency: 1 args: {"network_create_args": {}, "subnet_create_args": {}, "subnet_cidr_start": "1.1.0.0/30", "subnets_per_network": 2} times: 40 method_name: run timeout: 0 duration: None cls:
2020-03-08 22:35:06.537 2302 WARNING rally_openstack.scenarios.neutron.utils [-] Running this scenario without either the 'network' or 'existing_network' context is deprecated
2020-03-08 22:35:06.539 2305 INFO rally.task.runner [-] Task 292c560a-1dd2-413e-8e85-9dab898c6bbe | ITER: 15 START
2020-03-08 22:35:06.540 2305 WARNING rally_openstack.scenarios.neutron.utils [-] Running this scenario without either the 'network' or 'existing_network' context is deprecated
2020-03-08 22:35:06.541 2308 INFO rally.task.runner [-] Task 292c560a-1dd2-413e-8e85-9dab898c6bbe | ITER: 16 START
2020-03-08 22:35:06.543 2308 WARNING rally_openstack.scenarios.neutron.utils [-] Running this scenario without either the 'network' or 'existing_network' context is deprecated
2020-03-08 22:35:06.543 2311 RALLYDEBUG rally.task.runner [-] Starting a worker. concurrency: 1 args: {"network_create_args": {}, "subnet_create_args": {}, "subnet_cidr_start": "1.1.0.0/30", "subnets_per_network": 2} times: 40 method_name: run timeout: 0 duration: None cls:
2020-03-08 22:35:06.543 2314 RALLYDEBUG rally.task.runner [-] Starting a worker. concurrency: 1 args: {"network_create_args": {}, "subnet_create_args": {}, "subnet_cidr_start": "1.1.0.0/30", "subnets_per_network": 2} times: 40 method_name: run timeout: 0 duration: None cls:
2020-03-08 22:35:06.545 2315 RALLYDEBUG rally.task.runner [-] Starting a worker. concurrency: 1 args: {"network_create_args": {}, "subnet_create_args": {}, "subnet_cidr_start": "1.1.0.0/30", "subnets_per_network": 2} times: 40 method_name: run timeout: 0 duration: None cls:
2020-03-08 22:35:06.547 2320 RALLYDEBUG rally.task.runner [-] Starting a worker. concurrency: 1 args: {"network_create_args": {}, "subnet_create_args": {}, "subnet_cidr_start": "1.1.0.0/30", "subnets_per_network": 2} times: 40 method_name: run timeout: 0 duration: None cls:
2020-03-08 22:35:06.549 2311 INFO rally.task.runner [-] Task 292c560a-1dd2-413e-8e85-9dab898c6bbe | ITER: 17 START
2020-03-08 22:35:06.549 2314 INFO rally.task.runner [-] Task 292c560a-1dd2-413e-8e85-9dab898c6bbe | ITER: 18 START
2020-03-08 22:35:06.550 2311 WARNING rally_openstack.scenarios.neutron.utils [-] Running this scenario without either the 'network' or 'existing_network' context is deprecated
2020-03-08 22:35:06.550 2314 WARNING rally_openstack.scenarios.neutron.utils [-] Running this scenario without either the 'network' or 'existing_network' context is deprecated
2020-03-08 22:35:06.551 2315 INFO rally.task.runner [-] Task 292c560a-1dd2-413e-8e85-9dab898c6bbe | ITER: 19 START
2020-03-08 22:35:06.552 2315 WARNING rally_openstack.scenarios.neutron.utils [-] Running this scenario without either the 'network' or 'existing_network' context is deprecated
2020-03-08 22:35:06.553 2320 INFO rally.task.runner [-] Task 292c560a-1dd2-413e-8e85-9dab898c6bbe | ITER: 20 START
2020-03-08 22:35:06.554 2320 WARNING rally_openstack.scenarios.neutron.utils [-] Running this scenario without either the 'network' or 'existing_network' context is deprecated
2020-03-08 22:35:08.639 2271 RALLYDEBUG rally_openstack.wrappers.network [-] CIDR generated: 1.1.4.96/30
2020-03-08 22:35:08.896 2308 RALLYDEBUG rally_openstack.wrappers.network [-] CIDR generated: 1.1.4.100/30
2020-03-08 22:35:08.908 2292 RALLYDEBUG rally_openstack.wrappers.network [-] CIDR generated: 1.1.4.104/30
2020-03-08 22:35:08.991 2279 RALLYDEBUG rally_openstack.wrappers.network [-] CIDR generated: 1.1.4.108/30
2020-03-08 22:35:09.014 2315 RALLYDEBUG rally_openstack.wrappers.network [-] CIDR generated: 1.1.4.112/30
2020-03-08 22:35:09.079 2289 RALLYDEBUG rally_openstack.wrappers.network [-] CIDR generated: 1.1.4.116/30
2020-03-08 22:35:09.232 2281 RALLYDEBUG rally_openstack.wrappers.network [-] CIDR generated: 1.1.4.120/30
2020-03-08 22:35:09.237 2320 RALLYDEBUG rally_openstack.wrappers.network [-] CIDR generated: 1.1.4.124/30
2020-03-08 22:35:09.293 2299 RALLYDEBUG rally_openstack.wrappers.network [-] CIDR generated: 1.1.4.128/30
2020-03-08 22:35:09.302 2269 RALLYDEBUG rally_openstack.wrappers.network [-] CIDR generated: 1.1.4.132/30
2020-03-08 22:35:09.594 2311 RALLYDEBUG rally_openstack.wrappers.network [-] CIDR generated: 1.1.4.136/30
2020-03-08 22:35:09.762 2314 RALLYDEBUG rally_openstack.wrappers.network [-] CIDR generated: 1.1.4.140/30
2020-03-08 22:35:11.415 2275 RALLYDEBUG rally_openstack.wrappers.network [-] CIDR generated: 1.1.4.144/30
2020-03-08 22:35:11.429 2305 RALLYDEBUG rally_openstack.wrappers.network [-] CIDR generated: 1.1.4.148/30
2020-03-08 22:35:11.867 2302 RALLYDEBUG rally_openstack.wrappers.network [-] CIDR generated: 1.1.4.152/30
2020-03-08 22:35:11.917 2270 RALLYDEBUG rally_openstack.wrappers.network [-] CIDR generated: 1.1.4.156/30
2020-03-08 22:35:11.933 2295 RALLYDEBUG rally_openstack.wrappers.network [-] CIDR generated: 1.1.4.160/30
2020-03-08 22:35:12.066 2272 RALLYDEBUG rally_openstack.wrappers.network [-] CIDR generated: 1.1.4.164/30
2020-03-08 22:35:12.078 2273 RALLYDEBUG rally_openstack.wrappers.network [-] CIDR generated: 1.1.4.168/30
2020-03-08 22:35:12.096 2285 RALLYDEBUG rally_openstack.wrappers.network [-] CIDR generated: 1.1.4.172/30
2020-03-08 22:35:14.929 2308 RALLYDEBUG rally_openstack.wrappers.network [-] CIDR generated: 1.1.4.176/30
2020-03-08 22:35:15.117 2271 RALLYDEBUG rally_openstack.wrappers.network [-] CIDR generated: 1.1.4.180/30
2020-03-08 22:35:15.195 2292 RALLYDEBUG rally_openstack.wrappers.network [-] CIDR generated: 1.1.4.184/30
2020-03-08 22:35:15.308 2281 RALLYDEBUG rally_openstack.wrappers.network [-] CIDR generated: 1.1.4.188/30
2020-03-08 22:35:15.582 2299 RALLYDEBUG rally_openstack.wrappers.network [-] CIDR generated: 1.1.4.192/30
2020-03-08 22:35:16.118 2315 RALLYDEBUG rally_openstack.wrappers.network [-] CIDR generated: 1.1.4.196/30
2020-03-08 22:35:16.384 2269 RALLYDEBUG rally_openstack.wrappers.network [-] CIDR generated: 1.1.4.200/30
2020-03-08 22:35:16.668 2289 RALLYDEBUG rally_openstack.wrappers.network [-] CIDR generated: 1.1.4.204/30
2020-03-08 22:35:17.097 2314 RALLYDEBUG rally_openstack.wrappers.network [-] CIDR generated: 1.1.4.208/30
2020-03-08 22:35:17.119 2320 RALLYDEBUG rally_openstack.wrappers.network [-] CIDR generated: 1.1.4.212/30
2020-03-08 22:35:19.674 2311 RALLYDEBUG rally_openstack.wrappers.network [-] CIDR generated: 1.1.4.216/30
2020-03-08 22:35:20.355 2302 RALLYDEBUG rally_openstack.wrappers.network [-] CIDR generated: 1.1.4.220/30
2020-03-08 22:35:20.357 2279 RALLYDEBUG rally_openstack.wrappers.network [-] CIDR generated: 1.1.4.224/30
2020-03-08 22:35:20.398 2270 RALLYDEBUG rally_openstack.wrappers.network [-] CIDR generated: 1.1.4.228/30
2020-03-08 22:35:20.475 2275 RALLYDEBUG rally_openstack.wrappers.network [-] CIDR generated: 1.1.4.232/30
2020-03-08 22:35:20.531 2295 RALLYDEBUG rally_openstack.wrappers.network [-] CIDR generated: 1.1.4.236/30
2020-03-08 22:35:20.571 2273 RALLYDEBUG rally_openstack.wrappers.network [-] CIDR generated: 1.1.4.240/30
2020-03-08 22:35:20.582 2305 RALLYDEBUG rally_openstack.wrappers.network [-] CIDR generated: 1.1.4.244/30
2020-03-08 22:35:20.594 2272 RALLYDEBUG rally_openstack.wrappers.network [-] CIDR generated: 1.1.4.248/30
2020-03-08 22:35:20.609 2285 RALLYDEBUG rally_openstack.wrappers.network [-] CIDR generated: 1.1.4.252/30
2020-03-08 22:35:21.034 2271 INFO rally.task.runner [-] Task 292c560a-1dd2-413e-8e85-9dab898c6bbe | ITER: 4 END: OK
2020-03-08 22:35:21.039 2271 INFO rally.task.runner [-] Task 292c560a-1dd2-413e-8e85-9dab898c6bbe | ITER: 21 START
2020-03-08 22:35:21.040 2271 WARNING rally_openstack.scenarios.neutron.utils [-] Running this scenario without either the 'network' or 'existing_network' context is deprecated
2020-03-08 22:35:21.561 2308 INFO rally.task.runner [-] Task 292c560a-1dd2-413e-8e85-9dab898c6bbe | ITER: 16 END: OK
2020-03-08 22:35:21.566 2308 INFO rally.task.runner [-] Task 292c560a-1dd2-413e-8e85-9dab898c6bbe | ITER: 22 START
2020-03-08 22:35:21.567 2308 WARNING rally_openstack.scenarios.neutron.utils [-] Running this scenario without either the 'network' or 'existing_network' context is deprecated
2020-03-08 22:35:22.661 2281 INFO rally.task.runner [-] Task 292c560a-1dd2-413e-8e85-9dab898c6bbe | ITER: 8 END: OK
2020-03-08 22:35:22.666 2281 INFO rally.task.runner [-] Task 292c560a-1dd2-413e-8e85-9dab898c6bbe | ITER: 23 START
2020-03-08 22:35:22.667 2281 WARNING rally_openstack.scenarios.neutron.utils [-] Running this scenario without either the 'network' or 'existing_network' context is deprecated
2020-03-08 22:35:22.780 2299 INFO rally.task.runner [-] Task 292c560a-1dd2-413e-8e85-9dab898c6bbe | ITER: 13 END: OK
2020-03-08 22:35:22.785 2299 INFO rally.task.runner [-] Task 292c560a-1dd2-413e-8e85-9dab898c6bbe | ITER: 24 START
2020-03-08 22:35:22.785 2299 WARNING rally_openstack.scenarios.neutron.utils [-] Running this scenario without either the 'network' or 'existing_network' context is deprecated
2020-03-08 22:35:23.038 2292 INFO rally.task.runner [-] Task 292c560a-1dd2-413e-8e85-9dab898c6bbe | ITER: 11 END: OK
2020-03-08 22:35:23.043 2292 INFO rally.task.runner [-] Task 292c560a-1dd2-413e-8e85-9dab898c6bbe | ITER: 25 START
2020-03-08 22:35:23.044 2292 WARNING rally_openstack.scenarios.neutron.utils [-] Running this scenario without either the 'network' or 'existing_network' context is deprecated
2020-03-08 22:35:23.606 2308 RALLYDEBUG rally_openstack.wrappers.network [-] CIDR generated: 1.1.5.0/30
2020-03-08 22:35:23.965 2271 RALLYDEBUG rally_openstack.wrappers.network [-] CIDR generated: 1.1.5.4/30
2020-03-08 22:35:24.589 2281 RALLYDEBUG rally_openstack.wrappers.network [-] CIDR generated: 1.1.5.8/30
2020-03-08 22:35:24.829 2289 INFO rally.task.runner [-] Task 292c560a-1dd2-413e-8e85-9dab898c6bbe | ITER: 10 END: OK
2020-03-08 22:35:24.834 2289 INFO rally.task.runner [-] Task 292c560a-1dd2-413e-8e85-9dab898c6bbe | ITER: 26 START
2020-03-08 22:35:24.834 2289 WARNING rally_openstack.scenarios.neutron.utils [-] Running this scenario without either the 'network' or 'existing_network' context is deprecated
2020-03-08 22:35:25.246 2299 RALLYDEBUG rally_openstack.wrappers.network [-] CIDR generated: 1.1.5.12/30
2020-03-08 22:35:25.389 2315 INFO rally.task.runner [-] Task 292c560a-1dd2-413e-8e85-9dab898c6bbe | ITER: 19 END: OK
2020-03-08 22:35:25.395 2315 INFO rally.task.runner [-] Task 292c560a-1dd2-413e-8e85-9dab898c6bbe | ITER: 27 START
2020-03-08 22:35:25.395 2315 WARNING rally_openstack.scenarios.neutron.utils [-] Running this scenario without either the 'network' or 'existing_network' context is deprecated
2020-03-08 22:35:25.604 2292 RALLYDEBUG rally_openstack.wrappers.network [-] CIDR generated: 1.1.5.16/30
2020-03-08 22:35:26.175 2314 INFO rally.task.runner [-] Task 292c560a-1dd2-413e-8e85-9dab898c6bbe | ITER: 18 END: OK
2020-03-08 22:35:26.180 2314 INFO rally.task.runner [-] Task 292c560a-1dd2-413e-8e85-9dab898c6bbe | ITER: 28 START
2020-03-08 22:35:26.181 2314 WARNING rally_openstack.scenarios.neutron.utils [-] Running this scenario without either the 'network' or 'existing_network' context is deprecated
2020-03-08 22:35:26.214 2269 INFO rally.task.runner [-] Task 292c560a-1dd2-413e-8e85-9dab898c6bbe | ITER: 1 END: OK
2020-03-08 22:35:26.219 2269 INFO rally.task.runner [-] Task 292c560a-1dd2-413e-8e85-9dab898c6bbe | ITER: 29 START
2020-03-08 22:35:26.220 2269 WARNING rally_openstack.scenarios.neutron.utils [-] Running this scenario without either the 'network' or 'existing_network' context is deprecated
2020-03-08 22:35:26.457 2270 INFO rally.task.runner [-] Task 292c560a-1dd2-413e-8e85-9dab898c6bbe | ITER: 2 END: OK
2020-03-08 22:35:26.462 2270 INFO rally.task.runner [-] Task 292c560a-1dd2-413e-8e85-9dab898c6bbe | ITER: 30 START
2020-03-08 22:35:26.463 2270 WARNING rally_openstack.scenarios.neutron.utils [-] Running this scenario without either the 'network' or 'existing_network' context is deprecated
2020-03-08 22:35:26.480 2320 INFO rally.task.runner [-] Task 292c560a-1dd2-413e-8e85-9dab898c6bbe | ITER: 20 END: OK
2020-03-08 22:35:26.484 2320 INFO rally.task.runner [-] Task 292c560a-1dd2-413e-8e85-9dab898c6bbe | ITER: 31 START
2020-03-08 22:35:26.485 2320 WARNING rally_openstack.scenarios.neutron.utils [-] Running this scenario without either the 'network' or 'existing_network' context is deprecated
2020-03-08 22:35:26.673 2302 INFO rally.task.runner [-] Task 292c560a-1dd2-413e-8e85-9dab898c6bbe | ITER: 14 END: OK
2020-03-08 22:35:26.679 2302 INFO rally.task.runner [-] Task 292c560a-1dd2-413e-8e85-9dab898c6bbe | ITER: 32 START
2020-03-08 22:35:26.680 2302 WARNING rally_openstack.scenarios.neutron.utils [-] Running this scenario without either the 'network' or 'existing_network' context is deprecated
2020-03-08 22:35:26.806 2315 RALLYDEBUG rally_openstack.wrappers.network [-] CIDR generated: 1.1.5.20/30
2020-03-08 22:35:26.870 2308 RALLYDEBUG rally_openstack.wrappers.network [-] CIDR generated: 1.1.5.24/30
2020-03-08 22:35:26.942 2289 RALLYDEBUG rally_openstack.wrappers.network [-] CIDR generated: 1.1.5.28/30
2020-03-08 22:35:26.943 2295 INFO rally.task.runner [-] Task 292c560a-1dd2-413e-8e85-9dab898c6bbe | ITER: 12 END: OK
2020-03-08 22:35:26.947 2295 INFO rally.task.runner [-] Task 292c560a-1dd2-413e-8e85-9dab898c6bbe | ITER: 33 START
2020-03-08 22:35:26.948 2295 WARNING rally_openstack.scenarios.neutron.utils [-] Running this scenario without either the 'network' or 'existing_network' context is deprecated
2020-03-08 22:35:27.144 2271 RALLYDEBUG rally_openstack.wrappers.network [-] CIDR generated: 1.1.5.32/30
2020-03-08 22:35:27.803 2270 RALLYDEBUG rally_openstack.wrappers.network [-] CIDR generated: 1.1.5.36/30
2020-03-08 22:35:28.061 2269 RALLYDEBUG rally_openstack.wrappers.network [-] CIDR generated: 1.1.5.40/30
2020-03-08 22:35:28.078 2314 RALLYDEBUG rally_openstack.wrappers.network [-] CIDR generated: 1.1.5.44/30
2020-03-08 22:35:28.148 2311 INFO rally.task.runner [-] Task 292c560a-1dd2-413e-8e85-9dab898c6bbe | ITER: 17 END: OK
2020-03-08 22:35:28.152 2305 INFO rally.task.runner [-] Task 292c560a-1dd2-413e-8e85-9dab898c6bbe | ITER: 15 END: OK
2020-03-08 22:35:28.154 2311 INFO rally.task.runner [-] Task 292c560a-1dd2-413e-8e85-9dab898c6bbe | ITER: 34 START
2020-03-08 22:35:28.155 2311 WARNING rally_openstack.scenarios.neutron.utils [-] Running this scenario without either the 'network' or 'existing_network' context is deprecated
2020-03-08 22:35:28.157 2305 INFO rally.task.runner [-] Task 292c560a-1dd2-413e-8e85-9dab898c6bbe | ITER: 35 START
2020-03-08 22:35:28.158 2305 WARNING rally_openstack.scenarios.neutron.utils [-] Running this scenario without either the 'network' or 'existing_network' context is deprecated
2020-03-08 22:35:28.159 2275 INFO rally.task.runner [-] Task 292c560a-1dd2-413e-8e85-9dab898c6bbe | ITER: 6 END: OK
2020-03-08 22:35:28.165 2275 INFO rally.task.runner [-] Task 292c560a-1dd2-413e-8e85-9dab898c6bbe | ITER: 36 START
2020-03-08 22:35:28.166 2275 WARNING rally_openstack.scenarios.neutron.utils [-] Running this scenario without either the 'network' or 'existing_network' context is deprecated
2020-03-08 22:35:28.186 2279 INFO rally.task.runner [-] Task 292c560a-1dd2-413e-8e85-9dab898c6bbe | ITER: 7 END: OK
2020-03-08 22:35:28.191 2279 INFO rally.task.runner [-] Task 292c560a-1dd2-413e-8e85-9dab898c6bbe | ITER: 37 START
2020-03-08 22:35:28.192 2279 WARNING rally_openstack.scenarios.neutron.utils [-] Running this scenario without either the 'network' or 'existing_network' context is deprecated
2020-03-08 22:35:28.403 2273 INFO rally.task.runner [-] Task 292c560a-1dd2-413e-8e85-9dab898c6bbe | ITER: 5 END: OK
2020-03-08 22:35:28.406 2285 INFO rally.task.runner [-] Task 292c560a-1dd2-413e-8e85-9dab898c6bbe | ITER: 9 END: OK
2020-03-08 22:35:28.409 2273 INFO rally.task.runner [-] Task 292c560a-1dd2-413e-8e85-9dab898c6bbe | ITER: 38 START
2020-03-08 22:35:28.410 2273 WARNING rally_openstack.scenarios.neutron.utils [-] Running this scenario without either the 'network' or 'existing_network' context is deprecated
2020-03-08 22:35:28.411 2285 INFO rally.task.runner [-] Task 292c560a-1dd2-413e-8e85-9dab898c6bbe | ITER: 39 START
2020-03-08 22:35:28.412 2285 WARNING rally_openstack.scenarios.neutron.utils [-] Running this scenario without either the 'network' or 'existing_network' context is deprecated
2020-03-08 22:35:28.429 2272 INFO rally.task.runner [-] Task 292c560a-1dd2-413e-8e85-9dab898c6bbe | ITER: 3 END: OK
2020-03-08 22:35:28.434 2272 INFO rally.task.runner [-] Task 292c560a-1dd2-413e-8e85-9dab898c6bbe | ITER: 40 START
2020-03-08 22:35:28.435 2272 WARNING rally_openstack.scenarios.neutron.utils [-] Running this scenario without either the 'network' or 'existing_network' context is deprecated
2020-03-08 22:35:28.665 2302 RALLYDEBUG rally_openstack.wrappers.network [-] CIDR generated: 1.1.5.48/30
2020-03-08 22:35:28.693 2320 RALLYDEBUG rally_openstack.wrappers.network [-] CIDR generated: 1.1.5.52/30
2020-03-08 22:35:29.154 2295 RALLYDEBUG rally_openstack.wrappers.network [-] CIDR generated: 1.1.5.56/30
2020-03-08 22:35:30.398 2281 RALLYDEBUG rally_openstack.wrappers.network [-] CIDR generated: 1.1.5.60/30
2020-03-08 22:35:32.883 2299 RALLYDEBUG rally_openstack.wrappers.network [-] CIDR generated: 1.1.5.64/30
2020-03-08 22:35:34.599 2305 RALLYDEBUG rally_openstack.wrappers.network [-] CIDR generated: 1.1.5.68/30
2020-03-08 22:35:34.896 2279 RALLYDEBUG rally_openstack.wrappers.network [-] CIDR generated: 1.1.5.72/30
2020-03-08 22:35:34.950 2275 RALLYDEBUG rally_openstack.wrappers.network [-] CIDR generated: 1.1.5.76/30
2020-03-08 22:35:35.599 2311 RALLYDEBUG rally_openstack.wrappers.network [-] CIDR generated: 1.1.5.80/30
2020-03-08 22:35:35.617 2272 RALLYDEBUG rally_openstack.wrappers.network [-] CIDR generated: 1.1.5.84/30
2020-03-08 22:35:35.881 2273 RALLYDEBUG rally_openstack.wrappers.network [-] CIDR generated: 1.1.5.88/30
2020-03-08 22:35:36.348 2285 RALLYDEBUG rally_openstack.wrappers.network [-] CIDR generated: 1.1.5.92/30
2020-03-08 22:35:36.729 2292 RALLYDEBUG rally_openstack.wrappers.network [-] CIDR generated: 1.1.5.96/30
2020-03-08 22:35:37.608 2308 INFO rally.task.runner [-] Task 292c560a-1dd2-413e-8e85-9dab898c6bbe | ITER: 22 END: OK
2020-03-08 22:35:39.328 2271 INFO rally.task.runner [-] Task 292c560a-1dd2-413e-8e85-9dab898c6bbe | ITER: 21 END: OK
2020-03-08 22:35:40.060 2289 RALLYDEBUG rally_openstack.wrappers.network [-] CIDR generated: 1.1.5.100/30
2020-03-08 22:35:42.332 2315 RALLYDEBUG rally_openstack.wrappers.network [-] CIDR generated: 1.1.5.104/30
2020-03-08 22:35:42.685 2281 INFO rally.task.runner [-] Task 292c560a-1dd2-413e-8e85-9dab898c6bbe | ITER: 23 END: OK
2020-03-08 22:35:42.695 2299 INFO rally.task.runner [-] Task 292c560a-1dd2-413e-8e85-9dab898c6bbe | ITER: 24 END: OK
2020-03-08 22:35:44.625 2302 RALLYDEBUG rally_openstack.wrappers.network [-] CIDR generated: 1.1.5.108/30
2020-03-08 22:35:44.650 2270 RALLYDEBUG rally_openstack.wrappers.network [-] CIDR generated: 1.1.5.112/30
2020-03-08 22:35:44.812 2269 RALLYDEBUG rally_openstack.wrappers.network [-] CIDR generated: 1.1.5.116/30
2020-03-08 22:35:44.819 2314 RALLYDEBUG rally_openstack.wrappers.network [-] CIDR generated: 1.1.5.120/30
2020-03-08 22:35:44.838 2295 RALLYDEBUG rally_openstack.wrappers.network [-] CIDR generated: 1.1.5.124/30
2020-03-08 22:35:44.899 2320 RALLYDEBUG rally_openstack.wrappers.network [-] CIDR generated: 1.1.5.128/30
2020-03-08 22:35:44.965 2305 RALLYDEBUG rally_openstack.wrappers.network [-] CIDR generated: 1.1.5.132/30
2020-03-08 22:35:44.989 2272 RALLYDEBUG rally_openstack.wrappers.network [-] CIDR generated: 1.1.5.136/30
2020-03-08 22:35:45.037 2275 RALLYDEBUG rally_openstack.wrappers.network [-] CIDR generated: 1.1.5.140/30
2020-03-08 22:35:45.053 2279 RALLYDEBUG rally_openstack.wrappers.network [-] CIDR generated: 1.1.5.144/30
2020-03-08 22:35:45.128 2311 RALLYDEBUG rally_openstack.wrappers.network [-] CIDR generated: 1.1.5.148/30
2020-03-08 22:35:45.355 2292 INFO rally.task.runner [-] Task 292c560a-1dd2-413e-8e85-9dab898c6bbe | ITER: 25 END: OK
2020-03-08 22:35:45.504 2285 RALLYDEBUG rally_openstack.wrappers.network [-] CIDR generated: 1.1.5.152/30
2020-03-08 22:35:45.732 2273 RALLYDEBUG rally_openstack.wrappers.network [-] CIDR generated: 1.1.5.156/30
2020-03-08 22:35:47.654 2289 INFO rally.task.runner [-] Task 292c560a-1dd2-413e-8e85-9dab898c6bbe | ITER: 26 END: OK
2020-03-08 22:35:48.042 2315 INFO rally.task.runner [-] Task 292c560a-1dd2-413e-8e85-9dab898c6bbe | ITER: 27 END: OK
2020-03-08 22:35:48.249 2302 INFO rally.task.runner [-] Task 292c560a-1dd2-413e-8e85-9dab898c6bbe | ITER: 32 END: OK
2020-03-08 22:35:48.570 2311 INFO rally.task.runner [-] Task 292c560a-1dd2-413e-8e85-9dab898c6bbe | ITER: 34 END: OK
2020-03-08 22:35:49.140 2305 INFO rally.task.runner [-] Task 292c560a-1dd2-413e-8e85-9dab898c6bbe | ITER: 35 END: OK
2020-03-08 22:35:49.718 2279 INFO rally.task.runner [-] Task 292c560a-1dd2-413e-8e85-9dab898c6bbe | ITER: 37 END: OK
2020-03-08 22:35:50.606 2285 INFO rally.task.runner [-] Task 292c560a-1dd2-413e-8e85-9dab898c6bbe | ITER: 39 END: OK
2020-03-08 22:35:50.640 2314 INFO rally.task.runner [-] Task 292c560a-1dd2-413e-8e85-9dab898c6bbe | ITER: 28 END: OK
2020-03-08 22:35:50.776 2320 INFO rally.task.runner [-] Task 292c560a-1dd2-413e-8e85-9dab898c6bbe | ITER: 31 END: OK
2020-03-08 22:35:50.838 2275 INFO rally.task.runner [-] Task 292c560a-1dd2-413e-8e85-9dab898c6bbe | ITER: 36 END: OK
2020-03-08 22:35:50.843 2295 INFO rally.task.runner [-] Task 292c560a-1dd2-413e-8e85-9dab898c6bbe | ITER: 33 END: OK
2020-03-08 22:35:50.961 2273 INFO rally.task.runner [-] Task 292c560a-1dd2-413e-8e85-9dab898c6bbe | ITER: 38 END: OK
2020-03-08 22:35:51.052 2270 INFO rally.task.runner [-] Task 292c560a-1dd2-413e-8e85-9dab898c6bbe | ITER: 30 END: OK
2020-03-08 22:35:51.206 2272 INFO rally.task.runner [-] Task 292c560a-1dd2-413e-8e85-9dab898c6bbe | ITER: 40 END: OK
2020-03-08 22:35:51.273 2269 INFO rally.task.runner [-] Task 292c560a-1dd2-413e-8e85-9dab898c6bbe | ITER: 29 END: OK
2020-03-08 22:35:51.297 15 INFO rally.task.context [-] Task 292c560a-1dd2-413e-8e85-9dab898c6bbe | Context cleanup@openstack cleanup() started
2020-03-08 22:35:51.301 15 RALLYDEBUG rally_openstack.cleanup.manager [-] Cleaning up neutron vip objects
2020-03-08 22:35:51.465 15 RALLYDEBUG rally_openstack.cleanup.manager [-] Cleaning up neutron health_monitor objects
2020-03-08 22:35:51.611 15 RALLYDEBUG rally_openstack.cleanup.manager [-] Cleaning up neutron pool objects
2020-03-08 22:35:51.756 15 RALLYDEBUG rally_openstack.cleanup.manager [-] Cleaning up neutron loadbalancer objects
2020-03-08 22:35:51.893 15 RALLYDEBUG rally_openstack.cleanup.manager [-] Cleaning up neutron floatingip objects
2020-03-08 22:35:52.066 15 RALLYDEBUG rally_openstack.cleanup.manager [-] Cleaning up neutron trunk objects
2020-03-08 22:35:52.230 15 DEBUG neutronclient.v2_0.client [-] Error message: {"message": "The resource could not be found.

\n\n\n", "code": "404 Not Found", "title": "Not Found"} _handle_fault_response /usr/lib/python2.7/site-packages/neutronclient/v2_0/client.py:259
2020-03-08 22:35:52.240 15 RALLYDEBUG rally_openstack.cleanup.manager [-] Cleaning up neutron port objects
2020-03-08 22:35:52.562 15 RALLYDEBUG rally_openstack.cleanup.manager [-] Cleaning up neutron subnet objects
2020-03-08 22:35:53.185 15 RALLYDEBUG rally_openstack.cleanup.manager [-] Cleaning up neutron network objects
2020-03-08 22:35:53.752 15 RALLYDEBUG rally_openstack.cleanup.manager [-] Deleting neutron.network object s_rally_4cdb639f_9eTrzuVL (0250fe3b-d4ba-4876-98ea-6aaa6a262bf4)
2020-03-08 22:35:53.761 15 RALLYDEBUG rally_openstack.cleanup.manager [-] Deleting neutron.network object s_rally_4cdb639f_InkiLMeO (1a2832ea-2202-44c5-bf92-84ed496904a7)
2020-03-08 22:35:53.768 15 RALLYDEBUG rally_openstack.cleanup.manager [-] Deleting neutron.network object s_rally_4cdb639f_BAqgMlmD (1f025ed5-0c7d-471e-b32e-678cd4c1d673)
2020-03-08 22:35:53.780 15 RALLYDEBUG rally_openstack.cleanup.manager [-] Deleting neutron.network object s_rally_4cdb639f_GyieJi59 (20757a30-5171-4f7d-befa-c6d55f1b41e7)
2020-03-08 22:35:53.792 15 RALLYDEBUG rally_openstack.cleanup.manager [-] Deleting neutron.network object s_rally_4cdb639f_CgsYx8BK (2ae4e424-bc29-4c50-abde-fe7cdb4f3bd4)
2020-03-08 22:35:53.802 15 RALLYDEBUG rally_openstack.cleanup.manager [-] Deleting neutron.network object s_rally_4cdb639f_IuTc58vL (2cd71abe-76b7-48fb-bcd9-c72a8c2b5d81)
2020-03-08 22:35:53.866 15 RALLYDEBUG rally_openstack.cleanup.manager [-] Deleting neutron.network object s_rally_4cdb639f_EcUQAwZQ (2ee1d086-0a74-4da2-bcb2-22da4596070c)
2020-03-08 22:35:53.872 15 RALLYDEBUG rally_openstack.cleanup.manager [-] Deleting neutron.network object s_rally_4cdb639f_hHzSFu0n (323ece57-4fc6-4c4c-a648-9b05bafea583)
2020-03-08 22:35:53.884 15 RALLYDEBUG rally_openstack.cleanup.manager [-] Deleting neutron.network object s_rally_4cdb639f_sUVmLaHQ (424d1fcf-0d57-47fa-a1dd-f142401432a7)
2020-03-08 22:35:53.891 15 RALLYDEBUG rally_openstack.cleanup.manager [-] Deleting neutron.network object s_rally_4cdb639f_gCvqmGSm (4b5bb32f-412a-4534-84a7-33484789fde1)
2020-03-08 22:35:53.902 15 RALLYDEBUG rally_openstack.cleanup.manager [-] Deleting neutron.network object s_rally_4cdb639f_sPLl958t (487755e0-29c7-444e-9101-c09f7c6d40ef)
2020-03-08 22:35:53.910 15 RALLYDEBUG rally_openstack.cleanup.manager [-] Deleting neutron.network object s_rally_4cdb639f_CvmOkTGv (52eaf2eb-01ba-4952-b927-a221af214ca4)
2020-03-08 22:35:53.920 15 RALLYDEBUG rally_openstack.cleanup.manager [-] Deleting neutron.network object s_rally_4cdb639f_O1to8aXt (60224f36-47c3-418c-afb1-b5361aa5215e)
2020-03-08 22:35:53.927 15 RALLYDEBUG rally_openstack.cleanup.manager [-] Deleting neutron.network object s_rally_4cdb639f_yeR1df1t (5ea5722e-d59b-48ca-b014-2fae037d0937)
2020-03-08 22:35:53.957 15 RALLYDEBUG rally_openstack.cleanup.manager [-] Deleting neutron.network object s_rally_4cdb639f_lXQiPqyZ (6419e181-661b-4d8e-8382-c4c193c7d6d2)
2020-03-08 22:35:53.954 15 RALLYDEBUG rally_openstack.cleanup.manager [-] Deleting neutron.network object s_rally_4cdb639f_sw2cMda0 (639739f7-2c96-4db7-9c98-64fb1240738e)
2020-03-08 22:35:53.971 15 RALLYDEBUG rally_openstack.cleanup.manager [-] Deleting neutron.network object s_rally_4cdb639f_vgkIuBHW (6bf56601-a645-4d84-a7ef-41ed922ce18f)
2020-03-08 22:35:53.968 15 RALLYDEBUG rally_openstack.cleanup.manager [-] Deleting neutron.network object s_rally_4cdb639f_GTgHbwNy (6d1e0db9-7bd3-486c-a0a1-c8489d154187)
2020-03-08 22:35:53.976 15 RALLYDEBUG rally_openstack.cleanup.manager [-] Deleting neutron.network object s_rally_4cdb639f_lYOTxcBW (4933e065-1d76-4041-9b91-c1d2c98cee18)
2020-03-08 22:35:53.973 15 RALLYDEBUG rally_openstack.cleanup.manager [-] Deleting neutron.network object s_rally_4cdb639f_kw035S36 (57a6b179-eac0-42d2-8cb4-59f9f6c33e9f)
2020-03-08 22:35:56.068 15 RALLYDEBUG rally_openstack.cleanup.manager [-] Deleting neutron.network object s_rally_4cdb639f_mR1sHdcA (6e2d237a-aeac-4745-bc8e-266f417282e9)
2020-03-08 22:35:56.380 15 RALLYDEBUG rally_openstack.cleanup.manager [-] Deleting neutron.network object s_rally_4cdb639f_3R9JYXuO (705b6f83-a50d-4a76-9a33-726faa2a1314)
2020-03-08 22:35:56.428 15 RALLYDEBUG rally_openstack.cleanup.manager [-] Deleting neutron.network object s_rally_4cdb639f_26Q0VTNN (74a82a25-3074-417f-8828-7edf31842363)
2020-03-08 22:35:56.451 15 RALLYDEBUG rally_openstack.cleanup.manager [-] Deleting neutron.network object s_rally_4cdb639f_gqKJv1K0 (75813006-b97a-47c4-92e7-84c0d8601f65)
2020-03-08 22:35:56.602 15 RALLYDEBUG rally_openstack.cleanup.manager [-] Deleting neutron.network object s_rally_4cdb639f_Gn41jWRM (9889fa42-5762-4c75-a5fc-e3b022a21d7f)
2020-03-08 22:35:56.755 15 RALLYDEBUG rally_openstack.cleanup.manager [-] Deleting neutron.network object s_rally_4cdb639f_w93qHxdL (9a9504b7-9f44-4eee-8d16-bd3bcbaad989)
2020-03-08 22:35:56.760 15 RALLYDEBUG rally_openstack.cleanup.manager [-] Deleting neutron.network object s_rally_4cdb639f_9HVKBEAO (9bde329f-4703-49cb-adbc-4ea802a7f48c)
2020-03-08 22:35:56.931 15 RALLYDEBUG rally_openstack.cleanup.manager [-] Deleting neutron.network object s_rally_4cdb639f_e4ktozIc (a3d26589-a8d7-4875-962c-2e6299c9ecdd)
2020-03-08 22:35:57.075 15 RALLYDEBUG rally_openstack.cleanup.manager [-] Deleting neutron.network object s_rally_4cdb639f_nL0km6IG (a4bc30cd-e575-483f-b62a-6a5edfbb73e7)
2020-03-08 22:35:57.459 15 RALLYDEBUG rally_openstack.cleanup.manager [-] Deleting neutron.network object s_rally_4cdb639f_cu3mprd4 (a9712d48-71d7-4f73-aac0-ea6a636cb274)
2020-03-08 22:35:57.473 15 RALLYDEBUG rally_openstack.cleanup.manager [-] Deleting neutron.network object s_rally_4cdb639f_ZDtx00vx (b7034004-f5ad-4f0e-bc93-38c4ab81441a)
2020-03-08 22:35:57.536 15 RALLYDEBUG rally_openstack.cleanup.manager [-] Deleting neutron.network object s_rally_4cdb639f_EftYvUfC (bad04563-0e0e-4754-9101-25298c6c6880)
2020-03-08 22:35:57.540 15 RALLYDEBUG rally_openstack.cleanup.manager [-] Deleting neutron.network object s_rally_4cdb639f_OD5svYhZ (cbd3b7ae-26fe-4abb-ad9f-e7203822b7ba)
2020-03-08 22:35:57.556 15 RALLYDEBUG rally_openstack.cleanup.manager [-] Deleting neutron.network object s_rally_4cdb639f_xVWBvjlJ (d3c35bf2-bbdd-4578-8a6d-63ffb2104132)
2020-03-08 22:35:57.628 15 RALLYDEBUG rally_openstack.cleanup.manager [-] Deleting neutron.network object s_rally_4cdb639f_zM3JDcy0 (e33acf3f-bd46-451b-9379-712178717169)
2020-03-08 22:35:58.255 15 RALLYDEBUG rally_openstack.cleanup.manager [-] Deleting neutron.network object s_rally_4cdb639f_pL5cVpmd (e76f0fe4-f8c5-4b32-ab47-a8b108e62df7)
2020-03-08 22:35:58.298 15 RALLYDEBUG rally_openstack.cleanup.manager [-] Deleting neutron.network object s_rally_4cdb639f_zeEmlUTK (ed4187a7-6a16-4920-88ce-fc7dd682b1c1)
2020-03-08 22:35:58.303 15 RALLYDEBUG rally_openstack.cleanup.manager [-] Deleting neutron.network object s_rally_4cdb639f_uHJ3XUn7 (f6a67fb0-d520-4037-bc6e-dcc1f4d8697d)
2020-03-08 22:35:58.363 15 RALLYDEBUG rally_openstack.cleanup.manager [-] Deleting neutron.network object s_rally_4cdb639f_44biKe4R (f774d5e3-63f6-4b22-9992-95a2f19df9e1)
2020-03-08 22:35:58.616 15 RALLYDEBUG rally_openstack.cleanup.manager [-] Deleting neutron.network object s_rally_4cdb639f_CDksr99Z (fed8a56e-443d-46b6-baad-56b5208dd795)
2020-03-08 22:36:01.428 15 RALLYDEBUG rally_openstack.cleanup.manager [-] Cleaning up neutron router objects
2020-03-08 22:36:01.640 15 RALLYDEBUG rally_openstack.cleanup.manager [-] Cleaning up neutron security_group objects
2020-03-08 22:36:01.898 15 INFO rally.task.context [-] Task 292c560a-1dd2-413e-8e85-9dab898c6bbe | Context cleanup@openstack cleanup() finished in 10.60 sec
2020-03-08 22:36:01.898 15 INFO rally.task.context [-] Task 292c560a-1dd2-413e-8e85-9dab898c6bbe | Context quotas@openstack cleanup() started
2020-03-08 22:36:02.047 15 INFO rally.task.context [-] Task 292c560a-1dd2-413e-8e85-9dab898c6bbe | Context quotas@openstack cleanup() finished in 0.15 sec
2020-03-08 22:36:02.047 15 INFO rally.task.context [-] Task 292c560a-1dd2-413e-8e85-9dab898c6bbe | Context users@openstack cleanup() started
2020-03-08 22:36:06.061 15 INFO rally.task.context [-] Task 292c560a-1dd2-413e-8e85-9dab898c6bbe | Context users@openstack cleanup() finished in 4.01 sec
2020-03-08 22:36:06.996 15 INFO rally.task.engine [-] Load duration is: 44.774385
2020-03-08 22:36:06.996 15 INFO rally.task.engine [-] Full runner duration is: 44.824263
2020-03-08 22:36:06.996 15 INFO rally.task.engine [-] Full duration is: 61.318006
2020-03-08 22:36:07.080 15 INFO rally.task.engine [-] Running workload: position = 0 config = { "version": 2, "title": "A cropped version of a bigger task.", "description": "Auto-generated task from a single workload (uuid=74c06c33-5b6f-4e61-8740-fccdc26b852c)", "subtasks": [ { "title": "NeutronNetworks.create_and_list_routers", "description": "Create and a given number of routers and list all routers.", "scenario": { "NeutronNetworks.create_and_list_routers": { "network_create_args": null, "subnet_create_args": null, "subnet_cidr_start": "1.1.0.0/30", "subnets_per_network": 2, "router_create_args": null } }, "contexts": { "users": { "tenants": 1, "users_per_tenant": 1 }, "quotas": { "neutron": { "network": -1, "subnet": -1, "router": -1 } } }, "runner": { "constant": { "times": 40, "concurrency": 20 } }, "hooks": [], "sla": { "failure_rate": { "max": 0 } } } ] }
2020-03-08 22:36:07.105 15 RALLYDEBUG rally_openstack.contexts.keystone.users [-] Creating 1 tenants using 20 threads
2020-03-08 22:36:07.480 15 RALLYDEBUG rally_openstack.contexts.keystone.users [-] Creating 1 users using 20 threads
2020-03-08 22:36:08.336 15 INFO rally.task.context [-] Task 292c560a-1dd2-413e-8e85-9dab898c6bbe | Context users@openstack setup() finished in 1.23 sec
2020-03-08 22:36:08.795 15 INFO rally.task.context [-] Task 292c560a-1dd2-413e-8e85-9dab898c6bbe | Context quotas@openstack setup() finished in 0.46 sec
2020-03-08 22:36:08.795 15 INFO rally.task.context [-] Task 292c560a-1dd2-413e-8e85-9dab898c6bbe | Context cleanup@openstack setup() finished in 0.00 msec
2020-03-08 22:36:08.804 15 RALLYDEBUG rally.task.runner [-] Starting the constant runner (task UUID: 292c560a-1dd2-413e-8e85-9dab898c6bbe). timeout: 0 concurrency: 20 concurrency_per_worker: 1 times: 40 concurrency_overhead: 0 processes_to_start: 20 max_cpu_used: 88
2020-03-08 22:36:08.818 2671 RALLYDEBUG rally.task.runner [-] Starting a worker. concurrency: 1 args: {"network_create_args": null, "subnet_create_args": null, "subnet_cidr_start": "1.1.0.0/30", "subnets_per_network": 2, "router_create_args": null} times: 40 method_name: run timeout: 0 duration: None cls:
2020-03-08 22:36:08.822 2672 RALLYDEBUG rally.task.runner [-] Starting a worker. concurrency: 1 args: {"network_create_args": null, "subnet_create_args": null, "subnet_cidr_start": "1.1.0.0/30", "subnets_per_network": 2, "router_create_args": null} times: 40 method_name: run timeout: 0 duration: None cls:
2020-03-08 22:36:08.824 2671 INFO rally.task.runner [-] Task 292c560a-1dd2-413e-8e85-9dab898c6bbe | ITER: 1 START
2020-03-08 22:36:08.824 2673 RALLYDEBUG rally.task.runner [-] Starting a worker. concurrency: 1 args: {"network_create_args": null, "subnet_create_args": null, "subnet_cidr_start": "1.1.0.0/30", "subnets_per_network": 2, "router_create_args": null} times: 40 method_name: run timeout: 0 duration: None cls:
2020-03-08 22:36:08.828 2672 INFO rally.task.runner [-] Task 292c560a-1dd2-413e-8e85-9dab898c6bbe | ITER: 2 START
2020-03-08 22:36:08.827 2674 RALLYDEBUG rally.task.runner [-] Starting a worker. concurrency: 1 args: {"network_create_args": null, "subnet_create_args": null, "subnet_cidr_start": "1.1.0.0/30", "subnets_per_network": 2, "router_create_args": null} times: 40 method_name: run timeout: 0 duration: None cls:
2020-03-08 22:36:08.832 2676 RALLYDEBUG rally.task.runner [-] Starting a worker. concurrency: 1 args: {"network_create_args": null, "subnet_create_args": null, "subnet_cidr_start": "1.1.0.0/30", "subnets_per_network": 2, "router_create_args": null} times: 40 method_name: run timeout: 0 duration: None cls:
2020-03-08 22:36:08.833 2674 INFO rally.task.runner [-] Task 292c560a-1dd2-413e-8e85-9dab898c6bbe | ITER: 4 START
2020-03-08 22:36:08.834 2673 INFO rally.task.runner [-] Task 292c560a-1dd2-413e-8e85-9dab898c6bbe | ITER: 3 START
2020-03-08 22:36:08.836 2678 RALLYDEBUG rally.task.runner [-] Starting a worker. concurrency: 1 args: {"network_create_args": null, "subnet_create_args": null, "subnet_cidr_start": "1.1.0.0/30", "subnets_per_network": 2, "router_create_args": null} times: 40 method_name: run timeout: 0 duration: None cls:
2020-03-08 22:36:08.837 2683 RALLYDEBUG rally.task.runner [-] Starting a worker. concurrency: 1 args: {"network_create_args": null, "subnet_create_args": null, "subnet_cidr_start": "1.1.0.0/30", "subnets_per_network": 2, "router_create_args": null} times: 40 method_name: run timeout: 0 duration: None cls:
2020-03-08 22:36:08.840 2676 INFO rally.task.runner [-] Task 292c560a-1dd2-413e-8e85-9dab898c6bbe | ITER: 5 START
2020-03-08 22:36:08.840 2685 RALLYDEBUG rally.task.runner [-] Starting a worker. concurrency: 1 args: {"network_create_args": null, "subnet_create_args": null, "subnet_cidr_start": "1.1.0.0/30", "subnets_per_network": 2, "router_create_args": null} times: 40 method_name: run timeout: 0 duration: None cls:
2020-03-08 22:36:08.843 2687 RALLYDEBUG rally.task.runner [-] Starting a worker. concurrency: 1 args: {"network_create_args": null, "subnet_create_args": null, "subnet_cidr_start": "1.1.0.0/30", "subnets_per_network": 2, "router_create_args": null} times: 40 method_name: run timeout: 0 duration: None cls:
2020-03-08 22:36:08.847 2685 INFO rally.task.runner [-] Task 292c560a-1dd2-413e-8e85-9dab898c6bbe | ITER: 8 START
2020-03-08 22:36:08.847 2683 INFO rally.task.runner [-] Task 292c560a-1dd2-413e-8e85-9dab898c6bbe | ITER: 7 START
2020-03-08 22:36:08.847 2678 INFO rally.task.runner [-] Task 292c560a-1dd2-413e-8e85-9dab898c6bbe | ITER: 6 START
2020-03-08 22:36:08.848 2689 RALLYDEBUG rally.task.runner [-] Starting a worker. concurrency: 1 args: {"network_create_args": null, "subnet_create_args": null, "subnet_cidr_start": "1.1.0.0/30", "subnets_per_network": 2, "router_create_args": null} times: 40 method_name: run timeout: 0 duration: None cls:
2020-03-08 22:36:08.850 2693 RALLYDEBUG rally.task.runner [-] Starting a worker. concurrency: 1 args: {"network_create_args": null, "subnet_create_args": null, "subnet_cidr_start": "1.1.0.0/30", "subnets_per_network": 2, "router_create_args": null} times: 40 method_name: run timeout: 0 duration: None cls:
2020-03-08 22:36:08.851 2687 INFO rally.task.runner [-] Task 292c560a-1dd2-413e-8e85-9dab898c6bbe | ITER: 9 START
2020-03-08 22:36:08.853 2696 RALLYDEBUG rally.task.runner [-] Starting a worker. concurrency: 1 args: {"network_create_args": null, "subnet_create_args": null, "subnet_cidr_start": "1.1.0.0/30", "subnets_per_network": 2, "router_create_args": null} times: 40 method_name: run timeout: 0 duration: None cls:
2020-03-08 22:36:08.855 2693 INFO rally.task.runner [-] Task 292c560a-1dd2-413e-8e85-9dab898c6bbe | ITER: 11 START
2020-03-08 22:36:08.856 2701 RALLYDEBUG rally.task.runner [-] Starting a worker. concurrency: 1 args: {"network_create_args": null, "subnet_create_args": null, "subnet_cidr_start": "1.1.0.0/30", "subnets_per_network": 2, "router_create_args": null} times: 40 method_name: run timeout: 0 duration: None cls:
2020-03-08 22:36:08.857 2689 INFO rally.task.runner [-] Task 292c560a-1dd2-413e-8e85-9dab898c6bbe | ITER: 10 START
2020-03-08 22:36:08.859 2696 INFO rally.task.runner [-] Task 292c560a-1dd2-413e-8e85-9dab898c6bbe | ITER: 12 START
2020-03-08 22:36:08.859 2702 RALLYDEBUG rally.task.runner [-] Starting a worker. concurrency: 1 args: {"network_create_args": null, "subnet_create_args": null, "subnet_cidr_start": "1.1.0.0/30", "subnets_per_network": 2, "router_create_args": null} times: 40 method_name: run timeout: 0 duration: None cls:
2020-03-08 22:36:08.862 2701 INFO rally.task.runner [-] Task 292c560a-1dd2-413e-8e85-9dab898c6bbe | ITER: 13 START
2020-03-08 22:36:08.863 2707 RALLYDEBUG rally.task.runner [-] Starting a worker. concurrency: 1 args: {"network_create_args": null, "subnet_create_args": null, "subnet_cidr_start": "1.1.0.0/30", "subnets_per_network": 2, "router_create_args": null} times: 40 method_name: run timeout: 0 duration: None cls:
2020-03-08 22:36:08.864 2702 INFO rally.task.runner [-] Task 292c560a-1dd2-413e-8e85-9dab898c6bbe | ITER: 14 START
