2020-03-08 22:50:56.752 15 RALLYDEBUG rally_openstack.cleanup.manager [-] Deleting neutron.port object s_rally_95803daf_kYzuOz75 (bdfca302-180e-459b-a5b4-de324cc186c7)
2020-03-08 22:50:56.839 15 RALLYDEBUG rally_openstack.cleanup.manager [-] Deleting neutron.port object s_rally_95803daf_eNWNiD43 (be4a7c08-9fe0-489d-8b48-b924efed76ca)
2020-03-08 22:50:56.871 15 RALLYDEBUG rally_openstack.cleanup.manager [-] Deleting neutron.port object s_rally_95803daf_G76FYbG3 (be636813-6603-4e4d-a14e-944a14ef2bc8)
2020-03-08 22:50:56.899 15 RALLYDEBUG rally_openstack.cleanup.manager [-] Deleting neutron.port object s_rally_95803daf_kx2pwzQa (bea8c5b6-c247-4b8f-8208-5983d9e838d3)
2020-03-08 22:50:56.903 15 RALLYDEBUG rally_openstack.cleanup.manager [-] Deleting neutron.port object s_rally_95803daf_uzznvspj (bebdec78-a28a-4514-9b1a-de27fced6608)
2020-03-08 22:50:57.082 15 RALLYDEBUG rally_openstack.cleanup.manager [-] Deleting neutron.port object s_rally_95803daf_mollbOp8 (bf490a5b-5e6b-4562-948b-0a5d94f77507)
2020-03-08 22:50:57.477 15 RALLYDEBUG rally_openstack.cleanup.manager [-] Deleting neutron.port object s_rally_95803daf_DfmdCBqk (bff05011-1de1-4f46-9f80-62fde7f34832)
2020-03-08 22:50:57.482 15 RALLYDEBUG rally_openstack.cleanup.manager [-] Deleting neutron.port object s_rally_95803daf_9lHRd7d3 (c0102a37-ec31-4afb-9bde-cc06b3ab1b89)
2020-03-08 22:50:57.475 15 RALLYDEBUG rally_openstack.cleanup.manager [-] Deleting neutron.port object s_rally_95803daf_LTOgSK86 (c0749fbe-0ac1-4894-82a4-fae523f0ceb6)
2020-03-08 22:50:57.488 15 RALLYDEBUG rally_openstack.cleanup.manager [-] Deleting neutron.port object s_rally_95803daf_nqb40vhp (c0efd9d9-1070-48dd-bd4b-4bf7fe85fff8)
2020-03-08 22:50:57.579 15 RALLYDEBUG rally_openstack.cleanup.manager [-] Deleting neutron.port object s_rally_95803daf_tcflk6xF (c12ac61c-c4e8-4a5f-8639-c7e6215efbec)
2020-03-08 22:50:57.583 15 RALLYDEBUG rally_openstack.cleanup.manager [-] Deleting neutron.port object s_rally_95803daf_z04pKRz9 (c15b8fba-b131-447e-af31-74f4b223244b)
2020-03-08 22:50:57.771 15 RALLYDEBUG rally_openstack.cleanup.manager [-] Deleting neutron.port object s_rally_95803daf_4HF0ejPi (c1729a5a-8964-438c-90cb-4851c47ee7c4)
2020-03-08 22:50:57.988 15 RALLYDEBUG rally_openstack.cleanup.manager [-] Deleting neutron.port object s_rally_95803daf_7ym6ydVB (c23c88a8-8b42-40f7-af5a-1b76ec4b17df)
2020-03-08 22:50:58.084 15 RALLYDEBUG rally_openstack.cleanup.manager [-] Deleting neutron.port object s_rally_95803daf_2hljUBIo (c3d324a4-51a1-410d-8ee2-53fb2885bd6d)
2020-03-08 22:50:58.108 15 RALLYDEBUG rally_openstack.cleanup.manager [-] Deleting neutron.port object s_rally_95803daf_7zJOGGYS (c794a0ca-6591-46d8-bf2e-0e121421b390)
2020-03-08 22:50:58.192 15 RALLYDEBUG rally_openstack.cleanup.manager [-] Deleting neutron.port object s_rally_95803daf_jzyIYVpT (c7b1b923-6bdb-46fa-bfa0-b7c03bddebd3)
2020-03-08 22:50:58.354 15 RALLYDEBUG rally_openstack.cleanup.manager [-] Deleting neutron.port object s_rally_95803daf_aSJ8rST1 (c7cf008d-7c55-4b75-9890-8f51343ed3f1)
2020-03-08 22:50:58.479 15 RALLYDEBUG rally_openstack.cleanup.manager [-] Deleting neutron.port object s_rally_95803daf_3beFItee (c860e42b-711c-4893-89a6-360347b8b35d)
2020-03-08 22:50:58.724 15 RALLYDEBUG rally_openstack.cleanup.manager [-] Deleting neutron.port object s_rally_95803daf_mmkAkFmz (c91ae896-d22f-4c9f-a9fb-2c0de0af97f8)
2020-03-08 22:50:58.797 15 RALLYDEBUG rally_openstack.cleanup.manager [-] Deleting neutron.port object s_rally_95803daf_7TQ3ZcHC (c92cd12e-16b4-4b6f-93fb-5cb9e77f0f66)
2020-03-08 22:50:58.834 15 RALLYDEBUG rally_openstack.cleanup.manager [-] Deleting neutron.port object s_rally_95803daf_MN05qxEr (c9aa48c0-8656-4e8b-86e5-3baacf546648)
2020-03-08 22:50:58.895 15 RALLYDEBUG rally_openstack.cleanup.manager [-] Deleting neutron.port object s_rally_95803daf_Aaz1R497 (cac7b7b4-21d9-4e85-96bc-a838a81d2a71)
2020-03-08 22:50:58.900 15 RALLYDEBUG rally_openstack.cleanup.manager [-] Deleting neutron.port object s_rally_95803daf_TxEadKWb (cbc37e43-c39f-4e73-8e16-456851705309)
2020-03-08 22:50:58.924 15 RALLYDEBUG rally_openstack.cleanup.manager [-] Deleting neutron.port object s_rally_95803daf_hrkZn607 (cc00ee75-258a-443d-b357-b74c8ffa30e6)
2020-03-08 22:50:59.167 15 RALLYDEBUG rally_openstack.cleanup.manager [-] Deleting neutron.port object s_rally_95803daf_oseTG7kp (cc2ecb86-c95f-4aaa-8e01-e8d5285c4a7f)
2020-03-08 22:50:59.239 15 RALLYDEBUG rally_openstack.cleanup.manager [-] Deleting neutron.port object s_rally_95803daf_Fk0Uv6rW (cc589685-5d94-4981-8593-2588d4d0621e)
2020-03-08 22:50:59.310 15 RALLYDEBUG rally_openstack.cleanup.manager [-] Deleting neutron.port object s_rally_95803daf_vd5KkeIY (cd151df5-efdd-4163-9920-5666ceef3e37)
2020-03-08 22:50:59.319 15 RALLYDEBUG rally_openstack.cleanup.manager [-] Deleting neutron.port object s_rally_95803daf_Z5vWBojm (cd72fd9e-288e-4f3f-b2f6-66e3dbbfe93f)
2020-03-08 22:50:59.380 15 RALLYDEBUG rally_openstack.cleanup.manager [-] Deleting neutron.port object s_rally_95803daf_Qm9MEhZ2 (cdf462ab-5d79-4a14-8d9d-4a206b10da7c)
2020-03-08 22:50:59.403 15 RALLYDEBUG rally_openstack.cleanup.manager [-] Deleting neutron.port object s_rally_95803daf_c6JaBz6Z (ce06f6a8-68a4-4834-877f-8952de2c52a1)
2020-03-08 22:50:59.565 15 RALLYDEBUG rally_openstack.cleanup.manager [-] Deleting neutron.port object s_rally_95803daf_vwiTDiJH (ce1d84a2-085c-4d3e-b2d3-1dc9fdbc69b8)
2020-03-08 22:50:59.757 15 RALLYDEBUG rally_openstack.cleanup.manager [-] Deleting neutron.port object s_rally_95803daf_IGSLSdZa (cebd594a-ae57-404a-96ba-80c094565810)
2020-03-08 22:50:59.762 15 RALLYDEBUG rally_openstack.cleanup.manager [-] Deleting neutron.port object s_rally_95803daf_lWtbwaQy (cee7c65a-0410-4959-b2a9-27eba9bca841)
2020-03-08 22:51:00.159 15 RALLYDEBUG rally_openstack.cleanup.manager [-] Deleting neutron.port object s_rally_95803daf_DXWHiRwN (cfd18687-be78-4c53-a639-1defa44a1b19)
2020-03-08 22:51:00.166 15 RALLYDEBUG rally_openstack.cleanup.manager [-] Deleting neutron.port object s_rally_95803daf_qNlhTfoa (d0f31486-c135-4e21-976c-93ad6b231302)
2020-03-08 22:51:00.391 15 RALLYDEBUG rally_openstack.cleanup.manager [-] Deleting neutron.port object s_rally_95803daf_5GUjc4O2 (d1138928-e4dd-4da8-9b4e-39a68e61d61e)
2020-03-08 22:51:00.475 15 RALLYDEBUG rally_openstack.cleanup.manager [-] Deleting neutron.port object s_rally_95803daf_H824tgN1 (d193080b-86b2-4ad5-96e6-6ed566422139)
2020-03-08 22:51:00.626 15 RALLYDEBUG rally_openstack.cleanup.manager [-] Deleting neutron.port object s_rally_95803daf_ZYXZ8bU2 (d1aa869c-4446-49c7-bb4f-a10adc2d97dd)
2020-03-08 22:51:00.652 15 RALLYDEBUG rally_openstack.cleanup.manager [-] Deleting neutron.port object s_rally_95803daf_PuYj5sLM (d441bd83-3608-4ef9-ad5e-9c4b9916136f)
2020-03-08 22:51:00.695 15 RALLYDEBUG rally_openstack.cleanup.manager [-] Deleting neutron.port object s_rally_95803daf_wy4IK9yC (d5b3bbcc-0219-47ee-ab7a-688fa4ee7795)
2020-03-08 22:51:00.812 15 RALLYDEBUG rally_openstack.cleanup.manager [-] Deleting neutron.port object s_rally_95803daf_CIE1D91U (d5e7568b-ceaf-49ba-b127-cfe0c5cf511d)
2020-03-08 22:51:01.052 15 RALLYDEBUG rally_openstack.cleanup.manager [-] Deleting neutron.port object s_rally_95803daf_RlVfqNH6 (d611beb4-fa91-4231-937a-cdb61aca0b2e)
2020-03-08 22:51:01.361 15 RALLYDEBUG rally_openstack.cleanup.manager [-] Deleting neutron.port object s_rally_95803daf_WCmyZ1Vn (d64c68c9-ef99-4b89-88ae-766bc65d0436)
2020-03-08 22:51:01.406 15 RALLYDEBUG rally_openstack.cleanup.manager [-] Deleting neutron.port object s_rally_95803daf_ZiuDFpX5 (d6ee6f3a-cac5-438d-a5ac-621eddf2898b)
2020-03-08 22:51:01.407 15 RALLYDEBUG rally_openstack.cleanup.manager [-] Deleting neutron.port object s_rally_95803daf_BnlogKO6 (d6dc88c5-e72c-4d7c-a4c8-72db495b12cb)
2020-03-08 22:51:01.483 15 RALLYDEBUG rally_openstack.cleanup.manager [-] Deleting neutron.port object s_rally_95803daf_Y09kYyIa (d712974a-6efe-4707-a2f6-d866b171c0f6)
2020-03-08 22:51:01.590 15 RALLYDEBUG rally_openstack.cleanup.manager [-] Deleting neutron.port object s_rally_95803daf_Auq7LJGS (d7691a25-de49-4ba9-b5c6-4aa199a0a82a)
2020-03-08 22:51:01.623 15 RALLYDEBUG rally_openstack.cleanup.manager [-] Deleting neutron.port object s_rally_95803daf_upEwTBJG (d844b258-d7f4-46f8-be5c-396f4d2dc297)
2020-03-08 22:51:01.639 15 RALLYDEBUG rally_openstack.cleanup.manager [-] Deleting neutron.port object s_rally_95803daf_1VwEgXwd (d95883c1-5628-4888-9adf-27ae68cc5f68)
2020-03-08 22:51:01.753 15 RALLYDEBUG rally_openstack.cleanup.manager [-] Deleting neutron.port object s_rally_95803daf_3dkr1DOC (d9e0d2c3-0a9c-47b0-b163-52c179f5a80f)
2020-03-08 22:51:01.822 15 RALLYDEBUG rally_openstack.cleanup.manager [-] Deleting neutron.port object s_rally_95803daf_ARznfknf (da617f5a-badb-4d0d-a691-2a5ef5cf05a6)
2020-03-08 22:51:01.903 15 RALLYDEBUG rally_openstack.cleanup.manager [-] Deleting neutron.port object s_rally_95803daf_6kV7BUqB (dae76c4a-2025-459b-b60a-0321bf38756c)
2020-03-08 22:51:02.059 15 RALLYDEBUG rally_openstack.cleanup.manager [-] Deleting neutron.port object s_rally_95803daf_j8bBh80Y (dc0731a0-631f-4eaf-a037-02faf1dc92e3)
2020-03-08 22:51:02.219 15 RALLYDEBUG rally_openstack.cleanup.manager [-] Deleting neutron.port object s_rally_95803daf_WFXl4NDn (dcad0ad2-4aa9-41ad-b774-f7fa6376f06f)
2020-03-08 22:51:02.398 15 RALLYDEBUG rally_openstack.cleanup.manager [-] Deleting neutron.port object s_rally_95803daf_6p5RG59A (dd8bcc49-b086-4e64-86dc-2fefaedc4e35)
2020-03-08 22:51:02.437 15 RALLYDEBUG rally_openstack.cleanup.manager [-] Deleting neutron.port object s_rally_95803daf_VhUgBhxm (ddcd5092-9cd3-457a-9144-fc0bdb83c450)
2020-03-08 22:51:02.981 15 RALLYDEBUG rally_openstack.cleanup.manager [-] Deleting neutron.port object s_rally_95803daf_pTSqOSSd (dec38be4-6426-405f-a87b-ac0ef205c7aa)
2020-03-08 22:51:03.012 15 RALLYDEBUG rally_openstack.cleanup.manager [-] Deleting neutron.port object s_rally_95803daf_WBrp590n (df859c24-37e0-44b7-a8af-95191c339c01)
2020-03-08 22:51:03.106 15 RALLYDEBUG rally_openstack.cleanup.manager [-] Deleting neutron.port object s_rally_95803daf_RRbNQOFJ (e020c639-c5bc-4eff-b79a-b46a90bbcabe)
2020-03-08 22:51:03.293 15 RALLYDEBUG rally_openstack.cleanup.manager [-] Deleting neutron.port object s_rally_95803daf_CbiqyIoM (e070397d-261e-4144-aeb3-f68600a60849)
2020-03-08 22:51:03.362 15 RALLYDEBUG rally_openstack.cleanup.manager [-] Deleting neutron.port object s_rally_95803daf_SpyzLs05 (e0ca4a1d-3a41-44d6-817c-1cac7125088b)
2020-03-08 22:51:03.387 15 RALLYDEBUG rally_openstack.cleanup.manager [-] Deleting neutron.port object s_rally_95803daf_PEZDPIcu (e16395f5-978f-4250-a88d-8e11f9220e95)
2020-03-08 22:51:03.433 15 RALLYDEBUG rally_openstack.cleanup.manager [-] Deleting neutron.port object s_rally_95803daf_otfmvtPa (e2250547-28d5-4d66-908a-589541bd393c)
2020-03-08 22:51:03.437 15 RALLYDEBUG rally_openstack.cleanup.manager [-] Deleting neutron.port object s_rally_95803daf_vyDWUeiw (e230276c-fe65-426f-83ae-5df2d1f28ff0)
2020-03-08 22:51:03.472 15 RALLYDEBUG rally_openstack.cleanup.manager [-] Deleting neutron.port object s_rally_95803daf_OfMkhLLn (e3a8ded1-67f2-4fb6-952a-39fbd9172fbe)
2020-03-08 22:51:03.487 15 RALLYDEBUG rally_openstack.cleanup.manager [-] Deleting neutron.port object s_rally_95803daf_TRcpmReJ (e44267df-acb9-46d6-97d0-bdc4842e42ea)
2020-03-08 22:51:03.648 15 RALLYDEBUG rally_openstack.cleanup.manager [-] Deleting neutron.port object s_rally_95803daf_nNp0h206 (e47bc0f7-23f0-4386-bb55-8b7db933cfe5)
2020-03-08 22:51:03.680 15 RALLYDEBUG rally_openstack.cleanup.manager [-] Deleting neutron.port object s_rally_95803daf_yVdocXbP (e488b766-d36f-4d1e-a629-6a034b0b0eec)
2020-03-08 22:51:03.776 15 RALLYDEBUG rally_openstack.cleanup.manager [-] Deleting neutron.port object s_rally_95803daf_m9QKVzWj (e5339011-6dc3-436f-a91e-3af97f7c7ac8)
2020-03-08 22:51:03.900 15 RALLYDEBUG rally_openstack.cleanup.manager [-] Deleting neutron.port object s_rally_95803daf_f15guJw0 (e5e62bd5-c85d-4598-95b5-1157de3000a2)
2020-03-08 22:51:03.982 15 RALLYDEBUG rally_openstack.cleanup.manager [-] Deleting neutron.port object s_rally_95803daf_rHGRYXot (e5e81d59-2e3d-4cbb-90c2-f3b5dd83587b)
2020-03-08 22:51:04.012 15 RALLYDEBUG rally_openstack.cleanup.manager [-] Deleting neutron.port object s_rally_95803daf_DBfaFN0p (e6985913-2900-4be2-a2a2-ce516779c084)
2020-03-08 22:51:04.091 15 RALLYDEBUG rally_openstack.cleanup.manager [-] Deleting neutron.port object s_rally_95803daf_pNBFBrSZ (e6d3096b-0925-41cb-a5b9-daad995c724a)
2020-03-08 22:51:04.124 15 RALLYDEBUG rally_openstack.cleanup.manager [-] Deleting neutron.port object s_rally_95803daf_jWlui9nw (e735e108-fbd1-4d88-a709-24fc749dcfc9)
2020-03-08 22:51:04.133 15 RALLYDEBUG rally_openstack.cleanup.manager [-] Deleting neutron.port object s_rally_95803daf_tVcCU41Y (e96dd05b-5d26-4f16-8d8c-d0575b0595f2)
2020-03-08 22:51:04.139 15 RALLYDEBUG rally_openstack.cleanup.manager [-] Deleting neutron.port object s_rally_95803daf_5x9OC3hB (e8e475ed-847d-454a-92fd-fd8417bd1e82)
2020-03-08 22:51:04.671 15 RALLYDEBUG rally_openstack.cleanup.manager [-] Deleting neutron.port object s_rally_95803daf_auaWHhC6 (e970df69-f86e-4573-8382-164a9953777f)
2020-03-08 22:51:04.896 15 RALLYDEBUG rally_openstack.cleanup.manager [-] Deleting neutron.port object s_rally_95803daf_1h4FU5AT (eae22c8a-a92c-45d4-99bf-458f8c8fc3ab)
2020-03-08 22:51:04.922 15 RALLYDEBUG rally_openstack.cleanup.manager [-] Deleting neutron.port object s_rally_95803daf_LiA7IxgO (eb7ea36c-1ac5-4bf5-9dfa-8f8f6e74daf9)
2020-03-08 22:51:05.156 15 RALLYDEBUG rally_openstack.cleanup.manager [-] Deleting neutron.port object s_rally_95803daf_5GcquvcV (ec31d157-48b3-413d-ab18-6fb14ed034f2)
2020-03-08 22:51:05.238 15 RALLYDEBUG rally_openstack.cleanup.manager [-] Deleting neutron.port object s_rally_95803daf_JMhUcqT5 (eca01cf1-fc69-4519-9f4d-ad8d78eb75fc)
2020-03-08 22:51:05.636 15 RALLYDEBUG rally_openstack.cleanup.manager [-] Deleting neutron.port object s_rally_95803daf_xSsAgPdi (ed02a112-843e-4542-b912-e5be3f56c85c)
2020-03-08 22:51:05.791 15 RALLYDEBUG rally_openstack.cleanup.manager [-] Deleting neutron.port object s_rally_95803daf_Lpg7hg1n (ed055a18-af5d-4015-9369-00d880930753)
2020-03-08 22:51:05.795 15 RALLYDEBUG rally_openstack.cleanup.manager [-] Deleting neutron.port object s_rally_95803daf_rQmXny2S (ed100caf-7f98-4f3e-8fc4-00558faccca1)
2020-03-08 22:51:05.847 15 RALLYDEBUG rally_openstack.cleanup.manager [-] Deleting neutron.port object s_rally_95803daf_ICYq5t0E (ee6dfda5-7805-4a78-9b16-47c7e999a573)
2020-03-08 22:51:05.925 15 RALLYDEBUG rally_openstack.cleanup.manager [-] Deleting neutron.port object s_rally_95803daf_ClVmCD94 (eedd6a0b-a98b-4d51-9d1a-45f29ab30aaf)
2020-03-08 22:51:05.932 15 RALLYDEBUG rally_openstack.cleanup.manager [-] Deleting neutron.port object s_rally_95803daf_rozLfV3h (eef01977-33f7-4b77-acb2-02f9fe16d69d)
2020-03-08 22:51:05.966 15 RALLYDEBUG rally_openstack.cleanup.manager [-] Deleting neutron.port object s_rally_95803daf_rrHbVgMg (eefa7b4a-b151-4d9a-b09d-a98d14bbbccf)
2020-03-08 22:51:05.991 15 RALLYDEBUG rally_openstack.cleanup.manager [-] Deleting neutron.port object s_rally_95803daf_gvW3XblV (eeff1b11-54a0-462b-b91d-ffab61206ff1)
2020-03-08 22:51:06.151 15 RALLYDEBUG rally_openstack.cleanup.manager [-] Deleting neutron.port object s_rally_95803daf_tEAWXCQd (ef5c3f89-a6d7-4f97-b734-58558f305bb5)
2020-03-08 22:51:06.194 15 RALLYDEBUG rally_openstack.cleanup.manager [-] Deleting neutron.port object s_rally_95803daf_BX8luDog (efba2ed8-ca12-4ea6-81c5-21df1bdcd7f6)
2020-03-08 22:51:06.254 15 RALLYDEBUG rally_openstack.cleanup.manager [-] Deleting neutron.port object s_rally_95803daf_gh6XOKE6 (f20dc1c3-d5ba-4b4b-b0fe-cd222442ce08)
2020-03-08 22:51:06.258 15 RALLYDEBUG rally_openstack.cleanup.manager [-] Deleting neutron.port object s_rally_95803daf_MnF95UNP (f2a6dffb-11be-4cc1-8d53-0d249bec1e93)
2020-03-08 22:51:06.370 15 RALLYDEBUG rally_openstack.cleanup.manager [-] Deleting neutron.port object s_rally_95803daf_gwslzlMz (f3253129-87af-45e8-874e-b3334db10512)
2020-03-08 22:51:06.525 15 RALLYDEBUG rally_openstack.cleanup.manager [-] Deleting neutron.port object s_rally_95803daf_HeZcot12 (f32aae9d-7d41-47d0-801c-706c391c078c)
2020-03-08 22:51:06.530 15 RALLYDEBUG rally_openstack.cleanup.manager [-] Deleting neutron.port object s_rally_95803daf_9nez1RNE (f3ee55b6-7b39-427f-9bf6-4327e3f7a506)
2020-03-08 22:51:06.553 15 RALLYDEBUG rally_openstack.cleanup.manager [-] Deleting neutron.port object s_rally_95803daf_wSDyOWoC (f3f61148-5ad7-49ed-a2ac-e44ce997286b)
2020-03-08 22:51:06.586 15 RALLYDEBUG rally_openstack.cleanup.manager [-] Deleting neutron.port object s_rally_95803daf_n93VOyIn (f4d43d92-0f7f-41f1-b9d2-801167527a69)
2020-03-08 22:51:06.679 15 RALLYDEBUG rally_openstack.cleanup.manager [-] Deleting neutron.port object s_rally_95803daf_zmMtpuGx (f54c7c69-629e-4c71-acba-6c3ab8e24254)
2020-03-08 22:51:06.837 15 RALLYDEBUG rally_openstack.cleanup.manager [-] Deleting neutron.port object s_rally_95803daf_4GGaZ8Yg (f669ea5e-512c-43a4-869a-662429031d0f)
2020-03-08 22:51:07.011 15 RALLYDEBUG rally_openstack.cleanup.manager [-] Deleting neutron.port object s_rally_95803daf_o1x4qXwE (f89ffa74-e484-4945-9541-e5c0eee5216c)
2020-03-08 22:51:07.574 15 RALLYDEBUG rally_openstack.cleanup.manager [-] Deleting neutron.port object s_rally_95803daf_l7AkyFpy (f8ffba22-52b3-4c3d-aa6b-bef8c57d6734)
2020-03-08 22:51:07.735 15 RALLYDEBUG rally_openstack.cleanup.manager [-] Deleting neutron.port object s_rally_95803daf_4N6zc8V1 (fa046aba-25ad-4095-a383-29bf883d523a)
2020-03-08 22:51:07.753 15 RALLYDEBUG rally_openstack.cleanup.manager [-] Deleting neutron.port object s_rally_95803daf_VvTGk6wR (fa40fe72-7433-4974-88e7-f1af7b9a1b57)
2020-03-08 22:51:07.803 15 RALLYDEBUG rally_openstack.cleanup.manager [-] Deleting neutron.port object s_rally_95803daf_Ul5sbU3M (fa530bc6-c671-4800-b2e8-7696860daa63)
2020-03-08 22:51:07.807 15 RALLYDEBUG rally_openstack.cleanup.manager [-] Deleting neutron.port object s_rally_95803daf_uLDin8PR (fa9082a0-61aa-4245-bc55-9a0c97d3adcf)
2020-03-08 22:51:07.816 15 RALLYDEBUG rally_openstack.cleanup.manager [-] Deleting neutron.port object s_rally_95803daf_GfE77UVT (fb526def-2dc2-4e14-b8f1-a33031e5c828)
2020-03-08 22:51:07.842 15 RALLYDEBUG rally_openstack.cleanup.manager [-] Deleting neutron.port object s_rally_95803daf_KXAFhZNa (fb56b50f-fda7-49a3-a6f8-891935b9303a)
2020-03-08 22:51:07.981 15 RALLYDEBUG rally_openstack.cleanup.manager [-] Deleting neutron.port object s_rally_95803daf_mMLKQgBA (fb704d33-43c6-4b85-973a-ada3e9f1e907)
2020-03-08 22:51:08.087 15 RALLYDEBUG rally_openstack.cleanup.manager [-] Deleting neutron.port object s_rally_95803daf_iBuZZOfM (fc1e6be8-7bdc-43b4-9504-1161051e1f6d)
2020-03-08 22:51:08.502 15 RALLYDEBUG rally_openstack.cleanup.manager [-] Deleting neutron.port object s_rally_95803daf_1dy0S8PG (fc419bd0-5a09-415f-8e5d-2075efdf90fb)
2020-03-08 22:51:08.535 15 RALLYDEBUG rally_openstack.cleanup.manager [-] Deleting neutron.port object s_rally_95803daf_cFnvBF53 (fde2070f-5bc7-4185-a3cb-2a85cd731e5d)
2020-03-08 22:51:08.539 15 RALLYDEBUG rally_openstack.cleanup.manager [-] Deleting neutron.port object s_rally_95803daf_KInPEVes (feb482c7-b9b6-4d89-aef7-a4914f173dd8)
2020-03-08 22:51:08.575 15 RALLYDEBUG rally_openstack.cleanup.manager [-] Deleting neutron.port object s_rally_95803daf_njkgTfe1 (feffd559-607d-4a4b-a435-d8c96e2ce6ac)
2020-03-08 22:51:08.655 15 RALLYDEBUG rally_openstack.cleanup.manager [-] Deleting neutron.port object s_rally_95803daf_eCkGnBah (ff775b93-04b0-413e-98c5-14a1d257b1bf)
2020-03-08 22:51:11.045 15 RALLYDEBUG rally_openstack.cleanup.manager [-] Cleaning up neutron subnet objects
2020-03-08 22:51:11.232 15 RALLYDEBUG rally_openstack.cleanup.manager [-] Cleaning up neutron network objects
2020-03-08 22:51:11.594 15 RALLYDEBUG rally_openstack.cleanup.manager [-] Deleting neutron.network object s_rally_95803daf_Lo0ng6Og (01d92e52-5dc6-48f9-8a69-007bb972ed8c)
2020-03-08 22:51:11.603 15 RALLYDEBUG rally_openstack.cleanup.manager [-] Deleting neutron.network object s_rally_95803daf_mfoZqvbt (2ae35a44-8cea-4e60-9bb2-e6894f9117f1)
2020-03-08 22:51:11.608 15 RALLYDEBUG rally_openstack.cleanup.manager [-] Deleting neutron.network object s_rally_95803daf_EVwUKlzF (9cff6ee1-85e1-41f9-9054-5b8813f247b4)
2020-03-08 22:51:11.623 15 RALLYDEBUG rally_openstack.cleanup.manager [-] Deleting neutron.network object s_rally_95803daf_qwQ5t0O6 (a19e6013-4977-4bfa-bef1-d24e0bf9e43a)
2020-03-08 22:51:11.633 15 RALLYDEBUG rally_openstack.cleanup.manager [-] Deleting neutron.network object s_rally_95803daf_tUFAOgQr (ce363937-4a52-45c6-97dd-a7252dc09944)
2020-03-08 22:51:11.645 15 RALLYDEBUG rally_openstack.cleanup.manager [-] Deleting neutron.network object s_rally_95803daf_mofvS4lf (d0dbe89c-d8bd-4a22-950a-52517550eaae)
2020-03-08 22:51:11.663 15 RALLYDEBUG rally_openstack.cleanup.manager [-] Deleting neutron.network object s_rally_95803daf_fgTySuUV (dcaf048f-c34d-48f4-888c-c2c66b5ffcd6)
2020-03-08 22:51:11.692 15 RALLYDEBUG rally_openstack.cleanup.manager [-] Deleting neutron.network object s_rally_95803daf_kquDqkHw (e0dd4fe9-0a3e-4d31-bd41-e32e3345a1ae)
2020-03-08 22:51:15.135 15 RALLYDEBUG rally_openstack.cleanup.manager [-] Cleaning up neutron router objects
2020-03-08 22:51:15.340 15 RALLYDEBUG rally_openstack.cleanup.manager [-] Cleaning up neutron security_group objects
2020-03-08 22:51:15.668 15 INFO rally.task.context [-] Task 292c560a-1dd2-413e-8e85-9dab898c6bbe | Context cleanup@openstack cleanup() finished in 1.01 min
2020-03-08 22:51:15.669 15 INFO rally.task.context [-] Task 292c560a-1dd2-413e-8e85-9dab898c6bbe | Context quotas@openstack cleanup() started
2020-03-08 22:51:15.772 15 INFO rally.task.context [-] Task 292c560a-1dd2-413e-8e85-9dab898c6bbe | Context quotas@openstack cleanup() finished in 0.10 sec
2020-03-08 22:51:15.773 15 INFO rally.task.context [-] Task 292c560a-1dd2-413e-8e85-9dab898c6bbe | Context users@openstack cleanup() started
2020-03-08 22:51:17.089 15 INFO rally.task.context [-] Task 292c560a-1dd2-413e-8e85-9dab898c6bbe | Context users@openstack cleanup() finished in 1.32 sec
2020-03-08 22:51:17.156 15 INFO rally.task.engine [-] Load duration is: 175.487123
2020-03-08 22:51:17.156 15 INFO rally.task.engine [-] Full runner duration is: 175.530724
2020-03-08 22:51:17.156 15 INFO rally.task.engine [-] Full duration is: 238.980301
2020-03-08 22:51:17.227 15 INFO rally.task.engine [-] Running workload: position = 1 config = { "version": 2, "title": "A cropped version of a bigger task.", "description": "Auto-generated task from a single workload (uuid=26774290-1384-4c67-b52a-90eb1d823a3d)", "subtasks": [ { "title": "NeutronNetworks.create_and_update_ports", "description": "Create and update a given number of ports.", "scenario": { "NeutronNetworks.create_and_update_ports": { "network_create_args": {}, "port_create_args": {}, "ports_per_network": 5, "port_update_args": { "admin_state_up": false, "device_id": "dummy_id", "device_owner": "dummy_owner", "name": "_port_updated" } } }, "contexts": { "users": { "tenants": 1, "users_per_tenant": 1 }, "quotas": { "neutron": { "network": -1, "port": -1 } } }, "runner": { "constant": { "times": 40, "concurrency": 20 } }, "hooks": [], "sla": { "failure_rate": { "max": 0 } } } ] }
2020-03-08 22:51:17.246 15 RALLYDEBUG rally_openstack.contexts.keystone.users [-] Creating 1 tenants using 20 threads
2020-03-08 22:51:17.625 15 RALLYDEBUG rally_openstack.contexts.keystone.users [-] Creating 1 users using 20 threads
2020-03-08 22:51:18.095 15 INFO rally.task.context [-] Task 292c560a-1dd2-413e-8e85-9dab898c6bbe | Context users@openstack setup() finished in 0.85 sec
2020-03-08 22:51:18.570 15 INFO rally.task.context [-] Task 292c560a-1dd2-413e-8e85-9dab898c6bbe | Context quotas@openstack setup() finished in 0.47 sec
2020-03-08 22:51:18.570 15 INFO rally.task.context [-] Task 292c560a-1dd2-413e-8e85-9dab898c6bbe | Context cleanup@openstack setup() finished in 0.01 msec
2020-03-08 22:51:18.580 15 RALLYDEBUG rally.task.runner [-] Starting the constant runner (task UUID: 292c560a-1dd2-413e-8e85-9dab898c6bbe). timeout: 0 concurrency: 20 concurrency_per_worker: 1 times: 40 concurrency_overhead: 0 processes_to_start: 20 max_cpu_used: 88
2020-03-08 22:51:18.594 4199 RALLYDEBUG rally.task.runner [-] Starting a worker. concurrency: 1 args: {"network_create_args": {}, "port_create_args": {}, "ports_per_network": 5, "port_update_args": {"admin_state_up": false, "device_id": "dummy_id", "device_owner": "dummy_owner", "name": "_port_updated"}} times: 40 method_name: run timeout: 0 duration: None cls:
2020-03-08 22:51:18.599 4200 RALLYDEBUG rally.task.runner [-] Starting a worker. concurrency: 1 args: {"network_create_args": {}, "port_create_args": {}, "ports_per_network": 5, "port_update_args": {"admin_state_up": false, "device_id": "dummy_id", "device_owner": "dummy_owner", "name": "_port_updated"}} times: 40 method_name: run timeout: 0 duration: None cls:
2020-03-08 22:51:18.600 4201 RALLYDEBUG rally.task.runner [-] Starting a worker. concurrency: 1 args: {"network_create_args": {}, "port_create_args": {}, "ports_per_network": 5, "port_update_args": {"admin_state_up": false, "device_id": "dummy_id", "device_owner": "dummy_owner", "name": "_port_updated"}} times: 40 method_name: run timeout: 0 duration: None cls:
2020-03-08 22:51:18.604 4202 RALLYDEBUG rally.task.runner [-] Starting a worker. concurrency: 1 args: {"network_create_args": {}, "port_create_args": {}, "ports_per_network": 5, "port_update_args": {"admin_state_up": false, "device_id": "dummy_id", "device_owner": "dummy_owner", "name": "_port_updated"}} times: 40 method_name: run timeout: 0 duration: None cls:
2020-03-08 22:51:18.606 4200 INFO rally.task.runner [-] Task 292c560a-1dd2-413e-8e85-9dab898c6bbe | ITER: 2 START
2020-03-08 22:51:18.607 4200 WARNING rally_openstack.scenarios.neutron.utils [-] Running this scenario without either the 'network' or 'existing_network' context is deprecated
2020-03-08 22:51:18.607 4199 INFO rally.task.runner [-] Task 292c560a-1dd2-413e-8e85-9dab898c6bbe | ITER: 1 START
2020-03-08 22:51:18.607 4201 INFO rally.task.runner [-] Task 292c560a-1dd2-413e-8e85-9dab898c6bbe | ITER: 3 START
2020-03-08 22:51:18.607 4203 RALLYDEBUG rally.task.runner [-] Starting a worker. concurrency: 1 args: {"network_create_args": {}, "port_create_args": {}, "ports_per_network": 5, "port_update_args": {"admin_state_up": false, "device_id": "dummy_id", "device_owner": "dummy_owner", "name": "_port_updated"}} times: 40 method_name: run timeout: 0 duration: None cls:
2020-03-08 22:51:18.608 4199 WARNING rally_openstack.scenarios.neutron.utils [-] Running this scenario without either the 'network' or 'existing_network' context is deprecated
2020-03-08 22:51:18.608 4201 WARNING rally_openstack.scenarios.neutron.utils [-] Running this scenario without either the 'network' or 'existing_network' context is deprecated
2020-03-08 22:51:18.610 4202 INFO rally.task.runner [-] Task 292c560a-1dd2-413e-8e85-9dab898c6bbe | ITER: 4 START
2020-03-08 22:51:18.610 4205 RALLYDEBUG rally.task.runner [-] Starting a worker. concurrency: 1 args: {"network_create_args": {}, "port_create_args": {}, "ports_per_network": 5, "port_update_args": {"admin_state_up": false, "device_id": "dummy_id", "device_owner": "dummy_owner", "name": "_port_updated"}} times: 40 method_name: run timeout: 0 duration: None cls:
2020-03-08 22:51:18.612 4202 WARNING rally_openstack.scenarios.neutron.utils [-] Running this scenario without either the 'network' or 'existing_network' context is deprecated
2020-03-08 22:51:18.614 4203 INFO rally.task.runner [-] Task 292c560a-1dd2-413e-8e85-9dab898c6bbe | ITER: 5 START
2020-03-08 22:51:18.614 4210 RALLYDEBUG rally.task.runner [-] Starting a worker. concurrency: 1 args: {"network_create_args": {}, "port_create_args": {}, "ports_per_network": 5, "port_update_args": {"admin_state_up": false, "device_id": "dummy_id", "device_owner": "dummy_owner", "name": "_port_updated"}} times: 40 method_name: run timeout: 0 duration: None cls:
2020-03-08 22:51:18.615 4203 WARNING rally_openstack.scenarios.neutron.utils [-] Running this scenario without either the 'network' or 'existing_network' context is deprecated
2020-03-08 22:51:18.617 4205 INFO rally.task.runner [-] Task 292c560a-1dd2-413e-8e85-9dab898c6bbe | ITER: 6 START
2020-03-08 22:51:18.618 4205 WARNING rally_openstack.scenarios.neutron.utils [-] Running this scenario without either the 'network' or 'existing_network' context is deprecated
2020-03-08 22:51:18.619 4213 RALLYDEBUG rally.task.runner [-] Starting a worker. concurrency: 1 args: {"network_create_args": {}, "port_create_args": {}, "ports_per_network": 5, "port_update_args": {"admin_state_up": false, "device_id": "dummy_id", "device_owner": "dummy_owner", "name": "_port_updated"}} times: 40 method_name: run timeout: 0 duration: None cls:
2020-03-08 22:51:18.620 4216 RALLYDEBUG rally.task.runner [-] Starting a worker. concurrency: 1 args: {"network_create_args": {}, "port_create_args": {}, "ports_per_network": 5, "port_update_args": {"admin_state_up": false, "device_id": "dummy_id", "device_owner": "dummy_owner", "name": "_port_updated"}} times: 40 method_name: run timeout: 0 duration: None cls:
2020-03-08 22:51:18.623 4219 RALLYDEBUG rally.task.runner [-] Starting a worker. concurrency: 1 args: {"network_create_args": {}, "port_create_args": {}, "ports_per_network": 5, "port_update_args": {"admin_state_up": false, "device_id": "dummy_id", "device_owner": "dummy_owner", "name": "_port_updated"}} times: 40 method_name: run timeout: 0 duration: None cls:
2020-03-08 22:51:18.626 4213 INFO rally.task.runner [-] Task 292c560a-1dd2-413e-8e85-9dab898c6bbe | ITER: 8 START
2020-03-08 22:51:18.627 4210 INFO rally.task.runner [-] Task 292c560a-1dd2-413e-8e85-9dab898c6bbe | ITER: 7 START
2020-03-08 22:51:18.627 4213 WARNING rally_openstack.scenarios.neutron.utils [-] Running this scenario without either the 'network' or 'existing_network' context is deprecated
2020-03-08 22:51:18.627 4221 RALLYDEBUG rally.task.runner [-] Starting a worker. concurrency: 1 args: {"network_create_args": {}, "port_create_args": {}, "ports_per_network": 5, "port_update_args": {"admin_state_up": false, "device_id": "dummy_id", "device_owner": "dummy_owner", "name": "_port_updated"}} times: 40 method_name: run timeout: 0 duration: None cls:
2020-03-08 22:51:18.628 4210 WARNING rally_openstack.scenarios.neutron.utils [-] Running this scenario without either the 'network' or 'existing_network' context is deprecated
2020-03-08 22:51:18.630 4219 INFO rally.task.runner [-] Task 292c560a-1dd2-413e-8e85-9dab898c6bbe | ITER: 10 START
2020-03-08 22:51:18.629 4223 RALLYDEBUG rally.task.runner [-] Starting a worker. concurrency: 1 args: {"network_create_args": {}, "port_create_args": {}, "ports_per_network": 5, "port_update_args": {"admin_state_up": false, "device_id": "dummy_id", "device_owner": "dummy_owner", "name": "_port_updated"}} times: 40 method_name: run timeout: 0 duration: None cls:
2020-03-08 22:51:18.631 4219 WARNING rally_openstack.scenarios.neutron.utils [-] Running this scenario without either the 'network' or 'existing_network' context is deprecated
2020-03-08 22:51:18.631 4216 INFO rally.task.runner [-] Task 292c560a-1dd2-413e-8e85-9dab898c6bbe | ITER: 9 START
2020-03-08 22:51:18.633 4216 WARNING rally_openstack.scenarios.neutron.utils [-] Running this scenario without either the 'network' or 'existing_network' context is deprecated
2020-03-08 22:51:18.633 4226 RALLYDEBUG rally.task.runner [-] Starting a worker. concurrency: 1 args: {"network_create_args": {}, "port_create_args": {}, "ports_per_network": 5, "port_update_args": {"admin_state_up": false, "device_id": "dummy_id", "device_owner": "dummy_owner", "name": "_port_updated"}} times: 40 method_name: run timeout: 0 duration: None cls:
2020-03-08 22:51:18.636 4230 RALLYDEBUG rally.task.runner [-] Starting a worker. concurrency: 1 args: {"network_create_args": {}, "port_create_args": {}, "ports_per_network": 5, "port_update_args": {"admin_state_up": false, "device_id": "dummy_id", "device_owner": "dummy_owner", "name": "_port_updated"}} times: 40 method_name: run timeout: 0 duration: None cls:
2020-03-08 22:51:18.637 4223 INFO rally.task.runner [-] Task 292c560a-1dd2-413e-8e85-9dab898c6bbe | ITER: 12 START
2020-03-08 22:51:18.638 4223 WARNING rally_openstack.scenarios.neutron.utils [-] Running this scenario without either the 'network' or 'existing_network' context is deprecated
2020-03-08 22:51:18.640 4226 INFO rally.task.runner [-] Task 292c560a-1dd2-413e-8e85-9dab898c6bbe | ITER: 13 START
2020-03-08 22:51:18.640 4221 INFO rally.task.runner [-] Task 292c560a-1dd2-413e-8e85-9dab898c6bbe | ITER: 11 START
2020-03-08 22:51:18.639 4233 RALLYDEBUG rally.task.runner [-] Starting a worker. concurrency: 1 args: {"network_create_args": {}, "port_create_args": {}, "ports_per_network": 5, "port_update_args": {"admin_state_up": false, "device_id": "dummy_id", "device_owner": "dummy_owner", "name": "_port_updated"}} times: 40 method_name: run timeout: 0 duration: None cls:
2020-03-08 22:51:18.641 4226 WARNING rally_openstack.scenarios.neutron.utils [-] Running this scenario without either the 'network' or 'existing_network' context is deprecated
2020-03-08 22:51:18.641 4221 WARNING rally_openstack.scenarios.neutron.utils [-] Running this scenario without either the 'network' or 'existing_network' context is deprecated
2020-03-08 22:51:18.643 4235 RALLYDEBUG rally.task.runner [-] Starting a worker. concurrency: 1 args: {"network_create_args": {}, "port_create_args": {}, "ports_per_network": 5, "port_update_args": {"admin_state_up": false, "device_id": "dummy_id", "device_owner": "dummy_owner", "name": "_port_updated"}} times: 40 method_name: run timeout: 0 duration: None cls:
2020-03-08 22:51:18.643 4230 INFO rally.task.runner [-] Task 292c560a-1dd2-413e-8e85-9dab898c6bbe | ITER: 14 START
2020-03-08 22:51:18.645 4230 WARNING rally_openstack.scenarios.neutron.utils [-] Running this scenario without either the 'network' or 'existing_network' context is deprecated
2020-03-08 22:51:18.646 4233 INFO rally.task.runner [-] Task 292c560a-1dd2-413e-8e85-9dab898c6bbe | ITER: 15 START
2020-03-08 22:51:18.646 4239 RALLYDEBUG rally.task.runner [-] Starting a worker. concurrency: 1 args: {"network_create_args": {}, "port_create_args": {}, "ports_per_network": 5, "port_update_args": {"admin_state_up": false, "device_id": "dummy_id", "device_owner": "dummy_owner", "name": "_port_updated"}} times: 40 method_name: run timeout: 0 duration: None cls:
2020-03-08 22:51:18.647 4233 WARNING rally_openstack.scenarios.neutron.utils [-] Running this scenario without either the 'network' or 'existing_network' context is deprecated
2020-03-08 22:51:18.649 4235 INFO rally.task.runner [-] Task 292c560a-1dd2-413e-8e85-9dab898c6bbe | ITER: 16 START
2020-03-08 22:51:18.648 4244 RALLYDEBUG rally.task.runner [-] Starting a worker. concurrency: 1 args: {"network_create_args": {}, "port_create_args": {}, "ports_per_network": 5, "port_update_args": {"admin_state_up": false, "device_id": "dummy_id", "device_owner": "dummy_owner", "name": "_port_updated"}} times: 40 method_name: run timeout: 0 duration: None cls:
2020-03-08 22:51:18.650 4235 WARNING rally_openstack.scenarios.neutron.utils [-] Running this scenario without either the 'network' or 'existing_network' context is deprecated
2020-03-08 22:51:18.652 4239 INFO rally.task.runner [-] Task 292c560a-1dd2-413e-8e85-9dab898c6bbe | ITER: 17 START
2020-03-08 22:51:18.651 4245 RALLYDEBUG rally.task.runner [-] Starting a worker. concurrency: 1 args: {"network_create_args": {}, "port_create_args": {}, "ports_per_network": 5, "port_update_args": {"admin_state_up": false, "device_id": "dummy_id", "device_owner": "dummy_owner", "name": "_port_updated"}} times: 40 method_name: run timeout: 0 duration: None cls:
2020-03-08 22:51:18.653 4239 WARNING rally_openstack.scenarios.neutron.utils [-] Running this scenario without either the 'network' or 'existing_network' context is deprecated
2020-03-08 22:51:18.654 4244 INFO rally.task.runner [-] Task 292c560a-1dd2-413e-8e85-9dab898c6bbe | ITER: 18 START
2020-03-08 22:51:18.655 4244 WARNING rally_openstack.scenarios.neutron.utils [-] Running this scenario without either the 'network' or 'existing_network' context is deprecated
2020-03-08 22:51:18.656 4250 RALLYDEBUG rally.task.runner [-] Starting a worker. concurrency: 1 args: {"network_create_args": {}, "port_create_args": {}, "ports_per_network": 5, "port_update_args": {"admin_state_up": false, "device_id": "dummy_id", "device_owner": "dummy_owner", "name": "_port_updated"}} times: 40 method_name: run timeout: 0 duration: None cls:
2020-03-08 22:51:18.657 4245 INFO rally.task.runner [-] Task 292c560a-1dd2-413e-8e85-9dab898c6bbe | ITER: 19 START
2020-03-08 22:51:18.659 4245 WARNING rally_openstack.scenarios.neutron.utils [-] Running this scenario without either the 'network' or 'existing_network' context is deprecated
2020-03-08 22:51:18.662 4250 INFO rally.task.runner [-] Task 292c560a-1dd2-413e-8e85-9dab898c6bbe | ITER: 20 START
2020-03-08 22:51:18.663 4250 WARNING rally_openstack.scenarios.neutron.utils [-] Running this scenario without either the 'network' or 'existing_network' context is deprecated
2020-03-08 22:51:37.980 4250 INFO rally.task.runner [-] Task 292c560a-1dd2-413e-8e85-9dab898c6bbe | ITER: 20 END: OK
2020-03-08 22:51:37.984 4250 INFO rally.task.runner [-] Task 292c560a-1dd2-413e-8e85-9dab898c6bbe | ITER: 21 START
2020-03-08 22:51:37.985 4250 WARNING rally_openstack.scenarios.neutron.utils [-] Running this scenario without either the 'network' or 'existing_network' context is deprecated
2020-03-08 22:51:39.390 4219 INFO rally.task.runner [-] Task 292c560a-1dd2-413e-8e85-9dab898c6bbe | ITER: 10 END: OK
2020-03-08 22:51:39.395 4219 INFO rally.task.runner [-] Task 292c560a-1dd2-413e-8e85-9dab898c6bbe | ITER: 22 START
2020-03-08 22:51:39.396 4219 WARNING rally_openstack.scenarios.neutron.utils [-] Running this scenario without either the 'network' or 'existing_network' context is deprecated
2020-03-08 22:51:39.585 4205 INFO rally.task.runner [-] Task 292c560a-1dd2-413e-8e85-9dab898c6bbe | ITER: 6 END: OK
2020-03-08 22:51:39.590 4205 INFO rally.task.runner [-] Task 292c560a-1dd2-413e-8e85-9dab898c6bbe | ITER: 23 START
2020-03-08 22:51:39.590 4205 WARNING rally_openstack.scenarios.neutron.utils [-] Running this scenario without either the 'network' or 'existing_network' context is deprecated
2020-03-08 22:51:39.845 4226 INFO rally.task.runner [-] Task 292c560a-1dd2-413e-8e85-9dab898c6bbe | ITER: 13 END: OK
2020-03-08 22:51:39.850 4226 INFO rally.task.runner [-] Task 292c560a-1dd2-413e-8e85-9dab898c6bbe | ITER: 24 START
2020-03-08 22:51:39.851 4226 WARNING rally_openstack.scenarios.neutron.utils [-] Running this scenario without either the 'network' or 'existing_network' context is deprecated
2020-03-08 22:51:40.925 4235 INFO rally.task.runner [-] Task 292c560a-1dd2-413e-8e85-9dab898c6bbe | ITER: 16 END: OK
2020-03-08 22:51:40.930 4235 INFO rally.task.runner [-] Task 292c560a-1dd2-413e-8e85-9dab898c6bbe | ITER: 25 START
2020-03-08 22:51:40.930 4235 WARNING rally_openstack.scenarios.neutron.utils [-] Running this scenario without either the 'network' or 'existing_network' context is deprecated
2020-03-08 22:51:41.733 4213 INFO rally.task.runner [-] Task 292c560a-1dd2-413e-8e85-9dab898c6bbe | ITER: 8 END: OK
2020-03-08 22:51:41.739 4213 INFO rally.task.runner [-] Task 292c560a-1dd2-413e-8e85-9dab898c6bbe | ITER: 26 START
2020-03-08 22:51:41.740 4213 WARNING rally_openstack.scenarios.neutron.utils [-] Running this scenario without either the 'network' or 'existing_network' context is deprecated
2020-03-08 22:51:41.988 4245 INFO rally.task.runner [-] Task 292c560a-1dd2-413e-8e85-9dab898c6bbe | ITER: 19 END: OK
2020-03-08 22:51:41.993 4245 INFO rally.task.runner [-] Task 292c560a-1dd2-413e-8e85-9dab898c6bbe | ITER: 27 START
2020-03-08 22:51:41.993 4245 WARNING rally_openstack.scenarios.neutron.utils [-] Running this scenario without either the 'network' or 'existing_network' context is deprecated
2020-03-08 22:51:42.210 4202 INFO rally.task.runner [-] Task 292c560a-1dd2-413e-8e85-9dab898c6bbe | ITER: 4 END: OK
2020-03-08 22:51:42.215 4202 INFO rally.task.runner [-] Task 292c560a-1dd2-413e-8e85-9dab898c6bbe | ITER: 28 START
2020-03-08 22:51:42.216 4202 WARNING rally_openstack.scenarios.neutron.utils [-] Running this scenario without either the 'network' or 'existing_network' context is deprecated
2020-03-08 22:51:42.590 4210 INFO rally.task.runner [-] Task 292c560a-1dd2-413e-8e85-9dab898c6bbe | ITER: 7 END: OK
2020-03-08 22:51:42.595 4210 INFO rally.task.runner [-] Task 292c560a-1dd2-413e-8e85-9dab898c6bbe | ITER: 29 START
2020-03-08 22:51:42.596 4210 WARNING rally_openstack.scenarios.neutron.utils [-] Running this scenario without either the 'network' or 'existing_network' context is deprecated
2020-03-08 22:51:43.549 4203 INFO rally.task.runner [-] Task 292c560a-1dd2-413e-8e85-9dab898c6bbe | ITER: 5 END: OK
2020-03-08 22:51:43.554 4203 INFO rally.task.runner [-] Task 292c560a-1dd2-413e-8e85-9dab898c6bbe | ITER: 30 START
2020-03-08 22:51:43.555 4203 WARNING rally_openstack.scenarios.neutron.utils [-] Running this scenario without either the 'network' or 'existing_network' context is deprecated
2020-03-08 22:51:43.657 4201 INFO rally.task.runner [-] Task 292c560a-1dd2-413e-8e85-9dab898c6bbe | ITER: 3 END: OK
2020-03-08 22:51:43.662 4201 INFO rally.task.runner [-] Task 292c560a-1dd2-413e-8e85-9dab898c6bbe | ITER: 31 START
2020-03-08 22:51:43.663 4201 WARNING rally_openstack.scenarios.neutron.utils [-] Running this scenario without either the 'network' or 'existing_network' context is deprecated
2020-03-08 22:51:43.980 4244 INFO rally.task.runner [-] Task 292c560a-1dd2-413e-8e85-9dab898c6bbe | ITER: 18 END: OK
2020-03-08 22:51:43.986 4244 INFO rally.task.runner [-] Task 292c560a-1dd2-413e-8e85-9dab898c6bbe | ITER: 32 START
2020-03-08 22:51:43.986 4244 WARNING rally_openstack.scenarios.neutron.utils [-] Running this scenario without either the 'network' or 'existing_network' context is deprecated
2020-03-08 22:51:44.406 4233 INFO rally.task.runner [-] Task 292c560a-1dd2-413e-8e85-9dab898c6bbe | ITER: 15 END: OK
2020-03-08 22:51:44.411 4233 INFO rally.task.runner [-] Task 292c560a-1dd2-413e-8e85-9dab898c6bbe | ITER: 33 START
2020-03-08 22:51:44.411 4233 WARNING rally_openstack.scenarios.neutron.utils [-] Running this scenario without either the 'network' or 'existing_network' context is deprecated
2020-03-08 22:51:44.581 4199 INFO rally.task.runner [-] Task 292c560a-1dd2-413e-8e85-9dab898c6bbe | ITER: 1 END: OK
2020-03-08 22:51:44.586 4199 INFO rally.task.runner [-] Task 292c560a-1dd2-413e-8e85-9dab898c6bbe | ITER: 34 START
2020-03-08 22:51:44.587 4199 WARNING rally_openstack.scenarios.neutron.utils [-] Running this scenario without either the 'network' or 'existing_network' context is deprecated
2020-03-08 22:51:48.887 4223 INFO rally.task.runner [-] Task 292c560a-1dd2-413e-8e85-9dab898c6bbe | ITER: 12 END: OK
2020-03-08 22:51:48.898 4223 INFO rally.task.runner [-] Task 292c560a-1dd2-413e-8e85-9dab898c6bbe | ITER: 35 START
2020-03-08 22:51:48.899 4223 WARNING rally_openstack.scenarios.neutron.utils [-] Running this scenario without either the 'network' or 'existing_network' context is deprecated
2020-03-08 22:51:49.042 4200 INFO rally.task.runner [-] Task 292c560a-1dd2-413e-8e85-9dab898c6bbe | ITER: 2 END: OK
2020-03-08 22:51:49.050 4200 INFO rally.task.runner [-] Task 292c560a-1dd2-413e-8e85-9dab898c6bbe | ITER: 36 START
2020-03-08 22:51:49.051 4200 WARNING rally_openstack.scenarios.neutron.utils [-] Running this scenario without either the 'network' or 'existing_network' context is deprecated
2020-03-08 22:51:52.681 4239 INFO rally.task.runner [-] Task 292c560a-1dd2-413e-8e85-9dab898c6bbe | ITER: 17 END: OK
2020-03-08 22:51:52.689 4239 INFO rally.task.runner [-] Task 292c560a-1dd2-413e-8e85-9dab898c6bbe | ITER: 37 START
2020-03-08 22:51:52.691 4239 WARNING rally_openstack.scenarios.neutron.utils [-] Running this scenario without either the 'network' or 'existing_network' context is deprecated
2020-03-08 22:51:55.400 4216 INFO rally.task.runner [-] Task 292c560a-1dd2-413e-8e85-9dab898c6bbe | ITER: 9 END: OK
2020-03-08 22:51:55.408 4216 INFO rally.task.runner [-] Task 292c560a-1dd2-413e-8e85-9dab898c6bbe | ITER: 38 START
2020-03-08 22:51:55.409 4216 WARNING rally_openstack.scenarios.neutron.utils [-] Running this scenario without either the 'network' or 'existing_network' context is deprecated
2020-03-08 22:51:57.484 4230 INFO rally.task.runner [-] Task 292c560a-1dd2-413e-8e85-9dab898c6bbe | ITER: 14 END: OK
2020-03-08 22:51:57.492 4230 INFO rally.task.runner [-] Task 292c560a-1dd2-413e-8e85-9dab898c6bbe | ITER: 39 START
2020-03-08 22:51:57.493 4230 WARNING rally_openstack.scenarios.neutron.utils [-] Running this scenario without either the 'network' or 'existing_network' context is deprecated
2020-03-08 22:51:59.618 4221 INFO rally.task.runner [-] Task 292c560a-1dd2-413e-8e85-9dab898c6bbe | ITER: 11 END: OK
2020-03-08 22:51:59.625 4221 INFO rally.task.runner [-] Task 292c560a-1dd2-413e-8e85-9dab898c6bbe | ITER: 40 START
2020-03-08 22:51:59.626 4221 WARNING rally_openstack.scenarios.neutron.utils [-] Running this scenario without either the 'network' or 'existing_network' context is deprecated
2020-03-08 22:52:08.422 4250 INFO rally.task.runner [-] Task 292c560a-1dd2-413e-8e85-9dab898c6bbe | ITER: 21 END: OK
2020-03-08 22:52:15.229 4226 INFO rally.task.runner [-] Task 292c560a-1dd2-413e-8e85-9dab898c6bbe | ITER: 24 END: OK
2020-03-08 22:52:15.735 4205 INFO rally.task.runner [-] Task 292c560a-1dd2-413e-8e85-9dab898c6bbe | ITER: 23 END: OK
2020-03-08 22:52:16.499 4245 INFO rally.task.runner [-] Task 292c560a-1dd2-413e-8e85-9dab898c6bbe | ITER: 27 END: OK
2020-03-08 22:52:16.872 4219 INFO rally.task.runner [-] Task 292c560a-1dd2-413e-8e85-9dab898c6bbe | ITER: 22 END: OK
2020-03-08 22:52:18.265 4213 INFO rally.task.runner [-] Task 292c560a-1dd2-413e-8e85-9dab898c6bbe | ITER: 26 END: OK
2020-03-08 22:52:19.393 4202 INFO rally.task.runner [-] Task 292c560a-1dd2-413e-8e85-9dab898c6bbe | ITER: 28 END: OK
2020-03-08 22:52:21.789 4235 INFO rally.task.runner [-] Task 292c560a-1dd2-413e-8e85-9dab898c6bbe | ITER: 25 END: OK
2020-03-08 22:52:22.410 4244 INFO rally.task.runner [-] Task 292c560a-1dd2-413e-8e85-9dab898c6bbe | ITER: 32 END: OK
2020-03-08 22:52:22.910 4223 INFO rally.task.runner [-] Task 292c560a-1dd2-413e-8e85-9dab898c6bbe | ITER: 35 END: OK
2020-03-08 22:52:23.460 4203 INFO rally.task.runner [-] Task 292c560a-1dd2-413e-8e85-9dab898c6bbe | ITER: 30 END: OK
2020-03-08 22:52:23.750 4199 INFO rally.task.runner [-] Task 292c560a-1dd2-413e-8e85-9dab898c6bbe | ITER: 34 END: OK
2020-03-08 22:52:23.790 4200 INFO rally.task.runner [-] Task 292c560a-1dd2-413e-8e85-9dab898c6bbe | ITER: 36 END: OK
2020-03-08 22:52:23.859 4233 INFO rally.task.runner [-] Task 292c560a-1dd2-413e-8e85-9dab898c6bbe | ITER: 33 END: OK
2020-03-08 22:52:23.882 4239 INFO rally.task.runner [-] Task 292c560a-1dd2-413e-8e85-9dab898c6bbe | ITER: 37 END: OK
2020-03-08 22:52:24.609 4210 INFO rally.task.runner [-] Task 292c560a-1dd2-413e-8e85-9dab898c6bbe | ITER: 29 END: OK
2020-03-08 22:52:24.653 4201 INFO rally.task.runner [-] Task 292c560a-1dd2-413e-8e85-9dab898c6bbe | ITER: 31 END: OK
2020-03-08 22:52:25.365 4216 INFO rally.task.runner [-] Task 292c560a-1dd2-413e-8e85-9dab898c6bbe | ITER: 38 END: OK
2020-03-08 22:52:26.675 4221 INFO rally.task.runner [-] Task 292c560a-1dd2-413e-8e85-9dab898c6bbe | ITER: 40 END: OK
2020-03-08 22:52:27.171 4230 INFO rally.task.runner [-] Task 292c560a-1dd2-413e-8e85-9dab898c6bbe | ITER: 39 END: OK
2020-03-08 22:52:27.199 15 INFO rally.task.context [-] Task 292c560a-1dd2-413e-8e85-9dab898c6bbe | Context cleanup@openstack cleanup() started
2020-03-08 22:52:27.202 15 RALLYDEBUG rally_openstack.cleanup.manager [-] Cleaning up neutron vip objects
2020-03-08 22:52:27.364 15 RALLYDEBUG rally_openstack.cleanup.manager [-] Cleaning up neutron health_monitor objects
2020-03-08 22:52:27.531 15 RALLYDEBUG rally_openstack.cleanup.manager [-] Cleaning up neutron pool objects
2020-03-08 22:52:27.695 15 RALLYDEBUG rally_openstack.cleanup.manager [-] Cleaning up neutron loadbalancer objects
2020-03-08 22:52:27.854 15 RALLYDEBUG rally_openstack.cleanup.manager [-] Cleaning up neutron floatingip objects
2020-03-08 22:52:28.041 15 RALLYDEBUG rally_openstack.cleanup.manager [-] Cleaning up neutron trunk objects
2020-03-08 22:52:28.183 15 DEBUG neutronclient.v2_0.client [-] Error message: {"message": "The resource could not be found.

\n\n\n", "code": "404 Not Found", "title": "Not Found"} _handle_fault_response /usr/lib/python2.7/site-packages/neutronclient/v2_0/client.py:259
2020-03-08 22:52:28.193 15 RALLYDEBUG rally_openstack.cleanup.manager [-] Cleaning up neutron port objects
2020-03-08 22:52:28.975 15 RALLYDEBUG rally_openstack.cleanup.manager [-] Deleting neutron.port object s_rally_26774290_wpzAox9O (07db791e-23e2-4bab-a532-fa37b411f62d)
2020-03-08 22:52:28.978 15 RALLYDEBUG rally_openstack.cleanup.manager [-] Deleting neutron.port object s_rally_26774290_KbuEruSb (09d358b2-b6d7-448f-868c-2ea3fb1debe0)
2020-03-08 22:52:28.980 15 RALLYDEBUG rally_openstack.cleanup.manager [-] Deleting neutron.port object s_rally_26774290_qdYmVw1i (0283a657-1174-4b21-8c49-8da242b913a0)
2020-03-08 22:52:28.979 15 RALLYDEBUG rally_openstack.cleanup.manager [-] Deleting neutron.port object s_rally_26774290_qJP1se9F (0c6aee09-ba02-4e38-bbe4-8f884fa5fa2d)
2020-03-08 22:52:28.989 15 RALLYDEBUG rally_openstack.cleanup.manager [-] Deleting neutron.port object s_rally_26774290_Qg3FQEFc (0c33738d-01a1-4c7e-8674-6cf3b3422626)
2020-03-08 22:52:28.991 15 RALLYDEBUG rally_openstack.cleanup.manager [-] Deleting neutron.port object s_rally_26774290_BymmD18g (05b279e0-cbf1-43f6-9cc6-4e1bd5b8a8fb)
