2020-03-08 22:29:42.755 6 RALLYDEBUG rally.api [-] INFO logs from urllib3 and requests module are hide.
2020-03-08 22:29:42.755 6 RALLYDEBUG rally.api [-] urllib3 insecure warnings are hidden.
2020-03-08 22:29:42.755 6 RALLYDEBUG rally.api [-] ERROR log from boto module is hide.
2020-03-08 22:29:44.259 6 ERROR rally.cli.cliutils [-] Unexpected exception in CLI: DBRecordNotFound: Record for uuid or name is opnfv-rally not found in table envs
2020-03-08 22:29:44.259 6 ERROR rally.cli.cliutils
Traceback (most recent call last):
2020-03-08 22:29:44.259 6 ERROR rally.cli.cliutils
File "/usr/lib/python2.7/site-packages/rally/cli/cliutils.py", line 674, in run
2020-03-08 22:29:44.259 6 ERROR rally.cli.cliutils ret = fn(*fn_args, **fn_kwargs)
2020-03-08 22:29:44.259 6 ERROR rally.cli.cliutils File "", line 2, in destroy
2020-03-08 22:29:44.259 6 ERROR rally.cli.cliutils
File "/usr/lib/python2.7/site-packages/rally/cli/envutils.py", line 68, in default_from_global
2020-03-08 22:29:44.259 6 ERROR rally.cli.cliutils return f(*args, **kwargs)
2020-03-08 22:29:44.259 6 ERROR rally.cli.cliutils File "", line 2, in destroy
2020-03-08 22:29:44.259 6 ERROR rally.cli.cliutils
File "/usr/lib/python2.7/site-packages/rally/plugins/__init__.py", line 51, in ensure_plugins_are_loaded
2020-03-08 22:29:44.259 6 ERROR rally.cli.cliutils return f(*args, **kwargs)
2020-03-08 22:29:44.259 6 ERROR rally.cli.cliutils
File "/usr/lib/python2.7/site-packages/rally/cli/commands/deployment.py", line 157, in destroy
2020-03-08 22:29:44.259 6 ERROR rally.cli.cliutils api.deployment.destroy(deployment=deployment)
2020-03-08 22:29:44.259 6 ERROR rally.cli.cliutils
File "/usr/lib/python2.7/site-packages/rally/api.py", line 115, in destroy
2020-03-08 22:29:44.259 6 ERROR rally.cli.cliutils deploy = objects.Deployment.get(deployment)
2020-03-08 22:29:44.259 6 ERROR rally.cli.cliutils
File "/usr/lib/python2.7/site-packages/rally/common/objects/deploy.py", line 124, in get
2020-03-08 22:29:44.259 6 ERROR rally.cli.cliutils return Deployment(env_mgr.EnvManager.get(deploy))
2020-03-08 22:29:44.259 6 ERROR rally.cli.cliutils
File "/usr/lib/python2.7/site-packages/rally/env/env_mgr.py", line 212, in get
2020-03-08 22:29:44.259 6 ERROR rally.cli.cliutils return cls(db.env_get(uuid_or_name))
2020-03-08 22:29:44.259 6 ERROR rally.cli.cliutils
File "/usr/lib/python2.7/site-packages/rally/common/db/api.py", line 135, in wrapper
2020-03-08 22:29:44.259 6 ERROR rally.cli.cliutils result = f(session, *args, **kwargs)
2020-03-08 22:29:44.259 6 ERROR rally.cli.cliutils
File "/usr/lib/python2.7/site-packages/rally/common/db/api.py", line 521, in env_get
2020-03-08 22:29:44.259 6 ERROR rally.cli.cliutils criteria="uuid or name is %s" % uuid_or_name, table="envs")
2020-03-08 22:29:44.259 6 ERROR rally.cli.cliutils DBRecordNotFound: Record for uuid or name is opnfv-rally not found in table envs
2020-03-08 22:29:44.259 6 ERROR rally.cli.cliutils
2020-03-08 22:29:45.209 8 RALLYDEBUG rally.api [-] INFO logs from urllib3 and requests module are hide.
2020-03-08 22:29:45.209 8 RALLYDEBUG rally.api [-] urllib3 insecure warnings are hidden.
2020-03-08 22:29:45.209 8 RALLYDEBUG rally.api [-] ERROR log from boto module is hide.
2020-03-08 22:29:47.554 10 RALLYDEBUG rally.api [-] INFO logs from urllib3 and requests module are hide.
2020-03-08 22:29:47.554 10 RALLYDEBUG rally.api [-] urllib3 insecure warnings are hidden.
2020-03-08 22:29:47.554 10 RALLYDEBUG rally.api [-] ERROR log from boto module is hide.
2020-03-08 22:29:50.685 13 RALLYDEBUG rally.api [-] INFO logs from urllib3 and requests module are hide.
2020-03-08 22:29:50.685 13 RALLYDEBUG rally.api [-] urllib3 insecure warnings are hidden.
2020-03-08 22:29:50.685 13 RALLYDEBUG rally.api [-] ERROR log from boto module is hide.
2020-03-08 22:29:52.584 15 RALLYDEBUG rally.api [-] INFO logs from urllib3 and requests module are hide.
2020-03-08 22:29:52.584 15 RALLYDEBUG rally.api [-] urllib3 insecure warnings are hidden.
2020-03-08 22:29:52.584 15 RALLYDEBUG rally.api [-] ERROR log from boto module is hide.
2020-03-08 22:29:53.773 15 INFO rally.common.plugin.discover [-] Loading plugins from directories /root/.rally/plugins/*
2020-03-08 22:29:53.773 15 INFO rally.common.plugin.discover [-] Loaded module with plugins: /root/.rally/plugins/__init__.py
2020-03-08 22:29:53.776 15 INFO rally.common.plugin.discover [-] Loaded module with plugins: /root/.rally/plugins/trunk_scenario.py
2020-03-08 22:29:53.972 15 INFO rally.task.engine [-] Task 292c560a-1dd2-413e-8e85-9dab898c6bbe | Starting: Task validation.
2020-03-08 22:29:53.978 15 INFO rally.task.engine [-] Task 292c560a-1dd2-413e-8e85-9dab898c6bbe | Starting: Task validation of syntax.
2020-03-08 22:29:54.215 15 INFO rally.task.engine [-] Task 292c560a-1dd2-413e-8e85-9dab898c6bbe | Completed: Task validation of syntax.
2020-03-08 22:29:54.216 15 INFO rally.task.engine [-] Task 292c560a-1dd2-413e-8e85-9dab898c6bbe | Starting: Task validation of required platforms.
2020-03-08 22:29:54.335 15 INFO rally.task.engine [-] Task 292c560a-1dd2-413e-8e85-9dab898c6bbe | Completed: Task validation of required platforms.
2020-03-08 22:29:54.335 15 INFO rally.task.engine [-] Task 292c560a-1dd2-413e-8e85-9dab898c6bbe | Starting: Task validation of semantic.
2020-03-08 22:29:54.335 15 INFO rally.task.engine [-] Check health of the environment '1d73a383-c1fc-4432-91fb-fcc99f09e749'.
2020-03-08 22:29:54.779 15 INFO rally.task.engine [-] Platform existing@openstack (available: True): OK!
2020-03-08 22:29:54.792 15 RALLYDEBUG rally_openstack.contexts.keystone.users [-] Creating 1 tenants using 20 threads
2020-03-08 22:29:55.067 15 RALLYDEBUG rally_openstack.contexts.keystone.users [-] Creating 1 users using 20 threads
2020-03-08 22:29:55.528 15 INFO rally.task.context [-] Task 292c560a-1dd2-413e-8e85-9dab898c6bbe | Context users@openstack setup() finished in 0.74 sec
2020-03-08 22:29:56.922 15 INFO rally.task.context [-] Task 292c560a-1dd2-413e-8e85-9dab898c6bbe | Context users@openstack cleanup() started
2020-03-08 22:29:58.660 15 INFO rally.task.context [-] Task 292c560a-1dd2-413e-8e85-9dab898c6bbe | Context users@openstack cleanup() finished in 1.74 sec
2020-03-08 22:29:58.660 15 INFO rally.task.engine [-] Task 292c560a-1dd2-413e-8e85-9dab898c6bbe | Completed: Task validation of semantic.
2020-03-08 22:29:58.661 15 INFO rally.task.engine [-] Task 292c560a-1dd2-413e-8e85-9dab898c6bbe | Completed: Task validation.
2020-03-08 22:29:58.661 15 INFO rally.api [-] Task 292c560a-1dd2-413e-8e85-9dab898c6bbe input file is valid.
2020-03-08 22:29:58.661 15 INFO rally.api [-] Run Task 292c560a-1dd2-413e-8e85-9dab898c6bbe against Deployment 1d73a383-c1fc-4432-91fb-fcc99f09e749
2020-03-08 22:29:58.662 15 INFO rally.task.engine [-] Task 292c560a-1dd2-413e-8e85-9dab898c6bbe | Starting: Running task.
2020-03-08 22:29:58.696 15 INFO rally.task.engine [-] Running workload: position = 0 config = { "version": 2, "title": "A cropped version of a bigger task.", "description": "Auto-generated task from a single workload (uuid=ebb9b2ef-2607-4d4d-b03c-cb24fc684c6d)", "subtasks": [ { "title": "NeutronNetworks.create_and_list_networks", "description": "Check performance of list_networks action and ensure > network quotas are not exceeded", "scenario": { "NeutronNetworks.create_and_list_networks": {} }, "contexts": { "users": { "tenants": 1, "users_per_tenant": 1 }, "quotas": { "neutron": { "network": 119 } } }, "runner": { "constant": { "times": 100, "concurrency": 20 } }, "hooks": [], "sla": { "max_avg_duration_per_atomic": { "neutron.list_networks": 15 }, "failure_rate": { "max": 0 } } } ] }
2020-03-08 22:29:58.718 15 RALLYDEBUG rally_openstack.contexts.keystone.users [-] Creating 1 tenants using 20 threads
2020-03-08 22:29:59.079 15 RALLYDEBUG rally_openstack.contexts.keystone.users [-] Creating 1 users using 20 threads
2020-03-08 22:29:59.752 15 INFO rally.task.context [-] Task 292c560a-1dd2-413e-8e85-9dab898c6bbe | Context users@openstack setup() finished in 1.03 sec
2020-03-08 22:30:00.044 15 INFO rally.task.context [-] Task 292c560a-1dd2-413e-8e85-9dab898c6bbe | Context quotas@openstack setup() finished in 0.29 sec
2020-03-08 22:30:00.044 15 INFO rally.task.context [-] Task 292c560a-1dd2-413e-8e85-9dab898c6bbe | Context cleanup@openstack setup() finished in 0.00 msec
2020-03-08 22:30:00.053 15 RALLYDEBUG rally.task.runner [-] Starting the constant runner (task UUID: 292c560a-1dd2-413e-8e85-9dab898c6bbe). timeout: 0 concurrency: 20 concurrency_per_worker: 1 times: 100 concurrency_overhead: 0 processes_to_start: 20 max_cpu_used: 88
2020-03-08 22:30:00.066 139 RALLYDEBUG rally.task.runner [-] Starting a worker. concurrency: 1 args: {} times: 100 method_name: run timeout: 0 duration: None cls:
2020-03-08 22:30:00.069 140 RALLYDEBUG rally.task.runner [-] Starting a worker. concurrency: 1 args: {} times: 100 method_name: run timeout: 0 duration: None cls:
2020-03-08 22:30:00.072 139 INFO rally.task.runner [-] Task 292c560a-1dd2-413e-8e85-9dab898c6bbe | ITER: 1 START
2020-03-08 22:30:00.072 141 RALLYDEBUG rally.task.runner [-] Starting a worker. concurrency: 1 args: {} times: 100 method_name: run timeout: 0 duration: None cls:
2020-03-08 22:30:00.075 140 INFO rally.task.runner [-] Task 292c560a-1dd2-413e-8e85-9dab898c6bbe | ITER: 2 START
2020-03-08 22:30:00.075 142 RALLYDEBUG rally.task.runner [-] Starting a worker. concurrency: 1 args: {} times: 100 method_name: run timeout: 0 duration: None cls:
2020-03-08 22:30:00.079 145 RALLYDEBUG rally.task.runner [-] Starting a worker. concurrency: 1 args: {} times: 100 method_name: run timeout: 0 duration: None cls:
2020-03-08 22:30:00.081 142 INFO rally.task.runner [-] Task 292c560a-1dd2-413e-8e85-9dab898c6bbe | ITER: 4 START
2020-03-08 22:30:00.081 148 RALLYDEBUG rally.task.runner [-] Starting a worker. concurrency: 1 args: {} times: 100 method_name: run timeout: 0 duration: None cls:
2020-03-08 22:30:00.084 151 RALLYDEBUG rally.task.runner [-] Starting a worker. concurrency: 1 args: {} times: 100 method_name: run timeout: 0 duration: None cls:
2020-03-08 22:30:00.085 141 INFO rally.task.runner [-] Task 292c560a-1dd2-413e-8e85-9dab898c6bbe | ITER: 3 START
2020-03-08 22:30:00.086 145 INFO rally.task.runner [-] Task 292c560a-1dd2-413e-8e85-9dab898c6bbe | ITER: 5 START
2020-03-08 22:30:00.087 148 INFO rally.task.runner [-] Task 292c560a-1dd2-413e-8e85-9dab898c6bbe | ITER: 6 START
2020-03-08 22:30:00.087 154 RALLYDEBUG rally.task.runner [-] Starting a worker. concurrency: 1 args: {} times: 100 method_name: run timeout: 0 duration: None cls:
2020-03-08 22:30:00.093 160 RALLYDEBUG rally.task.runner [-] Starting a worker. concurrency: 1 args: {} times: 100 method_name: run timeout: 0 duration: None cls:
2020-03-08 22:30:00.094 151 INFO rally.task.runner [-] Task 292c560a-1dd2-413e-8e85-9dab898c6bbe | ITER: 7 START
2020-03-08 22:30:00.094 155 RALLYDEBUG rally.task.runner [-] Starting a worker. concurrency: 1 args: {} times: 100 method_name: run timeout: 0 duration: None cls:
2020-03-08 22:30:00.095 163 RALLYDEBUG rally.task.runner [-] Starting a worker. concurrency: 1 args: {} times: 100 method_name: run timeout: 0 duration: None cls:
2020-03-08 22:30:00.098 160 INFO rally.task.runner [-] Task 292c560a-1dd2-413e-8e85-9dab898c6bbe | ITER: 9 START
2020-03-08 22:30:00.098 165 RALLYDEBUG rally.task.runner [-] Starting a worker. concurrency: 1 args: {} times: 100 method_name: run timeout: 0 duration: None cls:
2020-03-08 22:30:00.099 155 INFO rally.task.runner [-] Task 292c560a-1dd2-413e-8e85-9dab898c6bbe | ITER: 10 START
2020-03-08 22:30:00.102 163 INFO rally.task.runner [-] Task 292c560a-1dd2-413e-8e85-9dab898c6bbe | ITER: 11 START
2020-03-08 22:30:00.102 154 INFO rally.task.runner [-] Task 292c560a-1dd2-413e-8e85-9dab898c6bbe | ITER: 8 START
2020-03-08 22:30:00.104 165 INFO rally.task.runner [-] Task 292c560a-1dd2-413e-8e85-9dab898c6bbe | ITER: 12 START
2020-03-08 22:30:00.104 166 RALLYDEBUG rally.task.runner [-] Starting a worker. concurrency: 1 args: {} times: 100 method_name: run timeout: 0 duration: None cls:
2020-03-08 22:30:00.109 175 RALLYDEBUG rally.task.runner [-] Starting a worker. concurrency: 1 args: {} times: 100 method_name: run timeout: 0 duration: None cls:
2020-03-08 22:30:00.111 171 RALLYDEBUG rally.task.runner [-] Starting a worker. concurrency: 1 args: {} times: 100 method_name: run timeout: 0 duration: None cls:
2020-03-08 22:30:00.111 178 RALLYDEBUG rally.task.runner [-] Starting a worker. concurrency: 1 args: {} times: 100 method_name: run timeout: 0 duration: None cls:
2020-03-08 22:30:00.110 166 INFO rally.task.runner [-] Task 292c560a-1dd2-413e-8e85-9dab898c6bbe | ITER: 13 START
2020-03-08 22:30:00.113 179 RALLYDEBUG rally.task.runner [-] Starting a worker. concurrency: 1 args: {} times: 100 method_name: run timeout: 0 duration: None cls:
2020-03-08 22:30:00.116 182 RALLYDEBUG rally.task.runner [-] Starting a worker. concurrency: 1 args: {} times: 100 method_name: run timeout: 0 duration: None cls:
2020-03-08 22:30:00.116 171 INFO rally.task.runner [-] Task 292c560a-1dd2-413e-8e85-9dab898c6bbe | ITER: 15 START
2020-03-08 22:30:00.119 178 INFO rally.task.runner [-] Task 292c560a-1dd2-413e-8e85-9dab898c6bbe | ITER: 16 START
2020-03-08 22:30:00.121 179 INFO rally.task.runner [-] Task 292c560a-1dd2-413e-8e85-9dab898c6bbe | ITER: 17 START
2020-03-08 22:30:00.121 188 RALLYDEBUG rally.task.runner [-] Starting a worker. concurrency: 1 args: {} times: 100 method_name: run timeout: 0 duration: None cls:
2020-03-08 22:30:00.123 183 RALLYDEBUG rally.task.runner [-] Starting a worker. concurrency: 1 args: {} times: 100 method_name: run timeout: 0 duration: None cls:
2020-03-08 22:30:00.124 182 INFO rally.task.runner [-] Task 292c560a-1dd2-413e-8e85-9dab898c6bbe | ITER: 18 START
2020-03-08 22:30:00.127 188 INFO rally.task.runner [-] Task 292c560a-1dd2-413e-8e85-9dab898c6bbe | ITER: 19 START
2020-03-08 22:30:00.130 175 INFO rally.task.runner [-] Task 292c560a-1dd2-413e-8e85-9dab898c6bbe | ITER: 14 START
2020-03-08 22:30:00.130 183 INFO rally.task.runner [-] Task 292c560a-1dd2-413e-8e85-9dab898c6bbe | ITER: 20 START
2020-03-08 22:30:03.103 142 INFO rally.task.runner [-] Task 292c560a-1dd2-413e-8e85-9dab898c6bbe | ITER: 4 END: OK
2020-03-08 22:30:03.108 142 INFO rally.task.runner [-] Task 292c560a-1dd2-413e-8e85-9dab898c6bbe | ITER: 21 START
2020-03-08 22:30:03.162 140 INFO rally.task.runner [-] Task 292c560a-1dd2-413e-8e85-9dab898c6bbe | ITER: 2 END: OK
2020-03-08 22:30:03.166 140 INFO rally.task.runner [-] Task 292c560a-1dd2-413e-8e85-9dab898c6bbe | ITER: 22 START
2020-03-08 22:30:03.656 145 INFO rally.task.runner [-] Task 292c560a-1dd2-413e-8e85-9dab898c6bbe | ITER: 5 END: OK
2020-03-08 22:30:03.661 145 INFO rally.task.runner [-] Task 292c560a-1dd2-413e-8e85-9dab898c6bbe | ITER: 23 START
2020-03-08 22:30:03.667 182 INFO rally.task.runner [-] Task 292c560a-1dd2-413e-8e85-9dab898c6bbe | ITER: 18 END: OK
2020-03-08 22:30:03.671 182 INFO rally.task.runner [-] Task 292c560a-1dd2-413e-8e85-9dab898c6bbe | ITER: 24 START
2020-03-08 22:30:03.750 165 INFO rally.task.runner [-] Task 292c560a-1dd2-413e-8e85-9dab898c6bbe | ITER: 12 END: OK
2020-03-08 22:30:03.755 165 INFO rally.task.runner [-] Task 292c560a-1dd2-413e-8e85-9dab898c6bbe | ITER: 25 START
2020-03-08 22:30:03.849 155 INFO rally.task.runner [-] Task 292c560a-1dd2-413e-8e85-9dab898c6bbe | ITER: 10 END: OK
2020-03-08 22:30:03.853 155 INFO rally.task.runner [-] Task 292c560a-1dd2-413e-8e85-9dab898c6bbe | ITER: 26 START
2020-03-08 22:30:03.854 179 INFO rally.task.runner [-] Task 292c560a-1dd2-413e-8e85-9dab898c6bbe | ITER: 17 END: OK
2020-03-08 22:30:03.858 179 INFO rally.task.runner [-] Task 292c560a-1dd2-413e-8e85-9dab898c6bbe | ITER: 27 START
2020-03-08 22:30:03.885 166 INFO rally.task.runner [-] Task 292c560a-1dd2-413e-8e85-9dab898c6bbe | ITER: 13 END: OK
2020-03-08 22:30:03.890 166 INFO rally.task.runner [-] Task 292c560a-1dd2-413e-8e85-9dab898c6bbe | ITER: 28 START
2020-03-08 22:30:03.969 163 INFO rally.task.runner [-] Task 292c560a-1dd2-413e-8e85-9dab898c6bbe | ITER: 11 END: OK
2020-03-08 22:30:03.974 163 INFO rally.task.runner [-] Task 292c560a-1dd2-413e-8e85-9dab898c6bbe | ITER: 29 START
2020-03-08 22:30:03.994 160 INFO rally.task.runner [-] Task 292c560a-1dd2-413e-8e85-9dab898c6bbe | ITER: 9 END: OK
2020-03-08 22:30:03.998 160 INFO rally.task.runner [-] Task 292c560a-1dd2-413e-8e85-9dab898c6bbe | ITER: 30 START
2020-03-08 22:30:04.021 154 INFO rally.task.runner [-] Task 292c560a-1dd2-413e-8e85-9dab898c6bbe | ITER: 8 END: OK
2020-03-08 22:30:04.025 154 INFO rally.task.runner [-] Task 292c560a-1dd2-413e-8e85-9dab898c6bbe | ITER: 31 START
2020-03-08 22:30:04.099 141 INFO rally.task.runner [-] Task 292c560a-1dd2-413e-8e85-9dab898c6bbe | ITER: 3 END: OK
2020-03-08 22:30:04.103 141 INFO rally.task.runner [-] Task 292c560a-1dd2-413e-8e85-9dab898c6bbe | ITER: 32 START
2020-03-08 22:30:04.445 148 INFO rally.task.runner [-] Task 292c560a-1dd2-413e-8e85-9dab898c6bbe | ITER: 6 END: OK
2020-03-08 22:30:04.450 148 INFO rally.task.runner [-] Task 292c560a-1dd2-413e-8e85-9dab898c6bbe | ITER: 33 START
2020-03-08 22:30:04.539 140 INFO rally.task.runner [-] Task 292c560a-1dd2-413e-8e85-9dab898c6bbe | ITER: 22 END: OK
2020-03-08 22:30:04.543 140 INFO rally.task.runner [-] Task 292c560a-1dd2-413e-8e85-9dab898c6bbe | ITER: 34 START
2020-03-08 22:30:04.553 188 INFO rally.task.runner [-] Task 292c560a-1dd2-413e-8e85-9dab898c6bbe | ITER: 19 END: OK
2020-03-08 22:30:04.558 188 INFO rally.task.runner [-] Task 292c560a-1dd2-413e-8e85-9dab898c6bbe | ITER: 35 START
2020-03-08 22:30:04.579 175 INFO rally.task.runner [-] Task 292c560a-1dd2-413e-8e85-9dab898c6bbe | ITER: 14 END: OK
2020-03-08 22:30:04.583 175 INFO rally.task.runner [-] Task 292c560a-1dd2-413e-8e85-9dab898c6bbe | ITER: 36 START
2020-03-08 22:30:04.632 171 INFO rally.task.runner [-] Task 292c560a-1dd2-413e-8e85-9dab898c6bbe | ITER: 15 END: OK
2020-03-08 22:30:04.637 171 INFO rally.task.runner [-] Task 292c560a-1dd2-413e-8e85-9dab898c6bbe | ITER: 37 START
2020-03-08 22:30:05.141 183 INFO rally.task.runner [-] Task 292c560a-1dd2-413e-8e85-9dab898c6bbe | ITER: 20 END: OK
2020-03-08 22:30:05.146 183 INFO rally.task.runner [-] Task 292c560a-1dd2-413e-8e85-9dab898c6bbe | ITER: 38 START
2020-03-08 22:30:05.349 142 INFO rally.task.runner [-] Task 292c560a-1dd2-413e-8e85-9dab898c6bbe | ITER: 21 END: OK
2020-03-08 22:30:05.353 142 INFO rally.task.runner [-] Task 292c560a-1dd2-413e-8e85-9dab898c6bbe | ITER: 39 START
2020-03-08 22:30:05.373 151 INFO rally.task.runner [-] Task 292c560a-1dd2-413e-8e85-9dab898c6bbe | ITER: 7 END: OK
2020-03-08 22:30:05.377 151 INFO rally.task.runner [-] Task 292c560a-1dd2-413e-8e85-9dab898c6bbe | ITER: 40 START
2020-03-08 22:30:05.430 139 INFO rally.task.runner [-] Task 292c560a-1dd2-413e-8e85-9dab898c6bbe | ITER: 1 END: OK
2020-03-08 22:30:05.435 139 INFO rally.task.runner [-] Task 292c560a-1dd2-413e-8e85-9dab898c6bbe | ITER: 41 START
2020-03-08 22:30:05.438 178 INFO rally.task.runner [-] Task 292c560a-1dd2-413e-8e85-9dab898c6bbe | ITER: 16 END: OK
2020-03-08 22:30:05.443 178 INFO rally.task.runner [-] Task 292c560a-1dd2-413e-8e85-9dab898c6bbe | ITER: 42 START
2020-03-08 22:30:05.717 163 INFO rally.task.runner [-] Task 292c560a-1dd2-413e-8e85-9dab898c6bbe | ITER: 29 END: OK
2020-03-08 22:30:05.720 163 INFO rally.task.runner [-] Task 292c560a-1dd2-413e-8e85-9dab898c6bbe | ITER: 43 START
2020-03-08 22:30:06.044 165 INFO rally.task.runner [-] Task 292c560a-1dd2-413e-8e85-9dab898c6bbe | ITER: 25 END: OK
2020-03-08 22:30:06.048 165 INFO rally.task.runner [-] Task 292c560a-1dd2-413e-8e85-9dab898c6bbe | ITER: 44 START
2020-03-08 22:30:06.262 145 INFO rally.task.runner [-] Task 292c560a-1dd2-413e-8e85-9dab898c6bbe | ITER: 23 END: OK
2020-03-08 22:30:06.266 145 INFO rally.task.runner [-] Task 292c560a-1dd2-413e-8e85-9dab898c6bbe | ITER: 45 START
2020-03-08 22:30:06.340 155 INFO rally.task.runner [-] Task 292c560a-1dd2-413e-8e85-9dab898c6bbe | ITER: 26 END: OK
2020-03-08 22:30:06.344 155 INFO rally.task.runner [-] Task 292c560a-1dd2-413e-8e85-9dab898c6bbe | ITER: 46 START
2020-03-08 22:30:06.654 171 INFO rally.task.runner [-] Task 292c560a-1dd2-413e-8e85-9dab898c6bbe | ITER: 37 END: OK
2020-03-08 22:30:06.657 171 INFO rally.task.runner [-] Task 292c560a-1dd2-413e-8e85-9dab898c6bbe | ITER: 47 START
2020-03-08 22:30:06.837 182 INFO rally.task.runner [-] Task 292c560a-1dd2-413e-8e85-9dab898c6bbe | ITER: 24 END: OK
2020-03-08 22:30:06.841 182 INFO rally.task.runner [-] Task 292c560a-1dd2-413e-8e85-9dab898c6bbe | ITER: 48 START
2020-03-08 22:30:07.017 154 INFO rally.task.runner [-] Task 292c560a-1dd2-413e-8e85-9dab898c6bbe | ITER: 31 END: OK
2020-03-08 22:30:07.021 154 INFO rally.task.runner [-] Task 292c560a-1dd2-413e-8e85-9dab898c6bbe | ITER: 49 START
2020-03-08 22:30:07.287 140 INFO rally.task.runner [-] Task 292c560a-1dd2-413e-8e85-9dab898c6bbe | ITER: 34 END: OK
2020-03-08 22:30:07.291 140 INFO rally.task.runner [-] Task 292c560a-1dd2-413e-8e85-9dab898c6bbe | ITER: 50 START
2020-03-08 22:30:07.479 178 INFO rally.task.runner [-] Task 292c560a-1dd2-413e-8e85-9dab898c6bbe | ITER: 42 END: OK
2020-03-08 22:30:07.483 178 INFO rally.task.runner [-] Task 292c560a-1dd2-413e-8e85-9dab898c6bbe | ITER: 51 START
2020-03-08 22:30:07.492 166 INFO rally.task.runner [-] Task 292c560a-1dd2-413e-8e85-9dab898c6bbe | ITER: 28 END: OK
2020-03-08 22:30:07.496 166 INFO rally.task.runner [-] Task 292c560a-1dd2-413e-8e85-9dab898c6bbe | ITER: 52 START
2020-03-08 22:30:07.525 179 INFO rally.task.runner [-] Task 292c560a-1dd2-413e-8e85-9dab898c6bbe | ITER: 27 END: OK
2020-03-08 22:30:07.528 179 INFO rally.task.runner [-] Task 292c560a-1dd2-413e-8e85-9dab898c6bbe | ITER: 53 START
2020-03-08 22:30:07.723 188 INFO rally.task.runner [-] Task 292c560a-1dd2-413e-8e85-9dab898c6bbe | ITER: 35 END: OK
2020-03-08 22:30:07.726 188 INFO rally.task.runner [-] Task 292c560a-1dd2-413e-8e85-9dab898c6bbe | ITER: 54 START
2020-03-08 22:30:08.005 160 INFO rally.task.runner [-] Task 292c560a-1dd2-413e-8e85-9dab898c6bbe | ITER: 30 END: OK
2020-03-08 22:30:08.008 160 INFO rally.task.runner [-] Task 292c560a-1dd2-413e-8e85-9dab898c6bbe | ITER: 55 START
2020-03-08 22:30:08.040 183 INFO rally.task.runner [-] Task 292c560a-1dd2-413e-8e85-9dab898c6bbe | ITER: 38 END: OK
2020-03-08 22:30:08.044 183 INFO rally.task.runner [-] Task 292c560a-1dd2-413e-8e85-9dab898c6bbe | ITER: 56 START
2020-03-08 22:30:08.150 175 INFO rally.task.runner [-] Task 292c560a-1dd2-413e-8e85-9dab898c6bbe | ITER: 36 END: OK
2020-03-08 22:30:08.153 175 INFO rally.task.runner [-] Task 292c560a-1dd2-413e-8e85-9dab898c6bbe | ITER: 57 START
2020-03-08 22:30:08.324 151 INFO rally.task.runner [-] Task 292c560a-1dd2-413e-8e85-9dab898c6bbe | ITER: 40 END: OK
2020-03-08 22:30:08.326 141 INFO rally.task.runner [-] Task 292c560a-1dd2-413e-8e85-9dab898c6bbe | ITER: 32 END: OK
2020-03-08 22:30:08.327 151 INFO rally.task.runner [-] Task 292c560a-1dd2-413e-8e85-9dab898c6bbe | ITER: 58 START
2020-03-08 22:30:08.329 141 INFO rally.task.runner [-] Task 292c560a-1dd2-413e-8e85-9dab898c6bbe | ITER: 59 START
2020-03-08 22:30:09.042 142 INFO rally.task.runner [-] Task 292c560a-1dd2-413e-8e85-9dab898c6bbe | ITER: 39 END: OK
2020-03-08 22:30:09.046 142 INFO rally.task.runner [-] Task 292c560a-1dd2-413e-8e85-9dab898c6bbe | ITER: 60 START
2020-03-08 22:30:09.581 148 INFO rally.task.runner [-] Task 292c560a-1dd2-413e-8e85-9dab898c6bbe | ITER: 33 END: OK
2020-03-08 22:30:09.584 148 INFO rally.task.runner [-] Task 292c560a-1dd2-413e-8e85-9dab898c6bbe | ITER: 61 START
2020-03-08 22:30:09.705 139 INFO rally.task.runner [-] Task 292c560a-1dd2-413e-8e85-9dab898c6bbe | ITER: 41 END: OK
2020-03-08 22:30:09.708 139 INFO rally.task.runner [-] Task 292c560a-1dd2-413e-8e85-9dab898c6bbe | ITER: 62 START
2020-03-08 22:30:10.164 155 INFO rally.task.runner [-] Task 292c560a-1dd2-413e-8e85-9dab898c6bbe | ITER: 46 END: OK
2020-03-08 22:30:10.168 155 INFO rally.task.runner [-] Task 292c560a-1dd2-413e-8e85-9dab898c6bbe | ITER: 63 START
2020-03-08 22:30:10.172 163 INFO rally.task.runner [-] Task 292c560a-1dd2-413e-8e85-9dab898c6bbe | ITER: 43 END: OK
2020-03-08 22:30:10.176 163 INFO rally.task.runner [-] Task 292c560a-1dd2-413e-8e85-9dab898c6bbe | ITER: 64 START
2020-03-08 22:30:10.562 171 INFO rally.task.runner [-] Task 292c560a-1dd2-413e-8e85-9dab898c6bbe | ITER: 47 END: OK
2020-03-08 22:30:10.566 171 INFO rally.task.runner [-] Task 292c560a-1dd2-413e-8e85-9dab898c6bbe | ITER: 65 START
2020-03-08 22:30:10.889 145 INFO rally.task.runner [-] Task 292c560a-1dd2-413e-8e85-9dab898c6bbe | ITER: 45 END: OK
2020-03-08 22:30:10.893 145 INFO rally.task.runner [-] Task 292c560a-1dd2-413e-8e85-9dab898c6bbe | ITER: 66 START
2020-03-08 22:30:10.900 165 INFO rally.task.runner [-] Task 292c560a-1dd2-413e-8e85-9dab898c6bbe | ITER: 44 END: OK
2020-03-08 22:30:10.904 165 INFO rally.task.runner [-] Task 292c560a-1dd2-413e-8e85-9dab898c6bbe | ITER: 67 START
2020-03-08 22:30:11.326 182 INFO rally.task.runner [-] Task 292c560a-1dd2-413e-8e85-9dab898c6bbe | ITER: 48 END: OK
2020-03-08 22:30:11.330 182 INFO rally.task.runner [-] Task 292c560a-1dd2-413e-8e85-9dab898c6bbe | ITER: 68 START
2020-03-08 22:30:11.626 175 INFO rally.task.runner [-] Task 292c560a-1dd2-413e-8e85-9dab898c6bbe | ITER: 57 END: OK
2020-03-08 22:30:11.630 175 INFO rally.task.runner [-] Task 292c560a-1dd2-413e-8e85-9dab898c6bbe | ITER: 69 START
2020-03-08 22:30:12.182 154 INFO rally.task.runner [-] Task 292c560a-1dd2-413e-8e85-9dab898c6bbe | ITER: 49 END: OK
2020-03-08 22:30:12.182 166 INFO rally.task.runner [-] Task 292c560a-1dd2-413e-8e85-9dab898c6bbe | ITER: 52 END: OK
2020-03-08 22:30:12.184 140 INFO rally.task.runner [-] Task 292c560a-1dd2-413e-8e85-9dab898c6bbe | ITER: 50 END: OK
2020-03-08 22:30:12.185 154 INFO rally.task.runner [-] Task 292c560a-1dd2-413e-8e85-9dab898c6bbe | ITER: 70 START
2020-03-08 22:30:12.186 166 INFO rally.task.runner [-] Task 292c560a-1dd2-413e-8e85-9dab898c6bbe | ITER: 71 START
2020-03-08 22:30:12.187 140 INFO rally.task.runner [-] Task 292c560a-1dd2-413e-8e85-9dab898c6bbe | ITER: 72 START
2020-03-08 22:30:12.816 178 INFO rally.task.runner [-] Task 292c560a-1dd2-413e-8e85-9dab898c6bbe | ITER: 51 END: OK
2020-03-08 22:30:12.820 178 INFO rally.task.runner [-] Task 292c560a-1dd2-413e-8e85-9dab898c6bbe | ITER: 73 START
2020-03-08 22:30:12.845 188 INFO rally.task.runner [-] Task 292c560a-1dd2-413e-8e85-9dab898c6bbe | ITER: 54 END: OK
2020-03-08 22:30:12.849 188 INFO rally.task.runner [-] Task 292c560a-1dd2-413e-8e85-9dab898c6bbe | ITER: 74 START
2020-03-08 22:30:12.873 179 INFO rally.task.runner [-] Task 292c560a-1dd2-413e-8e85-9dab898c6bbe | ITER: 53 END: OK
2020-03-08 22:30:12.876 179 INFO rally.task.runner [-] Task 292c560a-1dd2-413e-8e85-9dab898c6bbe | ITER: 75 START
2020-03-08 22:30:12.880 160 INFO rally.task.runner [-] Task 292c560a-1dd2-413e-8e85-9dab898c6bbe | ITER: 55 END: OK
2020-03-08 22:30:12.883 160 INFO rally.task.runner [-] Task 292c560a-1dd2-413e-8e85-9dab898c6bbe | ITER: 76 START
2020-03-08 22:30:13.055 183 INFO rally.task.runner [-] Task 292c560a-1dd2-413e-8e85-9dab898c6bbe | ITER: 56 END: OK
2020-03-08 22:30:13.058 183 INFO rally.task.runner [-] Task 292c560a-1dd2-413e-8e85-9dab898c6bbe | ITER: 77 START
2020-03-08 22:30:13.082 151 INFO rally.task.runner [-] Task 292c560a-1dd2-413e-8e85-9dab898c6bbe | ITER: 58 END: OK
2020-03-08 22:30:13.086 151 INFO rally.task.runner [-] Task 292c560a-1dd2-413e-8e85-9dab898c6bbe | ITER: 78 START
2020-03-08 22:30:13.144 171 INFO rally.task.runner [-] Task 292c560a-1dd2-413e-8e85-9dab898c6bbe | ITER: 65 END: OK
2020-03-08 22:30:13.147 171 INFO rally.task.runner [-] Task 292c560a-1dd2-413e-8e85-9dab898c6bbe | ITER: 79 START
2020-03-08 22:30:13.566 165 INFO rally.task.runner [-] Task 292c560a-1dd2-413e-8e85-9dab898c6bbe | ITER: 67 END: OK
2020-03-08 22:30:13.569 165 INFO rally.task.runner [-] Task 292c560a-1dd2-413e-8e85-9dab898c6bbe | ITER: 80 START
2020-03-08 22:30:13.700 145 INFO rally.task.runner [-] Task 292c560a-1dd2-413e-8e85-9dab898c6bbe | ITER: 66 END: OK
2020-03-08 22:30:13.703 145 INFO rally.task.runner [-] Task 292c560a-1dd2-413e-8e85-9dab898c6bbe | ITER: 81 START
2020-03-08 22:30:13.764 141 INFO rally.task.runner [-] Task 292c560a-1dd2-413e-8e85-9dab898c6bbe | ITER: 59 END: OK
2020-03-08 22:30:13.767 141 INFO rally.task.runner [-] Task 292c560a-1dd2-413e-8e85-9dab898c6bbe | ITER: 82 START
2020-03-08 22:30:13.859 139 INFO rally.task.runner [-] Task 292c560a-1dd2-413e-8e85-9dab898c6bbe | ITER: 62 END: OK
2020-03-08 22:30:13.863 139 INFO rally.task.runner [-] Task 292c560a-1dd2-413e-8e85-9dab898c6bbe | ITER: 83 START
2020-03-08 22:30:14.588 142 INFO rally.task.runner [-] Task 292c560a-1dd2-413e-8e85-9dab898c6bbe | ITER: 60 END: OK
2020-03-08 22:30:14.592 142 INFO rally.task.runner [-] Task 292c560a-1dd2-413e-8e85-9dab898c6bbe | ITER: 84 START
2020-03-08 22:30:14.784 163 INFO rally.task.runner [-] Task 292c560a-1dd2-413e-8e85-9dab898c6bbe | ITER: 64 END: OK
2020-03-08 22:30:14.788 163 INFO rally.task.runner [-] Task 292c560a-1dd2-413e-8e85-9dab898c6bbe | ITER: 85 START
2020-03-08 22:30:15.051 148 INFO rally.task.runner [-] Task 292c560a-1dd2-413e-8e85-9dab898c6bbe | ITER: 61 END: OK
2020-03-08 22:30:15.054 148 INFO rally.task.runner [-] Task 292c560a-1dd2-413e-8e85-9dab898c6bbe | ITER: 86 START
2020-03-08 22:30:16.040 155 INFO rally.task.runner [-] Task 292c560a-1dd2-413e-8e85-9dab898c6bbe | ITER: 63 END: OK
2020-03-08 22:30:16.043 155 INFO rally.task.runner [-] Task 292c560a-1dd2-413e-8e85-9dab898c6bbe | ITER: 87 START
2020-03-08 22:30:16.597 182 INFO rally.task.runner [-] Task 292c560a-1dd2-413e-8e85-9dab898c6bbe | ITER: 68 END: OK
2020-03-08 22:30:16.600 182 INFO rally.task.runner [-] Task 292c560a-1dd2-413e-8e85-9dab898c6bbe | ITER: 88 START
2020-03-08 22:30:17.409 178 INFO rally.task.runner [-] Task 292c560a-1dd2-413e-8e85-9dab898c6bbe | ITER: 73 END: OK
2020-03-08 22:30:17.413 178 INFO rally.task.runner [-] Task 292c560a-1dd2-413e-8e85-9dab898c6bbe | ITER: 89 START
2020-03-08 22:30:17.477 175 INFO rally.task.runner [-] Task 292c560a-1dd2-413e-8e85-9dab898c6bbe | ITER: 69 END: OK
2020-03-08 22:30:17.481 175 INFO rally.task.runner [-] Task 292c560a-1dd2-413e-8e85-9dab898c6bbe | ITER: 90 START
2020-03-08 22:30:17.605 179 INFO rally.task.runner [-] Task 292c560a-1dd2-413e-8e85-9dab898c6bbe | ITER: 75 END: OK
2020-03-08 22:30:17.609 179 INFO rally.task.runner [-] Task 292c560a-1dd2-413e-8e85-9dab898c6bbe | ITER: 91 START
2020-03-08 22:30:17.623 165 INFO rally.task.runner [-] Task 292c560a-1dd2-413e-8e85-9dab898c6bbe | ITER: 80 END: OK
2020-03-08 22:30:17.624 183 INFO rally.task.runner [-] Task 292c560a-1dd2-413e-8e85-9dab898c6bbe | ITER: 77 END: OK
2020-03-08 22:30:17.628 140 INFO rally.task.runner [-] Task 292c560a-1dd2-413e-8e85-9dab898c6bbe | ITER: 72 END: OK
2020-03-08 22:30:17.628 165 INFO rally.task.runner [-] Task 292c560a-1dd2-413e-8e85-9dab898c6bbe | ITER: 92 START
2020-03-08 22:30:17.629 183 INFO rally.task.runner [-] Task 292c560a-1dd2-413e-8e85-9dab898c6bbe | ITER: 93 START
2020-03-08 22:30:17.632 140 INFO rally.task.runner [-] Task 292c560a-1dd2-413e-8e85-9dab898c6bbe | ITER: 94 START
2020-03-08 22:30:17.727 166 INFO rally.task.runner [-] Task 292c560a-1dd2-413e-8e85-9dab898c6bbe | ITER: 71 END: OK
2020-03-08 22:30:17.730 188 INFO rally.task.runner [-] Task 292c560a-1dd2-413e-8e85-9dab898c6bbe | ITER: 74 END: OK
2020-03-08 22:30:17.730 166 INFO rally.task.runner [-] Task 292c560a-1dd2-413e-8e85-9dab898c6bbe | ITER: 95 START
2020-03-08 22:30:17.732 151 INFO rally.task.runner [-] Task 292c560a-1dd2-413e-8e85-9dab898c6bbe | ITER: 78 END: OK
2020-03-08 22:30:17.734 188 INFO rally.task.runner [-] Task 292c560a-1dd2-413e-8e85-9dab898c6bbe | ITER: 96 START
2020-03-08 22:30:17.735 151 INFO rally.task.runner [-] Task 292c560a-1dd2-413e-8e85-9dab898c6bbe | ITER: 97 START
2020-03-08 22:30:17.881 171 INFO rally.task.runner [-] Task 292c560a-1dd2-413e-8e85-9dab898c6bbe | ITER: 79 END: OK
2020-03-08 22:30:17.885 171 INFO rally.task.runner [-] Task 292c560a-1dd2-413e-8e85-9dab898c6bbe | ITER: 98 START
2020-03-08 22:30:17.918 163 INFO rally.task.runner [-] Task 292c560a-1dd2-413e-8e85-9dab898c6bbe | ITER: 85 END: OK
2020-03-08 22:30:17.922 163 INFO rally.task.runner [-] Task 292c560a-1dd2-413e-8e85-9dab898c6bbe | ITER: 99 START
2020-03-08 22:30:17.957 160 INFO rally.task.runner [-] Task 292c560a-1dd2-413e-8e85-9dab898c6bbe | ITER: 76 END: OK
2020-03-08 22:30:17.961 160 INFO rally.task.runner [-] Task 292c560a-1dd2-413e-8e85-9dab898c6bbe | ITER: 100 START
2020-03-08 22:30:18.169 145 INFO rally.task.runner [-] Task 292c560a-1dd2-413e-8e85-9dab898c6bbe | ITER: 81 END: OK
2020-03-08 22:30:18.171 142 INFO rally.task.runner [-] Task 292c560a-1dd2-413e-8e85-9dab898c6bbe | ITER: 84 END: OK
2020-03-08 22:30:18.263 148 INFO rally.task.runner [-] Task 292c560a-1dd2-413e-8e85-9dab898c6bbe | ITER: 86 END: OK
2020-03-08 22:30:18.277 154 INFO rally.task.runner [-] Task 292c560a-1dd2-413e-8e85-9dab898c6bbe | ITER: 70 END: OK
2020-03-08 22:30:18.311 182 INFO rally.task.runner [-] Task 292c560a-1dd2-413e-8e85-9dab898c6bbe | ITER: 88 END: OK
2020-03-08 22:30:18.334 141 INFO rally.task.runner [-] Task 292c560a-1dd2-413e-8e85-9dab898c6bbe | ITER: 82 END: OK
2020-03-08 22:30:18.339 139 INFO rally.task.runner [-] Task 292c560a-1dd2-413e-8e85-9dab898c6bbe | ITER: 83 END: OK
2020-03-08 22:30:20.769 155 INFO rally.task.runner [-] Task 292c560a-1dd2-413e-8e85-9dab898c6bbe | ITER: 87 END: OK
2020-03-08 22:30:21.097 178 INFO rally.task.runner [-] Task 292c560a-1dd2-413e-8e85-9dab898c6bbe | ITER: 89 END: OK
2020-03-08 22:30:21.470 188 INFO rally.task.runner [-] Task 292c560a-1dd2-413e-8e85-9dab898c6bbe | ITER: 96 END: OK
2020-03-08 22:30:21.659 140 INFO rally.task.runner [-] Task 292c560a-1dd2-413e-8e85-9dab898c6bbe | ITER: 94 END: OK
2020-03-08 22:30:21.659 160 INFO rally.task.runner [-] Task 292c560a-1dd2-413e-8e85-9dab898c6bbe | ITER: 100 END: OK
2020-03-08 22:30:21.662 163 INFO rally.task.runner [-] Task 292c560a-1dd2-413e-8e85-9dab898c6bbe | ITER: 99 END: OK
2020-03-08 22:30:21.664 179 INFO rally.task.runner [-] Task 292c560a-1dd2-413e-8e85-9dab898c6bbe | ITER: 91 END: OK
2020-03-08 22:30:21.679 165 INFO rally.task.runner [-] Task 292c560a-1dd2-413e-8e85-9dab898c6bbe | ITER: 92 END: OK
2020-03-08 22:30:21.679 175 INFO rally.task.runner [-] Task 292c560a-1dd2-413e-8e85-9dab898c6bbe | ITER: 90 END: OK
2020-03-08 22:30:22.252 183 INFO rally.task.runner [-] Task 292c560a-1dd2-413e-8e85-9dab898c6bbe | ITER: 93 END: OK
2020-03-08 22:30:22.261 151 INFO rally.task.runner [-] Task 292c560a-1dd2-413e-8e85-9dab898c6bbe | ITER: 97 END: OK
2020-03-08 22:30:22.271 171 INFO rally.task.runner [-] Task 292c560a-1dd2-413e-8e85-9dab898c6bbe | ITER: 98 END: OK
2020-03-08 22:30:22.661 166 INFO rally.task.runner [-] Task 292c560a-1dd2-413e-8e85-9dab898c6bbe | ITER: 95 END: OK
2020-03-08 22:30:22.682 15 INFO rally.task.context [-] Task 292c560a-1dd2-413e-8e85-9dab898c6bbe | Context cleanup@openstack cleanup() started
2020-03-08 22:30:22.685 15 RALLYDEBUG rally_openstack.cleanup.manager [-] Cleaning up neutron vip objects
2020-03-08 22:30:22.882 15 RALLYDEBUG rally_openstack.cleanup.manager [-] Cleaning up neutron health_monitor objects
2020-03-08 22:30:23.158 15 RALLYDEBUG rally_openstack.cleanup.manager [-] Cleaning up neutron pool objects
2020-03-08 22:30:23.363 15 RALLYDEBUG rally_openstack.cleanup.manager [-] Cleaning up neutron loadbalancer objects
2020-03-08 22:30:23.577 15 RALLYDEBUG rally_openstack.cleanup.manager [-] Cleaning up neutron floatingip objects
2020-03-08 22:30:23.805 15 RALLYDEBUG rally_openstack.cleanup.manager [-] Cleaning up neutron trunk objects
2020-03-08 22:30:23.993 15 DEBUG neutronclient.v2_0.client [-] Error message: {"message": "The resource could not be found.

\n\n\n", "code": "404 Not Found", "title": "Not Found"} _handle_fault_response /usr/lib/python2.7/site-packages/neutronclient/v2_0/client.py:259
2020-03-08 22:30:24.003 15 RALLYDEBUG rally_openstack.cleanup.manager [-] Cleaning up neutron port objects
2020-03-08 22:30:24.262 15 RALLYDEBUG rally_openstack.cleanup.manager [-] Cleaning up neutron subnet objects
2020-03-08 22:30:24.505 15 RALLYDEBUG rally_openstack.cleanup.manager [-] Cleaning up neutron network objects
2020-03-08 22:30:25.155 15 RALLYDEBUG rally_openstack.cleanup.manager [-] Deleting neutron.network object s_rally_ebb9b2ef_nkNVPec7 (09caddc6-f15b-48af-a501-b4b8d777f92f)
2020-03-08 22:30:25.162 15 RALLYDEBUG rally_openstack.cleanup.manager [-] Deleting neutron.network object s_rally_ebb9b2ef_h8apKMQO (0b0d49d4-ebff-469b-a146-070a91915d67)
2020-03-08 22:30:25.163 15 RALLYDEBUG rally_openstack.cleanup.manager [-] Deleting neutron.network object s_rally_ebb9b2ef_ssmBU8xJ (011dfc5c-15c5-47b4-8eac-3e434d0ac8e5)
2020-03-08 22:30:25.163 15 RALLYDEBUG rally_openstack.cleanup.manager [-] Deleting neutron.network object s_rally_ebb9b2ef_v1h8TesT (0a5d50d4-defa-40db-9007-34134dae51d3)
2020-03-08 22:30:25.164 15 RALLYDEBUG rally_openstack.cleanup.manager [-] Deleting neutron.network object s_rally_ebb9b2ef_kVMSkox0 (00a2585a-0664-443a-8b7a-fc42637c9a6d)
2020-03-08 22:30:25.181 15 RALLYDEBUG rally_openstack.cleanup.manager [-] Deleting neutron.network object s_rally_ebb9b2ef_WOzNDyep (0d8460f9-e0c5-478f-a0fb-67fb8867a2d6)
2020-03-08 22:30:25.187 15 RALLYDEBUG rally_openstack.cleanup.manager [-] Deleting neutron.network object s_rally_ebb9b2ef_tqKS0y71 (0dbaea12-206f-43e5-98be-f399cb8c183d)
2020-03-08 22:30:25.193 15 RALLYDEBUG rally_openstack.cleanup.manager [-] Deleting neutron.network object s_rally_ebb9b2ef_LT8LDgsh (1150b07c-1735-4706-b9c2-db5f97d36cfe)
2020-03-08 22:30:25.201 15 RALLYDEBUG rally_openstack.cleanup.manager [-] Deleting neutron.network object s_rally_ebb9b2ef_1OkfDuR5 (116e3496-e836-42e8-b24e-bb4fb86af331)
2020-03-08 22:30:25.212 15 RALLYDEBUG rally_openstack.cleanup.manager [-] Deleting neutron.network object s_rally_ebb9b2ef_zNCNWkO7 (15de1a3f-d291-462c-bdfd-8a8b4de61a1d)
2020-03-08 22:30:25.228 15 RALLYDEBUG rally_openstack.cleanup.manager [-] Deleting neutron.network object s_rally_ebb9b2ef_rNMnCTGd (17b9d64f-1ca9-4d72-ac6f-f6bd31137ec5)
2020-03-08 22:30:25.314 15 RALLYDEBUG rally_openstack.cleanup.manager [-] Deleting neutron.network object s_rally_ebb9b2ef_aYLhdHnA (168601bb-9661-4b43-9c5b-1bf70b41e90f)
2020-03-08 22:30:25.330 15 RALLYDEBUG rally_openstack.cleanup.manager [-] Deleting neutron.network object s_rally_ebb9b2ef_BlUa7h9r (1f4404d8-86d0-4487-b55d-5b30d7506b56)
2020-03-08 22:30:25.328 15 RALLYDEBUG rally_openstack.cleanup.manager [-] Deleting neutron.network object s_rally_ebb9b2ef_FQiyMfFK (1f3260eb-a740-46a3-9025-0ed8e20b290c)
2020-03-08 22:30:25.346 15 RALLYDEBUG rally_openstack.cleanup.manager [-] Deleting neutron.network object s_rally_ebb9b2ef_hlsJ0Jfj (20cd4b48-154b-4785-8c53-2a153b686b28)
2020-03-08 22:30:25.369 15 RALLYDEBUG rally_openstack.cleanup.manager [-] Deleting neutron.network object s_rally_ebb9b2ef_K6mbg8ND (270d84af-12f6-4584-bf6e-16e30822f2dd)
2020-03-08 22:30:25.395 15 RALLYDEBUG rally_openstack.cleanup.manager [-] Deleting neutron.network object s_rally_ebb9b2ef_FpFsMEsJ (256f7843-2a49-4ba8-9392-645e2ddc6dcc)
2020-03-08 22:30:25.398 15 RALLYDEBUG rally_openstack.cleanup.manager [-] Deleting neutron.network object s_rally_ebb9b2ef_2nCm4awy (21eb2cbd-a598-4b68-ab06-9f1f89b3d6ea)
2020-03-08 22:30:25.419 15 RALLYDEBUG rally_openstack.cleanup.manager [-] Deleting neutron.network object s_rally_ebb9b2ef_55sFNT5G (2d6c852e-b69a-46ea-a804-aaf6914eee37)
2020-03-08 22:30:25.445 15 RALLYDEBUG rally_openstack.cleanup.manager [-] Deleting neutron.network object s_rally_ebb9b2ef_CVLT2iBF (301284a9-4f51-440a-8445-457e939191d5)
2020-03-08 22:30:27.794 15 RALLYDEBUG rally_openstack.cleanup.manager [-] Deleting neutron.network object s_rally_ebb9b2ef_MpKeWZIg (33c3810b-034b-4200-8e7d-d6ff7f89499e)
2020-03-08 22:30:27.798 15 RALLYDEBUG rally_openstack.cleanup.manager [-] Deleting neutron.network object s_rally_ebb9b2ef_Jbe6FP6y (3894fb89-034e-4ec1-88d5-c92e312464cd)
2020-03-08 22:30:27.799 15 RALLYDEBUG rally_openstack.cleanup.manager [-] Deleting neutron.network object s_rally_ebb9b2ef_u3bqV7Bf (36a13c95-ec1b-4918-9f48-777da865b7c6)
2020-03-08 22:30:27.985 15 RALLYDEBUG rally_openstack.cleanup.manager [-] Deleting neutron.network object s_rally_ebb9b2ef_RLS61apd (3fe66640-1396-4a9e-8872-e6e682a22082)
2020-03-08 22:30:28.103 15 RALLYDEBUG rally_openstack.cleanup.manager [-] Deleting neutron.network object s_rally_ebb9b2ef_3XW1VeeX (43caecf4-04c7-48b5-b18c-cd147403b8bd)
2020-03-08 22:30:28.217 15 RALLYDEBUG rally_openstack.cleanup.manager [-] Deleting neutron.network object s_rally_ebb9b2ef_Vnu5FasD (473c30ec-1185-41d5-a44b-58948d0d8632)
2020-03-08 22:30:28.282 15 RALLYDEBUG rally_openstack.cleanup.manager [-] Deleting neutron.network object s_rally_ebb9b2ef_bVxDhzp4 (4b0dca49-d073-44e3-97df-fc01535d9463)
2020-03-08 22:30:28.339 15 RALLYDEBUG rally_openstack.cleanup.manager [-] Deleting neutron.network object s_rally_ebb9b2ef_sKprh6N5 (523d2447-e7c3-4d6c-ae74-e041a2f5eb43)
2020-03-08 22:30:28.386 15 RALLYDEBUG rally_openstack.cleanup.manager [-] Deleting neutron.network object s_rally_ebb9b2ef_w7EDnJeu (53ff6d6d-6313-4c28-89ea-b7e33fb67fc3)
2020-03-08 22:30:28.425 15 RALLYDEBUG rally_openstack.cleanup.manager [-] Deleting neutron.network object s_rally_ebb9b2ef_jQQEe7Y9 (55a75c8b-e4c8-4d78-b21b-2b66974f4566)
2020-03-08 22:30:28.459 15 RALLYDEBUG rally_openstack.cleanup.manager [-] Deleting neutron.network object s_rally_ebb9b2ef_VNyMqw63 (58252322-5340-4338-92f8-a198d4c88644)
2020-03-08 22:30:28.476 15 RALLYDEBUG rally_openstack.cleanup.manager [-] Deleting neutron.network object s_rally_ebb9b2ef_HBHDmBEs (59d03f8b-82e0-433f-8661-ed922ad83a8b)
2020-03-08 22:30:28.506 15 RALLYDEBUG rally_openstack.cleanup.manager [-] Deleting neutron.network object s_rally_ebb9b2ef_Qpjr49WE (5b81570c-adc7-452b-89a2-0ba6669021d7)
2020-03-08 22:30:28.626 15 RALLYDEBUG rally_openstack.cleanup.manager [-] Deleting neutron.network object s_rally_ebb9b2ef_jU3QImAn (5c27c439-831b-446c-b37c-0df908a8ae63)
2020-03-08 22:30:28.692 15 RALLYDEBUG rally_openstack.cleanup.manager [-] Deleting neutron.network object s_rally_ebb9b2ef_y0ctdFrS (5d66b548-72ea-4e3f-a667-4f40aefdfeb5)
2020-03-08 22:30:29.104 15 RALLYDEBUG rally_openstack.cleanup.manager [-] Deleting neutron.network object s_rally_ebb9b2ef_5mU2UuVL (666e3c31-bc88-430c-8b15-27a3e3c8ec2e)
2020-03-08 22:30:29.112 15 RALLYDEBUG rally_openstack.cleanup.manager [-] Deleting neutron.network object s_rally_ebb9b2ef_xX3B3b3W (6925918f-57ec-450d-b8e7-ec832bf92d9a)
2020-03-08 22:30:29.363 15 RALLYDEBUG rally_openstack.cleanup.manager [-] Deleting neutron.network object s_rally_ebb9b2ef_dTfG8sKB (6c43b141-e7d1-44e8-9cdc-fab6b660bc81)
2020-03-08 22:30:29.385 15 RALLYDEBUG rally_openstack.cleanup.manager [-] Deleting neutron.network object s_rally_ebb9b2ef_rrXSNIgz (70c005c2-96dd-4595-8f23-c9e92aab7e81)
2020-03-08 22:30:29.537 15 RALLYDEBUG rally_openstack.cleanup.manager [-] Deleting neutron.network object s_rally_ebb9b2ef_jv06WKRD (71517cec-f3c0-470c-8418-e2fd78aae0fe)
2020-03-08 22:30:29.633 15 RALLYDEBUG rally_openstack.cleanup.manager [-] Deleting neutron.network object s_rally_ebb9b2ef_Cv1536kz (7380401d-c8fa-4211-938a-1ed93531a8ae)
2020-03-08 22:30:29.879 15 RALLYDEBUG rally_openstack.cleanup.manager [-] Deleting neutron.network object s_rally_ebb9b2ef_4RldGf8F (749bfc49-1b24-455b-89aa-30dd6f23d694)
2020-03-08 22:30:30.328 15 RALLYDEBUG rally_openstack.cleanup.manager [-] Deleting neutron.network object s_rally_ebb9b2ef_oBAlB67o (77e9a34e-c2fd-432a-be85-1909dee00795)
2020-03-08 22:30:30.350 15 RALLYDEBUG rally_openstack.cleanup.manager [-] Deleting neutron.network object s_rally_ebb9b2ef_2ZzqeUA1 (79789433-5f9f-458f-b7d4-79a089b4ff8e)
2020-03-08 22:30:30.393 15 RALLYDEBUG rally_openstack.cleanup.manager [-] Deleting neutron.network object s_rally_ebb9b2ef_jOPjJ6jj (7aa37379-61d9-4a9a-a14b-3b2680465d1b)
2020-03-08 22:30:30.432 15 RALLYDEBUG rally_openstack.cleanup.manager [-] Deleting neutron.network object s_rally_ebb9b2ef_RBGRtUwm (7acbff7c-0bb8-4462-9379-d79045079930)
2020-03-08 22:30:30.517 15 RALLYDEBUG rally_openstack.cleanup.manager [-] Deleting neutron.network object s_rally_ebb9b2ef_VZWvNjDa (7c765001-80d7-4812-bad0-77452efb53d2)
2020-03-08 22:30:30.684 15 RALLYDEBUG rally_openstack.cleanup.manager [-] Deleting neutron.network object s_rally_ebb9b2ef_G1QIuCyi (7d60ec6e-78c4-47ce-afdc-cf3c20659bc9)
2020-03-08 22:30:30.882 15 RALLYDEBUG rally_openstack.cleanup.manager [-] Deleting neutron.network object s_rally_ebb9b2ef_FFsqkg9K (7d966b5c-7eee-4fc8-b2ba-04b7c5ede079)
2020-03-08 22:30:30.890 15 RALLYDEBUG rally_openstack.cleanup.manager [-] Deleting neutron.network object s_rally_ebb9b2ef_hCOhgpRH (7e6661c2-d20c-459b-bb66-215b152f8767)
2020-03-08 22:30:30.922 15 RALLYDEBUG rally_openstack.cleanup.manager [-] Deleting neutron.network object s_rally_ebb9b2ef_xhHhGV5g (7f4d837c-cfc5-4fbd-a8b6-8ad32c17c9d6)
2020-03-08 22:30:30.928 15 RALLYDEBUG rally_openstack.cleanup.manager [-] Deleting neutron.network object s_rally_ebb9b2ef_Q6EK566G (88745419-48c5-47ef-beb5-337c2c42828a)
2020-03-08 22:30:31.086 15 RALLYDEBUG rally_openstack.cleanup.manager [-] Deleting neutron.network object s_rally_ebb9b2ef_QkXaoD1a (8d65d59b-f997-4a96-8576-cedbb7950b45)
2020-03-08 22:30:31.309 15 RALLYDEBUG rally_openstack.cleanup.manager [-] Deleting neutron.network object s_rally_ebb9b2ef_mF76rVSo (8eec7e4c-0b13-4bce-8e28-70c02eb94db8)
2020-03-08 22:30:31.418 15 RALLYDEBUG rally_openstack.cleanup.manager [-] Deleting neutron.network object s_rally_ebb9b2ef_sDvDtvcH (9002639c-1d99-43f5-b901-8188fa36c211)
2020-03-08 22:30:31.709 15 RALLYDEBUG rally_openstack.cleanup.manager [-] Deleting neutron.network object s_rally_ebb9b2ef_W7Ca1qan (90229700-02e1-4c48-9189-d34505379e39)
2020-03-08 22:30:31.775 15 RALLYDEBUG rally_openstack.cleanup.manager [-] Deleting neutron.network object s_rally_ebb9b2ef_RSByv5cO (95d34c96-1934-4c46-98f0-71cb5f6be8a2)
2020-03-08 22:30:32.095 15 RALLYDEBUG rally_openstack.cleanup.manager [-] Deleting neutron.network object s_rally_ebb9b2ef_3TD9uTwi (982931d0-0bb3-4422-95d5-66ffffac688b)
2020-03-08 22:30:32.203 15 RALLYDEBUG rally_openstack.cleanup.manager [-] Deleting neutron.network object s_rally_ebb9b2ef_RYlC0Ums (9a86d696-db92-4473-9bc2-aa6313ddadd4)
2020-03-08 22:30:32.258 15 RALLYDEBUG rally_openstack.cleanup.manager [-] Deleting neutron.network object s_rally_ebb9b2ef_89XQriuN (9aaad686-e2fd-49d5-96a1-b92855ae2cec)
2020-03-08 22:30:32.374 15 RALLYDEBUG rally_openstack.cleanup.manager [-] Deleting neutron.network object s_rally_ebb9b2ef_LeLPctFg (a03e25da-5dfb-477e-9c8f-a200ad171f2b)
2020-03-08 22:30:32.549 15 RALLYDEBUG rally_openstack.cleanup.manager [-] Deleting neutron.network object s_rally_ebb9b2ef_uRy7cPzG (a05cdde2-7655-4737-a79b-2029de735abd)
2020-03-08 22:30:32.593 15 RALLYDEBUG rally_openstack.cleanup.manager [-] Deleting neutron.network object s_rally_ebb9b2ef_PGlYmjAL (a132bfc5-80fe-441c-8a54-0d581efba429)
2020-03-08 22:30:32.691 15 RALLYDEBUG rally_openstack.cleanup.manager [-] Deleting neutron.network object s_rally_ebb9b2ef_wol3nVmV (a354b459-1ee7-486f-a72c-bb20f2b175dd)
2020-03-08 22:30:32.853 15 RALLYDEBUG rally_openstack.cleanup.manager [-] Deleting neutron.network object s_rally_ebb9b2ef_871I9LsA (a5308dd3-72a9-429b-9e64-7a77a37e406a)
2020-03-08 22:30:32.880 15 RALLYDEBUG rally_openstack.cleanup.manager [-] Deleting neutron.network object s_rally_ebb9b2ef_EdSdZtoD (a54f9462-9637-4ec0-bda0-7846793c7a38)
2020-03-08 22:30:33.023 15 RALLYDEBUG rally_openstack.cleanup.manager [-] Deleting neutron.network object s_rally_ebb9b2ef_VHne1pg0 (a58991aa-1ec2-44ae-bf4c-b1dcf81895f7)
2020-03-08 22:30:33.618 15 RALLYDEBUG rally_openstack.cleanup.manager [-] Deleting neutron.network object s_rally_ebb9b2ef_kEIOyyxi (ac6fecda-230e-4d4c-b4fb-670eb0b04f37)
2020-03-08 22:30:33.808 15 RALLYDEBUG rally_openstack.cleanup.manager [-] Deleting neutron.network object s_rally_ebb9b2ef_kzkoLHE7 (ae9c9b0b-d8f2-4a95-8815-e854984ba6a8)
2020-03-08 22:30:33.880 15 RALLYDEBUG rally_openstack.cleanup.manager [-] Deleting neutron.network object s_rally_ebb9b2ef_7Zk88F1m (af987a3c-26ce-4eb7-8c0f-cc58ce5c0315)
2020-03-08 22:30:33.952 15 RALLYDEBUG rally_openstack.cleanup.manager [-] Deleting neutron.network object s_rally_ebb9b2ef_n7FFex8e (b102cf85-e900-44a2-8388-775f4b36aece)
2020-03-08 22:30:34.238 15 RALLYDEBUG rally_openstack.cleanup.manager [-] Deleting neutron.network object s_rally_ebb9b2ef_9oSWNlnj (b791f275-ffb8-4475-b23d-8d8281fae35e)
2020-03-08 22:30:34.247 15 RALLYDEBUG rally_openstack.cleanup.manager [-] Deleting neutron.network object s_rally_ebb9b2ef_ND3wmJz5 (b839c2ee-5ff8-45b9-8fe4-9ea4b5f2781c)
2020-03-08 22:30:34.272 15 RALLYDEBUG rally_openstack.cleanup.manager [-] Deleting neutron.network object s_rally_ebb9b2ef_6PCdj0MJ (b9f597f6-56aa-4d02-aa14-4400130cf3cd)
2020-03-08 22:30:34.302 15 RALLYDEBUG rally_openstack.cleanup.manager [-] Deleting neutron.network object s_rally_ebb9b2ef_9m6Sh1Q2 (bc2173a3-f5f1-45b1-98b9-22bd6ac2576b)
2020-03-08 22:30:34.400 15 RALLYDEBUG rally_openstack.cleanup.manager [-] Deleting neutron.network object s_rally_ebb9b2ef_HRPHdSXb (bd7fd7f0-a545-4ab3-9187-5a1d0f1ddb6c)
2020-03-08 22:30:34.530 15 RALLYDEBUG rally_openstack.cleanup.manager [-] Deleting neutron.network object s_rally_ebb9b2ef_4Fc69Ovz (c5575e1b-0d2f-4431-b517-ee7f06a57fdc)
2020-03-08 22:30:34.547 15 RALLYDEBUG rally_openstack.cleanup.manager [-] Deleting neutron.network object s_rally_ebb9b2ef_tlYkUe3x (c63be405-dfd6-4aa9-a6e6-904f98b84a4f)
2020-03-08 22:30:34.598 15 RALLYDEBUG rally_openstack.cleanup.manager [-] Deleting neutron.network object s_rally_ebb9b2ef_xdQMIsX3 (c8faba92-e78e-42e3-960d-15b72119374d)
2020-03-08 22:30:34.645 15 RALLYDEBUG rally_openstack.cleanup.manager [-] Deleting neutron.network object s_rally_ebb9b2ef_2j168CvV (cb5741bb-0962-4b09-b8c2-04eabd933b92)
