2020-03-08 22:43:39.627 3490 RALLYDEBUG rally.task.runner [-] Starting a worker. concurrency: 1 args: {"network_create_args": {}, "subnet_create_args": {}, "subnet_cidr_start": "1.1.0.0/30", "subnets_per_network": 2, "router_create_args": {}} times: 40 method_name: run timeout: 0 duration: None cls:
2020-03-08 22:43:39.631 3483 INFO rally.task.runner [-] Task 292c560a-1dd2-413e-8e85-9dab898c6bbe | ITER: 6 START
2020-03-08 22:43:39.631 3487 INFO rally.task.runner [-] Task 292c560a-1dd2-413e-8e85-9dab898c6bbe | ITER: 7 START
2020-03-08 22:43:39.631 3479 INFO rally.task.runner [-] Task 292c560a-1dd2-413e-8e85-9dab898c6bbe | ITER: 5 START
2020-03-08 22:43:39.631 3492 RALLYDEBUG rally.task.runner [-] Starting a worker. concurrency: 1 args: {"network_create_args": {}, "subnet_create_args": {}, "subnet_cidr_start": "1.1.0.0/30", "subnets_per_network": 2, "router_create_args": {}} times: 40 method_name: run timeout: 0 duration: None cls:
2020-03-08 22:43:39.634 3490 INFO rally.task.runner [-] Task 292c560a-1dd2-413e-8e85-9dab898c6bbe | ITER: 8 START
2020-03-08 22:43:39.633 3493 RALLYDEBUG rally.task.runner [-] Starting a worker. concurrency: 1 args: {"network_create_args": {}, "subnet_create_args": {}, "subnet_cidr_start": "1.1.0.0/30", "subnets_per_network": 2, "router_create_args": {}} times: 40 method_name: run timeout: 0 duration: None cls:
2020-03-08 22:43:39.640 3493 INFO rally.task.runner [-] Task 292c560a-1dd2-413e-8e85-9dab898c6bbe | ITER: 10 START
2020-03-08 22:43:39.639 3498 RALLYDEBUG rally.task.runner [-] Starting a worker. concurrency: 1 args: {"network_create_args": {}, "subnet_create_args": {}, "subnet_cidr_start": "1.1.0.0/30", "subnets_per_network": 2, "router_create_args": {}} times: 40 method_name: run timeout: 0 duration: None cls:
2020-03-08 22:43:39.641 3502 RALLYDEBUG rally.task.runner [-] Starting a worker. concurrency: 1 args: {"network_create_args": {}, "subnet_create_args": {}, "subnet_cidr_start": "1.1.0.0/30", "subnets_per_network": 2, "router_create_args": {}} times: 40 method_name: run timeout: 0 duration: None cls:
2020-03-08 22:43:39.644 3504 RALLYDEBUG rally.task.runner [-] Starting a worker. concurrency: 1 args: {"network_create_args": {}, "subnet_create_args": {}, "subnet_cidr_start": "1.1.0.0/30", "subnets_per_network": 2, "router_create_args": {}} times: 40 method_name: run timeout: 0 duration: None cls:
2020-03-08 22:43:39.647 3498 INFO rally.task.runner [-] Task 292c560a-1dd2-413e-8e85-9dab898c6bbe | ITER: 11 START
2020-03-08 22:43:39.647 3502 INFO rally.task.runner [-] Task 292c560a-1dd2-413e-8e85-9dab898c6bbe | ITER: 12 START
2020-03-08 22:43:39.648 3492 INFO rally.task.runner [-] Task 292c560a-1dd2-413e-8e85-9dab898c6bbe | ITER: 9 START
2020-03-08 22:43:39.647 3508 RALLYDEBUG rally.task.runner [-] Starting a worker. concurrency: 1 args: {"network_create_args": {}, "subnet_create_args": {}, "subnet_cidr_start": "1.1.0.0/30", "subnets_per_network": 2, "router_create_args": {}} times: 40 method_name: run timeout: 0 duration: None cls:
2020-03-08 22:43:39.650 3509 RALLYDEBUG rally.task.runner [-] Starting a worker. concurrency: 1 args: {"network_create_args": {}, "subnet_create_args": {}, "subnet_cidr_start": "1.1.0.0/30", "subnets_per_network": 2, "router_create_args": {}} times: 40 method_name: run timeout: 0 duration: None cls:
2020-03-08 22:43:39.652 3504 INFO rally.task.runner [-] Task 292c560a-1dd2-413e-8e85-9dab898c6bbe | ITER: 13 START
2020-03-08 22:43:39.654 3508 INFO rally.task.runner [-] Task 292c560a-1dd2-413e-8e85-9dab898c6bbe | ITER: 14 START
2020-03-08 22:43:39.653 3513 RALLYDEBUG rally.task.runner [-] Starting a worker. concurrency: 1 args: {"network_create_args": {}, "subnet_create_args": {}, "subnet_cidr_start": "1.1.0.0/30", "subnets_per_network": 2, "router_create_args": {}} times: 40 method_name: run timeout: 0 duration: None cls:
2020-03-08 22:43:39.656 3516 RALLYDEBUG rally.task.runner [-] Starting a worker. concurrency: 1 args: {"network_create_args": {}, "subnet_create_args": {}, "subnet_cidr_start": "1.1.0.0/30", "subnets_per_network": 2, "router_create_args": {}} times: 40 method_name: run timeout: 0 duration: None cls:
2020-03-08 22:43:39.657 3509 INFO rally.task.runner [-] Task 292c560a-1dd2-413e-8e85-9dab898c6bbe | ITER: 15 START
2020-03-08 22:43:39.659 3519 RALLYDEBUG rally.task.runner [-] Starting a worker. concurrency: 1 args: {"network_create_args": {}, "subnet_create_args": {}, "subnet_cidr_start": "1.1.0.0/30", "subnets_per_network": 2, "router_create_args": {}} times: 40 method_name: run timeout: 0 duration: None cls:
2020-03-08 22:43:39.659 3513 INFO rally.task.runner [-] Task 292c560a-1dd2-413e-8e85-9dab898c6bbe | ITER: 16 START
2020-03-08 22:43:39.662 3516 INFO rally.task.runner [-] Task 292c560a-1dd2-413e-8e85-9dab898c6bbe | ITER: 17 START
2020-03-08 22:43:39.662 3521 RALLYDEBUG rally.task.runner [-] Starting a worker. concurrency: 1 args: {"network_create_args": {}, "subnet_create_args": {}, "subnet_cidr_start": "1.1.0.0/30", "subnets_per_network": 2, "router_create_args": {}} times: 40 method_name: run timeout: 0 duration: None cls:
2020-03-08 22:43:39.665 3525 RALLYDEBUG rally.task.runner [-] Starting a worker. concurrency: 1 args: {"network_create_args": {}, "subnet_create_args": {}, "subnet_cidr_start": "1.1.0.0/30", "subnets_per_network": 2, "router_create_args": {}} times: 40 method_name: run timeout: 0 duration: None cls:
2020-03-08 22:43:39.668 3521 INFO rally.task.runner [-] Task 292c560a-1dd2-413e-8e85-9dab898c6bbe | ITER: 19 START
2020-03-08 22:43:39.671 3525 INFO rally.task.runner [-] Task 292c560a-1dd2-413e-8e85-9dab898c6bbe | ITER: 20 START
2020-03-08 22:43:39.672 3519 INFO rally.task.runner [-] Task 292c560a-1dd2-413e-8e85-9dab898c6bbe | ITER: 18 START
2020-03-08 22:43:41.089 3478 RALLYDEBUG rally_openstack.wrappers.network [-] CIDR generated: 1.1.8.32/30
2020-03-08 22:43:41.209 3475 RALLYDEBUG rally_openstack.wrappers.network [-] CIDR generated: 1.1.8.36/30
2020-03-08 22:43:41.452 3493 RALLYDEBUG rally_openstack.wrappers.network [-] CIDR generated: 1.1.8.40/30
2020-03-08 22:43:41.458 3483 RALLYDEBUG rally_openstack.wrappers.network [-] CIDR generated: 1.1.8.44/30
2020-03-08 22:43:41.520 3502 RALLYDEBUG rally_openstack.wrappers.network [-] CIDR generated: 1.1.8.48/30
2020-03-08 22:43:41.554 3479 RALLYDEBUG rally_openstack.wrappers.network [-] CIDR generated: 1.1.8.52/30
2020-03-08 22:43:41.758 3477 RALLYDEBUG rally_openstack.wrappers.network [-] CIDR generated: 1.1.8.56/30
2020-03-08 22:43:41.763 3509 RALLYDEBUG rally_openstack.wrappers.network [-] CIDR generated: 1.1.8.60/30
2020-03-08 22:43:41.904 3490 RALLYDEBUG rally_openstack.wrappers.network [-] CIDR generated: 1.1.8.64/30
2020-03-08 22:43:41.943 3521 RALLYDEBUG rally_openstack.wrappers.network [-] CIDR generated: 1.1.8.68/30
2020-03-08 22:43:42.034 3519 RALLYDEBUG rally_openstack.wrappers.network [-] CIDR generated: 1.1.8.72/30
2020-03-08 22:43:42.039 3476 RALLYDEBUG rally_openstack.wrappers.network [-] CIDR generated: 1.1.8.76/30
2020-03-08 22:43:42.228 3487 RALLYDEBUG rally_openstack.wrappers.network [-] CIDR generated: 1.1.8.80/30
2020-03-08 22:43:42.363 3498 RALLYDEBUG rally_openstack.wrappers.network [-] CIDR generated: 1.1.8.84/30
2020-03-08 22:43:42.415 3492 RALLYDEBUG rally_openstack.wrappers.network [-] CIDR generated: 1.1.8.88/30
2020-03-08 22:43:42.599 3504 RALLYDEBUG rally_openstack.wrappers.network [-] CIDR generated: 1.1.8.92/30
2020-03-08 22:43:42.605 3513 RALLYDEBUG rally_openstack.wrappers.network [-] CIDR generated: 1.1.8.96/30
2020-03-08 22:43:42.872 3516 RALLYDEBUG rally_openstack.wrappers.network [-] CIDR generated: 1.1.8.100/30
2020-03-08 22:43:42.946 3525 RALLYDEBUG rally_openstack.wrappers.network [-] CIDR generated: 1.1.8.104/30
2020-03-08 22:43:43.624 3508 RALLYDEBUG rally_openstack.wrappers.network [-] CIDR generated: 1.1.8.108/30
2020-03-08 22:43:47.760 3475 RALLYDEBUG rally_openstack.wrappers.network [-] CIDR generated: 1.1.8.112/30
2020-03-08 22:43:47.779 3493 RALLYDEBUG rally_openstack.wrappers.network [-] CIDR generated: 1.1.8.116/30
2020-03-08 22:43:47.815 3478 RALLYDEBUG rally_openstack.wrappers.network [-] CIDR generated: 1.1.8.120/30
2020-03-08 22:43:47.830 3502 RALLYDEBUG rally_openstack.wrappers.network [-] CIDR generated: 1.1.8.124/30
2020-03-08 22:43:47.909 3479 RALLYDEBUG rally_openstack.wrappers.network [-] CIDR generated: 1.1.8.128/30
2020-03-08 22:43:47.967 3483 RALLYDEBUG rally_openstack.wrappers.network [-] CIDR generated: 1.1.8.132/30
2020-03-08 22:43:47.968 3477 RALLYDEBUG rally_openstack.wrappers.network [-] CIDR generated: 1.1.8.136/30
2020-03-08 22:43:48.006 3490 RALLYDEBUG rally_openstack.wrappers.network [-] CIDR generated: 1.1.8.140/30
2020-03-08 22:43:48.029 3498 RALLYDEBUG rally_openstack.wrappers.network [-] CIDR generated: 1.1.8.144/30
2020-03-08 22:43:48.079 3516 RALLYDEBUG rally_openstack.wrappers.network [-] CIDR generated: 1.1.8.148/30
2020-03-08 22:43:48.118 3508 RALLYDEBUG rally_openstack.wrappers.network [-] CIDR generated: 1.1.8.152/30
2020-03-08 22:43:48.138 3521 RALLYDEBUG rally_openstack.wrappers.network [-] CIDR generated: 1.1.8.156/30
2020-03-08 22:43:48.138 3487 RALLYDEBUG rally_openstack.wrappers.network [-] CIDR generated: 1.1.8.160/30
2020-03-08 22:43:48.169 3476 RALLYDEBUG rally_openstack.wrappers.network [-] CIDR generated: 1.1.8.164/30
2020-03-08 22:43:48.321 3509 RALLYDEBUG rally_openstack.wrappers.network [-] CIDR generated: 1.1.8.168/30
2020-03-08 22:43:48.387 3519 RALLYDEBUG rally_openstack.wrappers.network [-] CIDR generated: 1.1.8.172/30
2020-03-08 22:43:48.488 3492 RALLYDEBUG rally_openstack.wrappers.network [-] CIDR generated: 1.1.8.176/30
2020-03-08 22:43:48.509 3504 RALLYDEBUG rally_openstack.wrappers.network [-] CIDR generated: 1.1.8.180/30
2020-03-08 22:43:48.667 3513 RALLYDEBUG rally_openstack.wrappers.network [-] CIDR generated: 1.1.8.184/30
2020-03-08 22:43:48.679 3525 RALLYDEBUG rally_openstack.wrappers.network [-] CIDR generated: 1.1.8.188/30
2020-03-08 22:44:42.024 3479 INFO rally.task.runner [-] Task 292c560a-1dd2-413e-8e85-9dab898c6bbe | ITER: 5 END: OK
2020-03-08 22:44:42.038 3479 INFO rally.task.runner [-] Task 292c560a-1dd2-413e-8e85-9dab898c6bbe | ITER: 21 START
2020-03-08 22:44:45.038 3516 INFO rally.task.runner [-] Task 292c560a-1dd2-413e-8e85-9dab898c6bbe | ITER: 17 END: OK
2020-03-08 22:44:45.046 3516 INFO rally.task.runner [-] Task 292c560a-1dd2-413e-8e85-9dab898c6bbe | ITER: 22 START
2020-03-08 22:44:45.580 3516 RALLYDEBUG rally_openstack.wrappers.network [-] CIDR generated: 1.1.8.192/30
2020-03-08 22:44:46.892 3479 RALLYDEBUG rally_openstack.wrappers.network [-] CIDR generated: 1.1.8.196/30
2020-03-08 22:44:48.452 3487 INFO rally.task.runner [-] Task 292c560a-1dd2-413e-8e85-9dab898c6bbe | ITER: 7 END: OK
2020-03-08 22:44:48.460 3487 INFO rally.task.runner [-] Task 292c560a-1dd2-413e-8e85-9dab898c6bbe | ITER: 23 START
2020-03-08 22:44:48.650 3493 INFO rally.task.runner [-] Task 292c560a-1dd2-413e-8e85-9dab898c6bbe | ITER: 10 END: OK
2020-03-08 22:44:48.658 3493 INFO rally.task.runner [-] Task 292c560a-1dd2-413e-8e85-9dab898c6bbe | ITER: 24 START
2020-03-08 22:44:49.431 3479 RALLYDEBUG rally_openstack.wrappers.network [-] CIDR generated: 1.1.8.200/30
2020-03-08 22:44:49.846 3516 RALLYDEBUG rally_openstack.wrappers.network [-] CIDR generated: 1.1.8.204/30
2020-03-08 22:44:50.109 3487 RALLYDEBUG rally_openstack.wrappers.network [-] CIDR generated: 1.1.8.208/30
2020-03-08 22:44:50.494 3493 RALLYDEBUG rally_openstack.wrappers.network [-] CIDR generated: 1.1.8.212/30
2020-03-08 22:44:51.338 3492 INFO rally.task.runner [-] Task 292c560a-1dd2-413e-8e85-9dab898c6bbe | ITER: 9 END: OK
2020-03-08 22:44:51.346 3492 INFO rally.task.runner [-] Task 292c560a-1dd2-413e-8e85-9dab898c6bbe | ITER: 25 START
2020-03-08 22:44:51.663 3487 RALLYDEBUG rally_openstack.wrappers.network [-] CIDR generated: 1.1.8.216/30
2020-03-08 22:44:52.056 3525 INFO rally.task.runner [-] Task 292c560a-1dd2-413e-8e85-9dab898c6bbe | ITER: 20 END: OK
2020-03-08 22:44:52.063 3525 INFO rally.task.runner [-] Task 292c560a-1dd2-413e-8e85-9dab898c6bbe | ITER: 26 START
2020-03-08 22:44:52.660 3492 RALLYDEBUG rally_openstack.wrappers.network [-] CIDR generated: 1.1.8.220/30
2020-03-08 22:44:53.557 3508 INFO rally.task.runner [-] Task 292c560a-1dd2-413e-8e85-9dab898c6bbe | ITER: 14 END: OK
2020-03-08 22:44:53.566 3508 INFO rally.task.runner [-] Task 292c560a-1dd2-413e-8e85-9dab898c6bbe | ITER: 27 START
2020-03-08 22:44:54.108 3493 RALLYDEBUG rally_openstack.wrappers.network [-] CIDR generated: 1.1.8.224/30
2020-03-08 22:44:54.312 3525 RALLYDEBUG rally_openstack.wrappers.network [-] CIDR generated: 1.1.8.228/30
2020-03-08 22:44:54.935 3513 INFO rally.task.runner [-] Task 292c560a-1dd2-413e-8e85-9dab898c6bbe | ITER: 16 END: OK
2020-03-08 22:44:54.943 3513 INFO rally.task.runner [-] Task 292c560a-1dd2-413e-8e85-9dab898c6bbe | ITER: 28 START
2020-03-08 22:44:55.043 3508 RALLYDEBUG rally_openstack.wrappers.network [-] CIDR generated: 1.1.8.232/30
2020-03-08 22:44:56.842 3492 RALLYDEBUG rally_openstack.wrappers.network [-] CIDR generated: 1.1.8.236/30
2020-03-08 22:44:57.895 3525 RALLYDEBUG rally_openstack.wrappers.network [-] CIDR generated: 1.1.8.240/30
2020-03-08 22:44:59.784 3513 RALLYDEBUG rally_openstack.wrappers.network [-] CIDR generated: 1.1.8.244/30
2020-03-08 22:45:00.511 3509 INFO rally.task.runner [-] Task 292c560a-1dd2-413e-8e85-9dab898c6bbe | ITER: 15 END: OK
2020-03-08 22:45:00.519 3509 INFO rally.task.runner [-] Task 292c560a-1dd2-413e-8e85-9dab898c6bbe | ITER: 29 START
2020-03-08 22:45:00.519 3502 INFO rally.task.runner [-] Task 292c560a-1dd2-413e-8e85-9dab898c6bbe | ITER: 12 END: OK
2020-03-08 22:45:00.527 3502 INFO rally.task.runner [-] Task 292c560a-1dd2-413e-8e85-9dab898c6bbe | ITER: 30 START
2020-03-08 22:45:01.451 3508 RALLYDEBUG rally_openstack.wrappers.network [-] CIDR generated: 1.1.8.248/30
2020-03-08 22:45:02.131 3502 RALLYDEBUG rally_openstack.wrappers.network [-] CIDR generated: 1.1.8.252/30
2020-03-08 22:45:02.683 3509 RALLYDEBUG rally_openstack.wrappers.network [-] CIDR generated: 1.1.9.0/30
2020-03-08 22:45:03.124 3477 INFO rally.task.runner [-] Task 292c560a-1dd2-413e-8e85-9dab898c6bbe | ITER: 3 END: OK
2020-03-08 22:45:03.132 3477 INFO rally.task.runner [-] Task 292c560a-1dd2-413e-8e85-9dab898c6bbe | ITER: 31 START
2020-03-08 22:45:03.464 3521 INFO rally.task.runner [-] Task 292c560a-1dd2-413e-8e85-9dab898c6bbe | ITER: 19 END: OK
2020-03-08 22:45:03.471 3521 INFO rally.task.runner [-] Task 292c560a-1dd2-413e-8e85-9dab898c6bbe | ITER: 32 START
2020-03-08 22:45:05.096 3513 RALLYDEBUG rally_openstack.wrappers.network [-] CIDR generated: 1.1.9.4/30
2020-03-08 22:45:05.388 3477 RALLYDEBUG rally_openstack.wrappers.network [-] CIDR generated: 1.1.9.8/30
2020-03-08 22:45:06.876 3521 RALLYDEBUG rally_openstack.wrappers.network [-] CIDR generated: 1.1.9.12/30
2020-03-08 22:45:06.898 3478 INFO rally.task.runner [-] Task 292c560a-1dd2-413e-8e85-9dab898c6bbe | ITER: 4 END: OK
2020-03-08 22:45:06.907 3478 INFO rally.task.runner [-] Task 292c560a-1dd2-413e-8e85-9dab898c6bbe | ITER: 33 START
2020-03-08 22:45:07.073 3502 RALLYDEBUG rally_openstack.wrappers.network [-] CIDR generated: 1.1.9.16/30
2020-03-08 22:45:07.444 3519 INFO rally.task.runner [-] Task 292c560a-1dd2-413e-8e85-9dab898c6bbe | ITER: 18 END: OK
2020-03-08 22:45:07.451 3519 INFO rally.task.runner [-] Task 292c560a-1dd2-413e-8e85-9dab898c6bbe | ITER: 34 START
2020-03-08 22:45:10.180 3478 RALLYDEBUG rally_openstack.wrappers.network [-] CIDR generated: 1.1.9.20/30
2020-03-08 22:45:10.339 3519 RALLYDEBUG rally_openstack.wrappers.network [-] CIDR generated: 1.1.9.24/30
2020-03-08 22:45:10.888 3509 RALLYDEBUG rally_openstack.wrappers.network [-] CIDR generated: 1.1.9.28/30
2020-03-08 22:45:11.637 3477 RALLYDEBUG rally_openstack.wrappers.network [-] CIDR generated: 1.1.9.32/30
2020-03-08 22:45:12.432 3521 RALLYDEBUG rally_openstack.wrappers.network [-] CIDR generated: 1.1.9.36/30
2020-03-08 22:45:14.609 3519 RALLYDEBUG rally_openstack.wrappers.network [-] CIDR generated: 1.1.9.40/30
2020-03-08 22:45:14.620 3478 RALLYDEBUG rally_openstack.wrappers.network [-] CIDR generated: 1.1.9.44/30
2020-03-08 22:45:31.363 3498 INFO rally.task.runner [-] Task 292c560a-1dd2-413e-8e85-9dab898c6bbe | ITER: 11 END: OK
2020-03-08 22:45:31.371 3498 INFO rally.task.runner [-] Task 292c560a-1dd2-413e-8e85-9dab898c6bbe | ITER: 35 START
2020-03-08 22:45:34.216 3498 RALLYDEBUG rally_openstack.wrappers.network [-] CIDR generated: 1.1.9.48/30
2020-03-08 22:45:34.337 3475 INFO rally.task.runner [-] Task 292c560a-1dd2-413e-8e85-9dab898c6bbe | ITER: 1 END: OK
2020-03-08 22:45:34.346 3475 INFO rally.task.runner [-] Task 292c560a-1dd2-413e-8e85-9dab898c6bbe | ITER: 36 START
2020-03-08 22:45:34.396 3483 INFO rally.task.runner [-] Task 292c560a-1dd2-413e-8e85-9dab898c6bbe | ITER: 6 END: OK
2020-03-08 22:45:34.404 3483 INFO rally.task.runner [-] Task 292c560a-1dd2-413e-8e85-9dab898c6bbe | ITER: 37 START
2020-03-08 22:45:37.713 3516 INFO rally.task.runner [-] Task 292c560a-1dd2-413e-8e85-9dab898c6bbe | ITER: 22 END: OK
2020-03-08 22:45:37.720 3516 INFO rally.task.runner [-] Task 292c560a-1dd2-413e-8e85-9dab898c6bbe | ITER: 38 START
2020-03-08 22:45:38.270 3504 INFO rally.task.runner [-] Task 292c560a-1dd2-413e-8e85-9dab898c6bbe | ITER: 13 END: OK
2020-03-08 22:45:38.277 3504 INFO rally.task.runner [-] Task 292c560a-1dd2-413e-8e85-9dab898c6bbe | ITER: 39 START
2020-03-08 22:45:38.552 3483 RALLYDEBUG rally_openstack.wrappers.network [-] CIDR generated: 1.1.9.52/30
2020-03-08 22:45:38.555 3475 RALLYDEBUG rally_openstack.wrappers.network [-] CIDR generated: 1.1.9.56/30
2020-03-08 22:45:39.733 3490 INFO rally.task.runner [-] Task 292c560a-1dd2-413e-8e85-9dab898c6bbe | ITER: 8 END: OK
2020-03-08 22:45:39.737 3476 INFO rally.task.runner [-] Task 292c560a-1dd2-413e-8e85-9dab898c6bbe | ITER: 2 END: OK
2020-03-08 22:45:39.741 3490 INFO rally.task.runner [-] Task 292c560a-1dd2-413e-8e85-9dab898c6bbe | ITER: 40 START
2020-03-08 22:45:41.210 3498 RALLYDEBUG rally_openstack.wrappers.network [-] CIDR generated: 1.1.9.60/30
2020-03-08 22:45:41.916 3516 RALLYDEBUG rally_openstack.wrappers.network [-] CIDR generated: 1.1.9.64/30
2020-03-08 22:45:44.146 3504 RALLYDEBUG rally_openstack.wrappers.network [-] CIDR generated: 1.1.9.68/30
2020-03-08 22:45:44.737 3487 INFO rally.task.runner [-] Task 292c560a-1dd2-413e-8e85-9dab898c6bbe | ITER: 23 END: OK
2020-03-08 22:45:44.817 3490 RALLYDEBUG rally_openstack.wrappers.network [-] CIDR generated: 1.1.9.72/30
2020-03-08 22:45:45.752 3475 RALLYDEBUG rally_openstack.wrappers.network [-] CIDR generated: 1.1.9.76/30
2020-03-08 22:45:46.412 3483 RALLYDEBUG rally_openstack.wrappers.network [-] CIDR generated: 1.1.9.80/30
2020-03-08 22:45:49.542 3516 RALLYDEBUG rally_openstack.wrappers.network [-] CIDR generated: 1.1.9.84/30
2020-03-08 22:45:49.678 3504 RALLYDEBUG rally_openstack.wrappers.network [-] CIDR generated: 1.1.9.88/30
2020-03-08 22:45:49.699 3490 RALLYDEBUG rally_openstack.wrappers.network [-] CIDR generated: 1.1.9.92/30
2020-03-08 22:45:50.703 3479 INFO rally.task.runner [-] Task 292c560a-1dd2-413e-8e85-9dab898c6bbe | ITER: 21 END: OK
2020-03-08 22:45:55.525 3493 INFO rally.task.runner [-] Task 292c560a-1dd2-413e-8e85-9dab898c6bbe | ITER: 24 END: OK
2020-03-08 22:45:58.035 3525 INFO rally.task.runner [-] Task 292c560a-1dd2-413e-8e85-9dab898c6bbe | ITER: 26 END: OK
2020-03-08 22:46:00.929 3492 INFO rally.task.runner [-] Task 292c560a-1dd2-413e-8e85-9dab898c6bbe | ITER: 25 END: OK
2020-03-08 22:46:05.015 3502 INFO rally.task.runner [-] Task 292c560a-1dd2-413e-8e85-9dab898c6bbe | ITER: 30 END: OK
2020-03-08 22:46:07.256 3521 INFO rally.task.runner [-] Task 292c560a-1dd2-413e-8e85-9dab898c6bbe | ITER: 32 END: OK
2020-03-08 22:46:10.314 3519 INFO rally.task.runner [-] Task 292c560a-1dd2-413e-8e85-9dab898c6bbe | ITER: 34 END: OK
2020-03-08 22:46:14.758 3477 INFO rally.task.runner [-] Task 292c560a-1dd2-413e-8e85-9dab898c6bbe | ITER: 31 END: OK
2020-03-08 22:46:15.081 3478 INFO rally.task.runner [-] Task 292c560a-1dd2-413e-8e85-9dab898c6bbe | ITER: 33 END: OK
2020-03-08 22:46:15.537 3513 INFO rally.task.runner [-] Task 292c560a-1dd2-413e-8e85-9dab898c6bbe | ITER: 28 END: OK
2020-03-08 22:46:23.074 3498 INFO rally.task.runner [-] Task 292c560a-1dd2-413e-8e85-9dab898c6bbe | ITER: 35 END: OK
2020-03-08 22:46:26.320 3509 INFO rally.task.runner [-] Task 292c560a-1dd2-413e-8e85-9dab898c6bbe | ITER: 29 END: OK
2020-03-08 22:46:26.662 3508 INFO rally.task.runner [-] Task 292c560a-1dd2-413e-8e85-9dab898c6bbe | ITER: 27 END: OK
2020-03-08 22:46:33.676 3490 INFO rally.task.runner [-] Task 292c560a-1dd2-413e-8e85-9dab898c6bbe | ITER: 40 END: OK
2020-03-08 22:46:34.983 3475 INFO rally.task.runner [-] Task 292c560a-1dd2-413e-8e85-9dab898c6bbe | ITER: 36 END: OK
2020-03-08 22:46:35.596 3504 INFO rally.task.runner [-] Task 292c560a-1dd2-413e-8e85-9dab898c6bbe | ITER: 39 END: OK
2020-03-08 22:46:45.588 3483 INFO rally.task.runner [-] Task 292c560a-1dd2-413e-8e85-9dab898c6bbe | ITER: 37 END: OK
2020-03-08 22:46:47.316 3516 INFO rally.task.runner [-] Task 292c560a-1dd2-413e-8e85-9dab898c6bbe | ITER: 38 END: OK
2020-03-08 22:46:47.340 15 INFO rally.task.context [-] Task 292c560a-1dd2-413e-8e85-9dab898c6bbe | Context cleanup@openstack cleanup() started
2020-03-08 22:46:47.343 15 RALLYDEBUG rally_openstack.cleanup.manager [-] Cleaning up neutron vip objects
2020-03-08 22:46:47.504 15 RALLYDEBUG rally_openstack.cleanup.manager [-] Cleaning up neutron health_monitor objects
2020-03-08 22:46:47.660 15 RALLYDEBUG rally_openstack.cleanup.manager [-] Cleaning up neutron pool objects
2020-03-08 22:46:47.809 15 RALLYDEBUG rally_openstack.cleanup.manager [-] Cleaning up neutron loadbalancer objects
2020-03-08 22:46:47.973 15 RALLYDEBUG rally_openstack.cleanup.manager [-] Cleaning up neutron floatingip objects
2020-03-08 22:46:48.146 15 RALLYDEBUG rally_openstack.cleanup.manager [-] Cleaning up neutron trunk objects
2020-03-08 22:46:48.284 15 DEBUG neutronclient.v2_0.client [-] Error message: {"message": "The resource could not be found.

\n\n\n", "code": "404 Not Found", "title": "Not Found"} _handle_fault_response /usr/lib/python2.7/site-packages/neutronclient/v2_0/client.py:259
2020-03-08 22:46:48.294 15 RALLYDEBUG rally_openstack.cleanup.manager [-] Cleaning up neutron port objects
2020-03-08 22:46:48.704 15 RALLYDEBUG rally_openstack.cleanup.manager [-] Cleaning up neutron subnet objects
2020-03-08 22:46:49.179 15 RALLYDEBUG rally_openstack.cleanup.manager [-] Deleting neutron.subnet object s_rally_a6908890_xUVx5ql4 (0168fc74-0554-47d9-bc02-d776a10b5c2a)
2020-03-08 22:46:49.188 15 RALLYDEBUG rally_openstack.cleanup.manager [-] Deleting neutron.subnet object s_rally_a6908890_hnLwW0lo (108a37b2-5640-4b17-a405-f47b953c806c)
2020-03-08 22:46:49.193 15 RALLYDEBUG rally_openstack.cleanup.manager [-] Deleting neutron.subnet object s_rally_a6908890_yK8ijyG9 (161f0945-3118-4eb2-88e8-7dda5688faae)
2020-03-08 22:46:49.203 15 RALLYDEBUG rally_openstack.cleanup.manager [-] Deleting neutron.subnet object s_rally_a6908890_IvWi0Gfr (1843cef1-352b-452d-b81f-29bd8a4c5da3)
2020-03-08 22:46:49.216 15 RALLYDEBUG rally_openstack.cleanup.manager [-] Deleting neutron.subnet object s_rally_a6908890_h4fk2HeU (190b79d4-8f03-4487-b746-e79fe46c28c0)
2020-03-08 22:46:49.221 15 RALLYDEBUG rally_openstack.cleanup.manager [-] Deleting neutron.subnet object s_rally_a6908890_PSHut04D (197228d5-5390-4e32-af73-16484ed9468a)
2020-03-08 22:46:49.230 15 RALLYDEBUG rally_openstack.cleanup.manager [-] Deleting neutron.subnet object s_rally_a6908890_Z8xyBHYQ (1e30ad83-c7fc-4f54-9ae2-6dd9aef2ab60)
2020-03-08 22:46:49.265 15 RALLYDEBUG rally_openstack.cleanup.manager [-] Deleting neutron.subnet object s_rally_a6908890_xGGCJSet (41a946b7-0aa9-492f-a916-6367d248c020)
2020-03-08 22:46:49.284 15 RALLYDEBUG rally_openstack.cleanup.manager [-] Deleting neutron.subnet object s_rally_a6908890_VHF4WTWQ (21eb0be7-76b8-4059-aaf3-868c8bcd0f00)
2020-03-08 22:46:49.291 15 RALLYDEBUG rally_openstack.cleanup.manager [-] Deleting neutron.subnet object s_rally_a6908890_Eb9fE8Kn (23e9a7c1-bf3e-45c7-9fbd-2dc0dc1c15dc)
2020-03-08 22:46:49.309 15 RALLYDEBUG rally_openstack.cleanup.manager [-] Deleting neutron.subnet object s_rally_a6908890_g2Lb5gVV (2703971c-a9df-425b-bfc9-7dc4f5c31a4b)
2020-03-08 22:46:49.311 15 RALLYDEBUG rally_openstack.cleanup.manager [-] Deleting neutron.subnet object s_rally_a6908890_jSmvbPaG (3d19235b-0a50-4533-b6fb-cf13283c6f5d)
2020-03-08 22:46:49.341 15 RALLYDEBUG rally_openstack.cleanup.manager [-] Deleting neutron.subnet object s_rally_a6908890_vFR1SjdC (37154180-8aa2-4d6c-b35c-6e6c7c50fcf9)
2020-03-08 22:46:49.344 15 RALLYDEBUG rally_openstack.cleanup.manager [-] Deleting neutron.subnet object s_rally_a6908890_8Qmb4zrB (41dbfbb7-a90f-4e97-8ac5-a8a11deefdcb)
2020-03-08 22:46:49.356 15 RALLYDEBUG rally_openstack.cleanup.manager [-] Deleting neutron.subnet object s_rally_a6908890_mXFeZswI (4449dce0-4baa-4293-9b68-2a441e4b1622)
2020-03-08 22:46:49.383 15 RALLYDEBUG rally_openstack.cleanup.manager [-] Deleting neutron.subnet object s_rally_a6908890_tK2Vwg0x (45b19cd1-d09d-4ef6-b76c-9ceff2b1f153)
2020-03-08 22:46:49.392 15 RALLYDEBUG rally_openstack.cleanup.manager [-] Deleting neutron.subnet object s_rally_a6908890_YeNqkdvK (44a19549-0def-49d1-adf6-dbbec9758c8a)
2020-03-08 22:46:49.398 15 RALLYDEBUG rally_openstack.cleanup.manager [-] Deleting neutron.subnet object s_rally_a6908890_Gjw6RTkk (4ca15296-8fa6-47e2-bf7b-2fb093ab42cb)
2020-03-08 22:46:49.415 15 RALLYDEBUG rally_openstack.cleanup.manager [-] Deleting neutron.subnet object s_rally_a6908890_aEkcRWpI (4d3fd6e4-699a-4556-9b0d-53452c18821e)
2020-03-08 22:46:49.439 15 RALLYDEBUG rally_openstack.cleanup.manager [-] Deleting neutron.subnet object s_rally_a6908890_DokBodKk (479ebf73-e4f4-4fc3-958c-5223e181d79c)
2020-03-08 22:46:51.565 15 RALLYDEBUG rally_openstack.cleanup.manager [-] Deleting neutron.subnet object s_rally_a6908890_UMQfMEdQ (4d6fe54d-3573-4258-ba2b-b91b8e6f95f4)
2020-03-08 22:46:51.832 15 RALLYDEBUG rally_openstack.cleanup.manager [-] Deleting neutron.subnet object s_rally_a6908890_XT4WoY0K (53d5c566-1021-4140-abe6-14640c6d7905)
2020-03-08 22:46:51.956 15 RALLYDEBUG rally_openstack.cleanup.manager [-] Deleting neutron.subnet object s_rally_a6908890_wwnIZXFm (599a7f84-cd1e-4a49-887f-ef532d651087)
2020-03-08 22:46:51.978 15 RALLYDEBUG rally_openstack.cleanup.manager [-] Deleting neutron.subnet object s_rally_a6908890_02aqzE0d (59f882b3-a253-4a8d-a39d-bad88a8541fb)
2020-03-08 22:46:52.239 15 RALLYDEBUG rally_openstack.cleanup.manager [-] Deleting neutron.subnet object s_rally_a6908890_LONimLHz (5be153d6-5459-47d2-b65e-e64358393df4)
2020-03-08 22:46:52.309 15 RALLYDEBUG rally_openstack.cleanup.manager [-] Deleting neutron.subnet object s_rally_a6908890_9MXGcPku (5c10e909-751e-4461-a2ac-a46f54a3e19f)
2020-03-08 22:46:52.353 15 RALLYDEBUG rally_openstack.cleanup.manager [-] Deleting neutron.subnet object s_rally_a6908890_cFp0bt7K (5c598fec-a051-476d-8e3c-633ba994603c)
2020-03-08 22:46:52.611 15 RALLYDEBUG rally_openstack.cleanup.manager [-] Deleting neutron.subnet object s_rally_a6908890_UKiALy9V (5e6d077e-d457-4190-a3a7-1813df0ab2f6)
2020-03-08 22:46:53.082 15 RALLYDEBUG rally_openstack.cleanup.manager [-] Deleting neutron.subnet object s_rally_a6908890_zQqLP71S (5f53712d-8025-4ae5-920d-fc81a9c61c71)
2020-03-08 22:46:53.089 15 RALLYDEBUG rally_openstack.cleanup.manager [-] Deleting neutron.subnet object s_rally_a6908890_cz0h4B6Y (64a7f2b9-6ea1-403d-b2d5-0aadfcad3705)
2020-03-08 22:46:53.177 15 RALLYDEBUG rally_openstack.cleanup.manager [-] Deleting neutron.subnet object s_rally_a6908890_6rnd0NpB (6639fd3b-a0de-4c54-94bf-1a2a2c11533f)
2020-03-08 22:46:53.406 15 RALLYDEBUG rally_openstack.cleanup.manager [-] Deleting neutron.subnet object s_rally_a6908890_DmkuP21q (6dacdce0-4f34-4aa8-8c5d-0ab8b96b1d27)
2020-03-08 22:46:54.115 15 RALLYDEBUG rally_openstack.cleanup.manager [-] Deleting neutron.subnet object s_rally_a6908890_pQrzMHf7 (724cde5d-4399-4784-a774-14324a28b573)
2020-03-08 22:46:54.460 15 RALLYDEBUG rally_openstack.cleanup.manager [-] Deleting neutron.subnet object s_rally_a6908890_ON9xtfHP (77af911f-a0ce-4f24-bf53-6681801be006)
2020-03-08 22:46:54.587 15 RALLYDEBUG rally_openstack.cleanup.manager [-] Deleting neutron.subnet object s_rally_a6908890_GcnpEm6U (7877b37b-f450-4309-bf77-09368b014a8a)
2020-03-08 22:46:54.825 15 RALLYDEBUG rally_openstack.cleanup.manager [-] Deleting neutron.subnet object s_rally_a6908890_3FNP98Y5 (7c67670d-7f3f-4887-bccd-feeef8eccb6b)
2020-03-08 22:46:54.866 15 RALLYDEBUG rally_openstack.cleanup.manager [-] Deleting neutron.subnet object s_rally_a6908890_LHD4sQ47 (7f0c3354-17db-4d10-b43b-a17a8a85932f)
2020-03-08 22:46:55.093 15 RALLYDEBUG rally_openstack.cleanup.manager [-] Deleting neutron.subnet object s_rally_a6908890_8k1QvnbS (83cc4dfe-cf84-4301-898a-4cd4bb2b2b96)
2020-03-08 22:46:55.202 15 RALLYDEBUG rally_openstack.cleanup.manager [-] Deleting neutron.subnet object s_rally_a6908890_bcwhQ0nF (86240124-75d5-4741-af73-edc3a52ec966)
2020-03-08 22:46:55.336 15 RALLYDEBUG rally_openstack.cleanup.manager [-] Deleting neutron.subnet object s_rally_a6908890_zXsUxcvO (8a0ea951-65ba-4e89-bc38-31ec17b097a5)
2020-03-08 22:46:55.406 15 RALLYDEBUG rally_openstack.cleanup.manager [-] Deleting neutron.subnet object s_rally_a6908890_MKoZI1uW (8a30178d-0b9f-4807-8b83-76ae06ba93b9)
2020-03-08 22:46:55.410 15 RALLYDEBUG rally_openstack.cleanup.manager [-] Deleting neutron.subnet object s_rally_a6908890_sh9zyHF9 (8a844d9d-1d4c-4720-bb1c-0c4e26f9d919)
2020-03-08 22:46:55.471 15 RALLYDEBUG rally_openstack.cleanup.manager [-] Deleting neutron.subnet object s_rally_a6908890_KscjFcMl (910182c1-bdc5-4721-8b3e-184ef5d104ef)
2020-03-08 22:46:55.853 15 RALLYDEBUG rally_openstack.cleanup.manager [-] Deleting neutron.subnet object s_rally_a6908890_zX0QRfKb (91cb8a1a-fe73-4368-903f-156d7689a051)
2020-03-08 22:46:56.000 15 RALLYDEBUG rally_openstack.cleanup.manager [-] Deleting neutron.subnet object s_rally_a6908890_LWYOZQz1 (938ecbad-7518-4508-b151-7935fa3e8bae)
2020-03-08 22:46:56.228 15 RALLYDEBUG rally_openstack.cleanup.manager [-] Deleting neutron.subnet object s_rally_a6908890_mYPFrpk6 (939ff286-ca99-4e0a-8d3c-7b11b85f224e)
2020-03-08 22:46:56.265 15 RALLYDEBUG rally_openstack.cleanup.manager [-] Deleting neutron.subnet object s_rally_a6908890_JQPu8seH (9b34ef42-d9aa-48df-92b4-7e86d14b34e5)
2020-03-08 22:46:56.361 15 RALLYDEBUG rally_openstack.cleanup.manager [-] Deleting neutron.subnet object s_rally_a6908890_dHgR9BGH (9bced91b-7384-4209-ae79-bfaa750dd6e8)
2020-03-08 22:46:56.465 15 RALLYDEBUG rally_openstack.cleanup.manager [-] Deleting neutron.subnet object s_rally_a6908890_pSYvDMK4 (9e6998bd-90c1-4c1f-bd27-b2d33c94df7b)
2020-03-08 22:46:56.488 15 RALLYDEBUG rally_openstack.cleanup.manager [-] Deleting neutron.subnet object s_rally_a6908890_o5kCg0R7 (a9477632-3dcd-446e-8323-8fbdf773486a)
2020-03-08 22:46:56.529 15 RALLYDEBUG rally_openstack.cleanup.manager [-] Deleting neutron.subnet object s_rally_a6908890_wvraJmQ7 (ac0fcfe8-4a0f-48cc-b135-176d174f8163)
2020-03-08 22:46:56.657 15 RALLYDEBUG rally_openstack.cleanup.manager [-] Deleting neutron.subnet object s_rally_a6908890_bK6oFu8K (ad007ef6-2b3d-4b20-b4a4-86aa95c889aa)
2020-03-08 22:46:56.757 15 RALLYDEBUG rally_openstack.cleanup.manager [-] Deleting neutron.subnet object s_rally_a6908890_Z4XobLFj (b158e6e0-8be3-4967-94d7-912fe2b8bbfb)
2020-03-08 22:46:56.893 15 RALLYDEBUG rally_openstack.cleanup.manager [-] Deleting neutron.subnet object s_rally_a6908890_xMCVnaWW (b23336b2-d776-4519-a354-23a5b1242785)
2020-03-08 22:46:56.996 15 RALLYDEBUG rally_openstack.cleanup.manager [-] Deleting neutron.subnet object s_rally_a6908890_uq1sUTk9 (b892098b-c06e-481e-bca3-af326f0a083c)
2020-03-08 22:46:57.341 15 RALLYDEBUG rally_openstack.cleanup.manager [-] Deleting neutron.subnet object s_rally_a6908890_T1bM8RAB (bb849fe7-4ab8-445c-9dd5-5b28877823a5)
2020-03-08 22:46:57.523 15 RALLYDEBUG rally_openstack.cleanup.manager [-] Deleting neutron.subnet object s_rally_a6908890_2WwWzy1A (bee92b13-3e96-4967-ad12-e832fd7c15ad)
2020-03-08 22:46:57.529 15 DEBUG neutronclient.v2_0.client [-] Error message: {"NeutronError": {"message": "Request Failed: internal server error while processing your request.", "type": "HTTPInternalServerError", "detail": ""}} _handle_fault_response /usr/lib/python2.7/site-packages/neutronclient/v2_0/client.py:259
2020-03-08 22:46:57.608 15 RALLYDEBUG rally_openstack.cleanup.manager [-] Deleting neutron.subnet object s_rally_a6908890_h9qOBjsf (c1c0a07a-e26c-4b40-acd5-27b8f6a4d4b2)
2020-03-08 22:46:57.712 15 RALLYDEBUG rally_openstack.cleanup.manager [-] Deleting neutron.subnet object s_rally_a6908890_n9kR9JZi (c211c660-c602-4ff5-a5be-49390f96bd29)
2020-03-08 22:46:58.130 15 RALLYDEBUG rally_openstack.cleanup.manager [-] Deleting neutron.subnet object s_rally_a6908890_xAnnpmpW (c22a9f7d-1688-4dce-9034-cbd55450b2d4)
2020-03-08 22:46:58.195 15 RALLYDEBUG rally_openstack.cleanup.manager [-] Deleting neutron.subnet object s_rally_a6908890_H5FWwDcW (c245ee1a-fb9a-4ed5-81e8-fb78570e5722)
2020-03-08 22:46:58.682 15 RALLYDEBUG rally_openstack.cleanup.manager [-] Deleting neutron.subnet object s_rally_a6908890_kEtKrkC6 (c871a3b9-69d1-4461-9df5-ffe3546baf49)
2020-03-08 22:46:58.866 15 RALLYDEBUG rally_openstack.cleanup.manager [-] Deleting neutron.subnet object s_rally_a6908890_ZG4iC28i (c88ccf9c-991d-4cba-9cfa-c3d8b144372e)
2020-03-08 22:46:58.921 15 RALLYDEBUG rally_openstack.cleanup.manager [-] Deleting neutron.subnet object s_rally_a6908890_IHSHBhXw (c949d2d0-d6e1-4a5d-b8b4-b9ac90897994)
2020-03-08 22:46:59.109 15 RALLYDEBUG rally_openstack.cleanup.manager [-] Deleting neutron.subnet object s_rally_a6908890_rwIW35UE (ca1237ef-d6b7-4b62-8f22-98b177d33b12)
2020-03-08 22:46:59.117 15 RALLYDEBUG rally_openstack.cleanup.manager [-] Deleting neutron.subnet object s_rally_a6908890_JEvSFJGH (ceb9717b-2af6-4650-93ac-4bcb058f911d)
2020-03-08 22:46:59.141 15 RALLYDEBUG rally_openstack.cleanup.manager [-] Deleting neutron.subnet object s_rally_a6908890_xbYc42nR (d08bcf30-a43b-49c7-8312-7db28da248a2)
2020-03-08 22:46:59.157 15 RALLYDEBUG rally_openstack.cleanup.manager [-] Deleting neutron.subnet object s_rally_a6908890_AOpCQu7S (d990fa7a-c7c6-41d6-b05a-ef0287ade7f1)
2020-03-08 22:47:00.045 15 RALLYDEBUG rally_openstack.cleanup.manager [-] Deleting neutron.subnet object s_rally_a6908890_8R5KWYbB (db77fcc2-add7-458e-abeb-a0f231311a01)
2020-03-08 22:47:00.371 15 RALLYDEBUG rally_openstack.cleanup.manager [-] Deleting neutron.subnet object s_rally_a6908890_YEKVq2vR (df8dfa39-44a5-4cc7-b6fc-873bc5ac527b)
2020-03-08 22:47:00.624 15 RALLYDEBUG rally_openstack.cleanup.manager [-] Deleting neutron.subnet object s_rally_a6908890_WtGDYDVe (e1355ba7-5770-4ceb-84da-4fa01ca1f8d2)
2020-03-08 22:47:00.660 15 RALLYDEBUG rally_openstack.cleanup.manager [-] Deleting neutron.subnet object s_rally_a6908890_IkDTVYaQ (e916ee7b-1a5e-42ea-b4ed-8a5075a03889)
2020-03-08 22:47:00.879 15 DEBUG neutronclient.v2_0.client [-] Error message: {"NeutronError": {"message": "Request Failed: internal server error while processing your request.", "type": "HTTPInternalServerError", "detail": ""}} _handle_fault_response /usr/lib/python2.7/site-packages/neutronclient/v2_0/client.py:259
2020-03-08 22:47:00.901 15 RALLYDEBUG rally_openstack.cleanup.manager [-] Deleting neutron.subnet object s_rally_a6908890_67lSlRn6 (eb00169a-f543-49fc-9997-cd9a72ef7520)
2020-03-08 22:47:01.125 15 RALLYDEBUG rally_openstack.cleanup.manager [-] Deleting neutron.subnet object s_rally_a6908890_JeoSjMTR (ec1a6105-efb9-4532-b971-bd0646d2862e)
2020-03-08 22:47:01.129 15 RALLYDEBUG rally_openstack.cleanup.manager [-] Deleting neutron.subnet object s_rally_a6908890_icy8nLou (ec23c448-5794-4f82-a1c1-b439e87e5e22)
2020-03-08 22:47:01.142 15 RALLYDEBUG rally_openstack.cleanup.manager [-] Deleting neutron.subnet object s_rally_a6908890_KT3YjHfY (ef4cecb4-3d8e-4ea3-afe4-c08d766cdb12)
2020-03-08 22:47:01.247 15 RALLYDEBUG rally_openstack.cleanup.manager [-] Deleting neutron.subnet object s_rally_a6908890_NV5pnIy1 (f7c22aa0-6fd9-4b83-9319-87e761b9b802)
2020-03-08 22:47:01.642 15 RALLYDEBUG rally_openstack.cleanup.manager [-] Deleting neutron.subnet object s_rally_a6908890_eo0tDdPM (f9f92662-8444-41e1-af1e-e127071c86b4)
2020-03-08 22:47:01.822 15 RALLYDEBUG rally_openstack.cleanup.manager [-] Deleting neutron.subnet object s_rally_a6908890_zgeRmNs7 (fae8d360-cbbf-4c3d-921e-eae29c6a0f8f)
2020-03-08 22:47:01.945 15 RALLYDEBUG rally_openstack.cleanup.manager [-] Deleting neutron.subnet object s_rally_a6908890_edls45VI (fb2e3073-4152-4560-9650-34031f9fe173)
2020-03-08 22:47:05.822 15 RALLYDEBUG rally_openstack.cleanup.manager [-] Cleaning up neutron network objects
2020-03-08 22:47:06.221 15 RALLYDEBUG rally_openstack.cleanup.manager [-] Deleting neutron.network object s_rally_a6908890_36dwWcNF (0023a999-9174-456d-a515-0e042d4fdca1)
2020-03-08 22:47:06.229 15 RALLYDEBUG rally_openstack.cleanup.manager [-] Deleting neutron.network object s_rally_a6908890_x7Dz0PrX (08856c9b-9479-44d9-8940-dfbe809b3311)
2020-03-08 22:47:06.238 15 RALLYDEBUG rally_openstack.cleanup.manager [-] Deleting neutron.network object s_rally_a6908890_NSonz4Cv (0be14a85-7747-465c-8b2f-8456b707510e)
2020-03-08 22:47:06.249 15 RALLYDEBUG rally_openstack.cleanup.manager [-] Deleting neutron.network object s_rally_a6908890_0IG65TPl (113efe12-6603-4176-9281-21de8954de31)
2020-03-08 22:47:06.255 15 RALLYDEBUG rally_openstack.cleanup.manager [-] Deleting neutron.network object s_rally_a6908890_Zskc2ZE4 (128a54d2-e40e-4a86-bb45-5b177648fe98)
2020-03-08 22:47:06.270 15 RALLYDEBUG rally_openstack.cleanup.manager [-] Deleting neutron.network object s_rally_a6908890_3bidyEjO (1329aa42-46f4-47b2-a25a-245079379249)
2020-03-08 22:47:06.275 15 RALLYDEBUG rally_openstack.cleanup.manager [-] Deleting neutron.network object s_rally_a6908890_LT2CSpPr (18190db2-457c-416e-a944-1fa0c3a7f492)
2020-03-08 22:47:06.315 15 RALLYDEBUG rally_openstack.cleanup.manager [-] Deleting neutron.network object s_rally_a6908890_jX0fqLii (31e0363a-d8a6-4ef1-9361-76d73b650db6)
2020-03-08 22:47:06.335 15 RALLYDEBUG rally_openstack.cleanup.manager [-] Deleting neutron.network object s_rally_a6908890_wE3UUzrW (1d5ad277-50aa-47af-a744-5aa87a6bc71c)
2020-03-08 22:47:06.336 15 RALLYDEBUG rally_openstack.cleanup.manager [-] Deleting neutron.network object s_rally_a6908890_mFLyte7R (43c54c01-0a9e-443c-bb2d-b611c6a1822c)
2020-03-08 22:47:06.347 15 RALLYDEBUG rally_openstack.cleanup.manager [-] Deleting neutron.network object s_rally_a6908890_G5wFzxzH (41963435-e69c-4b51-9cf8-656c18371bdc)
2020-03-08 22:47:06.349 15 RALLYDEBUG rally_openstack.cleanup.manager [-] Deleting neutron.network object s_rally_a6908890_UB8K2ypK (22411ff6-7a41-41d3-b702-206c814c2b54)
2020-03-08 22:47:06.368 15 RALLYDEBUG rally_openstack.cleanup.manager [-] Deleting neutron.network object s_rally_a6908890_lTzXobQ3 (3dac27fb-d252-45a2-ac5a-2980425ae800)
2020-03-08 22:47:06.397 15 RALLYDEBUG rally_openstack.cleanup.manager [-] Deleting neutron.network object s_rally_a6908890_1btut50z (63e18f68-3950-4f28-bbff-f44438e71c17)
2020-03-08 22:47:06.399 15 RALLYDEBUG rally_openstack.cleanup.manager [-] Deleting neutron.network object s_rally_a6908890_YY0qo6oo (841f5322-c79b-46f5-9a1d-fd9a5ff8eb39)
2020-03-08 22:47:06.406 15 RALLYDEBUG rally_openstack.cleanup.manager [-] Deleting neutron.network object s_rally_a6908890_PuQ3oXTb (4b4866da-c75a-44a0-b772-e223b82c11ed)
2020-03-08 22:47:06.411 15 RALLYDEBUG rally_openstack.cleanup.manager [-] Deleting neutron.network object s_rally_a6908890_A5upPL9c (84c46ba8-7975-4800-8f49-910fe53dcfce)
2020-03-08 22:47:06.423 15 RALLYDEBUG rally_openstack.cleanup.manager [-] Deleting neutron.network object s_rally_a6908890_qv1SNYaX (5a9a284b-194e-4e72-bea6-a96caeceb9b6)
2020-03-08 22:47:06.430 15 RALLYDEBUG rally_openstack.cleanup.manager [-] Deleting neutron.network object s_rally_a6908890_yviyomg9 (70a6f2e1-1455-46f7-8775-9abd1937e144)
2020-03-08 22:47:06.439 15 RALLYDEBUG rally_openstack.cleanup.manager [-] Deleting neutron.network object s_rally_a6908890_CqIW4PTL (8a33d9b0-2530-4652-99bc-5e1ebeb53097)
2020-03-08 22:47:08.561 15 RALLYDEBUG rally_openstack.cleanup.manager [-] Deleting neutron.network object s_rally_a6908890_6U7GgM0M (91ab2bd7-e18d-45b0-8192-660e0385bb06)
2020-03-08 22:47:08.855 15 RALLYDEBUG rally_openstack.cleanup.manager [-] Deleting neutron.network object s_rally_a6908890_PE05yBtH (9af6fb26-5f85-451a-bab5-ad6a58743029)
2020-03-08 22:47:08.895 15 RALLYDEBUG rally_openstack.cleanup.manager [-] Deleting neutron.network object s_rally_a6908890_YvipQ6uS (9b676bae-6314-4c1e-98ae-2e544e1e7866)
2020-03-08 22:47:08.973 15 RALLYDEBUG rally_openstack.cleanup.manager [-] Deleting neutron.network object s_rally_a6908890_tHhsdWkW (9c06fa22-3b82-48c3-97ef-5e06b27fbd6b)
2020-03-08 22:47:08.988 15 RALLYDEBUG rally_openstack.cleanup.manager [-] Deleting neutron.network object s_rally_a6908890_COxmlgTf (a06ed2de-50e4-4abe-be20-f6b08447c68c)
2020-03-08 22:47:09.296 15 RALLYDEBUG rally_openstack.cleanup.manager [-] Deleting neutron.network object s_rally_a6908890_uC91QeHq (a0a7e35f-bb7d-4126-a652-bebcc361a23a)
2020-03-08 22:47:09.570 15 RALLYDEBUG rally_openstack.cleanup.manager [-] Deleting neutron.network object s_rally_a6908890_1ReJlWZK (a176392f-49b3-4b6c-98cf-1771c6c2f79d)
2020-03-08 22:47:09.679 15 RALLYDEBUG rally_openstack.cleanup.manager [-] Deleting neutron.network object s_rally_a6908890_yRFJwsFt (a9f0b164-94e9-4dd7-be2d-2ea3bd9806c7)
2020-03-08 22:47:09.817 15 RALLYDEBUG rally_openstack.cleanup.manager [-] Deleting neutron.network object s_rally_a6908890_QzWpt8VP (b011c342-3d71-406b-b0c9-bfa1145aac8a)
2020-03-08 22:47:10.183 15 RALLYDEBUG rally_openstack.cleanup.manager [-] Deleting neutron.network object s_rally_a6908890_g8hAn9F8 (cd3b4aa0-3cb1-4728-a19a-c2bc9ceaedc0)
2020-03-08 22:47:10.188 15 RALLYDEBUG rally_openstack.cleanup.manager [-] Deleting neutron.network object s_rally_a6908890_dJkgHxJ9 (da2acd56-35a2-4350-b1b7-77b045ce7772)
2020-03-08 22:47:10.214 15 RALLYDEBUG rally_openstack.cleanup.manager [-] Deleting neutron.network object s_rally_a6908890_oMvVVKSV (dc8bf8e2-8184-495e-b499-a07db7a9d069)
2020-03-08 22:47:10.247 15 RALLYDEBUG rally_openstack.cleanup.manager [-] Deleting neutron.network object s_rally_a6908890_fVIM72gb (e440d518-8212-4032-80a7-3bd48619932e)
2020-03-08 22:47:10.595 15 RALLYDEBUG rally_openstack.cleanup.manager [-] Deleting neutron.network object s_rally_a6908890_izGcyDHI (ea26842f-c263-4b93-9d9f-533681e1d5a6)
2020-03-08 22:47:10.620 15 RALLYDEBUG rally_openstack.cleanup.manager [-] Deleting neutron.network object s_rally_a6908890_s7SBmCCD (ecd0ffdf-576f-418d-961b-2a78cf067c33)
2020-03-08 22:47:11.246 15 RALLYDEBUG rally_openstack.cleanup.manager [-] Deleting neutron.network object s_rally_a6908890_PctjJqoE (f62f63d0-98e4-4d22-9cb2-37a75c813468)
2020-03-08 22:47:11.416 15 RALLYDEBUG rally_openstack.cleanup.manager [-] Deleting neutron.network object s_rally_a6908890_Y68Q9olG (f6f471b2-9f6c-40fd-99c6-dedf022126b3)
2020-03-08 22:47:11.631 15 RALLYDEBUG rally_openstack.cleanup.manager [-] Deleting neutron.network object s_rally_a6908890_gN6vrAzC (f8c9fb74-0e52-4574-b08d-26abe283c111)
2020-03-08 22:47:11.639 15 RALLYDEBUG rally_openstack.cleanup.manager [-] Deleting neutron.network object s_rally_a6908890_2FXQHZuJ (fa5263ea-c907-49c1-b706-e22c7d6cc38a)
2020-03-08 22:47:11.679 15 RALLYDEBUG rally_openstack.cleanup.manager [-] Deleting neutron.network object s_rally_a6908890_9h5zUGvw (fe0fc477-c643-4d4a-a0b0-cd84165a2d19)
2020-03-08 22:47:14.533 15 RALLYDEBUG rally_openstack.cleanup.manager [-] Cleaning up neutron router objects
2020-03-08 22:47:14.797 15 RALLYDEBUG rally_openstack.cleanup.manager [-] Cleaning up neutron security_group objects
2020-03-08 22:47:15.019 15 INFO rally.task.context [-] Task 292c560a-1dd2-413e-8e85-9dab898c6bbe | Context cleanup@openstack cleanup() finished in 27.68 sec
2020-03-08 22:47:15.020 15 INFO rally.task.context [-] Task 292c560a-1dd2-413e-8e85-9dab898c6bbe | Context quotas@openstack cleanup() started
2020-03-08 22:47:15.087 15 INFO rally.task.context [-] Task 292c560a-1dd2-413e-8e85-9dab898c6bbe | Context quotas@openstack cleanup() finished in 67.39 msec
2020-03-08 22:47:15.088 15 INFO rally.task.context [-] Task 292c560a-1dd2-413e-8e85-9dab898c6bbe | Context users@openstack cleanup() started
2020-03-08 22:47:16.359 15 INFO rally.task.context [-] Task 292c560a-1dd2-413e-8e85-9dab898c6bbe | Context users@openstack cleanup() finished in 1.27 sec
2020-03-08 22:47:17.985 15 INFO rally.task.engine [-] Load duration is: 187.702617
2020-03-08 22:47:17.985 15 INFO rally.task.engine [-] Full runner duration is: 187.749607
2020-03-08 22:47:17.985 15 INFO rally.task.engine [-] Full duration is: 219.12953
2020-03-08 22:47:18.088 15 INFO rally.task.engine [-] Running workload: position = 0 config = { "version": 2, "title": "A cropped version of a bigger task.", "description": "Auto-generated task from a single workload (uuid=95803daf-f5dd-448a-bc5d-e51003f6cc17)", "subtasks": [ { "title": "NeutronNetworks.create_and_list_ports", "description": "Check performance of list ports action and ensure > network quotas are not exceeded", "scenario": { "NeutronNetworks.create_and_list_ports": { "network_create_args": null, "port_create_args": null, "ports_per_network": 50 } }, "contexts": { "users": { "tenants": 1, "users_per_tenant": 1 }, "quotas": { "neutron": { "network": -1, "subnet": -1, "router": -1, "port": 811 } } }, "runner": { "constant": { "times": 8, "concurrency": 4 } }, "hooks": [], "sla": { "max_avg_duration_per_atomic": { "neutron.list_ports": 15 }, "failure_rate": { "max": 0 } } } ] }
2020-03-08 22:47:18.112 15 RALLYDEBUG rally_openstack.contexts.keystone.users [-] Creating 1 tenants using 20 threads
2020-03-08 22:47:18.509 15 RALLYDEBUG rally_openstack.contexts.keystone.users [-] Creating 1 users using 20 threads
2020-03-08 22:47:18.951 15 INFO rally.task.context [-] Task 292c560a-1dd2-413e-8e85-9dab898c6bbe | Context users@openstack setup() finished in 0.84 sec
2020-03-08 22:47:19.275 15 INFO rally.task.context [-] Task 292c560a-1dd2-413e-8e85-9dab898c6bbe | Context quotas@openstack setup() finished in 0.32 sec
2020-03-08 22:47:19.275 15 INFO rally.task.context [-] Task 292c560a-1dd2-413e-8e85-9dab898c6bbe | Context cleanup@openstack setup() finished in 0.00 msec
2020-03-08 22:47:19.284 15 RALLYDEBUG rally.task.runner [-] Starting the constant runner (task UUID: 292c560a-1dd2-413e-8e85-9dab898c6bbe). timeout: 0 concurrency: 4 concurrency_per_worker: 1 times: 8 concurrency_overhead: 0 processes_to_start: 4 max_cpu_used: 88
2020-03-08 22:47:19.298 3877 RALLYDEBUG rally.task.runner [-] Starting a worker. concurrency: 1 args: {"network_create_args": null, "port_create_args": null, "ports_per_network": 50} times: 8 method_name: run timeout: 0 duration: None cls:
2020-03-08 22:47:19.301 3878 RALLYDEBUG rally.task.runner [-] Starting a worker. concurrency: 1 args: {"network_create_args": null, "port_create_args": null, "ports_per_network": 50} times: 8 method_name: run timeout: 0 duration: None cls:
2020-03-08 22:47:19.304 3879 RALLYDEBUG rally.task.runner [-] Starting a worker. concurrency: 1 args: {"network_create_args": null, "port_create_args": null, "ports_per_network": 50} times: 8 method_name: run timeout: 0 duration: None cls:
2020-03-08 22:47:19.305 3877 INFO rally.task.runner [-] Task 292c560a-1dd2-413e-8e85-9dab898c6bbe | ITER: 1 START
2020-03-08 22:47:19.306 3877 WARNING rally_openstack.scenarios.neutron.utils [-] Running this scenario without either the 'network' or 'existing_network' context is deprecated
2020-03-08 22:47:19.307 3880 RALLYDEBUG rally.task.runner [-] Starting a worker. concurrency: 1 args: {"network_create_args": null, "port_create_args": null, "ports_per_network": 50} times: 8 method_name: run timeout: 0 duration: None cls:
2020-03-08 22:47:19.308 3878 INFO rally.task.runner [-] Task 292c560a-1dd2-413e-8e85-9dab898c6bbe | ITER: 2 START
2020-03-08 22:47:19.309 3878 WARNING rally_openstack.scenarios.neutron.utils [-] Running this scenario without either the 'network' or 'existing_network' context is deprecated
2020-03-08 22:47:19.310 3879 INFO rally.task.runner [-] Task 292c560a-1dd2-413e-8e85-9dab898c6bbe | ITER: 3 START
2020-03-08 22:47:19.311 3879 WARNING rally_openstack.scenarios.neutron.utils [-] Running this scenario without either the 'network' or 'existing_network' context is deprecated
2020-03-08 22:47:19.313 3880 INFO rally.task.runner [-] Task 292c560a-1dd2-413e-8e85-9dab898c6bbe | ITER: 4 START
2020-03-08 22:47:19.314 3880 WARNING rally_openstack.scenarios.neutron.utils [-] Running this scenario without either the 'network' or 'existing_network' context is deprecated
2020-03-08 22:48:18.983 3879 INFO rally.task.runner [-] Task 292c560a-1dd2-413e-8e85-9dab898c6bbe | ITER: 3 END: OK
2020-03-08 22:48:18.989 3879 INFO rally.task.runner [-] Task 292c560a-1dd2-413e-8e85-9dab898c6bbe | ITER: 5 START
2020-03-08 22:48:18.990 3879 WARNING rally_openstack.scenarios.neutron.utils [-] Running this scenario without either the 'network' or 'existing_network' context is deprecated
2020-03-08 22:48:30.628 3877 INFO rally.task.runner [-] Task 292c560a-1dd2-413e-8e85-9dab898c6bbe | ITER: 1 END: OK
2020-03-08 22:48:30.635 3877 INFO rally.task.runner [-] Task 292c560a-1dd2-413e-8e85-9dab898c6bbe | ITER: 6 START
2020-03-08 22:48:30.636 3877 WARNING rally_openstack.scenarios.neutron.utils [-] Running this scenario without either the 'network' or 'existing_network' context is deprecated
2020-03-08 22:48:39.534 3878 INFO rally.task.runner [-] Task 292c560a-1dd2-413e-8e85-9dab898c6bbe | ITER: 2 END: OK
2020-03-08 22:48:39.540 3878 INFO rally.task.runner [-] Task 292c560a-1dd2-413e-8e85-9dab898c6bbe | ITER: 7 START
