File "/usr/lib/python2.7/site-packages/heatclient/v1/stacks.py", line 201, in delete
2020-03-23 21:26:50.807 1809 ERROR rally_openstack.cleanup.manager self._delete("/stacks/%s" % stack_id)
2020-03-23 21:26:50.807 1809 ERROR rally_openstack.cleanup.manager
File "/usr/lib/python2.7/site-packages/heatclient/common/base.py", line 207, in _delete
2020-03-23 21:26:50.807 1809 ERROR rally_openstack.cleanup.manager return self.client.delete(url)
2020-03-23 21:26:50.807 1809 ERROR rally_openstack.cleanup.manager
File "/usr/lib/python2.7/site-packages/keystoneauth1/adapter.py", line 343, in delete
2020-03-23 21:26:50.807 1809 ERROR rally_openstack.cleanup.manager return self.request(url, 'DELETE', **kwargs)
2020-03-23 21:26:50.807 1809 ERROR rally_openstack.cleanup.manager
File "/usr/lib/python2.7/site-packages/heatclient/common/http.py", line 323, in request
2020-03-23 21:26:50.807 1809 ERROR rally_openstack.cleanup.manager raise exc.from_response(resp)
2020-03-23 21:26:50.807 1809 ERROR rally_openstack.cleanup.manager HTTPNotFound: ERROR: The Stack (s_rally_f70cb291_g077rQHe) could not be found.
2020-03-23 21:26:50.807 1809 ERROR rally_openstack.cleanup.manager
2020-03-23 21:26:50.846 1809 ERROR rally_openstack.cleanup.manager [-] Resource deletion failed, max retries exceeded for heat.stacks: 041518be-dbd5-4d60-9312-1301606fe6af.: HTTPNotFound: ERROR: The Stack (s_rally_f70cb291_DNm4xnDG) could not be found.
2020-03-23 21:26:50.846 1809 ERROR rally_openstack.cleanup.manager
Traceback (most recent call last):
2020-03-23 21:26:50.846 1809 ERROR rally_openstack.cleanup.manager
File "/usr/lib/python2.7/site-packages/rally_openstack/cleanup/manager.py", line 85, in _delete_single_resource
2020-03-23 21:26:50.846 1809 ERROR rally_openstack.cleanup.manager rutils.retry(resource._max_attempts, resource.delete)
2020-03-23 21:26:50.846 1809 ERROR rally_openstack.cleanup.manager
File "/usr/lib/python2.7/site-packages/rally/common/utils.py", line 230, in retry
2020-03-23 21:26:50.846 1809 ERROR rally_openstack.cleanup.manager return func(*args, **kwargs)
2020-03-23 21:26:50.846 1809 ERROR rally_openstack.cleanup.manager
File "/usr/lib/python2.7/site-packages/rally_openstack/cleanup/base.py", line 129, in delete
2020-03-23 21:26:50.846 1809 ERROR rally_openstack.cleanup.manager self._manager().delete(self.id())
2020-03-23 21:26:50.846 1809 ERROR rally_openstack.cleanup.manager
File "/usr/lib/python2.7/site-packages/heatclient/v1/stacks.py", line 201, in delete
2020-03-23 21:26:50.846 1809 ERROR rally_openstack.cleanup.manager self._delete("/stacks/%s" % stack_id)
2020-03-23 21:26:50.846 1809 ERROR rally_openstack.cleanup.manager
File "/usr/lib/python2.7/site-packages/heatclient/common/base.py", line 207, in _delete
2020-03-23 21:26:50.846 1809 ERROR rally_openstack.cleanup.manager return self.client.delete(url)
2020-03-23 21:26:50.846 1809 ERROR rally_openstack.cleanup.manager
File "/usr/lib/python2.7/site-packages/keystoneauth1/adapter.py", line 343, in delete
2020-03-23 21:26:50.846 1809 ERROR rally_openstack.cleanup.manager return self.request(url, 'DELETE', **kwargs)
2020-03-23 21:26:50.846 1809 ERROR rally_openstack.cleanup.manager
File "/usr/lib/python2.7/site-packages/heatclient/common/http.py", line 323, in request
2020-03-23 21:26:50.846 1809 ERROR rally_openstack.cleanup.manager raise exc.from_response(resp)
2020-03-23 21:26:50.846 1809 ERROR rally_openstack.cleanup.manager HTTPNotFound: ERROR: The Stack (s_rally_f70cb291_DNm4xnDG) could not be found.
2020-03-23 21:26:50.846 1809 ERROR rally_openstack.cleanup.manager
2020-03-23 21:26:50.848 1809 INFO rally.task.context [-] Task 537178fe-596f-43ac-b796-004b20c57d8d | Context cleanup@openstack cleanup() finished in 1.76 sec
2020-03-23 21:26:50.848 1809 INFO rally.task.context [-] Task 537178fe-596f-43ac-b796-004b20c57d8d | Context roles@openstack cleanup() started
2020-03-23 21:26:50.849 1809 RALLYDEBUG rally_openstack.contexts.keystone.roles [-] Removing assigned role 3fe95cc3f9194bafb3ffdc7c7e40dd9a from all users
2020-03-23 21:26:51.828 1809 INFO rally.task.context [-] Task 537178fe-596f-43ac-b796-004b20c57d8d | Context roles@openstack cleanup() finished in 0.98 sec
2020-03-23 21:26:51.829 1809 INFO rally.task.context [-] Task 537178fe-596f-43ac-b796-004b20c57d8d | Context users@openstack cleanup() started
2020-03-23 21:26:57.514 1809 INFO rally.task.context [-] Task 537178fe-596f-43ac-b796-004b20c57d8d | Context users@openstack cleanup() finished in 5.68 sec
2020-03-23 21:26:57.603 1809 INFO rally.task.engine [-] Load duration is: 45.371222
2020-03-23 21:26:57.604 1809 INFO rally.task.engine [-] Full runner duration is: 47.418025
2020-03-23 21:26:57.604 1809 INFO rally.task.engine [-] Full duration is: 60.271272
2020-03-23 21:26:57.662 1809 INFO rally.task.engine [-] Running workload: position = 0 config = { "version": 2, "title": "A cropped version of a bigger task.", "description": "Auto-generated task from a single workload (uuid=6bbb8448-c718-4d79-81ac-f0b25a92bcdb)", "subtasks": [ { "title": "HeatStacks.create_suspend_resume_delete_stack", "description": "Create, suspend-resume and then delete a stack.", "scenario": { "HeatStacks.create_suspend_resume_delete_stack": { "template_path": "/usr/lib/python2.7/site-packages/functest/opnfv_tests/openstack/rally/scenario/templates/random_strings.yaml.template" } }, "contexts": { "users": { "tenants": 3, "users_per_tenant": 2 }, "roles": [ "heat_stack_owner" ] }, "runner": { "constant": { "concurrency": 4, "times": 10 } }, "hooks": [], "sla": { "failure_rate": { "max": 0 } } } ] }
2020-03-23 21:26:57.687 1809 RALLYDEBUG rally_openstack.contexts.keystone.users [-] Creating 3 tenants using 20 threads
2020-03-23 21:26:58.239 1809 RALLYDEBUG rally_openstack.contexts.keystone.users [-] Creating 6 users using 20 threads
2020-03-23 21:26:59.533 1809 INFO rally.task.context [-] Task 537178fe-596f-43ac-b796-004b20c57d8d | Context users@openstack setup() finished in 1.85 sec
2020-03-23 21:26:59.789 1809 RALLYDEBUG rally_openstack.contexts.keystone.roles [-] Adding role heat_stack_owner having ID 3fe95cc3f9194bafb3ffdc7c7e40dd9a to all users using 30 threads
2020-03-23 21:27:01.920 1809 INFO rally.task.context [-] Task 537178fe-596f-43ac-b796-004b20c57d8d | Context roles@openstack setup() finished in 2.39 sec
2020-03-23 21:27:01.920 1809 INFO rally.task.context [-] Task 537178fe-596f-43ac-b796-004b20c57d8d | Context cleanup@openstack setup() finished in 0.01 msec
2020-03-23 21:27:01.930 1809 RALLYDEBUG rally.task.runner [-] Starting the constant runner (task UUID: 537178fe-596f-43ac-b796-004b20c57d8d). timeout: 0 concurrency: 4 concurrency_per_worker: 1 times: 10 concurrency_overhead: 0 processes_to_start: 4 max_cpu_used: 88
2020-03-23 21:27:01.941 4707 RALLYDEBUG rally.task.runner [-] Starting a worker. concurrency: 1 args: {"template_path": "heat_template_version: 2014-10-16\n\ndescription: Test template for rally create-update-delete scenario\n\nresources:\n test_string_one:\n type: OS::Heat::RandomString\n properties:\n length: 20\n test_string_two:\n type: OS::Heat::RandomString\n properties:\n length: 20"} times: 10 method_name: run timeout: 0 duration: None cls:
2020-03-23 21:27:01.946 4708 RALLYDEBUG rally.task.runner [-] Starting a worker. concurrency: 1 args: {"template_path": "heat_template_version: 2014-10-16\n\ndescription: Test template for rally create-update-delete scenario\n\nresources:\n test_string_one:\n type: OS::Heat::RandomString\n properties:\n length: 20\n test_string_two:\n type: OS::Heat::RandomString\n properties:\n length: 20"} times: 10 method_name: run timeout: 0 duration: None cls:
2020-03-23 21:27:01.948 4709 RALLYDEBUG rally.task.runner [-] Starting a worker. concurrency: 1 args: {"template_path": "heat_template_version: 2014-10-16\n\ndescription: Test template for rally create-update-delete scenario\n\nresources:\n test_string_one:\n type: OS::Heat::RandomString\n properties:\n length: 20\n test_string_two:\n type: OS::Heat::RandomString\n properties:\n length: 20"} times: 10 method_name: run timeout: 0 duration: None cls:
2020-03-23 21:27:01.949 4707 INFO rally.task.runner [-] Task 537178fe-596f-43ac-b796-004b20c57d8d | ITER: 1 START
2020-03-23 21:27:01.951 4710 RALLYDEBUG rally.task.runner [-] Starting a worker. concurrency: 1 args: {"template_path": "heat_template_version: 2014-10-16\n\ndescription: Test template for rally create-update-delete scenario\n\nresources:\n test_string_one:\n type: OS::Heat::RandomString\n properties:\n length: 20\n test_string_two:\n type: OS::Heat::RandomString\n properties:\n length: 20"} times: 10 method_name: run timeout: 0 duration: None cls:
2020-03-23 21:27:01.953 4708 INFO rally.task.runner [-] Task 537178fe-596f-43ac-b796-004b20c57d8d | ITER: 2 START
2020-03-23 21:27:01.955 4709 INFO rally.task.runner [-] Task 537178fe-596f-43ac-b796-004b20c57d8d | ITER: 3 START
2020-03-23 21:27:01.958 4710 INFO rally.task.runner [-] Task 537178fe-596f-43ac-b796-004b20c57d8d | ITER: 4 START
2020-03-23 21:27:12.628 4709 RALLYDEBUG rally.task.utils [-] Waiting for resource . Status changed: CREATE_IN_PROGRESS => CREATE_COMPLETE in 3.34930896759
2020-03-23 21:27:12.867 4708 RALLYDEBUG rally.task.utils [-] Waiting for resource . Status changed: CREATE_IN_PROGRESS => CREATE_COMPLETE in 3.3785378933
2020-03-23 21:27:13.376 4710 RALLYDEBUG rally.task.utils [-] Waiting for resource . Status changed: CREATE_IN_PROGRESS => CREATE_COMPLETE in 4.49859499931
2020-03-23 21:27:13.592 4707 RALLYDEBUG rally.task.utils [-] Waiting for resource . Status changed: CREATE_IN_PROGRESS => CREATE_COMPLETE in 4.45846390724
2020-03-23 21:27:13.928 4709 RALLYDEBUG rally.task.utils [-] Waiting for resource . Status changed: CREATE_COMPLETE => SUSPEND_IN_PROGRESS in 1.18320798874
2020-03-23 21:27:14.260 4708 RALLYDEBUG rally.task.utils [-] Waiting for resource . Status changed: CREATE_COMPLETE => SUSPEND_IN_PROGRESS in 1.19769096375
2020-03-23 21:27:14.821 4710 RALLYDEBUG rally.task.utils [-] Waiting for resource . Status changed: CREATE_COMPLETE => SUSPEND_IN_PROGRESS in 1.17519903183
2020-03-23 21:27:15.025 4709 RALLYDEBUG rally.task.utils [-] Waiting for resource . Status changed: SUSPEND_IN_PROGRESS => SUSPEND_COMPLETE in 1.0967040062
2020-03-23 21:27:15.220 4707 RALLYDEBUG rally.task.utils [-] Waiting for resource . Status changed: CREATE_COMPLETE => SUSPEND_COMPLETE in 1.19984483719
2020-03-23 21:27:15.345 4708 RALLYDEBUG rally.task.utils [-] Waiting for resource . Status changed: SUSPEND_IN_PROGRESS => SUSPEND_COMPLETE in 1.08461284637
2020-03-23 21:27:15.375 4709 RALLYDEBUG rally.task.utils [-] Waiting for resource . Status changed: CREATE_COMPLETE => SUSPEND_COMPLETE in 0.0938189029694
2020-03-23 21:27:15.632 4707 RALLYDEBUG rally.task.utils [-] Waiting for resource . Status changed: CREATE_COMPLETE => SUSPEND_COMPLETE in 0.0925669670105
2020-03-23 21:27:15.674 4708 RALLYDEBUG rally.task.utils [-] Waiting for resource . Status changed: CREATE_COMPLETE => SUSPEND_COMPLETE in 0.0923449993134
2020-03-23 21:27:15.913 4710 RALLYDEBUG rally.task.utils [-] Waiting for resource . Status changed: SUSPEND_IN_PROGRESS => SUSPEND_COMPLETE in 1.09203600883
2020-03-23 21:27:16.265 4710 RALLYDEBUG rally.task.utils [-] Waiting for resource . Status changed: CREATE_COMPLETE => SUSPEND_COMPLETE in 0.0894808769226
2020-03-23 21:27:16.464 4709 RALLYDEBUG rally.task.utils [-] Waiting for resource . Status changed: SUSPEND_COMPLETE => RESUME_IN_PROGRESS in 1.08923912048
2020-03-23 21:27:16.725 4707 RALLYDEBUG rally.task.utils [-] Waiting for resource . Status changed: SUSPEND_COMPLETE => RESUME_IN_PROGRESS in 1.09290599823
2020-03-23 21:27:16.760 4708 RALLYDEBUG rally.task.utils [-] Waiting for resource . Status changed: SUSPEND_COMPLETE => RESUME_IN_PROGRESS in 1.08546590805
2020-03-23 21:27:17.355 4710 RALLYDEBUG rally.task.utils [-] Waiting for resource . Status changed: SUSPEND_COMPLETE => RESUME_IN_PROGRESS in 1.09021615982
2020-03-23 21:27:17.574 4709 RALLYDEBUG rally.task.utils [-] Waiting for resource . Status changed: RESUME_IN_PROGRESS => RESUME_COMPLETE in 1.11055707932
2020-03-23 21:27:17.725 4709 RALLYDEBUG rally.task.utils [-] Waiting for resource . Status changed: CREATE_COMPLETE => RESUME_COMPLETE in 0.0841569900513
2020-03-23 21:27:17.812 4707 RALLYDEBUG rally.task.utils [-] Waiting for resource . Status changed: RESUME_IN_PROGRESS => RESUME_COMPLETE in 1.08708405495
2020-03-23 21:27:17.849 4708 RALLYDEBUG rally.task.utils [-] Waiting for resource . Status changed: RESUME_IN_PROGRESS => RESUME_COMPLETE in 1.08963990211
2020-03-23 21:27:17.961 4707 RALLYDEBUG rally.task.utils [-] Waiting for resource . Status changed: CREATE_COMPLETE => RESUME_COMPLETE in 0.0774600505829
2020-03-23 21:27:18.004 4708 RALLYDEBUG rally.task.utils [-] Waiting for resource . Status changed: CREATE_COMPLETE => RESUME_COMPLETE in 0.0915849208832
2020-03-23 21:27:18.445 4710 RALLYDEBUG rally.task.utils [-] Waiting for resource . Status changed: RESUME_IN_PROGRESS => RESUME_COMPLETE in 1.08952689171
2020-03-23 21:27:18.594 4710 RALLYDEBUG rally.task.utils [-] Waiting for resource . Status changed: CREATE_COMPLETE => RESUME_COMPLETE in 0.0892081260681
2020-03-23 21:27:18.814 4709 RALLYDEBUG rally.task.utils [-] Waiting for resource . Status changed: RESUME_COMPLETE => DELETE_IN_PROGRESS in 1.08928394318
2020-03-23 21:27:19.065 4707 RALLYDEBUG rally.task.utils [-] Waiting for resource . Status changed: RESUME_COMPLETE => DELETE_IN_PROGRESS in 1.10433197021
2020-03-23 21:27:19.096 4708 RALLYDEBUG rally.task.utils [-] Waiting for resource . Status changed: RESUME_COMPLETE => DELETE_IN_PROGRESS in 1.09263205528
2020-03-23 21:27:19.688 4710 RALLYDEBUG rally.task.utils [-] Waiting for resource . Status changed: RESUME_COMPLETE => DELETE_IN_PROGRESS in 1.0938038826
2020-03-23 21:27:21.006 4709 INFO rally.task.runner [-] Task 537178fe-596f-43ac-b796-004b20c57d8d | ITER: 3 END: OK
2020-03-23 21:27:21.011 4709 INFO rally.task.runner [-] Task 537178fe-596f-43ac-b796-004b20c57d8d | ITER: 5 START
2020-03-23 21:27:21.280 4708 INFO rally.task.runner [-] Task 537178fe-596f-43ac-b796-004b20c57d8d | ITER: 2 END: OK
2020-03-23 21:27:21.286 4708 INFO rally.task.runner [-] Task 537178fe-596f-43ac-b796-004b20c57d8d | ITER: 6 START
2020-03-23 21:27:21.339 4707 INFO rally.task.runner [-] Task 537178fe-596f-43ac-b796-004b20c57d8d | ITER: 1 END: OK
2020-03-23 21:27:21.344 4707 INFO rally.task.runner [-] Task 537178fe-596f-43ac-b796-004b20c57d8d | ITER: 7 START
2020-03-23 21:27:21.880 4710 INFO rally.task.runner [-] Task 537178fe-596f-43ac-b796-004b20c57d8d | ITER: 4 END: OK
2020-03-23 21:27:21.885 4710 INFO rally.task.runner [-] Task 537178fe-596f-43ac-b796-004b20c57d8d | ITER: 8 START
2020-03-23 21:27:25.993 4709 RALLYDEBUG rally.task.utils [-] Waiting for resource . Status changed: CREATE_IN_PROGRESS => CREATE_COMPLETE in 1.20881485939
2020-03-23 21:27:26.205 4708 RALLYDEBUG rally.task.utils [-] Waiting for resource . Status changed: CREATE_IN_PROGRESS => CREATE_COMPLETE in 1.1817650795
2020-03-23 21:27:27.492 4709 RALLYDEBUG rally.task.utils [-] Waiting for resource . Status changed: CREATE_COMPLETE => SUSPEND_IN_PROGRESS in 1.18106985092
2020-03-23 21:27:27.590 4708 RALLYDEBUG rally.task.utils [-] Waiting for resource . Status changed: CREATE_COMPLETE => SUSPEND_IN_PROGRESS in 1.19260597229
2020-03-23 21:27:28.591 4709 RALLYDEBUG rally.task.utils [-] Waiting for resource . Status changed: SUSPEND_IN_PROGRESS => SUSPEND_COMPLETE in 1.09948897362
2020-03-23 21:27:28.693 4708 RALLYDEBUG rally.task.utils [-] Waiting for resource . Status changed: SUSPEND_IN_PROGRESS => SUSPEND_COMPLETE in 1.10289502144
2020-03-23 21:27:29.364 4709 RALLYDEBUG rally.task.utils [-] Waiting for resource . Status changed: CREATE_COMPLETE => SUSPEND_COMPLETE in 0.0938382148743
2020-03-23 21:27:29.429 4708 RALLYDEBUG rally.task.utils [-] Waiting for resource . Status changed: CREATE_COMPLETE => SUSPEND_COMPLETE in 0.10156583786
2020-03-23 21:27:30.376 4707 RALLYDEBUG rally.task.utils [-] Waiting for resource . Status changed: CREATE_IN_PROGRESS => CREATE_COMPLETE in 2.30526900291
2020-03-23 21:27:30.457 4709 RALLYDEBUG rally.task.utils [-] Waiting for resource . Status changed: SUSPEND_COMPLETE => RESUME_IN_PROGRESS in 1.09370088577
2020-03-23 21:27:30.512 4708 RALLYDEBUG rally.task.utils [-] Waiting for resource . Status changed: SUSPEND_COMPLETE => RESUME_IN_PROGRESS in 1.08303117752
2020-03-23 21:27:31.473 4710 RALLYDEBUG rally.task.utils [-] Waiting for resource . Status changed: CREATE_IN_PROGRESS => CREATE_COMPLETE in 2.3109960556
2020-03-23 21:27:31.555 4709 RALLYDEBUG rally.task.utils [-] Waiting for resource . Status changed: RESUME_IN_PROGRESS => RESUME_COMPLETE in 1.09800195694
2020-03-23 21:27:31.617 4708 RALLYDEBUG rally.task.utils [-] Waiting for resource . Status changed: RESUME_IN_PROGRESS => RESUME_COMPLETE in 1.10433983803
2020-03-23 21:27:31.737 4709 RALLYDEBUG rally.task.utils [-] Waiting for resource . Status changed: CREATE_COMPLETE => RESUME_COMPLETE in 0.0993459224701
2020-03-23 21:27:31.789 4708 RALLYDEBUG rally.task.utils [-] Waiting for resource . Status changed: CREATE_COMPLETE => RESUME_COMPLETE in 0.110298871994
2020-03-23 21:27:31.805 4707 RALLYDEBUG rally.task.utils [-] Waiting for resource . Status changed: CREATE_COMPLETE => SUSPEND_IN_PROGRESS in 1.17776489258
2020-03-23 21:27:32.829 4709 RALLYDEBUG rally.task.utils [-] Waiting for resource . Status changed: RESUME_COMPLETE => DELETE_IN_PROGRESS in 1.09206914902
2020-03-23 21:27:32.880 4708 RALLYDEBUG rally.task.utils [-] Waiting for resource . Status changed: RESUME_COMPLETE => DELETE_IN_PROGRESS in 1.09092497826
2020-03-23 21:27:32.882 4710 RALLYDEBUG rally.task.utils [-] Waiting for resource . Status changed: CREATE_COMPLETE => SUSPEND_IN_PROGRESS in 1.18061089516
2020-03-23 21:27:32.888 4707 RALLYDEBUG rally.task.utils [-] Waiting for resource . Status changed: SUSPEND_IN_PROGRESS => SUSPEND_COMPLETE in 1.08364009857
2020-03-23 21:27:33.231 4707 RALLYDEBUG rally.task.utils [-] Waiting for resource . Status changed: CREATE_COMPLETE => SUSPEND_COMPLETE in 0.093976020813
2020-03-23 21:27:33.970 4710 RALLYDEBUG rally.task.utils [-] Waiting for resource . Status changed: SUSPEND_IN_PROGRESS => SUSPEND_COMPLETE in 1.08838605881
2020-03-23 21:27:34.331 4707 RALLYDEBUG rally.task.utils [-] Waiting for resource . Status changed: SUSPEND_COMPLETE => RESUME_IN_PROGRESS in 1.09963607788
2020-03-23 21:27:34.338 4710 RALLYDEBUG rally.task.utils [-] Waiting for resource . Status changed: CREATE_COMPLETE => SUSPEND_COMPLETE in 0.0927619934082
2020-03-23 21:27:35.433 4707 RALLYDEBUG rally.task.utils [-] Waiting for resource . Status changed: RESUME_IN_PROGRESS => RESUME_COMPLETE in 1.10200810432
2020-03-23 21:27:35.438 4710 RALLYDEBUG rally.task.utils [-] Waiting for resource . Status changed: SUSPEND_COMPLETE => RESUME_IN_PROGRESS in 1.10072994232
2020-03-23 21:27:35.612 4707 RALLYDEBUG rally.task.utils [-] Waiting for resource . Status changed: CREATE_COMPLETE => RESUME_COMPLETE in 0.0975329875946
2020-03-23 21:27:36.106 4709 INFO rally.task.runner [-] Task 537178fe-596f-43ac-b796-004b20c57d8d | ITER: 5 END: OK
2020-03-23 21:27:36.113 4709 INFO rally.task.runner [-] Task 537178fe-596f-43ac-b796-004b20c57d8d | ITER: 9 START
2020-03-23 21:27:36.164 4708 INFO rally.task.runner [-] Task 537178fe-596f-43ac-b796-004b20c57d8d | ITER: 6 END: OK
2020-03-23 21:27:36.170 4708 INFO rally.task.runner [-] Task 537178fe-596f-43ac-b796-004b20c57d8d | ITER: 10 START
2020-03-23 21:27:36.527 4710 RALLYDEBUG rally.task.utils [-] Waiting for resource . Status changed: RESUME_IN_PROGRESS => RESUME_COMPLETE in 1.08902406693
2020-03-23 21:27:36.690 4710 RALLYDEBUG rally.task.utils [-] Waiting for resource . Status changed: CREATE_COMPLETE => RESUME_COMPLETE in 0.0920221805573
2020-03-23 21:27:36.700 4707 RALLYDEBUG rally.task.utils [-] Waiting for resource . Status changed: RESUME_COMPLETE => DELETE_IN_PROGRESS in 1.08724117279
2020-03-23 21:27:37.772 4710 RALLYDEBUG rally.task.utils [-] Waiting for resource . Status changed: RESUME_COMPLETE => DELETE_IN_PROGRESS in 1.08181190491
2020-03-23 21:27:38.874 4707 INFO rally.task.runner [-] Task 537178fe-596f-43ac-b796-004b20c57d8d | ITER: 7 END: OK
2020-03-23 21:27:41.066 4710 INFO rally.task.runner [-] Task 537178fe-596f-43ac-b796-004b20c57d8d | ITER: 8 END: OK
2020-03-23 21:27:41.543 4708 RALLYDEBUG rally.task.utils [-] Waiting for resource . Status changed: CREATE_IN_PROGRESS => CREATE_COMPLETE in 2.28786087036
2020-03-23 21:27:41.785 4708 RALLYDEBUG rally.task.utils [-] Waiting for resource . Status changed: CREATE_COMPLETE => SUSPEND_IN_PROGRESS in 0.0999460220337
2020-03-23 21:27:41.849 4709 RALLYDEBUG rally.task.utils [-] Waiting for resource . Status changed: CREATE_IN_PROGRESS => CREATE_COMPLETE in 2.27701401711
2020-03-23 21:27:42.076 4709 RALLYDEBUG rally.task.utils [-] Waiting for resource . Status changed: CREATE_COMPLETE => SUSPEND_IN_PROGRESS in 0.0963068008423
2020-03-23 21:27:42.871 4708 RALLYDEBUG rally.task.utils [-] Waiting for resource . Status changed: SUSPEND_IN_PROGRESS => SUSPEND_COMPLETE in 1.08562302589
2020-03-23 21:27:43.170 4708 RALLYDEBUG rally.task.utils [-] Waiting for resource . Status changed: CREATE_COMPLETE => SUSPEND_COMPLETE in 0.0923020839691
2020-03-23 21:27:43.176 4709 RALLYDEBUG rally.task.utils [-] Waiting for resource . Status changed: SUSPEND_IN_PROGRESS => SUSPEND_COMPLETE in 1.09987306595
2020-03-23 21:27:43.622 4709 RALLYDEBUG rally.task.utils [-] Waiting for resource . Status changed: CREATE_COMPLETE => SUSPEND_COMPLETE in 0.0929801464081
2020-03-23 21:27:44.267 4708 RALLYDEBUG rally.task.utils [-] Waiting for resource . Status changed: SUSPEND_COMPLETE => RESUME_IN_PROGRESS in 1.09752297401
2020-03-23 21:27:44.722 4709 RALLYDEBUG rally.task.utils [-] Waiting for resource . Status changed: SUSPEND_COMPLETE => RESUME_IN_PROGRESS in 1.09945583344
2020-03-23 21:27:46.458 4708 RALLYDEBUG rally.task.utils [-] Waiting for resource . Status changed: RESUME_IN_PROGRESS => RESUME_COMPLETE in 2.19082403183
2020-03-23 21:27:46.611 4708 RALLYDEBUG rally.task.utils [-] Waiting for resource . Status changed: CREATE_COMPLETE => RESUME_COMPLETE in 0.0860970020294
2020-03-23 21:27:46.910 4709 RALLYDEBUG rally.task.utils [-] Waiting for resource . Status changed: RESUME_IN_PROGRESS => RESUME_COMPLETE in 2.18782019615
2020-03-23 21:27:47.067 4709 RALLYDEBUG rally.task.utils [-] Waiting for resource . Status changed: CREATE_COMPLETE => RESUME_COMPLETE in 0.0937819480896
2020-03-23 21:27:47.698 4708 RALLYDEBUG rally.task.utils [-] Waiting for resource . Status changed: RESUME_COMPLETE => DELETE_IN_PROGRESS in 1.08718204498
2020-03-23 21:27:48.162 4709 RALLYDEBUG rally.task.utils [-] Waiting for resource . Status changed: RESUME_COMPLETE => DELETE_IN_PROGRESS in 1.0947971344
2020-03-23 21:27:49.887 4708 INFO rally.task.runner [-] Task 537178fe-596f-43ac-b796-004b20c57d8d | ITER: 10 END: OK
2020-03-23 21:27:50.347 4709 INFO rally.task.runner [-] Task 537178fe-596f-43ac-b796-004b20c57d8d | ITER: 9 END: OK
2020-03-23 21:27:50.369 1809 INFO rally.task.context [-] Task 537178fe-596f-43ac-b796-004b20c57d8d | Context cleanup@openstack cleanup() started
2020-03-23 21:27:50.372 1809 RALLYDEBUG rally_openstack.cleanup.manager [-] Cleaning up heat stacks objects
2020-03-23 21:27:51.254 1809 