2020-03-23 21:22:45.746 4156 RALLYDEBUG rally.task.runner [-] Starting a worker. concurrency: 1 args: {"template_path": "heat_template_version: 2014-10-16\n\ndescription: Test template for rally create-update-delete scenario\n\nresources:\n test_group:\n type: OS::Heat::ResourceGroup\n properties:\n count: 2\n resource_def:\n type: OS::Heat::RandomString\n properties:\n length: 20", "updated_template_path": "heat_template_version: 2014-10-16\n\ndescription: >\n Test template for create-update-delete-stack scenario in rally.\n The template updates one resource from the stack defined by resource_group.yaml.template\n and deletes children resources from that resource.\n\nresources:\n test_group:\n type: OS::Heat::ResourceGroup\n properties:\n count: 1\n resource_def:\n type: OS::Heat::RandomString\n properties:\n length: 20"} times: 10 method_name: run timeout: 0 duration: None cls:
2020-03-23 21:22:45.750 4157 RALLYDEBUG rally.task.runner [-] Starting a worker. concurrency: 1 args: {"template_path": "heat_template_version: 2014-10-16\n\ndescription: Test template for rally create-update-delete scenario\n\nresources:\n test_group:\n type: OS::Heat::ResourceGroup\n properties:\n count: 2\n resource_def:\n type: OS::Heat::RandomString\n properties:\n length: 20", "updated_template_path": "heat_template_version: 2014-10-16\n\ndescription: >\n Test template for create-update-delete-stack scenario in rally.\n The template updates one resource from the stack defined by resource_group.yaml.template\n and deletes children resources from that resource.\n\nresources:\n test_group:\n type: OS::Heat::ResourceGroup\n properties:\n count: 1\n resource_def:\n type: OS::Heat::RandomString\n properties:\n length: 20"} times: 10 method_name: run timeout: 0 duration: None cls:
2020-03-23 21:22:45.750 4155 INFO rally.task.runner [-] Task 537178fe-596f-43ac-b796-004b20c57d8d | ITER: 1 START
2020-03-23 21:22:45.752 4158 RALLYDEBUG rally.task.runner [-] Starting a worker. concurrency: 1 args: {"template_path": "heat_template_version: 2014-10-16\n\ndescription: Test template for rally create-update-delete scenario\n\nresources:\n test_group:\n type: OS::Heat::ResourceGroup\n properties:\n count: 2\n resource_def:\n type: OS::Heat::RandomString\n properties:\n length: 20", "updated_template_path": "heat_template_version: 2014-10-16\n\ndescription: >\n Test template for create-update-delete-stack scenario in rally.\n The template updates one resource from the stack defined by resource_group.yaml.template\n and deletes children resources from that resource.\n\nresources:\n test_group:\n type: OS::Heat::ResourceGroup\n properties:\n count: 1\n resource_def:\n type: OS::Heat::RandomString\n properties:\n length: 20"} times: 10 method_name: run timeout: 0 duration: None cls:
2020-03-23 21:22:45.753 4156 INFO rally.task.runner [-] Task 537178fe-596f-43ac-b796-004b20c57d8d | ITER: 2 START
2020-03-23 21:22:45.757 4157 INFO rally.task.runner [-] Task 537178fe-596f-43ac-b796-004b20c57d8d | ITER: 3 START
2020-03-23 21:22:45.760 4158 INFO rally.task.runner [-] Task 537178fe-596f-43ac-b796-004b20c57d8d | ITER: 4 START
2020-03-23 21:22:58.174 4158 RALLYDEBUG rally.task.utils [-] Waiting for resource . Status changed: CREATE_IN_PROGRESS => CREATE_COMPLETE in 8.83415102959
2020-03-23 21:22:58.681 4155 RALLYDEBUG rally.task.utils [-] Waiting for resource . Status changed: CREATE_IN_PROGRESS => CREATE_COMPLETE in 8.90486907959
2020-03-23 21:22:59.163 4157 RALLYDEBUG rally.task.utils [-] Waiting for resource . Status changed: CREATE_IN_PROGRESS => CREATE_COMPLETE in 8.90212106705
2020-03-23 21:22:59.166 4156 RALLYDEBUG rally.task.utils [-] Waiting for resource . Status changed: CREATE_IN_PROGRESS => CREATE_COMPLETE in 8.87317585945
2020-03-23 21:23:00.904 4158 RALLYDEBUG rally.task.utils [-] Waiting for resource . Status changed: CREATE_COMPLETE => UPDATE_IN_PROGRESS in 0.0951030254364
2020-03-23 21:23:01.551 4155 RALLYDEBUG rally.task.utils [-] Waiting for resource . Status changed: CREATE_COMPLETE => UPDATE_IN_PROGRESS in 0.0997719764709
2020-03-23 21:23:01.969 4157 RALLYDEBUG rally.task.utils [-] Waiting for resource . Status changed: CREATE_COMPLETE => UPDATE_IN_PROGRESS in 0.103756904602
2020-03-23 21:23:01.978 4156 RALLYDEBUG rally.task.utils [-] Waiting for resource . Status changed: CREATE_COMPLETE => UPDATE_IN_PROGRESS in 0.0851860046387
2020-03-23 21:23:05.276 4158 RALLYDEBUG rally.task.utils [-] Waiting for resource . Status changed: UPDATE_IN_PROGRESS => UPDATE_COMPLETE in 4.37167596817
2020-03-23 21:23:05.422 4158 RALLYDEBUG rally.task.utils [-] Waiting for resource . Status changed: CREATE_COMPLETE => UPDATE_COMPLETE in 0.0905349254608
2020-03-23 21:23:05.936 4155 RALLYDEBUG rally.task.utils [-] Waiting for resource . Status changed: UPDATE_IN_PROGRESS => UPDATE_COMPLETE in 4.38587808609
2020-03-23 21:23:06.091 4155 RALLYDEBUG rally.task.utils [-] Waiting for resource . Status changed: CREATE_COMPLETE => UPDATE_COMPLETE in 0.0883760452271
2020-03-23 21:23:06.520 4158 RALLYDEBUG rally.task.utils [-] Waiting for resource . Status changed: UPDATE_COMPLETE => DELETE_IN_PROGRESS in 1.09817099571
2020-03-23 21:23:07.185 4155 RALLYDEBUG rally.task.utils [-] Waiting for resource . Status changed: UPDATE_COMPLETE => DELETE_IN_PROGRESS in 1.09364390373
2020-03-23 21:23:07.444 4156 RALLYDEBUG rally.task.utils [-] Waiting for resource . Status changed: UPDATE_IN_PROGRESS => UPDATE_COMPLETE in 5.46570801735
2020-03-23 21:23:07.452 4157 RALLYDEBUG rally.task.utils [-] Waiting for resource . Status changed: UPDATE_IN_PROGRESS => UPDATE_COMPLETE in 5.48266506195
2020-03-23 21:23:07.603 4156 RALLYDEBUG rally.task.utils [-] Waiting for resource . Status changed: CREATE_COMPLETE => UPDATE_COMPLETE in 0.0978171825409
2020-03-23 21:23:07.631 4157 RALLYDEBUG rally.task.utils [-] Waiting for resource . Status changed: CREATE_COMPLETE => UPDATE_COMPLETE in 0.0879538059235
2020-03-23 21:23:08.695 4156 RALLYDEBUG rally.task.utils [-] Waiting for resource . Status changed: UPDATE_COMPLETE => DELETE_IN_PROGRESS in 1.09265089035
2020-03-23 21:23:08.716 4157 RALLYDEBUG rally.task.utils [-] Waiting for resource . Status changed: UPDATE_COMPLETE => DELETE_IN_PROGRESS in 1.08475708961
2020-03-23 21:23:10.887 4158 INFO rally.task.runner [-] Task 537178fe-596f-43ac-b796-004b20c57d8d | ITER: 4 END: OK
2020-03-23 21:23:10.892 4158 INFO rally.task.runner [-] Task 537178fe-596f-43ac-b796-004b20c57d8d | ITER: 5 START
2020-03-23 21:23:11.562 4155 INFO rally.task.runner [-] Task 537178fe-596f-43ac-b796-004b20c57d8d | ITER: 1 END: OK
2020-03-23 21:23:11.567 4155 INFO rally.task.runner [-] Task 537178fe-596f-43ac-b796-004b20c57d8d | ITER: 6 START
2020-03-23 21:23:15.294 4156 INFO rally.task.runner [-] Task 537178fe-596f-43ac-b796-004b20c57d8d | ITER: 2 END: OK
2020-03-23 21:23:15.297 4157 INFO rally.task.runner [-] Task 537178fe-596f-43ac-b796-004b20c57d8d | ITER: 3 END: OK
2020-03-23 21:23:15.302 4156 INFO rally.task.runner [-] Task 537178fe-596f-43ac-b796-004b20c57d8d | ITER: 7 START
2020-03-23 21:23:15.305 4157 INFO rally.task.runner [-] Task 537178fe-596f-43ac-b796-004b20c57d8d | ITER: 8 START
2020-03-23 21:23:29.574 4158 RALLYDEBUG rally.task.utils [-] Waiting for resource . Status changed: CREATE_IN_PROGRESS => CREATE_COMPLETE in 11.0746371746
2020-03-23 21:23:30.436 4155 RALLYDEBUG rally.task.utils [-] Waiting for resource . Status changed: CREATE_IN_PROGRESS => CREATE_COMPLETE in 12.1505730152
2020-03-23 21:23:30.637 4157 RALLYDEBUG rally.task.utils [-] Waiting for resource . Status changed: CREATE_IN_PROGRESS => CREATE_COMPLETE in 10.0064821243
2020-03-23 21:23:30.834 4156 RALLYDEBUG rally.task.utils [-] Waiting for resource . Status changed: CREATE_IN_PROGRESS => CREATE_COMPLETE in 8.90422987938
2020-03-23 21:23:32.155 4158 RALLYDEBUG rally.task.utils [-] Waiting for resource . Status changed: CREATE_COMPLETE => UPDATE_IN_PROGRESS in 0.0987257957458
2020-03-23 21:23:32.795 4155 RALLYDEBUG rally.task.utils [-] Waiting for resource . Status changed: CREATE_COMPLETE => UPDATE_IN_PROGRESS in 0.0842089653015
2020-03-23 21:23:33.293 4157 RALLYDEBUG rally.task.utils [-] Waiting for resource . Status changed: CREATE_COMPLETE => UPDATE_IN_PROGRESS in 0.0935320854187
2020-03-23 21:23:33.717 4156 RALLYDEBUG rally.task.utils [-] Waiting for resource . Status changed: CREATE_COMPLETE => UPDATE_IN_PROGRESS in 0.0908060073853
2020-03-23 21:23:38.750 4158 RALLYDEBUG rally.task.utils [-] Waiting for resource . Status changed: UPDATE_IN_PROGRESS => UPDATE_COMPLETE in 6.5952231884
2020-03-23 21:23:38.901 4158 RALLYDEBUG rally.task.utils [-] Waiting for resource . Status changed: CREATE_COMPLETE => UPDATE_COMPLETE in 0.0880069732666
2020-03-23 21:23:39.351 4155 RALLYDEBUG rally.task.utils [-] Waiting for resource . Status changed: UPDATE_IN_PROGRESS => UPDATE_COMPLETE in 6.55535411835
2020-03-23 21:23:39.502 4155 RALLYDEBUG rally.task.utils [-] Waiting for resource . Status changed: CREATE_COMPLETE => UPDATE_COMPLETE in 0.0896098613739
2020-03-23 21:23:39.861 4157 RALLYDEBUG rally.task.utils [-] Waiting for resource . Status changed: UPDATE_IN_PROGRESS => UPDATE_COMPLETE in 6.56804895401
2020-03-23 21:23:39.986 4158 RALLYDEBUG rally.task.utils [-] Waiting for resource . Status changed: UPDATE_COMPLETE => DELETE_IN_PROGRESS in 1.08484601974
2020-03-23 21:23:40.006 4157 RALLYDEBUG rally.task.utils [-] Waiting for resource . Status changed: CREATE_COMPLETE => UPDATE_COMPLETE in 0.0850470066071
2020-03-23 21:23:40.300 4156 RALLYDEBUG rally.task.utils [-] Waiting for resource . Status changed: UPDATE_IN_PROGRESS => UPDATE_COMPLETE in 6.58294987679
2020-03-23 21:23:40.446 4156 RALLYDEBUG rally.task.utils [-] Waiting for resource . Status changed: CREATE_COMPLETE => UPDATE_COMPLETE in 0.0880138874054
2020-03-23 21:23:40.591 4155 RALLYDEBUG rally.task.utils [-] Waiting for resource . Status changed: UPDATE_COMPLETE => DELETE_IN_PROGRESS in 1.08850312233
2020-03-23 21:23:41.108 4157 RALLYDEBUG rally.task.utils [-] Waiting for resource . Status changed: UPDATE_COMPLETE => DELETE_IN_PROGRESS in 1.10159516335
2020-03-23 21:23:41.539 4156 RALLYDEBUG rally.task.utils [-] Waiting for resource . Status changed: UPDATE_COMPLETE => DELETE_IN_PROGRESS in 1.09259104729
2020-03-23 21:23:45.476 4158 INFO rally.task.runner [-] Task 537178fe-596f-43ac-b796-004b20c57d8d | ITER: 5 END: OK
2020-03-23 21:23:45.481 4158 INFO rally.task.runner [-] Task 537178fe-596f-43ac-b796-004b20c57d8d | ITER: 9 START
2020-03-23 21:23:47.263 4155 INFO rally.task.runner [-] Task 537178fe-596f-43ac-b796-004b20c57d8d | ITER: 6 END: OK
2020-03-23 21:23:47.269 4155 INFO rally.task.runner [-] Task 537178fe-596f-43ac-b796-004b20c57d8d | ITER: 10 START
2020-03-23 21:23:49.954 4157 INFO rally.task.runner [-] Task 537178fe-596f-43ac-b796-004b20c57d8d | ITER: 8 END: OK
2020-03-23 21:23:50.315 4156 INFO rally.task.runner [-] Task 537178fe-596f-43ac-b796-004b20c57d8d | ITER: 7 END: OK
2020-03-23 21:23:55.350 4158 RALLYDEBUG rally.task.utils [-] Waiting for resource . Status changed: CREATE_IN_PROGRESS => CREATE_COMPLETE in 3.48829007149
2020-03-23 21:23:55.826 4155 RALLYDEBUG rally.task.utils [-] Waiting for resource . Status changed: CREATE_IN_PROGRESS => CREATE_COMPLETE in 3.37888503075
2020-03-23 21:23:57.672 4158 RALLYDEBUG rally.task.utils [-] Waiting for resource . Status changed: CREATE_COMPLETE => UPDATE_IN_PROGRESS in 0.10715508461
2020-03-23 21:23:58.272 4155 RALLYDEBUG rally.task.utils [-] Waiting for resource . Status changed: CREATE_COMPLETE => UPDATE_IN_PROGRESS in 0.100277900696
2020-03-23 21:24:00.961 4158 RALLYDEBUG rally.task.utils [-] Waiting for resource . Status changed: UPDATE_IN_PROGRESS => UPDATE_COMPLETE in 3.28829097748
2020-03-23 21:24:01.125 4158 RALLYDEBUG rally.task.utils [-] Waiting for resource . Status changed: CREATE_COMPLETE => DELETE_IN_PROGRESS in 0.0943191051483
2020-03-23 21:24:01.563 4155 RALLYDEBUG rally.task.utils [-] Waiting for resource . Status changed: UPDATE_IN_PROGRESS => UPDATE_COMPLETE in 3.29062604904
2020-03-23 21:24:01.719 4155 RALLYDEBUG rally.task.utils [-] Waiting for resource . Status changed: CREATE_COMPLETE => UPDATE_COMPLETE in 0.0923190116882
2020-03-23 21:24:02.814 4155 RALLYDEBUG rally.task.utils [-] Waiting for resource . Status changed: UPDATE_COMPLETE => DELETE_IN_PROGRESS in 1.09472298622
2020-03-23 21:24:03.315 4158 INFO rally.task.runner [-] Task 537178fe-596f-43ac-b796-004b20c57d8d | ITER: 9 END: OK
2020-03-23 21:24:05.019 4155 INFO rally.task.runner [-] Task 537178fe-596f-43ac-b796-004b20c57d8d | ITER: 10 END: OK
2020-03-23 21:24:05.045 1809 INFO rally.task.context [-] Task 537178fe-596f-43ac-b796-004b20c57d8d | Context cleanup@openstack cleanup() started
2020-03-23 21:24:05.048 1809 RALLYDEBUG rally_openstack.cleanup.manager [-] Cleaning up heat stacks objects
2020-03-23 21:24:06.293 1809 INFO rally.task.context [-] Task 537178fe-596f-43ac-b796-004b20c57d8d | Context cleanup@openstack cleanup() finished in 1.25 sec
2020-03-23 21:24:06.294 1809 INFO rally.task.context [-] Task 537178fe-596f-43ac-b796-004b20c57d8d | Context roles@openstack cleanup() started
2020-03-23 21:24:06.294 1809 RALLYDEBUG rally_openstack.contexts.keystone.roles [-] Removing assigned role 3fe95cc3f9194bafb3ffdc7c7e40dd9a from all users
2020-03-23 21:24:07.096 1809 INFO rally.task.context [-] Task 537178fe-596f-43ac-b796-004b20c57d8d | Context roles@openstack cleanup() finished in 0.80 sec
2020-03-23 21:24:07.096 1809 INFO rally.task.context [-] Task 537178fe-596f-43ac-b796-004b20c57d8d | Context users@openstack cleanup() started
2020-03-23 21:24:14.743 1809 INFO rally.task.context [-] Task 537178fe-596f-43ac-b796-004b20c57d8d | Context users@openstack cleanup() finished in 7.65 sec
2020-03-23 21:24:16.678 1809 INFO rally.task.engine [-] Load duration is: 75.267611
2020-03-23 21:24:16.679 1809 INFO rally.task.engine [-] Full runner duration is: 79.315342
2020-03-23 21:24:16.679 1809 INFO rally.task.engine [-] Full duration is: 104.498331
2020-03-23 21:24:16.726 1809 INFO rally.task.engine [-] Running workload: position = 5 config = { "version": 2, "title": "A cropped version of a bigger task.", "description": "Auto-generated task from a single workload (uuid=72ee1b8b-0a44-4d24-9570-b0f2cfb4cb57)", "subtasks": [ { "title": "HeatStacks.create_update_delete_stack", "description": "Create, update and then delete a stack.", "scenario": { "HeatStacks.create_update_delete_stack": { "template_path": "/usr/lib/python2.7/site-packages/functest/opnfv_tests/openstack/rally/scenario/templates/random_strings.yaml.template", "updated_template_path": "/usr/lib/python2.7/site-packages/functest/opnfv_tests/openstack/rally/scenario/templates/updated_random_strings_replace.yaml.template" } }, "contexts": { "users": { "tenants": 3, "users_per_tenant": 2 }, "roles": [ "heat_stack_owner" ] }, "runner": { "constant": { "concurrency": 4, "times": 10 } }, "hooks": [], "sla": { "failure_rate": { "max": 0 } } } ] }
2020-03-23 21:24:16.751 1809 RALLYDEBUG rally_openstack.contexts.keystone.users [-] Creating 3 tenants using 20 threads
2020-03-23 21:24:17.321 1809 RALLYDEBUG rally_openstack.contexts.keystone.users [-] Creating 6 users using 20 threads
2020-03-23 21:24:19.523 1809 INFO rally.task.context [-] Task 537178fe-596f-43ac-b796-004b20c57d8d | Context users@openstack setup() finished in 2.77 sec
2020-03-23 21:24:19.783 1809 RALLYDEBUG rally_openstack.contexts.keystone.roles [-] Adding role heat_stack_owner having ID 3fe95cc3f9194bafb3ffdc7c7e40dd9a to all users using 30 threads
2020-03-23 21:24:25.386 1809 INFO rally.task.context [-] Task 537178fe-596f-43ac-b796-004b20c57d8d | Context roles@openstack setup() finished in 5.86 sec
2020-03-23 21:24:25.386 1809 INFO rally.task.context [-] Task 537178fe-596f-43ac-b796-004b20c57d8d | Context cleanup@openstack setup() finished in 0.00 msec
2020-03-23 21:24:25.396 1809 RALLYDEBUG rally.task.runner [-] Starting the constant runner (task UUID: 537178fe-596f-43ac-b796-004b20c57d8d). timeout: 0 concurrency: 4 concurrency_per_worker: 1 times: 10 concurrency_overhead: 0 processes_to_start: 4 max_cpu_used: 88
2020-03-23 21:24:25.408 4339 RALLYDEBUG rally.task.runner [-] Starting a worker. concurrency: 1 args: {"template_path": "heat_template_version: 2014-10-16\n\ndescription: Test template for rally create-update-delete scenario\n\nresources:\n test_string_one:\n type: OS::Heat::RandomString\n properties:\n length: 20\n test_string_two:\n type: OS::Heat::RandomString\n properties:\n length: 20", "updated_template_path": "heat_template_version: 2014-10-16\n\ndescription: >\n Test template for create-update-delete-stack scenario in rally.\n The template deletes one resource from the stack defined by\n random_strings.yaml.template and re-creates it with the updated parameters\n (so-called update-replace). That happens because some parameters cannot be\n changed without resource re-creation. The template allows to measure performance\n of update-replace operation.\n\nresources:\n test_string_one:\n type: OS::Heat::RandomString\n properties:\n length: 20\n test_string_two:\n type: OS::Heat::RandomString\n properties:\n length: 40"} times: 10 method_name: run timeout: 0 duration: None cls:
2020-03-23 21:24:25.411 4340 RALLYDEBUG rally.task.runner [-] Starting a worker. concurrency: 1 args: {"template_path": "heat_template_version: 2014-10-16\n\ndescription: Test template for rally create-update-delete scenario\n\nresources:\n test_string_one:\n type: OS::Heat::RandomString\n properties:\n length: 20\n test_string_two:\n type: OS::Heat::RandomString\n properties:\n length: 20", "updated_template_path": "heat_template_version: 2014-10-16\n\ndescription: >\n Test template for create-update-delete-stack scenario in rally.\n The template deletes one resource from the stack defined by\n random_strings.yaml.template and re-creates it with the updated parameters\n (so-called update-replace). That happens because some parameters cannot be\n changed without resource re-creation. The template allows to measure performance\n of update-replace operation.\n\nresources:\n test_string_one:\n type: OS::Heat::RandomString\n properties:\n length: 20\n test_string_two:\n type: OS::Heat::RandomString\n properties:\n length: 40"} times: 10 method_name: run timeout: 0 duration: None cls:
2020-03-23 21:24:25.414 4341 RALLYDEBUG rally.task.runner [-] Starting a worker. concurrency: 1 args: {"template_path": "heat_template_version: 2014-10-16\n\ndescription: Test template for rally create-update-delete scenario\n\nresources:\n test_string_one:\n type: OS::Heat::RandomString\n properties:\n length: 20\n test_string_two:\n type: OS::Heat::RandomString\n properties:\n length: 20", "updated_template_path": "heat_template_version: 2014-10-16\n\ndescription: >\n Test template for create-update-delete-stack scenario in rally.\n The template deletes one resource from the stack defined by\n random_strings.yaml.template and re-creates it with the updated parameters\n (so-called update-replace). That happens because some parameters cannot be\n changed without resource re-creation. The template allows to measure performance\n of update-replace operation.\n\nresources:\n test_string_one:\n type: OS::Heat::RandomString\n properties:\n length: 20\n test_string_two:\n type: OS::Heat::RandomString\n properties:\n length: 40"} times: 10 method_name: run timeout: 0 duration: None cls:
2020-03-23 21:24:25.416 4339 INFO rally.task.runner [-] Task 537178fe-596f-43ac-b796-004b20c57d8d | ITER: 1 START
2020-03-23 21:24:25.419 4340 INFO rally.task.runner [-] Task 537178fe-596f-43ac-b796-004b20c57d8d | ITER: 2 START
2020-03-23 21:24:25.422 4341 INFO rally.task.runner [-] Task 537178fe-596f-43ac-b796-004b20c57d8d | ITER: 3 START
2020-03-23 21:24:25.427 4342 RALLYDEBUG rally.task.runner [-] Starting a worker. concurrency: 1 args: {"template_path": "heat_template_version: 2014-10-16\n\ndescription: Test template for rally create-update-delete scenario\n\nresources:\n test_string_one:\n type: OS::Heat::RandomString\n properties:\n length: 20\n test_string_two:\n type: OS::Heat::RandomString\n properties:\n length: 20", "updated_template_path": "heat_template_version: 2014-10-16\n\ndescription: >\n Test template for create-update-delete-stack scenario in rally.\n The template deletes one resource from the stack defined by\n random_strings.yaml.template and re-creates it with the updated parameters\n (so-called update-replace). That happens because some parameters cannot be\n changed without resource re-creation. The template allows to measure performance\n of update-replace operation.\n\nresources:\n test_string_one:\n type: OS::Heat::RandomString\n properties:\n length: 20\n test_string_two:\n type: OS::Heat::RandomString\n properties:\n length: 40"} times: 10 method_name: run timeout: 0 duration: None cls:
2020-03-23 21:24:25.434 4342 INFO rally.task.runner [-] Task 537178fe-596f-43ac-b796-004b20c57d8d | ITER: 4 START
2020-03-23 21:24:32.526 4339 RALLYDEBUG rally.task.utils [-] Waiting for resource . Status changed: CREATE_IN_PROGRESS => CREATE_COMPLETE in 3.43165206909
2020-03-23 21:24:32.743 4341 RALLYDEBUG rally.task.utils [-] Waiting for resource . Status changed: CREATE_IN_PROGRESS => CREATE_COMPLETE in 3.43158793449
2020-03-23 21:24:33.673 4340 RALLYDEBUG rally.task.utils [-] Waiting for resource . Status changed: CREATE_IN_PROGRESS => CREATE_COMPLETE in 4.49972081184
2020-03-23 21:24:34.094 4342 RALLYDEBUG rally.task.utils [-] Waiting for resource . Status changed: CREATE_IN_PROGRESS => CREATE_COMPLETE in 4.4699909687
2020-03-23 21:24:35.551 4339 RALLYDEBUG rally.task.utils [-] Waiting for resource . Status changed: CREATE_COMPLETE => UPDATE_IN_PROGRESS in 0.0949990749359
2020-03-23 21:24:35.561 4341 RALLYDEBUG rally.task.utils [-] Waiting for resource . Status changed: CREATE_COMPLETE => UPDATE_IN_PROGRESS in 0.0878880023956
2020-03-23 21:24:36.064 4340 RALLYDEBUG rally.task.utils [-] Waiting for resource . Status changed: CREATE_COMPLETE => UPDATE_IN_PROGRESS in 0.0861828327179
2020-03-23 21:24:36.828 4342 RALLYDEBUG rally.task.utils [-] Waiting for resource . Status changed: CREATE_COMPLETE => UPDATE_IN_PROGRESS in 0.0913269519806
2020-03-23 21:24:39.922 4339 RALLYDEBUG rally.task.utils [-] Waiting for resource . Status changed: UPDATE_IN_PROGRESS => UPDATE_COMPLETE in 4.37136983871
2020-03-23 21:24:40.071 4339 RALLYDEBUG rally.task.utils [-] Waiting for resource . Status changed: CREATE_COMPLETE => UPDATE_COMPLETE in 0.0928299427032
2020-03-23 21:24:41.026 4341 RALLYDEBUG rally.task.utils [-] Waiting for resource . Status changed: UPDATE_IN_PROGRESS => UPDATE_COMPLETE in 5.46451091766
2020-03-23 21:24:41.147 4339 RALLYDEBUG rally.task.utils [-] Waiting for resource . Status changed: UPDATE_COMPLETE => DELETE_IN_PROGRESS in 1.07522511482
2020-03-23 21:24:41.189 4341 RALLYDEBUG rally.task.utils [-] Waiting for resource . Status changed: CREATE_COMPLETE => UPDATE_COMPLETE in 0.0971138477325
2020-03-23 21:24:41.541 4340 RALLYDEBUG rally.task.utils [-] Waiting for resource . Status changed: UPDATE_IN_PROGRESS => UPDATE_COMPLETE in 5.47695708275
2020-03-23 21:24:41.693 4340 RALLYDEBUG rally.task.utils [-] Waiting for resource . Status changed: CREATE_COMPLETE => UPDATE_COMPLETE in 0.0875511169434
2020-03-23 21:24:42.275 4342 RALLYDEBUG rally.task.utils [-] Waiting for resource . Status changed: UPDATE_IN_PROGRESS => UPDATE_COMPLETE in 5.44683384895
2020-03-23 21:24:42.288 4341 RALLYDEBUG rally.task.utils [-] Waiting for resource . Status changed: UPDATE_COMPLETE => DELETE_IN_PROGRESS in 1.09968209267
2020-03-23 21:24:42.437 4342 RALLYDEBUG rally.task.utils [-] Waiting for resource . Status changed: CREATE_COMPLETE => UPDATE_COMPLETE in 0.0938851833344
2020-03-23 21:24:42.776 4340 RALLYDEBUG rally.task.utils [-] Waiting for resource . Status changed: UPDATE_COMPLETE => DELETE_IN_PROGRESS in 1.08311605453
2020-03-23 21:24:44.626 4342 RALLYDEBUG rally.task.utils [-] Waiting for resource . Status changed: UPDATE_COMPLETE => DELETE_IN_PROGRESS in 2.18877887726
2020-03-23 21:24:45.540 4339 INFO rally.task.runner [-] Task 537178fe-596f-43ac-b796-004b20c57d8d | ITER: 1 END: OK
2020-03-23 21:24:45.545 4339 INFO rally.task.runner [-] Task 537178fe-596f-43ac-b796-004b20c57d8d | ITER: 5 START
2020-03-23 21:24:51.045 4341 INFO rally.task.runner [-] Task 537178fe-596f-43ac-b796-004b20c57d8d | ITER: 3 END: OK
2020-03-23 21:24:51.050 4341 INFO rally.task.runner [-] Task 537178fe-596f-43ac-b796-004b20c57d8d | ITER: 6 START
2020-03-23 21:24:51.566 4340 INFO rally.task.runner [-] Task 537178fe-596f-43ac-b796-004b20c57d8d | ITER: 2 END: OK
2020-03-23 21:24:51.571 4340 INFO rally.task.runner [-] Task 537178fe-596f-43ac-b796-004b20c57d8d | ITER: 7 START
2020-03-23 21:24:52.306 4342 INFO rally.task.runner [-] Task 537178fe-596f-43ac-b796-004b20c57d8d | ITER: 4 END: OK
2020-03-23 21:24:52.311 4342 INFO rally.task.runner [-] Task 537178fe-596f-43ac-b796-004b20c57d8d | ITER: 8 START
2020-03-23 21:25:01.145 4339 RALLYDEBUG rally.task.utils [-] Waiting for resource . Status changed: CREATE_IN_PROGRESS => CREATE_COMPLETE in 7.76103305817
2020-03-23 21:25:03.451 4341 RALLYDEBUG rally.task.utils [-] Waiting for resource . Status changed: CREATE_IN_PROGRESS => CREATE_COMPLETE in 4.48328495026
2020-03-23 21:25:04.013 4339 RALLYDEBUG rally.task.utils [-] Waiting for resource . Status changed: CREATE_COMPLETE => UPDATE_IN_PROGRESS in 0.0952019691467
2020-03-23 21:25:06.464 4341 RALLYDEBUG rally.task.utils [-] Waiting for resource . Status changed: CREATE_COMPLETE => UPDATE_IN_PROGRESS in 0.0930390357971
2020-03-23 21:25:06.868 4342 RALLYDEBUG rally.task.utils [-] Waiting for resource . Status changed: CREATE_IN_PROGRESS => CREATE_COMPLETE in 4.46451687813
2020-03-23 21:25:06.910 4340 RALLYDEBUG rally.task.utils [-] Waiting for resource . Status changed: CREATE_IN_PROGRESS => CREATE_COMPLETE in 6.63403010368
2020-03-23 21:25:09.329 4342 RALLYDEBUG rally.task.utils [-] Waiting for resource . Status changed: CREATE_COMPLETE => UPDATE_IN_PROGRESS in 0.106271982193
2020-03-23 21:25:09.342 4340 RALLYDEBUG rally.task.utils [-] Waiting for resource . Status changed: CREATE_COMPLETE => UPDATE_IN_PROGRESS in 0.0837249755859
2020-03-23 21:25:13.914 4339 RALLYDEBUG rally.task.utils [-] Waiting for resource . Status changed: UPDATE_IN_PROGRESS => UPDATE_COMPLETE in 9.90083503723
2020-03-23 21:25:14.096 4339 RALLYDEBUG rally.task.utils [-] Waiting for resource . Status changed: CREATE_COMPLETE => UPDATE_COMPLETE in 0.101637840271
2020-03-23 21:25:16.276 4339 RALLYDEBUG rally.task.utils [-] Waiting for resource . Status changed: UPDATE_COMPLETE => DELETE_IN_PROGRESS in 2.17993712425
2020-03-23 21:25:16.295 4341 RALLYDEBUG rally.task.utils [-] Waiting for resource . Status changed: UPDATE_IN_PROGRESS => UPDATE_COMPLETE in 9.83104205132
2020-03-23 21:25:16.452 4341 RALLYDEBUG rally.task.utils [-] Waiting for resource . Status changed: CREATE_COMPLETE => UPDATE_COMPLETE in 0.0913829803467
2020-03-23 21:25:18.656 4341 RALLYDEBUG rally.task.utils [-] Waiting for resource . Status changed: UPDATE_COMPLETE => DELETE_IN_PROGRESS in 2.20416212082
2020-03-23 21:25:20.261 4340 RALLYDEBUG rally.task.utils [-] Waiting for resource . Status changed: UPDATE_IN_PROGRESS => UPDATE_COMPLETE in 10.9190340042
2020-03-23 21:25:20.293 4342 RALLYDEBUG rally.task.utils [-] Waiting for resource . Status changed: UPDATE_IN_PROGRESS => UPDATE_COMPLETE in 10.9645709991
2020-03-23 21:25:20.415 4340 RALLYDEBUG rally.task.utils [-] Waiting for resource . Status changed: CREATE_COMPLETE => UPDATE_COMPLETE in 0.0908920764923
2020-03-23 21:25:20.453 4342 RALLYDEBUG rally.task.utils [-] Waiting for resource . Status changed: CREATE_COMPLETE => UPDATE_COMPLETE in 0.101040124893
2020-03-23 21:25:21.514 4340 RALLYDEBUG rally.task.utils [-] Waiting for resource . Status changed: UPDATE_COMPLETE => DELETE_IN_PROGRESS in 1.09852004051
2020-03-23 21:25:21.551 4342 RALLYDEBUG rally.task.utils [-] Waiting for resource . Status changed: UPDATE_COMPLETE => DELETE_IN_PROGRESS in 1.09784698486
2020-03-23 21:25:21.728 4339 INFO rally.task.runner [-] Task 537178fe-596f-43ac-b796-004b20c57d8d | ITER: 5 END: OK
2020-03-23 21:25:21.735 4339 INFO rally.task.runner [-] Task 537178fe-596f-43ac-b796-004b20c57d8d | ITER: 9 START
2020-03-23 21:25:23.091 4341 INFO rally.task.runner [-] Task 537178fe-596f-43ac-b796-004b20c57d8d | ITER: 6 END: OK
2020-03-23 21:25:23.097 4341 INFO rally.task.runner [-] Task 537178fe-596f-43ac-b796-004b20c57d8d | ITER: 10 START
2020-03-23 21:25:29.199 4340 INFO rally.task.runner [-] Task 537178fe-596f-43ac-b796-004b20c57d8d | ITER: 7 END: OK
2020-03-23 21:25:29.240 4342 INFO rally.task.runner [-] Task 537178fe-596f-43ac-b796-004b20c57d8d | ITER: 8 END: OK
2020-03-23 21:25:35.070 4339 RALLYDEBUG rally.task.utils [-] Waiting for resource . Status changed: CREATE_IN_PROGRESS => CREATE_COMPLETE in 6.68004989624
2020-03-23 21:25:36.060 4341 RALLYDEBUG rally.task.utils [-] Waiting for resource . Status changed: CREATE_IN_PROGRESS => CREATE_COMPLETE in 6.68200087547
2020-03-23 21:25:37.622 4339 RALLYDEBUG rally.task.utils [-] Waiting for resource . Status changed: CREATE_COMPLETE => UPDATE_IN_PROGRESS in 0.0902462005615
2020-03-23 21:25:38.594 4341 RALLYDEBUG rally.task.utils [-] Waiting for resource . Status changed: CREATE_COMPLETE => UPDATE_IN_PROGRESS in 0.0865480899811
2020-03-23 21:25:41.999 4339 RALLYDEBUG rally.task.utils [-] Waiting for resource . Status changed: UPDATE_IN_PROGRESS => UPDATE_COMPLETE in 4.37647891045
2020-03-23 21:25:42.167 4339 RALLYDEBUG rally.task.utils [-] Waiting for resource . Status changed: CREATE_COMPLETE => UPDATE_COMPLETE in 0.0815770626068
2020-03-23 21:25:42.952 4341 RALLYDEBUG rally.task.utils [-] Waiting for resource . Status changed: UPDATE_IN_PROGRESS => UPDATE_COMPLETE in 4.35822105408
2020-03-23 21:25:43.108 4341 RALLYDEBUG rally.task.utils [-] Waiting for resource . Status changed: CREATE_COMPLETE => UPDATE_COMPLETE in 0.0879220962524
2020-03-23 21:25:43.260 4339 RALLYDEBUG rally.task.utils [-] Waiting for resource . Status changed: UPDATE_COMPLETE => DELETE_IN_PROGRESS in 1.09301495552
2020-03-23 21:25:44.191 4341 RALLYDEBUG rally.task.utils [-] Waiting for resource . Status changed: UPDATE_COMPLETE => DELETE_IN_PROGRESS in 1.08302497864
2020-03-23 21:25:46.554 4339 INFO rally.task.runner [-] Task 537178fe-596f-43ac-b796-004b20c57d8d | ITER: 9 END: OK
2020-03-23 21:25:47.497 4341 INFO rally.task.runner [-] Task 537178fe-596f-43ac-b796-004b20c57d8d | ITER: 10 END: OK
2020-03-23 21:25:47.518 1809 INFO rally.task.context [-] Task 537178fe-596f-43ac-b796-004b20c57d8d | Context cleanup@openstack cleanup() started
2020-03-23 21:25:47.521 1809 RALLYDEBUG rally_openstack.cleanup.manager [-] Cleaning up heat stacks objects
2020-03-23 21:25:48.571 1809 RALLYDEBUG rally_openstack.cleanup.manager [-] Deleting heat.stacks object s_rally_72ee1b8b_Jiltkl5J (aa531248-733c-43dd-a9d5-2326567cf63d)
2020-03-23 21:25:49.049 1809 ERROR rally_openstack.cleanup.manager [-] Resource deletion failed, max retries exceeded for heat.stacks: aa531248-733c-43dd-a9d5-2326567cf63d.: HTTPNotFound: ERROR: The Stack (s_rally_72ee1b8b_Jiltkl5J) could not be found.
2020-03-23 21:25:49.049 1809 ERROR rally_openstack.cleanup.manager
Traceback (most recent call last):
2020-03-23 21:25:49.049 1809 ERROR rally_openstack.cleanup.manager
File "/usr/lib/python2.7/site-packages/rally_openstack/cleanup/manager.py", line 85, in _delete_single_resource
2020-03-23 21:25:49.049 1809 ERROR rally_openstack.cleanup.manager rutils.retry(resource._max_attempts, resource.delete)
2020-03-23 21:25:49.049 1809 ERROR rally_openstack.cleanup.manager
File "/usr/lib/python2.7/site-packages/rally/common/utils.py", line 230, in retry
2020-03-23 21:25:49.049 1809 ERROR rally_openstack.cleanup.manager return func(*args, **kwargs)
2020-03-23 21:25:49.049 1809 ERROR rally_openstack.cleanup.manager
File "/usr/lib/python2.7/site-packages/rally_openstack/cleanup/base.py", line 129, in delete
2020-03-23 21:25:49.049 1809 ERROR rally_openstack.cleanup.manager self._manager().delete(self.id())
2020-03-23 21:25:49.049 1809 ERROR rally_openstack.cleanup.manager
File "/usr/lib/python2.7/site-packages/heatclient/v1/stacks.py", line 201, in delete
2020-03-23 21:25:49.049 1809 ERROR rally_openstack.cleanup.manager self._delete("/stacks/%s" % stack_id)
2020-03-23 21:25:49.049 1809 ERROR rally_openstack.cleanup.manager
File "/usr/lib/python2.7/site-packages/heatclient/common/base.py", line 207, in _delete
2020-03-23 21:25:49.049 1809 ERROR rally_openstack.cleanup.manager return self.client.delete(url)
2020-03-23 21:25:49.049 1809 ERROR rally_openstack.cleanup.manager
File "/usr/lib/python2.7/site-packages/keystoneauth1/adapter.py", line 343, in delete
2020-03-23 21:25:49.049 1809 ERROR rally_openstack.cleanup.manager return self.request(url, 'DELETE', **kwargs)
2020-03-23 21:25:49.049 1809 ERROR rally_openstack.cleanup.manager
File "/usr/lib/python2.7/site-packages/heatclient/common/http.py", line 323, in request
2020-03-23 21:25:49.049 1809 ERROR rally_openstack.cleanup.manager raise exc.from_response(resp)
2020-03-23 21:25:49.049 1809 ERROR rally_openstack.cleanup.manager HTTPNotFound: ERROR: The Stack (s_rally_72ee1b8b_Jiltkl5J) could not be found.
2020-03-23 21:25:49.049 1809 ERROR rally_openstack.cleanup.manager
2020-03-23 21:25:49.051 1809 INFO rally.task.context [-] Task 537178fe-596f-43ac-b796-004b20c57d8d | Context cleanup@openstack cleanup() finished in 1.53 sec
2020-03-23 21:25:49.052 1809 INFO rally.task.context [-] Task 537178fe-596f-43ac-b796-004b20c57d8d | Context roles@openstack cleanup() started
2020-03-23 21:25:49.052 1809 RALLYDEBUG rally_openstack.contexts.keystone.roles [-] Removing assigned role 3fe95cc3f9194bafb3ffdc7c7e40dd9a from all users
2020-03-23 21:25:51.503 1809 INFO rally.task.context [-] Task 537178fe-596f-43ac-b796-004b20c57d8d | Context roles@openstack cleanup() finished in 2.45 sec
2020-03-23 21:25:51.504 1809 INFO rally.task.context [-] Task 537178fe-596f-43ac-b796-004b20c57d8d | Context users@openstack cleanup() started
2020-03-23 21:25:55.818 1809 INFO rally.task.context [-] Task 537178fe-596f-43ac-b796-004b20c57d8d | Context users@openstack cleanup() finished in 4.31 sec
2020-03-23 21:25:57.160 1809 INFO rally.task.engine [-] Load duration is: 78.080714
2020-03-23 21:25:57.161 1809 INFO rally.task.engine [-] Full runner duration is: 82.122005
2020-03-23 21:25:57.161 1809 INFO rally.task.engine [-] Full duration is: 99.070297
2020-03-23 21:25:57.220 1809 INFO rally.task.engine [-] Running workload: position = 0 config = { "version": 2, "title": "A cropped version of a bigger task.", "description": "Auto-generated task from a single workload (uuid=f70cb291-bebc-4768-bf37-9d579e5610ff)", "subtasks": [ { "title": "HeatStacks.create_check_delete_stack", "description": "Create, check and delete a stack.", "scenario": { "HeatStacks.create_check_delete_stack": { "template_path": "/usr/lib/python2.7/site-packages/functest/opnfv_tests/openstack/rally/scenario/templates/random_strings.yaml.template" } }, "contexts": { "users": { "tenants": 3, "users_per_tenant": 2 }, "roles": [ "heat_stack_owner" ] }, "runner": { "constant": { "concurrency": 4, "times": 10 } }, "hooks": [], "sla": { "failure_rate": { "max": 0 } } } ] }
2020-03-23 21:25:57.245 1809 RALLYDEBUG rally_openstack.contexts.keystone.users [-] Creating 3 tenants using 20 threads
2020-03-23 21:25:57.738 1809 RALLYDEBUG rally_openstack.contexts.keystone.users [-] Creating 6 users using 20 threads
2020-03-23 21:25:59.242 1809 INFO rally.task.context [-] Task 537178fe-596f-43ac-b796-004b20c57d8d | Context users@openstack setup() finished in 2.00 sec
2020-03-23 21:25:59.496 1809 RALLYDEBUG rally_openstack.contexts.keystone.roles [-] Adding role heat_stack_owner having ID 3fe95cc3f9194bafb3ffdc7c7e40dd9a to all users using 30 threads
2020-03-23 21:26:01.659 1809 INFO rally.task.context [-] Task 537178fe-596f-43ac-b796-004b20c57d8d | Context roles@openstack setup() finished in 2.42 sec
2020-03-23 21:26:01.660 1809 INFO rally.task.context [-] Task 537178fe-596f-43ac-b796-004b20c57d8d | Context cleanup@openstack setup() finished in 0.01 msec
2020-03-23 21:26:01.670 1809 RALLYDEBUG rally.task.runner [-] Starting the constant runner (task UUID: 537178fe-596f-43ac-b796-004b20c57d8d). timeout: 0 concurrency: 4 concurrency_per_worker: 1 times: 10 concurrency_overhead: 0 processes_to_start: 4 max_cpu_used: 88
2020-03-23 21:26:01.683 4523 RALLYDEBUG rally.task.runner [-] Starting a worker. concurrency: 1 args: {"template_path": "heat_template_version: 2014-10-16\n\ndescription: Test template for rally create-update-delete scenario\n\nresources:\n test_string_one:\n type: OS::Heat::RandomString\n properties:\n length: 20\n test_string_two:\n type: OS::Heat::RandomString\n properties:\n length: 20"} times: 10 method_name: run timeout: 0 duration: None cls:
2020-03-23 21:26:01.686 4524 RALLYDEBUG rally.task.runner [-] Starting a worker. concurrency: 1 args: {"template_path": "heat_template_version: 2014-10-16\n\ndescription: Test template for rally create-update-delete scenario\n\nresources:\n test_string_one:\n type: OS::Heat::RandomString\n properties:\n length: 20\n test_string_two:\n type: OS::Heat::RandomString\n properties:\n length: 20"} times: 10 method_name: run timeout: 0 duration: None cls:
2020-03-23 21:26:01.690 4525 RALLYDEBUG rally.task.runner [-] Starting a worker. concurrency: 1 args: {"template_path": "heat_template_version: 2014-10-16\n\ndescription: Test template for rally create-update-delete scenario\n\nresources:\n test_string_one:\n type: OS::Heat::RandomString\n properties:\n length: 20\n test_string_two:\n type: OS::Heat::RandomString\n properties:\n length: 20"} times: 10 method_name: run timeout: 0 duration: None cls:
2020-03-23 21:26:01.691 4523 INFO rally.task.runner [-] Task 537178fe-596f-43ac-b796-004b20c57d8d | ITER: 1 START
2020-03-23 21:26:01.694 4524 INFO rally.task.runner [-] Task 537178fe-596f-43ac-b796-004b20c57d8d | ITER: 2 START
2020-03-23 21:26:01.697 4526 RALLYDEBUG rally.task.runner [-] Starting a worker. concurrency: 1 args: {"template_path": "heat_template_version: 2014-10-16\n\ndescription: Test template for rally create-update-delete scenario\n\nresources:\n test_string_one:\n type: OS::Heat::RandomString\n properties:\n length: 20\n test_string_two:\n type: OS::Heat::RandomString\n properties:\n length: 20"} times: 10 method_name: run timeout: 0 duration: None cls:
2020-03-23 21:26:01.701 4525 INFO rally.task.runner [-] Task 537178fe-596f-43ac-b796-004b20c57d8d | ITER: 3 START
2020-03-23 21:26:01.704 4526 INFO rally.task.runner [-] Task 537178fe-596f-43ac-b796-004b20c57d8d | ITER: 4 START
2020-03-23 21:26:09.627 4524 RALLYDEBUG rally.task.utils [-] Waiting for resource . Status changed: CREATE_IN_PROGRESS => CREATE_COMPLETE in 4.48884606361
2020-03-23 21:26:09.652 4523 RALLYDEBUG rally.task.utils [-] Waiting for resource . Status changed: CREATE_IN_PROGRESS => CREATE_COMPLETE in 4.50638008118
2020-03-23 21:26:09.741 4526 RALLYDEBUG rally.task.utils [-] Waiting for resource . Status changed: CREATE_IN_PROGRESS => CREATE_COMPLETE in 4.44285607338
2020-03-23 21:26:09.906 4525 RALLYDEBUG rally.task.utils [-] Waiting for resource . Status changed: CREATE_IN_PROGRESS => CREATE_COMPLETE in 4.47851204872
2020-03-23 21:26:11.047 4524 RALLYDEBUG rally.task.utils [-] Waiting for resource . Status changed: CREATE_COMPLETE => CHECK_IN_PROGRESS in 1.18029999733
2020-03-23 21:26:11.094 4523 RALLYDEBUG rally.task.utils [-] Waiting for resource . Status changed: CREATE_COMPLETE => CHECK_IN_PROGRESS in 1.20814299583
2020-03-23 21:26:11.127 4526 RALLYDEBUG rally.task.utils [-] Waiting for resource . Status changed: CREATE_COMPLETE => CHECK_IN_PROGRESS in 1.19508314133
2020-03-23 21:26:11.259 4525 RALLYDEBUG rally.task.utils [-] Waiting for resource . Status changed: CREATE_COMPLETE => CHECK_IN_PROGRESS in 1.20582294464
2020-03-23 21:26:12.158 4524 RALLYDEBUG rally.task.utils [-] Waiting for resource . Status changed: CHECK_IN_PROGRESS => CHECK_COMPLETE in 1.11046004295
2020-03-23 21:26:12.192 4523 RALLYDEBUG rally.task.utils [-] Waiting for resource . Status changed: CHECK_IN_PROGRESS => CHECK_COMPLETE in 1.09868192673
2020-03-23 21:26:12.228 4526 RALLYDEBUG rally.task.utils [-] Waiting for resource . Status changed: CHECK_IN_PROGRESS => CHECK_COMPLETE in 1.1008579731
2020-03-23 21:26:12.322 4524 RALLYDEBUG rally.task.utils [-] Waiting for resource . Status changed: CREATE_COMPLETE => CHECK_COMPLETE in 0.0913951396942
2020-03-23 21:26:12.350 4523 RALLYDEBUG rally.task.utils [-] Waiting for resource . Status changed: CREATE_COMPLETE => CHECK_COMPLETE in 0.090499162674
2020-03-23 21:26:12.373 4525 RALLYDEBUG rally.task.utils [-] Waiting for resource . Status changed: CHECK_IN_PROGRESS => CHECK_COMPLETE in 1.11363697052
2020-03-23 21:26:12.404 4526 RALLYDEBUG rally.task.utils [-] Waiting for resource . Status changed: CREATE_COMPLETE => CHECK_COMPLETE in 0.0992131233215
2020-03-23 21:26:12.536 4525 RALLYDEBUG rally.task.utils [-] Waiting for resource . Status changed: CREATE_COMPLETE => CHECK_COMPLETE in 0.0987679958344
2020-03-23 21:26:13.419 4524 RALLYDEBUG rally.task.utils [-] Waiting for resource . Status changed: CHECK_COMPLETE => DELETE_IN_PROGRESS in 1.09712600708
2020-03-23 21:26:13.452 4523 RALLYDEBUG rally.task.utils [-] Waiting for resource . Status changed: CHECK_COMPLETE => DELETE_IN_PROGRESS in 1.10161590576
2020-03-23 21:26:13.492 4526 RALLYDEBUG rally.task.utils [-] Waiting for resource . Status changed: CHECK_COMPLETE => DELETE_IN_PROGRESS in 1.08851289749
2020-03-23 21:26:13.630 4525 RALLYDEBUG rally.task.utils [-] Waiting for resource . Status changed: CHECK_COMPLETE => DELETE_IN_PROGRESS in 1.09407496452
2020-03-23 21:26:17.803 4524 INFO rally.task.runner [-] Task 537178fe-596f-43ac-b796-004b20c57d8d | ITER: 2 END: OK
2020-03-23 21:26:17.808 4524 INFO rally.task.runner [-] Task 537178fe-596f-43ac-b796-004b20c57d8d | ITER: 5 START
2020-03-23 21:26:17.856 4523 INFO rally.task.runner [-] Task 537178fe-596f-43ac-b796-004b20c57d8d | ITER: 1 END: OK
2020-03-23 21:26:17.862 4523 INFO rally.task.runner [-] Task 537178fe-596f-43ac-b796-004b20c57d8d | ITER: 6 START
2020-03-23 21:26:17.874 4526 INFO rally.task.runner [-] Task 537178fe-596f-43ac-b796-004b20c57d8d | ITER: 4 END: OK
2020-03-23 21:26:17.879 4526 INFO rally.task.runner [-] Task 537178fe-596f-43ac-b796-004b20c57d8d | ITER: 7 START
2020-03-23 21:26:17.991 4525 INFO rally.task.runner [-] Task 537178fe-596f-43ac-b796-004b20c57d8d | ITER: 3 END: OK
2020-03-23 21:26:17.997 4525 INFO rally.task.runner [-] Task 537178fe-596f-43ac-b796-004b20c57d8d | ITER: 8 START
2020-03-23 21:26:28.540 4524 RALLYDEBUG rally.task.utils [-] Waiting for resource . Status changed: CREATE_IN_PROGRESS => CREATE_COMPLETE in 5.66158294678
2020-03-23 21:26:28.633 4526 RALLYDEBUG rally.task.utils [-] Waiting for resource . Status changed: CREATE_IN_PROGRESS => CREATE_COMPLETE in 5.56335902214
2020-03-23 21:26:29.097 4525 RALLYDEBUG rally.task.utils [-] Waiting for resource . Status changed: CREATE_IN_PROGRESS => CREATE_COMPLETE in 5.5797700882
2020-03-23 21:26:29.248 4523 RALLYDEBUG rally.task.utils [-] Waiting for resource . Status changed: CREATE_IN_PROGRESS => CREATE_COMPLETE in 5.56047701836
2020-03-23 21:26:29.947 4524 RALLYDEBUG rally.task.utils [-] Waiting for resource . Status changed: CREATE_COMPLETE => CHECK_IN_PROGRESS in 1.19238591194
2020-03-23 21:26:29.985 4526 RALLYDEBUG rally.task.utils [-] Waiting for resource . Status changed: CREATE_COMPLETE => CHECK_IN_PROGRESS in 1.19579792023
2020-03-23 21:26:30.594 4525 RALLYDEBUG rally.task.utils [-] Waiting for resource . Status changed: CREATE_COMPLETE => CHECK_IN_PROGRESS in 1.20281291008
2020-03-23 21:26:30.787 4523 RALLYDEBUG rally.task.utils [-] Waiting for resource . Status changed: CREATE_COMPLETE => CHECK_IN_PROGRESS in 1.1907119751
2020-03-23 21:26:31.048 4524 RALLYDEBUG rally.task.utils [-] Waiting for resource . Status changed: CHECK_IN_PROGRESS => CHECK_COMPLETE in 1.10038805008
2020-03-23 21:26:31.072 4526 RALLYDEBUG rally.task.utils [-] Waiting for resource . Status changed: CHECK_IN_PROGRESS => CHECK_COMPLETE in 1.08716416359
2020-03-23 21:26:31.197 4524 RALLYDEBUG rally.task.utils [-] Waiting for resource . Status changed: CREATE_COMPLETE => CHECK_COMPLETE in 0.0850780010223
2020-03-23 21:26:31.246 4526 RALLYDEBUG rally.task.utils [-] Waiting for resource . Status changed: CREATE_COMPLETE => CHECK_COMPLETE in 0.0973489284515
2020-03-23 21:26:31.688 4525 RALLYDEBUG rally.task.utils [-] Waiting for resource . Status changed: CHECK_IN_PROGRESS => CHECK_COMPLETE in 1.09339904785
2020-03-23 21:26:31.850 4525 RALLYDEBUG rally.task.utils [-] Waiting for resource . Status changed: CREATE_COMPLETE => CHECK_COMPLETE in 0.0959379673004
2020-03-23 21:26:31.878 4523 RALLYDEBUG rally.task.utils [-] Waiting for resource . Status changed: CHECK_IN_PROGRESS => CHECK_COMPLETE in 1.09188485146
2020-03-23 21:26:32.070 4523 RALLYDEBUG rally.task.utils [-] Waiting for resource . Status changed: CREATE_COMPLETE => CHECK_COMPLETE in 0.0948650836945
2020-03-23 21:26:32.297 4524 RALLYDEBUG rally.task.utils [-] Waiting for resource . Status changed: CHECK_COMPLETE => DELETE_IN_PROGRESS in 1.09940600395
2020-03-23 21:26:32.352 4526 RALLYDEBUG rally.task.utils [-] Waiting for resource . Status changed: CHECK_COMPLETE => DELETE_IN_PROGRESS in 1.10581898689
2020-03-23 21:26:32.940 4525 RALLYDEBUG rally.task.utils [-] Waiting for resource . Status changed: CHECK_COMPLETE => DELETE_IN_PROGRESS in 1.09067797661
2020-03-23 21:26:33.183 4523 RALLYDEBUG rally.task.utils [-] Waiting for resource . Status changed: CHECK_COMPLETE => DELETE_IN_PROGRESS in 1.11312890053
2020-03-23 21:26:35.128 4525 INFO rally.task.runner [-] Task 537178fe-596f-43ac-b796-004b20c57d8d | ITER: 8 END: OK
2020-03-23 21:26:35.135 4525 INFO rally.task.runner [-] Task 537178fe-596f-43ac-b796-004b20c57d8d | ITER: 9 START
2020-03-23 21:26:35.367 4523 INFO rally.task.runner [-] Task 537178fe-596f-43ac-b796-004b20c57d8d | ITER: 6 END: OK
2020-03-23 21:26:35.373 4523 INFO rally.task.runner [-] Task 537178fe-596f-43ac-b796-004b20c57d8d | ITER: 10 START
2020-03-23 21:26:35.591 4524 INFO rally.task.runner [-] Task 537178fe-596f-43ac-b796-004b20c57d8d | ITER: 5 END: OK
2020-03-23 21:26:35.613 4526 INFO rally.task.runner [-] Task 537178fe-596f-43ac-b796-004b20c57d8d | ITER: 7 END: OK
2020-03-23 21:26:40.453 4525 RALLYDEBUG rally.task.utils [-] Waiting for resource . Status changed: CREATE_IN_PROGRESS => CREATE_COMPLETE in 1.18512105942
2020-03-23 21:26:40.936 4523 RALLYDEBUG rally.task.utils [-] Waiting for resource . Status changed: CREATE_IN_PROGRESS => CREATE_COMPLETE in 1.17723011971
2020-03-23 21:26:41.874 4525 RALLYDEBUG rally.task.utils [-] Waiting for resource . Status changed: CREATE_COMPLETE => CHECK_COMPLETE in 1.18515181541
2020-03-23 21:26:42.037 4525 RALLYDEBUG rally.task.utils [-] Waiting for resource . Status changed: CREATE_COMPLETE => CHECK_COMPLETE in 0.0911250114441
2020-03-23 21:26:42.324 4523 RALLYDEBUG rally.task.utils [-] Waiting for resource . Status changed: CREATE_COMPLETE => CHECK_IN_PROGRESS in 1.2059340477
2020-03-23 21:26:43.421 4523 RALLYDEBUG rally.task.utils [-] Waiting for resource . Status changed: CHECK_IN_PROGRESS => CHECK_COMPLETE in 1.09741997719
2020-03-23 21:26:43.592 4523 RALLYDEBUG rally.task.utils [-] Waiting for resource . Status changed: CREATE_COMPLETE => CHECK_COMPLETE in 0.0971529483795
2020-03-23 21:26:44.278 4525 RALLYDEBUG rally.task.utils [-] Waiting for resource . Status changed: CHECK_COMPLETE => DELETE_IN_PROGRESS in 2.24061012268
2020-03-23 21:26:44.681 4523 RALLYDEBUG rally.task.utils [-] Waiting for resource . Status changed: CHECK_COMPLETE => DELETE_IN_PROGRESS in 1.0895781517
2020-03-23 21:26:48.656 4525 INFO rally.task.runner [-] Task 537178fe-596f-43ac-b796-004b20c57d8d | ITER: 9 END: OK
2020-03-23 21:26:49.063 4523 INFO rally.task.runner [-] Task 537178fe-596f-43ac-b796-004b20c57d8d | ITER: 10 END: OK
2020-03-23 21:26:49.087 1809 INFO rally.task.context [-] Task 537178fe-596f-43ac-b796-004b20c57d8d | Context cleanup@openstack cleanup() started
2020-03-23 21:26:49.090 1809 RALLYDEBUG rally_openstack.cleanup.manager [-] Cleaning up heat stacks objects
2020-03-23 21:26:50.104 1809 RALLYDEBUG rally_openstack.cleanup.manager [-] Deleting heat.stacks object s_rally_f70cb291_DNm4xnDG (041518be-dbd5-4d60-9312-1301606fe6af)
2020-03-23 21:26:50.110 1809 RALLYDEBUG rally_openstack.cleanup.manager [-] Deleting heat.stacks object s_rally_f70cb291_g077rQHe (34d32e3e-967b-4f4d-ba37-85a703e5fe5d)
2020-03-23 21:26:50.807 1809 ERROR rally_openstack.cleanup.manager [-] Resource deletion failed, max retries exceeded for heat.stacks: 34d32e3e-967b-4f4d-ba37-85a703e5fe5d.: HTTPNotFound: ERROR: The Stack (s_rally_f70cb291_g077rQHe) could not be found.
2020-03-23 21:26:50.807 1809 ERROR rally_openstack.cleanup.manager
Traceback (most recent call last):
2020-03-23 21:26:50.807 1809 ERROR rally_openstack.cleanup.manager
File "/usr/lib/python2.7/site-packages/rally_openstack/cleanup/manager.py", line 85, in _delete_single_resource
2020-03-23 21:26:50.807 1809 ERROR rally_openstack.cleanup.manager rutils.retry(resource._max_attempts, resource.delete)
2020-03-23 21:26:50.807 1809 ERROR rally_openstack.cleanup.manager
File "/usr/lib/python2.7/site-packages/rally/common/utils.py", line 230, in retry
2020-03-23 21:26:50.807 1809 ERROR rally_openstack.cleanup.manager return func(*args, **kwargs)
2020-03-23 21:26:50.807 1809 ERROR rally_openstack.cleanup.manager
File "/usr/lib/python2.7/site-packages/rally_openstack/cleanup/base.py", line 129, in delete
2020-03-23 21:26:50.807 1809 ERROR rally_openstack.cleanup.manager self._manager().delete(self.id())
2020-03-23 21:26:50.807 1809 ERROR rally_openstack.cleanup.manager
