2020-03-23 21:17:19.417 3604 RALLYDEBUG rally.task.utils [-] Waiting for resource . Status changed: UPDATE_COMPLETE => DELETE_IN_PROGRESS in 1.1042509079
2020-03-23 21:17:19.428 3603 RALLYDEBUG rally.task.utils [-] Waiting for resource . Status changed: UPDATE_COMPLETE => DELETE_IN_PROGRESS in 1.09584879875
2020-03-23 21:17:19.448 3605 RALLYDEBUG rally.task.utils [-] Waiting for resource . Status changed: UPDATE_COMPLETE => DELETE_IN_PROGRESS in 1.09728598595
2020-03-23 21:17:19.601 3606 RALLYDEBUG rally.task.utils [-] Waiting for resource . Status changed: UPDATE_COMPLETE => DELETE_IN_PROGRESS in 1.09355902672
2020-03-23 21:17:21.635 3604 INFO rally.task.runner [-] Task 537178fe-596f-43ac-b796-004b20c57d8d | ITER: 2 END: OK
2020-03-23 21:17:21.640 3604 INFO rally.task.runner [-] Task 537178fe-596f-43ac-b796-004b20c57d8d | ITER: 5 START
2020-03-23 21:17:21.643 3603 INFO rally.task.runner [-] Task 537178fe-596f-43ac-b796-004b20c57d8d | ITER: 1 END: OK
2020-03-23 21:17:21.648 3603 INFO rally.task.runner [-] Task 537178fe-596f-43ac-b796-004b20c57d8d | ITER: 6 START
2020-03-23 21:17:22.752 3605 INFO rally.task.runner [-] Task 537178fe-596f-43ac-b796-004b20c57d8d | ITER: 3 END: OK
2020-03-23 21:17:22.758 3605 INFO rally.task.runner [-] Task 537178fe-596f-43ac-b796-004b20c57d8d | ITER: 7 START
2020-03-23 21:17:22.870 3606 INFO rally.task.runner [-] Task 537178fe-596f-43ac-b796-004b20c57d8d | ITER: 4 END: OK
2020-03-23 21:17:22.875 3606 INFO rally.task.runner [-] Task 537178fe-596f-43ac-b796-004b20c57d8d | ITER: 8 START
2020-03-23 21:17:30.595 3603 RALLYDEBUG rally.task.utils [-] Waiting for resource . Status changed: CREATE_IN_PROGRESS => CREATE_COMPLETE in 4.45045804977
2020-03-23 21:17:31.629 3604 RALLYDEBUG rally.task.utils [-] Waiting for resource . Status changed: CREATE_IN_PROGRESS => CREATE_COMPLETE in 4.45833992958
2020-03-23 21:17:34.286 3603 RALLYDEBUG rally.task.utils [-] Waiting for resource . Status changed: CREATE_COMPLETE => UPDATE_IN_PROGRESS in 0.11279296875
2020-03-23 21:17:34.617 3604 RALLYDEBUG rally.task.utils [-] Waiting for resource . Status changed: CREATE_COMPLETE => UPDATE_IN_PROGRESS in 0.106486797333
2020-03-23 21:17:35.775 3606 RALLYDEBUG rally.task.utils [-] Waiting for resource . Status changed: CREATE_IN_PROGRESS => CREATE_COMPLETE in 6.74048113823
2020-03-23 21:17:35.879 3605 RALLYDEBUG rally.task.utils [-] Waiting for resource . Status changed: CREATE_IN_PROGRESS => CREATE_COMPLETE in 6.6768989563
2020-03-23 21:17:39.301 3606 RALLYDEBUG rally.task.utils [-] Waiting for resource . Status changed: CREATE_COMPLETE => UPDATE_IN_PROGRESS in 0.0762181282043
2020-03-23 21:17:39.473 3605 RALLYDEBUG rally.task.utils [-] Waiting for resource . Status changed: CREATE_COMPLETE => UPDATE_IN_PROGRESS in 0.089015007019
2020-03-23 21:17:39.749 3603 RALLYDEBUG rally.task.utils [-] Waiting for resource . Status changed: UPDATE_IN_PROGRESS => UPDATE_COMPLETE in 5.46381902695
2020-03-23 21:17:39.887 3603 RALLYDEBUG rally.task.utils [-] Waiting for resource . Status changed: CREATE_COMPLETE => UPDATE_COMPLETE in 0.0833461284637
2020-03-23 21:17:40.067 3604 RALLYDEBUG rally.task.utils [-] Waiting for resource . Status changed: UPDATE_IN_PROGRESS => UPDATE_COMPLETE in 5.45007014275
2020-03-23 21:17:40.208 3604 RALLYDEBUG rally.task.utils [-] Waiting for resource . Status changed: CREATE_COMPLETE => UPDATE_COMPLETE in 0.0804250240326
2020-03-23 21:17:40.980 3603 RALLYDEBUG rally.task.utils [-] Waiting for resource . Status changed: UPDATE_COMPLETE => DELETE_IN_PROGRESS in 1.09221386909
2020-03-23 21:17:41.312 3604 RALLYDEBUG rally.task.utils [-] Waiting for resource . Status changed: UPDATE_COMPLETE => DELETE_IN_PROGRESS in 1.10439300537
2020-03-23 21:17:42.076 3603 INFO rally.task.runner [-] Task 537178fe-596f-43ac-b796-004b20c57d8d | ITER: 6 END: OK
2020-03-23 21:17:42.083 3603 INFO rally.task.runner [-] Task 537178fe-596f-43ac-b796-004b20c57d8d | ITER: 9 START
2020-03-23 21:17:43.499 3604 INFO rally.task.runner [-] Task 537178fe-596f-43ac-b796-004b20c57d8d | ITER: 5 END: OK
2020-03-23 21:17:43.506 3604 INFO rally.task.runner [-] Task 537178fe-596f-43ac-b796-004b20c57d8d | ITER: 10 START
2020-03-23 21:17:44.782 3606 RALLYDEBUG rally.task.utils [-] Waiting for resource . Status changed: UPDATE_IN_PROGRESS => UPDATE_COMPLETE in 5.48067498207
2020-03-23 21:17:44.956 3606 RALLYDEBUG rally.task.utils [-] Waiting for resource . Status changed: CREATE_COMPLETE => UPDATE_COMPLETE in 0.095333814621
2020-03-23 21:17:46.033 3605 RALLYDEBUG rally.task.utils [-] Waiting for resource . Status changed: UPDATE_IN_PROGRESS => UPDATE_COMPLETE in 6.55990195274
2020-03-23 21:17:46.203 3605 RALLYDEBUG rally.task.utils [-] Waiting for resource . Status changed: CREATE_COMPLETE => UPDATE_COMPLETE in 0.0874829292297
2020-03-23 21:17:47.186 3606 RALLYDEBUG rally.task.utils [-] Waiting for resource . Status changed: UPDATE_COMPLETE => DELETE_IN_PROGRESS in 2.22951412201
2020-03-23 21:17:47.294 3605 RALLYDEBUG rally.task.utils [-] Waiting for resource . Status changed: UPDATE_COMPLETE => DELETE_IN_PROGRESS in 1.09123897552
2020-03-23 21:17:52.686 3606 INFO rally.task.runner [-] Task 537178fe-596f-43ac-b796-004b20c57d8d | ITER: 8 END: OK
2020-03-23 21:17:52.771 3605 INFO rally.task.runner [-] Task 537178fe-596f-43ac-b796-004b20c57d8d | ITER: 7 END: OK
2020-03-23 21:17:54.408 3603 RALLYDEBUG rally.task.utils [-] Waiting for resource . Status changed: CREATE_IN_PROGRESS => CREATE_COMPLETE in 5.57336616516
2020-03-23 21:17:57.821 3604 RALLYDEBUG rally.task.utils [-] Waiting for resource . Status changed: CREATE_IN_PROGRESS => CREATE_COMPLETE in 6.6948800087
2020-03-23 21:17:58.860 3603 RALLYDEBUG rally.task.utils [-] Waiting for resource . Status changed: CREATE_COMPLETE => UPDATE_IN_PROGRESS in 0.103739976883
2020-03-23 21:18:00.283 3604 RALLYDEBUG rally.task.utils [-] Waiting for resource . Status changed: CREATE_COMPLETE => UPDATE_IN_PROGRESS in 0.0974769592285
2020-03-23 21:18:01.052 3603 RALLYDEBUG rally.task.utils [-] Waiting for resource . Status changed: UPDATE_IN_PROGRESS => UPDATE_COMPLETE in 2.19211006165
2020-03-23 21:18:01.223 3603 RALLYDEBUG rally.task.utils [-] Waiting for resource . Status changed: CREATE_COMPLETE => UPDATE_COMPLETE in 0.0984690189362
2020-03-23 21:18:02.320 3603 RALLYDEBUG rally.task.utils [-] Waiting for resource . Status changed: UPDATE_COMPLETE => DELETE_IN_PROGRESS in 1.09689998627
2020-03-23 21:18:03.585 3604 RALLYDEBUG rally.task.utils [-] Waiting for resource . Status changed: UPDATE_IN_PROGRESS => UPDATE_COMPLETE in 3.3014190197
2020-03-23 21:18:03.743 3604 RALLYDEBUG rally.task.utils [-] Waiting for resource . Status changed: CREATE_COMPLETE => UPDATE_COMPLETE in 0.100785017014
2020-03-23 21:18:04.505 3603 INFO rally.task.runner [-] Task 537178fe-596f-43ac-b796-004b20c57d8d | ITER: 9 END: OK
2020-03-23 21:18:04.836 3604 INFO rally.task.runner [-] Task 537178fe-596f-43ac-b796-004b20c57d8d | ITER: 10 END: OK
2020-03-23 21:18:04.860 1809 INFO rally.task.context [-] Task 537178fe-596f-43ac-b796-004b20c57d8d | Context cleanup@openstack cleanup() started
2020-03-23 21:18:04.863 1809 RALLYDEBUG rally_openstack.cleanup.manager [-] Cleaning up heat stacks objects
2020-03-23 21:18:06.001 1809 RALLYDEBUG rally_openstack.cleanup.manager [-] Deleting heat.stacks object s_rally_462d8e44_s1sF7kWb (1ab8da93-c42c-4dda-85f3-4a37b926fae6)
2020-03-23 21:18:06.551 1809 ERROR rally_openstack.cleanup.manager [-] Resource deletion failed, max retries exceeded for heat.stacks: 1ab8da93-c42c-4dda-85f3-4a37b926fae6.: HTTPNotFound: ERROR: The Stack (s_rally_462d8e44_s1sF7kWb) could not be found.
2020-03-23 21:18:06.551 1809 ERROR rally_openstack.cleanup.manager
Traceback (most recent call last):
2020-03-23 21:18:06.551 1809 ERROR rally_openstack.cleanup.manager
File "/usr/lib/python2.7/site-packages/rally_openstack/cleanup/manager.py", line 85, in _delete_single_resource
2020-03-23 21:18:06.551 1809 ERROR rally_openstack.cleanup.manager rutils.retry(resource._max_attempts, resource.delete)
2020-03-23 21:18:06.551 1809 ERROR rally_openstack.cleanup.manager
File "/usr/lib/python2.7/site-packages/rally/common/utils.py", line 230, in retry
2020-03-23 21:18:06.551 1809 ERROR rally_openstack.cleanup.manager return func(*args, **kwargs)
2020-03-23 21:18:06.551 1809 ERROR rally_openstack.cleanup.manager
File "/usr/lib/python2.7/site-packages/rally_openstack/cleanup/base.py", line 129, in delete
2020-03-23 21:18:06.551 1809 ERROR rally_openstack.cleanup.manager self._manager().delete(self.id())
2020-03-23 21:18:06.551 1809 ERROR rally_openstack.cleanup.manager
File "/usr/lib/python2.7/site-packages/heatclient/v1/stacks.py", line 201, in delete
2020-03-23 21:18:06.551 1809 ERROR rally_openstack.cleanup.manager self._delete("/stacks/%s" % stack_id)
2020-03-23 21:18:06.551 1809 ERROR rally_openstack.cleanup.manager
File "/usr/lib/python2.7/site-packages/heatclient/common/base.py", line 207, in _delete
2020-03-23 21:18:06.551 1809 ERROR rally_openstack.cleanup.manager return self.client.delete(url)
2020-03-23 21:18:06.551 1809 ERROR rally_openstack.cleanup.manager
File "/usr/lib/python2.7/site-packages/keystoneauth1/adapter.py", line 343, in delete
2020-03-23 21:18:06.551 1809 ERROR rally_openstack.cleanup.manager return self.request(url, 'DELETE', **kwargs)
2020-03-23 21:18:06.551 1809 ERROR rally_openstack.cleanup.manager
File "/usr/lib/python2.7/site-packages/heatclient/common/http.py", line 323, in request
2020-03-23 21:18:06.551 1809 ERROR rally_openstack.cleanup.manager raise exc.from_response(resp)
2020-03-23 21:18:06.551 1809 ERROR rally_openstack.cleanup.manager HTTPNotFound: ERROR: The Stack (s_rally_462d8e44_s1sF7kWb) could not be found.
2020-03-23 21:18:06.551 1809 ERROR rally_openstack.cleanup.manager
2020-03-23 21:18:06.554 1809 INFO rally.task.context [-] Task 537178fe-596f-43ac-b796-004b20c57d8d | Context cleanup@openstack cleanup() finished in 1.69 sec
2020-03-23 21:18:06.554 1809 INFO rally.task.context [-] Task 537178fe-596f-43ac-b796-004b20c57d8d | Context roles@openstack cleanup() started
2020-03-23 21:18:06.555 1809 RALLYDEBUG rally_openstack.contexts.keystone.roles [-] Removing assigned role 3fe95cc3f9194bafb3ffdc7c7e40dd9a from all users
2020-03-23 21:18:07.688 1809 INFO rally.task.context [-] Task 537178fe-596f-43ac-b796-004b20c57d8d | Context roles@openstack cleanup() finished in 1.13 sec
2020-03-23 21:18:07.689 1809 INFO rally.task.context [-] Task 537178fe-596f-43ac-b796-004b20c57d8d | Context users@openstack cleanup() started
2020-03-23 21:18:12.913 1809 INFO rally.task.context [-] Task 537178fe-596f-43ac-b796-004b20c57d8d | Context users@openstack cleanup() finished in 5.22 sec
2020-03-23 21:18:13.010 1809 INFO rally.task.engine [-] Load duration is: 55.866503
2020-03-23 21:18:13.010 1809 INFO rally.task.engine [-] Full runner duration is: 59.913054
2020-03-23 21:18:13.010 1809 INFO rally.task.engine [-] Full duration is: 74.25109
2020-03-23 21:18:13.053 1809 INFO rally.task.engine [-] Running workload: position = 2 config = { "version": 2, "title": "A cropped version of a bigger task.", "description": "Auto-generated task from a single workload (uuid=17784196-ba13-42c3-aa4b-fe39b9430887)", "subtasks": [ { "title": "HeatStacks.create_update_delete_stack", "description": "Create, update and then delete a stack.", "scenario": { "HeatStacks.create_update_delete_stack": { "template_path": "/usr/lib/python2.7/site-packages/functest/opnfv_tests/openstack/rally/scenario/templates/resource_group.yaml.template", "updated_template_path": "/usr/lib/python2.7/site-packages/functest/opnfv_tests/openstack/rally/scenario/templates/updated_resource_group_increase.yaml.template" } }, "contexts": { "users": { "tenants": 3, "users_per_tenant": 2 }, "roles": [ "heat_stack_owner" ] }, "runner": { "constant": { "concurrency": 4, "times": 10 } }, "hooks": [], "sla": { "failure_rate": { "max": 0 } } } ] }
2020-03-23 21:18:13.078 1809 RALLYDEBUG rally_openstack.contexts.keystone.users [-] Creating 3 tenants using 20 threads
2020-03-23 21:18:13.524 1809 RALLYDEBUG rally_openstack.contexts.keystone.users [-] Creating 6 users using 20 threads
2020-03-23 21:18:17.984 1809 INFO rally.task.context [-] Task 537178fe-596f-43ac-b796-004b20c57d8d | Context users@openstack setup() finished in 4.91 sec
2020-03-23 21:18:21.261 1809 RALLYDEBUG rally_openstack.contexts.keystone.roles [-] Adding role heat_stack_owner having ID 3fe95cc3f9194bafb3ffdc7c7e40dd9a to all users using 30 threads
2020-03-23 21:18:26.936 1809 INFO rally.task.context [-] Task 537178fe-596f-43ac-b796-004b20c57d8d | Context roles@openstack setup() finished in 8.95 sec
2020-03-23 21:18:26.937 1809 INFO rally.task.context [-] Task 537178fe-596f-43ac-b796-004b20c57d8d | Context cleanup@openstack setup() finished in 0.01 msec
2020-03-23 21:18:26.946 1809 RALLYDEBUG rally.task.runner [-] Starting the constant runner (task UUID: 537178fe-596f-43ac-b796-004b20c57d8d). timeout: 0 concurrency: 4 concurrency_per_worker: 1 times: 10 concurrency_overhead: 0 processes_to_start: 4 max_cpu_used: 88
2020-03-23 21:18:26.959 3787 RALLYDEBUG rally.task.runner [-] Starting a worker. concurrency: 1 args: {"template_path": "heat_template_version: 2014-10-16\n\ndescription: Test template for rally create-update-delete scenario\n\nresources:\n test_group:\n type: OS::Heat::ResourceGroup\n properties:\n count: 2\n resource_def:\n type: OS::Heat::RandomString\n properties:\n length: 20", "updated_template_path": "heat_template_version: 2014-10-16\n\ndescription: >\n Test template for create-update-delete-stack scenario in rally.\n The template updates one resource from the stack defined by resource_group.yaml.template\n and adds children resources to that resource.\n\nresources:\n test_group:\n type: OS::Heat::ResourceGroup\n properties:\n count: 3\n resource_def:\n type: OS::Heat::RandomString\n properties:\n length: 20"} times: 10 method_name: run timeout: 0 duration: None cls:
2020-03-23 21:18:26.962 3788 RALLYDEBUG rally.task.runner [-] Starting a worker. concurrency: 1 args: {"template_path": "heat_template_version: 2014-10-16\n\ndescription: Test template for rally create-update-delete scenario\n\nresources:\n test_group:\n type: OS::Heat::ResourceGroup\n properties:\n count: 2\n resource_def:\n type: OS::Heat::RandomString\n properties:\n length: 20", "updated_template_path": "heat_template_version: 2014-10-16\n\ndescription: >\n Test template for create-update-delete-stack scenario in rally.\n The template updates one resource from the stack defined by resource_group.yaml.template\n and adds children resources to that resource.\n\nresources:\n test_group:\n type: OS::Heat::ResourceGroup\n properties:\n count: 3\n resource_def:\n type: OS::Heat::RandomString\n properties:\n length: 20"} times: 10 method_name: run timeout: 0 duration: None cls:
2020-03-23 21:18:26.966 3787 INFO rally.task.runner [-] Task 537178fe-596f-43ac-b796-004b20c57d8d | ITER: 1 START
2020-03-23 21:18:26.968 3790 RALLYDEBUG rally.task.runner [-] Starting a worker. concurrency: 1 args: {"template_path": "heat_template_version: 2014-10-16\n\ndescription: Test template for rally create-update-delete scenario\n\nresources:\n test_group:\n type: OS::Heat::ResourceGroup\n properties:\n count: 2\n resource_def:\n type: OS::Heat::RandomString\n properties:\n length: 20", "updated_template_path": "heat_template_version: 2014-10-16\n\ndescription: >\n Test template for create-update-delete-stack scenario in rally.\n The template updates one resource from the stack defined by resource_group.yaml.template\n and adds children resources to that resource.\n\nresources:\n test_group:\n type: OS::Heat::ResourceGroup\n properties:\n count: 3\n resource_def:\n type: OS::Heat::RandomString\n properties:\n length: 20"} times: 10 method_name: run timeout: 0 duration: None cls:
2020-03-23 21:18:26.969 3788 INFO rally.task.runner [-] Task 537178fe-596f-43ac-b796-004b20c57d8d | ITER: 2 START
2020-03-23 21:18:26.969 3789 RALLYDEBUG rally.task.runner [-] Starting a worker. concurrency: 1 args: {"template_path": "heat_template_version: 2014-10-16\n\ndescription: Test template for rally create-update-delete scenario\n\nresources:\n test_group:\n type: OS::Heat::ResourceGroup\n properties:\n count: 2\n resource_def:\n type: OS::Heat::RandomString\n properties:\n length: 20", "updated_template_path": "heat_template_version: 2014-10-16\n\ndescription: >\n Test template for create-update-delete-stack scenario in rally.\n The template updates one resource from the stack defined by resource_group.yaml.template\n and adds children resources to that resource.\n\nresources:\n test_group:\n type: OS::Heat::ResourceGroup\n properties:\n count: 3\n resource_def:\n type: OS::Heat::RandomString\n properties:\n length: 20"} times: 10 method_name: run timeout: 0 duration: None cls:
2020-03-23 21:18:26.976 3789 INFO rally.task.runner [-] Task 537178fe-596f-43ac-b796-004b20c57d8d | ITER: 4 START
2020-03-23 21:18:26.976 3790 INFO rally.task.runner [-] Task 537178fe-596f-43ac-b796-004b20c57d8d | ITER: 3 START
2020-03-23 21:18:41.491 3788 RALLYDEBUG rally.task.utils [-] Waiting for resource . Status changed: CREATE_IN_PROGRESS => CREATE_COMPLETE in 11.0485310555
2020-03-23 21:18:41.778 3789 RALLYDEBUG rally.task.utils [-] Waiting for resource . Status changed: CREATE_IN_PROGRESS => CREATE_COMPLETE in 10.0278580189
2020-03-23 21:18:41.806 3790 RALLYDEBUG rally.task.utils [-] Waiting for resource . Status changed: CREATE_IN_PROGRESS => CREATE_COMPLETE in 11.0553030968
2020-03-23 21:18:41.929 3787 RALLYDEBUG rally.task.utils [-] Waiting for resource . Status changed: CREATE_IN_PROGRESS => CREATE_COMPLETE in 11.016700983
2020-03-23 21:18:43.903 3788 RALLYDEBUG rally.task.utils [-] Waiting for resource . Status changed: CREATE_COMPLETE => UPDATE_IN_PROGRESS in 0.0869271755219
2020-03-23 21:18:44.595 3789 RALLYDEBUG rally.task.utils [-] Waiting for resource . Status changed: CREATE_COMPLETE => UPDATE_IN_PROGRESS in 0.0877919197083
2020-03-23 21:18:44.732 3790 RALLYDEBUG rally.task.utils [-] Waiting for resource . Status changed: CREATE_COMPLETE => UPDATE_IN_PROGRESS in 0.0954120159149
2020-03-23 21:18:45.045 3787 RALLYDEBUG rally.task.utils [-] Waiting for resource . Status changed: CREATE_COMPLETE => UPDATE_IN_PROGRESS in 0.0918200016022
2020-03-23 21:18:50.565 3788 RALLYDEBUG rally.task.utils [-] Waiting for resource . Status changed: UPDATE_IN_PROGRESS => UPDATE_COMPLETE in 6.66280984879
2020-03-23 21:18:50.724 3788 RALLYDEBUG rally.task.utils [-] Waiting for resource . Status changed: CREATE_COMPLETE => UPDATE_COMPLETE in 0.102230072021
2020-03-23 21:18:51.813 3788 RALLYDEBUG rally.task.utils [-] Waiting for resource . Status changed: UPDATE_COMPLETE => DELETE_IN_PROGRESS in 1.08947587013
2020-03-23 21:18:55.646 3790 RALLYDEBUG rally.task.utils [-] Waiting for resource . Status changed: UPDATE_IN_PROGRESS => UPDATE_COMPLETE in 10.9136900902
2020-03-23 21:18:55.800 3790 RALLYDEBUG rally.task.utils [-] Waiting for resource . Status changed: CREATE_COMPLETE => UPDATE_COMPLETE in 0.0877888202667
2020-03-23 21:18:56.016 3787 RALLYDEBUG rally.task.utils [-] Waiting for resource . Status changed: UPDATE_IN_PROGRESS => UPDATE_COMPLETE in 10.9705789089
2020-03-23 21:18:56.179 3787 RALLYDEBUG rally.task.utils [-] Waiting for resource . Status changed: CREATE_COMPLETE => UPDATE_COMPLETE in 0.0879678726196
2020-03-23 21:18:56.648 3789 RALLYDEBUG rally.task.utils [-] Waiting for resource . Status changed: UPDATE_IN_PROGRESS => UPDATE_COMPLETE in 12.0529181957
2020-03-23 21:18:56.803 3789 RALLYDEBUG rally.task.utils [-] Waiting for resource . Status changed: CREATE_COMPLETE => UPDATE_COMPLETE in 0.0900099277496
2020-03-23 21:18:56.894 3790 RALLYDEBUG rally.task.utils [-] Waiting for resource . Status changed: UPDATE_COMPLETE => DELETE_IN_PROGRESS in 1.09387016296
2020-03-23 21:18:57.276 3787 RALLYDEBUG rally.task.utils [-] Waiting for resource . Status changed: UPDATE_COMPLETE => DELETE_IN_PROGRESS in 1.09726500511
2020-03-23 21:18:57.912 3789 RALLYDEBUG rally.task.utils [-] Waiting for resource . Status changed: UPDATE_COMPLETE => DELETE_IN_PROGRESS in 1.1092209816
2020-03-23 21:19:01.675 3788 INFO rally.task.runner [-] Task 537178fe-596f-43ac-b796-004b20c57d8d | ITER: 2 END: OK
2020-03-23 21:19:01.683 3788 INFO rally.task.runner [-] Task 537178fe-596f-43ac-b796-004b20c57d8d | ITER: 5 START
2020-03-23 21:19:09.047 3790 INFO rally.task.runner [-] Task 537178fe-596f-43ac-b796-004b20c57d8d | ITER: 3 END: OK
2020-03-23 21:19:09.053 3790 INFO rally.task.runner [-] Task 537178fe-596f-43ac-b796-004b20c57d8d | ITER: 6 START
2020-03-23 21:19:09.405 3787 INFO rally.task.runner [-] Task 537178fe-596f-43ac-b796-004b20c57d8d | ITER: 1 END: OK
2020-03-23 21:19:09.413 3787 INFO rally.task.runner [-] Task 537178fe-596f-43ac-b796-004b20c57d8d | ITER: 7 START
2020-03-23 21:19:11.179 3789 INFO rally.task.runner [-] Task 537178fe-596f-43ac-b796-004b20c57d8d | ITER: 4 END: OK
2020-03-23 21:19:11.185 3789 INFO rally.task.runner [-] Task 537178fe-596f-43ac-b796-004b20c57d8d | ITER: 8 START
2020-03-23 21:19:21.245 3788 RALLYDEBUG rally.task.utils [-] Waiting for resource . Status changed: CREATE_IN_PROGRESS => CREATE_COMPLETE in 12.1389050484
2020-03-23 21:19:23.707 3788 RALLYDEBUG rally.task.utils [-] Waiting for resource . Status changed: CREATE_COMPLETE => UPDATE_IN_PROGRESS in 0.0863809585571
2020-03-23 21:19:26.759 3787 RALLYDEBUG rally.task.utils [-] Waiting for resource . Status changed: CREATE_IN_PROGRESS => CREATE_COMPLETE in 8.86271595955
2020-03-23 21:19:26.883 3790 RALLYDEBUG rally.task.utils [-] Waiting for resource . Status changed: CREATE_IN_PROGRESS => CREATE_COMPLETE in 11.0597560406
2020-03-23 21:19:27.537 3789 RALLYDEBUG rally.task.utils [-] Waiting for resource . Status changed: CREATE_IN_PROGRESS => CREATE_COMPLETE in 9.97203207016
2020-03-23 21:19:29.420 3787 RALLYDEBUG rally.task.utils [-] Waiting for resource . Status changed: CREATE_COMPLETE => UPDATE_IN_PROGRESS in 0.100629091263
2020-03-23 21:19:29.535 3790 RALLYDEBUG rally.task.utils [-] Waiting for resource . Status changed: CREATE_COMPLETE => UPDATE_IN_PROGRESS in 0.0883598327637
2020-03-23 21:19:30.141 3789 RALLYDEBUG rally.task.utils [-] Waiting for resource . Status changed: CREATE_COMPLETE => UPDATE_IN_PROGRESS in 0.0906329154968
2020-03-23 21:19:33.591 3788 RALLYDEBUG rally.task.utils [-] Waiting for resource . Status changed: UPDATE_IN_PROGRESS => UPDATE_COMPLETE in 9.88435912132
2020-03-23 21:19:33.744 3788 RALLYDEBUG rally.task.utils [-] Waiting for resource . Status changed: CREATE_COMPLETE => DELETE_IN_PROGRESS in 0.0906779766083
2020-03-23 21:19:39.358 3790 RALLYDEBUG rally.task.utils [-] Waiting for resource . Status changed: UPDATE_IN_PROGRESS => UPDATE_COMPLETE in 9.82274413109
2020-03-23 21:19:39.507 3790 RALLYDEBUG rally.task.utils [-] Waiting for resource . Status changed: CREATE_COMPLETE => UPDATE_COMPLETE in 0.090912103653
2020-03-23 21:19:40.608 3790 RALLYDEBUG rally.task.utils [-] Waiting for resource . Status changed: UPDATE_COMPLETE => DELETE_IN_PROGRESS in 1.10084795952
2020-03-23 21:19:42.559 3787 RALLYDEBUG rally.task.utils [-] Waiting for resource . Status changed: UPDATE_IN_PROGRESS => UPDATE_COMPLETE in 13.1399319172
2020-03-23 21:19:42.707 3787 RALLYDEBUG rally.task.utils [-] Waiting for resource . Status changed: CREATE_COMPLETE => UPDATE_COMPLETE in 0.0896179676056
2020-03-23 21:19:43.294 3789 RALLYDEBUG rally.task.utils [-] Waiting for resource . Status changed: UPDATE_IN_PROGRESS => UPDATE_COMPLETE in 13.1534051895
2020-03-23 21:19:43.443 3789 RALLYDEBUG rally.task.utils [-] Waiting for resource . Status changed: CREATE_COMPLETE => UPDATE_COMPLETE in 0.0933470726013
2020-03-23 21:19:43.792 3787 RALLYDEBUG rally.task.utils [-] Waiting for resource . Status changed: UPDATE_COMPLETE => DELETE_IN_PROGRESS in 1.08537197113
2020-03-23 21:19:44.531 3789 RALLYDEBUG rally.task.utils [-] Waiting for resource . Status changed: UPDATE_COMPLETE => DELETE_IN_PROGRESS in 1.08765101433
2020-03-23 21:19:45.802 3788 INFO rally.task.runner [-] Task 537178fe-596f-43ac-b796-004b20c57d8d | ITER: 5 END: OK
2020-03-23 21:19:45.807 3788 INFO rally.task.runner [-] Task 537178fe-596f-43ac-b796-004b20c57d8d | ITER: 9 START
2020-03-23 21:19:54.838 3790 INFO rally.task.runner [-] Task 537178fe-596f-43ac-b796-004b20c57d8d | ITER: 6 END: OK
2020-03-23 21:19:54.845 3790 INFO rally.task.runner [-] Task 537178fe-596f-43ac-b796-004b20c57d8d | ITER: 10 START
2020-03-23 21:19:58.031 3787 INFO rally.task.runner [-] Task 537178fe-596f-43ac-b796-004b20c57d8d | ITER: 7 END: OK
2020-03-23 21:19:58.752 3789 INFO rally.task.runner [-] Task 537178fe-596f-43ac-b796-004b20c57d8d | ITER: 8 END: OK
2020-03-23 21:20:02.788 3788 RALLYDEBUG rally.task.utils [-] Waiting for resource . Status changed: CREATE_IN_PROGRESS => CREATE_COMPLETE in 9.92313480377
2020-03-23 21:20:06.527 3788 RALLYDEBUG rally.task.utils [-] Waiting for resource . Status changed: CREATE_COMPLETE => UPDATE_IN_PROGRESS in 0.0836908817291
2020-03-23 21:20:08.756 3790 RALLYDEBUG rally.task.utils [-] Waiting for resource . Status changed: CREATE_IN_PROGRESS => CREATE_COMPLETE in 8.88861703873
2020-03-23 21:20:11.455 3790 RALLYDEBUG rally.task.utils [-] Waiting for resource . Status changed: CREATE_COMPLETE => UPDATE_IN_PROGRESS in 0.111609220505
2020-03-23 21:20:12.022 3788 RALLYDEBUG rally.task.utils [-] Waiting for resource . Status changed: UPDATE_IN_PROGRESS => UPDATE_COMPLETE in 5.4951980114
2020-03-23 21:20:12.178 3788 RALLYDEBUG rally.task.utils [-] Waiting for resource . Status changed: CREATE_COMPLETE => UPDATE_COMPLETE in 0.0924201011658
2020-03-23 21:20:13.275 3788 RALLYDEBUG rally.task.utils [-] Waiting for resource . Status changed: UPDATE_COMPLETE => DELETE_IN_PROGRESS in 1.09635901451
2020-03-23 21:20:16.925 3790 RALLYDEBUG rally.task.utils [-] Waiting for resource . Status changed: UPDATE_IN_PROGRESS => UPDATE_COMPLETE in 5.46930480003
2020-03-23 21:20:17.078 3790 RALLYDEBUG rally.task.utils [-] Waiting for resource . Status changed: CREATE_COMPLETE => UPDATE_COMPLETE in 0.0976479053497
2020-03-23 21:20:18.159 3790 RALLYDEBUG rally.task.utils [-] Waiting for resource . Status changed: UPDATE_COMPLETE => DELETE_IN_PROGRESS in 1.08179116249
2020-03-23 21:20:20.963 3788 INFO rally.task.runner [-] Task 537178fe-596f-43ac-b796-004b20c57d8d | ITER: 9 END: OK
2020-03-23 21:20:25.813 3790 INFO rally.task.runner [-] Task 537178fe-596f-43ac-b796-004b20c57d8d | ITER: 10 END: OK
2020-03-23 21:20:25.836 1809 INFO rally.task.context [-] Task 537178fe-596f-43ac-b796-004b20c57d8d | Context cleanup@openstack cleanup() started
2020-03-23 21:20:25.840 1809 RALLYDEBUG rally_openstack.cleanup.manager [-] Cleaning up heat stacks objects
2020-03-23 21:20:26.877 1809 INFO rally.task.context [-] Task 537178fe-596f-43ac-b796-004b20c57d8d | Context cleanup@openstack cleanup() finished in 1.04 sec
2020-03-23 21:20:26.878 1809 INFO rally.task.context [-] Task 537178fe-596f-43ac-b796-004b20c57d8d | Context roles@openstack cleanup() started
2020-03-23 21:20:26.878 1809 RALLYDEBUG rally_openstack.contexts.keystone.roles [-] Removing assigned role 3fe95cc3f9194bafb3ffdc7c7e40dd9a from all users
2020-03-23 21:20:27.987 1809 INFO rally.task.context [-] Task 537178fe-596f-43ac-b796-004b20c57d8d | Context roles@openstack cleanup() finished in 1.11 sec
2020-03-23 21:20:27.988 1809 INFO rally.task.context [-] Task 537178fe-596f-43ac-b796-004b20c57d8d | Context users@openstack cleanup() started
2020-03-23 21:20:35.110 1809 INFO rally.task.context [-] Task 537178fe-596f-43ac-b796-004b20c57d8d | Context users@openstack cleanup() finished in 7.12 sec
2020-03-23 21:20:35.652 1809 INFO rally.task.engine [-] Load duration is: 114.845466
2020-03-23 21:20:35.653 1809 INFO rally.task.engine [-] Full runner duration is: 118.890209
2020-03-23 21:20:35.653 1809 INFO rally.task.engine [-] Full duration is: 142.036557
2020-03-23 21:20:35.698 1809 INFO rally.task.engine [-] Running workload: position = 3 config = { "version": 2, "title": "A cropped version of a bigger task.", "description": "Auto-generated task from a single workload (uuid=58a0b8b2-011f-4207-8938-245dbcdbe6cb)", "subtasks": [ { "title": "HeatStacks.create_update_delete_stack", "description": "Create, update and then delete a stack.", "scenario": { "HeatStacks.create_update_delete_stack": { "template_path": "/usr/lib/python2.7/site-packages/functest/opnfv_tests/openstack/rally/scenario/templates/autoscaling_policy.yaml.template", "updated_template_path": "/usr/lib/python2.7/site-packages/functest/opnfv_tests/openstack/rally/scenario/templates/updated_autoscaling_policy_inplace.yaml.template" } }, "contexts": { "users": { "tenants": 3, "users_per_tenant": 2 }, "roles": [ "heat_stack_owner" ] }, "runner": { "constant": { "concurrency": 4, "times": 10 } }, "hooks": [], "sla": { "failure_rate": { "max": 0 } } } ] }
2020-03-23 21:20:35.722 1809 RALLYDEBUG rally_openstack.contexts.keystone.users [-] Creating 3 tenants using 20 threads
2020-03-23 21:20:36.333 1809 RALLYDEBUG rally_openstack.contexts.keystone.users [-] Creating 6 users using 20 threads
2020-03-23 21:20:37.294 1809 INFO rally.task.context [-] Task 537178fe-596f-43ac-b796-004b20c57d8d | Context users@openstack setup() finished in 1.57 sec
2020-03-23 21:20:37.574 1809 RALLYDEBUG rally_openstack.contexts.keystone.roles [-] Adding role heat_stack_owner having ID 3fe95cc3f9194bafb3ffdc7c7e40dd9a to all users using 30 threads
2020-03-23 21:20:39.642 1809 INFO rally.task.context [-] Task 537178fe-596f-43ac-b796-004b20c57d8d | Context roles@openstack setup() finished in 2.35 sec
2020-03-23 21:20:39.642 1809 INFO rally.task.context [-] Task 537178fe-596f-43ac-b796-004b20c57d8d | Context cleanup@openstack setup() finished in 0.01 msec
2020-03-23 21:20:39.652 1809 RALLYDEBUG rally.task.runner [-] Starting the constant runner (task UUID: 537178fe-596f-43ac-b796-004b20c57d8d). timeout: 0 concurrency: 4 concurrency_per_worker: 1 times: 10 concurrency_overhead: 0 processes_to_start: 4 max_cpu_used: 88
2020-03-23 21:20:39.665 3971 RALLYDEBUG rally.task.runner [-] Starting a worker. concurrency: 1 args: {"template_path": "heat_template_version: 2013-05-23\n\nresources:\n test_group:\n type: OS::Heat::AutoScalingGroup\n properties:\n desired_capacity: 0\n max_size: 0\n min_size: 0\n resource:\n type: OS::Heat::RandomString\n test_policy:\n type: OS::Heat::ScalingPolicy\n properties:\n adjustment_type: change_in_capacity\n auto_scaling_group_id: { get_resource: test_group }\n scaling_adjustment: 1", "updated_template_path": "heat_template_version: 2013-05-23\n\ndescription: >\n Test template for create-update-delete-stack scenario in rally.\n The template updates resource parameters without resource re-creation(replacement)\n in the stack defined by autoscaling_policy.yaml.template. It allows to measure\n performance of \"pure\" resource update operation only.\n\nresources:\n test_group:\n type: OS::Heat::AutoScalingGroup\n properties:\n desired_capacity: 0\n max_size: 0\n min_size: 0\n resource:\n type: OS::Heat::RandomString\n test_policy:\n type: OS::Heat::ScalingPolicy\n properties:\n adjustment_type: change_in_capacity\n auto_scaling_group_id: { get_resource: test_group }\n scaling_adjustment: -1"} times: 10 method_name: run timeout: 0 duration: None cls:
2020-03-23 21:20:39.668 3972 RALLYDEBUG rally.task.runner [-] Starting a worker. concurrency: 1 args: {"template_path": "heat_template_version: 2013-05-23\n\nresources:\n test_group:\n type: OS::Heat::AutoScalingGroup\n properties:\n desired_capacity: 0\n max_size: 0\n min_size: 0\n resource:\n type: OS::Heat::RandomString\n test_policy:\n type: OS::Heat::ScalingPolicy\n properties:\n adjustment_type: change_in_capacity\n auto_scaling_group_id: { get_resource: test_group }\n scaling_adjustment: 1", "updated_template_path": "heat_template_version: 2013-05-23\n\ndescription: >\n Test template for create-update-delete-stack scenario in rally.\n The template updates resource parameters without resource re-creation(replacement)\n in the stack defined by autoscaling_policy.yaml.template. It allows to measure\n performance of \"pure\" resource update operation only.\n\nresources:\n test_group:\n type: OS::Heat::AutoScalingGroup\n properties:\n desired_capacity: 0\n max_size: 0\n min_size: 0\n resource:\n type: OS::Heat::RandomString\n test_policy:\n type: OS::Heat::ScalingPolicy\n properties:\n adjustment_type: change_in_capacity\n auto_scaling_group_id: { get_resource: test_group }\n scaling_adjustment: -1"} times: 10 method_name: run timeout: 0 duration: None cls:
2020-03-23 21:20:39.671 3973 RALLYDEBUG rally.task.runner [-] Starting a worker. concurrency: 1 args: {"template_path": "heat_template_version: 2013-05-23\n\nresources:\n test_group:\n type: OS::Heat::AutoScalingGroup\n properties:\n desired_capacity: 0\n max_size: 0\n min_size: 0\n resource:\n type: OS::Heat::RandomString\n test_policy:\n type: OS::Heat::ScalingPolicy\n properties:\n adjustment_type: change_in_capacity\n auto_scaling_group_id: { get_resource: test_group }\n scaling_adjustment: 1", "updated_template_path": "heat_template_version: 2013-05-23\n\ndescription: >\n Test template for create-update-delete-stack scenario in rally.\n The template updates resource parameters without resource re-creation(replacement)\n in the stack defined by autoscaling_policy.yaml.template. It allows to measure\n performance of \"pure\" resource update operation only.\n\nresources:\n test_group:\n type: OS::Heat::AutoScalingGroup\n properties:\n desired_capacity: 0\n max_size: 0\n min_size: 0\n resource:\n type: OS::Heat::RandomString\n test_policy:\n type: OS::Heat::ScalingPolicy\n properties:\n adjustment_type: change_in_capacity\n auto_scaling_group_id: { get_resource: test_group }\n scaling_adjustment: -1"} times: 10 method_name: run timeout: 0 duration: None cls:
2020-03-23 21:20:39.672 3971 INFO rally.task.runner [-] Task 537178fe-596f-43ac-b796-004b20c57d8d | ITER: 1 START
2020-03-23 21:20:39.674 3974 RALLYDEBUG rally.task.runner [-] Starting a worker. concurrency: 1 args: {"template_path": "heat_template_version: 2013-05-23\n\nresources:\n test_group:\n type: OS::Heat::AutoScalingGroup\n properties:\n desired_capacity: 0\n max_size: 0\n min_size: 0\n resource:\n type: OS::Heat::RandomString\n test_policy:\n type: OS::Heat::ScalingPolicy\n properties:\n adjustment_type: change_in_capacity\n auto_scaling_group_id: { get_resource: test_group }\n scaling_adjustment: 1", "updated_template_path": "heat_template_version: 2013-05-23\n\ndescription: >\n Test template for create-update-delete-stack scenario in rally.\n The template updates resource parameters without resource re-creation(replacement)\n in the stack defined by autoscaling_policy.yaml.template. It allows to measure\n performance of \"pure\" resource update operation only.\n\nresources:\n test_group:\n type: OS::Heat::AutoScalingGroup\n properties:\n desired_capacity: 0\n max_size: 0\n min_size: 0\n resource:\n type: OS::Heat::RandomString\n test_policy:\n type: OS::Heat::ScalingPolicy\n properties:\n adjustment_type: change_in_capacity\n auto_scaling_group_id: { get_resource: test_group }\n scaling_adjustment: -1"} times: 10 method_name: run timeout: 0 duration: None cls:
2020-03-23 21:20:39.675 3972 INFO rally.task.runner [-] Task 537178fe-596f-43ac-b796-004b20c57d8d | ITER: 2 START
2020-03-23 21:20:39.679 3973 INFO rally.task.runner [-] Task 537178fe-596f-43ac-b796-004b20c57d8d | ITER: 3 START
2020-03-23 21:20:39.681 3974 INFO rally.task.runner [-] Task 537178fe-596f-43ac-b796-004b20c57d8d | ITER: 4 START
2020-03-23 21:20:49.760 3973 RALLYDEBUG rally.task.utils [-] Waiting for resource . Status changed: CREATE_IN_PROGRESS => CREATE_COMPLETE in 4.46600008011
2020-03-23 21:20:52.220 3973 RALLYDEBUG rally.task.utils [-] Waiting for resource . Status changed: CREATE_COMPLETE => UPDATE_IN_PROGRESS in 0.0838239192963
2020-03-23 21:20:52.976 3972 RALLYDEBUG rally.task.utils [-] Waiting for resource . Status changed: CREATE_IN_PROGRESS => CREATE_COMPLETE in 7.74317002296
2020-03-23 21:20:53.419 3974 RALLYDEBUG rally.task.utils [-] Waiting for resource . Status changed: CREATE_IN_PROGRESS => CREATE_COMPLETE in 9.97817802429
2020-03-23 21:20:57.668 3972 RALLYDEBUG rally.task.utils [-] Waiting for resource . Status changed: CREATE_COMPLETE => UPDATE_IN_PROGRESS in 0.0919110774994
2020-03-23 21:20:57.700 3974 RALLYDEBUG rally.task.utils [-] Waiting for resource . Status changed: CREATE_COMPLETE => UPDATE_IN_PROGRESS in 0.0923480987549
2020-03-23 21:20:59.872 3973 RALLYDEBUG rally.task.utils [-] Waiting for resource . Status changed: UPDATE_IN_PROGRESS => UPDATE_COMPLETE in 7.65166807175
2020-03-23 21:21:00.032 3973 RALLYDEBUG rally.task.utils [-] Waiting for resource . Status changed: CREATE_COMPLETE => UPDATE_COMPLETE in 0.0828900337219
2020-03-23 21:21:01.126 3973 RALLYDEBUG rally.task.utils [-] Waiting for resource . Status changed: UPDATE_COMPLETE => DELETE_IN_PROGRESS in 1.09371089935
2020-03-23 21:21:02.891 3971 RALLYDEBUG rally.task.utils [-] Waiting for resource . Status changed: CREATE_IN_PROGRESS => CREATE_COMPLETE in 8.97731494904
2020-03-23 21:21:04.242 3972 RALLYDEBUG rally.task.utils [-] Waiting for resource . Status changed: UPDATE_IN_PROGRESS => UPDATE_COMPLETE in 6.57425689697
2020-03-23 21:21:04.250 3974 RALLYDEBUG rally.task.utils [-] Waiting for resource . Status changed: UPDATE_IN_PROGRESS => UPDATE_COMPLETE in 6.54997205734
2020-03-23 21:21:04.396 3974 RALLYDEBUG rally.task.utils [-] Waiting for resource . Status changed: CREATE_COMPLETE => UPDATE_COMPLETE in 0.0865459442139
2020-03-23 21:21:04.405 3972 RALLYDEBUG rally.task.utils [-] Waiting for resource . Status changed: CREATE_COMPLETE => UPDATE_COMPLETE in 0.0905010700226
2020-03-23 21:21:05.487 3974 RALLYDEBUG rally.task.utils [-] Waiting for resource . Status changed: UPDATE_COMPLETE => DELETE_IN_PROGRESS in 1.09171009064
2020-03-23 21:21:05.495 3972 RALLYDEBUG rally.task.utils [-] Waiting for resource . Status changed: UPDATE_COMPLETE => DELETE_IN_PROGRESS in 1.08945798874
2020-03-23 21:21:05.928 3971 RALLYDEBUG rally.task.utils [-] Waiting for resource . Status changed: CREATE_COMPLETE => UPDATE_IN_PROGRESS in 0.0961821079254
2020-03-23 21:21:13.181 3973 INFO rally.task.runner [-] Task 537178fe-596f-43ac-b796-004b20c57d8d | ITER: 3 END: OK
2020-03-23 21:21:13.189 3973 INFO rally.task.runner [-] Task 537178fe-596f-43ac-b796-004b20c57d8d | ITER: 5 START
2020-03-23 21:21:20.227 3971 RALLYDEBUG rally.task.utils [-] Waiting for resource . Status changed: UPDATE_IN_PROGRESS => UPDATE_COMPLETE in 14.2981798649
2020-03-23 21:21:20.401 3971 RALLYDEBUG rally.task.utils [-] Waiting for resource . Status changed: CREATE_COMPLETE => UPDATE_COMPLETE in 0.0953969955444
2020-03-23 21:21:20.873 3972 INFO rally.task.runner [-] Task 537178fe-596f-43ac-b796-004b20c57d8d | ITER: 2 END: OK
2020-03-23 21:21:20.880 3972 INFO rally.task.runner [-] Task 537178fe-596f-43ac-b796-004b20c57d8d | ITER: 6 START
2020-03-23 21:21:20.889 3974 INFO rally.task.runner [-] Task 537178fe-596f-43ac-b796-004b20c57d8d | ITER: 4 END: OK
2020-03-23 21:21:20.897 3974 INFO rally.task.runner [-] Task 537178fe-596f-43ac-b796-004b20c57d8d | ITER: 7 START
2020-03-23 21:21:21.496 3971 RALLYDEBUG rally.task.utils [-] Waiting for resource . Status changed: UPDATE_COMPLETE => DELETE_IN_PROGRESS in 1.09467601776
2020-03-23 21:21:26.892 3973 RALLYDEBUG rally.task.utils [-] Waiting for resource . Status changed: CREATE_IN_PROGRESS => CREATE_COMPLETE in 6.66229200363
2020-03-23 21:21:30.270 3971 INFO rally.task.runner [-] Task 537178fe-596f-43ac-b796-004b20c57d8d | ITER: 1 END: OK
2020-03-23 21:21:30.277 3971 INFO rally.task.runner [-] Task 537178fe-596f-43ac-b796-004b20c57d8d | ITER: 8 START
2020-03-23 21:21:30.998 3973 RALLYDEBUG rally.task.utils [-] Waiting for resource . Status changed: CREATE_COMPLETE => UPDATE_IN_PROGRESS in 0.093777179718
2020-03-23 21:21:33.477 3972 RALLYDEBUG rally.task.utils [-] Waiting for resource . Status changed: CREATE_IN_PROGRESS => CREATE_COMPLETE in 7.77613997459
2020-03-23 21:21:34.000 3974 RALLYDEBUG rally.task.utils [-] Waiting for resource . Status changed: CREATE_IN_PROGRESS => CREATE_COMPLETE in 7.78024101257
2020-03-23 21:21:36.092 3972 RALLYDEBUG rally.task.utils [-] Waiting for resource . Status changed: CREATE_COMPLETE => UPDATE_IN_PROGRESS in 0.0777761936188
2020-03-23 21:21:36.443 3973 RALLYDEBUG rally.task.utils [-] Waiting for resource . Status changed: UPDATE_IN_PROGRESS => UPDATE_COMPLETE in 5.44572591782
2020-03-23 21:21:36.592 3973 RALLYDEBUG rally.task.utils [-] Waiting for resource . Status changed: CREATE_COMPLETE => UPDATE_COMPLETE in 0.0842280387878
2020-03-23 21:21:37.056 3974 RALLYDEBUG rally.task.utils [-] Waiting for resource . Status changed: CREATE_COMPLETE => UPDATE_IN_PROGRESS in 0.0860590934753
2020-03-23 21:21:37.690 3973 RALLYDEBUG rally.task.utils [-] Waiting for resource . Status changed: UPDATE_COMPLETE => DELETE_IN_PROGRESS in 1.09771895409
2020-03-23 21:21:38.248 3971 RALLYDEBUG rally.task.utils [-] Waiting for resource . Status changed: CREATE_IN_PROGRESS => CREATE_COMPLETE in 3.40910387039
2020-03-23 21:21:41.008 3971 RALLYDEBUG rally.task.utils [-] Waiting for resource . Status changed: CREATE_COMPLETE => UPDATE_IN_PROGRESS in 0.0811738967896
2020-03-23 21:21:41.556 3972 RALLYDEBUG rally.task.utils [-] Waiting for resource . Status changed: UPDATE_IN_PROGRESS => UPDATE_COMPLETE in 5.46464586258
2020-03-23 21:21:41.703 3972 RALLYDEBUG rally.task.utils [-] Waiting for resource . Status changed: CREATE_COMPLETE => UPDATE_COMPLETE in 0.0774447917938
2020-03-23 21:21:42.797 3972 RALLYDEBUG rally.task.utils [-] Waiting for resource . Status changed: UPDATE_COMPLETE => DELETE_IN_PROGRESS in 1.09398198128
2020-03-23 21:21:43.617 3974 RALLYDEBUG rally.task.utils [-] Waiting for resource . Status changed: UPDATE_IN_PROGRESS => UPDATE_COMPLETE in 6.56041502953
2020-03-23 21:21:43.768 3974 RALLYDEBUG rally.task.utils [-] Waiting for resource . Status changed: CREATE_COMPLETE => UPDATE_COMPLETE in 0.0815188884735
2020-03-23 21:21:44.860 3974 RALLYDEBUG rally.task.utils [-] Waiting for resource . Status changed: UPDATE_COMPLETE => DELETE_IN_PROGRESS in 1.09238505363
2020-03-23 21:21:45.328 3973 INFO rally.task.runner [-] Task 537178fe-596f-43ac-b796-004b20c57d8d | ITER: 5 END: OK
2020-03-23 21:21:45.334 3973 INFO rally.task.runner [-] Task 537178fe-596f-43ac-b796-004b20c57d8d | ITER: 9 START
2020-03-23 21:21:51.562 3972 INFO rally.task.runner [-] Task 537178fe-596f-43ac-b796-004b20c57d8d | ITER: 6 END: OK
2020-03-23 21:21:51.568 3972 INFO rally.task.runner [-] Task 537178fe-596f-43ac-b796-004b20c57d8d | ITER: 10 START
2020-03-23 21:21:53.032 3971 RALLYDEBUG rally.task.utils [-] Waiting for resource . Status changed: UPDATE_IN_PROGRESS => UPDATE_COMPLETE in 12.0241789818
2020-03-23 21:21:53.181 3971 RALLYDEBUG rally.task.utils [-] Waiting for resource . Status changed: CREATE_COMPLETE => UPDATE_COMPLETE in 0.0863149166107
2020-03-23 21:21:54.283 3971 RALLYDEBUG rally.task.utils [-] Waiting for resource . Status changed: UPDATE_COMPLETE => DELETE_IN_PROGRESS in 1.10151219368
2020-03-23 21:21:54.678 3974 INFO rally.task.runner [-] Task 537178fe-596f-43ac-b796-004b20c57d8d | ITER: 7 END: OK
2020-03-23 21:22:01.057 3973 RALLYDEBUG rally.task.utils [-] Waiting for resource . Status changed: CREATE_IN_PROGRESS => CREATE_COMPLETE in 11.0095829964
2020-03-23 21:22:04.121 3971 INFO rally.task.runner [-] Task 537178fe-596f-43ac-b796-004b20c57d8d | ITER: 8 END: OK
2020-03-23 21:22:04.716 3972 RALLYDEBUG rally.task.utils [-] Waiting for resource . Status changed: CREATE_IN_PROGRESS => CREATE_COMPLETE in 6.67247700691
2020-03-23 21:22:05.005 3973 RALLYDEBUG rally.task.utils [-] Waiting for resource . Status changed: CREATE_COMPLETE => UPDATE_IN_PROGRESS in 0.100200891495
2020-03-23 21:22:07.182 3972 RALLYDEBUG rally.task.utils [-] Waiting for resource . Status changed: CREATE_COMPLETE => UPDATE_IN_PROGRESS in 0.0940639972687
2020-03-23 21:22:07.213 3973 RALLYDEBUG rally.task.utils [-] Waiting for resource . Status changed: UPDATE_IN_PROGRESS => UPDATE_COMPLETE in 2.20802903175
2020-03-23 21:22:07.386 3973 RALLYDEBUG rally.task.utils [-] Waiting for resource . Status changed: CREATE_COMPLETE => UPDATE_COMPLETE in 0.101818084717
2020-03-23 21:22:08.491 3973 RALLYDEBUG rally.task.utils [-] Waiting for resource . Status changed: UPDATE_COMPLETE => DELETE_IN_PROGRESS in 1.10506987572
2020-03-23 21:22:11.551 3972 RALLYDEBUG rally.task.utils [-] Waiting for resource . Status changed: UPDATE_IN_PROGRESS => UPDATE_COMPLETE in 4.36949110031
2020-03-23 21:22:11.703 3972 RALLYDEBUG rally.task.utils [-] Waiting for resource . Status changed: CREATE_COMPLETE => UPDATE_COMPLETE in 0.0854558944702
2020-03-23 21:22:12.800 3972 RALLYDEBUG rally.task.utils [-] Waiting for resource . Status changed: UPDATE_COMPLETE => DELETE_IN_PROGRESS in 1.09782195091
2020-03-23 21:22:15.037 3973 INFO rally.task.runner [-] Task 537178fe-596f-43ac-b796-004b20c57d8d | ITER: 9 END: OK
2020-03-23 21:22:20.484 3972 INFO rally.task.runner [-] Task 537178fe-596f-43ac-b796-004b20c57d8d | ITER: 10 END: OK
2020-03-23 21:22:20.508 1809 INFO rally.task.context [-] Task 537178fe-596f-43ac-b796-004b20c57d8d | Context cleanup@openstack cleanup() started
2020-03-23 21:22:20.511 1809 RALLYDEBUG rally_openstack.cleanup.manager [-] Cleaning up heat stacks objects
2020-03-23 21:22:21.415 1809 INFO rally.task.context [-] Task 537178fe-596f-43ac-b796-004b20c57d8d | Context cleanup@openstack cleanup() finished in 0.91 sec
2020-03-23 21:22:21.416 1809 INFO rally.task.context [-] Task 537178fe-596f-43ac-b796-004b20c57d8d | Context roles@openstack cleanup() started
2020-03-23 21:22:21.416 1809 RALLYDEBUG rally_openstack.contexts.keystone.roles [-] Removing assigned role 3fe95cc3f9194bafb3ffdc7c7e40dd9a from all users
2020-03-23 21:22:22.326 1809 INFO rally.task.context [-] Task 537178fe-596f-43ac-b796-004b20c57d8d | Context roles@openstack cleanup() finished in 0.91 sec
2020-03-23 21:22:22.327 1809 INFO rally.task.context [-] Task 537178fe-596f-43ac-b796-004b20c57d8d | Context users@openstack cleanup() started
2020-03-23 21:22:28.321 1809 INFO rally.task.context [-] Task 537178fe-596f-43ac-b796-004b20c57d8d | Context users@openstack cleanup() finished in 5.99 sec
2020-03-23 21:22:30.176 1809 INFO rally.task.engine [-] Load duration is: 96.810537
2020-03-23 21:22:30.177 1809 INFO rally.task.engine [-] Full runner duration is: 100.856115
2020-03-23 21:22:30.177 1809 INFO rally.task.engine [-] Full duration is: 112.601823
2020-03-23 21:22:30.224 1809 INFO rally.task.engine [-] Running workload: position = 4 config = { "version": 2, "title": "A cropped version of a bigger task.", "description": "Auto-generated task from a single workload (uuid=e93226c0-e9bb-4f13-a52a-a528e6c2d7b7)", "subtasks": [ { "title": "HeatStacks.create_update_delete_stack", "description": "Create, update and then delete a stack.", "scenario": { "HeatStacks.create_update_delete_stack": { "template_path": "/usr/lib/python2.7/site-packages/functest/opnfv_tests/openstack/rally/scenario/templates/resource_group.yaml.template", "updated_template_path": "/usr/lib/python2.7/site-packages/functest/opnfv_tests/openstack/rally/scenario/templates/updated_resource_group_reduce.yaml.template" } }, "contexts": { "users": { "tenants": 3, "users_per_tenant": 2 }, "roles": [ "heat_stack_owner" ] }, "runner": { "constant": { "concurrency": 4, "times": 10 } }, "hooks": [], "sla": { "failure_rate": { "max": 0 } } } ] }
2020-03-23 21:22:30.248 1809 RALLYDEBUG rally_openstack.contexts.keystone.users [-] Creating 3 tenants using 20 threads
2020-03-23 21:22:30.817 1809 RALLYDEBUG rally_openstack.contexts.keystone.users [-] Creating 6 users using 20 threads
2020-03-23 21:22:31.901 1809 INFO rally.task.context [-] Task 537178fe-596f-43ac-b796-004b20c57d8d | Context users@openstack setup() finished in 1.65 sec
2020-03-23 21:22:35.176 1809 RALLYDEBUG rally_openstack.contexts.keystone.roles [-] Adding role heat_stack_owner having ID 3fe95cc3f9194bafb3ffdc7c7e40dd9a to all users using 30 threads
2020-03-23 21:22:45.719 1809 INFO rally.task.context [-] Task 537178fe-596f-43ac-b796-004b20c57d8d | Context roles@openstack setup() finished in 13.82 sec
2020-03-23 21:22:45.720 1809 INFO rally.task.context [-] Task 537178fe-596f-43ac-b796-004b20c57d8d | Context cleanup@openstack setup() finished in 0.01 msec
2020-03-23 21:22:45.730 1809 RALLYDEBUG rally.task.runner [-] Starting the constant runner (task UUID: 537178fe-596f-43ac-b796-004b20c57d8d). timeout: 0 concurrency: 4 concurrency_per_worker: 1 times: 10 concurrency_overhead: 0 processes_to_start: 4 max_cpu_used: 88
2020-03-23 21:22:45.743 4155 RALLYDEBUG rally.task.runner [-] Starting a worker. concurrency: 1 args: {"template_path": "heat_template_version: 2014-10-16\n\ndescription: Test template for rally create-update-delete scenario\n\nresources:\n test_group:\n type: OS::Heat::ResourceGroup\n properties:\n count: 2\n resource_def:\n type: OS::Heat::RandomString\n properties:\n length: 20", "updated_template_path": "heat_template_version: 2014-10-16\n\ndescription: >\n Test template for create-update-delete-stack scenario in rally.\n The template updates one resource from the stack defined by resource_group.yaml.template\n and deletes children resources from that resource.\n\nresources:\n test_group:\n type: OS::Heat::ResourceGroup\n properties:\n count: 1\n resource_def:\n type: OS::Heat::RandomString\n properties:\n length: 20"} times: 10 method_name: run timeout: 0 duration: None cls:
