2020-03-10 22:46:38.010 15 RALLYDEBUG rally_openstack.cleanup.manager [-] Deleting neutron.port object s_rally_9fa7e090_IOZepA2D (bd6faa88-5702-47c8-b450-d857e8cf903b)
2020-03-10 22:46:38.065 15 RALLYDEBUG rally_openstack.cleanup.manager [-] Deleting neutron.port object s_rally_9fa7e090_Xj1dqWqZ (bdf045a3-eb3e-4003-a38c-b44e346031c3)
2020-03-10 22:46:38.088 15 RALLYDEBUG rally_openstack.cleanup.manager [-] Deleting neutron.port object s_rally_9fa7e090_cUNrEhXd (beb10b87-108c-4a9f-aaba-76bd3d24b5d3)
2020-03-10 22:46:38.279 15 RALLYDEBUG rally_openstack.cleanup.manager [-] Deleting neutron.port object s_rally_9fa7e090_wZokfLRT (bf8c4309-d526-459d-8869-f984fb5f7851)
2020-03-10 22:46:38.467 15 RALLYDEBUG rally_openstack.cleanup.manager [-] Deleting neutron.port object s_rally_9fa7e090_rGFQxMOP (c00fdadc-9a31-44e2-88a6-b0eca91da871)
2020-03-10 22:46:38.672 15 RALLYDEBUG rally_openstack.cleanup.manager [-] Deleting neutron.port object s_rally_9fa7e090_2LwSDdEL (c0ebfe75-6844-4f3c-98e6-0430d7540570)
2020-03-10 22:46:38.677 15 RALLYDEBUG rally_openstack.cleanup.manager [-] Deleting neutron.port object s_rally_9fa7e090_Phx9anLM (c11d3570-59da-46c7-8490-27df0d2b2466)
2020-03-10 22:46:38.767 15 RALLYDEBUG rally_openstack.cleanup.manager [-] Deleting neutron.port object s_rally_9fa7e090_qcUdmGIc (c166bfd6-45f9-4121-a33f-1b4dd00d298e)
2020-03-10 22:46:38.973 15 RALLYDEBUG rally_openstack.cleanup.manager [-] Deleting neutron.port object s_rally_9fa7e090_TSjMfiHS (c24cc135-85bb-4002-bea9-a2117fbcce01)
2020-03-10 22:46:39.277 15 RALLYDEBUG rally_openstack.cleanup.manager [-] Deleting neutron.port object s_rally_9fa7e090_5SnHby9A (c29e58bb-dc38-45a1-a186-a2199f0b1cc9)
2020-03-10 22:46:39.507 15 RALLYDEBUG rally_openstack.cleanup.manager [-] Deleting neutron.port object s_rally_9fa7e090_YGfMVOhg (c43a669a-adc7-4c4d-971f-15999543478c)
2020-03-10 22:46:39.539 15 RALLYDEBUG rally_openstack.cleanup.manager [-] Deleting neutron.port object s_rally_9fa7e090_VOSsM7LI (c4fbe9c1-563a-4762-aa57-3c53d03327e7)
2020-03-10 22:46:39.550 15 RALLYDEBUG rally_openstack.cleanup.manager [-] Deleting neutron.port object s_rally_9fa7e090_fxS2BK9E (c510f5c9-aa14-475e-9e19-aeee7c2a2b4d)
2020-03-10 22:46:39.564 15 RALLYDEBUG rally_openstack.cleanup.manager [-] Deleting neutron.port object s_rally_9fa7e090_kb1QqaxS (c57cf2fb-79cc-4d92-b991-4307c83ad988)
2020-03-10 22:46:39.585 15 RALLYDEBUG rally_openstack.cleanup.manager [-] Deleting neutron.port object s_rally_9fa7e090_4m98X9S5 (c5c2956a-f160-4ab3-9975-9d601f93d0bc)
2020-03-10 22:46:39.628 15 RALLYDEBUG rally_openstack.cleanup.manager [-] Deleting neutron.port object s_rally_9fa7e090_p6EIglXL (c627aa58-7679-472b-b79e-437d02e9a14f)
2020-03-10 22:46:39.716 15 RALLYDEBUG rally_openstack.cleanup.manager [-] Deleting neutron.port object s_rally_9fa7e090_0lLMKizw (c7a6fc63-d875-493a-aa81-953ad9061a8a)
2020-03-10 22:46:39.838 15 RALLYDEBUG rally_openstack.cleanup.manager [-] Deleting neutron.port object s_rally_9fa7e090_il1r9dFg (c7af7d51-75ee-4892-b4ca-fe46a517609d)
2020-03-10 22:46:39.861 15 RALLYDEBUG rally_openstack.cleanup.manager [-] Deleting neutron.port object s_rally_9fa7e090_tl22KdtF (c83d81da-582c-465d-9555-e94cd17f16bc)
2020-03-10 22:46:39.937 15 RALLYDEBUG rally_openstack.cleanup.manager [-] Deleting neutron.port object s_rally_9fa7e090_iKzof7ta (c8b0ea27-3b71-4132-bc53-fbcfe59ca8ae)
2020-03-10 22:46:40.213 15 RALLYDEBUG rally_openstack.cleanup.manager [-] Deleting neutron.port object s_rally_9fa7e090_xPDA6FdS (c8dfe7ca-17e4-4ff8-9958-ef53a5efb1df)
2020-03-10 22:46:40.354 15 RALLYDEBUG rally_openstack.cleanup.manager [-] Deleting neutron.port object s_rally_9fa7e090_bfflFcU1 (c8e398e9-8683-4e8d-b9b3-d287a718c326)
2020-03-10 22:46:40.364 15 RALLYDEBUG rally_openstack.cleanup.manager [-] Deleting neutron.port object s_rally_9fa7e090_Gwy6iZ7F (c97647d3-ace5-4e44-8daf-025f6d2661a4)
2020-03-10 22:46:40.395 15 RALLYDEBUG rally_openstack.cleanup.manager [-] Deleting neutron.port object s_rally_9fa7e090_6R7qw1ob (c99caf77-0bee-4c1c-bb20-7d83556eb488)
2020-03-10 22:46:40.463 15 RALLYDEBUG rally_openstack.cleanup.manager [-] Deleting neutron.port object s_rally_9fa7e090_oI7YnYwD (c9f14b4a-7e8f-4013-be77-ec5d89c3438e)
2020-03-10 22:46:40.643 15 RALLYDEBUG rally_openstack.cleanup.manager [-] Deleting neutron.port object s_rally_9fa7e090_Wi5rLcKS (ca468948-97c8-47c2-a666-2e39223e74ed)
2020-03-10 22:46:40.678 15 RALLYDEBUG rally_openstack.cleanup.manager [-] Deleting neutron.port object s_rally_9fa7e090_G65o7vDb (cb836161-6399-4885-870c-8e68eb548797)
2020-03-10 22:46:40.741 15 RALLYDEBUG rally_openstack.cleanup.manager [-] Deleting neutron.port object s_rally_9fa7e090_0DwmEofA (cb86b80c-0841-4701-b924-a1df69a7085b)
2020-03-10 22:46:41.017 15 RALLYDEBUG rally_openstack.cleanup.manager [-] Deleting neutron.port object s_rally_9fa7e090_5MMsgolX (cbd23ea1-b874-4216-b3ce-763e79445cb7)
2020-03-10 22:46:41.082 15 RALLYDEBUG rally_openstack.cleanup.manager [-] Deleting neutron.port object s_rally_9fa7e090_eyfgMMlL (cd554155-2615-4c36-ae39-0fe281b234cd)
2020-03-10 22:46:41.383 15 RALLYDEBUG rally_openstack.cleanup.manager [-] Deleting neutron.port object s_rally_9fa7e090_x3yAq4PG (ce6d6b59-44bd-4944-b7a0-7289c2bdf430)
2020-03-10 22:46:41.441 15 RALLYDEBUG rally_openstack.cleanup.manager [-] Deleting neutron.port object s_rally_9fa7e090_CKsMVD9m (ced0a1ba-a50f-47d1-a6af-681158c8ce34)
2020-03-10 22:46:41.533 15 RALLYDEBUG rally_openstack.cleanup.manager [-] Deleting neutron.port object s_rally_9fa7e090_ch5oVTIF (cef85488-6367-4956-bb2b-26851ea43d4d)
2020-03-10 22:46:41.692 15 RALLYDEBUG rally_openstack.cleanup.manager [-] Deleting neutron.port object s_rally_9fa7e090_2HNmJWbl (cefe97d3-3be7-4bbc-9f99-0364647a3c96)
2020-03-10 22:46:41.696 15 RALLYDEBUG rally_openstack.cleanup.manager [-] Deleting neutron.port object s_rally_9fa7e090_YdYZU1Av (cf0b3a3b-15eb-4fdb-814d-603c32d1a10b)
2020-03-10 22:46:41.700 15 RALLYDEBUG rally_openstack.cleanup.manager [-] Deleting neutron.port object s_rally_9fa7e090_mAec6S5t (cfe4159f-f60d-4de6-b9d9-3a3b5080de09)
2020-03-10 22:46:41.791 15 RALLYDEBUG rally_openstack.cleanup.manager [-] Deleting neutron.port object s_rally_9fa7e090_jygDlrsC (d0418759-0755-474c-ba38-76334b36327a)
2020-03-10 22:46:41.841 15 RALLYDEBUG rally_openstack.cleanup.manager [-] Deleting neutron.port object s_rally_9fa7e090_7rnGpYuJ (d2400f45-d1c4-4242-bc27-502db6ba7697)
2020-03-10 22:46:41.890 15 RALLYDEBUG rally_openstack.cleanup.manager [-] Deleting neutron.port object s_rally_9fa7e090_JO8iLmog (d298d56d-ffac-4baf-8bbe-646b2506f9c1)
2020-03-10 22:46:42.040 15 RALLYDEBUG rally_openstack.cleanup.manager [-] Deleting neutron.port object s_rally_9fa7e090_BRvmGFhs (d3d6611d-9824-4f68-ab40-eeed0e4f5311)
2020-03-10 22:46:42.053 15 RALLYDEBUG rally_openstack.cleanup.manager [-] Deleting neutron.port object s_rally_9fa7e090_Y91K8RoC (d55aba10-ec92-423d-83a1-e8e9a4d9d461)
2020-03-10 22:46:42.276 15 RALLYDEBUG rally_openstack.cleanup.manager [-] Deleting neutron.port object s_rally_9fa7e090_cRGwxcq7 (d57af380-6b8d-45df-ab9c-0c44aa101c6e)
2020-03-10 22:46:42.415 15 RALLYDEBUG rally_openstack.cleanup.manager [-] Deleting neutron.port object s_rally_9fa7e090_C3Ezzt0M (d69aa8dc-f73b-4469-98f9-e692d8230982)
2020-03-10 22:46:42.449 15 RALLYDEBUG rally_openstack.cleanup.manager [-] Deleting neutron.port object s_rally_9fa7e090_DiWBpfct (d6e5059a-b61b-409d-8479-5cfd9ed6b366)
2020-03-10 22:46:42.524 15 RALLYDEBUG rally_openstack.cleanup.manager [-] Deleting neutron.port object s_rally_9fa7e090_qdMkAD3q (d716c21c-812f-47f1-84c4-b4122cc06f80)
2020-03-10 22:46:42.718 15 RALLYDEBUG rally_openstack.cleanup.manager [-] Deleting neutron.port object s_rally_9fa7e090_Aq4GyXP2 (d7208463-99ca-4cc9-922c-cfac9fea9510)
2020-03-10 22:46:42.914 15 RALLYDEBUG rally_openstack.cleanup.manager [-] Deleting neutron.port object s_rally_9fa7e090_aeobA9Lt (d7d0b596-8556-44eb-add0-4a8fccc76be6)
2020-03-10 22:46:42.925 15 RALLYDEBUG rally_openstack.cleanup.manager [-] Deleting neutron.port object s_rally_9fa7e090_1QhfqXaY (d9894b89-5488-4229-a8fd-9149a20603ca)
2020-03-10 22:46:43.012 15 RALLYDEBUG rally_openstack.cleanup.manager [-] Deleting neutron.port object s_rally_9fa7e090_h8M6Bljg (d9cf5190-4751-48d8-be7d-46af48b4bd5e)
2020-03-10 22:46:43.458 15 RALLYDEBUG rally_openstack.cleanup.manager [-] Deleting neutron.port object s_rally_9fa7e090_LKSQUyeH (da4c2229-f5cc-499e-9412-3ac6cee5c674)
2020-03-10 22:46:43.467 15 RALLYDEBUG rally_openstack.cleanup.manager [-] Deleting neutron.port object s_rally_9fa7e090_4R17Ub5g (da5587ea-bc02-48fe-b195-295172d113fa)
2020-03-10 22:46:43.486 15 RALLYDEBUG rally_openstack.cleanup.manager [-] Deleting neutron.port object s_rally_9fa7e090_hCxcCkoF (da5e9348-cce4-4852-b741-be7e0e48f59a)
2020-03-10 22:46:43.631 15 RALLYDEBUG rally_openstack.cleanup.manager [-] Deleting neutron.port object s_rally_9fa7e090_mHzQ0LNI (db38fff9-f225-4e5d-8892-564f8e32dfd6)
2020-03-10 22:46:43.855 15 RALLYDEBUG rally_openstack.cleanup.manager [-] Deleting neutron.port object s_rally_9fa7e090_o4i0qPfQ (dbe8f862-2c72-4e69-99c9-3d245f2facfa)
2020-03-10 22:46:43.873 15 RALLYDEBUG rally_openstack.cleanup.manager [-] Deleting neutron.port object s_rally_9fa7e090_QztJbFDJ (dc2d7035-1e3f-49ee-9f00-3b21742dadac)
2020-03-10 22:46:43.886 15 RALLYDEBUG rally_openstack.cleanup.manager [-] Deleting neutron.port object s_rally_9fa7e090_HXKsxZ6R (dc7a50d5-e2d6-44c3-a82c-0e20a7dfd58e)
2020-03-10 22:46:43.893 15 RALLYDEBUG rally_openstack.cleanup.manager [-] Deleting neutron.port object s_rally_9fa7e090_SQjFkjg1 (de09cdec-92e4-4623-92a5-fc6c1eadf51e)
2020-03-10 22:46:43.945 15 RALLYDEBUG rally_openstack.cleanup.manager [-] Deleting neutron.port object s_rally_9fa7e090_QhEsCfHC (de11503c-a6b2-4754-9428-3dee72f0ad01)
2020-03-10 22:46:44.073 15 RALLYDEBUG rally_openstack.cleanup.manager [-] Deleting neutron.port object s_rally_9fa7e090_r5aRxZK0 (de34090c-ae0c-4003-aa3c-463980f9b338)
2020-03-10 22:46:44.120 15 RALLYDEBUG rally_openstack.cleanup.manager [-] Deleting neutron.port object s_rally_9fa7e090_vxlrX9I8 (df8f183c-d693-43ae-92e6-744729617090)
2020-03-10 22:46:44.136 15 RALLYDEBUG rally_openstack.cleanup.manager [-] Deleting neutron.port object s_rally_9fa7e090_C26Kt330 (dfe2639e-b7ec-43f5-95ae-76f0b69ee40e)
2020-03-10 22:46:44.301 15 RALLYDEBUG rally_openstack.cleanup.manager [-] Deleting neutron.port object s_rally_9fa7e090_iGe60jqU (e097454c-f2a7-4f4d-842a-f0c7bfade135)
2020-03-10 22:46:44.352 15 RALLYDEBUG rally_openstack.cleanup.manager [-] Deleting neutron.port object s_rally_9fa7e090_5yNqSVYu (e1c3ec3e-5c3f-4e9d-8b7b-5788267b73ac)
2020-03-10 22:46:44.375 15 RALLYDEBUG rally_openstack.cleanup.manager [-] Deleting neutron.port object s_rally_9fa7e090_LNQCooO7 (e28ba235-e2d7-4e29-ba21-ba667f759df4)
2020-03-10 22:46:44.616 15 RALLYDEBUG rally_openstack.cleanup.manager [-] Deleting neutron.port object s_rally_9fa7e090_x2SfKME3 (e2c5a181-a3ee-44f3-93ae-5f9391ec7af0)
2020-03-10 22:46:44.641 15 RALLYDEBUG rally_openstack.cleanup.manager [-] Deleting neutron.port object s_rally_9fa7e090_WA4FT2C4 (e33b930c-08d0-48e4-8e63-8844e0523145)
2020-03-10 22:46:44.659 15 RALLYDEBUG rally_openstack.cleanup.manager [-] Deleting neutron.port object s_rally_9fa7e090_5WEGFIKg (e4fc5455-a602-4ffc-85c4-3ebb34c89a55)
2020-03-10 22:46:44.722 15 RALLYDEBUG rally_openstack.cleanup.manager [-] Deleting neutron.port object s_rally_9fa7e090_YKz2blPD (e65ddec7-8cfc-405c-947a-759cee57019b)
2020-03-10 22:46:45.343 15 RALLYDEBUG rally_openstack.cleanup.manager [-] Deleting neutron.port object s_rally_9fa7e090_WvKM7mDl (e7baadc1-ddbb-4735-bd33-9864c83442f0)
2020-03-10 22:46:45.449 15 RALLYDEBUG rally_openstack.cleanup.manager [-] Deleting neutron.port object s_rally_9fa7e090_YGxbJxnO (e8097187-059a-4d86-aba6-df9653eae7fd)
2020-03-10 22:46:45.459 15 RALLYDEBUG rally_openstack.cleanup.manager [-] Deleting neutron.port object s_rally_9fa7e090_oyaLJPTR (e89915c2-0dd7-487f-8577-4f25c0a3e3a5)
2020-03-10 22:46:45.623 15 RALLYDEBUG rally_openstack.cleanup.manager [-] Deleting neutron.port object s_rally_9fa7e090_ligxfmyG (e8b90558-8545-4f58-9f2b-4d6a9b353808)
2020-03-10 22:46:45.722 15 RALLYDEBUG rally_openstack.cleanup.manager [-] Deleting neutron.port object s_rally_9fa7e090_sJ0jYL7P (e92c54dd-b2f2-4882-ad3a-74da07639aa6)
2020-03-10 22:46:45.913 15 RALLYDEBUG rally_openstack.cleanup.manager [-] Deleting neutron.port object s_rally_9fa7e090_5l3YB4CR (ea3d1ae4-6d5a-4297-8ba1-a5ea40107411)
2020-03-10 22:46:45.965 15 RALLYDEBUG rally_openstack.cleanup.manager [-] Deleting neutron.port object s_rally_9fa7e090_KpeXF6WK (eb4fc375-3a71-4356-8c80-c1dbcbd60ff9)
2020-03-10 22:46:46.129 15 RALLYDEBUG rally_openstack.cleanup.manager [-] Deleting neutron.port object s_rally_9fa7e090_U9b7zEFV (eb5d80c2-add1-44fe-ae79-0db9c1fae9a8)
2020-03-10 22:46:46.496 15 RALLYDEBUG rally_openstack.cleanup.manager [-] Deleting neutron.port object s_rally_9fa7e090_9GpAb1Zo (ebf53f2d-14a9-4eee-9557-56b737698453)
2020-03-10 22:46:46.578 15 RALLYDEBUG rally_openstack.cleanup.manager [-] Deleting neutron.port object s_rally_9fa7e090_BLFf5Oax (ed616942-edb1-4b45-a335-496f7734585f)
2020-03-10 22:46:46.701 15 RALLYDEBUG rally_openstack.cleanup.manager [-] Deleting neutron.port object s_rally_9fa7e090_UXtXsOcC (ee43175e-ea3e-45b4-9bee-7a3c6f176e15)
2020-03-10 22:46:46.706 15 RALLYDEBUG rally_openstack.cleanup.manager [-] Deleting neutron.port object s_rally_9fa7e090_vTO4OhY8 (ee539f92-9a74-4838-a10d-f6a5f378be56)
2020-03-10 22:46:46.739 15 RALLYDEBUG rally_openstack.cleanup.manager [-] Deleting neutron.port object s_rally_9fa7e090_d5oZR0wS (ee5b194a-68b1-4d4d-a0c2-645240dd6312)
2020-03-10 22:46:46.926 15 RALLYDEBUG rally_openstack.cleanup.manager [-] Deleting neutron.port object s_rally_9fa7e090_vdN3cbaz (eede7f24-3496-4847-befb-ce96fc5c378a)
2020-03-10 22:46:46.978 15 RALLYDEBUG rally_openstack.cleanup.manager [-] Deleting neutron.port object s_rally_9fa7e090_CkY4iH7K (ef3a1078-34d9-4431-91af-0f02b4fe30a4)
2020-03-10 22:46:47.021 15 RALLYDEBUG rally_openstack.cleanup.manager [-] Deleting neutron.port object s_rally_9fa7e090_OxaWUbjA (efb0c0e9-fdca-4a5d-b67f-84c9f6e2b934)
2020-03-10 22:46:47.036 15 RALLYDEBUG rally_openstack.cleanup.manager [-] Deleting neutron.port object s_rally_9fa7e090_v5340X17 (efcc9e1c-9b7b-4578-907b-eaaff0c9418e)
2020-03-10 22:46:47.370 15 RALLYDEBUG rally_openstack.cleanup.manager [-] Deleting neutron.port object s_rally_9fa7e090_pGgHWGA2 (f0f0115c-419e-454a-852b-4d3271933aea)
2020-03-10 22:46:47.519 15 RALLYDEBUG rally_openstack.cleanup.manager [-] Deleting neutron.port object s_rally_9fa7e090_tT2ffhRz (f2b3b7a4-1630-40c4-96d3-935d6b8aa2ac)
2020-03-10 22:46:47.564 15 RALLYDEBUG rally_openstack.cleanup.manager [-] Deleting neutron.port object s_rally_9fa7e090_9B6QEsPL (f3376443-68a1-42d2-bfce-23314dd3d1eb)
2020-03-10 22:46:47.631 15 RALLYDEBUG rally_openstack.cleanup.manager [-] Deleting neutron.port object s_rally_9fa7e090_QUTwtYdd (f44d1f60-bc5c-4826-ad62-02853f14a1a4)
2020-03-10 22:46:47.642 15 RALLYDEBUG rally_openstack.cleanup.manager [-] Deleting neutron.port object s_rally_9fa7e090_DYZcORvO (f5570ccd-46da-49e9-b027-0ff1bef41cf4)
2020-03-10 22:46:47.682 15 RALLYDEBUG rally_openstack.cleanup.manager [-] Deleting neutron.port object s_rally_9fa7e090_9atvqTZk (f73ead41-9d41-498b-bfe0-ad25e199ddf1)
2020-03-10 22:46:47.719 15 RALLYDEBUG rally_openstack.cleanup.manager [-] Deleting neutron.port object s_rally_9fa7e090_hgRIvsKc (f741892d-cf95-4e1d-aa83-0bcf9116bee0)
2020-03-10 22:46:47.829 15 RALLYDEBUG rally_openstack.cleanup.manager [-] Deleting neutron.port object s_rally_9fa7e090_FnvrzqQ4 (f752a8e9-12fd-467c-83a5-31fd4ff8e1b7)
2020-03-10 22:46:47.836 15 RALLYDEBUG rally_openstack.cleanup.manager [-] Deleting neutron.port object s_rally_9fa7e090_Yzh61HmQ (f78bd735-ae91-47ae-905c-9cbb03a67312)
2020-03-10 22:46:47.846 15 RALLYDEBUG rally_openstack.cleanup.manager [-] Deleting neutron.port object s_rally_9fa7e090_eCAAwO23 (f8aa59aa-ecc5-455b-a9c5-c659263f0525)
2020-03-10 22:46:48.126 15 RALLYDEBUG rally_openstack.cleanup.manager [-] Deleting neutron.port object s_rally_9fa7e090_sM1h1G8Z (f8ad97ac-431e-4aaa-ab77-2d9fd3d4b4c3)
2020-03-10 22:46:48.533 15 RALLYDEBUG rally_openstack.cleanup.manager [-] Deleting neutron.port object s_rally_9fa7e090_WMjMlqHV (f91e627a-af5e-46dc-b1e8-1475c4700837)
2020-03-10 22:46:48.567 15 RALLYDEBUG rally_openstack.cleanup.manager [-] Deleting neutron.port object s_rally_9fa7e090_WjAF6g2y (f957c5fe-15fd-4cd9-9941-42efc1f72354)
2020-03-10 22:46:48.763 15 RALLYDEBUG rally_openstack.cleanup.manager [-] Deleting neutron.port object s_rally_9fa7e090_Lwt47ZaD (f95d0abf-9486-4125-90ca-0670028fabc8)
2020-03-10 22:46:48.772 15 RALLYDEBUG rally_openstack.cleanup.manager [-] Deleting neutron.port object s_rally_9fa7e090_WjQARFa5 (f9c497e3-5dad-45b8-b5c5-d330849d5801)
2020-03-10 22:46:48.864 15 RALLYDEBUG rally_openstack.cleanup.manager [-] Deleting neutron.port object s_rally_9fa7e090_Q0ZLXruf (fa431198-9f1f-4163-b592-fbce00ce6fc9)
2020-03-10 22:46:48.941 15 RALLYDEBUG rally_openstack.cleanup.manager [-] Deleting neutron.port object s_rally_9fa7e090_4kFq78TS (faa73213-10e2-4a68-ab6b-0027897f0ae9)
2020-03-10 22:46:49.003 15 RALLYDEBUG rally_openstack.cleanup.manager [-] Deleting neutron.port object s_rally_9fa7e090_hFz07hbn (fb407c01-0227-40bd-842e-56e4e4f917b2)
2020-03-10 22:46:49.197 15 RALLYDEBUG rally_openstack.cleanup.manager [-] Deleting neutron.port object s_rally_9fa7e090_leK4OBoy (fc42d73b-da7b-4fc3-81aa-e8ac048b09db)
2020-03-10 22:46:49.280 15 RALLYDEBUG rally_openstack.cleanup.manager [-] Deleting neutron.port object s_rally_9fa7e090_ejq5eYLD (fcbd6fd1-06ec-4986-91e4-2491e60c42e6)
2020-03-10 22:46:49.447 15 RALLYDEBUG rally_openstack.cleanup.manager [-] Deleting neutron.port object s_rally_9fa7e090_LVZdubEG (fd09b8fe-a221-46e4-a504-736b622f4ced)
2020-03-10 22:46:49.561 15 RALLYDEBUG rally_openstack.cleanup.manager [-] Deleting neutron.port object s_rally_9fa7e090_6Fu4NVKK (fd21891a-4509-4fdd-b9ab-99d1f5ed8d60)
2020-03-10 22:46:49.721 15 RALLYDEBUG rally_openstack.cleanup.manager [-] Deleting neutron.port object s_rally_9fa7e090_naL6KgYP (fd35a5d9-4299-411e-a8df-8204cef7e892)
2020-03-10 22:46:49.956 15 RALLYDEBUG rally_openstack.cleanup.manager [-] Deleting neutron.port object s_rally_9fa7e090_YYUOydZp (fdabe9a1-e09f-4c50-9e0e-3adc52b2ca04)
2020-03-10 22:46:49.960 15 RALLYDEBUG rally_openstack.cleanup.manager [-] Deleting neutron.port object s_rally_9fa7e090_C35ivqk0 (febaddf4-4f13-4c7b-afe8-bab9b4b40f86)
2020-03-10 22:46:50.019 15 RALLYDEBUG rally_openstack.cleanup.manager [-] Deleting neutron.port object s_rally_9fa7e090_QSSPYzcy (febdc774-242e-4685-9d37-c8ff443d9444)
2020-03-10 22:46:50.054 15 RALLYDEBUG rally_openstack.cleanup.manager [-] Deleting neutron.port object s_rally_9fa7e090_98qsPtnP (ff5448b6-0b95-41bf-9638-b3d8d4204496)
2020-03-10 22:46:50.235 15 RALLYDEBUG rally_openstack.cleanup.manager [-] Deleting neutron.port object s_rally_9fa7e090_F3aygA6R (ff95a3eb-cf12-4f53-90ed-d77aef84129f)
2020-03-10 22:46:50.248 15 RALLYDEBUG rally_openstack.cleanup.manager [-] Deleting neutron.port object s_rally_9fa7e090_pWJApWpP (ff9c3659-a6e4-4f47-82b3-cd72a74b0ad6)
2020-03-10 22:46:52.470 15 RALLYDEBUG rally_openstack.cleanup.manager [-] Cleaning up neutron subnet objects
2020-03-10 22:46:52.662 15 RALLYDEBUG rally_openstack.cleanup.manager [-] Cleaning up neutron network objects
2020-03-10 22:46:52.925 15 RALLYDEBUG rally_openstack.cleanup.manager [-] Deleting neutron.network object s_rally_9fa7e090_Exzt1wDG (1b3247e3-9186-40c8-a3d0-c6ffc7b92963)
2020-03-10 22:46:52.933 15 RALLYDEBUG rally_openstack.cleanup.manager [-] Deleting neutron.network object s_rally_9fa7e090_frHJm0gm (44ffc86b-7086-48c6-a865-c829eb6891c9)
2020-03-10 22:46:52.942 15 RALLYDEBUG rally_openstack.cleanup.manager [-] Deleting neutron.network object s_rally_9fa7e090_S8rXQJYY (586d39eb-6a4c-48c3-83d1-8674b255b8dc)
2020-03-10 22:46:52.952 15 RALLYDEBUG rally_openstack.cleanup.manager [-] Deleting neutron.network object s_rally_9fa7e090_in14WYk8 (64621564-e943-4ab5-8c7b-c93dc2f8ef49)
2020-03-10 22:46:52.960 15 RALLYDEBUG rally_openstack.cleanup.manager [-] Deleting neutron.network object s_rally_9fa7e090_LNYqK0ZG (8022511a-55db-4cd6-be41-88f105ed5237)
2020-03-10 22:46:52.967 15 RALLYDEBUG rally_openstack.cleanup.manager [-] Deleting neutron.network object s_rally_9fa7e090_KmwaYS0M (9701dd63-e44f-4bb6-85f2-fc07b9cbd6f0)
2020-03-10 22:46:52.987 15 RALLYDEBUG rally_openstack.cleanup.manager [-] Deleting neutron.network object s_rally_9fa7e090_XfTRqF6t (f9608316-995f-442f-a907-4b482c43c1bd)
2020-03-10 22:46:52.992 15 RALLYDEBUG rally_openstack.cleanup.manager [-] Deleting neutron.network object s_rally_9fa7e090_6Krf7DQa (a0fdbf2d-d11a-4991-b27a-7ff59589e7b8)
2020-03-10 22:46:55.752 15 RALLYDEBUG rally_openstack.cleanup.manager [-] Cleaning up neutron router objects
2020-03-10 22:46:55.982 15 RALLYDEBUG rally_openstack.cleanup.manager [-] Cleaning up neutron security_group objects
2020-03-10 22:46:56.220 15 INFO rally.task.context [-] Task 82369b1d-99da-478b-995d-e765069a40fe | Context cleanup@openstack cleanup() finished in 54.64 sec
2020-03-10 22:46:56.220 15 INFO rally.task.context [-] Task 82369b1d-99da-478b-995d-e765069a40fe | Context quotas@openstack cleanup() started
2020-03-10 22:46:56.808 15 INFO rally.task.context [-] Task 82369b1d-99da-478b-995d-e765069a40fe | Context quotas@openstack cleanup() finished in 0.59 sec
2020-03-10 22:46:56.809 15 INFO rally.task.context [-] Task 82369b1d-99da-478b-995d-e765069a40fe | Context users@openstack cleanup() started
2020-03-10 22:46:58.191 15 INFO rally.task.context [-] Task 82369b1d-99da-478b-995d-e765069a40fe | Context users@openstack cleanup() finished in 1.38 sec
2020-03-10 22:47:00.065 15 INFO rally.task.engine [-] Load duration is: 177.193511
2020-03-10 22:47:00.066 15 INFO rally.task.engine [-] Full runner duration is: 177.24137
2020-03-10 22:47:00.066 15 INFO rally.task.engine [-] Full duration is: 235.010971
2020-03-10 22:47:00.138 15 INFO rally.task.engine [-] Running workload: position = 1 config = { "version": 2, "title": "A cropped version of a bigger task.", "description": "Auto-generated task from a single workload (uuid=41d27d2d-3ad2-45a8-badc-f1be865d8996)", "subtasks": [ { "title": "NeutronNetworks.create_and_update_ports", "description": "Create and update a given number of ports.", "scenario": { "NeutronNetworks.create_and_update_ports": { "network_create_args": {}, "port_create_args": {}, "ports_per_network": 5, "port_update_args": { "admin_state_up": false, "device_id": "dummy_id", "device_owner": "dummy_owner", "name": "_port_updated" } } }, "contexts": { "users": { "tenants": 1, "users_per_tenant": 1 }, "quotas": { "neutron": { "network": -1, "port": -1 } } }, "runner": { "constant": { "times": 40, "concurrency": 20 } }, "hooks": [], "sla": { "failure_rate": { "max": 0 } } } ] }
2020-03-10 22:47:00.157 15 RALLYDEBUG rally_openstack.contexts.keystone.users [-] Creating 1 tenants using 20 threads
2020-03-10 22:47:00.580 15 RALLYDEBUG rally_openstack.contexts.keystone.users [-] Creating 1 users using 20 threads
2020-03-10 22:47:01.046 15 INFO rally.task.context [-] Task 82369b1d-99da-478b-995d-e765069a40fe | Context users@openstack setup() finished in 0.89 sec
2020-03-10 22:47:01.624 15 INFO rally.task.context [-] Task 82369b1d-99da-478b-995d-e765069a40fe | Context quotas@openstack setup() finished in 0.58 sec
2020-03-10 22:47:01.625 15 INFO rally.task.context [-] Task 82369b1d-99da-478b-995d-e765069a40fe | Context cleanup@openstack setup() finished in 0.01 msec
2020-03-10 22:47:01.634 15 RALLYDEBUG rally.task.runner [-] Starting the constant runner (task UUID: 82369b1d-99da-478b-995d-e765069a40fe). timeout: 0 concurrency: 20 concurrency_per_worker: 1 times: 40 concurrency_overhead: 0 processes_to_start: 20 max_cpu_used: 88
2020-03-10 22:47:01.648 4199 RALLYDEBUG rally.task.runner [-] Starting a worker. concurrency: 1 args: {"network_create_args": {}, "port_create_args": {}, "ports_per_network": 5, "port_update_args": {"admin_state_up": false, "device_id": "dummy_id", "device_owner": "dummy_owner", "name": "_port_updated"}} times: 40 method_name: run timeout: 0 duration: None cls:
2020-03-10 22:47:01.651 4200 RALLYDEBUG rally.task.runner [-] Starting a worker. concurrency: 1 args: {"network_create_args": {}, "port_create_args": {}, "ports_per_network": 5, "port_update_args": {"admin_state_up": false, "device_id": "dummy_id", "device_owner": "dummy_owner", "name": "_port_updated"}} times: 40 method_name: run timeout: 0 duration: None cls:
2020-03-10 22:47:01.655 4199 INFO rally.task.runner [-] Task 82369b1d-99da-478b-995d-e765069a40fe | ITER: 1 START
2020-03-10 22:47:01.655 4201 RALLYDEBUG rally.task.runner [-] Starting a worker. concurrency: 1 args: {"network_create_args": {}, "port_create_args": {}, "ports_per_network": 5, "port_update_args": {"admin_state_up": false, "device_id": "dummy_id", "device_owner": "dummy_owner", "name": "_port_updated"}} times: 40 method_name: run timeout: 0 duration: None cls:
2020-03-10 22:47:01.656 4199 WARNING rally_openstack.scenarios.neutron.utils [-] Running this scenario without either the 'network' or 'existing_network' context is deprecated
2020-03-10 22:47:01.658 4200 INFO rally.task.runner [-] Task 82369b1d-99da-478b-995d-e765069a40fe | ITER: 2 START
2020-03-10 22:47:01.659 4200 WARNING rally_openstack.scenarios.neutron.utils [-] Running this scenario without either the 'network' or 'existing_network' context is deprecated
2020-03-10 22:47:01.661 4204 RALLYDEBUG rally.task.runner [-] Starting a worker. concurrency: 1 args: {"network_create_args": {}, "port_create_args": {}, "ports_per_network": 5, "port_update_args": {"admin_state_up": false, "device_id": "dummy_id", "device_owner": "dummy_owner", "name": "_port_updated"}} times: 40 method_name: run timeout: 0 duration: None cls:
2020-03-10 22:47:01.663 4201 INFO rally.task.runner [-] Task 82369b1d-99da-478b-995d-e765069a40fe | ITER: 3 START
2020-03-10 22:47:01.664 4201 WARNING rally_openstack.scenarios.neutron.utils [-] Running this scenario without either the 'network' or 'existing_network' context is deprecated
2020-03-10 22:47:01.664 4207 RALLYDEBUG rally.task.runner [-] Starting a worker. concurrency: 1 args: {"network_create_args": {}, "port_create_args": {}, "ports_per_network": 5, "port_update_args": {"admin_state_up": false, "device_id": "dummy_id", "device_owner": "dummy_owner", "name": "_port_updated"}} times: 40 method_name: run timeout: 0 duration: None cls:
2020-03-10 22:47:01.667 4204 INFO rally.task.runner [-] Task 82369b1d-99da-478b-995d-e765069a40fe | ITER: 4 START
2020-03-10 22:47:01.667 4202 RALLYDEBUG rally.task.runner [-] Starting a worker. concurrency: 1 args: {"network_create_args": {}, "port_create_args": {}, "ports_per_network": 5, "port_update_args": {"admin_state_up": false, "device_id": "dummy_id", "device_owner": "dummy_owner", "name": "_port_updated"}} times: 40 method_name: run timeout: 0 duration: None cls:
2020-03-10 22:47:01.668 4204 WARNING rally_openstack.scenarios.neutron.utils [-] Running this scenario without either the 'network' or 'existing_network' context is deprecated
2020-03-10 22:47:01.668 4210 RALLYDEBUG rally.task.runner [-] Starting a worker. concurrency: 1 args: {"network_create_args": {}, "port_create_args": {}, "ports_per_network": 5, "port_update_args": {"admin_state_up": false, "device_id": "dummy_id", "device_owner": "dummy_owner", "name": "_port_updated"}} times: 40 method_name: run timeout: 0 duration: None cls:
2020-03-10 22:47:01.671 4207 INFO rally.task.runner [-] Task 82369b1d-99da-478b-995d-e765069a40fe | ITER: 5 START
2020-03-10 22:47:01.672 4207 WARNING rally_openstack.scenarios.neutron.utils [-] Running this scenario without either the 'network' or 'existing_network' context is deprecated
2020-03-10 22:47:01.672 4212 RALLYDEBUG rally.task.runner [-] Starting a worker. concurrency: 1 args: {"network_create_args": {}, "port_create_args": {}, "ports_per_network": 5, "port_update_args": {"admin_state_up": false, "device_id": "dummy_id", "device_owner": "dummy_owner", "name": "_port_updated"}} times: 40 method_name: run timeout: 0 duration: None cls:
2020-03-10 22:47:01.674 4210 INFO rally.task.runner [-] Task 82369b1d-99da-478b-995d-e765069a40fe | ITER: 7 START
2020-03-10 22:47:01.674 4215 RALLYDEBUG rally.task.runner [-] Starting a worker. concurrency: 1 args: {"network_create_args": {}, "port_create_args": {}, "ports_per_network": 5, "port_update_args": {"admin_state_up": false, "device_id": "dummy_id", "device_owner": "dummy_owner", "name": "_port_updated"}} times: 40 method_name: run timeout: 0 duration: None cls:
2020-03-10 22:47:01.676 4210 WARNING rally_openstack.scenarios.neutron.utils [-] Running this scenario without either the 'network' or 'existing_network' context is deprecated
2020-03-10 22:47:01.677 4202 INFO rally.task.runner [-] Task 82369b1d-99da-478b-995d-e765069a40fe | ITER: 6 START
2020-03-10 22:47:01.678 4202 WARNING rally_openstack.scenarios.neutron.utils [-] Running this scenario without either the 'network' or 'existing_network' context is deprecated
2020-03-10 22:47:01.678 4212 INFO rally.task.runner [-] Task 82369b1d-99da-478b-995d-e765069a40fe | ITER: 8 START
2020-03-10 22:47:01.678 4218 RALLYDEBUG rally.task.runner [-] Starting a worker. concurrency: 1 args: {"network_create_args": {}, "port_create_args": {}, "ports_per_network": 5, "port_update_args": {"admin_state_up": false, "device_id": "dummy_id", "device_owner": "dummy_owner", "name": "_port_updated"}} times: 40 method_name: run timeout: 0 duration: None cls:
2020-03-10 22:47:01.680 4212 WARNING rally_openstack.scenarios.neutron.utils [-] Running this scenario without either the 'network' or 'existing_network' context is deprecated
2020-03-10 22:47:01.680 4215 INFO rally.task.runner [-] Task 82369b1d-99da-478b-995d-e765069a40fe | ITER: 9 START
2020-03-10 22:47:01.682 4215 WARNING rally_openstack.scenarios.neutron.utils [-] Running this scenario without either the 'network' or 'existing_network' context is deprecated
2020-03-10 22:47:01.684 4223 RALLYDEBUG rally.task.runner [-] Starting a worker. concurrency: 1 args: {"network_create_args": {}, "port_create_args": {}, "ports_per_network": 5, "port_update_args": {"admin_state_up": false, "device_id": "dummy_id", "device_owner": "dummy_owner", "name": "_port_updated"}} times: 40 method_name: run timeout: 0 duration: None cls:
2020-03-10 22:47:01.684 4218 INFO rally.task.runner [-] Task 82369b1d-99da-478b-995d-e765069a40fe | ITER: 10 START
2020-03-10 22:47:01.685 4218 WARNING rally_openstack.scenarios.neutron.utils [-] Running this scenario without either the 'network' or 'existing_network' context is deprecated
2020-03-10 22:47:01.686 4228 RALLYDEBUG rally.task.runner [-] Starting a worker. concurrency: 1 args: {"network_create_args": {}, "port_create_args": {}, "ports_per_network": 5, "port_update_args": {"admin_state_up": false, "device_id": "dummy_id", "device_owner": "dummy_owner", "name": "_port_updated"}} times: 40 method_name: run timeout: 0 duration: None cls:
2020-03-10 22:47:01.689 4223 INFO rally.task.runner [-] Task 82369b1d-99da-478b-995d-e765069a40fe | ITER: 11 START
2020-03-10 22:47:01.691 4223 WARNING rally_openstack.scenarios.neutron.utils [-] Running this scenario without either the 'network' or 'existing_network' context is deprecated
2020-03-10 22:47:01.692 4228 INFO rally.task.runner [-] Task 82369b1d-99da-478b-995d-e765069a40fe | ITER: 12 START
2020-03-10 22:47:01.691 4231 RALLYDEBUG rally.task.runner [-] Starting a worker. concurrency: 1 args: {"network_create_args": {}, "port_create_args": {}, "ports_per_network": 5, "port_update_args": {"admin_state_up": false, "device_id": "dummy_id", "device_owner": "dummy_owner", "name": "_port_updated"}} times: 40 method_name: run timeout: 0 duration: None cls:
2020-03-10 22:47:01.693 4228 WARNING rally_openstack.scenarios.neutron.utils [-] Running this scenario without either the 'network' or 'existing_network' context is deprecated
2020-03-10 22:47:01.695 4232 RALLYDEBUG rally.task.runner [-] Starting a worker. concurrency: 1 args: {"network_create_args": {}, "port_create_args": {}, "ports_per_network": 5, "port_update_args": {"admin_state_up": false, "device_id": "dummy_id", "device_owner": "dummy_owner", "name": "_port_updated"}} times: 40 method_name: run timeout: 0 duration: None cls:
2020-03-10 22:47:01.697 4237 RALLYDEBUG rally.task.runner [-] Starting a worker. concurrency: 1 args: {"network_create_args": {}, "port_create_args": {}, "ports_per_network": 5, "port_update_args": {"admin_state_up": false, "device_id": "dummy_id", "device_owner": "dummy_owner", "name": "_port_updated"}} times: 40 method_name: run timeout: 0 duration: None cls:
2020-03-10 22:47:01.698 4231 INFO rally.task.runner [-] Task 82369b1d-99da-478b-995d-e765069a40fe | ITER: 13 START
2020-03-10 22:47:01.699 4231 WARNING rally_openstack.scenarios.neutron.utils [-] Running this scenario without either the 'network' or 'existing_network' context is deprecated
2020-03-10 22:47:01.700 4238 RALLYDEBUG rally.task.runner [-] Starting a worker. concurrency: 1 args: {"network_create_args": {}, "port_create_args": {}, "ports_per_network": 5, "port_update_args": {"admin_state_up": false, "device_id": "dummy_id", "device_owner": "dummy_owner", "name": "_port_updated"}} times: 40 method_name: run timeout: 0 duration: None cls:
2020-03-10 22:47:01.701 4232 INFO rally.task.runner [-] Task 82369b1d-99da-478b-995d-e765069a40fe | ITER: 14 START
2020-03-10 22:47:01.702 4232 WARNING rally_openstack.scenarios.neutron.utils [-] Running this scenario without either the 'network' or 'existing_network' context is deprecated
2020-03-10 22:47:01.702 4237 INFO rally.task.runner [-] Task 82369b1d-99da-478b-995d-e765069a40fe | ITER: 15 START
2020-03-10 22:47:01.704 4237 WARNING rally_openstack.scenarios.neutron.utils [-] Running this scenario without either the 'network' or 'existing_network' context is deprecated
2020-03-10 22:47:01.705 4238 INFO rally.task.runner [-] Task 82369b1d-99da-478b-995d-e765069a40fe | ITER: 16 START
2020-03-10 22:47:01.706 4238 WARNING rally_openstack.scenarios.neutron.utils [-] Running this scenario without either the 'network' or 'existing_network' context is deprecated
2020-03-10 22:47:01.706 4241 RALLYDEBUG rally.task.runner [-] Starting a worker. concurrency: 1 args: {"network_create_args": {}, "port_create_args": {}, "ports_per_network": 5, "port_update_args": {"admin_state_up": false, "device_id": "dummy_id", "device_owner": "dummy_owner", "name": "_port_updated"}} times: 40 method_name: run timeout: 0 duration: None cls:
2020-03-10 22:47:01.710 4246 RALLYDEBUG rally.task.runner [-] Starting a worker. concurrency: 1 args: {"network_create_args": {}, "port_create_args": {}, "ports_per_network": 5, "port_update_args": {"admin_state_up": false, "device_id": "dummy_id", "device_owner": "dummy_owner", "name": "_port_updated"}} times: 40 method_name: run timeout: 0 duration: None cls:
2020-03-10 22:47:01.711 4249 RALLYDEBUG rally.task.runner [-] Starting a worker. concurrency: 1 args: {"network_create_args": {}, "port_create_args": {}, "ports_per_network": 5, "port_update_args": {"admin_state_up": false, "device_id": "dummy_id", "device_owner": "dummy_owner", "name": "_port_updated"}} times: 40 method_name: run timeout: 0 duration: None cls:
2020-03-10 22:47:01.712 4241 INFO rally.task.runner [-] Task 82369b1d-99da-478b-995d-e765069a40fe | ITER: 17 START
2020-03-10 22:47:01.714 4241 WARNING rally_openstack.scenarios.neutron.utils [-] Running this scenario without either the 'network' or 'existing_network' context is deprecated
2020-03-10 22:47:01.716 4249 INFO rally.task.runner [-] Task 82369b1d-99da-478b-995d-e765069a40fe | ITER: 19 START
2020-03-10 22:47:01.716 4246 INFO rally.task.runner [-] Task 82369b1d-99da-478b-995d-e765069a40fe | ITER: 18 START
2020-03-10 22:47:01.716 4249 WARNING rally_openstack.scenarios.neutron.utils [-] Running this scenario without either the 'network' or 'existing_network' context is deprecated
2020-03-10 22:47:01.717 4246 WARNING rally_openstack.scenarios.neutron.utils [-] Running this scenario without either the 'network' or 'existing_network' context is deprecated
2020-03-10 22:47:01.718 4250 RALLYDEBUG rally.task.runner [-] Starting a worker. concurrency: 1 args: {"network_create_args": {}, "port_create_args": {}, "ports_per_network": 5, "port_update_args": {"admin_state_up": false, "device_id": "dummy_id", "device_owner": "dummy_owner", "name": "_port_updated"}} times: 40 method_name: run timeout: 0 duration: None cls:
2020-03-10 22:47:01.725 4250 INFO rally.task.runner [-] Task 82369b1d-99da-478b-995d-e765069a40fe | ITER: 20 START
2020-03-10 22:47:01.726 4250 WARNING rally_openstack.scenarios.neutron.utils [-] Running this scenario without either the 'network' or 'existing_network' context is deprecated
2020-03-10 22:47:31.911 4246 INFO rally.task.runner [-] Task 82369b1d-99da-478b-995d-e765069a40fe | ITER: 18 END: OK
2020-03-10 22:47:31.918 4246 INFO rally.task.runner [-] Task 82369b1d-99da-478b-995d-e765069a40fe | ITER: 21 START
2020-03-10 22:47:31.919 4246 WARNING rally_openstack.scenarios.neutron.utils [-] Running this scenario without either the 'network' or 'existing_network' context is deprecated
2020-03-10 22:47:32.247 4204 INFO rally.task.runner [-] Task 82369b1d-99da-478b-995d-e765069a40fe | ITER: 4 END: OK
2020-03-10 22:47:32.255 4204 INFO rally.task.runner [-] Task 82369b1d-99da-478b-995d-e765069a40fe | ITER: 22 START
2020-03-10 22:47:32.256 4204 WARNING rally_openstack.scenarios.neutron.utils [-] Running this scenario without either the 'network' or 'existing_network' context is deprecated
2020-03-10 22:47:32.772 4200 INFO rally.task.runner [-] Task 82369b1d-99da-478b-995d-e765069a40fe | ITER: 2 END: OK
2020-03-10 22:47:32.780 4200 INFO rally.task.runner [-] Task 82369b1d-99da-478b-995d-e765069a40fe | ITER: 23 START
2020-03-10 22:47:32.781 4200 WARNING rally_openstack.scenarios.neutron.utils [-] Running this scenario without either the 'network' or 'existing_network' context is deprecated
2020-03-10 22:47:33.113 4210 INFO rally.task.runner [-] Task 82369b1d-99da-478b-995d-e765069a40fe | ITER: 7 END: OK
2020-03-10 22:47:33.121 4210 INFO rally.task.runner [-] Task 82369b1d-99da-478b-995d-e765069a40fe | ITER: 24 START
2020-03-10 22:47:33.122 4210 WARNING rally_openstack.scenarios.neutron.utils [-] Running this scenario without either the 'network' or 'existing_network' context is deprecated
2020-03-10 22:47:33.231 4249 INFO rally.task.runner [-] Task 82369b1d-99da-478b-995d-e765069a40fe | ITER: 19 END: OK
2020-03-10 22:47:33.240 4249 INFO rally.task.runner [-] Task 82369b1d-99da-478b-995d-e765069a40fe | ITER: 25 START
2020-03-10 22:47:33.240 4249 WARNING rally_openstack.scenarios.neutron.utils [-] Running this scenario without either the 'network' or 'existing_network' context is deprecated
2020-03-10 22:47:34.372 4212 INFO rally.task.runner [-] Task 82369b1d-99da-478b-995d-e765069a40fe | ITER: 8 END: OK
2020-03-10 22:47:34.380 4212 INFO rally.task.runner [-] Task 82369b1d-99da-478b-995d-e765069a40fe | ITER: 26 START
2020-03-10 22:47:34.381 4212 WARNING rally_openstack.scenarios.neutron.utils [-] Running this scenario without either the 'network' or 'existing_network' context is deprecated
2020-03-10 22:47:37.515 4218 INFO rally.task.runner [-] Task 82369b1d-99da-478b-995d-e765069a40fe | ITER: 10 END: OK
2020-03-10 22:47:37.523 4218 INFO rally.task.runner [-] Task 82369b1d-99da-478b-995d-e765069a40fe | ITER: 27 START
2020-03-10 22:47:37.524 4218 WARNING rally_openstack.scenarios.neutron.utils [-] Running this scenario without either the 'network' or 'existing_network' context is deprecated
2020-03-10 22:47:37.560 4215 INFO rally.task.runner [-] Task 82369b1d-99da-478b-995d-e765069a40fe | ITER: 9 END: OK
2020-03-10 22:47:37.568 4215 INFO rally.task.runner [-] Task 82369b1d-99da-478b-995d-e765069a40fe | ITER: 28 START
2020-03-10 22:47:37.569 4215 WARNING rally_openstack.scenarios.neutron.utils [-] Running this scenario without either the 'network' or 'existing_network' context is deprecated
2020-03-10 22:47:37.983 4202 INFO rally.task.runner [-] Task 82369b1d-99da-478b-995d-e765069a40fe | ITER: 6 END: OK
2020-03-10 22:47:37.993 4202 INFO rally.task.runner [-] Task 82369b1d-99da-478b-995d-e765069a40fe | ITER: 29 START
2020-03-10 22:47:37.994 4202 WARNING rally_openstack.scenarios.neutron.utils [-] Running this scenario without either the 'network' or 'existing_network' context is deprecated
2020-03-10 22:47:40.798 4232 INFO rally.task.runner [-] Task 82369b1d-99da-478b-995d-e765069a40fe | ITER: 14 END: OK
2020-03-10 22:47:40.805 4232 INFO rally.task.runner [-] Task 82369b1d-99da-478b-995d-e765069a40fe | ITER: 30 START
2020-03-10 22:47:40.806 4232 WARNING rally_openstack.scenarios.neutron.utils [-] Running this scenario without either the 'network' or 'existing_network' context is deprecated
2020-03-10 22:47:41.281 4207 INFO rally.task.runner [-] Task 82369b1d-99da-478b-995d-e765069a40fe | ITER: 5 END: OK
2020-03-10 22:47:41.290 4207 INFO rally.task.runner [-] Task 82369b1d-99da-478b-995d-e765069a40fe | ITER: 31 START
2020-03-10 22:47:41.291 4207 WARNING rally_openstack.scenarios.neutron.utils [-] Running this scenario without either the 'network' or 'existing_network' context is deprecated
2020-03-10 22:47:44.419 4238 INFO rally.task.runner [-] Task 82369b1d-99da-478b-995d-e765069a40fe | ITER: 16 END: OK
2020-03-10 22:47:44.427 4238 INFO rally.task.runner [-] Task 82369b1d-99da-478b-995d-e765069a40fe | ITER: 32 START
2020-03-10 22:47:44.428 4238 WARNING rally_openstack.scenarios.neutron.utils [-] Running this scenario without either the 'network' or 'existing_network' context is deprecated
2020-03-10 22:47:44.549 4228 INFO rally.task.runner [-] Task 82369b1d-99da-478b-995d-e765069a40fe | ITER: 12 END: OK
2020-03-10 22:47:44.556 4228 INFO rally.task.runner [-] Task 82369b1d-99da-478b-995d-e765069a40fe | ITER: 33 START
2020-03-10 22:47:44.557 4228 WARNING rally_openstack.scenarios.neutron.utils [-] Running this scenario without either the 'network' or 'existing_network' context is deprecated
2020-03-10 22:47:45.660 4199 INFO rally.task.runner [-] Task 82369b1d-99da-478b-995d-e765069a40fe | ITER: 1 END: OK
2020-03-10 22:47:45.669 4199 INFO rally.task.runner [-] Task 82369b1d-99da-478b-995d-e765069a40fe | ITER: 34 START
2020-03-10 22:47:45.670 4199 WARNING rally_openstack.scenarios.neutron.utils [-] Running this scenario without either the 'network' or 'existing_network' context is deprecated
2020-03-10 22:47:46.062 4237 INFO rally.task.runner [-] Task 82369b1d-99da-478b-995d-e765069a40fe | ITER: 15 END: OK
2020-03-10 22:47:46.070 4237 INFO rally.task.runner [-] Task 82369b1d-99da-478b-995d-e765069a40fe | ITER: 35 START
2020-03-10 22:47:46.071 4237 WARNING rally_openstack.scenarios.neutron.utils [-] Running this scenario without either the 'network' or 'existing_network' context is deprecated
2020-03-10 22:47:46.086 4250 INFO rally.task.runner [-] Task 82369b1d-99da-478b-995d-e765069a40fe | ITER: 20 END: OK
2020-03-10 22:47:46.092 4250 INFO rally.task.runner [-] Task 82369b1d-99da-478b-995d-e765069a40fe | ITER: 36 START
2020-03-10 22:47:46.093 4250 WARNING rally_openstack.scenarios.neutron.utils [-] Running this scenario without either the 'network' or 'existing_network' context is deprecated
2020-03-10 22:47:46.516 4201 INFO rally.task.runner [-] Task 82369b1d-99da-478b-995d-e765069a40fe | ITER: 3 END: OK
2020-03-10 22:47:46.525 4201 INFO rally.task.runner [-] Task 82369b1d-99da-478b-995d-e765069a40fe | ITER: 37 START
2020-03-10 22:47:46.526 4201 WARNING rally_openstack.scenarios.neutron.utils [-] Running this scenario without either the 'network' or 'existing_network' context is deprecated
2020-03-10 22:47:48.527 4241 INFO rally.task.runner [-] Task 82369b1d-99da-478b-995d-e765069a40fe | ITER: 17 END: OK
2020-03-10 22:47:48.534 4241 INFO rally.task.runner [-] Task 82369b1d-99da-478b-995d-e765069a40fe | ITER: 38 START
2020-03-10 22:47:48.535 4241 WARNING rally_openstack.scenarios.neutron.utils [-] Running this scenario without either the 'network' or 'existing_network' context is deprecated
2020-03-10 22:47:48.876 4223 INFO rally.task.runner [-] Task 82369b1d-99da-478b-995d-e765069a40fe | ITER: 11 END: OK
2020-03-10 22:47:48.884 4223 INFO rally.task.runner [-] Task 82369b1d-99da-478b-995d-e765069a40fe | ITER: 39 START
2020-03-10 22:47:48.885 4223 WARNING rally_openstack.scenarios.neutron.utils [-] Running this scenario without either the 'network' or 'existing_network' context is deprecated
2020-03-10 22:47:49.169 4231 INFO rally.task.runner [-] Task 82369b1d-99da-478b-995d-e765069a40fe | ITER: 13 END: OK
2020-03-10 22:47:49.176 4231 INFO rally.task.runner [-] Task 82369b1d-99da-478b-995d-e765069a40fe | ITER: 40 START
2020-03-10 22:47:49.177 4231 WARNING rally_openstack.scenarios.neutron.utils [-] Running this scenario without either the 'network' or 'existing_network' context is deprecated
2020-03-10 22:48:06.511 4210 INFO rally.task.runner [-] Task 82369b1d-99da-478b-995d-e765069a40fe | ITER: 24 END: OK
2020-03-10 22:48:06.514 4246 INFO rally.task.runner [-] Task 82369b1d-99da-478b-995d-e765069a40fe | ITER: 21 END: OK
2020-03-10 22:48:06.697 4204 INFO rally.task.runner [-] Task 82369b1d-99da-478b-995d-e765069a40fe | ITER: 22 END: OK
2020-03-10 22:48:07.274 4212 INFO rally.task.runner [-] Task 82369b1d-99da-478b-995d-e765069a40fe | ITER: 26 END: OK
2020-03-10 22:48:07.424 4202 INFO rally.task.runner [-] Task 82369b1d-99da-478b-995d-e765069a40fe | ITER: 29 END: OK
2020-03-10 22:48:07.428 4215 INFO rally.task.runner [-] Task 82369b1d-99da-478b-995d-e765069a40fe | ITER: 28 END: OK
2020-03-10 22:48:07.779 4200 INFO rally.task.runner [-] Task 82369b1d-99da-478b-995d-e765069a40fe | ITER: 23 END: OK
2020-03-10 22:48:08.820 4218 INFO rally.task.runner [-] Task 82369b1d-99da-478b-995d-e765069a40fe | ITER: 27 END: OK
2020-03-10 22:48:09.974 4250 INFO rally.task.runner [-] Task 82369b1d-99da-478b-995d-e765069a40fe | ITER: 36 END: OK
2020-03-10 22:48:10.766 4232 INFO rally.task.runner [-] Task 82369b1d-99da-478b-995d-e765069a40fe | ITER: 30 END: OK
2020-03-10 22:48:11.230 4249 INFO rally.task.runner [-] Task 82369b1d-99da-478b-995d-e765069a40fe | ITER: 25 END: OK
2020-03-10 22:48:12.741 4241 INFO rally.task.runner [-] Task 82369b1d-99da-478b-995d-e765069a40fe | ITER: 38 END: OK
2020-03-10 22:48:13.214 4228 INFO rally.task.runner [-] Task 82369b1d-99da-478b-995d-e765069a40fe | ITER: 33 END: OK
2020-03-10 22:48:13.754 4207 INFO rally.task.runner [-] Task 82369b1d-99da-478b-995d-e765069a40fe | ITER: 31 END: OK
2020-03-10 22:48:14.296 4199 INFO rally.task.runner [-] Task 82369b1d-99da-478b-995d-e765069a40fe | ITER: 34 END: OK
2020-03-10 22:48:15.713 4237 INFO rally.task.runner [-] Task 82369b1d-99da-478b-995d-e765069a40fe | ITER: 35 END: OK
2020-03-10 22:48:16.548 4201 INFO rally.task.runner [-] Task 82369b1d-99da-478b-995d-e765069a40fe | ITER: 37 END: OK
2020-03-10 22:48:17.560 4231 INFO rally.task.runner [-] Task 82369b1d-99da-478b-995d-e765069a40fe | ITER: 40 END: OK
2020-03-10 22:48:17.589 4238 INFO rally.task.runner [-] Task 82369b1d-99da-478b-995d-e765069a40fe | ITER: 32 END: OK
2020-03-10 22:48:18.909 4223 INFO rally.task.runner [-] Task 82369b1d-99da-478b-995d-e765069a40fe | ITER: 39 END: OK
2020-03-10 22:48:18.933 15 INFO rally.task.context [-] Task 82369b1d-99da-478b-995d-e765069a40fe | Context cleanup@openstack cleanup() started
2020-03-10 22:48:18.937 15 RALLYDEBUG rally_openstack.cleanup.manager [-] Cleaning up neutron vip objects
2020-03-10 22:48:19.096 15 RALLYDEBUG rally_openstack.cleanup.manager [-] Cleaning up neutron health_monitor objects
2020-03-10 22:48:19.229 15 RALLYDEBUG rally_openstack.cleanup.manager [-] Cleaning up neutron pool objects
2020-03-10 22:48:19.387 15 RALLYDEBUG rally_openstack.cleanup.manager [-] Cleaning up neutron loadbalancer objects
2020-03-10 22:48:19.561 15 RALLYDEBUG rally_openstack.cleanup.manager [-] Cleaning up neutron floatingip objects
2020-03-10 22:48:19.734 15 RALLYDEBUG rally_openstack.cleanup.manager [-] Cleaning up neutron trunk objects
2020-03-10 22:48:19.886 15 DEBUG neutronclient.v2_0.client [-] Error message: {"message": "The resource could not be found.

\n\n\n", "code": "404 Not Found", "title": "Not Found"} _handle_fault_response /usr/lib/python2.7/site-packages/neutronclient/v2_0/client.py:259
2020-03-10 22:48:19.895 15 RALLYDEBUG rally_openstack.cleanup.manager [-] Cleaning up neutron port objects
2020-03-10 22:48:20.783 15 RALLYDEBUG rally_openstack.cleanup.manager [-] Deleting neutron.port object s_rally_41d27d2d_uph4O34o (00a59927-0490-4afa-a64e-6ce19aaba80d)
2020-03-10 22:48:20.795 15 RALLYDEBUG rally_openstack.cleanup.manager [-] Deleting neutron.port object s_rally_41d27d2d_iqioyJ8h (07b98824-d9b0-4d80-9f2f-cd9ebb03faa8)
2020-03-10 22:48:20.794 15 RALLYDEBUG rally_openstack.cleanup.manager [-] Deleting neutron.port object s_rally_41d27d2d_GM82AtQT (0ebe40f2-4467-4bb3-baf2-af398b2439c7)
2020-03-10 22:48:20.797 15 RALLYDEBUG rally_openstack.cleanup.manager [-] Deleting neutron.port object s_rally_41d27d2d_pWpK21pb (0dfacd9d-656f-48ed-b972-61393592483d)
2020-03-10 22:48:20.797 15 RALLYDEBUG rally_openstack.cleanup.manager [-] Deleting neutron.port object s_rally_41d27d2d_SFq11LCY (0aa8ff83-a084-468e-92ed-fbcac2e3adb4)
2020-03-10 22:48:20.803 15 RALLYDEBUG rally_openstack.cleanup.manager [-] Deleting neutron.port object s_rally_41d27d2d_eGQRjU73 (12722e22-d491-4195-9779-97c4f4059126)
2020-03-10 22:48:20.804 15 RALLYDEBUG rally_openstack.cleanup.manager [-] Deleting neutron.port object s_rally_41d27d2d_WVUvvimw (0dfa80b4-bb4e-4ac6-a207-66f9feb2be65)
2020-03-10 22:48:20.795 15 RALLYDEBUG rally_openstack.cleanup.manager [-] Deleting neutron.port object s_rally_41d27d2d_l43PWAQ1 (0140f063-69b4-4328-ab3d-a7b32aa06695)
