2020-03-10 22:30:05.017 15 INFO rally.task.context [-] Task 82369b1d-99da-478b-995d-e765069a40fe | Context quotas@openstack cleanup() finished in 74.47 msec
2020-03-10 22:30:05.018 15 INFO rally.task.context [-] Task 82369b1d-99da-478b-995d-e765069a40fe | Context users@openstack cleanup() started
2020-03-10 22:30:07.431 15 INFO rally.task.context [-] Task 82369b1d-99da-478b-995d-e765069a40fe | Context users@openstack cleanup() finished in 2.41 sec
2020-03-10 22:30:09.274 15 INFO rally.task.engine [-] Load duration is: 81.08467
2020-03-10 22:30:09.275 15 INFO rally.task.engine [-] Full runner duration is: 81.128694
2020-03-10 22:30:09.275 15 INFO rally.task.engine [-] Full duration is: 143.053028
2020-03-10 22:30:09.385 15 INFO rally.task.engine [-] Running workload: position = 2 config = { "version": 2, "title": "A cropped version of a bigger task.", "description": "Auto-generated task from a single workload (uuid=d3c86d26-9764-40b2-b774-ea24a5bec170)", "subtasks": [ { "title": "NeutronNetworks.create_and_delete_subnets", "description": "Create and delete a given number of subnets.", "scenario": { "NeutronNetworks.create_and_delete_subnets": { "network_create_args": {}, "subnet_create_args": {}, "subnet_cidr_start": "1.1.0.0/30", "subnets_per_network": 2 } }, "contexts": { "users": { "tenants": 1, "users_per_tenant": 1 }, "quotas": { "neutron": { "network": -1, "subnet": -1 } } }, "runner": { "constant": { "times": 40, "concurrency": 20 } }, "hooks": [], "sla": { "failure_rate": { "max": 0 } } } ] }
2020-03-10 22:30:09.402 15 RALLYDEBUG rally_openstack.contexts.keystone.users [-] Creating 1 tenants using 20 threads
2020-03-10 22:30:09.746 15 RALLYDEBUG rally_openstack.contexts.keystone.users [-] Creating 1 users using 20 threads
2020-03-10 22:30:10.156 15 INFO rally.task.context [-] Task 82369b1d-99da-478b-995d-e765069a40fe | Context users@openstack setup() finished in 0.75 sec
2020-03-10 22:30:10.583 15 INFO rally.task.context [-] Task 82369b1d-99da-478b-995d-e765069a40fe | Context quotas@openstack setup() finished in 0.43 sec
2020-03-10 22:30:10.584 15 INFO rally.task.context [-] Task 82369b1d-99da-478b-995d-e765069a40fe | Context cleanup@openstack setup() finished in 0.01 msec
2020-03-10 22:30:10.593 15 RALLYDEBUG rally.task.runner [-] Starting the constant runner (task UUID: 82369b1d-99da-478b-995d-e765069a40fe). timeout: 0 concurrency: 20 concurrency_per_worker: 1 times: 40 concurrency_overhead: 0 processes_to_start: 20 max_cpu_used: 88
2020-03-10 22:30:10.607 2269 RALLYDEBUG rally.task.runner [-] Starting a worker. concurrency: 1 args: {"network_create_args": {}, "subnet_create_args": {}, "subnet_cidr_start": "1.1.0.0/30", "subnets_per_network": 2} times: 40 method_name: run timeout: 0 duration: None cls:
2020-03-10 22:30:10.610 2270 RALLYDEBUG rally.task.runner [-] Starting a worker. concurrency: 1 args: {"network_create_args": {}, "subnet_create_args": {}, "subnet_cidr_start": "1.1.0.0/30", "subnets_per_network": 2} times: 40 method_name: run timeout: 0 duration: None cls:
2020-03-10 22:30:10.614 2269 INFO rally.task.runner [-] Task 82369b1d-99da-478b-995d-e765069a40fe | ITER: 1 START
2020-03-10 22:30:10.614 2271 RALLYDEBUG rally.task.runner [-] Starting a worker. concurrency: 1 args: {"network_create_args": {}, "subnet_create_args": {}, "subnet_cidr_start": "1.1.0.0/30", "subnets_per_network": 2} times: 40 method_name: run timeout: 0 duration: None cls:
2020-03-10 22:30:10.615 2269 WARNING rally_openstack.scenarios.neutron.utils [-] Running this scenario without either the 'network' or 'existing_network' context is deprecated
2020-03-10 22:30:10.617 2270 INFO rally.task.runner [-] Task 82369b1d-99da-478b-995d-e765069a40fe | ITER: 2 START
2020-03-10 22:30:10.617 2272 RALLYDEBUG rally.task.runner [-] Starting a worker. concurrency: 1 args: {"network_create_args": {}, "subnet_create_args": {}, "subnet_cidr_start": "1.1.0.0/30", "subnets_per_network": 2} times: 40 method_name: run timeout: 0 duration: None cls:
2020-03-10 22:30:10.618 2270 WARNING rally_openstack.scenarios.neutron.utils [-] Running this scenario without either the 'network' or 'existing_network' context is deprecated
2020-03-10 22:30:10.621 2271 INFO rally.task.runner [-] Task 82369b1d-99da-478b-995d-e765069a40fe | ITER: 3 START
2020-03-10 22:30:10.620 2274 RALLYDEBUG rally.task.runner [-] Starting a worker. concurrency: 1 args: {"network_create_args": {}, "subnet_create_args": {}, "subnet_cidr_start": "1.1.0.0/30", "subnets_per_network": 2} times: 40 method_name: run timeout: 0 duration: None cls:
2020-03-10 22:30:10.622 2271 WARNING rally_openstack.scenarios.neutron.utils [-] Running this scenario without either the 'network' or 'existing_network' context is deprecated
2020-03-10 22:30:10.623 2272 INFO rally.task.runner [-] Task 82369b1d-99da-478b-995d-e765069a40fe | ITER: 4 START
2020-03-10 22:30:10.623 2278 RALLYDEBUG rally.task.runner [-] Starting a worker. concurrency: 1 args: {"network_create_args": {}, "subnet_create_args": {}, "subnet_cidr_start": "1.1.0.0/30", "subnets_per_network": 2} times: 40 method_name: run timeout: 0 duration: None cls:
2020-03-10 22:30:10.624 2272 WARNING rally_openstack.scenarios.neutron.utils [-] Running this scenario without either the 'network' or 'existing_network' context is deprecated
2020-03-10 22:30:10.627 2274 INFO rally.task.runner [-] Task 82369b1d-99da-478b-995d-e765069a40fe | ITER: 5 START
2020-03-10 22:30:10.627 2279 RALLYDEBUG rally.task.runner [-] Starting a worker. concurrency: 1 args: {"network_create_args": {}, "subnet_create_args": {}, "subnet_cidr_start": "1.1.0.0/30", "subnets_per_network": 2} times: 40 method_name: run timeout: 0 duration: None cls:
2020-03-10 22:30:10.628 2274 WARNING rally_openstack.scenarios.neutron.utils [-] Running this scenario without either the 'network' or 'existing_network' context is deprecated
2020-03-10 22:30:10.630 2278 INFO rally.task.runner [-] Task 82369b1d-99da-478b-995d-e765069a40fe | ITER: 6 START
2020-03-10 22:30:10.629 2284 RALLYDEBUG rally.task.runner [-] Starting a worker. concurrency: 1 args: {"network_create_args": {}, "subnet_create_args": {}, "subnet_cidr_start": "1.1.0.0/30", "subnets_per_network": 2} times: 40 method_name: run timeout: 0 duration: None cls:
2020-03-10 22:30:10.631 2278 WARNING rally_openstack.scenarios.neutron.utils [-] Running this scenario without either the 'network' or 'existing_network' context is deprecated
2020-03-10 22:30:10.633 2279 INFO rally.task.runner [-] Task 82369b1d-99da-478b-995d-e765069a40fe | ITER: 7 START
2020-03-10 22:30:10.633 2286 RALLYDEBUG rally.task.runner [-] Starting a worker. concurrency: 1 args: {"network_create_args": {}, "subnet_create_args": {}, "subnet_cidr_start": "1.1.0.0/30", "subnets_per_network": 2} times: 40 method_name: run timeout: 0 duration: None cls:
2020-03-10 22:30:10.634 2279 WARNING rally_openstack.scenarios.neutron.utils [-] Running this scenario without either the 'network' or 'existing_network' context is deprecated
2020-03-10 22:30:10.636 2284 INFO rally.task.runner [-] Task 82369b1d-99da-478b-995d-e765069a40fe | ITER: 8 START
2020-03-10 22:30:10.636 2290 RALLYDEBUG rally.task.runner [-] Starting a worker. concurrency: 1 args: {"network_create_args": {}, "subnet_create_args": {}, "subnet_cidr_start": "1.1.0.0/30", "subnets_per_network": 2} times: 40 method_name: run timeout: 0 duration: None cls:
2020-03-10 22:30:10.637 2284 WARNING rally_openstack.scenarios.neutron.utils [-] Running this scenario without either the 'network' or 'existing_network' context is deprecated
2020-03-10 22:30:10.639 2286 INFO rally.task.runner [-] Task 82369b1d-99da-478b-995d-e765069a40fe | ITER: 9 START
2020-03-10 22:30:10.639 2293 RALLYDEBUG rally.task.runner [-] Starting a worker. concurrency: 1 args: {"network_create_args": {}, "subnet_create_args": {}, "subnet_cidr_start": "1.1.0.0/30", "subnets_per_network": 2} times: 40 method_name: run timeout: 0 duration: None cls:
2020-03-10 22:30:10.640 2286 WARNING rally_openstack.scenarios.neutron.utils [-] Running this scenario without either the 'network' or 'existing_network' context is deprecated
2020-03-10 22:30:10.642 2296 RALLYDEBUG rally.task.runner [-] Starting a worker. concurrency: 1 args: {"network_create_args": {}, "subnet_create_args": {}, "subnet_cidr_start": "1.1.0.0/30", "subnets_per_network": 2} times: 40 method_name: run timeout: 0 duration: None cls:
2020-03-10 22:30:10.644 2293 INFO rally.task.runner [-] Task 82369b1d-99da-478b-995d-e765069a40fe | ITER: 11 START
2020-03-10 22:30:10.646 2293 WARNING rally_openstack.scenarios.neutron.utils [-] Running this scenario without either the 'network' or 'existing_network' context is deprecated
2020-03-10 22:30:10.646 2299 RALLYDEBUG rally.task.runner [-] Starting a worker. concurrency: 1 args: {"network_create_args": {}, "subnet_create_args": {}, "subnet_cidr_start": "1.1.0.0/30", "subnets_per_network": 2} times: 40 method_name: run timeout: 0 duration: None cls:
2020-03-10 22:30:10.648 2296 INFO rally.task.runner [-] Task 82369b1d-99da-478b-995d-e765069a40fe | ITER: 12 START
2020-03-10 22:30:10.649 2296 WARNING rally_openstack.scenarios.neutron.utils [-] Running this scenario without either the 'network' or 'existing_network' context is deprecated
2020-03-10 22:30:10.649 2301 RALLYDEBUG rally.task.runner [-] Starting a worker. concurrency: 1 args: {"network_create_args": {}, "subnet_create_args": {}, "subnet_cidr_start": "1.1.0.0/30", "subnets_per_network": 2} times: 40 method_name: run timeout: 0 duration: None cls:
2020-03-10 22:30:10.652 2290 INFO rally.task.runner [-] Task 82369b1d-99da-478b-995d-e765069a40fe | ITER: 10 START
2020-03-10 22:30:10.652 2299 INFO rally.task.runner [-] Task 82369b1d-99da-478b-995d-e765069a40fe | ITER: 13 START
2020-03-10 22:30:10.653 2290 WARNING rally_openstack.scenarios.neutron.utils [-] Running this scenario without either the 'network' or 'existing_network' context is deprecated
2020-03-10 22:30:10.652 2304 RALLYDEBUG rally.task.runner [-] Starting a worker. concurrency: 1 args: {"network_create_args": {}, "subnet_create_args": {}, "subnet_cidr_start": "1.1.0.0/30", "subnets_per_network": 2} times: 40 method_name: run timeout: 0 duration: None cls:
2020-03-10 22:30:10.653 2299 WARNING rally_openstack.scenarios.neutron.utils [-] Running this scenario without either the 'network' or 'existing_network' context is deprecated
2020-03-10 22:30:10.655 2307 RALLYDEBUG rally.task.runner [-] Starting a worker. concurrency: 1 args: {"network_create_args": {}, "subnet_create_args": {}, "subnet_cidr_start": "1.1.0.0/30", "subnets_per_network": 2} times: 40 method_name: run timeout: 0 duration: None cls:
2020-03-10 22:30:10.658 2304 INFO rally.task.runner [-] Task 82369b1d-99da-478b-995d-e765069a40fe | ITER: 15 START
2020-03-10 22:30:10.657 2311 RALLYDEBUG rally.task.runner [-] Starting a worker. concurrency: 1 args: {"network_create_args": {}, "subnet_create_args": {}, "subnet_cidr_start": "1.1.0.0/30", "subnets_per_network": 2} times: 40 method_name: run timeout: 0 duration: None cls:
2020-03-10 22:30:10.659 2304 WARNING rally_openstack.scenarios.neutron.utils [-] Running this scenario without either the 'network' or 'existing_network' context is deprecated
2020-03-10 22:30:10.659 2301 INFO rally.task.runner [-] Task 82369b1d-99da-478b-995d-e765069a40fe | ITER: 14 START
2020-03-10 22:30:10.660 2307 INFO rally.task.runner [-] Task 82369b1d-99da-478b-995d-e765069a40fe | ITER: 16 START
2020-03-10 22:30:10.661 2301 WARNING rally_openstack.scenarios.neutron.utils [-] Running this scenario without either the 'network' or 'existing_network' context is deprecated
2020-03-10 22:30:10.661 2307 WARNING rally_openstack.scenarios.neutron.utils [-] Running this scenario without either the 'network' or 'existing_network' context is deprecated
2020-03-10 22:30:10.661 2313 RALLYDEBUG rally.task.runner [-] Starting a worker. concurrency: 1 args: {"network_create_args": {}, "subnet_create_args": {}, "subnet_cidr_start": "1.1.0.0/30", "subnets_per_network": 2} times: 40 method_name: run timeout: 0 duration: None cls:
2020-03-10 22:30:10.663 2311 INFO rally.task.runner [-] Task 82369b1d-99da-478b-995d-e765069a40fe | ITER: 17 START
2020-03-10 22:30:10.664 2311 WARNING rally_openstack.scenarios.neutron.utils [-] Running this scenario without either the 'network' or 'existing_network' context is deprecated
2020-03-10 22:30:10.664 2316 RALLYDEBUG rally.task.runner [-] Starting a worker. concurrency: 1 args: {"network_create_args": {}, "subnet_create_args": {}, "subnet_cidr_start": "1.1.0.0/30", "subnets_per_network": 2} times: 40 method_name: run timeout: 0 duration: None cls:
2020-03-10 22:30:10.667 2313 INFO rally.task.runner [-] Task 82369b1d-99da-478b-995d-e765069a40fe | ITER: 18 START
2020-03-10 22:30:10.667 2320 RALLYDEBUG rally.task.runner [-] Starting a worker. concurrency: 1 args: {"network_create_args": {}, "subnet_create_args": {}, "subnet_cidr_start": "1.1.0.0/30", "subnets_per_network": 2} times: 40 method_name: run timeout: 0 duration: None cls:
2020-03-10 22:30:10.668 2313 WARNING rally_openstack.scenarios.neutron.utils [-] Running this scenario without either the 'network' or 'existing_network' context is deprecated
2020-03-10 22:30:10.670 2316 INFO rally.task.runner [-] Task 82369b1d-99da-478b-995d-e765069a40fe | ITER: 19 START
2020-03-10 22:30:10.671 2316 WARNING rally_openstack.scenarios.neutron.utils [-] Running this scenario without either the 'network' or 'existing_network' context is deprecated
2020-03-10 22:30:10.673 2320 INFO rally.task.runner [-] Task 82369b1d-99da-478b-995d-e765069a40fe | ITER: 20 START
2020-03-10 22:30:10.674 2320 WARNING rally_openstack.scenarios.neutron.utils [-] Running this scenario without either the 'network' or 'existing_network' context is deprecated
2020-03-10 22:30:14.350 2270 RALLYDEBUG rally_openstack.wrappers.network [-] CIDR generated: 1.1.4.96/30
2020-03-10 22:30:14.408 2290 RALLYDEBUG rally_openstack.wrappers.network [-] CIDR generated: 1.1.4.100/30
2020-03-10 22:30:14.461 2272 RALLYDEBUG rally_openstack.wrappers.network [-] CIDR generated: 1.1.4.104/30
2020-03-10 22:30:14.567 2269 RALLYDEBUG rally_openstack.wrappers.network [-] CIDR generated: 1.1.4.108/30
2020-03-10 22:30:14.571 2271 RALLYDEBUG rally_openstack.wrappers.network [-] CIDR generated: 1.1.4.112/30
2020-03-10 22:30:14.594 2274 RALLYDEBUG rally_openstack.wrappers.network [-] CIDR generated: 1.1.4.116/30
2020-03-10 22:30:14.641 2320 RALLYDEBUG rally_openstack.wrappers.network [-] CIDR generated: 1.1.4.120/30
2020-03-10 22:30:14.667 2296 RALLYDEBUG rally_openstack.wrappers.network [-] CIDR generated: 1.1.4.124/30
2020-03-10 22:30:14.683 2293 RALLYDEBUG rally_openstack.wrappers.network [-] CIDR generated: 1.1.4.128/30
2020-03-10 22:30:14.693 2279 RALLYDEBUG rally_openstack.wrappers.network [-] CIDR generated: 1.1.4.132/30
2020-03-10 22:30:14.712 2307 RALLYDEBUG rally_openstack.wrappers.network [-] CIDR generated: 1.1.4.136/30
2020-03-10 22:30:14.713 2301 RALLYDEBUG rally_openstack.wrappers.network [-] CIDR generated: 1.1.4.140/30
2020-03-10 22:30:14.736 2284 RALLYDEBUG rally_openstack.wrappers.network [-] CIDR generated: 1.1.4.144/30
2020-03-10 22:30:14.768 2311 RALLYDEBUG rally_openstack.wrappers.network [-] CIDR generated: 1.1.4.148/30
2020-03-10 22:30:14.795 2278 RALLYDEBUG rally_openstack.wrappers.network [-] CIDR generated: 1.1.4.152/30
2020-03-10 22:30:14.829 2286 RALLYDEBUG rally_openstack.wrappers.network [-] CIDR generated: 1.1.4.156/30
2020-03-10 22:30:14.906 2304 RALLYDEBUG rally_openstack.wrappers.network [-] CIDR generated: 1.1.4.160/30
2020-03-10 22:30:14.913 2316 RALLYDEBUG rally_openstack.wrappers.network [-] CIDR generated: 1.1.4.164/30
2020-03-10 22:30:14.964 2313 RALLYDEBUG rally_openstack.wrappers.network [-] CIDR generated: 1.1.4.168/30
2020-03-10 22:30:15.069 2299 RALLYDEBUG rally_openstack.wrappers.network [-] CIDR generated: 1.1.4.172/30
2020-03-10 22:30:17.001 2270 RALLYDEBUG rally_openstack.wrappers.network [-] CIDR generated: 1.1.4.176/30
2020-03-10 22:30:17.315 2293 RALLYDEBUG rally_openstack.wrappers.network [-] CIDR generated: 1.1.4.180/30
2020-03-10 22:30:17.713 2290 RALLYDEBUG rally_openstack.wrappers.network [-] CIDR generated: 1.1.4.184/30
2020-03-10 22:30:18.350 2272 RALLYDEBUG rally_openstack.wrappers.network [-] CIDR generated: 1.1.4.188/30
2020-03-10 22:30:18.830 2320 RALLYDEBUG rally_openstack.wrappers.network [-] CIDR generated: 1.1.4.192/30
2020-03-10 22:30:19.109 2316 RALLYDEBUG rally_openstack.wrappers.network [-] CIDR generated: 1.1.4.196/30
2020-03-10 22:30:19.139 2271 RALLYDEBUG rally_openstack.wrappers.network [-] CIDR generated: 1.1.4.200/30
2020-03-10 22:30:19.247 2284 RALLYDEBUG rally_openstack.wrappers.network [-] CIDR generated: 1.1.4.204/30
2020-03-10 22:30:19.298 2274 RALLYDEBUG rally_openstack.wrappers.network [-] CIDR generated: 1.1.4.208/30
2020-03-10 22:30:19.380 2313 RALLYDEBUG rally_openstack.wrappers.network [-] CIDR generated: 1.1.4.212/30
2020-03-10 22:30:19.486 2304 RALLYDEBUG rally_openstack.wrappers.network [-] CIDR generated: 1.1.4.216/30
2020-03-10 22:30:19.604 2279 RALLYDEBUG rally_openstack.wrappers.network [-] CIDR generated: 1.1.4.220/30
2020-03-10 22:30:20.024 2301 RALLYDEBUG rally_openstack.wrappers.network [-] CIDR generated: 1.1.4.224/30
2020-03-10 22:30:20.380 2286 RALLYDEBUG rally_openstack.wrappers.network [-] CIDR generated: 1.1.4.228/30
2020-03-10 22:30:20.687 2269 RALLYDEBUG rally_openstack.wrappers.network [-] CIDR generated: 1.1.4.232/30
2020-03-10 22:30:20.709 2296 RALLYDEBUG rally_openstack.wrappers.network [-] CIDR generated: 1.1.4.236/30
2020-03-10 22:30:20.857 2311 RALLYDEBUG rally_openstack.wrappers.network [-] CIDR generated: 1.1.4.240/30
2020-03-10 22:30:20.936 2278 RALLYDEBUG rally_openstack.wrappers.network [-] CIDR generated: 1.1.4.244/30
2020-03-10 22:30:21.060 2307 RALLYDEBUG rally_openstack.wrappers.network [-] CIDR generated: 1.1.4.248/30
2020-03-10 22:30:21.229 2299 RALLYDEBUG rally_openstack.wrappers.network [-] CIDR generated: 1.1.4.252/30
2020-03-10 22:30:21.646 2290 INFO rally.task.runner [-] Task 82369b1d-99da-478b-995d-e765069a40fe | ITER: 10 END: OK
2020-03-10 22:30:21.651 2290 INFO rally.task.runner [-] Task 82369b1d-99da-478b-995d-e765069a40fe | ITER: 21 START
2020-03-10 22:30:21.652 2290 WARNING rally_openstack.scenarios.neutron.utils [-] Running this scenario without either the 'network' or 'existing_network' context is deprecated
2020-03-10 22:30:22.102 2284 INFO rally.task.runner [-] Task 82369b1d-99da-478b-995d-e765069a40fe | ITER: 8 END: OK
2020-03-10 22:30:22.108 2284 INFO rally.task.runner [-] Task 82369b1d-99da-478b-995d-e765069a40fe | ITER: 22 START
2020-03-10 22:30:22.108 2284 WARNING rally_openstack.scenarios.neutron.utils [-] Running this scenario without either the 'network' or 'existing_network' context is deprecated
2020-03-10 22:30:22.274 2270 INFO rally.task.runner [-] Task 82369b1d-99da-478b-995d-e765069a40fe | ITER: 2 END: OK
2020-03-10 22:30:22.279 2270 INFO rally.task.runner [-] Task 82369b1d-99da-478b-995d-e765069a40fe | ITER: 23 START
2020-03-10 22:30:22.280 2270 WARNING rally_openstack.scenarios.neutron.utils [-] Running this scenario without either the 'network' or 'existing_network' context is deprecated
2020-03-10 22:30:22.329 2271 INFO rally.task.runner [-] Task 82369b1d-99da-478b-995d-e765069a40fe | ITER: 3 END: OK
2020-03-10 22:30:22.335 2271 INFO rally.task.runner [-] Task 82369b1d-99da-478b-995d-e765069a40fe | ITER: 24 START
2020-03-10 22:30:22.335 2271 WARNING rally_openstack.scenarios.neutron.utils [-] Running this scenario without either the 'network' or 'existing_network' context is deprecated
2020-03-10 22:30:22.425 2290 RALLYDEBUG rally_openstack.wrappers.network [-] CIDR generated: 1.1.5.0/30
2020-03-10 22:30:23.019 2284 RALLYDEBUG rally_openstack.wrappers.network [-] CIDR generated: 1.1.5.4/30
2020-03-10 22:30:23.093 2313 INFO rally.task.runner [-] Task 82369b1d-99da-478b-995d-e765069a40fe | ITER: 18 END: OK
2020-03-10 22:30:23.098 2313 INFO rally.task.runner [-] Task 82369b1d-99da-478b-995d-e765069a40fe | ITER: 25 START
2020-03-10 22:30:23.099 2313 WARNING rally_openstack.scenarios.neutron.utils [-] Running this scenario without either the 'network' or 'existing_network' context is deprecated
2020-03-10 22:30:23.870 2270 RALLYDEBUG rally_openstack.wrappers.network [-] CIDR generated: 1.1.5.8/30
2020-03-10 22:30:24.028 2271 RALLYDEBUG rally_openstack.wrappers.network [-] CIDR generated: 1.1.5.12/30
2020-03-10 22:30:25.364 2316 INFO rally.task.runner [-] Task 82369b1d-99da-478b-995d-e765069a40fe | ITER: 19 END: OK
2020-03-10 22:30:25.366 2313 RALLYDEBUG rally_openstack.wrappers.network [-] CIDR generated: 1.1.5.16/30
2020-03-10 22:30:25.370 2316 INFO rally.task.runner [-] Task 82369b1d-99da-478b-995d-e765069a40fe | ITER: 26 START
2020-03-10 22:30:25.370 2316 WARNING rally_openstack.scenarios.neutron.utils [-] Running this scenario without either the 'network' or 'existing_network' context is deprecated
2020-03-10 22:30:25.397 2301 INFO rally.task.runner [-] Task 82369b1d-99da-478b-995d-e765069a40fe | ITER: 14 END: OK
2020-03-10 22:30:25.402 2301 INFO rally.task.runner [-] Task 82369b1d-99da-478b-995d-e765069a40fe | ITER: 27 START
2020-03-10 22:30:25.403 2301 WARNING rally_openstack.scenarios.neutron.utils [-] Running this scenario without either the 'network' or 'existing_network' context is deprecated
2020-03-10 22:30:25.715 2270 RALLYDEBUG rally_openstack.wrappers.network [-] CIDR generated: 1.1.5.20/30
2020-03-10 22:30:25.789 2272 INFO rally.task.runner [-] Task 82369b1d-99da-478b-995d-e765069a40fe | ITER: 4 END: OK
2020-03-10 22:30:25.794 2272 INFO rally.task.runner [-] Task 82369b1d-99da-478b-995d-e765069a40fe | ITER: 28 START
2020-03-10 22:30:25.795 2272 WARNING rally_openstack.scenarios.neutron.utils [-] Running this scenario without either the 'network' or 'existing_network' context is deprecated
2020-03-10 22:30:25.843 2320 INFO rally.task.runner [-] Task 82369b1d-99da-478b-995d-e765069a40fe | ITER: 20 END: OK
2020-03-10 22:30:25.848 2320 INFO rally.task.runner [-] Task 82369b1d-99da-478b-995d-e765069a40fe | ITER: 29 START
2020-03-10 22:30:25.849 2320 WARNING rally_openstack.scenarios.neutron.utils [-] Running this scenario without either the 'network' or 'existing_network' context is deprecated
2020-03-10 22:30:25.875 2290 RALLYDEBUG rally_openstack.wrappers.network [-] CIDR generated: 1.1.5.24/30
2020-03-10 22:30:26.006 2293 INFO rally.task.runner [-] Task 82369b1d-99da-478b-995d-e765069a40fe | ITER: 11 END: OK
2020-03-10 22:30:26.011 2293 INFO rally.task.runner [-] Task 82369b1d-99da-478b-995d-e765069a40fe | ITER: 30 START
2020-03-10 22:30:26.011 2293 WARNING rally_openstack.scenarios.neutron.utils [-] Running this scenario without either the 'network' or 'existing_network' context is deprecated
2020-03-10 22:30:26.034 2316 RALLYDEBUG rally_openstack.wrappers.network [-] CIDR generated: 1.1.5.28/30
2020-03-10 22:30:26.334 2301 RALLYDEBUG rally_openstack.wrappers.network [-] CIDR generated: 1.1.5.32/30
2020-03-10 22:30:26.518 2284 RALLYDEBUG rally_openstack.wrappers.network [-] CIDR generated: 1.1.5.36/30
2020-03-10 22:30:26.541 2271 RALLYDEBUG rally_openstack.wrappers.network [-] CIDR generated: 1.1.5.40/30
2020-03-10 22:30:26.704 2313 RALLYDEBUG rally_openstack.wrappers.network [-] CIDR generated: 1.1.5.44/30
2020-03-10 22:30:27.068 2272 RALLYDEBUG rally_openstack.wrappers.network [-] CIDR generated: 1.1.5.48/30
2020-03-10 22:30:27.137 2320 RALLYDEBUG rally_openstack.wrappers.network [-] CIDR generated: 1.1.5.52/30
2020-03-10 22:30:27.366 2293 RALLYDEBUG rally_openstack.wrappers.network [-] CIDR generated: 1.1.5.56/30
2020-03-10 22:30:27.757 2316 RALLYDEBUG rally_openstack.wrappers.network [-] CIDR generated: 1.1.5.60/30
2020-03-10 22:30:27.875 2286 INFO rally.task.runner [-] Task 82369b1d-99da-478b-995d-e765069a40fe | ITER: 9 END: OK
2020-03-10 22:30:27.880 2286 INFO rally.task.runner [-] Task 82369b1d-99da-478b-995d-e765069a40fe | ITER: 31 START
2020-03-10 22:30:27.880 2286 WARNING rally_openstack.scenarios.neutron.utils [-] Running this scenario without either the 'network' or 'existing_network' context is deprecated
2020-03-10 22:30:27.903 2307 INFO rally.task.runner [-] Task 82369b1d-99da-478b-995d-e765069a40fe | ITER: 16 END: OK
2020-03-10 22:30:27.907 2307 INFO rally.task.runner [-] Task 82369b1d-99da-478b-995d-e765069a40fe | ITER: 32 START
2020-03-10 22:30:27.908 2307 WARNING rally_openstack.scenarios.neutron.utils [-] Running this scenario without either the 'network' or 'existing_network' context is deprecated
2020-03-10 22:30:28.919 2311 INFO rally.task.runner [-] Task 82369b1d-99da-478b-995d-e765069a40fe | ITER: 17 END: OK
2020-03-10 22:30:28.924 2311 INFO rally.task.runner [-] Task 82369b1d-99da-478b-995d-e765069a40fe | ITER: 33 START
2020-03-10 22:30:28.925 2311 WARNING rally_openstack.scenarios.neutron.utils [-] Running this scenario without either the 'network' or 'existing_network' context is deprecated
2020-03-10 22:30:28.967 2274 INFO rally.task.runner [-] Task 82369b1d-99da-478b-995d-e765069a40fe | ITER: 5 END: OK
2020-03-10 22:30:28.972 2274 INFO rally.task.runner [-] Task 82369b1d-99da-478b-995d-e765069a40fe | ITER: 34 START
2020-03-10 22:30:28.973 2274 WARNING rally_openstack.scenarios.neutron.utils [-] Running this scenario without either the 'network' or 'existing_network' context is deprecated
2020-03-10 22:30:29.052 2301 RALLYDEBUG rally_openstack.wrappers.network [-] CIDR generated: 1.1.5.64/30
2020-03-10 22:30:29.054 2279 INFO rally.task.runner [-] Task 82369b1d-99da-478b-995d-e765069a40fe | ITER: 7 END: OK
2020-03-10 22:30:29.058 2279 INFO rally.task.runner [-] Task 82369b1d-99da-478b-995d-e765069a40fe | ITER: 35 START
2020-03-10 22:30:29.059 2279 WARNING rally_openstack.scenarios.neutron.utils [-] Running this scenario without either the 'network' or 'existing_network' context is deprecated
2020-03-10 22:30:29.063 2286 RALLYDEBUG rally_openstack.wrappers.network [-] CIDR generated: 1.1.5.68/30
2020-03-10 22:30:29.218 2296 INFO rally.task.runner [-] Task 82369b1d-99da-478b-995d-e765069a40fe | ITER: 12 END: OK
2020-03-10 22:30:29.223 2296 INFO rally.task.runner [-] Task 82369b1d-99da-478b-995d-e765069a40fe | ITER: 36 START
2020-03-10 22:30:29.224 2296 WARNING rally_openstack.scenarios.neutron.utils [-] Running this scenario without either the 'network' or 'existing_network' context is deprecated
2020-03-10 22:30:29.313 2307 RALLYDEBUG rally_openstack.wrappers.network [-] CIDR generated: 1.1.5.72/30
2020-03-10 22:30:29.332 2272 RALLYDEBUG rally_openstack.wrappers.network [-] CIDR generated: 1.1.5.76/30
2020-03-10 22:30:29.930 2320 RALLYDEBUG rally_openstack.wrappers.network [-] CIDR generated: 1.1.5.80/30
2020-03-10 22:30:30.300 2304 INFO rally.task.runner [-] Task 82369b1d-99da-478b-995d-e765069a40fe | ITER: 15 END: OK
2020-03-10 22:30:30.305 2304 INFO rally.task.runner [-] Task 82369b1d-99da-478b-995d-e765069a40fe | ITER: 37 START
2020-03-10 22:30:30.306 2304 WARNING rally_openstack.scenarios.neutron.utils [-] Running this scenario without either the 'network' or 'existing_network' context is deprecated
2020-03-10 22:30:30.329 2270 INFO rally.task.runner [-] Task 82369b1d-99da-478b-995d-e765069a40fe | ITER: 23 END: OK
2020-03-10 22:30:30.333 2270 INFO rally.task.runner [-] Task 82369b1d-99da-478b-995d-e765069a40fe | ITER: 38 START
2020-03-10 22:30:30.334 2270 WARNING rally_openstack.scenarios.neutron.utils [-] Running this scenario without either the 'network' or 'existing_network' context is deprecated
2020-03-10 22:30:30.352 2293 RALLYDEBUG rally_openstack.wrappers.network [-] CIDR generated: 1.1.5.84/30
2020-03-10 22:30:30.693 2290 INFO rally.task.runner [-] Task 82369b1d-99da-478b-995d-e765069a40fe | ITER: 21 END: OK
2020-03-10 22:30:30.697 2290 INFO rally.task.runner [-] Task 82369b1d-99da-478b-995d-e765069a40fe | ITER: 39 START
2020-03-10 22:30:30.698 2290 WARNING rally_openstack.scenarios.neutron.utils [-] Running this scenario without either the 'network' or 'existing_network' context is deprecated
2020-03-10 22:30:30.759 2311 RALLYDEBUG rally_openstack.wrappers.network [-] CIDR generated: 1.1.5.88/30
2020-03-10 22:30:30.760 2274 RALLYDEBUG rally_openstack.wrappers.network [-] CIDR generated: 1.1.5.92/30
2020-03-10 22:30:31.251 2279 RALLYDEBUG rally_openstack.wrappers.network [-] CIDR generated: 1.1.5.96/30
2020-03-10 22:30:31.299 2296 RALLYDEBUG rally_openstack.wrappers.network [-] CIDR generated: 1.1.5.100/30
2020-03-10 22:30:31.763 2313 INFO rally.task.runner [-] Task 82369b1d-99da-478b-995d-e765069a40fe | ITER: 25 END: OK
2020-03-10 22:30:31.767 2313 INFO rally.task.runner [-] Task 82369b1d-99da-478b-995d-e765069a40fe | ITER: 40 START
2020-03-10 22:30:31.768 2313 WARNING rally_openstack.scenarios.neutron.utils [-] Running this scenario without either the 'network' or 'existing_network' context is deprecated
2020-03-10 22:30:31.955 2299 INFO rally.task.runner [-] Task 82369b1d-99da-478b-995d-e765069a40fe | ITER: 13 END: OK
2020-03-10 22:30:32.061 2284 INFO rally.task.runner [-] Task 82369b1d-99da-478b-995d-e765069a40fe | ITER: 22 END: OK
2020-03-10 22:30:32.426 2269 INFO rally.task.runner [-] Task 82369b1d-99da-478b-995d-e765069a40fe | ITER: 1 END: OK
2020-03-10 22:30:32.435 2271 INFO rally.task.runner [-] Task 82369b1d-99da-478b-995d-e765069a40fe | ITER: 24 END: OK
2020-03-10 22:30:32.456 2278 INFO rally.task.runner [-] Task 82369b1d-99da-478b-995d-e765069a40fe | ITER: 6 END: OK
2020-03-10 22:30:32.543 2304 RALLYDEBUG rally_openstack.wrappers.network [-] CIDR generated: 1.1.5.104/30
2020-03-10 22:30:32.707 2270 RALLYDEBUG rally_openstack.wrappers.network [-] CIDR generated: 1.1.5.108/30
2020-03-10 22:30:32.922 2290 RALLYDEBUG rally_openstack.wrappers.network [-] CIDR generated: 1.1.5.112/30
2020-03-10 22:30:33.044 2286 RALLYDEBUG rally_openstack.wrappers.network [-] CIDR generated: 1.1.5.116/30
2020-03-10 22:30:33.281 2313 RALLYDEBUG rally_openstack.wrappers.network [-] CIDR generated: 1.1.5.120/30
2020-03-10 22:30:33.322 2307 RALLYDEBUG rally_openstack.wrappers.network [-] CIDR generated: 1.1.5.124/30
2020-03-10 22:30:33.888 2316 INFO rally.task.runner [-] Task 82369b1d-99da-478b-995d-e765069a40fe | ITER: 26 END: OK
2020-03-10 22:30:34.534 2272 INFO rally.task.runner [-] Task 82369b1d-99da-478b-995d-e765069a40fe | ITER: 28 END: OK
2020-03-10 22:30:34.629 2311 RALLYDEBUG rally_openstack.wrappers.network [-] CIDR generated: 1.1.5.128/30
2020-03-10 22:30:34.666 2296 RALLYDEBUG rally_openstack.wrappers.network [-] CIDR generated: 1.1.5.132/30
2020-03-10 22:30:34.813 2320 INFO rally.task.runner [-] Task 82369b1d-99da-478b-995d-e765069a40fe | ITER: 29 END: OK
2020-03-10 22:30:35.633 2301 INFO rally.task.runner [-] Task 82369b1d-99da-478b-995d-e765069a40fe | ITER: 27 END: OK
2020-03-10 22:30:36.356 2279 RALLYDEBUG rally_openstack.wrappers.network [-] CIDR generated: 1.1.5.136/30
2020-03-10 22:30:36.887 2274 RALLYDEBUG rally_openstack.wrappers.network [-] CIDR generated: 1.1.5.140/30
2020-03-10 22:30:37.244 2304 RALLYDEBUG rally_openstack.wrappers.network [-] CIDR generated: 1.1.5.144/30
2020-03-10 22:30:37.423 2270 RALLYDEBUG rally_openstack.wrappers.network [-] CIDR generated: 1.1.5.148/30
2020-03-10 22:30:37.531 2293 INFO rally.task.runner [-] Task 82369b1d-99da-478b-995d-e765069a40fe | ITER: 30 END: OK
2020-03-10 22:30:37.615 2313 RALLYDEBUG rally_openstack.wrappers.network [-] CIDR generated: 1.1.5.152/30
2020-03-10 22:30:37.623 2290 RALLYDEBUG rally_openstack.wrappers.network [-] CIDR generated: 1.1.5.156/30
2020-03-10 22:30:38.470 2311 INFO rally.task.runner [-] Task 82369b1d-99da-478b-995d-e765069a40fe | ITER: 33 END: OK
2020-03-10 22:30:38.633 2286 INFO rally.task.runner [-] Task 82369b1d-99da-478b-995d-e765069a40fe | ITER: 31 END: OK
2020-03-10 22:30:39.064 2307 INFO rally.task.runner [-] Task 82369b1d-99da-478b-995d-e765069a40fe | ITER: 32 END: OK
2020-03-10 22:30:39.480 2274 INFO rally.task.runner [-] Task 82369b1d-99da-478b-995d-e765069a40fe | ITER: 34 END: OK
2020-03-10 22:30:39.621 2296 INFO rally.task.runner [-] Task 82369b1d-99da-478b-995d-e765069a40fe | ITER: 36 END: OK
2020-03-10 22:30:40.339 2304 INFO rally.task.runner [-] Task 82369b1d-99da-478b-995d-e765069a40fe | ITER: 37 END: OK
2020-03-10 22:30:41.308 2279 INFO rally.task.runner [-] Task 82369b1d-99da-478b-995d-e765069a40fe | ITER: 35 END: OK
2020-03-10 22:30:41.791 2270 INFO rally.task.runner [-] Task 82369b1d-99da-478b-995d-e765069a40fe | ITER: 38 END: OK
2020-03-10 22:30:42.435 2290 INFO rally.task.runner [-] Task 82369b1d-99da-478b-995d-e765069a40fe | ITER: 39 END: OK
2020-03-10 22:30:42.619 2313 INFO rally.task.runner [-] Task 82369b1d-99da-478b-995d-e765069a40fe | ITER: 40 END: OK
2020-03-10 22:30:42.640 15 INFO rally.task.context [-] Task 82369b1d-99da-478b-995d-e765069a40fe | Context cleanup@openstack cleanup() started
2020-03-10 22:30:42.643 15 RALLYDEBUG rally_openstack.cleanup.manager [-] Cleaning up neutron vip objects
2020-03-10 22:30:42.790 15 RALLYDEBUG rally_openstack.cleanup.manager [-] Cleaning up neutron health_monitor objects
2020-03-10 22:30:42.950 15 RALLYDEBUG rally_openstack.cleanup.manager [-] Cleaning up neutron pool objects
2020-03-10 22:30:43.098 15 RALLYDEBUG rally_openstack.cleanup.manager [-] Cleaning up neutron loadbalancer objects
2020-03-10 22:30:43.269 15 RALLYDEBUG rally_openstack.cleanup.manager [-] Cleaning up neutron floatingip objects
2020-03-10 22:30:43.441 15 RALLYDEBUG rally_openstack.cleanup.manager [-] Cleaning up neutron trunk objects
2020-03-10 22:30:43.616 15 DEBUG neutronclient.v2_0.client [-] Error message: {"message": "The resource could not be found.

\n\n\n", "code": "404 Not Found", "title": "Not Found"} _handle_fault_response /usr/lib/python2.7/site-packages/neutronclient/v2_0/client.py:259
2020-03-10 22:30:43.623 15 RALLYDEBUG rally_openstack.cleanup.manager [-] Cleaning up neutron port objects
2020-03-10 22:30:43.817 15 RALLYDEBUG rally_openstack.cleanup.manager [-] Cleaning up neutron subnet objects
2020-03-10 22:30:44.042 15 RALLYDEBUG rally_openstack.cleanup.manager [-] Cleaning up neutron network objects
2020-03-10 22:30:44.594 15 RALLYDEBUG rally_openstack.cleanup.manager [-] Deleting neutron.network object s_rally_d3c86d26_12mOYynM (206a3cd9-4cb5-4d88-9df0-0664900ac26c)
2020-03-10 22:30:44.596 15 RALLYDEBUG rally_openstack.cleanup.manager [-] Deleting neutron.network object s_rally_d3c86d26_drkdwQFS (20efc9e5-acab-4843-bd71-6797b76b4bf9)
2020-03-10 22:30:44.598 15 RALLYDEBUG rally_openstack.cleanup.manager [-] Deleting neutron.network object s_rally_d3c86d26_9USVyDmy (1a43dbd0-6526-4cee-a153-14c8ddf4fcc2)
2020-03-10 22:30:44.599 15 RALLYDEBUG rally_openstack.cleanup.manager [-] Deleting neutron.network object s_rally_d3c86d26_XEQQXKFq (2064dc12-b8c8-4abe-89d7-268cf42df833)
2020-03-10 22:30:44.604 15 RALLYDEBUG rally_openstack.cleanup.manager [-] Deleting neutron.network object s_rally_d3c86d26_27bMAZRp (3be01db4-849c-45c5-9f89-7b79357dfb8b)
2020-03-10 22:30:44.607 15 RALLYDEBUG rally_openstack.cleanup.manager [-] Deleting neutron.network object s_rally_d3c86d26_1Yugejt4 (0ddfd242-7c80-43ce-8cb1-a2a6e833f4dd)
2020-03-10 22:30:44.608 15 RALLYDEBUG rally_openstack.cleanup.manager [-] Deleting neutron.network object s_rally_d3c86d26_GMpQRJBq (33764cf3-0052-4862-9165-e362235ee599)
2020-03-10 22:30:44.622 15 RALLYDEBUG rally_openstack.cleanup.manager [-] Deleting neutron.network object s_rally_d3c86d26_ezYQjlzX (3e1ef2e4-37db-4f48-994b-1cb873790d1b)
2020-03-10 22:30:44.662 15 RALLYDEBUG rally_openstack.cleanup.manager [-] Deleting neutron.network object s_rally_d3c86d26_QXlYjEAV (43d49704-89fb-4533-b196-04b58a763974)
2020-03-10 22:30:44.711 15 RALLYDEBUG rally_openstack.cleanup.manager [-] Deleting neutron.network object s_rally_d3c86d26_DnqnbJqt (4741ba59-82b7-486f-a58b-605228c7b7e1)
2020-03-10 22:30:44.719 15 RALLYDEBUG rally_openstack.cleanup.manager [-] Deleting neutron.network object s_rally_d3c86d26_mKAdJOCW (602f91c7-a5fd-4d44-b57c-b738c9808864)
2020-03-10 22:30:44.729 15 RALLYDEBUG rally_openstack.cleanup.manager [-] Deleting neutron.network object s_rally_d3c86d26_BsSHh073 (628770ba-4570-4d5e-a875-962559938aa7)
2020-03-10 22:30:44.730 15 RALLYDEBUG rally_openstack.cleanup.manager [-] Deleting neutron.network object s_rally_d3c86d26_QS49gfIl (55e02483-7a2d-4434-9d0e-0bd680cfb9e6)
2020-03-10 22:30:44.755 15 RALLYDEBUG rally_openstack.cleanup.manager [-] Deleting neutron.network object s_rally_d3c86d26_IZsB0Xrm (53f48157-68bb-4e28-aa5d-a2de21516865)
2020-03-10 22:30:44.772 15 RALLYDEBUG rally_openstack.cleanup.manager [-] Deleting neutron.network object s_rally_d3c86d26_qM6MtOvl (585c4bd5-8078-4105-99c2-161d86dfeb73)
2020-03-10 22:30:44.788 15 RALLYDEBUG rally_openstack.cleanup.manager [-] Deleting neutron.network object s_rally_d3c86d26_QGdEy4XO (4fe33395-0897-4e87-a587-5a8b32d08982)
2020-03-10 22:30:44.821 15 RALLYDEBUG rally_openstack.cleanup.manager [-] Deleting neutron.network object s_rally_d3c86d26_qCyGyGVm (684eb214-1d39-42cd-91f5-6899bd844b6e)
2020-03-10 22:30:44.855 15 RALLYDEBUG rally_openstack.cleanup.manager [-] Deleting neutron.network object s_rally_d3c86d26_jxr9k8yZ (68aa119e-4c1e-470f-81a6-8c76fa41461b)
2020-03-10 22:30:44.852 15 RALLYDEBUG rally_openstack.cleanup.manager [-] Deleting neutron.network object s_rally_d3c86d26_LMPCADm7 (654cf314-844f-41ff-820d-0c505209c4a5)
2020-03-10 22:30:44.884 15 RALLYDEBUG rally_openstack.cleanup.manager [-] Deleting neutron.network object s_rally_d3c86d26_CwK4Sv4F (72f92757-30f0-4bde-9ad4-e3992ee68a82)
2020-03-10 22:30:47.166 15 RALLYDEBUG rally_openstack.cleanup.manager [-] Deleting neutron.network object s_rally_d3c86d26_5S5hVxur (7819123a-432c-43f2-a2ec-96b0a3e9a60d)
2020-03-10 22:30:47.230 15 RALLYDEBUG rally_openstack.cleanup.manager [-] Deleting neutron.network object s_rally_d3c86d26_QGyCwszS (84fe35e6-8ed2-464b-ba34-88f69c14dbc9)
2020-03-10 22:30:47.284 15 RALLYDEBUG rally_openstack.cleanup.manager [-] Deleting neutron.network object s_rally_d3c86d26_688OyMJN (883b59aa-1d85-4041-b027-b45b6f9afc93)
2020-03-10 22:30:47.428 15 RALLYDEBUG rally_openstack.cleanup.manager [-] Deleting neutron.network object s_rally_d3c86d26_SqGO9HDB (8f206f9a-8438-4778-bb60-9d95a5d30c4d)
2020-03-10 22:30:48.018 15 RALLYDEBUG rally_openstack.cleanup.manager [-] Deleting neutron.network object s_rally_d3c86d26_XBQuLKHH (92447f59-fa7f-4988-b984-348d606d851f)
2020-03-10 22:30:48.279 15 RALLYDEBUG rally_openstack.cleanup.manager [-] Deleting neutron.network object s_rally_d3c86d26_XUJBgOW5 (9613664d-958a-40a4-b7f7-14489e327e23)
2020-03-10 22:30:48.422 15 RALLYDEBUG rally_openstack.cleanup.manager [-] Deleting neutron.network object s_rally_d3c86d26_4q1oZymU (9839541c-ce4e-4ae1-bac3-e35a2ab7676d)
2020-03-10 22:30:48.436 15 RALLYDEBUG rally_openstack.cleanup.manager [-] Deleting neutron.network object s_rally_d3c86d26_4vIB7m6Q (9bf0522a-9f47-473d-9f5e-82eb3670586e)
2020-03-10 22:30:48.472 15 RALLYDEBUG rally_openstack.cleanup.manager [-] Deleting neutron.network object s_rally_d3c86d26_OhenqiGl (a9bb8e57-3ed5-4782-973a-b1359f70e31d)
2020-03-10 22:30:48.586 15 RALLYDEBUG rally_openstack.cleanup.manager [-] Deleting neutron.network object s_rally_d3c86d26_C7WdBOdQ (adaa2429-92c4-4ca1-864a-151d63f34518)
2020-03-10 22:30:48.630 15 RALLYDEBUG rally_openstack.cleanup.manager [-] Deleting neutron.network object s_rally_d3c86d26_grPxz0GI (afa2f3be-a001-4aac-84bf-647db85d1d9a)
2020-03-10 22:30:48.671 15 RALLYDEBUG rally_openstack.cleanup.manager [-] Deleting neutron.network object s_rally_d3c86d26_G3A9pOpw (b05d4013-c42c-447c-bc66-2389bc73b077)
2020-03-10 22:30:48.690 15 RALLYDEBUG rally_openstack.cleanup.manager [-] Deleting neutron.network object s_rally_d3c86d26_4MlObt3W (bab9a671-da18-4355-989b-8f7613aa8cb3)
2020-03-10 22:30:48.700 15 RALLYDEBUG rally_openstack.cleanup.manager [-] Deleting neutron.network object s_rally_d3c86d26_VKYgbuTJ (c09b3809-b8ca-4420-9f05-1fc911e566b2)
2020-03-10 22:30:48.712 15 RALLYDEBUG rally_openstack.cleanup.manager [-] Deleting neutron.network object s_rally_d3c86d26_FYWa5vaP (c1b847a3-5277-4418-933d-cb862baa372d)
2020-03-10 22:30:48.745 15 RALLYDEBUG rally_openstack.cleanup.manager [-] Deleting neutron.network object s_rally_d3c86d26_AI46RBPe (df2e29f4-b083-4f36-9725-8dee339596ff)
2020-03-10 22:30:48.795 15 RALLYDEBUG rally_openstack.cleanup.manager [-] Deleting neutron.network object s_rally_d3c86d26_LzSM2QlU (e624860f-9149-424e-b70e-22d3634853d2)
2020-03-10 22:30:48.834 15 RALLYDEBUG rally_openstack.cleanup.manager [-] Deleting neutron.network object s_rally_d3c86d26_limlO6E4 (e80c23d9-f211-4784-9de6-455956e6469b)
2020-03-10 22:30:48.952 15 RALLYDEBUG rally_openstack.cleanup.manager [-] Deleting neutron.network object s_rally_d3c86d26_a3up2a8m (ecd631eb-4f5e-491e-ba38-fd3233de6a17)
2020-03-10 22:30:48.990 15 RALLYDEBUG rally_openstack.cleanup.manager [-] Deleting neutron.network object s_rally_d3c86d26_wXmFXSKM (fe100bb9-bada-4c83-b280-57caa24c4052)
2020-03-10 22:30:52.118 15 RALLYDEBUG rally_openstack.cleanup.manager [-] Cleaning up neutron router objects
2020-03-10 22:30:52.336 15 RALLYDEBUG rally_openstack.cleanup.manager [-] Cleaning up neutron security_group objects
2020-03-10 22:30:52.563 15 INFO rally.task.context [-] Task 82369b1d-99da-478b-995d-e765069a40fe | Context cleanup@openstack cleanup() finished in 9.92 sec
2020-03-10 22:30:52.563 15 INFO rally.task.context [-] Task 82369b1d-99da-478b-995d-e765069a40fe | Context quotas@openstack cleanup() started
2020-03-10 22:30:52.628 15 INFO rally.task.context [-] Task 82369b1d-99da-478b-995d-e765069a40fe | Context quotas@openstack cleanup() finished in 64.83 msec
2020-03-10 22:30:52.629 15 INFO rally.task.context [-] Task 82369b1d-99da-478b-995d-e765069a40fe | Context users@openstack cleanup() started
2020-03-10 22:30:53.932 15 INFO rally.task.context [-] Task 82369b1d-99da-478b-995d-e765069a40fe | Context users@openstack cleanup() finished in 1.30 sec
2020-03-10 22:30:55.580 15 INFO rally.task.engine [-] Load duration is: 32.003296
2020-03-10 22:30:55.581 15 INFO rally.task.engine [-] Full runner duration is: 32.047264
2020-03-10 22:30:55.581 15 INFO rally.task.engine [-] Full duration is: 44.532534
2020-03-10 22:30:55.663 15 INFO rally.task.engine [-] Running workload: position = 0 config = { "version": 2, "title": "A cropped version of a bigger task.", "description": "Auto-generated task from a single workload (uuid=3b86a2b4-1402-4428-b008-28862bc1f950)", "subtasks": [ { "title": "NeutronNetworks.create_and_list_routers", "description": "Create and a given number of routers and list all routers.", "scenario": { "NeutronNetworks.create_and_list_routers": { "network_create_args": null, "subnet_create_args": null, "subnet_cidr_start": "1.1.0.0/30", "subnets_per_network": 2, "router_create_args": null } }, "contexts": { "users": { "tenants": 1, "users_per_tenant": 1 }, "quotas": { "neutron": { "network": -1, "subnet": -1, "router": -1 } } }, "runner": { "constant": { "times": 40, "concurrency": 20 } }, "hooks": [], "sla": { "failure_rate": { "max": 0 } } } ] }
2020-03-10 22:30:55.689 15 RALLYDEBUG rally_openstack.contexts.keystone.users [-] Creating 1 tenants using 20 threads
2020-03-10 22:30:56.085 15 RALLYDEBUG rally_openstack.contexts.keystone.users [-] Creating 1 users using 20 threads
2020-03-10 22:30:57.020 15 INFO rally.task.context [-] Task 82369b1d-99da-478b-995d-e765069a40fe | Context users@openstack setup() finished in 1.33 sec
2020-03-10 22:30:57.457 15 INFO rally.task.context [-] Task 82369b1d-99da-478b-995d-e765069a40fe | Context quotas@openstack setup() finished in 0.44 sec
2020-03-10 22:30:57.458 15 INFO rally.task.context [-] Task 82369b1d-99da-478b-995d-e765069a40fe | Context cleanup@openstack setup() finished in 0.01 msec
2020-03-10 22:30:57.467 15 RALLYDEBUG rally.task.runner [-] Starting the constant runner (task UUID: 82369b1d-99da-478b-995d-e765069a40fe). timeout: 0 concurrency: 20 concurrency_per_worker: 1 times: 40 concurrency_overhead: 0 processes_to_start: 20 max_cpu_used: 88
2020-03-10 22:30:57.481 2671 RALLYDEBUG rally.task.runner [-] Starting a worker. concurrency: 1 args: {"network_create_args": null, "subnet_create_args": null, "subnet_cidr_start": "1.1.0.0/30", "subnets_per_network": 2, "router_create_args": null} times: 40 method_name: run timeout: 0 duration: None cls:
2020-03-10 22:30:57.484 2672 RALLYDEBUG rally.task.runner [-] Starting a worker. concurrency: 1 args: {"network_create_args": null, "subnet_create_args": null, "subnet_cidr_start": "1.1.0.0/30", "subnets_per_network": 2, "router_create_args": null} times: 40 method_name: run timeout: 0 duration: None cls:
2020-03-10 22:30:57.487 2671 INFO rally.task.runner [-] Task 82369b1d-99da-478b-995d-e765069a40fe | ITER: 1 START
2020-03-10 22:30:57.487 2673 RALLYDEBUG rally.task.runner [-] Starting a worker. concurrency: 1 args: {"network_create_args": null, "subnet_create_args": null, "subnet_cidr_start": "1.1.0.0/30", "subnets_per_network": 2, "router_create_args": null} times: 40 method_name: run timeout: 0 duration: None cls:
2020-03-10 22:30:57.493 2673 INFO rally.task.runner [-] Task 82369b1d-99da-478b-995d-e765069a40fe | ITER: 3 START
2020-03-10 22:30:57.493 2675 RALLYDEBUG rally.task.runner [-] Starting a worker. concurrency: 1 args: {"network_create_args": null, "subnet_create_args": null, "subnet_cidr_start": "1.1.0.0/30", "subnets_per_network": 2, "router_create_args": null} times: 40 method_name: run timeout: 0 duration: None cls:
2020-03-10 22:30:57.499 2675 INFO rally.task.runner [-] Task 82369b1d-99da-478b-995d-e765069a40fe | ITER: 4 START
2020-03-10 22:30:57.500 2672 INFO rally.task.runner [-] Task 82369b1d-99da-478b-995d-e765069a40fe | ITER: 2 START
2020-03-10 22:30:57.499 2674 RALLYDEBUG rally.task.runner [-] Starting a worker. concurrency: 1 args: {"network_create_args": null, "subnet_create_args": null, "subnet_cidr_start": "1.1.0.0/30", "subnets_per_network": 2, "router_create_args": null} times: 40 method_name: run timeout: 0 duration: None cls:
2020-03-10 22:30:57.500 2681 RALLYDEBUG rally.task.runner [-] Starting a worker. concurrency: 1 args: {"network_create_args": null, "subnet_create_args": null, "subnet_cidr_start": "1.1.0.0/30", "subnets_per_network": 2, "router_create_args": null} times: 40 method_name: run timeout: 0 duration: None cls:
2020-03-10 22:30:57.503 2683 RALLYDEBUG rally.task.runner [-] Starting a worker. concurrency: 1 args: {"network_create_args": null, "subnet_create_args": null, "subnet_cidr_start": "1.1.0.0/30", "subnets_per_network": 2, "router_create_args": null} times: 40 method_name: run timeout: 0 duration: None cls:
2020-03-10 22:30:57.503 2678 RALLYDEBUG rally.task.runner [-] Starting a worker. concurrency: 1 args: {"network_create_args": null, "subnet_create_args": null, "subnet_cidr_start": "1.1.0.0/30", "subnets_per_network": 2, "router_create_args": null} times: 40 method_name: run timeout: 0 duration: None cls:
2020-03-10 22:30:57.505 2674 INFO rally.task.runner [-] Task 82369b1d-99da-478b-995d-e765069a40fe | ITER: 5 START
2020-03-10 22:30:57.506 2681 INFO rally.task.runner [-] Task 82369b1d-99da-478b-995d-e765069a40fe | ITER: 6 START
2020-03-10 22:30:57.506 2685 RALLYDEBUG rally.task.runner [-] Starting a worker. concurrency: 1 args: {"network_create_args": null, "subnet_create_args": null, "subnet_cidr_start": "1.1.0.0/30", "subnets_per_network": 2, "router_create_args": null} times: 40 method_name: run timeout: 0 duration: None cls:
2020-03-10 22:30:57.509 2678 INFO rally.task.runner [-] Task 82369b1d-99da-478b-995d-e765069a40fe | ITER: 8 START
2020-03-10 22:30:57.509 2688 RALLYDEBUG rally.task.runner [-] Starting a worker. concurrency: 1 args: {"network_create_args": null, "subnet_create_args": null, "subnet_cidr_start": "1.1.0.0/30", "subnets_per_network": 2, "router_create_args": null} times: 40 method_name: run timeout: 0 duration: None cls:
2020-03-10 22:30:57.509 2683 INFO rally.task.runner [-] Task 82369b1d-99da-478b-995d-e765069a40fe | ITER: 7 START
2020-03-10 22:30:57.512 2685 INFO rally.task.runner [-] Task 82369b1d-99da-478b-995d-e765069a40fe | ITER: 9 START
2020-03-10 22:30:57.513 2692 RALLYDEBUG rally.task.runner [-] Starting a worker. concurrency: 1 args: {"network_create_args": null, "subnet_create_args": null, "subnet_cidr_start": "1.1.0.0/30", "subnets_per_network": 2, "router_create_args": null} times: 40 method_name: run timeout: 0 duration: None cls:
2020-03-10 22:30:57.514 2688 INFO rally.task.runner [-] Task 82369b1d-99da-478b-995d-e765069a40fe | ITER: 10 START
2020-03-10 22:30:57.515 2696 RALLYDEBUG rally.task.runner [-] Starting a worker. concurrency: 1 args: {"network_create_args": null, "subnet_create_args": null, "subnet_cidr_start": "1.1.0.0/30", "subnets_per_network": 2, "router_create_args": null} times: 40 method_name: run timeout: 0 duration: None cls:
2020-03-10 22:30:57.519 2701 RALLYDEBUG rally.task.runner [-] Starting a worker. concurrency: 1 args: {"network_create_args": null, "subnet_create_args": null, "subnet_cidr_start": "1.1.0.0/30", "subnets_per_network": 2, "router_create_args": null} times: 40 method_name: run timeout: 0 duration: None cls:
2020-03-10 22:30:57.521 2696 INFO rally.task.runner [-] Task 82369b1d-99da-478b-995d-e765069a40fe | ITER: 12 START
2020-03-10 22:30:57.523 2692 INFO rally.task.runner [-] Task 82369b1d-99da-478b-995d-e765069a40fe | ITER: 11 START
2020-03-10 22:30:57.524 2701 INFO rally.task.runner [-] Task 82369b1d-99da-478b-995d-e765069a40fe | ITER: 13 START
2020-03-10 22:30:57.525 2704 RALLYDEBUG rally.task.runner [-] Starting a worker. concurrency: 1 args: {"network_create_args": null, "subnet_create_args": null, "subnet_cidr_start": "1.1.0.0/30", "subnets_per_network": 2, "router_create_args": null} times: 40 method_name: run timeout: 0 duration: None cls:
