2020-03-10 22:39:11.615 3486 RALLYDEBUG rally.task.runner [-] Starting a worker. concurrency: 1 args: {"network_create_args": {}, "subnet_create_args": {}, "subnet_cidr_start": "1.1.0.0/30", "subnets_per_network": 2, "router_create_args": {}} times: 40 method_name: run timeout: 0 duration: None cls:
2020-03-10 22:39:11.619 3490 RALLYDEBUG rally.task.runner [-] Starting a worker. concurrency: 1 args: {"network_create_args": {}, "subnet_create_args": {}, "subnet_cidr_start": "1.1.0.0/30", "subnets_per_network": 2, "router_create_args": {}} times: 40 method_name: run timeout: 0 duration: None cls:
2020-03-10 22:39:11.622 3483 INFO rally.task.runner [-] Task 82369b1d-99da-478b-995d-e765069a40fe | ITER: 6 START
2020-03-10 22:39:11.623 3493 RALLYDEBUG rally.task.runner [-] Starting a worker. concurrency: 1 args: {"network_create_args": {}, "subnet_create_args": {}, "subnet_cidr_start": "1.1.0.0/30", "subnets_per_network": 2, "router_create_args": {}} times: 40 method_name: run timeout: 0 duration: None cls:
2020-03-10 22:39:11.626 3490 INFO rally.task.runner [-] Task 82369b1d-99da-478b-995d-e765069a40fe | ITER: 8 START
2020-03-10 22:39:11.626 3495 RALLYDEBUG rally.task.runner [-] Starting a worker. concurrency: 1 args: {"network_create_args": {}, "subnet_create_args": {}, "subnet_cidr_start": "1.1.0.0/30", "subnets_per_network": 2, "router_create_args": {}} times: 40 method_name: run timeout: 0 duration: None cls:
2020-03-10 22:39:11.629 3493 INFO rally.task.runner [-] Task 82369b1d-99da-478b-995d-e765069a40fe | ITER: 9 START
2020-03-10 22:39:11.629 3498 RALLYDEBUG rally.task.runner [-] Starting a worker. concurrency: 1 args: {"network_create_args": {}, "subnet_create_args": {}, "subnet_cidr_start": "1.1.0.0/30", "subnets_per_network": 2, "router_create_args": {}} times: 40 method_name: run timeout: 0 duration: None cls:
2020-03-10 22:39:11.632 3486 INFO rally.task.runner [-] Task 82369b1d-99da-478b-995d-e765069a40fe | ITER: 7 START
2020-03-10 22:39:11.632 3501 RALLYDEBUG rally.task.runner [-] Starting a worker. concurrency: 1 args: {"network_create_args": {}, "subnet_create_args": {}, "subnet_cidr_start": "1.1.0.0/30", "subnets_per_network": 2, "router_create_args": {}} times: 40 method_name: run timeout: 0 duration: None cls:
2020-03-10 22:39:11.633 3495 INFO rally.task.runner [-] Task 82369b1d-99da-478b-995d-e765069a40fe | ITER: 10 START
2020-03-10 22:39:11.636 3498 INFO rally.task.runner [-] Task 82369b1d-99da-478b-995d-e765069a40fe | ITER: 11 START
2020-03-10 22:39:11.636 3504 RALLYDEBUG rally.task.runner [-] Starting a worker. concurrency: 1 args: {"network_create_args": {}, "subnet_create_args": {}, "subnet_cidr_start": "1.1.0.0/30", "subnets_per_network": 2, "router_create_args": {}} times: 40 method_name: run timeout: 0 duration: None cls:
2020-03-10 22:39:11.638 3501 INFO rally.task.runner [-] Task 82369b1d-99da-478b-995d-e765069a40fe | ITER: 12 START
2020-03-10 22:39:11.639 3508 RALLYDEBUG rally.task.runner [-] Starting a worker. concurrency: 1 args: {"network_create_args": {}, "subnet_create_args": {}, "subnet_cidr_start": "1.1.0.0/30", "subnets_per_network": 2, "router_create_args": {}} times: 40 method_name: run timeout: 0 duration: None cls:
2020-03-10 22:39:11.642 3504 INFO rally.task.runner [-] Task 82369b1d-99da-478b-995d-e765069a40fe | ITER: 13 START
2020-03-10 22:39:11.642 3511 RALLYDEBUG rally.task.runner [-] Starting a worker. concurrency: 1 args: {"network_create_args": {}, "subnet_create_args": {}, "subnet_cidr_start": "1.1.0.0/30", "subnets_per_network": 2, "router_create_args": {}} times: 40 method_name: run timeout: 0 duration: None cls:
2020-03-10 22:39:11.646 3508 INFO rally.task.runner [-] Task 82369b1d-99da-478b-995d-e765069a40fe | ITER: 14 START
2020-03-10 22:39:11.646 3514 RALLYDEBUG rally.task.runner [-] Starting a worker. concurrency: 1 args: {"network_create_args": {}, "subnet_create_args": {}, "subnet_cidr_start": "1.1.0.0/30", "subnets_per_network": 2, "router_create_args": {}} times: 40 method_name: run timeout: 0 duration: None cls:
2020-03-10 22:39:11.648 3511 INFO rally.task.runner [-] Task 82369b1d-99da-478b-995d-e765069a40fe | ITER: 15 START
2020-03-10 22:39:11.648 3517 RALLYDEBUG rally.task.runner [-] Starting a worker. concurrency: 1 args: {"network_create_args": {}, "subnet_create_args": {}, "subnet_cidr_start": "1.1.0.0/30", "subnets_per_network": 2, "router_create_args": {}} times: 40 method_name: run timeout: 0 duration: None cls:
2020-03-10 22:39:11.651 3520 RALLYDEBUG rally.task.runner [-] Starting a worker. concurrency: 1 args: {"network_create_args": {}, "subnet_create_args": {}, "subnet_cidr_start": "1.1.0.0/30", "subnets_per_network": 2, "router_create_args": {}} times: 40 method_name: run timeout: 0 duration: None cls:
2020-03-10 22:39:11.652 3514 INFO rally.task.runner [-] Task 82369b1d-99da-478b-995d-e765069a40fe | ITER: 16 START
2020-03-10 22:39:11.655 3517 INFO rally.task.runner [-] Task 82369b1d-99da-478b-995d-e765069a40fe | ITER: 17 START
2020-03-10 22:39:11.655 3523 RALLYDEBUG rally.task.runner [-] Starting a worker. concurrency: 1 args: {"network_create_args": {}, "subnet_create_args": {}, "subnet_cidr_start": "1.1.0.0/30", "subnets_per_network": 2, "router_create_args": {}} times: 40 method_name: run timeout: 0 duration: None cls:
2020-03-10 22:39:11.657 3520 INFO rally.task.runner [-] Task 82369b1d-99da-478b-995d-e765069a40fe | ITER: 18 START
2020-03-10 22:39:11.658 3526 RALLYDEBUG rally.task.runner [-] Starting a worker. concurrency: 1 args: {"network_create_args": {}, "subnet_create_args": {}, "subnet_cidr_start": "1.1.0.0/30", "subnets_per_network": 2, "router_create_args": {}} times: 40 method_name: run timeout: 0 duration: None cls:
2020-03-10 22:39:11.662 3523 INFO rally.task.runner [-] Task 82369b1d-99da-478b-995d-e765069a40fe | ITER: 19 START
2020-03-10 22:39:11.664 3526 INFO rally.task.runner [-] Task 82369b1d-99da-478b-995d-e765069a40fe | ITER: 20 START
2020-03-10 22:39:13.629 3523 RALLYDEBUG rally_openstack.wrappers.network [-] CIDR generated: 1.1.8.32/30
2020-03-10 22:39:14.079 3475 RALLYDEBUG rally_openstack.wrappers.network [-] CIDR generated: 1.1.8.36/30
2020-03-10 22:39:14.085 3501 RALLYDEBUG rally_openstack.wrappers.network [-] CIDR generated: 1.1.8.40/30
2020-03-10 22:39:14.678 3504 RALLYDEBUG rally_openstack.wrappers.network [-] CIDR generated: 1.1.8.44/30
2020-03-10 22:39:14.756 3511 RALLYDEBUG rally_openstack.wrappers.network [-] CIDR generated: 1.1.8.48/30
2020-03-10 22:39:15.018 3476 RALLYDEBUG rally_openstack.wrappers.network [-] CIDR generated: 1.1.8.52/30
2020-03-10 22:39:15.101 3520 RALLYDEBUG rally_openstack.wrappers.network [-] CIDR generated: 1.1.8.56/30
2020-03-10 22:39:15.145 3486 RALLYDEBUG rally_openstack.wrappers.network [-] CIDR generated: 1.1.8.60/30
2020-03-10 22:39:15.198 3477 RALLYDEBUG rally_openstack.wrappers.network [-] CIDR generated: 1.1.8.64/30
2020-03-10 22:39:15.204 3478 RALLYDEBUG rally_openstack.wrappers.network [-] CIDR generated: 1.1.8.68/30
2020-03-10 22:39:15.214 3514 RALLYDEBUG rally_openstack.wrappers.network [-] CIDR generated: 1.1.8.72/30
2020-03-10 22:39:15.304 3481 RALLYDEBUG rally_openstack.wrappers.network [-] CIDR generated: 1.1.8.76/30
2020-03-10 22:39:15.313 3508 RALLYDEBUG rally_openstack.wrappers.network [-] CIDR generated: 1.1.8.80/30
2020-03-10 22:39:15.330 3526 RALLYDEBUG rally_openstack.wrappers.network [-] CIDR generated: 1.1.8.84/30
2020-03-10 22:39:15.483 3483 RALLYDEBUG rally_openstack.wrappers.network [-] CIDR generated: 1.1.8.88/30
2020-03-10 22:39:15.489 3493 RALLYDEBUG rally_openstack.wrappers.network [-] CIDR generated: 1.1.8.92/30
2020-03-10 22:39:15.528 3517 RALLYDEBUG rally_openstack.wrappers.network [-] CIDR generated: 1.1.8.96/30
2020-03-10 22:39:15.536 3495 RALLYDEBUG rally_openstack.wrappers.network [-] CIDR generated: 1.1.8.100/30
2020-03-10 22:39:15.552 3490 RALLYDEBUG rally_openstack.wrappers.network [-] CIDR generated: 1.1.8.104/30
2020-03-10 22:39:15.806 3498 RALLYDEBUG rally_openstack.wrappers.network [-] CIDR generated: 1.1.8.108/30
2020-03-10 22:39:16.137 3475 RALLYDEBUG rally_openstack.wrappers.network [-] CIDR generated: 1.1.8.112/30
2020-03-10 22:39:16.647 3511 RALLYDEBUG rally_openstack.wrappers.network [-] CIDR generated: 1.1.8.116/30
2020-03-10 22:39:17.996 3504 RALLYDEBUG rally_openstack.wrappers.network [-] CIDR generated: 1.1.8.120/30
2020-03-10 22:39:18.343 3501 RALLYDEBUG rally_openstack.wrappers.network [-] CIDR generated: 1.1.8.124/30
2020-03-10 22:39:18.666 3478 RALLYDEBUG rally_openstack.wrappers.network [-] CIDR generated: 1.1.8.128/30
2020-03-10 22:39:18.942 3486 RALLYDEBUG rally_openstack.wrappers.network [-] CIDR generated: 1.1.8.132/30
2020-03-10 22:39:19.440 3523 RALLYDEBUG rally_openstack.wrappers.network [-] CIDR generated: 1.1.8.136/30
2020-03-10 22:39:19.447 3490 RALLYDEBUG rally_openstack.wrappers.network [-] CIDR generated: 1.1.8.140/30
2020-03-10 22:39:19.484 3514 RALLYDEBUG rally_openstack.wrappers.network [-] CIDR generated: 1.1.8.144/30
2020-03-10 22:39:19.716 3520 RALLYDEBUG rally_openstack.wrappers.network [-] CIDR generated: 1.1.8.148/30
2020-03-10 22:39:20.420 3498 RALLYDEBUG rally_openstack.wrappers.network [-] CIDR generated: 1.1.8.152/30
2020-03-10 22:39:21.134 3508 RALLYDEBUG rally_openstack.wrappers.network [-] CIDR generated: 1.1.8.156/30
2020-03-10 22:39:21.189 3493 RALLYDEBUG rally_openstack.wrappers.network [-] CIDR generated: 1.1.8.160/30
2020-03-10 22:39:21.200 3477 RALLYDEBUG rally_openstack.wrappers.network [-] CIDR generated: 1.1.8.164/30
2020-03-10 22:39:21.434 3476 RALLYDEBUG rally_openstack.wrappers.network [-] CIDR generated: 1.1.8.168/30
2020-03-10 22:39:21.992 3481 RALLYDEBUG rally_openstack.wrappers.network [-] CIDR generated: 1.1.8.172/30
2020-03-10 22:39:22.020 3526 RALLYDEBUG rally_openstack.wrappers.network [-] CIDR generated: 1.1.8.176/30
2020-03-10 22:39:22.348 3495 RALLYDEBUG rally_openstack.wrappers.network [-] CIDR generated: 1.1.8.180/30
2020-03-10 22:39:22.357 3483 RALLYDEBUG rally_openstack.wrappers.network [-] CIDR generated: 1.1.8.184/30
2020-03-10 22:39:22.975 3517 RALLYDEBUG rally_openstack.wrappers.network [-] CIDR generated: 1.1.8.188/30
2020-03-10 22:40:31.445 3475 INFO rally.task.runner [-] Task 82369b1d-99da-478b-995d-e765069a40fe | ITER: 1 END: OK
2020-03-10 22:40:31.452 3475 INFO rally.task.runner [-] Task 82369b1d-99da-478b-995d-e765069a40fe | ITER: 21 START
2020-03-10 22:40:33.839 3475 RALLYDEBUG rally_openstack.wrappers.network [-] CIDR generated: 1.1.8.192/30
2020-03-10 22:40:37.018 3475 RALLYDEBUG rally_openstack.wrappers.network [-] CIDR generated: 1.1.8.196/30
2020-03-10 22:40:39.074 3504 INFO rally.task.runner [-] Task 82369b1d-99da-478b-995d-e765069a40fe | ITER: 13 END: OK
2020-03-10 22:40:39.082 3504 INFO rally.task.runner [-] Task 82369b1d-99da-478b-995d-e765069a40fe | ITER: 22 START
2020-03-10 22:40:39.736 3526 INFO rally.task.runner [-] Task 82369b1d-99da-478b-995d-e765069a40fe | ITER: 20 END: OK
2020-03-10 22:40:39.744 3526 INFO rally.task.runner [-] Task 82369b1d-99da-478b-995d-e765069a40fe | ITER: 23 START
2020-03-10 22:40:39.951 3504 RALLYDEBUG rally_openstack.wrappers.network [-] CIDR generated: 1.1.8.200/30
2020-03-10 22:40:40.480 3476 INFO rally.task.runner [-] Task 82369b1d-99da-478b-995d-e765069a40fe | ITER: 2 END: OK
2020-03-10 22:40:40.488 3476 INFO rally.task.runner [-] Task 82369b1d-99da-478b-995d-e765069a40fe | ITER: 24 START
2020-03-10 22:40:41.546 3526 RALLYDEBUG rally_openstack.wrappers.network [-] CIDR generated: 1.1.8.204/30
2020-03-10 22:40:41.714 3490 INFO rally.task.runner [-] Task 82369b1d-99da-478b-995d-e765069a40fe | ITER: 8 END: OK
2020-03-10 22:40:41.720 3490 INFO rally.task.runner [-] Task 82369b1d-99da-478b-995d-e765069a40fe | ITER: 25 START
2020-03-10 22:40:42.482 3504 RALLYDEBUG rally_openstack.wrappers.network [-] CIDR generated: 1.1.8.208/30
2020-03-10 22:40:42.633 3498 INFO rally.task.runner [-] Task 82369b1d-99da-478b-995d-e765069a40fe | ITER: 11 END: OK
2020-03-10 22:40:42.639 3498 INFO rally.task.runner [-] Task 82369b1d-99da-478b-995d-e765069a40fe | ITER: 26 START
2020-03-10 22:40:42.651 3526 RALLYDEBUG rally_openstack.wrappers.network [-] CIDR generated: 1.1.8.212/30
2020-03-10 22:40:43.029 3476 RALLYDEBUG rally_openstack.wrappers.network [-] CIDR generated: 1.1.8.216/30
2020-03-10 22:40:43.335 3498 RALLYDEBUG rally_openstack.wrappers.network [-] CIDR generated: 1.1.8.220/30
2020-03-10 22:40:43.861 3490 RALLYDEBUG rally_openstack.wrappers.network [-] CIDR generated: 1.1.8.224/30
2020-03-10 22:40:44.299 3514 INFO rally.task.runner [-] Task 82369b1d-99da-478b-995d-e765069a40fe | ITER: 16 END: OK
2020-03-10 22:40:44.306 3514 INFO rally.task.runner [-] Task 82369b1d-99da-478b-995d-e765069a40fe | ITER: 27 START
2020-03-10 22:40:45.107 3498 RALLYDEBUG rally_openstack.wrappers.network [-] CIDR generated: 1.1.8.228/30
2020-03-10 22:40:45.204 3514 RALLYDEBUG rally_openstack.wrappers.network [-] CIDR generated: 1.1.8.232/30
2020-03-10 22:40:45.283 3490 RALLYDEBUG rally_openstack.wrappers.network [-] CIDR generated: 1.1.8.236/30
2020-03-10 22:40:45.981 3477 INFO rally.task.runner [-] Task 82369b1d-99da-478b-995d-e765069a40fe | ITER: 3 END: OK
2020-03-10 22:40:45.988 3477 INFO rally.task.runner [-] Task 82369b1d-99da-478b-995d-e765069a40fe | ITER: 28 START
2020-03-10 22:40:46.229 3493 INFO rally.task.runner [-] Task 82369b1d-99da-478b-995d-e765069a40fe | ITER: 9 END: OK
2020-03-10 22:40:46.235 3493 INFO rally.task.runner [-] Task 82369b1d-99da-478b-995d-e765069a40fe | ITER: 29 START
2020-03-10 22:40:46.580 3508 INFO rally.task.runner [-] Task 82369b1d-99da-478b-995d-e765069a40fe | ITER: 14 END: OK
2020-03-10 22:40:46.587 3508 INFO rally.task.runner [-] Task 82369b1d-99da-478b-995d-e765069a40fe | ITER: 30 START
2020-03-10 22:40:48.592 3486 INFO rally.task.runner [-] Task 82369b1d-99da-478b-995d-e765069a40fe | ITER: 7 END: OK
2020-03-10 22:40:48.600 3486 INFO rally.task.runner [-] Task 82369b1d-99da-478b-995d-e765069a40fe | ITER: 31 START
2020-03-10 22:40:48.966 3493 RALLYDEBUG rally_openstack.wrappers.network [-] CIDR generated: 1.1.8.240/30
2020-03-10 22:40:49.247 3477 RALLYDEBUG rally_openstack.wrappers.network [-] CIDR generated: 1.1.8.244/30
2020-03-10 22:40:49.424 3508 RALLYDEBUG rally_openstack.wrappers.network [-] CIDR generated: 1.1.8.248/30
2020-03-10 22:40:49.497 3476 RALLYDEBUG rally_openstack.wrappers.network [-] CIDR generated: 1.1.8.252/30
2020-03-10 22:40:49.842 3514 RALLYDEBUG rally_openstack.wrappers.network [-] CIDR generated: 1.1.9.0/30
2020-03-10 22:40:49.948 3486 RALLYDEBUG rally_openstack.wrappers.network [-] CIDR generated: 1.1.9.4/30
2020-03-10 22:40:50.999 3478 INFO rally.task.runner [-] Task 82369b1d-99da-478b-995d-e765069a40fe | ITER: 4 END: OK
2020-03-10 22:40:51.005 3478 INFO rally.task.runner [-] Task 82369b1d-99da-478b-995d-e765069a40fe | ITER: 32 START
2020-03-10 22:40:51.011 3481 INFO rally.task.runner [-] Task 82369b1d-99da-478b-995d-e765069a40fe | ITER: 5 END: OK
2020-03-10 22:40:51.018 3481 INFO rally.task.runner [-] Task 82369b1d-99da-478b-995d-e765069a40fe | ITER: 33 START
2020-03-10 22:40:52.951 3511 INFO rally.task.runner [-] Task 82369b1d-99da-478b-995d-e765069a40fe | ITER: 15 END: OK
2020-03-10 22:40:52.957 3511 INFO rally.task.runner [-] Task 82369b1d-99da-478b-995d-e765069a40fe | ITER: 34 START
2020-03-10 22:40:54.586 3481 RALLYDEBUG rally_openstack.wrappers.network [-] CIDR generated: 1.1.9.8/30
2020-03-10 22:40:55.380 3493 RALLYDEBUG rally_openstack.wrappers.network [-] CIDR generated: 1.1.9.12/30
2020-03-10 22:40:55.540 3478 RALLYDEBUG rally_openstack.wrappers.network [-] CIDR generated: 1.1.9.16/30
2020-03-10 22:40:55.671 3508 RALLYDEBUG rally_openstack.wrappers.network [-] CIDR generated: 1.1.9.20/30
2020-03-10 22:40:56.314 3477 RALLYDEBUG rally_openstack.wrappers.network [-] CIDR generated: 1.1.9.24/30
2020-03-10 22:40:56.536 3486 RALLYDEBUG rally_openstack.wrappers.network [-] CIDR generated: 1.1.9.28/30
2020-03-10 22:40:56.910 3511 RALLYDEBUG rally_openstack.wrappers.network [-] CIDR generated: 1.1.9.32/30
2020-03-10 22:40:59.776 3520 INFO rally.task.runner [-] Task 82369b1d-99da-478b-995d-e765069a40fe | ITER: 18 END: OK
2020-03-10 22:40:59.784 3520 INFO rally.task.runner [-] Task 82369b1d-99da-478b-995d-e765069a40fe | ITER: 35 START
2020-03-10 22:41:02.173 3523 INFO rally.task.runner [-] Task 82369b1d-99da-478b-995d-e765069a40fe | ITER: 19 END: OK
2020-03-10 22:41:02.180 3523 INFO rally.task.runner [-] Task 82369b1d-99da-478b-995d-e765069a40fe | ITER: 36 START
2020-03-10 22:41:02.213 3520 RALLYDEBUG rally_openstack.wrappers.network [-] CIDR generated: 1.1.9.36/30
2020-03-10 22:41:02.375 3495 INFO rally.task.runner [-] Task 82369b1d-99da-478b-995d-e765069a40fe | ITER: 10 END: OK
2020-03-10 22:41:02.383 3495 INFO rally.task.runner [-] Task 82369b1d-99da-478b-995d-e765069a40fe | ITER: 37 START
2020-03-10 22:41:03.173 3481 RALLYDEBUG rally_openstack.wrappers.network [-] CIDR generated: 1.1.9.40/30
2020-03-10 22:41:03.452 3501 INFO rally.task.runner [-] Task 82369b1d-99da-478b-995d-e765069a40fe | ITER: 12 END: OK
2020-03-10 22:41:03.460 3501 INFO rally.task.runner [-] Task 82369b1d-99da-478b-995d-e765069a40fe | ITER: 38 START
2020-03-10 22:41:04.101 3517 INFO rally.task.runner [-] Task 82369b1d-99da-478b-995d-e765069a40fe | ITER: 17 END: OK
2020-03-10 22:41:04.101 3483 INFO rally.task.runner [-] Task 82369b1d-99da-478b-995d-e765069a40fe | ITER: 6 END: OK
2020-03-10 22:41:04.108 3517 INFO rally.task.runner [-] Task 82369b1d-99da-478b-995d-e765069a40fe | ITER: 39 START
2020-03-10 22:41:04.109 3483 INFO rally.task.runner [-] Task 82369b1d-99da-478b-995d-e765069a40fe | ITER: 40 START
2020-03-10 22:41:04.377 3478 RALLYDEBUG rally_openstack.wrappers.network [-] CIDR generated: 1.1.9.44/30
2020-03-10 22:41:04.450 3511 RALLYDEBUG rally_openstack.wrappers.network [-] CIDR generated: 1.1.9.48/30
2020-03-10 22:41:04.981 3495 RALLYDEBUG rally_openstack.wrappers.network [-] CIDR generated: 1.1.9.52/30
2020-03-10 22:41:05.218 3523 RALLYDEBUG rally_openstack.wrappers.network [-] CIDR generated: 1.1.9.56/30
2020-03-10 22:41:06.328 3501 RALLYDEBUG rally_openstack.wrappers.network [-] CIDR generated: 1.1.9.60/30
2020-03-10 22:41:06.871 3517 RALLYDEBUG rally_openstack.wrappers.network [-] CIDR generated: 1.1.9.64/30
2020-03-10 22:41:07.000 3483 RALLYDEBUG rally_openstack.wrappers.network [-] CIDR generated: 1.1.9.68/30
2020-03-10 22:41:07.265 3520 RALLYDEBUG rally_openstack.wrappers.network [-] CIDR generated: 1.1.9.72/30
2020-03-10 22:41:11.940 3523 RALLYDEBUG rally_openstack.wrappers.network [-] CIDR generated: 1.1.9.76/30
2020-03-10 22:41:13.129 3495 RALLYDEBUG rally_openstack.wrappers.network [-] CIDR generated: 1.1.9.80/30
2020-03-10 22:41:13.535 3501 RALLYDEBUG rally_openstack.wrappers.network [-] CIDR generated: 1.1.9.84/30
2020-03-10 22:41:14.159 3483 RALLYDEBUG rally_openstack.wrappers.network [-] CIDR generated: 1.1.9.88/30
2020-03-10 22:41:14.362 3517 RALLYDEBUG rally_openstack.wrappers.network [-] CIDR generated: 1.1.9.92/30
2020-03-10 22:41:49.315 3475 INFO rally.task.runner [-] Task 82369b1d-99da-478b-995d-e765069a40fe | ITER: 21 END: OK
2020-03-10 22:41:54.162 3490 INFO rally.task.runner [-] Task 82369b1d-99da-478b-995d-e765069a40fe | ITER: 25 END: OK
2020-03-10 22:41:55.421 3504 INFO rally.task.runner [-] Task 82369b1d-99da-478b-995d-e765069a40fe | ITER: 22 END: OK
2020-03-10 22:41:57.464 3498 INFO rally.task.runner [-] Task 82369b1d-99da-478b-995d-e765069a40fe | ITER: 26 END: OK
2020-03-10 22:41:58.380 3526 INFO rally.task.runner [-] Task 82369b1d-99da-478b-995d-e765069a40fe | ITER: 23 END: OK
2020-03-10 22:41:58.690 3476 INFO rally.task.runner [-] Task 82369b1d-99da-478b-995d-e765069a40fe | ITER: 24 END: OK
2020-03-10 22:41:59.456 3514 INFO rally.task.runner [-] Task 82369b1d-99da-478b-995d-e765069a40fe | ITER: 27 END: OK
2020-03-10 22:42:09.800 3511 INFO rally.task.runner [-] Task 82369b1d-99da-478b-995d-e765069a40fe | ITER: 34 END: OK
2020-03-10 22:42:11.883 3483 INFO rally.task.runner [-] Task 82369b1d-99da-478b-995d-e765069a40fe | ITER: 40 END: OK
2020-03-10 22:42:12.821 3478 INFO rally.task.runner [-] Task 82369b1d-99da-478b-995d-e765069a40fe | ITER: 32 END: OK
2020-03-10 22:42:13.739 3501 INFO rally.task.runner [-] Task 82369b1d-99da-478b-995d-e765069a40fe | ITER: 38 END: OK
2020-03-10 22:42:14.465 3486 INFO rally.task.runner [-] Task 82369b1d-99da-478b-995d-e765069a40fe | ITER: 31 END: OK
2020-03-10 22:42:14.794 3517 INFO rally.task.runner [-] Task 82369b1d-99da-478b-995d-e765069a40fe | ITER: 39 END: OK
2020-03-10 22:42:14.979 3508 INFO rally.task.runner [-] Task 82369b1d-99da-478b-995d-e765069a40fe | ITER: 30 END: OK
2020-03-10 22:42:15.027 3495 INFO rally.task.runner [-] Task 82369b1d-99da-478b-995d-e765069a40fe | ITER: 37 END: OK
2020-03-10 22:42:18.433 3481 INFO rally.task.runner [-] Task 82369b1d-99da-478b-995d-e765069a40fe | ITER: 33 END: OK
2020-03-10 22:42:19.457 3477 INFO rally.task.runner [-] Task 82369b1d-99da-478b-995d-e765069a40fe | ITER: 28 END: OK
2020-03-10 22:42:20.376 3520 INFO rally.task.runner [-] Task 82369b1d-99da-478b-995d-e765069a40fe | ITER: 35 END: OK
2020-03-10 22:42:20.405 3523 INFO rally.task.runner [-] Task 82369b1d-99da-478b-995d-e765069a40fe | ITER: 36 END: OK
2020-03-10 22:42:24.983 3493 INFO rally.task.runner [-] Task 82369b1d-99da-478b-995d-e765069a40fe | ITER: 29 END: OK
2020-03-10 22:42:25.007 15 INFO rally.task.context [-] Task 82369b1d-99da-478b-995d-e765069a40fe | Context cleanup@openstack cleanup() started
2020-03-10 22:42:25.010 15 RALLYDEBUG rally_openstack.cleanup.manager [-] Cleaning up neutron vip objects
2020-03-10 22:42:25.196 15 RALLYDEBUG rally_openstack.cleanup.manager [-] Cleaning up neutron health_monitor objects
2020-03-10 22:42:25.384 15 RALLYDEBUG rally_openstack.cleanup.manager [-] Cleaning up neutron pool objects
2020-03-10 22:42:25.563 15 RALLYDEBUG rally_openstack.cleanup.manager [-] Cleaning up neutron loadbalancer objects
2020-03-10 22:42:25.732 15 RALLYDEBUG rally_openstack.cleanup.manager [-] Cleaning up neutron floatingip objects
2020-03-10 22:42:25.929 15 RALLYDEBUG rally_openstack.cleanup.manager [-] Cleaning up neutron trunk objects
2020-03-10 22:42:26.084 15 DEBUG neutronclient.v2_0.client [-] Error message: {"message": "The resource could not be found.

\n\n\n", "code": "404 Not Found", "title": "Not Found"} _handle_fault_response /usr/lib/python2.7/site-packages/neutronclient/v2_0/client.py:259
2020-03-10 22:42:26.094 15 RALLYDEBUG rally_openstack.cleanup.manager [-] Cleaning up neutron port objects
2020-03-10 22:42:26.585 15 RALLYDEBUG rally_openstack.cleanup.manager [-] Cleaning up neutron subnet objects
2020-03-10 22:42:27.133 15 RALLYDEBUG rally_openstack.cleanup.manager [-] Deleting neutron.subnet object s_rally_9ebe18ba_rx1lYLzy (011d87ce-ebc5-4866-acc9-b6054296982a)
2020-03-10 22:42:27.141 15 RALLYDEBUG rally_openstack.cleanup.manager [-] Deleting neutron.subnet object s_rally_9ebe18ba_blWsgMW9 (01681683-1a41-46c6-864b-e43d86b06719)
2020-03-10 22:42:27.150 15 RALLYDEBUG rally_openstack.cleanup.manager [-] Deleting neutron.subnet object s_rally_9ebe18ba_HdEmPuXX (01f8595e-8614-44ed-a92d-9528e8d734b6)
2020-03-10 22:42:27.158 15 RALLYDEBUG rally_openstack.cleanup.manager [-] Deleting neutron.subnet object s_rally_9ebe18ba_FqHKdOO2 (024ec1de-9b78-40a3-bdb0-d2adfd0dbc1b)
2020-03-10 22:42:27.171 15 RALLYDEBUG rally_openstack.cleanup.manager [-] Deleting neutron.subnet object s_rally_9ebe18ba_1qVhl1XZ (05c2d732-9244-4218-927f-1294d7ea83e7)
2020-03-10 22:42:27.179 15 RALLYDEBUG rally_openstack.cleanup.manager [-] Deleting neutron.subnet object s_rally_9ebe18ba_Hy6N5NBW (08e0650c-3668-409b-b9f3-1376873234f5)
2020-03-10 22:42:27.188 15 RALLYDEBUG rally_openstack.cleanup.manager [-] Deleting neutron.subnet object s_rally_9ebe18ba_MNFJS4iD (099ebe42-6ccd-45e9-8233-fc77180d2d6e)
2020-03-10 22:42:27.193 15 RALLYDEBUG rally_openstack.cleanup.manager [-] Deleting neutron.subnet object s_rally_9ebe18ba_PX2nqNkl (08e1a5a2-9480-4d0e-861d-6650044968f9)
2020-03-10 22:42:27.238 15 RALLYDEBUG rally_openstack.cleanup.manager [-] Deleting neutron.subnet object s_rally_9ebe18ba_kovyuq9c (1a84997f-0e1f-4ca2-aa01-75e59fe421d2)
2020-03-10 22:42:27.247 15 RALLYDEBUG rally_openstack.cleanup.manager [-] Deleting neutron.subnet object s_rally_9ebe18ba_L1nPAZKO (0fc86677-0a94-40a1-8a19-6d575757f841)
2020-03-10 22:42:27.257 15 RALLYDEBUG rally_openstack.cleanup.manager [-] Deleting neutron.subnet object s_rally_9ebe18ba_KDg9td6z (0ebe4881-5bee-47de-8512-75f86f36cede)
2020-03-10 22:42:27.292 15 RALLYDEBUG rally_openstack.cleanup.manager [-] Deleting neutron.subnet object s_rally_9ebe18ba_oIwHc7aN (188c8a89-9667-47db-985e-794c57ab7221)
2020-03-10 22:42:27.319 15 RALLYDEBUG rally_openstack.cleanup.manager [-] Deleting neutron.subnet object s_rally_9ebe18ba_qux9Y7ng (0f774b84-9277-4057-a44f-6379e24b6121)
2020-03-10 22:42:27.316 15 RALLYDEBUG rally_openstack.cleanup.manager [-] Deleting neutron.subnet object s_rally_9ebe18ba_vqTVEgtr (0d61080e-e7c5-4426-80ce-fecebb373e2c)
2020-03-10 22:42:27.326 15 RALLYDEBUG rally_openstack.cleanup.manager [-] Deleting neutron.subnet object s_rally_9ebe18ba_9jXwPNNT (1744d69f-fca3-490b-a51b-65691d058b0e)
2020-03-10 22:42:27.329 15 RALLYDEBUG rally_openstack.cleanup.manager [-] Deleting neutron.subnet object s_rally_9ebe18ba_Sv0OabWE (1b17465b-e7a0-4d82-9feb-f9a8dd82defb)
2020-03-10 22:42:27.332 15 RALLYDEBUG rally_openstack.cleanup.manager [-] Deleting neutron.subnet object s_rally_9ebe18ba_0lkY7WCz (24d23725-6f0c-44d3-b6e7-1d690632ad47)
2020-03-10 22:42:27.360 15 RALLYDEBUG rally_openstack.cleanup.manager [-] Deleting neutron.subnet object s_rally_9ebe18ba_dmzZWGK3 (1de47d29-d17a-4126-a68e-c9640c3d4e62)
2020-03-10 22:42:27.362 15 RALLYDEBUG rally_openstack.cleanup.manager [-] Deleting neutron.subnet object s_rally_9ebe18ba_FzZp5gDZ (26f08b97-cd97-4f75-bcea-8e63da5827dd)
2020-03-10 22:42:27.364 15 RALLYDEBUG rally_openstack.cleanup.manager [-] Deleting neutron.subnet object s_rally_9ebe18ba_y1DhmzfL (1e712107-07a1-48b1-b4ad-33d985e29c4c)
2020-03-10 22:42:30.334 15 RALLYDEBUG rally_openstack.cleanup.manager [-] Deleting neutron.subnet object s_rally_9ebe18ba_keUoO0x8 (27c42161-685e-4a77-9e81-5cc56e5597bb)
2020-03-10 22:42:30.418 15 RALLYDEBUG rally_openstack.cleanup.manager [-] Deleting neutron.subnet object s_rally_9ebe18ba_iba9pxJ1 (2ab82d7e-c5a0-40b4-8328-36e428a58e76)
2020-03-10 22:42:30.524 15 RALLYDEBUG rally_openstack.cleanup.manager [-] Deleting neutron.subnet object s_rally_9ebe18ba_w6khmbUO (347c99c5-edb9-4647-8b50-a5194ce463ab)
2020-03-10 22:42:30.532 15 RALLYDEBUG rally_openstack.cleanup.manager [-] Deleting neutron.subnet object s_rally_9ebe18ba_eESZ4w7U (42a5db6d-4ab2-4807-8f75-e0ae4c926793)
2020-03-10 22:42:31.033 15 RALLYDEBUG rally_openstack.cleanup.manager [-] Deleting neutron.subnet object s_rally_9ebe18ba_rBiLFoXE (436c5ce4-bfdb-41f8-89af-7244c4a80b79)
2020-03-10 22:42:31.239 15 RALLYDEBUG rally_openstack.cleanup.manager [-] Deleting neutron.subnet object s_rally_9ebe18ba_cITdniRb (4b514dd2-73e8-46ae-836e-48eea39ff07d)
2020-03-10 22:42:31.243 15 RALLYDEBUG rally_openstack.cleanup.manager [-] Deleting neutron.subnet object s_rally_9ebe18ba_MLcpG2IW (43bbda36-9361-46ab-ac85-e2ee1daf7ffe)
2020-03-10 22:42:31.433 15 RALLYDEBUG rally_openstack.cleanup.manager [-] Deleting neutron.subnet object s_rally_9ebe18ba_kMsvA2bx (4b7f62c1-48a8-4e26-b8ef-78d97eae4057)
2020-03-10 22:42:31.440 15 RALLYDEBUG rally_openstack.cleanup.manager [-] Deleting neutron.subnet object s_rally_9ebe18ba_OzfMpQne (4bb324a9-372b-4a35-9357-f5d7fb7170cf)
2020-03-10 22:42:31.539 15 RALLYDEBUG rally_openstack.cleanup.manager [-] Deleting neutron.subnet object s_rally_9ebe18ba_PhLNUW5s (547c5005-0794-4939-bbef-bff113dc54b6)
2020-03-10 22:42:31.741 15 RALLYDEBUG rally_openstack.cleanup.manager [-] Deleting neutron.subnet object s_rally_9ebe18ba_1qVNMvLP (548cef8f-85aa-455f-8c3e-5970447eadc5)
2020-03-10 22:42:31.746 15 RALLYDEBUG rally_openstack.cleanup.manager [-] Deleting neutron.subnet object s_rally_9ebe18ba_u2Je78xM (554ef730-1fae-4093-a347-a4d329e96541)
2020-03-10 22:42:31.839 15 RALLYDEBUG rally_openstack.cleanup.manager [-] Deleting neutron.subnet object s_rally_9ebe18ba_ZJtMOZsr (55eef765-df0a-4db4-a1e2-6ee503823893)
2020-03-10 22:42:31.955 15 RALLYDEBUG rally_openstack.cleanup.manager [-] Deleting neutron.subnet object s_rally_9ebe18ba_mTo6bnDf (595c97ca-b6c7-4fa3-8b31-408959715f3b)
2020-03-10 22:42:31.955 15 RALLYDEBUG rally_openstack.cleanup.manager [-] Deleting neutron.subnet object s_rally_9ebe18ba_yMsepktb (56b9042b-a376-41a4-b2c0-4d5ede7c3d78)
2020-03-10 22:42:31.962 15 RALLYDEBUG rally_openstack.cleanup.manager [-] Deleting neutron.subnet object s_rally_9ebe18ba_RKWxrpBk (58e5286e-583e-4304-8ea2-9d9377510a3f)
2020-03-10 22:42:32.050 15 RALLYDEBUG rally_openstack.cleanup.manager [-] Deleting neutron.subnet object s_rally_9ebe18ba_Oidg3o4I (59fcc696-6fbd-4bf3-8bbd-601e10ef8242)
2020-03-10 22:42:32.089 15 RALLYDEBUG rally_openstack.cleanup.manager [-] Deleting neutron.subnet object s_rally_9ebe18ba_QFItTfp6 (5f343439-7592-49e5-a7fb-b313ef707e05)
2020-03-10 22:42:32.413 15 RALLYDEBUG rally_openstack.cleanup.manager [-] Deleting neutron.subnet object s_rally_9ebe18ba_kmNAHvHI (5f84b12a-c99e-4987-9680-9bbcb86e8d4f)
2020-03-10 22:42:32.875 15 RALLYDEBUG rally_openstack.cleanup.manager [-] Deleting neutron.subnet object s_rally_9ebe18ba_hfz84YiU (653a0bc6-7516-4b6a-bc49-4b68cb970f11)
2020-03-10 22:42:32.879 15 RALLYDEBUG rally_openstack.cleanup.manager [-] Deleting neutron.subnet object s_rally_9ebe18ba_iSLqNiZp (653fab3c-0fa4-41d0-be44-fc99e4595d98)
2020-03-10 22:42:33.808 15 RALLYDEBUG rally_openstack.cleanup.manager [-] Deleting neutron.subnet object s_rally_9ebe18ba_UF4It3Sj (65fadc67-9853-4d79-b356-dd73d955972c)
2020-03-10 22:42:34.095 15 RALLYDEBUG rally_openstack.cleanup.manager [-] Deleting neutron.subnet object s_rally_9ebe18ba_VTNdW516 (67f0971e-d758-40ac-a85a-344fbd73c534)
2020-03-10 22:42:34.720 15 RALLYDEBUG rally_openstack.cleanup.manager [-] Deleting neutron.subnet object s_rally_9ebe18ba_JlhGnMyt (6846c11c-48cd-4a6f-b34f-201df9aad135)
2020-03-10 22:42:35.169 15 RALLYDEBUG rally_openstack.cleanup.manager [-] Deleting neutron.subnet object s_rally_9ebe18ba_lfOUA0rE (690cf549-228e-4a1b-b871-3cd33563940a)
2020-03-10 22:42:35.225 15 RALLYDEBUG rally_openstack.cleanup.manager [-] Deleting neutron.subnet object s_rally_9ebe18ba_Wwplo73x (6b503014-9f2f-4c6f-a967-91b6e4491fd9)
2020-03-10 22:42:35.264 15 RALLYDEBUG rally_openstack.cleanup.manager [-] Deleting neutron.subnet object s_rally_9ebe18ba_Xqg1aCWm (6e05b55c-7dd7-4c5e-9ed8-1e29d72589b4)
2020-03-10 22:42:35.657 15 RALLYDEBUG rally_openstack.cleanup.manager [-] Deleting neutron.subnet object s_rally_9ebe18ba_P8sSkAb3 (6e4533d3-ae30-4d3c-bd97-65a440b3965f)
2020-03-10 22:42:35.735 15 RALLYDEBUG rally_openstack.cleanup.manager [-] Deleting neutron.subnet object s_rally_9ebe18ba_c6Fg6JRR (79d42ffe-0073-4956-b804-b6862d7c439f)
2020-03-10 22:42:35.923 15 RALLYDEBUG rally_openstack.cleanup.manager [-] Deleting neutron.subnet object s_rally_9ebe18ba_xFFRWr7g (7e6cdb82-fa21-4ea1-a2ab-71d45e8150cd)
2020-03-10 22:42:35.974 15 RALLYDEBUG rally_openstack.cleanup.manager [-] Deleting neutron.subnet object s_rally_9ebe18ba_W7exP93z (8d9b913e-6dfd-44be-8375-a5bbf91d14bc)
2020-03-10 22:42:36.053 15 RALLYDEBUG rally_openstack.cleanup.manager [-] Deleting neutron.subnet object s_rally_9ebe18ba_pReSwhn7 (9096b6d0-c2c3-4c05-bcaf-451fdbf65e38)
2020-03-10 22:42:36.058 15 RALLYDEBUG rally_openstack.cleanup.manager [-] Deleting neutron.subnet object s_rally_9ebe18ba_LMk0s4Bs (9d43242d-2c03-4414-ab1a-3a5cab5da7f7)
2020-03-10 22:42:36.235 15 RALLYDEBUG rally_openstack.cleanup.manager [-] Deleting neutron.subnet object s_rally_9ebe18ba_Y2ueXAck (a2150fa8-2c96-4ec4-a5d9-5278f52dd58f)
2020-03-10 22:42:36.237 15 RALLYDEBUG rally_openstack.cleanup.manager [-] Deleting neutron.subnet object s_rally_9ebe18ba_jrmkvcEs (9e96f585-e5d9-454a-868f-ac0e598de4a2)
2020-03-10 22:42:36.279 15 RALLYDEBUG rally_openstack.cleanup.manager [-] Deleting neutron.subnet object s_rally_9ebe18ba_to39x0sO (a3118737-dbca-44ac-8baa-9ea9bc0f0f42)
2020-03-10 22:42:36.399 15 RALLYDEBUG rally_openstack.cleanup.manager [-] Deleting neutron.subnet object s_rally_9ebe18ba_Qn9BYF0m (a8ca05b4-feaf-4b6e-9bff-05c7734028c2)
2020-03-10 22:42:36.459 15 RALLYDEBUG rally_openstack.cleanup.manager [-] Deleting neutron.subnet object s_rally_9ebe18ba_6GFx0ARK (a9bfcca4-6092-4592-92ad-8988bc579231)
2020-03-10 22:42:36.531 15 RALLYDEBUG rally_openstack.cleanup.manager [-] Deleting neutron.subnet object s_rally_9ebe18ba_eTkfrclX (aad95d70-5651-40f3-97a0-2362cfd08780)
2020-03-10 22:42:36.867 15 RALLYDEBUG rally_openstack.cleanup.manager [-] Deleting neutron.subnet object s_rally_9ebe18ba_BuFnyM6r (ac1369dc-7f95-4411-a33d-9f8c36628910)
2020-03-10 22:42:36.942 15 RALLYDEBUG rally_openstack.cleanup.manager [-] Deleting neutron.subnet object s_rally_9ebe18ba_yf6vOJHl (ac649ef3-1033-48c0-8482-13260d4cd314)
2020-03-10 22:42:37.383 15 RALLYDEBUG rally_openstack.cleanup.manager [-] Deleting neutron.subnet object s_rally_9ebe18ba_X1epmeb1 (b908cbb1-bb09-435e-b89e-b7b21e3e992d)
2020-03-10 22:42:37.894 15 RALLYDEBUG rally_openstack.cleanup.manager [-] Deleting neutron.subnet object s_rally_9ebe18ba_R19Xdj3B (bd8387d6-f615-4b21-98b8-e897976ea78d)
2020-03-10 22:42:37.918 15 RALLYDEBUG rally_openstack.cleanup.manager [-] Deleting neutron.subnet object s_rally_9ebe18ba_3t3oAxky (c346a2f0-b884-48a8-af69-1cdcec4fbc0d)
2020-03-10 22:42:37.945 15 RALLYDEBUG rally_openstack.cleanup.manager [-] Deleting neutron.subnet object s_rally_9ebe18ba_nQYuDVHC (c752bc5f-bb66-4b48-8f48-4767f7f2896c)
2020-03-10 22:42:38.802 15 RALLYDEBUG rally_openstack.cleanup.manager [-] Deleting neutron.subnet object s_rally_9ebe18ba_FAHLVHIT (c830cc03-79e9-4012-914a-092edfd1fa9a)
2020-03-10 22:42:39.123 15 RALLYDEBUG rally_openstack.cleanup.manager [-] Deleting neutron.subnet object s_rally_9ebe18ba_N5H4ukfE (c9205a86-6360-4413-81fd-500783084080)
2020-03-10 22:42:39.166 15 RALLYDEBUG rally_openstack.cleanup.manager [-] Deleting neutron.subnet object s_rally_9ebe18ba_4Fw6fnAV (ccd4a38c-cf58-4e4d-b72a-ef103b125898)
2020-03-10 22:42:39.199 15 RALLYDEBUG rally_openstack.cleanup.manager [-] Deleting neutron.subnet object s_rally_9ebe18ba_xwMoBq0R (d23ad671-7408-4ea4-bde1-cc457f489d90)
2020-03-10 22:42:39.304 15 RALLYDEBUG rally_openstack.cleanup.manager [-] Deleting neutron.subnet object s_rally_9ebe18ba_oUUgWCdO (dc5d6b4f-0037-466f-82b7-9179bcd07bec)
2020-03-10 22:42:39.335 15 RALLYDEBUG rally_openstack.cleanup.manager [-] Deleting neutron.subnet object s_rally_9ebe18ba_RW7QG4LH (ddbfe8d2-eb3a-4615-91c9-cef9e0d771eb)
2020-03-10 22:42:39.726 15 RALLYDEBUG rally_openstack.cleanup.manager [-] Deleting neutron.subnet object s_rally_9ebe18ba_5vchDBoX (e98d5d34-0850-4643-91cd-fbbd88292828)
2020-03-10 22:42:40.640 15 RALLYDEBUG rally_openstack.cleanup.manager [-] Deleting neutron.subnet object s_rally_9ebe18ba_QTyxIJW2 (eb1ecc26-5a9a-4f9c-ab49-945f6a1f2548)
2020-03-10 22:42:40.878 15 RALLYDEBUG rally_openstack.cleanup.manager [-] Deleting neutron.subnet object s_rally_9ebe18ba_4wkNkaIZ (ecc2c247-b667-4867-a37c-fcd629a7e177)
2020-03-10 22:42:40.973 15 RALLYDEBUG rally_openstack.cleanup.manager [-] Deleting neutron.subnet object s_rally_9ebe18ba_bucOlTiz (ed308931-c076-420e-885c-371b52f8fc17)
2020-03-10 22:42:41.436 15 RALLYDEBUG rally_openstack.cleanup.manager [-] Deleting neutron.subnet object s_rally_9ebe18ba_G1GvOskf (ed7eebf1-5260-4411-bbf4-60c2cab5b585)
2020-03-10 22:42:41.493 15 RALLYDEBUG rally_openstack.cleanup.manager [-] Deleting neutron.subnet object s_rally_9ebe18ba_3MbnLfd9 (f6aad124-30d8-4dfd-bce2-a09f1b205225)
2020-03-10 22:42:41.864 15 RALLYDEBUG rally_openstack.cleanup.manager [-] Deleting neutron.subnet object s_rally_9ebe18ba_64ddrfRH (faca8157-fdf4-487b-92a5-ae8153a4c036)
2020-03-10 22:42:41.969 15 RALLYDEBUG rally_openstack.cleanup.manager [-] Deleting neutron.subnet object s_rally_9ebe18ba_i7bnxQ9X (fc787e8c-4555-4fee-bc11-1bd54d4a68d4)
2020-03-10 22:42:42.611 15 RALLYDEBUG rally_openstack.cleanup.manager [-] Deleting neutron.subnet object s_rally_9ebe18ba_WW2FQHzo (ffa9ffae-83c5-431b-8634-37ae4ac2ff63)
2020-03-10 22:42:48.631 15 RALLYDEBUG rally_openstack.cleanup.manager [-] Cleaning up neutron network objects
2020-03-10 22:42:49.156 15 RALLYDEBUG rally_openstack.cleanup.manager [-] Deleting neutron.network object s_rally_9ebe18ba_DTBabd4s (01a560fe-bf64-480a-ba73-3ededf1e1f40)
2020-03-10 22:42:49.161 15 RALLYDEBUG rally_openstack.cleanup.manager [-] Deleting neutron.network object s_rally_9ebe18ba_kQwz4zgH (09142c60-9820-4b8f-802d-7fbaa971a196)
2020-03-10 22:42:49.171 15 RALLYDEBUG rally_openstack.cleanup.manager [-] Deleting neutron.network object s_rally_9ebe18ba_FWG1SRxu (0c64f33a-695c-4dab-b582-948d192034e1)
2020-03-10 22:42:49.189 15 RALLYDEBUG rally_openstack.cleanup.manager [-] Deleting neutron.network object s_rally_9ebe18ba_XoOcLfX4 (1210f5ad-e957-41f9-b1a6-ee35a7b68547)
2020-03-10 22:42:49.184 15 RALLYDEBUG rally_openstack.cleanup.manager [-] Deleting neutron.network object s_rally_9ebe18ba_UC2bQ3qJ (0d17afaa-07f8-4c7c-bd95-d4ab898de62a)
2020-03-10 22:42:49.202 15 RALLYDEBUG rally_openstack.cleanup.manager [-] Deleting neutron.network object s_rally_9ebe18ba_yBUWNUBi (18f48f39-02d1-40d5-90ab-64239326a2da)
2020-03-10 22:42:49.208 15 RALLYDEBUG rally_openstack.cleanup.manager [-] Deleting neutron.network object s_rally_9ebe18ba_Dly4QJLk (221c56cd-0d40-4b08-a701-8ce2238c8f58)
2020-03-10 22:42:49.249 15 RALLYDEBUG rally_openstack.cleanup.manager [-] Deleting neutron.network object s_rally_9ebe18ba_wZXl263K (23030e54-54f3-4172-8038-8b73a339ce63)
2020-03-10 22:42:49.280 15 RALLYDEBUG rally_openstack.cleanup.manager [-] Deleting neutron.network object s_rally_9ebe18ba_2im8iZDc (351724c7-697d-4fec-8451-a86a840e3612)
2020-03-10 22:42:49.298 15 RALLYDEBUG rally_openstack.cleanup.manager [-] Deleting neutron.network object s_rally_9ebe18ba_UD5AWKGC (37656a5c-6242-4863-b833-33cea2d90d80)
2020-03-10 22:42:49.306 15 RALLYDEBUG rally_openstack.cleanup.manager [-] Deleting neutron.network object s_rally_9ebe18ba_4Hzj7koI (378ac74d-8c09-4b49-a6e5-4932262ab145)
2020-03-10 22:42:49.308 15 RALLYDEBUG rally_openstack.cleanup.manager [-] Deleting neutron.network object s_rally_9ebe18ba_tjsiPPm5 (4e164d3c-86aa-4975-a3e6-d6a9fbe5e6e4)
2020-03-10 22:42:49.319 15 RALLYDEBUG rally_openstack.cleanup.manager [-] Deleting neutron.network object s_rally_9ebe18ba_zMZg1Tp7 (425e85e5-454d-465c-9b49-710c5db4dbdb)
2020-03-10 22:42:49.326 15 RALLYDEBUG rally_openstack.cleanup.manager [-] Deleting neutron.network object s_rally_9ebe18ba_u8THYfjY (3e4a241d-32d3-4f8d-abfb-ebf3b1bc5985)
2020-03-10 22:42:49.329 15 RALLYDEBUG rally_openstack.cleanup.manager [-] Deleting neutron.network object s_rally_9ebe18ba_JNBoKmwY (50a045a5-4fbc-4ec5-b630-8639c4203efa)
2020-03-10 22:42:49.362 15 RALLYDEBUG rally_openstack.cleanup.manager [-] Deleting neutron.network object s_rally_9ebe18ba_scqE8i4x (49a9ad31-584f-4b91-a1d4-d8ac961ed9d1)
2020-03-10 22:42:49.368 15 RALLYDEBUG rally_openstack.cleanup.manager [-] Deleting neutron.network object s_rally_9ebe18ba_hl2Nz9c4 (50f15dc8-a920-41bd-a4be-23ff018ac9c1)
2020-03-10 22:42:49.396 15 RALLYDEBUG rally_openstack.cleanup.manager [-] Deleting neutron.network object s_rally_9ebe18ba_eepUV4qI (5b85423b-1e01-4d7a-b773-1f915aebde9c)
2020-03-10 22:42:49.404 15 RALLYDEBUG rally_openstack.cleanup.manager [-] Deleting neutron.network object s_rally_9ebe18ba_PTdPaEmr (53fe91ea-005d-4d3f-a6a9-185916df4bd0)
2020-03-10 22:42:49.407 15 RALLYDEBUG rally_openstack.cleanup.manager [-] Deleting neutron.network object s_rally_9ebe18ba_Ix8nr02y (599e20bb-f402-4d73-9348-267b6e458b41)
2020-03-10 22:42:51.855 15 RALLYDEBUG rally_openstack.cleanup.manager [-] Deleting neutron.network object s_rally_9ebe18ba_G3h1rY3T (5ede226b-bfc6-4889-856a-ab085976dc61)
2020-03-10 22:42:51.862 15 RALLYDEBUG rally_openstack.cleanup.manager [-] Deleting neutron.network object s_rally_9ebe18ba_xIg3gTfi (606d02e4-fc77-4119-a2b5-da13f93032f1)
2020-03-10 22:42:52.147 15 RALLYDEBUG rally_openstack.cleanup.manager [-] Deleting neutron.network object s_rally_9ebe18ba_Y2khCoR4 (64a774d9-38a6-4561-84ab-4b866700445c)
2020-03-10 22:42:52.199 15 RALLYDEBUG rally_openstack.cleanup.manager [-] Deleting neutron.network object s_rally_9ebe18ba_K3mqVfPw (69fef2a6-9488-43b4-b87a-b26450070b4b)
2020-03-10 22:42:52.221 15 RALLYDEBUG rally_openstack.cleanup.manager [-] Deleting neutron.network object s_rally_9ebe18ba_ka3sgECR (6ba70cc1-2849-4b23-ae94-c5fa93d00ee4)
2020-03-10 22:42:52.427 15 RALLYDEBUG rally_openstack.cleanup.manager [-] Deleting neutron.network object s_rally_9ebe18ba_acqpjjjX (756995e6-54da-4bbc-b9a9-c1f9fe37138f)
2020-03-10 22:42:52.708 15 RALLYDEBUG rally_openstack.cleanup.manager [-] Deleting neutron.network object s_rally_9ebe18ba_JklNdQob (76d7dd6a-659d-4742-96a2-c7dbc7f9f9d7)
2020-03-10 22:42:53.016 15 RALLYDEBUG rally_openstack.cleanup.manager [-] Deleting neutron.network object s_rally_9ebe18ba_2Cz30XC4 (7a3f93cd-6637-4113-94cb-1f61cc14523b)
2020-03-10 22:42:53.294 15 RALLYDEBUG rally_openstack.cleanup.manager [-] Deleting neutron.network object s_rally_9ebe18ba_1WBrI6Fb (8310b40c-df0d-4966-ba6f-3faf664baee9)
2020-03-10 22:42:53.477 15 RALLYDEBUG rally_openstack.cleanup.manager [-] Deleting neutron.network object s_rally_9ebe18ba_PkNXiq8g (8468af79-8f79-465d-ad70-dbb2df5ca434)
2020-03-10 22:42:53.510 15 RALLYDEBUG rally_openstack.cleanup.manager [-] Deleting neutron.network object s_rally_9ebe18ba_nnjvDg7S (99df6892-5726-4381-b4e6-32ad683fd98c)
2020-03-10 22:42:53.554 15 RALLYDEBUG rally_openstack.cleanup.manager [-] Deleting neutron.network object s_rally_9ebe18ba_ONm0RQFM (aff6230e-1f7a-4fc4-8cc8-d606ed2b3b8e)
2020-03-10 22:42:53.583 15 RALLYDEBUG rally_openstack.cleanup.manager [-] Deleting neutron.network object s_rally_9ebe18ba_OSabo2jl (b003724d-742f-4031-9aea-29fb7a98d60b)
2020-03-10 22:42:53.875 15 RALLYDEBUG rally_openstack.cleanup.manager [-] Deleting neutron.network object s_rally_9ebe18ba_H53uDpBJ (d5b830ac-3716-416c-a50a-49b2ccb7365c)
2020-03-10 22:42:53.882 15 RALLYDEBUG rally_openstack.cleanup.manager [-] Deleting neutron.network object s_rally_9ebe18ba_jvoFs2io (d8a0b220-8905-43a4-8712-131ef6fdf135)
2020-03-10 22:42:53.916 15 RALLYDEBUG rally_openstack.cleanup.manager [-] Deleting neutron.network object s_rally_9ebe18ba_8s66LWt2 (dd21c155-72aa-4935-85b5-56c74cc5caa9)
2020-03-10 22:42:54.211 15 RALLYDEBUG rally_openstack.cleanup.manager [-] Deleting neutron.network object s_rally_9ebe18ba_iCUSF2eQ (e61e992d-b7fb-433e-80ea-56a123929b6f)
2020-03-10 22:42:54.370 15 RALLYDEBUG rally_openstack.cleanup.manager [-] Deleting neutron.network object s_rally_9ebe18ba_ksOULt3S (eb23ae56-0ba1-4be2-ae5a-da9baf4c6a58)
2020-03-10 22:42:54.551 15 RALLYDEBUG rally_openstack.cleanup.manager [-] Deleting neutron.network object s_rally_9ebe18ba_rjKEPwgQ (f9350fa5-4b12-41b1-8199-2ee9978530ab)
2020-03-10 22:42:54.640 15 RALLYDEBUG rally_openstack.cleanup.manager [-] Deleting neutron.network object s_rally_9ebe18ba_d4BBWy6M (fdde790d-7a42-4df0-917c-aeca38da5a5f)
2020-03-10 22:42:58.529 15 RALLYDEBUG rally_openstack.cleanup.manager [-] Cleaning up neutron router objects
2020-03-10 22:42:58.884 15 RALLYDEBUG rally_openstack.cleanup.manager [-] Cleaning up neutron security_group objects
2020-03-10 22:42:59.134 15 INFO rally.task.context [-] Task 82369b1d-99da-478b-995d-e765069a40fe | Context cleanup@openstack cleanup() finished in 34.13 sec
2020-03-10 22:42:59.134 15 INFO rally.task.context [-] Task 82369b1d-99da-478b-995d-e765069a40fe | Context quotas@openstack cleanup() started
2020-03-10 22:42:59.198 15 INFO rally.task.context [-] Task 82369b1d-99da-478b-995d-e765069a40fe | Context quotas@openstack cleanup() finished in 64.02 msec
2020-03-10 22:42:59.199 15 INFO rally.task.context [-] Task 82369b1d-99da-478b-995d-e765069a40fe | Context users@openstack cleanup() started
2020-03-10 22:43:01.079 15 INFO rally.task.context [-] Task 82369b1d-99da-478b-995d-e765069a40fe | Context users@openstack cleanup() finished in 1.88 sec
2020-03-10 22:43:03.061 15 INFO rally.task.engine [-] Load duration is: 193.380097
2020-03-10 22:43:03.061 15 INFO rally.task.engine [-] Full runner duration is: 193.428884
2020-03-10 22:43:03.062 15 INFO rally.task.engine [-] Full duration is: 230.999392
2020-03-10 22:43:03.164 15 INFO rally.task.engine [-] Running workload: position = 0 config = { "version": 2, "title": "A cropped version of a bigger task.", "description": "Auto-generated task from a single workload (uuid=9fa7e090-ac16-4e67-b1c4-ef2d64c95043)", "subtasks": [ { "title": "NeutronNetworks.create_and_list_ports", "description": "Check performance of list ports action and ensure > network quotas are not exceeded", "scenario": { "NeutronNetworks.create_and_list_ports": { "network_create_args": null, "port_create_args": null, "ports_per_network": 50 } }, "contexts": { "users": { "tenants": 1, "users_per_tenant": 1 }, "quotas": { "neutron": { "network": -1, "subnet": -1, "router": -1, "port": 811 } } }, "runner": { "constant": { "times": 8, "concurrency": 4 } }, "hooks": [], "sla": { "max_avg_duration_per_atomic": { "neutron.list_ports": 15 }, "failure_rate": { "max": 0 } } } ] }
2020-03-10 22:43:03.183 15 RALLYDEBUG rally_openstack.contexts.keystone.users [-] Creating 1 tenants using 20 threads
2020-03-10 22:43:03.629 15 RALLYDEBUG rally_openstack.contexts.keystone.users [-] Creating 1 users using 20 threads
2020-03-10 22:43:04.058 15 INFO rally.task.context [-] Task 82369b1d-99da-478b-995d-e765069a40fe | Context users@openstack setup() finished in 0.87 sec
2020-03-10 22:43:04.329 15 INFO rally.task.context [-] Task 82369b1d-99da-478b-995d-e765069a40fe | Context quotas@openstack setup() finished in 0.27 sec
2020-03-10 22:43:04.330 15 INFO rally.task.context [-] Task 82369b1d-99da-478b-995d-e765069a40fe | Context cleanup@openstack setup() finished in 0.01 msec
2020-03-10 22:43:04.339 15 RALLYDEBUG rally.task.runner [-] Starting the constant runner (task UUID: 82369b1d-99da-478b-995d-e765069a40fe). timeout: 0 concurrency: 4 concurrency_per_worker: 1 times: 8 concurrency_overhead: 0 processes_to_start: 4 max_cpu_used: 88
2020-03-10 22:43:04.353 3877 RALLYDEBUG rally.task.runner [-] Starting a worker. concurrency: 1 args: {"network_create_args": null, "port_create_args": null, "ports_per_network": 50} times: 8 method_name: run timeout: 0 duration: None cls:
2020-03-10 22:43:04.356 3878 RALLYDEBUG rally.task.runner [-] Starting a worker. concurrency: 1 args: {"network_create_args": null, "port_create_args": null, "ports_per_network": 50} times: 8 method_name: run timeout: 0 duration: None cls:
2020-03-10 22:43:04.359 3877 INFO rally.task.runner [-] Task 82369b1d-99da-478b-995d-e765069a40fe | ITER: 1 START
2020-03-10 22:43:04.359 3879 RALLYDEBUG rally.task.runner [-] Starting a worker. concurrency: 1 args: {"network_create_args": null, "port_create_args": null, "ports_per_network": 50} times: 8 method_name: run timeout: 0 duration: None cls:
2020-03-10 22:43:04.360 3877 WARNING rally_openstack.scenarios.neutron.utils [-] Running this scenario without either the 'network' or 'existing_network' context is deprecated
2020-03-10 22:43:04.362 3878 INFO rally.task.runner [-] Task 82369b1d-99da-478b-995d-e765069a40fe | ITER: 2 START
2020-03-10 22:43:04.363 3878 WARNING rally_openstack.scenarios.neutron.utils [-] Running this scenario without either the 'network' or 'existing_network' context is deprecated
2020-03-10 22:43:04.362 3880 RALLYDEBUG rally.task.runner [-] Starting a worker. concurrency: 1 args: {"network_create_args": null, "port_create_args": null, "ports_per_network": 50} times: 8 method_name: run timeout: 0 duration: None cls:
2020-03-10 22:43:04.365 3879 INFO rally.task.runner [-] Task 82369b1d-99da-478b-995d-e765069a40fe | ITER: 3 START
2020-03-10 22:43:04.366 3879 WARNING rally_openstack.scenarios.neutron.utils [-] Running this scenario without either the 'network' or 'existing_network' context is deprecated
2020-03-10 22:43:04.369 3880 INFO rally.task.runner [-] Task 82369b1d-99da-478b-995d-e765069a40fe | ITER: 4 START
2020-03-10 22:43:04.370 3880 WARNING rally_openstack.scenarios.neutron.utils [-] Running this scenario without either the 'network' or 'existing_network' context is deprecated
2020-03-10 22:44:19.998 3879 INFO rally.task.runner [-] Task 82369b1d-99da-478b-995d-e765069a40fe | ITER: 3 END: OK
2020-03-10 22:44:20.004 3879 INFO rally.task.runner [-] Task 82369b1d-99da-478b-995d-e765069a40fe | ITER: 5 START
2020-03-10 22:44:20.005 3879 WARNING rally_openstack.scenarios.neutron.utils [-] Running this scenario without either the 'network' or 'existing_network' context is deprecated
2020-03-10 22:44:25.468 3880 INFO rally.task.runner [-] Task 82369b1d-99da-478b-995d-e765069a40fe | ITER: 4 END: OK
2020-03-10 22:44:25.474 3880 INFO rally.task.runner [-] Task 82369b1d-99da-478b-995d-e765069a40fe | ITER: 6 START
2020-03-10 22:44:25.475 3880 WARNING rally_openstack.scenarios.neutron.utils [-] Running this scenario without either the 'network' or 'existing_network' context is deprecated
2020-03-10 22:44:31.567 3877 INFO rally.task.runner [-] Task 82369b1d-99da-478b-995d-e765069a40fe | ITER: 1 END: OK
2020-03-10 22:44:31.573 3877 INFO rally.task.runner [-] Task 82369b1d-99da-478b-995d-e765069a40fe | ITER: 7 START
2020-03-10 22:44:31.574 3877 WARNING rally_openstack.scenarios.neutron.utils [-] Running this scenario without either the 'network' or 'existing_network' context is deprecated
2020-03-10 22:44:34.382 3878 INFO rally.task.runner [-] Task 82369b1d-99da-478b-995d-e765069a40fe | ITER: 2 END: OK
2020-03-10 22:44:34.389 3878 INFO rally.task.runner [-] Task 82369b1d-99da-478b-995d-e765069a40fe | ITER: 8 START
