2020-03-10 22:24:35.256 6 RALLYDEBUG rally.api [-] INFO logs from urllib3 and requests module are hide.
2020-03-10 22:24:35.256 6 RALLYDEBUG rally.api [-] urllib3 insecure warnings are hidden.
2020-03-10 22:24:35.256 6 RALLYDEBUG rally.api [-] ERROR log from boto module is hide.
2020-03-10 22:24:36.732 6 ERROR rally.cli.cliutils [-] Unexpected exception in CLI: DBRecordNotFound: Record for uuid or name is opnfv-rally not found in table envs
2020-03-10 22:24:36.732 6 ERROR rally.cli.cliutils
Traceback (most recent call last):
2020-03-10 22:24:36.732 6 ERROR rally.cli.cliutils
File "/usr/lib/python2.7/site-packages/rally/cli/cliutils.py", line 674, in run
2020-03-10 22:24:36.732 6 ERROR rally.cli.cliutils ret = fn(*fn_args, **fn_kwargs)
2020-03-10 22:24:36.732 6 ERROR rally.cli.cliutils File "", line 2, in destroy
2020-03-10 22:24:36.732 6 ERROR rally.cli.cliutils
File "/usr/lib/python2.7/site-packages/rally/cli/envutils.py", line 68, in default_from_global
2020-03-10 22:24:36.732 6 ERROR rally.cli.cliutils return f(*args, **kwargs)
2020-03-10 22:24:36.732 6 ERROR rally.cli.cliutils File "", line 2, in destroy
2020-03-10 22:24:36.732 6 ERROR rally.cli.cliutils
File "/usr/lib/python2.7/site-packages/rally/plugins/__init__.py", line 51, in ensure_plugins_are_loaded
2020-03-10 22:24:36.732 6 ERROR rally.cli.cliutils return f(*args, **kwargs)
2020-03-10 22:24:36.732 6 ERROR rally.cli.cliutils
File "/usr/lib/python2.7/site-packages/rally/cli/commands/deployment.py", line 157, in destroy
2020-03-10 22:24:36.732 6 ERROR rally.cli.cliutils api.deployment.destroy(deployment=deployment)
2020-03-10 22:24:36.732 6 ERROR rally.cli.cliutils
File "/usr/lib/python2.7/site-packages/rally/api.py", line 115, in destroy
2020-03-10 22:24:36.732 6 ERROR rally.cli.cliutils deploy = objects.Deployment.get(deployment)
2020-03-10 22:24:36.732 6 ERROR rally.cli.cliutils
File "/usr/lib/python2.7/site-packages/rally/common/objects/deploy.py", line 124, in get
2020-03-10 22:24:36.732 6 ERROR rally.cli.cliutils return Deployment(env_mgr.EnvManager.get(deploy))
2020-03-10 22:24:36.732 6 ERROR rally.cli.cliutils
File "/usr/lib/python2.7/site-packages/rally/env/env_mgr.py", line 212, in get
2020-03-10 22:24:36.732 6 ERROR rally.cli.cliutils return cls(db.env_get(uuid_or_name))
2020-03-10 22:24:36.732 6 ERROR rally.cli.cliutils
File "/usr/lib/python2.7/site-packages/rally/common/db/api.py", line 135, in wrapper
2020-03-10 22:24:36.732 6 ERROR rally.cli.cliutils result = f(session, *args, **kwargs)
2020-03-10 22:24:36.732 6 ERROR rally.cli.cliutils
File "/usr/lib/python2.7/site-packages/rally/common/db/api.py", line 521, in env_get
2020-03-10 22:24:36.732 6 ERROR rally.cli.cliutils criteria="uuid or name is %s" % uuid_or_name, table="envs")
2020-03-10 22:24:36.732 6 ERROR rally.cli.cliutils DBRecordNotFound: Record for uuid or name is opnfv-rally not found in table envs
2020-03-10 22:24:36.732 6 ERROR rally.cli.cliutils
2020-03-10 22:24:37.690 8 RALLYDEBUG rally.api [-] INFO logs from urllib3 and requests module are hide.
2020-03-10 22:24:37.690 8 RALLYDEBUG rally.api [-] urllib3 insecure warnings are hidden.
2020-03-10 22:24:37.690 8 RALLYDEBUG rally.api [-] ERROR log from boto module is hide.
2020-03-10 22:24:40.048 10 RALLYDEBUG rally.api [-] INFO logs from urllib3 and requests module are hide.
2020-03-10 22:24:40.048 10 RALLYDEBUG rally.api [-] urllib3 insecure warnings are hidden.
2020-03-10 22:24:40.048 10 RALLYDEBUG rally.api [-] ERROR log from boto module is hide.
2020-03-10 22:24:42.870 13 RALLYDEBUG rally.api [-] INFO logs from urllib3 and requests module are hide.
2020-03-10 22:24:42.870 13 RALLYDEBUG rally.api [-] urllib3 insecure warnings are hidden.
2020-03-10 22:24:42.870 13 RALLYDEBUG rally.api [-] ERROR log from boto module is hide.
2020-03-10 22:24:44.591 15 RALLYDEBUG rally.api [-] INFO logs from urllib3 and requests module are hide.
2020-03-10 22:24:44.591 15 RALLYDEBUG rally.api [-] urllib3 insecure warnings are hidden.
2020-03-10 22:24:44.591 15 RALLYDEBUG rally.api [-] ERROR log from boto module is hide.
2020-03-10 22:24:45.777 15 INFO rally.common.plugin.discover [-] Loading plugins from directories /root/.rally/plugins/*
2020-03-10 22:24:45.778 15 INFO rally.common.plugin.discover [-] Loaded module with plugins: /root/.rally/plugins/__init__.py
2020-03-10 22:24:45.780 15 INFO rally.common.plugin.discover [-] Loaded module with plugins: /root/.rally/plugins/trunk_scenario.py
2020-03-10 22:24:45.976 15 INFO rally.task.engine [-] Task 82369b1d-99da-478b-995d-e765069a40fe | Starting: Task validation.
2020-03-10 22:24:45.982 15 INFO rally.task.engine [-] Task 82369b1d-99da-478b-995d-e765069a40fe | Starting: Task validation of syntax.
2020-03-10 22:24:46.231 15 INFO rally.task.engine [-] Task 82369b1d-99da-478b-995d-e765069a40fe | Completed: Task validation of syntax.
2020-03-10 22:24:46.232 15 INFO rally.task.engine [-] Task 82369b1d-99da-478b-995d-e765069a40fe | Starting: Task validation of required platforms.
2020-03-10 22:24:46.350 15 INFO rally.task.engine [-] Task 82369b1d-99da-478b-995d-e765069a40fe | Completed: Task validation of required platforms.
2020-03-10 22:24:46.351 15 INFO rally.task.engine [-] Task 82369b1d-99da-478b-995d-e765069a40fe | Starting: Task validation of semantic.
2020-03-10 22:24:46.351 15 INFO rally.task.engine [-] Check health of the environment 'e5e2ef5d-6723-4649-b5be-980392004a7c'.
2020-03-10 22:24:46.857 15 INFO rally.task.engine [-] Platform existing@openstack (available: True): OK!
2020-03-10 22:24:46.879 15 RALLYDEBUG rally_openstack.contexts.keystone.users [-] Creating 1 tenants using 20 threads
2020-03-10 22:24:47.359 15 RALLYDEBUG rally_openstack.contexts.keystone.users [-] Creating 1 users using 20 threads
2020-03-10 22:24:48.090 15 INFO rally.task.context [-] Task 82369b1d-99da-478b-995d-e765069a40fe | Context users@openstack setup() finished in 1.21 sec
2020-03-10 22:24:49.392 15 INFO rally.task.context [-] Task 82369b1d-99da-478b-995d-e765069a40fe | Context users@openstack cleanup() started
2020-03-10 22:24:51.034 15 INFO rally.task.context [-] Task 82369b1d-99da-478b-995d-e765069a40fe | Context users@openstack cleanup() finished in 1.64 sec
2020-03-10 22:24:51.035 15 INFO rally.task.engine [-] Task 82369b1d-99da-478b-995d-e765069a40fe | Completed: Task validation of semantic.
2020-03-10 22:24:51.035 15 INFO rally.task.engine [-] Task 82369b1d-99da-478b-995d-e765069a40fe | Completed: Task validation.
2020-03-10 22:24:51.036 15 INFO rally.api [-] Task 82369b1d-99da-478b-995d-e765069a40fe input file is valid.
2020-03-10 22:24:51.036 15 INFO rally.api [-] Run Task 82369b1d-99da-478b-995d-e765069a40fe against Deployment e5e2ef5d-6723-4649-b5be-980392004a7c
2020-03-10 22:24:51.036 15 INFO rally.task.engine [-] Task 82369b1d-99da-478b-995d-e765069a40fe | Starting: Running task.
2020-03-10 22:24:51.073 15 INFO rally.task.engine [-] Running workload: position = 0 config = { "version": 2, "title": "A cropped version of a bigger task.", "description": "Auto-generated task from a single workload (uuid=cb529bb0-f001-4d63-b76a-777a9d1a12c1)", "subtasks": [ { "title": "NeutronNetworks.create_and_list_networks", "description": "Check performance of list_networks action and ensure > network quotas are not exceeded", "scenario": { "NeutronNetworks.create_and_list_networks": {} }, "contexts": { "users": { "tenants": 1, "users_per_tenant": 1 }, "quotas": { "neutron": { "network": 119 } } }, "runner": { "constant": { "times": 100, "concurrency": 20 } }, "hooks": [], "sla": { "max_avg_duration_per_atomic": { "neutron.list_networks": 15 }, "failure_rate": { "max": 0 } } } ] }
2020-03-10 22:24:51.096 15 RALLYDEBUG rally_openstack.contexts.keystone.users [-] Creating 1 tenants using 20 threads
2020-03-10 22:24:51.409 15 RALLYDEBUG rally_openstack.contexts.keystone.users [-] Creating 1 users using 20 threads
2020-03-10 22:24:51.807 15 INFO rally.task.context [-] Task 82369b1d-99da-478b-995d-e765069a40fe | Context users@openstack setup() finished in 0.71 sec
2020-03-10 22:24:52.132 15 INFO rally.task.context [-] Task 82369b1d-99da-478b-995d-e765069a40fe | Context quotas@openstack setup() finished in 0.33 sec
2020-03-10 22:24:52.133 15 INFO rally.task.context [-] Task 82369b1d-99da-478b-995d-e765069a40fe | Context cleanup@openstack setup() finished in 0.02 msec
2020-03-10 22:24:52.142 15 RALLYDEBUG rally.task.runner [-] Starting the constant runner (task UUID: 82369b1d-99da-478b-995d-e765069a40fe). timeout: 0 concurrency: 20 concurrency_per_worker: 1 times: 100 concurrency_overhead: 0 processes_to_start: 20 max_cpu_used: 88
2020-03-10 22:24:52.154 139 RALLYDEBUG rally.task.runner [-] Starting a worker. concurrency: 1 args: {} times: 100 method_name: run timeout: 0 duration: None cls:
2020-03-10 22:24:52.156 140 RALLYDEBUG rally.task.runner [-] Starting a worker. concurrency: 1 args: {} times: 100 method_name: run timeout: 0 duration: None cls:
2020-03-10 22:24:52.160 139 INFO rally.task.runner [-] Task 82369b1d-99da-478b-995d-e765069a40fe | ITER: 1 START
2020-03-10 22:24:52.160 141 RALLYDEBUG rally.task.runner [-] Starting a worker. concurrency: 1 args: {} times: 100 method_name: run timeout: 0 duration: None cls:
2020-03-10 22:24:52.162 140 INFO rally.task.runner [-] Task 82369b1d-99da-478b-995d-e765069a40fe | ITER: 2 START
2020-03-10 22:24:52.162 142 RALLYDEBUG rally.task.runner [-] Starting a worker. concurrency: 1 args: {} times: 100 method_name: run timeout: 0 duration: None cls:
2020-03-10 22:24:52.165 141 INFO rally.task.runner [-] Task 82369b1d-99da-478b-995d-e765069a40fe | ITER: 3 START
2020-03-10 22:24:52.166 145 RALLYDEBUG rally.task.runner [-] Starting a worker. concurrency: 1 args: {} times: 100 method_name: run timeout: 0 duration: None cls:
2020-03-10 22:24:52.168 142 INFO rally.task.runner [-] Task 82369b1d-99da-478b-995d-e765069a40fe | ITER: 4 START
2020-03-10 22:24:52.169 148 RALLYDEBUG rally.task.runner [-] Starting a worker. concurrency: 1 args: {} times: 100 method_name: run timeout: 0 duration: None cls:
2020-03-10 22:24:52.171 145 INFO rally.task.runner [-] Task 82369b1d-99da-478b-995d-e765069a40fe | ITER: 5 START
2020-03-10 22:24:52.172 151 RALLYDEBUG rally.task.runner [-] Starting a worker. concurrency: 1 args: {} times: 100 method_name: run timeout: 0 duration: None cls:
2020-03-10 22:24:52.175 148 INFO rally.task.runner [-] Task 82369b1d-99da-478b-995d-e765069a40fe | ITER: 6 START
2020-03-10 22:24:52.178 151 INFO rally.task.runner [-] Task 82369b1d-99da-478b-995d-e765069a40fe | ITER: 7 START
2020-03-10 22:24:52.180 157 RALLYDEBUG rally.task.runner [-] Starting a worker. concurrency: 1 args: {} times: 100 method_name: run timeout: 0 duration: None cls:
2020-03-10 22:24:52.182 160 RALLYDEBUG rally.task.runner [-] Starting a worker. concurrency: 1 args: {} times: 100 method_name: run timeout: 0 duration: None cls:
2020-03-10 22:24:52.184 154 RALLYDEBUG rally.task.runner [-] Starting a worker. concurrency: 1 args: {} times: 100 method_name: run timeout: 0 duration: None cls:
2020-03-10 22:24:52.187 157 INFO rally.task.runner [-] Task 82369b1d-99da-478b-995d-e765069a40fe | ITER: 8 START
2020-03-10 22:24:52.188 160 INFO rally.task.runner [-] Task 82369b1d-99da-478b-995d-e765069a40fe | ITER: 9 START
2020-03-10 22:24:52.190 154 INFO rally.task.runner [-] Task 82369b1d-99da-478b-995d-e765069a40fe | ITER: 10 START
2020-03-10 22:24:52.189 163 RALLYDEBUG rally.task.runner [-] Starting a worker. concurrency: 1 args: {} times: 100 method_name: run timeout: 0 duration: None cls:
2020-03-10 22:24:52.192 165 RALLYDEBUG rally.task.runner [-] Starting a worker. concurrency: 1 args: {} times: 100 method_name: run timeout: 0 duration: None cls:
2020-03-10 22:24:52.192 164 RALLYDEBUG rally.task.runner [-] Starting a worker. concurrency: 1 args: {} times: 100 method_name: run timeout: 0 duration: None cls:
2020-03-10 22:24:52.193 170 RALLYDEBUG rally.task.runner [-] Starting a worker. concurrency: 1 args: {} times: 100 method_name: run timeout: 0 duration: None cls:
2020-03-10 22:24:52.195 173 RALLYDEBUG rally.task.runner [-] Starting a worker. concurrency: 1 args: {} times: 100 method_name: run timeout: 0 duration: None cls:
2020-03-10 22:24:52.197 164 INFO rally.task.runner [-] Task 82369b1d-99da-478b-995d-e765069a40fe | ITER: 13 START
2020-03-10 22:24:52.198 165 INFO rally.task.runner [-] Task 82369b1d-99da-478b-995d-e765069a40fe | ITER: 12 START
2020-03-10 22:24:52.198 163 INFO rally.task.runner [-] Task 82369b1d-99da-478b-995d-e765069a40fe | ITER: 11 START
2020-03-10 22:24:52.198 174 RALLYDEBUG rally.task.runner [-] Starting a worker. concurrency: 1 args: {} times: 100 method_name: run timeout: 0 duration: None cls:
2020-03-10 22:24:52.206 174 INFO rally.task.runner [-] Task 82369b1d-99da-478b-995d-e765069a40fe | ITER: 16 START
2020-03-10 22:24:52.204 170 INFO rally.task.runner [-] Task 82369b1d-99da-478b-995d-e765069a40fe | ITER: 14 START
2020-03-10 22:24:52.206 173 INFO rally.task.runner [-] Task 82369b1d-99da-478b-995d-e765069a40fe | ITER: 15 START
2020-03-10 22:24:52.209 185 RALLYDEBUG rally.task.runner [-] Starting a worker. concurrency: 1 args: {} times: 100 method_name: run timeout: 0 duration: None cls:
2020-03-10 22:24:52.209 188 RALLYDEBUG rally.task.runner [-] Starting a worker. concurrency: 1 args: {} times: 100 method_name: run timeout: 0 duration: None cls:
2020-03-10 22:24:52.213 190 RALLYDEBUG rally.task.runner [-] Starting a worker. concurrency: 1 args: {} times: 100 method_name: run timeout: 0 duration: None cls:
2020-03-10 22:24:52.213 183 RALLYDEBUG rally.task.runner [-] Starting a worker. concurrency: 1 args: {} times: 100 method_name: run timeout: 0 duration: None cls:
2020-03-10 22:24:52.216 185 INFO rally.task.runner [-] Task 82369b1d-99da-478b-995d-e765069a40fe | ITER: 17 START
2020-03-10 22:24:52.217 188 INFO rally.task.runner [-] Task 82369b1d-99da-478b-995d-e765069a40fe | ITER: 18 START
2020-03-10 22:24:52.220 190 INFO rally.task.runner [-] Task 82369b1d-99da-478b-995d-e765069a40fe | ITER: 19 START
2020-03-10 22:24:52.221 183 INFO rally.task.runner [-] Task 82369b1d-99da-478b-995d-e765069a40fe | ITER: 20 START
2020-03-10 22:24:53.875 142 INFO rally.task.runner [-] Task 82369b1d-99da-478b-995d-e765069a40fe | ITER: 4 END: OK
2020-03-10 22:24:53.881 142 INFO rally.task.runner [-] Task 82369b1d-99da-478b-995d-e765069a40fe | ITER: 21 START
2020-03-10 22:24:54.010 148 INFO rally.task.runner [-] Task 82369b1d-99da-478b-995d-e765069a40fe | ITER: 6 END: OK
2020-03-10 22:24:54.014 148 INFO rally.task.runner [-] Task 82369b1d-99da-478b-995d-e765069a40fe | ITER: 22 START
2020-03-10 22:24:55.285 185 INFO rally.task.runner [-] Task 82369b1d-99da-478b-995d-e765069a40fe | ITER: 17 END: OK
2020-03-10 22:24:55.289 185 INFO rally.task.runner [-] Task 82369b1d-99da-478b-995d-e765069a40fe | ITER: 23 START
2020-03-10 22:24:55.526 145 INFO rally.task.runner [-] Task 82369b1d-99da-478b-995d-e765069a40fe | ITER: 5 END: OK
2020-03-10 22:24:55.531 145 INFO rally.task.runner [-] Task 82369b1d-99da-478b-995d-e765069a40fe | ITER: 24 START
2020-03-10 22:24:55.830 141 INFO rally.task.runner [-] Task 82369b1d-99da-478b-995d-e765069a40fe | ITER: 3 END: OK
2020-03-10 22:24:55.835 141 INFO rally.task.runner [-] Task 82369b1d-99da-478b-995d-e765069a40fe | ITER: 25 START
2020-03-10 22:24:56.392 173 INFO rally.task.runner [-] Task 82369b1d-99da-478b-995d-e765069a40fe | ITER: 15 END: OK
2020-03-10 22:24:56.396 173 INFO rally.task.runner [-] Task 82369b1d-99da-478b-995d-e765069a40fe | ITER: 26 START
2020-03-10 22:24:56.504 190 INFO rally.task.runner [-] Task 82369b1d-99da-478b-995d-e765069a40fe | ITER: 19 END: OK
2020-03-10 22:24:56.508 190 INFO rally.task.runner [-] Task 82369b1d-99da-478b-995d-e765069a40fe | ITER: 27 START
2020-03-10 22:24:56.539 188 INFO rally.task.runner [-] Task 82369b1d-99da-478b-995d-e765069a40fe | ITER: 18 END: OK
2020-03-10 22:24:56.543 188 INFO rally.task.runner [-] Task 82369b1d-99da-478b-995d-e765069a40fe | ITER: 28 START
2020-03-10 22:24:56.658 163 INFO rally.task.runner [-] Task 82369b1d-99da-478b-995d-e765069a40fe | ITER: 11 END: OK
2020-03-10 22:24:56.664 163 INFO rally.task.runner [-] Task 82369b1d-99da-478b-995d-e765069a40fe | ITER: 29 START
2020-03-10 22:24:56.682 139 INFO rally.task.runner [-] Task 82369b1d-99da-478b-995d-e765069a40fe | ITER: 1 END: OK
2020-03-10 22:24:56.686 139 INFO rally.task.runner [-] Task 82369b1d-99da-478b-995d-e765069a40fe | ITER: 30 START
2020-03-10 22:24:56.739 170 INFO rally.task.runner [-] Task 82369b1d-99da-478b-995d-e765069a40fe | ITER: 14 END: OK
2020-03-10 22:24:56.744 170 INFO rally.task.runner [-] Task 82369b1d-99da-478b-995d-e765069a40fe | ITER: 31 START
2020-03-10 22:24:56.753 154 INFO rally.task.runner [-] Task 82369b1d-99da-478b-995d-e765069a40fe | ITER: 10 END: OK
2020-03-10 22:24:56.758 154 INFO rally.task.runner [-] Task 82369b1d-99da-478b-995d-e765069a40fe | ITER: 32 START
2020-03-10 22:24:56.867 164 INFO rally.task.runner [-] Task 82369b1d-99da-478b-995d-e765069a40fe | ITER: 13 END: OK
2020-03-10 22:24:56.872 164 INFO rally.task.runner [-] Task 82369b1d-99da-478b-995d-e765069a40fe | ITER: 33 START
2020-03-10 22:24:56.959 145 INFO rally.task.runner [-] Task 82369b1d-99da-478b-995d-e765069a40fe | ITER: 24 END: OK
2020-03-10 22:24:56.962 145 INFO rally.task.runner [-] Task 82369b1d-99da-478b-995d-e765069a40fe | ITER: 34 START
2020-03-10 22:24:57.085 165 INFO rally.task.runner [-] Task 82369b1d-99da-478b-995d-e765069a40fe | ITER: 12 END: OK
2020-03-10 22:24:57.089 140 INFO rally.task.runner [-] Task 82369b1d-99da-478b-995d-e765069a40fe | ITER: 2 END: OK
2020-03-10 22:24:57.090 165 INFO rally.task.runner [-] Task 82369b1d-99da-478b-995d-e765069a40fe | ITER: 35 START
2020-03-10 22:24:57.094 140 INFO rally.task.runner [-] Task 82369b1d-99da-478b-995d-e765069a40fe | ITER: 36 START
2020-03-10 22:24:57.147 151 INFO rally.task.runner [-] Task 82369b1d-99da-478b-995d-e765069a40fe | ITER: 7 END: OK
2020-03-10 22:24:57.152 151 INFO rally.task.runner [-] Task 82369b1d-99da-478b-995d-e765069a40fe | ITER: 37 START
2020-03-10 22:24:57.154 160 INFO rally.task.runner [-] Task 82369b1d-99da-478b-995d-e765069a40fe | ITER: 9 END: OK
2020-03-10 22:24:57.159 160 INFO rally.task.runner [-] Task 82369b1d-99da-478b-995d-e765069a40fe | ITER: 38 START
2020-03-10 22:24:57.161 141 INFO rally.task.runner [-] Task 82369b1d-99da-478b-995d-e765069a40fe | ITER: 25 END: OK
2020-03-10 22:24:57.162 174 INFO rally.task.runner [-] Task 82369b1d-99da-478b-995d-e765069a40fe | ITER: 16 END: OK
2020-03-10 22:24:57.165 141 INFO rally.task.runner [-] Task 82369b1d-99da-478b-995d-e765069a40fe | ITER: 39 START
2020-03-10 22:24:57.168 174 INFO rally.task.runner [-] Task 82369b1d-99da-478b-995d-e765069a40fe | ITER: 40 START
2020-03-10 22:24:57.206 142 INFO rally.task.runner [-] Task 82369b1d-99da-478b-995d-e765069a40fe | ITER: 21 END: OK
2020-03-10 22:24:57.209 142 INFO rally.task.runner [-] Task 82369b1d-99da-478b-995d-e765069a40fe | ITER: 41 START
2020-03-10 22:24:57.214 183 INFO rally.task.runner [-] Task 82369b1d-99da-478b-995d-e765069a40fe | ITER: 20 END: OK
2020-03-10 22:24:57.218 183 INFO rally.task.runner [-] Task 82369b1d-99da-478b-995d-e765069a40fe | ITER: 42 START
2020-03-10 22:24:57.293 148 INFO rally.task.runner [-] Task 82369b1d-99da-478b-995d-e765069a40fe | ITER: 22 END: OK
2020-03-10 22:24:57.296 148 INFO rally.task.runner [-] Task 82369b1d-99da-478b-995d-e765069a40fe | ITER: 43 START
2020-03-10 22:24:57.406 173 INFO rally.task.runner [-] Task 82369b1d-99da-478b-995d-e765069a40fe | ITER: 26 END: OK
2020-03-10 22:24:57.410 173 INFO rally.task.runner [-] Task 82369b1d-99da-478b-995d-e765069a40fe | ITER: 44 START
2020-03-10 22:24:57.527 185 INFO rally.task.runner [-] Task 82369b1d-99da-478b-995d-e765069a40fe | ITER: 23 END: OK
2020-03-10 22:24:57.531 185 INFO rally.task.runner [-] Task 82369b1d-99da-478b-995d-e765069a40fe | ITER: 45 START
2020-03-10 22:24:57.741 157 INFO rally.task.runner [-] Task 82369b1d-99da-478b-995d-e765069a40fe | ITER: 8 END: OK
2020-03-10 22:24:57.745 157 INFO rally.task.runner [-] Task 82369b1d-99da-478b-995d-e765069a40fe | ITER: 46 START
2020-03-10 22:24:58.663 190 INFO rally.task.runner [-] Task 82369b1d-99da-478b-995d-e765069a40fe | ITER: 27 END: OK
2020-03-10 22:24:58.666 190 INFO rally.task.runner [-] Task 82369b1d-99da-478b-995d-e765069a40fe | ITER: 47 START
2020-03-10 22:24:59.066 188 INFO rally.task.runner [-] Task 82369b1d-99da-478b-995d-e765069a40fe | ITER: 28 END: OK
2020-03-10 22:24:59.070 188 INFO rally.task.runner [-] Task 82369b1d-99da-478b-995d-e765069a40fe | ITER: 48 START
2020-03-10 22:24:59.595 164 INFO rally.task.runner [-] Task 82369b1d-99da-478b-995d-e765069a40fe | ITER: 33 END: OK
2020-03-10 22:24:59.599 164 INFO rally.task.runner [-] Task 82369b1d-99da-478b-995d-e765069a40fe | ITER: 49 START
2020-03-10 22:24:59.800 170 INFO rally.task.runner [-] Task 82369b1d-99da-478b-995d-e765069a40fe | ITER: 31 END: OK
2020-03-10 22:24:59.803 170 INFO rally.task.runner [-] Task 82369b1d-99da-478b-995d-e765069a40fe | ITER: 50 START
2020-03-10 22:25:00.049 139 INFO rally.task.runner [-] Task 82369b1d-99da-478b-995d-e765069a40fe | ITER: 30 END: OK
2020-03-10 22:25:00.053 139 INFO rally.task.runner [-] Task 82369b1d-99da-478b-995d-e765069a40fe | ITER: 51 START
2020-03-10 22:25:00.112 163 INFO rally.task.runner [-] Task 82369b1d-99da-478b-995d-e765069a40fe | ITER: 29 END: OK
2020-03-10 22:25:00.115 163 INFO rally.task.runner [-] Task 82369b1d-99da-478b-995d-e765069a40fe | ITER: 52 START
2020-03-10 22:25:00.174 154 INFO rally.task.runner [-] Task 82369b1d-99da-478b-995d-e765069a40fe | ITER: 32 END: OK
2020-03-10 22:25:00.178 154 INFO rally.task.runner [-] Task 82369b1d-99da-478b-995d-e765069a40fe | ITER: 53 START
2020-03-10 22:25:00.211 141 INFO rally.task.runner [-] Task 82369b1d-99da-478b-995d-e765069a40fe | ITER: 39 END: OK
2020-03-10 22:25:00.215 141 INFO rally.task.runner [-] Task 82369b1d-99da-478b-995d-e765069a40fe | ITER: 54 START
2020-03-10 22:25:00.260 140 INFO rally.task.runner [-] Task 82369b1d-99da-478b-995d-e765069a40fe | ITER: 36 END: OK
2020-03-10 22:25:00.260 151 INFO rally.task.runner [-] Task 82369b1d-99da-478b-995d-e765069a40fe | ITER: 37 END: OK
2020-03-10 22:25:00.263 140 INFO rally.task.runner [-] Task 82369b1d-99da-478b-995d-e765069a40fe | ITER: 55 START
2020-03-10 22:25:00.264 151 INFO rally.task.runner [-] Task 82369b1d-99da-478b-995d-e765069a40fe | ITER: 56 START
2020-03-10 22:25:00.325 165 INFO rally.task.runner [-] Task 82369b1d-99da-478b-995d-e765069a40fe | ITER: 35 END: OK
2020-03-10 22:25:00.329 165 INFO rally.task.runner [-] Task 82369b1d-99da-478b-995d-e765069a40fe | ITER: 57 START
2020-03-10 22:25:00.371 148 INFO rally.task.runner [-] Task 82369b1d-99da-478b-995d-e765069a40fe | ITER: 43 END: OK
2020-03-10 22:25:00.373 160 INFO rally.task.runner [-] Task 82369b1d-99da-478b-995d-e765069a40fe | ITER: 38 END: OK
2020-03-10 22:25:00.375 148 INFO rally.task.runner [-] Task 82369b1d-99da-478b-995d-e765069a40fe | ITER: 58 START
2020-03-10 22:25:00.376 160 INFO rally.task.runner [-] Task 82369b1d-99da-478b-995d-e765069a40fe | ITER: 59 START
2020-03-10 22:25:00.515 142 INFO rally.task.runner [-] Task 82369b1d-99da-478b-995d-e765069a40fe | ITER: 41 END: OK
2020-03-10 22:25:00.519 142 INFO rally.task.runner [-] Task 82369b1d-99da-478b-995d-e765069a40fe | ITER: 60 START
2020-03-10 22:25:00.612 185 INFO rally.task.runner [-] Task 82369b1d-99da-478b-995d-e765069a40fe | ITER: 45 END: OK
2020-03-10 22:25:00.616 185 INFO rally.task.runner [-] Task 82369b1d-99da-478b-995d-e765069a40fe | ITER: 61 START
2020-03-10 22:25:00.687 145 INFO rally.task.runner [-] Task 82369b1d-99da-478b-995d-e765069a40fe | ITER: 34 END: OK
2020-03-10 22:25:00.691 145 INFO rally.task.runner [-] Task 82369b1d-99da-478b-995d-e765069a40fe | ITER: 62 START
2020-03-10 22:25:00.790 190 INFO rally.task.runner [-] Task 82369b1d-99da-478b-995d-e765069a40fe | ITER: 47 END: OK
2020-03-10 22:25:00.794 190 INFO rally.task.runner [-] Task 82369b1d-99da-478b-995d-e765069a40fe | ITER: 63 START
2020-03-10 22:25:00.874 174 INFO rally.task.runner [-] Task 82369b1d-99da-478b-995d-e765069a40fe | ITER: 40 END: OK
2020-03-10 22:25:00.877 174 INFO rally.task.runner [-] Task 82369b1d-99da-478b-995d-e765069a40fe | ITER: 64 START
2020-03-10 22:25:00.879 183 INFO rally.task.runner [-] Task 82369b1d-99da-478b-995d-e765069a40fe | ITER: 42 END: OK
2020-03-10 22:25:00.880 157 INFO rally.task.runner [-] Task 82369b1d-99da-478b-995d-e765069a40fe | ITER: 46 END: OK
2020-03-10 22:25:00.883 183 INFO rally.task.runner [-] Task 82369b1d-99da-478b-995d-e765069a40fe | ITER: 65 START
2020-03-10 22:25:00.884 157 INFO rally.task.runner [-] Task 82369b1d-99da-478b-995d-e765069a40fe | ITER: 66 START
2020-03-10 22:25:00.895 173 INFO rally.task.runner [-] Task 82369b1d-99da-478b-995d-e765069a40fe | ITER: 44 END: OK
2020-03-10 22:25:00.899 173 INFO rally.task.runner [-] Task 82369b1d-99da-478b-995d-e765069a40fe | ITER: 67 START
2020-03-10 22:25:01.421 139 INFO rally.task.runner [-] Task 82369b1d-99da-478b-995d-e765069a40fe | ITER: 51 END: OK
2020-03-10 22:25:01.425 139 INFO rally.task.runner [-] Task 82369b1d-99da-478b-995d-e765069a40fe | ITER: 68 START
2020-03-10 22:25:01.435 164 INFO rally.task.runner [-] Task 82369b1d-99da-478b-995d-e765069a40fe | ITER: 49 END: OK
2020-03-10 22:25:01.439 164 INFO rally.task.runner [-] Task 82369b1d-99da-478b-995d-e765069a40fe | ITER: 69 START
2020-03-10 22:25:01.576 188 INFO rally.task.runner [-] Task 82369b1d-99da-478b-995d-e765069a40fe | ITER: 48 END: OK
2020-03-10 22:25:01.580 188 INFO rally.task.runner [-] Task 82369b1d-99da-478b-995d-e765069a40fe | ITER: 70 START
2020-03-10 22:25:01.830 170 INFO rally.task.runner [-] Task 82369b1d-99da-478b-995d-e765069a40fe | ITER: 50 END: OK
2020-03-10 22:25:01.834 170 INFO rally.task.runner [-] Task 82369b1d-99da-478b-995d-e765069a40fe | ITER: 71 START
2020-03-10 22:25:02.258 148 INFO rally.task.runner [-] Task 82369b1d-99da-478b-995d-e765069a40fe | ITER: 58 END: OK
2020-03-10 22:25:02.262 148 INFO rally.task.runner [-] Task 82369b1d-99da-478b-995d-e765069a40fe | ITER: 72 START
2020-03-10 22:25:02.318 163 INFO rally.task.runner [-] Task 82369b1d-99da-478b-995d-e765069a40fe | ITER: 52 END: OK
2020-03-10 22:25:02.322 163 INFO rally.task.runner [-] Task 82369b1d-99da-478b-995d-e765069a40fe | ITER: 73 START
2020-03-10 22:25:02.423 141 INFO rally.task.runner [-] Task 82369b1d-99da-478b-995d-e765069a40fe | ITER: 54 END: OK
2020-03-10 22:25:02.427 141 INFO rally.task.runner [-] Task 82369b1d-99da-478b-995d-e765069a40fe | ITER: 74 START
2020-03-10 22:25:02.769 140 INFO rally.task.runner [-] Task 82369b1d-99da-478b-995d-e765069a40fe | ITER: 55 END: OK
2020-03-10 22:25:02.773 140 INFO rally.task.runner [-] Task 82369b1d-99da-478b-995d-e765069a40fe | ITER: 75 START
2020-03-10 22:25:02.806 145 INFO rally.task.runner [-] Task 82369b1d-99da-478b-995d-e765069a40fe | ITER: 62 END: OK
2020-03-10 22:25:02.809 145 INFO rally.task.runner [-] Task 82369b1d-99da-478b-995d-e765069a40fe | ITER: 76 START
2020-03-10 22:25:02.835 151 INFO rally.task.runner [-] Task 82369b1d-99da-478b-995d-e765069a40fe | ITER: 56 END: OK
2020-03-10 22:25:02.838 151 INFO rally.task.runner [-] Task 82369b1d-99da-478b-995d-e765069a40fe | ITER: 77 START
2020-03-10 22:25:03.056 190 INFO rally.task.runner [-] Task 82369b1d-99da-478b-995d-e765069a40fe | ITER: 63 END: OK
2020-03-10 22:25:03.060 190 INFO rally.task.runner [-] Task 82369b1d-99da-478b-995d-e765069a40fe | ITER: 78 START
2020-03-10 22:25:03.220 142 INFO rally.task.runner [-] Task 82369b1d-99da-478b-995d-e765069a40fe | ITER: 60 END: OK
2020-03-10 22:25:03.224 142 INFO rally.task.runner [-] Task 82369b1d-99da-478b-995d-e765069a40fe | ITER: 79 START
2020-03-10 22:25:03.313 185 INFO rally.task.runner [-] Task 82369b1d-99da-478b-995d-e765069a40fe | ITER: 61 END: OK
2020-03-10 22:25:03.316 185 INFO rally.task.runner [-] Task 82369b1d-99da-478b-995d-e765069a40fe | ITER: 80 START
2020-03-10 22:25:03.510 154 INFO rally.task.runner [-] Task 82369b1d-99da-478b-995d-e765069a40fe | ITER: 53 END: OK
2020-03-10 22:25:03.513 154 INFO rally.task.runner [-] Task 82369b1d-99da-478b-995d-e765069a40fe | ITER: 81 START
2020-03-10 22:25:03.712 183 INFO rally.task.runner [-] Task 82369b1d-99da-478b-995d-e765069a40fe | ITER: 65 END: OK
2020-03-10 22:25:03.715 183 INFO rally.task.runner [-] Task 82369b1d-99da-478b-995d-e765069a40fe | ITER: 82 START
2020-03-10 22:25:04.014 165 INFO rally.task.runner [-] Task 82369b1d-99da-478b-995d-e765069a40fe | ITER: 57 END: OK
2020-03-10 22:25:04.017 165 INFO rally.task.runner [-] Task 82369b1d-99da-478b-995d-e765069a40fe | ITER: 83 START
2020-03-10 22:25:04.219 174 INFO rally.task.runner [-] Task 82369b1d-99da-478b-995d-e765069a40fe | ITER: 64 END: OK
2020-03-10 22:25:04.222 174 INFO rally.task.runner [-] Task 82369b1d-99da-478b-995d-e765069a40fe | ITER: 84 START
2020-03-10 22:25:04.499 188 INFO rally.task.runner [-] Task 82369b1d-99da-478b-995d-e765069a40fe | ITER: 70 END: OK
2020-03-10 22:25:04.503 188 INFO rally.task.runner [-] Task 82369b1d-99da-478b-995d-e765069a40fe | ITER: 85 START
2020-03-10 22:25:04.550 173 INFO rally.task.runner [-] Task 82369b1d-99da-478b-995d-e765069a40fe | ITER: 67 END: OK
2020-03-10 22:25:04.554 173 INFO rally.task.runner [-] Task 82369b1d-99da-478b-995d-e765069a40fe | ITER: 86 START
2020-03-10 22:25:04.664 160 INFO rally.task.runner [-] Task 82369b1d-99da-478b-995d-e765069a40fe | ITER: 59 END: OK
2020-03-10 22:25:04.668 160 INFO rally.task.runner [-] Task 82369b1d-99da-478b-995d-e765069a40fe | ITER: 87 START
2020-03-10 22:25:04.674 170 INFO rally.task.runner [-] Task 82369b1d-99da-478b-995d-e765069a40fe | ITER: 71 END: OK
2020-03-10 22:25:04.678 170 INFO rally.task.runner [-] Task 82369b1d-99da-478b-995d-e765069a40fe | ITER: 88 START
2020-03-10 22:25:04.964 148 INFO rally.task.runner [-] Task 82369b1d-99da-478b-995d-e765069a40fe | ITER: 72 END: OK
2020-03-10 22:25:04.968 148 INFO rally.task.runner [-] Task 82369b1d-99da-478b-995d-e765069a40fe | ITER: 89 START
2020-03-10 22:25:05.259 164 INFO rally.task.runner [-] Task 82369b1d-99da-478b-995d-e765069a40fe | ITER: 69 END: OK
2020-03-10 22:25:05.262 164 INFO rally.task.runner [-] Task 82369b1d-99da-478b-995d-e765069a40fe | ITER: 90 START
2020-03-10 22:25:05.316 157 INFO rally.task.runner [-] Task 82369b1d-99da-478b-995d-e765069a40fe | ITER: 66 END: OK
2020-03-10 22:25:05.320 157 INFO rally.task.runner [-] Task 82369b1d-99da-478b-995d-e765069a40fe | ITER: 91 START
2020-03-10 22:25:05.321 139 INFO rally.task.runner [-] Task 82369b1d-99da-478b-995d-e765069a40fe | ITER: 68 END: OK
2020-03-10 22:25:05.325 139 INFO rally.task.runner [-] Task 82369b1d-99da-478b-995d-e765069a40fe | ITER: 92 START
2020-03-10 22:25:05.491 141 INFO rally.task.runner [-] Task 82369b1d-99da-478b-995d-e765069a40fe | ITER: 74 END: OK
2020-03-10 22:25:05.495 141 INFO rally.task.runner [-] Task 82369b1d-99da-478b-995d-e765069a40fe | ITER: 93 START
2020-03-10 22:25:05.630 190 INFO rally.task.runner [-] Task 82369b1d-99da-478b-995d-e765069a40fe | ITER: 78 END: OK
2020-03-10 22:25:05.633 190 INFO rally.task.runner [-] Task 82369b1d-99da-478b-995d-e765069a40fe | ITER: 94 START
2020-03-10 22:25:07.286 140 INFO rally.task.runner [-] Task 82369b1d-99da-478b-995d-e765069a40fe | ITER: 75 END: OK
2020-03-10 22:25:07.286 145 INFO rally.task.runner [-] Task 82369b1d-99da-478b-995d-e765069a40fe | ITER: 76 END: OK
2020-03-10 22:25:07.290 140 INFO rally.task.runner [-] Task 82369b1d-99da-478b-995d-e765069a40fe | ITER: 95 START
2020-03-10 22:25:07.290 145 INFO rally.task.runner [-] Task 82369b1d-99da-478b-995d-e765069a40fe | ITER: 96 START
2020-03-10 22:25:07.940 185 INFO rally.task.runner [-] Task 82369b1d-99da-478b-995d-e765069a40fe | ITER: 80 END: OK
2020-03-10 22:25:07.943 185 INFO rally.task.runner [-] Task 82369b1d-99da-478b-995d-e765069a40fe | ITER: 97 START
2020-03-10 22:25:08.180 142 INFO rally.task.runner [-] Task 82369b1d-99da-478b-995d-e765069a40fe | ITER: 79 END: OK
2020-03-10 22:25:08.184 142 INFO rally.task.runner [-] Task 82369b1d-99da-478b-995d-e765069a40fe | ITER: 98 START
2020-03-10 22:25:09.030 160 INFO rally.task.runner [-] Task 82369b1d-99da-478b-995d-e765069a40fe | ITER: 87 END: OK
2020-03-10 22:25:09.033 160 INFO rally.task.runner [-] Task 82369b1d-99da-478b-995d-e765069a40fe | ITER: 99 START
2020-03-10 22:25:09.051 188 INFO rally.task.runner [-] Task 82369b1d-99da-478b-995d-e765069a40fe | ITER: 85 END: OK
2020-03-10 22:25:09.054 188 INFO rally.task.runner [-] Task 82369b1d-99da-478b-995d-e765069a40fe | ITER: 100 START
2020-03-10 22:25:09.256 154 INFO rally.task.runner [-] Task 82369b1d-99da-478b-995d-e765069a40fe | ITER: 81 END: OK
2020-03-10 22:25:09.510 170 INFO rally.task.runner [-] Task 82369b1d-99da-478b-995d-e765069a40fe | ITER: 88 END: OK
2020-03-10 22:25:09.573 183 INFO rally.task.runner [-] Task 82369b1d-99da-478b-995d-e765069a40fe | ITER: 82 END: OK
2020-03-10 22:25:10.018 148 INFO rally.task.runner [-] Task 82369b1d-99da-478b-995d-e765069a40fe | ITER: 89 END: OK
2020-03-10 22:25:10.029 151 INFO rally.task.runner [-] Task 82369b1d-99da-478b-995d-e765069a40fe | ITER: 77 END: OK
2020-03-10 22:25:10.045 165 INFO rally.task.runner [-] Task 82369b1d-99da-478b-995d-e765069a40fe | ITER: 83 END: OK
2020-03-10 22:25:10.198 157 INFO rally.task.runner [-] Task 82369b1d-99da-478b-995d-e765069a40fe | ITER: 91 END: OK
2020-03-10 22:25:10.231 163 INFO rally.task.runner [-] Task 82369b1d-99da-478b-995d-e765069a40fe | ITER: 73 END: OK
2020-03-10 22:25:10.478 174 INFO rally.task.runner [-] Task 82369b1d-99da-478b-995d-e765069a40fe | ITER: 84 END: OK
2020-03-10 22:25:10.629 173 INFO rally.task.runner [-] Task 82369b1d-99da-478b-995d-e765069a40fe | ITER: 86 END: OK
2020-03-10 22:25:10.648 190 INFO rally.task.runner [-] Task 82369b1d-99da-478b-995d-e765069a40fe | ITER: 94 END: OK
2020-03-10 22:25:10.763 164 INFO rally.task.runner [-] Task 82369b1d-99da-478b-995d-e765069a40fe | ITER: 90 END: OK
2020-03-10 22:25:10.918 140 INFO rally.task.runner [-] Task 82369b1d-99da-478b-995d-e765069a40fe | ITER: 95 END: OK
2020-03-10 22:25:11.001 145 INFO rally.task.runner [-] Task 82369b1d-99da-478b-995d-e765069a40fe | ITER: 96 END: OK
2020-03-10 22:25:11.183 142 INFO rally.task.runner [-] Task 82369b1d-99da-478b-995d-e765069a40fe | ITER: 98 END: OK
2020-03-10 22:25:11.257 160 INFO rally.task.runner [-] Task 82369b1d-99da-478b-995d-e765069a40fe | ITER: 99 END: OK
2020-03-10 22:25:11.264 139 INFO rally.task.runner [-] Task 82369b1d-99da-478b-995d-e765069a40fe | ITER: 92 END: OK
2020-03-10 22:25:11.508 141 INFO rally.task.runner [-] Task 82369b1d-99da-478b-995d-e765069a40fe | ITER: 93 END: OK
2020-03-10 22:25:11.643 185 INFO rally.task.runner [-] Task 82369b1d-99da-478b-995d-e765069a40fe | ITER: 97 END: OK
2020-03-10 22:25:11.643 188 INFO rally.task.runner [-] Task 82369b1d-99da-478b-995d-e765069a40fe | ITER: 100 END: OK
2020-03-10 22:25:11.665 15 INFO rally.task.context [-] Task 82369b1d-99da-478b-995d-e765069a40fe | Context cleanup@openstack cleanup() started
2020-03-10 22:25:11.668 15 RALLYDEBUG rally_openstack.cleanup.manager [-] Cleaning up neutron vip objects
2020-03-10 22:25:11.881 15 RALLYDEBUG rally_openstack.cleanup.manager [-] Cleaning up neutron health_monitor objects
2020-03-10 22:25:12.065 15 RALLYDEBUG rally_openstack.cleanup.manager [-] Cleaning up neutron pool objects
2020-03-10 22:25:12.260 15 RALLYDEBUG rally_openstack.cleanup.manager [-] Cleaning up neutron loadbalancer objects
2020-03-10 22:25:12.463 15 RALLYDEBUG rally_openstack.cleanup.manager [-] Cleaning up neutron floatingip objects
2020-03-10 22:25:12.675 15 RALLYDEBUG rally_openstack.cleanup.manager [-] Cleaning up neutron trunk objects
2020-03-10 22:25:12.931 15 DEBUG neutronclient.v2_0.client [-] Error message: {"message": "The resource could not be found.

\n\n\n", "code": "404 Not Found", "title": "Not Found"} _handle_fault_response /usr/lib/python2.7/site-packages/neutronclient/v2_0/client.py:259
2020-03-10 22:25:12.941 15 RALLYDEBUG rally_openstack.cleanup.manager [-] Cleaning up neutron port objects
2020-03-10 22:25:13.152 15 RALLYDEBUG rally_openstack.cleanup.manager [-] Cleaning up neutron subnet objects
2020-03-10 22:25:13.395 15 RALLYDEBUG rally_openstack.cleanup.manager [-] Cleaning up neutron network objects
2020-03-10 22:25:14.010 15 RALLYDEBUG rally_openstack.cleanup.manager [-] Deleting neutron.network object s_rally_cb529bb0_nWDIFAiW (01a104ee-4c1e-43d6-a220-06532b40113c)
2020-03-10 22:25:14.011 15 RALLYDEBUG rally_openstack.cleanup.manager [-] Deleting neutron.network object s_rally_cb529bb0_6RrXVeoN (09da9399-214e-469e-b472-001d46e36f4b)
2020-03-10 22:25:14.010 15 RALLYDEBUG rally_openstack.cleanup.manager [-] Deleting neutron.network object s_rally_cb529bb0_8wjeS7DJ (0baf307a-9635-4668-97fd-67d3ef888b45)
2020-03-10 22:25:14.013 15 RALLYDEBUG rally_openstack.cleanup.manager [-] Deleting neutron.network object s_rally_cb529bb0_eugw2f5Z (0891a22c-25ea-47cb-b7fd-9b1c6991c1d2)
2020-03-10 22:25:14.016 15 RALLYDEBUG rally_openstack.cleanup.manager [-] Deleting neutron.network object s_rally_cb529bb0_zdYLhrXq (024fb663-d42d-4b92-b8c2-deec698e37a3)
2020-03-10 22:25:14.025 15 RALLYDEBUG rally_openstack.cleanup.manager [-] Deleting neutron.network object s_rally_cb529bb0_GfTmAxyV (0e22a5e5-c6f0-47e3-8eaa-c6a9341d273a)
2020-03-10 22:25:14.028 15 RALLYDEBUG rally_openstack.cleanup.manager [-] Deleting neutron.network object s_rally_cb529bb0_PWwIE3pJ (11507536-eea7-4cfd-89c1-68e35b928c70)
2020-03-10 22:25:14.015 15 RALLYDEBUG rally_openstack.cleanup.manager [-] Deleting neutron.network object s_rally_cb529bb0_y3w9CDAk (007732dd-6463-469b-a8c8-9d4ce8b90bc3)
2020-03-10 22:25:14.041 15 RALLYDEBUG rally_openstack.cleanup.manager [-] Deleting neutron.network object s_rally_cb529bb0_ybAIcYPn (102a51b9-be2f-4459-8733-c5d92a865d15)
2020-03-10 22:25:14.060 15 RALLYDEBUG rally_openstack.cleanup.manager [-] Deleting neutron.network object s_rally_cb529bb0_Dqgf0sAu (11a5249b-ed76-48eb-828b-1af966bccbf7)
2020-03-10 22:25:14.116 15 RALLYDEBUG rally_openstack.cleanup.manager [-] Deleting neutron.network object s_rally_cb529bb0_PoXbGL1m (1feb351c-df44-4efd-aaa4-4c4e6938bd53)
2020-03-10 22:25:14.128 15 RALLYDEBUG rally_openstack.cleanup.manager [-] Deleting neutron.network object s_rally_cb529bb0_AoUoOJpI (12082871-a081-4771-a127-d58f15099d4a)
2020-03-10 22:25:14.138 15 RALLYDEBUG rally_openstack.cleanup.manager [-] Deleting neutron.network object s_rally_cb529bb0_crwD1sri (1986004e-2384-4bea-8c90-09cd32b838f3)
2020-03-10 22:25:14.159 15 RALLYDEBUG rally_openstack.cleanup.manager [-] Deleting neutron.network object s_rally_cb529bb0_51JfNR9F (23eb8c99-b894-465e-bf55-70d60719346c)
2020-03-10 22:25:14.166 15 RALLYDEBUG rally_openstack.cleanup.manager [-] Deleting neutron.network object s_rally_cb529bb0_SOz9v5Cd (2c442d99-0c03-4674-ba3a-4e565dcca054)
2020-03-10 22:25:14.170 15 RALLYDEBUG rally_openstack.cleanup.manager [-] Deleting neutron.network object s_rally_cb529bb0_WwBbvnRW (290e8181-4f51-4ac2-8096-55f74cf963e0)
2020-03-10 22:25:14.179 15 RALLYDEBUG rally_openstack.cleanup.manager [-] Deleting neutron.network object s_rally_cb529bb0_YMbrKTPa (1d57c91d-4451-4335-ad6a-e6bb445e4ed3)
2020-03-10 22:25:14.178 15 RALLYDEBUG rally_openstack.cleanup.manager [-] Deleting neutron.network object s_rally_cb529bb0_ZMYFvdv9 (1e99f36a-0b1f-401a-b312-67974366e2f2)
2020-03-10 22:25:14.215 15 RALLYDEBUG rally_openstack.cleanup.manager [-] Deleting neutron.network object s_rally_cb529bb0_2XV4mH7f (326a44e5-8341-45e5-ade9-6baa887407dd)
2020-03-10 22:25:14.239 15 RALLYDEBUG rally_openstack.cleanup.manager [-] Deleting neutron.network object s_rally_cb529bb0_vIaFNfWr (306add54-1265-4075-9167-4bb721171318)
2020-03-10 22:25:16.311 15 RALLYDEBUG rally_openstack.cleanup.manager [-] Deleting neutron.network object s_rally_cb529bb0_22rOzgLC (34428923-4fc9-4da3-ae6a-74d81221587c)
2020-03-10 22:25:16.317 15 RALLYDEBUG rally_openstack.cleanup.manager [-] Deleting neutron.network object s_rally_cb529bb0_vlKz9qyX (397fe8ec-37f5-41a4-8c20-0120970e8e13)
2020-03-10 22:25:16.424 15 RALLYDEBUG rally_openstack.cleanup.manager [-] Deleting neutron.network object s_rally_cb529bb0_SYRBLu3I (39a4d8f4-ca5d-41a6-93e0-af29b846428f)
2020-03-10 22:25:16.647 15 RALLYDEBUG rally_openstack.cleanup.manager [-] Deleting neutron.network object s_rally_cb529bb0_Lifye0R4 (39ceea0b-a12b-42f4-afec-07285b9b52a6)
2020-03-10 22:25:16.658 15 RALLYDEBUG rally_openstack.cleanup.manager [-] Deleting neutron.network object s_rally_cb529bb0_4QAOZsyn (39ec924a-1024-4888-9bb1-481b435cc593)
2020-03-10 22:25:17.140 15 RALLYDEBUG rally_openstack.cleanup.manager [-] Deleting neutron.network object s_rally_cb529bb0_B1sF6XDL (3d8b435a-c6f3-4d2c-89a4-b165b718e2cf)
2020-03-10 22:25:17.188 15 RALLYDEBUG rally_openstack.cleanup.manager [-] Deleting neutron.network object s_rally_cb529bb0_aSMG0L3g (41fd1367-3713-4544-8c08-0cae55d44491)
2020-03-10 22:25:17.309 15 RALLYDEBUG rally_openstack.cleanup.manager [-] Deleting neutron.network object s_rally_cb529bb0_FIUvCuGI (426afb0c-adf5-415a-93ea-1382cf84abda)
2020-03-10 22:25:17.325 15 RALLYDEBUG rally_openstack.cleanup.manager [-] Deleting neutron.network object s_rally_cb529bb0_rYGqqDc1 (451ea37a-e0d1-4855-8d87-321146b140d4)
2020-03-10 22:25:17.566 15 RALLYDEBUG rally_openstack.cleanup.manager [-] Deleting neutron.network object s_rally_cb529bb0_qzZSjpn3 (472d8931-650d-465c-8ef2-523427617762)
2020-03-10 22:25:17.666 15 RALLYDEBUG rally_openstack.cleanup.manager [-] Deleting neutron.network object s_rally_cb529bb0_D8V5b4Vf (485acfdb-4874-4134-8125-b9c9c421e13c)
2020-03-10 22:25:17.770 15 RALLYDEBUG rally_openstack.cleanup.manager [-] Deleting neutron.network object s_rally_cb529bb0_kd8NEe41 (4e9dc712-731c-4cc3-9310-f371dbe531b5)
2020-03-10 22:25:17.793 15 RALLYDEBUG rally_openstack.cleanup.manager [-] Deleting neutron.network object s_rally_cb529bb0_j2Ft3Fqe (50341aff-d375-4559-8ac9-a3d435081148)
2020-03-10 22:25:17.955 15 RALLYDEBUG rally_openstack.cleanup.manager [-] Deleting neutron.network object s_rally_cb529bb0_33ua8iFf (5462cc4a-c5a5-4507-80c2-6464f8213225)
2020-03-10 22:25:18.781 15 RALLYDEBUG rally_openstack.cleanup.manager [-] Deleting neutron.network object s_rally_cb529bb0_mc57tiVL (5d3a3ef9-fb08-4399-8463-37d95bd7a44a)
2020-03-10 22:25:19.386 15 RALLYDEBUG rally_openstack.cleanup.manager [-] Deleting neutron.network object s_rally_cb529bb0_9pAcpyzn (5d6ee107-d281-4847-a6cd-74ba509db2aa)
2020-03-10 22:25:19.444 15 RALLYDEBUG rally_openstack.cleanup.manager [-] Deleting neutron.network object s_rally_cb529bb0_odDpqtwW (5f3f2537-5a84-4473-bfea-e8779d95b092)
2020-03-10 22:25:19.749 15 RALLYDEBUG rally_openstack.cleanup.manager [-] Deleting neutron.network object s_rally_cb529bb0_paPNXlFC (6469b052-ac79-4fbf-a424-969135b15d41)
2020-03-10 22:25:20.118 15 RALLYDEBUG rally_openstack.cleanup.manager [-] Deleting neutron.network object s_rally_cb529bb0_NtpyW2mO (64a0b21b-7329-49d2-b829-5708c56b2051)
2020-03-10 22:25:20.224 15 RALLYDEBUG rally_openstack.cleanup.manager [-] Deleting neutron.network object s_rally_cb529bb0_Kf9WxgyQ (6a1360b2-7706-4dc3-aaca-c3499238265d)
2020-03-10 22:25:20.252 15 RALLYDEBUG rally_openstack.cleanup.manager [-] Deleting neutron.network object s_rally_cb529bb0_sVNiThZX (6c97435e-a07b-4664-8824-5d614a9a563e)
2020-03-10 22:25:20.431 15 RALLYDEBUG rally_openstack.cleanup.manager [-] Deleting neutron.network object s_rally_cb529bb0_hdECqxzO (6cd00878-d903-4057-b998-5c0c9729d3f1)
2020-03-10 22:25:20.656 15 RALLYDEBUG rally_openstack.cleanup.manager [-] Deleting neutron.network object s_rally_cb529bb0_wiq5uUZj (6d71998b-1edd-4d3a-b120-7eb711f1002e)
2020-03-10 22:25:20.868 15 RALLYDEBUG rally_openstack.cleanup.manager [-] Deleting neutron.network object s_rally_cb529bb0_Ht3Ufo3p (6f734b2a-746b-4d4e-8965-65dcfe432d13)
2020-03-10 22:25:21.116 15 RALLYDEBUG rally_openstack.cleanup.manager [-] Deleting neutron.network object s_rally_cb529bb0_QVDhs8K5 (708778b4-0823-495f-8db1-22e5443ac6ed)
2020-03-10 22:25:21.139 15 RALLYDEBUG rally_openstack.cleanup.manager [-] Deleting neutron.network object s_rally_cb529bb0_C5cr4iSP (7331d23c-ba32-4246-b14b-5a1deaf28ebb)
2020-03-10 22:25:21.167 15 RALLYDEBUG rally_openstack.cleanup.manager [-] Deleting neutron.network object s_rally_cb529bb0_tABJamBh (7657a091-b750-40d3-bcd8-3c51ad3ebc40)
2020-03-10 22:25:21.182 15 RALLYDEBUG rally_openstack.cleanup.manager [-] Deleting neutron.network object s_rally_cb529bb0_MXU17u2r (76d5def9-bc76-4ea5-a53a-7bbfb7ac3b3d)
2020-03-10 22:25:21.230 15 RALLYDEBUG rally_openstack.cleanup.manager [-] Deleting neutron.network object s_rally_cb529bb0_dCSND8VF (77022222-9761-43ec-bb3b-9bad0c8fb095)
2020-03-10 22:25:21.266 15 RALLYDEBUG rally_openstack.cleanup.manager [-] Deleting neutron.network object s_rally_cb529bb0_ypaPA07R (775907b1-afe8-49e8-8a3d-b3fcb77d1e60)
2020-03-10 22:25:21.305 15 RALLYDEBUG rally_openstack.cleanup.manager [-] Deleting neutron.network object s_rally_cb529bb0_U0v2haWj (7bda5081-879d-4e24-9dd3-2e72fd926b6f)
2020-03-10 22:25:21.312 15 RALLYDEBUG rally_openstack.cleanup.manager [-] Deleting neutron.network object s_rally_cb529bb0_6krrL0GG (7f394791-e233-4d45-b90a-5d266d817289)
2020-03-10 22:25:21.343 15 RALLYDEBUG rally_openstack.cleanup.manager [-] Deleting neutron.network object s_rally_cb529bb0_ao1MuJN4 (8240dc70-91ea-441d-9565-943d575729a1)
2020-03-10 22:25:21.437 15 RALLYDEBUG rally_openstack.cleanup.manager [-] Deleting neutron.network object s_rally_cb529bb0_HNUJNfhl (8d6b846c-a1a9-410c-b0c2-19a103141afb)
2020-03-10 22:25:21.464 15 RALLYDEBUG rally_openstack.cleanup.manager [-] Deleting neutron.network object s_rally_cb529bb0_3uwwplVq (8ea4c22c-3bf8-4361-82c5-1c379d87cd2b)
2020-03-10 22:25:21.506 15 RALLYDEBUG rally_openstack.cleanup.manager [-] Deleting neutron.network object s_rally_cb529bb0_aiLMSB4O (8fb92239-07ba-4901-80bc-44f04bc90993)
2020-03-10 22:25:21.597 15 RALLYDEBUG rally_openstack.cleanup.manager [-] Deleting neutron.network object s_rally_cb529bb0_6J3kbkZE (9259d69c-5b2f-4884-b2b9-f527b78d2cc3)
2020-03-10 22:25:21.676 15 RALLYDEBUG rally_openstack.cleanup.manager [-] Deleting neutron.network object s_rally_cb529bb0_7hpyYHV9 (9866fcf6-597c-4982-adf9-823e575b3bd3)
2020-03-10 22:25:22.202 15 RALLYDEBUG rally_openstack.cleanup.manager [-] Deleting neutron.network object s_rally_cb529bb0_4H5qCeCE (9b65b0f5-ad57-45d9-967f-0cd86dfc1be7)
2020-03-10 22:25:22.242 15 RALLYDEBUG rally_openstack.cleanup.manager [-] Deleting neutron.network object s_rally_cb529bb0_lIlITsrB (a2d0079e-2028-46a8-b9de-3045c9e327ef)
2020-03-10 22:25:22.256 15 RALLYDEBUG rally_openstack.cleanup.manager [-] Deleting neutron.network object s_rally_cb529bb0_c4tJirqF (a2fedca9-0a13-42d0-b1e6-1e08809850a3)
2020-03-10 22:25:22.438 15 RALLYDEBUG rally_openstack.cleanup.manager [-] Deleting neutron.network object s_rally_cb529bb0_FtWfpkGM (a54947e9-a905-4285-9466-a5ddc212fe3a)
2020-03-10 22:25:22.750 15 RALLYDEBUG rally_openstack.cleanup.manager [-] Deleting neutron.network object s_rally_cb529bb0_ZGvzSIaG (a583afbf-804a-4362-8b01-a2ca4ce4cbcd)
2020-03-10 22:25:23.035 15 RALLYDEBUG rally_openstack.cleanup.manager [-] Deleting neutron.network object s_rally_cb529bb0_PftcSS8V (a863f83a-22e4-4773-906f-ae45e5bf6654)
2020-03-10 22:25:23.362 15 RALLYDEBUG rally_openstack.cleanup.manager [-] Deleting neutron.network object s_rally_cb529bb0_pEuBBgvT (acf84f8f-523e-4212-82af-21be099a10cb)
2020-03-10 22:25:23.462 15 RALLYDEBUG rally_openstack.cleanup.manager [-] Deleting neutron.network object s_rally_cb529bb0_LTZQTeSE (ae37935f-0d76-4699-a379-730006882bb7)
2020-03-10 22:25:23.502 15 RALLYDEBUG rally_openstack.cleanup.manager [-] Deleting neutron.network object s_rally_cb529bb0_wCARfKcG (b0aebd55-0cb9-4429-9ecd-37fde7837081)
2020-03-10 22:25:23.672 15 RALLYDEBUG rally_openstack.cleanup.manager [-] Deleting neutron.network object s_rally_cb529bb0_vWLouwN3 (b1640535-2161-4133-8e32-9b4bf0787124)
2020-03-10 22:25:24.047 15 RALLYDEBUG rally_openstack.cleanup.manager [-] Deleting neutron.network object s_rally_cb529bb0_DQ1DbLuL (b425eb56-4abc-4dc9-b7cb-d856d07b3a9b)
2020-03-10 22:25:24.237 15 RALLYDEBUG rally_openstack.cleanup.manager [-] Deleting neutron.network object s_rally_cb529bb0_IYktFG00 (b487d181-e791-4a60-9a92-e51350b1d8df)
2020-03-10 22:25:24.242 15 RALLYDEBUG rally_openstack.cleanup.manager [-] Deleting neutron.network object s_rally_cb529bb0_BdKoBVLT (b79095da-471d-4cfc-aaf4-f70a2e5e083e)
2020-03-10 22:25:24.573 15 RALLYDEBUG rally_openstack.cleanup.manager [-] Deleting neutron.network object s_rally_cb529bb0_BCKtLSaF (b96a5119-b0a4-4f37-a26d-8dd1d7a4c5d0)
2020-03-10 22:25:24.840 15 RALLYDEBUG rally_openstack.cleanup.manager [-] Deleting neutron.network object s_rally_cb529bb0_7OKddvFI (c502e8fe-5313-4f46-bca6-07fce55f8212)
2020-03-10 22:25:24.844 15 RALLYDEBUG rally_openstack.cleanup.manager [-] Deleting neutron.network object s_rally_cb529bb0_HJuduXPd (c6b56070-b1f9-4cda-81aa-3c5ffec0cb7d)
2020-03-10 22:25:25.100 15 RALLYDEBUG rally_openstack.cleanup.manager [-] Deleting neutron.network object s_rally_cb529bb0_JMdfdZs9 (c6e3cdd0-cd54-4d79-aa0d-bc6c0e50b741)
2020-03-10 22:25:25.116 15 RALLYDEBUG rally_openstack.cleanup.manager [-] Deleting neutron.network object s_rally_cb529bb0_kS1O6K8Q (c8b7db19-7bd0-4e29-b9a1-289d794bb625)
2020-03-10 22:25:25.159 15 RALLYDEBUG rally_openstack.cleanup.manager [-] Deleting neutron.network object s_rally_cb529bb0_Xqz2oRr6 (c984d8e9-5134-4d03-b571-29c53543353d)
2020-03-10 22:25:25.352 15 RALLYDEBUG rally_openstack.cleanup.manager [-] Deleting neutron.network object s_rally_cb529bb0_hXzA7g9K (cb21f640-7254-4b80-85a0-6811861e2b52)
2020-03-10 22:25:25.824 15 RALLYDEBUG rally_openstack.cleanup.manager [-] Deleting neutron.network object s_rally_cb529bb0_BAgnebpV (cb6b0aa4-9486-4f73-b86d-d9b9b72d9f29)
2020-03-10 22:25:26.036 15 RALLYDEBUG rally_openstack.cleanup.manager [-] Deleting neutron.network object s_rally_cb529bb0_iMMWHbBk (d6628fb6-e22b-492e-b14d-5050dc4b177b)
