2020-03-02 22:13:55.535 6 RALLYDEBUG rally.api [-] INFO logs from urllib3 and requests module are hide.
2020-03-02 22:13:55.536 6 RALLYDEBUG rally.api [-] urllib3 insecure warnings are hidden.
2020-03-02 22:13:55.536 6 RALLYDEBUG rally.api [-] ERROR log from boto module is hide.
2020-03-02 22:13:57.022 6 ERROR rally.cli.cliutils [-] Unexpected exception in CLI: DBRecordNotFound: Record for uuid or name is opnfv-rally not found in table envs
2020-03-02 22:13:57.022 6 ERROR rally.cli.cliutils
Traceback (most recent call last):
2020-03-02 22:13:57.022 6 ERROR rally.cli.cliutils
File "/usr/lib/python2.7/site-packages/rally/cli/cliutils.py", line 674, in run
2020-03-02 22:13:57.022 6 ERROR rally.cli.cliutils ret = fn(*fn_args, **fn_kwargs)
2020-03-02 22:13:57.022 6 ERROR rally.cli.cliutils File "", line 2, in destroy
2020-03-02 22:13:57.022 6 ERROR rally.cli.cliutils
File "/usr/lib/python2.7/site-packages/rally/cli/envutils.py", line 68, in default_from_global
2020-03-02 22:13:57.022 6 ERROR rally.cli.cliutils return f(*args, **kwargs)
2020-03-02 22:13:57.022 6 ERROR rally.cli.cliutils File "", line 2, in destroy
2020-03-02 22:13:57.022 6 ERROR rally.cli.cliutils
File "/usr/lib/python2.7/site-packages/rally/plugins/__init__.py", line 51, in ensure_plugins_are_loaded
2020-03-02 22:13:57.022 6 ERROR rally.cli.cliutils return f(*args, **kwargs)
2020-03-02 22:13:57.022 6 ERROR rally.cli.cliutils
File "/usr/lib/python2.7/site-packages/rally/cli/commands/deployment.py", line 157, in destroy
2020-03-02 22:13:57.022 6 ERROR rally.cli.cliutils api.deployment.destroy(deployment=deployment)
2020-03-02 22:13:57.022 6 ERROR rally.cli.cliutils
File "/usr/lib/python2.7/site-packages/rally/api.py", line 115, in destroy
2020-03-02 22:13:57.022 6 ERROR rally.cli.cliutils deploy = objects.Deployment.get(deployment)
2020-03-02 22:13:57.022 6 ERROR rally.cli.cliutils
File "/usr/lib/python2.7/site-packages/rally/common/objects/deploy.py", line 124, in get
2020-03-02 22:13:57.022 6 ERROR rally.cli.cliutils return Deployment(env_mgr.EnvManager.get(deploy))
2020-03-02 22:13:57.022 6 ERROR rally.cli.cliutils
File "/usr/lib/python2.7/site-packages/rally/env/env_mgr.py", line 212, in get
2020-03-02 22:13:57.022 6 ERROR rally.cli.cliutils return cls(db.env_get(uuid_or_name))
2020-03-02 22:13:57.022 6 ERROR rally.cli.cliutils
File "/usr/lib/python2.7/site-packages/rally/common/db/api.py", line 135, in wrapper
2020-03-02 22:13:57.022 6 ERROR rally.cli.cliutils result = f(session, *args, **kwargs)
2020-03-02 22:13:57.022 6 ERROR rally.cli.cliutils
File "/usr/lib/python2.7/site-packages/rally/common/db/api.py", line 521, in env_get
2020-03-02 22:13:57.022 6 ERROR rally.cli.cliutils criteria="uuid or name is %s" % uuid_or_name, table="envs")
2020-03-02 22:13:57.022 6 ERROR rally.cli.cliutils DBRecordNotFound: Record for uuid or name is opnfv-rally not found in table envs
2020-03-02 22:13:57.022 6 ERROR rally.cli.cliutils
2020-03-02 22:13:57.779 8 RALLYDEBUG rally.api [-] INFO logs from urllib3 and requests module are hide.
2020-03-02 22:13:57.780 8 RALLYDEBUG rally.api [-] urllib3 insecure warnings are hidden.
2020-03-02 22:13:57.780 8 RALLYDEBUG rally.api [-] ERROR log from boto module is hide.
2020-03-02 22:14:00.137 10 RALLYDEBUG rally.api [-] INFO logs from urllib3 and requests module are hide.
2020-03-02 22:14:00.137 10 RALLYDEBUG rally.api [-] urllib3 insecure warnings are hidden.
2020-03-02 22:14:00.138 10 RALLYDEBUG rally.api [-] ERROR log from boto module is hide.
2020-03-02 22:14:02.988 13 RALLYDEBUG rally.api [-] INFO logs from urllib3 and requests module are hide.
2020-03-02 22:14:02.988 13 RALLYDEBUG rally.api [-] urllib3 insecure warnings are hidden.
2020-03-02 22:14:02.988 13 RALLYDEBUG rally.api [-] ERROR log from boto module is hide.
2020-03-02 22:14:04.787 15 RALLYDEBUG rally.api [-] INFO logs from urllib3 and requests module are hide.
2020-03-02 22:14:04.787 15 RALLYDEBUG rally.api [-] urllib3 insecure warnings are hidden.
2020-03-02 22:14:04.788 15 RALLYDEBUG rally.api [-] ERROR log from boto module is hide.
2020-03-02 22:14:05.975 15 INFO rally.common.plugin.discover [-] Loading plugins from directories /root/.rally/plugins/*
2020-03-02 22:14:05.976 15 INFO rally.common.plugin.discover [-] Loaded module with plugins: /root/.rally/plugins/__init__.py
2020-03-02 22:14:05.979 15 INFO rally.common.plugin.discover [-] Loaded module with plugins: /root/.rally/plugins/trunk_scenario.py
2020-03-02 22:14:06.177 15 INFO rally.task.engine [-] Task b95e4f98-6813-4603-b042-78562fc719b2 | Starting: Task validation.
2020-03-02 22:14:06.183 15 INFO rally.task.engine [-] Task b95e4f98-6813-4603-b042-78562fc719b2 | Starting: Task validation of syntax.
2020-03-02 22:14:06.427 15 INFO rally.task.engine [-] Task b95e4f98-6813-4603-b042-78562fc719b2 | Completed: Task validation of syntax.
2020-03-02 22:14:06.427 15 INFO rally.task.engine [-] Task b95e4f98-6813-4603-b042-78562fc719b2 | Starting: Task validation of required platforms.
2020-03-02 22:14:06.536 15 INFO rally.task.engine [-] Task b95e4f98-6813-4603-b042-78562fc719b2 | Completed: Task validation of required platforms.
2020-03-02 22:14:06.536 15 INFO rally.task.engine [-] Task b95e4f98-6813-4603-b042-78562fc719b2 | Starting: Task validation of semantic.
2020-03-02 22:14:06.536 15 INFO rally.task.engine [-] Check health of the environment '0f5d4395-0a7d-4d1c-8e54-3337a3097623'.
2020-03-02 22:14:07.054 15 INFO rally.task.engine [-] Platform existing@openstack (available: True): OK!
2020-03-02 22:14:07.074 15 RALLYDEBUG rally_openstack.contexts.keystone.users [-] Creating 1 tenants using 20 threads
2020-03-02 22:14:07.546 15 RALLYDEBUG rally_openstack.contexts.keystone.users [-] Creating 1 users using 20 threads
2020-03-02 22:14:07.974 15 INFO rally.task.context [-] Task b95e4f98-6813-4603-b042-78562fc719b2 | Context users@openstack setup() finished in 0.90 sec
2020-03-02 22:14:09.259 15 INFO rally.task.context [-] Task b95e4f98-6813-4603-b042-78562fc719b2 | Context users@openstack cleanup() started
2020-03-02 22:14:11.208 15 INFO rally.task.context [-] Task b95e4f98-6813-4603-b042-78562fc719b2 | Context users@openstack cleanup() finished in 1.95 sec
2020-03-02 22:14:11.208 15 INFO rally.task.engine [-] Task b95e4f98-6813-4603-b042-78562fc719b2 | Completed: Task validation of semantic.
2020-03-02 22:14:11.209 15 INFO rally.task.engine [-] Task b95e4f98-6813-4603-b042-78562fc719b2 | Completed: Task validation.
2020-03-02 22:14:11.209 15 INFO rally.api [-] Task b95e4f98-6813-4603-b042-78562fc719b2 input file is valid.
2020-03-02 22:14:11.209 15 INFO rally.api [-] Run Task b95e4f98-6813-4603-b042-78562fc719b2 against Deployment 0f5d4395-0a7d-4d1c-8e54-3337a3097623
2020-03-02 22:14:11.210 15 INFO rally.task.engine [-] Task b95e4f98-6813-4603-b042-78562fc719b2 | Starting: Running task.
2020-03-02 22:14:11.245 15 INFO rally.task.engine [-] Running workload: position = 0 config = { "version": 2, "title": "A cropped version of a bigger task.", "description": "Auto-generated task from a single workload (uuid=c8c348cd-cc53-4a40-bf85-32219bb8bd81)", "subtasks": [ { "title": "NeutronNetworks.create_and_list_networks", "description": "Check performance of list_networks action and ensure > network quotas are not exceeded", "scenario": { "NeutronNetworks.create_and_list_networks": {} }, "contexts": { "users": { "tenants": 1, "users_per_tenant": 1 }, "quotas": { "neutron": { "network": 119 } } }, "runner": { "constant": { "times": 100, "concurrency": 20 } }, "hooks": [], "sla": { "max_avg_duration_per_atomic": { "neutron.list_networks": 15 }, "failure_rate": { "max": 0 } } } ] }
2020-03-02 22:14:11.268 15 RALLYDEBUG rally_openstack.contexts.keystone.users [-] Creating 1 tenants using 20 threads
2020-03-02 22:14:11.571 15 RALLYDEBUG rally_openstack.contexts.keystone.users [-] Creating 1 users using 20 threads
2020-03-02 22:14:11.993 15 INFO rally.task.context [-] Task b95e4f98-6813-4603-b042-78562fc719b2 | Context users@openstack setup() finished in 0.73 sec
2020-03-02 22:14:12.351 15 INFO rally.task.context [-] Task b95e4f98-6813-4603-b042-78562fc719b2 | Context quotas@openstack setup() finished in 0.36 sec
2020-03-02 22:14:12.352 15 INFO rally.task.context [-] Task b95e4f98-6813-4603-b042-78562fc719b2 | Context cleanup@openstack setup() finished in 0.00 msec
2020-03-02 22:14:12.360 15 RALLYDEBUG rally.task.runner [-] Starting the constant runner (task UUID: b95e4f98-6813-4603-b042-78562fc719b2). timeout: 0 concurrency: 20 concurrency_per_worker: 1 times: 100 concurrency_overhead: 0 processes_to_start: 20 max_cpu_used: 88
2020-03-02 22:14:12.372 139 RALLYDEBUG rally.task.runner [-] Starting a worker. concurrency: 1 args: {} times: 100 method_name: run timeout: 0 duration: None cls:
2020-03-02 22:14:12.376 140 RALLYDEBUG rally.task.runner [-] Starting a worker. concurrency: 1 args: {} times: 100 method_name: run timeout: 0 duration: None cls:
2020-03-02 22:14:12.378 139 INFO rally.task.runner [-] Task b95e4f98-6813-4603-b042-78562fc719b2 | ITER: 1 START
2020-03-02 22:14:12.378 141 RALLYDEBUG rally.task.runner [-] Starting a worker. concurrency: 1 args: {} times: 100 method_name: run timeout: 0 duration: None cls:
2020-03-02 22:14:12.380 142 RALLYDEBUG rally.task.runner [-] Starting a worker. concurrency: 1 args: {} times: 100 method_name: run timeout: 0 duration: None cls:
2020-03-02 22:14:12.383 140 INFO rally.task.runner [-] Task b95e4f98-6813-4603-b042-78562fc719b2 | ITER: 2 START
2020-03-02 22:14:12.383 141 INFO rally.task.runner [-] Task b95e4f98-6813-4603-b042-78562fc719b2 | ITER: 3 START
2020-03-02 22:14:12.383 145 RALLYDEBUG rally.task.runner [-] Starting a worker. concurrency: 1 args: {} times: 100 method_name: run timeout: 0 duration: None cls:
2020-03-02 22:14:12.386 142 INFO rally.task.runner [-] Task b95e4f98-6813-4603-b042-78562fc719b2 | ITER: 4 START
2020-03-02 22:14:12.387 146 RALLYDEBUG rally.task.runner [-] Starting a worker. concurrency: 1 args: {} times: 100 method_name: run timeout: 0 duration: None cls:
2020-03-02 22:14:12.394 155 RALLYDEBUG rally.task.runner [-] Starting a worker. concurrency: 1 args: {} times: 100 method_name: run timeout: 0 duration: None cls:
2020-03-02 22:14:12.396 145 INFO rally.task.runner [-] Task b95e4f98-6813-4603-b042-78562fc719b2 | ITER: 5 START
2020-03-02 22:14:12.396 154 RALLYDEBUG rally.task.runner [-] Starting a worker. concurrency: 1 args: {} times: 100 method_name: run timeout: 0 duration: None cls:
2020-03-02 22:14:12.397 157 RALLYDEBUG rally.task.runner [-] Starting a worker. concurrency: 1 args: {} times: 100 method_name: run timeout: 0 duration: None cls:
2020-03-02 22:14:12.397 151 RALLYDEBUG rally.task.runner [-] Starting a worker. concurrency: 1 args: {} times: 100 method_name: run timeout: 0 duration: None cls:
2020-03-02 22:14:12.399 159 RALLYDEBUG rally.task.runner [-] Starting a worker. concurrency: 1 args: {} times: 100 method_name: run timeout: 0 duration: None cls:
2020-03-02 22:14:12.401 154 INFO rally.task.runner [-] Task b95e4f98-6813-4603-b042-78562fc719b2 | ITER: 8 START
2020-03-02 22:14:12.402 146 INFO rally.task.runner [-] Task b95e4f98-6813-4603-b042-78562fc719b2 | ITER: 6 START
2020-03-02 22:14:12.401 161 RALLYDEBUG rally.task.runner [-] Starting a worker. concurrency: 1 args: {} times: 100 method_name: run timeout: 0 duration: None cls:
2020-03-02 22:14:12.402 151 INFO rally.task.runner [-] Task b95e4f98-6813-4603-b042-78562fc719b2 | ITER: 10 START
2020-03-02 22:14:12.402 155 INFO rally.task.runner [-] Task b95e4f98-6813-4603-b042-78562fc719b2 | ITER: 7 START
2020-03-02 22:14:12.405 159 INFO rally.task.runner [-] Task b95e4f98-6813-4603-b042-78562fc719b2 | ITER: 11 START
2020-03-02 22:14:12.405 164 RALLYDEBUG rally.task.runner [-] Starting a worker. concurrency: 1 args: {} times: 100 method_name: run timeout: 0 duration: None cls:
2020-03-02 22:14:12.408 157 INFO rally.task.runner [-] Task b95e4f98-6813-4603-b042-78562fc719b2 | ITER: 9 START
2020-03-02 22:14:12.407 172 RALLYDEBUG rally.task.runner [-] Starting a worker. concurrency: 1 args: {} times: 100 method_name: run timeout: 0 duration: None cls:
2020-03-02 22:14:12.411 175 RALLYDEBUG rally.task.runner [-] Starting a worker. concurrency: 1 args: {} times: 100 method_name: run timeout: 0 duration: None cls:
2020-03-02 22:14:12.412 172 INFO rally.task.runner [-] Task b95e4f98-6813-4603-b042-78562fc719b2 | ITER: 14 START
2020-03-02 22:14:12.413 177 RALLYDEBUG rally.task.runner [-] Starting a worker. concurrency: 1 args: {} times: 100 method_name: run timeout: 0 duration: None cls:
2020-03-02 22:14:12.415 161 INFO rally.task.runner [-] Task b95e4f98-6813-4603-b042-78562fc719b2 | ITER: 12 START
2020-03-02 22:14:12.416 164 INFO rally.task.runner [-] Task b95e4f98-6813-4603-b042-78562fc719b2 | ITER: 13 START
2020-03-02 22:14:12.416 175 INFO rally.task.runner [-] Task b95e4f98-6813-4603-b042-78562fc719b2 | ITER: 15 START
2020-03-02 22:14:12.419 179 RALLYDEBUG rally.task.runner [-] Starting a worker. concurrency: 1 args: {} times: 100 method_name: run timeout: 0 duration: None cls:
2020-03-02 22:14:12.418 177 INFO rally.task.runner [-] Task b95e4f98-6813-4603-b042-78562fc719b2 | ITER: 16 START
2020-03-02 22:14:12.420 187 RALLYDEBUG rally.task.runner [-] Starting a worker. concurrency: 1 args: {} times: 100 method_name: run timeout: 0 duration: None cls:
2020-03-02 22:14:12.424 190 RALLYDEBUG rally.task.runner [-] Starting a worker. concurrency: 1 args: {} times: 100 method_name: run timeout: 0 duration: None cls:
2020-03-02 22:14:12.425 179 INFO rally.task.runner [-] Task b95e4f98-6813-4603-b042-78562fc719b2 | ITER: 17 START
2020-03-02 22:14:12.427 187 INFO rally.task.runner [-] Task b95e4f98-6813-4603-b042-78562fc719b2 | ITER: 18 START
2020-03-02 22:14:12.426 182 RALLYDEBUG rally.task.runner [-] Starting a worker. concurrency: 1 args: {} times: 100 method_name: run timeout: 0 duration: None cls:
2020-03-02 22:14:12.432 190 INFO rally.task.runner [-] Task b95e4f98-6813-4603-b042-78562fc719b2 | ITER: 19 START
2020-03-02 22:14:12.434 182 INFO rally.task.runner [-] Task b95e4f98-6813-4603-b042-78562fc719b2 | ITER: 20 START
2020-03-02 22:14:13.962 159 INFO rally.task.runner [-] Task b95e4f98-6813-4603-b042-78562fc719b2 | ITER: 11 END: OK
2020-03-02 22:14:13.967 159 INFO rally.task.runner [-] Task b95e4f98-6813-4603-b042-78562fc719b2 | ITER: 21 START
2020-03-02 22:14:14.045 142 INFO rally.task.runner [-] Task b95e4f98-6813-4603-b042-78562fc719b2 | ITER: 4 END: OK
2020-03-02 22:14:14.050 142 INFO rally.task.runner [-] Task b95e4f98-6813-4603-b042-78562fc719b2 | ITER: 22 START
2020-03-02 22:14:14.610 161 INFO rally.task.runner [-] Task b95e4f98-6813-4603-b042-78562fc719b2 | ITER: 12 END: OK
2020-03-02 22:14:14.614 161 INFO rally.task.runner [-] Task b95e4f98-6813-4603-b042-78562fc719b2 | ITER: 23 START
2020-03-02 22:14:14.620 164 INFO rally.task.runner [-] Task b95e4f98-6813-4603-b042-78562fc719b2 | ITER: 13 END: OK
2020-03-02 22:14:14.625 164 INFO rally.task.runner [-] Task b95e4f98-6813-4603-b042-78562fc719b2 | ITER: 24 START
2020-03-02 22:14:14.833 141 INFO rally.task.runner [-] Task b95e4f98-6813-4603-b042-78562fc719b2 | ITER: 3 END: OK
2020-03-02 22:14:14.838 141 INFO rally.task.runner [-] Task b95e4f98-6813-4603-b042-78562fc719b2 | ITER: 25 START
2020-03-02 22:14:15.085 157 INFO rally.task.runner [-] Task b95e4f98-6813-4603-b042-78562fc719b2 | ITER: 9 END: OK
2020-03-02 22:14:15.090 157 INFO rally.task.runner [-] Task b95e4f98-6813-4603-b042-78562fc719b2 | ITER: 26 START
2020-03-02 22:14:15.110 187 INFO rally.task.runner [-] Task b95e4f98-6813-4603-b042-78562fc719b2 | ITER: 18 END: OK
2020-03-02 22:14:15.115 187 INFO rally.task.runner [-] Task b95e4f98-6813-4603-b042-78562fc719b2 | ITER: 27 START
2020-03-02 22:14:15.147 151 INFO rally.task.runner [-] Task b95e4f98-6813-4603-b042-78562fc719b2 | ITER: 10 END: OK
2020-03-02 22:14:15.152 151 INFO rally.task.runner [-] Task b95e4f98-6813-4603-b042-78562fc719b2 | ITER: 28 START
2020-03-02 22:14:15.359 154 INFO rally.task.runner [-] Task b95e4f98-6813-4603-b042-78562fc719b2 | ITER: 8 END: OK
2020-03-02 22:14:15.361 139 INFO rally.task.runner [-] Task b95e4f98-6813-4603-b042-78562fc719b2 | ITER: 1 END: OK
2020-03-02 22:14:15.364 154 INFO rally.task.runner [-] Task b95e4f98-6813-4603-b042-78562fc719b2 | ITER: 29 START
2020-03-02 22:14:15.366 139 INFO rally.task.runner [-] Task b95e4f98-6813-4603-b042-78562fc719b2 | ITER: 30 START
2020-03-02 22:14:16.603 177 INFO rally.task.runner [-] Task b95e4f98-6813-4603-b042-78562fc719b2 | ITER: 16 END: OK
2020-03-02 22:14:16.607 177 INFO rally.task.runner [-] Task b95e4f98-6813-4603-b042-78562fc719b2 | ITER: 31 START
2020-03-02 22:14:16.781 175 INFO rally.task.runner [-] Task b95e4f98-6813-4603-b042-78562fc719b2 | ITER: 15 END: OK
2020-03-02 22:14:16.786 175 INFO rally.task.runner [-] Task b95e4f98-6813-4603-b042-78562fc719b2 | ITER: 32 START
2020-03-02 22:14:16.805 182 INFO rally.task.runner [-] Task b95e4f98-6813-4603-b042-78562fc719b2 | ITER: 20 END: OK
2020-03-02 22:14:16.810 182 INFO rally.task.runner [-] Task b95e4f98-6813-4603-b042-78562fc719b2 | ITER: 33 START
2020-03-02 22:14:16.882 155 INFO rally.task.runner [-] Task b95e4f98-6813-4603-b042-78562fc719b2 | ITER: 7 END: OK
2020-03-02 22:14:16.887 155 INFO rally.task.runner [-] Task b95e4f98-6813-4603-b042-78562fc719b2 | ITER: 34 START
2020-03-02 22:14:16.938 164 INFO rally.task.runner [-] Task b95e4f98-6813-4603-b042-78562fc719b2 | ITER: 24 END: OK
2020-03-02 22:14:16.942 164 INFO rally.task.runner [-] Task b95e4f98-6813-4603-b042-78562fc719b2 | ITER: 35 START
2020-03-02 22:14:17.030 146 INFO rally.task.runner [-] Task b95e4f98-6813-4603-b042-78562fc719b2 | ITER: 6 END: OK
2020-03-02 22:14:17.035 146 INFO rally.task.runner [-] Task b95e4f98-6813-4603-b042-78562fc719b2 | ITER: 36 START
2020-03-02 22:14:17.037 145 INFO rally.task.runner [-] Task b95e4f98-6813-4603-b042-78562fc719b2 | ITER: 5 END: OK
2020-03-02 22:14:17.042 145 INFO rally.task.runner [-] Task b95e4f98-6813-4603-b042-78562fc719b2 | ITER: 37 START
2020-03-02 22:14:17.063 179 INFO rally.task.runner [-] Task b95e4f98-6813-4603-b042-78562fc719b2 | ITER: 17 END: OK
2020-03-02 22:14:17.068 179 INFO rally.task.runner [-] Task b95e4f98-6813-4603-b042-78562fc719b2 | ITER: 38 START
2020-03-02 22:14:17.121 190 INFO rally.task.runner [-] Task b95e4f98-6813-4603-b042-78562fc719b2 | ITER: 19 END: OK
2020-03-02 22:14:17.126 190 INFO rally.task.runner [-] Task b95e4f98-6813-4603-b042-78562fc719b2 | ITER: 39 START
2020-03-02 22:14:17.170 172 INFO rally.task.runner [-] Task b95e4f98-6813-4603-b042-78562fc719b2 | ITER: 14 END: OK
2020-03-02 22:14:17.174 157 INFO rally.task.runner [-] Task b95e4f98-6813-4603-b042-78562fc719b2 | ITER: 26 END: OK
2020-03-02 22:14:17.175 172 INFO rally.task.runner [-] Task b95e4f98-6813-4603-b042-78562fc719b2 | ITER: 40 START
2020-03-02 22:14:17.178 157 INFO rally.task.runner [-] Task b95e4f98-6813-4603-b042-78562fc719b2 | ITER: 41 START
2020-03-02 22:14:17.239 139 INFO rally.task.runner [-] Task b95e4f98-6813-4603-b042-78562fc719b2 | ITER: 30 END: OK
2020-03-02 22:14:17.243 139 INFO rally.task.runner [-] Task b95e4f98-6813-4603-b042-78562fc719b2 | ITER: 42 START
2020-03-02 22:14:17.281 140 INFO rally.task.runner [-] Task b95e4f98-6813-4603-b042-78562fc719b2 | ITER: 2 END: OK
2020-03-02 22:14:17.286 140 INFO rally.task.runner [-] Task b95e4f98-6813-4603-b042-78562fc719b2 | ITER: 43 START
2020-03-02 22:14:17.331 187 INFO rally.task.runner [-] Task b95e4f98-6813-4603-b042-78562fc719b2 | ITER: 27 END: OK
2020-03-02 22:14:17.334 187 INFO rally.task.runner [-] Task b95e4f98-6813-4603-b042-78562fc719b2 | ITER: 44 START
2020-03-02 22:14:17.354 161 INFO rally.task.runner [-] Task b95e4f98-6813-4603-b042-78562fc719b2 | ITER: 23 END: OK
2020-03-02 22:14:17.358 161 INFO rally.task.runner [-] Task b95e4f98-6813-4603-b042-78562fc719b2 | ITER: 45 START
2020-03-02 22:14:17.368 151 INFO rally.task.runner [-] Task b95e4f98-6813-4603-b042-78562fc719b2 | ITER: 28 END: OK
2020-03-02 22:14:17.371 151 INFO rally.task.runner [-] Task b95e4f98-6813-4603-b042-78562fc719b2 | ITER: 46 START
2020-03-02 22:14:17.427 159 INFO rally.task.runner [-] Task b95e4f98-6813-4603-b042-78562fc719b2 | ITER: 21 END: OK
2020-03-02 22:14:17.431 159 INFO rally.task.runner [-] Task b95e4f98-6813-4603-b042-78562fc719b2 | ITER: 47 START
2020-03-02 22:14:18.740 177 INFO rally.task.runner [-] Task b95e4f98-6813-4603-b042-78562fc719b2 | ITER: 31 END: OK
2020-03-02 22:14:18.743 177 INFO rally.task.runner [-] Task b95e4f98-6813-4603-b042-78562fc719b2 | ITER: 48 START
2020-03-02 22:14:20.594 142 INFO rally.task.runner [-] Task b95e4f98-6813-4603-b042-78562fc719b2 | ITER: 22 END: OK
2020-03-02 22:14:20.598 142 INFO rally.task.runner [-] Task b95e4f98-6813-4603-b042-78562fc719b2 | ITER: 49 START
2020-03-02 22:14:20.712 141 INFO rally.task.runner [-] Task b95e4f98-6813-4603-b042-78562fc719b2 | ITER: 25 END: OK
2020-03-02 22:14:20.716 141 INFO rally.task.runner [-] Task b95e4f98-6813-4603-b042-78562fc719b2 | ITER: 50 START
2020-03-02 22:14:20.770 154 INFO rally.task.runner [-] Task b95e4f98-6813-4603-b042-78562fc719b2 | ITER: 29 END: OK
2020-03-02 22:14:20.773 154 INFO rally.task.runner [-] Task b95e4f98-6813-4603-b042-78562fc719b2 | ITER: 51 START
2020-03-02 22:14:21.188 146 INFO rally.task.runner [-] Task b95e4f98-6813-4603-b042-78562fc719b2 | ITER: 36 END: OK
2020-03-02 22:14:21.192 146 INFO rally.task.runner [-] Task b95e4f98-6813-4603-b042-78562fc719b2 | ITER: 52 START
2020-03-02 22:14:21.290 151 INFO rally.task.runner [-] Task b95e4f98-6813-4603-b042-78562fc719b2 | ITER: 46 END: OK
2020-03-02 22:14:21.293 151 INFO rally.task.runner [-] Task b95e4f98-6813-4603-b042-78562fc719b2 | ITER: 53 START
2020-03-02 22:14:21.307 172 INFO rally.task.runner [-] Task b95e4f98-6813-4603-b042-78562fc719b2 | ITER: 40 END: OK
2020-03-02 22:14:21.311 172 INFO rally.task.runner [-] Task b95e4f98-6813-4603-b042-78562fc719b2 | ITER: 54 START
2020-03-02 22:14:21.368 175 INFO rally.task.runner [-] Task b95e4f98-6813-4603-b042-78562fc719b2 | ITER: 32 END: OK
2020-03-02 22:14:21.372 175 INFO rally.task.runner [-] Task b95e4f98-6813-4603-b042-78562fc719b2 | ITER: 55 START
2020-03-02 22:14:21.374 179 INFO rally.task.runner [-] Task b95e4f98-6813-4603-b042-78562fc719b2 | ITER: 38 END: OK
2020-03-02 22:14:21.379 164 INFO rally.task.runner [-] Task b95e4f98-6813-4603-b042-78562fc719b2 | ITER: 35 END: OK
2020-03-02 22:14:21.382 164 INFO rally.task.runner [-] Task b95e4f98-6813-4603-b042-78562fc719b2 | ITER: 57 START
2020-03-02 22:14:21.383 179 INFO rally.task.runner [-] Task b95e4f98-6813-4603-b042-78562fc719b2 | ITER: 56 START
2020-03-02 22:14:21.383 159 INFO rally.task.runner [-] Task b95e4f98-6813-4603-b042-78562fc719b2 | ITER: 47 END: OK
2020-03-02 22:14:21.387 159 INFO rally.task.runner [-] Task b95e4f98-6813-4603-b042-78562fc719b2 | ITER: 58 START
2020-03-02 22:14:21.444 145 INFO rally.task.runner [-] Task b95e4f98-6813-4603-b042-78562fc719b2 | ITER: 37 END: OK
2020-03-02 22:14:21.446 155 INFO rally.task.runner [-] Task b95e4f98-6813-4603-b042-78562fc719b2 | ITER: 34 END: OK
2020-03-02 22:14:21.448 145 INFO rally.task.runner [-] Task b95e4f98-6813-4603-b042-78562fc719b2 | ITER: 59 START
2020-03-02 22:14:21.450 155 INFO rally.task.runner [-] Task b95e4f98-6813-4603-b042-78562fc719b2 | ITER: 60 START
2020-03-02 22:14:21.483 161 INFO rally.task.runner [-] Task b95e4f98-6813-4603-b042-78562fc719b2 | ITER: 45 END: OK
2020-03-02 22:14:21.486 161 INFO rally.task.runner [-] Task b95e4f98-6813-4603-b042-78562fc719b2 | ITER: 61 START
2020-03-02 22:14:21.532 190 INFO rally.task.runner [-] Task b95e4f98-6813-4603-b042-78562fc719b2 | ITER: 39 END: OK
2020-03-02 22:14:21.535 139 INFO rally.task.runner [-] Task b95e4f98-6813-4603-b042-78562fc719b2 | ITER: 42 END: OK
2020-03-02 22:14:21.536 190 INFO rally.task.runner [-] Task b95e4f98-6813-4603-b042-78562fc719b2 | ITER: 62 START
2020-03-02 22:14:21.538 139 INFO rally.task.runner [-] Task b95e4f98-6813-4603-b042-78562fc719b2 | ITER: 63 START
2020-03-02 22:14:22.305 157 INFO rally.task.runner [-] Task b95e4f98-6813-4603-b042-78562fc719b2 | ITER: 41 END: OK
2020-03-02 22:14:22.309 157 INFO rally.task.runner [-] Task b95e4f98-6813-4603-b042-78562fc719b2 | ITER: 64 START
2020-03-02 22:14:22.795 182 INFO rally.task.runner [-] Task b95e4f98-6813-4603-b042-78562fc719b2 | ITER: 33 END: OK
2020-03-02 22:14:22.799 182 INFO rally.task.runner [-] Task b95e4f98-6813-4603-b042-78562fc719b2 | ITER: 65 START
2020-03-02 22:14:23.104 187 INFO rally.task.runner [-] Task b95e4f98-6813-4603-b042-78562fc719b2 | ITER: 44 END: OK
2020-03-02 22:14:23.108 187 INFO rally.task.runner [-] Task b95e4f98-6813-4603-b042-78562fc719b2 | ITER: 66 START
2020-03-02 22:14:23.717 140 INFO rally.task.runner [-] Task b95e4f98-6813-4603-b042-78562fc719b2 | ITER: 43 END: OK
2020-03-02 22:14:23.721 140 INFO rally.task.runner [-] Task b95e4f98-6813-4603-b042-78562fc719b2 | ITER: 67 START
2020-03-02 22:14:24.529 177 INFO rally.task.runner [-] Task b95e4f98-6813-4603-b042-78562fc719b2 | ITER: 48 END: OK
2020-03-02 22:14:24.532 177 INFO rally.task.runner [-] Task b95e4f98-6813-4603-b042-78562fc719b2 | ITER: 68 START
2020-03-02 22:14:24.975 159 INFO rally.task.runner [-] Task b95e4f98-6813-4603-b042-78562fc719b2 | ITER: 58 END: OK
2020-03-02 22:14:24.978 159 INFO rally.task.runner [-] Task b95e4f98-6813-4603-b042-78562fc719b2 | ITER: 69 START
2020-03-02 22:14:24.986 161 INFO rally.task.runner [-] Task b95e4f98-6813-4603-b042-78562fc719b2 | ITER: 61 END: OK
2020-03-02 22:14:24.987 145 INFO rally.task.runner [-] Task b95e4f98-6813-4603-b042-78562fc719b2 | ITER: 59 END: OK
2020-03-02 22:14:24.990 161 INFO rally.task.runner [-] Task b95e4f98-6813-4603-b042-78562fc719b2 | ITER: 70 START
2020-03-02 22:14:24.991 145 INFO rally.task.runner [-] Task b95e4f98-6813-4603-b042-78562fc719b2 | ITER: 71 START
2020-03-02 22:14:25.018 146 INFO rally.task.runner [-] Task b95e4f98-6813-4603-b042-78562fc719b2 | ITER: 52 END: OK
2020-03-02 22:14:25.021 146 INFO rally.task.runner [-] Task b95e4f98-6813-4603-b042-78562fc719b2 | ITER: 72 START
2020-03-02 22:14:25.053 154 INFO rally.task.runner [-] Task b95e4f98-6813-4603-b042-78562fc719b2 | ITER: 51 END: OK
2020-03-02 22:14:25.056 154 INFO rally.task.runner [-] Task b95e4f98-6813-4603-b042-78562fc719b2 | ITER: 73 START
2020-03-02 22:14:25.113 190 INFO rally.task.runner [-] Task b95e4f98-6813-4603-b042-78562fc719b2 | ITER: 62 END: OK
2020-03-02 22:14:25.117 190 INFO rally.task.runner [-] Task b95e4f98-6813-4603-b042-78562fc719b2 | ITER: 74 START
2020-03-02 22:14:25.139 172 INFO rally.task.runner [-] Task b95e4f98-6813-4603-b042-78562fc719b2 | ITER: 54 END: OK
2020-03-02 22:14:25.143 172 INFO rally.task.runner [-] Task b95e4f98-6813-4603-b042-78562fc719b2 | ITER: 75 START
2020-03-02 22:14:25.148 142 INFO rally.task.runner [-] Task b95e4f98-6813-4603-b042-78562fc719b2 | ITER: 49 END: OK
2020-03-02 22:14:25.152 142 INFO rally.task.runner [-] Task b95e4f98-6813-4603-b042-78562fc719b2 | ITER: 76 START
2020-03-02 22:14:25.228 157 INFO rally.task.runner [-] Task b95e4f98-6813-4603-b042-78562fc719b2 | ITER: 64 END: OK
2020-03-02 22:14:25.232 157 INFO rally.task.runner [-] Task b95e4f98-6813-4603-b042-78562fc719b2 | ITER: 77 START
2020-03-02 22:14:25.363 155 INFO rally.task.runner [-] Task b95e4f98-6813-4603-b042-78562fc719b2 | ITER: 60 END: OK
2020-03-02 22:14:25.366 155 INFO rally.task.runner [-] Task b95e4f98-6813-4603-b042-78562fc719b2 | ITER: 78 START
2020-03-02 22:14:25.408 179 INFO rally.task.runner [-] Task b95e4f98-6813-4603-b042-78562fc719b2 | ITER: 56 END: OK
2020-03-02 22:14:25.412 179 INFO rally.task.runner [-] Task b95e4f98-6813-4603-b042-78562fc719b2 | ITER: 79 START
2020-03-02 22:14:25.417 164 INFO rally.task.runner [-] Task b95e4f98-6813-4603-b042-78562fc719b2 | ITER: 57 END: OK
2020-03-02 22:14:25.421 164 INFO rally.task.runner [-] Task b95e4f98-6813-4603-b042-78562fc719b2 | ITER: 80 START
2020-03-02 22:14:25.425 182 INFO rally.task.runner [-] Task b95e4f98-6813-4603-b042-78562fc719b2 | ITER: 65 END: OK
2020-03-02 22:14:25.428 182 INFO rally.task.runner [-] Task b95e4f98-6813-4603-b042-78562fc719b2 | ITER: 81 START
2020-03-02 22:14:25.451 140 INFO rally.task.runner [-] Task b95e4f98-6813-4603-b042-78562fc719b2 | ITER: 67 END: OK
2020-03-02 22:14:25.455 140 INFO rally.task.runner [-] Task b95e4f98-6813-4603-b042-78562fc719b2 | ITER: 82 START
2020-03-02 22:14:25.615 187 INFO rally.task.runner [-] Task b95e4f98-6813-4603-b042-78562fc719b2 | ITER: 66 END: OK
2020-03-02 22:14:25.619 187 INFO rally.task.runner [-] Task b95e4f98-6813-4603-b042-78562fc719b2 | ITER: 83 START
2020-03-02 22:14:25.642 151 INFO rally.task.runner [-] Task b95e4f98-6813-4603-b042-78562fc719b2 | ITER: 53 END: OK
2020-03-02 22:14:25.644 175 INFO rally.task.runner [-] Task b95e4f98-6813-4603-b042-78562fc719b2 | ITER: 55 END: OK
2020-03-02 22:14:25.646 151 INFO rally.task.runner [-] Task b95e4f98-6813-4603-b042-78562fc719b2 | ITER: 84 START
2020-03-02 22:14:25.648 175 INFO rally.task.runner [-] Task b95e4f98-6813-4603-b042-78562fc719b2 | ITER: 85 START
2020-03-02 22:14:25.768 141 INFO rally.task.runner [-] Task b95e4f98-6813-4603-b042-78562fc719b2 | ITER: 50 END: OK
2020-03-02 22:14:25.771 141 INFO rally.task.runner [-] Task b95e4f98-6813-4603-b042-78562fc719b2 | ITER: 86 START
2020-03-02 22:14:25.888 139 INFO rally.task.runner [-] Task b95e4f98-6813-4603-b042-78562fc719b2 | ITER: 63 END: OK
2020-03-02 22:14:25.892 139 INFO rally.task.runner [-] Task b95e4f98-6813-4603-b042-78562fc719b2 | ITER: 87 START
2020-03-02 22:14:28.284 159 INFO rally.task.runner [-] Task b95e4f98-6813-4603-b042-78562fc719b2 | ITER: 69 END: OK
2020-03-02 22:14:28.287 159 INFO rally.task.runner [-] Task b95e4f98-6813-4603-b042-78562fc719b2 | ITER: 88 START
2020-03-02 22:14:30.067 154 INFO rally.task.runner [-] Task b95e4f98-6813-4603-b042-78562fc719b2 | ITER: 73 END: OK
2020-03-02 22:14:30.071 154 INFO rally.task.runner [-] Task b95e4f98-6813-4603-b042-78562fc719b2 | ITER: 89 START
2020-03-02 22:14:31.683 146 INFO rally.task.runner [-] Task b95e4f98-6813-4603-b042-78562fc719b2 | ITER: 72 END: OK
2020-03-02 22:14:31.687 146 INFO rally.task.runner [-] Task b95e4f98-6813-4603-b042-78562fc719b2 | ITER: 90 START
2020-03-02 22:14:32.276 182 INFO rally.task.runner [-] Task b95e4f98-6813-4603-b042-78562fc719b2 | ITER: 81 END: OK
2020-03-02 22:14:32.280 182 INFO rally.task.runner [-] Task b95e4f98-6813-4603-b042-78562fc719b2 | ITER: 91 START
2020-03-02 22:14:32.290 141 INFO rally.task.runner [-] Task b95e4f98-6813-4603-b042-78562fc719b2 | ITER: 86 END: OK
2020-03-02 22:14:32.293 141 INFO rally.task.runner [-] Task b95e4f98-6813-4603-b042-78562fc719b2 | ITER: 92 START
2020-03-02 22:14:32.299 139 INFO rally.task.runner [-] Task b95e4f98-6813-4603-b042-78562fc719b2 | ITER: 87 END: OK
2020-03-02 22:14:32.302 139 INFO rally.task.runner [-] Task b95e4f98-6813-4603-b042-78562fc719b2 | ITER: 93 START
2020-03-02 22:14:32.417 151 INFO rally.task.runner [-] Task b95e4f98-6813-4603-b042-78562fc719b2 | ITER: 84 END: OK
2020-03-02 22:14:32.421 151 INFO rally.task.runner [-] Task b95e4f98-6813-4603-b042-78562fc719b2 | ITER: 94 START
2020-03-02 22:14:32.579 175 INFO rally.task.runner [-] Task b95e4f98-6813-4603-b042-78562fc719b2 | ITER: 85 END: OK
2020-03-02 22:14:32.582 175 INFO rally.task.runner [-] Task b95e4f98-6813-4603-b042-78562fc719b2 | ITER: 95 START
2020-03-02 22:14:32.587 177 INFO rally.task.runner [-] Task b95e4f98-6813-4603-b042-78562fc719b2 | ITER: 68 END: OK
2020-03-02 22:14:32.589 190 INFO rally.task.runner [-] Task b95e4f98-6813-4603-b042-78562fc719b2 | ITER: 74 END: OK
2020-03-02 22:14:32.591 177 INFO rally.task.runner [-] Task b95e4f98-6813-4603-b042-78562fc719b2 | ITER: 96 START
2020-03-02 22:14:32.595 190 INFO rally.task.runner [-] Task b95e4f98-6813-4603-b042-78562fc719b2 | ITER: 97 START
2020-03-02 22:14:32.637 157 INFO rally.task.runner [-] Task b95e4f98-6813-4603-b042-78562fc719b2 | ITER: 77 END: OK
2020-03-02 22:14:32.641 157 INFO rally.task.runner [-] Task b95e4f98-6813-4603-b042-78562fc719b2 | ITER: 98 START
2020-03-02 22:14:32.665 187 INFO rally.task.runner [-] Task b95e4f98-6813-4603-b042-78562fc719b2 | ITER: 83 END: OK
2020-03-02 22:14:32.669 187 INFO rally.task.runner [-] Task b95e4f98-6813-4603-b042-78562fc719b2 | ITER: 99 START
2020-03-02 22:14:32.693 159 INFO rally.task.runner [-] Task b95e4f98-6813-4603-b042-78562fc719b2 | ITER: 88 END: OK
2020-03-02 22:14:32.697 159 INFO rally.task.runner [-] Task b95e4f98-6813-4603-b042-78562fc719b2 | ITER: 100 START
2020-03-02 22:14:33.954 155 INFO rally.task.runner [-] Task b95e4f98-6813-4603-b042-78562fc719b2 | ITER: 78 END: OK
2020-03-02 22:14:34.175 142 INFO rally.task.runner [-] Task b95e4f98-6813-4603-b042-78562fc719b2 | ITER: 76 END: OK
2020-03-02 22:14:34.503 140 INFO rally.task.runner [-] Task b95e4f98-6813-4603-b042-78562fc719b2 | ITER: 82 END: OK
2020-03-02 22:14:34.568 179 INFO rally.task.runner [-] Task b95e4f98-6813-4603-b042-78562fc719b2 | ITER: 79 END: OK
2020-03-02 22:14:34.572 145 INFO rally.task.runner [-] Task b95e4f98-6813-4603-b042-78562fc719b2 | ITER: 71 END: OK
2020-03-02 22:14:34.576 172 INFO rally.task.runner [-] Task b95e4f98-6813-4603-b042-78562fc719b2 | ITER: 75 END: OK
2020-03-02 22:14:34.590 161 INFO rally.task.runner [-] Task b95e4f98-6813-4603-b042-78562fc719b2 | ITER: 70 END: OK
2020-03-02 22:14:34.712 139 INFO rally.task.runner [-] Task b95e4f98-6813-4603-b042-78562fc719b2 | ITER: 93 END: OK
2020-03-02 22:14:34.846 164 INFO rally.task.runner [-] Task b95e4f98-6813-4603-b042-78562fc719b2 | ITER: 80 END: OK
2020-03-02 22:14:34.906 146 INFO rally.task.runner [-] Task b95e4f98-6813-4603-b042-78562fc719b2 | ITER: 90 END: OK
2020-03-02 22:14:35.140 190 INFO rally.task.runner [-] Task b95e4f98-6813-4603-b042-78562fc719b2 | ITER: 97 END: OK
2020-03-02 22:14:35.161 154 INFO rally.task.runner [-] Task b95e4f98-6813-4603-b042-78562fc719b2 | ITER: 89 END: OK
2020-03-02 22:14:35.193 141 INFO rally.task.runner [-] Task b95e4f98-6813-4603-b042-78562fc719b2 | ITER: 92 END: OK
2020-03-02 22:14:35.295 151 INFO rally.task.runner [-] Task b95e4f98-6813-4603-b042-78562fc719b2 | ITER: 94 END: OK
2020-03-02 22:14:35.428 157 INFO rally.task.runner [-] Task b95e4f98-6813-4603-b042-78562fc719b2 | ITER: 98 END: OK
2020-03-02 22:14:35.650 159 INFO rally.task.runner [-] Task b95e4f98-6813-4603-b042-78562fc719b2 | ITER: 100 END: OK
2020-03-02 22:14:35.723 177 INFO rally.task.runner [-] Task b95e4f98-6813-4603-b042-78562fc719b2 | ITER: 96 END: OK
2020-03-02 22:14:35.903 175 INFO rally.task.runner [-] Task b95e4f98-6813-4603-b042-78562fc719b2 | ITER: 95 END: OK
2020-03-02 22:14:36.272 187 INFO rally.task.runner [-] Task b95e4f98-6813-4603-b042-78562fc719b2 | ITER: 99 END: OK
2020-03-02 22:14:36.275 182 INFO rally.task.runner [-] Task b95e4f98-6813-4603-b042-78562fc719b2 | ITER: 91 END: OK
2020-03-02 22:14:36.299 15 INFO rally.task.context [-] Task b95e4f98-6813-4603-b042-78562fc719b2 | Context cleanup@openstack cleanup() started
2020-03-02 22:14:36.302 15 RALLYDEBUG rally_openstack.cleanup.manager [-] Cleaning up neutron vip objects
2020-03-02 22:14:36.497 15 RALLYDEBUG rally_openstack.cleanup.manager [-] Cleaning up neutron health_monitor objects
2020-03-02 22:14:36.750 15 RALLYDEBUG rally_openstack.cleanup.manager [-] Cleaning up neutron pool objects
2020-03-02 22:14:36.942 15 RALLYDEBUG rally_openstack.cleanup.manager [-] Cleaning up neutron loadbalancer objects
2020-03-02 22:14:37.132 15 RALLYDEBUG rally_openstack.cleanup.manager [-] Cleaning up neutron floatingip objects
2020-03-02 22:14:37.355 15 RALLYDEBUG rally_openstack.cleanup.manager [-] Cleaning up neutron trunk objects
2020-03-02 22:14:37.539 15 DEBUG neutronclient.v2_0.client [-] Error message: {"message": "The resource could not be found.

\n\n\n", "code": "404 Not Found", "title": "Not Found"} _handle_fault_response /usr/lib/python2.7/site-packages/neutronclient/v2_0/client.py:259
2020-03-02 22:14:37.550 15 RALLYDEBUG rally_openstack.cleanup.manager [-] Cleaning up neutron port objects
2020-03-02 22:14:37.771 15 RALLYDEBUG rally_openstack.cleanup.manager [-] Cleaning up neutron subnet objects
2020-03-02 22:14:38.033 15 RALLYDEBUG rally_openstack.cleanup.manager [-] Cleaning up neutron network objects
2020-03-02 22:14:38.680 15 RALLYDEBUG rally_openstack.cleanup.manager [-] Deleting neutron.network object s_rally_c8c348cd_dwYJMP7P (014d0ac6-9d0b-4362-ac0a-02b78f8d1c04)
2020-03-02 22:14:38.680 15 RALLYDEBUG rally_openstack.cleanup.manager [-] Deleting neutron.network object s_rally_c8c348cd_iOuRpypT (01812387-ceb7-4567-9096-d77b929d9fea)
2020-03-02 22:14:38.685 15 RALLYDEBUG rally_openstack.cleanup.manager [-] Deleting neutron.network object s_rally_c8c348cd_BVaCQwvP (04cd68fd-301b-437c-9e0a-1120d882b3f2)
2020-03-02 22:14:38.688 15 RALLYDEBUG rally_openstack.cleanup.manager [-] Deleting neutron.network object s_rally_c8c348cd_LOyYx8Bh (016b8280-310e-46fb-957b-e5f0beca5123)
2020-03-02 22:14:38.694 15 RALLYDEBUG rally_openstack.cleanup.manager [-] Deleting neutron.network object s_rally_c8c348cd_wVNOWyrf (0717bb04-3cc1-4c33-b752-4e48a0238fe6)
2020-03-02 22:14:38.700 15 RALLYDEBUG rally_openstack.cleanup.manager [-] Deleting neutron.network object s_rally_c8c348cd_A0zkT5Z3 (09ea0a6f-7a76-4da6-bc89-6cd455982628)
2020-03-02 22:14:38.716 15 RALLYDEBUG rally_openstack.cleanup.manager [-] Deleting neutron.network object s_rally_c8c348cd_cKnX5oJI (0e5c8917-4465-40d7-a8fa-ac01b855561c)
2020-03-02 22:14:38.739 15 RALLYDEBUG rally_openstack.cleanup.manager [-] Deleting neutron.network object s_rally_c8c348cd_jchNnCch (1441f975-1387-490d-a2c6-a77ad1c72130)
2020-03-02 22:14:38.746 15 RALLYDEBUG rally_openstack.cleanup.manager [-] Deleting neutron.network object s_rally_c8c348cd_QjeXKSSt (153b99a2-54ff-4906-a202-d27382e1a280)
2020-03-02 22:14:38.783 15 RALLYDEBUG rally_openstack.cleanup.manager [-] Deleting neutron.network object s_rally_c8c348cd_TBm5JfZP (11917483-c0d5-44e2-8b41-dcfa115ecabb)
2020-03-02 22:14:38.795 15 RALLYDEBUG rally_openstack.cleanup.manager [-] Deleting neutron.network object s_rally_c8c348cd_OzVHdzvZ (1572fa92-f67f-456d-822a-79cc49ad37f0)
2020-03-02 22:14:38.804 15 RALLYDEBUG rally_openstack.cleanup.manager [-] Deleting neutron.network object s_rally_c8c348cd_oGfba1UN (163a468e-53d6-442a-9f01-9df5d054df51)
2020-03-02 22:14:38.819 15 RALLYDEBUG rally_openstack.cleanup.manager [-] Deleting neutron.network object s_rally_c8c348cd_vMn8dQ1i (19678547-a4d8-473f-abad-da66cc220921)
2020-03-02 22:14:38.829 15 RALLYDEBUG rally_openstack.cleanup.manager [-] Deleting neutron.network object s_rally_c8c348cd_wY3SLHnc (18481653-99e2-400c-ac94-d70b9d5c34a1)
2020-03-02 22:14:38.836 15 RALLYDEBUG rally_openstack.cleanup.manager [-] Deleting neutron.network object s_rally_c8c348cd_mYmy5jrT (1a3f64b7-d1cf-4c97-86f1-bb21bb4508db)
2020-03-02 22:14:38.858 15 RALLYDEBUG rally_openstack.cleanup.manager [-] Deleting neutron.network object s_rally_c8c348cd_KPl8XzCA (250b7383-dc67-4b0e-9f59-5e8c163f29aa)
2020-03-02 22:14:38.877 15 RALLYDEBUG rally_openstack.cleanup.manager [-] Deleting neutron.network object s_rally_c8c348cd_q64vaxUt (287a0c7c-d0fd-470f-9cd6-9e6dc7543db7)
2020-03-02 22:14:38.894 15 RALLYDEBUG rally_openstack.cleanup.manager [-] Deleting neutron.network object s_rally_c8c348cd_OGFJLie0 (17de585a-4c3b-459a-be41-a72178f6e0a3)
2020-03-02 22:14:38.915 15 RALLYDEBUG rally_openstack.cleanup.manager [-] Deleting neutron.network object s_rally_c8c348cd_8eqbt46y (1c4abea3-91d2-45e6-a755-c9ca1a7f1fe1)
2020-03-02 22:14:38.944 15 RALLYDEBUG rally_openstack.cleanup.manager [-] Deleting neutron.network object s_rally_c8c348cd_EIrpEOOM (274581d6-bc04-4819-abfc-9682afe7d370)
2020-03-02 22:14:40.945 15 RALLYDEBUG rally_openstack.cleanup.manager [-] Deleting neutron.network object s_rally_c8c348cd_QhDMppHM (2884c753-8448-410d-9362-b45f96065938)
2020-03-02 22:14:41.051 15 RALLYDEBUG rally_openstack.cleanup.manager [-] Deleting neutron.network object s_rally_c8c348cd_moHEwjnx (2a7685d7-24d5-4b85-bcaf-0aa98bd660cf)
2020-03-02 22:14:41.136 15 RALLYDEBUG rally_openstack.cleanup.manager [-] Deleting neutron.network object s_rally_c8c348cd_I3zYpfuv (2e009f87-3c3c-4028-ad96-a28d61867b48)
2020-03-02 22:14:41.167 15 RALLYDEBUG rally_openstack.cleanup.manager [-] Deleting neutron.network object s_rally_c8c348cd_AUZ2i0gc (3181fa9e-5d99-4fb7-9626-accb2274fffa)
2020-03-02 22:14:41.177 15 RALLYDEBUG rally_openstack.cleanup.manager [-] Deleting neutron.network object s_rally_c8c348cd_ITUv3oVe (33094c4a-df07-4ba4-ada5-e61e4f7fafd1)
2020-03-02 22:14:41.270 15 RALLYDEBUG rally_openstack.cleanup.manager [-] Deleting neutron.network object s_rally_c8c348cd_0bqv9s5L (36115c7a-5f90-402d-9dc7-ad83040525d0)
2020-03-02 22:14:41.372 15 RALLYDEBUG rally_openstack.cleanup.manager [-] Deleting neutron.network object s_rally_c8c348cd_wHaTkpMu (37a715b1-ea99-4685-88ac-e52136600734)
2020-03-02 22:14:41.407 15 RALLYDEBUG rally_openstack.cleanup.manager [-] Deleting neutron.network object s_rally_c8c348cd_hZK2t6ER (3ac37ad8-a7eb-41e8-9b76-9851758803bc)
2020-03-02 22:14:41.418 15 RALLYDEBUG rally_openstack.cleanup.manager [-] Deleting neutron.network object s_rally_c8c348cd_Fg3V5I9y (3b2bf5a2-4712-412f-948b-6ecd8d46fc36)
2020-03-02 22:14:41.462 15 RALLYDEBUG rally_openstack.cleanup.manager [-] Deleting neutron.network object s_rally_c8c348cd_1hhgYiIs (3b9ca4e3-c1f9-42f6-a25e-50e25417f8b0)
2020-03-02 22:14:41.559 15 RALLYDEBUG rally_openstack.cleanup.manager [-] Deleting neutron.network object s_rally_c8c348cd_BENkk1J9 (3c5b036a-e4a8-4716-9c6e-59e1e3014fce)
2020-03-02 22:14:41.585 15 RALLYDEBUG rally_openstack.cleanup.manager [-] Deleting neutron.network object s_rally_c8c348cd_XSttNSJA (3e0e0a76-a469-4a8c-ab83-373775b2f2d5)
2020-03-02 22:14:41.960 15 RALLYDEBUG rally_openstack.cleanup.manager [-] Deleting neutron.network object s_rally_c8c348cd_IiUHsxZ2 (4327ca51-789e-4c63-bd89-4b2ebf7d4b84)
2020-03-02 22:14:41.974 15 RALLYDEBUG rally_openstack.cleanup.manager [-] Deleting neutron.network object s_rally_c8c348cd_4zS5xnYX (462f89a9-70fd-40f5-8392-e2a5685d182e)
2020-03-02 22:14:42.130 15 RALLYDEBUG rally_openstack.cleanup.manager [-] Deleting neutron.network object s_rally_c8c348cd_1MIQLphf (49049b76-6b1c-4fca-ae40-f5bfcab923d6)
2020-03-02 22:14:42.971 15 RALLYDEBUG rally_openstack.cleanup.manager [-] Deleting neutron.network object s_rally_c8c348cd_GsrFAGsl (4b93f830-2931-4512-a985-db53cdda02b8)
2020-03-02 22:14:42.976 15 RALLYDEBUG rally_openstack.cleanup.manager [-] Deleting neutron.network object s_rally_c8c348cd_1MDAbLlG (4baddba1-05da-47bc-9774-16557eeccdb3)
2020-03-02 22:14:43.707 15 RALLYDEBUG rally_openstack.cleanup.manager [-] Deleting neutron.network object s_rally_c8c348cd_QXMsfKyu (4cbe434f-6d17-4761-b03b-98d5167dcffa)
2020-03-02 22:14:43.812 15 RALLYDEBUG rally_openstack.cleanup.manager [-] Deleting neutron.network object s_rally_c8c348cd_hSsuwTjk (54f1df69-1e17-4801-a248-debf186549c0)
2020-03-02 22:14:43.867 15 RALLYDEBUG rally_openstack.cleanup.manager [-] Deleting neutron.network object s_rally_c8c348cd_1uPeqYe5 (57be59d9-a9fd-4a37-befe-c809efeb9c7e)
2020-03-02 22:14:43.887 15 RALLYDEBUG rally_openstack.cleanup.manager [-] Deleting neutron.network object s_rally_c8c348cd_xFFeLzVs (6285a2e4-b7d7-476b-ab1b-4c4e5633ea7c)
2020-03-02 22:14:43.900 15 RALLYDEBUG rally_openstack.cleanup.manager [-] Deleting neutron.network object s_rally_c8c348cd_Ip15WMNq (6915e5f2-8ed9-496f-b67d-83d1f4316f9d)
2020-03-02 22:14:43.916 15 RALLYDEBUG rally_openstack.cleanup.manager [-] Deleting neutron.network object s_rally_c8c348cd_l0BaSt7v (6961858f-c6f2-4bad-8bb3-7860d4114db9)
2020-03-02 22:14:43.982 15 RALLYDEBUG rally_openstack.cleanup.manager [-] Deleting neutron.network object s_rally_c8c348cd_9NJz8Z5U (6b6e3499-881b-43a9-852b-f609aada240c)
2020-03-02 22:14:43.992 15 RALLYDEBUG rally_openstack.cleanup.manager [-] Deleting neutron.network object s_rally_c8c348cd_nv98Sig4 (6f37dc5f-e539-4a15-9fb6-b5143705bae6)
2020-03-02 22:14:43.997 15 RALLYDEBUG rally_openstack.cleanup.manager [-] Deleting neutron.network object s_rally_c8c348cd_ikIqYKTc (7292b997-6b01-4f29-a0c8-71270f313a46)
2020-03-02 22:14:44.004 15 RALLYDEBUG rally_openstack.cleanup.manager [-] Deleting neutron.network object s_rally_c8c348cd_EGqYhCAw (73cc0a2b-9d0f-4450-8c94-bd70f33803d0)
2020-03-02 22:14:44.032 15 RALLYDEBUG rally_openstack.cleanup.manager [-] Deleting neutron.network object s_rally_c8c348cd_RrsLfeRI (7458ad5c-b43a-4f4e-bd7d-05083858e0d3)
2020-03-02 22:14:44.058 15 RALLYDEBUG rally_openstack.cleanup.manager [-] Deleting neutron.network object s_rally_c8c348cd_aQ9EWwzg (762c9967-8892-44d1-8d2c-36835865d957)
2020-03-02 22:14:44.121 15 RALLYDEBUG rally_openstack.cleanup.manager [-] Deleting neutron.network object s_rally_c8c348cd_EbzlqnNR (7911f33a-2bf4-445b-876d-a614cbc5b11a)
2020-03-02 22:14:44.139 15 RALLYDEBUG rally_openstack.cleanup.manager [-] Deleting neutron.network object s_rally_c8c348cd_CqZZilLa (7c158d55-2087-49de-83b5-918c025856a0)
2020-03-02 22:14:44.161 15 RALLYDEBUG rally_openstack.cleanup.manager [-] Deleting neutron.network object s_rally_c8c348cd_kSVl4rld (7c3ae5f6-f663-4f62-995a-ec01156d1d38)
2020-03-02 22:14:44.221 15 RALLYDEBUG rally_openstack.cleanup.manager [-] Deleting neutron.network object s_rally_c8c348cd_zoPETdoc (7d488e4a-45e1-4f17-85bc-046dae257fad)
2020-03-02 22:14:44.445 15 RALLYDEBUG rally_openstack.cleanup.manager [-] Deleting neutron.network object s_rally_c8c348cd_xSyxuVIv (7dccfe4f-da5e-421f-9cf7-417227688cbd)
2020-03-02 22:14:44.531 15 RALLYDEBUG rally_openstack.cleanup.manager [-] Deleting neutron.network object s_rally_c8c348cd_vE92W0Ja (815dc4de-f185-4cfb-9168-8665076ee1e9)
2020-03-02 22:14:44.835 15 RALLYDEBUG rally_openstack.cleanup.manager [-] Deleting neutron.network object s_rally_c8c348cd_NqDpvKE6 (82f35ad4-ed34-4253-a24d-306eac68688c)
2020-03-02 22:14:44.957 15 RALLYDEBUG rally_openstack.cleanup.manager [-] Deleting neutron.network object s_rally_c8c348cd_yVedtcxy (833a7a4e-e965-4fed-bb53-1a74f140848c)
2020-03-02 22:14:45.617 15 RALLYDEBUG rally_openstack.cleanup.manager [-] Deleting neutron.network object s_rally_c8c348cd_AOsaNkmN (88ec88d8-17b7-4154-9135-3a38270d3f95)
2020-03-02 22:14:46.046 15 RALLYDEBUG rally_openstack.cleanup.manager [-] Deleting neutron.network object s_rally_c8c348cd_ViOcBrSl (8c5b8245-c8c1-44a9-96a9-71c8ad7723c8)
2020-03-02 22:14:46.109 15 RALLYDEBUG rally_openstack.cleanup.manager [-] Deleting neutron.network object s_rally_c8c348cd_kVLkAOuT (8d4bdf4a-90bf-47ba-a27a-db991f481be2)
2020-03-02 22:14:46.254 15 RALLYDEBUG rally_openstack.cleanup.manager [-] Deleting neutron.network object s_rally_c8c348cd_8lfbu94i (95d2e21c-26b8-40fc-addc-485cc8da040d)
2020-03-02 22:14:46.295 15 RALLYDEBUG rally_openstack.cleanup.manager [-] Deleting neutron.network object s_rally_c8c348cd_6bbiX0Vq (9749cfe8-2994-49dd-aac0-900cb357581e)
2020-03-02 22:14:46.434 15 RALLYDEBUG rally_openstack.cleanup.manager [-] Deleting neutron.network object s_rally_c8c348cd_2LIxXWIH (985b8cfb-8c6b-48e0-ad3b-26b036f35eb4)
2020-03-02 22:14:46.517 15 RALLYDEBUG rally_openstack.cleanup.manager [-] Deleting neutron.network object s_rally_c8c348cd_oH8fID71 (9c3e959c-c479-446e-b556-cc4e8b2b659d)
2020-03-02 22:14:46.527 15 RALLYDEBUG rally_openstack.cleanup.manager [-] Deleting neutron.network object s_rally_c8c348cd_iAacEl0e (9e6477da-4130-4ccb-9959-310da13067a2)
2020-03-02 22:14:46.558 15 RALLYDEBUG rally_openstack.cleanup.manager [-] Deleting neutron.network object s_rally_c8c348cd_ltPjFN7X (a381b16e-2e25-42b4-b7d4-f108d6c37a57)
2020-03-02 22:14:46.591 15 RALLYDEBUG rally_openstack.cleanup.manager [-] Deleting neutron.network object s_rally_c8c348cd_JbZ7Sorq (aa743cd9-c050-43fd-998c-c81fac989a2a)
2020-03-02 22:14:46.626 15 RALLYDEBUG rally_openstack.cleanup.manager [-] Deleting neutron.network object s_rally_c8c348cd_ujhgmR03 (ac8a07e9-eaaa-491a-8613-d49c59cd8435)
2020-03-02 22:14:46.732 15 RALLYDEBUG rally_openstack.cleanup.manager [-] Deleting neutron.network object s_rally_c8c348cd_bFP3TgbG (ad5aa107-c850-46cd-8178-90953b442233)
2020-03-02 22:14:46.772 15 RALLYDEBUG rally_openstack.cleanup.manager [-] Deleting neutron.network object s_rally_c8c348cd_2u6rUnuA (adcb4a0c-2380-43e2-ae22-ff4f64628d96)
2020-03-02 22:14:46.818 15 RALLYDEBUG rally_openstack.cleanup.manager [-] Deleting neutron.network object s_rally_c8c348cd_ZUmXnF7J (afaf09b7-de4c-4e30-8ede-e53a35321cfe)
2020-03-02 22:14:46.936 15 RALLYDEBUG rally_openstack.cleanup.manager [-] Deleting neutron.network object s_rally_c8c348cd_QiNYEBDv (b95f64cb-fc43-43e6-ad5f-b8e55a5c7e3d)
2020-03-02 22:14:46.955 15 RALLYDEBUG rally_openstack.cleanup.manager [-] Deleting neutron.network object s_rally_c8c348cd_LXh07xQI (ba32d25a-ea20-465b-bce7-8b5fd81ef572)
2020-03-02 22:14:47.518 15 RALLYDEBUG rally_openstack.cleanup.manager [-] Deleting neutron.network object s_rally_c8c348cd_R2WrehxT (bc6c2535-2bf0-4fe1-a03f-c41af1122b8b)
2020-03-02 22:14:47.605 15 RALLYDEBUG rally_openstack.cleanup.manager [-] Deleting neutron.network object s_rally_c8c348cd_MJdY4853 (bde18ccb-dfae-458b-9708-6680e1888ba7)
2020-03-02 22:14:47.712 15 RALLYDEBUG rally_openstack.cleanup.manager [-] Deleting neutron.network object s_rally_c8c348cd_cQMDXARQ (be2d167c-df64-42ec-9a4e-1312bf6a9252)
2020-03-02 22:14:48.264 15 RALLYDEBUG rally_openstack.cleanup.manager [-] Deleting neutron.network object s_rally_c8c348cd_NUfOKp6m (c3360ed7-3cf0-4914-88b5-d7b79b8f07c1)
2020-03-02 22:14:48.281 15 RALLYDEBUG rally_openstack.cleanup.manager [-] Deleting neutron.network object s_rally_c8c348cd_mR5qPpos (c4aee9d4-4c7f-4d8f-89c0-474945eb9479)
2020-03-02 22:14:48.349 15 RALLYDEBUG rally_openstack.cleanup.manager [-] Deleting neutron.network object s_rally_c8c348cd_hfpc3O89 (c520f2bf-0751-4310-aece-d09b39ba2aa9)
2020-03-02 22:14:48.394 15 RALLYDEBUG rally_openstack.cleanup.manager [-] Deleting neutron.network object s_rally_c8c348cd_iDjZkbod (cd2da85e-9143-4986-8596-0ac9cf75905d)
