2020-03-02 22:18:58.976 15 INFO rally.task.engine [-] Load duration is: 74.546145
2020-03-02 22:18:58.977 15 INFO rally.task.engine [-] Full runner duration is: 74.599338
2020-03-02 22:18:58.977 15 INFO rally.task.engine [-] Full duration is: 123.584539
2020-03-02 22:18:59.085 15 INFO rally.task.engine [-] Running workload: position = 2 config = { "version": 2, "title": "A cropped version of a bigger task.", "description": "Auto-generated task from a single workload (uuid=ba561952-bd00-4be5-a2d8-d739f81b4b2b)", "subtasks": [ { "title": "NeutronNetworks.create_and_delete_subnets", "description": "Create and delete a given number of subnets.", "scenario": { "NeutronNetworks.create_and_delete_subnets": { "network_create_args": {}, "subnet_create_args": {}, "subnet_cidr_start": "1.1.0.0/30", "subnets_per_network": 2 } }, "contexts": { "users": { "tenants": 1, "users_per_tenant": 1 }, "quotas": { "neutron": { "network": -1, "subnet": -1 } } }, "runner": { "constant": { "times": 40, "concurrency": 20 } }, "hooks": [], "sla": { "failure_rate": { "max": 0 } } } ] }
2020-03-02 22:18:59.109 15 RALLYDEBUG rally_openstack.contexts.keystone.users [-] Creating 1 tenants using 20 threads
2020-03-02 22:18:59.437 15 RALLYDEBUG rally_openstack.contexts.keystone.users [-] Creating 1 users using 20 threads
2020-03-02 22:18:59.838 15 INFO rally.task.context [-] Task b95e4f98-6813-4603-b042-78562fc719b2 | Context users@openstack setup() finished in 0.73 sec
2020-03-02 22:19:00.185 15 INFO rally.task.context [-] Task b95e4f98-6813-4603-b042-78562fc719b2 | Context quotas@openstack setup() finished in 0.35 sec
2020-03-02 22:19:00.185 15 INFO rally.task.context [-] Task b95e4f98-6813-4603-b042-78562fc719b2 | Context cleanup@openstack setup() finished in 0.01 msec
2020-03-02 22:19:00.194 15 RALLYDEBUG rally.task.runner [-] Starting the constant runner (task UUID: b95e4f98-6813-4603-b042-78562fc719b2). timeout: 0 concurrency: 20 concurrency_per_worker: 1 times: 40 concurrency_overhead: 0 processes_to_start: 20 max_cpu_used: 88
2020-03-02 22:19:00.208 2269 RALLYDEBUG rally.task.runner [-] Starting a worker. concurrency: 1 args: {"network_create_args": {}, "subnet_create_args": {}, "subnet_cidr_start": "1.1.0.0/30", "subnets_per_network": 2} times: 40 method_name: run timeout: 0 duration: None cls:
2020-03-02 22:19:00.211 2270 RALLYDEBUG rally.task.runner [-] Starting a worker. concurrency: 1 args: {"network_create_args": {}, "subnet_create_args": {}, "subnet_cidr_start": "1.1.0.0/30", "subnets_per_network": 2} times: 40 method_name: run timeout: 0 duration: None cls:
2020-03-02 22:19:00.214 2271 RALLYDEBUG rally.task.runner [-] Starting a worker. concurrency: 1 args: {"network_create_args": {}, "subnet_create_args": {}, "subnet_cidr_start": "1.1.0.0/30", "subnets_per_network": 2} times: 40 method_name: run timeout: 0 duration: None cls:
2020-03-02 22:19:00.216 2269 INFO rally.task.runner [-] Task b95e4f98-6813-4603-b042-78562fc719b2 | ITER: 1 START
2020-03-02 22:19:00.217 2269 WARNING rally_openstack.scenarios.neutron.utils [-] Running this scenario without either the 'network' or 'existing_network' context is deprecated
2020-03-02 22:19:00.218 2272 RALLYDEBUG rally.task.runner [-] Starting a worker. concurrency: 1 args: {"network_create_args": {}, "subnet_create_args": {}, "subnet_cidr_start": "1.1.0.0/30", "subnets_per_network": 2} times: 40 method_name: run timeout: 0 duration: None cls:
2020-03-02 22:19:00.220 2270 INFO rally.task.runner [-] Task b95e4f98-6813-4603-b042-78562fc719b2 | ITER: 2 START
2020-03-02 22:19:00.221 2271 INFO rally.task.runner [-] Task b95e4f98-6813-4603-b042-78562fc719b2 | ITER: 3 START
2020-03-02 22:19:00.221 2270 WARNING rally_openstack.scenarios.neutron.utils [-] Running this scenario without either the 'network' or 'existing_network' context is deprecated
2020-03-02 22:19:00.221 2273 RALLYDEBUG rally.task.runner [-] Starting a worker. concurrency: 1 args: {"network_create_args": {}, "subnet_create_args": {}, "subnet_cidr_start": "1.1.0.0/30", "subnets_per_network": 2} times: 40 method_name: run timeout: 0 duration: None cls:
2020-03-02 22:19:00.222 2271 WARNING rally_openstack.scenarios.neutron.utils [-] Running this scenario without either the 'network' or 'existing_network' context is deprecated
2020-03-02 22:19:00.224 2272 INFO rally.task.runner [-] Task b95e4f98-6813-4603-b042-78562fc719b2 | ITER: 4 START
2020-03-02 22:19:00.224 2277 RALLYDEBUG rally.task.runner [-] Starting a worker. concurrency: 1 args: {"network_create_args": {}, "subnet_create_args": {}, "subnet_cidr_start": "1.1.0.0/30", "subnets_per_network": 2} times: 40 method_name: run timeout: 0 duration: None cls:
2020-03-02 22:19:00.226 2272 WARNING rally_openstack.scenarios.neutron.utils [-] Running this scenario without either the 'network' or 'existing_network' context is deprecated
2020-03-02 22:19:00.227 2273 INFO rally.task.runner [-] Task b95e4f98-6813-4603-b042-78562fc719b2 | ITER: 5 START
2020-03-02 22:19:00.228 2273 WARNING rally_openstack.scenarios.neutron.utils [-] Running this scenario without either the 'network' or 'existing_network' context is deprecated
2020-03-02 22:19:00.230 2277 INFO rally.task.runner [-] Task b95e4f98-6813-4603-b042-78562fc719b2 | ITER: 6 START
2020-03-02 22:19:00.231 2277 WARNING rally_openstack.scenarios.neutron.utils [-] Running this scenario without either the 'network' or 'existing_network' context is deprecated
2020-03-02 22:19:00.231 2282 RALLYDEBUG rally.task.runner [-] Starting a worker. concurrency: 1 args: {"network_create_args": {}, "subnet_create_args": {}, "subnet_cidr_start": "1.1.0.0/30", "subnets_per_network": 2} times: 40 method_name: run timeout: 0 duration: None cls:
2020-03-02 22:19:00.233 2286 RALLYDEBUG rally.task.runner [-] Starting a worker. concurrency: 1 args: {"network_create_args": {}, "subnet_create_args": {}, "subnet_cidr_start": "1.1.0.0/30", "subnets_per_network": 2} times: 40 method_name: run timeout: 0 duration: None cls:
2020-03-02 22:19:00.238 2282 INFO rally.task.runner [-] Task b95e4f98-6813-4603-b042-78562fc719b2 | ITER: 7 START
2020-03-02 22:19:00.238 2289 RALLYDEBUG rally.task.runner [-] Starting a worker. concurrency: 1 args: {"network_create_args": {}, "subnet_create_args": {}, "subnet_cidr_start": "1.1.0.0/30", "subnets_per_network": 2} times: 40 method_name: run timeout: 0 duration: None cls:
2020-03-02 22:19:00.239 2282 WARNING rally_openstack.scenarios.neutron.utils [-] Running this scenario without either the 'network' or 'existing_network' context is deprecated
2020-03-02 22:19:00.240 2286 INFO rally.task.runner [-] Task b95e4f98-6813-4603-b042-78562fc719b2 | ITER: 8 START
2020-03-02 22:19:00.242 2286 WARNING rally_openstack.scenarios.neutron.utils [-] Running this scenario without either the 'network' or 'existing_network' context is deprecated
2020-03-02 22:19:00.241 2290 RALLYDEBUG rally.task.runner [-] Starting a worker. concurrency: 1 args: {"network_create_args": {}, "subnet_create_args": {}, "subnet_cidr_start": "1.1.0.0/30", "subnets_per_network": 2} times: 40 method_name: run timeout: 0 duration: None cls:
2020-03-02 22:19:00.244 2289 INFO rally.task.runner [-] Task b95e4f98-6813-4603-b042-78562fc719b2 | ITER: 9 START
2020-03-02 22:19:00.245 2289 WARNING rally_openstack.scenarios.neutron.utils [-] Running this scenario without either the 'network' or 'existing_network' context is deprecated
2020-03-02 22:19:00.246 2293 RALLYDEBUG rally.task.runner [-] Starting a worker. concurrency: 1 args: {"network_create_args": {}, "subnet_create_args": {}, "subnet_cidr_start": "1.1.0.0/30", "subnets_per_network": 2} times: 40 method_name: run timeout: 0 duration: None cls:
2020-03-02 22:19:00.248 2296 RALLYDEBUG rally.task.runner [-] Starting a worker. concurrency: 1 args: {"network_create_args": {}, "subnet_create_args": {}, "subnet_cidr_start": "1.1.0.0/30", "subnets_per_network": 2} times: 40 method_name: run timeout: 0 duration: None cls:
2020-03-02 22:19:00.250 2290 INFO rally.task.runner [-] Task b95e4f98-6813-4603-b042-78562fc719b2 | ITER: 10 START
2020-03-02 22:19:00.251 2290 WARNING rally_openstack.scenarios.neutron.utils [-] Running this scenario without either the 'network' or 'existing_network' context is deprecated
2020-03-02 22:19:00.252 2293 INFO rally.task.runner [-] Task b95e4f98-6813-4603-b042-78562fc719b2 | ITER: 11 START
2020-03-02 22:19:00.252 2299 RALLYDEBUG rally.task.runner [-] Starting a worker. concurrency: 1 args: {"network_create_args": {}, "subnet_create_args": {}, "subnet_cidr_start": "1.1.0.0/30", "subnets_per_network": 2} times: 40 method_name: run timeout: 0 duration: None cls:
2020-03-02 22:19:00.253 2293 WARNING rally_openstack.scenarios.neutron.utils [-] Running this scenario without either the 'network' or 'existing_network' context is deprecated
2020-03-02 22:19:00.255 2296 INFO rally.task.runner [-] Task b95e4f98-6813-4603-b042-78562fc719b2 | ITER: 12 START
2020-03-02 22:19:00.255 2301 RALLYDEBUG rally.task.runner [-] Starting a worker. concurrency: 1 args: {"network_create_args": {}, "subnet_create_args": {}, "subnet_cidr_start": "1.1.0.0/30", "subnets_per_network": 2} times: 40 method_name: run timeout: 0 duration: None cls:
2020-03-02 22:19:00.256 2296 WARNING rally_openstack.scenarios.neutron.utils [-] Running this scenario without either the 'network' or 'existing_network' context is deprecated
2020-03-02 22:19:00.258 2299 INFO rally.task.runner [-] Task b95e4f98-6813-4603-b042-78562fc719b2 | ITER: 13 START
2020-03-02 22:19:00.258 2304 RALLYDEBUG rally.task.runner [-] Starting a worker. concurrency: 1 args: {"network_create_args": {}, "subnet_create_args": {}, "subnet_cidr_start": "1.1.0.0/30", "subnets_per_network": 2} times: 40 method_name: run timeout: 0 duration: None cls:
2020-03-02 22:19:00.260 2299 WARNING rally_openstack.scenarios.neutron.utils [-] Running this scenario without either the 'network' or 'existing_network' context is deprecated
2020-03-02 22:19:00.261 2301 INFO rally.task.runner [-] Task b95e4f98-6813-4603-b042-78562fc719b2 | ITER: 14 START
2020-03-02 22:19:00.262 2301 WARNING rally_openstack.scenarios.neutron.utils [-] Running this scenario without either the 'network' or 'existing_network' context is deprecated
2020-03-02 22:19:00.263 2308 RALLYDEBUG rally.task.runner [-] Starting a worker. concurrency: 1 args: {"network_create_args": {}, "subnet_create_args": {}, "subnet_cidr_start": "1.1.0.0/30", "subnets_per_network": 2} times: 40 method_name: run timeout: 0 duration: None cls:
2020-03-02 22:19:00.265 2304 INFO rally.task.runner [-] Task b95e4f98-6813-4603-b042-78562fc719b2 | ITER: 15 START
2020-03-02 22:19:00.266 2304 WARNING rally_openstack.scenarios.neutron.utils [-] Running this scenario without either the 'network' or 'existing_network' context is deprecated
2020-03-02 22:19:00.266 2311 RALLYDEBUG rally.task.runner [-] Starting a worker. concurrency: 1 args: {"network_create_args": {}, "subnet_create_args": {}, "subnet_cidr_start": "1.1.0.0/30", "subnets_per_network": 2} times: 40 method_name: run timeout: 0 duration: None cls:
2020-03-02 22:19:00.269 2308 INFO rally.task.runner [-] Task b95e4f98-6813-4603-b042-78562fc719b2 | ITER: 16 START
2020-03-02 22:19:00.269 2314 RALLYDEBUG rally.task.runner [-] Starting a worker. concurrency: 1 args: {"network_create_args": {}, "subnet_create_args": {}, "subnet_cidr_start": "1.1.0.0/30", "subnets_per_network": 2} times: 40 method_name: run timeout: 0 duration: None cls:
2020-03-02 22:19:00.270 2308 WARNING rally_openstack.scenarios.neutron.utils [-] Running this scenario without either the 'network' or 'existing_network' context is deprecated
2020-03-02 22:19:00.271 2317 RALLYDEBUG rally.task.runner [-] Starting a worker. concurrency: 1 args: {"network_create_args": {}, "subnet_create_args": {}, "subnet_cidr_start": "1.1.0.0/30", "subnets_per_network": 2} times: 40 method_name: run timeout: 0 duration: None cls:
2020-03-02 22:19:00.272 2311 INFO rally.task.runner [-] Task b95e4f98-6813-4603-b042-78562fc719b2 | ITER: 17 START
2020-03-02 22:19:00.273 2311 WARNING rally_openstack.scenarios.neutron.utils [-] Running this scenario without either the 'network' or 'existing_network' context is deprecated
2020-03-02 22:19:00.275 2314 INFO rally.task.runner [-] Task b95e4f98-6813-4603-b042-78562fc719b2 | ITER: 18 START
2020-03-02 22:19:00.275 2320 RALLYDEBUG rally.task.runner [-] Starting a worker. concurrency: 1 args: {"network_create_args": {}, "subnet_create_args": {}, "subnet_cidr_start": "1.1.0.0/30", "subnets_per_network": 2} times: 40 method_name: run timeout: 0 duration: None cls:
2020-03-02 22:19:00.276 2314 WARNING rally_openstack.scenarios.neutron.utils [-] Running this scenario without either the 'network' or 'existing_network' context is deprecated
2020-03-02 22:19:00.277 2317 INFO rally.task.runner [-] Task b95e4f98-6813-4603-b042-78562fc719b2 | ITER: 19 START
2020-03-02 22:19:00.278 2317 WARNING rally_openstack.scenarios.neutron.utils [-] Running this scenario without either the 'network' or 'existing_network' context is deprecated
2020-03-02 22:19:00.281 2320 INFO rally.task.runner [-] Task b95e4f98-6813-4603-b042-78562fc719b2 | ITER: 20 START
2020-03-02 22:19:00.282 2320 WARNING rally_openstack.scenarios.neutron.utils [-] Running this scenario without either the 'network' or 'existing_network' context is deprecated
2020-03-02 22:19:01.117 2272 RALLYDEBUG rally_openstack.wrappers.network [-] CIDR generated: 1.1.4.96/30
2020-03-02 22:19:01.552 2308 RALLYDEBUG rally_openstack.wrappers.network [-] CIDR generated: 1.1.4.100/30
2020-03-02 22:19:01.591 2282 RALLYDEBUG rally_openstack.wrappers.network [-] CIDR generated: 1.1.4.104/30
2020-03-02 22:19:01.669 2270 RALLYDEBUG rally_openstack.wrappers.network [-] CIDR generated: 1.1.4.108/30
2020-03-02 22:19:01.683 2277 RALLYDEBUG rally_openstack.wrappers.network [-] CIDR generated: 1.1.4.112/30
2020-03-02 22:19:01.704 2271 RALLYDEBUG rally_openstack.wrappers.network [-] CIDR generated: 1.1.4.116/30
2020-03-02 22:19:01.857 2289 RALLYDEBUG rally_openstack.wrappers.network [-] CIDR generated: 1.1.4.120/30
2020-03-02 22:19:02.069 2311 RALLYDEBUG rally_openstack.wrappers.network [-] CIDR generated: 1.1.4.124/30
2020-03-02 22:19:02.070 2273 RALLYDEBUG rally_openstack.wrappers.network [-] CIDR generated: 1.1.4.128/30
2020-03-02 22:19:02.090 2304 RALLYDEBUG rally_openstack.wrappers.network [-] CIDR generated: 1.1.4.132/30
2020-03-02 22:19:02.090 2293 RALLYDEBUG rally_openstack.wrappers.network [-] CIDR generated: 1.1.4.136/30
2020-03-02 22:19:02.196 2290 RALLYDEBUG rally_openstack.wrappers.network [-] CIDR generated: 1.1.4.140/30
2020-03-02 22:19:02.217 2299 RALLYDEBUG rally_openstack.wrappers.network [-] CIDR generated: 1.1.4.144/30
2020-03-02 22:19:02.293 2286 RALLYDEBUG rally_openstack.wrappers.network [-] CIDR generated: 1.1.4.148/30
2020-03-02 22:19:02.475 2301 RALLYDEBUG rally_openstack.wrappers.network [-] CIDR generated: 1.1.4.152/30
2020-03-02 22:19:02.527 2296 RALLYDEBUG rally_openstack.wrappers.network [-] CIDR generated: 1.1.4.156/30
2020-03-02 22:19:02.892 2317 RALLYDEBUG rally_openstack.wrappers.network [-] CIDR generated: 1.1.4.160/30
2020-03-02 22:19:03.151 2269 RALLYDEBUG rally_openstack.wrappers.network [-] CIDR generated: 1.1.4.164/30
2020-03-02 22:19:03.181 2314 RALLYDEBUG rally_openstack.wrappers.network [-] CIDR generated: 1.1.4.168/30
2020-03-02 22:19:03.626 2320 RALLYDEBUG rally_openstack.wrappers.network [-] CIDR generated: 1.1.4.172/30
2020-03-02 22:19:07.029 2272 RALLYDEBUG rally_openstack.wrappers.network [-] CIDR generated: 1.1.4.176/30
2020-03-02 22:19:07.923 2271 RALLYDEBUG rally_openstack.wrappers.network [-] CIDR generated: 1.1.4.180/30
2020-03-02 22:19:08.030 2270 RALLYDEBUG rally_openstack.wrappers.network [-] CIDR generated: 1.1.4.184/30
2020-03-02 22:19:08.051 2282 RALLYDEBUG rally_openstack.wrappers.network [-] CIDR generated: 1.1.4.188/30
2020-03-02 22:19:08.166 2290 RALLYDEBUG rally_openstack.wrappers.network [-] CIDR generated: 1.1.4.192/30
2020-03-02 22:19:08.219 2293 RALLYDEBUG rally_openstack.wrappers.network [-] CIDR generated: 1.1.4.196/30
2020-03-02 22:19:08.407 2273 RALLYDEBUG rally_openstack.wrappers.network [-] CIDR generated: 1.1.4.200/30
2020-03-02 22:19:08.453 2308 RALLYDEBUG rally_openstack.wrappers.network [-] CIDR generated: 1.1.4.204/30
2020-03-02 22:19:08.483 2277 RALLYDEBUG rally_openstack.wrappers.network [-] CIDR generated: 1.1.4.208/30
2020-03-02 22:19:08.629 2304 RALLYDEBUG rally_openstack.wrappers.network [-] CIDR generated: 1.1.4.212/30
2020-03-02 22:19:08.804 2286 RALLYDEBUG rally_openstack.wrappers.network [-] CIDR generated: 1.1.4.216/30
2020-03-02 22:19:08.827 2317 RALLYDEBUG rally_openstack.wrappers.network [-] CIDR generated: 1.1.4.220/30
2020-03-02 22:19:08.868 2301 RALLYDEBUG rally_openstack.wrappers.network [-] CIDR generated: 1.1.4.224/30
2020-03-02 22:19:08.888 2289 RALLYDEBUG rally_openstack.wrappers.network [-] CIDR generated: 1.1.4.228/30
2020-03-02 22:19:09.035 2299 RALLYDEBUG rally_openstack.wrappers.network [-] CIDR generated: 1.1.4.232/30
2020-03-02 22:19:09.049 2269 RALLYDEBUG rally_openstack.wrappers.network [-] CIDR generated: 1.1.4.236/30
2020-03-02 22:19:09.090 2314 RALLYDEBUG rally_openstack.wrappers.network [-] CIDR generated: 1.1.4.240/30
2020-03-02 22:19:09.133 2311 RALLYDEBUG rally_openstack.wrappers.network [-] CIDR generated: 1.1.4.244/30
2020-03-02 22:19:09.251 2296 RALLYDEBUG rally_openstack.wrappers.network [-] CIDR generated: 1.1.4.248/30
2020-03-02 22:19:09.346 2320 RALLYDEBUG rally_openstack.wrappers.network [-] CIDR generated: 1.1.4.252/30
2020-03-02 22:19:13.779 2272 INFO rally.task.runner [-] Task b95e4f98-6813-4603-b042-78562fc719b2 | ITER: 4 END: OK
2020-03-02 22:19:13.785 2272 INFO rally.task.runner [-] Task b95e4f98-6813-4603-b042-78562fc719b2 | ITER: 21 START
2020-03-02 22:19:13.785 2272 WARNING rally_openstack.scenarios.neutron.utils [-] Running this scenario without either the 'network' or 'existing_network' context is deprecated
2020-03-02 22:19:15.005 2272 RALLYDEBUG rally_openstack.wrappers.network [-] CIDR generated: 1.1.5.0/30
2020-03-02 22:19:15.458 2282 INFO rally.task.runner [-] Task b95e4f98-6813-4603-b042-78562fc719b2 | ITER: 7 END: OK
2020-03-02 22:19:15.463 2282 INFO rally.task.runner [-] Task b95e4f98-6813-4603-b042-78562fc719b2 | ITER: 22 START
2020-03-02 22:19:15.464 2282 WARNING rally_openstack.scenarios.neutron.utils [-] Running this scenario without either the 'network' or 'existing_network' context is deprecated
2020-03-02 22:19:15.469 2273 INFO rally.task.runner [-] Task b95e4f98-6813-4603-b042-78562fc719b2 | ITER: 5 END: OK
2020-03-02 22:19:15.474 2273 INFO rally.task.runner [-] Task b95e4f98-6813-4603-b042-78562fc719b2 | ITER: 23 START
2020-03-02 22:19:15.475 2273 WARNING rally_openstack.scenarios.neutron.utils [-] Running this scenario without either the 'network' or 'existing_network' context is deprecated
2020-03-02 22:19:16.017 2290 INFO rally.task.runner [-] Task b95e4f98-6813-4603-b042-78562fc719b2 | ITER: 10 END: OK
2020-03-02 22:19:16.023 2290 INFO rally.task.runner [-] Task b95e4f98-6813-4603-b042-78562fc719b2 | ITER: 24 START
2020-03-02 22:19:16.024 2290 WARNING rally_openstack.scenarios.neutron.utils [-] Running this scenario without either the 'network' or 'existing_network' context is deprecated
2020-03-02 22:19:16.095 2293 INFO rally.task.runner [-] Task b95e4f98-6813-4603-b042-78562fc719b2 | ITER: 11 END: OK
2020-03-02 22:19:16.099 2293 INFO rally.task.runner [-] Task b95e4f98-6813-4603-b042-78562fc719b2 | ITER: 25 START
2020-03-02 22:19:16.100 2293 WARNING rally_openstack.scenarios.neutron.utils [-] Running this scenario without either the 'network' or 'existing_network' context is deprecated
2020-03-02 22:19:16.197 2304 INFO rally.task.runner [-] Task b95e4f98-6813-4603-b042-78562fc719b2 | ITER: 15 END: OK
2020-03-02 22:19:16.203 2304 INFO rally.task.runner [-] Task b95e4f98-6813-4603-b042-78562fc719b2 | ITER: 26 START
2020-03-02 22:19:16.204 2304 WARNING rally_openstack.scenarios.neutron.utils [-] Running this scenario without either the 'network' or 'existing_network' context is deprecated
2020-03-02 22:19:16.213 2296 INFO rally.task.runner [-] Task b95e4f98-6813-4603-b042-78562fc719b2 | ITER: 12 END: OK
2020-03-02 22:19:16.218 2296 INFO rally.task.runner [-] Task b95e4f98-6813-4603-b042-78562fc719b2 | ITER: 27 START
2020-03-02 22:19:16.219 2296 WARNING rally_openstack.scenarios.neutron.utils [-] Running this scenario without either the 'network' or 'existing_network' context is deprecated
2020-03-02 22:19:16.275 2271 INFO rally.task.runner [-] Task b95e4f98-6813-4603-b042-78562fc719b2 | ITER: 3 END: OK
2020-03-02 22:19:16.280 2271 INFO rally.task.runner [-] Task b95e4f98-6813-4603-b042-78562fc719b2 | ITER: 28 START
2020-03-02 22:19:16.281 2271 WARNING rally_openstack.scenarios.neutron.utils [-] Running this scenario without either the 'network' or 'existing_network' context is deprecated
2020-03-02 22:19:16.494 2289 INFO rally.task.runner [-] Task b95e4f98-6813-4603-b042-78562fc719b2 | ITER: 9 END: OK
2020-03-02 22:19:16.499 2289 INFO rally.task.runner [-] Task b95e4f98-6813-4603-b042-78562fc719b2 | ITER: 29 START
2020-03-02 22:19:16.500 2289 WARNING rally_openstack.scenarios.neutron.utils [-] Running this scenario without either the 'network' or 'existing_network' context is deprecated
2020-03-02 22:19:16.648 2301 INFO rally.task.runner [-] Task b95e4f98-6813-4603-b042-78562fc719b2 | ITER: 14 END: OK
2020-03-02 22:19:16.653 2301 INFO rally.task.runner [-] Task b95e4f98-6813-4603-b042-78562fc719b2 | ITER: 30 START
2020-03-02 22:19:16.654 2301 WARNING rally_openstack.scenarios.neutron.utils [-] Running this scenario without either the 'network' or 'existing_network' context is deprecated
2020-03-02 22:19:17.264 2317 INFO rally.task.runner [-] Task b95e4f98-6813-4603-b042-78562fc719b2 | ITER: 19 END: OK
2020-03-02 22:19:17.270 2317 INFO rally.task.runner [-] Task b95e4f98-6813-4603-b042-78562fc719b2 | ITER: 31 START
2020-03-02 22:19:17.270 2317 WARNING rally_openstack.scenarios.neutron.utils [-] Running this scenario without either the 'network' or 'existing_network' context is deprecated
2020-03-02 22:19:17.469 2308 INFO rally.task.runner [-] Task b95e4f98-6813-4603-b042-78562fc719b2 | ITER: 16 END: OK
2020-03-02 22:19:17.474 2308 INFO rally.task.runner [-] Task b95e4f98-6813-4603-b042-78562fc719b2 | ITER: 32 START
2020-03-02 22:19:17.475 2308 WARNING rally_openstack.scenarios.neutron.utils [-] Running this scenario without either the 'network' or 'existing_network' context is deprecated
2020-03-02 22:19:17.520 2272 RALLYDEBUG rally_openstack.wrappers.network [-] CIDR generated: 1.1.5.4/30
2020-03-02 22:19:17.562 2282 RALLYDEBUG rally_openstack.wrappers.network [-] CIDR generated: 1.1.5.8/30
2020-03-02 22:19:17.644 2273 RALLYDEBUG rally_openstack.wrappers.network [-] CIDR generated: 1.1.5.12/30
2020-03-02 22:19:18.065 2314 INFO rally.task.runner [-] Task b95e4f98-6813-4603-b042-78562fc719b2 | ITER: 18 END: OK
2020-03-02 22:19:18.071 2314 INFO rally.task.runner [-] Task b95e4f98-6813-4603-b042-78562fc719b2 | ITER: 33 START
2020-03-02 22:19:18.071 2314 WARNING rally_openstack.scenarios.neutron.utils [-] Running this scenario without either the 'network' or 'existing_network' context is deprecated
2020-03-02 22:19:18.131 2290 RALLYDEBUG rally_openstack.wrappers.network [-] CIDR generated: 1.1.5.16/30
2020-03-02 22:19:18.436 2270 INFO rally.task.runner [-] Task b95e4f98-6813-4603-b042-78562fc719b2 | ITER: 2 END: OK
2020-03-02 22:19:18.441 2270 INFO rally.task.runner [-] Task b95e4f98-6813-4603-b042-78562fc719b2 | ITER: 34 START
2020-03-02 22:19:18.442 2270 WARNING rally_openstack.scenarios.neutron.utils [-] Running this scenario without either the 'network' or 'existing_network' context is deprecated
2020-03-02 22:19:18.677 2311 INFO rally.task.runner [-] Task b95e4f98-6813-4603-b042-78562fc719b2 | ITER: 17 END: OK
2020-03-02 22:19:18.683 2311 INFO rally.task.runner [-] Task b95e4f98-6813-4603-b042-78562fc719b2 | ITER: 35 START
2020-03-02 22:19:18.683 2311 WARNING rally_openstack.scenarios.neutron.utils [-] Running this scenario without either the 'network' or 'existing_network' context is deprecated
2020-03-02 22:19:19.532 2299 INFO rally.task.runner [-] Task b95e4f98-6813-4603-b042-78562fc719b2 | ITER: 13 END: OK
2020-03-02 22:19:19.538 2299 INFO rally.task.runner [-] Task b95e4f98-6813-4603-b042-78562fc719b2 | ITER: 36 START
2020-03-02 22:19:19.538 2299 WARNING rally_openstack.scenarios.neutron.utils [-] Running this scenario without either the 'network' or 'existing_network' context is deprecated
2020-03-02 22:19:20.995 2271 RALLYDEBUG rally_openstack.wrappers.network [-] CIDR generated: 1.1.5.20/30
2020-03-02 22:19:21.152 2304 RALLYDEBUG rally_openstack.wrappers.network [-] CIDR generated: 1.1.5.24/30
2020-03-02 22:19:21.273 2293 RALLYDEBUG rally_openstack.wrappers.network [-] CIDR generated: 1.1.5.28/30
2020-03-02 22:19:21.273 2289 RALLYDEBUG rally_openstack.wrappers.network [-] CIDR generated: 1.1.5.32/30
2020-03-02 22:19:21.318 2296 RALLYDEBUG rally_openstack.wrappers.network [-] CIDR generated: 1.1.5.36/30
2020-03-02 22:19:21.452 2277 INFO rally.task.runner [-] Task b95e4f98-6813-4603-b042-78562fc719b2 | ITER: 6 END: OK
2020-03-02 22:19:21.457 2277 INFO rally.task.runner [-] Task b95e4f98-6813-4603-b042-78562fc719b2 | ITER: 37 START
2020-03-02 22:19:21.458 2277 WARNING rally_openstack.scenarios.neutron.utils [-] Running this scenario without either the 'network' or 'existing_network' context is deprecated
2020-03-02 22:19:21.668 2301 RALLYDEBUG rally_openstack.wrappers.network [-] CIDR generated: 1.1.5.40/30
2020-03-02 22:19:21.788 2269 INFO rally.task.runner [-] Task b95e4f98-6813-4603-b042-78562fc719b2 | ITER: 1 END: OK
2020-03-02 22:19:21.792 2320 INFO rally.task.runner [-] Task b95e4f98-6813-4603-b042-78562fc719b2 | ITER: 20 END: OK
2020-03-02 22:19:21.793 2269 INFO rally.task.runner [-] Task b95e4f98-6813-4603-b042-78562fc719b2 | ITER: 38 START
2020-03-02 22:19:21.794 2286 INFO rally.task.runner [-] Task b95e4f98-6813-4603-b042-78562fc719b2 | ITER: 8 END: OK
2020-03-02 22:19:21.794 2269 WARNING rally_openstack.scenarios.neutron.utils [-] Running this scenario without either the 'network' or 'existing_network' context is deprecated
2020-03-02 22:19:21.797 2320 INFO rally.task.runner [-] Task b95e4f98-6813-4603-b042-78562fc719b2 | ITER: 39 START
2020-03-02 22:19:21.798 2320 WARNING rally_openstack.scenarios.neutron.utils [-] Running this scenario without either the 'network' or 'existing_network' context is deprecated
2020-03-02 22:19:21.799 2286 INFO rally.task.runner [-] Task b95e4f98-6813-4603-b042-78562fc719b2 | ITER: 40 START
2020-03-02 22:19:21.799 2286 WARNING rally_openstack.scenarios.neutron.utils [-] Running this scenario without either the 'network' or 'existing_network' context is deprecated
2020-03-02 22:19:21.849 2317 RALLYDEBUG rally_openstack.wrappers.network [-] CIDR generated: 1.1.5.44/30
2020-03-02 22:19:22.613 2308 RALLYDEBUG rally_openstack.wrappers.network [-] CIDR generated: 1.1.5.48/30
2020-03-02 22:19:23.201 2314 RALLYDEBUG rally_openstack.wrappers.network [-] CIDR generated: 1.1.5.52/30
2020-03-02 22:19:23.318 2311 RALLYDEBUG rally_openstack.wrappers.network [-] CIDR generated: 1.1.5.56/30
2020-03-02 22:19:24.086 2299 RALLYDEBUG rally_openstack.wrappers.network [-] CIDR generated: 1.1.5.60/30
2020-03-02 22:19:24.351 2270 RALLYDEBUG rally_openstack.wrappers.network [-] CIDR generated: 1.1.5.64/30
2020-03-02 22:19:25.175 2277 RALLYDEBUG rally_openstack.wrappers.network [-] CIDR generated: 1.1.5.68/30
2020-03-02 22:19:25.667 2320 RALLYDEBUG rally_openstack.wrappers.network [-] CIDR generated: 1.1.5.72/30
2020-03-02 22:19:25.705 2269 RALLYDEBUG rally_openstack.wrappers.network [-] CIDR generated: 1.1.5.76/30
2020-03-02 22:19:26.261 2286 RALLYDEBUG rally_openstack.wrappers.network [-] CIDR generated: 1.1.5.80/30
2020-03-02 22:19:26.782 2290 RALLYDEBUG rally_openstack.wrappers.network [-] CIDR generated: 1.1.5.84/30
2020-03-02 22:19:26.840 2282 RALLYDEBUG rally_openstack.wrappers.network [-] CIDR generated: 1.1.5.88/30
2020-03-02 22:19:27.006 2273 RALLYDEBUG rally_openstack.wrappers.network [-] CIDR generated: 1.1.5.92/30
2020-03-02 22:19:27.022 2296 RALLYDEBUG rally_openstack.wrappers.network [-] CIDR generated: 1.1.5.96/30
2020-03-02 22:19:27.036 2289 RALLYDEBUG rally_openstack.wrappers.network [-] CIDR generated: 1.1.5.100/30
2020-03-02 22:19:27.096 2271 RALLYDEBUG rally_openstack.wrappers.network [-] CIDR generated: 1.1.5.104/30
2020-03-02 22:19:27.193 2293 RALLYDEBUG rally_openstack.wrappers.network [-] CIDR generated: 1.1.5.108/30
2020-03-02 22:19:27.233 2304 RALLYDEBUG rally_openstack.wrappers.network [-] CIDR generated: 1.1.5.112/30
2020-03-02 22:19:27.357 2317 RALLYDEBUG rally_openstack.wrappers.network [-] CIDR generated: 1.1.5.116/30
2020-03-02 22:19:27.627 2301 RALLYDEBUG rally_openstack.wrappers.network [-] CIDR generated: 1.1.5.120/30
2020-03-02 22:19:28.110 2311 RALLYDEBUG rally_openstack.wrappers.network [-] CIDR generated: 1.1.5.124/30
2020-03-02 22:19:28.302 2314 RALLYDEBUG rally_openstack.wrappers.network [-] CIDR generated: 1.1.5.128/30
2020-03-02 22:19:28.345 2272 INFO rally.task.runner [-] Task b95e4f98-6813-4603-b042-78562fc719b2 | ITER: 21 END: OK
2020-03-02 22:19:28.373 2308 RALLYDEBUG rally_openstack.wrappers.network [-] CIDR generated: 1.1.5.132/30
2020-03-02 22:19:28.498 2270 RALLYDEBUG rally_openstack.wrappers.network [-] CIDR generated: 1.1.5.136/30
2020-03-02 22:19:28.810 2320 RALLYDEBUG rally_openstack.wrappers.network [-] CIDR generated: 1.1.5.140/30
2020-03-02 22:19:28.864 2299 RALLYDEBUG rally_openstack.wrappers.network [-] CIDR generated: 1.1.5.144/30
2020-03-02 22:19:29.100 2286 RALLYDEBUG rally_openstack.wrappers.network [-] CIDR generated: 1.1.5.148/30
2020-03-02 22:19:29.528 2277 RALLYDEBUG rally_openstack.wrappers.network [-] CIDR generated: 1.1.5.152/30
2020-03-02 22:19:29.641 2269 RALLYDEBUG rally_openstack.wrappers.network [-] CIDR generated: 1.1.5.156/30
2020-03-02 22:19:32.528 2290 INFO rally.task.runner [-] Task b95e4f98-6813-4603-b042-78562fc719b2 | ITER: 24 END: OK
2020-03-02 22:19:32.548 2273 INFO rally.task.runner [-] Task b95e4f98-6813-4603-b042-78562fc719b2 | ITER: 23 END: OK
2020-03-02 22:19:32.717 2271 INFO rally.task.runner [-] Task b95e4f98-6813-4603-b042-78562fc719b2 | ITER: 28 END: OK
2020-03-02 22:19:32.877 2304 INFO rally.task.runner [-] Task b95e4f98-6813-4603-b042-78562fc719b2 | ITER: 26 END: OK
2020-03-02 22:19:33.033 2282 INFO rally.task.runner [-] Task b95e4f98-6813-4603-b042-78562fc719b2 | ITER: 22 END: OK
2020-03-02 22:19:33.041 2293 INFO rally.task.runner [-] Task b95e4f98-6813-4603-b042-78562fc719b2 | ITER: 25 END: OK
2020-03-02 22:19:33.139 2296 INFO rally.task.runner [-] Task b95e4f98-6813-4603-b042-78562fc719b2 | ITER: 27 END: OK
2020-03-02 22:19:33.323 2317 INFO rally.task.runner [-] Task b95e4f98-6813-4603-b042-78562fc719b2 | ITER: 31 END: OK
2020-03-02 22:19:33.744 2314 INFO rally.task.runner [-] Task b95e4f98-6813-4603-b042-78562fc719b2 | ITER: 33 END: OK
2020-03-02 22:19:34.183 2277 INFO rally.task.runner [-] Task b95e4f98-6813-4603-b042-78562fc719b2 | ITER: 37 END: OK
2020-03-02 22:19:34.232 2320 INFO rally.task.runner [-] Task b95e4f98-6813-4603-b042-78562fc719b2 | ITER: 39 END: OK
2020-03-02 22:19:34.308 2308 INFO rally.task.runner [-] Task b95e4f98-6813-4603-b042-78562fc719b2 | ITER: 32 END: OK
2020-03-02 22:19:34.517 2301 INFO rally.task.runner [-] Task b95e4f98-6813-4603-b042-78562fc719b2 | ITER: 30 END: OK
2020-03-02 22:19:34.526 2270 INFO rally.task.runner [-] Task b95e4f98-6813-4603-b042-78562fc719b2 | ITER: 34 END: OK
2020-03-02 22:19:35.032 2289 INFO rally.task.runner [-] Task b95e4f98-6813-4603-b042-78562fc719b2 | ITER: 29 END: OK
2020-03-02 22:19:35.101 2286 INFO rally.task.runner [-] Task b95e4f98-6813-4603-b042-78562fc719b2 | ITER: 40 END: OK
2020-03-02 22:19:36.089 2311 INFO rally.task.runner [-] Task b95e4f98-6813-4603-b042-78562fc719b2 | ITER: 35 END: OK
2020-03-02 22:19:36.358 2299 INFO rally.task.runner [-] Task b95e4f98-6813-4603-b042-78562fc719b2 | ITER: 36 END: OK
2020-03-02 22:19:36.531 2269 INFO rally.task.runner [-] Task b95e4f98-6813-4603-b042-78562fc719b2 | ITER: 38 END: OK
2020-03-02 22:19:36.554 15 INFO rally.task.context [-] Task b95e4f98-6813-4603-b042-78562fc719b2 | Context cleanup@openstack cleanup() started
2020-03-02 22:19:36.557 15 RALLYDEBUG rally_openstack.cleanup.manager [-] Cleaning up neutron vip objects
2020-03-02 22:19:36.752 15 RALLYDEBUG rally_openstack.cleanup.manager [-] Cleaning up neutron health_monitor objects
2020-03-02 22:19:36.955 15 RALLYDEBUG rally_openstack.cleanup.manager [-] Cleaning up neutron pool objects
2020-03-02 22:19:37.143 15 RALLYDEBUG rally_openstack.cleanup.manager [-] Cleaning up neutron loadbalancer objects
2020-03-02 22:19:37.514 15 RALLYDEBUG rally_openstack.cleanup.manager [-] Cleaning up neutron floatingip objects
2020-03-02 22:19:37.723 15 RALLYDEBUG rally_openstack.cleanup.manager [-] Cleaning up neutron trunk objects
2020-03-02 22:19:37.903 15 DEBUG neutronclient.v2_0.client [-] Error message: {"message": "The resource could not be found.

\n\n\n", "code": "404 Not Found", "title": "Not Found"} _handle_fault_response /usr/lib/python2.7/site-packages/neutronclient/v2_0/client.py:259
2020-03-02 22:19:37.913 15 RALLYDEBUG rally_openstack.cleanup.manager [-] Cleaning up neutron port objects
2020-03-02 22:19:38.334 15 RALLYDEBUG rally_openstack.cleanup.manager [-] Cleaning up neutron subnet objects
2020-03-02 22:19:38.707 15 RALLYDEBUG rally_openstack.cleanup.manager [-] Cleaning up neutron network objects
2020-03-02 22:19:39.158 15 RALLYDEBUG rally_openstack.cleanup.manager [-] Deleting neutron.network object s_rally_ba561952_ry1zvlXy (019531a5-a95d-4716-9f7f-0917ab1548b1)
2020-03-02 22:19:39.166 15 RALLYDEBUG rally_openstack.cleanup.manager [-] Deleting neutron.network object s_rally_ba561952_cNRs9w0q (09172a29-91e4-492e-aef7-bb679a5545e8)
2020-03-02 22:19:39.172 15 RALLYDEBUG rally_openstack.cleanup.manager [-] Deleting neutron.network object s_rally_ba561952_pcLOPRyO (0cb4427c-e070-471b-8362-64a23027caf0)
2020-03-02 22:19:39.184 15 RALLYDEBUG rally_openstack.cleanup.manager [-] Deleting neutron.network object s_rally_ba561952_Ys0Z6pN0 (0cbaf407-f7e6-45b5-a8ee-e00c85f186b3)
2020-03-02 22:19:39.197 15 RALLYDEBUG rally_openstack.cleanup.manager [-] Deleting neutron.network object s_rally_ba561952_5R50WP1S (12049663-67cf-4a6d-ae32-2f0e4015980b)
2020-03-02 22:19:39.209 15 RALLYDEBUG rally_openstack.cleanup.manager [-] Deleting neutron.network object s_rally_ba561952_m9K8o9wD (1bf07831-86be-4336-91d0-8de68b1e62df)
2020-03-02 22:19:39.212 15 RALLYDEBUG rally_openstack.cleanup.manager [-] Deleting neutron.network object s_rally_ba561952_qe3lMHsr (1e84fe16-30f9-44cb-bcab-65f0d7f9525f)
2020-03-02 22:19:39.223 15 RALLYDEBUG rally_openstack.cleanup.manager [-] Deleting neutron.network object s_rally_ba561952_CL5Z1XE6 (2003fbda-f379-49c5-b79a-ef766f8139bb)
2020-03-02 22:19:39.249 15 RALLYDEBUG rally_openstack.cleanup.manager [-] Deleting neutron.network object s_rally_ba561952_c2vDG33P (2025149c-5a26-4d76-b020-55e43e46133d)
2020-03-02 22:19:39.257 15 RALLYDEBUG rally_openstack.cleanup.manager [-] Deleting neutron.network object s_rally_ba561952_80Ncgf9y (215185e7-3550-4733-a616-83dbf6763707)
2020-03-02 22:19:39.312 15 RALLYDEBUG rally_openstack.cleanup.manager [-] Deleting neutron.network object s_rally_ba561952_7Ey0SpWZ (3bd96ee2-0912-4bf1-aeac-b53ec2478d0c)
2020-03-02 22:19:39.322 15 RALLYDEBUG rally_openstack.cleanup.manager [-] Deleting neutron.network object s_rally_ba561952_AHyv6CmQ (26223f83-890a-4b5c-8193-8714d1f1fc5c)
2020-03-02 22:19:39.331 15 RALLYDEBUG rally_openstack.cleanup.manager [-] Deleting neutron.network object s_rally_ba561952_YMruF2pU (31b66b24-bc65-4dea-9b1d-75cb25bbaec6)
2020-03-02 22:19:39.316 15 RALLYDEBUG rally_openstack.cleanup.manager [-] Deleting neutron.network object s_rally_ba561952_JTBvdulL (34d1bb7f-8956-4289-b52a-42c9e234210b)
2020-03-02 22:19:39.367 15 RALLYDEBUG rally_openstack.cleanup.manager [-] Deleting neutron.network object s_rally_ba561952_0cSZzt6P (6de0bed9-3ec0-4fca-bb54-0497d5203f50)
2020-03-02 22:19:39.379 15 RALLYDEBUG rally_openstack.cleanup.manager [-] Deleting neutron.network object s_rally_ba561952_IkVXWMr8 (545da31c-7ab2-4bb8-b3e5-03a8179f362d)
2020-03-02 22:19:39.388 15 RALLYDEBUG rally_openstack.cleanup.manager [-] Deleting neutron.network object s_rally_ba561952_GfaAeN0T (5a75133d-b3c1-4c01-89c7-04946aa72225)
2020-03-02 22:19:39.404 15 RALLYDEBUG rally_openstack.cleanup.manager [-] Deleting neutron.network object s_rally_ba561952_HQTP2eUW (6baf4b25-b9e8-4b65-9a77-31502949fdc8)
2020-03-02 22:19:39.437 15 RALLYDEBUG rally_openstack.cleanup.manager [-] Deleting neutron.network object s_rally_ba561952_ikxfZe81 (7404fc91-4124-44f8-a640-e8995690992b)
2020-03-02 22:19:39.433 15 RALLYDEBUG rally_openstack.cleanup.manager [-] Deleting neutron.network object s_rally_ba561952_MuMDIyk9 (7565a9e6-c656-4899-b3dd-368a5b34dbf3)
2020-03-02 22:19:41.282 15 RALLYDEBUG rally_openstack.cleanup.manager [-] Deleting neutron.network object s_rally_ba561952_k2Dnn9ZT (80c5bd25-deea-4736-83f0-fd9be499ace5)
2020-03-02 22:19:41.886 15 RALLYDEBUG rally_openstack.cleanup.manager [-] Deleting neutron.network object s_rally_ba561952_Moun9qvI (8cbe30ab-a98a-4ee0-b251-3bf8301d6213)
2020-03-02 22:19:41.947 15 RALLYDEBUG rally_openstack.cleanup.manager [-] Deleting neutron.network object s_rally_ba561952_vzwCpvsW (95194415-85bd-4cf2-907b-96def2f25901)
2020-03-02 22:19:42.207 15 RALLYDEBUG rally_openstack.cleanup.manager [-] Deleting neutron.network object s_rally_ba561952_0syAP6H5 (a43c032b-ea11-4de3-b7a4-2beef64dc719)
2020-03-02 22:19:42.432 15 RALLYDEBUG rally_openstack.cleanup.manager [-] Deleting neutron.network object s_rally_ba561952_uC8AFsIa (aa9b2041-c597-458b-9647-2f71c0580fa9)
2020-03-02 22:19:42.595 15 RALLYDEBUG rally_openstack.cleanup.manager [-] Deleting neutron.network object s_rally_ba561952_h7E5Zp0d (b62ae2f0-dc6a-4a16-8b11-df93ee90dc7a)
2020-03-02 22:19:43.733 15 RALLYDEBUG rally_openstack.cleanup.manager [-] Deleting neutron.network object s_rally_ba561952_u7Z6uO3I (b71b85f2-f272-422c-93c9-39fcfa9fa098)
2020-03-02 22:19:44.002 15 RALLYDEBUG rally_openstack.cleanup.manager [-] Deleting neutron.network object s_rally_ba561952_JjzJgI6P (c4df87ee-fd58-4c07-8440-c5a3457c0f1b)
2020-03-02 22:19:44.238 15 RALLYDEBUG rally_openstack.cleanup.manager [-] Deleting neutron.network object s_rally_ba561952_dKu6AsDy (caa44156-ac97-47ed-8cbc-0365bd75c6af)
2020-03-02 22:19:44.445 15 RALLYDEBUG rally_openstack.cleanup.manager [-] Deleting neutron.network object s_rally_ba561952_OOE0riN2 (ccd0b7cd-8693-4a46-bcd4-53fbec51ef89)
2020-03-02 22:19:44.626 15 RALLYDEBUG rally_openstack.cleanup.manager [-] Deleting neutron.network object s_rally_ba561952_1wZehIpM (cd7011c8-2551-492e-96ec-6396288d2989)
2020-03-02 22:19:44.630 15 RALLYDEBUG rally_openstack.cleanup.manager [-] Deleting neutron.network object s_rally_ba561952_2vzcWgLB (d1c4975e-2816-4323-8c1f-b54b244396bd)
2020-03-02 22:19:44.644 15 RALLYDEBUG rally_openstack.cleanup.manager [-] Deleting neutron.network object s_rally_ba561952_MqOSb9xK (dc260b62-f5a3-4a20-af9b-448f9b063b5c)
2020-03-02 22:19:44.691 15 RALLYDEBUG rally_openstack.cleanup.manager [-] Deleting neutron.network object s_rally_ba561952_JRdfTrRV (de929957-9ba8-41f8-96c9-a76f03ae7183)
2020-03-02 22:19:44.789 15 RALLYDEBUG rally_openstack.cleanup.manager [-] Deleting neutron.network object s_rally_ba561952_ixasWlrW (ed6072ab-2214-48ed-9b01-b8ce53ea5d86)
2020-03-02 22:19:44.870 15 RALLYDEBUG rally_openstack.cleanup.manager [-] Deleting neutron.network object s_rally_ba561952_sTNfa2P0 (ed800cd0-7c64-4391-abb7-ac3e724cfc26)
2020-03-02 22:19:44.886 15 RALLYDEBUG rally_openstack.cleanup.manager [-] Deleting neutron.network object s_rally_ba561952_ckoKR3Tg (f70fefbc-6eda-4554-8659-99c65280fecd)
2020-03-02 22:19:44.878 15 RALLYDEBUG rally_openstack.cleanup.manager [-] Deleting neutron.network object s_rally_ba561952_Lly0IRbG (f4eb92e0-3988-49a7-ac4d-3ee7e22e2680)
2020-03-02 22:19:44.901 15 RALLYDEBUG rally_openstack.cleanup.manager [-] Deleting neutron.network object s_rally_ba561952_RCeVKtS8 (f8356849-5cc8-448c-887f-c561ef54be5d)
2020-03-02 22:19:44.915 15 RALLYDEBUG rally_openstack.cleanup.manager [-] Deleting neutron.network object s_rally_ba561952_s85pmxpx (fc783ab1-f263-41bf-a27a-aef89c3903cc)
2020-03-02 22:19:48.326 15 RALLYDEBUG rally_openstack.cleanup.manager [-] Cleaning up neutron router objects
2020-03-02 22:19:48.716 15 RALLYDEBUG rally_openstack.cleanup.manager [-] Cleaning up neutron security_group objects
2020-03-02 22:19:48.956 15 INFO rally.task.context [-] Task b95e4f98-6813-4603-b042-78562fc719b2 | Context cleanup@openstack cleanup() finished in 12.40 sec
2020-03-02 22:19:48.956 15 INFO rally.task.context [-] Task b95e4f98-6813-4603-b042-78562fc719b2 | Context quotas@openstack cleanup() started
2020-03-02 22:19:49.024 15 INFO rally.task.context [-] Task b95e4f98-6813-4603-b042-78562fc719b2 | Context quotas@openstack cleanup() finished in 67.87 msec
2020-03-02 22:19:49.025 15 INFO rally.task.context [-] Task b95e4f98-6813-4603-b042-78562fc719b2 | Context users@openstack cleanup() started
2020-03-02 22:19:50.403 15 INFO rally.task.context [-] Task b95e4f98-6813-4603-b042-78562fc719b2 | Context users@openstack cleanup() finished in 1.38 sec
2020-03-02 22:19:51.447 15 INFO rally.task.engine [-] Load duration is: 36.314276
2020-03-02 22:19:51.447 15 INFO rally.task.engine [-] Full runner duration is: 36.360003
2020-03-02 22:19:51.447 15 INFO rally.task.engine [-] Full duration is: 51.29677
2020-03-02 22:19:51.533 15 INFO rally.task.engine [-] Running workload: position = 0 config = { "version": 2, "title": "A cropped version of a bigger task.", "description": "Auto-generated task from a single workload (uuid=cfb500bf-69af-4221-83a3-5d5542604370)", "subtasks": [ { "title": "NeutronNetworks.create_and_list_routers", "description": "Create and a given number of routers and list all routers.", "scenario": { "NeutronNetworks.create_and_list_routers": { "network_create_args": null, "subnet_create_args": null, "subnet_cidr_start": "1.1.0.0/30", "subnets_per_network": 2, "router_create_args": null } }, "contexts": { "users": { "tenants": 1, "users_per_tenant": 1 }, "quotas": { "neutron": { "network": -1, "subnet": -1, "router": -1 } } }, "runner": { "constant": { "times": 40, "concurrency": 20 } }, "hooks": [], "sla": { "failure_rate": { "max": 0 } } } ] }
2020-03-02 22:19:51.558 15 RALLYDEBUG rally_openstack.contexts.keystone.users [-] Creating 1 tenants using 20 threads
2020-03-02 22:19:51.976 15 RALLYDEBUG rally_openstack.contexts.keystone.users [-] Creating 1 users using 20 threads
2020-03-02 22:19:52.429 15 INFO rally.task.context [-] Task b95e4f98-6813-4603-b042-78562fc719b2 | Context users@openstack setup() finished in 0.87 sec
2020-03-02 22:19:53.229 15 INFO rally.task.context [-] Task b95e4f98-6813-4603-b042-78562fc719b2 | Context quotas@openstack setup() finished in 0.80 sec
2020-03-02 22:19:53.229 15 INFO rally.task.context [-] Task b95e4f98-6813-4603-b042-78562fc719b2 | Context cleanup@openstack setup() finished in 0.01 msec
2020-03-02 22:19:53.238 15 RALLYDEBUG rally.task.runner [-] Starting the constant runner (task UUID: b95e4f98-6813-4603-b042-78562fc719b2). timeout: 0 concurrency: 20 concurrency_per_worker: 1 times: 40 concurrency_overhead: 0 processes_to_start: 20 max_cpu_used: 88
2020-03-02 22:19:53.251 2671 RALLYDEBUG rally.task.runner [-] Starting a worker. concurrency: 1 args: {"network_create_args": null, "subnet_create_args": null, "subnet_cidr_start": "1.1.0.0/30", "subnets_per_network": 2, "router_create_args": null} times: 40 method_name: run timeout: 0 duration: None cls:
2020-03-02 22:19:53.254 2672 RALLYDEBUG rally.task.runner [-] Starting a worker. concurrency: 1 args: {"network_create_args": null, "subnet_create_args": null, "subnet_cidr_start": "1.1.0.0/30", "subnets_per_network": 2, "router_create_args": null} times: 40 method_name: run timeout: 0 duration: None cls:
2020-03-02 22:19:53.258 2671 INFO rally.task.runner [-] Task b95e4f98-6813-4603-b042-78562fc719b2 | ITER: 1 START
2020-03-02 22:19:53.258 2673 RALLYDEBUG rally.task.runner [-] Starting a worker. concurrency: 1 args: {"network_create_args": null, "subnet_create_args": null, "subnet_cidr_start": "1.1.0.0/30", "subnets_per_network": 2, "router_create_args": null} times: 40 method_name: run timeout: 0 duration: None cls:
2020-03-02 22:19:53.261 2672 INFO rally.task.runner [-] Task b95e4f98-6813-4603-b042-78562fc719b2 | ITER: 2 START
2020-03-02 22:19:53.261 2674 RALLYDEBUG rally.task.runner [-] Starting a worker. concurrency: 1 args: {"network_create_args": null, "subnet_create_args": null, "subnet_cidr_start": "1.1.0.0/30", "subnets_per_network": 2, "router_create_args": null} times: 40 method_name: run timeout: 0 duration: None cls:
2020-03-02 22:19:53.264 2675 RALLYDEBUG rally.task.runner [-] Starting a worker. concurrency: 1 args: {"network_create_args": null, "subnet_create_args": null, "subnet_cidr_start": "1.1.0.0/30", "subnets_per_network": 2, "router_create_args": null} times: 40 method_name: run timeout: 0 duration: None cls:
2020-03-02 22:19:53.267 2674 INFO rally.task.runner [-] Task b95e4f98-6813-4603-b042-78562fc719b2 | ITER: 4 START
2020-03-02 22:19:53.268 2673 INFO rally.task.runner [-] Task b95e4f98-6813-4603-b042-78562fc719b2 | ITER: 3 START
2020-03-02 22:19:53.270 2675 INFO rally.task.runner [-] Task b95e4f98-6813-4603-b042-78562fc719b2 | ITER: 5 START
2020-03-02 22:19:53.270 2680 RALLYDEBUG rally.task.runner [-] Starting a worker. concurrency: 1 args: {"network_create_args": null, "subnet_create_args": null, "subnet_cidr_start": "1.1.0.0/30", "subnets_per_network": 2, "router_create_args": null} times: 40 method_name: run timeout: 0 duration: None cls:
2020-03-02 22:19:53.274 2683 RALLYDEBUG rally.task.runner [-] Starting a worker. concurrency: 1 args: {"network_create_args": null, "subnet_create_args": null, "subnet_cidr_start": "1.1.0.0/30", "subnets_per_network": 2, "router_create_args": null} times: 40 method_name: run timeout: 0 duration: None cls:
2020-03-02 22:19:53.277 2680 INFO rally.task.runner [-] Task b95e4f98-6813-4603-b042-78562fc719b2 | ITER: 6 START
2020-03-02 22:19:53.278 2688 RALLYDEBUG rally.task.runner [-] Starting a worker. concurrency: 1 args: {"network_create_args": null, "subnet_create_args": null, "subnet_cidr_start": "1.1.0.0/30", "subnets_per_network": 2, "router_create_args": null} times: 40 method_name: run timeout: 0 duration: None cls:
2020-03-02 22:19:53.280 2683 INFO rally.task.runner [-] Task b95e4f98-6813-4603-b042-78562fc719b2 | ITER: 7 START
2020-03-02 22:19:53.281 2689 RALLYDEBUG rally.task.runner [-] Starting a worker. concurrency: 1 args: {"network_create_args": null, "subnet_create_args": null, "subnet_cidr_start": "1.1.0.0/30", "subnets_per_network": 2, "router_create_args": null} times: 40 method_name: run timeout: 0 duration: None cls:
2020-03-02 22:19:53.284 2688 INFO rally.task.runner [-] Task b95e4f98-6813-4603-b042-78562fc719b2 | ITER: 8 START
2020-03-02 22:19:53.284 2692 RALLYDEBUG rally.task.runner [-] Starting a worker. concurrency: 1 args: {"network_create_args": null, "subnet_create_args": null, "subnet_cidr_start": "1.1.0.0/30", "subnets_per_network": 2, "router_create_args": null} times: 40 method_name: run timeout: 0 duration: None cls:
2020-03-02 22:19:53.287 2689 INFO rally.task.runner [-] Task b95e4f98-6813-4603-b042-78562fc719b2 | ITER: 9 START
2020-03-02 22:19:53.288 2695 RALLYDEBUG rally.task.runner [-] Starting a worker. concurrency: 1 args: {"network_create_args": null, "subnet_create_args": null, "subnet_cidr_start": "1.1.0.0/30", "subnets_per_network": 2, "router_create_args": null} times: 40 method_name: run timeout: 0 duration: None cls:
2020-03-02 22:19:53.290 2692 INFO rally.task.runner [-] Task b95e4f98-6813-4603-b042-78562fc719b2 | ITER: 10 START
2020-03-02 22:19:53.294 2698 RALLYDEBUG rally.task.runner [-] Starting a worker. concurrency: 1 args: {"network_create_args": null, "subnet_create_args": null, "subnet_cidr_start": "1.1.0.0/30", "subnets_per_network": 2, "router_create_args": null} times: 40 method_name: run timeout: 0 duration: None cls:
2020-03-02 22:19:53.295 2701 RALLYDEBUG rally.task.runner [-] Starting a worker. concurrency: 1 args: {"network_create_args": null, "subnet_create_args": null, "subnet_cidr_start": "1.1.0.0/30", "subnets_per_network": 2, "router_create_args": null} times: 40 method_name: run timeout: 0 duration: None cls:
2020-03-02 22:19:53.297 2695 INFO rally.task.runner [-] Task b95e4f98-6813-4603-b042-78562fc719b2 | ITER: 11 START
2020-03-02 22:19:53.298 2704 RALLYDEBUG rally.task.runner [-] Starting a worker. concurrency: 1 args: {"network_create_args": null, "subnet_create_args": null, "subnet_cidr_start": "1.1.0.0/30", "subnets_per_network": 2, "router_create_args": null} times: 40 method_name: run timeout: 0 duration: None cls:
2020-03-02 22:19:53.301 2698 INFO rally.task.runner [-] Task b95e4f98-6813-4603-b042-78562fc719b2 | ITER: 12 START
2020-03-02 22:19:53.301 2701 INFO rally.task.runner [-] Task b95e4f98-6813-4603-b042-78562fc719b2 | ITER: 13 START
2020-03-02 22:19:53.302 2706 RALLYDEBUG rally.task.runner [-] Starting a worker. concurrency: 1 args: {"network_create_args": null, "subnet_create_args": null, "subnet_cidr_start": "1.1.0.0/30", "subnets_per_network": 2, "router_create_args": null} times: 40 method_name: run timeout: 0 duration: None cls:
2020-03-02 22:19:53.305 2704 INFO rally.task.runner [-] Task b95e4f98-6813-4603-b042-78562fc719b2 | ITER: 14 START
