2020-03-02 22:29:28.852 3490 RALLYDEBUG rally.task.runner [-] Starting a worker. concurrency: 1 args: {"network_create_args": {}, "subnet_create_args": {}, "subnet_cidr_start": "1.1.0.0/30", "subnets_per_network": 2, "router_create_args": {}} times: 40 method_name: run timeout: 0 duration: None cls:
2020-03-02 22:29:28.855 3487 INFO rally.task.runner [-] Task b95e4f98-6813-4603-b042-78562fc719b2 | ITER: 7 START
2020-03-02 22:29:28.855 3493 RALLYDEBUG rally.task.runner [-] Starting a worker. concurrency: 1 args: {"network_create_args": {}, "subnet_create_args": {}, "subnet_cidr_start": "1.1.0.0/30", "subnets_per_network": 2, "router_create_args": {}} times: 40 method_name: run timeout: 0 duration: None cls:
2020-03-02 22:29:28.858 3490 INFO rally.task.runner [-] Task b95e4f98-6813-4603-b042-78562fc719b2 | ITER: 8 START
2020-03-02 22:29:28.858 3496 RALLYDEBUG rally.task.runner [-] Starting a worker. concurrency: 1 args: {"network_create_args": {}, "subnet_create_args": {}, "subnet_cidr_start": "1.1.0.0/30", "subnets_per_network": 2, "router_create_args": {}} times: 40 method_name: run timeout: 0 duration: None cls:
2020-03-02 22:29:28.862 3493 INFO rally.task.runner [-] Task b95e4f98-6813-4603-b042-78562fc719b2 | ITER: 9 START
2020-03-02 22:29:28.864 3496 INFO rally.task.runner [-] Task b95e4f98-6813-4603-b042-78562fc719b2 | ITER: 10 START
2020-03-02 22:29:28.864 3499 RALLYDEBUG rally.task.runner [-] Starting a worker. concurrency: 1 args: {"network_create_args": {}, "subnet_create_args": {}, "subnet_cidr_start": "1.1.0.0/30", "subnets_per_network": 2, "router_create_args": {}} times: 40 method_name: run timeout: 0 duration: None cls:
2020-03-02 22:29:28.865 3502 RALLYDEBUG rally.task.runner [-] Starting a worker. concurrency: 1 args: {"network_create_args": {}, "subnet_create_args": {}, "subnet_cidr_start": "1.1.0.0/30", "subnets_per_network": 2, "router_create_args": {}} times: 40 method_name: run timeout: 0 duration: None cls:
2020-03-02 22:29:28.868 3505 RALLYDEBUG rally.task.runner [-] Starting a worker. concurrency: 1 args: {"network_create_args": {}, "subnet_create_args": {}, "subnet_cidr_start": "1.1.0.0/30", "subnets_per_network": 2, "router_create_args": {}} times: 40 method_name: run timeout: 0 duration: None cls:
2020-03-02 22:29:28.870 3499 INFO rally.task.runner [-] Task b95e4f98-6813-4603-b042-78562fc719b2 | ITER: 11 START
2020-03-02 22:29:28.872 3502 INFO rally.task.runner [-] Task b95e4f98-6813-4603-b042-78562fc719b2 | ITER: 12 START
2020-03-02 22:29:28.872 3508 RALLYDEBUG rally.task.runner [-] Starting a worker. concurrency: 1 args: {"network_create_args": {}, "subnet_create_args": {}, "subnet_cidr_start": "1.1.0.0/30", "subnets_per_network": 2, "router_create_args": {}} times: 40 method_name: run timeout: 0 duration: None cls:
2020-03-02 22:29:28.875 3505 INFO rally.task.runner [-] Task b95e4f98-6813-4603-b042-78562fc719b2 | ITER: 13 START
2020-03-02 22:29:28.875 3509 RALLYDEBUG rally.task.runner [-] Starting a worker. concurrency: 1 args: {"network_create_args": {}, "subnet_create_args": {}, "subnet_cidr_start": "1.1.0.0/30", "subnets_per_network": 2, "router_create_args": {}} times: 40 method_name: run timeout: 0 duration: None cls:
2020-03-02 22:29:28.878 3508 INFO rally.task.runner [-] Task b95e4f98-6813-4603-b042-78562fc719b2 | ITER: 14 START
2020-03-02 22:29:28.878 3514 RALLYDEBUG rally.task.runner [-] Starting a worker. concurrency: 1 args: {"network_create_args": {}, "subnet_create_args": {}, "subnet_cidr_start": "1.1.0.0/30", "subnets_per_network": 2, "router_create_args": {}} times: 40 method_name: run timeout: 0 duration: None cls:
2020-03-02 22:29:28.882 3509 INFO rally.task.runner [-] Task b95e4f98-6813-4603-b042-78562fc719b2 | ITER: 15 START
2020-03-02 22:29:28.882 3517 RALLYDEBUG rally.task.runner [-] Starting a worker. concurrency: 1 args: {"network_create_args": {}, "subnet_create_args": {}, "subnet_cidr_start": "1.1.0.0/30", "subnets_per_network": 2, "router_create_args": {}} times: 40 method_name: run timeout: 0 duration: None cls:
2020-03-02 22:29:28.884 3514 INFO rally.task.runner [-] Task b95e4f98-6813-4603-b042-78562fc719b2 | ITER: 16 START
2020-03-02 22:29:28.885 3520 RALLYDEBUG rally.task.runner [-] Starting a worker. concurrency: 1 args: {"network_create_args": {}, "subnet_create_args": {}, "subnet_cidr_start": "1.1.0.0/30", "subnets_per_network": 2, "router_create_args": {}} times: 40 method_name: run timeout: 0 duration: None cls:
2020-03-02 22:29:28.887 3522 RALLYDEBUG rally.task.runner [-] Starting a worker. concurrency: 1 args: {"network_create_args": {}, "subnet_create_args": {}, "subnet_cidr_start": "1.1.0.0/30", "subnets_per_network": 2, "router_create_args": {}} times: 40 method_name: run timeout: 0 duration: None cls:
2020-03-02 22:29:28.888 3517 INFO rally.task.runner [-] Task b95e4f98-6813-4603-b042-78562fc719b2 | ITER: 17 START
2020-03-02 22:29:28.891 3520 INFO rally.task.runner [-] Task b95e4f98-6813-4603-b042-78562fc719b2 | ITER: 18 START
2020-03-02 22:29:28.891 3526 RALLYDEBUG rally.task.runner [-] Starting a worker. concurrency: 1 args: {"network_create_args": {}, "subnet_create_args": {}, "subnet_cidr_start": "1.1.0.0/30", "subnets_per_network": 2, "router_create_args": {}} times: 40 method_name: run timeout: 0 duration: None cls:
2020-03-02 22:29:28.892 3522 INFO rally.task.runner [-] Task b95e4f98-6813-4603-b042-78562fc719b2 | ITER: 19 START
2020-03-02 22:29:28.896 3526 INFO rally.task.runner [-] Task b95e4f98-6813-4603-b042-78562fc719b2 | ITER: 20 START
2020-03-02 22:29:31.536 3484 RALLYDEBUG rally_openstack.wrappers.network [-] CIDR generated: 1.1.8.32/30
2020-03-02 22:29:31.745 3505 RALLYDEBUG rally_openstack.wrappers.network [-] CIDR generated: 1.1.8.36/30
2020-03-02 22:29:31.974 3493 RALLYDEBUG rally_openstack.wrappers.network [-] CIDR generated: 1.1.8.40/30
2020-03-02 22:29:32.024 3509 RALLYDEBUG rally_openstack.wrappers.network [-] CIDR generated: 1.1.8.44/30
2020-03-02 22:29:32.216 3490 RALLYDEBUG rally_openstack.wrappers.network [-] CIDR generated: 1.1.8.48/30
2020-03-02 22:29:32.285 3508 RALLYDEBUG rally_openstack.wrappers.network [-] CIDR generated: 1.1.8.52/30
2020-03-02 22:29:32.305 3476 RALLYDEBUG rally_openstack.wrappers.network [-] CIDR generated: 1.1.8.56/30
2020-03-02 22:29:32.516 3478 RALLYDEBUG rally_openstack.wrappers.network [-] CIDR generated: 1.1.8.60/30
2020-03-02 22:29:32.694 3477 RALLYDEBUG rally_openstack.wrappers.network [-] CIDR generated: 1.1.8.64/30
2020-03-02 22:29:32.861 3514 RALLYDEBUG rally_openstack.wrappers.network [-] CIDR generated: 1.1.8.68/30
2020-03-02 22:29:32.894 3482 RALLYDEBUG rally_openstack.wrappers.network [-] CIDR generated: 1.1.8.72/30
2020-03-02 22:29:32.947 3517 RALLYDEBUG rally_openstack.wrappers.network [-] CIDR generated: 1.1.8.76/30
2020-03-02 22:29:33.070 3522 RALLYDEBUG rally_openstack.wrappers.network [-] CIDR generated: 1.1.8.80/30
2020-03-02 22:29:33.100 3520 RALLYDEBUG rally_openstack.wrappers.network [-] CIDR generated: 1.1.8.84/30
2020-03-02 22:29:33.137 3496 RALLYDEBUG rally_openstack.wrappers.network [-] CIDR generated: 1.1.8.88/30
2020-03-02 22:29:33.333 3487 RALLYDEBUG rally_openstack.wrappers.network [-] CIDR generated: 1.1.8.92/30
2020-03-02 22:29:33.338 3475 RALLYDEBUG rally_openstack.wrappers.network [-] CIDR generated: 1.1.8.96/30
2020-03-02 22:29:33.439 3526 RALLYDEBUG rally_openstack.wrappers.network [-] CIDR generated: 1.1.8.100/30
2020-03-02 22:29:33.476 3502 RALLYDEBUG rally_openstack.wrappers.network [-] CIDR generated: 1.1.8.104/30
2020-03-02 22:29:33.644 3499 RALLYDEBUG rally_openstack.wrappers.network [-] CIDR generated: 1.1.8.108/30
2020-03-02 22:29:42.291 3493 RALLYDEBUG rally_openstack.wrappers.network [-] CIDR generated: 1.1.8.112/30
2020-03-02 22:29:42.449 3508 RALLYDEBUG rally_openstack.wrappers.network [-] CIDR generated: 1.1.8.116/30
2020-03-02 22:29:42.483 3476 RALLYDEBUG rally_openstack.wrappers.network [-] CIDR generated: 1.1.8.120/30
2020-03-02 22:29:42.560 3514 RALLYDEBUG rally_openstack.wrappers.network [-] CIDR generated: 1.1.8.124/30
2020-03-02 22:29:42.601 3484 RALLYDEBUG rally_openstack.wrappers.network [-] CIDR generated: 1.1.8.128/30
2020-03-02 22:29:42.727 3522 RALLYDEBUG rally_openstack.wrappers.network [-] CIDR generated: 1.1.8.132/30
2020-03-02 22:29:42.743 3505 RALLYDEBUG rally_openstack.wrappers.network [-] CIDR generated: 1.1.8.136/30
2020-03-02 22:29:42.755 3517 RALLYDEBUG rally_openstack.wrappers.network [-] CIDR generated: 1.1.8.140/30
2020-03-02 22:29:42.773 3478 RALLYDEBUG rally_openstack.wrappers.network [-] CIDR generated: 1.1.8.144/30
2020-03-02 22:29:42.852 3509 RALLYDEBUG rally_openstack.wrappers.network [-] CIDR generated: 1.1.8.148/30
2020-03-02 22:29:42.935 3526 RALLYDEBUG rally_openstack.wrappers.network [-] CIDR generated: 1.1.8.152/30
2020-03-02 22:29:42.993 3477 RALLYDEBUG rally_openstack.wrappers.network [-] CIDR generated: 1.1.8.156/30
2020-03-02 22:29:43.025 3487 RALLYDEBUG rally_openstack.wrappers.network [-] CIDR generated: 1.1.8.160/30
2020-03-02 22:29:43.043 3490 RALLYDEBUG rally_openstack.wrappers.network [-] CIDR generated: 1.1.8.164/30
2020-03-02 22:29:43.090 3502 RALLYDEBUG rally_openstack.wrappers.network [-] CIDR generated: 1.1.8.168/30
2020-03-02 22:29:43.263 3482 RALLYDEBUG rally_openstack.wrappers.network [-] CIDR generated: 1.1.8.172/30
2020-03-02 22:29:43.282 3496 RALLYDEBUG rally_openstack.wrappers.network [-] CIDR generated: 1.1.8.176/30
2020-03-02 22:29:43.357 3520 RALLYDEBUG rally_openstack.wrappers.network [-] CIDR generated: 1.1.8.180/30
2020-03-02 22:29:43.436 3475 RALLYDEBUG rally_openstack.wrappers.network [-] CIDR generated: 1.1.8.184/30
2020-03-02 22:29:43.557 3499 RALLYDEBUG rally_openstack.wrappers.network [-] CIDR generated: 1.1.8.188/30
2020-03-02 22:30:42.333 3475 INFO rally.task.runner [-] Task b95e4f98-6813-4603-b042-78562fc719b2 | ITER: 1 END: OK
2020-03-02 22:30:42.341 3475 INFO rally.task.runner [-] Task b95e4f98-6813-4603-b042-78562fc719b2 | ITER: 21 START
2020-03-02 22:30:43.785 3475 RALLYDEBUG rally_openstack.wrappers.network [-] CIDR generated: 1.1.8.192/30
2020-03-02 22:30:43.872 3526 INFO rally.task.runner [-] Task b95e4f98-6813-4603-b042-78562fc719b2 | ITER: 20 END: OK
2020-03-02 22:30:43.879 3526 INFO rally.task.runner [-] Task b95e4f98-6813-4603-b042-78562fc719b2 | ITER: 22 START
2020-03-02 22:30:44.314 3476 INFO rally.task.runner [-] Task b95e4f98-6813-4603-b042-78562fc719b2 | ITER: 2 END: OK
2020-03-02 22:30:44.321 3476 INFO rally.task.runner [-] Task b95e4f98-6813-4603-b042-78562fc719b2 | ITER: 23 START
2020-03-02 22:30:45.358 3526 RALLYDEBUG rally_openstack.wrappers.network [-] CIDR generated: 1.1.8.196/30
2020-03-02 22:30:45.440 3475 RALLYDEBUG rally_openstack.wrappers.network [-] CIDR generated: 1.1.8.200/30
2020-03-02 22:30:45.549 3476 RALLYDEBUG rally_openstack.wrappers.network [-] CIDR generated: 1.1.8.204/30
2020-03-02 22:30:46.317 3520 INFO rally.task.runner [-] Task b95e4f98-6813-4603-b042-78562fc719b2 | ITER: 18 END: OK
2020-03-02 22:30:46.324 3520 INFO rally.task.runner [-] Task b95e4f98-6813-4603-b042-78562fc719b2 | ITER: 24 START
2020-03-02 22:30:47.042 3509 INFO rally.task.runner [-] Task b95e4f98-6813-4603-b042-78562fc719b2 | ITER: 15 END: OK
2020-03-02 22:30:47.048 3509 INFO rally.task.runner [-] Task b95e4f98-6813-4603-b042-78562fc719b2 | ITER: 25 START
2020-03-02 22:30:47.072 3520 RALLYDEBUG rally_openstack.wrappers.network [-] CIDR generated: 1.1.8.208/30
2020-03-02 22:30:47.565 3509 RALLYDEBUG rally_openstack.wrappers.network [-] CIDR generated: 1.1.8.212/30
2020-03-02 22:30:51.150 3493 INFO rally.task.runner [-] Task b95e4f98-6813-4603-b042-78562fc719b2 | ITER: 9 END: OK
2020-03-02 22:30:51.158 3493 INFO rally.task.runner [-] Task b95e4f98-6813-4603-b042-78562fc719b2 | ITER: 26 START
2020-03-02 22:30:51.162 3526 RALLYDEBUG rally_openstack.wrappers.network [-] CIDR generated: 1.1.8.216/30
2020-03-02 22:30:51.218 3520 RALLYDEBUG rally_openstack.wrappers.network [-] CIDR generated: 1.1.8.220/30
2020-03-02 22:30:51.283 3476 RALLYDEBUG rally_openstack.wrappers.network [-] CIDR generated: 1.1.8.224/30
2020-03-02 22:30:51.348 3522 INFO rally.task.runner [-] Task b95e4f98-6813-4603-b042-78562fc719b2 | ITER: 19 END: OK
2020-03-02 22:30:51.356 3522 INFO rally.task.runner [-] Task b95e4f98-6813-4603-b042-78562fc719b2 | ITER: 27 START
2020-03-02 22:30:52.011 3509 RALLYDEBUG rally_openstack.wrappers.network [-] CIDR generated: 1.1.8.228/30
2020-03-02 22:30:52.105 3493 RALLYDEBUG rally_openstack.wrappers.network [-] CIDR generated: 1.1.8.232/30
2020-03-02 22:30:53.083 3522 RALLYDEBUG rally_openstack.wrappers.network [-] CIDR generated: 1.1.8.236/30
2020-03-02 22:30:53.267 3508 INFO rally.task.runner [-] Task b95e4f98-6813-4603-b042-78562fc719b2 | ITER: 14 END: OK
2020-03-02 22:30:53.274 3508 INFO rally.task.runner [-] Task b95e4f98-6813-4603-b042-78562fc719b2 | ITER: 28 START
2020-03-02 22:30:53.809 3478 INFO rally.task.runner [-] Task b95e4f98-6813-4603-b042-78562fc719b2 | ITER: 4 END: OK
2020-03-02 22:30:53.816 3478 INFO rally.task.runner [-] Task b95e4f98-6813-4603-b042-78562fc719b2 | ITER: 29 START
2020-03-02 22:30:54.224 3502 INFO rally.task.runner [-] Task b95e4f98-6813-4603-b042-78562fc719b2 | ITER: 12 END: OK
2020-03-02 22:30:54.231 3502 INFO rally.task.runner [-] Task b95e4f98-6813-4603-b042-78562fc719b2 | ITER: 30 START
2020-03-02 22:30:55.643 3493 RALLYDEBUG rally_openstack.wrappers.network [-] CIDR generated: 1.1.8.240/30
2020-03-02 22:30:56.011 3487 INFO rally.task.runner [-] Task b95e4f98-6813-4603-b042-78562fc719b2 | ITER: 7 END: OK
2020-03-02 22:30:56.019 3487 INFO rally.task.runner [-] Task b95e4f98-6813-4603-b042-78562fc719b2 | ITER: 31 START
2020-03-02 22:30:56.453 3508 RALLYDEBUG rally_openstack.wrappers.network [-] CIDR generated: 1.1.8.244/30
2020-03-02 22:30:56.510 3517 INFO rally.task.runner [-] Task b95e4f98-6813-4603-b042-78562fc719b2 | ITER: 17 END: OK
2020-03-02 22:30:56.517 3517 INFO rally.task.runner [-] Task b95e4f98-6813-4603-b042-78562fc719b2 | ITER: 32 START
2020-03-02 22:30:56.520 3505 INFO rally.task.runner [-] Task b95e4f98-6813-4603-b042-78562fc719b2 | ITER: 13 END: OK
2020-03-02 22:30:56.528 3505 INFO rally.task.runner [-] Task b95e4f98-6813-4603-b042-78562fc719b2 | ITER: 33 START
2020-03-02 22:30:56.726 3478 RALLYDEBUG rally_openstack.wrappers.network [-] CIDR generated: 1.1.8.248/30
2020-03-02 22:30:57.006 3502 RALLYDEBUG rally_openstack.wrappers.network [-] CIDR generated: 1.1.8.252/30
2020-03-02 22:30:58.948 3487 RALLYDEBUG rally_openstack.wrappers.network [-] CIDR generated: 1.1.9.0/30
2020-03-02 22:30:59.402 3517 RALLYDEBUG rally_openstack.wrappers.network [-] CIDR generated: 1.1.9.4/30
2020-03-02 22:31:00.047 3505 RALLYDEBUG rally_openstack.wrappers.network [-] CIDR generated: 1.1.9.8/30
2020-03-02 22:31:01.587 3522 RALLYDEBUG rally_openstack.wrappers.network [-] CIDR generated: 1.1.9.12/30
2020-03-02 22:31:05.181 3499 INFO rally.task.runner [-] Task b95e4f98-6813-4603-b042-78562fc719b2 | ITER: 11 END: OK
2020-03-02 22:31:05.184 3514 INFO rally.task.runner [-] Task b95e4f98-6813-4603-b042-78562fc719b2 | ITER: 16 END: OK
2020-03-02 22:31:05.188 3499 INFO rally.task.runner [-] Task b95e4f98-6813-4603-b042-78562fc719b2 | ITER: 34 START
2020-03-02 22:31:05.190 3514 INFO rally.task.runner [-] Task b95e4f98-6813-4603-b042-78562fc719b2 | ITER: 35 START
2020-03-02 22:31:05.513 3490 INFO rally.task.runner [-] Task b95e4f98-6813-4603-b042-78562fc719b2 | ITER: 8 END: OK
2020-03-02 22:31:05.519 3490 INFO rally.task.runner [-] Task b95e4f98-6813-4603-b042-78562fc719b2 | ITER: 36 START
2020-03-02 22:31:08.759 3508 RALLYDEBUG rally_openstack.wrappers.network [-] CIDR generated: 1.1.9.16/30
2020-03-02 22:31:08.822 3502 RALLYDEBUG rally_openstack.wrappers.network [-] CIDR generated: 1.1.9.20/30
2020-03-02 22:31:09.445 3499 RALLYDEBUG rally_openstack.wrappers.network [-] CIDR generated: 1.1.9.24/30
2020-03-02 22:31:09.460 3490 RALLYDEBUG rally_openstack.wrappers.network [-] CIDR generated: 1.1.9.28/30
2020-03-02 22:31:09.501 3478 RALLYDEBUG rally_openstack.wrappers.network [-] CIDR generated: 1.1.9.32/30
2020-03-02 22:31:09.560 3517 RALLYDEBUG rally_openstack.wrappers.network [-] CIDR generated: 1.1.9.36/30
2020-03-02 22:31:09.578 3487 RALLYDEBUG rally_openstack.wrappers.network [-] CIDR generated: 1.1.9.40/30
2020-03-02 22:31:09.638 3514 RALLYDEBUG rally_openstack.wrappers.network [-] CIDR generated: 1.1.9.44/30
2020-03-02 22:31:09.790 3505 RALLYDEBUG rally_openstack.wrappers.network [-] CIDR generated: 1.1.9.48/30
2020-03-02 22:31:11.653 3484 INFO rally.task.runner [-] Task b95e4f98-6813-4603-b042-78562fc719b2 | ITER: 6 END: OK
2020-03-02 22:31:11.661 3484 INFO rally.task.runner [-] Task b95e4f98-6813-4603-b042-78562fc719b2 | ITER: 37 START
2020-03-02 22:31:15.884 3484 RALLYDEBUG rally_openstack.wrappers.network [-] CIDR generated: 1.1.9.52/30
2020-03-02 22:31:16.299 3514 RALLYDEBUG rally_openstack.wrappers.network [-] CIDR generated: 1.1.9.56/30
2020-03-02 22:31:16.336 3490 RALLYDEBUG rally_openstack.wrappers.network [-] CIDR generated: 1.1.9.60/30
2020-03-02 22:31:16.669 3499 RALLYDEBUG rally_openstack.wrappers.network [-] CIDR generated: 1.1.9.64/30
2020-03-02 22:31:19.164 3477 INFO rally.task.runner [-] Task b95e4f98-6813-4603-b042-78562fc719b2 | ITER: 3 END: OK
2020-03-02 22:31:19.171 3477 INFO rally.task.runner [-] Task b95e4f98-6813-4603-b042-78562fc719b2 | ITER: 38 START
2020-03-02 22:31:19.654 3496 INFO rally.task.runner [-] Task b95e4f98-6813-4603-b042-78562fc719b2 | ITER: 10 END: OK
2020-03-02 22:31:19.663 3496 INFO rally.task.runner [-] Task b95e4f98-6813-4603-b042-78562fc719b2 | ITER: 39 START
2020-03-02 22:31:20.193 3482 INFO rally.task.runner [-] Task b95e4f98-6813-4603-b042-78562fc719b2 | ITER: 5 END: OK
2020-03-02 22:31:20.199 3482 INFO rally.task.runner [-] Task b95e4f98-6813-4603-b042-78562fc719b2 | ITER: 40 START
2020-03-02 22:31:20.550 3484 RALLYDEBUG rally_openstack.wrappers.network [-] CIDR generated: 1.1.9.68/30
2020-03-02 22:31:22.257 3477 RALLYDEBUG rally_openstack.wrappers.network [-] CIDR generated: 1.1.9.72/30
2020-03-02 22:31:22.455 3496 RALLYDEBUG rally_openstack.wrappers.network [-] CIDR generated: 1.1.9.76/30
2020-03-02 22:31:23.404 3482 RALLYDEBUG rally_openstack.wrappers.network [-] CIDR generated: 1.1.9.80/30
2020-03-02 22:31:29.344 3477 RALLYDEBUG rally_openstack.wrappers.network [-] CIDR generated: 1.1.9.84/30
2020-03-02 22:31:30.028 3496 RALLYDEBUG rally_openstack.wrappers.network [-] CIDR generated: 1.1.9.88/30
2020-03-02 22:31:30.107 3482 RALLYDEBUG rally_openstack.wrappers.network [-] CIDR generated: 1.1.9.92/30
2020-03-02 22:31:50.205 3475 INFO rally.task.runner [-] Task b95e4f98-6813-4603-b042-78562fc719b2 | ITER: 21 END: OK
2020-03-02 22:32:03.387 3520 INFO rally.task.runner [-] Task b95e4f98-6813-4603-b042-78562fc719b2 | ITER: 24 END: OK
2020-03-02 22:32:05.610 3509 INFO rally.task.runner [-] Task b95e4f98-6813-4603-b042-78562fc719b2 | ITER: 25 END: OK
2020-03-02 22:32:08.407 3476 INFO rally.task.runner [-] Task b95e4f98-6813-4603-b042-78562fc719b2 | ITER: 23 END: OK
2020-03-02 22:32:08.752 3526 INFO rally.task.runner [-] Task b95e4f98-6813-4603-b042-78562fc719b2 | ITER: 22 END: OK
2020-03-02 22:32:10.228 3517 INFO rally.task.runner [-] Task b95e4f98-6813-4603-b042-78562fc719b2 | ITER: 32 END: OK
2020-03-02 22:32:11.103 3493 INFO rally.task.runner [-] Task b95e4f98-6813-4603-b042-78562fc719b2 | ITER: 26 END: OK
2020-03-02 22:32:11.331 3522 INFO rally.task.runner [-] Task b95e4f98-6813-4603-b042-78562fc719b2 | ITER: 27 END: OK
2020-03-02 22:32:13.044 3514 INFO rally.task.runner [-] Task b95e4f98-6813-4603-b042-78562fc719b2 | ITER: 35 END: OK
2020-03-02 22:32:17.163 3496 INFO rally.task.runner [-] Task b95e4f98-6813-4603-b042-78562fc719b2 | ITER: 39 END: OK
2020-03-02 22:32:18.807 3508 INFO rally.task.runner [-] Task b95e4f98-6813-4603-b042-78562fc719b2 | ITER: 28 END: OK
2020-03-02 22:32:21.973 3499 INFO rally.task.runner [-] Task b95e4f98-6813-4603-b042-78562fc719b2 | ITER: 34 END: OK
2020-03-02 22:32:23.740 3487 INFO rally.task.runner [-] Task b95e4f98-6813-4603-b042-78562fc719b2 | ITER: 31 END: OK
2020-03-02 22:32:24.179 3505 INFO rally.task.runner [-] Task b95e4f98-6813-4603-b042-78562fc719b2 | ITER: 33 END: OK
2020-03-02 22:32:26.566 3502 INFO rally.task.runner [-] Task b95e4f98-6813-4603-b042-78562fc719b2 | ITER: 30 END: OK
2020-03-02 22:32:26.945 3478 INFO rally.task.runner [-] Task b95e4f98-6813-4603-b042-78562fc719b2 | ITER: 29 END: OK
2020-03-02 22:32:27.781 3490 INFO rally.task.runner [-] Task b95e4f98-6813-4603-b042-78562fc719b2 | ITER: 36 END: OK
2020-03-02 22:32:34.426 3477 INFO rally.task.runner [-] Task b95e4f98-6813-4603-b042-78562fc719b2 | ITER: 38 END: OK
2020-03-02 22:32:36.380 3482 INFO rally.task.runner [-] Task b95e4f98-6813-4603-b042-78562fc719b2 | ITER: 40 END: OK
2020-03-02 22:32:36.382 3484 INFO rally.task.runner [-] Task b95e4f98-6813-4603-b042-78562fc719b2 | ITER: 37 END: OK
2020-03-02 22:32:36.405 15 INFO rally.task.context [-] Task b95e4f98-6813-4603-b042-78562fc719b2 | Context cleanup@openstack cleanup() started
2020-03-02 22:32:36.411 15 RALLYDEBUG rally_openstack.cleanup.manager [-] Cleaning up neutron vip objects
2020-03-02 22:32:36.604 15 RALLYDEBUG rally_openstack.cleanup.manager [-] Cleaning up neutron health_monitor objects
2020-03-02 22:32:36.772 15 RALLYDEBUG rally_openstack.cleanup.manager [-] Cleaning up neutron pool objects
2020-03-02 22:32:36.933 15 RALLYDEBUG rally_openstack.cleanup.manager [-] Cleaning up neutron loadbalancer objects
2020-03-02 22:32:37.094 15 RALLYDEBUG rally_openstack.cleanup.manager [-] Cleaning up neutron floatingip objects
2020-03-02 22:32:37.274 15 RALLYDEBUG rally_openstack.cleanup.manager [-] Cleaning up neutron trunk objects
2020-03-02 22:32:37.428 15 DEBUG neutronclient.v2_0.client [-] Error message: {"message": "The resource could not be found.

\n\n\n", "code": "404 Not Found", "title": "Not Found"} _handle_fault_response /usr/lib/python2.7/site-packages/neutronclient/v2_0/client.py:259
2020-03-02 22:32:37.438 15 RALLYDEBUG rally_openstack.cleanup.manager [-] Cleaning up neutron port objects
2020-03-02 22:32:37.918 15 RALLYDEBUG rally_openstack.cleanup.manager [-] Cleaning up neutron subnet objects
2020-03-02 22:32:38.419 15 RALLYDEBUG rally_openstack.cleanup.manager [-] Deleting neutron.subnet object s_rally_adcfb5b4_sneKLAdS (01433f04-c162-459c-b5ac-2f1e4fcd6f6f)
2020-03-02 22:32:38.423 15 RALLYDEBUG rally_openstack.cleanup.manager [-] Deleting neutron.subnet object s_rally_adcfb5b4_dlCL4CUS (04ac7702-0eee-48c1-8950-7fcbd08df4d9)
2020-03-02 22:32:38.437 15 RALLYDEBUG rally_openstack.cleanup.manager [-] Deleting neutron.subnet object s_rally_adcfb5b4_8YizN3Du (0620feaf-bcf3-4484-b926-ade7da419746)
2020-03-02 22:32:38.447 15 RALLYDEBUG rally_openstack.cleanup.manager [-] Deleting neutron.subnet object s_rally_adcfb5b4_DUTiwmVL (09b4bc6c-c68a-4e46-a6b6-8942df3520e1)
2020-03-02 22:32:38.454 15 RALLYDEBUG rally_openstack.cleanup.manager [-] Deleting neutron.subnet object s_rally_adcfb5b4_mDnv80KP (0fda8b07-be90-4d43-9f33-b9b8ba19cd25)
2020-03-02 22:32:38.469 15 RALLYDEBUG rally_openstack.cleanup.manager [-] Deleting neutron.subnet object s_rally_adcfb5b4_wcgCr9MJ (15f1f329-f111-4ebe-a43a-30373170cf21)
2020-03-02 22:32:38.500 15 RALLYDEBUG rally_openstack.cleanup.manager [-] Deleting neutron.subnet object s_rally_adcfb5b4_FpPAuSN3 (2c7ffb67-6aba-413a-9135-8047113eedb4)
2020-03-02 22:32:38.500 15 RALLYDEBUG rally_openstack.cleanup.manager [-] Deleting neutron.subnet object s_rally_adcfb5b4_b9OTR63S (257d580c-a9a6-43b9-abf7-a8c8ac17f1ba)
2020-03-02 22:32:38.541 15 RALLYDEBUG rally_openstack.cleanup.manager [-] Deleting neutron.subnet object s_rally_adcfb5b4_Jt8gIfcr (2f4731d3-990b-4f65-9ea9-6974e837c03b)
2020-03-02 22:32:38.552 15 RALLYDEBUG rally_openstack.cleanup.manager [-] Deleting neutron.subnet object s_rally_adcfb5b4_JB32jAr2 (47922f6f-6eea-4211-8667-17ce87e18fab)
2020-03-02 22:32:38.551 15 RALLYDEBUG rally_openstack.cleanup.manager [-] Deleting neutron.subnet object s_rally_adcfb5b4_d7G7OtrC (3ccaf920-ec2e-4c9d-801c-33b37d7876f6)
2020-03-02 22:32:38.566 15 RALLYDEBUG rally_openstack.cleanup.manager [-] Deleting neutron.subnet object s_rally_adcfb5b4_tl8waQEN (3e87b161-ae93-425b-9887-3bda8a09f8c2)
2020-03-02 22:32:38.582 15 RALLYDEBUG rally_openstack.cleanup.manager [-] Deleting neutron.subnet object s_rally_adcfb5b4_WyoyBNa7 (4cd4acd6-249b-4a6f-b091-367b725e2b9f)
2020-03-02 22:32:38.601 15 RALLYDEBUG rally_openstack.cleanup.manager [-] Deleting neutron.subnet object s_rally_adcfb5b4_B6twi2mz (4df5b493-f8c7-48c8-8f6f-225cb469989e)
2020-03-02 22:32:38.613 15 RALLYDEBUG rally_openstack.cleanup.manager [-] Deleting neutron.subnet object s_rally_adcfb5b4_4PWpFGa1 (4c8183ac-34d6-4e03-8732-019d8e94c588)
2020-03-02 22:32:38.614 15 RALLYDEBUG rally_openstack.cleanup.manager [-] Deleting neutron.subnet object s_rally_adcfb5b4_FIGVoCar (5f160e37-815a-4c01-95d5-22a67569ae7c)
2020-03-02 22:32:38.651 15 RALLYDEBUG rally_openstack.cleanup.manager [-] Deleting neutron.subnet object s_rally_adcfb5b4_JYRvmVIq (586a99e4-25f2-4607-818a-1e3f881f6106)
2020-03-02 22:32:38.678 15 RALLYDEBUG rally_openstack.cleanup.manager [-] Deleting neutron.subnet object s_rally_adcfb5b4_lVmEdBuR (3c08e90b-7a93-4ad0-adae-8cc21ec27684)
2020-03-02 22:32:38.696 15 RALLYDEBUG rally_openstack.cleanup.manager [-] Deleting neutron.subnet object s_rally_adcfb5b4_Y9dbK7B5 (5fe641d6-e49f-4621-b76c-e86387fd2011)
2020-03-02 22:32:38.701 15 RALLYDEBUG rally_openstack.cleanup.manager [-] Deleting neutron.subnet object s_rally_adcfb5b4_1yocFw0f (61a3ea40-c70c-4e66-8f89-6d75c841d1c4)
2020-03-02 22:32:40.066 15 DEBUG neutronclient.v2_0.client [-] Error message: {"NeutronError": {"message": "Request Failed: internal server error while processing your request.", "type": "HTTPInternalServerError", "detail": ""}} _handle_fault_response /usr/lib/python2.7/site-packages/neutronclient/v2_0/client.py:259
2020-03-02 22:32:40.910 15 RALLYDEBUG rally_openstack.cleanup.manager [-] Deleting neutron.subnet object s_rally_adcfb5b4_3G9EK7Lx (61ba1708-a334-483f-95cf-157818819688)
2020-03-02 22:32:41.335 15 RALLYDEBUG rally_openstack.cleanup.manager [-] Deleting neutron.subnet object s_rally_adcfb5b4_xcci4wab (6326e1c2-fa4a-47ab-a190-e28fc55d18ad)
2020-03-02 22:32:41.732 15 RALLYDEBUG rally_openstack.cleanup.manager [-] Deleting neutron.subnet object s_rally_adcfb5b4_UbzuU4c9 (64267d81-ca13-4e1d-b69e-9e4990e9e037)
2020-03-02 22:32:42.237 15 RALLYDEBUG rally_openstack.cleanup.manager [-] Deleting neutron.subnet object s_rally_adcfb5b4_sGrYfAvd (651839d4-c005-4874-bc34-ea841032d22d)
2020-03-02 22:32:42.617 15 RALLYDEBUG rally_openstack.cleanup.manager [-] Deleting neutron.subnet object s_rally_adcfb5b4_B8eEmT9C (65c89889-0501-4a00-a216-9478482f8ddd)
2020-03-02 22:32:42.661 15 RALLYDEBUG rally_openstack.cleanup.manager [-] Deleting neutron.subnet object s_rally_adcfb5b4_hE6FAmZJ (662d3f21-695c-4e28-b4ba-32654c12941d)
2020-03-02 22:32:42.741 15 RALLYDEBUG rally_openstack.cleanup.manager [-] Deleting neutron.subnet object s_rally_adcfb5b4_gEmLnPIo (66e8bc1b-6986-4266-9fb6-1ae5fbab92bf)
2020-03-02 22:32:43.016 15 RALLYDEBUG rally_openstack.cleanup.manager [-] Deleting neutron.subnet object s_rally_adcfb5b4_kBEMWjn8 (68868025-5164-443b-bb81-8f11dcd811fc)
2020-03-02 22:32:43.162 15 RALLYDEBUG rally_openstack.cleanup.manager [-] Deleting neutron.subnet object s_rally_adcfb5b4_7t0QuhkG (68a5c239-e4c6-404f-9d13-62d5a7f001c2)
2020-03-02 22:32:43.217 15 RALLYDEBUG rally_openstack.cleanup.manager [-] Deleting neutron.subnet object s_rally_adcfb5b4_tC7TCtYn (6a561047-b000-4697-bd18-94e6c6a694b3)
2020-03-02 22:32:44.033 15 RALLYDEBUG rally_openstack.cleanup.manager [-] Deleting neutron.subnet object s_rally_adcfb5b4_qRpQrr9d (6ab1431d-242c-4662-b9ca-8b36b1ae0ede)
2020-03-02 22:32:44.176 15 RALLYDEBUG rally_openstack.cleanup.manager [-] Deleting neutron.subnet object s_rally_adcfb5b4_20E8RLxl (6af4082f-7ccd-4281-ac9d-a704e6a73e54)
2020-03-02 22:32:44.190 15 RALLYDEBUG rally_openstack.cleanup.manager [-] Deleting neutron.subnet object s_rally_adcfb5b4_KAbxs1oB (6c9f7c6d-608c-4f48-8c8c-911862aca507)
2020-03-02 22:32:44.201 15 RALLYDEBUG rally_openstack.cleanup.manager [-] Deleting neutron.subnet object s_rally_adcfb5b4_lfRSSd2V (6cd32a9d-c59c-407e-8616-8bb5ed07693a)
2020-03-02 22:32:44.895 15 RALLYDEBUG rally_openstack.cleanup.manager [-] Deleting neutron.subnet object s_rally_adcfb5b4_d7S3J1OC (6f135b72-b1dc-44ed-bcc0-591aa0f9685b)
2020-03-02 22:32:46.359 15 RALLYDEBUG rally_openstack.cleanup.manager [-] Deleting neutron.subnet object s_rally_adcfb5b4_obdGrXO5 (715c5db3-58a8-43da-bfc7-b513620e187d)
2020-03-02 22:32:46.372 15 RALLYDEBUG rally_openstack.cleanup.manager [-] Deleting neutron.subnet object s_rally_adcfb5b4_GltncUo8 (723ac9f9-2cbb-43da-8bd3-2c328c31f74f)
2020-03-02 22:32:46.400 15 RALLYDEBUG rally_openstack.cleanup.manager [-] Deleting neutron.subnet object s_rally_adcfb5b4_zKyHU6Da (75e16d9c-27a6-49f1-af9e-65409b77a016)
2020-03-02 22:32:46.778 15 RALLYDEBUG rally_openstack.cleanup.manager [-] Deleting neutron.subnet object s_rally_adcfb5b4_EKiG5xsJ (79d93e2f-31f6-42c3-8b23-c96fd542eaae)
2020-03-02 22:32:46.801 15 RALLYDEBUG rally_openstack.cleanup.manager [-] Deleting neutron.subnet object s_rally_adcfb5b4_p2hMxe5n (7c17affa-24ba-4cf2-8938-d1a87d5d35a0)
2020-03-02 22:32:46.947 15 RALLYDEBUG rally_openstack.cleanup.manager [-] Deleting neutron.subnet object s_rally_adcfb5b4_f9wSq0yT (81d58ec7-e23d-4c3b-8554-b6c1dfbbc7fd)
2020-03-02 22:32:47.100 15 RALLYDEBUG rally_openstack.cleanup.manager [-] Deleting neutron.subnet object s_rally_adcfb5b4_o4mX8dFG (82a493bf-6017-4801-9247-dfc2426bc862)
2020-03-02 22:32:47.170 15 RALLYDEBUG rally_openstack.cleanup.manager [-] Deleting neutron.subnet object s_rally_adcfb5b4_GGbFJQKd (82be66db-efb6-4100-af25-8dbba3609100)
2020-03-02 22:32:47.383 15 RALLYDEBUG rally_openstack.cleanup.manager [-] Deleting neutron.subnet object s_rally_adcfb5b4_0E8vO26l (887f2b6c-1955-4b79-a4e0-7156050255b6)
2020-03-02 22:32:47.411 15 RALLYDEBUG rally_openstack.cleanup.manager [-] Deleting neutron.subnet object s_rally_adcfb5b4_iFQOm1H1 (8b79a828-fcb2-4aca-881f-2216c8eeb7fc)
2020-03-02 22:32:47.457 15 RALLYDEBUG rally_openstack.cleanup.manager [-] Deleting neutron.subnet object s_rally_adcfb5b4_HXYGQaZK (8dfa3519-9d07-42b0-b58c-883e1ddd0758)
2020-03-02 22:32:47.905 15 RALLYDEBUG rally_openstack.cleanup.manager [-] Deleting neutron.subnet object s_rally_adcfb5b4_FJNK6Xog (8f625f91-73b5-4dfd-b285-781a47145737)
2020-03-02 22:32:47.910 15 RALLYDEBUG rally_openstack.cleanup.manager [-] Deleting neutron.subnet object s_rally_adcfb5b4_h0y3VXBF (8feb2f10-6685-433c-9ac8-148c93988c12)
2020-03-02 22:32:48.322 15 RALLYDEBUG rally_openstack.cleanup.manager [-] Deleting neutron.subnet object s_rally_adcfb5b4_sSvJsM7k (9110c84e-5a72-46a9-b0c4-a5724a90a84a)
2020-03-02 22:32:48.367 15 RALLYDEBUG rally_openstack.cleanup.manager [-] Deleting neutron.subnet object s_rally_adcfb5b4_k2oYxRxl (973491d2-8c1a-4895-aba7-a9f8d724706e)
2020-03-02 22:32:48.410 15 RALLYDEBUG rally_openstack.cleanup.manager [-] Deleting neutron.subnet object s_rally_adcfb5b4_OnkYwDtb (9933803b-54a8-4baa-9a8d-14e124c552e4)
2020-03-02 22:32:48.469 15 RALLYDEBUG rally_openstack.cleanup.manager [-] Deleting neutron.subnet object s_rally_adcfb5b4_Hq8XVIzN (9981c129-99ca-4deb-bdd5-f38a313ade25)
2020-03-02 22:32:48.614 15 RALLYDEBUG rally_openstack.cleanup.manager [-] Deleting neutron.subnet object s_rally_adcfb5b4_ufxdqwTN (9a6ea7b4-3522-4bc3-b023-a6f5900131d7)
2020-03-02 22:32:48.626 15 RALLYDEBUG rally_openstack.cleanup.manager [-] Deleting neutron.subnet object s_rally_adcfb5b4_6YIIgRAm (9e3bffc4-57ee-4903-b9d6-5b8c45f4c2b2)
2020-03-02 22:32:48.631 15 RALLYDEBUG rally_openstack.cleanup.manager [-] Deleting neutron.subnet object s_rally_adcfb5b4_eS7afaNV (a6998162-ad12-405c-b16f-68be1fc0ecdb)
2020-03-02 22:32:48.827 15 RALLYDEBUG rally_openstack.cleanup.manager [-] Deleting neutron.subnet object s_rally_adcfb5b4_hgKi7Iwt (a8abe55b-904b-4aa6-b4ab-118516e345a4)
2020-03-02 22:32:49.171 15 RALLYDEBUG rally_openstack.cleanup.manager [-] Deleting neutron.subnet object s_rally_adcfb5b4_xcwgwUyw (a94a3661-e3c0-419b-819b-6be235a52fb9)
2020-03-02 22:32:49.335 15 RALLYDEBUG rally_openstack.cleanup.manager [-] Deleting neutron.subnet object s_rally_adcfb5b4_E4WJ4NB8 (b2dcb03b-0764-4115-8dc9-c2c3a8ee0269)
2020-03-02 22:32:49.586 15 RALLYDEBUG rally_openstack.cleanup.manager [-] Deleting neutron.subnet object s_rally_adcfb5b4_QdQdtA8G (b3b30750-79b2-4272-9cd5-9a95d81c7053)
2020-03-02 22:32:49.876 15 RALLYDEBUG rally_openstack.cleanup.manager [-] Deleting neutron.subnet object s_rally_adcfb5b4_WV33wnqN (b54d24d4-4fb3-443e-9489-f47df5eb2d99)
2020-03-02 22:32:49.980 15 RALLYDEBUG rally_openstack.cleanup.manager [-] Deleting neutron.subnet object s_rally_adcfb5b4_60FVvhLH (b7f624bd-409a-4cb4-a2bb-e0088f0de672)
2020-03-02 22:32:50.515 15 RALLYDEBUG rally_openstack.cleanup.manager [-] Deleting neutron.subnet object s_rally_adcfb5b4_zZj1Yt7i (ba48965e-a0f3-4da1-801f-505ca8524fbc)
2020-03-02 22:32:50.969 15 RALLYDEBUG rally_openstack.cleanup.manager [-] Deleting neutron.subnet object s_rally_adcfb5b4_l9dswK2W (c61a4135-9f99-4c9a-aa25-644dc8c01b6f)
2020-03-02 22:32:50.976 15 RALLYDEBUG rally_openstack.cleanup.manager [-] Deleting neutron.subnet object s_rally_adcfb5b4_ULwWkKBw (d31e5579-ebb4-464f-bcf9-858751866d5a)
2020-03-02 22:32:51.164 15 RALLYDEBUG rally_openstack.cleanup.manager [-] Deleting neutron.subnet object s_rally_adcfb5b4_ibnvv13J (d56c9135-975a-47eb-aab0-1f41d6b10312)
2020-03-02 22:32:51.194 15 RALLYDEBUG rally_openstack.cleanup.manager [-] Deleting neutron.subnet object s_rally_adcfb5b4_HUYA6WNj (d5e673e5-4930-4203-a929-28a8ead86192)
2020-03-02 22:32:51.589 15 RALLYDEBUG rally_openstack.cleanup.manager [-] Deleting neutron.subnet object s_rally_adcfb5b4_vzLhpAvM (d8c06285-9f38-493b-81ac-8b2ea76fa8c4)
2020-03-02 22:32:51.612 15 RALLYDEBUG rally_openstack.cleanup.manager [-] Deleting neutron.subnet object s_rally_adcfb5b4_5u6xirEc (d948f7f4-39a7-4c04-a39d-5e130365594f)
2020-03-02 22:32:51.706 15 RALLYDEBUG rally_openstack.cleanup.manager [-] Deleting neutron.subnet object s_rally_adcfb5b4_JRrQh0ES (da2666c4-457f-4e8c-8450-313fbb792e92)
2020-03-02 22:32:52.085 15 RALLYDEBUG rally_openstack.cleanup.manager [-] Deleting neutron.subnet object s_rally_adcfb5b4_vGjzpeBU (dceac3e3-ca11-427a-a9c6-f09a8b7de61f)
2020-03-02 22:32:52.274 15 RALLYDEBUG rally_openstack.cleanup.manager [-] Deleting neutron.subnet object s_rally_adcfb5b4_lO9ExwAC (de5d31e7-2ff7-4abd-a9f2-422e3557c17b)
2020-03-02 22:32:52.464 15 RALLYDEBUG rally_openstack.cleanup.manager [-] Deleting neutron.subnet object s_rally_adcfb5b4_6Uu1HChF (e07839b4-266a-4101-b1b2-d9c3bc0181dc)
2020-03-02 22:32:52.715 15 RALLYDEBUG rally_openstack.cleanup.manager [-] Deleting neutron.subnet object s_rally_adcfb5b4_YKqGJSr9 (e0e604bf-c926-498f-aa63-08bea551b1e9)
2020-03-02 22:32:52.782 15 DEBUG neutronclient.v2_0.client [-] Error message: {"NeutronError": {"message": "Request Failed: internal server error while processing your request.", "type": "HTTPInternalServerError", "detail": ""}} _handle_fault_response /usr/lib/python2.7/site-packages/neutronclient/v2_0/client.py:259
2020-03-02 22:32:53.226 15 RALLYDEBUG rally_openstack.cleanup.manager [-] Deleting neutron.subnet object s_rally_adcfb5b4_NcCipCak (ebad981c-e972-4678-bf82-ada76f81b36e)
2020-03-02 22:32:54.119 15 RALLYDEBUG rally_openstack.cleanup.manager [-] Deleting neutron.subnet object s_rally_adcfb5b4_KqEgtN26 (eecdd498-8a69-47aa-9a68-eb48d0d74458)
2020-03-02 22:32:54.258 15 RALLYDEBUG rally_openstack.cleanup.manager [-] Deleting neutron.subnet object s_rally_adcfb5b4_ueU0isvF (f26e96ae-63bd-4e9b-bcbd-5b61b94c3ba3)
2020-03-02 22:32:54.269 15 RALLYDEBUG rally_openstack.cleanup.manager [-] Deleting neutron.subnet object s_rally_adcfb5b4_OHD2jT4F (f2ba32f8-914e-41af-a227-5b2be39c3963)
2020-03-02 22:32:54.326 15 RALLYDEBUG rally_openstack.cleanup.manager [-] Deleting neutron.subnet object s_rally_adcfb5b4_ySl567Cy (f61157df-c993-4027-942a-43627119ce73)
2020-03-02 22:32:54.432 15 RALLYDEBUG rally_openstack.cleanup.manager [-] Deleting neutron.subnet object s_rally_adcfb5b4_afYMwYSq (fb914a62-7187-42f8-94c7-a5da11ed6134)
2020-03-02 22:32:54.482 15 RALLYDEBUG rally_openstack.cleanup.manager [-] Deleting neutron.subnet object s_rally_adcfb5b4_HtuEAZvc (ffde0c42-d1b6-46e8-8559-339e31bfccae)
2020-03-02 22:32:58.124 15 RALLYDEBUG rally_openstack.cleanup.manager [-] Cleaning up neutron network objects
2020-03-02 22:32:58.488 15 RALLYDEBUG rally_openstack.cleanup.manager [-] Deleting neutron.network object s_rally_adcfb5b4_vCMsy6OZ (02134876-659c-45f9-bd94-8be081fad561)
2020-03-02 22:32:58.497 15 RALLYDEBUG rally_openstack.cleanup.manager [-] Deleting neutron.network object s_rally_adcfb5b4_08Mypsc4 (06249768-8c89-4ed2-bbef-163dbd0276e9)
2020-03-02 22:32:58.505 15 RALLYDEBUG rally_openstack.cleanup.manager [-] Deleting neutron.network object s_rally_adcfb5b4_1EfVJriw (115a2c72-c32f-4a21-b654-f724965a8a03)
2020-03-02 22:32:58.520 15 RALLYDEBUG rally_openstack.cleanup.manager [-] Deleting neutron.network object s_rally_adcfb5b4_FgvEV7W5 (15b5d916-b19c-4110-ab59-01a4a046bd1b)
2020-03-02 22:32:58.527 15 RALLYDEBUG rally_openstack.cleanup.manager [-] Deleting neutron.network object s_rally_adcfb5b4_XgLzqQcI (17c2731d-bf6a-4149-b043-d37f3da5db2a)
2020-03-02 22:32:58.536 15 RALLYDEBUG rally_openstack.cleanup.manager [-] Deleting neutron.network object s_rally_adcfb5b4_PxRWTdIK (186914db-2d4d-46f4-a626-44f78ce4f88d)
2020-03-02 22:32:58.702 15 RALLYDEBUG rally_openstack.cleanup.manager [-] Deleting neutron.network object s_rally_adcfb5b4_NUQOrfKr (20102c61-3bfa-4574-a4eb-0326fd4ee2ce)
2020-03-02 22:32:58.717 15 RALLYDEBUG rally_openstack.cleanup.manager [-] Deleting neutron.network object s_rally_adcfb5b4_TehdfZI8 (245b5a6f-7aee-4fd3-8545-ef678ac23448)
2020-03-02 22:32:58.729 15 RALLYDEBUG rally_openstack.cleanup.manager [-] Deleting neutron.network object s_rally_adcfb5b4_HIk6jDq1 (25ad5320-89ac-4f1d-a43e-3b05bce95e4c)
2020-03-02 22:32:58.746 15 RALLYDEBUG rally_openstack.cleanup.manager [-] Deleting neutron.network object s_rally_adcfb5b4_w2Mxw5jB (2940432d-6338-4a22-aa34-362c71bdc4a6)
2020-03-02 22:32:58.750 15 RALLYDEBUG rally_openstack.cleanup.manager [-] Deleting neutron.network object s_rally_adcfb5b4_YmDa2sDQ (2c3ecc20-c15a-4c3c-a3d5-e09847abaea1)
2020-03-02 22:32:58.773 15 RALLYDEBUG rally_openstack.cleanup.manager [-] Deleting neutron.network object s_rally_adcfb5b4_NUfjhd7y (3b90dced-c9e0-4745-943e-8ea150412a26)
2020-03-02 22:32:58.776 15 RALLYDEBUG rally_openstack.cleanup.manager [-] Deleting neutron.network object s_rally_adcfb5b4_bC0ZGinp (3056c563-ee9d-47c3-a1a3-22a8add03f03)
2020-03-02 22:32:58.806 15 RALLYDEBUG rally_openstack.cleanup.manager [-] Deleting neutron.network object s_rally_adcfb5b4_aioRyXlr (380bd1ef-cd46-4422-b026-853805a2543e)
2020-03-02 22:32:58.838 15 RALLYDEBUG rally_openstack.cleanup.manager [-] Deleting neutron.network object s_rally_adcfb5b4_RnqriGAB (468460b3-40db-4e14-b95f-a9a8854606f0)
2020-03-02 22:32:58.861 15 RALLYDEBUG rally_openstack.cleanup.manager [-] Deleting neutron.network object s_rally_adcfb5b4_rtAoMftW (47271612-3066-4b75-8eb0-4161416975c9)
2020-03-02 22:32:58.883 15 RALLYDEBUG rally_openstack.cleanup.manager [-] Deleting neutron.network object s_rally_adcfb5b4_mIJfaNpW (4c205d3a-6e8f-44be-bb04-e1b48033a528)
2020-03-02 22:32:58.946 15 RALLYDEBUG rally_openstack.cleanup.manager [-] Deleting neutron.network object s_rally_adcfb5b4_uVXFzLf4 (6028ef28-9053-42fe-baf7-5c5f726e7c97)
2020-03-02 22:32:58.944 15 RALLYDEBUG rally_openstack.cleanup.manager [-] Deleting neutron.network object s_rally_adcfb5b4_u5v6jxVh (535e8b6c-655a-4efe-9c6f-938a35bc8d51)
2020-03-02 22:32:58.959 15 RALLYDEBUG rally_openstack.cleanup.manager [-] Deleting neutron.network object s_rally_adcfb5b4_2C2cr7WK (5488b275-032d-4778-98e4-39cdea3d583a)
2020-03-02 22:33:01.290 15 RALLYDEBUG rally_openstack.cleanup.manager [-] Deleting neutron.network object s_rally_adcfb5b4_pSdy647S (6a671587-abbc-48d5-b6f0-5e9320356af4)
2020-03-02 22:33:01.467 15 RALLYDEBUG rally_openstack.cleanup.manager [-] Deleting neutron.network object s_rally_adcfb5b4_P25zX0ze (6f30b763-d99a-4624-ab95-5e2d1930dd8c)
2020-03-02 22:33:01.671 15 RALLYDEBUG rally_openstack.cleanup.manager [-] Deleting neutron.network object s_rally_adcfb5b4_W47jcPxU (6f33ed82-c6da-428b-a081-ce8384b22b20)
2020-03-02 22:33:01.815 15 RALLYDEBUG rally_openstack.cleanup.manager [-] Deleting neutron.network object s_rally_adcfb5b4_Dwq9o1MG (72aaaa43-fb5d-443d-bb4d-65c0201633f1)
2020-03-02 22:33:01.838 15 RALLYDEBUG rally_openstack.cleanup.manager [-] Deleting neutron.network object s_rally_adcfb5b4_VuoA4aSp (7930b273-1a10-4cbf-8807-95191d2ad977)
2020-03-02 22:33:02.053 15 RALLYDEBUG rally_openstack.cleanup.manager [-] Deleting neutron.network object s_rally_adcfb5b4_TFqt3KPM (79d62105-6af0-407b-bb2e-1e6df8f7c515)
2020-03-02 22:33:02.149 15 RALLYDEBUG rally_openstack.cleanup.manager [-] Deleting neutron.network object s_rally_adcfb5b4_tgtHryai (8582a68f-7f00-4faa-a14e-cfa645680893)
2020-03-02 22:33:02.256 15 RALLYDEBUG rally_openstack.cleanup.manager [-] Deleting neutron.network object s_rally_adcfb5b4_V9pJTGzU (86a3f36d-08e9-4d69-a72d-09ffa9c6543a)
2020-03-02 22:33:02.319 15 RALLYDEBUG rally_openstack.cleanup.manager [-] Deleting neutron.network object s_rally_adcfb5b4_DCc7zVni (8e225c2f-e76d-4e57-bee1-89398eb5c62a)
2020-03-02 22:33:02.378 15 RALLYDEBUG rally_openstack.cleanup.manager [-] Deleting neutron.network object s_rally_adcfb5b4_MeGcn63Z (8f62035e-145b-4278-adf4-d542269bbd02)
2020-03-02 22:33:02.403 15 RALLYDEBUG rally_openstack.cleanup.manager [-] Deleting neutron.network object s_rally_adcfb5b4_wVM3fhyB (918c2281-3d14-4270-96c7-b9c6b414271c)
2020-03-02 22:33:02.485 15 RALLYDEBUG rally_openstack.cleanup.manager [-] Deleting neutron.network object s_rally_adcfb5b4_MsYNkIvS (9b7a2cd9-b184-45ac-b4b0-d4e666b79f6a)
2020-03-02 22:33:02.764 15 RALLYDEBUG rally_openstack.cleanup.manager [-] Deleting neutron.network object s_rally_adcfb5b4_hIIy9vft (a708654f-9013-4bbf-987c-3725527c2c84)
2020-03-02 22:33:02.868 15 RALLYDEBUG rally_openstack.cleanup.manager [-] Deleting neutron.network object s_rally_adcfb5b4_RzsyuedQ (a8cf851e-f8b8-45e5-a7d9-d268906786b6)
2020-03-02 22:33:02.877 15 RALLYDEBUG rally_openstack.cleanup.manager [-] Deleting neutron.network object s_rally_adcfb5b4_2hocxk0v (a8e1543b-bd3c-45d2-8aca-f55355ad7210)
2020-03-02 22:33:02.984 15 RALLYDEBUG rally_openstack.cleanup.manager [-] Deleting neutron.network object s_rally_adcfb5b4_UnJPjglT (b2a4320e-82b1-4ae0-bc67-ce64cf6b0b7e)
2020-03-02 22:33:03.477 15 RALLYDEBUG rally_openstack.cleanup.manager [-] Deleting neutron.network object s_rally_adcfb5b4_diJSK8iJ (c7523759-55be-4a9f-9b50-f7d234791bf4)
2020-03-02 22:33:04.148 15 RALLYDEBUG rally_openstack.cleanup.manager [-] Deleting neutron.network object s_rally_adcfb5b4_xTu9Dyqo (cf34cf2d-8cdf-4e3b-8c4d-9bc14351ddff)
2020-03-02 22:33:04.353 15 RALLYDEBUG rally_openstack.cleanup.manager [-] Deleting neutron.network object s_rally_adcfb5b4_4RCxa0dw (e37e8823-771e-4d94-8b9b-f068187b3108)
2020-03-02 22:33:04.361 15 RALLYDEBUG rally_openstack.cleanup.manager [-] Deleting neutron.network object s_rally_adcfb5b4_yjgfDW4C (fb74010e-4781-4dc9-803f-1427934ed1ec)
2020-03-02 22:33:06.689 15 RALLYDEBUG rally_openstack.cleanup.manager [-] Cleaning up neutron router objects
2020-03-02 22:33:06.914 15 RALLYDEBUG rally_openstack.cleanup.manager [-] Cleaning up neutron security_group objects
2020-03-02 22:33:07.158 15 INFO rally.task.context [-] Task b95e4f98-6813-4603-b042-78562fc719b2 | Context cleanup@openstack cleanup() finished in 30.75 sec
2020-03-02 22:33:07.159 15 INFO rally.task.context [-] Task b95e4f98-6813-4603-b042-78562fc719b2 | Context quotas@openstack cleanup() started
2020-03-02 22:33:07.267 15 INFO rally.task.context [-] Task b95e4f98-6813-4603-b042-78562fc719b2 | Context quotas@openstack cleanup() finished in 0.11 sec
2020-03-02 22:33:07.268 15 INFO rally.task.context [-] Task b95e4f98-6813-4603-b042-78562fc719b2 | Context users@openstack cleanup() started
2020-03-02 22:33:09.620 15 INFO rally.task.context [-] Task b95e4f98-6813-4603-b042-78562fc719b2 | Context users@openstack cleanup() finished in 2.35 sec
2020-03-02 22:33:11.255 15 INFO rally.task.engine [-] Load duration is: 187.54865
2020-03-02 22:33:11.256 15 INFO rally.task.engine [-] Full runner duration is: 187.595418
2020-03-02 22:33:11.256 15 INFO rally.task.engine [-] Full duration is: 223.211897
2020-03-02 22:33:11.359 15 INFO rally.task.engine [-] Running workload: position = 0 config = { "version": 2, "title": "A cropped version of a bigger task.", "description": "Auto-generated task from a single workload (uuid=823bf14c-70fa-4a43-a0c4-c3299273cfe9)", "subtasks": [ { "title": "NeutronNetworks.create_and_list_ports", "description": "Check performance of list ports action and ensure > network quotas are not exceeded", "scenario": { "NeutronNetworks.create_and_list_ports": { "network_create_args": null, "port_create_args": null, "ports_per_network": 50 } }, "contexts": { "users": { "tenants": 1, "users_per_tenant": 1 }, "quotas": { "neutron": { "network": -1, "subnet": -1, "router": -1, "port": 811 } } }, "runner": { "constant": { "times": 8, "concurrency": 4 } }, "hooks": [], "sla": { "max_avg_duration_per_atomic": { "neutron.list_ports": 15 }, "failure_rate": { "max": 0 } } } ] }
2020-03-02 22:33:11.384 15 RALLYDEBUG rally_openstack.contexts.keystone.users [-] Creating 1 tenants using 20 threads
2020-03-02 22:33:11.673 15 RALLYDEBUG rally_openstack.contexts.keystone.users [-] Creating 1 users using 20 threads
2020-03-02 22:33:12.119 15 INFO rally.task.context [-] Task b95e4f98-6813-4603-b042-78562fc719b2 | Context users@openstack setup() finished in 0.73 sec
2020-03-02 22:33:12.547 15 INFO rally.task.context [-] Task b95e4f98-6813-4603-b042-78562fc719b2 | Context quotas@openstack setup() finished in 0.43 sec
2020-03-02 22:33:12.548 15 INFO rally.task.context [-] Task b95e4f98-6813-4603-b042-78562fc719b2 | Context cleanup@openstack setup() finished in 0.01 msec
2020-03-02 22:33:12.557 15 RALLYDEBUG rally.task.runner [-] Starting the constant runner (task UUID: b95e4f98-6813-4603-b042-78562fc719b2). timeout: 0 concurrency: 4 concurrency_per_worker: 1 times: 8 concurrency_overhead: 0 processes_to_start: 4 max_cpu_used: 88
2020-03-02 22:33:12.571 3877 RALLYDEBUG rally.task.runner [-] Starting a worker. concurrency: 1 args: {"network_create_args": null, "port_create_args": null, "ports_per_network": 50} times: 8 method_name: run timeout: 0 duration: None cls:
2020-03-02 22:33:12.574 3878 RALLYDEBUG rally.task.runner [-] Starting a worker. concurrency: 1 args: {"network_create_args": null, "port_create_args": null, "ports_per_network": 50} times: 8 method_name: run timeout: 0 duration: None cls:
2020-03-02 22:33:12.578 3877 INFO rally.task.runner [-] Task b95e4f98-6813-4603-b042-78562fc719b2 | ITER: 1 START
2020-03-02 22:33:12.579 3877 WARNING rally_openstack.scenarios.neutron.utils [-] Running this scenario without either the 'network' or 'existing_network' context is deprecated
2020-03-02 22:33:12.581 3878 INFO rally.task.runner [-] Task b95e4f98-6813-4603-b042-78562fc719b2 | ITER: 2 START
2020-03-02 22:33:12.581 3880 RALLYDEBUG rally.task.runner [-] Starting a worker. concurrency: 1 args: {"network_create_args": null, "port_create_args": null, "ports_per_network": 50} times: 8 method_name: run timeout: 0 duration: None cls:
2020-03-02 22:33:12.582 3878 WARNING rally_openstack.scenarios.neutron.utils [-] Running this scenario without either the 'network' or 'existing_network' context is deprecated
2020-03-02 22:33:12.587 3880 INFO rally.task.runner [-] Task b95e4f98-6813-4603-b042-78562fc719b2 | ITER: 3 START
2020-03-02 22:33:12.586 3879 RALLYDEBUG rally.task.runner [-] Starting a worker. concurrency: 1 args: {"network_create_args": null, "port_create_args": null, "ports_per_network": 50} times: 8 method_name: run timeout: 0 duration: None cls:
2020-03-02 22:33:12.588 3880 WARNING rally_openstack.scenarios.neutron.utils [-] Running this scenario without either the 'network' or 'existing_network' context is deprecated
2020-03-02 22:33:12.592 3879 INFO rally.task.runner [-] Task b95e4f98-6813-4603-b042-78562fc719b2 | ITER: 4 START
2020-03-02 22:33:12.593 3879 WARNING rally_openstack.scenarios.neutron.utils [-] Running this scenario without either the 'network' or 'existing_network' context is deprecated
2020-03-02 22:34:17.235 3880 INFO rally.task.runner [-] Task b95e4f98-6813-4603-b042-78562fc719b2 | ITER: 3 END: OK
2020-03-02 22:34:17.241 3880 INFO rally.task.runner [-] Task b95e4f98-6813-4603-b042-78562fc719b2 | ITER: 5 START
2020-03-02 22:34:17.242 3880 WARNING rally_openstack.scenarios.neutron.utils [-] Running this scenario without either the 'network' or 'existing_network' context is deprecated
2020-03-02 22:34:24.140 3878 INFO rally.task.runner [-] Task b95e4f98-6813-4603-b042-78562fc719b2 | ITER: 2 END: OK
2020-03-02 22:34:24.146 3878 INFO rally.task.runner [-] Task b95e4f98-6813-4603-b042-78562fc719b2 | ITER: 6 START
2020-03-02 22:34:24.147 3878 WARNING rally_openstack.scenarios.neutron.utils [-] Running this scenario without either the 'network' or 'existing_network' context is deprecated
2020-03-02 22:34:25.513 3879 INFO rally.task.runner [-] Task b95e4f98-6813-4603-b042-78562fc719b2 | ITER: 4 END: OK
2020-03-02 22:34:25.519 3879 INFO rally.task.runner [-] Task b95e4f98-6813-4603-b042-78562fc719b2 | ITER: 7 START
2020-03-02 22:34:25.520 3879 WARNING rally_openstack.scenarios.neutron.utils [-] Running this scenario without either the 'network' or 'existing_network' context is deprecated
2020-03-02 22:34:25.784 3877 INFO rally.task.runner [-] Task b95e4f98-6813-4603-b042-78562fc719b2 | ITER: 1 END: OK
