2020-03-02 22:36:28.062 15 RALLYDEBUG rally_openstack.cleanup.manager [-] Deleting neutron.port object s_rally_823bf14c_jf7oYsg4 (b71566f1-1172-4f45-8915-5b6cd606338e)
2020-03-02 22:36:28.166 15 RALLYDEBUG rally_openstack.cleanup.manager [-] Deleting neutron.port object s_rally_823bf14c_LBjaUb42 (b7c93294-497f-457d-96b8-db3a3eb7d22a)
2020-03-02 22:36:28.209 15 RALLYDEBUG rally_openstack.cleanup.manager [-] Deleting neutron.port object s_rally_823bf14c_0wkyfct1 (b7f945ae-a65e-4ad5-9d19-1fd9a1a6758a)
2020-03-02 22:36:28.417 15 RALLYDEBUG rally_openstack.cleanup.manager [-] Deleting neutron.port object s_rally_823bf14c_SIwZnCsU (b8e9bb42-59f6-4993-87e4-a23b56bf1949)
2020-03-02 22:36:28.721 15 RALLYDEBUG rally_openstack.cleanup.manager [-] Deleting neutron.port object s_rally_823bf14c_6i0159Hw (b92265ca-911f-40da-a119-521e609e2928)
2020-03-02 22:36:28.758 15 RALLYDEBUG rally_openstack.cleanup.manager [-] Deleting neutron.port object s_rally_823bf14c_7ZfqQQmk (ba8ffb32-9384-449e-a5ca-f2d18344fdc4)
2020-03-02 22:36:28.919 15 RALLYDEBUG rally_openstack.cleanup.manager [-] Deleting neutron.port object s_rally_823bf14c_4DxtiAOe (bb9c1050-3a3a-4527-965a-51fc21a587b5)
2020-03-02 22:36:28.972 15 RALLYDEBUG rally_openstack.cleanup.manager [-] Deleting neutron.port object s_rally_823bf14c_ioivmZnj (bb9d24f3-7562-454b-91a2-7ee102e6ceb2)
2020-03-02 22:36:29.087 15 RALLYDEBUG rally_openstack.cleanup.manager [-] Deleting neutron.port object s_rally_823bf14c_fTv7cg2x (bba609b8-8b7f-4bd8-a397-2f1a5c7786bf)
2020-03-02 22:36:29.226 15 RALLYDEBUG rally_openstack.cleanup.manager [-] Deleting neutron.port object s_rally_823bf14c_HWE4GPsW (bd7bafa0-ad66-4aad-8e09-4bc29070359d)
2020-03-02 22:36:29.326 15 RALLYDEBUG rally_openstack.cleanup.manager [-] Deleting neutron.port object s_rally_823bf14c_IMBnQ4vG (be24be70-0ba7-4155-ac93-d71010d72cae)
2020-03-02 22:36:29.441 15 RALLYDEBUG rally_openstack.cleanup.manager [-] Deleting neutron.port object s_rally_823bf14c_IVbUfVVR (be265484-620c-476d-bf35-517e1d33194e)
2020-03-02 22:36:29.448 15 RALLYDEBUG rally_openstack.cleanup.manager [-] Deleting neutron.port object s_rally_823bf14c_BfRJ9SyJ (be6bcdfc-a994-4035-8bcf-5965864a7b24)
2020-03-02 22:36:29.575 15 RALLYDEBUG rally_openstack.cleanup.manager [-] Deleting neutron.port object s_rally_823bf14c_mSeAqqJe (be6eeae6-b185-4c99-b795-a437652f031d)
2020-03-02 22:36:29.580 15 RALLYDEBUG rally_openstack.cleanup.manager [-] Deleting neutron.port object s_rally_823bf14c_9Drlp7BN (be9fcafd-4a74-4b11-99e9-93c39557f2eb)
2020-03-02 22:36:29.588 15 RALLYDEBUG rally_openstack.cleanup.manager [-] Deleting neutron.port object s_rally_823bf14c_voIUYd9S (be8cce42-769d-4187-9a6c-afabe8fc71bf)
2020-03-02 22:36:29.816 15 RALLYDEBUG rally_openstack.cleanup.manager [-] Deleting neutron.port object s_rally_823bf14c_x1l7MA1b (beadc070-b261-4443-b7eb-4a672f0ab564)
2020-03-02 22:36:29.865 15 RALLYDEBUG rally_openstack.cleanup.manager [-] Deleting neutron.port object s_rally_823bf14c_Sh7H3lp8 (bed8164c-672c-4f88-b959-248d744e0d27)
2020-03-02 22:36:30.182 15 RALLYDEBUG rally_openstack.cleanup.manager [-] Deleting neutron.port object s_rally_823bf14c_czewXse7 (bfcce0f5-5e0c-4012-8f4c-c69fcba25fd6)
2020-03-02 22:36:30.462 15 RALLYDEBUG rally_openstack.cleanup.manager [-] Deleting neutron.port object s_rally_823bf14c_hkr5A7eI (c0ddb10c-921c-445a-81f9-21fe738a2cb4)
2020-03-02 22:36:30.498 15 RALLYDEBUG rally_openstack.cleanup.manager [-] Deleting neutron.port object s_rally_823bf14c_yIwSJbSt (c26d4bdb-7604-4727-b0a9-a3db51dfa345)
2020-03-02 22:36:30.528 15 RALLYDEBUG rally_openstack.cleanup.manager [-] Deleting neutron.port object s_rally_823bf14c_Klrrr36e (c4ab6aef-8b93-491b-a663-12e7805ea034)
2020-03-02 22:36:30.532 15 RALLYDEBUG rally_openstack.cleanup.manager [-] Deleting neutron.port object s_rally_823bf14c_BaiP8adk (c59111ed-2925-4e45-84ad-f3f5f8626ad4)
2020-03-02 22:36:30.590 15 RALLYDEBUG rally_openstack.cleanup.manager [-] Deleting neutron.port object s_rally_823bf14c_8MYYZHUB (c5bb0759-397a-4558-acf1-bd1935ea636e)
2020-03-02 22:36:30.657 15 RALLYDEBUG rally_openstack.cleanup.manager [-] Deleting neutron.port object s_rally_823bf14c_vpeGV8q4 (c688c119-c603-400a-86c6-747dc622249e)
2020-03-02 22:36:30.766 15 RALLYDEBUG rally_openstack.cleanup.manager [-] Deleting neutron.port object s_rally_823bf14c_a70NupSh (c702959d-1a45-4795-bc45-e0ccf05063b2)
2020-03-02 22:36:30.973 15 RALLYDEBUG rally_openstack.cleanup.manager [-] Deleting neutron.port object s_rally_823bf14c_9hwo1kqh (c7888ebe-e0d4-4569-a7e0-b534850b35f6)
2020-03-02 22:36:31.080 15 RALLYDEBUG rally_openstack.cleanup.manager [-] Deleting neutron.port object s_rally_823bf14c_BdcxGJms (c7918305-5905-4bd9-b629-560dc540f294)
2020-03-02 22:36:31.129 15 RALLYDEBUG rally_openstack.cleanup.manager [-] Deleting neutron.port object s_rally_823bf14c_vpbWVMmW (c8637bce-503f-4b40-9fc9-38eae684b23a)
2020-03-02 22:36:31.172 15 RALLYDEBUG rally_openstack.cleanup.manager [-] Deleting neutron.port object s_rally_823bf14c_O50tjTLE (ca951637-87e4-4f2b-826e-cc9441f8e0f4)
2020-03-02 22:36:31.317 15 RALLYDEBUG rally_openstack.cleanup.manager [-] Deleting neutron.port object s_rally_823bf14c_9Zbk1Rz7 (caea3206-8f99-436c-804b-c3c223763692)
2020-03-02 22:36:31.381 15 RALLYDEBUG rally_openstack.cleanup.manager [-] Deleting neutron.port object s_rally_823bf14c_r8XCd7NU (cb1033c3-af87-4910-88ae-19883b8d4744)
2020-03-02 22:36:31.453 15 RALLYDEBUG rally_openstack.cleanup.manager [-] Deleting neutron.port object s_rally_823bf14c_10wCDUmp (cc9752c0-389f-4a8d-9e1f-6925acafce45)
2020-03-02 22:36:31.535 15 RALLYDEBUG rally_openstack.cleanup.manager [-] Deleting neutron.port object s_rally_823bf14c_ypu2wLA1 (ccb666e1-6171-48b5-8caf-7c0692d06ca8)
2020-03-02 22:36:31.561 15 RALLYDEBUG rally_openstack.cleanup.manager [-] Deleting neutron.port object s_rally_823bf14c_MKXAj3qj (ccd6420a-f306-429a-9242-93e3ec18d28b)
2020-03-02 22:36:31.603 15 RALLYDEBUG rally_openstack.cleanup.manager [-] Deleting neutron.port object s_rally_823bf14c_OLKNMm98 (ccd9a113-cbfe-4e4c-9e2c-d02e78a07bb4)
2020-03-02 22:36:32.001 15 RALLYDEBUG rally_openstack.cleanup.manager [-] Deleting neutron.port object s_rally_823bf14c_hOZQVI0v (ce9d1814-7eaf-479d-a503-c945d2fae3c7)
2020-03-02 22:36:32.022 15 RALLYDEBUG rally_openstack.cleanup.manager [-] Deleting neutron.port object s_rally_823bf14c_Jb2yN6ug (cf251efa-e1ba-4a8c-bf52-5782ccffbc38)
2020-03-02 22:36:32.209 15 RALLYDEBUG rally_openstack.cleanup.manager [-] Deleting neutron.port object s_rally_823bf14c_bz2SOKwU (cf2add82-c448-44b3-a107-63398f6dedc3)
2020-03-02 22:36:32.228 15 RALLYDEBUG rally_openstack.cleanup.manager [-] Deleting neutron.port object s_rally_823bf14c_SEwafhST (cfb70fe0-13ef-4b91-a1cb-5e364008ebf9)
2020-03-02 22:36:32.409 15 RALLYDEBUG rally_openstack.cleanup.manager [-] Deleting neutron.port object s_rally_823bf14c_BuyLsdZ9 (d05acd03-069b-4921-ada2-1941168ce400)
2020-03-02 22:36:32.567 15 RALLYDEBUG rally_openstack.cleanup.manager [-] Deleting neutron.port object s_rally_823bf14c_Wi3wxyN5 (d14c5e14-e48f-4ce7-b588-0b53092515c9)
2020-03-02 22:36:32.616 15 RALLYDEBUG rally_openstack.cleanup.manager [-] Deleting neutron.port object s_rally_823bf14c_p1E2dqKa (d1d4b41b-4433-4adc-ab06-5ad8d732ecb9)
2020-03-02 22:36:32.628 15 RALLYDEBUG rally_openstack.cleanup.manager [-] Deleting neutron.port object s_rally_823bf14c_4XyFiUWc (d235af96-b004-4ce8-808e-192c2a85059d)
2020-03-02 22:36:32.756 15 RALLYDEBUG rally_openstack.cleanup.manager [-] Deleting neutron.port object s_rally_823bf14c_ivr9DeG9 (d23ef04a-9ebe-4edc-87e0-54134fe7b8c1)
2020-03-02 22:36:32.933 15 RALLYDEBUG rally_openstack.cleanup.manager [-] Deleting neutron.port object s_rally_823bf14c_WNneeJgR (d261b1e5-cb70-4d56-a692-3c415a2decc9)
2020-03-02 22:36:32.966 15 RALLYDEBUG rally_openstack.cleanup.manager [-] Deleting neutron.port object s_rally_823bf14c_YH6RUIHA (d39b77f4-5d76-4149-bc1e-58e44320ded5)
2020-03-02 22:36:33.072 15 RALLYDEBUG rally_openstack.cleanup.manager [-] Deleting neutron.port object s_rally_823bf14c_FxDjEofh (d4319b5c-cd57-463f-bba4-4f7d88997775)
2020-03-02 22:36:33.203 15 RALLYDEBUG rally_openstack.cleanup.manager [-] Deleting neutron.port object s_rally_823bf14c_i2VScwyk (d44ade70-2e58-46cf-96c3-ad00615cd89f)
2020-03-02 22:36:33.223 15 RALLYDEBUG rally_openstack.cleanup.manager [-] Deleting neutron.port object s_rally_823bf14c_L7oq1Tom (d45acc8b-4bac-4eab-9de4-2070492d163d)
2020-03-02 22:36:33.315 15 RALLYDEBUG rally_openstack.cleanup.manager [-] Deleting neutron.port object s_rally_823bf14c_zmzyc9ta (d55171f8-c0c6-4c5f-a6a3-adc3a426a0aa)
2020-03-02 22:36:33.414 15 RALLYDEBUG rally_openstack.cleanup.manager [-] Deleting neutron.port object s_rally_823bf14c_L7eU5anA (d678652b-0a1b-4702-b317-1c898950eb6a)
2020-03-02 22:36:33.438 15 RALLYDEBUG rally_openstack.cleanup.manager [-] Deleting neutron.port object s_rally_823bf14c_s3YHc71H (d8dc0d25-07e4-40e4-bda7-f24a86be0435)
2020-03-02 22:36:33.443 15 RALLYDEBUG rally_openstack.cleanup.manager [-] Deleting neutron.port object s_rally_823bf14c_Y0OzOE9p (d9031e24-00b6-41a8-a022-9b1981c75640)
2020-03-02 22:36:33.720 15 RALLYDEBUG rally_openstack.cleanup.manager [-] Deleting neutron.port object s_rally_823bf14c_MdOzf1sg (d93327b6-aa00-4b2a-95ca-158eb348a19e)
2020-03-02 22:36:33.771 15 RALLYDEBUG rally_openstack.cleanup.manager [-] Deleting neutron.port object s_rally_823bf14c_OUDa2oU4 (da360618-4876-486e-8b6c-f29e553ce669)
2020-03-02 22:36:34.113 15 RALLYDEBUG rally_openstack.cleanup.manager [-] Deleting neutron.port object s_rally_823bf14c_DYJSI22I (da85282a-488f-458d-86d6-4ab5e2f86850)
2020-03-02 22:36:34.383 15 RALLYDEBUG rally_openstack.cleanup.manager [-] Deleting neutron.port object s_rally_823bf14c_HIj4aogN (daedfb57-49ef-4091-a8e6-6d4a1b43b708)
2020-03-02 22:36:34.462 15 RALLYDEBUG rally_openstack.cleanup.manager [-] Deleting neutron.port object s_rally_823bf14c_SNOaTTvj (db71de2b-1e8c-49ce-9b88-e1885553205b)
2020-03-02 22:36:34.496 15 RALLYDEBUG rally_openstack.cleanup.manager [-] Deleting neutron.port object s_rally_823bf14c_oPq25VHt (dbc8b292-14de-4a8c-8c5e-5fa09ceb6ec0)
2020-03-02 22:36:34.504 15 RALLYDEBUG rally_openstack.cleanup.manager [-] Deleting neutron.port object s_rally_823bf14c_Fvd6bKVm (dbcb7c10-cf90-4151-b664-73cde33bf334)
2020-03-02 22:36:34.538 15 RALLYDEBUG rally_openstack.cleanup.manager [-] Deleting neutron.port object s_rally_823bf14c_VfYPR9zp (dcc7b888-55af-486d-918e-31a21168a84a)
2020-03-02 22:36:34.700 15 RALLYDEBUG rally_openstack.cleanup.manager [-] Deleting neutron.port object s_rally_823bf14c_bTc7PInI (dcf91acb-bead-4b15-9dd5-4a5447e73209)
2020-03-02 22:36:34.747 15 RALLYDEBUG rally_openstack.cleanup.manager [-] Deleting neutron.port object s_rally_823bf14c_cqHsy4y2 (dd3704bb-1308-4a32-b1de-9f12a1eb0ede)
2020-03-02 22:36:34.822 15 RALLYDEBUG rally_openstack.cleanup.manager [-] Deleting neutron.port object s_rally_823bf14c_hb3YIRjh (dd40cc9f-0e5f-4c00-92ba-2922740b8602)
2020-03-02 22:36:35.082 15 RALLYDEBUG rally_openstack.cleanup.manager [-] Deleting neutron.port object s_rally_823bf14c_zt2fgJ2B (dde7471e-a84b-4235-b4ed-77db3269d3ad)
2020-03-02 22:36:35.127 15 RALLYDEBUG rally_openstack.cleanup.manager [-] Deleting neutron.port object s_rally_823bf14c_3NHjNZfF (dfe27f33-fe6a-4a2a-94d9-db712b0b58a9)
2020-03-02 22:36:35.322 15 RALLYDEBUG rally_openstack.cleanup.manager [-] Deleting neutron.port object s_rally_823bf14c_SgiSIBT3 (e0136212-f7f4-492c-81d5-d5093fe212e7)
2020-03-02 22:36:35.329 15 RALLYDEBUG rally_openstack.cleanup.manager [-] Deleting neutron.port object s_rally_823bf14c_DXqzFTQU (e0ba04db-baa5-4e85-83bf-e18afc723e43)
2020-03-02 22:36:35.423 15 RALLYDEBUG rally_openstack.cleanup.manager [-] Deleting neutron.port object s_rally_823bf14c_KVNPM6HY (e1a8ca44-ab85-49bd-9be1-e99787908a03)
2020-03-02 22:36:35.431 15 RALLYDEBUG rally_openstack.cleanup.manager [-] Deleting neutron.port object s_rally_823bf14c_3Ap3zZo5 (e272b662-040d-4bfa-889e-875f8d46ff20)
2020-03-02 22:36:35.595 15 RALLYDEBUG rally_openstack.cleanup.manager [-] Deleting neutron.port object s_rally_823bf14c_u2L5nja0 (e40263cd-fb3f-45c4-ac72-e3a57a7bbc5a)
2020-03-02 22:36:35.720 15 RALLYDEBUG rally_openstack.cleanup.manager [-] Deleting neutron.port object s_rally_823bf14c_Ra7EE3Gp (e4228367-7600-4b5a-bf18-c7f2f7b770e2)
2020-03-02 22:36:35.892 15 RALLYDEBUG rally_openstack.cleanup.manager [-] Deleting neutron.port object s_rally_823bf14c_t7E8iBNd (e4fc78fa-4bee-4c15-b7c4-04a707fa6779)
2020-03-02 22:36:35.923 15 RALLYDEBUG rally_openstack.cleanup.manager [-] Deleting neutron.port object s_rally_823bf14c_lcpotjN0 (e61a7154-788c-4ac0-b15c-520d52d3103c)
2020-03-02 22:36:36.092 15 RALLYDEBUG rally_openstack.cleanup.manager [-] Deleting neutron.port object s_rally_823bf14c_6aqf1LSw (e640d269-ef24-4b0e-b731-c9b11585b600)
2020-03-02 22:36:36.236 15 RALLYDEBUG rally_openstack.cleanup.manager [-] Deleting neutron.port object s_rally_823bf14c_9Rvit8U6 (e6926507-cbe7-4f1d-a329-90f246923a56)
2020-03-02 22:36:36.244 15 RALLYDEBUG rally_openstack.cleanup.manager [-] Deleting neutron.port object s_rally_823bf14c_5cMmaZhg (e82281aa-2be7-4daf-ad00-943f668428f6)
2020-03-02 22:36:36.253 15 RALLYDEBUG rally_openstack.cleanup.manager [-] Deleting neutron.port object s_rally_823bf14c_pvGkIIL3 (e85629d6-78da-4cad-907a-a090f998790b)
2020-03-02 22:36:36.265 15 RALLYDEBUG rally_openstack.cleanup.manager [-] Deleting neutron.port object s_rally_823bf14c_ncZSVY38 (e8957b2f-8a13-4be3-ba32-9c990fef14fd)
2020-03-02 22:36:36.402 15 RALLYDEBUG rally_openstack.cleanup.manager [-] Deleting neutron.port object s_rally_823bf14c_ygk5akoL (e9439f91-c807-4dbe-99b1-2590e0292863)
2020-03-02 22:36:36.443 15 RALLYDEBUG rally_openstack.cleanup.manager [-] Deleting neutron.port object s_rally_823bf14c_4nKC9dNA (eaf42755-7b2c-41b8-825d-c92982438117)
2020-03-02 22:36:36.602 15 RALLYDEBUG rally_openstack.cleanup.manager [-] Deleting neutron.port object s_rally_823bf14c_gPhlg3N5 (eaf7e09d-5405-41db-9f70-b540b1b64222)
2020-03-02 22:36:37.015 15 RALLYDEBUG rally_openstack.cleanup.manager [-] Deleting neutron.port object s_rally_823bf14c_2C7HYJUn (eaf96e04-5214-4758-8716-8e232ddee200)
2020-03-02 22:36:37.112 15 RALLYDEBUG rally_openstack.cleanup.manager [-] Deleting neutron.port object s_rally_823bf14c_5xQxZhXp (eb455658-2087-4a96-ad86-2b88e3ef434f)
2020-03-02 22:36:37.200 15 RALLYDEBUG rally_openstack.cleanup.manager [-] Deleting neutron.port object s_rally_823bf14c_xMgjBHP4 (eb594215-f2b2-4b61-99f4-3322aa720c74)
2020-03-02 22:36:37.203 15 RALLYDEBUG rally_openstack.cleanup.manager [-] Deleting neutron.port object s_rally_823bf14c_a3Yvps2c (eb5cd995-ff07-4e09-b0ab-ebf30a4842b0)
2020-03-02 22:36:37.353 15 RALLYDEBUG rally_openstack.cleanup.manager [-] Deleting neutron.port object s_rally_823bf14c_041FmyEn (eb8a37ba-5bd9-4aae-8e33-8ff7fb0df321)
2020-03-02 22:36:37.391 15 RALLYDEBUG rally_openstack.cleanup.manager [-] Deleting neutron.port object s_rally_823bf14c_U81xh8Qe (ec00a755-fcdf-49e3-924f-974e97599702)
2020-03-02 22:36:37.424 15 RALLYDEBUG rally_openstack.cleanup.manager [-] Deleting neutron.port object s_rally_823bf14c_xWswcckH (ec42a3f7-e6f7-4157-82b3-45a8a1d3dcca)
2020-03-02 22:36:37.466 15 RALLYDEBUG rally_openstack.cleanup.manager [-] Deleting neutron.port object s_rally_823bf14c_WuBMgJUv (ec6ba5ae-7003-4923-8576-31c76d554bb8)
2020-03-02 22:36:37.757 15 RALLYDEBUG rally_openstack.cleanup.manager [-] Deleting neutron.port object s_rally_823bf14c_13I9SINL (edee89a5-f7a0-4371-94c2-e35ace397e6b)
2020-03-02 22:36:37.761 15 RALLYDEBUG rally_openstack.cleanup.manager [-] Deleting neutron.port object s_rally_823bf14c_kx7V0i5Q (efa18180-671b-42a0-9d67-44d616be4d0d)
2020-03-02 22:36:37.862 15 RALLYDEBUG rally_openstack.cleanup.manager [-] Deleting neutron.port object s_rally_823bf14c_9PiLWYgq (f030341a-9338-48d7-9497-7a8e8266d4b9)
2020-03-02 22:36:37.858 15 RALLYDEBUG rally_openstack.cleanup.manager [-] Deleting neutron.port object s_rally_823bf14c_cShPuRFO (f0745a52-5da4-40bd-bdb2-867251f5a431)
2020-03-02 22:36:38.057 15 RALLYDEBUG rally_openstack.cleanup.manager [-] Deleting neutron.port object s_rally_823bf14c_J5gdbabT (f09288f1-e5f0-4b2a-8c46-3241aa816c4f)
2020-03-02 22:36:38.263 15 RALLYDEBUG rally_openstack.cleanup.manager [-] Deleting neutron.port object s_rally_823bf14c_BHF1xxXv (f2216d80-339f-4567-a65f-b8d065dd362f)
2020-03-02 22:36:38.275 15 RALLYDEBUG rally_openstack.cleanup.manager [-] Deleting neutron.port object s_rally_823bf14c_uI2lW33Y (f4225f17-d36a-487d-a0a7-5c8b979569bc)
2020-03-02 22:36:38.277 15 RALLYDEBUG rally_openstack.cleanup.manager [-] Deleting neutron.port object s_rally_823bf14c_CVlSxFMS (f29cfe5f-78d8-4ca7-ba5d-6db4b5e31d8c)
2020-03-02 22:36:38.368 15 RALLYDEBUG rally_openstack.cleanup.manager [-] Deleting neutron.port object s_rally_823bf14c_5o6WgKo0 (f49a051c-16ca-4422-aac4-462b06bda907)
2020-03-02 22:36:38.579 15 RALLYDEBUG rally_openstack.cleanup.manager [-] Deleting neutron.port object s_rally_823bf14c_WxrqDaYJ (f4b527bb-3bba-4ad5-85be-c942ab53737a)
2020-03-02 22:36:38.675 15 RALLYDEBUG rally_openstack.cleanup.manager [-] Deleting neutron.port object s_rally_823bf14c_1X8MS3IP (f6636d07-7f57-4724-b53a-565fd5857984)
2020-03-02 22:36:38.930 15 RALLYDEBUG rally_openstack.cleanup.manager [-] Deleting neutron.port object s_rally_823bf14c_q3EMUHaz (f7721ce1-4b49-455c-aa83-2e1e02824d0c)
2020-03-02 22:36:39.127 15 RALLYDEBUG rally_openstack.cleanup.manager [-] Deleting neutron.port object s_rally_823bf14c_qqpMXF7x (f78fed23-ec3a-4f4a-bf11-8c65e064b7e9)
2020-03-02 22:36:39.318 15 RALLYDEBUG rally_openstack.cleanup.manager [-] Deleting neutron.port object s_rally_823bf14c_TPmvftsV (f9202855-4c51-460c-ab7c-fd04d01726b5)
2020-03-02 22:36:39.337 15 RALLYDEBUG rally_openstack.cleanup.manager [-] Deleting neutron.port object s_rally_823bf14c_HWeDejRa (faf61172-7903-442c-8c33-c963f7c0488a)
2020-03-02 22:36:39.491 15 RALLYDEBUG rally_openstack.cleanup.manager [-] Deleting neutron.port object s_rally_823bf14c_eMvakSck (faf81ccc-7ed4-485d-b556-dc7cb5d153bd)
2020-03-02 22:36:39.534 15 RALLYDEBUG rally_openstack.cleanup.manager [-] Deleting neutron.port object s_rally_823bf14c_LseUFCRC (fbcc3e93-dca6-4ddc-af89-e85e7dffd06a)
2020-03-02 22:36:39.574 15 RALLYDEBUG rally_openstack.cleanup.manager [-] Deleting neutron.port object s_rally_823bf14c_bZ4lIQOo (fc120e75-3ee5-47cc-afa7-72503cd25275)
2020-03-02 22:36:39.828 15 RALLYDEBUG rally_openstack.cleanup.manager [-] Deleting neutron.port object s_rally_823bf14c_ETakTMAG (fc1ce286-32b6-4067-9b15-4c55f2c5b617)
2020-03-02 22:36:39.845 15 RALLYDEBUG rally_openstack.cleanup.manager [-] Deleting neutron.port object s_rally_823bf14c_FEKoOtJB (fd8793c4-336b-499b-88a4-433da8085712)
2020-03-02 22:36:39.855 15 RALLYDEBUG rally_openstack.cleanup.manager [-] Deleting neutron.port object s_rally_823bf14c_txeSsLMQ (ff3b9835-9c77-4dd0-b19e-7a38ee7fe0ba)
2020-03-02 22:36:39.856 15 RALLYDEBUG rally_openstack.cleanup.manager [-] Deleting neutron.port object s_rally_823bf14c_LD70Nipx (ff2a8093-d29e-4d4a-b9bc-01be74f273a8)
2020-03-02 22:36:39.964 15 RALLYDEBUG rally_openstack.cleanup.manager [-] Deleting neutron.port object s_rally_823bf14c_r1EWAoH3 (fff2df90-e26d-411b-979b-f025498efda8)
2020-03-02 22:36:42.265 15 RALLYDEBUG rally_openstack.cleanup.manager [-] Cleaning up neutron subnet objects
2020-03-02 22:36:42.433 15 RALLYDEBUG rally_openstack.cleanup.manager [-] Cleaning up neutron network objects
2020-03-02 22:36:42.695 15 RALLYDEBUG rally_openstack.cleanup.manager [-] Deleting neutron.network object s_rally_823bf14c_uGMjcGGr (01729ccc-cf00-4c08-8dc5-06f810e89d28)
2020-03-02 22:36:42.700 15 RALLYDEBUG rally_openstack.cleanup.manager [-] Deleting neutron.network object s_rally_823bf14c_qQd37DtE (3c2e37da-d2a9-47b9-ae63-99faf5251f1c)
2020-03-02 22:36:42.707 15 RALLYDEBUG rally_openstack.cleanup.manager [-] Deleting neutron.network object s_rally_823bf14c_Vqp2Xtfs (7ce2dfad-5d79-480d-b36d-d6e280a719de)
2020-03-02 22:36:42.720 15 RALLYDEBUG rally_openstack.cleanup.manager [-] Deleting neutron.network object s_rally_823bf14c_EEolFSyX (a5b889d7-3e60-4b51-8459-d3104893e62d)
2020-03-02 22:36:42.729 15 RALLYDEBUG rally_openstack.cleanup.manager [-] Deleting neutron.network object s_rally_823bf14c_IYGTU5JB (b987f521-c91a-4ec8-9b40-bd0e7b741481)
2020-03-02 22:36:42.749 15 RALLYDEBUG rally_openstack.cleanup.manager [-] Deleting neutron.network object s_rally_823bf14c_XzwDbrTg (cf4cc350-b2be-4988-aff1-c586a349e3cf)
2020-03-02 22:36:42.745 15 RALLYDEBUG rally_openstack.cleanup.manager [-] Deleting neutron.network object s_rally_823bf14c_LzzdkC6U (c42ead82-b4fb-4b59-aef2-64dcd471e05d)
2020-03-02 22:36:42.753 15 RALLYDEBUG rally_openstack.cleanup.manager [-] Deleting neutron.network object s_rally_823bf14c_6uB3m9QE (e760942c-ffe1-4628-bd88-473643838163)
2020-03-02 22:36:45.250 15 RALLYDEBUG rally_openstack.cleanup.manager [-] Cleaning up neutron router objects
2020-03-02 22:36:45.436 15 RALLYDEBUG rally_openstack.cleanup.manager [-] Cleaning up neutron security_group objects
2020-03-02 22:36:45.657 15 INFO rally.task.context [-] Task b95e4f98-6813-4603-b042-78562fc719b2 | Context cleanup@openstack cleanup() finished in 52.15 sec
2020-03-02 22:36:45.658 15 INFO rally.task.context [-] Task b95e4f98-6813-4603-b042-78562fc719b2 | Context quotas@openstack cleanup() started
2020-03-02 22:36:45.728 15 INFO rally.task.context [-] Task b95e4f98-6813-4603-b042-78562fc719b2 | Context quotas@openstack cleanup() finished in 70.29 msec
2020-03-02 22:36:45.728 15 INFO rally.task.context [-] Task b95e4f98-6813-4603-b042-78562fc719b2 | Context users@openstack cleanup() started
2020-03-02 22:36:47.332 15 INFO rally.task.context [-] Task b95e4f98-6813-4603-b042-78562fc719b2 | Context users@openstack cleanup() finished in 1.60 sec
2020-03-02 22:36:48.232 15 INFO rally.task.engine [-] Load duration is: 160.898655
2020-03-02 22:36:48.233 15 INFO rally.task.engine [-] Full runner duration is: 160.947432
2020-03-02 22:36:48.233 15 INFO rally.task.engine [-] Full duration is: 215.951932
2020-03-02 22:36:48.302 15 INFO rally.task.engine [-] Running workload: position = 1 config = { "version": 2, "title": "A cropped version of a bigger task.", "description": "Auto-generated task from a single workload (uuid=988abaef-abc6-446b-8211-b823150461bb)", "subtasks": [ { "title": "NeutronNetworks.create_and_update_ports", "description": "Create and update a given number of ports.", "scenario": { "NeutronNetworks.create_and_update_ports": { "network_create_args": {}, "port_create_args": {}, "ports_per_network": 5, "port_update_args": { "admin_state_up": false, "device_id": "dummy_id", "device_owner": "dummy_owner", "name": "_port_updated" } } }, "contexts": { "users": { "tenants": 1, "users_per_tenant": 1 }, "quotas": { "neutron": { "network": -1, "port": -1 } } }, "runner": { "constant": { "times": 40, "concurrency": 20 } }, "hooks": [], "sla": { "failure_rate": { "max": 0 } } } ] }
2020-03-02 22:36:48.322 15 RALLYDEBUG rally_openstack.contexts.keystone.users [-] Creating 1 tenants using 20 threads
2020-03-02 22:36:48.662 15 RALLYDEBUG rally_openstack.contexts.keystone.users [-] Creating 1 users using 20 threads
2020-03-02 22:36:49.255 15 INFO rally.task.context [-] Task b95e4f98-6813-4603-b042-78562fc719b2 | Context users@openstack setup() finished in 0.93 sec
2020-03-02 22:36:49.558 15 INFO rally.task.context [-] Task b95e4f98-6813-4603-b042-78562fc719b2 | Context quotas@openstack setup() finished in 0.30 sec
2020-03-02 22:36:49.559 15 INFO rally.task.context [-] Task b95e4f98-6813-4603-b042-78562fc719b2 | Context cleanup@openstack setup() finished in 0.01 msec
2020-03-02 22:36:49.568 15 RALLYDEBUG rally.task.runner [-] Starting the constant runner (task UUID: b95e4f98-6813-4603-b042-78562fc719b2). timeout: 0 concurrency: 20 concurrency_per_worker: 1 times: 40 concurrency_overhead: 0 processes_to_start: 20 max_cpu_used: 88
2020-03-02 22:36:49.583 4199 RALLYDEBUG rally.task.runner [-] Starting a worker. concurrency: 1 args: {"network_create_args": {}, "port_create_args": {}, "ports_per_network": 5, "port_update_args": {"admin_state_up": false, "device_id": "dummy_id", "device_owner": "dummy_owner", "name": "_port_updated"}} times: 40 method_name: run timeout: 0 duration: None cls:
2020-03-02 22:36:49.587 4200 RALLYDEBUG rally.task.runner [-] Starting a worker. concurrency: 1 args: {"network_create_args": {}, "port_create_args": {}, "ports_per_network": 5, "port_update_args": {"admin_state_up": false, "device_id": "dummy_id", "device_owner": "dummy_owner", "name": "_port_updated"}} times: 40 method_name: run timeout: 0 duration: None cls:
2020-03-02 22:36:49.589 4201 RALLYDEBUG rally.task.runner [-] Starting a worker. concurrency: 1 args: {"network_create_args": {}, "port_create_args": {}, "ports_per_network": 5, "port_update_args": {"admin_state_up": false, "device_id": "dummy_id", "device_owner": "dummy_owner", "name": "_port_updated"}} times: 40 method_name: run timeout: 0 duration: None cls:
2020-03-02 22:36:49.592 4202 RALLYDEBUG rally.task.runner [-] Starting a worker. concurrency: 1 args: {"network_create_args": {}, "port_create_args": {}, "ports_per_network": 5, "port_update_args": {"admin_state_up": false, "device_id": "dummy_id", "device_owner": "dummy_owner", "name": "_port_updated"}} times: 40 method_name: run timeout: 0 duration: None cls:
2020-03-02 22:36:49.593 4200 INFO rally.task.runner [-] Task b95e4f98-6813-4603-b042-78562fc719b2 | ITER: 2 START
2020-03-02 22:36:49.595 4200 WARNING rally_openstack.scenarios.neutron.utils [-] Running this scenario without either the 'network' or 'existing_network' context is deprecated
2020-03-02 22:36:49.595 4201 INFO rally.task.runner [-] Task b95e4f98-6813-4603-b042-78562fc719b2 | ITER: 3 START
2020-03-02 22:36:49.596 4199 INFO rally.task.runner [-] Task b95e4f98-6813-4603-b042-78562fc719b2 | ITER: 1 START
2020-03-02 22:36:49.596 4204 RALLYDEBUG rally.task.runner [-] Starting a worker. concurrency: 1 args: {"network_create_args": {}, "port_create_args": {}, "ports_per_network": 5, "port_update_args": {"admin_state_up": false, "device_id": "dummy_id", "device_owner": "dummy_owner", "name": "_port_updated"}} times: 40 method_name: run timeout: 0 duration: None cls:
2020-03-02 22:36:49.596 4201 WARNING rally_openstack.scenarios.neutron.utils [-] Running this scenario without either the 'network' or 'existing_network' context is deprecated
2020-03-02 22:36:49.597 4199 WARNING rally_openstack.scenarios.neutron.utils [-] Running this scenario without either the 'network' or 'existing_network' context is deprecated
2020-03-02 22:36:49.599 4202 INFO rally.task.runner [-] Task b95e4f98-6813-4603-b042-78562fc719b2 | ITER: 4 START
2020-03-02 22:36:49.599 4205 RALLYDEBUG rally.task.runner [-] Starting a worker. concurrency: 1 args: {"network_create_args": {}, "port_create_args": {}, "ports_per_network": 5, "port_update_args": {"admin_state_up": false, "device_id": "dummy_id", "device_owner": "dummy_owner", "name": "_port_updated"}} times: 40 method_name: run timeout: 0 duration: None cls:
2020-03-02 22:36:49.600 4202 WARNING rally_openstack.scenarios.neutron.utils [-] Running this scenario without either the 'network' or 'existing_network' context is deprecated
2020-03-02 22:36:49.602 4204 INFO rally.task.runner [-] Task b95e4f98-6813-4603-b042-78562fc719b2 | ITER: 5 START
2020-03-02 22:36:49.603 4204 WARNING rally_openstack.scenarios.neutron.utils [-] Running this scenario without either the 'network' or 'existing_network' context is deprecated
2020-03-02 22:36:49.605 4205 INFO rally.task.runner [-] Task b95e4f98-6813-4603-b042-78562fc719b2 | ITER: 6 START
2020-03-02 22:36:49.605 4210 RALLYDEBUG rally.task.runner [-] Starting a worker. concurrency: 1 args: {"network_create_args": {}, "port_create_args": {}, "ports_per_network": 5, "port_update_args": {"admin_state_up": false, "device_id": "dummy_id", "device_owner": "dummy_owner", "name": "_port_updated"}} times: 40 method_name: run timeout: 0 duration: None cls:
2020-03-02 22:36:49.606 4205 WARNING rally_openstack.scenarios.neutron.utils [-] Running this scenario without either the 'network' or 'existing_network' context is deprecated
2020-03-02 22:36:49.605 4213 RALLYDEBUG rally.task.runner [-] Starting a worker. concurrency: 1 args: {"network_create_args": {}, "port_create_args": {}, "ports_per_network": 5, "port_update_args": {"admin_state_up": false, "device_id": "dummy_id", "device_owner": "dummy_owner", "name": "_port_updated"}} times: 40 method_name: run timeout: 0 duration: None cls:
2020-03-02 22:36:49.609 4216 RALLYDEBUG rally.task.runner [-] Starting a worker. concurrency: 1 args: {"network_create_args": {}, "port_create_args": {}, "ports_per_network": 5, "port_update_args": {"admin_state_up": false, "device_id": "dummy_id", "device_owner": "dummy_owner", "name": "_port_updated"}} times: 40 method_name: run timeout: 0 duration: None cls:
2020-03-02 22:36:49.611 4210 INFO rally.task.runner [-] Task b95e4f98-6813-4603-b042-78562fc719b2 | ITER: 7 START
2020-03-02 22:36:49.612 4213 INFO rally.task.runner [-] Task b95e4f98-6813-4603-b042-78562fc719b2 | ITER: 8 START
2020-03-02 22:36:49.612 4210 WARNING rally_openstack.scenarios.neutron.utils [-] Running this scenario without either the 'network' or 'existing_network' context is deprecated
2020-03-02 22:36:49.612 4219 RALLYDEBUG rally.task.runner [-] Starting a worker. concurrency: 1 args: {"network_create_args": {}, "port_create_args": {}, "ports_per_network": 5, "port_update_args": {"admin_state_up": false, "device_id": "dummy_id", "device_owner": "dummy_owner", "name": "_port_updated"}} times: 40 method_name: run timeout: 0 duration: None cls:
2020-03-02 22:36:49.613 4213 WARNING rally_openstack.scenarios.neutron.utils [-] Running this scenario without either the 'network' or 'existing_network' context is deprecated
2020-03-02 22:36:49.615 4216 INFO rally.task.runner [-] Task b95e4f98-6813-4603-b042-78562fc719b2 | ITER: 9 START
2020-03-02 22:36:49.615 4221 RALLYDEBUG rally.task.runner [-] Starting a worker. concurrency: 1 args: {"network_create_args": {}, "port_create_args": {}, "ports_per_network": 5, "port_update_args": {"admin_state_up": false, "device_id": "dummy_id", "device_owner": "dummy_owner", "name": "_port_updated"}} times: 40 method_name: run timeout: 0 duration: None cls:
2020-03-02 22:36:49.616 4216 WARNING rally_openstack.scenarios.neutron.utils [-] Running this scenario without either the 'network' or 'existing_network' context is deprecated
2020-03-02 22:36:49.617 4219 INFO rally.task.runner [-] Task b95e4f98-6813-4603-b042-78562fc719b2 | ITER: 10 START
2020-03-02 22:36:49.619 4219 WARNING rally_openstack.scenarios.neutron.utils [-] Running this scenario without either the 'network' or 'existing_network' context is deprecated
2020-03-02 22:36:49.619 4225 RALLYDEBUG rally.task.runner [-] Starting a worker. concurrency: 1 args: {"network_create_args": {}, "port_create_args": {}, "ports_per_network": 5, "port_update_args": {"admin_state_up": false, "device_id": "dummy_id", "device_owner": "dummy_owner", "name": "_port_updated"}} times: 40 method_name: run timeout: 0 duration: None cls:
2020-03-02 22:36:49.621 4221 INFO rally.task.runner [-] Task b95e4f98-6813-4603-b042-78562fc719b2 | ITER: 11 START
2020-03-02 22:36:49.622 4221 WARNING rally_openstack.scenarios.neutron.utils [-] Running this scenario without either the 'network' or 'existing_network' context is deprecated
2020-03-02 22:36:49.621 4229 RALLYDEBUG rally.task.runner [-] Starting a worker. concurrency: 1 args: {"network_create_args": {}, "port_create_args": {}, "ports_per_network": 5, "port_update_args": {"admin_state_up": false, "device_id": "dummy_id", "device_owner": "dummy_owner", "name": "_port_updated"}} times: 40 method_name: run timeout: 0 duration: None cls:
2020-03-02 22:36:49.625 4225 INFO rally.task.runner [-] Task b95e4f98-6813-4603-b042-78562fc719b2 | ITER: 12 START
2020-03-02 22:36:49.625 4232 RALLYDEBUG rally.task.runner [-] Starting a worker. concurrency: 1 args: {"network_create_args": {}, "port_create_args": {}, "ports_per_network": 5, "port_update_args": {"admin_state_up": false, "device_id": "dummy_id", "device_owner": "dummy_owner", "name": "_port_updated"}} times: 40 method_name: run timeout: 0 duration: None cls:
2020-03-02 22:36:49.626 4225 WARNING rally_openstack.scenarios.neutron.utils [-] Running this scenario without either the 'network' or 'existing_network' context is deprecated
2020-03-02 22:36:49.628 4229 INFO rally.task.runner [-] Task b95e4f98-6813-4603-b042-78562fc719b2 | ITER: 13 START
2020-03-02 22:36:49.629 4229 WARNING rally_openstack.scenarios.neutron.utils [-] Running this scenario without either the 'network' or 'existing_network' context is deprecated
2020-03-02 22:36:49.630 4235 RALLYDEBUG rally.task.runner [-] Starting a worker. concurrency: 1 args: {"network_create_args": {}, "port_create_args": {}, "ports_per_network": 5, "port_update_args": {"admin_state_up": false, "device_id": "dummy_id", "device_owner": "dummy_owner", "name": "_port_updated"}} times: 40 method_name: run timeout: 0 duration: None cls:
2020-03-02 22:36:49.631 4232 INFO rally.task.runner [-] Task b95e4f98-6813-4603-b042-78562fc719b2 | ITER: 14 START
2020-03-02 22:36:49.632 4232 WARNING rally_openstack.scenarios.neutron.utils [-] Running this scenario without either the 'network' or 'existing_network' context is deprecated
2020-03-02 22:36:49.631 4237 RALLYDEBUG rally.task.runner [-] Starting a worker. concurrency: 1 args: {"network_create_args": {}, "port_create_args": {}, "ports_per_network": 5, "port_update_args": {"admin_state_up": false, "device_id": "dummy_id", "device_owner": "dummy_owner", "name": "_port_updated"}} times: 40 method_name: run timeout: 0 duration: None cls:
2020-03-02 22:36:49.633 4241 RALLYDEBUG rally.task.runner [-] Starting a worker. concurrency: 1 args: {"network_create_args": {}, "port_create_args": {}, "ports_per_network": 5, "port_update_args": {"admin_state_up": false, "device_id": "dummy_id", "device_owner": "dummy_owner", "name": "_port_updated"}} times: 40 method_name: run timeout: 0 duration: None cls:
2020-03-02 22:36:49.635 4235 INFO rally.task.runner [-] Task b95e4f98-6813-4603-b042-78562fc719b2 | ITER: 15 START
2020-03-02 22:36:49.636 4235 WARNING rally_openstack.scenarios.neutron.utils [-] Running this scenario without either the 'network' or 'existing_network' context is deprecated
2020-03-02 22:36:49.637 4243 RALLYDEBUG rally.task.runner [-] Starting a worker. concurrency: 1 args: {"network_create_args": {}, "port_create_args": {}, "ports_per_network": 5, "port_update_args": {"admin_state_up": false, "device_id": "dummy_id", "device_owner": "dummy_owner", "name": "_port_updated"}} times: 40 method_name: run timeout: 0 duration: None cls:
2020-03-02 22:36:49.637 4237 INFO rally.task.runner [-] Task b95e4f98-6813-4603-b042-78562fc719b2 | ITER: 16 START
2020-03-02 22:36:49.638 4237 WARNING rally_openstack.scenarios.neutron.utils [-] Running this scenario without either the 'network' or 'existing_network' context is deprecated
2020-03-02 22:36:49.639 4241 INFO rally.task.runner [-] Task b95e4f98-6813-4603-b042-78562fc719b2 | ITER: 17 START
2020-03-02 22:36:49.640 4241 WARNING rally_openstack.scenarios.neutron.utils [-] Running this scenario without either the 'network' or 'existing_network' context is deprecated
2020-03-02 22:36:49.640 4245 RALLYDEBUG rally.task.runner [-] Starting a worker. concurrency: 1 args: {"network_create_args": {}, "port_create_args": {}, "ports_per_network": 5, "port_update_args": {"admin_state_up": false, "device_id": "dummy_id", "device_owner": "dummy_owner", "name": "_port_updated"}} times: 40 method_name: run timeout: 0 duration: None cls:
2020-03-02 22:36:49.642 4243 INFO rally.task.runner [-] Task b95e4f98-6813-4603-b042-78562fc719b2 | ITER: 18 START
2020-03-02 22:36:49.643 4243 WARNING rally_openstack.scenarios.neutron.utils [-] Running this scenario without either the 'network' or 'existing_network' context is deprecated
2020-03-02 22:36:49.643 4248 RALLYDEBUG rally.task.runner [-] Starting a worker. concurrency: 1 args: {"network_create_args": {}, "port_create_args": {}, "ports_per_network": 5, "port_update_args": {"admin_state_up": false, "device_id": "dummy_id", "device_owner": "dummy_owner", "name": "_port_updated"}} times: 40 method_name: run timeout: 0 duration: None cls:
2020-03-02 22:36:49.649 4248 INFO rally.task.runner [-] Task b95e4f98-6813-4603-b042-78562fc719b2 | ITER: 20 START
2020-03-02 22:36:49.651 4248 WARNING rally_openstack.scenarios.neutron.utils [-] Running this scenario without either the 'network' or 'existing_network' context is deprecated
2020-03-02 22:36:49.651 4245 INFO rally.task.runner [-] Task b95e4f98-6813-4603-b042-78562fc719b2 | ITER: 19 START
2020-03-02 22:36:49.652 4245 WARNING rally_openstack.scenarios.neutron.utils [-] Running this scenario without either the 'network' or 'existing_network' context is deprecated
2020-03-02 22:37:14.962 4199 INFO rally.task.runner [-] Task b95e4f98-6813-4603-b042-78562fc719b2 | ITER: 1 END: OK
2020-03-02 22:37:14.967 4199 INFO rally.task.runner [-] Task b95e4f98-6813-4603-b042-78562fc719b2 | ITER: 21 START
2020-03-02 22:37:14.968 4199 WARNING rally_openstack.scenarios.neutron.utils [-] Running this scenario without either the 'network' or 'existing_network' context is deprecated
2020-03-02 22:37:16.125 4243 INFO rally.task.runner [-] Task b95e4f98-6813-4603-b042-78562fc719b2 | ITER: 18 END: OK
2020-03-02 22:37:16.130 4243 INFO rally.task.runner [-] Task b95e4f98-6813-4603-b042-78562fc719b2 | ITER: 22 START
2020-03-02 22:37:16.131 4243 WARNING rally_openstack.scenarios.neutron.utils [-] Running this scenario without either the 'network' or 'existing_network' context is deprecated
2020-03-02 22:37:18.410 4205 INFO rally.task.runner [-] Task b95e4f98-6813-4603-b042-78562fc719b2 | ITER: 6 END: OK
2020-03-02 22:37:18.416 4210 INFO rally.task.runner [-] Task b95e4f98-6813-4603-b042-78562fc719b2 | ITER: 7 END: OK
2020-03-02 22:37:18.419 4205 INFO rally.task.runner [-] Task b95e4f98-6813-4603-b042-78562fc719b2 | ITER: 23 START
2020-03-02 22:37:18.420 4205 WARNING rally_openstack.scenarios.neutron.utils [-] Running this scenario without either the 'network' or 'existing_network' context is deprecated
2020-03-02 22:37:18.425 4210 INFO rally.task.runner [-] Task b95e4f98-6813-4603-b042-78562fc719b2 | ITER: 24 START
2020-03-02 22:37:18.426 4210 WARNING rally_openstack.scenarios.neutron.utils [-] Running this scenario without either the 'network' or 'existing_network' context is deprecated
2020-03-02 22:37:19.448 4213 INFO rally.task.runner [-] Task b95e4f98-6813-4603-b042-78562fc719b2 | ITER: 8 END: OK
2020-03-02 22:37:19.457 4213 INFO rally.task.runner [-] Task b95e4f98-6813-4603-b042-78562fc719b2 | ITER: 25 START
2020-03-02 22:37:19.459 4213 WARNING rally_openstack.scenarios.neutron.utils [-] Running this scenario without either the 'network' or 'existing_network' context is deprecated
2020-03-02 22:37:20.564 4248 INFO rally.task.runner [-] Task b95e4f98-6813-4603-b042-78562fc719b2 | ITER: 20 END: OK
2020-03-02 22:37:20.572 4248 INFO rally.task.runner [-] Task b95e4f98-6813-4603-b042-78562fc719b2 | ITER: 26 START
2020-03-02 22:37:20.573 4248 WARNING rally_openstack.scenarios.neutron.utils [-] Running this scenario without either the 'network' or 'existing_network' context is deprecated
2020-03-02 22:37:24.532 4219 INFO rally.task.runner [-] Task b95e4f98-6813-4603-b042-78562fc719b2 | ITER: 10 END: OK
2020-03-02 22:37:24.540 4219 INFO rally.task.runner [-] Task b95e4f98-6813-4603-b042-78562fc719b2 | ITER: 27 START
2020-03-02 22:37:24.541 4219 WARNING rally_openstack.scenarios.neutron.utils [-] Running this scenario without either the 'network' or 'existing_network' context is deprecated
2020-03-02 22:37:24.763 4241 INFO rally.task.runner [-] Task b95e4f98-6813-4603-b042-78562fc719b2 | ITER: 17 END: OK
2020-03-02 22:37:24.771 4241 INFO rally.task.runner [-] Task b95e4f98-6813-4603-b042-78562fc719b2 | ITER: 28 START
2020-03-02 22:37:24.772 4241 WARNING rally_openstack.scenarios.neutron.utils [-] Running this scenario without either the 'network' or 'existing_network' context is deprecated
2020-03-02 22:37:25.184 4232 INFO rally.task.runner [-] Task b95e4f98-6813-4603-b042-78562fc719b2 | ITER: 14 END: OK
2020-03-02 22:37:25.191 4232 INFO rally.task.runner [-] Task b95e4f98-6813-4603-b042-78562fc719b2 | ITER: 29 START
2020-03-02 22:37:25.192 4232 WARNING rally_openstack.scenarios.neutron.utils [-] Running this scenario without either the 'network' or 'existing_network' context is deprecated
2020-03-02 22:37:25.214 4245 INFO rally.task.runner [-] Task b95e4f98-6813-4603-b042-78562fc719b2 | ITER: 19 END: OK
2020-03-02 22:37:25.222 4245 INFO rally.task.runner [-] Task b95e4f98-6813-4603-b042-78562fc719b2 | ITER: 30 START
2020-03-02 22:37:25.223 4245 WARNING rally_openstack.scenarios.neutron.utils [-] Running this scenario without either the 'network' or 'existing_network' context is deprecated
2020-03-02 22:37:25.856 4237 INFO rally.task.runner [-] Task b95e4f98-6813-4603-b042-78562fc719b2 | ITER: 16 END: OK
2020-03-02 22:37:25.863 4237 INFO rally.task.runner [-] Task b95e4f98-6813-4603-b042-78562fc719b2 | ITER: 31 START
2020-03-02 22:37:25.864 4237 WARNING rally_openstack.scenarios.neutron.utils [-] Running this scenario without either the 'network' or 'existing_network' context is deprecated
2020-03-02 22:37:27.279 4229 INFO rally.task.runner [-] Task b95e4f98-6813-4603-b042-78562fc719b2 | ITER: 13 END: OK
2020-03-02 22:37:27.286 4229 INFO rally.task.runner [-] Task b95e4f98-6813-4603-b042-78562fc719b2 | ITER: 32 START
2020-03-02 22:37:27.287 4229 WARNING rally_openstack.scenarios.neutron.utils [-] Running this scenario without either the 'network' or 'existing_network' context is deprecated
2020-03-02 22:37:27.529 4200 INFO rally.task.runner [-] Task b95e4f98-6813-4603-b042-78562fc719b2 | ITER: 2 END: OK
2020-03-02 22:37:27.537 4200 INFO rally.task.runner [-] Task b95e4f98-6813-4603-b042-78562fc719b2 | ITER: 33 START
2020-03-02 22:37:27.538 4200 WARNING rally_openstack.scenarios.neutron.utils [-] Running this scenario without either the 'network' or 'existing_network' context is deprecated
2020-03-02 22:37:27.716 4201 INFO rally.task.runner [-] Task b95e4f98-6813-4603-b042-78562fc719b2 | ITER: 3 END: OK
2020-03-02 22:37:27.723 4201 INFO rally.task.runner [-] Task b95e4f98-6813-4603-b042-78562fc719b2 | ITER: 34 START
2020-03-02 22:37:27.724 4201 WARNING rally_openstack.scenarios.neutron.utils [-] Running this scenario without either the 'network' or 'existing_network' context is deprecated
2020-03-02 22:37:27.982 4216 INFO rally.task.runner [-] Task b95e4f98-6813-4603-b042-78562fc719b2 | ITER: 9 END: OK
2020-03-02 22:37:27.990 4216 INFO rally.task.runner [-] Task b95e4f98-6813-4603-b042-78562fc719b2 | ITER: 35 START
2020-03-02 22:37:27.991 4216 WARNING rally_openstack.scenarios.neutron.utils [-] Running this scenario without either the 'network' or 'existing_network' context is deprecated
2020-03-02 22:37:32.049 4204 INFO rally.task.runner [-] Task b95e4f98-6813-4603-b042-78562fc719b2 | ITER: 5 END: OK
2020-03-02 22:37:32.057 4204 INFO rally.task.runner [-] Task b95e4f98-6813-4603-b042-78562fc719b2 | ITER: 36 START
2020-03-02 22:37:32.058 4204 WARNING rally_openstack.scenarios.neutron.utils [-] Running this scenario without either the 'network' or 'existing_network' context is deprecated
2020-03-02 22:37:32.119 4235 INFO rally.task.runner [-] Task b95e4f98-6813-4603-b042-78562fc719b2 | ITER: 15 END: OK
2020-03-02 22:37:32.127 4235 INFO rally.task.runner [-] Task b95e4f98-6813-4603-b042-78562fc719b2 | ITER: 37 START
2020-03-02 22:37:32.127 4235 WARNING rally_openstack.scenarios.neutron.utils [-] Running this scenario without either the 'network' or 'existing_network' context is deprecated
2020-03-02 22:37:32.404 4225 INFO rally.task.runner [-] Task b95e4f98-6813-4603-b042-78562fc719b2 | ITER: 12 END: OK
2020-03-02 22:37:32.412 4225 INFO rally.task.runner [-] Task b95e4f98-6813-4603-b042-78562fc719b2 | ITER: 38 START
2020-03-02 22:37:32.414 4225 WARNING rally_openstack.scenarios.neutron.utils [-] Running this scenario without either the 'network' or 'existing_network' context is deprecated
2020-03-02 22:37:32.973 4202 INFO rally.task.runner [-] Task b95e4f98-6813-4603-b042-78562fc719b2 | ITER: 4 END: OK
2020-03-02 22:37:32.980 4202 INFO rally.task.runner [-] Task b95e4f98-6813-4603-b042-78562fc719b2 | ITER: 39 START
2020-03-02 22:37:32.981 4202 WARNING rally_openstack.scenarios.neutron.utils [-] Running this scenario without either the 'network' or 'existing_network' context is deprecated
2020-03-02 22:37:34.776 4221 INFO rally.task.runner [-] Task b95e4f98-6813-4603-b042-78562fc719b2 | ITER: 11 END: OK
2020-03-02 22:37:34.784 4221 INFO rally.task.runner [-] Task b95e4f98-6813-4603-b042-78562fc719b2 | ITER: 40 START
2020-03-02 22:37:34.785 4221 WARNING rally_openstack.scenarios.neutron.utils [-] Running this scenario without either the 'network' or 'existing_network' context is deprecated
2020-03-02 22:37:54.494 4243 INFO rally.task.runner [-] Task b95e4f98-6813-4603-b042-78562fc719b2 | ITER: 22 END: OK
2020-03-02 22:37:57.630 4210 INFO rally.task.runner [-] Task b95e4f98-6813-4603-b042-78562fc719b2 | ITER: 24 END: OK
2020-03-02 22:37:57.726 4199 INFO rally.task.runner [-] Task b95e4f98-6813-4603-b042-78562fc719b2 | ITER: 21 END: OK
2020-03-02 22:38:00.444 4213 INFO rally.task.runner [-] Task b95e4f98-6813-4603-b042-78562fc719b2 | ITER: 25 END: OK
2020-03-02 22:38:03.258 4248 INFO rally.task.runner [-] Task b95e4f98-6813-4603-b042-78562fc719b2 | ITER: 26 END: OK
2020-03-02 22:38:03.792 4205 INFO rally.task.runner [-] Task b95e4f98-6813-4603-b042-78562fc719b2 | ITER: 23 END: OK
2020-03-02 22:38:04.493 4245 INFO rally.task.runner [-] Task b95e4f98-6813-4603-b042-78562fc719b2 | ITER: 30 END: OK
2020-03-02 22:38:04.644 4200 INFO rally.task.runner [-] Task b95e4f98-6813-4603-b042-78562fc719b2 | ITER: 33 END: OK
2020-03-02 22:38:04.821 4201 INFO rally.task.runner [-] Task b95e4f98-6813-4603-b042-78562fc719b2 | ITER: 34 END: OK
2020-03-02 22:38:04.867 4232 INFO rally.task.runner [-] Task b95e4f98-6813-4603-b042-78562fc719b2 | ITER: 29 END: OK
2020-03-02 22:38:04.911 4216 INFO rally.task.runner [-] Task b95e4f98-6813-4603-b042-78562fc719b2 | ITER: 35 END: OK
2020-03-02 22:38:05.031 4219 INFO rally.task.runner [-] Task b95e4f98-6813-4603-b042-78562fc719b2 | ITER: 27 END: OK
2020-03-02 22:38:05.308 4229 INFO rally.task.runner [-] Task b95e4f98-6813-4603-b042-78562fc719b2 | ITER: 32 END: OK
2020-03-02 22:38:05.441 4237 INFO rally.task.runner [-] Task b95e4f98-6813-4603-b042-78562fc719b2 | ITER: 31 END: OK
2020-03-02 22:38:05.835 4241 INFO rally.task.runner [-] Task b95e4f98-6813-4603-b042-78562fc719b2 | ITER: 28 END: OK
2020-03-02 22:38:08.230 4202 INFO rally.task.runner [-] Task b95e4f98-6813-4603-b042-78562fc719b2 | ITER: 39 END: OK
2020-03-02 22:38:08.546 4235 INFO rally.task.runner [-] Task b95e4f98-6813-4603-b042-78562fc719b2 | ITER: 37 END: OK
2020-03-02 22:38:08.729 4204 INFO rally.task.runner [-] Task b95e4f98-6813-4603-b042-78562fc719b2 | ITER: 36 END: OK
2020-03-02 22:38:09.049 4225 INFO rally.task.runner [-] Task b95e4f98-6813-4603-b042-78562fc719b2 | ITER: 38 END: OK
2020-03-02 22:38:09.076 4221 INFO rally.task.runner [-] Task b95e4f98-6813-4603-b042-78562fc719b2 | ITER: 40 END: OK
2020-03-02 22:38:09.097 15 INFO rally.task.context [-] Task b95e4f98-6813-4603-b042-78562fc719b2 | Context cleanup@openstack cleanup() started
2020-03-02 22:38:09.100 15 RALLYDEBUG rally_openstack.cleanup.manager [-] Cleaning up neutron vip objects
2020-03-02 22:38:09.274 15 RALLYDEBUG rally_openstack.cleanup.manager [-] Cleaning up neutron health_monitor objects
2020-03-02 22:38:09.423 15 RALLYDEBUG rally_openstack.cleanup.manager [-] Cleaning up neutron pool objects
2020-03-02 22:38:09.581 15 RALLYDEBUG rally_openstack.cleanup.manager [-] Cleaning up neutron loadbalancer objects
2020-03-02 22:38:09.744 15 RALLYDEBUG rally_openstack.cleanup.manager [-] Cleaning up neutron floatingip objects
2020-03-02 22:38:09.914 15 RALLYDEBUG rally_openstack.cleanup.manager [-] Cleaning up neutron trunk objects
2020-03-02 22:38:10.071 15 DEBUG neutronclient.v2_0.client [-] Error message: {"message": "The resource could not be found.

\n\n\n", "code": "404 Not Found", "title": "Not Found"} _handle_fault_response /usr/lib/python2.7/site-packages/neutronclient/v2_0/client.py:259
2020-03-02 22:38:10.081 15 RALLYDEBUG rally_openstack.cleanup.manager [-] Cleaning up neutron port objects
2020-03-02 22:38:10.982 15 RALLYDEBUG rally_openstack.cleanup.manager [-] Deleting neutron.port object s_rally_988abaef_W7xRf33X (0728d29f-d5fe-4ed3-8e15-16dd3e97b0a9)
2020-03-02 22:38:10.983 15 RALLYDEBUG rally_openstack.cleanup.manager [-] Deleting neutron.port object s_rally_988abaef_25pxN3w1 (088062a7-a0f5-43bf-a23c-2308f392123c)
2020-03-02 22:38:10.982 15 RALLYDEBUG rally_openstack.cleanup.manager [-] Deleting neutron.port object s_rally_988abaef_WuVKioVM (03f0913a-391b-44f7-bc9f-04583a56fb00)
2020-03-02 22:38:10.988 15 RALLYDEBUG rally_openstack.cleanup.manager [-] Deleting neutron.port object s_rally_988abaef_SytYjREd (0a8988d2-2a2b-4a90-802a-e5753c70c5a6)
2020-03-02 22:38:10.992 15 RALLYDEBUG rally_openstack.cleanup.manager [-] Deleting neutron.port object s_rally_988abaef_lIIMqIZu (0d2c2613-e57a-4e3d-a592-0ebeeb7d9eae)
2020-03-02 22:38:10.996 15 RALLYDEBUG rally_openstack.cleanup.manager [-] Deleting neutron.port object s_rally_988abaef_0EfooTGU (01d7ff48-b203-4c68-b424-d2a51c8fc868)
2020-03-02 22:38:10.999 15 RALLYDEBUG rally_openstack.cleanup.manager [-] Deleting neutron.port object s_rally_988abaef_d1JdlGaW (11df5b1d-3058-4833-b455-515775459832)
2020-03-02 22:38:11.010 15 RALLYDEBUG rally_openstack.cleanup.manager [-] Deleting neutron.port object s_rally_988abaef_R6R5ISDq (12534793-7087-4283-8102-3c6abc793e16)
