2020-03-02 20:24:29.464 725 DEBUG novaclient.v2.client [-] RESP BODY: {"keypairs": []} _http_log_response /usr/lib/python2.7/site-packages/keystoneauth1/session.py:511
2020-03-02 20:24:29.464 725 DEBUG novaclient.v2.client [-] GET call to compute for http://compute-airship.intel-pod15.opnfv.org:80/v2.1/os-keypairs used request id req-910abd90-6ddb-4f58-9fce-6839aca8a96f request /usr/lib/python2.7/site-packages/keystoneauth1/session.py:844
2020-03-02 20:24:29.475 725 RALLYDEBUG rally_openstack.cleanup.manager [-] Cleaning up glance images objects
2020-03-02 20:24:30.363 725 RALLYDEBUG rally_openstack.cleanup.manager [-] Deleting glance.images object s_rally_44e1915f_33l2h4ZJ (0da72399-60fa-4f8a-8908-d7bbb7353028)
2020-03-02 20:24:30.369 725 RALLYDEBUG rally_openstack.cleanup.manager [-] Deleting glance.images object s_rally_44e1915f_qSBpfUz1 (012df6d1-63e4-488c-9b34-b8bb5e15131a)
2020-03-02 20:24:30.380 725 RALLYDEBUG rally_openstack.cleanup.manager [-] Deleting glance.images object s_rally_44e1915f_7KhRuHDb (fc31b180-bafc-4ff3-9d7b-6296e6684e4f)
2020-03-02 20:24:30.392 725 RALLYDEBUG rally_openstack.cleanup.manager [-] Deleting glance.images object s_rally_44e1915f_15hpNyjV (f430bd72-f146-42c9-9208-603b241e5a87)
2020-03-02 20:24:30.397 725 RALLYDEBUG rally_openstack.cleanup.manager [-] Deleting glance.images object s_rally_44e1915f_CornHroM (82f45ba2-af96-42d3-9839-59bb7e29e3f7)
2020-03-02 20:24:30.404 725 RALLYDEBUG rally_openstack.cleanup.manager [-] Deleting glance.images object s_rally_44e1915f_FvkPkjzw (48ce08c8-c5fc-4a60-9465-a9c9398cb7bf)
2020-03-02 20:24:30.414 725 RALLYDEBUG rally_openstack.cleanup.manager [-] Deleting glance.images object s_rally_44e1915f_TOK6NVCW (c381bdbd-5ab5-4035-be53-d4024f756817)
2020-03-02 20:24:30.448 725 RALLYDEBUG rally_openstack.cleanup.manager [-] Deleting glance.images object s_rally_44e1915f_QnjgVLnh (b984166d-6677-421d-a05e-5370239e284d)
2020-03-02 20:24:30.452 725 RALLYDEBUG rally_openstack.cleanup.manager [-] Deleting glance.images object s_rally_44e1915f_w3j5JWtE (fcb89ee4-9e2b-430b-bd54-81e17c989dc1)
2020-03-02 20:24:30.472 725 RALLYDEBUG rally_openstack.cleanup.manager [-] Deleting glance.images object s_rally_44e1915f_dWpJ71Hz (d5cbe56f-2397-4306-8b4b-80846580d856)
2020-03-02 20:24:32.699 725 DEBUG glanceclient.common.http [-] Request returned failure status 404. _handle_response /usr/lib/python2.7/site-packages/glanceclient/common/http.py:125
2020-03-02 20:24:32.728 725 DEBUG glanceclient.common.http [-] Request returned failure status 404. _handle_response /usr/lib/python2.7/site-packages/glanceclient/common/http.py:125
2020-03-02 20:24:32.992 725 DEBUG glanceclient.common.http [-] Request returned failure status 404. _handle_response /usr/lib/python2.7/site-packages/glanceclient/common/http.py:125
2020-03-02 20:24:33.029 725 DEBUG glanceclient.common.http [-] Request returned failure status 404. _handle_response /usr/lib/python2.7/site-packages/glanceclient/common/http.py:125
2020-03-02 20:24:33.199 725 DEBUG glanceclient.common.http [-] Request returned failure status 404. _handle_response /usr/lib/python2.7/site-packages/glanceclient/common/http.py:125
2020-03-02 20:24:33.235 725 DEBUG glanceclient.common.http [-] Request returned failure status 404. _handle_response /usr/lib/python2.7/site-packages/glanceclient/common/http.py:125
2020-03-02 20:24:34.165 725 DEBUG glanceclient.common.http [-] Request returned failure status 404. _handle_response /usr/lib/python2.7/site-packages/glanceclient/common/http.py:125
2020-03-02 20:24:34.199 725 DEBUG glanceclient.common.http [-] Request returned failure status 404. _handle_response /usr/lib/python2.7/site-packages/glanceclient/common/http.py:125
2020-03-02 20:24:34.320 725 DEBUG glanceclient.common.http [-] Request returned failure status 404. _handle_response /usr/lib/python2.7/site-packages/glanceclient/common/http.py:125
2020-03-02 20:24:34.334 725 DEBUG glanceclient.common.http [-] Request returned failure status 404. _handle_response /usr/lib/python2.7/site-packages/glanceclient/common/http.py:125
2020-03-02 20:24:34.353 725 DEBUG glanceclient.common.http [-] Request returned failure status 404. _handle_response /usr/lib/python2.7/site-packages/glanceclient/common/http.py:125
2020-03-02 20:24:34.369 725 DEBUG glanceclient.common.http [-] Request returned failure status 404. _handle_response /usr/lib/python2.7/site-packages/glanceclient/common/http.py:125
2020-03-02 20:24:34.376 725 DEBUG glanceclient.common.http [-] Request returned failure status 404. _handle_response /usr/lib/python2.7/site-packages/glanceclient/common/http.py:125
2020-03-02 20:24:34.406 725 DEBUG glanceclient.common.http [-] Request returned failure status 404. _handle_response /usr/lib/python2.7/site-packages/glanceclient/common/http.py:125
2020-03-02 20:24:34.417 725 DEBUG glanceclient.common.http [-] Request returned failure status 404. _handle_response /usr/lib/python2.7/site-packages/glanceclient/common/http.py:125
2020-03-02 20:24:34.495 725 DEBUG glanceclient.common.http [-] Request returned failure status 404. _handle_response /usr/lib/python2.7/site-packages/glanceclient/common/http.py:125
2020-03-02 20:24:34.548 725 DEBUG glanceclient.common.http [-] Request returned failure status 404. _handle_response /usr/lib/python2.7/site-packages/glanceclient/common/http.py:125
2020-03-02 20:24:34.584 725 DEBUG glanceclient.common.http [-] Request returned failure status 404. _handle_response /usr/lib/python2.7/site-packages/glanceclient/common/http.py:125
2020-03-02 20:24:34.667 725 DEBUG glanceclient.common.http [-] Request returned failure status 404. _handle_response /usr/lib/python2.7/site-packages/glanceclient/common/http.py:125
2020-03-02 20:24:34.694 725 DEBUG glanceclient.common.http [-] Request returned failure status 404. _handle_response /usr/lib/python2.7/site-packages/glanceclient/common/http.py:125
2020-03-02 20:24:35.698 725 INFO rally.task.context [-] Task ab9c1c2b-88f4-4c79-8512-d32ad1e8200c | Context cleanup@openstack cleanup() finished in 43.22 sec
2020-03-02 20:24:35.698 725 INFO rally.task.context [-] Task ab9c1c2b-88f4-4c79-8512-d32ad1e8200c | Context quotas@openstack cleanup() started
2020-03-02 20:24:35.699 725 DEBUG novaclient.v2.client [-] REQ: curl -g -i -X DELETE http://compute-airship.intel-pod15.opnfv.org:80/v2.1/os-quota-sets/9e1108dcf8ee45f2b8f0fe2d75c6f205 -H "Accept: application/json" -H "User-Agent: python-novaclient" -H "X-Auth-Token: {SHA1}a5a80ffd6ad6cab0b208c2135432f88119cea2b4" _http_log_request /usr/lib/python2.7/site-packages/keystoneauth1/session.py:448
2020-03-02 20:24:35.784 725 DEBUG novaclient.v2.client [-] RESP: [202] Connection: keep-alive Content-Length: 0 Content-Type: application/json Date: Mon, 02 Mar 2020 20:24:35 GMT Openstack-Api-Version: compute 2.1 Vary: OpenStack-API-Version, X-OpenStack-Nova-API-Version X-Compute-Request-Id: req-89b45f20-1e27-4843-b2df-86af39007ff8 X-Openstack-Nova-Api-Version: 2.1 _http_log_response /usr/lib/python2.7/site-packages/keystoneauth1/session.py:479
2020-03-02 20:24:35.785 725 DEBUG novaclient.v2.client [-] DELETE call to compute for http://compute-airship.intel-pod15.opnfv.org:80/v2.1/os-quota-sets/9e1108dcf8ee45f2b8f0fe2d75c6f205 used request id req-89b45f20-1e27-4843-b2df-86af39007ff8 request /usr/lib/python2.7/site-packages/keystoneauth1/session.py:844
2020-03-02 20:24:35.786 725 DEBUG novaclient.v2.client [-] REQ: curl -g -i -X DELETE http://compute-airship.intel-pod15.opnfv.org:80/v2.1/os-quota-sets/55ce34fcc62c4970a95b48cc0def565e -H "Accept: application/json" -H "User-Agent: python-novaclient" -H "X-Auth-Token: {SHA1}a5a80ffd6ad6cab0b208c2135432f88119cea2b4" _http_log_request /usr/lib/python2.7/site-packages/keystoneauth1/session.py:448
2020-03-02 20:24:35.987 725 DEBUG novaclient.v2.client [-] RESP: [202] Connection: keep-alive Content-Length: 0 Content-Type: application/json Date: Mon, 02 Mar 2020 20:24:36 GMT Openstack-Api-Version: compute 2.1 Vary: OpenStack-API-Version, X-OpenStack-Nova-API-Version X-Compute-Request-Id: req-63d5af32-106e-4dbd-8119-e00b0b8b97ee X-Openstack-Nova-Api-Version: 2.1 _http_log_response /usr/lib/python2.7/site-packages/keystoneauth1/session.py:479
2020-03-02 20:24:35.987 725 DEBUG novaclient.v2.client [-] DELETE call to compute for http://compute-airship.intel-pod15.opnfv.org:80/v2.1/os-quota-sets/55ce34fcc62c4970a95b48cc0def565e used request id req-63d5af32-106e-4dbd-8119-e00b0b8b97ee request /usr/lib/python2.7/site-packages/keystoneauth1/session.py:844
2020-03-02 20:24:35.989 725 DEBUG novaclient.v2.client [-] REQ: curl -g -i -X DELETE http://compute-airship.intel-pod15.opnfv.org:80/v2.1/os-quota-sets/c8bfc2198a8d44259c0f3c3185fe76be -H "Accept: application/json" -H "User-Agent: python-novaclient" -H "X-Auth-Token: {SHA1}a5a80ffd6ad6cab0b208c2135432f88119cea2b4" _http_log_request /usr/lib/python2.7/site-packages/keystoneauth1/session.py:448
2020-03-02 20:24:36.078 725 DEBUG novaclient.v2.client [-] RESP: [202] Connection: keep-alive Content-Length: 0 Content-Type: application/json Date: Mon, 02 Mar 2020 20:24:36 GMT Openstack-Api-Version: compute 2.1 Vary: OpenStack-API-Version, X-OpenStack-Nova-API-Version X-Compute-Request-Id: req-70a98c8f-bcce-4dda-bfd3-33e4e3afe820 X-Openstack-Nova-Api-Version: 2.1 _http_log_response /usr/lib/python2.7/site-packages/keystoneauth1/session.py:479
2020-03-02 20:24:36.078 725 DEBUG novaclient.v2.client [-] DELETE call to compute for http://compute-airship.intel-pod15.opnfv.org:80/v2.1/os-quota-sets/c8bfc2198a8d44259c0f3c3185fe76be used request id req-70a98c8f-bcce-4dda-bfd3-33e4e3afe820 request /usr/lib/python2.7/site-packages/keystoneauth1/session.py:844
2020-03-02 20:24:36.079 725 INFO rally.task.context [-] Task ab9c1c2b-88f4-4c79-8512-d32ad1e8200c | Context quotas@openstack cleanup() finished in 0.38 sec
2020-03-02 20:24:36.079 725 INFO rally.task.context [-] Task ab9c1c2b-88f4-4c79-8512-d32ad1e8200c | Context users@openstack cleanup() started
2020-03-02 20:24:42.866 725 INFO rally.task.context [-] Task ab9c1c2b-88f4-4c79-8512-d32ad1e8200c | Context users@openstack cleanup() finished in 6.79 sec
2020-03-02 20:24:43.882 725 INFO rally.task.engine [-] Load duration is: 159.848655
2020-03-02 20:24:43.882 725 INFO rally.task.engine [-] Full runner duration is: 161.219118
2020-03-02 20:24:43.882 725 INFO rally.task.engine [-] Full duration is: 215.790924
2020-03-02 20:24:43.945 725 INFO rally.task.engine [-] Running workload: position = 0 config = { "version": 2, "title": "A cropped version of a bigger task.", "description": "Auto-generated task from a single workload (uuid=5f41f7ad-2f2a-4328-ab0b-f63b99994532)", "subtasks": [ { "title": "GlanceImages.create_and_deactivate_image", "description": "Create an image, then deactivate it.", "scenario": { "GlanceImages.create_and_deactivate_image": { "container_format": "bare", "disk_format": "qcow2", "image_location": "/home/opnfv/functest/images/cirros-0.4.0-x86_64-disk.img" } }, "contexts": { "users": { "tenants": 3, "users_per_tenant": 2 } }, "runner": { "constant": { "concurrency": 4, "times": 10 } }, "hooks": [], "sla": { "failure_rate": { "max": 0 } } } ] }
2020-03-02 20:24:43.968 725 RALLYDEBUG rally_openstack.contexts.keystone.users [-] Creating 3 tenants using 20 threads
2020-03-02 20:24:45.114 725 RALLYDEBUG rally_openstack.contexts.keystone.users [-] Creating 6 users using 20 threads
2020-03-02 20:24:46.079 725 INFO rally.task.context [-] Task ab9c1c2b-88f4-4c79-8512-d32ad1e8200c | Context users@openstack setup() finished in 2.11 sec
2020-03-02 20:24:46.079 725 INFO rally.task.context [-] Task ab9c1c2b-88f4-4c79-8512-d32ad1e8200c | Context cleanup@openstack setup() finished in 0.01 msec
2020-03-02 20:24:46.090 725 RALLYDEBUG rally.task.runner [-] Starting the constant runner (task UUID: ab9c1c2b-88f4-4c79-8512-d32ad1e8200c). timeout: 0 concurrency: 4 concurrency_per_worker: 1 times: 10 concurrency_overhead: 0 processes_to_start: 4 max_cpu_used: 88
2020-03-02 20:24:46.104 1385 RALLYDEBUG rally.task.runner [-] Starting a worker. concurrency: 1 args: {"container_format": "bare", "disk_format": "qcow2", "image_location": "/home/opnfv/functest/images/cirros-0.4.0-x86_64-disk.img"} times: 10 method_name: run timeout: 0 duration: None cls:
2020-03-02 20:24:46.107 1386 RALLYDEBUG rally.task.runner [-] Starting a worker. concurrency: 1 args: {"container_format": "bare", "disk_format": "qcow2", "image_location": "/home/opnfv/functest/images/cirros-0.4.0-x86_64-disk.img"} times: 10 method_name: run timeout: 0 duration: None cls:
2020-03-02 20:24:46.110 1387 RALLYDEBUG rally.task.runner [-] Starting a worker. concurrency: 1 args: {"container_format": "bare", "disk_format": "qcow2", "image_location": "/home/opnfv/functest/images/cirros-0.4.0-x86_64-disk.img"} times: 10 method_name: run timeout: 0 duration: None cls:
2020-03-02 20:24:46.112 1385 INFO rally.task.runner [-] Task ab9c1c2b-88f4-4c79-8512-d32ad1e8200c | ITER: 1 START
2020-03-02 20:24:46.114 1386 INFO rally.task.runner [-] Task ab9c1c2b-88f4-4c79-8512-d32ad1e8200c | ITER: 2 START
2020-03-02 20:24:46.118 1387 INFO rally.task.runner [-] Task ab9c1c2b-88f4-4c79-8512-d32ad1e8200c | ITER: 3 START
2020-03-02 20:24:46.123 1388 RALLYDEBUG rally.task.runner [-] Starting a worker. concurrency: 1 args: {"container_format": "bare", "disk_format": "qcow2", "image_location": "/home/opnfv/functest/images/cirros-0.4.0-x86_64-disk.img"} times: 10 method_name: run timeout: 0 duration: None cls:
2020-03-02 20:24:46.130 1388 INFO rally.task.runner [-] Task ab9c1c2b-88f4-4c79-8512-d32ad1e8200c | ITER: 4 START
2020-03-02 20:24:48.848 1388 RALLYDEBUG rally.task.utils [-] Waiting for resource u'e56ab4c8-9256-4980-812a-f0cd01e5ba8c'. Status changed: NONE => QUEUED in 0.0682458877563
2020-03-02 20:24:48.907 1386 RALLYDEBUG rally.task.utils [-] Waiting for resource u'730e876e-f41f-4c5b-a6c8-3b9d3375b8e8'. Status changed: NONE => QUEUED in 0.0584781169891
2020-03-02 20:24:48.951 1387 RALLYDEBUG rally.task.utils [-] Waiting for resource u'4f989b06-2ee7-491b-a71b-7099a71e92f6'. Status changed: NONE => QUEUED in 0.0568239688873
2020-03-02 20:24:48.977 1385 RALLYDEBUG rally.task.utils [-] Waiting for resource u'7233a730-4ad7-487a-b3b3-56c5cd42696e'. Status changed: NONE => QUEUED in 0.0583200454712
2020-03-02 20:24:50.051 1388 RALLYDEBUG rally.task.utils [-] Waiting for resource s_rally_5f41f7ad_v2JZVSZf. Status changed: QUEUED => ACTIVE in 0.0420789718628
2020-03-02 20:24:50.096 1386 RALLYDEBUG rally.task.utils [-] Waiting for resource s_rally_5f41f7ad_csPe254d. Status changed: QUEUED => ACTIVE in 0.0380079746246
2020-03-02 20:24:50.212 1388 INFO rally.task.runner [-] Task ab9c1c2b-88f4-4c79-8512-d32ad1e8200c | ITER: 4 END: OK
2020-03-02 20:24:50.217 1388 INFO rally.task.runner [-] Task ab9c1c2b-88f4-4c79-8512-d32ad1e8200c | ITER: 5 START
2020-03-02 20:24:50.233 1386 INFO rally.task.runner [-] Task ab9c1c2b-88f4-4c79-8512-d32ad1e8200c | ITER: 2 END: OK
2020-03-02 20:24:50.239 1386 INFO rally.task.runner [-] Task ab9c1c2b-88f4-4c79-8512-d32ad1e8200c | ITER: 6 START
2020-03-02 20:24:50.573 1387 RALLYDEBUG rally.task.utils [-] Waiting for resource s_rally_5f41f7ad_32Ajt4Vc. Status changed: QUEUED => ACTIVE in 0.0427858829498
2020-03-02 20:24:50.611 1385 RALLYDEBUG rally.task.utils [-] Waiting for resource s_rally_5f41f7ad_k1axrW02. Status changed: QUEUED => ACTIVE in 0.0335569381714
2020-03-02 20:24:50.717 1387 INFO rally.task.runner [-] Task ab9c1c2b-88f4-4c79-8512-d32ad1e8200c | ITER: 3 END: OK
2020-03-02 20:24:50.722 1387 INFO rally.task.runner [-] Task ab9c1c2b-88f4-4c79-8512-d32ad1e8200c | ITER: 7 START
2020-03-02 20:24:50.847 1385 INFO rally.task.runner [-] Task ab9c1c2b-88f4-4c79-8512-d32ad1e8200c | ITER: 1 END: OK
2020-03-02 20:24:50.852 1385 INFO rally.task.runner [-] Task ab9c1c2b-88f4-4c79-8512-d32ad1e8200c | ITER: 8 START
2020-03-02 20:24:52.770 1388 RALLYDEBUG rally.task.utils [-] Waiting for resource u'33e9a73f-4e0d-426a-ba75-9dff1fa60870'. Status changed: NONE => QUEUED in 0.0737068653107
2020-03-02 20:24:53.773 1388 RALLYDEBUG rally.task.utils [-] Waiting for resource s_rally_5f41f7ad_Jm3jipFr. Status changed: QUEUED => ACTIVE in 0.109810113907
2020-03-02 20:24:53.828 1386 RALLYDEBUG rally.task.utils [-] Waiting for resource u'c14f2225-c986-447c-8139-8f5c14f320ee'. Status changed: NONE => QUEUED in 0.0544002056122
2020-03-02 20:24:53.921 1388 INFO rally.task.runner [-] Task ab9c1c2b-88f4-4c79-8512-d32ad1e8200c | ITER: 5 END: OK
2020-03-02 20:24:53.926 1388 INFO rally.task.runner [-] Task ab9c1c2b-88f4-4c79-8512-d32ad1e8200c | ITER: 9 START
2020-03-02 20:24:53.943 1387 RALLYDEBUG rally.task.utils [-] Waiting for resource u'20b33088-83ea-4cff-89b1-cac948a17d5a'. Status changed: NONE => QUEUED in 0.0835180282593
2020-03-02 20:24:53.978 1385 RALLYDEBUG rally.task.utils [-] Waiting for resource u'bd2685fe-8afd-4890-aa6b-c7a975f62e35'. Status changed: NONE => QUEUED in 0.079980134964
2020-03-02 20:24:54.759 1386 RALLYDEBUG rally.task.utils [-] Waiting for resource s_rally_5f41f7ad_P35AajyM. Status changed: QUEUED => ACTIVE in 0.0464780330658
2020-03-02 20:24:55.052 1386 INFO rally.task.runner [-] Task ab9c1c2b-88f4-4c79-8512-d32ad1e8200c | ITER: 6 END: OK
2020-03-02 20:24:55.056 1386 INFO rally.task.runner [-] Task ab9c1c2b-88f4-4c79-8512-d32ad1e8200c | ITER: 10 START
2020-03-02 20:24:56.194 1387 RALLYDEBUG rally.task.utils [-] Waiting for resource s_rally_5f41f7ad_mCzJZpWm. Status changed: QUEUED => ACTIVE in 0.0456759929657
2020-03-02 20:24:56.267 1385 RALLYDEBUG rally.task.utils [-] Waiting for resource s_rally_5f41f7ad_WUN8KlX3. Status changed: QUEUED => ACTIVE in 0.0631458759308
2020-03-02 20:24:56.316 1387 INFO rally.task.runner [-] Task ab9c1c2b-88f4-4c79-8512-d32ad1e8200c | ITER: 7 END: OK
2020-03-02 20:24:56.416 1385 INFO rally.task.runner [-] Task ab9c1c2b-88f4-4c79-8512-d32ad1e8200c | ITER: 8 END: OK
2020-03-02 20:24:56.426 1388 RALLYDEBUG rally.task.utils [-] Waiting for resource u'5a50ebf7-6f00-4ae9-839c-b4b96fbb8e96'. Status changed: NONE => QUEUED in 0.0714349746704
2020-03-02 20:24:57.309 1388 RALLYDEBUG rally.task.utils [-] Waiting for resource s_rally_5f41f7ad_r3z7taZ3. Status changed: QUEUED => ACTIVE in 0.0399360656738
2020-03-02 20:24:57.412 1388 INFO rally.task.runner [-] Task ab9c1c2b-88f4-4c79-8512-d32ad1e8200c | ITER: 9 END: OK
2020-03-02 20:24:58.324 1386 RALLYDEBUG rally.task.utils [-] Waiting for resource u'c7ddc562-e408-46ac-9c29-1c85bb4b16da'. Status changed: NONE => QUEUED in 0.0630810260773
2020-03-02 20:24:59.155 1386 RALLYDEBUG rally.task.utils [-] Waiting for resource s_rally_5f41f7ad_hyiq0COH. Status changed: QUEUED => ACTIVE in 0.0479960441589
2020-03-02 20:24:59.258 1386 INFO rally.task.runner [-] Task ab9c1c2b-88f4-4c79-8512-d32ad1e8200c | ITER: 10 END: OK
2020-03-02 20:24:59.280 725 INFO rally.task.context [-] Task ab9c1c2b-88f4-4c79-8512-d32ad1e8200c | Context cleanup@openstack cleanup() started
2020-03-02 20:24:59.283 725 RALLYDEBUG rally_openstack.cleanup.manager [-] Cleaning up glance images objects
2020-03-02 20:25:00.195 725 RALLYDEBUG rally_openstack.cleanup.manager [-] Deleting glance.images object s_rally_5f41f7ad_hyiq0COH (c7ddc562-e408-46ac-9c29-1c85bb4b16da)
2020-03-02 20:25:00.195 725 RALLYDEBUG rally_openstack.cleanup.manager [-] Deleting glance.images object s_rally_5f41f7ad_k1axrW02 (7233a730-4ad7-487a-b3b3-56c5cd42696e)
2020-03-02 20:25:00.204 725 RALLYDEBUG rally_openstack.cleanup.manager [-] Deleting glance.images object s_rally_5f41f7ad_32Ajt4Vc (4f989b06-2ee7-491b-a71b-7099a71e92f6)
2020-03-02 20:25:00.208 725 RALLYDEBUG rally_openstack.cleanup.manager [-] Deleting glance.images object s_rally_5f41f7ad_WUN8KlX3 (bd2685fe-8afd-4890-aa6b-c7a975f62e35)
2020-03-02 20:25:00.215 725 RALLYDEBUG rally_openstack.cleanup.manager [-] Deleting glance.images object s_rally_5f41f7ad_Jm3jipFr (33e9a73f-4e0d-426a-ba75-9dff1fa60870)
2020-03-02 20:25:00.226 725 RALLYDEBUG rally_openstack.cleanup.manager [-] Deleting glance.images object s_rally_5f41f7ad_mCzJZpWm (20b33088-83ea-4cff-89b1-cac948a17d5a)
2020-03-02 20:25:00.242 725 RALLYDEBUG rally_openstack.cleanup.manager [-] Deleting glance.images object s_rally_5f41f7ad_csPe254d (730e876e-f41f-4c5b-a6c8-3b9d3375b8e8)
2020-03-02 20:25:00.258 725 RALLYDEBUG rally_openstack.cleanup.manager [-] Deleting glance.images object s_rally_5f41f7ad_v2JZVSZf (e56ab4c8-9256-4980-812a-f0cd01e5ba8c)
2020-03-02 20:25:00.267 725 RALLYDEBUG rally_openstack.cleanup.manager [-] Deleting glance.images object s_rally_5f41f7ad_r3z7taZ3 (5a50ebf7-6f00-4ae9-839c-b4b96fbb8e96)
2020-03-02 20:25:00.298 725 RALLYDEBUG rally_openstack.cleanup.manager [-] Deleting glance.images object s_rally_5f41f7ad_P35AajyM (c14f2225-c986-447c-8139-8f5c14f320ee)
2020-03-02 20:25:01.183 725 DEBUG glanceclient.common.http [-] Request returned failure status 404. _handle_response /usr/lib/python2.7/site-packages/glanceclient/common/http.py:125
2020-03-02 20:25:01.219 725 DEBUG glanceclient.common.http [-] Request returned failure status 404. _handle_response /usr/lib/python2.7/site-packages/glanceclient/common/http.py:125
2020-03-02 20:25:01.627 725 DEBUG glanceclient.common.http [-] Request returned failure status 404. _handle_response /usr/lib/python2.7/site-packages/glanceclient/common/http.py:125
2020-03-02 20:25:01.718 725 DEBUG glanceclient.common.http [-] Request returned failure status 404. _handle_response /usr/lib/python2.7/site-packages/glanceclient/common/http.py:125
2020-03-02 20:25:02.226 725 DEBUG glanceclient.common.http [-] Request returned failure status 404. _handle_response /usr/lib/python2.7/site-packages/glanceclient/common/http.py:125
2020-03-02 20:25:02.257 725 DEBUG glanceclient.common.http [-] Request returned failure status 404. _handle_response /usr/lib/python2.7/site-packages/glanceclient/common/http.py:125
2020-03-02 20:25:03.321 725 DEBUG glanceclient.common.http [-] Request returned failure status 404. _handle_response /usr/lib/python2.7/site-packages/glanceclient/common/http.py:125
2020-03-02 20:25:03.343 725 DEBUG glanceclient.common.http [-] Request returned failure status 404. _handle_response /usr/lib/python2.7/site-packages/glanceclient/common/http.py:125
2020-03-02 20:25:03.348 725 DEBUG glanceclient.common.http [-] Request returned failure status 404. _handle_response /usr/lib/python2.7/site-packages/glanceclient/common/http.py:125
2020-03-02 20:25:03.381 725 DEBUG glanceclient.common.http [-] Request returned failure status 404. _handle_response /usr/lib/python2.7/site-packages/glanceclient/common/http.py:125
2020-03-02 20:25:03.428 725 DEBUG glanceclient.common.http [-] Request returned failure status 404. _handle_response /usr/lib/python2.7/site-packages/glanceclient/common/http.py:125
2020-03-02 20:25:03.459 725 DEBUG glanceclient.common.http [-] Request returned failure status 404. _handle_response /usr/lib/python2.7/site-packages/glanceclient/common/http.py:125
2020-03-02 20:25:03.480 725 DEBUG glanceclient.common.http [-] Request returned failure status 404. _handle_response /usr/lib/python2.7/site-packages/glanceclient/common/http.py:125
2020-03-02 20:25:03.515 725 DEBUG glanceclient.common.http [-] Request returned failure status 404. _handle_response /usr/lib/python2.7/site-packages/glanceclient/common/http.py:125
2020-03-02 20:25:03.626 725 DEBUG glanceclient.common.http [-] Request returned failure status 404. _handle_response /usr/lib/python2.7/site-packages/glanceclient/common/http.py:125
2020-03-02 20:25:03.656 725 DEBUG glanceclient.common.http [-] Request returned failure status 404. _handle_response /usr/lib/python2.7/site-packages/glanceclient/common/http.py:125
2020-03-02 20:25:03.715 725 DEBUG glanceclient.common.http [-] Request returned failure status 404. _handle_response /usr/lib/python2.7/site-packages/glanceclient/common/http.py:125
2020-03-02 20:25:03.747 725 DEBUG glanceclient.common.http [-] Request returned failure status 404. _handle_response /usr/lib/python2.7/site-packages/glanceclient/common/http.py:125
2020-03-02 20:25:03.782 725 DEBUG glanceclient.common.http [-] Request returned failure status 404. _handle_response /usr/lib/python2.7/site-packages/glanceclient/common/http.py:125
2020-03-02 20:25:03.820 725 DEBUG glanceclient.common.http [-] Request returned failure status 404. _handle_response /usr/lib/python2.7/site-packages/glanceclient/common/http.py:125
2020-03-02 20:25:04.823 725 INFO rally.task.context [-] Task ab9c1c2b-88f4-4c79-8512-d32ad1e8200c | Context cleanup@openstack cleanup() finished in 5.54 sec
2020-03-02 20:25:04.824 725 INFO rally.task.context [-] Task ab9c1c2b-88f4-4c79-8512-d32ad1e8200c | Context users@openstack cleanup() started
2020-03-02 20:25:09.197 725 INFO rally.task.context [-] Task ab9c1c2b-88f4-4c79-8512-d32ad1e8200c | Context users@openstack cleanup() finished in 4.37 sec
2020-03-02 20:25:10.090 725 INFO rally.task.engine [-] Load duration is: 12.800611
2020-03-02 20:25:10.091 725 INFO rally.task.engine [-] Full runner duration is: 13.190596
2020-03-02 20:25:10.091 725 INFO rally.task.engine [-] Full duration is: 25.231196
2020-03-02 20:25:10.152 725 INFO rally.task.engine [-] Running workload: position = 0 config = { "version": 2, "title": "A cropped version of a bigger task.", "description": "Auto-generated task from a single workload (uuid=89a426dd-4075-45df-8c24-99492f974c41)", "subtasks": [ { "title": "GlanceImages.create_and_download_image", "description": "Create an image, then download data of the image.", "scenario": { "GlanceImages.create_and_download_image": { "container_format": "bare", "disk_format": "qcow2", "image_location": "/home/opnfv/functest/images/cirros-0.4.0-x86_64-disk.img" } }, "contexts": { "users": { "tenants": 3, "users_per_tenant": 2 } }, "runner": { "constant": { "concurrency": 4, "times": 10 } }, "hooks": [], "sla": { "failure_rate": { "max": 0 } } } ] }
2020-03-02 20:25:10.175 725 RALLYDEBUG rally_openstack.contexts.keystone.users [-] Creating 3 tenants using 20 threads
2020-03-02 20:25:10.675 725 RALLYDEBUG rally_openstack.contexts.keystone.users [-] Creating 6 users using 20 threads
2020-03-02 20:25:12.399 725 INFO rally.task.context [-] Task ab9c1c2b-88f4-4c79-8512-d32ad1e8200c | Context users@openstack setup() finished in 2.22 sec
2020-03-02 20:25:12.400 725 INFO rally.task.context [-] Task ab9c1c2b-88f4-4c79-8512-d32ad1e8200c | Context cleanup@openstack setup() finished in 0.01 msec
2020-03-02 20:25:12.409 725 RALLYDEBUG rally.task.runner [-] Starting the constant runner (task UUID: ab9c1c2b-88f4-4c79-8512-d32ad1e8200c). timeout: 0 concurrency: 4 concurrency_per_worker: 1 times: 10 concurrency_overhead: 0 processes_to_start: 4 max_cpu_used: 88
2020-03-02 20:25:12.421 1509 RALLYDEBUG rally.task.runner [-] Starting a worker. concurrency: 1 args: {"container_format": "bare", "disk_format": "qcow2", "image_location": "/home/opnfv/functest/images/cirros-0.4.0-x86_64-disk.img"} times: 10 method_name: run timeout: 0 duration: None cls:
2020-03-02 20:25:12.426 1510 RALLYDEBUG rally.task.runner [-] Starting a worker. concurrency: 1 args: {"container_format": "bare", "disk_format": "qcow2", "image_location": "/home/opnfv/functest/images/cirros-0.4.0-x86_64-disk.img"} times: 10 method_name: run timeout: 0 duration: None cls:
2020-03-02 20:25:12.427 1511 RALLYDEBUG rally.task.runner [-] Starting a worker. concurrency: 1 args: {"container_format": "bare", "disk_format": "qcow2", "image_location": "/home/opnfv/functest/images/cirros-0.4.0-x86_64-disk.img"} times: 10 method_name: run timeout: 0 duration: None cls:
2020-03-02 20:25:12.428 1509 INFO rally.task.runner [-] Task ab9c1c2b-88f4-4c79-8512-d32ad1e8200c | ITER: 1 START
2020-03-02 20:25:12.431 1512 RALLYDEBUG rally.task.runner [-] Starting a worker. concurrency: 1 args: {"container_format": "bare", "disk_format": "qcow2", "image_location": "/home/opnfv/functest/images/cirros-0.4.0-x86_64-disk.img"} times: 10 method_name: run timeout: 0 duration: None cls:
2020-03-02 20:25:12.433 1510 INFO rally.task.runner [-] Task ab9c1c2b-88f4-4c79-8512-d32ad1e8200c | ITER: 2 START
2020-03-02 20:25:12.434 1511 INFO rally.task.runner [-] Task ab9c1c2b-88f4-4c79-8512-d32ad1e8200c | ITER: 3 START
2020-03-02 20:25:12.438 1512 INFO rally.task.runner [-] Task ab9c1c2b-88f4-4c79-8512-d32ad1e8200c | ITER: 4 START
2020-03-02 20:25:15.053 1509 RALLYDEBUG rally.task.utils [-] Waiting for resource u'e58a78d3-ec41-4606-aa0d-62cd6d41f643'. Status changed: NONE => QUEUED in 0.0566000938416
2020-03-02 20:25:15.118 1511 RALLYDEBUG rally.task.utils [-] Waiting for resource u'a9321631-6a44-47e6-a778-608b2bb82490'. Status changed: NONE => QUEUED in 0.0596289634705
2020-03-02 20:25:15.309 1510 RALLYDEBUG rally.task.utils [-] Waiting for resource u'095006fa-e959-4902-a7ee-0d3b646f5335'. Status changed: NONE => QUEUED in 0.0727639198303
2020-03-02 20:25:15.391 1512 RALLYDEBUG rally.task.utils [-] Waiting for resource u'b640f005-99c6-4fa3-81bf-a9fc45295087'. Status changed: NONE => QUEUED in 0.084214925766
2020-03-02 20:25:16.317 1509 RALLYDEBUG rally.task.utils [-] Waiting for resource s_rally_89a426dd_VAGEPka0. Status changed: QUEUED => ACTIVE in 0.0526990890503
2020-03-02 20:25:16.364 1510 RALLYDEBUG rally.task.utils [-] Waiting for resource s_rally_89a426dd_kQjTsxNn. Status changed: QUEUED => ACTIVE in 0.0390689373016
2020-03-02 20:25:16.419 1511 RALLYDEBUG rally.task.utils [-] Waiting for resource s_rally_89a426dd_ZbWSpbRh. Status changed: QUEUED => ACTIVE in 0.0957059860229
2020-03-02 20:25:16.618 1512 RALLYDEBUG rally.task.utils [-] Waiting for resource s_rally_89a426dd_8diKK26x. Status changed: QUEUED => ACTIVE in 0.184835910797
2020-03-02 20:25:16.761 1509 INFO rally.task.runner [-] Task ab9c1c2b-88f4-4c79-8512-d32ad1e8200c | ITER: 1 END: OK
2020-03-02 20:25:16.766 1509 INFO rally.task.runner [-] Task ab9c1c2b-88f4-4c79-8512-d32ad1e8200c | ITER: 5 START
2020-03-02 20:25:16.824 1510 INFO rally.task.runner [-] Task ab9c1c2b-88f4-4c79-8512-d32ad1e8200c | ITER: 2 END: OK
2020-03-02 20:25:16.829 1510 INFO rally.task.runner [-] Task ab9c1c2b-88f4-4c79-8512-d32ad1e8200c | ITER: 6 START
2020-03-02 20:25:16.868 1511 INFO rally.task.runner [-] Task ab9c1c2b-88f4-4c79-8512-d32ad1e8200c | ITER: 3 END: OK
2020-03-02 20:25:16.873 1511 INFO rally.task.runner [-] Task ab9c1c2b-88f4-4c79-8512-d32ad1e8200c | ITER: 7 START
2020-03-02 20:25:17.012 1512 INFO rally.task.runner [-] Task ab9c1c2b-88f4-4c79-8512-d32ad1e8200c | ITER: 4 END: OK
2020-03-02 20:25:17.017 1512 INFO rally.task.runner [-] Task ab9c1c2b-88f4-4c79-8512-d32ad1e8200c | ITER: 8 START
2020-03-02 20:25:19.489 1509 RALLYDEBUG rally.task.utils [-] Waiting for resource u'00a15baa-ee64-4020-a72d-c6551f88f893'. Status changed: NONE => QUEUED in 0.0605890750885
2020-03-02 20:25:19.570 1510 RALLYDEBUG rally.task.utils [-] Waiting for resource u'7aa4c2d1-374a-402a-880b-7430ac2f3aa9'. Status changed: NONE => QUEUED in 0.0667910575867
2020-03-02 20:25:19.619 1511 RALLYDEBUG rally.task.utils [-] Waiting for resource u'122026ac-c7bf-4e0b-b15f-cb0a08be859f'. Status changed: NONE => QUEUED in 0.0724549293518
2020-03-02 20:25:19.638 1512 RALLYDEBUG rally.task.utils [-] Waiting for resource u'a29caba6-83b1-44e5-97ee-4c5ba47ce858'. Status changed: NONE => QUEUED in 0.0760371685028
2020-03-02 20:25:20.340 1509 RALLYDEBUG rally.task.utils [-] Waiting for resource s_rally_89a426dd_rcFz7cVf. Status changed: QUEUED => ACTIVE in 0.0356459617615
2020-03-02 20:25:20.616 1509 INFO rally.task.runner [-] Task ab9c1c2b-88f4-4c79-8512-d32ad1e8200c | ITER: 5 END: OK
2020-03-02 20:25:20.620 1509 INFO rally.task.runner [-] Task ab9c1c2b-88f4-4c79-8512-d32ad1e8200c | ITER: 9 START
2020-03-02 20:25:20.656 1510 RALLYDEBUG rally.task.utils [-] Waiting for resource s_rally_89a426dd_f1XEzGT7. Status changed: QUEUED => ACTIVE in 0.040139913559
2020-03-02 20:25:20.862 1511 RALLYDEBUG rally.task.utils [-] Waiting for resource s_rally_89a426dd_PAb9uTIJ. Status changed: QUEUED => ACTIVE in 0.0608379840851
2020-03-02 20:25:20.867 1512 RALLYDEBUG rally.task.utils [-] Waiting for resource s_rally_89a426dd_vQMJbXAZ. Status changed: QUEUED => ACTIVE in 0.0522298812866
2020-03-02 20:25:20.915 1510 INFO rally.task.runner [-] Task ab9c1c2b-88f4-4c79-8512-d32ad1e8200c | ITER: 6 END: OK
2020-03-02 20:25:20.920 1510 INFO rally.task.runner [-] Task ab9c1c2b-88f4-4c79-8512-d32ad1e8200c | ITER: 10 START
2020-03-02 20:25:21.193 1511 INFO rally.task.runner [-] Task ab9c1c2b-88f4-4c79-8512-d32ad1e8200c | ITER: 7 END: OK
2020-03-02 20:25:21.221 1512 INFO rally.task.runner [-] Task ab9c1c2b-88f4-4c79-8512-d32ad1e8200c | ITER: 8 END: OK
2020-03-02 20:25:23.299 1509 RALLYDEBUG rally.task.utils [-] Waiting for resource u'abd4247d-662d-412b-8844-4e8b4caf60dc'. Status changed: NONE => QUEUED in 0.199810028076
2020-03-02 20:25:23.579 1510 RALLYDEBUG rally.task.utils [-] Waiting for resource u'f58ce1ee-88e7-43f4-a67f-9de9cd4934de'. Status changed: NONE => QUEUED in 0.218109846115
2020-03-02 20:25:24.175 1509 RALLYDEBUG rally.task.utils [-] Waiting for resource s_rally_89a426dd_65dHShf2. Status changed: QUEUED => ACTIVE in 0.0390269756317
2020-03-02 20:25:24.445 1509 INFO rally.task.runner [-] Task ab9c1c2b-88f4-4c79-8512-d32ad1e8200c | ITER: 9 END: OK
2020-03-02 20:25:24.498 1510 RALLYDEBUG rally.task.utils [-] Waiting for resource s_rally_89a426dd_33VFdQZS. Status changed: QUEUED => ACTIVE in 0.0415940284729
2020-03-02 20:25:24.794 1510 INFO rally.task.runner [-] Task ab9c1c2b-88f4-4c79-8512-d32ad1e8200c | ITER: 10 END: OK
2020-03-02 20:25:24.824 725 INFO rally.task.context [-] Task ab9c1c2b-88f4-4c79-8512-d32ad1e8200c | Context cleanup@openstack cleanup() started
2020-03-02 20:25:24.827 725 RALLYDEBUG rally_openstack.cleanup.manager [-] Cleaning up glance images objects
2020-03-02 20:25:25.982 725 RALLYDEBUG rally_openstack.cleanup.manager [-] Deleting glance.images object s_rally_89a426dd_65dHShf2 (abd4247d-662d-412b-8844-4e8b4caf60dc)
2020-03-02 20:25:25.983 725 RALLYDEBUG rally_openstack.cleanup.manager [-] Deleting glance.images object s_rally_89a426dd_ZbWSpbRh (a9321631-6a44-47e6-a778-608b2bb82490)
2020-03-02 20:25:25.986 725 RALLYDEBUG rally_openstack.cleanup.manager [-] Deleting glance.images object s_rally_89a426dd_33VFdQZS (f58ce1ee-88e7-43f4-a67f-9de9cd4934de)
2020-03-02 20:25:25.991 725 RALLYDEBUG rally_openstack.cleanup.manager [-] Deleting glance.images object s_rally_89a426dd_PAb9uTIJ (122026ac-c7bf-4e0b-b15f-cb0a08be859f)
2020-03-02 20:25:25.995 725 RALLYDEBUG rally_openstack.cleanup.manager [-] Deleting glance.images object s_rally_89a426dd_vQMJbXAZ (a29caba6-83b1-44e5-97ee-4c5ba47ce858)
2020-03-02 20:25:26.001 725 RALLYDEBUG rally_openstack.cleanup.manager [-] Deleting glance.images object s_rally_89a426dd_8diKK26x (b640f005-99c6-4fa3-81bf-a9fc45295087)
2020-03-02 20:25:26.010 725 RALLYDEBUG rally_openstack.cleanup.manager [-] Deleting glance.images object s_rally_89a426dd_f1XEzGT7 (7aa4c2d1-374a-402a-880b-7430ac2f3aa9)
2020-03-02 20:25:26.024 725 RALLYDEBUG rally_openstack.cleanup.manager [-] Deleting glance.images object s_rally_89a426dd_rcFz7cVf (00a15baa-ee64-4020-a72d-c6551f88f893)
2020-03-02 20:25:26.045 725 RALLYDEBUG rally_openstack.cleanup.manager [-] Deleting glance.images object s_rally_89a426dd_kQjTsxNn (095006fa-e959-4902-a7ee-0d3b646f5335)
2020-03-02 20:25:26.086 725 RALLYDEBUG rally_openstack.cleanup.manager [-] Deleting glance.images object s_rally_89a426dd_VAGEPka0 (e58a78d3-ec41-4606-aa0d-62cd6d41f643)
2020-03-02 20:25:28.645 725 DEBUG glanceclient.common.http [-] Request returned failure status 404. _handle_response /usr/lib/python2.7/site-packages/glanceclient/common/http.py:125
2020-03-02 20:25:28.692 725 DEBUG glanceclient.common.http [-] Request returned failure status 404. _handle_response /usr/lib/python2.7/site-packages/glanceclient/common/http.py:125
2020-03-02 20:25:28.692 725 DEBUG glanceclient.common.http [-] Request returned failure status 404. _handle_response /usr/lib/python2.7/site-packages/glanceclient/common/http.py:125
2020-03-02 20:25:28.730 725 DEBUG glanceclient.common.http [-] Request returned failure status 404. _handle_response /usr/lib/python2.7/site-packages/glanceclient/common/http.py:125
2020-03-02 20:25:28.755 725 DEBUG glanceclient.common.http [-] Request returned failure status 404. _handle_response /usr/lib/python2.7/site-packages/glanceclient/common/http.py:125
2020-03-02 20:25:28.789 725 DEBUG glanceclient.common.http [-] Request returned failure status 404. _handle_response /usr/lib/python2.7/site-packages/glanceclient/common/http.py:125
2020-03-02 20:25:28.791 725 DEBUG glanceclient.common.http [-] Request returned failure status 404. _handle_response /usr/lib/python2.7/site-packages/glanceclient/common/http.py:125
2020-03-02 20:25:28.825 725 DEBUG glanceclient.common.http [-] Request returned failure status 404. _handle_response /usr/lib/python2.7/site-packages/glanceclient/common/http.py:125
2020-03-02 20:25:28.843 725 DEBUG glanceclient.common.http [-] Request returned failure status 404. _handle_response /usr/lib/python2.7/site-packages/glanceclient/common/http.py:125
2020-03-02 20:25:28.898 725 DEBUG glanceclient.common.http [-] Request returned failure status 404. _handle_response /usr/lib/python2.7/site-packages/glanceclient/common/http.py:125
2020-03-02 20:25:28.901 725 DEBUG glanceclient.common.http [-] Request returned failure status 404. _handle_response /usr/lib/python2.7/site-packages/glanceclient/common/http.py:125
2020-03-02 20:25:28.936 725 DEBUG glanceclient.common.http [-] Request returned failure status 404. _handle_response /usr/lib/python2.7/site-packages/glanceclient/common/http.py:125
2020-03-02 20:25:28.961 725 DEBUG glanceclient.common.http [-] Request returned failure status 404. _handle_response /usr/lib/python2.7/site-packages/glanceclient/common/http.py:125
2020-03-02 20:25:29.004 725 DEBUG glanceclient.common.http [-] Request returned failure status 404. _handle_response /usr/lib/python2.7/site-packages/glanceclient/common/http.py:125
2020-03-02 20:25:29.005 725 DEBUG glanceclient.common.http [-] Request returned failure status 404. _handle_response /usr/lib/python2.7/site-packages/glanceclient/common/http.py:125
2020-03-02 20:25:29.014 725 DEBUG glanceclient.common.http [-] Request returned failure status 404. _handle_response /usr/lib/python2.7/site-packages/glanceclient/common/http.py:125
2020-03-02 20:25:29.038 725 DEBUG glanceclient.common.http [-] Request returned failure status 404. _handle_response /usr/lib/python2.7/site-packages/glanceclient/common/http.py:125
2020-03-02 20:25:29.052 725 DEBUG glanceclient.common.http [-] Request returned failure status 404. _handle_response /usr/lib/python2.7/site-packages/glanceclient/common/http.py:125
2020-03-02 20:25:29.057 725 DEBUG glanceclient.common.http [-] Request returned failure status 404. _handle_response /usr/lib/python2.7/site-packages/glanceclient/common/http.py:125
2020-03-02 20:25:29.084 725 DEBUG glanceclient.common.http [-] Request returned failure status 404. _handle_response /usr/lib/python2.7/site-packages/glanceclient/common/http.py:125
2020-03-02 20:25:30.087 725 INFO rally.task.context [-] Task ab9c1c2b-88f4-4c79-8512-d32ad1e8200c | Context cleanup@openstack cleanup() finished in 5.26 sec
2020-03-02 20:25:30.088 725 INFO rally.task.context [-] Task ab9c1c2b-88f4-4c79-8512-d32ad1e8200c | Context users@openstack cleanup() started
2020-03-02 20:25:35.649 725 INFO rally.task.context [-] Task ab9c1c2b-88f4-4c79-8512-d32ad1e8200c | Context users@openstack cleanup() finished in 5.56 sec
2020-03-02 20:25:36.302 725 INFO rally.task.engine [-] Load duration is: 12.061132
2020-03-02 20:25:36.302 725 INFO rally.task.engine [-] Full runner duration is: 12.415088
2020-03-02 20:25:36.302 725 INFO rally.task.engine [-] Full duration is: 25.475646
2020-03-02 20:25:36.362 725 INFO rally.task.engine [-] Running workload: position = 0 config = { "version": 2, "title": "A cropped version of a bigger task.", "description": "Auto-generated task from a single workload (uuid=e42b8fe7-a6bd-44fe-9dbd-e7889880c59b)", "subtasks": [ { "title": "GlanceImages.create_and_get_image", "description": "Create and get detailed information of an image.", "scenario": { "GlanceImages.create_and_get_image": { "container_format": "bare", "disk_format": "qcow2", "image_location": "/home/opnfv/functest/images/cirros-0.4.0-x86_64-disk.img" } }, "contexts": { "users": { "tenants": 3, "users_per_tenant": 2 } }, "runner": { "constant": { "concurrency": 4, "times": 10 } }, "hooks": [], "sla": { "failure_rate": { "max": 0 } } } ] }
2020-03-02 20:25:36.382 725 RALLYDEBUG rally_openstack.contexts.keystone.users [-] Creating 3 tenants using 20 threads
2020-03-02 20:25:36.811 725 RALLYDEBUG rally_openstack.contexts.keystone.users [-] Creating 6 users using 20 threads
2020-03-02 20:25:40.546 725 INFO rally.task.context [-] Task ab9c1c2b-88f4-4c79-8512-d32ad1e8200c | Context users@openstack setup() finished in 4.16 sec
2020-03-02 20:25:40.546 725 INFO rally.task.context [-] Task ab9c1c2b-88f4-4c79-8512-d32ad1e8200c | Context cleanup@openstack setup() finished in 0.01 msec
2020-03-02 20:25:40.556 725 RALLYDEBUG rally.task.runner [-] Starting the constant runner (task UUID: ab9c1c2b-88f4-4c79-8512-d32ad1e8200c). timeout: 0 concurrency: 4 concurrency_per_worker: 1 times: 10 concurrency_overhead: 0 processes_to_start: 4 max_cpu_used: 88
2020-03-02 20:25:40.570 1633 RALLYDEBUG rally.task.runner [-] Starting a worker. concurrency: 1 args: {"container_format": "bare", "disk_format": "qcow2", "image_location": "/home/opnfv/functest/images/cirros-0.4.0-x86_64-disk.img"} times: 10 method_name: run timeout: 0 duration: None cls:
2020-03-02 20:25:40.576 1635 RALLYDEBUG rally.task.runner [-] Starting a worker. concurrency: 1 args: {"container_format": "bare", "disk_format": "qcow2", "image_location": "/home/opnfv/functest/images/cirros-0.4.0-x86_64-disk.img"} times: 10 method_name: run timeout: 0 duration: None cls:
2020-03-02 20:25:40.579 1636 RALLYDEBUG rally.task.runner [-] Starting a worker. concurrency: 1 args: {"container_format": "bare", "disk_format": "qcow2", "image_location": "/home/opnfv/functest/images/cirros-0.4.0-x86_64-disk.img"} times: 10 method_name: run timeout: 0 duration: None cls:
2020-03-02 20:25:40.581 1634 RALLYDEBUG rally.task.runner [-] Starting a worker. concurrency: 1 args: {"container_format": "bare", "disk_format": "qcow2", "image_location": "/home/opnfv/functest/images/cirros-0.4.0-x86_64-disk.img"} times: 10 method_name: run timeout: 0 duration: None cls:
2020-03-02 20:25:40.583 1635 INFO rally.task.runner [-] Task ab9c1c2b-88f4-4c79-8512-d32ad1e8200c | ITER: 2 START
2020-03-02 20:25:40.586 1636 INFO rally.task.runner [-] Task ab9c1c2b-88f4-4c79-8512-d32ad1e8200c | ITER: 3 START
2020-03-02 20:25:40.588 1634 INFO rally.task.runner [-] Task ab9c1c2b-88f4-4c79-8512-d32ad1e8200c | ITER: 4 START
2020-03-02 20:25:40.589 1633 INFO rally.task.runner [-] Task ab9c1c2b-88f4-4c79-8512-d32ad1e8200c | ITER: 1 START
2020-03-02 20:25:43.328 1635 RALLYDEBUG rally.task.utils [-] Waiting for resource u'407448df-eee7-461e-9d2a-423a69884769'. Status changed: NONE => QUEUED in 0.125444889069
2020-03-02 20:25:43.341 1633 RALLYDEBUG rally.task.utils [-] Waiting for resource u'f0df1345-435a-499a-9e1e-da0cc758fa66'. Status changed: NONE => QUEUED in 0.123346805573
2020-03-02 20:25:43.365 1634 RALLYDEBUG rally.task.utils [-] Waiting for resource u'20996e5a-2465-42be-ada3-18c8213271df'. Status changed: NONE => QUEUED in 0.132558107376
2020-03-02 20:25:43.409 1636 RALLYDEBUG rally.task.utils [-] Waiting for resource u'8b6d2261-5aaa-4fd7-ab4c-97c2370e4b97'. Status changed: NONE => QUEUED in 0.0857689380646
2020-03-02 20:25:44.850 1636 RALLYDEBUG rally.task.utils [-] Waiting for resource s_rally_e42b8fe7_MUIgQfMi. Status changed: QUEUED => ACTIVE in 0.0472030639648
2020-03-02 20:25:44.892 1636 INFO rally.task.runner [-] Task ab9c1c2b-88f4-4c79-8512-d32ad1e8200c | ITER: 3 END: OK
2020-03-02 20:25:44.896 1636 INFO rally.task.runner [-] Task ab9c1c2b-88f4-4c79-8512-d32ad1e8200c | ITER: 5 START
2020-03-02 20:25:44.914 1634 RALLYDEBUG rally.task.utils [-] Waiting for resource s_rally_e42b8fe7_8Cx1f1Ea. Status changed: QUEUED => ACTIVE in 0.0371789932251
2020-03-02 20:25:44.938 1633 RALLYDEBUG rally.task.utils [-] Waiting for resource s_rally_e42b8fe7_pGkTLSHX. Status changed: QUEUED => ACTIVE in 0.0341858863831
2020-03-02 20:25:44.962 1635 RALLYDEBUG rally.task.utils [-] Waiting for resource s_rally_e42b8fe7_POXg8yfu. Status changed: QUEUED => ACTIVE in 0.0314300060272
2020-03-02 20:25:44.979 1634 INFO rally.task.runner [-] Task ab9c1c2b-88f4-4c79-8512-d32ad1e8200c | ITER: 4 END: OK
2020-03-02 20:25:44.984 1634 INFO rally.task.runner [-] Task ab9c1c2b-88f4-4c79-8512-d32ad1e8200c | ITER: 6 START
2020-03-02 20:25:44.994 1633 INFO rally.task.runner [-] Task ab9c1c2b-88f4-4c79-8512-d32ad1e8200c | ITER: 1 END: OK
2020-03-02 20:25:44.999 1633 INFO rally.task.runner [-] Task ab9c1c2b-88f4-4c79-8512-d32ad1e8200c | ITER: 7 START
2020-03-02 20:25:45.004 1635 INFO rally.task.runner [-] Task ab9c1c2b-88f4-4c79-8512-d32ad1e8200c | ITER: 2 END: OK
2020-03-02 20:25:45.009 1635 INFO rally.task.runner [-] Task ab9c1c2b-88f4-4c79-8512-d32ad1e8200c | ITER: 8 START
2020-03-02 20:25:47.321 1636 RALLYDEBUG rally.task.utils [-] Waiting for resource u'c01c0e62-e52f-45c5-b3d6-09c80fe8a4a0'. Status changed: NONE => QUEUED in 0.0630309581757
2020-03-02 20:25:47.535 1634 RALLYDEBUG rally.task.utils [-] Waiting for resource u'16ca1790-0e90-481d-9463-4bac66030bab'. Status changed: NONE => QUEUED in 0.0818929672241
2020-03-02 20:25:47.539 1635 RALLYDEBUG rally.task.utils [-] Waiting for resource u'3a4e4472-3a34-4cb4-ac1b-c91b4c3b3f95'. Status changed: NONE => QUEUED in 0.0537819862366
2020-03-02 20:25:47.589 1633 RALLYDEBUG rally.task.utils [-] Waiting for resource u'd8a55bbd-bb1d-437e-a31d-7462fa7d5f0f'. Status changed: NONE => QUEUED in 0.0557131767273
2020-03-02 20:25:48.406 1636 RALLYDEBUG rally.task.utils [-] Waiting for resource s_rally_e42b8fe7_v1c8Jlts. Status changed: QUEUED => ACTIVE in 0.0446968078613
2020-03-02 20:25:48.439 1636 INFO rally.task.runner [-] Task ab9c1c2b-88f4-4c79-8512-d32ad1e8200c | ITER: 5 END: OK
2020-03-02 20:25:48.443 1636 INFO rally.task.runner [-] Task ab9c1c2b-88f4-4c79-8512-d32ad1e8200c | ITER: 9 START
2020-03-02 20:25:49.068 1635 RALLYDEBUG rally.task.utils [-] Waiting for resource s_rally_e42b8fe7_LZcuuprr. Status changed: QUEUED => ACTIVE in 0.0410380363464
2020-03-02 20:25:49.108 1635 INFO rally.task.runner [-] Task ab9c1c2b-88f4-4c79-8512-d32ad1e8200c | ITER: 8 END: OK
2020-03-02 20:25:49.113 1635 INFO rally.task.runner [-] Task ab9c1c2b-88f4-4c79-8512-d32ad1e8200c | ITER: 10 START
2020-03-02 20:25:49.192 1633 RALLYDEBUG rally.task.utils [-] Waiting for resource s_rally_e42b8fe7_Se3CGxoc. Status changed: QUEUED => ACTIVE in 0.0397980213165
2020-03-02 20:25:49.233 1633 INFO rally.task.runner [-] Task ab9c1c2b-88f4-4c79-8512-d32ad1e8200c | ITER: 7 END: OK
2020-03-02 20:25:49.235 1634 RALLYDEBUG rally.task.utils [-] Waiting for resource s_rally_e42b8fe7_Vp6xu9SJ. Status changed: QUEUED => ACTIVE in 0.039498090744
2020-03-02 20:25:49.275 1634 INFO rally.task.runner [-] Task ab9c1c2b-88f4-4c79-8512-d32ad1e8200c | ITER: 6 END: OK
2020-03-02 20:25:50.972 1636 RALLYDEBUG rally.task.utils [-] Waiting for resource u'52c89de3-2e76-45a6-b09f-ff45866755c0'. Status changed: NONE => QUEUED in 0.0700588226318
2020-03-02 20:25:51.976 1636 RALLYDEBUG rally.task.utils [-] Waiting for resource s_rally_e42b8fe7_5qR3nHu0. Status changed: QUEUED => ACTIVE in 0.0395188331604
2020-03-02 20:25:51.992 1635 RALLYDEBUG rally.task.utils [-] Waiting for resource u'd1c6fb20-20c4-4e8b-be92-715d00906ad7'. Status changed: NONE => QUEUED in 0.0636608600616
2020-03-02 20:25:52.019 1636 INFO rally.task.runner [-] Task ab9c1c2b-88f4-4c79-8512-d32ad1e8200c | ITER: 9 END: OK
2020-03-02 20:25:52.933 1635 RALLYDEBUG rally.task.utils [-] Waiting for resource s_rally_e42b8fe7_GlWhNRAI. Status changed: QUEUED => ACTIVE in 0.0336430072784
2020-03-02 20:25:52.971 1635 INFO rally.task.runner [-] Task ab9c1c2b-88f4-4c79-8512-d32ad1e8200c | ITER: 10 END: OK
2020-03-02 20:25:52.992 725 INFO rally.task.context [-] Task ab9c1c2b-88f4-4c79-8512-d32ad1e8200c | Context cleanup@openstack cleanup() started
2020-03-02 20:25:52.995 725 RALLYDEBUG rally_openstack.cleanup.manager [-] Cleaning up glance images objects
2020-03-02 20:25:54.279 725 RALLYDEBUG rally_openstack.cleanup.manager [-] Deleting glance.images object s_rally_e42b8fe7_MUIgQfMi (8b6d2261-5aaa-4fd7-ab4c-97c2370e4b97)
2020-03-02 20:25:54.284 725 RALLYDEBUG rally_openstack.cleanup.manager [-] Deleting glance.images object s_rally_e42b8fe7_GlWhNRAI (d1c6fb20-20c4-4e8b-be92-715d00906ad7)
2020-03-02 20:25:54.287 725 RALLYDEBUG rally_openstack.cleanup.manager [-] Deleting glance.images object s_rally_e42b8fe7_POXg8yfu (407448df-eee7-461e-9d2a-423a69884769)
2020-03-02 20:25:54.289 725 RALLYDEBUG rally_openstack.cleanup.manager [-] Deleting glance.images object s_rally_e42b8fe7_LZcuuprr (3a4e4472-3a34-4cb4-ac1b-c91b4c3b3f95)
2020-03-02 20:25:54.291 725 RALLYDEBUG rally_openstack.cleanup.manager [-] Deleting glance.images object s_rally_e42b8fe7_v1c8Jlts (c01c0e62-e52f-45c5-b3d6-09c80fe8a4a0)
2020-03-02 20:25:54.294 725 RALLYDEBUG rally_openstack.cleanup.manager [-] Deleting glance.images object s_rally_e42b8fe7_8Cx1f1Ea (20996e5a-2465-42be-ada3-18c8213271df)
2020-03-02 20:25:54.298 725 RALLYDEBUG rally_openstack.cleanup.manager [-] Deleting glance.images object s_rally_e42b8fe7_Se3CGxoc (d8a55bbd-bb1d-437e-a31d-7462fa7d5f0f)
2020-03-02 20:25:54.301 725 RALLYDEBUG rally_openstack.cleanup.manager [-] Deleting glance.images object s_rally_e42b8fe7_5qR3nHu0 (52c89de3-2e76-45a6-b09f-ff45866755c0)
2020-03-02 20:25:54.354 725 RALLYDEBUG rally_openstack.cleanup.manager [-] Deleting glance.images object s_rally_e42b8fe7_pGkTLSHX (f0df1345-435a-499a-9e1e-da0cc758fa66)
