2020-02-29 22:22:35.037 6 RALLYDEBUG rally.api [-] INFO logs from urllib3 and requests module are hide.
2020-02-29 22:22:35.037 6 RALLYDEBUG rally.api [-] urllib3 insecure warnings are hidden.
2020-02-29 22:22:35.037 6 RALLYDEBUG rally.api [-] ERROR log from boto module is hide.
2020-02-29 22:22:36.521 6 ERROR rally.cli.cliutils [-] Unexpected exception in CLI: DBRecordNotFound: Record for uuid or name is opnfv-rally not found in table envs
2020-02-29 22:22:36.521 6 ERROR rally.cli.cliutils
Traceback (most recent call last):
2020-02-29 22:22:36.521 6 ERROR rally.cli.cliutils
File "/usr/lib/python2.7/site-packages/rally/cli/cliutils.py", line 674, in run
2020-02-29 22:22:36.521 6 ERROR rally.cli.cliutils ret = fn(*fn_args, **fn_kwargs)
2020-02-29 22:22:36.521 6 ERROR rally.cli.cliutils File "", line 2, in destroy
2020-02-29 22:22:36.521 6 ERROR rally.cli.cliutils
File "/usr/lib/python2.7/site-packages/rally/cli/envutils.py", line 68, in default_from_global
2020-02-29 22:22:36.521 6 ERROR rally.cli.cliutils return f(*args, **kwargs)
2020-02-29 22:22:36.521 6 ERROR rally.cli.cliutils File "", line 2, in destroy
2020-02-29 22:22:36.521 6 ERROR rally.cli.cliutils
File "/usr/lib/python2.7/site-packages/rally/plugins/__init__.py", line 51, in ensure_plugins_are_loaded
2020-02-29 22:22:36.521 6 ERROR rally.cli.cliutils return f(*args, **kwargs)
2020-02-29 22:22:36.521 6 ERROR rally.cli.cliutils
File "/usr/lib/python2.7/site-packages/rally/cli/commands/deployment.py", line 157, in destroy
2020-02-29 22:22:36.521 6 ERROR rally.cli.cliutils api.deployment.destroy(deployment=deployment)
2020-02-29 22:22:36.521 6 ERROR rally.cli.cliutils
File "/usr/lib/python2.7/site-packages/rally/api.py", line 115, in destroy
2020-02-29 22:22:36.521 6 ERROR rally.cli.cliutils deploy = objects.Deployment.get(deployment)
2020-02-29 22:22:36.521 6 ERROR rally.cli.cliutils
File "/usr/lib/python2.7/site-packages/rally/common/objects/deploy.py", line 124, in get
2020-02-29 22:22:36.521 6 ERROR rally.cli.cliutils return Deployment(env_mgr.EnvManager.get(deploy))
2020-02-29 22:22:36.521 6 ERROR rally.cli.cliutils
File "/usr/lib/python2.7/site-packages/rally/env/env_mgr.py", line 212, in get
2020-02-29 22:22:36.521 6 ERROR rally.cli.cliutils return cls(db.env_get(uuid_or_name))
2020-02-29 22:22:36.521 6 ERROR rally.cli.cliutils
File "/usr/lib/python2.7/site-packages/rally/common/db/api.py", line 135, in wrapper
2020-02-29 22:22:36.521 6 ERROR rally.cli.cliutils result = f(session, *args, **kwargs)
2020-02-29 22:22:36.521 6 ERROR rally.cli.cliutils
File "/usr/lib/python2.7/site-packages/rally/common/db/api.py", line 521, in env_get
2020-02-29 22:22:36.521 6 ERROR rally.cli.cliutils criteria="uuid or name is %s" % uuid_or_name, table="envs")
2020-02-29 22:22:36.521 6 ERROR rally.cli.cliutils DBRecordNotFound: Record for uuid or name is opnfv-rally not found in table envs
2020-02-29 22:22:36.521 6 ERROR rally.cli.cliutils
2020-02-29 22:22:37.279 8 RALLYDEBUG rally.api [-] INFO logs from urllib3 and requests module are hide.
2020-02-29 22:22:37.279 8 RALLYDEBUG rally.api [-] urllib3 insecure warnings are hidden.
2020-02-29 22:22:37.279 8 RALLYDEBUG rally.api [-] ERROR log from boto module is hide.
2020-02-29 22:22:39.641 10 RALLYDEBUG rally.api [-] INFO logs from urllib3 and requests module are hide.
2020-02-29 22:22:39.641 10 RALLYDEBUG rally.api [-] urllib3 insecure warnings are hidden.
2020-02-29 22:22:39.642 10 RALLYDEBUG rally.api [-] ERROR log from boto module is hide.
2020-02-29 22:22:42.472 13 RALLYDEBUG rally.api [-] INFO logs from urllib3 and requests module are hide.
2020-02-29 22:22:42.472 13 RALLYDEBUG rally.api [-] urllib3 insecure warnings are hidden.
2020-02-29 22:22:42.472 13 RALLYDEBUG rally.api [-] ERROR log from boto module is hide.
2020-02-29 22:22:43.999 15 RALLYDEBUG rally.api [-] INFO logs from urllib3 and requests module are hide.
2020-02-29 22:22:43.999 15 RALLYDEBUG rally.api [-] urllib3 insecure warnings are hidden.
2020-02-29 22:22:43.999 15 RALLYDEBUG rally.api [-] ERROR log from boto module is hide.
2020-02-29 22:22:45.210 15 INFO rally.common.plugin.discover [-] Loading plugins from directories /root/.rally/plugins/*
2020-02-29 22:22:45.210 15 INFO rally.common.plugin.discover [-] Loaded module with plugins: /root/.rally/plugins/__init__.py
2020-02-29 22:22:45.213 15 INFO rally.common.plugin.discover [-] Loaded module with plugins: /root/.rally/plugins/trunk_scenario.py
2020-02-29 22:22:45.422 15 INFO rally.task.engine [-] Task 217a691d-f344-4c4e-9b69-19b10833cbd8 | Starting: Task validation.
2020-02-29 22:22:45.428 15 INFO rally.task.engine [-] Task 217a691d-f344-4c4e-9b69-19b10833cbd8 | Starting: Task validation of syntax.
2020-02-29 22:22:45.671 15 INFO rally.task.engine [-] Task 217a691d-f344-4c4e-9b69-19b10833cbd8 | Completed: Task validation of syntax.
2020-02-29 22:22:45.671 15 INFO rally.task.engine [-] Task 217a691d-f344-4c4e-9b69-19b10833cbd8 | Starting: Task validation of required platforms.
2020-02-29 22:22:45.780 15 INFO rally.task.engine [-] Task 217a691d-f344-4c4e-9b69-19b10833cbd8 | Completed: Task validation of required platforms.
2020-02-29 22:22:45.780 15 INFO rally.task.engine [-] Task 217a691d-f344-4c4e-9b69-19b10833cbd8 | Starting: Task validation of semantic.
2020-02-29 22:22:45.781 15 INFO rally.task.engine [-] Check health of the environment '2ed307aa-6061-4781-a163-cdfcbf9cb597'.
2020-02-29 22:22:46.290 15 INFO rally.task.engine [-] Platform existing@openstack (available: True): OK!
2020-02-29 22:22:46.310 15 RALLYDEBUG rally_openstack.contexts.keystone.users [-] Creating 1 tenants using 20 threads
2020-02-29 22:22:46.661 15 RALLYDEBUG rally_openstack.contexts.keystone.users [-] Creating 1 users using 20 threads
2020-02-29 22:22:47.249 15 INFO rally.task.context [-] Task 217a691d-f344-4c4e-9b69-19b10833cbd8 | Context users@openstack setup() finished in 0.94 sec
2020-02-29 22:22:48.581 15 INFO rally.task.context [-] Task 217a691d-f344-4c4e-9b69-19b10833cbd8 | Context users@openstack cleanup() started
2020-02-29 22:22:50.497 15 INFO rally.task.context [-] Task 217a691d-f344-4c4e-9b69-19b10833cbd8 | Context users@openstack cleanup() finished in 1.92 sec
2020-02-29 22:22:50.497 15 INFO rally.task.engine [-] Task 217a691d-f344-4c4e-9b69-19b10833cbd8 | Completed: Task validation of semantic.
2020-02-29 22:22:50.498 15 INFO rally.task.engine [-] Task 217a691d-f344-4c4e-9b69-19b10833cbd8 | Completed: Task validation.
2020-02-29 22:22:50.498 15 INFO rally.api [-] Task 217a691d-f344-4c4e-9b69-19b10833cbd8 input file is valid.
2020-02-29 22:22:50.498 15 INFO rally.api [-] Run Task 217a691d-f344-4c4e-9b69-19b10833cbd8 against Deployment 2ed307aa-6061-4781-a163-cdfcbf9cb597
2020-02-29 22:22:50.499 15 INFO rally.task.engine [-] Task 217a691d-f344-4c4e-9b69-19b10833cbd8 | Starting: Running task.
2020-02-29 22:22:50.534 15 INFO rally.task.engine [-] Running workload: position = 0 config = { "version": 2, "title": "A cropped version of a bigger task.", "description": "Auto-generated task from a single workload (uuid=83d5e7b4-b2c6-418a-894b-8881809c2621)", "subtasks": [ { "title": "NeutronNetworks.create_and_list_networks", "description": "Check performance of list_networks action and ensure > network quotas are not exceeded", "scenario": { "NeutronNetworks.create_and_list_networks": {} }, "contexts": { "users": { "tenants": 1, "users_per_tenant": 1 }, "quotas": { "neutron": { "network": 119 } } }, "runner": { "constant": { "times": 100, "concurrency": 20 } }, "hooks": [], "sla": { "max_avg_duration_per_atomic": { "neutron.list_networks": 15 }, "failure_rate": { "max": 0 } } } ] }
2020-02-29 22:22:50.557 15 RALLYDEBUG rally_openstack.contexts.keystone.users [-] Creating 1 tenants using 20 threads
2020-02-29 22:22:50.887 15 RALLYDEBUG rally_openstack.contexts.keystone.users [-] Creating 1 users using 20 threads
2020-02-29 22:22:51.335 15 INFO rally.task.context [-] Task 217a691d-f344-4c4e-9b69-19b10833cbd8 | Context users@openstack setup() finished in 0.78 sec
2020-02-29 22:22:52.237 15 INFO rally.task.context [-] Task 217a691d-f344-4c4e-9b69-19b10833cbd8 | Context quotas@openstack setup() finished in 0.90 sec
2020-02-29 22:22:52.237 15 INFO rally.task.context [-] Task 217a691d-f344-4c4e-9b69-19b10833cbd8 | Context cleanup@openstack setup() finished in 0.01 msec
2020-02-29 22:22:52.246 15 RALLYDEBUG rally.task.runner [-] Starting the constant runner (task UUID: 217a691d-f344-4c4e-9b69-19b10833cbd8). timeout: 0 concurrency: 20 concurrency_per_worker: 1 times: 100 concurrency_overhead: 0 processes_to_start: 20 max_cpu_used: 88
2020-02-29 22:22:52.259 139 RALLYDEBUG rally.task.runner [-] Starting a worker. concurrency: 1 args: {} times: 100 method_name: run timeout: 0 duration: None cls:
2020-02-29 22:22:52.263 140 RALLYDEBUG rally.task.runner [-] Starting a worker. concurrency: 1 args: {} times: 100 method_name: run timeout: 0 duration: None cls:
2020-02-29 22:22:52.264 141 RALLYDEBUG rally.task.runner [-] Starting a worker. concurrency: 1 args: {} times: 100 method_name: run timeout: 0 duration: None cls:
2020-02-29 22:22:52.267 139 INFO rally.task.runner [-] Task 217a691d-f344-4c4e-9b69-19b10833cbd8 | ITER: 1 START
2020-02-29 22:22:52.268 142 RALLYDEBUG rally.task.runner [-] Starting a worker. concurrency: 1 args: {} times: 100 method_name: run timeout: 0 duration: None cls:
2020-02-29 22:22:52.270 140 INFO rally.task.runner [-] Task 217a691d-f344-4c4e-9b69-19b10833cbd8 | ITER: 2 START
2020-02-29 22:22:52.270 141 INFO rally.task.runner [-] Task 217a691d-f344-4c4e-9b69-19b10833cbd8 | ITER: 3 START
2020-02-29 22:22:52.273 142 INFO rally.task.runner [-] Task 217a691d-f344-4c4e-9b69-19b10833cbd8 | ITER: 4 START
2020-02-29 22:22:52.273 145 RALLYDEBUG rally.task.runner [-] Starting a worker. concurrency: 1 args: {} times: 100 method_name: run timeout: 0 duration: None cls:
2020-02-29 22:22:52.277 150 RALLYDEBUG rally.task.runner [-] Starting a worker. concurrency: 1 args: {} times: 100 method_name: run timeout: 0 duration: None cls:
2020-02-29 22:22:52.280 153 RALLYDEBUG rally.task.runner [-] Starting a worker. concurrency: 1 args: {} times: 100 method_name: run timeout: 0 duration: None cls:
2020-02-29 22:22:52.282 145 INFO rally.task.runner [-] Task 217a691d-f344-4c4e-9b69-19b10833cbd8 | ITER: 5 START
2020-02-29 22:22:52.282 150 INFO rally.task.runner [-] Task 217a691d-f344-4c4e-9b69-19b10833cbd8 | ITER: 6 START
2020-02-29 22:22:52.284 155 RALLYDEBUG rally.task.runner [-] Starting a worker. concurrency: 1 args: {} times: 100 method_name: run timeout: 0 duration: None cls:
2020-02-29 22:22:52.286 153 INFO rally.task.runner [-] Task 217a691d-f344-4c4e-9b69-19b10833cbd8 | ITER: 7 START
2020-02-29 22:22:52.287 157 RALLYDEBUG rally.task.runner [-] Starting a worker. concurrency: 1 args: {} times: 100 method_name: run timeout: 0 duration: None cls:
2020-02-29 22:22:52.289 155 INFO rally.task.runner [-] Task 217a691d-f344-4c4e-9b69-19b10833cbd8 | ITER: 8 START
2020-02-29 22:22:52.290 161 RALLYDEBUG rally.task.runner [-] Starting a worker. concurrency: 1 args: {} times: 100 method_name: run timeout: 0 duration: None cls:
2020-02-29 22:22:52.293 157 INFO rally.task.runner [-] Task 217a691d-f344-4c4e-9b69-19b10833cbd8 | ITER: 9 START
2020-02-29 22:22:52.294 164 RALLYDEBUG rally.task.runner [-] Starting a worker. concurrency: 1 args: {} times: 100 method_name: run timeout: 0 duration: None cls:
2020-02-29 22:22:52.295 161 INFO rally.task.runner [-] Task 217a691d-f344-4c4e-9b69-19b10833cbd8 | ITER: 10 START
2020-02-29 22:22:52.299 164 INFO rally.task.runner [-] Task 217a691d-f344-4c4e-9b69-19b10833cbd8 | ITER: 11 START
2020-02-29 22:22:52.303 172 RALLYDEBUG rally.task.runner [-] Starting a worker. concurrency: 1 args: {} times: 100 method_name: run timeout: 0 duration: None cls:
2020-02-29 22:22:52.304 170 RALLYDEBUG rally.task.runner [-] Starting a worker. concurrency: 1 args: {} times: 100 method_name: run timeout: 0 duration: None cls:
2020-02-29 22:22:52.304 166 RALLYDEBUG rally.task.runner [-] Starting a worker. concurrency: 1 args: {} times: 100 method_name: run timeout: 0 duration: None cls:
2020-02-29 22:22:52.306 175 RALLYDEBUG rally.task.runner [-] Starting a worker. concurrency: 1 args: {} times: 100 method_name: run timeout: 0 duration: None cls:
2020-02-29 22:22:52.309 172 INFO rally.task.runner [-] Task 217a691d-f344-4c4e-9b69-19b10833cbd8 | ITER: 12 START
2020-02-29 22:22:52.309 170 INFO rally.task.runner [-] Task 217a691d-f344-4c4e-9b69-19b10833cbd8 | ITER: 13 START
2020-02-29 22:22:52.310 166 INFO rally.task.runner [-] Task 217a691d-f344-4c4e-9b69-19b10833cbd8 | ITER: 14 START
2020-02-29 22:22:52.310 176 RALLYDEBUG rally.task.runner [-] Starting a worker. concurrency: 1 args: {} times: 100 method_name: run timeout: 0 duration: None cls:
2020-02-29 22:22:52.314 175 INFO rally.task.runner [-] Task 217a691d-f344-4c4e-9b69-19b10833cbd8 | ITER: 15 START
2020-02-29 22:22:52.315 184 RALLYDEBUG rally.task.runner [-] Starting a worker. concurrency: 1 args: {} times: 100 method_name: run timeout: 0 duration: None cls:
2020-02-29 22:22:52.315 176 INFO rally.task.runner [-] Task 217a691d-f344-4c4e-9b69-19b10833cbd8 | ITER: 16 START
2020-02-29 22:22:52.319 177 RALLYDEBUG rally.task.runner [-] Starting a worker. concurrency: 1 args: {} times: 100 method_name: run timeout: 0 duration: None cls:
2020-02-29 22:22:52.322 184 INFO rally.task.runner [-] Task 217a691d-f344-4c4e-9b69-19b10833cbd8 | ITER: 17 START
2020-02-29 22:22:52.323 187 RALLYDEBUG rally.task.runner [-] Starting a worker. concurrency: 1 args: {} times: 100 method_name: run timeout: 0 duration: None cls:
2020-02-29 22:22:52.325 177 INFO rally.task.runner [-] Task 217a691d-f344-4c4e-9b69-19b10833cbd8 | ITER: 18 START
2020-02-29 22:22:52.330 187 INFO rally.task.runner [-] Task 217a691d-f344-4c4e-9b69-19b10833cbd8 | ITER: 19 START
2020-02-29 22:22:52.332 190 RALLYDEBUG rally.task.runner [-] Starting a worker. concurrency: 1 args: {} times: 100 method_name: run timeout: 0 duration: None cls:
2020-02-29 22:22:52.339 190 INFO rally.task.runner [-] Task 217a691d-f344-4c4e-9b69-19b10833cbd8 | ITER: 20 START
2020-02-29 22:22:53.602 141 INFO rally.task.runner [-] Task 217a691d-f344-4c4e-9b69-19b10833cbd8 | ITER: 3 END: OK
2020-02-29 22:22:53.607 141 INFO rally.task.runner [-] Task 217a691d-f344-4c4e-9b69-19b10833cbd8 | ITER: 21 START
2020-02-29 22:22:53.996 157 INFO rally.task.runner [-] Task 217a691d-f344-4c4e-9b69-19b10833cbd8 | ITER: 9 END: OK
2020-02-29 22:22:54.001 157 INFO rally.task.runner [-] Task 217a691d-f344-4c4e-9b69-19b10833cbd8 | ITER: 22 START
2020-02-29 22:22:54.083 150 INFO rally.task.runner [-] Task 217a691d-f344-4c4e-9b69-19b10833cbd8 | ITER: 6 END: OK
2020-02-29 22:22:54.088 150 INFO rally.task.runner [-] Task 217a691d-f344-4c4e-9b69-19b10833cbd8 | ITER: 23 START
2020-02-29 22:22:55.314 142 INFO rally.task.runner [-] Task 217a691d-f344-4c4e-9b69-19b10833cbd8 | ITER: 4 END: OK
2020-02-29 22:22:55.319 142 INFO rally.task.runner [-] Task 217a691d-f344-4c4e-9b69-19b10833cbd8 | ITER: 24 START
2020-02-29 22:22:55.535 170 INFO rally.task.runner [-] Task 217a691d-f344-4c4e-9b69-19b10833cbd8 | ITER: 13 END: OK
2020-02-29 22:22:55.540 170 INFO rally.task.runner [-] Task 217a691d-f344-4c4e-9b69-19b10833cbd8 | ITER: 25 START
2020-02-29 22:22:56.239 166 INFO rally.task.runner [-] Task 217a691d-f344-4c4e-9b69-19b10833cbd8 | ITER: 14 END: OK
2020-02-29 22:22:56.244 166 INFO rally.task.runner [-] Task 217a691d-f344-4c4e-9b69-19b10833cbd8 | ITER: 26 START
2020-02-29 22:22:56.338 187 INFO rally.task.runner [-] Task 217a691d-f344-4c4e-9b69-19b10833cbd8 | ITER: 19 END: OK
2020-02-29 22:22:56.342 187 INFO rally.task.runner [-] Task 217a691d-f344-4c4e-9b69-19b10833cbd8 | ITER: 27 START
2020-02-29 22:22:56.536 177 INFO rally.task.runner [-] Task 217a691d-f344-4c4e-9b69-19b10833cbd8 | ITER: 18 END: OK
2020-02-29 22:22:56.540 177 INFO rally.task.runner [-] Task 217a691d-f344-4c4e-9b69-19b10833cbd8 | ITER: 28 START
2020-02-29 22:22:56.900 140 INFO rally.task.runner [-] Task 217a691d-f344-4c4e-9b69-19b10833cbd8 | ITER: 2 END: OK
2020-02-29 22:22:56.904 140 INFO rally.task.runner [-] Task 217a691d-f344-4c4e-9b69-19b10833cbd8 | ITER: 29 START
2020-02-29 22:22:56.983 145 INFO rally.task.runner [-] Task 217a691d-f344-4c4e-9b69-19b10833cbd8 | ITER: 5 END: OK
2020-02-29 22:22:56.987 145 INFO rally.task.runner [-] Task 217a691d-f344-4c4e-9b69-19b10833cbd8 | ITER: 30 START
2020-02-29 22:22:57.001 153 INFO rally.task.runner [-] Task 217a691d-f344-4c4e-9b69-19b10833cbd8 | ITER: 7 END: OK
2020-02-29 22:22:57.006 153 INFO rally.task.runner [-] Task 217a691d-f344-4c4e-9b69-19b10833cbd8 | ITER: 31 START
2020-02-29 22:22:57.051 155 INFO rally.task.runner [-] Task 217a691d-f344-4c4e-9b69-19b10833cbd8 | ITER: 8 END: OK
2020-02-29 22:22:57.056 155 INFO rally.task.runner [-] Task 217a691d-f344-4c4e-9b69-19b10833cbd8 | ITER: 32 START
2020-02-29 22:22:57.065 190 INFO rally.task.runner [-] Task 217a691d-f344-4c4e-9b69-19b10833cbd8 | ITER: 20 END: OK
2020-02-29 22:22:57.070 190 INFO rally.task.runner [-] Task 217a691d-f344-4c4e-9b69-19b10833cbd8 | ITER: 33 START
2020-02-29 22:22:57.236 139 INFO rally.task.runner [-] Task 217a691d-f344-4c4e-9b69-19b10833cbd8 | ITER: 1 END: OK
2020-02-29 22:22:57.237 184 INFO rally.task.runner [-] Task 217a691d-f344-4c4e-9b69-19b10833cbd8 | ITER: 17 END: OK
2020-02-29 22:22:57.241 184 INFO rally.task.runner [-] Task 217a691d-f344-4c4e-9b69-19b10833cbd8 | ITER: 34 START
2020-02-29 22:22:57.242 139 INFO rally.task.runner [-] Task 217a691d-f344-4c4e-9b69-19b10833cbd8 | ITER: 35 START
2020-02-29 22:22:57.299 157 INFO rally.task.runner [-] Task 217a691d-f344-4c4e-9b69-19b10833cbd8 | ITER: 22 END: OK
2020-02-29 22:22:57.302 157 INFO rally.task.runner [-] Task 217a691d-f344-4c4e-9b69-19b10833cbd8 | ITER: 36 START
2020-02-29 22:22:57.363 175 INFO rally.task.runner [-] Task 217a691d-f344-4c4e-9b69-19b10833cbd8 | ITER: 15 END: OK
2020-02-29 22:22:57.368 175 INFO rally.task.runner [-] Task 217a691d-f344-4c4e-9b69-19b10833cbd8 | ITER: 37 START
2020-02-29 22:22:57.379 164 INFO rally.task.runner [-] Task 217a691d-f344-4c4e-9b69-19b10833cbd8 | ITER: 11 END: OK
2020-02-29 22:22:57.384 164 INFO rally.task.runner [-] Task 217a691d-f344-4c4e-9b69-19b10833cbd8 | ITER: 38 START
2020-02-29 22:22:57.479 161 INFO rally.task.runner [-] Task 217a691d-f344-4c4e-9b69-19b10833cbd8 | ITER: 10 END: OK
2020-02-29 22:22:57.484 161 INFO rally.task.runner [-] Task 217a691d-f344-4c4e-9b69-19b10833cbd8 | ITER: 39 START
2020-02-29 22:22:57.585 150 INFO rally.task.runner [-] Task 217a691d-f344-4c4e-9b69-19b10833cbd8 | ITER: 23 END: OK
2020-02-29 22:22:57.588 150 INFO rally.task.runner [-] Task 217a691d-f344-4c4e-9b69-19b10833cbd8 | ITER: 40 START
2020-02-29 22:22:57.589 172 INFO rally.task.runner [-] Task 217a691d-f344-4c4e-9b69-19b10833cbd8 | ITER: 12 END: OK
2020-02-29 22:22:57.594 172 INFO rally.task.runner [-] Task 217a691d-f344-4c4e-9b69-19b10833cbd8 | ITER: 41 START
2020-02-29 22:22:58.038 170 INFO rally.task.runner [-] Task 217a691d-f344-4c4e-9b69-19b10833cbd8 | ITER: 25 END: OK
2020-02-29 22:22:58.042 170 INFO rally.task.runner [-] Task 217a691d-f344-4c4e-9b69-19b10833cbd8 | ITER: 42 START
2020-02-29 22:22:58.494 176 INFO rally.task.runner [-] Task 217a691d-f344-4c4e-9b69-19b10833cbd8 | ITER: 16 END: OK
2020-02-29 22:22:58.499 176 INFO rally.task.runner [-] Task 217a691d-f344-4c4e-9b69-19b10833cbd8 | ITER: 43 START
2020-02-29 22:22:58.834 141 INFO rally.task.runner [-] Task 217a691d-f344-4c4e-9b69-19b10833cbd8 | ITER: 21 END: OK
2020-02-29 22:22:58.837 141 INFO rally.task.runner [-] Task 217a691d-f344-4c4e-9b69-19b10833cbd8 | ITER: 44 START
2020-02-29 22:22:58.887 142 INFO rally.task.runner [-] Task 217a691d-f344-4c4e-9b69-19b10833cbd8 | ITER: 24 END: OK
2020-02-29 22:22:58.891 142 INFO rally.task.runner [-] Task 217a691d-f344-4c4e-9b69-19b10833cbd8 | ITER: 45 START
2020-02-29 22:22:59.100 187 INFO rally.task.runner [-] Task 217a691d-f344-4c4e-9b69-19b10833cbd8 | ITER: 27 END: OK
2020-02-29 22:22:59.103 187 INFO rally.task.runner [-] Task 217a691d-f344-4c4e-9b69-19b10833cbd8 | ITER: 46 START
2020-02-29 22:22:59.314 140 INFO rally.task.runner [-] Task 217a691d-f344-4c4e-9b69-19b10833cbd8 | ITER: 29 END: OK
2020-02-29 22:22:59.318 140 INFO rally.task.runner [-] Task 217a691d-f344-4c4e-9b69-19b10833cbd8 | ITER: 47 START
2020-02-29 22:22:59.539 166 INFO rally.task.runner [-] Task 217a691d-f344-4c4e-9b69-19b10833cbd8 | ITER: 26 END: OK
2020-02-29 22:22:59.542 166 INFO rally.task.runner [-] Task 217a691d-f344-4c4e-9b69-19b10833cbd8 | ITER: 48 START
2020-02-29 22:22:59.739 145 INFO rally.task.runner [-] Task 217a691d-f344-4c4e-9b69-19b10833cbd8 | ITER: 30 END: OK
2020-02-29 22:22:59.742 145 INFO rally.task.runner [-] Task 217a691d-f344-4c4e-9b69-19b10833cbd8 | ITER: 49 START
2020-02-29 22:22:59.791 161 INFO rally.task.runner [-] Task 217a691d-f344-4c4e-9b69-19b10833cbd8 | ITER: 39 END: OK
2020-02-29 22:22:59.794 161 INFO rally.task.runner [-] Task 217a691d-f344-4c4e-9b69-19b10833cbd8 | ITER: 50 START
2020-02-29 22:23:00.550 153 INFO rally.task.runner [-] Task 217a691d-f344-4c4e-9b69-19b10833cbd8 | ITER: 31 END: OK
2020-02-29 22:23:00.553 153 INFO rally.task.runner [-] Task 217a691d-f344-4c4e-9b69-19b10833cbd8 | ITER: 51 START
2020-02-29 22:23:00.607 175 INFO rally.task.runner [-] Task 217a691d-f344-4c4e-9b69-19b10833cbd8 | ITER: 37 END: OK
2020-02-29 22:23:00.611 175 INFO rally.task.runner [-] Task 217a691d-f344-4c4e-9b69-19b10833cbd8 | ITER: 52 START
2020-02-29 22:23:00.874 177 INFO rally.task.runner [-] Task 217a691d-f344-4c4e-9b69-19b10833cbd8 | ITER: 28 END: OK
2020-02-29 22:23:00.878 177 INFO rally.task.runner [-] Task 217a691d-f344-4c4e-9b69-19b10833cbd8 | ITER: 53 START
2020-02-29 22:23:01.262 155 INFO rally.task.runner [-] Task 217a691d-f344-4c4e-9b69-19b10833cbd8 | ITER: 32 END: OK
2020-02-29 22:23:01.265 155 INFO rally.task.runner [-] Task 217a691d-f344-4c4e-9b69-19b10833cbd8 | ITER: 54 START
2020-02-29 22:23:01.362 164 INFO rally.task.runner [-] Task 217a691d-f344-4c4e-9b69-19b10833cbd8 | ITER: 38 END: OK
2020-02-29 22:23:01.365 164 INFO rally.task.runner [-] Task 217a691d-f344-4c4e-9b69-19b10833cbd8 | ITER: 55 START
2020-02-29 22:23:01.626 139 INFO rally.task.runner [-] Task 217a691d-f344-4c4e-9b69-19b10833cbd8 | ITER: 35 END: OK
2020-02-29 22:23:01.629 139 INFO rally.task.runner [-] Task 217a691d-f344-4c4e-9b69-19b10833cbd8 | ITER: 56 START
2020-02-29 22:23:01.632 190 INFO rally.task.runner [-] Task 217a691d-f344-4c4e-9b69-19b10833cbd8 | ITER: 33 END: OK
2020-02-29 22:23:01.635 190 INFO rally.task.runner [-] Task 217a691d-f344-4c4e-9b69-19b10833cbd8 | ITER: 57 START
2020-02-29 22:23:01.800 184 INFO rally.task.runner [-] Task 217a691d-f344-4c4e-9b69-19b10833cbd8 | ITER: 34 END: OK
2020-02-29 22:23:01.803 184 INFO rally.task.runner [-] Task 217a691d-f344-4c4e-9b69-19b10833cbd8 | ITER: 58 START
2020-02-29 22:23:01.806 150 INFO rally.task.runner [-] Task 217a691d-f344-4c4e-9b69-19b10833cbd8 | ITER: 40 END: OK
2020-02-29 22:23:01.810 150 INFO rally.task.runner [-] Task 217a691d-f344-4c4e-9b69-19b10833cbd8 | ITER: 59 START
2020-02-29 22:23:01.963 170 INFO rally.task.runner [-] Task 217a691d-f344-4c4e-9b69-19b10833cbd8 | ITER: 42 END: OK
2020-02-29 22:23:01.967 170 INFO rally.task.runner [-] Task 217a691d-f344-4c4e-9b69-19b10833cbd8 | ITER: 60 START
2020-02-29 22:23:01.980 157 INFO rally.task.runner [-] Task 217a691d-f344-4c4e-9b69-19b10833cbd8 | ITER: 36 END: OK
2020-02-29 22:23:01.984 157 INFO rally.task.runner [-] Task 217a691d-f344-4c4e-9b69-19b10833cbd8 | ITER: 61 START
2020-02-29 22:23:02.133 172 INFO rally.task.runner [-] Task 217a691d-f344-4c4e-9b69-19b10833cbd8 | ITER: 41 END: OK
2020-02-29 22:23:02.136 172 INFO rally.task.runner [-] Task 217a691d-f344-4c4e-9b69-19b10833cbd8 | ITER: 62 START
2020-02-29 22:23:02.304 142 INFO rally.task.runner [-] Task 217a691d-f344-4c4e-9b69-19b10833cbd8 | ITER: 45 END: OK
2020-02-29 22:23:02.308 142 INFO rally.task.runner [-] Task 217a691d-f344-4c4e-9b69-19b10833cbd8 | ITER: 63 START
2020-02-29 22:23:02.507 187 INFO rally.task.runner [-] Task 217a691d-f344-4c4e-9b69-19b10833cbd8 | ITER: 46 END: OK
2020-02-29 22:23:02.511 187 INFO rally.task.runner [-] Task 217a691d-f344-4c4e-9b69-19b10833cbd8 | ITER: 64 START
2020-02-29 22:23:02.569 141 INFO rally.task.runner [-] Task 217a691d-f344-4c4e-9b69-19b10833cbd8 | ITER: 44 END: OK
2020-02-29 22:23:02.572 141 INFO rally.task.runner [-] Task 217a691d-f344-4c4e-9b69-19b10833cbd8 | ITER: 65 START
2020-02-29 22:23:02.888 166 INFO rally.task.runner [-] Task 217a691d-f344-4c4e-9b69-19b10833cbd8 | ITER: 48 END: OK
2020-02-29 22:23:02.891 166 INFO rally.task.runner [-] Task 217a691d-f344-4c4e-9b69-19b10833cbd8 | ITER: 66 START
2020-02-29 22:23:03.568 176 INFO rally.task.runner [-] Task 217a691d-f344-4c4e-9b69-19b10833cbd8 | ITER: 43 END: OK
2020-02-29 22:23:03.571 176 INFO rally.task.runner [-] Task 217a691d-f344-4c4e-9b69-19b10833cbd8 | ITER: 67 START
2020-02-29 22:23:03.746 161 INFO rally.task.runner [-] Task 217a691d-f344-4c4e-9b69-19b10833cbd8 | ITER: 50 END: OK
2020-02-29 22:23:03.750 161 INFO rally.task.runner [-] Task 217a691d-f344-4c4e-9b69-19b10833cbd8 | ITER: 68 START
2020-02-29 22:23:04.353 140 INFO rally.task.runner [-] Task 217a691d-f344-4c4e-9b69-19b10833cbd8 | ITER: 47 END: OK
2020-02-29 22:23:04.357 140 INFO rally.task.runner [-] Task 217a691d-f344-4c4e-9b69-19b10833cbd8 | ITER: 69 START
2020-02-29 22:23:04.441 175 INFO rally.task.runner [-] Task 217a691d-f344-4c4e-9b69-19b10833cbd8 | ITER: 52 END: OK
2020-02-29 22:23:04.442 153 INFO rally.task.runner [-] Task 217a691d-f344-4c4e-9b69-19b10833cbd8 | ITER: 51 END: OK
2020-02-29 22:23:04.444 175 INFO rally.task.runner [-] Task 217a691d-f344-4c4e-9b69-19b10833cbd8 | ITER: 70 START
2020-02-29 22:23:04.446 153 INFO rally.task.runner [-] Task 217a691d-f344-4c4e-9b69-19b10833cbd8 | ITER: 71 START
2020-02-29 22:23:04.818 145 INFO rally.task.runner [-] Task 217a691d-f344-4c4e-9b69-19b10833cbd8 | ITER: 49 END: OK
2020-02-29 22:23:04.822 145 INFO rally.task.runner [-] Task 217a691d-f344-4c4e-9b69-19b10833cbd8 | ITER: 72 START
2020-02-29 22:23:05.239 177 INFO rally.task.runner [-] Task 217a691d-f344-4c4e-9b69-19b10833cbd8 | ITER: 53 END: OK
2020-02-29 22:23:05.242 177 INFO rally.task.runner [-] Task 217a691d-f344-4c4e-9b69-19b10833cbd8 | ITER: 73 START
2020-02-29 22:23:05.458 155 INFO rally.task.runner [-] Task 217a691d-f344-4c4e-9b69-19b10833cbd8 | ITER: 54 END: OK
2020-02-29 22:23:05.462 155 INFO rally.task.runner [-] Task 217a691d-f344-4c4e-9b69-19b10833cbd8 | ITER: 74 START
2020-02-29 22:23:05.489 172 INFO rally.task.runner [-] Task 217a691d-f344-4c4e-9b69-19b10833cbd8 | ITER: 62 END: OK
2020-02-29 22:23:05.493 172 INFO rally.task.runner [-] Task 217a691d-f344-4c4e-9b69-19b10833cbd8 | ITER: 75 START
2020-02-29 22:23:05.576 164 INFO rally.task.runner [-] Task 217a691d-f344-4c4e-9b69-19b10833cbd8 | ITER: 55 END: OK
2020-02-29 22:23:05.580 164 INFO rally.task.runner [-] Task 217a691d-f344-4c4e-9b69-19b10833cbd8 | ITER: 76 START
2020-02-29 22:23:05.634 157 INFO rally.task.runner [-] Task 217a691d-f344-4c4e-9b69-19b10833cbd8 | ITER: 61 END: OK
2020-02-29 22:23:05.637 157 INFO rally.task.runner [-] Task 217a691d-f344-4c4e-9b69-19b10833cbd8 | ITER: 77 START
2020-02-29 22:23:05.870 141 INFO rally.task.runner [-] Task 217a691d-f344-4c4e-9b69-19b10833cbd8 | ITER: 65 END: OK
2020-02-29 22:23:05.874 141 INFO rally.task.runner [-] Task 217a691d-f344-4c4e-9b69-19b10833cbd8 | ITER: 78 START
2020-02-29 22:23:06.145 140 INFO rally.task.runner [-] Task 217a691d-f344-4c4e-9b69-19b10833cbd8 | ITER: 69 END: OK
2020-02-29 22:23:06.148 140 INFO rally.task.runner [-] Task 217a691d-f344-4c4e-9b69-19b10833cbd8 | ITER: 79 START
2020-02-29 22:23:06.827 184 INFO rally.task.runner [-] Task 217a691d-f344-4c4e-9b69-19b10833cbd8 | ITER: 58 END: OK
2020-02-29 22:23:06.831 184 INFO rally.task.runner [-] Task 217a691d-f344-4c4e-9b69-19b10833cbd8 | ITER: 80 START
2020-02-29 22:23:07.314 150 INFO rally.task.runner [-] Task 217a691d-f344-4c4e-9b69-19b10833cbd8 | ITER: 59 END: OK
2020-02-29 22:23:07.318 150 INFO rally.task.runner [-] Task 217a691d-f344-4c4e-9b69-19b10833cbd8 | ITER: 81 START
2020-02-29 22:23:07.902 139 INFO rally.task.runner [-] Task 217a691d-f344-4c4e-9b69-19b10833cbd8 | ITER: 56 END: OK
2020-02-29 22:23:07.902 187 INFO rally.task.runner [-] Task 217a691d-f344-4c4e-9b69-19b10833cbd8 | ITER: 64 END: OK
2020-02-29 22:23:07.902 170 INFO rally.task.runner [-] Task 217a691d-f344-4c4e-9b69-19b10833cbd8 | ITER: 60 END: OK
2020-02-29 22:23:07.905 139 INFO rally.task.runner [-] Task 217a691d-f344-4c4e-9b69-19b10833cbd8 | ITER: 82 START
2020-02-29 22:23:07.906 187 INFO rally.task.runner [-] Task 217a691d-f344-4c4e-9b69-19b10833cbd8 | ITER: 83 START
2020-02-29 22:23:07.906 170 INFO rally.task.runner [-] Task 217a691d-f344-4c4e-9b69-19b10833cbd8 | ITER: 84 START
2020-02-29 22:23:07.907 190 INFO rally.task.runner [-] Task 217a691d-f344-4c4e-9b69-19b10833cbd8 | ITER: 57 END: OK
2020-02-29 22:23:07.908 166 INFO rally.task.runner [-] Task 217a691d-f344-4c4e-9b69-19b10833cbd8 | ITER: 66 END: OK
2020-02-29 22:23:07.910 190 INFO rally.task.runner [-] Task 217a691d-f344-4c4e-9b69-19b10833cbd8 | ITER: 85 START
2020-02-29 22:23:07.912 166 INFO rally.task.runner [-] Task 217a691d-f344-4c4e-9b69-19b10833cbd8 | ITER: 86 START
2020-02-29 22:23:08.375 142 INFO rally.task.runner [-] Task 217a691d-f344-4c4e-9b69-19b10833cbd8 | ITER: 63 END: OK
2020-02-29 22:23:08.379 142 INFO rally.task.runner [-] Task 217a691d-f344-4c4e-9b69-19b10833cbd8 | ITER: 87 START
2020-02-29 22:23:08.712 176 INFO rally.task.runner [-] Task 217a691d-f344-4c4e-9b69-19b10833cbd8 | ITER: 67 END: OK
2020-02-29 22:23:08.715 176 INFO rally.task.runner [-] Task 217a691d-f344-4c4e-9b69-19b10833cbd8 | ITER: 88 START
2020-02-29 22:23:08.912 161 INFO rally.task.runner [-] Task 217a691d-f344-4c4e-9b69-19b10833cbd8 | ITER: 68 END: OK
2020-02-29 22:23:08.916 161 INFO rally.task.runner [-] Task 217a691d-f344-4c4e-9b69-19b10833cbd8 | ITER: 89 START
2020-02-29 22:23:08.961 177 INFO rally.task.runner [-] Task 217a691d-f344-4c4e-9b69-19b10833cbd8 | ITER: 73 END: OK
2020-02-29 22:23:08.965 177 INFO rally.task.runner [-] Task 217a691d-f344-4c4e-9b69-19b10833cbd8 | ITER: 90 START
2020-02-29 22:23:10.189 153 INFO rally.task.runner [-] Task 217a691d-f344-4c4e-9b69-19b10833cbd8 | ITER: 71 END: OK
2020-02-29 22:23:10.193 153 INFO rally.task.runner [-] Task 217a691d-f344-4c4e-9b69-19b10833cbd8 | ITER: 91 START
2020-02-29 22:23:11.091 155 INFO rally.task.runner [-] Task 217a691d-f344-4c4e-9b69-19b10833cbd8 | ITER: 74 END: OK
2020-02-29 22:23:11.095 155 INFO rally.task.runner [-] Task 217a691d-f344-4c4e-9b69-19b10833cbd8 | ITER: 92 START
2020-02-29 22:23:11.320 145 INFO rally.task.runner [-] Task 217a691d-f344-4c4e-9b69-19b10833cbd8 | ITER: 72 END: OK
2020-02-29 22:23:11.322 175 INFO rally.task.runner [-] Task 217a691d-f344-4c4e-9b69-19b10833cbd8 | ITER: 70 END: OK
2020-02-29 22:23:11.324 145 INFO rally.task.runner [-] Task 217a691d-f344-4c4e-9b69-19b10833cbd8 | ITER: 93 START
2020-02-29 22:23:11.326 175 INFO rally.task.runner [-] Task 217a691d-f344-4c4e-9b69-19b10833cbd8 | ITER: 94 START
2020-02-29 22:23:11.565 140 INFO rally.task.runner [-] Task 217a691d-f344-4c4e-9b69-19b10833cbd8 | ITER: 79 END: OK
2020-02-29 22:23:11.569 140 INFO rally.task.runner [-] Task 217a691d-f344-4c4e-9b69-19b10833cbd8 | ITER: 95 START
2020-02-29 22:23:11.687 190 INFO rally.task.runner [-] Task 217a691d-f344-4c4e-9b69-19b10833cbd8 | ITER: 85 END: OK
2020-02-29 22:23:11.691 190 INFO rally.task.runner [-] Task 217a691d-f344-4c4e-9b69-19b10833cbd8 | ITER: 96 START
2020-02-29 22:23:11.728 170 INFO rally.task.runner [-] Task 217a691d-f344-4c4e-9b69-19b10833cbd8 | ITER: 84 END: OK
2020-02-29 22:23:11.731 170 INFO rally.task.runner [-] Task 217a691d-f344-4c4e-9b69-19b10833cbd8 | ITER: 97 START
2020-02-29 22:23:12.301 172 INFO rally.task.runner [-] Task 217a691d-f344-4c4e-9b69-19b10833cbd8 | ITER: 75 END: OK
2020-02-29 22:23:12.305 172 INFO rally.task.runner [-] Task 217a691d-f344-4c4e-9b69-19b10833cbd8 | ITER: 98 START
2020-02-29 22:23:12.342 139 INFO rally.task.runner [-] Task 217a691d-f344-4c4e-9b69-19b10833cbd8 | ITER: 82 END: OK
2020-02-29 22:23:12.345 139 INFO rally.task.runner [-] Task 217a691d-f344-4c4e-9b69-19b10833cbd8 | ITER: 99 START
2020-02-29 22:23:12.470 164 INFO rally.task.runner [-] Task 217a691d-f344-4c4e-9b69-19b10833cbd8 | ITER: 76 END: OK
2020-02-29 22:23:12.474 164 INFO rally.task.runner [-] Task 217a691d-f344-4c4e-9b69-19b10833cbd8 | ITER: 100 START
2020-02-29 22:23:12.553 157 INFO rally.task.runner [-] Task 217a691d-f344-4c4e-9b69-19b10833cbd8 | ITER: 77 END: OK
2020-02-29 22:23:12.856 142 INFO rally.task.runner [-] Task 217a691d-f344-4c4e-9b69-19b10833cbd8 | ITER: 87 END: OK
2020-02-29 22:23:13.155 184 INFO rally.task.runner [-] Task 217a691d-f344-4c4e-9b69-19b10833cbd8 | ITER: 80 END: OK
2020-02-29 22:23:13.299 177 INFO rally.task.runner [-] Task 217a691d-f344-4c4e-9b69-19b10833cbd8 | ITER: 90 END: OK
2020-02-29 22:23:13.312 150 INFO rally.task.runner [-] Task 217a691d-f344-4c4e-9b69-19b10833cbd8 | ITER: 81 END: OK
2020-02-29 22:23:13.366 187 INFO rally.task.runner [-] Task 217a691d-f344-4c4e-9b69-19b10833cbd8 | ITER: 83 END: OK
2020-02-29 22:23:13.413 141 INFO rally.task.runner [-] Task 217a691d-f344-4c4e-9b69-19b10833cbd8 | ITER: 78 END: OK
2020-02-29 22:23:13.821 170 INFO rally.task.runner [-] Task 217a691d-f344-4c4e-9b69-19b10833cbd8 | ITER: 97 END: OK
2020-02-29 22:23:14.257 166 INFO rally.task.runner [-] Task 217a691d-f344-4c4e-9b69-19b10833cbd8 | ITER: 86 END: OK
2020-02-29 22:23:14.930 176 INFO rally.task.runner [-] Task 217a691d-f344-4c4e-9b69-19b10833cbd8 | ITER: 88 END: OK
2020-02-29 22:23:15.248 153 INFO rally.task.runner [-] Task 217a691d-f344-4c4e-9b69-19b10833cbd8 | ITER: 91 END: OK
2020-02-29 22:23:15.598 140 INFO rally.task.runner [-] Task 217a691d-f344-4c4e-9b69-19b10833cbd8 | ITER: 95 END: OK
2020-02-29 22:23:15.659 161 INFO rally.task.runner [-] Task 217a691d-f344-4c4e-9b69-19b10833cbd8 | ITER: 89 END: OK
2020-02-29 22:23:15.792 155 INFO rally.task.runner [-] Task 217a691d-f344-4c4e-9b69-19b10833cbd8 | ITER: 92 END: OK
2020-02-29 22:23:15.961 164 INFO rally.task.runner [-] Task 217a691d-f344-4c4e-9b69-19b10833cbd8 | ITER: 100 END: OK
2020-02-29 22:23:15.963 190 INFO rally.task.runner [-] Task 217a691d-f344-4c4e-9b69-19b10833cbd8 | ITER: 96 END: OK
2020-02-29 22:23:16.158 145 INFO rally.task.runner [-] Task 217a691d-f344-4c4e-9b69-19b10833cbd8 | ITER: 93 END: OK
2020-02-29 22:23:16.180 139 INFO rally.task.runner [-] Task 217a691d-f344-4c4e-9b69-19b10833cbd8 | ITER: 99 END: OK
2020-02-29 22:23:16.424 175 INFO rally.task.runner [-] Task 217a691d-f344-4c4e-9b69-19b10833cbd8 | ITER: 94 END: OK
2020-02-29 22:23:16.736 172 INFO rally.task.runner [-] Task 217a691d-f344-4c4e-9b69-19b10833cbd8 | ITER: 98 END: OK
2020-02-29 22:23:16.755 15 INFO rally.task.context [-] Task 217a691d-f344-4c4e-9b69-19b10833cbd8 | Context cleanup@openstack cleanup() started
2020-02-29 22:23:16.758 15 RALLYDEBUG rally_openstack.cleanup.manager [-] Cleaning up neutron vip objects
2020-02-29 22:23:16.972 15 RALLYDEBUG rally_openstack.cleanup.manager [-] Cleaning up neutron health_monitor objects
2020-02-29 22:23:17.172 15 RALLYDEBUG rally_openstack.cleanup.manager [-] Cleaning up neutron pool objects
2020-02-29 22:23:17.368 15 RALLYDEBUG rally_openstack.cleanup.manager [-] Cleaning up neutron loadbalancer objects
2020-02-29 22:23:17.584 15 RALLYDEBUG rally_openstack.cleanup.manager [-] Cleaning up neutron floatingip objects
2020-02-29 22:23:17.781 15 RALLYDEBUG rally_openstack.cleanup.manager [-] Cleaning up neutron trunk objects
2020-02-29 22:23:17.952 15 DEBUG neutronclient.v2_0.client [-] Error message: {"message": "The resource could not be found.

\n\n\n", "code": "404 Not Found", "title": "Not Found"} _handle_fault_response /usr/lib/python2.7/site-packages/neutronclient/v2_0/client.py:259
2020-02-29 22:23:17.963 15 RALLYDEBUG rally_openstack.cleanup.manager [-] Cleaning up neutron port objects
2020-02-29 22:23:18.221 15 RALLYDEBUG rally_openstack.cleanup.manager [-] Cleaning up neutron subnet objects
2020-02-29 22:23:18.467 15 RALLYDEBUG rally_openstack.cleanup.manager [-] Cleaning up neutron network objects
2020-02-29 22:23:19.280 15 RALLYDEBUG rally_openstack.cleanup.manager [-] Deleting neutron.network object s_rally_83d5e7b4_z7Ady80v (0932ff47-7fcb-459b-b1c0-2ff18f6e60ca)
2020-02-29 22:23:19.279 15 RALLYDEBUG rally_openstack.cleanup.manager [-] Deleting neutron.network object s_rally_83d5e7b4_wtBksLmC (0032930d-fa85-439c-9816-e879d9b0ecdb)
2020-02-29 22:23:19.285 15 RALLYDEBUG rally_openstack.cleanup.manager [-] Deleting neutron.network object s_rally_83d5e7b4_kzlsRpZ3 (1a2382ce-f1b0-411b-bd29-9742d00342b1)
2020-02-29 22:23:19.286 15 RALLYDEBUG rally_openstack.cleanup.manager [-] Deleting neutron.network object s_rally_83d5e7b4_w6EGZrDO (08578f36-73ca-41d0-8079-b6c7a4168b96)
2020-02-29 22:23:19.287 15 RALLYDEBUG rally_openstack.cleanup.manager [-] Deleting neutron.network object s_rally_83d5e7b4_ZpLAekFK (02f46802-a7ed-4e98-9be8-dfc7dde7a014)
2020-02-29 22:23:19.290 15 RALLYDEBUG rally_openstack.cleanup.manager [-] Deleting neutron.network object s_rally_83d5e7b4_Q7Bqq2A1 (111f805a-9253-4f1a-8c5c-217d96d8112d)
2020-02-29 22:23:19.286 15 RALLYDEBUG rally_openstack.cleanup.manager [-] Deleting neutron.network object s_rally_83d5e7b4_jSrCg5Oi (0567662f-2ec0-4a36-8e65-0f3ce28c98ff)
2020-02-29 22:23:19.308 15 RALLYDEBUG rally_openstack.cleanup.manager [-] Deleting neutron.network object s_rally_83d5e7b4_Pcg04TYx (0a49d9cc-784c-492f-b66a-9ae5a2ce8e14)
2020-02-29 22:23:19.341 15 RALLYDEBUG rally_openstack.cleanup.manager [-] Deleting neutron.network object s_rally_83d5e7b4_b69xPDbU (1f0c491e-f7cf-488e-9101-83df0a863141)
2020-02-29 22:23:19.377 15 RALLYDEBUG rally_openstack.cleanup.manager [-] Deleting neutron.network object s_rally_83d5e7b4_Chvxa41G (1ea6e8d5-aa7f-4e79-b803-8e41e983b59b)
2020-02-29 22:23:19.387 15 RALLYDEBUG rally_openstack.cleanup.manager [-] Deleting neutron.network object s_rally_83d5e7b4_Gmoov7aU (298f2da2-7eb5-4765-9bec-3111fb7cd334)
2020-02-29 22:23:19.401 15 RALLYDEBUG rally_openstack.cleanup.manager [-] Deleting neutron.network object s_rally_83d5e7b4_0uqGdD6c (24dfeb21-f726-4681-a370-12d0767d9e03)
2020-02-29 22:23:19.429 15 RALLYDEBUG rally_openstack.cleanup.manager [-] Deleting neutron.network object s_rally_83d5e7b4_l6wlYPlV (273c9eb3-31ca-4dd1-aff5-f2551cd18a52)
2020-02-29 22:23:19.445 15 RALLYDEBUG rally_openstack.cleanup.manager [-] Deleting neutron.network object s_rally_83d5e7b4_MQZtzGTO (2ffba476-3f40-4783-a020-655778a3a49f)
2020-02-29 22:23:19.449 15 RALLYDEBUG rally_openstack.cleanup.manager [-] Deleting neutron.network object s_rally_83d5e7b4_2E5pXmK9 (292bae60-9beb-4f25-ae75-14b74f1bd2de)
2020-02-29 22:23:19.431 15 RALLYDEBUG rally_openstack.cleanup.manager [-] Deleting neutron.network object s_rally_83d5e7b4_edhsanH2 (2586a572-1e79-41b1-97e9-a6ee89be6415)
2020-02-29 22:23:19.468 15 RALLYDEBUG rally_openstack.cleanup.manager [-] Deleting neutron.network object s_rally_83d5e7b4_egJylyRT (31029dff-b24f-4714-b27b-dc41448c2d15)
2020-02-29 22:23:19.496 15 RALLYDEBUG rally_openstack.cleanup.manager [-] Deleting neutron.network object s_rally_83d5e7b4_9JookjnZ (2c59b22a-dcbd-49e0-b1bb-aa9a5a8aed24)
2020-02-29 22:23:19.507 15 RALLYDEBUG rally_openstack.cleanup.manager [-] Deleting neutron.network object s_rally_83d5e7b4_SsZNRBZ2 (2f455e91-dc01-4977-a59c-5f6cb094e056)
2020-02-29 22:23:19.508 15 RALLYDEBUG rally_openstack.cleanup.manager [-] Deleting neutron.network object s_rally_83d5e7b4_ALP43qqD (312c042f-de2d-4c40-8a1d-7fe62a703f0e)
2020-02-29 22:23:21.614 15 RALLYDEBUG rally_openstack.cleanup.manager [-] Deleting neutron.network object s_rally_83d5e7b4_MW7VnFnP (33d0681c-8a3d-4b34-b481-33d3f2d27348)
2020-02-29 22:23:21.671 15 RALLYDEBUG rally_openstack.cleanup.manager [-] Deleting neutron.network object s_rally_83d5e7b4_XzhbuMP2 (343aa21e-c801-4515-aa16-8d3cec44b8e5)
2020-02-29 22:23:22.005 15 RALLYDEBUG rally_openstack.cleanup.manager [-] Deleting neutron.network object s_rally_83d5e7b4_jpPnBmsP (3ad85677-6523-48bd-bb5e-25555b0715c1)
2020-02-29 22:23:22.069 15 RALLYDEBUG rally_openstack.cleanup.manager [-] Deleting neutron.network object s_rally_83d5e7b4_1hw2Q20P (3e522b44-e90c-4d99-946d-f13f8ac41bc3)
2020-02-29 22:23:22.106 15 RALLYDEBUG rally_openstack.cleanup.manager [-] Deleting neutron.network object s_rally_83d5e7b4_A3lzBnSx (43c4eda9-77fc-44a8-8c6f-dac33d970f38)
2020-02-29 22:23:22.427 15 RALLYDEBUG rally_openstack.cleanup.manager [-] Deleting neutron.network object s_rally_83d5e7b4_sXocbfWO (4b400470-d750-4606-9101-37911b4d55b3)
2020-02-29 22:23:22.462 15 RALLYDEBUG rally_openstack.cleanup.manager [-] Deleting neutron.network object s_rally_83d5e7b4_IRWvmTyu (4e8314ac-84e5-4168-8b41-81de3d7609f9)
2020-02-29 22:23:22.518 15 RALLYDEBUG rally_openstack.cleanup.manager [-] Deleting neutron.network object s_rally_83d5e7b4_38WRJVST (50a3636f-542d-4dca-a62b-7a185c3683dc)
2020-02-29 22:23:22.524 15 RALLYDEBUG rally_openstack.cleanup.manager [-] Deleting neutron.network object s_rally_83d5e7b4_J0riltm1 (549bc9e9-bb68-40fb-b9d2-5c0b73dde5e6)
2020-02-29 22:23:22.560 15 RALLYDEBUG rally_openstack.cleanup.manager [-] Deleting neutron.network object s_rally_83d5e7b4_0lGZ2eho (56f8894a-bdb1-4449-991d-d3cf6a61e878)
2020-02-29 22:23:22.723 15 RALLYDEBUG rally_openstack.cleanup.manager [-] Deleting neutron.network object s_rally_83d5e7b4_jj6dSDb5 (5752f83f-a37e-4765-9efc-164ffd051b0a)
2020-02-29 22:23:22.836 15 RALLYDEBUG rally_openstack.cleanup.manager [-] Deleting neutron.network object s_rally_83d5e7b4_0HQcLgj0 (58417edb-e9a9-409a-9e68-707822715b2d)
2020-02-29 22:23:22.870 15 RALLYDEBUG rally_openstack.cleanup.manager [-] Deleting neutron.network object s_rally_83d5e7b4_ZfMWhEt5 (5b7a8783-6731-49bf-9411-8a159a2bd13b)
2020-02-29 22:23:23.067 15 RALLYDEBUG rally_openstack.cleanup.manager [-] Deleting neutron.network object s_rally_83d5e7b4_7z3EWQwS (5c0173d5-26d1-44a3-8632-5809174e4e89)
2020-02-29 22:23:23.284 15 RALLYDEBUG rally_openstack.cleanup.manager [-] Deleting neutron.network object s_rally_83d5e7b4_oi7NqRpS (5f1d2c26-ab1b-46aa-a7d9-508aa11e7517)
2020-02-29 22:23:23.291 15 RALLYDEBUG rally_openstack.cleanup.manager [-] Deleting neutron.network object s_rally_83d5e7b4_PCG77mYZ (631f043b-362e-413d-9222-da3c8e00146b)
2020-02-29 22:23:23.624 15 RALLYDEBUG rally_openstack.cleanup.manager [-] Deleting neutron.network object s_rally_83d5e7b4_bXioiYta (64c864fd-1453-4ca1-b2b3-01e9de2560d3)
2020-02-29 22:23:23.662 15 RALLYDEBUG rally_openstack.cleanup.manager [-] Deleting neutron.network object s_rally_83d5e7b4_qi6igLio (674ab65f-4d8b-4f8e-99c9-0d8b7e16b39a)
2020-02-29 22:23:23.905 15 RALLYDEBUG rally_openstack.cleanup.manager [-] Deleting neutron.network object s_rally_83d5e7b4_Z80r7MPE (686a4270-9d25-418d-9f88-e0b06c4f9417)
2020-02-29 22:23:23.960 15 RALLYDEBUG rally_openstack.cleanup.manager [-] Deleting neutron.network object s_rally_83d5e7b4_FHDnLgHX (69b6d7e0-7a39-41a6-a69b-a63d9b49de29)
2020-02-29 22:23:24.322 15 RALLYDEBUG rally_openstack.cleanup.manager [-] Deleting neutron.network object s_rally_83d5e7b4_CfwPWj8E (6f34a3bf-3c52-4b9b-8850-fa13f368f08f)
2020-02-29 22:23:24.441 15 RALLYDEBUG rally_openstack.cleanup.manager [-] Deleting neutron.network object s_rally_83d5e7b4_KP5V7YVs (7137cde8-2efb-48b1-84f3-9d92a4289758)
2020-02-29 22:23:24.475 15 RALLYDEBUG rally_openstack.cleanup.manager [-] Deleting neutron.network object s_rally_83d5e7b4_8In0xSAi (714c3de5-b1b6-4cfd-838e-4fcc5eb007e3)
2020-02-29 22:23:24.479 15 RALLYDEBUG rally_openstack.cleanup.manager [-] Deleting neutron.network object s_rally_83d5e7b4_Oa9H5dlf (76882986-942d-45ba-b1fd-a1cfcc8a8d58)
2020-02-29 22:23:24.488 15 RALLYDEBUG rally_openstack.cleanup.manager [-] Deleting neutron.network object s_rally_83d5e7b4_Q9BW3GdK (771155f0-7f34-4a8f-9b5c-8ffd5f5358cb)
2020-02-29 22:23:24.494 15 RALLYDEBUG rally_openstack.cleanup.manager [-] Deleting neutron.network object s_rally_83d5e7b4_BnTj8NSg (77deac7b-fb79-47c1-a6d1-9336cdbe4dce)
2020-02-29 22:23:24.633 15 RALLYDEBUG rally_openstack.cleanup.manager [-] Deleting neutron.network object s_rally_83d5e7b4_sgqMDa8E (789b653c-2363-4894-a979-c3c17f82b541)
2020-02-29 22:23:24.671 15 RALLYDEBUG rally_openstack.cleanup.manager [-] Deleting neutron.network object s_rally_83d5e7b4_mPOsXxo2 (7a15cfb3-1dc7-4e88-b895-f6d6ae738f19)
2020-02-29 22:23:24.824 15 RALLYDEBUG rally_openstack.cleanup.manager [-] Deleting neutron.network object s_rally_83d5e7b4_vcyPKhgt (859f4dff-17fe-4f7a-a61d-f56668428b95)
2020-02-29 22:23:25.141 15 RALLYDEBUG rally_openstack.cleanup.manager [-] Deleting neutron.network object s_rally_83d5e7b4_AbU2ewhD (86376740-2744-4680-816e-b2ec9b9c972d)
2020-02-29 22:23:25.156 15 RALLYDEBUG rally_openstack.cleanup.manager [-] Deleting neutron.network object s_rally_83d5e7b4_CeNdL5Su (8a0a9fdd-9e69-46cb-9205-19e7b3582398)
2020-02-29 22:23:25.210 15 RALLYDEBUG rally_openstack.cleanup.manager [-] Deleting neutron.network object s_rally_83d5e7b4_NzsvEi1u (8a0e6d3c-c047-465e-a9cb-d44ef41537a2)
2020-02-29 22:23:25.273 15 RALLYDEBUG rally_openstack.cleanup.manager [-] Deleting neutron.network object s_rally_83d5e7b4_3QWqzpQF (8b2cadcc-06e6-4fd2-a72e-8477710eba9f)
2020-02-29 22:23:25.428 15 RALLYDEBUG rally_openstack.cleanup.manager [-] Deleting neutron.network object s_rally_83d5e7b4_uUdIk4pM (8b7d43c3-7c93-48d1-affe-70655ba01223)
2020-02-29 22:23:26.229 15 RALLYDEBUG rally_openstack.cleanup.manager [-] Deleting neutron.network object s_rally_83d5e7b4_ur2hp1gc (8bcc2783-2241-445f-bb44-a185e76d5612)
2020-02-29 22:23:26.339 15 RALLYDEBUG rally_openstack.cleanup.manager [-] Deleting neutron.network object s_rally_83d5e7b4_Mmzwzmru (90e12711-6bf8-4edc-a2af-59aeaa28a244)
2020-02-29 22:23:26.361 15 RALLYDEBUG rally_openstack.cleanup.manager [-] Deleting neutron.network object s_rally_83d5e7b4_3tnBsN7Y (9bb554c0-eff2-412c-87b4-002b30a7ee2b)
2020-02-29 22:23:26.534 15 RALLYDEBUG rally_openstack.cleanup.manager [-] Deleting neutron.network object s_rally_83d5e7b4_eQA0kW4n (9ec2a912-2ffc-461f-9c23-bc0a241e4663)
2020-02-29 22:23:26.543 15 RALLYDEBUG rally_openstack.cleanup.manager [-] Deleting neutron.network object s_rally_83d5e7b4_k8qTVANR (9fff170c-276c-4041-a3a1-598846f9168f)
2020-02-29 22:23:26.592 15 RALLYDEBUG rally_openstack.cleanup.manager [-] Deleting neutron.network object s_rally_83d5e7b4_WumE3LDt (a196faab-4355-4e47-bbc4-ac056ce03842)
2020-02-29 22:23:26.626 15 RALLYDEBUG rally_openstack.cleanup.manager [-] Deleting neutron.network object s_rally_83d5e7b4_3tKMjTAp (a310fe3d-e14d-4243-bc14-ca326cfa0c1f)
2020-02-29 22:23:26.686 15 RALLYDEBUG rally_openstack.cleanup.manager [-] Deleting neutron.network object s_rally_83d5e7b4_IHmC4kGE (a544bdad-32ba-417e-bc30-4193ada70e7c)
2020-02-29 22:23:26.698 15 RALLYDEBUG rally_openstack.cleanup.manager [-] Deleting neutron.network object s_rally_83d5e7b4_kX0dbAqb (a6fee5ac-d566-4562-abb5-ef306012608c)
2020-02-29 22:23:26.783 15 RALLYDEBUG rally_openstack.cleanup.manager [-] Deleting neutron.network object s_rally_83d5e7b4_ROQEQpsZ (a728dc98-40e5-4ec3-b4e3-0e59167e93a6)
2020-02-29 22:23:26.805 15 RALLYDEBUG rally_openstack.cleanup.manager [-] Deleting neutron.network object s_rally_83d5e7b4_BHLoF29t (a99d7a54-2807-4d82-addb-a044302e38f7)
2020-02-29 22:23:26.838 15 RALLYDEBUG rally_openstack.cleanup.manager [-] Deleting neutron.network object s_rally_83d5e7b4_jNQvHoXM (adc08c5b-c37d-4b65-a80f-80f898099e8b)
2020-02-29 22:23:26.915 15 RALLYDEBUG rally_openstack.cleanup.manager [-] Deleting neutron.network object s_rally_83d5e7b4_qtOekRbm (ae9a3ad8-35ce-4f72-8353-c76d7d495b21)
2020-02-29 22:23:27.118 15 RALLYDEBUG rally_openstack.cleanup.manager [-] Deleting neutron.network object s_rally_83d5e7b4_FbiuKLja (aeca830d-9493-4b2a-98a3-e5bc97bb85ca)
2020-02-29 22:23:27.261 15 RALLYDEBUG rally_openstack.cleanup.manager [-] Deleting neutron.network object s_rally_83d5e7b4_6XPFtNBb (aedb0fcc-46e6-48c3-b803-850d0a3b8a8c)
2020-02-29 22:23:27.383 15 RALLYDEBUG rally_openstack.cleanup.manager [-] Deleting neutron.network object s_rally_83d5e7b4_TStF8CMr (af21a369-2dba-49aa-b30c-91366c5cf28d)
2020-02-29 22:23:27.387 15 RALLYDEBUG rally_openstack.cleanup.manager [-] Deleting neutron.network object s_rally_83d5e7b4_QF4wEgjk (b2fb9440-92c6-4867-9adb-4ed9fc01b06e)
2020-02-29 22:23:27.653 15 RALLYDEBUG rally_openstack.cleanup.manager [-] Deleting neutron.network object s_rally_83d5e7b4_0WT9ouFr (b3271715-a2f7-43ef-9c69-343c22a7f457)
2020-02-29 22:23:27.852 15 RALLYDEBUG rally_openstack.cleanup.manager [-] Deleting neutron.network object s_rally_83d5e7b4_ZkFdLP8y (b3f16a5c-ef3c-41c1-bca4-61c5f2f5da7f)
2020-02-29 22:23:27.912 15 RALLYDEBUG rally_openstack.cleanup.manager [-] Deleting neutron.network object s_rally_83d5e7b4_pv6Hg0Ex (b5953016-07be-4f04-9eea-59c4d40a94dc)
2020-02-29 22:23:28.321 15 RALLYDEBUG rally_openstack.cleanup.manager [-] Deleting neutron.network object s_rally_83d5e7b4_B6zk4URY (b6289677-7da2-44c6-9614-0d43f5579d6f)
2020-02-29 22:23:28.582 15 RALLYDEBUG rally_openstack.cleanup.manager [-] Deleting neutron.network object s_rally_83d5e7b4_WgDu5yd3 (b7f92189-02ca-4389-8fbb-9a5b2fcbf901)
2020-02-29 22:23:28.674 15 RALLYDEBUG rally_openstack.cleanup.manager [-] Deleting neutron.network object s_rally_83d5e7b4_U8IDHqCk (b94b3a3c-402a-47d0-9699-494cf2243e35)
2020-02-29 22:23:28.939 15 RALLYDEBUG rally_openstack.cleanup.manager [-] Deleting neutron.network object s_rally_83d5e7b4_r3jTlVEG (bf333937-de1b-4b4e-a25b-3778f09d23d5)
2020-02-29 22:23:28.956 15 RALLYDEBUG rally_openstack.cleanup.manager [-] Deleting neutron.network object s_rally_83d5e7b4_460QtJZV (c010dafa-4a63-4468-9b35-cb1ecf5a4c22)
2020-02-29 22:23:28.972 15 RALLYDEBUG rally_openstack.cleanup.manager [-] Deleting neutron.network object s_rally_83d5e7b4_ogXLOBNs (c70c4301-d7c6-4863-9ca0-7e4b922cffc6)
