2020-02-29 22:28:07.660 15 INFO rally.task.context [-] Task 217a691d-f344-4c4e-9b69-19b10833cbd8 | Context quotas@openstack cleanup() finished in 98.33 msec
2020-02-29 22:28:07.661 15 INFO rally.task.context [-] Task 217a691d-f344-4c4e-9b69-19b10833cbd8 | Context users@openstack cleanup() started
2020-02-29 22:28:09.748 15 INFO rally.task.context [-] Task 217a691d-f344-4c4e-9b69-19b10833cbd8 | Context users@openstack cleanup() finished in 2.09 sec
2020-02-29 22:28:10.407 15 INFO rally.task.engine [-] Load duration is: 70.761128
2020-02-29 22:28:10.407 15 INFO rally.task.engine [-] Full runner duration is: 70.820729
2020-02-29 22:28:10.408 15 INFO rally.task.engine [-] Full duration is: 127.900127
2020-02-29 22:28:10.518 15 INFO rally.task.engine [-] Running workload: position = 2 config = { "version": 2, "title": "A cropped version of a bigger task.", "description": "Auto-generated task from a single workload (uuid=907149fd-d5cd-4007-ae23-f18f6c9d7eba)", "subtasks": [ { "title": "NeutronNetworks.create_and_delete_subnets", "description": "Create and delete a given number of subnets.", "scenario": { "NeutronNetworks.create_and_delete_subnets": { "network_create_args": {}, "subnet_create_args": {}, "subnet_cidr_start": "1.1.0.0/30", "subnets_per_network": 2 } }, "contexts": { "users": { "tenants": 1, "users_per_tenant": 1 }, "quotas": { "neutron": { "network": -1, "subnet": -1 } } }, "runner": { "constant": { "times": 40, "concurrency": 20 } }, "hooks": [], "sla": { "failure_rate": { "max": 0 } } } ] }
2020-02-29 22:28:10.546 15 RALLYDEBUG rally_openstack.contexts.keystone.users [-] Creating 1 tenants using 20 threads
2020-02-29 22:28:11.097 15 RALLYDEBUG rally_openstack.contexts.keystone.users [-] Creating 1 users using 20 threads
2020-02-29 22:28:11.921 15 INFO rally.task.context [-] Task 217a691d-f344-4c4e-9b69-19b10833cbd8 | Context users@openstack setup() finished in 1.38 sec
2020-02-29 22:28:12.313 15 INFO rally.task.context [-] Task 217a691d-f344-4c4e-9b69-19b10833cbd8 | Context quotas@openstack setup() finished in 0.39 sec
2020-02-29 22:28:12.313 15 INFO rally.task.context [-] Task 217a691d-f344-4c4e-9b69-19b10833cbd8 | Context cleanup@openstack setup() finished in 0.02 msec
2020-02-29 22:28:12.323 15 RALLYDEBUG rally.task.runner [-] Starting the constant runner (task UUID: 217a691d-f344-4c4e-9b69-19b10833cbd8). timeout: 0 concurrency: 20 concurrency_per_worker: 1 times: 40 concurrency_overhead: 0 processes_to_start: 20 max_cpu_used: 88
2020-02-29 22:28:12.337 2269 RALLYDEBUG rally.task.runner [-] Starting a worker. concurrency: 1 args: {"network_create_args": {}, "subnet_create_args": {}, "subnet_cidr_start": "1.1.0.0/30", "subnets_per_network": 2} times: 40 method_name: run timeout: 0 duration: None cls:
2020-02-29 22:28:12.340 2270 RALLYDEBUG rally.task.runner [-] Starting a worker. concurrency: 1 args: {"network_create_args": {}, "subnet_create_args": {}, "subnet_cidr_start": "1.1.0.0/30", "subnets_per_network": 2} times: 40 method_name: run timeout: 0 duration: None cls:
2020-02-29 22:28:12.343 2271 RALLYDEBUG rally.task.runner [-] Starting a worker. concurrency: 1 args: {"network_create_args": {}, "subnet_create_args": {}, "subnet_cidr_start": "1.1.0.0/30", "subnets_per_network": 2} times: 40 method_name: run timeout: 0 duration: None cls:
2020-02-29 22:28:12.344 2269 INFO rally.task.runner [-] Task 217a691d-f344-4c4e-9b69-19b10833cbd8 | ITER: 1 START
2020-02-29 22:28:12.346 2269 WARNING rally_openstack.scenarios.neutron.utils [-] Running this scenario without either the 'network' or 'existing_network' context is deprecated
2020-02-29 22:28:12.347 2272 RALLYDEBUG rally.task.runner [-] Starting a worker. concurrency: 1 args: {"network_create_args": {}, "subnet_create_args": {}, "subnet_cidr_start": "1.1.0.0/30", "subnets_per_network": 2} times: 40 method_name: run timeout: 0 duration: None cls:
2020-02-29 22:28:12.348 2270 INFO rally.task.runner [-] Task 217a691d-f344-4c4e-9b69-19b10833cbd8 | ITER: 2 START
2020-02-29 22:28:12.349 2270 WARNING rally_openstack.scenarios.neutron.utils [-] Running this scenario without either the 'network' or 'existing_network' context is deprecated
2020-02-29 22:28:12.351 2271 INFO rally.task.runner [-] Task 217a691d-f344-4c4e-9b69-19b10833cbd8 | ITER: 3 START
2020-02-29 22:28:12.353 2271 WARNING rally_openstack.scenarios.neutron.utils [-] Running this scenario without either the 'network' or 'existing_network' context is deprecated
2020-02-29 22:28:12.352 2273 RALLYDEBUG rally.task.runner [-] Starting a worker. concurrency: 1 args: {"network_create_args": {}, "subnet_create_args": {}, "subnet_cidr_start": "1.1.0.0/30", "subnets_per_network": 2} times: 40 method_name: run timeout: 0 duration: None cls:
2020-02-29 22:28:12.353 2277 RALLYDEBUG rally.task.runner [-] Starting a worker. concurrency: 1 args: {"network_create_args": {}, "subnet_create_args": {}, "subnet_cidr_start": "1.1.0.0/30", "subnets_per_network": 2} times: 40 method_name: run timeout: 0 duration: None cls:
2020-02-29 22:28:12.356 2272 INFO rally.task.runner [-] Task 217a691d-f344-4c4e-9b69-19b10833cbd8 | ITER: 4 START
2020-02-29 22:28:12.357 2272 WARNING rally_openstack.scenarios.neutron.utils [-] Running this scenario without either the 'network' or 'existing_network' context is deprecated
2020-02-29 22:28:12.360 2277 INFO rally.task.runner [-] Task 217a691d-f344-4c4e-9b69-19b10833cbd8 | ITER: 6 START
2020-02-29 22:28:12.360 2273 INFO rally.task.runner [-] Task 217a691d-f344-4c4e-9b69-19b10833cbd8 | ITER: 5 START
2020-02-29 22:28:12.360 2281 RALLYDEBUG rally.task.runner [-] Starting a worker. concurrency: 1 args: {"network_create_args": {}, "subnet_create_args": {}, "subnet_cidr_start": "1.1.0.0/30", "subnets_per_network": 2} times: 40 method_name: run timeout: 0 duration: None cls:
2020-02-29 22:28:12.362 2273 WARNING rally_openstack.scenarios.neutron.utils [-] Running this scenario without either the 'network' or 'existing_network' context is deprecated
2020-02-29 22:28:12.362 2277 WARNING rally_openstack.scenarios.neutron.utils [-] Running this scenario without either the 'network' or 'existing_network' context is deprecated
2020-02-29 22:28:12.364 2284 RALLYDEBUG rally.task.runner [-] Starting a worker. concurrency: 1 args: {"network_create_args": {}, "subnet_create_args": {}, "subnet_cidr_start": "1.1.0.0/30", "subnets_per_network": 2} times: 40 method_name: run timeout: 0 duration: None cls:
2020-02-29 22:28:12.366 2281 INFO rally.task.runner [-] Task 217a691d-f344-4c4e-9b69-19b10833cbd8 | ITER: 7 START
2020-02-29 22:28:12.367 2288 RALLYDEBUG rally.task.runner [-] Starting a worker. concurrency: 1 args: {"network_create_args": {}, "subnet_create_args": {}, "subnet_cidr_start": "1.1.0.0/30", "subnets_per_network": 2} times: 40 method_name: run timeout: 0 duration: None cls:
2020-02-29 22:28:12.368 2281 WARNING rally_openstack.scenarios.neutron.utils [-] Running this scenario without either the 'network' or 'existing_network' context is deprecated
2020-02-29 22:28:12.371 2284 INFO rally.task.runner [-] Task 217a691d-f344-4c4e-9b69-19b10833cbd8 | ITER: 8 START
2020-02-29 22:28:12.370 2290 RALLYDEBUG rally.task.runner [-] Starting a worker. concurrency: 1 args: {"network_create_args": {}, "subnet_create_args": {}, "subnet_cidr_start": "1.1.0.0/30", "subnets_per_network": 2} times: 40 method_name: run timeout: 0 duration: None cls:
2020-02-29 22:28:12.372 2284 WARNING rally_openstack.scenarios.neutron.utils [-] Running this scenario without either the 'network' or 'existing_network' context is deprecated
2020-02-29 22:28:12.373 2288 INFO rally.task.runner [-] Task 217a691d-f344-4c4e-9b69-19b10833cbd8 | ITER: 9 START
2020-02-29 22:28:12.374 2288 WARNING rally_openstack.scenarios.neutron.utils [-] Running this scenario without either the 'network' or 'existing_network' context is deprecated
2020-02-29 22:28:12.374 2293 RALLYDEBUG rally.task.runner [-] Starting a worker. concurrency: 1 args: {"network_create_args": {}, "subnet_create_args": {}, "subnet_cidr_start": "1.1.0.0/30", "subnets_per_network": 2} times: 40 method_name: run timeout: 0 duration: None cls:
2020-02-29 22:28:12.377 2290 INFO rally.task.runner [-] Task 217a691d-f344-4c4e-9b69-19b10833cbd8 | ITER: 10 START
2020-02-29 22:28:12.377 2296 RALLYDEBUG rally.task.runner [-] Starting a worker. concurrency: 1 args: {"network_create_args": {}, "subnet_create_args": {}, "subnet_cidr_start": "1.1.0.0/30", "subnets_per_network": 2} times: 40 method_name: run timeout: 0 duration: None cls:
2020-02-29 22:28:12.379 2290 WARNING rally_openstack.scenarios.neutron.utils [-] Running this scenario without either the 'network' or 'existing_network' context is deprecated
2020-02-29 22:28:12.380 2299 RALLYDEBUG rally.task.runner [-] Starting a worker. concurrency: 1 args: {"network_create_args": {}, "subnet_create_args": {}, "subnet_cidr_start": "1.1.0.0/30", "subnets_per_network": 2} times: 40 method_name: run timeout: 0 duration: None cls:
2020-02-29 22:28:12.380 2293 INFO rally.task.runner [-] Task 217a691d-f344-4c4e-9b69-19b10833cbd8 | ITER: 11 START
2020-02-29 22:28:12.382 2293 WARNING rally_openstack.scenarios.neutron.utils [-] Running this scenario without either the 'network' or 'existing_network' context is deprecated
2020-02-29 22:28:12.383 2296 INFO rally.task.runner [-] Task 217a691d-f344-4c4e-9b69-19b10833cbd8 | ITER: 12 START
2020-02-29 22:28:12.384 2296 WARNING rally_openstack.scenarios.neutron.utils [-] Running this scenario without either the 'network' or 'existing_network' context is deprecated
2020-02-29 22:28:12.384 2302 RALLYDEBUG rally.task.runner [-] Starting a worker. concurrency: 1 args: {"network_create_args": {}, "subnet_create_args": {}, "subnet_cidr_start": "1.1.0.0/30", "subnets_per_network": 2} times: 40 method_name: run timeout: 0 duration: None cls:
2020-02-29 22:28:12.385 2299 INFO rally.task.runner [-] Task 217a691d-f344-4c4e-9b69-19b10833cbd8 | ITER: 13 START
2020-02-29 22:28:12.386 2299 WARNING rally_openstack.scenarios.neutron.utils [-] Running this scenario without either the 'network' or 'existing_network' context is deprecated
2020-02-29 22:28:12.387 2305 RALLYDEBUG rally.task.runner [-] Starting a worker. concurrency: 1 args: {"network_create_args": {}, "subnet_create_args": {}, "subnet_cidr_start": "1.1.0.0/30", "subnets_per_network": 2} times: 40 method_name: run timeout: 0 duration: None cls:
2020-02-29 22:28:12.391 2302 INFO rally.task.runner [-] Task 217a691d-f344-4c4e-9b69-19b10833cbd8 | ITER: 14 START
2020-02-29 22:28:12.392 2302 WARNING rally_openstack.scenarios.neutron.utils [-] Running this scenario without either the 'network' or 'existing_network' context is deprecated
2020-02-29 22:28:12.391 2309 RALLYDEBUG rally.task.runner [-] Starting a worker. concurrency: 1 args: {"network_create_args": {}, "subnet_create_args": {}, "subnet_cidr_start": "1.1.0.0/30", "subnets_per_network": 2} times: 40 method_name: run timeout: 0 duration: None cls:
2020-02-29 22:28:12.393 2305 INFO rally.task.runner [-] Task 217a691d-f344-4c4e-9b69-19b10833cbd8 | ITER: 15 START
2020-02-29 22:28:12.394 2305 WARNING rally_openstack.scenarios.neutron.utils [-] Running this scenario without either the 'network' or 'existing_network' context is deprecated
2020-02-29 22:28:12.394 2311 RALLYDEBUG rally.task.runner [-] Starting a worker. concurrency: 1 args: {"network_create_args": {}, "subnet_create_args": {}, "subnet_cidr_start": "1.1.0.0/30", "subnets_per_network": 2} times: 40 method_name: run timeout: 0 duration: None cls:
2020-02-29 22:28:12.397 2309 INFO rally.task.runner [-] Task 217a691d-f344-4c4e-9b69-19b10833cbd8 | ITER: 16 START
2020-02-29 22:28:12.398 2309 WARNING rally_openstack.scenarios.neutron.utils [-] Running this scenario without either the 'network' or 'existing_network' context is deprecated
2020-02-29 22:28:12.398 2314 RALLYDEBUG rally.task.runner [-] Starting a worker. concurrency: 1 args: {"network_create_args": {}, "subnet_create_args": {}, "subnet_cidr_start": "1.1.0.0/30", "subnets_per_network": 2} times: 40 method_name: run timeout: 0 duration: None cls:
2020-02-29 22:28:12.399 2311 INFO rally.task.runner [-] Task 217a691d-f344-4c4e-9b69-19b10833cbd8 | ITER: 17 START
2020-02-29 22:28:12.400 2311 WARNING rally_openstack.scenarios.neutron.utils [-] Running this scenario without either the 'network' or 'existing_network' context is deprecated
2020-02-29 22:28:12.400 2317 RALLYDEBUG rally.task.runner [-] Starting a worker. concurrency: 1 args: {"network_create_args": {}, "subnet_create_args": {}, "subnet_cidr_start": "1.1.0.0/30", "subnets_per_network": 2} times: 40 method_name: run timeout: 0 duration: None cls:
2020-02-29 22:28:12.403 2314 INFO rally.task.runner [-] Task 217a691d-f344-4c4e-9b69-19b10833cbd8 | ITER: 18 START
2020-02-29 22:28:12.404 2314 WARNING rally_openstack.scenarios.neutron.utils [-] Running this scenario without either the 'network' or 'existing_network' context is deprecated
2020-02-29 22:28:12.404 2321 RALLYDEBUG rally.task.runner [-] Starting a worker. concurrency: 1 args: {"network_create_args": {}, "subnet_create_args": {}, "subnet_cidr_start": "1.1.0.0/30", "subnets_per_network": 2} times: 40 method_name: run timeout: 0 duration: None cls:
2020-02-29 22:28:12.406 2317 INFO rally.task.runner [-] Task 217a691d-f344-4c4e-9b69-19b10833cbd8 | ITER: 19 START
2020-02-29 22:28:12.407 2317 WARNING rally_openstack.scenarios.neutron.utils [-] Running this scenario without either the 'network' or 'existing_network' context is deprecated
2020-02-29 22:28:12.410 2321 INFO rally.task.runner [-] Task 217a691d-f344-4c4e-9b69-19b10833cbd8 | ITER: 20 START
2020-02-29 22:28:12.411 2321 WARNING rally_openstack.scenarios.neutron.utils [-] Running this scenario without either the 'network' or 'existing_network' context is deprecated
2020-02-29 22:28:15.806 2272 RALLYDEBUG rally_openstack.wrappers.network [-] CIDR generated: 1.1.4.96/30
2020-02-29 22:28:16.070 2269 RALLYDEBUG rally_openstack.wrappers.network [-] CIDR generated: 1.1.4.100/30
2020-02-29 22:28:16.079 2277 RALLYDEBUG rally_openstack.wrappers.network [-] CIDR generated: 1.1.4.104/30
2020-02-29 22:28:16.347 2314 RALLYDEBUG rally_openstack.wrappers.network [-] CIDR generated: 1.1.4.108/30
2020-02-29 22:28:16.410 2281 RALLYDEBUG rally_openstack.wrappers.network [-] CIDR generated: 1.1.4.112/30
2020-02-29 22:28:16.436 2271 RALLYDEBUG rally_openstack.wrappers.network [-] CIDR generated: 1.1.4.116/30
2020-02-29 22:28:16.476 2273 RALLYDEBUG rally_openstack.wrappers.network [-] CIDR generated: 1.1.4.120/30
2020-02-29 22:28:16.488 2296 RALLYDEBUG rally_openstack.wrappers.network [-] CIDR generated: 1.1.4.124/30
2020-02-29 22:28:16.564 2317 RALLYDEBUG rally_openstack.wrappers.network [-] CIDR generated: 1.1.4.128/30
2020-02-29 22:28:16.636 2284 RALLYDEBUG rally_openstack.wrappers.network [-] CIDR generated: 1.1.4.132/30
2020-02-29 22:28:16.655 2299 RALLYDEBUG rally_openstack.wrappers.network [-] CIDR generated: 1.1.4.136/30
2020-02-29 22:28:16.740 2311 RALLYDEBUG rally_openstack.wrappers.network [-] CIDR generated: 1.1.4.140/30
2020-02-29 22:28:16.768 2293 RALLYDEBUG rally_openstack.wrappers.network [-] CIDR generated: 1.1.4.144/30
2020-02-29 22:28:16.842 2321 RALLYDEBUG rally_openstack.wrappers.network [-] CIDR generated: 1.1.4.148/30
2020-02-29 22:28:16.873 2302 RALLYDEBUG rally_openstack.wrappers.network [-] CIDR generated: 1.1.4.152/30
2020-02-29 22:28:16.898 2288 RALLYDEBUG rally_openstack.wrappers.network [-] CIDR generated: 1.1.4.156/30
2020-02-29 22:28:16.900 2309 RALLYDEBUG rally_openstack.wrappers.network [-] CIDR generated: 1.1.4.160/30
2020-02-29 22:28:16.982 2290 RALLYDEBUG rally_openstack.wrappers.network [-] CIDR generated: 1.1.4.164/30
2020-02-29 22:28:17.035 2305 RALLYDEBUG rally_openstack.wrappers.network [-] CIDR generated: 1.1.4.168/30
2020-02-29 22:28:17.152 2270 RALLYDEBUG rally_openstack.wrappers.network [-] CIDR generated: 1.1.4.172/30
2020-02-29 22:28:23.730 2272 RALLYDEBUG rally_openstack.wrappers.network [-] CIDR generated: 1.1.4.176/30
2020-02-29 22:28:24.212 2271 RALLYDEBUG rally_openstack.wrappers.network [-] CIDR generated: 1.1.4.180/30
2020-02-29 22:28:24.834 2314 RALLYDEBUG rally_openstack.wrappers.network [-] CIDR generated: 1.1.4.184/30
2020-02-29 22:28:24.876 2296 RALLYDEBUG rally_openstack.wrappers.network [-] CIDR generated: 1.1.4.188/30
2020-02-29 22:28:24.905 2293 RALLYDEBUG rally_openstack.wrappers.network [-] CIDR generated: 1.1.4.192/30
2020-02-29 22:28:24.916 2281 RALLYDEBUG rally_openstack.wrappers.network [-] CIDR generated: 1.1.4.196/30
2020-02-29 22:28:25.183 2317 RALLYDEBUG rally_openstack.wrappers.network [-] CIDR generated: 1.1.4.200/30
2020-02-29 22:28:25.222 2269 RALLYDEBUG rally_openstack.wrappers.network [-] CIDR generated: 1.1.4.204/30
2020-02-29 22:28:25.348 2299 RALLYDEBUG rally_openstack.wrappers.network [-] CIDR generated: 1.1.4.208/30
2020-02-29 22:28:25.365 2277 RALLYDEBUG rally_openstack.wrappers.network [-] CIDR generated: 1.1.4.212/30
2020-02-29 22:28:25.597 2311 RALLYDEBUG rally_openstack.wrappers.network [-] CIDR generated: 1.1.4.216/30
2020-02-29 22:28:25.613 2273 RALLYDEBUG rally_openstack.wrappers.network [-] CIDR generated: 1.1.4.220/30
2020-02-29 22:28:26.671 2284 RALLYDEBUG rally_openstack.wrappers.network [-] CIDR generated: 1.1.4.224/30
2020-02-29 22:28:26.700 2270 RALLYDEBUG rally_openstack.wrappers.network [-] CIDR generated: 1.1.4.228/30
2020-02-29 22:28:26.780 2321 RALLYDEBUG rally_openstack.wrappers.network [-] CIDR generated: 1.1.4.232/30
2020-02-29 22:28:26.887 2302 RALLYDEBUG rally_openstack.wrappers.network [-] CIDR generated: 1.1.4.236/30
2020-02-29 22:28:26.888 2290 RALLYDEBUG rally_openstack.wrappers.network [-] CIDR generated: 1.1.4.240/30
2020-02-29 22:28:26.935 2288 RALLYDEBUG rally_openstack.wrappers.network [-] CIDR generated: 1.1.4.244/30
2020-02-29 22:28:26.966 2309 RALLYDEBUG rally_openstack.wrappers.network [-] CIDR generated: 1.1.4.248/30
2020-02-29 22:28:27.006 2305 RALLYDEBUG rally_openstack.wrappers.network [-] CIDR generated: 1.1.4.252/30
2020-02-29 22:28:33.407 2272 INFO rally.task.runner [-] Task 217a691d-f344-4c4e-9b69-19b10833cbd8 | ITER: 4 END: OK
2020-02-29 22:28:33.412 2272 INFO rally.task.runner [-] Task 217a691d-f344-4c4e-9b69-19b10833cbd8 | ITER: 21 START
2020-02-29 22:28:33.413 2272 WARNING rally_openstack.scenarios.neutron.utils [-] Running this scenario without either the 'network' or 'existing_network' context is deprecated
2020-02-29 22:28:34.760 2281 INFO rally.task.runner [-] Task 217a691d-f344-4c4e-9b69-19b10833cbd8 | ITER: 7 END: OK
2020-02-29 22:28:34.765 2281 INFO rally.task.runner [-] Task 217a691d-f344-4c4e-9b69-19b10833cbd8 | ITER: 22 START
2020-02-29 22:28:34.766 2281 WARNING rally_openstack.scenarios.neutron.utils [-] Running this scenario without either the 'network' or 'existing_network' context is deprecated
2020-02-29 22:28:34.887 2271 INFO rally.task.runner [-] Task 217a691d-f344-4c4e-9b69-19b10833cbd8 | ITER: 3 END: OK
2020-02-29 22:28:34.891 2271 INFO rally.task.runner [-] Task 217a691d-f344-4c4e-9b69-19b10833cbd8 | ITER: 23 START
2020-02-29 22:28:34.892 2271 WARNING rally_openstack.scenarios.neutron.utils [-] Running this scenario without either the 'network' or 'existing_network' context is deprecated
2020-02-29 22:28:35.217 2277 INFO rally.task.runner [-] Task 217a691d-f344-4c4e-9b69-19b10833cbd8 | ITER: 6 END: OK
2020-02-29 22:28:35.222 2277 INFO rally.task.runner [-] Task 217a691d-f344-4c4e-9b69-19b10833cbd8 | ITER: 24 START
2020-02-29 22:28:35.223 2277 WARNING rally_openstack.scenarios.neutron.utils [-] Running this scenario without either the 'network' or 'existing_network' context is deprecated
2020-02-29 22:28:35.604 2272 RALLYDEBUG rally_openstack.wrappers.network [-] CIDR generated: 1.1.5.0/30
2020-02-29 22:28:35.761 2299 INFO rally.task.runner [-] Task 217a691d-f344-4c4e-9b69-19b10833cbd8 | ITER: 13 END: OK
2020-02-29 22:28:35.767 2299 INFO rally.task.runner [-] Task 217a691d-f344-4c4e-9b69-19b10833cbd8 | ITER: 25 START
2020-02-29 22:28:35.767 2299 WARNING rally_openstack.scenarios.neutron.utils [-] Running this scenario without either the 'network' or 'existing_network' context is deprecated
2020-02-29 22:28:36.067 2314 INFO rally.task.runner [-] Task 217a691d-f344-4c4e-9b69-19b10833cbd8 | ITER: 18 END: OK
2020-02-29 22:28:36.072 2314 INFO rally.task.runner [-] Task 217a691d-f344-4c4e-9b69-19b10833cbd8 | ITER: 26 START
2020-02-29 22:28:36.073 2314 WARNING rally_openstack.scenarios.neutron.utils [-] Running this scenario without either the 'network' or 'existing_network' context is deprecated
2020-02-29 22:28:36.096 2293 INFO rally.task.runner [-] Task 217a691d-f344-4c4e-9b69-19b10833cbd8 | ITER: 11 END: OK
2020-02-29 22:28:36.100 2293 INFO rally.task.runner [-] Task 217a691d-f344-4c4e-9b69-19b10833cbd8 | ITER: 27 START
2020-02-29 22:28:36.101 2293 WARNING rally_openstack.scenarios.neutron.utils [-] Running this scenario without either the 'network' or 'existing_network' context is deprecated
2020-02-29 22:28:36.170 2296 INFO rally.task.runner [-] Task 217a691d-f344-4c4e-9b69-19b10833cbd8 | ITER: 12 END: OK
2020-02-29 22:28:36.175 2296 INFO rally.task.runner [-] Task 217a691d-f344-4c4e-9b69-19b10833cbd8 | ITER: 28 START
2020-02-29 22:28:36.176 2296 WARNING rally_openstack.scenarios.neutron.utils [-] Running this scenario without either the 'network' or 'existing_network' context is deprecated
2020-02-29 22:28:36.208 2321 INFO rally.task.runner [-] Task 217a691d-f344-4c4e-9b69-19b10833cbd8 | ITER: 20 END: OK
2020-02-29 22:28:36.213 2321 INFO rally.task.runner [-] Task 217a691d-f344-4c4e-9b69-19b10833cbd8 | ITER: 29 START
2020-02-29 22:28:36.214 2321 WARNING rally_openstack.scenarios.neutron.utils [-] Running this scenario without either the 'network' or 'existing_network' context is deprecated
2020-02-29 22:28:36.525 2309 INFO rally.task.runner [-] Task 217a691d-f344-4c4e-9b69-19b10833cbd8 | ITER: 16 END: OK
2020-02-29 22:28:36.526 2305 INFO rally.task.runner [-] Task 217a691d-f344-4c4e-9b69-19b10833cbd8 | ITER: 15 END: OK
2020-02-29 22:28:36.530 2309 INFO rally.task.runner [-] Task 217a691d-f344-4c4e-9b69-19b10833cbd8 | ITER: 30 START
2020-02-29 22:28:36.530 2309 WARNING rally_openstack.scenarios.neutron.utils [-] Running this scenario without either the 'network' or 'existing_network' context is deprecated
2020-02-29 22:28:36.531 2305 INFO rally.task.runner [-] Task 217a691d-f344-4c4e-9b69-19b10833cbd8 | ITER: 31 START
2020-02-29 22:28:36.532 2305 WARNING rally_openstack.scenarios.neutron.utils [-] Running this scenario without either the 'network' or 'existing_network' context is deprecated
2020-02-29 22:28:36.625 2317 INFO rally.task.runner [-] Task 217a691d-f344-4c4e-9b69-19b10833cbd8 | ITER: 19 END: OK
2020-02-29 22:28:36.630 2290 INFO rally.task.runner [-] Task 217a691d-f344-4c4e-9b69-19b10833cbd8 | ITER: 10 END: OK
2020-02-29 22:28:36.631 2317 INFO rally.task.runner [-] Task 217a691d-f344-4c4e-9b69-19b10833cbd8 | ITER: 32 START
2020-02-29 22:28:36.632 2317 WARNING rally_openstack.scenarios.neutron.utils [-] Running this scenario without either the 'network' or 'existing_network' context is deprecated
2020-02-29 22:28:36.635 2290 INFO rally.task.runner [-] Task 217a691d-f344-4c4e-9b69-19b10833cbd8 | ITER: 33 START
2020-02-29 22:28:36.636 2290 WARNING rally_openstack.scenarios.neutron.utils [-] Running this scenario without either the 'network' or 'existing_network' context is deprecated
2020-02-29 22:28:36.652 2288 INFO rally.task.runner [-] Task 217a691d-f344-4c4e-9b69-19b10833cbd8 | ITER: 9 END: OK
2020-02-29 22:28:36.656 2288 INFO rally.task.runner [-] Task 217a691d-f344-4c4e-9b69-19b10833cbd8 | ITER: 34 START
2020-02-29 22:28:36.657 2288 WARNING rally_openstack.scenarios.neutron.utils [-] Running this scenario without either the 'network' or 'existing_network' context is deprecated
2020-02-29 22:28:36.800 2284 INFO rally.task.runner [-] Task 217a691d-f344-4c4e-9b69-19b10833cbd8 | ITER: 8 END: OK
2020-02-29 22:28:36.805 2284 INFO rally.task.runner [-] Task 217a691d-f344-4c4e-9b69-19b10833cbd8 | ITER: 35 START
2020-02-29 22:28:36.806 2284 WARNING rally_openstack.scenarios.neutron.utils [-] Running this scenario without either the 'network' or 'existing_network' context is deprecated
2020-02-29 22:28:36.808 2273 INFO rally.task.runner [-] Task 217a691d-f344-4c4e-9b69-19b10833cbd8 | ITER: 5 END: OK
2020-02-29 22:28:36.813 2273 INFO rally.task.runner [-] Task 217a691d-f344-4c4e-9b69-19b10833cbd8 | ITER: 36 START
2020-02-29 22:28:36.814 2273 WARNING rally_openstack.scenarios.neutron.utils [-] Running this scenario without either the 'network' or 'existing_network' context is deprecated
2020-02-29 22:28:36.814 2281 RALLYDEBUG rally_openstack.wrappers.network [-] CIDR generated: 1.1.5.4/30
2020-02-29 22:28:37.220 2271 RALLYDEBUG rally_openstack.wrappers.network [-] CIDR generated: 1.1.5.8/30
2020-02-29 22:28:37.447 2302 INFO rally.task.runner [-] Task 217a691d-f344-4c4e-9b69-19b10833cbd8 | ITER: 14 END: OK
2020-02-29 22:28:37.452 2302 INFO rally.task.runner [-] Task 217a691d-f344-4c4e-9b69-19b10833cbd8 | ITER: 37 START
2020-02-29 22:28:37.453 2302 WARNING rally_openstack.scenarios.neutron.utils [-] Running this scenario without either the 'network' or 'existing_network' context is deprecated
2020-02-29 22:28:37.754 2311 INFO rally.task.runner [-] Task 217a691d-f344-4c4e-9b69-19b10833cbd8 | ITER: 17 END: OK
2020-02-29 22:28:37.759 2270 INFO rally.task.runner [-] Task 217a691d-f344-4c4e-9b69-19b10833cbd8 | ITER: 2 END: OK
2020-02-29 22:28:37.760 2311 INFO rally.task.runner [-] Task 217a691d-f344-4c4e-9b69-19b10833cbd8 | ITER: 38 START
2020-02-29 22:28:37.760 2311 WARNING rally_openstack.scenarios.neutron.utils [-] Running this scenario without either the 'network' or 'existing_network' context is deprecated
2020-02-29 22:28:37.764 2270 INFO rally.task.runner [-] Task 217a691d-f344-4c4e-9b69-19b10833cbd8 | ITER: 39 START
2020-02-29 22:28:37.765 2270 WARNING rally_openstack.scenarios.neutron.utils [-] Running this scenario without either the 'network' or 'existing_network' context is deprecated
2020-02-29 22:28:37.846 2269 INFO rally.task.runner [-] Task 217a691d-f344-4c4e-9b69-19b10833cbd8 | ITER: 1 END: OK
2020-02-29 22:28:37.852 2269 INFO rally.task.runner [-] Task 217a691d-f344-4c4e-9b69-19b10833cbd8 | ITER: 40 START
2020-02-29 22:28:37.852 2269 WARNING rally_openstack.scenarios.neutron.utils [-] Running this scenario without either the 'network' or 'existing_network' context is deprecated
2020-02-29 22:28:37.867 2277 RALLYDEBUG rally_openstack.wrappers.network [-] CIDR generated: 1.1.5.12/30
2020-02-29 22:28:38.573 2299 RALLYDEBUG rally_openstack.wrappers.network [-] CIDR generated: 1.1.5.16/30
2020-02-29 22:28:39.092 2296 RALLYDEBUG rally_openstack.wrappers.network [-] CIDR generated: 1.1.5.20/30
2020-02-29 22:28:39.142 2314 RALLYDEBUG rally_openstack.wrappers.network [-] CIDR generated: 1.1.5.24/30
2020-02-29 22:28:39.167 2293 RALLYDEBUG rally_openstack.wrappers.network [-] CIDR generated: 1.1.5.28/30
2020-02-29 22:28:39.245 2288 RALLYDEBUG rally_openstack.wrappers.network [-] CIDR generated: 1.1.5.32/30
2020-02-29 22:28:39.276 2309 RALLYDEBUG rally_openstack.wrappers.network [-] CIDR generated: 1.1.5.36/30
2020-02-29 22:28:39.308 2290 RALLYDEBUG rally_openstack.wrappers.network [-] CIDR generated: 1.1.5.40/30
2020-02-29 22:28:39.451 2284 RALLYDEBUG rally_openstack.wrappers.network [-] CIDR generated: 1.1.5.44/30
2020-02-29 22:28:39.466 2321 RALLYDEBUG rally_openstack.wrappers.network [-] CIDR generated: 1.1.5.48/30
2020-02-29 22:28:39.570 2305 RALLYDEBUG rally_openstack.wrappers.network [-] CIDR generated: 1.1.5.52/30
2020-02-29 22:28:39.816 2302 RALLYDEBUG rally_openstack.wrappers.network [-] CIDR generated: 1.1.5.56/30
2020-02-29 22:28:39.838 2269 RALLYDEBUG rally_openstack.wrappers.network [-] CIDR generated: 1.1.5.60/30
2020-02-29 22:28:40.133 2273 RALLYDEBUG rally_openstack.wrappers.network [-] CIDR generated: 1.1.5.64/30
2020-02-29 22:28:40.183 2270 RALLYDEBUG rally_openstack.wrappers.network [-] CIDR generated: 1.1.5.68/30
2020-02-29 22:28:40.247 2317 RALLYDEBUG rally_openstack.wrappers.network [-] CIDR generated: 1.1.5.72/30
2020-02-29 22:28:40.453 2311 RALLYDEBUG rally_openstack.wrappers.network [-] CIDR generated: 1.1.5.76/30
2020-02-29 22:28:40.619 2272 RALLYDEBUG rally_openstack.wrappers.network [-] CIDR generated: 1.1.5.80/30
2020-02-29 22:28:41.787 2281 RALLYDEBUG rally_openstack.wrappers.network [-] CIDR generated: 1.1.5.84/30
2020-02-29 22:28:42.160 2271 RALLYDEBUG rally_openstack.wrappers.network [-] CIDR generated: 1.1.5.88/30
2020-02-29 22:28:42.362 2277 RALLYDEBUG rally_openstack.wrappers.network [-] CIDR generated: 1.1.5.92/30
2020-02-29 22:28:42.594 2290 RALLYDEBUG rally_openstack.wrappers.network [-] CIDR generated: 1.1.5.96/30
2020-02-29 22:28:42.734 2293 RALLYDEBUG rally_openstack.wrappers.network [-] CIDR generated: 1.1.5.100/30
2020-02-29 22:28:42.743 2299 RALLYDEBUG rally_openstack.wrappers.network [-] CIDR generated: 1.1.5.104/30
2020-02-29 22:28:42.942 2273 RALLYDEBUG rally_openstack.wrappers.network [-] CIDR generated: 1.1.5.108/30
2020-02-29 22:28:42.987 2288 RALLYDEBUG rally_openstack.wrappers.network [-] CIDR generated: 1.1.5.112/30
2020-02-29 22:28:43.084 2269 RALLYDEBUG rally_openstack.wrappers.network [-] CIDR generated: 1.1.5.116/30
2020-02-29 22:28:43.193 2296 RALLYDEBUG rally_openstack.wrappers.network [-] CIDR generated: 1.1.5.120/30
2020-02-29 22:28:43.244 2284 RALLYDEBUG rally_openstack.wrappers.network [-] CIDR generated: 1.1.5.124/30
2020-02-29 22:28:43.246 2309 RALLYDEBUG rally_openstack.wrappers.network [-] CIDR generated: 1.1.5.128/30
2020-02-29 22:28:43.304 2317 RALLYDEBUG rally_openstack.wrappers.network [-] CIDR generated: 1.1.5.132/30
2020-02-29 22:28:43.324 2305 RALLYDEBUG rally_openstack.wrappers.network [-] CIDR generated: 1.1.5.136/30
2020-02-29 22:28:43.532 2314 RALLYDEBUG rally_openstack.wrappers.network [-] CIDR generated: 1.1.5.140/30
2020-02-29 22:28:43.679 2302 RALLYDEBUG rally_openstack.wrappers.network [-] CIDR generated: 1.1.5.144/30
2020-02-29 22:28:43.755 2270 RALLYDEBUG rally_openstack.wrappers.network [-] CIDR generated: 1.1.5.148/30
2020-02-29 22:28:43.872 2311 RALLYDEBUG rally_openstack.wrappers.network [-] CIDR generated: 1.1.5.152/30
2020-02-29 22:28:43.949 2321 RALLYDEBUG rally_openstack.wrappers.network [-] CIDR generated: 1.1.5.156/30
2020-02-29 22:28:45.649 2272 INFO rally.task.runner [-] Task 217a691d-f344-4c4e-9b69-19b10833cbd8 | ITER: 21 END: OK
2020-02-29 22:28:46.089 2293 INFO rally.task.runner [-] Task 217a691d-f344-4c4e-9b69-19b10833cbd8 | ITER: 27 END: OK
2020-02-29 22:28:46.486 2290 INFO rally.task.runner [-] Task 217a691d-f344-4c4e-9b69-19b10833cbd8 | ITER: 33 END: OK
2020-02-29 22:28:46.719 2281 INFO rally.task.runner [-] Task 217a691d-f344-4c4e-9b69-19b10833cbd8 | ITER: 22 END: OK
2020-02-29 22:28:47.269 2299 INFO rally.task.runner [-] Task 217a691d-f344-4c4e-9b69-19b10833cbd8 | ITER: 25 END: OK
2020-02-29 22:28:48.477 2317 INFO rally.task.runner [-] Task 217a691d-f344-4c4e-9b69-19b10833cbd8 | ITER: 32 END: OK
2020-02-29 22:28:48.674 2273 INFO rally.task.runner [-] Task 217a691d-f344-4c4e-9b69-19b10833cbd8 | ITER: 36 END: OK
2020-02-29 22:28:48.677 2269 INFO rally.task.runner [-] Task 217a691d-f344-4c4e-9b69-19b10833cbd8 | ITER: 40 END: OK
2020-02-29 22:28:48.716 2305 INFO rally.task.runner [-] Task 217a691d-f344-4c4e-9b69-19b10833cbd8 | ITER: 31 END: OK
2020-02-29 22:28:49.189 2271 INFO rally.task.runner [-] Task 217a691d-f344-4c4e-9b69-19b10833cbd8 | ITER: 23 END: OK
2020-02-29 22:28:49.650 2288 INFO rally.task.runner [-] Task 217a691d-f344-4c4e-9b69-19b10833cbd8 | ITER: 34 END: OK
2020-02-29 22:28:50.088 2270 INFO rally.task.runner [-] Task 217a691d-f344-4c4e-9b69-19b10833cbd8 | ITER: 39 END: OK
2020-02-29 22:28:50.115 2321 INFO rally.task.runner [-] Task 217a691d-f344-4c4e-9b69-19b10833cbd8 | ITER: 29 END: OK
2020-02-29 22:28:50.786 2277 INFO rally.task.runner [-] Task 217a691d-f344-4c4e-9b69-19b10833cbd8 | ITER: 24 END: OK
2020-02-29 22:28:51.081 2284 INFO rally.task.runner [-] Task 217a691d-f344-4c4e-9b69-19b10833cbd8 | ITER: 35 END: OK
2020-02-29 22:28:51.232 2311 INFO rally.task.runner [-] Task 217a691d-f344-4c4e-9b69-19b10833cbd8 | ITER: 38 END: OK
2020-02-29 22:28:51.363 2309 INFO rally.task.runner [-] Task 217a691d-f344-4c4e-9b69-19b10833cbd8 | ITER: 30 END: OK
2020-02-29 22:28:51.501 2314 INFO rally.task.runner [-] Task 217a691d-f344-4c4e-9b69-19b10833cbd8 | ITER: 26 END: OK
2020-02-29 22:28:51.511 2296 INFO rally.task.runner [-] Task 217a691d-f344-4c4e-9b69-19b10833cbd8 | ITER: 28 END: OK
2020-02-29 22:28:51.512 2302 INFO rally.task.runner [-] Task 217a691d-f344-4c4e-9b69-19b10833cbd8 | ITER: 37 END: OK
2020-02-29 22:28:51.539 15 INFO rally.task.context [-] Task 217a691d-f344-4c4e-9b69-19b10833cbd8 | Context cleanup@openstack cleanup() started
2020-02-29 22:28:51.542 15 RALLYDEBUG rally_openstack.cleanup.manager [-] Cleaning up neutron vip objects
2020-02-29 22:28:51.834 15 RALLYDEBUG rally_openstack.cleanup.manager [-] Cleaning up neutron health_monitor objects
2020-02-29 22:28:52.030 15 RALLYDEBUG rally_openstack.cleanup.manager [-] Cleaning up neutron pool objects
2020-02-29 22:28:52.228 15 RALLYDEBUG rally_openstack.cleanup.manager [-] Cleaning up neutron loadbalancer objects
2020-02-29 22:28:52.434 15 RALLYDEBUG rally_openstack.cleanup.manager [-] Cleaning up neutron floatingip objects
2020-02-29 22:28:52.638 15 RALLYDEBUG rally_openstack.cleanup.manager [-] Cleaning up neutron trunk objects
2020-02-29 22:28:52.866 15 DEBUG neutronclient.v2_0.client [-] Error message: {"message": "The resource could not be found.

\n\n\n", "code": "404 Not Found", "title": "Not Found"} _handle_fault_response /usr/lib/python2.7/site-packages/neutronclient/v2_0/client.py:259
2020-02-29 22:28:52.876 15 RALLYDEBUG rally_openstack.cleanup.manager [-] Cleaning up neutron port objects
2020-02-29 22:28:53.114 15 RALLYDEBUG rally_openstack.cleanup.manager [-] Cleaning up neutron subnet objects
2020-02-29 22:28:53.980 15 RALLYDEBUG rally_openstack.cleanup.manager [-] Cleaning up neutron network objects
2020-02-29 22:28:54.472 15 RALLYDEBUG rally_openstack.cleanup.manager [-] Deleting neutron.network object s_rally_907149fd_gF4WfXCv (2216677e-f523-48b3-bd2e-57b6f15caa98)
2020-02-29 22:28:54.473 15 RALLYDEBUG rally_openstack.cleanup.manager [-] Deleting neutron.network object s_rally_907149fd_F3bfe5WE (0a897d66-8190-4fa5-aa2c-9962cfec766d)
2020-02-29 22:28:54.484 15 RALLYDEBUG rally_openstack.cleanup.manager [-] Deleting neutron.network object s_rally_907149fd_JXaCbsun (44baa50a-610c-4585-b4bb-98b3f7c4cf84)
2020-02-29 22:28:54.488 15 RALLYDEBUG rally_openstack.cleanup.manager [-] Deleting neutron.network object s_rally_907149fd_ssnl8IpS (054a5c31-f4b7-4eba-b00c-f90ee026b529)
2020-02-29 22:28:54.487 15 RALLYDEBUG rally_openstack.cleanup.manager [-] Deleting neutron.network object s_rally_907149fd_DI4W3htL (265e192c-f3bf-431c-a292-12da5ff6c798)
2020-02-29 22:28:54.489 15 RALLYDEBUG rally_openstack.cleanup.manager [-] Deleting neutron.network object s_rally_907149fd_5hqVPjJo (46f49545-a7db-4077-a6bb-a0fe6257e863)
2020-02-29 22:28:54.494 15 RALLYDEBUG rally_openstack.cleanup.manager [-] Deleting neutron.network object s_rally_907149fd_3I3GdQq3 (4a091d75-c573-49e9-8958-564ebeb36c47)
2020-02-29 22:28:54.497 15 RALLYDEBUG rally_openstack.cleanup.manager [-] Deleting neutron.network object s_rally_907149fd_uw3Fx7Lf (418699e7-d0cb-486f-95b6-d957d500d7cf)
2020-02-29 22:28:54.502 15 RALLYDEBUG rally_openstack.cleanup.manager [-] Deleting neutron.network object s_rally_907149fd_2RsJdySz (50bfb448-20b8-43c1-a4fc-87e9db1a3868)
2020-02-29 22:28:54.515 15 RALLYDEBUG rally_openstack.cleanup.manager [-] Deleting neutron.network object s_rally_907149fd_Q4aGY9p4 (5a7a9048-e039-4690-863b-1bb9f2562ac1)
2020-02-29 22:28:54.529 15 RALLYDEBUG rally_openstack.cleanup.manager [-] Deleting neutron.network object s_rally_907149fd_bIDHS7PE (64023eb8-6d4c-4c01-902e-1f97f0e48239)
2020-02-29 22:28:54.588 15 RALLYDEBUG rally_openstack.cleanup.manager [-] Deleting neutron.network object s_rally_907149fd_CRRob74A (65a5dad3-e9ac-4e1d-9085-b1a2e0196341)
2020-02-29 22:28:54.591 15 RALLYDEBUG rally_openstack.cleanup.manager [-] Deleting neutron.network object s_rally_907149fd_mwpvmp3Q (6c696b4b-d346-4cd0-ba29-a2e04167f17e)
2020-02-29 22:28:54.598 15 RALLYDEBUG rally_openstack.cleanup.manager [-] Deleting neutron.network object s_rally_907149fd_ppdKrTPp (6cb06a10-9b9b-4fad-8241-259fb0677e24)
2020-02-29 22:28:54.631 15 RALLYDEBUG rally_openstack.cleanup.manager [-] Deleting neutron.network object s_rally_907149fd_5h9eojwc (6f2498b6-29af-488c-bc84-69db86e18459)
2020-02-29 22:28:54.632 15 RALLYDEBUG rally_openstack.cleanup.manager [-] Deleting neutron.network object s_rally_907149fd_1qIUcpmF (63ea9bf0-3d7c-4a4f-b755-be9b3a19a011)
2020-02-29 22:28:54.675 15 RALLYDEBUG rally_openstack.cleanup.manager [-] Deleting neutron.network object s_rally_907149fd_mRWzH4rZ (6d570b16-c361-4f8f-be80-8acc16492551)
2020-02-29 22:28:54.715 15 RALLYDEBUG rally_openstack.cleanup.manager [-] Deleting neutron.network object s_rally_907149fd_21lTHz02 (8180f3cc-2027-43a5-911b-a3a25e8af78f)
2020-02-29 22:28:54.724 15 RALLYDEBUG rally_openstack.cleanup.manager [-] Deleting neutron.network object s_rally_907149fd_7MxWKbG4 (8878ba25-53cb-4304-ba48-2a559af7422e)
2020-02-29 22:28:54.773 15 RALLYDEBUG rally_openstack.cleanup.manager [-] Deleting neutron.network object s_rally_907149fd_wRQoBomY (71b50e71-1034-4260-9640-7e386f124ddc)
2020-02-29 22:28:56.704 15 RALLYDEBUG rally_openstack.cleanup.manager [-] Deleting neutron.network object s_rally_907149fd_bN0R9hW8 (89d146cb-260f-4805-a0c4-c41ae04b9449)
2020-02-29 22:28:56.969 15 RALLYDEBUG rally_openstack.cleanup.manager [-] Deleting neutron.network object s_rally_907149fd_gdyEsJvG (a98acd6b-6bb4-4d5b-8340-875c7e90ae1d)
2020-02-29 22:28:57.080 15 RALLYDEBUG rally_openstack.cleanup.manager [-] Deleting neutron.network object s_rally_907149fd_yZxQFh2N (ad881aa5-b959-4326-b332-5ffa49d10e4e)
2020-02-29 22:28:57.135 15 RALLYDEBUG rally_openstack.cleanup.manager [-] Deleting neutron.network object s_rally_907149fd_xmaSDYiZ (b273ab1a-f604-4491-82dd-2f50773eab20)
2020-02-29 22:28:57.262 15 RALLYDEBUG rally_openstack.cleanup.manager [-] Deleting neutron.network object s_rally_907149fd_0PL0N3Gz (b759ef33-e7c2-4368-a47c-d8cd7de596b0)
2020-02-29 22:28:57.366 15 RALLYDEBUG rally_openstack.cleanup.manager [-] Deleting neutron.network object s_rally_907149fd_ddBUxazy (bcd47c4d-d387-4252-8f8e-079c00711f6c)
2020-02-29 22:28:57.390 15 RALLYDEBUG rally_openstack.cleanup.manager [-] Deleting neutron.network object s_rally_907149fd_fY9FW5rU (c2fe0595-3a72-4643-bb01-6faf40ba0f77)
2020-02-29 22:28:57.413 15 RALLYDEBUG rally_openstack.cleanup.manager [-] Deleting neutron.network object s_rally_907149fd_Fxy0Z2pk (c5fe82d4-1ec4-4fa9-befe-72807252126d)
2020-02-29 22:28:57.507 15 RALLYDEBUG rally_openstack.cleanup.manager [-] Deleting neutron.network object s_rally_907149fd_cJqZ6bq5 (cf6c63e4-bfdf-4902-96eb-5220a21c5ff8)
2020-02-29 22:28:57.591 15 RALLYDEBUG rally_openstack.cleanup.manager [-] Deleting neutron.network object s_rally_907149fd_fRsoWhLb (d30df674-f266-42f2-94bb-b3a9bf96db65)
2020-02-29 22:28:57.678 15 RALLYDEBUG rally_openstack.cleanup.manager [-] Deleting neutron.network object s_rally_907149fd_s4EXfbuQ (da42e0b7-bc83-47cb-8a39-a98cdd9ff6f4)
2020-02-29 22:28:57.805 15 RALLYDEBUG rally_openstack.cleanup.manager [-] Deleting neutron.network object s_rally_907149fd_VpLsgB9v (e3057db5-0a63-4590-8b5b-3f33a58810d4)
2020-02-29 22:28:57.843 15 RALLYDEBUG rally_openstack.cleanup.manager [-] Deleting neutron.network object s_rally_907149fd_qacCzy70 (e44b868d-fff1-4e2d-8aad-0664595b2093)
2020-02-29 22:28:57.901 15 RALLYDEBUG rally_openstack.cleanup.manager [-] Deleting neutron.network object s_rally_907149fd_Do79L3JR (e5a42981-a6b5-4650-bb70-95655b8d07c6)
2020-02-29 22:28:58.098 15 RALLYDEBUG rally_openstack.cleanup.manager [-] Deleting neutron.network object s_rally_907149fd_kOAuJCpi (ed34e237-eb4a-4ae3-b883-7c653163bb15)
2020-02-29 22:28:58.125 15 RALLYDEBUG rally_openstack.cleanup.manager [-] Deleting neutron.network object s_rally_907149fd_bs3C1FfF (edae7640-ba13-4cf5-aa1f-1df4b566c161)
2020-02-29 22:28:58.206 15 RALLYDEBUG rally_openstack.cleanup.manager [-] Deleting neutron.network object s_rally_907149fd_YrRYk1pS (f67c1319-39ab-42fe-bb7b-4d0ebc6a015e)
2020-02-29 22:28:58.321 15 RALLYDEBUG rally_openstack.cleanup.manager [-] Deleting neutron.network object s_rally_907149fd_fpVebK1K (f96c412e-5605-4062-aa42-369f551bc61d)
2020-02-29 22:28:58.532 15 RALLYDEBUG rally_openstack.cleanup.manager [-] Deleting neutron.network object s_rally_907149fd_tIImvV7H (fe1a21b6-c71e-486d-9d93-1c1a35aaaa81)
2020-02-29 22:28:58.536 15 RALLYDEBUG rally_openstack.cleanup.manager [-] Deleting neutron.network object s_rally_907149fd_1axxGHqi (feff6a5d-98cd-4656-9d6d-3cb49ed9c8ca)
2020-02-29 22:29:01.607 15 RALLYDEBUG rally_openstack.cleanup.manager [-] Cleaning up neutron router objects
2020-02-29 22:29:01.851 15 RALLYDEBUG rally_openstack.cleanup.manager [-] Cleaning up neutron security_group objects
2020-02-29 22:29:02.103 15 INFO rally.task.context [-] Task 217a691d-f344-4c4e-9b69-19b10833cbd8 | Context cleanup@openstack cleanup() finished in 10.56 sec
2020-02-29 22:29:02.103 15 INFO rally.task.context [-] Task 217a691d-f344-4c4e-9b69-19b10833cbd8 | Context quotas@openstack cleanup() started
2020-02-29 22:29:02.144 15 INFO rally.task.context [-] Task 217a691d-f344-4c4e-9b69-19b10833cbd8 | Context quotas@openstack cleanup() finished in 40.27 msec
2020-02-29 22:29:02.144 15 INFO rally.task.context [-] Task 217a691d-f344-4c4e-9b69-19b10833cbd8 | Context users@openstack cleanup() started
2020-02-29 22:29:03.435 15 INFO rally.task.context [-] Task 217a691d-f344-4c4e-9b69-19b10833cbd8 | Context users@openstack cleanup() finished in 1.29 sec
2020-02-29 22:29:04.808 15 INFO rally.task.engine [-] Load duration is: 39.166708
2020-02-29 22:29:04.809 15 INFO rally.task.engine [-] Full runner duration is: 39.21636
2020-02-29 22:29:04.809 15 INFO rally.task.engine [-] Full duration is: 52.89324
2020-02-29 22:29:04.891 15 INFO rally.task.engine [-] Running workload: position = 0 config = { "version": 2, "title": "A cropped version of a bigger task.", "description": "Auto-generated task from a single workload (uuid=d4a16803-ef9f-46cf-8cb5-5eff5fca558e)", "subtasks": [ { "title": "NeutronNetworks.create_and_list_routers", "description": "Create and a given number of routers and list all routers.", "scenario": { "NeutronNetworks.create_and_list_routers": { "network_create_args": null, "subnet_create_args": null, "subnet_cidr_start": "1.1.0.0/30", "subnets_per_network": 2, "router_create_args": null } }, "contexts": { "users": { "tenants": 1, "users_per_tenant": 1 }, "quotas": { "neutron": { "network": -1, "subnet": -1, "router": -1 } } }, "runner": { "constant": { "times": 40, "concurrency": 20 } }, "hooks": [], "sla": { "failure_rate": { "max": 0 } } } ] }
2020-02-29 22:29:04.916 15 RALLYDEBUG rally_openstack.contexts.keystone.users [-] Creating 1 tenants using 20 threads
2020-02-29 22:29:05.285 15 RALLYDEBUG rally_openstack.contexts.keystone.users [-] Creating 1 users using 20 threads
2020-02-29 22:29:06.054 15 INFO rally.task.context [-] Task 217a691d-f344-4c4e-9b69-19b10833cbd8 | Context users@openstack setup() finished in 1.14 sec
2020-02-29 22:29:06.710 15 INFO rally.task.context [-] Task 217a691d-f344-4c4e-9b69-19b10833cbd8 | Context quotas@openstack setup() finished in 0.66 sec
2020-02-29 22:29:06.711 15 INFO rally.task.context [-] Task 217a691d-f344-4c4e-9b69-19b10833cbd8 | Context cleanup@openstack setup() finished in 0.01 msec
2020-02-29 22:29:06.722 15 RALLYDEBUG rally.task.runner [-] Starting the constant runner (task UUID: 217a691d-f344-4c4e-9b69-19b10833cbd8). timeout: 0 concurrency: 20 concurrency_per_worker: 1 times: 40 concurrency_overhead: 0 processes_to_start: 20 max_cpu_used: 88
2020-02-29 22:29:06.734 2671 RALLYDEBUG rally.task.runner [-] Starting a worker. concurrency: 1 args: {"network_create_args": null, "subnet_create_args": null, "subnet_cidr_start": "1.1.0.0/30", "subnets_per_network": 2, "router_create_args": null} times: 40 method_name: run timeout: 0 duration: None cls:
2020-02-29 22:29:06.738 2672 RALLYDEBUG rally.task.runner [-] Starting a worker. concurrency: 1 args: {"network_create_args": null, "subnet_create_args": null, "subnet_cidr_start": "1.1.0.0/30", "subnets_per_network": 2, "router_create_args": null} times: 40 method_name: run timeout: 0 duration: None cls:
2020-02-29 22:29:06.740 2673 RALLYDEBUG rally.task.runner [-] Starting a worker. concurrency: 1 args: {"network_create_args": null, "subnet_create_args": null, "subnet_cidr_start": "1.1.0.0/30", "subnets_per_network": 2, "router_create_args": null} times: 40 method_name: run timeout: 0 duration: None cls:
2020-02-29 22:29:06.744 2671 INFO rally.task.runner [-] Task 217a691d-f344-4c4e-9b69-19b10833cbd8 | ITER: 1 START
2020-02-29 22:29:06.744 2672 INFO rally.task.runner [-] Task 217a691d-f344-4c4e-9b69-19b10833cbd8 | ITER: 2 START
2020-02-29 22:29:06.743 2674 RALLYDEBUG rally.task.runner [-] Starting a worker. concurrency: 1 args: {"network_create_args": null, "subnet_create_args": null, "subnet_cidr_start": "1.1.0.0/30", "subnets_per_network": 2, "router_create_args": null} times: 40 method_name: run timeout: 0 duration: None cls:
2020-02-29 22:29:06.746 2673 INFO rally.task.runner [-] Task 217a691d-f344-4c4e-9b69-19b10833cbd8 | ITER: 3 START
2020-02-29 22:29:06.747 2675 RALLYDEBUG rally.task.runner [-] Starting a worker. concurrency: 1 args: {"network_create_args": null, "subnet_create_args": null, "subnet_cidr_start": "1.1.0.0/30", "subnets_per_network": 2, "router_create_args": null} times: 40 method_name: run timeout: 0 duration: None cls:
2020-02-29 22:29:06.750 2674 INFO rally.task.runner [-] Task 217a691d-f344-4c4e-9b69-19b10833cbd8 | ITER: 4 START
2020-02-29 22:29:06.751 2677 RALLYDEBUG rally.task.runner [-] Starting a worker. concurrency: 1 args: {"network_create_args": null, "subnet_create_args": null, "subnet_cidr_start": "1.1.0.0/30", "subnets_per_network": 2, "router_create_args": null} times: 40 method_name: run timeout: 0 duration: None cls:
2020-02-29 22:29:06.753 2682 RALLYDEBUG rally.task.runner [-] Starting a worker. concurrency: 1 args: {"network_create_args": null, "subnet_create_args": null, "subnet_cidr_start": "1.1.0.0/30", "subnets_per_network": 2, "router_create_args": null} times: 40 method_name: run timeout: 0 duration: None cls:
2020-02-29 22:29:06.758 2677 INFO rally.task.runner [-] Task 217a691d-f344-4c4e-9b69-19b10833cbd8 | ITER: 6 START
2020-02-29 22:29:06.758 2685 RALLYDEBUG rally.task.runner [-] Starting a worker. concurrency: 1 args: {"network_create_args": null, "subnet_create_args": null, "subnet_cidr_start": "1.1.0.0/30", "subnets_per_network": 2, "router_create_args": null} times: 40 method_name: run timeout: 0 duration: None cls:
2020-02-29 22:29:06.759 2688 RALLYDEBUG rally.task.runner [-] Starting a worker. concurrency: 1 args: {"network_create_args": null, "subnet_create_args": null, "subnet_cidr_start": "1.1.0.0/30", "subnets_per_network": 2, "router_create_args": null} times: 40 method_name: run timeout: 0 duration: None cls:
2020-02-29 22:29:06.760 2675 INFO rally.task.runner [-] Task 217a691d-f344-4c4e-9b69-19b10833cbd8 | ITER: 5 START
2020-02-29 22:29:06.762 2689 RALLYDEBUG rally.task.runner [-] Starting a worker. concurrency: 1 args: {"network_create_args": null, "subnet_create_args": null, "subnet_cidr_start": "1.1.0.0/30", "subnets_per_network": 2, "router_create_args": null} times: 40 method_name: run timeout: 0 duration: None cls:
2020-02-29 22:29:06.765 2688 INFO rally.task.runner [-] Task 217a691d-f344-4c4e-9b69-19b10833cbd8 | ITER: 9 START
2020-02-29 22:29:06.765 2685 INFO rally.task.runner [-] Task 217a691d-f344-4c4e-9b69-19b10833cbd8 | ITER: 8 START
2020-02-29 22:29:06.765 2692 RALLYDEBUG rally.task.runner [-] Starting a worker. concurrency: 1 args: {"network_create_args": null, "subnet_create_args": null, "subnet_cidr_start": "1.1.0.0/30", "subnets_per_network": 2, "router_create_args": null} times: 40 method_name: run timeout: 0 duration: None cls:
2020-02-29 22:29:06.768 2689 INFO rally.task.runner [-] Task 217a691d-f344-4c4e-9b69-19b10833cbd8 | ITER: 10 START
2020-02-29 22:29:06.769 2696 RALLYDEBUG rally.task.runner [-] Starting a worker. concurrency: 1 args: {"network_create_args": null, "subnet_create_args": null, "subnet_cidr_start": "1.1.0.0/30", "subnets_per_network": 2, "router_create_args": null} times: 40 method_name: run timeout: 0 duration: None cls:
2020-02-29 22:29:06.770 2682 INFO rally.task.runner [-] Task 217a691d-f344-4c4e-9b69-19b10833cbd8 | ITER: 7 START
2020-02-29 22:29:06.774 2701 RALLYDEBUG rally.task.runner [-] Starting a worker. concurrency: 1 args: {"network_create_args": null, "subnet_create_args": null, "subnet_cidr_start": "1.1.0.0/30", "subnets_per_network": 2, "router_create_args": null} times: 40 method_name: run timeout: 0 duration: None cls:
2020-02-29 22:29:06.775 2696 INFO rally.task.runner [-] Task 217a691d-f344-4c4e-9b69-19b10833cbd8 | ITER: 12 START
2020-02-29 22:29:06.775 2703 RALLYDEBUG rally.task.runner [-] Starting a worker. concurrency: 1 args: {"network_create_args": null, "subnet_create_args": null, "subnet_cidr_start": "1.1.0.0/30", "subnets_per_network": 2, "router_create_args": null} times: 40 method_name: run timeout: 0 duration: None cls:
2020-02-29 22:29:06.780 2701 INFO rally.task.runner [-] Task 217a691d-f344-4c4e-9b69-19b10833cbd8 | ITER: 13 START
2020-02-29 22:29:06.780 2692 INFO rally.task.runner [-] Task 217a691d-f344-4c4e-9b69-19b10833cbd8 | ITER: 11 START
