2020-02-29 22:43:01.102 15 RALLYDEBUG rally_openstack.cleanup.manager [-] Deleting neutron.port object s_rally_359c43fb_vtsL4bow (bc0f3cb5-83df-4cac-b3f4-2c53b666d68b)
2020-02-29 22:43:01.124 15 RALLYDEBUG rally_openstack.cleanup.manager [-] Deleting neutron.port object s_rally_359c43fb_6SyLrwWK (bce3d709-9ceb-40fa-a55f-e90dbe33d4b0)
2020-02-29 22:43:01.141 15 RALLYDEBUG rally_openstack.cleanup.manager [-] Deleting neutron.port object s_rally_359c43fb_zPHCMfZT (bd0047fb-aaac-44ac-ad0e-c8907f33bd0e)
2020-02-29 22:43:01.287 15 RALLYDEBUG rally_openstack.cleanup.manager [-] Deleting neutron.port object s_rally_359c43fb_bRjCzLJY (bdc785b4-fb7c-419b-b555-292b8656bad7)
2020-02-29 22:43:01.352 15 RALLYDEBUG rally_openstack.cleanup.manager [-] Deleting neutron.port object s_rally_359c43fb_Zmou3TBR (bde2233b-f676-42da-868d-b1803e605456)
2020-02-29 22:43:01.495 15 RALLYDEBUG rally_openstack.cleanup.manager [-] Deleting neutron.port object s_rally_359c43fb_TvkuAcvB (be2bf9f2-c5c1-46a9-8c99-8d4f02f05d0c)
2020-02-29 22:43:01.592 15 RALLYDEBUG rally_openstack.cleanup.manager [-] Deleting neutron.port object s_rally_359c43fb_GU8qcsyQ (be8f6feb-9efb-4188-b12d-a07e25c651c7)
2020-02-29 22:43:01.786 15 RALLYDEBUG rally_openstack.cleanup.manager [-] Deleting neutron.port object s_rally_359c43fb_CB7cvumD (bf45d572-5fac-483f-bc89-311524af57be)
2020-02-29 22:43:02.061 15 RALLYDEBUG rally_openstack.cleanup.manager [-] Deleting neutron.port object s_rally_359c43fb_QbfxbRDJ (bf48934a-5a2a-44ee-95ad-f0cd3c95ca52)
2020-02-29 22:43:02.066 15 RALLYDEBUG rally_openstack.cleanup.manager [-] Deleting neutron.port object s_rally_359c43fb_MJZK1A9t (bf69379a-59f2-43c9-b578-bce750624ba2)
2020-02-29 22:43:02.080 15 RALLYDEBUG rally_openstack.cleanup.manager [-] Deleting neutron.port object s_rally_359c43fb_EMtwW4V1 (c02fab6b-fda4-4899-8dc7-b4e122473cca)
2020-02-29 22:43:02.167 15 RALLYDEBUG rally_openstack.cleanup.manager [-] Deleting neutron.port object s_rally_359c43fb_HzRKe5wf (c0cf9797-539d-4caf-b589-7c6c02508dc6)
2020-02-29 22:43:02.549 15 RALLYDEBUG rally_openstack.cleanup.manager [-] Deleting neutron.port object s_rally_359c43fb_4OOnTriy (c1ea8adc-f4cd-46b1-acfa-786b50793e43)
2020-02-29 22:43:02.696 15 RALLYDEBUG rally_openstack.cleanup.manager [-] Deleting neutron.port object s_rally_359c43fb_kOXRQCCQ (c34b75a2-b197-4dbd-92d9-41575071f8f1)
2020-02-29 22:43:02.725 15 RALLYDEBUG rally_openstack.cleanup.manager [-] Deleting neutron.port object s_rally_359c43fb_9zdoDTRB (c34d0e7b-9c39-4949-b562-267298a6ce1a)
2020-02-29 22:43:02.873 15 RALLYDEBUG rally_openstack.cleanup.manager [-] Deleting neutron.port object s_rally_359c43fb_JNB4aLfx (c363eeec-15d0-4abe-80b4-b972c4744c59)
2020-02-29 22:43:02.995 15 RALLYDEBUG rally_openstack.cleanup.manager [-] Deleting neutron.port object s_rally_359c43fb_WaTi8g5v (c38a0512-b00d-48c6-94bb-9dc201b959a6)
2020-02-29 22:43:03.010 15 RALLYDEBUG rally_openstack.cleanup.manager [-] Deleting neutron.port object s_rally_359c43fb_WcG0luJh (c6c65d18-cf10-4a73-9592-e203bb3c495a)
2020-02-29 22:43:03.024 15 RALLYDEBUG rally_openstack.cleanup.manager [-] Deleting neutron.port object s_rally_359c43fb_3caMds04 (c6febc4e-e299-476a-bd65-813af1439673)
2020-02-29 22:43:03.092 15 RALLYDEBUG rally_openstack.cleanup.manager [-] Deleting neutron.port object s_rally_359c43fb_2KkipePs (c703796e-9d4c-4269-9ef9-dd29bfd4fe66)
2020-02-29 22:43:03.222 15 RALLYDEBUG rally_openstack.cleanup.manager [-] Deleting neutron.port object s_rally_359c43fb_zcebm8fo (c704c9ad-0333-439b-9c33-b84b2eb9c395)
2020-02-29 22:43:03.377 15 RALLYDEBUG rally_openstack.cleanup.manager [-] Deleting neutron.port object s_rally_359c43fb_qsUzwny6 (c7b32807-17ec-40c6-8e5b-4135796d53c1)
2020-02-29 22:43:03.421 15 RALLYDEBUG rally_openstack.cleanup.manager [-] Deleting neutron.port object s_rally_359c43fb_xPaZn1M8 (c7c2a474-dec5-4229-a286-f173b829155d)
2020-02-29 22:43:03.504 15 RALLYDEBUG rally_openstack.cleanup.manager [-] Deleting neutron.port object s_rally_359c43fb_bZZ5jW4e (c7f50133-4cfb-496a-9ba7-4f785305421c)
2020-02-29 22:43:03.523 15 RALLYDEBUG rally_openstack.cleanup.manager [-] Deleting neutron.port object s_rally_359c43fb_ecKGr3rc (c8fc2644-0783-4989-ae69-eac575545981)
2020-02-29 22:43:03.578 15 RALLYDEBUG rally_openstack.cleanup.manager [-] Deleting neutron.port object s_rally_359c43fb_qe6Kdw6u (c911432e-32ce-4fed-ac62-61696309dd3f)
2020-02-29 22:43:03.683 15 RALLYDEBUG rally_openstack.cleanup.manager [-] Deleting neutron.port object s_rally_359c43fb_CqgSJJqP (c9813e40-f1c4-4995-a492-a7d7ec9a2d8c)
2020-02-29 22:43:03.816 15 RALLYDEBUG rally_openstack.cleanup.manager [-] Deleting neutron.port object s_rally_359c43fb_jwdX58u7 (ca51da85-e437-4b75-87ad-b59c2f71e0e1)
2020-02-29 22:43:03.992 15 RALLYDEBUG rally_openstack.cleanup.manager [-] Deleting neutron.port object s_rally_359c43fb_UhnmfWbU (cabf50ee-c7af-40a6-bfe4-914777ea4f42)
2020-02-29 22:43:04.271 15 RALLYDEBUG rally_openstack.cleanup.manager [-] Deleting neutron.port object s_rally_359c43fb_megGHjZY (cad62752-93eb-4c18-afe9-b8a90c86325b)
2020-02-29 22:43:04.397 15 RALLYDEBUG rally_openstack.cleanup.manager [-] Deleting neutron.port object s_rally_359c43fb_VUYQ8ADe (cbd76325-bf6b-4788-80bb-11e17edf81b3)
2020-02-29 22:43:04.629 15 RALLYDEBUG rally_openstack.cleanup.manager [-] Deleting neutron.port object s_rally_359c43fb_K7nyUEd0 (cbfb5b03-87f1-4fe7-aecf-9bc003fc425e)
2020-02-29 22:43:04.635 15 RALLYDEBUG rally_openstack.cleanup.manager [-] Deleting neutron.port object s_rally_359c43fb_ZXRwQzOD (cc881c26-6da3-49e3-b8ac-0cfd2a8f4e57)
2020-02-29 22:43:04.704 15 RALLYDEBUG rally_openstack.cleanup.manager [-] Deleting neutron.port object s_rally_359c43fb_jaSo0myZ (cc987246-52a0-4371-9823-41cf30cd28d8)
2020-02-29 22:43:04.744 15 RALLYDEBUG rally_openstack.cleanup.manager [-] Deleting neutron.port object s_rally_359c43fb_tSz8gm6Z (cfc4d44a-f625-47ef-b4e3-ed23101b5496)
2020-02-29 22:43:04.863 15 RALLYDEBUG rally_openstack.cleanup.manager [-] Deleting neutron.port object s_rally_359c43fb_dgSIdqwq (d033d56d-0b8b-476c-a52c-b1ae2379d2a2)
2020-02-29 22:43:04.915 15 RALLYDEBUG rally_openstack.cleanup.manager [-] Deleting neutron.port object s_rally_359c43fb_idAnUg6G (d161a6e1-5b12-49d8-a803-33a32173ae32)
2020-02-29 22:43:05.048 15 RALLYDEBUG rally_openstack.cleanup.manager [-] Deleting neutron.port object s_rally_359c43fb_iVnWXYl6 (d20db7a1-82bf-42c4-ad06-1755fad2cf23)
2020-02-29 22:43:05.052 15 RALLYDEBUG rally_openstack.cleanup.manager [-] Deleting neutron.port object s_rally_359c43fb_O8cB1jEi (d22ecd5d-c5b1-4084-ae90-8d2566e4b99a)
2020-02-29 22:43:05.088 15 RALLYDEBUG rally_openstack.cleanup.manager [-] Deleting neutron.port object s_rally_359c43fb_vnMxOVhG (d3d0c253-1af9-4a79-9fc7-2dae04243f4c)
2020-02-29 22:43:05.363 15 RALLYDEBUG rally_openstack.cleanup.manager [-] Deleting neutron.port object s_rally_359c43fb_AFxsQydO (d470f36a-c779-4fca-ab38-72709850cd4b)
2020-02-29 22:43:05.452 15 RALLYDEBUG rally_openstack.cleanup.manager [-] Deleting neutron.port object s_rally_359c43fb_975hZVcr (d666eeb4-8593-4ef8-b9ba-235a1c6075ae)
2020-02-29 22:43:05.595 15 RALLYDEBUG rally_openstack.cleanup.manager [-] Deleting neutron.port object s_rally_359c43fb_0mnTZgZq (d67b3f29-de37-41c4-8fdc-e003232380d8)
2020-02-29 22:43:05.651 15 RALLYDEBUG rally_openstack.cleanup.manager [-] Deleting neutron.port object s_rally_359c43fb_yAzxXE1c (d76aaf1d-9a64-4bf6-8b2a-2cc4ac815659)
2020-02-29 22:43:05.766 15 RALLYDEBUG rally_openstack.cleanup.manager [-] Deleting neutron.port object s_rally_359c43fb_NW9OCqyo (d78caac7-4139-45f0-8814-a22d09f6b318)
2020-02-29 22:43:05.788 15 RALLYDEBUG rally_openstack.cleanup.manager [-] Deleting neutron.port object s_rally_359c43fb_GGRzOdDl (d801b6d6-bfc4-4d07-bfa2-7f085a6ac153)
2020-02-29 22:43:05.967 15 RALLYDEBUG rally_openstack.cleanup.manager [-] Deleting neutron.port object s_rally_359c43fb_SoDhi7v7 (d86e0168-7c43-4a98-97a7-78242f0c3274)
2020-02-29 22:43:05.978 15 RALLYDEBUG rally_openstack.cleanup.manager [-] Deleting neutron.port object s_rally_359c43fb_Qvg5rydC (d9d244b6-f497-45fc-b6f8-a42699304cd5)
2020-02-29 22:43:05.982 15 RALLYDEBUG rally_openstack.cleanup.manager [-] Deleting neutron.port object s_rally_359c43fb_avfplJdV (d8ee5960-dffc-4c53-9a10-b4456823e141)
2020-02-29 22:43:05.994 15 RALLYDEBUG rally_openstack.cleanup.manager [-] Deleting neutron.port object s_rally_359c43fb_LgdeAV5t (dad2ebbb-07e2-477d-9ade-a4bb18a68f8f)
2020-02-29 22:43:06.503 15 RALLYDEBUG rally_openstack.cleanup.manager [-] Deleting neutron.port object s_rally_359c43fb_QDF0CwbW (daf1a86e-ce3b-4539-8c05-c9a47e18aa27)
2020-02-29 22:43:06.629 15 RALLYDEBUG rally_openstack.cleanup.manager [-] Deleting neutron.port object s_rally_359c43fb_CouaZVDU (db6a1465-2f63-4869-a7e0-f67af28b9971)
2020-02-29 22:43:06.640 15 RALLYDEBUG rally_openstack.cleanup.manager [-] Deleting neutron.port object s_rally_359c43fb_dw3moNoc (dbebdb31-48f0-4ccf-adb2-5da8b1568720)
2020-02-29 22:43:06.647 15 RALLYDEBUG rally_openstack.cleanup.manager [-] Deleting neutron.port object s_rally_359c43fb_FKy7xRIR (dc9069bb-b73d-47d4-a08f-ea392852a0ef)
2020-02-29 22:43:06.733 15 RALLYDEBUG rally_openstack.cleanup.manager [-] Deleting neutron.port object s_rally_359c43fb_JnXFHRXq (dcdbe3c9-d069-4a11-b396-d18695073984)
2020-02-29 22:43:06.743 15 RALLYDEBUG rally_openstack.cleanup.manager [-] Deleting neutron.port object s_rally_359c43fb_q069jScv (dceab111-df3f-48d4-b583-bf689e44f3e2)
2020-02-29 22:43:06.774 15 RALLYDEBUG rally_openstack.cleanup.manager [-] Deleting neutron.port object s_rally_359c43fb_uhIngOKT (dcec6625-df49-41e6-a958-9b7c9c3b52b5)
2020-02-29 22:43:07.024 15 RALLYDEBUG rally_openstack.cleanup.manager [-] Deleting neutron.port object s_rally_359c43fb_l5KNHX2g (de4c98d2-96e2-4c10-be71-ee44a46144f8)
2020-02-29 22:43:07.126 15 RALLYDEBUG rally_openstack.cleanup.manager [-] Deleting neutron.port object s_rally_359c43fb_4CUCfEOr (df09f6ea-8232-4c77-bd01-9ce6ba233668)
2020-02-29 22:43:07.222 15 RALLYDEBUG rally_openstack.cleanup.manager [-] Deleting neutron.port object s_rally_359c43fb_VhjuLg1v (df25a8b9-5f0e-48da-9267-9829cdb6919b)
2020-02-29 22:43:07.331 15 RALLYDEBUG rally_openstack.cleanup.manager [-] Deleting neutron.port object s_rally_359c43fb_ZvVC8Dqu (e00c0c1f-d633-4f07-8d12-fc6242a6a94b)
2020-02-29 22:43:07.426 15 RALLYDEBUG rally_openstack.cleanup.manager [-] Deleting neutron.port object s_rally_359c43fb_DGAnurYL (e049dcad-569f-4fc0-bc0e-c300b7d8b35c)
2020-02-29 22:43:07.727 15 RALLYDEBUG rally_openstack.cleanup.manager [-] Deleting neutron.port object s_rally_359c43fb_AZy3FvSZ (e0fff4ed-c72a-460f-a6f3-3dd50e264a94)
2020-02-29 22:43:07.931 15 RALLYDEBUG rally_openstack.cleanup.manager [-] Deleting neutron.port object s_rally_359c43fb_gw1rWDXT (e1105c06-ff34-4a76-867a-331645133dfc)
2020-02-29 22:43:07.940 15 RALLYDEBUG rally_openstack.cleanup.manager [-] Deleting neutron.port object s_rally_359c43fb_uyqUOrgF (e2f835c4-43c4-420e-a7e0-44102c1a3850)
2020-02-29 22:43:08.053 15 RALLYDEBUG rally_openstack.cleanup.manager [-] Deleting neutron.port object s_rally_359c43fb_MSCQXvoz (e30041b2-43cb-444d-b574-f2ebbf92d367)
2020-02-29 22:43:08.149 15 RALLYDEBUG rally_openstack.cleanup.manager [-] Deleting neutron.port object s_rally_359c43fb_5CQPrxvE (e315e2ea-025f-413d-8de8-a0ebd6cf2d1d)
2020-02-29 22:43:08.168 15 RALLYDEBUG rally_openstack.cleanup.manager [-] Deleting neutron.port object s_rally_359c43fb_5JGb0Bmz (e397e8a3-9036-4cf6-afb1-176e46e04959)
2020-02-29 22:43:08.220 15 RALLYDEBUG rally_openstack.cleanup.manager [-] Deleting neutron.port object s_rally_359c43fb_EqfFhZUa (e4105441-d022-49fe-9112-867b51a97f24)
2020-02-29 22:43:08.326 15 RALLYDEBUG rally_openstack.cleanup.manager [-] Deleting neutron.port object s_rally_359c43fb_lCq0LW1j (e601247c-7276-48f9-9ad1-845e3a13d201)
2020-02-29 22:43:08.983 15 RALLYDEBUG rally_openstack.cleanup.manager [-] Deleting neutron.port object s_rally_359c43fb_kdm6NzLp (e660a3b3-c7e4-420c-aa12-cb3eb02b6c77)
2020-02-29 22:43:09.024 15 RALLYDEBUG rally_openstack.cleanup.manager [-] Deleting neutron.port object s_rally_359c43fb_d3YJ8Yjx (e7e89756-e283-4cee-9871-32be9850f6ec)
2020-02-29 22:43:09.147 15 RALLYDEBUG rally_openstack.cleanup.manager [-] Deleting neutron.port object s_rally_359c43fb_7vAL0kU1 (e810e29a-1085-4a0e-968a-0f7aa759ea73)
2020-02-29 22:43:09.152 15 RALLYDEBUG rally_openstack.cleanup.manager [-] Deleting neutron.port object s_rally_359c43fb_xtug3eag (e8402258-bbc1-420f-bc2f-d06deb33057b)
2020-02-29 22:43:09.299 15 RALLYDEBUG rally_openstack.cleanup.manager [-] Deleting neutron.port object s_rally_359c43fb_HEgAbqLE (e93a3050-3098-42cb-9b30-ef3ee192eeb6)
2020-02-29 22:43:09.320 15 RALLYDEBUG rally_openstack.cleanup.manager [-] Deleting neutron.port object s_rally_359c43fb_v8JdFbiu (ea24e14c-29ac-43bc-8abe-21d2e5c63746)
2020-02-29 22:43:09.328 15 RALLYDEBUG rally_openstack.cleanup.manager [-] Deleting neutron.port object s_rally_359c43fb_ejDCOM4S (ea8181c0-a8fd-4a91-a293-c13a19d29960)
2020-02-29 22:43:09.379 15 RALLYDEBUG rally_openstack.cleanup.manager [-] Deleting neutron.port object s_rally_359c43fb_CgyPkYEE (eba646a3-4491-4322-a186-b4cebb050c3b)
2020-02-29 22:43:09.448 15 RALLYDEBUG rally_openstack.cleanup.manager [-] Deleting neutron.port object s_rally_359c43fb_nMAWx4rq (ec12db33-2351-4257-a02c-6c978364e69b)
2020-02-29 22:43:09.450 15 RALLYDEBUG rally_openstack.cleanup.manager [-] Deleting neutron.port object s_rally_359c43fb_ohBHSlhs (ebfa1a21-7542-418b-b27c-091b2071d650)
2020-02-29 22:43:09.489 15 RALLYDEBUG rally_openstack.cleanup.manager [-] Deleting neutron.port object s_rally_359c43fb_skpplqBt (eca7eb9d-f418-4137-966f-433cd49f8f39)
2020-02-29 22:43:09.593 15 RALLYDEBUG rally_openstack.cleanup.manager [-] Deleting neutron.port object s_rally_359c43fb_k2L9lEs5 (ee76b3f6-4a21-4225-84b1-ad884b745ee4)
2020-02-29 22:43:09.782 15 RALLYDEBUG rally_openstack.cleanup.manager [-] Deleting neutron.port object s_rally_359c43fb_PmeODys7 (eef3606e-32c0-48d3-8d12-96d344045c56)
2020-02-29 22:43:09.805 15 RALLYDEBUG rally_openstack.cleanup.manager [-] Deleting neutron.port object s_rally_359c43fb_Pal84FfQ (ef2fecad-1b3f-4a36-a5aa-4d124ab97ae2)
2020-02-29 22:43:09.872 15 RALLYDEBUG rally_openstack.cleanup.manager [-] Deleting neutron.port object s_rally_359c43fb_ir9UlpKq (f0772b92-947d-4f94-904d-43258cf8977b)
2020-02-29 22:43:09.946 15 RALLYDEBUG rally_openstack.cleanup.manager [-] Deleting neutron.port object s_rally_359c43fb_FuY9ioHP (f07e6895-0509-4b9d-9953-e8c3f77d06d9)
2020-02-29 22:43:10.102 15 RALLYDEBUG rally_openstack.cleanup.manager [-] Deleting neutron.port object s_rally_359c43fb_O9VuI2mB (f0d95cdc-a1ac-4726-8280-92901d998120)
2020-02-29 22:43:10.458 15 RALLYDEBUG rally_openstack.cleanup.manager [-] Deleting neutron.port object s_rally_359c43fb_YqnfxmG6 (f18c1f92-99b2-4369-9221-4fb759f610cf)
2020-02-29 22:43:10.682 15 RALLYDEBUG rally_openstack.cleanup.manager [-] Deleting neutron.port object s_rally_359c43fb_I5rfFk2X (f1cc32d6-53fc-413e-81a4-eea9e463e3c9)
2020-02-29 22:43:10.794 15 RALLYDEBUG rally_openstack.cleanup.manager [-] Deleting neutron.port object s_rally_359c43fb_GbUMsOol (f1ef5e97-9b4e-425f-8666-b9ea8e8d1982)
2020-02-29 22:43:11.154 15 RALLYDEBUG rally_openstack.cleanup.manager [-] Deleting neutron.port object s_rally_359c43fb_QErHHRfQ (f24e0bde-981d-4148-82c2-f116eed1fafd)
2020-02-29 22:43:11.171 15 RALLYDEBUG rally_openstack.cleanup.manager [-] Deleting neutron.port object s_rally_359c43fb_ZGhT3NNq (f3a3efcb-9a3d-40df-bf22-97409f9f67c6)
2020-02-29 22:43:11.363 15 RALLYDEBUG rally_openstack.cleanup.manager [-] Deleting neutron.port object s_rally_359c43fb_F7HNoOXV (f3ecfa44-251c-4302-83a4-c211ce9b0fc5)
2020-02-29 22:43:11.440 15 RALLYDEBUG rally_openstack.cleanup.manager [-] Deleting neutron.port object s_rally_359c43fb_3RKsWwww (f46cd26e-7314-4dc7-984b-e2531176be17)
2020-02-29 22:43:11.491 15 RALLYDEBUG rally_openstack.cleanup.manager [-] Deleting neutron.port object s_rally_359c43fb_UavFrpqL (f47c52d8-26d6-444d-9b7f-9bff0a699b46)
2020-02-29 22:43:11.526 15 RALLYDEBUG rally_openstack.cleanup.manager [-] Deleting neutron.port object s_rally_359c43fb_zDyur4x6 (f4d4ad0a-a2df-49a2-a409-64f54ceb510e)
2020-02-29 22:43:11.552 15 RALLYDEBUG rally_openstack.cleanup.manager [-] Deleting neutron.port object s_rally_359c43fb_o1ssC5kW (f52d1b0b-d031-4f20-90c1-ddec146dd7e7)
2020-02-29 22:43:11.605 15 RALLYDEBUG rally_openstack.cleanup.manager [-] Deleting neutron.port object s_rally_359c43fb_iBUd4vdc (f635381c-f17a-4469-a23d-0afef438132e)
2020-02-29 22:43:11.662 15 RALLYDEBUG rally_openstack.cleanup.manager [-] Deleting neutron.port object s_rally_359c43fb_4zo8KvIQ (f63cf8ad-d7c8-4612-84ff-254a5c7a07f7)
2020-02-29 22:43:11.776 15 RALLYDEBUG rally_openstack.cleanup.manager [-] Deleting neutron.port object s_rally_359c43fb_9P7Zw2FL (f6e44920-b255-4e55-997b-54f77a64aa7f)
2020-02-29 22:43:11.818 15 RALLYDEBUG rally_openstack.cleanup.manager [-] Deleting neutron.port object s_rally_359c43fb_qFfRXJs8 (f8110b50-14bf-44b6-ab37-130ff648701d)
2020-02-29 22:43:11.879 15 RALLYDEBUG rally_openstack.cleanup.manager [-] Deleting neutron.port object s_rally_359c43fb_QWOPxvq4 (f887c372-474c-4da4-adb0-e15c8f9c6019)
2020-02-29 22:43:11.886 15 RALLYDEBUG rally_openstack.cleanup.manager [-] Deleting neutron.port object s_rally_359c43fb_kneWnh7W (f9215a58-dcdf-4012-941f-4b91b2d5f513)
2020-02-29 22:43:11.890 15 RALLYDEBUG rally_openstack.cleanup.manager [-] Deleting neutron.port object s_rally_359c43fb_Vzv97LsL (f92880eb-003c-4c8e-9db1-904498ed6911)
2020-02-29 22:43:11.933 15 RALLYDEBUG rally_openstack.cleanup.manager [-] Deleting neutron.port object s_rally_359c43fb_zeEP1RfH (f982d2d6-c725-4c10-99a0-f9ed4b54c3ef)
2020-02-29 22:43:12.105 15 RALLYDEBUG rally_openstack.cleanup.manager [-] Deleting neutron.port object s_rally_359c43fb_FJDfPF6m (f9f49c4d-6c5d-47fb-a91e-3300a565cf08)
2020-02-29 22:43:12.472 15 RALLYDEBUG rally_openstack.cleanup.manager [-] Deleting neutron.port object s_rally_359c43fb_sAXRrli0 (fb27ad9e-25fa-4b2a-a8d9-5855554156e0)
2020-02-29 22:43:12.491 15 RALLYDEBUG rally_openstack.cleanup.manager [-] Deleting neutron.port object s_rally_359c43fb_2WhxzmQP (fb29140a-bd04-46e6-8f97-28b341e4269e)
2020-02-29 22:43:12.656 15 RALLYDEBUG rally_openstack.cleanup.manager [-] Deleting neutron.port object s_rally_359c43fb_Q33K9ls1 (fb513d24-92b0-4c50-9b75-3412ca8dc6c3)
2020-02-29 22:43:13.156 15 RALLYDEBUG rally_openstack.cleanup.manager [-] Deleting neutron.port object s_rally_359c43fb_AgYXPSoH (fbb419a9-5d24-44dd-b68a-0d562b75cfa8)
2020-02-29 22:43:13.230 15 RALLYDEBUG rally_openstack.cleanup.manager [-] Deleting neutron.port object s_rally_359c43fb_Cg6u5k5f (fd766de2-899e-4dd7-8b4f-3a034943c0a7)
2020-02-29 22:43:13.367 15 RALLYDEBUG rally_openstack.cleanup.manager [-] Deleting neutron.port object s_rally_359c43fb_diXO8KaB (fd9e1f4b-426a-4ac3-900f-de82befea54f)
2020-02-29 22:43:13.372 15 RALLYDEBUG rally_openstack.cleanup.manager [-] Deleting neutron.port object s_rally_359c43fb_fB2oI9kC (fe43a962-7b8a-4ddb-92fd-f13911d11060)
2020-02-29 22:43:13.440 15 RALLYDEBUG rally_openstack.cleanup.manager [-] Deleting neutron.port object s_rally_359c43fb_1d3PAg8O (fea1d516-a6e7-45d9-9451-e9f904d7cfed)
2020-02-29 22:43:15.431 15 RALLYDEBUG rally_openstack.cleanup.manager [-] Cleaning up neutron subnet objects
2020-02-29 22:43:15.621 15 RALLYDEBUG rally_openstack.cleanup.manager [-] Cleaning up neutron network objects
2020-02-29 22:43:16.048 15 RALLYDEBUG rally_openstack.cleanup.manager [-] Deleting neutron.network object s_rally_359c43fb_5OSDbbGj (19706b9d-c050-4991-9079-3eaf4d1d2b8e)
2020-02-29 22:43:16.057 15 RALLYDEBUG rally_openstack.cleanup.manager [-] Deleting neutron.network object s_rally_359c43fb_8EHOM0Ik (235ccd69-0699-43f6-8959-c0174f5241e3)
2020-02-29 22:43:16.064 15 RALLYDEBUG rally_openstack.cleanup.manager [-] Deleting neutron.network object s_rally_359c43fb_2yruGcBA (33fd50e5-acfc-477e-92aa-054f8058b1ff)
2020-02-29 22:43:16.078 15 RALLYDEBUG rally_openstack.cleanup.manager [-] Deleting neutron.network object s_rally_359c43fb_aqdcmTg7 (5d77df8b-9cb2-4935-a054-17f2b5a9606d)
2020-02-29 22:43:16.086 15 RALLYDEBUG rally_openstack.cleanup.manager [-] Deleting neutron.network object s_rally_359c43fb_n5fLR1JC (83e33c46-3463-4e20-bd21-3e3b7c54a019)
2020-02-29 22:43:16.098 15 RALLYDEBUG rally_openstack.cleanup.manager [-] Deleting neutron.network object s_rally_359c43fb_CdNcN8UW (d2aa9dbd-a2f3-4cfa-a7b7-937e414275f0)
2020-02-29 22:43:16.108 15 RALLYDEBUG rally_openstack.cleanup.manager [-] Deleting neutron.network object s_rally_359c43fb_WKqatLMO (da0d7de3-18b8-4a7e-bb51-fe838e561f78)
2020-02-29 22:43:16.129 15 RALLYDEBUG rally_openstack.cleanup.manager [-] Deleting neutron.network object s_rally_359c43fb_AsGiRsmw (f96d3dce-34bf-4a8e-b2f7-76c9462e4a51)
2020-02-29 22:43:19.275 15 RALLYDEBUG rally_openstack.cleanup.manager [-] Cleaning up neutron router objects
2020-02-29 22:43:19.483 15 RALLYDEBUG rally_openstack.cleanup.manager [-] Cleaning up neutron security_group objects
2020-02-29 22:43:19.739 15 INFO rally.task.context [-] Task 217a691d-f344-4c4e-9b69-19b10833cbd8 | Context cleanup@openstack cleanup() finished in 51.48 sec
2020-02-29 22:43:19.739 15 INFO rally.task.context [-] Task 217a691d-f344-4c4e-9b69-19b10833cbd8 | Context quotas@openstack cleanup() started
2020-02-29 22:43:19.890 15 INFO rally.task.context [-] Task 217a691d-f344-4c4e-9b69-19b10833cbd8 | Context quotas@openstack cleanup() finished in 0.15 sec
2020-02-29 22:43:19.890 15 INFO rally.task.context [-] Task 217a691d-f344-4c4e-9b69-19b10833cbd8 | Context users@openstack cleanup() started
2020-02-29 22:43:21.300 15 INFO rally.task.context [-] Task 217a691d-f344-4c4e-9b69-19b10833cbd8 | Context users@openstack cleanup() finished in 1.41 sec
2020-02-29 22:43:22.999 15 INFO rally.task.engine [-] Load duration is: 156.926872
2020-02-29 22:43:22.999 15 INFO rally.task.engine [-] Full runner duration is: 156.978304
2020-02-29 22:43:23.000 15 INFO rally.task.engine [-] Full duration is: 211.368768
2020-02-29 22:43:23.070 15 INFO rally.task.engine [-] Running workload: position = 1 config = { "version": 2, "title": "A cropped version of a bigger task.", "description": "Auto-generated task from a single workload (uuid=80390fd0-af69-48c3-8506-058eccc7cad9)", "subtasks": [ { "title": "NeutronNetworks.create_and_update_ports", "description": "Create and update a given number of ports.", "scenario": { "NeutronNetworks.create_and_update_ports": { "network_create_args": {}, "port_create_args": {}, "ports_per_network": 5, "port_update_args": { "admin_state_up": false, "device_id": "dummy_id", "device_owner": "dummy_owner", "name": "_port_updated" } } }, "contexts": { "users": { "tenants": 1, "users_per_tenant": 1 }, "quotas": { "neutron": { "network": -1, "port": -1 } } }, "runner": { "constant": { "times": 40, "concurrency": 20 } }, "hooks": [], "sla": { "failure_rate": { "max": 0 } } } ] }
2020-02-29 22:43:23.091 15 RALLYDEBUG rally_openstack.contexts.keystone.users [-] Creating 1 tenants using 20 threads
2020-02-29 22:43:23.450 15 RALLYDEBUG rally_openstack.contexts.keystone.users [-] Creating 1 users using 20 threads
2020-02-29 22:43:24.016 15 INFO rally.task.context [-] Task 217a691d-f344-4c4e-9b69-19b10833cbd8 | Context users@openstack setup() finished in 0.93 sec
2020-02-29 22:43:24.413 15 INFO rally.task.context [-] Task 217a691d-f344-4c4e-9b69-19b10833cbd8 | Context quotas@openstack setup() finished in 0.40 sec
2020-02-29 22:43:24.414 15 INFO rally.task.context [-] Task 217a691d-f344-4c4e-9b69-19b10833cbd8 | Context cleanup@openstack setup() finished in 0.01 msec
2020-02-29 22:43:24.423 15 RALLYDEBUG rally.task.runner [-] Starting the constant runner (task UUID: 217a691d-f344-4c4e-9b69-19b10833cbd8). timeout: 0 concurrency: 20 concurrency_per_worker: 1 times: 40 concurrency_overhead: 0 processes_to_start: 20 max_cpu_used: 88
2020-02-29 22:43:24.438 4199 RALLYDEBUG rally.task.runner [-] Starting a worker. concurrency: 1 args: {"network_create_args": {}, "port_create_args": {}, "ports_per_network": 5, "port_update_args": {"admin_state_up": false, "device_id": "dummy_id", "device_owner": "dummy_owner", "name": "_port_updated"}} times: 40 method_name: run timeout: 0 duration: None cls:
2020-02-29 22:43:24.441 4200 RALLYDEBUG rally.task.runner [-] Starting a worker. concurrency: 1 args: {"network_create_args": {}, "port_create_args": {}, "ports_per_network": 5, "port_update_args": {"admin_state_up": false, "device_id": "dummy_id", "device_owner": "dummy_owner", "name": "_port_updated"}} times: 40 method_name: run timeout: 0 duration: None cls:
2020-02-29 22:43:24.444 4199 INFO rally.task.runner [-] Task 217a691d-f344-4c4e-9b69-19b10833cbd8 | ITER: 1 START
2020-02-29 22:43:24.444 4201 RALLYDEBUG rally.task.runner [-] Starting a worker. concurrency: 1 args: {"network_create_args": {}, "port_create_args": {}, "ports_per_network": 5, "port_update_args": {"admin_state_up": false, "device_id": "dummy_id", "device_owner": "dummy_owner", "name": "_port_updated"}} times: 40 method_name: run timeout: 0 duration: None cls:
2020-02-29 22:43:24.446 4199 WARNING rally_openstack.scenarios.neutron.utils [-] Running this scenario without either the 'network' or 'existing_network' context is deprecated
2020-02-29 22:43:24.447 4202 RALLYDEBUG rally.task.runner [-] Starting a worker. concurrency: 1 args: {"network_create_args": {}, "port_create_args": {}, "ports_per_network": 5, "port_update_args": {"admin_state_up": false, "device_id": "dummy_id", "device_owner": "dummy_owner", "name": "_port_updated"}} times: 40 method_name: run timeout: 0 duration: None cls:
2020-02-29 22:43:24.448 4200 INFO rally.task.runner [-] Task 217a691d-f344-4c4e-9b69-19b10833cbd8 | ITER: 2 START
2020-02-29 22:43:24.449 4200 WARNING rally_openstack.scenarios.neutron.utils [-] Running this scenario without either the 'network' or 'existing_network' context is deprecated
2020-02-29 22:43:24.451 4201 INFO rally.task.runner [-] Task 217a691d-f344-4c4e-9b69-19b10833cbd8 | ITER: 3 START
2020-02-29 22:43:24.452 4201 WARNING rally_openstack.scenarios.neutron.utils [-] Running this scenario without either the 'network' or 'existing_network' context is deprecated
2020-02-29 22:43:24.453 4202 INFO rally.task.runner [-] Task 217a691d-f344-4c4e-9b69-19b10833cbd8 | ITER: 4 START
2020-02-29 22:43:24.453 4203 RALLYDEBUG rally.task.runner [-] Starting a worker. concurrency: 1 args: {"network_create_args": {}, "port_create_args": {}, "ports_per_network": 5, "port_update_args": {"admin_state_up": false, "device_id": "dummy_id", "device_owner": "dummy_owner", "name": "_port_updated"}} times: 40 method_name: run timeout: 0 duration: None cls:
2020-02-29 22:43:24.454 4206 RALLYDEBUG rally.task.runner [-] Starting a worker. concurrency: 1 args: {"network_create_args": {}, "port_create_args": {}, "ports_per_network": 5, "port_update_args": {"admin_state_up": false, "device_id": "dummy_id", "device_owner": "dummy_owner", "name": "_port_updated"}} times: 40 method_name: run timeout: 0 duration: None cls:
2020-02-29 22:43:24.455 4202 WARNING rally_openstack.scenarios.neutron.utils [-] Running this scenario without either the 'network' or 'existing_network' context is deprecated
2020-02-29 22:43:24.457 4210 RALLYDEBUG rally.task.runner [-] Starting a worker. concurrency: 1 args: {"network_create_args": {}, "port_create_args": {}, "ports_per_network": 5, "port_update_args": {"admin_state_up": false, "device_id": "dummy_id", "device_owner": "dummy_owner", "name": "_port_updated"}} times: 40 method_name: run timeout: 0 duration: None cls:
2020-02-29 22:43:24.460 4203 INFO rally.task.runner [-] Task 217a691d-f344-4c4e-9b69-19b10833cbd8 | ITER: 5 START
2020-02-29 22:43:24.460 4206 INFO rally.task.runner [-] Task 217a691d-f344-4c4e-9b69-19b10833cbd8 | ITER: 6 START
2020-02-29 22:43:24.460 4213 RALLYDEBUG rally.task.runner [-] Starting a worker. concurrency: 1 args: {"network_create_args": {}, "port_create_args": {}, "ports_per_network": 5, "port_update_args": {"admin_state_up": false, "device_id": "dummy_id", "device_owner": "dummy_owner", "name": "_port_updated"}} times: 40 method_name: run timeout: 0 duration: None cls:
2020-02-29 22:43:24.461 4203 WARNING rally_openstack.scenarios.neutron.utils [-] Running this scenario without either the 'network' or 'existing_network' context is deprecated
2020-02-29 22:43:24.461 4206 WARNING rally_openstack.scenarios.neutron.utils [-] Running this scenario without either the 'network' or 'existing_network' context is deprecated
2020-02-29 22:43:24.462 4215 RALLYDEBUG rally.task.runner [-] Starting a worker. concurrency: 1 args: {"network_create_args": {}, "port_create_args": {}, "ports_per_network": 5, "port_update_args": {"admin_state_up": false, "device_id": "dummy_id", "device_owner": "dummy_owner", "name": "_port_updated"}} times: 40 method_name: run timeout: 0 duration: None cls:
2020-02-29 22:43:24.467 4213 INFO rally.task.runner [-] Task 217a691d-f344-4c4e-9b69-19b10833cbd8 | ITER: 8 START
2020-02-29 22:43:24.467 4210 INFO rally.task.runner [-] Task 217a691d-f344-4c4e-9b69-19b10833cbd8 | ITER: 7 START
2020-02-29 22:43:24.466 4218 RALLYDEBUG rally.task.runner [-] Starting a worker. concurrency: 1 args: {"network_create_args": {}, "port_create_args": {}, "ports_per_network": 5, "port_update_args": {"admin_state_up": false, "device_id": "dummy_id", "device_owner": "dummy_owner", "name": "_port_updated"}} times: 40 method_name: run timeout: 0 duration: None cls:
2020-02-29 22:43:24.468 4213 WARNING rally_openstack.scenarios.neutron.utils [-] Running this scenario without either the 'network' or 'existing_network' context is deprecated
2020-02-29 22:43:24.468 4210 WARNING rally_openstack.scenarios.neutron.utils [-] Running this scenario without either the 'network' or 'existing_network' context is deprecated
2020-02-29 22:43:24.468 4215 INFO rally.task.runner [-] Task 217a691d-f344-4c4e-9b69-19b10833cbd8 | ITER: 9 START
2020-02-29 22:43:24.469 4215 WARNING rally_openstack.scenarios.neutron.utils [-] Running this scenario without either the 'network' or 'existing_network' context is deprecated
2020-02-29 22:43:24.469 4222 RALLYDEBUG rally.task.runner [-] Starting a worker. concurrency: 1 args: {"network_create_args": {}, "port_create_args": {}, "ports_per_network": 5, "port_update_args": {"admin_state_up": false, "device_id": "dummy_id", "device_owner": "dummy_owner", "name": "_port_updated"}} times: 40 method_name: run timeout: 0 duration: None cls:
2020-02-29 22:43:24.473 4218 INFO rally.task.runner [-] Task 217a691d-f344-4c4e-9b69-19b10833cbd8 | ITER: 10 START
2020-02-29 22:43:24.472 4226 RALLYDEBUG rally.task.runner [-] Starting a worker. concurrency: 1 args: {"network_create_args": {}, "port_create_args": {}, "ports_per_network": 5, "port_update_args": {"admin_state_up": false, "device_id": "dummy_id", "device_owner": "dummy_owner", "name": "_port_updated"}} times: 40 method_name: run timeout: 0 duration: None cls:
2020-02-29 22:43:24.474 4218 WARNING rally_openstack.scenarios.neutron.utils [-] Running this scenario without either the 'network' or 'existing_network' context is deprecated
2020-02-29 22:43:24.476 4229 RALLYDEBUG rally.task.runner [-] Starting a worker. concurrency: 1 args: {"network_create_args": {}, "port_create_args": {}, "ports_per_network": 5, "port_update_args": {"admin_state_up": false, "device_id": "dummy_id", "device_owner": "dummy_owner", "name": "_port_updated"}} times: 40 method_name: run timeout: 0 duration: None cls:
2020-02-29 22:43:24.478 4226 INFO rally.task.runner [-] Task 217a691d-f344-4c4e-9b69-19b10833cbd8 | ITER: 12 START
2020-02-29 22:43:24.479 4226 WARNING rally_openstack.scenarios.neutron.utils [-] Running this scenario without either the 'network' or 'existing_network' context is deprecated
2020-02-29 22:43:24.479 4222 INFO rally.task.runner [-] Task 217a691d-f344-4c4e-9b69-19b10833cbd8 | ITER: 11 START
2020-02-29 22:43:24.479 4232 RALLYDEBUG rally.task.runner [-] Starting a worker. concurrency: 1 args: {"network_create_args": {}, "port_create_args": {}, "ports_per_network": 5, "port_update_args": {"admin_state_up": false, "device_id": "dummy_id", "device_owner": "dummy_owner", "name": "_port_updated"}} times: 40 method_name: run timeout: 0 duration: None cls:
2020-02-29 22:43:24.481 4222 WARNING rally_openstack.scenarios.neutron.utils [-] Running this scenario without either the 'network' or 'existing_network' context is deprecated
2020-02-29 22:43:24.482 4229 INFO rally.task.runner [-] Task 217a691d-f344-4c4e-9b69-19b10833cbd8 | ITER: 13 START
2020-02-29 22:43:24.482 4229 WARNING rally_openstack.scenarios.neutron.utils [-] Running this scenario without either the 'network' or 'existing_network' context is deprecated
2020-02-29 22:43:24.483 4235 RALLYDEBUG rally.task.runner [-] Starting a worker. concurrency: 1 args: {"network_create_args": {}, "port_create_args": {}, "ports_per_network": 5, "port_update_args": {"admin_state_up": false, "device_id": "dummy_id", "device_owner": "dummy_owner", "name": "_port_updated"}} times: 40 method_name: run timeout: 0 duration: None cls:
2020-02-29 22:43:24.486 4232 INFO rally.task.runner [-] Task 217a691d-f344-4c4e-9b69-19b10833cbd8 | ITER: 14 START
2020-02-29 22:43:24.487 4232 WARNING rally_openstack.scenarios.neutron.utils [-] Running this scenario without either the 'network' or 'existing_network' context is deprecated
2020-02-29 22:43:24.486 4238 RALLYDEBUG rally.task.runner [-] Starting a worker. concurrency: 1 args: {"network_create_args": {}, "port_create_args": {}, "ports_per_network": 5, "port_update_args": {"admin_state_up": false, "device_id": "dummy_id", "device_owner": "dummy_owner", "name": "_port_updated"}} times: 40 method_name: run timeout: 0 duration: None cls:
2020-02-29 22:43:24.487 4241 RALLYDEBUG rally.task.runner [-] Starting a worker. concurrency: 1 args: {"network_create_args": {}, "port_create_args": {}, "ports_per_network": 5, "port_update_args": {"admin_state_up": false, "device_id": "dummy_id", "device_owner": "dummy_owner", "name": "_port_updated"}} times: 40 method_name: run timeout: 0 duration: None cls:
2020-02-29 22:43:24.489 4235 INFO rally.task.runner [-] Task 217a691d-f344-4c4e-9b69-19b10833cbd8 | ITER: 15 START
2020-02-29 22:43:24.490 4235 WARNING rally_openstack.scenarios.neutron.utils [-] Running this scenario without either the 'network' or 'existing_network' context is deprecated
2020-02-29 22:43:24.491 4243 RALLYDEBUG rally.task.runner [-] Starting a worker. concurrency: 1 args: {"network_create_args": {}, "port_create_args": {}, "ports_per_network": 5, "port_update_args": {"admin_state_up": false, "device_id": "dummy_id", "device_owner": "dummy_owner", "name": "_port_updated"}} times: 40 method_name: run timeout: 0 duration: None cls:
2020-02-29 22:43:24.493 4241 INFO rally.task.runner [-] Task 217a691d-f344-4c4e-9b69-19b10833cbd8 | ITER: 17 START
2020-02-29 22:43:24.493 4238 INFO rally.task.runner [-] Task 217a691d-f344-4c4e-9b69-19b10833cbd8 | ITER: 16 START
2020-02-29 22:43:24.494 4241 WARNING rally_openstack.scenarios.neutron.utils [-] Running this scenario without either the 'network' or 'existing_network' context is deprecated
2020-02-29 22:43:24.493 4245 RALLYDEBUG rally.task.runner [-] Starting a worker. concurrency: 1 args: {"network_create_args": {}, "port_create_args": {}, "ports_per_network": 5, "port_update_args": {"admin_state_up": false, "device_id": "dummy_id", "device_owner": "dummy_owner", "name": "_port_updated"}} times: 40 method_name: run timeout: 0 duration: None cls:
2020-02-29 22:43:24.494 4238 WARNING rally_openstack.scenarios.neutron.utils [-] Running this scenario without either the 'network' or 'existing_network' context is deprecated
2020-02-29 22:43:24.497 4243 INFO rally.task.runner [-] Task 217a691d-f344-4c4e-9b69-19b10833cbd8 | ITER: 18 START
2020-02-29 22:43:24.497 4248 RALLYDEBUG rally.task.runner [-] Starting a worker. concurrency: 1 args: {"network_create_args": {}, "port_create_args": {}, "ports_per_network": 5, "port_update_args": {"admin_state_up": false, "device_id": "dummy_id", "device_owner": "dummy_owner", "name": "_port_updated"}} times: 40 method_name: run timeout: 0 duration: None cls:
2020-02-29 22:43:24.498 4243 WARNING rally_openstack.scenarios.neutron.utils [-] Running this scenario without either the 'network' or 'existing_network' context is deprecated
2020-02-29 22:43:24.499 4245 INFO rally.task.runner [-] Task 217a691d-f344-4c4e-9b69-19b10833cbd8 | ITER: 19 START
2020-02-29 22:43:24.500 4245 WARNING rally_openstack.scenarios.neutron.utils [-] Running this scenario without either the 'network' or 'existing_network' context is deprecated
2020-02-29 22:43:24.503 4248 INFO rally.task.runner [-] Task 217a691d-f344-4c4e-9b69-19b10833cbd8 | ITER: 20 START
2020-02-29 22:43:24.504 4248 WARNING rally_openstack.scenarios.neutron.utils [-] Running this scenario without either the 'network' or 'existing_network' context is deprecated
2020-02-29 22:43:46.428 4218 INFO rally.task.runner [-] Task 217a691d-f344-4c4e-9b69-19b10833cbd8 | ITER: 10 END: OK
2020-02-29 22:43:46.433 4218 INFO rally.task.runner [-] Task 217a691d-f344-4c4e-9b69-19b10833cbd8 | ITER: 21 START
2020-02-29 22:43:46.434 4218 WARNING rally_openstack.scenarios.neutron.utils [-] Running this scenario without either the 'network' or 'existing_network' context is deprecated
2020-02-29 22:43:46.756 4248 INFO rally.task.runner [-] Task 217a691d-f344-4c4e-9b69-19b10833cbd8 | ITER: 20 END: OK
2020-02-29 22:43:46.761 4248 INFO rally.task.runner [-] Task 217a691d-f344-4c4e-9b69-19b10833cbd8 | ITER: 22 START
2020-02-29 22:43:46.762 4248 WARNING rally_openstack.scenarios.neutron.utils [-] Running this scenario without either the 'network' or 'existing_network' context is deprecated
2020-02-29 22:43:47.901 4199 INFO rally.task.runner [-] Task 217a691d-f344-4c4e-9b69-19b10833cbd8 | ITER: 1 END: OK
2020-02-29 22:43:47.906 4199 INFO rally.task.runner [-] Task 217a691d-f344-4c4e-9b69-19b10833cbd8 | ITER: 23 START
2020-02-29 22:43:47.907 4199 WARNING rally_openstack.scenarios.neutron.utils [-] Running this scenario without either the 'network' or 'existing_network' context is deprecated
2020-02-29 22:43:48.234 4206 INFO rally.task.runner [-] Task 217a691d-f344-4c4e-9b69-19b10833cbd8 | ITER: 6 END: OK
2020-02-29 22:43:48.239 4206 INFO rally.task.runner [-] Task 217a691d-f344-4c4e-9b69-19b10833cbd8 | ITER: 24 START
2020-02-29 22:43:48.240 4206 WARNING rally_openstack.scenarios.neutron.utils [-] Running this scenario without either the 'network' or 'existing_network' context is deprecated
2020-02-29 22:43:48.270 4238 INFO rally.task.runner [-] Task 217a691d-f344-4c4e-9b69-19b10833cbd8 | ITER: 16 END: OK
2020-02-29 22:43:48.276 4238 INFO rally.task.runner [-] Task 217a691d-f344-4c4e-9b69-19b10833cbd8 | ITER: 25 START
2020-02-29 22:43:48.276 4238 WARNING rally_openstack.scenarios.neutron.utils [-] Running this scenario without either the 'network' or 'existing_network' context is deprecated
2020-02-29 22:43:48.720 4203 INFO rally.task.runner [-] Task 217a691d-f344-4c4e-9b69-19b10833cbd8 | ITER: 5 END: OK
2020-02-29 22:43:48.725 4203 INFO rally.task.runner [-] Task 217a691d-f344-4c4e-9b69-19b10833cbd8 | ITER: 26 START
2020-02-29 22:43:48.726 4203 WARNING rally_openstack.scenarios.neutron.utils [-] Running this scenario without either the 'network' or 'existing_network' context is deprecated
2020-02-29 22:43:49.063 4201 INFO rally.task.runner [-] Task 217a691d-f344-4c4e-9b69-19b10833cbd8 | ITER: 3 END: OK
2020-02-29 22:43:49.068 4201 INFO rally.task.runner [-] Task 217a691d-f344-4c4e-9b69-19b10833cbd8 | ITER: 27 START
2020-02-29 22:43:49.069 4201 WARNING rally_openstack.scenarios.neutron.utils [-] Running this scenario without either the 'network' or 'existing_network' context is deprecated
2020-02-29 22:43:49.362 4245 INFO rally.task.runner [-] Task 217a691d-f344-4c4e-9b69-19b10833cbd8 | ITER: 19 END: OK
2020-02-29 22:43:49.367 4245 INFO rally.task.runner [-] Task 217a691d-f344-4c4e-9b69-19b10833cbd8 | ITER: 28 START
2020-02-29 22:43:49.367 4245 WARNING rally_openstack.scenarios.neutron.utils [-] Running this scenario without either the 'network' or 'existing_network' context is deprecated
2020-02-29 22:43:50.468 4235 INFO rally.task.runner [-] Task 217a691d-f344-4c4e-9b69-19b10833cbd8 | ITER: 15 END: OK
2020-02-29 22:43:50.473 4235 INFO rally.task.runner [-] Task 217a691d-f344-4c4e-9b69-19b10833cbd8 | ITER: 29 START
2020-02-29 22:43:50.474 4235 WARNING rally_openstack.scenarios.neutron.utils [-] Running this scenario without either the 'network' or 'existing_network' context is deprecated
2020-02-29 22:43:50.530 4232 INFO rally.task.runner [-] Task 217a691d-f344-4c4e-9b69-19b10833cbd8 | ITER: 14 END: OK
2020-02-29 22:43:50.535 4232 INFO rally.task.runner [-] Task 217a691d-f344-4c4e-9b69-19b10833cbd8 | ITER: 30 START
2020-02-29 22:43:50.535 4232 WARNING rally_openstack.scenarios.neutron.utils [-] Running this scenario without either the 'network' or 'existing_network' context is deprecated
2020-02-29 22:43:50.977 4222 INFO rally.task.runner [-] Task 217a691d-f344-4c4e-9b69-19b10833cbd8 | ITER: 11 END: OK
2020-02-29 22:43:50.983 4222 INFO rally.task.runner [-] Task 217a691d-f344-4c4e-9b69-19b10833cbd8 | ITER: 31 START
2020-02-29 22:43:50.983 4222 WARNING rally_openstack.scenarios.neutron.utils [-] Running this scenario without either the 'network' or 'existing_network' context is deprecated
2020-02-29 22:43:52.302 4226 INFO rally.task.runner [-] Task 217a691d-f344-4c4e-9b69-19b10833cbd8 | ITER: 12 END: OK
2020-02-29 22:43:52.312 4226 INFO rally.task.runner [-] Task 217a691d-f344-4c4e-9b69-19b10833cbd8 | ITER: 32 START
2020-02-29 22:43:52.313 4226 WARNING rally_openstack.scenarios.neutron.utils [-] Running this scenario without either the 'network' or 'existing_network' context is deprecated
2020-02-29 22:43:52.328 4213 INFO rally.task.runner [-] Task 217a691d-f344-4c4e-9b69-19b10833cbd8 | ITER: 8 END: OK
2020-02-29 22:43:52.336 4213 INFO rally.task.runner [-] Task 217a691d-f344-4c4e-9b69-19b10833cbd8 | ITER: 33 START
2020-02-29 22:43:52.337 4213 WARNING rally_openstack.scenarios.neutron.utils [-] Running this scenario without either the 'network' or 'existing_network' context is deprecated
2020-02-29 22:43:52.433 4210 INFO rally.task.runner [-] Task 217a691d-f344-4c4e-9b69-19b10833cbd8 | ITER: 7 END: OK
2020-02-29 22:43:52.441 4210 INFO rally.task.runner [-] Task 217a691d-f344-4c4e-9b69-19b10833cbd8 | ITER: 34 START
2020-02-29 22:43:52.442 4210 WARNING rally_openstack.scenarios.neutron.utils [-] Running this scenario without either the 'network' or 'existing_network' context is deprecated
2020-02-29 22:43:52.660 4229 INFO rally.task.runner [-] Task 217a691d-f344-4c4e-9b69-19b10833cbd8 | ITER: 13 END: OK
2020-02-29 22:43:52.663 4241 INFO rally.task.runner [-] Task 217a691d-f344-4c4e-9b69-19b10833cbd8 | ITER: 17 END: OK
2020-02-29 22:43:52.669 4229 INFO rally.task.runner [-] Task 217a691d-f344-4c4e-9b69-19b10833cbd8 | ITER: 35 START
2020-02-29 22:43:52.670 4229 WARNING rally_openstack.scenarios.neutron.utils [-] Running this scenario without either the 'network' or 'existing_network' context is deprecated
2020-02-29 22:43:52.672 4241 INFO rally.task.runner [-] Task 217a691d-f344-4c4e-9b69-19b10833cbd8 | ITER: 36 START
2020-02-29 22:43:52.673 4241 WARNING rally_openstack.scenarios.neutron.utils [-] Running this scenario without either the 'network' or 'existing_network' context is deprecated
2020-02-29 22:43:52.962 4215 INFO rally.task.runner [-] Task 217a691d-f344-4c4e-9b69-19b10833cbd8 | ITER: 9 END: OK
2020-02-29 22:43:52.970 4215 INFO rally.task.runner [-] Task 217a691d-f344-4c4e-9b69-19b10833cbd8 | ITER: 37 START
2020-02-29 22:43:52.972 4215 WARNING rally_openstack.scenarios.neutron.utils [-] Running this scenario without either the 'network' or 'existing_network' context is deprecated
2020-02-29 22:43:52.993 4200 INFO rally.task.runner [-] Task 217a691d-f344-4c4e-9b69-19b10833cbd8 | ITER: 2 END: OK
2020-02-29 22:43:53.002 4200 INFO rally.task.runner [-] Task 217a691d-f344-4c4e-9b69-19b10833cbd8 | ITER: 38 START
2020-02-29 22:43:53.002 4200 WARNING rally_openstack.scenarios.neutron.utils [-] Running this scenario without either the 'network' or 'existing_network' context is deprecated
2020-02-29 22:43:57.563 4243 INFO rally.task.runner [-] Task 217a691d-f344-4c4e-9b69-19b10833cbd8 | ITER: 18 END: OK
2020-02-29 22:43:57.567 4202 INFO rally.task.runner [-] Task 217a691d-f344-4c4e-9b69-19b10833cbd8 | ITER: 4 END: OK
2020-02-29 22:43:57.572 4243 INFO rally.task.runner [-] Task 217a691d-f344-4c4e-9b69-19b10833cbd8 | ITER: 39 START
2020-02-29 22:43:57.573 4243 WARNING rally_openstack.scenarios.neutron.utils [-] Running this scenario without either the 'network' or 'existing_network' context is deprecated
2020-02-29 22:43:57.575 4202 INFO rally.task.runner [-] Task 217a691d-f344-4c4e-9b69-19b10833cbd8 | ITER: 40 START
2020-02-29 22:43:57.576 4202 WARNING rally_openstack.scenarios.neutron.utils [-] Running this scenario without either the 'network' or 'existing_network' context is deprecated
2020-02-29 22:44:16.478 4218 INFO rally.task.runner [-] Task 217a691d-f344-4c4e-9b69-19b10833cbd8 | ITER: 21 END: OK
2020-02-29 22:44:17.561 4201 INFO rally.task.runner [-] Task 217a691d-f344-4c4e-9b69-19b10833cbd8 | ITER: 27 END: OK
2020-02-29 22:44:18.332 4248 INFO rally.task.runner [-] Task 217a691d-f344-4c4e-9b69-19b10833cbd8 | ITER: 22 END: OK
2020-02-29 22:44:18.339 4238 INFO rally.task.runner [-] Task 217a691d-f344-4c4e-9b69-19b10833cbd8 | ITER: 25 END: OK
2020-02-29 22:44:19.480 4199 INFO rally.task.runner [-] Task 217a691d-f344-4c4e-9b69-19b10833cbd8 | ITER: 23 END: OK
2020-02-29 22:44:20.005 4206 INFO rally.task.runner [-] Task 217a691d-f344-4c4e-9b69-19b10833cbd8 | ITER: 24 END: OK
2020-02-29 22:44:21.318 4232 INFO rally.task.runner [-] Task 217a691d-f344-4c4e-9b69-19b10833cbd8 | ITER: 30 END: OK
2020-02-29 22:44:23.017 4245 INFO rally.task.runner [-] Task 217a691d-f344-4c4e-9b69-19b10833cbd8 | ITER: 28 END: OK
2020-02-29 22:44:23.390 4210 INFO rally.task.runner [-] Task 217a691d-f344-4c4e-9b69-19b10833cbd8 | ITER: 34 END: OK
2020-02-29 22:44:23.984 4222 INFO rally.task.runner [-] Task 217a691d-f344-4c4e-9b69-19b10833cbd8 | ITER: 31 END: OK
2020-02-29 22:44:24.581 4229 INFO rally.task.runner [-] Task 217a691d-f344-4c4e-9b69-19b10833cbd8 | ITER: 35 END: OK
2020-02-29 22:44:24.839 4226 INFO rally.task.runner [-] Task 217a691d-f344-4c4e-9b69-19b10833cbd8 | ITER: 32 END: OK
2020-02-29 22:44:24.863 4241 INFO rally.task.runner [-] Task 217a691d-f344-4c4e-9b69-19b10833cbd8 | ITER: 36 END: OK
2020-02-29 22:44:25.785 4235 INFO rally.task.runner [-] Task 217a691d-f344-4c4e-9b69-19b10833cbd8 | ITER: 29 END: OK
2020-02-29 22:44:25.802 4203 INFO rally.task.runner [-] Task 217a691d-f344-4c4e-9b69-19b10833cbd8 | ITER: 26 END: OK
2020-02-29 22:44:25.862 4215 INFO rally.task.runner [-] Task 217a691d-f344-4c4e-9b69-19b10833cbd8 | ITER: 37 END: OK
2020-02-29 22:44:26.002 4202 INFO rally.task.runner [-] Task 217a691d-f344-4c4e-9b69-19b10833cbd8 | ITER: 40 END: OK
2020-02-29 22:44:26.179 4243 INFO rally.task.runner [-] Task 217a691d-f344-4c4e-9b69-19b10833cbd8 | ITER: 39 END: OK
2020-02-29 22:44:26.332 4200 INFO rally.task.runner [-] Task 217a691d-f344-4c4e-9b69-19b10833cbd8 | ITER: 38 END: OK
2020-02-29 22:44:26.929 4213 INFO rally.task.runner [-] Task 217a691d-f344-4c4e-9b69-19b10833cbd8 | ITER: 33 END: OK
2020-02-29 22:44:26.953 15 INFO rally.task.context [-] Task 217a691d-f344-4c4e-9b69-19b10833cbd8 | Context cleanup@openstack cleanup() started
2020-02-29 22:44:26.956 15 RALLYDEBUG rally_openstack.cleanup.manager [-] Cleaning up neutron vip objects
2020-02-29 22:44:27.141 15 RALLYDEBUG rally_openstack.cleanup.manager [-] Cleaning up neutron health_monitor objects
2020-02-29 22:44:27.303 15 RALLYDEBUG rally_openstack.cleanup.manager [-] Cleaning up neutron pool objects
2020-02-29 22:44:27.471 15 RALLYDEBUG rally_openstack.cleanup.manager [-] Cleaning up neutron loadbalancer objects
2020-02-29 22:44:27.626 15 RALLYDEBUG rally_openstack.cleanup.manager [-] Cleaning up neutron floatingip objects
2020-02-29 22:44:27.806 15 RALLYDEBUG rally_openstack.cleanup.manager [-] Cleaning up neutron trunk objects
2020-02-29 22:44:27.955 15 DEBUG neutronclient.v2_0.client [-] Error message: {"message": "The resource could not be found.

\n\n\n", "code": "404 Not Found", "title": "Not Found"} _handle_fault_response /usr/lib/python2.7/site-packages/neutronclient/v2_0/client.py:259
2020-02-29 22:44:27.965 15 RALLYDEBUG rally_openstack.cleanup.manager [-] Cleaning up neutron port objects
2020-02-29 22:44:29.360 15 RALLYDEBUG rally_openstack.cleanup.manager [-] Deleting neutron.port object s_rally_80390fd0_M3YqYcVq (00b08f4a-879f-49a1-93bf-66e4d2ff2403)
2020-02-29 22:44:29.360 15 RALLYDEBUG rally_openstack.cleanup.manager [-] Deleting neutron.port object s_rally_80390fd0_7KayDjd7 (01515fbd-aaa4-4fa0-8baf-03d1e36c21c0)
2020-02-29 22:44:29.361 15 RALLYDEBUG rally_openstack.cleanup.manager [-] Deleting neutron.port object s_rally_80390fd0_3X42gpQy (06cc2b04-1a3e-4e8c-ae8a-7bc625bbe61d)
2020-02-29 22:44:29.364 15 RALLYDEBUG rally_openstack.cleanup.manager [-] Deleting neutron.port object s_rally_80390fd0_I1Z6NJ3H (06fc1c33-4036-4bf3-9058-c3a91dff4552)
2020-02-29 22:44:29.365 15 RALLYDEBUG rally_openstack.cleanup.manager [-] Deleting neutron.port object s_rally_80390fd0_QE7xyIQe (004b763f-a456-4285-a25c-078219d411e3)
2020-02-29 22:44:29.375 15 RALLYDEBUG rally_openstack.cleanup.manager [-] Deleting neutron.port object s_rally_80390fd0_KtzEP7pn (09c89d85-d365-41c6-bf74-785928ef1a99)
2020-02-29 22:44:29.416 15 RALLYDEBUG rally_openstack.cleanup.manager [-] Deleting neutron.port object s_rally_80390fd0_PTYOIF2z (0c274219-e733-471b-86aa-27683b27a2cb)
2020-02-29 22:44:29.429 15 RALLYDEBUG rally_openstack.cleanup.manager [-] Deleting neutron.port object s_rally_80390fd0_4rFDvgeJ (0f3f1314-f5a7-4734-8b8e-76be8019b48b)
