2020-02-29 22:36:28.522 3479 INFO rally.task.runner [-] Task 217a691d-f344-4c4e-9b69-19b10833cbd8 | ITER: 5 START
2020-02-29 22:36:28.522 3486 RALLYDEBUG rally.task.runner [-] Starting a worker. concurrency: 1 args: {"network_create_args": {}, "subnet_create_args": {}, "subnet_cidr_start": "1.1.0.0/30", "subnets_per_network": 2, "router_create_args": {}} times: 40 method_name: run timeout: 0 duration: None cls:
2020-02-29 22:36:28.526 3482 INFO rally.task.runner [-] Task 217a691d-f344-4c4e-9b69-19b10833cbd8 | ITER: 6 START
2020-02-29 22:36:28.526 3490 RALLYDEBUG rally.task.runner [-] Starting a worker. concurrency: 1 args: {"network_create_args": {}, "subnet_create_args": {}, "subnet_cidr_start": "1.1.0.0/30", "subnets_per_network": 2, "router_create_args": {}} times: 40 method_name: run timeout: 0 duration: None cls:
2020-02-29 22:36:28.528 3492 RALLYDEBUG rally.task.runner [-] Starting a worker. concurrency: 1 args: {"network_create_args": {}, "subnet_create_args": {}, "subnet_cidr_start": "1.1.0.0/30", "subnets_per_network": 2, "router_create_args": {}} times: 40 method_name: run timeout: 0 duration: None cls:
2020-02-29 22:36:28.529 3486 INFO rally.task.runner [-] Task 217a691d-f344-4c4e-9b69-19b10833cbd8 | ITER: 7 START
2020-02-29 22:36:28.532 3490 INFO rally.task.runner [-] Task 217a691d-f344-4c4e-9b69-19b10833cbd8 | ITER: 8 START
2020-02-29 22:36:28.532 3495 RALLYDEBUG rally.task.runner [-] Starting a worker. concurrency: 1 args: {"network_create_args": {}, "subnet_create_args": {}, "subnet_cidr_start": "1.1.0.0/30", "subnets_per_network": 2, "router_create_args": {}} times: 40 method_name: run timeout: 0 duration: None cls:
2020-02-29 22:36:28.534 3492 INFO rally.task.runner [-] Task 217a691d-f344-4c4e-9b69-19b10833cbd8 | ITER: 9 START
2020-02-29 22:36:28.535 3498 RALLYDEBUG rally.task.runner [-] Starting a worker. concurrency: 1 args: {"network_create_args": {}, "subnet_create_args": {}, "subnet_cidr_start": "1.1.0.0/30", "subnets_per_network": 2, "router_create_args": {}} times: 40 method_name: run timeout: 0 duration: None cls:
2020-02-29 22:36:28.538 3495 INFO rally.task.runner [-] Task 217a691d-f344-4c4e-9b69-19b10833cbd8 | ITER: 10 START
2020-02-29 22:36:28.538 3501 RALLYDEBUG rally.task.runner [-] Starting a worker. concurrency: 1 args: {"network_create_args": {}, "subnet_create_args": {}, "subnet_cidr_start": "1.1.0.0/30", "subnets_per_network": 2, "router_create_args": {}} times: 40 method_name: run timeout: 0 duration: None cls:
2020-02-29 22:36:28.541 3498 INFO rally.task.runner [-] Task 217a691d-f344-4c4e-9b69-19b10833cbd8 | ITER: 11 START
2020-02-29 22:36:28.542 3505 RALLYDEBUG rally.task.runner [-] Starting a worker. concurrency: 1 args: {"network_create_args": {}, "subnet_create_args": {}, "subnet_cidr_start": "1.1.0.0/30", "subnets_per_network": 2, "router_create_args": {}} times: 40 method_name: run timeout: 0 duration: None cls:
2020-02-29 22:36:28.544 3501 INFO rally.task.runner [-] Task 217a691d-f344-4c4e-9b69-19b10833cbd8 | ITER: 12 START
2020-02-29 22:36:28.545 3508 RALLYDEBUG rally.task.runner [-] Starting a worker. concurrency: 1 args: {"network_create_args": {}, "subnet_create_args": {}, "subnet_cidr_start": "1.1.0.0/30", "subnets_per_network": 2, "router_create_args": {}} times: 40 method_name: run timeout: 0 duration: None cls:
2020-02-29 22:36:28.548 3505 INFO rally.task.runner [-] Task 217a691d-f344-4c4e-9b69-19b10833cbd8 | ITER: 13 START
2020-02-29 22:36:28.548 3511 RALLYDEBUG rally.task.runner [-] Starting a worker. concurrency: 1 args: {"network_create_args": {}, "subnet_create_args": {}, "subnet_cidr_start": "1.1.0.0/30", "subnets_per_network": 2, "router_create_args": {}} times: 40 method_name: run timeout: 0 duration: None cls:
2020-02-29 22:36:28.551 3514 RALLYDEBUG rally.task.runner [-] Starting a worker. concurrency: 1 args: {"network_create_args": {}, "subnet_create_args": {}, "subnet_cidr_start": "1.1.0.0/30", "subnets_per_network": 2, "router_create_args": {}} times: 40 method_name: run timeout: 0 duration: None cls:
2020-02-29 22:36:28.552 3508 INFO rally.task.runner [-] Task 217a691d-f344-4c4e-9b69-19b10833cbd8 | ITER: 14 START
2020-02-29 22:36:28.554 3516 RALLYDEBUG rally.task.runner [-] Starting a worker. concurrency: 1 args: {"network_create_args": {}, "subnet_create_args": {}, "subnet_cidr_start": "1.1.0.0/30", "subnets_per_network": 2, "router_create_args": {}} times: 40 method_name: run timeout: 0 duration: None cls:
2020-02-29 22:36:28.555 3511 INFO rally.task.runner [-] Task 217a691d-f344-4c4e-9b69-19b10833cbd8 | ITER: 15 START
2020-02-29 22:36:28.556 3514 INFO rally.task.runner [-] Task 217a691d-f344-4c4e-9b69-19b10833cbd8 | ITER: 16 START
2020-02-29 22:36:28.557 3518 RALLYDEBUG rally.task.runner [-] Starting a worker. concurrency: 1 args: {"network_create_args": {}, "subnet_create_args": {}, "subnet_cidr_start": "1.1.0.0/30", "subnets_per_network": 2, "router_create_args": {}} times: 40 method_name: run timeout: 0 duration: None cls:
2020-02-29 22:36:28.560 3516 INFO rally.task.runner [-] Task 217a691d-f344-4c4e-9b69-19b10833cbd8 | ITER: 17 START
2020-02-29 22:36:28.561 3521 RALLYDEBUG rally.task.runner [-] Starting a worker. concurrency: 1 args: {"network_create_args": {}, "subnet_create_args": {}, "subnet_cidr_start": "1.1.0.0/30", "subnets_per_network": 2, "router_create_args": {}} times: 40 method_name: run timeout: 0 duration: None cls:
2020-02-29 22:36:28.562 3518 INFO rally.task.runner [-] Task 217a691d-f344-4c4e-9b69-19b10833cbd8 | ITER: 18 START
2020-02-29 22:36:28.563 3526 RALLYDEBUG rally.task.runner [-] Starting a worker. concurrency: 1 args: {"network_create_args": {}, "subnet_create_args": {}, "subnet_cidr_start": "1.1.0.0/30", "subnets_per_network": 2, "router_create_args": {}} times: 40 method_name: run timeout: 0 duration: None cls:
2020-02-29 22:36:28.567 3521 INFO rally.task.runner [-] Task 217a691d-f344-4c4e-9b69-19b10833cbd8 | ITER: 19 START
2020-02-29 22:36:28.569 3526 INFO rally.task.runner [-] Task 217a691d-f344-4c4e-9b69-19b10833cbd8 | ITER: 20 START
2020-02-29 22:36:30.119 3498 RALLYDEBUG rally_openstack.wrappers.network [-] CIDR generated: 1.1.8.32/30
2020-02-29 22:36:30.367 3518 RALLYDEBUG rally_openstack.wrappers.network [-] CIDR generated: 1.1.8.36/30
2020-02-29 22:36:30.575 3477 RALLYDEBUG rally_openstack.wrappers.network [-] CIDR generated: 1.1.8.40/30
2020-02-29 22:36:30.583 3476 RALLYDEBUG rally_openstack.wrappers.network [-] CIDR generated: 1.1.8.44/30
2020-02-29 22:36:30.717 3526 RALLYDEBUG rally_openstack.wrappers.network [-] CIDR generated: 1.1.8.48/30
2020-02-29 22:36:30.892 3516 RALLYDEBUG rally_openstack.wrappers.network [-] CIDR generated: 1.1.8.52/30
2020-02-29 22:36:30.952 3495 RALLYDEBUG rally_openstack.wrappers.network [-] CIDR generated: 1.1.8.56/30
2020-02-29 22:36:31.374 3501 RALLYDEBUG rally_openstack.wrappers.network [-] CIDR generated: 1.1.8.60/30
2020-02-29 22:36:31.473 3486 RALLYDEBUG rally_openstack.wrappers.network [-] CIDR generated: 1.1.8.64/30
2020-02-29 22:36:31.859 3479 RALLYDEBUG rally_openstack.wrappers.network [-] CIDR generated: 1.1.8.68/30
2020-02-29 22:36:31.964 3505 RALLYDEBUG rally_openstack.wrappers.network [-] CIDR generated: 1.1.8.72/30
2020-02-29 22:36:32.120 3482 RALLYDEBUG rally_openstack.wrappers.network [-] CIDR generated: 1.1.8.76/30
2020-02-29 22:36:32.273 3475 RALLYDEBUG rally_openstack.wrappers.network [-] CIDR generated: 1.1.8.80/30
2020-02-29 22:36:32.289 3511 RALLYDEBUG rally_openstack.wrappers.network [-] CIDR generated: 1.1.8.84/30
2020-02-29 22:36:32.304 3508 RALLYDEBUG rally_openstack.wrappers.network [-] CIDR generated: 1.1.8.88/30
2020-02-29 22:36:32.320 3521 RALLYDEBUG rally_openstack.wrappers.network [-] CIDR generated: 1.1.8.92/30
2020-02-29 22:36:32.340 3478 RALLYDEBUG rally_openstack.wrappers.network [-] CIDR generated: 1.1.8.96/30
2020-02-29 22:36:32.519 3492 RALLYDEBUG rally_openstack.wrappers.network [-] CIDR generated: 1.1.8.100/30
2020-02-29 22:36:32.529 3514 RALLYDEBUG rally_openstack.wrappers.network [-] CIDR generated: 1.1.8.104/30
2020-02-29 22:36:32.568 3490 RALLYDEBUG rally_openstack.wrappers.network [-] CIDR generated: 1.1.8.108/30
2020-02-29 22:36:33.971 3518 RALLYDEBUG rally_openstack.wrappers.network [-] CIDR generated: 1.1.8.112/30
2020-02-29 22:36:34.138 3477 RALLYDEBUG rally_openstack.wrappers.network [-] CIDR generated: 1.1.8.116/30
2020-02-29 22:36:34.152 3498 RALLYDEBUG rally_openstack.wrappers.network [-] CIDR generated: 1.1.8.120/30
2020-02-29 22:36:34.205 3476 RALLYDEBUG rally_openstack.wrappers.network [-] CIDR generated: 1.1.8.124/30
2020-02-29 22:36:34.349 3501 RALLYDEBUG rally_openstack.wrappers.network [-] CIDR generated: 1.1.8.128/30
2020-02-29 22:36:34.400 3516 RALLYDEBUG rally_openstack.wrappers.network [-] CIDR generated: 1.1.8.132/30
2020-02-29 22:36:34.527 3479 RALLYDEBUG rally_openstack.wrappers.network [-] CIDR generated: 1.1.8.136/30
2020-02-29 22:36:35.024 3505 RALLYDEBUG rally_openstack.wrappers.network [-] CIDR generated: 1.1.8.140/30
2020-02-29 22:36:35.857 3475 RALLYDEBUG rally_openstack.wrappers.network [-] CIDR generated: 1.1.8.144/30
2020-02-29 22:36:38.059 3508 RALLYDEBUG rally_openstack.wrappers.network [-] CIDR generated: 1.1.8.148/30
2020-02-29 22:36:38.075 3521 RALLYDEBUG rally_openstack.wrappers.network [-] CIDR generated: 1.1.8.152/30
2020-02-29 22:36:38.096 3482 RALLYDEBUG rally_openstack.wrappers.network [-] CIDR generated: 1.1.8.156/30
2020-02-29 22:36:38.130 3495 RALLYDEBUG rally_openstack.wrappers.network [-] CIDR generated: 1.1.8.160/30
2020-02-29 22:36:39.659 3486 RALLYDEBUG rally_openstack.wrappers.network [-] CIDR generated: 1.1.8.164/30
2020-02-29 22:36:39.673 3526 RALLYDEBUG rally_openstack.wrappers.network [-] CIDR generated: 1.1.8.168/30
2020-02-29 22:36:39.714 3478 RALLYDEBUG rally_openstack.wrappers.network [-] CIDR generated: 1.1.8.172/30
2020-02-29 22:36:39.730 3490 RALLYDEBUG rally_openstack.wrappers.network [-] CIDR generated: 1.1.8.176/30
2020-02-29 22:36:39.868 3492 RALLYDEBUG rally_openstack.wrappers.network [-] CIDR generated: 1.1.8.180/30
2020-02-29 22:36:39.901 3511 RALLYDEBUG rally_openstack.wrappers.network [-] CIDR generated: 1.1.8.184/30
2020-02-29 22:36:39.918 3514 RALLYDEBUG rally_openstack.wrappers.network [-] CIDR generated: 1.1.8.188/30
2020-02-29 22:37:39.465 3505 INFO rally.task.runner [-] Task 217a691d-f344-4c4e-9b69-19b10833cbd8 | ITER: 13 END: OK
2020-02-29 22:37:39.473 3505 INFO rally.task.runner [-] Task 217a691d-f344-4c4e-9b69-19b10833cbd8 | ITER: 21 START
2020-02-29 22:37:40.840 3498 INFO rally.task.runner [-] Task 217a691d-f344-4c4e-9b69-19b10833cbd8 | ITER: 11 END: OK
2020-02-29 22:37:40.848 3498 INFO rally.task.runner [-] Task 217a691d-f344-4c4e-9b69-19b10833cbd8 | ITER: 22 START
2020-02-29 22:37:40.956 3505 RALLYDEBUG rally_openstack.wrappers.network [-] CIDR generated: 1.1.8.192/30
2020-02-29 22:37:41.159 3482 INFO rally.task.runner [-] Task 217a691d-f344-4c4e-9b69-19b10833cbd8 | ITER: 6 END: OK
2020-02-29 22:37:41.166 3482 INFO rally.task.runner [-] Task 217a691d-f344-4c4e-9b69-19b10833cbd8 | ITER: 23 START
2020-02-29 22:37:41.403 3501 INFO rally.task.runner [-] Task 217a691d-f344-4c4e-9b69-19b10833cbd8 | ITER: 12 END: OK
2020-02-29 22:37:41.410 3501 INFO rally.task.runner [-] Task 217a691d-f344-4c4e-9b69-19b10833cbd8 | ITER: 24 START
2020-02-29 22:37:41.455 3498 RALLYDEBUG rally_openstack.wrappers.network [-] CIDR generated: 1.1.8.196/30
2020-02-29 22:37:42.111 3482 RALLYDEBUG rally_openstack.wrappers.network [-] CIDR generated: 1.1.8.200/30
2020-02-29 22:37:42.190 3501 RALLYDEBUG rally_openstack.wrappers.network [-] CIDR generated: 1.1.8.204/30
2020-02-29 22:37:42.258 3505 RALLYDEBUG rally_openstack.wrappers.network [-] CIDR generated: 1.1.8.208/30
2020-02-29 22:37:42.537 3498 RALLYDEBUG rally_openstack.wrappers.network [-] CIDR generated: 1.1.8.212/30
2020-02-29 22:37:43.847 3482 RALLYDEBUG rally_openstack.wrappers.network [-] CIDR generated: 1.1.8.216/30
2020-02-29 22:37:43.873 3501 RALLYDEBUG rally_openstack.wrappers.network [-] CIDR generated: 1.1.8.220/30
2020-02-29 22:37:44.115 3518 INFO rally.task.runner [-] Task 217a691d-f344-4c4e-9b69-19b10833cbd8 | ITER: 18 END: OK
2020-02-29 22:37:44.122 3518 INFO rally.task.runner [-] Task 217a691d-f344-4c4e-9b69-19b10833cbd8 | ITER: 25 START
2020-02-29 22:37:44.702 3518 RALLYDEBUG rally_openstack.wrappers.network [-] CIDR generated: 1.1.8.224/30
2020-02-29 22:37:46.033 3518 RALLYDEBUG rally_openstack.wrappers.network [-] CIDR generated: 1.1.8.228/30
2020-02-29 22:37:46.365 3492 INFO rally.task.runner [-] Task 217a691d-f344-4c4e-9b69-19b10833cbd8 | ITER: 9 END: OK
2020-02-29 22:37:46.373 3492 INFO rally.task.runner [-] Task 217a691d-f344-4c4e-9b69-19b10833cbd8 | ITER: 26 START
2020-02-29 22:37:50.065 3492 RALLYDEBUG rally_openstack.wrappers.network [-] CIDR generated: 1.1.8.232/30
2020-02-29 22:37:50.364 3521 INFO rally.task.runner [-] Task 217a691d-f344-4c4e-9b69-19b10833cbd8 | ITER: 19 END: OK
2020-02-29 22:37:50.372 3521 INFO rally.task.runner [-] Task 217a691d-f344-4c4e-9b69-19b10833cbd8 | ITER: 27 START
2020-02-29 22:37:51.643 3521 RALLYDEBUG rally_openstack.wrappers.network [-] CIDR generated: 1.1.8.236/30
2020-02-29 22:37:52.053 3526 INFO rally.task.runner [-] Task 217a691d-f344-4c4e-9b69-19b10833cbd8 | ITER: 20 END: OK
2020-02-29 22:37:52.062 3526 INFO rally.task.runner [-] Task 217a691d-f344-4c4e-9b69-19b10833cbd8 | ITER: 28 START
2020-02-29 22:37:52.261 3477 INFO rally.task.runner [-] Task 217a691d-f344-4c4e-9b69-19b10833cbd8 | ITER: 3 END: OK
2020-02-29 22:37:52.268 3477 INFO rally.task.runner [-] Task 217a691d-f344-4c4e-9b69-19b10833cbd8 | ITER: 29 START
2020-02-29 22:37:52.273 3495 INFO rally.task.runner [-] Task 217a691d-f344-4c4e-9b69-19b10833cbd8 | ITER: 10 END: OK
2020-02-29 22:37:52.280 3495 INFO rally.task.runner [-] Task 217a691d-f344-4c4e-9b69-19b10833cbd8 | ITER: 30 START
2020-02-29 22:37:53.187 3495 RALLYDEBUG rally_openstack.wrappers.network [-] CIDR generated: 1.1.8.240/30
2020-02-29 22:37:53.391 3516 INFO rally.task.runner [-] Task 217a691d-f344-4c4e-9b69-19b10833cbd8 | ITER: 17 END: OK
2020-02-29 22:37:53.398 3516 INFO rally.task.runner [-] Task 217a691d-f344-4c4e-9b69-19b10833cbd8 | ITER: 31 START
2020-02-29 22:37:53.824 3477 RALLYDEBUG rally_openstack.wrappers.network [-] CIDR generated: 1.1.8.244/30
2020-02-29 22:37:53.826 3521 RALLYDEBUG rally_openstack.wrappers.network [-] CIDR generated: 1.1.8.248/30
2020-02-29 22:37:54.770 3516 RALLYDEBUG rally_openstack.wrappers.network [-] CIDR generated: 1.1.8.252/30
2020-02-29 22:37:55.807 3526 RALLYDEBUG rally_openstack.wrappers.network [-] CIDR generated: 1.1.9.0/30
2020-02-29 22:37:55.856 3492 RALLYDEBUG rally_openstack.wrappers.network [-] CIDR generated: 1.1.9.4/30
2020-02-29 22:37:56.281 3495 RALLYDEBUG rally_openstack.wrappers.network [-] CIDR generated: 1.1.9.8/30
2020-02-29 22:37:57.230 3477 RALLYDEBUG rally_openstack.wrappers.network [-] CIDR generated: 1.1.9.12/30
2020-02-29 22:37:57.553 3516 RALLYDEBUG rally_openstack.wrappers.network [-] CIDR generated: 1.1.9.16/30
2020-02-29 22:37:59.807 3490 INFO rally.task.runner [-] Task 217a691d-f344-4c4e-9b69-19b10833cbd8 | ITER: 8 END: OK
2020-02-29 22:37:59.815 3490 INFO rally.task.runner [-] Task 217a691d-f344-4c4e-9b69-19b10833cbd8 | ITER: 32 START
2020-02-29 22:38:00.147 3475 INFO rally.task.runner [-] Task 217a691d-f344-4c4e-9b69-19b10833cbd8 | ITER: 1 END: OK
2020-02-29 22:38:00.156 3475 INFO rally.task.runner [-] Task 217a691d-f344-4c4e-9b69-19b10833cbd8 | ITER: 33 START
2020-02-29 22:38:00.307 3490 RALLYDEBUG rally_openstack.wrappers.network [-] CIDR generated: 1.1.9.20/30
2020-02-29 22:38:00.395 3526 RALLYDEBUG rally_openstack.wrappers.network [-] CIDR generated: 1.1.9.24/30
2020-02-29 22:38:01.086 3479 INFO rally.task.runner [-] Task 217a691d-f344-4c4e-9b69-19b10833cbd8 | ITER: 5 END: OK
2020-02-29 22:38:01.096 3479 INFO rally.task.runner [-] Task 217a691d-f344-4c4e-9b69-19b10833cbd8 | ITER: 34 START
2020-02-29 22:38:01.176 3475 RALLYDEBUG rally_openstack.wrappers.network [-] CIDR generated: 1.1.9.28/30
2020-02-29 22:38:03.109 3490 RALLYDEBUG rally_openstack.wrappers.network [-] CIDR generated: 1.1.9.32/30
2020-02-29 22:38:03.146 3479 RALLYDEBUG rally_openstack.wrappers.network [-] CIDR generated: 1.1.9.36/30
2020-02-29 22:38:05.049 3475 RALLYDEBUG rally_openstack.wrappers.network [-] CIDR generated: 1.1.9.40/30
2020-02-29 22:38:05.755 3476 INFO rally.task.runner [-] Task 217a691d-f344-4c4e-9b69-19b10833cbd8 | ITER: 2 END: OK
2020-02-29 22:38:05.763 3476 INFO rally.task.runner [-] Task 217a691d-f344-4c4e-9b69-19b10833cbd8 | ITER: 35 START
2020-02-29 22:38:05.890 3479 RALLYDEBUG rally_openstack.wrappers.network [-] CIDR generated: 1.1.9.44/30
2020-02-29 22:38:08.787 3476 RALLYDEBUG rally_openstack.wrappers.network [-] CIDR generated: 1.1.9.48/30
2020-02-29 22:38:10.093 3514 INFO rally.task.runner [-] Task 217a691d-f344-4c4e-9b69-19b10833cbd8 | ITER: 16 END: OK
2020-02-29 22:38:10.102 3514 INFO rally.task.runner [-] Task 217a691d-f344-4c4e-9b69-19b10833cbd8 | ITER: 36 START
2020-02-29 22:38:11.234 3514 RALLYDEBUG rally_openstack.wrappers.network [-] CIDR generated: 1.1.9.52/30
2020-02-29 22:38:11.576 3508 INFO rally.task.runner [-] Task 217a691d-f344-4c4e-9b69-19b10833cbd8 | ITER: 14 END: OK
2020-02-29 22:38:11.585 3508 INFO rally.task.runner [-] Task 217a691d-f344-4c4e-9b69-19b10833cbd8 | ITER: 37 START
2020-02-29 22:38:12.059 3486 INFO rally.task.runner [-] Task 217a691d-f344-4c4e-9b69-19b10833cbd8 | ITER: 7 END: OK
2020-02-29 22:38:12.067 3486 INFO rally.task.runner [-] Task 217a691d-f344-4c4e-9b69-19b10833cbd8 | ITER: 38 START
2020-02-29 22:38:12.162 3476 RALLYDEBUG rally_openstack.wrappers.network [-] CIDR generated: 1.1.9.56/30
2020-02-29 22:38:12.852 3508 RALLYDEBUG rally_openstack.wrappers.network [-] CIDR generated: 1.1.9.60/30
2020-02-29 22:38:13.230 3486 RALLYDEBUG rally_openstack.wrappers.network [-] CIDR generated: 1.1.9.64/30
2020-02-29 22:38:14.702 3478 INFO rally.task.runner [-] Task 217a691d-f344-4c4e-9b69-19b10833cbd8 | ITER: 4 END: OK
2020-02-29 22:38:14.709 3478 INFO rally.task.runner [-] Task 217a691d-f344-4c4e-9b69-19b10833cbd8 | ITER: 39 START
2020-02-29 22:38:14.798 3514 RALLYDEBUG rally_openstack.wrappers.network [-] CIDR generated: 1.1.9.68/30
2020-02-29 22:38:16.617 3508 RALLYDEBUG rally_openstack.wrappers.network [-] CIDR generated: 1.1.9.72/30
2020-02-29 22:38:16.651 3478 RALLYDEBUG rally_openstack.wrappers.network [-] CIDR generated: 1.1.9.76/30
2020-02-29 22:38:16.913 3486 RALLYDEBUG rally_openstack.wrappers.network [-] CIDR generated: 1.1.9.80/30
2020-02-29 22:38:22.305 3511 INFO rally.task.runner [-] Task 217a691d-f344-4c4e-9b69-19b10833cbd8 | ITER: 15 END: OK
2020-02-29 22:38:22.313 3511 INFO rally.task.runner [-] Task 217a691d-f344-4c4e-9b69-19b10833cbd8 | ITER: 40 START
2020-02-29 22:38:22.685 3478 RALLYDEBUG rally_openstack.wrappers.network [-] CIDR generated: 1.1.9.84/30
2020-02-29 22:38:23.414 3511 RALLYDEBUG rally_openstack.wrappers.network [-] CIDR generated: 1.1.9.88/30
2020-02-29 22:38:27.502 3511 RALLYDEBUG rally_openstack.wrappers.network [-] CIDR generated: 1.1.9.92/30
2020-02-29 22:38:29.316 3505 INFO rally.task.runner [-] Task 217a691d-f344-4c4e-9b69-19b10833cbd8 | ITER: 21 END: OK
2020-02-29 22:38:29.915 3498 INFO rally.task.runner [-] Task 217a691d-f344-4c4e-9b69-19b10833cbd8 | ITER: 22 END: OK
2020-02-29 22:38:35.811 3501 INFO rally.task.runner [-] Task 217a691d-f344-4c4e-9b69-19b10833cbd8 | ITER: 24 END: OK
2020-02-29 22:38:43.994 3518 INFO rally.task.runner [-] Task 217a691d-f344-4c4e-9b69-19b10833cbd8 | ITER: 25 END: OK
2020-02-29 22:38:44.348 3482 INFO rally.task.runner [-] Task 217a691d-f344-4c4e-9b69-19b10833cbd8 | ITER: 23 END: OK
2020-02-29 22:38:47.927 3492 INFO rally.task.runner [-] Task 217a691d-f344-4c4e-9b69-19b10833cbd8 | ITER: 26 END: OK
2020-02-29 22:38:48.560 3521 INFO rally.task.runner [-] Task 217a691d-f344-4c4e-9b69-19b10833cbd8 | ITER: 27 END: OK
2020-02-29 22:38:49.457 3495 INFO rally.task.runner [-] Task 217a691d-f344-4c4e-9b69-19b10833cbd8 | ITER: 30 END: OK
2020-02-29 22:38:50.087 3479 INFO rally.task.runner [-] Task 217a691d-f344-4c4e-9b69-19b10833cbd8 | ITER: 34 END: OK
2020-02-29 22:38:51.154 3526 INFO rally.task.runner [-] Task 217a691d-f344-4c4e-9b69-19b10833cbd8 | ITER: 28 END: OK
2020-02-29 22:38:52.167 3477 INFO rally.task.runner [-] Task 217a691d-f344-4c4e-9b69-19b10833cbd8 | ITER: 29 END: OK
2020-02-29 22:38:53.121 3516 INFO rally.task.runner [-] Task 217a691d-f344-4c4e-9b69-19b10833cbd8 | ITER: 31 END: OK
2020-02-29 22:38:53.666 3490 INFO rally.task.runner [-] Task 217a691d-f344-4c4e-9b69-19b10833cbd8 | ITER: 32 END: OK
2020-02-29 22:38:57.995 3475 INFO rally.task.runner [-] Task 217a691d-f344-4c4e-9b69-19b10833cbd8 | ITER: 33 END: OK
2020-02-29 22:38:58.401 3476 INFO rally.task.runner [-] Task 217a691d-f344-4c4e-9b69-19b10833cbd8 | ITER: 35 END: OK
2020-02-29 22:38:59.617 3514 INFO rally.task.runner [-] Task 217a691d-f344-4c4e-9b69-19b10833cbd8 | ITER: 36 END: OK
2020-02-29 22:39:05.922 3486 INFO rally.task.runner [-] Task 217a691d-f344-4c4e-9b69-19b10833cbd8 | ITER: 38 END: OK
2020-02-29 22:39:08.081 3478 INFO rally.task.runner [-] Task 217a691d-f344-4c4e-9b69-19b10833cbd8 | ITER: 39 END: OK
2020-02-29 22:39:08.734 3508 INFO rally.task.runner [-] Task 217a691d-f344-4c4e-9b69-19b10833cbd8 | ITER: 37 END: OK
2020-02-29 22:39:14.577 3511 INFO rally.task.runner [-] Task 217a691d-f344-4c4e-9b69-19b10833cbd8 | ITER: 40 END: OK
2020-02-29 22:39:14.611 15 INFO rally.task.context [-] Task 217a691d-f344-4c4e-9b69-19b10833cbd8 | Context cleanup@openstack cleanup() started
2020-02-29 22:39:14.616 15 RALLYDEBUG rally_openstack.cleanup.manager [-] Cleaning up neutron vip objects
2020-02-29 22:39:14.798 15 RALLYDEBUG rally_openstack.cleanup.manager [-] Cleaning up neutron health_monitor objects
2020-02-29 22:39:14.958 15 RALLYDEBUG rally_openstack.cleanup.manager [-] Cleaning up neutron pool objects
2020-02-29 22:39:15.126 15 RALLYDEBUG rally_openstack.cleanup.manager [-] Cleaning up neutron loadbalancer objects
2020-02-29 22:39:15.283 15 RALLYDEBUG rally_openstack.cleanup.manager [-] Cleaning up neutron floatingip objects
2020-02-29 22:39:15.444 15 RALLYDEBUG rally_openstack.cleanup.manager [-] Cleaning up neutron trunk objects
2020-02-29 22:39:15.591 15 DEBUG neutronclient.v2_0.client [-] Error message: {"message": "The resource could not be found.

\n\n\n", "code": "404 Not Found", "title": "Not Found"} _handle_fault_response /usr/lib/python2.7/site-packages/neutronclient/v2_0/client.py:259
2020-02-29 22:39:15.601 15 RALLYDEBUG rally_openstack.cleanup.manager [-] Cleaning up neutron port objects
2020-02-29 22:39:16.181 15 RALLYDEBUG rally_openstack.cleanup.manager [-] Cleaning up neutron subnet objects
2020-02-29 22:39:16.643 15 RALLYDEBUG rally_openstack.cleanup.manager [-] Deleting neutron.subnet object s_rally_e29df11b_casuAhwg (05c85d41-57f0-4565-a50b-9904d424ac67)
2020-02-29 22:39:16.650 15 RALLYDEBUG rally_openstack.cleanup.manager [-] Deleting neutron.subnet object s_rally_e29df11b_CCjpRTGp (0bab4526-a152-41a5-8304-c813fe6a9d5d)
2020-02-29 22:39:16.661 15 RALLYDEBUG rally_openstack.cleanup.manager [-] Deleting neutron.subnet object s_rally_e29df11b_ZWVWZXCb (156e2b47-638d-4432-b600-6859fe09ecc5)
2020-02-29 22:39:16.666 15 RALLYDEBUG rally_openstack.cleanup.manager [-] Deleting neutron.subnet object s_rally_e29df11b_8OvphBcC (16c66721-7551-408a-986c-87fa9ddc48e0)
2020-02-29 22:39:16.681 15 RALLYDEBUG rally_openstack.cleanup.manager [-] Deleting neutron.subnet object s_rally_e29df11b_RD3QusSj (173e2d97-1d5d-40e5-9233-27107cc52269)
2020-02-29 22:39:16.697 15 RALLYDEBUG rally_openstack.cleanup.manager [-] Deleting neutron.subnet object s_rally_e29df11b_7hkAGkgV (18118fea-9388-47c6-b3eb-994bedc842d4)
2020-02-29 22:39:16.710 15 RALLYDEBUG rally_openstack.cleanup.manager [-] Deleting neutron.subnet object s_rally_e29df11b_UyoI2RxR (18260031-9748-4a3f-bb57-daac1193ff36)
2020-02-29 22:39:16.734 15 RALLYDEBUG rally_openstack.cleanup.manager [-] Deleting neutron.subnet object s_rally_e29df11b_5Aa4Jt4i (1c35f08b-dde0-46f1-955f-baef6202a05d)
2020-02-29 22:39:16.739 15 RALLYDEBUG rally_openstack.cleanup.manager [-] Deleting neutron.subnet object s_rally_e29df11b_pYn1E9hs (1e084c90-aab0-4507-9420-633fe9b0e43a)
2020-02-29 22:39:16.755 15 RALLYDEBUG rally_openstack.cleanup.manager [-] Deleting neutron.subnet object s_rally_e29df11b_kANQNTZW (20679019-fcd3-4c7d-b262-1a2cf0297e2f)
2020-02-29 22:39:16.756 15 RALLYDEBUG rally_openstack.cleanup.manager [-] Deleting neutron.subnet object s_rally_e29df11b_sfrEQwft (20dd53bd-a0e1-415d-9ee4-dbf16333f7cb)
2020-02-29 22:39:16.764 15 RALLYDEBUG rally_openstack.cleanup.manager [-] Deleting neutron.subnet object s_rally_e29df11b_ebHSCqYO (299b6e35-b5f7-41fd-b951-076baa3045a3)
2020-02-29 22:39:16.798 15 RALLYDEBUG rally_openstack.cleanup.manager [-] Deleting neutron.subnet object s_rally_e29df11b_KfP6Y5Hd (21e5c45d-c8e1-4039-90e5-62041cb4569e)
2020-02-29 22:39:16.836 15 RALLYDEBUG rally_openstack.cleanup.manager [-] Deleting neutron.subnet object s_rally_e29df11b_UHD2Stox (29ec4ecf-9420-4ad4-8e56-3812b9e7f750)
2020-02-29 22:39:16.846 15 RALLYDEBUG rally_openstack.cleanup.manager [-] Deleting neutron.subnet object s_rally_e29df11b_yuORDVHX (2ee157c6-953a-4a44-833a-9b2d8d875b08)
2020-02-29 22:39:16.845 15 RALLYDEBUG rally_openstack.cleanup.manager [-] Deleting neutron.subnet object s_rally_e29df11b_emhmrC3l (2c814330-c4d1-42c3-8ec7-f6eda0f11a83)
2020-02-29 22:39:16.854 15 RALLYDEBUG rally_openstack.cleanup.manager [-] Deleting neutron.subnet object s_rally_e29df11b_tReqiZC4 (2c91adcf-b1f8-4a2d-8328-94c2d6aec66d)
2020-02-29 22:39:16.879 15 RALLYDEBUG rally_openstack.cleanup.manager [-] Deleting neutron.subnet object s_rally_e29df11b_IFNCq5sP (2a4dc875-2b58-4490-a73f-a634005382f7)
2020-02-29 22:39:16.893 15 RALLYDEBUG rally_openstack.cleanup.manager [-] Deleting neutron.subnet object s_rally_e29df11b_GchmSnmu (2eb6aacb-c9b0-4d93-8823-f8f02bdf01c5)
2020-02-29 22:39:16.905 15 RALLYDEBUG rally_openstack.cleanup.manager [-] Deleting neutron.subnet object s_rally_e29df11b_QlKpLg8y (2de595ec-9882-4aac-9b58-7d8ef585e438)
2020-02-29 22:39:19.060 15 RALLYDEBUG rally_openstack.cleanup.manager [-] Deleting neutron.subnet object s_rally_e29df11b_QpfDJL29 (335ce61b-7a68-499b-9df3-97275609653f)
2020-02-29 22:39:19.369 15 RALLYDEBUG rally_openstack.cleanup.manager [-] Deleting neutron.subnet object s_rally_e29df11b_8bL27Vzo (376bf8ca-3a00-4f55-a0ff-6a5eef2d392c)
2020-02-29 22:39:19.825 15 RALLYDEBUG rally_openstack.cleanup.manager [-] Deleting neutron.subnet object s_rally_e29df11b_cix5DbxY (3a559a73-a105-4412-bd8a-cccce2e13e9c)
2020-02-29 22:39:19.850 15 RALLYDEBUG rally_openstack.cleanup.manager [-] Deleting neutron.subnet object s_rally_e29df11b_rnV0EOgG (3bf52e5c-918e-4a3f-8564-b30d4cb9564c)
2020-02-29 22:39:20.590 15 RALLYDEBUG rally_openstack.cleanup.manager [-] Deleting neutron.subnet object s_rally_e29df11b_JwJYEUwW (42d6b8e7-4664-4f13-bb9f-e688c420cb30)
2020-02-29 22:39:20.934 15 RALLYDEBUG rally_openstack.cleanup.manager [-] Deleting neutron.subnet object s_rally_e29df11b_Mdr9qx6e (485aabe2-15bd-49b8-9992-d4539764f688)
2020-02-29 22:39:21.311 15 RALLYDEBUG rally_openstack.cleanup.manager [-] Deleting neutron.subnet object s_rally_e29df11b_4GWngI5J (499249db-6612-4d95-9fd4-0b758657ffb6)
2020-02-29 22:39:21.542 15 RALLYDEBUG rally_openstack.cleanup.manager [-] Deleting neutron.subnet object s_rally_e29df11b_Y4okIeFD (4dfc35f7-5d57-4d4c-92ac-1e4fe06b5117)
2020-02-29 22:39:21.550 15 RALLYDEBUG rally_openstack.cleanup.manager [-] Deleting neutron.subnet object s_rally_e29df11b_4DUXYLf2 (5398c013-abc7-47f8-9c8b-6d6ca9959835)
2020-02-29 22:39:21.964 15 RALLYDEBUG rally_openstack.cleanup.manager [-] Deleting neutron.subnet object s_rally_e29df11b_HeQQKnty (55eca341-6425-4f58-a2df-6a63a659f4fb)
2020-02-29 22:39:22.086 15 RALLYDEBUG rally_openstack.cleanup.manager [-] Deleting neutron.subnet object s_rally_e29df11b_ikLJujEr (5755c34f-c24c-4dbd-9fde-feda3cda82d2)
2020-02-29 22:39:22.126 15 RALLYDEBUG rally_openstack.cleanup.manager [-] Deleting neutron.subnet object s_rally_e29df11b_W5yZoFPZ (5b2df009-c82b-4258-aa56-8fb9a815d781)
2020-02-29 22:39:22.350 15 RALLYDEBUG rally_openstack.cleanup.manager [-] Deleting neutron.subnet object s_rally_e29df11b_ZZc0IyMj (5d8e23a5-3b86-4800-a608-8943a950ae18)
2020-02-29 22:39:22.401 15 RALLYDEBUG rally_openstack.cleanup.manager [-] Deleting neutron.subnet object s_rally_e29df11b_bv4fh1ez (5e1dfd65-97af-492f-99e6-ca7638c240cd)
2020-02-29 22:39:22.409 15 RALLYDEBUG rally_openstack.cleanup.manager [-] Deleting neutron.subnet object s_rally_e29df11b_xRd1DYck (62ef210d-9bbf-43cd-8d88-1573c7be581a)
2020-02-29 22:39:22.410 15 RALLYDEBUG rally_openstack.cleanup.manager [-] Deleting neutron.subnet object s_rally_e29df11b_DnyVOrTA (5f2bf8c7-428b-45e8-81e0-0ee163f83cd5)
2020-02-29 22:39:22.517 15 RALLYDEBUG rally_openstack.cleanup.manager [-] Deleting neutron.subnet object s_rally_e29df11b_J665HC6s (64c040dc-74da-4ae3-b234-306b49131ae9)
2020-02-29 22:39:22.934 15 RALLYDEBUG rally_openstack.cleanup.manager [-] Deleting neutron.subnet object s_rally_e29df11b_h1Zsbzsm (6d29ead4-e390-4f24-aa37-9a11754336f5)
2020-02-29 22:39:23.431 15 RALLYDEBUG rally_openstack.cleanup.manager [-] Deleting neutron.subnet object s_rally_e29df11b_jj1wIjmC (77ce75df-ccf4-4284-803a-edd0031ff1e3)
2020-02-29 22:39:23.436 15 RALLYDEBUG rally_openstack.cleanup.manager [-] Deleting neutron.subnet object s_rally_e29df11b_JYKBRXmN (77f758e7-875c-4b6d-b88d-52b4a1168c24)
2020-02-29 22:39:23.615 15 RALLYDEBUG rally_openstack.cleanup.manager [-] Deleting neutron.subnet object s_rally_e29df11b_8yoaE7Ok (7bc3b396-cbf4-496f-b5cc-33603ae61a95)
2020-02-29 22:39:23.621 15 RALLYDEBUG rally_openstack.cleanup.manager [-] Deleting neutron.subnet object s_rally_e29df11b_ReOSv2ti (807edece-29d6-43bb-b88e-0610ed55edff)
2020-02-29 22:39:23.666 15 RALLYDEBUG rally_openstack.cleanup.manager [-] Deleting neutron.subnet object s_rally_e29df11b_Z7v54Ff2 (81e8faf0-2cce-40a5-8786-2f8e162e85fd)
2020-02-29 22:39:23.729 15 RALLYDEBUG rally_openstack.cleanup.manager [-] Deleting neutron.subnet object s_rally_e29df11b_R0yZnEO2 (81ebd7d6-21a1-4297-8376-97d339e0306d)
2020-02-29 22:39:24.093 15 RALLYDEBUG rally_openstack.cleanup.manager [-] Deleting neutron.subnet object s_rally_e29df11b_oMe2I7ja (831216db-08f7-46c3-8981-bbd6ce558167)
2020-02-29 22:39:24.127 15 RALLYDEBUG rally_openstack.cleanup.manager [-] Deleting neutron.subnet object s_rally_e29df11b_Mr3OuZO2 (83775c29-557d-462a-8c94-36be75fb80e5)
2020-02-29 22:39:24.243 15 RALLYDEBUG rally_openstack.cleanup.manager [-] Deleting neutron.subnet object s_rally_e29df11b_jVLieroZ (84084c88-7d50-4d06-a3ae-71a14096a083)
2020-02-29 22:39:24.579 15 RALLYDEBUG rally_openstack.cleanup.manager [-] Deleting neutron.subnet object s_rally_e29df11b_pNNXHObu (84568979-7aee-48d7-9150-ab59cfb5ae13)
2020-02-29 22:39:24.588 15 RALLYDEBUG rally_openstack.cleanup.manager [-] Deleting neutron.subnet object s_rally_e29df11b_WAQ8UbdJ (8f7b3077-b789-4fc7-baa4-91a18eea4cc2)
2020-02-29 22:39:24.637 15 RALLYDEBUG rally_openstack.cleanup.manager [-] Deleting neutron.subnet object s_rally_e29df11b_trjjmuex (94b7c949-87f9-4a6b-920c-ffab239b8563)
2020-02-29 22:39:24.909 15 RALLYDEBUG rally_openstack.cleanup.manager [-] Deleting neutron.subnet object s_rally_e29df11b_GUeorkI9 (95d3faa6-c1fa-43e9-b826-06b117df8b47)
2020-02-29 22:39:25.006 15 RALLYDEBUG rally_openstack.cleanup.manager [-] Deleting neutron.subnet object s_rally_e29df11b_D7IBbiv4 (9a6ac73a-c78f-4117-b34d-d71ba07ba592)
2020-02-29 22:39:25.490 15 RALLYDEBUG rally_openstack.cleanup.manager [-] Deleting neutron.subnet object s_rally_e29df11b_AqnrBrFd (9aa52cee-1580-458f-98a1-e5daec5d2b48)
2020-02-29 22:39:27.103 15 RALLYDEBUG rally_openstack.cleanup.manager [-] Deleting neutron.subnet object s_rally_e29df11b_Tqzs0LO9 (a74b6ef5-b50c-4bdc-bc8f-bcc89e97075e)
2020-02-29 22:39:27.135 15 RALLYDEBUG rally_openstack.cleanup.manager [-] Deleting neutron.subnet object s_rally_e29df11b_qxf9a7qq (aaab1402-3e68-41a0-8077-3b1661dbbcd8)
2020-02-29 22:39:27.412 15 RALLYDEBUG rally_openstack.cleanup.manager [-] Deleting neutron.subnet object s_rally_e29df11b_lcVHJwUT (ab38d8e3-d6ce-403a-9255-c852ac297a69)
2020-02-29 22:39:27.590 15 RALLYDEBUG rally_openstack.cleanup.manager [-] Deleting neutron.subnet object s_rally_e29df11b_3Cvx0vxw (ac8b8d86-da44-42d1-8e27-57c61ab52c1b)
2020-02-29 22:39:27.661 15 RALLYDEBUG rally_openstack.cleanup.manager [-] Deleting neutron.subnet object s_rally_e29df11b_zgSGvBlM (ad450ef8-9673-4147-ba96-3f5b0b087947)
2020-02-29 22:39:28.209 15 RALLYDEBUG rally_openstack.cleanup.manager [-] Deleting neutron.subnet object s_rally_e29df11b_0IuOX1Hw (b37f6f7d-2a5a-4ecd-a356-5515443110fb)
2020-02-29 22:39:28.237 15 RALLYDEBUG rally_openstack.cleanup.manager [-] Deleting neutron.subnet object s_rally_e29df11b_1FhKT9Fu (b6ae379f-5535-4928-b9df-164316a4c353)
2020-02-29 22:39:28.257 15 RALLYDEBUG rally_openstack.cleanup.manager [-] Deleting neutron.subnet object s_rally_e29df11b_5nKXoz6T (bb673ed0-77ad-4fdc-8d2c-554668e6f6ef)
2020-02-29 22:39:28.333 15 RALLYDEBUG rally_openstack.cleanup.manager [-] Deleting neutron.subnet object s_rally_e29df11b_7mrb52Fu (bbf91f90-5ff2-464f-93e3-68285d7d0b04)
2020-02-29 22:39:28.649 15 RALLYDEBUG rally_openstack.cleanup.manager [-] Deleting neutron.subnet object s_rally_e29df11b_huMzsIVR (c230c87a-1031-42f7-9527-cc28c3ccfe45)
2020-02-29 22:39:28.707 15 RALLYDEBUG rally_openstack.cleanup.manager [-] Deleting neutron.subnet object s_rally_e29df11b_0rhP1KwD (c2b2e013-c413-419e-9094-be8f2247b7a8)
2020-02-29 22:39:29.238 15 RALLYDEBUG rally_openstack.cleanup.manager [-] Deleting neutron.subnet object s_rally_e29df11b_TK7iOLrZ (c312f52d-8fda-4cc1-85a7-96bdb54f1a6b)
2020-02-29 22:39:29.305 15 RALLYDEBUG rally_openstack.cleanup.manager [-] Deleting neutron.subnet object s_rally_e29df11b_fX2o0CgI (cf64052e-4768-4566-9b66-fd89d5a9dd9d)
2020-02-29 22:39:29.484 15 RALLYDEBUG rally_openstack.cleanup.manager [-] Deleting neutron.subnet object s_rally_e29df11b_wvPkJFI3 (d0015d19-55b5-46b7-8b71-2f65c9913387)
2020-02-29 22:39:29.645 15 RALLYDEBUG rally_openstack.cleanup.manager [-] Deleting neutron.subnet object s_rally_e29df11b_NEqCkoxt (d04bda43-1cdf-4007-9c74-1adf4522bfff)
2020-02-29 22:39:29.953 15 RALLYDEBUG rally_openstack.cleanup.manager [-] Deleting neutron.subnet object s_rally_e29df11b_3DsPfq9d (d402666d-c053-4669-b2d1-6fc5f38c866c)
2020-02-29 22:39:30.126 15 RALLYDEBUG rally_openstack.cleanup.manager [-] Deleting neutron.subnet object s_rally_e29df11b_rvrt6wNR (e4cb9bd4-63b2-4113-b0e3-4d1bc3e76202)
2020-02-29 22:39:30.161 15 RALLYDEBUG rally_openstack.cleanup.manager [-] Deleting neutron.subnet object s_rally_e29df11b_6uqbeUBH (e8f028c5-b3d7-49c0-8245-a748659c7682)
2020-02-29 22:39:30.439 15 RALLYDEBUG rally_openstack.cleanup.manager [-] Deleting neutron.subnet object s_rally_e29df11b_wrx8nxTO (e971ea28-3538-4fd0-854f-3135408fa07c)
2020-02-29 22:39:30.484 15 RALLYDEBUG rally_openstack.cleanup.manager [-] Deleting neutron.subnet object s_rally_e29df11b_9cLm1NrM (f2a66220-cfe1-45a0-bd9d-da790553e767)
2020-02-29 22:39:30.754 15 RALLYDEBUG rally_openstack.cleanup.manager [-] Deleting neutron.subnet object s_rally_e29df11b_AFfrjqgr (f30166be-8dd7-4eef-ba32-eb8ff452d6ce)
2020-02-29 22:39:30.811 15 RALLYDEBUG rally_openstack.cleanup.manager [-] Deleting neutron.subnet object s_rally_e29df11b_zsot3q7d (f4222555-bdf2-42ca-97b2-1e112f59dc50)
2020-02-29 22:39:31.817 15 RALLYDEBUG rally_openstack.cleanup.manager [-] Deleting neutron.subnet object s_rally_e29df11b_sVFTyFyz (f437a266-bdf2-467b-b468-5a0a107a08d4)
2020-02-29 22:39:31.824 15 RALLYDEBUG rally_openstack.cleanup.manager [-] Deleting neutron.subnet object s_rally_e29df11b_OzuLxX7l (f49f9c96-b614-4552-a12c-c548d81ee95b)
2020-02-29 22:39:31.873 15 RALLYDEBUG rally_openstack.cleanup.manager [-] Deleting neutron.subnet object s_rally_e29df11b_BmW29SH6 (f93f3435-e48d-4b76-a60a-a5913b98dc3f)
2020-02-29 22:39:31.994 15 RALLYDEBUG rally_openstack.cleanup.manager [-] Deleting neutron.subnet object s_rally_e29df11b_n8x1b1JA (feb428d5-dc59-473f-8cf8-bd1566eeb016)
2020-02-29 22:39:32.032 15 RALLYDEBUG rally_openstack.cleanup.manager [-] Deleting neutron.subnet object s_rally_e29df11b_b4xN89nh (fece94b2-763b-42c2-8ee6-a7e8df7e313b)
2020-02-29 22:39:36.088 15 RALLYDEBUG rally_openstack.cleanup.manager [-] Cleaning up neutron network objects
2020-02-29 22:39:36.571 15 RALLYDEBUG rally_openstack.cleanup.manager [-] Deleting neutron.network object s_rally_e29df11b_cmrdp9dt (0531dce3-bb9f-4854-88c3-70053dfadd6c)
2020-02-29 22:39:36.578 15 RALLYDEBUG rally_openstack.cleanup.manager [-] Deleting neutron.network object s_rally_e29df11b_SbIyojer (09f5ae7d-94bb-4de5-9cc9-e8df285fdc63)
2020-02-29 22:39:36.589 15 RALLYDEBUG rally_openstack.cleanup.manager [-] Deleting neutron.network object s_rally_e29df11b_AT1NgTo4 (0a8324c3-4626-43dd-8557-f9f406bb401e)
2020-02-29 22:39:36.597 15 RALLYDEBUG rally_openstack.cleanup.manager [-] Deleting neutron.network object s_rally_e29df11b_babSGKXk (10af4587-6507-4de5-b77b-0f56e32bafaf)
2020-02-29 22:39:36.609 15 RALLYDEBUG rally_openstack.cleanup.manager [-] Deleting neutron.network object s_rally_e29df11b_qpHYnFAh (11593f0f-e85c-4576-a079-2871235d7ab0)
2020-02-29 22:39:36.617 15 RALLYDEBUG rally_openstack.cleanup.manager [-] Deleting neutron.network object s_rally_e29df11b_hsEuTbEx (3081982f-8a78-450b-9aaf-d9d963129207)
2020-02-29 22:39:36.661 15 RALLYDEBUG rally_openstack.cleanup.manager [-] Deleting neutron.network object s_rally_e29df11b_CUuKshzt (35dc1d84-f6d5-4734-90a5-39d8ce8bdbf0)
2020-02-29 22:39:36.671 15 RALLYDEBUG rally_openstack.cleanup.manager [-] Deleting neutron.network object s_rally_e29df11b_RS8UVAek (35b84792-4400-4756-8734-17df2ea9b82c)
2020-02-29 22:39:36.685 15 RALLYDEBUG rally_openstack.cleanup.manager [-] Deleting neutron.network object s_rally_e29df11b_OWY10AVJ (3759fbad-9ad7-4481-ab82-b3e6d1049b69)
2020-02-29 22:39:36.689 15 RALLYDEBUG rally_openstack.cleanup.manager [-] Deleting neutron.network object s_rally_e29df11b_7ai79oQd (51841e1f-61f2-4f16-a05b-e7ca9277bb97)
2020-02-29 22:39:36.689 15 RALLYDEBUG rally_openstack.cleanup.manager [-] Deleting neutron.network object s_rally_e29df11b_oebVPtuT (3af9bf2b-df36-4f71-b154-71018abd932d)
2020-02-29 22:39:36.691 15 RALLYDEBUG rally_openstack.cleanup.manager [-] Deleting neutron.network object s_rally_e29df11b_5Ny4alSU (4d4a987e-a97d-48b0-b878-87924c23dc5a)
2020-02-29 22:39:36.708 15 RALLYDEBUG rally_openstack.cleanup.manager [-] Deleting neutron.network object s_rally_e29df11b_ROlsxp7N (5b96503a-c3fd-472c-badd-2bc6b907f651)
2020-02-29 22:39:36.721 15 RALLYDEBUG rally_openstack.cleanup.manager [-] Deleting neutron.network object s_rally_e29df11b_TlocXYyN (407e10e8-8a7e-4a7a-a266-b287c040544a)
2020-02-29 22:39:36.765 15 RALLYDEBUG rally_openstack.cleanup.manager [-] Deleting neutron.network object s_rally_e29df11b_IVekRxd0 (58dac17c-dbd4-47ad-8102-fc9d275d65b5)
2020-02-29 22:39:36.800 15 RALLYDEBUG rally_openstack.cleanup.manager [-] Deleting neutron.network object s_rally_e29df11b_tOxR1YZS (5bf89cd2-c595-4bae-aeec-881b6305cd24)
2020-02-29 22:39:36.809 15 RALLYDEBUG rally_openstack.cleanup.manager [-] Deleting neutron.network object s_rally_e29df11b_aqnvhyeS (5b97cd02-7de0-467d-aa6d-0b35a26503cd)
2020-02-29 22:39:36.819 15 RALLYDEBUG rally_openstack.cleanup.manager [-] Deleting neutron.network object s_rally_e29df11b_ih2HcMHL (79d840ee-65e8-4e28-8d36-adba8553d7fa)
2020-02-29 22:39:36.825 15 RALLYDEBUG rally_openstack.cleanup.manager [-] Deleting neutron.network object s_rally_e29df11b_hCMCQUWw (64857dc4-ec6a-4b24-8237-0ebe32a8ee92)
2020-02-29 22:39:36.832 15 RALLYDEBUG rally_openstack.cleanup.manager [-] Deleting neutron.network object s_rally_e29df11b_GvDkAQPK (6734ff83-66d7-4ecc-be2d-c972befb1dc0)
2020-02-29 22:39:39.707 15 RALLYDEBUG rally_openstack.cleanup.manager [-] Deleting neutron.network object s_rally_e29df11b_VA8DtG0A (7fd9b2e7-e94c-4acb-bd78-52ff55dc292c)
2020-02-29 22:39:39.711 15 RALLYDEBUG rally_openstack.cleanup.manager [-] Deleting neutron.network object s_rally_e29df11b_IwM2rkF9 (817cd9c1-6a51-4cf4-ae6d-c0dbfe69f5b5)
2020-02-29 22:39:39.887 15 RALLYDEBUG rally_openstack.cleanup.manager [-] Deleting neutron.network object s_rally_e29df11b_O0AnGNts (8237ffd6-ab2a-4b42-8d68-e864b9e520cc)
2020-02-29 22:39:39.928 15 RALLYDEBUG rally_openstack.cleanup.manager [-] Deleting neutron.network object s_rally_e29df11b_HOXkoeu7 (875ed1bf-aa08-487c-9529-1fd00d658238)
2020-02-29 22:39:39.935 15 RALLYDEBUG rally_openstack.cleanup.manager [-] Deleting neutron.network object s_rally_e29df11b_LFYbNVhm (8f1bd219-f552-4d8a-b8a7-9dbcb49315b7)
2020-02-29 22:39:40.096 15 RALLYDEBUG rally_openstack.cleanup.manager [-] Deleting neutron.network object s_rally_e29df11b_Z1ZznhgC (ae39d7b4-2f59-46ab-af1a-6e8659bccb0a)
2020-02-29 22:39:40.099 15 RALLYDEBUG rally_openstack.cleanup.manager [-] Deleting neutron.network object s_rally_e29df11b_cY9LFZ0B (934f74db-a0f6-4a7b-af95-61db1c966ddb)
2020-02-29 22:39:40.173 15 RALLYDEBUG rally_openstack.cleanup.manager [-] Deleting neutron.network object s_rally_e29df11b_Q31Mnznd (b0b56962-4de2-4f8c-bc0a-719139773649)
2020-02-29 22:39:40.183 15 RALLYDEBUG rally_openstack.cleanup.manager [-] Deleting neutron.network object s_rally_e29df11b_scP6xPtO (c767194e-2a00-4e58-9e97-d0d8d186420f)
2020-02-29 22:39:40.185 15 RALLYDEBUG rally_openstack.cleanup.manager [-] Deleting neutron.network object s_rally_e29df11b_aaIF9GFC (c28fd5fc-b8a9-46fa-83ee-3c99e1030461)
2020-02-29 22:39:40.334 15 RALLYDEBUG rally_openstack.cleanup.manager [-] Deleting neutron.network object s_rally_e29df11b_7yTDwaTp (d259e0c5-905c-47e2-8f91-320b78313443)
2020-02-29 22:39:40.340 15 RALLYDEBUG rally_openstack.cleanup.manager [-] Deleting neutron.network object s_rally_e29df11b_9L5cfVfc (cf6cd69f-4288-4574-a52d-4e49d72ffb44)
2020-02-29 22:39:40.542 15 RALLYDEBUG rally_openstack.cleanup.manager [-] Deleting neutron.network object s_rally_e29df11b_R1yE83yY (da9abac5-96f3-4a37-b035-c1173679554a)
2020-02-29 22:39:40.802 15 RALLYDEBUG rally_openstack.cleanup.manager [-] Deleting neutron.network object s_rally_e29df11b_sVYvNu7g (dff659f5-363a-4662-b8b2-3b2f66ad2024)
2020-02-29 22:39:40.815 15 RALLYDEBUG rally_openstack.cleanup.manager [-] Deleting neutron.network object s_rally_e29df11b_4fQy1xlP (e02170b6-ee7b-4da6-af50-44c909174c5a)
2020-02-29 22:39:40.854 15 RALLYDEBUG rally_openstack.cleanup.manager [-] Deleting neutron.network object s_rally_e29df11b_MY11zNrT (e6767958-2deb-4b80-a597-d1a8c3e5b5c2)
2020-02-29 22:39:41.988 15 RALLYDEBUG rally_openstack.cleanup.manager [-] Deleting neutron.network object s_rally_e29df11b_P7h7NJYS (e9b17e70-2cfd-45e3-946f-403270f9c28d)
2020-02-29 22:39:42.026 15 RALLYDEBUG rally_openstack.cleanup.manager [-] Deleting neutron.network object s_rally_e29df11b_pzhYY5Bj (eca3748e-1008-40b3-9954-e5db9faab407)
2020-02-29 22:39:42.034 15 RALLYDEBUG rally_openstack.cleanup.manager [-] Deleting neutron.network object s_rally_e29df11b_L5aUjL5B (ee327c05-3ee0-4053-9f01-3ae1445b04b3)
2020-02-29 22:39:42.065 15 RALLYDEBUG rally_openstack.cleanup.manager [-] Deleting neutron.network object s_rally_e29df11b_ekB4pjm5 (fdd13917-e691-4462-9705-d299a36c6537)
2020-02-29 22:39:46.350 15 RALLYDEBUG rally_openstack.cleanup.manager [-] Cleaning up neutron router objects
2020-02-29 22:39:47.315 15 RALLYDEBUG rally_openstack.cleanup.manager [-] Cleaning up neutron security_group objects
2020-02-29 22:39:47.572 15 INFO rally.task.context [-] Task 217a691d-f344-4c4e-9b69-19b10833cbd8 | Context cleanup@openstack cleanup() finished in 32.96 sec
2020-02-29 22:39:47.572 15 INFO rally.task.context [-] Task 217a691d-f344-4c4e-9b69-19b10833cbd8 | Context quotas@openstack cleanup() started
2020-02-29 22:39:47.706 15 INFO rally.task.context [-] Task 217a691d-f344-4c4e-9b69-19b10833cbd8 | Context quotas@openstack cleanup() finished in 0.13 sec
2020-02-29 22:39:47.707 15 INFO rally.task.context [-] Task 217a691d-f344-4c4e-9b69-19b10833cbd8 | Context users@openstack cleanup() started
2020-02-29 22:39:49.213 15 INFO rally.task.context [-] Task 217a691d-f344-4c4e-9b69-19b10833cbd8 | Context users@openstack cleanup() finished in 1.51 sec
2020-02-29 22:39:49.806 15 INFO rally.task.engine [-] Load duration is: 166.065292
2020-02-29 22:39:49.806 15 INFO rally.task.engine [-] Full runner duration is: 166.120972
2020-02-29 22:39:49.807 15 INFO rally.task.engine [-] Full duration is: 202.257639
2020-02-29 22:39:49.910 15 INFO rally.task.engine [-] Running workload: position = 0 config = { "version": 2, "title": "A cropped version of a bigger task.", "description": "Auto-generated task from a single workload (uuid=359c43fb-36b6-4ddf-9610-8bf7fa6ad55a)", "subtasks": [ { "title": "NeutronNetworks.create_and_list_ports", "description": "Check performance of list ports action and ensure > network quotas are not exceeded", "scenario": { "NeutronNetworks.create_and_list_ports": { "network_create_args": null, "port_create_args": null, "ports_per_network": 50 } }, "contexts": { "users": { "tenants": 1, "users_per_tenant": 1 }, "quotas": { "neutron": { "network": -1, "subnet": -1, "router": -1, "port": 811 } } }, "runner": { "constant": { "times": 8, "concurrency": 4 } }, "hooks": [], "sla": { "max_avg_duration_per_atomic": { "neutron.list_ports": 15 }, "failure_rate": { "max": 0 } } } ] }
2020-02-29 22:39:49.934 15 RALLYDEBUG rally_openstack.contexts.keystone.users [-] Creating 1 tenants using 20 threads
2020-02-29 22:39:50.307 15 RALLYDEBUG rally_openstack.contexts.keystone.users [-] Creating 1 users using 20 threads
2020-02-29 22:39:50.807 15 INFO rally.task.context [-] Task 217a691d-f344-4c4e-9b69-19b10833cbd8 | Context users@openstack setup() finished in 0.87 sec
2020-02-29 22:39:51.272 15 INFO rally.task.context [-] Task 217a691d-f344-4c4e-9b69-19b10833cbd8 | Context quotas@openstack setup() finished in 0.46 sec
2020-02-29 22:39:51.272 15 INFO rally.task.context [-] Task 217a691d-f344-4c4e-9b69-19b10833cbd8 | Context cleanup@openstack setup() finished in 0.01 msec
2020-02-29 22:39:51.281 15 RALLYDEBUG rally.task.runner [-] Starting the constant runner (task UUID: 217a691d-f344-4c4e-9b69-19b10833cbd8). timeout: 0 concurrency: 4 concurrency_per_worker: 1 times: 8 concurrency_overhead: 0 processes_to_start: 4 max_cpu_used: 88
2020-02-29 22:39:51.295 3877 RALLYDEBUG rally.task.runner [-] Starting a worker. concurrency: 1 args: {"network_create_args": null, "port_create_args": null, "ports_per_network": 50} times: 8 method_name: run timeout: 0 duration: None cls:
2020-02-29 22:39:51.298 3878 RALLYDEBUG rally.task.runner [-] Starting a worker. concurrency: 1 args: {"network_create_args": null, "port_create_args": null, "ports_per_network": 50} times: 8 method_name: run timeout: 0 duration: None cls:
2020-02-29 22:39:51.301 3877 INFO rally.task.runner [-] Task 217a691d-f344-4c4e-9b69-19b10833cbd8 | ITER: 1 START
2020-02-29 22:39:51.301 3879 RALLYDEBUG rally.task.runner [-] Starting a worker. concurrency: 1 args: {"network_create_args": null, "port_create_args": null, "ports_per_network": 50} times: 8 method_name: run timeout: 0 duration: None cls:
2020-02-29 22:39:51.302 3877 WARNING rally_openstack.scenarios.neutron.utils [-] Running this scenario without either the 'network' or 'existing_network' context is deprecated
2020-02-29 22:39:51.304 3880 RALLYDEBUG rally.task.runner [-] Starting a worker. concurrency: 1 args: {"network_create_args": null, "port_create_args": null, "ports_per_network": 50} times: 8 method_name: run timeout: 0 duration: None cls:
2020-02-29 22:39:51.305 3878 INFO rally.task.runner [-] Task 217a691d-f344-4c4e-9b69-19b10833cbd8 | ITER: 2 START
2020-02-29 22:39:51.306 3878 WARNING rally_openstack.scenarios.neutron.utils [-] Running this scenario without either the 'network' or 'existing_network' context is deprecated
2020-02-29 22:39:51.308 3879 INFO rally.task.runner [-] Task 217a691d-f344-4c4e-9b69-19b10833cbd8 | ITER: 3 START
2020-02-29 22:39:51.309 3879 WARNING rally_openstack.scenarios.neutron.utils [-] Running this scenario without either the 'network' or 'existing_network' context is deprecated
2020-02-29 22:39:51.310 3880 INFO rally.task.runner [-] Task 217a691d-f344-4c4e-9b69-19b10833cbd8 | ITER: 4 START
2020-02-29 22:39:51.311 3880 WARNING rally_openstack.scenarios.neutron.utils [-] Running this scenario without either the 'network' or 'existing_network' context is deprecated
2020-02-29 22:41:03.662 3878 INFO rally.task.runner [-] Task 217a691d-f344-4c4e-9b69-19b10833cbd8 | ITER: 2 END: OK
2020-02-29 22:41:03.669 3878 INFO rally.task.runner [-] Task 217a691d-f344-4c4e-9b69-19b10833cbd8 | ITER: 5 START
2020-02-29 22:41:03.670 3878 WARNING rally_openstack.scenarios.neutron.utils [-] Running this scenario without either the 'network' or 'existing_network' context is deprecated
2020-02-29 22:41:04.934 3877 INFO rally.task.runner [-] Task 217a691d-f344-4c4e-9b69-19b10833cbd8 | ITER: 1 END: OK
2020-02-29 22:41:04.940 3877 INFO rally.task.runner [-] Task 217a691d-f344-4c4e-9b69-19b10833cbd8 | ITER: 6 START
2020-02-29 22:41:04.941 3877 WARNING rally_openstack.scenarios.neutron.utils [-] Running this scenario without either the 'network' or 'existing_network' context is deprecated
2020-02-29 22:41:10.462 3880 INFO rally.task.runner [-] Task 217a691d-f344-4c4e-9b69-19b10833cbd8 | ITER: 4 END: OK
2020-02-29 22:41:10.469 3880 INFO rally.task.runner [-] Task 217a691d-f344-4c4e-9b69-19b10833cbd8 | ITER: 7 START
2020-02-29 22:41:10.470 3880 WARNING rally_openstack.scenarios.neutron.utils [-] Running this scenario without either the 'network' or 'existing_network' context is deprecated
2020-02-29 22:41:10.508 3879 INFO rally.task.runner [-] Task 217a691d-f344-4c4e-9b69-19b10833cbd8 | ITER: 3 END: OK
2020-02-29 22:41:10.515 3879 INFO rally.task.runner [-] Task 217a691d-f344-4c4e-9b69-19b10833cbd8 | ITER: 8 START
