2020-02-29 20:33:35.381 725 INFO rally.task.engine [-] Running workload: position = 0 config = { "version": 2, "title": "A cropped version of a bigger task.", "description": "Auto-generated task from a single workload (uuid=ed304659-e33e-4188-b6f0-0786956a0f14)", "subtasks": [ { "title": "GlanceImages.create_and_get_image", "description": "Create and get detailed information of an image.", "scenario": { "GlanceImages.create_and_get_image": { "container_format": "bare", "disk_format": "qcow2", "image_location": "/home/opnfv/functest/images/cirros-0.4.0-x86_64-disk.img" } }, "contexts": { "users": { "tenants": 3, "users_per_tenant": 2 } }, "runner": { "constant": { "concurrency": 4, "times": 10 } }, "hooks": [], "sla": { "failure_rate": { "max": 0 } } } ] }
2020-02-29 20:33:35.405 725 RALLYDEBUG rally_openstack.contexts.keystone.users [-] Creating 3 tenants using 20 threads
2020-02-29 20:33:35.956 725 RALLYDEBUG rally_openstack.contexts.keystone.users [-] Creating 6 users using 20 threads
2020-02-29 20:33:37.194 725 INFO rally.task.context [-] Task 645098fe-52ad-4de4-a39b-380727bec2a0 | Context users@openstack setup() finished in 1.79 sec
2020-02-29 20:33:37.195 725 INFO rally.task.context [-] Task 645098fe-52ad-4de4-a39b-380727bec2a0 | Context cleanup@openstack setup() finished in 0.11 msec
2020-02-29 20:33:37.205 725 RALLYDEBUG rally.task.runner [-] Starting the constant runner (task UUID: 645098fe-52ad-4de4-a39b-380727bec2a0). timeout: 0 concurrency: 4 concurrency_per_worker: 1 times: 10 concurrency_overhead: 0 processes_to_start: 4 max_cpu_used: 88
2020-02-29 20:33:37.218 1633 RALLYDEBUG rally.task.runner [-] Starting a worker. concurrency: 1 args: {"container_format": "bare", "disk_format": "qcow2", "image_location": "/home/opnfv/functest/images/cirros-0.4.0-x86_64-disk.img"} times: 10 method_name: run timeout: 0 duration: None cls:
2020-02-29 20:33:37.224 1635 RALLYDEBUG rally.task.runner [-] Starting a worker. concurrency: 1 args: {"container_format": "bare", "disk_format": "qcow2", "image_location": "/home/opnfv/functest/images/cirros-0.4.0-x86_64-disk.img"} times: 10 method_name: run timeout: 0 duration: None cls:
2020-02-29 20:33:37.225 1633 INFO rally.task.runner [-] Task 645098fe-52ad-4de4-a39b-380727bec2a0 | ITER: 1 START
2020-02-29 20:33:37.228 1636 RALLYDEBUG rally.task.runner [-] Starting a worker. concurrency: 1 args: {"container_format": "bare", "disk_format": "qcow2", "image_location": "/home/opnfv/functest/images/cirros-0.4.0-x86_64-disk.img"} times: 10 method_name: run timeout: 0 duration: None cls:
2020-02-29 20:33:37.230 1634 RALLYDEBUG rally.task.runner [-] Starting a worker. concurrency: 1 args: {"container_format": "bare", "disk_format": "qcow2", "image_location": "/home/opnfv/functest/images/cirros-0.4.0-x86_64-disk.img"} times: 10 method_name: run timeout: 0 duration: None cls:
2020-02-29 20:33:37.231 1635 INFO rally.task.runner [-] Task 645098fe-52ad-4de4-a39b-380727bec2a0 | ITER: 2 START
2020-02-29 20:33:37.235 1636 INFO rally.task.runner [-] Task 645098fe-52ad-4de4-a39b-380727bec2a0 | ITER: 3 START
2020-02-29 20:33:37.237 1634 INFO rally.task.runner [-] Task 645098fe-52ad-4de4-a39b-380727bec2a0 | ITER: 4 START
2020-02-29 20:33:40.060 1635 RALLYDEBUG rally.task.utils [-] Waiting for resource u'43f4ed9b-2b58-4b18-bb36-490636e26bd2'. Status changed: NONE => QUEUED in 0.077250957489
2020-02-29 20:33:40.132 1634 RALLYDEBUG rally.task.utils [-] Waiting for resource u'36535540-ea08-4ceb-bad4-66e7ff584728'. Status changed: NONE => QUEUED in 0.0918829441071
2020-02-29 20:33:40.138 1636 RALLYDEBUG rally.task.utils [-] Waiting for resource u'c8e26b97-a572-4027-ba76-22341c7f6b46'. Status changed: NONE => QUEUED in 0.091717004776
2020-02-29 20:33:40.222 1633 RALLYDEBUG rally.task.utils [-] Waiting for resource u'ba2f3386-af3a-45ab-a33e-20dea465f59d'. Status changed: NONE => QUEUED in 0.0615239143372
2020-02-29 20:33:41.446 1635 RALLYDEBUG rally.task.utils [-] Waiting for resource s_rally_ed304659_1JJyAcmF. Status changed: QUEUED => ACTIVE in 0.0466639995575
2020-02-29 20:33:41.503 1635 INFO rally.task.runner [-] Task 645098fe-52ad-4de4-a39b-380727bec2a0 | ITER: 2 END: OK
2020-02-29 20:33:41.508 1635 INFO rally.task.runner [-] Task 645098fe-52ad-4de4-a39b-380727bec2a0 | ITER: 5 START
2020-02-29 20:33:41.545 1633 RALLYDEBUG rally.task.utils [-] Waiting for resource s_rally_ed304659_ePTekv9w. Status changed: QUEUED => ACTIVE in 0.0383369922638
2020-02-29 20:33:41.563 1636 RALLYDEBUG rally.task.utils [-] Waiting for resource s_rally_ed304659_XjW0VBra. Status changed: QUEUED => ACTIVE in 0.0389840602875
2020-02-29 20:33:41.581 1633 INFO rally.task.runner [-] Task 645098fe-52ad-4de4-a39b-380727bec2a0 | ITER: 1 END: OK
2020-02-29 20:33:41.586 1633 INFO rally.task.runner [-] Task 645098fe-52ad-4de4-a39b-380727bec2a0 | ITER: 6 START
2020-02-29 20:33:41.595 1636 INFO rally.task.runner [-] Task 645098fe-52ad-4de4-a39b-380727bec2a0 | ITER: 3 END: OK
2020-02-29 20:33:41.600 1636 INFO rally.task.runner [-] Task 645098fe-52ad-4de4-a39b-380727bec2a0 | ITER: 7 START
2020-02-29 20:33:41.764 1634 RALLYDEBUG rally.task.utils [-] Waiting for resource s_rally_ed304659_sRnwalAW. Status changed: QUEUED => ACTIVE in 0.0447800159454
2020-02-29 20:33:41.805 1634 INFO rally.task.runner [-] Task 645098fe-52ad-4de4-a39b-380727bec2a0 | ITER: 4 END: OK
2020-02-29 20:33:41.810 1634 INFO rally.task.runner [-] Task 645098fe-52ad-4de4-a39b-380727bec2a0 | ITER: 8 START
2020-02-29 20:33:45.204 1633 RALLYDEBUG rally.task.utils [-] Waiting for resource u'65847577-862f-4013-9120-36919ed42384'. Status changed: NONE => QUEUED in 0.102025985718
2020-02-29 20:33:45.231 1636 RALLYDEBUG rally.task.utils [-] Waiting for resource u'1b638bba-620b-49c9-9e52-04f3e6a3e9a4'. Status changed: NONE => QUEUED in 0.066987991333
2020-02-29 20:33:45.351 1635 RALLYDEBUG rally.task.utils [-] Waiting for resource u'46ccb1d9-6249-46a6-bfab-8783ce860be6'. Status changed: NONE => QUEUED in 0.0620608329773
2020-02-29 20:33:45.521 1634 RALLYDEBUG rally.task.utils [-] Waiting for resource u'95d38468-0086-4de3-9f2a-1e51915ba1d1'. Status changed: NONE => QUEUED in 0.0745329856873
2020-02-29 20:33:46.245 1636 RALLYDEBUG rally.task.utils [-] Waiting for resource s_rally_ed304659_2KCBHAYa. Status changed: QUEUED => ACTIVE in 0.0566890239716
2020-02-29 20:33:46.312 1636 INFO rally.task.runner [-] Task 645098fe-52ad-4de4-a39b-380727bec2a0 | ITER: 7 END: OK
2020-02-29 20:33:46.313 1633 RALLYDEBUG rally.task.utils [-] Waiting for resource s_rally_ed304659_2EKeeZSG. Status changed: QUEUED => ACTIVE in 0.0538790225983
2020-02-29 20:33:46.316 1636 INFO rally.task.runner [-] Task 645098fe-52ad-4de4-a39b-380727bec2a0 | ITER: 9 START
2020-02-29 20:33:46.352 1633 INFO rally.task.runner [-] Task 645098fe-52ad-4de4-a39b-380727bec2a0 | ITER: 6 END: OK
2020-02-29 20:33:46.357 1633 INFO rally.task.runner [-] Task 645098fe-52ad-4de4-a39b-380727bec2a0 | ITER: 10 START
2020-02-29 20:33:46.623 1635 RALLYDEBUG rally.task.utils [-] Waiting for resource s_rally_ed304659_z0S4tflO. Status changed: QUEUED => ACTIVE in 0.0321760177612
2020-02-29 20:33:46.656 1634 RALLYDEBUG rally.task.utils [-] Waiting for resource s_rally_ed304659_WHE8H6sK. Status changed: QUEUED => ACTIVE in 0.0305330753326
2020-02-29 20:33:46.668 1635 INFO rally.task.runner [-] Task 645098fe-52ad-4de4-a39b-380727bec2a0 | ITER: 5 END: OK
2020-02-29 20:33:46.687 1634 INFO rally.task.runner [-] Task 645098fe-52ad-4de4-a39b-380727bec2a0 | ITER: 8 END: OK
2020-02-29 20:33:48.848 1636 RALLYDEBUG rally.task.utils [-] Waiting for resource u'0f99f344-8650-4228-8470-f14cb2282ebe'. Status changed: NONE => QUEUED in 0.0708019733429
2020-02-29 20:33:48.934 1633 RALLYDEBUG rally.task.utils [-] Waiting for resource u'dedcf189-ff58-4c21-9409-97b2b8e7e1b9'. Status changed: NONE => QUEUED in 0.0675361156464
2020-02-29 20:33:49.821 1636 RALLYDEBUG rally.task.utils [-] Waiting for resource s_rally_ed304659_FCXdOS3b. Status changed: QUEUED => ACTIVE in 0.0462708473206
2020-02-29 20:33:49.875 1636 INFO rally.task.runner [-] Task 645098fe-52ad-4de4-a39b-380727bec2a0 | ITER: 9 END: OK
2020-02-29 20:33:50.003 1633 RALLYDEBUG rally.task.utils [-] Waiting for resource s_rally_ed304659_KzUwuNAq. Status changed: QUEUED => ACTIVE in 0.0385990142822
2020-02-29 20:33:50.045 1633 INFO rally.task.runner [-] Task 645098fe-52ad-4de4-a39b-380727bec2a0 | ITER: 10 END: OK
2020-02-29 20:33:50.077 725 INFO rally.task.context [-] Task 645098fe-52ad-4de4-a39b-380727bec2a0 | Context cleanup@openstack cleanup() started
2020-02-29 20:33:50.080 725 RALLYDEBUG rally_openstack.cleanup.manager [-] Cleaning up glance images objects
2020-02-29 20:33:51.163 725 RALLYDEBUG rally_openstack.cleanup.manager [-] Deleting glance.images object s_rally_ed304659_1JJyAcmF (43f4ed9b-2b58-4b18-bb36-490636e26bd2)
2020-02-29 20:33:51.165 725 RALLYDEBUG rally_openstack.cleanup.manager [-] Deleting glance.images object s_rally_ed304659_2EKeeZSG (65847577-862f-4013-9120-36919ed42384)
2020-02-29 20:33:51.165 725 RALLYDEBUG rally_openstack.cleanup.manager [-] Deleting glance.images object s_rally_ed304659_WHE8H6sK (95d38468-0086-4de3-9f2a-1e51915ba1d1)
2020-02-29 20:33:51.166 725 RALLYDEBUG rally_openstack.cleanup.manager [-] Deleting glance.images object s_rally_ed304659_sRnwalAW (36535540-ea08-4ceb-bad4-66e7ff584728)
2020-02-29 20:33:51.180 725 RALLYDEBUG rally_openstack.cleanup.manager [-] Deleting glance.images object s_rally_ed304659_z0S4tflO (46ccb1d9-6249-46a6-bfab-8783ce860be6)
2020-02-29 20:33:51.183 725 RALLYDEBUG rally_openstack.cleanup.manager [-] Deleting glance.images object s_rally_ed304659_KzUwuNAq (dedcf189-ff58-4c21-9409-97b2b8e7e1b9)
2020-02-29 20:33:51.214 725 RALLYDEBUG rally_openstack.cleanup.manager [-] Deleting glance.images object s_rally_ed304659_ePTekv9w (ba2f3386-af3a-45ab-a33e-20dea465f59d)
2020-02-29 20:33:51.225 725 RALLYDEBUG rally_openstack.cleanup.manager [-] Deleting glance.images object s_rally_ed304659_2KCBHAYa (1b638bba-620b-49c9-9e52-04f3e6a3e9a4)
2020-02-29 20:33:51.226 725 RALLYDEBUG rally_openstack.cleanup.manager [-] Deleting glance.images object s_rally_ed304659_XjW0VBra (c8e26b97-a572-4027-ba76-22341c7f6b46)
2020-02-29 20:33:51.235 725 RALLYDEBUG rally_openstack.cleanup.manager [-] Deleting glance.images object s_rally_ed304659_FCXdOS3b (0f99f344-8650-4228-8470-f14cb2282ebe)
2020-02-29 20:33:52.199 725 DEBUG glanceclient.common.http [-] Request returned failure status 404. _handle_response /usr/lib/python2.7/site-packages/glanceclient/common/http.py:125
2020-02-29 20:33:52.243 725 DEBUG glanceclient.common.http [-] Request returned failure status 404. _handle_response /usr/lib/python2.7/site-packages/glanceclient/common/http.py:125
2020-02-29 20:33:52.290 725 DEBUG glanceclient.common.http [-] Request returned failure status 404. _handle_response /usr/lib/python2.7/site-packages/glanceclient/common/http.py:125
2020-02-29 20:33:52.320 725 DEBUG glanceclient.common.http [-] Request returned failure status 404. _handle_response /usr/lib/python2.7/site-packages/glanceclient/common/http.py:125
2020-02-29 20:33:52.461 725 DEBUG glanceclient.common.http [-] Request returned failure status 404. _handle_response /usr/lib/python2.7/site-packages/glanceclient/common/http.py:125
2020-02-29 20:33:52.507 725 DEBUG glanceclient.common.http [-] Request returned failure status 404. _handle_response /usr/lib/python2.7/site-packages/glanceclient/common/http.py:125
2020-02-29 20:33:52.511 725 DEBUG glanceclient.common.http [-] Request returned failure status 404. _handle_response /usr/lib/python2.7/site-packages/glanceclient/common/http.py:125
2020-02-29 20:33:52.548 725 DEBUG glanceclient.common.http [-] Request returned failure status 404. _handle_response /usr/lib/python2.7/site-packages/glanceclient/common/http.py:125
2020-02-29 20:33:53.190 725 DEBUG glanceclient.common.http [-] Request returned failure status 404. _handle_response /usr/lib/python2.7/site-packages/glanceclient/common/http.py:125
2020-02-29 20:33:53.217 725 DEBUG glanceclient.common.http [-] Request returned failure status 404. _handle_response /usr/lib/python2.7/site-packages/glanceclient/common/http.py:125
2020-02-29 20:33:53.396 725 DEBUG glanceclient.common.http [-] Request returned failure status 404. _handle_response /usr/lib/python2.7/site-packages/glanceclient/common/http.py:125
2020-02-29 20:33:53.430 725 DEBUG glanceclient.common.http [-] Request returned failure status 404. _handle_response /usr/lib/python2.7/site-packages/glanceclient/common/http.py:125
2020-02-29 20:33:53.827 725 DEBUG glanceclient.common.http [-] Request returned failure status 404. _handle_response /usr/lib/python2.7/site-packages/glanceclient/common/http.py:125
2020-02-29 20:33:53.858 725 DEBUG glanceclient.common.http [-] Request returned failure status 404. _handle_response /usr/lib/python2.7/site-packages/glanceclient/common/http.py:125
2020-02-29 20:33:53.926 725 DEBUG glanceclient.common.http [-] Request returned failure status 404. _handle_response /usr/lib/python2.7/site-packages/glanceclient/common/http.py:125
2020-02-29 20:33:53.968 725 DEBUG glanceclient.common.http [-] Request returned failure status 404. _handle_response /usr/lib/python2.7/site-packages/glanceclient/common/http.py:125
2020-02-29 20:33:54.067 725 DEBUG glanceclient.common.http [-] Request returned failure status 404. _handle_response /usr/lib/python2.7/site-packages/glanceclient/common/http.py:125
2020-02-29 20:33:54.098 725 DEBUG glanceclient.common.http [-] Request returned failure status 404. _handle_response /usr/lib/python2.7/site-packages/glanceclient/common/http.py:125
2020-02-29 20:33:54.174 725 DEBUG glanceclient.common.http [-] Request returned failure status 404. _handle_response /usr/lib/python2.7/site-packages/glanceclient/common/http.py:125
2020-02-29 20:33:54.210 725 DEBUG glanceclient.common.http [-] Request returned failure status 404. _handle_response /usr/lib/python2.7/site-packages/glanceclient/common/http.py:125
2020-02-29 20:33:55.213 725 INFO rally.task.context [-] Task 645098fe-52ad-4de4-a39b-380727bec2a0 | Context cleanup@openstack cleanup() finished in 5.14 sec
2020-02-29 20:33:55.214 725 INFO rally.task.context [-] Task 645098fe-52ad-4de4-a39b-380727bec2a0 | Context users@openstack cleanup() started
2020-02-29 20:33:58.882 725 INFO rally.task.context [-] Task 645098fe-52ad-4de4-a39b-380727bec2a0 | Context users@openstack cleanup() finished in 3.67 sec
2020-02-29 20:33:59.538 725 INFO rally.task.engine [-] Load duration is: 12.476836
2020-02-29 20:33:59.538 725 INFO rally.task.engine [-] Full runner duration is: 12.872713
2020-02-29 20:33:59.538 725 INFO rally.task.engine [-] Full duration is: 23.478939
2020-02-29 20:33:59.596 725 INFO rally.task.engine [-] Running workload: position = 0 config = { "version": 2, "title": "A cropped version of a bigger task.", "description": "Auto-generated task from a single workload (uuid=5013adc2-5efc-49c3-9b3a-f9c64b5f2b79)", "subtasks": [ { "title": "GlanceImages.create_and_update_image", "description": "Create an image then update it.", "scenario": { "GlanceImages.create_and_update_image": { "container_format": "bare", "disk_format": "qcow2", "image_location": "/home/opnfv/functest/images/cirros-0.4.0-x86_64-disk.img" } }, "contexts": { "users": { "tenants": 3, "users_per_tenant": 2 } }, "runner": { "constant": { "concurrency": 4, "times": 10 } }, "hooks": [], "sla": { "failure_rate": { "max": 0 } } } ] }
2020-02-29 20:33:59.616 725 RALLYDEBUG rally_openstack.contexts.keystone.users [-] Creating 3 tenants using 20 threads
2020-02-29 20:34:00.005 725 RALLYDEBUG rally_openstack.contexts.keystone.users [-] Creating 6 users using 20 threads
2020-02-29 20:34:01.120 725 INFO rally.task.context [-] Task 645098fe-52ad-4de4-a39b-380727bec2a0 | Context users@openstack setup() finished in 1.50 sec
2020-02-29 20:34:01.120 725 INFO rally.task.context [-] Task 645098fe-52ad-4de4-a39b-380727bec2a0 | Context cleanup@openstack setup() finished in 0.01 msec
2020-02-29 20:34:01.130 725 RALLYDEBUG rally.task.runner [-] Starting the constant runner (task UUID: 645098fe-52ad-4de4-a39b-380727bec2a0). timeout: 0 concurrency: 4 concurrency_per_worker: 1 times: 10 concurrency_overhead: 0 processes_to_start: 4 max_cpu_used: 88
2020-02-29 20:34:01.145 1757 RALLYDEBUG rally.task.runner [-] Starting a worker. concurrency: 1 args: {"container_format": "bare", "disk_format": "qcow2", "image_location": "/home/opnfv/functest/images/cirros-0.4.0-x86_64-disk.img"} times: 10 method_name: run timeout: 0 duration: None cls:
2020-02-29 20:34:01.148 1758 RALLYDEBUG rally.task.runner [-] Starting a worker. concurrency: 1 args: {"container_format": "bare", "disk_format": "qcow2", "image_location": "/home/opnfv/functest/images/cirros-0.4.0-x86_64-disk.img"} times: 10 method_name: run timeout: 0 duration: None cls:
2020-02-29 20:34:01.150 1759 RALLYDEBUG rally.task.runner [-] Starting a worker. concurrency: 1 args: {"container_format": "bare", "disk_format": "qcow2", "image_location": "/home/opnfv/functest/images/cirros-0.4.0-x86_64-disk.img"} times: 10 method_name: run timeout: 0 duration: None cls:
2020-02-29 20:34:01.153 1757 INFO rally.task.runner [-] Task 645098fe-52ad-4de4-a39b-380727bec2a0 | ITER: 1 START
2020-02-29 20:34:01.155 1760 RALLYDEBUG rally.task.runner [-] Starting a worker. concurrency: 1 args: {"container_format": "bare", "disk_format": "qcow2", "image_location": "/home/opnfv/functest/images/cirros-0.4.0-x86_64-disk.img"} times: 10 method_name: run timeout: 0 duration: None cls:
2020-02-29 20:34:01.157 1759 INFO rally.task.runner [-] Task 645098fe-52ad-4de4-a39b-380727bec2a0 | ITER: 3 START
2020-02-29 20:34:01.159 1758 INFO rally.task.runner [-] Task 645098fe-52ad-4de4-a39b-380727bec2a0 | ITER: 2 START
2020-02-29 20:34:01.162 1760 INFO rally.task.runner [-] Task 645098fe-52ad-4de4-a39b-380727bec2a0 | ITER: 4 START
2020-02-29 20:34:03.985 1758 RALLYDEBUG rally.task.utils [-] Waiting for resource u'9663b282-0172-49d4-b0ef-1d86af56a96f'. Status changed: NONE => QUEUED in 0.0630180835724
2020-02-29 20:34:04.089 1757 RALLYDEBUG rally.task.utils [-] Waiting for resource u'9e0cc934-fb3f-459e-ac54-5c55a274a9b5'. Status changed: NONE => QUEUED in 0.0685770511627
2020-02-29 20:34:04.124 1760 RALLYDEBUG rally.task.utils [-] Waiting for resource u'f0fb8254-263b-44df-8a20-1cc5479f2a4b'. Status changed: NONE => QUEUED in 0.05899310112
2020-02-29 20:34:04.177 1759 RALLYDEBUG rally.task.utils [-] Waiting for resource u'0f896e5c-fd5e-4c39-9f6f-712cd6cbe97e'. Status changed: NONE => QUEUED in 0.0857501029968
2020-02-29 20:34:05.689 1757 RALLYDEBUG rally.task.utils [-] Waiting for resource s_rally_5013adc2_Gpyi0QCD. Status changed: QUEUED => ACTIVE in 0.0436699390411
2020-02-29 20:34:05.700 1758 RALLYDEBUG rally.task.utils [-] Waiting for resource s_rally_5013adc2_FKsD6a9r. Status changed: QUEUED => ACTIVE in 0.0347809791565
2020-02-29 20:34:05.929 1757 INFO rally.task.runner [-] Task 645098fe-52ad-4de4-a39b-380727bec2a0 | ITER: 1 END: OK
2020-02-29 20:34:05.934 1757 INFO rally.task.runner [-] Task 645098fe-52ad-4de4-a39b-380727bec2a0 | ITER: 5 START
2020-02-29 20:34:05.944 1758 INFO rally.task.runner [-] Task 645098fe-52ad-4de4-a39b-380727bec2a0 | ITER: 2 END: OK
2020-02-29 20:34:05.948 1758 INFO rally.task.runner [-] Task 645098fe-52ad-4de4-a39b-380727bec2a0 | ITER: 6 START
2020-02-29 20:34:06.001 1760 RALLYDEBUG rally.task.utils [-] Waiting for resource s_rally_5013adc2_wkr3ROWo. Status changed: QUEUED => ACTIVE in 0.0371851921082
2020-02-29 20:34:06.124 1759 RALLYDEBUG rally.task.utils [-] Waiting for resource s_rally_5013adc2_6ORlfaci. Status changed: QUEUED => ACTIVE in 0.0631539821625
2020-02-29 20:34:06.239 1760 INFO rally.task.runner [-] Task 645098fe-52ad-4de4-a39b-380727bec2a0 | ITER: 4 END: OK
2020-02-29 20:34:06.244 1760 INFO rally.task.runner [-] Task 645098fe-52ad-4de4-a39b-380727bec2a0 | ITER: 7 START
2020-02-29 20:34:06.361 1759 INFO rally.task.runner [-] Task 645098fe-52ad-4de4-a39b-380727bec2a0 | ITER: 3 END: OK
2020-02-29 20:34:06.366 1759 INFO rally.task.runner [-] Task 645098fe-52ad-4de4-a39b-380727bec2a0 | ITER: 8 START
2020-02-29 20:34:08.497 1758 RALLYDEBUG rally.task.utils [-] Waiting for resource u'b4835fa8-871f-4d4e-ab8f-261a842a0cd9'. Status changed: NONE => QUEUED in 0.0881268978119
2020-02-29 20:34:08.505 1757 RALLYDEBUG rally.task.utils [-] Waiting for resource u'67a7777b-79a6-4a57-835c-9d2f971d0bc5'. Status changed: NONE => QUEUED in 0.0763959884644
2020-02-29 20:34:08.755 1760 RALLYDEBUG rally.task.utils [-] Waiting for resource u'b801851e-1c1e-4f08-a470-484caddf4988'. Status changed: NONE => QUEUED in 0.100696086884
2020-02-29 20:34:09.011 1759 RALLYDEBUG rally.task.utils [-] Waiting for resource u'6e3fd770-8ad6-4d52-82a5-73b38d784fa4'. Status changed: NONE => QUEUED in 0.0601270198822
2020-02-29 20:34:09.673 1758 RALLYDEBUG rally.task.utils [-] Waiting for resource s_rally_5013adc2_QjNTp7tU. Status changed: QUEUED => ACTIVE in 0.0475788116455
2020-02-29 20:34:09.689 1757 RALLYDEBUG rally.task.utils [-] Waiting for resource s_rally_5013adc2_uSP95ObH. Status changed: QUEUED => ACTIVE in 0.0477538108826
2020-02-29 20:34:09.765 1760 RALLYDEBUG rally.task.utils [-] Waiting for resource s_rally_5013adc2_cIX7qjQR. Status changed: QUEUED => ACTIVE in 0.0418260097504
2020-02-29 20:34:10.029 1758 INFO rally.task.runner [-] Task 645098fe-52ad-4de4-a39b-380727bec2a0 | ITER: 6 END: OK
2020-02-29 20:34:10.029 1757 INFO rally.task.runner [-] Task 645098fe-52ad-4de4-a39b-380727bec2a0 | ITER: 5 END: OK
2020-02-29 20:34:10.033 1758 INFO rally.task.runner [-] Task 645098fe-52ad-4de4-a39b-380727bec2a0 | ITER: 10 START
2020-02-29 20:34:10.033 1757 INFO rally.task.runner [-] Task 645098fe-52ad-4de4-a39b-380727bec2a0 | ITER: 9 START
2020-02-29 20:34:10.113 1759 RALLYDEBUG rally.task.utils [-] Waiting for resource s_rally_5013adc2_qTaxLqhf. Status changed: QUEUED => ACTIVE in 0.0338189601898
2020-02-29 20:34:10.131 1760 INFO rally.task.runner [-] Task 645098fe-52ad-4de4-a39b-380727bec2a0 | ITER: 7 END: OK
2020-02-29 20:34:10.338 1759 INFO rally.task.runner [-] Task 645098fe-52ad-4de4-a39b-380727bec2a0 | ITER: 8 END: OK
2020-02-29 20:34:12.508 1757 RALLYDEBUG rally.task.utils [-] Waiting for resource u'ec54cbb1-f667-41db-bc08-0c935acab50f'. Status changed: NONE => QUEUED in 0.0608909130096
2020-02-29 20:34:12.581 1758 RALLYDEBUG rally.task.utils [-] Waiting for resource u'ae649112-d603-400c-b9fc-2e3cfa93badc'. Status changed: NONE => QUEUED in 0.0631110668182
2020-02-29 20:34:13.550 1758 RALLYDEBUG rally.task.utils [-] Waiting for resource s_rally_5013adc2_QcCpb9C7. Status changed: QUEUED => ACTIVE in 0.0419888496399
2020-02-29 20:34:13.696 1757 RALLYDEBUG rally.task.utils [-] Waiting for resource s_rally_5013adc2_LcVVqHMA. Status changed: QUEUED => ACTIVE in 0.0684030056
2020-02-29 20:34:13.882 1758 INFO rally.task.runner [-] Task 645098fe-52ad-4de4-a39b-380727bec2a0 | ITER: 10 END: OK
2020-02-29 20:34:13.928 1757 INFO rally.task.runner [-] Task 645098fe-52ad-4de4-a39b-380727bec2a0 | ITER: 9 END: OK
2020-02-29 20:34:13.948 725 INFO rally.task.context [-] Task 645098fe-52ad-4de4-a39b-380727bec2a0 | Context cleanup@openstack cleanup() started
2020-02-29 20:34:13.952 725 RALLYDEBUG rally_openstack.cleanup.manager [-] Cleaning up glance images objects
2020-02-29 20:34:14.935 725 RALLYDEBUG rally_openstack.cleanup.manager [-] Deleting glance.images object s_rally_5013adc2_ooDvLR56 (ae649112-d603-400c-b9fc-2e3cfa93badc)
2020-02-29 20:34:14.942 725 RALLYDEBUG rally_openstack.cleanup.manager [-] Deleting glance.images object s_rally_5013adc2_6uBxcohy (9663b282-0172-49d4-b0ef-1d86af56a96f)
2020-02-29 20:34:14.947 725 RALLYDEBUG rally_openstack.cleanup.manager [-] Deleting glance.images object s_rally_5013adc2_yHBiqT2f (0f896e5c-fd5e-4c39-9f6f-712cd6cbe97e)
2020-02-29 20:34:14.959 725 RALLYDEBUG rally_openstack.cleanup.manager [-] Deleting glance.images object s_rally_5013adc2_6Nft9IAZ (b4835fa8-871f-4d4e-ab8f-261a842a0cd9)
2020-02-29 20:34:14.959 725 RALLYDEBUG rally_openstack.cleanup.manager [-] Deleting glance.images object s_rally_5013adc2_MFQlnu2i (9e0cc934-fb3f-459e-ac54-5c55a274a9b5)
2020-02-29 20:34:14.956 725 RALLYDEBUG rally_openstack.cleanup.manager [-] Deleting glance.images object s_rally_5013adc2_6mIzNGU0 (6e3fd770-8ad6-4d52-82a5-73b38d784fa4)
2020-02-29 20:34:14.967 725 RALLYDEBUG rally_openstack.cleanup.manager [-] Deleting glance.images object s_rally_5013adc2_BEpZFPyB (f0fb8254-263b-44df-8a20-1cc5479f2a4b)
2020-02-29 20:34:14.976 725 RALLYDEBUG rally_openstack.cleanup.manager [-] Deleting glance.images object s_rally_5013adc2_mscnomUe (ec54cbb1-f667-41db-bc08-0c935acab50f)
2020-02-29 20:34:14.986 725 RALLYDEBUG rally_openstack.cleanup.manager [-] Deleting glance.images object s_rally_5013adc2_vWtOHpfs (b801851e-1c1e-4f08-a470-484caddf4988)
2020-02-29 20:34:15.021 725 RALLYDEBUG rally_openstack.cleanup.manager [-] Deleting glance.images object s_rally_5013adc2_dD6gg7hG (67a7777b-79a6-4a57-835c-9d2f971d0bc5)
2020-02-29 20:34:17.078 725 DEBUG glanceclient.common.http [-] Request returned failure status 404. _handle_response /usr/lib/python2.7/site-packages/glanceclient/common/http.py:125
2020-02-29 20:34:17.112 725 DEBUG glanceclient.common.http [-] Request returned failure status 404. _handle_response /usr/lib/python2.7/site-packages/glanceclient/common/http.py:125
2020-02-29 20:34:17.136 725 DEBUG glanceclient.common.http [-] Request returned failure status 404. _handle_response /usr/lib/python2.7/site-packages/glanceclient/common/http.py:125
2020-02-29 20:34:17.137 725 DEBUG glanceclient.common.http [-] Request returned failure status 404. _handle_response /usr/lib/python2.7/site-packages/glanceclient/common/http.py:125
2020-02-29 20:34:17.154 725 DEBUG glanceclient.common.http [-] Request returned failure status 404. _handle_response /usr/lib/python2.7/site-packages/glanceclient/common/http.py:125
2020-02-29 20:34:17.163 725 DEBUG glanceclient.common.http [-] Request returned failure status 404. _handle_response /usr/lib/python2.7/site-packages/glanceclient/common/http.py:125
2020-02-29 20:34:17.200 725 DEBUG glanceclient.common.http [-] Request returned failure status 404. _handle_response /usr/lib/python2.7/site-packages/glanceclient/common/http.py:125
2020-02-29 20:34:17.222 725 DEBUG glanceclient.common.http [-] Request returned failure status 404. _handle_response /usr/lib/python2.7/site-packages/glanceclient/common/http.py:125
2020-02-29 20:34:17.227 725 DEBUG glanceclient.common.http [-] Request returned failure status 404. _handle_response /usr/lib/python2.7/site-packages/glanceclient/common/http.py:125
2020-02-29 20:34:17.232 725 DEBUG glanceclient.common.http [-] Request returned failure status 404. _handle_response /usr/lib/python2.7/site-packages/glanceclient/common/http.py:125
2020-02-29 20:34:17.257 725 DEBUG glanceclient.common.http [-] Request returned failure status 404. _handle_response /usr/lib/python2.7/site-packages/glanceclient/common/http.py:125
2020-02-29 20:34:17.261 725 DEBUG glanceclient.common.http [-] Request returned failure status 404. _handle_response /usr/lib/python2.7/site-packages/glanceclient/common/http.py:125
2020-02-29 20:34:17.282 725 DEBUG glanceclient.common.http [-] Request returned failure status 404. _handle_response /usr/lib/python2.7/site-packages/glanceclient/common/http.py:125
2020-02-29 20:34:17.297 725 DEBUG glanceclient.common.http [-] Request returned failure status 404. _handle_response /usr/lib/python2.7/site-packages/glanceclient/common/http.py:125
2020-02-29 20:34:17.299 725 DEBUG glanceclient.common.http [-] Request returned failure status 404. _handle_response /usr/lib/python2.7/site-packages/glanceclient/common/http.py:125
2020-02-29 20:34:17.306 725 DEBUG glanceclient.common.http [-] Request returned failure status 404. _handle_response /usr/lib/python2.7/site-packages/glanceclient/common/http.py:125
2020-02-29 20:34:17.327 725 DEBUG glanceclient.common.http [-] Request returned failure status 404. _handle_response /usr/lib/python2.7/site-packages/glanceclient/common/http.py:125
2020-02-29 20:34:17.342 725 DEBUG glanceclient.common.http [-] Request returned failure status 404. _handle_response /usr/lib/python2.7/site-packages/glanceclient/common/http.py:125
2020-02-29 20:34:17.354 725 DEBUG glanceclient.common.http [-] Request returned failure status 404. _handle_response /usr/lib/python2.7/site-packages/glanceclient/common/http.py:125
2020-02-29 20:34:17.359 725 DEBUG glanceclient.common.http [-] Request returned failure status 404. _handle_response /usr/lib/python2.7/site-packages/glanceclient/common/http.py:125
2020-02-29 20:34:18.362 725 INFO rally.task.context [-] Task 645098fe-52ad-4de4-a39b-380727bec2a0 | Context cleanup@openstack cleanup() finished in 4.41 sec
2020-02-29 20:34:18.362 725 INFO rally.task.context [-] Task 645098fe-52ad-4de4-a39b-380727bec2a0 | Context users@openstack cleanup() started
2020-02-29 20:34:22.039 725 INFO rally.task.context [-] Task 645098fe-52ad-4de4-a39b-380727bec2a0 | Context users@openstack cleanup() finished in 3.68 sec
2020-02-29 20:34:23.734 725 INFO rally.task.engine [-] Load duration is: 12.4535
2020-02-29 20:34:23.735 725 INFO rally.task.engine [-] Full runner duration is: 12.818391
2020-02-29 20:34:23.735 725 INFO rally.task.engine [-] Full duration is: 22.425096
2020-02-29 20:34:23.792 725 INFO rally.task.engine [-] Task 645098fe-52ad-4de4-a39b-380727bec2a0 | Completed: Running task.
2020-02-29 20:34:25.005 1839 RALLYDEBUG rally.api [-] INFO logs from urllib3 and requests module are hide.
2020-02-29 20:34:25.005 1839 RALLYDEBUG rally.api [-] urllib3 insecure warnings are hidden.
2020-02-29 20:34:25.005 1839 RALLYDEBUG rally.api [-] ERROR log from boto module is hide.
2020-02-29 20:34:26.009 1840 RALLYDEBUG rally.api [-] INFO logs from urllib3 and requests module are hide.
2020-02-29 20:34:26.009 1840 RALLYDEBUG rally.api [-] urllib3 insecure warnings are hidden.
2020-02-29 20:34:26.009 1840 RALLYDEBUG rally.api [-] ERROR log from boto module is hide.
2020-02-29 20:34:26.805 1841 RALLYDEBUG rally.api [-] INFO logs from urllib3 and requests module are hide.
2020-02-29 20:34:26.805 1841 RALLYDEBUG rally.api [-] urllib3 insecure warnings are hidden.
2020-02-29 20:34:26.805 1841 RALLYDEBUG rally.api [-] ERROR log from boto module is hide.
2020-02-29 20:34:28.067 1841 INFO rally.api [-] Building 'json' report for the following task(s): '645098fe-52ad-4de4-a39b-380727bec2a0'.
2020-02-29 20:34:28.090 1841 INFO rally.api [-] The report has been successfully built.
2020-02-29 20:34:29.217 1843 RALLYDEBUG rally.api [-] INFO logs from urllib3 and requests module are hide.
2020-02-29 20:34:29.217 1843 RALLYDEBUG rally.api [-] urllib3 insecure warnings are hidden.
2020-02-29 20:34:29.217 1843 RALLYDEBUG rally.api [-] ERROR log from boto module is hide.
2020-02-29 20:34:30.876 1843 INFO rally.task.engine [-] Task c3528c00-b160-45e3-99be-0de034d16e78 | Starting: Task validation.
2020-02-29 20:34:30.879 1843 INFO rally.task.engine [-] Task c3528c00-b160-45e3-99be-0de034d16e78 | Starting: Task validation of syntax.
2020-02-29 20:34:31.220 1843 INFO rally.task.engine [-] Task c3528c00-b160-45e3-99be-0de034d16e78 | Completed: Task validation of syntax.
2020-02-29 20:34:31.221 1843 INFO rally.task.engine [-] Task c3528c00-b160-45e3-99be-0de034d16e78 | Starting: Task validation of required platforms.
2020-02-29 20:34:31.352 1843 INFO rally.task.engine [-] Task c3528c00-b160-45e3-99be-0de034d16e78 | Completed: Task validation of required platforms.
2020-02-29 20:34:31.352 1843 INFO rally.task.engine [-] Task c3528c00-b160-45e3-99be-0de034d16e78 | Starting: Task validation of semantic.
2020-02-29 20:34:31.353 1843 INFO rally.task.engine [-] Check health of the environment 'a8bb8ae5-f3e1-4409-9165-b62e6eba6037'.
2020-02-29 20:34:31.889 1843 INFO rally.task.engine [-] Platform existing@openstack (available: True): OK!
2020-02-29 20:34:31.908 1843 RALLYDEBUG rally_openstack.contexts.keystone.users [-] Creating 1 tenants using 20 threads
2020-02-29 20:34:32.241 1843 RALLYDEBUG rally_openstack.contexts.keystone.users [-] Creating 1 users using 20 threads
2020-02-29 20:34:32.666 1843 INFO rally.task.context [-] Task c3528c00-b160-45e3-99be-0de034d16e78 | Context users@openstack setup() finished in 0.76 sec
2020-02-29 20:34:33.084 1843 DEBUG novaclient.v2.client [-] REQ: curl -g -i -X GET http://compute-airship.intel-pod15.opnfv.org:80/v2.1/flavors/detail -H "Accept: application/json" -H "User-Agent: python-novaclient" -H "X-Auth-Token: {SHA1}9b6a14eb14b4714b9dd5bbbdb031839e9905471f" _http_log_request /usr/lib/python2.7/site-packages/keystoneauth1/session.py:448
2020-02-29 20:34:33.280 1843 DEBUG novaclient.v2.client [-] RESP: [200] Connection: keep-alive Content-Encoding: gzip Content-Type: application/json Date: Sat, 29 Feb 2020 20:34:33 GMT Openstack-Api-Version: compute 2.1 Transfer-Encoding: chunked Vary: Accept-Encoding, OpenStack-API-Version, X-OpenStack-Nova-API-Version X-Compute-Request-Id: req-60cd8f23-e714-45b7-89e7-8ebcbd0dc7f7 X-Openstack-Nova-Api-Version: 2.1 _http_log_response /usr/lib/python2.7/site-packages/keystoneauth1/session.py:479
2020-02-29 20:34:33.281 1843 DEBUG novaclient.v2.client [-] RESP BODY: {"flavors": [{"links": [{"href": "http://compute-airship.intel-pod15.opnfv.org/v2.1/flavors/0e30d60b-d604-4f14-94a8-bbab8e99a5cc", "rel": "self"}, {"href": "http://compute-airship.intel-pod15.opnfv.org/flavors/0e30d60b-d604-4f14-94a8-bbab8e99a5cc", "rel": "bookmark"}], "ram": 8192, "OS-FLV-DISABLED:disabled": false, "os-flavor-access:is_public": true, "rxtx_factor": 1.0, "disk": 80, "id": "0e30d60b-d604-4f14-94a8-bbab8e99a5cc", "name": "m1.large", "vcpus": 4, "swap": "", "OS-FLV-EXT-DATA:ephemeral": 0}, {"links": [{"href": "http://compute-airship.intel-pod15.opnfv.org/v2.1/flavors/1b3d76fc-af65-4645-a421-70e13afa64a0", "rel": "self"}, {"href": "http://compute-airship.intel-pod15.opnfv.org/flavors/1b3d76fc-af65-4645-a421-70e13afa64a0", "rel": "bookmark"}], "ram": 512, "OS-FLV-DISABLED:disabled": false, "os-flavor-access:is_public": true, "rxtx_factor": 1.0, "disk": 1, "id": "1b3d76fc-af65-4645-a421-70e13afa64a0", "name": "rally_full-flavor_3b28a953-1f8e-4774-9ed1-d2d0c3d3ba09", "vcpus": 1, "swap": "", "OS-FLV-EXT-DATA:ephemeral": 0}, {"links": [{"href": "http://compute-airship.intel-pod15.opnfv.org/v2.1/flavors/23820feb-cd36-42f9-9655-79bdb803b824", "rel": "self"}, {"href": "http://compute-airship.intel-pod15.opnfv.org/flavors/23820feb-cd36-42f9-9655-79bdb803b824", "rel": "bookmark"}], "ram": 4096, "OS-FLV-DISABLED:disabled": false, "os-flavor-access:is_public": true, "rxtx_factor": 1.0, "disk": 40, "id": "23820feb-cd36-42f9-9655-79bdb803b824", "name": "m1.medium", "vcpus": 2, "swap": "", "OS-FLV-EXT-DATA:ephemeral": 0}, {"links": [{"href": "http://compute-airship.intel-pod15.opnfv.org/v2.1/flavors/27e1a566-f793-4084-aaf8-10647bd61e2d", "rel": "self"}, {"href": "http://compute-airship.intel-pod15.opnfv.org/flavors/27e1a566-f793-4084-aaf8-10647bd61e2d", "rel": "bookmark"}], "ram": 16384, "OS-FLV-DISABLED:disabled": false, "os-flavor-access:is_public": true, "rxtx_factor": 1.0, "disk": 160, "id": "27e1a566-f793-4084-aaf8-10647bd61e2d", "name": "m1.xlarge", "vcpus": 8, "swap": "", "OS-FLV-EXT-DATA:ephemeral": 0}, {"links": [{"href": "http://compute-airship.intel-pod15.opnfv.org/v2.1/flavors/39d9f0e1-49e7-418a-b8a6-527eb20e10ee", "rel": "self"}, {"href": "http://compute-airship.intel-pod15.opnfv.org/flavors/39d9f0e1-49e7-418a-b8a6-527eb20e10ee", "rel": "bookmark"}], "ram": 512, "OS-FLV-DISABLED:disabled": false, "os-flavor-access:is_public": true, "rxtx_factor": 1.0, "disk": 1, "id": "39d9f0e1-49e7-418a-b8a6-527eb20e10ee", "name": "m1.tiny", "vcpus": 1, "swap": "", "OS-FLV-EXT-DATA:ephemeral": 0}, {"links": [{"href": "http://compute-airship.intel-pod15.opnfv.org/v2.1/flavors/9cc8ee30-8400-41b8-a1d0-50e421d0bc08", "rel": "self"}, {"href": "http://compute-airship.intel-pod15.opnfv.org/flavors/9cc8ee30-8400-41b8-a1d0-50e421d0bc08", "rel": "bookmark"}], "ram": 2048, "OS-FLV-DISABLED:disabled": false, "os-flavor-access:is_public": true, "rxtx_factor": 1.0, "disk": 20, "id": "9cc8ee30-8400-41b8-a1d0-50e421d0bc08", "name": "m1.small", "vcpus": 1, "swap": "", "OS-FLV-EXT-DATA:ephemeral": 0}, {"links": [{"href": "http://compute-airship.intel-pod15.opnfv.org/v2.1/flavors/d45e1e0c-b16b-4bd9-ba71-d8bd0f8357f7", "rel": "self"}, {"href": "http://compute-airship.intel-pod15.opnfv.org/flavors/d45e1e0c-b16b-4bd9-ba71-d8bd0f8357f7", "rel": "bookmark"}], "ram": 1024, "OS-FLV-DISABLED:disabled": false, "os-flavor-access:is_public": true, "rxtx_factor": 1.0, "disk": 1, "id": "d45e1e0c-b16b-4bd9-ba71-d8bd0f8357f7", "name": "rally_full-flavor_alt_3b28a953-1f8e-4774-9ed1-d2d0c3d3ba09", "vcpus": 1, "swap": "", "OS-FLV-EXT-DATA:ephemeral": 0}]} _http_log_response /usr/lib/python2.7/site-packages/keystoneauth1/session.py:511
2020-02-29 20:34:33.281 1843 DEBUG novaclient.v2.client [-] GET call to compute for http://compute-airship.intel-pod15.opnfv.org:80/v2.1/flavors/detail used request id req-60cd8f23-e714-45b7-89e7-8ebcbd0dc7f7 request /usr/lib/python2.7/site-packages/keystoneauth1/session.py:844
2020-02-29 20:34:33.356 1843 DEBUG novaclient.v2.client [-] REQ: curl -g -i -X GET http://compute-airship.intel-pod15.opnfv.org:80/v2.1/flavors/1b3d76fc-af65-4645-a421-70e13afa64a0 -H "Accept: application/json" -H "User-Agent: python-novaclient" -H "X-Auth-Token: {SHA1}35f4a5e2b1585e4de067f47cd8cded551256c3f1" _http_log_request /usr/lib/python2.7/site-packages/keystoneauth1/session.py:448
2020-02-29 20:34:33.462 1843 DEBUG novaclient.v2.client [-] RESP: [200] Connection: keep-alive Content-Encoding: gzip Content-Type: application/json Date: Sat, 29 Feb 2020 20:34:33 GMT Openstack-Api-Version: compute 2.1 Transfer-Encoding: chunked Vary: Accept-Encoding, OpenStack-API-Version, X-OpenStack-Nova-API-Version X-Compute-Request-Id: req-787bdd5e-6ef9-421d-93e6-cb99e669a114 X-Openstack-Nova-Api-Version: 2.1 _http_log_response /usr/lib/python2.7/site-packages/keystoneauth1/session.py:479
2020-02-29 20:34:33.463 1843 DEBUG novaclient.v2.client [-] RESP BODY: {"flavor": {"links": [{"href": "http://compute-airship.intel-pod15.opnfv.org/v2.1/flavors/1b3d76fc-af65-4645-a421-70e13afa64a0", "rel": "self"}, {"href": "http://compute-airship.intel-pod15.opnfv.org/flavors/1b3d76fc-af65-4645-a421-70e13afa64a0", "rel": "bookmark"}], "ram": 512, "OS-FLV-DISABLED:disabled": false, "os-flavor-access:is_public": true, "rxtx_factor": 1.0, "disk": 1, "id": "1b3d76fc-af65-4645-a421-70e13afa64a0", "name": "rally_full-flavor_3b28a953-1f8e-4774-9ed1-d2d0c3d3ba09", "vcpus": 1, "swap": "", "OS-FLV-EXT-DATA:ephemeral": 0}} _http_log_response /usr/lib/python2.7/site-packages/keystoneauth1/session.py:511
2020-02-29 20:34:33.463 1843 DEBUG novaclient.v2.client [-] GET call to compute for http://compute-airship.intel-pod15.opnfv.org:80/v2.1/flavors/1b3d76fc-af65-4645-a421-70e13afa64a0 used request id req-787bdd5e-6ef9-421d-93e6-cb99e669a114 request /usr/lib/python2.7/site-packages/keystoneauth1/session.py:844
2020-02-29 20:34:34.958 1843 DEBUG novaclient.v2.client [-] REQ: curl -g -i -X GET http://compute-airship.intel-pod15.opnfv.org:80/v2.1/flavors/detail -H "Accept: application/json" -H "User-Agent: python-novaclient" -H "X-Auth-Token: {SHA1}dd10389a858cf79e605f911d46d26534634c0ff9" _http_log_request /usr/lib/python2.7/site-packages/keystoneauth1/session.py:448
2020-02-29 20:34:35.089 1843 DEBUG novaclient.v2.client [-] RESP: [200] Connection: keep-alive Content-Encoding: gzip Content-Type: application/json Date: Sat, 29 Feb 2020 20:34:35 GMT Openstack-Api-Version: compute 2.1 Transfer-Encoding: chunked Vary: Accept-Encoding, OpenStack-API-Version, X-OpenStack-Nova-API-Version X-Compute-Request-Id: req-acc6b06d-1c30-4abc-b5a0-42a49c001177 X-Openstack-Nova-Api-Version: 2.1 _http_log_response /usr/lib/python2.7/site-packages/keystoneauth1/session.py:479
2020-02-29 20:34:35.090 1843 DEBUG novaclient.v2.client [-] RESP BODY: {"flavors": [{"links": [{"href": "http://compute-airship.intel-pod15.opnfv.org/v2.1/flavors/0e30d60b-d604-4f14-94a8-bbab8e99a5cc", "rel": "self"}, {"href": "http://compute-airship.intel-pod15.opnfv.org/flavors/0e30d60b-d604-4f14-94a8-bbab8e99a5cc", "rel": "bookmark"}], "ram": 8192, "OS-FLV-DISABLED:disabled": false, "os-flavor-access:is_public": true, "rxtx_factor": 1.0, "disk": 80, "id": "0e30d60b-d604-4f14-94a8-bbab8e99a5cc", "name": "m1.large", "vcpus": 4, "swap": "", "OS-FLV-EXT-DATA:ephemeral": 0}, {"links": [{"href": "http://compute-airship.intel-pod15.opnfv.org/v2.1/flavors/1b3d76fc-af65-4645-a421-70e13afa64a0", "rel": "self"}, {"href": "http://compute-airship.intel-pod15.opnfv.org/flavors/1b3d76fc-af65-4645-a421-70e13afa64a0", "rel": "bookmark"}], "ram": 512, "OS-FLV-DISABLED:disabled": false, "os-flavor-access:is_public": true, "rxtx_factor": 1.0, "disk": 1, "id": "1b3d76fc-af65-4645-a421-70e13afa64a0", "name": "rally_full-flavor_3b28a953-1f8e-4774-9ed1-d2d0c3d3ba09", "vcpus": 1, "swap": "", "OS-FLV-EXT-DATA:ephemeral": 0}, {"links": [{"href": "http://compute-airship.intel-pod15.opnfv.org/v2.1/flavors/23820feb-cd36-42f9-9655-79bdb803b824", "rel": "self"}, {"href": "http://compute-airship.intel-pod15.opnfv.org/flavors/23820feb-cd36-42f9-9655-79bdb803b824", "rel": "bookmark"}], "ram": 4096, "OS-FLV-DISABLED:disabled": false, "os-flavor-access:is_public": true, "rxtx_factor": 1.0, "disk": 40, "id": "23820feb-cd36-42f9-9655-79bdb803b824", "name": "m1.medium", "vcpus": 2, "swap": "", "OS-FLV-EXT-DATA:ephemeral": 0}, {"links": [{"href": "http://compute-airship.intel-pod15.opnfv.org/v2.1/flavors/27e1a566-f793-4084-aaf8-10647bd61e2d", "rel": "self"}, {"href": "http://compute-airship.intel-pod15.opnfv.org/flavors/27e1a566-f793-4084-aaf8-10647bd61e2d", "rel": "bookmark"}], "ram": 16384, "OS-FLV-DISABLED:disabled": false, "os-flavor-access:is_public": true, "rxtx_factor": 1.0, "disk": 160, "id": "27e1a566-f793-4084-aaf8-10647bd61e2d", "name": "m1.xlarge", "vcpus": 8, "swap": "", "OS-FLV-EXT-DATA:ephemeral": 0}, {"links": [{"href": "http://compute-airship.intel-pod15.opnfv.org/v2.1/flavors/39d9f0e1-49e7-418a-b8a6-527eb20e10ee", "rel": "self"}, {"href": "http://compute-airship.intel-pod15.opnfv.org/flavors/39d9f0e1-49e7-418a-b8a6-527eb20e10ee", "rel": "bookmark"}], "ram": 512, "OS-FLV-DISABLED:disabled": false, "os-flavor-access:is_public": true, "rxtx_factor": 1.0, "disk": 1, "id": "39d9f0e1-49e7-418a-b8a6-527eb20e10ee", "name": "m1.tiny", "vcpus": 1, "swap": "", "OS-FLV-EXT-DATA:ephemeral": 0}, {"links": [{"href": "http://compute-airship.intel-pod15.opnfv.org/v2.1/flavors/9cc8ee30-8400-41b8-a1d0-50e421d0bc08", "rel": "self"}, {"href": "http://compute-airship.intel-pod15.opnfv.org/flavors/9cc8ee30-8400-41b8-a1d0-50e421d0bc08", "rel": "bookmark"}], "ram": 2048, "OS-FLV-DISABLED:disabled": false, "os-flavor-access:is_public": true, "rxtx_factor": 1.0, "disk": 20, "id": "9cc8ee30-8400-41b8-a1d0-50e421d0bc08", "name": "m1.small", "vcpus": 1, "swap": "", "OS-FLV-EXT-DATA:ephemeral": 0}, {"links": [{"href": "http://compute-airship.intel-pod15.opnfv.org/v2.1/flavors/d45e1e0c-b16b-4bd9-ba71-d8bd0f8357f7", "rel": "self"}, {"href": "http://compute-airship.intel-pod15.opnfv.org/flavors/d45e1e0c-b16b-4bd9-ba71-d8bd0f8357f7", "rel": "bookmark"}], "ram": 1024, "OS-FLV-DISABLED:disabled": false, "os-flavor-access:is_public": true, "rxtx_factor": 1.0, "disk": 1, "id": "d45e1e0c-b16b-4bd9-ba71-d8bd0f8357f7", "name": "rally_full-flavor_alt_3b28a953-1f8e-4774-9ed1-d2d0c3d3ba09", "vcpus": 1, "swap": "", "OS-FLV-EXT-DATA:ephemeral": 0}]} _http_log_response /usr/lib/python2.7/site-packages/keystoneauth1/session.py:511
2020-02-29 20:34:35.090 1843 DEBUG novaclient.v2.client [-] GET call to compute for http://compute-airship.intel-pod15.opnfv.org:80/v2.1/flavors/detail used request id req-acc6b06d-1c30-4abc-b5a0-42a49c001177 request /usr/lib/python2.7/site-packages/keystoneauth1/session.py:844
2020-02-29 20:34:35.169 1843 DEBUG novaclient.v2.client [-] REQ: curl -g -i -X GET http://compute-airship.intel-pod15.opnfv.org:80/v2.1/flavors/1b3d76fc-af65-4645-a421-70e13afa64a0 -H "Accept: application/json" -H "User-Agent: python-novaclient" -H "X-Auth-Token: {SHA1}b792c08ce31cbbccc3ec6334930be2402d2f5c81" _http_log_request /usr/lib/python2.7/site-packages/keystoneauth1/session.py:448
2020-02-29 20:34:35.269 1843 DEBUG novaclient.v2.client [-] RESP: [200] Connection: keep-alive Content-Encoding: gzip Content-Type: application/json Date: Sat, 29 Feb 2020 20:34:35 GMT Openstack-Api-Version: compute 2.1 Transfer-Encoding: chunked Vary: Accept-Encoding, OpenStack-API-Version, X-OpenStack-Nova-API-Version X-Compute-Request-Id: req-402cd2fb-f73e-46ca-9bf8-89e68ad47eb8 X-Openstack-Nova-Api-Version: 2.1 _http_log_response /usr/lib/python2.7/site-packages/keystoneauth1/session.py:479
2020-02-29 20:34:35.269 1843 DEBUG novaclient.v2.client [-] RESP BODY: {"flavor": {"links": [{"href": "http://compute-airship.intel-pod15.opnfv.org/v2.1/flavors/1b3d76fc-af65-4645-a421-70e13afa64a0", "rel": "self"}, {"href": "http://compute-airship.intel-pod15.opnfv.org/flavors/1b3d76fc-af65-4645-a421-70e13afa64a0", "rel": "bookmark"}], "ram": 512, "OS-FLV-DISABLED:disabled": false, "os-flavor-access:is_public": true, "rxtx_factor": 1.0, "disk": 1, "id": "1b3d76fc-af65-4645-a421-70e13afa64a0", "name": "rally_full-flavor_3b28a953-1f8e-4774-9ed1-d2d0c3d3ba09", "vcpus": 1, "swap": "", "OS-FLV-EXT-DATA:ephemeral": 0}} _http_log_response /usr/lib/python2.7/site-packages/keystoneauth1/session.py:511
2020-02-29 20:34:35.270 1843 DEBUG novaclient.v2.client [-] GET call to compute for http://compute-airship.intel-pod15.opnfv.org:80/v2.1/flavors/1b3d76fc-af65-4645-a421-70e13afa64a0 used request id req-402cd2fb-f73e-46ca-9bf8-89e68ad47eb8 request /usr/lib/python2.7/site-packages/keystoneauth1/session.py:844
2020-02-29 20:34:35.733 1843 DEBUG novaclient.v2.client [-] REQ: curl -g -i -X GET http://compute-airship.intel-pod15.opnfv.org:80/v2.1/flavors/detail -H "Accept: application/json" -H "User-Agent: python-novaclient" -H "X-Auth-Token: {SHA1}ad2723cfab150cce6e869991e04caca7da9a9c1e" _http_log_request /usr/lib/python2.7/site-packages/keystoneauth1/session.py:448
2020-02-29 20:34:35.875 1843 DEBUG novaclient.v2.client [-] RESP: [200] Connection: keep-alive Content-Encoding: gzip Content-Type: application/json Date: Sat, 29 Feb 2020 20:34:35 GMT Openstack-Api-Version: compute 2.1 Transfer-Encoding: chunked Vary: Accept-Encoding, OpenStack-API-Version, X-OpenStack-Nova-API-Version X-Compute-Request-Id: req-a01e1475-1976-47ab-85cb-6eef8b7f6b8d X-Openstack-Nova-Api-Version: 2.1 _http_log_response /usr/lib/python2.7/site-packages/keystoneauth1/session.py:479
