2020-05-07 18:54:42.774 6 RALLYDEBUG rally.api [-] INFO logs from urllib3 and requests module are hide.
2020-05-07 18:54:42.774 6 RALLYDEBUG rally.api [-] urllib3 insecure warnings are hidden.
2020-05-07 18:54:42.774 6 RALLYDEBUG rally.api [-] ERROR log from boto module is hide.
2020-05-07 18:54:44.262 6 ERROR rally.cli.cliutils [-] Unexpected exception in CLI: DBRecordNotFound: Record for uuid or name is opnfv-rally not found in table envs
2020-05-07 18:54:44.262 6 ERROR rally.cli.cliutils
Traceback (most recent call last):
2020-05-07 18:54:44.262 6 ERROR rally.cli.cliutils
File "/usr/lib/python2.7/site-packages/rally/cli/cliutils.py", line 674, in run
2020-05-07 18:54:44.262 6 ERROR rally.cli.cliutils ret = fn(*fn_args, **fn_kwargs)
2020-05-07 18:54:44.262 6 ERROR rally.cli.cliutils File "", line 2, in destroy
2020-05-07 18:54:44.262 6 ERROR rally.cli.cliutils
File "/usr/lib/python2.7/site-packages/rally/cli/envutils.py", line 68, in default_from_global
2020-05-07 18:54:44.262 6 ERROR rally.cli.cliutils return f(*args, **kwargs)
2020-05-07 18:54:44.262 6 ERROR rally.cli.cliutils File "", line 2, in destroy
2020-05-07 18:54:44.262 6 ERROR rally.cli.cliutils
File "/usr/lib/python2.7/site-packages/rally/plugins/__init__.py", line 51, in ensure_plugins_are_loaded
2020-05-07 18:54:44.262 6 ERROR rally.cli.cliutils return f(*args, **kwargs)
2020-05-07 18:54:44.262 6 ERROR rally.cli.cliutils
File "/usr/lib/python2.7/site-packages/rally/cli/commands/deployment.py", line 157, in destroy
2020-05-07 18:54:44.262 6 ERROR rally.cli.cliutils api.deployment.destroy(deployment=deployment)
2020-05-07 18:54:44.262 6 ERROR rally.cli.cliutils
File "/usr/lib/python2.7/site-packages/rally/api.py", line 115, in destroy
2020-05-07 18:54:44.262 6 ERROR rally.cli.cliutils deploy = objects.Deployment.get(deployment)
2020-05-07 18:54:44.262 6 ERROR rally.cli.cliutils
File "/usr/lib/python2.7/site-packages/rally/common/objects/deploy.py", line 124, in get
2020-05-07 18:54:44.262 6 ERROR rally.cli.cliutils return Deployment(env_mgr.EnvManager.get(deploy))
2020-05-07 18:54:44.262 6 ERROR rally.cli.cliutils
File "/usr/lib/python2.7/site-packages/rally/env/env_mgr.py", line 212, in get
2020-05-07 18:54:44.262 6 ERROR rally.cli.cliutils return cls(db.env_get(uuid_or_name))
2020-05-07 18:54:44.262 6 ERROR rally.cli.cliutils
File "/usr/lib/python2.7/site-packages/rally/common/db/api.py", line 135, in wrapper
2020-05-07 18:54:44.262 6 ERROR rally.cli.cliutils result = f(session, *args, **kwargs)
2020-05-07 18:54:44.262 6 ERROR rally.cli.cliutils
File "/usr/lib/python2.7/site-packages/rally/common/db/api.py", line 521, in env_get
2020-05-07 18:54:44.262 6 ERROR rally.cli.cliutils criteria="uuid or name is %s" % uuid_or_name, table="envs")
2020-05-07 18:54:44.262 6 ERROR rally.cli.cliutils DBRecordNotFound: Record for uuid or name is opnfv-rally not found in table envs
2020-05-07 18:54:44.262 6 ERROR rally.cli.cliutils
2020-05-07 18:54:45.191 8 RALLYDEBUG rally.api [-] INFO logs from urllib3 and requests module are hide.
2020-05-07 18:54:45.191 8 RALLYDEBUG rally.api [-] urllib3 insecure warnings are hidden.
2020-05-07 18:54:45.191 8 RALLYDEBUG rally.api [-] ERROR log from boto module is hide.
2020-05-07 18:54:47.534 10 RALLYDEBUG rally.api [-] INFO logs from urllib3 and requests module are hide.
2020-05-07 18:54:47.534 10 RALLYDEBUG rally.api [-] urllib3 insecure warnings are hidden.
2020-05-07 18:54:47.534 10 RALLYDEBUG rally.api [-] ERROR log from boto module is hide.
2020-05-07 18:54:50.325 13 RALLYDEBUG rally.api [-] INFO logs from urllib3 and requests module are hide.
2020-05-07 18:54:50.325 13 RALLYDEBUG rally.api [-] urllib3 insecure warnings are hidden.
2020-05-07 18:54:50.325 13 RALLYDEBUG rally.api [-] ERROR log from boto module is hide.
2020-05-07 18:54:52.047 15 RALLYDEBUG rally.api [-] INFO logs from urllib3 and requests module are hide.
2020-05-07 18:54:52.047 15 RALLYDEBUG rally.api [-] urllib3 insecure warnings are hidden.
2020-05-07 18:54:52.047 15 RALLYDEBUG rally.api [-] ERROR log from boto module is hide.
2020-05-07 18:54:53.519 15 INFO rally.common.plugin.discover [-] Loading plugins from directories /root/.rally/plugins/*
2020-05-07 18:54:53.519 15 INFO rally.common.plugin.discover [-] Loaded module with plugins: /root/.rally/plugins/__init__.py
2020-05-07 18:54:53.522 15 INFO rally.common.plugin.discover [-] Loaded module with plugins: /root/.rally/plugins/trunk_scenario.py
2020-05-07 18:54:53.666 15 INFO rally.task.engine [-] Task fe59d3cc-e7e0-4c27-a77c-7d1708d737e7 | Starting: Task validation.
2020-05-07 18:54:53.669 15 INFO rally.task.engine [-] Task fe59d3cc-e7e0-4c27-a77c-7d1708d737e7 | Starting: Task validation of syntax.
2020-05-07 18:54:53.837 15 INFO rally.task.engine [-] Task fe59d3cc-e7e0-4c27-a77c-7d1708d737e7 | Completed: Task validation of syntax.
2020-05-07 18:54:53.837 15 INFO rally.task.engine [-] Task fe59d3cc-e7e0-4c27-a77c-7d1708d737e7 | Starting: Task validation of required platforms.
2020-05-07 18:54:53.910 15 INFO rally.task.engine [-] Task fe59d3cc-e7e0-4c27-a77c-7d1708d737e7 | Completed: Task validation of required platforms.
2020-05-07 18:54:53.910 15 INFO rally.task.engine [-] Task fe59d3cc-e7e0-4c27-a77c-7d1708d737e7 | Starting: Task validation of semantic.
2020-05-07 18:54:53.910 15 INFO rally.task.engine [-] Check health of the environment 'e1759c32-d0ec-404c-bf7b-593e36582170'.
2020-05-07 18:54:54.386 15 INFO rally.task.engine [-] Platform existing@openstack (available: True): OK!
2020-05-07 18:54:54.409 15 RALLYDEBUG rally_openstack.contexts.keystone.users [-] Creating 1 tenants using 20 threads
2020-05-07 18:54:54.753 15 RALLYDEBUG rally_openstack.contexts.keystone.users [-] Creating 1 users using 20 threads
2020-05-07 18:54:55.386 15 INFO rally.task.context [-] Task fe59d3cc-e7e0-4c27-a77c-7d1708d737e7 | Context users@openstack setup() finished in 0.98 sec
2020-05-07 18:54:56.771 15 INFO rally.task.context [-] Task fe59d3cc-e7e0-4c27-a77c-7d1708d737e7 | Context users@openstack cleanup() started
2020-05-07 18:54:58.369 15 INFO rally.task.context [-] Task fe59d3cc-e7e0-4c27-a77c-7d1708d737e7 | Context users@openstack cleanup() finished in 1.60 sec
2020-05-07 18:54:58.369 15 INFO rally.task.engine [-] Task fe59d3cc-e7e0-4c27-a77c-7d1708d737e7 | Completed: Task validation of semantic.
2020-05-07 18:54:58.370 15 INFO rally.task.engine [-] Task fe59d3cc-e7e0-4c27-a77c-7d1708d737e7 | Completed: Task validation.
2020-05-07 18:54:58.370 15 INFO rally.api [-] Task fe59d3cc-e7e0-4c27-a77c-7d1708d737e7 input file is valid.
2020-05-07 18:54:58.371 15 INFO rally.api [-] Run Task fe59d3cc-e7e0-4c27-a77c-7d1708d737e7 against Deployment e1759c32-d0ec-404c-bf7b-593e36582170
2020-05-07 18:54:58.371 15 INFO rally.task.engine [-] Task fe59d3cc-e7e0-4c27-a77c-7d1708d737e7 | Starting: Running task.
2020-05-07 18:54:58.411 15 INFO rally.task.engine [-] Running workload: position = 0 config = { "version": 2, "title": "A cropped version of a bigger task.", "description": "Auto-generated task from a single workload (uuid=50487145-1107-45ff-bbdf-56b84a8805f6)", "subtasks": [ { "title": "NeutronNetworks.create_and_list_networks", "description": "Check performance of list_networks action and ensure > network quotas are not exceeded", "scenario": { "NeutronNetworks.create_and_list_networks": {} }, "contexts": { "users": { "tenants": 1, "users_per_tenant": 1 }, "quotas": { "neutron": { "network": 119 } } }, "runner": { "constant": { "times": 100, "concurrency": 20 } }, "hooks": [], "sla": { "max_avg_duration_per_atomic": { "neutron.list_networks": 15 }, "failure_rate": { "max": 0 } } } ] }
2020-05-07 18:54:58.432 15 RALLYDEBUG rally_openstack.contexts.keystone.users [-] Creating 1 tenants using 20 threads
2020-05-07 18:54:58.694 15 RALLYDEBUG rally_openstack.contexts.keystone.users [-] Creating 1 users using 20 threads
2020-05-07 18:54:59.094 15 INFO rally.task.context [-] Task fe59d3cc-e7e0-4c27-a77c-7d1708d737e7 | Context users@openstack setup() finished in 0.66 sec
2020-05-07 18:54:59.378 15 INFO rally.task.context [-] Task fe59d3cc-e7e0-4c27-a77c-7d1708d737e7 | Context quotas@openstack setup() finished in 0.28 sec
2020-05-07 18:54:59.378 15 INFO rally.task.context [-] Task fe59d3cc-e7e0-4c27-a77c-7d1708d737e7 | Context cleanup@openstack setup() finished in 0.01 msec
2020-05-07 18:54:59.387 15 RALLYDEBUG rally.task.runner [-] Starting the constant runner (task UUID: fe59d3cc-e7e0-4c27-a77c-7d1708d737e7). timeout: 0 concurrency: 20 concurrency_per_worker: 1 times: 100 concurrency_overhead: 0 processes_to_start: 20 max_cpu_used: 88
2020-05-07 18:54:59.400 139 RALLYDEBUG rally.task.runner [-] Starting a worker. concurrency: 1 args: {} times: 100 method_name: run timeout: 0 duration: None cls:
2020-05-07 18:54:59.403 140 RALLYDEBUG rally.task.runner [-] Starting a worker. concurrency: 1 args: {} times: 100 method_name: run timeout: 0 duration: None cls:
2020-05-07 18:54:59.405 141 RALLYDEBUG rally.task.runner [-] Starting a worker. concurrency: 1 args: {} times: 100 method_name: run timeout: 0 duration: None cls:
2020-05-07 18:54:59.408 139 INFO rally.task.runner [-] Task fe59d3cc-e7e0-4c27-a77c-7d1708d737e7 | ITER: 1 START
2020-05-07 18:54:59.408 142 RALLYDEBUG rally.task.runner [-] Starting a worker. concurrency: 1 args: {} times: 100 method_name: run timeout: 0 duration: None cls:
2020-05-07 18:54:59.410 141 INFO rally.task.runner [-] Task fe59d3cc-e7e0-4c27-a77c-7d1708d737e7 | ITER: 3 START
2020-05-07 18:54:59.411 143 RALLYDEBUG rally.task.runner [-] Starting a worker. concurrency: 1 args: {} times: 100 method_name: run timeout: 0 duration: None cls:
2020-05-07 18:54:59.412 140 INFO rally.task.runner [-] Task fe59d3cc-e7e0-4c27-a77c-7d1708d737e7 | ITER: 2 START
2020-05-07 18:54:59.414 142 INFO rally.task.runner [-] Task fe59d3cc-e7e0-4c27-a77c-7d1708d737e7 | ITER: 4 START
2020-05-07 18:54:59.414 147 RALLYDEBUG rally.task.runner [-] Starting a worker. concurrency: 1 args: {} times: 100 method_name: run timeout: 0 duration: None cls:
2020-05-07 18:54:59.416 143 INFO rally.task.runner [-] Task fe59d3cc-e7e0-4c27-a77c-7d1708d737e7 | ITER: 5 START
2020-05-07 18:54:59.417 150 RALLYDEBUG rally.task.runner [-] Starting a worker. concurrency: 1 args: {} times: 100 method_name: run timeout: 0 duration: None cls:
2020-05-07 18:54:59.421 156 RALLYDEBUG rally.task.runner [-] Starting a worker. concurrency: 1 args: {} times: 100 method_name: run timeout: 0 duration: None cls:
2020-05-07 18:54:59.426 147 INFO rally.task.runner [-] Task fe59d3cc-e7e0-4c27-a77c-7d1708d737e7 | ITER: 6 START
2020-05-07 18:54:59.426 158 RALLYDEBUG rally.task.runner [-] Starting a worker. concurrency: 1 args: {} times: 100 method_name: run timeout: 0 duration: None cls:
2020-05-07 18:54:59.427 156 INFO rally.task.runner [-] Task fe59d3cc-e7e0-4c27-a77c-7d1708d737e7 | ITER: 8 START
2020-05-07 18:54:59.430 150 INFO rally.task.runner [-] Task fe59d3cc-e7e0-4c27-a77c-7d1708d737e7 | ITER: 7 START
2020-05-07 18:54:59.431 158 INFO rally.task.runner [-] Task fe59d3cc-e7e0-4c27-a77c-7d1708d737e7 | ITER: 9 START
2020-05-07 18:54:59.433 164 RALLYDEBUG rally.task.runner [-] Starting a worker. concurrency: 1 args: {} times: 100 method_name: run timeout: 0 duration: None cls:
2020-05-07 18:54:59.434 160 RALLYDEBUG rally.task.runner [-] Starting a worker. concurrency: 1 args: {} times: 100 method_name: run timeout: 0 duration: None cls:
2020-05-07 18:54:59.436 168 RALLYDEBUG rally.task.runner [-] Starting a worker. concurrency: 1 args: {} times: 100 method_name: run timeout: 0 duration: None cls:
2020-05-07 18:54:59.438 164 INFO rally.task.runner [-] Task fe59d3cc-e7e0-4c27-a77c-7d1708d737e7 | ITER: 10 START
2020-05-07 18:54:59.439 160 INFO rally.task.runner [-] Task fe59d3cc-e7e0-4c27-a77c-7d1708d737e7 | ITER: 11 START
2020-05-07 18:54:59.440 169 RALLYDEBUG rally.task.runner [-] Starting a worker. concurrency: 1 args: {} times: 100 method_name: run timeout: 0 duration: None cls:
2020-05-07 18:54:59.442 168 INFO rally.task.runner [-] Task fe59d3cc-e7e0-4c27-a77c-7d1708d737e7 | ITER: 12 START
2020-05-07 18:54:59.445 169 INFO rally.task.runner [-] Task fe59d3cc-e7e0-4c27-a77c-7d1708d737e7 | ITER: 13 START
2020-05-07 18:54:59.446 173 RALLYDEBUG rally.task.runner [-] Starting a worker. concurrency: 1 args: {} times: 100 method_name: run timeout: 0 duration: None cls:
2020-05-07 18:54:59.448 177 RALLYDEBUG rally.task.runner [-] Starting a worker. concurrency: 1 args: {} times: 100 method_name: run timeout: 0 duration: None cls:
2020-05-07 18:54:59.450 179 RALLYDEBUG rally.task.runner [-] Starting a worker. concurrency: 1 args: {} times: 100 method_name: run timeout: 0 duration: None cls:
2020-05-07 18:54:59.452 173 INFO rally.task.runner [-] Task fe59d3cc-e7e0-4c27-a77c-7d1708d737e7 | ITER: 14 START
2020-05-07 18:54:59.453 181 RALLYDEBUG rally.task.runner [-] Starting a worker. concurrency: 1 args: {} times: 100 method_name: run timeout: 0 duration: None cls:
2020-05-07 18:54:59.455 177 INFO rally.task.runner [-] Task fe59d3cc-e7e0-4c27-a77c-7d1708d737e7 | ITER: 15 START
2020-05-07 18:54:59.456 179 INFO rally.task.runner [-] Task fe59d3cc-e7e0-4c27-a77c-7d1708d737e7 | ITER: 16 START
2020-05-07 18:54:59.456 184 RALLYDEBUG rally.task.runner [-] Starting a worker. concurrency: 1 args: {} times: 100 method_name: run timeout: 0 duration: None cls:
2020-05-07 18:54:59.459 181 INFO rally.task.runner [-] Task fe59d3cc-e7e0-4c27-a77c-7d1708d737e7 | ITER: 17 START
2020-05-07 18:54:59.460 184 INFO rally.task.runner [-] Task fe59d3cc-e7e0-4c27-a77c-7d1708d737e7 | ITER: 18 START
2020-05-07 18:54:59.463 190 RALLYDEBUG rally.task.runner [-] Starting a worker. concurrency: 1 args: {} times: 100 method_name: run timeout: 0 duration: None cls:
2020-05-07 18:54:59.464 186 RALLYDEBUG rally.task.runner [-] Starting a worker. concurrency: 1 args: {} times: 100 method_name: run timeout: 0 duration: None cls:
2020-05-07 18:54:59.468 190 INFO rally.task.runner [-] Task fe59d3cc-e7e0-4c27-a77c-7d1708d737e7 | ITER: 19 START
2020-05-07 18:54:59.471 186 INFO rally.task.runner [-] Task fe59d3cc-e7e0-4c27-a77c-7d1708d737e7 | ITER: 20 START
2020-05-07 18:55:00.700 142 INFO rally.task.runner [-] Task fe59d3cc-e7e0-4c27-a77c-7d1708d737e7 | ITER: 4 END: OK
2020-05-07 18:55:00.705 142 INFO rally.task.runner [-] Task fe59d3cc-e7e0-4c27-a77c-7d1708d737e7 | ITER: 21 START
2020-05-07 18:55:00.795 141 INFO rally.task.runner [-] Task fe59d3cc-e7e0-4c27-a77c-7d1708d737e7 | ITER: 3 END: OK
2020-05-07 18:55:00.799 141 INFO rally.task.runner [-] Task fe59d3cc-e7e0-4c27-a77c-7d1708d737e7 | ITER: 22 START
2020-05-07 18:55:00.802 139 INFO rally.task.runner [-] Task fe59d3cc-e7e0-4c27-a77c-7d1708d737e7 | ITER: 1 END: OK
2020-05-07 18:55:00.806 139 INFO rally.task.runner [-] Task fe59d3cc-e7e0-4c27-a77c-7d1708d737e7 | ITER: 23 START
2020-05-07 18:55:02.444 143 INFO rally.task.runner [-] Task fe59d3cc-e7e0-4c27-a77c-7d1708d737e7 | ITER: 5 END: OK
2020-05-07 18:55:02.449 143 INFO rally.task.runner [-] Task fe59d3cc-e7e0-4c27-a77c-7d1708d737e7 | ITER: 24 START
2020-05-07 18:55:02.633 140 INFO rally.task.runner [-] Task fe59d3cc-e7e0-4c27-a77c-7d1708d737e7 | ITER: 2 END: OK
2020-05-07 18:55:02.638 140 INFO rally.task.runner [-] Task fe59d3cc-e7e0-4c27-a77c-7d1708d737e7 | ITER: 25 START
2020-05-07 18:55:02.805 169 INFO rally.task.runner [-] Task fe59d3cc-e7e0-4c27-a77c-7d1708d737e7 | ITER: 13 END: OK
2020-05-07 18:55:02.810 169 INFO rally.task.runner [-] Task fe59d3cc-e7e0-4c27-a77c-7d1708d737e7 | ITER: 26 START
2020-05-07 18:55:02.968 156 INFO rally.task.runner [-] Task fe59d3cc-e7e0-4c27-a77c-7d1708d737e7 | ITER: 8 END: OK
2020-05-07 18:55:02.973 156 INFO rally.task.runner [-] Task fe59d3cc-e7e0-4c27-a77c-7d1708d737e7 | ITER: 27 START
2020-05-07 18:55:03.057 147 INFO rally.task.runner [-] Task fe59d3cc-e7e0-4c27-a77c-7d1708d737e7 | ITER: 6 END: OK
2020-05-07 18:55:03.061 147 INFO rally.task.runner [-] Task fe59d3cc-e7e0-4c27-a77c-7d1708d737e7 | ITER: 28 START
2020-05-07 18:55:03.568 186 INFO rally.task.runner [-] Task fe59d3cc-e7e0-4c27-a77c-7d1708d737e7 | ITER: 20 END: OK
2020-05-07 18:55:03.573 186 INFO rally.task.runner [-] Task fe59d3cc-e7e0-4c27-a77c-7d1708d737e7 | ITER: 29 START
2020-05-07 18:55:03.885 150 INFO rally.task.runner [-] Task fe59d3cc-e7e0-4c27-a77c-7d1708d737e7 | ITER: 7 END: OK
2020-05-07 18:55:03.887 164 INFO rally.task.runner [-] Task fe59d3cc-e7e0-4c27-a77c-7d1708d737e7 | ITER: 10 END: OK
2020-05-07 18:55:03.889 150 INFO rally.task.runner [-] Task fe59d3cc-e7e0-4c27-a77c-7d1708d737e7 | ITER: 30 START
2020-05-07 18:55:03.892 164 INFO rally.task.runner [-] Task fe59d3cc-e7e0-4c27-a77c-7d1708d737e7 | ITER: 31 START
2020-05-07 18:55:03.943 179 INFO rally.task.runner [-] Task fe59d3cc-e7e0-4c27-a77c-7d1708d737e7 | ITER: 16 END: OK
2020-05-07 18:55:03.947 179 INFO rally.task.runner [-] Task fe59d3cc-e7e0-4c27-a77c-7d1708d737e7 | ITER: 32 START
2020-05-07 18:55:03.978 160 INFO rally.task.runner [-] Task fe59d3cc-e7e0-4c27-a77c-7d1708d737e7 | ITER: 11 END: OK
2020-05-07 18:55:03.982 160 INFO rally.task.runner [-] Task fe59d3cc-e7e0-4c27-a77c-7d1708d737e7 | ITER: 33 START
2020-05-07 18:55:04.086 158 INFO rally.task.runner [-] Task fe59d3cc-e7e0-4c27-a77c-7d1708d737e7 | ITER: 9 END: OK
2020-05-07 18:55:04.091 158 INFO rally.task.runner [-] Task fe59d3cc-e7e0-4c27-a77c-7d1708d737e7 | ITER: 34 START
2020-05-07 18:55:04.144 168 INFO rally.task.runner [-] Task fe59d3cc-e7e0-4c27-a77c-7d1708d737e7 | ITER: 12 END: OK
2020-05-07 18:55:04.145 173 INFO rally.task.runner [-] Task fe59d3cc-e7e0-4c27-a77c-7d1708d737e7 | ITER: 14 END: OK
2020-05-07 18:55:04.149 168 INFO rally.task.runner [-] Task fe59d3cc-e7e0-4c27-a77c-7d1708d737e7 | ITER: 35 START
2020-05-07 18:55:04.150 173 INFO rally.task.runner [-] Task fe59d3cc-e7e0-4c27-a77c-7d1708d737e7 | ITER: 36 START
2020-05-07 18:55:04.175 141 INFO rally.task.runner [-] Task fe59d3cc-e7e0-4c27-a77c-7d1708d737e7 | ITER: 22 END: OK
2020-05-07 18:55:04.179 141 INFO rally.task.runner [-] Task fe59d3cc-e7e0-4c27-a77c-7d1708d737e7 | ITER: 37 START
2020-05-07 18:55:04.229 177 INFO rally.task.runner [-] Task fe59d3cc-e7e0-4c27-a77c-7d1708d737e7 | ITER: 15 END: OK
2020-05-07 18:55:04.233 177 INFO rally.task.runner [-] Task fe59d3cc-e7e0-4c27-a77c-7d1708d737e7 | ITER: 38 START
2020-05-07 18:55:04.477 143 INFO rally.task.runner [-] Task fe59d3cc-e7e0-4c27-a77c-7d1708d737e7 | ITER: 24 END: OK
2020-05-07 18:55:04.480 143 INFO rally.task.runner [-] Task fe59d3cc-e7e0-4c27-a77c-7d1708d737e7 | ITER: 39 START
2020-05-07 18:55:04.486 184 INFO rally.task.runner [-] Task fe59d3cc-e7e0-4c27-a77c-7d1708d737e7 | ITER: 18 END: OK
2020-05-07 18:55:04.491 184 INFO rally.task.runner [-] Task fe59d3cc-e7e0-4c27-a77c-7d1708d737e7 | ITER: 40 START
2020-05-07 18:55:04.847 190 INFO rally.task.runner [-] Task fe59d3cc-e7e0-4c27-a77c-7d1708d737e7 | ITER: 19 END: OK
2020-05-07 18:55:04.852 190 INFO rally.task.runner [-] Task fe59d3cc-e7e0-4c27-a77c-7d1708d737e7 | ITER: 41 START
2020-05-07 18:55:04.869 181 INFO rally.task.runner [-] Task fe59d3cc-e7e0-4c27-a77c-7d1708d737e7 | ITER: 17 END: OK
2020-05-07 18:55:04.873 181 INFO rally.task.runner [-] Task fe59d3cc-e7e0-4c27-a77c-7d1708d737e7 | ITER: 42 START
2020-05-07 18:55:05.149 142 INFO rally.task.runner [-] Task fe59d3cc-e7e0-4c27-a77c-7d1708d737e7 | ITER: 21 END: OK
2020-05-07 18:55:05.152 142 INFO rally.task.runner [-] Task fe59d3cc-e7e0-4c27-a77c-7d1708d737e7 | ITER: 43 START
2020-05-07 18:55:05.197 139 INFO rally.task.runner [-] Task fe59d3cc-e7e0-4c27-a77c-7d1708d737e7 | ITER: 23 END: OK
2020-05-07 18:55:05.201 139 INFO rally.task.runner [-] Task fe59d3cc-e7e0-4c27-a77c-7d1708d737e7 | ITER: 44 START
2020-05-07 18:55:05.223 186 INFO rally.task.runner [-] Task fe59d3cc-e7e0-4c27-a77c-7d1708d737e7 | ITER: 29 END: OK
2020-05-07 18:55:05.226 186 INFO rally.task.runner [-] Task fe59d3cc-e7e0-4c27-a77c-7d1708d737e7 | ITER: 45 START
2020-05-07 18:55:05.283 140 INFO rally.task.runner [-] Task fe59d3cc-e7e0-4c27-a77c-7d1708d737e7 | ITER: 25 END: OK
2020-05-07 18:55:05.286 140 INFO rally.task.runner [-] Task fe59d3cc-e7e0-4c27-a77c-7d1708d737e7 | ITER: 46 START
2020-05-07 18:55:05.614 147 INFO rally.task.runner [-] Task fe59d3cc-e7e0-4c27-a77c-7d1708d737e7 | ITER: 28 END: OK
2020-05-07 18:55:05.617 147 INFO rally.task.runner [-] Task fe59d3cc-e7e0-4c27-a77c-7d1708d737e7 | ITER: 47 START
2020-05-07 18:55:05.806 156 INFO rally.task.runner [-] Task fe59d3cc-e7e0-4c27-a77c-7d1708d737e7 | ITER: 27 END: OK
2020-05-07 18:55:05.809 156 INFO rally.task.runner [-] Task fe59d3cc-e7e0-4c27-a77c-7d1708d737e7 | ITER: 48 START
2020-05-07 18:55:05.813 169 INFO rally.task.runner [-] Task fe59d3cc-e7e0-4c27-a77c-7d1708d737e7 | ITER: 26 END: OK
2020-05-07 18:55:05.817 169 INFO rally.task.runner [-] Task fe59d3cc-e7e0-4c27-a77c-7d1708d737e7 | ITER: 49 START
2020-05-07 18:55:06.762 164 INFO rally.task.runner [-] Task fe59d3cc-e7e0-4c27-a77c-7d1708d737e7 | ITER: 31 END: OK
2020-05-07 18:55:06.766 164 INFO rally.task.runner [-] Task fe59d3cc-e7e0-4c27-a77c-7d1708d737e7 | ITER: 50 START
2020-05-07 18:55:07.032 160 INFO rally.task.runner [-] Task fe59d3cc-e7e0-4c27-a77c-7d1708d737e7 | ITER: 33 END: OK
2020-05-07 18:55:07.035 160 INFO rally.task.runner [-] Task fe59d3cc-e7e0-4c27-a77c-7d1708d737e7 | ITER: 51 START
2020-05-07 18:55:07.365 150 INFO rally.task.runner [-] Task fe59d3cc-e7e0-4c27-a77c-7d1708d737e7 | ITER: 30 END: OK
2020-05-07 18:55:07.369 150 INFO rally.task.runner [-] Task fe59d3cc-e7e0-4c27-a77c-7d1708d737e7 | ITER: 52 START
2020-05-07 18:55:08.317 179 INFO rally.task.runner [-] Task fe59d3cc-e7e0-4c27-a77c-7d1708d737e7 | ITER: 32 END: OK
2020-05-07 18:55:08.318 184 INFO rally.task.runner [-] Task fe59d3cc-e7e0-4c27-a77c-7d1708d737e7 | ITER: 40 END: OK
2020-05-07 18:55:08.321 179 INFO rally.task.runner [-] Task fe59d3cc-e7e0-4c27-a77c-7d1708d737e7 | ITER: 53 START
2020-05-07 18:55:08.322 184 INFO rally.task.runner [-] Task fe59d3cc-e7e0-4c27-a77c-7d1708d737e7 | ITER: 54 START
2020-05-07 18:55:08.486 173 INFO rally.task.runner [-] Task fe59d3cc-e7e0-4c27-a77c-7d1708d737e7 | ITER: 36 END: OK
2020-05-07 18:55:08.489 173 INFO rally.task.runner [-] Task fe59d3cc-e7e0-4c27-a77c-7d1708d737e7 | ITER: 55 START
2020-05-07 18:55:08.705 190 INFO rally.task.runner [-] Task fe59d3cc-e7e0-4c27-a77c-7d1708d737e7 | ITER: 41 END: OK
2020-05-07 18:55:08.708 190 INFO rally.task.runner [-] Task fe59d3cc-e7e0-4c27-a77c-7d1708d737e7 | ITER: 56 START
2020-05-07 18:55:08.774 168 INFO rally.task.runner [-] Task fe59d3cc-e7e0-4c27-a77c-7d1708d737e7 | ITER: 35 END: OK
2020-05-07 18:55:08.778 168 INFO rally.task.runner [-] Task fe59d3cc-e7e0-4c27-a77c-7d1708d737e7 | ITER: 57 START
2020-05-07 18:55:08.786 186 INFO rally.task.runner [-] Task fe59d3cc-e7e0-4c27-a77c-7d1708d737e7 | ITER: 45 END: OK
2020-05-07 18:55:08.790 186 INFO rally.task.runner [-] Task fe59d3cc-e7e0-4c27-a77c-7d1708d737e7 | ITER: 58 START
2020-05-07 18:55:08.830 139 INFO rally.task.runner [-] Task fe59d3cc-e7e0-4c27-a77c-7d1708d737e7 | ITER: 44 END: OK
2020-05-07 18:55:08.833 139 INFO rally.task.runner [-] Task fe59d3cc-e7e0-4c27-a77c-7d1708d737e7 | ITER: 59 START
2020-05-07 18:55:08.848 147 INFO rally.task.runner [-] Task fe59d3cc-e7e0-4c27-a77c-7d1708d737e7 | ITER: 47 END: OK
2020-05-07 18:55:08.851 147 INFO rally.task.runner [-] Task fe59d3cc-e7e0-4c27-a77c-7d1708d737e7 | ITER: 60 START
2020-05-07 18:55:08.882 141 INFO rally.task.runner [-] Task fe59d3cc-e7e0-4c27-a77c-7d1708d737e7 | ITER: 37 END: OK
2020-05-07 18:55:08.885 141 INFO rally.task.runner [-] Task fe59d3cc-e7e0-4c27-a77c-7d1708d737e7 | ITER: 61 START
2020-05-07 18:55:08.930 143 INFO rally.task.runner [-] Task fe59d3cc-e7e0-4c27-a77c-7d1708d737e7 | ITER: 39 END: OK
2020-05-07 18:55:08.934 143 INFO rally.task.runner [-] Task fe59d3cc-e7e0-4c27-a77c-7d1708d737e7 | ITER: 62 START
2020-05-07 18:55:08.972 158 INFO rally.task.runner [-] Task fe59d3cc-e7e0-4c27-a77c-7d1708d737e7 | ITER: 34 END: OK
2020-05-07 18:55:08.975 158 INFO rally.task.runner [-] Task fe59d3cc-e7e0-4c27-a77c-7d1708d737e7 | ITER: 63 START
2020-05-07 18:55:09.027 181 INFO rally.task.runner [-] Task fe59d3cc-e7e0-4c27-a77c-7d1708d737e7 | ITER: 42 END: OK
2020-05-07 18:55:09.031 181 INFO rally.task.runner [-] Task fe59d3cc-e7e0-4c27-a77c-7d1708d737e7 | ITER: 64 START
2020-05-07 18:55:09.154 142 INFO rally.task.runner [-] Task fe59d3cc-e7e0-4c27-a77c-7d1708d737e7 | ITER: 43 END: OK
2020-05-07 18:55:09.157 142 INFO rally.task.runner [-] Task fe59d3cc-e7e0-4c27-a77c-7d1708d737e7 | ITER: 65 START
2020-05-07 18:55:09.178 177 INFO rally.task.runner [-] Task fe59d3cc-e7e0-4c27-a77c-7d1708d737e7 | ITER: 38 END: OK
2020-05-07 18:55:09.182 177 INFO rally.task.runner [-] Task fe59d3cc-e7e0-4c27-a77c-7d1708d737e7 | ITER: 66 START
2020-05-07 18:55:09.295 169 INFO rally.task.runner [-] Task fe59d3cc-e7e0-4c27-a77c-7d1708d737e7 | ITER: 49 END: OK
2020-05-07 18:55:09.299 169 INFO rally.task.runner [-] Task fe59d3cc-e7e0-4c27-a77c-7d1708d737e7 | ITER: 67 START
2020-05-07 18:55:09.307 140 INFO rally.task.runner [-] Task fe59d3cc-e7e0-4c27-a77c-7d1708d737e7 | ITER: 46 END: OK
2020-05-07 18:55:09.311 140 INFO rally.task.runner [-] Task fe59d3cc-e7e0-4c27-a77c-7d1708d737e7 | ITER: 68 START
2020-05-07 18:55:09.383 150 INFO rally.task.runner [-] Task fe59d3cc-e7e0-4c27-a77c-7d1708d737e7 | ITER: 52 END: OK
2020-05-07 18:55:09.387 150 INFO rally.task.runner [-] Task fe59d3cc-e7e0-4c27-a77c-7d1708d737e7 | ITER: 69 START
2020-05-07 18:55:09.396 156 INFO rally.task.runner [-] Task fe59d3cc-e7e0-4c27-a77c-7d1708d737e7 | ITER: 48 END: OK
2020-05-07 18:55:09.399 156 INFO rally.task.runner [-] Task fe59d3cc-e7e0-4c27-a77c-7d1708d737e7 | ITER: 70 START
2020-05-07 18:55:09.544 160 INFO rally.task.runner [-] Task fe59d3cc-e7e0-4c27-a77c-7d1708d737e7 | ITER: 51 END: OK
2020-05-07 18:55:09.547 160 INFO rally.task.runner [-] Task fe59d3cc-e7e0-4c27-a77c-7d1708d737e7 | ITER: 71 START
2020-05-07 18:55:09.656 164 INFO rally.task.runner [-] Task fe59d3cc-e7e0-4c27-a77c-7d1708d737e7 | ITER: 50 END: OK
2020-05-07 18:55:09.660 164 INFO rally.task.runner [-] Task fe59d3cc-e7e0-4c27-a77c-7d1708d737e7 | ITER: 72 START
2020-05-07 18:55:09.742 179 INFO rally.task.runner [-] Task fe59d3cc-e7e0-4c27-a77c-7d1708d737e7 | ITER: 53 END: OK
2020-05-07 18:55:09.745 179 INFO rally.task.runner [-] Task fe59d3cc-e7e0-4c27-a77c-7d1708d737e7 | ITER: 73 START
2020-05-07 18:55:10.185 184 INFO rally.task.runner [-] Task fe59d3cc-e7e0-4c27-a77c-7d1708d737e7 | ITER: 54 END: OK
2020-05-07 18:55:10.189 184 INFO rally.task.runner [-] Task fe59d3cc-e7e0-4c27-a77c-7d1708d737e7 | ITER: 74 START
2020-05-07 18:55:10.305 173 INFO rally.task.runner [-] Task fe59d3cc-e7e0-4c27-a77c-7d1708d737e7 | ITER: 55 END: OK
2020-05-07 18:55:10.308 173 INFO rally.task.runner [-] Task fe59d3cc-e7e0-4c27-a77c-7d1708d737e7 | ITER: 75 START
2020-05-07 18:55:10.597 168 INFO rally.task.runner [-] Task fe59d3cc-e7e0-4c27-a77c-7d1708d737e7 | ITER: 57 END: OK
2020-05-07 18:55:10.600 168 INFO rally.task.runner [-] Task fe59d3cc-e7e0-4c27-a77c-7d1708d737e7 | ITER: 76 START
2020-05-07 18:55:10.771 186 INFO rally.task.runner [-] Task fe59d3cc-e7e0-4c27-a77c-7d1708d737e7 | ITER: 58 END: OK
2020-05-07 18:55:10.775 186 INFO rally.task.runner [-] Task fe59d3cc-e7e0-4c27-a77c-7d1708d737e7 | ITER: 77 START
2020-05-07 18:55:11.920 139 INFO rally.task.runner [-] Task fe59d3cc-e7e0-4c27-a77c-7d1708d737e7 | ITER: 59 END: OK
2020-05-07 18:55:11.924 139 INFO rally.task.runner [-] Task fe59d3cc-e7e0-4c27-a77c-7d1708d737e7 | ITER: 78 START
2020-05-07 18:55:12.124 190 INFO rally.task.runner [-] Task fe59d3cc-e7e0-4c27-a77c-7d1708d737e7 | ITER: 56 END: OK
2020-05-07 18:55:12.126 158 INFO rally.task.runner [-] Task fe59d3cc-e7e0-4c27-a77c-7d1708d737e7 | ITER: 63 END: OK
2020-05-07 18:55:12.128 190 INFO rally.task.runner [-] Task fe59d3cc-e7e0-4c27-a77c-7d1708d737e7 | ITER: 79 START
2020-05-07 18:55:12.130 158 INFO rally.task.runner [-] Task fe59d3cc-e7e0-4c27-a77c-7d1708d737e7 | ITER: 80 START
2020-05-07 18:55:13.068 181 INFO rally.task.runner [-] Task fe59d3cc-e7e0-4c27-a77c-7d1708d737e7 | ITER: 64 END: OK
2020-05-07 18:55:13.071 181 INFO rally.task.runner [-] Task fe59d3cc-e7e0-4c27-a77c-7d1708d737e7 | ITER: 81 START
2020-05-07 18:55:13.099 143 INFO rally.task.runner [-] Task fe59d3cc-e7e0-4c27-a77c-7d1708d737e7 | ITER: 62 END: OK
2020-05-07 18:55:13.103 143 INFO rally.task.runner [-] Task fe59d3cc-e7e0-4c27-a77c-7d1708d737e7 | ITER: 82 START
2020-05-07 18:55:13.158 141 INFO rally.task.runner [-] Task fe59d3cc-e7e0-4c27-a77c-7d1708d737e7 | ITER: 61 END: OK
2020-05-07 18:55:13.162 141 INFO rally.task.runner [-] Task fe59d3cc-e7e0-4c27-a77c-7d1708d737e7 | ITER: 83 START
2020-05-07 18:55:13.164 147 INFO rally.task.runner [-] Task fe59d3cc-e7e0-4c27-a77c-7d1708d737e7 | ITER: 60 END: OK
2020-05-07 18:55:13.167 147 INFO rally.task.runner [-] Task fe59d3cc-e7e0-4c27-a77c-7d1708d737e7 | ITER: 84 START
2020-05-07 18:55:13.461 142 INFO rally.task.runner [-] Task fe59d3cc-e7e0-4c27-a77c-7d1708d737e7 | ITER: 65 END: OK
2020-05-07 18:55:13.465 142 INFO rally.task.runner [-] Task fe59d3cc-e7e0-4c27-a77c-7d1708d737e7 | ITER: 85 START
2020-05-07 18:55:13.665 150 INFO rally.task.runner [-] Task fe59d3cc-e7e0-4c27-a77c-7d1708d737e7 | ITER: 69 END: OK
2020-05-07 18:55:13.669 150 INFO rally.task.runner [-] Task fe59d3cc-e7e0-4c27-a77c-7d1708d737e7 | ITER: 86 START
2020-05-07 18:55:13.716 169 INFO rally.task.runner [-] Task fe59d3cc-e7e0-4c27-a77c-7d1708d737e7 | ITER: 67 END: OK
2020-05-07 18:55:13.720 169 INFO rally.task.runner [-] Task fe59d3cc-e7e0-4c27-a77c-7d1708d737e7 | ITER: 87 START
2020-05-07 18:55:14.091 164 INFO rally.task.runner [-] Task fe59d3cc-e7e0-4c27-a77c-7d1708d737e7 | ITER: 72 END: OK
2020-05-07 18:55:14.095 164 INFO rally.task.runner [-] Task fe59d3cc-e7e0-4c27-a77c-7d1708d737e7 | ITER: 88 START
2020-05-07 18:55:14.115 184 INFO rally.task.runner [-] Task fe59d3cc-e7e0-4c27-a77c-7d1708d737e7 | ITER: 74 END: OK
2020-05-07 18:55:14.118 184 INFO rally.task.runner [-] Task fe59d3cc-e7e0-4c27-a77c-7d1708d737e7 | ITER: 89 START
2020-05-07 18:55:14.239 156 INFO rally.task.runner [-] Task fe59d3cc-e7e0-4c27-a77c-7d1708d737e7 | ITER: 70 END: OK
2020-05-07 18:55:14.243 156 INFO rally.task.runner [-] Task fe59d3cc-e7e0-4c27-a77c-7d1708d737e7 | ITER: 90 START
2020-05-07 18:55:14.262 160 INFO rally.task.runner [-] Task fe59d3cc-e7e0-4c27-a77c-7d1708d737e7 | ITER: 71 END: OK
2020-05-07 18:55:14.266 160 INFO rally.task.runner [-] Task fe59d3cc-e7e0-4c27-a77c-7d1708d737e7 | ITER: 91 START
2020-05-07 18:55:14.364 140 INFO rally.task.runner [-] Task fe59d3cc-e7e0-4c27-a77c-7d1708d737e7 | ITER: 68 END: OK
2020-05-07 18:55:14.368 140 INFO rally.task.runner [-] Task fe59d3cc-e7e0-4c27-a77c-7d1708d737e7 | ITER: 92 START
2020-05-07 18:55:14.371 177 INFO rally.task.runner [-] Task fe59d3cc-e7e0-4c27-a77c-7d1708d737e7 | ITER: 66 END: OK
2020-05-07 18:55:14.375 177 INFO rally.task.runner [-] Task fe59d3cc-e7e0-4c27-a77c-7d1708d737e7 | ITER: 93 START
2020-05-07 18:55:14.502 168 INFO rally.task.runner [-] Task fe59d3cc-e7e0-4c27-a77c-7d1708d737e7 | ITER: 76 END: OK
2020-05-07 18:55:14.506 168 INFO rally.task.runner [-] Task fe59d3cc-e7e0-4c27-a77c-7d1708d737e7 | ITER: 94 START
2020-05-07 18:55:14.556 190 INFO rally.task.runner [-] Task fe59d3cc-e7e0-4c27-a77c-7d1708d737e7 | ITER: 79 END: OK
2020-05-07 18:55:14.560 190 INFO rally.task.runner [-] Task fe59d3cc-e7e0-4c27-a77c-7d1708d737e7 | ITER: 95 START
2020-05-07 18:55:15.920 179 INFO rally.task.runner [-] Task fe59d3cc-e7e0-4c27-a77c-7d1708d737e7 | ITER: 73 END: OK
2020-05-07 18:55:15.924 179 INFO rally.task.runner [-] Task fe59d3cc-e7e0-4c27-a77c-7d1708d737e7 | ITER: 96 START
2020-05-07 18:55:15.996 173 INFO rally.task.runner [-] Task fe59d3cc-e7e0-4c27-a77c-7d1708d737e7 | ITER: 75 END: OK
2020-05-07 18:55:16.000 173 INFO rally.task.runner [-] Task fe59d3cc-e7e0-4c27-a77c-7d1708d737e7 | ITER: 97 START
2020-05-07 18:55:17.846 186 INFO rally.task.runner [-] Task fe59d3cc-e7e0-4c27-a77c-7d1708d737e7 | ITER: 77 END: OK
2020-05-07 18:55:17.850 186 INFO rally.task.runner [-] Task fe59d3cc-e7e0-4c27-a77c-7d1708d737e7 | ITER: 98 START
2020-05-07 18:55:17.978 139 INFO rally.task.runner [-] Task fe59d3cc-e7e0-4c27-a77c-7d1708d737e7 | ITER: 78 END: OK
2020-05-07 18:55:17.980 181 INFO rally.task.runner [-] Task fe59d3cc-e7e0-4c27-a77c-7d1708d737e7 | ITER: 81 END: OK
2020-05-07 18:55:17.982 139 INFO rally.task.runner [-] Task fe59d3cc-e7e0-4c27-a77c-7d1708d737e7 | ITER: 99 START
2020-05-07 18:55:17.983 181 INFO rally.task.runner [-] Task fe59d3cc-e7e0-4c27-a77c-7d1708d737e7 | ITER: 100 START
2020-05-07 18:55:18.085 147 INFO rally.task.runner [-] Task fe59d3cc-e7e0-4c27-a77c-7d1708d737e7 | ITER: 84 END: OK
2020-05-07 18:55:19.942 141 INFO rally.task.runner [-] Task fe59d3cc-e7e0-4c27-a77c-7d1708d737e7 | ITER: 83 END: OK
2020-05-07 18:55:19.942 158 INFO rally.task.runner [-] Task fe59d3cc-e7e0-4c27-a77c-7d1708d737e7 | ITER: 80 END: OK
2020-05-07 18:55:20.008 150 INFO rally.task.runner [-] Task fe59d3cc-e7e0-4c27-a77c-7d1708d737e7 | ITER: 86 END: OK
2020-05-07 18:55:20.044 143 INFO rally.task.runner [-] Task fe59d3cc-e7e0-4c27-a77c-7d1708d737e7 | ITER: 82 END: OK
2020-05-07 18:55:20.170 177 INFO rally.task.runner [-] Task fe59d3cc-e7e0-4c27-a77c-7d1708d737e7 | ITER: 93 END: OK
2020-05-07 18:55:20.170 142 INFO rally.task.runner [-] Task fe59d3cc-e7e0-4c27-a77c-7d1708d737e7 | ITER: 85 END: OK
2020-05-07 18:55:20.171 156 INFO rally.task.runner [-] Task fe59d3cc-e7e0-4c27-a77c-7d1708d737e7 | ITER: 90 END: OK
2020-05-07 18:55:20.173 168 INFO rally.task.runner [-] Task fe59d3cc-e7e0-4c27-a77c-7d1708d737e7 | ITER: 94 END: OK
2020-05-07 18:55:20.174 140 INFO rally.task.runner [-] Task fe59d3cc-e7e0-4c27-a77c-7d1708d737e7 | ITER: 92 END: OK
2020-05-07 18:55:20.177 184 INFO rally.task.runner [-] Task fe59d3cc-e7e0-4c27-a77c-7d1708d737e7 | ITER: 89 END: OK
2020-05-07 18:55:20.178 160 INFO rally.task.runner [-] Task fe59d3cc-e7e0-4c27-a77c-7d1708d737e7 | ITER: 91 END: OK
2020-05-07 18:55:20.180 164 INFO rally.task.runner [-] Task fe59d3cc-e7e0-4c27-a77c-7d1708d737e7 | ITER: 88 END: OK
2020-05-07 18:55:20.180 169 INFO rally.task.runner [-] Task fe59d3cc-e7e0-4c27-a77c-7d1708d737e7 | ITER: 87 END: OK
2020-05-07 18:55:20.272 190 INFO rally.task.runner [-] Task fe59d3cc-e7e0-4c27-a77c-7d1708d737e7 | ITER: 95 END: OK
2020-05-07 18:55:20.612 186 INFO rally.task.runner [-] Task fe59d3cc-e7e0-4c27-a77c-7d1708d737e7 | ITER: 98 END: OK
2020-05-07 18:55:20.691 173 INFO rally.task.runner [-] Task fe59d3cc-e7e0-4c27-a77c-7d1708d737e7 | ITER: 97 END: OK
2020-05-07 18:55:20.791 181 INFO rally.task.runner [-] Task fe59d3cc-e7e0-4c27-a77c-7d1708d737e7 | ITER: 100 END: OK
2020-05-07 18:55:20.934 179 INFO rally.task.runner [-] Task fe59d3cc-e7e0-4c27-a77c-7d1708d737e7 | ITER: 96 END: OK
2020-05-07 18:55:20.944 139 INFO rally.task.runner [-] Task fe59d3cc-e7e0-4c27-a77c-7d1708d737e7 | ITER: 99 END: OK
2020-05-07 18:55:20.965 15 INFO rally.task.context [-] Task fe59d3cc-e7e0-4c27-a77c-7d1708d737e7 | Context cleanup@openstack cleanup() started
2020-05-07 18:55:20.973 15 RALLYDEBUG rally_openstack.cleanup.manager [-] Cleaning up neutron vip objects
2020-05-07 18:55:21.147 15 RALLYDEBUG rally_openstack.cleanup.manager [-] Cleaning up neutron health_monitor objects
2020-05-07 18:55:21.307 15 RALLYDEBUG rally_openstack.cleanup.manager [-] Cleaning up neutron pool objects
2020-05-07 18:55:21.466 15 RALLYDEBUG rally_openstack.cleanup.manager [-] Cleaning up neutron loadbalancer objects
2020-05-07 18:55:21.625 15 RALLYDEBUG rally_openstack.cleanup.manager [-] Cleaning up neutron floatingip objects
2020-05-07 18:55:21.797 15 RALLYDEBUG rally_openstack.cleanup.manager [-] Cleaning up neutron trunk objects
2020-05-07 18:55:21.945 15 DEBUG neutronclient.v2_0.client [-] Error message: {"NeutronError": {"message": "Invalid input for operation: 'tenant_id' is not supported for filtering.", "type": "InvalidInput", "detail": ""}} _handle_fault_response /usr/lib/python2.7/site-packages/neutronclient/v2_0/client.py:259
2020-05-07 18:55:21.967 15 DEBUG neutronclient.v2_0.client [-] Error message: {"NeutronError": {"message": "Invalid input for operation: 'tenant_id' is not supported for filtering.", "type": "InvalidInput", "detail": ""}} _handle_fault_response /usr/lib/python2.7/site-packages/neutronclient/v2_0/client.py:259
2020-05-07 18:55:21.996 15 DEBUG neutronclient.v2_0.client [-] Error message: {"NeutronError": {"message": "Invalid input for operation: 'tenant_id' is not supported for filtering.", "type": "InvalidInput", "detail": ""}} _handle_fault_response /usr/lib/python2.7/site-packages/neutronclient/v2_0/client.py:259
2020-05-07 18:55:21.996 15 ERROR rally_openstack.cleanup.manager [-] Seems like rally_openstack.cleanup.resources.NeutronTrunk.list(self) method is broken. It shouldn't raise any exceptions.: BadRequest: Invalid input for operation: 'tenant_id' is not supported for filtering. Neutron server returns request_ids: ['req-0874a026-7af7-48c1-85fa-739395da2410']
2020-05-07 18:55:21.996 15 ERROR rally_openstack.cleanup.manager
Traceback (most recent call last):
2020-05-07 18:55:21.996 15 ERROR rally_openstack.cleanup.manager
File "/usr/lib/python2.7/site-packages/rally_openstack/cleanup/manager.py", line 133, in _publish
2020-05-07 18:55:21.996 15 ERROR rally_openstack.cleanup.manager for raw_resource in rutils.retry(3, manager.list):
2020-05-07 18:55:21.996 15 ERROR rally_openstack.cleanup.manager
File "/usr/lib/python2.7/site-packages/rally/common/utils.py", line 230, in retry
2020-05-07 18:55:21.996 15 ERROR rally_openstack.cleanup.manager return func(*args, **kwargs)
2020-05-07 18:55:21.996 15 ERROR rally_openstack.cleanup.manager
File "/usr/lib/python2.7/site-packages/rally_openstack/cleanup/resources.py", line 396, in list
2020-05-07 18:55:21.996 15 ERROR rally_openstack.cleanup.manager return super(NeutronTrunk, self).list()
2020-05-07 18:55:21.996 15 ERROR rally_openstack.cleanup.manager
File "/usr/lib/python2.7/site-packages/rally_openstack/cleanup/resources.py", line 273, in list
2020-05-07 18:55:21.996 15 ERROR rally_openstack.cleanup.manager result = list_method(tenant_id=self.tenant_uuid)[resources]
2020-05-07 18:55:21.996 15 ERROR rally_openstack.cleanup.manager
File "/usr/lib/python2.7/site-packages/neutronclient/v2_0/client.py", line 2105, in list_trunks
2020-05-07 18:55:21.996 15 ERROR rally_openstack.cleanup.manager **_params)
2020-05-07 18:55:21.996 15 ERROR rally_openstack.cleanup.manager
File "/usr/lib/python2.7/site-packages/neutronclient/v2_0/client.py", line 369, in list
2020-05-07 18:55:21.996 15 ERROR rally_openstack.cleanup.manager for r in self._pagination(collection, path, **params):
2020-05-07 18:55:21.996 15 ERROR rally_openstack.cleanup.manager
File "/usr/lib/python2.7/site-packages/neutronclient/v2_0/client.py", line 384, in _pagination
2020-05-07 18:55:21.996 15 ERROR rally_openstack.cleanup.manager res = self.get(path, params=params)
2020-05-07 18:55:21.996 15 ERROR rally_openstack.cleanup.manager
File "/usr/lib/python2.7/site-packages/neutronclient/v2_0/client.py", line 354, in get
2020-05-07 18:55:21.996 15 ERROR rally_openstack.cleanup.manager headers=headers, params=params)
2020-05-07 18:55:21.996 15 ERROR rally_openstack.cleanup.manager
File "/usr/lib/python2.7/site-packages/neutronclient/v2_0/client.py", line 331, in retry_request
2020-05-07 18:55:21.996 15 ERROR rally_openstack.cleanup.manager headers=headers, params=params)
2020-05-07 18:55:21.996 15 ERROR rally_openstack.cleanup.manager
File "/usr/lib/python2.7/site-packages/neutronclient/v2_0/client.py", line 294, in do_request
2020-05-07 18:55:21.996 15 ERROR rally_openstack.cleanup.manager self._handle_fault_response(status_code, replybody, resp)
2020-05-07 18:55:21.996 15 ERROR rally_openstack.cleanup.manager
File "/usr/lib/python2.7/site-packages/neutronclient/v2_0/client.py", line 269, in _handle_fault_response
2020-05-07 18:55:21.996 15 ERROR rally_openstack.cleanup.manager exception_handler_v20(status_code, error_body)
2020-05-07 18:55:21.996 15 ERROR rally_openstack.cleanup.manager
File "/usr/lib/python2.7/site-packages/neutronclient/v2_0/client.py", line 93, in exception_handler_v20
2020-05-07 18:55:21.996 15 ERROR rally_openstack.cleanup.manager request_ids=request_ids)
2020-05-07 18:55:21.996 15 ERROR rally_openstack.cleanup.manager BadRequest: Invalid input for operation: 'tenant_id' is not supported for filtering.
2020-05-07 18:55:21.996 15 ERROR rally_openstack.cleanup.manager Neutron server returns request_ids: ['req-0874a026-7af7-48c1-85fa-739395da2410']
2020-05-07 18:55:21.996 15 ERROR rally_openstack.cleanup.manager
2020-05-07 18:55:22.007 15 RALLYDEBUG rally_openstack.cleanup.manager [-] Cleaning up neutron port objects
2020-05-07 18:55:22.205 15 RALLYDEBUG rally_openstack.cleanup.manager [-] Cleaning up neutron subnet objects
2020-05-07 18:55:22.414 15 RALLYDEBUG rally_openstack.cleanup.manager [-] Cleaning up neutron network objects
2020-05-07 18:55:22.999 15 RALLYDEBUG rally_openstack.cleanup.manager [-] Deleting neutron.network object s_rally_50487145_QarN2SHW (018f23e7-2aef-4e66-83f2-e6869b7c352e)
2020-05-07 18:55:22.993 15 RALLYDEBUG rally_openstack.cleanup.manager [-] Deleting neutron.network object s_rally_50487145_s79tZgi4 (005fc6e6-b300-49b9-bdbe-75f2ba3dcbef)
2020-05-07 18:55:22.999 15 RALLYDEBUG rally_openstack.cleanup.manager [-] Deleting neutron.network object s_rally_50487145_MLE2qv9t (03c84c62-b0b1-4683-b339-5932ae454871)
2020-05-07 18:55:23.000 15 RALLYDEBUG rally_openstack.cleanup.manager [-] Deleting neutron.network object s_rally_50487145_EO9bnTEO (0121fef1-b962-4b45-89c4-1969d0b16567)
2020-05-07 18:55:23.012 15 RALLYDEBUG rally_openstack.cleanup.manager [-] Deleting neutron.network object s_rally_50487145_dalyxBPs (045d4502-f570-4b52-b6a7-533cc18d5458)
2020-05-07 18:55:23.018 15 RALLYDEBUG rally_openstack.cleanup.manager [-] Deleting neutron.network object s_rally_50487145_yWbdgyCj (06153efb-35aa-4722-af08-2072ac931b1d)
2020-05-07 18:55:23.043 15 RALLYDEBUG rally_openstack.cleanup.manager [-] Deleting neutron.network object s_rally_50487145_d4yPW6pu (06d2e759-51fd-408f-8921-138d74f1bb1f)
2020-05-07 18:55:23.062 15 RALLYDEBUG rally_openstack.cleanup.manager [-] Deleting neutron.network object s_rally_50487145_aPsR3xJ7 (0c9740c4-ec2b-44b7-8b0b-b283807f13c4)
2020-05-07 18:55:23.128 15 RALLYDEBUG rally_openstack.cleanup.manager [-] Deleting neutron.network object s_rally_50487145_eEzGcrtE (0eea2f1a-d407-4760-91f5-8e81cec65be5)
2020-05-07 18:55:23.132 15 RALLYDEBUG rally_openstack.cleanup.manager [-] Deleting neutron.network object s_rally_50487145_cIYsZcev (126b6ec8-4aca-4392-b3c4-a1fc1d5413b1)
2020-05-07 18:55:23.134 15 RALLYDEBUG rally_openstack.cleanup.manager [-] Deleting neutron.network object s_rally_50487145_zGg1FrAp (0bfca704-6fcb-492e-9eaf-6d0c714e2b1a)
2020-05-07 18:55:23.137 15 RALLYDEBUG rally_openstack.cleanup.manager [-] Deleting neutron.network object s_rally_50487145_dKw17Nxl (15309e36-ae73-485c-ae39-3b07534ae796)
2020-05-07 18:55:23.140 15 RALLYDEBUG rally_openstack.cleanup.manager [-] Deleting neutron.network object s_rally_50487145_lIiag6uk (0da07e62-9494-4817-ae6a-ea9d718819da)
2020-05-07 18:55:23.167 15 RALLYDEBUG rally_openstack.cleanup.manager [-] Deleting neutron.network object s_rally_50487145_prGCVF6V (16d3bd1a-f5a2-483a-8802-196b454c69c5)
2020-05-07 18:55:23.195 15 RALLYDEBUG rally_openstack.cleanup.manager [-] Deleting neutron.network object s_rally_50487145_hLke98EY (1813add2-9708-48c1-a718-78c4142b5953)
2020-05-07 18:55:23.199 15 RALLYDEBUG rally_openstack.cleanup.manager [-] Deleting neutron.network object s_rally_50487145_vcbhcuU4 (149bfd33-66d0-49cc-8f32-9e603717d9dc)
2020-05-07 18:55:23.202 15 RALLYDEBUG rally_openstack.cleanup.manager [-] Deleting neutron.network object s_rally_50487145_ZeM0cCiI (17c43bdf-b929-461f-b8f3-0d70b6fc58fb)
2020-05-07 18:55:23.216 15 RALLYDEBUG rally_openstack.cleanup.manager [-] Deleting neutron.network object s_rally_50487145_7Lh5pLaa (14c327de-969a-4a9c-b73e-9839fb55adb8)
2020-05-07 18:55:23.230 15 RALLYDEBUG rally_openstack.cleanup.manager [-] Deleting neutron.network object s_rally_50487145_kYw3TYbq (1a359e7e-2a0e-4c33-a0cf-69a5cbd1d814)
2020-05-07 18:55:23.248 15 RALLYDEBUG rally_openstack.cleanup.manager [-] Deleting neutron.network object s_rally_50487145_MZpMuX6d (1b90a29b-55db-458e-a4be-0f67ef0f19e1)
2020-05-07 18:55:25.378 15 RALLYDEBUG rally_openstack.cleanup.manager [-] Deleting neutron.network object s_rally_50487145_ya2EBKGc (1bbc9ff1-bb7c-4b27-a175-a19a23b74d35)
2020-05-07 18:55:25.382 15 RALLYDEBUG rally_openstack.cleanup.manager [-] Deleting neutron.network object s_rally_50487145_7SOjJOg9 (1bd527b5-3a8c-4d99-9540-cf8858cd4551)
2020-05-07 18:55:25.387 15 RALLYDEBUG rally_openstack.cleanup.manager [-] Deleting neutron.network object s_rally_50487145_NntKq5t5 (1ef49927-54b5-465b-92d3-30186065290c)
2020-05-07 18:55:25.435 15 RALLYDEBUG rally_openstack.cleanup.manager [-] Deleting neutron.network object s_rally_50487145_57FeqWyZ (23961bb6-82a2-4b10-94a7-061d761473a3)
2020-05-07 18:55:25.499 15 RALLYDEBUG rally_openstack.cleanup.manager [-] Deleting neutron.network object s_rally_50487145_TRReQ730 (2442f3aa-bc19-48b6-9c25-c411cad83456)
2020-05-07 18:55:51.363 15 DEBUG neutronclient.v2_0.client [-] Error message: {"message": "The server is currently unavailable. Please try again at a later time.

\n\n\n", "code": "503 Service Unavailable", "title": "Service Unavailable"} _handle_fault_response /usr/lib/python2.7/site-packages/neutronclient/v2_0/client.py:259
2020-05-07 18:55:51.388 15 DEBUG neutronclient.v2_0.client [-] Error message: {"message": "The server is currently unavailable. Please try again at a later time.

\n\n\n", "code": "503 Service Unavailable", "title": "Service Unavailable"} _handle_fault_response /usr/lib/python2.7/site-packages/neutronclient/v2_0/client.py:259
2020-05-07 18:55:51.406 15 DEBUG neutronclient.v2_0.client [-] Error message: {"message": "The server is currently unavailable. Please try again at a later time.

\n\n\n", "code": "503 Service Unavailable", "title": "Service Unavailable"} _handle_fault_response /usr/lib/python2.7/site-packages/neutronclient/v2_0/client.py:259
2020-05-07 18:55:51.407 15 ERROR rally_openstack.cleanup.manager [-] Resource deletion failed, max retries exceeded for neutron.network: 17c43bdf-b929-461f-b8f3-0d70b6fc58fb.: ServiceUnavailable: The server is currently unavailable. Please try again at a later time.

Neutron server returns request_ids: ['req-517659af-fa03-4681-be94-e9f96944240b']
2020-05-07 18:55:51.407 15 ERROR rally_openstack.cleanup.manager
Traceback (most recent call last):
2020-05-07 18:55:51.407 15 ERROR rally_openstack.cleanup.manager
File "/usr/lib/python2.7/site-packages/rally_openstack/cleanup/manager.py", line 85, in _delete_single_resource
2020-05-07 18:55:51.407 15 ERROR rally_openstack.cleanup.manager rutils.retry(resource._max_attempts, resource.delete)
2020-05-07 18:55:51.407 15 ERROR rally_openstack.cleanup.manager
File "/usr/lib/python2.7/site-packages/rally/common/utils.py", line 230, in retry
2020-05-07 18:55:51.407 15 ERROR rally_openstack.cleanup.manager return func(*args, **kwargs)
2020-05-07 18:55:51.407 15 ERROR rally_openstack.cleanup.manager
File "/usr/lib/python2.7/site-packages/rally_openstack/cleanup/resources.py", line 265, in delete
2020-05-07 18:55:51.407 15 ERROR rally_openstack.cleanup.manager delete_method(self.id())
2020-05-07 18:55:51.407 15 ERROR rally_openstack.cleanup.manager
File "/usr/lib/python2.7/site-packages/neutronclient/v2_0/client.py", line 826, in delete_network
2020-05-07 18:55:51.407 15 ERROR rally_openstack.cleanup.manager return self.delete(self.network_path % (network))
2020-05-07 18:55:51.407 15 ERROR rally_openstack.cleanup.manager
File "/usr/lib/python2.7/site-packages/neutronclient/v2_0/client.py", line 350, in delete
2020-05-07 18:55:51.407 15 ERROR rally_openstack.cleanup.manager headers=headers, params=params)
2020-05-07 18:55:51.407 15 ERROR rally_openstack.cleanup.manager
File "/usr/lib/python2.7/site-packages/neutronclient/v2_0/client.py", line 331, in retry_request
2020-05-07 18:55:51.407 15 ERROR rally_openstack.cleanup.manager headers=headers, params=params)
2020-05-07 18:55:51.407 15 ERROR rally_openstack.cleanup.manager
File "/usr/lib/python2.7/site-packages/neutronclient/v2_0/client.py", line 294, in do_request
2020-05-07 18:55:51.407 15 ERROR rally_openstack.cleanup.manager self._handle_fault_response(status_code, replybody, resp)
2020-05-07 18:55:51.407 15 ERROR rally_openstack.cleanup.manager
File "/usr/lib/python2.7/site-packages/neutronclient/v2_0/client.py", line 269, in _handle_fault_response
2020-05-07 18:55:51.407 15 ERROR rally_openstack.cleanup.manager exception_handler_v20(status_code, error_body)
2020-05-07 18:55:51.407 15 ERROR rally_openstack.cleanup.manager
File "/usr/lib/python2.7/site-packages/neutronclient/v2_0/client.py", line 93, in exception_handler_v20
2020-05-07 18:55:51.407 15 ERROR rally_openstack.cleanup.manager request_ids=request_ids)
2020-05-07 18:55:51.407 15 ERROR rally_openstack.cleanup.manager ServiceUnavailable: The server is currently unavailable. Please try again at a later time.

2020-05-07 18:55:51.407 15 ERROR rally_openstack.cleanup.manager
2020-05-07 18:55:51.407 15 ERROR rally_openstack.cleanup.manager
2020-05-07 18:55:51.407 15 ERROR rally_openstack.cleanup.manager
2020-05-07 18:55:51.407 15 ERROR rally_openstack.cleanup.manager Neutron server returns request_ids: ['req-517659af-fa03-4681-be94-e9f96944240b']
2020-05-07 18:55:51.407 15 ERROR rally_openstack.cleanup.manager
2020-05-07 18:55:51.412 15 RALLYDEBUG rally_openstack.cleanup.manager [-] Deleting neutron.network object s_rally_50487145_YHusrTmZ (27fdc85a-c57c-4297-a0fb-b1ddb35d7213)
