2020-03-25 18:38:31.261 725 DEBUG novaclient.v2.client [-] RESP BODY: {"flavors": [{"links": [{"href": "http://compute-airship.intel-pod15.opnfv.org/v2.1/flavors/0f36cf00-6658-4ee9-b5a5-0473ef79ea88", "rel": "self"}, {"href": "http://compute-airship.intel-pod15.opnfv.org/flavors/0f36cf00-6658-4ee9-b5a5-0473ef79ea88", "rel": "bookmark"}], "ram": 2048, "OS-FLV-DISABLED:disabled": false, "os-flavor-access:is_public": true, "rxtx_factor": 1.0, "disk": 20, "id": "0f36cf00-6658-4ee9-b5a5-0473ef79ea88", "name": "m1.small", "vcpus": 1, "swap": "", "OS-FLV-EXT-DATA:ephemeral": 0}, {"links": [{"href": "http://compute-airship.intel-pod15.opnfv.org/v2.1/flavors/36087679-e80c-42bf-9f01-892cecf536fa", "rel": "self"}, {"href": "http://compute-airship.intel-pod15.opnfv.org/flavors/36087679-e80c-42bf-9f01-892cecf536fa", "rel": "bookmark"}], "ram": 64, "OS-FLV-DISABLED:disabled": false, "os-flavor-access:is_public": true, "rxtx_factor": 1.0, "disk": 0, "id": "36087679-e80c-42bf-9f01-892cecf536fa", "name": "rally_verify_f6c4548e_ajZ6bUSs", "vcpus": 1, "swap": "", "OS-FLV-EXT-DATA:ephemeral": 0}, {"links": [{"href": "http://compute-airship.intel-pod15.opnfv.org/v2.1/flavors/3d9a7220-1b41-4e25-a69d-c84eb735eece", "rel": "self"}, {"href": "http://compute-airship.intel-pod15.opnfv.org/flavors/3d9a7220-1b41-4e25-a69d-c84eb735eece", "rel": "bookmark"}], "ram": 8192, "OS-FLV-DISABLED:disabled": false, "os-flavor-access:is_public": true, "rxtx_factor": 1.0, "disk": 80, "id": "3d9a7220-1b41-4e25-a69d-c84eb735eece", "name": "m1.large", "vcpus": 4, "swap": "", "OS-FLV-EXT-DATA:ephemeral": 0}, {"links": [{"href": "http://compute-airship.intel-pod15.opnfv.org/v2.1/flavors/6e8943ba-31ee-447d-8bab-c5ae36e8018b", "rel": "self"}, {"href": "http://compute-airship.intel-pod15.opnfv.org/flavors/6e8943ba-31ee-447d-8bab-c5ae36e8018b", "rel": "bookmark"}], "ram": 16384, "OS-FLV-DISABLED:disabled": false, "os-flavor-access:is_public": true, "rxtx_factor": 1.0, "disk": 160, "id": "6e8943ba-31ee-447d-8bab-c5ae36e8018b", "name": "m1.xlarge", "vcpus": 8, "swap": "", "OS-FLV-EXT-DATA:ephemeral": 0}, {"links": [{"href": "http://compute-airship.intel-pod15.opnfv.org/v2.1/flavors/7e4ff11c-8472-44af-8813-d488f235319a", "rel": "self"}, {"href": "http://compute-airship.intel-pod15.opnfv.org/flavors/7e4ff11c-8472-44af-8813-d488f235319a", "rel": "bookmark"}], "ram": 1024, "OS-FLV-DISABLED:disabled": false, "os-flavor-access:is_public": true, "rxtx_factor": 1.0, "disk": 1, "id": "7e4ff11c-8472-44af-8813-d488f235319a", "name": "rally_full-flavor_alt_176bac14-2663-4f43-8201-efe1fbf23f42", "vcpus": 1, "swap": "", "OS-FLV-EXT-DATA:ephemeral": 0}, {"links": [{"href": "http://compute-airship.intel-pod15.opnfv.org/v2.1/flavors/80291ab3-2af5-49cf-a631-3480e50c9ce6", "rel": "self"}, {"href": "http://compute-airship.intel-pod15.opnfv.org/flavors/80291ab3-2af5-49cf-a631-3480e50c9ce6", "rel": "bookmark"}], "ram": 512, "OS-FLV-DISABLED:disabled": false, "os-flavor-access:is_public": true, "rxtx_factor": 1.0, "disk": 1, "id": "80291ab3-2af5-49cf-a631-3480e50c9ce6", "name": "m1.tiny", "vcpus": 1, "swap": "", "OS-FLV-EXT-DATA:ephemeral": 0}, {"links": [{"href": "http://compute-airship.intel-pod15.opnfv.org/v2.1/flavors/a5930f6a-0513-437f-a1a0-d18f46d9632a", "rel": "self"}, {"href": "http://compute-airship.intel-pod15.opnfv.org/flavors/a5930f6a-0513-437f-a1a0-d18f46d9632a", "rel": "bookmark"}], "ram": 4096, "OS-FLV-DISABLED:disabled": false, "os-flavor-access:is_public": true, "rxtx_factor": 1.0, "disk": 40, "id": "a5930f6a-0513-437f-a1a0-d18f46d9632a", "name": "m1.medium", "vcpus": 2, "swap": "", "OS-FLV-EXT-DATA:ephemeral": 0}, {"links": [{"href": "http://compute-airship.intel-pod15.opnfv.org/v2.1/flavors/dae74511-24c7-4c6b-be3e-c15e5fcf6e6a", "rel": "self"}, {"href": "http://compute-airship.intel-pod15.opnfv.org/flavors/dae74511-24c7-4c6b-be3e-c15e5fcf6e6a", "rel": "bookmark"}], "ram": 512, "OS-FLV-DISABLED:disabled": false, "os-flavor-access:is_public": true, "rxtx_factor": 1.0, "disk": 1, "id": "dae74511-24c7-4c6b-be3e-c15e5fcf6e6a", "name": "rally_full-flavor_176bac14-2663-4f43-8201-efe1fbf23f42", "vcpus": 1, "swap": "", "OS-FLV-EXT-DATA:ephemeral": 0}]} _http_log_response /usr/lib/python2.7/site-packages/keystoneauth1/session.py:511
2020-03-25 18:38:31.261 725 DEBUG novaclient.v2.client [-] GET call to compute for http://compute-airship.intel-pod15.opnfv.org/v2.1/flavors/detail used request id req-b4689899-2762-4fea-b10d-838e4b2840f5 request /usr/lib/python2.7/site-packages/keystoneauth1/session.py:844
2020-03-25 18:38:31.354 725 DEBUG novaclient.v2.client [-] REQ: curl -g -i -X GET http://compute-airship.intel-pod15.opnfv.org/v2.1/flavors/dae74511-24c7-4c6b-be3e-c15e5fcf6e6a -H "Accept: application/json" -H "User-Agent: python-novaclient" -H "X-Auth-Token: {SHA1}71b0bd1b1f052a8796f10378941d3e31c1912b69" _http_log_request /usr/lib/python2.7/site-packages/keystoneauth1/session.py:448
2020-03-25 18:38:31.456 725 DEBUG novaclient.v2.client [-] RESP: [200] Connection: keep-alive Content-Encoding: gzip Content-Type: application/json Date: Wed, 25 Mar 2020 18:38:31 GMT Openstack-Api-Version: compute 2.1 Transfer-Encoding: chunked Vary: Accept-Encoding, OpenStack-API-Version, X-OpenStack-Nova-API-Version X-Compute-Request-Id: req-a4858c51-8226-448e-bbe6-90ed6294485c X-Openstack-Nova-Api-Version: 2.1 _http_log_response /usr/lib/python2.7/site-packages/keystoneauth1/session.py:479
2020-03-25 18:38:31.456 725 DEBUG novaclient.v2.client [-] RESP BODY: {"flavor": {"links": [{"href": "http://compute-airship.intel-pod15.opnfv.org/v2.1/flavors/dae74511-24c7-4c6b-be3e-c15e5fcf6e6a", "rel": "self"}, {"href": "http://compute-airship.intel-pod15.opnfv.org/flavors/dae74511-24c7-4c6b-be3e-c15e5fcf6e6a", "rel": "bookmark"}], "ram": 512, "OS-FLV-DISABLED:disabled": false, "os-flavor-access:is_public": true, "rxtx_factor": 1.0, "disk": 1, "id": "dae74511-24c7-4c6b-be3e-c15e5fcf6e6a", "name": "rally_full-flavor_176bac14-2663-4f43-8201-efe1fbf23f42", "vcpus": 1, "swap": "", "OS-FLV-EXT-DATA:ephemeral": 0}} _http_log_response /usr/lib/python2.7/site-packages/keystoneauth1/session.py:511
2020-03-25 18:38:31.457 725 DEBUG novaclient.v2.client [-] GET call to compute for http://compute-airship.intel-pod15.opnfv.org/v2.1/flavors/dae74511-24c7-4c6b-be3e-c15e5fcf6e6a used request id req-a4858c51-8226-448e-bbe6-90ed6294485c request /usr/lib/python2.7/site-packages/keystoneauth1/session.py:844
2020-03-25 18:38:31.894 725 INFO rally.task.context [-] Task ebc757e5-ba3c-4d38-8487-a00dd6b41e37 | Context users@openstack cleanup() started
2020-03-25 18:38:34.025 725 INFO rally.task.context [-] Task ebc757e5-ba3c-4d38-8487-a00dd6b41e37 | Context users@openstack cleanup() finished in 2.13 sec
2020-03-25 18:38:34.025 725 INFO rally.task.engine [-] Task ebc757e5-ba3c-4d38-8487-a00dd6b41e37 | Completed: Task validation of semantic.
2020-03-25 18:38:34.026 725 INFO rally.task.engine [-] Task ebc757e5-ba3c-4d38-8487-a00dd6b41e37 | Completed: Task validation.
2020-03-25 18:38:34.026 725 INFO rally.api [-] Task ebc757e5-ba3c-4d38-8487-a00dd6b41e37 input file is valid.
2020-03-25 18:38:34.026 725 INFO rally.api [-] Run Task ebc757e5-ba3c-4d38-8487-a00dd6b41e37 against Deployment 056258a8-de09-4261-ac78-cd9762106469
2020-03-25 18:38:34.026 725 INFO rally.task.engine [-] Task ebc757e5-ba3c-4d38-8487-a00dd6b41e37 | Starting: Running task.
2020-03-25 18:38:34.065 725 INFO rally.task.engine [-] Running workload: position = 0 config = { "version": 2, "title": "A cropped version of a bigger task.", "description": "Auto-generated task from a single workload (uuid=5cdec8e0-592f-4c71-8858-5314f50036e4)", "subtasks": [ { "title": "GlanceImages.create_and_delete_image", "description": "Create and then delete an image.", "scenario": { "GlanceImages.create_and_delete_image": { "container_format": "bare", "disk_format": "qcow2", "image_location": "/home/opnfv/functest/images/cirros-0.4.0-x86_64-disk.img" } }, "contexts": { "users": { "tenants": 3, "users_per_tenant": 2 } }, "runner": { "constant": { "concurrency": 4, "times": 10 } }, "hooks": [], "sla": { "failure_rate": { "max": 0 } } } ] }
2020-03-25 18:38:34.088 725 RALLYDEBUG rally_openstack.contexts.keystone.users [-] Creating 3 tenants using 20 threads
2020-03-25 18:38:34.746 725 RALLYDEBUG rally_openstack.contexts.keystone.users [-] Creating 6 users using 20 threads
2020-03-25 18:38:35.686 725 INFO rally.task.context [-] Task ebc757e5-ba3c-4d38-8487-a00dd6b41e37 | Context users@openstack setup() finished in 1.60 sec
2020-03-25 18:38:35.687 725 INFO rally.task.context [-] Task ebc757e5-ba3c-4d38-8487-a00dd6b41e37 | Context cleanup@openstack setup() finished in 0.02 msec
2020-03-25 18:38:35.697 725 RALLYDEBUG rally.task.runner [-] Starting the constant runner (task UUID: ebc757e5-ba3c-4d38-8487-a00dd6b41e37). timeout: 0 concurrency: 4 concurrency_per_worker: 1 times: 10 concurrency_overhead: 0 processes_to_start: 4 max_cpu_used: 88
2020-03-25 18:38:35.714 849 RALLYDEBUG rally.task.runner [-] Starting a worker. concurrency: 1 args: {"container_format": "bare", "disk_format": "qcow2", "image_location": "/home/opnfv/functest/images/cirros-0.4.0-x86_64-disk.img"} times: 10 method_name: run timeout: 0 duration: None cls:
2020-03-25 18:38:35.717 850 RALLYDEBUG rally.task.runner [-] Starting a worker. concurrency: 1 args: {"container_format": "bare", "disk_format": "qcow2", "image_location": "/home/opnfv/functest/images/cirros-0.4.0-x86_64-disk.img"} times: 10 method_name: run timeout: 0 duration: None cls:
2020-03-25 18:38:35.720 851 RALLYDEBUG rally.task.runner [-] Starting a worker. concurrency: 1 args: {"container_format": "bare", "disk_format": "qcow2", "image_location": "/home/opnfv/functest/images/cirros-0.4.0-x86_64-disk.img"} times: 10 method_name: run timeout: 0 duration: None cls:
2020-03-25 18:38:35.721 849 INFO rally.task.runner [-] Task ebc757e5-ba3c-4d38-8487-a00dd6b41e37 | ITER: 1 START
2020-03-25 18:38:35.723 852 RALLYDEBUG rally.task.runner [-] Starting a worker. concurrency: 1 args: {"container_format": "bare", "disk_format": "qcow2", "image_location": "/home/opnfv/functest/images/cirros-0.4.0-x86_64-disk.img"} times: 10 method_name: run timeout: 0 duration: None cls:
2020-03-25 18:38:35.724 850 INFO rally.task.runner [-] Task ebc757e5-ba3c-4d38-8487-a00dd6b41e37 | ITER: 2 START
2020-03-25 18:38:35.726 851 INFO rally.task.runner [-] Task ebc757e5-ba3c-4d38-8487-a00dd6b41e37 | ITER: 3 START
2020-03-25 18:38:35.730 852 INFO rally.task.runner [-] Task ebc757e5-ba3c-4d38-8487-a00dd6b41e37 | ITER: 4 START
2020-03-25 18:38:38.770 851 RALLYDEBUG rally.task.utils [-] Waiting for resource u'ae8c188b-6c62-4475-a9ec-e4242f2a246d'. Status changed: NONE => QUEUED in 0.0719311237335
2020-03-25 18:38:39.221 852 RALLYDEBUG rally.task.utils [-] Waiting for resource u'f752dcfc-6c36-4d30-ba5d-d26dce050295'. Status changed: NONE => QUEUED in 0.0659139156342
2020-03-25 18:38:39.500 849 RALLYDEBUG rally.task.utils [-] Waiting for resource u'0ff0c873-91d4-41d1-836b-cea65cd2d82e'. Status changed: NONE => QUEUED in 0.0740029811859
2020-03-25 18:38:39.565 850 RALLYDEBUG rally.task.utils [-] Waiting for resource u'e8fc2cd6-dcd2-46a4-a694-c6fae75196eb'. Status changed: NONE => QUEUED in 0.0654618740082
2020-03-25 18:38:39.973 851 RALLYDEBUG rally.task.utils [-] Waiting for resource s_rally_5cdec8e0_H4zfaewl. Status changed: QUEUED => ACTIVE in 0.0404748916626
2020-03-25 18:38:40.353 852 RALLYDEBUG rally.task.utils [-] Waiting for resource s_rally_5cdec8e0_7CPc4lGW. Status changed: QUEUED => ACTIVE in 0.0353710651398
2020-03-25 18:38:40.674 849 RALLYDEBUG rally.task.utils [-] Waiting for resource s_rally_5cdec8e0_9ykh6MMW. Status changed: QUEUED => ACTIVE in 0.0500328540802
2020-03-25 18:38:40.745 851 INFO rally.task.runner [-] Task ebc757e5-ba3c-4d38-8487-a00dd6b41e37 | ITER: 3 END: OK
2020-03-25 18:38:40.751 851 INFO rally.task.runner [-] Task ebc757e5-ba3c-4d38-8487-a00dd6b41e37 | ITER: 5 START
2020-03-25 18:38:40.755 850 RALLYDEBUG rally.task.utils [-] Waiting for resource s_rally_5cdec8e0_fuc1I9iq. Status changed: QUEUED => ACTIVE in 0.0656549930573
2020-03-25 18:38:40.967 852 INFO rally.task.runner [-] Task ebc757e5-ba3c-4d38-8487-a00dd6b41e37 | ITER: 4 END: OK
2020-03-25 18:38:40.973 852 INFO rally.task.runner [-] Task ebc757e5-ba3c-4d38-8487-a00dd6b41e37 | ITER: 6 START
2020-03-25 18:38:41.554 849 INFO rally.task.runner [-] Task ebc757e5-ba3c-4d38-8487-a00dd6b41e37 | ITER: 1 END: OK
2020-03-25 18:38:41.559 849 INFO rally.task.runner [-] Task ebc757e5-ba3c-4d38-8487-a00dd6b41e37 | ITER: 7 START
2020-03-25 18:38:41.786 850 INFO rally.task.runner [-] Task ebc757e5-ba3c-4d38-8487-a00dd6b41e37 | ITER: 2 END: OK
2020-03-25 18:38:41.791 850 INFO rally.task.runner [-] Task ebc757e5-ba3c-4d38-8487-a00dd6b41e37 | ITER: 8 START
2020-03-25 18:38:43.460 851 RALLYDEBUG rally.task.utils [-] Waiting for resource u'e77df84d-d133-4083-b982-d259368375dc'. Status changed: NONE => QUEUED in 0.0687689781189
2020-03-25 18:38:43.677 852 RALLYDEBUG rally.task.utils [-] Waiting for resource u'2a3bbc3e-b1bc-4255-891d-826de0e20247'. Status changed: NONE => QUEUED in 0.0594160556793
2020-03-25 18:38:44.060 849 RALLYDEBUG rally.task.utils [-] Waiting for resource u'87ebfe9e-8d2a-4977-9bc2-df781061a936'. Status changed: NONE => QUEUED in 0.0593228340149
2020-03-25 18:38:44.280 850 RALLYDEBUG rally.task.utils [-] Waiting for resource u'bd586805-0257-4d87-847c-8ce522598458'. Status changed: NONE => QUEUED in 0.0726680755615
2020-03-25 18:38:45.160 851 RALLYDEBUG rally.task.utils [-] Waiting for resource s_rally_5cdec8e0_SCjnc070. Status changed: QUEUED => ACTIVE in 0.0360050201416
2020-03-25 18:38:45.181 852 RALLYDEBUG rally.task.utils [-] Waiting for resource s_rally_5cdec8e0_2tXjOiV8. Status changed: QUEUED => ACTIVE in 0.0395770072937
2020-03-25 18:38:45.658 849 RALLYDEBUG rally.task.utils [-] Waiting for resource s_rally_5cdec8e0_rUq2p3l8. Status changed: QUEUED => ACTIVE in 0.0301661491394
2020-03-25 18:38:45.770 850 RALLYDEBUG rally.task.utils [-] Waiting for resource s_rally_5cdec8e0_9R0cvUpS. Status changed: QUEUED => ACTIVE in 0.047464132309
2020-03-25 18:38:45.910 851 INFO rally.task.runner [-] Task ebc757e5-ba3c-4d38-8487-a00dd6b41e37 | ITER: 5 END: OK
2020-03-25 18:38:45.915 851 INFO rally.task.runner [-] Task ebc757e5-ba3c-4d38-8487-a00dd6b41e37 | ITER: 9 START
2020-03-25 18:38:45.925 852 INFO rally.task.runner [-] Task ebc757e5-ba3c-4d38-8487-a00dd6b41e37 | ITER: 6 END: OK
2020-03-25 18:38:45.929 852 INFO rally.task.runner [-] Task ebc757e5-ba3c-4d38-8487-a00dd6b41e37 | ITER: 10 START
2020-03-25 18:38:46.193 849 INFO rally.task.runner [-] Task ebc757e5-ba3c-4d38-8487-a00dd6b41e37 | ITER: 7 END: OK
2020-03-25 18:38:46.276 850 INFO rally.task.runner [-] Task ebc757e5-ba3c-4d38-8487-a00dd6b41e37 | ITER: 8 END: OK
2020-03-25 18:38:48.380 852 RALLYDEBUG rally.task.utils [-] Waiting for resource u'b453b5b6-ef74-47e1-a454-6606e4054cb0'. Status changed: NONE => QUEUED in 0.0594780445099
2020-03-25 18:38:48.531 851 RALLYDEBUG rally.task.utils [-] Waiting for resource u'e4e32c30-77e4-4b40-94cf-3e257134d973'. Status changed: NONE => QUEUED in 0.0627610683441
2020-03-25 18:38:49.755 852 RALLYDEBUG rally.task.utils [-] Waiting for resource s_rally_5cdec8e0_aZ6V0VfK. Status changed: QUEUED => ACTIVE in 0.0548949241638
2020-03-25 18:38:49.762 851 RALLYDEBUG rally.task.utils [-] Waiting for resource s_rally_5cdec8e0_Pi6B12Ct. Status changed: QUEUED => ACTIVE in 0.0501179695129
2020-03-25 18:38:50.362 852 INFO rally.task.runner [-] Task ebc757e5-ba3c-4d38-8487-a00dd6b41e37 | ITER: 10 END: OK
2020-03-25 18:38:50.377 851 INFO rally.task.runner [-] Task ebc757e5-ba3c-4d38-8487-a00dd6b41e37 | ITER: 9 END: OK
2020-03-25 18:38:50.403 725 INFO rally.task.context [-] Task ebc757e5-ba3c-4d38-8487-a00dd6b41e37 | Context cleanup@openstack cleanup() started
2020-03-25 18:38:50.406 725 RALLYDEBUG rally_openstack.cleanup.manager [-] Cleaning up glance images objects
2020-03-25 18:38:51.675 725 INFO rally.task.context [-] Task ebc757e5-ba3c-4d38-8487-a00dd6b41e37 | Context cleanup@openstack cleanup() finished in 1.27 sec
2020-03-25 18:38:51.675 725 INFO rally.task.context [-] Task ebc757e5-ba3c-4d38-8487-a00dd6b41e37 | Context users@openstack cleanup() started
2020-03-25 18:38:56.918 725 INFO rally.task.context [-] Task ebc757e5-ba3c-4d38-8487-a00dd6b41e37 | Context users@openstack cleanup() finished in 5.24 sec
2020-03-25 18:38:58.200 725 INFO rally.task.engine [-] Load duration is: 14.236254
2020-03-25 18:38:58.200 725 INFO rally.task.engine [-] Full runner duration is: 14.705773
2020-03-25 18:38:58.201 725 INFO rally.task.engine [-] Full duration is: 22.832448
2020-03-25 18:38:58.270 725 INFO rally.task.engine [-] Running workload: position = 0 config = { "version": 2, "title": "A cropped version of a bigger task.", "description": "Auto-generated task from a single workload (uuid=f54f19c1-678f-47e9-a438-4649a8331d74)", "subtasks": [ { "title": "GlanceImages.create_and_list_image", "description": "Create an image and then list all images.", "scenario": { "GlanceImages.create_and_list_image": { "container_format": "bare", "disk_format": "qcow2", "image_location": "/home/opnfv/functest/images/cirros-0.4.0-x86_64-disk.img" } }, "contexts": { "users": { "tenants": 3, "users_per_tenant": 2 } }, "runner": { "constant": { "concurrency": 4, "times": 10 } }, "hooks": [], "sla": { "failure_rate": { "max": 0 } } } ] }
2020-03-25 18:38:58.293 725 RALLYDEBUG rally_openstack.contexts.keystone.users [-] Creating 3 tenants using 20 threads
2020-03-25 18:38:59.084 725 RALLYDEBUG rally_openstack.contexts.keystone.users [-] Creating 6 users using 20 threads
2020-03-25 18:38:59.790 725 INFO rally.task.context [-] Task ebc757e5-ba3c-4d38-8487-a00dd6b41e37 | Context users@openstack setup() finished in 1.50 sec
2020-03-25 18:38:59.791 725 INFO rally.task.context [-] Task ebc757e5-ba3c-4d38-8487-a00dd6b41e37 | Context cleanup@openstack setup() finished in 0.01 msec
2020-03-25 18:38:59.801 725 RALLYDEBUG rally.task.runner [-] Starting the constant runner (task UUID: ebc757e5-ba3c-4d38-8487-a00dd6b41e37). timeout: 0 concurrency: 4 concurrency_per_worker: 1 times: 10 concurrency_overhead: 0 processes_to_start: 4 max_cpu_used: 88
2020-03-25 18:38:59.814 973 RALLYDEBUG rally.task.runner [-] Starting a worker. concurrency: 1 args: {"container_format": "bare", "disk_format": "qcow2", "image_location": "/home/opnfv/functest/images/cirros-0.4.0-x86_64-disk.img"} times: 10 method_name: run timeout: 0 duration: None cls:
2020-03-25 18:38:59.818 974 RALLYDEBUG rally.task.runner [-] Starting a worker. concurrency: 1 args: {"container_format": "bare", "disk_format": "qcow2", "image_location": "/home/opnfv/functest/images/cirros-0.4.0-x86_64-disk.img"} times: 10 method_name: run timeout: 0 duration: None cls:
2020-03-25 18:38:59.821 975 RALLYDEBUG rally.task.runner [-] Starting a worker. concurrency: 1 args: {"container_format": "bare", "disk_format": "qcow2", "image_location": "/home/opnfv/functest/images/cirros-0.4.0-x86_64-disk.img"} times: 10 method_name: run timeout: 0 duration: None cls:
2020-03-25 18:38:59.822 973 INFO rally.task.runner [-] Task ebc757e5-ba3c-4d38-8487-a00dd6b41e37 | ITER: 1 START
2020-03-25 18:38:59.825 974 INFO rally.task.runner [-] Task ebc757e5-ba3c-4d38-8487-a00dd6b41e37 | ITER: 2 START
2020-03-25 18:38:59.824 976 RALLYDEBUG rally.task.runner [-] Starting a worker. concurrency: 1 args: {"container_format": "bare", "disk_format": "qcow2", "image_location": "/home/opnfv/functest/images/cirros-0.4.0-x86_64-disk.img"} times: 10 method_name: run timeout: 0 duration: None cls:
2020-03-25 18:38:59.828 975 INFO rally.task.runner [-] Task ebc757e5-ba3c-4d38-8487-a00dd6b41e37 | ITER: 3 START
2020-03-25 18:38:59.831 976 INFO rally.task.runner [-] Task ebc757e5-ba3c-4d38-8487-a00dd6b41e37 | ITER: 4 START
2020-03-25 18:39:02.592 973 RALLYDEBUG rally.task.utils [-] Waiting for resource u'd7d8707c-a358-417d-8d67-8683c9249592'. Status changed: NONE => QUEUED in 0.0962297916412
2020-03-25 18:39:02.597 974 RALLYDEBUG rally.task.utils [-] Waiting for resource u'859abb52-d765-4547-81f0-05f1fd71cc16'. Status changed: NONE => QUEUED in 0.0950770378113
2020-03-25 18:39:02.635 976 RALLYDEBUG rally.task.utils [-] Waiting for resource u'0c2c90fd-b350-42c8-bd77-5dd145d2dbf6'. Status changed: NONE => QUEUED in 0.0871841907501
2020-03-25 18:39:03.945 973 RALLYDEBUG rally.task.utils [-] Waiting for resource s_rally_f54f19c1_NYNWHMQX. Status changed: QUEUED => ACTIVE in 0.0448768138885
2020-03-25 18:39:04.015 973 INFO rally.task.runner [-] Task ebc757e5-ba3c-4d38-8487-a00dd6b41e37 | ITER: 1 END: OK
2020-03-25 18:39:04.020 973 INFO rally.task.runner [-] Task ebc757e5-ba3c-4d38-8487-a00dd6b41e37 | ITER: 5 START
2020-03-25 18:39:04.020 974 RALLYDEBUG rally.task.utils [-] Waiting for resource s_rally_f54f19c1_XjLPhOjd. Status changed: QUEUED => ACTIVE in 0.0453310012817
2020-03-25 18:39:04.157 974 INFO rally.task.runner [-] Task ebc757e5-ba3c-4d38-8487-a00dd6b41e37 | ITER: 2 END: OK
2020-03-25 18:39:04.163 974 INFO rally.task.runner [-] Task ebc757e5-ba3c-4d38-8487-a00dd6b41e37 | ITER: 6 START
2020-03-25 18:39:05.914 975 RALLYDEBUG rally.task.utils [-] Waiting for resource u'544b9f38-f480-4df6-b879-6d8682fd37b1'. Status changed: NONE => QUEUED in 0.0746049880981
2020-03-25 18:39:06.801 975 RALLYDEBUG rally.task.utils [-] Waiting for resource s_rally_f54f19c1_olQvDK3c. Status changed: QUEUED => ACTIVE in 0.0451159477234
2020-03-25 18:39:06.856 975 INFO rally.task.runner [-] Task ebc757e5-ba3c-4d38-8487-a00dd6b41e37 | ITER: 3 END: OK
2020-03-25 18:39:06.861 975 INFO rally.task.runner [-] Task ebc757e5-ba3c-4d38-8487-a00dd6b41e37 | ITER: 7 START
2020-03-25 18:39:18.102 974 RALLYDEBUG rally.task.utils [-] Waiting for resource u'670b0ca7-1a23-40de-b94f-8b7417441185'. Status changed: NONE => QUEUED in 0.0948820114136
2020-03-25 18:39:19.321 974 RALLYDEBUG rally.task.utils [-] Waiting for resource s_rally_f54f19c1_df8PBv2e. Status changed: QUEUED => ACTIVE in 0.0430200099945
2020-03-25 18:39:19.389 974 INFO rally.task.runner [-] Task ebc757e5-ba3c-4d38-8487-a00dd6b41e37 | ITER: 6 END: OK
2020-03-25 18:39:19.394 974 INFO rally.task.runner [-] Task ebc757e5-ba3c-4d38-8487-a00dd6b41e37 | ITER: 8 START
2020-03-25 18:39:23.873 975 RALLYDEBUG rally.task.utils [-] Waiting for resource u'e866b45d-6ab5-4aa9-800c-94c72a1a5277'. Status changed: NONE => QUEUED in 0.0607860088348
2020-03-25 18:39:24.843 975 RALLYDEBUG rally.task.utils [-] Waiting for resource s_rally_f54f19c1_v0rhUC97. Status changed: QUEUED => ACTIVE in 0.0343990325928
2020-03-25 18:39:24.912 975 INFO rally.task.runner [-] Task ebc757e5-ba3c-4d38-8487-a00dd6b41e37 | ITER: 7 END: OK
2020-03-25 18:39:24.916 975 INFO rally.task.runner [-] Task ebc757e5-ba3c-4d38-8487-a00dd6b41e37 | ITER: 9 START
2020-03-25 18:39:33.870 973 RALLYDEBUG rally.task.utils [-] Waiting for resource u'0eefbe57-2549-41b5-9fb2-a391694bd374'. Status changed: NONE => QUEUED in 0.0680949687958
2020-03-25 18:39:34.784 973 RALLYDEBUG rally.task.utils [-] Waiting for resource s_rally_f54f19c1_XAacCAh6. Status changed: QUEUED => ACTIVE in 0.0418009757996
2020-03-25 18:39:34.833 973 INFO rally.task.runner [-] Task ebc757e5-ba3c-4d38-8487-a00dd6b41e37 | ITER: 5 END: OK
2020-03-25 18:39:34.838 973 INFO rally.task.runner [-] Task ebc757e5-ba3c-4d38-8487-a00dd6b41e37 | ITER: 10 START
2020-03-25 18:39:37.275 973 RALLYDEBUG rally.task.utils [-] Waiting for resource u'a0551e8d-ab2f-4d11-81ac-2565951136b1'. Status changed: NONE => QUEUED in 0.0772829055786
2020-03-25 18:39:38.362 973 RALLYDEBUG rally.task.utils [-] Waiting for resource s_rally_f54f19c1_nrO172dS. Status changed: QUEUED => ACTIVE in 0.0412669181824
2020-03-25 18:39:38.430 973 INFO rally.task.runner [-] Task ebc757e5-ba3c-4d38-8487-a00dd6b41e37 | ITER: 10 END: OK
2020-03-25 18:39:42.103 974 RALLYDEBUG rally.task.utils [-] Waiting for resource u'7a79bedc-6e32-452c-81ae-2077bdd09265'. Status changed: NONE => QUEUED in 0.0851700305939
2020-03-25 18:39:43.248 974 RALLYDEBUG rally.task.utils [-] Waiting for resource s_rally_f54f19c1_YdsdlPIu. Status changed: QUEUED => ACTIVE in 0.0428929328918
2020-03-25 18:39:43.326 974 INFO rally.task.runner [-] Task ebc757e5-ba3c-4d38-8487-a00dd6b41e37 | ITER: 8 END: OK
2020-03-25 18:39:45.158 975 RALLYDEBUG rally.task.utils [-] Waiting for resource u'c8954db9-5cd0-4c7b-9c5b-70576c2fb56a'. Status changed: NONE => QUEUED in 0.0703201293945
2020-03-25 18:39:46.109 975 RALLYDEBUG rally.task.utils [-] Waiting for resource s_rally_f54f19c1_yeg6CNZU. Status changed: QUEUED => ACTIVE in 0.0494618415833
2020-03-25 18:39:46.182 975 INFO rally.task.runner [-] Task ebc757e5-ba3c-4d38-8487-a00dd6b41e37 | ITER: 9 END: OK
2020-03-25 18:40:04.429 976 RALLYDEBUG rally.task.utils [-] Waiting for resource s_rally_f54f19c1_aH3LmzV1. Status changed: QUEUED => ACTIVE in 0.0665938854218
2020-03-25 18:40:04.503 976 INFO rally.task.runner [-] Task ebc757e5-ba3c-4d38-8487-a00dd6b41e37 | ITER: 4 END: OK
2020-03-25 18:40:04.523 725 INFO rally.task.context [-] Task ebc757e5-ba3c-4d38-8487-a00dd6b41e37 | Context cleanup@openstack cleanup() started
2020-03-25 18:40:04.526 725 RALLYDEBUG rally_openstack.cleanup.manager [-] Cleaning up glance images objects
2020-03-25 18:40:05.500 725 RALLYDEBUG rally_openstack.cleanup.manager [-] Deleting glance.images object s_rally_f54f19c1_XAacCAh6 (0eefbe57-2549-41b5-9fb2-a391694bd374)
2020-03-25 18:40:05.508 725 RALLYDEBUG rally_openstack.cleanup.manager [-] Deleting glance.images object s_rally_f54f19c1_aH3LmzV1 (0c2c90fd-b350-42c8-bd77-5dd145d2dbf6)
2020-03-25 18:40:05.514 725 RALLYDEBUG rally_openstack.cleanup.manager [-] Deleting glance.images object s_rally_f54f19c1_NYNWHMQX (d7d8707c-a358-417d-8d67-8683c9249592)
2020-03-25 18:40:05.520 725 RALLYDEBUG rally_openstack.cleanup.manager [-] Deleting glance.images object s_rally_f54f19c1_yeg6CNZU (c8954db9-5cd0-4c7b-9c5b-70576c2fb56a)
2020-03-25 18:40:05.522 725 RALLYDEBUG rally_openstack.cleanup.manager [-] Deleting glance.images object s_rally_f54f19c1_XjLPhOjd (859abb52-d765-4547-81f0-05f1fd71cc16)
2020-03-25 18:40:05.531 725 RALLYDEBUG rally_openstack.cleanup.manager [-] Deleting glance.images object s_rally_f54f19c1_YdsdlPIu (7a79bedc-6e32-452c-81ae-2077bdd09265)
2020-03-25 18:40:05.539 725 RALLYDEBUG rally_openstack.cleanup.manager [-] Deleting glance.images object s_rally_f54f19c1_nrO172dS (a0551e8d-ab2f-4d11-81ac-2565951136b1)
2020-03-25 18:40:05.546 725 RALLYDEBUG rally_openstack.cleanup.manager [-] Deleting glance.images object s_rally_f54f19c1_v0rhUC97 (e866b45d-6ab5-4aa9-800c-94c72a1a5277)
2020-03-25 18:40:05.552 725 RALLYDEBUG rally_openstack.cleanup.manager [-] Deleting glance.images object s_rally_f54f19c1_df8PBv2e (670b0ca7-1a23-40de-b94f-8b7417441185)
2020-03-25 18:40:05.565 725 RALLYDEBUG rally_openstack.cleanup.manager [-] Deleting glance.images object s_rally_f54f19c1_olQvDK3c (544b9f38-f480-4df6-b879-6d8682fd37b1)
2020-03-25 18:40:06.364 725 DEBUG glanceclient.common.http [-] Request returned failure status 404. _handle_response /usr/lib/python2.7/site-packages/glanceclient/common/http.py:125
2020-03-25 18:40:06.402 725 DEBUG glanceclient.common.http [-] Request returned failure status 404. _handle_response /usr/lib/python2.7/site-packages/glanceclient/common/http.py:125
2020-03-25 18:40:06.587 725 DEBUG glanceclient.common.http [-] Request returned failure status 404. _handle_response /usr/lib/python2.7/site-packages/glanceclient/common/http.py:125
2020-03-25 18:40:06.648 725 DEBUG glanceclient.common.http [-] Request returned failure status 404. _handle_response /usr/lib/python2.7/site-packages/glanceclient/common/http.py:125
2020-03-25 18:40:06.651 725 DEBUG glanceclient.common.http [-] Request returned failure status 404. _handle_response /usr/lib/python2.7/site-packages/glanceclient/common/http.py:125
2020-03-25 18:40:06.677 725 DEBUG glanceclient.common.http [-] Request returned failure status 404. _handle_response /usr/lib/python2.7/site-packages/glanceclient/common/http.py:125
2020-03-25 18:40:06.934 725 DEBUG glanceclient.common.http [-] Request returned failure status 404. _handle_response /usr/lib/python2.7/site-packages/glanceclient/common/http.py:125
2020-03-25 18:40:06.951 725 DEBUG glanceclient.common.http [-] Request returned failure status 404. _handle_response /usr/lib/python2.7/site-packages/glanceclient/common/http.py:125
2020-03-25 18:40:06.987 725 DEBUG glanceclient.common.http [-] Request returned failure status 404. _handle_response /usr/lib/python2.7/site-packages/glanceclient/common/http.py:125
2020-03-25 18:40:06.994 725 DEBUG glanceclient.common.http [-] Request returned failure status 404. _handle_response /usr/lib/python2.7/site-packages/glanceclient/common/http.py:125
2020-03-25 18:40:07.001 725 DEBUG glanceclient.common.http [-] Request returned failure status 404. _handle_response /usr/lib/python2.7/site-packages/glanceclient/common/http.py:125
2020-03-25 18:40:07.008 725 DEBUG glanceclient.common.http [-] Request returned failure status 404. _handle_response /usr/lib/python2.7/site-packages/glanceclient/common/http.py:125
2020-03-25 18:40:07.018 725 DEBUG glanceclient.common.http [-] Request returned failure status 404. _handle_response /usr/lib/python2.7/site-packages/glanceclient/common/http.py:125
2020-03-25 18:40:07.043 725 DEBUG glanceclient.common.http [-] Request returned failure status 404. _handle_response /usr/lib/python2.7/site-packages/glanceclient/common/http.py:125
2020-03-25 18:40:07.046 725 DEBUG glanceclient.common.http [-] Request returned failure status 404. _handle_response /usr/lib/python2.7/site-packages/glanceclient/common/http.py:125
2020-03-25 18:40:07.050 725 DEBUG glanceclient.common.http [-] Request returned failure status 404. _handle_response /usr/lib/python2.7/site-packages/glanceclient/common/http.py:125
2020-03-25 18:40:07.058 725 DEBUG glanceclient.common.http [-] Request returned failure status 404. _handle_response /usr/lib/python2.7/site-packages/glanceclient/common/http.py:125
2020-03-25 18:40:07.072 725 DEBUG glanceclient.common.http [-] Request returned failure status 404. _handle_response /usr/lib/python2.7/site-packages/glanceclient/common/http.py:125
2020-03-25 18:40:07.123 725 DEBUG glanceclient.common.http [-] Request returned failure status 404. _handle_response /usr/lib/python2.7/site-packages/glanceclient/common/http.py:125
2020-03-25 18:40:07.159 725 DEBUG glanceclient.common.http [-] Request returned failure status 404. _handle_response /usr/lib/python2.7/site-packages/glanceclient/common/http.py:125
2020-03-25 18:40:08.162 725 INFO rally.task.context [-] Task ebc757e5-ba3c-4d38-8487-a00dd6b41e37 | Context cleanup@openstack cleanup() finished in 3.64 sec
2020-03-25 18:40:08.163 725 INFO rally.task.context [-] Task ebc757e5-ba3c-4d38-8487-a00dd6b41e37 | Context users@openstack cleanup() started
2020-03-25 18:40:12.898 725 INFO rally.task.context [-] Task ebc757e5-ba3c-4d38-8487-a00dd6b41e37 | Context users@openstack cleanup() finished in 4.73 sec
2020-03-25 18:40:14.592 725 INFO rally.task.engine [-] Load duration is: 64.314555
2020-03-25 18:40:14.592 725 INFO rally.task.engine [-] Full runner duration is: 64.722468
2020-03-25 18:40:14.593 725 INFO rally.task.engine [-] Full duration is: 74.607517
2020-03-25 18:40:14.654 725 INFO rally.task.engine [-] Running workload: position = 0 config = { "version": 2, "title": "A cropped version of a bigger task.", "description": "Auto-generated task from a single workload (uuid=f131e6bb-b308-4fa0-8a38-06d51c070068)", "subtasks": [ { "title": "GlanceImages.list_images", "description": "List all images.", "scenario": { "GlanceImages.list_images": {} }, "contexts": { "users": { "tenants": 3, "users_per_tenant": 2 } }, "runner": { "constant": { "concurrency": 4, "times": 10 } }, "hooks": [], "sla": { "failure_rate": { "max": 0 } } } ] }
2020-03-25 18:40:14.675 725 RALLYDEBUG rally_openstack.contexts.keystone.users [-] Creating 3 tenants using 20 threads
2020-03-25 18:40:17.236 725 RALLYDEBUG rally_openstack.contexts.keystone.users [-] Creating 6 users using 20 threads
2020-03-25 18:40:18.667 725 INFO rally.task.context [-] Task ebc757e5-ba3c-4d38-8487-a00dd6b41e37 | Context users@openstack setup() finished in 3.99 sec
2020-03-25 18:40:18.675 725 RALLYDEBUG rally.task.runner [-] Starting the constant runner (task UUID: ebc757e5-ba3c-4d38-8487-a00dd6b41e37). timeout: 0 concurrency: 4 concurrency_per_worker: 1 times: 10 concurrency_overhead: 0 processes_to_start: 4 max_cpu_used: 88
2020-03-25 18:40:18.688 1097 RALLYDEBUG rally.task.runner [-] Starting a worker. concurrency: 1 args: {} times: 10 method_name: run timeout: 0 duration: None cls:
2020-03-25 18:40:18.692 1098 RALLYDEBUG rally.task.runner [-] Starting a worker. concurrency: 1 args: {} times: 10 method_name: run timeout: 0 duration: None cls:
2020-03-25 18:40:18.695 1099 RALLYDEBUG rally.task.runner [-] Starting a worker. concurrency: 1 args: {} times: 10 method_name: run timeout: 0 duration: None cls:
2020-03-25 18:40:18.696 1097 INFO rally.task.runner [-] Task ebc757e5-ba3c-4d38-8487-a00dd6b41e37 | ITER: 1 START
2020-03-25 18:40:18.698 1100 RALLYDEBUG rally.task.runner [-] Starting a worker. concurrency: 1 args: {} times: 10 method_name: run timeout: 0 duration: None cls:
2020-03-25 18:40:18.699 1098 INFO rally.task.runner [-] Task ebc757e5-ba3c-4d38-8487-a00dd6b41e37 | ITER: 2 START
2020-03-25 18:40:18.701 1099 INFO rally.task.runner [-] Task ebc757e5-ba3c-4d38-8487-a00dd6b41e37 | ITER: 3 START
2020-03-25 18:40:18.704 1100 INFO rally.task.runner [-] Task ebc757e5-ba3c-4d38-8487-a00dd6b41e37 | ITER: 4 START
2020-03-25 18:40:19.396 1100 INFO rally.task.runner [-] Task ebc757e5-ba3c-4d38-8487-a00dd6b41e37 | ITER: 4 END: OK
2020-03-25 18:40:19.401 1100 INFO rally.task.runner [-] Task ebc757e5-ba3c-4d38-8487-a00dd6b41e37 | ITER: 5 START
2020-03-25 18:40:19.410 1098 INFO rally.task.runner [-] Task ebc757e5-ba3c-4d38-8487-a00dd6b41e37 | ITER: 2 END: OK
2020-03-25 18:40:19.415 1098 INFO rally.task.runner [-] Task ebc757e5-ba3c-4d38-8487-a00dd6b41e37 | ITER: 6 START
2020-03-25 18:40:19.416 1097 INFO rally.task.runner [-] Task ebc757e5-ba3c-4d38-8487-a00dd6b41e37 | ITER: 1 END: OK
2020-03-25 18:40:19.420 1097 INFO rally.task.runner [-] Task ebc757e5-ba3c-4d38-8487-a00dd6b41e37 | ITER: 7 START
2020-03-25 18:40:19.588 1099 INFO rally.task.runner [-] Task ebc757e5-ba3c-4d38-8487-a00dd6b41e37 | ITER: 3 END: OK
2020-03-25 18:40:19.592 1099 INFO rally.task.runner [-] Task ebc757e5-ba3c-4d38-8487-a00dd6b41e37 | ITER: 8 START
2020-03-25 18:40:19.975 1100 INFO rally.task.runner [-] Task ebc757e5-ba3c-4d38-8487-a00dd6b41e37 | ITER: 5 END: OK
2020-03-25 18:40:19.977 1098 INFO rally.task.runner [-] Task ebc757e5-ba3c-4d38-8487-a00dd6b41e37 | ITER: 6 END: OK
2020-03-25 18:40:19.979 1100 INFO rally.task.runner [-] Task ebc757e5-ba3c-4d38-8487-a00dd6b41e37 | ITER: 9 START
2020-03-25 18:40:19.983 1098 INFO rally.task.runner [-] Task ebc757e5-ba3c-4d38-8487-a00dd6b41e37 | ITER: 10 START
2020-03-25 18:40:19.984 1097 INFO rally.task.runner [-] Task ebc757e5-ba3c-4d38-8487-a00dd6b41e37 | ITER: 7 END: OK
2020-03-25 18:40:19.987 1099 INFO rally.task.runner [-] Task ebc757e5-ba3c-4d38-8487-a00dd6b41e37 | ITER: 8 END: OK
2020-03-25 18:40:20.350 1098 INFO rally.task.runner [-] Task ebc757e5-ba3c-4d38-8487-a00dd6b41e37 | ITER: 10 END: OK
2020-03-25 18:40:20.352 1100 INFO rally.task.runner [-] Task ebc757e5-ba3c-4d38-8487-a00dd6b41e37 | ITER: 9 END: OK
2020-03-25 18:40:20.371 725 INFO rally.task.context [-] Task ebc757e5-ba3c-4d38-8487-a00dd6b41e37 | Context users@openstack cleanup() started
2020-03-25 18:40:26.658 725 INFO rally.task.context [-] Task ebc757e5-ba3c-4d38-8487-a00dd6b41e37 | Context users@openstack cleanup() finished in 6.29 sec
2020-03-25 18:40:26.761 725 INFO rally.task.engine [-] Load duration is: 1.275153
2020-03-25 18:40:26.762 725 INFO rally.task.engine [-] Full runner duration is: 1.696062
2020-03-25 18:40:26.762 725 INFO rally.task.engine [-] Full duration is: 11.984438
2020-03-25 18:40:26.818 725 INFO rally.task.engine [-] Running workload: position = 0 config = { "version": 2, "title": "A cropped version of a bigger task.", "description": "Auto-generated task from a single workload (uuid=25771b48-f181-4b03-aec6-9f55bac050f1)", "subtasks": [ { "title": "GlanceImages.create_image_and_boot_instances", "description": "Create an image and boot several instances from it.", "scenario": { "GlanceImages.create_image_and_boot_instances": { "container_format": "bare", "disk_format": "qcow2", "image_location": "/home/opnfv/functest/images/cirros-0.4.0-x86_64-disk.img", "flavor": { "name": "rally_full-flavor_176bac14-2663-4f43-8201-efe1fbf23f42" }, "number_instances": 2, "nics": [ { "net-id": "41650ad9-f180-48b8-89b7-5b5c544c667b" } ] } }, "contexts": { "users": { "tenants": 3, "users_per_tenant": 2 }, "quotas": { "nova": { "cores": -1, "floating_ips": -1, "instances": -1, "ram": -1, "security_group_rules": -1, "security_groups": -1 } } }, "runner": { "constant": { "concurrency": 4, "times": 10 } }, "hooks": [], "sla": { "failure_rate": { "max": 0 } } } ] }
2020-03-25 18:40:26.843 725 RALLYDEBUG rally_openstack.contexts.keystone.users [-] Creating 3 tenants using 20 threads
2020-03-25 18:40:27.401 725 RALLYDEBUG rally_openstack.contexts.keystone.users [-] Creating 6 users using 20 threads
2020-03-25 18:40:29.579 725 INFO rally.task.context [-] Task ebc757e5-ba3c-4d38-8487-a00dd6b41e37 | Context users@openstack setup() finished in 2.74 sec
2020-03-25 18:40:29.742 725 DEBUG novaclient.v2.client [-] REQ: curl -g -i -X PUT http://compute-airship.intel-pod15.opnfv.org/v2.1/os-quota-sets/b432d164795a449eb14260f0a14ff9a6 -H "Accept: application/json" -H "Content-Type: application/json" -H "User-Agent: python-novaclient" -H "X-Auth-Token: {SHA1}73ac44f69b0b2ef8bcb1fd879264cae3c3da013d" -d '{"quota_set": {"ram": -1, "floating_ips": -1, "security_group_rules": -1, "instances": -1, "cores": -1, "security_groups": -1}}' _http_log_request /usr/lib/python2.7/site-packages/keystoneauth1/session.py:448
2020-03-25 18:40:30.270 725 DEBUG novaclient.v2.client [-] RESP: [200] Connection: keep-alive Content-Encoding: gzip Content-Type: application/json Date: Wed, 25 Mar 2020 18:40:30 GMT Openstack-Api-Version: compute 2.1 Transfer-Encoding: chunked Vary: Accept-Encoding, OpenStack-API-Version, X-OpenStack-Nova-API-Version X-Compute-Request-Id: req-6de4f2eb-5aa9-4ee3-abc7-9d49581ca103 X-Openstack-Nova-Api-Version: 2.1 _http_log_response /usr/lib/python2.7/site-packages/keystoneauth1/session.py:479
2020-03-25 18:40:30.271 725 DEBUG novaclient.v2.client [-] RESP BODY: {"quota_set": {"injected_file_content_bytes": 10240, "metadata_items": 128, "server_group_members": 10, "server_groups": 10, "ram": -1, "floating_ips": -1, "key_pairs": 100, "instances": -1, "security_group_rules": -1, "injected_files": 5, "cores": -1, "fixed_ips": -1, "injected_file_path_bytes": 255, "security_groups": -1}} _http_log_response /usr/lib/python2.7/site-packages/keystoneauth1/session.py:511
2020-03-25 18:40:30.271 725 DEBUG novaclient.v2.client [-] PUT call to compute for http://compute-airship.intel-pod15.opnfv.org/v2.1/os-quota-sets/b432d164795a449eb14260f0a14ff9a6 used request id req-6de4f2eb-5aa9-4ee3-abc7-9d49581ca103 request /usr/lib/python2.7/site-packages/keystoneauth1/session.py:844
2020-03-25 18:40:30.273 725 DEBUG novaclient.v2.client [-] REQ: curl -g -i -X PUT http://compute-airship.intel-pod15.opnfv.org/v2.1/os-quota-sets/254e97d864bf4a1b98508ab6415bc8c3 -H "Accept: application/json" -H "Content-Type: application/json" -H "User-Agent: python-novaclient" -H "X-Auth-Token: {SHA1}73ac44f69b0b2ef8bcb1fd879264cae3c3da013d" -d '{"quota_set": {"ram": -1, "floating_ips": -1, "security_group_rules": -1, "instances": -1, "cores": -1, "security_groups": -1}}' _http_log_request /usr/lib/python2.7/site-packages/keystoneauth1/session.py:448
2020-03-25 18:40:30.585 725 DEBUG novaclient.v2.client [-] RESP: [200] Connection: keep-alive Content-Encoding: gzip Content-Type: application/json Date: Wed, 25 Mar 2020 18:40:30 GMT Openstack-Api-Version: compute 2.1 Transfer-Encoding: chunked Vary: Accept-Encoding, OpenStack-API-Version, X-OpenStack-Nova-API-Version X-Compute-Request-Id: req-1a8bb703-519d-454e-9a24-b52a99321fa4 X-Openstack-Nova-Api-Version: 2.1 _http_log_response /usr/lib/python2.7/site-packages/keystoneauth1/session.py:479
2020-03-25 18:40:30.585 725 DEBUG novaclient.v2.client [-] RESP BODY: {"quota_set": {"injected_file_content_bytes": 10240, "metadata_items": 128, "server_group_members": 10, "server_groups": 10, "ram": -1, "floating_ips": -1, "key_pairs": 100, "instances": -1, "security_group_rules": -1, "injected_files": 5, "cores": -1, "fixed_ips": -1, "injected_file_path_bytes": 255, "security_groups": -1}} _http_log_response /usr/lib/python2.7/site-packages/keystoneauth1/session.py:511
2020-03-25 18:40:30.586 725 DEBUG novaclient.v2.client [-] PUT call to compute for http://compute-airship.intel-pod15.opnfv.org/v2.1/os-quota-sets/254e97d864bf4a1b98508ab6415bc8c3 used request id req-1a8bb703-519d-454e-9a24-b52a99321fa4 request /usr/lib/python2.7/site-packages/keystoneauth1/session.py:844
2020-03-25 18:40:30.587 725 DEBUG novaclient.v2.client [-] REQ: curl -g -i -X PUT http://compute-airship.intel-pod15.opnfv.org/v2.1/os-quota-sets/206dd55ba8d74e18b028b4686447e9c7 -H "Accept: application/json" -H "Content-Type: application/json" -H "User-Agent: python-novaclient" -H "X-Auth-Token: {SHA1}73ac44f69b0b2ef8bcb1fd879264cae3c3da013d" -d '{"quota_set": {"ram": -1, "floating_ips": -1, "security_group_rules": -1, "instances": -1, "cores": -1, "security_groups": -1}}' _http_log_request /usr/lib/python2.7/site-packages/keystoneauth1/session.py:448
2020-03-25 18:40:30.805 725 DEBUG novaclient.v2.client [-] RESP: [200] Connection: keep-alive Content-Encoding: gzip Content-Type: application/json Date: Wed, 25 Mar 2020 18:40:30 GMT Openstack-Api-Version: compute 2.1 Transfer-Encoding: chunked Vary: Accept-Encoding, OpenStack-API-Version, X-OpenStack-Nova-API-Version X-Compute-Request-Id: req-e58eda7f-1807-48a3-aa13-f8b81d561a43 X-Openstack-Nova-Api-Version: 2.1 _http_log_response /usr/lib/python2.7/site-packages/keystoneauth1/session.py:479
2020-03-25 18:40:30.806 725 DEBUG novaclient.v2.client [-] RESP BODY: {"quota_set": {"injected_file_content_bytes": 10240, "metadata_items": 128, "server_group_members": 10, "server_groups": 10, "ram": -1, "floating_ips": -1, "key_pairs": 100, "instances": -1, "security_group_rules": -1, "injected_files": 5, "cores": -1, "fixed_ips": -1, "injected_file_path_bytes": 255, "security_groups": -1}} _http_log_response /usr/lib/python2.7/site-packages/keystoneauth1/session.py:511
2020-03-25 18:40:30.806 725 DEBUG novaclient.v2.client [-] PUT call to compute for http://compute-airship.intel-pod15.opnfv.org/v2.1/os-quota-sets/206dd55ba8d74e18b028b4686447e9c7 used request id req-e58eda7f-1807-48a3-aa13-f8b81d561a43 request /usr/lib/python2.7/site-packages/keystoneauth1/session.py:844
2020-03-25 18:40:30.807 725 INFO rally.task.context [-] Task ebc757e5-ba3c-4d38-8487-a00dd6b41e37 | Context quotas@openstack setup() finished in 1.23 sec
2020-03-25 18:40:30.807 725 INFO rally.task.context [-] Task ebc757e5-ba3c-4d38-8487-a00dd6b41e37 | Context cleanup@openstack setup() finished in 0.01 msec
2020-03-25 18:40:30.908 725 DEBUG novaclient.v2.client [-] REQ: curl -g -i -X GET http://compute-airship.intel-pod15.opnfv.org/v2.1/flavors/detail -H "Accept: application/json" -H "User-Agent: python-novaclient" -H "X-Auth-Token: {SHA1}56f60c6f581b00d41f1e1f3034a36447c531264c" _http_log_request /usr/lib/python2.7/site-packages/keystoneauth1/session.py:448
2020-03-25 18:40:31.037 725 DEBUG novaclient.v2.client [-] RESP: [200] Connection: keep-alive Content-Encoding: gzip Content-Type: application/json Date: Wed, 25 Mar 2020 18:40:31 GMT Openstack-Api-Version: compute 2.1 Transfer-Encoding: chunked Vary: Accept-Encoding, OpenStack-API-Version, X-OpenStack-Nova-API-Version X-Compute-Request-Id: req-1e50d5f4-a884-4fc6-9463-c7bebb3dd3df X-Openstack-Nova-Api-Version: 2.1 _http_log_response /usr/lib/python2.7/site-packages/keystoneauth1/session.py:479
2020-03-25 18:40:31.038 725 DEBUG novaclient.v2.client [-] RESP BODY: {"flavors": [{"links": [{"href": "http://compute-airship.intel-pod15.opnfv.org/v2.1/flavors/0f36cf00-6658-4ee9-b5a5-0473ef79ea88", "rel": "self"}, {"href": "http://compute-airship.intel-pod15.opnfv.org/flavors/0f36cf00-6658-4ee9-b5a5-0473ef79ea88", "rel": "bookmark"}], "ram": 2048, "OS-FLV-DISABLED:disabled": false, "os-flavor-access:is_public": true, "rxtx_factor": 1.0, "disk": 20, "id": "0f36cf00-6658-4ee9-b5a5-0473ef79ea88", "name": "m1.small", "vcpus": 1, "swap": "", "OS-FLV-EXT-DATA:ephemeral": 0}, {"links": [{"href": "http://compute-airship.intel-pod15.opnfv.org/v2.1/flavors/36087679-e80c-42bf-9f01-892cecf536fa", "rel": "self"}, {"href": "http://compute-airship.intel-pod15.opnfv.org/flavors/36087679-e80c-42bf-9f01-892cecf536fa", "rel": "bookmark"}], "ram": 64, "OS-FLV-DISABLED:disabled": false, "os-flavor-access:is_public": true, "rxtx_factor": 1.0, "disk": 0, "id": "36087679-e80c-42bf-9f01-892cecf536fa", "name": "rally_verify_f6c4548e_ajZ6bUSs", "vcpus": 1, "swap": "", "OS-FLV-EXT-DATA:ephemeral": 0}, {"links": [{"href": "http://compute-airship.intel-pod15.opnfv.org/v2.1/flavors/3d9a7220-1b41-4e25-a69d-c84eb735eece", "rel": "self"}, {"href": "http://compute-airship.intel-pod15.opnfv.org/flavors/3d9a7220-1b41-4e25-a69d-c84eb735eece", "rel": "bookmark"}], "ram": 8192, "OS-FLV-DISABLED:disabled": false, "os-flavor-access:is_public": true, "rxtx_factor": 1.0, "disk": 80, "id": "3d9a7220-1b41-4e25-a69d-c84eb735eece", "name": "m1.large", "vcpus": 4, "swap": "", "OS-FLV-EXT-DATA:ephemeral": 0}, {"links": [{"href": "http://compute-airship.intel-pod15.opnfv.org/v2.1/flavors/6e8943ba-31ee-447d-8bab-c5ae36e8018b", "rel": "self"}, {"href": "http://compute-airship.intel-pod15.opnfv.org/flavors/6e8943ba-31ee-447d-8bab-c5ae36e8018b", "rel": "bookmark"}], "ram": 16384, "OS-FLV-DISABLED:disabled": false, "os-flavor-access:is_public": true, "rxtx_factor": 1.0, "disk": 160, "id": "6e8943ba-31ee-447d-8bab-c5ae36e8018b", "name": "m1.xlarge", "vcpus": 8, "swap": "", "OS-FLV-EXT-DATA:ephemeral": 0}, {"links": [{"href": "http://compute-airship.intel-pod15.opnfv.org/v2.1/flavors/7e4ff11c-8472-44af-8813-d488f235319a", "rel": "self"}, {"href": "http://compute-airship.intel-pod15.opnfv.org/flavors/7e4ff11c-8472-44af-8813-d488f235319a", "rel": "bookmark"}], "ram": 1024, "OS-FLV-DISABLED:disabled": false, "os-flavor-access:is_public": true, "rxtx_factor": 1.0, "disk": 1, "id": "7e4ff11c-8472-44af-8813-d488f235319a", "name": "rally_full-flavor_alt_176bac14-2663-4f43-8201-efe1fbf23f42", "vcpus": 1, "swap": "", "OS-FLV-EXT-DATA:ephemeral": 0}, {"links": [{"href": "http://compute-airship.intel-pod15.opnfv.org/v2.1/flavors/80291ab3-2af5-49cf-a631-3480e50c9ce6", "rel": "self"}, {"href": "http://compute-airship.intel-pod15.opnfv.org/flavors/80291ab3-2af5-49cf-a631-3480e50c9ce6", "rel": "bookmark"}], "ram": 512, "OS-FLV-DISABLED:disabled": false, "os-flavor-access:is_public": true, "rxtx_factor": 1.0, "disk": 1, "id": "80291ab3-2af5-49cf-a631-3480e50c9ce6", "name": "m1.tiny", "vcpus": 1, "swap": "", "OS-FLV-EXT-DATA:ephemeral": 0}, {"links": [{"href": "http://compute-airship.intel-pod15.opnfv.org/v2.1/flavors/a5930f6a-0513-437f-a1a0-d18f46d9632a", "rel": "self"}, {"href": "http://compute-airship.intel-pod15.opnfv.org/flavors/a5930f6a-0513-437f-a1a0-d18f46d9632a", "rel": "bookmark"}], "ram": 4096, "OS-FLV-DISABLED:disabled": false, "os-flavor-access:is_public": true, "rxtx_factor": 1.0, "disk": 40, "id": "a5930f6a-0513-437f-a1a0-d18f46d9632a", "name": "m1.medium", "vcpus": 2, "swap": "", "OS-FLV-EXT-DATA:ephemeral": 0}, {"links": [{"href": "http://compute-airship.intel-pod15.opnfv.org/v2.1/flavors/dae74511-24c7-4c6b-be3e-c15e5fcf6e6a", "rel": "self"}, {"href": "http://compute-airship.intel-pod15.opnfv.org/flavors/dae74511-24c7-4c6b-be3e-c15e5fcf6e6a", "rel": "bookmark"}], "ram": 512, "OS-FLV-DISABLED:disabled": false, "os-flavor-access:is_public": true, "rxtx_factor": 1.0, "disk": 1, "id": "dae74511-24c7-4c6b-be3e-c15e5fcf6e6a", "name": "rally_full-flavor_176bac14-2663-4f43-8201-efe1fbf23f42", "vcpus": 1, "swap": "", "OS-FLV-EXT-DATA:ephemeral": 0}]} _http_log_response /usr/lib/python2.7/site-packages/keystoneauth1/session.py:511
2020-03-25 18:40:31.039 725 DEBUG novaclient.v2.client [-] GET call to compute for http://compute-airship.intel-pod15.opnfv.org/v2.1/flavors/detail used request id req-1e50d5f4-a884-4fc6-9463-c7bebb3dd3df request /usr/lib/python2.7/site-packages/keystoneauth1/session.py:844
2020-03-25 18:40:31.041 725 RALLYDEBUG rally.task.runner [-] Starting the constant runner (task UUID: ebc757e5-ba3c-4d38-8487-a00dd6b41e37). timeout: 0 concurrency: 4 concurrency_per_worker: 1 times: 10 concurrency_overhead: 0 processes_to_start: 4 max_cpu_used: 88
2020-03-25 18:40:31.052 1201 RALLYDEBUG rally.task.runner [-] Starting a worker. concurrency: 1 args: {"container_format": "bare", "disk_format": "qcow2", "image_location": "/home/opnfv/functest/images/cirros-0.4.0-x86_64-disk.img", "flavor": "dae74511-24c7-4c6b-be3e-c15e5fcf6e6a", "number_instances": 2, "nics": [{"net-id": "41650ad9-f180-48b8-89b7-5b5c544c667b"}]} times: 10 method_name: run timeout: 0 duration: None cls:
2020-03-25 18:40:31.055 1202 RALLYDEBUG rally.task.runner [-] Starting a worker. concurrency: 1 args: {"container_format": "bare", "disk_format": "qcow2", "image_location": "/home/opnfv/functest/images/cirros-0.4.0-x86_64-disk.img", "flavor": "dae74511-24c7-4c6b-be3e-c15e5fcf6e6a", "number_instances": 2, "nics": [{"net-id": "41650ad9-f180-48b8-89b7-5b5c544c667b"}]} times: 10 method_name: run timeout: 0 duration: None cls:
2020-03-25 18:40:31.060 1201 INFO rally.task.runner [-] Task ebc757e5-ba3c-4d38-8487-a00dd6b41e37 | ITER: 1 START
