2020-03-28 16:30:05.533 6 RALLYDEBUG rally.api [-] INFO logs from urllib3 and requests module are hide.
2020-03-28 16:30:05.533 6 RALLYDEBUG rally.api [-] urllib3 insecure warnings are hidden.
2020-03-28 16:30:05.533 6 RALLYDEBUG rally.api [-] ERROR log from boto module is hide.
2020-03-28 16:30:06.769 6 ERROR rally.cli.cliutils [-] Unexpected exception in CLI: DBRecordNotFound: Record for uuid or name is opnfv-rally not found in table envs
2020-03-28 16:30:06.769 6 ERROR rally.cli.cliutils
Traceback (most recent call last):
2020-03-28 16:30:06.769 6 ERROR rally.cli.cliutils
File "/usr/lib/python2.7/site-packages/rally/cli/cliutils.py", line 674, in run
2020-03-28 16:30:06.769 6 ERROR rally.cli.cliutils ret = fn(*fn_args, **fn_kwargs)
2020-03-28 16:30:06.769 6 ERROR rally.cli.cliutils File "", line 2, in destroy
2020-03-28 16:30:06.769 6 ERROR rally.cli.cliutils
File "/usr/lib/python2.7/site-packages/rally/cli/envutils.py", line 68, in default_from_global
2020-03-28 16:30:06.769 6 ERROR rally.cli.cliutils return f(*args, **kwargs)
2020-03-28 16:30:06.769 6 ERROR rally.cli.cliutils File "", line 2, in destroy
2020-03-28 16:30:06.769 6 ERROR rally.cli.cliutils
File "/usr/lib/python2.7/site-packages/rally/plugins/__init__.py", line 51, in ensure_plugins_are_loaded
2020-03-28 16:30:06.769 6 ERROR rally.cli.cliutils return f(*args, **kwargs)
2020-03-28 16:30:06.769 6 ERROR rally.cli.cliutils
File "/usr/lib/python2.7/site-packages/rally/cli/commands/deployment.py", line 157, in destroy
2020-03-28 16:30:06.769 6 ERROR rally.cli.cliutils api.deployment.destroy(deployment=deployment)
2020-03-28 16:30:06.769 6 ERROR rally.cli.cliutils
File "/usr/lib/python2.7/site-packages/rally/api.py", line 115, in destroy
2020-03-28 16:30:06.769 6 ERROR rally.cli.cliutils deploy = objects.Deployment.get(deployment)
2020-03-28 16:30:06.769 6 ERROR rally.cli.cliutils
File "/usr/lib/python2.7/site-packages/rally/common/objects/deploy.py", line 124, in get
2020-03-28 16:30:06.769 6 ERROR rally.cli.cliutils return Deployment(env_mgr.EnvManager.get(deploy))
2020-03-28 16:30:06.769 6 ERROR rally.cli.cliutils
File "/usr/lib/python2.7/site-packages/rally/env/env_mgr.py", line 212, in get
2020-03-28 16:30:06.769 6 ERROR rally.cli.cliutils return cls(db.env_get(uuid_or_name))
2020-03-28 16:30:06.769 6 ERROR rally.cli.cliutils
File "/usr/lib/python2.7/site-packages/rally/common/db/api.py", line 135, in wrapper
2020-03-28 16:30:06.769 6 ERROR rally.cli.cliutils result = f(session, *args, **kwargs)
2020-03-28 16:30:06.769 6 ERROR rally.cli.cliutils
File "/usr/lib/python2.7/site-packages/rally/common/db/api.py", line 521, in env_get
2020-03-28 16:30:06.769 6 ERROR rally.cli.cliutils criteria="uuid or name is %s" % uuid_or_name, table="envs")
2020-03-28 16:30:06.769 6 ERROR rally.cli.cliutils DBRecordNotFound: Record for uuid or name is opnfv-rally not found in table envs
2020-03-28 16:30:06.769 6 ERROR rally.cli.cliutils
2020-03-28 16:30:07.468 8 RALLYDEBUG rally.api [-] INFO logs from urllib3 and requests module are hide.
2020-03-28 16:30:07.468 8 RALLYDEBUG rally.api [-] urllib3 insecure warnings are hidden.
2020-03-28 16:30:07.468 8 RALLYDEBUG rally.api [-] ERROR log from boto module is hide.
2020-03-28 16:30:09.854 10 RALLYDEBUG rally.api [-] INFO logs from urllib3 and requests module are hide.
2020-03-28 16:30:09.855 10 RALLYDEBUG rally.api [-] urllib3 insecure warnings are hidden.
2020-03-28 16:30:09.855 10 RALLYDEBUG rally.api [-] ERROR log from boto module is hide.
2020-03-28 16:30:12.602 13 RALLYDEBUG rally.api [-] INFO logs from urllib3 and requests module are hide.
2020-03-28 16:30:12.603 13 RALLYDEBUG rally.api [-] urllib3 insecure warnings are hidden.
2020-03-28 16:30:12.603 13 RALLYDEBUG rally.api [-] ERROR log from boto module is hide.
2020-03-28 16:30:15.720 15 RALLYDEBUG rally.api [-] INFO logs from urllib3 and requests module are hide.
2020-03-28 16:30:15.721 15 RALLYDEBUG rally.api [-] urllib3 insecure warnings are hidden.
2020-03-28 16:30:15.721 15 RALLYDEBUG rally.api [-] ERROR log from boto module is hide.
2020-03-28 16:30:17.476 15 INFO rally.task.engine [-] Task 99c14f76-798c-4e17-b06a-f13acda048ab | Starting: Task validation.
2020-03-28 16:30:17.482 15 INFO rally.task.engine [-] Task 99c14f76-798c-4e17-b06a-f13acda048ab | Starting: Task validation of syntax.
2020-03-28 16:30:17.557 15 INFO rally.task.engine [-] Task 99c14f76-798c-4e17-b06a-f13acda048ab | Completed: Task validation of syntax.
2020-03-28 16:30:17.557 15 INFO rally.task.engine [-] Task 99c14f76-798c-4e17-b06a-f13acda048ab | Starting: Task validation of required platforms.
2020-03-28 16:30:17.606 15 INFO rally.task.engine [-] Task 99c14f76-798c-4e17-b06a-f13acda048ab | Completed: Task validation of required platforms.
2020-03-28 16:30:17.606 15 INFO rally.task.engine [-] Task 99c14f76-798c-4e17-b06a-f13acda048ab | Starting: Task validation of semantic.
2020-03-28 16:30:17.607 15 INFO rally.task.engine [-] Check health of the environment 'f367e04c-9953-423b-a38b-214561c59dec'.
2020-03-28 16:30:18.129 15 INFO rally.task.engine [-] Platform existing@openstack (available: True): OK!
2020-03-28 16:30:18.151 15 RALLYDEBUG rally_openstack.contexts.keystone.users [-] Creating 1 tenants using 20 threads
2020-03-28 16:30:18.469 15 RALLYDEBUG rally_openstack.contexts.keystone.users [-] Creating 1 users using 20 threads
2020-03-28 16:30:19.057 15 INFO rally.task.context [-] Task 99c14f76-798c-4e17-b06a-f13acda048ab | Context users@openstack setup() finished in 0.91 sec
2020-03-28 16:30:19.120 15 INFO rally.task.context [-] Task 99c14f76-798c-4e17-b06a-f13acda048ab | Context users@openstack cleanup() started
2020-03-28 16:30:21.332 15 INFO rally.task.context [-] Task 99c14f76-798c-4e17-b06a-f13acda048ab | Context users@openstack cleanup() finished in 2.21 sec
2020-03-28 16:30:21.333 15 INFO rally.task.engine [-] Task 99c14f76-798c-4e17-b06a-f13acda048ab | Completed: Task validation of semantic.
2020-03-28 16:30:21.333 15 INFO rally.task.engine [-] Task 99c14f76-798c-4e17-b06a-f13acda048ab | Completed: Task validation.
2020-03-28 16:30:21.334 15 INFO rally.api [-] Task 99c14f76-798c-4e17-b06a-f13acda048ab input file is valid.
2020-03-28 16:30:21.334 15 INFO rally.api [-] Run Task 99c14f76-798c-4e17-b06a-f13acda048ab against Deployment f367e04c-9953-423b-a38b-214561c59dec
2020-03-28 16:30:21.334 15 INFO rally.task.engine [-] Task 99c14f76-798c-4e17-b06a-f13acda048ab | Starting: Running task.
2020-03-28 16:30:21.370 15 INFO rally.task.engine [-] Running workload: position = 0 config = { "version": 2, "title": "A cropped version of a bigger task.", "description": "Auto-generated task from a single workload (uuid=887fcdef-9d68-4bac-a3a0-80ce48f550fd)", "subtasks": [ { "title": "Authenticate.keystone", "description": "Check Keystone Client.", "scenario": { "Authenticate.keystone": {} }, "contexts": { "users": { "tenants": 3, "users_per_tenant": 2 } }, "runner": { "constant": { "concurrency": 4, "times": 10 } }, "hooks": [], "sla": { "failure_rate": { "max": 0 } } } ] }
2020-03-28 16:30:21.391 15 RALLYDEBUG rally_openstack.contexts.keystone.users [-] Creating 3 tenants using 20 threads
2020-03-28 16:30:22.165 15 RALLYDEBUG rally_openstack.contexts.keystone.users [-] Creating 6 users using 20 threads
2020-03-28 16:30:24.919 15 INFO rally.task.context [-] Task 99c14f76-798c-4e17-b06a-f13acda048ab | Context users@openstack setup() finished in 3.53 sec
2020-03-28 16:30:24.929 15 RALLYDEBUG rally.task.runner [-] Starting the constant runner (task UUID: 99c14f76-798c-4e17-b06a-f13acda048ab). timeout: 0 concurrency: 4 concurrency_per_worker: 1 times: 10 concurrency_overhead: 0 processes_to_start: 4 max_cpu_used: 88
2020-03-28 16:30:24.943 139 RALLYDEBUG rally.task.runner [-] Starting a worker. concurrency: 1 args: {} times: 10 method_name: run timeout: 0 duration: None cls:
2020-03-28 16:30:24.946 140 RALLYDEBUG rally.task.runner [-] Starting a worker. concurrency: 1 args: {} times: 10 method_name: run timeout: 0 duration: None cls:
2020-03-28 16:30:24.949 141 RALLYDEBUG rally.task.runner [-] Starting a worker. concurrency: 1 args: {} times: 10 method_name: run timeout: 0 duration: None cls:
2020-03-28 16:30:24.950 139 INFO rally.task.runner [-] Task 99c14f76-798c-4e17-b06a-f13acda048ab | ITER: 1 START
2020-03-28 16:30:24.952 140 INFO rally.task.runner [-] Task 99c14f76-798c-4e17-b06a-f13acda048ab | ITER: 2 START
2020-03-28 16:30:24.952 142 RALLYDEBUG rally.task.runner [-] Starting a worker. concurrency: 1 args: {} times: 10 method_name: run timeout: 0 duration: None cls:
2020-03-28 16:30:24.955 141 INFO rally.task.runner [-] Task 99c14f76-798c-4e17-b06a-f13acda048ab | ITER: 3 START
2020-03-28 16:30:24.959 142 INFO rally.task.runner [-] Task 99c14f76-798c-4e17-b06a-f13acda048ab | ITER: 4 START
2020-03-28 16:30:25.698 139 INFO rally.task.runner [-] Task 99c14f76-798c-4e17-b06a-f13acda048ab | ITER: 1 END: OK
2020-03-28 16:30:25.699 140 INFO rally.task.runner [-] Task 99c14f76-798c-4e17-b06a-f13acda048ab | ITER: 2 END: OK
2020-03-28 16:30:25.700 141 INFO rally.task.runner [-] Task 99c14f76-798c-4e17-b06a-f13acda048ab | ITER: 3 END: OK
2020-03-28 16:30:25.703 139 INFO rally.task.runner [-] Task 99c14f76-798c-4e17-b06a-f13acda048ab | ITER: 5 START
2020-03-28 16:30:25.705 140 INFO rally.task.runner [-] Task 99c14f76-798c-4e17-b06a-f13acda048ab | ITER: 6 START
2020-03-28 16:30:25.708 141 INFO rally.task.runner [-] Task 99c14f76-798c-4e17-b06a-f13acda048ab | ITER: 7 START
2020-03-28 16:30:25.752 142 INFO rally.task.runner [-] Task 99c14f76-798c-4e17-b06a-f13acda048ab | ITER: 4 END: OK
2020-03-28 16:30:25.758 142 INFO rally.task.runner [-] Task 99c14f76-798c-4e17-b06a-f13acda048ab | ITER: 8 START
2020-03-28 16:30:26.119 139 INFO rally.task.runner [-] Task 99c14f76-798c-4e17-b06a-f13acda048ab | ITER: 5 END: OK
2020-03-28 16:30:26.122 140 INFO rally.task.runner [-] Task 99c14f76-798c-4e17-b06a-f13acda048ab | ITER: 6 END: OK
2020-03-28 16:30:26.123 139 INFO rally.task.runner [-] Task 99c14f76-798c-4e17-b06a-f13acda048ab | ITER: 9 START
2020-03-28 16:30:26.126 140 INFO rally.task.runner [-] Task 99c14f76-798c-4e17-b06a-f13acda048ab | ITER: 10 START
2020-03-28 16:30:26.217 141 INFO rally.task.runner [-] Task 99c14f76-798c-4e17-b06a-f13acda048ab | ITER: 7 END: OK
2020-03-28 16:30:26.221 142 INFO rally.task.runner [-] Task 99c14f76-798c-4e17-b06a-f13acda048ab | ITER: 8 END: OK
2020-03-28 16:30:26.469 139 INFO rally.task.runner [-] Task 99c14f76-798c-4e17-b06a-f13acda048ab | ITER: 9 END: OK
2020-03-28 16:30:26.518 140 INFO rally.task.runner [-] Task 99c14f76-798c-4e17-b06a-f13acda048ab | ITER: 10 END: OK
2020-03-28 16:30:26.535 15 INFO rally.task.context [-] Task 99c14f76-798c-4e17-b06a-f13acda048ab | Context users@openstack cleanup() started
2020-03-28 16:30:33.493 15 INFO rally.task.context [-] Task 99c14f76-798c-4e17-b06a-f13acda048ab | Context users@openstack cleanup() finished in 6.96 sec
2020-03-28 16:30:35.483 15 INFO rally.task.engine [-] Load duration is: 1.566842
2020-03-28 16:30:35.483 15 INFO rally.task.engine [-] Full runner duration is: 1.606622
2020-03-28 16:30:35.483 15 INFO rally.task.engine [-] Full duration is: 12.103461
2020-03-28 16:30:35.542 15 INFO rally.task.engine [-] Running workload: position = 0 config = { "version": 2, "title": "A cropped version of a bigger task.", "description": "Auto-generated task from a single workload (uuid=f986de6c-7bf2-4599-ab17-e1719a9af8af)", "subtasks": [ { "title": "Authenticate.validate_cinder", "description": "Check Cinder Client to ensure validation of token.", "scenario": { "Authenticate.validate_cinder": { "repetitions": 2 } }, "contexts": { "users": { "tenants": 3, "users_per_tenant": 2 } }, "runner": { "constant": { "concurrency": 4, "times": 10 } }, "hooks": [], "sla": { "failure_rate": { "max": 0 } } } ] }
2020-03-28 16:30:35.561 15 RALLYDEBUG rally_openstack.contexts.keystone.users [-] Creating 3 tenants using 20 threads
2020-03-28 16:30:36.587 15 RALLYDEBUG rally_openstack.contexts.keystone.users [-] Creating 6 users using 20 threads
2020-03-28 16:30:40.061 15 INFO rally.task.context [-] Task 99c14f76-798c-4e17-b06a-f13acda048ab | Context users@openstack setup() finished in 4.50 sec
2020-03-28 16:30:40.070 15 RALLYDEBUG rally.task.runner [-] Starting the constant runner (task UUID: 99c14f76-798c-4e17-b06a-f13acda048ab). timeout: 0 concurrency: 4 concurrency_per_worker: 1 times: 10 concurrency_overhead: 0 processes_to_start: 4 max_cpu_used: 88
2020-03-28 16:30:40.081 243 RALLYDEBUG rally.task.runner [-] Starting a worker. concurrency: 1 args: {"repetitions": 2} times: 10 method_name: run timeout: 0 duration: None cls:
2020-03-28 16:30:40.085 244 RALLYDEBUG rally.task.runner [-] Starting a worker. concurrency: 1 args: {"repetitions": 2} times: 10 method_name: run timeout: 0 duration: None cls:
2020-03-28 16:30:40.087 245 RALLYDEBUG rally.task.runner [-] Starting a worker. concurrency: 1 args: {"repetitions": 2} times: 10 method_name: run timeout: 0 duration: None cls:
2020-03-28 16:30:40.088 243 INFO rally.task.runner [-] Task 99c14f76-798c-4e17-b06a-f13acda048ab | ITER: 1 START
2020-03-28 16:30:40.090 246 RALLYDEBUG rally.task.runner [-] Starting a worker. concurrency: 1 args: {"repetitions": 2} times: 10 method_name: run timeout: 0 duration: None cls:
2020-03-28 16:30:40.092 244 INFO rally.task.runner [-] Task 99c14f76-798c-4e17-b06a-f13acda048ab | ITER: 2 START
2020-03-28 16:30:40.094 245 INFO rally.task.runner [-] Task 99c14f76-798c-4e17-b06a-f13acda048ab | ITER: 3 START
2020-03-28 16:30:40.097 246 INFO rally.task.runner [-] Task 99c14f76-798c-4e17-b06a-f13acda048ab | ITER: 4 START
2020-03-28 16:30:40.897 243 INFO rally.task.runner [-] Task 99c14f76-798c-4e17-b06a-f13acda048ab | ITER: 1 END: OK
2020-03-28 16:30:40.902 243 INFO rally.task.runner [-] Task 99c14f76-798c-4e17-b06a-f13acda048ab | ITER: 5 START
2020-03-28 16:30:40.957 244 INFO rally.task.runner [-] Task 99c14f76-798c-4e17-b06a-f13acda048ab | ITER: 2 END: OK
2020-03-28 16:30:40.963 244 INFO rally.task.runner [-] Task 99c14f76-798c-4e17-b06a-f13acda048ab | ITER: 6 START
2020-03-28 16:30:56.049 246 INFO rally.task.runner [-] Task 99c14f76-798c-4e17-b06a-f13acda048ab | ITER: 4 END: OK
2020-03-28 16:30:56.055 246 INFO rally.task.runner [-] Task 99c14f76-798c-4e17-b06a-f13acda048ab | ITER: 7 START
2020-03-28 16:30:59.092 243 INFO rally.task.runner [-] Task 99c14f76-798c-4e17-b06a-f13acda048ab | ITER: 5 END: OK
2020-03-28 16:30:59.097 243 INFO rally.task.runner [-] Task 99c14f76-798c-4e17-b06a-f13acda048ab | ITER: 8 START
2020-03-28 16:31:02.057 244 INFO rally.task.runner [-] Task 99c14f76-798c-4e17-b06a-f13acda048ab | ITER: 6 END: OK
2020-03-28 16:31:02.062 244 INFO rally.task.runner [-] Task 99c14f76-798c-4e17-b06a-f13acda048ab | ITER: 9 START
2020-03-28 16:31:05.062 245 INFO rally.task.runner [-] Task 99c14f76-798c-4e17-b06a-f13acda048ab | ITER: 3 END: OK
2020-03-28 16:31:05.068 245 INFO rally.task.runner [-] Task 99c14f76-798c-4e17-b06a-f13acda048ab | ITER: 10 START
2020-03-28 16:31:05.295 245 INFO rally.task.runner [-] Task 99c14f76-798c-4e17-b06a-f13acda048ab | ITER: 10 END: OK
2020-03-28 16:31:20.115 246 INFO rally.task.runner [-] Task 99c14f76-798c-4e17-b06a-f13acda048ab | ITER: 7 END: OK
2020-03-28 16:31:26.120 243 INFO rally.task.runner [-] Task 99c14f76-798c-4e17-b06a-f13acda048ab | ITER: 8 END: OK
2020-03-28 16:31:29.124 244 INFO rally.task.runner [-] Task 99c14f76-798c-4e17-b06a-f13acda048ab | ITER: 9 END: OK
2020-03-28 16:31:29.151 15 INFO rally.task.context [-] Task 99c14f76-798c-4e17-b06a-f13acda048ab | Context users@openstack cleanup() started
2020-03-28 16:32:06.470 15 ERROR rally.common.broker [-] Failed to consume a task from the queue: ServiceUnavailable: Service Unavailable (HTTP 503)
2020-03-28 16:32:06.470 15 ERROR rally.common.broker
Traceback (most recent call last):
2020-03-28 16:32:06.470 15 ERROR rally.common.broker
File "/usr/lib/python2.7/site-packages/rally/common/broker.py", line 42, in _consumer
2020-03-28 16:32:06.470 15 ERROR rally.common.broker consume(cache, args)
2020-03-28 16:32:06.470 15 ERROR rally.common.broker
File "/usr/lib/python2.7/site-packages/rally_openstack/contexts/keystone/users.py", line 249, in consume
2020-03-28 16:32:06.470 15 ERROR rally.common.broker cache["client"] = identity.Identity(clients)
2020-03-28 16:32:06.470 15 ERROR rally.common.broker
File "/usr/lib/python2.7/site-packages/rally/task/service.py", line 284, in __init__
2020-03-28 16:32:06.470 15 ERROR rally.common.broker impl_cls, _all_impls = self.discover_impl()
2020-03-28 16:32:06.470 15 ERROR rally.common.broker
File "/usr/lib/python2.7/site-packages/rally/task/service.py", line 116, in wrapper
2020-03-28 16:32:06.470 15 ERROR rally.common.broker return func(instance, *args, **kwargs)
2020-03-28 16:32:06.470 15 ERROR rally.common.broker
File "/usr/lib/python2.7/site-packages/rally/task/service.py", line 325, in discover_impl
2020-03-28 16:32:06.470 15 ERROR rally.common.broker if cls.is_applicable(self._clients):
2020-03-28 16:32:06.470 15 ERROR rally.common.broker
File "/usr/lib/python2.7/site-packages/rally_openstack/services/identity/identity.py", line 28, in is_applicable
2020-03-28 16:32:06.470 15 ERROR rally.common.broker cloud_version = clients.keystone().version.split(".")[0][1:]
2020-03-28 16:32:06.470 15 ERROR rally.common.broker
File "/usr/lib/python2.7/site-packages/rally_openstack/osclients.py", line 244, in __call__
2020-03-28 16:32:06.470 15 ERROR rally.common.broker self.cache[key] = self.create_client(*args, **kwargs)
2020-03-28 16:32:06.470 15 ERROR rally.common.broker
File "/usr/lib/python2.7/site-packages/rally_openstack/osclients.py", line 395, in create_client
2020-03-28 16:32:06.470 15 ERROR rally.common.broker return client.Client(**kw)
2020-03-28 16:32:06.470 15 ERROR rally.common.broker
File "/usr/lib/python2.7/site-packages/keystoneclient/client.py", line 62, in Client
2020-03-28 16:32:06.470 15 ERROR rally.common.broker d = discover.Discover(session=session, **kwargs)
2020-03-28 16:32:06.470 15 ERROR rally.common.broker
File "/usr/lib/python2.7/site-packages/keystoneclient/discover.py", line 178, in __init__
2020-03-28 16:32:06.470 15 ERROR rally.common.broker authenticated=authenticated)
2020-03-28 16:32:06.470 15 ERROR rally.common.broker
File "/usr/lib/python2.7/site-packages/keystoneclient/_discover.py", line 143, in __init__
2020-03-28 16:32:06.470 15 ERROR rally.common.broker authenticated=authenticated)
2020-03-28 16:32:06.470 15 ERROR rally.common.broker
File "/usr/lib/python2.7/site-packages/keystoneclient/_discover.py", line 38, in get_version_data
2020-03-28 16:32:06.470 15 ERROR rally.common.broker resp = session.get(url, headers=headers, authenticated=authenticated)
2020-03-28 16:32:06.470 15 ERROR rally.common.broker
File "/usr/lib/python2.7/site-packages/keystoneauth1/session.py", line 1011, in get
2020-03-28 16:32:06.470 15 ERROR rally.common.broker return self.request(url, 'GET', **kwargs)
2020-03-28 16:32:06.470 15 ERROR rally.common.broker
File "/usr/lib/python2.7/site-packages/keystoneauth1/session.py", line 684, in request
2020-03-28 16:32:06.470 15 ERROR rally.common.broker auth_headers = self.get_auth_headers(auth)
2020-03-28 16:32:06.470 15 ERROR rally.common.broker
File "/usr/lib/python2.7/site-packages/keystoneauth1/session.py", line 1071, in get_auth_headers
2020-03-28 16:32:06.470 15 ERROR rally.common.broker return auth.get_headers(self, **kwargs)
2020-03-28 16:32:06.470 15 ERROR rally.common.broker
File "/usr/lib/python2.7/site-packages/keystoneauth1/plugin.py", line 95, in get_headers
2020-03-28 16:32:06.470 15 ERROR rally.common.broker token = self.get_token(session)
2020-03-28 16:32:06.470 15 ERROR rally.common.broker
File "/usr/lib/python2.7/site-packages/keystoneauth1/identity/base.py", line 88, in get_token
2020-03-28 16:32:06.470 15 ERROR rally.common.broker return self.get_access(session).auth_token
2020-03-28 16:32:06.470 15 ERROR rally.common.broker
File "/usr/lib/python2.7/site-packages/keystoneauth1/identity/base.py", line 134, in get_access
2020-03-28 16:32:06.470 15 ERROR rally.common.broker self.auth_ref = self.get_auth_ref(session)
2020-03-28 16:32:06.470 15 ERROR rally.common.broker
File "/usr/lib/python2.7/site-packages/keystoneauth1/identity/generic/base.py", line 208, in get_auth_ref
2020-03-28 16:32:06.470 15 ERROR rally.common.broker return self._plugin.get_auth_ref(session, **kwargs)
2020-03-28 16:32:06.470 15 ERROR rally.common.broker
File "/usr/lib/python2.7/site-packages/keystoneauth1/identity/v3/base.py", line 178, in get_auth_ref
2020-03-28 16:32:06.470 15 ERROR rally.common.broker authenticated=False, log=False, **rkwargs)
2020-03-28 16:32:06.470 15 ERROR rally.common.broker
File "/usr/lib/python2.7/site-packages/keystoneauth1/session.py", line 1019, in post
2020-03-28 16:32:06.470 15 ERROR rally.common.broker return self.request(url, 'POST', **kwargs)
2020-03-28 16:32:06.470 15 ERROR rally.common.broker
File "/usr/lib/python2.7/site-packages/keystoneauth1/session.py", line 869, in request
2020-03-28 16:32:06.470 15 ERROR rally.common.broker raise exceptions.from_response(resp, method, url)
2020-03-28 16:32:06.470 15 ERROR rally.common.broker ServiceUnavailable: Service Unavailable (HTTP 503)
2020-03-28 16:32:06.470 15 ERROR rally.common.broker
2020-03-28 16:32:24.854 15 INFO rally.task.context [-] Task 99c14f76-798c-4e17-b06a-f13acda048ab | Context users@openstack cleanup() finished in 55.70 sec
2020-03-28 16:32:25.995 15 INFO rally.task.engine [-] Load duration is: 49.034263
2020-03-28 16:32:25.996 15 INFO rally.task.engine [-] Full runner duration is: 49.081417
2020-03-28 16:32:25.996 15 INFO rally.task.engine [-] Full duration is: 109.294138
2020-03-28 16:32:26.052 15 INFO rally.task.engine [-] Running workload: position = 0 config = { "version": 2, "title": "A cropped version of a bigger task.", "description": "Auto-generated task from a single workload (uuid=7e2a404a-7914-48c4-8490-6a4689eca392)", "subtasks": [ { "title": "Authenticate.validate_glance", "description": "Check Glance Client to ensure validation of token.", "scenario": { "Authenticate.validate_glance": { "repetitions": 2 } }, "contexts": { "users": { "tenants": 3, "users_per_tenant": 2 } }, "runner": { "constant": { "concurrency": 4, "times": 10 } }, "hooks": [], "sla": { "failure_rate": { "max": 0 } } } ] }
2020-03-28 16:32:26.076 15 RALLYDEBUG rally_openstack.contexts.keystone.users [-] Creating 3 tenants using 20 threads
2020-03-28 16:32:26.923 15 RALLYDEBUG rally_openstack.contexts.keystone.users [-] Creating 6 users using 20 threads
2020-03-28 16:32:28.769 15 INFO rally.task.context [-] Task 99c14f76-798c-4e17-b06a-f13acda048ab | Context users@openstack setup() finished in 2.69 sec
2020-03-28 16:32:28.777 15 RALLYDEBUG rally.task.runner [-] Starting the constant runner (task UUID: 99c14f76-798c-4e17-b06a-f13acda048ab). timeout: 0 concurrency: 4 concurrency_per_worker: 1 times: 10 concurrency_overhead: 0 processes_to_start: 4 max_cpu_used: 88
2020-03-28 16:32:28.790 347 RALLYDEBUG rally.task.runner [-] Starting a worker. concurrency: 1 args: {"repetitions": 2} times: 10 method_name: run timeout: 0 duration: None cls:
2020-03-28 16:32:28.796 349 RALLYDEBUG rally.task.runner [-] Starting a worker. concurrency: 1 args: {"repetitions": 2} times: 10 method_name: run timeout: 0 duration: None cls:
2020-03-28 16:32:28.798 347 INFO rally.task.runner [-] Task 99c14f76-798c-4e17-b06a-f13acda048ab | ITER: 1 START
2020-03-28 16:32:28.799 350 RALLYDEBUG rally.task.runner [-] Starting a worker. concurrency: 1 args: {"repetitions": 2} times: 10 method_name: run timeout: 0 duration: None cls:
2020-03-28 16:32:28.803 348 RALLYDEBUG rally.task.runner [-] Starting a worker. concurrency: 1 args: {"repetitions": 2} times: 10 method_name: run timeout: 0 duration: None cls:
2020-03-28 16:32:28.804 349 INFO rally.task.runner [-] Task 99c14f76-798c-4e17-b06a-f13acda048ab | ITER: 2 START
2020-03-28 16:32:28.806 350 INFO rally.task.runner [-] Task 99c14f76-798c-4e17-b06a-f13acda048ab | ITER: 3 START
2020-03-28 16:32:28.810 348 INFO rally.task.runner [-] Task 99c14f76-798c-4e17-b06a-f13acda048ab | ITER: 4 START
2020-03-28 16:32:29.459 347 INFO rally.task.runner [-] Task 99c14f76-798c-4e17-b06a-f13acda048ab | ITER: 1 END: OK
2020-03-28 16:32:29.463 347 INFO rally.task.runner [-] Task 99c14f76-798c-4e17-b06a-f13acda048ab | ITER: 5 START
2020-03-28 16:32:29.551 349 INFO rally.task.runner [-] Task 99c14f76-798c-4e17-b06a-f13acda048ab | ITER: 2 END: OK
2020-03-28 16:32:29.557 349 INFO rally.task.runner [-] Task 99c14f76-798c-4e17-b06a-f13acda048ab | ITER: 6 START
2020-03-28 16:32:29.564 350 INFO rally.task.runner [-] Task 99c14f76-798c-4e17-b06a-f13acda048ab | ITER: 3 END: OK
2020-03-28 16:32:29.569 350 INFO rally.task.runner [-] Task 99c14f76-798c-4e17-b06a-f13acda048ab | ITER: 7 START
2020-03-28 16:32:29.619 348 INFO rally.task.runner [-] Task 99c14f76-798c-4e17-b06a-f13acda048ab | ITER: 4 END: OK
2020-03-28 16:32:29.624 348 INFO rally.task.runner [-] Task 99c14f76-798c-4e17-b06a-f13acda048ab | ITER: 8 START
2020-03-28 16:32:30.129 347 INFO rally.task.runner [-] Task 99c14f76-798c-4e17-b06a-f13acda048ab | ITER: 5 END: OK
2020-03-28 16:32:30.134 347 INFO rally.task.runner [-] Task 99c14f76-798c-4e17-b06a-f13acda048ab | ITER: 9 START
2020-03-28 16:32:30.166 349 INFO rally.task.runner [-] Task 99c14f76-798c-4e17-b06a-f13acda048ab | ITER: 6 END: OK
2020-03-28 16:32:30.171 349 INFO rally.task.runner [-] Task 99c14f76-798c-4e17-b06a-f13acda048ab | ITER: 10 START
2020-03-28 16:32:30.195 350 INFO rally.task.runner [-] Task 99c14f76-798c-4e17-b06a-f13acda048ab | ITER: 7 END: OK
2020-03-28 16:32:30.372 348 INFO rally.task.runner [-] Task 99c14f76-798c-4e17-b06a-f13acda048ab | ITER: 8 END: OK
2020-03-28 16:32:30.493 347 INFO rally.task.runner [-] Task 99c14f76-798c-4e17-b06a-f13acda048ab | ITER: 9 END: OK
2020-03-28 16:32:30.522 349 INFO rally.task.runner [-] Task 99c14f76-798c-4e17-b06a-f13acda048ab | ITER: 10 END: OK
2020-03-28 16:32:30.543 15 INFO rally.task.context [-] Task 99c14f76-798c-4e17-b06a-f13acda048ab | Context users@openstack cleanup() started
2020-03-28 16:32:36.563 15 INFO rally.task.context [-] Task 99c14f76-798c-4e17-b06a-f13acda048ab | Context users@openstack cleanup() finished in 6.02 sec
2020-03-28 16:32:38.147 15 INFO rally.task.engine [-] Load duration is: 1.722574
2020-03-28 16:32:38.148 15 INFO rally.task.engine [-] Full runner duration is: 1.766074
2020-03-28 16:32:38.148 15 INFO rally.task.engine [-] Full duration is: 10.487833
2020-03-28 16:32:38.203 15 INFO rally.task.engine [-] Running workload: position = 0 config = { "version": 2, "title": "A cropped version of a bigger task.", "description": "Auto-generated task from a single workload (uuid=b005b8eb-aa3a-4a3f-b9e0-9f327ae004f0)", "subtasks": [ { "title": "Authenticate.validate_heat", "description": "Check Heat Client to ensure validation of token.", "scenario": { "Authenticate.validate_heat": { "repetitions": 2 } }, "contexts": { "users": { "tenants": 3, "users_per_tenant": 2 } }, "runner": { "constant": { "concurrency": 4, "times": 10 } }, "hooks": [], "sla": { "failure_rate": { "max": 0 } } } ] }
2020-03-28 16:32:38.224 15 RALLYDEBUG rally_openstack.contexts.keystone.users [-] Creating 3 tenants using 20 threads
2020-03-28 16:32:38.904 15 RALLYDEBUG rally_openstack.contexts.keystone.users [-] Creating 6 users using 20 threads
2020-03-28 16:32:40.773 15 INFO rally.task.context [-] Task 99c14f76-798c-4e17-b06a-f13acda048ab | Context users@openstack setup() finished in 2.55 sec
2020-03-28 16:32:40.783 15 RALLYDEBUG rally.task.runner [-] Starting the constant runner (task UUID: 99c14f76-798c-4e17-b06a-f13acda048ab). timeout: 0 concurrency: 4 concurrency_per_worker: 1 times: 10 concurrency_overhead: 0 processes_to_start: 4 max_cpu_used: 88
2020-03-28 16:32:40.796 451 RALLYDEBUG rally.task.runner [-] Starting a worker. concurrency: 1 args: {"repetitions": 2} times: 10 method_name: run timeout: 0 duration: None cls:
2020-03-28 16:32:40.799 452 RALLYDEBUG rally.task.runner [-] Starting a worker. concurrency: 1 args: {"repetitions": 2} times: 10 method_name: run timeout: 0 duration: None cls:
2020-03-28 16:32:40.802 453 RALLYDEBUG rally.task.runner [-] Starting a worker. concurrency: 1 args: {"repetitions": 2} times: 10 method_name: run timeout: 0 duration: None cls:
2020-03-28 16:32:40.803 451 INFO rally.task.runner [-] Task 99c14f76-798c-4e17-b06a-f13acda048ab | ITER: 1 START
2020-03-28 16:32:40.805 454 RALLYDEBUG rally.task.runner [-] Starting a worker. concurrency: 1 args: {"repetitions": 2} times: 10 method_name: run timeout: 0 duration: None cls:
2020-03-28 16:32:40.806 452 INFO rally.task.runner [-] Task 99c14f76-798c-4e17-b06a-f13acda048ab | ITER: 2 START
2020-03-28 16:32:40.809 453 INFO rally.task.runner [-] Task 99c14f76-798c-4e17-b06a-f13acda048ab | ITER: 3 START
2020-03-28 16:32:40.811 454 INFO rally.task.runner [-] Task 99c14f76-798c-4e17-b06a-f13acda048ab | ITER: 4 START
2020-03-28 16:32:41.569 451 INFO rally.task.runner [-] Task 99c14f76-798c-4e17-b06a-f13acda048ab | ITER: 1 END: OK
2020-03-28 16:32:41.573 451 INFO rally.task.runner [-] Task 99c14f76-798c-4e17-b06a-f13acda048ab | ITER: 5 START
2020-03-28 16:32:41.610 452 INFO rally.task.runner [-] Task 99c14f76-798c-4e17-b06a-f13acda048ab | ITER: 2 END: OK
2020-03-28 16:32:41.614 452 INFO rally.task.runner [-] Task 99c14f76-798c-4e17-b06a-f13acda048ab | ITER: 6 START
2020-03-28 16:32:41.683 454 INFO rally.task.runner [-] Task 99c14f76-798c-4e17-b06a-f13acda048ab | ITER: 4 END: OK
2020-03-28 16:32:41.688 454 INFO rally.task.runner [-] Task 99c14f76-798c-4e17-b06a-f13acda048ab | ITER: 7 START
2020-03-28 16:32:41.877 453 INFO rally.task.runner [-] Task 99c14f76-798c-4e17-b06a-f13acda048ab | ITER: 3 END: OK
2020-03-28 16:32:41.881 453 INFO rally.task.runner [-] Task 99c14f76-798c-4e17-b06a-f13acda048ab | ITER: 8 START
2020-03-28 16:32:41.923 451 INFO rally.task.runner [-] Task 99c14f76-798c-4e17-b06a-f13acda048ab | ITER: 5 END: OK
2020-03-28 16:32:41.927 451 INFO rally.task.runner [-] Task 99c14f76-798c-4e17-b06a-f13acda048ab | ITER: 9 START
2020-03-28 16:32:41.972 452 INFO rally.task.runner [-] Task 99c14f76-798c-4e17-b06a-f13acda048ab | ITER: 6 END: OK
2020-03-28 16:32:41.976 452 INFO rally.task.runner [-] Task 99c14f76-798c-4e17-b06a-f13acda048ab | ITER: 10 START
2020-03-28 16:32:42.059 454 INFO rally.task.runner [-] Task 99c14f76-798c-4e17-b06a-f13acda048ab | ITER: 7 END: OK
2020-03-28 16:32:42.119 453 INFO rally.task.runner [-] Task 99c14f76-798c-4e17-b06a-f13acda048ab | ITER: 8 END: OK
2020-03-28 16:32:42.341 451 INFO rally.task.runner [-] Task 99c14f76-798c-4e17-b06a-f13acda048ab | ITER: 9 END: OK
2020-03-28 16:32:42.357 452 INFO rally.task.runner [-] Task 99c14f76-798c-4e17-b06a-f13acda048ab | ITER: 10 END: OK
2020-03-28 16:32:42.381 15 INFO rally.task.context [-] Task 99c14f76-798c-4e17-b06a-f13acda048ab | Context users@openstack cleanup() started
2020-03-28 16:32:47.542 15 INFO rally.task.context [-] Task 99c14f76-798c-4e17-b06a-f13acda048ab | Context users@openstack cleanup() finished in 5.16 sec
2020-03-28 16:32:48.285 15 INFO rally.task.engine [-] Load duration is: 1.552707
2020-03-28 16:32:48.286 15 INFO rally.task.engine [-] Full runner duration is: 1.598387
2020-03-28 16:32:48.286 15 INFO rally.task.engine [-] Full duration is: 9.320314
2020-03-28 16:32:48.341 15 INFO rally.task.engine [-] Running workload: position = 0 config = { "version": 2, "title": "A cropped version of a bigger task.", "description": "Auto-generated task from a single workload (uuid=e0df96fe-17e2-40f4-8760-4630959a7afa)", "subtasks": [ { "title": "Authenticate.validate_neutron", "description": "Check Neutron Client to ensure validation of token.", "scenario": { "Authenticate.validate_neutron": { "repetitions": 2 } }, "contexts": { "users": { "tenants": 3, "users_per_tenant": 2 } }, "runner": { "constant": { "concurrency": 4, "times": 10 } }, "hooks": [], "sla": { "failure_rate": { "max": 0 } } } ] }
2020-03-28 16:32:48.364 15 RALLYDEBUG rally_openstack.contexts.keystone.users [-] Creating 3 tenants using 20 threads
2020-03-28 16:32:49.209 15 RALLYDEBUG rally_openstack.contexts.keystone.users [-] Creating 6 users using 20 threads
2020-03-28 16:32:51.768 15 INFO rally.task.context [-] Task 99c14f76-798c-4e17-b06a-f13acda048ab | Context users@openstack setup() finished in 3.40 sec
2020-03-28 16:32:51.779 15 RALLYDEBUG rally.task.runner [-] Starting the constant runner (task UUID: 99c14f76-798c-4e17-b06a-f13acda048ab). timeout: 0 concurrency: 4 concurrency_per_worker: 1 times: 10 concurrency_overhead: 0 processes_to_start: 4 max_cpu_used: 88
2020-03-28 16:32:51.790 555 RALLYDEBUG rally.task.runner [-] Starting a worker. concurrency: 1 args: {"repetitions": 2} times: 10 method_name: run timeout: 0 duration: None cls:
2020-03-28 16:32:51.793 556 RALLYDEBUG rally.task.runner [-] Starting a worker. concurrency: 1 args: {"repetitions": 2} times: 10 method_name: run timeout: 0 duration: None cls:
2020-03-28 16:32:51.797 555 INFO rally.task.runner [-] Task 99c14f76-798c-4e17-b06a-f13acda048ab | ITER: 1 START
2020-03-28 16:32:51.797 557 RALLYDEBUG rally.task.runner [-] Starting a worker. concurrency: 1 args: {"repetitions": 2} times: 10 method_name: run timeout: 0 duration: None cls:
2020-03-28 16:32:51.799 558 RALLYDEBUG rally.task.runner [-] Starting a worker. concurrency: 1 args: {"repetitions": 2} times: 10 method_name: run timeout: 0 duration: None cls:
2020-03-28 16:32:51.800 556 INFO rally.task.runner [-] Task 99c14f76-798c-4e17-b06a-f13acda048ab | ITER: 2 START
2020-03-28 16:32:51.803 557 INFO rally.task.runner [-] Task 99c14f76-798c-4e17-b06a-f13acda048ab | ITER: 3 START
2020-03-28 16:32:51.806 558 INFO rally.task.runner [-] Task 99c14f76-798c-4e17-b06a-f13acda048ab | ITER: 4 START
2020-03-28 16:32:52.824 555 INFO rally.task.runner [-] Task 99c14f76-798c-4e17-b06a-f13acda048ab | ITER: 1 END: OK
2020-03-28 16:32:52.830 555 INFO rally.task.runner [-] Task 99c14f76-798c-4e17-b06a-f13acda048ab | ITER: 5 START
2020-03-28 16:32:52.840 556 INFO rally.task.runner [-] Task 99c14f76-798c-4e17-b06a-f13acda048ab | ITER: 2 END: OK
2020-03-28 16:32:52.845 556 INFO rally.task.runner [-] Task 99c14f76-798c-4e17-b06a-f13acda048ab | ITER: 6 START
2020-03-28 16:32:52.986 557 INFO rally.task.runner [-] Task 99c14f76-798c-4e17-b06a-f13acda048ab | ITER: 3 END: OK
2020-03-28 16:32:52.992 557 INFO rally.task.runner [-] Task 99c14f76-798c-4e17-b06a-f13acda048ab | ITER: 7 START
2020-03-28 16:32:52.996 558 INFO rally.task.runner [-] Task 99c14f76-798c-4e17-b06a-f13acda048ab | ITER: 4 END: OK
2020-03-28 16:32:53.002 558 INFO rally.task.runner [-] Task 99c14f76-798c-4e17-b06a-f13acda048ab | ITER: 8 START
2020-03-28 16:32:53.473 555 INFO rally.task.runner [-] Task 99c14f76-798c-4e17-b06a-f13acda048ab | ITER: 5 END: OK
2020-03-28 16:32:53.478 555 INFO rally.task.runner [-] Task 99c14f76-798c-4e17-b06a-f13acda048ab | ITER: 9 START
2020-03-28 16:32:53.898 556 INFO rally.task.runner [-] Task 99c14f76-798c-4e17-b06a-f13acda048ab | ITER: 6 END: OK
2020-03-28 16:32:53.902 556 INFO rally.task.runner [-] Task 99c14f76-798c-4e17-b06a-f13acda048ab | ITER: 10 START
2020-03-28 16:32:53.913 557 INFO rally.task.runner [-] Task 99c14f76-798c-4e17-b06a-f13acda048ab | ITER: 7 END: OK
2020-03-28 16:32:53.930 558 INFO rally.task.runner [-] Task 99c14f76-798c-4e17-b06a-f13acda048ab | ITER: 8 END: OK
2020-03-28 16:32:54.048 555 INFO rally.task.runner [-] Task 99c14f76-798c-4e17-b06a-f13acda048ab | ITER: 9 END: OK
2020-03-28 16:32:54.344 556 INFO rally.task.runner [-] Task 99c14f76-798c-4e17-b06a-f13acda048ab | ITER: 10 END: OK
2020-03-28 16:32:54.362 15 INFO rally.task.context [-] Task 99c14f76-798c-4e17-b06a-f13acda048ab | Context users@openstack cleanup() started
2020-03-28 16:32:58.822 15 INFO rally.task.context [-] Task 99c14f76-798c-4e17-b06a-f13acda048ab | Context users@openstack cleanup() finished in 4.46 sec
2020-03-28 16:33:00.435 15 INFO rally.task.engine [-] Load duration is: 2.545723
2020-03-28 16:33:00.435 15 INFO rally.task.engine [-] Full runner duration is: 2.583275
2020-03-28 16:33:00.436 15 INFO rally.task.engine [-] Full duration is: 10.460188
2020-03-28 16:33:00.487 15 INFO rally.task.engine [-] Running workload: position = 0 config = { "version": 2, "title": "A cropped version of a bigger task.", "description": "Auto-generated task from a single workload (uuid=999d2435-ed0e-4530-bf03-bb5d07bf3287)", "subtasks": [ { "title": "Authenticate.validate_nova", "description": "Check Nova Client to ensure validation of token.", "scenario": { "Authenticate.validate_nova": { "repetitions": 2 } }, "contexts": { "users": { "tenants": 3, "users_per_tenant": 2 } }, "runner": { "constant": { "concurrency": 4, "times": 10 } }, "hooks": [], "sla": { "failure_rate": { "max": 0 } } } ] }
2020-03-28 16:33:00.507 15 RALLYDEBUG rally_openstack.contexts.keystone.users [-] Creating 3 tenants using 20 threads
2020-03-28 16:33:27.825 15 ERROR rally.common.broker [-] Failed to consume a task from the queue: ServiceUnavailable: Service Unavailable (HTTP 503)
2020-03-28 16:33:27.825 15 ERROR rally.common.broker
Traceback (most recent call last):
2020-03-28 16:33:27.825 15 ERROR rally.common.broker
File "/usr/lib/python2.7/site-packages/rally/common/broker.py", line 42, in _consumer
2020-03-28 16:33:27.825 15 ERROR rally.common.broker consume(cache, args)
2020-03-28 16:33:27.825 15 ERROR rally.common.broker
File "/usr/lib/python2.7/site-packages/rally_openstack/contexts/keystone/users.py", line 179, in consume
2020-03-28 16:33:27.825 15 ERROR rally.common.broker clients, name_generator=self.generate_random_name)
2020-03-28 16:33:27.825 15 ERROR rally.common.broker
File "/usr/lib/python2.7/site-packages/rally/task/service.py", line 284, in __init__
2020-03-28 16:33:27.825 15 ERROR rally.common.broker impl_cls, _all_impls = self.discover_impl()
2020-03-28 16:33:27.825 15 ERROR rally.common.broker
File "/usr/lib/python2.7/site-packages/rally/task/service.py", line 116, in wrapper
2020-03-28 16:33:27.825 15 ERROR rally.common.broker return func(instance, *args, **kwargs)
2020-03-28 16:33:27.825 15 ERROR rally.common.broker
File "/usr/lib/python2.7/site-packages/rally/task/service.py", line 325, in discover_impl
2020-03-28 16:33:27.825 15 ERROR rally.common.broker if cls.is_applicable(self._clients):
2020-03-28 16:33:27.825 15 ERROR rally.common.broker
File "/usr/lib/python2.7/site-packages/rally_openstack/services/identity/identity.py", line 28, in is_applicable
2020-03-28 16:33:27.825 15 ERROR rally.common.broker cloud_version = clients.keystone().version.split(".")[0][1:]
2020-03-28 16:33:27.825 15 ERROR rally.common.broker
File "/usr/lib/python2.7/site-packages/rally_openstack/osclients.py", line 244, in __call__
2020-03-28 16:33:27.825 15 ERROR rally.common.broker self.cache[key] = self.create_client(*args, **kwargs)
2020-03-28 16:33:27.825 15 ERROR rally.common.broker
File "/usr/lib/python2.7/site-packages/rally_openstack/osclients.py", line 395, in create_client
2020-03-28 16:33:27.825 15 ERROR rally.common.broker return client.Client(**kw)
2020-03-28 16:33:27.825 15 ERROR rally.common.broker
File "/usr/lib/python2.7/site-packages/keystoneclient/client.py", line 62, in Client
2020-03-28 16:33:27.825 15 ERROR rally.common.broker d = discover.Discover(session=session, **kwargs)
2020-03-28 16:33:27.825 15 ERROR rally.common.broker
File "/usr/lib/python2.7/site-packages/keystoneclient/discover.py", line 178, in __init__
2020-03-28 16:33:27.825 15 ERROR rally.common.broker authenticated=authenticated)
2020-03-28 16:33:27.825 15 ERROR rally.common.broker
File "/usr/lib/python2.7/site-packages/keystoneclient/_discover.py", line 143, in __init__
2020-03-28 16:33:27.825 15 ERROR rally.common.broker authenticated=authenticated)
2020-03-28 16:33:27.825 15 ERROR rally.common.broker
File "/usr/lib/python2.7/site-packages/keystoneclient/_discover.py", line 38, in get_version_data
2020-03-28 16:33:27.825 15 ERROR rally.common.broker resp = session.get(url, headers=headers, authenticated=authenticated)
2020-03-28 16:33:27.825 15 ERROR rally.common.broker
File "/usr/lib/python2.7/site-packages/keystoneauth1/session.py", line 1011, in get
2020-03-28 16:33:27.825 15 ERROR rally.common.broker return self.request(url, 'GET', **kwargs)
2020-03-28 16:33:27.825 15 ERROR rally.common.broker
File "/usr/lib/python2.7/site-packages/keystoneauth1/session.py", line 684, in request
2020-03-28 16:33:27.825 15 ERROR rally.common.broker auth_headers = self.get_auth_headers(auth)
2020-03-28 16:33:27.825 15 ERROR rally.common.broker
File "/usr/lib/python2.7/site-packages/keystoneauth1/session.py", line 1071, in get_auth_headers
2020-03-28 16:33:27.825 15 ERROR rally.common.broker return auth.get_headers(self, **kwargs)
2020-03-28 16:33:27.825 15 ERROR rally.common.broker
File "/usr/lib/python2.7/site-packages/keystoneauth1/plugin.py", line 95, in get_headers
2020-03-28 16:33:27.825 15 ERROR rally.common.broker token = self.get_token(session)
2020-03-28 16:33:27.825 15 ERROR rally.common.broker
File "/usr/lib/python2.7/site-packages/keystoneauth1/identity/base.py", line 88, in get_token
2020-03-28 16:33:27.825 15 ERROR rally.common.broker return self.get_access(session).auth_token
2020-03-28 16:33:27.825 15 ERROR rally.common.broker
File "/usr/lib/python2.7/site-packages/keystoneauth1/identity/base.py", line 134, in get_access
2020-03-28 16:33:27.825 15 ERROR rally.common.broker self.auth_ref = self.get_auth_ref(session)
2020-03-28 16:33:27.825 15 ERROR rally.common.broker
File "/usr/lib/python2.7/site-packages/keystoneauth1/identity/generic/base.py", line 208, in get_auth_ref
2020-03-28 16:33:27.825 15 ERROR rally.common.broker return self._plugin.get_auth_ref(session, **kwargs)
2020-03-28 16:33:27.825 15 ERROR rally.common.broker
File "/usr/lib/python2.7/site-packages/keystoneauth1/identity/v3/base.py", line 178, in get_auth_ref
2020-03-28 16:33:27.825 15 ERROR rally.common.broker authenticated=False, log=False, **rkwargs)
2020-03-28 16:33:27.825 15 ERROR rally.common.broker
File "/usr/lib/python2.7/site-packages/keystoneauth1/session.py", line 1019, in post
2020-03-28 16:33:27.825 15 ERROR rally.common.broker return self.request(url, 'POST', **kwargs)
2020-03-28 16:33:27.825 15 ERROR rally.common.broker
File "/usr/lib/python2.7/site-packages/keystoneauth1/session.py", line 869, in request
2020-03-28 16:33:27.825 15 ERROR rally.common.broker raise exceptions.from_response(resp, method, url)
2020-03-28 16:33:27.825 15 ERROR rally.common.broker ServiceUnavailable: Service Unavailable (HTTP 503)
2020-03-28 16:33:27.825 15 ERROR rally.common.broker
2020-03-28 16:33:30.832 15 ERROR rally.common.broker [-] Failed to consume a task from the queue: ServiceUnavailable: Service Unavailable (HTTP 503)
2020-03-28 16:33:30.832 15 ERROR rally.common.broker
Traceback (most recent call last):
2020-03-28 16:33:30.832 15 ERROR rally.common.broker
File "/usr/lib/python2.7/site-packages/rally/common/broker.py", line 42, in _consumer
2020-03-28 16:33:30.832 15 ERROR rally.common.broker consume(cache, args)
2020-03-28 16:33:30.832 15 ERROR rally.common.broker
File "/usr/lib/python2.7/site-packages/rally_openstack/contexts/keystone/users.py", line 179, in consume
2020-03-28 16:33:30.832 15 ERROR rally.common.broker clients, name_generator=self.generate_random_name)
2020-03-28 16:33:30.832 15 ERROR rally.common.broker
File "/usr/lib/python2.7/site-packages/rally/task/service.py", line 284, in __init__
2020-03-28 16:33:30.832 15 ERROR rally.common.broker impl_cls, _all_impls = self.discover_impl()
2020-03-28 16:33:30.832 15 ERROR rally.common.broker
File "/usr/lib/python2.7/site-packages/rally/task/service.py", line 116, in wrapper
2020-03-28 16:33:30.832 15 ERROR rally.common.broker return func(instance, *args, **kwargs)
2020-03-28 16:33:30.832 15 ERROR rally.common.broker
File "/usr/lib/python2.7/site-packages/rally/task/service.py", line 325, in discover_impl
2020-03-28 16:33:30.832 15 ERROR rally.common.broker if cls.is_applicable(self._clients):
2020-03-28 16:33:30.832 15 ERROR rally.common.broker
File "/usr/lib/python2.7/site-packages/rally_openstack/services/identity/identity.py", line 28, in is_applicable
2020-03-28 16:33:30.832 15 ERROR rally.common.broker cloud_version = clients.keystone().version.split(".")[0][1:]
2020-03-28 16:33:30.832 15 ERROR rally.common.broker
File "/usr/lib/python2.7/site-packages/rally_openstack/osclients.py", line 244, in __call__
2020-03-28 16:33:30.832 15 ERROR rally.common.broker self.cache[key] = self.create_client(*args, **kwargs)
2020-03-28 16:33:30.832 15 ERROR rally.common.broker
File "/usr/lib/python2.7/site-packages/rally_openstack/osclients.py", line 395, in create_client
2020-03-28 16:33:30.832 15 ERROR rally.common.broker return client.Client(**kw)
2020-03-28 16:33:30.832 15 ERROR rally.common.broker
File "/usr/lib/python2.7/site-packages/keystoneclient/client.py", line 62, in Client
2020-03-28 16:33:30.832 15 ERROR rally.common.broker d = discover.Discover(session=session, **kwargs)
2020-03-28 16:33:30.832 15 ERROR rally.common.broker
File "/usr/lib/python2.7/site-packages/keystoneclient/discover.py", line 178, in __init__
2020-03-28 16:33:30.832 15 ERROR rally.common.broker authenticated=authenticated)
2020-03-28 16:33:30.832 15 ERROR rally.common.broker
File "/usr/lib/python2.7/site-packages/keystoneclient/_discover.py", line 143, in __init__
2020-03-28 16:33:30.832 15 ERROR rally.common.broker authenticated=authenticated)
2020-03-28 16:33:30.832 15 ERROR rally.common.broker
File "/usr/lib/python2.7/site-packages/keystoneclient/_discover.py", line 38, in get_version_data
2020-03-28 16:33:30.832 15 ERROR rally.common.broker resp = session.get(url, headers=headers, authenticated=authenticated)
2020-03-28 16:33:30.832 15 ERROR rally.common.broker
File "/usr/lib/python2.7/site-packages/keystoneauth1/session.py", line 1011, in get
2020-03-28 16:33:30.832 15 ERROR rally.common.broker return self.request(url, 'GET', **kwargs)
2020-03-28 16:33:30.832 15 ERROR rally.common.broker
File "/usr/lib/python2.7/site-packages/keystoneauth1/session.py", line 684, in request
2020-03-28 16:33:30.832 15 ERROR rally.common.broker auth_headers = self.get_auth_headers(auth)
2020-03-28 16:33:30.832 15 ERROR rally.common.broker
File "/usr/lib/python2.7/site-packages/keystoneauth1/session.py", line 1071, in get_auth_headers
2020-03-28 16:33:30.832 15 ERROR rally.common.broker return auth.get_headers(self, **kwargs)
2020-03-28 16:33:30.832 15 ERROR rally.common.broker
File "/usr/lib/python2.7/site-packages/keystoneauth1/plugin.py", line 95, in get_headers
2020-03-28 16:33:30.832 15 ERROR rally.common.broker token = self.get_token(session)
2020-03-28 16:33:30.832 15 ERROR rally.common.broker
File "/usr/lib/python2.7/site-packages/keystoneauth1/identity/base.py", line 88, in get_token
2020-03-28 16:33:30.832 15 ERROR rally.common.broker return self.get_access(session).auth_token
2020-03-28 16:33:30.832 15 ERROR rally.common.broker
File "/usr/lib/python2.7/site-packages/keystoneauth1/identity/base.py", line 134, in get_access
2020-03-28 16:33:30.832 15 ERROR rally.common.broker self.auth_ref = self.get_auth_ref(session)
2020-03-28 16:33:30.832 15 ERROR rally.common.broker
File "/usr/lib/python2.7/site-packages/keystoneauth1/identity/generic/base.py", line 208, in get_auth_ref
2020-03-28 16:33:30.832 15 ERROR rally.common.broker return self._plugin.get_auth_ref(session, **kwargs)
2020-03-28 16:33:30.832 15 ERROR rally.common.broker
File "/usr/lib/python2.7/site-packages/keystoneauth1/identity/v3/base.py", line 178, in get_auth_ref
2020-03-28 16:33:30.832 15 ERROR rally.common.broker authenticated=False, log=False, **rkwargs)
2020-03-28 16:33:30.832 15 ERROR rally.common.broker
File "/usr/lib/python2.7/site-packages/keystoneauth1/session.py", line 1019, in post
2020-03-28 16:33:30.832 15 ERROR rally.common.broker return self.request(url, 'POST', **kwargs)
2020-03-28 16:33:30.832 15 ERROR rally.common.broker
File "/usr/lib/python2.7/site-packages/keystoneauth1/session.py", line 869, in request
2020-03-28 16:33:30.832 15 ERROR rally.common.broker raise exceptions.from_response(resp, method, url)
2020-03-28 16:33:30.832 15 ERROR rally.common.broker ServiceUnavailable: Service Unavailable (HTTP 503)
2020-03-28 16:33:30.832 15 ERROR rally.common.broker
2020-03-28 16:33:39.856 15 ERROR rally.common.broker [-] Failed to consume a task from the queue: ServiceUnavailable: Service Unavailable (HTTP 503)
2020-03-28 16:33:39.856 15 ERROR rally.common.broker
Traceback (most recent call last):
2020-03-28 16:33:39.856 15 ERROR rally.common.broker
File "/usr/lib/python2.7/site-packages/rally/common/broker.py", line 42, in _consumer
2020-03-28 16:33:39.856 15 ERROR rally.common.broker consume(cache, args)
2020-03-28 16:33:39.856 15 ERROR rally.common.broker
File "/usr/lib/python2.7/site-packages/rally_openstack/contexts/keystone/users.py", line 179, in consume
2020-03-28 16:33:39.856 15 ERROR rally.common.broker clients, name_generator=self.generate_random_name)
2020-03-28 16:33:39.856 15 ERROR rally.common.broker
File "/usr/lib/python2.7/site-packages/rally/task/service.py", line 284, in __init__
2020-03-28 16:33:39.856 15 ERROR rally.common.broker impl_cls, _all_impls = self.discover_impl()
2020-03-28 16:33:39.856 15 ERROR rally.common.broker
File "/usr/lib/python2.7/site-packages/rally/task/service.py", line 116, in wrapper
2020-03-28 16:33:39.856 15 ERROR rally.common.broker return func(instance, *args, **kwargs)
2020-03-28 16:33:39.856 15 ERROR rally.common.broker
File "/usr/lib/python2.7/site-packages/rally/task/service.py", line 325, in discover_impl
2020-03-28 16:33:39.856 15 ERROR rally.common.broker if cls.is_applicable(self._clients):
2020-03-28 16:33:39.856 15 ERROR rally.common.broker
File "/usr/lib/python2.7/site-packages/rally_openstack/services/identity/identity.py", line 28, in is_applicable
