2020-04-24 21:58:39.411 850 RALLYDEBUG rally.task.utils [-] Waiting for resource u'48a5b87f-7d26-4e3f-b349-b3249f717b2d'. Status changed: NONE => QUEUED in 0.0596849918365
2020-04-24 21:58:40.239 849 RALLYDEBUG rally.task.utils [-] Waiting for resource s_rally_cfbe271c_XbCfeVj7. Status changed: QUEUED => ACTIVE in 0.072606086731
2020-04-24 21:58:40.296 852 RALLYDEBUG rally.task.utils [-] Waiting for resource s_rally_cfbe271c_C9zDtN5x. Status changed: QUEUED => ACTIVE in 0.0371239185333
2020-04-24 21:58:40.316 851 RALLYDEBUG rally.task.utils [-] Waiting for resource s_rally_cfbe271c_nJerqLfW. Status changed: QUEUED => ACTIVE in 0.0513541698456
2020-04-24 21:58:40.559 850 RALLYDEBUG rally.task.utils [-] Waiting for resource s_rally_cfbe271c_rvULdaQZ. Status changed: QUEUED => ACTIVE in 0.0395669937134
2020-04-24 21:58:40.912 849 INFO rally.task.runner [-] Task 81471cbb-bd90-4145-aab3-b3aa8e6c2e86 | ITER: 5 END: OK
2020-04-24 21:58:40.916 849 INFO rally.task.runner [-] Task 81471cbb-bd90-4145-aab3-b3aa8e6c2e86 | ITER: 9 START
2020-04-24 21:58:40.947 851 INFO rally.task.runner [-] Task 81471cbb-bd90-4145-aab3-b3aa8e6c2e86 | ITER: 8 END: OK
2020-04-24 21:58:40.952 851 INFO rally.task.runner [-] Task 81471cbb-bd90-4145-aab3-b3aa8e6c2e86 | ITER: 10 START
2020-04-24 21:58:41.004 852 INFO rally.task.runner [-] Task 81471cbb-bd90-4145-aab3-b3aa8e6c2e86 | ITER: 6 END: OK
2020-04-24 21:58:41.261 850 INFO rally.task.runner [-] Task 81471cbb-bd90-4145-aab3-b3aa8e6c2e86 | ITER: 7 END: OK
2020-04-24 21:58:43.390 849 RALLYDEBUG rally.task.utils [-] Waiting for resource u'896cf95d-a480-4f0a-9c54-e6112fc8821c'. Status changed: NONE => QUEUED in 0.0822777748108
2020-04-24 21:58:43.652 851 RALLYDEBUG rally.task.utils [-] Waiting for resource u'acaefaf0-5a0d-4151-8516-2c4416f85339'. Status changed: NONE => QUEUED in 0.0769431591034
2020-04-24 21:58:44.361 849 RALLYDEBUG rally.task.utils [-] Waiting for resource s_rally_cfbe271c_I9bW9enD. Status changed: QUEUED => ACTIVE in 0.0342309474945
2020-04-24 21:58:44.619 851 RALLYDEBUG rally.task.utils [-] Waiting for resource s_rally_cfbe271c_chvHOBJu. Status changed: QUEUED => ACTIVE in 0.0400159358978
2020-04-24 21:58:45.048 849 INFO rally.task.runner [-] Task 81471cbb-bd90-4145-aab3-b3aa8e6c2e86 | ITER: 9 END: OK
2020-04-24 21:58:45.246 851 INFO rally.task.runner [-] Task 81471cbb-bd90-4145-aab3-b3aa8e6c2e86 | ITER: 10 END: OK
2020-04-24 21:58:45.271 725 INFO rally.task.context [-] Task 81471cbb-bd90-4145-aab3-b3aa8e6c2e86 | Context cleanup@openstack cleanup() started
2020-04-24 21:58:45.274 725 RALLYDEBUG rally_openstack.cleanup.manager [-] Cleaning up glance images objects
2020-04-24 21:58:46.128 725 INFO rally.task.context [-] Task 81471cbb-bd90-4145-aab3-b3aa8e6c2e86 | Context cleanup@openstack cleanup() finished in 0.86 sec
2020-04-24 21:58:46.128 725 INFO rally.task.context [-] Task 81471cbb-bd90-4145-aab3-b3aa8e6c2e86 | Context users@openstack cleanup() started
2020-04-24 21:58:51.992 725 INFO rally.task.context [-] Task 81471cbb-bd90-4145-aab3-b3aa8e6c2e86 | Context users@openstack cleanup() finished in 5.86 sec
2020-04-24 21:58:53.045 725 INFO rally.task.engine [-] Load duration is: 14.084436
2020-04-24 21:58:53.045 725 INFO rally.task.engine [-] Full runner duration is: 14.590938
2020-04-24 21:58:53.046 725 INFO rally.task.engine [-] Full duration is: 23.074401
2020-04-24 21:58:53.117 725 INFO rally.task.engine [-] Running workload: position = 0 config = { "version": 2, "title": "A cropped version of a bigger task.", "description": "Auto-generated task from a single workload (uuid=24713c41-8709-457c-b5fe-e3b23a274dc7)", "subtasks": [ { "title": "GlanceImages.create_and_list_image", "description": "Create an image and then list all images.", "scenario": { "GlanceImages.create_and_list_image": { "container_format": "bare", "disk_format": "qcow2", "image_location": "/home/opnfv/functest/images/cirros-0.4.0-x86_64-disk.img" } }, "contexts": { "users": { "tenants": 3, "users_per_tenant": 2 } }, "runner": { "constant": { "concurrency": 4, "times": 10 } }, "hooks": [], "sla": { "failure_rate": { "max": 0 } } } ] }
2020-04-24 21:58:53.140 725 RALLYDEBUG rally_openstack.contexts.keystone.users [-] Creating 3 tenants using 20 threads
2020-04-24 21:58:53.678 725 RALLYDEBUG rally_openstack.contexts.keystone.users [-] Creating 6 users using 20 threads
2020-04-24 21:58:55.478 725 INFO rally.task.context [-] Task 81471cbb-bd90-4145-aab3-b3aa8e6c2e86 | Context users@openstack setup() finished in 2.34 sec
2020-04-24 21:58:55.479 725 INFO rally.task.context [-] Task 81471cbb-bd90-4145-aab3-b3aa8e6c2e86 | Context cleanup@openstack setup() finished in 0.01 msec
2020-04-24 21:58:55.488 725 RALLYDEBUG rally.task.runner [-] Starting the constant runner (task UUID: 81471cbb-bd90-4145-aab3-b3aa8e6c2e86). timeout: 0 concurrency: 4 concurrency_per_worker: 1 times: 10 concurrency_overhead: 0 processes_to_start: 4 max_cpu_used: 88
2020-04-24 21:58:55.500 973 RALLYDEBUG rally.task.runner [-] Starting a worker. concurrency: 1 args: {"container_format": "bare", "disk_format": "qcow2", "image_location": "/home/opnfv/functest/images/cirros-0.4.0-x86_64-disk.img"} times: 10 method_name: run timeout: 0 duration: None cls:
2020-04-24 21:58:55.503 974 RALLYDEBUG rally.task.runner [-] Starting a worker. concurrency: 1 args: {"container_format": "bare", "disk_format": "qcow2", "image_location": "/home/opnfv/functest/images/cirros-0.4.0-x86_64-disk.img"} times: 10 method_name: run timeout: 0 duration: None cls:
2020-04-24 21:58:55.506 975 RALLYDEBUG rally.task.runner [-] Starting a worker. concurrency: 1 args: {"container_format": "bare", "disk_format": "qcow2", "image_location": "/home/opnfv/functest/images/cirros-0.4.0-x86_64-disk.img"} times: 10 method_name: run timeout: 0 duration: None cls:
2020-04-24 21:58:55.507 973 INFO rally.task.runner [-] Task 81471cbb-bd90-4145-aab3-b3aa8e6c2e86 | ITER: 1 START
2020-04-24 21:58:55.509 976 RALLYDEBUG rally.task.runner [-] Starting a worker. concurrency: 1 args: {"container_format": "bare", "disk_format": "qcow2", "image_location": "/home/opnfv/functest/images/cirros-0.4.0-x86_64-disk.img"} times: 10 method_name: run timeout: 0 duration: None cls:
2020-04-24 21:58:55.510 974 INFO rally.task.runner [-] Task 81471cbb-bd90-4145-aab3-b3aa8e6c2e86 | ITER: 2 START
2020-04-24 21:58:55.513 975 INFO rally.task.runner [-] Task 81471cbb-bd90-4145-aab3-b3aa8e6c2e86 | ITER: 3 START
2020-04-24 21:58:55.516 976 INFO rally.task.runner [-] Task 81471cbb-bd90-4145-aab3-b3aa8e6c2e86 | ITER: 4 START
2020-04-24 21:58:58.278 973 RALLYDEBUG rally.task.utils [-] Waiting for resource u'68489b40-dc53-4cb4-988e-9c00768d1932'. Status changed: NONE => QUEUED in 0.0637991428375
2020-04-24 21:58:58.404 974 RALLYDEBUG rally.task.utils [-] Waiting for resource u'd6878fd6-acf1-4666-b543-7337b090d406'. Status changed: NONE => QUEUED in 0.0673871040344
2020-04-24 21:58:58.513 976 RALLYDEBUG rally.task.utils [-] Waiting for resource u'81497ba1-59ca-4b47-867f-a57bc0fb0912'. Status changed: NONE => QUEUED in 0.0923640727997
2020-04-24 21:58:58.515 975 RALLYDEBUG rally.task.utils [-] Waiting for resource u'a1eecd86-e635-4b7a-9244-a6901bd9208f'. Status changed: NONE => QUEUED in 0.0875508785248
2020-04-24 21:59:00.134 973 RALLYDEBUG rally.task.utils [-] Waiting for resource s_rally_24713c41_gnSXaObX. Status changed: QUEUED => ACTIVE in 0.0495760440826
2020-04-24 21:59:00.219 973 INFO rally.task.runner [-] Task 81471cbb-bd90-4145-aab3-b3aa8e6c2e86 | ITER: 1 END: OK
2020-04-24 21:59:00.223 973 INFO rally.task.runner [-] Task 81471cbb-bd90-4145-aab3-b3aa8e6c2e86 | ITER: 5 START
2020-04-24 21:59:00.225 974 RALLYDEBUG rally.task.utils [-] Waiting for resource s_rally_24713c41_ygtqUBDj. Status changed: QUEUED => ACTIVE in 0.0853729248047
2020-04-24 21:59:00.286 974 INFO rally.task.runner [-] Task 81471cbb-bd90-4145-aab3-b3aa8e6c2e86 | ITER: 2 END: OK
2020-04-24 21:59:00.291 974 INFO rally.task.runner [-] Task 81471cbb-bd90-4145-aab3-b3aa8e6c2e86 | ITER: 6 START
2020-04-24 21:59:01.788 975 RALLYDEBUG rally.task.utils [-] Waiting for resource s_rally_24713c41_d2uMDiom. Status changed: QUEUED => ACTIVE in 0.0392668247223
2020-04-24 21:59:01.794 976 RALLYDEBUG rally.task.utils [-] Waiting for resource s_rally_24713c41_6zqmZnr4. Status changed: QUEUED => ACTIVE in 0.0311839580536
2020-04-24 21:59:01.874 975 INFO rally.task.runner [-] Task 81471cbb-bd90-4145-aab3-b3aa8e6c2e86 | ITER: 3 END: OK
2020-04-24 21:59:01.878 976 INFO rally.task.runner [-] Task 81471cbb-bd90-4145-aab3-b3aa8e6c2e86 | ITER: 4 END: OK
2020-04-24 21:59:01.879 975 INFO rally.task.runner [-] Task 81471cbb-bd90-4145-aab3-b3aa8e6c2e86 | ITER: 7 START
2020-04-24 21:59:01.883 976 INFO rally.task.runner [-] Task 81471cbb-bd90-4145-aab3-b3aa8e6c2e86 | ITER: 8 START
2020-04-24 21:59:03.527 974 RALLYDEBUG rally.task.utils [-] Waiting for resource u'e94237e7-56a1-4415-b71c-602479a27d71'. Status changed: NONE => QUEUED in 0.0604979991913
2020-04-24 21:59:03.797 973 RALLYDEBUG rally.task.utils [-] Waiting for resource u'1e5a68af-ad0b-429d-a998-18559f87fd55'. Status changed: NONE => QUEUED in 0.0650799274445
2020-04-24 21:59:04.325 975 RALLYDEBUG rally.task.utils [-] Waiting for resource u'9be58b33-4be6-43db-9779-c1cb06588a26'. Status changed: NONE => QUEUED in 0.056606054306
2020-04-24 21:59:04.437 976 RALLYDEBUG rally.task.utils [-] Waiting for resource u'e791d90a-c99d-4591-aead-3a5eaafa6392'. Status changed: NONE => QUEUED in 0.0564570426941
2020-04-24 21:59:04.645 974 RALLYDEBUG rally.task.utils [-] Waiting for resource s_rally_24713c41_dLDA6ETY. Status changed: QUEUED => ACTIVE in 0.0374298095703
2020-04-24 21:59:04.707 974 INFO rally.task.runner [-] Task 81471cbb-bd90-4145-aab3-b3aa8e6c2e86 | ITER: 6 END: OK
2020-04-24 21:59:04.712 974 INFO rally.task.runner [-] Task 81471cbb-bd90-4145-aab3-b3aa8e6c2e86 | ITER: 9 START
2020-04-24 21:59:05.014 973 RALLYDEBUG rally.task.utils [-] Waiting for resource s_rally_24713c41_DEVwJ6iW. Status changed: QUEUED => ACTIVE in 0.0323061943054
2020-04-24 21:59:05.070 973 INFO rally.task.runner [-] Task 81471cbb-bd90-4145-aab3-b3aa8e6c2e86 | ITER: 5 END: OK
2020-04-24 21:59:05.075 973 INFO rally.task.runner [-] Task 81471cbb-bd90-4145-aab3-b3aa8e6c2e86 | ITER: 10 START
2020-04-24 21:59:05.409 975 RALLYDEBUG rally.task.utils [-] Waiting for resource s_rally_24713c41_scyZBGAg. Status changed: QUEUED => ACTIVE in 0.0315489768982
2020-04-24 21:59:05.467 975 INFO rally.task.runner [-] Task 81471cbb-bd90-4145-aab3-b3aa8e6c2e86 | ITER: 7 END: OK
2020-04-24 21:59:05.617 976 RALLYDEBUG rally.task.utils [-] Waiting for resource s_rally_24713c41_l017ok5P. Status changed: QUEUED => ACTIVE in 0.0300209522247
2020-04-24 21:59:05.664 976 INFO rally.task.runner [-] Task 81471cbb-bd90-4145-aab3-b3aa8e6c2e86 | ITER: 8 END: OK
2020-04-24 21:59:07.213 974 RALLYDEBUG rally.task.utils [-] Waiting for resource u'f2081bb3-040a-498c-971c-eaf16e949def'. Status changed: NONE => QUEUED in 0.0616009235382
2020-04-24 21:59:07.506 973 RALLYDEBUG rally.task.utils [-] Waiting for resource u'f8583e31-9267-425e-82df-98f87961e779'. Status changed: NONE => QUEUED in 0.0660469532013
2020-04-24 21:59:08.238 974 RALLYDEBUG rally.task.utils [-] Waiting for resource s_rally_24713c41_wL8EJYIa. Status changed: QUEUED => ACTIVE in 0.0415170192719
2020-04-24 21:59:08.303 974 INFO rally.task.runner [-] Task 81471cbb-bd90-4145-aab3-b3aa8e6c2e86 | ITER: 9 END: OK
2020-04-24 21:59:08.525 973 RALLYDEBUG rally.task.utils [-] Waiting for resource s_rally_24713c41_BpdedE1n. Status changed: QUEUED => ACTIVE in 0.0336110591888
2020-04-24 21:59:08.601 973 INFO rally.task.runner [-] Task 81471cbb-bd90-4145-aab3-b3aa8e6c2e86 | ITER: 10 END: OK
2020-04-24 21:59:08.626 725 INFO rally.task.context [-] Task 81471cbb-bd90-4145-aab3-b3aa8e6c2e86 | Context cleanup@openstack cleanup() started
2020-04-24 21:59:08.630 725 RALLYDEBUG rally_openstack.cleanup.manager [-] Cleaning up glance images objects
2020-04-24 21:59:09.584 725 RALLYDEBUG rally_openstack.cleanup.manager [-] Deleting glance.images object s_rally_24713c41_BpdedE1n (f8583e31-9267-425e-82df-98f87961e779)
2020-04-24 21:59:09.590 725 RALLYDEBUG rally_openstack.cleanup.manager [-] Deleting glance.images object s_rally_24713c41_DEVwJ6iW (1e5a68af-ad0b-429d-a998-18559f87fd55)
2020-04-24 21:59:09.594 725 RALLYDEBUG rally_openstack.cleanup.manager [-] Deleting glance.images object s_rally_24713c41_ygtqUBDj (d6878fd6-acf1-4666-b543-7337b090d406)
2020-04-24 21:59:09.598 725 RALLYDEBUG rally_openstack.cleanup.manager [-] Deleting glance.images object s_rally_24713c41_gnSXaObX (68489b40-dc53-4cb4-988e-9c00768d1932)
2020-04-24 21:59:09.601 725 RALLYDEBUG rally_openstack.cleanup.manager [-] Deleting glance.images object s_rally_24713c41_wL8EJYIa (f2081bb3-040a-498c-971c-eaf16e949def)
2020-04-24 21:59:09.600 725 RALLYDEBUG rally_openstack.cleanup.manager [-] Deleting glance.images object s_rally_24713c41_l017ok5P (e791d90a-c99d-4591-aead-3a5eaafa6392)
2020-04-24 21:59:09.608 725 RALLYDEBUG rally_openstack.cleanup.manager [-] Deleting glance.images object s_rally_24713c41_6zqmZnr4 (81497ba1-59ca-4b47-867f-a57bc0fb0912)
2020-04-24 21:59:09.652 725 RALLYDEBUG rally_openstack.cleanup.manager [-] Deleting glance.images object s_rally_24713c41_scyZBGAg (9be58b33-4be6-43db-9779-c1cb06588a26)
2020-04-24 21:59:09.657 725 RALLYDEBUG rally_openstack.cleanup.manager [-] Deleting glance.images object s_rally_24713c41_dLDA6ETY (e94237e7-56a1-4415-b71c-602479a27d71)
2020-04-24 21:59:09.668 725 RALLYDEBUG rally_openstack.cleanup.manager [-] Deleting glance.images object s_rally_24713c41_d2uMDiom (a1eecd86-e635-4b7a-9244-a6901bd9208f)
2020-04-24 21:59:12.896 725 DEBUG glanceclient.common.http [-] Request returned failure status 404. _handle_response /usr/lib/python2.7/site-packages/glanceclient/common/http.py:125
2020-04-24 21:59:12.897 725 DEBUG glanceclient.common.http [-] Request returned failure status 404. _handle_response /usr/lib/python2.7/site-packages/glanceclient/common/http.py:125
2020-04-24 21:59:12.909 725 DEBUG glanceclient.common.http [-] Request returned failure status 404. _handle_response /usr/lib/python2.7/site-packages/glanceclient/common/http.py:125
2020-04-24 21:59:13.086 725 DEBUG glanceclient.common.http [-] Request returned failure status 404. _handle_response /usr/lib/python2.7/site-packages/glanceclient/common/http.py:125
2020-04-24 21:59:13.088 725 DEBUG glanceclient.common.http [-] Request returned failure status 404. _handle_response /usr/lib/python2.7/site-packages/glanceclient/common/http.py:125
2020-04-24 21:59:13.092 725 DEBUG glanceclient.common.http [-] Request returned failure status 404. _handle_response /usr/lib/python2.7/site-packages/glanceclient/common/http.py:125
2020-04-24 21:59:13.097 725 DEBUG glanceclient.common.http [-] Request returned failure status 404. _handle_response /usr/lib/python2.7/site-packages/glanceclient/common/http.py:125
2020-04-24 21:59:13.099 725 DEBUG glanceclient.common.http [-] Request returned failure status 404. _handle_response /usr/lib/python2.7/site-packages/glanceclient/common/http.py:125
2020-04-24 21:59:13.102 725 DEBUG glanceclient.common.http [-] Request returned failure status 404. _handle_response /usr/lib/python2.7/site-packages/glanceclient/common/http.py:125
2020-04-24 21:59:13.135 725 DEBUG glanceclient.common.http [-] Request returned failure status 404. _handle_response /usr/lib/python2.7/site-packages/glanceclient/common/http.py:125
2020-04-24 21:59:13.143 725 DEBUG glanceclient.common.http [-] Request returned failure status 404. _handle_response /usr/lib/python2.7/site-packages/glanceclient/common/http.py:125
2020-04-24 21:59:13.145 725 DEBUG glanceclient.common.http [-] Request returned failure status 404. _handle_response /usr/lib/python2.7/site-packages/glanceclient/common/http.py:125
2020-04-24 21:59:13.225 725 DEBUG glanceclient.common.http [-] Request returned failure status 404. _handle_response /usr/lib/python2.7/site-packages/glanceclient/common/http.py:125
2020-04-24 21:59:13.237 725 DEBUG glanceclient.common.http [-] Request returned failure status 404. _handle_response /usr/lib/python2.7/site-packages/glanceclient/common/http.py:125
2020-04-24 21:59:13.248 725 DEBUG glanceclient.common.http [-] Request returned failure status 404. _handle_response /usr/lib/python2.7/site-packages/glanceclient/common/http.py:125
2020-04-24 21:59:13.250 725 DEBUG glanceclient.common.http [-] Request returned failure status 404. _handle_response /usr/lib/python2.7/site-packages/glanceclient/common/http.py:125
2020-04-24 21:59:13.261 725 DEBUG glanceclient.common.http [-] Request returned failure status 404. _handle_response /usr/lib/python2.7/site-packages/glanceclient/common/http.py:125
2020-04-24 21:59:13.273 725 DEBUG glanceclient.common.http [-] Request returned failure status 404. _handle_response /usr/lib/python2.7/site-packages/glanceclient/common/http.py:125
2020-04-24 21:59:13.287 725 DEBUG glanceclient.common.http [-] Request returned failure status 404. _handle_response /usr/lib/python2.7/site-packages/glanceclient/common/http.py:125
2020-04-24 21:59:13.288 725 DEBUG glanceclient.common.http [-] Request returned failure status 404. _handle_response /usr/lib/python2.7/site-packages/glanceclient/common/http.py:125
2020-04-24 21:59:14.292 725 INFO rally.task.context [-] Task 81471cbb-bd90-4145-aab3-b3aa8e6c2e86 | Context cleanup@openstack cleanup() finished in 5.67 sec
2020-04-24 21:59:14.292 725 INFO rally.task.context [-] Task 81471cbb-bd90-4145-aab3-b3aa8e6c2e86 | Context users@openstack cleanup() started
2020-04-24 21:59:17.842 725 INFO rally.task.context [-] Task 81471cbb-bd90-4145-aab3-b3aa8e6c2e86 | Context users@openstack cleanup() finished in 3.55 sec
2020-04-24 21:59:19.287 725 INFO rally.task.engine [-] Load duration is: 12.759724
2020-04-24 21:59:19.287 725 INFO rally.task.engine [-] Full runner duration is: 13.138161
2020-04-24 21:59:19.288 725 INFO rally.task.engine [-] Full duration is: 24.704892
2020-04-24 21:59:19.348 725 INFO rally.task.engine [-] Running workload: position = 0 config = { "version": 2, "title": "A cropped version of a bigger task.", "description": "Auto-generated task from a single workload (uuid=65c45c24-e82d-48c6-87d0-3191e8a8577b)", "subtasks": [ { "title": "GlanceImages.list_images", "description": "List all images.", "scenario": { "GlanceImages.list_images": {} }, "contexts": { "users": { "tenants": 3, "users_per_tenant": 2 } }, "runner": { "constant": { "concurrency": 4, "times": 10 } }, "hooks": [], "sla": { "failure_rate": { "max": 0 } } } ] }
2020-04-24 21:59:19.370 725 RALLYDEBUG rally_openstack.contexts.keystone.users [-] Creating 3 tenants using 20 threads
2020-04-24 21:59:19.881 725 RALLYDEBUG rally_openstack.contexts.keystone.users [-] Creating 6 users using 20 threads
2020-04-24 21:59:22.037 725 INFO rally.task.context [-] Task 81471cbb-bd90-4145-aab3-b3aa8e6c2e86 | Context users@openstack setup() finished in 2.67 sec
2020-04-24 21:59:22.047 725 RALLYDEBUG rally.task.runner [-] Starting the constant runner (task UUID: 81471cbb-bd90-4145-aab3-b3aa8e6c2e86). timeout: 0 concurrency: 4 concurrency_per_worker: 1 times: 10 concurrency_overhead: 0 processes_to_start: 4 max_cpu_used: 88
2020-04-24 21:59:22.060 1097 RALLYDEBUG rally.task.runner [-] Starting a worker. concurrency: 1 args: {} times: 10 method_name: run timeout: 0 duration: None cls:
2020-04-24 21:59:22.063 1098 RALLYDEBUG rally.task.runner [-] Starting a worker. concurrency: 1 args: {} times: 10 method_name: run timeout: 0 duration: None cls:
2020-04-24 21:59:22.066 1099 RALLYDEBUG rally.task.runner [-] Starting a worker. concurrency: 1 args: {} times: 10 method_name: run timeout: 0 duration: None cls:
2020-04-24 21:59:22.068 1097 INFO rally.task.runner [-] Task 81471cbb-bd90-4145-aab3-b3aa8e6c2e86 | ITER: 1 START
2020-04-24 21:59:22.070 1098 INFO rally.task.runner [-] Task 81471cbb-bd90-4145-aab3-b3aa8e6c2e86 | ITER: 2 START
2020-04-24 21:59:22.070 1100 RALLYDEBUG rally.task.runner [-] Starting a worker. concurrency: 1 args: {} times: 10 method_name: run timeout: 0 duration: None cls:
2020-04-24 21:59:22.073 1099 INFO rally.task.runner [-] Task 81471cbb-bd90-4145-aab3-b3aa8e6c2e86 | ITER: 3 START
2020-04-24 21:59:22.076 1100 INFO rally.task.runner [-] Task 81471cbb-bd90-4145-aab3-b3aa8e6c2e86 | ITER: 4 START
2020-04-24 21:59:22.597 1098 INFO rally.task.runner [-] Task 81471cbb-bd90-4145-aab3-b3aa8e6c2e86 | ITER: 2 END: OK
2020-04-24 21:59:22.601 1098 INFO rally.task.runner [-] Task 81471cbb-bd90-4145-aab3-b3aa8e6c2e86 | ITER: 5 START
2020-04-24 21:59:22.633 1097 INFO rally.task.runner [-] Task 81471cbb-bd90-4145-aab3-b3aa8e6c2e86 | ITER: 1 END: OK
2020-04-24 21:59:22.638 1097 INFO rally.task.runner [-] Task 81471cbb-bd90-4145-aab3-b3aa8e6c2e86 | ITER: 6 START
2020-04-24 21:59:22.674 1099 INFO rally.task.runner [-] Task 81471cbb-bd90-4145-aab3-b3aa8e6c2e86 | ITER: 3 END: OK
2020-04-24 21:59:22.678 1099 INFO rally.task.runner [-] Task 81471cbb-bd90-4145-aab3-b3aa8e6c2e86 | ITER: 7 START
2020-04-24 21:59:22.691 1100 INFO rally.task.runner [-] Task 81471cbb-bd90-4145-aab3-b3aa8e6c2e86 | ITER: 4 END: OK
2020-04-24 21:59:22.696 1100 INFO rally.task.runner [-] Task 81471cbb-bd90-4145-aab3-b3aa8e6c2e86 | ITER: 8 START
2020-04-24 21:59:22.971 1097 INFO rally.task.runner [-] Task 81471cbb-bd90-4145-aab3-b3aa8e6c2e86 | ITER: 6 END: OK
2020-04-24 21:59:22.975 1097 INFO rally.task.runner [-] Task 81471cbb-bd90-4145-aab3-b3aa8e6c2e86 | ITER: 9 START
2020-04-24 21:59:23.058 1098 INFO rally.task.runner [-] Task 81471cbb-bd90-4145-aab3-b3aa8e6c2e86 | ITER: 5 END: OK
2020-04-24 21:59:23.063 1098 INFO rally.task.runner [-] Task 81471cbb-bd90-4145-aab3-b3aa8e6c2e86 | ITER: 10 START
2020-04-24 21:59:23.136 1099 INFO rally.task.runner [-] Task 81471cbb-bd90-4145-aab3-b3aa8e6c2e86 | ITER: 7 END: OK
2020-04-24 21:59:23.204 1100 INFO rally.task.runner [-] Task 81471cbb-bd90-4145-aab3-b3aa8e6c2e86 | ITER: 8 END: OK
2020-04-24 21:59:23.428 1097 INFO rally.task.runner [-] Task 81471cbb-bd90-4145-aab3-b3aa8e6c2e86 | ITER: 9 END: OK
2020-04-24 21:59:23.562 1098 INFO rally.task.runner [-] Task 81471cbb-bd90-4145-aab3-b3aa8e6c2e86 | ITER: 10 END: OK
2020-04-24 21:59:23.582 725 INFO rally.task.context [-] Task 81471cbb-bd90-4145-aab3-b3aa8e6c2e86 | Context users@openstack cleanup() started
2020-04-24 21:59:36.868 725 INFO rally.task.context [-] Task 81471cbb-bd90-4145-aab3-b3aa8e6c2e86 | Context users@openstack cleanup() finished in 13.29 sec
2020-04-24 21:59:37.462 725 INFO rally.task.engine [-] Load duration is: 1.202697
2020-04-24 21:59:37.463 725 INFO rally.task.engine [-] Full runner duration is: 1.535249
2020-04-24 21:59:37.463 725 INFO rally.task.engine [-] Full duration is: 17.499213
2020-04-24 21:59:37.520 725 INFO rally.task.engine [-] Running workload: position = 0 config = { "version": 2, "title": "A cropped version of a bigger task.", "description": "Auto-generated task from a single workload (uuid=27a0a804-67a7-4692-b7f7-cc4e38c0b547)", "subtasks": [ { "title": "GlanceImages.create_image_and_boot_instances", "description": "Create an image and boot several instances from it.", "scenario": { "GlanceImages.create_image_and_boot_instances": { "container_format": "bare", "disk_format": "qcow2", "image_location": "/home/opnfv/functest/images/cirros-0.4.0-x86_64-disk.img", "flavor": { "name": "rally_full-flavor_9256eb5a-0d5f-47ed-b29a-c7e916a48a73" }, "number_instances": 2, "boot_server_kwargs": { "nics": [ { "net-id": "6dcf49d1-06a4-4061-84a6-22058588a13b" } ] } } }, "contexts": { "users": { "tenants": 3, "users_per_tenant": 2 }, "quotas": { "nova": { "cores": -1, "floating_ips": -1, "instances": -1, "ram": -1, "security_group_rules": -1, "security_groups": -1 } } }, "runner": { "constant": { "concurrency": 4, "times": 10 } }, "hooks": [], "sla": { "failure_rate": { "max": 0 } } } ] }
2020-04-24 21:59:37.545 725 RALLYDEBUG rally_openstack.contexts.keystone.users [-] Creating 3 tenants using 20 threads
2020-04-24 22:00:22.008 725 RALLYDEBUG rally_openstack.contexts.keystone.users [-] Creating 6 users using 20 threads
2020-04-24 22:00:23.374 725 INFO rally.task.context [-] Task 81471cbb-bd90-4145-aab3-b3aa8e6c2e86 | Context users@openstack setup() finished in 45.83 sec
2020-04-24 22:00:23.490 725 DEBUG novaclient.v2.client [-] REQ: curl -g -i -X PUT http://compute-airship.intel-pod15.opnfv.org/v2.1/os-quota-sets/1efe48fdb7704ff582d0f2cbd98ccb73 -H "Accept: application/json" -H "Content-Type: application/json" -H "User-Agent: python-novaclient" -H "X-Auth-Token: {SHA1}9206596af9616dfc8d6275c7899d079a43ec8af1" -d '{"quota_set": {"ram": -1, "floating_ips": -1, "security_group_rules": -1, "instances": -1, "cores": -1, "security_groups": -1}}' _http_log_request /usr/lib/python2.7/site-packages/keystoneauth1/session.py:448
2020-04-24 22:00:23.773 725 DEBUG novaclient.v2.client [-] RESP: [200] Connection: keep-alive Content-Encoding: gzip Content-Type: application/json Date: Fri, 24 Apr 2020 22:00:23 GMT Openstack-Api-Version: compute 2.1 Transfer-Encoding: chunked Vary: Accept-Encoding, OpenStack-API-Version, X-OpenStack-Nova-API-Version X-Compute-Request-Id: req-5404a8cb-65ae-42fe-9311-07617b98efa6 X-Openstack-Nova-Api-Version: 2.1 _http_log_response /usr/lib/python2.7/site-packages/keystoneauth1/session.py:479
2020-04-24 22:00:23.773 725 DEBUG novaclient.v2.client [-] RESP BODY: {"quota_set": {"injected_file_content_bytes": 10240, "metadata_items": 128, "server_group_members": 10, "server_groups": 10, "ram": -1, "floating_ips": -1, "key_pairs": 100, "instances": -1, "security_group_rules": -1, "injected_files": 5, "cores": -1, "fixed_ips": -1, "injected_file_path_bytes": 255, "security_groups": -1}} _http_log_response /usr/lib/python2.7/site-packages/keystoneauth1/session.py:511
2020-04-24 22:00:23.774 725 DEBUG novaclient.v2.client [-] PUT call to compute for http://compute-airship.intel-pod15.opnfv.org/v2.1/os-quota-sets/1efe48fdb7704ff582d0f2cbd98ccb73 used request id req-5404a8cb-65ae-42fe-9311-07617b98efa6 request /usr/lib/python2.7/site-packages/keystoneauth1/session.py:844
2020-04-24 22:00:23.775 725 DEBUG novaclient.v2.client [-] REQ: curl -g -i -X PUT http://compute-airship.intel-pod15.opnfv.org/v2.1/os-quota-sets/bbf59779acf64a4db9616f6454079d5a -H "Accept: application/json" -H "Content-Type: application/json" -H "User-Agent: python-novaclient" -H "X-Auth-Token: {SHA1}9206596af9616dfc8d6275c7899d079a43ec8af1" -d '{"quota_set": {"ram": -1, "floating_ips": -1, "security_group_rules": -1, "instances": -1, "cores": -1, "security_groups": -1}}' _http_log_request /usr/lib/python2.7/site-packages/keystoneauth1/session.py:448
2020-04-24 22:00:23.944 725 DEBUG novaclient.v2.client [-] RESP: [200] Connection: keep-alive Content-Encoding: gzip Content-Type: application/json Date: Fri, 24 Apr 2020 22:00:23 GMT Openstack-Api-Version: compute 2.1 Transfer-Encoding: chunked Vary: Accept-Encoding, OpenStack-API-Version, X-OpenStack-Nova-API-Version X-Compute-Request-Id: req-1e6796a2-255c-4ae9-b24d-6ff341f1a2ed X-Openstack-Nova-Api-Version: 2.1 _http_log_response /usr/lib/python2.7/site-packages/keystoneauth1/session.py:479
2020-04-24 22:00:23.944 725 DEBUG novaclient.v2.client [-] RESP BODY: {"quota_set": {"injected_file_content_bytes": 10240, "metadata_items": 128, "server_group_members": 10, "server_groups": 10, "ram": -1, "floating_ips": -1, "key_pairs": 100, "instances": -1, "security_group_rules": -1, "injected_files": 5, "cores": -1, "fixed_ips": -1, "injected_file_path_bytes": 255, "security_groups": -1}} _http_log_response /usr/lib/python2.7/site-packages/keystoneauth1/session.py:511
2020-04-24 22:00:23.944 725 DEBUG novaclient.v2.client [-] PUT call to compute for http://compute-airship.intel-pod15.opnfv.org/v2.1/os-quota-sets/bbf59779acf64a4db9616f6454079d5a used request id req-1e6796a2-255c-4ae9-b24d-6ff341f1a2ed request /usr/lib/python2.7/site-packages/keystoneauth1/session.py:844
2020-04-24 22:00:23.946 725 DEBUG novaclient.v2.client [-] REQ: curl -g -i -X PUT http://compute-airship.intel-pod15.opnfv.org/v2.1/os-quota-sets/42a7d6e01ab04a308643365bd717e550 -H "Accept: application/json" -H "Content-Type: application/json" -H "User-Agent: python-novaclient" -H "X-Auth-Token: {SHA1}9206596af9616dfc8d6275c7899d079a43ec8af1" -d '{"quota_set": {"ram": -1, "floating_ips": -1, "security_group_rules": -1, "instances": -1, "cores": -1, "security_groups": -1}}' _http_log_request /usr/lib/python2.7/site-packages/keystoneauth1/session.py:448
2020-04-24 22:00:24.352 725 DEBUG novaclient.v2.client [-] RESP: [200] Connection: keep-alive Content-Encoding: gzip Content-Type: application/json Date: Fri, 24 Apr 2020 22:00:24 GMT Openstack-Api-Version: compute 2.1 Transfer-Encoding: chunked Vary: Accept-Encoding, OpenStack-API-Version, X-OpenStack-Nova-API-Version X-Compute-Request-Id: req-6c4d8a58-6638-48ef-83aa-c0de98babe33 X-Openstack-Nova-Api-Version: 2.1 _http_log_response /usr/lib/python2.7/site-packages/keystoneauth1/session.py:479
2020-04-24 22:00:24.352 725 DEBUG novaclient.v2.client [-] RESP BODY: {"quota_set": {"injected_file_content_bytes": 10240, "metadata_items": 128, "server_group_members": 10, "server_groups": 10, "ram": -1, "floating_ips": -1, "key_pairs": 100, "instances": -1, "security_group_rules": -1, "injected_files": 5, "cores": -1, "fixed_ips": -1, "injected_file_path_bytes": 255, "security_groups": -1}} _http_log_response /usr/lib/python2.7/site-packages/keystoneauth1/session.py:511
2020-04-24 22:00:24.353 725 DEBUG novaclient.v2.client [-] PUT call to compute for http://compute-airship.intel-pod15.opnfv.org/v2.1/os-quota-sets/42a7d6e01ab04a308643365bd717e550 used request id req-6c4d8a58-6638-48ef-83aa-c0de98babe33 request /usr/lib/python2.7/site-packages/keystoneauth1/session.py:844
2020-04-24 22:00:24.354 725 INFO rally.task.context [-] Task 81471cbb-bd90-4145-aab3-b3aa8e6c2e86 | Context quotas@openstack setup() finished in 0.98 sec
2020-04-24 22:00:24.354 725 INFO rally.task.context [-] Task 81471cbb-bd90-4145-aab3-b3aa8e6c2e86 | Context cleanup@openstack setup() finished in 0.02 msec
2020-04-24 22:00:24.455 725 DEBUG novaclient.v2.client [-] REQ: curl -g -i -X GET http://compute-airship.intel-pod15.opnfv.org/v2.1/flavors/detail -H "Accept: application/json" -H "User-Agent: python-novaclient" -H "X-Auth-Token: {SHA1}194b9c0fa0a7801e6ff74ac1896e71791f868b5c" _http_log_request /usr/lib/python2.7/site-packages/keystoneauth1/session.py:448
2020-04-24 22:00:24.611 725 DEBUG novaclient.v2.client [-] RESP: [200] Connection: keep-alive Content-Encoding: gzip Content-Type: application/json Date: Fri, 24 Apr 2020 22:00:24 GMT Openstack-Api-Version: compute 2.1 Transfer-Encoding: chunked Vary: Accept-Encoding, OpenStack-API-Version, X-OpenStack-Nova-API-Version X-Compute-Request-Id: req-9d54415a-af17-4f4b-aede-6eb9e305cdd7 X-Openstack-Nova-Api-Version: 2.1 _http_log_response /usr/lib/python2.7/site-packages/keystoneauth1/session.py:479
2020-04-24 22:00:24.612 725 DEBUG novaclient.v2.client [-] RESP BODY: {"flavors": [{"links": [{"href": "http://compute-airship.intel-pod15.opnfv.org/v2.1/flavors/15973e60-0274-4762-894d-4ad98704d436", "rel": "self"}, {"href": "http://compute-airship.intel-pod15.opnfv.org/flavors/15973e60-0274-4762-894d-4ad98704d436", "rel": "bookmark"}], "ram": 1024, "OS-FLV-DISABLED:disabled": false, "os-flavor-access:is_public": true, "rxtx_factor": 1.0, "disk": 1, "id": "15973e60-0274-4762-894d-4ad98704d436", "name": "rally_full-flavor_alt_9256eb5a-0d5f-47ed-b29a-c7e916a48a73", "vcpus": 1, "swap": "", "OS-FLV-EXT-DATA:ephemeral": 0}, {"links": [{"href": "http://compute-airship.intel-pod15.opnfv.org/v2.1/flavors/3b92cc0d-751d-4f47-8763-225f51da4452", "rel": "self"}, {"href": "http://compute-airship.intel-pod15.opnfv.org/flavors/3b92cc0d-751d-4f47-8763-225f51da4452", "rel": "bookmark"}], "ram": 4096, "OS-FLV-DISABLED:disabled": false, "os-flavor-access:is_public": true, "rxtx_factor": 1.0, "disk": 40, "id": "3b92cc0d-751d-4f47-8763-225f51da4452", "name": "m1.medium", "vcpus": 2, "swap": "", "OS-FLV-EXT-DATA:ephemeral": 0}, {"links": [{"href": "http://compute-airship.intel-pod15.opnfv.org/v2.1/flavors/9d459712-7dd1-4f59-8194-349952a6b882", "rel": "self"}, {"href": "http://compute-airship.intel-pod15.opnfv.org/flavors/9d459712-7dd1-4f59-8194-349952a6b882", "rel": "bookmark"}], "ram": 512, "OS-FLV-DISABLED:disabled": false, "os-flavor-access:is_public": true, "rxtx_factor": 1.0, "disk": 1, "id": "9d459712-7dd1-4f59-8194-349952a6b882", "name": "m1.tiny", "vcpus": 1, "swap": "", "OS-FLV-EXT-DATA:ephemeral": 0}, {"links": [{"href": "http://compute-airship.intel-pod15.opnfv.org/v2.1/flavors/a20bb6ab-5174-4d09-939c-7d8d1b289b16", "rel": "self"}, {"href": "http://compute-airship.intel-pod15.opnfv.org/flavors/a20bb6ab-5174-4d09-939c-7d8d1b289b16", "rel": "bookmark"}], "ram": 2048, "OS-FLV-DISABLED:disabled": false, "os-flavor-access:is_public": true, "rxtx_factor": 1.0, "disk": 20, "id": "a20bb6ab-5174-4d09-939c-7d8d1b289b16", "name": "m1.small", "vcpus": 1, "swap": "", "OS-FLV-EXT-DATA:ephemeral": 0}, {"links": [{"href": "http://compute-airship.intel-pod15.opnfv.org/v2.1/flavors/bb595cd5-ef54-4c98-bbbf-1338c43c075f", "rel": "self"}, {"href": "http://compute-airship.intel-pod15.opnfv.org/flavors/bb595cd5-ef54-4c98-bbbf-1338c43c075f", "rel": "bookmark"}], "ram": 512, "OS-FLV-DISABLED:disabled": false, "os-flavor-access:is_public": true, "rxtx_factor": 1.0, "disk": 1, "id": "bb595cd5-ef54-4c98-bbbf-1338c43c075f", "name": "rally_full-flavor_9256eb5a-0d5f-47ed-b29a-c7e916a48a73", "vcpus": 1, "swap": "", "OS-FLV-EXT-DATA:ephemeral": 0}, {"links": [{"href": "http://compute-airship.intel-pod15.opnfv.org/v2.1/flavors/bb8dc3af-662c-4bfc-bfea-24d9136b1987", "rel": "self"}, {"href": "http://compute-airship.intel-pod15.opnfv.org/flavors/bb8dc3af-662c-4bfc-bfea-24d9136b1987", "rel": "bookmark"}], "ram": 8192, "OS-FLV-DISABLED:disabled": false, "os-flavor-access:is_public": true, "rxtx_factor": 1.0, "disk": 80, "id": "bb8dc3af-662c-4bfc-bfea-24d9136b1987", "name": "m1.large", "vcpus": 4, "swap": "", "OS-FLV-EXT-DATA:ephemeral": 0}, {"links": [{"href": "http://compute-airship.intel-pod15.opnfv.org/v2.1/flavors/f1c8a19d-9e59-437b-a668-625fa7a15a29", "rel": "self"}, {"href": "http://compute-airship.intel-pod15.opnfv.org/flavors/f1c8a19d-9e59-437b-a668-625fa7a15a29", "rel": "bookmark"}], "ram": 16384, "OS-FLV-DISABLED:disabled": false, "os-flavor-access:is_public": true, "rxtx_factor": 1.0, "disk": 160, "id": "f1c8a19d-9e59-437b-a668-625fa7a15a29", "name": "m1.xlarge", "vcpus": 8, "swap": "", "OS-FLV-EXT-DATA:ephemeral": 0}]} _http_log_response /usr/lib/python2.7/site-packages/keystoneauth1/session.py:511
2020-04-24 22:00:24.613 725 DEBUG novaclient.v2.client [-] GET call to compute for http://compute-airship.intel-pod15.opnfv.org/v2.1/flavors/detail used request id req-9d54415a-af17-4f4b-aede-6eb9e305cdd7 request /usr/lib/python2.7/site-packages/keystoneauth1/session.py:844
2020-04-24 22:00:24.615 725 RALLYDEBUG rally.task.runner [-] Starting the constant runner (task UUID: 81471cbb-bd90-4145-aab3-b3aa8e6c2e86). timeout: 0 concurrency: 4 concurrency_per_worker: 1 times: 10 concurrency_overhead: 0 processes_to_start: 4 max_cpu_used: 88
2020-04-24 22:00:24.626 1201 RALLYDEBUG rally.task.runner [-] Starting a worker. concurrency: 1 args: {"container_format": "bare", "disk_format": "qcow2", "image_location": "/home/opnfv/functest/images/cirros-0.4.0-x86_64-disk.img", "flavor": "bb595cd5-ef54-4c98-bbbf-1338c43c075f", "number_instances": 2, "boot_server_kwargs": {"nics": [{"net-id": "6dcf49d1-06a4-4061-84a6-22058588a13b"}]}} times: 10 method_name: run timeout: 0 duration: None cls:
2020-04-24 22:00:24.629 1202 RALLYDEBUG rally.task.runner [-] Starting a worker. concurrency: 1 args: {"container_format": "bare", "disk_format": "qcow2", "image_location": "/home/opnfv/functest/images/cirros-0.4.0-x86_64-disk.img", "flavor": "bb595cd5-ef54-4c98-bbbf-1338c43c075f", "number_instances": 2, "boot_server_kwargs": {"nics": [{"net-id": "6dcf49d1-06a4-4061-84a6-22058588a13b"}]}} times: 10 method_name: run timeout: 0 duration: None cls:
2020-04-24 22:00:24.632 1203 RALLYDEBUG rally.task.runner [-] Starting a worker. concurrency: 1 args: {"container_format": "bare", "disk_format": "qcow2", "image_location": "/home/opnfv/functest/images/cirros-0.4.0-x86_64-disk.img", "flavor": "bb595cd5-ef54-4c98-bbbf-1338c43c075f", "number_instances": 2, "boot_server_kwargs": {"nics": [{"net-id": "6dcf49d1-06a4-4061-84a6-22058588a13b"}]}} times: 10 method_name: run timeout: 0 duration: None cls:
2020-04-24 22:00:24.634 1201 INFO rally.task.runner [-] Task 81471cbb-bd90-4145-aab3-b3aa8e6c2e86 | ITER: 1 START
2020-04-24 22:00:24.635 1204 RALLYDEBUG rally.task.runner [-] Starting a worker. concurrency: 1 args: {"container_format": "bare", "disk_format": "qcow2", "image_location": "/home/opnfv/functest/images/cirros-0.4.0-x86_64-disk.img", "flavor": "bb595cd5-ef54-4c98-bbbf-1338c43c075f", "number_instances": 2, "boot_server_kwargs": {"nics": [{"net-id": "6dcf49d1-06a4-4061-84a6-22058588a13b"}]}} times: 10 method_name: run timeout: 0 duration: None cls:
2020-04-24 22:00:24.637 1202 INFO rally.task.runner [-] Task 81471cbb-bd90-4145-aab3-b3aa8e6c2e86 | ITER: 2 START
2020-04-24 22:00:24.642 1204 INFO rally.task.runner [-] Task 81471cbb-bd90-4145-aab3-b3aa8e6c2e86 | ITER: 4 START
2020-04-24 22:00:24.642 1203 INFO rally.task.runner [-] Task 81471cbb-bd90-4145-aab3-b3aa8e6c2e86 | ITER: 3 START
2020-04-24 22:00:27.418 1201 RALLYDEBUG rally.task.utils [-] Waiting for resource u'f5f6f358-b1fd-4556-b2fc-8448ab2d76f9'. Status changed: NONE => QUEUED in 0.0708799362183
2020-04-24 22:00:27.434 1202 RALLYDEBUG rally.task.utils [-] Waiting for resource u'daedd4b8-d43f-44e7-80b6-38b0a4ba25c7'. Status changed: NONE => QUEUED in 0.0674879550934
2020-04-24 22:00:27.569 1203 RALLYDEBUG rally.task.utils [-] Waiting for resource u'f4e7cfa8-b890-499a-aef9-18874b1542e4'. Status changed: NONE => QUEUED in 0.0681431293488
2020-04-24 22:00:27.586 1204 RALLYDEBUG rally.task.utils [-] Waiting for resource u'd3218fbd-de30-4f41-b400-a5be663475db'. Status changed: NONE => QUEUED in 0.0702848434448
2020-04-24 22:00:28.903 1201 RALLYDEBUG rally.task.utils [-] Waiting for resource s_rally_27a0a804_qDFqrULM. Status changed: QUEUED => ACTIVE in 0.0676381587982
2020-04-24 22:00:28.911 1201 DEBUG novaclient.v2.client [-] REQ: curl -g -i -X POST http://compute-airship.intel-pod15.opnfv.org/v2.1/servers -H "Accept: application/json" -H "Content-Type: application/json" -H "User-Agent: python-novaclient" -H "X-Auth-Token: {SHA1}cd8e109be8c14b5c2cc33b22a9a2086e0655b371" -d '{"server": {"name": "s_rally_27a0a804_GcaNQg33_0", "imageRef": "f5f6f358-b1fd-4556-b2fc-8448ab2d76f9", "flavorRef": "bb595cd5-ef54-4c98-bbbf-1338c43c075f", "max_count": 1, "min_count": 1, "networks": [{"uuid": "6dcf49d1-06a4-4061-84a6-22058588a13b"}]}}' _http_log_request /usr/lib/python2.7/site-packages/keystoneauth1/session.py:448
2020-04-24 22:00:28.952 1202 RALLYDEBUG rally.task.utils [-] Waiting for resource s_rally_27a0a804_hOgQYiKX. Status changed: QUEUED => ACTIVE in 0.0329539775848
2020-04-24 22:00:28.959 1202 DEBUG novaclient.v2.client [-] REQ: curl -g -i -X POST http://compute-airship.intel-pod15.opnfv.org/v2.1/servers -H "Accept: application/json" -H "Content-Type: application/json" -H "User-Agent: python-novaclient" -H "X-Auth-Token: {SHA1}d52c74fed241b39abcb51538e356e1629c8a8bad" -d '{"server": {"name": "s_rally_27a0a804_1bUj8NLb_0", "imageRef": "daedd4b8-d43f-44e7-80b6-38b0a4ba25c7", "flavorRef": "bb595cd5-ef54-4c98-bbbf-1338c43c075f", "max_count": 1, "min_count": 1, "networks": [{"uuid": "6dcf49d1-06a4-4061-84a6-22058588a13b"}]}}' _http_log_request /usr/lib/python2.7/site-packages/keystoneauth1/session.py:448
2020-04-24 22:00:29.208 1204 RALLYDEBUG rally.task.utils [-] Waiting for resource s_rally_27a0a804_BjY48cmz. Status changed: QUEUED => ACTIVE in 0.0331790447235
2020-04-24 22:00:29.215 1204 DEBUG novaclient.v2.client [-] REQ: curl -g -i -X POST http://compute-airship.intel-pod15.opnfv.org/v2.1/servers -H "Accept: application/json" -H "Content-Type: application/json" -H "User-Agent: python-novaclient" -H "X-Auth-Token: {SHA1}3c509a9b2c8908461aeb43b8838cd5c6df0e45b4" -d '{"server": {"name": "s_rally_27a0a804_N17aVikP_0", "imageRef": "d3218fbd-de30-4f41-b400-a5be663475db", "flavorRef": "bb595cd5-ef54-4c98-bbbf-1338c43c075f", "max_count": 1, "min_count": 1, "networks": [{"uuid": "6dcf49d1-06a4-4061-84a6-22058588a13b"}]}}' _http_log_request /usr/lib/python2.7/site-packages/keystoneauth1/session.py:448
2020-04-24 22:00:29.403 1203 RALLYDEBUG rally.task.utils [-] Waiting for resource s_rally_27a0a804_M6KR172M. Status changed: QUEUED => ACTIVE in 0.0940878391266
2020-04-24 22:00:29.410 1203 DEBUG novaclient.v2.client [-] REQ: curl -g -i -X POST http://compute-airship.intel-pod15.opnfv.org/v2.1/servers -H "Accept: application/json" -H "Content-Type: application/json" -H "User-Agent: python-novaclient" -H "X-Auth-Token: {SHA1}4f30919616d0b54e8ef8b9cd9ca3d509d695afa9" -d '{"server": {"name": "s_rally_27a0a804_g2timGCC_0", "imageRef": "f4e7cfa8-b890-499a-aef9-18874b1542e4", "flavorRef": "bb595cd5-ef54-4c98-bbbf-1338c43c075f", "max_count": 1, "min_count": 1, "networks": [{"uuid": "6dcf49d1-06a4-4061-84a6-22058588a13b"}]}}' _http_log_request /usr/lib/python2.7/site-packages/keystoneauth1/session.py:448
2020-04-24 22:00:31.359 1202 DEBUG novaclient.v2.client [-] RESP: [202] Connection: keep-alive Content-Length: 416 Content-Type: application/json Date: Fri, 24 Apr 2020 22:00:31 GMT Location: http://compute-airship.intel-pod15.opnfv.org/v2.1/servers/65bf736b-4035-4cec-81f3-52450b84c884 Openstack-Api-Version: compute 2.1 Vary: OpenStack-API-Version, X-OpenStack-Nova-API-Version X-Compute-Request-Id: req-cee6d3f3-7910-48e8-ac20-61b20ffbaad2 X-Openstack-Nova-Api-Version: 2.1 _http_log_response /usr/lib/python2.7/site-packages/keystoneauth1/session.py:479
2020-04-24 22:00:31.359 1202 DEBUG novaclient.v2.client [-] RESP BODY: {"server": {"security_groups": [{"name": "default"}], "OS-DCF:diskConfig": "MANUAL", "id": "65bf736b-4035-4cec-81f3-52450b84c884", "links": [{"href": "http://compute-airship.intel-pod15.opnfv.org/v2.1/servers/65bf736b-4035-4cec-81f3-52450b84c884", "rel": "self"}, {"href": "http://compute-airship.intel-pod15.opnfv.org/servers/65bf736b-4035-4cec-81f3-52450b84c884", "rel": "bookmark"}], "adminPass": "BpUCWFk5sgWr"}} _http_log_response /usr/lib/python2.7/site-packages/keystoneauth1/session.py:511
2020-04-24 22:00:31.360 1202 DEBUG novaclient.v2.client [-] POST call to compute for http://compute-airship.intel-pod15.opnfv.org/v2.1/servers used request id req-cee6d3f3-7910-48e8-ac20-61b20ffbaad2 request /usr/lib/python2.7/site-packages/keystoneauth1/session.py:844
2020-04-24 22:00:31.362 1202 DEBUG novaclient.v2.client [-] REQ: curl -g -i -X POST http://compute-airship.intel-pod15.opnfv.org/v2.1/servers -H "Accept: application/json" -H "Content-Type: application/json" -H "User-Agent: python-novaclient" -H "X-Auth-Token: {SHA1}d52c74fed241b39abcb51538e356e1629c8a8bad" -d '{"server": {"name": "s_rally_27a0a804_1bUj8NLb_1", "imageRef": "daedd4b8-d43f-44e7-80b6-38b0a4ba25c7", "flavorRef": "bb595cd5-ef54-4c98-bbbf-1338c43c075f", "max_count": 1, "min_count": 1, "networks": [{"uuid": "6dcf49d1-06a4-4061-84a6-22058588a13b"}]}}' _http_log_request /usr/lib/python2.7/site-packages/keystoneauth1/session.py:448
2020-04-24 22:00:31.428 1204 DEBUG novaclient.v2.client [-] RESP: [202] Connection: keep-alive Content-Length: 416 Content-Type: application/json Date: Fri, 24 Apr 2020 22:00:31 GMT Location: http://compute-airship.intel-pod15.opnfv.org/v2.1/servers/841c92b4-08ad-47af-bd43-84987b9e4cab Openstack-Api-Version: compute 2.1 Vary: OpenStack-API-Version, X-OpenStack-Nova-API-Version X-Compute-Request-Id: req-a6912fed-2f55-46b1-b990-9235eb3045ca X-Openstack-Nova-Api-Version: 2.1 _http_log_response /usr/lib/python2.7/site-packages/keystoneauth1/session.py:479
2020-04-24 22:00:31.428 1204 DEBUG novaclient.v2.client [-] RESP BODY: {"server": {"security_groups": [{"name": "default"}], "OS-DCF:diskConfig": "MANUAL", "id": "841c92b4-08ad-47af-bd43-84987b9e4cab", "links": [{"href": "http://compute-airship.intel-pod15.opnfv.org/v2.1/servers/841c92b4-08ad-47af-bd43-84987b9e4cab", "rel": "self"}, {"href": "http://compute-airship.intel-pod15.opnfv.org/servers/841c92b4-08ad-47af-bd43-84987b9e4cab", "rel": "bookmark"}], "adminPass": "R3sdr2aJeWKo"}} _http_log_response /usr/lib/python2.7/site-packages/keystoneauth1/session.py:511
2020-04-24 22:00:31.429 1204 DEBUG novaclient.v2.client [-] POST call to compute for http://compute-airship.intel-pod15.opnfv.org/v2.1/servers used request id req-a6912fed-2f55-46b1-b990-9235eb3045ca request /usr/lib/python2.7/site-packages/keystoneauth1/session.py:844
2020-04-24 22:00:31.431 1204 DEBUG novaclient.v2.client [-] REQ: curl -g -i -X POST http://compute-airship.intel-pod15.opnfv.org/v2.1/servers -H "Accept: application/json" -H "Content-Type: application/json" -H "User-Agent: python-novaclient" -H "X-Auth-Token: {SHA1}3c509a9b2c8908461aeb43b8838cd5c6df0e45b4" -d '{"server": {"name": "s_rally_27a0a804_N17aVikP_1", "imageRef": "d3218fbd-de30-4f41-b400-a5be663475db", "flavorRef": "bb595cd5-ef54-4c98-bbbf-1338c43c075f", "max_count": 1, "min_count": 1, "networks": [{"uuid": "6dcf49d1-06a4-4061-84a6-22058588a13b"}]}}' _http_log_request /usr/lib/python2.7/site-packages/keystoneauth1/session.py:448
2020-04-24 22:00:31.789 1201 DEBUG novaclient.v2.client [-] RESP: [202] Connection: keep-alive Content-Length: 416 Content-Type: application/json Date: Fri, 24 Apr 2020 22:00:31 GMT Location: http://compute-airship.intel-pod15.opnfv.org/v2.1/servers/e83e7f8f-4645-4903-bb9b-9865fbc4c074 Openstack-Api-Version: compute 2.1 Vary: OpenStack-API-Version, X-OpenStack-Nova-API-Version X-Compute-Request-Id: req-6f89714d-f225-4671-8a51-af1027417393 X-Openstack-Nova-Api-Version: 2.1 _http_log_response /usr/lib/python2.7/site-packages/keystoneauth1/session.py:479
2020-04-24 22:00:31.789 1201 DEBUG novaclient.v2.client [-] RESP BODY: {"server": {"security_groups": [{"name": "default"}], "OS-DCF:diskConfig": "MANUAL", "id": "e83e7f8f-4645-4903-bb9b-9865fbc4c074", "links": [{"href": "http://compute-airship.intel-pod15.opnfv.org/v2.1/servers/e83e7f8f-4645-4903-bb9b-9865fbc4c074", "rel": "self"}, {"href": "http://compute-airship.intel-pod15.opnfv.org/servers/e83e7f8f-4645-4903-bb9b-9865fbc4c074", "rel": "bookmark"}], "adminPass": "XaE56DuBYEZL"}} _http_log_response /usr/lib/python2.7/site-packages/keystoneauth1/session.py:511
2020-04-24 22:00:31.790 1201 DEBUG novaclient.v2.client [-] POST call to compute for http://compute-airship.intel-pod15.opnfv.org/v2.1/servers used request id req-6f89714d-f225-4671-8a51-af1027417393 request /usr/lib/python2.7/site-packages/keystoneauth1/session.py:844
2020-04-24 22:00:31.792 1201 DEBUG novaclient.v2.client [-] REQ: curl -g -i -X POST http://compute-airship.intel-pod15.opnfv.org/v2.1/servers -H "Accept: application/json" -H "Content-Type: application/json" -H "User-Agent: python-novaclient" -H "X-Auth-Token: {SHA1}cd8e109be8c14b5c2cc33b22a9a2086e0655b371" -d '{"server": {"name": "s_rally_27a0a804_GcaNQg33_1", "imageRef": "f5f6f358-b1fd-4556-b2fc-8448ab2d76f9", "flavorRef": "bb595cd5-ef54-4c98-bbbf-1338c43c075f", "max_count": 1, "min_count": 1, "networks": [{"uuid": "6dcf49d1-06a4-4061-84a6-22058588a13b"}]}}' _http_log_request /usr/lib/python2.7/site-packages/keystoneauth1/session.py:448
2020-04-24 22:00:32.006 1203 DEBUG novaclient.v2.client [-] RESP: [202] Connection: keep-alive Content-Length: 416 Content-Type: application/json Date: Fri, 24 Apr 2020 22:00:32 GMT Location: http://compute-airship.intel-pod15.opnfv.org/v2.1/servers/06ce3868-a414-4973-be68-eece76153a14 Openstack-Api-Version: compute 2.1 Vary: OpenStack-API-Version, X-OpenStack-Nova-API-Version X-Compute-Request-Id: req-bcdbbf4b-2690-4dc0-96ee-82632d5aebf4 X-Openstack-Nova-Api-Version: 2.1 _http_log_response /usr/lib/python2.7/site-packages/keystoneauth1/session.py:479
2020-04-24 22:00:32.006 1203 DEBUG novaclient.v2.client [-] RESP BODY: {"server": {"security_groups": [{"name": "default"}], "OS-DCF:diskConfig": "MANUAL", "id": "06ce3868-a414-4973-be68-eece76153a14", "links": [{"href": "http://compute-airship.intel-pod15.opnfv.org/v2.1/servers/06ce3868-a414-4973-be68-eece76153a14", "rel": "self"}, {"href": "http://compute-airship.intel-pod15.opnfv.org/servers/06ce3868-a414-4973-be68-eece76153a14", "rel": "bookmark"}], "adminPass": "6usXbnFb8QTx"}} _http_log_response /usr/lib/python2.7/site-packages/keystoneauth1/session.py:511
2020-04-24 22:00:32.007 1203 DEBUG novaclient.v2.client [-] POST call to compute for http://compute-airship.intel-pod15.opnfv.org/v2.1/servers used request id req-bcdbbf4b-2690-4dc0-96ee-82632d5aebf4 request /usr/lib/python2.7/site-packages/keystoneauth1/session.py:844
2020-04-24 22:00:32.009 1203 DEBUG novaclient.v2.client [-] REQ: curl -g -i -X POST http://compute-airship.intel-pod15.opnfv.org/v2.1/servers -H "Accept: application/json" -H "Content-Type: application/json" -H "User-Agent: python-novaclient" -H "X-Auth-Token: {SHA1}4f30919616d0b54e8ef8b9cd9ca3d509d695afa9" -d '{"server": {"name": "s_rally_27a0a804_g2timGCC_1", "imageRef": "f4e7cfa8-b890-499a-aef9-18874b1542e4", "flavorRef": "bb595cd5-ef54-4c98-bbbf-1338c43c075f", "max_count": 1, "min_count": 1, "networks": [{"uuid": "6dcf49d1-06a4-4061-84a6-22058588a13b"}]}}' _http_log_request /usr/lib/python2.7/site-packages/keystoneauth1/session.py:448
