2020-04-07 20:51:03.622 1715 ERROR rally_openstack.cleanup.manager
File "/usr/lib/python2.7/site-packages/heatclient/common/http.py", line 323, in request
2020-04-07 20:51:03.622 1715 ERROR rally_openstack.cleanup.manager raise exc.from_response(resp)
2020-04-07 20:51:03.622 1715 ERROR rally_openstack.cleanup.manager HTTPNotFound: ERROR: The Stack (s_rally_3ccb1f7f_hMdmnRgA) could not be found.
2020-04-07 20:51:03.622 1715 ERROR rally_openstack.cleanup.manager
2020-04-07 20:51:03.624 1715 INFO rally.task.context [-] Task 259d02de-aa55-42b1-bbae-afdf789ca51c | Context cleanup@openstack cleanup() finished in 7.73 sec
2020-04-07 20:51:03.625 1715 INFO rally.task.context [-] Task 259d02de-aa55-42b1-bbae-afdf789ca51c | Context roles@openstack cleanup() started
2020-04-07 20:51:03.625 1715 RALLYDEBUG rally_openstack.contexts.keystone.roles [-] Removing assigned role f2190d6da94b4ebcb6b61d255bd2e0e5 from all users
2020-04-07 20:51:05.859 1715 INFO rally.task.context [-] Task 259d02de-aa55-42b1-bbae-afdf789ca51c | Context roles@openstack cleanup() finished in 2.23 sec
2020-04-07 20:51:05.859 1715 INFO rally.task.context [-] Task 259d02de-aa55-42b1-bbae-afdf789ca51c | Context users@openstack cleanup() started
2020-04-07 20:52:13.551 1715 INFO rally.task.context [-] Task 259d02de-aa55-42b1-bbae-afdf789ca51c | Context users@openstack cleanup() finished in 1.13 min
2020-04-07 20:52:13.686 1715 INFO rally.task.engine [-] Load duration is: 80.59686
2020-04-07 20:52:13.687 1715 INFO rally.task.engine [-] Full runner duration is: 84.642429
2020-04-07 20:52:13.687 1715 INFO rally.task.engine [-] Full duration is: 168.505117
2020-04-07 20:52:13.730 1715 INFO rally.task.engine [-] Running workload: position = 1 config = { "version": 2, "title": "A cropped version of a bigger task.", "description": "Auto-generated task from a single workload (uuid=f9801a7c-64b8-4d3f-bd41-cfa2dd6298d6)", "subtasks": [ { "title": "HeatStacks.create_update_delete_stack", "description": "Create, update and then delete a stack.", "scenario": { "HeatStacks.create_update_delete_stack": { "template_path": "/usr/lib/python2.7/site-packages/functest/opnfv_tests/openstack/rally/scenario/templates/random_strings.yaml.template", "updated_template_path": "/usr/lib/python2.7/site-packages/functest/opnfv_tests/openstack/rally/scenario/templates/updated_random_strings_delete.yaml.template" } }, "contexts": { "users": { "tenants": 3, "users_per_tenant": 2 }, "roles": [ "heat_stack_owner" ] }, "runner": { "constant": { "concurrency": 4, "times": 10 } }, "hooks": [], "sla": { "failure_rate": { "max": 0 } } } ] }
2020-04-07 20:52:13.769 1715 RALLYDEBUG rally_openstack.contexts.keystone.users [-] Creating 3 tenants using 20 threads
2020-04-07 20:52:14.492 1715 RALLYDEBUG rally_openstack.contexts.keystone.users [-] Creating 6 users using 20 threads
2020-04-07 20:52:17.232 1715 INFO rally.task.context [-] Task 259d02de-aa55-42b1-bbae-afdf789ca51c | Context users@openstack setup() finished in 3.46 sec
2020-04-07 20:52:17.489 1715 RALLYDEBUG rally_openstack.contexts.keystone.roles [-] Adding role heat_stack_owner having ID f2190d6da94b4ebcb6b61d255bd2e0e5 to all users using 30 threads
2020-04-07 20:52:20.419 1715 INFO rally.task.context [-] Task 259d02de-aa55-42b1-bbae-afdf789ca51c | Context roles@openstack setup() finished in 3.19 sec
2020-04-07 20:52:20.420 1715 INFO rally.task.context [-] Task 259d02de-aa55-42b1-bbae-afdf789ca51c | Context cleanup@openstack setup() finished in 0.02 msec
2020-04-07 20:52:20.431 1715 RALLYDEBUG rally.task.runner [-] Starting the constant runner (task UUID: 259d02de-aa55-42b1-bbae-afdf789ca51c). timeout: 0 concurrency: 4 concurrency_per_worker: 1 times: 10 concurrency_overhead: 0 processes_to_start: 4 max_cpu_used: 88
2020-04-07 20:52:20.444 3509 RALLYDEBUG rally.task.runner [-] Starting a worker. concurrency: 1 args: {"template_path": "heat_template_version: 2014-10-16\n\ndescription: Test template for rally create-update-delete scenario\n\nresources:\n test_string_one:\n type: OS::Heat::RandomString\n properties:\n length: 20\n test_string_two:\n type: OS::Heat::RandomString\n properties:\n length: 20", "updated_template_path": "heat_template_version: 2014-10-16\n\ndescription: >\n Test template for create-update-delete-stack scenario in rally.\n The template deletes one resource from the stack defined by random_strings.yaml.template.\n\nresources:\n test_string_one:\n type: OS::Heat::RandomString\n properties:\n length: 20"} times: 10 method_name: run timeout: 0 duration: None cls:
2020-04-07 20:52:20.447 3510 RALLYDEBUG rally.task.runner [-] Starting a worker. concurrency: 1 args: {"template_path": "heat_template_version: 2014-10-16\n\ndescription: Test template for rally create-update-delete scenario\n\nresources:\n test_string_one:\n type: OS::Heat::RandomString\n properties:\n length: 20\n test_string_two:\n type: OS::Heat::RandomString\n properties:\n length: 20", "updated_template_path": "heat_template_version: 2014-10-16\n\ndescription: >\n Test template for create-update-delete-stack scenario in rally.\n The template deletes one resource from the stack defined by random_strings.yaml.template.\n\nresources:\n test_string_one:\n type: OS::Heat::RandomString\n properties:\n length: 20"} times: 10 method_name: run timeout: 0 duration: None cls:
2020-04-07 20:52:20.450 3511 RALLYDEBUG rally.task.runner [-] Starting a worker. concurrency: 1 args: {"template_path": "heat_template_version: 2014-10-16\n\ndescription: Test template for rally create-update-delete scenario\n\nresources:\n test_string_one:\n type: OS::Heat::RandomString\n properties:\n length: 20\n test_string_two:\n type: OS::Heat::RandomString\n properties:\n length: 20", "updated_template_path": "heat_template_version: 2014-10-16\n\ndescription: >\n Test template for create-update-delete-stack scenario in rally.\n The template deletes one resource from the stack defined by random_strings.yaml.template.\n\nresources:\n test_string_one:\n type: OS::Heat::RandomString\n properties:\n length: 20"} times: 10 method_name: run timeout: 0 duration: None cls:
2020-04-07 20:52:20.452 3509 INFO rally.task.runner [-] Task 259d02de-aa55-42b1-bbae-afdf789ca51c | ITER: 1 START
2020-04-07 20:52:20.455 3510 INFO rally.task.runner [-] Task 259d02de-aa55-42b1-bbae-afdf789ca51c | ITER: 2 START
2020-04-07 20:52:20.457 3511 INFO rally.task.runner [-] Task 259d02de-aa55-42b1-bbae-afdf789ca51c | ITER: 3 START
2020-04-07 20:52:20.460 3512 RALLYDEBUG rally.task.runner [-] Starting a worker. concurrency: 1 args: {"template_path": "heat_template_version: 2014-10-16\n\ndescription: Test template for rally create-update-delete scenario\n\nresources:\n test_string_one:\n type: OS::Heat::RandomString\n properties:\n length: 20\n test_string_two:\n type: OS::Heat::RandomString\n properties:\n length: 20", "updated_template_path": "heat_template_version: 2014-10-16\n\ndescription: >\n Test template for create-update-delete-stack scenario in rally.\n The template deletes one resource from the stack defined by random_strings.yaml.template.\n\nresources:\n test_string_one:\n type: OS::Heat::RandomString\n properties:\n length: 20"} times: 10 method_name: run timeout: 0 duration: None cls:
2020-04-07 20:52:20.467 3512 INFO rally.task.runner [-] Task 259d02de-aa55-42b1-bbae-afdf789ca51c | ITER: 4 START
2020-04-07 20:52:28.575 3509 RALLYDEBUG rally.task.utils [-] Waiting for resource . Status changed: CREATE_IN_PROGRESS => CREATE_COMPLETE in 4.45992517471
2020-04-07 20:52:30.263 3510 RALLYDEBUG rally.task.utils [-] Waiting for resource . Status changed: CREATE_IN_PROGRESS => CREATE_COMPLETE in 5.56846404076
2020-04-07 20:52:31.916 3509 RALLYDEBUG rally.task.utils [-] Waiting for resource . Status changed: CREATE_COMPLETE => UPDATE_IN_PROGRESS in 0.10005903244
2020-04-07 20:52:33.888 3512 RALLYDEBUG rally.task.utils [-] Waiting for resource . Status changed: CREATE_IN_PROGRESS => CREATE_COMPLETE in 7.79649090767
2020-04-07 20:52:34.098 3511 RALLYDEBUG rally.task.utils [-] Waiting for resource . Status changed: CREATE_IN_PROGRESS => CREATE_COMPLETE in 8.89773488045
2020-04-07 20:52:36.660 3510 RALLYDEBUG rally.task.utils [-] Waiting for resource . Status changed: CREATE_COMPLETE => UPDATE_IN_PROGRESS in 0.0952708721161
2020-04-07 20:52:37.697 3511 RALLYDEBUG rally.task.utils [-] Waiting for resource . Status changed: CREATE_COMPLETE => UPDATE_IN_PROGRESS in 0.108180046082
2020-04-07 20:52:37.721 3512 RALLYDEBUG rally.task.utils [-] Waiting for resource . Status changed: CREATE_COMPLETE => UPDATE_IN_PROGRESS in 0.0881028175354
2020-04-07 20:52:40.686 3509 RALLYDEBUG rally.task.utils [-] Waiting for resource . Status changed: UPDATE_IN_PROGRESS => UPDATE_COMPLETE in 8.76991486549
2020-04-07 20:52:40.844 3509 RALLYDEBUG rally.task.utils [-] Waiting for resource . Status changed: CREATE_COMPLETE => UPDATE_COMPLETE in 0.0895149707794
2020-04-07 20:52:43.046 3509 RALLYDEBUG rally.task.utils [-] Waiting for resource . Status changed: UPDATE_COMPLETE => DELETE_IN_PROGRESS in 2.20142292976
2020-04-07 20:52:43.220 3510 RALLYDEBUG rally.task.utils [-] Waiting for resource . Status changed: UPDATE_IN_PROGRESS => UPDATE_COMPLETE in 6.56019806862
2020-04-07 20:52:43.375 3510 RALLYDEBUG rally.task.utils [-] Waiting for resource . Status changed: CREATE_COMPLETE => UPDATE_COMPLETE in 0.0860722064972
2020-04-07 20:52:45.574 3510 RALLYDEBUG rally.task.utils [-] Waiting for resource . Status changed: UPDATE_COMPLETE => DELETE_IN_PROGRESS in 2.19939494133
2020-04-07 20:52:46.450 3511 RALLYDEBUG rally.task.utils [-] Waiting for resource . Status changed: UPDATE_IN_PROGRESS => UPDATE_COMPLETE in 8.7530040741
2020-04-07 20:52:46.459 3512 RALLYDEBUG rally.task.utils [-] Waiting for resource . Status changed: UPDATE_IN_PROGRESS => UPDATE_COMPLETE in 8.73744606972
2020-04-07 20:52:46.595 3512 RALLYDEBUG rally.task.utils [-] Waiting for resource . Status changed: CREATE_COMPLETE => UPDATE_COMPLETE in 0.0844049453735
2020-04-07 20:52:46.597 3511 RALLYDEBUG rally.task.utils [-] Waiting for resource . Status changed: CREATE_COMPLETE => UPDATE_COMPLETE in 0.0929970741272
2020-04-07 20:52:47.685 3511 RALLYDEBUG rally.task.utils [-] Waiting for resource . Status changed: UPDATE_COMPLETE => DELETE_IN_PROGRESS in 1.08893299103
2020-04-07 20:52:47.695 3512 RALLYDEBUG rally.task.utils [-] Waiting for resource . Status changed: UPDATE_COMPLETE => DELETE_IN_PROGRESS in 1.09895896912
2020-04-07 20:52:49.718 3509 INFO rally.task.runner [-] Task 259d02de-aa55-42b1-bbae-afdf789ca51c | ITER: 1 END: OK
2020-04-07 20:52:49.726 3509 INFO rally.task.runner [-] Task 259d02de-aa55-42b1-bbae-afdf789ca51c | ITER: 5 START
2020-04-07 20:52:51.011 3510 INFO rally.task.runner [-] Task 259d02de-aa55-42b1-bbae-afdf789ca51c | ITER: 2 END: OK
2020-04-07 20:52:51.019 3510 INFO rally.task.runner [-] Task 259d02de-aa55-42b1-bbae-afdf789ca51c | ITER: 6 START
2020-04-07 20:52:53.150 3512 INFO rally.task.runner [-] Task 259d02de-aa55-42b1-bbae-afdf789ca51c | ITER: 4 END: OK
2020-04-07 20:52:53.158 3512 INFO rally.task.runner [-] Task 259d02de-aa55-42b1-bbae-afdf789ca51c | ITER: 7 START
2020-04-07 20:52:53.159 3511 INFO rally.task.runner [-] Task 259d02de-aa55-42b1-bbae-afdf789ca51c | ITER: 3 END: OK
2020-04-07 20:52:53.165 3511 INFO rally.task.runner [-] Task 259d02de-aa55-42b1-bbae-afdf789ca51c | ITER: 8 START
2020-04-07 20:53:02.066 3509 RALLYDEBUG rally.task.utils [-] Waiting for resource . Status changed: CREATE_IN_PROGRESS => CREATE_COMPLETE in 6.67049312592
2020-04-07 20:53:05.299 3509 RALLYDEBUG rally.task.utils [-] Waiting for resource . Status changed: CREATE_COMPLETE => UPDATE_IN_PROGRESS in 0.0963652133942
2020-04-07 20:53:06.851 3510 RALLYDEBUG rally.task.utils [-] Waiting for resource . Status changed: CREATE_IN_PROGRESS => CREATE_COMPLETE in 6.6498568058
2020-04-07 20:53:09.705 3512 RALLYDEBUG rally.task.utils [-] Waiting for resource . Status changed: CREATE_IN_PROGRESS => CREATE_COMPLETE in 6.78611898422
2020-04-07 20:53:09.986 3511 RALLYDEBUG rally.task.utils [-] Waiting for resource . Status changed: CREATE_IN_PROGRESS => CREATE_COMPLETE in 6.66249513626
2020-04-07 20:53:10.841 3509 RALLYDEBUG rally.task.utils [-] Waiting for resource . Status changed: UPDATE_IN_PROGRESS => UPDATE_COMPLETE in 5.54256391525
2020-04-07 20:53:11.013 3509 RALLYDEBUG rally.task.utils [-] Waiting for resource . Status changed: CREATE_COMPLETE => UPDATE_COMPLETE in 0.121875047684
2020-04-07 20:53:11.128 3510 RALLYDEBUG rally.task.utils [-] Waiting for resource . Status changed: CREATE_COMPLETE => UPDATE_IN_PROGRESS in 0.0949599742889
2020-04-07 20:53:12.546 3512 RALLYDEBUG rally.task.utils [-] Waiting for resource . Status changed: CREATE_COMPLETE => UPDATE_IN_PROGRESS in 0.105294942856
2020-04-07 20:53:13.199 3509 RALLYDEBUG rally.task.utils [-] Waiting for resource . Status changed: UPDATE_COMPLETE => DELETE_IN_PROGRESS in 2.18588590622
2020-04-07 20:53:14.286 3511 RALLYDEBUG rally.task.utils [-] Waiting for resource . Status changed: CREATE_COMPLETE => UPDATE_IN_PROGRESS in 0.0891559123993
2020-04-07 20:53:15.509 3510 RALLYDEBUG rally.task.utils [-] Waiting for resource . Status changed: UPDATE_IN_PROGRESS => UPDATE_COMPLETE in 4.38093090057
2020-04-07 20:53:15.678 3510 RALLYDEBUG rally.task.utils [-] Waiting for resource . Status changed: CREATE_COMPLETE => UPDATE_COMPLETE in 0.102308988571
2020-04-07 20:53:16.766 3510 RALLYDEBUG rally.task.utils [-] Waiting for resource . Status changed: UPDATE_COMPLETE => DELETE_IN_PROGRESS in 1.08808803558
2020-04-07 20:53:17.571 3509 INFO rally.task.runner [-] Task 259d02de-aa55-42b1-bbae-afdf789ca51c | ITER: 5 END: OK
2020-04-07 20:53:17.577 3509 INFO rally.task.runner [-] Task 259d02de-aa55-42b1-bbae-afdf789ca51c | ITER: 9 START
2020-04-07 20:53:17.996 3512 RALLYDEBUG rally.task.utils [-] Waiting for resource . Status changed: UPDATE_IN_PROGRESS => UPDATE_COMPLETE in 5.45028710365
2020-04-07 20:53:18.131 3512 RALLYDEBUG rally.task.utils [-] Waiting for resource . Status changed: CREATE_COMPLETE => UPDATE_COMPLETE in 0.0797231197357
2020-04-07 20:53:18.687 3511 RALLYDEBUG rally.task.utils [-] Waiting for resource . Status changed: UPDATE_IN_PROGRESS => UPDATE_COMPLETE in 4.40162396431
2020-04-07 20:53:18.841 3511 RALLYDEBUG rally.task.utils [-] Waiting for resource . Status changed: CREATE_COMPLETE => UPDATE_COMPLETE in 0.091737985611
2020-04-07 20:53:20.333 3512 RALLYDEBUG rally.task.utils [-] Waiting for resource . Status changed: UPDATE_COMPLETE => DELETE_IN_PROGRESS in 2.20220589638
2020-04-07 20:53:21.001 3511 RALLYDEBUG rally.task.utils [-] Waiting for resource . Status changed: UPDATE_COMPLETE => DELETE_IN_PROGRESS in 2.15981316566
2020-04-07 20:53:22.275 3510 INFO rally.task.runner [-] Task 259d02de-aa55-42b1-bbae-afdf789ca51c | ITER: 6 END: OK
2020-04-07 20:53:22.281 3510 INFO rally.task.runner [-] Task 259d02de-aa55-42b1-bbae-afdf789ca51c | ITER: 10 START
2020-04-07 20:53:24.713 3512 INFO rally.task.runner [-] Task 259d02de-aa55-42b1-bbae-afdf789ca51c | ITER: 7 END: OK
2020-04-07 20:53:25.404 3511 INFO rally.task.runner [-] Task 259d02de-aa55-42b1-bbae-afdf789ca51c | ITER: 8 END: OK
2020-04-07 20:53:32.854 3509 RALLYDEBUG rally.task.utils [-] Waiting for resource . Status changed: CREATE_IN_PROGRESS => CREATE_COMPLETE in 7.76122784615
2020-04-07 20:53:34.393 3510 RALLYDEBUG rally.task.utils [-] Waiting for resource . Status changed: CREATE_IN_PROGRESS => CREATE_COMPLETE in 6.72283005714
2020-04-07 20:53:35.804 3509 RALLYDEBUG rally.task.utils [-] Waiting for resource . Status changed: CREATE_COMPLETE => UPDATE_IN_PROGRESS in 0.0912699699402
2020-04-07 20:53:36.900 3509 RALLYDEBUG rally.task.utils [-] Waiting for resource . Status changed: UPDATE_IN_PROGRESS => UPDATE_COMPLETE in 1.09612703323
2020-04-07 20:53:37.039 3509 RALLYDEBUG rally.task.utils [-] Waiting for resource . Status changed: CREATE_COMPLETE => UPDATE_COMPLETE in 0.0864589214325
2020-04-07 20:53:37.157 3510 RALLYDEBUG rally.task.utils [-] Waiting for resource . Status changed: CREATE_COMPLETE => UPDATE_IN_PROGRESS in 0.0962791442871
2020-04-07 20:53:38.143 3509 RALLYDEBUG rally.task.utils [-] Waiting for resource . Status changed: UPDATE_COMPLETE => DELETE_IN_PROGRESS in 1.10398793221
2020-04-07 20:53:38.243 3510 RALLYDEBUG rally.task.utils [-] Waiting for resource . Status changed: UPDATE_IN_PROGRESS => UPDATE_COMPLETE in 1.08606791496
2020-04-07 20:53:38.407 3510 RALLYDEBUG rally.task.utils [-] Waiting for resource . Status changed: CREATE_COMPLETE => UPDATE_COMPLETE in 0.0971479415894
2020-04-07 20:53:39.238 3509 INFO rally.task.runner [-] Task 259d02de-aa55-42b1-bbae-afdf789ca51c | ITER: 9 END: OK
2020-04-07 20:53:39.497 3510 INFO rally.task.runner [-] Task 259d02de-aa55-42b1-bbae-afdf789ca51c | ITER: 10 END: OK
2020-04-07 20:53:39.527 1715 INFO rally.task.context [-] Task 259d02de-aa55-42b1-bbae-afdf789ca51c | Context cleanup@openstack cleanup() started
2020-04-07 20:53:39.530 1715 RALLYDEBUG rally_openstack.cleanup.manager [-] Cleaning up heat stacks objects
2020-04-07 20:53:40.925 1715 RALLYDEBUG rally_openstack.cleanup.manager [-] Deleting heat.stacks object s_rally_f9801a7c_VUFALy1V (fd025d01-bb89-434f-aa4a-532b01450ba0)
2020-04-07 20:53:41.397 1715 ERROR rally_openstack.cleanup.manager [-] Resource deletion failed, max retries exceeded for heat.stacks: fd025d01-bb89-434f-aa4a-532b01450ba0.: HTTPNotFound: ERROR: The Stack (s_rally_f9801a7c_VUFALy1V) could not be found.
2020-04-07 20:53:41.397 1715 ERROR rally_openstack.cleanup.manager
Traceback (most recent call last):
2020-04-07 20:53:41.397 1715 ERROR rally_openstack.cleanup.manager
File "/usr/lib/python2.7/site-packages/rally_openstack/cleanup/manager.py", line 85, in _delete_single_resource
2020-04-07 20:53:41.397 1715 ERROR rally_openstack.cleanup.manager rutils.retry(resource._max_attempts, resource.delete)
2020-04-07 20:53:41.397 1715 ERROR rally_openstack.cleanup.manager
File "/usr/lib/python2.7/site-packages/rally/common/utils.py", line 230, in retry
2020-04-07 20:53:41.397 1715 ERROR rally_openstack.cleanup.manager return func(*args, **kwargs)
2020-04-07 20:53:41.397 1715 ERROR rally_openstack.cleanup.manager
File "/usr/lib/python2.7/site-packages/rally_openstack/cleanup/base.py", line 129, in delete
2020-04-07 20:53:41.397 1715 ERROR rally_openstack.cleanup.manager self._manager().delete(self.id())
2020-04-07 20:53:41.397 1715 ERROR rally_openstack.cleanup.manager
File "/usr/lib/python2.7/site-packages/heatclient/v1/stacks.py", line 201, in delete
2020-04-07 20:53:41.397 1715 ERROR rally_openstack.cleanup.manager self._delete("/stacks/%s" % stack_id)
2020-04-07 20:53:41.397 1715 ERROR rally_openstack.cleanup.manager
File "/usr/lib/python2.7/site-packages/heatclient/common/base.py", line 207, in _delete
2020-04-07 20:53:41.397 1715 ERROR rally_openstack.cleanup.manager return self.client.delete(url)
2020-04-07 20:53:41.397 1715 ERROR rally_openstack.cleanup.manager
File "/usr/lib/python2.7/site-packages/keystoneauth1/adapter.py", line 343, in delete
2020-04-07 20:53:41.397 1715 ERROR rally_openstack.cleanup.manager return self.request(url, 'DELETE', **kwargs)
2020-04-07 20:53:41.397 1715 ERROR rally_openstack.cleanup.manager
File "/usr/lib/python2.7/site-packages/heatclient/common/http.py", line 323, in request
2020-04-07 20:53:41.397 1715 ERROR rally_openstack.cleanup.manager raise exc.from_response(resp)
2020-04-07 20:53:41.397 1715 ERROR rally_openstack.cleanup.manager HTTPNotFound: ERROR: The Stack (s_rally_f9801a7c_VUFALy1V) could not be found.
2020-04-07 20:53:41.397 1715 ERROR rally_openstack.cleanup.manager
2020-04-07 20:53:41.400 1715 INFO rally.task.context [-] Task 259d02de-aa55-42b1-bbae-afdf789ca51c | Context cleanup@openstack cleanup() finished in 1.87 sec
2020-04-07 20:53:41.400 1715 INFO rally.task.context [-] Task 259d02de-aa55-42b1-bbae-afdf789ca51c | Context roles@openstack cleanup() started
2020-04-07 20:53:41.401 1715 RALLYDEBUG rally_openstack.contexts.keystone.roles [-] Removing assigned role f2190d6da94b4ebcb6b61d255bd2e0e5 from all users
2020-04-07 20:53:43.183 1715 INFO rally.task.context [-] Task 259d02de-aa55-42b1-bbae-afdf789ca51c | Context roles@openstack cleanup() finished in 1.78 sec
2020-04-07 20:53:43.183 1715 INFO rally.task.context [-] Task 259d02de-aa55-42b1-bbae-afdf789ca51c | Context users@openstack cleanup() started
2020-04-07 20:53:48.280 1715 INFO rally.task.context [-] Task 259d02de-aa55-42b1-bbae-afdf789ca51c | Context users@openstack cleanup() finished in 5.10 sec
2020-04-07 20:53:50.144 1715 INFO rally.task.engine [-] Load duration is: 75.044581
2020-04-07 20:53:50.144 1715 INFO rally.task.engine [-] Full runner duration is: 79.096201
2020-04-07 20:53:50.144 1715 INFO rally.task.engine [-] Full duration is: 94.514912
2020-04-07 20:53:50.189 1715 INFO rally.task.engine [-] Running workload: position = 2 config = { "version": 2, "title": "A cropped version of a bigger task.", "description": "Auto-generated task from a single workload (uuid=a74e864a-3b8a-403a-92c1-21df94b26aa7)", "subtasks": [ { "title": "HeatStacks.create_update_delete_stack", "description": "Create, update and then delete a stack.", "scenario": { "HeatStacks.create_update_delete_stack": { "template_path": "/usr/lib/python2.7/site-packages/functest/opnfv_tests/openstack/rally/scenario/templates/resource_group.yaml.template", "updated_template_path": "/usr/lib/python2.7/site-packages/functest/opnfv_tests/openstack/rally/scenario/templates/updated_resource_group_increase.yaml.template" } }, "contexts": { "users": { "tenants": 3, "users_per_tenant": 2 }, "roles": [ "heat_stack_owner" ] }, "runner": { "constant": { "concurrency": 4, "times": 10 } }, "hooks": [], "sla": { "failure_rate": { "max": 0 } } } ] }
2020-04-07 20:53:50.213 1715 RALLYDEBUG rally_openstack.contexts.keystone.users [-] Creating 3 tenants using 20 threads
2020-04-07 20:53:51.070 1715 RALLYDEBUG rally_openstack.contexts.keystone.users [-] Creating 6 users using 20 threads
2020-04-07 20:54:37.826 1715 INFO rally.task.context [-] Task 259d02de-aa55-42b1-bbae-afdf789ca51c | Context users@openstack setup() finished in 47.61 sec
2020-04-07 20:54:38.062 1715 RALLYDEBUG rally_openstack.contexts.keystone.roles [-] Adding role heat_stack_owner having ID f2190d6da94b4ebcb6b61d255bd2e0e5 to all users using 30 threads
2020-04-07 20:54:40.057 1715 INFO rally.task.context [-] Task 259d02de-aa55-42b1-bbae-afdf789ca51c | Context roles@openstack setup() finished in 2.23 sec
2020-04-07 20:54:40.057 1715 INFO rally.task.context [-] Task 259d02de-aa55-42b1-bbae-afdf789ca51c | Context cleanup@openstack setup() finished in 0.01 msec
2020-04-07 20:54:40.067 1715 RALLYDEBUG rally.task.runner [-] Starting the constant runner (task UUID: 259d02de-aa55-42b1-bbae-afdf789ca51c). timeout: 0 concurrency: 4 concurrency_per_worker: 1 times: 10 concurrency_overhead: 0 processes_to_start: 4 max_cpu_used: 88
2020-04-07 20:54:40.079 3693 RALLYDEBUG rally.task.runner [-] Starting a worker. concurrency: 1 args: {"template_path": "heat_template_version: 2014-10-16\n\ndescription: Test template for rally create-update-delete scenario\n\nresources:\n test_group:\n type: OS::Heat::ResourceGroup\n properties:\n count: 2\n resource_def:\n type: OS::Heat::RandomString\n properties:\n length: 20", "updated_template_path": "heat_template_version: 2014-10-16\n\ndescription: >\n Test template for create-update-delete-stack scenario in rally.\n The template updates one resource from the stack defined by resource_group.yaml.template\n and adds children resources to that resource.\n\nresources:\n test_group:\n type: OS::Heat::ResourceGroup\n properties:\n count: 3\n resource_def:\n type: OS::Heat::RandomString\n properties:\n length: 20"} times: 10 method_name: run timeout: 0 duration: None cls:
2020-04-07 20:54:40.082 3694 RALLYDEBUG rally.task.runner [-] Starting a worker. concurrency: 1 args: {"template_path": "heat_template_version: 2014-10-16\n\ndescription: Test template for rally create-update-delete scenario\n\nresources:\n test_group:\n type: OS::Heat::ResourceGroup\n properties:\n count: 2\n resource_def:\n type: OS::Heat::RandomString\n properties:\n length: 20", "updated_template_path": "heat_template_version: 2014-10-16\n\ndescription: >\n Test template for create-update-delete-stack scenario in rally.\n The template updates one resource from the stack defined by resource_group.yaml.template\n and adds children resources to that resource.\n\nresources:\n test_group:\n type: OS::Heat::ResourceGroup\n properties:\n count: 3\n resource_def:\n type: OS::Heat::RandomString\n properties:\n length: 20"} times: 10 method_name: run timeout: 0 duration: None cls:
2020-04-07 20:54:40.086 3693 INFO rally.task.runner [-] Task 259d02de-aa55-42b1-bbae-afdf789ca51c | ITER: 1 START
2020-04-07 20:54:40.088 3696 RALLYDEBUG rally.task.runner [-] Starting a worker. concurrency: 1 args: {"template_path": "heat_template_version: 2014-10-16\n\ndescription: Test template for rally create-update-delete scenario\n\nresources:\n test_group:\n type: OS::Heat::ResourceGroup\n properties:\n count: 2\n resource_def:\n type: OS::Heat::RandomString\n properties:\n length: 20", "updated_template_path": "heat_template_version: 2014-10-16\n\ndescription: >\n Test template for create-update-delete-stack scenario in rally.\n The template updates one resource from the stack defined by resource_group.yaml.template\n and adds children resources to that resource.\n\nresources:\n test_group:\n type: OS::Heat::ResourceGroup\n properties:\n count: 3\n resource_def:\n type: OS::Heat::RandomString\n properties:\n length: 20"} times: 10 method_name: run timeout: 0 duration: None cls:
2020-04-07 20:54:40.090 3694 INFO rally.task.runner [-] Task 259d02de-aa55-42b1-bbae-afdf789ca51c | ITER: 2 START
2020-04-07 20:54:40.095 3695 RALLYDEBUG rally.task.runner [-] Starting a worker. concurrency: 1 args: {"template_path": "heat_template_version: 2014-10-16\n\ndescription: Test template for rally create-update-delete scenario\n\nresources:\n test_group:\n type: OS::Heat::ResourceGroup\n properties:\n count: 2\n resource_def:\n type: OS::Heat::RandomString\n properties:\n length: 20", "updated_template_path": "heat_template_version: 2014-10-16\n\ndescription: >\n Test template for create-update-delete-stack scenario in rally.\n The template updates one resource from the stack defined by resource_group.yaml.template\n and adds children resources to that resource.\n\nresources:\n test_group:\n type: OS::Heat::ResourceGroup\n properties:\n count: 3\n resource_def:\n type: OS::Heat::RandomString\n properties:\n length: 20"} times: 10 method_name: run timeout: 0 duration: None cls:
2020-04-07 20:54:40.096 3696 INFO rally.task.runner [-] Task 259d02de-aa55-42b1-bbae-afdf789ca51c | ITER: 3 START
2020-04-07 20:54:40.102 3695 INFO rally.task.runner [-] Task 259d02de-aa55-42b1-bbae-afdf789ca51c | ITER: 4 START
2020-04-07 20:54:57.099 3693 RALLYDEBUG rally.task.utils [-] Waiting for resource . Status changed: CREATE_IN_PROGRESS => CREATE_COMPLETE in 13.2154610157
2020-04-07 20:54:57.379 3695 RALLYDEBUG rally.task.utils [-] Waiting for resource . Status changed: CREATE_IN_PROGRESS => CREATE_COMPLETE in 13.3642809391
2020-04-07 20:54:57.601 3694 RALLYDEBUG rally.task.utils [-] Waiting for resource . Status changed: CREATE_IN_PROGRESS => CREATE_COMPLETE in 13.2403359413
2020-04-07 20:54:57.981 3696 RALLYDEBUG rally.task.utils [-] Waiting for resource . Status changed: CREATE_IN_PROGRESS => CREATE_COMPLETE in 13.2736461163
2020-04-07 20:55:00.415 3693 RALLYDEBUG rally.task.utils [-] Waiting for resource . Status changed: CREATE_COMPLETE => UPDATE_IN_PROGRESS in 0.095535993576
2020-04-07 20:55:00.860 3695 RALLYDEBUG rally.task.utils [-] Waiting for resource . Status changed: CREATE_COMPLETE => UPDATE_IN_PROGRESS in 0.0953600406647
2020-04-07 20:55:01.050 3694 RALLYDEBUG rally.task.utils [-] Waiting for resource . Status changed: CREATE_COMPLETE => UPDATE_IN_PROGRESS in 0.0969970226288
2020-04-07 20:55:01.786 3696 RALLYDEBUG rally.task.utils [-] Waiting for resource . Status changed: CREATE_COMPLETE => UPDATE_IN_PROGRESS in 0.10343503952
2020-04-07 20:55:12.472 3693 RALLYDEBUG rally.task.utils [-] Waiting for resource . Status changed: UPDATE_IN_PROGRESS => UPDATE_COMPLETE in 12.0568959713
2020-04-07 20:55:12.627 3693 RALLYDEBUG rally.task.utils [-] Waiting for resource . Status changed: CREATE_COMPLETE => UPDATE_COMPLETE in 0.0897829532623
2020-04-07 20:55:12.973 3695 RALLYDEBUG rally.task.utils [-] Waiting for resource . Status changed: UPDATE_IN_PROGRESS => UPDATE_COMPLETE in 12.1123559475
2020-04-07 20:55:13.127 3695 RALLYDEBUG rally.task.utils [-] Waiting for resource . Status changed: CREATE_COMPLETE => UPDATE_COMPLETE in 0.0874230861664
2020-04-07 20:55:13.729 3693 RALLYDEBUG rally.task.utils [-] Waiting for resource . Status changed: UPDATE_COMPLETE => DELETE_IN_PROGRESS in 1.10131597519
2020-04-07 20:55:14.165 3694 RALLYDEBUG rally.task.utils [-] Waiting for resource . Status changed: UPDATE_IN_PROGRESS => UPDATE_COMPLETE in 13.1145498753
2020-04-07 20:55:14.222 3695 RALLYDEBUG rally.task.utils [-] Waiting for resource . Status changed: UPDATE_COMPLETE => DELETE_IN_PROGRESS in 1.09427309036
2020-04-07 20:55:14.312 3694 RALLYDEBUG rally.task.utils [-] Waiting for resource . Status changed: CREATE_COMPLETE => UPDATE_COMPLETE in 0.0873579978943
2020-04-07 20:55:14.896 3696 RALLYDEBUG rally.task.utils [-] Waiting for resource . Status changed: UPDATE_IN_PROGRESS => UPDATE_COMPLETE in 13.1101000309
2020-04-07 20:55:15.062 3696 RALLYDEBUG rally.task.utils [-] Waiting for resource . Status changed: CREATE_COMPLETE => UPDATE_COMPLETE in 0.0969860553741
2020-04-07 20:55:15.429 3694 RALLYDEBUG rally.task.utils [-] Waiting for resource . Status changed: UPDATE_COMPLETE => DELETE_IN_PROGRESS in 1.11719489098
2020-04-07 20:55:16.163 3696 RALLYDEBUG rally.task.utils [-] Waiting for resource . Status changed: UPDATE_COMPLETE => DELETE_IN_PROGRESS in 1.10095882416
2020-04-07 20:55:21.392 3693 INFO rally.task.runner [-] Task 259d02de-aa55-42b1-bbae-afdf789ca51c | ITER: 1 END: OK
2020-04-07 20:55:21.400 3693 INFO rally.task.runner [-] Task 259d02de-aa55-42b1-bbae-afdf789ca51c | ITER: 5 START
2020-04-07 20:55:22.727 3696 INFO rally.task.runner [-] Task 259d02de-aa55-42b1-bbae-afdf789ca51c | ITER: 3 END: OK
2020-04-07 20:55:22.734 3696 INFO rally.task.runner [-] Task 259d02de-aa55-42b1-bbae-afdf789ca51c | ITER: 6 START
2020-04-07 20:55:22.985 3695 INFO rally.task.runner [-] Task 259d02de-aa55-42b1-bbae-afdf789ca51c | ITER: 4 END: OK
2020-04-07 20:55:22.992 3695 INFO rally.task.runner [-] Task 259d02de-aa55-42b1-bbae-afdf789ca51c | ITER: 7 START
2020-04-07 20:55:23.106 3694 INFO rally.task.runner [-] Task 259d02de-aa55-42b1-bbae-afdf789ca51c | ITER: 2 END: OK
2020-04-07 20:55:23.112 3694 INFO rally.task.runner [-] Task 259d02de-aa55-42b1-bbae-afdf789ca51c | ITER: 8 START
2020-04-07 20:55:32.639 3693 RALLYDEBUG rally.task.utils [-] Waiting for resource . Status changed: CREATE_IN_PROGRESS => CREATE_COMPLETE in 6.66101312637
2020-04-07 20:55:35.712 3693 RALLYDEBUG rally.task.utils [-] Waiting for resource . Status changed: CREATE_COMPLETE => UPDATE_IN_PROGRESS in 0.0815680027008
2020-04-07 20:55:35.755 3695 RALLYDEBUG rally.task.utils [-] Waiting for resource . Status changed: CREATE_IN_PROGRESS => CREATE_COMPLETE in 7.74642515182
2020-04-07 20:55:36.792 3696 RALLYDEBUG rally.task.utils [-] Waiting for resource . Status changed: CREATE_IN_PROGRESS => CREATE_COMPLETE in 7.85254311562
2020-04-07 20:55:37.852 3694 RALLYDEBUG rally.task.utils [-] Waiting for resource . Status changed: CREATE_IN_PROGRESS => CREATE_COMPLETE in 7.81059288979
2020-04-07 20:55:38.240 3695 RALLYDEBUG rally.task.utils [-] Waiting for resource . Status changed: CREATE_COMPLETE => UPDATE_IN_PROGRESS in 0.09716796875
2020-04-07 20:55:39.886 3696 RALLYDEBUG rally.task.utils [-] Waiting for resource . Status changed: CREATE_COMPLETE => UPDATE_IN_PROGRESS in 0.0851278305054
2020-04-07 20:55:40.416 3694 RALLYDEBUG rally.task.utils [-] Waiting for resource . Status changed: CREATE_COMPLETE => UPDATE_IN_PROGRESS in 0.0926928520203
2020-04-07 20:55:44.497 3693 RALLYDEBUG rally.task.utils [-] Waiting for resource . Status changed: UPDATE_IN_PROGRESS => UPDATE_COMPLETE in 8.78502297401
2020-04-07 20:55:44.645 3693 RALLYDEBUG rally.task.utils [-] Waiting for resource . Status changed: CREATE_COMPLETE => UPDATE_COMPLETE in 0.0890648365021
2020-04-07 20:55:45.736 3693 RALLYDEBUG rally.task.utils [-] Waiting for resource . Status changed: UPDATE_COMPLETE => DELETE_IN_PROGRESS in 1.09068512917
2020-04-07 20:55:47.001 3695 RALLYDEBUG rally.task.utils [-] Waiting for resource . Status changed: UPDATE_IN_PROGRESS => UPDATE_COMPLETE in 8.76141405106
2020-04-07 20:55:47.151 3695 RALLYDEBUG rally.task.utils [-] Waiting for resource . Status changed: CREATE_COMPLETE => UPDATE_COMPLETE in 0.0919721126556
2020-04-07 20:55:47.561 3696 RALLYDEBUG rally.task.utils [-] Waiting for resource . Status changed: UPDATE_IN_PROGRESS => UPDATE_COMPLETE in 7.67466521263
2020-04-07 20:55:47.710 3696 RALLYDEBUG rally.task.utils [-] Waiting for resource . Status changed: CREATE_COMPLETE => UPDATE_COMPLETE in 0.0794370174408
2020-04-07 20:55:48.235 3695 RALLYDEBUG rally.task.utils [-] Waiting for resource . Status changed: UPDATE_COMPLETE => DELETE_IN_PROGRESS in 1.08444404602
2020-04-07 20:55:48.811 3696 RALLYDEBUG rally.task.utils [-] Waiting for resource . Status changed: UPDATE_COMPLETE => DELETE_IN_PROGRESS in 1.10127902031
2020-04-07 20:55:51.385 3694 RALLYDEBUG rally.task.utils [-] Waiting for resource . Status changed: UPDATE_IN_PROGRESS => UPDATE_COMPLETE in 10.968886137
2020-04-07 20:55:51.542 3694 RALLYDEBUG rally.task.utils [-] Waiting for resource . Status changed: CREATE_COMPLETE => UPDATE_COMPLETE in 0.0876080989838
2020-04-07 20:55:52.652 3694 RALLYDEBUG rally.task.utils [-] Waiting for resource . Status changed: UPDATE_COMPLETE => DELETE_IN_PROGRESS in 1.11014199257
2020-04-07 20:55:56.713 3693 INFO rally.task.runner [-] Task 259d02de-aa55-42b1-bbae-afdf789ca51c | ITER: 5 END: OK
2020-04-07 20:55:56.721 3693 INFO rally.task.runner [-] Task 259d02de-aa55-42b1-bbae-afdf789ca51c | ITER: 9 START
2020-04-07 20:55:57.594 3696 INFO rally.task.runner [-] Task 259d02de-aa55-42b1-bbae-afdf789ca51c | ITER: 6 END: OK
2020-04-07 20:55:57.600 3696 INFO rally.task.runner [-] Task 259d02de-aa55-42b1-bbae-afdf789ca51c | ITER: 10 START
2020-04-07 20:55:59.201 3695 INFO rally.task.runner [-] Task 259d02de-aa55-42b1-bbae-afdf789ca51c | ITER: 7 END: OK
2020-04-07 20:56:01.369 3694 INFO rally.task.runner [-] Task 259d02de-aa55-42b1-bbae-afdf789ca51c | ITER: 8 END: OK
2020-04-07 20:56:09.204 3693 RALLYDEBUG rally.task.utils [-] Waiting for resource . Status changed: CREATE_IN_PROGRESS => CREATE_COMPLETE in 7.76016998291
2020-04-07 20:56:11.091 3696 RALLYDEBUG rally.task.utils [-] Waiting for resource . Status changed: CREATE_IN_PROGRESS => CREATE_COMPLETE in 7.77941608429
2020-04-07 20:56:11.863 3693 RALLYDEBUG rally.task.utils [-] Waiting for resource . Status changed: CREATE_COMPLETE => UPDATE_IN_PROGRESS in 0.0833539962769
2020-04-07 20:56:13.800 3696 RALLYDEBUG rally.task.utils [-] Waiting for resource . Status changed: CREATE_COMPLETE => UPDATE_IN_PROGRESS in 0.0909719467163
2020-04-07 20:56:16.314 3693 RALLYDEBUG rally.task.utils [-] Waiting for resource . Status changed: UPDATE_IN_PROGRESS => UPDATE_COMPLETE in 4.45116305351
2020-04-07 20:56:16.466 3693 RALLYDEBUG rally.task.utils [-] Waiting for resource . Status changed: CREATE_COMPLETE => DELETE_IN_PROGRESS in 0.0966868400574
2020-04-07 20:56:20.377 3696 RALLYDEBUG rally.task.utils [-] Waiting for resource . Status changed: UPDATE_IN_PROGRESS => UPDATE_COMPLETE in 6.57631802559
2020-04-07 20:56:20.525 3696 RALLYDEBUG rally.task.utils [-] Waiting for resource . Status changed: CREATE_COMPLETE => UPDATE_COMPLETE in 0.0848801136017
2020-04-07 20:56:21.627 3696 RALLYDEBUG rally.task.utils [-] Waiting for resource . Status changed: UPDATE_COMPLETE => DELETE_IN_PROGRESS in 1.10177206993
2020-04-07 20:56:21.964 3693 INFO rally.task.runner [-] Task 259d02de-aa55-42b1-bbae-afdf789ca51c | ITER: 9 END: OK
2020-04-07 20:56:28.216 3696 INFO rally.task.runner [-] Task 259d02de-aa55-42b1-bbae-afdf789ca51c | ITER: 10 END: OK
2020-04-07 20:56:28.243 1715 INFO rally.task.context [-] Task 259d02de-aa55-42b1-bbae-afdf789ca51c | Context cleanup@openstack cleanup() started
2020-04-07 20:56:28.246 1715 RALLYDEBUG rally_openstack.cleanup.manager [-] Cleaning up heat stacks objects
2020-04-07 20:56:29.282 1715 INFO rally.task.context [-] Task 259d02de-aa55-42b1-bbae-afdf789ca51c | Context cleanup@openstack cleanup() finished in 1.04 sec
2020-04-07 20:56:29.283 1715 INFO rally.task.context [-] Task 259d02de-aa55-42b1-bbae-afdf789ca51c | Context roles@openstack cleanup() started
2020-04-07 20:56:29.283 1715 RALLYDEBUG rally_openstack.contexts.keystone.roles [-] Removing assigned role f2190d6da94b4ebcb6b61d255bd2e0e5 from all users
2020-04-07 20:56:44.965 1715 INFO rally.task.context [-] Task 259d02de-aa55-42b1-bbae-afdf789ca51c | Context roles@openstack cleanup() finished in 15.68 sec
2020-04-07 20:56:44.965 1715 INFO rally.task.context [-] Task 259d02de-aa55-42b1-bbae-afdf789ca51c | Context users@openstack cleanup() started
2020-04-07 20:57:16.112 1715 INFO rally.task.context [-] Task 259d02de-aa55-42b1-bbae-afdf789ca51c | Context users@openstack cleanup() finished in 31.15 sec
2020-04-07 20:57:16.987 1715 INFO rally.task.engine [-] Load duration is: 104.128199
2020-04-07 20:57:16.987 1715 INFO rally.task.engine [-] Full runner duration is: 108.176207
2020-04-07 20:57:16.988 1715 INFO rally.task.engine [-] Full duration is: 205.902791
2020-04-07 20:57:17.031 1715 INFO rally.task.engine [-] Running workload: position = 3 config = { "version": 2, "title": "A cropped version of a bigger task.", "description": "Auto-generated task from a single workload (uuid=d5e0b83c-5f10-44a3-96e4-3594f5c0c3d5)", "subtasks": [ { "title": "HeatStacks.create_update_delete_stack", "description": "Create, update and then delete a stack.", "scenario": { "HeatStacks.create_update_delete_stack": { "template_path": "/usr/lib/python2.7/site-packages/functest/opnfv_tests/openstack/rally/scenario/templates/autoscaling_policy.yaml.template", "updated_template_path": "/usr/lib/python2.7/site-packages/functest/opnfv_tests/openstack/rally/scenario/templates/updated_autoscaling_policy_inplace.yaml.template" } }, "contexts": { "users": { "tenants": 3, "users_per_tenant": 2 }, "roles": [ "heat_stack_owner" ] }, "runner": { "constant": { "concurrency": 4, "times": 10 } }, "hooks": [], "sla": { "failure_rate": { "max": 0 } } } ] }
2020-04-07 20:57:17.052 1715 RALLYDEBUG rally_openstack.contexts.keystone.users [-] Creating 3 tenants using 20 threads
2020-04-07 20:57:17.816 1715 RALLYDEBUG rally_openstack.contexts.keystone.users [-] Creating 6 users using 20 threads
2020-04-07 20:57:20.485 1715 INFO rally.task.context [-] Task 259d02de-aa55-42b1-bbae-afdf789ca51c | Context users@openstack setup() finished in 3.43 sec
2020-04-07 20:57:20.704 1715 RALLYDEBUG rally_openstack.contexts.keystone.roles [-] Adding role heat_stack_owner having ID f2190d6da94b4ebcb6b61d255bd2e0e5 to all users using 30 threads
2020-04-07 20:57:22.788 1715 INFO rally.task.context [-] Task 259d02de-aa55-42b1-bbae-afdf789ca51c | Context roles@openstack setup() finished in 2.30 sec
2020-04-07 20:57:22.789 1715 INFO rally.task.context [-] Task 259d02de-aa55-42b1-bbae-afdf789ca51c | Context cleanup@openstack setup() finished in 0.01 msec
2020-04-07 20:57:22.799 1715 RALLYDEBUG rally.task.runner [-] Starting the constant runner (task UUID: 259d02de-aa55-42b1-bbae-afdf789ca51c). timeout: 0 concurrency: 4 concurrency_per_worker: 1 times: 10 concurrency_overhead: 0 processes_to_start: 4 max_cpu_used: 88
2020-04-07 20:57:22.812 3877 RALLYDEBUG rally.task.runner [-] Starting a worker. concurrency: 1 args: {"template_path": "heat_template_version: 2013-05-23\n\nresources:\n test_group:\n type: OS::Heat::AutoScalingGroup\n properties:\n desired_capacity: 0\n max_size: 0\n min_size: 0\n resource:\n type: OS::Heat::RandomString\n test_policy:\n type: OS::Heat::ScalingPolicy\n properties:\n adjustment_type: change_in_capacity\n auto_scaling_group_id: { get_resource: test_group }\n scaling_adjustment: 1", "updated_template_path": "heat_template_version: 2013-05-23\n\ndescription: >\n Test template for create-update-delete-stack scenario in rally.\n The template updates resource parameters without resource re-creation(replacement)\n in the stack defined by autoscaling_policy.yaml.template. It allows to measure\n performance of \"pure\" resource update operation only.\n\nresources:\n test_group:\n type: OS::Heat::AutoScalingGroup\n properties:\n desired_capacity: 0\n max_size: 0\n min_size: 0\n resource:\n type: OS::Heat::RandomString\n test_policy:\n type: OS::Heat::ScalingPolicy\n properties:\n adjustment_type: change_in_capacity\n auto_scaling_group_id: { get_resource: test_group }\n scaling_adjustment: -1"} times: 10 method_name: run timeout: 0 duration: None cls:
2020-04-07 20:57:22.816 3878 RALLYDEBUG rally.task.runner [-] Starting a worker. concurrency: 1 args: {"template_path": "heat_template_version: 2013-05-23\n\nresources:\n test_group:\n type: OS::Heat::AutoScalingGroup\n properties:\n desired_capacity: 0\n max_size: 0\n min_size: 0\n resource:\n type: OS::Heat::RandomString\n test_policy:\n type: OS::Heat::ScalingPolicy\n properties:\n adjustment_type: change_in_capacity\n auto_scaling_group_id: { get_resource: test_group }\n scaling_adjustment: 1", "updated_template_path": "heat_template_version: 2013-05-23\n\ndescription: >\n Test template for create-update-delete-stack scenario in rally.\n The template updates resource parameters without resource re-creation(replacement)\n in the stack defined by autoscaling_policy.yaml.template. It allows to measure\n performance of \"pure\" resource update operation only.\n\nresources:\n test_group:\n type: OS::Heat::AutoScalingGroup\n properties:\n desired_capacity: 0\n max_size: 0\n min_size: 0\n resource:\n type: OS::Heat::RandomString\n test_policy:\n type: OS::Heat::ScalingPolicy\n properties:\n adjustment_type: change_in_capacity\n auto_scaling_group_id: { get_resource: test_group }\n scaling_adjustment: -1"} times: 10 method_name: run timeout: 0 duration: None cls:
2020-04-07 20:57:22.818 3879 RALLYDEBUG rally.task.runner [-] Starting a worker. concurrency: 1 args: {"template_path": "heat_template_version: 2013-05-23\n\nresources:\n test_group:\n type: OS::Heat::AutoScalingGroup\n properties:\n desired_capacity: 0\n max_size: 0\n min_size: 0\n resource:\n type: OS::Heat::RandomString\n test_policy:\n type: OS::Heat::ScalingPolicy\n properties:\n adjustment_type: change_in_capacity\n auto_scaling_group_id: { get_resource: test_group }\n scaling_adjustment: 1", "updated_template_path": "heat_template_version: 2013-05-23\n\ndescription: >\n Test template for create-update-delete-stack scenario in rally.\n The template updates resource parameters without resource re-creation(replacement)\n in the stack defined by autoscaling_policy.yaml.template. It allows to measure\n performance of \"pure\" resource update operation only.\n\nresources:\n test_group:\n type: OS::Heat::AutoScalingGroup\n properties:\n desired_capacity: 0\n max_size: 0\n min_size: 0\n resource:\n type: OS::Heat::RandomString\n test_policy:\n type: OS::Heat::ScalingPolicy\n properties:\n adjustment_type: change_in_capacity\n auto_scaling_group_id: { get_resource: test_group }\n scaling_adjustment: -1"} times: 10 method_name: run timeout: 0 duration: None cls:
2020-04-07 20:57:22.820 3877 INFO rally.task.runner [-] Task 259d02de-aa55-42b1-bbae-afdf789ca51c | ITER: 1 START
2020-04-07 20:57:22.821 3880 RALLYDEBUG rally.task.runner [-] Starting a worker. concurrency: 1 args: {"template_path": "heat_template_version: 2013-05-23\n\nresources:\n test_group:\n type: OS::Heat::AutoScalingGroup\n properties:\n desired_capacity: 0\n max_size: 0\n min_size: 0\n resource:\n type: OS::Heat::RandomString\n test_policy:\n type: OS::Heat::ScalingPolicy\n properties:\n adjustment_type: change_in_capacity\n auto_scaling_group_id: { get_resource: test_group }\n scaling_adjustment: 1", "updated_template_path": "heat_template_version: 2013-05-23\n\ndescription: >\n Test template for create-update-delete-stack scenario in rally.\n The template updates resource parameters without resource re-creation(replacement)\n in the stack defined by autoscaling_policy.yaml.template. It allows to measure\n performance of \"pure\" resource update operation only.\n\nresources:\n test_group:\n type: OS::Heat::AutoScalingGroup\n properties:\n desired_capacity: 0\n max_size: 0\n min_size: 0\n resource:\n type: OS::Heat::RandomString\n test_policy:\n type: OS::Heat::ScalingPolicy\n properties:\n adjustment_type: change_in_capacity\n auto_scaling_group_id: { get_resource: test_group }\n scaling_adjustment: -1"} times: 10 method_name: run timeout: 0 duration: None cls:
2020-04-07 20:57:22.824 3878 INFO rally.task.runner [-] Task 259d02de-aa55-42b1-bbae-afdf789ca51c | ITER: 2 START
2020-04-07 20:57:22.826 3879 INFO rally.task.runner [-] Task 259d02de-aa55-42b1-bbae-afdf789ca51c | ITER: 3 START
2020-04-07 20:57:22.829 3880 INFO rally.task.runner [-] Task 259d02de-aa55-42b1-bbae-afdf789ca51c | ITER: 4 START
2020-04-07 20:57:37.621 3877 RALLYDEBUG rally.task.utils [-] Waiting for resource . Status changed: CREATE_IN_PROGRESS => CREATE_COMPLETE in 8.97233605385
2020-04-07 20:57:37.630 3880 RALLYDEBUG rally.task.utils [-] Waiting for resource . Status changed: CREATE_IN_PROGRESS => CREATE_COMPLETE in 8.90954613686
2020-04-07 20:57:37.905 3878 RALLYDEBUG rally.task.utils [-] Waiting for resource . Status changed: CREATE_IN_PROGRESS => CREATE_COMPLETE in 8.85433697701
2020-04-07 20:57:38.216 3879 RALLYDEBUG rally.task.utils [-] Waiting for resource . Status changed: CREATE_IN_PROGRESS => CREATE_COMPLETE in 8.88125610352
2020-04-07 20:57:40.034 3877 RALLYDEBUG rally.task.utils [-] Waiting for resource . Status changed: CREATE_COMPLETE => UPDATE_IN_PROGRESS in 0.0904109477997
2020-04-07 20:57:40.129 3880 RALLYDEBUG rally.task.utils [-] Waiting for resource . Status changed: CREATE_COMPLETE => UPDATE_IN_PROGRESS in 0.0882740020752
2020-04-07 20:57:40.771 3878 RALLYDEBUG rally.task.utils [-] Waiting for resource . Status changed: CREATE_COMPLETE => UPDATE_IN_PROGRESS in 0.0997130870819
2020-04-07 20:57:41.033 3879 RALLYDEBUG rally.task.utils [-] Waiting for resource . Status changed: CREATE_COMPLETE => UPDATE_IN_PROGRESS in 0.111068964005
2020-04-07 20:57:46.671 3880 RALLYDEBUG rally.task.utils [-] Waiting for resource . Status changed: UPDATE_IN_PROGRESS => UPDATE_COMPLETE in 6.541877985
2020-04-07 20:57:46.836 3880 RALLYDEBUG rally.task.utils [-] Waiting for resource . Status changed: CREATE_COMPLETE => UPDATE_COMPLETE in 0.10372710228
2020-04-07 20:57:47.679 3877 RALLYDEBUG rally.task.utils [-] Waiting for resource . Status changed: UPDATE_IN_PROGRESS => UPDATE_COMPLETE in 7.64522790909
2020-04-07 20:57:47.828 3877 RALLYDEBUG rally.task.utils [-] Waiting for resource . Status changed: CREATE_COMPLETE => UPDATE_COMPLETE in 0.0850200653076
2020-04-07 20:57:49.026 3880 RALLYDEBUG rally.task.utils [-] Waiting for resource . Status changed: UPDATE_COMPLETE => DELETE_IN_PROGRESS in 2.19073700905
2020-04-07 20:57:49.532 3878 RALLYDEBUG rally.task.utils [-] Waiting for resource . Status changed: UPDATE_IN_PROGRESS => UPDATE_COMPLETE in 8.76058387756
2020-04-07 20:57:49.703 3878 RALLYDEBUG rally.task.utils [-] Waiting for resource . Status changed: CREATE_COMPLETE => UPDATE_COMPLETE in 0.102090120316
2020-04-07 20:57:49.831 3879 RALLYDEBUG rally.task.utils [-] Waiting for resource . Status changed: UPDATE_IN_PROGRESS => UPDATE_COMPLETE in 8.79800415039
2020-04-07 20:57:50.000 3879 RALLYDEBUG rally.task.utils [-] Waiting for resource . Status changed: CREATE_COMPLETE => UPDATE_COMPLETE in 0.0951490402222
2020-04-07 20:57:50.019 3877 RALLYDEBUG rally.task.utils [-] Waiting for resource . Status changed: UPDATE_COMPLETE => DELETE_IN_PROGRESS in 2.19042086601
2020-04-07 20:57:50.800 3878 RALLYDEBUG rally.task.utils [-] Waiting for resource . Status changed: UPDATE_COMPLETE => DELETE_IN_PROGRESS in 1.09636187553
2020-04-07 20:57:51.106 3879 RALLYDEBUG rally.task.utils [-] Waiting for resource . Status changed: UPDATE_COMPLETE => DELETE_IN_PROGRESS in 1.10620307922
2020-04-07 20:57:58.857 3880 INFO rally.task.runner [-] Task 259d02de-aa55-42b1-bbae-afdf789ca51c | ITER: 4 END: OK
2020-04-07 20:57:58.864 3880 INFO rally.task.runner [-] Task 259d02de-aa55-42b1-bbae-afdf789ca51c | ITER: 5 START
2020-04-07 20:58:00.939 3877 INFO rally.task.runner [-] Task 259d02de-aa55-42b1-bbae-afdf789ca51c | ITER: 1 END: OK
2020-04-07 20:58:00.945 3877 INFO rally.task.runner [-] Task 259d02de-aa55-42b1-bbae-afdf789ca51c | ITER: 6 START
2020-04-07 20:58:01.803 3878 INFO rally.task.runner [-] Task 259d02de-aa55-42b1-bbae-afdf789ca51c | ITER: 2 END: OK
2020-04-07 20:58:01.809 3878 INFO rally.task.runner [-] Task 259d02de-aa55-42b1-bbae-afdf789ca51c | ITER: 7 START
2020-04-07 20:58:04.252 3879 INFO rally.task.runner [-] Task 259d02de-aa55-42b1-bbae-afdf789ca51c | ITER: 3 END: OK
2020-04-07 20:58:04.259 3879 INFO rally.task.runner [-] Task 259d02de-aa55-42b1-bbae-afdf789ca51c | ITER: 8 START
2020-04-07 20:58:10.048 3880 RALLYDEBUG rally.task.utils [-] Waiting for resource . Status changed: CREATE_IN_PROGRESS => CREATE_COMPLETE in 4.44136404991
2020-04-07 20:58:12.696 3877 RALLYDEBUG rally.task.utils [-] Waiting for resource . Status changed: CREATE_IN_PROGRESS => CREATE_COMPLETE in 4.47045087814
2020-04-07 20:58:13.213 3880 RALLYDEBUG rally.task.utils [-] Waiting for resource . Status changed: CREATE_COMPLETE => UPDATE_IN_PROGRESS in 0.0913760662079
