2020-04-07 20:58:15.041 3878 RALLYDEBUG rally.task.utils [-] Waiting for resource . Status changed: CREATE_IN_PROGRESS => CREATE_COMPLETE in 5.57829093933
2020-04-07 20:58:15.057 3877 RALLYDEBUG rally.task.utils [-] Waiting for resource . Status changed: CREATE_COMPLETE => UPDATE_IN_PROGRESS in 0.0958430767059
2020-04-07 20:58:15.107 3879 RALLYDEBUG rally.task.utils [-] Waiting for resource . Status changed: CREATE_IN_PROGRESS => CREATE_COMPLETE in 5.54739117622
2020-04-07 20:58:17.590 3880 RALLYDEBUG rally.task.utils [-] Waiting for resource . Status changed: UPDATE_IN_PROGRESS => UPDATE_COMPLETE in 4.37779998779
2020-04-07 20:58:17.738 3880 RALLYDEBUG rally.task.utils [-] Waiting for resource . Status changed: CREATE_COMPLETE => UPDATE_COMPLETE in 0.0866358280182
2020-04-07 20:58:17.748 3878 RALLYDEBUG rally.task.utils [-] Waiting for resource . Status changed: CREATE_COMPLETE => UPDATE_IN_PROGRESS in 0.0963790416718
2020-04-07 20:58:17.788 3879 RALLYDEBUG rally.task.utils [-] Waiting for resource . Status changed: CREATE_COMPLETE => UPDATE_IN_PROGRESS in 0.084221124649
2020-04-07 20:58:18.822 3880 RALLYDEBUG rally.task.utils [-] Waiting for resource . Status changed: UPDATE_COMPLETE => DELETE_IN_PROGRESS in 1.08340001106
2020-04-07 20:58:21.663 3877 RALLYDEBUG rally.task.utils [-] Waiting for resource . Status changed: UPDATE_IN_PROGRESS => UPDATE_COMPLETE in 6.60607194901
2020-04-07 20:58:21.829 3877 RALLYDEBUG rally.task.utils [-] Waiting for resource . Status changed: CREATE_COMPLETE => UPDATE_COMPLETE in 0.0988879203796
2020-04-07 20:58:22.918 3877 RALLYDEBUG rally.task.utils [-] Waiting for resource . Status changed: UPDATE_COMPLETE => DELETE_IN_PROGRESS in 1.08953690529
2020-04-07 20:58:25.464 3878 RALLYDEBUG rally.task.utils [-] Waiting for resource . Status changed: UPDATE_IN_PROGRESS => UPDATE_COMPLETE in 7.7157599926
2020-04-07 20:58:25.489 3879 RALLYDEBUG rally.task.utils [-] Waiting for resource . Status changed: UPDATE_IN_PROGRESS => UPDATE_COMPLETE in 7.70156884193
2020-04-07 20:58:25.634 3878 RALLYDEBUG rally.task.utils [-] Waiting for resource . Status changed: CREATE_COMPLETE => UPDATE_COMPLETE in 0.0952200889587
2020-04-07 20:58:25.648 3879 RALLYDEBUG rally.task.utils [-] Waiting for resource . Status changed: CREATE_COMPLETE => UPDATE_COMPLETE in 0.0837771892548
2020-04-07 20:58:26.533 3880 INFO rally.task.runner [-] Task 259d02de-aa55-42b1-bbae-afdf789ca51c | ITER: 5 END: OK
2020-04-07 20:58:26.539 3880 INFO rally.task.runner [-] Task 259d02de-aa55-42b1-bbae-afdf789ca51c | ITER: 9 START
2020-04-07 20:58:26.728 3878 RALLYDEBUG rally.task.utils [-] Waiting for resource . Status changed: UPDATE_COMPLETE => DELETE_IN_PROGRESS in 1.09438085556
2020-04-07 20:58:26.741 3879 RALLYDEBUG rally.task.utils [-] Waiting for resource . Status changed: UPDATE_COMPLETE => DELETE_IN_PROGRESS in 1.09326195717
2020-04-07 20:58:28.429 3877 INFO rally.task.runner [-] Task 259d02de-aa55-42b1-bbae-afdf789ca51c | ITER: 6 END: OK
2020-04-07 20:58:28.435 3877 INFO rally.task.runner [-] Task 259d02de-aa55-42b1-bbae-afdf789ca51c | ITER: 10 START
2020-04-07 20:58:34.433 3879 INFO rally.task.runner [-] Task 259d02de-aa55-42b1-bbae-afdf789ca51c | ITER: 8 END: OK
2020-04-07 20:58:35.527 3878 INFO rally.task.runner [-] Task 259d02de-aa55-42b1-bbae-afdf789ca51c | ITER: 7 END: OK
2020-04-07 20:58:42.122 3880 RALLYDEBUG rally.task.utils [-] Waiting for resource . Status changed: CREATE_IN_PROGRESS => CREATE_COMPLETE in 9.94191789627
2020-04-07 20:58:42.290 3877 RALLYDEBUG rally.task.utils [-] Waiting for resource . Status changed: CREATE_IN_PROGRESS => CREATE_COMPLETE in 8.88538193703
2020-04-07 20:58:44.674 3880 RALLYDEBUG rally.task.utils [-] Waiting for resource . Status changed: CREATE_COMPLETE => UPDATE_IN_PROGRESS in 0.110146999359
2020-04-07 20:58:44.781 3877 RALLYDEBUG rally.task.utils [-] Waiting for resource . Status changed: CREATE_COMPLETE => UPDATE_IN_PROGRESS in 0.111166954041
2020-04-07 20:58:47.978 3880 RALLYDEBUG rally.task.utils [-] Waiting for resource . Status changed: UPDATE_IN_PROGRESS => UPDATE_COMPLETE in 3.30336093903
2020-04-07 20:58:48.065 3877 RALLYDEBUG rally.task.utils [-] Waiting for resource . Status changed: UPDATE_IN_PROGRESS => UPDATE_COMPLETE in 3.28337287903
2020-04-07 20:58:48.142 3880 RALLYDEBUG rally.task.utils [-] Waiting for resource . Status changed: CREATE_COMPLETE => UPDATE_COMPLETE in 0.0935499668121
2020-04-07 20:58:48.222 3877 RALLYDEBUG rally.task.utils [-] Waiting for resource . Status changed: CREATE_COMPLETE => UPDATE_COMPLETE in 0.0905830860138
2020-04-07 20:58:49.243 3880 RALLYDEBUG rally.task.utils [-] Waiting for resource . Status changed: UPDATE_COMPLETE => DELETE_IN_PROGRESS in 1.10191392899
2020-04-07 20:58:49.317 3877 RALLYDEBUG rally.task.utils [-] Waiting for resource . Status changed: UPDATE_COMPLETE => DELETE_IN_PROGRESS in 1.09516692162
2020-04-07 20:58:54.753 3880 INFO rally.task.runner [-] Task 259d02de-aa55-42b1-bbae-afdf789ca51c | ITER: 9 END: OK
2020-04-07 20:58:54.783 3877 INFO rally.task.runner [-] Task 259d02de-aa55-42b1-bbae-afdf789ca51c | ITER: 10 END: OK
2020-04-07 20:58:54.807 1715 INFO rally.task.context [-] Task 259d02de-aa55-42b1-bbae-afdf789ca51c | Context cleanup@openstack cleanup() started
2020-04-07 20:58:54.810 1715 RALLYDEBUG rally_openstack.cleanup.manager [-] Cleaning up heat stacks objects
2020-04-07 20:58:57.450 1715 RALLYDEBUG rally_openstack.cleanup.manager [-] Deleting heat.stacks object s_rally_d5e0b83c_d39uQQkY (7da8ac9e-96bb-4ec7-ae57-0cc4ee9a9677)
2020-04-07 20:58:57.940 1715 ERROR rally_openstack.cleanup.manager [-] Resource deletion failed, max retries exceeded for heat.stacks: 7da8ac9e-96bb-4ec7-ae57-0cc4ee9a9677.: HTTPNotFound: ERROR: The Stack (s_rally_d5e0b83c_d39uQQkY) could not be found.
2020-04-07 20:58:57.940 1715 ERROR rally_openstack.cleanup.manager
Traceback (most recent call last):
2020-04-07 20:58:57.940 1715 ERROR rally_openstack.cleanup.manager
File "/usr/lib/python2.7/site-packages/rally_openstack/cleanup/manager.py", line 85, in _delete_single_resource
2020-04-07 20:58:57.940 1715 ERROR rally_openstack.cleanup.manager rutils.retry(resource._max_attempts, resource.delete)
2020-04-07 20:58:57.940 1715 ERROR rally_openstack.cleanup.manager
File "/usr/lib/python2.7/site-packages/rally/common/utils.py", line 230, in retry
2020-04-07 20:58:57.940 1715 ERROR rally_openstack.cleanup.manager return func(*args, **kwargs)
2020-04-07 20:58:57.940 1715 ERROR rally_openstack.cleanup.manager
File "/usr/lib/python2.7/site-packages/rally_openstack/cleanup/base.py", line 129, in delete
2020-04-07 20:58:57.940 1715 ERROR rally_openstack.cleanup.manager self._manager().delete(self.id())
2020-04-07 20:58:57.940 1715 ERROR rally_openstack.cleanup.manager
File "/usr/lib/python2.7/site-packages/heatclient/v1/stacks.py", line 201, in delete
2020-04-07 20:58:57.940 1715 ERROR rally_openstack.cleanup.manager self._delete("/stacks/%s" % stack_id)
2020-04-07 20:58:57.940 1715 ERROR rally_openstack.cleanup.manager
File "/usr/lib/python2.7/site-packages/heatclient/common/base.py", line 207, in _delete
2020-04-07 20:58:57.940 1715 ERROR rally_openstack.cleanup.manager return self.client.delete(url)
2020-04-07 20:58:57.940 1715 ERROR rally_openstack.cleanup.manager
File "/usr/lib/python2.7/site-packages/keystoneauth1/adapter.py", line 343, in delete
2020-04-07 20:58:57.940 1715 ERROR rally_openstack.cleanup.manager return self.request(url, 'DELETE', **kwargs)
2020-04-07 20:58:57.940 1715 ERROR rally_openstack.cleanup.manager
File "/usr/lib/python2.7/site-packages/heatclient/common/http.py", line 323, in request
2020-04-07 20:58:57.940 1715 ERROR rally_openstack.cleanup.manager raise exc.from_response(resp)
2020-04-07 20:58:57.940 1715 ERROR rally_openstack.cleanup.manager HTTPNotFound: ERROR: The Stack (s_rally_d5e0b83c_d39uQQkY) could not be found.
2020-04-07 20:58:57.940 1715 ERROR rally_openstack.cleanup.manager
2020-04-07 20:58:57.942 1715 INFO rally.task.context [-] Task 259d02de-aa55-42b1-bbae-afdf789ca51c | Context cleanup@openstack cleanup() finished in 3.14 sec
2020-04-07 20:58:57.943 1715 INFO rally.task.context [-] Task 259d02de-aa55-42b1-bbae-afdf789ca51c | Context roles@openstack cleanup() started
2020-04-07 20:58:57.943 1715 RALLYDEBUG rally_openstack.contexts.keystone.roles [-] Removing assigned role f2190d6da94b4ebcb6b61d255bd2e0e5 from all users
2020-04-07 20:58:59.329 1715 INFO rally.task.context [-] Task 259d02de-aa55-42b1-bbae-afdf789ca51c | Context roles@openstack cleanup() finished in 1.39 sec
2020-04-07 20:58:59.330 1715 INFO rally.task.context [-] Task 259d02de-aa55-42b1-bbae-afdf789ca51c | Context users@openstack cleanup() started
2020-04-07 20:59:05.107 1715 INFO rally.task.context [-] Task 259d02de-aa55-42b1-bbae-afdf789ca51c | Context users@openstack cleanup() finished in 5.78 sec
2020-04-07 20:59:05.498 1715 INFO rally.task.engine [-] Load duration is: 87.962051
2020-04-07 20:59:05.498 1715 INFO rally.task.engine [-] Full runner duration is: 92.008701
2020-04-07 20:59:05.498 1715 INFO rally.task.engine [-] Full duration is: 108.058351
2020-04-07 20:59:05.543 1715 INFO rally.task.engine [-] Running workload: position = 4 config = { "version": 2, "title": "A cropped version of a bigger task.", "description": "Auto-generated task from a single workload (uuid=62567c6c-dd32-4b01-b339-8e1259723acb)", "subtasks": [ { "title": "HeatStacks.create_update_delete_stack", "description": "Create, update and then delete a stack.", "scenario": { "HeatStacks.create_update_delete_stack": { "template_path": "/usr/lib/python2.7/site-packages/functest/opnfv_tests/openstack/rally/scenario/templates/resource_group.yaml.template", "updated_template_path": "/usr/lib/python2.7/site-packages/functest/opnfv_tests/openstack/rally/scenario/templates/updated_resource_group_reduce.yaml.template" } }, "contexts": { "users": { "tenants": 3, "users_per_tenant": 2 }, "roles": [ "heat_stack_owner" ] }, "runner": { "constant": { "concurrency": 4, "times": 10 } }, "hooks": [], "sla": { "failure_rate": { "max": 0 } } } ] }
2020-04-07 20:59:05.566 1715 RALLYDEBUG rally_openstack.contexts.keystone.users [-] Creating 3 tenants using 20 threads
2020-04-07 20:59:24.996 1715 RALLYDEBUG rally_openstack.contexts.keystone.users [-] Creating 6 users using 20 threads
2020-04-07 20:59:26.304 1715 INFO rally.task.context [-] Task 259d02de-aa55-42b1-bbae-afdf789ca51c | Context users@openstack setup() finished in 20.74 sec
2020-04-07 20:59:26.529 1715 RALLYDEBUG rally_openstack.contexts.keystone.roles [-] Adding role heat_stack_owner having ID f2190d6da94b4ebcb6b61d255bd2e0e5 to all users using 30 threads
2020-04-07 20:59:30.438 1715 INFO rally.task.context [-] Task 259d02de-aa55-42b1-bbae-afdf789ca51c | Context roles@openstack setup() finished in 4.13 sec
2020-04-07 20:59:30.438 1715 INFO rally.task.context [-] Task 259d02de-aa55-42b1-bbae-afdf789ca51c | Context cleanup@openstack setup() finished in 0.01 msec
2020-04-07 20:59:30.448 1715 RALLYDEBUG rally.task.runner [-] Starting the constant runner (task UUID: 259d02de-aa55-42b1-bbae-afdf789ca51c). timeout: 0 concurrency: 4 concurrency_per_worker: 1 times: 10 concurrency_overhead: 0 processes_to_start: 4 max_cpu_used: 88
2020-04-07 20:59:30.461 4061 RALLYDEBUG rally.task.runner [-] Starting a worker. concurrency: 1 args: {"template_path": "heat_template_version: 2014-10-16\n\ndescription: Test template for rally create-update-delete scenario\n\nresources:\n test_group:\n type: OS::Heat::ResourceGroup\n properties:\n count: 2\n resource_def:\n type: OS::Heat::RandomString\n properties:\n length: 20", "updated_template_path": "heat_template_version: 2014-10-16\n\ndescription: >\n Test template for create-update-delete-stack scenario in rally.\n The template updates one resource from the stack defined by resource_group.yaml.template\n and deletes children resources from that resource.\n\nresources:\n test_group:\n type: OS::Heat::ResourceGroup\n properties:\n count: 1\n resource_def:\n type: OS::Heat::RandomString\n properties:\n length: 20"} times: 10 method_name: run timeout: 0 duration: None cls:
2020-04-07 20:59:30.467 4063 RALLYDEBUG rally.task.runner [-] Starting a worker. concurrency: 1 args: {"template_path": "heat_template_version: 2014-10-16\n\ndescription: Test template for rally create-update-delete scenario\n\nresources:\n test_group:\n type: OS::Heat::ResourceGroup\n properties:\n count: 2\n resource_def:\n type: OS::Heat::RandomString\n properties:\n length: 20", "updated_template_path": "heat_template_version: 2014-10-16\n\ndescription: >\n Test template for create-update-delete-stack scenario in rally.\n The template updates one resource from the stack defined by resource_group.yaml.template\n and deletes children resources from that resource.\n\nresources:\n test_group:\n type: OS::Heat::ResourceGroup\n properties:\n count: 1\n resource_def:\n type: OS::Heat::RandomString\n properties:\n length: 20"} times: 10 method_name: run timeout: 0 duration: None cls:
2020-04-07 20:59:30.468 4061 INFO rally.task.runner [-] Task 259d02de-aa55-42b1-bbae-afdf789ca51c | ITER: 1 START
2020-04-07 20:59:30.469 4062 RALLYDEBUG rally.task.runner [-] Starting a worker. concurrency: 1 args: {"template_path": "heat_template_version: 2014-10-16\n\ndescription: Test template for rally create-update-delete scenario\n\nresources:\n test_group:\n type: OS::Heat::ResourceGroup\n properties:\n count: 2\n resource_def:\n type: OS::Heat::RandomString\n properties:\n length: 20", "updated_template_path": "heat_template_version: 2014-10-16\n\ndescription: >\n Test template for create-update-delete-stack scenario in rally.\n The template updates one resource from the stack defined by resource_group.yaml.template\n and deletes children resources from that resource.\n\nresources:\n test_group:\n type: OS::Heat::ResourceGroup\n properties:\n count: 1\n resource_def:\n type: OS::Heat::RandomString\n properties:\n length: 20"} times: 10 method_name: run timeout: 0 duration: None cls:
2020-04-07 20:59:30.470 4064 RALLYDEBUG rally.task.runner [-] Starting a worker. concurrency: 1 args: {"template_path": "heat_template_version: 2014-10-16\n\ndescription: Test template for rally create-update-delete scenario\n\nresources:\n test_group:\n type: OS::Heat::ResourceGroup\n properties:\n count: 2\n resource_def:\n type: OS::Heat::RandomString\n properties:\n length: 20", "updated_template_path": "heat_template_version: 2014-10-16\n\ndescription: >\n Test template for create-update-delete-stack scenario in rally.\n The template updates one resource from the stack defined by resource_group.yaml.template\n and deletes children resources from that resource.\n\nresources:\n test_group:\n type: OS::Heat::ResourceGroup\n properties:\n count: 1\n resource_def:\n type: OS::Heat::RandomString\n properties:\n length: 20"} times: 10 method_name: run timeout: 0 duration: None cls:
2020-04-07 20:59:30.475 4063 INFO rally.task.runner [-] Task 259d02de-aa55-42b1-bbae-afdf789ca51c | ITER: 2 START
2020-04-07 20:59:30.476 4062 INFO rally.task.runner [-] Task 259d02de-aa55-42b1-bbae-afdf789ca51c | ITER: 3 START
2020-04-07 20:59:30.478 4064 INFO rally.task.runner [-] Task 259d02de-aa55-42b1-bbae-afdf789ca51c | ITER: 4 START
2020-04-07 20:59:41.634 4061 RALLYDEBUG rally.task.utils [-] Waiting for resource . Status changed: CREATE_IN_PROGRESS => CREATE_COMPLETE in 7.77540898323
2020-04-07 20:59:41.841 4062 RALLYDEBUG rally.task.utils [-] Waiting for resource . Status changed: CREATE_IN_PROGRESS => CREATE_COMPLETE in 7.74477910995
2020-04-07 20:59:42.753 4063 RALLYDEBUG rally.task.utils [-] Waiting for resource . Status changed: CREATE_IN_PROGRESS => CREATE_COMPLETE in 8.84964799881
2020-04-07 20:59:42.815 4064 RALLYDEBUG rally.task.utils [-] Waiting for resource . Status changed: CREATE_IN_PROGRESS => CREATE_COMPLETE in 8.83265519142
2020-04-07 20:59:44.400 4061 RALLYDEBUG rally.task.utils [-] Waiting for resource . Status changed: CREATE_COMPLETE => UPDATE_IN_PROGRESS in 0.0844960212708
2020-04-07 20:59:44.434 4062 RALLYDEBUG rally.task.utils [-] Waiting for resource . Status changed: CREATE_COMPLETE => UPDATE_IN_PROGRESS in 0.0966439247131
2020-04-07 20:59:45.300 4064 RALLYDEBUG rally.task.utils [-] Waiting for resource . Status changed: CREATE_COMPLETE => UPDATE_IN_PROGRESS in 0.0959930419922
2020-04-07 20:59:45.377 4063 RALLYDEBUG rally.task.utils [-] Waiting for resource . Status changed: CREATE_COMPLETE => UPDATE_IN_PROGRESS in 0.0939679145813
2020-04-07 20:59:48.804 4061 RALLYDEBUG rally.task.utils [-] Waiting for resource . Status changed: UPDATE_IN_PROGRESS => UPDATE_COMPLETE in 4.40453910828
2020-04-07 20:59:48.957 4061 RALLYDEBUG rally.task.utils [-] Waiting for resource . Status changed: CREATE_COMPLETE => UPDATE_COMPLETE in 0.0847878456116
2020-04-07 20:59:49.888 4062 RALLYDEBUG rally.task.utils [-] Waiting for resource . Status changed: UPDATE_IN_PROGRESS => UPDATE_COMPLETE in 5.45449590683
2020-04-07 20:59:50.041 4062 RALLYDEBUG rally.task.utils [-] Waiting for resource . Status changed: CREATE_COMPLETE => UPDATE_COMPLETE in 0.092022895813
2020-04-07 20:59:50.050 4061 RALLYDEBUG rally.task.utils [-] Waiting for resource . Status changed: UPDATE_COMPLETE => DELETE_IN_PROGRESS in 1.09258699417
2020-04-07 20:59:50.781 4064 RALLYDEBUG rally.task.utils [-] Waiting for resource . Status changed: UPDATE_IN_PROGRESS => UPDATE_COMPLETE in 5.48082304001
2020-04-07 20:59:50.931 4064 RALLYDEBUG rally.task.utils [-] Waiting for resource . Status changed: CREATE_COMPLETE => UPDATE_COMPLETE in 0.0828959941864
2020-04-07 20:59:51.142 4062 RALLYDEBUG rally.task.utils [-] Waiting for resource . Status changed: UPDATE_COMPLETE => DELETE_IN_PROGRESS in 1.10117006302
2020-04-07 20:59:52.003 4063 RALLYDEBUG rally.task.utils [-] Waiting for resource . Status changed: UPDATE_IN_PROGRESS => UPDATE_COMPLETE in 6.62530207634
2020-04-07 20:59:52.030 4064 RALLYDEBUG rally.task.utils [-] Waiting for resource . Status changed: UPDATE_COMPLETE => DELETE_IN_PROGRESS in 1.09904003143
2020-04-07 20:59:52.254 4063 RALLYDEBUG rally.task.utils [-] Waiting for resource . Status changed: CREATE_COMPLETE => UPDATE_COMPLETE in 0.185688018799
2020-04-07 20:59:54.458 4063 RALLYDEBUG rally.task.utils [-] Waiting for resource . Status changed: UPDATE_COMPLETE => DELETE_IN_PROGRESS in 2.20380687714
2020-04-07 20:59:57.843 4061 INFO rally.task.runner [-] Task 259d02de-aa55-42b1-bbae-afdf789ca51c | ITER: 1 END: OK
2020-04-07 20:59:57.852 4061 INFO rally.task.runner [-] Task 259d02de-aa55-42b1-bbae-afdf789ca51c | ITER: 5 START
2020-04-07 20:59:58.596 4064 INFO rally.task.runner [-] Task 259d02de-aa55-42b1-bbae-afdf789ca51c | ITER: 4 END: OK
2020-04-07 20:59:58.604 4064 INFO rally.task.runner [-] Task 259d02de-aa55-42b1-bbae-afdf789ca51c | ITER: 6 START
2020-04-07 21:00:01.101 4062 INFO rally.task.runner [-] Task 259d02de-aa55-42b1-bbae-afdf789ca51c | ITER: 3 END: OK
2020-04-07 21:00:01.109 4062 INFO rally.task.runner [-] Task 259d02de-aa55-42b1-bbae-afdf789ca51c | ITER: 7 START
2020-04-07 21:00:02.144 4063 INFO rally.task.runner [-] Task 259d02de-aa55-42b1-bbae-afdf789ca51c | ITER: 2 END: OK
2020-04-07 21:00:02.152 4063 INFO rally.task.runner [-] Task 259d02de-aa55-42b1-bbae-afdf789ca51c | ITER: 8 START
2020-04-07 21:00:31.209 4061 RALLYDEBUG rally.task.utils [-] Waiting for resource . Status changed: CREATE_IN_PROGRESS => CREATE_COMPLETE in 27.4195611477
2020-04-07 21:00:31.594 4064 RALLYDEBUG rally.task.utils [-] Waiting for resource . Status changed: CREATE_IN_PROGRESS => CREATE_COMPLETE in 27.5022418499
2020-04-07 21:00:34.587 4061 RALLYDEBUG rally.task.utils [-] Waiting for resource . Status changed: CREATE_COMPLETE => UPDATE_IN_PROGRESS in 0.0927851200104
2020-04-07 21:00:35.174 4064 RALLYDEBUG rally.task.utils [-] Waiting for resource . Status changed: CREATE_COMPLETE => UPDATE_IN_PROGRESS in 0.0967619419098
2020-04-07 21:00:45.592 4063 RALLYDEBUG rally.task.utils [-] Waiting for resource . Status changed: CREATE_IN_PROGRESS => CREATE_COMPLETE in 36.0093669891
2020-04-07 21:00:45.722 4062 RALLYDEBUG rally.task.utils [-] Waiting for resource . Status changed: CREATE_IN_PROGRESS => CREATE_COMPLETE in 36.2377111912
2020-04-07 21:00:48.598 4063 RALLYDEBUG rally.task.utils [-] Waiting for resource . Status changed: CREATE_COMPLETE => UPDATE_IN_PROGRESS in 0.0920281410217
2020-04-07 21:00:48.633 4062 RALLYDEBUG rally.task.utils [-] Waiting for resource . Status changed: CREATE_COMPLETE => UPDATE_IN_PROGRESS in 0.0902421474457
2020-04-07 21:00:49.881 4061 RALLYDEBUG rally.task.utils [-] Waiting for resource . Status changed: UPDATE_IN_PROGRESS => UPDATE_COMPLETE in 15.2934539318
2020-04-07 21:00:50.026 4061 RALLYDEBUG rally.task.utils [-] Waiting for resource . Status changed: CREATE_COMPLETE => UPDATE_COMPLETE in 0.0903069972992
2020-04-07 21:00:50.472 4064 RALLYDEBUG rally.task.utils [-] Waiting for resource . Status changed: UPDATE_IN_PROGRESS => UPDATE_COMPLETE in 15.2986779213
2020-04-07 21:00:50.615 4064 RALLYDEBUG rally.task.utils [-] Waiting for resource . Status changed: CREATE_COMPLETE => UPDATE_COMPLETE in 0.0809001922607
2020-04-07 21:00:51.121 4061 RALLYDEBUG rally.task.utils [-] Waiting for resource . Status changed: UPDATE_COMPLETE => DELETE_IN_PROGRESS in 1.09484505653
2020-04-07 21:00:51.719 4064 RALLYDEBUG rally.task.utils [-] Waiting for resource . Status changed: UPDATE_COMPLETE => DELETE_IN_PROGRESS in 1.10369491577
2020-04-07 21:00:55.195 4063 RALLYDEBUG rally.task.utils [-] Waiting for resource . Status changed: UPDATE_IN_PROGRESS => UPDATE_COMPLETE in 6.59702301025
2020-04-07 21:00:55.252 4062 RALLYDEBUG rally.task.utils [-] Waiting for resource . Status changed: UPDATE_IN_PROGRESS => UPDATE_COMPLETE in 6.61963796616
2020-04-07 21:00:55.358 4063 RALLYDEBUG rally.task.utils [-] Waiting for resource . Status changed: CREATE_COMPLETE => UPDATE_COMPLETE in 0.0907928943634
2020-04-07 21:00:55.410 4062 RALLYDEBUG rally.task.utils [-] Waiting for resource . Status changed: CREATE_COMPLETE => UPDATE_COMPLETE in 0.0948770046234
2020-04-07 21:00:56.461 4063 RALLYDEBUG rally.task.utils [-] Waiting for resource . Status changed: UPDATE_COMPLETE => DELETE_IN_PROGRESS in 1.10273599625
2020-04-07 21:00:56.522 4062 RALLYDEBUG rally.task.utils [-] Waiting for resource . Status changed: UPDATE_COMPLETE => DELETE_IN_PROGRESS in 1.11228990555
2020-04-07 21:00:56.637 4061 INFO rally.task.runner [-] Task 259d02de-aa55-42b1-bbae-afdf789ca51c | ITER: 5 END: OK
2020-04-07 21:00:56.643 4061 INFO rally.task.runner [-] Task 259d02de-aa55-42b1-bbae-afdf789ca51c | ITER: 9 START
2020-04-07 21:00:58.295 4064 INFO rally.task.runner [-] Task 259d02de-aa55-42b1-bbae-afdf789ca51c | ITER: 6 END: OK
2020-04-07 21:00:58.302 4064 INFO rally.task.runner [-] Task 259d02de-aa55-42b1-bbae-afdf789ca51c | ITER: 10 START
2020-04-07 21:00:59.743 4063 INFO rally.task.runner [-] Task 259d02de-aa55-42b1-bbae-afdf789ca51c | ITER: 8 END: OK
2020-04-07 21:00:59.789 4062 INFO rally.task.runner [-] Task 259d02de-aa55-42b1-bbae-afdf789ca51c | ITER: 7 END: OK
2020-04-07 21:01:05.537 4061 RALLYDEBUG rally.task.utils [-] Waiting for resource . Status changed: CREATE_IN_PROGRESS => CREATE_COMPLETE in 4.47832989693
2020-04-07 21:01:08.589 4064 RALLYDEBUG rally.task.utils [-] Waiting for resource . Status changed: CREATE_IN_PROGRESS => CREATE_COMPLETE in 6.62651205063
2020-04-07 21:01:09.001 4061 RALLYDEBUG rally.task.utils [-] Waiting for resource . Status changed: CREATE_COMPLETE => UPDATE_IN_PROGRESS in 0.0878229141235
2020-04-07 21:01:10.896 4064 RALLYDEBUG rally.task.utils [-] Waiting for resource . Status changed: CREATE_COMPLETE => UPDATE_IN_PROGRESS in 0.0983099937439
2020-04-07 21:01:12.279 4061 RALLYDEBUG rally.task.utils [-] Waiting for resource . Status changed: UPDATE_IN_PROGRESS => UPDATE_COMPLETE in 3.27793216705
2020-04-07 21:01:12.415 4061 RALLYDEBUG rally.task.utils [-] Waiting for resource . Status changed: CREATE_COMPLETE => DELETE_IN_PROGRESS in 0.0730309486389
2020-04-07 21:01:14.196 4064 RALLYDEBUG rally.task.utils [-] Waiting for resource . Status changed: UPDATE_IN_PROGRESS => UPDATE_COMPLETE in 3.29990386963
2020-04-07 21:01:14.352 4064 RALLYDEBUG rally.task.utils [-] Waiting for resource . Status changed: CREATE_COMPLETE => UPDATE_COMPLETE in 0.0898749828339
2020-04-07 21:01:15.452 4064 RALLYDEBUG rally.task.utils [-] Waiting for resource . Status changed: UPDATE_COMPLETE => DELETE_IN_PROGRESS in 1.09968805313
2020-04-07 21:01:15.701 4061 INFO rally.task.runner [-] Task 259d02de-aa55-42b1-bbae-afdf789ca51c | ITER: 9 END: OK
2020-04-07 21:01:16.547 4064 INFO rally.task.runner [-] Task 259d02de-aa55-42b1-bbae-afdf789ca51c | ITER: 10 END: OK
2020-04-07 21:01:16.575 1715 INFO rally.task.context [-] Task 259d02de-aa55-42b1-bbae-afdf789ca51c | Context cleanup@openstack cleanup() started
2020-04-07 21:01:16.578 1715 RALLYDEBUG rally_openstack.cleanup.manager [-] Cleaning up heat stacks objects
2020-04-07 21:01:17.787 1715 RALLYDEBUG rally_openstack.cleanup.manager [-] Deleting heat.stacks object s_rally_62567c6c_fnr2C6zz (4a51e916-20b7-4957-9a8b-85243d78d5ed)
2020-04-07 21:01:18.326 1715 ERROR rally_openstack.cleanup.manager [-] Resource deletion failed, max retries exceeded for heat.stacks: 4a51e916-20b7-4957-9a8b-85243d78d5ed.: HTTPNotFound: ERROR: The Stack (s_rally_62567c6c_fnr2C6zz) could not be found.
2020-04-07 21:01:18.326 1715 ERROR rally_openstack.cleanup.manager
Traceback (most recent call last):
2020-04-07 21:01:18.326 1715 ERROR rally_openstack.cleanup.manager
File "/usr/lib/python2.7/site-packages/rally_openstack/cleanup/manager.py", line 85, in _delete_single_resource
2020-04-07 21:01:18.326 1715 ERROR rally_openstack.cleanup.manager rutils.retry(resource._max_attempts, resource.delete)
2020-04-07 21:01:18.326 1715 ERROR rally_openstack.cleanup.manager
File "/usr/lib/python2.7/site-packages/rally/common/utils.py", line 230, in retry
2020-04-07 21:01:18.326 1715 ERROR rally_openstack.cleanup.manager return func(*args, **kwargs)
2020-04-07 21:01:18.326 1715 ERROR rally_openstack.cleanup.manager
File "/usr/lib/python2.7/site-packages/rally_openstack/cleanup/base.py", line 129, in delete
2020-04-07 21:01:18.326 1715 ERROR rally_openstack.cleanup.manager self._manager().delete(self.id())
2020-04-07 21:01:18.326 1715 ERROR rally_openstack.cleanup.manager
File "/usr/lib/python2.7/site-packages/heatclient/v1/stacks.py", line 201, in delete
2020-04-07 21:01:18.326 1715 ERROR rally_openstack.cleanup.manager self._delete("/stacks/%s" % stack_id)
2020-04-07 21:01:18.326 1715 ERROR rally_openstack.cleanup.manager
File "/usr/lib/python2.7/site-packages/heatclient/common/base.py", line 207, in _delete
2020-04-07 21:01:18.326 1715 ERROR rally_openstack.cleanup.manager return self.client.delete(url)
2020-04-07 21:01:18.326 1715 ERROR rally_openstack.cleanup.manager
File "/usr/lib/python2.7/site-packages/keystoneauth1/adapter.py", line 343, in delete
2020-04-07 21:01:18.326 1715 ERROR rally_openstack.cleanup.manager return self.request(url, 'DELETE', **kwargs)
2020-04-07 21:01:18.326 1715 ERROR rally_openstack.cleanup.manager
File "/usr/lib/python2.7/site-packages/heatclient/common/http.py", line 323, in request
2020-04-07 21:01:18.326 1715 ERROR rally_openstack.cleanup.manager raise exc.from_response(resp)
2020-04-07 21:01:18.326 1715 ERROR rally_openstack.cleanup.manager HTTPNotFound: ERROR: The Stack (s_rally_62567c6c_fnr2C6zz) could not be found.
2020-04-07 21:01:18.326 1715 ERROR rally_openstack.cleanup.manager
2020-04-07 21:01:18.329 1715 INFO rally.task.context [-] Task 259d02de-aa55-42b1-bbae-afdf789ca51c | Context cleanup@openstack cleanup() finished in 1.75 sec
2020-04-07 21:01:18.329 1715 INFO rally.task.context [-] Task 259d02de-aa55-42b1-bbae-afdf789ca51c | Context roles@openstack cleanup() started
2020-04-07 21:01:18.330 1715 RALLYDEBUG rally_openstack.contexts.keystone.roles [-] Removing assigned role f2190d6da94b4ebcb6b61d255bd2e0e5 from all users
2020-04-07 21:01:19.432 1715 INFO rally.task.context [-] Task 259d02de-aa55-42b1-bbae-afdf789ca51c | Context roles@openstack cleanup() finished in 1.10 sec
2020-04-07 21:01:19.433 1715 INFO rally.task.context [-] Task 259d02de-aa55-42b1-bbae-afdf789ca51c | Context users@openstack cleanup() started
2020-04-07 21:02:14.261 1715 INFO rally.task.context [-] Task 259d02de-aa55-42b1-bbae-afdf789ca51c | Context users@openstack cleanup() finished in 54.83 sec
2020-04-07 21:02:14.316 1715 INFO rally.task.engine [-] Load duration is: 102.077876
2020-04-07 21:02:14.317 1715 INFO rally.task.engine [-] Full runner duration is: 106.127031
2020-04-07 21:02:14.317 1715 INFO rally.task.engine [-] Full duration is: 188.697926
2020-04-07 21:02:14.361 1715 INFO rally.task.engine [-] Running workload: position = 5 config = { "version": 2, "title": "A cropped version of a bigger task.", "description": "Auto-generated task from a single workload (uuid=97fa8c97-6a97-4000-8aee-561551422929)", "subtasks": [ { "title": "HeatStacks.create_update_delete_stack", "description": "Create, update and then delete a stack.", "scenario": { "HeatStacks.create_update_delete_stack": { "template_path": "/usr/lib/python2.7/site-packages/functest/opnfv_tests/openstack/rally/scenario/templates/random_strings.yaml.template", "updated_template_path": "/usr/lib/python2.7/site-packages/functest/opnfv_tests/openstack/rally/scenario/templates/updated_random_strings_replace.yaml.template" } }, "contexts": { "users": { "tenants": 3, "users_per_tenant": 2 }, "roles": [ "heat_stack_owner" ] }, "runner": { "constant": { "concurrency": 4, "times": 10 } }, "hooks": [], "sla": { "failure_rate": { "max": 0 } } } ] }
2020-04-07 21:02:14.385 1715 RALLYDEBUG rally_openstack.contexts.keystone.users [-] Creating 3 tenants using 20 threads
2020-04-07 21:02:15.058 1715 RALLYDEBUG rally_openstack.contexts.keystone.users [-] Creating 6 users using 20 threads
2020-04-07 21:02:17.704 1715 INFO rally.task.context [-] Task 259d02de-aa55-42b1-bbae-afdf789ca51c | Context users@openstack setup() finished in 3.32 sec
2020-04-07 21:02:17.911 1715 RALLYDEBUG rally_openstack.contexts.keystone.roles [-] Adding role heat_stack_owner having ID f2190d6da94b4ebcb6b61d255bd2e0e5 to all users using 30 threads
2020-04-07 21:02:20.003 1715 INFO rally.task.context [-] Task 259d02de-aa55-42b1-bbae-afdf789ca51c | Context roles@openstack setup() finished in 2.30 sec
2020-04-07 21:02:20.004 1715 INFO rally.task.context [-] Task 259d02de-aa55-42b1-bbae-afdf789ca51c | Context cleanup@openstack setup() finished in 0.01 msec
2020-04-07 21:02:20.014 1715 RALLYDEBUG rally.task.runner [-] Starting the constant runner (task UUID: 259d02de-aa55-42b1-bbae-afdf789ca51c). timeout: 0 concurrency: 4 concurrency_per_worker: 1 times: 10 concurrency_overhead: 0 processes_to_start: 4 max_cpu_used: 88
2020-04-07 21:02:20.026 4245 RALLYDEBUG rally.task.runner [-] Starting a worker. concurrency: 1 args: {"template_path": "heat_template_version: 2014-10-16\n\ndescription: Test template for rally create-update-delete scenario\n\nresources:\n test_string_one:\n type: OS::Heat::RandomString\n properties:\n length: 20\n test_string_two:\n type: OS::Heat::RandomString\n properties:\n length: 20", "updated_template_path": "heat_template_version: 2014-10-16\n\ndescription: >\n Test template for create-update-delete-stack scenario in rally.\n The template deletes one resource from the stack defined by\n random_strings.yaml.template and re-creates it with the updated parameters\n (so-called update-replace). That happens because some parameters cannot be\n changed without resource re-creation. The template allows to measure performance\n of update-replace operation.\n\nresources:\n test_string_one:\n type: OS::Heat::RandomString\n properties:\n length: 20\n test_string_two:\n type: OS::Heat::RandomString\n properties:\n length: 40"} times: 10 method_name: run timeout: 0 duration: None cls:
2020-04-07 21:02:20.029 4246 RALLYDEBUG rally.task.runner [-] Starting a worker. concurrency: 1 args: {"template_path": "heat_template_version: 2014-10-16\n\ndescription: Test template for rally create-update-delete scenario\n\nresources:\n test_string_one:\n type: OS::Heat::RandomString\n properties:\n length: 20\n test_string_two:\n type: OS::Heat::RandomString\n properties:\n length: 20", "updated_template_path": "heat_template_version: 2014-10-16\n\ndescription: >\n Test template for create-update-delete-stack scenario in rally.\n The template deletes one resource from the stack defined by\n random_strings.yaml.template and re-creates it with the updated parameters\n (so-called update-replace). That happens because some parameters cannot be\n changed without resource re-creation. The template allows to measure performance\n of update-replace operation.\n\nresources:\n test_string_one:\n type: OS::Heat::RandomString\n properties:\n length: 20\n test_string_two:\n type: OS::Heat::RandomString\n properties:\n length: 40"} times: 10 method_name: run timeout: 0 duration: None cls:
2020-04-07 21:02:20.034 4245 INFO rally.task.runner [-] Task 259d02de-aa55-42b1-bbae-afdf789ca51c | ITER: 1 START
2020-04-07 21:02:20.034 4247 RALLYDEBUG rally.task.runner [-] Starting a worker. concurrency: 1 args: {"template_path": "heat_template_version: 2014-10-16\n\ndescription: Test template for rally create-update-delete scenario\n\nresources:\n test_string_one:\n type: OS::Heat::RandomString\n properties:\n length: 20\n test_string_two:\n type: OS::Heat::RandomString\n properties:\n length: 20", "updated_template_path": "heat_template_version: 2014-10-16\n\ndescription: >\n Test template for create-update-delete-stack scenario in rally.\n The template deletes one resource from the stack defined by\n random_strings.yaml.template and re-creates it with the updated parameters\n (so-called update-replace). That happens because some parameters cannot be\n changed without resource re-creation. The template allows to measure performance\n of update-replace operation.\n\nresources:\n test_string_one:\n type: OS::Heat::RandomString\n properties:\n length: 20\n test_string_two:\n type: OS::Heat::RandomString\n properties:\n length: 40"} times: 10 method_name: run timeout: 0 duration: None cls:
2020-04-07 21:02:20.037 4246 INFO rally.task.runner [-] Task 259d02de-aa55-42b1-bbae-afdf789ca51c | ITER: 2 START
2020-04-07 21:02:20.037 4248 RALLYDEBUG rally.task.runner [-] Starting a worker. concurrency: 1 args: {"template_path": "heat_template_version: 2014-10-16\n\ndescription: Test template for rally create-update-delete scenario\n\nresources:\n test_string_one:\n type: OS::Heat::RandomString\n properties:\n length: 20\n test_string_two:\n type: OS::Heat::RandomString\n properties:\n length: 20", "updated_template_path": "heat_template_version: 2014-10-16\n\ndescription: >\n Test template for create-update-delete-stack scenario in rally.\n The template deletes one resource from the stack defined by\n random_strings.yaml.template and re-creates it with the updated parameters\n (so-called update-replace). That happens because some parameters cannot be\n changed without resource re-creation. The template allows to measure performance\n of update-replace operation.\n\nresources:\n test_string_one:\n type: OS::Heat::RandomString\n properties:\n length: 20\n test_string_two:\n type: OS::Heat::RandomString\n properties:\n length: 40"} times: 10 method_name: run timeout: 0 duration: None cls:
2020-04-07 21:02:20.041 4247 INFO rally.task.runner [-] Task 259d02de-aa55-42b1-bbae-afdf789ca51c | ITER: 3 START
2020-04-07 21:02:20.045 4248 INFO rally.task.runner [-] Task 259d02de-aa55-42b1-bbae-afdf789ca51c | ITER: 4 START
2020-04-07 21:02:26.674 4247 RALLYDEBUG rally.task.utils [-] Waiting for resource . Status changed: CREATE_IN_PROGRESS => CREATE_COMPLETE in 2.2971971035
2020-04-07 21:02:26.683 4248 RALLYDEBUG rally.task.utils [-] Waiting for resource . Status changed: CREATE_IN_PROGRESS => CREATE_COMPLETE in 2.31529092789
2020-04-07 21:02:26.827 4245 RALLYDEBUG rally.task.utils [-] Waiting for resource . Status changed: CREATE_IN_PROGRESS => CREATE_COMPLETE in 2.26472210884
2020-04-07 21:02:27.240 4246 RALLYDEBUG rally.task.utils [-] Waiting for resource . Status changed: CREATE_IN_PROGRESS => CREATE_COMPLETE in 2.28450417519
2020-04-07 21:02:29.262 4247 RALLYDEBUG rally.task.utils [-] Waiting for resource . Status changed: CREATE_COMPLETE => UPDATE_IN_PROGRESS in 0.102015018463
2020-04-07 21:02:29.332 4248 RALLYDEBUG rally.task.utils [-] Waiting for resource . Status changed: CREATE_COMPLETE => UPDATE_IN_PROGRESS in 0.0865578651428
2020-04-07 21:02:29.484 4245 RALLYDEBUG rally.task.utils [-] Waiting for resource . Status changed: CREATE_COMPLETE => UPDATE_IN_PROGRESS in 0.0868599414825
2020-04-07 21:02:29.845 4246 RALLYDEBUG rally.task.utils [-] Waiting for resource . Status changed: CREATE_COMPLETE => UPDATE_IN_PROGRESS in 0.0920059680939
2020-04-07 21:02:32.553 4247 RALLYDEBUG rally.task.utils [-] Waiting for resource . Status changed: UPDATE_IN_PROGRESS => UPDATE_COMPLETE in 3.29185891151
2020-04-07 21:02:32.612 4248 RALLYDEBUG rally.task.utils [-] Waiting for resource . Status changed: UPDATE_IN_PROGRESS => UPDATE_COMPLETE in 3.27980899811
2020-04-07 21:02:32.733 4247 RALLYDEBUG rally.task.utils [-] Waiting for resource . Status changed: CREATE_COMPLETE => UPDATE_COMPLETE in 0.0988500118256
2020-04-07 21:02:32.784 4248 RALLYDEBUG rally.task.utils [-] Waiting for resource . Status changed: CREATE_COMPLETE => UPDATE_COMPLETE in 0.104676008224
2020-04-07 21:02:33.832 4247 RALLYDEBUG rally.task.utils [-] Waiting for resource . Status changed: UPDATE_COMPLETE => DELETE_IN_PROGRESS in 1.09986996651
2020-04-07 21:02:33.874 4245 RALLYDEBUG rally.task.utils [-] Waiting for resource . Status changed: UPDATE_IN_PROGRESS => UPDATE_COMPLETE in 4.3893802166
2020-04-07 21:02:33.882 4248 RALLYDEBUG rally.task.utils [-] Waiting for resource . Status changed: UPDATE_COMPLETE => DELETE_IN_PROGRESS in 1.09751081467
2020-04-07 21:02:34.021 4245 RALLYDEBUG rally.task.utils [-] Waiting for resource . Status changed: CREATE_COMPLETE => UPDATE_COMPLETE in 0.0811221599579
2020-04-07 21:02:34.212 4246 RALLYDEBUG rally.task.utils [-] Waiting for resource . Status changed: UPDATE_IN_PROGRESS => UPDATE_COMPLETE in 4.36704301834
2020-04-07 21:02:34.364 4246 RALLYDEBUG rally.task.utils [-] Waiting for resource . Status changed: CREATE_COMPLETE => UPDATE_COMPLETE in 0.0802369117737
2020-04-07 21:02:35.120 4245 RALLYDEBUG rally.task.utils [-] Waiting for resource . Status changed: UPDATE_COMPLETE => DELETE_IN_PROGRESS in 1.09906005859
2020-04-07 21:02:35.447 4246 RALLYDEBUG rally.task.utils [-] Waiting for resource . Status changed: UPDATE_COMPLETE => DELETE_IN_PROGRESS in 1.08254408836
2020-04-07 21:02:36.021 4247 INFO rally.task.runner [-] Task 259d02de-aa55-42b1-bbae-afdf789ca51c | ITER: 3 END: OK
2020-04-07 21:02:36.026 4247 INFO rally.task.runner [-] Task 259d02de-aa55-42b1-bbae-afdf789ca51c | ITER: 5 START
2020-04-07 21:02:36.062 4248 INFO rally.task.runner [-] Task 259d02de-aa55-42b1-bbae-afdf789ca51c | ITER: 4 END: OK
2020-04-07 21:02:36.067 4248 INFO rally.task.runner [-] Task 259d02de-aa55-42b1-bbae-afdf789ca51c | ITER: 6 START
2020-04-07 21:02:36.226 4245 INFO rally.task.runner [-] Task 259d02de-aa55-42b1-bbae-afdf789ca51c | ITER: 1 END: OK
2020-04-07 21:02:36.231 4245 INFO rally.task.runner [-] Task 259d02de-aa55-42b1-bbae-afdf789ca51c | ITER: 7 START
2020-04-07 21:02:37.621 4246 INFO rally.task.runner [-] Task 259d02de-aa55-42b1-bbae-afdf789ca51c | ITER: 2 END: OK
2020-04-07 21:02:37.626 4246 INFO rally.task.runner [-] Task 259d02de-aa55-42b1-bbae-afdf789ca51c | ITER: 8 START
2020-04-07 21:02:41.456 4245 RALLYDEBUG rally.task.utils [-] Waiting for resource . Status changed: CREATE_IN_PROGRESS => CREATE_COMPLETE in 1.18239498138
2020-04-07 21:02:43.905 4245 RALLYDEBUG rally.task.utils [-] Waiting for resource . Status changed: CREATE_COMPLETE => UPDATE_IN_PROGRESS in 0.0947840213776
2020-04-07 21:02:44.427 4248 RALLYDEBUG rally.task.utils [-] Waiting for resource . Status changed: CREATE_IN_PROGRESS => CREATE_COMPLETE in 3.38061308861
2020-04-07 21:02:44.541 4247 RALLYDEBUG rally.task.utils [-] Waiting for resource . Status changed: CREATE_IN_PROGRESS => CREATE_COMPLETE in 3.3708050251
2020-04-07 21:02:45.736 4246 RALLYDEBUG rally.task.utils [-] Waiting for resource . Status changed: CREATE_IN_PROGRESS => CREATE_COMPLETE in 3.39401102066
2020-04-07 21:02:46.986 4248 RALLYDEBUG rally.task.utils [-] Waiting for resource . Status changed: CREATE_COMPLETE => UPDATE_IN_PROGRESS in 0.0976598262787
2020-04-07 21:02:47.090 4247 RALLYDEBUG rally.task.utils [-] Waiting for resource . Status changed: CREATE_COMPLETE => UPDATE_IN_PROGRESS in 0.105929851532
2020-04-07 21:02:48.797 4246 RALLYDEBUG rally.task.utils [-] Waiting for resource . Status changed: CREATE_COMPLETE => UPDATE_IN_PROGRESS in 0.0988869667053
2020-04-07 21:02:50.463 4245 RALLYDEBUG rally.task.utils [-] Waiting for resource . Status changed: UPDATE_IN_PROGRESS => UPDATE_COMPLETE in 6.55803799629
2020-04-07 21:02:50.628 4245 RALLYDEBUG rally.task.utils [-] Waiting for resource . Status changed: CREATE_COMPLETE => UPDATE_COMPLETE in 0.0890159606934
2020-04-07 21:02:52.820 4245 RALLYDEBUG rally.task.utils [-] Waiting for resource . Status changed: UPDATE_COMPLETE => DELETE_IN_PROGRESS in 2.19161510468
2020-04-07 21:02:53.639 4247 RALLYDEBUG rally.task.utils [-] Waiting for resource . Status changed: UPDATE_IN_PROGRESS => UPDATE_COMPLETE in 6.54882502556
2020-04-07 21:02:53.872 4247 RALLYDEBUG rally.task.utils [-] Waiting for resource . Status changed: CREATE_COMPLETE => UPDATE_COMPLETE in 0.170500993729
2020-04-07 21:02:54.614 4248 RALLYDEBUG rally.task.utils [-] Waiting for resource . Status changed: UPDATE_IN_PROGRESS => UPDATE_COMPLETE in 7.62788820267
2020-04-07 21:02:54.767 4248 RALLYDEBUG rally.task.utils [-] Waiting for resource . Status changed: CREATE_COMPLETE => UPDATE_COMPLETE in 0.0957870483398
2020-04-07 21:02:54.959 4247 RALLYDEBUG rally.task.utils [-] Waiting for resource . Status changed: UPDATE_COMPLETE => DELETE_IN_PROGRESS in 1.08745002747
2020-04-07 21:02:55.391 4246 RALLYDEBUG rally.task.utils [-] Waiting for resource . Status changed: UPDATE_IN_PROGRESS => UPDATE_COMPLETE in 6.59443998337
2020-04-07 21:02:55.549 4246 RALLYDEBUG rally.task.utils [-] Waiting for resource . Status changed: CREATE_COMPLETE => UPDATE_COMPLETE in 0.0892629623413
2020-04-07 21:02:55.854 4248 RALLYDEBUG rally.task.utils [-] Waiting for resource . Status changed: UPDATE_COMPLETE => DELETE_IN_PROGRESS in 1.08790898323
2020-04-07 21:02:56.106 4245 INFO rally.task.runner [-] Task 259d02de-aa55-42b1-bbae-afdf789ca51c | ITER: 7 END: OK
2020-04-07 21:02:56.113 4245 INFO rally.task.runner [-] Task 259d02de-aa55-42b1-bbae-afdf789ca51c | ITER: 9 START
2020-04-07 21:02:56.648 4246 RALLYDEBUG rally.task.utils [-] Waiting for resource . Status changed: UPDATE_COMPLETE => DELETE_IN_PROGRESS in 1.09917402267
2020-04-07 21:03:00.446 4247 INFO rally.task.runner [-] Task 259d02de-aa55-42b1-bbae-afdf789ca51c | ITER: 5 END: OK
2020-04-07 21:03:00.451 4247 INFO rally.task.runner [-] Task 259d02de-aa55-42b1-bbae-afdf789ca51c | ITER: 10 START
2020-04-07 21:03:03.543 4248 INFO rally.task.runner [-] Task 259d02de-aa55-42b1-bbae-afdf789ca51c | ITER: 6 END: OK
2020-04-07 21:03:04.340 4246 INFO rally.task.runner [-] Task 259d02de-aa55-42b1-bbae-afdf789ca51c | ITER: 8 END: OK
2020-04-07 21:03:09.293 4245 RALLYDEBUG rally.task.utils [-] Waiting for resource . Status changed: CREATE_IN_PROGRESS => CREATE_COMPLETE in 4.51723098755
2020-04-07 21:03:12.337 4245 RALLYDEBUG rally.task.utils [-] Waiting for resource . Status changed: CREATE_COMPLETE => UPDATE_IN_PROGRESS in 0.0904278755188
2020-04-07 21:03:13.080 4247 RALLYDEBUG rally.task.utils [-] Waiting for resource . Status changed: CREATE_IN_PROGRESS => CREATE_COMPLETE in 5.56428003311
2020-04-07 21:03:16.693 4247 RALLYDEBUG rally.task.utils [-] Waiting for resource . Status changed: CREATE_COMPLETE => UPDATE_IN_PROGRESS in 0.0909810066223
2020-04-07 21:03:17.787 4245 RALLYDEBUG rally.task.utils [-] Waiting for resource . Status changed: UPDATE_IN_PROGRESS => UPDATE_COMPLETE in 5.45024418831
2020-04-07 21:03:17.952 4245 RALLYDEBUG rally.task.utils [-] Waiting for resource . Status changed: CREATE_COMPLETE => UPDATE_COMPLETE in 0.0982661247253
2020-04-07 21:03:18.883 4247 RALLYDEBUG rally.task.utils [-] Waiting for resource . Status changed: UPDATE_IN_PROGRESS => UPDATE_COMPLETE in 2.19046092033
2020-04-07 21:03:19.033 4245 RALLYDEBUG rally.task.utils [-] Waiting for resource . Status changed: UPDATE_COMPLETE => DELETE_IN_PROGRESS in 1.08066987991
2020-04-07 21:03:19.038 4247 RALLYDEBUG rally.task.utils [-] Waiting for resource . Status changed: CREATE_COMPLETE => UPDATE_COMPLETE in 0.0814039707184
2020-04-07 21:03:20.128 4247 RALLYDEBUG rally.task.utils [-] Waiting for resource . Status changed: UPDATE_COMPLETE => DELETE_IN_PROGRESS in 1.08970785141
2020-04-07 21:03:21.240 4245 INFO rally.task.runner [-] Task 259d02de-aa55-42b1-bbae-afdf789ca51c | ITER: 9 END: OK
2020-04-07 21:03:22.312 4247 INFO rally.task.runner [-] Task 259d02de-aa55-42b1-bbae-afdf789ca51c | ITER: 10 END: OK
2020-04-07 21:03:22.331 1715 INFO rally.task.context [-] Task 259d02de-aa55-42b1-bbae-afdf789ca51c | Context cleanup@openstack cleanup() started
2020-04-07 21:03:22.334 1715 RALLYDEBUG rally_openstack.cleanup.manager [-] Cleaning up heat stacks objects
2020-04-07 21:03:23.830 1715 RALLYDEBUG rally_openstack.cleanup.manager [-] Deleting heat.stacks object s_rally_97fa8c97_QMPfrmm3 (f91f21c1-769c-4d0e-82ba-bcddf237e294)
2020-04-07 21:03:24.333 1715 ERROR rally_openstack.cleanup.manager [-] Resource deletion failed, max retries exceeded for heat.stacks: f91f21c1-769c-4d0e-82ba-bcddf237e294.: HTTPNotFound: ERROR: The Stack (s_rally_97fa8c97_QMPfrmm3) could not be found.
2020-04-07 21:03:24.333 1715 ERROR rally_openstack.cleanup.manager
Traceback (most recent call last):
2020-04-07 21:03:24.333 1715 ERROR rally_openstack.cleanup.manager
File "/usr/lib/python2.7/site-packages/rally_openstack/cleanup/manager.py", line 85, in _delete_single_resource
2020-04-07 21:03:24.333 1715 ERROR rally_openstack.cleanup.manager rutils.retry(resource._max_attempts, resource.delete)
2020-04-07 21:03:24.333 1715 ERROR rally_openstack.cleanup.manager
File "/usr/lib/python2.7/site-packages/rally/common/utils.py", line 230, in retry
2020-04-07 21:03:24.333 1715 ERROR rally_openstack.cleanup.manager return func(*args, **kwargs)
2020-04-07 21:03:24.333 1715 ERROR rally_openstack.cleanup.manager
File "/usr/lib/python2.7/site-packages/rally_openstack/cleanup/base.py", line 129, in delete
2020-04-07 21:03:24.333 1715 ERROR rally_openstack.cleanup.manager self._manager().delete(self.id())
2020-04-07 21:03:24.333 1715 ERROR rally_openstack.cleanup.manager
File "/usr/lib/python2.7/site-packages/heatclient/v1/stacks.py", line 201, in delete
2020-04-07 21:03:24.333 1715 ERROR rally_openstack.cleanup.manager self._delete("/stacks/%s" % stack_id)
2020-04-07 21:03:24.333 1715 ERROR rally_openstack.cleanup.manager
File "/usr/lib/python2.7/site-packages/heatclient/common/base.py", line 207, in _delete
2020-04-07 21:03:24.333 1715 ERROR rally_openstack.cleanup.manager return self.client.delete(url)
2020-04-07 21:03:24.333 1715 ERROR rally_openstack.cleanup.manager
File "/usr/lib/python2.7/site-packages/keystoneauth1/adapter.py", line 343, in delete
2020-04-07 21:03:24.333 1715 ERROR rally_openstack.cleanup.manager return self.request(url, 'DELETE', **kwargs)
2020-04-07 21:03:24.333 1715 ERROR rally_openstack.cleanup.manager
File "/usr/lib/python2.7/site-packages/heatclient/common/http.py", line 323, in request
2020-04-07 21:03:24.333 1715 ERROR rally_openstack.cleanup.manager raise exc.from_response(resp)
2020-04-07 21:03:24.333 1715 ERROR rally_openstack.cleanup.manager HTTPNotFound: ERROR: The Stack (s_rally_97fa8c97_QMPfrmm3) could not be found.
2020-04-07 21:03:24.333 1715 ERROR rally_openstack.cleanup.manager
2020-04-07 21:03:24.335 1715 INFO rally.task.context [-] Task 259d02de-aa55-42b1-bbae-afdf789ca51c | Context cleanup@openstack cleanup() finished in 2.00 sec
2020-04-07 21:03:24.335 1715 INFO rally.task.context [-] Task 259d02de-aa55-42b1-bbae-afdf789ca51c | Context roles@openstack cleanup() started
2020-04-07 21:03:24.336 1715 RALLYDEBUG rally_openstack.contexts.keystone.roles [-] Removing assigned role f2190d6da94b4ebcb6b61d255bd2e0e5 from all users
2020-04-07 21:03:25.699 1715 INFO rally.task.context [-] Task 259d02de-aa55-42b1-bbae-afdf789ca51c | Context roles@openstack cleanup() finished in 1.36 sec
2020-04-07 21:03:25.699 1715 INFO rally.task.context [-] Task 259d02de-aa55-42b1-bbae-afdf789ca51c | Context users@openstack cleanup() started
2020-04-07 21:03:32.295 1715 INFO rally.task.context [-] Task 259d02de-aa55-42b1-bbae-afdf789ca51c | Context users@openstack cleanup() finished in 6.60 sec
2020-04-07 21:03:32.704 1715 INFO rally.task.engine [-] Load duration is: 58.277025
2020-04-07 21:03:32.705 1715 INFO rally.task.engine [-] Full runner duration is: 62.317668
2020-04-07 21:03:32.705 1715 INFO rally.task.engine [-] Full duration is: 77.914492
