2020-04-07 20:41:26.307 2773 INFO rally.task.runner [-] Task 259d02de-aa55-42b1-bbae-afdf789ca51c | ITER: 6 START
2020-04-07 20:41:27.387 2776 INFO rally.task.runner [-] Task 259d02de-aa55-42b1-bbae-afdf789ca51c | ITER: 3 END: OK
2020-04-07 20:41:27.395 2776 INFO rally.task.runner [-] Task 259d02de-aa55-42b1-bbae-afdf789ca51c | ITER: 7 START
2020-04-07 20:41:28.499 2775 INFO rally.task.runner [-] Task 259d02de-aa55-42b1-bbae-afdf789ca51c | ITER: 2 END: OK
2020-04-07 20:41:28.506 2775 INFO rally.task.runner [-] Task 259d02de-aa55-42b1-bbae-afdf789ca51c | ITER: 8 START
2020-04-07 20:42:05.784 2774 RALLYDEBUG rally.task.utils [-] Waiting for resource . Status changed: CREATE_IN_PROGRESS => CREATE_COMPLETE in 67.7934889793
2020-04-07 20:42:07.081 2774 RALLYDEBUG rally.task.utils [-] Waiting for resource . Status changed: CREATE_COMPLETE => DELETE_IN_PROGRESS in 1.16896510124
2020-04-07 20:42:31.076 2774 INFO rally.task.runner [-] Task 259d02de-aa55-42b1-bbae-afdf789ca51c | ITER: 5 END: OK
2020-04-07 20:42:31.082 2774 INFO rally.task.runner [-] Task 259d02de-aa55-42b1-bbae-afdf789ca51c | ITER: 9 START
2020-04-07 20:42:41.215 2775 RALLYDEBUG rally.task.utils [-] Waiting for resource . Status changed: CREATE_IN_PROGRESS => CREATE_COMPLETE in 66.6964919567
2020-04-07 20:42:41.230 2776 RALLYDEBUG rally.task.utils [-] Waiting for resource . Status changed: CREATE_IN_PROGRESS => CREATE_COMPLETE in 67.8899860382
2020-04-07 20:42:41.576 2775 RALLYDEBUG rally.task.utils [-] Waiting for resource . Status changed: CREATE_COMPLETE => DELETE_IN_PROGRESS in 0.0965819358826
2020-04-07 20:42:41.624 2776 RALLYDEBUG rally.task.utils [-] Waiting for resource . Status changed: CREATE_COMPLETE => DELETE_IN_PROGRESS in 0.20222902298
2020-04-07 20:42:44.167 2773 RALLYDEBUG rally.task.utils [-] Waiting for resource . Status changed: CREATE_IN_PROGRESS => CREATE_COMPLETE in 72.2046821117
2020-04-07 20:42:45.533 2773 RALLYDEBUG rally.task.utils [-] Waiting for resource . Status changed: CREATE_COMPLETE => DELETE_IN_PROGRESS in 1.20060682297
2020-04-07 20:43:12.211 2776 INFO rally.task.runner [-] Task 259d02de-aa55-42b1-bbae-afdf789ca51c | ITER: 7 END: OK
2020-04-07 20:43:12.217 2776 INFO rally.task.runner [-] Task 259d02de-aa55-42b1-bbae-afdf789ca51c | ITER: 10 START
2020-04-07 20:43:13.312 2775 INFO rally.task.runner [-] Task 259d02de-aa55-42b1-bbae-afdf789ca51c | ITER: 8 END: OK
2020-04-07 20:43:18.322 2773 INFO rally.task.runner [-] Task 259d02de-aa55-42b1-bbae-afdf789ca51c | ITER: 6 END: OK
2020-04-07 20:43:25.927 2774 RALLYDEBUG rally.task.utils [-] Waiting for resource . Status changed: CREATE_IN_PROGRESS => CREATE_COMPLETE in 50.3891038895
2020-04-07 20:43:27.288 2774 RALLYDEBUG rally.task.utils [-] Waiting for resource . Status changed: CREATE_COMPLETE => DELETE_IN_PROGRESS in 1.19180798531
2020-04-07 20:43:53.417 2774 INFO rally.task.runner [-] Task 259d02de-aa55-42b1-bbae-afdf789ca51c | ITER: 9 END: OK
2020-04-07 20:44:13.571 2776 RALLYDEBUG rally.task.utils [-] Waiting for resource . Status changed: CREATE_IN_PROGRESS => CREATE_COMPLETE in 53.6352272034
2020-04-07 20:44:13.822 2776 RALLYDEBUG rally.task.utils [-] Waiting for resource . Status changed: CREATE_COMPLETE => DELETE_IN_PROGRESS in 0.0881910324097
2020-04-07 20:44:33.546 2776 INFO rally.task.runner [-] Task 259d02de-aa55-42b1-bbae-afdf789ca51c | ITER: 10 END: OK
2020-04-07 20:44:33.574 1715 INFO rally.task.context [-] Task 259d02de-aa55-42b1-bbae-afdf789ca51c | Context cleanup@openstack cleanup() started
2020-04-07 20:44:33.578 1715 RALLYDEBUG rally_openstack.cleanup.manager [-] Cleaning up heat stacks objects
2020-04-07 20:44:34.431 1715 RALLYDEBUG rally_openstack.cleanup.manager [-] Deleting heat.stacks object s_rally_8adbb5ee_KepBqFAQ (86d83e32-be21-40a9-bf41-8c348f3912a8)
2020-04-07 20:44:34.887 1715 ERROR rally_openstack.cleanup.manager [-] Resource deletion failed, max retries exceeded for heat.stacks: 86d83e32-be21-40a9-bf41-8c348f3912a8.: HTTPNotFound: ERROR: The Stack (s_rally_8adbb5ee_KepBqFAQ) could not be found.
2020-04-07 20:44:34.887 1715 ERROR rally_openstack.cleanup.manager
Traceback (most recent call last):
2020-04-07 20:44:34.887 1715 ERROR rally_openstack.cleanup.manager
File "/usr/lib/python2.7/site-packages/rally_openstack/cleanup/manager.py", line 85, in _delete_single_resource
2020-04-07 20:44:34.887 1715 ERROR rally_openstack.cleanup.manager rutils.retry(resource._max_attempts, resource.delete)
2020-04-07 20:44:34.887 1715 ERROR rally_openstack.cleanup.manager
File "/usr/lib/python2.7/site-packages/rally/common/utils.py", line 230, in retry
2020-04-07 20:44:34.887 1715 ERROR rally_openstack.cleanup.manager return func(*args, **kwargs)
2020-04-07 20:44:34.887 1715 ERROR rally_openstack.cleanup.manager
File "/usr/lib/python2.7/site-packages/rally_openstack/cleanup/base.py", line 129, in delete
2020-04-07 20:44:34.887 1715 ERROR rally_openstack.cleanup.manager self._manager().delete(self.id())
2020-04-07 20:44:34.887 1715 ERROR rally_openstack.cleanup.manager
File "/usr/lib/python2.7/site-packages/heatclient/v1/stacks.py", line 201, in delete
2020-04-07 20:44:34.887 1715 ERROR rally_openstack.cleanup.manager self._delete("/stacks/%s" % stack_id)
2020-04-07 20:44:34.887 1715 ERROR rally_openstack.cleanup.manager
File "/usr/lib/python2.7/site-packages/heatclient/common/base.py", line 207, in _delete
2020-04-07 20:44:34.887 1715 ERROR rally_openstack.cleanup.manager return self.client.delete(url)
2020-04-07 20:44:34.887 1715 ERROR rally_openstack.cleanup.manager
File "/usr/lib/python2.7/site-packages/keystoneauth1/adapter.py", line 343, in delete
2020-04-07 20:44:34.887 1715 ERROR rally_openstack.cleanup.manager return self.request(url, 'DELETE', **kwargs)
2020-04-07 20:44:34.887 1715 ERROR rally_openstack.cleanup.manager
File "/usr/lib/python2.7/site-packages/heatclient/common/http.py", line 323, in request
2020-04-07 20:44:34.887 1715 ERROR rally_openstack.cleanup.manager raise exc.from_response(resp)
2020-04-07 20:44:34.887 1715 ERROR rally_openstack.cleanup.manager HTTPNotFound: ERROR: The Stack (s_rally_8adbb5ee_KepBqFAQ) could not be found.
2020-04-07 20:44:34.887 1715 ERROR rally_openstack.cleanup.manager
2020-04-07 20:44:34.891 1715 INFO rally.task.context [-] Task 259d02de-aa55-42b1-bbae-afdf789ca51c | Context cleanup@openstack cleanup() finished in 1.32 sec
2020-04-07 20:44:34.892 1715 INFO rally.task.context [-] Task 259d02de-aa55-42b1-bbae-afdf789ca51c | Context roles@openstack cleanup() started
2020-04-07 20:44:34.892 1715 RALLYDEBUG rally_openstack.contexts.keystone.roles [-] Removing assigned role f2190d6da94b4ebcb6b61d255bd2e0e5 from all users
2020-04-07 20:44:35.800 1715 INFO rally.task.context [-] Task 259d02de-aa55-42b1-bbae-afdf789ca51c | Context roles@openstack cleanup() finished in 0.91 sec
2020-04-07 20:44:35.801 1715 INFO rally.task.context [-] Task 259d02de-aa55-42b1-bbae-afdf789ca51c | Context users@openstack cleanup() started
2020-04-07 20:44:41.155 1715 INFO rally.task.context [-] Task 259d02de-aa55-42b1-bbae-afdf789ca51c | Context users@openstack cleanup() finished in 5.35 sec
2020-04-07 20:44:41.701 1715 INFO rally.task.engine [-] Load duration is: 306.278206
2020-04-07 20:44:41.702 1715 INFO rally.task.engine [-] Full runner duration is: 308.328912
2020-04-07 20:44:41.705 1715 INFO rally.task.engine [-] Full duration is: 320.677804
2020-04-07 20:44:41.756 1715 INFO rally.task.engine [-] Running workload: position = 2 config = { "version": 2, "title": "A cropped version of a bigger task.", "description": "Auto-generated task from a single workload (uuid=6adec51f-13a2-4fae-8097-37913f4cbad8)", "subtasks": [ { "title": "HeatStacks.create_and_delete_stack", "description": "Create and then delete a stack.", "scenario": { "HeatStacks.create_and_delete_stack": { "template_path": "/usr/lib/python2.7/site-packages/functest/opnfv_tests/openstack/rally/scenario/templates/server_with_volume.yaml.template", "parameters": { "image": "rally_full-img_346131ef-a87f-4291-a333-88b3f583c266", "flavor": "rally_full-flavor_346131ef-a87f-4291-a333-88b3f583c266", "network_id": "26633733-3fd7-4d03-98bc-47db7ab97cce" } } }, "contexts": { "users": { "tenants": 3, "users_per_tenant": 2 }, "roles": [ "heat_stack_owner" ] }, "runner": { "constant": { "concurrency": 4, "times": 10 } }, "hooks": [], "sla": { "failure_rate": { "max": 0 } } } ] }
2020-04-07 20:44:41.784 1715 RALLYDEBUG rally_openstack.contexts.keystone.users [-] Creating 3 tenants using 20 threads
2020-04-07 20:44:42.254 1715 RALLYDEBUG rally_openstack.contexts.keystone.users [-] Creating 6 users using 20 threads
2020-04-07 20:44:44.267 1715 INFO rally.task.context [-] Task 259d02de-aa55-42b1-bbae-afdf789ca51c | Context users@openstack setup() finished in 2.48 sec
2020-04-07 20:44:44.531 1715 RALLYDEBUG rally_openstack.contexts.keystone.roles [-] Adding role heat_stack_owner having ID f2190d6da94b4ebcb6b61d255bd2e0e5 to all users using 30 threads
2020-04-07 20:44:46.513 1715 INFO rally.task.context [-] Task 259d02de-aa55-42b1-bbae-afdf789ca51c | Context roles@openstack setup() finished in 2.25 sec
2020-04-07 20:44:46.514 1715 INFO rally.task.context [-] Task 259d02de-aa55-42b1-bbae-afdf789ca51c | Context cleanup@openstack setup() finished in 0.02 msec
2020-04-07 20:44:46.524 1715 RALLYDEBUG rally.task.runner [-] Starting the constant runner (task UUID: 259d02de-aa55-42b1-bbae-afdf789ca51c). timeout: 0 concurrency: 4 concurrency_per_worker: 1 times: 10 concurrency_overhead: 0 processes_to_start: 4 max_cpu_used: 88
2020-04-07 20:44:46.535 2957 RALLYDEBUG rally.task.runner [-] Starting a worker. concurrency: 1 args: {"template_path": "heat_template_version: 2013-05-23\n\nparameters:\n # set all correct defaults for parameters before launch test\n image:\n type: string\n default: cirros-0.4.0-x86_64-uec\n flavor:\n type: string\n default: m1.tiny\n availability_zone:\n type: string\n description: The Availability Zone to launch the instance.\n default: nova\n volume_size:\n type: number\n description: Size of the volume to be created.\n default: 1\n constraints:\n - range: { min: 1, max: 1024 }\n description: must be between 1 and 1024 Gb.\n network_id:\n type: string\n\nresources:\n server:\n type: OS::Nova::Server\n properties:\n image: {get_param: image}\n flavor: {get_param: flavor}\n networks:\n - network: { get_param: network_id }\n cinder_volume:\n type: OS::Cinder::Volume\n properties:\n size: { get_param: volume_size }\n availability_zone: { get_param: availability_zone }\n volume_attachment:\n type: OS::Cinder::VolumeAttachment\n properties:\n volume_id: { get_resource: cinder_volume }\n instance_uuid: { get_resource: server}\n mountpoint: /dev/vdc\n", "parameters": {"image": "rally_full-img_346131ef-a87f-4291-a333-88b3f583c266", "flavor": "rally_full-flavor_346131ef-a87f-4291-a333-88b3f583c266", "network_id": "26633733-3fd7-4d03-98bc-47db7ab97cce"}} times: 10 method_name: run timeout: 0 duration: None cls:
2020-04-07 20:44:46.538 2958 RALLYDEBUG rally.task.runner [-] Starting a worker. concurrency: 1 args: {"template_path": "heat_template_version: 2013-05-23\n\nparameters:\n # set all correct defaults for parameters before launch test\n image:\n type: string\n default: cirros-0.4.0-x86_64-uec\n flavor:\n type: string\n default: m1.tiny\n availability_zone:\n type: string\n description: The Availability Zone to launch the instance.\n default: nova\n volume_size:\n type: number\n description: Size of the volume to be created.\n default: 1\n constraints:\n - range: { min: 1, max: 1024 }\n description: must be between 1 and 1024 Gb.\n network_id:\n type: string\n\nresources:\n server:\n type: OS::Nova::Server\n properties:\n image: {get_param: image}\n flavor: {get_param: flavor}\n networks:\n - network: { get_param: network_id }\n cinder_volume:\n type: OS::Cinder::Volume\n properties:\n size: { get_param: volume_size }\n availability_zone: { get_param: availability_zone }\n volume_attachment:\n type: OS::Cinder::VolumeAttachment\n properties:\n volume_id: { get_resource: cinder_volume }\n instance_uuid: { get_resource: server}\n mountpoint: /dev/vdc\n", "parameters": {"image": "rally_full-img_346131ef-a87f-4291-a333-88b3f583c266", "flavor": "rally_full-flavor_346131ef-a87f-4291-a333-88b3f583c266", "network_id": "26633733-3fd7-4d03-98bc-47db7ab97cce"}} times: 10 method_name: run timeout: 0 duration: None cls:
2020-04-07 20:44:46.542 2959 RALLYDEBUG rally.task.runner [-] Starting a worker. concurrency: 1 args: {"template_path": "heat_template_version: 2013-05-23\n\nparameters:\n # set all correct defaults for parameters before launch test\n image:\n type: string\n default: cirros-0.4.0-x86_64-uec\n flavor:\n type: string\n default: m1.tiny\n availability_zone:\n type: string\n description: The Availability Zone to launch the instance.\n default: nova\n volume_size:\n type: number\n description: Size of the volume to be created.\n default: 1\n constraints:\n - range: { min: 1, max: 1024 }\n description: must be between 1 and 1024 Gb.\n network_id:\n type: string\n\nresources:\n server:\n type: OS::Nova::Server\n properties:\n image: {get_param: image}\n flavor: {get_param: flavor}\n networks:\n - network: { get_param: network_id }\n cinder_volume:\n type: OS::Cinder::Volume\n properties:\n size: { get_param: volume_size }\n availability_zone: { get_param: availability_zone }\n volume_attachment:\n type: OS::Cinder::VolumeAttachment\n properties:\n volume_id: { get_resource: cinder_volume }\n instance_uuid: { get_resource: server}\n mountpoint: /dev/vdc\n", "parameters": {"image": "rally_full-img_346131ef-a87f-4291-a333-88b3f583c266", "flavor": "rally_full-flavor_346131ef-a87f-4291-a333-88b3f583c266", "network_id": "26633733-3fd7-4d03-98bc-47db7ab97cce"}} times: 10 method_name: run timeout: 0 duration: None cls:
2020-04-07 20:44:46.543 2957 INFO rally.task.runner [-] Task 259d02de-aa55-42b1-bbae-afdf789ca51c | ITER: 1 START
2020-04-07 20:44:46.546 2958 INFO rally.task.runner [-] Task 259d02de-aa55-42b1-bbae-afdf789ca51c | ITER: 2 START
2020-04-07 20:44:46.549 2959 INFO rally.task.runner [-] Task 259d02de-aa55-42b1-bbae-afdf789ca51c | ITER: 3 START
2020-04-07 20:44:46.555 2960 RALLYDEBUG rally.task.runner [-] Starting a worker. concurrency: 1 args: {"template_path": "heat_template_version: 2013-05-23\n\nparameters:\n # set all correct defaults for parameters before launch test\n image:\n type: string\n default: cirros-0.4.0-x86_64-uec\n flavor:\n type: string\n default: m1.tiny\n availability_zone:\n type: string\n description: The Availability Zone to launch the instance.\n default: nova\n volume_size:\n type: number\n description: Size of the volume to be created.\n default: 1\n constraints:\n - range: { min: 1, max: 1024 }\n description: must be between 1 and 1024 Gb.\n network_id:\n type: string\n\nresources:\n server:\n type: OS::Nova::Server\n properties:\n image: {get_param: image}\n flavor: {get_param: flavor}\n networks:\n - network: { get_param: network_id }\n cinder_volume:\n type: OS::Cinder::Volume\n properties:\n size: { get_param: volume_size }\n availability_zone: { get_param: availability_zone }\n volume_attachment:\n type: OS::Cinder::VolumeAttachment\n properties:\n volume_id: { get_resource: cinder_volume }\n instance_uuid: { get_resource: server}\n mountpoint: /dev/vdc\n", "parameters": {"image": "rally_full-img_346131ef-a87f-4291-a333-88b3f583c266", "flavor": "rally_full-flavor_346131ef-a87f-4291-a333-88b3f583c266", "network_id": "26633733-3fd7-4d03-98bc-47db7ab97cce"}} times: 10 method_name: run timeout: 0 duration: None cls:
2020-04-07 20:44:46.562 2960 INFO rally.task.runner [-] Task 259d02de-aa55-42b1-bbae-afdf789ca51c | ITER: 4 START
2020-04-07 20:45:37.080 2959 RALLYDEBUG rally.task.utils [-] Waiting for resource . Status changed: CREATE_IN_PROGRESS => CREATE_COMPLETE in 46.050632
2020-04-07 20:45:37.086 2957 RALLYDEBUG rally.task.utils [-] Waiting for resource . Status changed: CREATE_IN_PROGRESS => CREATE_COMPLETE in 45.9287028313
2020-04-07 20:45:38.358 2959 RALLYDEBUG rally.task.utils [-] Waiting for resource . Status changed: CREATE_COMPLETE => DELETE_IN_PROGRESS in 1.20573782921
2020-04-07 20:45:38.389 2957 RALLYDEBUG rally.task.utils [-] Waiting for resource . Status changed: CREATE_COMPLETE => DELETE_IN_PROGRESS in 1.23195099831
2020-04-07 20:45:39.439 2960 RALLYDEBUG rally.task.utils [-] Waiting for resource . Status changed: CREATE_IN_PROGRESS => CREATE_COMPLETE in 48.1869452
2020-04-07 20:45:39.501 2958 RALLYDEBUG rally.task.utils [-] Waiting for resource . Status changed: CREATE_IN_PROGRESS => CREATE_COMPLETE in 48.1981010437
2020-04-07 20:45:40.726 2960 RALLYDEBUG rally.task.utils [-] Waiting for resource . Status changed: CREATE_COMPLETE => DELETE_IN_PROGRESS in 1.21401190758
2020-04-07 20:45:40.744 2958 RALLYDEBUG rally.task.utils [-] Waiting for resource . Status changed: CREATE_COMPLETE => DELETE_IN_PROGRESS in 1.15956401825
2020-04-07 20:45:51.608 2957 INFO rally.task.runner [-] Task 259d02de-aa55-42b1-bbae-afdf789ca51c | ITER: 1 END: OK
2020-04-07 20:45:51.616 2957 INFO rally.task.runner [-] Task 259d02de-aa55-42b1-bbae-afdf789ca51c | ITER: 5 START
2020-04-07 20:45:53.673 2959 INFO rally.task.runner [-] Task 259d02de-aa55-42b1-bbae-afdf789ca51c | ITER: 3 END: OK
2020-04-07 20:45:53.681 2959 INFO rally.task.runner [-] Task 259d02de-aa55-42b1-bbae-afdf789ca51c | ITER: 6 START
2020-04-07 20:45:53.921 2958 INFO rally.task.runner [-] Task 259d02de-aa55-42b1-bbae-afdf789ca51c | ITER: 2 END: OK
2020-04-07 20:45:53.929 2958 INFO rally.task.runner [-] Task 259d02de-aa55-42b1-bbae-afdf789ca51c | ITER: 7 START
2020-04-07 20:45:53.930 2960 INFO rally.task.runner [-] Task 259d02de-aa55-42b1-bbae-afdf789ca51c | ITER: 4 END: OK
2020-04-07 20:45:53.937 2960 INFO rally.task.runner [-] Task 259d02de-aa55-42b1-bbae-afdf789ca51c | ITER: 8 START
2020-04-07 20:46:30.459 2959 RALLYDEBUG rally.task.utils [-] Waiting for resource . Status changed: CREATE_IN_PROGRESS => CREATE_COMPLETE in 32.1720428467
2020-04-07 20:46:30.612 2959 RALLYDEBUG rally.task.utils [-] Waiting for resource . Status changed: CREATE_COMPLETE => DELETE_IN_PROGRESS in 0.0885579586029
2020-04-07 20:46:35.906 2957 RALLYDEBUG rally.task.utils [-] Waiting for resource . Status changed: CREATE_IN_PROGRESS => CREATE_COMPLETE in 39.6977219582
2020-04-07 20:46:37.194 2957 RALLYDEBUG rally.task.utils [-] Waiting for resource . Status changed: CREATE_COMPLETE => DELETE_IN_PROGRESS in 1.19126796722
2020-04-07 20:46:42.659 2959 INFO rally.task.runner [-] Task 259d02de-aa55-42b1-bbae-afdf789ca51c | ITER: 6 END: OK
2020-04-07 20:46:42.665 2959 INFO rally.task.runner [-] Task 259d02de-aa55-42b1-bbae-afdf789ca51c | ITER: 9 START
2020-04-07 20:46:44.628 2960 RALLYDEBUG rally.task.utils [-] Waiting for resource . Status changed: CREATE_IN_PROGRESS => CREATE_COMPLETE in 46.2633569241
2020-04-07 20:46:45.873 2960 RALLYDEBUG rally.task.utils [-] Waiting for resource . Status changed: CREATE_COMPLETE => DELETE_IN_PROGRESS in 1.17675209045
2020-04-07 20:46:47.019 2957 INFO rally.task.runner [-] Task 259d02de-aa55-42b1-bbae-afdf789ca51c | ITER: 5 END: OK
2020-04-07 20:46:47.030 2957 INFO rally.task.runner [-] Task 259d02de-aa55-42b1-bbae-afdf789ca51c | ITER: 10 START
2020-04-07 20:46:47.818 2958 RALLYDEBUG rally.task.utils [-] Waiting for resource . Status changed: CREATE_IN_PROGRESS => CREATE_COMPLETE in 49.4083631039
2020-04-07 20:46:49.081 2958 RALLYDEBUG rally.task.utils [-] Waiting for resource . Status changed: CREATE_COMPLETE => DELETE_IN_PROGRESS in 1.17927908897
2020-04-07 20:46:56.821 2960 INFO rally.task.runner [-] Task 259d02de-aa55-42b1-bbae-afdf789ca51c | ITER: 8 END: OK
2020-04-07 20:46:58.865 2958 INFO rally.task.runner [-] Task 259d02de-aa55-42b1-bbae-afdf789ca51c | ITER: 7 END: OK
2020-04-07 20:47:21.894 2959 RALLYDEBUG rally.task.utils [-] Waiting for resource . Status changed: CREATE_IN_PROGRESS => CREATE_COMPLETE in 35.130284071
2020-04-07 20:47:22.786 2957 RALLYDEBUG rally.task.utils [-] Waiting for resource . Status changed: CREATE_IN_PROGRESS => CREATE_COMPLETE in 31.7925081253
2020-04-07 20:47:23.178 2959 RALLYDEBUG rally.task.utils [-] Waiting for resource . Status changed: CREATE_COMPLETE => DELETE_IN_PROGRESS in 1.20032691956
2020-04-07 20:47:24.059 2957 RALLYDEBUG rally.task.utils [-] Waiting for resource . Status changed: CREATE_COMPLETE => DELETE_IN_PROGRESS in 1.18772006035
2020-04-07 20:47:33.040 2959 INFO rally.task.runner [-] Task 259d02de-aa55-42b1-bbae-afdf789ca51c | ITER: 9 END: OK
2020-04-07 20:47:34.999 2957 INFO rally.task.runner [-] Task 259d02de-aa55-42b1-bbae-afdf789ca51c | ITER: 10 END: OK
2020-04-07 20:47:35.020 1715 INFO rally.task.context [-] Task 259d02de-aa55-42b1-bbae-afdf789ca51c | Context cleanup@openstack cleanup() started
2020-04-07 20:47:35.024 1715 RALLYDEBUG rally_openstack.cleanup.manager [-] Cleaning up heat stacks objects
2020-04-07 20:47:44.319 1715 INFO rally.task.context [-] Task 259d02de-aa55-42b1-bbae-afdf789ca51c | Context cleanup@openstack cleanup() finished in 9.30 sec
2020-04-07 20:47:44.319 1715 INFO rally.task.context [-] Task 259d02de-aa55-42b1-bbae-afdf789ca51c | Context roles@openstack cleanup() started
2020-04-07 20:47:44.319 1715 RALLYDEBUG rally_openstack.contexts.keystone.roles [-] Removing assigned role f2190d6da94b4ebcb6b61d255bd2e0e5 from all users
2020-04-07 20:48:00.261 1715 INFO rally.task.context [-] Task 259d02de-aa55-42b1-bbae-afdf789ca51c | Context roles@openstack cleanup() finished in 15.94 sec
2020-04-07 20:48:00.261 1715 INFO rally.task.context [-] Task 259d02de-aa55-42b1-bbae-afdf789ca51c | Context users@openstack cleanup() started
2020-04-07 20:48:05.388 1715 INFO rally.task.context [-] Task 259d02de-aa55-42b1-bbae-afdf789ca51c | Context users@openstack cleanup() finished in 5.13 sec
2020-04-07 20:48:06.530 1715 INFO rally.task.engine [-] Load duration is: 166.454455
2020-04-07 20:48:06.530 1715 INFO rally.task.engine [-] Full runner duration is: 168.496924
2020-04-07 20:48:06.531 1715 INFO rally.task.engine [-] Full duration is: 203.60761
2020-04-07 20:48:06.591 1715 INFO rally.task.engine [-] Running workload: position = 0 config = { "version": 2, "title": "A cropped version of a bigger task.", "description": "Auto-generated task from a single workload (uuid=b4e3af07-88cc-478b-8d95-e8656adf01d4)", "subtasks": [ { "title": "HeatStacks.create_and_list_stack", "description": "Create a stack and then list all stacks.", "scenario": { "HeatStacks.create_and_list_stack": { "template_path": "/usr/lib/python2.7/site-packages/functest/opnfv_tests/openstack/rally/scenario/templates/default.yaml.template" } }, "contexts": { "users": { "tenants": 3, "users_per_tenant": 2 }, "roles": [ "heat_stack_owner" ] }, "runner": { "constant": { "concurrency": 4, "times": 10 } }, "hooks": [], "sla": { "failure_rate": { "max": 0 } } } ] }
2020-04-07 20:48:06.615 1715 RALLYDEBUG rally_openstack.contexts.keystone.users [-] Creating 3 tenants using 20 threads
2020-04-07 20:48:07.275 1715 RALLYDEBUG rally_openstack.contexts.keystone.users [-] Creating 6 users using 20 threads
2020-04-07 20:48:08.746 1715 INFO rally.task.context [-] Task 259d02de-aa55-42b1-bbae-afdf789ca51c | Context users@openstack setup() finished in 2.13 sec
2020-04-07 20:48:08.992 1715 RALLYDEBUG rally_openstack.contexts.keystone.roles [-] Adding role heat_stack_owner having ID f2190d6da94b4ebcb6b61d255bd2e0e5 to all users using 30 threads
2020-04-07 20:48:11.077 1715 INFO rally.task.context [-] Task 259d02de-aa55-42b1-bbae-afdf789ca51c | Context roles@openstack setup() finished in 2.33 sec
2020-04-07 20:48:11.077 1715 INFO rally.task.context [-] Task 259d02de-aa55-42b1-bbae-afdf789ca51c | Context cleanup@openstack setup() finished in 0.01 msec
2020-04-07 20:48:11.087 1715 RALLYDEBUG rally.task.runner [-] Starting the constant runner (task UUID: 259d02de-aa55-42b1-bbae-afdf789ca51c). timeout: 0 concurrency: 4 concurrency_per_worker: 1 times: 10 concurrency_overhead: 0 processes_to_start: 4 max_cpu_used: 88
2020-04-07 20:48:11.099 3141 RALLYDEBUG rally.task.runner [-] Starting a worker. concurrency: 1 args: {"template_path": "heat_template_version: 2014-10-16"} times: 10 method_name: run timeout: 0 duration: None cls:
2020-04-07 20:48:11.102 3142 RALLYDEBUG rally.task.runner [-] Starting a worker. concurrency: 1 args: {"template_path": "heat_template_version: 2014-10-16"} times: 10 method_name: run timeout: 0 duration: None cls:
2020-04-07 20:48:11.107 3141 INFO rally.task.runner [-] Task 259d02de-aa55-42b1-bbae-afdf789ca51c | ITER: 1 START
2020-04-07 20:48:11.108 3144 RALLYDEBUG rally.task.runner [-] Starting a worker. concurrency: 1 args: {"template_path": "heat_template_version: 2014-10-16"} times: 10 method_name: run timeout: 0 duration: None cls:
2020-04-07 20:48:11.109 3142 INFO rally.task.runner [-] Task 259d02de-aa55-42b1-bbae-afdf789ca51c | ITER: 2 START
2020-04-07 20:48:11.114 3143 RALLYDEBUG rally.task.runner [-] Starting a worker. concurrency: 1 args: {"template_path": "heat_template_version: 2014-10-16"} times: 10 method_name: run timeout: 0 duration: None cls:
2020-04-07 20:48:11.117 3144 INFO rally.task.runner [-] Task 259d02de-aa55-42b1-bbae-afdf789ca51c | ITER: 3 START
2020-04-07 20:48:11.121 3143 INFO rally.task.runner [-] Task 259d02de-aa55-42b1-bbae-afdf789ca51c | ITER: 4 START
2020-04-07 20:48:14.941 3144 RALLYDEBUG rally.task.utils [-] Waiting for resource . Status changed: CREATE_IN_PROGRESS => CREATE_COMPLETE in 0.0928139686584
2020-04-07 20:48:15.007 3144 INFO rally.task.runner [-] Task 259d02de-aa55-42b1-bbae-afdf789ca51c | ITER: 3 END: OK
2020-04-07 20:48:15.013 3144 INFO rally.task.runner [-] Task 259d02de-aa55-42b1-bbae-afdf789ca51c | ITER: 5 START
2020-04-07 20:48:15.073 3142 RALLYDEBUG rally.task.utils [-] Waiting for resource . Status changed: CREATE_IN_PROGRESS => CREATE_COMPLETE in 0.0931429862976
2020-04-07 20:48:15.123 3142 INFO rally.task.runner [-] Task 259d02de-aa55-42b1-bbae-afdf789ca51c | ITER: 2 END: OK
2020-04-07 20:48:15.128 3142 INFO rally.task.runner [-] Task 259d02de-aa55-42b1-bbae-afdf789ca51c | ITER: 6 START
2020-04-07 20:48:15.185 3143 RALLYDEBUG rally.task.utils [-] Waiting for resource . Status changed: CREATE_IN_PROGRESS => CREATE_COMPLETE in 0.176866054535
2020-04-07 20:48:15.227 3143 INFO rally.task.runner [-] Task 259d02de-aa55-42b1-bbae-afdf789ca51c | ITER: 4 END: OK
2020-04-07 20:48:15.233 3143 INFO rally.task.runner [-] Task 259d02de-aa55-42b1-bbae-afdf789ca51c | ITER: 7 START
2020-04-07 20:48:16.240 3141 RALLYDEBUG rally.task.utils [-] Waiting for resource . Status changed: CREATE_IN_PROGRESS => CREATE_COMPLETE in 0.0832290649414
2020-04-07 20:48:16.301 3141 INFO rally.task.runner [-] Task 259d02de-aa55-42b1-bbae-afdf789ca51c | ITER: 1 END: OK
2020-04-07 20:48:16.306 3141 INFO rally.task.runner [-] Task 259d02de-aa55-42b1-bbae-afdf789ca51c | ITER: 8 START
2020-04-07 20:48:18.955 3144 RALLYDEBUG rally.task.utils [-] Waiting for resource . Status changed: CREATE_IN_PROGRESS => CREATE_COMPLETE in 0.0932049751282
2020-04-07 20:48:18.956 3142 RALLYDEBUG rally.task.utils [-] Waiting for resource . Status changed: CREATE_IN_PROGRESS => CREATE_COMPLETE in 0.0768520832062
2020-04-07 20:48:19.011 3144 INFO rally.task.runner [-] Task 259d02de-aa55-42b1-bbae-afdf789ca51c | ITER: 5 END: OK
2020-04-07 20:48:19.016 3144 INFO rally.task.runner [-] Task 259d02de-aa55-42b1-bbae-afdf789ca51c | ITER: 9 START
2020-04-07 20:48:19.028 3142 INFO rally.task.runner [-] Task 259d02de-aa55-42b1-bbae-afdf789ca51c | ITER: 6 END: OK
2020-04-07 20:48:19.033 3142 INFO rally.task.runner [-] Task 259d02de-aa55-42b1-bbae-afdf789ca51c | ITER: 10 START
2020-04-07 20:48:19.140 3143 RALLYDEBUG rally.task.utils [-] Waiting for resource . Status changed: CREATE_IN_PROGRESS => CREATE_COMPLETE in 0.100075006485
2020-04-07 20:48:19.196 3143 INFO rally.task.runner [-] Task 259d02de-aa55-42b1-bbae-afdf789ca51c | ITER: 7 END: OK
2020-04-07 20:48:19.539 3141 RALLYDEBUG rally.task.utils [-] Waiting for resource . Status changed: CREATE_IN_PROGRESS => CREATE_COMPLETE in 0.0923280715942
2020-04-07 20:48:19.599 3141 INFO rally.task.runner [-] Task 259d02de-aa55-42b1-bbae-afdf789ca51c | ITER: 8 END: OK
2020-04-07 20:48:23.405 3144 RALLYDEBUG rally.task.utils [-] Waiting for resource . Status changed: CREATE_IN_PROGRESS => CREATE_COMPLETE in 0.102488994598
2020-04-07 20:48:23.429 3142 RALLYDEBUG rally.task.utils [-] Waiting for resource . Status changed: CREATE_IN_PROGRESS => CREATE_COMPLETE in 0.0858829021454
2020-04-07 20:48:23.460 3144 INFO rally.task.runner [-] Task 259d02de-aa55-42b1-bbae-afdf789ca51c | ITER: 9 END: OK
2020-04-07 20:48:23.510 3142 INFO rally.task.runner [-] Task 259d02de-aa55-42b1-bbae-afdf789ca51c | ITER: 10 END: OK
2020-04-07 20:48:23.531 1715 INFO rally.task.context [-] Task 259d02de-aa55-42b1-bbae-afdf789ca51c | Context cleanup@openstack cleanup() started
2020-04-07 20:48:23.534 1715 RALLYDEBUG rally_openstack.cleanup.manager [-] Cleaning up heat stacks objects
2020-04-07 20:48:24.231 1715 RALLYDEBUG rally_openstack.cleanup.manager [-] Deleting heat.stacks object s_rally_b4e3af07_qaJnXAOI (33d6eb9a-bb0c-4955-9a16-d33a63c6c0a1)
2020-04-07 20:48:24.239 1715 RALLYDEBUG rally_openstack.cleanup.manager [-] Deleting heat.stacks object s_rally_b4e3af07_TTUvC6Ab (2dc7382c-0a31-4774-af9f-73ff1d5832d8)
2020-04-07 20:48:24.244 1715 RALLYDEBUG rally_openstack.cleanup.manager [-] Deleting heat.stacks object s_rally_b4e3af07_m6phm5iT (739f6bac-4cd3-4ee6-9952-9ca7ad9d8141)
2020-04-07 20:48:24.249 1715 RALLYDEBUG rally_openstack.cleanup.manager [-] Deleting heat.stacks object s_rally_b4e3af07_Co80qTXC (86e1a6f7-b46f-4d2a-bae7-dc9dcd287386)
2020-04-07 20:48:24.254 1715 RALLYDEBUG rally_openstack.cleanup.manager [-] Deleting heat.stacks object s_rally_b4e3af07_ZPQoa8dv (dd3611e1-f216-41b8-90cf-dc9310382987)
2020-04-07 20:48:24.268 1715 RALLYDEBUG rally_openstack.cleanup.manager [-] Deleting heat.stacks object s_rally_b4e3af07_8qgtX8DS (16e723b3-7abf-4c73-a1ff-7f6cc55817c4)
2020-04-07 20:48:24.276 1715 RALLYDEBUG rally_openstack.cleanup.manager [-] Deleting heat.stacks object s_rally_b4e3af07_7kHjWfHz (ba9bbe4a-608b-4179-a988-430a2c1702f6)
2020-04-07 20:48:24.288 1715 RALLYDEBUG rally_openstack.cleanup.manager [-] Deleting heat.stacks object s_rally_b4e3af07_utVRy0KK (5eaa348e-e0b1-4aad-8ea8-4c04bb4ac4cd)
2020-04-07 20:48:24.306 1715 RALLYDEBUG rally_openstack.cleanup.manager [-] Deleting heat.stacks object s_rally_b4e3af07_01yUyTvB (d2487ee7-6e7f-4025-b481-cd338ce2c26d)
2020-04-07 20:48:24.340 1715 RALLYDEBUG rally_openstack.cleanup.manager [-] Deleting heat.stacks object s_rally_b4e3af07_6hHtFVmc (a6d7b5ba-c262-4874-a7cd-c6abfe10983f)
2020-04-07 20:48:30.522 1715 INFO rally.task.context [-] Task 259d02de-aa55-42b1-bbae-afdf789ca51c | Context cleanup@openstack cleanup() finished in 6.99 sec
2020-04-07 20:48:30.523 1715 INFO rally.task.context [-] Task 259d02de-aa55-42b1-bbae-afdf789ca51c | Context roles@openstack cleanup() started
2020-04-07 20:48:30.523 1715 RALLYDEBUG rally_openstack.contexts.keystone.roles [-] Removing assigned role f2190d6da94b4ebcb6b61d255bd2e0e5 from all users
2020-04-07 20:48:33.864 1715 INFO rally.task.context [-] Task 259d02de-aa55-42b1-bbae-afdf789ca51c | Context roles@openstack cleanup() finished in 3.34 sec
2020-04-07 20:48:33.865 1715 INFO rally.task.context [-] Task 259d02de-aa55-42b1-bbae-afdf789ca51c | Context users@openstack cleanup() started
2020-04-07 20:49:24.051 1715 INFO rally.task.context [-] Task 259d02de-aa55-42b1-bbae-afdf789ca51c | Context users@openstack cleanup() finished in 50.19 sec
2020-04-07 20:49:24.964 1715 INFO rally.task.engine [-] Load duration is: 10.402544
2020-04-07 20:49:24.965 1715 INFO rally.task.engine [-] Full runner duration is: 12.44443
2020-04-07 20:49:24.965 1715 INFO rally.task.engine [-] Full duration is: 77.43844
2020-04-07 20:49:25.024 1715 INFO rally.task.engine [-] Running workload: position = 0 config = { "version": 2, "title": "A cropped version of a bigger task.", "description": "Auto-generated task from a single workload (uuid=3ccb1f7f-9793-4d12-9d61-4aa51ede4713)", "subtasks": [ { "title": "HeatStacks.create_update_delete_stack", "description": "Create, update and then delete a stack.", "scenario": { "HeatStacks.create_update_delete_stack": { "template_path": "/usr/lib/python2.7/site-packages/functest/opnfv_tests/openstack/rally/scenario/templates/random_strings.yaml.template", "updated_template_path": "/usr/lib/python2.7/site-packages/functest/opnfv_tests/openstack/rally/scenario/templates/updated_random_strings_add.yaml.template" } }, "contexts": { "users": { "tenants": 3, "users_per_tenant": 2 }, "roles": [ "heat_stack_owner" ] }, "runner": { "constant": { "concurrency": 4, "times": 10 } }, "hooks": [], "sla": { "failure_rate": { "max": 0 } } } ] }
2020-04-07 20:49:25.048 1715 RALLYDEBUG rally_openstack.contexts.keystone.users [-] Creating 3 tenants using 20 threads
2020-04-07 20:49:26.582 1715 RALLYDEBUG rally_openstack.contexts.keystone.users [-] Creating 6 users using 20 threads
2020-04-07 20:49:28.872 1715 INFO rally.task.context [-] Task 259d02de-aa55-42b1-bbae-afdf789ca51c | Context users@openstack setup() finished in 3.82 sec
2020-04-07 20:49:29.117 1715 RALLYDEBUG rally_openstack.contexts.keystone.roles [-] Adding role heat_stack_owner having ID f2190d6da94b4ebcb6b61d255bd2e0e5 to all users using 30 threads
2020-04-07 20:49:31.241 1715 INFO rally.task.context [-] Task 259d02de-aa55-42b1-bbae-afdf789ca51c | Context roles@openstack setup() finished in 2.37 sec
2020-04-07 20:49:31.241 1715 INFO rally.task.context [-] Task 259d02de-aa55-42b1-bbae-afdf789ca51c | Context cleanup@openstack setup() finished in 0.01 msec
2020-04-07 20:49:31.251 1715 RALLYDEBUG rally.task.runner [-] Starting the constant runner (task UUID: 259d02de-aa55-42b1-bbae-afdf789ca51c). timeout: 0 concurrency: 4 concurrency_per_worker: 1 times: 10 concurrency_overhead: 0 processes_to_start: 4 max_cpu_used: 88
2020-04-07 20:49:31.263 3325 RALLYDEBUG rally.task.runner [-] Starting a worker. concurrency: 1 args: {"template_path": "heat_template_version: 2014-10-16\n\ndescription: Test template for rally create-update-delete scenario\n\nresources:\n test_string_one:\n type: OS::Heat::RandomString\n properties:\n length: 20\n test_string_two:\n type: OS::Heat::RandomString\n properties:\n length: 20", "updated_template_path": "heat_template_version: 2014-10-16\n\ndescription: >\n Test template for create-update-delete-stack scenario in rally.\n The template updates the stack defined by random_strings.yaml.template with additional resource.\n\nresources:\n test_string_one:\n type: OS::Heat::RandomString\n properties:\n length: 20\n test_string_two:\n type: OS::Heat::RandomString\n properties:\n length: 20\n test_string_three:\n type: OS::Heat::RandomString\n properties:\n length: 20"} times: 10 method_name: run timeout: 0 duration: None cls:
2020-04-07 20:49:31.267 3326 RALLYDEBUG rally.task.runner [-] Starting a worker. concurrency: 1 args: {"template_path": "heat_template_version: 2014-10-16\n\ndescription: Test template for rally create-update-delete scenario\n\nresources:\n test_string_one:\n type: OS::Heat::RandomString\n properties:\n length: 20\n test_string_two:\n type: OS::Heat::RandomString\n properties:\n length: 20", "updated_template_path": "heat_template_version: 2014-10-16\n\ndescription: >\n Test template for create-update-delete-stack scenario in rally.\n The template updates the stack defined by random_strings.yaml.template with additional resource.\n\nresources:\n test_string_one:\n type: OS::Heat::RandomString\n properties:\n length: 20\n test_string_two:\n type: OS::Heat::RandomString\n properties:\n length: 20\n test_string_three:\n type: OS::Heat::RandomString\n properties:\n length: 20"} times: 10 method_name: run timeout: 0 duration: None cls:
2020-04-07 20:49:31.269 3327 RALLYDEBUG rally.task.runner [-] Starting a worker. concurrency: 1 args: {"template_path": "heat_template_version: 2014-10-16\n\ndescription: Test template for rally create-update-delete scenario\n\nresources:\n test_string_one:\n type: OS::Heat::RandomString\n properties:\n length: 20\n test_string_two:\n type: OS::Heat::RandomString\n properties:\n length: 20", "updated_template_path": "heat_template_version: 2014-10-16\n\ndescription: >\n Test template for create-update-delete-stack scenario in rally.\n The template updates the stack defined by random_strings.yaml.template with additional resource.\n\nresources:\n test_string_one:\n type: OS::Heat::RandomString\n properties:\n length: 20\n test_string_two:\n type: OS::Heat::RandomString\n properties:\n length: 20\n test_string_three:\n type: OS::Heat::RandomString\n properties:\n length: 20"} times: 10 method_name: run timeout: 0 duration: None cls:
2020-04-07 20:49:31.271 3325 INFO rally.task.runner [-] Task 259d02de-aa55-42b1-bbae-afdf789ca51c | ITER: 1 START
2020-04-07 20:49:31.274 3326 INFO rally.task.runner [-] Task 259d02de-aa55-42b1-bbae-afdf789ca51c | ITER: 2 START
2020-04-07 20:49:31.277 3327 INFO rally.task.runner [-] Task 259d02de-aa55-42b1-bbae-afdf789ca51c | ITER: 3 START
2020-04-07 20:49:31.282 3328 RALLYDEBUG rally.task.runner [-] Starting a worker. concurrency: 1 args: {"template_path": "heat_template_version: 2014-10-16\n\ndescription: Test template for rally create-update-delete scenario\n\nresources:\n test_string_one:\n type: OS::Heat::RandomString\n properties:\n length: 20\n test_string_two:\n type: OS::Heat::RandomString\n properties:\n length: 20", "updated_template_path": "heat_template_version: 2014-10-16\n\ndescription: >\n Test template for create-update-delete-stack scenario in rally.\n The template updates the stack defined by random_strings.yaml.template with additional resource.\n\nresources:\n test_string_one:\n type: OS::Heat::RandomString\n properties:\n length: 20\n test_string_two:\n type: OS::Heat::RandomString\n properties:\n length: 20\n test_string_three:\n type: OS::Heat::RandomString\n properties:\n length: 20"} times: 10 method_name: run timeout: 0 duration: None cls:
2020-04-07 20:49:31.289 3328 INFO rally.task.runner [-] Task 259d02de-aa55-42b1-bbae-afdf789ca51c | ITER: 4 START
2020-04-07 20:49:40.446 3328 RALLYDEBUG rally.task.utils [-] Waiting for resource . Status changed: CREATE_IN_PROGRESS => CREATE_COMPLETE in 5.58513188362
2020-04-07 20:49:40.567 3326 RALLYDEBUG rally.task.utils [-] Waiting for resource . Status changed: CREATE_IN_PROGRESS => CREATE_COMPLETE in 5.55940103531
2020-04-07 20:49:40.947 3325 RALLYDEBUG rally.task.utils [-] Waiting for resource . Status changed: CREATE_IN_PROGRESS => CREATE_COMPLETE in 5.54689002037
2020-04-07 20:49:43.168 3328 RALLYDEBUG rally.task.utils [-] Waiting for resource . Status changed: CREATE_COMPLETE => UPDATE_IN_PROGRESS in 0.106944084167
2020-04-07 20:49:43.199 3326 RALLYDEBUG rally.task.utils [-] Waiting for resource . Status changed: CREATE_COMPLETE => UPDATE_IN_PROGRESS in 0.0976209640503
2020-04-07 20:49:44.066 3325 RALLYDEBUG rally.task.utils [-] Waiting for resource . Status changed: CREATE_COMPLETE => UPDATE_IN_PROGRESS in 0.0872328281403
2020-04-07 20:49:46.353 3327 RALLYDEBUG rally.task.utils [-] Waiting for resource . Status changed: CREATE_IN_PROGRESS => CREATE_COMPLETE in 4.53354907036
2020-04-07 20:49:49.559 3327 RALLYDEBUG rally.task.utils [-] Waiting for resource . Status changed: CREATE_COMPLETE => UPDATE_IN_PROGRESS in 0.10293006897
2020-04-07 20:49:53.029 3328 RALLYDEBUG rally.task.utils [-] Waiting for resource . Status changed: UPDATE_IN_PROGRESS => UPDATE_COMPLETE in 9.86076784134
2020-04-07 20:49:53.197 3328 RALLYDEBUG rally.task.utils [-] Waiting for resource . Status changed: CREATE_COMPLETE => UPDATE_COMPLETE in 0.0908350944519
2020-04-07 20:49:54.047 3325 RALLYDEBUG rally.task.utils [-] Waiting for resource . Status changed: UPDATE_IN_PROGRESS => UPDATE_COMPLETE in 9.98064303398
2020-04-07 20:49:54.194 3326 RALLYDEBUG rally.task.utils [-] Waiting for resource . Status changed: UPDATE_IN_PROGRESS => UPDATE_COMPLETE in 10.9954969883
2020-04-07 20:49:54.237 3325 RALLYDEBUG rally.task.utils [-] Waiting for resource . Status changed: CREATE_COMPLETE => UPDATE_COMPLETE in 0.107338905334
2020-04-07 20:49:54.298 3328 RALLYDEBUG rally.task.utils [-] Waiting for resource . Status changed: UPDATE_COMPLETE => DELETE_IN_PROGRESS in 1.10070300102
2020-04-07 20:49:54.364 3326 RALLYDEBUG rally.task.utils [-] Waiting for resource . Status changed: CREATE_COMPLETE => UPDATE_COMPLETE in 0.0962860584259
2020-04-07 20:49:55.327 3325 RALLYDEBUG rally.task.utils [-] Waiting for resource . Status changed: UPDATE_COMPLETE => DELETE_IN_PROGRESS in 1.08999800682
2020-04-07 20:49:55.454 3326 RALLYDEBUG rally.task.utils [-] Waiting for resource . Status changed: UPDATE_COMPLETE => DELETE_IN_PROGRESS in 1.08933997154
2020-04-07 20:49:58.402 3327 RALLYDEBUG rally.task.utils [-] Waiting for resource . Status changed: UPDATE_IN_PROGRESS => UPDATE_COMPLETE in 8.8433880806
2020-04-07 20:49:58.568 3327 RALLYDEBUG rally.task.utils [-] Waiting for resource . Status changed: CREATE_COMPLETE => UPDATE_COMPLETE in 0.0894949436188
2020-04-07 20:49:59.692 3327 RALLYDEBUG rally.task.utils [-] Waiting for resource . Status changed: UPDATE_COMPLETE => DELETE_IN_PROGRESS in 1.12368702888
2020-04-07 20:50:02.027 3328 INFO rally.task.runner [-] Task 259d02de-aa55-42b1-bbae-afdf789ca51c | ITER: 4 END: OK
2020-04-07 20:50:02.036 3328 INFO rally.task.runner [-] Task 259d02de-aa55-42b1-bbae-afdf789ca51c | ITER: 5 START
2020-04-07 20:50:02.068 3326 INFO rally.task.runner [-] Task 259d02de-aa55-42b1-bbae-afdf789ca51c | ITER: 2 END: OK
2020-04-07 20:50:02.077 3326 INFO rally.task.runner [-] Task 259d02de-aa55-42b1-bbae-afdf789ca51c | ITER: 6 START
2020-04-07 20:50:02.989 3325 INFO rally.task.runner [-] Task 259d02de-aa55-42b1-bbae-afdf789ca51c | ITER: 1 END: OK
2020-04-07 20:50:02.996 3325 INFO rally.task.runner [-] Task 259d02de-aa55-42b1-bbae-afdf789ca51c | ITER: 7 START
2020-04-07 20:50:05.173 3327 INFO rally.task.runner [-] Task 259d02de-aa55-42b1-bbae-afdf789ca51c | ITER: 3 END: OK
2020-04-07 20:50:05.180 3327 INFO rally.task.runner [-] Task 259d02de-aa55-42b1-bbae-afdf789ca51c | ITER: 8 START
2020-04-07 20:50:10.641 3326 RALLYDEBUG rally.task.utils [-] Waiting for resource . Status changed: CREATE_IN_PROGRESS => CREATE_COMPLETE in 3.38499188423
2020-04-07 20:50:10.701 3328 RALLYDEBUG rally.task.utils [-] Waiting for resource . Status changed: CREATE_IN_PROGRESS => CREATE_COMPLETE in 3.34353590012
2020-04-07 20:50:11.401 3325 RALLYDEBUG rally.task.utils [-] Waiting for resource . Status changed: CREATE_IN_PROGRESS => CREATE_COMPLETE in 3.41345500946
2020-04-07 20:50:14.611 3326 RALLYDEBUG rally.task.utils [-] Waiting for resource . Status changed: CREATE_COMPLETE => UPDATE_IN_PROGRESS in 0.103353023529
2020-04-07 20:50:14.640 3328 RALLYDEBUG rally.task.utils [-] Waiting for resource . Status changed: CREATE_COMPLETE => UPDATE_IN_PROGRESS in 0.105643033981
2020-04-07 20:50:14.782 3325 RALLYDEBUG rally.task.utils [-] Waiting for resource . Status changed: CREATE_COMPLETE => UPDATE_IN_PROGRESS in 0.098475933075
2020-04-07 20:50:16.049 3327 RALLYDEBUG rally.task.utils [-] Waiting for resource . Status changed: CREATE_IN_PROGRESS => CREATE_COMPLETE in 5.54066896439
2020-04-07 20:50:18.795 3327 RALLYDEBUG rally.task.utils [-] Waiting for resource . Status changed: CREATE_COMPLETE => UPDATE_IN_PROGRESS in 0.0792741775513
2020-04-07 20:50:20.211 3325 RALLYDEBUG rally.task.utils [-] Waiting for resource . Status changed: UPDATE_IN_PROGRESS => UPDATE_COMPLETE in 5.4295270443
2020-04-07 20:50:20.366 3325 RALLYDEBUG rally.task.utils [-] Waiting for resource . Status changed: CREATE_COMPLETE => UPDATE_COMPLETE in 0.0822529792786
2020-04-07 20:50:21.177 3326 RALLYDEBUG rally.task.utils [-] Waiting for resource . Status changed: UPDATE_IN_PROGRESS => UPDATE_COMPLETE in 6.56571507454
2020-04-07 20:50:21.201 3328 RALLYDEBUG rally.task.utils [-] Waiting for resource . Status changed: UPDATE_IN_PROGRESS => UPDATE_COMPLETE in 6.56032085419
2020-04-07 20:50:21.341 3326 RALLYDEBUG rally.task.utils [-] Waiting for resource . Status changed: CREATE_COMPLETE => UPDATE_COMPLETE in 0.0997679233551
2020-04-07 20:50:21.365 3328 RALLYDEBUG rally.task.utils [-] Waiting for resource . Status changed: CREATE_COMPLETE => UPDATE_COMPLETE in 0.0890281200409
2020-04-07 20:50:21.450 3325 RALLYDEBUG rally.task.utils [-] Waiting for resource . Status changed: UPDATE_COMPLETE => DELETE_IN_PROGRESS in 1.08461689949
2020-04-07 20:50:22.441 3326 RALLYDEBUG rally.task.utils [-] Waiting for resource . Status changed: UPDATE_COMPLETE => DELETE_IN_PROGRESS in 1.10001301765
2020-04-07 20:50:22.489 3328 RALLYDEBUG rally.task.utils [-] Waiting for resource . Status changed: UPDATE_COMPLETE => DELETE_IN_PROGRESS in 1.12346696854
2020-04-07 20:50:25.372 3327 RALLYDEBUG rally.task.utils [-] Waiting for resource . Status changed: UPDATE_IN_PROGRESS => UPDATE_COMPLETE in 6.57654690742
2020-04-07 20:50:25.546 3327 RALLYDEBUG rally.task.utils [-] Waiting for resource . Status changed: CREATE_COMPLETE => UPDATE_COMPLETE in 0.088830947876
2020-04-07 20:50:25.814 3325 INFO rally.task.runner [-] Task 259d02de-aa55-42b1-bbae-afdf789ca51c | ITER: 7 END: OK
2020-04-07 20:50:25.819 3325 INFO rally.task.runner [-] Task 259d02de-aa55-42b1-bbae-afdf789ca51c | ITER: 9 START
2020-04-07 20:50:26.646 3327 RALLYDEBUG rally.task.utils [-] Waiting for resource . Status changed: UPDATE_COMPLETE => DELETE_IN_PROGRESS in 1.1000161171
2020-04-07 20:50:26.813 3326 INFO rally.task.runner [-] Task 259d02de-aa55-42b1-bbae-afdf789ca51c | ITER: 6 END: OK
2020-04-07 20:50:26.820 3326 INFO rally.task.runner [-] Task 259d02de-aa55-42b1-bbae-afdf789ca51c | ITER: 10 START
2020-04-07 20:50:26.861 3328 INFO rally.task.runner [-] Task 259d02de-aa55-42b1-bbae-afdf789ca51c | ITER: 5 END: OK
2020-04-07 20:50:31.038 3327 INFO rally.task.runner [-] Task 259d02de-aa55-42b1-bbae-afdf789ca51c | ITER: 8 END: OK
2020-04-07 20:50:32.002 3325 RALLYDEBUG rally.task.utils [-] Waiting for resource . Status changed: CREATE_IN_PROGRESS => CREATE_COMPLETE in 2.29164814949
2020-04-07 20:50:34.779 3325 RALLYDEBUG rally.task.utils [-] Waiting for resource . Status changed: CREATE_COMPLETE => UPDATE_IN_PROGRESS in 0.101389884949
2020-04-07 20:50:38.077 3325 RALLYDEBUG rally.task.utils [-] Waiting for resource . Status changed: UPDATE_IN_PROGRESS => UPDATE_COMPLETE in 3.29739809036
2020-04-07 20:50:38.238 3325 RALLYDEBUG rally.task.utils [-] Waiting for resource . Status changed: CREATE_COMPLETE => UPDATE_COMPLETE in 0.0931780338287
2020-04-07 20:50:39.349 3325 RALLYDEBUG rally.task.utils [-] Waiting for resource . Status changed: UPDATE_COMPLETE => DELETE_IN_PROGRESS in 1.11092591286
2020-04-07 20:50:42.623 3325 INFO rally.task.runner [-] Task 259d02de-aa55-42b1-bbae-afdf789ca51c | ITER: 9 END: OK
2020-04-07 20:50:45.476 3326 RALLYDEBUG rally.task.utils [-] Waiting for resource . Status changed: CREATE_IN_PROGRESS => CREATE_COMPLETE in 1.19399690628
2020-04-07 20:50:49.087 3326 RALLYDEBUG rally.task.utils [-] Waiting for resource . Status changed: CREATE_COMPLETE => UPDATE_IN_PROGRESS in 0.0953068733215
2020-04-07 20:50:51.284 3326 RALLYDEBUG rally.task.utils [-] Waiting for resource . Status changed: UPDATE_IN_PROGRESS => UPDATE_COMPLETE in 2.196185112
2020-04-07 20:50:51.473 3326 RALLYDEBUG rally.task.utils [-] Waiting for resource . Status changed: CREATE_COMPLETE => DELETE_IN_PROGRESS in 0.109125852585
2020-04-07 20:50:55.869 3326 INFO rally.task.runner [-] Task 259d02de-aa55-42b1-bbae-afdf789ca51c | ITER: 10 END: OK
2020-04-07 20:50:55.893 1715 INFO rally.task.context [-] Task 259d02de-aa55-42b1-bbae-afdf789ca51c | Context cleanup@openstack cleanup() started
2020-04-07 20:50:55.896 1715 RALLYDEBUG rally_openstack.cleanup.manager [-] Cleaning up heat stacks objects
2020-04-07 20:51:03.089 1715 RALLYDEBUG rally_openstack.cleanup.manager [-] Deleting heat.stacks object s_rally_3ccb1f7f_hMdmnRgA (f5a550bc-9211-4c41-ac13-49f8ae2d3582)
2020-04-07 20:51:03.622 1715 ERROR rally_openstack.cleanup.manager [-] Resource deletion failed, max retries exceeded for heat.stacks: f5a550bc-9211-4c41-ac13-49f8ae2d3582.: HTTPNotFound: ERROR: The Stack (s_rally_3ccb1f7f_hMdmnRgA) could not be found.
2020-04-07 20:51:03.622 1715 ERROR rally_openstack.cleanup.manager
Traceback (most recent call last):
2020-04-07 20:51:03.622 1715 ERROR rally_openstack.cleanup.manager
File "/usr/lib/python2.7/site-packages/rally_openstack/cleanup/manager.py", line 85, in _delete_single_resource
2020-04-07 20:51:03.622 1715 ERROR rally_openstack.cleanup.manager rutils.retry(resource._max_attempts, resource.delete)
2020-04-07 20:51:03.622 1715 ERROR rally_openstack.cleanup.manager
File "/usr/lib/python2.7/site-packages/rally/common/utils.py", line 230, in retry
2020-04-07 20:51:03.622 1715 ERROR rally_openstack.cleanup.manager return func(*args, **kwargs)
2020-04-07 20:51:03.622 1715 ERROR rally_openstack.cleanup.manager
File "/usr/lib/python2.7/site-packages/rally_openstack/cleanup/base.py", line 129, in delete
2020-04-07 20:51:03.622 1715 ERROR rally_openstack.cleanup.manager self._manager().delete(self.id())
2020-04-07 20:51:03.622 1715 ERROR rally_openstack.cleanup.manager
File "/usr/lib/python2.7/site-packages/heatclient/v1/stacks.py", line 201, in delete
2020-04-07 20:51:03.622 1715 ERROR rally_openstack.cleanup.manager self._delete("/stacks/%s" % stack_id)
2020-04-07 20:51:03.622 1715 ERROR rally_openstack.cleanup.manager
File "/usr/lib/python2.7/site-packages/heatclient/common/base.py", line 207, in _delete
2020-04-07 20:51:03.622 1715 ERROR rally_openstack.cleanup.manager return self.client.delete(url)
2020-04-07 20:51:03.622 1715 ERROR rally_openstack.cleanup.manager
File "/usr/lib/python2.7/site-packages/keystoneauth1/adapter.py", line 343, in delete
2020-04-07 20:51:03.622 1715 ERROR rally_openstack.cleanup.manager return self.request(url, 'DELETE', **kwargs)
