2020-04-07 21:03:32.763 1715 INFO rally.task.engine [-] Running workload: position = 0 config = { "version": 2, "title": "A cropped version of a bigger task.", "description": "Auto-generated task from a single workload (uuid=90310b65-bb14-44d9-83d9-0c9b8a53377a)", "subtasks": [ { "title": "HeatStacks.create_check_delete_stack", "description": "Create, check and delete a stack.", "scenario": { "HeatStacks.create_check_delete_stack": { "template_path": "/usr/lib/python2.7/site-packages/functest/opnfv_tests/openstack/rally/scenario/templates/random_strings.yaml.template" } }, "contexts": { "users": { "tenants": 3, "users_per_tenant": 2 }, "roles": [ "heat_stack_owner" ] }, "runner": { "constant": { "concurrency": 4, "times": 10 } }, "hooks": [], "sla": { "failure_rate": { "max": 0 } } } ] }
2020-04-07 21:03:32.787 1715 RALLYDEBUG rally_openstack.contexts.keystone.users [-] Creating 3 tenants using 20 threads
2020-04-07 21:03:34.782 1715 RALLYDEBUG rally_openstack.contexts.keystone.users [-] Creating 6 users using 20 threads
2020-04-07 21:03:39.183 1715 INFO rally.task.context [-] Task 259d02de-aa55-42b1-bbae-afdf789ca51c | Context users@openstack setup() finished in 6.40 sec
2020-04-07 21:03:39.427 1715 RALLYDEBUG rally_openstack.contexts.keystone.roles [-] Adding role heat_stack_owner having ID f2190d6da94b4ebcb6b61d255bd2e0e5 to all users using 30 threads
2020-04-07 21:03:50.346 1715 INFO rally.task.context [-] Task 259d02de-aa55-42b1-bbae-afdf789ca51c | Context roles@openstack setup() finished in 11.16 sec
2020-04-07 21:03:50.346 1715 INFO rally.task.context [-] Task 259d02de-aa55-42b1-bbae-afdf789ca51c | Context cleanup@openstack setup() finished in 0.01 msec
2020-04-07 21:03:50.356 1715 RALLYDEBUG rally.task.runner [-] Starting the constant runner (task UUID: 259d02de-aa55-42b1-bbae-afdf789ca51c). timeout: 0 concurrency: 4 concurrency_per_worker: 1 times: 10 concurrency_overhead: 0 processes_to_start: 4 max_cpu_used: 88
2020-04-07 21:03:50.368 4429 RALLYDEBUG rally.task.runner [-] Starting a worker. concurrency: 1 args: {"template_path": "heat_template_version: 2014-10-16\n\ndescription: Test template for rally create-update-delete scenario\n\nresources:\n test_string_one:\n type: OS::Heat::RandomString\n properties:\n length: 20\n test_string_two:\n type: OS::Heat::RandomString\n properties:\n length: 20"} times: 10 method_name: run timeout: 0 duration: None cls:
2020-04-07 21:03:50.371 4430 RALLYDEBUG rally.task.runner [-] Starting a worker. concurrency: 1 args: {"template_path": "heat_template_version: 2014-10-16\n\ndescription: Test template for rally create-update-delete scenario\n\nresources:\n test_string_one:\n type: OS::Heat::RandomString\n properties:\n length: 20\n test_string_two:\n type: OS::Heat::RandomString\n properties:\n length: 20"} times: 10 method_name: run timeout: 0 duration: None cls:
2020-04-07 21:03:50.375 4431 RALLYDEBUG rally.task.runner [-] Starting a worker. concurrency: 1 args: {"template_path": "heat_template_version: 2014-10-16\n\ndescription: Test template for rally create-update-delete scenario\n\nresources:\n test_string_one:\n type: OS::Heat::RandomString\n properties:\n length: 20\n test_string_two:\n type: OS::Heat::RandomString\n properties:\n length: 20"} times: 10 method_name: run timeout: 0 duration: None cls:
2020-04-07 21:03:50.376 4429 INFO rally.task.runner [-] Task 259d02de-aa55-42b1-bbae-afdf789ca51c | ITER: 1 START
2020-04-07 21:03:50.378 4432 RALLYDEBUG rally.task.runner [-] Starting a worker. concurrency: 1 args: {"template_path": "heat_template_version: 2014-10-16\n\ndescription: Test template for rally create-update-delete scenario\n\nresources:\n test_string_one:\n type: OS::Heat::RandomString\n properties:\n length: 20\n test_string_two:\n type: OS::Heat::RandomString\n properties:\n length: 20"} times: 10 method_name: run timeout: 0 duration: None cls:
2020-04-07 21:03:50.379 4430 INFO rally.task.runner [-] Task 259d02de-aa55-42b1-bbae-afdf789ca51c | ITER: 2 START
2020-04-07 21:03:50.385 4432 INFO rally.task.runner [-] Task 259d02de-aa55-42b1-bbae-afdf789ca51c | ITER: 4 START
2020-04-07 21:03:50.388 4431 INFO rally.task.runner [-] Task 259d02de-aa55-42b1-bbae-afdf789ca51c | ITER: 3 START
2020-04-07 21:04:12.019 4431 RALLYDEBUG rally.task.utils [-] Waiting for resource . Status changed: CREATE_IN_PROGRESS => CREATE_COMPLETE in 0.0905039310455
2020-04-07 21:04:13.375 4431 RALLYDEBUG rally.task.utils [-] Waiting for resource . Status changed: CREATE_COMPLETE => CHECK_COMPLETE in 1.19073796272
2020-04-07 21:04:13.611 4431 RALLYDEBUG rally.task.utils [-] Waiting for resource . Status changed: CREATE_COMPLETE => DELETE_IN_PROGRESS in 0.168207883835
2020-04-07 21:04:14.636 4429 RALLYDEBUG rally.task.utils [-] Waiting for resource . Status changed: CREATE_IN_PROGRESS => CREATE_COMPLETE in 0.0895957946777
2020-04-07 21:04:15.783 4431 INFO rally.task.runner [-] Task 259d02de-aa55-42b1-bbae-afdf789ca51c | ITER: 3 END: OK
2020-04-07 21:04:15.789 4431 INFO rally.task.runner [-] Task 259d02de-aa55-42b1-bbae-afdf789ca51c | ITER: 5 START
2020-04-07 21:04:15.956 4429 RALLYDEBUG rally.task.utils [-] Waiting for resource . Status changed: CREATE_COMPLETE => CHECK_COMPLETE in 1.19530487061
2020-04-07 21:04:16.118 4429 RALLYDEBUG rally.task.utils [-] Waiting for resource . Status changed: CREATE_COMPLETE => CHECK_COMPLETE in 0.0868060588837
2020-04-07 21:04:17.234 4429 RALLYDEBUG rally.task.utils [-] Waiting for resource . Status changed: CHECK_COMPLETE => DELETE_IN_PROGRESS in 1.11607193947
2020-04-07 21:04:18.802 4430 RALLYDEBUG rally.task.utils [-] Waiting for resource . Status changed: CREATE_IN_PROGRESS => CREATE_COMPLETE in 1.20371794701
2020-04-07 21:04:19.401 4429 INFO rally.task.runner [-] Task 259d02de-aa55-42b1-bbae-afdf789ca51c | ITER: 1 END: OK
2020-04-07 21:04:19.409 4429 INFO rally.task.runner [-] Task 259d02de-aa55-42b1-bbae-afdf789ca51c | ITER: 6 START
2020-04-07 21:04:20.107 4430 RALLYDEBUG rally.task.utils [-] Waiting for resource . Status changed: CREATE_COMPLETE => CHECK_COMPLETE in 1.18390202522
2020-04-07 21:04:20.263 4430 RALLYDEBUG rally.task.utils [-] Waiting for resource . Status changed: CREATE_COMPLETE => CHECK_COMPLETE in 0.0881309509277
2020-04-07 21:04:21.050 4431 RALLYDEBUG rally.task.utils [-] Waiting for resource . Status changed: CREATE_IN_PROGRESS => CREATE_COMPLETE in 1.18758893013
2020-04-07 21:04:21.347 4430 RALLYDEBUG rally.task.utils [-] Waiting for resource . Status changed: CHECK_COMPLETE => DELETE_IN_PROGRESS in 1.08427619934
2020-04-07 21:04:22.385 4431 RALLYDEBUG rally.task.utils [-] Waiting for resource . Status changed: CREATE_COMPLETE => CHECK_IN_PROGRESS in 1.17952013016
2020-04-07 21:04:24.576 4431 RALLYDEBUG rally.task.utils [-] Waiting for resource . Status changed: CHECK_IN_PROGRESS => CHECK_COMPLETE in 2.19028186798
2020-04-07 21:04:24.635 4430 INFO rally.task.runner [-] Task 259d02de-aa55-42b1-bbae-afdf789ca51c | ITER: 2 END: OK
2020-04-07 21:04:24.642 4430 INFO rally.task.runner [-] Task 259d02de-aa55-42b1-bbae-afdf789ca51c | ITER: 7 START
2020-04-07 21:04:24.727 4431 RALLYDEBUG rally.task.utils [-] Waiting for resource . Status changed: CREATE_COMPLETE => CHECK_COMPLETE in 0.0839939117432
2020-04-07 21:04:25.007 4429 RALLYDEBUG rally.task.utils [-] Waiting for resource . Status changed: CREATE_IN_PROGRESS => CREATE_COMPLETE in 2.28041005135
2020-04-07 21:04:25.825 4431 RALLYDEBUG rally.task.utils [-] Waiting for resource . Status changed: CHECK_COMPLETE => DELETE_IN_PROGRESS in 1.0978910923
2020-04-07 21:04:26.447 4429 RALLYDEBUG rally.task.utils [-] Waiting for resource . Status changed: CREATE_COMPLETE => CHECK_COMPLETE in 1.18936181068
2020-04-07 21:04:26.615 4429 RALLYDEBUG rally.task.utils [-] Waiting for resource . Status changed: CREATE_COMPLETE => CHECK_COMPLETE in 0.0962760448456
2020-04-07 21:04:27.204 4432 ERROR rally.task.runner [-] Iteration 4 raised Exception: HTTPInternalServerError: ERROR: Remote error: ConnectFailure Unable to establish connection to http://keystone-api.openstack.svc.cluster.local:5000/v3/auth/tokens: ('Connection aborted.', BadStatusLine("''",)) [u'
2020-04-07 21:04:27.204 4432 ERROR rally.task.runner
Traceback (most recent call last):
2020-04-07 21:04:27.204 4432 ERROR rally.task.runner
File "/usr/lib/python2.7/site-packages/rally/task/runner.py", line 71, in _run_scenario_once
2020-04-07 21:04:27.204 4432 ERROR rally.task.runner getattr(scenario_inst, method_name)(**scenario_kwargs)
2020-04-07 21:04:27.204 4432 ERROR rally.task.runner
File "/usr/lib/python2.7/site-packages/rally_openstack/scenarios/heat/stacks.py", line 122, in run
2020-04-07 21:04:27.204 4432 ERROR rally.task.runner files, environment)
2020-04-07 21:04:27.204 4432 ERROR rally.task.runner
File "/usr/lib/python2.7/site-packages/rally/task/atomic.py", line 91, in func_atomic_actions
2020-04-07 21:04:27.204 4432 ERROR rally.task.runner f = func(self, *args, **kwargs)
2020-04-07 21:04:27.204 4432 ERROR rally.task.runner
File "/usr/lib/python2.7/site-packages/rally_openstack/scenarios/heat/utils.py", line 65, in _create_stack
2020-04-07 21:04:27.204 4432 ERROR rally.task.runner stack_id = self.clients("heat").stacks.create(**kw)["stack"]["id"]
2020-04-07 21:04:27.204 4432 ERROR rally.task.runner
File "/usr/lib/python2.7/site-packages/heatclient/v1/stacks.py", line 171, in create
2020-04-07 21:04:27.204 4432 ERROR rally.task.runner data=kwargs, headers=headers)
2020-04-07 21:04:27.204 4432 ERROR rally.task.runner
File "/usr/lib/python2.7/site-packages/keystoneauth1/adapter.py", line 334, in post
2020-04-07 21:04:27.204 4432 ERROR rally.task.runner return self.request(url, 'POST', **kwargs)
2020-04-07 21:04:27.204 4432 ERROR rally.task.runner
File "/usr/lib/python2.7/site-packages/heatclient/common/http.py", line 323, in request
2020-04-07 21:04:27.204 4432 ERROR rally.task.runner raise exc.from_response(resp)
2020-04-07 21:04:27.204 4432 ERROR rally.task.runner HTTPInternalServerError: ERROR: Remote error: ConnectFailure Unable to establish connection to http://keystone-api.openstack.svc.cluster.local:5000/v3/auth/tokens: ('Connection aborted.', BadStatusLine("''",))
2020-04-07 21:04:27.204 4432 ERROR rally.task.runner [u'
2020-04-07 21:04:27.204 4432 ERROR rally.task.runner
2020-04-07 21:04:27.207 4432 INFO rally.task.runner [-] Task 259d02de-aa55-42b1-bbae-afdf789ca51c | ITER: 4 END: Error HTTPInternalServerError: ERROR: Remote error: ConnectFailure Unable to establish connection to http://keystone-api.openstack.svc.cluster.local:5000/v3/auth/tokens: ('Connection aborted.', BadStatusLine("''",)) [u'
2020-04-07 21:04:27.215 4432 INFO rally.task.runner [-] Task 259d02de-aa55-42b1-bbae-afdf789ca51c | ITER: 8 START
2020-04-07 21:04:27.700 4429 RALLYDEBUG rally.task.utils [-] Waiting for resource . Status changed: CHECK_COMPLETE => DELETE_IN_PROGRESS in 1.08485388756
2020-04-07 21:04:28.005 4431 INFO rally.task.runner [-] Task 259d02de-aa55-42b1-bbae-afdf789ca51c | ITER: 5 END: OK
2020-04-07 21:04:30.867 4430 RALLYDEBUG rally.task.utils [-] Waiting for resource . Status changed: CREATE_IN_PROGRESS => CREATE_COMPLETE in 2.28612017632
2020-04-07 21:04:30.980 4429 INFO rally.task.runner [-] Task 259d02de-aa55-42b1-bbae-afdf789ca51c | ITER: 6 END: OK
2020-04-07 21:04:32.255 4430 RALLYDEBUG rally.task.utils [-] Waiting for resource . Status changed: CREATE_COMPLETE => CHECK_COMPLETE in 1.17847108841
2020-04-07 21:04:32.422 4430 RALLYDEBUG rally.task.utils [-] Waiting for resource . Status changed: CREATE_COMPLETE => CHECK_COMPLETE in 0.086489200592
2020-04-07 21:04:33.527 4430 RALLYDEBUG rally.task.utils [-] Waiting for resource . Status changed: CHECK_COMPLETE => DELETE_IN_PROGRESS in 1.105437994
2020-04-07 21:04:36.488 4432 RALLYDEBUG rally.task.utils [-] Waiting for resource . Status changed: CREATE_IN_PROGRESS => CREATE_COMPLETE in 4.47651791573
2020-04-07 21:04:36.806 4430 INFO rally.task.runner [-] Task 259d02de-aa55-42b1-bbae-afdf789ca51c | ITER: 7 END: OK
2020-04-07 21:04:37.819 4432 RALLYDEBUG rally.task.utils [-] Waiting for resource . Status changed: CREATE_COMPLETE => CHECK_COMPLETE in 1.18541908264
2020-04-07 21:04:37.979 4432 RALLYDEBUG rally.task.utils [-] Waiting for resource . Status changed: CREATE_COMPLETE => DELETE_IN_PROGRESS in 0.0913169384003
2020-04-07 21:04:41.253 4432 INFO rally.task.runner [-] Task 259d02de-aa55-42b1-bbae-afdf789ca51c | ITER: 8 END: OK
2020-04-07 21:04:41.276 1715 INFO rally.task.context [-] Task 259d02de-aa55-42b1-bbae-afdf789ca51c | Context cleanup@openstack cleanup() started
2020-04-07 21:04:41.279 1715 RALLYDEBUG rally_openstack.cleanup.manager [-] Cleaning up heat stacks objects
2020-04-07 21:04:42.253 1715 INFO rally.task.context [-] Task 259d02de-aa55-42b1-bbae-afdf789ca51c | Context cleanup@openstack cleanup() finished in 0.98 sec
2020-04-07 21:04:42.253 1715 INFO rally.task.context [-] Task 259d02de-aa55-42b1-bbae-afdf789ca51c | Context roles@openstack cleanup() started
2020-04-07 21:04:42.254 1715 RALLYDEBUG rally_openstack.contexts.keystone.roles [-] Removing assigned role f2190d6da94b4ebcb6b61d255bd2e0e5 from all users
2020-04-07 21:04:43.711 1715 INFO rally.task.context [-] Task 259d02de-aa55-42b1-bbae-afdf789ca51c | Context roles@openstack cleanup() finished in 1.46 sec
2020-04-07 21:04:43.712 1715 INFO rally.task.context [-] Task 259d02de-aa55-42b1-bbae-afdf789ca51c | Context users@openstack cleanup() started
2020-04-07 21:04:51.383 1715 INFO rally.task.context [-] Task 259d02de-aa55-42b1-bbae-afdf789ca51c | Context users@openstack cleanup() finished in 7.67 sec
2020-04-07 21:04:53.271 1715 INFO rally.task.engine [-] Load duration is: 48.875567
2020-04-07 21:04:53.271 1715 INFO rally.task.engine [-] Full runner duration is: 50.920724
2020-04-07 21:04:53.272 1715 INFO rally.task.engine [-] Full duration is: 78.598435
2020-04-07 21:04:53.327 1715 INFO rally.task.engine [-] Received aborting signal.
2020-04-07 21:04:53.335 1715 INFO rally.task.engine [-] Task 259d02de-aa55-42b1-bbae-afdf789ca51c | Completed: Running task.
2020-04-07 21:04:54.490 4539 RALLYDEBUG rally.api [-] INFO logs from urllib3 and requests module are hide.
2020-04-07 21:04:54.490 4539 RALLYDEBUG rally.api [-] urllib3 insecure warnings are hidden.
2020-04-07 21:04:54.490 4539 RALLYDEBUG rally.api [-] ERROR log from boto module is hide.
2020-04-07 21:04:55.465 4540 RALLYDEBUG rally.api [-] INFO logs from urllib3 and requests module are hide.
2020-04-07 21:04:55.465 4540 RALLYDEBUG rally.api [-] urllib3 insecure warnings are hidden.
2020-04-07 21:04:55.465 4540 RALLYDEBUG rally.api [-] ERROR log from boto module is hide.
2020-04-07 21:04:56.532 4541 RALLYDEBUG rally.api [-] INFO logs from urllib3 and requests module are hide.
2020-04-07 21:04:56.533 4541 RALLYDEBUG rally.api [-] urllib3 insecure warnings are hidden.
2020-04-07 21:04:56.533 4541 RALLYDEBUG rally.api [-] ERROR log from boto module is hide.
2020-04-07 21:04:58.051 4541 INFO rally.api [-] Building 'json' report for the following task(s): '259d02de-aa55-42b1-bbae-afdf789ca51c'.
2020-04-07 21:04:58.076 4541 INFO rally.api [-] The report has been successfully built.
2020-04-07 21:04:59.185 4543 RALLYDEBUG rally.api [-] INFO logs from urllib3 and requests module are hide.
2020-04-07 21:04:59.185 4543 RALLYDEBUG rally.api [-] urllib3 insecure warnings are hidden.
2020-04-07 21:04:59.185 4543 RALLYDEBUG rally.api [-] ERROR log from boto module is hide.
2020-04-07 21:05:00.679 4543 INFO rally.task.engine [-] Task e12188ba-2fc1-4ad0-86da-6c45637c2f13 | Starting: Task validation.
2020-04-07 21:05:00.683 4543 INFO rally.task.engine [-] Task e12188ba-2fc1-4ad0-86da-6c45637c2f13 | Starting: Task validation of syntax.
2020-04-07 21:05:00.771 4543 INFO rally.task.engine [-] Task e12188ba-2fc1-4ad0-86da-6c45637c2f13 | Completed: Task validation of syntax.
2020-04-07 21:05:00.771 4543 INFO rally.task.engine [-] Task e12188ba-2fc1-4ad0-86da-6c45637c2f13 | Starting: Task validation of required platforms.
2020-04-07 21:05:00.821 4543 INFO rally.task.engine [-] Task e12188ba-2fc1-4ad0-86da-6c45637c2f13 | Completed: Task validation of required platforms.
2020-04-07 21:05:00.821 4543 INFO rally.task.engine [-] Task e12188ba-2fc1-4ad0-86da-6c45637c2f13 | Starting: Task validation of semantic.
2020-04-07 21:05:00.821 4543 INFO rally.task.engine [-] Check health of the environment '80167c07-36e8-4585-8f30-1c1fb393b706'.
2020-04-07 21:05:01.364 4543 INFO rally.task.engine [-] Platform existing@openstack (available: True): OK!
2020-04-07 21:05:01.383 4543 RALLYDEBUG rally_openstack.contexts.keystone.users [-] Creating 1 tenants using 20 threads
2020-04-07 21:05:01.653 4543 RALLYDEBUG rally_openstack.contexts.keystone.users [-] Creating 1 users using 20 threads
2020-04-07 21:05:02.045 4543 INFO rally.task.context [-] Task e12188ba-2fc1-4ad0-86da-6c45637c2f13 | Context users@openstack setup() finished in 0.66 sec
2020-04-07 21:05:02.148 4543 INFO rally.task.context [-] Task e12188ba-2fc1-4ad0-86da-6c45637c2f13 | Context users@openstack cleanup() started
2020-04-07 21:05:03.841 4543 INFO rally.task.context [-] Task e12188ba-2fc1-4ad0-86da-6c45637c2f13 | Context users@openstack cleanup() finished in 1.69 sec
2020-04-07 21:05:03.842 4543 INFO rally.task.engine [-] Task e12188ba-2fc1-4ad0-86da-6c45637c2f13 | Completed: Task validation of semantic.
2020-04-07 21:05:03.842 4543 INFO rally.task.engine [-] Task e12188ba-2fc1-4ad0-86da-6c45637c2f13 | Completed: Task validation.
2020-04-07 21:05:03.842 4543 INFO rally.api [-] Task e12188ba-2fc1-4ad0-86da-6c45637c2f13 input file is valid.
2020-04-07 21:05:03.842 4543 INFO rally.api [-] Run Task e12188ba-2fc1-4ad0-86da-6c45637c2f13 against Deployment 80167c07-36e8-4585-8f30-1c1fb393b706
2020-04-07 21:05:03.842 4543 INFO rally.task.engine [-] Task e12188ba-2fc1-4ad0-86da-6c45637c2f13 | Starting: Running task.
2020-04-07 21:05:03.878 4543 INFO rally.task.engine [-] Running workload: position = 0 config = { "version": 2, "title": "A cropped version of a bigger task.", "description": "Auto-generated task from a single workload (uuid=1cdb47f7-949e-4446-905e-3f3e530bb125)", "subtasks": [ { "title": "KeystoneBasic.add_and_remove_user_role", "description": "Create a user role add to a user and disassociate.", "scenario": { "KeystoneBasic.add_and_remove_user_role": {} }, "contexts": { "users": { "tenants": 3, "users_per_tenant": 2 } }, "runner": { "constant": { "concurrency": 4, "times": 10 } }, "hooks": [], "sla": { "failure_rate": { "max": 0 } } } ] }
2020-04-07 21:05:03.899 4543 RALLYDEBUG rally_openstack.contexts.keystone.users [-] Creating 3 tenants using 20 threads
2020-04-07 21:05:05.126 4543 RALLYDEBUG rally_openstack.contexts.keystone.users [-] Creating 6 users using 20 threads
2020-04-07 21:05:16.971 4543 INFO rally.task.context [-] Task e12188ba-2fc1-4ad0-86da-6c45637c2f13 | Context users@openstack setup() finished in 13.07 sec
2020-04-07 21:05:16.972 4543 INFO rally.task.context [-] Task e12188ba-2fc1-4ad0-86da-6c45637c2f13 | Context admin_cleanup@openstack setup() finished in 0.01 msec
2020-04-07 21:05:16.981 4543 RALLYDEBUG rally.task.runner [-] Starting the constant runner (task UUID: e12188ba-2fc1-4ad0-86da-6c45637c2f13). timeout: 0 concurrency: 4 concurrency_per_worker: 1 times: 10 concurrency_overhead: 0 processes_to_start: 4 max_cpu_used: 88
2020-04-07 21:05:16.994 4667 RALLYDEBUG rally.task.runner [-] Starting a worker. concurrency: 1 args: {} times: 10 method_name: run timeout: 0 duration: None cls:
2020-04-07 21:05:16.997 4668 RALLYDEBUG rally.task.runner [-] Starting a worker. concurrency: 1 args: {} times: 10 method_name: run timeout: 0 duration: None cls:
2020-04-07 21:05:17.001 4667 INFO rally.task.runner [-] Task e12188ba-2fc1-4ad0-86da-6c45637c2f13 | ITER: 1 START
2020-04-07 21:05:17.004 4668 INFO rally.task.runner [-] Task e12188ba-2fc1-4ad0-86da-6c45637c2f13 | ITER: 2 START
2020-04-07 21:05:17.003 4670 RALLYDEBUG rally.task.runner [-] Starting a worker. concurrency: 1 args: {} times: 10 method_name: run timeout: 0 duration: None cls:
2020-04-07 21:05:17.008 4669 RALLYDEBUG rally.task.runner [-] Starting a worker. concurrency: 1 args: {} times: 10 method_name: run timeout: 0 duration: None cls:
2020-04-07 21:05:17.009 4670 INFO rally.task.runner [-] Task e12188ba-2fc1-4ad0-86da-6c45637c2f13 | ITER: 3 START
2020-04-07 21:05:17.014 4669 INFO rally.task.runner [-] Task e12188ba-2fc1-4ad0-86da-6c45637c2f13 | ITER: 4 START
2020-04-07 21:05:18.139 4670 INFO rally.task.runner [-] Task e12188ba-2fc1-4ad0-86da-6c45637c2f13 | ITER: 3 END: OK
2020-04-07 21:05:18.144 4670 INFO rally.task.runner [-] Task e12188ba-2fc1-4ad0-86da-6c45637c2f13 | ITER: 5 START
2020-04-07 21:05:18.256 4668 INFO rally.task.runner [-] Task e12188ba-2fc1-4ad0-86da-6c45637c2f13 | ITER: 2 END: OK
2020-04-07 21:05:18.260 4668 INFO rally.task.runner [-] Task e12188ba-2fc1-4ad0-86da-6c45637c2f13 | ITER: 6 START
2020-04-07 21:05:18.416 4667 INFO rally.task.runner [-] Task e12188ba-2fc1-4ad0-86da-6c45637c2f13 | ITER: 1 END: OK
2020-04-07 21:05:18.421 4667 INFO rally.task.runner [-] Task e12188ba-2fc1-4ad0-86da-6c45637c2f13 | ITER: 7 START
2020-04-07 21:05:18.536 4669 INFO rally.task.runner [-] Task e12188ba-2fc1-4ad0-86da-6c45637c2f13 | ITER: 4 END: OK
2020-04-07 21:05:18.540 4669 INFO rally.task.runner [-] Task e12188ba-2fc1-4ad0-86da-6c45637c2f13 | ITER: 8 START
2020-04-07 21:05:19.433 4670 INFO rally.task.runner [-] Task e12188ba-2fc1-4ad0-86da-6c45637c2f13 | ITER: 5 END: OK
2020-04-07 21:05:19.437 4670 INFO rally.task.runner [-] Task e12188ba-2fc1-4ad0-86da-6c45637c2f13 | ITER: 9 START
2020-04-07 21:05:19.812 4668 INFO rally.task.runner [-] Task e12188ba-2fc1-4ad0-86da-6c45637c2f13 | ITER: 6 END: OK
2020-04-07 21:05:19.816 4668 INFO rally.task.runner [-] Task e12188ba-2fc1-4ad0-86da-6c45637c2f13 | ITER: 10 START
2020-04-07 21:05:20.055 4669 INFO rally.task.runner [-] Task e12188ba-2fc1-4ad0-86da-6c45637c2f13 | ITER: 8 END: OK
2020-04-07 21:05:20.074 4667 INFO rally.task.runner [-] Task e12188ba-2fc1-4ad0-86da-6c45637c2f13 | ITER: 7 END: OK
2020-04-07 21:05:20.864 4670 INFO rally.task.runner [-] Task e12188ba-2fc1-4ad0-86da-6c45637c2f13 | ITER: 9 END: OK
2020-04-07 21:05:21.766 4668 INFO rally.task.runner [-] Task e12188ba-2fc1-4ad0-86da-6c45637c2f13 | ITER: 10 END: OK
2020-04-07 21:05:21.788 4543 INFO rally.task.context [-] Task e12188ba-2fc1-4ad0-86da-6c45637c2f13 | Context admin_cleanup@openstack cleanup() started
2020-04-07 21:05:21.792 4543 RALLYDEBUG rally_openstack.cleanup.manager [-] Cleaning up keystone user objects
2020-04-07 21:05:22.182 4543 RALLYDEBUG rally_openstack.cleanup.manager [-] Cleaning up keystone project objects
2020-04-07 21:05:22.439 4543 RALLYDEBUG rally_openstack.cleanup.manager [-] Cleaning up keystone service objects
2020-04-07 21:05:22.683 4543 RALLYDEBUG rally_openstack.cleanup.manager [-] Cleaning up keystone role objects
2020-04-07 21:05:22.875 4543 RALLYDEBUG rally_openstack.cleanup.manager [-] Deleting keystone.role object s_rally_1cdb47f7_VyIj0GXQ (0e27f133a7cd4d6e9f455bd4655c365a)
2020-04-07 21:05:22.883 4543 RALLYDEBUG rally_openstack.cleanup.manager [-] Deleting keystone.role object s_rally_1cdb47f7_xhBVLImf (10dfc2b8e3c0442a827d14f4cf1177d2)
2020-04-07 21:05:22.891 4543 RALLYDEBUG rally_openstack.cleanup.manager [-] Deleting keystone.role object s_rally_1cdb47f7_oidEq63Y (2d6c738f695a460e8cc05d7e8a7cc289)
2020-04-07 21:05:22.904 4543 RALLYDEBUG rally_openstack.cleanup.manager [-] Deleting keystone.role object s_rally_1cdb47f7_sfe2UId0 (46727af14b784df48db6a297fc70b442)
2020-04-07 21:05:22.910 4543 RALLYDEBUG rally_openstack.cleanup.manager [-] Deleting keystone.role object s_rally_1cdb47f7_MzxjHmj0 (4f73bb77f2604103b26ae3ffa17abde8)
2020-04-07 21:05:22.916 4543 RALLYDEBUG rally_openstack.cleanup.manager [-] Deleting keystone.role object s_rally_1cdb47f7_ZZDRJtyN (64ee36db07ed4cde92d00d169a5d8941)
2020-04-07 21:05:22.946 4543 RALLYDEBUG rally_openstack.cleanup.manager [-] Deleting keystone.role object s_rally_1cdb47f7_h9AyGUnj (8466ed8756a04f2fb6bcfd6bc29a9f96)
2020-04-07 21:05:23.002 4543 RALLYDEBUG rally_openstack.cleanup.manager [-] Deleting keystone.role object s_rally_1cdb47f7_zkP3lqDC (b8f71b1ce3414130b6cf25b21848635f)
2020-04-07 21:05:23.009 4543 RALLYDEBUG rally_openstack.cleanup.manager [-] Deleting keystone.role object s_rally_1cdb47f7_xe1AnunZ (a57034354a9d4daf935cb64d546462e9)
2020-04-07 21:05:23.014 4543 RALLYDEBUG rally_openstack.cleanup.manager [-] Deleting keystone.role object s_rally_1cdb47f7_ZiCRBgum (b92dab3992d647b99e4c169f1e199c62)
2020-04-07 21:05:25.236 4543 INFO rally.task.context [-] Task e12188ba-2fc1-4ad0-86da-6c45637c2f13 | Context admin_cleanup@openstack cleanup() finished in 3.45 sec
2020-04-07 21:05:25.236 4543 INFO rally.task.context [-] Task e12188ba-2fc1-4ad0-86da-6c45637c2f13 | Context users@openstack cleanup() started
2020-04-07 21:05:29.718 4543 INFO rally.task.context [-] Task e12188ba-2fc1-4ad0-86da-6c45637c2f13 | Context users@openstack cleanup() finished in 4.48 sec
2020-04-07 21:05:30.035 4543 INFO rally.task.engine [-] Load duration is: 3.979034
2020-04-07 21:05:30.036 4543 INFO rally.task.engine [-] Full runner duration is: 4.807886
2020-04-07 21:05:30.036 4543 INFO rally.task.engine [-] Full duration is: 25.821855
2020-04-07 21:05:30.105 4543 INFO rally.task.engine [-] Running workload: position = 0 config = { "version": 2, "title": "A cropped version of a bigger task.", "description": "Auto-generated task from a single workload (uuid=d8120680-6808-48cd-ab69-d071703d8fa0)", "subtasks": [ { "title": "KeystoneBasic.create_add_and_list_user_roles", "description": "Create user role, add it and list user roles for given user.", "scenario": { "KeystoneBasic.create_add_and_list_user_roles": {} }, "contexts": { "users": { "tenants": 3, "users_per_tenant": 2 } }, "runner": { "constant": { "concurrency": 4, "times": 10 } }, "hooks": [], "sla": { "failure_rate": { "max": 0 } } } ] }
2020-04-07 21:05:30.124 4543 RALLYDEBUG rally_openstack.contexts.keystone.users [-] Creating 3 tenants using 20 threads
2020-04-07 21:05:30.663 4543 RALLYDEBUG rally_openstack.contexts.keystone.users [-] Creating 6 users using 20 threads
2020-04-07 21:05:33.068 4543 INFO rally.task.context [-] Task e12188ba-2fc1-4ad0-86da-6c45637c2f13 | Context users@openstack setup() finished in 2.94 sec
2020-04-07 21:05:33.068 4543 INFO rally.task.context [-] Task e12188ba-2fc1-4ad0-86da-6c45637c2f13 | Context admin_cleanup@openstack setup() finished in 0.00 msec
2020-04-07 21:05:33.077 4543 RALLYDEBUG rally.task.runner [-] Starting the constant runner (task UUID: e12188ba-2fc1-4ad0-86da-6c45637c2f13). timeout: 0 concurrency: 4 concurrency_per_worker: 1 times: 10 concurrency_overhead: 0 processes_to_start: 4 max_cpu_used: 88
2020-04-07 21:05:33.088 4851 RALLYDEBUG rally.task.runner [-] Starting a worker. concurrency: 1 args: {} times: 10 method_name: run timeout: 0 duration: None cls:
2020-04-07 21:05:33.095 4851 INFO rally.task.runner [-] Task e12188ba-2fc1-4ad0-86da-6c45637c2f13 | ITER: 1 START
2020-04-07 21:05:33.095 4853 RALLYDEBUG rally.task.runner [-] Starting a worker. concurrency: 1 args: {} times: 10 method_name: run timeout: 0 duration: None cls:
2020-04-07 21:05:33.098 4854 RALLYDEBUG rally.task.runner [-] Starting a worker. concurrency: 1 args: {} times: 10 method_name: run timeout: 0 duration: None cls:
2020-04-07 21:05:33.100 4852 RALLYDEBUG rally.task.runner [-] Starting a worker. concurrency: 1 args: {} times: 10 method_name: run timeout: 0 duration: None cls:
2020-04-07 21:05:33.101 4853 INFO rally.task.runner [-] Task e12188ba-2fc1-4ad0-86da-6c45637c2f13 | ITER: 2 START
2020-04-07 21:05:33.104 4854 INFO rally.task.runner [-] Task e12188ba-2fc1-4ad0-86da-6c45637c2f13 | ITER: 3 START
2020-04-07 21:05:33.106 4852 INFO rally.task.runner [-] Task e12188ba-2fc1-4ad0-86da-6c45637c2f13 | ITER: 4 START
2020-04-07 21:05:34.895 4851 INFO rally.task.runner [-] Task e12188ba-2fc1-4ad0-86da-6c45637c2f13 | ITER: 1 END: OK
2020-04-07 21:05:34.900 4851 INFO rally.task.runner [-] Task e12188ba-2fc1-4ad0-86da-6c45637c2f13 | ITER: 5 START
2020-04-07 21:05:35.071 4854 INFO rally.task.runner [-] Task e12188ba-2fc1-4ad0-86da-6c45637c2f13 | ITER: 3 END: OK
2020-04-07 21:05:35.075 4854 INFO rally.task.runner [-] Task e12188ba-2fc1-4ad0-86da-6c45637c2f13 | ITER: 6 START
2020-04-07 21:05:35.191 4852 INFO rally.task.runner [-] Task e12188ba-2fc1-4ad0-86da-6c45637c2f13 | ITER: 4 END: OK
2020-04-07 21:05:35.196 4852 INFO rally.task.runner [-] Task e12188ba-2fc1-4ad0-86da-6c45637c2f13 | ITER: 7 START
2020-04-07 21:05:35.197 4853 INFO rally.task.runner [-] Task e12188ba-2fc1-4ad0-86da-6c45637c2f13 | ITER: 2 END: OK
2020-04-07 21:05:35.202 4853 INFO rally.task.runner [-] Task e12188ba-2fc1-4ad0-86da-6c45637c2f13 | ITER: 8 START
2020-04-07 21:05:36.152 4851 INFO rally.task.runner [-] Task e12188ba-2fc1-4ad0-86da-6c45637c2f13 | ITER: 5 END: OK
2020-04-07 21:05:36.156 4851 INFO rally.task.runner [-] Task e12188ba-2fc1-4ad0-86da-6c45637c2f13 | ITER: 9 START
2020-04-07 21:05:36.341 4853 INFO rally.task.runner [-] Task e12188ba-2fc1-4ad0-86da-6c45637c2f13 | ITER: 8 END: OK
2020-04-07 21:05:36.345 4853 INFO rally.task.runner [-] Task e12188ba-2fc1-4ad0-86da-6c45637c2f13 | ITER: 10 START
2020-04-07 21:05:36.489 4854 INFO rally.task.runner [-] Task e12188ba-2fc1-4ad0-86da-6c45637c2f13 | ITER: 6 END: OK
2020-04-07 21:05:36.613 4852 INFO rally.task.runner [-] Task e12188ba-2fc1-4ad0-86da-6c45637c2f13 | ITER: 7 END: OK
2020-04-07 21:05:37.152 4851 INFO rally.task.runner [-] Task e12188ba-2fc1-4ad0-86da-6c45637c2f13 | ITER: 9 END: OK
2020-04-07 21:05:37.265 4853 INFO rally.task.runner [-] Task e12188ba-2fc1-4ad0-86da-6c45637c2f13 | ITER: 10 END: OK
2020-04-07 21:05:37.290 4543 INFO rally.task.context [-] Task e12188ba-2fc1-4ad0-86da-6c45637c2f13 | Context admin_cleanup@openstack cleanup() started
2020-04-07 21:05:37.293 4543 RALLYDEBUG rally_openstack.cleanup.manager [-] Cleaning up keystone user objects
2020-04-07 21:05:37.639 4543 RALLYDEBUG rally_openstack.cleanup.manager [-] Cleaning up keystone project objects
2020-04-07 21:05:37.885 4543 RALLYDEBUG rally_openstack.cleanup.manager [-] Cleaning up keystone service objects
2020-04-07 21:05:38.122 4543 RALLYDEBUG rally_openstack.cleanup.manager [-] Cleaning up keystone role objects
2020-04-07 21:05:38.335 4543 RALLYDEBUG rally_openstack.cleanup.manager [-] Deleting keystone.role object s_rally_d8120680_NCB2S0Jg (1047f39e891c4943bfa0794c460c62d3)
2020-04-07 21:05:38.350 4543 RALLYDEBUG rally_openstack.cleanup.manager [-] Deleting keystone.role object s_rally_d8120680_Yzfbc6lc (3d7b7c00240d487689ad1ab92641579e)
2020-04-07 21:05:38.359 4543 RALLYDEBUG rally_openstack.cleanup.manager [-] Deleting keystone.role object s_rally_d8120680_qpLryfD8 (69368cbe9ec04d9d86e30d97c4e4ea76)
2020-04-07 21:05:38.375 4543 RALLYDEBUG rally_openstack.cleanup.manager [-] Deleting keystone.role object s_rally_d8120680_ReBbcfNW (7b8bb119b6c1414a8792a68d4f3d341f)
2020-04-07 21:05:38.386 4543 RALLYDEBUG rally_openstack.cleanup.manager [-] Deleting keystone.role object s_rally_d8120680_Q2y6ECdb (8d856be221d4406eb4fd552a71bd2efb)
2020-04-07 21:05:38.399 4543 RALLYDEBUG rally_openstack.cleanup.manager [-] Deleting keystone.role object s_rally_d8120680_qMRIX8n8 (8e992dd6b7414e43ade0838bc9074e03)
2020-04-07 21:05:38.525 4543 RALLYDEBUG rally_openstack.cleanup.manager [-] Deleting keystone.role object s_rally_d8120680_EssHVfjd (bd3a1a9464b4499b9ffef67ca2937363)
2020-04-07 21:05:38.576 4543 RALLYDEBUG rally_openstack.cleanup.manager [-] Deleting keystone.role object s_rally_d8120680_in2sVsCY (e6e1f2fff6e84b87a837c6d08ff0cd2e)
2020-04-07 21:05:38.582 4543 RALLYDEBUG rally_openstack.cleanup.manager [-] Deleting keystone.role object s_rally_d8120680_i66g9kb8 (c5abfdbaba0f4c56b3b91b892187ae90)
2020-04-07 21:05:38.584 4543 RALLYDEBUG rally_openstack.cleanup.manager [-] Deleting keystone.role object s_rally_d8120680_dq5Z74XE (f0309ba9b78d402f929026da56a0664d)
2020-04-07 21:05:41.609 4543 INFO rally.task.context [-] Task e12188ba-2fc1-4ad0-86da-6c45637c2f13 | Context admin_cleanup@openstack cleanup() finished in 4.32 sec
2020-04-07 21:05:41.609 4543 INFO rally.task.context [-] Task e12188ba-2fc1-4ad0-86da-6c45637c2f13 | Context users@openstack cleanup() started
2020-04-07 21:06:21.701 4543 INFO rally.task.context [-] Task e12188ba-2fc1-4ad0-86da-6c45637c2f13 | Context users@openstack cleanup() finished in 40.09 sec
2020-04-07 21:06:22.337 4543 INFO rally.task.engine [-] Load duration is: 3.306348
2020-04-07 21:06:22.338 4543 INFO rally.task.engine [-] Full runner duration is: 4.213515
2020-04-07 21:06:22.338 4543 INFO rally.task.engine [-] Full duration is: 51.579386
2020-04-07 21:06:22.395 4543 INFO rally.task.engine [-] Running workload: position = 0 config = { "version": 2, "title": "A cropped version of a bigger task.", "description": "Auto-generated task from a single workload (uuid=9c3d5e78-0f36-4e22-9eb7-5211d6f9cb54)", "subtasks": [ { "title": "KeystoneBasic.create_and_list_tenants", "description": "Create a keystone tenant with random name and list all tenants.", "scenario": { "KeystoneBasic.create_and_list_tenants": {} }, "contexts": { "users": { "tenants": 3, "users_per_tenant": 2 } }, "runner": { "constant": { "concurrency": 4, "times": 10 } }, "hooks": [], "sla": { "failure_rate": { "max": 0 } } } ] }
2020-04-07 21:06:22.418 4543 RALLYDEBUG rally_openstack.contexts.keystone.users [-] Creating 3 tenants using 20 threads
2020-04-07 21:06:23.004 4543 RALLYDEBUG rally_openstack.contexts.keystone.users [-] Creating 6 users using 20 threads
2020-04-07 21:06:24.482 4543 INFO rally.task.context [-] Task e12188ba-2fc1-4ad0-86da-6c45637c2f13 | Context users@openstack setup() finished in 2.06 sec
2020-04-07 21:06:24.483 4543 INFO rally.task.context [-] Task e12188ba-2fc1-4ad0-86da-6c45637c2f13 | Context admin_cleanup@openstack setup() finished in 0.01 msec
2020-04-07 21:06:24.492 4543 RALLYDEBUG rally.task.runner [-] Starting the constant runner (task UUID: e12188ba-2fc1-4ad0-86da-6c45637c2f13). timeout: 0 concurrency: 4 concurrency_per_worker: 1 times: 10 concurrency_overhead: 0 processes_to_start: 4 max_cpu_used: 88
2020-04-07 21:06:24.505 5035 RALLYDEBUG rally.task.runner [-] Starting a worker. concurrency: 1 args: {} times: 10 method_name: run timeout: 0 duration: None cls:
2020-04-07 21:06:24.512 5035 INFO rally.task.runner [-] Task e12188ba-2fc1-4ad0-86da-6c45637c2f13 | ITER: 1 START
2020-04-07 21:06:24.512 5037 RALLYDEBUG rally.task.runner [-] Starting a worker. concurrency: 1 args: {} times: 10 method_name: run timeout: 0 duration: None cls:
2020-04-07 21:06:24.515 5038 RALLYDEBUG rally.task.runner [-] Starting a worker. concurrency: 1 args: {} times: 10 method_name: run timeout: 0 duration: None cls:
2020-04-07 21:06:24.517 5036 RALLYDEBUG rally.task.runner [-] Starting a worker. concurrency: 1 args: {} times: 10 method_name: run timeout: 0 duration: None cls:
2020-04-07 21:06:24.519 5037 INFO rally.task.runner [-] Task e12188ba-2fc1-4ad0-86da-6c45637c2f13 | ITER: 2 START
2020-04-07 21:06:24.522 5038 INFO rally.task.runner [-] Task e12188ba-2fc1-4ad0-86da-6c45637c2f13 | ITER: 3 START
2020-04-07 21:06:24.524 5036 INFO rally.task.runner [-] Task e12188ba-2fc1-4ad0-86da-6c45637c2f13 | ITER: 4 START
2020-04-07 21:06:25.619 5037 INFO rally.task.runner [-] Task e12188ba-2fc1-4ad0-86da-6c45637c2f13 | ITER: 2 END: OK
2020-04-07 21:06:25.623 5037 INFO rally.task.runner [-] Task e12188ba-2fc1-4ad0-86da-6c45637c2f13 | ITER: 5 START
2020-04-07 21:06:25.710 5035 INFO rally.task.runner [-] Task e12188ba-2fc1-4ad0-86da-6c45637c2f13 | ITER: 1 END: OK
2020-04-07 21:06:25.715 5035 INFO rally.task.runner [-] Task e12188ba-2fc1-4ad0-86da-6c45637c2f13 | ITER: 6 START
2020-04-07 21:06:25.900 5036 INFO rally.task.runner [-] Task e12188ba-2fc1-4ad0-86da-6c45637c2f13 | ITER: 4 END: OK
2020-04-07 21:06:25.905 5036 INFO rally.task.runner [-] Task e12188ba-2fc1-4ad0-86da-6c45637c2f13 | ITER: 7 START
2020-04-07 21:06:26.158 5038 INFO rally.task.runner [-] Task e12188ba-2fc1-4ad0-86da-6c45637c2f13 | ITER: 3 END: OK
2020-04-07 21:06:26.163 5038 INFO rally.task.runner [-] Task e12188ba-2fc1-4ad0-86da-6c45637c2f13 | ITER: 8 START
2020-04-07 21:06:26.944 5037 INFO rally.task.runner [-] Task e12188ba-2fc1-4ad0-86da-6c45637c2f13 | ITER: 5 END: OK
2020-04-07 21:06:26.948 5037 INFO rally.task.runner [-] Task e12188ba-2fc1-4ad0-86da-6c45637c2f13 | ITER: 9 START
2020-04-07 21:06:26.962 5035 INFO rally.task.runner [-] Task e12188ba-2fc1-4ad0-86da-6c45637c2f13 | ITER: 6 END: OK
2020-04-07 21:06:26.966 5035 INFO rally.task.runner [-] Task e12188ba-2fc1-4ad0-86da-6c45637c2f13 | ITER: 10 START
2020-04-07 21:06:27.049 5036 INFO rally.task.runner [-] Task e12188ba-2fc1-4ad0-86da-6c45637c2f13 | ITER: 7 END: OK
2020-04-07 21:06:27.193 5038 INFO rally.task.runner [-] Task e12188ba-2fc1-4ad0-86da-6c45637c2f13 | ITER: 8 END: OK
2020-04-07 21:06:27.509 5037 INFO rally.task.runner [-] Task e12188ba-2fc1-4ad0-86da-6c45637c2f13 | ITER: 9 END: OK
2020-04-07 21:06:27.540 5035 INFO rally.task.runner [-] Task e12188ba-2fc1-4ad0-86da-6c45637c2f13 | ITER: 10 END: OK
2020-04-07 21:06:27.566 4543 INFO rally.task.context [-] Task e12188ba-2fc1-4ad0-86da-6c45637c2f13 | Context admin_cleanup@openstack cleanup() started
2020-04-07 21:06:27.569 4543 RALLYDEBUG rally_openstack.cleanup.manager [-] Cleaning up keystone user objects
2020-04-07 21:06:27.880 4543 RALLYDEBUG rally_openstack.cleanup.manager [-] Cleaning up keystone project objects
2020-04-07 21:06:28.087 4543 RALLYDEBUG rally_openstack.cleanup.manager [-] Deleting keystone.project object s_rally_9c3d5e78_65RhY1C9 (475d12e88bce493ca2a83d1401839127)
2020-04-07 21:06:28.088 4543 RALLYDEBUG rally_openstack.cleanup.manager [-] Deleting keystone.project object s_rally_9c3d5e78_FgvhlU81 (1453b2781c1349da94805ee57a62abe0)
2020-04-07 21:06:28.097 4543 RALLYDEBUG rally_openstack.cleanup.manager [-] Deleting keystone.project object s_rally_9c3d5e78_e1MjJGMB (52c6e3ad94c54fa2ac23687134933a20)
2020-04-07 21:06:28.115 4543 RALLYDEBUG rally_openstack.cleanup.manager [-] Deleting keystone.project object s_rally_9c3d5e78_D0OvoN6o (6e4d35cc8e7d44bea80056165f797ad6)
2020-04-07 21:06:28.128 4543 RALLYDEBUG rally_openstack.cleanup.manager [-] Deleting keystone.project object s_rally_9c3d5e78_d9b3RsjS (6f19f139041e4cb1a102d2076f97000f)
2020-04-07 21:06:28.162 4543 RALLYDEBUG rally_openstack.cleanup.manager [-] Deleting keystone.project object s_rally_9c3d5e78_Uyp4d8ez (cbc845c95f8f432ea6f0e9fb5bc6457b)
2020-04-07 21:06:28.227 4543 RALLYDEBUG rally_openstack.cleanup.manager [-] Deleting keystone.project object s_rally_9c3d5e78_D4ZNRf0b (cc0b26baebd348fd97a7f0150520b560)
2020-04-07 21:06:28.230 4543 RALLYDEBUG rally_openstack.cleanup.manager [-] Deleting keystone.project object s_rally_9c3d5e78_UedsM6VC (f8ac1efed7d945829be20da201fbe4ae)
2020-04-07 21:06:28.232 4543 RALLYDEBUG rally_openstack.cleanup.manager [-] Deleting keystone.project object s_rally_9c3d5e78_Hm44JyFU (f1688f335dda4f62afe1a7acdb1983c9)
2020-04-07 21:06:28.241 4543 RALLYDEBUG rally_openstack.cleanup.manager [-] Deleting keystone.project object s_rally_9c3d5e78_jjNKusrm (ea1f529aadf44161b582173376598dcd)
2020-04-07 21:06:31.046 4543 RALLYDEBUG rally_openstack.cleanup.manager [-] Cleaning up keystone service objects
2020-04-07 21:06:31.378 4543 RALLYDEBUG rally_openstack.cleanup.manager [-] Cleaning up keystone role objects
2020-04-07 21:06:31.607 4543 INFO rally.task.context [-] Task e12188ba-2fc1-4ad0-86da-6c45637c2f13 | Context admin_cleanup@openstack cleanup() finished in 4.04 sec
2020-04-07 21:06:31.607 4543 INFO rally.task.context [-] Task e12188ba-2fc1-4ad0-86da-6c45637c2f13 | Context users@openstack cleanup() started
2020-04-07 21:06:38.215 4543 INFO rally.task.context [-] Task e12188ba-2fc1-4ad0-86da-6c45637c2f13 | Context users@openstack cleanup() finished in 6.61 sec
2020-04-07 21:06:38.512 4543 INFO rally.task.engine [-] Load duration is: 2.287524
2020-04-07 21:06:38.512 4543 INFO rally.task.engine [-] Full runner duration is: 3.073917
2020-04-07 21:06:38.512 4543 INFO rally.task.engine [-] Full duration is: 15.799159
2020-04-07 21:06:38.569 4543 INFO rally.task.engine [-] Running workload: position = 0 config = { "version": 2, "title": "A cropped version of a bigger task.", "description": "Auto-generated task from a single workload (uuid=36af84e3-a3ea-4a50-b5fb-99cf3bf5df97)", "subtasks": [ { "title": "KeystoneBasic.create_and_delete_role", "description": "Create a user role and delete it.", "scenario": { "KeystoneBasic.create_and_delete_role": {} }, "contexts": { "users": { "tenants": 3, "users_per_tenant": 2 } }, "runner": { "constant": { "concurrency": 4, "times": 10 } }, "hooks": [], "sla": { "failure_rate": { "max": 0 } } } ] }
2020-04-07 21:06:38.592 4543 RALLYDEBUG rally_openstack.contexts.keystone.users [-] Creating 3 tenants using 20 threads
2020-04-07 21:06:39.223 4543 RALLYDEBUG rally_openstack.contexts.keystone.users [-] Creating 6 users using 20 threads
2020-04-07 21:06:40.865 4543 INFO rally.task.context [-] Task e12188ba-2fc1-4ad0-86da-6c45637c2f13 | Context users@openstack setup() finished in 2.27 sec
2020-04-07 21:06:40.866 4543 INFO rally.task.context [-] Task e12188ba-2fc1-4ad0-86da-6c45637c2f13 | Context admin_cleanup@openstack setup() finished in 0.01 msec
2020-04-07 21:06:40.875 4543 RALLYDEBUG rally.task.runner [-] Starting the constant runner (task UUID: e12188ba-2fc1-4ad0-86da-6c45637c2f13). timeout: 0 concurrency: 4 concurrency_per_worker: 1 times: 10 concurrency_overhead: 0 processes_to_start: 4 max_cpu_used: 88
2020-04-07 21:06:40.886 5219 RALLYDEBUG rally.task.runner [-] Starting a worker. concurrency: 1 args: {} times: 10 method_name: run timeout: 0 duration: None cls:
2020-04-07 21:06:40.889 5220 RALLYDEBUG rally.task.runner [-] Starting a worker. concurrency: 1 args: {} times: 10 method_name: run timeout: 0 duration: None cls:
2020-04-07 21:06:40.893 5219 INFO rally.task.runner [-] Task e12188ba-2fc1-4ad0-86da-6c45637c2f13 | ITER: 1 START
2020-04-07 21:06:40.893 5221 RALLYDEBUG rally.task.runner [-] Starting a worker. concurrency: 1 args: {} times: 10 method_name: run timeout: 0 duration: None cls:
2020-04-07 21:06:40.896 5220 INFO rally.task.runner [-] Task e12188ba-2fc1-4ad0-86da-6c45637c2f13 | ITER: 2 START
2020-04-07 21:06:40.896 5222 RALLYDEBUG rally.task.runner [-] Starting a worker. concurrency: 1 args: {} times: 10 method_name: run timeout: 0 duration: None cls:
2020-04-07 21:06:40.900 5221 INFO rally.task.runner [-] Task e12188ba-2fc1-4ad0-86da-6c45637c2f13 | ITER: 3 START
2020-04-07 21:06:40.903 5222 INFO rally.task.runner [-] Task e12188ba-2fc1-4ad0-86da-6c45637c2f13 | ITER: 4 START
2020-04-07 21:06:41.541 5219 INFO rally.task.runner [-] Task e12188ba-2fc1-4ad0-86da-6c45637c2f13 | ITER: 1 END: OK
2020-04-07 21:06:41.546 5219 INFO rally.task.runner [-] Task e12188ba-2fc1-4ad0-86da-6c45637c2f13 | ITER: 5 START
2020-04-07 21:06:41.910 5221 INFO rally.task.runner [-] Task e12188ba-2fc1-4ad0-86da-6c45637c2f13 | ITER: 3 END: OK
2020-04-07 21:06:41.915 5221 INFO rally.task.runner [-] Task e12188ba-2fc1-4ad0-86da-6c45637c2f13 | ITER: 6 START
2020-04-07 21:06:42.106 5220 INFO rally.task.runner [-] Task e12188ba-2fc1-4ad0-86da-6c45637c2f13 | ITER: 2 END: OK
2020-04-07 21:06:42.110 5220 INFO rally.task.runner [-] Task e12188ba-2fc1-4ad0-86da-6c45637c2f13 | ITER: 7 START
2020-04-07 21:06:44.908 5222 INFO rally.task.runner [-] Task e12188ba-2fc1-4ad0-86da-6c45637c2f13 | ITER: 4 END: OK
2020-04-07 21:06:44.913 5222 INFO rally.task.runner [-] Task e12188ba-2fc1-4ad0-86da-6c45637c2f13 | ITER: 8 START
2020-04-07 21:06:56.946 5221 INFO rally.task.runner [-] Task e12188ba-2fc1-4ad0-86da-6c45637c2f13 | ITER: 6 END: OK
2020-04-07 21:06:56.950 5221 INFO rally.task.runner [-] Task e12188ba-2fc1-4ad0-86da-6c45637c2f13 | ITER: 9 START
2020-04-07 21:07:07.956 5220 INFO rally.task.runner [-] Task e12188ba-2fc1-4ad0-86da-6c45637c2f13 | ITER: 7 END: OK
2020-04-07 21:07:07.964 5220 INFO rally.task.runner [-] Task e12188ba-2fc1-4ad0-86da-6c45637c2f13 | ITER: 10 START
2020-04-07 21:07:08.287 5221 INFO rally.task.runner [-] Task e12188ba-2fc1-4ad0-86da-6c45637c2f13 | ITER: 9 END: OK
2020-04-07 21:07:08.362 5222 INFO rally.task.runner [-] Task e12188ba-2fc1-4ad0-86da-6c45637c2f13 | ITER: 8 END: OK
2020-04-07 21:07:08.545 5219 INFO rally.task.runner [-] Task e12188ba-2fc1-4ad0-86da-6c45637c2f13 | ITER: 5 END: OK
2020-04-07 21:07:09.114 5220 INFO rally.task.runner [-] Task e12188ba-2fc1-4ad0-86da-6c45637c2f13 | ITER: 10 END: OK
2020-04-07 21:07:09.138 4543 INFO rally.task.context [-] Task e12188ba-2fc1-4ad0-86da-6c45637c2f13 | Context admin_cleanup@openstack cleanup() started
2020-04-07 21:07:09.141 4543 RALLYDEBUG rally_openstack.cleanup.manager [-] Cleaning up keystone user objects
2020-04-07 21:07:09.517 4543 RALLYDEBUG rally_openstack.cleanup.manager [-] Cleaning up keystone project objects
2020-04-07 21:07:09.767 4543 RALLYDEBUG rally_openstack.cleanup.manager [-] Cleaning up keystone service objects
2020-04-07 21:07:10.025 4543 RALLYDEBUG rally_openstack.cleanup.manager [-] Cleaning up keystone role objects
2020-04-07 21:07:10.241 4543 INFO rally.task.context [-] Task e12188ba-2fc1-4ad0-86da-6c45637c2f13 | Context admin_cleanup@openstack cleanup() finished in 1.10 sec
2020-04-07 21:07:10.242 4543 INFO rally.task.context [-] Task e12188ba-2fc1-4ad0-86da-6c45637c2f13 | Context users@openstack cleanup() started
2020-04-07 21:07:15.548 4543 INFO rally.task.context [-] Task e12188ba-2fc1-4ad0-86da-6c45637c2f13 | Context users@openstack cleanup() finished in 5.31 sec
2020-04-07 21:07:16.771 4543 INFO rally.task.engine [-] Load duration is: 27.772214
2020-04-07 21:07:16.772 4543 INFO rally.task.engine [-] Full runner duration is: 28.263274
2020-04-07 21:07:16.772 4543 INFO rally.task.engine [-] Full duration is: 36.958507
2020-04-07 21:07:16.830 4543 INFO rally.task.engine [-] Running workload: position = 0 config = { "version": 2, "title": "A cropped version of a bigger task.", "description": "Auto-generated task from a single workload (uuid=a5ae8a98-9543-4677-9138-85572b865ce6)", "subtasks": [ { "title": "KeystoneBasic.create_and_delete_service", "description": "Create and delete service.", "scenario": { "KeystoneBasic.create_and_delete_service": {} }, "contexts": { "users": { "tenants": 3, "users_per_tenant": 2 } }, "runner": { "constant": { "concurrency": 4, "times": 10 } }, "hooks": [], "sla": { "failure_rate": { "max": 0 } } } ] }
2020-04-07 21:07:16.856 4543 RALLYDEBUG rally_openstack.contexts.keystone.users [-] Creating 3 tenants using 20 threads
2020-04-07 21:07:17.412 4543 RALLYDEBUG rally_openstack.contexts.keystone.users [-] Creating 6 users using 20 threads
2020-04-07 21:07:21.880 4543 INFO rally.task.context [-] Task e12188ba-2fc1-4ad0-86da-6c45637c2f13 | Context users@openstack setup() finished in 5.02 sec
2020-04-07 21:07:21.880 4543 INFO rally.task.context [-] Task e12188ba-2fc1-4ad0-86da-6c45637c2f13 | Context admin_cleanup@openstack setup() finished in 0.01 msec
2020-04-07 21:07:21.889 4543 RALLYDEBUG rally.task.runner [-] Starting the constant runner (task UUID: e12188ba-2fc1-4ad0-86da-6c45637c2f13). timeout: 0 concurrency: 4 concurrency_per_worker: 1 times: 10 concurrency_overhead: 0 processes_to_start: 4 max_cpu_used: 88
2020-04-07 21:07:21.901 5403 RALLYDEBUG rally.task.runner [-] Starting a worker. concurrency: 1 args: {} times: 10 method_name: run timeout: 0 duration: None cls:
2020-04-07 21:07:21.908 5405 RALLYDEBUG rally.task.runner [-] Starting a worker. concurrency: 1 args: {} times: 10 method_name: run timeout: 0 duration: None cls:
2020-04-07 21:07:21.911 5406 RALLYDEBUG rally.task.runner [-] Starting a worker. concurrency: 1 args: {} times: 10 method_name: run timeout: 0 duration: None cls:
2020-04-07 21:07:21.912 5404 RALLYDEBUG rally.task.runner [-] Starting a worker. concurrency: 1 args: {} times: 10 method_name: run timeout: 0 duration: None cls:
2020-04-07 21:07:21.915 5405 INFO rally.task.runner [-] Task e12188ba-2fc1-4ad0-86da-6c45637c2f13 | ITER: 2 START
2020-04-07 21:07:21.917 5406 INFO rally.task.runner [-] Task e12188ba-2fc1-4ad0-86da-6c45637c2f13 | ITER: 3 START
2020-04-07 21:07:21.919 5404 INFO rally.task.runner [-] Task e12188ba-2fc1-4ad0-86da-6c45637c2f13 | ITER: 4 START
2020-04-07 21:07:21.919 5403 INFO rally.task.runner [-] Task e12188ba-2fc1-4ad0-86da-6c45637c2f13 | ITER: 1 START
2020-04-07 21:07:22.774 5405 INFO rally.task.runner [-] Task e12188ba-2fc1-4ad0-86da-6c45637c2f13 | ITER: 2 END: OK
2020-04-07 21:07:22.778 5405 INFO rally.task.runner [-] Task e12188ba-2fc1-4ad0-86da-6c45637c2f13 | ITER: 5 START
2020-04-07 21:07:22.829 5406 INFO rally.task.runner [-] Task e12188ba-2fc1-4ad0-86da-6c45637c2f13 | ITER: 3 END: OK
2020-04-07 21:07:22.833 5406 INFO rally.task.runner [-] Task e12188ba-2fc1-4ad0-86da-6c45637c2f13 | ITER: 6 START
2020-04-07 21:07:23.100 5404 INFO rally.task.runner [-] Task e12188ba-2fc1-4ad0-86da-6c45637c2f13 | ITER: 4 END: OK
2020-04-07 21:07:23.104 5404 INFO rally.task.runner [-] Task e12188ba-2fc1-4ad0-86da-6c45637c2f13 | ITER: 7 START
2020-04-07 21:07:23.118 5403 INFO rally.task.runner [-] Task e12188ba-2fc1-4ad0-86da-6c45637c2f13 | ITER: 1 END: OK
2020-04-07 21:07:23.122 5403 INFO rally.task.runner [-] Task e12188ba-2fc1-4ad0-86da-6c45637c2f13 | ITER: 8 START
2020-04-07 21:07:23.681 5405 INFO rally.task.runner [-] Task e12188ba-2fc1-4ad0-86da-6c45637c2f13 | ITER: 5 END: OK
2020-04-07 21:07:23.685 5405 INFO rally.task.runner [-] Task e12188ba-2fc1-4ad0-86da-6c45637c2f13 | ITER: 9 START
2020-04-07 21:07:23.715 5406 INFO rally.task.runner [-] Task e12188ba-2fc1-4ad0-86da-6c45637c2f13 | ITER: 6 END: OK
2020-04-07 21:07:23.719 5406 INFO rally.task.runner [-] Task e12188ba-2fc1-4ad0-86da-6c45637c2f13 | ITER: 10 START
2020-04-07 21:07:24.133 5404 INFO rally.task.runner [-] Task e12188ba-2fc1-4ad0-86da-6c45637c2f13 | ITER: 7 END: OK
