2020-03-01 22:51:54.666 2704 INFO rally.task.runner [-] Task b99ceb1f-0ac6-4ff5-8b38-110c39b915fc | ITER: 14 START
2020-03-01 22:51:54.667 2710 RALLYDEBUG rally.task.runner [-] Starting a worker. concurrency: 1 args: {"network_create_args": null, "subnet_create_args": null, "subnet_cidr_start": "1.1.0.0/30", "subnets_per_network": 2, "router_create_args": null} times: 40 method_name: run timeout: 0 duration: None cls:
2020-03-01 22:51:54.669 2707 INFO rally.task.runner [-] Task b99ceb1f-0ac6-4ff5-8b38-110c39b915fc | ITER: 15 START
2020-03-01 22:51:54.670 2713 RALLYDEBUG rally.task.runner [-] Starting a worker. concurrency: 1 args: {"network_create_args": null, "subnet_create_args": null, "subnet_cidr_start": "1.1.0.0/30", "subnets_per_network": 2, "router_create_args": null} times: 40 method_name: run timeout: 0 duration: None cls:
2020-03-01 22:51:54.672 2710 INFO rally.task.runner [-] Task b99ceb1f-0ac6-4ff5-8b38-110c39b915fc | ITER: 16 START
2020-03-01 22:51:54.673 2716 RALLYDEBUG rally.task.runner [-] Starting a worker. concurrency: 1 args: {"network_create_args": null, "subnet_create_args": null, "subnet_cidr_start": "1.1.0.0/30", "subnets_per_network": 2, "router_create_args": null} times: 40 method_name: run timeout: 0 duration: None cls:
2020-03-01 22:51:54.675 2713 INFO rally.task.runner [-] Task b99ceb1f-0ac6-4ff5-8b38-110c39b915fc | ITER: 17 START
2020-03-01 22:51:54.676 2719 RALLYDEBUG rally.task.runner [-] Starting a worker. concurrency: 1 args: {"network_create_args": null, "subnet_create_args": null, "subnet_cidr_start": "1.1.0.0/30", "subnets_per_network": 2, "router_create_args": null} times: 40 method_name: run timeout: 0 duration: None cls:
2020-03-01 22:51:54.679 2722 RALLYDEBUG rally.task.runner [-] Starting a worker. concurrency: 1 args: {"network_create_args": null, "subnet_create_args": null, "subnet_cidr_start": "1.1.0.0/30", "subnets_per_network": 2, "router_create_args": null} times: 40 method_name: run timeout: 0 duration: None cls:
2020-03-01 22:51:54.682 2716 INFO rally.task.runner [-] Task b99ceb1f-0ac6-4ff5-8b38-110c39b915fc | ITER: 18 START
2020-03-01 22:51:54.682 2719 INFO rally.task.runner [-] Task b99ceb1f-0ac6-4ff5-8b38-110c39b915fc | ITER: 19 START
2020-03-01 22:51:54.684 2722 INFO rally.task.runner [-] Task b99ceb1f-0ac6-4ff5-8b38-110c39b915fc | ITER: 20 START
2020-03-01 22:51:56.560 2676 RALLYDEBUG rally_openstack.wrappers.network [-] CIDR generated: 1.1.5.160/30
2020-03-01 22:51:56.627 2674 RALLYDEBUG rally_openstack.wrappers.network [-] CIDR generated: 1.1.5.164/30
2020-03-01 22:51:56.687 2680 RALLYDEBUG rally_openstack.wrappers.network [-] CIDR generated: 1.1.5.168/30
2020-03-01 22:51:56.712 2686 RALLYDEBUG rally_openstack.wrappers.network [-] CIDR generated: 1.1.5.172/30
2020-03-01 22:51:56.757 2722 RALLYDEBUG rally_openstack.wrappers.network [-] CIDR generated: 1.1.5.176/30
2020-03-01 22:51:56.885 2713 RALLYDEBUG rally_openstack.wrappers.network [-] CIDR generated: 1.1.5.180/30
2020-03-01 22:51:56.903 2695 RALLYDEBUG rally_openstack.wrappers.network [-] CIDR generated: 1.1.5.184/30
2020-03-01 22:51:56.979 2707 RALLYDEBUG rally_openstack.wrappers.network [-] CIDR generated: 1.1.5.188/30
2020-03-01 22:51:57.007 2672 RALLYDEBUG rally_openstack.wrappers.network [-] CIDR generated: 1.1.5.192/30
2020-03-01 22:51:57.118 2698 RALLYDEBUG rally_openstack.wrappers.network [-] CIDR generated: 1.1.5.196/30
2020-03-01 22:51:57.164 2673 RALLYDEBUG rally_openstack.wrappers.network [-] CIDR generated: 1.1.5.200/30
2020-03-01 22:51:57.181 2710 RALLYDEBUG rally_openstack.wrappers.network [-] CIDR generated: 1.1.5.204/30
2020-03-01 22:51:57.232 2692 RALLYDEBUG rally_openstack.wrappers.network [-] CIDR generated: 1.1.5.208/30
2020-03-01 22:51:57.238 2701 RALLYDEBUG rally_openstack.wrappers.network [-] CIDR generated: 1.1.5.212/30
2020-03-01 22:51:57.249 2704 RALLYDEBUG rally_openstack.wrappers.network [-] CIDR generated: 1.1.5.216/30
2020-03-01 22:51:57.282 2671 RALLYDEBUG rally_openstack.wrappers.network [-] CIDR generated: 1.1.5.220/30
2020-03-01 22:51:57.322 2689 RALLYDEBUG rally_openstack.wrappers.network [-] CIDR generated: 1.1.5.224/30
2020-03-01 22:51:57.335 2716 RALLYDEBUG rally_openstack.wrappers.network [-] CIDR generated: 1.1.5.228/30
2020-03-01 22:51:57.640 2683 RALLYDEBUG rally_openstack.wrappers.network [-] CIDR generated: 1.1.5.232/30
2020-03-01 22:51:59.213 2719 RALLYDEBUG rally_openstack.wrappers.network [-] CIDR generated: 1.1.5.236/30
2020-03-01 22:52:00.789 2676 RALLYDEBUG rally_openstack.wrappers.network [-] CIDR generated: 1.1.5.240/30
2020-03-01 22:52:01.141 2680 RALLYDEBUG rally_openstack.wrappers.network [-] CIDR generated: 1.1.5.244/30
2020-03-01 22:52:01.244 2698 RALLYDEBUG rally_openstack.wrappers.network [-] CIDR generated: 1.1.5.248/30
2020-03-01 22:52:01.285 2722 RALLYDEBUG rally_openstack.wrappers.network [-] CIDR generated: 1.1.5.252/30
2020-03-01 22:52:01.347 2674 RALLYDEBUG rally_openstack.wrappers.network [-] CIDR generated: 1.1.6.0/30
2020-03-01 22:52:01.608 2713 RALLYDEBUG rally_openstack.wrappers.network [-] CIDR generated: 1.1.6.4/30
2020-03-01 22:52:02.425 2672 RALLYDEBUG rally_openstack.wrappers.network [-] CIDR generated: 1.1.6.8/30
2020-03-01 22:52:02.708 2710 RALLYDEBUG rally_openstack.wrappers.network [-] CIDR generated: 1.1.6.12/30
2020-03-01 22:52:02.740 2689 RALLYDEBUG rally_openstack.wrappers.network [-] CIDR generated: 1.1.6.16/30
2020-03-01 22:52:02.767 2695 RALLYDEBUG rally_openstack.wrappers.network [-] CIDR generated: 1.1.6.20/30
2020-03-01 22:52:02.837 2701 RALLYDEBUG rally_openstack.wrappers.network [-] CIDR generated: 1.1.6.24/30
2020-03-01 22:52:02.877 2683 RALLYDEBUG rally_openstack.wrappers.network [-] CIDR generated: 1.1.6.28/30
2020-03-01 22:52:02.920 2707 RALLYDEBUG rally_openstack.wrappers.network [-] CIDR generated: 1.1.6.32/30
2020-03-01 22:52:02.924 2673 RALLYDEBUG rally_openstack.wrappers.network [-] CIDR generated: 1.1.6.36/30
2020-03-01 22:52:02.928 2716 RALLYDEBUG rally_openstack.wrappers.network [-] CIDR generated: 1.1.6.40/30
2020-03-01 22:52:02.955 2686 RALLYDEBUG rally_openstack.wrappers.network [-] CIDR generated: 1.1.6.44/30
2020-03-01 22:52:02.965 2692 RALLYDEBUG rally_openstack.wrappers.network [-] CIDR generated: 1.1.6.48/30
2020-03-01 22:52:02.981 2704 RALLYDEBUG rally_openstack.wrappers.network [-] CIDR generated: 1.1.6.52/30
2020-03-01 22:52:03.013 2671 RALLYDEBUG rally_openstack.wrappers.network [-] CIDR generated: 1.1.6.56/30
2020-03-01 22:52:03.207 2719 RALLYDEBUG rally_openstack.wrappers.network [-] CIDR generated: 1.1.6.60/30
2020-03-01 22:53:43.175 2680 INFO rally.task.runner [-] Task b99ceb1f-0ac6-4ff5-8b38-110c39b915fc | ITER: 6 END: OK
2020-03-01 22:53:43.182 2680 INFO rally.task.runner [-] Task b99ceb1f-0ac6-4ff5-8b38-110c39b915fc | ITER: 21 START
2020-03-01 22:53:44.483 2676 DEBUG neutronclient.v2_0.client [-] Error message: 504 Gateway Time-out

504 Gateway Time-out


nginx
_handle_fault_response /usr/lib/python2.7/site-packages/neutronclient/v2_0/client.py:259
2020-03-01 22:53:44.492 2676 ERROR rally.task.runner [-] Iteration 5 raised Exception: NeutronClientException: 504 Gateway Time-out

504 Gateway Time-out


nginx
2020-03-01 22:53:44.492 2676 ERROR rally.task.runner
Traceback (most recent call last):
2020-03-01 22:53:44.492 2676 ERROR rally.task.runner
File "/usr/lib/python2.7/site-packages/rally/task/runner.py", line 71, in _run_scenario_once
2020-03-01 22:53:44.492 2676 ERROR rally.task.runner getattr(scenario_inst, method_name)(**scenario_kwargs)
2020-03-01 22:53:44.492 2676 ERROR rally.task.runner
File "/usr/lib/python2.7/site-packages/rally_openstack/scenarios/neutron/network.py", line 261, in run
2020-03-01 22:53:44.492 2676 ERROR rally.task.runner router_create_args)
2020-03-01 22:53:44.492 2676 ERROR rally.task.runner
File "/usr/lib/python2.7/site-packages/rally_openstack/scenarios/neutron/utils.py", line 385, in _create_network_structure
2020-03-01 22:53:44.492 2676 ERROR rally.task.runner router = self._create_router(router_create_args or {})
2020-03-01 22:53:44.492 2676 ERROR rally.task.runner
File "/usr/lib/python2.7/site-packages/rally/task/atomic.py", line 91, in func_atomic_actions
2020-03-01 22:53:44.492 2676 ERROR rally.task.runner f = func(self, *args, **kwargs)
2020-03-01 22:53:44.492 2676 ERROR rally.task.runner
File "/usr/lib/python2.7/site-packages/rally_openstack/scenarios/neutron/utils.py", line 215, in _create_router
2020-03-01 22:53:44.492 2676 ERROR rally.task.runner {"router": router_create_args})
2020-03-01 22:53:44.492 2676 ERROR rally.task.runner
File "/usr/lib/python2.7/site-packages/neutronclient/v2_0/client.py", line 885, in create_router
2020-03-01 22:53:44.492 2676 ERROR rally.task.runner return self.post(self.routers_path, body=body)
2020-03-01 22:53:44.492 2676 ERROR rally.task.runner
File "/usr/lib/python2.7/site-packages/neutronclient/v2_0/client.py", line 359, in post
2020-03-01 22:53:44.492 2676 ERROR rally.task.runner headers=headers, params=params)
2020-03-01 22:53:44.492 2676 ERROR rally.task.runner
File "/usr/lib/python2.7/site-packages/neutronclient/v2_0/client.py", line 294, in do_request
2020-03-01 22:53:44.492 2676 ERROR rally.task.runner self._handle_fault_response(status_code, replybody, resp)
2020-03-01 22:53:44.492 2676 ERROR rally.task.runner
File "/usr/lib/python2.7/site-packages/neutronclient/v2_0/client.py", line 269, in _handle_fault_response
2020-03-01 22:53:44.492 2676 ERROR rally.task.runner exception_handler_v20(status_code, error_body)
2020-03-01 22:53:44.492 2676 ERROR rally.task.runner
File "/usr/lib/python2.7/site-packages/neutronclient/v2_0/client.py", line 93, in exception_handler_v20
2020-03-01 22:53:44.492 2676 ERROR rally.task.runner request_ids=request_ids)
2020-03-01 22:53:44.492 2676 ERROR rally.task.runner NeutronClientException:
2020-03-01 22:53:44.492 2676 ERROR rally.task.runner 504 Gateway Time-out
2020-03-01 22:53:44.492 2676 ERROR rally.task.runner
2020-03-01 22:53:44.492 2676 ERROR rally.task.runner

504 Gateway Time-out

2020-03-01 22:53:44.492 2676 ERROR rally.task.runner
nginx
2020-03-01 22:53:44.492 2676 ERROR rally.task.runner
2020-03-01 22:53:44.492 2676 ERROR rally.task.runner
2020-03-01 22:53:44.492 2676 ERROR rally.task.runner
2020-03-01 22:53:44.492 2676 ERROR rally.task.runner
2020-03-01 22:53:44.494 2676 INFO rally.task.runner [-] Task b99ceb1f-0ac6-4ff5-8b38-110c39b915fc | ITER: 5 END: Error NeutronClientException: 504 Gateway Time-out

504 Gateway Time-out


nginx
2020-03-01 22:53:44.500 2676 INFO rally.task.runner [-] Task b99ceb1f-0ac6-4ff5-8b38-110c39b915fc | ITER: 22 START
2020-03-01 22:53:45.376 2683 INFO rally.task.runner [-] Task b99ceb1f-0ac6-4ff5-8b38-110c39b915fc | ITER: 7 END: OK
2020-03-01 22:53:45.383 2683 INFO rally.task.runner [-] Task b99ceb1f-0ac6-4ff5-8b38-110c39b915fc | ITER: 23 START
2020-03-01 22:53:47.088 2713 INFO rally.task.runner [-] Task b99ceb1f-0ac6-4ff5-8b38-110c39b915fc | ITER: 17 END: OK
2020-03-01 22:53:47.097 2713 INFO rally.task.runner [-] Task b99ceb1f-0ac6-4ff5-8b38-110c39b915fc | ITER: 24 START
2020-03-01 22:53:48.774 2695 INFO rally.task.runner [-] Task b99ceb1f-0ac6-4ff5-8b38-110c39b915fc | ITER: 11 END: OK
2020-03-01 22:53:48.781 2695 INFO rally.task.runner [-] Task b99ceb1f-0ac6-4ff5-8b38-110c39b915fc | ITER: 25 START
2020-03-01 22:53:49.045 2698 INFO rally.task.runner [-] Task b99ceb1f-0ac6-4ff5-8b38-110c39b915fc | ITER: 12 END: OK
2020-03-01 22:53:49.052 2698 INFO rally.task.runner [-] Task b99ceb1f-0ac6-4ff5-8b38-110c39b915fc | ITER: 26 START
2020-03-01 22:53:49.455 2689 INFO rally.task.runner [-] Task b99ceb1f-0ac6-4ff5-8b38-110c39b915fc | ITER: 9 END: OK
2020-03-01 22:53:49.461 2689 INFO rally.task.runner [-] Task b99ceb1f-0ac6-4ff5-8b38-110c39b915fc | ITER: 27 START
2020-03-01 22:53:49.901 2680 RALLYDEBUG rally_openstack.wrappers.network [-] CIDR generated: 1.1.6.64/30
2020-03-01 22:53:50.016 2676 RALLYDEBUG rally_openstack.wrappers.network [-] CIDR generated: 1.1.6.68/30
2020-03-01 22:53:50.261 2683 RALLYDEBUG rally_openstack.wrappers.network [-] CIDR generated: 1.1.6.72/30
2020-03-01 22:53:50.643 2701 INFO rally.task.runner [-] Task b99ceb1f-0ac6-4ff5-8b38-110c39b915fc | ITER: 13 END: OK
2020-03-01 22:53:50.649 2701 INFO rally.task.runner [-] Task b99ceb1f-0ac6-4ff5-8b38-110c39b915fc | ITER: 28 START
2020-03-01 22:53:50.864 2719 INFO rally.task.runner [-] Task b99ceb1f-0ac6-4ff5-8b38-110c39b915fc | ITER: 19 END: OK
2020-03-01 22:53:50.870 2719 INFO rally.task.runner [-] Task b99ceb1f-0ac6-4ff5-8b38-110c39b915fc | ITER: 29 START
2020-03-01 22:53:52.762 2713 RALLYDEBUG rally_openstack.wrappers.network [-] CIDR generated: 1.1.6.76/30
2020-03-01 22:53:53.786 2722 INFO rally.task.runner [-] Task b99ceb1f-0ac6-4ff5-8b38-110c39b915fc | ITER: 20 END: OK
2020-03-01 22:53:53.793 2722 INFO rally.task.runner [-] Task b99ceb1f-0ac6-4ff5-8b38-110c39b915fc | ITER: 30 START
2020-03-01 22:53:54.188 2716 INFO rally.task.runner [-] Task b99ceb1f-0ac6-4ff5-8b38-110c39b915fc | ITER: 18 END: OK
2020-03-01 22:53:54.194 2716 INFO rally.task.runner [-] Task b99ceb1f-0ac6-4ff5-8b38-110c39b915fc | ITER: 31 START
2020-03-01 22:53:54.438 2710 INFO rally.task.runner [-] Task b99ceb1f-0ac6-4ff5-8b38-110c39b915fc | ITER: 16 END: OK
2020-03-01 22:53:54.444 2710 INFO rally.task.runner [-] Task b99ceb1f-0ac6-4ff5-8b38-110c39b915fc | ITER: 32 START
2020-03-01 22:53:58.000 2695 RALLYDEBUG rally_openstack.wrappers.network [-] CIDR generated: 1.1.6.80/30
2020-03-01 22:53:58.103 2698 RALLYDEBUG rally_openstack.wrappers.network [-] CIDR generated: 1.1.6.84/30
2020-03-01 22:53:58.893 2689 RALLYDEBUG rally_openstack.wrappers.network [-] CIDR generated: 1.1.6.88/30
2020-03-01 22:54:01.317 2673 INFO rally.task.runner [-] Task b99ceb1f-0ac6-4ff5-8b38-110c39b915fc | ITER: 3 END: OK
2020-03-01 22:54:01.323 2673 INFO rally.task.runner [-] Task b99ceb1f-0ac6-4ff5-8b38-110c39b915fc | ITER: 33 START
2020-03-01 22:54:02.636 2671 INFO rally.task.runner [-] Task b99ceb1f-0ac6-4ff5-8b38-110c39b915fc | ITER: 1 END: OK
2020-03-01 22:54:02.642 2671 INFO rally.task.runner [-] Task b99ceb1f-0ac6-4ff5-8b38-110c39b915fc | ITER: 34 START
2020-03-01 22:54:04.474 2701 RALLYDEBUG rally_openstack.wrappers.network [-] CIDR generated: 1.1.6.92/30
2020-03-01 22:54:05.639 2707 INFO rally.task.runner [-] Task b99ceb1f-0ac6-4ff5-8b38-110c39b915fc | ITER: 15 END: OK
2020-03-01 22:54:05.645 2707 INFO rally.task.runner [-] Task b99ceb1f-0ac6-4ff5-8b38-110c39b915fc | ITER: 35 START
2020-03-01 22:54:07.666 2719 RALLYDEBUG rally_openstack.wrappers.network [-] CIDR generated: 1.1.6.96/30
2020-03-01 22:54:09.364 2722 RALLYDEBUG rally_openstack.wrappers.network [-] CIDR generated: 1.1.6.100/30
2020-03-01 22:54:09.555 2710 RALLYDEBUG rally_openstack.wrappers.network [-] CIDR generated: 1.1.6.104/30
2020-03-01 22:54:09.930 2672 INFO rally.task.runner [-] Task b99ceb1f-0ac6-4ff5-8b38-110c39b915fc | ITER: 2 END: OK
2020-03-01 22:54:09.936 2672 INFO rally.task.runner [-] Task b99ceb1f-0ac6-4ff5-8b38-110c39b915fc | ITER: 36 START
2020-03-01 22:54:09.989 2704 INFO rally.task.runner [-] Task b99ceb1f-0ac6-4ff5-8b38-110c39b915fc | ITER: 14 END: OK
2020-03-01 22:54:09.998 2704 INFO rally.task.runner [-] Task b99ceb1f-0ac6-4ff5-8b38-110c39b915fc | ITER: 37 START
2020-03-01 22:54:10.822 2674 INFO rally.task.runner [-] Task b99ceb1f-0ac6-4ff5-8b38-110c39b915fc | ITER: 4 END: OK
2020-03-01 22:54:10.830 2674 INFO rally.task.runner [-] Task b99ceb1f-0ac6-4ff5-8b38-110c39b915fc | ITER: 38 START
2020-03-01 22:54:10.927 2686 INFO rally.task.runner [-] Task b99ceb1f-0ac6-4ff5-8b38-110c39b915fc | ITER: 8 END: OK
2020-03-01 22:54:10.929 2692 INFO rally.task.runner [-] Task b99ceb1f-0ac6-4ff5-8b38-110c39b915fc | ITER: 10 END: OK
2020-03-01 22:54:10.934 2686 INFO rally.task.runner [-] Task b99ceb1f-0ac6-4ff5-8b38-110c39b915fc | ITER: 39 START
2020-03-01 22:54:10.935 2692 INFO rally.task.runner [-] Task b99ceb1f-0ac6-4ff5-8b38-110c39b915fc | ITER: 40 START
2020-03-01 22:54:11.613 2716 RALLYDEBUG rally_openstack.wrappers.network [-] CIDR generated: 1.1.6.108/30
2020-03-01 22:54:13.943 2673 RALLYDEBUG rally_openstack.wrappers.network [-] CIDR generated: 1.1.6.112/30
2020-03-01 22:54:14.000 2671 RALLYDEBUG rally_openstack.wrappers.network [-] CIDR generated: 1.1.6.116/30
2020-03-01 22:54:16.096 2707 RALLYDEBUG rally_openstack.wrappers.network [-] CIDR generated: 1.1.6.120/30
2020-03-01 22:54:16.533 2680 RALLYDEBUG rally_openstack.wrappers.network [-] CIDR generated: 1.1.6.124/30
2020-03-01 22:54:17.802 2672 RALLYDEBUG rally_openstack.wrappers.network [-] CIDR generated: 1.1.6.128/30
2020-03-01 22:54:17.922 2704 RALLYDEBUG rally_openstack.wrappers.network [-] CIDR generated: 1.1.6.132/30
2020-03-01 22:54:20.619 2676 RALLYDEBUG rally_openstack.wrappers.network [-] CIDR generated: 1.1.6.136/30
2020-03-01 22:54:21.450 2683 RALLYDEBUG rally_openstack.wrappers.network [-] CIDR generated: 1.1.6.140/30
2020-03-01 22:54:22.165 2686 RALLYDEBUG rally_openstack.wrappers.network [-] CIDR generated: 1.1.6.144/30
2020-03-01 22:54:22.267 2674 RALLYDEBUG rally_openstack.wrappers.network [-] CIDR generated: 1.1.6.148/30
2020-03-01 22:54:23.009 2692 RALLYDEBUG rally_openstack.wrappers.network [-] CIDR generated: 1.1.6.152/30
2020-03-01 22:54:29.423 2713 RALLYDEBUG rally_openstack.wrappers.network [-] CIDR generated: 1.1.6.156/30
2020-03-01 22:54:32.855 2701 RALLYDEBUG rally_openstack.wrappers.network [-] CIDR generated: 1.1.6.160/30
2020-03-01 22:54:33.434 2698 RALLYDEBUG rally_openstack.wrappers.network [-] CIDR generated: 1.1.6.164/30
2020-03-01 22:54:34.259 2710 RALLYDEBUG rally_openstack.wrappers.network [-] CIDR generated: 1.1.6.168/30
2020-03-01 22:54:34.511 2689 RALLYDEBUG rally_openstack.wrappers.network [-] CIDR generated: 1.1.6.172/30
2020-03-01 22:54:34.711 2722 RALLYDEBUG rally_openstack.wrappers.network [-] CIDR generated: 1.1.6.176/30
2020-03-01 22:54:35.431 2695 RALLYDEBUG rally_openstack.wrappers.network [-] CIDR generated: 1.1.6.180/30
2020-03-01 22:54:37.341 2671 RALLYDEBUG rally_openstack.wrappers.network [-] CIDR generated: 1.1.6.184/30
2020-03-01 22:54:37.352 2707 RALLYDEBUG rally_openstack.wrappers.network [-] CIDR generated: 1.1.6.188/30
2020-03-01 22:54:37.425 2719 RALLYDEBUG rally_openstack.wrappers.network [-] CIDR generated: 1.1.6.192/30
2020-03-01 22:54:37.433 2716 RALLYDEBUG rally_openstack.wrappers.network [-] CIDR generated: 1.1.6.196/30
2020-03-01 22:54:37.466 2673 RALLYDEBUG rally_openstack.wrappers.network [-] CIDR generated: 1.1.6.200/30
2020-03-01 22:54:38.400 2704 RALLYDEBUG rally_openstack.wrappers.network [-] CIDR generated: 1.1.6.204/30
2020-03-01 22:54:38.591 2672 RALLYDEBUG rally_openstack.wrappers.network [-] CIDR generated: 1.1.6.208/30
2020-03-01 22:54:41.524 2686 RALLYDEBUG rally_openstack.wrappers.network [-] CIDR generated: 1.1.6.212/30
2020-03-01 22:54:41.573 2674 RALLYDEBUG rally_openstack.wrappers.network [-] CIDR generated: 1.1.6.216/30
2020-03-01 22:54:41.634 2692 RALLYDEBUG rally_openstack.wrappers.network [-] CIDR generated: 1.1.6.220/30
2020-03-01 22:56:02.086 2676 DEBUG neutronclient.v2_0.client [-] Error message: 504 Gateway Time-out

504 Gateway Time-out


nginx
_handle_fault_response /usr/lib/python2.7/site-packages/neutronclient/v2_0/client.py:259
2020-03-01 22:56:02.088 2676 ERROR rally.task.runner [-] Iteration 22 raised Exception: NeutronClientException: 504 Gateway Time-out

504 Gateway Time-out


nginx
2020-03-01 22:56:02.088 2676 ERROR rally.task.runner
Traceback (most recent call last):
2020-03-01 22:56:02.088 2676 ERROR rally.task.runner
File "/usr/lib/python2.7/site-packages/rally/task/runner.py", line 71, in _run_scenario_once
2020-03-01 22:56:02.088 2676 ERROR rally.task.runner getattr(scenario_inst, method_name)(**scenario_kwargs)
2020-03-01 22:56:02.088 2676 ERROR rally.task.runner
File "/usr/lib/python2.7/site-packages/rally_openstack/scenarios/neutron/network.py", line 261, in run
2020-03-01 22:56:02.088 2676 ERROR rally.task.runner router_create_args)
2020-03-01 22:56:02.088 2676 ERROR rally.task.runner
File "/usr/lib/python2.7/site-packages/rally_openstack/scenarios/neutron/utils.py", line 385, in _create_network_structure
2020-03-01 22:56:02.088 2676 ERROR rally.task.runner router = self._create_router(router_create_args or {})
2020-03-01 22:56:02.088 2676 ERROR rally.task.runner
File "/usr/lib/python2.7/site-packages/rally/task/atomic.py", line 91, in func_atomic_actions
2020-03-01 22:56:02.088 2676 ERROR rally.task.runner f = func(self, *args, **kwargs)
2020-03-01 22:56:02.088 2676 ERROR rally.task.runner
File "/usr/lib/python2.7/site-packages/rally_openstack/scenarios/neutron/utils.py", line 215, in _create_router
2020-03-01 22:56:02.088 2676 ERROR rally.task.runner {"router": router_create_args})
2020-03-01 22:56:02.088 2676 ERROR rally.task.runner
File "/usr/lib/python2.7/site-packages/neutronclient/v2_0/client.py", line 885, in create_router
2020-03-01 22:56:02.088 2676 ERROR rally.task.runner return self.post(self.routers_path, body=body)
2020-03-01 22:56:02.088 2676 ERROR rally.task.runner
File "/usr/lib/python2.7/site-packages/neutronclient/v2_0/client.py", line 359, in post
2020-03-01 22:56:02.088 2676 ERROR rally.task.runner headers=headers, params=params)
2020-03-01 22:56:02.088 2676 ERROR rally.task.runner
File "/usr/lib/python2.7/site-packages/neutronclient/v2_0/client.py", line 294, in do_request
2020-03-01 22:56:02.088 2676 ERROR rally.task.runner self._handle_fault_response(status_code, replybody, resp)
2020-03-01 22:56:02.088 2676 ERROR rally.task.runner
File "/usr/lib/python2.7/site-packages/neutronclient/v2_0/client.py", line 269, in _handle_fault_response
2020-03-01 22:56:02.088 2676 ERROR rally.task.runner exception_handler_v20(status_code, error_body)
2020-03-01 22:56:02.088 2676 ERROR rally.task.runner
File "/usr/lib/python2.7/site-packages/neutronclient/v2_0/client.py", line 93, in exception_handler_v20
2020-03-01 22:56:02.088 2676 ERROR rally.task.runner request_ids=request_ids)
2020-03-01 22:56:02.088 2676 ERROR rally.task.runner NeutronClientException:
2020-03-01 22:56:02.088 2676 ERROR rally.task.runner 504 Gateway Time-out
2020-03-01 22:56:02.088 2676 ERROR rally.task.runner
2020-03-01 22:56:02.088 2676 ERROR rally.task.runner

504 Gateway Time-out

2020-03-01 22:56:02.088 2676 ERROR rally.task.runner
nginx
2020-03-01 22:56:02.088 2676 ERROR rally.task.runner
2020-03-01 22:56:02.088 2676 ERROR rally.task.runner
2020-03-01 22:56:02.088 2676 ERROR rally.task.runner
2020-03-01 22:56:02.088 2676 ERROR rally.task.runner
2020-03-01 22:56:02.090 2676 INFO rally.task.runner [-] Task b99ceb1f-0ac6-4ff5-8b38-110c39b915fc | ITER: 22 END: Error NeutronClientException: 504 Gateway Time-out

504 Gateway Time-out


nginx
2020-03-01 22:56:08.206 2680 INFO rally.task.runner [-] Task b99ceb1f-0ac6-4ff5-8b38-110c39b915fc | ITER: 21 END: OK
2020-03-01 22:56:18.898 2683 INFO rally.task.runner [-] Task b99ceb1f-0ac6-4ff5-8b38-110c39b915fc | ITER: 23 END: OK
2020-03-01 22:56:24.786 2713 INFO rally.task.runner [-] Task b99ceb1f-0ac6-4ff5-8b38-110c39b915fc | ITER: 24 END: OK
2020-03-01 22:56:35.128 2701 INFO rally.task.runner [-] Task b99ceb1f-0ac6-4ff5-8b38-110c39b915fc | ITER: 28 END: OK
2020-03-01 22:56:35.128 2689 INFO rally.task.runner [-] Task b99ceb1f-0ac6-4ff5-8b38-110c39b915fc | ITER: 27 END: OK
2020-03-01 22:56:35.530 2722 INFO rally.task.runner [-] Task b99ceb1f-0ac6-4ff5-8b38-110c39b915fc | ITER: 30 END: OK
2020-03-01 22:56:36.365 2698 INFO rally.task.runner [-] Task b99ceb1f-0ac6-4ff5-8b38-110c39b915fc | ITER: 26 END: OK
2020-03-01 22:56:36.803 2695 INFO rally.task.runner [-] Task b99ceb1f-0ac6-4ff5-8b38-110c39b915fc | ITER: 25 END: OK
2020-03-01 22:56:38.344 2704 INFO rally.task.runner [-] Task b99ceb1f-0ac6-4ff5-8b38-110c39b915fc | ITER: 37 END: OK
2020-03-01 22:56:39.831 2710 INFO rally.task.runner [-] Task b99ceb1f-0ac6-4ff5-8b38-110c39b915fc | ITER: 32 END: OK
2020-03-01 22:56:43.442 2692 INFO rally.task.runner [-] Task b99ceb1f-0ac6-4ff5-8b38-110c39b915fc | ITER: 40 END: OK
2020-03-01 22:56:43.645 2719 INFO rally.task.runner [-] Task b99ceb1f-0ac6-4ff5-8b38-110c39b915fc | ITER: 29 END: OK
2020-03-01 22:56:43.887 2674 INFO rally.task.runner [-] Task b99ceb1f-0ac6-4ff5-8b38-110c39b915fc | ITER: 38 END: OK
2020-03-01 22:56:43.888 2671 INFO rally.task.runner [-] Task b99ceb1f-0ac6-4ff5-8b38-110c39b915fc | ITER: 34 END: OK
2020-03-01 22:56:43.966 2673 INFO rally.task.runner [-] Task b99ceb1f-0ac6-4ff5-8b38-110c39b915fc | ITER: 33 END: OK
2020-03-01 22:56:44.308 2686 INFO rally.task.runner [-] Task b99ceb1f-0ac6-4ff5-8b38-110c39b915fc | ITER: 39 END: OK
2020-03-01 22:56:44.325 2672 INFO rally.task.runner [-] Task b99ceb1f-0ac6-4ff5-8b38-110c39b915fc | ITER: 36 END: OK
2020-03-01 22:56:44.735 2716 INFO rally.task.runner [-] Task b99ceb1f-0ac6-4ff5-8b38-110c39b915fc | ITER: 31 END: OK
2020-03-01 22:56:44.736 2707 INFO rally.task.runner [-] Task b99ceb1f-0ac6-4ff5-8b38-110c39b915fc | ITER: 35 END: OK
2020-03-01 22:56:44.764 15 INFO rally.task.context [-] Task b99ceb1f-0ac6-4ff5-8b38-110c39b915fc | Context cleanup@openstack cleanup() started
2020-03-01 22:56:44.773 15 RALLYDEBUG rally_openstack.cleanup.manager [-] Cleaning up neutron vip objects
2020-03-01 22:56:44.944 15 RALLYDEBUG rally_openstack.cleanup.manager [-] Cleaning up neutron health_monitor objects
2020-03-01 22:56:45.097 15 RALLYDEBUG rally_openstack.cleanup.manager [-] Cleaning up neutron pool objects
2020-03-01 22:56:45.264 15 RALLYDEBUG rally_openstack.cleanup.manager [-] Cleaning up neutron loadbalancer objects
2020-03-01 22:56:45.423 15 RALLYDEBUG rally_openstack.cleanup.manager [-] Cleaning up neutron floatingip objects
2020-03-01 22:56:45.615 15 RALLYDEBUG rally_openstack.cleanup.manager [-] Cleaning up neutron trunk objects
2020-03-01 22:56:45.778 15 DEBUG neutronclient.v2_0.client [-] Error message: {"message": "The resource could not be found.

\n\n\n", "code": "404 Not Found", "title": "Not Found"} _handle_fault_response /usr/lib/python2.7/site-packages/neutronclient/v2_0/client.py:259
2020-03-01 22:56:45.788 15 RALLYDEBUG rally_openstack.cleanup.manager [-] Cleaning up neutron port objects
2020-03-01 22:56:47.162 15 RALLYDEBUG rally_openstack.cleanup.manager [-] Deleting neutron.port object s_rally_a3e158a7_zfZOlaT1 (1eee5102-b96c-41f8-9fa2-66694eb1eab4)
2020-03-01 22:56:47.163 15 RALLYDEBUG rally_openstack.cleanup.manager [-] Deleting neutron.port object s_rally_a3e158a7_sixoqlcK (1724dbbb-c246-4c7e-868e-4b18a486b2f9)
2020-03-01 22:56:47.158 15 RALLYDEBUG rally_openstack.cleanup.manager [-] Deleting neutron.port object s_rally_a3e158a7_MJeN6Vkp (08acff63-2ba1-46e5-8767-1878ca5d5a54)
2020-03-01 22:56:47.179 15 RALLYDEBUG rally_openstack.cleanup.manager [-] Deleting neutron.port object s_rally_a3e158a7_s0dmSNMS (219c2cbb-ca0f-4954-baa9-1f41b7bde412)
2020-03-01 22:56:47.194 15 RALLYDEBUG rally_openstack.cleanup.manager [-] Deleting neutron.port object s_rally_a3e158a7_wiBRZA3y (26d96e3e-67cf-410e-b952-09b50e7d6ce1)
2020-03-01 22:56:47.198 15 RALLYDEBUG rally_openstack.cleanup.manager [-] Deleting neutron.port object s_rally_a3e158a7_S0IKKex2 (25e17a92-1aa7-4bf8-b185-a48a5efed337)
2020-03-01 22:56:47.204 15 RALLYDEBUG rally_openstack.cleanup.manager [-] Deleting neutron.port object s_rally_a3e158a7_i6Ea3PG3 (2886654f-ea64-49cb-88c1-14968096567f)
2020-03-01 22:56:47.231 15 RALLYDEBUG rally_openstack.cleanup.manager [-] Deleting neutron.port object s_rally_a3e158a7_cibm0BS3 (26b0129a-c655-4e88-bf7b-854beb8daf0a)
2020-03-01 22:56:47.257 15 RALLYDEBUG rally_openstack.cleanup.manager [-] Deleting neutron.port object s_rally_a3e158a7_XHwj5i2d (2bc82651-57ef-42b2-b23c-402d9122e9ce)
2020-03-01 22:56:47.283 15 RALLYDEBUG rally_openstack.cleanup.manager [-] Deleting neutron.port object s_rally_a3e158a7_RtKkTIuC (3853e933-f6c5-4e5a-b7ec-0b43cc781f2e)
2020-03-01 22:56:47.293 15 RALLYDEBUG rally_openstack.cleanup.manager [-] Deleting neutron.port object s_rally_a3e158a7_alAZEB8A (3a543be4-f308-464f-90a7-5136cd60cdac)
2020-03-01 22:56:47.277 15 RALLYDEBUG rally_openstack.cleanup.manager [-] Deleting neutron.port object s_rally_a3e158a7_XC72MffC (35b596d0-36cc-444e-805d-305ecea37835)
2020-03-01 22:56:47.304 15 RALLYDEBUG rally_openstack.cleanup.manager [-] Deleting neutron.port object s_rally_a3e158a7_VYgk8nUq (33aec9f0-5618-4c30-b524-56c730adfbf2)
2020-03-01 22:56:47.308 15 RALLYDEBUG rally_openstack.cleanup.manager [-] Deleting neutron.port object s_rally_a3e158a7_emWBISSg (4220013b-731a-475f-8285-655285ec19f5)
2020-03-01 22:56:47.310 15 RALLYDEBUG rally_openstack.cleanup.manager [-] Deleting neutron.port object s_rally_a3e158a7_fq0GJdZA (3cded93b-e48c-4ef9-88a7-a440dd99b95e)
2020-03-01 22:56:47.331 15 RALLYDEBUG rally_openstack.cleanup.manager [-] Deleting neutron.port object s_rally_a3e158a7_3uFRvn7R (40d4771d-4671-4c67-97c3-21af9e02c303)
2020-03-01 22:56:47.361 15 RALLYDEBUG rally_openstack.cleanup.manager [-] Deleting neutron.port object s_rally_a3e158a7_SIkJIgSj (3ab07e3a-ed63-4d3d-bc6f-88f9af988189)
2020-03-01 22:56:47.402 15 RALLYDEBUG rally_openstack.cleanup.manager [-] Deleting neutron.port object s_rally_a3e158a7_USLsA61J (43fb0f11-168d-4af2-8380-743f6ce2898e)
2020-03-01 22:56:47.406 15 RALLYDEBUG rally_openstack.cleanup.manager [-] Deleting neutron.port object s_rally_a3e158a7_4tzYVQ6r (442e86a6-2ebc-42e3-a8d9-cb4c6373dde3)
2020-03-01 22:56:47.441 15 RALLYDEBUG rally_openstack.cleanup.manager [-] Deleting neutron.port object s_rally_a3e158a7_vwCqL7GX (4387a1db-57b2-4155-be5d-e103456f5d46)
2020-03-01 22:56:50.453 15 RALLYDEBUG rally_openstack.cleanup.manager [-] Deleting neutron.port object s_rally_a3e158a7_wu4SXDLp (4584124d-0543-4c59-8d52-8508be4ad578)
2020-03-01 22:56:50.582 15 RALLYDEBUG rally_openstack.cleanup.manager [-] Deleting neutron.port object s_rally_a3e158a7_wpzE0WuM (4a05cd4b-4579-4880-aaf4-c0e6d3fd4292)
2020-03-01 22:56:51.410 15 RALLYDEBUG rally_openstack.cleanup.manager [-] Deleting neutron.port object s_rally_a3e158a7_MuPSf38L (4d855565-425d-4257-915e-1210ef15d2f4)
2020-03-01 22:56:51.755 15 RALLYDEBUG rally_openstack.cleanup.manager [-] Deleting neutron.port object s_rally_a3e158a7_hIuHFVYy (55c32b66-3fa8-4e15-bbf7-b7b8732bc0ca)
2020-03-01 22:56:51.762 15 RALLYDEBUG rally_openstack.cleanup.manager [-] Deleting neutron.port object s_rally_a3e158a7_4ybmk1Pu (563d0583-3313-4386-8fb6-90d9fec0b59d)
2020-03-01 22:56:52.406 15 RALLYDEBUG rally_openstack.cleanup.manager [-] Deleting neutron.port object s_rally_a3e158a7_NTY4z3AQ (5889a45f-5148-441f-b5af-2e25b2e720f1)
2020-03-01 22:56:53.910 15 RALLYDEBUG rally_openstack.cleanup.manager [-] Deleting neutron.port object s_rally_a3e158a7_6MS4cU9M (594cbe6d-b9f2-4c43-a73b-2476c36b8c9d)
2020-03-01 22:56:53.920 15 RALLYDEBUG rally_openstack.cleanup.manager [-] Deleting neutron.port object s_rally_a3e158a7_SVEeeHTH (59b4a5e8-e38b-412d-a3ae-eabaa6f5e664)
2020-03-01 22:56:54.224 15 RALLYDEBUG rally_openstack.cleanup.manager [-] Deleting neutron.port object s_rally_a3e158a7_LTJI2FOq (5db34d21-af0c-4e53-bf9a-f69fde7ffbb5)
2020-03-01 22:56:54.709 15 RALLYDEBUG rally_openstack.cleanup.manager [-] Deleting neutron.port object s_rally_a3e158a7_VQinrway (6459fda0-9dd4-4db7-a9ee-e5f8b5402482)
2020-03-01 22:56:54.981 15 RALLYDEBUG rally_openstack.cleanup.manager [-] Deleting neutron.port object s_rally_a3e158a7_yp9IQxzc (64a47dac-7a52-4027-8a3d-a9680189d389)
2020-03-01 22:56:55.217 15 RALLYDEBUG rally_openstack.cleanup.manager [-] Deleting neutron.port object s_rally_a3e158a7_hxyyvoG8 (67e7862e-9c84-476c-aa31-1eed54e0ccc9)
2020-03-01 22:56:55.277 15 RALLYDEBUG rally_openstack.cleanup.manager [-] Deleting neutron.port object s_rally_a3e158a7_JACSZ2td (6946ae52-5fa6-40a2-9c7d-c2a7ee898beb)
2020-03-01 22:56:55.289 15 RALLYDEBUG rally_openstack.cleanup.manager [-] Deleting neutron.port object s_rally_a3e158a7_KVxNoT5S (69f5f56d-24ef-412c-9ba4-b271abbd12ad)
2020-03-01 22:56:55.357 15 RALLYDEBUG rally_openstack.cleanup.manager [-] Deleting neutron.port object s_rally_a3e158a7_AL9xQQ42 (6a856e0b-4a84-4c11-a8df-59f8993db7a6)
2020-03-01 22:56:55.365 15 RALLYDEBUG rally_openstack.cleanup.manager [-] Deleting neutron.port object s_rally_a3e158a7_trf4fAQV (6ba7f1e4-2e99-4003-ae0d-bba1fa803f53)
2020-03-01 22:56:55.379 15 RALLYDEBUG rally_openstack.cleanup.manager [-] Deleting neutron.port object s_rally_a3e158a7_wxiOFCrJ (7d61fea0-f5b0-4ff5-93c9-4a306d3391dd)
2020-03-01 22:56:55.422 15 RALLYDEBUG rally_openstack.cleanup.manager [-] Deleting neutron.port object s_rally_a3e158a7_bFrxRWX3 (86dec440-2620-47f9-8112-5fca6bbc649c)
2020-03-01 22:56:55.499 15 RALLYDEBUG rally_openstack.cleanup.manager [-] Deleting neutron.port object s_rally_a3e158a7_ZCouQtW8 (8a9ae7ab-802f-4177-ab15-aed3f7a4e66d)
2020-03-01 22:56:55.570 15 RALLYDEBUG rally_openstack.cleanup.manager [-] Deleting neutron.port object s_rally_a3e158a7_pVbHyuvG (8ee51256-1c3d-439f-a601-00e2b999e6e2)
2020-03-01 22:56:56.115 15 RALLYDEBUG rally_openstack.cleanup.manager [-] Deleting neutron.port object s_rally_a3e158a7_hN1Z2Ziq (923dc2bf-7ebd-481f-a961-52d0e0fb9061)
2020-03-01 22:56:56.264 15 RALLYDEBUG rally_openstack.cleanup.manager [-] Deleting neutron.port object s_rally_a3e158a7_F6DHHEmW (9775f5f7-735e-4030-a171-666c27f2c8ea)
2020-03-01 22:56:56.292 15 RALLYDEBUG rally_openstack.cleanup.manager [-] Deleting neutron.port object s_rally_a3e158a7_HlPZ0QTc (9951ad7a-d5bc-4bc5-80de-57c7381788ec)
2020-03-01 22:56:56.844 15 RALLYDEBUG rally_openstack.cleanup.manager [-] Deleting neutron.port object s_rally_a3e158a7_d3uusols (9998004e-850c-4a8b-8217-04f30c00ef89)
2020-03-01 22:56:57.348 15 RALLYDEBUG rally_openstack.cleanup.manager [-] Deleting neutron.port object s_rally_a3e158a7_ieI8SqAB (a2ed9846-7276-40d3-b048-b7fbcf0fb367)
2020-03-01 22:56:57.356 15 RALLYDEBUG rally_openstack.cleanup.manager [-] Deleting neutron.port object s_rally_a3e158a7_U1RQ1has (a530ce81-48b0-4b21-bbc9-9af056ed3267)
2020-03-01 22:56:57.746 15 RALLYDEBUG rally_openstack.cleanup.manager [-] Deleting neutron.port object s_rally_a3e158a7_Vhze5cZ9 (ab1c691a-c32f-451e-a7b9-71cc6c3797c1)
2020-03-01 22:56:57.951 15 RALLYDEBUG rally_openstack.cleanup.manager [-] Deleting neutron.port object s_rally_a3e158a7_cpT87IyV (b36b6f70-666d-4bb9-a4da-c3882d9dcba8)
2020-03-01 22:56:57.965 15 RALLYDEBUG rally_openstack.cleanup.manager [-] Deleting neutron.port object s_rally_a3e158a7_lF7H1UcJ (b866959e-685f-497d-b328-2ef2568955fb)
2020-03-01 22:56:58.103 15 RALLYDEBUG rally_openstack.cleanup.manager [-] Deleting neutron.port object s_rally_a3e158a7_SQIuLzDX (b8dadc87-3196-48c3-b52a-6292a6361151)
2020-03-01 22:56:58.461 15 RALLYDEBUG rally_openstack.cleanup.manager [-] Deleting neutron.port object s_rally_a3e158a7_lglQjJIV (bafdae22-b3fc-4fec-ac13-425d92423166)
2020-03-01 22:56:59.279 15 RALLYDEBUG rally_openstack.cleanup.manager [-] Deleting neutron.port object s_rally_a3e158a7_5Az78YKQ (be100cc4-6a6d-460c-8ca9-65a3727ac38d)
2020-03-01 22:56:59.849 15 RALLYDEBUG rally_openstack.cleanup.manager [-] Deleting neutron.port object s_rally_a3e158a7_NV4yrjTQ (c48e7f83-ebe5-44eb-beb1-9c0c79201124)
2020-03-01 22:57:00.167 15 RALLYDEBUG rally_openstack.cleanup.manager [-] Deleting neutron.port object s_rally_a3e158a7_9B1V6BbI (cc12536f-fce6-47db-aa2c-790d5e9ad6ee)
2020-03-01 22:57:00.421 15 RALLYDEBUG rally_openstack.cleanup.manager [-] Deleting neutron.port object s_rally_a3e158a7_vUp9N9ms (cd2d2171-a2ac-4382-9b64-1beb44290d99)
2020-03-01 22:57:00.595 15 RALLYDEBUG rally_openstack.cleanup.manager [-] Deleting neutron.port object s_rally_a3e158a7_4DTgqxtk (cd428549-29dd-484d-803d-e50e398d3912)
2020-03-01 22:57:00.701 15 RALLYDEBUG rally_openstack.cleanup.manager [-] Deleting neutron.port object s_rally_a3e158a7_qWRYBixO (cf823ead-9290-4cdd-9d2b-84933e39bcb0)
2020-03-01 22:57:00.964 15 RALLYDEBUG rally_openstack.cleanup.manager [-] Deleting neutron.port object s_rally_a3e158a7_hV4VdXFE (d243dc29-0426-4f5e-a8ea-e330b4e9430c)
2020-03-01 22:57:01.028 15 RALLYDEBUG rally_openstack.cleanup.manager [-] Deleting neutron.port object s_rally_a3e158a7_21GDFcCb (d2f5b0a7-bb82-47e3-9576-81352898abfe)
2020-03-01 22:57:01.049 15 RALLYDEBUG rally_openstack.cleanup.manager [-] Deleting neutron.port object s_rally_a3e158a7_aNQsBnE4 (d9f3ba6d-2a29-4b0b-bec5-0c04c178464a)
2020-03-01 22:57:01.054 15 RALLYDEBUG rally_openstack.cleanup.manager [-] Deleting neutron.port object s_rally_a3e158a7_5ePrJV4F (d3dcf1ef-e78d-4177-a3b2-3c9bd4d80918)
2020-03-01 22:57:01.500 15 RALLYDEBUG rally_openstack.cleanup.manager [-] Deleting neutron.port object s_rally_a3e158a7_GpFRnfQh (df8a260f-20c8-4ac8-8137-3c126ae76db9)
2020-03-01 22:57:01.808 15 RALLYDEBUG rally_openstack.cleanup.manager [-] Deleting neutron.port object s_rally_a3e158a7_oUeFcF0M (e067cec1-3a65-47ee-b21e-217ef5db9d57)
2020-03-01 22:57:02.077 15 RALLYDEBUG rally_openstack.cleanup.manager [-] Deleting neutron.port object s_rally_a3e158a7_EknqVyLV (e3611f4f-1d2a-41e9-bd92-0964041e935e)
2020-03-01 22:57:02.972 15 RALLYDEBUG rally_openstack.cleanup.manager [-] Deleting neutron.port object s_rally_a3e158a7_WhjrzU2K (e9674c31-54fb-4cdf-9630-cb2549cb7886)
2020-03-01 22:57:03.300 15 RALLYDEBUG rally_openstack.cleanup.manager [-] Deleting neutron.port object s_rally_a3e158a7_Y7mrg9OX (ea91afde-d46a-4a92-b629-a6d641f9b90a)
2020-03-01 22:57:03.304 15 RALLYDEBUG rally_openstack.cleanup.manager [-] Deleting neutron.port object s_rally_a3e158a7_hW3H7gOs (eabd7e32-eb5e-4972-80d3-c666a24ade67)
2020-03-01 22:57:03.505 15 RALLYDEBUG rally_openstack.cleanup.manager [-] Deleting neutron.port object s_rally_a3e158a7_ie76UqcP (f27728af-e620-45d8-8cf7-0edb7888140e)
2020-03-01 22:57:03.528 15 RALLYDEBUG rally_openstack.cleanup.manager [-] Deleting neutron.port object s_rally_a3e158a7_WsmuWznI (f2ba7d89-57c2-415d-9ddd-08468350a5ad)
2020-03-01 22:57:03.741 15 RALLYDEBUG rally_openstack.cleanup.manager [-] Deleting neutron.port object s_rally_a3e158a7_Lc80uBgm (f730b14e-6925-4138-b385-db6568119d3f)
2020-03-01 22:57:03.774 15 RALLYDEBUG rally_openstack.cleanup.manager [-] Deleting neutron.port object s_rally_a3e158a7_Lo8KMJY3 (f844f1b3-f821-4f40-86af-87873c46ff3d)
2020-03-01 22:57:03.988 15 RALLYDEBUG rally_openstack.cleanup.manager [-] Deleting neutron.port object s_rally_a3e158a7_ATfGtluw (fc34ca06-53d1-4c83-b629-77109ce94ed7)
2020-03-01 22:57:04.118 15 RALLYDEBUG rally_openstack.cleanup.manager [-] Deleting neutron.port object s_rally_a3e158a7_X9JIW0dC (fd8c8b40-9edd-4df3-8dd9-a216cfc414d7)
2020-03-01 22:57:04.222 15 RALLYDEBUG rally_openstack.cleanup.manager [-] Deleting neutron.port object s_rally_a3e158a7_KWfmMrZb (fddf26fa-78ca-44ff-b7aa-bb9877b3f780)
2020-03-01 22:57:04.238 15 RALLYDEBUG rally_openstack.cleanup.manager [-] Deleting neutron.port object s_rally_a3e158a7_15MfQfKE (fdebd00a-280e-4383-bee5-8a00bce94e37)
2020-03-01 22:57:04.594 15 RALLYDEBUG rally_openstack.cleanup.manager [-] Deleting neutron.port object s_rally_a3e158a7_dc6D6Ypg (ff53115a-e36e-4aba-ba7e-0198ab24b300)
2020-03-01 22:57:05.482 15 RALLYDEBUG rally_openstack.cleanup.manager [-] Deleting neutron.port object s_rally_a3e158a7_yfsp0rio (ff6e4778-aa25-438e-98e2-e52e1017dc89)
2020-03-01 22:57:05.987 15 RALLYDEBUG rally_openstack.cleanup.manager [-] Deleting neutron.port object s_rally_a3e158a7_KTuto3Ju (ffedd0a8-2ca3-4e13-99f8-f48950554569)
2020-03-01 22:57:12.585 15 RALLYDEBUG rally_openstack.cleanup.manager [-] Cleaning up neutron subnet objects
2020-03-01 22:57:13.056 15 RALLYDEBUG rally_openstack.cleanup.manager [-] Deleting neutron.subnet object s_rally_a3e158a7_F18Q65BW (0232f197-c029-4ec7-8b0a-77c7d5ef0663)
2020-03-01 22:57:13.065 15 RALLYDEBUG rally_openstack.cleanup.manager [-] Deleting neutron.subnet object s_rally_a3e158a7_ovZl2KJg (0a1bbd4c-ca92-4c23-840a-a7175b7b111f)
2020-03-01 22:57:13.073 15 RALLYDEBUG rally_openstack.cleanup.manager [-] Deleting neutron.subnet object s_rally_a3e158a7_MIadWfRh (0b63dcc4-d39f-46df-88c9-8824c3c66d2a)
2020-03-01 22:57:13.080 15 RALLYDEBUG rally_openstack.cleanup.manager [-] Deleting neutron.subnet object s_rally_a3e158a7_0uPHgfYn (0c29415b-8146-4fbe-b20d-21201d4d19c3)
2020-03-01 22:57:13.095 15 RALLYDEBUG rally_openstack.cleanup.manager [-] Deleting neutron.subnet object s_rally_a3e158a7_WIR4fJwD (0fe0a927-7e73-49d1-abe1-432e309f5aff)
2020-03-01 22:57:13.099 15 RALLYDEBUG rally_openstack.cleanup.manager [-] Deleting neutron.subnet object s_rally_a3e158a7_F3ovj4Fr (1b3d7e9c-72ff-45fa-a113-f250946387eb)
2020-03-01 22:57:13.111 15 RALLYDEBUG rally_openstack.cleanup.manager [-] Deleting neutron.subnet object s_rally_a3e158a7_3taHxsyP (1d32b58c-426a-4b64-8cef-493c62c6b6a1)
2020-03-01 22:57:13.126 15 RALLYDEBUG rally_openstack.cleanup.manager [-] Deleting neutron.subnet object s_rally_a3e158a7_RFL9ZDf0 (236e4984-ee44-4187-8326-67010dcc9145)
2020-03-01 22:57:13.187 15 RALLYDEBUG rally_openstack.cleanup.manager [-] Deleting neutron.subnet object s_rally_a3e158a7_L2fSgsXG (2841a81c-e070-4cce-8db0-91a49732512b)
2020-03-01 22:57:13.198 15 RALLYDEBUG rally_openstack.cleanup.manager [-] Deleting neutron.subnet object s_rally_a3e158a7_UhAhjIqY (293bb9da-13a4-4407-b05a-93252ae7153d)
2020-03-01 22:57:13.218 15 RALLYDEBUG rally_openstack.cleanup.manager [-] Deleting neutron.subnet object s_rally_a3e158a7_gJRAHEPU (2ebbf84a-5e74-4ff0-8aaa-57e3afef9ea1)
2020-03-01 22:57:13.229 15 RALLYDEBUG rally_openstack.cleanup.manager [-] Deleting neutron.subnet object s_rally_a3e158a7_zq4t3VYc (2f0b0f14-af4e-406d-9296-56feb3e32a80)
2020-03-01 22:57:13.225 15 RALLYDEBUG rally_openstack.cleanup.manager [-] Deleting neutron.subnet object s_rally_a3e158a7_yDBptzid (2e92b882-c58e-4c82-9569-009d71972268)
2020-03-01 22:57:13.238 15 RALLYDEBUG rally_openstack.cleanup.manager [-] Deleting neutron.subnet object s_rally_a3e158a7_midBzxD9 (2f9fc2bd-3d8a-4e40-987b-946619e660f5)
2020-03-01 22:57:13.241 15 RALLYDEBUG rally_openstack.cleanup.manager [-] Deleting neutron.subnet object s_rally_a3e158a7_6zLtc09f (31eb68a7-042d-4047-9704-e964f9533290)
2020-03-01 22:57:13.264 15 RALLYDEBUG rally_openstack.cleanup.manager [-] Deleting neutron.subnet object s_rally_a3e158a7_xMNWjl7U (37243d94-4368-40cb-a83c-f549edbfc11d)
2020-03-01 22:57:13.269 15 RALLYDEBUG rally_openstack.cleanup.manager [-] Deleting neutron.subnet object s_rally_a3e158a7_OohW6BBU (2ad8ab69-aea6-4b1e-a8e3-7b496670368b)
2020-03-01 22:57:13.279 15 RALLYDEBUG rally_openstack.cleanup.manager [-] Deleting neutron.subnet object s_rally_a3e158a7_QGlWbQf0 (3263b124-0de0-4a5d-9b59-ffd16a56b740)
2020-03-01 22:57:13.287 15 RALLYDEBUG rally_openstack.cleanup.manager [-] Deleting neutron.subnet object s_rally_a3e158a7_2PIomp6d (34cbc383-3521-4d9c-8264-dc628f866935)
2020-03-01 22:57:13.340 15 RALLYDEBUG rally_openstack.cleanup.manager [-] Deleting neutron.subnet object s_rally_a3e158a7_avvhpP75 (372f0e96-d9e5-480b-91ae-c65dae41a1fe)
2020-03-01 22:57:17.784 15 RALLYDEBUG rally_openstack.cleanup.manager [-] Deleting neutron.subnet object s_rally_a3e158a7_qy1RL8gu (39338bb2-aa3a-4214-b12d-6a8592dfb95b)
2020-03-01 22:57:17.795 15 RALLYDEBUG rally_openstack.cleanup.manager [-] Deleting neutron.subnet object s_rally_a3e158a7_4fnIiWGV (3e2d09b0-8118-4373-b394-6a603c02a812)
2020-03-01 22:57:17.828 15 RALLYDEBUG rally_openstack.cleanup.manager [-] Deleting neutron.subnet object s_rally_a3e158a7_gB23BYgC (4a4280aa-243e-4669-b5b5-bfd71fa5ed62)
2020-03-01 22:57:17.982 15 RALLYDEBUG rally_openstack.cleanup.manager [-] Deleting neutron.subnet object s_rally_a3e158a7_SIKMuawe (54d5d50b-de8e-4a7b-b6cc-045bc12eab5d)
2020-03-01 22:57:18.092 15 RALLYDEBUG rally_openstack.cleanup.manager [-] Deleting neutron.subnet object s_rally_a3e158a7_nxfizzDs (5627faa8-4451-4e7a-8b2d-cff69325bf3f)
2020-03-01 22:57:18.284 15 RALLYDEBUG rally_openstack.cleanup.manager [-] Deleting neutron.subnet object s_rally_a3e158a7_KkbLFz1e (57132d52-6481-4622-bf29-681a09ac0a2f)
2020-03-01 22:57:18.631 15 RALLYDEBUG rally_openstack.cleanup.manager [-] Deleting neutron.subnet object s_rally_a3e158a7_NQwWlbEG (5e1f978e-0f13-4deb-8e39-d2a0ed7c6e39)
2020-03-01 22:57:18.752 15 RALLYDEBUG rally_openstack.cleanup.manager [-] Deleting neutron.subnet object s_rally_a3e158a7_DHULJQOK (614e80be-255e-495b-8da4-1779676ce128)
2020-03-01 22:57:18.890 15 RALLYDEBUG rally_openstack.cleanup.manager [-] Deleting neutron.subnet object s_rally_a3e158a7_ZIqQyxFE (66189802-e5d1-4226-aee9-543c09ba742a)
2020-03-01 22:57:19.046 15 RALLYDEBUG rally_openstack.cleanup.manager [-] Deleting neutron.subnet object s_rally_a3e158a7_E2Ap3xcw (67301e4f-e4e7-4b06-a815-39938d39fe9a)
2020-03-01 22:57:19.056 15 RALLYDEBUG rally_openstack.cleanup.manager [-] Deleting neutron.subnet object s_rally_a3e158a7_rN8eV7DI (68f5d207-2fb0-4cd7-9093-d50879404aab)
2020-03-01 22:57:19.165 15 RALLYDEBUG rally_openstack.cleanup.manager [-] Deleting neutron.subnet object s_rally_a3e158a7_D0FOLhXz (68fc6ed7-dda9-45b9-bf4f-b2c894b549e1)
2020-03-01 22:57:19.477 15 RALLYDEBUG rally_openstack.cleanup.manager [-] Deleting neutron.subnet object s_rally_a3e158a7_algEaIIa (70da22ee-ecfb-430b-9af4-5b21c0bba1d6)
2020-03-01 22:57:19.713 15 RALLYDEBUG rally_openstack.cleanup.manager [-] Deleting neutron.subnet object s_rally_a3e158a7_T0798IwY (70dac77d-266c-43a8-91d8-5714ff2c041b)
2020-03-01 22:57:19.878 15 RALLYDEBUG rally_openstack.cleanup.manager [-] Deleting neutron.subnet object s_rally_a3e158a7_axa0EBYY (73f371d6-3d0f-45cb-a620-4ef90d741228)
2020-03-01 22:57:19.889 15 RALLYDEBUG rally_openstack.cleanup.manager [-] Deleting neutron.subnet object s_rally_a3e158a7_rJnKr2LI (765c204f-1eb5-47d6-92d0-0af4b8ee2874)
2020-03-01 22:57:19.890 15 RALLYDEBUG rally_openstack.cleanup.manager [-] Deleting neutron.subnet object s_rally_a3e158a7_T8Pp0cFK (782c11e6-61b7-42b8-92d6-9b22da681cc1)
2020-03-01 22:57:20.162 15 RALLYDEBUG rally_openstack.cleanup.manager [-] Deleting neutron.subnet object s_rally_a3e158a7_BsFul5fg (7d613e4b-941b-40a0-b6ba-3386c422f05c)
2020-03-01 22:57:20.257 15 RALLYDEBUG rally_openstack.cleanup.manager [-] Deleting neutron.subnet object s_rally_a3e158a7_zjD4sUbb (7fc75edc-ed23-4093-9351-7db10b91947b)
2020-03-01 22:57:21.637 15 RALLYDEBUG rally_openstack.cleanup.manager [-] Deleting neutron.subnet object s_rally_a3e158a7_XBjqVwOX (83c0ba46-62a5-4395-ab83-41d5c825a98c)
2020-03-01 22:57:22.166 15 RALLYDEBUG rally_openstack.cleanup.manager [-] Deleting neutron.subnet object s_rally_a3e158a7_ipFLZiQF (84df3964-d365-4249-864f-3107a18d700c)
2020-03-01 22:57:22.410 15 RALLYDEBUG rally_openstack.cleanup.manager [-] Deleting neutron.subnet object s_rally_a3e158a7_7oevTRxE (86609cb0-c8ee-49d0-b713-0593c8eb76b0)
2020-03-01 22:57:22.482 15 RALLYDEBUG rally_openstack.cleanup.manager [-] Deleting neutron.subnet object s_rally_a3e158a7_khjFSVc4 (88ab7f60-66b8-409f-84d3-2fa7a0cfd14c)
2020-03-01 22:57:22.499 15 RALLYDEBUG rally_openstack.cleanup.manager [-] Deleting neutron.subnet object s_rally_a3e158a7_QBgO1FCW (88efdfd5-2bc9-4133-b4a0-472e5195414b)
2020-03-01 22:57:22.662 15 RALLYDEBUG rally_openstack.cleanup.manager [-] Deleting neutron.subnet object s_rally_a3e158a7_nms6MXzJ (8a2a0b3c-a2d8-4721-8770-f8c17adbad1d)
2020-03-01 22:57:23.359 15 RALLYDEBUG rally_openstack.cleanup.manager [-] Deleting neutron.subnet object s_rally_a3e158a7_ZW4xx9Z8 (8e5f5f15-8060-41fc-b227-0df25f1dea68)
2020-03-01 22:57:23.506 15 RALLYDEBUG rally_openstack.cleanup.manager [-] Deleting neutron.subnet object s_rally_a3e158a7_BReX2nw0 (8f9b04c6-2d71-4bba-91c1-60b31cea575d)
2020-03-01 22:57:23.625 15 RALLYDEBUG rally_openstack.cleanup.manager [-] Deleting neutron.subnet object s_rally_a3e158a7_GpuSEPyX (9239c4ed-f179-4b0a-a081-67b7e6dfb089)
2020-03-01 22:57:23.645 15 RALLYDEBUG rally_openstack.cleanup.manager [-] Deleting neutron.subnet object s_rally_a3e158a7_txgS7EcU (92600fed-5e70-4067-a8f7-d0e5368c82ea)
2020-03-01 22:57:23.768 15 RALLYDEBUG rally_openstack.cleanup.manager [-] Deleting neutron.subnet object s_rally_a3e158a7_EnPuj62o (97f2e073-8951-40e3-953c-bd49f2d91422)
2020-03-01 22:57:24.065 15 RALLYDEBUG rally_openstack.cleanup.manager [-] Deleting neutron.subnet object s_rally_a3e158a7_j5oMHQDy (99db3e8c-cebe-4b7f-a1c7-cba3586e52cf)
2020-03-01 22:57:24.086 15 RALLYDEBUG rally_openstack.cleanup.manager [-] Deleting neutron.subnet object s_rally_a3e158a7_Btm4rvxu (9daee633-547a-4633-a71a-7fe9122965c6)
2020-03-01 22:57:24.293 15 RALLYDEBUG rally_openstack.cleanup.manager [-] Deleting neutron.subnet object s_rally_a3e158a7_NQLivJDK (9f403655-432d-4419-9af0-d4d1ff83ca53)
2020-03-01 22:57:24.633 15 RALLYDEBUG rally_openstack.cleanup.manager [-] Deleting neutron.subnet object s_rally_a3e158a7_2M8p1ZVb (9f9f5c59-eeb1-48ef-918d-9d49d31e9219)
2020-03-01 22:57:24.801 15 RALLYDEBUG rally_openstack.cleanup.manager [-] Deleting neutron.subnet object s_rally_a3e158a7_uah3WeYf (a054f323-5db9-4a43-9f82-bb95ca94c460)
2020-03-01 22:57:25.038 15 RALLYDEBUG rally_openstack.cleanup.manager [-] Deleting neutron.subnet object s_rally_a3e158a7_aWhKj5tk (a08a741e-f00d-423e-8493-e2c75ba80119)
2020-03-01 22:57:25.162 15 RALLYDEBUG rally_openstack.cleanup.manager [-] Deleting neutron.subnet object s_rally_a3e158a7_aSWNJ9WW (a26bb0e5-f2ee-43df-bd24-7694ca941468)
2020-03-01 22:57:25.678 15 RALLYDEBUG rally_openstack.cleanup.manager [-] Deleting neutron.subnet object s_rally_a3e158a7_iMvoGeqh (a549fbae-4da0-41a5-bf09-6079826c6e42)
2020-03-01 22:57:25.945 15 RALLYDEBUG rally_openstack.cleanup.manager [-] Deleting neutron.subnet object s_rally_a3e158a7_TrvpoCWa (adc54b89-5a72-4c72-b7ac-d41797b224ce)
2020-03-01 22:57:26.113 15 RALLYDEBUG rally_openstack.cleanup.manager [-] Deleting neutron.subnet object s_rally_a3e158a7_65lrpuJ0 (b234a7ed-e84f-4bb0-9803-7e2259775048)
2020-03-01 22:57:26.543 15 DEBUG neutronclient.v2_0.client [-] Error message: {"NeutronError": {"message": "Request Failed: internal server error while processing your request.", "type": "HTTPInternalServerError", "detail": ""}} _handle_fault_response /usr/lib/python2.7/site-packages/neutronclient/v2_0/client.py:259
