2020-03-01 23:03:56.820 15 RALLYDEBUG rally_openstack.cleanup.manager [-] Deleting neutron.router object s_rally_859cd6c1_taIjhJIh (df7a883c-86a7-4ad0-ac7a-3eddfaa72bd8)
2020-03-01 23:03:56.847 15 RALLYDEBUG rally_openstack.cleanup.manager [-] Deleting neutron.router object s_rally_859cd6c1_7GD3JHq2 (e2924bf4-894b-499a-b555-8b44efd18574)
2020-03-01 23:03:57.216 15 RALLYDEBUG rally_openstack.cleanup.manager [-] Deleting neutron.router object s_rally_859cd6c1_DUosT0KR (e293b02c-3e87-411f-b182-06c758670069)
2020-03-01 23:03:57.460 15 RALLYDEBUG rally_openstack.cleanup.manager [-] Deleting neutron.router object s_rally_859cd6c1_mQwA2DwG (e661e6ef-e1f1-4e2f-8a08-08e5a8d7bb10)
2020-03-01 23:03:57.702 15 RALLYDEBUG rally_openstack.cleanup.manager [-] Deleting neutron.router object s_rally_859cd6c1_9EFTc6ZH (e9ebb57d-595e-4fe7-ba02-2714b6d7ae31)
2020-03-01 23:03:57.882 15 RALLYDEBUG rally_openstack.cleanup.manager [-] Deleting neutron.router object s_rally_859cd6c1_ZZYk5lPF (ee09cd22-4068-4472-9b04-53c3511491cd)
2020-03-01 23:03:58.046 15 RALLYDEBUG rally_openstack.cleanup.manager [-] Deleting neutron.router object s_rally_859cd6c1_W4eAkwXx (f145ef79-4447-4bd0-ada5-c360478bf706)
2020-03-01 23:03:59.933 15 RALLYDEBUG rally_openstack.cleanup.manager [-] Deleting neutron.router object s_rally_859cd6c1_sM8GFMvu (f63f37d2-1718-4bb0-ac51-0d0f3620320c)
2020-03-01 23:03:59.969 15 RALLYDEBUG rally_openstack.cleanup.manager [-] Deleting neutron.router object s_rally_859cd6c1_FKQvNCbh (f997d61b-eacf-4e50-914a-b0e74e371775)
2020-03-01 23:04:00.173 15 RALLYDEBUG rally_openstack.cleanup.manager [-] Deleting neutron.router object s_rally_859cd6c1_9HkrDuwa (fd227336-f2ba-4423-ba35-fb55e7f71073)
2020-03-01 23:04:00.630 15 RALLYDEBUG rally_openstack.cleanup.manager [-] Deleting neutron.router object s_rally_859cd6c1_RPSk33Ff (fd2a37e9-fd5c-435b-ac18-8b268654beeb)
2020-03-01 23:04:00.711 15 RALLYDEBUG rally_openstack.cleanup.manager [-] Deleting neutron.router object s_rally_859cd6c1_WRujXnV1 (fee9ce4c-cdc3-49c9-9529-e8b89256f3af)
2020-03-01 23:04:16.765 15 RALLYDEBUG rally_openstack.cleanup.manager [-] Cleaning up neutron security_group objects
2020-03-01 23:04:17.076 15 INFO rally.task.context [-] Task b99ceb1f-0ac6-4ff5-8b38-110c39b915fc | Context cleanup@openstack cleanup() finished in 1.69 min
2020-03-01 23:04:17.077 15 INFO rally.task.context [-] Task b99ceb1f-0ac6-4ff5-8b38-110c39b915fc | Context quotas@openstack cleanup() started
2020-03-01 23:04:17.459 15 INFO rally.task.context [-] Task b99ceb1f-0ac6-4ff5-8b38-110c39b915fc | Context quotas@openstack cleanup() finished in 0.38 sec
2020-03-01 23:04:17.459 15 INFO rally.task.context [-] Task b99ceb1f-0ac6-4ff5-8b38-110c39b915fc | Context users@openstack cleanup() started
2020-03-01 23:04:19.884 15 INFO rally.task.context [-] Task b99ceb1f-0ac6-4ff5-8b38-110c39b915fc | Context users@openstack cleanup() finished in 2.42 sec
2020-03-01 23:04:20.505 15 INFO rally.task.engine [-] Load duration is: 221.043015
2020-03-01 23:04:20.505 15 INFO rally.task.engine [-] Full runner duration is: 221.090194
2020-03-01 23:04:20.506 15 INFO rally.task.engine [-] Full duration is: 326.76692
2020-03-01 23:04:20.592 15 INFO rally.task.engine [-] Running workload: position = 2 config = { "version": 2, "title": "A cropped version of a bigger task.", "description": "Auto-generated task from a single workload (uuid=963cf564-a520-4160-920e-eac7e7b9f64c)", "subtasks": [ { "title": "NeutronNetworks.create_and_delete_routers", "description": "Create and delete a given number of routers.", "scenario": { "NeutronNetworks.create_and_delete_routers": { "network_create_args": {}, "subnet_create_args": {}, "subnet_cidr_start": "1.1.0.0/30", "subnets_per_network": 2, "router_create_args": {} } }, "contexts": { "users": { "tenants": 1, "users_per_tenant": 1 }, "quotas": { "neutron": { "network": -1, "subnet": -1, "router": -1 } } }, "runner": { "constant": { "times": 40, "concurrency": 20 } }, "hooks": [], "sla": { "failure_rate": { "max": 0 } } } ] }
2020-03-01 23:04:20.620 15 RALLYDEBUG rally_openstack.contexts.keystone.users [-] Creating 1 tenants using 20 threads
2020-03-01 23:04:21.111 15 RALLYDEBUG rally_openstack.contexts.keystone.users [-] Creating 1 users using 20 threads
2020-03-01 23:04:21.579 15 INFO rally.task.context [-] Task b99ceb1f-0ac6-4ff5-8b38-110c39b915fc | Context users@openstack setup() finished in 0.96 sec
2020-03-01 23:04:22.198 15 INFO rally.task.context [-] Task b99ceb1f-0ac6-4ff5-8b38-110c39b915fc | Context quotas@openstack setup() finished in 0.62 sec
2020-03-01 23:04:22.199 15 INFO rally.task.context [-] Task b99ceb1f-0ac6-4ff5-8b38-110c39b915fc | Context cleanup@openstack setup() finished in 0.00 msec
2020-03-01 23:04:22.208 15 RALLYDEBUG rally.task.runner [-] Starting the constant runner (task UUID: b99ceb1f-0ac6-4ff5-8b38-110c39b915fc). timeout: 0 concurrency: 20 concurrency_per_worker: 1 times: 40 concurrency_overhead: 0 processes_to_start: 20 max_cpu_used: 88
2020-03-01 23:04:22.226 3476 RALLYDEBUG rally.task.runner [-] Starting a worker. concurrency: 1 args: {"network_create_args": {}, "subnet_create_args": {}, "subnet_cidr_start": "1.1.0.0/30", "subnets_per_network": 2, "router_create_args": {}} times: 40 method_name: run timeout: 0 duration: None cls:
2020-03-01 23:04:22.227 3475 RALLYDEBUG rally.task.runner [-] Starting a worker. concurrency: 1 args: {"network_create_args": {}, "subnet_create_args": {}, "subnet_cidr_start": "1.1.0.0/30", "subnets_per_network": 2, "router_create_args": {}} times: 40 method_name: run timeout: 0 duration: None cls:
2020-03-01 23:04:22.231 3477 RALLYDEBUG rally.task.runner [-] Starting a worker. concurrency: 1 args: {"network_create_args": {}, "subnet_create_args": {}, "subnet_cidr_start": "1.1.0.0/30", "subnets_per_network": 2, "router_create_args": {}} times: 40 method_name: run timeout: 0 duration: None cls:
2020-03-01 23:04:22.232 3476 INFO rally.task.runner [-] Task b99ceb1f-0ac6-4ff5-8b38-110c39b915fc | ITER: 1 START
2020-03-01 23:04:22.232 3478 RALLYDEBUG rally.task.runner [-] Starting a worker. concurrency: 1 args: {"network_create_args": {}, "subnet_create_args": {}, "subnet_cidr_start": "1.1.0.0/30", "subnets_per_network": 2, "router_create_args": {}} times: 40 method_name: run timeout: 0 duration: None cls:
2020-03-01 23:04:22.235 3475 INFO rally.task.runner [-] Task b99ceb1f-0ac6-4ff5-8b38-110c39b915fc | ITER: 2 START
2020-03-01 23:04:22.235 3479 RALLYDEBUG rally.task.runner [-] Starting a worker. concurrency: 1 args: {"network_create_args": {}, "subnet_create_args": {}, "subnet_cidr_start": "1.1.0.0/30", "subnets_per_network": 2, "router_create_args": {}} times: 40 method_name: run timeout: 0 duration: None cls:
2020-03-01 23:04:22.238 3477 INFO rally.task.runner [-] Task b99ceb1f-0ac6-4ff5-8b38-110c39b915fc | ITER: 3 START
2020-03-01 23:04:22.238 3478 INFO rally.task.runner [-] Task b99ceb1f-0ac6-4ff5-8b38-110c39b915fc | ITER: 4 START
2020-03-01 23:04:22.238 3481 RALLYDEBUG rally.task.runner [-] Starting a worker. concurrency: 1 args: {"network_create_args": {}, "subnet_create_args": {}, "subnet_cidr_start": "1.1.0.0/30", "subnets_per_network": 2, "router_create_args": {}} times: 40 method_name: run timeout: 0 duration: None cls:
2020-03-01 23:04:22.241 3479 INFO rally.task.runner [-] Task b99ceb1f-0ac6-4ff5-8b38-110c39b915fc | ITER: 5 START
2020-03-01 23:04:22.241 3484 RALLYDEBUG rally.task.runner [-] Starting a worker. concurrency: 1 args: {"network_create_args": {}, "subnet_create_args": {}, "subnet_cidr_start": "1.1.0.0/30", "subnets_per_network": 2, "router_create_args": {}} times: 40 method_name: run timeout: 0 duration: None cls:
2020-03-01 23:04:22.244 3481 INFO rally.task.runner [-] Task b99ceb1f-0ac6-4ff5-8b38-110c39b915fc | ITER: 6 START
2020-03-01 23:04:22.245 3490 RALLYDEBUG rally.task.runner [-] Starting a worker. concurrency: 1 args: {"network_create_args": {}, "subnet_create_args": {}, "subnet_cidr_start": "1.1.0.0/30", "subnets_per_network": 2, "router_create_args": {}} times: 40 method_name: run timeout: 0 duration: None cls:
2020-03-01 23:04:22.248 3484 INFO rally.task.runner [-] Task b99ceb1f-0ac6-4ff5-8b38-110c39b915fc | ITER: 7 START
2020-03-01 23:04:22.248 3493 RALLYDEBUG rally.task.runner [-] Starting a worker. concurrency: 1 args: {"network_create_args": {}, "subnet_create_args": {}, "subnet_cidr_start": "1.1.0.0/30", "subnets_per_network": 2, "router_create_args": {}} times: 40 method_name: run timeout: 0 duration: None cls:
2020-03-01 23:04:22.252 3490 INFO rally.task.runner [-] Task b99ceb1f-0ac6-4ff5-8b38-110c39b915fc | ITER: 8 START
2020-03-01 23:04:22.251 3496 RALLYDEBUG rally.task.runner [-] Starting a worker. concurrency: 1 args: {"network_create_args": {}, "subnet_create_args": {}, "subnet_cidr_start": "1.1.0.0/30", "subnets_per_network": 2, "router_create_args": {}} times: 40 method_name: run timeout: 0 duration: None cls:
2020-03-01 23:04:22.255 3493 INFO rally.task.runner [-] Task b99ceb1f-0ac6-4ff5-8b38-110c39b915fc | ITER: 9 START
2020-03-01 23:04:22.255 3499 RALLYDEBUG rally.task.runner [-] Starting a worker. concurrency: 1 args: {"network_create_args": {}, "subnet_create_args": {}, "subnet_cidr_start": "1.1.0.0/30", "subnets_per_network": 2, "router_create_args": {}} times: 40 method_name: run timeout: 0 duration: None cls:
2020-03-01 23:04:22.257 3496 INFO rally.task.runner [-] Task b99ceb1f-0ac6-4ff5-8b38-110c39b915fc | ITER: 10 START
2020-03-01 23:04:22.258 3502 RALLYDEBUG rally.task.runner [-] Starting a worker. concurrency: 1 args: {"network_create_args": {}, "subnet_create_args": {}, "subnet_cidr_start": "1.1.0.0/30", "subnets_per_network": 2, "router_create_args": {}} times: 40 method_name: run timeout: 0 duration: None cls:
2020-03-01 23:04:22.261 3505 RALLYDEBUG rally.task.runner [-] Starting a worker. concurrency: 1 args: {"network_create_args": {}, "subnet_create_args": {}, "subnet_cidr_start": "1.1.0.0/30", "subnets_per_network": 2, "router_create_args": {}} times: 40 method_name: run timeout: 0 duration: None cls:
2020-03-01 23:04:22.263 3499 INFO rally.task.runner [-] Task b99ceb1f-0ac6-4ff5-8b38-110c39b915fc | ITER: 11 START
2020-03-01 23:04:22.264 3502 INFO rally.task.runner [-] Task b99ceb1f-0ac6-4ff5-8b38-110c39b915fc | ITER: 12 START
2020-03-01 23:04:22.264 3508 RALLYDEBUG rally.task.runner [-] Starting a worker. concurrency: 1 args: {"network_create_args": {}, "subnet_create_args": {}, "subnet_cidr_start": "1.1.0.0/30", "subnets_per_network": 2, "router_create_args": {}} times: 40 method_name: run timeout: 0 duration: None cls:
2020-03-01 23:04:22.266 3505 INFO rally.task.runner [-] Task b99ceb1f-0ac6-4ff5-8b38-110c39b915fc | ITER: 13 START
2020-03-01 23:04:22.269 3508 INFO rally.task.runner [-] Task b99ceb1f-0ac6-4ff5-8b38-110c39b915fc | ITER: 14 START
2020-03-01 23:04:22.269 3513 RALLYDEBUG rally.task.runner [-] Starting a worker. concurrency: 1 args: {"network_create_args": {}, "subnet_create_args": {}, "subnet_cidr_start": "1.1.0.0/30", "subnets_per_network": 2, "router_create_args": {}} times: 40 method_name: run timeout: 0 duration: None cls:
2020-03-01 23:04:22.270 3510 RALLYDEBUG rally.task.runner [-] Starting a worker. concurrency: 1 args: {"network_create_args": {}, "subnet_create_args": {}, "subnet_cidr_start": "1.1.0.0/30", "subnets_per_network": 2, "router_create_args": {}} times: 40 method_name: run timeout: 0 duration: None cls:
2020-03-01 23:04:22.275 3513 INFO rally.task.runner [-] Task b99ceb1f-0ac6-4ff5-8b38-110c39b915fc | ITER: 15 START
2020-03-01 23:04:22.276 3517 RALLYDEBUG rally.task.runner [-] Starting a worker. concurrency: 1 args: {"network_create_args": {}, "subnet_create_args": {}, "subnet_cidr_start": "1.1.0.0/30", "subnets_per_network": 2, "router_create_args": {}} times: 40 method_name: run timeout: 0 duration: None cls:
2020-03-01 23:04:22.276 3520 RALLYDEBUG rally.task.runner [-] Starting a worker. concurrency: 1 args: {"network_create_args": {}, "subnet_create_args": {}, "subnet_cidr_start": "1.1.0.0/30", "subnets_per_network": 2, "router_create_args": {}} times: 40 method_name: run timeout: 0 duration: None cls:
2020-03-01 23:04:22.277 3510 INFO rally.task.runner [-] Task b99ceb1f-0ac6-4ff5-8b38-110c39b915fc | ITER: 16 START
2020-03-01 23:04:22.278 3521 RALLYDEBUG rally.task.runner [-] Starting a worker. concurrency: 1 args: {"network_create_args": {}, "subnet_create_args": {}, "subnet_cidr_start": "1.1.0.0/30", "subnets_per_network": 2, "router_create_args": {}} times: 40 method_name: run timeout: 0 duration: None cls:
2020-03-01 23:04:22.281 3517 INFO rally.task.runner [-] Task b99ceb1f-0ac6-4ff5-8b38-110c39b915fc | ITER: 17 START
2020-03-01 23:04:22.281 3524 RALLYDEBUG rally.task.runner [-] Starting a worker. concurrency: 1 args: {"network_create_args": {}, "subnet_create_args": {}, "subnet_cidr_start": "1.1.0.0/30", "subnets_per_network": 2, "router_create_args": {}} times: 40 method_name: run timeout: 0 duration: None cls:
2020-03-01 23:04:22.282 3520 INFO rally.task.runner [-] Task b99ceb1f-0ac6-4ff5-8b38-110c39b915fc | ITER: 18 START
2020-03-01 23:04:22.283 3521 INFO rally.task.runner [-] Task b99ceb1f-0ac6-4ff5-8b38-110c39b915fc | ITER: 19 START
2020-03-01 23:04:22.287 3524 INFO rally.task.runner [-] Task b99ceb1f-0ac6-4ff5-8b38-110c39b915fc | ITER: 20 START
2020-03-01 23:04:28.709 3475 RALLYDEBUG rally_openstack.wrappers.network [-] CIDR generated: 1.1.8.32/30
2020-03-01 23:04:28.758 3521 RALLYDEBUG rally_openstack.wrappers.network [-] CIDR generated: 1.1.8.36/30
2020-03-01 23:04:28.874 3510 RALLYDEBUG rally_openstack.wrappers.network [-] CIDR generated: 1.1.8.40/30
2020-03-01 23:04:28.967 3484 RALLYDEBUG rally_openstack.wrappers.network [-] CIDR generated: 1.1.8.44/30
2020-03-01 23:04:29.068 3490 RALLYDEBUG rally_openstack.wrappers.network [-] CIDR generated: 1.1.8.48/30
2020-03-01 23:04:29.224 3520 RALLYDEBUG rally_openstack.wrappers.network [-] CIDR generated: 1.1.8.52/30
2020-03-01 23:04:29.328 3505 RALLYDEBUG rally_openstack.wrappers.network [-] CIDR generated: 1.1.8.56/30
2020-03-01 23:04:29.339 3478 RALLYDEBUG rally_openstack.wrappers.network [-] CIDR generated: 1.1.8.60/30
2020-03-01 23:04:29.368 3496 RALLYDEBUG rally_openstack.wrappers.network [-] CIDR generated: 1.1.8.64/30
2020-03-01 23:04:29.416 3524 RALLYDEBUG rally_openstack.wrappers.network [-] CIDR generated: 1.1.8.68/30
2020-03-01 23:04:29.549 3517 RALLYDEBUG rally_openstack.wrappers.network [-] CIDR generated: 1.1.8.72/30
2020-03-01 23:04:29.713 3481 RALLYDEBUG rally_openstack.wrappers.network [-] CIDR generated: 1.1.8.76/30
2020-03-01 23:04:29.770 3502 RALLYDEBUG rally_openstack.wrappers.network [-] CIDR generated: 1.1.8.80/30
2020-03-01 23:04:30.101 3477 RALLYDEBUG rally_openstack.wrappers.network [-] CIDR generated: 1.1.8.84/30
2020-03-01 23:04:30.279 3499 RALLYDEBUG rally_openstack.wrappers.network [-] CIDR generated: 1.1.8.88/30
2020-03-01 23:04:30.476 3493 RALLYDEBUG rally_openstack.wrappers.network [-] CIDR generated: 1.1.8.92/30
2020-03-01 23:04:30.691 3508 RALLYDEBUG rally_openstack.wrappers.network [-] CIDR generated: 1.1.8.96/30
2020-03-01 23:04:30.878 3476 RALLYDEBUG rally_openstack.wrappers.network [-] CIDR generated: 1.1.8.100/30
2020-03-01 23:04:30.942 3479 RALLYDEBUG rally_openstack.wrappers.network [-] CIDR generated: 1.1.8.104/30
2020-03-01 23:04:31.132 3513 RALLYDEBUG rally_openstack.wrappers.network [-] CIDR generated: 1.1.8.108/30
2020-03-01 23:04:36.235 3510 RALLYDEBUG rally_openstack.wrappers.network [-] CIDR generated: 1.1.8.112/30
2020-03-01 23:04:36.274 3520 RALLYDEBUG rally_openstack.wrappers.network [-] CIDR generated: 1.1.8.116/30
2020-03-01 23:04:36.489 3517 RALLYDEBUG rally_openstack.wrappers.network [-] CIDR generated: 1.1.8.120/30
2020-03-01 23:04:36.660 3499 RALLYDEBUG rally_openstack.wrappers.network [-] CIDR generated: 1.1.8.124/30
2020-03-01 23:04:36.688 3475 RALLYDEBUG rally_openstack.wrappers.network [-] CIDR generated: 1.1.8.128/30
2020-03-01 23:04:36.691 3496 RALLYDEBUG rally_openstack.wrappers.network [-] CIDR generated: 1.1.8.132/30
2020-03-01 23:04:36.839 3478 RALLYDEBUG rally_openstack.wrappers.network [-] CIDR generated: 1.1.8.136/30
2020-03-01 23:04:36.855 3490 RALLYDEBUG rally_openstack.wrappers.network [-] CIDR generated: 1.1.8.140/30
2020-03-01 23:04:37.970 3484 RALLYDEBUG rally_openstack.wrappers.network [-] CIDR generated: 1.1.8.144/30
2020-03-01 23:04:38.180 3508 RALLYDEBUG rally_openstack.wrappers.network [-] CIDR generated: 1.1.8.148/30
2020-03-01 23:04:38.366 3505 RALLYDEBUG rally_openstack.wrappers.network [-] CIDR generated: 1.1.8.152/30
2020-03-01 23:04:38.427 3479 RALLYDEBUG rally_openstack.wrappers.network [-] CIDR generated: 1.1.8.156/30
2020-03-01 23:04:38.443 3521 RALLYDEBUG rally_openstack.wrappers.network [-] CIDR generated: 1.1.8.160/30
2020-03-01 23:04:38.493 3513 RALLYDEBUG rally_openstack.wrappers.network [-] CIDR generated: 1.1.8.164/30
2020-03-01 23:04:38.603 3477 RALLYDEBUG rally_openstack.wrappers.network [-] CIDR generated: 1.1.8.168/30
2020-03-01 23:04:38.640 3493 RALLYDEBUG rally_openstack.wrappers.network [-] CIDR generated: 1.1.8.172/30
2020-03-01 23:04:38.813 3502 RALLYDEBUG rally_openstack.wrappers.network [-] CIDR generated: 1.1.8.176/30
2020-03-01 23:04:38.880 3481 RALLYDEBUG rally_openstack.wrappers.network [-] CIDR generated: 1.1.8.180/30
2020-03-01 23:04:38.935 3524 RALLYDEBUG rally_openstack.wrappers.network [-] CIDR generated: 1.1.8.184/30
2020-03-01 23:04:39.085 3476 RALLYDEBUG rally_openstack.wrappers.network [-] CIDR generated: 1.1.8.188/30
2020-03-01 23:05:49.224 3484 INFO rally.task.runner [-] Task b99ceb1f-0ac6-4ff5-8b38-110c39b915fc | ITER: 7 END: OK
2020-03-01 23:05:49.231 3484 INFO rally.task.runner [-] Task b99ceb1f-0ac6-4ff5-8b38-110c39b915fc | ITER: 21 START
2020-03-01 23:05:50.311 3484 RALLYDEBUG rally_openstack.wrappers.network [-] CIDR generated: 1.1.8.192/30
2020-03-01 23:05:55.277 3484 RALLYDEBUG rally_openstack.wrappers.network [-] CIDR generated: 1.1.8.196/30
2020-03-01 23:05:56.108 3499 INFO rally.task.runner [-] Task b99ceb1f-0ac6-4ff5-8b38-110c39b915fc | ITER: 11 END: OK
2020-03-01 23:05:56.116 3499 INFO rally.task.runner [-] Task b99ceb1f-0ac6-4ff5-8b38-110c39b915fc | ITER: 22 START
2020-03-01 23:05:56.860 3479 INFO rally.task.runner [-] Task b99ceb1f-0ac6-4ff5-8b38-110c39b915fc | ITER: 5 END: OK
2020-03-01 23:05:56.867 3479 INFO rally.task.runner [-] Task b99ceb1f-0ac6-4ff5-8b38-110c39b915fc | ITER: 23 START
2020-03-01 23:05:58.436 3513 INFO rally.task.runner [-] Task b99ceb1f-0ac6-4ff5-8b38-110c39b915fc | ITER: 15 END: OK
2020-03-01 23:05:58.444 3513 INFO rally.task.runner [-] Task b99ceb1f-0ac6-4ff5-8b38-110c39b915fc | ITER: 24 START
2020-03-01 23:05:59.880 3475 INFO rally.task.runner [-] Task b99ceb1f-0ac6-4ff5-8b38-110c39b915fc | ITER: 2 END: OK
2020-03-01 23:05:59.888 3475 INFO rally.task.runner [-] Task b99ceb1f-0ac6-4ff5-8b38-110c39b915fc | ITER: 25 START
2020-03-01 23:06:00.169 3490 INFO rally.task.runner [-] Task b99ceb1f-0ac6-4ff5-8b38-110c39b915fc | ITER: 8 END: OK
2020-03-01 23:06:00.177 3490 INFO rally.task.runner [-] Task b99ceb1f-0ac6-4ff5-8b38-110c39b915fc | ITER: 26 START
2020-03-01 23:06:00.711 3508 INFO rally.task.runner [-] Task b99ceb1f-0ac6-4ff5-8b38-110c39b915fc | ITER: 14 END: OK
2020-03-01 23:06:00.719 3508 INFO rally.task.runner [-] Task b99ceb1f-0ac6-4ff5-8b38-110c39b915fc | ITER: 27 START
2020-03-01 23:06:00.946 3499 RALLYDEBUG rally_openstack.wrappers.network [-] CIDR generated: 1.1.8.200/30
2020-03-01 23:06:01.334 3479 RALLYDEBUG rally_openstack.wrappers.network [-] CIDR generated: 1.1.8.204/30
2020-03-01 23:06:01.632 3513 RALLYDEBUG rally_openstack.wrappers.network [-] CIDR generated: 1.1.8.208/30
2020-03-01 23:06:02.327 3475 RALLYDEBUG rally_openstack.wrappers.network [-] CIDR generated: 1.1.8.212/30
2020-03-01 23:06:03.660 3510 INFO rally.task.runner [-] Task b99ceb1f-0ac6-4ff5-8b38-110c39b915fc | ITER: 16 END: OK
2020-03-01 23:06:03.667 3510 INFO rally.task.runner [-] Task b99ceb1f-0ac6-4ff5-8b38-110c39b915fc | ITER: 28 START
2020-03-01 23:06:03.853 3520 INFO rally.task.runner [-] Task b99ceb1f-0ac6-4ff5-8b38-110c39b915fc | ITER: 18 END: OK
2020-03-01 23:06:03.860 3520 INFO rally.task.runner [-] Task b99ceb1f-0ac6-4ff5-8b38-110c39b915fc | ITER: 29 START
2020-03-01 23:06:04.029 3490 RALLYDEBUG rally_openstack.wrappers.network [-] CIDR generated: 1.1.8.216/30
2020-03-01 23:06:05.059 3477 INFO rally.task.runner [-] Task b99ceb1f-0ac6-4ff5-8b38-110c39b915fc | ITER: 3 END: OK
2020-03-01 23:06:05.062 3521 INFO rally.task.runner [-] Task b99ceb1f-0ac6-4ff5-8b38-110c39b915fc | ITER: 19 END: OK
2020-03-01 23:06:05.064 3505 INFO rally.task.runner [-] Task b99ceb1f-0ac6-4ff5-8b38-110c39b915fc | ITER: 13 END: OK
2020-03-01 23:06:05.066 3477 INFO rally.task.runner [-] Task b99ceb1f-0ac6-4ff5-8b38-110c39b915fc | ITER: 30 START
2020-03-01 23:06:05.069 3521 INFO rally.task.runner [-] Task b99ceb1f-0ac6-4ff5-8b38-110c39b915fc | ITER: 31 START
2020-03-01 23:06:05.071 3505 INFO rally.task.runner [-] Task b99ceb1f-0ac6-4ff5-8b38-110c39b915fc | ITER: 32 START
2020-03-01 23:06:06.019 3508 RALLYDEBUG rally_openstack.wrappers.network [-] CIDR generated: 1.1.8.220/30
2020-03-01 23:06:07.487 3496 INFO rally.task.runner [-] Task b99ceb1f-0ac6-4ff5-8b38-110c39b915fc | ITER: 10 END: OK
2020-03-01 23:06:07.495 3496 INFO rally.task.runner [-] Task b99ceb1f-0ac6-4ff5-8b38-110c39b915fc | ITER: 33 START
2020-03-01 23:06:07.587 3478 INFO rally.task.runner [-] Task b99ceb1f-0ac6-4ff5-8b38-110c39b915fc | ITER: 4 END: OK
2020-03-01 23:06:07.594 3478 INFO rally.task.runner [-] Task b99ceb1f-0ac6-4ff5-8b38-110c39b915fc | ITER: 34 START
2020-03-01 23:06:07.619 3524 INFO rally.task.runner [-] Task b99ceb1f-0ac6-4ff5-8b38-110c39b915fc | ITER: 20 END: OK
2020-03-01 23:06:07.627 3524 INFO rally.task.runner [-] Task b99ceb1f-0ac6-4ff5-8b38-110c39b915fc | ITER: 35 START
2020-03-01 23:06:10.788 3517 INFO rally.task.runner [-] Task b99ceb1f-0ac6-4ff5-8b38-110c39b915fc | ITER: 17 END: OK
2020-03-01 23:06:10.795 3517 INFO rally.task.runner [-] Task b99ceb1f-0ac6-4ff5-8b38-110c39b915fc | ITER: 36 START
2020-03-01 23:06:10.956 3476 INFO rally.task.runner [-] Task b99ceb1f-0ac6-4ff5-8b38-110c39b915fc | ITER: 1 END: OK
2020-03-01 23:06:10.964 3476 INFO rally.task.runner [-] Task b99ceb1f-0ac6-4ff5-8b38-110c39b915fc | ITER: 37 START
2020-03-01 23:06:12.983 3510 RALLYDEBUG rally_openstack.wrappers.network [-] CIDR generated: 1.1.8.224/30
2020-03-01 23:06:14.089 3502 INFO rally.task.runner [-] Task b99ceb1f-0ac6-4ff5-8b38-110c39b915fc | ITER: 12 END: OK
2020-03-01 23:06:14.096 3502 INFO rally.task.runner [-] Task b99ceb1f-0ac6-4ff5-8b38-110c39b915fc | ITER: 38 START
2020-03-01 23:06:14.125 3520 RALLYDEBUG rally_openstack.wrappers.network [-] CIDR generated: 1.1.8.228/30
2020-03-01 23:06:16.181 3521 RALLYDEBUG rally_openstack.wrappers.network [-] CIDR generated: 1.1.8.232/30
2020-03-01 23:06:16.500 3477 RALLYDEBUG rally_openstack.wrappers.network [-] CIDR generated: 1.1.8.236/30
2020-03-01 23:06:16.790 3505 RALLYDEBUG rally_openstack.wrappers.network [-] CIDR generated: 1.1.8.240/30
2020-03-01 23:06:19.426 3499 RALLYDEBUG rally_openstack.wrappers.network [-] CIDR generated: 1.1.8.244/30
2020-03-01 23:06:19.585 3496 RALLYDEBUG rally_openstack.wrappers.network [-] CIDR generated: 1.1.8.248/30
2020-03-01 23:06:20.076 3524 RALLYDEBUG rally_openstack.wrappers.network [-] CIDR generated: 1.1.8.252/30
2020-03-01 23:06:20.878 3517 RALLYDEBUG rally_openstack.wrappers.network [-] CIDR generated: 1.1.9.0/30
2020-03-01 23:06:21.001 3476 RALLYDEBUG rally_openstack.wrappers.network [-] CIDR generated: 1.1.9.4/30
2020-03-01 23:06:21.944 3478 RALLYDEBUG rally_openstack.wrappers.network [-] CIDR generated: 1.1.9.8/30
2020-03-01 23:06:22.420 3502 RALLYDEBUG rally_openstack.wrappers.network [-] CIDR generated: 1.1.9.12/30
2020-03-01 23:06:22.964 3479 RALLYDEBUG rally_openstack.wrappers.network [-] CIDR generated: 1.1.9.16/30
2020-03-01 23:06:23.495 3513 RALLYDEBUG rally_openstack.wrappers.network [-] CIDR generated: 1.1.9.20/30
2020-03-01 23:06:24.140 3481 INFO rally.task.runner [-] Task b99ceb1f-0ac6-4ff5-8b38-110c39b915fc | ITER: 6 END: OK
2020-03-01 23:06:24.147 3481 INFO rally.task.runner [-] Task b99ceb1f-0ac6-4ff5-8b38-110c39b915fc | ITER: 39 START
2020-03-01 23:06:25.558 3475 RALLYDEBUG rally_openstack.wrappers.network [-] CIDR generated: 1.1.9.24/30
2020-03-01 23:06:26.406 3493 INFO rally.task.runner [-] Task b99ceb1f-0ac6-4ff5-8b38-110c39b915fc | ITER: 9 END: OK
2020-03-01 23:06:26.414 3493 INFO rally.task.runner [-] Task b99ceb1f-0ac6-4ff5-8b38-110c39b915fc | ITER: 40 START
2020-03-01 23:06:30.329 3490 RALLYDEBUG rally_openstack.wrappers.network [-] CIDR generated: 1.1.9.28/30
2020-03-01 23:06:30.526 3481 RALLYDEBUG rally_openstack.wrappers.network [-] CIDR generated: 1.1.9.32/30
2020-03-01 23:06:33.351 3524 RALLYDEBUG rally_openstack.wrappers.network [-] CIDR generated: 1.1.9.36/30
2020-03-01 23:06:33.668 3493 RALLYDEBUG rally_openstack.wrappers.network [-] CIDR generated: 1.1.9.40/30
2020-03-01 23:06:35.124 3508 RALLYDEBUG rally_openstack.wrappers.network [-] CIDR generated: 1.1.9.44/30
2020-03-01 23:06:37.628 3510 RALLYDEBUG rally_openstack.wrappers.network [-] CIDR generated: 1.1.9.48/30
2020-03-01 23:06:37.657 3520 RALLYDEBUG rally_openstack.wrappers.network [-] CIDR generated: 1.1.9.52/30
2020-03-01 23:06:41.027 3521 RALLYDEBUG rally_openstack.wrappers.network [-] CIDR generated: 1.1.9.56/30
2020-03-01 23:06:45.870 3477 RALLYDEBUG rally_openstack.wrappers.network [-] CIDR generated: 1.1.9.60/30
2020-03-01 23:06:51.497 3496 RALLYDEBUG rally_openstack.wrappers.network [-] CIDR generated: 1.1.9.64/30
2020-03-01 23:06:54.329 3505 RALLYDEBUG rally_openstack.wrappers.network [-] CIDR generated: 1.1.9.68/30
2020-03-01 23:06:56.888 3476 RALLYDEBUG rally_openstack.wrappers.network [-] CIDR generated: 1.1.9.72/30
2020-03-01 23:06:56.904 3517 RALLYDEBUG rally_openstack.wrappers.network [-] CIDR generated: 1.1.9.76/30
2020-03-01 23:06:56.929 3478 RALLYDEBUG rally_openstack.wrappers.network [-] CIDR generated: 1.1.9.80/30
2020-03-01 23:06:58.080 3502 RALLYDEBUG rally_openstack.wrappers.network [-] CIDR generated: 1.1.9.84/30
2020-03-01 23:07:04.267 3493 RALLYDEBUG rally_openstack.wrappers.network [-] CIDR generated: 1.1.9.88/30
2020-03-01 23:07:04.340 3481 RALLYDEBUG rally_openstack.wrappers.network [-] CIDR generated: 1.1.9.92/30
2020-03-01 23:07:57.439 3477 DEBUG neutronclient.v2_0.client [-] Error message: 504 Gateway Time-out

504 Gateway Time-out


nginx
_handle_fault_response /usr/lib/python2.7/site-packages/neutronclient/v2_0/client.py:259
2020-03-01 23:07:57.447 3477 ERROR rally.task.runner [-] Iteration 30 raised Exception: NeutronClientException: 504 Gateway Time-out

504 Gateway Time-out


nginx
2020-03-01 23:07:57.447 3477 ERROR rally.task.runner
Traceback (most recent call last):
2020-03-01 23:07:57.447 3477 ERROR rally.task.runner
File "/usr/lib/python2.7/site-packages/rally/task/runner.py", line 71, in _run_scenario_once
2020-03-01 23:07:57.447 3477 ERROR rally.task.runner getattr(scenario_inst, method_name)(**scenario_kwargs)
2020-03-01 23:07:57.447 3477 ERROR rally.task.runner
File "/usr/lib/python2.7/site-packages/rally_openstack/scenarios/neutron/network.py", line 356, in run
2020-03-01 23:07:57.447 3477 ERROR rally.task.runner subnets_per_network, router_create_args)
2020-03-01 23:07:57.447 3477 ERROR rally.task.runner
File "/usr/lib/python2.7/site-packages/rally_openstack/scenarios/neutron/utils.py", line 385, in _create_network_structure
2020-03-01 23:07:57.447 3477 ERROR rally.task.runner router = self._create_router(router_create_args or {})
2020-03-01 23:07:57.447 3477 ERROR rally.task.runner
File "/usr/lib/python2.7/site-packages/rally/task/atomic.py", line 91, in func_atomic_actions
2020-03-01 23:07:57.447 3477 ERROR rally.task.runner f = func(self, *args, **kwargs)
2020-03-01 23:07:57.447 3477 ERROR rally.task.runner
File "/usr/lib/python2.7/site-packages/rally_openstack/scenarios/neutron/utils.py", line 215, in _create_router
2020-03-01 23:07:57.447 3477 ERROR rally.task.runner {"router": router_create_args})
2020-03-01 23:07:57.447 3477 ERROR rally.task.runner
File "/usr/lib/python2.7/site-packages/neutronclient/v2_0/client.py", line 885, in create_router
2020-03-01 23:07:57.447 3477 ERROR rally.task.runner return self.post(self.routers_path, body=body)
2020-03-01 23:07:57.447 3477 ERROR rally.task.runner
File "/usr/lib/python2.7/site-packages/neutronclient/v2_0/client.py", line 359, in post
2020-03-01 23:07:57.447 3477 ERROR rally.task.runner headers=headers, params=params)
2020-03-01 23:07:57.447 3477 ERROR rally.task.runner
File "/usr/lib/python2.7/site-packages/neutronclient/v2_0/client.py", line 294, in do_request
2020-03-01 23:07:57.447 3477 ERROR rally.task.runner self._handle_fault_response(status_code, replybody, resp)
2020-03-01 23:07:57.447 3477 ERROR rally.task.runner
File "/usr/lib/python2.7/site-packages/neutronclient/v2_0/client.py", line 269, in _handle_fault_response
2020-03-01 23:07:57.447 3477 ERROR rally.task.runner exception_handler_v20(status_code, error_body)
2020-03-01 23:07:57.447 3477 ERROR rally.task.runner
File "/usr/lib/python2.7/site-packages/neutronclient/v2_0/client.py", line 93, in exception_handler_v20
2020-03-01 23:07:57.447 3477 ERROR rally.task.runner request_ids=request_ids)
2020-03-01 23:07:57.447 3477 ERROR rally.task.runner NeutronClientException:
2020-03-01 23:07:57.447 3477 ERROR rally.task.runner 504 Gateway Time-out
2020-03-01 23:07:57.447 3477 ERROR rally.task.runner
2020-03-01 23:07:57.447 3477 ERROR rally.task.runner

504 Gateway Time-out

2020-03-01 23:07:57.447 3477 ERROR rally.task.runner
nginx
2020-03-01 23:07:57.447 3477 ERROR rally.task.runner
2020-03-01 23:07:57.447 3477 ERROR rally.task.runner
2020-03-01 23:07:57.447 3477 ERROR rally.task.runner
2020-03-01 23:07:57.447 3477 ERROR rally.task.runner
2020-03-01 23:07:57.450 3477 INFO rally.task.runner [-] Task b99ceb1f-0ac6-4ff5-8b38-110c39b915fc | ITER: 30 END: Error NeutronClientException: 504 Gateway Time-out

504 Gateway Time-out


nginx
2020-03-01 23:08:21.761 3484 INFO rally.task.runner [-] Task b99ceb1f-0ac6-4ff5-8b38-110c39b915fc | ITER: 21 END: OK
2020-03-01 23:08:56.896 3499 INFO rally.task.runner [-] Task b99ceb1f-0ac6-4ff5-8b38-110c39b915fc | ITER: 22 END: OK
2020-03-01 23:08:59.476 3513 INFO rally.task.runner [-] Task b99ceb1f-0ac6-4ff5-8b38-110c39b915fc | ITER: 24 END: OK
2020-03-01 23:09:00.062 3479 INFO rally.task.runner [-] Task b99ceb1f-0ac6-4ff5-8b38-110c39b915fc | ITER: 23 END: OK
2020-03-01 23:09:01.196 3475 INFO rally.task.runner [-] Task b99ceb1f-0ac6-4ff5-8b38-110c39b915fc | ITER: 25 END: OK
2020-03-01 23:09:04.227 3490 INFO rally.task.runner [-] Task b99ceb1f-0ac6-4ff5-8b38-110c39b915fc | ITER: 26 END: OK
2020-03-01 23:09:04.373 3524 INFO rally.task.runner [-] Task b99ceb1f-0ac6-4ff5-8b38-110c39b915fc | ITER: 35 END: OK
2020-03-01 23:09:04.491 3508 INFO rally.task.runner [-] Task b99ceb1f-0ac6-4ff5-8b38-110c39b915fc | ITER: 27 END: OK
2020-03-01 23:09:06.816 3510 INFO rally.task.runner [-] Task b99ceb1f-0ac6-4ff5-8b38-110c39b915fc | ITER: 28 END: OK
2020-03-01 23:09:11.771 3521 INFO rally.task.runner [-] Task b99ceb1f-0ac6-4ff5-8b38-110c39b915fc | ITER: 31 END: OK
2020-03-01 23:09:13.151 3517 INFO rally.task.runner [-] Task b99ceb1f-0ac6-4ff5-8b38-110c39b915fc | ITER: 36 END: OK
2020-03-01 23:09:13.956 3505 INFO rally.task.runner [-] Task b99ceb1f-0ac6-4ff5-8b38-110c39b915fc | ITER: 32 END: OK
2020-03-01 23:09:19.879 3502 INFO rally.task.runner [-] Task b99ceb1f-0ac6-4ff5-8b38-110c39b915fc | ITER: 38 END: OK
2020-03-01 23:09:20.093 3493 INFO rally.task.runner [-] Task b99ceb1f-0ac6-4ff5-8b38-110c39b915fc | ITER: 40 END: OK
2020-03-01 23:09:22.565 3478 INFO rally.task.runner [-] Task b99ceb1f-0ac6-4ff5-8b38-110c39b915fc | ITER: 34 END: OK
2020-03-01 23:09:22.949 3481 INFO rally.task.runner [-] Task b99ceb1f-0ac6-4ff5-8b38-110c39b915fc | ITER: 39 END: OK
2020-03-01 23:09:23.090 3476 INFO rally.task.runner [-] Task b99ceb1f-0ac6-4ff5-8b38-110c39b915fc | ITER: 37 END: OK
2020-03-01 23:09:23.109 3496 INFO rally.task.runner [-] Task b99ceb1f-0ac6-4ff5-8b38-110c39b915fc | ITER: 33 END: OK
2020-03-01 23:09:24.029 3520 INFO rally.task.runner [-] Task b99ceb1f-0ac6-4ff5-8b38-110c39b915fc | ITER: 29 END: OK
2020-03-01 23:09:24.057 15 INFO rally.task.context [-] Task b99ceb1f-0ac6-4ff5-8b38-110c39b915fc | Context cleanup@openstack cleanup() started
2020-03-01 23:09:24.061 15 RALLYDEBUG rally_openstack.cleanup.manager [-] Cleaning up neutron vip objects
2020-03-01 23:09:24.255 15 RALLYDEBUG rally_openstack.cleanup.manager [-] Cleaning up neutron health_monitor objects
2020-03-01 23:09:24.406 15 RALLYDEBUG rally_openstack.cleanup.manager [-] Cleaning up neutron pool objects
2020-03-01 23:09:24.579 15 RALLYDEBUG rally_openstack.cleanup.manager [-] Cleaning up neutron loadbalancer objects
2020-03-01 23:09:24.760 15 RALLYDEBUG rally_openstack.cleanup.manager [-] Cleaning up neutron floatingip objects
2020-03-01 23:09:24.920 15 RALLYDEBUG rally_openstack.cleanup.manager [-] Cleaning up neutron trunk objects
2020-03-01 23:09:25.061 15 DEBUG neutronclient.v2_0.client [-] Error message: {"message": "The resource could not be found.

\n\n\n", "code": "404 Not Found", "title": "Not Found"} _handle_fault_response /usr/lib/python2.7/site-packages/neutronclient/v2_0/client.py:259
2020-03-01 23:09:25.071 15 RALLYDEBUG rally_openstack.cleanup.manager [-] Cleaning up neutron port objects
2020-03-01 23:09:25.599 15 RALLYDEBUG rally_openstack.cleanup.manager [-] Cleaning up neutron subnet objects
2020-03-01 23:09:26.139 15 RALLYDEBUG rally_openstack.cleanup.manager [-] Deleting neutron.subnet object s_rally_963cf564_FCt05zag (0f19d092-05b3-4521-9087-d5068809b7c5)
2020-03-01 23:09:26.144 15 RALLYDEBUG rally_openstack.cleanup.manager [-] Deleting neutron.subnet object s_rally_963cf564_ZTiO1Nud (116d5626-8fa3-4c5c-8055-25271ec80f20)
2020-03-01 23:09:26.153 15 RALLYDEBUG rally_openstack.cleanup.manager [-] Deleting neutron.subnet object s_rally_963cf564_UlwJSjDO (130fb3bc-448d-458e-a3bb-19a6c3d027f2)
2020-03-01 23:09:26.165 15 RALLYDEBUG rally_openstack.cleanup.manager [-] Deleting neutron.subnet object s_rally_963cf564_5DHktbe3 (156ee57e-d9d9-4ce6-b114-98e1ee3424c5)
2020-03-01 23:09:26.169 15 RALLYDEBUG rally_openstack.cleanup.manager [-] Deleting neutron.subnet object s_rally_963cf564_LMUEWKZo (19077b8d-9d7b-4a92-8d0d-4dc0afbe379b)
2020-03-01 23:09:26.184 15 RALLYDEBUG rally_openstack.cleanup.manager [-] Deleting neutron.subnet object s_rally_963cf564_LNYBljfo (1ee19d13-5b5e-48e5-91eb-7c2ab3f5c413)
2020-03-01 23:09:26.195 15 RALLYDEBUG rally_openstack.cleanup.manager [-] Deleting neutron.subnet object s_rally_963cf564_yFarmeQL (1f5e463a-2bac-4e13-aa8d-f3c47df68fa0)
2020-03-01 23:09:26.227 15 RALLYDEBUG rally_openstack.cleanup.manager [-] Deleting neutron.subnet object s_rally_963cf564_K9eLovBM (21c1b47b-a173-42f4-91bb-eea5ffaf73eb)
2020-03-01 23:09:26.278 15 RALLYDEBUG rally_openstack.cleanup.manager [-] Deleting neutron.subnet object s_rally_963cf564_kVrDW5Yx (244f5a5f-3d58-49bb-8559-6bef2749378f)
2020-03-01 23:09:26.289 15 RALLYDEBUG rally_openstack.cleanup.manager [-] Deleting neutron.subnet object s_rally_963cf564_8kGmZsBW (2db463ff-d34f-4e87-82e9-13591f6005fc)
2020-03-01 23:09:26.307 15 RALLYDEBUG rally_openstack.cleanup.manager [-] Deleting neutron.subnet object s_rally_963cf564_0BK4mAuF (2d52f526-ce43-492d-84e1-38c471ef1f3b)
2020-03-01 23:09:26.314 15 RALLYDEBUG rally_openstack.cleanup.manager [-] Deleting neutron.subnet object s_rally_963cf564_iVqaXkEj (288b6e6d-f5e4-4548-bba2-dc70d19ab3bb)
2020-03-01 23:09:26.345 15 RALLYDEBUG rally_openstack.cleanup.manager [-] Deleting neutron.subnet object s_rally_963cf564_XQLttRW9 (3152f99b-54d8-4bc4-ab82-2baf93168139)
2020-03-01 23:09:26.358 15 RALLYDEBUG rally_openstack.cleanup.manager [-] Deleting neutron.subnet object s_rally_963cf564_qskku5HN (335918dc-7e84-430c-9483-25824ffb4138)
2020-03-01 23:09:26.365 15 RALLYDEBUG rally_openstack.cleanup.manager [-] Deleting neutron.subnet object s_rally_963cf564_98gyC1r1 (34724287-5ccf-4b93-9c2e-4b5ad5b9521c)
2020-03-01 23:09:26.374 15 RALLYDEBUG rally_openstack.cleanup.manager [-] Deleting neutron.subnet object s_rally_963cf564_krE7VgDO (38f9c53a-f945-4865-bd16-e0443c00a46a)
2020-03-01 23:09:26.373 15 RALLYDEBUG rally_openstack.cleanup.manager [-] Deleting neutron.subnet object s_rally_963cf564_dwyBjQf9 (30748bca-4e6f-4df3-8c39-b328465719fc)
2020-03-01 23:09:26.377 15 RALLYDEBUG rally_openstack.cleanup.manager [-] Deleting neutron.subnet object s_rally_963cf564_0bdceZox (36e2a3ef-1208-473a-b1fb-36dabd875bcc)
2020-03-01 23:09:26.396 15 RALLYDEBUG rally_openstack.cleanup.manager [-] Deleting neutron.subnet object s_rally_963cf564_3kZbIpTE (3b3e2696-6986-4129-9b99-7eb96b580fbc)
2020-03-01 23:09:26.397 15 RALLYDEBUG rally_openstack.cleanup.manager [-] Deleting neutron.subnet object s_rally_963cf564_4EjTvRSm (344e7c28-0571-4c6e-b3ee-280afada27a3)
2020-03-01 23:09:28.140 15 DEBUG neutronclient.v2_0.client [-] Error message: {"NeutronError": {"message": "Request Failed: internal server error while processing your request.", "type": "HTTPInternalServerError", "detail": ""}} _handle_fault_response /usr/lib/python2.7/site-packages/neutronclient/v2_0/client.py:259
2020-03-01 23:09:29.030 15 RALLYDEBUG rally_openstack.cleanup.manager [-] Deleting neutron.subnet object s_rally_963cf564_p2ZRxQgJ (3b464bf1-0ff1-4cfe-8b67-7be101102be4)
2020-03-01 23:09:29.206 15 RALLYDEBUG rally_openstack.cleanup.manager [-] Deleting neutron.subnet object s_rally_963cf564_7tMmhFJO (3eb9c5f7-0c9f-4213-a6ec-95c951d4fa5b)
2020-03-01 23:09:29.278 15 RALLYDEBUG rally_openstack.cleanup.manager [-] Deleting neutron.subnet object s_rally_963cf564_zEIX1k1P (3f29c608-1a52-4e79-b619-841db191fc81)
2020-03-01 23:09:29.490 15 RALLYDEBUG rally_openstack.cleanup.manager [-] Deleting neutron.subnet object s_rally_963cf564_tcBJFG0y (4155cec7-f611-4bcd-a312-912b978a8936)
2020-03-01 23:09:29.594 15 RALLYDEBUG rally_openstack.cleanup.manager [-] Deleting neutron.subnet object s_rally_963cf564_VnRrlgec (488e14d6-2139-439c-8eff-610675202073)
2020-03-01 23:09:29.845 15 RALLYDEBUG rally_openstack.cleanup.manager [-] Deleting neutron.subnet object s_rally_963cf564_DAalfNUf (4d63fe9a-5b2a-4f0b-b2ef-9584a3e73b51)
2020-03-01 23:09:30.047 15 RALLYDEBUG rally_openstack.cleanup.manager [-] Deleting neutron.subnet object s_rally_963cf564_7r1yqoVY (50078fbf-a95a-47ea-b542-d4d78ea1eb3b)
2020-03-01 23:09:30.229 15 RALLYDEBUG rally_openstack.cleanup.manager [-] Deleting neutron.subnet object s_rally_963cf564_kVbJ3dml (500b095b-8bf8-4710-b9a9-450ad75f9562)
2020-03-01 23:09:30.277 15 RALLYDEBUG rally_openstack.cleanup.manager [-] Deleting neutron.subnet object s_rally_963cf564_noK8hNEP (50ddb200-9b82-4b00-b813-a5d556a940f0)
2020-03-01 23:09:31.938 15 RALLYDEBUG rally_openstack.cleanup.manager [-] Deleting neutron.subnet object s_rally_963cf564_tABLvzlX (525b1902-d6dd-4d04-b771-69227fc86335)
2020-03-01 23:09:32.067 15 RALLYDEBUG rally_openstack.cleanup.manager [-] Deleting neutron.subnet object s_rally_963cf564_6AHXfCh0 (52d2dbed-8a93-4d7f-a084-a9bcff4b54a7)
2020-03-01 23:09:32.342 15 RALLYDEBUG rally_openstack.cleanup.manager [-] Deleting neutron.subnet object s_rally_963cf564_5ELShrgB (558d55f2-63a0-4bf5-99e0-24fc30d70822)
2020-03-01 23:09:32.537 15 RALLYDEBUG rally_openstack.cleanup.manager [-] Deleting neutron.subnet object s_rally_963cf564_4MMAPkjt (5b47e6d4-09e5-41ef-8605-7ad11117b4a5)
2020-03-01 23:09:32.586 15 RALLYDEBUG rally_openstack.cleanup.manager [-] Deleting neutron.subnet object s_rally_963cf564_K7xf6fxE (61e5e336-e499-4a88-a7be-681b113e4c92)
2020-03-01 23:09:32.749 15 RALLYDEBUG rally_openstack.cleanup.manager [-] Deleting neutron.subnet object s_rally_963cf564_wzDgg5FL (620e65be-4278-4a15-a515-89a83aedcb08)
2020-03-01 23:09:32.756 15 RALLYDEBUG rally_openstack.cleanup.manager [-] Deleting neutron.subnet object s_rally_963cf564_j1aaUCNZ (636643d5-aff9-44d7-b66b-6f887e2ce211)
2020-03-01 23:09:32.783 15 RALLYDEBUG rally_openstack.cleanup.manager [-] Deleting neutron.subnet object s_rally_963cf564_wZCsBzNT (68053f88-2f36-4f2a-b0bb-9f7d4d782b26)
2020-03-01 23:09:32.918 15 RALLYDEBUG rally_openstack.cleanup.manager [-] Deleting neutron.subnet object s_rally_963cf564_Q8873YZ2 (6c62f7e8-b11d-472e-bcc4-347ef290597d)
2020-03-01 23:09:33.117 15 RALLYDEBUG rally_openstack.cleanup.manager [-] Deleting neutron.subnet object s_rally_963cf564_f1Qvf41Z (6f9400d6-36e4-499d-9d31-9e6ad7fe2ee7)
2020-03-01 23:09:33.254 15 RALLYDEBUG rally_openstack.cleanup.manager [-] Deleting neutron.subnet object s_rally_963cf564_sNTwE824 (71955fa9-66f1-49a2-867f-518c36a01099)
2020-03-01 23:09:33.337 15 RALLYDEBUG rally_openstack.cleanup.manager [-] Deleting neutron.subnet object s_rally_963cf564_1Lmthg7e (71abfd8f-c9f4-4eb5-8582-90c09b781042)
2020-03-01 23:09:33.407 15 RALLYDEBUG rally_openstack.cleanup.manager [-] Deleting neutron.subnet object s_rally_963cf564_dGadLPVB (74d26ee0-609c-46a7-a5f7-fc3f7d69eac5)
2020-03-01 23:09:33.465 15 RALLYDEBUG rally_openstack.cleanup.manager [-] Deleting neutron.subnet object s_rally_963cf564_zjaPfXOV (761a0c90-28d1-463c-8ae4-9bb50f51c1aa)
2020-03-01 23:09:33.485 15 RALLYDEBUG rally_openstack.cleanup.manager [-] Deleting neutron.subnet object s_rally_963cf564_3oz71Dtf (7a9f58c1-1692-4889-a89d-4acef0d8987e)
2020-03-01 23:09:33.512 15 RALLYDEBUG rally_openstack.cleanup.manager [-] Deleting neutron.subnet object s_rally_963cf564_VrEG4b5P (7b487cde-8f67-420f-bec8-faf77d559476)
2020-03-01 23:09:33.731 15 RALLYDEBUG rally_openstack.cleanup.manager [-] Deleting neutron.subnet object s_rally_963cf564_KTJhQzwz (7c9fe296-93ba-4e3c-baba-a16db6ae36d7)
2020-03-01 23:09:34.227 15 RALLYDEBUG rally_openstack.cleanup.manager [-] Deleting neutron.subnet object s_rally_963cf564_ppeKD2xY (82f76f05-e12b-4c48-8992-2bb61445b697)
2020-03-01 23:09:34.242 15 RALLYDEBUG rally_openstack.cleanup.manager [-] Deleting neutron.subnet object s_rally_963cf564_xEm21HEW (845100b7-c991-490c-b519-051171c1238d)
2020-03-01 23:09:35.754 15 RALLYDEBUG rally_openstack.cleanup.manager [-] Deleting neutron.subnet object s_rally_963cf564_exOifhjC (89194ca2-1f08-4b5e-a5e9-9e8800504f54)
2020-03-01 23:09:36.294 15 RALLYDEBUG rally_openstack.cleanup.manager [-] Deleting neutron.subnet object s_rally_963cf564_FwNyDn96 (9d52b229-4bd2-410b-9ee3-56342150cbca)
2020-03-01 23:09:37.137 15 RALLYDEBUG rally_openstack.cleanup.manager [-] Deleting neutron.subnet object s_rally_963cf564_OYMihGXz (9d83aeb8-4df8-40fa-9c89-c92d40e90ed9)
2020-03-01 23:09:37.357 15 RALLYDEBUG rally_openstack.cleanup.manager [-] Deleting neutron.subnet object s_rally_963cf564_eVuwFDdS (9efd678d-382a-49bb-8514-73ead03a937a)
2020-03-01 23:09:37.507 15 RALLYDEBUG rally_openstack.cleanup.manager [-] Deleting neutron.subnet object s_rally_963cf564_q7HIBwA5 (a0e513f3-7472-439e-8964-899cbaea6eef)
2020-03-01 23:09:37.554 15 RALLYDEBUG rally_openstack.cleanup.manager [-] Deleting neutron.subnet object s_rally_963cf564_vT3OMkna (a8c40614-c553-477e-ac6a-0a0c0de9039b)
2020-03-01 23:09:37.693 15 RALLYDEBUG rally_openstack.cleanup.manager [-] Deleting neutron.subnet object s_rally_963cf564_FdPKmfmb (aa3b74b6-d707-449d-93fa-d12288ef3651)
2020-03-01 23:09:37.732 15 RALLYDEBUG rally_openstack.cleanup.manager [-] Deleting neutron.subnet object s_rally_963cf564_hAOPkm4b (ac6bd8d3-f4db-4f60-9403-12f2db3a98f4)
2020-03-01 23:09:37.748 15 RALLYDEBUG rally_openstack.cleanup.manager [-] Deleting neutron.subnet object s_rally_963cf564_mDID3Ifo (b0986433-54b0-48a1-ba03-309466faedea)
2020-03-01 23:09:37.940 15 RALLYDEBUG rally_openstack.cleanup.manager [-] Deleting neutron.subnet object s_rally_963cf564_nCXyVJwb (b0e1aa0c-0743-4809-8565-b3976d9259fc)
2020-03-01 23:09:38.002 15 RALLYDEBUG rally_openstack.cleanup.manager [-] Deleting neutron.subnet object s_rally_963cf564_6uNGEZZg (b1629163-1e93-49be-a5af-8de37479bbbe)
2020-03-01 23:09:38.017 15 RALLYDEBUG rally_openstack.cleanup.manager [-] Deleting neutron.subnet object s_rally_963cf564_vMIhwIsM (b4bb7a11-abf0-4043-b6ac-236c6c2a2ea0)
2020-03-01 23:09:38.094 15 RALLYDEBUG rally_openstack.cleanup.manager [-] Deleting neutron.subnet object s_rally_963cf564_igprhYsc (b88db6f1-8402-4fef-83eb-12d9b71279df)
2020-03-01 23:09:38.305 15 RALLYDEBUG rally_openstack.cleanup.manager [-] Deleting neutron.subnet object s_rally_963cf564_klqooZuE (b90bf7ec-3609-4084-b306-1dfb826705aa)
2020-03-01 23:09:38.358 15 RALLYDEBUG rally_openstack.cleanup.manager [-] Deleting neutron.subnet object s_rally_963cf564_2vB72XpG (c5568905-4a0b-4d81-ac5c-ff844843739d)
2020-03-01 23:09:38.365 15 RALLYDEBUG rally_openstack.cleanup.manager [-] Deleting neutron.subnet object s_rally_963cf564_7TTMi4Zo (c972413c-24cb-46c5-a09f-1c9a660a08f6)
2020-03-01 23:09:38.547 15 RALLYDEBUG rally_openstack.cleanup.manager [-] Deleting neutron.subnet object s_rally_963cf564_YuS76XOF (ccba1cd1-daa0-4491-9c41-eda25349ce76)
2020-03-01 23:09:38.653 15 RALLYDEBUG rally_openstack.cleanup.manager [-] Deleting neutron.subnet object s_rally_963cf564_BR49m85A (cf185231-495d-44ba-a3d0-774bed89afa5)
2020-03-01 23:09:40.363 15 RALLYDEBUG rally_openstack.cleanup.manager [-] Deleting neutron.subnet object s_rally_963cf564_UptjaOre (d0f6f7e1-bb6a-42cb-9eaa-cb063dfa2ca9)
2020-03-01 23:09:40.386 15 RALLYDEBUG rally_openstack.cleanup.manager [-] Deleting neutron.subnet object s_rally_963cf564_6dZIR9nR (d3a8112f-93d7-4367-8b57-d37b6b2d7cf1)
2020-03-01 23:09:40.678 15 RALLYDEBUG rally_openstack.cleanup.manager [-] Deleting neutron.subnet object s_rally_963cf564_K89tQgLr (d959e234-3cbf-4509-9fe8-50d5dc1edc87)
2020-03-01 23:09:40.773 15 RALLYDEBUG rally_openstack.cleanup.manager [-] Deleting neutron.subnet object s_rally_963cf564_KBObzgdR (dd1ee217-a27e-4e21-8df9-3c1dcf89d6d1)
2020-03-01 23:09:40.986 15 RALLYDEBUG rally_openstack.cleanup.manager [-] Deleting neutron.subnet object s_rally_963cf564_RfVNR1Dq (e1727010-a00c-428e-ab9e-05770a1b21ee)
2020-03-01 23:09:42.497 15 RALLYDEBUG rally_openstack.cleanup.manager [-] Deleting neutron.subnet object s_rally_963cf564_IywPUk6i (ee0d7b9d-4157-4e5e-867f-3bb3f1d942db)
2020-03-01 23:09:42.551 15 RALLYDEBUG rally_openstack.cleanup.manager [-] Deleting neutron.subnet object s_rally_963cf564_Rx34I5iO (ef2b1555-ed34-47ca-bcc4-ba6bdb480799)
2020-03-01 23:09:43.185 15 RALLYDEBUG rally_openstack.cleanup.manager [-] Deleting neutron.subnet object s_rally_963cf564_7caQTHAz (ef611af9-f81e-4367-9971-6283522e6936)
2020-03-01 23:09:43.718 15 RALLYDEBUG rally_openstack.cleanup.manager [-] Deleting neutron.subnet object s_rally_963cf564_Kfib5TSg (efb77301-60e5-401d-9fd3-3fe53e052fd3)
2020-03-01 23:09:43.722 15 RALLYDEBUG rally_openstack.cleanup.manager [-] Deleting neutron.subnet object s_rally_963cf564_ZIWCc0mq (f8762285-7ffe-45d6-98ff-c39e2ffa93c6)
2020-03-01 23:09:43.828 15 RALLYDEBUG rally_openstack.cleanup.manager [-] Deleting neutron.subnet object s_rally_963cf564_MfqmXnji (fc9a3228-fc6d-4145-91cb-c0cd71c3b62c)
2020-03-01 23:09:44.011 15 RALLYDEBUG rally_openstack.cleanup.manager [-] Deleting neutron.subnet object s_rally_963cf564_hD0XXefl (fdba6fee-88ed-48b6-aadb-39aa9e428bcf)
2020-03-01 23:09:44.185 15 RALLYDEBUG rally_openstack.cleanup.manager [-] Deleting neutron.subnet object s_rally_963cf564_c4CKnd86 (ff46b5aa-fc3d-4bdd-af3b-d93f67c58d15)
2020-03-01 23:09:44.221 15 RALLYDEBUG rally_openstack.cleanup.manager [-] Deleting neutron.subnet object s_rally_963cf564_bVQlxr2v (ff7fc9c6-e67c-4fc9-b192-e6a2c5103d94)
2020-03-01 23:09:47.566 15 RALLYDEBUG rally_openstack.cleanup.manager [-] Cleaning up neutron network objects
2020-03-01 23:09:48.084 15 RALLYDEBUG rally_openstack.cleanup.manager [-] Deleting neutron.network object s_rally_963cf564_tvxHoVAa (11409a14-8972-4bf2-9ea2-2fd359e70df0)
2020-03-01 23:09:48.093 15 RALLYDEBUG rally_openstack.cleanup.manager [-] Deleting neutron.network object s_rally_963cf564_gmwbr14y (18e16ff9-5dd3-4734-becc-488cf051347f)
2020-03-01 23:09:48.102 15 RALLYDEBUG rally_openstack.cleanup.manager [-] Deleting neutron.network object s_rally_963cf564_taaq91bs (196595a8-50ea-4c3c-9603-a93e399ca5b1)
2020-03-01 23:09:48.111 15 RALLYDEBUG rally_openstack.cleanup.manager [-] Deleting neutron.network object s_rally_963cf564_icd25Snc (2091ce8e-154d-4b2c-8279-44763bdfa1ee)
2020-03-01 23:09:48.121 15 RALLYDEBUG rally_openstack.cleanup.manager [-] Deleting neutron.network object s_rally_963cf564_tOpFvV31 (22a1913b-6e6c-4b1c-9d75-df0bff08412a)
2020-03-01 23:09:48.130 15 RALLYDEBUG rally_openstack.cleanup.manager [-] Deleting neutron.network object s_rally_963cf564_sIaD4kgp (239021fe-a9bf-4aa4-a327-f60bf43c5d3e)
2020-03-01 23:09:48.173 15 RALLYDEBUG rally_openstack.cleanup.manager [-] Deleting neutron.network object s_rally_963cf564_4OCiievb (31ffa172-ed2e-4e4d-859a-dcd95d16258c)
2020-03-01 23:09:48.186 15 RALLYDEBUG rally_openstack.cleanup.manager [-] Deleting neutron.network object s_rally_963cf564_ll3oqhO7 (32f2a6db-7528-4974-a761-9a1ba9cc4680)
2020-03-01 23:09:48.203 15 RALLYDEBUG rally_openstack.cleanup.manager [-] Deleting neutron.network object s_rally_963cf564_yFGkrjKE (27f6c146-6ab1-4302-a8c0-52b3b1ff6863)
2020-03-01 23:09:48.215 15 RALLYDEBUG rally_openstack.cleanup.manager [-] Deleting neutron.network object s_rally_963cf564_prY4VGkn (3e1a07da-3ac0-4d6d-a5c5-98fb2ab0c7ba)
2020-03-01 23:09:48.234 15 RALLYDEBUG rally_openstack.cleanup.manager [-] Deleting neutron.network object s_rally_963cf564_zbOUOl60 (4242fe07-e46d-4d48-b126-0ebcaceebd22)
2020-03-01 23:09:48.240 15 RALLYDEBUG rally_openstack.cleanup.manager [-] Deleting neutron.network object s_rally_963cf564_7VexIFdN (48dac056-aee5-4397-b1a6-4e6879ad65c5)
2020-03-01 23:09:48.240 15 RALLYDEBUG rally_openstack.cleanup.manager [-] Deleting neutron.network object s_rally_963cf564_88uQTJeN (3b2de4cc-dd72-43e0-aff7-a6991ea90cc4)
