2020-03-01 22:43:44.736 6 RALLYDEBUG rally.api [-] INFO logs from urllib3 and requests module are hide.
2020-03-01 22:43:44.736 6 RALLYDEBUG rally.api [-] urllib3 insecure warnings are hidden.
2020-03-01 22:43:44.736 6 RALLYDEBUG rally.api [-] ERROR log from boto module is hide.
2020-03-01 22:43:46.234 6 ERROR rally.cli.cliutils [-] Unexpected exception in CLI: DBRecordNotFound: Record for uuid or name is opnfv-rally not found in table envs
2020-03-01 22:43:46.234 6 ERROR rally.cli.cliutils
Traceback (most recent call last):
2020-03-01 22:43:46.234 6 ERROR rally.cli.cliutils
File "/usr/lib/python2.7/site-packages/rally/cli/cliutils.py", line 674, in run
2020-03-01 22:43:46.234 6 ERROR rally.cli.cliutils ret = fn(*fn_args, **fn_kwargs)
2020-03-01 22:43:46.234 6 ERROR rally.cli.cliutils File "", line 2, in destroy
2020-03-01 22:43:46.234 6 ERROR rally.cli.cliutils
File "/usr/lib/python2.7/site-packages/rally/cli/envutils.py", line 68, in default_from_global
2020-03-01 22:43:46.234 6 ERROR rally.cli.cliutils return f(*args, **kwargs)
2020-03-01 22:43:46.234 6 ERROR rally.cli.cliutils File "", line 2, in destroy
2020-03-01 22:43:46.234 6 ERROR rally.cli.cliutils
File "/usr/lib/python2.7/site-packages/rally/plugins/__init__.py", line 51, in ensure_plugins_are_loaded
2020-03-01 22:43:46.234 6 ERROR rally.cli.cliutils return f(*args, **kwargs)
2020-03-01 22:43:46.234 6 ERROR rally.cli.cliutils
File "/usr/lib/python2.7/site-packages/rally/cli/commands/deployment.py", line 157, in destroy
2020-03-01 22:43:46.234 6 ERROR rally.cli.cliutils api.deployment.destroy(deployment=deployment)
2020-03-01 22:43:46.234 6 ERROR rally.cli.cliutils
File "/usr/lib/python2.7/site-packages/rally/api.py", line 115, in destroy
2020-03-01 22:43:46.234 6 ERROR rally.cli.cliutils deploy = objects.Deployment.get(deployment)
2020-03-01 22:43:46.234 6 ERROR rally.cli.cliutils
File "/usr/lib/python2.7/site-packages/rally/common/objects/deploy.py", line 124, in get
2020-03-01 22:43:46.234 6 ERROR rally.cli.cliutils return Deployment(env_mgr.EnvManager.get(deploy))
2020-03-01 22:43:46.234 6 ERROR rally.cli.cliutils
File "/usr/lib/python2.7/site-packages/rally/env/env_mgr.py", line 212, in get
2020-03-01 22:43:46.234 6 ERROR rally.cli.cliutils return cls(db.env_get(uuid_or_name))
2020-03-01 22:43:46.234 6 ERROR rally.cli.cliutils
File "/usr/lib/python2.7/site-packages/rally/common/db/api.py", line 135, in wrapper
2020-03-01 22:43:46.234 6 ERROR rally.cli.cliutils result = f(session, *args, **kwargs)
2020-03-01 22:43:46.234 6 ERROR rally.cli.cliutils
File "/usr/lib/python2.7/site-packages/rally/common/db/api.py", line 521, in env_get
2020-03-01 22:43:46.234 6 ERROR rally.cli.cliutils criteria="uuid or name is %s" % uuid_or_name, table="envs")
2020-03-01 22:43:46.234 6 ERROR rally.cli.cliutils DBRecordNotFound: Record for uuid or name is opnfv-rally not found in table envs
2020-03-01 22:43:46.234 6 ERROR rally.cli.cliutils
2020-03-01 22:43:47.184 8 RALLYDEBUG rally.api [-] INFO logs from urllib3 and requests module are hide.
2020-03-01 22:43:47.184 8 RALLYDEBUG rally.api [-] urllib3 insecure warnings are hidden.
2020-03-01 22:43:47.185 8 RALLYDEBUG rally.api [-] ERROR log from boto module is hide.
2020-03-01 22:43:49.745 10 RALLYDEBUG rally.api [-] INFO logs from urllib3 and requests module are hide.
2020-03-01 22:43:49.745 10 RALLYDEBUG rally.api [-] urllib3 insecure warnings are hidden.
2020-03-01 22:43:49.745 10 RALLYDEBUG rally.api [-] ERROR log from boto module is hide.
2020-03-01 22:43:52.501 13 RALLYDEBUG rally.api [-] INFO logs from urllib3 and requests module are hide.
2020-03-01 22:43:52.502 13 RALLYDEBUG rally.api [-] urllib3 insecure warnings are hidden.
2020-03-01 22:43:52.502 13 RALLYDEBUG rally.api [-] ERROR log from boto module is hide.
2020-03-01 22:43:54.466 15 RALLYDEBUG rally.api [-] INFO logs from urllib3 and requests module are hide.
2020-03-01 22:43:54.466 15 RALLYDEBUG rally.api [-] urllib3 insecure warnings are hidden.
2020-03-01 22:43:54.466 15 RALLYDEBUG rally.api [-] ERROR log from boto module is hide.
2020-03-01 22:43:55.823 15 INFO rally.common.plugin.discover [-] Loading plugins from directories /root/.rally/plugins/*
2020-03-01 22:43:55.823 15 INFO rally.common.plugin.discover [-] Loaded module with plugins: /root/.rally/plugins/__init__.py
2020-03-01 22:43:55.825 15 INFO rally.common.plugin.discover [-] Loaded module with plugins: /root/.rally/plugins/trunk_scenario.py
2020-03-01 22:43:55.963 15 INFO rally.task.engine [-] Task b99ceb1f-0ac6-4ff5-8b38-110c39b915fc | Starting: Task validation.
2020-03-01 22:43:55.967 15 INFO rally.task.engine [-] Task b99ceb1f-0ac6-4ff5-8b38-110c39b915fc | Starting: Task validation of syntax.
2020-03-01 22:43:56.119 15 INFO rally.task.engine [-] Task b99ceb1f-0ac6-4ff5-8b38-110c39b915fc | Completed: Task validation of syntax.
2020-03-01 22:43:56.119 15 INFO rally.task.engine [-] Task b99ceb1f-0ac6-4ff5-8b38-110c39b915fc | Starting: Task validation of required platforms.
2020-03-01 22:43:56.187 15 INFO rally.task.engine [-] Task b99ceb1f-0ac6-4ff5-8b38-110c39b915fc | Completed: Task validation of required platforms.
2020-03-01 22:43:56.187 15 INFO rally.task.engine [-] Task b99ceb1f-0ac6-4ff5-8b38-110c39b915fc | Starting: Task validation of semantic.
2020-03-01 22:43:56.187 15 INFO rally.task.engine [-] Check health of the environment '3416ad10-c498-40a9-a7cf-edf15e892722'.
2020-03-01 22:43:56.669 15 INFO rally.task.engine [-] Platform existing@openstack (available: True): OK!
2020-03-01 22:43:56.693 15 RALLYDEBUG rally_openstack.contexts.keystone.users [-] Creating 1 tenants using 20 threads
2020-03-01 22:43:56.963 15 RALLYDEBUG rally_openstack.contexts.keystone.users [-] Creating 1 users using 20 threads
2020-03-01 22:43:57.396 15 INFO rally.task.context [-] Task b99ceb1f-0ac6-4ff5-8b38-110c39b915fc | Context users@openstack setup() finished in 0.70 sec
2020-03-01 22:43:58.840 15 INFO rally.task.context [-] Task b99ceb1f-0ac6-4ff5-8b38-110c39b915fc | Context users@openstack cleanup() started
2020-03-01 22:44:00.478 15 INFO rally.task.context [-] Task b99ceb1f-0ac6-4ff5-8b38-110c39b915fc | Context users@openstack cleanup() finished in 1.64 sec
2020-03-01 22:44:00.479 15 INFO rally.task.engine [-] Task b99ceb1f-0ac6-4ff5-8b38-110c39b915fc | Completed: Task validation of semantic.
2020-03-01 22:44:00.479 15 INFO rally.task.engine [-] Task b99ceb1f-0ac6-4ff5-8b38-110c39b915fc | Completed: Task validation.
2020-03-01 22:44:00.479 15 INFO rally.api [-] Task b99ceb1f-0ac6-4ff5-8b38-110c39b915fc input file is valid.
2020-03-01 22:44:00.480 15 INFO rally.api [-] Run Task b99ceb1f-0ac6-4ff5-8b38-110c39b915fc against Deployment 3416ad10-c498-40a9-a7cf-edf15e892722
2020-03-01 22:44:00.480 15 INFO rally.task.engine [-] Task b99ceb1f-0ac6-4ff5-8b38-110c39b915fc | Starting: Running task.
2020-03-01 22:44:00.516 15 INFO rally.task.engine [-] Running workload: position = 0 config = { "version": 2, "title": "A cropped version of a bigger task.", "description": "Auto-generated task from a single workload (uuid=ec737851-36d9-44cb-90a1-c3b919562369)", "subtasks": [ { "title": "NeutronNetworks.create_and_list_networks", "description": "Check performance of list_networks action and ensure > network quotas are not exceeded", "scenario": { "NeutronNetworks.create_and_list_networks": {} }, "contexts": { "users": { "tenants": 1, "users_per_tenant": 1 }, "quotas": { "neutron": { "network": 119 } } }, "runner": { "constant": { "times": 100, "concurrency": 20 } }, "hooks": [], "sla": { "max_avg_duration_per_atomic": { "neutron.list_networks": 15 }, "failure_rate": { "max": 0 } } } ] }
2020-03-01 22:44:00.538 15 RALLYDEBUG rally_openstack.contexts.keystone.users [-] Creating 1 tenants using 20 threads
2020-03-01 22:44:00.883 15 RALLYDEBUG rally_openstack.contexts.keystone.users [-] Creating 1 users using 20 threads
2020-03-01 22:44:01.261 15 INFO rally.task.context [-] Task b99ceb1f-0ac6-4ff5-8b38-110c39b915fc | Context users@openstack setup() finished in 0.72 sec
2020-03-01 22:44:01.523 15 INFO rally.task.context [-] Task b99ceb1f-0ac6-4ff5-8b38-110c39b915fc | Context quotas@openstack setup() finished in 0.26 sec
2020-03-01 22:44:01.523 15 INFO rally.task.context [-] Task b99ceb1f-0ac6-4ff5-8b38-110c39b915fc | Context cleanup@openstack setup() finished in 0.02 msec
2020-03-01 22:44:01.532 15 RALLYDEBUG rally.task.runner [-] Starting the constant runner (task UUID: b99ceb1f-0ac6-4ff5-8b38-110c39b915fc). timeout: 0 concurrency: 20 concurrency_per_worker: 1 times: 100 concurrency_overhead: 0 processes_to_start: 20 max_cpu_used: 88
2020-03-01 22:44:01.544 139 RALLYDEBUG rally.task.runner [-] Starting a worker. concurrency: 1 args: {} times: 100 method_name: run timeout: 0 duration: None cls:
2020-03-01 22:44:01.548 140 RALLYDEBUG rally.task.runner [-] Starting a worker. concurrency: 1 args: {} times: 100 method_name: run timeout: 0 duration: None cls:
2020-03-01 22:44:01.549 139 INFO rally.task.runner [-] Task b99ceb1f-0ac6-4ff5-8b38-110c39b915fc | ITER: 1 START
2020-03-01 22:44:01.549 141 RALLYDEBUG rally.task.runner [-] Starting a worker. concurrency: 1 args: {} times: 100 method_name: run timeout: 0 duration: None cls:
2020-03-01 22:44:01.552 142 RALLYDEBUG rally.task.runner [-] Starting a worker. concurrency: 1 args: {} times: 100 method_name: run timeout: 0 duration: None cls:
2020-03-01 22:44:01.553 140 INFO rally.task.runner [-] Task b99ceb1f-0ac6-4ff5-8b38-110c39b915fc | ITER: 2 START
2020-03-01 22:44:01.557 141 INFO rally.task.runner [-] Task b99ceb1f-0ac6-4ff5-8b38-110c39b915fc | ITER: 3 START
2020-03-01 22:44:01.558 145 RALLYDEBUG rally.task.runner [-] Starting a worker. concurrency: 1 args: {} times: 100 method_name: run timeout: 0 duration: None cls:
2020-03-01 22:44:01.561 149 RALLYDEBUG rally.task.runner [-] Starting a worker. concurrency: 1 args: {} times: 100 method_name: run timeout: 0 duration: None cls:
2020-03-01 22:44:01.564 145 INFO rally.task.runner [-] Task b99ceb1f-0ac6-4ff5-8b38-110c39b915fc | ITER: 5 START
2020-03-01 22:44:01.564 142 INFO rally.task.runner [-] Task b99ceb1f-0ac6-4ff5-8b38-110c39b915fc | ITER: 4 START
2020-03-01 22:44:01.564 152 RALLYDEBUG rally.task.runner [-] Starting a worker. concurrency: 1 args: {} times: 100 method_name: run timeout: 0 duration: None cls:
2020-03-01 22:44:01.566 149 INFO rally.task.runner [-] Task b99ceb1f-0ac6-4ff5-8b38-110c39b915fc | ITER: 6 START
2020-03-01 22:44:01.568 154 RALLYDEBUG rally.task.runner [-] Starting a worker. concurrency: 1 args: {} times: 100 method_name: run timeout: 0 duration: None cls:
2020-03-01 22:44:01.571 158 RALLYDEBUG rally.task.runner [-] Starting a worker. concurrency: 1 args: {} times: 100 method_name: run timeout: 0 duration: None cls:
2020-03-01 22:44:01.571 152 INFO rally.task.runner [-] Task b99ceb1f-0ac6-4ff5-8b38-110c39b915fc | ITER: 7 START
2020-03-01 22:44:01.573 154 INFO rally.task.runner [-] Task b99ceb1f-0ac6-4ff5-8b38-110c39b915fc | ITER: 8 START
2020-03-01 22:44:01.573 161 RALLYDEBUG rally.task.runner [-] Starting a worker. concurrency: 1 args: {} times: 100 method_name: run timeout: 0 duration: None cls:
2020-03-01 22:44:01.576 158 INFO rally.task.runner [-] Task b99ceb1f-0ac6-4ff5-8b38-110c39b915fc | ITER: 9 START
2020-03-01 22:44:01.577 163 RALLYDEBUG rally.task.runner [-] Starting a worker. concurrency: 1 args: {} times: 100 method_name: run timeout: 0 duration: None cls:
2020-03-01 22:44:01.579 161 INFO rally.task.runner [-] Task b99ceb1f-0ac6-4ff5-8b38-110c39b915fc | ITER: 10 START
2020-03-01 22:44:01.582 163 INFO rally.task.runner [-] Task b99ceb1f-0ac6-4ff5-8b38-110c39b915fc | ITER: 11 START
2020-03-01 22:44:01.583 170 RALLYDEBUG rally.task.runner [-] Starting a worker. concurrency: 1 args: {} times: 100 method_name: run timeout: 0 duration: None cls:
2020-03-01 22:44:01.584 167 RALLYDEBUG rally.task.runner [-] Starting a worker. concurrency: 1 args: {} times: 100 method_name: run timeout: 0 duration: None cls:
2020-03-01 22:44:01.586 173 RALLYDEBUG rally.task.runner [-] Starting a worker. concurrency: 1 args: {} times: 100 method_name: run timeout: 0 duration: None cls:
2020-03-01 22:44:01.587 170 INFO rally.task.runner [-] Task b99ceb1f-0ac6-4ff5-8b38-110c39b915fc | ITER: 12 START
2020-03-01 22:44:01.589 167 INFO rally.task.runner [-] Task b99ceb1f-0ac6-4ff5-8b38-110c39b915fc | ITER: 13 START
2020-03-01 22:44:01.589 175 RALLYDEBUG rally.task.runner [-] Starting a worker. concurrency: 1 args: {} times: 100 method_name: run timeout: 0 duration: None cls:
2020-03-01 22:44:01.590 173 INFO rally.task.runner [-] Task b99ceb1f-0ac6-4ff5-8b38-110c39b915fc | ITER: 14 START
2020-03-01 22:44:01.592 178 RALLYDEBUG rally.task.runner [-] Starting a worker. concurrency: 1 args: {} times: 100 method_name: run timeout: 0 duration: None cls:
2020-03-01 22:44:01.593 175 INFO rally.task.runner [-] Task b99ceb1f-0ac6-4ff5-8b38-110c39b915fc | ITER: 15 START
2020-03-01 22:44:01.597 185 RALLYDEBUG rally.task.runner [-] Starting a worker. concurrency: 1 args: {} times: 100 method_name: run timeout: 0 duration: None cls:
2020-03-01 22:44:01.597 178 INFO rally.task.runner [-] Task b99ceb1f-0ac6-4ff5-8b38-110c39b915fc | ITER: 16 START
2020-03-01 22:44:01.599 183 RALLYDEBUG rally.task.runner [-] Starting a worker. concurrency: 1 args: {} times: 100 method_name: run timeout: 0 duration: None cls:
2020-03-01 22:44:01.600 187 RALLYDEBUG rally.task.runner [-] Starting a worker. concurrency: 1 args: {} times: 100 method_name: run timeout: 0 duration: None cls:
2020-03-01 22:44:01.603 190 RALLYDEBUG rally.task.runner [-] Starting a worker. concurrency: 1 args: {} times: 100 method_name: run timeout: 0 duration: None cls:
2020-03-01 22:44:01.603 185 INFO rally.task.runner [-] Task b99ceb1f-0ac6-4ff5-8b38-110c39b915fc | ITER: 17 START
2020-03-01 22:44:01.606 183 INFO rally.task.runner [-] Task b99ceb1f-0ac6-4ff5-8b38-110c39b915fc | ITER: 18 START
2020-03-01 22:44:01.607 187 INFO rally.task.runner [-] Task b99ceb1f-0ac6-4ff5-8b38-110c39b915fc | ITER: 19 START
2020-03-01 22:44:01.610 190 INFO rally.task.runner [-] Task b99ceb1f-0ac6-4ff5-8b38-110c39b915fc | ITER: 20 START
2020-03-01 22:44:02.813 163 INFO rally.task.runner [-] Task b99ceb1f-0ac6-4ff5-8b38-110c39b915fc | ITER: 11 END: OK
2020-03-01 22:44:02.818 163 INFO rally.task.runner [-] Task b99ceb1f-0ac6-4ff5-8b38-110c39b915fc | ITER: 21 START
2020-03-01 22:44:03.108 158 INFO rally.task.runner [-] Task b99ceb1f-0ac6-4ff5-8b38-110c39b915fc | ITER: 9 END: OK
2020-03-01 22:44:03.113 158 INFO rally.task.runner [-] Task b99ceb1f-0ac6-4ff5-8b38-110c39b915fc | ITER: 22 START
2020-03-01 22:44:03.443 142 INFO rally.task.runner [-] Task b99ceb1f-0ac6-4ff5-8b38-110c39b915fc | ITER: 4 END: OK
2020-03-01 22:44:03.447 142 INFO rally.task.runner [-] Task b99ceb1f-0ac6-4ff5-8b38-110c39b915fc | ITER: 23 START
2020-03-01 22:44:03.938 185 INFO rally.task.runner [-] Task b99ceb1f-0ac6-4ff5-8b38-110c39b915fc | ITER: 17 END: OK
2020-03-01 22:44:03.942 185 INFO rally.task.runner [-] Task b99ceb1f-0ac6-4ff5-8b38-110c39b915fc | ITER: 24 START
2020-03-01 22:44:04.872 139 INFO rally.task.runner [-] Task b99ceb1f-0ac6-4ff5-8b38-110c39b915fc | ITER: 1 END: OK
2020-03-01 22:44:04.877 139 INFO rally.task.runner [-] Task b99ceb1f-0ac6-4ff5-8b38-110c39b915fc | ITER: 25 START
2020-03-01 22:44:04.937 161 INFO rally.task.runner [-] Task b99ceb1f-0ac6-4ff5-8b38-110c39b915fc | ITER: 10 END: OK
2020-03-01 22:44:04.943 161 INFO rally.task.runner [-] Task b99ceb1f-0ac6-4ff5-8b38-110c39b915fc | ITER: 26 START
2020-03-01 22:44:05.655 187 INFO rally.task.runner [-] Task b99ceb1f-0ac6-4ff5-8b38-110c39b915fc | ITER: 19 END: OK
2020-03-01 22:44:05.659 187 INFO rally.task.runner [-] Task b99ceb1f-0ac6-4ff5-8b38-110c39b915fc | ITER: 27 START
2020-03-01 22:44:06.144 145 INFO rally.task.runner [-] Task b99ceb1f-0ac6-4ff5-8b38-110c39b915fc | ITER: 5 END: OK
2020-03-01 22:44:06.148 145 INFO rally.task.runner [-] Task b99ceb1f-0ac6-4ff5-8b38-110c39b915fc | ITER: 28 START
2020-03-01 22:44:07.179 140 INFO rally.task.runner [-] Task b99ceb1f-0ac6-4ff5-8b38-110c39b915fc | ITER: 2 END: OK
2020-03-01 22:44:07.183 190 INFO rally.task.runner [-] Task b99ceb1f-0ac6-4ff5-8b38-110c39b915fc | ITER: 20 END: OK
2020-03-01 22:44:07.184 140 INFO rally.task.runner [-] Task b99ceb1f-0ac6-4ff5-8b38-110c39b915fc | ITER: 29 START
2020-03-01 22:44:07.188 190 INFO rally.task.runner [-] Task b99ceb1f-0ac6-4ff5-8b38-110c39b915fc | ITER: 30 START
2020-03-01 22:44:07.237 183 INFO rally.task.runner [-] Task b99ceb1f-0ac6-4ff5-8b38-110c39b915fc | ITER: 18 END: OK
2020-03-01 22:44:07.242 183 INFO rally.task.runner [-] Task b99ceb1f-0ac6-4ff5-8b38-110c39b915fc | ITER: 31 START
2020-03-01 22:44:07.311 178 INFO rally.task.runner [-] Task b99ceb1f-0ac6-4ff5-8b38-110c39b915fc | ITER: 16 END: OK
2020-03-01 22:44:07.312 158 INFO rally.task.runner [-] Task b99ceb1f-0ac6-4ff5-8b38-110c39b915fc | ITER: 22 END: OK
2020-03-01 22:44:07.313 175 INFO rally.task.runner [-] Task b99ceb1f-0ac6-4ff5-8b38-110c39b915fc | ITER: 15 END: OK
2020-03-01 22:44:07.316 158 INFO rally.task.runner [-] Task b99ceb1f-0ac6-4ff5-8b38-110c39b915fc | ITER: 32 START
2020-03-01 22:44:07.317 178 INFO rally.task.runner [-] Task b99ceb1f-0ac6-4ff5-8b38-110c39b915fc | ITER: 33 START
2020-03-01 22:44:07.321 175 INFO rally.task.runner [-] Task b99ceb1f-0ac6-4ff5-8b38-110c39b915fc | ITER: 34 START
2020-03-01 22:44:07.376 167 INFO rally.task.runner [-] Task b99ceb1f-0ac6-4ff5-8b38-110c39b915fc | ITER: 13 END: OK
2020-03-01 22:44:07.381 167 INFO rally.task.runner [-] Task b99ceb1f-0ac6-4ff5-8b38-110c39b915fc | ITER: 35 START
2020-03-01 22:44:07.381 154 INFO rally.task.runner [-] Task b99ceb1f-0ac6-4ff5-8b38-110c39b915fc | ITER: 8 END: OK
2020-03-01 22:44:07.383 141 INFO rally.task.runner [-] Task b99ceb1f-0ac6-4ff5-8b38-110c39b915fc | ITER: 3 END: OK
2020-03-01 22:44:07.386 154 INFO rally.task.runner [-] Task b99ceb1f-0ac6-4ff5-8b38-110c39b915fc | ITER: 36 START
2020-03-01 22:44:07.387 141 INFO rally.task.runner [-] Task b99ceb1f-0ac6-4ff5-8b38-110c39b915fc | ITER: 37 START
2020-03-01 22:44:07.388 152 INFO rally.task.runner [-] Task b99ceb1f-0ac6-4ff5-8b38-110c39b915fc | ITER: 7 END: OK
2020-03-01 22:44:07.389 142 INFO rally.task.runner [-] Task b99ceb1f-0ac6-4ff5-8b38-110c39b915fc | ITER: 23 END: OK
2020-03-01 22:44:07.390 149 INFO rally.task.runner [-] Task b99ceb1f-0ac6-4ff5-8b38-110c39b915fc | ITER: 6 END: OK
2020-03-01 22:44:07.392 142 INFO rally.task.runner [-] Task b99ceb1f-0ac6-4ff5-8b38-110c39b915fc | ITER: 38 START
2020-03-01 22:44:07.393 170 INFO rally.task.runner [-] Task b99ceb1f-0ac6-4ff5-8b38-110c39b915fc | ITER: 12 END: OK
2020-03-01 22:44:07.393 152 INFO rally.task.runner [-] Task b99ceb1f-0ac6-4ff5-8b38-110c39b915fc | ITER: 39 START
2020-03-01 22:44:07.394 173 INFO rally.task.runner [-] Task b99ceb1f-0ac6-4ff5-8b38-110c39b915fc | ITER: 14 END: OK
2020-03-01 22:44:07.395 149 INFO rally.task.runner [-] Task b99ceb1f-0ac6-4ff5-8b38-110c39b915fc | ITER: 40 START
2020-03-01 22:44:07.398 170 INFO rally.task.runner [-] Task b99ceb1f-0ac6-4ff5-8b38-110c39b915fc | ITER: 41 START
2020-03-01 22:44:07.399 173 INFO rally.task.runner [-] Task b99ceb1f-0ac6-4ff5-8b38-110c39b915fc | ITER: 42 START
2020-03-01 22:44:07.426 163 INFO rally.task.runner [-] Task b99ceb1f-0ac6-4ff5-8b38-110c39b915fc | ITER: 21 END: OK
2020-03-01 22:44:07.429 163 INFO rally.task.runner [-] Task b99ceb1f-0ac6-4ff5-8b38-110c39b915fc | ITER: 43 START
2020-03-01 22:44:07.750 139 INFO rally.task.runner [-] Task b99ceb1f-0ac6-4ff5-8b38-110c39b915fc | ITER: 25 END: OK
2020-03-01 22:44:07.754 139 INFO rally.task.runner [-] Task b99ceb1f-0ac6-4ff5-8b38-110c39b915fc | ITER: 44 START
2020-03-01 22:44:07.890 161 INFO rally.task.runner [-] Task b99ceb1f-0ac6-4ff5-8b38-110c39b915fc | ITER: 26 END: OK
2020-03-01 22:44:07.892 185 INFO rally.task.runner [-] Task b99ceb1f-0ac6-4ff5-8b38-110c39b915fc | ITER: 24 END: OK
2020-03-01 22:44:07.894 161 INFO rally.task.runner [-] Task b99ceb1f-0ac6-4ff5-8b38-110c39b915fc | ITER: 45 START
2020-03-01 22:44:07.896 185 INFO rally.task.runner [-] Task b99ceb1f-0ac6-4ff5-8b38-110c39b915fc | ITER: 46 START
2020-03-01 22:44:10.118 158 INFO rally.task.runner [-] Task b99ceb1f-0ac6-4ff5-8b38-110c39b915fc | ITER: 32 END: OK
2020-03-01 22:44:10.122 158 INFO rally.task.runner [-] Task b99ceb1f-0ac6-4ff5-8b38-110c39b915fc | ITER: 47 START
2020-03-01 22:44:10.238 145 INFO rally.task.runner [-] Task b99ceb1f-0ac6-4ff5-8b38-110c39b915fc | ITER: 28 END: OK
2020-03-01 22:44:10.241 145 INFO rally.task.runner [-] Task b99ceb1f-0ac6-4ff5-8b38-110c39b915fc | ITER: 48 START
2020-03-01 22:44:10.275 187 INFO rally.task.runner [-] Task b99ceb1f-0ac6-4ff5-8b38-110c39b915fc | ITER: 27 END: OK
2020-03-01 22:44:10.279 187 INFO rally.task.runner [-] Task b99ceb1f-0ac6-4ff5-8b38-110c39b915fc | ITER: 49 START
2020-03-01 22:44:10.399 190 INFO rally.task.runner [-] Task b99ceb1f-0ac6-4ff5-8b38-110c39b915fc | ITER: 30 END: OK
2020-03-01 22:44:10.402 190 INFO rally.task.runner [-] Task b99ceb1f-0ac6-4ff5-8b38-110c39b915fc | ITER: 50 START
2020-03-01 22:44:10.480 173 INFO rally.task.runner [-] Task b99ceb1f-0ac6-4ff5-8b38-110c39b915fc | ITER: 42 END: OK
2020-03-01 22:44:10.483 173 INFO rally.task.runner [-] Task b99ceb1f-0ac6-4ff5-8b38-110c39b915fc | ITER: 51 START
2020-03-01 22:44:10.500 140 INFO rally.task.runner [-] Task b99ceb1f-0ac6-4ff5-8b38-110c39b915fc | ITER: 29 END: OK
2020-03-01 22:44:10.503 140 INFO rally.task.runner [-] Task b99ceb1f-0ac6-4ff5-8b38-110c39b915fc | ITER: 52 START
2020-03-01 22:44:11.057 167 INFO rally.task.runner [-] Task b99ceb1f-0ac6-4ff5-8b38-110c39b915fc | ITER: 35 END: OK
2020-03-01 22:44:11.060 167 INFO rally.task.runner [-] Task b99ceb1f-0ac6-4ff5-8b38-110c39b915fc | ITER: 53 START
2020-03-01 22:44:11.150 154 INFO rally.task.runner [-] Task b99ceb1f-0ac6-4ff5-8b38-110c39b915fc | ITER: 36 END: OK
2020-03-01 22:44:11.153 154 INFO rally.task.runner [-] Task b99ceb1f-0ac6-4ff5-8b38-110c39b915fc | ITER: 54 START
2020-03-01 22:44:11.167 170 INFO rally.task.runner [-] Task b99ceb1f-0ac6-4ff5-8b38-110c39b915fc | ITER: 41 END: OK
2020-03-01 22:44:11.170 170 INFO rally.task.runner [-] Task b99ceb1f-0ac6-4ff5-8b38-110c39b915fc | ITER: 55 START
2020-03-01 22:44:11.174 141 INFO rally.task.runner [-] Task b99ceb1f-0ac6-4ff5-8b38-110c39b915fc | ITER: 37 END: OK
2020-03-01 22:44:11.177 141 INFO rally.task.runner [-] Task b99ceb1f-0ac6-4ff5-8b38-110c39b915fc | ITER: 56 START
2020-03-01 22:44:11.367 178 INFO rally.task.runner [-] Task b99ceb1f-0ac6-4ff5-8b38-110c39b915fc | ITER: 33 END: OK
2020-03-01 22:44:11.371 178 INFO rally.task.runner [-] Task b99ceb1f-0ac6-4ff5-8b38-110c39b915fc | ITER: 57 START
2020-03-01 22:44:11.543 139 INFO rally.task.runner [-] Task b99ceb1f-0ac6-4ff5-8b38-110c39b915fc | ITER: 44 END: OK
2020-03-01 22:44:11.546 139 INFO rally.task.runner [-] Task b99ceb1f-0ac6-4ff5-8b38-110c39b915fc | ITER: 58 START
2020-03-01 22:44:11.646 149 INFO rally.task.runner [-] Task b99ceb1f-0ac6-4ff5-8b38-110c39b915fc | ITER: 40 END: OK
2020-03-01 22:44:11.650 149 INFO rally.task.runner [-] Task b99ceb1f-0ac6-4ff5-8b38-110c39b915fc | ITER: 59 START
2020-03-01 22:44:11.695 183 INFO rally.task.runner [-] Task b99ceb1f-0ac6-4ff5-8b38-110c39b915fc | ITER: 31 END: OK
2020-03-01 22:44:11.697 152 INFO rally.task.runner [-] Task b99ceb1f-0ac6-4ff5-8b38-110c39b915fc | ITER: 39 END: OK
2020-03-01 22:44:11.698 183 INFO rally.task.runner [-] Task b99ceb1f-0ac6-4ff5-8b38-110c39b915fc | ITER: 60 START
2020-03-01 22:44:11.701 152 INFO rally.task.runner [-] Task b99ceb1f-0ac6-4ff5-8b38-110c39b915fc | ITER: 61 START
2020-03-01 22:44:11.701 142 INFO rally.task.runner [-] Task b99ceb1f-0ac6-4ff5-8b38-110c39b915fc | ITER: 38 END: OK
2020-03-01 22:44:11.704 163 INFO rally.task.runner [-] Task b99ceb1f-0ac6-4ff5-8b38-110c39b915fc | ITER: 43 END: OK
2020-03-01 22:44:11.705 142 INFO rally.task.runner [-] Task b99ceb1f-0ac6-4ff5-8b38-110c39b915fc | ITER: 62 START
2020-03-01 22:44:11.707 163 INFO rally.task.runner [-] Task b99ceb1f-0ac6-4ff5-8b38-110c39b915fc | ITER: 63 START
2020-03-01 22:44:11.711 175 INFO rally.task.runner [-] Task b99ceb1f-0ac6-4ff5-8b38-110c39b915fc | ITER: 34 END: OK
2020-03-01 22:44:11.715 175 INFO rally.task.runner [-] Task b99ceb1f-0ac6-4ff5-8b38-110c39b915fc | ITER: 64 START
2020-03-01 22:44:12.071 158 INFO rally.task.runner [-] Task b99ceb1f-0ac6-4ff5-8b38-110c39b915fc | ITER: 47 END: OK
2020-03-01 22:44:12.074 158 INFO rally.task.runner [-] Task b99ceb1f-0ac6-4ff5-8b38-110c39b915fc | ITER: 65 START
2020-03-01 22:44:12.090 185 INFO rally.task.runner [-] Task b99ceb1f-0ac6-4ff5-8b38-110c39b915fc | ITER: 46 END: OK
2020-03-01 22:44:12.094 185 INFO rally.task.runner [-] Task b99ceb1f-0ac6-4ff5-8b38-110c39b915fc | ITER: 66 START
2020-03-01 22:44:12.433 161 INFO rally.task.runner [-] Task b99ceb1f-0ac6-4ff5-8b38-110c39b915fc | ITER: 45 END: OK
2020-03-01 22:44:12.437 161 INFO rally.task.runner [-] Task b99ceb1f-0ac6-4ff5-8b38-110c39b915fc | ITER: 67 START
2020-03-01 22:44:12.664 145 INFO rally.task.runner [-] Task b99ceb1f-0ac6-4ff5-8b38-110c39b915fc | ITER: 48 END: OK
2020-03-01 22:44:12.668 145 INFO rally.task.runner [-] Task b99ceb1f-0ac6-4ff5-8b38-110c39b915fc | ITER: 68 START
2020-03-01 22:44:12.751 187 INFO rally.task.runner [-] Task b99ceb1f-0ac6-4ff5-8b38-110c39b915fc | ITER: 49 END: OK
2020-03-01 22:44:12.755 187 INFO rally.task.runner [-] Task b99ceb1f-0ac6-4ff5-8b38-110c39b915fc | ITER: 69 START
2020-03-01 22:44:12.853 190 INFO rally.task.runner [-] Task b99ceb1f-0ac6-4ff5-8b38-110c39b915fc | ITER: 50 END: OK
2020-03-01 22:44:12.857 190 INFO rally.task.runner [-] Task b99ceb1f-0ac6-4ff5-8b38-110c39b915fc | ITER: 70 START
2020-03-01 22:44:13.007 141 INFO rally.task.runner [-] Task b99ceb1f-0ac6-4ff5-8b38-110c39b915fc | ITER: 56 END: OK
2020-03-01 22:44:13.011 141 INFO rally.task.runner [-] Task b99ceb1f-0ac6-4ff5-8b38-110c39b915fc | ITER: 71 START
2020-03-01 22:44:13.329 167 INFO rally.task.runner [-] Task b99ceb1f-0ac6-4ff5-8b38-110c39b915fc | ITER: 53 END: OK
2020-03-01 22:44:13.333 167 INFO rally.task.runner [-] Task b99ceb1f-0ac6-4ff5-8b38-110c39b915fc | ITER: 72 START
2020-03-01 22:44:13.734 139 INFO rally.task.runner [-] Task b99ceb1f-0ac6-4ff5-8b38-110c39b915fc | ITER: 58 END: OK
2020-03-01 22:44:13.737 154 INFO rally.task.runner [-] Task b99ceb1f-0ac6-4ff5-8b38-110c39b915fc | ITER: 54 END: OK
2020-03-01 22:44:13.738 139 INFO rally.task.runner [-] Task b99ceb1f-0ac6-4ff5-8b38-110c39b915fc | ITER: 73 START
2020-03-01 22:44:13.740 154 INFO rally.task.runner [-] Task b99ceb1f-0ac6-4ff5-8b38-110c39b915fc | ITER: 74 START
2020-03-01 22:44:14.427 173 INFO rally.task.runner [-] Task b99ceb1f-0ac6-4ff5-8b38-110c39b915fc | ITER: 51 END: OK
2020-03-01 22:44:14.430 173 INFO rally.task.runner [-] Task b99ceb1f-0ac6-4ff5-8b38-110c39b915fc | ITER: 75 START
2020-03-01 22:44:15.241 140 INFO rally.task.runner [-] Task b99ceb1f-0ac6-4ff5-8b38-110c39b915fc | ITER: 52 END: OK
2020-03-01 22:44:15.244 140 INFO rally.task.runner [-] Task b99ceb1f-0ac6-4ff5-8b38-110c39b915fc | ITER: 76 START
2020-03-01 22:44:16.203 170 INFO rally.task.runner [-] Task b99ceb1f-0ac6-4ff5-8b38-110c39b915fc | ITER: 55 END: OK
2020-03-01 22:44:16.206 170 INFO rally.task.runner [-] Task b99ceb1f-0ac6-4ff5-8b38-110c39b915fc | ITER: 77 START
2020-03-01 22:44:16.883 178 INFO rally.task.runner [-] Task b99ceb1f-0ac6-4ff5-8b38-110c39b915fc | ITER: 57 END: OK
2020-03-01 22:44:16.885 142 INFO rally.task.runner [-] Task b99ceb1f-0ac6-4ff5-8b38-110c39b915fc | ITER: 62 END: OK
2020-03-01 22:44:16.887 178 INFO rally.task.runner [-] Task b99ceb1f-0ac6-4ff5-8b38-110c39b915fc | ITER: 78 START
2020-03-01 22:44:16.889 142 INFO rally.task.runner [-] Task b99ceb1f-0ac6-4ff5-8b38-110c39b915fc | ITER: 79 START
2020-03-01 22:44:16.963 149 INFO rally.task.runner [-] Task b99ceb1f-0ac6-4ff5-8b38-110c39b915fc | ITER: 59 END: OK
2020-03-01 22:44:16.967 149 INFO rally.task.runner [-] Task b99ceb1f-0ac6-4ff5-8b38-110c39b915fc | ITER: 80 START
2020-03-01 22:44:17.329 167 INFO rally.task.runner [-] Task b99ceb1f-0ac6-4ff5-8b38-110c39b915fc | ITER: 72 END: OK
2020-03-01 22:44:17.333 167 INFO rally.task.runner [-] Task b99ceb1f-0ac6-4ff5-8b38-110c39b915fc | ITER: 81 START
2020-03-01 22:44:17.664 163 INFO rally.task.runner [-] Task b99ceb1f-0ac6-4ff5-8b38-110c39b915fc | ITER: 63 END: OK
2020-03-01 22:44:17.664 183 INFO rally.task.runner [-] Task b99ceb1f-0ac6-4ff5-8b38-110c39b915fc | ITER: 60 END: OK
2020-03-01 22:44:17.667 163 INFO rally.task.runner [-] Task b99ceb1f-0ac6-4ff5-8b38-110c39b915fc | ITER: 82 START
2020-03-01 22:44:17.668 183 INFO rally.task.runner [-] Task b99ceb1f-0ac6-4ff5-8b38-110c39b915fc | ITER: 83 START
2020-03-01 22:44:18.049 145 INFO rally.task.runner [-] Task b99ceb1f-0ac6-4ff5-8b38-110c39b915fc | ITER: 68 END: OK
2020-03-01 22:44:18.052 145 INFO rally.task.runner [-] Task b99ceb1f-0ac6-4ff5-8b38-110c39b915fc | ITER: 84 START
2020-03-01 22:44:18.226 139 INFO rally.task.runner [-] Task b99ceb1f-0ac6-4ff5-8b38-110c39b915fc | ITER: 73 END: OK
2020-03-01 22:44:18.230 139 INFO rally.task.runner [-] Task b99ceb1f-0ac6-4ff5-8b38-110c39b915fc | ITER: 85 START
2020-03-01 22:44:18.496 187 INFO rally.task.runner [-] Task b99ceb1f-0ac6-4ff5-8b38-110c39b915fc | ITER: 69 END: OK
2020-03-01 22:44:18.499 187 INFO rally.task.runner [-] Task b99ceb1f-0ac6-4ff5-8b38-110c39b915fc | ITER: 86 START
2020-03-01 22:44:18.697 152 INFO rally.task.runner [-] Task b99ceb1f-0ac6-4ff5-8b38-110c39b915fc | ITER: 61 END: OK
2020-03-01 22:44:18.701 152 INFO rally.task.runner [-] Task b99ceb1f-0ac6-4ff5-8b38-110c39b915fc | ITER: 87 START
2020-03-01 22:44:18.778 173 INFO rally.task.runner [-] Task b99ceb1f-0ac6-4ff5-8b38-110c39b915fc | ITER: 75 END: OK
2020-03-01 22:44:18.782 173 INFO rally.task.runner [-] Task b99ceb1f-0ac6-4ff5-8b38-110c39b915fc | ITER: 88 START
2020-03-01 22:44:18.813 141 INFO rally.task.runner [-] Task b99ceb1f-0ac6-4ff5-8b38-110c39b915fc | ITER: 71 END: OK
2020-03-01 22:44:18.817 141 INFO rally.task.runner [-] Task b99ceb1f-0ac6-4ff5-8b38-110c39b915fc | ITER: 89 START
2020-03-01 22:44:20.376 175 INFO rally.task.runner [-] Task b99ceb1f-0ac6-4ff5-8b38-110c39b915fc | ITER: 64 END: OK
2020-03-01 22:44:20.380 175 INFO rally.task.runner [-] Task b99ceb1f-0ac6-4ff5-8b38-110c39b915fc | ITER: 90 START
2020-03-01 22:44:23.111 158 INFO rally.task.runner [-] Task b99ceb1f-0ac6-4ff5-8b38-110c39b915fc | ITER: 65 END: OK
2020-03-01 22:44:23.115 158 INFO rally.task.runner [-] Task b99ceb1f-0ac6-4ff5-8b38-110c39b915fc | ITER: 91 START
2020-03-01 22:44:23.214 154 INFO rally.task.runner [-] Task b99ceb1f-0ac6-4ff5-8b38-110c39b915fc | ITER: 74 END: OK
2020-03-01 22:44:23.217 154 INFO rally.task.runner [-] Task b99ceb1f-0ac6-4ff5-8b38-110c39b915fc | ITER: 92 START
2020-03-01 22:44:23.300 161 INFO rally.task.runner [-] Task b99ceb1f-0ac6-4ff5-8b38-110c39b915fc | ITER: 67 END: OK
2020-03-01 22:44:23.304 161 INFO rally.task.runner [-] Task b99ceb1f-0ac6-4ff5-8b38-110c39b915fc | ITER: 93 START
2020-03-01 22:44:23.305 185 INFO rally.task.runner [-] Task b99ceb1f-0ac6-4ff5-8b38-110c39b915fc | ITER: 66 END: OK
2020-03-01 22:44:23.309 185 INFO rally.task.runner [-] Task b99ceb1f-0ac6-4ff5-8b38-110c39b915fc | ITER: 94 START
2020-03-01 22:44:23.335 190 INFO rally.task.runner [-] Task b99ceb1f-0ac6-4ff5-8b38-110c39b915fc | ITER: 70 END: OK
2020-03-01 22:44:23.339 190 INFO rally.task.runner [-] Task b99ceb1f-0ac6-4ff5-8b38-110c39b915fc | ITER: 95 START
2020-03-01 22:44:23.456 142 INFO rally.task.runner [-] Task b99ceb1f-0ac6-4ff5-8b38-110c39b915fc | ITER: 79 END: OK
2020-03-01 22:44:23.459 142 INFO rally.task.runner [-] Task b99ceb1f-0ac6-4ff5-8b38-110c39b915fc | ITER: 96 START
2020-03-01 22:44:23.962 140 INFO rally.task.runner [-] Task b99ceb1f-0ac6-4ff5-8b38-110c39b915fc | ITER: 76 END: OK
2020-03-01 22:44:23.965 140 INFO rally.task.runner [-] Task b99ceb1f-0ac6-4ff5-8b38-110c39b915fc | ITER: 97 START
2020-03-01 22:44:25.244 178 INFO rally.task.runner [-] Task b99ceb1f-0ac6-4ff5-8b38-110c39b915fc | ITER: 78 END: OK
2020-03-01 22:44:25.248 178 INFO rally.task.runner [-] Task b99ceb1f-0ac6-4ff5-8b38-110c39b915fc | ITER: 98 START
2020-03-01 22:44:25.803 145 INFO rally.task.runner [-] Task b99ceb1f-0ac6-4ff5-8b38-110c39b915fc | ITER: 84 END: OK
2020-03-01 22:44:25.807 145 INFO rally.task.runner [-] Task b99ceb1f-0ac6-4ff5-8b38-110c39b915fc | ITER: 99 START
2020-03-01 22:44:26.911 170 INFO rally.task.runner [-] Task b99ceb1f-0ac6-4ff5-8b38-110c39b915fc | ITER: 77 END: OK
2020-03-01 22:44:26.915 170 INFO rally.task.runner [-] Task b99ceb1f-0ac6-4ff5-8b38-110c39b915fc | ITER: 100 START
2020-03-01 22:44:27.105 142 INFO rally.task.runner [-] Task b99ceb1f-0ac6-4ff5-8b38-110c39b915fc | ITER: 96 END: OK
2020-03-01 22:44:27.172 149 INFO rally.task.runner [-] Task b99ceb1f-0ac6-4ff5-8b38-110c39b915fc | ITER: 80 END: OK
2020-03-01 22:44:27.345 167 INFO rally.task.runner [-] Task b99ceb1f-0ac6-4ff5-8b38-110c39b915fc | ITER: 81 END: OK
2020-03-01 22:44:27.419 183 INFO rally.task.runner [-] Task b99ceb1f-0ac6-4ff5-8b38-110c39b915fc | ITER: 83 END: OK
2020-03-01 22:44:27.604 190 INFO rally.task.runner [-] Task b99ceb1f-0ac6-4ff5-8b38-110c39b915fc | ITER: 95 END: OK
2020-03-01 22:44:27.779 141 INFO rally.task.runner [-] Task b99ceb1f-0ac6-4ff5-8b38-110c39b915fc | ITER: 89 END: OK
2020-03-01 22:44:27.895 139 INFO rally.task.runner [-] Task b99ceb1f-0ac6-4ff5-8b38-110c39b915fc | ITER: 85 END: OK
2020-03-01 22:44:27.896 187 INFO rally.task.runner [-] Task b99ceb1f-0ac6-4ff5-8b38-110c39b915fc | ITER: 86 END: OK
2020-03-01 22:44:27.916 163 INFO rally.task.runner [-] Task b99ceb1f-0ac6-4ff5-8b38-110c39b915fc | ITER: 82 END: OK
2020-03-01 22:44:27.958 173 INFO rally.task.runner [-] Task b99ceb1f-0ac6-4ff5-8b38-110c39b915fc | ITER: 88 END: OK
2020-03-01 22:44:28.102 185 INFO rally.task.runner [-] Task b99ceb1f-0ac6-4ff5-8b38-110c39b915fc | ITER: 94 END: OK
2020-03-01 22:44:28.143 154 INFO rally.task.runner [-] Task b99ceb1f-0ac6-4ff5-8b38-110c39b915fc | ITER: 92 END: OK
2020-03-01 22:44:28.254 152 INFO rally.task.runner [-] Task b99ceb1f-0ac6-4ff5-8b38-110c39b915fc | ITER: 87 END: OK
2020-03-01 22:44:28.436 175 INFO rally.task.runner [-] Task b99ceb1f-0ac6-4ff5-8b38-110c39b915fc | ITER: 90 END: OK
2020-03-01 22:44:28.440 161 INFO rally.task.runner [-] Task b99ceb1f-0ac6-4ff5-8b38-110c39b915fc | ITER: 93 END: OK
2020-03-01 22:44:28.586 158 INFO rally.task.runner [-] Task b99ceb1f-0ac6-4ff5-8b38-110c39b915fc | ITER: 91 END: OK
2020-03-01 22:44:29.694 140 INFO rally.task.runner [-] Task b99ceb1f-0ac6-4ff5-8b38-110c39b915fc | ITER: 97 END: OK
2020-03-01 22:44:30.152 178 INFO rally.task.runner [-] Task b99ceb1f-0ac6-4ff5-8b38-110c39b915fc | ITER: 98 END: OK
2020-03-01 22:44:30.154 145 INFO rally.task.runner [-] Task b99ceb1f-0ac6-4ff5-8b38-110c39b915fc | ITER: 99 END: OK
2020-03-01 22:44:30.179 170 INFO rally.task.runner [-] Task b99ceb1f-0ac6-4ff5-8b38-110c39b915fc | ITER: 100 END: OK
2020-03-01 22:44:30.206 15 INFO rally.task.context [-] Task b99ceb1f-0ac6-4ff5-8b38-110c39b915fc | Context cleanup@openstack cleanup() started
2020-03-01 22:44:30.210 15 RALLYDEBUG rally_openstack.cleanup.manager [-] Cleaning up neutron vip objects
2020-03-01 22:44:30.344 15 RALLYDEBUG rally_openstack.cleanup.manager [-] Cleaning up neutron health_monitor objects
2020-03-01 22:44:30.493 15 RALLYDEBUG rally_openstack.cleanup.manager [-] Cleaning up neutron pool objects
2020-03-01 22:44:30.645 15 RALLYDEBUG rally_openstack.cleanup.manager [-] Cleaning up neutron loadbalancer objects
2020-03-01 22:44:30.795 15 RALLYDEBUG rally_openstack.cleanup.manager [-] Cleaning up neutron floatingip objects
2020-03-01 22:44:30.963 15 RALLYDEBUG rally_openstack.cleanup.manager [-] Cleaning up neutron trunk objects
2020-03-01 22:44:31.117 15 DEBUG neutronclient.v2_0.client [-] Error message: {"message": "The resource could not be found.

\n\n\n", "code": "404 Not Found", "title": "Not Found"} _handle_fault_response /usr/lib/python2.7/site-packages/neutronclient/v2_0/client.py:259
2020-03-01 22:44:31.127 15 RALLYDEBUG rally_openstack.cleanup.manager [-] Cleaning up neutron port objects
2020-03-01 22:44:31.332 15 RALLYDEBUG rally_openstack.cleanup.manager [-] Cleaning up neutron subnet objects
2020-03-01 22:44:31.528 15 RALLYDEBUG rally_openstack.cleanup.manager [-] Cleaning up neutron network objects
2020-03-01 22:44:32.109 15 RALLYDEBUG rally_openstack.cleanup.manager [-] Deleting neutron.network object s_rally_ec737851_MZ1PRBwe (0b3c2f90-1073-4197-a70d-5e0728ee424c)
2020-03-01 22:44:32.113 15 RALLYDEBUG rally_openstack.cleanup.manager [-] Deleting neutron.network object s_rally_ec737851_kmJiPgLH (0d4d7119-096f-48c3-a80a-18f49d64c9d2)
2020-03-01 22:44:32.115 15 RALLYDEBUG rally_openstack.cleanup.manager [-] Deleting neutron.network object s_rally_ec737851_iIyKG4vT (0f877993-0dea-4629-8a46-838d0056b43e)
2020-03-01 22:44:32.118 15 RALLYDEBUG rally_openstack.cleanup.manager [-] Deleting neutron.network object s_rally_ec737851_bu3NCIQu (1137d59e-e4ab-456b-9590-6a67d2fe5cb0)
2020-03-01 22:44:32.115 15 RALLYDEBUG rally_openstack.cleanup.manager [-] Deleting neutron.network object s_rally_ec737851_N4oAvMJ2 (0a1243a8-f5ed-413a-b152-98a764aa3de7)
2020-03-01 22:44:32.116 15 RALLYDEBUG rally_openstack.cleanup.manager [-] Deleting neutron.network object s_rally_ec737851_8TmnlfuJ (121d24b1-b602-4f10-8513-cf4456134860)
2020-03-01 22:44:32.122 15 RALLYDEBUG rally_openstack.cleanup.manager [-] Deleting neutron.network object s_rally_ec737851_hZb6SbJi (170f0e04-3369-4e0c-9804-7ab438395373)
2020-03-01 22:44:32.128 15 RALLYDEBUG rally_openstack.cleanup.manager [-] Deleting neutron.network object s_rally_ec737851_N4MduUjK (1417e362-5749-4c0f-aa16-34754c205629)
2020-03-01 22:44:32.132 15 RALLYDEBUG rally_openstack.cleanup.manager [-] Deleting neutron.network object s_rally_ec737851_7XQ7Hdq4 (19a89637-b116-4ec4-8c41-c0445a4515ba)
2020-03-01 22:44:32.148 15 RALLYDEBUG rally_openstack.cleanup.manager [-] Deleting neutron.network object s_rally_ec737851_x1qSYnba (1ea8e215-8e9c-4737-881a-3a78d9ff0d3d)
2020-03-01 22:44:32.153 15 RALLYDEBUG rally_openstack.cleanup.manager [-] Deleting neutron.network object s_rally_ec737851_ouBExmMp (21d8f6e5-b6b6-40c1-a713-94405a3e6d79)
2020-03-01 22:44:32.164 15 RALLYDEBUG rally_openstack.cleanup.manager [-] Deleting neutron.network object s_rally_ec737851_XWy6nu5H (2a572044-560c-429d-9eb4-6258f396d2ff)
2020-03-01 22:44:32.209 15 RALLYDEBUG rally_openstack.cleanup.manager [-] Deleting neutron.network object s_rally_ec737851_noTghE1N (2dfe53fd-c6af-42e9-9f41-9d4dcdb79f96)
2020-03-01 22:44:32.222 15 RALLYDEBUG rally_openstack.cleanup.manager [-] Deleting neutron.network object s_rally_ec737851_R9DpNndV (3a1388d6-82af-4ae1-b2fe-3aee74467572)
2020-03-01 22:44:32.225 15 RALLYDEBUG rally_openstack.cleanup.manager [-] Deleting neutron.network object s_rally_ec737851_nX95VOsm (2c123e7e-64bb-43a6-89b9-32ca82e440f6)
2020-03-01 22:44:32.232 15 RALLYDEBUG rally_openstack.cleanup.manager [-] Deleting neutron.network object s_rally_ec737851_h4HTecOs (2eac0e77-2152-4653-8002-e600b2c57034)
2020-03-01 22:44:32.249 15 RALLYDEBUG rally_openstack.cleanup.manager [-] Deleting neutron.network object s_rally_ec737851_lqt0bMbq (390b3081-c45e-4299-af62-38515efe22d7)
2020-03-01 22:44:32.274 15 RALLYDEBUG rally_openstack.cleanup.manager [-] Deleting neutron.network object s_rally_ec737851_SyC31Q8f (379279c9-a641-4688-a5d3-d4d12e67e5da)
2020-03-01 22:44:32.316 15 RALLYDEBUG rally_openstack.cleanup.manager [-] Deleting neutron.network object s_rally_ec737851_boKbUATC (39fafdb1-3108-473b-a00f-30734c1ce557)
2020-03-01 22:44:32.316 15 RALLYDEBUG rally_openstack.cleanup.manager [-] Deleting neutron.network object s_rally_ec737851_jBqbrdwM (400285fc-02c6-4a1c-8c6e-e7880c1d4f3d)
2020-03-01 22:44:35.045 15 RALLYDEBUG rally_openstack.cleanup.manager [-] Deleting neutron.network object s_rally_ec737851_tqGfqemo (433f367b-e723-409a-92d2-2ce45060f812)
2020-03-01 22:44:35.052 15 RALLYDEBUG rally_openstack.cleanup.manager [-] Deleting neutron.network object s_rally_ec737851_JrARBk7N (44789418-02a9-474b-91b7-061110dced03)
2020-03-01 22:44:35.056 15 RALLYDEBUG rally_openstack.cleanup.manager [-] Deleting neutron.network object s_rally_ec737851_mNLETwsO (480aada3-52af-4eb6-b9b7-16a92369f9e9)
2020-03-01 22:44:35.296 15 RALLYDEBUG rally_openstack.cleanup.manager [-] Deleting neutron.network object s_rally_ec737851_VmbdvFsZ (484ec18d-8c29-4f79-bd0e-1d6976d617a3)
2020-03-01 22:44:35.304 15 RALLYDEBUG rally_openstack.cleanup.manager [-] Deleting neutron.network object s_rally_ec737851_qObY6wZL (4b4e5ce2-43fb-4d9e-962d-7f0826abfc3c)
2020-03-01 22:44:35.306 15 RALLYDEBUG rally_openstack.cleanup.manager [-] Deleting neutron.network object s_rally_ec737851_fNb8qaKV (486e1cfb-5d22-4aeb-8e31-53bfde13d09e)
2020-03-01 22:44:35.505 15 RALLYDEBUG rally_openstack.cleanup.manager [-] Deleting neutron.network object s_rally_ec737851_N26SQFUA (4e879511-976b-490b-82ab-8a95a7fa1c30)
2020-03-01 22:44:35.528 15 RALLYDEBUG rally_openstack.cleanup.manager [-] Deleting neutron.network object s_rally_ec737851_Co6lR67l (4f468f93-0bcd-4989-a5b8-ce54184c9ad1)
2020-03-01 22:44:35.714 15 RALLYDEBUG rally_openstack.cleanup.manager [-] Deleting neutron.network object s_rally_ec737851_0joCYZzc (54503fa5-e7c5-424f-a3f2-a9bf386e917f)
2020-03-01 22:44:35.720 15 RALLYDEBUG rally_openstack.cleanup.manager [-] Deleting neutron.network object s_rally_ec737851_A681YrTv (5ac0f2b0-0878-416f-944b-5d1c2b0b9af8)
2020-03-01 22:44:35.832 15 RALLYDEBUG rally_openstack.cleanup.manager [-] Deleting neutron.network object s_rally_ec737851_TMc6Rtl6 (5cbec3cb-6a2c-4ebd-9028-a6f9d1d44e63)
2020-03-01 22:44:35.858 15 RALLYDEBUG rally_openstack.cleanup.manager [-] Deleting neutron.network object s_rally_ec737851_8KaVoNQK (5f24c68b-9232-407f-acbf-06a78a0f27ad)
2020-03-01 22:44:35.869 15 RALLYDEBUG rally_openstack.cleanup.manager [-] Deleting neutron.network object s_rally_ec737851_GNd2Lq2m (5f2db9c7-2646-4b7d-b770-35a87a1b7b08)
2020-03-01 22:44:35.997 15 RALLYDEBUG rally_openstack.cleanup.manager [-] Deleting neutron.network object s_rally_ec737851_klfnm5oz (6139435e-7ad7-448b-a128-5d4d05e5a48a)
2020-03-01 22:44:36.656 15 RALLYDEBUG rally_openstack.cleanup.manager [-] Deleting neutron.network object s_rally_ec737851_SXCrk9jr (61ff021d-2034-49ea-b6f4-86f919a56e78)
2020-03-01 22:44:36.681 15 RALLYDEBUG rally_openstack.cleanup.manager [-] Deleting neutron.network object s_rally_ec737851_pl1NzGE8 (62aa1047-9a25-45e0-be28-877f61a69d0c)
2020-03-01 22:44:36.779 15 RALLYDEBUG rally_openstack.cleanup.manager [-] Deleting neutron.network object s_rally_ec737851_x6ZwW3vE (66220ade-8e18-4e0d-a3c9-6ee7c6ee9338)
2020-03-01 22:44:36.849 15 RALLYDEBUG rally_openstack.cleanup.manager [-] Deleting neutron.network object s_rally_ec737851_RcwYPviq (6afb5e58-6f0e-44ba-97a1-ec380aaa8606)
2020-03-01 22:44:36.865 15 RALLYDEBUG rally_openstack.cleanup.manager [-] Deleting neutron.network object s_rally_ec737851_SSX8fDGd (6d7b1fc5-a9ea-4d4c-b88d-f180e1f53d57)
2020-03-01 22:44:36.874 15 RALLYDEBUG rally_openstack.cleanup.manager [-] Deleting neutron.network object s_rally_ec737851_zBDX2Oid (6b4756fb-5ae3-457f-b77b-edfa6c82e769)
2020-03-01 22:44:36.879 15 RALLYDEBUG rally_openstack.cleanup.manager [-] Deleting neutron.network object s_rally_ec737851_kV1x2z6B (6f030a58-9283-4ac1-9c03-352ef055d2e0)
2020-03-01 22:44:36.959 15 RALLYDEBUG rally_openstack.cleanup.manager [-] Deleting neutron.network object s_rally_ec737851_tU83BTjU (714aaf6f-d358-46dc-8d27-c17e9fbcde1d)
2020-03-01 22:44:37.159 15 RALLYDEBUG rally_openstack.cleanup.manager [-] Deleting neutron.network object s_rally_ec737851_VhzKnwDx (73a45339-6bb0-45b2-aca5-cb845b5c5913)
2020-03-01 22:44:37.658 15 RALLYDEBUG rally_openstack.cleanup.manager [-] Deleting neutron.network object s_rally_ec737851_Ej6Sg3az (7496d364-9310-4058-b4a6-b41e7a195016)
2020-03-01 22:44:37.673 15 RALLYDEBUG rally_openstack.cleanup.manager [-] Deleting neutron.network object s_rally_ec737851_MoVqeXVN (79018347-95d4-478d-8af0-665d39bdf1ae)
2020-03-01 22:44:37.719 15 RALLYDEBUG rally_openstack.cleanup.manager [-] Deleting neutron.network object s_rally_ec737851_CFeF8bFM (79fe4407-d1f9-4c0f-bd6a-b52bac9eda5f)
2020-03-01 22:44:37.807 15 RALLYDEBUG rally_openstack.cleanup.manager [-] Deleting neutron.network object s_rally_ec737851_ztxQSCfc (7b101c38-15c6-43fc-b535-8e03848689c2)
2020-03-01 22:44:37.941 15 RALLYDEBUG rally_openstack.cleanup.manager [-] Deleting neutron.network object s_rally_ec737851_rLo45BY0 (7ed10535-4a6c-4050-b0d0-5fe9a9b07478)
2020-03-01 22:44:38.082 15 RALLYDEBUG rally_openstack.cleanup.manager [-] Deleting neutron.network object s_rally_ec737851_TDtx5a8n (7f9f0d14-43e1-4ad7-bc38-aba994b84d4b)
2020-03-01 22:44:38.405 15 RALLYDEBUG rally_openstack.cleanup.manager [-] Deleting neutron.network object s_rally_ec737851_Ws7xhSsB (84d04378-4b77-466f-8f23-bbdb1ca7b8fd)
2020-03-01 22:44:38.421 15 RALLYDEBUG rally_openstack.cleanup.manager [-] Deleting neutron.network object s_rally_ec737851_ZhkmWL43 (88ea0a0e-9fc5-43ec-91ee-17492ac7d29c)
2020-03-01 22:44:38.450 15 RALLYDEBUG rally_openstack.cleanup.manager [-] Deleting neutron.network object s_rally_ec737851_GUtQVGNK (8a017b5a-a65b-494e-89e6-42ef98adb244)
2020-03-01 22:44:38.497 15 RALLYDEBUG rally_openstack.cleanup.manager [-] Deleting neutron.network object s_rally_ec737851_GkpyfFIS (8bb51232-0239-4899-9649-12c386e0580f)
2020-03-01 22:44:38.742 15 RALLYDEBUG rally_openstack.cleanup.manager [-] Deleting neutron.network object s_rally_ec737851_qfZv3eyF (8cdc64bc-a102-4d85-9276-819afb2ddc38)
2020-03-01 22:44:38.757 15 RALLYDEBUG rally_openstack.cleanup.manager [-] Deleting neutron.network object s_rally_ec737851_qfS1ZI78 (8f7017de-45d7-4616-9269-fe5a088766b7)
2020-03-01 22:44:38.780 15 RALLYDEBUG rally_openstack.cleanup.manager [-] Deleting neutron.network object s_rally_ec737851_KAqa3jOp (901edc67-4059-4d01-af68-4601a565eddb)
2020-03-01 22:44:39.015 15 RALLYDEBUG rally_openstack.cleanup.manager [-] Deleting neutron.network object s_rally_ec737851_EBpySEtT (920fc1f0-dad1-4551-8fcb-3bb3e8858cd2)
2020-03-01 22:44:39.075 15 RALLYDEBUG rally_openstack.cleanup.manager [-] Deleting neutron.network object s_rally_ec737851_l20na8tI (921c5d1a-bf6e-415f-b9de-4235b7a55c63)
2020-03-01 22:44:39.119 15 RALLYDEBUG rally_openstack.cleanup.manager [-] Deleting neutron.network object s_rally_ec737851_fyQbpq8H (95f56890-b3aa-472e-9343-b8fc302ee400)
2020-03-01 22:44:39.138 15 RALLYDEBUG rally_openstack.cleanup.manager [-] Deleting neutron.network object s_rally_ec737851_9Ry87zqF (98257194-2d71-4d2a-86e8-385ab706f73b)
2020-03-01 22:44:39.175 15 RALLYDEBUG rally_openstack.cleanup.manager [-] Deleting neutron.network object s_rally_ec737851_7sUb8qWg (9a634573-679f-4072-ab2b-50f9280167ae)
2020-03-01 22:44:39.271 15 RALLYDEBUG rally_openstack.cleanup.manager [-] Deleting neutron.network object s_rally_ec737851_Tmq3Fd0v (9bd66ba4-b62c-496f-b3a9-f8ae18ce0733)
2020-03-01 22:44:39.587 15 RALLYDEBUG rally_openstack.cleanup.manager [-] Deleting neutron.network object s_rally_ec737851_mbMZA27u (a3cf8db5-25db-4361-bae2-9ce965bb1c80)
2020-03-01 22:44:39.631 15 RALLYDEBUG rally_openstack.cleanup.manager [-] Deleting neutron.network object s_rally_ec737851_KbRp6oVl (a4553c89-f559-43a6-b2e2-1925620113f3)
2020-03-01 22:44:39.847 15 RALLYDEBUG rally_openstack.cleanup.manager [-] Deleting neutron.network object s_rally_ec737851_gVJRYMEm (a5c80761-c30d-4a33-98ca-e81243f21fc9)
2020-03-01 22:44:40.099 15 RALLYDEBUG rally_openstack.cleanup.manager [-] Deleting neutron.network object s_rally_ec737851_e8RLseTU (a722dc49-cf75-4f3d-b3a2-1c9964945b34)
2020-03-01 22:44:40.161 15 RALLYDEBUG rally_openstack.cleanup.manager [-] Deleting neutron.network object s_rally_ec737851_Of7MGunq (a78bb5e5-93bd-47e0-b971-22349ddc58d2)
2020-03-01 22:44:40.350 15 RALLYDEBUG rally_openstack.cleanup.manager [-] Deleting neutron.network object s_rally_ec737851_diPMXwBD (a93c4fbf-b45e-4393-9875-aae9e2af82d0)
2020-03-01 22:44:40.373 15 RALLYDEBUG rally_openstack.cleanup.manager [-] Deleting neutron.network object s_rally_ec737851_pcZZ0yuM (afecd800-b2b0-4c57-99a9-50eaa78bd095)
2020-03-01 22:44:40.877 15 RALLYDEBUG rally_openstack.cleanup.manager [-] Deleting neutron.network object s_rally_ec737851_Z5D6UF91 (b01b50f4-3e7b-4049-8eb5-71beb85173bf)
2020-03-01 22:44:41.625 15 RALLYDEBUG rally_openstack.cleanup.manager [-] Deleting neutron.network object s_rally_ec737851_VSuQ3aYs (b15775ea-6a79-402b-b429-4ea74c1167fd)
2020-03-01 22:44:41.705 15 RALLYDEBUG rally_openstack.cleanup.manager [-] Deleting neutron.network object s_rally_ec737851_6JlYRjtx (bb145d70-e6c3-497b-9c94-4e64b224a9ef)
2020-03-01 22:44:42.403 15 RALLYDEBUG rally_openstack.cleanup.manager [-] Deleting neutron.network object s_rally_ec737851_Axe7Nc1u (c3073468-e3ae-4def-b18a-366211d27b64)
2020-03-01 22:44:42.960 15 RALLYDEBUG rally_openstack.cleanup.manager [-] Deleting neutron.network object s_rally_ec737851_eP6Unscz (c4d5560d-8f89-44f8-a1ae-4d2da4366d0e)
2020-03-01 22:44:42.998 15 RALLYDEBUG rally_openstack.cleanup.manager [-] Deleting neutron.network object s_rally_ec737851_nkxMJgx4 (c66304b2-af33-4384-88fe-e3b42d34bbd7)
2020-03-01 22:44:43.282 15 RALLYDEBUG rally_openstack.cleanup.manager [-] Deleting neutron.network object s_rally_ec737851_ectY9BGU (c8f869d0-5ef4-4940-8d27-0e7365e7e3e0)
2020-03-01 22:44:43.526 15 RALLYDEBUG rally_openstack.cleanup.manager [-] Deleting neutron.network object s_rally_ec737851_nuzP3Sxw (c928001b-29bd-4752-aca8-b68d7f5e5c79)
2020-03-01 22:44:43.568 15 RALLYDEBUG rally_openstack.cleanup.manager [-] Deleting neutron.network object s_rally_ec737851_oFmihSWM (ca67dbcd-b69d-4d4e-a790-04c814d68381)
2020-03-01 22:44:43.577 15 RALLYDEBUG rally_openstack.cleanup.manager [-] Deleting neutron.network object s_rally_ec737851_4puPsU3o (cf0d892d-1523-40d8-a594-76e72732dbeb)
2020-03-01 22:44:43.746 15 RALLYDEBUG rally_openstack.cleanup.manager [-] Deleting neutron.network object s_rally_ec737851_Cn4otlpV (cf4da2cb-a6e5-41ce-9604-582bc8cd61c4)
