2020-03-01 22:50:44.736 15 INFO rally.task.context [-] Task b99ceb1f-0ac6-4ff5-8b38-110c39b915fc | Context users@openstack cleanup() started
2020-03-01 22:50:48.154 15 INFO rally.task.context [-] Task b99ceb1f-0ac6-4ff5-8b38-110c39b915fc | Context users@openstack cleanup() finished in 3.42 sec
2020-03-01 22:50:48.666 15 INFO rally.task.engine [-] Load duration is: 118.53123
2020-03-01 22:50:48.667 15 INFO rally.task.engine [-] Full runner duration is: 118.581342
2020-03-01 22:50:48.667 15 INFO rally.task.engine [-] Full duration is: 178.139309
2020-03-01 22:50:48.776 15 INFO rally.task.engine [-] Running workload: position = 2 config = { "version": 2, "title": "A cropped version of a bigger task.", "description": "Auto-generated task from a single workload (uuid=9697b3e9-7b15-4bd0-adc5-84f3bdeff92a)", "subtasks": [ { "title": "NeutronNetworks.create_and_delete_subnets", "description": "Create and delete a given number of subnets.", "scenario": { "NeutronNetworks.create_and_delete_subnets": { "network_create_args": {}, "subnet_create_args": {}, "subnet_cidr_start": "1.1.0.0/30", "subnets_per_network": 2 } }, "contexts": { "users": { "tenants": 1, "users_per_tenant": 1 }, "quotas": { "neutron": { "network": -1, "subnet": -1 } } }, "runner": { "constant": { "times": 40, "concurrency": 20 } }, "hooks": [], "sla": { "failure_rate": { "max": 0 } } } ] }
2020-03-01 22:50:48.799 15 RALLYDEBUG rally_openstack.contexts.keystone.users [-] Creating 1 tenants using 20 threads
2020-03-01 22:50:49.183 15 RALLYDEBUG rally_openstack.contexts.keystone.users [-] Creating 1 users using 20 threads
2020-03-01 22:50:49.896 15 INFO rally.task.context [-] Task b99ceb1f-0ac6-4ff5-8b38-110c39b915fc | Context users@openstack setup() finished in 1.10 sec
2020-03-01 22:50:51.236 15 INFO rally.task.context [-] Task b99ceb1f-0ac6-4ff5-8b38-110c39b915fc | Context quotas@openstack setup() finished in 1.34 sec
2020-03-01 22:50:51.236 15 INFO rally.task.context [-] Task b99ceb1f-0ac6-4ff5-8b38-110c39b915fc | Context cleanup@openstack setup() finished in 0.01 msec
2020-03-01 22:50:51.245 15 RALLYDEBUG rally.task.runner [-] Starting the constant runner (task UUID: b99ceb1f-0ac6-4ff5-8b38-110c39b915fc). timeout: 0 concurrency: 20 concurrency_per_worker: 1 times: 40 concurrency_overhead: 0 processes_to_start: 20 max_cpu_used: 88
2020-03-01 22:50:51.260 2269 RALLYDEBUG rally.task.runner [-] Starting a worker. concurrency: 1 args: {"network_create_args": {}, "subnet_create_args": {}, "subnet_cidr_start": "1.1.0.0/30", "subnets_per_network": 2} times: 40 method_name: run timeout: 0 duration: None cls:
2020-03-01 22:50:51.263 2270 RALLYDEBUG rally.task.runner [-] Starting a worker. concurrency: 1 args: {"network_create_args": {}, "subnet_create_args": {}, "subnet_cidr_start": "1.1.0.0/30", "subnets_per_network": 2} times: 40 method_name: run timeout: 0 duration: None cls:
2020-03-01 22:50:51.266 2269 INFO rally.task.runner [-] Task b99ceb1f-0ac6-4ff5-8b38-110c39b915fc | ITER: 1 START
2020-03-01 22:50:51.266 2271 RALLYDEBUG rally.task.runner [-] Starting a worker. concurrency: 1 args: {"network_create_args": {}, "subnet_create_args": {}, "subnet_cidr_start": "1.1.0.0/30", "subnets_per_network": 2} times: 40 method_name: run timeout: 0 duration: None cls:
2020-03-01 22:50:51.268 2269 WARNING rally_openstack.scenarios.neutron.utils [-] Running this scenario without either the 'network' or 'existing_network' context is deprecated
2020-03-01 22:50:51.269 2270 INFO rally.task.runner [-] Task b99ceb1f-0ac6-4ff5-8b38-110c39b915fc | ITER: 2 START
2020-03-01 22:50:51.271 2270 WARNING rally_openstack.scenarios.neutron.utils [-] Running this scenario without either the 'network' or 'existing_network' context is deprecated
2020-03-01 22:50:51.272 2271 INFO rally.task.runner [-] Task b99ceb1f-0ac6-4ff5-8b38-110c39b915fc | ITER: 3 START
2020-03-01 22:50:51.272 2272 RALLYDEBUG rally.task.runner [-] Starting a worker. concurrency: 1 args: {"network_create_args": {}, "subnet_create_args": {}, "subnet_cidr_start": "1.1.0.0/30", "subnets_per_network": 2} times: 40 method_name: run timeout: 0 duration: None cls:
2020-03-01 22:50:51.273 2274 RALLYDEBUG rally.task.runner [-] Starting a worker. concurrency: 1 args: {"network_create_args": {}, "subnet_create_args": {}, "subnet_cidr_start": "1.1.0.0/30", "subnets_per_network": 2} times: 40 method_name: run timeout: 0 duration: None cls:
2020-03-01 22:50:51.274 2271 WARNING rally_openstack.scenarios.neutron.utils [-] Running this scenario without either the 'network' or 'existing_network' context is deprecated
2020-03-01 22:50:51.276 2277 RALLYDEBUG rally.task.runner [-] Starting a worker. concurrency: 1 args: {"network_create_args": {}, "subnet_create_args": {}, "subnet_cidr_start": "1.1.0.0/30", "subnets_per_network": 2} times: 40 method_name: run timeout: 0 duration: None cls:
2020-03-01 22:50:51.279 2274 INFO rally.task.runner [-] Task b99ceb1f-0ac6-4ff5-8b38-110c39b915fc | ITER: 5 START
2020-03-01 22:50:51.279 2280 RALLYDEBUG rally.task.runner [-] Starting a worker. concurrency: 1 args: {"network_create_args": {}, "subnet_create_args": {}, "subnet_cidr_start": "1.1.0.0/30", "subnets_per_network": 2} times: 40 method_name: run timeout: 0 duration: None cls:
2020-03-01 22:50:51.280 2272 INFO rally.task.runner [-] Task b99ceb1f-0ac6-4ff5-8b38-110c39b915fc | ITER: 4 START
2020-03-01 22:50:51.281 2274 WARNING rally_openstack.scenarios.neutron.utils [-] Running this scenario without either the 'network' or 'existing_network' context is deprecated
2020-03-01 22:50:51.282 2272 WARNING rally_openstack.scenarios.neutron.utils [-] Running this scenario without either the 'network' or 'existing_network' context is deprecated
2020-03-01 22:50:51.282 2282 RALLYDEBUG rally.task.runner [-] Starting a worker. concurrency: 1 args: {"network_create_args": {}, "subnet_create_args": {}, "subnet_cidr_start": "1.1.0.0/30", "subnets_per_network": 2} times: 40 method_name: run timeout: 0 duration: None cls:
2020-03-01 22:50:51.285 2280 INFO rally.task.runner [-] Task b99ceb1f-0ac6-4ff5-8b38-110c39b915fc | ITER: 7 START
2020-03-01 22:50:51.285 2285 RALLYDEBUG rally.task.runner [-] Starting a worker. concurrency: 1 args: {"network_create_args": {}, "subnet_create_args": {}, "subnet_cidr_start": "1.1.0.0/30", "subnets_per_network": 2} times: 40 method_name: run timeout: 0 duration: None cls:
2020-03-01 22:50:51.286 2280 WARNING rally_openstack.scenarios.neutron.utils [-] Running this scenario without either the 'network' or 'existing_network' context is deprecated
2020-03-01 22:50:51.288 2277 INFO rally.task.runner [-] Task b99ceb1f-0ac6-4ff5-8b38-110c39b915fc | ITER: 6 START
2020-03-01 22:50:51.288 2282 INFO rally.task.runner [-] Task b99ceb1f-0ac6-4ff5-8b38-110c39b915fc | ITER: 8 START
2020-03-01 22:50:51.289 2277 WARNING rally_openstack.scenarios.neutron.utils [-] Running this scenario without either the 'network' or 'existing_network' context is deprecated
2020-03-01 22:50:51.288 2289 RALLYDEBUG rally.task.runner [-] Starting a worker. concurrency: 1 args: {"network_create_args": {}, "subnet_create_args": {}, "subnet_cidr_start": "1.1.0.0/30", "subnets_per_network": 2} times: 40 method_name: run timeout: 0 duration: None cls:
2020-03-01 22:50:51.289 2282 WARNING rally_openstack.scenarios.neutron.utils [-] Running this scenario without either the 'network' or 'existing_network' context is deprecated
2020-03-01 22:50:51.291 2285 INFO rally.task.runner [-] Task b99ceb1f-0ac6-4ff5-8b38-110c39b915fc | ITER: 9 START
2020-03-01 22:50:51.292 2292 RALLYDEBUG rally.task.runner [-] Starting a worker. concurrency: 1 args: {"network_create_args": {}, "subnet_create_args": {}, "subnet_cidr_start": "1.1.0.0/30", "subnets_per_network": 2} times: 40 method_name: run timeout: 0 duration: None cls:
2020-03-01 22:50:51.293 2285 WARNING rally_openstack.scenarios.neutron.utils [-] Running this scenario without either the 'network' or 'existing_network' context is deprecated
2020-03-01 22:50:51.294 2289 INFO rally.task.runner [-] Task b99ceb1f-0ac6-4ff5-8b38-110c39b915fc | ITER: 10 START
2020-03-01 22:50:51.295 2296 RALLYDEBUG rally.task.runner [-] Starting a worker. concurrency: 1 args: {"network_create_args": {}, "subnet_create_args": {}, "subnet_cidr_start": "1.1.0.0/30", "subnets_per_network": 2} times: 40 method_name: run timeout: 0 duration: None cls:
2020-03-01 22:50:51.296 2289 WARNING rally_openstack.scenarios.neutron.utils [-] Running this scenario without either the 'network' or 'existing_network' context is deprecated
2020-03-01 22:50:51.298 2292 INFO rally.task.runner [-] Task b99ceb1f-0ac6-4ff5-8b38-110c39b915fc | ITER: 11 START
2020-03-01 22:50:51.298 2299 RALLYDEBUG rally.task.runner [-] Starting a worker. concurrency: 1 args: {"network_create_args": {}, "subnet_create_args": {}, "subnet_cidr_start": "1.1.0.0/30", "subnets_per_network": 2} times: 40 method_name: run timeout: 0 duration: None cls:
2020-03-01 22:50:51.300 2292 WARNING rally_openstack.scenarios.neutron.utils [-] Running this scenario without either the 'network' or 'existing_network' context is deprecated
2020-03-01 22:50:51.301 2296 INFO rally.task.runner [-] Task b99ceb1f-0ac6-4ff5-8b38-110c39b915fc | ITER: 12 START
2020-03-01 22:50:51.301 2302 RALLYDEBUG rally.task.runner [-] Starting a worker. concurrency: 1 args: {"network_create_args": {}, "subnet_create_args": {}, "subnet_cidr_start": "1.1.0.0/30", "subnets_per_network": 2} times: 40 method_name: run timeout: 0 duration: None cls:
2020-03-01 22:50:51.302 2296 WARNING rally_openstack.scenarios.neutron.utils [-] Running this scenario without either the 'network' or 'existing_network' context is deprecated
2020-03-01 22:50:51.304 2299 INFO rally.task.runner [-] Task b99ceb1f-0ac6-4ff5-8b38-110c39b915fc | ITER: 13 START
2020-03-01 22:50:51.305 2305 RALLYDEBUG rally.task.runner [-] Starting a worker. concurrency: 1 args: {"network_create_args": {}, "subnet_create_args": {}, "subnet_cidr_start": "1.1.0.0/30", "subnets_per_network": 2} times: 40 method_name: run timeout: 0 duration: None cls:
2020-03-01 22:50:51.305 2299 WARNING rally_openstack.scenarios.neutron.utils [-] Running this scenario without either the 'network' or 'existing_network' context is deprecated
2020-03-01 22:50:51.306 2302 INFO rally.task.runner [-] Task b99ceb1f-0ac6-4ff5-8b38-110c39b915fc | ITER: 14 START
2020-03-01 22:50:51.308 2302 WARNING rally_openstack.scenarios.neutron.utils [-] Running this scenario without either the 'network' or 'existing_network' context is deprecated
2020-03-01 22:50:51.307 2308 RALLYDEBUG rally.task.runner [-] Starting a worker. concurrency: 1 args: {"network_create_args": {}, "subnet_create_args": {}, "subnet_cidr_start": "1.1.0.0/30", "subnets_per_network": 2} times: 40 method_name: run timeout: 0 duration: None cls:
2020-03-01 22:50:51.311 2305 INFO rally.task.runner [-] Task b99ceb1f-0ac6-4ff5-8b38-110c39b915fc | ITER: 15 START
2020-03-01 22:50:51.312 2305 WARNING rally_openstack.scenarios.neutron.utils [-] Running this scenario without either the 'network' or 'existing_network' context is deprecated
2020-03-01 22:50:51.312 2308 INFO rally.task.runner [-] Task b99ceb1f-0ac6-4ff5-8b38-110c39b915fc | ITER: 16 START
2020-03-01 22:50:51.314 2308 WARNING rally_openstack.scenarios.neutron.utils [-] Running this scenario without either the 'network' or 'existing_network' context is deprecated
2020-03-01 22:50:51.313 2313 RALLYDEBUG rally.task.runner [-] Starting a worker. concurrency: 1 args: {"network_create_args": {}, "subnet_create_args": {}, "subnet_cidr_start": "1.1.0.0/30", "subnets_per_network": 2} times: 40 method_name: run timeout: 0 duration: None cls:
2020-03-01 22:50:51.318 2316 RALLYDEBUG rally.task.runner [-] Starting a worker. concurrency: 1 args: {"network_create_args": {}, "subnet_create_args": {}, "subnet_cidr_start": "1.1.0.0/30", "subnets_per_network": 2} times: 40 method_name: run timeout: 0 duration: None cls:
2020-03-01 22:50:51.321 2319 RALLYDEBUG rally.task.runner [-] Starting a worker. concurrency: 1 args: {"network_create_args": {}, "subnet_create_args": {}, "subnet_cidr_start": "1.1.0.0/30", "subnets_per_network": 2} times: 40 method_name: run timeout: 0 duration: None cls:
2020-03-01 22:50:51.325 2316 INFO rally.task.runner [-] Task b99ceb1f-0ac6-4ff5-8b38-110c39b915fc | ITER: 18 START
2020-03-01 22:50:51.324 2320 RALLYDEBUG rally.task.runner [-] Starting a worker. concurrency: 1 args: {"network_create_args": {}, "subnet_create_args": {}, "subnet_cidr_start": "1.1.0.0/30", "subnets_per_network": 2} times: 40 method_name: run timeout: 0 duration: None cls:
2020-03-01 22:50:51.326 2316 WARNING rally_openstack.scenarios.neutron.utils [-] Running this scenario without either the 'network' or 'existing_network' context is deprecated
2020-03-01 22:50:51.327 2319 INFO rally.task.runner [-] Task b99ceb1f-0ac6-4ff5-8b38-110c39b915fc | ITER: 19 START
2020-03-01 22:50:51.328 2319 WARNING rally_openstack.scenarios.neutron.utils [-] Running this scenario without either the 'network' or 'existing_network' context is deprecated
2020-03-01 22:50:51.331 2320 INFO rally.task.runner [-] Task b99ceb1f-0ac6-4ff5-8b38-110c39b915fc | ITER: 20 START
2020-03-01 22:50:51.331 2313 INFO rally.task.runner [-] Task b99ceb1f-0ac6-4ff5-8b38-110c39b915fc | ITER: 17 START
2020-03-01 22:50:51.331 2320 WARNING rally_openstack.scenarios.neutron.utils [-] Running this scenario without either the 'network' or 'existing_network' context is deprecated
2020-03-01 22:50:51.332 2313 WARNING rally_openstack.scenarios.neutron.utils [-] Running this scenario without either the 'network' or 'existing_network' context is deprecated
2020-03-01 22:50:52.081 2308 RALLYDEBUG rally_openstack.wrappers.network [-] CIDR generated: 1.1.4.96/30
2020-03-01 22:50:52.117 2302 RALLYDEBUG rally_openstack.wrappers.network [-] CIDR generated: 1.1.4.100/30
2020-03-01 22:50:52.178 2280 RALLYDEBUG rally_openstack.wrappers.network [-] CIDR generated: 1.1.4.104/30
2020-03-01 22:50:52.220 2305 RALLYDEBUG rally_openstack.wrappers.network [-] CIDR generated: 1.1.4.108/30
2020-03-01 22:50:52.257 2320 RALLYDEBUG rally_openstack.wrappers.network [-] CIDR generated: 1.1.4.112/30
2020-03-01 22:50:52.385 2274 RALLYDEBUG rally_openstack.wrappers.network [-] CIDR generated: 1.1.4.116/30
2020-03-01 22:50:52.449 2270 RALLYDEBUG rally_openstack.wrappers.network [-] CIDR generated: 1.1.4.120/30
2020-03-01 22:50:53.011 2320 RALLYDEBUG rally_openstack.wrappers.network [-] CIDR generated: 1.1.4.124/30
2020-03-01 22:50:53.061 2308 RALLYDEBUG rally_openstack.wrappers.network [-] CIDR generated: 1.1.4.128/30
2020-03-01 22:50:53.342 2302 RALLYDEBUG rally_openstack.wrappers.network [-] CIDR generated: 1.1.4.132/30
2020-03-01 22:50:53.354 2280 RALLYDEBUG rally_openstack.wrappers.network [-] CIDR generated: 1.1.4.136/30
2020-03-01 22:50:54.536 2305 RALLYDEBUG rally_openstack.wrappers.network [-] CIDR generated: 1.1.4.140/30
2020-03-01 22:50:54.654 2270 RALLYDEBUG rally_openstack.wrappers.network [-] CIDR generated: 1.1.4.144/30
2020-03-01 22:50:54.686 2274 RALLYDEBUG rally_openstack.wrappers.network [-] CIDR generated: 1.1.4.148/30
2020-03-01 22:50:55.499 2272 RALLYDEBUG rally_openstack.wrappers.network [-] CIDR generated: 1.1.4.152/30
2020-03-01 22:50:56.061 2271 RALLYDEBUG rally_openstack.wrappers.network [-] CIDR generated: 1.1.4.156/30
2020-03-01 22:50:56.141 2320 INFO rally.task.runner [-] Task b99ceb1f-0ac6-4ff5-8b38-110c39b915fc | ITER: 20 END: OK
2020-03-01 22:50:56.146 2320 INFO rally.task.runner [-] Task b99ceb1f-0ac6-4ff5-8b38-110c39b915fc | ITER: 21 START
2020-03-01 22:50:56.147 2320 WARNING rally_openstack.scenarios.neutron.utils [-] Running this scenario without either the 'network' or 'existing_network' context is deprecated
2020-03-01 22:50:57.183 2308 INFO rally.task.runner [-] Task b99ceb1f-0ac6-4ff5-8b38-110c39b915fc | ITER: 16 END: OK
2020-03-01 22:50:57.188 2308 INFO rally.task.runner [-] Task b99ceb1f-0ac6-4ff5-8b38-110c39b915fc | ITER: 22 START
2020-03-01 22:50:57.189 2308 WARNING rally_openstack.scenarios.neutron.utils [-] Running this scenario without either the 'network' or 'existing_network' context is deprecated
2020-03-01 22:50:57.539 2302 INFO rally.task.runner [-] Task b99ceb1f-0ac6-4ff5-8b38-110c39b915fc | ITER: 14 END: OK
2020-03-01 22:50:57.545 2302 INFO rally.task.runner [-] Task b99ceb1f-0ac6-4ff5-8b38-110c39b915fc | ITER: 23 START
2020-03-01 22:50:57.545 2302 WARNING rally_openstack.scenarios.neutron.utils [-] Running this scenario without either the 'network' or 'existing_network' context is deprecated
2020-03-01 22:50:58.081 2280 INFO rally.task.runner [-] Task b99ceb1f-0ac6-4ff5-8b38-110c39b915fc | ITER: 7 END: OK
2020-03-01 22:50:58.086 2280 INFO rally.task.runner [-] Task b99ceb1f-0ac6-4ff5-8b38-110c39b915fc | ITER: 24 START
2020-03-01 22:50:58.086 2280 WARNING rally_openstack.scenarios.neutron.utils [-] Running this scenario without either the 'network' or 'existing_network' context is deprecated
2020-03-01 22:50:58.589 2285 RALLYDEBUG rally_openstack.wrappers.network [-] CIDR generated: 1.1.4.160/30
2020-03-01 22:50:59.065 2292 RALLYDEBUG rally_openstack.wrappers.network [-] CIDR generated: 1.1.4.164/30
2020-03-01 22:51:00.185 2319 RALLYDEBUG rally_openstack.wrappers.network [-] CIDR generated: 1.1.4.168/30
2020-03-01 22:51:00.187 2299 RALLYDEBUG rally_openstack.wrappers.network [-] CIDR generated: 1.1.4.172/30
2020-03-01 22:51:00.324 2269 RALLYDEBUG rally_openstack.wrappers.network [-] CIDR generated: 1.1.4.176/30
2020-03-01 22:51:00.529 2289 RALLYDEBUG rally_openstack.wrappers.network [-] CIDR generated: 1.1.4.180/30
2020-03-01 22:51:00.845 2302 RALLYDEBUG rally_openstack.wrappers.network [-] CIDR generated: 1.1.4.184/30
2020-03-01 22:51:00.859 2272 RALLYDEBUG rally_openstack.wrappers.network [-] CIDR generated: 1.1.4.188/30
2020-03-01 22:51:00.887 2282 RALLYDEBUG rally_openstack.wrappers.network [-] CIDR generated: 1.1.4.192/30
2020-03-01 22:51:01.427 2305 INFO rally.task.runner [-] Task b99ceb1f-0ac6-4ff5-8b38-110c39b915fc | ITER: 15 END: OK
2020-03-01 22:51:01.433 2305 INFO rally.task.runner [-] Task b99ceb1f-0ac6-4ff5-8b38-110c39b915fc | ITER: 25 START
2020-03-01 22:51:01.434 2305 WARNING rally_openstack.scenarios.neutron.utils [-] Running this scenario without either the 'network' or 'existing_network' context is deprecated
2020-03-01 22:51:01.741 2313 RALLYDEBUG rally_openstack.wrappers.network [-] CIDR generated: 1.1.4.196/30
2020-03-01 22:51:01.866 2277 RALLYDEBUG rally_openstack.wrappers.network [-] CIDR generated: 1.1.4.200/30
2020-03-01 22:51:02.247 2296 RALLYDEBUG rally_openstack.wrappers.network [-] CIDR generated: 1.1.4.204/30
2020-03-01 22:51:02.291 2271 RALLYDEBUG rally_openstack.wrappers.network [-] CIDR generated: 1.1.4.208/30
2020-03-01 22:51:02.510 2316 RALLYDEBUG rally_openstack.wrappers.network [-] CIDR generated: 1.1.4.212/30
2020-03-01 22:51:02.583 2270 INFO rally.task.runner [-] Task b99ceb1f-0ac6-4ff5-8b38-110c39b915fc | ITER: 2 END: OK
2020-03-01 22:51:02.588 2270 INFO rally.task.runner [-] Task b99ceb1f-0ac6-4ff5-8b38-110c39b915fc | ITER: 26 START
2020-03-01 22:51:02.589 2270 WARNING rally_openstack.scenarios.neutron.utils [-] Running this scenario without either the 'network' or 'existing_network' context is deprecated
2020-03-01 22:51:02.891 2320 RALLYDEBUG rally_openstack.wrappers.network [-] CIDR generated: 1.1.4.216/30
2020-03-01 22:51:02.999 2274 INFO rally.task.runner [-] Task b99ceb1f-0ac6-4ff5-8b38-110c39b915fc | ITER: 5 END: OK
2020-03-01 22:51:03.005 2274 INFO rally.task.runner [-] Task b99ceb1f-0ac6-4ff5-8b38-110c39b915fc | ITER: 27 START
2020-03-01 22:51:03.005 2274 WARNING rally_openstack.scenarios.neutron.utils [-] Running this scenario without either the 'network' or 'existing_network' context is deprecated
2020-03-01 22:51:03.023 2285 RALLYDEBUG rally_openstack.wrappers.network [-] CIDR generated: 1.1.4.220/30
2020-03-01 22:51:03.322 2292 RALLYDEBUG rally_openstack.wrappers.network [-] CIDR generated: 1.1.4.224/30
2020-03-01 22:51:03.446 2319 RALLYDEBUG rally_openstack.wrappers.network [-] CIDR generated: 1.1.4.228/30
2020-03-01 22:51:03.452 2289 RALLYDEBUG rally_openstack.wrappers.network [-] CIDR generated: 1.1.4.232/30
2020-03-01 22:51:03.477 2270 RALLYDEBUG rally_openstack.wrappers.network [-] CIDR generated: 1.1.4.236/30
2020-03-01 22:51:03.541 2299 RALLYDEBUG rally_openstack.wrappers.network [-] CIDR generated: 1.1.4.240/30
2020-03-01 22:51:03.577 2269 RALLYDEBUG rally_openstack.wrappers.network [-] CIDR generated: 1.1.4.244/30
2020-03-01 22:51:04.035 2313 RALLYDEBUG rally_openstack.wrappers.network [-] CIDR generated: 1.1.4.248/30
2020-03-01 22:51:04.150 2274 RALLYDEBUG rally_openstack.wrappers.network [-] CIDR generated: 1.1.4.252/30
2020-03-01 22:51:06.340 2302 RALLYDEBUG rally_openstack.wrappers.network [-] CIDR generated: 1.1.5.0/30
2020-03-01 22:51:06.587 2272 INFO rally.task.runner [-] Task b99ceb1f-0ac6-4ff5-8b38-110c39b915fc | ITER: 4 END: OK
2020-03-01 22:51:06.593 2272 INFO rally.task.runner [-] Task b99ceb1f-0ac6-4ff5-8b38-110c39b915fc | ITER: 28 START
2020-03-01 22:51:06.593 2272 WARNING rally_openstack.scenarios.neutron.utils [-] Running this scenario without either the 'network' or 'existing_network' context is deprecated
2020-03-01 22:51:07.550 2277 RALLYDEBUG rally_openstack.wrappers.network [-] CIDR generated: 1.1.5.4/30
2020-03-01 22:51:07.577 2282 RALLYDEBUG rally_openstack.wrappers.network [-] CIDR generated: 1.1.5.8/30
2020-03-01 22:51:08.087 2305 RALLYDEBUG rally_openstack.wrappers.network [-] CIDR generated: 1.1.5.12/30
2020-03-01 22:51:08.449 2308 RALLYDEBUG rally_openstack.wrappers.network [-] CIDR generated: 1.1.5.16/30
2020-03-01 22:51:08.605 2280 RALLYDEBUG rally_openstack.wrappers.network [-] CIDR generated: 1.1.5.20/30
2020-03-01 22:51:08.654 2285 INFO rally.task.runner [-] Task b99ceb1f-0ac6-4ff5-8b38-110c39b915fc | ITER: 9 END: OK
2020-03-01 22:51:08.658 2285 INFO rally.task.runner [-] Task b99ceb1f-0ac6-4ff5-8b38-110c39b915fc | ITER: 29 START
2020-03-01 22:51:08.659 2285 WARNING rally_openstack.scenarios.neutron.utils [-] Running this scenario without either the 'network' or 'existing_network' context is deprecated
2020-03-01 22:51:08.719 2271 INFO rally.task.runner [-] Task b99ceb1f-0ac6-4ff5-8b38-110c39b915fc | ITER: 3 END: OK
2020-03-01 22:51:08.724 2271 INFO rally.task.runner [-] Task b99ceb1f-0ac6-4ff5-8b38-110c39b915fc | ITER: 30 START
2020-03-01 22:51:08.725 2271 WARNING rally_openstack.scenarios.neutron.utils [-] Running this scenario without either the 'network' or 'existing_network' context is deprecated
2020-03-01 22:51:09.772 2269 INFO rally.task.runner [-] Task b99ceb1f-0ac6-4ff5-8b38-110c39b915fc | ITER: 1 END: OK
2020-03-01 22:51:09.777 2269 INFO rally.task.runner [-] Task b99ceb1f-0ac6-4ff5-8b38-110c39b915fc | ITER: 31 START
2020-03-01 22:51:09.778 2269 WARNING rally_openstack.scenarios.neutron.utils [-] Running this scenario without either the 'network' or 'existing_network' context is deprecated
2020-03-01 22:51:10.135 2270 RALLYDEBUG rally_openstack.wrappers.network [-] CIDR generated: 1.1.5.24/30
2020-03-01 22:51:10.699 2299 INFO rally.task.runner [-] Task b99ceb1f-0ac6-4ff5-8b38-110c39b915fc | ITER: 13 END: OK
2020-03-01 22:51:10.704 2299 INFO rally.task.runner [-] Task b99ceb1f-0ac6-4ff5-8b38-110c39b915fc | ITER: 32 START
2020-03-01 22:51:10.705 2299 WARNING rally_openstack.scenarios.neutron.utils [-] Running this scenario without either the 'network' or 'existing_network' context is deprecated
2020-03-01 22:51:11.074 2289 INFO rally.task.runner [-] Task b99ceb1f-0ac6-4ff5-8b38-110c39b915fc | ITER: 10 END: OK
2020-03-01 22:51:11.080 2289 INFO rally.task.runner [-] Task b99ceb1f-0ac6-4ff5-8b38-110c39b915fc | ITER: 33 START
2020-03-01 22:51:11.081 2289 WARNING rally_openstack.scenarios.neutron.utils [-] Running this scenario without either the 'network' or 'existing_network' context is deprecated
2020-03-01 22:51:13.287 2272 RALLYDEBUG rally_openstack.wrappers.network [-] CIDR generated: 1.1.5.28/30
2020-03-01 22:51:14.353 2319 INFO rally.task.runner [-] Task b99ceb1f-0ac6-4ff5-8b38-110c39b915fc | ITER: 19 END: OK
2020-03-01 22:51:14.357 2319 INFO rally.task.runner [-] Task b99ceb1f-0ac6-4ff5-8b38-110c39b915fc | ITER: 34 START
2020-03-01 22:51:14.358 2319 WARNING rally_openstack.scenarios.neutron.utils [-] Running this scenario without either the 'network' or 'existing_network' context is deprecated
2020-03-01 22:51:14.424 2285 RALLYDEBUG rally_openstack.wrappers.network [-] CIDR generated: 1.1.5.32/30
2020-03-01 22:51:14.479 2292 INFO rally.task.runner [-] Task b99ceb1f-0ac6-4ff5-8b38-110c39b915fc | ITER: 11 END: OK
2020-03-01 22:51:14.484 2292 INFO rally.task.runner [-] Task b99ceb1f-0ac6-4ff5-8b38-110c39b915fc | ITER: 35 START
2020-03-01 22:51:14.485 2292 WARNING rally_openstack.scenarios.neutron.utils [-] Running this scenario without either the 'network' or 'existing_network' context is deprecated
2020-03-01 22:51:14.523 2296 RALLYDEBUG rally_openstack.wrappers.network [-] CIDR generated: 1.1.5.36/30
2020-03-01 22:51:14.685 2271 RALLYDEBUG rally_openstack.wrappers.network [-] CIDR generated: 1.1.5.40/30
2020-03-01 22:51:14.975 2269 RALLYDEBUG rally_openstack.wrappers.network [-] CIDR generated: 1.1.5.44/30
2020-03-01 22:51:15.479 2316 RALLYDEBUG rally_openstack.wrappers.network [-] CIDR generated: 1.1.5.48/30
2020-03-01 22:51:15.626 2320 RALLYDEBUG rally_openstack.wrappers.network [-] CIDR generated: 1.1.5.52/30
2020-03-01 22:51:16.025 2289 RALLYDEBUG rally_openstack.wrappers.network [-] CIDR generated: 1.1.5.56/30
2020-03-01 22:51:16.034 2313 INFO rally.task.runner [-] Task b99ceb1f-0ac6-4ff5-8b38-110c39b915fc | ITER: 17 END: OK
2020-03-01 22:51:16.039 2313 INFO rally.task.runner [-] Task b99ceb1f-0ac6-4ff5-8b38-110c39b915fc | ITER: 36 START
2020-03-01 22:51:16.040 2313 WARNING rally_openstack.scenarios.neutron.utils [-] Running this scenario without either the 'network' or 'existing_network' context is deprecated
2020-03-01 22:51:17.442 2319 RALLYDEBUG rally_openstack.wrappers.network [-] CIDR generated: 1.1.5.60/30
2020-03-01 22:51:17.522 2299 RALLYDEBUG rally_openstack.wrappers.network [-] CIDR generated: 1.1.5.64/30
2020-03-01 22:51:17.862 2292 RALLYDEBUG rally_openstack.wrappers.network [-] CIDR generated: 1.1.5.68/30
2020-03-01 22:51:17.963 2302 INFO rally.task.runner [-] Task b99ceb1f-0ac6-4ff5-8b38-110c39b915fc | ITER: 23 END: OK
2020-03-01 22:51:17.968 2302 INFO rally.task.runner [-] Task b99ceb1f-0ac6-4ff5-8b38-110c39b915fc | ITER: 37 START
2020-03-01 22:51:17.969 2302 WARNING rally_openstack.scenarios.neutron.utils [-] Running this scenario without either the 'network' or 'existing_network' context is deprecated
2020-03-01 22:51:18.855 2274 RALLYDEBUG rally_openstack.wrappers.network [-] CIDR generated: 1.1.5.72/30
2020-03-01 22:51:19.717 2277 INFO rally.task.runner [-] Task b99ceb1f-0ac6-4ff5-8b38-110c39b915fc | ITER: 6 END: OK
2020-03-01 22:51:19.721 2313 RALLYDEBUG rally_openstack.wrappers.network [-] CIDR generated: 1.1.5.76/30
2020-03-01 22:51:19.727 2277 INFO rally.task.runner [-] Task b99ceb1f-0ac6-4ff5-8b38-110c39b915fc | ITER: 38 START
2020-03-01 22:51:19.728 2277 WARNING rally_openstack.scenarios.neutron.utils [-] Running this scenario without either the 'network' or 'existing_network' context is deprecated
2020-03-01 22:51:19.728 2282 INFO rally.task.runner [-] Task b99ceb1f-0ac6-4ff5-8b38-110c39b915fc | ITER: 8 END: OK
2020-03-01 22:51:19.737 2282 INFO rally.task.runner [-] Task b99ceb1f-0ac6-4ff5-8b38-110c39b915fc | ITER: 39 START
2020-03-01 22:51:19.738 2282 WARNING rally_openstack.scenarios.neutron.utils [-] Running this scenario without either the 'network' or 'existing_network' context is deprecated
2020-03-01 22:51:20.094 2308 RALLYDEBUG rally_openstack.wrappers.network [-] CIDR generated: 1.1.5.80/30
2020-03-01 22:51:20.897 2280 RALLYDEBUG rally_openstack.wrappers.network [-] CIDR generated: 1.1.5.84/30
2020-03-01 22:51:20.989 2270 INFO rally.task.runner [-] Task b99ceb1f-0ac6-4ff5-8b38-110c39b915fc | ITER: 26 END: OK
2020-03-01 22:51:20.996 2270 INFO rally.task.runner [-] Task b99ceb1f-0ac6-4ff5-8b38-110c39b915fc | ITER: 40 START
2020-03-01 22:51:20.997 2270 WARNING rally_openstack.scenarios.neutron.utils [-] Running this scenario without either the 'network' or 'existing_network' context is deprecated
2020-03-01 22:51:21.023 2302 RALLYDEBUG rally_openstack.wrappers.network [-] CIDR generated: 1.1.5.88/30
2020-03-01 22:51:21.358 2282 RALLYDEBUG rally_openstack.wrappers.network [-] CIDR generated: 1.1.5.92/30
2020-03-01 22:51:22.304 2296 INFO rally.task.runner [-] Task b99ceb1f-0ac6-4ff5-8b38-110c39b915fc | ITER: 12 END: OK
2020-03-01 22:51:23.667 2272 RALLYDEBUG rally_openstack.wrappers.network [-] CIDR generated: 1.1.5.96/30
2020-03-01 22:51:23.737 2305 RALLYDEBUG rally_openstack.wrappers.network [-] CIDR generated: 1.1.5.100/30
2020-03-01 22:51:26.003 2270 RALLYDEBUG rally_openstack.wrappers.network [-] CIDR generated: 1.1.5.104/30
2020-03-01 22:51:26.055 2316 INFO rally.task.runner [-] Task b99ceb1f-0ac6-4ff5-8b38-110c39b915fc | ITER: 18 END: OK
2020-03-01 22:51:26.145 2320 INFO rally.task.runner [-] Task b99ceb1f-0ac6-4ff5-8b38-110c39b915fc | ITER: 21 END: OK
2020-03-01 22:51:26.235 2269 RALLYDEBUG rally_openstack.wrappers.network [-] CIDR generated: 1.1.5.108/30
2020-03-01 22:51:26.267 2289 RALLYDEBUG rally_openstack.wrappers.network [-] CIDR generated: 1.1.5.112/30
2020-03-01 22:51:26.363 2271 RALLYDEBUG rally_openstack.wrappers.network [-] CIDR generated: 1.1.5.116/30
2020-03-01 22:51:26.470 2285 RALLYDEBUG rally_openstack.wrappers.network [-] CIDR generated: 1.1.5.120/30
2020-03-01 22:51:26.712 2313 RALLYDEBUG rally_openstack.wrappers.network [-] CIDR generated: 1.1.5.124/30
2020-03-01 22:51:26.741 2274 INFO rally.task.runner [-] Task b99ceb1f-0ac6-4ff5-8b38-110c39b915fc | ITER: 27 END: OK
2020-03-01 22:51:26.816 2277 RALLYDEBUG rally_openstack.wrappers.network [-] CIDR generated: 1.1.5.128/30
2020-03-01 22:51:26.861 2299 RALLYDEBUG rally_openstack.wrappers.network [-] CIDR generated: 1.1.5.132/30
2020-03-01 22:51:26.937 2319 RALLYDEBUG rally_openstack.wrappers.network [-] CIDR generated: 1.1.5.136/30
2020-03-01 22:51:26.988 2292 RALLYDEBUG rally_openstack.wrappers.network [-] CIDR generated: 1.1.5.140/30
2020-03-01 22:51:27.060 2282 RALLYDEBUG rally_openstack.wrappers.network [-] CIDR generated: 1.1.5.144/30
2020-03-01 22:51:27.073 2302 RALLYDEBUG rally_openstack.wrappers.network [-] CIDR generated: 1.1.5.148/30
2020-03-01 22:51:27.211 2308 INFO rally.task.runner [-] Task b99ceb1f-0ac6-4ff5-8b38-110c39b915fc | ITER: 22 END: OK
2020-03-01 22:51:30.158 2271 INFO rally.task.runner [-] Task b99ceb1f-0ac6-4ff5-8b38-110c39b915fc | ITER: 30 END: OK
2020-03-01 22:51:31.175 2280 INFO rally.task.runner [-] Task b99ceb1f-0ac6-4ff5-8b38-110c39b915fc | ITER: 24 END: OK
2020-03-01 22:51:31.645 2269 INFO rally.task.runner [-] Task b99ceb1f-0ac6-4ff5-8b38-110c39b915fc | ITER: 31 END: OK
2020-03-01 22:51:31.924 2299 INFO rally.task.runner [-] Task b99ceb1f-0ac6-4ff5-8b38-110c39b915fc | ITER: 32 END: OK
2020-03-01 22:51:32.096 2313 INFO rally.task.runner [-] Task b99ceb1f-0ac6-4ff5-8b38-110c39b915fc | ITER: 36 END: OK
2020-03-01 22:51:32.227 2305 INFO rally.task.runner [-] Task b99ceb1f-0ac6-4ff5-8b38-110c39b915fc | ITER: 25 END: OK
2020-03-01 22:51:32.636 2270 RALLYDEBUG rally_openstack.wrappers.network [-] CIDR generated: 1.1.5.152/30
2020-03-01 22:51:32.795 2285 INFO rally.task.runner [-] Task b99ceb1f-0ac6-4ff5-8b38-110c39b915fc | ITER: 29 END: OK
2020-03-01 22:51:32.910 2272 INFO rally.task.runner [-] Task b99ceb1f-0ac6-4ff5-8b38-110c39b915fc | ITER: 28 END: OK
2020-03-01 22:51:32.951 2319 INFO rally.task.runner [-] Task b99ceb1f-0ac6-4ff5-8b38-110c39b915fc | ITER: 34 END: OK
2020-03-01 22:51:33.087 2292 INFO rally.task.runner [-] Task b99ceb1f-0ac6-4ff5-8b38-110c39b915fc | ITER: 35 END: OK
2020-03-01 22:51:33.843 2289 INFO rally.task.runner [-] Task b99ceb1f-0ac6-4ff5-8b38-110c39b915fc | ITER: 33 END: OK
2020-03-01 22:51:33.932 2277 RALLYDEBUG rally_openstack.wrappers.network [-] CIDR generated: 1.1.5.156/30
2020-03-01 22:51:37.473 2302 INFO rally.task.runner [-] Task b99ceb1f-0ac6-4ff5-8b38-110c39b915fc | ITER: 37 END: OK
2020-03-01 22:51:39.315 2282 INFO rally.task.runner [-] Task b99ceb1f-0ac6-4ff5-8b38-110c39b915fc | ITER: 39 END: OK
2020-03-01 22:51:39.366 2277 INFO rally.task.runner [-] Task b99ceb1f-0ac6-4ff5-8b38-110c39b915fc | ITER: 38 END: OK
2020-03-01 22:51:39.845 2270 INFO rally.task.runner [-] Task b99ceb1f-0ac6-4ff5-8b38-110c39b915fc | ITER: 40 END: OK
2020-03-01 22:51:39.871 15 INFO rally.task.context [-] Task b99ceb1f-0ac6-4ff5-8b38-110c39b915fc | Context cleanup@openstack cleanup() started
2020-03-01 22:51:39.876 15 RALLYDEBUG rally_openstack.cleanup.manager [-] Cleaning up neutron vip objects
2020-03-01 22:51:40.062 15 RALLYDEBUG rally_openstack.cleanup.manager [-] Cleaning up neutron health_monitor objects
2020-03-01 22:51:40.222 15 RALLYDEBUG rally_openstack.cleanup.manager [-] Cleaning up neutron pool objects
2020-03-01 22:51:40.393 15 RALLYDEBUG rally_openstack.cleanup.manager [-] Cleaning up neutron loadbalancer objects
2020-03-01 22:51:40.551 15 RALLYDEBUG rally_openstack.cleanup.manager [-] Cleaning up neutron floatingip objects
2020-03-01 22:51:40.756 15 RALLYDEBUG rally_openstack.cleanup.manager [-] Cleaning up neutron trunk objects
2020-03-01 22:51:40.902 15 DEBUG neutronclient.v2_0.client [-] Error message: {"message": "The resource could not be found.

\n\n\n", "code": "404 Not Found", "title": "Not Found"} _handle_fault_response /usr/lib/python2.7/site-packages/neutronclient/v2_0/client.py:259
2020-03-01 22:51:40.911 15 RALLYDEBUG rally_openstack.cleanup.manager [-] Cleaning up neutron port objects
2020-03-01 22:51:41.150 15 RALLYDEBUG rally_openstack.cleanup.manager [-] Cleaning up neutron subnet objects
2020-03-01 22:51:41.405 15 RALLYDEBUG rally_openstack.cleanup.manager [-] Cleaning up neutron network objects
2020-03-01 22:51:41.946 15 RALLYDEBUG rally_openstack.cleanup.manager [-] Deleting neutron.network object s_rally_9697b3e9_UcBDf8yZ (19b8f488-3681-4411-ace7-f60dbacbb14f)
2020-03-01 22:51:41.955 15 RALLYDEBUG rally_openstack.cleanup.manager [-] Deleting neutron.network object s_rally_9697b3e9_iQKMFFEo (1c6a2ea4-4ff6-4d9a-9f02-148d779b8257)
2020-03-01 22:51:41.966 15 RALLYDEBUG rally_openstack.cleanup.manager [-] Deleting neutron.network object s_rally_9697b3e9_7NYpGkBh (20982edd-b992-4f4b-83f2-e62d0889630c)
2020-03-01 22:51:41.972 15 RALLYDEBUG rally_openstack.cleanup.manager [-] Deleting neutron.network object s_rally_9697b3e9_94RuD4cU (28ecae6a-638e-4e9b-af30-9df7fd898d30)
2020-03-01 22:51:41.985 15 RALLYDEBUG rally_openstack.cleanup.manager [-] Deleting neutron.network object s_rally_9697b3e9_7z3DseS5 (3807e83d-bdd7-479f-9258-4d46898a5648)
2020-03-01 22:51:41.997 15 RALLYDEBUG rally_openstack.cleanup.manager [-] Deleting neutron.network object s_rally_9697b3e9_fvQlClOl (3d54d6c8-ffa2-4f8b-9599-746540e7830a)
2020-03-01 22:51:42.018 15 RALLYDEBUG rally_openstack.cleanup.manager [-] Deleting neutron.network object s_rally_9697b3e9_EDnbsbOE (414d47b7-d321-4507-8c7e-c0184444e5c8)
2020-03-01 22:51:42.023 15 RALLYDEBUG rally_openstack.cleanup.manager [-] Deleting neutron.network object s_rally_9697b3e9_aRclgwor (40ead488-86e0-43bc-97b8-ddb66461fc29)
2020-03-01 22:51:42.038 15 RALLYDEBUG rally_openstack.cleanup.manager [-] Deleting neutron.network object s_rally_9697b3e9_CTbEKihQ (4ead125a-23a6-4b07-a626-eb8a9f401fd5)
2020-03-01 22:51:42.053 15 RALLYDEBUG rally_openstack.cleanup.manager [-] Deleting neutron.network object s_rally_9697b3e9_2rGdALYn (526ff509-b8ff-47e8-98c6-1fd88122b383)
2020-03-01 22:51:42.078 15 RALLYDEBUG rally_openstack.cleanup.manager [-] Deleting neutron.network object s_rally_9697b3e9_wd0cfHPK (6d92d1b0-48b2-472f-b183-c3de99d658c8)
2020-03-01 22:51:42.095 15 RALLYDEBUG rally_openstack.cleanup.manager [-] Deleting neutron.network object s_rally_9697b3e9_3JZSjsAu (579c484d-4f7b-4d0d-ab52-cc362e144e7a)
2020-03-01 22:51:42.096 15 RALLYDEBUG rally_openstack.cleanup.manager [-] Deleting neutron.network object s_rally_9697b3e9_E2RpG2bM (56b6809e-a76f-4c03-93d8-ce60c832ad5e)
2020-03-01 22:51:42.130 15 RALLYDEBUG rally_openstack.cleanup.manager [-] Deleting neutron.network object s_rally_9697b3e9_Al7BjfGe (7adf6636-ad34-4346-aca1-7bf3ff593041)
2020-03-01 22:51:42.143 15 RALLYDEBUG rally_openstack.cleanup.manager [-] Deleting neutron.network object s_rally_9697b3e9_MVHGG3oE (7567089a-8a1c-45e0-98cf-b45ee2023a91)
2020-03-01 22:51:42.152 15 RALLYDEBUG rally_openstack.cleanup.manager [-] Deleting neutron.network object s_rally_9697b3e9_ohiYIUH7 (6fb3ba10-f40d-4745-8c44-2cc105dd80db)
2020-03-01 22:51:42.164 15 RALLYDEBUG rally_openstack.cleanup.manager [-] Deleting neutron.network object s_rally_9697b3e9_3WyqR7P5 (8d20bb79-764a-4a6b-bf46-ca5f307de011)
2020-03-01 22:51:42.174 15 RALLYDEBUG rally_openstack.cleanup.manager [-] Deleting neutron.network object s_rally_9697b3e9_Sl3AZrpu (82f8948d-5454-4e1d-8f45-6f5052732f89)
2020-03-01 22:51:42.200 15 RALLYDEBUG rally_openstack.cleanup.manager [-] Deleting neutron.network object s_rally_9697b3e9_DEBuwgaX (7c2a474d-f856-41ec-984d-4f140bc6568b)
2020-03-01 22:51:42.261 15 RALLYDEBUG rally_openstack.cleanup.manager [-] Deleting neutron.network object s_rally_9697b3e9_2rsiFv9n (8e4776dc-0088-4983-8e83-75766a562977)
2020-03-01 22:51:44.145 15 RALLYDEBUG rally_openstack.cleanup.manager [-] Deleting neutron.network object s_rally_9697b3e9_BesRGSY6 (a15b2d02-3c29-423f-bac2-651f73257ae7)
2020-03-01 22:51:44.210 15 RALLYDEBUG rally_openstack.cleanup.manager [-] Deleting neutron.network object s_rally_9697b3e9_Qm9iayHD (aa10efa0-87b7-4b8d-869f-99dcb40d2a41)
2020-03-01 22:51:44.379 15 RALLYDEBUG rally_openstack.cleanup.manager [-] Deleting neutron.network object s_rally_9697b3e9_U420yWr3 (ab7ad47a-3ab2-4099-9818-a5b50b09c442)
2020-03-01 22:51:44.523 15 RALLYDEBUG rally_openstack.cleanup.manager [-] Deleting neutron.network object s_rally_9697b3e9_udB20cmb (acc7c4b7-a82f-4c19-bfcb-ca442ea0f241)
2020-03-01 22:51:44.588 15 RALLYDEBUG rally_openstack.cleanup.manager [-] Deleting neutron.network object s_rally_9697b3e9_18F2MUSz (b0dbef04-3994-4740-b5c3-e1e3c1f2c360)
2020-03-01 22:51:44.621 15 RALLYDEBUG rally_openstack.cleanup.manager [-] Deleting neutron.network object s_rally_9697b3e9_y9IjPxWf (b2d90a28-60c5-40c8-9961-3ec3e860c453)
2020-03-01 22:51:44.714 15 RALLYDEBUG rally_openstack.cleanup.manager [-] Deleting neutron.network object s_rally_9697b3e9_RdviAk9u (be82cfac-acbe-406c-889c-bed676cd5eb4)
2020-03-01 22:51:44.737 15 RALLYDEBUG rally_openstack.cleanup.manager [-] Deleting neutron.network object s_rally_9697b3e9_xbcAQjrW (c60de102-4a79-4efd-8f55-79ce99c05375)
2020-03-01 22:51:45.184 15 RALLYDEBUG rally_openstack.cleanup.manager [-] Deleting neutron.network object s_rally_9697b3e9_LcVlTSt7 (cc88c4d4-6b8c-4e6a-92d1-d17677ce52d9)
2020-03-01 22:51:45.188 15 RALLYDEBUG rally_openstack.cleanup.manager [-] Deleting neutron.network object s_rally_9697b3e9_5tFzx5RY (d3ae9003-166d-40bc-94e8-e7f9ec8e691f)
2020-03-01 22:51:45.316 15 RALLYDEBUG rally_openstack.cleanup.manager [-] Deleting neutron.network object s_rally_9697b3e9_78i8Ldya (d9f6e860-67d6-4f23-acce-42878c7d3d80)
2020-03-01 22:51:45.721 15 RALLYDEBUG rally_openstack.cleanup.manager [-] Deleting neutron.network object s_rally_9697b3e9_Ou3LJXQx (dcf34351-bdc1-4749-9ce9-dc9d601a2af9)
2020-03-01 22:51:45.748 15 RALLYDEBUG rally_openstack.cleanup.manager [-] Deleting neutron.network object s_rally_9697b3e9_Tm91FClP (e348abdd-451c-49d1-a86d-1836cad6c11e)
2020-03-01 22:51:46.117 15 RALLYDEBUG rally_openstack.cleanup.manager [-] Deleting neutron.network object s_rally_9697b3e9_c1lyxZdG (e61a8000-4df3-49ea-b23e-c1876b448bbb)
2020-03-01 22:51:46.253 15 RALLYDEBUG rally_openstack.cleanup.manager [-] Deleting neutron.network object s_rally_9697b3e9_NldXpasC (e8a2b096-1a1a-47d7-9d14-44f7a018fdeb)
2020-03-01 22:51:46.261 15 RALLYDEBUG rally_openstack.cleanup.manager [-] Deleting neutron.network object s_rally_9697b3e9_8pvUVtPs (eb632d0a-f665-4b76-ae3b-5f3826d1251a)
2020-03-01 22:51:46.357 15 RALLYDEBUG rally_openstack.cleanup.manager [-] Deleting neutron.network object s_rally_9697b3e9_eylqcfWn (ed5edab5-ffa4-4a36-99d5-6a60afda79fc)
2020-03-01 22:51:46.626 15 RALLYDEBUG rally_openstack.cleanup.manager [-] Deleting neutron.network object s_rally_9697b3e9_v5HXxs7M (f1454a8b-7026-4a87-9d0e-39e2a9f1cc41)
2020-03-01 22:51:46.647 15 RALLYDEBUG rally_openstack.cleanup.manager [-] Deleting neutron.network object s_rally_9697b3e9_FoFCzKaJ (f2eaf41d-442b-4a16-847f-42adca8f2b29)
2020-03-01 22:51:46.726 15 RALLYDEBUG rally_openstack.cleanup.manager [-] Deleting neutron.network object s_rally_9697b3e9_SWh9cfr1 (f495027b-a268-4807-b349-0d7a98b27f36)
2020-03-01 22:51:50.201 15 RALLYDEBUG rally_openstack.cleanup.manager [-] Cleaning up neutron router objects
2020-03-01 22:51:50.390 15 RALLYDEBUG rally_openstack.cleanup.manager [-] Cleaning up neutron security_group objects
2020-03-01 22:51:50.595 15 INFO rally.task.context [-] Task b99ceb1f-0ac6-4ff5-8b38-110c39b915fc | Context cleanup@openstack cleanup() finished in 10.72 sec
2020-03-01 22:51:50.595 15 INFO rally.task.context [-] Task b99ceb1f-0ac6-4ff5-8b38-110c39b915fc | Context quotas@openstack cleanup() started
2020-03-01 22:51:50.655 15 INFO rally.task.context [-] Task b99ceb1f-0ac6-4ff5-8b38-110c39b915fc | Context quotas@openstack cleanup() finished in 59.50 msec
2020-03-01 22:51:50.655 15 INFO rally.task.context [-] Task b99ceb1f-0ac6-4ff5-8b38-110c39b915fc | Context users@openstack cleanup() started
2020-03-01 22:51:52.058 15 INFO rally.task.context [-] Task b99ceb1f-0ac6-4ff5-8b38-110c39b915fc | Context users@openstack cleanup() finished in 1.40 sec
2020-03-01 22:51:53.094 15 INFO rally.task.engine [-] Load duration is: 48.577085
2020-03-01 22:51:53.094 15 INFO rally.task.engine [-] Full runner duration is: 48.625419
2020-03-01 22:51:53.095 15 INFO rally.task.engine [-] Full duration is: 63.262137
2020-03-01 22:51:53.179 15 INFO rally.task.engine [-] Running workload: position = 0 config = { "version": 2, "title": "A cropped version of a bigger task.", "description": "Auto-generated task from a single workload (uuid=a3e158a7-ab56-457c-90b6-e0cf5744c113)", "subtasks": [ { "title": "NeutronNetworks.create_and_list_routers", "description": "Create and a given number of routers and list all routers.", "scenario": { "NeutronNetworks.create_and_list_routers": { "network_create_args": null, "subnet_create_args": null, "subnet_cidr_start": "1.1.0.0/30", "subnets_per_network": 2, "router_create_args": null } }, "contexts": { "users": { "tenants": 1, "users_per_tenant": 1 }, "quotas": { "neutron": { "network": -1, "subnet": -1, "router": -1 } } }, "runner": { "constant": { "times": 40, "concurrency": 20 } }, "hooks": [], "sla": { "failure_rate": { "max": 0 } } } ] }
2020-03-01 22:51:53.203 15 RALLYDEBUG rally_openstack.contexts.keystone.users [-] Creating 1 tenants using 20 threads
2020-03-01 22:51:53.660 15 RALLYDEBUG rally_openstack.contexts.keystone.users [-] Creating 1 users using 20 threads
2020-03-01 22:51:54.126 15 INFO rally.task.context [-] Task b99ceb1f-0ac6-4ff5-8b38-110c39b915fc | Context users@openstack setup() finished in 0.92 sec
2020-03-01 22:51:54.593 15 INFO rally.task.context [-] Task b99ceb1f-0ac6-4ff5-8b38-110c39b915fc | Context quotas@openstack setup() finished in 0.47 sec
2020-03-01 22:51:54.593 15 INFO rally.task.context [-] Task b99ceb1f-0ac6-4ff5-8b38-110c39b915fc | Context cleanup@openstack setup() finished in 0.01 msec
2020-03-01 22:51:54.603 15 RALLYDEBUG rally.task.runner [-] Starting the constant runner (task UUID: b99ceb1f-0ac6-4ff5-8b38-110c39b915fc). timeout: 0 concurrency: 20 concurrency_per_worker: 1 times: 40 concurrency_overhead: 0 processes_to_start: 20 max_cpu_used: 88
2020-03-01 22:51:54.617 2671 RALLYDEBUG rally.task.runner [-] Starting a worker. concurrency: 1 args: {"network_create_args": null, "subnet_create_args": null, "subnet_cidr_start": "1.1.0.0/30", "subnets_per_network": 2, "router_create_args": null} times: 40 method_name: run timeout: 0 duration: None cls:
2020-03-01 22:51:54.620 2672 RALLYDEBUG rally.task.runner [-] Starting a worker. concurrency: 1 args: {"network_create_args": null, "subnet_create_args": null, "subnet_cidr_start": "1.1.0.0/30", "subnets_per_network": 2, "router_create_args": null} times: 40 method_name: run timeout: 0 duration: None cls:
2020-03-01 22:51:54.624 2671 INFO rally.task.runner [-] Task b99ceb1f-0ac6-4ff5-8b38-110c39b915fc | ITER: 1 START
2020-03-01 22:51:54.623 2673 RALLYDEBUG rally.task.runner [-] Starting a worker. concurrency: 1 args: {"network_create_args": null, "subnet_create_args": null, "subnet_cidr_start": "1.1.0.0/30", "subnets_per_network": 2, "router_create_args": null} times: 40 method_name: run timeout: 0 duration: None cls:
2020-03-01 22:51:54.626 2672 INFO rally.task.runner [-] Task b99ceb1f-0ac6-4ff5-8b38-110c39b915fc | ITER: 2 START
2020-03-01 22:51:54.627 2674 RALLYDEBUG rally.task.runner [-] Starting a worker. concurrency: 1 args: {"network_create_args": null, "subnet_create_args": null, "subnet_cidr_start": "1.1.0.0/30", "subnets_per_network": 2, "router_create_args": null} times: 40 method_name: run timeout: 0 duration: None cls:
2020-03-01 22:51:54.629 2673 INFO rally.task.runner [-] Task b99ceb1f-0ac6-4ff5-8b38-110c39b915fc | ITER: 3 START
2020-03-01 22:51:54.630 2676 RALLYDEBUG rally.task.runner [-] Starting a worker. concurrency: 1 args: {"network_create_args": null, "subnet_create_args": null, "subnet_cidr_start": "1.1.0.0/30", "subnets_per_network": 2, "router_create_args": null} times: 40 method_name: run timeout: 0 duration: None cls:
2020-03-01 22:51:54.633 2674 INFO rally.task.runner [-] Task b99ceb1f-0ac6-4ff5-8b38-110c39b915fc | ITER: 4 START
2020-03-01 22:51:54.633 2680 RALLYDEBUG rally.task.runner [-] Starting a worker. concurrency: 1 args: {"network_create_args": null, "subnet_create_args": null, "subnet_cidr_start": "1.1.0.0/30", "subnets_per_network": 2, "router_create_args": null} times: 40 method_name: run timeout: 0 duration: None cls:
2020-03-01 22:51:54.636 2676 INFO rally.task.runner [-] Task b99ceb1f-0ac6-4ff5-8b38-110c39b915fc | ITER: 5 START
2020-03-01 22:51:54.637 2683 RALLYDEBUG rally.task.runner [-] Starting a worker. concurrency: 1 args: {"network_create_args": null, "subnet_create_args": null, "subnet_cidr_start": "1.1.0.0/30", "subnets_per_network": 2, "router_create_args": null} times: 40 method_name: run timeout: 0 duration: None cls:
2020-03-01 22:51:54.640 2680 INFO rally.task.runner [-] Task b99ceb1f-0ac6-4ff5-8b38-110c39b915fc | ITER: 6 START
2020-03-01 22:51:54.640 2686 RALLYDEBUG rally.task.runner [-] Starting a worker. concurrency: 1 args: {"network_create_args": null, "subnet_create_args": null, "subnet_cidr_start": "1.1.0.0/30", "subnets_per_network": 2, "router_create_args": null} times: 40 method_name: run timeout: 0 duration: None cls:
2020-03-01 22:51:54.644 2683 INFO rally.task.runner [-] Task b99ceb1f-0ac6-4ff5-8b38-110c39b915fc | ITER: 7 START
2020-03-01 22:51:54.644 2689 RALLYDEBUG rally.task.runner [-] Starting a worker. concurrency: 1 args: {"network_create_args": null, "subnet_create_args": null, "subnet_cidr_start": "1.1.0.0/30", "subnets_per_network": 2, "router_create_args": null} times: 40 method_name: run timeout: 0 duration: None cls:
2020-03-01 22:51:54.647 2686 INFO rally.task.runner [-] Task b99ceb1f-0ac6-4ff5-8b38-110c39b915fc | ITER: 8 START
2020-03-01 22:51:54.647 2692 RALLYDEBUG rally.task.runner [-] Starting a worker. concurrency: 1 args: {"network_create_args": null, "subnet_create_args": null, "subnet_cidr_start": "1.1.0.0/30", "subnets_per_network": 2, "router_create_args": null} times: 40 method_name: run timeout: 0 duration: None cls:
2020-03-01 22:51:54.649 2689 INFO rally.task.runner [-] Task b99ceb1f-0ac6-4ff5-8b38-110c39b915fc | ITER: 9 START
2020-03-01 22:51:54.651 2695 RALLYDEBUG rally.task.runner [-] Starting a worker. concurrency: 1 args: {"network_create_args": null, "subnet_create_args": null, "subnet_cidr_start": "1.1.0.0/30", "subnets_per_network": 2, "router_create_args": null} times: 40 method_name: run timeout: 0 duration: None cls:
2020-03-01 22:51:54.653 2692 INFO rally.task.runner [-] Task b99ceb1f-0ac6-4ff5-8b38-110c39b915fc | ITER: 10 START
2020-03-01 22:51:54.654 2698 RALLYDEBUG rally.task.runner [-] Starting a worker. concurrency: 1 args: {"network_create_args": null, "subnet_create_args": null, "subnet_cidr_start": "1.1.0.0/30", "subnets_per_network": 2, "router_create_args": null} times: 40 method_name: run timeout: 0 duration: None cls:
2020-03-01 22:51:54.656 2695 INFO rally.task.runner [-] Task b99ceb1f-0ac6-4ff5-8b38-110c39b915fc | ITER: 11 START
2020-03-01 22:51:54.657 2701 RALLYDEBUG rally.task.runner [-] Starting a worker. concurrency: 1 args: {"network_create_args": null, "subnet_create_args": null, "subnet_cidr_start": "1.1.0.0/30", "subnets_per_network": 2, "router_create_args": null} times: 40 method_name: run timeout: 0 duration: None cls:
2020-03-01 22:51:54.660 2698 INFO rally.task.runner [-] Task b99ceb1f-0ac6-4ff5-8b38-110c39b915fc | ITER: 12 START
2020-03-01 22:51:54.660 2704 RALLYDEBUG rally.task.runner [-] Starting a worker. concurrency: 1 args: {"network_create_args": null, "subnet_create_args": null, "subnet_cidr_start": "1.1.0.0/30", "subnets_per_network": 2, "router_create_args": null} times: 40 method_name: run timeout: 0 duration: None cls:
2020-03-01 22:51:54.663 2701 INFO rally.task.runner [-] Task b99ceb1f-0ac6-4ff5-8b38-110c39b915fc | ITER: 13 START
2020-03-01 22:51:54.664 2707 RALLYDEBUG rally.task.runner [-] Starting a worker. concurrency: 1 args: {"network_create_args": null, "subnet_create_args": null, "subnet_cidr_start": "1.1.0.0/30", "subnets_per_network": 2, "router_create_args": null} times: 40 method_name: run timeout: 0 duration: None cls:
