2020-03-20 00:28:34.916 15 RALLYDEBUG rally_openstack.cleanup.manager [-] Cleaning up neutron port objects
2020-03-20 00:28:35.126 15 RALLYDEBUG rally_openstack.cleanup.manager [-] Cleaning up neutron subnet objects
2020-03-20 00:28:35.370 15 RALLYDEBUG rally_openstack.cleanup.manager [-] Cleaning up neutron network objects
2020-03-20 00:28:35.819 15 RALLYDEBUG rally_openstack.cleanup.manager [-] Deleting neutron.network object s_rally_b7db329d_3wrwBlXM (03910f3f-52c6-4498-9b0a-c3c250f35702)
2020-03-20 00:28:35.821 15 RALLYDEBUG rally_openstack.cleanup.manager [-] Deleting neutron.network object s_rally_b7db329d_cgQG5EoO (10338bbe-be19-4b0b-a45a-2a784862b870)
2020-03-20 00:28:35.825 15 RALLYDEBUG rally_openstack.cleanup.manager [-] Deleting neutron.network object s_rally_b7db329d_IvvX5h39 (19ea4b30-8a27-4638-8983-4d3235b898e2)
2020-03-20 00:28:35.826 15 RALLYDEBUG rally_openstack.cleanup.manager [-] Deleting neutron.network object s_rally_b7db329d_6G5KztGr (0d9af87e-dd29-4425-be26-2756b57a0e43)
2020-03-20 00:28:35.830 15 RALLYDEBUG rally_openstack.cleanup.manager [-] Deleting neutron.network object s_rally_b7db329d_MEStUmK0 (1dd1bdfd-2218-4e8d-8366-024021bfbc37)
2020-03-20 00:28:35.839 15 RALLYDEBUG rally_openstack.cleanup.manager [-] Deleting neutron.network object s_rally_b7db329d_7wl06K24 (190c2133-8f95-4c4c-9e1b-9079a31261ec)
2020-03-20 00:28:35.857 15 RALLYDEBUG rally_openstack.cleanup.manager [-] Deleting neutron.network object s_rally_b7db329d_tDlsaO7n (07bfc5dc-944e-4b94-b732-d0f60b7b36b6)
2020-03-20 00:28:35.875 15 RALLYDEBUG rally_openstack.cleanup.manager [-] Deleting neutron.network object s_rally_b7db329d_XrRllppj (3161dc6c-fbc4-491e-9435-a0e5cb217b15)
2020-03-20 00:28:35.895 15 RALLYDEBUG rally_openstack.cleanup.manager [-] Deleting neutron.network object s_rally_b7db329d_6gRHVLMO (23eb084f-d2a9-48df-b029-4e19209ebcf1)
2020-03-20 00:28:35.907 15 RALLYDEBUG rally_openstack.cleanup.manager [-] Deleting neutron.network object s_rally_b7db329d_q4ddAdK3 (347f1668-732a-42fb-80e5-9202da14674b)
2020-03-20 00:28:35.932 15 RALLYDEBUG rally_openstack.cleanup.manager [-] Deleting neutron.network object s_rally_b7db329d_C7RB5vx6 (3d7d3955-2303-40be-9191-ca07bafc8400)
2020-03-20 00:28:35.952 15 RALLYDEBUG rally_openstack.cleanup.manager [-] Deleting neutron.network object s_rally_b7db329d_NEAlGk8x (410d4e0f-a84c-4103-93ae-3fe0c4986f9f)
2020-03-20 00:28:35.956 15 RALLYDEBUG rally_openstack.cleanup.manager [-] Deleting neutron.network object s_rally_b7db329d_3BXcbReF (5ccd09d9-2099-4475-90e6-3064dc0e8584)
2020-03-20 00:28:35.923 15 RALLYDEBUG rally_openstack.cleanup.manager [-] Deleting neutron.network object s_rally_b7db329d_bAcZEWfJ (29f9ba48-846c-47ae-97ba-9cea4f27a097)
2020-03-20 00:28:35.971 15 RALLYDEBUG rally_openstack.cleanup.manager [-] Deleting neutron.network object s_rally_b7db329d_VXnP74uK (5364ab17-c4e8-408e-a636-76293f2b2c23)
2020-03-20 00:28:36.002 15 RALLYDEBUG rally_openstack.cleanup.manager [-] Deleting neutron.network object s_rally_b7db329d_RuNfrC1R (496496de-d685-4019-92f9-dc033f014621)
2020-03-20 00:28:36.005 15 RALLYDEBUG rally_openstack.cleanup.manager [-] Deleting neutron.network object s_rally_b7db329d_VJ5V6pYd (47bddeb4-896d-4a2a-8ce1-9c64d003517f)
2020-03-20 00:28:36.019 15 RALLYDEBUG rally_openstack.cleanup.manager [-] Deleting neutron.network object s_rally_b7db329d_Fz2JcSIe (4316b89e-3060-435a-b777-a293a7b85fe2)
2020-03-20 00:28:36.030 15 RALLYDEBUG rally_openstack.cleanup.manager [-] Deleting neutron.network object s_rally_b7db329d_oknUN6BF (759a79f1-72a7-40a3-bd51-e34b74526628)
2020-03-20 00:28:36.032 15 RALLYDEBUG rally_openstack.cleanup.manager [-] Deleting neutron.network object s_rally_b7db329d_h1xzM4xS (78f00afa-d20b-4f90-b5d9-37d550aaf4bb)
2020-03-20 00:28:38.375 15 RALLYDEBUG rally_openstack.cleanup.manager [-] Deleting neutron.network object s_rally_b7db329d_40GQeBtO (8570ec24-02f1-47c1-afd9-e42b8f951796)
2020-03-20 00:28:38.424 15 RALLYDEBUG rally_openstack.cleanup.manager [-] Deleting neutron.network object s_rally_b7db329d_wRycuHk8 (86588c28-e67c-4ed6-b16c-91ec91a4e731)
2020-03-20 00:28:38.528 15 RALLYDEBUG rally_openstack.cleanup.manager [-] Deleting neutron.network object s_rally_b7db329d_HoBjYQD2 (8ed4d40f-b57a-494f-aae9-b2048641fe64)
2020-03-20 00:28:38.627 15 RALLYDEBUG rally_openstack.cleanup.manager [-] Deleting neutron.network object s_rally_b7db329d_kodf4uIA (8fb425a4-8852-41ea-b263-8fb8937802c5)
2020-03-20 00:28:38.687 15 RALLYDEBUG rally_openstack.cleanup.manager [-] Deleting neutron.network object s_rally_b7db329d_b1T3llHL (9839af7b-eac7-463c-a168-3f2501441ecc)
2020-03-20 00:28:38.964 15 RALLYDEBUG rally_openstack.cleanup.manager [-] Deleting neutron.network object s_rally_b7db329d_eQYqOODe (a0bffcf0-f6ee-40bb-a307-8cb2c185451a)
2020-03-20 00:28:38.969 15 RALLYDEBUG rally_openstack.cleanup.manager [-] Deleting neutron.network object s_rally_b7db329d_R8SZB0X5 (a441b324-0b5e-4b0f-90cc-aaf88b120eb8)
2020-03-20 00:28:39.049 15 RALLYDEBUG rally_openstack.cleanup.manager [-] Deleting neutron.network object s_rally_b7db329d_isO1TW4N (adbf20b7-2b7a-4a28-b7c1-f1198cc8459c)
2020-03-20 00:28:39.062 15 RALLYDEBUG rally_openstack.cleanup.manager [-] Deleting neutron.network object s_rally_b7db329d_IlHoz5KB (ae8d2159-e99e-4cd9-aa92-651700879485)
2020-03-20 00:28:39.204 15 RALLYDEBUG rally_openstack.cleanup.manager [-] Deleting neutron.network object s_rally_b7db329d_JnkoKqWE (aff580ed-0fda-4bea-9e73-2383b2c0209f)
2020-03-20 00:28:39.234 15 RALLYDEBUG rally_openstack.cleanup.manager [-] Deleting neutron.network object s_rally_b7db329d_mbgjwI6z (b6838758-47a5-4968-bf02-01acfe844518)
2020-03-20 00:28:39.239 15 RALLYDEBUG rally_openstack.cleanup.manager [-] Deleting neutron.network object s_rally_b7db329d_GvpmYCxK (bc296fe8-5cab-4a07-bbf7-ad06fc0703d9)
2020-03-20 00:28:39.275 15 RALLYDEBUG rally_openstack.cleanup.manager [-] Deleting neutron.network object s_rally_b7db329d_II6InglC (bcc66f86-7e67-4e09-bd9c-a540f67cdc76)
2020-03-20 00:28:39.303 15 RALLYDEBUG rally_openstack.cleanup.manager [-] Deleting neutron.network object s_rally_b7db329d_jpdLF1GL (bdb2e660-90f1-42de-aad5-eba99d9726a1)
2020-03-20 00:28:39.382 15 RALLYDEBUG rally_openstack.cleanup.manager [-] Deleting neutron.network object s_rally_b7db329d_T57iS4mi (c28db14b-d922-4449-b30a-722b5dda99ca)
2020-03-20 00:28:39.424 15 RALLYDEBUG rally_openstack.cleanup.manager [-] Deleting neutron.network object s_rally_b7db329d_XZSSh8wV (c42eb3b6-194d-49e4-9baa-ba9f15969d6c)
2020-03-20 00:28:39.506 15 RALLYDEBUG rally_openstack.cleanup.manager [-] Deleting neutron.network object s_rally_b7db329d_Mznrb7RJ (d21411f5-1a76-4c99-a0b4-0144bbb3b6b6)
2020-03-20 00:28:39.512 15 RALLYDEBUG rally_openstack.cleanup.manager [-] Deleting neutron.network object s_rally_b7db329d_KOa5xiuG (d3053655-f266-4718-b4f1-b546e7680100)
2020-03-20 00:28:39.824 15 RALLYDEBUG rally_openstack.cleanup.manager [-] Deleting neutron.network object s_rally_b7db329d_1tnmb8Ja (ee902bbc-0031-4db4-b674-ad22230094fd)
2020-03-20 00:28:39.828 15 RALLYDEBUG rally_openstack.cleanup.manager [-] Deleting neutron.network object s_rally_b7db329d_A13LLCw7 (f32a8a8e-8c15-4bc8-95fa-3b29f240ce8f)
2020-03-20 00:28:50.693 15 RALLYDEBUG rally_openstack.cleanup.manager [-] Cleaning up neutron router objects
2020-03-20 00:29:01.085 15 RALLYDEBUG rally_openstack.cleanup.manager [-] Cleaning up neutron security_group objects
2020-03-20 00:29:10.260 15 INFO rally.task.context [-] Task 6dd1b05b-317d-41c1-8b75-a985824e8cec | Context cleanup@openstack cleanup() finished in 36.58 sec
2020-03-20 00:29:10.261 15 INFO rally.task.context [-] Task 6dd1b05b-317d-41c1-8b75-a985824e8cec | Context quotas@openstack cleanup() started
2020-03-20 00:29:10.316 15 INFO rally.task.context [-] Task 6dd1b05b-317d-41c1-8b75-a985824e8cec | Context quotas@openstack cleanup() finished in 55.73 msec
2020-03-20 00:29:10.317 15 INFO rally.task.context [-] Task 6dd1b05b-317d-41c1-8b75-a985824e8cec | Context users@openstack cleanup() started
2020-03-20 00:29:11.791 15 INFO rally.task.context [-] Task 6dd1b05b-317d-41c1-8b75-a985824e8cec | Context users@openstack cleanup() finished in 1.47 sec
2020-03-20 00:29:12.966 15 INFO rally.task.engine [-] Load duration is: 43.706304
2020-03-20 00:29:12.966 15 INFO rally.task.engine [-] Full runner duration is: 43.749335
2020-03-20 00:29:12.967 15 INFO rally.task.engine [-] Full duration is: 83.177273
2020-03-20 00:29:13.052 15 INFO rally.task.engine [-] Running workload: position = 0 config = { "version": 2, "title": "A cropped version of a bigger task.", "description": "Auto-generated task from a single workload (uuid=d7829be1-a94f-4532-9fd4-bc82e629b281)", "subtasks": [ { "title": "NeutronNetworks.create_and_list_routers", "description": "Create and a given number of routers and list all routers.", "scenario": { "NeutronNetworks.create_and_list_routers": { "network_create_args": null, "subnet_create_args": null, "subnet_cidr_start": "1.1.0.0/30", "subnets_per_network": 2, "router_create_args": null } }, "contexts": { "users": { "tenants": 1, "users_per_tenant": 1 }, "quotas": { "neutron": { "network": -1, "subnet": -1, "router": -1 } } }, "runner": { "constant": { "times": 40, "concurrency": 20 } }, "hooks": [], "sla": { "failure_rate": { "max": 0 } } } ] }
2020-03-20 00:29:13.078 15 RALLYDEBUG rally_openstack.contexts.keystone.users [-] Creating 1 tenants using 20 threads
2020-03-20 00:29:13.432 15 RALLYDEBUG rally_openstack.contexts.keystone.users [-] Creating 1 users using 20 threads
2020-03-20 00:29:14.054 15 INFO rally.task.context [-] Task 6dd1b05b-317d-41c1-8b75-a985824e8cec | Context users@openstack setup() finished in 0.98 sec
2020-03-20 00:29:14.531 15 INFO rally.task.context [-] Task 6dd1b05b-317d-41c1-8b75-a985824e8cec | Context quotas@openstack setup() finished in 0.48 sec
2020-03-20 00:29:14.531 15 INFO rally.task.context [-] Task 6dd1b05b-317d-41c1-8b75-a985824e8cec | Context cleanup@openstack setup() finished in 0.02 msec
2020-03-20 00:29:14.540 15 RALLYDEBUG rally.task.runner [-] Starting the constant runner (task UUID: 6dd1b05b-317d-41c1-8b75-a985824e8cec). timeout: 0 concurrency: 20 concurrency_per_worker: 1 times: 40 concurrency_overhead: 0 processes_to_start: 20 max_cpu_used: 88
2020-03-20 00:29:14.553 2671 RALLYDEBUG rally.task.runner [-] Starting a worker. concurrency: 1 args: {"network_create_args": null, "subnet_create_args": null, "subnet_cidr_start": "1.1.0.0/30", "subnets_per_network": 2, "router_create_args": null} times: 40 method_name: run timeout: 0 duration: None cls:
2020-03-20 00:29:14.556 2672 RALLYDEBUG rally.task.runner [-] Starting a worker. concurrency: 1 args: {"network_create_args": null, "subnet_create_args": null, "subnet_cidr_start": "1.1.0.0/30", "subnets_per_network": 2, "router_create_args": null} times: 40 method_name: run timeout: 0 duration: None cls:
2020-03-20 00:29:14.559 2671 INFO rally.task.runner [-] Task 6dd1b05b-317d-41c1-8b75-a985824e8cec | ITER: 1 START
2020-03-20 00:29:14.559 2673 RALLYDEBUG rally.task.runner [-] Starting a worker. concurrency: 1 args: {"network_create_args": null, "subnet_create_args": null, "subnet_cidr_start": "1.1.0.0/30", "subnets_per_network": 2, "router_create_args": null} times: 40 method_name: run timeout: 0 duration: None cls:
2020-03-20 00:29:14.562 2674 RALLYDEBUG rally.task.runner [-] Starting a worker. concurrency: 1 args: {"network_create_args": null, "subnet_create_args": null, "subnet_cidr_start": "1.1.0.0/30", "subnets_per_network": 2, "router_create_args": null} times: 40 method_name: run timeout: 0 duration: None cls:
2020-03-20 00:29:14.565 2673 INFO rally.task.runner [-] Task 6dd1b05b-317d-41c1-8b75-a985824e8cec | ITER: 3 START
2020-03-20 00:29:14.565 2675 RALLYDEBUG rally.task.runner [-] Starting a worker. concurrency: 1 args: {"network_create_args": null, "subnet_create_args": null, "subnet_cidr_start": "1.1.0.0/30", "subnets_per_network": 2, "router_create_args": null} times: 40 method_name: run timeout: 0 duration: None cls:
2020-03-20 00:29:14.568 2672 INFO rally.task.runner [-] Task 6dd1b05b-317d-41c1-8b75-a985824e8cec | ITER: 2 START
2020-03-20 00:29:14.568 2674 INFO rally.task.runner [-] Task 6dd1b05b-317d-41c1-8b75-a985824e8cec | ITER: 4 START
2020-03-20 00:29:14.569 2679 RALLYDEBUG rally.task.runner [-] Starting a worker. concurrency: 1 args: {"network_create_args": null, "subnet_create_args": null, "subnet_cidr_start": "1.1.0.0/30", "subnets_per_network": 2, "router_create_args": null} times: 40 method_name: run timeout: 0 duration: None cls:
2020-03-20 00:29:14.571 2675 INFO rally.task.runner [-] Task 6dd1b05b-317d-41c1-8b75-a985824e8cec | ITER: 5 START
2020-03-20 00:29:14.572 2682 RALLYDEBUG rally.task.runner [-] Starting a worker. concurrency: 1 args: {"network_create_args": null, "subnet_create_args": null, "subnet_cidr_start": "1.1.0.0/30", "subnets_per_network": 2, "router_create_args": null} times: 40 method_name: run timeout: 0 duration: None cls:
2020-03-20 00:29:14.575 2679 INFO rally.task.runner [-] Task 6dd1b05b-317d-41c1-8b75-a985824e8cec | ITER: 6 START
2020-03-20 00:29:14.575 2685 RALLYDEBUG rally.task.runner [-] Starting a worker. concurrency: 1 args: {"network_create_args": null, "subnet_create_args": null, "subnet_cidr_start": "1.1.0.0/30", "subnets_per_network": 2, "router_create_args": null} times: 40 method_name: run timeout: 0 duration: None cls:
2020-03-20 00:29:14.578 2682 INFO rally.task.runner [-] Task 6dd1b05b-317d-41c1-8b75-a985824e8cec | ITER: 7 START
2020-03-20 00:29:14.579 2689 RALLYDEBUG rally.task.runner [-] Starting a worker. concurrency: 1 args: {"network_create_args": null, "subnet_create_args": null, "subnet_cidr_start": "1.1.0.0/30", "subnets_per_network": 2, "router_create_args": null} times: 40 method_name: run timeout: 0 duration: None cls:
2020-03-20 00:29:14.581 2685 INFO rally.task.runner [-] Task 6dd1b05b-317d-41c1-8b75-a985824e8cec | ITER: 8 START
2020-03-20 00:29:14.581 2691 RALLYDEBUG rally.task.runner [-] Starting a worker. concurrency: 1 args: {"network_create_args": null, "subnet_create_args": null, "subnet_cidr_start": "1.1.0.0/30", "subnets_per_network": 2, "router_create_args": null} times: 40 method_name: run timeout: 0 duration: None cls:
2020-03-20 00:29:14.585 2689 INFO rally.task.runner [-] Task 6dd1b05b-317d-41c1-8b75-a985824e8cec | ITER: 9 START
2020-03-20 00:29:14.584 2694 RALLYDEBUG rally.task.runner [-] Starting a worker. concurrency: 1 args: {"network_create_args": null, "subnet_create_args": null, "subnet_cidr_start": "1.1.0.0/30", "subnets_per_network": 2, "router_create_args": null} times: 40 method_name: run timeout: 0 duration: None cls:
2020-03-20 00:29:14.586 2691 INFO rally.task.runner [-] Task 6dd1b05b-317d-41c1-8b75-a985824e8cec | ITER: 10 START
2020-03-20 00:29:14.588 2698 RALLYDEBUG rally.task.runner [-] Starting a worker. concurrency: 1 args: {"network_create_args": null, "subnet_create_args": null, "subnet_cidr_start": "1.1.0.0/30", "subnets_per_network": 2, "router_create_args": null} times: 40 method_name: run timeout: 0 duration: None cls:
2020-03-20 00:29:14.590 2694 INFO rally.task.runner [-] Task 6dd1b05b-317d-41c1-8b75-a985824e8cec | ITER: 11 START
2020-03-20 00:29:14.593 2700 RALLYDEBUG rally.task.runner [-] Starting a worker. concurrency: 1 args: {"network_create_args": null, "subnet_create_args": null, "subnet_cidr_start": "1.1.0.0/30", "subnets_per_network": 2, "router_create_args": null} times: 40 method_name: run timeout: 0 duration: None cls:
2020-03-20 00:29:14.594 2704 RALLYDEBUG rally.task.runner [-] Starting a worker. concurrency: 1 args: {"network_create_args": null, "subnet_create_args": null, "subnet_cidr_start": "1.1.0.0/30", "subnets_per_network": 2, "router_create_args": null} times: 40 method_name: run timeout: 0 duration: None cls:
2020-03-20 00:29:14.597 2707 RALLYDEBUG rally.task.runner [-] Starting a worker. concurrency: 1 args: {"network_create_args": null, "subnet_create_args": null, "subnet_cidr_start": "1.1.0.0/30", "subnets_per_network": 2, "router_create_args": null} times: 40 method_name: run timeout: 0 duration: None cls:
2020-03-20 00:29:14.598 2700 INFO rally.task.runner [-] Task 6dd1b05b-317d-41c1-8b75-a985824e8cec | ITER: 13 START
2020-03-20 00:29:14.599 2704 INFO rally.task.runner [-] Task 6dd1b05b-317d-41c1-8b75-a985824e8cec | ITER: 14 START
2020-03-20 00:29:14.599 2698 INFO rally.task.runner [-] Task 6dd1b05b-317d-41c1-8b75-a985824e8cec | ITER: 12 START
2020-03-20 00:29:14.601 2710 RALLYDEBUG rally.task.runner [-] Starting a worker. concurrency: 1 args: {"network_create_args": null, "subnet_create_args": null, "subnet_cidr_start": "1.1.0.0/30", "subnets_per_network": 2, "router_create_args": null} times: 40 method_name: run timeout: 0 duration: None cls:
2020-03-20 00:29:14.602 2707 INFO rally.task.runner [-] Task 6dd1b05b-317d-41c1-8b75-a985824e8cec | ITER: 15 START
2020-03-20 00:29:14.606 2715 RALLYDEBUG rally.task.runner [-] Starting a worker. concurrency: 1 args: {"network_create_args": null, "subnet_create_args": null, "subnet_cidr_start": "1.1.0.0/30", "subnets_per_network": 2, "router_create_args": null} times: 40 method_name: run timeout: 0 duration: None cls:
2020-03-20 00:29:14.606 2710 INFO rally.task.runner [-] Task 6dd1b05b-317d-41c1-8b75-a985824e8cec | ITER: 16 START
2020-03-20 00:29:14.609 2718 RALLYDEBUG rally.task.runner [-] Starting a worker. concurrency: 1 args: {"network_create_args": null, "subnet_create_args": null, "subnet_cidr_start": "1.1.0.0/30", "subnets_per_network": 2, "router_create_args": null} times: 40 method_name: run timeout: 0 duration: None cls:
2020-03-20 00:29:14.611 2715 INFO rally.task.runner [-] Task 6dd1b05b-317d-41c1-8b75-a985824e8cec | ITER: 17 START
2020-03-20 00:29:14.612 2720 RALLYDEBUG rally.task.runner [-] Starting a worker. concurrency: 1 args: {"network_create_args": null, "subnet_create_args": null, "subnet_cidr_start": "1.1.0.0/30", "subnets_per_network": 2, "router_create_args": null} times: 40 method_name: run timeout: 0 duration: None cls:
2020-03-20 00:29:14.614 2718 INFO rally.task.runner [-] Task 6dd1b05b-317d-41c1-8b75-a985824e8cec | ITER: 18 START
2020-03-20 00:29:14.615 2722 RALLYDEBUG rally.task.runner [-] Starting a worker. concurrency: 1 args: {"network_create_args": null, "subnet_create_args": null, "subnet_cidr_start": "1.1.0.0/30", "subnets_per_network": 2, "router_create_args": null} times: 40 method_name: run timeout: 0 duration: None cls:
2020-03-20 00:29:14.617 2720 INFO rally.task.runner [-] Task 6dd1b05b-317d-41c1-8b75-a985824e8cec | ITER: 19 START
2020-03-20 00:29:14.620 2722 INFO rally.task.runner [-] Task 6dd1b05b-317d-41c1-8b75-a985824e8cec | ITER: 20 START
2020-03-20 00:29:15.792 2673 RALLYDEBUG rally_openstack.wrappers.network [-] CIDR generated: 1.1.5.160/30
2020-03-20 00:29:15.845 2685 RALLYDEBUG rally_openstack.wrappers.network [-] CIDR generated: 1.1.5.164/30
2020-03-20 00:29:15.878 2675 RALLYDEBUG rally_openstack.wrappers.network [-] CIDR generated: 1.1.5.168/30
2020-03-20 00:29:16.111 2691 RALLYDEBUG rally_openstack.wrappers.network [-] CIDR generated: 1.1.5.172/30
2020-03-20 00:29:17.027 2674 RALLYDEBUG rally_openstack.wrappers.network [-] CIDR generated: 1.1.5.176/30
2020-03-20 00:29:17.134 2694 RALLYDEBUG rally_openstack.wrappers.network [-] CIDR generated: 1.1.5.180/30
2020-03-20 00:29:17.709 2707 RALLYDEBUG rally_openstack.wrappers.network [-] CIDR generated: 1.1.5.184/30
2020-03-20 00:29:18.283 2682 RALLYDEBUG rally_openstack.wrappers.network [-] CIDR generated: 1.1.5.188/30
2020-03-20 00:29:18.330 2710 RALLYDEBUG rally_openstack.wrappers.network [-] CIDR generated: 1.1.5.192/30
2020-03-20 00:29:18.565 2715 RALLYDEBUG rally_openstack.wrappers.network [-] CIDR generated: 1.1.5.196/30
2020-03-20 00:29:18.952 2720 RALLYDEBUG rally_openstack.wrappers.network [-] CIDR generated: 1.1.5.200/30
2020-03-20 00:29:19.066 2722 RALLYDEBUG rally_openstack.wrappers.network [-] CIDR generated: 1.1.5.204/30
2020-03-20 00:29:19.153 2671 RALLYDEBUG rally_openstack.wrappers.network [-] CIDR generated: 1.1.5.208/30
2020-03-20 00:29:19.374 2672 RALLYDEBUG rally_openstack.wrappers.network [-] CIDR generated: 1.1.5.212/30
2020-03-20 00:29:19.601 2698 RALLYDEBUG rally_openstack.wrappers.network [-] CIDR generated: 1.1.5.216/30
2020-03-20 00:29:19.622 2689 RALLYDEBUG rally_openstack.wrappers.network [-] CIDR generated: 1.1.5.220/30
2020-03-20 00:29:19.710 2700 RALLYDEBUG rally_openstack.wrappers.network [-] CIDR generated: 1.1.5.224/30
2020-03-20 00:29:19.844 2718 RALLYDEBUG rally_openstack.wrappers.network [-] CIDR generated: 1.1.5.228/30
2020-03-20 00:29:20.039 2704 RALLYDEBUG rally_openstack.wrappers.network [-] CIDR generated: 1.1.5.232/30
2020-03-20 00:29:20.244 2679 RALLYDEBUG rally_openstack.wrappers.network [-] CIDR generated: 1.1.5.236/30
2020-03-20 00:29:22.803 2685 RALLYDEBUG rally_openstack.wrappers.network [-] CIDR generated: 1.1.5.240/30
2020-03-20 00:29:23.190 2673 RALLYDEBUG rally_openstack.wrappers.network [-] CIDR generated: 1.1.5.244/30
2020-03-20 00:29:23.307 2675 RALLYDEBUG rally_openstack.wrappers.network [-] CIDR generated: 1.1.5.248/30
2020-03-20 00:29:23.477 2691 RALLYDEBUG rally_openstack.wrappers.network [-] CIDR generated: 1.1.5.252/30
2020-03-20 00:29:24.023 2674 RALLYDEBUG rally_openstack.wrappers.network [-] CIDR generated: 1.1.6.0/30
2020-03-20 00:29:24.402 2707 RALLYDEBUG rally_openstack.wrappers.network [-] CIDR generated: 1.1.6.4/30
2020-03-20 00:29:24.485 2698 RALLYDEBUG rally_openstack.wrappers.network [-] CIDR generated: 1.1.6.8/30
2020-03-20 00:29:24.656 2718 RALLYDEBUG rally_openstack.wrappers.network [-] CIDR generated: 1.1.6.12/30
2020-03-20 00:29:24.666 2682 RALLYDEBUG rally_openstack.wrappers.network [-] CIDR generated: 1.1.6.16/30
2020-03-20 00:29:24.734 2672 RALLYDEBUG rally_openstack.wrappers.network [-] CIDR generated: 1.1.6.20/30
2020-03-20 00:29:24.743 2671 RALLYDEBUG rally_openstack.wrappers.network [-] CIDR generated: 1.1.6.24/30
2020-03-20 00:29:24.779 2710 RALLYDEBUG rally_openstack.wrappers.network [-] CIDR generated: 1.1.6.28/30
2020-03-20 00:29:24.780 2694 RALLYDEBUG rally_openstack.wrappers.network [-] CIDR generated: 1.1.6.32/30
2020-03-20 00:29:24.803 2720 RALLYDEBUG rally_openstack.wrappers.network [-] CIDR generated: 1.1.6.36/30
2020-03-20 00:29:26.168 2689 RALLYDEBUG rally_openstack.wrappers.network [-] CIDR generated: 1.1.6.40/30
2020-03-20 00:29:27.608 2679 RALLYDEBUG rally_openstack.wrappers.network [-] CIDR generated: 1.1.6.44/30
2020-03-20 00:29:27.704 2722 RALLYDEBUG rally_openstack.wrappers.network [-] CIDR generated: 1.1.6.48/30
2020-03-20 00:29:27.716 2700 RALLYDEBUG rally_openstack.wrappers.network [-] CIDR generated: 1.1.6.52/30
2020-03-20 00:29:28.176 2704 RALLYDEBUG rally_openstack.wrappers.network [-] CIDR generated: 1.1.6.56/30
2020-03-20 00:29:28.544 2715 RALLYDEBUG rally_openstack.wrappers.network [-] CIDR generated: 1.1.6.60/30
2020-03-20 00:30:15.261 2673 INFO rally.task.runner [-] Task 6dd1b05b-317d-41c1-8b75-a985824e8cec | ITER: 3 END: OK
2020-03-20 00:30:15.268 2673 INFO rally.task.runner [-] Task 6dd1b05b-317d-41c1-8b75-a985824e8cec | ITER: 21 START
2020-03-20 00:30:20.097 2682 INFO rally.task.runner [-] Task 6dd1b05b-317d-41c1-8b75-a985824e8cec | ITER: 7 END: OK
2020-03-20 00:30:20.097 2698 INFO rally.task.runner [-] Task 6dd1b05b-317d-41c1-8b75-a985824e8cec | ITER: 12 END: OK
2020-03-20 00:30:20.107 2682 INFO rally.task.runner [-] Task 6dd1b05b-317d-41c1-8b75-a985824e8cec | ITER: 23 START
2020-03-20 00:30:20.108 2698 INFO rally.task.runner [-] Task 6dd1b05b-317d-41c1-8b75-a985824e8cec | ITER: 22 START
2020-03-20 00:30:20.970 2673 RALLYDEBUG rally_openstack.wrappers.network [-] CIDR generated: 1.1.6.64/30
2020-03-20 00:30:23.420 2672 INFO rally.task.runner [-] Task 6dd1b05b-317d-41c1-8b75-a985824e8cec | ITER: 2 END: OK
2020-03-20 00:30:23.427 2689 INFO rally.task.runner [-] Task 6dd1b05b-317d-41c1-8b75-a985824e8cec | ITER: 9 END: OK
2020-03-20 00:30:23.428 2672 INFO rally.task.runner [-] Task 6dd1b05b-317d-41c1-8b75-a985824e8cec | ITER: 24 START
2020-03-20 00:30:23.433 2689 INFO rally.task.runner [-] Task 6dd1b05b-317d-41c1-8b75-a985824e8cec | ITER: 25 START
2020-03-20 00:30:26.470 2694 INFO rally.task.runner [-] Task 6dd1b05b-317d-41c1-8b75-a985824e8cec | ITER: 11 END: OK
2020-03-20 00:30:26.478 2694 INFO rally.task.runner [-] Task 6dd1b05b-317d-41c1-8b75-a985824e8cec | ITER: 26 START
2020-03-20 00:30:26.679 2682 RALLYDEBUG rally_openstack.wrappers.network [-] CIDR generated: 1.1.6.68/30
2020-03-20 00:30:26.754 2685 INFO rally.task.runner [-] Task 6dd1b05b-317d-41c1-8b75-a985824e8cec | ITER: 8 END: OK
2020-03-20 00:30:26.762 2685 INFO rally.task.runner [-] Task 6dd1b05b-317d-41c1-8b75-a985824e8cec | ITER: 27 START
2020-03-20 00:30:27.275 2698 RALLYDEBUG rally_openstack.wrappers.network [-] CIDR generated: 1.1.6.72/30
2020-03-20 00:30:27.742 2671 INFO rally.task.runner [-] Task 6dd1b05b-317d-41c1-8b75-a985824e8cec | ITER: 1 END: OK
2020-03-20 00:30:27.749 2671 INFO rally.task.runner [-] Task 6dd1b05b-317d-41c1-8b75-a985824e8cec | ITER: 28 START
2020-03-20 00:30:27.828 2691 INFO rally.task.runner [-] Task 6dd1b05b-317d-41c1-8b75-a985824e8cec | ITER: 10 END: OK
2020-03-20 00:30:27.835 2691 INFO rally.task.runner [-] Task 6dd1b05b-317d-41c1-8b75-a985824e8cec | ITER: 29 START
2020-03-20 00:30:28.483 2700 INFO rally.task.runner [-] Task 6dd1b05b-317d-41c1-8b75-a985824e8cec | ITER: 13 END: OK
2020-03-20 00:30:28.491 2700 INFO rally.task.runner [-] Task 6dd1b05b-317d-41c1-8b75-a985824e8cec | ITER: 30 START
2020-03-20 00:30:29.163 2720 INFO rally.task.runner [-] Task 6dd1b05b-317d-41c1-8b75-a985824e8cec | ITER: 19 END: OK
2020-03-20 00:30:29.170 2720 INFO rally.task.runner [-] Task 6dd1b05b-317d-41c1-8b75-a985824e8cec | ITER: 31 START
2020-03-20 00:30:29.398 2672 RALLYDEBUG rally_openstack.wrappers.network [-] CIDR generated: 1.1.6.76/30
2020-03-20 00:30:29.409 2715 INFO rally.task.runner [-] Task 6dd1b05b-317d-41c1-8b75-a985824e8cec | ITER: 17 END: OK
2020-03-20 00:30:29.416 2715 INFO rally.task.runner [-] Task 6dd1b05b-317d-41c1-8b75-a985824e8cec | ITER: 32 START
2020-03-20 00:30:31.836 2694 RALLYDEBUG rally_openstack.wrappers.network [-] CIDR generated: 1.1.6.80/30
2020-03-20 00:30:31.975 2707 INFO rally.task.runner [-] Task 6dd1b05b-317d-41c1-8b75-a985824e8cec | ITER: 15 END: OK
2020-03-20 00:30:31.981 2707 INFO rally.task.runner [-] Task 6dd1b05b-317d-41c1-8b75-a985824e8cec | ITER: 33 START
2020-03-20 00:30:32.038 2689 RALLYDEBUG rally_openstack.wrappers.network [-] CIDR generated: 1.1.6.84/30
2020-03-20 00:30:32.175 2685 RALLYDEBUG rally_openstack.wrappers.network [-] CIDR generated: 1.1.6.88/30
2020-03-20 00:30:32.270 2710 INFO rally.task.runner [-] Task 6dd1b05b-317d-41c1-8b75-a985824e8cec | ITER: 16 END: OK
2020-03-20 00:30:32.277 2710 INFO rally.task.runner [-] Task 6dd1b05b-317d-41c1-8b75-a985824e8cec | ITER: 34 START
2020-03-20 00:30:32.306 2722 INFO rally.task.runner [-] Task 6dd1b05b-317d-41c1-8b75-a985824e8cec | ITER: 20 END: OK
2020-03-20 00:30:32.313 2722 INFO rally.task.runner [-] Task 6dd1b05b-317d-41c1-8b75-a985824e8cec | ITER: 35 START
2020-03-20 00:30:32.499 2671 RALLYDEBUG rally_openstack.wrappers.network [-] CIDR generated: 1.1.6.92/30
2020-03-20 00:30:32.962 2691 RALLYDEBUG rally_openstack.wrappers.network [-] CIDR generated: 1.1.6.96/30
2020-03-20 00:30:33.276 2718 INFO rally.task.runner [-] Task 6dd1b05b-317d-41c1-8b75-a985824e8cec | ITER: 18 END: OK
2020-03-20 00:30:33.283 2718 INFO rally.task.runner [-] Task 6dd1b05b-317d-41c1-8b75-a985824e8cec | ITER: 36 START
2020-03-20 00:30:33.575 2700 RALLYDEBUG rally_openstack.wrappers.network [-] CIDR generated: 1.1.6.100/30
2020-03-20 00:30:34.628 2704 INFO rally.task.runner [-] Task 6dd1b05b-317d-41c1-8b75-a985824e8cec | ITER: 14 END: OK
2020-03-20 00:30:34.635 2704 INFO rally.task.runner [-] Task 6dd1b05b-317d-41c1-8b75-a985824e8cec | ITER: 37 START
2020-03-20 00:30:34.968 2673 RALLYDEBUG rally_openstack.wrappers.network [-] CIDR generated: 1.1.6.104/30
2020-03-20 00:30:37.252 2715 RALLYDEBUG rally_openstack.wrappers.network [-] CIDR generated: 1.1.6.108/30
2020-03-20 00:30:37.709 2707 RALLYDEBUG rally_openstack.wrappers.network [-] CIDR generated: 1.1.6.112/30
2020-03-20 00:30:38.912 2710 RALLYDEBUG rally_openstack.wrappers.network [-] CIDR generated: 1.1.6.116/30
2020-03-20 00:30:39.210 2722 RALLYDEBUG rally_openstack.wrappers.network [-] CIDR generated: 1.1.6.120/30
2020-03-20 00:30:39.611 2720 RALLYDEBUG rally_openstack.wrappers.network [-] CIDR generated: 1.1.6.124/30
2020-03-20 00:30:39.958 2718 RALLYDEBUG rally_openstack.wrappers.network [-] CIDR generated: 1.1.6.128/30
2020-03-20 00:30:40.471 2675 INFO rally.task.runner [-] Task 6dd1b05b-317d-41c1-8b75-a985824e8cec | ITER: 5 END: OK
2020-03-20 00:30:40.478 2675 INFO rally.task.runner [-] Task 6dd1b05b-317d-41c1-8b75-a985824e8cec | ITER: 38 START
2020-03-20 00:30:41.920 2679 INFO rally.task.runner [-] Task 6dd1b05b-317d-41c1-8b75-a985824e8cec | ITER: 6 END: OK
2020-03-20 00:30:41.927 2679 INFO rally.task.runner [-] Task 6dd1b05b-317d-41c1-8b75-a985824e8cec | ITER: 39 START
2020-03-20 00:30:42.535 2682 RALLYDEBUG rally_openstack.wrappers.network [-] CIDR generated: 1.1.6.132/30
2020-03-20 00:30:43.472 2704 RALLYDEBUG rally_openstack.wrappers.network [-] CIDR generated: 1.1.6.136/30
2020-03-20 00:30:44.001 2685 RALLYDEBUG rally_openstack.wrappers.network [-] CIDR generated: 1.1.6.140/30
2020-03-20 00:30:44.002 2698 RALLYDEBUG rally_openstack.wrappers.network [-] CIDR generated: 1.1.6.144/30
2020-03-20 00:30:44.050 2675 RALLYDEBUG rally_openstack.wrappers.network [-] CIDR generated: 1.1.6.148/30
2020-03-20 00:30:44.867 2689 RALLYDEBUG rally_openstack.wrappers.network [-] CIDR generated: 1.1.6.152/30
2020-03-20 00:30:45.682 2674 INFO rally.task.runner [-] Task 6dd1b05b-317d-41c1-8b75-a985824e8cec | ITER: 4 END: OK
2020-03-20 00:30:45.689 2674 INFO rally.task.runner [-] Task 6dd1b05b-317d-41c1-8b75-a985824e8cec | ITER: 40 START
2020-03-20 00:30:46.590 2715 RALLYDEBUG rally_openstack.wrappers.network [-] CIDR generated: 1.1.6.156/30
2020-03-20 00:30:46.690 2707 RALLYDEBUG rally_openstack.wrappers.network [-] CIDR generated: 1.1.6.160/30
2020-03-20 00:30:46.895 2672 RALLYDEBUG rally_openstack.wrappers.network [-] CIDR generated: 1.1.6.164/30
2020-03-20 00:30:48.904 2694 RALLYDEBUG rally_openstack.wrappers.network [-] CIDR generated: 1.1.6.168/30
2020-03-20 00:30:49.290 2700 RALLYDEBUG rally_openstack.wrappers.network [-] CIDR generated: 1.1.6.172/30
2020-03-20 00:30:49.500 2671 RALLYDEBUG rally_openstack.wrappers.network [-] CIDR generated: 1.1.6.176/30
2020-03-20 00:30:49.804 2691 RALLYDEBUG rally_openstack.wrappers.network [-] CIDR generated: 1.1.6.180/30
2020-03-20 00:30:50.912 2710 RALLYDEBUG rally_openstack.wrappers.network [-] CIDR generated: 1.1.6.184/30
2020-03-20 00:30:51.665 2718 RALLYDEBUG rally_openstack.wrappers.network [-] CIDR generated: 1.1.6.188/30
2020-03-20 00:30:52.034 2720 RALLYDEBUG rally_openstack.wrappers.network [-] CIDR generated: 1.1.6.192/30
2020-03-20 00:30:52.081 2722 RALLYDEBUG rally_openstack.wrappers.network [-] CIDR generated: 1.1.6.196/30
2020-03-20 00:30:53.296 2675 RALLYDEBUG rally_openstack.wrappers.network [-] CIDR generated: 1.1.6.200/30
2020-03-20 00:30:53.999 2704 RALLYDEBUG rally_openstack.wrappers.network [-] CIDR generated: 1.1.6.204/30
2020-03-20 00:30:54.800 2679 RALLYDEBUG rally_openstack.wrappers.network [-] CIDR generated: 1.1.6.208/30
2020-03-20 00:31:00.950 2679 RALLYDEBUG rally_openstack.wrappers.network [-] CIDR generated: 1.1.6.212/30
2020-03-20 00:31:06.209 2674 RALLYDEBUG rally_openstack.wrappers.network [-] CIDR generated: 1.1.6.216/30
2020-03-20 00:31:08.181 2674 RALLYDEBUG rally_openstack.wrappers.network [-] CIDR generated: 1.1.6.220/30
2020-03-20 00:31:22.818 2685 INFO rally.task.runner [-] Task 6dd1b05b-317d-41c1-8b75-a985824e8cec | ITER: 27 END: OK
2020-03-20 00:31:30.837 2682 INFO rally.task.runner [-] Task 6dd1b05b-317d-41c1-8b75-a985824e8cec | ITER: 23 END: OK
2020-03-20 00:31:30.837 2673 INFO rally.task.runner [-] Task 6dd1b05b-317d-41c1-8b75-a985824e8cec | ITER: 21 END: OK
2020-03-20 00:31:31.585 2715 INFO rally.task.runner [-] Task 6dd1b05b-317d-41c1-8b75-a985824e8cec | ITER: 32 END: OK
2020-03-20 00:31:33.681 2710 INFO rally.task.runner [-] Task 6dd1b05b-317d-41c1-8b75-a985824e8cec | ITER: 34 END: OK
2020-03-20 00:31:33.970 2691 INFO rally.task.runner [-] Task 6dd1b05b-317d-41c1-8b75-a985824e8cec | ITER: 29 END: OK
2020-03-20 00:31:34.131 2700 INFO rally.task.runner [-] Task 6dd1b05b-317d-41c1-8b75-a985824e8cec | ITER: 30 END: OK
2020-03-20 00:31:35.101 2698 INFO rally.task.runner [-] Task 6dd1b05b-317d-41c1-8b75-a985824e8cec | ITER: 22 END: OK
2020-03-20 00:31:35.160 2694 INFO rally.task.runner [-] Task 6dd1b05b-317d-41c1-8b75-a985824e8cec | ITER: 26 END: OK
2020-03-20 00:31:38.001 2672 INFO rally.task.runner [-] Task 6dd1b05b-317d-41c1-8b75-a985824e8cec | ITER: 24 END: OK
2020-03-20 00:31:38.468 2671 INFO rally.task.runner [-] Task 6dd1b05b-317d-41c1-8b75-a985824e8cec | ITER: 28 END: OK
2020-03-20 00:31:38.877 2707 INFO rally.task.runner [-] Task 6dd1b05b-317d-41c1-8b75-a985824e8cec | ITER: 33 END: OK
2020-03-20 00:31:40.543 2718 INFO rally.task.runner [-] Task 6dd1b05b-317d-41c1-8b75-a985824e8cec | ITER: 36 END: OK
2020-03-20 00:31:41.007 2689 INFO rally.task.runner [-] Task 6dd1b05b-317d-41c1-8b75-a985824e8cec | ITER: 25 END: OK
2020-03-20 00:31:41.145 2675 INFO rally.task.runner [-] Task 6dd1b05b-317d-41c1-8b75-a985824e8cec | ITER: 38 END: OK
2020-03-20 00:31:41.911 2720 INFO rally.task.runner [-] Task 6dd1b05b-317d-41c1-8b75-a985824e8cec | ITER: 31 END: OK
2020-03-20 00:31:43.073 2722 INFO rally.task.runner [-] Task 6dd1b05b-317d-41c1-8b75-a985824e8cec | ITER: 35 END: OK
2020-03-20 00:31:48.887 2704 INFO rally.task.runner [-] Task 6dd1b05b-317d-41c1-8b75-a985824e8cec | ITER: 37 END: OK
2020-03-20 00:31:49.527 2679 INFO rally.task.runner [-] Task 6dd1b05b-317d-41c1-8b75-a985824e8cec | ITER: 39 END: OK
2020-03-20 00:31:50.782 2674 INFO rally.task.runner [-] Task 6dd1b05b-317d-41c1-8b75-a985824e8cec | ITER: 40 END: OK
2020-03-20 00:31:50.806 15 INFO rally.task.context [-] Task 6dd1b05b-317d-41c1-8b75-a985824e8cec | Context cleanup@openstack cleanup() started
2020-03-20 00:31:50.809 15 RALLYDEBUG rally_openstack.cleanup.manager [-] Cleaning up neutron vip objects
2020-03-20 00:31:51.103 15 RALLYDEBUG rally_openstack.cleanup.manager [-] Cleaning up neutron health_monitor objects
2020-03-20 00:31:51.287 15 RALLYDEBUG rally_openstack.cleanup.manager [-] Cleaning up neutron pool objects
2020-03-20 00:31:51.464 15 RALLYDEBUG rally_openstack.cleanup.manager [-] Cleaning up neutron loadbalancer objects
2020-03-20 00:31:51.642 15 RALLYDEBUG rally_openstack.cleanup.manager [-] Cleaning up neutron floatingip objects
2020-03-20 00:31:51.840 15 RALLYDEBUG rally_openstack.cleanup.manager [-] Cleaning up neutron trunk objects
2020-03-20 00:31:52.017 15 DEBUG neutronclient.v2_0.client [-] Error message: {"NeutronError": {"message": "Invalid input for operation: 'tenant_id' is not supported for filtering.", "type": "InvalidInput", "detail": ""}} _handle_fault_response /usr/lib/python2.7/site-packages/neutronclient/v2_0/client.py:259
2020-03-20 00:31:52.045 15 DEBUG neutronclient.v2_0.client [-] Error message: {"NeutronError": {"message": "Invalid input for operation: 'tenant_id' is not supported for filtering.", "type": "InvalidInput", "detail": ""}} _handle_fault_response /usr/lib/python2.7/site-packages/neutronclient/v2_0/client.py:259
2020-03-20 00:31:52.068 15 DEBUG neutronclient.v2_0.client [-] Error message: {"NeutronError": {"message": "Invalid input for operation: 'tenant_id' is not supported for filtering.", "type": "InvalidInput", "detail": ""}} _handle_fault_response /usr/lib/python2.7/site-packages/neutronclient/v2_0/client.py:259
2020-03-20 00:31:52.069 15 ERROR rally_openstack.cleanup.manager [-] Seems like rally_openstack.cleanup.resources.NeutronTrunk.list(self) method is broken. It shouldn't raise any exceptions.: BadRequest: Invalid input for operation: 'tenant_id' is not supported for filtering. Neutron server returns request_ids: ['req-8b47339f-1f9e-4c0c-aaf9-d61d877edba6']
2020-03-20 00:31:52.069 15 ERROR rally_openstack.cleanup.manager
Traceback (most recent call last):
2020-03-20 00:31:52.069 15 ERROR rally_openstack.cleanup.manager
File "/usr/lib/python2.7/site-packages/rally_openstack/cleanup/manager.py", line 133, in _publish
2020-03-20 00:31:52.069 15 ERROR rally_openstack.cleanup.manager for raw_resource in rutils.retry(3, manager.list):
2020-03-20 00:31:52.069 15 ERROR rally_openstack.cleanup.manager
File "/usr/lib/python2.7/site-packages/rally/common/utils.py", line 230, in retry
2020-03-20 00:31:52.069 15 ERROR rally_openstack.cleanup.manager return func(*args, **kwargs)
2020-03-20 00:31:52.069 15 ERROR rally_openstack.cleanup.manager
File "/usr/lib/python2.7/site-packages/rally_openstack/cleanup/resources.py", line 396, in list
2020-03-20 00:31:52.069 15 ERROR rally_openstack.cleanup.manager return super(NeutronTrunk, self).list()
2020-03-20 00:31:52.069 15 ERROR rally_openstack.cleanup.manager
File "/usr/lib/python2.7/site-packages/rally_openstack/cleanup/resources.py", line 273, in list
2020-03-20 00:31:52.069 15 ERROR rally_openstack.cleanup.manager result = list_method(tenant_id=self.tenant_uuid)[resources]
2020-03-20 00:31:52.069 15 ERROR rally_openstack.cleanup.manager
File "/usr/lib/python2.7/site-packages/neutronclient/v2_0/client.py", line 2105, in list_trunks
2020-03-20 00:31:52.069 15 ERROR rally_openstack.cleanup.manager **_params)
2020-03-20 00:31:52.069 15 ERROR rally_openstack.cleanup.manager
File "/usr/lib/python2.7/site-packages/neutronclient/v2_0/client.py", line 369, in list
2020-03-20 00:31:52.069 15 ERROR rally_openstack.cleanup.manager for r in self._pagination(collection, path, **params):
2020-03-20 00:31:52.069 15 ERROR rally_openstack.cleanup.manager
File "/usr/lib/python2.7/site-packages/neutronclient/v2_0/client.py", line 384, in _pagination
2020-03-20 00:31:52.069 15 ERROR rally_openstack.cleanup.manager res = self.get(path, params=params)
2020-03-20 00:31:52.069 15 ERROR rally_openstack.cleanup.manager
File "/usr/lib/python2.7/site-packages/neutronclient/v2_0/client.py", line 354, in get
2020-03-20 00:31:52.069 15 ERROR rally_openstack.cleanup.manager headers=headers, params=params)
2020-03-20 00:31:52.069 15 ERROR rally_openstack.cleanup.manager
File "/usr/lib/python2.7/site-packages/neutronclient/v2_0/client.py", line 331, in retry_request
2020-03-20 00:31:52.069 15 ERROR rally_openstack.cleanup.manager headers=headers, params=params)
2020-03-20 00:31:52.069 15 ERROR rally_openstack.cleanup.manager
File "/usr/lib/python2.7/site-packages/neutronclient/v2_0/client.py", line 294, in do_request
2020-03-20 00:31:52.069 15 ERROR rally_openstack.cleanup.manager self._handle_fault_response(status_code, replybody, resp)
2020-03-20 00:31:52.069 15 ERROR rally_openstack.cleanup.manager
File "/usr/lib/python2.7/site-packages/neutronclient/v2_0/client.py", line 269, in _handle_fault_response
2020-03-20 00:31:52.069 15 ERROR rally_openstack.cleanup.manager exception_handler_v20(status_code, error_body)
2020-03-20 00:31:52.069 15 ERROR rally_openstack.cleanup.manager
File "/usr/lib/python2.7/site-packages/neutronclient/v2_0/client.py", line 93, in exception_handler_v20
2020-03-20 00:31:52.069 15 ERROR rally_openstack.cleanup.manager request_ids=request_ids)
2020-03-20 00:31:52.069 15 ERROR rally_openstack.cleanup.manager BadRequest: Invalid input for operation: 'tenant_id' is not supported for filtering.
2020-03-20 00:31:52.069 15 ERROR rally_openstack.cleanup.manager Neutron server returns request_ids: ['req-8b47339f-1f9e-4c0c-aaf9-d61d877edba6']
2020-03-20 00:31:52.069 15 ERROR rally_openstack.cleanup.manager
2020-03-20 00:31:52.080 15 RALLYDEBUG rally_openstack.cleanup.manager [-] Cleaning up neutron port objects
2020-03-20 00:31:53.106 15 RALLYDEBUG rally_openstack.cleanup.manager [-] Deleting neutron.port object s_rally_d7829be1_jE8WIDYa (00ee0da9-669e-4102-a89a-49e4bf54d47b)
2020-03-20 00:31:53.111 15 RALLYDEBUG rally_openstack.cleanup.manager [-] Deleting neutron.port object s_rally_d7829be1_EB8OpfNG (03146385-6fee-4800-8f90-850d184790e3)
2020-03-20 00:31:53.118 15 RALLYDEBUG rally_openstack.cleanup.manager [-] Deleting neutron.port object s_rally_d7829be1_nkmnx7wk (0c848e23-f371-4fa0-bef8-13f03e77a842)
2020-03-20 00:31:53.119 15 RALLYDEBUG rally_openstack.cleanup.manager [-] Deleting neutron.port object s_rally_d7829be1_cjyJNzol (01371f3b-fa0e-4519-820a-8d8f04b391fb)
2020-03-20 00:31:53.124 15 RALLYDEBUG rally_openstack.cleanup.manager [-] Deleting neutron.port object s_rally_d7829be1_wx08UzYq (0e03df3a-3002-4595-9626-efda5f2fd1ba)
2020-03-20 00:31:53.133 15 RALLYDEBUG rally_openstack.cleanup.manager [-] Deleting neutron.port object s_rally_d7829be1_7Y7X2Xv3 (0f9e7e5c-8458-477f-9a44-b7702740b286)
2020-03-20 00:31:53.142 15 RALLYDEBUG rally_openstack.cleanup.manager [-] Deleting neutron.port object s_rally_d7829be1_an43GYFg (104f9a31-41da-4fc1-9b25-a6bbdf00eeaf)
2020-03-20 00:31:53.205 15 RALLYDEBUG rally_openstack.cleanup.manager [-] Deleting neutron.port object s_rally_d7829be1_9XhtqIfl (235af548-1009-41de-807b-8edd566000a5)
2020-03-20 00:31:53.205 15 RALLYDEBUG rally_openstack.cleanup.manager [-] Deleting neutron.port object s_rally_d7829be1_KtgLm6CZ (17070b0e-5adb-42b7-a6cc-73011794f81d)
2020-03-20 00:31:53.247 15 RALLYDEBUG rally_openstack.cleanup.manager [-] Deleting neutron.port object s_rally_d7829be1_y2tPr6zc (25006c26-ae02-4bba-a0cd-036b2ce32db8)
2020-03-20 00:31:53.255 15 RALLYDEBUG rally_openstack.cleanup.manager [-] Deleting neutron.port object s_rally_d7829be1_BSBDjrp3 (2ec5c967-9573-4af4-af53-1855d147ba95)
2020-03-20 00:31:53.271 15 RALLYDEBUG rally_openstack.cleanup.manager [-] Deleting neutron.port object s_rally_d7829be1_GF9v8ZpQ (252477e6-a379-4142-b3fe-6d082f80ceca)
2020-03-20 00:31:53.289 15 RALLYDEBUG rally_openstack.cleanup.manager [-] Deleting neutron.port object s_rally_d7829be1_B7ceiWOB (36793578-bc43-4b92-8c9f-368305d069e2)
2020-03-20 00:31:53.296 15 RALLYDEBUG rally_openstack.cleanup.manager [-] Deleting neutron.port object s_rally_d7829be1_3evLMosI (37dc43ca-74ae-4b93-85af-198489318fd5)
2020-03-20 00:31:53.340 15 RALLYDEBUG rally_openstack.cleanup.manager [-] Deleting neutron.port object s_rally_d7829be1_lXwCk4ow (382d9000-7093-4d00-867e-3dac3bbaef36)
2020-03-20 00:31:53.344 15 RALLYDEBUG rally_openstack.cleanup.manager [-] Deleting neutron.port object s_rally_d7829be1_yWkYKV5p (3c853980-ad6a-4263-81cb-096ad0bcef91)
2020-03-20 00:31:53.350 15 RALLYDEBUG rally_openstack.cleanup.manager [-] Deleting neutron.port object s_rally_d7829be1_GRtbLs2g (3cd917d6-f228-48cf-9169-741ea781b92d)
2020-03-20 00:31:53.354 15 RALLYDEBUG rally_openstack.cleanup.manager [-] Deleting neutron.port object s_rally_d7829be1_HGxMwP7H (3a50ce56-1e0e-4a36-b694-8b1501489338)
2020-03-20 00:31:53.357 15 RALLYDEBUG rally_openstack.cleanup.manager [-] Deleting neutron.port object s_rally_d7829be1_aXnsmlMW (39a448ea-e8b3-43a3-8ec4-ccb70347312d)
2020-03-20 00:31:53.384 15 RALLYDEBUG rally_openstack.cleanup.manager [-] Deleting neutron.port object s_rally_d7829be1_f53O4Udh (3a6ecc3a-ea20-4252-9528-63b5a6e637d0)
2020-03-20 00:31:56.987 15 RALLYDEBUG rally_openstack.cleanup.manager [-] Deleting neutron.port object s_rally_d7829be1_AYQS8vIF (40280a47-77ea-44c6-bc75-20d40bb86f41)
2020-03-20 00:31:56.993 15 RALLYDEBUG rally_openstack.cleanup.manager [-] Deleting neutron.port object s_rally_d7829be1_wwjWshv6 (418312e4-7600-41c3-84f1-d52220742b35)
2020-03-20 00:31:58.004 15 RALLYDEBUG rally_openstack.cleanup.manager [-] Deleting neutron.port object s_rally_d7829be1_gfRi5rNB (44d49e8e-6c61-487d-b9c5-9a6bc278dd2d)
2020-03-20 00:31:58.044 15 RALLYDEBUG rally_openstack.cleanup.manager [-] Deleting neutron.port object s_rally_d7829be1_ZbcIxVu3 (44dd16ed-9328-4ced-b1a1-1625e0c97e73)
2020-03-20 00:31:58.068 15 RALLYDEBUG rally_openstack.cleanup.manager [-] Deleting neutron.port object s_rally_d7829be1_8Yse2b4L (47621bee-b256-4e5e-a8be-b82d7fd10108)
2020-03-20 00:31:58.129 15 RALLYDEBUG rally_openstack.cleanup.manager [-] Deleting neutron.port object s_rally_d7829be1_1DRm6JLh (49fd691d-7e55-4d2e-b793-6251841aa5e4)
2020-03-20 00:31:58.142 15 RALLYDEBUG rally_openstack.cleanup.manager [-] Deleting neutron.port object s_rally_d7829be1_Wcyoldxk (4d5e39db-f138-4708-82bc-06864e08ee02)
2020-03-20 00:31:58.221 15 RALLYDEBUG rally_openstack.cleanup.manager [-] Deleting neutron.port object s_rally_d7829be1_6xSCyipr (524e73d4-a468-4e77-8da2-50a5b3913679)
2020-03-20 00:31:58.669 15 RALLYDEBUG rally_openstack.cleanup.manager [-] Deleting neutron.port object s_rally_d7829be1_MRIdIHgA (55788fea-b267-4627-a719-ba5ad1da1e2f)
2020-03-20 00:31:58.869 15 RALLYDEBUG rally_openstack.cleanup.manager [-] Deleting neutron.port object s_rally_d7829be1_2NPLJp7o (55b2e1e2-6aa6-4157-9981-73cec48e194b)
2020-03-20 00:31:59.557 15 RALLYDEBUG rally_openstack.cleanup.manager [-] Deleting neutron.port object s_rally_d7829be1_yVI2SuyT (57bbd589-8a84-494e-8dac-f62f5081fc5e)
2020-03-20 00:31:59.737 15 RALLYDEBUG rally_openstack.cleanup.manager [-] Deleting neutron.port object s_rally_d7829be1_FkDFgbqC (57ebb22d-bafc-4bdb-969a-c3b8cf8b62ff)
2020-03-20 00:32:00.090 15 RALLYDEBUG rally_openstack.cleanup.manager [-] Deleting neutron.port object s_rally_d7829be1_hGJ9j3jh (585a6f34-3032-4eeb-bc6f-43a7e8a24a50)
2020-03-20 00:32:00.601 15 RALLYDEBUG rally_openstack.cleanup.manager [-] Deleting neutron.port object s_rally_d7829be1_zwv2abji (5ad5036f-9d25-486c-9b38-d6695e287548)
2020-03-20 00:32:00.776 15 RALLYDEBUG rally_openstack.cleanup.manager [-] Deleting neutron.port object s_rally_d7829be1_MLEEX9gk (5e617956-ccd8-4290-8e94-4f3d2a3db692)
2020-03-20 00:32:00.777 15 RALLYDEBUG rally_openstack.cleanup.manager [-] Deleting neutron.port object s_rally_d7829be1_VPe3Q4T9 (5b1aee6f-d095-4ba3-b351-7f1b64a166af)
2020-03-20 00:32:00.942 15 RALLYDEBUG rally_openstack.cleanup.manager [-] Deleting neutron.port object s_rally_d7829be1_5O8OqUT5 (5e8a27ea-c33b-40a5-86f2-d68047dacb5b)
2020-03-20 00:32:00.960 15 RALLYDEBUG rally_openstack.cleanup.manager [-] Deleting neutron.port object s_rally_d7829be1_uv9aqUP2 (65001a31-0beb-4140-a39d-43af13a359ad)
2020-03-20 00:32:01.269 15 RALLYDEBUG rally_openstack.cleanup.manager [-] Deleting neutron.port object s_rally_d7829be1_wY3jF6ES (6578fdde-6267-4680-b7d5-f5b31afe4fb9)
2020-03-20 00:32:01.382 15 RALLYDEBUG rally_openstack.cleanup.manager [-] Deleting neutron.port object s_rally_d7829be1_anfGqedO (692992ba-6c60-4547-9b79-4417f2ad705b)
2020-03-20 00:32:01.387 15 RALLYDEBUG rally_openstack.cleanup.manager [-] Deleting neutron.port object s_rally_d7829be1_SDcTBFfr (66190a5c-6d87-4622-b25a-49bd16d5f578)
2020-03-20 00:32:01.397 15 RALLYDEBUG rally_openstack.cleanup.manager [-] Deleting neutron.port object s_rally_d7829be1_2EAq5uSY (6f1a356f-ba05-4eea-b891-1be39ad326f6)
2020-03-20 00:32:01.401 15 RALLYDEBUG rally_openstack.cleanup.manager [-] Deleting neutron.port object s_rally_d7829be1_IMMQqqJ1 (74243ff7-7157-4ca4-9554-1d0df04dce72)
2020-03-20 00:32:01.616 15 RALLYDEBUG rally_openstack.cleanup.manager [-] Deleting neutron.port object s_rally_d7829be1_Ra8ZKAHM (7906c222-0451-43b9-84d9-df0169661469)
2020-03-20 00:32:02.149 15 RALLYDEBUG rally_openstack.cleanup.manager [-] Deleting neutron.port object s_rally_d7829be1_gr3XAFHE (7b404268-dd6a-4e37-b5c5-62bbd52d39b7)
2020-03-20 00:32:03.025 15 RALLYDEBUG rally_openstack.cleanup.manager [-] Deleting neutron.port object s_rally_d7829be1_zkiB6cWo (7d8c5cab-7829-43c4-b65a-005626b9c36b)
2020-03-20 00:32:03.236 15 RALLYDEBUG rally_openstack.cleanup.manager [-] Deleting neutron.port object s_rally_d7829be1_2I4vP9pI (803b3377-365a-4bdd-a929-a578cdcb5146)
2020-03-20 00:32:03.421 15 RALLYDEBUG rally_openstack.cleanup.manager [-] Deleting neutron.port object s_rally_d7829be1_1RbY3pQN (8055297e-c28f-458f-9085-4c1d9cd61c55)
2020-03-20 00:32:03.593 15 RALLYDEBUG rally_openstack.cleanup.manager [-] Deleting neutron.port object s_rally_d7829be1_NmL9FASD (8267e87f-92ca-47c0-a186-2996097e62e1)
2020-03-20 00:32:03.623 15 RALLYDEBUG rally_openstack.cleanup.manager [-] Deleting neutron.port object s_rally_d7829be1_38jA6lQa (85183c5d-597c-49eb-910b-73e79b330905)
2020-03-20 00:32:04.059 15 RALLYDEBUG rally_openstack.cleanup.manager [-] Deleting neutron.port object s_rally_d7829be1_83GulljT (9227accf-1db3-4042-a206-9419304dbdb4)
2020-03-20 00:32:04.131 15 RALLYDEBUG rally_openstack.cleanup.manager [-] Deleting neutron.port object s_rally_d7829be1_lWJ2E1Cj (973812f7-8512-410d-aeb2-d3f6da4edf91)
2020-03-20 00:32:04.335 15 RALLYDEBUG rally_openstack.cleanup.manager [-] Deleting neutron.port object s_rally_d7829be1_a6UEbpPU (97af981e-10fe-436b-b58a-607ecfcae324)
2020-03-20 00:32:04.424 15 RALLYDEBUG rally_openstack.cleanup.manager [-] Deleting neutron.port object s_rally_d7829be1_9C30fBCX (a30f18bb-e200-4814-ae52-f1e4e8031f11)
2020-03-20 00:32:04.529 15 RALLYDEBUG rally_openstack.cleanup.manager [-] Deleting neutron.port object s_rally_d7829be1_DjO4StQk (a3be9a49-669c-4b7f-994b-821a8666b22f)
2020-03-20 00:32:05.151 15 RALLYDEBUG rally_openstack.cleanup.manager [-] Deleting neutron.port object s_rally_d7829be1_XsBglGlM (a43306ed-7288-4a4f-8f48-999f69853587)
2020-03-20 00:32:05.578 15 RALLYDEBUG rally_openstack.cleanup.manager [-] Deleting neutron.port object s_rally_d7829be1_JJnuI1ht (a9b8859c-d16a-4de9-9c02-d72af89dc3e6)
2020-03-20 00:32:05.946 15 RALLYDEBUG rally_openstack.cleanup.manager [-] Deleting neutron.port object s_rally_d7829be1_FOOR9yZ9 (ae578170-2241-4b3f-b7df-6ed32e5f45e7)
2020-03-20 00:32:06.644 15 RALLYDEBUG rally_openstack.cleanup.manager [-] Deleting neutron.port object s_rally_d7829be1_1bgYCOWs (aec799e3-fcd1-41b4-8bce-19a9bbcf712b)
