File "/usr/lib/python2.7/site-packages/neutronclient/v2_0/client.py", line 354, in get
2020-03-20 00:21:37.068 15 ERROR rally_openstack.cleanup.manager headers=headers, params=params)
2020-03-20 00:21:37.068 15 ERROR rally_openstack.cleanup.manager
File "/usr/lib/python2.7/site-packages/neutronclient/v2_0/client.py", line 331, in retry_request
2020-03-20 00:21:37.068 15 ERROR rally_openstack.cleanup.manager headers=headers, params=params)
2020-03-20 00:21:37.068 15 ERROR rally_openstack.cleanup.manager
File "/usr/lib/python2.7/site-packages/neutronclient/v2_0/client.py", line 294, in do_request
2020-03-20 00:21:37.068 15 ERROR rally_openstack.cleanup.manager self._handle_fault_response(status_code, replybody, resp)
2020-03-20 00:21:37.068 15 ERROR rally_openstack.cleanup.manager
File "/usr/lib/python2.7/site-packages/neutronclient/v2_0/client.py", line 269, in _handle_fault_response
2020-03-20 00:21:37.068 15 ERROR rally_openstack.cleanup.manager exception_handler_v20(status_code, error_body)
2020-03-20 00:21:37.068 15 ERROR rally_openstack.cleanup.manager
File "/usr/lib/python2.7/site-packages/neutronclient/v2_0/client.py", line 93, in exception_handler_v20
2020-03-20 00:21:37.068 15 ERROR rally_openstack.cleanup.manager request_ids=request_ids)
2020-03-20 00:21:37.068 15 ERROR rally_openstack.cleanup.manager BadRequest: Invalid input for operation: 'tenant_id' is not supported for filtering.
2020-03-20 00:21:37.068 15 ERROR rally_openstack.cleanup.manager Neutron server returns request_ids: ['req-4e34dfee-b6a1-46fe-b5d7-e2e845df7e43']
2020-03-20 00:21:37.068 15 ERROR rally_openstack.cleanup.manager
2020-03-20 00:21:37.078 15 RALLYDEBUG rally_openstack.cleanup.manager [-] Cleaning up neutron port objects
2020-03-20 00:21:37.278 15 RALLYDEBUG rally_openstack.cleanup.manager [-] Cleaning up neutron subnet objects
2020-03-20 00:21:37.483 15 RALLYDEBUG rally_openstack.cleanup.manager [-] Cleaning up neutron network objects
2020-03-20 00:21:37.779 15 RALLYDEBUG rally_openstack.cleanup.manager [-] Cleaning up neutron router objects
2020-03-20 00:21:38.020 15 RALLYDEBUG rally_openstack.cleanup.manager [-] Cleaning up neutron security_group objects
2020-03-20 00:21:38.283 15 INFO rally.task.context [-] Task 6dd1b05b-317d-41c1-8b75-a985824e8cec | Context cleanup@openstack cleanup() finished in 2.28 sec
2020-03-20 00:21:38.283 15 INFO rally.task.context [-] Task 6dd1b05b-317d-41c1-8b75-a985824e8cec | Context quotas@openstack cleanup() started
2020-03-20 00:21:38.488 15 INFO rally.task.context [-] Task 6dd1b05b-317d-41c1-8b75-a985824e8cec | Context quotas@openstack cleanup() finished in 0.21 sec
2020-03-20 00:21:38.489 15 INFO rally.task.context [-] Task 6dd1b05b-317d-41c1-8b75-a985824e8cec | Context users@openstack cleanup() started
2020-03-20 00:21:39.990 15 INFO rally.task.context [-] Task 6dd1b05b-317d-41c1-8b75-a985824e8cec | Context users@openstack cleanup() finished in 1.50 sec
2020-03-20 00:21:40.601 15 INFO rally.task.engine [-] Load duration is: 12.379235
2020-03-20 00:21:40.601 15 INFO rally.task.engine [-] Full runner duration is: 12.424771
2020-03-20 00:21:40.602 15 INFO rally.task.engine [-] Full duration is: 17.480721
2020-03-20 00:21:40.678 15 INFO rally.task.engine [-] Running workload: position = 0 config = { "version": 2, "title": "A cropped version of a bigger task.", "description": "Auto-generated task from a single workload (uuid=00cb9194-c331-4753-96be-270cdb2e337f)", "subtasks": [ { "title": "NeutronNetworks.create_and_list_subnets", "description": "Create and a given number of subnets and list all subnets.", "scenario": { "NeutronNetworks.create_and_list_subnets": { "subnets_per_network": 2 } }, "contexts": { "users": { "tenants": 1, "users_per_tenant": 1 }, "quotas": { "neutron": { "subnet": -1, "network": -1 } } }, "runner": { "constant": { "times": 40, "concurrency": 20 } }, "hooks": [], "sla": { "failure_rate": { "max": 0 } } } ] }
2020-03-20 00:21:40.703 15 RALLYDEBUG rally_openstack.contexts.keystone.users [-] Creating 1 tenants using 20 threads
2020-03-20 00:21:40.992 15 RALLYDEBUG rally_openstack.contexts.keystone.users [-] Creating 1 users using 20 threads
2020-03-20 00:21:41.424 15 INFO rally.task.context [-] Task 6dd1b05b-317d-41c1-8b75-a985824e8cec | Context users@openstack setup() finished in 0.72 sec
2020-03-20 00:21:41.891 15 INFO rally.task.context [-] Task 6dd1b05b-317d-41c1-8b75-a985824e8cec | Context quotas@openstack setup() finished in 0.47 sec
2020-03-20 00:21:41.892 15 INFO rally.task.context [-] Task 6dd1b05b-317d-41c1-8b75-a985824e8cec | Context cleanup@openstack setup() finished in 0.01 msec
2020-03-20 00:21:41.901 15 RALLYDEBUG rally.task.runner [-] Starting the constant runner (task UUID: 6dd1b05b-317d-41c1-8b75-a985824e8cec). timeout: 0 concurrency: 20 concurrency_per_worker: 1 times: 40 concurrency_overhead: 0 processes_to_start: 20 max_cpu_used: 88
2020-03-20 00:21:41.914 1405 RALLYDEBUG rally.task.runner [-] Starting a worker. concurrency: 1 args: {"subnets_per_network": 2} times: 40 method_name: run timeout: 0 duration: None cls:
2020-03-20 00:21:41.918 1406 RALLYDEBUG rally.task.runner [-] Starting a worker. concurrency: 1 args: {"subnets_per_network": 2} times: 40 method_name: run timeout: 0 duration: None cls:
2020-03-20 00:21:41.920 1405 INFO rally.task.runner [-] Task 6dd1b05b-317d-41c1-8b75-a985824e8cec | ITER: 1 START
2020-03-20 00:21:41.924 1406 INFO rally.task.runner [-] Task 6dd1b05b-317d-41c1-8b75-a985824e8cec | ITER: 2 START
2020-03-20 00:21:41.924 1407 RALLYDEBUG rally.task.runner [-] Starting a worker. concurrency: 1 args: {"subnets_per_network": 2} times: 40 method_name: run timeout: 0 duration: None cls:
2020-03-20 00:21:41.927 1409 RALLYDEBUG rally.task.runner [-] Starting a worker. concurrency: 1 args: {"subnets_per_network": 2} times: 40 method_name: run timeout: 0 duration: None cls:
2020-03-20 00:21:41.929 1407 INFO rally.task.runner [-] Task 6dd1b05b-317d-41c1-8b75-a985824e8cec | ITER: 3 START
2020-03-20 00:21:41.930 1412 RALLYDEBUG rally.task.runner [-] Starting a worker. concurrency: 1 args: {"subnets_per_network": 2} times: 40 method_name: run timeout: 0 duration: None cls:
2020-03-20 00:21:41.933 1409 INFO rally.task.runner [-] Task 6dd1b05b-317d-41c1-8b75-a985824e8cec | ITER: 4 START
2020-03-20 00:21:41.934 1414 RALLYDEBUG rally.task.runner [-] Starting a worker. concurrency: 1 args: {"subnets_per_network": 2} times: 40 method_name: run timeout: 0 duration: None cls:
2020-03-20 00:21:41.936 1412 INFO rally.task.runner [-] Task 6dd1b05b-317d-41c1-8b75-a985824e8cec | ITER: 5 START
2020-03-20 00:21:41.937 1417 RALLYDEBUG rally.task.runner [-] Starting a worker. concurrency: 1 args: {"subnets_per_network": 2} times: 40 method_name: run timeout: 0 duration: None cls:
2020-03-20 00:21:41.942 1420 RALLYDEBUG rally.task.runner [-] Starting a worker. concurrency: 1 args: {"subnets_per_network": 2} times: 40 method_name: run timeout: 0 duration: None cls:
2020-03-20 00:21:41.943 1414 INFO rally.task.runner [-] Task 6dd1b05b-317d-41c1-8b75-a985824e8cec | ITER: 6 START
2020-03-20 00:21:41.944 1417 INFO rally.task.runner [-] Task 6dd1b05b-317d-41c1-8b75-a985824e8cec | ITER: 7 START
2020-03-20 00:21:41.943 1423 RALLYDEBUG rally.task.runner [-] Starting a worker. concurrency: 1 args: {"subnets_per_network": 2} times: 40 method_name: run timeout: 0 duration: None cls:
2020-03-20 00:21:41.947 1425 RALLYDEBUG rally.task.runner [-] Starting a worker. concurrency: 1 args: {"subnets_per_network": 2} times: 40 method_name: run timeout: 0 duration: None cls:
2020-03-20 00:21:41.948 1420 INFO rally.task.runner [-] Task 6dd1b05b-317d-41c1-8b75-a985824e8cec | ITER: 8 START
2020-03-20 00:21:41.949 1423 INFO rally.task.runner [-] Task 6dd1b05b-317d-41c1-8b75-a985824e8cec | ITER: 9 START
2020-03-20 00:21:41.950 1429 RALLYDEBUG rally.task.runner [-] Starting a worker. concurrency: 1 args: {"subnets_per_network": 2} times: 40 method_name: run timeout: 0 duration: None cls:
2020-03-20 00:21:41.953 1425 INFO rally.task.runner [-] Task 6dd1b05b-317d-41c1-8b75-a985824e8cec | ITER: 10 START
2020-03-20 00:21:41.954 1431 RALLYDEBUG rally.task.runner [-] Starting a worker. concurrency: 1 args: {"subnets_per_network": 2} times: 40 method_name: run timeout: 0 duration: None cls:
2020-03-20 00:21:41.956 1429 INFO rally.task.runner [-] Task 6dd1b05b-317d-41c1-8b75-a985824e8cec | ITER: 11 START
2020-03-20 00:21:41.958 1435 RALLYDEBUG rally.task.runner [-] Starting a worker. concurrency: 1 args: {"subnets_per_network": 2} times: 40 method_name: run timeout: 0 duration: None cls:
2020-03-20 00:21:41.960 1431 INFO rally.task.runner [-] Task 6dd1b05b-317d-41c1-8b75-a985824e8cec | ITER: 12 START
2020-03-20 00:21:41.960 1438 RALLYDEBUG rally.task.runner [-] Starting a worker. concurrency: 1 args: {"subnets_per_network": 2} times: 40 method_name: run timeout: 0 duration: None cls:
2020-03-20 00:21:41.964 1435 INFO rally.task.runner [-] Task 6dd1b05b-317d-41c1-8b75-a985824e8cec | ITER: 13 START
2020-03-20 00:21:41.964 1441 RALLYDEBUG rally.task.runner [-] Starting a worker. concurrency: 1 args: {"subnets_per_network": 2} times: 40 method_name: run timeout: 0 duration: None cls:
2020-03-20 00:21:41.965 1438 INFO rally.task.runner [-] Task 6dd1b05b-317d-41c1-8b75-a985824e8cec | ITER: 14 START
2020-03-20 00:21:41.967 1444 RALLYDEBUG rally.task.runner [-] Starting a worker. concurrency: 1 args: {"subnets_per_network": 2} times: 40 method_name: run timeout: 0 duration: None cls:
2020-03-20 00:21:41.970 1441 INFO rally.task.runner [-] Task 6dd1b05b-317d-41c1-8b75-a985824e8cec | ITER: 15 START
2020-03-20 00:21:41.970 1446 RALLYDEBUG rally.task.runner [-] Starting a worker. concurrency: 1 args: {"subnets_per_network": 2} times: 40 method_name: run timeout: 0 duration: None cls:
2020-03-20 00:21:41.972 1450 RALLYDEBUG rally.task.runner [-] Starting a worker. concurrency: 1 args: {"subnets_per_network": 2} times: 40 method_name: run timeout: 0 duration: None cls:
2020-03-20 00:21:41.973 1444 INFO rally.task.runner [-] Task 6dd1b05b-317d-41c1-8b75-a985824e8cec | ITER: 16 START
2020-03-20 00:21:41.975 1453 RALLYDEBUG rally.task.runner [-] Starting a worker. concurrency: 1 args: {"subnets_per_network": 2} times: 40 method_name: run timeout: 0 duration: None cls:
2020-03-20 00:21:41.976 1446 INFO rally.task.runner [-] Task 6dd1b05b-317d-41c1-8b75-a985824e8cec | ITER: 17 START
2020-03-20 00:21:41.977 1450 INFO rally.task.runner [-] Task 6dd1b05b-317d-41c1-8b75-a985824e8cec | ITER: 18 START
2020-03-20 00:21:41.978 1455 RALLYDEBUG rally.task.runner [-] Starting a worker. concurrency: 1 args: {"subnets_per_network": 2} times: 40 method_name: run timeout: 0 duration: None cls:
2020-03-20 00:21:41.980 1453 INFO rally.task.runner [-] Task 6dd1b05b-317d-41c1-8b75-a985824e8cec | ITER: 19 START
2020-03-20 00:21:41.983 1455 INFO rally.task.runner [-] Task 6dd1b05b-317d-41c1-8b75-a985824e8cec | ITER: 20 START
2020-03-20 00:21:42.651 1405 RALLYDEBUG rally_openstack.wrappers.network [-] CIDR generated: 10.2.0.0/24
2020-03-20 00:21:43.504 1406 RALLYDEBUG rally_openstack.wrappers.network [-] CIDR generated: 10.2.1.0/24
2020-03-20 00:21:43.971 1409 RALLYDEBUG rally_openstack.wrappers.network [-] CIDR generated: 10.2.2.0/24
2020-03-20 00:21:44.150 1407 RALLYDEBUG rally_openstack.wrappers.network [-] CIDR generated: 10.2.3.0/24
2020-03-20 00:21:44.173 1405 RALLYDEBUG rally_openstack.wrappers.network [-] CIDR generated: 10.2.4.0/24
2020-03-20 00:21:44.884 1412 RALLYDEBUG rally_openstack.wrappers.network [-] CIDR generated: 10.2.5.0/24
2020-03-20 00:21:45.236 1417 RALLYDEBUG rally_openstack.wrappers.network [-] CIDR generated: 10.2.6.0/24
2020-03-20 00:21:45.336 1420 RALLYDEBUG rally_openstack.wrappers.network [-] CIDR generated: 10.2.7.0/24
2020-03-20 00:21:45.351 1423 RALLYDEBUG rally_openstack.wrappers.network [-] CIDR generated: 10.2.8.0/24
2020-03-20 00:21:45.378 1414 RALLYDEBUG rally_openstack.wrappers.network [-] CIDR generated: 10.2.9.0/24
2020-03-20 00:21:45.627 1425 RALLYDEBUG rally_openstack.wrappers.network [-] CIDR generated: 10.2.10.0/24
2020-03-20 00:21:46.250 1431 RALLYDEBUG rally_openstack.wrappers.network [-] CIDR generated: 10.2.11.0/24
2020-03-20 00:21:46.741 1429 RALLYDEBUG rally_openstack.wrappers.network [-] CIDR generated: 10.2.12.0/24
2020-03-20 00:21:46.803 1438 RALLYDEBUG rally_openstack.wrappers.network [-] CIDR generated: 10.2.13.0/24
2020-03-20 00:21:46.835 1441 RALLYDEBUG rally_openstack.wrappers.network [-] CIDR generated: 10.2.14.0/24
2020-03-20 00:21:46.837 1435 RALLYDEBUG rally_openstack.wrappers.network [-] CIDR generated: 10.2.15.0/24
2020-03-20 00:21:46.916 1446 RALLYDEBUG rally_openstack.wrappers.network [-] CIDR generated: 10.2.16.0/24
2020-03-20 00:21:46.963 1450 RALLYDEBUG rally_openstack.wrappers.network [-] CIDR generated: 10.2.17.0/24
2020-03-20 00:21:46.997 1444 RALLYDEBUG rally_openstack.wrappers.network [-] CIDR generated: 10.2.18.0/24
2020-03-20 00:21:47.357 1455 RALLYDEBUG rally_openstack.wrappers.network [-] CIDR generated: 10.2.19.0/24
2020-03-20 00:21:47.399 1453 RALLYDEBUG rally_openstack.wrappers.network [-] CIDR generated: 10.2.20.0/24
2020-03-20 00:21:48.189 1405 INFO rally.task.runner [-] Task 6dd1b05b-317d-41c1-8b75-a985824e8cec | ITER: 1 END: OK
2020-03-20 00:21:48.194 1405 INFO rally.task.runner [-] Task 6dd1b05b-317d-41c1-8b75-a985824e8cec | ITER: 21 START
2020-03-20 00:21:50.144 1406 RALLYDEBUG rally_openstack.wrappers.network [-] CIDR generated: 10.2.21.0/24
2020-03-20 00:21:50.739 1405 RALLYDEBUG rally_openstack.wrappers.network [-] CIDR generated: 10.2.22.0/24
2020-03-20 00:21:51.035 1407 RALLYDEBUG rally_openstack.wrappers.network [-] CIDR generated: 10.2.23.0/24
2020-03-20 00:21:51.243 1412 RALLYDEBUG rally_openstack.wrappers.network [-] CIDR generated: 10.2.24.0/24
2020-03-20 00:21:51.278 1417 RALLYDEBUG rally_openstack.wrappers.network [-] CIDR generated: 10.2.25.0/24
2020-03-20 00:21:51.443 1409 RALLYDEBUG rally_openstack.wrappers.network [-] CIDR generated: 10.2.26.0/24
2020-03-20 00:21:51.660 1423 RALLYDEBUG rally_openstack.wrappers.network [-] CIDR generated: 10.2.27.0/24
2020-03-20 00:21:51.675 1435 RALLYDEBUG rally_openstack.wrappers.network [-] CIDR generated: 10.2.28.0/24
2020-03-20 00:21:51.695 1425 RALLYDEBUG rally_openstack.wrappers.network [-] CIDR generated: 10.2.29.0/24
2020-03-20 00:21:51.759 1438 RALLYDEBUG rally_openstack.wrappers.network [-] CIDR generated: 10.2.30.0/24
2020-03-20 00:21:51.801 1420 RALLYDEBUG rally_openstack.wrappers.network [-] CIDR generated: 10.2.31.0/24
2020-03-20 00:21:51.806 1446 RALLYDEBUG rally_openstack.wrappers.network [-] CIDR generated: 10.2.32.0/24
2020-03-20 00:21:51.841 1444 RALLYDEBUG rally_openstack.wrappers.network [-] CIDR generated: 10.2.33.0/24
2020-03-20 00:21:51.890 1414 RALLYDEBUG rally_openstack.wrappers.network [-] CIDR generated: 10.2.34.0/24
2020-03-20 00:21:51.923 1429 RALLYDEBUG rally_openstack.wrappers.network [-] CIDR generated: 10.2.35.0/24
2020-03-20 00:21:52.224 1431 RALLYDEBUG rally_openstack.wrappers.network [-] CIDR generated: 10.2.36.0/24
2020-03-20 00:21:52.289 1453 RALLYDEBUG rally_openstack.wrappers.network [-] CIDR generated: 10.2.37.0/24
2020-03-20 00:21:52.608 1450 RALLYDEBUG rally_openstack.wrappers.network [-] CIDR generated: 10.2.38.0/24
2020-03-20 00:21:53.266 1406 INFO rally.task.runner [-] Task 6dd1b05b-317d-41c1-8b75-a985824e8cec | ITER: 2 END: OK
2020-03-20 00:21:53.271 1406 INFO rally.task.runner [-] Task 6dd1b05b-317d-41c1-8b75-a985824e8cec | ITER: 22 START
2020-03-20 00:21:55.318 1441 RALLYDEBUG rally_openstack.wrappers.network [-] CIDR generated: 10.2.39.0/24
2020-03-20 00:21:57.681 1455 RALLYDEBUG rally_openstack.wrappers.network [-] CIDR generated: 10.2.40.0/24
2020-03-20 00:21:58.092 1435 INFO rally.task.runner [-] Task 6dd1b05b-317d-41c1-8b75-a985824e8cec | ITER: 13 END: OK
2020-03-20 00:21:58.097 1435 INFO rally.task.runner [-] Task 6dd1b05b-317d-41c1-8b75-a985824e8cec | ITER: 23 START
2020-03-20 00:21:58.156 1417 INFO rally.task.runner [-] Task 6dd1b05b-317d-41c1-8b75-a985824e8cec | ITER: 7 END: OK
2020-03-20 00:21:58.161 1417 INFO rally.task.runner [-] Task 6dd1b05b-317d-41c1-8b75-a985824e8cec | ITER: 24 START
2020-03-20 00:21:58.798 1444 INFO rally.task.runner [-] Task 6dd1b05b-317d-41c1-8b75-a985824e8cec | ITER: 16 END: OK
2020-03-20 00:21:58.804 1444 INFO rally.task.runner [-] Task 6dd1b05b-317d-41c1-8b75-a985824e8cec | ITER: 25 START
2020-03-20 00:22:01.235 1407 INFO rally.task.runner [-] Task 6dd1b05b-317d-41c1-8b75-a985824e8cec | ITER: 3 END: OK
2020-03-20 00:22:01.240 1407 INFO rally.task.runner [-] Task 6dd1b05b-317d-41c1-8b75-a985824e8cec | ITER: 26 START
2020-03-20 00:22:04.223 1406 RALLYDEBUG rally_openstack.wrappers.network [-] CIDR generated: 10.2.41.0/24
2020-03-20 00:22:06.300 1405 RALLYDEBUG rally_openstack.wrappers.network [-] CIDR generated: 10.2.42.0/24
2020-03-20 00:22:06.498 1414 INFO rally.task.runner [-] Task 6dd1b05b-317d-41c1-8b75-a985824e8cec | ITER: 6 END: OK
2020-03-20 00:22:06.501 1429 INFO rally.task.runner [-] Task 6dd1b05b-317d-41c1-8b75-a985824e8cec | ITER: 11 END: OK
2020-03-20 00:22:06.503 1414 INFO rally.task.runner [-] Task 6dd1b05b-317d-41c1-8b75-a985824e8cec | ITER: 27 START
2020-03-20 00:22:06.506 1429 INFO rally.task.runner [-] Task 6dd1b05b-317d-41c1-8b75-a985824e8cec | ITER: 28 START
2020-03-20 00:22:06.603 1435 RALLYDEBUG rally_openstack.wrappers.network [-] CIDR generated: 10.2.43.0/24
2020-03-20 00:22:06.839 1450 INFO rally.task.runner [-] Task 6dd1b05b-317d-41c1-8b75-a985824e8cec | ITER: 18 END: OK
2020-03-20 00:22:06.842 1417 RALLYDEBUG rally_openstack.wrappers.network [-] CIDR generated: 10.2.44.0/24
2020-03-20 00:22:06.843 1450 INFO rally.task.runner [-] Task 6dd1b05b-317d-41c1-8b75-a985824e8cec | ITER: 29 START
2020-03-20 00:22:07.169 1444 RALLYDEBUG rally_openstack.wrappers.network [-] CIDR generated: 10.2.45.0/24
2020-03-20 00:22:07.382 1407 RALLYDEBUG rally_openstack.wrappers.network [-] CIDR generated: 10.2.46.0/24
2020-03-20 00:22:07.538 1420 INFO rally.task.runner [-] Task 6dd1b05b-317d-41c1-8b75-a985824e8cec | ITER: 8 END: OK
2020-03-20 00:22:07.540 1446 INFO rally.task.runner [-] Task 6dd1b05b-317d-41c1-8b75-a985824e8cec | ITER: 17 END: OK
2020-03-20 00:22:07.541 1423 INFO rally.task.runner [-] Task 6dd1b05b-317d-41c1-8b75-a985824e8cec | ITER: 9 END: OK
2020-03-20 00:22:07.543 1420 INFO rally.task.runner [-] Task 6dd1b05b-317d-41c1-8b75-a985824e8cec | ITER: 30 START
2020-03-20 00:22:07.544 1446 INFO rally.task.runner [-] Task 6dd1b05b-317d-41c1-8b75-a985824e8cec | ITER: 31 START
2020-03-20 00:22:07.546 1423 INFO rally.task.runner [-] Task 6dd1b05b-317d-41c1-8b75-a985824e8cec | ITER: 32 START
2020-03-20 00:22:09.036 1425 INFO rally.task.runner [-] Task 6dd1b05b-317d-41c1-8b75-a985824e8cec | ITER: 10 END: OK
2020-03-20 00:22:09.043 1425 INFO rally.task.runner [-] Task 6dd1b05b-317d-41c1-8b75-a985824e8cec | ITER: 33 START
2020-03-20 00:22:09.593 1412 INFO rally.task.runner [-] Task 6dd1b05b-317d-41c1-8b75-a985824e8cec | ITER: 5 END: OK
2020-03-20 00:22:09.602 1412 INFO rally.task.runner [-] Task 6dd1b05b-317d-41c1-8b75-a985824e8cec | ITER: 34 START
2020-03-20 00:22:10.100 1455 INFO rally.task.runner [-] Task 6dd1b05b-317d-41c1-8b75-a985824e8cec | ITER: 20 END: OK
2020-03-20 00:22:10.103 1441 INFO rally.task.runner [-] Task 6dd1b05b-317d-41c1-8b75-a985824e8cec | ITER: 15 END: OK
2020-03-20 00:22:10.104 1431 INFO rally.task.runner [-] Task 6dd1b05b-317d-41c1-8b75-a985824e8cec | ITER: 12 END: OK
2020-03-20 00:22:10.105 1453 INFO rally.task.runner [-] Task 6dd1b05b-317d-41c1-8b75-a985824e8cec | ITER: 19 END: OK
2020-03-20 00:22:10.106 1409 INFO rally.task.runner [-] Task 6dd1b05b-317d-41c1-8b75-a985824e8cec | ITER: 4 END: OK
2020-03-20 00:22:10.107 1455 INFO rally.task.runner [-] Task 6dd1b05b-317d-41c1-8b75-a985824e8cec | ITER: 35 START
2020-03-20 00:22:10.111 1438 INFO rally.task.runner [-] Task 6dd1b05b-317d-41c1-8b75-a985824e8cec | ITER: 14 END: OK
2020-03-20 00:22:10.112 1431 INFO rally.task.runner [-] Task 6dd1b05b-317d-41c1-8b75-a985824e8cec | ITER: 38 START
2020-03-20 00:22:10.112 1441 INFO rally.task.runner [-] Task 6dd1b05b-317d-41c1-8b75-a985824e8cec | ITER: 36 START
2020-03-20 00:22:10.112 1453 INFO rally.task.runner [-] Task 6dd1b05b-317d-41c1-8b75-a985824e8cec | ITER: 37 START
2020-03-20 00:22:10.112 1409 INFO rally.task.runner [-] Task 6dd1b05b-317d-41c1-8b75-a985824e8cec | ITER: 39 START
2020-03-20 00:22:10.117 1438 INFO rally.task.runner [-] Task 6dd1b05b-317d-41c1-8b75-a985824e8cec | ITER: 40 START
2020-03-20 00:22:10.155 1414 RALLYDEBUG rally_openstack.wrappers.network [-] CIDR generated: 10.2.47.0/24
2020-03-20 00:22:10.198 1450 RALLYDEBUG rally_openstack.wrappers.network [-] CIDR generated: 10.2.48.0/24
2020-03-20 00:22:10.213 1420 RALLYDEBUG rally_openstack.wrappers.network [-] CIDR generated: 10.2.49.0/24
2020-03-20 00:22:10.719 1405 INFO rally.task.runner [-] Task 6dd1b05b-317d-41c1-8b75-a985824e8cec | ITER: 21 END: OK
2020-03-20 00:22:10.845 1423 RALLYDEBUG rally_openstack.wrappers.network [-] CIDR generated: 10.2.50.0/24
2020-03-20 00:22:10.851 1429 RALLYDEBUG rally_openstack.wrappers.network [-] CIDR generated: 10.2.51.0/24
2020-03-20 00:22:10.856 1406 RALLYDEBUG rally_openstack.wrappers.network [-] CIDR generated: 10.2.52.0/24
2020-03-20 00:22:10.857 1446 RALLYDEBUG rally_openstack.wrappers.network [-] CIDR generated: 10.2.53.0/24
2020-03-20 00:22:13.356 1425 RALLYDEBUG rally_openstack.wrappers.network [-] CIDR generated: 10.2.54.0/24
2020-03-20 00:22:13.952 1412 RALLYDEBUG rally_openstack.wrappers.network [-] CIDR generated: 10.2.55.0/24
2020-03-20 00:22:14.819 1441 RALLYDEBUG rally_openstack.wrappers.network [-] CIDR generated: 10.2.56.0/24
2020-03-20 00:22:14.923 1409 RALLYDEBUG rally_openstack.wrappers.network [-] CIDR generated: 10.2.57.0/24
2020-03-20 00:22:15.008 1431 RALLYDEBUG rally_openstack.wrappers.network [-] CIDR generated: 10.2.58.0/24
2020-03-20 00:22:15.043 1455 RALLYDEBUG rally_openstack.wrappers.network [-] CIDR generated: 10.2.59.0/24
2020-03-20 00:22:15.061 1438 RALLYDEBUG rally_openstack.wrappers.network [-] CIDR generated: 10.2.60.0/24
2020-03-20 00:22:15.306 1453 RALLYDEBUG rally_openstack.wrappers.network [-] CIDR generated: 10.2.61.0/24
2020-03-20 00:22:15.537 1444 RALLYDEBUG rally_openstack.wrappers.network [-] CIDR generated: 10.2.62.0/24
2020-03-20 00:22:15.693 1407 RALLYDEBUG rally_openstack.wrappers.network [-] CIDR generated: 10.2.63.0/24
2020-03-20 00:22:16.483 1406 INFO rally.task.runner [-] Task 6dd1b05b-317d-41c1-8b75-a985824e8cec | ITER: 22 END: OK
2020-03-20 00:22:16.624 1417 RALLYDEBUG rally_openstack.wrappers.network [-] CIDR generated: 10.2.64.0/24
2020-03-20 00:22:16.631 1435 RALLYDEBUG rally_openstack.wrappers.network [-] CIDR generated: 10.2.65.0/24
2020-03-20 00:22:19.860 1407 INFO rally.task.runner [-] Task 6dd1b05b-317d-41c1-8b75-a985824e8cec | ITER: 26 END: OK
2020-03-20 00:22:19.933 1444 INFO rally.task.runner [-] Task 6dd1b05b-317d-41c1-8b75-a985824e8cec | ITER: 25 END: OK
2020-03-20 00:22:19.967 1429 RALLYDEBUG rally_openstack.wrappers.network [-] CIDR generated: 10.2.66.0/24
2020-03-20 00:22:20.230 1446 RALLYDEBUG rally_openstack.wrappers.network [-] CIDR generated: 10.2.67.0/24
2020-03-20 00:22:20.251 1450 RALLYDEBUG rally_openstack.wrappers.network [-] CIDR generated: 10.2.68.0/24
2020-03-20 00:22:20.348 1412 RALLYDEBUG rally_openstack.wrappers.network [-] CIDR generated: 10.2.69.0/24
2020-03-20 00:22:20.527 1441 RALLYDEBUG rally_openstack.wrappers.network [-] CIDR generated: 10.2.70.0/24
2020-03-20 00:22:20.574 1425 RALLYDEBUG rally_openstack.wrappers.network [-] CIDR generated: 10.2.71.0/24
2020-03-20 00:22:20.739 1414 RALLYDEBUG rally_openstack.wrappers.network [-] CIDR generated: 10.2.72.0/24
2020-03-20 00:22:20.740 1420 RALLYDEBUG rally_openstack.wrappers.network [-] CIDR generated: 10.2.73.0/24
2020-03-20 00:22:20.760 1438 RALLYDEBUG rally_openstack.wrappers.network [-] CIDR generated: 10.2.74.0/24
2020-03-20 00:22:21.567 1435 INFO rally.task.runner [-] Task 6dd1b05b-317d-41c1-8b75-a985824e8cec | ITER: 23 END: OK
2020-03-20 00:22:21.576 1417 INFO rally.task.runner [-] Task 6dd1b05b-317d-41c1-8b75-a985824e8cec | ITER: 24 END: OK
2020-03-20 00:22:22.332 1423 RALLYDEBUG rally_openstack.wrappers.network [-] CIDR generated: 10.2.75.0/24
2020-03-20 00:22:22.510 1409 RALLYDEBUG rally_openstack.wrappers.network [-] CIDR generated: 10.2.76.0/24
2020-03-20 00:22:22.566 1455 RALLYDEBUG rally_openstack.wrappers.network [-] CIDR generated: 10.2.77.0/24
2020-03-20 00:22:22.567 1453 RALLYDEBUG rally_openstack.wrappers.network [-] CIDR generated: 10.2.78.0/24
2020-03-20 00:22:22.572 1431 RALLYDEBUG rally_openstack.wrappers.network [-] CIDR generated: 10.2.79.0/24
2020-03-20 00:22:24.601 1446 INFO rally.task.runner [-] Task 6dd1b05b-317d-41c1-8b75-a985824e8cec | ITER: 31 END: OK
2020-03-20 00:22:24.602 1429 INFO rally.task.runner [-] Task 6dd1b05b-317d-41c1-8b75-a985824e8cec | ITER: 28 END: OK
2020-03-20 00:22:24.984 1450 INFO rally.task.runner [-] Task 6dd1b05b-317d-41c1-8b75-a985824e8cec | ITER: 29 END: OK
2020-03-20 00:22:25.181 1412 INFO rally.task.runner [-] Task 6dd1b05b-317d-41c1-8b75-a985824e8cec | ITER: 34 END: OK
2020-03-20 00:22:25.184 1414 INFO rally.task.runner [-] Task 6dd1b05b-317d-41c1-8b75-a985824e8cec | ITER: 27 END: OK
2020-03-20 00:22:25.261 1425 INFO rally.task.runner [-] Task 6dd1b05b-317d-41c1-8b75-a985824e8cec | ITER: 33 END: OK
2020-03-20 00:22:25.548 1438 INFO rally.task.runner [-] Task 6dd1b05b-317d-41c1-8b75-a985824e8cec | ITER: 40 END: OK
2020-03-20 00:22:25.550 1441 INFO rally.task.runner [-] Task 6dd1b05b-317d-41c1-8b75-a985824e8cec | ITER: 36 END: OK
2020-03-20 00:22:25.589 1423 INFO rally.task.runner [-] Task 6dd1b05b-317d-41c1-8b75-a985824e8cec | ITER: 32 END: OK
2020-03-20 00:22:25.616 1420 INFO rally.task.runner [-] Task 6dd1b05b-317d-41c1-8b75-a985824e8cec | ITER: 30 END: OK
2020-03-20 00:22:25.962 1409 INFO rally.task.runner [-] Task 6dd1b05b-317d-41c1-8b75-a985824e8cec | ITER: 39 END: OK
2020-03-20 00:22:26.067 1453 INFO rally.task.runner [-] Task 6dd1b05b-317d-41c1-8b75-a985824e8cec | ITER: 37 END: OK
2020-03-20 00:22:26.459 1431 INFO rally.task.runner [-] Task 6dd1b05b-317d-41c1-8b75-a985824e8cec | ITER: 38 END: OK
2020-03-20 00:22:26.663 1455 INFO rally.task.runner [-] Task 6dd1b05b-317d-41c1-8b75-a985824e8cec | ITER: 35 END: OK
2020-03-20 00:22:26.681 15 INFO rally.task.context [-] Task 6dd1b05b-317d-41c1-8b75-a985824e8cec | Context cleanup@openstack cleanup() started
2020-03-20 00:22:26.685 15 RALLYDEBUG rally_openstack.cleanup.manager [-] Cleaning up neutron vip objects
2020-03-20 00:22:26.866 15 RALLYDEBUG rally_openstack.cleanup.manager [-] Cleaning up neutron health_monitor objects
2020-03-20 00:22:27.046 15 RALLYDEBUG rally_openstack.cleanup.manager [-] Cleaning up neutron pool objects
2020-03-20 00:22:27.213 15 RALLYDEBUG rally_openstack.cleanup.manager [-] Cleaning up neutron loadbalancer objects
2020-03-20 00:22:27.393 15 RALLYDEBUG rally_openstack.cleanup.manager [-] Cleaning up neutron floatingip objects
2020-03-20 00:22:27.585 15 RALLYDEBUG rally_openstack.cleanup.manager [-] Cleaning up neutron trunk objects
2020-03-20 00:22:27.747 15 DEBUG neutronclient.v2_0.client [-] Error message: {"NeutronError": {"message": "Invalid input for operation: 'tenant_id' is not supported for filtering.", "type": "InvalidInput", "detail": ""}} _handle_fault_response /usr/lib/python2.7/site-packages/neutronclient/v2_0/client.py:259
2020-03-20 00:22:27.779 15 DEBUG neutronclient.v2_0.client [-] Error message: {"NeutronError": {"message": "Invalid input for operation: 'tenant_id' is not supported for filtering.", "type": "InvalidInput", "detail": ""}} _handle_fault_response /usr/lib/python2.7/site-packages/neutronclient/v2_0/client.py:259
2020-03-20 00:22:27.811 15 DEBUG neutronclient.v2_0.client [-] Error message: {"NeutronError": {"message": "Invalid input for operation: 'tenant_id' is not supported for filtering.", "type": "InvalidInput", "detail": ""}} _handle_fault_response /usr/lib/python2.7/site-packages/neutronclient/v2_0/client.py:259
2020-03-20 00:22:27.812 15 ERROR rally_openstack.cleanup.manager [-] Seems like rally_openstack.cleanup.resources.NeutronTrunk.list(self) method is broken. It shouldn't raise any exceptions.: BadRequest: Invalid input for operation: 'tenant_id' is not supported for filtering. Neutron server returns request_ids: ['req-f7021133-f777-4ed2-b517-f48b253d0303']
2020-03-20 00:22:27.812 15 ERROR rally_openstack.cleanup.manager
Traceback (most recent call last):
2020-03-20 00:22:27.812 15 ERROR rally_openstack.cleanup.manager
File "/usr/lib/python2.7/site-packages/rally_openstack/cleanup/manager.py", line 133, in _publish
2020-03-20 00:22:27.812 15 ERROR rally_openstack.cleanup.manager for raw_resource in rutils.retry(3, manager.list):
2020-03-20 00:22:27.812 15 ERROR rally_openstack.cleanup.manager
File "/usr/lib/python2.7/site-packages/rally/common/utils.py", line 230, in retry
2020-03-20 00:22:27.812 15 ERROR rally_openstack.cleanup.manager return func(*args, **kwargs)
2020-03-20 00:22:27.812 15 ERROR rally_openstack.cleanup.manager
File "/usr/lib/python2.7/site-packages/rally_openstack/cleanup/resources.py", line 396, in list
2020-03-20 00:22:27.812 15 ERROR rally_openstack.cleanup.manager return super(NeutronTrunk, self).list()
2020-03-20 00:22:27.812 15 ERROR rally_openstack.cleanup.manager
File "/usr/lib/python2.7/site-packages/rally_openstack/cleanup/resources.py", line 273, in list
2020-03-20 00:22:27.812 15 ERROR rally_openstack.cleanup.manager result = list_method(tenant_id=self.tenant_uuid)[resources]
2020-03-20 00:22:27.812 15 ERROR rally_openstack.cleanup.manager
File "/usr/lib/python2.7/site-packages/neutronclient/v2_0/client.py", line 2105, in list_trunks
2020-03-20 00:22:27.812 15 ERROR rally_openstack.cleanup.manager **_params)
2020-03-20 00:22:27.812 15 ERROR rally_openstack.cleanup.manager
File "/usr/lib/python2.7/site-packages/neutronclient/v2_0/client.py", line 369, in list
2020-03-20 00:22:27.812 15 ERROR rally_openstack.cleanup.manager for r in self._pagination(collection, path, **params):
2020-03-20 00:22:27.812 15 ERROR rally_openstack.cleanup.manager
File "/usr/lib/python2.7/site-packages/neutronclient/v2_0/client.py", line 384, in _pagination
2020-03-20 00:22:27.812 15 ERROR rally_openstack.cleanup.manager res = self.get(path, params=params)
2020-03-20 00:22:27.812 15 ERROR rally_openstack.cleanup.manager
File "/usr/lib/python2.7/site-packages/neutronclient/v2_0/client.py", line 354, in get
2020-03-20 00:22:27.812 15 ERROR rally_openstack.cleanup.manager headers=headers, params=params)
2020-03-20 00:22:27.812 15 ERROR rally_openstack.cleanup.manager
File "/usr/lib/python2.7/site-packages/neutronclient/v2_0/client.py", line 331, in retry_request
2020-03-20 00:22:27.812 15 ERROR rally_openstack.cleanup.manager headers=headers, params=params)
2020-03-20 00:22:27.812 15 ERROR rally_openstack.cleanup.manager
File "/usr/lib/python2.7/site-packages/neutronclient/v2_0/client.py", line 294, in do_request
2020-03-20 00:22:27.812 15 ERROR rally_openstack.cleanup.manager self._handle_fault_response(status_code, replybody, resp)
2020-03-20 00:22:27.812 15 ERROR rally_openstack.cleanup.manager
File "/usr/lib/python2.7/site-packages/neutronclient/v2_0/client.py", line 269, in _handle_fault_response
2020-03-20 00:22:27.812 15 ERROR rally_openstack.cleanup.manager exception_handler_v20(status_code, error_body)
2020-03-20 00:22:27.812 15 ERROR rally_openstack.cleanup.manager
File "/usr/lib/python2.7/site-packages/neutronclient/v2_0/client.py", line 93, in exception_handler_v20
2020-03-20 00:22:27.812 15 ERROR rally_openstack.cleanup.manager request_ids=request_ids)
2020-03-20 00:22:27.812 15 ERROR rally_openstack.cleanup.manager BadRequest: Invalid input for operation: 'tenant_id' is not supported for filtering.
2020-03-20 00:22:27.812 15 ERROR rally_openstack.cleanup.manager Neutron server returns request_ids: ['req-f7021133-f777-4ed2-b517-f48b253d0303']
2020-03-20 00:22:27.812 15 ERROR rally_openstack.cleanup.manager
2020-03-20 00:22:27.823 15 RALLYDEBUG rally_openstack.cleanup.manager [-] Cleaning up neutron port objects
2020-03-20 00:22:28.350 15 RALLYDEBUG rally_openstack.cleanup.manager [-] Cleaning up neutron subnet objects
2020-03-20 00:22:28.789 15 RALLYDEBUG rally_openstack.cleanup.manager [-] Deleting neutron.subnet object s_rally_00cb9194_iVIrdWzf (00c36ebc-65cc-4541-a2e2-7272e74d652c)
2020-03-20 00:22:28.796 15 RALLYDEBUG rally_openstack.cleanup.manager [-] Deleting neutron.subnet object s_rally_00cb9194_QRYSFfNW (0109a2f5-9ddb-458b-a0ee-4911ae1472b3)
2020-03-20 00:22:28.804 15 RALLYDEBUG rally_openstack.cleanup.manager [-] Deleting neutron.subnet object s_rally_00cb9194_feqIOT1V (0559ad1c-722b-4903-8b59-2391a40bed35)
2020-03-20 00:22:28.816 15 RALLYDEBUG rally_openstack.cleanup.manager [-] Deleting neutron.subnet object s_rally_00cb9194_oH7caM1m (0e808f5e-2a07-428a-a243-f08c1dbb70db)
2020-03-20 00:22:28.824 15 RALLYDEBUG rally_openstack.cleanup.manager [-] Deleting neutron.subnet object s_rally_00cb9194_bR7ciKwQ (1203effd-a12f-4491-8d95-8a6a43df277a)
2020-03-20 00:22:28.838 15 RALLYDEBUG rally_openstack.cleanup.manager [-] Deleting neutron.subnet object s_rally_00cb9194_Zygyki4A (145bdce2-5c77-4326-a393-9e0d75351f77)
2020-03-20 00:22:28.845 15 RALLYDEBUG rally_openstack.cleanup.manager [-] Deleting neutron.subnet object s_rally_00cb9194_t5jHvmYq (1865124c-6258-4dfe-933c-a90876ad57d3)
2020-03-20 00:22:28.917 15 RALLYDEBUG rally_openstack.cleanup.manager [-] Deleting neutron.subnet object s_rally_00cb9194_lyPfcwXs (223ac5ab-bb8c-49dd-a216-732f77cf8ac4)
2020-03-20 00:22:28.924 15 RALLYDEBUG rally_openstack.cleanup.manager [-] Deleting neutron.subnet object s_rally_00cb9194_l0F38FAe (2d233ee7-b101-4182-8ed6-5c5b17ee6365)
2020-03-20 00:22:28.927 15 RALLYDEBUG rally_openstack.cleanup.manager [-] Deleting neutron.subnet object s_rally_00cb9194_3xLX3kzL (2dc91022-d779-4325-bfed-ef231b626d23)
2020-03-20 00:22:28.928 15 RALLYDEBUG rally_openstack.cleanup.manager [-] Deleting neutron.subnet object s_rally_00cb9194_4yRfYpTA (196f2db2-f614-43d3-b40d-d8f27b53a7ce)
2020-03-20 00:22:28.957 15 RALLYDEBUG rally_openstack.cleanup.manager [-] Deleting neutron.subnet object s_rally_00cb9194_oLaX00nW (31b1432b-7b2a-43d2-a251-23528c23c492)
2020-03-20 00:22:28.976 15 RALLYDEBUG rally_openstack.cleanup.manager [-] Deleting neutron.subnet object s_rally_00cb9194_3qV6rEue (376f1620-fbb3-4933-8fec-351bf48d4a98)
2020-03-20 00:22:28.980 15 RALLYDEBUG rally_openstack.cleanup.manager [-] Deleting neutron.subnet object s_rally_00cb9194_6F3nLfOt (23ce1d63-fa88-41c3-b355-672b313c221f)
2020-03-20 00:22:28.989 15 RALLYDEBUG rally_openstack.cleanup.manager [-] Deleting neutron.subnet object s_rally_00cb9194_TWgTmiA0 (3631106e-d087-4293-9bef-5df54ca0dec5)
2020-03-20 00:22:28.990 15 RALLYDEBUG rally_openstack.cleanup.manager [-] Deleting neutron.subnet object s_rally_00cb9194_mj6vS2Ui (3a0a0d29-aa6c-4df9-a283-5e3034e734f3)
2020-03-20 00:22:28.999 15 RALLYDEBUG rally_openstack.cleanup.manager [-] Deleting neutron.subnet object s_rally_00cb9194_F9DwoHXF (3f599d69-1a5d-487b-a61a-3f36f2f4ef88)
2020-03-20 00:22:29.003 15 RALLYDEBUG rally_openstack.cleanup.manager [-] Deleting neutron.subnet object s_rally_00cb9194_SHZoVaXo (3963e072-4220-4728-b6fd-a1b7aa5ade8d)
2020-03-20 00:22:29.017 15 RALLYDEBUG rally_openstack.cleanup.manager [-] Deleting neutron.subnet object s_rally_00cb9194_wH9CkEuw (426d6be6-faf8-493c-99c0-2f382e9be116)
2020-03-20 00:22:29.052 15 RALLYDEBUG rally_openstack.cleanup.manager [-] Deleting neutron.subnet object s_rally_00cb9194_1K422L1e (45f725a9-bd0b-4334-9539-b14c94438b2d)
2020-03-20 00:22:31.961 15 RALLYDEBUG rally_openstack.cleanup.manager [-] Deleting neutron.subnet object s_rally_00cb9194_428LBN84 (4af320e5-9960-4b2c-86f3-8bdf6051b338)
2020-03-20 00:22:31.965 15 RALLYDEBUG rally_openstack.cleanup.manager [-] Deleting neutron.subnet object s_rally_00cb9194_bLmVSTo5 (4df13e65-2096-4462-84a9-5452cb24038e)
2020-03-20 00:22:32.074 15 RALLYDEBUG rally_openstack.cleanup.manager [-] Deleting neutron.subnet object s_rally_00cb9194_Tss0R3Wz (5113d3a9-0a8c-4478-8eb4-c74dd11d5605)
2020-03-20 00:22:32.098 15 RALLYDEBUG rally_openstack.cleanup.manager [-] Deleting neutron.subnet object s_rally_00cb9194_HeD9BvDh (52a58d67-5267-4229-b76d-9893b44adb1d)
2020-03-20 00:22:32.181 15 RALLYDEBUG rally_openstack.cleanup.manager [-] Deleting neutron.subnet object s_rally_00cb9194_hOXOXOU5 (5688d5e1-46e9-4779-a289-e04506c83f42)
2020-03-20 00:22:32.698 15 RALLYDEBUG rally_openstack.cleanup.manager [-] Deleting neutron.subnet object s_rally_00cb9194_DHUXxsXU (57493608-96cb-4c51-a1ce-157391bb79c9)
2020-03-20 00:22:33.086 15 RALLYDEBUG rally_openstack.cleanup.manager [-] Deleting neutron.subnet object s_rally_00cb9194_TvvBEHoq (57d26868-b753-4faf-b5e8-719dfd2ac535)
2020-03-20 00:22:33.164 15 RALLYDEBUG rally_openstack.cleanup.manager [-] Deleting neutron.subnet object s_rally_00cb9194_fXGV8KNT (592a1ba7-776c-4f17-b7a5-dc4cd3fe9f47)
2020-03-20 00:22:33.180 15 RALLYDEBUG rally_openstack.cleanup.manager [-] Deleting neutron.subnet object s_rally_00cb9194_RuLPdfIU (5e4b9676-d51d-4132-9836-4028d2f6f313)
2020-03-20 00:22:33.224 15 RALLYDEBUG rally_openstack.cleanup.manager [-] Deleting neutron.subnet object s_rally_00cb9194_HA6RH8ai (64545a8f-b8dd-406e-8181-7059c6d9eb66)
2020-03-20 00:22:33.232 15 RALLYDEBUG rally_openstack.cleanup.manager [-] Deleting neutron.subnet object s_rally_00cb9194_ral25N4J (65b22952-ef64-49b9-a88b-1c9daa875aca)
2020-03-20 00:22:33.245 15 RALLYDEBUG rally_openstack.cleanup.manager [-] Deleting neutron.subnet object s_rally_00cb9194_EvFnTBRi (6bd9dc78-c94e-4574-8fb1-2735428918cd)
2020-03-20 00:22:33.365 15 RALLYDEBUG rally_openstack.cleanup.manager [-] Deleting neutron.subnet object s_rally_00cb9194_PZ8KVVwV (6dcc474f-3e9c-433e-b8c1-956b65e79df7)
2020-03-20 00:22:33.785 15 RALLYDEBUG rally_openstack.cleanup.manager [-] Deleting neutron.subnet object s_rally_00cb9194_0p25LGmx (7201b26c-b94f-4c08-8e5a-de18c24e4f0c)
2020-03-20 00:22:33.939 15 RALLYDEBUG rally_openstack.cleanup.manager [-] Deleting neutron.subnet object s_rally_00cb9194_zgHYBQYE (76bdb87d-5716-4ef1-b6ba-c5eed9a3b773)
2020-03-20 00:22:34.210 15 RALLYDEBUG rally_openstack.cleanup.manager [-] Deleting neutron.subnet object s_rally_00cb9194_5KcdFC8A (776cd08e-e86e-4d73-a637-41a32783b218)
2020-03-20 00:22:34.315 15 RALLYDEBUG rally_openstack.cleanup.manager [-] Deleting neutron.subnet object s_rally_00cb9194_UZgPgGDe (7a310428-9955-4169-a167-8e4f1d046c75)
2020-03-20 00:22:34.495 15 RALLYDEBUG rally_openstack.cleanup.manager [-] Deleting neutron.subnet object s_rally_00cb9194_J0yKcCAP (7ab6f98f-c7da-4f85-a6f2-b2727ad05807)
2020-03-20 00:22:34.609 15 RALLYDEBUG rally_openstack.cleanup.manager [-] Deleting neutron.subnet object s_rally_00cb9194_hTATVPUO (7e6ddc79-866e-488b-9d41-33d32f40ba3a)
2020-03-20 00:22:34.779 15 RALLYDEBUG rally_openstack.cleanup.manager [-] Deleting neutron.subnet object s_rally_00cb9194_m1UjTeHp (8514a817-d271-423c-803e-0881b22848d9)
2020-03-20 00:22:34.926 15 RALLYDEBUG rally_openstack.cleanup.manager [-] Deleting neutron.subnet object s_rally_00cb9194_CiJcTtz3 (8a71f2be-4d95-4739-b340-20d59a3658c5)
2020-03-20 00:22:35.276 15 RALLYDEBUG rally_openstack.cleanup.manager [-] Deleting neutron.subnet object s_rally_00cb9194_ksF6EquD (91db51ff-0186-4c5c-9ccb-c7ea26ee7ac3)
2020-03-20 00:22:35.360 15 RALLYDEBUG rally_openstack.cleanup.manager [-] Deleting neutron.subnet object s_rally_00cb9194_b59ldrRN (95773122-b136-49fe-b3a6-1fc1a08ed030)
2020-03-20 00:22:35.580 15 RALLYDEBUG rally_openstack.cleanup.manager [-] Deleting neutron.subnet object s_rally_00cb9194_HsqLyvXo (959913a3-64b2-458d-bbe5-9c4cfed48c99)
2020-03-20 00:22:35.735 15 RALLYDEBUG rally_openstack.cleanup.manager [-] Deleting neutron.subnet object s_rally_00cb9194_RTkI5s0o (9cd0cd34-92b4-40ea-aae4-bf4066dce9bc)
2020-03-20 00:22:35.750 15 RALLYDEBUG rally_openstack.cleanup.manager [-] Deleting neutron.subnet object s_rally_00cb9194_UE5KPiTb (a094623c-ef9a-4eab-8ba6-4579b13667be)
2020-03-20 00:22:35.796 15 RALLYDEBUG rally_openstack.cleanup.manager [-] Deleting neutron.subnet object s_rally_00cb9194_a5fu6bgm (a5e2adb6-93c6-4104-8106-9517be4e67d0)
2020-03-20 00:22:35.969 15 RALLYDEBUG rally_openstack.cleanup.manager [-] Deleting neutron.subnet object s_rally_00cb9194_RCMM5AFH (a6dd29bb-0db3-4545-924b-31b071b681d8)
2020-03-20 00:22:36.904 15 RALLYDEBUG rally_openstack.cleanup.manager [-] Deleting neutron.subnet object s_rally_00cb9194_eloyx0Of (a7bb8fc9-9705-46ad-ba94-02ffc8bf0988)
2020-03-20 00:22:37.613 15 RALLYDEBUG rally_openstack.cleanup.manager [-] Deleting neutron.subnet object s_rally_00cb9194_65JwtkIU (a7d9eee3-56e4-411e-bb3e-8def18c943c4)
2020-03-20 00:22:37.668 15 RALLYDEBUG rally_openstack.cleanup.manager [-] Deleting neutron.subnet object s_rally_00cb9194_yKryzeNn (a8099f82-90c3-4b5e-a878-fd96e545f655)
2020-03-20 00:22:37.757 15 RALLYDEBUG rally_openstack.cleanup.manager [-] Deleting neutron.subnet object s_rally_00cb9194_2P6ju9ui (a84933ce-980b-4d94-abce-a9bf8d484fa5)
2020-03-20 00:22:37.800 15 RALLYDEBUG rally_openstack.cleanup.manager [-] Deleting neutron.subnet object s_rally_00cb9194_jafPA4gZ (a8bbcefb-9cda-455d-8c05-31d68c6ec6a0)
2020-03-20 00:22:38.057 15 RALLYDEBUG rally_openstack.cleanup.manager [-] Deleting neutron.subnet object s_rally_00cb9194_YqZlDHXF (abfc77d3-684a-4bb5-a3ac-140df68516c1)
2020-03-20 00:22:38.138 15 RALLYDEBUG rally_openstack.cleanup.manager [-] Deleting neutron.subnet object s_rally_00cb9194_oHBBjWmW (b34b4613-c385-431f-8328-81789e9a9cd8)
2020-03-20 00:22:38.142 15 RALLYDEBUG rally_openstack.cleanup.manager [-] Deleting neutron.subnet object s_rally_00cb9194_OvP66GSE (b7b2a3b6-52ec-4a48-8afb-c4ea77345b08)
2020-03-20 00:22:38.208 15 RALLYDEBUG rally_openstack.cleanup.manager [-] Deleting neutron.subnet object s_rally_00cb9194_tKdPoRjV (b7f42dbd-76a9-4e60-9b86-d7d1a49a1630)
2020-03-20 00:22:38.356 15 RALLYDEBUG rally_openstack.cleanup.manager [-] Deleting neutron.subnet object s_rally_00cb9194_istpMmBo (baf2ef0f-972b-48f0-a6bc-a980644477c2)
2020-03-20 00:22:38.370 15 RALLYDEBUG rally_openstack.cleanup.manager [-] Deleting neutron.subnet object s_rally_00cb9194_IpyQj9Zm (bc473afa-ab67-4224-b258-bd3f3e650e96)
2020-03-20 00:22:38.512 15 RALLYDEBUG rally_openstack.cleanup.manager [-] Deleting neutron.subnet object s_rally_00cb9194_bvrW5u81 (bcc7d1c0-f1f1-4de5-b2d3-134eec484341)
2020-03-20 00:22:38.680 15 RALLYDEBUG rally_openstack.cleanup.manager [-] Deleting neutron.subnet object s_rally_00cb9194_THXN7gGw (bf4ee269-9550-407d-99dc-3d6c7bd05558)
2020-03-20 00:22:39.001 15 RALLYDEBUG rally_openstack.cleanup.manager [-] Deleting neutron.subnet object s_rally_00cb9194_AKIyiqo3 (bfe91b09-8cf0-492a-9388-b8ae5df824a8)
2020-03-20 00:22:39.580 15 RALLYDEBUG rally_openstack.cleanup.manager [-] Deleting neutron.subnet object s_rally_00cb9194_u2zodSH6 (c0b52da8-02d8-4764-9613-ae358344f8e2)
2020-03-20 00:22:39.750 15 RALLYDEBUG rally_openstack.cleanup.manager [-] Deleting neutron.subnet object s_rally_00cb9194_v1VNPQmW (c2242626-f680-4f7f-909b-414d0f2e3cb2)
2020-03-20 00:22:40.010 15 RALLYDEBUG rally_openstack.cleanup.manager [-] Deleting neutron.subnet object s_rally_00cb9194_u7YRd3EX (c2fc08ea-becd-4468-aaa4-a31d120ee7d2)
2020-03-20 00:22:40.085 15 RALLYDEBUG rally_openstack.cleanup.manager [-] Deleting neutron.subnet object s_rally_00cb9194_yFm4vYbS (c3b63f90-7e42-4fb3-b124-fc13ec8cae49)
2020-03-20 00:22:40.417 15 RALLYDEBUG rally_openstack.cleanup.manager [-] Deleting neutron.subnet object s_rally_00cb9194_ECOjGKp9 (ca7d7753-4670-43df-b20a-e8bd33f7f684)
2020-03-20 00:22:40.490 15 RALLYDEBUG rally_openstack.cleanup.manager [-] Deleting neutron.subnet object s_rally_00cb9194_llrVjEAQ (cb73c8a5-b37d-48d7-8e47-d8ba76a03ece)
2020-03-20 00:22:40.602 15 RALLYDEBUG rally_openstack.cleanup.manager [-] Deleting neutron.subnet object s_rally_00cb9194_EnOvz38H (ccced6b7-9729-47c9-9202-9441a87a2288)
2020-03-20 00:22:40.674 15 RALLYDEBUG rally_openstack.cleanup.manager [-] Deleting neutron.subnet object s_rally_00cb9194_pNYteZn5 (cf31c0c8-5285-4a04-9316-1865c26956e3)
2020-03-20 00:22:40.685 15 RALLYDEBUG rally_openstack.cleanup.manager [-] Deleting neutron.subnet object s_rally_00cb9194_ZEEvVxE5 (d62b3ff1-c3ab-41d6-a573-bbd51f8f9d8d)
2020-03-20 00:22:40.688 15 RALLYDEBUG rally_openstack.cleanup.manager [-] Deleting neutron.subnet object s_rally_00cb9194_YBiH1Ft7 (d260e245-3577-49a6-81f8-93ca896110c2)
2020-03-20 00:22:40.869 15 RALLYDEBUG rally_openstack.cleanup.manager [-] Deleting neutron.subnet object s_rally_00cb9194_KUJtZqAj (e0fbbc30-586c-4115-91e1-79aad4327bea)
2020-03-20 00:22:40.920 15 RALLYDEBUG rally_openstack.cleanup.manager [-] Deleting neutron.subnet object s_rally_00cb9194_iQaWTfX3 (e2ac56fa-4a6b-46c5-bfa8-80d8c7623da2)
2020-03-20 00:22:41.011 15 RALLYDEBUG rally_openstack.cleanup.manager [-] Deleting neutron.subnet object s_rally_00cb9194_qPl3TCKf (e2f4ad49-6cf9-47c4-9e37-7e05fa35a3f7)
2020-03-20 00:22:41.192 15 RALLYDEBUG rally_openstack.cleanup.manager [-] Deleting neutron.subnet object s_rally_00cb9194_FyPvF2If (e4caa583-84ef-4f05-a62d-b09d8c21b7f0)
2020-03-20 00:22:41.197 15 RALLYDEBUG rally_openstack.cleanup.manager [-] Deleting neutron.subnet object s_rally_00cb9194_YVmfgS5E (eeb7f554-b46c-42fa-a4a0-bad7563e0536)
2020-03-20 00:22:41.421 15 RALLYDEBUG rally_openstack.cleanup.manager [-] Deleting neutron.subnet object s_rally_00cb9194_db70eCVU (f7a6cc05-f10b-46d0-8c69-8ed9fc79af8a)
2020-03-20 00:22:41.436 15 RALLYDEBUG rally_openstack.cleanup.manager [-] Deleting neutron.subnet object s_rally_00cb9194_QKsNYjyt (f88bbabf-9aa6-4c90-ba7d-dab54d039ddd)
2020-03-20 00:22:41.850 15 RALLYDEBUG rally_openstack.cleanup.manager [-] Deleting neutron.subnet object s_rally_00cb9194_t4kFR8NV (fe2c7ede-ab5f-42a2-80f7-e1813c0d4f60)
2020-03-20 00:22:48.645 15 RALLYDEBUG rally_openstack.cleanup.manager [-] Cleaning up neutron network objects
2020-03-20 00:23:01.088 15 RALLYDEBUG rally_openstack.cleanup.manager [-] Deleting neutron.network object s_rally_00cb9194_MEJ7VM1g (056d26b1-5b74-40f4-849d-a4ca7c4ed7e4)
2020-03-20 00:23:01.096 15 RALLYDEBUG rally_openstack.cleanup.manager [-] Deleting neutron.network object s_rally_00cb9194_q4o2QKi8 (0a17b1d9-b5b8-4ea6-8179-cb626564d9d7)
2020-03-20 00:23:01.106 15 RALLYDEBUG rally_openstack.cleanup.manager [-] Deleting neutron.network object s_rally_00cb9194_xShcdENA (26fdafa3-9f22-420b-ae2a-b13b00981054)
2020-03-20 00:23:01.114 15 RALLYDEBUG rally_openstack.cleanup.manager [-] Deleting neutron.network object s_rally_00cb9194_0X2xa74E (2c5a5ba8-695d-4b31-82bd-6f0a49dddc79)
2020-03-20 00:23:01.129 15 RALLYDEBUG rally_openstack.cleanup.manager [-] Deleting neutron.network object s_rally_00cb9194_6UAM3PFM (2ce0bb07-6282-45de-80bb-ed8358e46a8d)
2020-03-20 00:23:01.137 15 RALLYDEBUG rally_openstack.cleanup.manager [-] Deleting neutron.network object s_rally_00cb9194_iAeMXsXo (2f610769-0c2c-4514-99c8-8c91be680810)
2020-03-20 00:23:01.141 15 RALLYDEBUG rally_openstack.cleanup.manager [-] Deleting neutron.network object s_rally_00cb9194_kxJOoEPp (3b8946ce-e9ea-4075-b304-8dee69e5b32c)
2020-03-20 00:23:01.151 15 RALLYDEBUG rally_openstack.cleanup.manager [-] Deleting neutron.network object s_rally_00cb9194_qcJRhghU (4d40112d-134e-48e7-ab69-bc2b7c194613)
2020-03-20 00:23:01.166 15 RALLYDEBUG rally_openstack.cleanup.manager [-] Deleting neutron.network object s_rally_00cb9194_P2gN8Jkf (51129fc9-211a-4d5b-a282-ebff01357986)
2020-03-20 00:23:01.205 15 RALLYDEBUG rally_openstack.cleanup.manager [-] Deleting neutron.network object s_rally_00cb9194_bvR5FoyY (5452f2ee-009c-4247-a93f-918bb63b59bc)
2020-03-20 00:23:01.217 15 RALLYDEBUG rally_openstack.cleanup.manager [-] Deleting neutron.network object s_rally_00cb9194_P3oKL1Cx (5e51f5a7-ba92-4654-bffd-896ad714cadf)
2020-03-20 00:23:01.292 15 RALLYDEBUG rally_openstack.cleanup.manager [-] Deleting neutron.network object s_rally_00cb9194_j7GDJp0T (5f3e9a91-88b7-4c75-bd3e-8e60fc3f5939)
2020-03-20 00:23:01.297 15 RALLYDEBUG rally_openstack.cleanup.manager [-] Deleting neutron.network object s_rally_00cb9194_ByrGr1jW (6125e3e2-1e48-4256-8690-19ae856d3c8c)
2020-03-20 00:23:01.297 15 RALLYDEBUG rally_openstack.cleanup.manager [-] Deleting neutron.network object s_rally_00cb9194_Erd7y3Et (65b3547b-772a-42b1-889e-a3cde06576b1)
2020-03-20 00:23:01.311 15 RALLYDEBUG rally_openstack.cleanup.manager [-] Deleting neutron.network object s_rally_00cb9194_Aj26gerG (6ca4ce5d-19d4-431b-9cd0-a739455c92d1)
2020-03-20 00:23:01.316 15 RALLYDEBUG rally_openstack.cleanup.manager [-] Deleting neutron.network object s_rally_00cb9194_2nPJJoNx (74829f4f-7e29-4aa0-ae2d-53bfbc8b7d53)
2020-03-20 00:23:01.332 15 RALLYDEBUG rally_openstack.cleanup.manager [-] Deleting neutron.network object s_rally_00cb9194_7cGXv65v (70c8e51c-f9be-4a01-9f5f-65326c2e5b9e)
2020-03-20 00:23:01.335 15 RALLYDEBUG rally_openstack.cleanup.manager [-] Deleting neutron.network object s_rally_00cb9194_sHxiQiX4 (75be565a-a0c0-4d7a-a50f-925dac874017)
2020-03-20 00:23:01.339 15 RALLYDEBUG rally_openstack.cleanup.manager [-] Deleting neutron.network object s_rally_00cb9194_xd9aOFBl (76f64fd6-d4b9-4258-8aab-eeae883aab60)
2020-03-20 00:23:01.349 15 RALLYDEBUG rally_openstack.cleanup.manager [-] Deleting neutron.network object s_rally_00cb9194_9pueSGSi (7bc99298-75bb-4596-8fcf-3c306d9d15c5)
2020-03-20 00:23:15.728 15 RALLYDEBUG rally_openstack.cleanup.manager [-] Deleting neutron.network object s_rally_00cb9194_JEAZ8n2B (7cd253a5-27cd-4d45-8b43-c5d127b7c71f)
2020-03-20 00:23:20.764 15 RALLYDEBUG rally_openstack.cleanup.manager [-] Deleting neutron.network object s_rally_00cb9194_VYmP51Dk (83143a0c-d969-4d06-9cd4-b7f569b2cc2f)
2020-03-20 00:23:24.093 15 RALLYDEBUG rally_openstack.cleanup.manager [-] Deleting neutron.network object s_rally_00cb9194_v2dv2dWC (83280542-017f-44c0-8c81-aad0fbe7d594)
