2020-03-20 00:17:58.401 6 RALLYDEBUG rally.api [-] INFO logs from urllib3 and requests module are hide.
2020-03-20 00:17:58.402 6 RALLYDEBUG rally.api [-] urllib3 insecure warnings are hidden.
2020-03-20 00:17:58.402 6 RALLYDEBUG rally.api [-] ERROR log from boto module is hide.
2020-03-20 00:17:59.889 6 ERROR rally.cli.cliutils [-] Unexpected exception in CLI: DBRecordNotFound: Record for uuid or name is opnfv-rally not found in table envs
2020-03-20 00:17:59.889 6 ERROR rally.cli.cliutils
Traceback (most recent call last):
2020-03-20 00:17:59.889 6 ERROR rally.cli.cliutils
File "/usr/lib/python2.7/site-packages/rally/cli/cliutils.py", line 674, in run
2020-03-20 00:17:59.889 6 ERROR rally.cli.cliutils ret = fn(*fn_args, **fn_kwargs)
2020-03-20 00:17:59.889 6 ERROR rally.cli.cliutils File "", line 2, in destroy
2020-03-20 00:17:59.889 6 ERROR rally.cli.cliutils
File "/usr/lib/python2.7/site-packages/rally/cli/envutils.py", line 68, in default_from_global
2020-03-20 00:17:59.889 6 ERROR rally.cli.cliutils return f(*args, **kwargs)
2020-03-20 00:17:59.889 6 ERROR rally.cli.cliutils File "", line 2, in destroy
2020-03-20 00:17:59.889 6 ERROR rally.cli.cliutils
File "/usr/lib/python2.7/site-packages/rally/plugins/__init__.py", line 51, in ensure_plugins_are_loaded
2020-03-20 00:17:59.889 6 ERROR rally.cli.cliutils return f(*args, **kwargs)
2020-03-20 00:17:59.889 6 ERROR rally.cli.cliutils
File "/usr/lib/python2.7/site-packages/rally/cli/commands/deployment.py", line 157, in destroy
2020-03-20 00:17:59.889 6 ERROR rally.cli.cliutils api.deployment.destroy(deployment=deployment)
2020-03-20 00:17:59.889 6 ERROR rally.cli.cliutils
File "/usr/lib/python2.7/site-packages/rally/api.py", line 115, in destroy
2020-03-20 00:17:59.889 6 ERROR rally.cli.cliutils deploy = objects.Deployment.get(deployment)
2020-03-20 00:17:59.889 6 ERROR rally.cli.cliutils
File "/usr/lib/python2.7/site-packages/rally/common/objects/deploy.py", line 124, in get
2020-03-20 00:17:59.889 6 ERROR rally.cli.cliutils return Deployment(env_mgr.EnvManager.get(deploy))
2020-03-20 00:17:59.889 6 ERROR rally.cli.cliutils
File "/usr/lib/python2.7/site-packages/rally/env/env_mgr.py", line 212, in get
2020-03-20 00:17:59.889 6 ERROR rally.cli.cliutils return cls(db.env_get(uuid_or_name))
2020-03-20 00:17:59.889 6 ERROR rally.cli.cliutils
File "/usr/lib/python2.7/site-packages/rally/common/db/api.py", line 135, in wrapper
2020-03-20 00:17:59.889 6 ERROR rally.cli.cliutils result = f(session, *args, **kwargs)
2020-03-20 00:17:59.889 6 ERROR rally.cli.cliutils
File "/usr/lib/python2.7/site-packages/rally/common/db/api.py", line 521, in env_get
2020-03-20 00:17:59.889 6 ERROR rally.cli.cliutils criteria="uuid or name is %s" % uuid_or_name, table="envs")
2020-03-20 00:17:59.889 6 ERROR rally.cli.cliutils DBRecordNotFound: Record for uuid or name is opnfv-rally not found in table envs
2020-03-20 00:17:59.889 6 ERROR rally.cli.cliutils
2020-03-20 00:18:00.854 8 RALLYDEBUG rally.api [-] INFO logs from urllib3 and requests module are hide.
2020-03-20 00:18:00.854 8 RALLYDEBUG rally.api [-] urllib3 insecure warnings are hidden.
2020-03-20 00:18:00.854 8 RALLYDEBUG rally.api [-] ERROR log from boto module is hide.
2020-03-20 00:18:03.226 10 RALLYDEBUG rally.api [-] INFO logs from urllib3 and requests module are hide.
2020-03-20 00:18:03.226 10 RALLYDEBUG rally.api [-] urllib3 insecure warnings are hidden.
2020-03-20 00:18:03.226 10 RALLYDEBUG rally.api [-] ERROR log from boto module is hide.
2020-03-20 00:18:06.057 13 RALLYDEBUG rally.api [-] INFO logs from urllib3 and requests module are hide.
2020-03-20 00:18:06.057 13 RALLYDEBUG rally.api [-] urllib3 insecure warnings are hidden.
2020-03-20 00:18:06.057 13 RALLYDEBUG rally.api [-] ERROR log from boto module is hide.
2020-03-20 00:18:07.843 15 RALLYDEBUG rally.api [-] INFO logs from urllib3 and requests module are hide.
2020-03-20 00:18:07.843 15 RALLYDEBUG rally.api [-] urllib3 insecure warnings are hidden.
2020-03-20 00:18:07.843 15 RALLYDEBUG rally.api [-] ERROR log from boto module is hide.
2020-03-20 00:18:09.037 15 INFO rally.common.plugin.discover [-] Loading plugins from directories /root/.rally/plugins/*
2020-03-20 00:18:09.037 15 INFO rally.common.plugin.discover [-] Loaded module with plugins: /root/.rally/plugins/__init__.py
2020-03-20 00:18:09.040 15 INFO rally.common.plugin.discover [-] Loaded module with plugins: /root/.rally/plugins/trunk_scenario.py
2020-03-20 00:18:09.248 15 INFO rally.task.engine [-] Task 6dd1b05b-317d-41c1-8b75-a985824e8cec | Starting: Task validation.
2020-03-20 00:18:09.254 15 INFO rally.task.engine [-] Task 6dd1b05b-317d-41c1-8b75-a985824e8cec | Starting: Task validation of syntax.
2020-03-20 00:18:09.518 15 INFO rally.task.engine [-] Task 6dd1b05b-317d-41c1-8b75-a985824e8cec | Completed: Task validation of syntax.
2020-03-20 00:18:09.518 15 INFO rally.task.engine [-] Task 6dd1b05b-317d-41c1-8b75-a985824e8cec | Starting: Task validation of required platforms.
2020-03-20 00:18:09.637 15 INFO rally.task.engine [-] Task 6dd1b05b-317d-41c1-8b75-a985824e8cec | Completed: Task validation of required platforms.
2020-03-20 00:18:09.637 15 INFO rally.task.engine [-] Task 6dd1b05b-317d-41c1-8b75-a985824e8cec | Starting: Task validation of semantic.
2020-03-20 00:18:09.637 15 INFO rally.task.engine [-] Check health of the environment '184774b2-03e1-4048-8ea2-a8b9ebeb17a4'.
2020-03-20 00:18:10.171 15 INFO rally.task.engine [-] Platform existing@openstack (available: True): OK!
2020-03-20 00:18:10.193 15 RALLYDEBUG rally_openstack.contexts.keystone.users [-] Creating 1 tenants using 20 threads
2020-03-20 00:18:11.614 15 RALLYDEBUG rally_openstack.contexts.keystone.users [-] Creating 1 users using 20 threads
2020-03-20 00:18:12.333 15 INFO rally.task.context [-] Task 6dd1b05b-317d-41c1-8b75-a985824e8cec | Context users@openstack setup() finished in 2.14 sec
2020-03-20 00:18:13.875 15 INFO rally.task.context [-] Task 6dd1b05b-317d-41c1-8b75-a985824e8cec | Context users@openstack cleanup() started
2020-03-20 00:18:15.387 15 INFO rally.task.context [-] Task 6dd1b05b-317d-41c1-8b75-a985824e8cec | Context users@openstack cleanup() finished in 1.51 sec
2020-03-20 00:18:15.388 15 INFO rally.task.engine [-] Task 6dd1b05b-317d-41c1-8b75-a985824e8cec | Completed: Task validation of semantic.
2020-03-20 00:18:15.388 15 INFO rally.task.engine [-] Task 6dd1b05b-317d-41c1-8b75-a985824e8cec | Completed: Task validation.
2020-03-20 00:18:15.388 15 INFO rally.api [-] Task 6dd1b05b-317d-41c1-8b75-a985824e8cec input file is valid.
2020-03-20 00:18:15.389 15 INFO rally.api [-] Run Task 6dd1b05b-317d-41c1-8b75-a985824e8cec against Deployment 184774b2-03e1-4048-8ea2-a8b9ebeb17a4
2020-03-20 00:18:15.389 15 INFO rally.task.engine [-] Task 6dd1b05b-317d-41c1-8b75-a985824e8cec | Starting: Running task.
2020-03-20 00:18:15.425 15 INFO rally.task.engine [-] Running workload: position = 0 config = { "version": 2, "title": "A cropped version of a bigger task.", "description": "Auto-generated task from a single workload (uuid=d702a047-48e0-43d4-b877-217e17e9a964)", "subtasks": [ { "title": "NeutronNetworks.create_and_list_networks", "description": "Check performance of list_networks action and ensure > network quotas are not exceeded", "scenario": { "NeutronNetworks.create_and_list_networks": {} }, "contexts": { "users": { "tenants": 1, "users_per_tenant": 1 }, "quotas": { "neutron": { "network": 119 } } }, "runner": { "constant": { "times": 100, "concurrency": 20 } }, "hooks": [], "sla": { "max_avg_duration_per_atomic": { "neutron.list_networks": 15 }, "failure_rate": { "max": 0 } } } ] }
2020-03-20 00:18:15.445 15 RALLYDEBUG rally_openstack.contexts.keystone.users [-] Creating 1 tenants using 20 threads
2020-03-20 00:18:15.782 15 RALLYDEBUG rally_openstack.contexts.keystone.users [-] Creating 1 users using 20 threads
2020-03-20 00:18:16.475 15 INFO rally.task.context [-] Task 6dd1b05b-317d-41c1-8b75-a985824e8cec | Context users@openstack setup() finished in 1.03 sec
2020-03-20 00:18:16.844 15 INFO rally.task.context [-] Task 6dd1b05b-317d-41c1-8b75-a985824e8cec | Context quotas@openstack setup() finished in 0.37 sec
2020-03-20 00:18:16.844 15 INFO rally.task.context [-] Task 6dd1b05b-317d-41c1-8b75-a985824e8cec | Context cleanup@openstack setup() finished in 0.02 msec
2020-03-20 00:18:16.853 15 RALLYDEBUG rally.task.runner [-] Starting the constant runner (task UUID: 6dd1b05b-317d-41c1-8b75-a985824e8cec). timeout: 0 concurrency: 20 concurrency_per_worker: 1 times: 100 concurrency_overhead: 0 processes_to_start: 20 max_cpu_used: 88
2020-03-20 00:18:16.866 139 RALLYDEBUG rally.task.runner [-] Starting a worker. concurrency: 1 args: {} times: 100 method_name: run timeout: 0 duration: None cls:
2020-03-20 00:18:16.869 140 RALLYDEBUG rally.task.runner [-] Starting a worker. concurrency: 1 args: {} times: 100 method_name: run timeout: 0 duration: None cls:
2020-03-20 00:18:16.872 139 INFO rally.task.runner [-] Task 6dd1b05b-317d-41c1-8b75-a985824e8cec | ITER: 1 START
2020-03-20 00:18:16.872 141 RALLYDEBUG rally.task.runner [-] Starting a worker. concurrency: 1 args: {} times: 100 method_name: run timeout: 0 duration: None cls:
2020-03-20 00:18:16.874 142 RALLYDEBUG rally.task.runner [-] Starting a worker. concurrency: 1 args: {} times: 100 method_name: run timeout: 0 duration: None cls:
2020-03-20 00:18:16.875 140 INFO rally.task.runner [-] Task 6dd1b05b-317d-41c1-8b75-a985824e8cec | ITER: 2 START
2020-03-20 00:18:16.878 141 INFO rally.task.runner [-] Task 6dd1b05b-317d-41c1-8b75-a985824e8cec | ITER: 3 START
2020-03-20 00:18:16.877 145 RALLYDEBUG rally.task.runner [-] Starting a worker. concurrency: 1 args: {} times: 100 method_name: run timeout: 0 duration: None cls:
2020-03-20 00:18:16.880 147 RALLYDEBUG rally.task.runner [-] Starting a worker. concurrency: 1 args: {} times: 100 method_name: run timeout: 0 duration: None cls:
2020-03-20 00:18:16.883 142 INFO rally.task.runner [-] Task 6dd1b05b-317d-41c1-8b75-a985824e8cec | ITER: 4 START
2020-03-20 00:18:16.883 151 RALLYDEBUG rally.task.runner [-] Starting a worker. concurrency: 1 args: {} times: 100 method_name: run timeout: 0 duration: None cls:
2020-03-20 00:18:16.886 147 INFO rally.task.runner [-] Task 6dd1b05b-317d-41c1-8b75-a985824e8cec | ITER: 6 START
2020-03-20 00:18:16.886 145 INFO rally.task.runner [-] Task 6dd1b05b-317d-41c1-8b75-a985824e8cec | ITER: 5 START
2020-03-20 00:18:16.886 153 RALLYDEBUG rally.task.runner [-] Starting a worker. concurrency: 1 args: {} times: 100 method_name: run timeout: 0 duration: None cls:
2020-03-20 00:18:16.891 151 INFO rally.task.runner [-] Task 6dd1b05b-317d-41c1-8b75-a985824e8cec | ITER: 7 START
2020-03-20 00:18:16.891 156 RALLYDEBUG rally.task.runner [-] Starting a worker. concurrency: 1 args: {} times: 100 method_name: run timeout: 0 duration: None cls:
2020-03-20 00:18:16.893 160 RALLYDEBUG rally.task.runner [-] Starting a worker. concurrency: 1 args: {} times: 100 method_name: run timeout: 0 duration: None cls:
2020-03-20 00:18:16.894 162 RALLYDEBUG rally.task.runner [-] Starting a worker. concurrency: 1 args: {} times: 100 method_name: run timeout: 0 duration: None cls:
2020-03-20 00:18:16.895 153 INFO rally.task.runner [-] Task 6dd1b05b-317d-41c1-8b75-a985824e8cec | ITER: 8 START
2020-03-20 00:18:16.896 156 INFO rally.task.runner [-] Task 6dd1b05b-317d-41c1-8b75-a985824e8cec | ITER: 9 START
2020-03-20 00:18:16.897 165 RALLYDEBUG rally.task.runner [-] Starting a worker. concurrency: 1 args: {} times: 100 method_name: run timeout: 0 duration: None cls:
2020-03-20 00:18:16.900 162 INFO rally.task.runner [-] Task 6dd1b05b-317d-41c1-8b75-a985824e8cec | ITER: 11 START
2020-03-20 00:18:16.901 167 RALLYDEBUG rally.task.runner [-] Starting a worker. concurrency: 1 args: {} times: 100 method_name: run timeout: 0 duration: None cls:
2020-03-20 00:18:16.902 160 INFO rally.task.runner [-] Task 6dd1b05b-317d-41c1-8b75-a985824e8cec | ITER: 10 START
2020-03-20 00:18:16.903 171 RALLYDEBUG rally.task.runner [-] Starting a worker. concurrency: 1 args: {} times: 100 method_name: run timeout: 0 duration: None cls:
2020-03-20 00:18:16.906 165 INFO rally.task.runner [-] Task 6dd1b05b-317d-41c1-8b75-a985824e8cec | ITER: 12 START
2020-03-20 00:18:16.906 167 INFO rally.task.runner [-] Task 6dd1b05b-317d-41c1-8b75-a985824e8cec | ITER: 13 START
2020-03-20 00:18:16.906 174 RALLYDEBUG rally.task.runner [-] Starting a worker. concurrency: 1 args: {} times: 100 method_name: run timeout: 0 duration: None cls:
2020-03-20 00:18:16.909 178 RALLYDEBUG rally.task.runner [-] Starting a worker. concurrency: 1 args: {} times: 100 method_name: run timeout: 0 duration: None cls:
2020-03-20 00:18:16.911 174 INFO rally.task.runner [-] Task 6dd1b05b-317d-41c1-8b75-a985824e8cec | ITER: 15 START
2020-03-20 00:18:16.912 181 RALLYDEBUG rally.task.runner [-] Starting a worker. concurrency: 1 args: {} times: 100 method_name: run timeout: 0 duration: None cls:
2020-03-20 00:18:16.914 178 INFO rally.task.runner [-] Task 6dd1b05b-317d-41c1-8b75-a985824e8cec | ITER: 16 START
2020-03-20 00:18:16.914 171 INFO rally.task.runner [-] Task 6dd1b05b-317d-41c1-8b75-a985824e8cec | ITER: 14 START
2020-03-20 00:18:16.915 183 RALLYDEBUG rally.task.runner [-] Starting a worker. concurrency: 1 args: {} times: 100 method_name: run timeout: 0 duration: None cls:
2020-03-20 00:18:16.918 181 INFO rally.task.runner [-] Task 6dd1b05b-317d-41c1-8b75-a985824e8cec | ITER: 17 START
2020-03-20 00:18:16.917 186 RALLYDEBUG rally.task.runner [-] Starting a worker. concurrency: 1 args: {} times: 100 method_name: run timeout: 0 duration: None cls:
2020-03-20 00:18:16.921 190 RALLYDEBUG rally.task.runner [-] Starting a worker. concurrency: 1 args: {} times: 100 method_name: run timeout: 0 duration: None cls:
2020-03-20 00:18:16.922 183 INFO rally.task.runner [-] Task 6dd1b05b-317d-41c1-8b75-a985824e8cec | ITER: 18 START
2020-03-20 00:18:16.923 186 INFO rally.task.runner [-] Task 6dd1b05b-317d-41c1-8b75-a985824e8cec | ITER: 19 START
2020-03-20 00:18:16.926 190 INFO rally.task.runner [-] Task 6dd1b05b-317d-41c1-8b75-a985824e8cec | ITER: 20 START
2020-03-20 00:18:18.803 139 INFO rally.task.runner [-] Task 6dd1b05b-317d-41c1-8b75-a985824e8cec | ITER: 1 END: OK
2020-03-20 00:18:18.807 139 INFO rally.task.runner [-] Task 6dd1b05b-317d-41c1-8b75-a985824e8cec | ITER: 21 START
2020-03-20 00:18:18.983 140 INFO rally.task.runner [-] Task 6dd1b05b-317d-41c1-8b75-a985824e8cec | ITER: 2 END: OK
2020-03-20 00:18:18.988 140 INFO rally.task.runner [-] Task 6dd1b05b-317d-41c1-8b75-a985824e8cec | ITER: 22 START
2020-03-20 00:18:19.865 147 INFO rally.task.runner [-] Task 6dd1b05b-317d-41c1-8b75-a985824e8cec | ITER: 6 END: OK
2020-03-20 00:18:19.871 147 INFO rally.task.runner [-] Task 6dd1b05b-317d-41c1-8b75-a985824e8cec | ITER: 23 START
2020-03-20 00:18:20.133 145 INFO rally.task.runner [-] Task 6dd1b05b-317d-41c1-8b75-a985824e8cec | ITER: 5 END: OK
2020-03-20 00:18:20.137 145 INFO rally.task.runner [-] Task 6dd1b05b-317d-41c1-8b75-a985824e8cec | ITER: 24 START
2020-03-20 00:18:20.331 151 INFO rally.task.runner [-] Task 6dd1b05b-317d-41c1-8b75-a985824e8cec | ITER: 7 END: OK
2020-03-20 00:18:20.335 151 INFO rally.task.runner [-] Task 6dd1b05b-317d-41c1-8b75-a985824e8cec | ITER: 25 START
2020-03-20 00:18:20.426 162 INFO rally.task.runner [-] Task 6dd1b05b-317d-41c1-8b75-a985824e8cec | ITER: 11 END: OK
2020-03-20 00:18:20.431 162 INFO rally.task.runner [-] Task 6dd1b05b-317d-41c1-8b75-a985824e8cec | ITER: 26 START
2020-03-20 00:18:21.255 153 INFO rally.task.runner [-] Task 6dd1b05b-317d-41c1-8b75-a985824e8cec | ITER: 8 END: OK
2020-03-20 00:18:21.259 153 INFO rally.task.runner [-] Task 6dd1b05b-317d-41c1-8b75-a985824e8cec | ITER: 27 START
2020-03-20 00:18:21.270 156 INFO rally.task.runner [-] Task 6dd1b05b-317d-41c1-8b75-a985824e8cec | ITER: 9 END: OK
2020-03-20 00:18:21.275 156 INFO rally.task.runner [-] Task 6dd1b05b-317d-41c1-8b75-a985824e8cec | ITER: 28 START
2020-03-20 00:18:21.685 190 INFO rally.task.runner [-] Task 6dd1b05b-317d-41c1-8b75-a985824e8cec | ITER: 20 END: OK
2020-03-20 00:18:21.689 190 INFO rally.task.runner [-] Task 6dd1b05b-317d-41c1-8b75-a985824e8cec | ITER: 29 START
2020-03-20 00:18:21.934 142 INFO rally.task.runner [-] Task 6dd1b05b-317d-41c1-8b75-a985824e8cec | ITER: 4 END: OK
2020-03-20 00:18:21.939 142 INFO rally.task.runner [-] Task 6dd1b05b-317d-41c1-8b75-a985824e8cec | ITER: 30 START
2020-03-20 00:18:22.050 183 INFO rally.task.runner [-] Task 6dd1b05b-317d-41c1-8b75-a985824e8cec | ITER: 18 END: OK
2020-03-20 00:18:22.055 183 INFO rally.task.runner [-] Task 6dd1b05b-317d-41c1-8b75-a985824e8cec | ITER: 31 START
2020-03-20 00:18:22.297 141 INFO rally.task.runner [-] Task 6dd1b05b-317d-41c1-8b75-a985824e8cec | ITER: 3 END: OK
2020-03-20 00:18:22.302 141 INFO rally.task.runner [-] Task 6dd1b05b-317d-41c1-8b75-a985824e8cec | ITER: 32 START
2020-03-20 00:18:23.791 171 INFO rally.task.runner [-] Task 6dd1b05b-317d-41c1-8b75-a985824e8cec | ITER: 14 END: OK
2020-03-20 00:18:23.796 171 INFO rally.task.runner [-] Task 6dd1b05b-317d-41c1-8b75-a985824e8cec | ITER: 33 START
2020-03-20 00:18:23.847 160 INFO rally.task.runner [-] Task 6dd1b05b-317d-41c1-8b75-a985824e8cec | ITER: 10 END: OK
2020-03-20 00:18:23.852 160 INFO rally.task.runner [-] Task 6dd1b05b-317d-41c1-8b75-a985824e8cec | ITER: 34 START
2020-03-20 00:18:24.113 178 INFO rally.task.runner [-] Task 6dd1b05b-317d-41c1-8b75-a985824e8cec | ITER: 16 END: OK
2020-03-20 00:18:24.113 165 INFO rally.task.runner [-] Task 6dd1b05b-317d-41c1-8b75-a985824e8cec | ITER: 12 END: OK
2020-03-20 00:18:24.113 186 INFO rally.task.runner [-] Task 6dd1b05b-317d-41c1-8b75-a985824e8cec | ITER: 19 END: OK
2020-03-20 00:18:24.115 167 INFO rally.task.runner [-] Task 6dd1b05b-317d-41c1-8b75-a985824e8cec | ITER: 13 END: OK
2020-03-20 00:18:24.118 178 INFO rally.task.runner [-] Task 6dd1b05b-317d-41c1-8b75-a985824e8cec | ITER: 35 START
2020-03-20 00:18:24.118 165 INFO rally.task.runner [-] Task 6dd1b05b-317d-41c1-8b75-a985824e8cec | ITER: 36 START
2020-03-20 00:18:24.118 186 INFO rally.task.runner [-] Task 6dd1b05b-317d-41c1-8b75-a985824e8cec | ITER: 37 START
2020-03-20 00:18:24.119 167 INFO rally.task.runner [-] Task 6dd1b05b-317d-41c1-8b75-a985824e8cec | ITER: 38 START
2020-03-20 00:18:24.253 147 INFO rally.task.runner [-] Task 6dd1b05b-317d-41c1-8b75-a985824e8cec | ITER: 23 END: OK
2020-03-20 00:18:24.256 181 INFO rally.task.runner [-] Task 6dd1b05b-317d-41c1-8b75-a985824e8cec | ITER: 17 END: OK
2020-03-20 00:18:24.257 147 INFO rally.task.runner [-] Task 6dd1b05b-317d-41c1-8b75-a985824e8cec | ITER: 39 START
2020-03-20 00:18:24.258 174 INFO rally.task.runner [-] Task 6dd1b05b-317d-41c1-8b75-a985824e8cec | ITER: 15 END: OK
2020-03-20 00:18:24.260 181 INFO rally.task.runner [-] Task 6dd1b05b-317d-41c1-8b75-a985824e8cec | ITER: 40 START
2020-03-20 00:18:24.262 174 INFO rally.task.runner [-] Task 6dd1b05b-317d-41c1-8b75-a985824e8cec | ITER: 41 START
2020-03-20 00:18:24.323 139 INFO rally.task.runner [-] Task 6dd1b05b-317d-41c1-8b75-a985824e8cec | ITER: 21 END: OK
2020-03-20 00:18:24.326 139 INFO rally.task.runner [-] Task 6dd1b05b-317d-41c1-8b75-a985824e8cec | ITER: 42 START
2020-03-20 00:18:24.379 145 INFO rally.task.runner [-] Task 6dd1b05b-317d-41c1-8b75-a985824e8cec | ITER: 24 END: OK
2020-03-20 00:18:24.383 145 INFO rally.task.runner [-] Task 6dd1b05b-317d-41c1-8b75-a985824e8cec | ITER: 43 START
2020-03-20 00:18:24.433 140 INFO rally.task.runner [-] Task 6dd1b05b-317d-41c1-8b75-a985824e8cec | ITER: 22 END: OK
2020-03-20 00:18:24.437 140 INFO rally.task.runner [-] Task 6dd1b05b-317d-41c1-8b75-a985824e8cec | ITER: 44 START
2020-03-20 00:18:24.663 151 INFO rally.task.runner [-] Task 6dd1b05b-317d-41c1-8b75-a985824e8cec | ITER: 25 END: OK
2020-03-20 00:18:24.666 151 INFO rally.task.runner [-] Task 6dd1b05b-317d-41c1-8b75-a985824e8cec | ITER: 45 START
2020-03-20 00:18:25.080 142 INFO rally.task.runner [-] Task 6dd1b05b-317d-41c1-8b75-a985824e8cec | ITER: 30 END: OK
2020-03-20 00:18:25.083 142 INFO rally.task.runner [-] Task 6dd1b05b-317d-41c1-8b75-a985824e8cec | ITER: 46 START
2020-03-20 00:18:25.497 162 INFO rally.task.runner [-] Task 6dd1b05b-317d-41c1-8b75-a985824e8cec | ITER: 26 END: OK
2020-03-20 00:18:25.501 162 INFO rally.task.runner [-] Task 6dd1b05b-317d-41c1-8b75-a985824e8cec | ITER: 47 START
2020-03-20 00:18:25.594 186 INFO rally.task.runner [-] Task 6dd1b05b-317d-41c1-8b75-a985824e8cec | ITER: 37 END: OK
2020-03-20 00:18:25.598 186 INFO rally.task.runner [-] Task 6dd1b05b-317d-41c1-8b75-a985824e8cec | ITER: 48 START
2020-03-20 00:18:25.681 183 INFO rally.task.runner [-] Task 6dd1b05b-317d-41c1-8b75-a985824e8cec | ITER: 31 END: OK
2020-03-20 00:18:25.685 183 INFO rally.task.runner [-] Task 6dd1b05b-317d-41c1-8b75-a985824e8cec | ITER: 49 START
2020-03-20 00:18:25.691 171 INFO rally.task.runner [-] Task 6dd1b05b-317d-41c1-8b75-a985824e8cec | ITER: 33 END: OK
2020-03-20 00:18:25.695 171 INFO rally.task.runner [-] Task 6dd1b05b-317d-41c1-8b75-a985824e8cec | ITER: 50 START
2020-03-20 00:18:25.911 190 INFO rally.task.runner [-] Task 6dd1b05b-317d-41c1-8b75-a985824e8cec | ITER: 29 END: OK
2020-03-20 00:18:25.915 190 INFO rally.task.runner [-] Task 6dd1b05b-317d-41c1-8b75-a985824e8cec | ITER: 51 START
2020-03-20 00:18:26.590 181 INFO rally.task.runner [-] Task 6dd1b05b-317d-41c1-8b75-a985824e8cec | ITER: 40 END: OK
2020-03-20 00:18:26.594 181 INFO rally.task.runner [-] Task 6dd1b05b-317d-41c1-8b75-a985824e8cec | ITER: 52 START
2020-03-20 00:18:26.849 153 INFO rally.task.runner [-] Task 6dd1b05b-317d-41c1-8b75-a985824e8cec | ITER: 27 END: OK
2020-03-20 00:18:26.853 153 INFO rally.task.runner [-] Task 6dd1b05b-317d-41c1-8b75-a985824e8cec | ITER: 53 START
2020-03-20 00:18:27.066 160 INFO rally.task.runner [-] Task 6dd1b05b-317d-41c1-8b75-a985824e8cec | ITER: 34 END: OK
2020-03-20 00:18:27.069 156 INFO rally.task.runner [-] Task 6dd1b05b-317d-41c1-8b75-a985824e8cec | ITER: 28 END: OK
2020-03-20 00:18:27.070 160 INFO rally.task.runner [-] Task 6dd1b05b-317d-41c1-8b75-a985824e8cec | ITER: 54 START
2020-03-20 00:18:27.071 141 INFO rally.task.runner [-] Task 6dd1b05b-317d-41c1-8b75-a985824e8cec | ITER: 32 END: OK
2020-03-20 00:18:27.073 156 INFO rally.task.runner [-] Task 6dd1b05b-317d-41c1-8b75-a985824e8cec | ITER: 55 START
2020-03-20 00:18:27.074 141 INFO rally.task.runner [-] Task 6dd1b05b-317d-41c1-8b75-a985824e8cec | ITER: 56 START
2020-03-20 00:18:27.878 167 INFO rally.task.runner [-] Task 6dd1b05b-317d-41c1-8b75-a985824e8cec | ITER: 38 END: OK
2020-03-20 00:18:27.882 167 INFO rally.task.runner [-] Task 6dd1b05b-317d-41c1-8b75-a985824e8cec | ITER: 57 START
2020-03-20 00:18:27.943 178 INFO rally.task.runner [-] Task 6dd1b05b-317d-41c1-8b75-a985824e8cec | ITER: 35 END: OK
2020-03-20 00:18:27.947 178 INFO rally.task.runner [-] Task 6dd1b05b-317d-41c1-8b75-a985824e8cec | ITER: 58 START
2020-03-20 00:18:27.987 165 INFO rally.task.runner [-] Task 6dd1b05b-317d-41c1-8b75-a985824e8cec | ITER: 36 END: OK
2020-03-20 00:18:27.991 165 INFO rally.task.runner [-] Task 6dd1b05b-317d-41c1-8b75-a985824e8cec | ITER: 59 START
2020-03-20 00:18:28.268 140 INFO rally.task.runner [-] Task 6dd1b05b-317d-41c1-8b75-a985824e8cec | ITER: 44 END: OK
2020-03-20 00:18:28.271 140 INFO rally.task.runner [-] Task 6dd1b05b-317d-41c1-8b75-a985824e8cec | ITER: 60 START
2020-03-20 00:18:28.426 139 INFO rally.task.runner [-] Task 6dd1b05b-317d-41c1-8b75-a985824e8cec | ITER: 42 END: OK
2020-03-20 00:18:28.430 139 INFO rally.task.runner [-] Task 6dd1b05b-317d-41c1-8b75-a985824e8cec | ITER: 61 START
2020-03-20 00:18:28.526 174 INFO rally.task.runner [-] Task 6dd1b05b-317d-41c1-8b75-a985824e8cec | ITER: 41 END: OK
2020-03-20 00:18:28.530 174 INFO rally.task.runner [-] Task 6dd1b05b-317d-41c1-8b75-a985824e8cec | ITER: 62 START
2020-03-20 00:18:28.633 162 INFO rally.task.runner [-] Task 6dd1b05b-317d-41c1-8b75-a985824e8cec | ITER: 47 END: OK
2020-03-20 00:18:28.637 162 INFO rally.task.runner [-] Task 6dd1b05b-317d-41c1-8b75-a985824e8cec | ITER: 63 START
2020-03-20 00:18:28.785 147 INFO rally.task.runner [-] Task 6dd1b05b-317d-41c1-8b75-a985824e8cec | ITER: 39 END: OK
2020-03-20 00:18:28.788 147 INFO rally.task.runner [-] Task 6dd1b05b-317d-41c1-8b75-a985824e8cec | ITER: 64 START
2020-03-20 00:18:28.957 145 INFO rally.task.runner [-] Task 6dd1b05b-317d-41c1-8b75-a985824e8cec | ITER: 43 END: OK
2020-03-20 00:18:28.960 145 INFO rally.task.runner [-] Task 6dd1b05b-317d-41c1-8b75-a985824e8cec | ITER: 65 START
2020-03-20 00:18:29.155 183 INFO rally.task.runner [-] Task 6dd1b05b-317d-41c1-8b75-a985824e8cec | ITER: 49 END: OK
2020-03-20 00:18:29.159 183 INFO rally.task.runner [-] Task 6dd1b05b-317d-41c1-8b75-a985824e8cec | ITER: 66 START
2020-03-20 00:18:29.256 186 INFO rally.task.runner [-] Task 6dd1b05b-317d-41c1-8b75-a985824e8cec | ITER: 48 END: OK
2020-03-20 00:18:29.260 186 INFO rally.task.runner [-] Task 6dd1b05b-317d-41c1-8b75-a985824e8cec | ITER: 67 START
2020-03-20 00:18:29.401 142 INFO rally.task.runner [-] Task 6dd1b05b-317d-41c1-8b75-a985824e8cec | ITER: 46 END: OK
2020-03-20 00:18:29.404 142 INFO rally.task.runner [-] Task 6dd1b05b-317d-41c1-8b75-a985824e8cec | ITER: 68 START
2020-03-20 00:18:30.549 153 INFO rally.task.runner [-] Task 6dd1b05b-317d-41c1-8b75-a985824e8cec | ITER: 53 END: OK
2020-03-20 00:18:30.553 153 INFO rally.task.runner [-] Task 6dd1b05b-317d-41c1-8b75-a985824e8cec | ITER: 69 START
2020-03-20 00:18:30.598 171 INFO rally.task.runner [-] Task 6dd1b05b-317d-41c1-8b75-a985824e8cec | ITER: 50 END: OK
2020-03-20 00:18:30.601 151 INFO rally.task.runner [-] Task 6dd1b05b-317d-41c1-8b75-a985824e8cec | ITER: 45 END: OK
2020-03-20 00:18:30.602 171 INFO rally.task.runner [-] Task 6dd1b05b-317d-41c1-8b75-a985824e8cec | ITER: 70 START
2020-03-20 00:18:30.605 151 INFO rally.task.runner [-] Task 6dd1b05b-317d-41c1-8b75-a985824e8cec | ITER: 71 START
2020-03-20 00:18:31.136 181 INFO rally.task.runner [-] Task 6dd1b05b-317d-41c1-8b75-a985824e8cec | ITER: 52 END: OK
2020-03-20 00:18:31.140 181 INFO rally.task.runner [-] Task 6dd1b05b-317d-41c1-8b75-a985824e8cec | ITER: 72 START
2020-03-20 00:18:31.402 160 INFO rally.task.runner [-] Task 6dd1b05b-317d-41c1-8b75-a985824e8cec | ITER: 54 END: OK
2020-03-20 00:18:31.406 160 INFO rally.task.runner [-] Task 6dd1b05b-317d-41c1-8b75-a985824e8cec | ITER: 73 START
2020-03-20 00:18:31.604 156 INFO rally.task.runner [-] Task 6dd1b05b-317d-41c1-8b75-a985824e8cec | ITER: 55 END: OK
2020-03-20 00:18:31.607 156 INFO rally.task.runner [-] Task 6dd1b05b-317d-41c1-8b75-a985824e8cec | ITER: 74 START
2020-03-20 00:18:31.888 165 INFO rally.task.runner [-] Task 6dd1b05b-317d-41c1-8b75-a985824e8cec | ITER: 59 END: OK
2020-03-20 00:18:31.889 167 INFO rally.task.runner [-] Task 6dd1b05b-317d-41c1-8b75-a985824e8cec | ITER: 57 END: OK
2020-03-20 00:18:31.891 165 INFO rally.task.runner [-] Task 6dd1b05b-317d-41c1-8b75-a985824e8cec | ITER: 75 START
2020-03-20 00:18:31.893 167 INFO rally.task.runner [-] Task 6dd1b05b-317d-41c1-8b75-a985824e8cec | ITER: 76 START
2020-03-20 00:18:31.921 141 INFO rally.task.runner [-] Task 6dd1b05b-317d-41c1-8b75-a985824e8cec | ITER: 56 END: OK
2020-03-20 00:18:31.924 141 INFO rally.task.runner [-] Task 6dd1b05b-317d-41c1-8b75-a985824e8cec | ITER: 77 START
2020-03-20 00:18:32.010 186 INFO rally.task.runner [-] Task 6dd1b05b-317d-41c1-8b75-a985824e8cec | ITER: 67 END: OK
2020-03-20 00:18:32.014 186 INFO rally.task.runner [-] Task 6dd1b05b-317d-41c1-8b75-a985824e8cec | ITER: 78 START
2020-03-20 00:18:32.043 190 INFO rally.task.runner [-] Task 6dd1b05b-317d-41c1-8b75-a985824e8cec | ITER: 51 END: OK
2020-03-20 00:18:32.047 190 INFO rally.task.runner [-] Task 6dd1b05b-317d-41c1-8b75-a985824e8cec | ITER: 79 START
2020-03-20 00:18:32.055 142 INFO rally.task.runner [-] Task 6dd1b05b-317d-41c1-8b75-a985824e8cec | ITER: 68 END: OK
2020-03-20 00:18:32.059 142 INFO rally.task.runner [-] Task 6dd1b05b-317d-41c1-8b75-a985824e8cec | ITER: 80 START
2020-03-20 00:18:32.179 139 INFO rally.task.runner [-] Task 6dd1b05b-317d-41c1-8b75-a985824e8cec | ITER: 61 END: OK
2020-03-20 00:18:32.182 139 INFO rally.task.runner [-] Task 6dd1b05b-317d-41c1-8b75-a985824e8cec | ITER: 81 START
2020-03-20 00:18:32.200 178 INFO rally.task.runner [-] Task 6dd1b05b-317d-41c1-8b75-a985824e8cec | ITER: 58 END: OK
2020-03-20 00:18:32.203 178 INFO rally.task.runner [-] Task 6dd1b05b-317d-41c1-8b75-a985824e8cec | ITER: 82 START
2020-03-20 00:18:32.326 174 INFO rally.task.runner [-] Task 6dd1b05b-317d-41c1-8b75-a985824e8cec | ITER: 62 END: OK
2020-03-20 00:18:32.330 140 INFO rally.task.runner [-] Task 6dd1b05b-317d-41c1-8b75-a985824e8cec | ITER: 60 END: OK
2020-03-20 00:18:32.330 174 INFO rally.task.runner [-] Task 6dd1b05b-317d-41c1-8b75-a985824e8cec | ITER: 83 START
2020-03-20 00:18:32.333 140 INFO rally.task.runner [-] Task 6dd1b05b-317d-41c1-8b75-a985824e8cec | ITER: 84 START
2020-03-20 00:18:32.351 162 INFO rally.task.runner [-] Task 6dd1b05b-317d-41c1-8b75-a985824e8cec | ITER: 63 END: OK
2020-03-20 00:18:32.354 162 INFO rally.task.runner [-] Task 6dd1b05b-317d-41c1-8b75-a985824e8cec | ITER: 85 START
2020-03-20 00:18:32.410 183 INFO rally.task.runner [-] Task 6dd1b05b-317d-41c1-8b75-a985824e8cec | ITER: 66 END: OK
2020-03-20 00:18:32.413 183 INFO rally.task.runner [-] Task 6dd1b05b-317d-41c1-8b75-a985824e8cec | ITER: 86 START
2020-03-20 00:18:32.547 147 INFO rally.task.runner [-] Task 6dd1b05b-317d-41c1-8b75-a985824e8cec | ITER: 64 END: OK
2020-03-20 00:18:32.551 147 INFO rally.task.runner [-] Task 6dd1b05b-317d-41c1-8b75-a985824e8cec | ITER: 87 START
2020-03-20 00:18:32.561 145 INFO rally.task.runner [-] Task 6dd1b05b-317d-41c1-8b75-a985824e8cec | ITER: 65 END: OK
2020-03-20 00:18:32.564 145 INFO rally.task.runner [-] Task 6dd1b05b-317d-41c1-8b75-a985824e8cec | ITER: 88 START
2020-03-20 00:18:32.912 156 INFO rally.task.runner [-] Task 6dd1b05b-317d-41c1-8b75-a985824e8cec | ITER: 74 END: OK
2020-03-20 00:18:32.916 156 INFO rally.task.runner [-] Task 6dd1b05b-317d-41c1-8b75-a985824e8cec | ITER: 89 START
2020-03-20 00:18:32.925 153 INFO rally.task.runner [-] Task 6dd1b05b-317d-41c1-8b75-a985824e8cec | ITER: 69 END: OK
2020-03-20 00:18:32.928 153 INFO rally.task.runner [-] Task 6dd1b05b-317d-41c1-8b75-a985824e8cec | ITER: 90 START
2020-03-20 00:18:33.182 181 INFO rally.task.runner [-] Task 6dd1b05b-317d-41c1-8b75-a985824e8cec | ITER: 72 END: OK
2020-03-20 00:18:33.186 181 INFO rally.task.runner [-] Task 6dd1b05b-317d-41c1-8b75-a985824e8cec | ITER: 91 START
2020-03-20 00:18:33.378 151 INFO rally.task.runner [-] Task 6dd1b05b-317d-41c1-8b75-a985824e8cec | ITER: 71 END: OK
2020-03-20 00:18:33.382 151 INFO rally.task.runner [-] Task 6dd1b05b-317d-41c1-8b75-a985824e8cec | ITER: 92 START
2020-03-20 00:18:33.728 167 INFO rally.task.runner [-] Task 6dd1b05b-317d-41c1-8b75-a985824e8cec | ITER: 76 END: OK
2020-03-20 00:18:33.731 167 INFO rally.task.runner [-] Task 6dd1b05b-317d-41c1-8b75-a985824e8cec | ITER: 93 START
2020-03-20 00:18:33.922 160 INFO rally.task.runner [-] Task 6dd1b05b-317d-41c1-8b75-a985824e8cec | ITER: 73 END: OK
2020-03-20 00:18:33.923 171 INFO rally.task.runner [-] Task 6dd1b05b-317d-41c1-8b75-a985824e8cec | ITER: 70 END: OK
2020-03-20 00:18:33.925 160 INFO rally.task.runner [-] Task 6dd1b05b-317d-41c1-8b75-a985824e8cec | ITER: 94 START
2020-03-20 00:18:33.927 171 INFO rally.task.runner [-] Task 6dd1b05b-317d-41c1-8b75-a985824e8cec | ITER: 95 START
2020-03-20 00:18:35.586 186 INFO rally.task.runner [-] Task 6dd1b05b-317d-41c1-8b75-a985824e8cec | ITER: 78 END: OK
2020-03-20 00:18:35.590 186 INFO rally.task.runner [-] Task 6dd1b05b-317d-41c1-8b75-a985824e8cec | ITER: 96 START
2020-03-20 00:18:36.447 147 INFO rally.task.runner [-] Task 6dd1b05b-317d-41c1-8b75-a985824e8cec | ITER: 87 END: OK
2020-03-20 00:18:36.451 147 INFO rally.task.runner [-] Task 6dd1b05b-317d-41c1-8b75-a985824e8cec | ITER: 97 START
2020-03-20 00:18:36.881 178 INFO rally.task.runner [-] Task 6dd1b05b-317d-41c1-8b75-a985824e8cec | ITER: 82 END: OK
2020-03-20 00:18:36.885 178 INFO rally.task.runner [-] Task 6dd1b05b-317d-41c1-8b75-a985824e8cec | ITER: 98 START
2020-03-20 00:18:36.924 190 INFO rally.task.runner [-] Task 6dd1b05b-317d-41c1-8b75-a985824e8cec | ITER: 79 END: OK
2020-03-20 00:18:36.928 190 INFO rally.task.runner [-] Task 6dd1b05b-317d-41c1-8b75-a985824e8cec | ITER: 99 START
2020-03-20 00:18:36.997 174 INFO rally.task.runner [-] Task 6dd1b05b-317d-41c1-8b75-a985824e8cec | ITER: 83 END: OK
2020-03-20 00:18:37.001 174 INFO rally.task.runner [-] Task 6dd1b05b-317d-41c1-8b75-a985824e8cec | ITER: 100 START
2020-03-20 00:18:37.031 142 INFO rally.task.runner [-] Task 6dd1b05b-317d-41c1-8b75-a985824e8cec | ITER: 80 END: OK
2020-03-20 00:18:37.078 139 INFO rally.task.runner [-] Task 6dd1b05b-317d-41c1-8b75-a985824e8cec | ITER: 81 END: OK
2020-03-20 00:18:37.225 153 INFO rally.task.runner [-] Task 6dd1b05b-317d-41c1-8b75-a985824e8cec | ITER: 90 END: OK
2020-03-20 00:18:37.259 160 INFO rally.task.runner [-] Task 6dd1b05b-317d-41c1-8b75-a985824e8cec | ITER: 94 END: OK
2020-03-20 00:18:37.360 141 INFO rally.task.runner [-] Task 6dd1b05b-317d-41c1-8b75-a985824e8cec | ITER: 77 END: OK
2020-03-20 00:18:37.380 145 INFO rally.task.runner [-] Task 6dd1b05b-317d-41c1-8b75-a985824e8cec | ITER: 88 END: OK
2020-03-20 00:18:37.383 167 INFO rally.task.runner [-] Task 6dd1b05b-317d-41c1-8b75-a985824e8cec | ITER: 93 END: OK
2020-03-20 00:18:37.543 171 INFO rally.task.runner [-] Task 6dd1b05b-317d-41c1-8b75-a985824e8cec | ITER: 95 END: OK
2020-03-20 00:18:37.556 165 INFO rally.task.runner [-] Task 6dd1b05b-317d-41c1-8b75-a985824e8cec | ITER: 75 END: OK
2020-03-20 00:18:37.677 183 INFO rally.task.runner [-] Task 6dd1b05b-317d-41c1-8b75-a985824e8cec | ITER: 86 END: OK
2020-03-20 00:18:37.708 140 INFO rally.task.runner [-] Task 6dd1b05b-317d-41c1-8b75-a985824e8cec | ITER: 84 END: OK
2020-03-20 00:18:37.741 162 INFO rally.task.runner [-] Task 6dd1b05b-317d-41c1-8b75-a985824e8cec | ITER: 85 END: OK
2020-03-20 00:18:37.843 186 INFO rally.task.runner [-] Task 6dd1b05b-317d-41c1-8b75-a985824e8cec | ITER: 96 END: OK
2020-03-20 00:18:37.879 147 INFO rally.task.runner [-] Task 6dd1b05b-317d-41c1-8b75-a985824e8cec | ITER: 97 END: OK
2020-03-20 00:18:37.986 181 INFO rally.task.runner [-] Task 6dd1b05b-317d-41c1-8b75-a985824e8cec | ITER: 91 END: OK
2020-03-20 00:18:38.070 156 INFO rally.task.runner [-] Task 6dd1b05b-317d-41c1-8b75-a985824e8cec | ITER: 89 END: OK
2020-03-20 00:18:38.267 151 INFO rally.task.runner [-] Task 6dd1b05b-317d-41c1-8b75-a985824e8cec | ITER: 92 END: OK
2020-03-20 00:18:38.374 174 INFO rally.task.runner [-] Task 6dd1b05b-317d-41c1-8b75-a985824e8cec | ITER: 100 END: OK
2020-03-20 00:18:38.658 178 INFO rally.task.runner [-] Task 6dd1b05b-317d-41c1-8b75-a985824e8cec | ITER: 98 END: OK
2020-03-20 00:18:38.947 190 INFO rally.task.runner [-] Task 6dd1b05b-317d-41c1-8b75-a985824e8cec | ITER: 99 END: OK
2020-03-20 00:18:38.966 15 INFO rally.task.context [-] Task 6dd1b05b-317d-41c1-8b75-a985824e8cec | Context cleanup@openstack cleanup() started
2020-03-20 00:18:38.969 15 RALLYDEBUG rally_openstack.cleanup.manager [-] Cleaning up neutron vip objects
2020-03-20 00:18:39.158 15 RALLYDEBUG rally_openstack.cleanup.manager [-] Cleaning up neutron health_monitor objects
2020-03-20 00:18:39.351 15 RALLYDEBUG rally_openstack.cleanup.manager [-] Cleaning up neutron pool objects
2020-03-20 00:18:39.527 15 RALLYDEBUG rally_openstack.cleanup.manager [-] Cleaning up neutron loadbalancer objects
2020-03-20 00:18:39.723 15 RALLYDEBUG rally_openstack.cleanup.manager [-] Cleaning up neutron floatingip objects
2020-03-20 00:18:39.938 15 RALLYDEBUG rally_openstack.cleanup.manager [-] Cleaning up neutron trunk objects
2020-03-20 00:18:40.112 15 DEBUG neutronclient.v2_0.client [-] Error message: {"NeutronError": {"message": "Invalid input for operation: 'tenant_id' is not supported for filtering.", "type": "InvalidInput", "detail": ""}} _handle_fault_response /usr/lib/python2.7/site-packages/neutronclient/v2_0/client.py:259
2020-03-20 00:18:40.141 15 DEBUG neutronclient.v2_0.client [-] Error message: {"NeutronError": {"message": "Invalid input for operation: 'tenant_id' is not supported for filtering.", "type": "InvalidInput", "detail": ""}} _handle_fault_response /usr/lib/python2.7/site-packages/neutronclient/v2_0/client.py:259
2020-03-20 00:18:40.170 15 DEBUG neutronclient.v2_0.client [-] Error message: {"NeutronError": {"message": "Invalid input for operation: 'tenant_id' is not supported for filtering.", "type": "InvalidInput", "detail": ""}} _handle_fault_response /usr/lib/python2.7/site-packages/neutronclient/v2_0/client.py:259
2020-03-20 00:18:40.171 15 ERROR rally_openstack.cleanup.manager [-] Seems like rally_openstack.cleanup.resources.NeutronTrunk.list(self) method is broken. It shouldn't raise any exceptions.: BadRequest: Invalid input for operation: 'tenant_id' is not supported for filtering. Neutron server returns request_ids: ['req-91560bf3-9d46-490a-ac03-cb00fa0c24bf']
2020-03-20 00:18:40.171 15 ERROR rally_openstack.cleanup.manager
Traceback (most recent call last):
2020-03-20 00:18:40.171 15 ERROR rally_openstack.cleanup.manager
File "/usr/lib/python2.7/site-packages/rally_openstack/cleanup/manager.py", line 133, in _publish
2020-03-20 00:18:40.171 15 ERROR rally_openstack.cleanup.manager for raw_resource in rutils.retry(3, manager.list):
2020-03-20 00:18:40.171 15 ERROR rally_openstack.cleanup.manager
File "/usr/lib/python2.7/site-packages/rally/common/utils.py", line 230, in retry
2020-03-20 00:18:40.171 15 ERROR rally_openstack.cleanup.manager return func(*args, **kwargs)
2020-03-20 00:18:40.171 15 ERROR rally_openstack.cleanup.manager
File "/usr/lib/python2.7/site-packages/rally_openstack/cleanup/resources.py", line 396, in list
2020-03-20 00:18:40.171 15 ERROR rally_openstack.cleanup.manager return super(NeutronTrunk, self).list()
2020-03-20 00:18:40.171 15 ERROR rally_openstack.cleanup.manager
File "/usr/lib/python2.7/site-packages/rally_openstack/cleanup/resources.py", line 273, in list
2020-03-20 00:18:40.171 15 ERROR rally_openstack.cleanup.manager result = list_method(tenant_id=self.tenant_uuid)[resources]
2020-03-20 00:18:40.171 15 ERROR rally_openstack.cleanup.manager
File "/usr/lib/python2.7/site-packages/neutronclient/v2_0/client.py", line 2105, in list_trunks
2020-03-20 00:18:40.171 15 ERROR rally_openstack.cleanup.manager **_params)
2020-03-20 00:18:40.171 15 ERROR rally_openstack.cleanup.manager
File "/usr/lib/python2.7/site-packages/neutronclient/v2_0/client.py", line 369, in list
2020-03-20 00:18:40.171 15 ERROR rally_openstack.cleanup.manager for r in self._pagination(collection, path, **params):
2020-03-20 00:18:40.171 15 ERROR rally_openstack.cleanup.manager
File "/usr/lib/python2.7/site-packages/neutronclient/v2_0/client.py", line 384, in _pagination
2020-03-20 00:18:40.171 15 ERROR rally_openstack.cleanup.manager res = self.get(path, params=params)
2020-03-20 00:18:40.171 15 ERROR rally_openstack.cleanup.manager
File "/usr/lib/python2.7/site-packages/neutronclient/v2_0/client.py", line 354, in get
2020-03-20 00:18:40.171 15 ERROR rally_openstack.cleanup.manager headers=headers, params=params)
2020-03-20 00:18:40.171 15 ERROR rally_openstack.cleanup.manager
File "/usr/lib/python2.7/site-packages/neutronclient/v2_0/client.py", line 331, in retry_request
2020-03-20 00:18:40.171 15 ERROR rally_openstack.cleanup.manager headers=headers, params=params)
2020-03-20 00:18:40.171 15 ERROR rally_openstack.cleanup.manager
File "/usr/lib/python2.7/site-packages/neutronclient/v2_0/client.py", line 294, in do_request
2020-03-20 00:18:40.171 15 ERROR rally_openstack.cleanup.manager self._handle_fault_response(status_code, replybody, resp)
2020-03-20 00:18:40.171 15 ERROR rally_openstack.cleanup.manager
File "/usr/lib/python2.7/site-packages/neutronclient/v2_0/client.py", line 269, in _handle_fault_response
2020-03-20 00:18:40.171 15 ERROR rally_openstack.cleanup.manager exception_handler_v20(status_code, error_body)
2020-03-20 00:18:40.171 15 ERROR rally_openstack.cleanup.manager
File "/usr/lib/python2.7/site-packages/neutronclient/v2_0/client.py", line 93, in exception_handler_v20
2020-03-20 00:18:40.171 15 ERROR rally_openstack.cleanup.manager request_ids=request_ids)
2020-03-20 00:18:40.171 15 ERROR rally_openstack.cleanup.manager BadRequest: Invalid input for operation: 'tenant_id' is not supported for filtering.
2020-03-20 00:18:40.171 15 ERROR rally_openstack.cleanup.manager Neutron server returns request_ids: ['req-91560bf3-9d46-490a-ac03-cb00fa0c24bf']
2020-03-20 00:18:40.171 15 ERROR rally_openstack.cleanup.manager
2020-03-20 00:18:40.184 15 RALLYDEBUG rally_openstack.cleanup.manager [-] Cleaning up neutron port objects
2020-03-20 00:18:40.495 15 RALLYDEBUG rally_openstack.cleanup.manager [-] Cleaning up neutron subnet objects
2020-03-20 00:18:40.739 15 RALLYDEBUG rally_openstack.cleanup.manager [-] Cleaning up neutron network objects
2020-03-20 00:18:41.362 15 RALLYDEBUG rally_openstack.cleanup.manager [-] Deleting neutron.network object s_rally_d702a047_60hlNzk8 (07edad84-20cd-4c21-b935-d2df604ee824)
2020-03-20 00:18:41.362 15 RALLYDEBUG rally_openstack.cleanup.manager [-] Deleting neutron.network object s_rally_d702a047_OHGOAQTE (00883a24-6479-4bcd-97c3-fee97040f68e)
2020-03-20 00:18:41.367 15 RALLYDEBUG rally_openstack.cleanup.manager [-] Deleting neutron.network object s_rally_d702a047_4azZuTNv (0dd8bb1a-58bb-4ea5-a1bd-bd0d0eca5fb3)
2020-03-20 00:18:41.370 15 RALLYDEBUG rally_openstack.cleanup.manager [-] Deleting neutron.network object s_rally_d702a047_EWfrVskm (095f3bd4-d558-4ade-8443-ee00bdc677dd)
2020-03-20 00:18:41.375 15 RALLYDEBUG rally_openstack.cleanup.manager [-] Deleting neutron.network object s_rally_d702a047_uGg0N9V9 (0e235132-752b-450d-aef5-0598b1ea547a)
2020-03-20 00:18:41.375 15 RALLYDEBUG rally_openstack.cleanup.manager [-] Deleting neutron.network object s_rally_d702a047_ZUu5lYD6 (00a09be6-e9a2-4939-a611-7312e39efd8a)
2020-03-20 00:18:41.390 15 RALLYDEBUG rally_openstack.cleanup.manager [-] Deleting neutron.network object s_rally_d702a047_9ihUooBC (10579169-50d3-4b5e-b3a4-f040e01e11cf)
2020-03-20 00:18:41.419 15 RALLYDEBUG rally_openstack.cleanup.manager [-] Deleting neutron.network object s_rally_d702a047_wn1dYxKS (11d062b7-ffb5-443f-9f5e-4508f6e0c71c)
2020-03-20 00:18:41.428 15 RALLYDEBUG rally_openstack.cleanup.manager [-] Deleting neutron.network object s_rally_d702a047_EULhoCrs (1af1bb14-4595-4763-a2b4-e7fa9a9b2af2)
2020-03-20 00:18:41.436 15 RALLYDEBUG rally_openstack.cleanup.manager [-] Deleting neutron.network object s_rally_d702a047_Eoe2hpDt (2435f487-e272-4efb-98f9-28e28cc05a92)
2020-03-20 00:18:41.490 15 RALLYDEBUG rally_openstack.cleanup.manager [-] Deleting neutron.network object s_rally_d702a047_zN4aXu8Q (18408ebd-74bd-442c-826c-bc292183ff55)
2020-03-20 00:18:41.490 15 RALLYDEBUG rally_openstack.cleanup.manager [-] Deleting neutron.network object s_rally_d702a047_9aF8mLFm (1523c7bb-e4ec-4b88-bcc6-0e835d8760ca)
2020-03-20 00:18:41.506 15 RALLYDEBUG rally_openstack.cleanup.manager [-] Deleting neutron.network object s_rally_d702a047_00uCHMIk (252a4f67-e228-4735-8d15-13a2ef5857c5)
2020-03-20 00:18:41.518 15 RALLYDEBUG rally_openstack.cleanup.manager [-] Deleting neutron.network object s_rally_d702a047_MxWvyQTV (25cb7dc4-78dc-460c-8092-5d996127b1e4)
2020-03-20 00:18:41.527 15 RALLYDEBUG rally_openstack.cleanup.manager [-] Deleting neutron.network object s_rally_d702a047_T2M499Zc (25f88e2c-b7ad-4341-9550-9edb133a6c91)
2020-03-20 00:18:41.535 15 RALLYDEBUG rally_openstack.cleanup.manager [-] Deleting neutron.network object s_rally_d702a047_kf6E8eVw (27a27e19-e10a-4250-a05d-c26b75f3a0f4)
2020-03-20 00:18:41.543 15 RALLYDEBUG rally_openstack.cleanup.manager [-] Deleting neutron.network object s_rally_d702a047_xtDbB8YE (2cf18520-4b6a-4af3-ba23-9ac15673e9fc)
2020-03-20 00:18:41.557 15 RALLYDEBUG rally_openstack.cleanup.manager [-] Deleting neutron.network object s_rally_d702a047_Q5cIYybg (2e9d6216-db3a-4bae-8527-1240df69e546)
2020-03-20 00:18:41.565 15 RALLYDEBUG rally_openstack.cleanup.manager [-] Deleting neutron.network object s_rally_d702a047_v7NZrJ4d (2f652a77-2bc5-42da-9c5a-812f5bf8b374)
2020-03-20 00:18:41.571 15 RALLYDEBUG rally_openstack.cleanup.manager [-] Deleting neutron.network object s_rally_d702a047_OmJu7g4y (287007e5-946b-49e8-bdd8-3b23ada2597d)
2020-03-20 00:18:50.220 15 RALLYDEBUG rally_openstack.cleanup.manager [-] Deleting neutron.network object s_rally_d702a047_NGI6rYbW (2fd7fbf1-714e-4d77-897f-7657b8752cbc)
2020-03-20 00:18:53.240 15 RALLYDEBUG rally_openstack.cleanup.manager [-] Deleting neutron.network object s_rally_d702a047_U6njCD7c (2fdb96ea-ddb8-4005-913e-6f4bb2f63ed6)
2020-03-20 00:19:05.016 15 RALLYDEBUG rally_openstack.cleanup.manager [-] Deleting neutron.network object s_rally_d702a047_Yo0ux3I2 (3061b464-2326-469a-8a95-27fe3b2fa4c5)
2020-03-20 00:19:17.329 15 RALLYDEBUG rally_openstack.cleanup.manager [-] Deleting neutron.network object s_rally_d702a047_kNxSuPbm (31082e10-505f-4f2f-a184-c17568aed0d7)
2020-03-20 00:19:19.318 15 RALLYDEBUG rally_openstack.cleanup.manager [-] Deleting neutron.network object s_rally_d702a047_N4Dl6jn6 (32c11619-b0e8-4bd7-8ead-f70e4db6a913)
2020-03-20 00:19:20.278 15 RALLYDEBUG rally_openstack.cleanup.manager [-] Deleting neutron.network object s_rally_d702a047_cycDTlyI (3341b304-01cf-4df6-8056-d1a1b66cb599)
2020-03-20 00:19:20.980 15 RALLYDEBUG rally_openstack.cleanup.manager [-] Deleting neutron.network object s_rally_d702a047_7fHvfOky (35168390-aaf6-4d05-9aa1-4f03d6e41c00)
2020-03-20 00:19:22.657 15 RALLYDEBUG rally_openstack.cleanup.manager [-] Deleting neutron.network object s_rally_d702a047_B0Km6WZv (3826d352-f3af-4a1b-b16e-6c12d02163b0)
2020-03-20 00:19:22.852 15 RALLYDEBUG rally_openstack.cleanup.manager [-] Deleting neutron.network object s_rally_d702a047_eUJjdkBz (39be881d-6ce7-4cee-92c8-c32f371de2af)
2020-03-20 00:19:23.305 15 RALLYDEBUG rally_openstack.cleanup.manager [-] Deleting neutron.network object s_rally_d702a047_BZQTwrad (3f49de54-e0ac-4324-a40b-c9d1494b5150)
2020-03-20 00:19:24.666 15 RALLYDEBUG rally_openstack.cleanup.manager [-] Deleting neutron.network object s_rally_d702a047_O31E5Z70 (411d0edf-64aa-41bf-a14d-a87226a9764c)
2020-03-20 00:19:24.703 15 RALLYDEBUG rally_openstack.cleanup.manager [-] Deleting neutron.network object s_rally_d702a047_MbvacgQu (44b55226-0590-46c0-8815-aea183e873be)
2020-03-20 00:19:25.562 15 RALLYDEBUG rally_openstack.cleanup.manager [-] Deleting neutron.network object s_rally_d702a047_KsBKTzSv (46a01b29-15ae-4cfb-97bc-8533fa3e8b8a)
2020-03-20 00:19:26.650 15 RALLYDEBUG rally_openstack.cleanup.manager [-] Deleting neutron.network object s_rally_d702a047_n8h1XIyL (4761301b-ff50-45a6-8da4-ecb7e6f58db9)
2020-03-20 00:19:26.774 15 RALLYDEBUG rally_openstack.cleanup.manager [-] Deleting neutron.network object s_rally_d702a047_zljT5WWb (47ca2e08-ab7e-475f-b8c7-6188729930e3)
2020-03-20 00:19:27.590 15 RALLYDEBUG rally_openstack.cleanup.manager [-] Deleting neutron.network object s_rally_d702a047_xvOt7xw4 (48bdd2df-1252-4ea1-af3a-931be9f1f04a)
2020-03-20 00:19:28.718 15 RALLYDEBUG rally_openstack.cleanup.manager [-] Deleting neutron.network object s_rally_d702a047_tcR8T0CX (4a5e73ac-346f-41e0-a9f7-dfb6dba0e88f)
2020-03-20 00:19:28.742 15 RALLYDEBUG rally_openstack.cleanup.manager [-] Deleting neutron.network object s_rally_d702a047_irqfL0xO (4bca79c8-ec6a-4f79-b8f2-0686fe1eabee)
2020-03-20 00:19:29.374 15 RALLYDEBUG rally_openstack.cleanup.manager [-] Deleting neutron.network object s_rally_d702a047_Mm6N8Hxu (4dca1353-1596-4fef-b175-e50f8bb0775f)
2020-03-20 00:19:29.591 15 RALLYDEBUG rally_openstack.cleanup.manager [-] Deleting neutron.network object s_rally_d702a047_ETA1iLer (4eb7e276-1e73-42ee-923b-62c8dd5ce4b7)
2020-03-20 00:19:30.655 15 RALLYDEBUG rally_openstack.cleanup.manager [-] Deleting neutron.network object s_rally_d702a047_Lo214FuK (50df7853-d939-48c1-82f4-a38a7b0aa451)
2020-03-20 00:19:30.879 15 RALLYDEBUG rally_openstack.cleanup.manager [-] Deleting neutron.network object s_rally_d702a047_YSDikr0V (553a709f-ad42-4e9a-8093-a51007be91c7)
2020-03-20 00:19:31.898 15 RALLYDEBUG rally_openstack.cleanup.manager [-] Deleting neutron.network object s_rally_d702a047_8Gc5iOkc (602ac20d-5073-4ee0-83ec-6ae9abb2f8e5)
2020-03-20 00:19:32.110 15 RALLYDEBUG rally_openstack.cleanup.manager [-] Deleting neutron.network object s_rally_d702a047_O0KBKtGH (60a248ae-bd49-4c6d-9036-58a704438417)
2020-03-20 00:19:32.579 15 RALLYDEBUG rally_openstack.cleanup.manager [-] Deleting neutron.network object s_rally_d702a047_oyYKOu2n (63bacbe0-f1a0-4260-a461-9e3282b33e5c)
2020-03-20 00:19:32.821 15 RALLYDEBUG rally_openstack.cleanup.manager [-] Deleting neutron.network object s_rally_d702a047_f9mb8xJl (63d8069e-4877-453e-9d56-72c694bd3e86)
2020-03-20 00:19:34.155 15 RALLYDEBUG rally_openstack.cleanup.manager [-] Deleting neutron.network object s_rally_d702a047_OIeqRacx (649d4e30-47dd-44b6-8d5f-ff4054053a12)
2020-03-20 00:19:34.191 15 RALLYDEBUG rally_openstack.cleanup.manager [-] Deleting neutron.network object s_rally_d702a047_ff6SbB2B (6539292d-a36b-4f9e-a1b3-3241a91463f2)
2020-03-20 00:19:34.495 15 RALLYDEBUG rally_openstack.cleanup.manager [-] Deleting neutron.network object s_rally_d702a047_PNhggrDZ (65414e1c-9ec8-4b74-94f7-cb15856e6fff)
2020-03-20 00:19:34.738 15 RALLYDEBUG rally_openstack.cleanup.manager [-] Deleting neutron.network object s_rally_d702a047_UqFJhKoV (6b27e812-dbaf-4f6f-96ce-8e885d73eabd)
2020-03-20 00:19:35.356 15 RALLYDEBUG rally_openstack.cleanup.manager [-] Deleting neutron.network object s_rally_d702a047_GvKkISjS (6bc36d21-6f14-4c46-beee-9d48db75c0d3)
2020-03-20 00:19:36.061 15 RALLYDEBUG rally_openstack.cleanup.manager [-] Deleting neutron.network object s_rally_d702a047_XYYiDUhJ (6d2dd7f8-51f3-40a7-a4b8-4e74d7bc1e31)
2020-03-20 00:19:36.150 15 RALLYDEBUG rally_openstack.cleanup.manager [-] Deleting neutron.network object s_rally_d702a047_JFI8ZFL0 (6d2e8e86-f3cd-4632-a783-dfc85f924b4f)
