2020-03-20 00:19:36.525 15 RALLYDEBUG rally_openstack.cleanup.manager [-] Deleting neutron.network object s_rally_d702a047_vLmUdX9R (7420d3e0-7d1f-475e-9b82-001735262ffd)
2020-03-20 00:19:36.770 15 RALLYDEBUG rally_openstack.cleanup.manager [-] Deleting neutron.network object s_rally_d702a047_CVeNlCwM (74a99439-e441-4820-bc48-97b5a9ae4b06)
2020-03-20 00:19:37.288 15 RALLYDEBUG rally_openstack.cleanup.manager [-] Deleting neutron.network object s_rally_d702a047_S0UdAR8C (768b923b-e357-4f62-91e7-977a08baf3e3)
2020-03-20 00:19:37.949 15 RALLYDEBUG rally_openstack.cleanup.manager [-] Deleting neutron.network object s_rally_d702a047_DYvVvTxA (7cac315f-1a25-4fca-a0fc-b1e77a092417)
2020-03-20 00:19:38.009 15 RALLYDEBUG rally_openstack.cleanup.manager [-] Deleting neutron.network object s_rally_d702a047_0ZQ4pAET (80fa5fa2-7666-44aa-8cdb-897e351adfab)
2020-03-20 00:19:38.523 15 RALLYDEBUG rally_openstack.cleanup.manager [-] Deleting neutron.network object s_rally_d702a047_fQ087FxM (8791856f-04a4-4718-ae45-7c4ca6a07f16)
2020-03-20 00:19:38.557 15 RALLYDEBUG rally_openstack.cleanup.manager [-] Deleting neutron.network object s_rally_d702a047_RvrXIhvP (89a2ecda-c83c-4a7f-b4bc-e7ee6ef45127)
2020-03-20 00:19:38.577 15 RALLYDEBUG rally_openstack.cleanup.manager [-] Deleting neutron.network object s_rally_d702a047_TCK26lK3 (8e9f08bf-1562-4444-a2b7-293e9af11a08)
2020-03-20 00:19:39.058 15 RALLYDEBUG rally_openstack.cleanup.manager [-] Deleting neutron.network object s_rally_d702a047_jWKkSxnh (8fec81e0-6126-4d9a-b29f-d9d94e158754)
2020-03-20 00:19:40.005 15 RALLYDEBUG rally_openstack.cleanup.manager [-] Deleting neutron.network object s_rally_d702a047_6kX3NKvI (90639aba-b37f-4b52-9592-e5d5f633695a)
2020-03-20 00:19:40.014 15 RALLYDEBUG rally_openstack.cleanup.manager [-] Deleting neutron.network object s_rally_d702a047_TNy6kSq2 (90f32b26-3cb9-4c32-9a7f-0bdc47798aef)
2020-03-20 00:19:40.641 15 ERROR rally_openstack.osclients [-] Unable to authenticate for user c_rally_d702a047_VuognRMG in project c_rally_d702a047_EI2GiOkf: BadGateway: Bad Gateway (HTTP 502)
2020-03-20 00:19:40.641 15 ERROR rally_openstack.osclients
Traceback (most recent call last):
2020-03-20 00:19:40.641 15 ERROR rally_openstack.osclients
File "/usr/lib/python2.7/site-packages/rally_openstack/osclients.py", line 273, in auth_ref
2020-03-20 00:19:40.641 15 ERROR rally_openstack.osclients self.cache["keystone_auth_ref"] = plugin.get_access(sess)
2020-03-20 00:19:40.641 15 ERROR rally_openstack.osclients
File "/usr/lib/python2.7/site-packages/keystoneauth1/identity/base.py", line 134, in get_access
2020-03-20 00:19:40.641 15 ERROR rally_openstack.osclients self.auth_ref = self.get_auth_ref(session)
2020-03-20 00:19:40.641 15 ERROR rally_openstack.osclients
File "/usr/lib/python2.7/site-packages/keystoneauth1/identity/generic/base.py", line 208, in get_auth_ref
2020-03-20 00:19:40.641 15 ERROR rally_openstack.osclients return self._plugin.get_auth_ref(session, **kwargs)
2020-03-20 00:19:40.641 15 ERROR rally_openstack.osclients
File "/usr/lib/python2.7/site-packages/keystoneauth1/identity/v3/base.py", line 178, in get_auth_ref
2020-03-20 00:19:40.641 15 ERROR rally_openstack.osclients authenticated=False, log=False, **rkwargs)
2020-03-20 00:19:40.641 15 ERROR rally_openstack.osclients
File "/usr/lib/python2.7/site-packages/keystoneauth1/session.py", line 1019, in post
2020-03-20 00:19:40.641 15 ERROR rally_openstack.osclients return self.request(url, 'POST', **kwargs)
2020-03-20 00:19:40.641 15 ERROR rally_openstack.osclients
File "/usr/lib/python2.7/site-packages/keystoneauth1/session.py", line 869, in request
2020-03-20 00:19:40.641 15 ERROR rally_openstack.osclients raise exceptions.from_response(resp, method, url)
2020-03-20 00:19:40.641 15 ERROR rally_openstack.osclients BadGateway: Bad Gateway (HTTP 502)
2020-03-20 00:19:40.641 15 ERROR rally_openstack.osclients
2020-03-20 00:19:40.643 15 ERROR rally_openstack.osclients [-] Unable to authenticate for user c_rally_d702a047_VuognRMG in project c_rally_d702a047_EI2GiOkf: BadGateway: Bad Gateway (HTTP 502)
2020-03-20 00:19:40.643 15 ERROR rally_openstack.osclients
Traceback (most recent call last):
2020-03-20 00:19:40.643 15 ERROR rally_openstack.osclients
File "/usr/lib/python2.7/site-packages/rally_openstack/osclients.py", line 273, in auth_ref
2020-03-20 00:19:40.643 15 ERROR rally_openstack.osclients self.cache["keystone_auth_ref"] = plugin.get_access(sess)
2020-03-20 00:19:40.643 15 ERROR rally_openstack.osclients
File "/usr/lib/python2.7/site-packages/keystoneauth1/identity/base.py", line 134, in get_access
2020-03-20 00:19:40.643 15 ERROR rally_openstack.osclients self.auth_ref = self.get_auth_ref(session)
2020-03-20 00:19:40.643 15 ERROR rally_openstack.osclients
File "/usr/lib/python2.7/site-packages/keystoneauth1/identity/generic/base.py", line 208, in get_auth_ref
2020-03-20 00:19:40.643 15 ERROR rally_openstack.osclients return self._plugin.get_auth_ref(session, **kwargs)
2020-03-20 00:19:40.643 15 ERROR rally_openstack.osclients
File "/usr/lib/python2.7/site-packages/keystoneauth1/identity/v3/base.py", line 178, in get_auth_ref
2020-03-20 00:19:40.643 15 ERROR rally_openstack.osclients authenticated=False, log=False, **rkwargs)
2020-03-20 00:19:40.643 15 ERROR rally_openstack.osclients
File "/usr/lib/python2.7/site-packages/keystoneauth1/session.py", line 1019, in post
2020-03-20 00:19:40.643 15 ERROR rally_openstack.osclients return self.request(url, 'POST', **kwargs)
2020-03-20 00:19:40.643 15 ERROR rally_openstack.osclients
File "/usr/lib/python2.7/site-packages/keystoneauth1/session.py", line 869, in request
2020-03-20 00:19:40.643 15 ERROR rally_openstack.osclients raise exceptions.from_response(resp, method, url)
2020-03-20 00:19:40.643 15 ERROR rally_openstack.osclients BadGateway: Bad Gateway (HTTP 502)
2020-03-20 00:19:40.643 15 ERROR rally_openstack.osclients
2020-03-20 00:19:40.640 15 ERROR rally_openstack.osclients [-] Unable to authenticate for user c_rally_d702a047_VuognRMG in project c_rally_d702a047_EI2GiOkf: BadGateway: Bad Gateway (HTTP 502)
2020-03-20 00:19:40.640 15 ERROR rally_openstack.osclients
Traceback (most recent call last):
2020-03-20 00:19:40.640 15 ERROR rally_openstack.osclients
File "/usr/lib/python2.7/site-packages/rally_openstack/osclients.py", line 273, in auth_ref
2020-03-20 00:19:40.640 15 ERROR rally_openstack.osclients self.cache["keystone_auth_ref"] = plugin.get_access(sess)
2020-03-20 00:19:40.640 15 ERROR rally_openstack.osclients
File "/usr/lib/python2.7/site-packages/keystoneauth1/identity/base.py", line 134, in get_access
2020-03-20 00:19:40.640 15 ERROR rally_openstack.osclients self.auth_ref = self.get_auth_ref(session)
2020-03-20 00:19:40.640 15 ERROR rally_openstack.osclients
File "/usr/lib/python2.7/site-packages/keystoneauth1/identity/generic/base.py", line 208, in get_auth_ref
2020-03-20 00:19:40.640 15 ERROR rally_openstack.osclients return self._plugin.get_auth_ref(session, **kwargs)
2020-03-20 00:19:40.640 15 ERROR rally_openstack.osclients
File "/usr/lib/python2.7/site-packages/keystoneauth1/identity/v3/base.py", line 178, in get_auth_ref
2020-03-20 00:19:40.640 15 ERROR rally_openstack.osclients authenticated=False, log=False, **rkwargs)
2020-03-20 00:19:40.640 15 ERROR rally_openstack.osclients
File "/usr/lib/python2.7/site-packages/keystoneauth1/session.py", line 1019, in post
2020-03-20 00:19:40.640 15 ERROR rally_openstack.osclients return self.request(url, 'POST', **kwargs)
2020-03-20 00:19:40.640 15 ERROR rally_openstack.osclients
File "/usr/lib/python2.7/site-packages/keystoneauth1/session.py", line 869, in request
2020-03-20 00:19:40.640 15 ERROR rally_openstack.osclients raise exceptions.from_response(resp, method, url)
2020-03-20 00:19:40.640 15 ERROR rally_openstack.osclients BadGateway: Bad Gateway (HTTP 502)
2020-03-20 00:19:40.640 15 ERROR rally_openstack.osclients
2020-03-20 00:19:40.644 15 ERROR rally_openstack.osclients [-] Unable to authenticate for user c_rally_d702a047_VuognRMG in project c_rally_d702a047_EI2GiOkf: BadGateway: Bad Gateway (HTTP 502)
2020-03-20 00:19:40.644 15 ERROR rally_openstack.osclients
Traceback (most recent call last):
2020-03-20 00:19:40.644 15 ERROR rally_openstack.osclients
File "/usr/lib/python2.7/site-packages/rally_openstack/osclients.py", line 273, in auth_ref
2020-03-20 00:19:40.644 15 ERROR rally_openstack.osclients self.cache["keystone_auth_ref"] = plugin.get_access(sess)
2020-03-20 00:19:40.644 15 ERROR rally_openstack.osclients
File "/usr/lib/python2.7/site-packages/keystoneauth1/identity/base.py", line 134, in get_access
2020-03-20 00:19:40.644 15 ERROR rally_openstack.osclients self.auth_ref = self.get_auth_ref(session)
2020-03-20 00:19:40.644 15 ERROR rally_openstack.osclients
File "/usr/lib/python2.7/site-packages/keystoneauth1/identity/generic/base.py", line 208, in get_auth_ref
2020-03-20 00:19:40.644 15 ERROR rally_openstack.osclients return self._plugin.get_auth_ref(session, **kwargs)
2020-03-20 00:19:40.644 15 ERROR rally_openstack.osclients
File "/usr/lib/python2.7/site-packages/keystoneauth1/identity/v3/base.py", line 178, in get_auth_ref
2020-03-20 00:19:40.644 15 ERROR rally_openstack.osclients authenticated=False, log=False, **rkwargs)
2020-03-20 00:19:40.644 15 ERROR rally_openstack.osclients
File "/usr/lib/python2.7/site-packages/keystoneauth1/session.py", line 1019, in post
2020-03-20 00:19:40.644 15 ERROR rally_openstack.osclients return self.request(url, 'POST', **kwargs)
2020-03-20 00:19:40.644 15 ERROR rally_openstack.osclients
File "/usr/lib/python2.7/site-packages/keystoneauth1/session.py", line 869, in request
2020-03-20 00:19:40.644 15 ERROR rally_openstack.osclients raise exceptions.from_response(resp, method, url)
2020-03-20 00:19:40.644 15 ERROR rally_openstack.osclients BadGateway: Bad Gateway (HTTP 502)
2020-03-20 00:19:40.644 15 ERROR rally_openstack.osclients
2020-03-20 00:19:40.650 15 ERROR rally_openstack.osclients [-] Unable to authenticate for user c_rally_d702a047_VuognRMG in project c_rally_d702a047_EI2GiOkf: BadGateway: Bad Gateway (HTTP 502)
2020-03-20 00:19:40.650 15 ERROR rally_openstack.osclients
Traceback (most recent call last):
2020-03-20 00:19:40.650 15 ERROR rally_openstack.osclients
File "/usr/lib/python2.7/site-packages/rally_openstack/osclients.py", line 273, in auth_ref
2020-03-20 00:19:40.650 15 ERROR rally_openstack.osclients self.cache["keystone_auth_ref"] = plugin.get_access(sess)
2020-03-20 00:19:40.650 15 ERROR rally_openstack.osclients
File "/usr/lib/python2.7/site-packages/keystoneauth1/identity/base.py", line 134, in get_access
2020-03-20 00:19:40.650 15 ERROR rally_openstack.osclients self.auth_ref = self.get_auth_ref(session)
2020-03-20 00:19:40.650 15 ERROR rally_openstack.osclients
File "/usr/lib/python2.7/site-packages/keystoneauth1/identity/generic/base.py", line 208, in get_auth_ref
2020-03-20 00:19:40.650 15 ERROR rally_openstack.osclients return self._plugin.get_auth_ref(session, **kwargs)
2020-03-20 00:19:40.650 15 ERROR rally_openstack.osclients
File "/usr/lib/python2.7/site-packages/keystoneauth1/identity/v3/base.py", line 178, in get_auth_ref
2020-03-20 00:19:40.650 15 ERROR rally_openstack.osclients authenticated=False, log=False, **rkwargs)
2020-03-20 00:19:40.650 15 ERROR rally_openstack.osclients
File "/usr/lib/python2.7/site-packages/keystoneauth1/session.py", line 1019, in post
2020-03-20 00:19:40.650 15 ERROR rally_openstack.osclients return self.request(url, 'POST', **kwargs)
2020-03-20 00:19:40.650 15 ERROR rally_openstack.osclients
File "/usr/lib/python2.7/site-packages/keystoneauth1/session.py", line 869, in request
2020-03-20 00:19:40.650 15 ERROR rally_openstack.osclients raise exceptions.from_response(resp, method, url)
2020-03-20 00:19:40.650 15 ERROR rally_openstack.osclients BadGateway: Bad Gateway (HTTP 502)
2020-03-20 00:19:40.650 15 ERROR rally_openstack.osclients
2020-03-20 00:19:40.646 15 ERROR rally_openstack.osclients [-] Unable to authenticate for user c_rally_d702a047_VuognRMG in project c_rally_d702a047_EI2GiOkf: BadGateway: Bad Gateway (HTTP 502)
2020-03-20 00:19:40.646 15 ERROR rally_openstack.osclients
Traceback (most recent call last):
2020-03-20 00:19:40.646 15 ERROR rally_openstack.osclients
File "/usr/lib/python2.7/site-packages/rally_openstack/osclients.py", line 273, in auth_ref
2020-03-20 00:19:40.646 15 ERROR rally_openstack.osclients self.cache["keystone_auth_ref"] = plugin.get_access(sess)
2020-03-20 00:19:40.646 15 ERROR rally_openstack.osclients
File "/usr/lib/python2.7/site-packages/keystoneauth1/identity/base.py", line 134, in get_access
2020-03-20 00:19:40.646 15 ERROR rally_openstack.osclients self.auth_ref = self.get_auth_ref(session)
2020-03-20 00:19:40.646 15 ERROR rally_openstack.osclients
File "/usr/lib/python2.7/site-packages/keystoneauth1/identity/generic/base.py", line 208, in get_auth_ref
2020-03-20 00:19:40.646 15 ERROR rally_openstack.osclients return self._plugin.get_auth_ref(session, **kwargs)
2020-03-20 00:19:40.646 15 ERROR rally_openstack.osclients
File "/usr/lib/python2.7/site-packages/keystoneauth1/identity/v3/base.py", line 178, in get_auth_ref
2020-03-20 00:19:40.646 15 ERROR rally_openstack.osclients authenticated=False, log=False, **rkwargs)
2020-03-20 00:19:40.646 15 ERROR rally_openstack.osclients
File "/usr/lib/python2.7/site-packages/keystoneauth1/session.py", line 1019, in post
2020-03-20 00:19:40.646 15 ERROR rally_openstack.osclients return self.request(url, 'POST', **kwargs)
2020-03-20 00:19:40.646 15 ERROR rally_openstack.osclients
File "/usr/lib/python2.7/site-packages/keystoneauth1/session.py", line 869, in request
2020-03-20 00:19:40.646 15 ERROR rally_openstack.osclients raise exceptions.from_response(resp, method, url)
2020-03-20 00:19:40.646 15 ERROR rally_openstack.osclients BadGateway: Bad Gateway (HTTP 502)
2020-03-20 00:19:40.646 15 ERROR rally_openstack.osclients
2020-03-20 00:19:40.645 15 ERROR rally_openstack.osclients [-] Unable to authenticate for user c_rally_d702a047_VuognRMG in project c_rally_d702a047_EI2GiOkf: BadGateway: Bad Gateway (HTTP 502)
2020-03-20 00:19:40.645 15 ERROR rally_openstack.osclients
Traceback (most recent call last):
2020-03-20 00:19:40.645 15 ERROR rally_openstack.osclients
File "/usr/lib/python2.7/site-packages/rally_openstack/osclients.py", line 273, in auth_ref
2020-03-20 00:19:40.645 15 ERROR rally_openstack.osclients self.cache["keystone_auth_ref"] = plugin.get_access(sess)
2020-03-20 00:19:40.645 15 ERROR rally_openstack.osclients
File "/usr/lib/python2.7/site-packages/keystoneauth1/identity/base.py", line 134, in get_access
2020-03-20 00:19:40.645 15 ERROR rally_openstack.osclients self.auth_ref = self.get_auth_ref(session)
2020-03-20 00:19:40.645 15 ERROR rally_openstack.osclients
File "/usr/lib/python2.7/site-packages/keystoneauth1/identity/generic/base.py", line 208, in get_auth_ref
2020-03-20 00:19:40.645 15 ERROR rally_openstack.osclients return self._plugin.get_auth_ref(session, **kwargs)
2020-03-20 00:19:40.645 15 ERROR rally_openstack.osclients
File "/usr/lib/python2.7/site-packages/keystoneauth1/identity/v3/base.py", line 178, in get_auth_ref
2020-03-20 00:19:40.645 15 ERROR rally_openstack.osclients authenticated=False, log=False, **rkwargs)
2020-03-20 00:19:40.645 15 ERROR rally_openstack.osclients
File "/usr/lib/python2.7/site-packages/keystoneauth1/session.py", line 1019, in post
2020-03-20 00:19:40.645 15 ERROR rally_openstack.osclients return self.request(url, 'POST', **kwargs)
2020-03-20 00:19:40.645 15 ERROR rally_openstack.osclients
File "/usr/lib/python2.7/site-packages/keystoneauth1/session.py", line 869, in request
2020-03-20 00:19:40.645 15 ERROR rally_openstack.osclients raise exceptions.from_response(resp, method, url)
2020-03-20 00:19:40.645 15 ERROR rally_openstack.osclients BadGateway: Bad Gateway (HTTP 502)
2020-03-20 00:19:40.645 15 ERROR rally_openstack.osclients
2020-03-20 00:19:40.696 15 RALLYDEBUG rally_openstack.cleanup.manager [-] Deleting neutron.network object s_rally_d702a047_Ux8uorBx (95ebdae2-1fdc-4d68-a65f-2661fec89ccf)
2020-03-20 00:19:40.972 15 RALLYDEBUG rally_openstack.cleanup.manager [-] Deleting neutron.network object s_rally_d702a047_C1dZ4VMK (9c2bcdeb-d404-4663-a50b-7fef33732bab)
2020-03-20 00:19:41.044 15 RALLYDEBUG rally_openstack.cleanup.manager [-] Deleting neutron.network object s_rally_d702a047_nuIKjgqO (9fdb1d47-59a9-48c2-93c5-22c09e4a8210)
2020-03-20 00:19:41.213 15 RALLYDEBUG rally_openstack.cleanup.manager [-] Deleting neutron.network object s_rally_d702a047_3NodMwjn (a0ddaed9-eaab-4e7e-9d6f-f9eb5c4be948)
2020-03-20 00:19:42.268 15 RALLYDEBUG rally_openstack.cleanup.manager [-] Deleting neutron.network object s_rally_d702a047_AcDqEbIk (a3001414-e83a-4133-9026-847a63453b8d)
2020-03-20 00:19:42.334 15 RALLYDEBUG rally_openstack.cleanup.manager [-] Deleting neutron.network object s_rally_d702a047_zeO2fu97 (a5aacbc4-95d2-456c-a87a-365c4c1955cd)
2020-03-20 00:19:42.352 15 RALLYDEBUG rally_openstack.cleanup.manager [-] Deleting neutron.network object s_rally_d702a047_1KOtMiR2 (a69d2be0-a53e-4e27-918b-a17590048867)
2020-03-20 00:19:42.414 15 RALLYDEBUG rally_openstack.cleanup.manager [-] Deleting neutron.network object s_rally_d702a047_xQ4jLCUI (aab4b26d-4401-4a9b-acd4-339cfe68389a)
2020-03-20 00:19:42.476 15 RALLYDEBUG rally_openstack.cleanup.manager [-] Deleting neutron.network object s_rally_d702a047_rCldUHxU (ac7f8eeb-0069-4bad-af58-f5da806e72f3)
2020-03-20 00:19:42.510 15 RALLYDEBUG rally_openstack.cleanup.manager [-] Deleting neutron.network object s_rally_d702a047_IkCe2biv (b2fa1c8c-6726-4cd1-8c56-3a771f2a1633)
2020-03-20 00:19:43.224 15 RALLYDEBUG rally_openstack.cleanup.manager [-] Deleting neutron.network object s_rally_d702a047_ymP6Y4Un (b7940aaf-63cf-4b21-95c5-6f50111b5a8c)
2020-03-20 00:19:43.247 15 RALLYDEBUG rally_openstack.cleanup.manager [-] Deleting neutron.network object s_rally_d702a047_TXQEMkc5 (b7a233c3-c87c-4dee-982a-bfd9ad8f1f82)
2020-03-20 00:19:43.471 15 RALLYDEBUG rally_openstack.cleanup.manager [-] Deleting neutron.network object s_rally_d702a047_B9ZIBsex (ba7e5e6c-bdfa-4312-b403-b450d98d5cbf)
2020-03-20 00:19:43.993 15 RALLYDEBUG rally_openstack.cleanup.manager [-] Deleting neutron.network object s_rally_d702a047_XwbdqWyC (bc2a1cb2-9b8a-4610-80c7-c2a44fd8ca93)
2020-03-20 00:19:44.408 15 RALLYDEBUG rally_openstack.cleanup.manager [-] Deleting neutron.network object s_rally_d702a047_katce8QG (c3108c7f-5722-4d74-9944-51d2d55c6461)
2020-03-20 00:19:44.434 15 RALLYDEBUG rally_openstack.cleanup.manager [-] Deleting neutron.network object s_rally_d702a047_X3ICGMdv (c3826e27-5edc-48da-852a-3b4cbbe76ff1)
2020-03-20 00:19:44.530 15 RALLYDEBUG rally_openstack.cleanup.manager [-] Deleting neutron.network object s_rally_d702a047_R3XcM2RZ (c5b2c7f9-7949-4596-8d48-ea8ae7dc329d)
2020-03-20 00:19:44.617 15 RALLYDEBUG rally_openstack.cleanup.manager [-] Deleting neutron.network object s_rally_d702a047_zQD9hsUd (caca0022-2fb9-4b04-a925-a8eadf89dfbf)
2020-03-20 00:19:44.717 15 RALLYDEBUG rally_openstack.cleanup.manager [-] Deleting neutron.network object s_rally_d702a047_upAPNsdM (cc645cde-851b-45e5-a60a-baaa623bfc3b)
2020-03-20 00:19:44.740 15 RALLYDEBUG rally_openstack.cleanup.manager [-] Deleting neutron.network object s_rally_d702a047_7M7okxmi (cc91560a-4633-4e1c-b2f1-3cbc1925bef6)
2020-03-20 00:19:44.882 15 RALLYDEBUG rally_openstack.cleanup.manager [-] Deleting neutron.network object s_rally_d702a047_xDwNXBVj (ccb76524-6f5d-4a37-b0d6-397ace5085ce)
2020-03-20 00:19:45.376 15 RALLYDEBUG rally_openstack.cleanup.manager [-] Deleting neutron.network object s_rally_d702a047_mtexOlSB (dd1dbc17-261b-4dac-9d02-f81baf050541)
2020-03-20 00:19:45.532 15 RALLYDEBUG rally_openstack.cleanup.manager [-] Deleting neutron.network object s_rally_d702a047_NgtBClvv (dfa31e22-36f7-4389-b667-e7ad3c12234f)
2020-03-20 00:19:45.548 15 RALLYDEBUG rally_openstack.cleanup.manager [-] Deleting neutron.network object s_rally_d702a047_up9gLllx (e146a367-2873-436a-b889-2b301294773a)
2020-03-20 00:19:45.598 15 RALLYDEBUG rally_openstack.cleanup.manager [-] Deleting neutron.network object s_rally_d702a047_y8n4LaCM (e1e1e734-db20-4111-a5fc-2ed125e34d61)
2020-03-20 00:19:45.670 15 RALLYDEBUG rally_openstack.cleanup.manager [-] Deleting neutron.network object s_rally_d702a047_GQ7mBvLM (e58ca3ab-ca4a-4b25-b925-7b03d2f4da13)
2020-03-20 00:19:45.701 15 RALLYDEBUG rally_openstack.cleanup.manager [-] Deleting neutron.network object s_rally_d702a047_75tGKMsA (ea804209-1156-4c32-b6e3-a2a7a1ac59fe)
2020-03-20 00:19:46.282 15 RALLYDEBUG rally_openstack.cleanup.manager [-] Deleting neutron.network object s_rally_d702a047_g2zkOCAO (ef4dfbbe-670d-4a68-af75-c17453f79e24)
2020-03-20 00:19:46.286 15 RALLYDEBUG rally_openstack.cleanup.manager [-] Deleting neutron.network object s_rally_d702a047_azYHTiFG (f2d3701d-d0f4-4c8a-9e20-0157b5b8f7e7)
2020-03-20 00:19:46.424 15 RALLYDEBUG rally_openstack.cleanup.manager [-] Deleting neutron.network object s_rally_d702a047_QtfTtxdS (f3065c2a-df1c-49c7-8f4a-18c3c42d995c)
2020-03-20 00:19:46.493 15 RALLYDEBUG rally_openstack.cleanup.manager [-] Deleting neutron.network object s_rally_d702a047_veHv4fx5 (f3427ef2-9133-467d-b577-698540851ab0)
2020-03-20 00:19:46.522 15 RALLYDEBUG rally_openstack.cleanup.manager [-] Deleting neutron.network object s_rally_d702a047_fnQXhE8r (f6e0f840-5ea7-42c4-8318-c21517da67c4)
2020-03-20 00:19:46.850 15 RALLYDEBUG rally_openstack.cleanup.manager [-] Deleting neutron.network object s_rally_d702a047_ZomX45GI (f8958e4e-f574-46db-8b59-f7203fce244d)
2020-03-20 00:19:47.407 15 RALLYDEBUG rally_openstack.cleanup.manager [-] Deleting neutron.network object s_rally_d702a047_LP6JQWVG (fe04524f-6604-4b43-8d21-8377ac7cb968)
2020-03-20 00:19:47.840 15 RALLYDEBUG rally_openstack.cleanup.manager [-] Deleting neutron.network object s_rally_d702a047_IOO3ukmf (ffaaa7f2-a3cc-4aaf-8490-49788047c6c2)
2020-03-20 00:19:48.021 15 RALLYDEBUG rally_openstack.cleanup.manager [-] Deleting neutron.network object s_rally_d702a047_9daRR2uX (fff7a4a2-4f77-4ad9-b503-1ee384a5d44f)
2020-03-20 00:19:49.890 15 RALLYDEBUG rally_openstack.cleanup.manager [-] Cleaning up neutron router objects
2020-03-20 00:19:50.151 15 RALLYDEBUG rally_openstack.cleanup.manager [-] Cleaning up neutron security_group objects
2020-03-20 00:19:50.439 15 INFO rally.task.context [-] Task 6dd1b05b-317d-41c1-8b75-a985824e8cec | Context cleanup@openstack cleanup() finished in 1.19 min
2020-03-20 00:19:50.440 15 INFO rally.task.context [-] Task 6dd1b05b-317d-41c1-8b75-a985824e8cec | Context quotas@openstack cleanup() started
2020-03-20 00:19:50.582 15 INFO rally.task.context [-] Task 6dd1b05b-317d-41c1-8b75-a985824e8cec | Context quotas@openstack cleanup() finished in 0.14 sec
2020-03-20 00:19:50.582 15 INFO rally.task.context [-] Task 6dd1b05b-317d-41c1-8b75-a985824e8cec | Context users@openstack cleanup() started
2020-03-20 00:19:52.137 15 INFO rally.task.context [-] Task 6dd1b05b-317d-41c1-8b75-a985824e8cec | Context users@openstack cleanup() finished in 1.55 sec
2020-03-20 00:19:53.887 15 INFO rally.task.engine [-] Load duration is: 22.073798
2020-03-20 00:19:53.887 15 INFO rally.task.engine [-] Full runner duration is: 22.113
2020-03-20 00:19:53.887 15 INFO rally.task.engine [-] Full duration is: 96.694944
2020-03-20 00:19:54.064 15 INFO rally.task.engine [-] Running workload: position = 1 config = { "version": 2, "title": "A cropped version of a bigger task.", "description": "Auto-generated task from a single workload (uuid=8083fdb8-ccac-42b9-94aa-4d66c7571638)", "subtasks": [ { "title": "NeutronNetworks.create_and_update_networks", "description": "Check network update action", "scenario": { "NeutronNetworks.create_and_update_networks": { "network_create_args": {}, "network_update_args": { "admin_state_up": false, "name": "_updated" } } }, "contexts": { "users": { "tenants": 1, "users_per_tenant": 1 }, "quotas": { "neutron": { "network": -1 } } }, "runner": { "constant": { "times": 40, "concurrency": 20 } }, "hooks": [], "sla": { "failure_rate": { "max": 0 } } } ] }
2020-03-20 00:19:54.087 15 RALLYDEBUG rally_openstack.contexts.keystone.users [-] Creating 1 tenants using 20 threads
2020-03-20 00:19:54.764 15 RALLYDEBUG rally_openstack.contexts.keystone.users [-] Creating 1 users using 20 threads
2020-03-20 00:19:55.891 15 INFO rally.task.context [-] Task 6dd1b05b-317d-41c1-8b75-a985824e8cec | Context users@openstack setup() finished in 1.80 sec
2020-03-20 00:19:56.285 15 INFO rally.task.context [-] Task 6dd1b05b-317d-41c1-8b75-a985824e8cec | Context quotas@openstack setup() finished in 0.39 sec
2020-03-20 00:19:56.286 15 INFO rally.task.context [-] Task 6dd1b05b-317d-41c1-8b75-a985824e8cec | Context cleanup@openstack setup() finished in 0.01 msec
2020-03-20 00:19:56.296 15 RALLYDEBUG rally.task.runner [-] Starting the constant runner (task UUID: 6dd1b05b-317d-41c1-8b75-a985824e8cec). timeout: 0 concurrency: 20 concurrency_per_worker: 1 times: 40 concurrency_overhead: 0 processes_to_start: 20 max_cpu_used: 88
2020-03-20 00:19:56.310 601 RALLYDEBUG rally.task.runner [-] Starting a worker. concurrency: 1 args: {"network_create_args": {}, "network_update_args": {"admin_state_up": false, "name": "_updated"}} times: 40 method_name: run timeout: 0 duration: None cls:
2020-03-20 00:19:56.313 602 RALLYDEBUG rally.task.runner [-] Starting a worker. concurrency: 1 args: {"network_create_args": {}, "network_update_args": {"admin_state_up": false, "name": "_updated"}} times: 40 method_name: run timeout: 0 duration: None cls:
2020-03-20 00:19:56.316 601 INFO rally.task.runner [-] Task 6dd1b05b-317d-41c1-8b75-a985824e8cec | ITER: 1 START
2020-03-20 00:19:56.317 603 RALLYDEBUG rally.task.runner [-] Starting a worker. concurrency: 1 args: {"network_create_args": {}, "network_update_args": {"admin_state_up": false, "name": "_updated"}} times: 40 method_name: run timeout: 0 duration: None cls:
2020-03-20 00:19:56.320 602 INFO rally.task.runner [-] Task 6dd1b05b-317d-41c1-8b75-a985824e8cec | ITER: 2 START
2020-03-20 00:19:56.321 604 RALLYDEBUG rally.task.runner [-] Starting a worker. concurrency: 1 args: {"network_create_args": {}, "network_update_args": {"admin_state_up": false, "name": "_updated"}} times: 40 method_name: run timeout: 0 duration: None cls:
2020-03-20 00:19:56.323 603 INFO rally.task.runner [-] Task 6dd1b05b-317d-41c1-8b75-a985824e8cec | ITER: 3 START
2020-03-20 00:19:56.323 607 RALLYDEBUG rally.task.runner [-] Starting a worker. concurrency: 1 args: {"network_create_args": {}, "network_update_args": {"admin_state_up": false, "name": "_updated"}} times: 40 method_name: run timeout: 0 duration: None cls:
2020-03-20 00:19:56.327 604 INFO rally.task.runner [-] Task 6dd1b05b-317d-41c1-8b75-a985824e8cec | ITER: 4 START
2020-03-20 00:19:56.327 610 RALLYDEBUG rally.task.runner [-] Starting a worker. concurrency: 1 args: {"network_create_args": {}, "network_update_args": {"admin_state_up": false, "name": "_updated"}} times: 40 method_name: run timeout: 0 duration: None cls:
2020-03-20 00:19:56.331 613 RALLYDEBUG rally.task.runner [-] Starting a worker. concurrency: 1 args: {"network_create_args": {}, "network_update_args": {"admin_state_up": false, "name": "_updated"}} times: 40 method_name: run timeout: 0 duration: None cls:
2020-03-20 00:19:56.332 607 INFO rally.task.runner [-] Task 6dd1b05b-317d-41c1-8b75-a985824e8cec | ITER: 5 START
2020-03-20 00:19:56.334 610 INFO rally.task.runner [-] Task 6dd1b05b-317d-41c1-8b75-a985824e8cec | ITER: 6 START
2020-03-20 00:19:56.336 613 INFO rally.task.runner [-] Task 6dd1b05b-317d-41c1-8b75-a985824e8cec | ITER: 7 START
2020-03-20 00:19:56.336 616 RALLYDEBUG rally.task.runner [-] Starting a worker. concurrency: 1 args: {"network_create_args": {}, "network_update_args": {"admin_state_up": false, "name": "_updated"}} times: 40 method_name: run timeout: 0 duration: None cls:
2020-03-20 00:19:56.337 619 RALLYDEBUG rally.task.runner [-] Starting a worker. concurrency: 1 args: {"network_create_args": {}, "network_update_args": {"admin_state_up": false, "name": "_updated"}} times: 40 method_name: run timeout: 0 duration: None cls:
2020-03-20 00:19:56.340 622 RALLYDEBUG rally.task.runner [-] Starting a worker. concurrency: 1 args: {"network_create_args": {}, "network_update_args": {"admin_state_up": false, "name": "_updated"}} times: 40 method_name: run timeout: 0 duration: None cls:
2020-03-20 00:19:56.342 616 INFO rally.task.runner [-] Task 6dd1b05b-317d-41c1-8b75-a985824e8cec | ITER: 8 START
2020-03-20 00:19:56.344 619 INFO rally.task.runner [-] Task 6dd1b05b-317d-41c1-8b75-a985824e8cec | ITER: 9 START
2020-03-20 00:19:56.344 625 RALLYDEBUG rally.task.runner [-] Starting a worker. concurrency: 1 args: {"network_create_args": {}, "network_update_args": {"admin_state_up": false, "name": "_updated"}} times: 40 method_name: run timeout: 0 duration: None cls:
2020-03-20 00:19:56.346 622 INFO rally.task.runner [-] Task 6dd1b05b-317d-41c1-8b75-a985824e8cec | ITER: 10 START
2020-03-20 00:19:56.347 627 RALLYDEBUG rally.task.runner [-] Starting a worker. concurrency: 1 args: {"network_create_args": {}, "network_update_args": {"admin_state_up": false, "name": "_updated"}} times: 40 method_name: run timeout: 0 duration: None cls:
2020-03-20 00:19:56.350 625 INFO rally.task.runner [-] Task 6dd1b05b-317d-41c1-8b75-a985824e8cec | ITER: 11 START
2020-03-20 00:19:56.350 631 RALLYDEBUG rally.task.runner [-] Starting a worker. concurrency: 1 args: {"network_create_args": {}, "network_update_args": {"admin_state_up": false, "name": "_updated"}} times: 40 method_name: run timeout: 0 duration: None cls:
2020-03-20 00:19:56.353 627 INFO rally.task.runner [-] Task 6dd1b05b-317d-41c1-8b75-a985824e8cec | ITER: 12 START
2020-03-20 00:19:56.353 634 RALLYDEBUG rally.task.runner [-] Starting a worker. concurrency: 1 args: {"network_create_args": {}, "network_update_args": {"admin_state_up": false, "name": "_updated"}} times: 40 method_name: run timeout: 0 duration: None cls:
2020-03-20 00:19:56.355 631 INFO rally.task.runner [-] Task 6dd1b05b-317d-41c1-8b75-a985824e8cec | ITER: 13 START
2020-03-20 00:19:56.357 637 RALLYDEBUG rally.task.runner [-] Starting a worker. concurrency: 1 args: {"network_create_args": {}, "network_update_args": {"admin_state_up": false, "name": "_updated"}} times: 40 method_name: run timeout: 0 duration: None cls:
2020-03-20 00:19:56.359 634 INFO rally.task.runner [-] Task 6dd1b05b-317d-41c1-8b75-a985824e8cec | ITER: 14 START
2020-03-20 00:19:56.360 640 RALLYDEBUG rally.task.runner [-] Starting a worker. concurrency: 1 args: {"network_create_args": {}, "network_update_args": {"admin_state_up": false, "name": "_updated"}} times: 40 method_name: run timeout: 0 duration: None cls:
2020-03-20 00:19:56.363 637 INFO rally.task.runner [-] Task 6dd1b05b-317d-41c1-8b75-a985824e8cec | ITER: 15 START
2020-03-20 00:19:56.364 644 RALLYDEBUG rally.task.runner [-] Starting a worker. concurrency: 1 args: {"network_create_args": {}, "network_update_args": {"admin_state_up": false, "name": "_updated"}} times: 40 method_name: run timeout: 0 duration: None cls:
2020-03-20 00:19:56.365 640 INFO rally.task.runner [-] Task 6dd1b05b-317d-41c1-8b75-a985824e8cec | ITER: 16 START
2020-03-20 00:19:56.367 646 RALLYDEBUG rally.task.runner [-] Starting a worker. concurrency: 1 args: {"network_create_args": {}, "network_update_args": {"admin_state_up": false, "name": "_updated"}} times: 40 method_name: run timeout: 0 duration: None cls:
2020-03-20 00:19:56.369 644 INFO rally.task.runner [-] Task 6dd1b05b-317d-41c1-8b75-a985824e8cec | ITER: 17 START
2020-03-20 00:19:56.370 649 RALLYDEBUG rally.task.runner [-] Starting a worker. concurrency: 1 args: {"network_create_args": {}, "network_update_args": {"admin_state_up": false, "name": "_updated"}} times: 40 method_name: run timeout: 0 duration: None cls:
2020-03-20 00:19:56.372 646 INFO rally.task.runner [-] Task 6dd1b05b-317d-41c1-8b75-a985824e8cec | ITER: 18 START
2020-03-20 00:19:56.373 652 RALLYDEBUG rally.task.runner [-] Starting a worker. concurrency: 1 args: {"network_create_args": {}, "network_update_args": {"admin_state_up": false, "name": "_updated"}} times: 40 method_name: run timeout: 0 duration: None cls:
2020-03-20 00:19:56.376 649 INFO rally.task.runner [-] Task 6dd1b05b-317d-41c1-8b75-a985824e8cec | ITER: 19 START
2020-03-20 00:19:56.379 652 INFO rally.task.runner [-] Task 6dd1b05b-317d-41c1-8b75-a985824e8cec | ITER: 20 START
2020-03-20 00:19:59.084 601 INFO rally.task.runner [-] Task 6dd1b05b-317d-41c1-8b75-a985824e8cec | ITER: 1 END: OK
2020-03-20 00:19:59.089 601 INFO rally.task.runner [-] Task 6dd1b05b-317d-41c1-8b75-a985824e8cec | ITER: 21 START
2020-03-20 00:19:59.247 602 INFO rally.task.runner [-] Task 6dd1b05b-317d-41c1-8b75-a985824e8cec | ITER: 2 END: OK
2020-03-20 00:19:59.252 602 INFO rally.task.runner [-] Task 6dd1b05b-317d-41c1-8b75-a985824e8cec | ITER: 22 START
2020-03-20 00:19:59.481 603 INFO rally.task.runner [-] Task 6dd1b05b-317d-41c1-8b75-a985824e8cec | ITER: 3 END: OK
2020-03-20 00:19:59.485 603 INFO rally.task.runner [-] Task 6dd1b05b-317d-41c1-8b75-a985824e8cec | ITER: 23 START
2020-03-20 00:20:01.050 604 INFO rally.task.runner [-] Task 6dd1b05b-317d-41c1-8b75-a985824e8cec | ITER: 4 END: OK
2020-03-20 00:20:01.055 604 INFO rally.task.runner [-] Task 6dd1b05b-317d-41c1-8b75-a985824e8cec | ITER: 24 START
2020-03-20 00:20:01.718 613 INFO rally.task.runner [-] Task 6dd1b05b-317d-41c1-8b75-a985824e8cec | ITER: 7 END: OK
2020-03-20 00:20:01.723 613 INFO rally.task.runner [-] Task 6dd1b05b-317d-41c1-8b75-a985824e8cec | ITER: 25 START
2020-03-20 00:20:01.748 616 INFO rally.task.runner [-] Task 6dd1b05b-317d-41c1-8b75-a985824e8cec | ITER: 8 END: OK
2020-03-20 00:20:01.753 616 INFO rally.task.runner [-] Task 6dd1b05b-317d-41c1-8b75-a985824e8cec | ITER: 26 START
2020-03-20 00:20:01.950 607 INFO rally.task.runner [-] Task 6dd1b05b-317d-41c1-8b75-a985824e8cec | ITER: 5 END: OK
2020-03-20 00:20:01.954 607 INFO rally.task.runner [-] Task 6dd1b05b-317d-41c1-8b75-a985824e8cec | ITER: 27 START
2020-03-20 00:20:02.128 625 INFO rally.task.runner [-] Task 6dd1b05b-317d-41c1-8b75-a985824e8cec | ITER: 11 END: OK
2020-03-20 00:20:02.132 625 INFO rally.task.runner [-] Task 6dd1b05b-317d-41c1-8b75-a985824e8cec | ITER: 28 START
2020-03-20 00:20:02.333 619 INFO rally.task.runner [-] Task 6dd1b05b-317d-41c1-8b75-a985824e8cec | ITER: 9 END: OK
2020-03-20 00:20:02.337 619 INFO rally.task.runner [-] Task 6dd1b05b-317d-41c1-8b75-a985824e8cec | ITER: 29 START
2020-03-20 00:20:02.379 622 INFO rally.task.runner [-] Task 6dd1b05b-317d-41c1-8b75-a985824e8cec | ITER: 10 END: OK
2020-03-20 00:20:02.383 622 INFO rally.task.runner [-] Task 6dd1b05b-317d-41c1-8b75-a985824e8cec | ITER: 30 START
2020-03-20 00:20:02.564 634 INFO rally.task.runner [-] Task 6dd1b05b-317d-41c1-8b75-a985824e8cec | ITER: 14 END: OK
2020-03-20 00:20:02.570 634 INFO rally.task.runner [-] Task 6dd1b05b-317d-41c1-8b75-a985824e8cec | ITER: 31 START
2020-03-20 00:20:02.819 610 INFO rally.task.runner [-] Task 6dd1b05b-317d-41c1-8b75-a985824e8cec | ITER: 6 END: OK
2020-03-20 00:20:02.824 610 INFO rally.task.runner [-] Task 6dd1b05b-317d-41c1-8b75-a985824e8cec | ITER: 32 START
2020-03-20 00:20:02.886 631 INFO rally.task.runner [-] Task 6dd1b05b-317d-41c1-8b75-a985824e8cec | ITER: 13 END: OK
2020-03-20 00:20:02.891 631 INFO rally.task.runner [-] Task 6dd1b05b-317d-41c1-8b75-a985824e8cec | ITER: 33 START
2020-03-20 00:20:03.068 627 INFO rally.task.runner [-] Task 6dd1b05b-317d-41c1-8b75-a985824e8cec | ITER: 12 END: OK
2020-03-20 00:20:03.072 627 INFO rally.task.runner [-] Task 6dd1b05b-317d-41c1-8b75-a985824e8cec | ITER: 34 START
2020-03-20 00:20:03.129 640 INFO rally.task.runner [-] Task 6dd1b05b-317d-41c1-8b75-a985824e8cec | ITER: 16 END: OK
2020-03-20 00:20:03.134 640 INFO rally.task.runner [-] Task 6dd1b05b-317d-41c1-8b75-a985824e8cec | ITER: 35 START
2020-03-20 00:20:03.168 646 INFO rally.task.runner [-] Task 6dd1b05b-317d-41c1-8b75-a985824e8cec | ITER: 18 END: OK
2020-03-20 00:20:03.173 646 INFO rally.task.runner [-] Task 6dd1b05b-317d-41c1-8b75-a985824e8cec | ITER: 36 START
2020-03-20 00:20:03.640 637 INFO rally.task.runner [-] Task 6dd1b05b-317d-41c1-8b75-a985824e8cec | ITER: 15 END: OK
2020-03-20 00:20:03.645 637 INFO rally.task.runner [-] Task 6dd1b05b-317d-41c1-8b75-a985824e8cec | ITER: 37 START
2020-03-20 00:20:03.849 644 INFO rally.task.runner [-] Task 6dd1b05b-317d-41c1-8b75-a985824e8cec | ITER: 17 END: OK
2020-03-20 00:20:03.854 644 INFO rally.task.runner [-] Task 6dd1b05b-317d-41c1-8b75-a985824e8cec | ITER: 38 START
2020-03-20 00:20:04.324 652 INFO rally.task.runner [-] Task 6dd1b05b-317d-41c1-8b75-a985824e8cec | ITER: 20 END: OK
2020-03-20 00:20:04.328 652 INFO rally.task.runner [-] Task 6dd1b05b-317d-41c1-8b75-a985824e8cec | ITER: 39 START
2020-03-20 00:20:04.629 601 INFO rally.task.runner [-] Task 6dd1b05b-317d-41c1-8b75-a985824e8cec | ITER: 21 END: OK
2020-03-20 00:20:04.633 601 INFO rally.task.runner [-] Task 6dd1b05b-317d-41c1-8b75-a985824e8cec | ITER: 40 START
2020-03-20 00:20:04.980 649 INFO rally.task.runner [-] Task 6dd1b05b-317d-41c1-8b75-a985824e8cec | ITER: 19 END: OK
2020-03-20 00:20:05.943 602 INFO rally.task.runner [-] Task 6dd1b05b-317d-41c1-8b75-a985824e8cec | ITER: 22 END: OK
2020-03-20 00:20:07.508 604 INFO rally.task.runner [-] Task 6dd1b05b-317d-41c1-8b75-a985824e8cec | ITER: 24 END: OK
2020-03-20 00:20:07.523 603 INFO rally.task.runner [-] Task 6dd1b05b-317d-41c1-8b75-a985824e8cec | ITER: 23 END: OK
2020-03-20 00:20:08.022 613 INFO rally.task.runner [-] Task 6dd1b05b-317d-41c1-8b75-a985824e8cec | ITER: 25 END: OK
2020-03-20 00:20:09.470 607 INFO rally.task.runner [-] Task 6dd1b05b-317d-41c1-8b75-a985824e8cec | ITER: 27 END: OK
2020-03-20 00:20:09.474 616 INFO rally.task.runner [-] Task 6dd1b05b-317d-41c1-8b75-a985824e8cec | ITER: 26 END: OK
2020-03-20 00:20:09.478 625 INFO rally.task.runner [-] Task 6dd1b05b-317d-41c1-8b75-a985824e8cec | ITER: 28 END: OK
2020-03-20 00:20:09.548 627 INFO rally.task.runner [-] Task 6dd1b05b-317d-41c1-8b75-a985824e8cec | ITER: 34 END: OK
2020-03-20 00:20:09.671 646 INFO rally.task.runner [-] Task 6dd1b05b-317d-41c1-8b75-a985824e8cec | ITER: 36 END: OK
2020-03-20 00:20:09.831 631 INFO rally.task.runner [-] Task 6dd1b05b-317d-41c1-8b75-a985824e8cec | ITER: 33 END: OK
2020-03-20 00:20:09.842 619 INFO rally.task.runner [-] Task 6dd1b05b-317d-41c1-8b75-a985824e8cec | ITER: 29 END: OK
2020-03-20 00:20:10.055 622 INFO rally.task.runner [-] Task 6dd1b05b-317d-41c1-8b75-a985824e8cec | ITER: 30 END: OK
2020-03-20 00:20:10.088 644 INFO rally.task.runner [-] Task 6dd1b05b-317d-41c1-8b75-a985824e8cec | ITER: 38 END: OK
2020-03-20 00:20:10.097 640 INFO rally.task.runner [-] Task 6dd1b05b-317d-41c1-8b75-a985824e8cec | ITER: 35 END: OK
2020-03-20 00:20:10.145 634 INFO rally.task.runner [-] Task 6dd1b05b-317d-41c1-8b75-a985824e8cec | ITER: 31 END: OK
2020-03-20 00:20:10.183 601 INFO rally.task.runner [-] Task 6dd1b05b-317d-41c1-8b75-a985824e8cec | ITER: 40 END: OK
2020-03-20 00:20:10.415 652 INFO rally.task.runner [-] Task 6dd1b05b-317d-41c1-8b75-a985824e8cec | ITER: 39 END: OK
2020-03-20 00:20:10.635 610 INFO rally.task.runner [-] Task 6dd1b05b-317d-41c1-8b75-a985824e8cec | ITER: 32 END: OK
2020-03-20 00:20:10.771 637 INFO rally.task.runner [-] Task 6dd1b05b-317d-41c1-8b75-a985824e8cec | ITER: 37 END: OK
2020-03-20 00:20:10.791 15 INFO rally.task.context [-] Task 6dd1b05b-317d-41c1-8b75-a985824e8cec | Context cleanup@openstack cleanup() started
2020-03-20 00:20:10.795 15 RALLYDEBUG rally_openstack.cleanup.manager [-] Cleaning up neutron vip objects
2020-03-20 00:20:10.984 15 RALLYDEBUG rally_openstack.cleanup.manager [-] Cleaning up neutron health_monitor objects
2020-03-20 00:20:11.171 15 RALLYDEBUG rally_openstack.cleanup.manager [-] Cleaning up neutron pool objects
2020-03-20 00:20:11.371 15 RALLYDEBUG rally_openstack.cleanup.manager [-] Cleaning up neutron loadbalancer objects
2020-03-20 00:20:11.581 15 RALLYDEBUG rally_openstack.cleanup.manager [-] Cleaning up neutron floatingip objects
2020-03-20 00:20:11.800 15 RALLYDEBUG rally_openstack.cleanup.manager [-] Cleaning up neutron trunk objects
2020-03-20 00:20:11.976 15 DEBUG neutronclient.v2_0.client [-] Error message: {"NeutronError": {"message": "Invalid input for operation: 'tenant_id' is not supported for filtering.", "type": "InvalidInput", "detail": ""}} _handle_fault_response /usr/lib/python2.7/site-packages/neutronclient/v2_0/client.py:259
2020-03-20 00:20:12.006 15 DEBUG neutronclient.v2_0.client [-] Error message: {"NeutronError": {"message": "Invalid input for operation: 'tenant_id' is not supported for filtering.", "type": "InvalidInput", "detail": ""}} _handle_fault_response /usr/lib/python2.7/site-packages/neutronclient/v2_0/client.py:259
2020-03-20 00:20:12.029 15 DEBUG neutronclient.v2_0.client [-] Error message: {"NeutronError": {"message": "Invalid input for operation: 'tenant_id' is not supported for filtering.", "type": "InvalidInput", "detail": ""}} _handle_fault_response /usr/lib/python2.7/site-packages/neutronclient/v2_0/client.py:259
2020-03-20 00:20:12.030 15 ERROR rally_openstack.cleanup.manager [-] Seems like rally_openstack.cleanup.resources.NeutronTrunk.list(self) method is broken. It shouldn't raise any exceptions.: BadRequest: Invalid input for operation: 'tenant_id' is not supported for filtering. Neutron server returns request_ids: ['req-4c78c5f8-7572-4f3a-8809-7ad860e97a13']
2020-03-20 00:20:12.030 15 ERROR rally_openstack.cleanup.manager
Traceback (most recent call last):
2020-03-20 00:20:12.030 15 ERROR rally_openstack.cleanup.manager
File "/usr/lib/python2.7/site-packages/rally_openstack/cleanup/manager.py", line 133, in _publish
2020-03-20 00:20:12.030 15 ERROR rally_openstack.cleanup.manager for raw_resource in rutils.retry(3, manager.list):
2020-03-20 00:20:12.030 15 ERROR rally_openstack.cleanup.manager
File "/usr/lib/python2.7/site-packages/rally/common/utils.py", line 230, in retry
2020-03-20 00:20:12.030 15 ERROR rally_openstack.cleanup.manager return func(*args, **kwargs)
2020-03-20 00:20:12.030 15 ERROR rally_openstack.cleanup.manager
File "/usr/lib/python2.7/site-packages/rally_openstack/cleanup/resources.py", line 396, in list
2020-03-20 00:20:12.030 15 ERROR rally_openstack.cleanup.manager return super(NeutronTrunk, self).list()
2020-03-20 00:20:12.030 15 ERROR rally_openstack.cleanup.manager
File "/usr/lib/python2.7/site-packages/rally_openstack/cleanup/resources.py", line 273, in list
2020-03-20 00:20:12.030 15 ERROR rally_openstack.cleanup.manager result = list_method(tenant_id=self.tenant_uuid)[resources]
2020-03-20 00:20:12.030 15 ERROR rally_openstack.cleanup.manager
File "/usr/lib/python2.7/site-packages/neutronclient/v2_0/client.py", line 2105, in list_trunks
2020-03-20 00:20:12.030 15 ERROR rally_openstack.cleanup.manager **_params)
2020-03-20 00:20:12.030 15 ERROR rally_openstack.cleanup.manager
File "/usr/lib/python2.7/site-packages/neutronclient/v2_0/client.py", line 369, in list
2020-03-20 00:20:12.030 15 ERROR rally_openstack.cleanup.manager for r in self._pagination(collection, path, **params):
2020-03-20 00:20:12.030 15 ERROR rally_openstack.cleanup.manager
File "/usr/lib/python2.7/site-packages/neutronclient/v2_0/client.py", line 384, in _pagination
2020-03-20 00:20:12.030 15 ERROR rally_openstack.cleanup.manager res = self.get(path, params=params)
2020-03-20 00:20:12.030 15 ERROR rally_openstack.cleanup.manager
File "/usr/lib/python2.7/site-packages/neutronclient/v2_0/client.py", line 354, in get
2020-03-20 00:20:12.030 15 ERROR rally_openstack.cleanup.manager headers=headers, params=params)
2020-03-20 00:20:12.030 15 ERROR rally_openstack.cleanup.manager
File "/usr/lib/python2.7/site-packages/neutronclient/v2_0/client.py", line 331, in retry_request
2020-03-20 00:20:12.030 15 ERROR rally_openstack.cleanup.manager headers=headers, params=params)
2020-03-20 00:20:12.030 15 ERROR rally_openstack.cleanup.manager
File "/usr/lib/python2.7/site-packages/neutronclient/v2_0/client.py", line 294, in do_request
2020-03-20 00:20:12.030 15 ERROR rally_openstack.cleanup.manager self._handle_fault_response(status_code, replybody, resp)
2020-03-20 00:20:12.030 15 ERROR rally_openstack.cleanup.manager
File "/usr/lib/python2.7/site-packages/neutronclient/v2_0/client.py", line 269, in _handle_fault_response
2020-03-20 00:20:12.030 15 ERROR rally_openstack.cleanup.manager exception_handler_v20(status_code, error_body)
2020-03-20 00:20:12.030 15 ERROR rally_openstack.cleanup.manager
File "/usr/lib/python2.7/site-packages/neutronclient/v2_0/client.py", line 93, in exception_handler_v20
2020-03-20 00:20:12.030 15 ERROR rally_openstack.cleanup.manager request_ids=request_ids)
2020-03-20 00:20:12.030 15 ERROR rally_openstack.cleanup.manager BadRequest: Invalid input for operation: 'tenant_id' is not supported for filtering.
2020-03-20 00:20:12.030 15 ERROR rally_openstack.cleanup.manager Neutron server returns request_ids: ['req-4c78c5f8-7572-4f3a-8809-7ad860e97a13']
2020-03-20 00:20:12.030 15 ERROR rally_openstack.cleanup.manager
2020-03-20 00:20:12.040 15 RALLYDEBUG rally_openstack.cleanup.manager [-] Cleaning up neutron port objects
2020-03-20 00:20:12.263 15 RALLYDEBUG rally_openstack.cleanup.manager [-] Cleaning up neutron subnet objects
2020-03-20 00:20:12.484 15 RALLYDEBUG rally_openstack.cleanup.manager [-] Cleaning up neutron network objects
2020-03-20 00:20:13.240 15 RALLYDEBUG rally_openstack.cleanup.manager [-] Deleting neutron.network object s_rally_8083fdb8_v3OLAkXB (12ca58a4-6546-4465-8f76-98126261b096)
2020-03-20 00:20:13.241 15 RALLYDEBUG rally_openstack.cleanup.manager [-] Deleting neutron.network object s_rally_8083fdb8_1jusF4nO (0583bbfa-4137-4e37-94c6-8de62811df18)
2020-03-20 00:20:13.241 15 RALLYDEBUG rally_openstack.cleanup.manager [-] Deleting neutron.network object s_rally_8083fdb8_qrIhf2sZ (04f53234-5385-4acb-8b58-fe67ad6287e9)
2020-03-20 00:20:13.246 15 RALLYDEBUG rally_openstack.cleanup.manager [-] Deleting neutron.network object s_rally_8083fdb8_DisBwp05 (1b7ddc16-b291-4efe-a4cd-2392928e61be)
2020-03-20 00:20:13.246 15 RALLYDEBUG rally_openstack.cleanup.manager [-] Deleting neutron.network object s_rally_8083fdb8_8aMcAEeb (18a82550-a5c2-491f-956b-fb27819b27cf)
2020-03-20 00:20:13.259 15 RALLYDEBUG rally_openstack.cleanup.manager [-] Deleting neutron.network object s_rally_8083fdb8_3vI7qrSc (16abc9f6-5138-4c53-81f3-2563d988767a)
2020-03-20 00:20:13.264 15 RALLYDEBUG rally_openstack.cleanup.manager [-] Deleting neutron.network object s_rally_8083fdb8_pChS8KSc (1f5e061f-6f4d-46e8-bce0-76b4a8d21302)
2020-03-20 00:20:13.286 15 RALLYDEBUG rally_openstack.cleanup.manager [-] Deleting neutron.network object s_rally_8083fdb8_EwPopKhk (2557c5ff-9831-4302-b785-f51fdfbe5337)
2020-03-20 00:20:13.309 15 RALLYDEBUG rally_openstack.cleanup.manager [-] Deleting neutron.network object s_rally_8083fdb8_vA3C6m5p (2ee46c59-21ec-42f6-a3be-3aa7aa16f456)
2020-03-20 00:20:13.333 15 RALLYDEBUG rally_openstack.cleanup.manager [-] Deleting neutron.network object s_rally_8083fdb8_oXofvLRv (37a85c77-b742-440a-aa51-92b9cc296ae2)
2020-03-20 00:20:13.343 15 RALLYDEBUG rally_openstack.cleanup.manager [-] Deleting neutron.network object s_rally_8083fdb8_tlcXVDTi (4c2abdc8-59d7-4153-86b6-797a18683ed7)
2020-03-20 00:20:13.348 15 RALLYDEBUG rally_openstack.cleanup.manager [-] Deleting neutron.network object s_rally_8083fdb8_cQ5nO7wZ (3072b3ba-34d7-47ef-a833-fc9374eae8d4)
2020-03-20 00:20:13.378 15 RALLYDEBUG rally_openstack.cleanup.manager [-] Deleting neutron.network object s_rally_8083fdb8_P59EgAIE (59703cbc-ee7b-4303-ae1c-83cb5a332431)
2020-03-20 00:20:13.379 15 RALLYDEBUG rally_openstack.cleanup.manager [-] Deleting neutron.network object s_rally_8083fdb8_ogRmOifJ (4922d4ac-52f1-40d5-8bd6-4fcc60fcf26c)
2020-03-20 00:20:13.380 15 RALLYDEBUG rally_openstack.cleanup.manager [-] Deleting neutron.network object s_rally_8083fdb8_MPtf7x4A (48dad476-9607-4c73-9757-ee3541243ed4)
2020-03-20 00:20:13.384 15 RALLYDEBUG rally_openstack.cleanup.manager [-] Deleting neutron.network object s_rally_8083fdb8_z2TngBws (5a4e0a1b-796f-4338-be49-2b401b786d99)
2020-03-20 00:20:13.387 15 RALLYDEBUG rally_openstack.cleanup.manager [-] Deleting neutron.network object s_rally_8083fdb8_D4Kw7Tcr (40d8af6f-9d33-410a-964c-ee35b683ebbf)
2020-03-20 00:20:13.445 15 RALLYDEBUG rally_openstack.cleanup.manager [-] Deleting neutron.network object s_rally_8083fdb8_8cNWxnYM (5e24f5b2-6f71-4483-b723-485f77e2474c)
2020-03-20 00:20:13.461 15 RALLYDEBUG rally_openstack.cleanup.manager [-] Deleting neutron.network object s_rally_8083fdb8_arfLR8gV (61a89f81-e669-4426-bdf2-443757633e42)
2020-03-20 00:20:13.467 15 RALLYDEBUG rally_openstack.cleanup.manager [-] Deleting neutron.network object s_rally_8083fdb8_lg5iAaLL (6481b764-09a0-4b13-91b2-31db55bd0114)
2020-03-20 00:20:15.500 15 RALLYDEBUG rally_openstack.cleanup.manager [-] Deleting neutron.network object s_rally_8083fdb8_usRTHVIY (6fd9aaa3-28ab-48b7-9b4b-4d21cad5b3d6)
2020-03-20 00:20:15.629 15 RALLYDEBUG rally_openstack.cleanup.manager [-] Deleting neutron.network object s_rally_8083fdb8_aR0d3lzb (7653c5ac-26ee-4410-a03c-951d41422742)
2020-03-20 00:20:16.008 15 RALLYDEBUG rally_openstack.cleanup.manager [-] Deleting neutron.network object s_rally_8083fdb8_N5SAzyP4 (7f038284-bcf5-4fc9-b242-82a9834a6f37)
2020-03-20 00:20:16.188 15 RALLYDEBUG rally_openstack.cleanup.manager [-] Deleting neutron.network object s_rally_8083fdb8_oGwu6CPf (81187323-59d5-4b7f-a297-7d27289bbc92)
2020-03-20 00:20:16.416 15 RALLYDEBUG rally_openstack.cleanup.manager [-] Deleting neutron.network object s_rally_8083fdb8_nwDOqnHd (84164608-f0f2-4963-be32-5eaa91e384e7)
2020-03-20 00:20:16.482 15 RALLYDEBUG rally_openstack.cleanup.manager [-] Deleting neutron.network object s_rally_8083fdb8_uUt9OETh (92232b49-c5c1-4c50-a9aa-30e8e23923ac)
