2020-03-20 00:33:48.467 15 RALLYDEBUG rally_openstack.cleanup.manager [-] Deleting neutron.router object s_rally_d7829be1_yWkYKV5p (8156758a-271e-4aab-88d6-d15a32778d6a)
2020-03-20 00:33:48.845 15 RALLYDEBUG rally_openstack.cleanup.manager [-] Deleting neutron.router object s_rally_d7829be1_2EAq5uSY (85543811-6531-4bea-aa19-1dbfa55a64b7)
2020-03-20 00:33:50.675 15 RALLYDEBUG rally_openstack.cleanup.manager [-] Deleting neutron.router object s_rally_d7829be1_VPe3Q4T9 (864cb624-4434-47f5-a166-e4973bc80a40)
2020-03-20 00:33:51.071 15 RALLYDEBUG rally_openstack.cleanup.manager [-] Deleting neutron.router object s_rally_d7829be1_BSBDjrp3 (87f2fe8a-8f98-4088-924a-79ae1a75f905)
2020-03-20 00:33:51.204 15 RALLYDEBUG rally_openstack.cleanup.manager [-] Deleting neutron.router object s_rally_d7829be1_Qyu165Ng (894fd326-d7ee-4132-a24f-7ed15288c0e7)
2020-03-20 00:33:51.678 15 RALLYDEBUG rally_openstack.cleanup.manager [-] Deleting neutron.router object s_rally_d7829be1_ChrtyVub (8c096e9d-5a3c-4a1e-ba8d-161a18f52370)
2020-03-20 00:33:52.490 15 RALLYDEBUG rally_openstack.cleanup.manager [-] Deleting neutron.router object s_rally_d7829be1_zwv2abji (948f6889-ceba-4b86-a633-d13914e65fdb)
2020-03-20 00:33:53.054 15 RALLYDEBUG rally_openstack.cleanup.manager [-] Deleting neutron.router object s_rally_d7829be1_9XhtqIfl (a3400964-f033-4383-8447-fd3e6ba4970b)
2020-03-20 00:33:53.057 15 RALLYDEBUG rally_openstack.cleanup.manager [-] Deleting neutron.router object s_rally_d7829be1_gfRi5rNB (a0d47d9c-049e-4202-a6a0-931477c11935)
2020-03-20 00:33:53.388 15 RALLYDEBUG rally_openstack.cleanup.manager [-] Deleting neutron.router object s_rally_d7829be1_JcOO1UZo (a4823df5-3582-4848-8bfa-c0376983d425)
2020-03-20 00:33:53.397 15 RALLYDEBUG rally_openstack.cleanup.manager [-] Deleting neutron.router object s_rally_d7829be1_jE8WIDYa (a8d2df96-db59-4447-be53-2def5b3364f6)
2020-03-20 00:33:53.402 15 RALLYDEBUG rally_openstack.cleanup.manager [-] Deleting neutron.router object s_rally_d7829be1_93rWRiEd (b1c3d6b2-18c1-4281-a67f-309a217836d4)
2020-03-20 00:33:53.420 15 RALLYDEBUG rally_openstack.cleanup.manager [-] Deleting neutron.router object s_rally_d7829be1_yVI2SuyT (b1e9232b-1818-4c29-9087-13bce9a4dc19)
2020-03-20 00:33:53.428 15 RALLYDEBUG rally_openstack.cleanup.manager [-] Deleting neutron.router object s_rally_d7829be1_HGxMwP7H (b70f9c64-a34c-4c77-9903-1d080942bfcd)
2020-03-20 00:33:53.504 15 RALLYDEBUG rally_openstack.cleanup.manager [-] Deleting neutron.router object s_rally_d7829be1_MRIdIHgA (b7de7dd2-1edc-4742-8719-431da3c66f0b)
2020-03-20 00:33:53.540 15 RALLYDEBUG rally_openstack.cleanup.manager [-] Deleting neutron.router object s_rally_d7829be1_wwjWshv6 (c3ab289c-4c50-4402-a6d1-a90a77ea3c04)
2020-03-20 00:33:53.927 15 RALLYDEBUG rally_openstack.cleanup.manager [-] Deleting neutron.router object s_rally_d7829be1_zkiB6cWo (c73eaca1-cc50-4941-9db0-f5424097747d)
2020-03-20 00:33:53.947 15 RALLYDEBUG rally_openstack.cleanup.manager [-] Deleting neutron.router object s_rally_d7829be1_83GulljT (c8e39105-7104-48f9-9129-0cfec5365fad)
2020-03-20 00:33:54.237 15 RALLYDEBUG rally_openstack.cleanup.manager [-] Deleting neutron.router object s_rally_d7829be1_IMMQqqJ1 (ca4389ff-8174-4bb3-9729-76d52d6910c6)
2020-03-20 00:33:54.492 15 RALLYDEBUG rally_openstack.cleanup.manager [-] Deleting neutron.router object s_rally_d7829be1_lXwCk4ow (cb9bd9bf-27ca-4f55-b942-6de2bbff37c7)
2020-03-20 00:33:54.857 15 RALLYDEBUG rally_openstack.cleanup.manager [-] Deleting neutron.router object s_rally_d7829be1_c6Bn4OfJ (cf68d33f-9fd4-498a-b883-d823dfcbdd8f)
2020-03-20 00:33:56.097 15 RALLYDEBUG rally_openstack.cleanup.manager [-] Deleting neutron.router object s_rally_d7829be1_LYUgPtFs (cfdb50d6-332d-46d8-8836-2ae140c355ad)
2020-03-20 00:33:56.840 15 RALLYDEBUG rally_openstack.cleanup.manager [-] Deleting neutron.router object s_rally_d7829be1_L39XL8vN (d663b335-e382-45f7-9d44-e326f9a416ac)
2020-03-20 00:33:57.186 15 RALLYDEBUG rally_openstack.cleanup.manager [-] Deleting neutron.router object s_rally_d7829be1_5jdtGLh9 (ded8df01-6613-4c00-a49d-5e1519b53278)
2020-03-20 00:33:57.409 15 RALLYDEBUG rally_openstack.cleanup.manager [-] Deleting neutron.router object s_rally_d7829be1_B7ceiWOB (e0ee644c-1a36-4d83-ac45-c1ab090bf273)
2020-03-20 00:33:57.589 15 RALLYDEBUG rally_openstack.cleanup.manager [-] Deleting neutron.router object s_rally_d7829be1_3evLMosI (e0f977f3-dc09-47dd-b349-a4c6e05d0ac3)
2020-03-20 00:33:58.590 15 RALLYDEBUG rally_openstack.cleanup.manager [-] Deleting neutron.router object s_rally_d7829be1_Ra8ZKAHM (e2fab5cc-13fe-4083-8e55-911254129f17)
2020-03-20 00:33:58.604 15 RALLYDEBUG rally_openstack.cleanup.manager [-] Deleting neutron.router object s_rally_d7829be1_wx08UzYq (e670ec11-a071-492b-be03-64f9ec7b9563)
2020-03-20 00:33:59.870 15 RALLYDEBUG rally_openstack.cleanup.manager [-] Deleting neutron.router object s_rally_d7829be1_5O8OqUT5 (ea0b6f70-8576-4e9f-b24d-b87981a96e35)
2020-03-20 00:34:00.091 15 RALLYDEBUG rally_openstack.cleanup.manager [-] Deleting neutron.router object s_rally_d7829be1_FOOR9yZ9 (eb4fb1d8-8e78-4595-aec2-a47435fc0ff3)
2020-03-20 00:34:00.095 15 RALLYDEBUG rally_openstack.cleanup.manager [-] Deleting neutron.router object s_rally_d7829be1_wY3jF6ES (ef7d0c5a-a8a9-451b-bae3-74ebf93b8850)
2020-03-20 00:34:00.230 15 RALLYDEBUG rally_openstack.cleanup.manager [-] Deleting neutron.router object s_rally_d7829be1_6xSCyipr (f4344953-f027-4e6e-b57e-ab6bb7f854fc)
2020-03-20 00:34:00.239 15 RALLYDEBUG rally_openstack.cleanup.manager [-] Deleting neutron.router object s_rally_d7829be1_zC3gVtLk (f84b8513-f4da-4ef3-ae7d-69fb3cd2fbc9)
2020-03-20 00:34:00.513 15 RALLYDEBUG rally_openstack.cleanup.manager [-] Deleting neutron.router object s_rally_d7829be1_an43GYFg (f942b189-1432-4c7f-97f9-d6f1bf25cc14)
2020-03-20 00:34:00.587 15 RALLYDEBUG rally_openstack.cleanup.manager [-] Deleting neutron.router object s_rally_d7829be1_aXnsmlMW (fa989789-cd65-431c-8042-55de0c2891a0)
2020-03-20 00:34:00.591 15 RALLYDEBUG rally_openstack.cleanup.manager [-] Deleting neutron.router object s_rally_d7829be1_WCUeAwvt (faeb5311-8741-4608-a08d-ba5cd5415864)
2020-03-20 00:34:00.699 15 RALLYDEBUG rally_openstack.cleanup.manager [-] Deleting neutron.router object s_rally_d7829be1_cjyJNzol (fbd86a18-04bd-4497-aaff-8c794a9649a8)
2020-03-20 00:34:07.894 15 RALLYDEBUG rally_openstack.cleanup.manager [-] Cleaning up neutron security_group objects
2020-03-20 00:34:08.114 15 INFO rally.task.context [-] Task 6dd1b05b-317d-41c1-8b75-a985824e8cec | Context cleanup@openstack cleanup() finished in 2.29 min
2020-03-20 00:34:08.115 15 INFO rally.task.context [-] Task 6dd1b05b-317d-41c1-8b75-a985824e8cec | Context quotas@openstack cleanup() started
2020-03-20 00:34:08.344 15 INFO rally.task.context [-] Task 6dd1b05b-317d-41c1-8b75-a985824e8cec | Context quotas@openstack cleanup() finished in 0.23 sec
2020-03-20 00:34:08.345 15 INFO rally.task.context [-] Task 6dd1b05b-317d-41c1-8b75-a985824e8cec | Context users@openstack cleanup() started
2020-03-20 00:34:11.292 15 INFO rally.task.context [-] Task 6dd1b05b-317d-41c1-8b75-a985824e8cec | Context users@openstack cleanup() finished in 2.95 sec
2020-03-20 00:34:12.399 15 INFO rally.task.engine [-] Load duration is: 156.221493
2020-03-20 00:34:12.399 15 INFO rally.task.engine [-] Full runner duration is: 156.266364
2020-03-20 00:34:12.400 15 INFO rally.task.engine [-] Full duration is: 298.217147
2020-03-20 00:34:12.476 15 INFO rally.task.engine [-] Running workload: position = 1 config = { "version": 2, "title": "A cropped version of a bigger task.", "description": "Auto-generated task from a single workload (uuid=dc665700-ae5d-458d-b9c0-1307097e783b)", "subtasks": [ { "title": "NeutronNetworks.create_and_update_routers", "description": "Create and update a given number of routers.", "scenario": { "NeutronNetworks.create_and_update_routers": { "network_create_args": {}, "subnet_create_args": {}, "subnet_cidr_start": "1.1.0.0/30", "subnets_per_network": 2, "router_create_args": {}, "router_update_args": { "admin_state_up": false, "name": "_router_updated" } } }, "contexts": { "users": { "tenants": 1, "users_per_tenant": 1 }, "quotas": { "neutron": { "network": -1, "subnet": -1, "router": -1 } } }, "runner": { "constant": { "times": 40, "concurrency": 20 } }, "hooks": [], "sla": { "failure_rate": { "max": 0 } } } ] }
2020-03-20 00:34:12.494 15 RALLYDEBUG rally_openstack.contexts.keystone.users [-] Creating 1 tenants using 20 threads
2020-03-20 00:34:12.816 15 RALLYDEBUG rally_openstack.contexts.keystone.users [-] Creating 1 users using 20 threads
2020-03-20 00:34:13.660 15 INFO rally.task.context [-] Task 6dd1b05b-317d-41c1-8b75-a985824e8cec | Context users@openstack setup() finished in 1.17 sec
2020-03-20 00:34:14.460 15 INFO rally.task.context [-] Task 6dd1b05b-317d-41c1-8b75-a985824e8cec | Context quotas@openstack setup() finished in 0.80 sec
2020-03-20 00:34:14.461 15 INFO rally.task.context [-] Task 6dd1b05b-317d-41c1-8b75-a985824e8cec | Context cleanup@openstack setup() finished in 0.01 msec
2020-03-20 00:34:14.470 15 RALLYDEBUG rally.task.runner [-] Starting the constant runner (task UUID: 6dd1b05b-317d-41c1-8b75-a985824e8cec). timeout: 0 concurrency: 20 concurrency_per_worker: 1 times: 40 concurrency_overhead: 0 processes_to_start: 20 max_cpu_used: 88
2020-03-20 00:34:14.485 3073 RALLYDEBUG rally.task.runner [-] Starting a worker. concurrency: 1 args: {"network_create_args": {}, "subnet_create_args": {}, "subnet_cidr_start": "1.1.0.0/30", "subnets_per_network": 2, "router_create_args": {}, "router_update_args": {"admin_state_up": false, "name": "_router_updated"}} times: 40 method_name: run timeout: 0 duration: None cls:
2020-03-20 00:34:14.488 3074 RALLYDEBUG rally.task.runner [-] Starting a worker. concurrency: 1 args: {"network_create_args": {}, "subnet_create_args": {}, "subnet_cidr_start": "1.1.0.0/30", "subnets_per_network": 2, "router_create_args": {}, "router_update_args": {"admin_state_up": false, "name": "_router_updated"}} times: 40 method_name: run timeout: 0 duration: None cls:
2020-03-20 00:34:14.491 3075 RALLYDEBUG rally.task.runner [-] Starting a worker. concurrency: 1 args: {"network_create_args": {}, "subnet_create_args": {}, "subnet_cidr_start": "1.1.0.0/30", "subnets_per_network": 2, "router_create_args": {}, "router_update_args": {"admin_state_up": false, "name": "_router_updated"}} times: 40 method_name: run timeout: 0 duration: None cls:
2020-03-20 00:34:14.494 3073 INFO rally.task.runner [-] Task 6dd1b05b-317d-41c1-8b75-a985824e8cec | ITER: 1 START
2020-03-20 00:34:14.495 3074 INFO rally.task.runner [-] Task 6dd1b05b-317d-41c1-8b75-a985824e8cec | ITER: 2 START
2020-03-20 00:34:14.495 3076 RALLYDEBUG rally.task.runner [-] Starting a worker. concurrency: 1 args: {"network_create_args": {}, "subnet_create_args": {}, "subnet_cidr_start": "1.1.0.0/30", "subnets_per_network": 2, "router_create_args": {}, "router_update_args": {"admin_state_up": false, "name": "_router_updated"}} times: 40 method_name: run timeout: 0 duration: None cls:
2020-03-20 00:34:14.498 3075 INFO rally.task.runner [-] Task 6dd1b05b-317d-41c1-8b75-a985824e8cec | ITER: 3 START
2020-03-20 00:34:14.498 3078 RALLYDEBUG rally.task.runner [-] Starting a worker. concurrency: 1 args: {"network_create_args": {}, "subnet_create_args": {}, "subnet_cidr_start": "1.1.0.0/30", "subnets_per_network": 2, "router_create_args": {}, "router_update_args": {"admin_state_up": false, "name": "_router_updated"}} times: 40 method_name: run timeout: 0 duration: None cls:
2020-03-20 00:34:14.502 3082 RALLYDEBUG rally.task.runner [-] Starting a worker. concurrency: 1 args: {"network_create_args": {}, "subnet_create_args": {}, "subnet_cidr_start": "1.1.0.0/30", "subnets_per_network": 2, "router_create_args": {}, "router_update_args": {"admin_state_up": false, "name": "_router_updated"}} times: 40 method_name: run timeout: 0 duration: None cls:
2020-03-20 00:34:14.504 3076 INFO rally.task.runner [-] Task 6dd1b05b-317d-41c1-8b75-a985824e8cec | ITER: 4 START
2020-03-20 00:34:14.505 3078 INFO rally.task.runner [-] Task 6dd1b05b-317d-41c1-8b75-a985824e8cec | ITER: 5 START
2020-03-20 00:34:14.508 3082 INFO rally.task.runner [-] Task 6dd1b05b-317d-41c1-8b75-a985824e8cec | ITER: 6 START
2020-03-20 00:34:14.508 3085 RALLYDEBUG rally.task.runner [-] Starting a worker. concurrency: 1 args: {"network_create_args": {}, "subnet_create_args": {}, "subnet_cidr_start": "1.1.0.0/30", "subnets_per_network": 2, "router_create_args": {}, "router_update_args": {"admin_state_up": false, "name": "_router_updated"}} times: 40 method_name: run timeout: 0 duration: None cls:
2020-03-20 00:34:14.511 3089 RALLYDEBUG rally.task.runner [-] Starting a worker. concurrency: 1 args: {"network_create_args": {}, "subnet_create_args": {}, "subnet_cidr_start": "1.1.0.0/30", "subnets_per_network": 2, "router_create_args": {}, "router_update_args": {"admin_state_up": false, "name": "_router_updated"}} times: 40 method_name: run timeout: 0 duration: None cls:
2020-03-20 00:34:14.514 3093 RALLYDEBUG rally.task.runner [-] Starting a worker. concurrency: 1 args: {"network_create_args": {}, "subnet_create_args": {}, "subnet_cidr_start": "1.1.0.0/30", "subnets_per_network": 2, "router_create_args": {}, "router_update_args": {"admin_state_up": false, "name": "_router_updated"}} times: 40 method_name: run timeout: 0 duration: None cls:
2020-03-20 00:34:14.515 3085 INFO rally.task.runner [-] Task 6dd1b05b-317d-41c1-8b75-a985824e8cec | ITER: 7 START
2020-03-20 00:34:14.517 3089 INFO rally.task.runner [-] Task 6dd1b05b-317d-41c1-8b75-a985824e8cec | ITER: 8 START
2020-03-20 00:34:14.520 3093 INFO rally.task.runner [-] Task 6dd1b05b-317d-41c1-8b75-a985824e8cec | ITER: 9 START
2020-03-20 00:34:14.532 3101 RALLYDEBUG rally.task.runner [-] Starting a worker. concurrency: 1 args: {"network_create_args": {}, "subnet_create_args": {}, "subnet_cidr_start": "1.1.0.0/30", "subnets_per_network": 2, "router_create_args": {}, "router_update_args": {"admin_state_up": false, "name": "_router_updated"}} times: 40 method_name: run timeout: 0 duration: None cls:
2020-03-20 00:34:14.538 3101 INFO rally.task.runner [-] Task 6dd1b05b-317d-41c1-8b75-a985824e8cec | ITER: 10 START
2020-03-20 00:34:14.539 3102 RALLYDEBUG rally.task.runner [-] Starting a worker. concurrency: 1 args: {"network_create_args": {}, "subnet_create_args": {}, "subnet_cidr_start": "1.1.0.0/30", "subnets_per_network": 2, "router_create_args": {}, "router_update_args": {"admin_state_up": false, "name": "_router_updated"}} times: 40 method_name: run timeout: 0 duration: None cls:
2020-03-20 00:34:14.544 3103 RALLYDEBUG rally.task.runner [-] Starting a worker. concurrency: 1 args: {"network_create_args": {}, "subnet_create_args": {}, "subnet_cidr_start": "1.1.0.0/30", "subnets_per_network": 2, "router_create_args": {}, "router_update_args": {"admin_state_up": false, "name": "_router_updated"}} times: 40 method_name: run timeout: 0 duration: None cls:
2020-03-20 00:34:14.545 3102 INFO rally.task.runner [-] Task 6dd1b05b-317d-41c1-8b75-a985824e8cec | ITER: 11 START
2020-03-20 00:34:14.548 3106 RALLYDEBUG rally.task.runner [-] Starting a worker. concurrency: 1 args: {"network_create_args": {}, "subnet_create_args": {}, "subnet_cidr_start": "1.1.0.0/30", "subnets_per_network": 2, "router_create_args": {}, "router_update_args": {"admin_state_up": false, "name": "_router_updated"}} times: 40 method_name: run timeout: 0 duration: None cls:
2020-03-20 00:34:14.550 3103 INFO rally.task.runner [-] Task 6dd1b05b-317d-41c1-8b75-a985824e8cec | ITER: 12 START
2020-03-20 00:34:14.554 3109 RALLYDEBUG rally.task.runner [-] Starting a worker. concurrency: 1 args: {"network_create_args": {}, "subnet_create_args": {}, "subnet_cidr_start": "1.1.0.0/30", "subnets_per_network": 2, "router_create_args": {}, "router_update_args": {"admin_state_up": false, "name": "_router_updated"}} times: 40 method_name: run timeout: 0 duration: None cls:
2020-03-20 00:34:14.554 3106 INFO rally.task.runner [-] Task 6dd1b05b-317d-41c1-8b75-a985824e8cec | ITER: 13 START
2020-03-20 00:34:14.559 3112 RALLYDEBUG rally.task.runner [-] Starting a worker. concurrency: 1 args: {"network_create_args": {}, "subnet_create_args": {}, "subnet_cidr_start": "1.1.0.0/30", "subnets_per_network": 2, "router_create_args": {}, "router_update_args": {"admin_state_up": false, "name": "_router_updated"}} times: 40 method_name: run timeout: 0 duration: None cls:
2020-03-20 00:34:14.561 3115 RALLYDEBUG rally.task.runner [-] Starting a worker. concurrency: 1 args: {"network_create_args": {}, "subnet_create_args": {}, "subnet_cidr_start": "1.1.0.0/30", "subnets_per_network": 2, "router_create_args": {}, "router_update_args": {"admin_state_up": false, "name": "_router_updated"}} times: 40 method_name: run timeout: 0 duration: None cls:
2020-03-20 00:34:14.565 3116 RALLYDEBUG rally.task.runner [-] Starting a worker. concurrency: 1 args: {"network_create_args": {}, "subnet_create_args": {}, "subnet_cidr_start": "1.1.0.0/30", "subnets_per_network": 2, "router_create_args": {}, "router_update_args": {"admin_state_up": false, "name": "_router_updated"}} times: 40 method_name: run timeout: 0 duration: None cls:
2020-03-20 00:34:14.566 3109 INFO rally.task.runner [-] Task 6dd1b05b-317d-41c1-8b75-a985824e8cec | ITER: 14 START
2020-03-20 00:34:14.567 3118 RALLYDEBUG rally.task.runner [-] Starting a worker. concurrency: 1 args: {"network_create_args": {}, "subnet_create_args": {}, "subnet_cidr_start": "1.1.0.0/30", "subnets_per_network": 2, "router_create_args": {}, "router_update_args": {"admin_state_up": false, "name": "_router_updated"}} times: 40 method_name: run timeout: 0 duration: None cls:
2020-03-20 00:34:14.568 3112 INFO rally.task.runner [-] Task 6dd1b05b-317d-41c1-8b75-a985824e8cec | ITER: 15 START
2020-03-20 00:34:14.570 3115 INFO rally.task.runner [-] Task 6dd1b05b-317d-41c1-8b75-a985824e8cec | ITER: 16 START
2020-03-20 00:34:14.572 3123 RALLYDEBUG rally.task.runner [-] Starting a worker. concurrency: 1 args: {"network_create_args": {}, "subnet_create_args": {}, "subnet_cidr_start": "1.1.0.0/30", "subnets_per_network": 2, "router_create_args": {}, "router_update_args": {"admin_state_up": false, "name": "_router_updated"}} times: 40 method_name: run timeout: 0 duration: None cls:
2020-03-20 00:34:14.573 3116 INFO rally.task.runner [-] Task 6dd1b05b-317d-41c1-8b75-a985824e8cec | ITER: 17 START
2020-03-20 00:34:14.575 3118 INFO rally.task.runner [-] Task 6dd1b05b-317d-41c1-8b75-a985824e8cec | ITER: 18 START
2020-03-20 00:34:14.580 3123 INFO rally.task.runner [-] Task 6dd1b05b-317d-41c1-8b75-a985824e8cec | ITER: 19 START
2020-03-20 00:34:15.368 3074 RALLYDEBUG rally_openstack.wrappers.network [-] CIDR generated: 1.1.6.224/30
2020-03-20 00:34:15.634 3073 RALLYDEBUG rally_openstack.wrappers.network [-] CIDR generated: 1.1.6.228/30
2020-03-20 00:34:16.159 3076 RALLYDEBUG rally_openstack.wrappers.network [-] CIDR generated: 1.1.6.232/30
2020-03-20 00:34:20.109 3082 RALLYDEBUG rally_openstack.wrappers.network [-] CIDR generated: 1.1.6.236/30
2020-03-20 00:34:20.642 3078 RALLYDEBUG rally_openstack.wrappers.network [-] CIDR generated: 1.1.6.240/30
2020-03-20 00:34:20.653 3101 RALLYDEBUG rally_openstack.wrappers.network [-] CIDR generated: 1.1.6.244/30
2020-03-20 00:34:20.853 3093 RALLYDEBUG rally_openstack.wrappers.network [-] CIDR generated: 1.1.6.248/30
2020-03-20 00:34:20.858 3103 RALLYDEBUG rally_openstack.wrappers.network [-] CIDR generated: 1.1.6.252/30
2020-03-20 00:34:20.929 3102 RALLYDEBUG rally_openstack.wrappers.network [-] CIDR generated: 1.1.7.0/30
2020-03-20 00:34:20.995 3106 RALLYDEBUG rally_openstack.wrappers.network [-] CIDR generated: 1.1.7.4/30
2020-03-20 00:34:21.000 3112 RALLYDEBUG rally_openstack.wrappers.network [-] CIDR generated: 1.1.7.8/30
2020-03-20 00:34:21.056 3074 RALLYDEBUG rally_openstack.wrappers.network [-] CIDR generated: 1.1.7.12/30
2020-03-20 00:34:21.069 3109 RALLYDEBUG rally_openstack.wrappers.network [-] CIDR generated: 1.1.7.16/30
2020-03-20 00:34:21.124 3075 RALLYDEBUG rally_openstack.wrappers.network [-] CIDR generated: 1.1.7.20/30
2020-03-20 00:34:21.199 3123 RALLYDEBUG rally_openstack.wrappers.network [-] CIDR generated: 1.1.7.24/30
2020-03-20 00:34:21.220 3116 RALLYDEBUG rally_openstack.wrappers.network [-] CIDR generated: 1.1.7.28/30
2020-03-20 00:34:21.364 3115 RALLYDEBUG rally_openstack.wrappers.network [-] CIDR generated: 1.1.7.32/30
2020-03-20 00:34:22.231 3118 RALLYDEBUG rally_openstack.wrappers.network [-] CIDR generated: 1.1.7.36/30
2020-03-20 00:34:25.317 3085 RALLYDEBUG rally_openstack.wrappers.network [-] CIDR generated: 1.1.7.40/30
2020-03-20 00:34:25.654 3073 RALLYDEBUG rally_openstack.wrappers.network [-] CIDR generated: 1.1.7.44/30
2020-03-20 00:34:27.670 3076 RALLYDEBUG rally_openstack.wrappers.network [-] CIDR generated: 1.1.7.48/30
2020-03-20 00:34:28.040 3089 RALLYDEBUG rally_openstack.wrappers.network [-] CIDR generated: 1.1.7.52/30
2020-03-20 00:34:30.619 3082 RALLYDEBUG rally_openstack.wrappers.network [-] CIDR generated: 1.1.7.56/30
2020-03-20 00:34:30.733 3102 RALLYDEBUG rally_openstack.wrappers.network [-] CIDR generated: 1.1.7.60/30
2020-03-20 00:34:30.784 3109 RALLYDEBUG rally_openstack.wrappers.network [-] CIDR generated: 1.1.7.64/30
2020-03-20 00:34:30.808 3106 RALLYDEBUG rally_openstack.wrappers.network [-] CIDR generated: 1.1.7.68/30
2020-03-20 00:34:31.067 3101 RALLYDEBUG rally_openstack.wrappers.network [-] CIDR generated: 1.1.7.72/30
2020-03-20 00:34:31.075 3078 RALLYDEBUG rally_openstack.wrappers.network [-] CIDR generated: 1.1.7.76/30
2020-03-20 00:34:31.188 3103 RALLYDEBUG rally_openstack.wrappers.network [-] CIDR generated: 1.1.7.80/30
2020-03-20 00:34:31.271 3112 RALLYDEBUG rally_openstack.wrappers.network [-] CIDR generated: 1.1.7.84/30
2020-03-20 00:34:31.366 3116 RALLYDEBUG rally_openstack.wrappers.network [-] CIDR generated: 1.1.7.88/30
2020-03-20 00:34:31.515 3093 RALLYDEBUG rally_openstack.wrappers.network [-] CIDR generated: 1.1.7.92/30
2020-03-20 00:34:31.886 3115 RALLYDEBUG rally_openstack.wrappers.network [-] CIDR generated: 1.1.7.96/30
2020-03-20 00:34:32.847 3075 RALLYDEBUG rally_openstack.wrappers.network [-] CIDR generated: 1.1.7.100/30
2020-03-20 00:34:32.893 3123 RALLYDEBUG rally_openstack.wrappers.network [-] CIDR generated: 1.1.7.104/30
2020-03-20 00:34:32.983 3118 RALLYDEBUG rally_openstack.wrappers.network [-] CIDR generated: 1.1.7.108/30
2020-03-20 00:34:34.495 3085 RALLYDEBUG rally_openstack.wrappers.network [-] CIDR generated: 1.1.7.112/30
2020-03-20 00:34:35.890 3089 RALLYDEBUG rally_openstack.wrappers.network [-] CIDR generated: 1.1.7.116/30
2020-03-20 00:35:12.898 3085 INFO rally.task.runner [-] Task 6dd1b05b-317d-41c1-8b75-a985824e8cec | ITER: 7 END: OK
2020-03-20 00:35:12.908 3085 INFO rally.task.runner [-] Task 6dd1b05b-317d-41c1-8b75-a985824e8cec | ITER: 20 START
2020-03-20 00:35:13.942 3115 INFO rally.task.runner [-] Task 6dd1b05b-317d-41c1-8b75-a985824e8cec | ITER: 16 END: OK
2020-03-20 00:35:13.949 3115 INFO rally.task.runner [-] Task 6dd1b05b-317d-41c1-8b75-a985824e8cec | ITER: 21 START
2020-03-20 00:35:14.619 3089 INFO rally.task.runner [-] Task 6dd1b05b-317d-41c1-8b75-a985824e8cec | ITER: 8 END: OK
2020-03-20 00:35:14.627 3089 INFO rally.task.runner [-] Task 6dd1b05b-317d-41c1-8b75-a985824e8cec | ITER: 22 START
2020-03-20 00:35:14.794 3115 RALLYDEBUG rally_openstack.wrappers.network [-] CIDR generated: 1.1.7.120/30
2020-03-20 00:35:16.066 3089 RALLYDEBUG rally_openstack.wrappers.network [-] CIDR generated: 1.1.7.124/30
2020-03-20 00:35:16.981 3076 INFO rally.task.runner [-] Task 6dd1b05b-317d-41c1-8b75-a985824e8cec | ITER: 4 END: OK
2020-03-20 00:35:16.989 3076 INFO rally.task.runner [-] Task 6dd1b05b-317d-41c1-8b75-a985824e8cec | ITER: 23 START
2020-03-20 00:35:18.703 3109 INFO rally.task.runner [-] Task 6dd1b05b-317d-41c1-8b75-a985824e8cec | ITER: 14 END: OK
2020-03-20 00:35:18.710 3109 INFO rally.task.runner [-] Task 6dd1b05b-317d-41c1-8b75-a985824e8cec | ITER: 24 START
2020-03-20 00:35:19.232 3112 INFO rally.task.runner [-] Task 6dd1b05b-317d-41c1-8b75-a985824e8cec | ITER: 15 END: OK
2020-03-20 00:35:19.239 3112 INFO rally.task.runner [-] Task 6dd1b05b-317d-41c1-8b75-a985824e8cec | ITER: 25 START
2020-03-20 00:35:19.729 3115 RALLYDEBUG rally_openstack.wrappers.network [-] CIDR generated: 1.1.7.128/30
2020-03-20 00:35:20.027 3075 INFO rally.task.runner [-] Task 6dd1b05b-317d-41c1-8b75-a985824e8cec | ITER: 3 END: OK
2020-03-20 00:35:20.035 3075 INFO rally.task.runner [-] Task 6dd1b05b-317d-41c1-8b75-a985824e8cec | ITER: 26 START
2020-03-20 00:35:20.098 3109 RALLYDEBUG rally_openstack.wrappers.network [-] CIDR generated: 1.1.7.132/30
2020-03-20 00:35:20.102 3089 RALLYDEBUG rally_openstack.wrappers.network [-] CIDR generated: 1.1.7.136/30
2020-03-20 00:35:20.141 3073 INFO rally.task.runner [-] Task 6dd1b05b-317d-41c1-8b75-a985824e8cec | ITER: 1 END: OK
2020-03-20 00:35:20.148 3073 INFO rally.task.runner [-] Task 6dd1b05b-317d-41c1-8b75-a985824e8cec | ITER: 27 START
2020-03-20 00:35:20.253 3112 RALLYDEBUG rally_openstack.wrappers.network [-] CIDR generated: 1.1.7.140/30
2020-03-20 00:35:20.339 3102 INFO rally.task.runner [-] Task 6dd1b05b-317d-41c1-8b75-a985824e8cec | ITER: 11 END: OK
2020-03-20 00:35:20.347 3102 INFO rally.task.runner [-] Task 6dd1b05b-317d-41c1-8b75-a985824e8cec | ITER: 28 START
2020-03-20 00:35:20.604 3076 RALLYDEBUG rally_openstack.wrappers.network [-] CIDR generated: 1.1.7.144/30
2020-03-20 00:35:21.784 3073 RALLYDEBUG rally_openstack.wrappers.network [-] CIDR generated: 1.1.7.148/30
2020-03-20 00:35:22.704 3085 RALLYDEBUG rally_openstack.wrappers.network [-] CIDR generated: 1.1.7.152/30
2020-03-20 00:35:23.115 3075 RALLYDEBUG rally_openstack.wrappers.network [-] CIDR generated: 1.1.7.156/30
2020-03-20 00:35:24.729 3102 RALLYDEBUG rally_openstack.wrappers.network [-] CIDR generated: 1.1.7.160/30
2020-03-20 00:35:25.345 3103 INFO rally.task.runner [-] Task 6dd1b05b-317d-41c1-8b75-a985824e8cec | ITER: 12 END: OK
2020-03-20 00:35:25.352 3103 INFO rally.task.runner [-] Task 6dd1b05b-317d-41c1-8b75-a985824e8cec | ITER: 29 START
2020-03-20 00:35:25.393 3082 INFO rally.task.runner [-] Task 6dd1b05b-317d-41c1-8b75-a985824e8cec | ITER: 6 END: OK
2020-03-20 00:35:25.401 3082 INFO rally.task.runner [-] Task 6dd1b05b-317d-41c1-8b75-a985824e8cec | ITER: 30 START
2020-03-20 00:35:25.992 3093 INFO rally.task.runner [-] Task 6dd1b05b-317d-41c1-8b75-a985824e8cec | ITER: 9 END: OK
2020-03-20 00:35:26.000 3093 INFO rally.task.runner [-] Task 6dd1b05b-317d-41c1-8b75-a985824e8cec | ITER: 31 START
2020-03-20 00:35:26.009 3123 INFO rally.task.runner [-] Task 6dd1b05b-317d-41c1-8b75-a985824e8cec | ITER: 19 END: OK
2020-03-20 00:35:26.015 3123 INFO rally.task.runner [-] Task 6dd1b05b-317d-41c1-8b75-a985824e8cec | ITER: 32 START
2020-03-20 00:35:26.803 3074 INFO rally.task.runner [-] Task 6dd1b05b-317d-41c1-8b75-a985824e8cec | ITER: 2 END: OK
2020-03-20 00:35:26.811 3074 INFO rally.task.runner [-] Task 6dd1b05b-317d-41c1-8b75-a985824e8cec | ITER: 33 START
2020-03-20 00:35:27.301 3118 INFO rally.task.runner [-] Task 6dd1b05b-317d-41c1-8b75-a985824e8cec | ITER: 18 END: OK
2020-03-20 00:35:27.307 3118 INFO rally.task.runner [-] Task 6dd1b05b-317d-41c1-8b75-a985824e8cec | ITER: 34 START
2020-03-20 00:35:27.518 3106 INFO rally.task.runner [-] Task 6dd1b05b-317d-41c1-8b75-a985824e8cec | ITER: 13 END: OK
2020-03-20 00:35:27.520 3078 INFO rally.task.runner [-] Task 6dd1b05b-317d-41c1-8b75-a985824e8cec | ITER: 5 END: OK
2020-03-20 00:35:27.524 3106 INFO rally.task.runner [-] Task 6dd1b05b-317d-41c1-8b75-a985824e8cec | ITER: 35 START
2020-03-20 00:35:27.527 3078 INFO rally.task.runner [-] Task 6dd1b05b-317d-41c1-8b75-a985824e8cec | ITER: 36 START
2020-03-20 00:35:28.013 3116 INFO rally.task.runner [-] Task 6dd1b05b-317d-41c1-8b75-a985824e8cec | ITER: 17 END: OK
2020-03-20 00:35:28.020 3116 INFO rally.task.runner [-] Task 6dd1b05b-317d-41c1-8b75-a985824e8cec | ITER: 37 START
2020-03-20 00:35:28.230 3112 RALLYDEBUG rally_openstack.wrappers.network [-] CIDR generated: 1.1.7.164/30
2020-03-20 00:35:28.650 3082 RALLYDEBUG rally_openstack.wrappers.network [-] CIDR generated: 1.1.7.168/30
2020-03-20 00:35:29.393 3093 RALLYDEBUG rally_openstack.wrappers.network [-] CIDR generated: 1.1.7.172/30
2020-03-20 00:35:30.218 3109 RALLYDEBUG rally_openstack.wrappers.network [-] CIDR generated: 1.1.7.176/30
2020-03-20 00:35:30.348 3123 RALLYDEBUG rally_openstack.wrappers.network [-] CIDR generated: 1.1.7.180/30
2020-03-20 00:35:30.599 3074 RALLYDEBUG rally_openstack.wrappers.network [-] CIDR generated: 1.1.7.184/30
2020-03-20 00:35:30.704 3118 RALLYDEBUG rally_openstack.wrappers.network [-] CIDR generated: 1.1.7.188/30
2020-03-20 00:35:31.166 3101 INFO rally.task.runner [-] Task 6dd1b05b-317d-41c1-8b75-a985824e8cec | ITER: 10 END: OK
2020-03-20 00:35:31.172 3101 INFO rally.task.runner [-] Task 6dd1b05b-317d-41c1-8b75-a985824e8cec | ITER: 38 START
2020-03-20 00:35:31.373 3116 RALLYDEBUG rally_openstack.wrappers.network [-] CIDR generated: 1.1.7.192/30
2020-03-20 00:35:31.666 3076 RALLYDEBUG rally_openstack.wrappers.network [-] CIDR generated: 1.1.7.196/30
2020-03-20 00:35:31.773 3078 RALLYDEBUG rally_openstack.wrappers.network [-] CIDR generated: 1.1.7.200/30
2020-03-20 00:35:31.918 3085 RALLYDEBUG rally_openstack.wrappers.network [-] CIDR generated: 1.1.7.204/30
2020-03-20 00:35:31.972 3075 RALLYDEBUG rally_openstack.wrappers.network [-] CIDR generated: 1.1.7.208/30
2020-03-20 00:35:32.044 3073 RALLYDEBUG rally_openstack.wrappers.network [-] CIDR generated: 1.1.7.212/30
2020-03-20 00:35:32.378 3102 RALLYDEBUG rally_openstack.wrappers.network [-] CIDR generated: 1.1.7.216/30
2020-03-20 00:35:33.104 3093 RALLYDEBUG rally_openstack.wrappers.network [-] CIDR generated: 1.1.7.220/30
2020-03-20 00:35:33.637 3074 RALLYDEBUG rally_openstack.wrappers.network [-] CIDR generated: 1.1.7.224/30
2020-03-20 00:35:34.675 3082 RALLYDEBUG rally_openstack.wrappers.network [-] CIDR generated: 1.1.7.228/30
2020-03-20 00:35:36.729 3078 RALLYDEBUG rally_openstack.wrappers.network [-] CIDR generated: 1.1.7.232/30
2020-03-20 00:35:37.442 3123 RALLYDEBUG rally_openstack.wrappers.network [-] CIDR generated: 1.1.7.236/30
2020-03-20 00:35:37.450 3116 RALLYDEBUG rally_openstack.wrappers.network [-] CIDR generated: 1.1.7.240/30
2020-03-20 00:35:37.459 3118 RALLYDEBUG rally_openstack.wrappers.network [-] CIDR generated: 1.1.7.244/30
2020-03-20 00:35:54.705 3103 RALLYDEBUG rally_openstack.wrappers.network [-] CIDR generated: 1.1.7.248/30
2020-03-20 00:35:55.623 3101 RALLYDEBUG rally_openstack.wrappers.network [-] CIDR generated: 1.1.7.252/30
2020-03-20 00:35:59.728 3103 RALLYDEBUG rally_openstack.wrappers.network [-] CIDR generated: 1.1.8.0/30
2020-03-20 00:36:00.899 3101 RALLYDEBUG rally_openstack.wrappers.network [-] CIDR generated: 1.1.8.4/30
2020-03-20 00:36:01.677 3106 RALLYDEBUG rally_openstack.wrappers.network [-] CIDR generated: 1.1.8.8/30
2020-03-20 00:36:09.498 3106 RALLYDEBUG rally_openstack.wrappers.network [-] CIDR generated: 1.1.8.12/30
2020-03-20 00:36:18.753 3076 INFO rally.task.runner [-] Task 6dd1b05b-317d-41c1-8b75-a985824e8cec | ITER: 23 END: OK
2020-03-20 00:36:18.760 3076 INFO rally.task.runner [-] Task 6dd1b05b-317d-41c1-8b75-a985824e8cec | ITER: 39 START
2020-03-20 00:36:18.838 3075 INFO rally.task.runner [-] Task 6dd1b05b-317d-41c1-8b75-a985824e8cec | ITER: 26 END: OK
2020-03-20 00:36:18.844 3075 INFO rally.task.runner [-] Task 6dd1b05b-317d-41c1-8b75-a985824e8cec | ITER: 40 START
2020-03-20 00:36:20.534 3085 INFO rally.task.runner [-] Task 6dd1b05b-317d-41c1-8b75-a985824e8cec | ITER: 20 END: OK
2020-03-20 00:36:23.035 3115 INFO rally.task.runner [-] Task 6dd1b05b-317d-41c1-8b75-a985824e8cec | ITER: 21 END: OK
2020-03-20 00:36:23.547 3078 INFO rally.task.runner [-] Task 6dd1b05b-317d-41c1-8b75-a985824e8cec | ITER: 36 END: OK
2020-03-20 00:36:24.688 3075 RALLYDEBUG rally_openstack.wrappers.network [-] CIDR generated: 1.1.8.16/30
2020-03-20 00:36:24.734 3076 RALLYDEBUG rally_openstack.wrappers.network [-] CIDR generated: 1.1.8.20/30
2020-03-20 00:36:28.065 3116 INFO rally.task.runner [-] Task 6dd1b05b-317d-41c1-8b75-a985824e8cec | ITER: 37 END: OK
2020-03-20 00:36:28.797 3074 INFO rally.task.runner [-] Task 6dd1b05b-317d-41c1-8b75-a985824e8cec | ITER: 33 END: OK
2020-03-20 00:36:30.376 3089 INFO rally.task.runner [-] Task 6dd1b05b-317d-41c1-8b75-a985824e8cec | ITER: 22 END: OK
2020-03-20 00:36:30.425 3102 INFO rally.task.runner [-] Task 6dd1b05b-317d-41c1-8b75-a985824e8cec | ITER: 28 END: OK
2020-03-20 00:36:32.156 3109 INFO rally.task.runner [-] Task 6dd1b05b-317d-41c1-8b75-a985824e8cec | ITER: 24 END: OK
2020-03-20 00:36:32.727 3076 RALLYDEBUG rally_openstack.wrappers.network [-] CIDR generated: 1.1.8.24/30
2020-03-20 00:36:33.033 3093 INFO rally.task.runner [-] Task 6dd1b05b-317d-41c1-8b75-a985824e8cec | ITER: 31 END: OK
2020-03-20 00:36:33.485 3075 RALLYDEBUG rally_openstack.wrappers.network [-] CIDR generated: 1.1.8.28/30
2020-03-20 00:36:36.293 3112 INFO rally.task.runner [-] Task 6dd1b05b-317d-41c1-8b75-a985824e8cec | ITER: 25 END: OK
2020-03-20 00:36:36.495 3073 INFO rally.task.runner [-] Task 6dd1b05b-317d-41c1-8b75-a985824e8cec | ITER: 27 END: OK
2020-03-20 00:36:44.699 3082 INFO rally.task.runner [-] Task 6dd1b05b-317d-41c1-8b75-a985824e8cec | ITER: 30 END: OK
2020-03-20 00:36:45.016 3123 INFO rally.task.runner [-] Task 6dd1b05b-317d-41c1-8b75-a985824e8cec | ITER: 32 END: OK
2020-03-20 00:36:45.034 3118 INFO rally.task.runner [-] Task 6dd1b05b-317d-41c1-8b75-a985824e8cec | ITER: 34 END: OK
2020-03-20 00:36:46.704 3101 INFO rally.task.runner [-] Task 6dd1b05b-317d-41c1-8b75-a985824e8cec | ITER: 38 END: OK
2020-03-20 00:36:51.936 3103 INFO rally.task.runner [-] Task 6dd1b05b-317d-41c1-8b75-a985824e8cec | ITER: 29 END: OK
2020-03-20 00:36:53.299 3106 INFO rally.task.runner [-] Task 6dd1b05b-317d-41c1-8b75-a985824e8cec | ITER: 35 END: OK
2020-03-20 00:36:57.901 3075 INFO rally.task.runner [-] Task 6dd1b05b-317d-41c1-8b75-a985824e8cec | ITER: 40 END: OK
2020-03-20 00:37:03.911 3076 INFO rally.task.runner [-] Task 6dd1b05b-317d-41c1-8b75-a985824e8cec | ITER: 39 END: OK
2020-03-20 00:37:03.936 15 INFO rally.task.context [-] Task 6dd1b05b-317d-41c1-8b75-a985824e8cec | Context cleanup@openstack cleanup() started
2020-03-20 00:37:03.939 15 RALLYDEBUG rally_openstack.cleanup.manager [-] Cleaning up neutron vip objects
2020-03-20 00:37:04.130 15 RALLYDEBUG rally_openstack.cleanup.manager [-] Cleaning up neutron health_monitor objects
2020-03-20 00:37:04.300 15 RALLYDEBUG rally_openstack.cleanup.manager [-] Cleaning up neutron pool objects
2020-03-20 00:37:04.634 15 RALLYDEBUG rally_openstack.cleanup.manager [-] Cleaning up neutron loadbalancer objects
2020-03-20 00:37:04.804 15 RALLYDEBUG rally_openstack.cleanup.manager [-] Cleaning up neutron floatingip objects
2020-03-20 00:37:04.998 15 RALLYDEBUG rally_openstack.cleanup.manager [-] Cleaning up neutron trunk objects
2020-03-20 00:37:21.073 15 DEBUG neutronclient.v2_0.client [-] Error message: {"NeutronError": {"message": "Invalid input for operation: 'tenant_id' is not supported for filtering.", "type": "InvalidInput", "detail": ""}} _handle_fault_response /usr/lib/python2.7/site-packages/neutronclient/v2_0/client.py:259
2020-03-20 00:37:21.096 15 DEBUG neutronclient.v2_0.client [-] Error message: {"NeutronError": {"message": "Invalid input for operation: 'tenant_id' is not supported for filtering.", "type": "InvalidInput", "detail": ""}} _handle_fault_response /usr/lib/python2.7/site-packages/neutronclient/v2_0/client.py:259
2020-03-20 00:37:21.124 15 DEBUG neutronclient.v2_0.client [-] Error message: {"NeutronError": {"message": "Invalid input for operation: 'tenant_id' is not supported for filtering.", "type": "InvalidInput", "detail": ""}} _handle_fault_response /usr/lib/python2.7/site-packages/neutronclient/v2_0/client.py:259
2020-03-20 00:37:21.125 15 ERROR rally_openstack.cleanup.manager [-] Seems like rally_openstack.cleanup.resources.NeutronTrunk.list(self) method is broken. It shouldn't raise any exceptions.: BadRequest: Invalid input for operation: 'tenant_id' is not supported for filtering. Neutron server returns request_ids: ['req-6a891b42-1e90-4636-ae72-f926f83e9b61']
2020-03-20 00:37:21.125 15 ERROR rally_openstack.cleanup.manager
Traceback (most recent call last):
2020-03-20 00:37:21.125 15 ERROR rally_openstack.cleanup.manager
File "/usr/lib/python2.7/site-packages/rally_openstack/cleanup/manager.py", line 133, in _publish
2020-03-20 00:37:21.125 15 ERROR rally_openstack.cleanup.manager for raw_resource in rutils.retry(3, manager.list):
2020-03-20 00:37:21.125 15 ERROR rally_openstack.cleanup.manager
File "/usr/lib/python2.7/site-packages/rally/common/utils.py", line 230, in retry
2020-03-20 00:37:21.125 15 ERROR rally_openstack.cleanup.manager return func(*args, **kwargs)
2020-03-20 00:37:21.125 15 ERROR rally_openstack.cleanup.manager
File "/usr/lib/python2.7/site-packages/rally_openstack/cleanup/resources.py", line 396, in list
2020-03-20 00:37:21.125 15 ERROR rally_openstack.cleanup.manager return super(NeutronTrunk, self).list()
2020-03-20 00:37:21.125 15 ERROR rally_openstack.cleanup.manager
File "/usr/lib/python2.7/site-packages/rally_openstack/cleanup/resources.py", line 273, in list
2020-03-20 00:37:21.125 15 ERROR rally_openstack.cleanup.manager result = list_method(tenant_id=self.tenant_uuid)[resources]
2020-03-20 00:37:21.125 15 ERROR rally_openstack.cleanup.manager
File "/usr/lib/python2.7/site-packages/neutronclient/v2_0/client.py", line 2105, in list_trunks
2020-03-20 00:37:21.125 15 ERROR rally_openstack.cleanup.manager **_params)
2020-03-20 00:37:21.125 15 ERROR rally_openstack.cleanup.manager
File "/usr/lib/python2.7/site-packages/neutronclient/v2_0/client.py", line 369, in list
2020-03-20 00:37:21.125 15 ERROR rally_openstack.cleanup.manager for r in self._pagination(collection, path, **params):
2020-03-20 00:37:21.125 15 ERROR rally_openstack.cleanup.manager
File "/usr/lib/python2.7/site-packages/neutronclient/v2_0/client.py", line 384, in _pagination
2020-03-20 00:37:21.125 15 ERROR rally_openstack.cleanup.manager res = self.get(path, params=params)
2020-03-20 00:37:21.125 15 ERROR rally_openstack.cleanup.manager
File "/usr/lib/python2.7/site-packages/neutronclient/v2_0/client.py", line 354, in get
2020-03-20 00:37:21.125 15 ERROR rally_openstack.cleanup.manager headers=headers, params=params)
2020-03-20 00:37:21.125 15 ERROR rally_openstack.cleanup.manager
File "/usr/lib/python2.7/site-packages/neutronclient/v2_0/client.py", line 331, in retry_request
2020-03-20 00:37:21.125 15 ERROR rally_openstack.cleanup.manager headers=headers, params=params)
2020-03-20 00:37:21.125 15 ERROR rally_openstack.cleanup.manager
File "/usr/lib/python2.7/site-packages/neutronclient/v2_0/client.py", line 294, in do_request
2020-03-20 00:37:21.125 15 ERROR rally_openstack.cleanup.manager self._handle_fault_response(status_code, replybody, resp)
2020-03-20 00:37:21.125 15 ERROR rally_openstack.cleanup.manager
File "/usr/lib/python2.7/site-packages/neutronclient/v2_0/client.py", line 269, in _handle_fault_response
2020-03-20 00:37:21.125 15 ERROR rally_openstack.cleanup.manager exception_handler_v20(status_code, error_body)
2020-03-20 00:37:21.125 15 ERROR rally_openstack.cleanup.manager
File "/usr/lib/python2.7/site-packages/neutronclient/v2_0/client.py", line 93, in exception_handler_v20
2020-03-20 00:37:21.125 15 ERROR rally_openstack.cleanup.manager request_ids=request_ids)
2020-03-20 00:37:21.125 15 ERROR rally_openstack.cleanup.manager BadRequest: Invalid input for operation: 'tenant_id' is not supported for filtering.
2020-03-20 00:37:21.125 15 ERROR rally_openstack.cleanup.manager Neutron server returns request_ids: ['req-6a891b42-1e90-4636-ae72-f926f83e9b61']
2020-03-20 00:37:21.125 15 ERROR rally_openstack.cleanup.manager
2020-03-20 00:37:21.136 15 RALLYDEBUG rally_openstack.cleanup.manager [-] Cleaning up neutron port objects
2020-03-20 00:37:22.280 15 RALLYDEBUG rally_openstack.cleanup.manager [-] Deleting neutron.port object s_rally_dc665700_t5Rw5ef3 (0c5ef697-680c-4be9-b549-e5883fa64770)
2020-03-20 00:37:22.284 15 RALLYDEBUG rally_openstack.cleanup.manager [-] Deleting neutron.port object s_rally_dc665700_8Y6pfrqW (130e2515-8e68-4319-bcf2-8bc062bd7c96)
2020-03-20 00:37:22.287 15 RALLYDEBUG rally_openstack.cleanup.manager [-] Deleting neutron.port object s_rally_dc665700_WSGpXkTo (0673dce4-7b6f-4026-a266-78f2f8b7714d)
2020-03-20 00:37:22.290 15 RALLYDEBUG rally_openstack.cleanup.manager [-] Deleting neutron.port object s_rally_dc665700_hDAtxmiZ (02f0411e-85d6-4dd0-9031-5159ae513419)
2020-03-20 00:37:22.303 15 RALLYDEBUG rally_openstack.cleanup.manager [-] Deleting neutron.port object s_rally_dc665700_Jyvj9A82 (1576e022-c904-4a36-ac5a-967aa292b4ab)
2020-03-20 00:37:22.327 15 RALLYDEBUG rally_openstack.cleanup.manager [-] Deleting neutron.port object s_rally_dc665700_5TyHGQjj (1cdea5d3-0943-4167-897b-f37dbeb19a45)
2020-03-20 00:37:22.330 15 RALLYDEBUG rally_openstack.cleanup.manager [-] Deleting neutron.port object s_rally_dc665700_NlP3gdX1 (1e76e964-da2a-471f-8e43-4b3da7873a7a)
2020-03-20 00:37:22.402 15 RALLYDEBUG rally_openstack.cleanup.manager [-] Deleting neutron.port object s_rally_dc665700_K2uNmJts (26faf480-eb9b-4ada-a4a0-a4a6314b424f)
2020-03-20 00:37:22.405 15 RALLYDEBUG rally_openstack.cleanup.manager [-] Deleting neutron.port object s_rally_dc665700_Xml5KjTR (25064c4a-ebb5-4d29-a551-be5d9e4a6b68)
2020-03-20 00:37:22.433 15 RALLYDEBUG rally_openstack.cleanup.manager [-] Deleting neutron.port object s_rally_dc665700_VTBWjuYy (3252f118-c214-43cb-b03b-7c33e2d09104)
2020-03-20 00:37:22.446 15 RALLYDEBUG rally_openstack.cleanup.manager [-] Deleting neutron.port object s_rally_dc665700_45bHVE5w (2e921d3b-9344-43ba-8064-a2e906cee6c4)
2020-03-20 00:37:22.464 15 RALLYDEBUG rally_openstack.cleanup.manager [-] Deleting neutron.port object s_rally_dc665700_ir2OAZho (47211c13-542a-4735-8fcf-b36a8bab86bb)
2020-03-20 00:37:22.471 15 RALLYDEBUG rally_openstack.cleanup.manager [-] Deleting neutron.port object s_rally_dc665700_nc8F7wlx (2f857316-b478-4012-9984-f665e44397e2)
2020-03-20 00:37:22.499 15 RALLYDEBUG rally_openstack.cleanup.manager [-] Deleting neutron.port object s_rally_dc665700_RFfhgHcP (3402f580-9fd9-4c7f-9c34-76907c25fdcf)
2020-03-20 00:37:22.518 15 RALLYDEBUG rally_openstack.cleanup.manager [-] Deleting neutron.port object s_rally_dc665700_jwZ8LQTK (48eff2f3-f419-4bba-bd4e-e84ab02a742e)
2020-03-20 00:37:22.516 15 RALLYDEBUG rally_openstack.cleanup.manager [-] Deleting neutron.port object s_rally_dc665700_y0PYJUwG (324600d0-9ff0-4ca1-abf3-341197557592)
2020-03-20 00:37:22.535 15 RALLYDEBUG rally_openstack.cleanup.manager [-] Deleting neutron.port object s_rally_dc665700_ZaH4u6Z0 (3a1fdcf3-84da-4529-a478-68cc6ddd39a4)
2020-03-20 00:37:22.542 15 RALLYDEBUG rally_openstack.cleanup.manager [-] Deleting neutron.port object s_rally_dc665700_oZgISdgn (3f14d412-d2ad-4cfd-885b-1bc2eafc5f56)
2020-03-20 00:37:22.564 15 RALLYDEBUG rally_openstack.cleanup.manager [-] Deleting neutron.port object s_rally_dc665700_889HEMNw (4b1ee84a-5b9d-4a02-9781-a0b676529a2e)
2020-03-20 00:37:22.621 15 RALLYDEBUG rally_openstack.cleanup.manager [-] Deleting neutron.port object s_rally_dc665700_m4wW7iaQ (51ecac41-e122-4aba-98d5-72f04f3b41c1)
2020-03-20 00:37:25.786 15 RALLYDEBUG rally_openstack.cleanup.manager [-] Deleting neutron.port object s_rally_dc665700_En8xSh0C (51f02812-5471-47d8-b170-08498c4c5c01)
2020-03-20 00:37:26.021 15 RALLYDEBUG rally_openstack.cleanup.manager [-] Deleting neutron.port object s_rally_dc665700_oEaq1X9a (5273d7ec-35dc-47e0-bc8a-31d72d2af1ea)
2020-03-20 00:37:27.048 15 RALLYDEBUG rally_openstack.cleanup.manager [-] Deleting neutron.port object s_rally_dc665700_LOjrSEB9 (57fa2690-0cca-46fc-a96e-311dbca690b6)
2020-03-20 00:37:27.152 15 RALLYDEBUG rally_openstack.cleanup.manager [-] Deleting neutron.port object s_rally_dc665700_QodcrH3q (607a30d1-9df3-4c61-919e-8d067356f818)
2020-03-20 00:37:27.553 15 RALLYDEBUG rally_openstack.cleanup.manager [-] Deleting neutron.port object s_rally_dc665700_gpGC6OtS (60e14b89-33ab-4d6e-bd59-b3ed66bc2a4e)
2020-03-20 00:37:27.578 15 RALLYDEBUG rally_openstack.cleanup.manager [-] Deleting neutron.port object s_rally_dc665700_ru0SiAfP (62f04da8-a5de-4cce-a241-02f3054e082f)
2020-03-20 00:37:27.694 15 RALLYDEBUG rally_openstack.cleanup.manager [-] Deleting neutron.port object s_rally_dc665700_t3Ogk2YU (639ca571-9e04-4b3f-aaa3-449573ca1c63)
2020-03-20 00:37:27.731 15 RALLYDEBUG rally_openstack.cleanup.manager [-] Deleting neutron.port object s_rally_dc665700_IWfdE1vl (6566a8ed-12cb-40bd-acfb-1e6446ea2355)
2020-03-20 00:37:27.782 15 RALLYDEBUG rally_openstack.cleanup.manager [-] Deleting neutron.port object s_rally_dc665700_8ObrIrGw (663b9e86-e492-416b-a485-3f3fc8c3b00b)
2020-03-20 00:37:27.857 15 RALLYDEBUG rally_openstack.cleanup.manager [-] Deleting neutron.port object s_rally_dc665700_T0ZgSH6J (672fd0ba-44a0-49a2-8f37-51844fbe5417)
2020-03-20 00:37:27.892 15 RALLYDEBUG rally_openstack.cleanup.manager [-] Deleting neutron.port object s_rally_dc665700_DDoAliCN (6cc55dbd-8e5b-4499-aa6e-a44a3e9922d3)
2020-03-20 00:37:28.205 15 RALLYDEBUG rally_openstack.cleanup.manager [-] Deleting neutron.port object s_rally_dc665700_ZYkHNXng (6d91ea64-7b4a-4d87-a28f-65a20d667103)
2020-03-20 00:37:28.213 15 RALLYDEBUG rally_openstack.cleanup.manager [-] Deleting neutron.port object s_rally_dc665700_npuUKJfy (77c6d6ab-773a-4bed-930e-0611b89b5487)
2020-03-20 00:37:28.713 15 RALLYDEBUG rally_openstack.cleanup.manager [-] Deleting neutron.port object s_rally_dc665700_nVjiFPn3 (795dc6cf-da44-4186-a8f1-fa33537cd81d)
2020-03-20 00:37:28.728 15 RALLYDEBUG rally_openstack.cleanup.manager [-] Deleting neutron.port object s_rally_dc665700_iVsNH1LO (88a66bec-3bf1-4543-94e3-975c233d94a2)
2020-03-20 00:37:28.810 15 RALLYDEBUG rally_openstack.cleanup.manager [-] Deleting neutron.port object s_rally_dc665700_tpKnoubi (89a6efdd-54f2-4cf8-878a-f50d630ca587)
2020-03-20 00:37:28.815 15 RALLYDEBUG rally_openstack.cleanup.manager [-] Deleting neutron.port object s_rally_dc665700_rvoYEY1z (8a510cbb-1e2f-4694-b44d-ffe96a2f6854)
2020-03-20 00:37:29.382 15 RALLYDEBUG rally_openstack.cleanup.manager [-] Deleting neutron.port object s_rally_dc665700_ixOeSyJ3 (8d87b134-e360-4717-b9e5-d0e9af497008)
2020-03-20 00:37:29.646 15 RALLYDEBUG rally_openstack.cleanup.manager [-] Deleting neutron.port object s_rally_dc665700_aatmO89E (918b9008-3b04-4911-9a23-f46c9763c008)
2020-03-20 00:37:29.649 15 RALLYDEBUG rally_openstack.cleanup.manager [-] Deleting neutron.port object s_rally_dc665700_ETEqsZ7l (906540df-8e1f-40e6-baf7-748a6fe7bc52)
2020-03-20 00:37:29.921 15 RALLYDEBUG rally_openstack.cleanup.manager [-] Deleting neutron.port object s_rally_dc665700_MRoso3CR (95afb0fe-f7aa-4f2c-ae14-dbc8144e2d37)
2020-03-20 00:37:30.123 15 RALLYDEBUG rally_openstack.cleanup.manager [-] Deleting neutron.port object s_rally_dc665700_b788EI6L (960c9a19-ae22-4119-99eb-dd1c8c83fa32)
2020-03-20 00:37:30.897 15 RALLYDEBUG rally_openstack.cleanup.manager [-] Deleting neutron.port object s_rally_dc665700_cYYDjCD2 (9994dbfb-8af2-4a11-bb9c-ee34ca8c11eb)
2020-03-20 00:37:30.978 15 RALLYDEBUG rally_openstack.cleanup.manager [-] Deleting neutron.port object s_rally_dc665700_NHPSYZDk (9b195cd1-d2a2-475e-acf6-33cdea6351c4)
2020-03-20 00:37:31.234 15 RALLYDEBUG rally_openstack.cleanup.manager [-] Deleting neutron.port object s_rally_dc665700_nNwne2ej (9c7533b8-c18e-43c3-a8f4-187ce4c26cc0)
2020-03-20 00:37:31.353 15 RALLYDEBUG rally_openstack.cleanup.manager [-] Deleting neutron.port object s_rally_dc665700_7eMxrKgg (a1b4ed09-efba-47d5-afbd-c01e535f1b56)
2020-03-20 00:37:31.659 15 RALLYDEBUG rally_openstack.cleanup.manager [-] Deleting neutron.port object s_rally_dc665700_mpMwWpsQ (a1c92878-8372-4552-af23-c93016a71d40)
2020-03-20 00:37:32.226 15 RALLYDEBUG rally_openstack.cleanup.manager [-] Deleting neutron.port object s_rally_dc665700_AQaTfNSW (a1ca1e0b-b72c-420b-ba33-d31e88bfac56)
2020-03-20 00:37:32.651 15 RALLYDEBUG rally_openstack.cleanup.manager [-] Deleting neutron.port object s_rally_dc665700_b1usbb5l (a2d238b8-1cba-4576-bd24-9c74ed8e644c)
2020-03-20 00:37:32.775 15 RALLYDEBUG rally_openstack.cleanup.manager [-] Deleting neutron.port object s_rally_dc665700_ogNVp2MH (a5ef75b4-a2db-46d3-99d2-9bb17f576bfc)
2020-03-20 00:37:33.014 15 RALLYDEBUG rally_openstack.cleanup.manager [-] Deleting neutron.port object s_rally_dc665700_Zed5atTB (ab63628c-03d1-4748-8743-fcb82ec62f1f)
2020-03-20 00:37:33.019 15 RALLYDEBUG rally_openstack.cleanup.manager [-] Deleting neutron.port object s_rally_dc665700_y9R4AS5x (abe60d17-a7f6-482a-bfb6-90ab54f5c2bc)
2020-03-20 00:37:33.831 15 RALLYDEBUG rally_openstack.cleanup.manager [-] Deleting neutron.port object s_rally_dc665700_UFhLzYnH (acf6de2e-3422-4916-8882-75744485f210)
2020-03-20 00:37:33.967 15 RALLYDEBUG rally_openstack.cleanup.manager [-] Deleting neutron.port object s_rally_dc665700_looXNudu (af2bbb95-6be2-4d5b-9330-95b21527dfdb)
2020-03-20 00:37:33.971 15 RALLYDEBUG rally_openstack.cleanup.manager [-] Deleting neutron.port object s_rally_dc665700_yOrIJLVL (b05a49d6-a0d7-481e-970b-7b3dc274c875)
2020-03-20 00:37:34.113 15 RALLYDEBUG rally_openstack.cleanup.manager [-] Deleting neutron.port object s_rally_dc665700_KRxSUFrN (b3ac624c-f5fd-4a60-97f8-7acf456be6aa)
2020-03-20 00:37:34.155 15 RALLYDEBUG rally_openstack.cleanup.manager [-] Deleting neutron.port object s_rally_dc665700_VNZTpgac (b4eb044d-d862-4e5f-8785-6a1c9417d951)
2020-03-20 00:37:34.396 15 RALLYDEBUG rally_openstack.cleanup.manager [-] Deleting neutron.port object s_rally_dc665700_YKmQjgaJ (b62a4dcb-598d-4a8a-9720-609b4bedf76d)
2020-03-20 00:37:34.507 15 RALLYDEBUG rally_openstack.cleanup.manager [-] Deleting neutron.port object s_rally_dc665700_K88Hq1lJ (b968a258-15da-4d07-b9df-949382e794a0)
