2020-03-20 00:49:40.658 15 RALLYDEBUG rally_openstack.cleanup.manager [-] Deleting neutron.port object s_rally_a9e001e4_FtEVZ5Kd (e2e445f3-a79b-488d-8c6f-accdd7fc4be0)
2020-03-20 00:49:42.099 15 RALLYDEBUG rally_openstack.cleanup.manager [-] Deleting neutron.port object s_rally_a9e001e4_Fxih3Kd6 (e3f5ba55-539b-48ed-9c12-b6198633b9f4)
2020-03-20 00:49:42.352 15 RALLYDEBUG rally_openstack.cleanup.manager [-] Deleting neutron.port object s_rally_a9e001e4_q9Jy6fCC (e50f439b-b5ca-4b67-bb83-3fa1fff03ff2)
2020-03-20 00:49:42.402 15 RALLYDEBUG rally_openstack.cleanup.manager [-] Deleting neutron.port object s_rally_a9e001e4_pVVyDYl4 (e5b8be7f-589b-4dea-ad77-b13a7e8e803c)
2020-03-20 00:49:43.813 15 RALLYDEBUG rally_openstack.cleanup.manager [-] Deleting neutron.port object s_rally_a9e001e4_sqKR8Zv8 (e6009748-bd5f-4965-8498-b67d343dc98f)
2020-03-20 00:49:44.165 15 RALLYDEBUG rally_openstack.cleanup.manager [-] Deleting neutron.port object s_rally_a9e001e4_vh4O4Go5 (e65f735a-c1a6-4fbf-a62a-140645bc7df3)
2020-03-20 00:49:44.356 15 RALLYDEBUG rally_openstack.cleanup.manager [-] Deleting neutron.port object s_rally_a9e001e4_6Dc90bDp (e6df0eba-6267-4f07-b00e-b1d4f2ed82d7)
2020-03-20 00:49:45.496 15 RALLYDEBUG rally_openstack.cleanup.manager [-] Deleting neutron.port object s_rally_a9e001e4_g8o77wGs (e75b1549-0311-4bf0-a915-d492baa237a5)
2020-03-20 00:49:45.991 15 RALLYDEBUG rally_openstack.cleanup.manager [-] Deleting neutron.port object s_rally_a9e001e4_HRuyyPAk (e7f4ad02-c27e-4f1c-8b2d-e9a152ad6061)
2020-03-20 00:49:46.019 15 RALLYDEBUG rally_openstack.cleanup.manager [-] Deleting neutron.port object s_rally_a9e001e4_OGL3pWDp (e8755570-9467-497f-ae58-20ed32d99f87)
2020-03-20 00:49:46.091 15 RALLYDEBUG rally_openstack.cleanup.manager [-] Deleting neutron.port object s_rally_a9e001e4_F1zVAbMo (e8a3fbe2-9705-474a-8bb2-3888bf39ed8c)
2020-03-20 00:49:47.218 15 RALLYDEBUG rally_openstack.cleanup.manager [-] Deleting neutron.port object s_rally_a9e001e4_aVLAT3lx (ea03d145-bee3-4f01-9472-3105180b20e1)
2020-03-20 00:49:47.779 15 RALLYDEBUG rally_openstack.cleanup.manager [-] Deleting neutron.port object s_rally_a9e001e4_ECJqh07r (ea8e2fef-6279-4eae-8742-ace4f05bd76d)
2020-03-20 00:49:47.799 15 RALLYDEBUG rally_openstack.cleanup.manager [-] Deleting neutron.port object s_rally_a9e001e4_tANfYoli (eaf03b89-576d-4e14-bf11-fbcaf07828f8)
2020-03-20 00:49:47.954 15 RALLYDEBUG rally_openstack.cleanup.manager [-] Deleting neutron.port object s_rally_a9e001e4_DLPtvuFO (eb2908d5-8f3d-403a-8909-6bdb09aa5b40)
2020-03-20 00:49:48.896 15 RALLYDEBUG rally_openstack.cleanup.manager [-] Deleting neutron.port object s_rally_a9e001e4_L7Zm3dBL (eb8e4915-b633-43f2-b5b9-7ada086c612a)
2020-03-20 00:49:49.603 15 RALLYDEBUG rally_openstack.cleanup.manager [-] Deleting neutron.port object s_rally_a9e001e4_JZXYp15x (ebd01bef-4de9-4972-b6b9-587befa17ce8)
2020-03-20 00:49:49.631 15 RALLYDEBUG rally_openstack.cleanup.manager [-] Deleting neutron.port object s_rally_a9e001e4_N0C7wMOU (ed80a150-38d8-4b34-94a9-4bde3412b2eb)
2020-03-20 00:49:50.055 15 RALLYDEBUG rally_openstack.cleanup.manager [-] Deleting neutron.port object s_rally_a9e001e4_ZI8hTIHY (ee4695b2-6b6a-4835-9574-3da99d5ba83d)
2020-03-20 00:49:51.282 15 RALLYDEBUG rally_openstack.cleanup.manager [-] Deleting neutron.port object s_rally_a9e001e4_liPHz9n3 (eec03bdf-9b9c-4724-bc36-9be9bc79b3d1)
2020-03-20 00:49:51.577 15 RALLYDEBUG rally_openstack.cleanup.manager [-] Deleting neutron.port object s_rally_a9e001e4_4Pt5Mnx4 (eed802a5-b815-4968-b793-25023f74dcc5)
2020-03-20 00:49:51.607 15 RALLYDEBUG rally_openstack.cleanup.manager [-] Deleting neutron.port object s_rally_a9e001e4_oGuOVTGv (ef144b25-13b0-466f-89ca-5dc301a1dc1e)
2020-03-20 00:49:51.929 15 RALLYDEBUG rally_openstack.cleanup.manager [-] Deleting neutron.port object s_rally_a9e001e4_laQn7F5i (f04ff1f7-178d-4f54-b18f-7cc2dea2f45c)
2020-03-20 00:49:51.975 15 RALLYDEBUG rally_openstack.cleanup.manager [-] Deleting neutron.port object s_rally_a9e001e4_YSHf0eVk (f056c9ef-851c-4531-8a25-71cdfeb1be4a)
2020-03-20 00:49:53.097 15 RALLYDEBUG rally_openstack.cleanup.manager [-] Deleting neutron.port object s_rally_a9e001e4_M2TOSXnj (f1034e59-b698-460c-a73a-129a18d25561)
2020-03-20 00:49:53.288 15 RALLYDEBUG rally_openstack.cleanup.manager [-] Deleting neutron.port object s_rally_a9e001e4_I5MCAozp (f21babfb-ecef-424a-ab88-8540090b8b3e)
2020-03-20 00:49:53.404 15 RALLYDEBUG rally_openstack.cleanup.manager [-] Deleting neutron.port object s_rally_a9e001e4_N9K9d09X (f2e76b15-7c1b-4ae7-8498-3226da33a91f)
2020-03-20 00:49:53.618 15 RALLYDEBUG rally_openstack.cleanup.manager [-] Deleting neutron.port object s_rally_a9e001e4_gUtNrgcY (f3285c60-6c24-4d04-8a36-a7995bc79f36)
2020-03-20 00:49:53.722 15 RALLYDEBUG rally_openstack.cleanup.manager [-] Deleting neutron.port object s_rally_a9e001e4_S9DEAdVk (f4d552a5-5a65-49c4-9e2f-6b41402ad94a)
2020-03-20 00:49:55.224 15 RALLYDEBUG rally_openstack.cleanup.manager [-] Deleting neutron.port object s_rally_a9e001e4_2oD3IhuI (f57c8e84-027a-41c1-8185-c0ce19ca64fd)
2020-03-20 00:49:55.309 15 RALLYDEBUG rally_openstack.cleanup.manager [-] Deleting neutron.port object s_rally_a9e001e4_IXBQVgnq (f92e1cf4-c7bc-4359-9b7d-40aeee0607cb)
2020-03-20 00:49:55.631 15 RALLYDEBUG rally_openstack.cleanup.manager [-] Deleting neutron.port object s_rally_a9e001e4_tAuMIwAr (f95d09fe-d94e-4d8e-9d5a-f5ef03a8bccc)
2020-03-20 00:49:55.839 15 RALLYDEBUG rally_openstack.cleanup.manager [-] Deleting neutron.port object s_rally_a9e001e4_00JnwDTI (f9f07d02-ee12-474d-8e8d-68198c566812)
2020-03-20 00:49:55.856 15 RALLYDEBUG rally_openstack.cleanup.manager [-] Deleting neutron.port object s_rally_a9e001e4_nU76saVJ (faa1c071-26c9-4231-a1d7-39e8e0419cc3)
2020-03-20 00:49:56.887 15 RALLYDEBUG rally_openstack.cleanup.manager [-] Deleting neutron.port object s_rally_a9e001e4_r2RzNkmW (faea4019-7848-416d-9c97-35dc68e77f12)
2020-03-20 00:49:57.021 15 RALLYDEBUG rally_openstack.cleanup.manager [-] Deleting neutron.port object s_rally_a9e001e4_lrEHagFR (fb8efc1c-8a8e-425d-a79b-67dfe48d10dd)
2020-03-20 00:49:57.459 15 RALLYDEBUG rally_openstack.cleanup.manager [-] Deleting neutron.port object s_rally_a9e001e4_Py0q2BSO (fb97c0f7-eb94-49af-9d27-3e490fac1950)
2020-03-20 00:49:57.682 15 RALLYDEBUG rally_openstack.cleanup.manager [-] Deleting neutron.port object s_rally_a9e001e4_TjdD7ZOR (fbc57a6e-7bcd-4887-a673-47dd38829537)
2020-03-20 00:49:57.744 15 RALLYDEBUG rally_openstack.cleanup.manager [-] Deleting neutron.port object s_rally_a9e001e4_QpHmz25N (fc911aa6-fb00-4ee6-8f43-92a300ba744a)
2020-03-20 00:49:58.011 15 RALLYDEBUG rally_openstack.cleanup.manager [-] Deleting neutron.port object s_rally_a9e001e4_3nu1xHDS (fe0fb0da-1ba0-48b4-a6c7-95fae0d279d2)
2020-03-20 00:49:58.574 15 RALLYDEBUG rally_openstack.cleanup.manager [-] Deleting neutron.port object s_rally_a9e001e4_HIv9RGb7 (fe149f4b-b703-4833-9e95-97d85f97dbda)
2020-03-20 00:49:59.091 15 ERROR rally_openstack.osclients [-] Unable to authenticate for user c_rally_a9e001e4_VSPg3WK4 in project c_rally_a9e001e4_eYwF8X8r: GatewayTimeout: Gateway Timeout (HTTP 504)
2020-03-20 00:49:59.091 15 ERROR rally_openstack.osclients
Traceback (most recent call last):
2020-03-20 00:49:59.091 15 ERROR rally_openstack.osclients
File "/usr/lib/python2.7/site-packages/rally_openstack/osclients.py", line 273, in auth_ref
2020-03-20 00:49:59.091 15 ERROR rally_openstack.osclients self.cache["keystone_auth_ref"] = plugin.get_access(sess)
2020-03-20 00:49:59.091 15 ERROR rally_openstack.osclients
File "/usr/lib/python2.7/site-packages/keystoneauth1/identity/base.py", line 134, in get_access
2020-03-20 00:49:59.091 15 ERROR rally_openstack.osclients self.auth_ref = self.get_auth_ref(session)
2020-03-20 00:49:59.091 15 ERROR rally_openstack.osclients
File "/usr/lib/python2.7/site-packages/keystoneauth1/identity/generic/base.py", line 208, in get_auth_ref
2020-03-20 00:49:59.091 15 ERROR rally_openstack.osclients return self._plugin.get_auth_ref(session, **kwargs)
2020-03-20 00:49:59.091 15 ERROR rally_openstack.osclients
File "/usr/lib/python2.7/site-packages/keystoneauth1/identity/v3/base.py", line 178, in get_auth_ref
2020-03-20 00:49:59.091 15 ERROR rally_openstack.osclients authenticated=False, log=False, **rkwargs)
2020-03-20 00:49:59.091 15 ERROR rally_openstack.osclients
File "/usr/lib/python2.7/site-packages/keystoneauth1/session.py", line 1019, in post
2020-03-20 00:49:59.091 15 ERROR rally_openstack.osclients return self.request(url, 'POST', **kwargs)
2020-03-20 00:49:59.091 15 ERROR rally_openstack.osclients
File "/usr/lib/python2.7/site-packages/keystoneauth1/session.py", line 869, in request
2020-03-20 00:49:59.091 15 ERROR rally_openstack.osclients raise exceptions.from_response(resp, method, url)
2020-03-20 00:49:59.091 15 ERROR rally_openstack.osclients GatewayTimeout: Gateway Timeout (HTTP 504)
2020-03-20 00:49:59.091 15 ERROR rally_openstack.osclients
2020-03-20 00:49:59.093 15 ERROR rally_openstack.osclients [-] Unable to authenticate for user c_rally_a9e001e4_VSPg3WK4 in project c_rally_a9e001e4_eYwF8X8r: GatewayTimeout: Gateway Timeout (HTTP 504)
2020-03-20 00:49:59.093 15 ERROR rally_openstack.osclients
Traceback (most recent call last):
2020-03-20 00:49:59.093 15 ERROR rally_openstack.osclients
File "/usr/lib/python2.7/site-packages/rally_openstack/osclients.py", line 273, in auth_ref
2020-03-20 00:49:59.093 15 ERROR rally_openstack.osclients self.cache["keystone_auth_ref"] = plugin.get_access(sess)
2020-03-20 00:49:59.093 15 ERROR rally_openstack.osclients
File "/usr/lib/python2.7/site-packages/keystoneauth1/identity/base.py", line 134, in get_access
2020-03-20 00:49:59.093 15 ERROR rally_openstack.osclients self.auth_ref = self.get_auth_ref(session)
2020-03-20 00:49:59.093 15 ERROR rally_openstack.osclients
File "/usr/lib/python2.7/site-packages/keystoneauth1/identity/generic/base.py", line 208, in get_auth_ref
2020-03-20 00:49:59.093 15 ERROR rally_openstack.osclients return self._plugin.get_auth_ref(session, **kwargs)
2020-03-20 00:49:59.093 15 ERROR rally_openstack.osclients
File "/usr/lib/python2.7/site-packages/keystoneauth1/identity/v3/base.py", line 178, in get_auth_ref
2020-03-20 00:49:59.093 15 ERROR rally_openstack.osclients authenticated=False, log=False, **rkwargs)
2020-03-20 00:49:59.093 15 ERROR rally_openstack.osclients
File "/usr/lib/python2.7/site-packages/keystoneauth1/session.py", line 1019, in post
2020-03-20 00:49:59.093 15 ERROR rally_openstack.osclients return self.request(url, 'POST', **kwargs)
2020-03-20 00:49:59.093 15 ERROR rally_openstack.osclients
File "/usr/lib/python2.7/site-packages/keystoneauth1/session.py", line 869, in request
2020-03-20 00:49:59.093 15 ERROR rally_openstack.osclients raise exceptions.from_response(resp, method, url)
2020-03-20 00:49:59.093 15 ERROR rally_openstack.osclients GatewayTimeout: Gateway Timeout (HTTP 504)
2020-03-20 00:49:59.093 15 ERROR rally_openstack.osclients
2020-03-20 00:50:00.651 15 ERROR rally_openstack.osclients [-] Unable to authenticate for user c_rally_a9e001e4_VSPg3WK4 in project c_rally_a9e001e4_eYwF8X8r: BadGateway: Bad Gateway (HTTP 502)
2020-03-20 00:50:00.651 15 ERROR rally_openstack.osclients
Traceback (most recent call last):
2020-03-20 00:50:00.651 15 ERROR rally_openstack.osclients
File "/usr/lib/python2.7/site-packages/rally_openstack/osclients.py", line 273, in auth_ref
2020-03-20 00:50:00.651 15 ERROR rally_openstack.osclients self.cache["keystone_auth_ref"] = plugin.get_access(sess)
2020-03-20 00:50:00.651 15 ERROR rally_openstack.osclients
File "/usr/lib/python2.7/site-packages/keystoneauth1/identity/base.py", line 134, in get_access
2020-03-20 00:50:00.651 15 ERROR rally_openstack.osclients self.auth_ref = self.get_auth_ref(session)
2020-03-20 00:50:00.651 15 ERROR rally_openstack.osclients
File "/usr/lib/python2.7/site-packages/keystoneauth1/identity/generic/base.py", line 208, in get_auth_ref
2020-03-20 00:50:00.651 15 ERROR rally_openstack.osclients return self._plugin.get_auth_ref(session, **kwargs)
2020-03-20 00:50:00.651 15 ERROR rally_openstack.osclients
File "/usr/lib/python2.7/site-packages/keystoneauth1/identity/v3/base.py", line 178, in get_auth_ref
2020-03-20 00:50:00.651 15 ERROR rally_openstack.osclients authenticated=False, log=False, **rkwargs)
2020-03-20 00:50:00.651 15 ERROR rally_openstack.osclients
File "/usr/lib/python2.7/site-packages/keystoneauth1/session.py", line 1019, in post
2020-03-20 00:50:00.651 15 ERROR rally_openstack.osclients return self.request(url, 'POST', **kwargs)
2020-03-20 00:50:00.651 15 ERROR rally_openstack.osclients
File "/usr/lib/python2.7/site-packages/keystoneauth1/session.py", line 869, in request
2020-03-20 00:50:00.651 15 ERROR rally_openstack.osclients raise exceptions.from_response(resp, method, url)
2020-03-20 00:50:00.651 15 ERROR rally_openstack.osclients BadGateway: Bad Gateway (HTTP 502)
2020-03-20 00:50:00.651 15 ERROR rally_openstack.osclients
2020-03-20 00:50:00.658 15 ERROR rally_openstack.osclients [-] Unable to authenticate for user c_rally_a9e001e4_VSPg3WK4 in project c_rally_a9e001e4_eYwF8X8r: BadGateway: Bad Gateway (HTTP 502)
2020-03-20 00:50:00.658 15 ERROR rally_openstack.osclients
Traceback (most recent call last):
2020-03-20 00:50:00.658 15 ERROR rally_openstack.osclients
File "/usr/lib/python2.7/site-packages/rally_openstack/osclients.py", line 273, in auth_ref
2020-03-20 00:50:00.658 15 ERROR rally_openstack.osclients self.cache["keystone_auth_ref"] = plugin.get_access(sess)
2020-03-20 00:50:00.658 15 ERROR rally_openstack.osclients
File "/usr/lib/python2.7/site-packages/keystoneauth1/identity/base.py", line 134, in get_access
2020-03-20 00:50:00.658 15 ERROR rally_openstack.osclients self.auth_ref = self.get_auth_ref(session)
2020-03-20 00:50:00.658 15 ERROR rally_openstack.osclients
File "/usr/lib/python2.7/site-packages/keystoneauth1/identity/generic/base.py", line 208, in get_auth_ref
2020-03-20 00:50:00.658 15 ERROR rally_openstack.osclients return self._plugin.get_auth_ref(session, **kwargs)
2020-03-20 00:50:00.658 15 ERROR rally_openstack.osclients
File "/usr/lib/python2.7/site-packages/keystoneauth1/identity/v3/base.py", line 178, in get_auth_ref
2020-03-20 00:50:00.658 15 ERROR rally_openstack.osclients authenticated=False, log=False, **rkwargs)
2020-03-20 00:50:00.658 15 ERROR rally_openstack.osclients
File "/usr/lib/python2.7/site-packages/keystoneauth1/session.py", line 1019, in post
2020-03-20 00:50:00.658 15 ERROR rally_openstack.osclients return self.request(url, 'POST', **kwargs)
2020-03-20 00:50:00.658 15 ERROR rally_openstack.osclients
File "/usr/lib/python2.7/site-packages/keystoneauth1/session.py", line 869, in request
2020-03-20 00:50:00.658 15 ERROR rally_openstack.osclients raise exceptions.from_response(resp, method, url)
2020-03-20 00:50:00.658 15 ERROR rally_openstack.osclients BadGateway: Bad Gateway (HTTP 502)
2020-03-20 00:50:00.658 15 ERROR rally_openstack.osclients
2020-03-20 00:50:00.656 15 ERROR rally_openstack.osclients [-] Unable to authenticate for user c_rally_a9e001e4_VSPg3WK4 in project c_rally_a9e001e4_eYwF8X8r: BadGateway: Bad Gateway (HTTP 502)
2020-03-20 00:50:00.656 15 ERROR rally_openstack.osclients
Traceback (most recent call last):
2020-03-20 00:50:00.656 15 ERROR rally_openstack.osclients
File "/usr/lib/python2.7/site-packages/rally_openstack/osclients.py", line 273, in auth_ref
2020-03-20 00:50:00.656 15 ERROR rally_openstack.osclients self.cache["keystone_auth_ref"] = plugin.get_access(sess)
2020-03-20 00:50:00.656 15 ERROR rally_openstack.osclients
File "/usr/lib/python2.7/site-packages/keystoneauth1/identity/base.py", line 134, in get_access
2020-03-20 00:50:00.656 15 ERROR rally_openstack.osclients self.auth_ref = self.get_auth_ref(session)
2020-03-20 00:50:00.656 15 ERROR rally_openstack.osclients
File "/usr/lib/python2.7/site-packages/keystoneauth1/identity/generic/base.py", line 208, in get_auth_ref
2020-03-20 00:50:00.656 15 ERROR rally_openstack.osclients return self._plugin.get_auth_ref(session, **kwargs)
2020-03-20 00:50:00.656 15 ERROR rally_openstack.osclients
File "/usr/lib/python2.7/site-packages/keystoneauth1/identity/v3/base.py", line 178, in get_auth_ref
2020-03-20 00:50:00.656 15 ERROR rally_openstack.osclients authenticated=False, log=False, **rkwargs)
2020-03-20 00:50:00.656 15 ERROR rally_openstack.osclients
File "/usr/lib/python2.7/site-packages/keystoneauth1/session.py", line 1019, in post
2020-03-20 00:50:00.656 15 ERROR rally_openstack.osclients return self.request(url, 'POST', **kwargs)
2020-03-20 00:50:00.656 15 ERROR rally_openstack.osclients
File "/usr/lib/python2.7/site-packages/keystoneauth1/session.py", line 869, in request
2020-03-20 00:50:00.656 15 ERROR rally_openstack.osclients raise exceptions.from_response(resp, method, url)
2020-03-20 00:50:00.656 15 ERROR rally_openstack.osclients BadGateway: Bad Gateway (HTTP 502)
2020-03-20 00:50:00.656 15 ERROR rally_openstack.osclients
2020-03-20 00:50:08.677 15 ERROR rally_openstack.osclients [-] Unable to authenticate for user c_rally_a9e001e4_VSPg3WK4 in project c_rally_a9e001e4_eYwF8X8r: GatewayTimeout: Gateway Timeout (HTTP 504)
2020-03-20 00:50:08.677 15 ERROR rally_openstack.osclients
Traceback (most recent call last):
2020-03-20 00:50:08.677 15 ERROR rally_openstack.osclients
File "/usr/lib/python2.7/site-packages/rally_openstack/osclients.py", line 273, in auth_ref
2020-03-20 00:50:08.677 15 ERROR rally_openstack.osclients self.cache["keystone_auth_ref"] = plugin.get_access(sess)
2020-03-20 00:50:08.677 15 ERROR rally_openstack.osclients
File "/usr/lib/python2.7/site-packages/keystoneauth1/identity/base.py", line 134, in get_access
2020-03-20 00:50:08.677 15 ERROR rally_openstack.osclients self.auth_ref = self.get_auth_ref(session)
2020-03-20 00:50:08.677 15 ERROR rally_openstack.osclients
File "/usr/lib/python2.7/site-packages/keystoneauth1/identity/generic/base.py", line 208, in get_auth_ref
2020-03-20 00:50:08.677 15 ERROR rally_openstack.osclients return self._plugin.get_auth_ref(session, **kwargs)
2020-03-20 00:50:08.677 15 ERROR rally_openstack.osclients
File "/usr/lib/python2.7/site-packages/keystoneauth1/identity/v3/base.py", line 178, in get_auth_ref
2020-03-20 00:50:08.677 15 ERROR rally_openstack.osclients authenticated=False, log=False, **rkwargs)
2020-03-20 00:50:08.677 15 ERROR rally_openstack.osclients
File "/usr/lib/python2.7/site-packages/keystoneauth1/session.py", line 1019, in post
2020-03-20 00:50:08.677 15 ERROR rally_openstack.osclients return self.request(url, 'POST', **kwargs)
2020-03-20 00:50:08.677 15 ERROR rally_openstack.osclients
File "/usr/lib/python2.7/site-packages/keystoneauth1/session.py", line 869, in request
2020-03-20 00:50:08.677 15 ERROR rally_openstack.osclients raise exceptions.from_response(resp, method, url)
2020-03-20 00:50:08.677 15 ERROR rally_openstack.osclients GatewayTimeout: Gateway Timeout (HTTP 504)
2020-03-20 00:50:08.677 15 ERROR rally_openstack.osclients
2020-03-20 00:50:10.435 15 RALLYDEBUG rally_openstack.cleanup.manager [-] Cleaning up neutron subnet objects
2020-03-20 00:50:10.644 15 RALLYDEBUG rally_openstack.cleanup.manager [-] Cleaning up neutron network objects
2020-03-20 00:50:11.037 15 RALLYDEBUG rally_openstack.cleanup.manager [-] Deleting neutron.network object s_rally_a9e001e4_zarOoZiB (186dffda-1474-4904-aa5a-453a0a449fb7)
2020-03-20 00:50:11.046 15 RALLYDEBUG rally_openstack.cleanup.manager [-] Deleting neutron.network object s_rally_a9e001e4_HF6Unuio (4f648330-2c8e-4c91-ba88-c4923aa5e4e2)
2020-03-20 00:50:11.054 15 RALLYDEBUG rally_openstack.cleanup.manager [-] Deleting neutron.network object s_rally_a9e001e4_LyFvtWlZ (79f12c50-dd3a-42e1-8196-a121c80ac0be)
2020-03-20 00:50:11.067 15 RALLYDEBUG rally_openstack.cleanup.manager [-] Deleting neutron.network object s_rally_a9e001e4_U9m7BkRi (883579c8-b087-450a-a81e-3ecf4e33448d)
2020-03-20 00:50:11.075 15 RALLYDEBUG rally_openstack.cleanup.manager [-] Deleting neutron.network object s_rally_a9e001e4_KxGAIcnK (c6797f59-0e4d-45d1-8e9b-8b815f78edca)
2020-03-20 00:50:11.079 15 RALLYDEBUG rally_openstack.cleanup.manager [-] Deleting neutron.network object s_rally_a9e001e4_FZbfBj2O (b366fb51-8653-49f6-be91-722437f0aecb)
2020-03-20 00:50:11.086 15 RALLYDEBUG rally_openstack.cleanup.manager [-] Deleting neutron.network object s_rally_a9e001e4_594O2zco (dfef619a-29cc-400c-b4f9-0c5a8b5b3a1c)
2020-03-20 00:50:11.090 15 RALLYDEBUG rally_openstack.cleanup.manager [-] Deleting neutron.network object s_rally_a9e001e4_c4tjeIoH (ff10220f-b2fd-4296-a8a9-f08bbee0e9c7)
2020-03-20 00:50:37.089 15 RALLYDEBUG rally_openstack.cleanup.manager [-] Cleaning up neutron router objects
2020-03-20 00:50:37.310 15 RALLYDEBUG rally_openstack.cleanup.manager [-] Cleaning up neutron security_group objects
2020-03-20 00:50:37.558 15 INFO rally.task.context [-] Task 6dd1b05b-317d-41c1-8b75-a985824e8cec | Context cleanup@openstack cleanup() finished in 3.79 min
2020-03-20 00:50:37.558 15 INFO rally.task.context [-] Task 6dd1b05b-317d-41c1-8b75-a985824e8cec | Context quotas@openstack cleanup() started
2020-03-20 00:50:37.667 15 INFO rally.task.context [-] Task 6dd1b05b-317d-41c1-8b75-a985824e8cec | Context quotas@openstack cleanup() finished in 0.11 sec
2020-03-20 00:50:37.667 15 INFO rally.task.context [-] Task 6dd1b05b-317d-41c1-8b75-a985824e8cec | Context users@openstack cleanup() started
2020-03-20 00:50:39.069 15 INFO rally.task.context [-] Task 6dd1b05b-317d-41c1-8b75-a985824e8cec | Context users@openstack cleanup() finished in 1.40 sec
2020-03-20 00:50:40.539 15 INFO rally.task.engine [-] Load duration is: 176.47642
2020-03-20 00:50:40.540 15 INFO rally.task.engine [-] Full runner duration is: 176.524145
2020-03-20 00:50:40.540 15 INFO rally.task.engine [-] Full duration is: 408.061747
2020-03-20 00:50:40.610 15 INFO rally.task.engine [-] Running workload: position = 1 config = { "version": 2, "title": "A cropped version of a bigger task.", "description": "Auto-generated task from a single workload (uuid=e54b7c5b-ee71-4d07-9017-7fe2381c8f79)", "subtasks": [ { "title": "NeutronNetworks.create_and_update_ports", "description": "Create and update a given number of ports.", "scenario": { "NeutronNetworks.create_and_update_ports": { "network_create_args": {}, "port_create_args": {}, "ports_per_network": 5, "port_update_args": { "admin_state_up": false, "device_id": "dummy_id", "device_owner": "dummy_owner", "name": "_port_updated" } } }, "contexts": { "users": { "tenants": 1, "users_per_tenant": 1 }, "quotas": { "neutron": { "network": -1, "port": -1 } } }, "runner": { "constant": { "times": 40, "concurrency": 20 } }, "hooks": [], "sla": { "failure_rate": { "max": 0 } } } ] }
2020-03-20 00:50:40.629 15 RALLYDEBUG rally_openstack.contexts.keystone.users [-] Creating 1 tenants using 20 threads
2020-03-20 00:50:40.961 15 RALLYDEBUG rally_openstack.contexts.keystone.users [-] Creating 1 users using 20 threads
2020-03-20 00:50:41.466 15 INFO rally.task.context [-] Task 6dd1b05b-317d-41c1-8b75-a985824e8cec | Context users@openstack setup() finished in 0.84 sec
2020-03-20 00:50:41.873 15 INFO rally.task.context [-] Task 6dd1b05b-317d-41c1-8b75-a985824e8cec | Context quotas@openstack setup() finished in 0.41 sec
2020-03-20 00:50:41.873 15 INFO rally.task.context [-] Task 6dd1b05b-317d-41c1-8b75-a985824e8cec | Context cleanup@openstack setup() finished in 0.01 msec
2020-03-20 00:50:41.883 15 RALLYDEBUG rally.task.runner [-] Starting the constant runner (task UUID: 6dd1b05b-317d-41c1-8b75-a985824e8cec). timeout: 0 concurrency: 20 concurrency_per_worker: 1 times: 40 concurrency_overhead: 0 processes_to_start: 20 max_cpu_used: 88
2020-03-20 00:50:41.898 4197 RALLYDEBUG rally.task.runner [-] Starting a worker. concurrency: 1 args: {"network_create_args": {}, "port_create_args": {}, "ports_per_network": 5, "port_update_args": {"admin_state_up": false, "device_id": "dummy_id", "device_owner": "dummy_owner", "name": "_port_updated"}} times: 40 method_name: run timeout: 0 duration: None cls:
2020-03-20 00:50:41.901 4198 RALLYDEBUG rally.task.runner [-] Starting a worker. concurrency: 1 args: {"network_create_args": {}, "port_create_args": {}, "ports_per_network": 5, "port_update_args": {"admin_state_up": false, "device_id": "dummy_id", "device_owner": "dummy_owner", "name": "_port_updated"}} times: 40 method_name: run timeout: 0 duration: None cls:
2020-03-20 00:50:41.905 4197 INFO rally.task.runner [-] Task 6dd1b05b-317d-41c1-8b75-a985824e8cec | ITER: 1 START
2020-03-20 00:50:41.904 4199 RALLYDEBUG rally.task.runner [-] Starting a worker. concurrency: 1 args: {"network_create_args": {}, "port_create_args": {}, "ports_per_network": 5, "port_update_args": {"admin_state_up": false, "device_id": "dummy_id", "device_owner": "dummy_owner", "name": "_port_updated"}} times: 40 method_name: run timeout: 0 duration: None cls:
2020-03-20 00:50:41.906 4197 WARNING rally_openstack.scenarios.neutron.utils [-] Running this scenario without either the 'network' or 'existing_network' context is deprecated
2020-03-20 00:50:41.908 4200 RALLYDEBUG rally.task.runner [-] Starting a worker. concurrency: 1 args: {"network_create_args": {}, "port_create_args": {}, "ports_per_network": 5, "port_update_args": {"admin_state_up": false, "device_id": "dummy_id", "device_owner": "dummy_owner", "name": "_port_updated"}} times: 40 method_name: run timeout: 0 duration: None cls:
2020-03-20 00:50:41.910 4198 INFO rally.task.runner [-] Task 6dd1b05b-317d-41c1-8b75-a985824e8cec | ITER: 2 START
2020-03-20 00:50:41.911 4199 INFO rally.task.runner [-] Task 6dd1b05b-317d-41c1-8b75-a985824e8cec | ITER: 3 START
2020-03-20 00:50:41.912 4198 WARNING rally_openstack.scenarios.neutron.utils [-] Running this scenario without either the 'network' or 'existing_network' context is deprecated
2020-03-20 00:50:41.911 4202 RALLYDEBUG rally.task.runner [-] Starting a worker. concurrency: 1 args: {"network_create_args": {}, "port_create_args": {}, "ports_per_network": 5, "port_update_args": {"admin_state_up": false, "device_id": "dummy_id", "device_owner": "dummy_owner", "name": "_port_updated"}} times: 40 method_name: run timeout: 0 duration: None cls:
2020-03-20 00:50:41.912 4199 WARNING rally_openstack.scenarios.neutron.utils [-] Running this scenario without either the 'network' or 'existing_network' context is deprecated
2020-03-20 00:50:41.914 4200 INFO rally.task.runner [-] Task 6dd1b05b-317d-41c1-8b75-a985824e8cec | ITER: 4 START
2020-03-20 00:50:41.914 4206 RALLYDEBUG rally.task.runner [-] Starting a worker. concurrency: 1 args: {"network_create_args": {}, "port_create_args": {}, "ports_per_network": 5, "port_update_args": {"admin_state_up": false, "device_id": "dummy_id", "device_owner": "dummy_owner", "name": "_port_updated"}} times: 40 method_name: run timeout: 0 duration: None cls:
2020-03-20 00:50:41.915 4200 WARNING rally_openstack.scenarios.neutron.utils [-] Running this scenario without either the 'network' or 'existing_network' context is deprecated
2020-03-20 00:50:41.917 4208 RALLYDEBUG rally.task.runner [-] Starting a worker. concurrency: 1 args: {"network_create_args": {}, "port_create_args": {}, "ports_per_network": 5, "port_update_args": {"admin_state_up": false, "device_id": "dummy_id", "device_owner": "dummy_owner", "name": "_port_updated"}} times: 40 method_name: run timeout: 0 duration: None cls:
2020-03-20 00:50:41.921 4206 INFO rally.task.runner [-] Task 6dd1b05b-317d-41c1-8b75-a985824e8cec | ITER: 6 START
2020-03-20 00:50:41.922 4206 WARNING rally_openstack.scenarios.neutron.utils [-] Running this scenario without either the 'network' or 'existing_network' context is deprecated
2020-03-20 00:50:41.923 4208 INFO rally.task.runner [-] Task 6dd1b05b-317d-41c1-8b75-a985824e8cec | ITER: 7 START
2020-03-20 00:50:41.923 4211 RALLYDEBUG rally.task.runner [-] Starting a worker. concurrency: 1 args: {"network_create_args": {}, "port_create_args": {}, "ports_per_network": 5, "port_update_args": {"admin_state_up": false, "device_id": "dummy_id", "device_owner": "dummy_owner", "name": "_port_updated"}} times: 40 method_name: run timeout: 0 duration: None cls:
2020-03-20 00:50:41.924 4208 WARNING rally_openstack.scenarios.neutron.utils [-] Running this scenario without either the 'network' or 'existing_network' context is deprecated
2020-03-20 00:50:41.927 4214 RALLYDEBUG rally.task.runner [-] Starting a worker. concurrency: 1 args: {"network_create_args": {}, "port_create_args": {}, "ports_per_network": 5, "port_update_args": {"admin_state_up": false, "device_id": "dummy_id", "device_owner": "dummy_owner", "name": "_port_updated"}} times: 40 method_name: run timeout: 0 duration: None cls:
2020-03-20 00:50:41.927 4217 RALLYDEBUG rally.task.runner [-] Starting a worker. concurrency: 1 args: {"network_create_args": {}, "port_create_args": {}, "ports_per_network": 5, "port_update_args": {"admin_state_up": false, "device_id": "dummy_id", "device_owner": "dummy_owner", "name": "_port_updated"}} times: 40 method_name: run timeout: 0 duration: None cls:
2020-03-20 00:50:41.930 4211 INFO rally.task.runner [-] Task 6dd1b05b-317d-41c1-8b75-a985824e8cec | ITER: 8 START
2020-03-20 00:50:41.931 4221 RALLYDEBUG rally.task.runner [-] Starting a worker. concurrency: 1 args: {"network_create_args": {}, "port_create_args": {}, "ports_per_network": 5, "port_update_args": {"admin_state_up": false, "device_id": "dummy_id", "device_owner": "dummy_owner", "name": "_port_updated"}} times: 40 method_name: run timeout: 0 duration: None cls:
2020-03-20 00:50:41.931 4211 WARNING rally_openstack.scenarios.neutron.utils [-] Running this scenario without either the 'network' or 'existing_network' context is deprecated
2020-03-20 00:50:41.931 4202 INFO rally.task.runner [-] Task 6dd1b05b-317d-41c1-8b75-a985824e8cec | ITER: 5 START
2020-03-20 00:50:41.933 4202 WARNING rally_openstack.scenarios.neutron.utils [-] Running this scenario without either the 'network' or 'existing_network' context is deprecated
2020-03-20 00:50:41.933 4214 INFO rally.task.runner [-] Task 6dd1b05b-317d-41c1-8b75-a985824e8cec | ITER: 9 START
2020-03-20 00:50:41.934 4217 INFO rally.task.runner [-] Task 6dd1b05b-317d-41c1-8b75-a985824e8cec | ITER: 10 START
2020-03-20 00:50:41.934 4214 WARNING rally_openstack.scenarios.neutron.utils [-] Running this scenario without either the 'network' or 'existing_network' context is deprecated
2020-03-20 00:50:41.935 4217 WARNING rally_openstack.scenarios.neutron.utils [-] Running this scenario without either the 'network' or 'existing_network' context is deprecated
2020-03-20 00:50:41.939 4221 INFO rally.task.runner [-] Task 6dd1b05b-317d-41c1-8b75-a985824e8cec | ITER: 11 START
2020-03-20 00:50:41.941 4221 WARNING rally_openstack.scenarios.neutron.utils [-] Running this scenario without either the 'network' or 'existing_network' context is deprecated
2020-03-20 00:50:41.940 4222 RALLYDEBUG rally.task.runner [-] Starting a worker. concurrency: 1 args: {"network_create_args": {}, "port_create_args": {}, "ports_per_network": 5, "port_update_args": {"admin_state_up": false, "device_id": "dummy_id", "device_owner": "dummy_owner", "name": "_port_updated"}} times: 40 method_name: run timeout: 0 duration: None cls:
2020-03-20 00:50:41.940 4228 RALLYDEBUG rally.task.runner [-] Starting a worker. concurrency: 1 args: {"network_create_args": {}, "port_create_args": {}, "ports_per_network": 5, "port_update_args": {"admin_state_up": false, "device_id": "dummy_id", "device_owner": "dummy_owner", "name": "_port_updated"}} times: 40 method_name: run timeout: 0 duration: None cls:
2020-03-20 00:50:41.945 4232 RALLYDEBUG rally.task.runner [-] Starting a worker. concurrency: 1 args: {"network_create_args": {}, "port_create_args": {}, "ports_per_network": 5, "port_update_args": {"admin_state_up": false, "device_id": "dummy_id", "device_owner": "dummy_owner", "name": "_port_updated"}} times: 40 method_name: run timeout: 0 duration: None cls:
2020-03-20 00:50:41.948 4222 INFO rally.task.runner [-] Task 6dd1b05b-317d-41c1-8b75-a985824e8cec | ITER: 12 START
2020-03-20 00:50:41.949 4228 INFO rally.task.runner [-] Task 6dd1b05b-317d-41c1-8b75-a985824e8cec | ITER: 13 START
2020-03-20 00:50:41.948 4233 RALLYDEBUG rally.task.runner [-] Starting a worker. concurrency: 1 args: {"network_create_args": {}, "port_create_args": {}, "ports_per_network": 5, "port_update_args": {"admin_state_up": false, "device_id": "dummy_id", "device_owner": "dummy_owner", "name": "_port_updated"}} times: 40 method_name: run timeout: 0 duration: None cls:
2020-03-20 00:50:41.949 4222 WARNING rally_openstack.scenarios.neutron.utils [-] Running this scenario without either the 'network' or 'existing_network' context is deprecated
2020-03-20 00:50:41.950 4228 WARNING rally_openstack.scenarios.neutron.utils [-] Running this scenario without either the 'network' or 'existing_network' context is deprecated
2020-03-20 00:50:41.951 4232 INFO rally.task.runner [-] Task 6dd1b05b-317d-41c1-8b75-a985824e8cec | ITER: 14 START
2020-03-20 00:50:41.952 4232 WARNING rally_openstack.scenarios.neutron.utils [-] Running this scenario without either the 'network' or 'existing_network' context is deprecated
2020-03-20 00:50:41.952 4234 RALLYDEBUG rally.task.runner [-] Starting a worker. concurrency: 1 args: {"network_create_args": {}, "port_create_args": {}, "ports_per_network": 5, "port_update_args": {"admin_state_up": false, "device_id": "dummy_id", "device_owner": "dummy_owner", "name": "_port_updated"}} times: 40 method_name: run timeout: 0 duration: None cls:
2020-03-20 00:50:41.955 4239 RALLYDEBUG rally.task.runner [-] Starting a worker. concurrency: 1 args: {"network_create_args": {}, "port_create_args": {}, "ports_per_network": 5, "port_update_args": {"admin_state_up": false, "device_id": "dummy_id", "device_owner": "dummy_owner", "name": "_port_updated"}} times: 40 method_name: run timeout: 0 duration: None cls:
2020-03-20 00:50:41.956 4233 INFO rally.task.runner [-] Task 6dd1b05b-317d-41c1-8b75-a985824e8cec | ITER: 15 START
2020-03-20 00:50:41.957 4233 WARNING rally_openstack.scenarios.neutron.utils [-] Running this scenario without either the 'network' or 'existing_network' context is deprecated
2020-03-20 00:50:41.959 4234 INFO rally.task.runner [-] Task 6dd1b05b-317d-41c1-8b75-a985824e8cec | ITER: 16 START
2020-03-20 00:50:41.959 4242 RALLYDEBUG rally.task.runner [-] Starting a worker. concurrency: 1 args: {"network_create_args": {}, "port_create_args": {}, "ports_per_network": 5, "port_update_args": {"admin_state_up": false, "device_id": "dummy_id", "device_owner": "dummy_owner", "name": "_port_updated"}} times: 40 method_name: run timeout: 0 duration: None cls:
2020-03-20 00:50:41.960 4234 WARNING rally_openstack.scenarios.neutron.utils [-] Running this scenario without either the 'network' or 'existing_network' context is deprecated
2020-03-20 00:50:41.961 4239 INFO rally.task.runner [-] Task 6dd1b05b-317d-41c1-8b75-a985824e8cec | ITER: 17 START
2020-03-20 00:50:41.962 4239 WARNING rally_openstack.scenarios.neutron.utils [-] Running this scenario without either the 'network' or 'existing_network' context is deprecated
2020-03-20 00:50:41.963 4245 RALLYDEBUG rally.task.runner [-] Starting a worker. concurrency: 1 args: {"network_create_args": {}, "port_create_args": {}, "ports_per_network": 5, "port_update_args": {"admin_state_up": false, "device_id": "dummy_id", "device_owner": "dummy_owner", "name": "_port_updated"}} times: 40 method_name: run timeout: 0 duration: None cls:
2020-03-20 00:50:41.965 4242 INFO rally.task.runner [-] Task 6dd1b05b-317d-41c1-8b75-a985824e8cec | ITER: 18 START
2020-03-20 00:50:41.966 4242 WARNING rally_openstack.scenarios.neutron.utils [-] Running this scenario without either the 'network' or 'existing_network' context is deprecated
2020-03-20 00:50:41.966 4248 RALLYDEBUG rally.task.runner [-] Starting a worker. concurrency: 1 args: {"network_create_args": {}, "port_create_args": {}, "ports_per_network": 5, "port_update_args": {"admin_state_up": false, "device_id": "dummy_id", "device_owner": "dummy_owner", "name": "_port_updated"}} times: 40 method_name: run timeout: 0 duration: None cls:
2020-03-20 00:50:41.969 4245 INFO rally.task.runner [-] Task 6dd1b05b-317d-41c1-8b75-a985824e8cec | ITER: 19 START
2020-03-20 00:50:41.970 4245 WARNING rally_openstack.scenarios.neutron.utils [-] Running this scenario without either the 'network' or 'existing_network' context is deprecated
2020-03-20 00:50:41.972 4248 INFO rally.task.runner [-] Task 6dd1b05b-317d-41c1-8b75-a985824e8cec | ITER: 20 START
2020-03-20 00:50:41.974 4248 WARNING rally_openstack.scenarios.neutron.utils [-] Running this scenario without either the 'network' or 'existing_network' context is deprecated
2020-03-20 00:51:10.535 4208 INFO rally.task.runner [-] Task 6dd1b05b-317d-41c1-8b75-a985824e8cec | ITER: 7 END: OK
2020-03-20 00:51:10.547 4208 INFO rally.task.runner [-] Task 6dd1b05b-317d-41c1-8b75-a985824e8cec | ITER: 21 START
2020-03-20 00:51:10.548 4208 WARNING rally_openstack.scenarios.neutron.utils [-] Running this scenario without either the 'network' or 'existing_network' context is deprecated
2020-03-20 00:51:10.946 4200 INFO rally.task.runner [-] Task 6dd1b05b-317d-41c1-8b75-a985824e8cec | ITER: 4 END: OK
2020-03-20 00:51:10.957 4200 INFO rally.task.runner [-] Task 6dd1b05b-317d-41c1-8b75-a985824e8cec | ITER: 22 START
2020-03-20 00:51:10.958 4200 WARNING rally_openstack.scenarios.neutron.utils [-] Running this scenario without either the 'network' or 'existing_network' context is deprecated
2020-03-20 00:51:12.239 4202 INFO rally.task.runner [-] Task 6dd1b05b-317d-41c1-8b75-a985824e8cec | ITER: 5 END: OK
2020-03-20 00:51:12.248 4202 INFO rally.task.runner [-] Task 6dd1b05b-317d-41c1-8b75-a985824e8cec | ITER: 23 START
2020-03-20 00:51:12.249 4202 WARNING rally_openstack.scenarios.neutron.utils [-] Running this scenario without either the 'network' or 'existing_network' context is deprecated
2020-03-20 00:51:13.011 4199 INFO rally.task.runner [-] Task 6dd1b05b-317d-41c1-8b75-a985824e8cec | ITER: 3 END: OK
2020-03-20 00:51:13.018 4199 INFO rally.task.runner [-] Task 6dd1b05b-317d-41c1-8b75-a985824e8cec | ITER: 24 START
2020-03-20 00:51:13.020 4199 WARNING rally_openstack.scenarios.neutron.utils [-] Running this scenario without either the 'network' or 'existing_network' context is deprecated
2020-03-20 00:51:13.157 4245 INFO rally.task.runner [-] Task 6dd1b05b-317d-41c1-8b75-a985824e8cec | ITER: 19 END: OK
2020-03-20 00:51:13.167 4245 INFO rally.task.runner [-] Task 6dd1b05b-317d-41c1-8b75-a985824e8cec | ITER: 25 START
2020-03-20 00:51:13.168 4245 WARNING rally_openstack.scenarios.neutron.utils [-] Running this scenario without either the 'network' or 'existing_network' context is deprecated
2020-03-20 00:51:13.741 4206 INFO rally.task.runner [-] Task 6dd1b05b-317d-41c1-8b75-a985824e8cec | ITER: 6 END: OK
2020-03-20 00:51:13.749 4206 INFO rally.task.runner [-] Task 6dd1b05b-317d-41c1-8b75-a985824e8cec | ITER: 26 START
2020-03-20 00:51:13.750 4206 WARNING rally_openstack.scenarios.neutron.utils [-] Running this scenario without either the 'network' or 'existing_network' context is deprecated
2020-03-20 00:51:13.821 4198 INFO rally.task.runner [-] Task 6dd1b05b-317d-41c1-8b75-a985824e8cec | ITER: 2 END: OK
2020-03-20 00:51:13.831 4198 INFO rally.task.runner [-] Task 6dd1b05b-317d-41c1-8b75-a985824e8cec | ITER: 27 START
2020-03-20 00:51:13.832 4198 WARNING rally_openstack.scenarios.neutron.utils [-] Running this scenario without either the 'network' or 'existing_network' context is deprecated
2020-03-20 00:51:15.081 4197 INFO rally.task.runner [-] Task 6dd1b05b-317d-41c1-8b75-a985824e8cec | ITER: 1 END: OK
2020-03-20 00:51:15.089 4197 INFO rally.task.runner [-] Task 6dd1b05b-317d-41c1-8b75-a985824e8cec | ITER: 28 START
2020-03-20 00:51:15.090 4197 WARNING rally_openstack.scenarios.neutron.utils [-] Running this scenario without either the 'network' or 'existing_network' context is deprecated
2020-03-20 00:51:17.270 4211 INFO rally.task.runner [-] Task 6dd1b05b-317d-41c1-8b75-a985824e8cec | ITER: 8 END: OK
2020-03-20 00:51:17.278 4211 INFO rally.task.runner [-] Task 6dd1b05b-317d-41c1-8b75-a985824e8cec | ITER: 29 START
2020-03-20 00:51:17.279 4211 WARNING rally_openstack.scenarios.neutron.utils [-] Running this scenario without either the 'network' or 'existing_network' context is deprecated
2020-03-20 00:51:18.338 4248 INFO rally.task.runner [-] Task 6dd1b05b-317d-41c1-8b75-a985824e8cec | ITER: 20 END: OK
2020-03-20 00:51:18.345 4248 INFO rally.task.runner [-] Task 6dd1b05b-317d-41c1-8b75-a985824e8cec | ITER: 30 START
2020-03-20 00:51:18.346 4248 WARNING rally_openstack.scenarios.neutron.utils [-] Running this scenario without either the 'network' or 'existing_network' context is deprecated
2020-03-20 00:51:19.495 4233 INFO rally.task.runner [-] Task 6dd1b05b-317d-41c1-8b75-a985824e8cec | ITER: 15 END: OK
2020-03-20 00:51:19.502 4233 INFO rally.task.runner [-] Task 6dd1b05b-317d-41c1-8b75-a985824e8cec | ITER: 31 START
2020-03-20 00:51:19.504 4233 WARNING rally_openstack.scenarios.neutron.utils [-] Running this scenario without either the 'network' or 'existing_network' context is deprecated
2020-03-20 00:51:20.198 4234 INFO rally.task.runner [-] Task 6dd1b05b-317d-41c1-8b75-a985824e8cec | ITER: 16 END: OK
2020-03-20 00:51:20.205 4234 INFO rally.task.runner [-] Task 6dd1b05b-317d-41c1-8b75-a985824e8cec | ITER: 32 START
2020-03-20 00:51:20.206 4234 WARNING rally_openstack.scenarios.neutron.utils [-] Running this scenario without either the 'network' or 'existing_network' context is deprecated
2020-03-20 00:51:21.458 4221 INFO rally.task.runner [-] Task 6dd1b05b-317d-41c1-8b75-a985824e8cec | ITER: 11 END: OK
2020-03-20 00:51:21.466 4221 INFO rally.task.runner [-] Task 6dd1b05b-317d-41c1-8b75-a985824e8cec | ITER: 33 START
2020-03-20 00:51:21.467 4221 WARNING rally_openstack.scenarios.neutron.utils [-] Running this scenario without either the 'network' or 'existing_network' context is deprecated
2020-03-20 00:51:22.693 4232 INFO rally.task.runner [-] Task 6dd1b05b-317d-41c1-8b75-a985824e8cec | ITER: 14 END: OK
2020-03-20 00:51:22.700 4232 INFO rally.task.runner [-] Task 6dd1b05b-317d-41c1-8b75-a985824e8cec | ITER: 34 START
2020-03-20 00:51:22.701 4232 WARNING rally_openstack.scenarios.neutron.utils [-] Running this scenario without either the 'network' or 'existing_network' context is deprecated
2020-03-20 00:51:23.341 4222 INFO rally.task.runner [-] Task 6dd1b05b-317d-41c1-8b75-a985824e8cec | ITER: 12 END: OK
2020-03-20 00:51:23.349 4222 INFO rally.task.runner [-] Task 6dd1b05b-317d-41c1-8b75-a985824e8cec | ITER: 35 START
2020-03-20 00:51:23.350 4222 WARNING rally_openstack.scenarios.neutron.utils [-] Running this scenario without either the 'network' or 'existing_network' context is deprecated
2020-03-20 00:51:25.041 4217 INFO rally.task.runner [-] Task 6dd1b05b-317d-41c1-8b75-a985824e8cec | ITER: 10 END: OK
2020-03-20 00:51:25.050 4217 INFO rally.task.runner [-] Task 6dd1b05b-317d-41c1-8b75-a985824e8cec | ITER: 36 START
2020-03-20 00:51:25.050 4217 WARNING rally_openstack.scenarios.neutron.utils [-] Running this scenario without either the 'network' or 'existing_network' context is deprecated
2020-03-20 00:51:25.269 4228 INFO rally.task.runner [-] Task 6dd1b05b-317d-41c1-8b75-a985824e8cec | ITER: 13 END: OK
2020-03-20 00:51:25.277 4228 INFO rally.task.runner [-] Task 6dd1b05b-317d-41c1-8b75-a985824e8cec | ITER: 37 START
2020-03-20 00:51:25.279 4228 WARNING rally_openstack.scenarios.neutron.utils [-] Running this scenario without either the 'network' or 'existing_network' context is deprecated
2020-03-20 00:51:26.517 4214 INFO rally.task.runner [-] Task 6dd1b05b-317d-41c1-8b75-a985824e8cec | ITER: 9 END: OK
2020-03-20 00:51:26.525 4214 INFO rally.task.runner [-] Task 6dd1b05b-317d-41c1-8b75-a985824e8cec | ITER: 38 START
2020-03-20 00:51:26.526 4214 WARNING rally_openstack.scenarios.neutron.utils [-] Running this scenario without either the 'network' or 'existing_network' context is deprecated
2020-03-20 00:51:26.849 4239 INFO rally.task.runner [-] Task 6dd1b05b-317d-41c1-8b75-a985824e8cec | ITER: 17 END: OK
2020-03-20 00:51:26.857 4239 INFO rally.task.runner [-] Task 6dd1b05b-317d-41c1-8b75-a985824e8cec | ITER: 39 START
2020-03-20 00:51:26.859 4239 WARNING rally_openstack.scenarios.neutron.utils [-] Running this scenario without either the 'network' or 'existing_network' context is deprecated
2020-03-20 00:51:27.863 4242 INFO rally.task.runner [-] Task 6dd1b05b-317d-41c1-8b75-a985824e8cec | ITER: 18 END: OK
2020-03-20 00:51:27.871 4242 INFO rally.task.runner [-] Task 6dd1b05b-317d-41c1-8b75-a985824e8cec | ITER: 40 START
2020-03-20 00:51:27.872 4242 WARNING rally_openstack.scenarios.neutron.utils [-] Running this scenario without either the 'network' or 'existing_network' context is deprecated
2020-03-20 00:51:40.489 4208 INFO rally.task.runner [-] Task 6dd1b05b-317d-41c1-8b75-a985824e8cec | ITER: 21 END: OK
2020-03-20 00:51:41.352 4211 INFO rally.task.runner [-] Task 6dd1b05b-317d-41c1-8b75-a985824e8cec | ITER: 29 END: OK
2020-03-20 00:51:42.738 4245 INFO rally.task.runner [-] Task 6dd1b05b-317d-41c1-8b75-a985824e8cec | ITER: 25 END: OK
2020-03-20 00:51:44.892 4248 INFO rally.task.runner [-] Task 6dd1b05b-317d-41c1-8b75-a985824e8cec | ITER: 30 END: OK
2020-03-20 00:51:44.926 4197 INFO rally.task.runner [-] Task 6dd1b05b-317d-41c1-8b75-a985824e8cec | ITER: 28 END: OK
2020-03-20 00:51:44.930 4232 INFO rally.task.runner [-] Task 6dd1b05b-317d-41c1-8b75-a985824e8cec | ITER: 34 END: OK
2020-03-20 00:51:46.344 4200 INFO rally.task.runner [-] Task 6dd1b05b-317d-41c1-8b75-a985824e8cec | ITER: 22 END: OK
2020-03-20 00:51:46.984 4206 INFO rally.task.runner [-] Task 6dd1b05b-317d-41c1-8b75-a985824e8cec | ITER: 26 END: OK
2020-03-20 00:51:47.008 4199 INFO rally.task.runner [-] Task 6dd1b05b-317d-41c1-8b75-a985824e8cec | ITER: 24 END: OK
2020-03-20 00:51:47.703 4198 INFO rally.task.runner [-] Task 6dd1b05b-317d-41c1-8b75-a985824e8cec | ITER: 27 END: OK
2020-03-20 00:51:49.520 4217 INFO rally.task.runner [-] Task 6dd1b05b-317d-41c1-8b75-a985824e8cec | ITER: 36 END: OK
2020-03-20 00:51:49.561 4202 INFO rally.task.runner [-] Task 6dd1b05b-317d-41c1-8b75-a985824e8cec | ITER: 23 END: OK
2020-03-20 00:51:49.700 4221 INFO rally.task.runner [-] Task 6dd1b05b-317d-41c1-8b75-a985824e8cec | ITER: 33 END: OK
2020-03-20 00:51:50.220 4234 INFO rally.task.runner [-] Task 6dd1b05b-317d-41c1-8b75-a985824e8cec | ITER: 32 END: OK
2020-03-20 00:51:51.067 4239 INFO rally.task.runner [-] Task 6dd1b05b-317d-41c1-8b75-a985824e8cec | ITER: 39 END: OK
2020-03-20 00:51:54.327 4233 INFO rally.task.runner [-] Task 6dd1b05b-317d-41c1-8b75-a985824e8cec | ITER: 31 END: OK
2020-03-20 00:51:54.336 4222 INFO rally.task.runner [-] Task 6dd1b05b-317d-41c1-8b75-a985824e8cec | ITER: 35 END: OK
2020-03-20 00:51:55.801 4228 INFO rally.task.runner [-] Task 6dd1b05b-317d-41c1-8b75-a985824e8cec | ITER: 37 END: OK
2020-03-20 00:51:56.569 4214 INFO rally.task.runner [-] Task 6dd1b05b-317d-41c1-8b75-a985824e8cec | ITER: 38 END: OK
2020-03-20 00:51:58.189 4242 INFO rally.task.runner [-] Task 6dd1b05b-317d-41c1-8b75-a985824e8cec | ITER: 40 END: OK
2020-03-20 00:51:58.212 15 INFO rally.task.context [-] Task 6dd1b05b-317d-41c1-8b75-a985824e8cec | Context cleanup@openstack cleanup() started
2020-03-20 00:51:58.215 15 RALLYDEBUG rally_openstack.cleanup.manager [-] Cleaning up neutron vip objects
2020-03-20 00:51:58.402 15 RALLYDEBUG rally_openstack.cleanup.manager [-] Cleaning up neutron health_monitor objects
2020-03-20 00:51:58.570 15 RALLYDEBUG rally_openstack.cleanup.manager [-] Cleaning up neutron pool objects
2020-03-20 00:51:58.746 15 RALLYDEBUG rally_openstack.cleanup.manager [-] Cleaning up neutron loadbalancer objects
2020-03-20 00:51:58.930 15 RALLYDEBUG rally_openstack.cleanup.manager [-] Cleaning up neutron floatingip objects
2020-03-20 00:51:59.096 15 RALLYDEBUG rally_openstack.cleanup.manager [-] Cleaning up neutron trunk objects
2020-03-20 00:51:59.245 15 DEBUG neutronclient.v2_0.client [-] Error message: {"NeutronError": {"message": "Invalid input for operation: 'tenant_id' is not supported for filtering.", "type": "InvalidInput", "detail": ""}} _handle_fault_response /usr/lib/python2.7/site-packages/neutronclient/v2_0/client.py:259
2020-03-20 00:51:59.277 15 DEBUG neutronclient.v2_0.client [-] Error message: {"NeutronError": {"message": "Invalid input for operation: 'tenant_id' is not supported for filtering.", "type": "InvalidInput", "detail": ""}} _handle_fault_response /usr/lib/python2.7/site-packages/neutronclient/v2_0/client.py:259
2020-03-20 00:51:59.303 15 DEBUG neutronclient.v2_0.client [-] Error message: {"NeutronError": {"message": "Invalid input for operation: 'tenant_id' is not supported for filtering.", "type": "InvalidInput", "detail": ""}} _handle_fault_response /usr/lib/python2.7/site-packages/neutronclient/v2_0/client.py:259
2020-03-20 00:51:59.304 15 ERROR rally_openstack.cleanup.manager [-] Seems like rally_openstack.cleanup.resources.NeutronTrunk.list(self) method is broken. It shouldn't raise any exceptions.: BadRequest: Invalid input for operation: 'tenant_id' is not supported for filtering. Neutron server returns request_ids: ['req-ba4edc2d-444f-4d7c-8500-6db373664e5b']
2020-03-20 00:51:59.304 15 ERROR rally_openstack.cleanup.manager
Traceback (most recent call last):
2020-03-20 00:51:59.304 15 ERROR rally_openstack.cleanup.manager
File "/usr/lib/python2.7/site-packages/rally_openstack/cleanup/manager.py", line 133, in _publish
2020-03-20 00:51:59.304 15 ERROR rally_openstack.cleanup.manager for raw_resource in rutils.retry(3, manager.list):
2020-03-20 00:51:59.304 15 ERROR rally_openstack.cleanup.manager
File "/usr/lib/python2.7/site-packages/rally/common/utils.py", line 230, in retry
2020-03-20 00:51:59.304 15 ERROR rally_openstack.cleanup.manager return func(*args, **kwargs)
