2020-03-20 00:24:35.834 1832 RALLYDEBUG rally_openstack.wrappers.network [-] CIDR generated: 1.141.0.0/16
2020-03-20 00:24:36.605 1807 INFO rally.task.runner [-] Task 6dd1b05b-317d-41c1-8b75-a985824e8cec | ITER: 21 END: OK
2020-03-20 00:24:36.611 1807 INFO rally.task.runner [-] Task 6dd1b05b-317d-41c1-8b75-a985824e8cec | ITER: 41 START
2020-03-20 00:24:38.240 1849 RALLYDEBUG rally_openstack.wrappers.network [-] CIDR generated: 1.142.0.0/16
2020-03-20 00:24:38.447 1825 RALLYDEBUG rally_openstack.wrappers.network [-] CIDR generated: 1.143.0.0/16
2020-03-20 00:24:38.931 1847 RALLYDEBUG rally_openstack.wrappers.network [-] CIDR generated: 1.144.0.0/16
2020-03-20 00:24:39.707 1844 RALLYDEBUG rally_openstack.wrappers.network [-] CIDR generated: 1.145.0.0/16
2020-03-20 00:24:39.852 1807 RALLYDEBUG rally_openstack.wrappers.network [-] CIDR generated: 1.146.0.0/16
2020-03-20 00:24:40.022 1810 RALLYDEBUG rally_openstack.wrappers.network [-] CIDR generated: 1.147.0.0/16
2020-03-20 00:24:40.047 1808 RALLYDEBUG rally_openstack.wrappers.network [-] CIDR generated: 1.148.0.0/16
2020-03-20 00:24:42.185 1834 RALLYDEBUG rally_openstack.wrappers.network [-] CIDR generated: 1.149.0.0/16
2020-03-20 00:24:42.782 1852 RALLYDEBUG rally_openstack.wrappers.network [-] CIDR generated: 1.150.0.0/16
2020-03-20 00:24:42.940 1811 RALLYDEBUG rally_openstack.wrappers.network [-] CIDR generated: 1.151.0.0/16
2020-03-20 00:24:42.952 1822 RALLYDEBUG rally_openstack.wrappers.network [-] CIDR generated: 1.152.0.0/16
2020-03-20 00:24:42.972 1829 RALLYDEBUG rally_openstack.wrappers.network [-] CIDR generated: 1.153.0.0/16
2020-03-20 00:24:43.046 1817 RALLYDEBUG rally_openstack.wrappers.network [-] CIDR generated: 1.154.0.0/16
2020-03-20 00:24:43.071 1819 RALLYDEBUG rally_openstack.wrappers.network [-] CIDR generated: 1.155.0.0/16
2020-03-20 00:24:43.082 1809 RALLYDEBUG rally_openstack.wrappers.network [-] CIDR generated: 1.156.0.0/16
2020-03-20 00:24:43.169 1837 RALLYDEBUG rally_openstack.wrappers.network [-] CIDR generated: 1.157.0.0/16
2020-03-20 00:24:43.250 1841 RALLYDEBUG rally_openstack.wrappers.network [-] CIDR generated: 1.158.0.0/16
2020-03-20 00:24:43.306 1832 RALLYDEBUG rally_openstack.wrappers.network [-] CIDR generated: 1.159.0.0/16
2020-03-20 00:24:43.343 1814 RALLYDEBUG rally_openstack.wrappers.network [-] CIDR generated: 1.160.0.0/16
2020-03-20 00:24:43.391 1825 RALLYDEBUG rally_openstack.wrappers.network [-] CIDR generated: 1.161.0.0/16
2020-03-20 00:24:43.433 1847 RALLYDEBUG rally_openstack.wrappers.network [-] CIDR generated: 1.162.0.0/16
2020-03-20 00:24:43.437 1855 RALLYDEBUG rally_openstack.wrappers.network [-] CIDR generated: 1.163.0.0/16
2020-03-20 00:24:43.534 1807 RALLYDEBUG rally_openstack.wrappers.network [-] CIDR generated: 1.164.0.0/16
2020-03-20 00:24:43.700 1849 RALLYDEBUG rally_openstack.wrappers.network [-] CIDR generated: 1.165.0.0/16
2020-03-20 00:24:45.792 1817 INFO rally.task.runner [-] Task 6dd1b05b-317d-41c1-8b75-a985824e8cec | ITER: 34 END: OK
2020-03-20 00:24:45.798 1817 INFO rally.task.runner [-] Task 6dd1b05b-317d-41c1-8b75-a985824e8cec | ITER: 42 START
2020-03-20 00:24:46.334 1829 INFO rally.task.runner [-] Task 6dd1b05b-317d-41c1-8b75-a985824e8cec | ITER: 29 END: OK
2020-03-20 00:24:46.340 1829 INFO rally.task.runner [-] Task 6dd1b05b-317d-41c1-8b75-a985824e8cec | ITER: 43 START
2020-03-20 00:24:46.383 1852 INFO rally.task.runner [-] Task 6dd1b05b-317d-41c1-8b75-a985824e8cec | ITER: 27 END: OK
2020-03-20 00:24:46.389 1852 INFO rally.task.runner [-] Task 6dd1b05b-317d-41c1-8b75-a985824e8cec | ITER: 44 START
2020-03-20 00:24:46.523 1837 INFO rally.task.runner [-] Task 6dd1b05b-317d-41c1-8b75-a985824e8cec | ITER: 25 END: OK
2020-03-20 00:24:46.529 1837 INFO rally.task.runner [-] Task 6dd1b05b-317d-41c1-8b75-a985824e8cec | ITER: 45 START
2020-03-20 00:24:46.825 1819 INFO rally.task.runner [-] Task 6dd1b05b-317d-41c1-8b75-a985824e8cec | ITER: 26 END: OK
2020-03-20 00:24:46.830 1819 INFO rally.task.runner [-] Task 6dd1b05b-317d-41c1-8b75-a985824e8cec | ITER: 46 START
2020-03-20 00:24:46.989 1829 RALLYDEBUG rally_openstack.wrappers.network [-] CIDR generated: 1.166.0.0/16
2020-03-20 00:24:47.121 1852 RALLYDEBUG rally_openstack.wrappers.network [-] CIDR generated: 1.167.0.0/16
2020-03-20 00:24:47.157 1832 INFO rally.task.runner [-] Task 6dd1b05b-317d-41c1-8b75-a985824e8cec | ITER: 37 END: OK
2020-03-20 00:24:47.163 1832 INFO rally.task.runner [-] Task 6dd1b05b-317d-41c1-8b75-a985824e8cec | ITER: 47 START
2020-03-20 00:24:47.173 1817 RALLYDEBUG rally_openstack.wrappers.network [-] CIDR generated: 1.168.0.0/16
2020-03-20 00:24:47.431 1822 INFO rally.task.runner [-] Task 6dd1b05b-317d-41c1-8b75-a985824e8cec | ITER: 28 END: OK
2020-03-20 00:24:47.437 1822 INFO rally.task.runner [-] Task 6dd1b05b-317d-41c1-8b75-a985824e8cec | ITER: 48 START
2020-03-20 00:24:47.602 1809 INFO rally.task.runner [-] Task 6dd1b05b-317d-41c1-8b75-a985824e8cec | ITER: 31 END: OK
2020-03-20 00:24:47.608 1809 INFO rally.task.runner [-] Task 6dd1b05b-317d-41c1-8b75-a985824e8cec | ITER: 49 START
2020-03-20 00:24:47.658 1837 RALLYDEBUG rally_openstack.wrappers.network [-] CIDR generated: 1.169.0.0/16
2020-03-20 00:24:47.970 1829 RALLYDEBUG rally_openstack.wrappers.network [-] CIDR generated: 1.170.0.0/16
2020-03-20 00:24:48.026 1819 RALLYDEBUG rally_openstack.wrappers.network [-] CIDR generated: 1.171.0.0/16
2020-03-20 00:24:48.040 1844 INFO rally.task.runner [-] Task 6dd1b05b-317d-41c1-8b75-a985824e8cec | ITER: 24 END: OK
2020-03-20 00:24:48.046 1844 INFO rally.task.runner [-] Task 6dd1b05b-317d-41c1-8b75-a985824e8cec | ITER: 50 START
2020-03-20 00:24:48.048 1832 RALLYDEBUG rally_openstack.wrappers.network [-] CIDR generated: 1.172.0.0/16
2020-03-20 00:24:48.152 1822 RALLYDEBUG rally_openstack.wrappers.network [-] CIDR generated: 1.173.0.0/16
2020-03-20 00:24:48.566 1852 RALLYDEBUG rally_openstack.wrappers.network [-] CIDR generated: 1.174.0.0/16
2020-03-20 00:24:48.699 1849 INFO rally.task.runner [-] Task 6dd1b05b-317d-41c1-8b75-a985824e8cec | ITER: 40 END: OK
2020-03-20 00:24:48.704 1849 INFO rally.task.runner [-] Task 6dd1b05b-317d-41c1-8b75-a985824e8cec | ITER: 51 START
2020-03-20 00:24:48.709 1808 INFO rally.task.runner [-] Task 6dd1b05b-317d-41c1-8b75-a985824e8cec | ITER: 23 END: OK
2020-03-20 00:24:48.715 1808 INFO rally.task.runner [-] Task 6dd1b05b-317d-41c1-8b75-a985824e8cec | ITER: 52 START
2020-03-20 00:24:48.805 1809 RALLYDEBUG rally_openstack.wrappers.network [-] CIDR generated: 1.175.0.0/16
2020-03-20 00:24:48.962 1844 RALLYDEBUG rally_openstack.wrappers.network [-] CIDR generated: 1.176.0.0/16
2020-03-20 00:24:48.963 1847 INFO rally.task.runner [-] Task 6dd1b05b-317d-41c1-8b75-a985824e8cec | ITER: 39 END: OK
2020-03-20 00:24:48.969 1847 INFO rally.task.runner [-] Task 6dd1b05b-317d-41c1-8b75-a985824e8cec | ITER: 53 START
2020-03-20 00:24:49.233 1855 INFO rally.task.runner [-] Task 6dd1b05b-317d-41c1-8b75-a985824e8cec | ITER: 32 END: OK
2020-03-20 00:24:49.239 1855 INFO rally.task.runner [-] Task 6dd1b05b-317d-41c1-8b75-a985824e8cec | ITER: 54 START
2020-03-20 00:24:49.548 1834 INFO rally.task.runner [-] Task 6dd1b05b-317d-41c1-8b75-a985824e8cec | ITER: 33 END: OK
2020-03-20 00:24:49.554 1834 INFO rally.task.runner [-] Task 6dd1b05b-317d-41c1-8b75-a985824e8cec | ITER: 55 START
2020-03-20 00:24:49.850 1811 INFO rally.task.runner [-] Task 6dd1b05b-317d-41c1-8b75-a985824e8cec | ITER: 30 END: OK
2020-03-20 00:24:49.855 1811 INFO rally.task.runner [-] Task 6dd1b05b-317d-41c1-8b75-a985824e8cec | ITER: 56 START
2020-03-20 00:24:49.906 1849 RALLYDEBUG rally_openstack.wrappers.network [-] CIDR generated: 1.177.0.0/16
2020-03-20 00:24:49.995 1810 INFO rally.task.runner [-] Task 6dd1b05b-317d-41c1-8b75-a985824e8cec | ITER: 22 END: OK
2020-03-20 00:24:50.000 1810 INFO rally.task.runner [-] Task 6dd1b05b-317d-41c1-8b75-a985824e8cec | ITER: 57 START
2020-03-20 00:24:50.189 1825 INFO rally.task.runner [-] Task 6dd1b05b-317d-41c1-8b75-a985824e8cec | ITER: 38 END: OK
2020-03-20 00:24:50.195 1825 INFO rally.task.runner [-] Task 6dd1b05b-317d-41c1-8b75-a985824e8cec | ITER: 58 START
2020-03-20 00:24:50.289 1808 RALLYDEBUG rally_openstack.wrappers.network [-] CIDR generated: 1.178.0.0/16
2020-03-20 00:24:50.308 1855 RALLYDEBUG rally_openstack.wrappers.network [-] CIDR generated: 1.179.0.0/16
2020-03-20 00:24:50.331 1822 RALLYDEBUG rally_openstack.wrappers.network [-] CIDR generated: 1.180.0.0/16
2020-03-20 00:24:50.410 1832 RALLYDEBUG rally_openstack.wrappers.network [-] CIDR generated: 1.181.0.0/16
2020-03-20 00:24:50.578 1847 RALLYDEBUG rally_openstack.wrappers.network [-] CIDR generated: 1.182.0.0/16
2020-03-20 00:24:50.825 1817 RALLYDEBUG rally_openstack.wrappers.network [-] CIDR generated: 1.183.0.0/16
2020-03-20 00:24:50.831 1837 RALLYDEBUG rally_openstack.wrappers.network [-] CIDR generated: 1.184.0.0/16
2020-03-20 00:24:50.840 1819 RALLYDEBUG rally_openstack.wrappers.network [-] CIDR generated: 1.185.0.0/16
2020-03-20 00:24:50.942 1809 RALLYDEBUG rally_openstack.wrappers.network [-] CIDR generated: 1.186.0.0/16
2020-03-20 00:24:50.947 1844 RALLYDEBUG rally_openstack.wrappers.network [-] CIDR generated: 1.187.0.0/16
2020-03-20 00:24:50.989 1834 RALLYDEBUG rally_openstack.wrappers.network [-] CIDR generated: 1.188.0.0/16
2020-03-20 00:24:51.213 1841 INFO rally.task.runner [-] Task 6dd1b05b-317d-41c1-8b75-a985824e8cec | ITER: 36 END: OK
2020-03-20 00:24:51.219 1841 INFO rally.task.runner [-] Task 6dd1b05b-317d-41c1-8b75-a985824e8cec | ITER: 59 START
2020-03-20 00:24:51.221 1814 INFO rally.task.runner [-] Task 6dd1b05b-317d-41c1-8b75-a985824e8cec | ITER: 35 END: OK
2020-03-20 00:24:51.226 1814 INFO rally.task.runner [-] Task 6dd1b05b-317d-41c1-8b75-a985824e8cec | ITER: 60 START
2020-03-20 00:24:51.396 1829 INFO rally.task.runner [-] Task 6dd1b05b-317d-41c1-8b75-a985824e8cec | ITER: 43 END: OK
2020-03-20 00:24:51.401 1829 INFO rally.task.runner [-] Task 6dd1b05b-317d-41c1-8b75-a985824e8cec | ITER: 61 START
2020-03-20 00:24:51.681 1810 RALLYDEBUG rally_openstack.wrappers.network [-] CIDR generated: 1.189.0.0/16
2020-03-20 00:24:52.158 1811 RALLYDEBUG rally_openstack.wrappers.network [-] CIDR generated: 1.190.0.0/16
2020-03-20 00:24:52.186 1807 INFO rally.task.runner [-] Task 6dd1b05b-317d-41c1-8b75-a985824e8cec | ITER: 41 END: OK
2020-03-20 00:24:52.192 1807 INFO rally.task.runner [-] Task 6dd1b05b-317d-41c1-8b75-a985824e8cec | ITER: 62 START
2020-03-20 00:24:53.582 1855 RALLYDEBUG rally_openstack.wrappers.network [-] CIDR generated: 1.191.0.0/16
2020-03-20 00:24:53.763 1825 RALLYDEBUG rally_openstack.wrappers.network [-] CIDR generated: 1.192.0.0/16
2020-03-20 00:24:54.439 1841 RALLYDEBUG rally_openstack.wrappers.network [-] CIDR generated: 1.193.0.0/16
2020-03-20 00:24:54.671 1852 INFO rally.task.runner [-] Task 6dd1b05b-317d-41c1-8b75-a985824e8cec | ITER: 44 END: OK
2020-03-20 00:24:54.677 1852 INFO rally.task.runner [-] Task 6dd1b05b-317d-41c1-8b75-a985824e8cec | ITER: 63 START
2020-03-20 00:24:54.739 1814 RALLYDEBUG rally_openstack.wrappers.network [-] CIDR generated: 1.194.0.0/16
2020-03-20 00:24:54.929 1829 RALLYDEBUG rally_openstack.wrappers.network [-] CIDR generated: 1.195.0.0/16
2020-03-20 00:24:55.100 1807 RALLYDEBUG rally_openstack.wrappers.network [-] CIDR generated: 1.196.0.0/16
2020-03-20 00:24:55.383 1849 RALLYDEBUG rally_openstack.wrappers.network [-] CIDR generated: 1.197.0.0/16
2020-03-20 00:24:55.540 1847 RALLYDEBUG rally_openstack.wrappers.network [-] CIDR generated: 1.198.0.0/16
2020-03-20 00:24:56.101 1852 RALLYDEBUG rally_openstack.wrappers.network [-] CIDR generated: 1.199.0.0/16
2020-03-20 00:24:56.108 1834 RALLYDEBUG rally_openstack.wrappers.network [-] CIDR generated: 1.200.0.0/16
2020-03-20 00:24:56.184 1832 INFO rally.task.runner [-] Task 6dd1b05b-317d-41c1-8b75-a985824e8cec | ITER: 47 END: OK
2020-03-20 00:24:56.189 1832 INFO rally.task.runner [-] Task 6dd1b05b-317d-41c1-8b75-a985824e8cec | ITER: 64 START
2020-03-20 00:24:56.627 1808 RALLYDEBUG rally_openstack.wrappers.network [-] CIDR generated: 1.201.0.0/16
2020-03-20 00:24:56.833 1811 RALLYDEBUG rally_openstack.wrappers.network [-] CIDR generated: 1.202.0.0/16
2020-03-20 00:24:56.852 1844 INFO rally.task.runner [-] Task 6dd1b05b-317d-41c1-8b75-a985824e8cec | ITER: 50 END: OK
2020-03-20 00:24:56.857 1844 INFO rally.task.runner [-] Task 6dd1b05b-317d-41c1-8b75-a985824e8cec | ITER: 65 START
2020-03-20 00:24:56.914 1822 INFO rally.task.runner [-] Task 6dd1b05b-317d-41c1-8b75-a985824e8cec | ITER: 48 END: OK
2020-03-20 00:24:56.919 1822 INFO rally.task.runner [-] Task 6dd1b05b-317d-41c1-8b75-a985824e8cec | ITER: 66 START
2020-03-20 00:24:57.074 1810 RALLYDEBUG rally_openstack.wrappers.network [-] CIDR generated: 1.203.0.0/16
2020-03-20 00:24:57.093 1819 INFO rally.task.runner [-] Task 6dd1b05b-317d-41c1-8b75-a985824e8cec | ITER: 46 END: OK
2020-03-20 00:24:57.101 1819 INFO rally.task.runner [-] Task 6dd1b05b-317d-41c1-8b75-a985824e8cec | ITER: 67 START
2020-03-20 00:24:57.182 1825 RALLYDEBUG rally_openstack.wrappers.network [-] CIDR generated: 1.204.0.0/16
2020-03-20 00:24:57.973 1809 INFO rally.task.runner [-] Task 6dd1b05b-317d-41c1-8b75-a985824e8cec | ITER: 49 END: OK
2020-03-20 00:24:57.979 1809 INFO rally.task.runner [-] Task 6dd1b05b-317d-41c1-8b75-a985824e8cec | ITER: 68 START
2020-03-20 00:24:58.125 1832 RALLYDEBUG rally_openstack.wrappers.network [-] CIDR generated: 1.205.0.0/16
2020-03-20 00:24:58.191 1855 INFO rally.task.runner [-] Task 6dd1b05b-317d-41c1-8b75-a985824e8cec | ITER: 54 END: OK
2020-03-20 00:24:58.199 1855 INFO rally.task.runner [-] Task 6dd1b05b-317d-41c1-8b75-a985824e8cec | ITER: 69 START
2020-03-20 00:24:58.202 1817 INFO rally.task.runner [-] Task 6dd1b05b-317d-41c1-8b75-a985824e8cec | ITER: 42 END: OK
2020-03-20 00:24:58.209 1817 INFO rally.task.runner [-] Task 6dd1b05b-317d-41c1-8b75-a985824e8cec | ITER: 70 START
2020-03-20 00:24:58.211 1841 RALLYDEBUG rally_openstack.wrappers.network [-] CIDR generated: 1.206.0.0/16
2020-03-20 00:24:58.259 1844 RALLYDEBUG rally_openstack.wrappers.network [-] CIDR generated: 1.207.0.0/16
2020-03-20 00:24:58.329 1837 INFO rally.task.runner [-] Task 6dd1b05b-317d-41c1-8b75-a985824e8cec | ITER: 45 END: OK
2020-03-20 00:24:58.336 1837 INFO rally.task.runner [-] Task 6dd1b05b-317d-41c1-8b75-a985824e8cec | ITER: 71 START
2020-03-20 00:24:58.423 1822 RALLYDEBUG rally_openstack.wrappers.network [-] CIDR generated: 1.208.0.0/16
2020-03-20 00:24:58.520 1819 RALLYDEBUG rally_openstack.wrappers.network [-] CIDR generated: 1.209.0.0/16
2020-03-20 00:24:58.542 1814 RALLYDEBUG rally_openstack.wrappers.network [-] CIDR generated: 1.210.0.0/16
2020-03-20 00:24:58.670 1807 RALLYDEBUG rally_openstack.wrappers.network [-] CIDR generated: 1.211.0.0/16
2020-03-20 00:24:58.672 1829 RALLYDEBUG rally_openstack.wrappers.network [-] CIDR generated: 1.212.0.0/16
2020-03-20 00:24:59.633 1809 RALLYDEBUG rally_openstack.wrappers.network [-] CIDR generated: 1.213.0.0/16
2020-03-20 00:24:59.914 1852 RALLYDEBUG rally_openstack.wrappers.network [-] CIDR generated: 1.214.0.0/16
2020-03-20 00:24:59.959 1817 RALLYDEBUG rally_openstack.wrappers.network [-] CIDR generated: 1.215.0.0/16
2020-03-20 00:25:00.390 1855 RALLYDEBUG rally_openstack.wrappers.network [-] CIDR generated: 1.216.0.0/16
2020-03-20 00:25:00.795 1847 INFO rally.task.runner [-] Task 6dd1b05b-317d-41c1-8b75-a985824e8cec | ITER: 53 END: OK
2020-03-20 00:25:00.803 1847 INFO rally.task.runner [-] Task 6dd1b05b-317d-41c1-8b75-a985824e8cec | ITER: 72 START
2020-03-20 00:25:00.838 1819 RALLYDEBUG rally_openstack.wrappers.network [-] CIDR generated: 1.217.0.0/16
2020-03-20 00:25:00.881 1837 RALLYDEBUG rally_openstack.wrappers.network [-] CIDR generated: 1.218.0.0/16
2020-03-20 00:25:01.438 1834 INFO rally.task.runner [-] Task 6dd1b05b-317d-41c1-8b75-a985824e8cec | ITER: 55 END: OK
2020-03-20 00:25:01.445 1834 INFO rally.task.runner [-] Task 6dd1b05b-317d-41c1-8b75-a985824e8cec | ITER: 73 START
2020-03-20 00:25:01.801 1822 RALLYDEBUG rally_openstack.wrappers.network [-] CIDR generated: 1.219.0.0/16
2020-03-20 00:25:02.005 1810 INFO rally.task.runner [-] Task 6dd1b05b-317d-41c1-8b75-a985824e8cec | ITER: 57 END: OK
2020-03-20 00:25:02.011 1810 INFO rally.task.runner [-] Task 6dd1b05b-317d-41c1-8b75-a985824e8cec | ITER: 74 START
2020-03-20 00:25:02.191 1808 INFO rally.task.runner [-] Task 6dd1b05b-317d-41c1-8b75-a985824e8cec | ITER: 52 END: OK
2020-03-20 00:25:02.197 1808 INFO rally.task.runner [-] Task 6dd1b05b-317d-41c1-8b75-a985824e8cec | ITER: 75 START
2020-03-20 00:25:02.302 1844 RALLYDEBUG rally_openstack.wrappers.network [-] CIDR generated: 1.220.0.0/16
2020-03-20 00:25:02.562 1847 RALLYDEBUG rally_openstack.wrappers.network [-] CIDR generated: 1.221.0.0/16
2020-03-20 00:25:02.810 1849 INFO rally.task.runner [-] Task 6dd1b05b-317d-41c1-8b75-a985824e8cec | ITER: 51 END: OK
2020-03-20 00:25:02.812 1811 INFO rally.task.runner [-] Task 6dd1b05b-317d-41c1-8b75-a985824e8cec | ITER: 56 END: OK
2020-03-20 00:25:02.817 1849 INFO rally.task.runner [-] Task 6dd1b05b-317d-41c1-8b75-a985824e8cec | ITER: 76 START
2020-03-20 00:25:02.818 1811 INFO rally.task.runner [-] Task 6dd1b05b-317d-41c1-8b75-a985824e8cec | ITER: 77 START
2020-03-20 00:25:02.985 1832 RALLYDEBUG rally_openstack.wrappers.network [-] CIDR generated: 1.222.0.0/16
2020-03-20 00:25:04.354 1834 RALLYDEBUG rally_openstack.wrappers.network [-] CIDR generated: 1.223.0.0/16
2020-03-20 00:25:04.451 1817 RALLYDEBUG rally_openstack.wrappers.network [-] CIDR generated: 1.224.0.0/16
2020-03-20 00:25:04.803 1825 INFO rally.task.runner [-] Task 6dd1b05b-317d-41c1-8b75-a985824e8cec | ITER: 58 END: OK
2020-03-20 00:25:04.813 1825 INFO rally.task.runner [-] Task 6dd1b05b-317d-41c1-8b75-a985824e8cec | ITER: 78 START
2020-03-20 00:25:04.833 1852 INFO rally.task.runner [-] Task 6dd1b05b-317d-41c1-8b75-a985824e8cec | ITER: 63 END: OK
2020-03-20 00:25:04.839 1852 INFO rally.task.runner [-] Task 6dd1b05b-317d-41c1-8b75-a985824e8cec | ITER: 79 START
2020-03-20 00:25:04.859 1809 RALLYDEBUG rally_openstack.wrappers.network [-] CIDR generated: 1.225.0.0/16
2020-03-20 00:25:05.004 1849 RALLYDEBUG rally_openstack.wrappers.network [-] CIDR generated: 1.226.0.0/16
2020-03-20 00:25:05.023 1808 RALLYDEBUG rally_openstack.wrappers.network [-] CIDR generated: 1.227.0.0/16
2020-03-20 00:25:05.025 1807 INFO rally.task.runner [-] Task 6dd1b05b-317d-41c1-8b75-a985824e8cec | ITER: 62 END: OK
2020-03-20 00:25:05.030 1807 INFO rally.task.runner [-] Task 6dd1b05b-317d-41c1-8b75-a985824e8cec | ITER: 80 START
2020-03-20 00:25:05.040 1855 RALLYDEBUG rally_openstack.wrappers.network [-] CIDR generated: 1.228.0.0/16
2020-03-20 00:25:05.050 1810 RALLYDEBUG rally_openstack.wrappers.network [-] CIDR generated: 1.229.0.0/16
2020-03-20 00:25:05.067 1837 RALLYDEBUG rally_openstack.wrappers.network [-] CIDR generated: 1.230.0.0/16
2020-03-20 00:25:05.084 1841 INFO rally.task.runner [-] Task 6dd1b05b-317d-41c1-8b75-a985824e8cec | ITER: 59 END: OK
2020-03-20 00:25:05.091 1841 INFO rally.task.runner [-] Task 6dd1b05b-317d-41c1-8b75-a985824e8cec | ITER: 81 START
2020-03-20 00:25:05.377 1811 RALLYDEBUG rally_openstack.wrappers.network [-] CIDR generated: 1.231.0.0/16
2020-03-20 00:25:05.406 1829 INFO rally.task.runner [-] Task 6dd1b05b-317d-41c1-8b75-a985824e8cec | ITER: 61 END: OK
2020-03-20 00:25:05.413 1829 INFO rally.task.runner [-] Task 6dd1b05b-317d-41c1-8b75-a985824e8cec | ITER: 82 START
2020-03-20 00:25:05.581 1847 RALLYDEBUG rally_openstack.wrappers.network [-] CIDR generated: 1.232.0.0/16
2020-03-20 00:25:05.643 1807 RALLYDEBUG rally_openstack.wrappers.network [-] CIDR generated: 1.233.0.0/16
2020-03-20 00:25:05.759 1852 RALLYDEBUG rally_openstack.wrappers.network [-] CIDR generated: 1.234.0.0/16
2020-03-20 00:25:05.842 1834 RALLYDEBUG rally_openstack.wrappers.network [-] CIDR generated: 1.235.0.0/16
2020-03-20 00:25:06.117 1829 RALLYDEBUG rally_openstack.wrappers.network [-] CIDR generated: 1.236.0.0/16
2020-03-20 00:25:06.181 1849 RALLYDEBUG rally_openstack.wrappers.network [-] CIDR generated: 1.237.0.0/16
2020-03-20 00:25:06.324 1841 RALLYDEBUG rally_openstack.wrappers.network [-] CIDR generated: 1.238.0.0/16
2020-03-20 00:25:06.703 1825 RALLYDEBUG rally_openstack.wrappers.network [-] CIDR generated: 1.239.0.0/16
2020-03-20 00:25:06.733 1814 INFO rally.task.runner [-] Task 6dd1b05b-317d-41c1-8b75-a985824e8cec | ITER: 60 END: OK
2020-03-20 00:25:06.740 1814 INFO rally.task.runner [-] Task 6dd1b05b-317d-41c1-8b75-a985824e8cec | ITER: 83 START
2020-03-20 00:25:06.819 1819 INFO rally.task.runner [-] Task 6dd1b05b-317d-41c1-8b75-a985824e8cec | ITER: 67 END: OK
2020-03-20 00:25:06.825 1819 INFO rally.task.runner [-] Task 6dd1b05b-317d-41c1-8b75-a985824e8cec | ITER: 84 START
2020-03-20 00:25:07.985 1844 INFO rally.task.runner [-] Task 6dd1b05b-317d-41c1-8b75-a985824e8cec | ITER: 65 END: OK
2020-03-20 00:25:07.991 1844 INFO rally.task.runner [-] Task 6dd1b05b-317d-41c1-8b75-a985824e8cec | ITER: 85 START
2020-03-20 00:25:08.421 1809 INFO rally.task.runner [-] Task 6dd1b05b-317d-41c1-8b75-a985824e8cec | ITER: 68 END: OK
2020-03-20 00:25:08.429 1809 INFO rally.task.runner [-] Task 6dd1b05b-317d-41c1-8b75-a985824e8cec | ITER: 86 START
2020-03-20 00:25:08.703 1822 INFO rally.task.runner [-] Task 6dd1b05b-317d-41c1-8b75-a985824e8cec | ITER: 66 END: OK
2020-03-20 00:25:08.709 1822 INFO rally.task.runner [-] Task 6dd1b05b-317d-41c1-8b75-a985824e8cec | ITER: 87 START
2020-03-20 00:25:09.239 1817 INFO rally.task.runner [-] Task 6dd1b05b-317d-41c1-8b75-a985824e8cec | ITER: 70 END: OK
2020-03-20 00:25:09.245 1817 INFO rally.task.runner [-] Task 6dd1b05b-317d-41c1-8b75-a985824e8cec | ITER: 88 START
2020-03-20 00:25:09.340 1832 INFO rally.task.runner [-] Task 6dd1b05b-317d-41c1-8b75-a985824e8cec | ITER: 64 END: OK
2020-03-20 00:25:09.346 1832 INFO rally.task.runner [-] Task 6dd1b05b-317d-41c1-8b75-a985824e8cec | ITER: 89 START
2020-03-20 00:25:09.417 1819 RALLYDEBUG rally_openstack.wrappers.network [-] CIDR generated: 1.240.0.0/16
2020-03-20 00:25:10.149 1814 RALLYDEBUG rally_openstack.wrappers.network [-] CIDR generated: 1.241.0.0/16
2020-03-20 00:25:10.298 1847 INFO rally.task.runner [-] Task 6dd1b05b-317d-41c1-8b75-a985824e8cec | ITER: 72 END: OK
2020-03-20 00:25:10.304 1847 INFO rally.task.runner [-] Task 6dd1b05b-317d-41c1-8b75-a985824e8cec | ITER: 90 START
2020-03-20 00:25:10.444 1837 INFO rally.task.runner [-] Task 6dd1b05b-317d-41c1-8b75-a985824e8cec | ITER: 71 END: OK
2020-03-20 00:25:10.450 1837 INFO rally.task.runner [-] Task 6dd1b05b-317d-41c1-8b75-a985824e8cec | ITER: 91 START
2020-03-20 00:25:10.700 1852 RALLYDEBUG rally_openstack.wrappers.network [-] CIDR generated: 1.242.0.0/16
2020-03-20 00:25:11.431 1844 RALLYDEBUG rally_openstack.wrappers.network [-] CIDR generated: 1.243.0.0/16
2020-03-20 00:25:11.963 1809 RALLYDEBUG rally_openstack.wrappers.network [-] CIDR generated: 1.244.0.0/16
2020-03-20 00:25:12.038 1822 RALLYDEBUG rally_openstack.wrappers.network [-] CIDR generated: 1.245.0.0/16
2020-03-20 00:25:12.158 1817 RALLYDEBUG rally_openstack.wrappers.network [-] CIDR generated: 1.246.0.0/16
2020-03-20 00:25:12.221 1855 INFO rally.task.runner [-] Task 6dd1b05b-317d-41c1-8b75-a985824e8cec | ITER: 69 END: OK
2020-03-20 00:25:12.226 1855 INFO rally.task.runner [-] Task 6dd1b05b-317d-41c1-8b75-a985824e8cec | ITER: 92 START
2020-03-20 00:25:12.376 1808 RALLYDEBUG rally_openstack.wrappers.network [-] CIDR generated: 1.247.0.0/16
2020-03-20 00:25:12.416 1847 RALLYDEBUG rally_openstack.wrappers.network [-] CIDR generated: 1.248.0.0/16
2020-03-20 00:25:12.430 1832 RALLYDEBUG rally_openstack.wrappers.network [-] CIDR generated: 1.249.0.0/16
2020-03-20 00:25:12.444 1834 INFO rally.task.runner [-] Task 6dd1b05b-317d-41c1-8b75-a985824e8cec | ITER: 73 END: OK
2020-03-20 00:25:12.449 1834 INFO rally.task.runner [-] Task 6dd1b05b-317d-41c1-8b75-a985824e8cec | ITER: 93 START
2020-03-20 00:25:12.474 1849 INFO rally.task.runner [-] Task 6dd1b05b-317d-41c1-8b75-a985824e8cec | ITER: 76 END: OK
2020-03-20 00:25:12.480 1849 INFO rally.task.runner [-] Task 6dd1b05b-317d-41c1-8b75-a985824e8cec | ITER: 94 START
2020-03-20 00:25:12.598 1811 RALLYDEBUG rally_openstack.wrappers.network [-] CIDR generated: 1.250.0.0/16
2020-03-20 00:25:12.609 1810 RALLYDEBUG rally_openstack.wrappers.network [-] CIDR generated: 1.251.0.0/16
2020-03-20 00:25:12.638 1825 RALLYDEBUG rally_openstack.wrappers.network [-] CIDR generated: 1.252.0.0/16
2020-03-20 00:25:12.695 1829 RALLYDEBUG rally_openstack.wrappers.network [-] CIDR generated: 1.253.0.0/16
2020-03-20 00:25:12.739 1841 RALLYDEBUG rally_openstack.wrappers.network [-] CIDR generated: 1.254.0.0/16
2020-03-20 00:25:12.793 1807 RALLYDEBUG rally_openstack.wrappers.network [-] CIDR generated: 1.255.0.0/16
2020-03-20 00:25:13.027 1837 RALLYDEBUG rally_openstack.wrappers.network [-] CIDR generated: 2.0.0.0/16
2020-03-20 00:25:16.029 1855 RALLYDEBUG rally_openstack.wrappers.network [-] CIDR generated: 2.1.0.0/16
2020-03-20 00:25:17.114 1834 RALLYDEBUG rally_openstack.wrappers.network [-] CIDR generated: 2.2.0.0/16
2020-03-20 00:25:18.406 1819 RALLYDEBUG rally_openstack.wrappers.network [-] CIDR generated: 2.3.0.0/16
2020-03-20 00:25:18.443 1849 RALLYDEBUG rally_openstack.wrappers.network [-] CIDR generated: 2.4.0.0/16
2020-03-20 00:25:18.641 1852 INFO rally.task.runner [-] Task 6dd1b05b-317d-41c1-8b75-a985824e8cec | ITER: 79 END: OK
2020-03-20 00:25:18.647 1852 INFO rally.task.runner [-] Task 6dd1b05b-317d-41c1-8b75-a985824e8cec | ITER: 95 START
2020-03-20 00:25:19.768 1814 RALLYDEBUG rally_openstack.wrappers.network [-] CIDR generated: 2.5.0.0/16
2020-03-20 00:25:21.943 1808 INFO rally.task.runner [-] Task 6dd1b05b-317d-41c1-8b75-a985824e8cec | ITER: 75 END: OK
2020-03-20 00:25:21.949 1808 INFO rally.task.runner [-] Task 6dd1b05b-317d-41c1-8b75-a985824e8cec | ITER: 96 START
2020-03-20 00:25:22.900 1810 INFO rally.task.runner [-] Task 6dd1b05b-317d-41c1-8b75-a985824e8cec | ITER: 74 END: OK
2020-03-20 00:25:22.908 1810 INFO rally.task.runner [-] Task 6dd1b05b-317d-41c1-8b75-a985824e8cec | ITER: 97 START
2020-03-20 00:25:23.101 1825 INFO rally.task.runner [-] Task 6dd1b05b-317d-41c1-8b75-a985824e8cec | ITER: 78 END: OK
2020-03-20 00:25:23.106 1825 INFO rally.task.runner [-] Task 6dd1b05b-317d-41c1-8b75-a985824e8cec | ITER: 98 START
2020-03-20 00:25:23.450 1852 RALLYDEBUG rally_openstack.wrappers.network [-] CIDR generated: 2.6.0.0/16
2020-03-20 00:25:23.617 1829 INFO rally.task.runner [-] Task 6dd1b05b-317d-41c1-8b75-a985824e8cec | ITER: 82 END: OK
2020-03-20 00:25:23.623 1829 INFO rally.task.runner [-] Task 6dd1b05b-317d-41c1-8b75-a985824e8cec | ITER: 99 START
2020-03-20 00:25:23.637 1844 RALLYDEBUG rally_openstack.wrappers.network [-] CIDR generated: 2.7.0.0/16
2020-03-20 00:25:24.148 1807 INFO rally.task.runner [-] Task 6dd1b05b-317d-41c1-8b75-a985824e8cec | ITER: 80 END: OK
2020-03-20 00:25:24.156 1807 INFO rally.task.runner [-] Task 6dd1b05b-317d-41c1-8b75-a985824e8cec | ITER: 100 START
2020-03-20 00:25:24.568 1841 INFO rally.task.runner [-] Task 6dd1b05b-317d-41c1-8b75-a985824e8cec | ITER: 81 END: OK
2020-03-20 00:25:24.569 1811 INFO rally.task.runner [-] Task 6dd1b05b-317d-41c1-8b75-a985824e8cec | ITER: 77 END: OK
2020-03-20 00:25:24.791 1808 RALLYDEBUG rally_openstack.wrappers.network [-] CIDR generated: 2.8.0.0/16
2020-03-20 00:25:25.053 1837 RALLYDEBUG rally_openstack.wrappers.network [-] CIDR generated: 2.9.0.0/16
2020-03-20 00:25:26.875 1822 RALLYDEBUG rally_openstack.wrappers.network [-] CIDR generated: 2.10.0.0/16
2020-03-20 00:25:26.893 1847 RALLYDEBUG rally_openstack.wrappers.network [-] CIDR generated: 2.11.0.0/16
2020-03-20 00:25:26.959 1809 RALLYDEBUG rally_openstack.wrappers.network [-] CIDR generated: 2.12.0.0/16
2020-03-20 00:25:26.994 1817 RALLYDEBUG rally_openstack.wrappers.network [-] CIDR generated: 2.13.0.0/16
2020-03-20 00:25:27.346 1810 RALLYDEBUG rally_openstack.wrappers.network [-] CIDR generated: 2.14.0.0/16
2020-03-20 00:25:27.360 1825 RALLYDEBUG rally_openstack.wrappers.network [-] CIDR generated: 2.15.0.0/16
2020-03-20 00:25:27.410 1829 RALLYDEBUG rally_openstack.wrappers.network [-] CIDR generated: 2.16.0.0/16
2020-03-20 00:25:27.497 1819 INFO rally.task.runner [-] Task 6dd1b05b-317d-41c1-8b75-a985824e8cec | ITER: 84 END: OK
2020-03-20 00:25:27.540 1832 RALLYDEBUG rally_openstack.wrappers.network [-] CIDR generated: 2.17.0.0/16
2020-03-20 00:25:27.691 1807 RALLYDEBUG rally_openstack.wrappers.network [-] CIDR generated: 2.18.0.0/16
2020-03-20 00:25:27.969 1855 RALLYDEBUG rally_openstack.wrappers.network [-] CIDR generated: 2.19.0.0/16
2020-03-20 00:25:28.107 1834 RALLYDEBUG rally_openstack.wrappers.network [-] CIDR generated: 2.20.0.0/16
2020-03-20 00:25:28.450 1849 RALLYDEBUG rally_openstack.wrappers.network [-] CIDR generated: 2.21.0.0/16
2020-03-20 00:25:28.594 1814 INFO rally.task.runner [-] Task 6dd1b05b-317d-41c1-8b75-a985824e8cec | ITER: 83 END: OK
2020-03-20 00:25:28.742 1808 RALLYDEBUG rally_openstack.wrappers.network [-] CIDR generated: 2.22.0.0/16
2020-03-20 00:25:29.032 1852 RALLYDEBUG rally_openstack.wrappers.network [-] CIDR generated: 2.23.0.0/16
2020-03-20 00:25:30.073 1844 INFO rally.task.runner [-] Task 6dd1b05b-317d-41c1-8b75-a985824e8cec | ITER: 85 END: OK
2020-03-20 00:25:30.281 1822 INFO rally.task.runner [-] Task 6dd1b05b-317d-41c1-8b75-a985824e8cec | ITER: 87 END: OK
2020-03-20 00:25:30.820 1825 RALLYDEBUG rally_openstack.wrappers.network [-] CIDR generated: 2.24.0.0/16
2020-03-20 00:25:31.331 1810 RALLYDEBUG rally_openstack.wrappers.network [-] CIDR generated: 2.25.0.0/16
2020-03-20 00:25:31.419 1829 RALLYDEBUG rally_openstack.wrappers.network [-] CIDR generated: 2.26.0.0/16
2020-03-20 00:25:31.541 1837 INFO rally.task.runner [-] Task 6dd1b05b-317d-41c1-8b75-a985824e8cec | ITER: 91 END: OK
2020-03-20 00:25:31.677 1807 RALLYDEBUG rally_openstack.wrappers.network [-] CIDR generated: 2.27.0.0/16
2020-03-20 00:25:32.323 1834 INFO rally.task.runner [-] Task 6dd1b05b-317d-41c1-8b75-a985824e8cec | ITER: 93 END: OK
2020-03-20 00:25:32.488 1847 INFO rally.task.runner [-] Task 6dd1b05b-317d-41c1-8b75-a985824e8cec | ITER: 90 END: OK
2020-03-20 00:25:32.840 1817 INFO rally.task.runner [-] Task 6dd1b05b-317d-41c1-8b75-a985824e8cec | ITER: 88 END: OK
2020-03-20 00:25:32.859 1809 INFO rally.task.runner [-] Task 6dd1b05b-317d-41c1-8b75-a985824e8cec | ITER: 86 END: OK
2020-03-20 00:25:33.006 1808 INFO rally.task.runner [-] Task 6dd1b05b-317d-41c1-8b75-a985824e8cec | ITER: 96 END: OK
2020-03-20 00:25:33.292 1855 INFO rally.task.runner [-] Task 6dd1b05b-317d-41c1-8b75-a985824e8cec | ITER: 92 END: OK
2020-03-20 00:25:33.516 1832 INFO rally.task.runner [-] Task 6dd1b05b-317d-41c1-8b75-a985824e8cec | ITER: 89 END: OK
2020-03-20 00:25:33.928 1829 INFO rally.task.runner [-] Task 6dd1b05b-317d-41c1-8b75-a985824e8cec | ITER: 99 END: OK
2020-03-20 00:25:34.219 1825 INFO rally.task.runner [-] Task 6dd1b05b-317d-41c1-8b75-a985824e8cec | ITER: 98 END: OK
2020-03-20 00:25:34.459 1807 INFO rally.task.runner [-] Task 6dd1b05b-317d-41c1-8b75-a985824e8cec | ITER: 100 END: OK
2020-03-20 00:25:34.497 1849 INFO rally.task.runner [-] Task 6dd1b05b-317d-41c1-8b75-a985824e8cec | ITER: 94 END: OK
2020-03-20 00:25:34.679 1852 INFO rally.task.runner [-] Task 6dd1b05b-317d-41c1-8b75-a985824e8cec | ITER: 95 END: OK
2020-03-20 00:25:34.871 1810 INFO rally.task.runner [-] Task 6dd1b05b-317d-41c1-8b75-a985824e8cec | ITER: 97 END: OK
2020-03-20 00:25:34.896 15 INFO rally.task.context [-] Task 6dd1b05b-317d-41c1-8b75-a985824e8cec | Context cleanup@openstack cleanup() started
2020-03-20 00:25:34.900 15 RALLYDEBUG rally_openstack.cleanup.manager [-] Cleaning up neutron vip objects
2020-03-20 00:25:35.075 15 RALLYDEBUG rally_openstack.cleanup.manager [-] Cleaning up neutron health_monitor objects
2020-03-20 00:25:35.246 15 RALLYDEBUG rally_openstack.cleanup.manager [-] Cleaning up neutron pool objects
2020-03-20 00:25:35.422 15 RALLYDEBUG rally_openstack.cleanup.manager [-] Cleaning up neutron loadbalancer objects
2020-03-20 00:25:35.612 15 RALLYDEBUG rally_openstack.cleanup.manager [-] Cleaning up neutron floatingip objects
2020-03-20 00:25:35.807 15 RALLYDEBUG rally_openstack.cleanup.manager [-] Cleaning up neutron trunk objects
2020-03-20 00:25:35.965 15 DEBUG neutronclient.v2_0.client [-] Error message: {"NeutronError": {"message": "Invalid input for operation: 'tenant_id' is not supported for filtering.", "type": "InvalidInput", "detail": ""}} _handle_fault_response /usr/lib/python2.7/site-packages/neutronclient/v2_0/client.py:259
2020-03-20 00:25:35.996 15 DEBUG neutronclient.v2_0.client [-] Error message: {"NeutronError": {"message": "Invalid input for operation: 'tenant_id' is not supported for filtering.", "type": "InvalidInput", "detail": ""}} _handle_fault_response /usr/lib/python2.7/site-packages/neutronclient/v2_0/client.py:259
2020-03-20 00:25:36.020 15 DEBUG neutronclient.v2_0.client [-] Error message: {"NeutronError": {"message": "Invalid input for operation: 'tenant_id' is not supported for filtering.", "type": "InvalidInput", "detail": ""}} _handle_fault_response /usr/lib/python2.7/site-packages/neutronclient/v2_0/client.py:259
2020-03-20 00:25:36.021 15 ERROR rally_openstack.cleanup.manager [-] Seems like rally_openstack.cleanup.resources.NeutronTrunk.list(self) method is broken. It shouldn't raise any exceptions.: BadRequest: Invalid input for operation: 'tenant_id' is not supported for filtering. Neutron server returns request_ids: ['req-b32499d9-c691-48bb-afcf-0f153ba5d840']
2020-03-20 00:25:36.021 15 ERROR rally_openstack.cleanup.manager
Traceback (most recent call last):
2020-03-20 00:25:36.021 15 ERROR rally_openstack.cleanup.manager
File "/usr/lib/python2.7/site-packages/rally_openstack/cleanup/manager.py", line 133, in _publish
2020-03-20 00:25:36.021 15 ERROR rally_openstack.cleanup.manager for raw_resource in rutils.retry(3, manager.list):
2020-03-20 00:25:36.021 15 ERROR rally_openstack.cleanup.manager
File "/usr/lib/python2.7/site-packages/rally/common/utils.py", line 230, in retry
2020-03-20 00:25:36.021 15 ERROR rally_openstack.cleanup.manager return func(*args, **kwargs)
2020-03-20 00:25:36.021 15 ERROR rally_openstack.cleanup.manager
File "/usr/lib/python2.7/site-packages/rally_openstack/cleanup/resources.py", line 396, in list
2020-03-20 00:25:36.021 15 ERROR rally_openstack.cleanup.manager return super(NeutronTrunk, self).list()
2020-03-20 00:25:36.021 15 ERROR rally_openstack.cleanup.manager
File "/usr/lib/python2.7/site-packages/rally_openstack/cleanup/resources.py", line 273, in list
2020-03-20 00:25:36.021 15 ERROR rally_openstack.cleanup.manager result = list_method(tenant_id=self.tenant_uuid)[resources]
2020-03-20 00:25:36.021 15 ERROR rally_openstack.cleanup.manager
File "/usr/lib/python2.7/site-packages/neutronclient/v2_0/client.py", line 2105, in list_trunks
2020-03-20 00:25:36.021 15 ERROR rally_openstack.cleanup.manager **_params)
2020-03-20 00:25:36.021 15 ERROR rally_openstack.cleanup.manager
File "/usr/lib/python2.7/site-packages/neutronclient/v2_0/client.py", line 369, in list
2020-03-20 00:25:36.021 15 ERROR rally_openstack.cleanup.manager for r in self._pagination(collection, path, **params):
2020-03-20 00:25:36.021 15 ERROR rally_openstack.cleanup.manager
File "/usr/lib/python2.7/site-packages/neutronclient/v2_0/client.py", line 384, in _pagination
2020-03-20 00:25:36.021 15 ERROR rally_openstack.cleanup.manager res = self.get(path, params=params)
2020-03-20 00:25:36.021 15 ERROR rally_openstack.cleanup.manager
File "/usr/lib/python2.7/site-packages/neutronclient/v2_0/client.py", line 354, in get
2020-03-20 00:25:36.021 15 ERROR rally_openstack.cleanup.manager headers=headers, params=params)
2020-03-20 00:25:36.021 15 ERROR rally_openstack.cleanup.manager
File "/usr/lib/python2.7/site-packages/neutronclient/v2_0/client.py", line 331, in retry_request
2020-03-20 00:25:36.021 15 ERROR rally_openstack.cleanup.manager headers=headers, params=params)
2020-03-20 00:25:36.021 15 ERROR rally_openstack.cleanup.manager
File "/usr/lib/python2.7/site-packages/neutronclient/v2_0/client.py", line 294, in do_request
2020-03-20 00:25:36.021 15 ERROR rally_openstack.cleanup.manager self._handle_fault_response(status_code, replybody, resp)
2020-03-20 00:25:36.021 15 ERROR rally_openstack.cleanup.manager
File "/usr/lib/python2.7/site-packages/neutronclient/v2_0/client.py", line 269, in _handle_fault_response
2020-03-20 00:25:36.021 15 ERROR rally_openstack.cleanup.manager exception_handler_v20(status_code, error_body)
2020-03-20 00:25:36.021 15 ERROR rally_openstack.cleanup.manager
File "/usr/lib/python2.7/site-packages/neutronclient/v2_0/client.py", line 93, in exception_handler_v20
2020-03-20 00:25:36.021 15 ERROR rally_openstack.cleanup.manager request_ids=request_ids)
2020-03-20 00:25:36.021 15 ERROR rally_openstack.cleanup.manager BadRequest: Invalid input for operation: 'tenant_id' is not supported for filtering.
2020-03-20 00:25:36.021 15 ERROR rally_openstack.cleanup.manager Neutron server returns request_ids: ['req-b32499d9-c691-48bb-afcf-0f153ba5d840']
2020-03-20 00:25:36.021 15 ERROR rally_openstack.cleanup.manager
2020-03-20 00:25:36.032 15 RALLYDEBUG rally_openstack.cleanup.manager [-] Cleaning up neutron port objects
2020-03-20 00:25:36.553 15 RALLYDEBUG rally_openstack.cleanup.manager [-] Cleaning up neutron subnet objects
2020-03-20 00:25:37.618 15 RALLYDEBUG rally_openstack.cleanup.manager [-] Deleting neutron.subnet object s_rally_c8c30655_VsbVTVm6 (058cf48d-6a84-4781-93ee-4da25352a626)
2020-03-20 00:25:37.626 15 RALLYDEBUG rally_openstack.cleanup.manager [-] Deleting neutron.subnet object s_rally_c8c30655_XIHvTNGT (061b3f8b-8d3e-445d-87b0-a9957a94e24f)
2020-03-20 00:25:37.632 15 RALLYDEBUG rally_openstack.cleanup.manager [-] Deleting neutron.subnet object s_rally_c8c30655_fvkcAF8c (06929198-4f13-42b2-910c-63007739f976)
2020-03-20 00:25:37.639 15 RALLYDEBUG rally_openstack.cleanup.manager [-] Deleting neutron.subnet object s_rally_c8c30655_YiJ0ZPRY (06f067b6-7715-4fd5-a58d-4f0f3fb7eb9c)
2020-03-20 00:25:37.655 15 RALLYDEBUG rally_openstack.cleanup.manager [-] Deleting neutron.subnet object s_rally_c8c30655_Znr0HT7y (08bda245-6b36-43a8-af60-c06a2eed688b)
2020-03-20 00:25:37.669 15 RALLYDEBUG rally_openstack.cleanup.manager [-] Deleting neutron.subnet object s_rally_c8c30655_fu9ddkFe (0a25ca74-a09a-4aa9-9f01-446135b3a902)
2020-03-20 00:25:37.684 15 RALLYDEBUG rally_openstack.cleanup.manager [-] Deleting neutron.subnet object s_rally_c8c30655_GYBzDHri (09284c8b-3abe-455d-910a-fc48342ae972)
2020-03-20 00:25:37.693 15 RALLYDEBUG rally_openstack.cleanup.manager [-] Deleting neutron.subnet object s_rally_c8c30655_cT5OnqGv (0b5e0a00-ece5-41bc-9c04-9771e9f0dc43)
2020-03-20 00:25:37.712 15 RALLYDEBUG rally_openstack.cleanup.manager [-] Deleting neutron.subnet object s_rally_c8c30655_mkk1qsxt (0b73ee64-d88b-4949-aca7-16c016fd6a14)
2020-03-20 00:25:37.766 15 RALLYDEBUG rally_openstack.cleanup.manager [-] Deleting neutron.subnet object s_rally_c8c30655_X6AnBiY0 (0d66e724-1f86-4978-aac0-7974f0bfbc0d)
2020-03-20 00:25:37.797 15 RALLYDEBUG rally_openstack.cleanup.manager [-] Deleting neutron.subnet object s_rally_c8c30655_uy7XiPSp (0f32d825-fd47-4a11-bf15-cf967f6e744e)
2020-03-20 00:25:37.794 15 RALLYDEBUG rally_openstack.cleanup.manager [-] Deleting neutron.subnet object s_rally_c8c30655_G9MErdfk (0f753800-1ff9-426a-b4c7-f7489be0ae22)
2020-03-20 00:25:37.817 15 RALLYDEBUG rally_openstack.cleanup.manager [-] Deleting neutron.subnet object s_rally_c8c30655_3PSGDhpv (0f3647f4-81dd-4456-8d88-0c26272f3cd1)
2020-03-20 00:25:37.825 15 RALLYDEBUG rally_openstack.cleanup.manager [-] Deleting neutron.subnet object s_rally_c8c30655_ohBlylsy (1067a16f-50aa-4a63-9bde-cd173d60cf7f)
2020-03-20 00:25:37.832 15 RALLYDEBUG rally_openstack.cleanup.manager [-] Deleting neutron.subnet object s_rally_c8c30655_YC3CFzTr (13abbcc6-9222-4b2f-a959-aa2861460182)
2020-03-20 00:25:37.839 15 RALLYDEBUG rally_openstack.cleanup.manager [-] Deleting neutron.subnet object s_rally_c8c30655_VOnVta1B (101c2454-bc50-4bd4-8ee7-30a6569116c6)
2020-03-20 00:25:37.866 15 RALLYDEBUG rally_openstack.cleanup.manager [-] Deleting neutron.subnet object s_rally_c8c30655_UlAXXNGg (14f4d5f3-1088-4b86-9d64-608e2c62f91b)
2020-03-20 00:25:37.864 15 RALLYDEBUG rally_openstack.cleanup.manager [-] Deleting neutron.subnet object s_rally_c8c30655_cNvrGHtq (19316468-f3dd-43e8-b32d-8033720fa9fd)
2020-03-20 00:25:37.876 15 RALLYDEBUG rally_openstack.cleanup.manager [-] Deleting neutron.subnet object s_rally_c8c30655_ZRswSHlg (15b83c4e-3653-4670-9217-ce7a40584184)
2020-03-20 00:25:37.910 15 RALLYDEBUG rally_openstack.cleanup.manager [-] Deleting neutron.subnet object s_rally_c8c30655_bxKHFvce (1c49d0cc-e6b8-4c7a-801a-6fd4dbe8d856)
2020-03-20 00:25:39.578 15 RALLYDEBUG rally_openstack.cleanup.manager [-] Deleting neutron.subnet object s_rally_c8c30655_449GmDij (1cc94583-7827-4f49-890b-363d18bcf9b4)
2020-03-20 00:25:40.125 15 RALLYDEBUG rally_openstack.cleanup.manager [-] Deleting neutron.subnet object s_rally_c8c30655_0aSJOyAC (1de26862-dde0-4692-9a1e-d501121bc8f3)
2020-03-20 00:25:40.506 15 RALLYDEBUG rally_openstack.cleanup.manager [-] Deleting neutron.subnet object s_rally_c8c30655_z3SeifsN (219d8969-e2ef-47c6-b32e-9e755dd1edf3)
2020-03-20 00:25:42.329 15 RALLYDEBUG rally_openstack.cleanup.manager [-] Deleting neutron.subnet object s_rally_c8c30655_ilzULjnG (225a6eb8-a0f8-4297-9235-2071e355af85)
2020-03-20 00:25:45.742 15 RALLYDEBUG rally_openstack.cleanup.manager [-] Deleting neutron.subnet object s_rally_c8c30655_nl62W5Zu (237d712b-d1fb-4e80-97d7-67fa36ce5b26)
2020-03-20 00:25:51.915 15 RALLYDEBUG rally_openstack.cleanup.manager [-] Deleting neutron.subnet object s_rally_c8c30655_yoAFRuAX (2839ee5d-1929-4e57-93a8-cb1d0c77683e)
2020-03-20 00:25:57.772 15 RALLYDEBUG rally_openstack.cleanup.manager [-] Deleting neutron.subnet object s_rally_c8c30655_qTZ5oNeN (28b51f7d-f7b7-4fba-ba86-3ff6faba25c7)
2020-03-20 00:26:04.646 15 RALLYDEBUG rally_openstack.cleanup.manager [-] Deleting neutron.subnet object s_rally_c8c30655_MpdMaapf (2ace53b7-5845-4066-a702-65998a1cd3b4)
2020-03-20 00:26:07.030 15 RALLYDEBUG rally_openstack.cleanup.manager [-] Deleting neutron.subnet object s_rally_c8c30655_q2KFy0Xx (2b0a7ce3-6713-4479-9a81-b95fbc4edff7)
2020-03-20 00:26:08.954 15 RALLYDEBUG rally_openstack.cleanup.manager [-] Deleting neutron.subnet object s_rally_c8c30655_6Be6Acvf (2b28d4ee-73b3-446d-9413-58f3ae8f79a2)
2020-03-20 00:26:10.213 15 RALLYDEBUG rally_openstack.cleanup.manager [-] Deleting neutron.subnet object s_rally_c8c30655_Epeqhyfg (2b493398-2061-41c1-93d1-ded30f3d0a72)
2020-03-20 00:26:10.975 15 RALLYDEBUG rally_openstack.cleanup.manager [-] Deleting neutron.subnet object s_rally_c8c30655_YiBUs9Ch (2c89604c-367d-4473-a3d8-63905f498905)
2020-03-20 00:26:12.401 15 RALLYDEBUG rally_openstack.cleanup.manager [-] Deleting neutron.subnet object s_rally_c8c30655_rj0QGJoa (2ea0c0e1-0f1e-4952-a852-d055496c6b5f)
2020-03-20 00:26:14.489 15 RALLYDEBUG rally_openstack.cleanup.manager [-] Deleting neutron.subnet object s_rally_c8c30655_0pKkf8EG (2ea5c498-c42e-4466-a2c0-c6c8af2db7fb)
2020-03-20 00:26:14.666 15 RALLYDEBUG rally_openstack.cleanup.manager [-] Deleting neutron.subnet object s_rally_c8c30655_VxuxWZVj (2eeb9e85-deff-408f-82d0-d32221f53483)
2020-03-20 00:26:16.167 15 RALLYDEBUG rally_openstack.cleanup.manager [-] Deleting neutron.subnet object s_rally_c8c30655_jjG3YkrH (2f9a412e-66b8-46bd-8253-2c1e952bc4d8)
2020-03-20 00:26:16.599 15 RALLYDEBUG rally_openstack.cleanup.manager [-] Deleting neutron.subnet object s_rally_c8c30655_joFo1jmk (30bc7dfb-c0c4-48cd-833e-f36de838dc61)
2020-03-20 00:26:16.658 15 RALLYDEBUG rally_openstack.cleanup.manager [-] Deleting neutron.subnet object s_rally_c8c30655_ElVACNhR (31df90c5-0b43-4eb2-8f58-d978c0b3eec6)
2020-03-20 00:26:18.503 15 RALLYDEBUG rally_openstack.cleanup.manager [-] Deleting neutron.subnet object s_rally_c8c30655_2rqXh7K6 (3427ee00-dd09-43c6-a4d9-a801ddc37bdb)
2020-03-20 00:26:18.609 15 RALLYDEBUG rally_openstack.cleanup.manager [-] Deleting neutron.subnet object s_rally_c8c30655_Ex36zrma (3481bb1f-050b-446a-b081-772763cb0d34)
2020-03-20 00:26:18.920 15 RALLYDEBUG rally_openstack.cleanup.manager [-] Deleting neutron.subnet object s_rally_c8c30655_ffUnPldt (35198c08-8bd3-4f49-b623-4e6aa9c6f582)
2020-03-20 00:26:20.011 15 RALLYDEBUG rally_openstack.cleanup.manager [-] Deleting neutron.subnet object s_rally_c8c30655_pEq86xRZ (354a1650-2dd2-463c-a715-9d419ee6c0b7)
2020-03-20 00:26:20.466 15 RALLYDEBUG rally_openstack.cleanup.manager [-] Deleting neutron.subnet object s_rally_c8c30655_ieL33x7a (35bd8afe-7029-4326-8df1-7356c6648a01)
2020-03-20 00:26:20.552 15 RALLYDEBUG rally_openstack.cleanup.manager [-] Deleting neutron.subnet object s_rally_c8c30655_1jnPPA6Z (35ce1a05-6c53-4f56-b16a-8dcc47de040d)
2020-03-20 00:26:20.754 15 RALLYDEBUG rally_openstack.cleanup.manager [-] Deleting neutron.subnet object s_rally_c8c30655_ezU0yMAI (36f54a2a-5c88-42dc-bfac-6bd8477ac0e7)
2020-03-20 00:26:22.253 15 RALLYDEBUG rally_openstack.cleanup.manager [-] Deleting neutron.subnet object s_rally_c8c30655_lqkPuNe1 (37a78bac-c2c3-4b03-b4a9-34dcf2e3961d)
2020-03-20 00:26:22.390 15 RALLYDEBUG rally_openstack.cleanup.manager [-] Deleting neutron.subnet object s_rally_c8c30655_4Rxfci5c (3cde4def-ac87-4999-8ee7-18df39a1ec29)
2020-03-20 00:26:23.014 15 RALLYDEBUG rally_openstack.cleanup.manager [-] Deleting neutron.subnet object s_rally_c8c30655_UEWypUGz (3e6638f4-1248-4ea3-8f0a-f5511c5a70f4)
2020-03-20 00:26:23.176 15 RALLYDEBUG rally_openstack.cleanup.manager [-] Deleting neutron.subnet object s_rally_c8c30655_X9UbqLp8 (3f93c85d-3716-48d1-a1e7-944021fbf898)
2020-03-20 00:26:24.810 15 RALLYDEBUG rally_openstack.cleanup.manager [-] Deleting neutron.subnet object s_rally_c8c30655_fd0v8THG (4058d1a7-1d08-4dcc-a8ac-696bf2af9fd7)
2020-03-20 00:26:24.815 15 RALLYDEBUG rally_openstack.cleanup.manager [-] Deleting neutron.subnet object s_rally_c8c30655_wfnPhnqB (412472f4-5809-4232-9b97-d6f8e8bde42d)
2020-03-20 00:26:25.861 15 RALLYDEBUG rally_openstack.cleanup.manager [-] Deleting neutron.subnet object s_rally_c8c30655_N7ORVjo0 (43d235e5-56e9-4021-b871-8019b1a3fb75)
2020-03-20 00:26:26.105 15 RALLYDEBUG rally_openstack.cleanup.manager [-] Deleting neutron.subnet object s_rally_c8c30655_ilioc5j2 (44c2a9aa-ed00-4448-b0cf-84751ed4c00a)
2020-03-20 00:26:26.466 15 RALLYDEBUG rally_openstack.cleanup.manager [-] Deleting neutron.subnet object s_rally_c8c30655_iEhdwVxn (4749719b-81f2-48bc-a541-811e25d25859)
2020-03-20 00:26:26.742 15 RALLYDEBUG rally_openstack.cleanup.manager [-] Deleting neutron.subnet object s_rally_c8c30655_kSMCPS8M (4900e7fe-4ba0-4fcd-9f21-e0af6be4218d)
2020-03-20 00:26:27.580 15 RALLYDEBUG rally_openstack.cleanup.manager [-] Deleting neutron.subnet object s_rally_c8c30655_pNiu7mKH (49bd521a-8440-4458-92fa-9f76ae159f68)
2020-03-20 00:26:28.406 15 RALLYDEBUG rally_openstack.cleanup.manager [-] Deleting neutron.subnet object s_rally_c8c30655_D1SGLZoZ (4b1f8d91-41d6-4ce9-ae8f-b13199b4f356)
2020-03-20 00:26:28.768 15 RALLYDEBUG rally_openstack.cleanup.manager [-] Deleting neutron.subnet object s_rally_c8c30655_0uixbFPH (4b2b9558-1b19-4623-9416-4a2b8b346331)
2020-03-20 00:26:29.650 15 RALLYDEBUG rally_openstack.cleanup.manager [-] Deleting neutron.subnet object s_rally_c8c30655_CBThOPZS (4b7bb46a-832f-43b6-a8f8-9745f4a397e4)
2020-03-20 00:26:30.244 15 RALLYDEBUG rally_openstack.cleanup.manager [-] Deleting neutron.subnet object s_rally_c8c30655_OD0HOH8M (4bd9de7e-62a3-42fd-a123-84de2249df3b)
2020-03-20 00:26:30.271 15 RALLYDEBUG rally_openstack.cleanup.manager [-] Deleting neutron.subnet object s_rally_c8c30655_VdrdGxz0 (4d2098fa-a4e2-4b7a-9156-598f2f282e64)
2020-03-20 00:26:30.626 15 RALLYDEBUG rally_openstack.cleanup.manager [-] Deleting neutron.subnet object s_rally_c8c30655_rgoOTbUc (4e14f4bb-c168-4e00-a98c-1b88d121398e)
2020-03-20 00:26:31.052 15 RALLYDEBUG rally_openstack.cleanup.manager [-] Deleting neutron.subnet object s_rally_c8c30655_oA4yJrcN (506559db-3ba0-4178-8689-195550ad864f)
2020-03-20 00:26:31.757 15 RALLYDEBUG rally_openstack.cleanup.manager [-] Deleting neutron.subnet object s_rally_c8c30655_PegtcDOk (50831ab1-6dcf-481f-8a99-4326e03c9084)
2020-03-20 00:26:32.397 15 RALLYDEBUG rally_openstack.cleanup.manager [-] Deleting neutron.subnet object s_rally_c8c30655_Ks68wSDH (50bfed9e-e2b5-4e02-a44f-f3c604c02c58)
2020-03-20 00:26:32.759 15 RALLYDEBUG rally_openstack.cleanup.manager [-] Deleting neutron.subnet object s_rally_c8c30655_cIMNIQJl (513c65da-67b3-4421-8530-84944637f3e4)
2020-03-20 00:26:33.015 15 RALLYDEBUG rally_openstack.cleanup.manager [-] Deleting neutron.subnet object s_rally_c8c30655_8Qm88upr (5346c6b8-9555-4784-8e42-f1410a6e93df)
2020-03-20 00:26:33.658 15 RALLYDEBUG rally_openstack.cleanup.manager [-] Deleting neutron.subnet object s_rally_c8c30655_KOnjvdLL (57776d9d-7a6e-4139-8259-4d71fc8aac35)
2020-03-20 00:26:33.683 15 RALLYDEBUG rally_openstack.cleanup.manager [-] Deleting neutron.subnet object s_rally_c8c30655_4WWpcFah (5946770e-e29d-4d5f-8816-f16a28427809)
2020-03-20 00:26:34.710 15 RALLYDEBUG rally_openstack.cleanup.manager [-] Deleting neutron.subnet object s_rally_c8c30655_X27AG3bU (5b0a70f8-7250-4a89-97a4-044451e02b95)
2020-03-20 00:26:34.725 15 RALLYDEBUG rally_openstack.cleanup.manager [-] Deleting neutron.subnet object s_rally_c8c30655_s1Fa3yKd (5d4376e9-e17b-4c35-92b7-252b471cb334)
2020-03-20 00:26:35.086 15 RALLYDEBUG rally_openstack.cleanup.manager [-] Deleting neutron.subnet object s_rally_c8c30655_3QIRpTrh (5dea127f-c7c2-47eb-bacb-85ba563e93da)
2020-03-20 00:26:36.445 15 RALLYDEBUG rally_openstack.cleanup.manager [-] Deleting neutron.subnet object s_rally_c8c30655_QxaOKwRL (5e2c9b86-67c7-4165-b986-52f2e68a588f)
2020-03-20 00:26:36.738 15 RALLYDEBUG rally_openstack.cleanup.manager [-] Deleting neutron.subnet object s_rally_c8c30655_wlDeLmeh (5e7ddc0e-91b0-431d-b255-d44fed744881)
