2020-03-20 00:03:01.409 725 DEBUG novaclient.v2.client [-] RESP: [202] Connection: keep-alive Content-Length: 0 Content-Type: application/json Date: Fri, 20 Mar 2020 00:03:01 GMT Openstack-Api-Version: compute 2.1 Vary: OpenStack-API-Version, X-OpenStack-Nova-API-Version X-Compute-Request-Id: req-5b7c90aa-d9fb-4c5d-8b21-57c1a7e90aa4 X-Openstack-Nova-Api-Version: 2.1 _http_log_response /usr/lib/python2.7/site-packages/keystoneauth1/session.py:479
2020-03-20 00:03:01.410 725 DEBUG novaclient.v2.client [-] DELETE call to compute for http://compute-airship.intel-pod15.opnfv.org/v2.1/os-quota-sets/a9f9f22cdd1949ca89819385edf34835 used request id req-5b7c90aa-d9fb-4c5d-8b21-57c1a7e90aa4 request /usr/lib/python2.7/site-packages/keystoneauth1/session.py:844
2020-03-20 00:03:01.411 725 DEBUG novaclient.v2.client [-] REQ: curl -g -i -X DELETE http://compute-airship.intel-pod15.opnfv.org/v2.1/os-quota-sets/d842418018c44622b388e8d938264a9c -H "Accept: application/json" -H "User-Agent: python-novaclient" -H "X-Auth-Token: {SHA1}e2bee6bececccccd2ada7dc954ded2dcbbeff11b" _http_log_request /usr/lib/python2.7/site-packages/keystoneauth1/session.py:448
2020-03-20 00:03:01.467 725 DEBUG novaclient.v2.client [-] RESP: [202] Connection: keep-alive Content-Length: 0 Content-Type: application/json Date: Fri, 20 Mar 2020 00:03:01 GMT Openstack-Api-Version: compute 2.1 Vary: OpenStack-API-Version, X-OpenStack-Nova-API-Version X-Compute-Request-Id: req-261da102-1e82-4613-924e-cc2c0396fb53 X-Openstack-Nova-Api-Version: 2.1 _http_log_response /usr/lib/python2.7/site-packages/keystoneauth1/session.py:479
2020-03-20 00:03:01.468 725 DEBUG novaclient.v2.client [-] DELETE call to compute for http://compute-airship.intel-pod15.opnfv.org/v2.1/os-quota-sets/d842418018c44622b388e8d938264a9c used request id req-261da102-1e82-4613-924e-cc2c0396fb53 request /usr/lib/python2.7/site-packages/keystoneauth1/session.py:844
2020-03-20 00:03:01.468 725 INFO rally.task.context [-] Task ab131762-096f-473b-ab0a-ac8578542933 | Context quotas@openstack cleanup() finished in 0.30 sec
2020-03-20 00:03:01.469 725 INFO rally.task.context [-] Task ab131762-096f-473b-ab0a-ac8578542933 | Context users@openstack cleanup() started
2020-03-20 00:03:06.429 725 INFO rally.task.context [-] Task ab131762-096f-473b-ab0a-ac8578542933 | Context users@openstack cleanup() finished in 4.96 sec
2020-03-20 00:03:07.932 725 INFO rally.task.engine [-] Load duration is: 152.763002
2020-03-20 00:03:07.933 725 INFO rally.task.engine [-] Full runner duration is: 154.140289
2020-03-20 00:03:07.933 725 INFO rally.task.engine [-] Full duration is: 227.387686
2020-03-20 00:03:07.997 725 INFO rally.task.engine [-] Running workload: position = 0 config = { "version": 2, "title": "A cropped version of a bigger task.", "description": "Auto-generated task from a single workload (uuid=42944425-ab1d-4058-80dc-4fcaeadd07e3)", "subtasks": [ { "title": "GlanceImages.create_and_deactivate_image", "description": "Create an image, then deactivate it.", "scenario": { "GlanceImages.create_and_deactivate_image": { "container_format": "bare", "disk_format": "qcow2", "image_location": "/home/opnfv/functest/images/cirros-0.4.0-x86_64-disk.img" } }, "contexts": { "users": { "tenants": 3, "users_per_tenant": 2 } }, "runner": { "constant": { "concurrency": 4, "times": 10 } }, "hooks": [], "sla": { "failure_rate": { "max": 0 } } } ] }
2020-03-20 00:03:08.023 725 RALLYDEBUG rally_openstack.contexts.keystone.users [-] Creating 3 tenants using 20 threads
2020-03-20 00:03:09.136 725 RALLYDEBUG rally_openstack.contexts.keystone.users [-] Creating 6 users using 20 threads
2020-03-20 00:03:10.661 725 INFO rally.task.context [-] Task ab131762-096f-473b-ab0a-ac8578542933 | Context users@openstack setup() finished in 2.64 sec
2020-03-20 00:03:10.662 725 INFO rally.task.context [-] Task ab131762-096f-473b-ab0a-ac8578542933 | Context cleanup@openstack setup() finished in 0.02 msec
2020-03-20 00:03:10.671 725 RALLYDEBUG rally.task.runner [-] Starting the constant runner (task UUID: ab131762-096f-473b-ab0a-ac8578542933). timeout: 0 concurrency: 4 concurrency_per_worker: 1 times: 10 concurrency_overhead: 0 processes_to_start: 4 max_cpu_used: 88
2020-03-20 00:03:10.685 1385 RALLYDEBUG rally.task.runner [-] Starting a worker. concurrency: 1 args: {"container_format": "bare", "disk_format": "qcow2", "image_location": "/home/opnfv/functest/images/cirros-0.4.0-x86_64-disk.img"} times: 10 method_name: run timeout: 0 duration: None cls:
2020-03-20 00:03:10.688 1386 RALLYDEBUG rally.task.runner [-] Starting a worker. concurrency: 1 args: {"container_format": "bare", "disk_format": "qcow2", "image_location": "/home/opnfv/functest/images/cirros-0.4.0-x86_64-disk.img"} times: 10 method_name: run timeout: 0 duration: None cls:
2020-03-20 00:03:10.691 1387 RALLYDEBUG rally.task.runner [-] Starting a worker. concurrency: 1 args: {"container_format": "bare", "disk_format": "qcow2", "image_location": "/home/opnfv/functest/images/cirros-0.4.0-x86_64-disk.img"} times: 10 method_name: run timeout: 0 duration: None cls:
2020-03-20 00:03:10.692 1385 INFO rally.task.runner [-] Task ab131762-096f-473b-ab0a-ac8578542933 | ITER: 1 START
2020-03-20 00:03:10.694 1388 RALLYDEBUG rally.task.runner [-] Starting a worker. concurrency: 1 args: {"container_format": "bare", "disk_format": "qcow2", "image_location": "/home/opnfv/functest/images/cirros-0.4.0-x86_64-disk.img"} times: 10 method_name: run timeout: 0 duration: None cls:
2020-03-20 00:03:10.699 1387 INFO rally.task.runner [-] Task ab131762-096f-473b-ab0a-ac8578542933 | ITER: 3 START
2020-03-20 00:03:10.701 1386 INFO rally.task.runner [-] Task ab131762-096f-473b-ab0a-ac8578542933 | ITER: 2 START
2020-03-20 00:03:10.701 1388 INFO rally.task.runner [-] Task ab131762-096f-473b-ab0a-ac8578542933 | ITER: 4 START
2020-03-20 00:03:13.403 1388 RALLYDEBUG rally.task.utils [-] Waiting for resource u'79284338-0c2d-4b75-9052-5a414061fa89'. Status changed: NONE => QUEUED in 0.0700299739838
2020-03-20 00:03:13.431 1386 RALLYDEBUG rally.task.utils [-] Waiting for resource u'fd85cb54-c2d1-40ae-862a-59d999600af6'. Status changed: NONE => QUEUED in 0.0666930675507
2020-03-20 00:03:13.534 1385 RALLYDEBUG rally.task.utils [-] Waiting for resource u'1fc537c2-0e3a-4208-8c08-046e9a2323a7'. Status changed: NONE => QUEUED in 0.068263053894
2020-03-20 00:03:13.551 1387 RALLYDEBUG rally.task.utils [-] Waiting for resource u'd3e1cce1-6316-4d10-b6b3-6096f532c071'. Status changed: NONE => QUEUED in 0.071799993515
2020-03-20 00:03:15.041 1386 RALLYDEBUG rally.task.utils [-] Waiting for resource s_rally_42944425_lcfoCtG2. Status changed: QUEUED => ACTIVE in 0.0347979068756
2020-03-20 00:03:15.184 1388 RALLYDEBUG rally.task.utils [-] Waiting for resource s_rally_42944425_4KCLTOjS. Status changed: QUEUED => ACTIVE in 0.0485351085663
2020-03-20 00:03:15.220 1386 INFO rally.task.runner [-] Task ab131762-096f-473b-ab0a-ac8578542933 | ITER: 2 END: OK
2020-03-20 00:03:15.226 1386 INFO rally.task.runner [-] Task ab131762-096f-473b-ab0a-ac8578542933 | ITER: 5 START
2020-03-20 00:03:15.239 1387 RALLYDEBUG rally.task.utils [-] Waiting for resource s_rally_42944425_VxaTmblY. Status changed: QUEUED => ACTIVE in 0.0437707901001
2020-03-20 00:03:15.263 1385 RALLYDEBUG rally.task.utils [-] Waiting for resource s_rally_42944425_OkXSjuqO. Status changed: QUEUED => ACTIVE in 0.0560290813446
2020-03-20 00:03:15.324 1388 INFO rally.task.runner [-] Task ab131762-096f-473b-ab0a-ac8578542933 | ITER: 4 END: OK
2020-03-20 00:03:15.329 1388 INFO rally.task.runner [-] Task ab131762-096f-473b-ab0a-ac8578542933 | ITER: 6 START
2020-03-20 00:03:15.367 1387 INFO rally.task.runner [-] Task ab131762-096f-473b-ab0a-ac8578542933 | ITER: 3 END: OK
2020-03-20 00:03:15.372 1387 INFO rally.task.runner [-] Task ab131762-096f-473b-ab0a-ac8578542933 | ITER: 7 START
2020-03-20 00:03:15.409 1385 INFO rally.task.runner [-] Task ab131762-096f-473b-ab0a-ac8578542933 | ITER: 1 END: OK
2020-03-20 00:03:15.414 1385 INFO rally.task.runner [-] Task ab131762-096f-473b-ab0a-ac8578542933 | ITER: 8 START
2020-03-20 00:03:17.843 1388 RALLYDEBUG rally.task.utils [-] Waiting for resource u'2997d75c-8998-459e-969a-3ea283840112'. Status changed: NONE => QUEUED in 0.0653729438782
2020-03-20 00:03:17.856 1386 RALLYDEBUG rally.task.utils [-] Waiting for resource u'721ba087-2793-4473-a5ee-12e23a0617a3'. Status changed: NONE => QUEUED in 0.0699028968811
2020-03-20 00:03:18.020 1387 RALLYDEBUG rally.task.utils [-] Waiting for resource u'3586a531-c1c9-4b63-907e-75b66529b9d0'. Status changed: NONE => QUEUED in 0.0813510417938
2020-03-20 00:03:18.352 1385 RALLYDEBUG rally.task.utils [-] Waiting for resource u'bff59141-2dc5-4b4b-bbf3-7de773d556e9'. Status changed: NONE => QUEUED in 0.163535118103
2020-03-20 00:03:19.210 1388 RALLYDEBUG rally.task.utils [-] Waiting for resource s_rally_42944425_mDpIyML0. Status changed: QUEUED => ACTIVE in 0.0578560829163
2020-03-20 00:03:19.570 1386 RALLYDEBUG rally.task.utils [-] Waiting for resource s_rally_42944425_jeJRPozQ. Status changed: QUEUED => ACTIVE in 0.0418798923492
2020-03-20 00:03:19.653 1388 INFO rally.task.runner [-] Task ab131762-096f-473b-ab0a-ac8578542933 | ITER: 6 END: OK
2020-03-20 00:03:19.653 1387 RALLYDEBUG rally.task.utils [-] Waiting for resource s_rally_42944425_J8m2rjDE. Status changed: QUEUED => ACTIVE in 0.0478811264038
2020-03-20 00:03:19.657 1388 INFO rally.task.runner [-] Task ab131762-096f-473b-ab0a-ac8578542933 | ITER: 9 START
2020-03-20 00:03:19.685 1385 RALLYDEBUG rally.task.utils [-] Waiting for resource s_rally_42944425_9w5P7OqY. Status changed: QUEUED => ACTIVE in 0.0298409461975
2020-03-20 00:03:19.768 1386 INFO rally.task.runner [-] Task ab131762-096f-473b-ab0a-ac8578542933 | ITER: 5 END: OK
2020-03-20 00:03:19.772 1386 INFO rally.task.runner [-] Task ab131762-096f-473b-ab0a-ac8578542933 | ITER: 10 START
2020-03-20 00:03:19.788 1387 INFO rally.task.runner [-] Task ab131762-096f-473b-ab0a-ac8578542933 | ITER: 7 END: OK
2020-03-20 00:03:19.816 1385 INFO rally.task.runner [-] Task ab131762-096f-473b-ab0a-ac8578542933 | ITER: 8 END: OK
2020-03-20 00:03:22.168 1388 RALLYDEBUG rally.task.utils [-] Waiting for resource u'735654fc-5043-43d6-a43e-559c7f6b2f68'. Status changed: NONE => QUEUED in 0.0651688575745
2020-03-20 00:03:22.280 1386 RALLYDEBUG rally.task.utils [-] Waiting for resource u'15c5384b-09cf-420e-bf06-f6e8f584c0f1'. Status changed: NONE => QUEUED in 0.0617520809174
2020-03-20 00:03:23.173 1388 RALLYDEBUG rally.task.utils [-] Waiting for resource s_rally_42944425_bQHJDIe7. Status changed: QUEUED => ACTIVE in 0.0426959991455
2020-03-20 00:03:23.350 1388 INFO rally.task.runner [-] Task ab131762-096f-473b-ab0a-ac8578542933 | ITER: 9 END: OK
2020-03-20 00:03:23.350 1386 RALLYDEBUG rally.task.utils [-] Waiting for resource s_rally_42944425_T3OUXBcM. Status changed: QUEUED => ACTIVE in 0.0425961017609
2020-03-20 00:03:23.480 1386 INFO rally.task.runner [-] Task ab131762-096f-473b-ab0a-ac8578542933 | ITER: 10 END: OK
2020-03-20 00:03:23.501 725 INFO rally.task.context [-] Task ab131762-096f-473b-ab0a-ac8578542933 | Context cleanup@openstack cleanup() started
2020-03-20 00:03:23.504 725 RALLYDEBUG rally_openstack.cleanup.manager [-] Cleaning up glance images objects
2020-03-20 00:03:24.438 725 RALLYDEBUG rally_openstack.cleanup.manager [-] Deleting glance.images object s_rally_42944425_jeJRPozQ (721ba087-2793-4473-a5ee-12e23a0617a3)
2020-03-20 00:03:24.443 725 RALLYDEBUG rally_openstack.cleanup.manager [-] Deleting glance.images object s_rally_42944425_4KCLTOjS (79284338-0c2d-4b75-9052-5a414061fa89)
2020-03-20 00:03:24.443 725 RALLYDEBUG rally_openstack.cleanup.manager [-] Deleting glance.images object s_rally_42944425_bQHJDIe7 (735654fc-5043-43d6-a43e-559c7f6b2f68)
2020-03-20 00:03:24.447 725 RALLYDEBUG rally_openstack.cleanup.manager [-] Deleting glance.images object s_rally_42944425_9w5P7OqY (bff59141-2dc5-4b4b-bbf3-7de773d556e9)
2020-03-20 00:03:24.447 725 RALLYDEBUG rally_openstack.cleanup.manager [-] Deleting glance.images object s_rally_42944425_mDpIyML0 (2997d75c-8998-459e-969a-3ea283840112)
2020-03-20 00:03:24.457 725 RALLYDEBUG rally_openstack.cleanup.manager [-] Deleting glance.images object s_rally_42944425_J8m2rjDE (3586a531-c1c9-4b63-907e-75b66529b9d0)
2020-03-20 00:03:24.447 725 RALLYDEBUG rally_openstack.cleanup.manager [-] Deleting glance.images object s_rally_42944425_T3OUXBcM (15c5384b-09cf-420e-bf06-f6e8f584c0f1)
2020-03-20 00:03:24.475 725 RALLYDEBUG rally_openstack.cleanup.manager [-] Deleting glance.images object s_rally_42944425_OkXSjuqO (1fc537c2-0e3a-4208-8c08-046e9a2323a7)
2020-03-20 00:03:24.504 725 RALLYDEBUG rally_openstack.cleanup.manager [-] Deleting glance.images object s_rally_42944425_lcfoCtG2 (fd85cb54-c2d1-40ae-862a-59d999600af6)
2020-03-20 00:03:24.514 725 RALLYDEBUG rally_openstack.cleanup.manager [-] Deleting glance.images object s_rally_42944425_VxaTmblY (d3e1cce1-6316-4d10-b6b3-6096f532c071)
2020-03-20 00:03:26.583 725 DEBUG glanceclient.common.http [-] Request returned failure status 404. _handle_response /usr/lib/python2.7/site-packages/glanceclient/common/http.py:125
2020-03-20 00:03:26.621 725 DEBUG glanceclient.common.http [-] Request returned failure status 404. _handle_response /usr/lib/python2.7/site-packages/glanceclient/common/http.py:125
2020-03-20 00:03:26.623 725 DEBUG glanceclient.common.http [-] Request returned failure status 404. _handle_response /usr/lib/python2.7/site-packages/glanceclient/common/http.py:125
2020-03-20 00:03:26.647 725 DEBUG glanceclient.common.http [-] Request returned failure status 404. _handle_response /usr/lib/python2.7/site-packages/glanceclient/common/http.py:125
2020-03-20 00:03:26.655 725 DEBUG glanceclient.common.http [-] Request returned failure status 404. _handle_response /usr/lib/python2.7/site-packages/glanceclient/common/http.py:125
2020-03-20 00:03:26.690 725 DEBUG glanceclient.common.http [-] Request returned failure status 404. _handle_response /usr/lib/python2.7/site-packages/glanceclient/common/http.py:125
2020-03-20 00:03:26.807 725 DEBUG glanceclient.common.http [-] Request returned failure status 404. _handle_response /usr/lib/python2.7/site-packages/glanceclient/common/http.py:125
2020-03-20 00:03:26.839 725 DEBUG glanceclient.common.http [-] Request returned failure status 404. _handle_response /usr/lib/python2.7/site-packages/glanceclient/common/http.py:125
2020-03-20 00:03:26.847 725 DEBUG glanceclient.common.http [-] Request returned failure status 404. _handle_response /usr/lib/python2.7/site-packages/glanceclient/common/http.py:125
2020-03-20 00:03:26.873 725 DEBUG glanceclient.common.http [-] Request returned failure status 404. _handle_response /usr/lib/python2.7/site-packages/glanceclient/common/http.py:125
2020-03-20 00:03:27.049 725 DEBUG glanceclient.common.http [-] Request returned failure status 404. _handle_response /usr/lib/python2.7/site-packages/glanceclient/common/http.py:125
2020-03-20 00:03:27.085 725 DEBUG glanceclient.common.http [-] Request returned failure status 404. _handle_response /usr/lib/python2.7/site-packages/glanceclient/common/http.py:125
2020-03-20 00:03:29.041 725 DEBUG glanceclient.common.http [-] Request returned failure status 404. _handle_response /usr/lib/python2.7/site-packages/glanceclient/common/http.py:125
2020-03-20 00:03:29.086 725 DEBUG glanceclient.common.http [-] Request returned failure status 404. _handle_response /usr/lib/python2.7/site-packages/glanceclient/common/http.py:125
2020-03-20 00:03:41.725 725 DEBUG glanceclient.common.http [-] Request returned failure status 404. _handle_response /usr/lib/python2.7/site-packages/glanceclient/common/http.py:125
2020-03-20 00:03:41.768 725 DEBUG glanceclient.common.http [-] Request returned failure status 404. _handle_response /usr/lib/python2.7/site-packages/glanceclient/common/http.py:125
2020-03-20 00:03:53.280 725 DEBUG glanceclient.common.http [-] Request returned failure status 404. _handle_response /usr/lib/python2.7/site-packages/glanceclient/common/http.py:125
2020-03-20 00:03:53.319 725 DEBUG glanceclient.common.http [-] Request returned failure status 404. _handle_response /usr/lib/python2.7/site-packages/glanceclient/common/http.py:125
2020-03-20 00:04:09.222 725 DEBUG glanceclient.common.http [-] Request returned failure status 404. _handle_response /usr/lib/python2.7/site-packages/glanceclient/common/http.py:125
2020-03-20 00:04:09.469 725 DEBUG glanceclient.common.http [-] Request returned failure status 404. _handle_response /usr/lib/python2.7/site-packages/glanceclient/common/http.py:125
2020-03-20 00:04:10.472 725 INFO rally.task.context [-] Task ab131762-096f-473b-ab0a-ac8578542933 | Context cleanup@openstack cleanup() finished in 46.97 sec
2020-03-20 00:04:10.473 725 INFO rally.task.context [-] Task ab131762-096f-473b-ab0a-ac8578542933 | Context users@openstack cleanup() started
2020-03-20 00:04:42.872 725 INFO rally.task.context [-] Task ab131762-096f-473b-ab0a-ac8578542933 | Context users@openstack cleanup() finished in 32.40 sec
2020-03-20 00:04:44.396 725 INFO rally.task.engine [-] Load duration is: 12.468405
2020-03-20 00:04:44.397 725 INFO rally.task.engine [-] Full runner duration is: 12.829935
2020-03-20 00:04:44.397 725 INFO rally.task.engine [-] Full duration is: 94.851868
2020-03-20 00:04:44.474 725 INFO rally.task.engine [-] Running workload: position = 0 config = { "version": 2, "title": "A cropped version of a bigger task.", "description": "Auto-generated task from a single workload (uuid=0feeef67-7f9b-4286-aabd-4750a5f801a0)", "subtasks": [ { "title": "GlanceImages.create_and_download_image", "description": "Create an image, then download data of the image.", "scenario": { "GlanceImages.create_and_download_image": { "container_format": "bare", "disk_format": "qcow2", "image_location": "/home/opnfv/functest/images/cirros-0.4.0-x86_64-disk.img" } }, "contexts": { "users": { "tenants": 3, "users_per_tenant": 2 } }, "runner": { "constant": { "concurrency": 4, "times": 10 } }, "hooks": [], "sla": { "failure_rate": { "max": 0 } } } ] }
2020-03-20 00:04:44.501 725 RALLYDEBUG rally_openstack.contexts.keystone.users [-] Creating 3 tenants using 20 threads
2020-03-20 00:04:47.939 725 RALLYDEBUG rally_openstack.contexts.keystone.users [-] Creating 6 users using 20 threads
2020-03-20 00:04:49.312 725 INFO rally.task.context [-] Task ab131762-096f-473b-ab0a-ac8578542933 | Context users@openstack setup() finished in 4.81 sec
2020-03-20 00:04:49.313 725 INFO rally.task.context [-] Task ab131762-096f-473b-ab0a-ac8578542933 | Context cleanup@openstack setup() finished in 0.04 msec
2020-03-20 00:04:49.326 725 RALLYDEBUG rally.task.runner [-] Starting the constant runner (task UUID: ab131762-096f-473b-ab0a-ac8578542933). timeout: 0 concurrency: 4 concurrency_per_worker: 1 times: 10 concurrency_overhead: 0 processes_to_start: 4 max_cpu_used: 88
2020-03-20 00:04:49.343 1509 RALLYDEBUG rally.task.runner [-] Starting a worker. concurrency: 1 args: {"container_format": "bare", "disk_format": "qcow2", "image_location": "/home/opnfv/functest/images/cirros-0.4.0-x86_64-disk.img"} times: 10 method_name: run timeout: 0 duration: None cls:
2020-03-20 00:04:49.346 1510 RALLYDEBUG rally.task.runner [-] Starting a worker. concurrency: 1 args: {"container_format": "bare", "disk_format": "qcow2", "image_location": "/home/opnfv/functest/images/cirros-0.4.0-x86_64-disk.img"} times: 10 method_name: run timeout: 0 duration: None cls:
2020-03-20 00:04:49.350 1509 INFO rally.task.runner [-] Task ab131762-096f-473b-ab0a-ac8578542933 | ITER: 1 START
2020-03-20 00:04:49.352 1512 RALLYDEBUG rally.task.runner [-] Starting a worker. concurrency: 1 args: {"container_format": "bare", "disk_format": "qcow2", "image_location": "/home/opnfv/functest/images/cirros-0.4.0-x86_64-disk.img"} times: 10 method_name: run timeout: 0 duration: None cls:
2020-03-20 00:04:49.353 1510 INFO rally.task.runner [-] Task ab131762-096f-473b-ab0a-ac8578542933 | ITER: 2 START
2020-03-20 00:04:49.358 1511 RALLYDEBUG rally.task.runner [-] Starting a worker. concurrency: 1 args: {"container_format": "bare", "disk_format": "qcow2", "image_location": "/home/opnfv/functest/images/cirros-0.4.0-x86_64-disk.img"} times: 10 method_name: run timeout: 0 duration: None cls:
2020-03-20 00:04:49.359 1512 INFO rally.task.runner [-] Task ab131762-096f-473b-ab0a-ac8578542933 | ITER: 3 START
2020-03-20 00:04:49.365 1511 INFO rally.task.runner [-] Task ab131762-096f-473b-ab0a-ac8578542933 | ITER: 4 START
2020-03-20 00:04:52.343 1509 RALLYDEBUG rally.task.utils [-] Waiting for resource u'6f3b442f-d552-49fe-af46-75ff6fe84187'. Status changed: NONE => QUEUED in 0.0754489898682
2020-03-20 00:04:52.785 1510 RALLYDEBUG rally.task.utils [-] Waiting for resource u'450b6d8f-edb4-4b61-9545-f740297ed2c3'. Status changed: NONE => QUEUED in 0.0794858932495
2020-03-20 00:04:52.847 1511 RALLYDEBUG rally.task.utils [-] Waiting for resource u'75d09771-cf89-4de8-a0bd-e730c8da4bb2'. Status changed: NONE => QUEUED in 0.0671231746674
2020-03-20 00:04:52.925 1512 RALLYDEBUG rally.task.utils [-] Waiting for resource u'85befb93-a2a6-4b43-a464-08a68ebb9b55'. Status changed: NONE => QUEUED in 0.0854690074921
2020-03-20 00:04:54.277 1510 RALLYDEBUG rally.task.utils [-] Waiting for resource s_rally_0feeef67_0P9rdIEL. Status changed: QUEUED => ACTIVE in 0.0487849712372
2020-03-20 00:04:54.334 1512 RALLYDEBUG rally.task.utils [-] Waiting for resource s_rally_0feeef67_FEDEWKkM. Status changed: QUEUED => ACTIVE in 0.0395829677582
2020-03-20 00:04:54.471 1511 RALLYDEBUG rally.task.utils [-] Waiting for resource s_rally_0feeef67_T9xO5gir. Status changed: QUEUED => ACTIVE in 0.0622560977936
2020-03-20 00:04:54.491 1509 RALLYDEBUG rally.task.utils [-] Waiting for resource s_rally_0feeef67_KFsOTCZe. Status changed: QUEUED => ACTIVE in 0.0615420341492
2020-03-20 00:04:54.627 1510 INFO rally.task.runner [-] Task ab131762-096f-473b-ab0a-ac8578542933 | ITER: 2 END: OK
2020-03-20 00:04:54.632 1510 INFO rally.task.runner [-] Task ab131762-096f-473b-ab0a-ac8578542933 | ITER: 5 START
2020-03-20 00:04:54.700 1512 INFO rally.task.runner [-] Task ab131762-096f-473b-ab0a-ac8578542933 | ITER: 3 END: OK
2020-03-20 00:04:54.704 1512 INFO rally.task.runner [-] Task ab131762-096f-473b-ab0a-ac8578542933 | ITER: 6 START
2020-03-20 00:04:54.787 1509 INFO rally.task.runner [-] Task ab131762-096f-473b-ab0a-ac8578542933 | ITER: 1 END: OK
2020-03-20 00:04:54.792 1509 INFO rally.task.runner [-] Task ab131762-096f-473b-ab0a-ac8578542933 | ITER: 7 START
2020-03-20 00:04:54.796 1511 INFO rally.task.runner [-] Task ab131762-096f-473b-ab0a-ac8578542933 | ITER: 4 END: OK
2020-03-20 00:04:54.802 1511 INFO rally.task.runner [-] Task ab131762-096f-473b-ab0a-ac8578542933 | ITER: 8 START
2020-03-20 00:04:57.124 1510 RALLYDEBUG rally.task.utils [-] Waiting for resource u'f7b1e030-35c6-4e1d-96f1-a53e5d2c1be9'. Status changed: NONE => QUEUED in 0.0821259021759
2020-03-20 00:04:57.398 1512 RALLYDEBUG rally.task.utils [-] Waiting for resource u'e43d8c4c-3306-42ea-9a26-a0469fb2f9ab'. Status changed: NONE => QUEUED in 0.0674600601196
2020-03-20 00:04:57.458 1509 RALLYDEBUG rally.task.utils [-] Waiting for resource u'aa47f650-4776-4cad-a129-fab87fb98132'. Status changed: NONE => QUEUED in 0.0902800559998
2020-03-20 00:04:57.471 1511 RALLYDEBUG rally.task.utils [-] Waiting for resource u'c13afd84-8645-4e69-b2d9-672302ae4c18'. Status changed: NONE => QUEUED in 0.0830190181732
2020-03-20 00:04:58.388 1510 RALLYDEBUG rally.task.utils [-] Waiting for resource s_rally_0feeef67_aUvt2tOX. Status changed: QUEUED => ACTIVE in 0.0442471504211
2020-03-20 00:04:58.686 1510 INFO rally.task.runner [-] Task ab131762-096f-473b-ab0a-ac8578542933 | ITER: 5 END: OK
2020-03-20 00:04:58.690 1510 INFO rally.task.runner [-] Task ab131762-096f-473b-ab0a-ac8578542933 | ITER: 9 START
2020-03-20 00:04:58.698 1512 RALLYDEBUG rally.task.utils [-] Waiting for resource s_rally_0feeef67_a84YZZu7. Status changed: QUEUED => ACTIVE in 0.0412559509277
2020-03-20 00:04:59.012 1509 RALLYDEBUG rally.task.utils [-] Waiting for resource s_rally_0feeef67_QbdAAy8x. Status changed: QUEUED => ACTIVE in 0.0414528846741
2020-03-20 00:04:59.041 1512 INFO rally.task.runner [-] Task ab131762-096f-473b-ab0a-ac8578542933 | ITER: 6 END: OK
2020-03-20 00:04:59.045 1512 INFO rally.task.runner [-] Task ab131762-096f-473b-ab0a-ac8578542933 | ITER: 10 START
2020-03-20 00:04:59.077 1511 RALLYDEBUG rally.task.utils [-] Waiting for resource s_rally_0feeef67_nazdcHXx. Status changed: QUEUED => ACTIVE in 0.0370490550995
2020-03-20 00:04:59.263 1509 INFO rally.task.runner [-] Task ab131762-096f-473b-ab0a-ac8578542933 | ITER: 7 END: OK
2020-03-20 00:04:59.346 1511 INFO rally.task.runner [-] Task ab131762-096f-473b-ab0a-ac8578542933 | ITER: 8 END: OK
2020-03-20 00:05:01.152 1510 RALLYDEBUG rally.task.utils [-] Waiting for resource u'7f699e91-f2fe-4c27-928d-1eae1c016615'. Status changed: NONE => QUEUED in 0.0608639717102
2020-03-20 00:05:01.586 1512 RALLYDEBUG rally.task.utils [-] Waiting for resource u'8fe91d20-54ad-439c-92e1-135dce5eef9a'. Status changed: NONE => QUEUED in 0.0767679214478
2020-03-20 00:05:02.062 1510 RALLYDEBUG rally.task.utils [-] Waiting for resource s_rally_0feeef67_DHOuxLvL. Status changed: QUEUED => ACTIVE in 0.0361430644989
2020-03-20 00:05:02.384 1510 INFO rally.task.runner [-] Task ab131762-096f-473b-ab0a-ac8578542933 | ITER: 9 END: OK
2020-03-20 00:05:02.525 1512 RALLYDEBUG rally.task.utils [-] Waiting for resource s_rally_0feeef67_L4OlKIjw. Status changed: QUEUED => ACTIVE in 0.0460839271545
2020-03-20 00:05:02.801 1512 INFO rally.task.runner [-] Task ab131762-096f-473b-ab0a-ac8578542933 | ITER: 10 END: OK
2020-03-20 00:05:02.827 725 INFO rally.task.context [-] Task ab131762-096f-473b-ab0a-ac8578542933 | Context cleanup@openstack cleanup() started
2020-03-20 00:05:02.831 725 RALLYDEBUG rally_openstack.cleanup.manager [-] Cleaning up glance images objects
2020-03-20 00:05:03.744 725 RALLYDEBUG rally_openstack.cleanup.manager [-] Deleting glance.images object s_rally_0feeef67_aUvt2tOX (f7b1e030-35c6-4e1d-96f1-a53e5d2c1be9)
2020-03-20 00:05:03.746 725 RALLYDEBUG rally_openstack.cleanup.manager [-] Deleting glance.images object s_rally_0feeef67_a84YZZu7 (e43d8c4c-3306-42ea-9a26-a0469fb2f9ab)
2020-03-20 00:05:03.747 725 RALLYDEBUG rally_openstack.cleanup.manager [-] Deleting glance.images object s_rally_0feeef67_DHOuxLvL (7f699e91-f2fe-4c27-928d-1eae1c016615)
2020-03-20 00:05:03.748 725 RALLYDEBUG rally_openstack.cleanup.manager [-] Deleting glance.images object s_rally_0feeef67_T9xO5gir (75d09771-cf89-4de8-a0bd-e730c8da4bb2)
2020-03-20 00:05:03.752 725 RALLYDEBUG rally_openstack.cleanup.manager [-] Deleting glance.images object s_rally_0feeef67_FEDEWKkM (85befb93-a2a6-4b43-a464-08a68ebb9b55)
2020-03-20 00:05:03.759 725 RALLYDEBUG rally_openstack.cleanup.manager [-] Deleting glance.images object s_rally_0feeef67_QbdAAy8x (aa47f650-4776-4cad-a129-fab87fb98132)
2020-03-20 00:05:03.761 725 RALLYDEBUG rally_openstack.cleanup.manager [-] Deleting glance.images object s_rally_0feeef67_nazdcHXx (c13afd84-8645-4e69-b2d9-672302ae4c18)
2020-03-20 00:05:03.766 725 RALLYDEBUG rally_openstack.cleanup.manager [-] Deleting glance.images object s_rally_0feeef67_L4OlKIjw (8fe91d20-54ad-439c-92e1-135dce5eef9a)
2020-03-20 00:05:03.770 725 RALLYDEBUG rally_openstack.cleanup.manager [-] Deleting glance.images object s_rally_0feeef67_KFsOTCZe (6f3b442f-d552-49fe-af46-75ff6fe84187)
2020-03-20 00:05:03.832 725 RALLYDEBUG rally_openstack.cleanup.manager [-] Deleting glance.images object s_rally_0feeef67_0P9rdIEL (450b6d8f-edb4-4b61-9545-f740297ed2c3)
2020-03-20 00:05:05.347 725 DEBUG glanceclient.common.http [-] Request returned failure status 404. _handle_response /usr/lib/python2.7/site-packages/glanceclient/common/http.py:125
2020-03-20 00:05:05.417 725 DEBUG glanceclient.common.http [-] Request returned failure status 404. _handle_response /usr/lib/python2.7/site-packages/glanceclient/common/http.py:125
2020-03-20 00:05:05.448 725 DEBUG glanceclient.common.http [-] Request returned failure status 404. _handle_response /usr/lib/python2.7/site-packages/glanceclient/common/http.py:125
2020-03-20 00:05:05.502 725 DEBUG glanceclient.common.http [-] Request returned failure status 404. _handle_response /usr/lib/python2.7/site-packages/glanceclient/common/http.py:125
2020-03-20 00:05:05.509 725 DEBUG glanceclient.common.http [-] Request returned failure status 404. _handle_response /usr/lib/python2.7/site-packages/glanceclient/common/http.py:125
2020-03-20 00:05:05.515 725 DEBUG glanceclient.common.http [-] Request returned failure status 404. _handle_response /usr/lib/python2.7/site-packages/glanceclient/common/http.py:125
2020-03-20 00:05:05.546 725 DEBUG glanceclient.common.http [-] Request returned failure status 404. _handle_response /usr/lib/python2.7/site-packages/glanceclient/common/http.py:125
2020-03-20 00:05:05.562 725 DEBUG glanceclient.common.http [-] Request returned failure status 404. _handle_response /usr/lib/python2.7/site-packages/glanceclient/common/http.py:125
2020-03-20 00:05:05.568 725 DEBUG glanceclient.common.http [-] Request returned failure status 404. _handle_response /usr/lib/python2.7/site-packages/glanceclient/common/http.py:125
2020-03-20 00:05:05.569 725 DEBUG glanceclient.common.http [-] Request returned failure status 404. _handle_response /usr/lib/python2.7/site-packages/glanceclient/common/http.py:125
2020-03-20 00:05:05.607 725 DEBUG glanceclient.common.http [-] Request returned failure status 404. _handle_response /usr/lib/python2.7/site-packages/glanceclient/common/http.py:125
2020-03-20 00:05:05.610 725 DEBUG glanceclient.common.http [-] Request returned failure status 404. _handle_response /usr/lib/python2.7/site-packages/glanceclient/common/http.py:125
2020-03-20 00:05:05.617 725 DEBUG glanceclient.common.http [-] Request returned failure status 404. _handle_response /usr/lib/python2.7/site-packages/glanceclient/common/http.py:125
2020-03-20 00:05:05.642 725 DEBUG glanceclient.common.http [-] Request returned failure status 404. _handle_response /usr/lib/python2.7/site-packages/glanceclient/common/http.py:125
2020-03-20 00:05:05.668 725 DEBUG glanceclient.common.http [-] Request returned failure status 404. _handle_response /usr/lib/python2.7/site-packages/glanceclient/common/http.py:125
2020-03-20 00:05:05.671 725 DEBUG glanceclient.common.http [-] Request returned failure status 404. _handle_response /usr/lib/python2.7/site-packages/glanceclient/common/http.py:125
2020-03-20 00:05:05.672 725 DEBUG glanceclient.common.http [-] Request returned failure status 404. _handle_response /usr/lib/python2.7/site-packages/glanceclient/common/http.py:125
2020-03-20 00:05:05.704 725 DEBUG glanceclient.common.http [-] Request returned failure status 404. _handle_response /usr/lib/python2.7/site-packages/glanceclient/common/http.py:125
2020-03-20 00:05:05.712 725 DEBUG glanceclient.common.http [-] Request returned failure status 404. _handle_response /usr/lib/python2.7/site-packages/glanceclient/common/http.py:125
2020-03-20 00:05:05.741 725 DEBUG glanceclient.common.http [-] Request returned failure status 404. _handle_response /usr/lib/python2.7/site-packages/glanceclient/common/http.py:125
2020-03-20 00:05:06.744 725 INFO rally.task.context [-] Task ab131762-096f-473b-ab0a-ac8578542933 | Context cleanup@openstack cleanup() finished in 3.92 sec
2020-03-20 00:05:06.744 725 INFO rally.task.context [-] Task ab131762-096f-473b-ab0a-ac8578542933 | Context users@openstack cleanup() started
2020-03-20 00:05:11.835 725 INFO rally.task.context [-] Task ab131762-096f-473b-ab0a-ac8578542933 | Context users@openstack cleanup() finished in 5.09 sec
2020-03-20 00:05:12.645 725 INFO rally.task.engine [-] Load duration is: 12.87807
2020-03-20 00:05:12.645 725 INFO rally.task.engine [-] Full runner duration is: 13.502786
2020-03-20 00:05:12.645 725 INFO rally.task.engine [-] Full duration is: 27.337014
2020-03-20 00:05:12.709 725 INFO rally.task.engine [-] Running workload: position = 0 config = { "version": 2, "title": "A cropped version of a bigger task.", "description": "Auto-generated task from a single workload (uuid=de3f0988-ecce-4a99-bcc1-687839cf60ad)", "subtasks": [ { "title": "GlanceImages.create_and_get_image", "description": "Create and get detailed information of an image.", "scenario": { "GlanceImages.create_and_get_image": { "container_format": "bare", "disk_format": "qcow2", "image_location": "/home/opnfv/functest/images/cirros-0.4.0-x86_64-disk.img" } }, "contexts": { "users": { "tenants": 3, "users_per_tenant": 2 } }, "runner": { "constant": { "concurrency": 4, "times": 10 } }, "hooks": [], "sla": { "failure_rate": { "max": 0 } } } ] }
2020-03-20 00:05:12.736 725 RALLYDEBUG rally_openstack.contexts.keystone.users [-] Creating 3 tenants using 20 threads
2020-03-20 00:05:13.426 725 RALLYDEBUG rally_openstack.contexts.keystone.users [-] Creating 6 users using 20 threads
2020-03-20 00:05:16.484 725 INFO rally.task.context [-] Task ab131762-096f-473b-ab0a-ac8578542933 | Context users@openstack setup() finished in 3.75 sec
2020-03-20 00:05:16.484 725 INFO rally.task.context [-] Task ab131762-096f-473b-ab0a-ac8578542933 | Context cleanup@openstack setup() finished in 0.01 msec
2020-03-20 00:05:16.494 725 RALLYDEBUG rally.task.runner [-] Starting the constant runner (task UUID: ab131762-096f-473b-ab0a-ac8578542933). timeout: 0 concurrency: 4 concurrency_per_worker: 1 times: 10 concurrency_overhead: 0 processes_to_start: 4 max_cpu_used: 88
2020-03-20 00:05:16.507 1633 RALLYDEBUG rally.task.runner [-] Starting a worker. concurrency: 1 args: {"container_format": "bare", "disk_format": "qcow2", "image_location": "/home/opnfv/functest/images/cirros-0.4.0-x86_64-disk.img"} times: 10 method_name: run timeout: 0 duration: None cls:
2020-03-20 00:05:16.510 1634 RALLYDEBUG rally.task.runner [-] Starting a worker. concurrency: 1 args: {"container_format": "bare", "disk_format": "qcow2", "image_location": "/home/opnfv/functest/images/cirros-0.4.0-x86_64-disk.img"} times: 10 method_name: run timeout: 0 duration: None cls:
2020-03-20 00:05:16.514 1633 INFO rally.task.runner [-] Task ab131762-096f-473b-ab0a-ac8578542933 | ITER: 1 START
2020-03-20 00:05:16.517 1634 INFO rally.task.runner [-] Task ab131762-096f-473b-ab0a-ac8578542933 | ITER: 2 START
2020-03-20 00:05:16.517 1636 RALLYDEBUG rally.task.runner [-] Starting a worker. concurrency: 1 args: {"container_format": "bare", "disk_format": "qcow2", "image_location": "/home/opnfv/functest/images/cirros-0.4.0-x86_64-disk.img"} times: 10 method_name: run timeout: 0 duration: None cls:
2020-03-20 00:05:16.522 1635 RALLYDEBUG rally.task.runner [-] Starting a worker. concurrency: 1 args: {"container_format": "bare", "disk_format": "qcow2", "image_location": "/home/opnfv/functest/images/cirros-0.4.0-x86_64-disk.img"} times: 10 method_name: run timeout: 0 duration: None cls:
2020-03-20 00:05:16.524 1636 INFO rally.task.runner [-] Task ab131762-096f-473b-ab0a-ac8578542933 | ITER: 3 START
2020-03-20 00:05:16.529 1635 INFO rally.task.runner [-] Task ab131762-096f-473b-ab0a-ac8578542933 | ITER: 4 START
2020-03-20 00:05:19.237 1636 RALLYDEBUG rally.task.utils [-] Waiting for resource u'6d38c89e-3f41-4b7d-a849-5f19832553a5'. Status changed: NONE => QUEUED in 0.065927028656
2020-03-20 00:05:19.277 1635 RALLYDEBUG rally.task.utils [-] Waiting for resource u'da4bf7c0-2967-4ae2-8547-7c20f8ae8e77'. Status changed: NONE => QUEUED in 0.0593299865723
2020-03-20 00:05:19.298 1633 RALLYDEBUG rally.task.utils [-] Waiting for resource u'24c08d0e-4e13-4b99-a0eb-2954459de946'. Status changed: NONE => QUEUED in 0.0746729373932
2020-03-20 00:05:19.312 1634 RALLYDEBUG rally.task.utils [-] Waiting for resource u'82881747-be26-404b-8c02-59e119be4bfc'. Status changed: NONE => QUEUED in 0.0627830028534
2020-03-20 00:05:20.363 1633 RALLYDEBUG rally.task.utils [-] Waiting for resource s_rally_de3f0988_kBECFlf0. Status changed: QUEUED => ACTIVE in 0.044615983963
2020-03-20 00:05:20.394 1633 INFO rally.task.runner [-] Task ab131762-096f-473b-ab0a-ac8578542933 | ITER: 1 END: OK
2020-03-20 00:05:20.399 1633 INFO rally.task.runner [-] Task ab131762-096f-473b-ab0a-ac8578542933 | ITER: 5 START
2020-03-20 00:05:20.810 1636 RALLYDEBUG rally.task.utils [-] Waiting for resource s_rally_de3f0988_ce5FfVAZ. Status changed: QUEUED => ACTIVE in 0.0347630977631
2020-03-20 00:05:20.846 1634 RALLYDEBUG rally.task.utils [-] Waiting for resource s_rally_de3f0988_fnTd0nBW. Status changed: QUEUED => ACTIVE in 0.0380930900574
2020-03-20 00:05:20.849 1636 INFO rally.task.runner [-] Task ab131762-096f-473b-ab0a-ac8578542933 | ITER: 3 END: OK
2020-03-20 00:05:20.851 1635 RALLYDEBUG rally.task.utils [-] Waiting for resource s_rally_de3f0988_hv9BiWyO. Status changed: QUEUED => ACTIVE in 0.0344941616058
2020-03-20 00:05:20.854 1636 INFO rally.task.runner [-] Task ab131762-096f-473b-ab0a-ac8578542933 | ITER: 6 START
2020-03-20 00:05:20.891 1634 INFO rally.task.runner [-] Task ab131762-096f-473b-ab0a-ac8578542933 | ITER: 2 END: OK
2020-03-20 00:05:20.893 1635 INFO rally.task.runner [-] Task ab131762-096f-473b-ab0a-ac8578542933 | ITER: 4 END: OK
2020-03-20 00:05:20.896 1634 INFO rally.task.runner [-] Task ab131762-096f-473b-ab0a-ac8578542933 | ITER: 7 START
2020-03-20 00:05:20.898 1635 INFO rally.task.runner [-] Task ab131762-096f-473b-ab0a-ac8578542933 | ITER: 8 START
2020-03-20 00:05:23.078 1633 RALLYDEBUG rally.task.utils [-] Waiting for resource u'4e5b5a03-8334-45e8-9924-fdcb791f2ccb'. Status changed: NONE => QUEUED in 0.0614640712738
2020-03-20 00:05:23.344 1636 RALLYDEBUG rally.task.utils [-] Waiting for resource u'eb2161f5-185a-4c95-bfa0-4aef3bb39b61'. Status changed: NONE => QUEUED in 0.0664761066437
2020-03-20 00:05:23.606 1635 RALLYDEBUG rally.task.utils [-] Waiting for resource u'8c2e01ce-2108-49de-a9fa-4f0497855ee4'. Status changed: NONE => QUEUED in 0.103487968445
2020-03-20 00:05:23.608 1634 RALLYDEBUG rally.task.utils [-] Waiting for resource u'f4607a71-475e-4a5e-bc3f-0e5773c57d6c'. Status changed: NONE => QUEUED in 0.0933179855347
2020-03-20 00:05:24.139 1633 RALLYDEBUG rally.task.utils [-] Waiting for resource s_rally_de3f0988_gDTkujtn. Status changed: QUEUED => ACTIVE in 0.108746051788
2020-03-20 00:05:24.177 1633 INFO rally.task.runner [-] Task ab131762-096f-473b-ab0a-ac8578542933 | ITER: 5 END: OK
2020-03-20 00:05:24.182 1633 INFO rally.task.runner [-] Task ab131762-096f-473b-ab0a-ac8578542933 | ITER: 9 START
2020-03-20 00:05:24.572 1636 RALLYDEBUG rally.task.utils [-] Waiting for resource s_rally_de3f0988_qLOBUoeb. Status changed: QUEUED => ACTIVE in 0.0436599254608
2020-03-20 00:05:24.601 1635 RALLYDEBUG rally.task.utils [-] Waiting for resource s_rally_de3f0988_x0XLWQVx. Status changed: QUEUED => ACTIVE in 0.0444588661194
2020-03-20 00:05:24.609 1636 INFO rally.task.runner [-] Task ab131762-096f-473b-ab0a-ac8578542933 | ITER: 6 END: OK
2020-03-20 00:05:24.613 1636 INFO rally.task.runner [-] Task ab131762-096f-473b-ab0a-ac8578542933 | ITER: 10 START
2020-03-20 00:05:24.640 1635 INFO rally.task.runner [-] Task ab131762-096f-473b-ab0a-ac8578542933 | ITER: 8 END: OK
2020-03-20 00:05:24.900 1634 RALLYDEBUG rally.task.utils [-] Waiting for resource s_rally_de3f0988_PhTfWraB. Status changed: QUEUED => ACTIVE in 0.0565719604492
2020-03-20 00:05:24.960 1634 INFO rally.task.runner [-] Task ab131762-096f-473b-ab0a-ac8578542933 | ITER: 7 END: OK
2020-03-20 00:05:26.704 1633 RALLYDEBUG rally.task.utils [-] Waiting for resource u'da33d794-db3c-45b5-9412-ad5f853b1320'. Status changed: NONE => QUEUED in 0.0758271217346
2020-03-20 00:05:27.102 1636 RALLYDEBUG rally.task.utils [-] Waiting for resource u'51ab9729-77b0-4a32-89d9-81ab5dfe2fec'. Status changed: NONE => QUEUED in 0.0621569156647
2020-03-20 00:05:28.073 1633 RALLYDEBUG rally.task.utils [-] Waiting for resource s_rally_de3f0988_av0FW1xw. Status changed: QUEUED => ACTIVE in 0.0453879833221
2020-03-20 00:05:28.132 1633 INFO rally.task.runner [-] Task ab131762-096f-473b-ab0a-ac8578542933 | ITER: 9 END: OK
2020-03-20 00:05:28.180 1636 RALLYDEBUG rally.task.utils [-] Waiting for resource s_rally_de3f0988_yDhKm7oD. Status changed: QUEUED => ACTIVE in 0.0307729244232
2020-03-20 00:05:28.220 1636 INFO rally.task.runner [-] Task ab131762-096f-473b-ab0a-ac8578542933 | ITER: 10 END: OK
2020-03-20 00:05:28.248 725 INFO rally.task.context [-] Task ab131762-096f-473b-ab0a-ac8578542933 | Context cleanup@openstack cleanup() started
2020-03-20 00:05:28.251 725 RALLYDEBUG rally_openstack.cleanup.manager [-] Cleaning up glance images objects
2020-03-20 00:05:29.268 725 RALLYDEBUG rally_openstack.cleanup.manager [-] Deleting glance.images object s_rally_de3f0988_fnTd0nBW (82881747-be26-404b-8c02-59e119be4bfc)
2020-03-20 00:05:29.277 725 RALLYDEBUG rally_openstack.cleanup.manager [-] Deleting glance.images object s_rally_de3f0988_ce5FfVAZ (6d38c89e-3f41-4b7d-a849-5f19832553a5)
2020-03-20 00:05:29.278 725 RALLYDEBUG rally_openstack.cleanup.manager [-] Deleting glance.images object s_rally_de3f0988_hv9BiWyO (da4bf7c0-2967-4ae2-8547-7c20f8ae8e77)
2020-03-20 00:05:29.287 725 RALLYDEBUG rally_openstack.cleanup.manager [-] Deleting glance.images object s_rally_de3f0988_kBECFlf0 (24c08d0e-4e13-4b99-a0eb-2954459de946)
2020-03-20 00:05:29.278 725 RALLYDEBUG rally_openstack.cleanup.manager [-] Deleting glance.images object s_rally_de3f0988_yDhKm7oD (51ab9729-77b0-4a32-89d9-81ab5dfe2fec)
2020-03-20 00:05:29.295 725 RALLYDEBUG rally_openstack.cleanup.manager [-] Deleting glance.images object s_rally_de3f0988_av0FW1xw (da33d794-db3c-45b5-9412-ad5f853b1320)
2020-03-20 00:05:29.301 725 RALLYDEBUG rally_openstack.cleanup.manager [-] Deleting glance.images object s_rally_de3f0988_qLOBUoeb (eb2161f5-185a-4c95-bfa0-4aef3bb39b61)
2020-03-20 00:05:29.318 725 RALLYDEBUG rally_openstack.cleanup.manager [-] Deleting glance.images object s_rally_de3f0988_gDTkujtn (4e5b5a03-8334-45e8-9924-fdcb791f2ccb)
2020-03-20 00:05:29.340 725 RALLYDEBUG rally_openstack.cleanup.manager [-] Deleting glance.images object s_rally_de3f0988_PhTfWraB (f4607a71-475e-4a5e-bc3f-0e5773c57d6c)
2020-03-20 00:05:29.382 725 RALLYDEBUG rally_openstack.cleanup.manager [-] Deleting glance.images object s_rally_de3f0988_x0XLWQVx (8c2e01ce-2108-49de-a9fa-4f0497855ee4)
2020-03-20 00:05:30.830 725 DEBUG glanceclient.common.http [-] Request returned failure status 404. _handle_response /usr/lib/python2.7/site-packages/glanceclient/common/http.py:125
2020-03-20 00:05:30.912 725 DEBUG glanceclient.common.http [-] Request returned failure status 404. _handle_response /usr/lib/python2.7/site-packages/glanceclient/common/http.py:125
2020-03-20 00:05:30.959 725 DEBUG glanceclient.common.http [-] Request returned failure status 404. _handle_response /usr/lib/python2.7/site-packages/glanceclient/common/http.py:125
2020-03-20 00:05:30.975 725 DEBUG glanceclient.common.http [-] Request returned failure status 404. _handle_response /usr/lib/python2.7/site-packages/glanceclient/common/http.py:125
2020-03-20 00:05:31.012 725 DEBUG glanceclient.common.http [-] Request returned failure status 404. _handle_response /usr/lib/python2.7/site-packages/glanceclient/common/http.py:125
2020-03-20 00:05:31.023 725 DEBUG glanceclient.common.http [-] Request returned failure status 404. _handle_response /usr/lib/python2.7/site-packages/glanceclient/common/http.py:125
2020-03-20 00:05:31.045 725 DEBUG glanceclient.common.http [-] Request returned failure status 404. _handle_response /usr/lib/python2.7/site-packages/glanceclient/common/http.py:125
2020-03-20 00:05:31.096 725 DEBUG glanceclient.common.http [-] Request returned failure status 404. _handle_response /usr/lib/python2.7/site-packages/glanceclient/common/http.py:125
2020-03-20 00:05:31.125 725 DEBUG glanceclient.common.http [-] Request returned failure status 404. _handle_response /usr/lib/python2.7/site-packages/glanceclient/common/http.py:125
2020-03-20 00:05:31.145 725 DEBUG glanceclient.common.http [-] Request returned failure status 404. _handle_response /usr/lib/python2.7/site-packages/glanceclient/common/http.py:125
2020-03-20 00:05:31.148 725 DEBUG glanceclient.common.http [-] Request returned failure status 404. _handle_response /usr/lib/python2.7/site-packages/glanceclient/common/http.py:125
2020-03-20 00:05:31.158 725 DEBUG glanceclient.common.http [-] Request returned failure status 404. _handle_response /usr/lib/python2.7/site-packages/glanceclient/common/http.py:125
2020-03-20 00:05:31.160 725 DEBUG glanceclient.common.http [-] Request returned failure status 404. _handle_response /usr/lib/python2.7/site-packages/glanceclient/common/http.py:125
2020-03-20 00:05:31.163 725 DEBUG glanceclient.common.http [-] Request returned failure status 404. _handle_response /usr/lib/python2.7/site-packages/glanceclient/common/http.py:125
2020-03-20 00:05:31.191 725 DEBUG glanceclient.common.http [-] Request returned failure status 404. _handle_response /usr/lib/python2.7/site-packages/glanceclient/common/http.py:125
2020-03-20 00:05:31.196 725 DEBUG glanceclient.common.http [-] Request returned failure status 404. _handle_response /usr/lib/python2.7/site-packages/glanceclient/common/http.py:125
2020-03-20 00:05:31.201 725 DEBUG glanceclient.common.http [-] Request returned failure status 404. _handle_response /usr/lib/python2.7/site-packages/glanceclient/common/http.py:125
2020-03-20 00:05:31.229 725 DEBUG glanceclient.common.http [-] Request returned failure status 404. _handle_response /usr/lib/python2.7/site-packages/glanceclient/common/http.py:125
2020-03-20 00:05:31.243 725 DEBUG glanceclient.common.http [-] Request returned failure status 404. _handle_response /usr/lib/python2.7/site-packages/glanceclient/common/http.py:125
2020-03-20 00:05:31.259 725 DEBUG glanceclient.common.http [-] Request returned failure status 404. _handle_response /usr/lib/python2.7/site-packages/glanceclient/common/http.py:125
2020-03-20 00:05:32.262 725 INFO rally.task.context [-] Task ab131762-096f-473b-ab0a-ac8578542933 | Context cleanup@openstack cleanup() finished in 4.01 sec
2020-03-20 00:05:32.262 725 INFO rally.task.context [-] Task ab131762-096f-473b-ab0a-ac8578542933 | Context users@openstack cleanup() started
2020-03-20 00:05:36.102 725 INFO rally.task.context [-] Task ab131762-096f-473b-ab0a-ac8578542933 | Context users@openstack cleanup() finished in 3.84 sec
2020-03-20 00:05:36.846 725 INFO rally.task.engine [-] Load duration is: 11.362915
2020-03-20 00:05:36.847 725 INFO rally.task.engine [-] Full runner duration is: 11.754345
2020-03-20 00:05:36.847 725 INFO rally.task.engine [-] Full duration is: 23.36843
2020-03-20 00:05:36.929 725 INFO rally.task.engine [-] Running workload: position = 0 config = { "version": 2, "title": "A cropped version of a bigger task.", "description": "Auto-generated task from a single workload (uuid=a881e872-8c23-4251-be50-b19e782a3e35)", "subtasks": [ { "title": "GlanceImages.create_and_update_image", "description": "Create an image then update it.", "scenario": { "GlanceImages.create_and_update_image": { "container_format": "bare", "disk_format": "qcow2", "image_location": "/home/opnfv/functest/images/cirros-0.4.0-x86_64-disk.img" } }, "contexts": { "users": { "tenants": 3, "users_per_tenant": 2 } }, "runner": { "constant": { "concurrency": 4, "times": 10 } }, "hooks": [], "sla": { "failure_rate": { "max": 0 } } } ] }
2020-03-20 00:05:36.960 725 RALLYDEBUG rally_openstack.contexts.keystone.users [-] Creating 3 tenants using 20 threads
2020-03-20 00:05:37.518 725 RALLYDEBUG rally_openstack.contexts.keystone.users [-] Creating 6 users using 20 threads
2020-03-20 00:05:39.161 725 INFO rally.task.context [-] Task ab131762-096f-473b-ab0a-ac8578542933 | Context users@openstack setup() finished in 2.20 sec
2020-03-20 00:05:39.161 725 INFO rally.task.context [-] Task ab131762-096f-473b-ab0a-ac8578542933 | Context cleanup@openstack setup() finished in 0.02 msec
2020-03-20 00:05:39.174 725 RALLYDEBUG rally.task.runner [-] Starting the constant runner (task UUID: ab131762-096f-473b-ab0a-ac8578542933). timeout: 0 concurrency: 4 concurrency_per_worker: 1 times: 10 concurrency_overhead: 0 processes_to_start: 4 max_cpu_used: 88
2020-03-20 00:05:39.190 1757 RALLYDEBUG rally.task.runner [-] Starting a worker. concurrency: 1 args: {"container_format": "bare", "disk_format": "qcow2", "image_location": "/home/opnfv/functest/images/cirros-0.4.0-x86_64-disk.img"} times: 10 method_name: run timeout: 0 duration: None cls:
2020-03-20 00:05:39.192 1758 RALLYDEBUG rally.task.runner [-] Starting a worker. concurrency: 1 args: {"container_format": "bare", "disk_format": "qcow2", "image_location": "/home/opnfv/functest/images/cirros-0.4.0-x86_64-disk.img"} times: 10 method_name: run timeout: 0 duration: None cls:
2020-03-20 00:05:39.195 1759 RALLYDEBUG rally.task.runner [-] Starting a worker. concurrency: 1 args: {"container_format": "bare", "disk_format": "qcow2", "image_location": "/home/opnfv/functest/images/cirros-0.4.0-x86_64-disk.img"} times: 10 method_name: run timeout: 0 duration: None cls:
2020-03-20 00:05:39.197 1757 INFO rally.task.runner [-] Task ab131762-096f-473b-ab0a-ac8578542933 | ITER: 1 START
2020-03-20 00:05:39.199 1760 RALLYDEBUG rally.task.runner [-] Starting a worker. concurrency: 1 args: {"container_format": "bare", "disk_format": "qcow2", "image_location": "/home/opnfv/functest/images/cirros-0.4.0-x86_64-disk.img"} times: 10 method_name: run timeout: 0 duration: None cls:
2020-03-20 00:05:39.203 1759 INFO rally.task.runner [-] Task ab131762-096f-473b-ab0a-ac8578542933 | ITER: 3 START
2020-03-20 00:05:39.205 1758 INFO rally.task.runner [-] Task ab131762-096f-473b-ab0a-ac8578542933 | ITER: 2 START
2020-03-20 00:05:39.206 1760 INFO rally.task.runner [-] Task ab131762-096f-473b-ab0a-ac8578542933 | ITER: 4 START
