2020-03-07 22:17:16.200 6 RALLYDEBUG rally.api [-] INFO logs from urllib3 and requests module are hide.
2020-03-07 22:17:16.201 6 RALLYDEBUG rally.api [-] urllib3 insecure warnings are hidden.
2020-03-07 22:17:16.201 6 RALLYDEBUG rally.api [-] ERROR log from boto module is hide.
2020-03-07 22:17:17.685 6 ERROR rally.cli.cliutils [-] Unexpected exception in CLI: DBRecordNotFound: Record for uuid or name is opnfv-rally not found in table envs
2020-03-07 22:17:17.685 6 ERROR rally.cli.cliutils
Traceback (most recent call last):
2020-03-07 22:17:17.685 6 ERROR rally.cli.cliutils
File "/usr/lib/python2.7/site-packages/rally/cli/cliutils.py", line 674, in run
2020-03-07 22:17:17.685 6 ERROR rally.cli.cliutils ret = fn(*fn_args, **fn_kwargs)
2020-03-07 22:17:17.685 6 ERROR rally.cli.cliutils File "", line 2, in destroy
2020-03-07 22:17:17.685 6 ERROR rally.cli.cliutils
File "/usr/lib/python2.7/site-packages/rally/cli/envutils.py", line 68, in default_from_global
2020-03-07 22:17:17.685 6 ERROR rally.cli.cliutils return f(*args, **kwargs)
2020-03-07 22:17:17.685 6 ERROR rally.cli.cliutils File "", line 2, in destroy
2020-03-07 22:17:17.685 6 ERROR rally.cli.cliutils
File "/usr/lib/python2.7/site-packages/rally/plugins/__init__.py", line 51, in ensure_plugins_are_loaded
2020-03-07 22:17:17.685 6 ERROR rally.cli.cliutils return f(*args, **kwargs)
2020-03-07 22:17:17.685 6 ERROR rally.cli.cliutils
File "/usr/lib/python2.7/site-packages/rally/cli/commands/deployment.py", line 157, in destroy
2020-03-07 22:17:17.685 6 ERROR rally.cli.cliutils api.deployment.destroy(deployment=deployment)
2020-03-07 22:17:17.685 6 ERROR rally.cli.cliutils
File "/usr/lib/python2.7/site-packages/rally/api.py", line 115, in destroy
2020-03-07 22:17:17.685 6 ERROR rally.cli.cliutils deploy = objects.Deployment.get(deployment)
2020-03-07 22:17:17.685 6 ERROR rally.cli.cliutils
File "/usr/lib/python2.7/site-packages/rally/common/objects/deploy.py", line 124, in get
2020-03-07 22:17:17.685 6 ERROR rally.cli.cliutils return Deployment(env_mgr.EnvManager.get(deploy))
2020-03-07 22:17:17.685 6 ERROR rally.cli.cliutils
File "/usr/lib/python2.7/site-packages/rally/env/env_mgr.py", line 212, in get
2020-03-07 22:17:17.685 6 ERROR rally.cli.cliutils return cls(db.env_get(uuid_or_name))
2020-03-07 22:17:17.685 6 ERROR rally.cli.cliutils
File "/usr/lib/python2.7/site-packages/rally/common/db/api.py", line 135, in wrapper
2020-03-07 22:17:17.685 6 ERROR rally.cli.cliutils result = f(session, *args, **kwargs)
2020-03-07 22:17:17.685 6 ERROR rally.cli.cliutils
File "/usr/lib/python2.7/site-packages/rally/common/db/api.py", line 521, in env_get
2020-03-07 22:17:17.685 6 ERROR rally.cli.cliutils criteria="uuid or name is %s" % uuid_or_name, table="envs")
2020-03-07 22:17:17.685 6 ERROR rally.cli.cliutils DBRecordNotFound: Record for uuid or name is opnfv-rally not found in table envs
2020-03-07 22:17:17.685 6 ERROR rally.cli.cliutils
2020-03-07 22:17:18.630 8 RALLYDEBUG rally.api [-] INFO logs from urllib3 and requests module are hide.
2020-03-07 22:17:18.630 8 RALLYDEBUG rally.api [-] urllib3 insecure warnings are hidden.
2020-03-07 22:17:18.630 8 RALLYDEBUG rally.api [-] ERROR log from boto module is hide.
2020-03-07 22:17:21.000 10 RALLYDEBUG rally.api [-] INFO logs from urllib3 and requests module are hide.
2020-03-07 22:17:21.001 10 RALLYDEBUG rally.api [-] urllib3 insecure warnings are hidden.
2020-03-07 22:17:21.001 10 RALLYDEBUG rally.api [-] ERROR log from boto module is hide.
2020-03-07 22:17:23.807 13 RALLYDEBUG rally.api [-] INFO logs from urllib3 and requests module are hide.
2020-03-07 22:17:23.807 13 RALLYDEBUG rally.api [-] urllib3 insecure warnings are hidden.
2020-03-07 22:17:23.807 13 RALLYDEBUG rally.api [-] ERROR log from boto module is hide.
2020-03-07 22:17:25.403 15 RALLYDEBUG rally.api [-] INFO logs from urllib3 and requests module are hide.
2020-03-07 22:17:25.403 15 RALLYDEBUG rally.api [-] urllib3 insecure warnings are hidden.
2020-03-07 22:17:25.403 15 RALLYDEBUG rally.api [-] ERROR log from boto module is hide.
2020-03-07 22:17:26.592 15 INFO rally.common.plugin.discover [-] Loading plugins from directories /root/.rally/plugins/*
2020-03-07 22:17:26.593 15 INFO rally.common.plugin.discover [-] Loaded module with plugins: /root/.rally/plugins/__init__.py
2020-03-07 22:17:26.595 15 INFO rally.common.plugin.discover [-] Loaded module with plugins: /root/.rally/plugins/trunk_scenario.py
2020-03-07 22:17:26.788 15 INFO rally.task.engine [-] Task db91e353-d4c3-42d8-aa84-2aeb9858fed7 | Starting: Task validation.
2020-03-07 22:17:26.794 15 INFO rally.task.engine [-] Task db91e353-d4c3-42d8-aa84-2aeb9858fed7 | Starting: Task validation of syntax.
2020-03-07 22:17:27.039 15 INFO rally.task.engine [-] Task db91e353-d4c3-42d8-aa84-2aeb9858fed7 | Completed: Task validation of syntax.
2020-03-07 22:17:27.039 15 INFO rally.task.engine [-] Task db91e353-d4c3-42d8-aa84-2aeb9858fed7 | Starting: Task validation of required platforms.
2020-03-07 22:17:27.158 15 INFO rally.task.engine [-] Task db91e353-d4c3-42d8-aa84-2aeb9858fed7 | Completed: Task validation of required platforms.
2020-03-07 22:17:27.158 15 INFO rally.task.engine [-] Task db91e353-d4c3-42d8-aa84-2aeb9858fed7 | Starting: Task validation of semantic.
2020-03-07 22:17:27.158 15 INFO rally.task.engine [-] Check health of the environment '988c1f12-4347-4576-89a9-5dcd5821fda3'.
2020-03-07 22:17:27.695 15 INFO rally.task.engine [-] Platform existing@openstack (available: True): OK!
2020-03-07 22:17:27.718 15 RALLYDEBUG rally_openstack.contexts.keystone.users [-] Creating 1 tenants using 20 threads
2020-03-07 22:17:28.003 15 RALLYDEBUG rally_openstack.contexts.keystone.users [-] Creating 1 users using 20 threads
2020-03-07 22:17:28.525 15 INFO rally.task.context [-] Task db91e353-d4c3-42d8-aa84-2aeb9858fed7 | Context users@openstack setup() finished in 0.81 sec
2020-03-07 22:17:29.903 15 INFO rally.task.context [-] Task db91e353-d4c3-42d8-aa84-2aeb9858fed7 | Context users@openstack cleanup() started
2020-03-07 22:17:32.607 15 INFO rally.task.context [-] Task db91e353-d4c3-42d8-aa84-2aeb9858fed7 | Context users@openstack cleanup() finished in 2.70 sec
2020-03-07 22:17:32.608 15 INFO rally.task.engine [-] Task db91e353-d4c3-42d8-aa84-2aeb9858fed7 | Completed: Task validation of semantic.
2020-03-07 22:17:32.608 15 INFO rally.task.engine [-] Task db91e353-d4c3-42d8-aa84-2aeb9858fed7 | Completed: Task validation.
2020-03-07 22:17:32.608 15 INFO rally.api [-] Task db91e353-d4c3-42d8-aa84-2aeb9858fed7 input file is valid.
2020-03-07 22:17:32.609 15 INFO rally.api [-] Run Task db91e353-d4c3-42d8-aa84-2aeb9858fed7 against Deployment 988c1f12-4347-4576-89a9-5dcd5821fda3
2020-03-07 22:17:32.609 15 INFO rally.task.engine [-] Task db91e353-d4c3-42d8-aa84-2aeb9858fed7 | Starting: Running task.
2020-03-07 22:17:32.645 15 INFO rally.task.engine [-] Running workload: position = 0 config = { "version": 2, "title": "A cropped version of a bigger task.", "description": "Auto-generated task from a single workload (uuid=0190cedc-d35f-4fd2-9016-0c0513bdb6db)", "subtasks": [ { "title": "NeutronNetworks.create_and_list_networks", "description": "Check performance of list_networks action and ensure > network quotas are not exceeded", "scenario": { "NeutronNetworks.create_and_list_networks": {} }, "contexts": { "users": { "tenants": 1, "users_per_tenant": 1 }, "quotas": { "neutron": { "network": 119 } } }, "runner": { "constant": { "times": 100, "concurrency": 20 } }, "hooks": [], "sla": { "max_avg_duration_per_atomic": { "neutron.list_networks": 15 }, "failure_rate": { "max": 0 } } } ] }
2020-03-07 22:17:32.667 15 RALLYDEBUG rally_openstack.contexts.keystone.users [-] Creating 1 tenants using 20 threads
2020-03-07 22:17:33.004 15 RALLYDEBUG rally_openstack.contexts.keystone.users [-] Creating 1 users using 20 threads
2020-03-07 22:17:33.402 15 INFO rally.task.context [-] Task db91e353-d4c3-42d8-aa84-2aeb9858fed7 | Context users@openstack setup() finished in 0.73 sec
2020-03-07 22:17:33.746 15 INFO rally.task.context [-] Task db91e353-d4c3-42d8-aa84-2aeb9858fed7 | Context quotas@openstack setup() finished in 0.34 sec
2020-03-07 22:17:33.746 15 INFO rally.task.context [-] Task db91e353-d4c3-42d8-aa84-2aeb9858fed7 | Context cleanup@openstack setup() finished in 0.02 msec
2020-03-07 22:17:33.755 15 RALLYDEBUG rally.task.runner [-] Starting the constant runner (task UUID: db91e353-d4c3-42d8-aa84-2aeb9858fed7). timeout: 0 concurrency: 20 concurrency_per_worker: 1 times: 100 concurrency_overhead: 0 processes_to_start: 20 max_cpu_used: 88
2020-03-07 22:17:33.767 139 RALLYDEBUG rally.task.runner [-] Starting a worker. concurrency: 1 args: {} times: 100 method_name: run timeout: 0 duration: None cls:
2020-03-07 22:17:33.770 140 RALLYDEBUG rally.task.runner [-] Starting a worker. concurrency: 1 args: {} times: 100 method_name: run timeout: 0 duration: None cls:
2020-03-07 22:17:33.773 139 INFO rally.task.runner [-] Task db91e353-d4c3-42d8-aa84-2aeb9858fed7 | ITER: 1 START
2020-03-07 22:17:33.773 141 RALLYDEBUG rally.task.runner [-] Starting a worker. concurrency: 1 args: {} times: 100 method_name: run timeout: 0 duration: None cls:
2020-03-07 22:17:33.778 141 INFO rally.task.runner [-] Task db91e353-d4c3-42d8-aa84-2aeb9858fed7 | ITER: 3 START
2020-03-07 22:17:33.779 145 RALLYDEBUG rally.task.runner [-] Starting a worker. concurrency: 1 args: {} times: 100 method_name: run timeout: 0 duration: None cls:
2020-03-07 22:17:33.780 142 RALLYDEBUG rally.task.runner [-] Starting a worker. concurrency: 1 args: {} times: 100 method_name: run timeout: 0 duration: None cls:
2020-03-07 22:17:33.785 145 INFO rally.task.runner [-] Task db91e353-d4c3-42d8-aa84-2aeb9858fed7 | ITER: 4 START
2020-03-07 22:17:33.785 142 INFO rally.task.runner [-] Task db91e353-d4c3-42d8-aa84-2aeb9858fed7 | ITER: 5 START
2020-03-07 22:17:33.785 140 INFO rally.task.runner [-] Task db91e353-d4c3-42d8-aa84-2aeb9858fed7 | ITER: 2 START
2020-03-07 22:17:33.785 150 RALLYDEBUG rally.task.runner [-] Starting a worker. concurrency: 1 args: {} times: 100 method_name: run timeout: 0 duration: None cls:
2020-03-07 22:17:33.788 151 RALLYDEBUG rally.task.runner [-] Starting a worker. concurrency: 1 args: {} times: 100 method_name: run timeout: 0 duration: None cls:
2020-03-07 22:17:33.790 147 RALLYDEBUG rally.task.runner [-] Starting a worker. concurrency: 1 args: {} times: 100 method_name: run timeout: 0 duration: None cls:
2020-03-07 22:17:33.794 151 INFO rally.task.runner [-] Task db91e353-d4c3-42d8-aa84-2aeb9858fed7 | ITER: 7 START
2020-03-07 22:17:33.796 157 RALLYDEBUG rally.task.runner [-] Starting a worker. concurrency: 1 args: {} times: 100 method_name: run timeout: 0 duration: None cls:
2020-03-07 22:17:33.797 147 INFO rally.task.runner [-] Task db91e353-d4c3-42d8-aa84-2aeb9858fed7 | ITER: 8 START
2020-03-07 22:17:33.797 150 INFO rally.task.runner [-] Task db91e353-d4c3-42d8-aa84-2aeb9858fed7 | ITER: 6 START
2020-03-07 22:17:33.799 160 RALLYDEBUG rally.task.runner [-] Starting a worker. concurrency: 1 args: {} times: 100 method_name: run timeout: 0 duration: None cls:
2020-03-07 22:17:33.801 157 INFO rally.task.runner [-] Task db91e353-d4c3-42d8-aa84-2aeb9858fed7 | ITER: 9 START
2020-03-07 22:17:33.802 167 RALLYDEBUG rally.task.runner [-] Starting a worker. concurrency: 1 args: {} times: 100 method_name: run timeout: 0 duration: None cls:
2020-03-07 22:17:33.806 160 INFO rally.task.runner [-] Task db91e353-d4c3-42d8-aa84-2aeb9858fed7 | ITER: 10 START
2020-03-07 22:17:33.805 158 RALLYDEBUG rally.task.runner [-] Starting a worker. concurrency: 1 args: {} times: 100 method_name: run timeout: 0 duration: None cls:
2020-03-07 22:17:33.805 165 RALLYDEBUG rally.task.runner [-] Starting a worker. concurrency: 1 args: {} times: 100 method_name: run timeout: 0 duration: None cls:
2020-03-07 22:17:33.807 167 INFO rally.task.runner [-] Task db91e353-d4c3-42d8-aa84-2aeb9858fed7 | ITER: 11 START
2020-03-07 22:17:33.807 171 RALLYDEBUG rally.task.runner [-] Starting a worker. concurrency: 1 args: {} times: 100 method_name: run timeout: 0 duration: None cls:
2020-03-07 22:17:33.811 165 INFO rally.task.runner [-] Task db91e353-d4c3-42d8-aa84-2aeb9858fed7 | ITER: 13 START
2020-03-07 22:17:33.812 171 INFO rally.task.runner [-] Task db91e353-d4c3-42d8-aa84-2aeb9858fed7 | ITER: 14 START
2020-03-07 22:17:33.811 168 RALLYDEBUG rally.task.runner [-] Starting a worker. concurrency: 1 args: {} times: 100 method_name: run timeout: 0 duration: None cls:
2020-03-07 22:17:33.811 174 RALLYDEBUG rally.task.runner [-] Starting a worker. concurrency: 1 args: {} times: 100 method_name: run timeout: 0 duration: None cls:
2020-03-07 22:17:33.815 158 INFO rally.task.runner [-] Task db91e353-d4c3-42d8-aa84-2aeb9858fed7 | ITER: 12 START
2020-03-07 22:17:33.814 177 RALLYDEBUG rally.task.runner [-] Starting a worker. concurrency: 1 args: {} times: 100 method_name: run timeout: 0 duration: None cls:
2020-03-07 22:17:33.817 184 RALLYDEBUG rally.task.runner [-] Starting a worker. concurrency: 1 args: {} times: 100 method_name: run timeout: 0 duration: None cls:
2020-03-07 22:17:33.818 174 INFO rally.task.runner [-] Task db91e353-d4c3-42d8-aa84-2aeb9858fed7 | ITER: 16 START
2020-03-07 22:17:33.819 185 RALLYDEBUG rally.task.runner [-] Starting a worker. concurrency: 1 args: {} times: 100 method_name: run timeout: 0 duration: None cls:
2020-03-07 22:17:33.822 177 INFO rally.task.runner [-] Task db91e353-d4c3-42d8-aa84-2aeb9858fed7 | ITER: 17 START
2020-03-07 22:17:33.822 190 RALLYDEBUG rally.task.runner [-] Starting a worker. concurrency: 1 args: {} times: 100 method_name: run timeout: 0 duration: None cls:
2020-03-07 22:17:33.823 168 INFO rally.task.runner [-] Task db91e353-d4c3-42d8-aa84-2aeb9858fed7 | ITER: 15 START
2020-03-07 22:17:33.826 185 INFO rally.task.runner [-] Task db91e353-d4c3-42d8-aa84-2aeb9858fed7 | ITER: 19 START
2020-03-07 22:17:33.828 184 INFO rally.task.runner [-] Task db91e353-d4c3-42d8-aa84-2aeb9858fed7 | ITER: 18 START
2020-03-07 22:17:33.832 190 INFO rally.task.runner [-] Task db91e353-d4c3-42d8-aa84-2aeb9858fed7 | ITER: 20 START
2020-03-07 22:17:34.999 141 INFO rally.task.runner [-] Task db91e353-d4c3-42d8-aa84-2aeb9858fed7 | ITER: 3 END: OK
2020-03-07 22:17:35.004 141 INFO rally.task.runner [-] Task db91e353-d4c3-42d8-aa84-2aeb9858fed7 | ITER: 21 START
2020-03-07 22:17:35.298 145 INFO rally.task.runner [-] Task db91e353-d4c3-42d8-aa84-2aeb9858fed7 | ITER: 4 END: OK
2020-03-07 22:17:35.303 145 INFO rally.task.runner [-] Task db91e353-d4c3-42d8-aa84-2aeb9858fed7 | ITER: 22 START
2020-03-07 22:17:35.350 139 INFO rally.task.runner [-] Task db91e353-d4c3-42d8-aa84-2aeb9858fed7 | ITER: 1 END: OK
2020-03-07 22:17:35.355 139 INFO rally.task.runner [-] Task db91e353-d4c3-42d8-aa84-2aeb9858fed7 | ITER: 23 START
2020-03-07 22:17:35.355 140 INFO rally.task.runner [-] Task db91e353-d4c3-42d8-aa84-2aeb9858fed7 | ITER: 2 END: OK
2020-03-07 22:17:35.360 140 INFO rally.task.runner [-] Task db91e353-d4c3-42d8-aa84-2aeb9858fed7 | ITER: 24 START
2020-03-07 22:17:35.375 147 INFO rally.task.runner [-] Task db91e353-d4c3-42d8-aa84-2aeb9858fed7 | ITER: 8 END: OK
2020-03-07 22:17:35.380 147 INFO rally.task.runner [-] Task db91e353-d4c3-42d8-aa84-2aeb9858fed7 | ITER: 25 START
2020-03-07 22:17:35.426 160 INFO rally.task.runner [-] Task db91e353-d4c3-42d8-aa84-2aeb9858fed7 | ITER: 10 END: OK
2020-03-07 22:17:35.431 160 INFO rally.task.runner [-] Task db91e353-d4c3-42d8-aa84-2aeb9858fed7 | ITER: 26 START
2020-03-07 22:17:35.437 142 INFO rally.task.runner [-] Task db91e353-d4c3-42d8-aa84-2aeb9858fed7 | ITER: 5 END: OK
2020-03-07 22:17:35.442 142 INFO rally.task.runner [-] Task db91e353-d4c3-42d8-aa84-2aeb9858fed7 | ITER: 27 START
2020-03-07 22:17:35.443 184 INFO rally.task.runner [-] Task db91e353-d4c3-42d8-aa84-2aeb9858fed7 | ITER: 18 END: OK
2020-03-07 22:17:35.446 184 INFO rally.task.runner [-] Task db91e353-d4c3-42d8-aa84-2aeb9858fed7 | ITER: 28 START
2020-03-07 22:17:35.492 177 INFO rally.task.runner [-] Task db91e353-d4c3-42d8-aa84-2aeb9858fed7 | ITER: 17 END: OK
2020-03-07 22:17:35.497 177 INFO rally.task.runner [-] Task db91e353-d4c3-42d8-aa84-2aeb9858fed7 | ITER: 29 START
2020-03-07 22:17:35.525 150 INFO rally.task.runner [-] Task db91e353-d4c3-42d8-aa84-2aeb9858fed7 | ITER: 6 END: OK
2020-03-07 22:17:35.530 150 INFO rally.task.runner [-] Task db91e353-d4c3-42d8-aa84-2aeb9858fed7 | ITER: 30 START
2020-03-07 22:17:35.661 165 INFO rally.task.runner [-] Task db91e353-d4c3-42d8-aa84-2aeb9858fed7 | ITER: 13 END: OK
2020-03-07 22:17:35.665 165 INFO rally.task.runner [-] Task db91e353-d4c3-42d8-aa84-2aeb9858fed7 | ITER: 31 START
2020-03-07 22:17:35.977 190 INFO rally.task.runner [-] Task db91e353-d4c3-42d8-aa84-2aeb9858fed7 | ITER: 20 END: OK
2020-03-07 22:17:35.981 190 INFO rally.task.runner [-] Task db91e353-d4c3-42d8-aa84-2aeb9858fed7 | ITER: 32 START
2020-03-07 22:17:36.099 157 INFO rally.task.runner [-] Task db91e353-d4c3-42d8-aa84-2aeb9858fed7 | ITER: 9 END: OK
2020-03-07 22:17:36.104 157 INFO rally.task.runner [-] Task db91e353-d4c3-42d8-aa84-2aeb9858fed7 | ITER: 33 START
2020-03-07 22:17:36.140 171 INFO rally.task.runner [-] Task db91e353-d4c3-42d8-aa84-2aeb9858fed7 | ITER: 14 END: OK
2020-03-07 22:17:36.144 171 INFO rally.task.runner [-] Task db91e353-d4c3-42d8-aa84-2aeb9858fed7 | ITER: 34 START
2020-03-07 22:17:36.165 168 INFO rally.task.runner [-] Task db91e353-d4c3-42d8-aa84-2aeb9858fed7 | ITER: 15 END: OK
2020-03-07 22:17:36.170 168 INFO rally.task.runner [-] Task db91e353-d4c3-42d8-aa84-2aeb9858fed7 | ITER: 35 START
2020-03-07 22:17:36.204 174 INFO rally.task.runner [-] Task db91e353-d4c3-42d8-aa84-2aeb9858fed7 | ITER: 16 END: OK
2020-03-07 22:17:36.208 174 INFO rally.task.runner [-] Task db91e353-d4c3-42d8-aa84-2aeb9858fed7 | ITER: 36 START
2020-03-07 22:17:36.369 145 INFO rally.task.runner [-] Task db91e353-d4c3-42d8-aa84-2aeb9858fed7 | ITER: 22 END: OK
2020-03-07 22:17:36.373 145 INFO rally.task.runner [-] Task db91e353-d4c3-42d8-aa84-2aeb9858fed7 | ITER: 37 START
2020-03-07 22:17:37.108 167 INFO rally.task.runner [-] Task db91e353-d4c3-42d8-aa84-2aeb9858fed7 | ITER: 11 END: OK
2020-03-07 22:17:37.112 167 INFO rally.task.runner [-] Task db91e353-d4c3-42d8-aa84-2aeb9858fed7 | ITER: 38 START
2020-03-07 22:17:37.216 185 INFO rally.task.runner [-] Task db91e353-d4c3-42d8-aa84-2aeb9858fed7 | ITER: 19 END: OK
2020-03-07 22:17:37.219 185 INFO rally.task.runner [-] Task db91e353-d4c3-42d8-aa84-2aeb9858fed7 | ITER: 39 START
2020-03-07 22:17:37.298 151 INFO rally.task.runner [-] Task db91e353-d4c3-42d8-aa84-2aeb9858fed7 | ITER: 7 END: OK
2020-03-07 22:17:37.302 151 INFO rally.task.runner [-] Task db91e353-d4c3-42d8-aa84-2aeb9858fed7 | ITER: 40 START
2020-03-07 22:17:37.424 158 INFO rally.task.runner [-] Task db91e353-d4c3-42d8-aa84-2aeb9858fed7 | ITER: 12 END: OK
2020-03-07 22:17:37.429 158 INFO rally.task.runner [-] Task db91e353-d4c3-42d8-aa84-2aeb9858fed7 | ITER: 41 START
2020-03-07 22:17:37.864 184 INFO rally.task.runner [-] Task db91e353-d4c3-42d8-aa84-2aeb9858fed7 | ITER: 28 END: OK
2020-03-07 22:17:37.868 184 INFO rally.task.runner [-] Task db91e353-d4c3-42d8-aa84-2aeb9858fed7 | ITER: 42 START
2020-03-07 22:17:38.664 140 INFO rally.task.runner [-] Task db91e353-d4c3-42d8-aa84-2aeb9858fed7 | ITER: 24 END: OK
2020-03-07 22:17:38.668 140 INFO rally.task.runner [-] Task db91e353-d4c3-42d8-aa84-2aeb9858fed7 | ITER: 43 START
2020-03-07 22:17:38.683 147 INFO rally.task.runner [-] Task db91e353-d4c3-42d8-aa84-2aeb9858fed7 | ITER: 25 END: OK
2020-03-07 22:17:38.687 147 INFO rally.task.runner [-] Task db91e353-d4c3-42d8-aa84-2aeb9858fed7 | ITER: 44 START
2020-03-07 22:17:38.694 150 INFO rally.task.runner [-] Task db91e353-d4c3-42d8-aa84-2aeb9858fed7 | ITER: 30 END: OK
2020-03-07 22:17:38.698 150 INFO rally.task.runner [-] Task db91e353-d4c3-42d8-aa84-2aeb9858fed7 | ITER: 45 START
2020-03-07 22:17:38.819 174 INFO rally.task.runner [-] Task db91e353-d4c3-42d8-aa84-2aeb9858fed7 | ITER: 36 END: OK
2020-03-07 22:17:38.823 174 INFO rally.task.runner [-] Task db91e353-d4c3-42d8-aa84-2aeb9858fed7 | ITER: 46 START
2020-03-07 22:17:38.878 141 INFO rally.task.runner [-] Task db91e353-d4c3-42d8-aa84-2aeb9858fed7 | ITER: 21 END: OK
2020-03-07 22:17:38.882 141 INFO rally.task.runner [-] Task db91e353-d4c3-42d8-aa84-2aeb9858fed7 | ITER: 47 START
2020-03-07 22:17:39.020 165 INFO rally.task.runner [-] Task db91e353-d4c3-42d8-aa84-2aeb9858fed7 | ITER: 31 END: OK
2020-03-07 22:17:39.023 165 INFO rally.task.runner [-] Task db91e353-d4c3-42d8-aa84-2aeb9858fed7 | ITER: 48 START
2020-03-07 22:17:39.233 171 INFO rally.task.runner [-] Task db91e353-d4c3-42d8-aa84-2aeb9858fed7 | ITER: 34 END: OK
2020-03-07 22:17:39.236 171 INFO rally.task.runner [-] Task db91e353-d4c3-42d8-aa84-2aeb9858fed7 | ITER: 49 START
2020-03-07 22:17:39.284 142 INFO rally.task.runner [-] Task db91e353-d4c3-42d8-aa84-2aeb9858fed7 | ITER: 27 END: OK
2020-03-07 22:17:39.285 139 INFO rally.task.runner [-] Task db91e353-d4c3-42d8-aa84-2aeb9858fed7 | ITER: 23 END: OK
2020-03-07 22:17:39.288 142 INFO rally.task.runner [-] Task db91e353-d4c3-42d8-aa84-2aeb9858fed7 | ITER: 50 START
2020-03-07 22:17:39.288 139 INFO rally.task.runner [-] Task db91e353-d4c3-42d8-aa84-2aeb9858fed7 | ITER: 51 START
2020-03-07 22:17:39.632 160 INFO rally.task.runner [-] Task db91e353-d4c3-42d8-aa84-2aeb9858fed7 | ITER: 26 END: OK
2020-03-07 22:17:39.636 160 INFO rally.task.runner [-] Task db91e353-d4c3-42d8-aa84-2aeb9858fed7 | ITER: 52 START
2020-03-07 22:17:39.779 177 INFO rally.task.runner [-] Task db91e353-d4c3-42d8-aa84-2aeb9858fed7 | ITER: 29 END: OK
2020-03-07 22:17:39.783 177 INFO rally.task.runner [-] Task db91e353-d4c3-42d8-aa84-2aeb9858fed7 | ITER: 53 START
2020-03-07 22:17:40.007 190 INFO rally.task.runner [-] Task db91e353-d4c3-42d8-aa84-2aeb9858fed7 | ITER: 32 END: OK
2020-03-07 22:17:40.011 190 INFO rally.task.runner [-] Task db91e353-d4c3-42d8-aa84-2aeb9858fed7 | ITER: 54 START
2020-03-07 22:17:40.016 157 INFO rally.task.runner [-] Task db91e353-d4c3-42d8-aa84-2aeb9858fed7 | ITER: 33 END: OK
2020-03-07 22:17:40.019 157 INFO rally.task.runner [-] Task db91e353-d4c3-42d8-aa84-2aeb9858fed7 | ITER: 55 START
2020-03-07 22:17:40.025 168 INFO rally.task.runner [-] Task db91e353-d4c3-42d8-aa84-2aeb9858fed7 | ITER: 35 END: OK
2020-03-07 22:17:40.029 168 INFO rally.task.runner [-] Task db91e353-d4c3-42d8-aa84-2aeb9858fed7 | ITER: 56 START
2020-03-07 22:17:40.162 185 INFO rally.task.runner [-] Task db91e353-d4c3-42d8-aa84-2aeb9858fed7 | ITER: 39 END: OK
2020-03-07 22:17:40.166 185 INFO rally.task.runner [-] Task db91e353-d4c3-42d8-aa84-2aeb9858fed7 | ITER: 57 START
2020-03-07 22:17:40.433 158 INFO rally.task.runner [-] Task db91e353-d4c3-42d8-aa84-2aeb9858fed7 | ITER: 41 END: OK
2020-03-07 22:17:40.436 158 INFO rally.task.runner [-] Task db91e353-d4c3-42d8-aa84-2aeb9858fed7 | ITER: 58 START
2020-03-07 22:17:40.864 145 INFO rally.task.runner [-] Task db91e353-d4c3-42d8-aa84-2aeb9858fed7 | ITER: 37 END: OK
2020-03-07 22:17:40.868 145 INFO rally.task.runner [-] Task db91e353-d4c3-42d8-aa84-2aeb9858fed7 | ITER: 59 START
2020-03-07 22:17:41.086 184 INFO rally.task.runner [-] Task db91e353-d4c3-42d8-aa84-2aeb9858fed7 | ITER: 42 END: OK
2020-03-07 22:17:41.090 184 INFO rally.task.runner [-] Task db91e353-d4c3-42d8-aa84-2aeb9858fed7 | ITER: 60 START
2020-03-07 22:17:41.268 167 INFO rally.task.runner [-] Task db91e353-d4c3-42d8-aa84-2aeb9858fed7 | ITER: 38 END: OK
2020-03-07 22:17:41.271 167 INFO rally.task.runner [-] Task db91e353-d4c3-42d8-aa84-2aeb9858fed7 | ITER: 61 START
2020-03-07 22:17:41.484 150 INFO rally.task.runner [-] Task db91e353-d4c3-42d8-aa84-2aeb9858fed7 | ITER: 45 END: OK
2020-03-07 22:17:41.488 150 INFO rally.task.runner [-] Task db91e353-d4c3-42d8-aa84-2aeb9858fed7 | ITER: 62 START
2020-03-07 22:17:41.580 147 INFO rally.task.runner [-] Task db91e353-d4c3-42d8-aa84-2aeb9858fed7 | ITER: 44 END: OK
2020-03-07 22:17:41.583 147 INFO rally.task.runner [-] Task db91e353-d4c3-42d8-aa84-2aeb9858fed7 | ITER: 63 START
2020-03-07 22:17:41.759 151 INFO rally.task.runner [-] Task db91e353-d4c3-42d8-aa84-2aeb9858fed7 | ITER: 40 END: OK
2020-03-07 22:17:41.763 151 INFO rally.task.runner [-] Task db91e353-d4c3-42d8-aa84-2aeb9858fed7 | ITER: 64 START
2020-03-07 22:17:42.491 140 INFO rally.task.runner [-] Task db91e353-d4c3-42d8-aa84-2aeb9858fed7 | ITER: 43 END: OK
2020-03-07 22:17:42.494 140 INFO rally.task.runner [-] Task db91e353-d4c3-42d8-aa84-2aeb9858fed7 | ITER: 65 START
2020-03-07 22:17:42.497 168 INFO rally.task.runner [-] Task db91e353-d4c3-42d8-aa84-2aeb9858fed7 | ITER: 56 END: OK
2020-03-07 22:17:42.500 168 INFO rally.task.runner [-] Task db91e353-d4c3-42d8-aa84-2aeb9858fed7 | ITER: 66 START
2020-03-07 22:17:42.593 165 INFO rally.task.runner [-] Task db91e353-d4c3-42d8-aa84-2aeb9858fed7 | ITER: 48 END: OK
2020-03-07 22:17:42.597 165 INFO rally.task.runner [-] Task db91e353-d4c3-42d8-aa84-2aeb9858fed7 | ITER: 67 START
2020-03-07 22:17:42.748 142 INFO rally.task.runner [-] Task db91e353-d4c3-42d8-aa84-2aeb9858fed7 | ITER: 50 END: OK
2020-03-07 22:17:42.751 142 INFO rally.task.runner [-] Task db91e353-d4c3-42d8-aa84-2aeb9858fed7 | ITER: 68 START
2020-03-07 22:17:43.013 190 INFO rally.task.runner [-] Task db91e353-d4c3-42d8-aa84-2aeb9858fed7 | ITER: 54 END: OK
2020-03-07 22:17:43.017 190 INFO rally.task.runner [-] Task db91e353-d4c3-42d8-aa84-2aeb9858fed7 | ITER: 69 START
2020-03-07 22:17:43.195 160 INFO rally.task.runner [-] Task db91e353-d4c3-42d8-aa84-2aeb9858fed7 | ITER: 52 END: OK
2020-03-07 22:17:43.198 160 INFO rally.task.runner [-] Task db91e353-d4c3-42d8-aa84-2aeb9858fed7 | ITER: 70 START
2020-03-07 22:17:43.354 139 INFO rally.task.runner [-] Task db91e353-d4c3-42d8-aa84-2aeb9858fed7 | ITER: 51 END: OK
2020-03-07 22:17:43.357 139 INFO rally.task.runner [-] Task db91e353-d4c3-42d8-aa84-2aeb9858fed7 | ITER: 71 START
2020-03-07 22:17:43.788 141 INFO rally.task.runner [-] Task db91e353-d4c3-42d8-aa84-2aeb9858fed7 | ITER: 47 END: OK
2020-03-07 22:17:43.791 141 INFO rally.task.runner [-] Task db91e353-d4c3-42d8-aa84-2aeb9858fed7 | ITER: 72 START
2020-03-07 22:17:43.895 171 INFO rally.task.runner [-] Task db91e353-d4c3-42d8-aa84-2aeb9858fed7 | ITER: 49 END: OK
2020-03-07 22:17:43.899 171 INFO rally.task.runner [-] Task db91e353-d4c3-42d8-aa84-2aeb9858fed7 | ITER: 73 START
2020-03-07 22:17:43.994 174 INFO rally.task.runner [-] Task db91e353-d4c3-42d8-aa84-2aeb9858fed7 | ITER: 46 END: OK
2020-03-07 22:17:43.998 174 INFO rally.task.runner [-] Task db91e353-d4c3-42d8-aa84-2aeb9858fed7 | ITER: 74 START
2020-03-07 22:17:44.575 177 INFO rally.task.runner [-] Task db91e353-d4c3-42d8-aa84-2aeb9858fed7 | ITER: 53 END: OK
2020-03-07 22:17:44.578 177 INFO rally.task.runner [-] Task db91e353-d4c3-42d8-aa84-2aeb9858fed7 | ITER: 75 START
2020-03-07 22:17:44.848 147 INFO rally.task.runner [-] Task db91e353-d4c3-42d8-aa84-2aeb9858fed7 | ITER: 63 END: OK
2020-03-07 22:17:44.852 147 INFO rally.task.runner [-] Task db91e353-d4c3-42d8-aa84-2aeb9858fed7 | ITER: 76 START
2020-03-07 22:17:45.363 140 INFO rally.task.runner [-] Task db91e353-d4c3-42d8-aa84-2aeb9858fed7 | ITER: 65 END: OK
2020-03-07 22:17:45.366 140 INFO rally.task.runner [-] Task db91e353-d4c3-42d8-aa84-2aeb9858fed7 | ITER: 77 START
2020-03-07 22:17:45.423 185 INFO rally.task.runner [-] Task db91e353-d4c3-42d8-aa84-2aeb9858fed7 | ITER: 57 END: OK
2020-03-07 22:17:45.426 185 INFO rally.task.runner [-] Task db91e353-d4c3-42d8-aa84-2aeb9858fed7 | ITER: 78 START
2020-03-07 22:17:45.586 150 INFO rally.task.runner [-] Task db91e353-d4c3-42d8-aa84-2aeb9858fed7 | ITER: 62 END: OK
2020-03-07 22:17:45.589 150 INFO rally.task.runner [-] Task db91e353-d4c3-42d8-aa84-2aeb9858fed7 | ITER: 79 START
2020-03-07 22:17:46.281 168 INFO rally.task.runner [-] Task db91e353-d4c3-42d8-aa84-2aeb9858fed7 | ITER: 66 END: OK
2020-03-07 22:17:46.285 168 INFO rally.task.runner [-] Task db91e353-d4c3-42d8-aa84-2aeb9858fed7 | ITER: 80 START
2020-03-07 22:17:46.403 157 INFO rally.task.runner [-] Task db91e353-d4c3-42d8-aa84-2aeb9858fed7 | ITER: 55 END: OK
2020-03-07 22:17:46.407 157 INFO rally.task.runner [-] Task db91e353-d4c3-42d8-aa84-2aeb9858fed7 | ITER: 81 START
2020-03-07 22:17:46.479 139 INFO rally.task.runner [-] Task db91e353-d4c3-42d8-aa84-2aeb9858fed7 | ITER: 71 END: OK
2020-03-07 22:17:46.482 139 INFO rally.task.runner [-] Task db91e353-d4c3-42d8-aa84-2aeb9858fed7 | ITER: 82 START
2020-03-07 22:17:47.223 165 INFO rally.task.runner [-] Task db91e353-d4c3-42d8-aa84-2aeb9858fed7 | ITER: 67 END: OK
2020-03-07 22:17:47.225 158 INFO rally.task.runner [-] Task db91e353-d4c3-42d8-aa84-2aeb9858fed7 | ITER: 58 END: OK
2020-03-07 22:17:47.227 165 INFO rally.task.runner [-] Task db91e353-d4c3-42d8-aa84-2aeb9858fed7 | ITER: 83 START
2020-03-07 22:17:47.229 158 INFO rally.task.runner [-] Task db91e353-d4c3-42d8-aa84-2aeb9858fed7 | ITER: 84 START
2020-03-07 22:17:47.314 167 INFO rally.task.runner [-] Task db91e353-d4c3-42d8-aa84-2aeb9858fed7 | ITER: 61 END: OK
2020-03-07 22:17:47.318 167 INFO rally.task.runner [-] Task db91e353-d4c3-42d8-aa84-2aeb9858fed7 | ITER: 85 START
2020-03-07 22:17:47.414 145 INFO rally.task.runner [-] Task db91e353-d4c3-42d8-aa84-2aeb9858fed7 | ITER: 59 END: OK
2020-03-07 22:17:47.418 145 INFO rally.task.runner [-] Task db91e353-d4c3-42d8-aa84-2aeb9858fed7 | ITER: 86 START
2020-03-07 22:17:47.419 151 INFO rally.task.runner [-] Task db91e353-d4c3-42d8-aa84-2aeb9858fed7 | ITER: 64 END: OK
2020-03-07 22:17:47.423 151 INFO rally.task.runner [-] Task db91e353-d4c3-42d8-aa84-2aeb9858fed7 | ITER: 87 START
2020-03-07 22:17:47.617 142 INFO rally.task.runner [-] Task db91e353-d4c3-42d8-aa84-2aeb9858fed7 | ITER: 68 END: OK
2020-03-07 22:17:47.621 142 INFO rally.task.runner [-] Task db91e353-d4c3-42d8-aa84-2aeb9858fed7 | ITER: 88 START
2020-03-07 22:17:47.671 184 INFO rally.task.runner [-] Task db91e353-d4c3-42d8-aa84-2aeb9858fed7 | ITER: 60 END: OK
2020-03-07 22:17:47.675 184 INFO rally.task.runner [-] Task db91e353-d4c3-42d8-aa84-2aeb9858fed7 | ITER: 89 START
2020-03-07 22:17:48.692 190 INFO rally.task.runner [-] Task db91e353-d4c3-42d8-aa84-2aeb9858fed7 | ITER: 69 END: OK
2020-03-07 22:17:48.696 190 INFO rally.task.runner [-] Task db91e353-d4c3-42d8-aa84-2aeb9858fed7 | ITER: 90 START
2020-03-07 22:17:48.953 171 INFO rally.task.runner [-] Task db91e353-d4c3-42d8-aa84-2aeb9858fed7 | ITER: 73 END: OK
2020-03-07 22:17:48.957 171 INFO rally.task.runner [-] Task db91e353-d4c3-42d8-aa84-2aeb9858fed7 | ITER: 91 START
2020-03-07 22:17:49.129 160 INFO rally.task.runner [-] Task db91e353-d4c3-42d8-aa84-2aeb9858fed7 | ITER: 70 END: OK
2020-03-07 22:17:49.133 160 INFO rally.task.runner [-] Task db91e353-d4c3-42d8-aa84-2aeb9858fed7 | ITER: 92 START
2020-03-07 22:17:49.298 141 INFO rally.task.runner [-] Task db91e353-d4c3-42d8-aa84-2aeb9858fed7 | ITER: 72 END: OK
2020-03-07 22:17:49.302 141 INFO rally.task.runner [-] Task db91e353-d4c3-42d8-aa84-2aeb9858fed7 | ITER: 93 START
2020-03-07 22:17:49.554 177 INFO rally.task.runner [-] Task db91e353-d4c3-42d8-aa84-2aeb9858fed7 | ITER: 75 END: OK
2020-03-07 22:17:49.558 177 INFO rally.task.runner [-] Task db91e353-d4c3-42d8-aa84-2aeb9858fed7 | ITER: 94 START
2020-03-07 22:17:49.596 174 INFO rally.task.runner [-] Task db91e353-d4c3-42d8-aa84-2aeb9858fed7 | ITER: 74 END: OK
2020-03-07 22:17:49.600 174 INFO rally.task.runner [-] Task db91e353-d4c3-42d8-aa84-2aeb9858fed7 | ITER: 95 START
2020-03-07 22:17:51.071 139 INFO rally.task.runner [-] Task db91e353-d4c3-42d8-aa84-2aeb9858fed7 | ITER: 82 END: OK
2020-03-07 22:17:51.074 139 INFO rally.task.runner [-] Task db91e353-d4c3-42d8-aa84-2aeb9858fed7 | ITER: 96 START
2020-03-07 22:17:51.864 185 INFO rally.task.runner [-] Task db91e353-d4c3-42d8-aa84-2aeb9858fed7 | ITER: 78 END: OK
2020-03-07 22:17:51.866 140 INFO rally.task.runner [-] Task db91e353-d4c3-42d8-aa84-2aeb9858fed7 | ITER: 77 END: OK
2020-03-07 22:17:51.868 185 INFO rally.task.runner [-] Task db91e353-d4c3-42d8-aa84-2aeb9858fed7 | ITER: 97 START
2020-03-07 22:17:51.869 140 INFO rally.task.runner [-] Task db91e353-d4c3-42d8-aa84-2aeb9858fed7 | ITER: 98 START
2020-03-07 22:17:52.170 147 INFO rally.task.runner [-] Task db91e353-d4c3-42d8-aa84-2aeb9858fed7 | ITER: 76 END: OK
2020-03-07 22:17:52.174 147 INFO rally.task.runner [-] Task db91e353-d4c3-42d8-aa84-2aeb9858fed7 | ITER: 99 START
2020-03-07 22:17:52.235 150 INFO rally.task.runner [-] Task db91e353-d4c3-42d8-aa84-2aeb9858fed7 | ITER: 79 END: OK
2020-03-07 22:17:52.239 150 INFO rally.task.runner [-] Task db91e353-d4c3-42d8-aa84-2aeb9858fed7 | ITER: 100 START
2020-03-07 22:17:52.253 184 INFO rally.task.runner [-] Task db91e353-d4c3-42d8-aa84-2aeb9858fed7 | ITER: 89 END: OK
2020-03-07 22:17:52.481 151 INFO rally.task.runner [-] Task db91e353-d4c3-42d8-aa84-2aeb9858fed7 | ITER: 87 END: OK
2020-03-07 22:17:52.544 157 INFO rally.task.runner [-] Task db91e353-d4c3-42d8-aa84-2aeb9858fed7 | ITER: 81 END: OK
2020-03-07 22:17:52.619 171 INFO rally.task.runner [-] Task db91e353-d4c3-42d8-aa84-2aeb9858fed7 | ITER: 91 END: OK
2020-03-07 22:17:52.623 168 INFO rally.task.runner [-] Task db91e353-d4c3-42d8-aa84-2aeb9858fed7 | ITER: 80 END: OK
2020-03-07 22:17:52.741 158 INFO rally.task.runner [-] Task db91e353-d4c3-42d8-aa84-2aeb9858fed7 | ITER: 84 END: OK
2020-03-07 22:17:52.842 142 INFO rally.task.runner [-] Task db91e353-d4c3-42d8-aa84-2aeb9858fed7 | ITER: 88 END: OK
2020-03-07 22:17:53.301 167 INFO rally.task.runner [-] Task db91e353-d4c3-42d8-aa84-2aeb9858fed7 | ITER: 85 END: OK
2020-03-07 22:17:53.595 160 INFO rally.task.runner [-] Task db91e353-d4c3-42d8-aa84-2aeb9858fed7 | ITER: 92 END: OK
2020-03-07 22:17:54.405 141 INFO rally.task.runner [-] Task db91e353-d4c3-42d8-aa84-2aeb9858fed7 | ITER: 93 END: OK
2020-03-07 22:17:54.549 145 INFO rally.task.runner [-] Task db91e353-d4c3-42d8-aa84-2aeb9858fed7 | ITER: 86 END: OK
2020-03-07 22:17:54.590 165 INFO rally.task.runner [-] Task db91e353-d4c3-42d8-aa84-2aeb9858fed7 | ITER: 83 END: OK
2020-03-07 22:17:55.087 190 INFO rally.task.runner [-] Task db91e353-d4c3-42d8-aa84-2aeb9858fed7 | ITER: 90 END: OK
2020-03-07 22:17:55.493 139 INFO rally.task.runner [-] Task db91e353-d4c3-42d8-aa84-2aeb9858fed7 | ITER: 96 END: OK
2020-03-07 22:17:55.629 185 INFO rally.task.runner [-] Task db91e353-d4c3-42d8-aa84-2aeb9858fed7 | ITER: 97 END: OK
2020-03-07 22:17:55.646 140 INFO rally.task.runner [-] Task db91e353-d4c3-42d8-aa84-2aeb9858fed7 | ITER: 98 END: OK
2020-03-07 22:17:55.776 174 INFO rally.task.runner [-] Task db91e353-d4c3-42d8-aa84-2aeb9858fed7 | ITER: 95 END: OK
2020-03-07 22:17:55.784 177 INFO rally.task.runner [-] Task db91e353-d4c3-42d8-aa84-2aeb9858fed7 | ITER: 94 END: OK
2020-03-07 22:17:55.904 150 INFO rally.task.runner [-] Task db91e353-d4c3-42d8-aa84-2aeb9858fed7 | ITER: 100 END: OK
2020-03-07 22:17:56.075 147 INFO rally.task.runner [-] Task db91e353-d4c3-42d8-aa84-2aeb9858fed7 | ITER: 99 END: OK
2020-03-07 22:17:56.093 15 INFO rally.task.context [-] Task db91e353-d4c3-42d8-aa84-2aeb9858fed7 | Context cleanup@openstack cleanup() started
2020-03-07 22:17:56.096 15 RALLYDEBUG rally_openstack.cleanup.manager [-] Cleaning up neutron vip objects
2020-03-07 22:17:56.279 15 RALLYDEBUG rally_openstack.cleanup.manager [-] Cleaning up neutron health_monitor objects
2020-03-07 22:17:56.470 15 RALLYDEBUG rally_openstack.cleanup.manager [-] Cleaning up neutron pool objects
2020-03-07 22:17:56.650 15 RALLYDEBUG rally_openstack.cleanup.manager [-] Cleaning up neutron loadbalancer objects
2020-03-07 22:17:56.836 15 RALLYDEBUG rally_openstack.cleanup.manager [-] Cleaning up neutron floatingip objects
2020-03-07 22:17:57.060 15 RALLYDEBUG rally_openstack.cleanup.manager [-] Cleaning up neutron trunk objects
2020-03-07 22:17:57.253 15 DEBUG neutronclient.v2_0.client [-] Error message: {"message": "The resource could not be found.

\n\n\n", "code": "404 Not Found", "title": "Not Found"} _handle_fault_response /usr/lib/python2.7/site-packages/neutronclient/v2_0/client.py:259
2020-03-07 22:17:57.264 15 RALLYDEBUG rally_openstack.cleanup.manager [-] Cleaning up neutron port objects
2020-03-07 22:17:57.487 15 RALLYDEBUG rally_openstack.cleanup.manager [-] Cleaning up neutron subnet objects
2020-03-07 22:17:57.694 15 RALLYDEBUG rally_openstack.cleanup.manager [-] Cleaning up neutron network objects
2020-03-07 22:17:58.317 15 RALLYDEBUG rally_openstack.cleanup.manager [-] Deleting neutron.network object s_rally_0190cedc_eHwokEOD (06400d95-2f16-42c1-87f9-fd2115455114)
2020-03-07 22:17:58.319 15 RALLYDEBUG rally_openstack.cleanup.manager [-] Deleting neutron.network object s_rally_0190cedc_tFVJxc6c (022099e6-984e-4921-8bac-c800ff1fdc53)
2020-03-07 22:17:58.321 15 RALLYDEBUG rally_openstack.cleanup.manager [-] Deleting neutron.network object s_rally_0190cedc_PFyYfdex (088f23c2-29da-4c12-8bf6-87df8e9fc82b)
2020-03-07 22:17:58.321 15 RALLYDEBUG rally_openstack.cleanup.manager [-] Deleting neutron.network object s_rally_0190cedc_WYfOTBcC (0a3946d1-1ee1-407f-9843-4da68b44e32b)
2020-03-07 22:17:58.328 15 RALLYDEBUG rally_openstack.cleanup.manager [-] Deleting neutron.network object s_rally_0190cedc_LjyRC4cD (05ca93dc-9316-4af9-b964-f972e565927c)
2020-03-07 22:17:58.335 15 RALLYDEBUG rally_openstack.cleanup.manager [-] Deleting neutron.network object s_rally_0190cedc_G9gLLH2W (0a55d925-5e32-4775-b1d3-e9ab0fd559ea)
2020-03-07 22:17:58.357 15 RALLYDEBUG rally_openstack.cleanup.manager [-] Deleting neutron.network object s_rally_0190cedc_yvew16PX (10b2ad18-c9ee-4fa7-85c3-db4ffeec2a16)
2020-03-07 22:17:58.364 15 RALLYDEBUG rally_openstack.cleanup.manager [-] Deleting neutron.network object s_rally_0190cedc_9UZCAdEv (0db1e8c7-3216-4a2c-a2db-ec95950f11d0)
2020-03-07 22:17:58.382 15 RALLYDEBUG rally_openstack.cleanup.manager [-] Deleting neutron.network object s_rally_0190cedc_lBxdOh12 (1288ddd5-2944-4214-aadc-592090739efd)
2020-03-07 22:17:58.416 15 RALLYDEBUG rally_openstack.cleanup.manager [-] Deleting neutron.network object s_rally_0190cedc_6ORITm3a (1b3e3609-0071-41e2-88d2-eec285293d66)
2020-03-07 22:17:58.432 15 RALLYDEBUG rally_openstack.cleanup.manager [-] Deleting neutron.network object s_rally_0190cedc_3gzsuaKf (1ea706ca-ab7e-4420-b9e8-c8f75b855c03)
2020-03-07 22:17:58.447 15 RALLYDEBUG rally_openstack.cleanup.manager [-] Deleting neutron.network object s_rally_0190cedc_c4CmYaE8 (2c4689f9-b3ee-4656-b7bc-e2c7efa9dcbf)
2020-03-07 22:17:58.457 15 RALLYDEBUG rally_openstack.cleanup.manager [-] Deleting neutron.network object s_rally_0190cedc_99dTlbAQ (1abf3b11-c511-4699-8005-cca6223679b6)
2020-03-07 22:17:58.475 15 RALLYDEBUG rally_openstack.cleanup.manager [-] Deleting neutron.network object s_rally_0190cedc_oafGGeEA (24da2e85-69db-4227-994c-7c57154df1ca)
2020-03-07 22:17:58.504 15 RALLYDEBUG rally_openstack.cleanup.manager [-] Deleting neutron.network object s_rally_0190cedc_xp0cWHvI (2e3486d2-5564-4867-812e-8ac1e062ef0b)
2020-03-07 22:17:58.530 15 RALLYDEBUG rally_openstack.cleanup.manager [-] Deleting neutron.network object s_rally_0190cedc_g65k08g4 (27a7aba2-3ce0-452d-8fbe-d97e2060ce02)
2020-03-07 22:17:58.548 15 RALLYDEBUG rally_openstack.cleanup.manager [-] Deleting neutron.network object s_rally_0190cedc_gnpGQ44k (35e36fbe-6933-4216-b553-a2dfa3aeca10)
2020-03-07 22:17:58.562 15 RALLYDEBUG rally_openstack.cleanup.manager [-] Deleting neutron.network object s_rally_0190cedc_EQOpFRYf (3c262429-5350-49cf-994e-4cdc5a1675b8)
2020-03-07 22:17:58.563 15 RALLYDEBUG rally_openstack.cleanup.manager [-] Deleting neutron.network object s_rally_0190cedc_qLQhg9xL (3a9aaaa4-97d9-417b-8726-9cdea797777d)
2020-03-07 22:17:58.623 15 RALLYDEBUG rally_openstack.cleanup.manager [-] Deleting neutron.network object s_rally_0190cedc_leDsv8C1 (3abf3c92-933d-4ed1-bf71-7f5d9e958fee)
2020-03-07 22:18:00.501 15 RALLYDEBUG rally_openstack.cleanup.manager [-] Deleting neutron.network object s_rally_0190cedc_QldBiMnY (3cbc4c9f-6a25-450b-8c3d-53d894b66a42)
2020-03-07 22:18:00.886 15 RALLYDEBUG rally_openstack.cleanup.manager [-] Deleting neutron.network object s_rally_0190cedc_rHzWxf6S (40ccba4a-edbf-4e3e-8e75-67d0c8de978c)
2020-03-07 22:18:00.891 15 RALLYDEBUG rally_openstack.cleanup.manager [-] Deleting neutron.network object s_rally_0190cedc_Zb4WVXA2 (44690785-8f5f-4685-b063-9c2d6eba0c55)
2020-03-07 22:18:01.002 15 RALLYDEBUG rally_openstack.cleanup.manager [-] Deleting neutron.network object s_rally_0190cedc_VuA6TN4o (4497b7a8-5b13-4f2b-a68c-33c393914141)
2020-03-07 22:18:01.077 15 RALLYDEBUG rally_openstack.cleanup.manager [-] Deleting neutron.network object s_rally_0190cedc_GOYjW54y (473d76b2-f763-48a9-884e-33600676d608)
2020-03-07 22:18:01.139 15 RALLYDEBUG rally_openstack.cleanup.manager [-] Deleting neutron.network object s_rally_0190cedc_VPEE9kuE (481adc49-8ced-4436-a0b4-29d349922896)
2020-03-07 22:18:01.226 15 RALLYDEBUG rally_openstack.cleanup.manager [-] Deleting neutron.network object s_rally_0190cedc_Gp38PWdn (48356cee-1b0d-47ad-b13d-82a8a41cabd3)
2020-03-07 22:18:01.410 15 RALLYDEBUG rally_openstack.cleanup.manager [-] Deleting neutron.network object s_rally_0190cedc_qcNy2n7B (48d37296-c74d-4fe3-8b75-27eefc631454)
2020-03-07 22:18:01.452 15 RALLYDEBUG rally_openstack.cleanup.manager [-] Deleting neutron.network object s_rally_0190cedc_776QAhct (4d91ae1a-0b3a-461d-8190-67ae0fdb928c)
2020-03-07 22:18:01.468 15 RALLYDEBUG rally_openstack.cleanup.manager [-] Deleting neutron.network object s_rally_0190cedc_4sevag9n (55f5966c-4145-407b-86bc-67a6b537d219)
2020-03-07 22:18:01.496 15 RALLYDEBUG rally_openstack.cleanup.manager [-] Deleting neutron.network object s_rally_0190cedc_WzDZcyYZ (57e5d0f3-e48f-465d-9b54-f69b2edd65fd)
2020-03-07 22:18:01.531 15 RALLYDEBUG rally_openstack.cleanup.manager [-] Deleting neutron.network object s_rally_0190cedc_6AcsKAjN (5b694e57-d4b9-4493-ae2b-5c6ccb065cfd)
2020-03-07 22:18:01.586 15 RALLYDEBUG rally_openstack.cleanup.manager [-] Deleting neutron.network object s_rally_0190cedc_BzIXVQ8H (5d81d89d-2959-4650-b1c6-3b89fb2e25c2)
2020-03-07 22:18:01.616 15 RALLYDEBUG rally_openstack.cleanup.manager [-] Deleting neutron.network object s_rally_0190cedc_LsEIRjd7 (61709a5a-f28c-46ca-81d8-eacdb772421c)
2020-03-07 22:18:01.636 15 RALLYDEBUG rally_openstack.cleanup.manager [-] Deleting neutron.network object s_rally_0190cedc_Px2HZWEs (61adc24c-e864-4fd2-b231-1e7c1c5a7a8e)
2020-03-07 22:18:01.709 15 RALLYDEBUG rally_openstack.cleanup.manager [-] Deleting neutron.network object s_rally_0190cedc_gHcIUBlM (62877daa-9662-48eb-b646-f668d63c0127)
2020-03-07 22:18:01.736 15 RALLYDEBUG rally_openstack.cleanup.manager [-] Deleting neutron.network object s_rally_0190cedc_x7qPYNkH (63295996-46ed-49f8-97b6-9995fb726ce1)
2020-03-07 22:18:01.870 15 RALLYDEBUG rally_openstack.cleanup.manager [-] Deleting neutron.network object s_rally_0190cedc_z7beC6uU (65992515-57b9-4c3e-a2a4-0f65d115a015)
2020-03-07 22:18:01.877 15 RALLYDEBUG rally_openstack.cleanup.manager [-] Deleting neutron.network object s_rally_0190cedc_FgIj802O (66c7d105-e993-4bc7-a0ac-d76275657ec0)
2020-03-07 22:18:01.909 15 RALLYDEBUG rally_openstack.cleanup.manager [-] Deleting neutron.network object s_rally_0190cedc_QSvgEJ5y (69e0c299-989d-4387-9c38-6437c19580ac)
2020-03-07 22:18:02.428 15 RALLYDEBUG rally_openstack.cleanup.manager [-] Deleting neutron.network object s_rally_0190cedc_iAcLzZM1 (6b7ed622-5119-49e8-bc25-a7c04a8ca3e4)
2020-03-07 22:18:02.755 15 RALLYDEBUG rally_openstack.cleanup.manager [-] Deleting neutron.network object s_rally_0190cedc_H3alceN6 (6cea3646-c9d1-426f-98b8-83a45c667470)
2020-03-07 22:18:02.914 15 RALLYDEBUG rally_openstack.cleanup.manager [-] Deleting neutron.network object s_rally_0190cedc_LfD7duS3 (73c40dca-af76-4b42-99ea-10182775a70c)
2020-03-07 22:18:03.079 15 RALLYDEBUG rally_openstack.cleanup.manager [-] Deleting neutron.network object s_rally_0190cedc_Du3u2bzI (75c2cf37-046b-4bae-b450-c3fbd21c3d4a)
2020-03-07 22:18:03.099 15 RALLYDEBUG rally_openstack.cleanup.manager [-] Deleting neutron.network object s_rally_0190cedc_lYxKovuh (766d4054-08c7-4505-a07f-5e3d6c845b16)
2020-03-07 22:18:03.250 15 RALLYDEBUG rally_openstack.cleanup.manager [-] Deleting neutron.network object s_rally_0190cedc_O1NZT3EP (76a99d8e-9695-4765-a624-2bf686a7c616)
2020-03-07 22:18:03.477 15 RALLYDEBUG rally_openstack.cleanup.manager [-] Deleting neutron.network object s_rally_0190cedc_Df4l8NaU (774e346f-77fa-47cf-be81-f48c62e2a684)
2020-03-07 22:18:03.603 15 RALLYDEBUG rally_openstack.cleanup.manager [-] Deleting neutron.network object s_rally_0190cedc_4CSFal8A (7a274ba8-7e0d-4d50-89ea-953a216c5a06)
2020-03-07 22:18:03.655 15 RALLYDEBUG rally_openstack.cleanup.manager [-] Deleting neutron.network object s_rally_0190cedc_hV9a6n0P (7d00662b-4002-4f1d-ba3f-beccd20d0fd9)
2020-03-07 22:18:03.727 15 RALLYDEBUG rally_openstack.cleanup.manager [-] Deleting neutron.network object s_rally_0190cedc_T7j0jYTO (7e869d8d-c21c-4d62-82f9-a60c052e2dd3)
2020-03-07 22:18:03.734 15 RALLYDEBUG rally_openstack.cleanup.manager [-] Deleting neutron.network object s_rally_0190cedc_df9fH61z (7ed3fbe1-d64a-4a1c-ba92-0b815b448900)
2020-03-07 22:18:03.789 15 RALLYDEBUG rally_openstack.cleanup.manager [-] Deleting neutron.network object s_rally_0190cedc_TJxvpfRV (81ad5778-b61c-4c45-bfc3-0ea3516f5a12)
2020-03-07 22:18:03.961 15 RALLYDEBUG rally_openstack.cleanup.manager [-] Deleting neutron.network object s_rally_0190cedc_8nG7mjSd (829de49c-d52e-4616-ad95-a777cf3caf4c)
2020-03-07 22:18:04.178 15 RALLYDEBUG rally_openstack.cleanup.manager [-] Deleting neutron.network object s_rally_0190cedc_lQPe4sOa (834af6ae-ba81-4ca7-90f0-6ef70040cf08)
2020-03-07 22:18:04.267 15 RALLYDEBUG rally_openstack.cleanup.manager [-] Deleting neutron.network object s_rally_0190cedc_ZonbaXrC (8454b7e0-502c-4400-ab24-64908826aab0)
2020-03-07 22:18:04.361 15 RALLYDEBUG rally_openstack.cleanup.manager [-] Deleting neutron.network object s_rally_0190cedc_jGHhYqxn (8912b9ba-610b-4d0f-9f7f-44b745125646)
2020-03-07 22:18:04.385 15 RALLYDEBUG rally_openstack.cleanup.manager [-] Deleting neutron.network object s_rally_0190cedc_PBC6UYlN (8bf59e95-0402-4189-b4aa-4163c4fa64c6)
2020-03-07 22:18:04.489 15 RALLYDEBUG rally_openstack.cleanup.manager [-] Deleting neutron.network object s_rally_0190cedc_9IhGRiJu (8c44163b-a4d7-4097-865b-7840b0f675bc)
2020-03-07 22:18:04.535 15 RALLYDEBUG rally_openstack.cleanup.manager [-] Deleting neutron.network object s_rally_0190cedc_85nopCws (8c62173d-6aba-41ef-8d3b-708769796513)
2020-03-07 22:18:04.627 15 RALLYDEBUG rally_openstack.cleanup.manager [-] Deleting neutron.network object s_rally_0190cedc_dCLsAXLF (90cb86d1-798f-45b3-b667-2c2ef3c13a21)
2020-03-07 22:18:04.670 15 RALLYDEBUG rally_openstack.cleanup.manager [-] Deleting neutron.network object s_rally_0190cedc_yGazs7V3 (93a9c021-2049-438a-85f9-efa84c2da43c)
2020-03-07 22:18:04.774 15 RALLYDEBUG rally_openstack.cleanup.manager [-] Deleting neutron.network object s_rally_0190cedc_VdeW9E8P (968be4bd-fc1a-45af-90c6-8770e09c8dc7)
2020-03-07 22:18:04.897 15 RALLYDEBUG rally_openstack.cleanup.manager [-] Deleting neutron.network object s_rally_0190cedc_LYVunuiB (989d9ab1-052f-4753-b4f5-5df9534708a6)
2020-03-07 22:18:04.967 15 RALLYDEBUG rally_openstack.cleanup.manager [-] Deleting neutron.network object s_rally_0190cedc_U6tIbSeV (98d07acf-b24f-4afc-86a7-b97c4e6656e5)
2020-03-07 22:18:05.282 15 RALLYDEBUG rally_openstack.cleanup.manager [-] Deleting neutron.network object s_rally_0190cedc_m6F0PA55 (994f93b4-acf0-4ede-8204-97d6c5a300a5)
2020-03-07 22:18:05.401 15 RALLYDEBUG rally_openstack.cleanup.manager [-] Deleting neutron.network object s_rally_0190cedc_k8bcXUWZ (9a1107d6-034b-4653-920c-a27e46e76568)
2020-03-07 22:18:05.545 15 RALLYDEBUG rally_openstack.cleanup.manager [-] Deleting neutron.network object s_rally_0190cedc_a86N55Ty (a21dc8b9-6e36-4a2e-80b6-c0791976405d)
2020-03-07 22:18:05.993 15 RALLYDEBUG rally_openstack.cleanup.manager [-] Deleting neutron.network object s_rally_0190cedc_msQV62y8 (a36aea76-3779-4ce2-946b-e17515802f68)
2020-03-07 22:18:06.194 15 RALLYDEBUG rally_openstack.cleanup.manager [-] Deleting neutron.network object s_rally_0190cedc_iz2JRmD8 (a3c7f1d3-3a63-40bb-a6e5-4cd0def5369e)
2020-03-07 22:18:06.260 15 RALLYDEBUG rally_openstack.cleanup.manager [-] Deleting neutron.network object s_rally_0190cedc_pazSK8jw (a4efa0af-f16c-41ba-baf6-ba52ad5622ab)
2020-03-07 22:18:06.297 15 RALLYDEBUG rally_openstack.cleanup.manager [-] Deleting neutron.network object s_rally_0190cedc_cAjj6e42 (a763bcf5-3484-4943-bbed-5df46b7d1ef0)
2020-03-07 22:18:06.357 15 RALLYDEBUG rally_openstack.cleanup.manager [-] Deleting neutron.network object s_rally_0190cedc_Ho3SLwHO (a98a1964-b3d6-44f1-9e31-96a7fad53e58)
2020-03-07 22:18:06.498 15 RALLYDEBUG rally_openstack.cleanup.manager [-] Deleting neutron.network object s_rally_0190cedc_EwJJsq0S (ab7b4933-9af0-4100-8858-534f1acabbe3)
2020-03-07 22:18:06.536 15 RALLYDEBUG rally_openstack.cleanup.manager [-] Deleting neutron.network object s_rally_0190cedc_fnQRQWCv (addd65ae-d9ec-477e-8021-8d26d6c3c20f)
2020-03-07 22:18:06.665 15 RALLYDEBUG rally_openstack.cleanup.manager [-] Deleting neutron.network object s_rally_0190cedc_kXN7JVEq (b431c6a9-3dc5-492f-bb16-a4c5ceeac694)
2020-03-07 22:18:06.781 15 RALLYDEBUG rally_openstack.cleanup.manager [-] Deleting neutron.network object s_rally_0190cedc_kQXOMtsi (b774de84-b85a-424d-9f4c-0a4185704131)
2020-03-07 22:18:06.846 15 RALLYDEBUG rally_openstack.cleanup.manager [-] Deleting neutron.network object s_rally_0190cedc_ZmzPH38S (bc2ef1d5-cdd8-4767-82a1-1b72ddfe34f5)
2020-03-07 22:18:06.891 15 RALLYDEBUG rally_openstack.cleanup.manager [-] Deleting neutron.network object s_rally_0190cedc_c4pqG8g9 (c086ba1a-ed99-4802-85af-90811cf9c94c)
2020-03-07 22:18:06.933 15 RALLYDEBUG rally_openstack.cleanup.manager [-] Deleting neutron.network object s_rally_0190cedc_RVt6XirI (c0bb5930-81ec-4e91-8a72-e992450cae83)
2020-03-07 22:18:07.004 15 RALLYDEBUG rally_openstack.cleanup.manager [-] Deleting neutron.network object s_rally_0190cedc_MY6ofkut (c13b2fa9-d5aa-4672-85f6-a709d7f2d6b9)
