2020-03-07 22:37:17.074 15 RALLYDEBUG rally_openstack.cleanup.manager [-] Deleting neutron.port object s_rally_227cca70_C47ur3RB (b802b233-a892-4594-81de-6cf7c1330402)
2020-03-07 22:37:17.172 15 RALLYDEBUG rally_openstack.cleanup.manager [-] Deleting neutron.port object s_rally_227cca70_xrCg2fvT (ba9afd5a-eca2-4f37-8ffb-7610a8d47317)
2020-03-07 22:37:17.196 15 RALLYDEBUG rally_openstack.cleanup.manager [-] Deleting neutron.port object s_rally_227cca70_zZGp3kFS (bb587f62-427e-4eed-9bd3-9f45ad7cfedf)
2020-03-07 22:37:17.263 15 RALLYDEBUG rally_openstack.cleanup.manager [-] Deleting neutron.port object s_rally_227cca70_FRTSAMBS (bd07acda-2a18-49ce-a3b0-ad76851b7db5)
2020-03-07 22:37:17.304 15 RALLYDEBUG rally_openstack.cleanup.manager [-] Deleting neutron.port object s_rally_227cca70_jH1AG0MR (bddae8e7-a70e-4bbd-b975-00d115f6952b)
2020-03-07 22:37:17.308 15 RALLYDEBUG rally_openstack.cleanup.manager [-] Deleting neutron.port object s_rally_227cca70_pu1aohtJ (be522c3d-8046-4afb-8c45-03c53ae8e059)
2020-03-07 22:37:17.556 15 RALLYDEBUG rally_openstack.cleanup.manager [-] Deleting neutron.port object s_rally_227cca70_4EN7uI2I (bf0282bd-4318-4df8-8727-39f309f38fcd)
2020-03-07 22:37:17.657 15 RALLYDEBUG rally_openstack.cleanup.manager [-] Deleting neutron.port object s_rally_227cca70_CBC98T8g (c08f60e6-c2b2-41bd-8dec-298ffe6e2be1)
2020-03-07 22:37:17.659 15 RALLYDEBUG rally_openstack.cleanup.manager [-] Deleting neutron.port object s_rally_227cca70_xWVzCa5w (bf4cc73d-f22d-492f-940c-daa8dc135236)
2020-03-07 22:37:17.663 15 RALLYDEBUG rally_openstack.cleanup.manager [-] Deleting neutron.port object s_rally_227cca70_XwzidSPV (c09c2d9f-0c05-47d5-9123-6cec0dbbc7ff)
2020-03-07 22:37:17.757 15 RALLYDEBUG rally_openstack.cleanup.manager [-] Deleting neutron.port object s_rally_227cca70_enWClcCN (c1b3e544-3ed1-4b02-97a5-7b0e8efda851)
2020-03-07 22:37:17.761 15 RALLYDEBUG rally_openstack.cleanup.manager [-] Deleting neutron.port object s_rally_227cca70_Gno3TsPt (c21cd102-f76c-4d1a-89ff-bc00e1947fc7)
2020-03-07 22:37:17.962 15 RALLYDEBUG rally_openstack.cleanup.manager [-] Deleting neutron.port object s_rally_227cca70_wV88ZJ13 (c2d1cf58-106c-412e-abc5-3f907ad89e00)
2020-03-07 22:37:18.058 15 RALLYDEBUG rally_openstack.cleanup.manager [-] Deleting neutron.port object s_rally_227cca70_kfHjBKua (c3d02869-99df-4eac-8dd0-ae0232c3d89a)
2020-03-07 22:37:18.068 15 RALLYDEBUG rally_openstack.cleanup.manager [-] Deleting neutron.port object s_rally_227cca70_bdhNSbum (c3fdb343-d779-4e18-b46d-1c41203fc2ec)
2020-03-07 22:37:18.166 15 RALLYDEBUG rally_openstack.cleanup.manager [-] Deleting neutron.port object s_rally_227cca70_XOddXdaq (c427190f-91e3-49a9-b6bf-89accd8ccb3e)
2020-03-07 22:37:18.171 15 RALLYDEBUG rally_openstack.cleanup.manager [-] Deleting neutron.port object s_rally_227cca70_f0BUrFOM (c4c9de21-7d9d-4684-bfbf-755b1b6ab411)
2020-03-07 22:37:18.276 15 RALLYDEBUG rally_openstack.cleanup.manager [-] Deleting neutron.port object s_rally_227cca70_7Ff3hS0G (c4dda8f0-9a89-4f5a-9be5-5f895da93746)
2020-03-07 22:37:18.747 15 RALLYDEBUG rally_openstack.cleanup.manager [-] Deleting neutron.port object s_rally_227cca70_txU30NfA (c4faab02-5ee3-4b29-ba0e-820a55d00823)
2020-03-07 22:37:18.925 15 RALLYDEBUG rally_openstack.cleanup.manager [-] Deleting neutron.port object s_rally_227cca70_rXgP6vyC (c537f34b-3705-4bc7-a859-9e24faf97c91)
2020-03-07 22:37:19.089 15 RALLYDEBUG rally_openstack.cleanup.manager [-] Deleting neutron.port object s_rally_227cca70_w8HZYyXk (c588cb72-1b20-4bda-9f59-d729cb6083bb)
2020-03-07 22:37:19.112 15 RALLYDEBUG rally_openstack.cleanup.manager [-] Deleting neutron.port object s_rally_227cca70_itVlfcoN (c5a273fc-736a-413f-8ffc-2c46d8840476)
2020-03-07 22:37:19.189 15 RALLYDEBUG rally_openstack.cleanup.manager [-] Deleting neutron.port object s_rally_227cca70_pxfEGyzc (c5b5b086-01d3-49c5-9ecc-8a4d74bc1124)
2020-03-07 22:37:19.367 15 RALLYDEBUG rally_openstack.cleanup.manager [-] Deleting neutron.port object s_rally_227cca70_V1O8laA2 (c6675553-f7a6-4949-9fda-bbddf9bf1cc7)
2020-03-07 22:37:19.369 15 RALLYDEBUG rally_openstack.cleanup.manager [-] Deleting neutron.port object s_rally_227cca70_niKyFpKb (c6829e14-fcb3-4a9d-a4bd-f563c017aae4)
2020-03-07 22:37:19.425 15 RALLYDEBUG rally_openstack.cleanup.manager [-] Deleting neutron.port object s_rally_227cca70_ITHn3z9r (c6ee94bd-1694-4261-a3fc-467791ef2415)
2020-03-07 22:37:19.501 15 RALLYDEBUG rally_openstack.cleanup.manager [-] Deleting neutron.port object s_rally_227cca70_Dbe71EkI (c7bac071-7e85-48ec-b15b-7c5106830412)
2020-03-07 22:37:19.552 15 RALLYDEBUG rally_openstack.cleanup.manager [-] Deleting neutron.port object s_rally_227cca70_To0fx2vk (c890bf87-77c0-4255-a771-c800cca46e17)
2020-03-07 22:37:19.653 15 RALLYDEBUG rally_openstack.cleanup.manager [-] Deleting neutron.port object s_rally_227cca70_elCk6INH (c917d615-b41a-419d-9689-c23eef9f8d0c)
2020-03-07 22:37:19.975 15 RALLYDEBUG rally_openstack.cleanup.manager [-] Deleting neutron.port object s_rally_227cca70_Gg5veuk9 (c99df09d-9cd4-4c21-ba5d-caa79cfe38cd)
2020-03-07 22:37:20.026 15 RALLYDEBUG rally_openstack.cleanup.manager [-] Deleting neutron.port object s_rally_227cca70_9bgxhHwH (c9a14581-8f81-4cec-94f8-410a84579705)
2020-03-07 22:37:20.105 15 RALLYDEBUG rally_openstack.cleanup.manager [-] Deleting neutron.port object s_rally_227cca70_0dRgnshG (c9e8a632-14b2-4b0d-af42-bb6281a8d067)
2020-03-07 22:37:20.270 15 RALLYDEBUG rally_openstack.cleanup.manager [-] Deleting neutron.port object s_rally_227cca70_ng0X884O (ca8a4fe2-2ccf-46e1-80b7-a7ce370ed062)
2020-03-07 22:37:20.287 15 RALLYDEBUG rally_openstack.cleanup.manager [-] Deleting neutron.port object s_rally_227cca70_ThsVvpAy (caa79704-ad1b-4b71-a283-e5094124b861)
2020-03-07 22:37:20.460 15 RALLYDEBUG rally_openstack.cleanup.manager [-] Deleting neutron.port object s_rally_227cca70_P9gb8L8g (cb60b4e6-b7a0-46d1-9add-8c0eb821dd64)
2020-03-07 22:37:20.467 15 RALLYDEBUG rally_openstack.cleanup.manager [-] Deleting neutron.port object s_rally_227cca70_Zmu7puG7 (cc6fd7df-202a-464c-b603-bc63b7754a5b)
2020-03-07 22:37:21.388 15 RALLYDEBUG rally_openstack.cleanup.manager [-] Deleting neutron.port object s_rally_227cca70_R5VD67YZ (cc77a474-e176-4294-bf3b-3c19086c4cca)
2020-03-07 22:37:21.392 15 RALLYDEBUG rally_openstack.cleanup.manager [-] Deleting neutron.port object s_rally_227cca70_l073YBiS (ccb05613-c815-4c1e-b1dc-de8ec53e9b4a)
2020-03-07 22:37:21.434 15 RALLYDEBUG rally_openstack.cleanup.manager [-] Deleting neutron.port object s_rally_227cca70_P0vaUS1x (cdee9781-3970-48e6-a28e-291604ab9032)
2020-03-07 22:37:21.438 15 RALLYDEBUG rally_openstack.cleanup.manager [-] Deleting neutron.port object s_rally_227cca70_4Wa5s8YY (ce569540-f2ae-4c12-9173-7598db791fc8)
2020-03-07 22:37:21.451 15 RALLYDEBUG rally_openstack.cleanup.manager [-] Deleting neutron.port object s_rally_227cca70_LZGSmBBy (cea1fb2b-d5b7-4cc3-9ad0-9d6cdb686bc3)
2020-03-07 22:37:21.457 15 RALLYDEBUG rally_openstack.cleanup.manager [-] Deleting neutron.port object s_rally_227cca70_RSdQDUB9 (ced7fac7-6675-45fc-9482-96983e58bfb3)
2020-03-07 22:37:21.592 15 RALLYDEBUG rally_openstack.cleanup.manager [-] Deleting neutron.port object s_rally_227cca70_DKJfWm56 (cf92e612-cde7-43d2-bade-d1749e291c27)
2020-03-07 22:37:21.676 15 RALLYDEBUG rally_openstack.cleanup.manager [-] Deleting neutron.port object s_rally_227cca70_JajRya9k (d0f491ff-43fc-4e0f-8e15-db73edb781aa)
2020-03-07 22:37:21.682 15 RALLYDEBUG rally_openstack.cleanup.manager [-] Deleting neutron.port object s_rally_227cca70_HrpfaPdT (cfee14dc-2415-447f-b92d-f64144814225)
2020-03-07 22:37:21.689 15 RALLYDEBUG rally_openstack.cleanup.manager [-] Deleting neutron.port object s_rally_227cca70_Eje1T6NP (d1153f44-d00a-467a-aa62-915784ccad38)
2020-03-07 22:37:21.727 15 RALLYDEBUG rally_openstack.cleanup.manager [-] Deleting neutron.port object s_rally_227cca70_yih3BQLh (d1444426-cfc4-49b6-9f9d-3e95979f96b0)
2020-03-07 22:37:21.769 15 RALLYDEBUG rally_openstack.cleanup.manager [-] Deleting neutron.port object s_rally_227cca70_BPKy2Ebs (d253fe69-63a2-4997-908f-2f8f2a17f9ff)
2020-03-07 22:37:21.782 15 RALLYDEBUG rally_openstack.cleanup.manager [-] Deleting neutron.port object s_rally_227cca70_wIL8e0A7 (d2904a00-f709-4e58-99c4-960f87585679)
2020-03-07 22:37:21.814 15 RALLYDEBUG rally_openstack.cleanup.manager [-] Deleting neutron.port object s_rally_227cca70_FeGX4Oy6 (d305b7d6-1bd8-43fd-a74a-e71261ad252f)
2020-03-07 22:37:22.018 15 RALLYDEBUG rally_openstack.cleanup.manager [-] Deleting neutron.port object s_rally_227cca70_Bu0X5URN (d3a98d0a-9aed-4493-b896-1d6b5a42bbe6)
2020-03-07 22:37:22.150 15 RALLYDEBUG rally_openstack.cleanup.manager [-] Deleting neutron.port object s_rally_227cca70_rRiraLaU (d3e0023d-f120-43e7-90f2-5aafe85d1750)
2020-03-07 22:37:22.170 15 RALLYDEBUG rally_openstack.cleanup.manager [-] Deleting neutron.port object s_rally_227cca70_z5H5W92D (d4d4a870-85ed-48fb-ad12-dcfbea052cd8)
2020-03-07 22:37:22.254 15 RALLYDEBUG rally_openstack.cleanup.manager [-] Deleting neutron.port object s_rally_227cca70_jlDSLUqU (d4d58aa7-a83a-4b5a-9cee-5d8a42f28622)
2020-03-07 22:37:22.537 15 RALLYDEBUG rally_openstack.cleanup.manager [-] Deleting neutron.port object s_rally_227cca70_1HUMnKVl (d565bc04-39f2-4207-87c6-2dd6c9decc41)
2020-03-07 22:37:22.545 15 RALLYDEBUG rally_openstack.cleanup.manager [-] Deleting neutron.port object s_rally_227cca70_OrrqP6kF (d579ab90-c865-4a29-bfba-c2372a48c648)
2020-03-07 22:37:23.395 15 RALLYDEBUG rally_openstack.cleanup.manager [-] Deleting neutron.port object s_rally_227cca70_w3gLubZA (d5ee6b21-14bc-4b07-949a-115dc929ddc1)
2020-03-07 22:37:23.503 15 RALLYDEBUG rally_openstack.cleanup.manager [-] Deleting neutron.port object s_rally_227cca70_hd23GRQS (d646674e-2e87-4ad4-9e93-81131ee37d4b)
2020-03-07 22:37:23.533 15 RALLYDEBUG rally_openstack.cleanup.manager [-] Deleting neutron.port object s_rally_227cca70_P9pn1dEd (d68a49b1-65de-4f96-bfbd-242640762563)
2020-03-07 22:37:23.550 15 RALLYDEBUG rally_openstack.cleanup.manager [-] Deleting neutron.port object s_rally_227cca70_8XJHBZYF (d6946cff-6d27-4a2b-b0d5-5a2a0376a09a)
2020-03-07 22:37:23.590 15 RALLYDEBUG rally_openstack.cleanup.manager [-] Deleting neutron.port object s_rally_227cca70_KZsbIcMC (d7d51666-b5c0-4bf4-9635-9dca7acc2a59)
2020-03-07 22:37:23.595 15 RALLYDEBUG rally_openstack.cleanup.manager [-] Deleting neutron.port object s_rally_227cca70_VDifaVlB (d8110e05-0683-4026-ab44-8f158cbae4fa)
2020-03-07 22:37:23.774 15 RALLYDEBUG rally_openstack.cleanup.manager [-] Deleting neutron.port object s_rally_227cca70_5IePFGYF (d8121870-2de5-438e-b5a6-ccdfad229b11)
2020-03-07 22:37:23.786 15 RALLYDEBUG rally_openstack.cleanup.manager [-] Deleting neutron.port object s_rally_227cca70_WdobR0lY (d8470dd9-bb33-4c89-95bc-35c33ad7ea85)
2020-03-07 22:37:23.790 15 RALLYDEBUG rally_openstack.cleanup.manager [-] Deleting neutron.port object s_rally_227cca70_hGUHsP0Z (d8c0194f-66a7-4134-9b96-dc7c99263ef5)
2020-03-07 22:37:23.799 15 RALLYDEBUG rally_openstack.cleanup.manager [-] Deleting neutron.port object s_rally_227cca70_cUbL0axM (d8f80da1-d0db-43bb-a2ae-7c23009b55fb)
2020-03-07 22:37:23.857 15 RALLYDEBUG rally_openstack.cleanup.manager [-] Deleting neutron.port object s_rally_227cca70_0xaaDlHc (d9793a2a-7435-409e-beac-86e859dd1758)
2020-03-07 22:37:24.183 15 RALLYDEBUG rally_openstack.cleanup.manager [-] Deleting neutron.port object s_rally_227cca70_5JrA3fyZ (d99a4148-694d-498e-a28b-f8c8229875ae)
2020-03-07 22:37:24.282 15 RALLYDEBUG rally_openstack.cleanup.manager [-] Deleting neutron.port object s_rally_227cca70_6NMsIAsO (dc11d048-6deb-43bc-92ba-828e7d2c53df)
2020-03-07 22:37:24.381 15 RALLYDEBUG rally_openstack.cleanup.manager [-] Deleting neutron.port object s_rally_227cca70_8DxH3YR6 (dd390655-1b61-40f6-a3c6-52cd78d61bc2)
2020-03-07 22:37:24.401 15 RALLYDEBUG rally_openstack.cleanup.manager [-] Deleting neutron.port object s_rally_227cca70_IEWpVxdk (de43da4e-7a19-4811-b8eb-c3d87939c81b)
2020-03-07 22:37:24.405 15 RALLYDEBUG rally_openstack.cleanup.manager [-] Deleting neutron.port object s_rally_227cca70_65ak6uCX (dec3a99a-c810-4540-95ef-28382d8e99e9)
2020-03-07 22:37:24.456 15 RALLYDEBUG rally_openstack.cleanup.manager [-] Deleting neutron.port object s_rally_227cca70_jXoovBwf (e04c8faf-9408-48ba-bcdd-14ba5a1b6652)
2020-03-07 22:37:24.482 15 RALLYDEBUG rally_openstack.cleanup.manager [-] Deleting neutron.port object s_rally_227cca70_kbHrxE7a (e1154a34-8173-421a-8154-954f71bd4c7f)
2020-03-07 22:37:24.723 15 RALLYDEBUG rally_openstack.cleanup.manager [-] Deleting neutron.port object s_rally_227cca70_jGqCG05i (e13dda74-d653-4593-94b2-776dd2f60a50)
2020-03-07 22:37:24.737 15 RALLYDEBUG rally_openstack.cleanup.manager [-] Deleting neutron.port object s_rally_227cca70_qq0KMWwI (e237c50b-3fab-4a6f-837e-70244d67f117)
2020-03-07 22:37:25.328 15 RALLYDEBUG rally_openstack.cleanup.manager [-] Deleting neutron.port object s_rally_227cca70_d8R8VJDp (e32782a7-2241-49bc-8062-5b68fc39c9f7)
2020-03-07 22:37:25.419 15 RALLYDEBUG rally_openstack.cleanup.manager [-] Deleting neutron.port object s_rally_227cca70_C7UtNoSg (e3d72d5d-10a9-4d7b-82c5-87f79d303cab)
2020-03-07 22:37:25.512 15 RALLYDEBUG rally_openstack.cleanup.manager [-] Deleting neutron.port object s_rally_227cca70_n2IFv3xD (e4a3f022-1bc2-4ce9-8b19-02a7c5183d69)
2020-03-07 22:37:25.763 15 RALLYDEBUG rally_openstack.cleanup.manager [-] Deleting neutron.port object s_rally_227cca70_U2XvGSzI (e76aea2a-5caf-47bf-b5b4-4e17fd826b3b)
2020-03-07 22:37:25.802 15 RALLYDEBUG rally_openstack.cleanup.manager [-] Deleting neutron.port object s_rally_227cca70_1H2s3NEI (e7ab4509-f299-40bd-95ed-0b8f97db5d65)
2020-03-07 22:37:26.054 15 RALLYDEBUG rally_openstack.cleanup.manager [-] Deleting neutron.port object s_rally_227cca70_UPSvTR6b (e87adea2-4471-45e9-810e-592627380301)
2020-03-07 22:37:26.082 15 RALLYDEBUG rally_openstack.cleanup.manager [-] Deleting neutron.port object s_rally_227cca70_Deu1EjJ0 (eb297d1b-fbea-486c-bb18-673aa4b22f9e)
2020-03-07 22:37:26.083 15 RALLYDEBUG rally_openstack.cleanup.manager [-] Deleting neutron.port object s_rally_227cca70_PC1KPvLp (ea83b5c8-b14e-417e-9432-80c840cbd04a)
2020-03-07 22:37:26.092 15 RALLYDEBUG rally_openstack.cleanup.manager [-] Deleting neutron.port object s_rally_227cca70_jOOuuALk (eb5972da-b499-4abc-bc8b-9d31f987e577)
2020-03-07 22:37:26.190 15 RALLYDEBUG rally_openstack.cleanup.manager [-] Deleting neutron.port object s_rally_227cca70_wIDTMEtc (edbe0f95-bb14-488b-a898-28ee832aef1f)
2020-03-07 22:37:26.202 15 RALLYDEBUG rally_openstack.cleanup.manager [-] Deleting neutron.port object s_rally_227cca70_8VTAdX9k (edecf32a-caea-4e81-8140-fed319d0d215)
2020-03-07 22:37:26.211 15 RALLYDEBUG rally_openstack.cleanup.manager [-] Deleting neutron.port object s_rally_227cca70_dvxi4TJW (ee5ead84-2c8f-4cce-8db7-ef594c8b8b35)
2020-03-07 22:37:26.319 15 RALLYDEBUG rally_openstack.cleanup.manager [-] Deleting neutron.port object s_rally_227cca70_ngoGKdFL (ee951d81-30a9-4d09-8b64-fe948e4c22b1)
2020-03-07 22:37:26.387 15 RALLYDEBUG rally_openstack.cleanup.manager [-] Deleting neutron.port object s_rally_227cca70_lgLOUnzI (ef2a48f9-7080-4233-9291-a965fd1996d7)
2020-03-07 22:37:26.554 15 RALLYDEBUG rally_openstack.cleanup.manager [-] Deleting neutron.port object s_rally_227cca70_ireZvxLY (ef71abca-bfba-4d0e-8010-1d2db6b04909)
2020-03-07 22:37:26.562 15 RALLYDEBUG rally_openstack.cleanup.manager [-] Deleting neutron.port object s_rally_227cca70_9nuqhtzZ (ef72c54e-207f-4107-86ca-d12da1ae6828)
2020-03-07 22:37:26.744 15 RALLYDEBUG rally_openstack.cleanup.manager [-] Deleting neutron.port object s_rally_227cca70_JkDrbxbv (efbd1350-5ee8-49d1-bd43-7e9f71059bd6)
2020-03-07 22:37:27.160 15 RALLYDEBUG rally_openstack.cleanup.manager [-] Deleting neutron.port object s_rally_227cca70_yiVHPNxD (f0194768-5ed0-4e8e-93ad-3f0a5cf042f8)
2020-03-07 22:37:27.209 15 RALLYDEBUG rally_openstack.cleanup.manager [-] Deleting neutron.port object s_rally_227cca70_US5o9XmF (f20075ea-d2f9-4d85-ab94-5b723cf7e5cd)
2020-03-07 22:37:27.229 15 RALLYDEBUG rally_openstack.cleanup.manager [-] Deleting neutron.port object s_rally_227cca70_460h7yvg (f2d15cd9-2acf-4f8e-a12d-519551e70dfa)
2020-03-07 22:37:27.235 15 RALLYDEBUG rally_openstack.cleanup.manager [-] Deleting neutron.port object s_rally_227cca70_RopXWPRM (f308d921-70a7-40be-97c2-38b023aba457)
2020-03-07 22:37:27.272 15 RALLYDEBUG rally_openstack.cleanup.manager [-] Deleting neutron.port object s_rally_227cca70_4I5iDxIo (f4fe06fb-ddde-4f9d-bcbe-057e5caaf04c)
2020-03-07 22:37:27.281 15 RALLYDEBUG rally_openstack.cleanup.manager [-] Deleting neutron.port object s_rally_227cca70_sDu0ztBI (f529d0bd-22dd-4f51-8291-cd63b6e39fe6)
2020-03-07 22:37:27.577 15 RALLYDEBUG rally_openstack.cleanup.manager [-] Deleting neutron.port object s_rally_227cca70_ZDJiehqJ (f58c6d9c-63c3-43bd-84e7-1879be736166)
2020-03-07 22:37:27.706 15 RALLYDEBUG rally_openstack.cleanup.manager [-] Deleting neutron.port object s_rally_227cca70_n24PkFuY (f5961976-d526-430b-bb86-cda1896b70cf)
2020-03-07 22:37:27.855 15 RALLYDEBUG rally_openstack.cleanup.manager [-] Deleting neutron.port object s_rally_227cca70_e7kIzzoO (f62b9cb2-de79-4d3e-a4e2-5397ba2ae1b7)
2020-03-07 22:37:27.937 15 RALLYDEBUG rally_openstack.cleanup.manager [-] Deleting neutron.port object s_rally_227cca70_tr8XFS8c (f646e018-8ae9-44fa-afa2-e5677a4fee84)
2020-03-07 22:37:27.966 15 RALLYDEBUG rally_openstack.cleanup.manager [-] Deleting neutron.port object s_rally_227cca70_PvggkEA5 (f70b44b7-85de-4ce1-b57e-e86bb0f46604)
2020-03-07 22:37:28.058 15 RALLYDEBUG rally_openstack.cleanup.manager [-] Deleting neutron.port object s_rally_227cca70_jBynuZTG (f71ff0fe-8482-4af6-a921-ffd33043894a)
2020-03-07 22:37:28.247 15 RALLYDEBUG rally_openstack.cleanup.manager [-] Deleting neutron.port object s_rally_227cca70_mJ2W8cOC (f79e337a-ae2a-45b6-9057-404489cbf356)
2020-03-07 22:37:28.323 15 RALLYDEBUG rally_openstack.cleanup.manager [-] Deleting neutron.port object s_rally_227cca70_DkGFtX1p (f8899355-9467-4bf5-812c-cc729c5342a9)
2020-03-07 22:37:28.427 15 RALLYDEBUG rally_openstack.cleanup.manager [-] Deleting neutron.port object s_rally_227cca70_NZ1fJgdy (f8c30fbd-0347-40a4-af12-669c24ebde56)
2020-03-07 22:37:28.535 15 RALLYDEBUG rally_openstack.cleanup.manager [-] Deleting neutron.port object s_rally_227cca70_97x3cVcI (f9145ec2-734d-420f-90bb-0d54e487ac17)
2020-03-07 22:37:28.825 15 RALLYDEBUG rally_openstack.cleanup.manager [-] Deleting neutron.port object s_rally_227cca70_T872ErTG (fa708254-348b-4de7-aaeb-cc14cf498b62)
2020-03-07 22:37:28.830 15 RALLYDEBUG rally_openstack.cleanup.manager [-] Deleting neutron.port object s_rally_227cca70_WZSFJXZD (fb412c8a-fdb6-4838-be51-c761a125d9c5)
2020-03-07 22:37:28.944 15 RALLYDEBUG rally_openstack.cleanup.manager [-] Deleting neutron.port object s_rally_227cca70_ZTGfhQpF (fc0d6f48-a065-458e-b9e2-6c78d8d179fc)
2020-03-07 22:37:28.965 15 RALLYDEBUG rally_openstack.cleanup.manager [-] Deleting neutron.port object s_rally_227cca70_x5Qx9TAD (fcea470a-f554-4e4d-b7c6-b6712b6d3430)
2020-03-07 22:37:29.075 15 RALLYDEBUG rally_openstack.cleanup.manager [-] Deleting neutron.port object s_rally_227cca70_NEBgvb0h (fdeb9e6b-0a7c-446a-8bc4-99acd3f0a43f)
2020-03-07 22:37:29.092 15 RALLYDEBUG rally_openstack.cleanup.manager [-] Deleting neutron.port object s_rally_227cca70_yFDcorKB (ff6d7e1f-79da-4477-bbd6-75ac6e96cb3e)
2020-03-07 22:37:29.148 15 RALLYDEBUG rally_openstack.cleanup.manager [-] Deleting neutron.port object s_rally_227cca70_cCEbAV01 (ffe0c790-64a4-4220-a188-e2fbd7b95a18)
2020-03-07 22:37:31.287 15 RALLYDEBUG rally_openstack.cleanup.manager [-] Cleaning up neutron subnet objects
2020-03-07 22:37:31.473 15 RALLYDEBUG rally_openstack.cleanup.manager [-] Cleaning up neutron network objects
2020-03-07 22:37:31.910 15 RALLYDEBUG rally_openstack.cleanup.manager [-] Deleting neutron.network object s_rally_227cca70_xPHgXbdf (264e9cd3-3e43-484b-859c-cca49d0defea)
2020-03-07 22:37:31.919 15 RALLYDEBUG rally_openstack.cleanup.manager [-] Deleting neutron.network object s_rally_227cca70_paOnT8HD (377830ad-a6fc-44a7-8bb3-1970cdf1f826)
2020-03-07 22:37:31.928 15 RALLYDEBUG rally_openstack.cleanup.manager [-] Deleting neutron.network object s_rally_227cca70_XRypW30r (5ae45c38-6464-4fa6-802d-610d796845d2)
2020-03-07 22:37:31.936 15 RALLYDEBUG rally_openstack.cleanup.manager [-] Deleting neutron.network object s_rally_227cca70_RfxKv4M5 (730b557e-215f-4667-aed6-1c262d0ccfa2)
2020-03-07 22:37:31.942 15 RALLYDEBUG rally_openstack.cleanup.manager [-] Deleting neutron.network object s_rally_227cca70_idXMXFLs (778676d9-a86f-442e-8fe3-ed60f13ecbaf)
2020-03-07 22:37:31.957 15 RALLYDEBUG rally_openstack.cleanup.manager [-] Deleting neutron.network object s_rally_227cca70_RjbtqU5G (7ff5fea4-71b3-4e3d-9bc7-a0332a25e500)
2020-03-07 22:37:31.971 15 RALLYDEBUG rally_openstack.cleanup.manager [-] Deleting neutron.network object s_rally_227cca70_selGsw93 (bc07a550-91c3-4023-a3c9-63e30227143e)
2020-03-07 22:37:31.986 15 RALLYDEBUG rally_openstack.cleanup.manager [-] Deleting neutron.network object s_rally_227cca70_AdZr4i6q (e1c9745e-2752-45e8-af10-405d8bb653a8)
2020-03-07 22:37:34.421 15 RALLYDEBUG rally_openstack.cleanup.manager [-] Cleaning up neutron router objects
2020-03-07 22:37:34.657 15 RALLYDEBUG rally_openstack.cleanup.manager [-] Cleaning up neutron security_group objects
2020-03-07 22:37:35.230 15 INFO rally.task.context [-] Task db91e353-d4c3-42d8-aa84-2aeb9858fed7 | Context cleanup@openstack cleanup() finished in 55.50 sec
2020-03-07 22:37:35.231 15 INFO rally.task.context [-] Task db91e353-d4c3-42d8-aa84-2aeb9858fed7 | Context quotas@openstack cleanup() started
2020-03-07 22:37:35.593 15 INFO rally.task.context [-] Task db91e353-d4c3-42d8-aa84-2aeb9858fed7 | Context quotas@openstack cleanup() finished in 0.36 sec
2020-03-07 22:37:35.594 15 INFO rally.task.context [-] Task db91e353-d4c3-42d8-aa84-2aeb9858fed7 | Context users@openstack cleanup() started
2020-03-07 22:37:37.162 15 INFO rally.task.context [-] Task db91e353-d4c3-42d8-aa84-2aeb9858fed7 | Context users@openstack cleanup() finished in 1.57 sec
2020-03-07 22:37:38.815 15 INFO rally.task.engine [-] Load duration is: 156.373496
2020-03-07 22:37:38.816 15 INFO rally.task.engine [-] Full runner duration is: 156.415785
2020-03-07 22:37:38.816 15 INFO rally.task.engine [-] Full duration is: 215.181588
2020-03-07 22:37:38.886 15 INFO rally.task.engine [-] Running workload: position = 1 config = { "version": 2, "title": "A cropped version of a bigger task.", "description": "Auto-generated task from a single workload (uuid=066b32e0-319f-4a2d-b2fd-c095225cb876)", "subtasks": [ { "title": "NeutronNetworks.create_and_update_ports", "description": "Create and update a given number of ports.", "scenario": { "NeutronNetworks.create_and_update_ports": { "network_create_args": {}, "port_create_args": {}, "ports_per_network": 5, "port_update_args": { "admin_state_up": false, "device_id": "dummy_id", "device_owner": "dummy_owner", "name": "_port_updated" } } }, "contexts": { "users": { "tenants": 1, "users_per_tenant": 1 }, "quotas": { "neutron": { "network": -1, "port": -1 } } }, "runner": { "constant": { "times": 40, "concurrency": 20 } }, "hooks": [], "sla": { "failure_rate": { "max": 0 } } } ] }
2020-03-07 22:37:38.906 15 RALLYDEBUG rally_openstack.contexts.keystone.users [-] Creating 1 tenants using 20 threads
2020-03-07 22:37:39.430 15 RALLYDEBUG rally_openstack.contexts.keystone.users [-] Creating 1 users using 20 threads
2020-03-07 22:37:39.933 15 INFO rally.task.context [-] Task db91e353-d4c3-42d8-aa84-2aeb9858fed7 | Context users@openstack setup() finished in 1.03 sec
2020-03-07 22:37:40.332 15 INFO rally.task.context [-] Task db91e353-d4c3-42d8-aa84-2aeb9858fed7 | Context quotas@openstack setup() finished in 0.40 sec
2020-03-07 22:37:40.332 15 INFO rally.task.context [-] Task db91e353-d4c3-42d8-aa84-2aeb9858fed7 | Context cleanup@openstack setup() finished in 0.00 msec
2020-03-07 22:37:40.342 15 RALLYDEBUG rally.task.runner [-] Starting the constant runner (task UUID: db91e353-d4c3-42d8-aa84-2aeb9858fed7). timeout: 0 concurrency: 20 concurrency_per_worker: 1 times: 40 concurrency_overhead: 0 processes_to_start: 20 max_cpu_used: 88
2020-03-07 22:37:40.356 4199 RALLYDEBUG rally.task.runner [-] Starting a worker. concurrency: 1 args: {"network_create_args": {}, "port_create_args": {}, "ports_per_network": 5, "port_update_args": {"admin_state_up": false, "device_id": "dummy_id", "device_owner": "dummy_owner", "name": "_port_updated"}} times: 40 method_name: run timeout: 0 duration: None cls:
2020-03-07 22:37:40.359 4200 RALLYDEBUG rally.task.runner [-] Starting a worker. concurrency: 1 args: {"network_create_args": {}, "port_create_args": {}, "ports_per_network": 5, "port_update_args": {"admin_state_up": false, "device_id": "dummy_id", "device_owner": "dummy_owner", "name": "_port_updated"}} times: 40 method_name: run timeout: 0 duration: None cls:
2020-03-07 22:37:40.364 4201 RALLYDEBUG rally.task.runner [-] Starting a worker. concurrency: 1 args: {"network_create_args": {}, "port_create_args": {}, "ports_per_network": 5, "port_update_args": {"admin_state_up": false, "device_id": "dummy_id", "device_owner": "dummy_owner", "name": "_port_updated"}} times: 40 method_name: run timeout: 0 duration: None cls:
2020-03-07 22:37:40.366 4200 INFO rally.task.runner [-] Task db91e353-d4c3-42d8-aa84-2aeb9858fed7 | ITER: 2 START
2020-03-07 22:37:40.367 4200 WARNING rally_openstack.scenarios.neutron.utils [-] Running this scenario without either the 'network' or 'existing_network' context is deprecated
2020-03-07 22:37:40.369 4203 RALLYDEBUG rally.task.runner [-] Starting a worker. concurrency: 1 args: {"network_create_args": {}, "port_create_args": {}, "ports_per_network": 5, "port_update_args": {"admin_state_up": false, "device_id": "dummy_id", "device_owner": "dummy_owner", "name": "_port_updated"}} times: 40 method_name: run timeout: 0 duration: None cls:
2020-03-07 22:37:40.369 4202 RALLYDEBUG rally.task.runner [-] Starting a worker. concurrency: 1 args: {"network_create_args": {}, "port_create_args": {}, "ports_per_network": 5, "port_update_args": {"admin_state_up": false, "device_id": "dummy_id", "device_owner": "dummy_owner", "name": "_port_updated"}} times: 40 method_name: run timeout: 0 duration: None cls:
2020-03-07 22:37:40.372 4205 RALLYDEBUG rally.task.runner [-] Starting a worker. concurrency: 1 args: {"network_create_args": {}, "port_create_args": {}, "ports_per_network": 5, "port_update_args": {"admin_state_up": false, "device_id": "dummy_id", "device_owner": "dummy_owner", "name": "_port_updated"}} times: 40 method_name: run timeout: 0 duration: None cls:
2020-03-07 22:37:40.373 4201 INFO rally.task.runner [-] Task db91e353-d4c3-42d8-aa84-2aeb9858fed7 | ITER: 3 START
2020-03-07 22:37:40.374 4201 WARNING rally_openstack.scenarios.neutron.utils [-] Running this scenario without either the 'network' or 'existing_network' context is deprecated
2020-03-07 22:37:40.376 4202 INFO rally.task.runner [-] Task db91e353-d4c3-42d8-aa84-2aeb9858fed7 | ITER: 5 START
2020-03-07 22:37:40.375 4208 RALLYDEBUG rally.task.runner [-] Starting a worker. concurrency: 1 args: {"network_create_args": {}, "port_create_args": {}, "ports_per_network": 5, "port_update_args": {"admin_state_up": false, "device_id": "dummy_id", "device_owner": "dummy_owner", "name": "_port_updated"}} times: 40 method_name: run timeout: 0 duration: None cls:
2020-03-07 22:37:40.376 4199 INFO rally.task.runner [-] Task db91e353-d4c3-42d8-aa84-2aeb9858fed7 | ITER: 1 START
2020-03-07 22:37:40.376 4203 INFO rally.task.runner [-] Task db91e353-d4c3-42d8-aa84-2aeb9858fed7 | ITER: 4 START
2020-03-07 22:37:40.377 4199 WARNING rally_openstack.scenarios.neutron.utils [-] Running this scenario without either the 'network' or 'existing_network' context is deprecated
2020-03-07 22:37:40.377 4202 WARNING rally_openstack.scenarios.neutron.utils [-] Running this scenario without either the 'network' or 'existing_network' context is deprecated
2020-03-07 22:37:40.377 4203 WARNING rally_openstack.scenarios.neutron.utils [-] Running this scenario without either the 'network' or 'existing_network' context is deprecated
2020-03-07 22:37:40.381 4205 INFO rally.task.runner [-] Task db91e353-d4c3-42d8-aa84-2aeb9858fed7 | ITER: 6 START
2020-03-07 22:37:40.382 4208 INFO rally.task.runner [-] Task db91e353-d4c3-42d8-aa84-2aeb9858fed7 | ITER: 7 START
2020-03-07 22:37:40.381 4210 RALLYDEBUG rally.task.runner [-] Starting a worker. concurrency: 1 args: {"network_create_args": {}, "port_create_args": {}, "ports_per_network": 5, "port_update_args": {"admin_state_up": false, "device_id": "dummy_id", "device_owner": "dummy_owner", "name": "_port_updated"}} times: 40 method_name: run timeout: 0 duration: None cls:
2020-03-07 22:37:40.383 4205 WARNING rally_openstack.scenarios.neutron.utils [-] Running this scenario without either the 'network' or 'existing_network' context is deprecated
2020-03-07 22:37:40.383 4208 WARNING rally_openstack.scenarios.neutron.utils [-] Running this scenario without either the 'network' or 'existing_network' context is deprecated
2020-03-07 22:37:40.383 4213 RALLYDEBUG rally.task.runner [-] Starting a worker. concurrency: 1 args: {"network_create_args": {}, "port_create_args": {}, "ports_per_network": 5, "port_update_args": {"admin_state_up": false, "device_id": "dummy_id", "device_owner": "dummy_owner", "name": "_port_updated"}} times: 40 method_name: run timeout: 0 duration: None cls:
2020-03-07 22:37:40.384 4219 RALLYDEBUG rally.task.runner [-] Starting a worker. concurrency: 1 args: {"network_create_args": {}, "port_create_args": {}, "ports_per_network": 5, "port_update_args": {"admin_state_up": false, "device_id": "dummy_id", "device_owner": "dummy_owner", "name": "_port_updated"}} times: 40 method_name: run timeout: 0 duration: None cls:
2020-03-07 22:37:40.387 4222 RALLYDEBUG rally.task.runner [-] Starting a worker. concurrency: 1 args: {"network_create_args": {}, "port_create_args": {}, "ports_per_network": 5, "port_update_args": {"admin_state_up": false, "device_id": "dummy_id", "device_owner": "dummy_owner", "name": "_port_updated"}} times: 40 method_name: run timeout: 0 duration: None cls:
2020-03-07 22:37:40.389 4210 INFO rally.task.runner [-] Task db91e353-d4c3-42d8-aa84-2aeb9858fed7 | ITER: 8 START
2020-03-07 22:37:40.390 4210 WARNING rally_openstack.scenarios.neutron.utils [-] Running this scenario without either the 'network' or 'existing_network' context is deprecated
2020-03-07 22:37:40.391 4219 INFO rally.task.runner [-] Task db91e353-d4c3-42d8-aa84-2aeb9858fed7 | ITER: 10 START
2020-03-07 22:37:40.391 4213 INFO rally.task.runner [-] Task db91e353-d4c3-42d8-aa84-2aeb9858fed7 | ITER: 9 START
2020-03-07 22:37:40.392 4219 WARNING rally_openstack.scenarios.neutron.utils [-] Running this scenario without either the 'network' or 'existing_network' context is deprecated
2020-03-07 22:37:40.392 4213 WARNING rally_openstack.scenarios.neutron.utils [-] Running this scenario without either the 'network' or 'existing_network' context is deprecated
2020-03-07 22:37:40.392 4224 RALLYDEBUG rally.task.runner [-] Starting a worker. concurrency: 1 args: {"network_create_args": {}, "port_create_args": {}, "ports_per_network": 5, "port_update_args": {"admin_state_up": false, "device_id": "dummy_id", "device_owner": "dummy_owner", "name": "_port_updated"}} times: 40 method_name: run timeout: 0 duration: None cls:
2020-03-07 22:37:40.393 4222 INFO rally.task.runner [-] Task db91e353-d4c3-42d8-aa84-2aeb9858fed7 | ITER: 11 START
2020-03-07 22:37:40.394 4222 WARNING rally_openstack.scenarios.neutron.utils [-] Running this scenario without either the 'network' or 'existing_network' context is deprecated
2020-03-07 22:37:40.394 4225 RALLYDEBUG rally.task.runner [-] Starting a worker. concurrency: 1 args: {"network_create_args": {}, "port_create_args": {}, "ports_per_network": 5, "port_update_args": {"admin_state_up": false, "device_id": "dummy_id", "device_owner": "dummy_owner", "name": "_port_updated"}} times: 40 method_name: run timeout: 0 duration: None cls:
2020-03-07 22:37:40.396 4231 RALLYDEBUG rally.task.runner [-] Starting a worker. concurrency: 1 args: {"network_create_args": {}, "port_create_args": {}, "ports_per_network": 5, "port_update_args": {"admin_state_up": false, "device_id": "dummy_id", "device_owner": "dummy_owner", "name": "_port_updated"}} times: 40 method_name: run timeout: 0 duration: None cls:
2020-03-07 22:37:40.398 4224 INFO rally.task.runner [-] Task db91e353-d4c3-42d8-aa84-2aeb9858fed7 | ITER: 12 START
2020-03-07 22:37:40.399 4224 WARNING rally_openstack.scenarios.neutron.utils [-] Running this scenario without either the 'network' or 'existing_network' context is deprecated
2020-03-07 22:37:40.400 4225 INFO rally.task.runner [-] Task db91e353-d4c3-42d8-aa84-2aeb9858fed7 | ITER: 13 START
2020-03-07 22:37:40.401 4235 RALLYDEBUG rally.task.runner [-] Starting a worker. concurrency: 1 args: {"network_create_args": {}, "port_create_args": {}, "ports_per_network": 5, "port_update_args": {"admin_state_up": false, "device_id": "dummy_id", "device_owner": "dummy_owner", "name": "_port_updated"}} times: 40 method_name: run timeout: 0 duration: None cls:
2020-03-07 22:37:40.401 4225 WARNING rally_openstack.scenarios.neutron.utils [-] Running this scenario without either the 'network' or 'existing_network' context is deprecated
2020-03-07 22:37:40.401 4231 INFO rally.task.runner [-] Task db91e353-d4c3-42d8-aa84-2aeb9858fed7 | ITER: 14 START
2020-03-07 22:37:40.402 4231 WARNING rally_openstack.scenarios.neutron.utils [-] Running this scenario without either the 'network' or 'existing_network' context is deprecated
2020-03-07 22:37:40.404 4236 RALLYDEBUG rally.task.runner [-] Starting a worker. concurrency: 1 args: {"network_create_args": {}, "port_create_args": {}, "ports_per_network": 5, "port_update_args": {"admin_state_up": false, "device_id": "dummy_id", "device_owner": "dummy_owner", "name": "_port_updated"}} times: 40 method_name: run timeout: 0 duration: None cls:
2020-03-07 22:37:40.406 4241 RALLYDEBUG rally.task.runner [-] Starting a worker. concurrency: 1 args: {"network_create_args": {}, "port_create_args": {}, "ports_per_network": 5, "port_update_args": {"admin_state_up": false, "device_id": "dummy_id", "device_owner": "dummy_owner", "name": "_port_updated"}} times: 40 method_name: run timeout: 0 duration: None cls:
2020-03-07 22:37:40.407 4235 INFO rally.task.runner [-] Task db91e353-d4c3-42d8-aa84-2aeb9858fed7 | ITER: 15 START
2020-03-07 22:37:40.408 4235 WARNING rally_openstack.scenarios.neutron.utils [-] Running this scenario without either the 'network' or 'existing_network' context is deprecated
2020-03-07 22:37:40.410 4236 INFO rally.task.runner [-] Task db91e353-d4c3-42d8-aa84-2aeb9858fed7 | ITER: 16 START
2020-03-07 22:37:40.410 4244 RALLYDEBUG rally.task.runner [-] Starting a worker. concurrency: 1 args: {"network_create_args": {}, "port_create_args": {}, "ports_per_network": 5, "port_update_args": {"admin_state_up": false, "device_id": "dummy_id", "device_owner": "dummy_owner", "name": "_port_updated"}} times: 40 method_name: run timeout: 0 duration: None cls:
2020-03-07 22:37:40.411 4236 WARNING rally_openstack.scenarios.neutron.utils [-] Running this scenario without either the 'network' or 'existing_network' context is deprecated
2020-03-07 22:37:40.412 4241 INFO rally.task.runner [-] Task db91e353-d4c3-42d8-aa84-2aeb9858fed7 | ITER: 17 START
2020-03-07 22:37:40.413 4241 WARNING rally_openstack.scenarios.neutron.utils [-] Running this scenario without either the 'network' or 'existing_network' context is deprecated
2020-03-07 22:37:40.413 4246 RALLYDEBUG rally.task.runner [-] Starting a worker. concurrency: 1 args: {"network_create_args": {}, "port_create_args": {}, "ports_per_network": 5, "port_update_args": {"admin_state_up": false, "device_id": "dummy_id", "device_owner": "dummy_owner", "name": "_port_updated"}} times: 40 method_name: run timeout: 0 duration: None cls:
2020-03-07 22:37:40.416 4244 INFO rally.task.runner [-] Task db91e353-d4c3-42d8-aa84-2aeb9858fed7 | ITER: 18 START
2020-03-07 22:37:40.417 4244 WARNING rally_openstack.scenarios.neutron.utils [-] Running this scenario without either the 'network' or 'existing_network' context is deprecated
2020-03-07 22:37:40.417 4250 RALLYDEBUG rally.task.runner [-] Starting a worker. concurrency: 1 args: {"network_create_args": {}, "port_create_args": {}, "ports_per_network": 5, "port_update_args": {"admin_state_up": false, "device_id": "dummy_id", "device_owner": "dummy_owner", "name": "_port_updated"}} times: 40 method_name: run timeout: 0 duration: None cls:
2020-03-07 22:37:40.419 4246 INFO rally.task.runner [-] Task db91e353-d4c3-42d8-aa84-2aeb9858fed7 | ITER: 19 START
2020-03-07 22:37:40.420 4246 WARNING rally_openstack.scenarios.neutron.utils [-] Running this scenario without either the 'network' or 'existing_network' context is deprecated
2020-03-07 22:37:40.424 4250 INFO rally.task.runner [-] Task db91e353-d4c3-42d8-aa84-2aeb9858fed7 | ITER: 20 START
2020-03-07 22:37:40.425 4250 WARNING rally_openstack.scenarios.neutron.utils [-] Running this scenario without either the 'network' or 'existing_network' context is deprecated
2020-03-07 22:38:06.346 4224 INFO rally.task.runner [-] Task db91e353-d4c3-42d8-aa84-2aeb9858fed7 | ITER: 12 END: OK
2020-03-07 22:38:06.351 4224 INFO rally.task.runner [-] Task db91e353-d4c3-42d8-aa84-2aeb9858fed7 | ITER: 21 START
2020-03-07 22:38:06.352 4224 WARNING rally_openstack.scenarios.neutron.utils [-] Running this scenario without either the 'network' or 'existing_network' context is deprecated
2020-03-07 22:38:07.610 4200 INFO rally.task.runner [-] Task db91e353-d4c3-42d8-aa84-2aeb9858fed7 | ITER: 2 END: OK
2020-03-07 22:38:07.622 4200 INFO rally.task.runner [-] Task db91e353-d4c3-42d8-aa84-2aeb9858fed7 | ITER: 22 START
2020-03-07 22:38:07.625 4200 WARNING rally_openstack.scenarios.neutron.utils [-] Running this scenario without either the 'network' or 'existing_network' context is deprecated
2020-03-07 22:38:08.985 4203 INFO rally.task.runner [-] Task db91e353-d4c3-42d8-aa84-2aeb9858fed7 | ITER: 4 END: OK
2020-03-07 22:38:08.994 4203 INFO rally.task.runner [-] Task db91e353-d4c3-42d8-aa84-2aeb9858fed7 | ITER: 23 START
2020-03-07 22:38:08.995 4203 WARNING rally_openstack.scenarios.neutron.utils [-] Running this scenario without either the 'network' or 'existing_network' context is deprecated
2020-03-07 22:38:09.151 4222 INFO rally.task.runner [-] Task db91e353-d4c3-42d8-aa84-2aeb9858fed7 | ITER: 11 END: OK
2020-03-07 22:38:09.159 4222 INFO rally.task.runner [-] Task db91e353-d4c3-42d8-aa84-2aeb9858fed7 | ITER: 24 START
2020-03-07 22:38:09.160 4222 WARNING rally_openstack.scenarios.neutron.utils [-] Running this scenario without either the 'network' or 'existing_network' context is deprecated
2020-03-07 22:38:10.715 4202 INFO rally.task.runner [-] Task db91e353-d4c3-42d8-aa84-2aeb9858fed7 | ITER: 5 END: OK
2020-03-07 22:38:10.723 4202 INFO rally.task.runner [-] Task db91e353-d4c3-42d8-aa84-2aeb9858fed7 | ITER: 25 START
2020-03-07 22:38:10.724 4202 WARNING rally_openstack.scenarios.neutron.utils [-] Running this scenario without either the 'network' or 'existing_network' context is deprecated
2020-03-07 22:38:10.735 4208 INFO rally.task.runner [-] Task db91e353-d4c3-42d8-aa84-2aeb9858fed7 | ITER: 7 END: OK
2020-03-07 22:38:10.743 4208 INFO rally.task.runner [-] Task db91e353-d4c3-42d8-aa84-2aeb9858fed7 | ITER: 26 START
2020-03-07 22:38:10.744 4208 WARNING rally_openstack.scenarios.neutron.utils [-] Running this scenario without either the 'network' or 'existing_network' context is deprecated
2020-03-07 22:38:11.017 4231 INFO rally.task.runner [-] Task db91e353-d4c3-42d8-aa84-2aeb9858fed7 | ITER: 14 END: OK
2020-03-07 22:38:11.026 4231 INFO rally.task.runner [-] Task db91e353-d4c3-42d8-aa84-2aeb9858fed7 | ITER: 27 START
2020-03-07 22:38:11.027 4231 WARNING rally_openstack.scenarios.neutron.utils [-] Running this scenario without either the 'network' or 'existing_network' context is deprecated
2020-03-07 22:38:11.262 4246 INFO rally.task.runner [-] Task db91e353-d4c3-42d8-aa84-2aeb9858fed7 | ITER: 19 END: OK
2020-03-07 22:38:11.270 4246 INFO rally.task.runner [-] Task db91e353-d4c3-42d8-aa84-2aeb9858fed7 | ITER: 28 START
2020-03-07 22:38:11.271 4246 WARNING rally_openstack.scenarios.neutron.utils [-] Running this scenario without either the 'network' or 'existing_network' context is deprecated
2020-03-07 22:38:11.306 4210 INFO rally.task.runner [-] Task db91e353-d4c3-42d8-aa84-2aeb9858fed7 | ITER: 8 END: OK
2020-03-07 22:38:11.315 4210 INFO rally.task.runner [-] Task db91e353-d4c3-42d8-aa84-2aeb9858fed7 | ITER: 29 START
2020-03-07 22:38:11.316 4210 WARNING rally_openstack.scenarios.neutron.utils [-] Running this scenario without either the 'network' or 'existing_network' context is deprecated
2020-03-07 22:38:11.565 4235 INFO rally.task.runner [-] Task db91e353-d4c3-42d8-aa84-2aeb9858fed7 | ITER: 15 END: OK
2020-03-07 22:38:11.573 4235 INFO rally.task.runner [-] Task db91e353-d4c3-42d8-aa84-2aeb9858fed7 | ITER: 30 START
2020-03-07 22:38:11.574 4235 WARNING rally_openstack.scenarios.neutron.utils [-] Running this scenario without either the 'network' or 'existing_network' context is deprecated
2020-03-07 22:38:11.577 4205 INFO rally.task.runner [-] Task db91e353-d4c3-42d8-aa84-2aeb9858fed7 | ITER: 6 END: OK
2020-03-07 22:38:11.585 4205 INFO rally.task.runner [-] Task db91e353-d4c3-42d8-aa84-2aeb9858fed7 | ITER: 31 START
2020-03-07 22:38:11.585 4205 WARNING rally_openstack.scenarios.neutron.utils [-] Running this scenario without either the 'network' or 'existing_network' context is deprecated
2020-03-07 22:38:12.038 4241 INFO rally.task.runner [-] Task db91e353-d4c3-42d8-aa84-2aeb9858fed7 | ITER: 17 END: OK
2020-03-07 22:38:12.046 4241 INFO rally.task.runner [-] Task db91e353-d4c3-42d8-aa84-2aeb9858fed7 | ITER: 32 START
2020-03-07 22:38:12.047 4241 WARNING rally_openstack.scenarios.neutron.utils [-] Running this scenario without either the 'network' or 'existing_network' context is deprecated
2020-03-07 22:38:12.196 4244 INFO rally.task.runner [-] Task db91e353-d4c3-42d8-aa84-2aeb9858fed7 | ITER: 18 END: OK
2020-03-07 22:38:12.204 4244 INFO rally.task.runner [-] Task db91e353-d4c3-42d8-aa84-2aeb9858fed7 | ITER: 33 START
2020-03-07 22:38:12.205 4244 WARNING rally_openstack.scenarios.neutron.utils [-] Running this scenario without either the 'network' or 'existing_network' context is deprecated
2020-03-07 22:38:12.355 4219 INFO rally.task.runner [-] Task db91e353-d4c3-42d8-aa84-2aeb9858fed7 | ITER: 10 END: OK
2020-03-07 22:38:12.363 4219 INFO rally.task.runner [-] Task db91e353-d4c3-42d8-aa84-2aeb9858fed7 | ITER: 34 START
2020-03-07 22:38:12.364 4219 WARNING rally_openstack.scenarios.neutron.utils [-] Running this scenario without either the 'network' or 'existing_network' context is deprecated
2020-03-07 22:38:12.590 4250 INFO rally.task.runner [-] Task db91e353-d4c3-42d8-aa84-2aeb9858fed7 | ITER: 20 END: OK
2020-03-07 22:38:12.597 4250 INFO rally.task.runner [-] Task db91e353-d4c3-42d8-aa84-2aeb9858fed7 | ITER: 35 START
2020-03-07 22:38:12.598 4250 WARNING rally_openstack.scenarios.neutron.utils [-] Running this scenario without either the 'network' or 'existing_network' context is deprecated
2020-03-07 22:38:12.748 4213 INFO rally.task.runner [-] Task db91e353-d4c3-42d8-aa84-2aeb9858fed7 | ITER: 9 END: OK
2020-03-07 22:38:12.757 4213 INFO rally.task.runner [-] Task db91e353-d4c3-42d8-aa84-2aeb9858fed7 | ITER: 36 START
2020-03-07 22:38:12.758 4213 WARNING rally_openstack.scenarios.neutron.utils [-] Running this scenario without either the 'network' or 'existing_network' context is deprecated
2020-03-07 22:38:13.742 4236 INFO rally.task.runner [-] Task db91e353-d4c3-42d8-aa84-2aeb9858fed7 | ITER: 16 END: OK
2020-03-07 22:38:13.750 4236 INFO rally.task.runner [-] Task db91e353-d4c3-42d8-aa84-2aeb9858fed7 | ITER: 37 START
2020-03-07 22:38:13.751 4236 WARNING rally_openstack.scenarios.neutron.utils [-] Running this scenario without either the 'network' or 'existing_network' context is deprecated
2020-03-07 22:38:14.007 4225 INFO rally.task.runner [-] Task db91e353-d4c3-42d8-aa84-2aeb9858fed7 | ITER: 13 END: OK
2020-03-07 22:38:14.015 4225 INFO rally.task.runner [-] Task db91e353-d4c3-42d8-aa84-2aeb9858fed7 | ITER: 38 START
2020-03-07 22:38:14.016 4225 WARNING rally_openstack.scenarios.neutron.utils [-] Running this scenario without either the 'network' or 'existing_network' context is deprecated
2020-03-07 22:38:14.826 4201 INFO rally.task.runner [-] Task db91e353-d4c3-42d8-aa84-2aeb9858fed7 | ITER: 3 END: OK
2020-03-07 22:38:14.834 4201 INFO rally.task.runner [-] Task db91e353-d4c3-42d8-aa84-2aeb9858fed7 | ITER: 39 START
2020-03-07 22:38:14.835 4201 WARNING rally_openstack.scenarios.neutron.utils [-] Running this scenario without either the 'network' or 'existing_network' context is deprecated
2020-03-07 22:38:15.078 4199 INFO rally.task.runner [-] Task db91e353-d4c3-42d8-aa84-2aeb9858fed7 | ITER: 1 END: OK
2020-03-07 22:38:15.086 4199 INFO rally.task.runner [-] Task db91e353-d4c3-42d8-aa84-2aeb9858fed7 | ITER: 40 START
2020-03-07 22:38:15.087 4199 WARNING rally_openstack.scenarios.neutron.utils [-] Running this scenario without either the 'network' or 'existing_network' context is deprecated
2020-03-07 22:38:30.245 4200 INFO rally.task.runner [-] Task db91e353-d4c3-42d8-aa84-2aeb9858fed7 | ITER: 22 END: OK
2020-03-07 22:38:30.287 4224 INFO rally.task.runner [-] Task db91e353-d4c3-42d8-aa84-2aeb9858fed7 | ITER: 21 END: OK
2020-03-07 22:38:30.648 4250 INFO rally.task.runner [-] Task db91e353-d4c3-42d8-aa84-2aeb9858fed7 | ITER: 35 END: OK
2020-03-07 22:38:31.708 4231 INFO rally.task.runner [-] Task db91e353-d4c3-42d8-aa84-2aeb9858fed7 | ITER: 27 END: OK
2020-03-07 22:38:31.772 4219 INFO rally.task.runner [-] Task db91e353-d4c3-42d8-aa84-2aeb9858fed7 | ITER: 34 END: OK
2020-03-07 22:38:32.300 4203 INFO rally.task.runner [-] Task db91e353-d4c3-42d8-aa84-2aeb9858fed7 | ITER: 23 END: OK
2020-03-07 22:38:32.602 4241 INFO rally.task.runner [-] Task db91e353-d4c3-42d8-aa84-2aeb9858fed7 | ITER: 32 END: OK
2020-03-07 22:38:33.320 4202 INFO rally.task.runner [-] Task db91e353-d4c3-42d8-aa84-2aeb9858fed7 | ITER: 25 END: OK
2020-03-07 22:38:33.492 4222 INFO rally.task.runner [-] Task db91e353-d4c3-42d8-aa84-2aeb9858fed7 | ITER: 24 END: OK
2020-03-07 22:38:33.543 4208 INFO rally.task.runner [-] Task db91e353-d4c3-42d8-aa84-2aeb9858fed7 | ITER: 26 END: OK
2020-03-07 22:38:33.791 4225 INFO rally.task.runner [-] Task db91e353-d4c3-42d8-aa84-2aeb9858fed7 | ITER: 38 END: OK
2020-03-07 22:38:33.898 4246 INFO rally.task.runner [-] Task db91e353-d4c3-42d8-aa84-2aeb9858fed7 | ITER: 28 END: OK
2020-03-07 22:38:34.894 4236 INFO rally.task.runner [-] Task db91e353-d4c3-42d8-aa84-2aeb9858fed7 | ITER: 37 END: OK
2020-03-07 22:38:35.676 4205 INFO rally.task.runner [-] Task db91e353-d4c3-42d8-aa84-2aeb9858fed7 | ITER: 31 END: OK
2020-03-07 22:38:35.946 4235 INFO rally.task.runner [-] Task db91e353-d4c3-42d8-aa84-2aeb9858fed7 | ITER: 30 END: OK
2020-03-07 22:38:37.463 4244 INFO rally.task.runner [-] Task db91e353-d4c3-42d8-aa84-2aeb9858fed7 | ITER: 33 END: OK
2020-03-07 22:38:37.737 4213 INFO rally.task.runner [-] Task db91e353-d4c3-42d8-aa84-2aeb9858fed7 | ITER: 36 END: OK
2020-03-07 22:38:37.766 4210 INFO rally.task.runner [-] Task db91e353-d4c3-42d8-aa84-2aeb9858fed7 | ITER: 29 END: OK
2020-03-07 22:38:39.267 4201 INFO rally.task.runner [-] Task db91e353-d4c3-42d8-aa84-2aeb9858fed7 | ITER: 39 END: OK
2020-03-07 22:38:39.273 4199 INFO rally.task.runner [-] Task db91e353-d4c3-42d8-aa84-2aeb9858fed7 | ITER: 40 END: OK
2020-03-07 22:38:39.304 15 INFO rally.task.context [-] Task db91e353-d4c3-42d8-aa84-2aeb9858fed7 | Context cleanup@openstack cleanup() started
2020-03-07 22:38:39.308 15 RALLYDEBUG rally_openstack.cleanup.manager [-] Cleaning up neutron vip objects
2020-03-07 22:38:39.485 15 RALLYDEBUG rally_openstack.cleanup.manager [-] Cleaning up neutron health_monitor objects
2020-03-07 22:38:39.658 15 RALLYDEBUG rally_openstack.cleanup.manager [-] Cleaning up neutron pool objects
2020-03-07 22:38:39.826 15 RALLYDEBUG rally_openstack.cleanup.manager [-] Cleaning up neutron loadbalancer objects
2020-03-07 22:38:39.975 15 RALLYDEBUG rally_openstack.cleanup.manager [-] Cleaning up neutron floatingip objects
2020-03-07 22:38:40.145 15 RALLYDEBUG rally_openstack.cleanup.manager [-] Cleaning up neutron trunk objects
2020-03-07 22:38:40.299 15 DEBUG neutronclient.v2_0.client [-] Error message: {"message": "The resource could not be found.

\n\n\n", "code": "404 Not Found", "title": "Not Found"} _handle_fault_response /usr/lib/python2.7/site-packages/neutronclient/v2_0/client.py:259
2020-03-07 22:38:40.309 15 RALLYDEBUG rally_openstack.cleanup.manager [-] Cleaning up neutron port objects
2020-03-07 22:38:41.048 15 RALLYDEBUG rally_openstack.cleanup.manager [-] Deleting neutron.port object s_rally_066b32e0_kjYZ0ZPc (0074d741-3efb-4761-b431-5c14f8f754e5)
2020-03-07 22:38:41.052 15 RALLYDEBUG rally_openstack.cleanup.manager [-] Deleting neutron.port object s_rally_066b32e0_50ssE9fD (0288d761-6c5b-4a6d-8272-5ad569fede6a)
2020-03-07 22:38:41.059 15 RALLYDEBUG rally_openstack.cleanup.manager [-] Deleting neutron.port object s_rally_066b32e0_zh1Y9s5X (00ca8f09-5bb4-4802-9277-4be91796843a)
2020-03-07 22:38:41.055 15 RALLYDEBUG rally_openstack.cleanup.manager [-] Deleting neutron.port object s_rally_066b32e0_lm46hlj5 (01ed7b43-e9aa-4e44-9e11-46a722219615)
2020-03-07 22:38:41.073 15 RALLYDEBUG rally_openstack.cleanup.manager [-] Deleting neutron.port object s_rally_066b32e0_7hfKr9jS (032173a9-4e64-4f1a-8f7a-9236aceddf84)
2020-03-07 22:38:41.087 15 RALLYDEBUG rally_openstack.cleanup.manager [-] Deleting neutron.port object s_rally_066b32e0_0R1ZmtuW (0361a6d2-f17c-45d0-81e6-1347e03ef5e6)
