2020-03-07 22:30:22.867 3484 RALLYDEBUG rally.task.runner [-] Starting a worker. concurrency: 1 args: {"network_create_args": {}, "subnet_create_args": {}, "subnet_cidr_start": "1.1.0.0/30", "subnets_per_network": 2, "router_create_args": {}} times: 40 method_name: run timeout: 0 duration: None cls:
2020-03-07 22:30:22.871 3486 RALLYDEBUG rally.task.runner [-] Starting a worker. concurrency: 1 args: {"network_create_args": {}, "subnet_create_args": {}, "subnet_cidr_start": "1.1.0.0/30", "subnets_per_network": 2, "router_create_args": {}} times: 40 method_name: run timeout: 0 duration: None cls:
2020-03-07 22:30:22.872 3482 INFO rally.task.runner [-] Task db91e353-d4c3-42d8-aa84-2aeb9858fed7 | ITER: 5 START
2020-03-07 22:30:22.873 3484 INFO rally.task.runner [-] Task db91e353-d4c3-42d8-aa84-2aeb9858fed7 | ITER: 6 START
2020-03-07 22:30:22.874 3490 RALLYDEBUG rally.task.runner [-] Starting a worker. concurrency: 1 args: {"network_create_args": {}, "subnet_create_args": {}, "subnet_cidr_start": "1.1.0.0/30", "subnets_per_network": 2, "router_create_args": {}} times: 40 method_name: run timeout: 0 duration: None cls:
2020-03-07 22:30:22.877 3486 INFO rally.task.runner [-] Task db91e353-d4c3-42d8-aa84-2aeb9858fed7 | ITER: 7 START
2020-03-07 22:30:22.878 3492 RALLYDEBUG rally.task.runner [-] Starting a worker. concurrency: 1 args: {"network_create_args": {}, "subnet_create_args": {}, "subnet_cidr_start": "1.1.0.0/30", "subnets_per_network": 2, "router_create_args": {}} times: 40 method_name: run timeout: 0 duration: None cls:
2020-03-07 22:30:22.880 3490 INFO rally.task.runner [-] Task db91e353-d4c3-42d8-aa84-2aeb9858fed7 | ITER: 8 START
2020-03-07 22:30:22.881 3496 RALLYDEBUG rally.task.runner [-] Starting a worker. concurrency: 1 args: {"network_create_args": {}, "subnet_create_args": {}, "subnet_cidr_start": "1.1.0.0/30", "subnets_per_network": 2, "router_create_args": {}} times: 40 method_name: run timeout: 0 duration: None cls:
2020-03-07 22:30:22.884 3492 INFO rally.task.runner [-] Task db91e353-d4c3-42d8-aa84-2aeb9858fed7 | ITER: 9 START
2020-03-07 22:30:22.886 3499 RALLYDEBUG rally.task.runner [-] Starting a worker. concurrency: 1 args: {"network_create_args": {}, "subnet_create_args": {}, "subnet_cidr_start": "1.1.0.0/30", "subnets_per_network": 2, "router_create_args": {}} times: 40 method_name: run timeout: 0 duration: None cls:
2020-03-07 22:30:22.887 3502 RALLYDEBUG rally.task.runner [-] Starting a worker. concurrency: 1 args: {"network_create_args": {}, "subnet_create_args": {}, "subnet_cidr_start": "1.1.0.0/30", "subnets_per_network": 2, "router_create_args": {}} times: 40 method_name: run timeout: 0 duration: None cls:
2020-03-07 22:30:22.890 3505 RALLYDEBUG rally.task.runner [-] Starting a worker. concurrency: 1 args: {"network_create_args": {}, "subnet_create_args": {}, "subnet_cidr_start": "1.1.0.0/30", "subnets_per_network": 2, "router_create_args": {}} times: 40 method_name: run timeout: 0 duration: None cls:
2020-03-07 22:30:22.892 3496 INFO rally.task.runner [-] Task db91e353-d4c3-42d8-aa84-2aeb9858fed7 | ITER: 10 START
2020-03-07 22:30:22.894 3506 RALLYDEBUG rally.task.runner [-] Starting a worker. concurrency: 1 args: {"network_create_args": {}, "subnet_create_args": {}, "subnet_cidr_start": "1.1.0.0/30", "subnets_per_network": 2, "router_create_args": {}} times: 40 method_name: run timeout: 0 duration: None cls:
2020-03-07 22:30:22.896 3505 INFO rally.task.runner [-] Task db91e353-d4c3-42d8-aa84-2aeb9858fed7 | ITER: 13 START
2020-03-07 22:30:22.897 3508 RALLYDEBUG rally.task.runner [-] Starting a worker. concurrency: 1 args: {"network_create_args": {}, "subnet_create_args": {}, "subnet_cidr_start": "1.1.0.0/30", "subnets_per_network": 2, "router_create_args": {}} times: 40 method_name: run timeout: 0 duration: None cls:
2020-03-07 22:30:22.899 3513 RALLYDEBUG rally.task.runner [-] Starting a worker. concurrency: 1 args: {"network_create_args": {}, "subnet_create_args": {}, "subnet_cidr_start": "1.1.0.0/30", "subnets_per_network": 2, "router_create_args": {}} times: 40 method_name: run timeout: 0 duration: None cls:
2020-03-07 22:30:22.900 3499 INFO rally.task.runner [-] Task db91e353-d4c3-42d8-aa84-2aeb9858fed7 | ITER: 11 START
2020-03-07 22:30:22.900 3506 INFO rally.task.runner [-] Task db91e353-d4c3-42d8-aa84-2aeb9858fed7 | ITER: 14 START
2020-03-07 22:30:22.903 3516 RALLYDEBUG rally.task.runner [-] Starting a worker. concurrency: 1 args: {"network_create_args": {}, "subnet_create_args": {}, "subnet_cidr_start": "1.1.0.0/30", "subnets_per_network": 2, "router_create_args": {}} times: 40 method_name: run timeout: 0 duration: None cls:
2020-03-07 22:30:22.903 3502 INFO rally.task.runner [-] Task db91e353-d4c3-42d8-aa84-2aeb9858fed7 | ITER: 12 START
2020-03-07 22:30:22.904 3508 INFO rally.task.runner [-] Task db91e353-d4c3-42d8-aa84-2aeb9858fed7 | ITER: 15 START
2020-03-07 22:30:22.908 3516 INFO rally.task.runner [-] Task db91e353-d4c3-42d8-aa84-2aeb9858fed7 | ITER: 17 START
2020-03-07 22:30:22.907 3520 RALLYDEBUG rally.task.runner [-] Starting a worker. concurrency: 1 args: {"network_create_args": {}, "subnet_create_args": {}, "subnet_cidr_start": "1.1.0.0/30", "subnets_per_network": 2, "router_create_args": {}} times: 40 method_name: run timeout: 0 duration: None cls:
2020-03-07 22:30:22.910 3523 RALLYDEBUG rally.task.runner [-] Starting a worker. concurrency: 1 args: {"network_create_args": {}, "subnet_create_args": {}, "subnet_cidr_start": "1.1.0.0/30", "subnets_per_network": 2, "router_create_args": {}} times: 40 method_name: run timeout: 0 duration: None cls:
2020-03-07 22:30:22.911 3513 INFO rally.task.runner [-] Task db91e353-d4c3-42d8-aa84-2aeb9858fed7 | ITER: 16 START
2020-03-07 22:30:22.913 3520 INFO rally.task.runner [-] Task db91e353-d4c3-42d8-aa84-2aeb9858fed7 | ITER: 18 START
2020-03-07 22:30:22.914 3525 RALLYDEBUG rally.task.runner [-] Starting a worker. concurrency: 1 args: {"network_create_args": {}, "subnet_create_args": {}, "subnet_cidr_start": "1.1.0.0/30", "subnets_per_network": 2, "router_create_args": {}} times: 40 method_name: run timeout: 0 duration: None cls:
2020-03-07 22:30:22.917 3523 INFO rally.task.runner [-] Task db91e353-d4c3-42d8-aa84-2aeb9858fed7 | ITER: 19 START
2020-03-07 22:30:22.921 3525 INFO rally.task.runner [-] Task db91e353-d4c3-42d8-aa84-2aeb9858fed7 | ITER: 20 START
2020-03-07 22:30:25.483 3478 RALLYDEBUG rally_openstack.wrappers.network [-] CIDR generated: 1.1.8.32/30
2020-03-07 22:30:25.664 3525 RALLYDEBUG rally_openstack.wrappers.network [-] CIDR generated: 1.1.8.36/30
2020-03-07 22:30:25.693 3505 RALLYDEBUG rally_openstack.wrappers.network [-] CIDR generated: 1.1.8.40/30
2020-03-07 22:30:25.724 3482 RALLYDEBUG rally_openstack.wrappers.network [-] CIDR generated: 1.1.8.44/30
2020-03-07 22:30:25.777 3477 RALLYDEBUG rally_openstack.wrappers.network [-] CIDR generated: 1.1.8.48/30
2020-03-07 22:30:25.809 3496 RALLYDEBUG rally_openstack.wrappers.network [-] CIDR generated: 1.1.8.52/30
2020-03-07 22:30:25.826 3499 RALLYDEBUG rally_openstack.wrappers.network [-] CIDR generated: 1.1.8.56/30
2020-03-07 22:30:25.961 3513 RALLYDEBUG rally_openstack.wrappers.network [-] CIDR generated: 1.1.8.60/30
2020-03-07 22:30:26.008 3476 RALLYDEBUG rally_openstack.wrappers.network [-] CIDR generated: 1.1.8.64/30
2020-03-07 22:30:26.034 3516 RALLYDEBUG rally_openstack.wrappers.network [-] CIDR generated: 1.1.8.68/30
2020-03-07 22:30:26.139 3486 RALLYDEBUG rally_openstack.wrappers.network [-] CIDR generated: 1.1.8.72/30
2020-03-07 22:30:26.253 3475 RALLYDEBUG rally_openstack.wrappers.network [-] CIDR generated: 1.1.8.76/30
2020-03-07 22:30:26.275 3502 RALLYDEBUG rally_openstack.wrappers.network [-] CIDR generated: 1.1.8.80/30
2020-03-07 22:30:26.288 3490 RALLYDEBUG rally_openstack.wrappers.network [-] CIDR generated: 1.1.8.84/30
2020-03-07 22:30:26.346 3523 RALLYDEBUG rally_openstack.wrappers.network [-] CIDR generated: 1.1.8.88/30
2020-03-07 22:30:26.435 3508 RALLYDEBUG rally_openstack.wrappers.network [-] CIDR generated: 1.1.8.92/30
2020-03-07 22:30:26.477 3520 RALLYDEBUG rally_openstack.wrappers.network [-] CIDR generated: 1.1.8.96/30
2020-03-07 22:30:26.509 3484 RALLYDEBUG rally_openstack.wrappers.network [-] CIDR generated: 1.1.8.100/30
2020-03-07 22:30:26.552 3506 RALLYDEBUG rally_openstack.wrappers.network [-] CIDR generated: 1.1.8.104/30
2020-03-07 22:30:26.825 3492 RALLYDEBUG rally_openstack.wrappers.network [-] CIDR generated: 1.1.8.108/30
2020-03-07 22:30:32.854 3478 RALLYDEBUG rally_openstack.wrappers.network [-] CIDR generated: 1.1.8.112/30
2020-03-07 22:30:33.081 3482 RALLYDEBUG rally_openstack.wrappers.network [-] CIDR generated: 1.1.8.116/30
2020-03-07 22:30:33.368 3513 RALLYDEBUG rally_openstack.wrappers.network [-] CIDR generated: 1.1.8.120/30
2020-03-07 22:30:33.379 3505 RALLYDEBUG rally_openstack.wrappers.network [-] CIDR generated: 1.1.8.124/30
2020-03-07 22:30:33.395 3477 RALLYDEBUG rally_openstack.wrappers.network [-] CIDR generated: 1.1.8.128/30
2020-03-07 22:30:33.467 3525 RALLYDEBUG rally_openstack.wrappers.network [-] CIDR generated: 1.1.8.132/30
2020-03-07 22:30:33.487 3496 RALLYDEBUG rally_openstack.wrappers.network [-] CIDR generated: 1.1.8.136/30
2020-03-07 22:30:33.519 3486 RALLYDEBUG rally_openstack.wrappers.network [-] CIDR generated: 1.1.8.140/30
2020-03-07 22:30:33.698 3476 RALLYDEBUG rally_openstack.wrappers.network [-] CIDR generated: 1.1.8.144/30
2020-03-07 22:30:33.947 3502 RALLYDEBUG rally_openstack.wrappers.network [-] CIDR generated: 1.1.8.148/30
2020-03-07 22:30:33.972 3499 RALLYDEBUG rally_openstack.wrappers.network [-] CIDR generated: 1.1.8.152/30
2020-03-07 22:30:33.999 3516 RALLYDEBUG rally_openstack.wrappers.network [-] CIDR generated: 1.1.8.156/30
2020-03-07 22:30:34.000 3492 RALLYDEBUG rally_openstack.wrappers.network [-] CIDR generated: 1.1.8.160/30
2020-03-07 22:30:34.130 3523 RALLYDEBUG rally_openstack.wrappers.network [-] CIDR generated: 1.1.8.164/30
2020-03-07 22:30:34.193 3520 RALLYDEBUG rally_openstack.wrappers.network [-] CIDR generated: 1.1.8.168/30
2020-03-07 22:30:34.207 3490 RALLYDEBUG rally_openstack.wrappers.network [-] CIDR generated: 1.1.8.172/30
2020-03-07 22:30:34.230 3506 RALLYDEBUG rally_openstack.wrappers.network [-] CIDR generated: 1.1.8.176/30
2020-03-07 22:30:34.299 3508 RALLYDEBUG rally_openstack.wrappers.network [-] CIDR generated: 1.1.8.180/30
2020-03-07 22:30:34.336 3475 RALLYDEBUG rally_openstack.wrappers.network [-] CIDR generated: 1.1.8.184/30
2020-03-07 22:30:34.350 3484 RALLYDEBUG rally_openstack.wrappers.network [-] CIDR generated: 1.1.8.188/30
2020-03-07 22:31:40.350 3508 INFO rally.task.runner [-] Task db91e353-d4c3-42d8-aa84-2aeb9858fed7 | ITER: 15 END: OK
2020-03-07 22:31:40.358 3508 INFO rally.task.runner [-] Task db91e353-d4c3-42d8-aa84-2aeb9858fed7 | ITER: 21 START
2020-03-07 22:31:40.419 3482 INFO rally.task.runner [-] Task db91e353-d4c3-42d8-aa84-2aeb9858fed7 | ITER: 5 END: OK
2020-03-07 22:31:40.427 3482 INFO rally.task.runner [-] Task db91e353-d4c3-42d8-aa84-2aeb9858fed7 | ITER: 22 START
2020-03-07 22:31:42.884 3476 INFO rally.task.runner [-] Task db91e353-d4c3-42d8-aa84-2aeb9858fed7 | ITER: 2 END: OK
2020-03-07 22:31:42.892 3476 INFO rally.task.runner [-] Task db91e353-d4c3-42d8-aa84-2aeb9858fed7 | ITER: 23 START
2020-03-07 22:31:43.360 3525 INFO rally.task.runner [-] Task db91e353-d4c3-42d8-aa84-2aeb9858fed7 | ITER: 20 END: OK
2020-03-07 22:31:43.366 3525 INFO rally.task.runner [-] Task db91e353-d4c3-42d8-aa84-2aeb9858fed7 | ITER: 24 START
2020-03-07 22:31:43.797 3513 INFO rally.task.runner [-] Task db91e353-d4c3-42d8-aa84-2aeb9858fed7 | ITER: 16 END: OK
2020-03-07 22:31:43.805 3513 INFO rally.task.runner [-] Task db91e353-d4c3-42d8-aa84-2aeb9858fed7 | ITER: 25 START
2020-03-07 22:31:44.330 3496 INFO rally.task.runner [-] Task db91e353-d4c3-42d8-aa84-2aeb9858fed7 | ITER: 10 END: OK
2020-03-07 22:31:44.338 3496 INFO rally.task.runner [-] Task db91e353-d4c3-42d8-aa84-2aeb9858fed7 | ITER: 26 START
2020-03-07 22:31:45.914 3513 RALLYDEBUG rally_openstack.wrappers.network [-] CIDR generated: 1.1.8.192/30
2020-03-07 22:31:46.048 3508 RALLYDEBUG rally_openstack.wrappers.network [-] CIDR generated: 1.1.8.196/30
2020-03-07 22:31:46.346 3476 RALLYDEBUG rally_openstack.wrappers.network [-] CIDR generated: 1.1.8.200/30
2020-03-07 22:31:46.667 3486 INFO rally.task.runner [-] Task db91e353-d4c3-42d8-aa84-2aeb9858fed7 | ITER: 7 END: OK
2020-03-07 22:31:46.675 3486 INFO rally.task.runner [-] Task db91e353-d4c3-42d8-aa84-2aeb9858fed7 | ITER: 27 START
2020-03-07 22:31:47.070 3496 RALLYDEBUG rally_openstack.wrappers.network [-] CIDR generated: 1.1.8.204/30
2020-03-07 22:31:47.097 3516 INFO rally.task.runner [-] Task db91e353-d4c3-42d8-aa84-2aeb9858fed7 | ITER: 17 END: OK
2020-03-07 22:31:47.104 3516 INFO rally.task.runner [-] Task db91e353-d4c3-42d8-aa84-2aeb9858fed7 | ITER: 28 START
2020-03-07 22:31:47.192 3482 RALLYDEBUG rally_openstack.wrappers.network [-] CIDR generated: 1.1.8.208/30
2020-03-07 22:31:47.246 3525 RALLYDEBUG rally_openstack.wrappers.network [-] CIDR generated: 1.1.8.212/30
2020-03-07 22:31:47.296 3502 INFO rally.task.runner [-] Task db91e353-d4c3-42d8-aa84-2aeb9858fed7 | ITER: 12 END: OK
2020-03-07 22:31:47.305 3502 INFO rally.task.runner [-] Task db91e353-d4c3-42d8-aa84-2aeb9858fed7 | ITER: 29 START
2020-03-07 22:31:47.306 3477 INFO rally.task.runner [-] Task db91e353-d4c3-42d8-aa84-2aeb9858fed7 | ITER: 3 END: OK
2020-03-07 22:31:47.313 3477 INFO rally.task.runner [-] Task db91e353-d4c3-42d8-aa84-2aeb9858fed7 | ITER: 30 START
2020-03-07 22:31:47.475 3499 INFO rally.task.runner [-] Task db91e353-d4c3-42d8-aa84-2aeb9858fed7 | ITER: 11 END: OK
2020-03-07 22:31:47.483 3499 INFO rally.task.runner [-] Task db91e353-d4c3-42d8-aa84-2aeb9858fed7 | ITER: 31 START
2020-03-07 22:31:47.811 3490 INFO rally.task.runner [-] Task db91e353-d4c3-42d8-aa84-2aeb9858fed7 | ITER: 8 END: OK
2020-03-07 22:31:47.819 3490 INFO rally.task.runner [-] Task db91e353-d4c3-42d8-aa84-2aeb9858fed7 | ITER: 32 START
2020-03-07 22:31:48.472 3520 INFO rally.task.runner [-] Task db91e353-d4c3-42d8-aa84-2aeb9858fed7 | ITER: 18 END: OK
2020-03-07 22:31:48.481 3520 INFO rally.task.runner [-] Task db91e353-d4c3-42d8-aa84-2aeb9858fed7 | ITER: 33 START
2020-03-07 22:31:48.777 3484 INFO rally.task.runner [-] Task db91e353-d4c3-42d8-aa84-2aeb9858fed7 | ITER: 6 END: OK
2020-03-07 22:31:48.785 3484 INFO rally.task.runner [-] Task db91e353-d4c3-42d8-aa84-2aeb9858fed7 | ITER: 34 START
2020-03-07 22:31:48.948 3523 INFO rally.task.runner [-] Task db91e353-d4c3-42d8-aa84-2aeb9858fed7 | ITER: 19 END: OK
2020-03-07 22:31:48.955 3523 INFO rally.task.runner [-] Task db91e353-d4c3-42d8-aa84-2aeb9858fed7 | ITER: 35 START
2020-03-07 22:31:49.448 3516 RALLYDEBUG rally_openstack.wrappers.network [-] CIDR generated: 1.1.8.216/30
2020-03-07 22:31:49.483 3520 RALLYDEBUG rally_openstack.wrappers.network [-] CIDR generated: 1.1.8.220/30
2020-03-07 22:31:49.516 3477 RALLYDEBUG rally_openstack.wrappers.network [-] CIDR generated: 1.1.8.224/30
2020-03-07 22:31:49.777 3484 RALLYDEBUG rally_openstack.wrappers.network [-] CIDR generated: 1.1.8.228/30
2020-03-07 22:31:49.910 3502 RALLYDEBUG rally_openstack.wrappers.network [-] CIDR generated: 1.1.8.232/30
2020-03-07 22:31:50.169 3525 RALLYDEBUG rally_openstack.wrappers.network [-] CIDR generated: 1.1.8.236/30
2020-03-07 22:31:50.259 3482 RALLYDEBUG rally_openstack.wrappers.network [-] CIDR generated: 1.1.8.240/30
2020-03-07 22:31:50.334 3496 RALLYDEBUG rally_openstack.wrappers.network [-] CIDR generated: 1.1.8.244/30
2020-03-07 22:31:50.415 3506 INFO rally.task.runner [-] Task db91e353-d4c3-42d8-aa84-2aeb9858fed7 | ITER: 14 END: OK
2020-03-07 22:31:50.422 3506 INFO rally.task.runner [-] Task db91e353-d4c3-42d8-aa84-2aeb9858fed7 | ITER: 36 START
2020-03-07 22:31:50.477 3523 RALLYDEBUG rally_openstack.wrappers.network [-] CIDR generated: 1.1.8.248/30
2020-03-07 22:31:50.543 3486 RALLYDEBUG rally_openstack.wrappers.network [-] CIDR generated: 1.1.8.252/30
2020-03-07 22:31:50.579 3513 RALLYDEBUG rally_openstack.wrappers.network [-] CIDR generated: 1.1.9.0/30
2020-03-07 22:31:51.205 3505 INFO rally.task.runner [-] Task db91e353-d4c3-42d8-aa84-2aeb9858fed7 | ITER: 13 END: OK
2020-03-07 22:31:51.214 3505 INFO rally.task.runner [-] Task db91e353-d4c3-42d8-aa84-2aeb9858fed7 | ITER: 37 START
2020-03-07 22:31:52.241 3499 RALLYDEBUG rally_openstack.wrappers.network [-] CIDR generated: 1.1.9.4/30
2020-03-07 22:31:52.434 3478 INFO rally.task.runner [-] Task db91e353-d4c3-42d8-aa84-2aeb9858fed7 | ITER: 4 END: OK
2020-03-07 22:31:52.441 3478 INFO rally.task.runner [-] Task db91e353-d4c3-42d8-aa84-2aeb9858fed7 | ITER: 38 START
2020-03-07 22:31:52.721 3490 RALLYDEBUG rally_openstack.wrappers.network [-] CIDR generated: 1.1.9.8/30
2020-03-07 22:31:52.791 3508 RALLYDEBUG rally_openstack.wrappers.network [-] CIDR generated: 1.1.9.12/30
2020-03-07 22:31:52.857 3506 RALLYDEBUG rally_openstack.wrappers.network [-] CIDR generated: 1.1.9.16/30
2020-03-07 22:31:53.365 3476 RALLYDEBUG rally_openstack.wrappers.network [-] CIDR generated: 1.1.9.20/30
2020-03-07 22:31:53.751 3492 INFO rally.task.runner [-] Task db91e353-d4c3-42d8-aa84-2aeb9858fed7 | ITER: 9 END: OK
2020-03-07 22:31:53.757 3492 INFO rally.task.runner [-] Task db91e353-d4c3-42d8-aa84-2aeb9858fed7 | ITER: 39 START
2020-03-07 22:31:54.020 3505 RALLYDEBUG rally_openstack.wrappers.network [-] CIDR generated: 1.1.9.24/30
2020-03-07 22:31:54.150 3484 RALLYDEBUG rally_openstack.wrappers.network [-] CIDR generated: 1.1.9.28/30
2020-03-07 22:31:54.249 3520 RALLYDEBUG rally_openstack.wrappers.network [-] CIDR generated: 1.1.9.32/30
2020-03-07 22:31:54.500 3478 RALLYDEBUG rally_openstack.wrappers.network [-] CIDR generated: 1.1.9.36/30
2020-03-07 22:31:54.727 3516 RALLYDEBUG rally_openstack.wrappers.network [-] CIDR generated: 1.1.9.40/30
2020-03-07 22:31:55.097 3486 RALLYDEBUG rally_openstack.wrappers.network [-] CIDR generated: 1.1.9.44/30
2020-03-07 22:31:55.151 3502 RALLYDEBUG rally_openstack.wrappers.network [-] CIDR generated: 1.1.9.48/30
2020-03-07 22:31:55.183 3523 RALLYDEBUG rally_openstack.wrappers.network [-] CIDR generated: 1.1.9.52/30
2020-03-07 22:31:55.561 3492 RALLYDEBUG rally_openstack.wrappers.network [-] CIDR generated: 1.1.9.56/30
2020-03-07 22:31:55.584 3477 RALLYDEBUG rally_openstack.wrappers.network [-] CIDR generated: 1.1.9.60/30
2020-03-07 22:31:58.328 3475 INFO rally.task.runner [-] Task db91e353-d4c3-42d8-aa84-2aeb9858fed7 | ITER: 1 END: OK
2020-03-07 22:31:58.336 3475 INFO rally.task.runner [-] Task db91e353-d4c3-42d8-aa84-2aeb9858fed7 | ITER: 40 START
2020-03-07 22:31:58.449 3490 RALLYDEBUG rally_openstack.wrappers.network [-] CIDR generated: 1.1.9.64/30
2020-03-07 22:32:00.941 3506 RALLYDEBUG rally_openstack.wrappers.network [-] CIDR generated: 1.1.9.68/30
2020-03-07 22:32:01.462 3499 RALLYDEBUG rally_openstack.wrappers.network [-] CIDR generated: 1.1.9.72/30
2020-03-07 22:32:01.537 3478 RALLYDEBUG rally_openstack.wrappers.network [-] CIDR generated: 1.1.9.76/30
2020-03-07 22:32:02.554 3505 RALLYDEBUG rally_openstack.wrappers.network [-] CIDR generated: 1.1.9.80/30
2020-03-07 22:32:02.974 3475 RALLYDEBUG rally_openstack.wrappers.network [-] CIDR generated: 1.1.9.84/30
2020-03-07 22:32:03.501 3492 RALLYDEBUG rally_openstack.wrappers.network [-] CIDR generated: 1.1.9.88/30
2020-03-07 22:32:07.289 3475 RALLYDEBUG rally_openstack.wrappers.network [-] CIDR generated: 1.1.9.92/30
2020-03-07 22:32:43.008 3482 INFO rally.task.runner [-] Task db91e353-d4c3-42d8-aa84-2aeb9858fed7 | ITER: 22 END: OK
2020-03-07 22:32:51.756 3525 INFO rally.task.runner [-] Task db91e353-d4c3-42d8-aa84-2aeb9858fed7 | ITER: 24 END: OK
2020-03-07 22:32:54.052 3513 INFO rally.task.runner [-] Task db91e353-d4c3-42d8-aa84-2aeb9858fed7 | ITER: 25 END: OK
2020-03-07 22:32:57.066 3523 INFO rally.task.runner [-] Task db91e353-d4c3-42d8-aa84-2aeb9858fed7 | ITER: 35 END: OK
2020-03-07 22:32:59.216 3502 INFO rally.task.runner [-] Task db91e353-d4c3-42d8-aa84-2aeb9858fed7 | ITER: 29 END: OK
2020-03-07 22:32:59.788 3506 INFO rally.task.runner [-] Task db91e353-d4c3-42d8-aa84-2aeb9858fed7 | ITER: 36 END: OK
2020-03-07 22:32:59.794 3475 INFO rally.task.runner [-] Task db91e353-d4c3-42d8-aa84-2aeb9858fed7 | ITER: 40 END: OK
2020-03-07 22:32:59.995 3484 INFO rally.task.runner [-] Task db91e353-d4c3-42d8-aa84-2aeb9858fed7 | ITER: 34 END: OK
2020-03-07 22:33:01.194 3496 INFO rally.task.runner [-] Task db91e353-d4c3-42d8-aa84-2aeb9858fed7 | ITER: 26 END: OK
2020-03-07 22:33:02.838 3477 INFO rally.task.runner [-] Task db91e353-d4c3-42d8-aa84-2aeb9858fed7 | ITER: 30 END: OK
2020-03-07 22:33:06.335 3520 INFO rally.task.runner [-] Task db91e353-d4c3-42d8-aa84-2aeb9858fed7 | ITER: 33 END: OK
2020-03-07 22:33:06.373 3490 INFO rally.task.runner [-] Task db91e353-d4c3-42d8-aa84-2aeb9858fed7 | ITER: 32 END: OK
2020-03-07 22:33:07.116 3486 INFO rally.task.runner [-] Task db91e353-d4c3-42d8-aa84-2aeb9858fed7 | ITER: 27 END: OK
2020-03-07 22:33:07.119 3516 INFO rally.task.runner [-] Task db91e353-d4c3-42d8-aa84-2aeb9858fed7 | ITER: 28 END: OK
2020-03-07 22:33:08.920 3499 INFO rally.task.runner [-] Task db91e353-d4c3-42d8-aa84-2aeb9858fed7 | ITER: 31 END: OK
2020-03-07 22:33:16.331 3478 INFO rally.task.runner [-] Task db91e353-d4c3-42d8-aa84-2aeb9858fed7 | ITER: 38 END: OK
2020-03-07 22:33:20.354 3492 INFO rally.task.runner [-] Task db91e353-d4c3-42d8-aa84-2aeb9858fed7 | ITER: 39 END: OK
2020-03-07 22:33:28.215 3508 INFO rally.task.runner [-] Task db91e353-d4c3-42d8-aa84-2aeb9858fed7 | ITER: 21 END: OK
2020-03-07 22:33:28.218 3505 INFO rally.task.runner [-] Task db91e353-d4c3-42d8-aa84-2aeb9858fed7 | ITER: 37 END: OK
2020-03-07 22:33:28.220 3476 INFO rally.task.runner [-] Task db91e353-d4c3-42d8-aa84-2aeb9858fed7 | ITER: 23 END: OK
2020-03-07 22:33:28.246 15 INFO rally.task.context [-] Task db91e353-d4c3-42d8-aa84-2aeb9858fed7 | Context cleanup@openstack cleanup() started
2020-03-07 22:33:28.251 15 RALLYDEBUG rally_openstack.cleanup.manager [-] Cleaning up neutron vip objects
2020-03-07 22:33:28.425 15 RALLYDEBUG rally_openstack.cleanup.manager [-] Cleaning up neutron health_monitor objects
2020-03-07 22:33:28.592 15 RALLYDEBUG rally_openstack.cleanup.manager [-] Cleaning up neutron pool objects
2020-03-07 22:33:28.762 15 RALLYDEBUG rally_openstack.cleanup.manager [-] Cleaning up neutron loadbalancer objects
2020-03-07 22:33:28.929 15 RALLYDEBUG rally_openstack.cleanup.manager [-] Cleaning up neutron floatingip objects
2020-03-07 22:33:29.109 15 RALLYDEBUG rally_openstack.cleanup.manager [-] Cleaning up neutron trunk objects
2020-03-07 22:33:29.249 15 DEBUG neutronclient.v2_0.client [-] Error message: {"message": "The resource could not be found.

\n\n\n", "code": "404 Not Found", "title": "Not Found"} _handle_fault_response /usr/lib/python2.7/site-packages/neutronclient/v2_0/client.py:259
2020-03-07 22:33:29.259 15 RALLYDEBUG rally_openstack.cleanup.manager [-] Cleaning up neutron port objects
2020-03-07 22:33:29.930 15 RALLYDEBUG rally_openstack.cleanup.manager [-] Cleaning up neutron subnet objects
2020-03-07 22:33:30.364 15 RALLYDEBUG rally_openstack.cleanup.manager [-] Deleting neutron.subnet object s_rally_6d4c716e_rVRVy2OL (05ab6497-b3a4-42f5-97b3-0871bfa1300e)
2020-03-07 22:33:30.368 15 RALLYDEBUG rally_openstack.cleanup.manager [-] Deleting neutron.subnet object s_rally_6d4c716e_EiXwbtV8 (077ef59c-75d6-43a5-8bf6-3c8509108118)
2020-03-07 22:33:30.380 15 RALLYDEBUG rally_openstack.cleanup.manager [-] Deleting neutron.subnet object s_rally_6d4c716e_UQm4NgLr (08d83079-964c-4ca6-afb5-aba97450798d)
2020-03-07 22:33:30.388 15 RALLYDEBUG rally_openstack.cleanup.manager [-] Deleting neutron.subnet object s_rally_6d4c716e_sjFcEWbi (093c7cd6-9296-4cd0-9458-52fb91dd5aaf)
2020-03-07 22:33:30.397 15 RALLYDEBUG rally_openstack.cleanup.manager [-] Deleting neutron.subnet object s_rally_6d4c716e_MMkWVpjO (094f79df-7be8-4c8b-909f-3ae172f451e5)
2020-03-07 22:33:30.403 15 RALLYDEBUG rally_openstack.cleanup.manager [-] Deleting neutron.subnet object s_rally_6d4c716e_aBG7mdBs (09c9fd60-b0b3-402b-91cf-88bcd95cfaf4)
2020-03-07 22:33:30.417 15 RALLYDEBUG rally_openstack.cleanup.manager [-] Deleting neutron.subnet object s_rally_6d4c716e_gZrdNNJb (0bf4586d-d00f-4436-abfb-7d1704ddc287)
2020-03-07 22:33:30.430 15 RALLYDEBUG rally_openstack.cleanup.manager [-] Deleting neutron.subnet object s_rally_6d4c716e_FKIE6Jr0 (0dd870b4-40e0-4c5a-b98e-660af85ee666)
2020-03-07 22:33:30.435 15 RALLYDEBUG rally_openstack.cleanup.manager [-] Deleting neutron.subnet object s_rally_6d4c716e_55vriwao (11446dad-7f88-46dc-8aa9-8a321a30dca0)
2020-03-07 22:33:30.496 15 RALLYDEBUG rally_openstack.cleanup.manager [-] Deleting neutron.subnet object s_rally_6d4c716e_mV1M6MyX (15117ee8-5355-4dbf-8308-1434d91e24c9)
2020-03-07 22:33:30.505 15 RALLYDEBUG rally_openstack.cleanup.manager [-] Deleting neutron.subnet object s_rally_6d4c716e_TlFlLBDZ (1ea0cb06-1687-4af5-a19f-484816cdaa51)
2020-03-07 22:33:30.525 15 RALLYDEBUG rally_openstack.cleanup.manager [-] Deleting neutron.subnet object s_rally_6d4c716e_w1b9xGam (20810b16-6c3b-458d-9e82-b0742ecb574d)
2020-03-07 22:33:30.503 15 RALLYDEBUG rally_openstack.cleanup.manager [-] Deleting neutron.subnet object s_rally_6d4c716e_FOau9d1j (11e55d1e-5cb3-486b-8f79-7a5ac9e5aa42)
2020-03-07 22:33:30.546 15 RALLYDEBUG rally_openstack.cleanup.manager [-] Deleting neutron.subnet object s_rally_6d4c716e_SSUkY2Le (1ecf0491-0182-482f-b1e9-84a6da9f4b1b)
2020-03-07 22:33:30.548 15 RALLYDEBUG rally_openstack.cleanup.manager [-] Deleting neutron.subnet object s_rally_6d4c716e_dE7lhOsE (12e3e8f0-fa8e-44da-96d4-ef312bbfe13b)
2020-03-07 22:33:30.576 15 RALLYDEBUG rally_openstack.cleanup.manager [-] Deleting neutron.subnet object s_rally_6d4c716e_XcStQlga (1b84cce1-8718-41ab-95d5-b2f1e75c276f)
2020-03-07 22:33:30.590 15 RALLYDEBUG rally_openstack.cleanup.manager [-] Deleting neutron.subnet object s_rally_6d4c716e_FFDCUijO (263af565-960c-42d7-b919-ee271f3a61d3)
2020-03-07 22:33:30.648 15 RALLYDEBUG rally_openstack.cleanup.manager [-] Deleting neutron.subnet object s_rally_6d4c716e_PNiQCWsP (288da135-cf4d-4b28-95db-5957fc587207)
2020-03-07 22:33:30.683 15 RALLYDEBUG rally_openstack.cleanup.manager [-] Deleting neutron.subnet object s_rally_6d4c716e_G7OfPeqE (2bef6d97-52a9-41e8-8b16-bf4f872bb53c)
2020-03-07 22:33:30.696 15 RALLYDEBUG rally_openstack.cleanup.manager [-] Deleting neutron.subnet object s_rally_6d4c716e_GbpUxX5U (2875fa7a-f68b-4690-8dc6-3e1727bfe816)
2020-03-07 22:33:33.579 15 RALLYDEBUG rally_openstack.cleanup.manager [-] Deleting neutron.subnet object s_rally_6d4c716e_UUUvg2P5 (2c37caf6-3088-445e-b966-40ba8da13c21)
2020-03-07 22:33:33.583 15 RALLYDEBUG rally_openstack.cleanup.manager [-] Deleting neutron.subnet object s_rally_6d4c716e_i4uWfELH (33d6c2d3-f2b5-4fcc-8c9d-db4c6fcf2f80)
2020-03-07 22:33:33.634 15 RALLYDEBUG rally_openstack.cleanup.manager [-] Deleting neutron.subnet object s_rally_6d4c716e_ThWC4pDP (35e5e43b-85ff-4fda-8fed-421f9ec1affe)
2020-03-07 22:33:33.985 15 RALLYDEBUG rally_openstack.cleanup.manager [-] Deleting neutron.subnet object s_rally_6d4c716e_ewDkDDds (3d05b07d-d578-4b74-817e-6e329c411148)
2020-03-07 22:33:34.002 15 RALLYDEBUG rally_openstack.cleanup.manager [-] Deleting neutron.subnet object s_rally_6d4c716e_pf74lRkh (3f0c2b83-ebee-46a6-a5ec-29c425cce1eb)
2020-03-07 22:33:34.086 15 RALLYDEBUG rally_openstack.cleanup.manager [-] Deleting neutron.subnet object s_rally_6d4c716e_mWsBJlKu (41e30915-bf15-4338-a5eb-d2eccf77d423)
2020-03-07 22:33:34.272 15 RALLYDEBUG rally_openstack.cleanup.manager [-] Deleting neutron.subnet object s_rally_6d4c716e_7bKFlV5W (42aeb427-a1f5-463a-b5c4-5a00321f2ee1)
2020-03-07 22:33:34.330 15 RALLYDEBUG rally_openstack.cleanup.manager [-] Deleting neutron.subnet object s_rally_6d4c716e_6EPkpcAY (4484336d-5657-4e8e-8ea4-3b77758c4f10)
2020-03-07 22:33:34.991 15 RALLYDEBUG rally_openstack.cleanup.manager [-] Deleting neutron.subnet object s_rally_6d4c716e_sO7mRxm4 (4864794d-e34e-4603-95a1-fd25e76da7dd)
2020-03-07 22:33:35.017 15 RALLYDEBUG rally_openstack.cleanup.manager [-] Deleting neutron.subnet object s_rally_6d4c716e_ZTBsbFWw (497a7c5e-51d4-4262-b187-6ba23e3fc63f)
2020-03-07 22:33:35.030 15 RALLYDEBUG rally_openstack.cleanup.manager [-] Deleting neutron.subnet object s_rally_6d4c716e_4MLMGjjt (4a7704e2-d151-4ffa-9209-ebd2e1536930)
2020-03-07 22:33:35.101 15 RALLYDEBUG rally_openstack.cleanup.manager [-] Deleting neutron.subnet object s_rally_6d4c716e_QL1ddNi0 (4c349917-77e0-484f-8a3b-daf68279dc9b)
2020-03-07 22:33:35.133 15 RALLYDEBUG rally_openstack.cleanup.manager [-] Deleting neutron.subnet object s_rally_6d4c716e_TC3D3NOC (4ea56d6a-bda9-4c05-b31c-5eb6d5cd01e2)
2020-03-07 22:33:35.138 15 RALLYDEBUG rally_openstack.cleanup.manager [-] Deleting neutron.subnet object s_rally_6d4c716e_dZ9u3ZKd (515238cb-5d1c-4bb1-984a-a77640261fd1)
2020-03-07 22:33:35.520 15 RALLYDEBUG rally_openstack.cleanup.manager [-] Deleting neutron.subnet object s_rally_6d4c716e_z6ncElRO (5159c980-423c-4e32-bd15-48e94dc9af81)
2020-03-07 22:33:35.857 15 RALLYDEBUG rally_openstack.cleanup.manager [-] Deleting neutron.subnet object s_rally_6d4c716e_iwU2xLf9 (529e76a2-220e-42b6-bb64-fe70de63d659)
2020-03-07 22:33:35.886 15 RALLYDEBUG rally_openstack.cleanup.manager [-] Deleting neutron.subnet object s_rally_6d4c716e_G4N1PObB (53836cbc-adab-4cca-96ed-95b4840b3d27)
2020-03-07 22:33:36.013 15 RALLYDEBUG rally_openstack.cleanup.manager [-] Deleting neutron.subnet object s_rally_6d4c716e_NryUF2m2 (5685d8f5-924b-4242-83db-39e7304144d7)
2020-03-07 22:33:36.550 15 RALLYDEBUG rally_openstack.cleanup.manager [-] Deleting neutron.subnet object s_rally_6d4c716e_WLPg4ymr (611e00ef-6be2-4bea-9943-da7cf446e606)
2020-03-07 22:33:36.551 15 RALLYDEBUG rally_openstack.cleanup.manager [-] Deleting neutron.subnet object s_rally_6d4c716e_UaJOYj61 (60b0405f-2e33-436c-8a73-066a8b92e7df)
2020-03-07 22:33:36.720 15 RALLYDEBUG rally_openstack.cleanup.manager [-] Deleting neutron.subnet object s_rally_6d4c716e_8Z2Ub3Lr (6164d413-ad15-4c39-81f1-3763b6204ffe)
2020-03-07 22:33:37.256 15 RALLYDEBUG rally_openstack.cleanup.manager [-] Deleting neutron.subnet object s_rally_6d4c716e_6aYRVoP4 (621d1f54-a87e-4ec4-aeb4-e80892b96b5c)
2020-03-07 22:33:37.292 15 RALLYDEBUG rally_openstack.cleanup.manager [-] Deleting neutron.subnet object s_rally_6d4c716e_C5ahiRTe (634efafb-3649-415b-8b3c-2aeee7aff6a3)
2020-03-07 22:33:37.329 15 RALLYDEBUG rally_openstack.cleanup.manager [-] Deleting neutron.subnet object s_rally_6d4c716e_S8K34jdu (650239b6-5d74-421f-af6a-5ced5419139a)
2020-03-07 22:33:37.357 15 RALLYDEBUG rally_openstack.cleanup.manager [-] Deleting neutron.subnet object s_rally_6d4c716e_lrRqx5xt (73df1b78-72a2-42e7-b1f4-0ae42772c33d)
2020-03-07 22:33:37.517 15 RALLYDEBUG rally_openstack.cleanup.manager [-] Deleting neutron.subnet object s_rally_6d4c716e_et2PrKce (756f656e-5f81-45f3-889b-5211eb15136e)
2020-03-07 22:33:37.744 15 RALLYDEBUG rally_openstack.cleanup.manager [-] Deleting neutron.subnet object s_rally_6d4c716e_1TzZKTBf (7b1d0620-fb4a-457a-afc8-425709ef6752)
2020-03-07 22:33:37.775 15 RALLYDEBUG rally_openstack.cleanup.manager [-] Deleting neutron.subnet object s_rally_6d4c716e_GPiwrTYN (7bebc388-5bb1-47b8-ad87-3965d9bded4a)
2020-03-07 22:33:37.799 15 RALLYDEBUG rally_openstack.cleanup.manager [-] Deleting neutron.subnet object s_rally_6d4c716e_htJ0XVuE (858931bd-f30d-46c2-974e-6daf4bf603fa)
2020-03-07 22:33:38.019 15 RALLYDEBUG rally_openstack.cleanup.manager [-] Deleting neutron.subnet object s_rally_6d4c716e_2oRRNQTW (86201c8b-da46-4aab-9dbf-4178467d7b7b)
2020-03-07 22:33:38.249 15 RALLYDEBUG rally_openstack.cleanup.manager [-] Deleting neutron.subnet object s_rally_6d4c716e_utkE8ySo (86a4cc08-2f5f-4ef7-a61e-a450c595c95c)
2020-03-07 22:33:38.937 15 RALLYDEBUG rally_openstack.cleanup.manager [-] Deleting neutron.subnet object s_rally_6d4c716e_y4YGVxKA (8ce69797-b5dd-463d-b5d2-192c0b3baebd)
2020-03-07 22:33:39.361 15 RALLYDEBUG rally_openstack.cleanup.manager [-] Deleting neutron.subnet object s_rally_6d4c716e_Kgp1oQAU (96c501fc-8189-48aa-a6b7-78ca7ab1a055)
2020-03-07 22:33:39.842 15 RALLYDEBUG rally_openstack.cleanup.manager [-] Deleting neutron.subnet object s_rally_6d4c716e_VICrgSiJ (9a7d913b-8c41-42c0-aab4-5a79e9ba6ee5)
2020-03-07 22:33:40.049 15 RALLYDEBUG rally_openstack.cleanup.manager [-] Deleting neutron.subnet object s_rally_6d4c716e_gLfIifCo (a7a002f3-44fb-425f-b482-89b6a79e2c81)
2020-03-07 22:33:40.101 15 RALLYDEBUG rally_openstack.cleanup.manager [-] Deleting neutron.subnet object s_rally_6d4c716e_60oC87sT (a80c5b59-edf1-48e3-8c6d-66f5c3316811)
2020-03-07 22:33:40.140 15 RALLYDEBUG rally_openstack.cleanup.manager [-] Deleting neutron.subnet object s_rally_6d4c716e_xLh8cj8v (b2e696ff-53f1-4873-b6fa-20879ab05322)
2020-03-07 22:33:40.503 15 RALLYDEBUG rally_openstack.cleanup.manager [-] Deleting neutron.subnet object s_rally_6d4c716e_LmEfOx3g (b5e2b112-8207-413b-9dbc-81ddea31da3c)
2020-03-07 22:33:40.855 15 RALLYDEBUG rally_openstack.cleanup.manager [-] Deleting neutron.subnet object s_rally_6d4c716e_EC2KYL0Y (b69c70b6-5bd7-400a-9371-19385fd3ed91)
2020-03-07 22:33:40.860 15 RALLYDEBUG rally_openstack.cleanup.manager [-] Deleting neutron.subnet object s_rally_6d4c716e_oJKYEj9o (b6a9ed76-eb98-4a5f-8d79-1c9d00b322af)
2020-03-07 22:33:40.882 15 RALLYDEBUG rally_openstack.cleanup.manager [-] Deleting neutron.subnet object s_rally_6d4c716e_4XUYw0Cl (b6aba153-9280-430f-9ee8-adbc753dada3)
2020-03-07 22:33:41.325 15 RALLYDEBUG rally_openstack.cleanup.manager [-] Deleting neutron.subnet object s_rally_6d4c716e_0pNwmflO (c3d167bb-c47f-4c07-bfec-5f85918d3963)
2020-03-07 22:33:41.406 15 RALLYDEBUG rally_openstack.cleanup.manager [-] Deleting neutron.subnet object s_rally_6d4c716e_uwQ3smnT (cb028323-ab14-4a8b-91dd-e704c15c3e3a)
2020-03-07 22:33:41.496 15 RALLYDEBUG rally_openstack.cleanup.manager [-] Deleting neutron.subnet object s_rally_6d4c716e_dMRG3rRX (d22e5099-9dc0-42ff-820a-c04821853893)
2020-03-07 22:33:41.750 15 RALLYDEBUG rally_openstack.cleanup.manager [-] Deleting neutron.subnet object s_rally_6d4c716e_RbKGROLN (d323078a-3b5c-4640-9368-705980d1bef6)
2020-03-07 22:33:41.789 15 RALLYDEBUG rally_openstack.cleanup.manager [-] Deleting neutron.subnet object s_rally_6d4c716e_7DyBFVf3 (d5ce5184-de66-4408-9069-3bb83524127a)
2020-03-07 22:33:41.795 15 RALLYDEBUG rally_openstack.cleanup.manager [-] Deleting neutron.subnet object s_rally_6d4c716e_RC1IkvGg (d8451ce5-652e-4b9e-8f7f-26f6abd17f5f)
2020-03-07 22:33:41.902 15 RALLYDEBUG rally_openstack.cleanup.manager [-] Deleting neutron.subnet object s_rally_6d4c716e_1DHnW7wl (da0120d8-9146-4122-9de0-dfb421d57c0b)
2020-03-07 22:33:42.026 15 RALLYDEBUG rally_openstack.cleanup.manager [-] Deleting neutron.subnet object s_rally_6d4c716e_vxCCKQST (e1716aa6-4a3f-464b-aa70-72fd1901bd76)
2020-03-07 22:33:42.101 15 RALLYDEBUG rally_openstack.cleanup.manager [-] Deleting neutron.subnet object s_rally_6d4c716e_xsus11r5 (e6aba1c4-7bd7-4dc3-9230-084de307f00f)
2020-03-07 22:33:42.794 15 RALLYDEBUG rally_openstack.cleanup.manager [-] Deleting neutron.subnet object s_rally_6d4c716e_wsay8Si4 (e6fcb6ed-a318-43fa-a056-120788dc043b)
2020-03-07 22:33:42.911 15 RALLYDEBUG rally_openstack.cleanup.manager [-] Deleting neutron.subnet object s_rally_6d4c716e_nC0qsTCm (e87f4967-1022-42df-8d09-51c9ec6c9457)
2020-03-07 22:33:42.922 15 RALLYDEBUG rally_openstack.cleanup.manager [-] Deleting neutron.subnet object s_rally_6d4c716e_F1nj36dN (e8f302ae-894d-4044-a479-4845f1a62509)
2020-03-07 22:33:43.537 15 RALLYDEBUG rally_openstack.cleanup.manager [-] Deleting neutron.subnet object s_rally_6d4c716e_E4x2ImQI (eed57288-30a8-468c-ae37-f37eb6cf0bdb)
2020-03-07 22:33:43.806 15 RALLYDEBUG rally_openstack.cleanup.manager [-] Deleting neutron.subnet object s_rally_6d4c716e_A0iwQq68 (f14b80a8-26dd-4cad-abc2-a89ebb1a1b63)
2020-03-07 22:33:43.829 15 RALLYDEBUG rally_openstack.cleanup.manager [-] Deleting neutron.subnet object s_rally_6d4c716e_WCVDaLUW (f17c197e-926d-4699-a70c-aea95bf40ca5)
2020-03-07 22:33:44.092 15 RALLYDEBUG rally_openstack.cleanup.manager [-] Deleting neutron.subnet object s_rally_6d4c716e_luNhaIQl (f4894def-4240-4049-a1f7-7458afde10d0)
2020-03-07 22:33:44.207 15 RALLYDEBUG rally_openstack.cleanup.manager [-] Deleting neutron.subnet object s_rally_6d4c716e_yrQQmhCV (f6abad5b-c9f4-471a-8042-96b514cb8df0)
2020-03-07 22:33:44.452 15 RALLYDEBUG rally_openstack.cleanup.manager [-] Deleting neutron.subnet object s_rally_6d4c716e_6YFlYngi (f89c6208-c740-4cbd-bc8c-3b69ff79a0de)
2020-03-07 22:33:44.520 15 RALLYDEBUG rally_openstack.cleanup.manager [-] Deleting neutron.subnet object s_rally_6d4c716e_WsD2fQSk (fd53a9bd-f831-4100-a838-88ae72eee79a)
2020-03-07 22:33:48.254 15 RALLYDEBUG rally_openstack.cleanup.manager [-] Cleaning up neutron network objects
2020-03-07 22:33:48.977 15 RALLYDEBUG rally_openstack.cleanup.manager [-] Deleting neutron.network object s_rally_6d4c716e_uL7Gl5pp (02b93463-d5c5-4a4c-964d-83dd8fd135ec)
2020-03-07 22:33:48.985 15 RALLYDEBUG rally_openstack.cleanup.manager [-] Deleting neutron.network object s_rally_6d4c716e_mjgVWxx9 (0442a3a3-a44b-46ea-8e25-3df22d90b524)
2020-03-07 22:33:48.990 15 RALLYDEBUG rally_openstack.cleanup.manager [-] Deleting neutron.network object s_rally_6d4c716e_ipEhWTLv (05ff5e73-6cdd-4a8f-a8f2-b31f383fa112)
2020-03-07 22:33:49.006 15 RALLYDEBUG rally_openstack.cleanup.manager [-] Deleting neutron.network object s_rally_6d4c716e_9GGD0Y2J (0e969aa3-56a7-42f7-87ce-49cc8e598662)
2020-03-07 22:33:49.015 15 RALLYDEBUG rally_openstack.cleanup.manager [-] Deleting neutron.network object s_rally_6d4c716e_QWKE6jZ0 (17e33264-91b2-4166-89c7-a4a113ea99c7)
2020-03-07 22:33:49.025 15 RALLYDEBUG rally_openstack.cleanup.manager [-] Deleting neutron.network object s_rally_6d4c716e_wvqSGkb8 (1aa3fd60-b6e6-4ef7-8f13-b099158b5d22)
2020-03-07 22:33:49.033 15 RALLYDEBUG rally_openstack.cleanup.manager [-] Deleting neutron.network object s_rally_6d4c716e_1B4e6uQ5 (1ad55128-3f0f-4075-86c3-cf979b98d79d)
2020-03-07 22:33:49.039 15 RALLYDEBUG rally_openstack.cleanup.manager [-] Deleting neutron.network object s_rally_6d4c716e_kzOwls12 (1f31c56e-a644-4c9e-b871-899da013f23d)
2020-03-07 22:33:49.094 15 RALLYDEBUG rally_openstack.cleanup.manager [-] Deleting neutron.network object s_rally_6d4c716e_wO3V98xM (21107d1d-4d55-461a-aa44-8c7dc624a5a4)
2020-03-07 22:33:49.099 15 RALLYDEBUG rally_openstack.cleanup.manager [-] Deleting neutron.network object s_rally_6d4c716e_GERgpi1M (223b6574-b661-425d-93da-a634422644e4)
2020-03-07 22:33:49.125 15 RALLYDEBUG rally_openstack.cleanup.manager [-] Deleting neutron.network object s_rally_6d4c716e_qgT9dOwi (2312bba5-d0fd-403b-9f5d-fcc54df7ae55)
2020-03-07 22:33:49.131 15 RALLYDEBUG rally_openstack.cleanup.manager [-] Deleting neutron.network object s_rally_6d4c716e_F014LmRf (23cc783b-e61f-468a-9590-3ea241738805)
2020-03-07 22:33:49.158 15 RALLYDEBUG rally_openstack.cleanup.manager [-] Deleting neutron.network object s_rally_6d4c716e_xvIx5F3x (4f3b3bb3-4aa3-465b-ac24-f19a1347e65c)
2020-03-07 22:33:49.162 15 RALLYDEBUG rally_openstack.cleanup.manager [-] Deleting neutron.network object s_rally_6d4c716e_lRHTxdS9 (30861069-75b2-4baa-84e6-c216eb6b6ab6)
2020-03-07 22:33:49.170 15 RALLYDEBUG rally_openstack.cleanup.manager [-] Deleting neutron.network object s_rally_6d4c716e_2T1sVDF6 (25759c1a-6d82-4d74-93c1-cd9a923a9c83)
2020-03-07 22:33:49.187 15 RALLYDEBUG rally_openstack.cleanup.manager [-] Deleting neutron.network object s_rally_6d4c716e_uiQkluB9 (4d3d8c99-1c08-4a92-a169-8199fe97b6a2)
2020-03-07 22:33:49.206 15 RALLYDEBUG rally_openstack.cleanup.manager [-] Deleting neutron.network object s_rally_6d4c716e_lpE8O6o6 (45bfec1c-963c-4729-bbf7-d6c927100458)
2020-03-07 22:33:49.227 15 RALLYDEBUG rally_openstack.cleanup.manager [-] Deleting neutron.network object s_rally_6d4c716e_hFxYMHke (31e55012-0b4d-49b0-9199-e63adf21ffb2)
2020-03-07 22:33:49.247 15 RALLYDEBUG rally_openstack.cleanup.manager [-] Deleting neutron.network object s_rally_6d4c716e_4VvMiX1S (50c58c3a-e84e-427b-8981-8a719a52f208)
2020-03-07 22:33:49.261 15 RALLYDEBUG rally_openstack.cleanup.manager [-] Deleting neutron.network object s_rally_6d4c716e_EYJQzCQ3 (5216bb5e-86f3-4063-8c7a-238e87296326)
2020-03-07 22:33:51.941 15 RALLYDEBUG rally_openstack.cleanup.manager [-] Deleting neutron.network object s_rally_6d4c716e_AGJC0oGE (59315d34-a5a1-4ce1-83c3-7e7ee8919177)
2020-03-07 22:33:51.949 15 RALLYDEBUG rally_openstack.cleanup.manager [-] Deleting neutron.network object s_rally_6d4c716e_CZ7hUMR3 (63327692-0361-48e4-b023-5913fedc7822)
2020-03-07 22:33:51.954 15 RALLYDEBUG rally_openstack.cleanup.manager [-] Deleting neutron.network object s_rally_6d4c716e_NiI6yecw (833666a9-1db5-4511-bf65-7a2fda952ae7)
2020-03-07 22:33:52.364 15 RALLYDEBUG rally_openstack.cleanup.manager [-] Deleting neutron.network object s_rally_6d4c716e_uWOXf9mw (960f592d-becc-4003-b3ed-b079a3b70214)
2020-03-07 22:33:52.427 15 RALLYDEBUG rally_openstack.cleanup.manager [-] Deleting neutron.network object s_rally_6d4c716e_FJt1Q3BH (99c2bb5f-0961-4666-b895-568da69db647)
2020-03-07 22:33:52.431 15 RALLYDEBUG rally_openstack.cleanup.manager [-] Deleting neutron.network object s_rally_6d4c716e_ruNnQXd0 (a5888eb5-81af-4b07-9d10-d2397d55185b)
2020-03-07 22:33:52.531 15 RALLYDEBUG rally_openstack.cleanup.manager [-] Deleting neutron.network object s_rally_6d4c716e_xYPLsxZz (a99f046f-8f9f-49ff-8586-dd89da6b9422)
2020-03-07 22:33:52.536 15 RALLYDEBUG rally_openstack.cleanup.manager [-] Deleting neutron.network object s_rally_6d4c716e_XpM2q40l (aa56ca09-8725-4a2e-b6b0-745365f2c07e)
2020-03-07 22:33:52.559 15 RALLYDEBUG rally_openstack.cleanup.manager [-] Deleting neutron.network object s_rally_6d4c716e_JAyZjQB4 (ac06e742-de1c-4f1c-8186-9506c7c01fa4)
2020-03-07 22:33:52.725 15 RALLYDEBUG rally_openstack.cleanup.manager [-] Deleting neutron.network object s_rally_6d4c716e_6pmVyAXY (af94d1a9-e581-4730-beb4-4a60bf3606e7)
2020-03-07 22:33:52.812 15 RALLYDEBUG rally_openstack.cleanup.manager [-] Deleting neutron.network object s_rally_6d4c716e_LPCOLiLN (b2807485-d287-4d80-bc12-5e1b7396859c)
2020-03-07 22:33:53.411 15 RALLYDEBUG rally_openstack.cleanup.manager [-] Deleting neutron.network object s_rally_6d4c716e_JxTRj9vP (b4bd52f6-eae6-4a2e-9d66-b8c4614e057a)
2020-03-07 22:33:53.511 15 RALLYDEBUG rally_openstack.cleanup.manager [-] Deleting neutron.network object s_rally_6d4c716e_Iah1Ngqz (b5017146-28cd-4523-9a9c-c1648374c101)
2020-03-07 22:33:53.550 15 RALLYDEBUG rally_openstack.cleanup.manager [-] Deleting neutron.network object s_rally_6d4c716e_T0jQk5TK (d04851e1-ac50-4768-8716-0ff2f0a62ce1)
2020-03-07 22:33:54.395 15 RALLYDEBUG rally_openstack.cleanup.manager [-] Deleting neutron.network object s_rally_6d4c716e_WYKrZQS5 (d2e86a64-b77b-4cca-99d4-cca3df37edf0)
2020-03-07 22:33:54.636 15 RALLYDEBUG rally_openstack.cleanup.manager [-] Deleting neutron.network object s_rally_6d4c716e_8Le3t7Kl (d8c29366-67bb-408f-bcf6-a9e3266e6737)
2020-03-07 22:33:54.811 15 RALLYDEBUG rally_openstack.cleanup.manager [-] Deleting neutron.network object s_rally_6d4c716e_1XgLMGpV (f32904fc-78a2-429f-8f92-0072974ab23b)
2020-03-07 22:33:54.819 15 RALLYDEBUG rally_openstack.cleanup.manager [-] Deleting neutron.network object s_rally_6d4c716e_I6vnwqa0 (f78cf2f9-6145-4fcc-aedf-7ce57ca2cbf6)
2020-03-07 22:33:55.181 15 RALLYDEBUG rally_openstack.cleanup.manager [-] Deleting neutron.network object s_rally_6d4c716e_c3Z9iWF8 (f9c587e7-be89-4f39-9a31-a2c1abe08c62)
2020-03-07 22:33:55.288 15 RALLYDEBUG rally_openstack.cleanup.manager [-] Deleting neutron.network object s_rally_6d4c716e_hsjh8mUj (fac5736d-b5f2-456a-9693-77c2e871c11c)
2020-03-07 22:33:58.478 15 RALLYDEBUG rally_openstack.cleanup.manager [-] Cleaning up neutron router objects
2020-03-07 22:33:58.735 15 RALLYDEBUG rally_openstack.cleanup.manager [-] Cleaning up neutron security_group objects
2020-03-07 22:33:58.950 15 INFO rally.task.context [-] Task db91e353-d4c3-42d8-aa84-2aeb9858fed7 | Context cleanup@openstack cleanup() finished in 30.70 sec
2020-03-07 22:33:58.950 15 INFO rally.task.context [-] Task db91e353-d4c3-42d8-aa84-2aeb9858fed7 | Context quotas@openstack cleanup() started
2020-03-07 22:33:59.256 15 INFO rally.task.context [-] Task db91e353-d4c3-42d8-aa84-2aeb9858fed7 | Context quotas@openstack cleanup() finished in 0.31 sec
2020-03-07 22:33:59.256 15 INFO rally.task.context [-] Task db91e353-d4c3-42d8-aa84-2aeb9858fed7 | Context users@openstack cleanup() started
2020-03-07 22:34:00.747 15 INFO rally.task.context [-] Task db91e353-d4c3-42d8-aa84-2aeb9858fed7 | Context users@openstack cleanup() finished in 1.49 sec
2020-03-07 22:34:01.855 15 INFO rally.task.engine [-] Load duration is: 185.362695
2020-03-07 22:34:01.855 15 INFO rally.task.engine [-] Full runner duration is: 185.412559
2020-03-07 22:34:01.856 15 INFO rally.task.engine [-] Full duration is: 219.707236
2020-03-07 22:34:01.961 15 INFO rally.task.engine [-] Running workload: position = 0 config = { "version": 2, "title": "A cropped version of a bigger task.", "description": "Auto-generated task from a single workload (uuid=227cca70-8d76-4fa3-815b-5c1da97d3ac3)", "subtasks": [ { "title": "NeutronNetworks.create_and_list_ports", "description": "Check performance of list ports action and ensure > network quotas are not exceeded", "scenario": { "NeutronNetworks.create_and_list_ports": { "network_create_args": null, "port_create_args": null, "ports_per_network": 50 } }, "contexts": { "users": { "tenants": 1, "users_per_tenant": 1 }, "quotas": { "neutron": { "network": -1, "subnet": -1, "router": -1, "port": 811 } } }, "runner": { "constant": { "times": 8, "concurrency": 4 } }, "hooks": [], "sla": { "max_avg_duration_per_atomic": { "neutron.list_ports": 15 }, "failure_rate": { "max": 0 } } } ] }
2020-03-07 22:34:01.983 15 RALLYDEBUG rally_openstack.contexts.keystone.users [-] Creating 1 tenants using 20 threads
2020-03-07 22:34:02.358 15 RALLYDEBUG rally_openstack.contexts.keystone.users [-] Creating 1 users using 20 threads
2020-03-07 22:34:02.851 15 INFO rally.task.context [-] Task db91e353-d4c3-42d8-aa84-2aeb9858fed7 | Context users@openstack setup() finished in 0.87 sec
2020-03-07 22:34:03.301 15 INFO rally.task.context [-] Task db91e353-d4c3-42d8-aa84-2aeb9858fed7 | Context quotas@openstack setup() finished in 0.45 sec
2020-03-07 22:34:03.302 15 INFO rally.task.context [-] Task db91e353-d4c3-42d8-aa84-2aeb9858fed7 | Context cleanup@openstack setup() finished in 0.00 msec
2020-03-07 22:34:03.311 15 RALLYDEBUG rally.task.runner [-] Starting the constant runner (task UUID: db91e353-d4c3-42d8-aa84-2aeb9858fed7). timeout: 0 concurrency: 4 concurrency_per_worker: 1 times: 8 concurrency_overhead: 0 processes_to_start: 4 max_cpu_used: 88
2020-03-07 22:34:03.325 3877 RALLYDEBUG rally.task.runner [-] Starting a worker. concurrency: 1 args: {"network_create_args": null, "port_create_args": null, "ports_per_network": 50} times: 8 method_name: run timeout: 0 duration: None cls:
2020-03-07 22:34:03.328 3878 RALLYDEBUG rally.task.runner [-] Starting a worker. concurrency: 1 args: {"network_create_args": null, "port_create_args": null, "ports_per_network": 50} times: 8 method_name: run timeout: 0 duration: None cls:
2020-03-07 22:34:03.332 3877 INFO rally.task.runner [-] Task db91e353-d4c3-42d8-aa84-2aeb9858fed7 | ITER: 1 START
2020-03-07 22:34:03.331 3879 RALLYDEBUG rally.task.runner [-] Starting a worker. concurrency: 1 args: {"network_create_args": null, "port_create_args": null, "ports_per_network": 50} times: 8 method_name: run timeout: 0 duration: None cls:
2020-03-07 22:34:03.333 3877 WARNING rally_openstack.scenarios.neutron.utils [-] Running this scenario without either the 'network' or 'existing_network' context is deprecated
2020-03-07 22:34:03.335 3878 INFO rally.task.runner [-] Task db91e353-d4c3-42d8-aa84-2aeb9858fed7 | ITER: 2 START
2020-03-07 22:34:03.335 3880 RALLYDEBUG rally.task.runner [-] Starting a worker. concurrency: 1 args: {"network_create_args": null, "port_create_args": null, "ports_per_network": 50} times: 8 method_name: run timeout: 0 duration: None cls:
2020-03-07 22:34:03.336 3878 WARNING rally_openstack.scenarios.neutron.utils [-] Running this scenario without either the 'network' or 'existing_network' context is deprecated
2020-03-07 22:34:03.339 3879 INFO rally.task.runner [-] Task db91e353-d4c3-42d8-aa84-2aeb9858fed7 | ITER: 3 START
2020-03-07 22:34:03.340 3879 WARNING rally_openstack.scenarios.neutron.utils [-] Running this scenario without either the 'network' or 'existing_network' context is deprecated
2020-03-07 22:34:03.341 3880 INFO rally.task.runner [-] Task db91e353-d4c3-42d8-aa84-2aeb9858fed7 | ITER: 4 START
2020-03-07 22:34:03.343 3880 WARNING rally_openstack.scenarios.neutron.utils [-] Running this scenario without either the 'network' or 'existing_network' context is deprecated
2020-03-07 22:35:16.378 3880 INFO rally.task.runner [-] Task db91e353-d4c3-42d8-aa84-2aeb9858fed7 | ITER: 4 END: OK
2020-03-07 22:35:16.384 3880 INFO rally.task.runner [-] Task db91e353-d4c3-42d8-aa84-2aeb9858fed7 | ITER: 5 START
2020-03-07 22:35:16.385 3880 WARNING rally_openstack.scenarios.neutron.utils [-] Running this scenario without either the 'network' or 'existing_network' context is deprecated
2020-03-07 22:35:28.115 3878 INFO rally.task.runner [-] Task db91e353-d4c3-42d8-aa84-2aeb9858fed7 | ITER: 2 END: OK
2020-03-07 22:35:28.121 3878 INFO rally.task.runner [-] Task db91e353-d4c3-42d8-aa84-2aeb9858fed7 | ITER: 6 START
2020-03-07 22:35:28.122 3878 WARNING rally_openstack.scenarios.neutron.utils [-] Running this scenario without either the 'network' or 'existing_network' context is deprecated
2020-03-07 22:35:36.488 3879 INFO rally.task.runner [-] Task db91e353-d4c3-42d8-aa84-2aeb9858fed7 | ITER: 3 END: OK
2020-03-07 22:35:36.494 3879 INFO rally.task.runner [-] Task db91e353-d4c3-42d8-aa84-2aeb9858fed7 | ITER: 7 START
