2020-03-07 22:22:42.918 15 INFO rally.task.context [-] Task db91e353-d4c3-42d8-aa84-2aeb9858fed7 | Context quotas@openstack cleanup() started
2020-03-07 22:22:43.011 15 INFO rally.task.context [-] Task db91e353-d4c3-42d8-aa84-2aeb9858fed7 | Context quotas@openstack cleanup() finished in 92.74 msec
2020-03-07 22:22:43.012 15 INFO rally.task.context [-] Task db91e353-d4c3-42d8-aa84-2aeb9858fed7 | Context users@openstack cleanup() started
2020-03-07 22:22:45.205 15 INFO rally.task.context [-] Task db91e353-d4c3-42d8-aa84-2aeb9858fed7 | Context users@openstack cleanup() finished in 2.19 sec
2020-03-07 22:22:46.549 15 INFO rally.task.engine [-] Load duration is: 92.365807
2020-03-07 22:22:46.550 15 INFO rally.task.engine [-] Full runner duration is: 92.418694
2020-03-07 22:22:46.550 15 INFO rally.task.engine [-] Full duration is: 143.341053
2020-03-07 22:22:46.660 15 INFO rally.task.engine [-] Running workload: position = 2 config = { "version": 2, "title": "A cropped version of a bigger task.", "description": "Auto-generated task from a single workload (uuid=8933b144-f016-49be-ba0e-64e4ab75087d)", "subtasks": [ { "title": "NeutronNetworks.create_and_delete_subnets", "description": "Create and delete a given number of subnets.", "scenario": { "NeutronNetworks.create_and_delete_subnets": { "network_create_args": {}, "subnet_create_args": {}, "subnet_cidr_start": "1.1.0.0/30", "subnets_per_network": 2 } }, "contexts": { "users": { "tenants": 1, "users_per_tenant": 1 }, "quotas": { "neutron": { "network": -1, "subnet": -1 } } }, "runner": { "constant": { "times": 40, "concurrency": 20 } }, "hooks": [], "sla": { "failure_rate": { "max": 0 } } } ] }
2020-03-07 22:22:46.686 15 RALLYDEBUG rally_openstack.contexts.keystone.users [-] Creating 1 tenants using 20 threads
2020-03-07 22:22:47.673 15 RALLYDEBUG rally_openstack.contexts.keystone.users [-] Creating 1 users using 20 threads
2020-03-07 22:22:48.280 15 INFO rally.task.context [-] Task db91e353-d4c3-42d8-aa84-2aeb9858fed7 | Context users@openstack setup() finished in 1.59 sec
2020-03-07 22:22:48.794 15 INFO rally.task.context [-] Task db91e353-d4c3-42d8-aa84-2aeb9858fed7 | Context quotas@openstack setup() finished in 0.51 sec
2020-03-07 22:22:48.795 15 INFO rally.task.context [-] Task db91e353-d4c3-42d8-aa84-2aeb9858fed7 | Context cleanup@openstack setup() finished in 0.01 msec
2020-03-07 22:22:48.803 15 RALLYDEBUG rally.task.runner [-] Starting the constant runner (task UUID: db91e353-d4c3-42d8-aa84-2aeb9858fed7). timeout: 0 concurrency: 20 concurrency_per_worker: 1 times: 40 concurrency_overhead: 0 processes_to_start: 20 max_cpu_used: 88
2020-03-07 22:22:48.818 2269 RALLYDEBUG rally.task.runner [-] Starting a worker. concurrency: 1 args: {"network_create_args": {}, "subnet_create_args": {}, "subnet_cidr_start": "1.1.0.0/30", "subnets_per_network": 2} times: 40 method_name: run timeout: 0 duration: None cls:
2020-03-07 22:22:48.820 2270 RALLYDEBUG rally.task.runner [-] Starting a worker. concurrency: 1 args: {"network_create_args": {}, "subnet_create_args": {}, "subnet_cidr_start": "1.1.0.0/30", "subnets_per_network": 2} times: 40 method_name: run timeout: 0 duration: None cls:
2020-03-07 22:22:48.823 2271 RALLYDEBUG rally.task.runner [-] Starting a worker. concurrency: 1 args: {"network_create_args": {}, "subnet_create_args": {}, "subnet_cidr_start": "1.1.0.0/30", "subnets_per_network": 2} times: 40 method_name: run timeout: 0 duration: None cls:
2020-03-07 22:22:48.824 2269 INFO rally.task.runner [-] Task db91e353-d4c3-42d8-aa84-2aeb9858fed7 | ITER: 1 START
2020-03-07 22:22:48.825 2269 WARNING rally_openstack.scenarios.neutron.utils [-] Running this scenario without either the 'network' or 'existing_network' context is deprecated
2020-03-07 22:22:48.826 2272 RALLYDEBUG rally.task.runner [-] Starting a worker. concurrency: 1 args: {"network_create_args": {}, "subnet_create_args": {}, "subnet_cidr_start": "1.1.0.0/30", "subnets_per_network": 2} times: 40 method_name: run timeout: 0 duration: None cls:
2020-03-07 22:22:48.830 2271 INFO rally.task.runner [-] Task db91e353-d4c3-42d8-aa84-2aeb9858fed7 | ITER: 3 START
2020-03-07 22:22:48.830 2270 INFO rally.task.runner [-] Task db91e353-d4c3-42d8-aa84-2aeb9858fed7 | ITER: 2 START
2020-03-07 22:22:48.831 2271 WARNING rally_openstack.scenarios.neutron.utils [-] Running this scenario without either the 'network' or 'existing_network' context is deprecated
2020-03-07 22:22:48.831 2270 WARNING rally_openstack.scenarios.neutron.utils [-] Running this scenario without either the 'network' or 'existing_network' context is deprecated
2020-03-07 22:22:48.833 2272 INFO rally.task.runner [-] Task db91e353-d4c3-42d8-aa84-2aeb9858fed7 | ITER: 4 START
2020-03-07 22:22:48.833 2273 RALLYDEBUG rally.task.runner [-] Starting a worker. concurrency: 1 args: {"network_create_args": {}, "subnet_create_args": {}, "subnet_cidr_start": "1.1.0.0/30", "subnets_per_network": 2} times: 40 method_name: run timeout: 0 duration: None cls:
2020-03-07 22:22:48.833 2276 RALLYDEBUG rally.task.runner [-] Starting a worker. concurrency: 1 args: {"network_create_args": {}, "subnet_create_args": {}, "subnet_cidr_start": "1.1.0.0/30", "subnets_per_network": 2} times: 40 method_name: run timeout: 0 duration: None cls:
2020-03-07 22:22:48.834 2272 WARNING rally_openstack.scenarios.neutron.utils [-] Running this scenario without either the 'network' or 'existing_network' context is deprecated
2020-03-07 22:22:48.839 2273 INFO rally.task.runner [-] Task db91e353-d4c3-42d8-aa84-2aeb9858fed7 | ITER: 5 START
2020-03-07 22:22:48.838 2279 RALLYDEBUG rally.task.runner [-] Starting a worker. concurrency: 1 args: {"network_create_args": {}, "subnet_create_args": {}, "subnet_cidr_start": "1.1.0.0/30", "subnets_per_network": 2} times: 40 method_name: run timeout: 0 duration: None cls:
2020-03-07 22:22:48.839 2283 RALLYDEBUG rally.task.runner [-] Starting a worker. concurrency: 1 args: {"network_create_args": {}, "subnet_create_args": {}, "subnet_cidr_start": "1.1.0.0/30", "subnets_per_network": 2} times: 40 method_name: run timeout: 0 duration: None cls:
2020-03-07 22:22:48.840 2273 WARNING rally_openstack.scenarios.neutron.utils [-] Running this scenario without either the 'network' or 'existing_network' context is deprecated
2020-03-07 22:22:48.841 2276 INFO rally.task.runner [-] Task db91e353-d4c3-42d8-aa84-2aeb9858fed7 | ITER: 6 START
2020-03-07 22:22:48.842 2276 WARNING rally_openstack.scenarios.neutron.utils [-] Running this scenario without either the 'network' or 'existing_network' context is deprecated
2020-03-07 22:22:48.842 2285 RALLYDEBUG rally.task.runner [-] Starting a worker. concurrency: 1 args: {"network_create_args": {}, "subnet_create_args": {}, "subnet_cidr_start": "1.1.0.0/30", "subnets_per_network": 2} times: 40 method_name: run timeout: 0 duration: None cls:
2020-03-07 22:22:48.846 2287 RALLYDEBUG rally.task.runner [-] Starting a worker. concurrency: 1 args: {"network_create_args": {}, "subnet_create_args": {}, "subnet_cidr_start": "1.1.0.0/30", "subnets_per_network": 2} times: 40 method_name: run timeout: 0 duration: None cls:
2020-03-07 22:22:48.848 2291 RALLYDEBUG rally.task.runner [-] Starting a worker. concurrency: 1 args: {"network_create_args": {}, "subnet_create_args": {}, "subnet_cidr_start": "1.1.0.0/30", "subnets_per_network": 2} times: 40 method_name: run timeout: 0 duration: None cls:
2020-03-07 22:22:48.849 2285 INFO rally.task.runner [-] Task db91e353-d4c3-42d8-aa84-2aeb9858fed7 | ITER: 9 START
2020-03-07 22:22:48.850 2285 WARNING rally_openstack.scenarios.neutron.utils [-] Running this scenario without either the 'network' or 'existing_network' context is deprecated
2020-03-07 22:22:48.851 2293 RALLYDEBUG rally.task.runner [-] Starting a worker. concurrency: 1 args: {"network_create_args": {}, "subnet_create_args": {}, "subnet_cidr_start": "1.1.0.0/30", "subnets_per_network": 2} times: 40 method_name: run timeout: 0 duration: None cls:
2020-03-07 22:22:48.854 2287 INFO rally.task.runner [-] Task db91e353-d4c3-42d8-aa84-2aeb9858fed7 | ITER: 10 START
2020-03-07 22:22:48.854 2291 INFO rally.task.runner [-] Task db91e353-d4c3-42d8-aa84-2aeb9858fed7 | ITER: 11 START
2020-03-07 22:22:48.854 2297 RALLYDEBUG rally.task.runner [-] Starting a worker. concurrency: 1 args: {"network_create_args": {}, "subnet_create_args": {}, "subnet_cidr_start": "1.1.0.0/30", "subnets_per_network": 2} times: 40 method_name: run timeout: 0 duration: None cls:
2020-03-07 22:22:48.855 2291 WARNING rally_openstack.scenarios.neutron.utils [-] Running this scenario without either the 'network' or 'existing_network' context is deprecated
2020-03-07 22:22:48.855 2287 WARNING rally_openstack.scenarios.neutron.utils [-] Running this scenario without either the 'network' or 'existing_network' context is deprecated
2020-03-07 22:22:48.856 2279 INFO rally.task.runner [-] Task db91e353-d4c3-42d8-aa84-2aeb9858fed7 | ITER: 7 START
2020-03-07 22:22:48.857 2283 INFO rally.task.runner [-] Task db91e353-d4c3-42d8-aa84-2aeb9858fed7 | ITER: 8 START
2020-03-07 22:22:48.857 2279 WARNING rally_openstack.scenarios.neutron.utils [-] Running this scenario without either the 'network' or 'existing_network' context is deprecated
2020-03-07 22:22:48.857 2293 INFO rally.task.runner [-] Task db91e353-d4c3-42d8-aa84-2aeb9858fed7 | ITER: 12 START
2020-03-07 22:22:48.858 2283 WARNING rally_openstack.scenarios.neutron.utils [-] Running this scenario without either the 'network' or 'existing_network' context is deprecated
2020-03-07 22:22:48.858 2293 WARNING rally_openstack.scenarios.neutron.utils [-] Running this scenario without either the 'network' or 'existing_network' context is deprecated
2020-03-07 22:22:48.858 2299 RALLYDEBUG rally.task.runner [-] Starting a worker. concurrency: 1 args: {"network_create_args": {}, "subnet_create_args": {}, "subnet_cidr_start": "1.1.0.0/30", "subnets_per_network": 2} times: 40 method_name: run timeout: 0 duration: None cls:
2020-03-07 22:22:48.860 2297 INFO rally.task.runner [-] Task db91e353-d4c3-42d8-aa84-2aeb9858fed7 | ITER: 13 START
2020-03-07 22:22:48.861 2297 WARNING rally_openstack.scenarios.neutron.utils [-] Running this scenario without either the 'network' or 'existing_network' context is deprecated
2020-03-07 22:22:48.862 2304 RALLYDEBUG rally.task.runner [-] Starting a worker. concurrency: 1 args: {"network_create_args": {}, "subnet_create_args": {}, "subnet_cidr_start": "1.1.0.0/30", "subnets_per_network": 2} times: 40 method_name: run timeout: 0 duration: None cls:
2020-03-07 22:22:48.863 2308 RALLYDEBUG rally.task.runner [-] Starting a worker. concurrency: 1 args: {"network_create_args": {}, "subnet_create_args": {}, "subnet_cidr_start": "1.1.0.0/30", "subnets_per_network": 2} times: 40 method_name: run timeout: 0 duration: None cls:
2020-03-07 22:22:48.867 2311 RALLYDEBUG rally.task.runner [-] Starting a worker. concurrency: 1 args: {"network_create_args": {}, "subnet_create_args": {}, "subnet_cidr_start": "1.1.0.0/30", "subnets_per_network": 2} times: 40 method_name: run timeout: 0 duration: None cls:
2020-03-07 22:22:48.869 2308 INFO rally.task.runner [-] Task db91e353-d4c3-42d8-aa84-2aeb9858fed7 | ITER: 16 START
2020-03-07 22:22:48.870 2308 WARNING rally_openstack.scenarios.neutron.utils [-] Running this scenario without either the 'network' or 'existing_network' context is deprecated
2020-03-07 22:22:48.870 2304 INFO rally.task.runner [-] Task db91e353-d4c3-42d8-aa84-2aeb9858fed7 | ITER: 15 START
2020-03-07 22:22:48.870 2312 RALLYDEBUG rally.task.runner [-] Starting a worker. concurrency: 1 args: {"network_create_args": {}, "subnet_create_args": {}, "subnet_cidr_start": "1.1.0.0/30", "subnets_per_network": 2} times: 40 method_name: run timeout: 0 duration: None cls:
2020-03-07 22:22:48.871 2299 INFO rally.task.runner [-] Task db91e353-d4c3-42d8-aa84-2aeb9858fed7 | ITER: 14 START
2020-03-07 22:22:48.871 2304 WARNING rally_openstack.scenarios.neutron.utils [-] Running this scenario without either the 'network' or 'existing_network' context is deprecated
2020-03-07 22:22:48.872 2299 WARNING rally_openstack.scenarios.neutron.utils [-] Running this scenario without either the 'network' or 'existing_network' context is deprecated
2020-03-07 22:22:48.873 2314 RALLYDEBUG rally.task.runner [-] Starting a worker. concurrency: 1 args: {"network_create_args": {}, "subnet_create_args": {}, "subnet_cidr_start": "1.1.0.0/30", "subnets_per_network": 2} times: 40 method_name: run timeout: 0 duration: None cls:
2020-03-07 22:22:48.875 2311 INFO rally.task.runner [-] Task db91e353-d4c3-42d8-aa84-2aeb9858fed7 | ITER: 17 START
2020-03-07 22:22:48.875 2318 RALLYDEBUG rally.task.runner [-] Starting a worker. concurrency: 1 args: {"network_create_args": {}, "subnet_create_args": {}, "subnet_cidr_start": "1.1.0.0/30", "subnets_per_network": 2} times: 40 method_name: run timeout: 0 duration: None cls:
2020-03-07 22:22:48.876 2311 WARNING rally_openstack.scenarios.neutron.utils [-] Running this scenario without either the 'network' or 'existing_network' context is deprecated
2020-03-07 22:22:48.876 2312 INFO rally.task.runner [-] Task db91e353-d4c3-42d8-aa84-2aeb9858fed7 | ITER: 18 START
2020-03-07 22:22:48.878 2312 WARNING rally_openstack.scenarios.neutron.utils [-] Running this scenario without either the 'network' or 'existing_network' context is deprecated
2020-03-07 22:22:48.881 2318 INFO rally.task.runner [-] Task db91e353-d4c3-42d8-aa84-2aeb9858fed7 | ITER: 20 START
2020-03-07 22:22:48.882 2318 WARNING rally_openstack.scenarios.neutron.utils [-] Running this scenario without either the 'network' or 'existing_network' context is deprecated
2020-03-07 22:22:48.887 2314 INFO rally.task.runner [-] Task db91e353-d4c3-42d8-aa84-2aeb9858fed7 | ITER: 19 START
2020-03-07 22:22:48.888 2314 WARNING rally_openstack.scenarios.neutron.utils [-] Running this scenario without either the 'network' or 'existing_network' context is deprecated
2020-03-07 22:22:49.582 2273 RALLYDEBUG rally_openstack.wrappers.network [-] CIDR generated: 1.1.4.96/30
2020-03-07 22:22:49.737 2308 RALLYDEBUG rally_openstack.wrappers.network [-] CIDR generated: 1.1.4.100/30
2020-03-07 22:22:49.739 2318 RALLYDEBUG rally_openstack.wrappers.network [-] CIDR generated: 1.1.4.104/30
2020-03-07 22:22:49.847 2287 RALLYDEBUG rally_openstack.wrappers.network [-] CIDR generated: 1.1.4.108/30
2020-03-07 22:22:50.008 2291 RALLYDEBUG rally_openstack.wrappers.network [-] CIDR generated: 1.1.4.112/30
2020-03-07 22:22:50.155 2271 RALLYDEBUG rally_openstack.wrappers.network [-] CIDR generated: 1.1.4.116/30
2020-03-07 22:22:50.279 2304 RALLYDEBUG rally_openstack.wrappers.network [-] CIDR generated: 1.1.4.120/30
2020-03-07 22:22:50.396 2279 RALLYDEBUG rally_openstack.wrappers.network [-] CIDR generated: 1.1.4.124/30
2020-03-07 22:22:50.459 2276 RALLYDEBUG rally_openstack.wrappers.network [-] CIDR generated: 1.1.4.128/30
2020-03-07 22:22:50.464 2299 RALLYDEBUG rally_openstack.wrappers.network [-] CIDR generated: 1.1.4.132/30
2020-03-07 22:22:50.477 2285 RALLYDEBUG rally_openstack.wrappers.network [-] CIDR generated: 1.1.4.136/30
2020-03-07 22:22:50.587 2270 RALLYDEBUG rally_openstack.wrappers.network [-] CIDR generated: 1.1.4.140/30
2020-03-07 22:22:50.643 2311 RALLYDEBUG rally_openstack.wrappers.network [-] CIDR generated: 1.1.4.144/30
2020-03-07 22:22:51.046 2283 RALLYDEBUG rally_openstack.wrappers.network [-] CIDR generated: 1.1.4.148/30
2020-03-07 22:22:51.111 2272 RALLYDEBUG rally_openstack.wrappers.network [-] CIDR generated: 1.1.4.152/30
2020-03-07 22:22:51.150 2269 RALLYDEBUG rally_openstack.wrappers.network [-] CIDR generated: 1.1.4.156/30
2020-03-07 22:22:51.617 2314 RALLYDEBUG rally_openstack.wrappers.network [-] CIDR generated: 1.1.4.160/30
2020-03-07 22:22:51.670 2293 RALLYDEBUG rally_openstack.wrappers.network [-] CIDR generated: 1.1.4.164/30
2020-03-07 22:22:51.960 2312 RALLYDEBUG rally_openstack.wrappers.network [-] CIDR generated: 1.1.4.168/30
2020-03-07 22:22:52.185 2297 RALLYDEBUG rally_openstack.wrappers.network [-] CIDR generated: 1.1.4.172/30
2020-03-07 22:22:53.552 2273 RALLYDEBUG rally_openstack.wrappers.network [-] CIDR generated: 1.1.4.176/30
2020-03-07 22:22:53.676 2318 RALLYDEBUG rally_openstack.wrappers.network [-] CIDR generated: 1.1.4.180/30
2020-03-07 22:22:53.828 2308 RALLYDEBUG rally_openstack.wrappers.network [-] CIDR generated: 1.1.4.184/30
2020-03-07 22:22:53.949 2314 RALLYDEBUG rally_openstack.wrappers.network [-] CIDR generated: 1.1.4.188/30
2020-03-07 22:22:54.311 2312 RALLYDEBUG rally_openstack.wrappers.network [-] CIDR generated: 1.1.4.192/30
2020-03-07 22:22:54.439 2287 RALLYDEBUG rally_openstack.wrappers.network [-] CIDR generated: 1.1.4.196/30
2020-03-07 22:22:54.474 2297 RALLYDEBUG rally_openstack.wrappers.network [-] CIDR generated: 1.1.4.200/30
2020-03-07 22:22:54.831 2304 RALLYDEBUG rally_openstack.wrappers.network [-] CIDR generated: 1.1.4.204/30
2020-03-07 22:22:54.937 2299 RALLYDEBUG rally_openstack.wrappers.network [-] CIDR generated: 1.1.4.208/30
2020-03-07 22:22:54.955 2293 RALLYDEBUG rally_openstack.wrappers.network [-] CIDR generated: 1.1.4.212/30
2020-03-07 22:22:55.071 2311 RALLYDEBUG rally_openstack.wrappers.network [-] CIDR generated: 1.1.4.216/30
2020-03-07 22:22:55.091 2271 RALLYDEBUG rally_openstack.wrappers.network [-] CIDR generated: 1.1.4.220/30
2020-03-07 22:22:55.164 2283 RALLYDEBUG rally_openstack.wrappers.network [-] CIDR generated: 1.1.4.224/30
2020-03-07 22:22:55.201 2291 RALLYDEBUG rally_openstack.wrappers.network [-] CIDR generated: 1.1.4.228/30
2020-03-07 22:22:55.259 2269 RALLYDEBUG rally_openstack.wrappers.network [-] CIDR generated: 1.1.4.232/30
2020-03-07 22:22:55.263 2272 RALLYDEBUG rally_openstack.wrappers.network [-] CIDR generated: 1.1.4.236/30
2020-03-07 22:22:55.334 2279 RALLYDEBUG rally_openstack.wrappers.network [-] CIDR generated: 1.1.4.240/30
2020-03-07 22:22:55.395 2276 RALLYDEBUG rally_openstack.wrappers.network [-] CIDR generated: 1.1.4.244/30
2020-03-07 22:22:55.403 2270 RALLYDEBUG rally_openstack.wrappers.network [-] CIDR generated: 1.1.4.248/30
2020-03-07 22:22:55.418 2285 RALLYDEBUG rally_openstack.wrappers.network [-] CIDR generated: 1.1.4.252/30
2020-03-07 22:23:00.048 2287 INFO rally.task.runner [-] Task db91e353-d4c3-42d8-aa84-2aeb9858fed7 | ITER: 10 END: OK
2020-03-07 22:23:00.053 2287 INFO rally.task.runner [-] Task db91e353-d4c3-42d8-aa84-2aeb9858fed7 | ITER: 21 START
2020-03-07 22:23:00.053 2287 WARNING rally_openstack.scenarios.neutron.utils [-] Running this scenario without either the 'network' or 'existing_network' context is deprecated
2020-03-07 22:23:00.069 2314 INFO rally.task.runner [-] Task db91e353-d4c3-42d8-aa84-2aeb9858fed7 | ITER: 19 END: OK
2020-03-07 22:23:00.074 2314 INFO rally.task.runner [-] Task db91e353-d4c3-42d8-aa84-2aeb9858fed7 | ITER: 22 START
2020-03-07 22:23:00.074 2314 WARNING rally_openstack.scenarios.neutron.utils [-] Running this scenario without either the 'network' or 'existing_network' context is deprecated
2020-03-07 22:23:00.194 2297 INFO rally.task.runner [-] Task db91e353-d4c3-42d8-aa84-2aeb9858fed7 | ITER: 13 END: OK
2020-03-07 22:23:00.199 2297 INFO rally.task.runner [-] Task db91e353-d4c3-42d8-aa84-2aeb9858fed7 | ITER: 23 START
2020-03-07 22:23:00.200 2297 WARNING rally_openstack.scenarios.neutron.utils [-] Running this scenario without either the 'network' or 'existing_network' context is deprecated
2020-03-07 22:23:00.417 2304 INFO rally.task.runner [-] Task db91e353-d4c3-42d8-aa84-2aeb9858fed7 | ITER: 15 END: OK
2020-03-07 22:23:00.422 2273 INFO rally.task.runner [-] Task db91e353-d4c3-42d8-aa84-2aeb9858fed7 | ITER: 5 END: OK
2020-03-07 22:23:00.422 2304 INFO rally.task.runner [-] Task db91e353-d4c3-42d8-aa84-2aeb9858fed7 | ITER: 24 START
2020-03-07 22:23:00.423 2304 WARNING rally_openstack.scenarios.neutron.utils [-] Running this scenario without either the 'network' or 'existing_network' context is deprecated
2020-03-07 22:23:00.427 2273 INFO rally.task.runner [-] Task db91e353-d4c3-42d8-aa84-2aeb9858fed7 | ITER: 25 START
2020-03-07 22:23:00.428 2273 WARNING rally_openstack.scenarios.neutron.utils [-] Running this scenario without either the 'network' or 'existing_network' context is deprecated
2020-03-07 22:23:00.652 2312 INFO rally.task.runner [-] Task db91e353-d4c3-42d8-aa84-2aeb9858fed7 | ITER: 18 END: OK
2020-03-07 22:23:00.657 2312 INFO rally.task.runner [-] Task db91e353-d4c3-42d8-aa84-2aeb9858fed7 | ITER: 26 START
2020-03-07 22:23:00.658 2312 WARNING rally_openstack.scenarios.neutron.utils [-] Running this scenario without either the 'network' or 'existing_network' context is deprecated
2020-03-07 22:23:00.836 2318 INFO rally.task.runner [-] Task db91e353-d4c3-42d8-aa84-2aeb9858fed7 | ITER: 20 END: OK
2020-03-07 22:23:00.841 2318 INFO rally.task.runner [-] Task db91e353-d4c3-42d8-aa84-2aeb9858fed7 | ITER: 27 START
2020-03-07 22:23:00.842 2318 WARNING rally_openstack.scenarios.neutron.utils [-] Running this scenario without either the 'network' or 'existing_network' context is deprecated
2020-03-07 22:23:01.667 2273 RALLYDEBUG rally_openstack.wrappers.network [-] CIDR generated: 1.1.5.0/30
2020-03-07 22:23:01.735 2287 RALLYDEBUG rally_openstack.wrappers.network [-] CIDR generated: 1.1.5.4/30
2020-03-07 22:23:01.924 2304 RALLYDEBUG rally_openstack.wrappers.network [-] CIDR generated: 1.1.5.8/30
2020-03-07 22:23:02.103 2308 INFO rally.task.runner [-] Task db91e353-d4c3-42d8-aa84-2aeb9858fed7 | ITER: 16 END: OK
2020-03-07 22:23:02.108 2308 INFO rally.task.runner [-] Task db91e353-d4c3-42d8-aa84-2aeb9858fed7 | ITER: 28 START
2020-03-07 22:23:02.108 2308 WARNING rally_openstack.scenarios.neutron.utils [-] Running this scenario without either the 'network' or 'existing_network' context is deprecated
2020-03-07 22:23:02.453 2314 RALLYDEBUG rally_openstack.wrappers.network [-] CIDR generated: 1.1.5.12/30
2020-03-07 22:23:02.501 2311 INFO rally.task.runner [-] Task db91e353-d4c3-42d8-aa84-2aeb9858fed7 | ITER: 17 END: OK
2020-03-07 22:23:02.505 2311 INFO rally.task.runner [-] Task db91e353-d4c3-42d8-aa84-2aeb9858fed7 | ITER: 29 START
2020-03-07 22:23:02.506 2311 WARNING rally_openstack.scenarios.neutron.utils [-] Running this scenario without either the 'network' or 'existing_network' context is deprecated
2020-03-07 22:23:02.578 2318 RALLYDEBUG rally_openstack.wrappers.network [-] CIDR generated: 1.1.5.16/30
2020-03-07 22:23:02.669 2272 INFO rally.task.runner [-] Task db91e353-d4c3-42d8-aa84-2aeb9858fed7 | ITER: 4 END: OK
2020-03-07 22:23:02.675 2272 INFO rally.task.runner [-] Task db91e353-d4c3-42d8-aa84-2aeb9858fed7 | ITER: 30 START
2020-03-07 22:23:02.676 2272 WARNING rally_openstack.scenarios.neutron.utils [-] Running this scenario without either the 'network' or 'existing_network' context is deprecated
2020-03-07 22:23:02.798 2293 INFO rally.task.runner [-] Task db91e353-d4c3-42d8-aa84-2aeb9858fed7 | ITER: 12 END: OK
2020-03-07 22:23:02.804 2293 INFO rally.task.runner [-] Task db91e353-d4c3-42d8-aa84-2aeb9858fed7 | ITER: 31 START
2020-03-07 22:23:02.805 2293 WARNING rally_openstack.scenarios.neutron.utils [-] Running this scenario without either the 'network' or 'existing_network' context is deprecated
2020-03-07 22:23:02.815 2297 RALLYDEBUG rally_openstack.wrappers.network [-] CIDR generated: 1.1.5.20/30
2020-03-07 22:23:02.899 2283 INFO rally.task.runner [-] Task db91e353-d4c3-42d8-aa84-2aeb9858fed7 | ITER: 8 END: OK
2020-03-07 22:23:02.905 2283 INFO rally.task.runner [-] Task db91e353-d4c3-42d8-aa84-2aeb9858fed7 | ITER: 32 START
2020-03-07 22:23:02.906 2283 WARNING rally_openstack.scenarios.neutron.utils [-] Running this scenario without either the 'network' or 'existing_network' context is deprecated
2020-03-07 22:23:02.941 2312 RALLYDEBUG rally_openstack.wrappers.network [-] CIDR generated: 1.1.5.24/30
2020-03-07 22:23:02.997 2308 RALLYDEBUG rally_openstack.wrappers.network [-] CIDR generated: 1.1.5.28/30
2020-03-07 22:23:03.374 2311 RALLYDEBUG rally_openstack.wrappers.network [-] CIDR generated: 1.1.5.32/30
2020-03-07 22:23:03.501 2293 RALLYDEBUG rally_openstack.wrappers.network [-] CIDR generated: 1.1.5.36/30
2020-03-07 22:23:03.603 2272 RALLYDEBUG rally_openstack.wrappers.network [-] CIDR generated: 1.1.5.40/30
2020-03-07 22:23:03.870 2273 RALLYDEBUG rally_openstack.wrappers.network [-] CIDR generated: 1.1.5.44/30
2020-03-07 22:23:04.579 2283 RALLYDEBUG rally_openstack.wrappers.network [-] CIDR generated: 1.1.5.48/30
2020-03-07 22:23:04.712 2299 INFO rally.task.runner [-] Task db91e353-d4c3-42d8-aa84-2aeb9858fed7 | ITER: 14 END: OK
2020-03-07 22:23:04.716 2304 RALLYDEBUG rally_openstack.wrappers.network [-] CIDR generated: 1.1.5.52/30
2020-03-07 22:23:04.717 2299 INFO rally.task.runner [-] Task db91e353-d4c3-42d8-aa84-2aeb9858fed7 | ITER: 33 START
2020-03-07 22:23:04.718 2299 WARNING rally_openstack.scenarios.neutron.utils [-] Running this scenario without either the 'network' or 'existing_network' context is deprecated
2020-03-07 22:23:05.199 2269 INFO rally.task.runner [-] Task db91e353-d4c3-42d8-aa84-2aeb9858fed7 | ITER: 1 END: OK
2020-03-07 22:23:05.204 2269 INFO rally.task.runner [-] Task db91e353-d4c3-42d8-aa84-2aeb9858fed7 | ITER: 34 START
2020-03-07 22:23:05.205 2269 WARNING rally_openstack.scenarios.neutron.utils [-] Running this scenario without either the 'network' or 'existing_network' context is deprecated
2020-03-07 22:23:05.212 2314 RALLYDEBUG rally_openstack.wrappers.network [-] CIDR generated: 1.1.5.56/30
2020-03-07 22:23:05.429 2279 INFO rally.task.runner [-] Task db91e353-d4c3-42d8-aa84-2aeb9858fed7 | ITER: 7 END: OK
2020-03-07 22:23:05.434 2279 INFO rally.task.runner [-] Task db91e353-d4c3-42d8-aa84-2aeb9858fed7 | ITER: 35 START
2020-03-07 22:23:05.435 2279 WARNING rally_openstack.scenarios.neutron.utils [-] Running this scenario without either the 'network' or 'existing_network' context is deprecated
2020-03-07 22:23:05.447 2271 INFO rally.task.runner [-] Task db91e353-d4c3-42d8-aa84-2aeb9858fed7 | ITER: 3 END: OK
2020-03-07 22:23:05.451 2271 INFO rally.task.runner [-] Task db91e353-d4c3-42d8-aa84-2aeb9858fed7 | ITER: 36 START
2020-03-07 22:23:05.452 2271 WARNING rally_openstack.scenarios.neutron.utils [-] Running this scenario without either the 'network' or 'existing_network' context is deprecated
2020-03-07 22:23:05.530 2308 RALLYDEBUG rally_openstack.wrappers.network [-] CIDR generated: 1.1.5.60/30
2020-03-07 22:23:05.596 2318 RALLYDEBUG rally_openstack.wrappers.network [-] CIDR generated: 1.1.5.64/30
2020-03-07 22:23:05.788 2291 INFO rally.task.runner [-] Task db91e353-d4c3-42d8-aa84-2aeb9858fed7 | ITER: 11 END: OK
2020-03-07 22:23:05.794 2291 INFO rally.task.runner [-] Task db91e353-d4c3-42d8-aa84-2aeb9858fed7 | ITER: 37 START
2020-03-07 22:23:05.794 2291 WARNING rally_openstack.scenarios.neutron.utils [-] Running this scenario without either the 'network' or 'existing_network' context is deprecated
2020-03-07 22:23:05.848 2297 RALLYDEBUG rally_openstack.wrappers.network [-] CIDR generated: 1.1.5.68/30
2020-03-07 22:23:05.884 2269 RALLYDEBUG rally_openstack.wrappers.network [-] CIDR generated: 1.1.5.72/30
2020-03-07 22:23:05.932 2299 RALLYDEBUG rally_openstack.wrappers.network [-] CIDR generated: 1.1.5.76/30
2020-03-07 22:23:05.986 2287 RALLYDEBUG rally_openstack.wrappers.network [-] CIDR generated: 1.1.5.80/30
2020-03-07 22:23:06.075 2311 RALLYDEBUG rally_openstack.wrappers.network [-] CIDR generated: 1.1.5.84/30
2020-03-07 22:23:06.260 2293 RALLYDEBUG rally_openstack.wrappers.network [-] CIDR generated: 1.1.5.88/30
2020-03-07 22:23:06.367 2312 RALLYDEBUG rally_openstack.wrappers.network [-] CIDR generated: 1.1.5.92/30
2020-03-07 22:23:06.470 2271 RALLYDEBUG rally_openstack.wrappers.network [-] CIDR generated: 1.1.5.96/30
2020-03-07 22:23:06.674 2272 RALLYDEBUG rally_openstack.wrappers.network [-] CIDR generated: 1.1.5.100/30
2020-03-07 22:23:06.758 2283 RALLYDEBUG rally_openstack.wrappers.network [-] CIDR generated: 1.1.5.104/30
2020-03-07 22:23:06.966 2279 RALLYDEBUG rally_openstack.wrappers.network [-] CIDR generated: 1.1.5.108/30
2020-03-07 22:23:07.230 2291 RALLYDEBUG rally_openstack.wrappers.network [-] CIDR generated: 1.1.5.112/30
2020-03-07 22:23:07.839 2285 INFO rally.task.runner [-] Task db91e353-d4c3-42d8-aa84-2aeb9858fed7 | ITER: 9 END: OK
2020-03-07 22:23:07.844 2285 INFO rally.task.runner [-] Task db91e353-d4c3-42d8-aa84-2aeb9858fed7 | ITER: 38 START
2020-03-07 22:23:07.845 2285 WARNING rally_openstack.scenarios.neutron.utils [-] Running this scenario without either the 'network' or 'existing_network' context is deprecated
2020-03-07 22:23:08.067 2269 RALLYDEBUG rally_openstack.wrappers.network [-] CIDR generated: 1.1.5.116/30
2020-03-07 22:23:08.091 2276 INFO rally.task.runner [-] Task db91e353-d4c3-42d8-aa84-2aeb9858fed7 | ITER: 6 END: OK
2020-03-07 22:23:08.097 2276 INFO rally.task.runner [-] Task db91e353-d4c3-42d8-aa84-2aeb9858fed7 | ITER: 39 START
2020-03-07 22:23:08.098 2276 WARNING rally_openstack.scenarios.neutron.utils [-] Running this scenario without either the 'network' or 'existing_network' context is deprecated
2020-03-07 22:23:08.115 2271 RALLYDEBUG rally_openstack.wrappers.network [-] CIDR generated: 1.1.5.120/30
2020-03-07 22:23:08.187 2279 RALLYDEBUG rally_openstack.wrappers.network [-] CIDR generated: 1.1.5.124/30
2020-03-07 22:23:08.221 2270 INFO rally.task.runner [-] Task db91e353-d4c3-42d8-aa84-2aeb9858fed7 | ITER: 2 END: OK
2020-03-07 22:23:08.225 2270 INFO rally.task.runner [-] Task db91e353-d4c3-42d8-aa84-2aeb9858fed7 | ITER: 40 START
2020-03-07 22:23:08.226 2270 WARNING rally_openstack.scenarios.neutron.utils [-] Running this scenario without either the 'network' or 'existing_network' context is deprecated
2020-03-07 22:23:09.774 2273 INFO rally.task.runner [-] Task db91e353-d4c3-42d8-aa84-2aeb9858fed7 | ITER: 25 END: OK
2020-03-07 22:23:09.814 2285 RALLYDEBUG rally_openstack.wrappers.network [-] CIDR generated: 1.1.5.128/30
2020-03-07 22:23:10.254 2287 INFO rally.task.runner [-] Task db91e353-d4c3-42d8-aa84-2aeb9858fed7 | ITER: 21 END: OK
2020-03-07 22:23:10.284 2276 RALLYDEBUG rally_openstack.wrappers.network [-] CIDR generated: 1.1.5.132/30
2020-03-07 22:23:10.400 2291 RALLYDEBUG rally_openstack.wrappers.network [-] CIDR generated: 1.1.5.136/30
2020-03-07 22:23:10.467 2318 INFO rally.task.runner [-] Task db91e353-d4c3-42d8-aa84-2aeb9858fed7 | ITER: 27 END: OK
2020-03-07 22:23:10.549 2299 RALLYDEBUG rally_openstack.wrappers.network [-] CIDR generated: 1.1.5.140/30
2020-03-07 22:23:10.690 2314 INFO rally.task.runner [-] Task db91e353-d4c3-42d8-aa84-2aeb9858fed7 | ITER: 22 END: OK
2020-03-07 22:23:10.740 2270 RALLYDEBUG rally_openstack.wrappers.network [-] CIDR generated: 1.1.5.144/30
2020-03-07 22:23:11.349 2308 INFO rally.task.runner [-] Task db91e353-d4c3-42d8-aa84-2aeb9858fed7 | ITER: 28 END: OK
2020-03-07 22:23:11.613 2312 INFO rally.task.runner [-] Task db91e353-d4c3-42d8-aa84-2aeb9858fed7 | ITER: 26 END: OK
2020-03-07 22:23:11.712 2304 INFO rally.task.runner [-] Task db91e353-d4c3-42d8-aa84-2aeb9858fed7 | ITER: 24 END: OK
2020-03-07 22:23:11.930 2293 INFO rally.task.runner [-] Task db91e353-d4c3-42d8-aa84-2aeb9858fed7 | ITER: 31 END: OK
2020-03-07 22:23:12.742 2297 INFO rally.task.runner [-] Task db91e353-d4c3-42d8-aa84-2aeb9858fed7 | ITER: 23 END: OK
2020-03-07 22:23:12.744 2272 INFO rally.task.runner [-] Task db91e353-d4c3-42d8-aa84-2aeb9858fed7 | ITER: 30 END: OK
2020-03-07 22:23:12.764 2311 INFO rally.task.runner [-] Task db91e353-d4c3-42d8-aa84-2aeb9858fed7 | ITER: 29 END: OK
2020-03-07 22:23:12.795 2283 INFO rally.task.runner [-] Task db91e353-d4c3-42d8-aa84-2aeb9858fed7 | ITER: 32 END: OK
2020-03-07 22:23:13.257 2285 RALLYDEBUG rally_openstack.wrappers.network [-] CIDR generated: 1.1.5.148/30
2020-03-07 22:23:13.404 2276 RALLYDEBUG rally_openstack.wrappers.network [-] CIDR generated: 1.1.5.152/30
2020-03-07 22:23:13.422 2270 RALLYDEBUG rally_openstack.wrappers.network [-] CIDR generated: 1.1.5.156/30
2020-03-07 22:23:14.453 2291 INFO rally.task.runner [-] Task db91e353-d4c3-42d8-aa84-2aeb9858fed7 | ITER: 37 END: OK
2020-03-07 22:23:14.577 2299 INFO rally.task.runner [-] Task db91e353-d4c3-42d8-aa84-2aeb9858fed7 | ITER: 33 END: OK
2020-03-07 22:23:14.708 2279 INFO rally.task.runner [-] Task db91e353-d4c3-42d8-aa84-2aeb9858fed7 | ITER: 35 END: OK
2020-03-07 22:23:14.765 2269 INFO rally.task.runner [-] Task db91e353-d4c3-42d8-aa84-2aeb9858fed7 | ITER: 34 END: OK
2020-03-07 22:23:14.823 2271 INFO rally.task.runner [-] Task db91e353-d4c3-42d8-aa84-2aeb9858fed7 | ITER: 36 END: OK
2020-03-07 22:23:15.977 2270 INFO rally.task.runner [-] Task db91e353-d4c3-42d8-aa84-2aeb9858fed7 | ITER: 40 END: OK
2020-03-07 22:23:16.089 2276 INFO rally.task.runner [-] Task db91e353-d4c3-42d8-aa84-2aeb9858fed7 | ITER: 39 END: OK
2020-03-07 22:23:16.138 2285 INFO rally.task.runner [-] Task db91e353-d4c3-42d8-aa84-2aeb9858fed7 | ITER: 38 END: OK
2020-03-07 22:23:16.170 15 INFO rally.task.context [-] Task db91e353-d4c3-42d8-aa84-2aeb9858fed7 | Context cleanup@openstack cleanup() started
2020-03-07 22:23:16.173 15 RALLYDEBUG rally_openstack.cleanup.manager [-] Cleaning up neutron vip objects
2020-03-07 22:23:16.388 15 RALLYDEBUG rally_openstack.cleanup.manager [-] Cleaning up neutron health_monitor objects
2020-03-07 22:23:16.591 15 RALLYDEBUG rally_openstack.cleanup.manager [-] Cleaning up neutron pool objects
2020-03-07 22:23:16.804 15 RALLYDEBUG rally_openstack.cleanup.manager [-] Cleaning up neutron loadbalancer objects
2020-03-07 22:23:17.005 15 RALLYDEBUG rally_openstack.cleanup.manager [-] Cleaning up neutron floatingip objects
2020-03-07 22:23:17.229 15 RALLYDEBUG rally_openstack.cleanup.manager [-] Cleaning up neutron trunk objects
2020-03-07 22:23:17.447 15 DEBUG neutronclient.v2_0.client [-] Error message: {"message": "The resource could not be found.

\n\n\n", "code": "404 Not Found", "title": "Not Found"} _handle_fault_response /usr/lib/python2.7/site-packages/neutronclient/v2_0/client.py:259
2020-03-07 22:23:17.457 15 RALLYDEBUG rally_openstack.cleanup.manager [-] Cleaning up neutron port objects
2020-03-07 22:23:18.006 15 RALLYDEBUG rally_openstack.cleanup.manager [-] Cleaning up neutron subnet objects
2020-03-07 22:23:18.291 15 RALLYDEBUG rally_openstack.cleanup.manager [-] Cleaning up neutron network objects
2020-03-07 22:23:18.847 15 RALLYDEBUG rally_openstack.cleanup.manager [-] Deleting neutron.network object s_rally_8933b144_bAsM7TCZ (0189dba3-bd44-45a9-ae1e-d6629bf0bf82)
2020-03-07 22:23:18.854 15 RALLYDEBUG rally_openstack.cleanup.manager [-] Deleting neutron.network object s_rally_8933b144_6H6XOewH (034123d6-1a31-4431-ab36-ebe5c9a59599)
2020-03-07 22:23:18.862 15 RALLYDEBUG rally_openstack.cleanup.manager [-] Deleting neutron.network object s_rally_8933b144_fHlpahhS (0359f0c6-17fd-4447-9a68-cdfa180baeaf)
2020-03-07 22:23:18.875 15 RALLYDEBUG rally_openstack.cleanup.manager [-] Deleting neutron.network object s_rally_8933b144_fi9gWMCF (0c75dc7d-71f2-4577-b64a-41015e7c9d34)
2020-03-07 22:23:18.883 15 RALLYDEBUG rally_openstack.cleanup.manager [-] Deleting neutron.network object s_rally_8933b144_Fl7hXnsq (0cae244e-4bcf-4c5e-a689-877ce1cbb99c)
2020-03-07 22:23:18.899 15 RALLYDEBUG rally_openstack.cleanup.manager [-] Deleting neutron.network object s_rally_8933b144_vV4ZtiyP (13227391-c69d-4cdd-b1ff-0a9e4bc74271)
2020-03-07 22:23:18.911 15 RALLYDEBUG rally_openstack.cleanup.manager [-] Deleting neutron.network object s_rally_8933b144_pjMuoLyb (1a222c51-15f6-4e1a-a395-f12b3ffb0279)
2020-03-07 22:23:18.950 15 RALLYDEBUG rally_openstack.cleanup.manager [-] Deleting neutron.network object s_rally_8933b144_SZnGgCt8 (2d0c110d-ad85-4ba5-b81e-c859981842b2)
2020-03-07 22:23:18.980 15 RALLYDEBUG rally_openstack.cleanup.manager [-] Deleting neutron.network object s_rally_8933b144_ydq0QDAs (22e09492-1e79-434a-95f7-671a3d78fb48)
2020-03-07 22:23:18.991 15 RALLYDEBUG rally_openstack.cleanup.manager [-] Deleting neutron.network object s_rally_8933b144_aQ92tJd2 (27744928-c374-4b8f-9da9-c773e5269c90)
2020-03-07 22:23:18.993 15 RALLYDEBUG rally_openstack.cleanup.manager [-] Deleting neutron.network object s_rally_8933b144_i35n2wUG (2088ee2d-be61-4e82-af24-5ff2172648d3)
2020-03-07 22:23:18.997 15 RALLYDEBUG rally_openstack.cleanup.manager [-] Deleting neutron.network object s_rally_8933b144_Xas2mkcB (2d879908-088e-4f84-8037-6bd206db1b78)
2020-03-07 22:23:19.009 15 RALLYDEBUG rally_openstack.cleanup.manager [-] Deleting neutron.network object s_rally_8933b144_MQfV4zYi (3c86f9ff-cc4b-46e7-9010-a151b9c649d4)
2020-03-07 22:23:19.011 15 RALLYDEBUG rally_openstack.cleanup.manager [-] Deleting neutron.network object s_rally_8933b144_7EB4f705 (2e8d09f0-e7d2-4e4a-8ad6-b3dd441c2692)
2020-03-07 22:23:19.017 15 RALLYDEBUG rally_openstack.cleanup.manager [-] Deleting neutron.network object s_rally_8933b144_GlDwRSXD (26f57351-8f15-4232-a1b2-eb953e414c71)
2020-03-07 22:23:19.025 15 RALLYDEBUG rally_openstack.cleanup.manager [-] Deleting neutron.network object s_rally_8933b144_LQZh1mLI (3015d8f9-646b-4768-8395-79edfaeddfa3)
2020-03-07 22:23:19.028 15 RALLYDEBUG rally_openstack.cleanup.manager [-] Deleting neutron.network object s_rally_8933b144_AlExM8ns (53a1d878-5ad3-45f3-8da5-00a382180890)
2020-03-07 22:23:19.031 15 RALLYDEBUG rally_openstack.cleanup.manager [-] Deleting neutron.network object s_rally_8933b144_zbE0prXY (2eb16735-6329-49cd-99af-2e21c76e4950)
2020-03-07 22:23:19.046 15 RALLYDEBUG rally_openstack.cleanup.manager [-] Deleting neutron.network object s_rally_8933b144_w8jEAStz (4dfc3ff5-0a7b-44e9-b581-edbfe9e52dd0)
2020-03-07 22:23:19.097 15 RALLYDEBUG rally_openstack.cleanup.manager [-] Deleting neutron.network object s_rally_8933b144_lBodUE8C (30417255-a28a-4515-9efb-5fa0c522370b)
2020-03-07 22:23:21.960 15 RALLYDEBUG rally_openstack.cleanup.manager [-] Deleting neutron.network object s_rally_8933b144_xDaBG3Oa (57d52f23-61e3-479b-bf66-b4b5b7aedf5b)
2020-03-07 22:23:21.965 15 RALLYDEBUG rally_openstack.cleanup.manager [-] Deleting neutron.network object s_rally_8933b144_DyFrOotl (5b20ebee-1b48-432f-abed-10c3dc0269a2)
2020-03-07 22:23:21.970 15 RALLYDEBUG rally_openstack.cleanup.manager [-] Deleting neutron.network object s_rally_8933b144_9pTI1EZs (5d2c94fa-fbee-4f38-a3f7-361451da1ca0)
2020-03-07 22:23:22.038 15 RALLYDEBUG rally_openstack.cleanup.manager [-] Deleting neutron.network object s_rally_8933b144_zWGTwCa7 (61714150-2cdf-470b-b5e9-a22665de3f5e)
2020-03-07 22:23:22.048 15 RALLYDEBUG rally_openstack.cleanup.manager [-] Deleting neutron.network object s_rally_8933b144_cOUrYcxu (785eccd4-73e6-47c0-b5b0-3834707761a8)
2020-03-07 22:23:22.098 15 RALLYDEBUG rally_openstack.cleanup.manager [-] Deleting neutron.network object s_rally_8933b144_B0opPqyF (847e2e24-d299-41c4-8947-28184ccdd72e)
2020-03-07 22:23:22.181 15 RALLYDEBUG rally_openstack.cleanup.manager [-] Deleting neutron.network object s_rally_8933b144_4XxtJROX (85c37f2b-8ef5-43bf-86e8-a2d84258d9ee)
2020-03-07 22:23:22.206 15 RALLYDEBUG rally_openstack.cleanup.manager [-] Deleting neutron.network object s_rally_8933b144_98Y6wCWN (8c884404-298d-4e25-b806-a2502297bc1a)
2020-03-07 22:23:22.210 15 RALLYDEBUG rally_openstack.cleanup.manager [-] Deleting neutron.network object s_rally_8933b144_wv3b1EnB (a2b39213-f914-4708-ae57-618d3d1a9069)
2020-03-07 22:23:22.285 15 RALLYDEBUG rally_openstack.cleanup.manager [-] Deleting neutron.network object s_rally_8933b144_NWQwUEF2 (a4361e4b-60a3-4b5b-8d64-aa78afb3ca42)
2020-03-07 22:23:22.380 15 RALLYDEBUG rally_openstack.cleanup.manager [-] Deleting neutron.network object s_rally_8933b144_mC5xi7b4 (a6320dd7-861d-4fbe-8f97-4061bf1f1439)
2020-03-07 22:23:22.405 15 RALLYDEBUG rally_openstack.cleanup.manager [-] Deleting neutron.network object s_rally_8933b144_bS9QGMX0 (ab1f4354-2ef7-4ae6-a2b4-3a8bfed24f6c)
2020-03-07 22:23:22.418 15 RALLYDEBUG rally_openstack.cleanup.manager [-] Deleting neutron.network object s_rally_8933b144_KmNwOeSf (ae76af3a-eb45-47a8-b101-9988d21f0f8f)
2020-03-07 22:23:22.435 15 RALLYDEBUG rally_openstack.cleanup.manager [-] Deleting neutron.network object s_rally_8933b144_EjH1OUWe (b5c0cf04-403e-407a-87e7-f92b96d0b0c2)
2020-03-07 22:23:22.719 15 RALLYDEBUG rally_openstack.cleanup.manager [-] Deleting neutron.network object s_rally_8933b144_aDB7PXEg (b9992d74-4609-45a5-8847-33716f77e935)
2020-03-07 22:23:22.747 15 RALLYDEBUG rally_openstack.cleanup.manager [-] Deleting neutron.network object s_rally_8933b144_S21GLsbu (c30385a1-bd3d-43cf-a532-121449fa5fff)
2020-03-07 22:23:22.770 15 RALLYDEBUG rally_openstack.cleanup.manager [-] Deleting neutron.network object s_rally_8933b144_ifhbcYpj (c6981315-c951-429d-8256-015d3052eaef)
2020-03-07 22:23:22.883 15 RALLYDEBUG rally_openstack.cleanup.manager [-] Deleting neutron.network object s_rally_8933b144_KQJgE4Xf (d86255e6-e741-48bb-a0e7-f1d822b7d0f5)
2020-03-07 22:23:23.507 15 RALLYDEBUG rally_openstack.cleanup.manager [-] Deleting neutron.network object s_rally_8933b144_ZmotgEL9 (e2fd337e-07f3-441b-bd8e-2083dc6a9957)
2020-03-07 22:23:23.518 15 RALLYDEBUG rally_openstack.cleanup.manager [-] Deleting neutron.network object s_rally_8933b144_z68KP1oh (f80f5e99-8012-42af-a75c-e0c7bb1d7dd4)
2020-03-07 22:23:26.961 15 RALLYDEBUG rally_openstack.cleanup.manager [-] Cleaning up neutron router objects
2020-03-07 22:23:27.198 15 RALLYDEBUG rally_openstack.cleanup.manager [-] Cleaning up neutron security_group objects
2020-03-07 22:23:27.482 15 INFO rally.task.context [-] Task db91e353-d4c3-42d8-aa84-2aeb9858fed7 | Context cleanup@openstack cleanup() finished in 11.31 sec
2020-03-07 22:23:27.482 15 INFO rally.task.context [-] Task db91e353-d4c3-42d8-aa84-2aeb9858fed7 | Context quotas@openstack cleanup() started
2020-03-07 22:23:27.529 15 INFO rally.task.context [-] Task db91e353-d4c3-42d8-aa84-2aeb9858fed7 | Context quotas@openstack cleanup() finished in 46.36 msec
2020-03-07 22:23:27.529 15 INFO rally.task.context [-] Task db91e353-d4c3-42d8-aa84-2aeb9858fed7 | Context users@openstack cleanup() started
2020-03-07 22:23:28.819 15 INFO rally.task.context [-] Task db91e353-d4c3-42d8-aa84-2aeb9858fed7 | Context users@openstack cleanup() finished in 1.29 sec
2020-03-07 22:23:28.873 15 INFO rally.task.engine [-] Load duration is: 27.312439
2020-03-07 22:23:28.873 15 INFO rally.task.engine [-] Full runner duration is: 27.36676
2020-03-07 22:23:28.874 15 INFO rally.task.engine [-] Full duration is: 42.137481
2020-03-07 22:23:28.956 15 INFO rally.task.engine [-] Running workload: position = 0 config = { "version": 2, "title": "A cropped version of a bigger task.", "description": "Auto-generated task from a single workload (uuid=bd0f57f2-5e54-49d2-b133-3e6da62a6127)", "subtasks": [ { "title": "NeutronNetworks.create_and_list_routers", "description": "Create and a given number of routers and list all routers.", "scenario": { "NeutronNetworks.create_and_list_routers": { "network_create_args": null, "subnet_create_args": null, "subnet_cidr_start": "1.1.0.0/30", "subnets_per_network": 2, "router_create_args": null } }, "contexts": { "users": { "tenants": 1, "users_per_tenant": 1 }, "quotas": { "neutron": { "network": -1, "subnet": -1, "router": -1 } } }, "runner": { "constant": { "times": 40, "concurrency": 20 } }, "hooks": [], "sla": { "failure_rate": { "max": 0 } } } ] }
2020-03-07 22:23:28.981 15 RALLYDEBUG rally_openstack.contexts.keystone.users [-] Creating 1 tenants using 20 threads
2020-03-07 22:23:29.315 15 RALLYDEBUG rally_openstack.contexts.keystone.users [-] Creating 1 users using 20 threads
2020-03-07 22:23:29.786 15 INFO rally.task.context [-] Task db91e353-d4c3-42d8-aa84-2aeb9858fed7 | Context users@openstack setup() finished in 0.81 sec
2020-03-07 22:23:30.458 15 INFO rally.task.context [-] Task db91e353-d4c3-42d8-aa84-2aeb9858fed7 | Context quotas@openstack setup() finished in 0.67 sec
2020-03-07 22:23:30.458 15 INFO rally.task.context [-] Task db91e353-d4c3-42d8-aa84-2aeb9858fed7 | Context cleanup@openstack setup() finished in 0.00 msec
2020-03-07 22:23:30.467 15 RALLYDEBUG rally.task.runner [-] Starting the constant runner (task UUID: db91e353-d4c3-42d8-aa84-2aeb9858fed7). timeout: 0 concurrency: 20 concurrency_per_worker: 1 times: 40 concurrency_overhead: 0 processes_to_start: 20 max_cpu_used: 88
2020-03-07 22:23:30.480 2671 RALLYDEBUG rally.task.runner [-] Starting a worker. concurrency: 1 args: {"network_create_args": null, "subnet_create_args": null, "subnet_cidr_start": "1.1.0.0/30", "subnets_per_network": 2, "router_create_args": null} times: 40 method_name: run timeout: 0 duration: None cls:
2020-03-07 22:23:30.483 2672 RALLYDEBUG rally.task.runner [-] Starting a worker. concurrency: 1 args: {"network_create_args": null, "subnet_create_args": null, "subnet_cidr_start": "1.1.0.0/30", "subnets_per_network": 2, "router_create_args": null} times: 40 method_name: run timeout: 0 duration: None cls:
2020-03-07 22:23:30.486 2673 RALLYDEBUG rally.task.runner [-] Starting a worker. concurrency: 1 args: {"network_create_args": null, "subnet_create_args": null, "subnet_cidr_start": "1.1.0.0/30", "subnets_per_network": 2, "router_create_args": null} times: 40 method_name: run timeout: 0 duration: None cls:
2020-03-07 22:23:30.487 2671 INFO rally.task.runner [-] Task db91e353-d4c3-42d8-aa84-2aeb9858fed7 | ITER: 1 START
2020-03-07 22:23:30.490 2672 INFO rally.task.runner [-] Task db91e353-d4c3-42d8-aa84-2aeb9858fed7 | ITER: 2 START
2020-03-07 22:23:30.493 2674 RALLYDEBUG rally.task.runner [-] Starting a worker. concurrency: 1 args: {"network_create_args": null, "subnet_create_args": null, "subnet_cidr_start": "1.1.0.0/30", "subnets_per_network": 2, "router_create_args": null} times: 40 method_name: run timeout: 0 duration: None cls:
2020-03-07 22:23:30.493 2676 RALLYDEBUG rally.task.runner [-] Starting a worker. concurrency: 1 args: {"network_create_args": null, "subnet_create_args": null, "subnet_cidr_start": "1.1.0.0/30", "subnets_per_network": 2, "router_create_args": null} times: 40 method_name: run timeout: 0 duration: None cls:
2020-03-07 22:23:30.497 2673 INFO rally.task.runner [-] Task db91e353-d4c3-42d8-aa84-2aeb9858fed7 | ITER: 3 START
2020-03-07 22:23:30.500 2676 INFO rally.task.runner [-] Task db91e353-d4c3-42d8-aa84-2aeb9858fed7 | ITER: 5 START
2020-03-07 22:23:30.499 2681 RALLYDEBUG rally.task.runner [-] Starting a worker. concurrency: 1 args: {"network_create_args": null, "subnet_create_args": null, "subnet_cidr_start": "1.1.0.0/30", "subnets_per_network": 2, "router_create_args": null} times: 40 method_name: run timeout: 0 duration: None cls:
2020-03-07 22:23:30.503 2682 RALLYDEBUG rally.task.runner [-] Starting a worker. concurrency: 1 args: {"network_create_args": null, "subnet_create_args": null, "subnet_cidr_start": "1.1.0.0/30", "subnets_per_network": 2, "router_create_args": null} times: 40 method_name: run timeout: 0 duration: None cls:
2020-03-07 22:23:30.506 2674 INFO rally.task.runner [-] Task db91e353-d4c3-42d8-aa84-2aeb9858fed7 | ITER: 4 START
2020-03-07 22:23:30.506 2681 INFO rally.task.runner [-] Task db91e353-d4c3-42d8-aa84-2aeb9858fed7 | ITER: 6 START
2020-03-07 22:23:30.506 2686 RALLYDEBUG rally.task.runner [-] Starting a worker. concurrency: 1 args: {"network_create_args": null, "subnet_create_args": null, "subnet_cidr_start": "1.1.0.0/30", "subnets_per_network": 2, "router_create_args": null} times: 40 method_name: run timeout: 0 duration: None cls:
2020-03-07 22:23:30.509 2682 INFO rally.task.runner [-] Task db91e353-d4c3-42d8-aa84-2aeb9858fed7 | ITER: 7 START
2020-03-07 22:23:30.510 2688 RALLYDEBUG rally.task.runner [-] Starting a worker. concurrency: 1 args: {"network_create_args": null, "subnet_create_args": null, "subnet_cidr_start": "1.1.0.0/30", "subnets_per_network": 2, "router_create_args": null} times: 40 method_name: run timeout: 0 duration: None cls:
2020-03-07 22:23:30.513 2692 RALLYDEBUG rally.task.runner [-] Starting a worker. concurrency: 1 args: {"network_create_args": null, "subnet_create_args": null, "subnet_cidr_start": "1.1.0.0/30", "subnets_per_network": 2, "router_create_args": null} times: 40 method_name: run timeout: 0 duration: None cls:
2020-03-07 22:23:30.515 2686 INFO rally.task.runner [-] Task db91e353-d4c3-42d8-aa84-2aeb9858fed7 | ITER: 8 START
2020-03-07 22:23:30.516 2688 INFO rally.task.runner [-] Task db91e353-d4c3-42d8-aa84-2aeb9858fed7 | ITER: 9 START
2020-03-07 22:23:30.517 2695 RALLYDEBUG rally.task.runner [-] Starting a worker. concurrency: 1 args: {"network_create_args": null, "subnet_create_args": null, "subnet_cidr_start": "1.1.0.0/30", "subnets_per_network": 2, "router_create_args": null} times: 40 method_name: run timeout: 0 duration: None cls:
2020-03-07 22:23:30.520 2692 INFO rally.task.runner [-] Task db91e353-d4c3-42d8-aa84-2aeb9858fed7 | ITER: 10 START
2020-03-07 22:23:30.520 2698 RALLYDEBUG rally.task.runner [-] Starting a worker. concurrency: 1 args: {"network_create_args": null, "subnet_create_args": null, "subnet_cidr_start": "1.1.0.0/30", "subnets_per_network": 2, "router_create_args": null} times: 40 method_name: run timeout: 0 duration: None cls:
2020-03-07 22:23:30.523 2695 INFO rally.task.runner [-] Task db91e353-d4c3-42d8-aa84-2aeb9858fed7 | ITER: 11 START
2020-03-07 22:23:30.524 2701 RALLYDEBUG rally.task.runner [-] Starting a worker. concurrency: 1 args: {"network_create_args": null, "subnet_create_args": null, "subnet_cidr_start": "1.1.0.0/30", "subnets_per_network": 2, "router_create_args": null} times: 40 method_name: run timeout: 0 duration: None cls:
2020-03-07 22:23:30.526 2698 INFO rally.task.runner [-] Task db91e353-d4c3-42d8-aa84-2aeb9858fed7 | ITER: 12 START
2020-03-07 22:23:30.526 2704 RALLYDEBUG rally.task.runner [-] Starting a worker. concurrency: 1 args: {"network_create_args": null, "subnet_create_args": null, "subnet_cidr_start": "1.1.0.0/30", "subnets_per_network": 2, "router_create_args": null} times: 40 method_name: run timeout: 0 duration: None cls:
