2020-03-16 04:58:02.187 15 RALLYDEBUG rally_openstack.cleanup.manager [-] Deleting neutron.network object s_rally_8d6e3e85_8ScOY48k (87f3a3fb-30ab-4d07-a8c3-b7e3411d60b0)
2020-03-16 04:58:02.381 15 RALLYDEBUG rally_openstack.cleanup.manager [-] Deleting neutron.network object s_rally_8d6e3e85_wnOZDIPL (8be4dc9c-fade-49b1-a605-abbf2e2463b3)
2020-03-16 04:58:02.397 15 RALLYDEBUG rally_openstack.cleanup.manager [-] Deleting neutron.network object s_rally_8d6e3e85_WdgH41mQ (8bf9a86f-c6f0-4f88-8456-d5293452fa33)
2020-03-16 04:58:02.447 15 RALLYDEBUG rally_openstack.cleanup.manager [-] Deleting neutron.network object s_rally_8d6e3e85_j1S7fsbb (9ad6a373-705c-4153-b16f-0c190fa462d4)
2020-03-16 04:58:02.454 15 RALLYDEBUG rally_openstack.cleanup.manager [-] Deleting neutron.network object s_rally_8d6e3e85_ioWZRHej (9cc7dd86-ddfb-4e7b-9b6b-be07f3889cfc)
2020-03-16 04:58:02.802 15 RALLYDEBUG rally_openstack.cleanup.manager [-] Deleting neutron.network object s_rally_8d6e3e85_MyPuL3wG (9fb7306c-38d7-4a3e-aecd-07812196b7d2)
2020-03-16 04:58:02.924 15 RALLYDEBUG rally_openstack.cleanup.manager [-] Deleting neutron.network object s_rally_8d6e3e85_cwsIQ4ze (a155e45f-e09c-4613-b19f-ef8ba43eb1d1)
2020-03-16 04:58:03.064 15 RALLYDEBUG rally_openstack.cleanup.manager [-] Deleting neutron.network object s_rally_8d6e3e85_BAWy90gB (a3143ce8-9ae8-4648-964c-73ddbd7aa64f)
2020-03-16 04:58:03.121 15 RALLYDEBUG rally_openstack.cleanup.manager [-] Deleting neutron.network object s_rally_8d6e3e85_wkjqjTA0 (a3a97e49-a2d0-4a07-904a-30cd4dc8496c)
2020-03-16 04:58:03.294 15 RALLYDEBUG rally_openstack.cleanup.manager [-] Deleting neutron.network object s_rally_8d6e3e85_DGjQC6k5 (a5232f2f-a78f-41ad-808f-0e80caf358d0)
2020-03-16 04:58:03.510 15 RALLYDEBUG rally_openstack.cleanup.manager [-] Deleting neutron.network object s_rally_8d6e3e85_Y1yP0QkR (a92f6564-bda3-405b-aaad-7c8363c057aa)
2020-03-16 04:58:03.794 15 RALLYDEBUG rally_openstack.cleanup.manager [-] Deleting neutron.network object s_rally_8d6e3e85_i4p717XT (aa38ff14-57dd-4bb1-8d36-2fe276f79fde)
2020-03-16 04:58:03.808 15 RALLYDEBUG rally_openstack.cleanup.manager [-] Deleting neutron.network object s_rally_8d6e3e85_7KS95989 (abbba76a-e71e-4f64-83d5-341b0e9e473c)
2020-03-16 04:58:03.830 15 RALLYDEBUG rally_openstack.cleanup.manager [-] Deleting neutron.network object s_rally_8d6e3e85_9EkCTUAX (ad693b66-5ff1-4ecb-b127-261b06ebab75)
2020-03-16 04:58:03.830 15 RALLYDEBUG rally_openstack.cleanup.manager [-] Deleting neutron.network object s_rally_8d6e3e85_8hTepB0f (ad5c7542-9b59-4177-a8e5-dd230781be08)
2020-03-16 04:58:03.901 15 RALLYDEBUG rally_openstack.cleanup.manager [-] Deleting neutron.network object s_rally_8d6e3e85_xID9dQts (ada8108f-1344-4c8f-b4cb-b49c59658737)
2020-03-16 04:58:03.942 15 RALLYDEBUG rally_openstack.cleanup.manager [-] Deleting neutron.network object s_rally_8d6e3e85_ZuJiqn22 (b2b85858-ffcb-4a66-9ed8-74104d62df65)
2020-03-16 04:58:03.991 15 RALLYDEBUG rally_openstack.cleanup.manager [-] Deleting neutron.network object s_rally_8d6e3e85_LgVPsouc (b3ab45b4-fe39-4649-9fc4-60d509c8ab13)
2020-03-16 04:58:04.062 15 RALLYDEBUG rally_openstack.cleanup.manager [-] Deleting neutron.network object s_rally_8d6e3e85_lkNe24Bh (b52dd87e-32bd-465f-a9a4-d5d6cb3b3f92)
2020-03-16 04:58:04.206 15 RALLYDEBUG rally_openstack.cleanup.manager [-] Deleting neutron.network object s_rally_8d6e3e85_8PtVlYIW (bcd07795-a84b-4651-a076-a6862fe96bcb)
2020-03-16 04:58:04.436 15 RALLYDEBUG rally_openstack.cleanup.manager [-] Deleting neutron.network object s_rally_8d6e3e85_gxCoxdAL (bdd050fd-bc32-44e8-915d-42853db106cc)
2020-03-16 04:58:04.467 15 RALLYDEBUG rally_openstack.cleanup.manager [-] Deleting neutron.network object s_rally_8d6e3e85_FbeBUSkI (bdde180e-4985-4fd8-959e-6de050fd1833)
2020-03-16 04:58:04.572 15 RALLYDEBUG rally_openstack.cleanup.manager [-] Deleting neutron.network object s_rally_8d6e3e85_ucltLMHv (bf090048-196e-420b-8b86-462f6eaa1d4f)
2020-03-16 04:58:04.709 15 RALLYDEBUG rally_openstack.cleanup.manager [-] Deleting neutron.network object s_rally_8d6e3e85_uRpuhAt2 (bfee3bb8-a9f3-4d06-8341-c5e289675945)
2020-03-16 04:58:04.951 15 RALLYDEBUG rally_openstack.cleanup.manager [-] Deleting neutron.network object s_rally_8d6e3e85_ONb4CIXP (c60ef775-658f-44c2-af9d-17bed6c315e6)
2020-03-16 04:58:05.016 15 RALLYDEBUG rally_openstack.cleanup.manager [-] Deleting neutron.network object s_rally_8d6e3e85_X9lGX9K8 (c68ac128-dc55-42e9-b3ad-e165133bdadf)
2020-03-16 04:58:06.572 15 RALLYDEBUG rally_openstack.cleanup.manager [-] Deleting neutron.network object s_rally_8d6e3e85_4Ai3Gwwl (c9480e9e-aa19-42c8-9bb5-c8ae97fa7b04)
2020-03-16 04:58:06.657 15 RALLYDEBUG rally_openstack.cleanup.manager [-] Deleting neutron.network object s_rally_8d6e3e85_OGYTujEE (cb39666a-2a4a-4009-ac60-5ae8bc37642d)
2020-03-16 04:58:06.690 15 RALLYDEBUG rally_openstack.cleanup.manager [-] Deleting neutron.network object s_rally_8d6e3e85_xQXQzSMS (ce4556de-10d4-4483-aa60-22df9928d2ca)
2020-03-16 04:58:07.220 15 RALLYDEBUG rally_openstack.cleanup.manager [-] Deleting neutron.network object s_rally_8d6e3e85_Nb5DlSua (db68ec12-46e5-4841-b185-c48a27863615)
2020-03-16 04:58:07.382 15 RALLYDEBUG rally_openstack.cleanup.manager [-] Deleting neutron.network object s_rally_8d6e3e85_1bBb7sip (df3b203a-9d6a-47f2-b475-d4740dfec39c)
2020-03-16 04:58:07.624 15 RALLYDEBUG rally_openstack.cleanup.manager [-] Deleting neutron.network object s_rally_8d6e3e85_LFTU3FvB (e8a132aa-1d56-4cf2-b8f7-16d135cdf401)
2020-03-16 04:58:07.638 15 RALLYDEBUG rally_openstack.cleanup.manager [-] Deleting neutron.network object s_rally_8d6e3e85_qZdylfCj (e8a68e93-b8a6-42ed-92cd-d2f35f4d1887)
2020-03-16 04:58:07.702 15 RALLYDEBUG rally_openstack.cleanup.manager [-] Deleting neutron.network object s_rally_8d6e3e85_cGWMQuhW (e8dbcec6-0393-4b39-9e2a-7d9799fefbf4)
2020-03-16 04:58:07.722 15 RALLYDEBUG rally_openstack.cleanup.manager [-] Deleting neutron.network object s_rally_8d6e3e85_fwcOyYT4 (ea47a596-dac2-4899-857a-1b6c3f3c797d)
2020-03-16 04:58:07.751 15 RALLYDEBUG rally_openstack.cleanup.manager [-] Deleting neutron.network object s_rally_8d6e3e85_1wYfOFkr (ecdead8b-55b1-4882-898b-ac96d5ae0381)
2020-03-16 04:58:07.827 15 RALLYDEBUG rally_openstack.cleanup.manager [-] Deleting neutron.network object s_rally_8d6e3e85_q4Pylh65 (ecf8ea4b-edb8-49c3-9b17-16f06dee223b)
2020-03-16 04:58:07.906 15 RALLYDEBUG rally_openstack.cleanup.manager [-] Deleting neutron.network object s_rally_8d6e3e85_0AcbFwjV (f1ffbcfb-acbb-4cf0-b899-962f42daad00)
2020-03-16 04:58:07.910 15 RALLYDEBUG rally_openstack.cleanup.manager [-] Deleting neutron.network object s_rally_8d6e3e85_dTG4fPwC (f290ed8f-a57a-49da-b688-c46a8864d6a0)
2020-03-16 04:58:07.953 15 RALLYDEBUG rally_openstack.cleanup.manager [-] Deleting neutron.network object s_rally_8d6e3e85_Bi653Eo2 (f359b653-31dd-4352-b4eb-1e77796c45a2)
2020-03-16 04:58:07.972 15 RALLYDEBUG rally_openstack.cleanup.manager [-] Deleting neutron.network object s_rally_8d6e3e85_A2FkBf7U (f39f5ee9-d885-43b0-a7db-a8565331ba2a)
2020-03-16 04:58:08.125 15 RALLYDEBUG rally_openstack.cleanup.manager [-] Deleting neutron.network object s_rally_8d6e3e85_QJu1d3r8 (f3c3d648-2aaf-47f9-995d-6daa731184ea)
2020-03-16 04:58:08.236 15 RALLYDEBUG rally_openstack.cleanup.manager [-] Deleting neutron.network object s_rally_8d6e3e85_QjcZaZii (f571355f-1d7a-4b4e-ad39-0a69ef131945)
2020-03-16 04:58:08.246 15 RALLYDEBUG rally_openstack.cleanup.manager [-] Deleting neutron.network object s_rally_8d6e3e85_Y2THgXk4 (f8dad1d1-7282-4ca9-9e03-49f8a23c8732)
2020-03-16 04:58:08.336 15 RALLYDEBUG rally_openstack.cleanup.manager [-] Deleting neutron.network object s_rally_8d6e3e85_kiSteNQi (fa53418e-7fdd-47a6-906b-8ed27467aac3)
2020-03-16 04:58:08.535 15 RALLYDEBUG rally_openstack.cleanup.manager [-] Deleting neutron.network object s_rally_8d6e3e85_o4Es5lEj (fb08880e-dbfc-49a3-af5d-2131441472cc)
2020-03-16 04:58:08.705 15 RALLYDEBUG rally_openstack.cleanup.manager [-] Deleting neutron.network object s_rally_8d6e3e85_FsWtL2y4 (fe14bc86-8c64-45c8-bf35-722d87d779b8)
2020-03-16 04:58:10.907 15 RALLYDEBUG rally_openstack.cleanup.manager [-] Cleaning up neutron router objects
2020-03-16 04:58:11.280 15 RALLYDEBUG rally_openstack.cleanup.manager [-] Cleaning up neutron security_group objects
2020-03-16 04:58:11.611 15 INFO rally.task.context [-] Task 0590fa21-b0dd-4b3c-994d-5bd89bec2dbe | Context cleanup@openstack cleanup() finished in 17.59 sec
2020-03-16 04:58:11.611 15 INFO rally.task.context [-] Task 0590fa21-b0dd-4b3c-994d-5bd89bec2dbe | Context quotas@openstack cleanup() started
2020-03-16 04:58:11.716 15 INFO rally.task.context [-] Task 0590fa21-b0dd-4b3c-994d-5bd89bec2dbe | Context quotas@openstack cleanup() finished in 0.11 sec
2020-03-16 04:58:11.717 15 INFO rally.task.context [-] Task 0590fa21-b0dd-4b3c-994d-5bd89bec2dbe | Context users@openstack cleanup() started
2020-03-16 04:58:13.663 15 INFO rally.task.context [-] Task 0590fa21-b0dd-4b3c-994d-5bd89bec2dbe | Context users@openstack cleanup() finished in 1.95 sec
2020-03-16 04:58:15.523 15 INFO rally.task.engine [-] Load duration is: 20.85437
2020-03-16 04:58:15.523 15 INFO rally.task.engine [-] Full runner duration is: 20.897173
2020-03-16 04:58:15.524 15 INFO rally.task.engine [-] Full duration is: 42.324662
2020-03-16 04:58:15.731 15 INFO rally.task.engine [-] Running workload: position = 1 config = { "version": 2, "title": "A cropped version of a bigger task.", "description": "Auto-generated task from a single workload (uuid=6b8d7cdb-0ba0-45b8-908a-280f41027504)", "subtasks": [ { "title": "NeutronNetworks.create_and_update_networks", "description": "Check network update action", "scenario": { "NeutronNetworks.create_and_update_networks": { "network_create_args": {}, "network_update_args": { "admin_state_up": false, "name": "_updated" } } }, "contexts": { "users": { "tenants": 1, "users_per_tenant": 1 }, "quotas": { "neutron": { "network": -1 } } }, "runner": { "constant": { "times": 40, "concurrency": 20 } }, "hooks": [], "sla": { "failure_rate": { "max": 0 } } } ] }
2020-03-16 04:58:15.752 15 RALLYDEBUG rally_openstack.contexts.keystone.users [-] Creating 1 tenants using 20 threads
2020-03-16 04:58:16.190 15 RALLYDEBUG rally_openstack.contexts.keystone.users [-] Creating 1 users using 20 threads
2020-03-16 04:58:18.256 15 INFO rally.task.context [-] Task 0590fa21-b0dd-4b3c-994d-5bd89bec2dbe | Context users@openstack setup() finished in 2.50 sec
2020-03-16 04:58:18.677 15 INFO rally.task.context [-] Task 0590fa21-b0dd-4b3c-994d-5bd89bec2dbe | Context quotas@openstack setup() finished in 0.42 sec
2020-03-16 04:58:18.677 15 INFO rally.task.context [-] Task 0590fa21-b0dd-4b3c-994d-5bd89bec2dbe | Context cleanup@openstack setup() finished in 0.00 msec
2020-03-16 04:58:18.687 15 RALLYDEBUG rally.task.runner [-] Starting the constant runner (task UUID: 0590fa21-b0dd-4b3c-994d-5bd89bec2dbe). timeout: 0 concurrency: 20 concurrency_per_worker: 1 times: 40 concurrency_overhead: 0 processes_to_start: 20 max_cpu_used: 88
2020-03-16 04:58:18.700 601 RALLYDEBUG rally.task.runner [-] Starting a worker. concurrency: 1 args: {"network_create_args": {}, "network_update_args": {"admin_state_up": false, "name": "_updated"}} times: 40 method_name: run timeout: 0 duration: None cls:
2020-03-16 04:58:18.703 602 RALLYDEBUG rally.task.runner [-] Starting a worker. concurrency: 1 args: {"network_create_args": {}, "network_update_args": {"admin_state_up": false, "name": "_updated"}} times: 40 method_name: run timeout: 0 duration: None cls:
2020-03-16 04:58:18.707 601 INFO rally.task.runner [-] Task 0590fa21-b0dd-4b3c-994d-5bd89bec2dbe | ITER: 1 START
2020-03-16 04:58:18.706 603 RALLYDEBUG rally.task.runner [-] Starting a worker. concurrency: 1 args: {"network_create_args": {}, "network_update_args": {"admin_state_up": false, "name": "_updated"}} times: 40 method_name: run timeout: 0 duration: None cls:
2020-03-16 04:58:18.709 602 INFO rally.task.runner [-] Task 0590fa21-b0dd-4b3c-994d-5bd89bec2dbe | ITER: 2 START
2020-03-16 04:58:18.709 604 RALLYDEBUG rally.task.runner [-] Starting a worker. concurrency: 1 args: {"network_create_args": {}, "network_update_args": {"admin_state_up": false, "name": "_updated"}} times: 40 method_name: run timeout: 0 duration: None cls:
2020-03-16 04:58:18.713 603 INFO rally.task.runner [-] Task 0590fa21-b0dd-4b3c-994d-5bd89bec2dbe | ITER: 3 START
2020-03-16 04:58:18.713 607 RALLYDEBUG rally.task.runner [-] Starting a worker. concurrency: 1 args: {"network_create_args": {}, "network_update_args": {"admin_state_up": false, "name": "_updated"}} times: 40 method_name: run timeout: 0 duration: None cls:
2020-03-16 04:58:18.715 604 INFO rally.task.runner [-] Task 0590fa21-b0dd-4b3c-994d-5bd89bec2dbe | ITER: 4 START
2020-03-16 04:58:18.716 610 RALLYDEBUG rally.task.runner [-] Starting a worker. concurrency: 1 args: {"network_create_args": {}, "network_update_args": {"admin_state_up": false, "name": "_updated"}} times: 40 method_name: run timeout: 0 duration: None cls:
2020-03-16 04:58:18.719 613 RALLYDEBUG rally.task.runner [-] Starting a worker. concurrency: 1 args: {"network_create_args": {}, "network_update_args": {"admin_state_up": false, "name": "_updated"}} times: 40 method_name: run timeout: 0 duration: None cls:
2020-03-16 04:58:18.722 610 INFO rally.task.runner [-] Task 0590fa21-b0dd-4b3c-994d-5bd89bec2dbe | ITER: 6 START
2020-03-16 04:58:18.723 616 RALLYDEBUG rally.task.runner [-] Starting a worker. concurrency: 1 args: {"network_create_args": {}, "network_update_args": {"admin_state_up": false, "name": "_updated"}} times: 40 method_name: run timeout: 0 duration: None cls:
2020-03-16 04:58:18.725 613 INFO rally.task.runner [-] Task 0590fa21-b0dd-4b3c-994d-5bd89bec2dbe | ITER: 7 START
2020-03-16 04:58:18.725 618 RALLYDEBUG rally.task.runner [-] Starting a worker. concurrency: 1 args: {"network_create_args": {}, "network_update_args": {"admin_state_up": false, "name": "_updated"}} times: 40 method_name: run timeout: 0 duration: None cls:
2020-03-16 04:58:18.728 607 INFO rally.task.runner [-] Task 0590fa21-b0dd-4b3c-994d-5bd89bec2dbe | ITER: 5 START
2020-03-16 04:58:18.728 616 INFO rally.task.runner [-] Task 0590fa21-b0dd-4b3c-994d-5bd89bec2dbe | ITER: 8 START
2020-03-16 04:58:18.729 621 RALLYDEBUG rally.task.runner [-] Starting a worker. concurrency: 1 args: {"network_create_args": {}, "network_update_args": {"admin_state_up": false, "name": "_updated"}} times: 40 method_name: run timeout: 0 duration: None cls:
2020-03-16 04:58:18.731 618 INFO rally.task.runner [-] Task 0590fa21-b0dd-4b3c-994d-5bd89bec2dbe | ITER: 9 START
2020-03-16 04:58:18.732 624 RALLYDEBUG rally.task.runner [-] Starting a worker. concurrency: 1 args: {"network_create_args": {}, "network_update_args": {"admin_state_up": false, "name": "_updated"}} times: 40 method_name: run timeout: 0 duration: None cls:
2020-03-16 04:58:18.738 624 INFO rally.task.runner [-] Task 0590fa21-b0dd-4b3c-994d-5bd89bec2dbe | ITER: 11 START
2020-03-16 04:58:18.738 628 RALLYDEBUG rally.task.runner [-] Starting a worker. concurrency: 1 args: {"network_create_args": {}, "network_update_args": {"admin_state_up": false, "name": "_updated"}} times: 40 method_name: run timeout: 0 duration: None cls:
2020-03-16 04:58:18.739 631 RALLYDEBUG rally.task.runner [-] Starting a worker. concurrency: 1 args: {"network_create_args": {}, "network_update_args": {"admin_state_up": false, "name": "_updated"}} times: 40 method_name: run timeout: 0 duration: None cls:
2020-03-16 04:58:18.742 633 RALLYDEBUG rally.task.runner [-] Starting a worker. concurrency: 1 args: {"network_create_args": {}, "network_update_args": {"admin_state_up": false, "name": "_updated"}} times: 40 method_name: run timeout: 0 duration: None cls:
2020-03-16 04:58:18.744 621 INFO rally.task.runner [-] Task 0590fa21-b0dd-4b3c-994d-5bd89bec2dbe | ITER: 10 START
2020-03-16 04:58:18.744 628 INFO rally.task.runner [-] Task 0590fa21-b0dd-4b3c-994d-5bd89bec2dbe | ITER: 12 START
2020-03-16 04:58:18.745 631 INFO rally.task.runner [-] Task 0590fa21-b0dd-4b3c-994d-5bd89bec2dbe | ITER: 13 START
2020-03-16 04:58:18.745 636 RALLYDEBUG rally.task.runner [-] Starting a worker. concurrency: 1 args: {"network_create_args": {}, "network_update_args": {"admin_state_up": false, "name": "_updated"}} times: 40 method_name: run timeout: 0 duration: None cls:
2020-03-16 04:58:18.748 633 INFO rally.task.runner [-] Task 0590fa21-b0dd-4b3c-994d-5bd89bec2dbe | ITER: 14 START
2020-03-16 04:58:18.750 637 RALLYDEBUG rally.task.runner [-] Starting a worker. concurrency: 1 args: {"network_create_args": {}, "network_update_args": {"admin_state_up": false, "name": "_updated"}} times: 40 method_name: run timeout: 0 duration: None cls:
2020-03-16 04:58:18.750 643 RALLYDEBUG rally.task.runner [-] Starting a worker. concurrency: 1 args: {"network_create_args": {}, "network_update_args": {"admin_state_up": false, "name": "_updated"}} times: 40 method_name: run timeout: 0 duration: None cls:
2020-03-16 04:58:18.753 646 RALLYDEBUG rally.task.runner [-] Starting a worker. concurrency: 1 args: {"network_create_args": {}, "network_update_args": {"admin_state_up": false, "name": "_updated"}} times: 40 method_name: run timeout: 0 duration: None cls:
2020-03-16 04:58:18.755 636 INFO rally.task.runner [-] Task 0590fa21-b0dd-4b3c-994d-5bd89bec2dbe | ITER: 15 START
2020-03-16 04:58:18.755 643 INFO rally.task.runner [-] Task 0590fa21-b0dd-4b3c-994d-5bd89bec2dbe | ITER: 16 START
2020-03-16 04:58:18.757 637 INFO rally.task.runner [-] Task 0590fa21-b0dd-4b3c-994d-5bd89bec2dbe | ITER: 17 START
2020-03-16 04:58:18.757 648 RALLYDEBUG rally.task.runner [-] Starting a worker. concurrency: 1 args: {"network_create_args": {}, "network_update_args": {"admin_state_up": false, "name": "_updated"}} times: 40 method_name: run timeout: 0 duration: None cls:
2020-03-16 04:58:18.759 646 INFO rally.task.runner [-] Task 0590fa21-b0dd-4b3c-994d-5bd89bec2dbe | ITER: 18 START
2020-03-16 04:58:18.759 649 RALLYDEBUG rally.task.runner [-] Starting a worker. concurrency: 1 args: {"network_create_args": {}, "network_update_args": {"admin_state_up": false, "name": "_updated"}} times: 40 method_name: run timeout: 0 duration: None cls:
2020-03-16 04:58:18.763 648 INFO rally.task.runner [-] Task 0590fa21-b0dd-4b3c-994d-5bd89bec2dbe | ITER: 19 START
2020-03-16 04:58:18.766 649 INFO rally.task.runner [-] Task 0590fa21-b0dd-4b3c-994d-5bd89bec2dbe | ITER: 20 START
2020-03-16 04:58:23.956 603 INFO rally.task.runner [-] Task 0590fa21-b0dd-4b3c-994d-5bd89bec2dbe | ITER: 3 END: OK
2020-03-16 04:58:23.961 603 INFO rally.task.runner [-] Task 0590fa21-b0dd-4b3c-994d-5bd89bec2dbe | ITER: 21 START
2020-03-16 04:58:24.031 646 INFO rally.task.runner [-] Task 0590fa21-b0dd-4b3c-994d-5bd89bec2dbe | ITER: 18 END: OK
2020-03-16 04:58:24.036 646 INFO rally.task.runner [-] Task 0590fa21-b0dd-4b3c-994d-5bd89bec2dbe | ITER: 22 START
2020-03-16 04:58:24.271 624 INFO rally.task.runner [-] Task 0590fa21-b0dd-4b3c-994d-5bd89bec2dbe | ITER: 11 END: OK
2020-03-16 04:58:24.277 624 INFO rally.task.runner [-] Task 0590fa21-b0dd-4b3c-994d-5bd89bec2dbe | ITER: 23 START
2020-03-16 04:58:24.384 643 INFO rally.task.runner [-] Task 0590fa21-b0dd-4b3c-994d-5bd89bec2dbe | ITER: 16 END: OK
2020-03-16 04:58:24.389 643 INFO rally.task.runner [-] Task 0590fa21-b0dd-4b3c-994d-5bd89bec2dbe | ITER: 24 START
2020-03-16 04:58:24.566 628 INFO rally.task.runner [-] Task 0590fa21-b0dd-4b3c-994d-5bd89bec2dbe | ITER: 12 END: OK
2020-03-16 04:58:24.570 628 INFO rally.task.runner [-] Task 0590fa21-b0dd-4b3c-994d-5bd89bec2dbe | ITER: 25 START
2020-03-16 04:58:24.739 607 INFO rally.task.runner [-] Task 0590fa21-b0dd-4b3c-994d-5bd89bec2dbe | ITER: 5 END: OK
2020-03-16 04:58:24.744 607 INFO rally.task.runner [-] Task 0590fa21-b0dd-4b3c-994d-5bd89bec2dbe | ITER: 26 START
2020-03-16 04:58:24.823 604 INFO rally.task.runner [-] Task 0590fa21-b0dd-4b3c-994d-5bd89bec2dbe | ITER: 4 END: OK
2020-03-16 04:58:24.829 604 INFO rally.task.runner [-] Task 0590fa21-b0dd-4b3c-994d-5bd89bec2dbe | ITER: 27 START
2020-03-16 04:58:24.844 610 INFO rally.task.runner [-] Task 0590fa21-b0dd-4b3c-994d-5bd89bec2dbe | ITER: 6 END: OK
2020-03-16 04:58:24.848 610 INFO rally.task.runner [-] Task 0590fa21-b0dd-4b3c-994d-5bd89bec2dbe | ITER: 28 START
2020-03-16 04:58:24.852 618 INFO rally.task.runner [-] Task 0590fa21-b0dd-4b3c-994d-5bd89bec2dbe | ITER: 9 END: OK
2020-03-16 04:58:24.858 618 INFO rally.task.runner [-] Task 0590fa21-b0dd-4b3c-994d-5bd89bec2dbe | ITER: 29 START
2020-03-16 04:58:24.979 621 INFO rally.task.runner [-] Task 0590fa21-b0dd-4b3c-994d-5bd89bec2dbe | ITER: 10 END: OK
2020-03-16 04:58:24.983 621 INFO rally.task.runner [-] Task 0590fa21-b0dd-4b3c-994d-5bd89bec2dbe | ITER: 30 START
2020-03-16 04:58:25.029 636 INFO rally.task.runner [-] Task 0590fa21-b0dd-4b3c-994d-5bd89bec2dbe | ITER: 15 END: OK
2020-03-16 04:58:25.034 636 INFO rally.task.runner [-] Task 0590fa21-b0dd-4b3c-994d-5bd89bec2dbe | ITER: 31 START
2020-03-16 04:58:25.304 616 INFO rally.task.runner [-] Task 0590fa21-b0dd-4b3c-994d-5bd89bec2dbe | ITER: 8 END: OK
2020-03-16 04:58:25.308 616 INFO rally.task.runner [-] Task 0590fa21-b0dd-4b3c-994d-5bd89bec2dbe | ITER: 32 START
2020-03-16 04:58:25.662 637 INFO rally.task.runner [-] Task 0590fa21-b0dd-4b3c-994d-5bd89bec2dbe | ITER: 17 END: OK
2020-03-16 04:58:25.667 637 INFO rally.task.runner [-] Task 0590fa21-b0dd-4b3c-994d-5bd89bec2dbe | ITER: 33 START
2020-03-16 04:58:26.188 633 INFO rally.task.runner [-] Task 0590fa21-b0dd-4b3c-994d-5bd89bec2dbe | ITER: 14 END: OK
2020-03-16 04:58:26.193 633 INFO rally.task.runner [-] Task 0590fa21-b0dd-4b3c-994d-5bd89bec2dbe | ITER: 34 START
2020-03-16 04:58:26.520 648 INFO rally.task.runner [-] Task 0590fa21-b0dd-4b3c-994d-5bd89bec2dbe | ITER: 19 END: OK
2020-03-16 04:58:26.525 648 INFO rally.task.runner [-] Task 0590fa21-b0dd-4b3c-994d-5bd89bec2dbe | ITER: 35 START
2020-03-16 04:58:26.816 602 INFO rally.task.runner [-] Task 0590fa21-b0dd-4b3c-994d-5bd89bec2dbe | ITER: 2 END: OK
2020-03-16 04:58:26.820 602 INFO rally.task.runner [-] Task 0590fa21-b0dd-4b3c-994d-5bd89bec2dbe | ITER: 36 START
2020-03-16 04:58:27.030 649 INFO rally.task.runner [-] Task 0590fa21-b0dd-4b3c-994d-5bd89bec2dbe | ITER: 20 END: OK
2020-03-16 04:58:27.035 649 INFO rally.task.runner [-] Task 0590fa21-b0dd-4b3c-994d-5bd89bec2dbe | ITER: 37 START
2020-03-16 04:58:27.120 601 INFO rally.task.runner [-] Task 0590fa21-b0dd-4b3c-994d-5bd89bec2dbe | ITER: 1 END: OK
2020-03-16 04:58:27.124 601 INFO rally.task.runner [-] Task 0590fa21-b0dd-4b3c-994d-5bd89bec2dbe | ITER: 38 START
2020-03-16 04:58:27.170 613 INFO rally.task.runner [-] Task 0590fa21-b0dd-4b3c-994d-5bd89bec2dbe | ITER: 7 END: OK
2020-03-16 04:58:27.175 613 INFO rally.task.runner [-] Task 0590fa21-b0dd-4b3c-994d-5bd89bec2dbe | ITER: 39 START
2020-03-16 04:58:27.182 631 INFO rally.task.runner [-] Task 0590fa21-b0dd-4b3c-994d-5bd89bec2dbe | ITER: 13 END: OK
2020-03-16 04:58:27.186 631 INFO rally.task.runner [-] Task 0590fa21-b0dd-4b3c-994d-5bd89bec2dbe | ITER: 40 START
2020-03-16 04:58:29.438 646 INFO rally.task.runner [-] Task 0590fa21-b0dd-4b3c-994d-5bd89bec2dbe | ITER: 22 END: OK
2020-03-16 04:58:29.601 607 INFO rally.task.runner [-] Task 0590fa21-b0dd-4b3c-994d-5bd89bec2dbe | ITER: 26 END: OK
2020-03-16 04:58:29.662 603 INFO rally.task.runner [-] Task 0590fa21-b0dd-4b3c-994d-5bd89bec2dbe | ITER: 21 END: OK
2020-03-16 04:58:29.820 618 INFO rally.task.runner [-] Task 0590fa21-b0dd-4b3c-994d-5bd89bec2dbe | ITER: 29 END: OK
2020-03-16 04:58:29.941 616 INFO rally.task.runner [-] Task 0590fa21-b0dd-4b3c-994d-5bd89bec2dbe | ITER: 32 END: OK
2020-03-16 04:58:30.081 610 INFO rally.task.runner [-] Task 0590fa21-b0dd-4b3c-994d-5bd89bec2dbe | ITER: 28 END: OK
2020-03-16 04:58:30.190 637 INFO rally.task.runner [-] Task 0590fa21-b0dd-4b3c-994d-5bd89bec2dbe | ITER: 33 END: OK
2020-03-16 04:58:30.275 628 INFO rally.task.runner [-] Task 0590fa21-b0dd-4b3c-994d-5bd89bec2dbe | ITER: 25 END: OK
2020-03-16 04:58:30.289 604 INFO rally.task.runner [-] Task 0590fa21-b0dd-4b3c-994d-5bd89bec2dbe | ITER: 27 END: OK
2020-03-16 04:58:30.313 636 INFO rally.task.runner [-] Task 0590fa21-b0dd-4b3c-994d-5bd89bec2dbe | ITER: 31 END: OK
2020-03-16 04:58:30.337 648 INFO rally.task.runner [-] Task 0590fa21-b0dd-4b3c-994d-5bd89bec2dbe | ITER: 35 END: OK
2020-03-16 04:58:30.359 621 INFO rally.task.runner [-] Task 0590fa21-b0dd-4b3c-994d-5bd89bec2dbe | ITER: 30 END: OK
2020-03-16 04:58:30.408 643 INFO rally.task.runner [-] Task 0590fa21-b0dd-4b3c-994d-5bd89bec2dbe | ITER: 24 END: OK
2020-03-16 04:58:30.466 624 INFO rally.task.runner [-] Task 0590fa21-b0dd-4b3c-994d-5bd89bec2dbe | ITER: 23 END: OK
2020-03-16 04:58:30.562 633 INFO rally.task.runner [-] Task 0590fa21-b0dd-4b3c-994d-5bd89bec2dbe | ITER: 34 END: OK
2020-03-16 04:58:30.755 602 INFO rally.task.runner [-] Task 0590fa21-b0dd-4b3c-994d-5bd89bec2dbe | ITER: 36 END: OK
2020-03-16 04:58:30.947 649 INFO rally.task.runner [-] Task 0590fa21-b0dd-4b3c-994d-5bd89bec2dbe | ITER: 37 END: OK
2020-03-16 04:58:31.101 601 INFO rally.task.runner [-] Task 0590fa21-b0dd-4b3c-994d-5bd89bec2dbe | ITER: 38 END: OK
2020-03-16 04:58:31.165 613 INFO rally.task.runner [-] Task 0590fa21-b0dd-4b3c-994d-5bd89bec2dbe | ITER: 39 END: OK
2020-03-16 04:58:31.256 631 INFO rally.task.runner [-] Task 0590fa21-b0dd-4b3c-994d-5bd89bec2dbe | ITER: 40 END: OK
2020-03-16 04:58:31.278 15 INFO rally.task.context [-] Task 0590fa21-b0dd-4b3c-994d-5bd89bec2dbe | Context cleanup@openstack cleanup() started
2020-03-16 04:58:31.281 15 RALLYDEBUG rally_openstack.cleanup.manager [-] Cleaning up neutron vip objects
2020-03-16 04:58:31.458 15 RALLYDEBUG rally_openstack.cleanup.manager [-] Cleaning up neutron health_monitor objects
2020-03-16 04:58:31.627 15 RALLYDEBUG rally_openstack.cleanup.manager [-] Cleaning up neutron pool objects
2020-03-16 04:58:31.833 15 RALLYDEBUG rally_openstack.cleanup.manager [-] Cleaning up neutron loadbalancer objects
2020-03-16 04:58:32.014 15 RALLYDEBUG rally_openstack.cleanup.manager [-] Cleaning up neutron floatingip objects
2020-03-16 04:58:32.198 15 RALLYDEBUG rally_openstack.cleanup.manager [-] Cleaning up neutron trunk objects
2020-03-16 04:58:32.413 15 DEBUG neutronclient.v2_0.client [-] Error message: {"NeutronError": {"message": "Invalid input for operation: 'tenant_id' is not supported for filtering.", "type": "InvalidInput", "detail": ""}} _handle_fault_response /usr/lib/python2.7/site-packages/neutronclient/v2_0/client.py:259
2020-03-16 04:58:32.436 15 DEBUG neutronclient.v2_0.client [-] Error message: {"NeutronError": {"message": "Invalid input for operation: 'tenant_id' is not supported for filtering.", "type": "InvalidInput", "detail": ""}} _handle_fault_response /usr/lib/python2.7/site-packages/neutronclient/v2_0/client.py:259
2020-03-16 04:58:32.475 15 DEBUG neutronclient.v2_0.client [-] Error message: {"NeutronError": {"message": "Invalid input for operation: 'tenant_id' is not supported for filtering.", "type": "InvalidInput", "detail": ""}} _handle_fault_response /usr/lib/python2.7/site-packages/neutronclient/v2_0/client.py:259
2020-03-16 04:58:32.476 15 ERROR rally_openstack.cleanup.manager [-] Seems like rally_openstack.cleanup.resources.NeutronTrunk.list(self) method is broken. It shouldn't raise any exceptions.: BadRequest: Invalid input for operation: 'tenant_id' is not supported for filtering. Neutron server returns request_ids: ['req-e2a50f28-6043-45f7-ab70-9d9d8c56138c']
2020-03-16 04:58:32.476 15 ERROR rally_openstack.cleanup.manager
Traceback (most recent call last):
2020-03-16 04:58:32.476 15 ERROR rally_openstack.cleanup.manager
File "/usr/lib/python2.7/site-packages/rally_openstack/cleanup/manager.py", line 133, in _publish
2020-03-16 04:58:32.476 15 ERROR rally_openstack.cleanup.manager for raw_resource in rutils.retry(3, manager.list):
2020-03-16 04:58:32.476 15 ERROR rally_openstack.cleanup.manager
File "/usr/lib/python2.7/site-packages/rally/common/utils.py", line 230, in retry
2020-03-16 04:58:32.476 15 ERROR rally_openstack.cleanup.manager return func(*args, **kwargs)
2020-03-16 04:58:32.476 15 ERROR rally_openstack.cleanup.manager
File "/usr/lib/python2.7/site-packages/rally_openstack/cleanup/resources.py", line 396, in list
2020-03-16 04:58:32.476 15 ERROR rally_openstack.cleanup.manager return super(NeutronTrunk, self).list()
2020-03-16 04:58:32.476 15 ERROR rally_openstack.cleanup.manager
File "/usr/lib/python2.7/site-packages/rally_openstack/cleanup/resources.py", line 273, in list
2020-03-16 04:58:32.476 15 ERROR rally_openstack.cleanup.manager result = list_method(tenant_id=self.tenant_uuid)[resources]
2020-03-16 04:58:32.476 15 ERROR rally_openstack.cleanup.manager
File "/usr/lib/python2.7/site-packages/neutronclient/v2_0/client.py", line 2105, in list_trunks
2020-03-16 04:58:32.476 15 ERROR rally_openstack.cleanup.manager **_params)
2020-03-16 04:58:32.476 15 ERROR rally_openstack.cleanup.manager
File "/usr/lib/python2.7/site-packages/neutronclient/v2_0/client.py", line 369, in list
2020-03-16 04:58:32.476 15 ERROR rally_openstack.cleanup.manager for r in self._pagination(collection, path, **params):
2020-03-16 04:58:32.476 15 ERROR rally_openstack.cleanup.manager
File "/usr/lib/python2.7/site-packages/neutronclient/v2_0/client.py", line 384, in _pagination
2020-03-16 04:58:32.476 15 ERROR rally_openstack.cleanup.manager res = self.get(path, params=params)
2020-03-16 04:58:32.476 15 ERROR rally_openstack.cleanup.manager
File "/usr/lib/python2.7/site-packages/neutronclient/v2_0/client.py", line 354, in get
2020-03-16 04:58:32.476 15 ERROR rally_openstack.cleanup.manager headers=headers, params=params)
2020-03-16 04:58:32.476 15 ERROR rally_openstack.cleanup.manager
File "/usr/lib/python2.7/site-packages/neutronclient/v2_0/client.py", line 331, in retry_request
2020-03-16 04:58:32.476 15 ERROR rally_openstack.cleanup.manager headers=headers, params=params)
2020-03-16 04:58:32.476 15 ERROR rally_openstack.cleanup.manager
File "/usr/lib/python2.7/site-packages/neutronclient/v2_0/client.py", line 294, in do_request
2020-03-16 04:58:32.476 15 ERROR rally_openstack.cleanup.manager self._handle_fault_response(status_code, replybody, resp)
2020-03-16 04:58:32.476 15 ERROR rally_openstack.cleanup.manager
File "/usr/lib/python2.7/site-packages/neutronclient/v2_0/client.py", line 269, in _handle_fault_response
2020-03-16 04:58:32.476 15 ERROR rally_openstack.cleanup.manager exception_handler_v20(status_code, error_body)
2020-03-16 04:58:32.476 15 ERROR rally_openstack.cleanup.manager
File "/usr/lib/python2.7/site-packages/neutronclient/v2_0/client.py", line 93, in exception_handler_v20
2020-03-16 04:58:32.476 15 ERROR rally_openstack.cleanup.manager request_ids=request_ids)
2020-03-16 04:58:32.476 15 ERROR rally_openstack.cleanup.manager BadRequest: Invalid input for operation: 'tenant_id' is not supported for filtering.
2020-03-16 04:58:32.476 15 ERROR rally_openstack.cleanup.manager Neutron server returns request_ids: ['req-e2a50f28-6043-45f7-ab70-9d9d8c56138c']
2020-03-16 04:58:32.476 15 ERROR rally_openstack.cleanup.manager
2020-03-16 04:58:32.487 15 RALLYDEBUG rally_openstack.cleanup.manager [-] Cleaning up neutron port objects
2020-03-16 04:58:32.713 15 RALLYDEBUG rally_openstack.cleanup.manager [-] Cleaning up neutron subnet objects
2020-03-16 04:58:32.950 15 RALLYDEBUG rally_openstack.cleanup.manager [-] Cleaning up neutron network objects
2020-03-16 04:58:33.411 15 RALLYDEBUG rally_openstack.cleanup.manager [-] Deleting neutron.network object s_rally_6b8d7cdb_RZFgu9wN (2756e819-1080-4c48-a3ba-543097658c0d)
2020-03-16 04:58:33.412 15 RALLYDEBUG rally_openstack.cleanup.manager [-] Deleting neutron.network object s_rally_6b8d7cdb_wTqHcD8K (2a306a3b-56e3-45eb-88e4-a132b34a8b59)
2020-03-16 04:58:33.412 15 RALLYDEBUG rally_openstack.cleanup.manager [-] Deleting neutron.network object s_rally_6b8d7cdb_A4oAHRFs (2b90076b-c52a-471c-822a-524d7e15ffe0)
2020-03-16 04:58:33.410 15 RALLYDEBUG rally_openstack.cleanup.manager [-] Deleting neutron.network object s_rally_6b8d7cdb_MBL6rqjU (11783a63-cf44-452f-b1ab-9609a85285c5)
2020-03-16 04:58:33.413 15 RALLYDEBUG rally_openstack.cleanup.manager [-] Deleting neutron.network object s_rally_6b8d7cdb_FWAKAdeN (0625708d-662b-4bfe-b8c6-f1296ef2e1b8)
2020-03-16 04:58:33.413 15 RALLYDEBUG rally_openstack.cleanup.manager [-] Deleting neutron.network object s_rally_6b8d7cdb_h82ScQly (27115199-8352-4f9f-9260-5e374eb339f7)
2020-03-16 04:58:33.458 15 RALLYDEBUG rally_openstack.cleanup.manager [-] Deleting neutron.network object s_rally_6b8d7cdb_PJCUSfVj (38173e9d-782d-4d2c-8d48-f1e074871cbe)
2020-03-16 04:58:33.460 15 RALLYDEBUG rally_openstack.cleanup.manager [-] Deleting neutron.network object s_rally_6b8d7cdb_QzT7BrBj (31691bf1-c0db-403d-9d4d-f646386e611b)
2020-03-16 04:58:33.469 15 RALLYDEBUG rally_openstack.cleanup.manager [-] Deleting neutron.network object s_rally_6b8d7cdb_lthhDPlS (3175ba7b-3aa3-478f-b774-3ce0dc0129cb)
2020-03-16 04:58:33.488 15 RALLYDEBUG rally_openstack.cleanup.manager [-] Deleting neutron.network object s_rally_6b8d7cdb_1QeCifYU (46128f69-7128-44f5-9f2e-1142c838d156)
2020-03-16 04:58:33.503 15 RALLYDEBUG rally_openstack.cleanup.manager [-] Deleting neutron.network object s_rally_6b8d7cdb_LGPmUMYp (4cf73b18-5c76-44ea-b41a-c45ec03c02ae)
2020-03-16 04:58:33.526 15 RALLYDEBUG rally_openstack.cleanup.manager [-] Deleting neutron.network object s_rally_6b8d7cdb_oShMT8Fb (3fda45e4-fabf-4242-9212-871239300a37)
2020-03-16 04:58:33.546 15 RALLYDEBUG rally_openstack.cleanup.manager [-] Deleting neutron.network object s_rally_6b8d7cdb_0ImkSDPp (4e87e3dd-8d92-4f67-87a3-bef78593def4)
2020-03-16 04:58:33.551 15 RALLYDEBUG rally_openstack.cleanup.manager [-] Deleting neutron.network object s_rally_6b8d7cdb_PX5MW97Y (4bd2be10-a33c-4616-964f-dc1f6502b5f3)
2020-03-16 04:58:33.563 15 RALLYDEBUG rally_openstack.cleanup.manager [-] Deleting neutron.network object s_rally_6b8d7cdb_oA33bGMH (4ab69de3-2056-415f-959d-a0460199d9cb)
2020-03-16 04:58:33.573 15 RALLYDEBUG rally_openstack.cleanup.manager [-] Deleting neutron.network object s_rally_6b8d7cdb_eJO2AooD (7355781c-8150-4867-876a-2b4d3450dd43)
2020-03-16 04:58:33.586 15 RALLYDEBUG rally_openstack.cleanup.manager [-] Deleting neutron.network object s_rally_6b8d7cdb_l58PZNma (59af248c-d29b-46ee-9111-351cab9107c8)
2020-03-16 04:58:33.588 15 RALLYDEBUG rally_openstack.cleanup.manager [-] Deleting neutron.network object s_rally_6b8d7cdb_hSI14DbT (573b87b0-83b7-427a-808b-384aa14d4e58)
2020-03-16 04:58:33.591 15 RALLYDEBUG rally_openstack.cleanup.manager [-] Deleting neutron.network object s_rally_6b8d7cdb_1bWGZxQN (7e01ec91-9b8f-4faa-9eb5-1baf177ac220)
2020-03-16 04:58:33.619 15 RALLYDEBUG rally_openstack.cleanup.manager [-] Deleting neutron.network object s_rally_6b8d7cdb_9qz6Or1q (51d95efa-788d-43ab-a0e5-17a76983c6bd)
2020-03-16 04:58:35.688 15 RALLYDEBUG rally_openstack.cleanup.manager [-] Deleting neutron.network object s_rally_6b8d7cdb_NF89LCtp (8a2b4471-91f5-46bd-80f0-18ed36870509)
2020-03-16 04:58:35.945 15 RALLYDEBUG rally_openstack.cleanup.manager [-] Deleting neutron.network object s_rally_6b8d7cdb_2gpZCKPR (8edebf9f-56ba-4a02-a0de-848b7774036a)
2020-03-16 04:58:36.026 15 RALLYDEBUG rally_openstack.cleanup.manager [-] Deleting neutron.network object s_rally_6b8d7cdb_osodjJG1 (946ee4d1-32b6-4ca5-9a98-6451551d40d2)
2020-03-16 04:58:36.032 15 RALLYDEBUG rally_openstack.cleanup.manager [-] Deleting neutron.network object s_rally_6b8d7cdb_o5LyaVOF (a12cb086-5091-426e-a5c8-cf63f8225942)
2020-03-16 04:58:36.153 15 RALLYDEBUG rally_openstack.cleanup.manager [-] Deleting neutron.network object s_rally_6b8d7cdb_2KD0wgtw (a94f5c83-79b0-4666-93d4-862700017355)
2020-03-16 04:58:36.173 15 RALLYDEBUG rally_openstack.cleanup.manager [-] Deleting neutron.network object s_rally_6b8d7cdb_KZmnAYni (ae62474a-2c7e-48f3-8913-fa9bf569703d)
2020-03-16 04:58:36.186 15 RALLYDEBUG rally_openstack.cleanup.manager [-] Deleting neutron.network object s_rally_6b8d7cdb_ZRDujaWV (b5dbb8f2-a62c-4772-9f13-5da0d2ac3c11)
2020-03-16 04:58:36.231 15 RALLYDEBUG rally_openstack.cleanup.manager [-] Deleting neutron.network object s_rally_6b8d7cdb_f7Li3OrJ (b8229eb7-310c-4cbc-9b87-cb295b1c6b43)
2020-03-16 04:58:36.263 15 RALLYDEBUG rally_openstack.cleanup.manager [-] Deleting neutron.network object s_rally_6b8d7cdb_IIq9AHFM (babd0012-b7b4-4e6a-a50c-3912d7e622b8)
2020-03-16 04:58:36.444 15 RALLYDEBUG rally_openstack.cleanup.manager [-] Deleting neutron.network object s_rally_6b8d7cdb_frKOr9jQ (c5d6ac06-a492-40fc-9db3-001e19b34ec4)
2020-03-16 04:58:36.453 15 RALLYDEBUG rally_openstack.cleanup.manager [-] Deleting neutron.network object s_rally_6b8d7cdb_5KFwnjJM (c64e694c-4d77-4e4d-af7b-f73aa45029ed)
2020-03-16 04:58:36.542 15 RALLYDEBUG rally_openstack.cleanup.manager [-] Deleting neutron.network object s_rally_6b8d7cdb_3Ye92ure (c91ec7a0-b5cf-4f8a-a640-a10d3e3a6559)
2020-03-16 04:58:36.567 15 RALLYDEBUG rally_openstack.cleanup.manager [-] Deleting neutron.network object s_rally_6b8d7cdb_EGeNr2Ma (cb1b0767-75dd-4048-a3aa-4bb64e341bfa)
2020-03-16 04:58:36.573 15 RALLYDEBUG rally_openstack.cleanup.manager [-] Deleting neutron.network object s_rally_6b8d7cdb_QHSnjhtX (d39c6170-7a94-4dbc-92c0-78cce61469e4)
2020-03-16 04:58:36.754 15 RALLYDEBUG rally_openstack.cleanup.manager [-] Deleting neutron.network object s_rally_6b8d7cdb_MriyHFzI (d7edcf54-62f7-4bf2-9b45-dea8a2002b11)
2020-03-16 04:58:36.759 15 RALLYDEBUG rally_openstack.cleanup.manager [-] Deleting neutron.network object s_rally_6b8d7cdb_0OJPbwXP (e21cc06e-81e9-4cae-8e50-7ae155e43a46)
2020-03-16 04:58:36.791 15 RALLYDEBUG rally_openstack.cleanup.manager [-] Deleting neutron.network object s_rally_6b8d7cdb_rEZcCRf5 (e6e0618f-e94a-4210-b98b-57e391533ed2)
2020-03-16 04:58:36.849 15 RALLYDEBUG rally_openstack.cleanup.manager [-] Deleting neutron.network object s_rally_6b8d7cdb_K88nMYDu (e7925d48-fb4e-4405-a93c-a033457cbce8)
2020-03-16 04:58:37.502 15 RALLYDEBUG rally_openstack.cleanup.manager [-] Deleting neutron.network object s_rally_6b8d7cdb_fzz5AcDC (ef45fb1a-fdc5-401f-b894-d9e8d5e74236)
2020-03-16 04:58:37.554 15 RALLYDEBUG rally_openstack.cleanup.manager [-] Deleting neutron.network object s_rally_6b8d7cdb_U5Epp5ps (ff6e2b83-0dc5-46ba-a8de-d5e3f4993607)
2020-03-16 04:58:40.340 15 RALLYDEBUG rally_openstack.cleanup.manager [-] Cleaning up neutron router objects
2020-03-16 04:58:40.718 15 RALLYDEBUG rally_openstack.cleanup.manager [-] Cleaning up neutron security_group objects
2020-03-16 04:58:41.043 15 INFO rally.task.context [-] Task 0590fa21-b0dd-4b3c-994d-5bd89bec2dbe | Context cleanup@openstack cleanup() finished in 9.77 sec
2020-03-16 04:58:41.043 15 INFO rally.task.context [-] Task 0590fa21-b0dd-4b3c-994d-5bd89bec2dbe | Context quotas@openstack cleanup() started
2020-03-16 04:58:41.104 15 INFO rally.task.context [-] Task 0590fa21-b0dd-4b3c-994d-5bd89bec2dbe | Context quotas@openstack cleanup() finished in 60.93 msec
2020-03-16 04:58:41.105 15 INFO rally.task.context [-] Task 0590fa21-b0dd-4b3c-994d-5bd89bec2dbe | Context users@openstack cleanup() started
2020-03-16 04:58:42.893 15 INFO rally.task.context [-] Task 0590fa21-b0dd-4b3c-994d-5bd89bec2dbe | Context users@openstack cleanup() finished in 1.79 sec
2020-03-16 04:58:43.914 15 INFO rally.task.engine [-] Load duration is: 12.548587
2020-03-16 04:58:43.915 15 INFO rally.task.engine [-] Full runner duration is: 12.591197
2020-03-16 04:58:43.915 15 INFO rally.task.engine [-] Full duration is: 27.143442
2020-03-16 04:58:43.977 15 INFO rally.task.engine [-] Running workload: position = 2 config = { "version": 2, "title": "A cropped version of a bigger task.", "description": "Auto-generated task from a single workload (uuid=4370f980-ecb3-4f7f-bb99-88aad44a86c9)", "subtasks": [ { "title": "NeutronNetworks.create_and_delete_networks", "description": "Create and delete a network.", "scenario": { "NeutronNetworks.create_and_delete_networks": {} }, "contexts": { "users": { "tenants": 1, "users_per_tenant": 1 }, "quotas": { "neutron": { "network": -1, "subnet": -1 } } }, "runner": { "constant": { "times": 40, "concurrency": 20 } }, "hooks": [], "sla": { "failure_rate": { "max": 0 } } } ] }
2020-03-16 04:58:44.003 15 RALLYDEBUG rally_openstack.contexts.keystone.users [-] Creating 1 tenants using 20 threads
2020-03-16 04:58:44.334 15 RALLYDEBUG rally_openstack.contexts.keystone.users [-] Creating 1 users using 20 threads
2020-03-16 04:58:44.855 15 INFO rally.task.context [-] Task 0590fa21-b0dd-4b3c-994d-5bd89bec2dbe | Context users@openstack setup() finished in 0.85 sec
2020-03-16 04:58:45.336 15 INFO rally.task.context [-] Task 0590fa21-b0dd-4b3c-994d-5bd89bec2dbe | Context quotas@openstack setup() finished in 0.48 sec
2020-03-16 04:58:45.337 15 INFO rally.task.context [-] Task 0590fa21-b0dd-4b3c-994d-5bd89bec2dbe | Context cleanup@openstack setup() finished in 0.00 msec
2020-03-16 04:58:45.346 15 RALLYDEBUG rally.task.runner [-] Starting the constant runner (task UUID: 0590fa21-b0dd-4b3c-994d-5bd89bec2dbe). timeout: 0 concurrency: 20 concurrency_per_worker: 1 times: 40 concurrency_overhead: 0 processes_to_start: 20 max_cpu_used: 88
2020-03-16 04:58:45.359 1003 RALLYDEBUG rally.task.runner [-] Starting a worker. concurrency: 1 args: {} times: 40 method_name: run timeout: 0 duration: None cls:
2020-03-16 04:58:45.362 1004 RALLYDEBUG rally.task.runner [-] Starting a worker. concurrency: 1 args: {} times: 40 method_name: run timeout: 0 duration: None cls:
2020-03-16 04:58:45.365 1005 RALLYDEBUG rally.task.runner [-] Starting a worker. concurrency: 1 args: {} times: 40 method_name: run timeout: 0 duration: None cls:
2020-03-16 04:58:45.368 1004 INFO rally.task.runner [-] Task 0590fa21-b0dd-4b3c-994d-5bd89bec2dbe | ITER: 2 START
2020-03-16 04:58:45.368 1006 RALLYDEBUG rally.task.runner [-] Starting a worker. concurrency: 1 args: {} times: 40 method_name: run timeout: 0 duration: None cls:
2020-03-16 04:58:45.371 1003 INFO rally.task.runner [-] Task 0590fa21-b0dd-4b3c-994d-5bd89bec2dbe | ITER: 1 START
2020-03-16 04:58:45.371 1005 INFO rally.task.runner [-] Task 0590fa21-b0dd-4b3c-994d-5bd89bec2dbe | ITER: 3 START
2020-03-16 04:58:45.371 1008 RALLYDEBUG rally.task.runner [-] Starting a worker. concurrency: 1 args: {} times: 40 method_name: run timeout: 0 duration: None cls:
2020-03-16 04:58:45.374 1006 INFO rally.task.runner [-] Task 0590fa21-b0dd-4b3c-994d-5bd89bec2dbe | ITER: 4 START
2020-03-16 04:58:45.377 1008 INFO rally.task.runner [-] Task 0590fa21-b0dd-4b3c-994d-5bd89bec2dbe | ITER: 5 START
2020-03-16 04:58:45.376 1010 RALLYDEBUG rally.task.runner [-] Starting a worker. concurrency: 1 args: {} times: 40 method_name: run timeout: 0 duration: None cls:
2020-03-16 04:58:45.378 1014 RALLYDEBUG rally.task.runner [-] Starting a worker. concurrency: 1 args: {} times: 40 method_name: run timeout: 0 duration: None cls:
2020-03-16 04:58:45.384 1014 INFO rally.task.runner [-] Task 0590fa21-b0dd-4b3c-994d-5bd89bec2dbe | ITER: 7 START
2020-03-16 04:58:45.384 1010 INFO rally.task.runner [-] Task 0590fa21-b0dd-4b3c-994d-5bd89bec2dbe | ITER: 6 START
2020-03-16 04:58:45.384 1021 RALLYDEBUG rally.task.runner [-] Starting a worker. concurrency: 1 args: {} times: 40 method_name: run timeout: 0 duration: None cls:
2020-03-16 04:58:45.387 1022 RALLYDEBUG rally.task.runner [-] Starting a worker. concurrency: 1 args: {} times: 40 method_name: run timeout: 0 duration: None cls:
2020-03-16 04:58:45.389 1018 RALLYDEBUG rally.task.runner [-] Starting a worker. concurrency: 1 args: {} times: 40 method_name: run timeout: 0 duration: None cls:
2020-03-16 04:58:45.390 1021 INFO rally.task.runner [-] Task 0590fa21-b0dd-4b3c-994d-5bd89bec2dbe | ITER: 8 START
2020-03-16 04:58:45.390 1026 RALLYDEBUG rally.task.runner [-] Starting a worker. concurrency: 1 args: {} times: 40 method_name: run timeout: 0 duration: None cls:
2020-03-16 04:58:45.393 1022 INFO rally.task.runner [-] Task 0590fa21-b0dd-4b3c-994d-5bd89bec2dbe | ITER: 9 START
2020-03-16 04:58:45.394 1028 RALLYDEBUG rally.task.runner [-] Starting a worker. concurrency: 1 args: {} times: 40 method_name: run timeout: 0 duration: None cls:
2020-03-16 04:58:45.395 1018 INFO rally.task.runner [-] Task 0590fa21-b0dd-4b3c-994d-5bd89bec2dbe | ITER: 10 START
2020-03-16 04:58:45.395 1026 INFO rally.task.runner [-] Task 0590fa21-b0dd-4b3c-994d-5bd89bec2dbe | ITER: 11 START
2020-03-16 04:58:45.397 1031 RALLYDEBUG rally.task.runner [-] Starting a worker. concurrency: 1 args: {} times: 40 method_name: run timeout: 0 duration: None cls:
2020-03-16 04:58:45.400 1028 INFO rally.task.runner [-] Task 0590fa21-b0dd-4b3c-994d-5bd89bec2dbe | ITER: 12 START
2020-03-16 04:58:45.400 1034 RALLYDEBUG rally.task.runner [-] Starting a worker. concurrency: 1 args: {} times: 40 method_name: run timeout: 0 duration: None cls:
2020-03-16 04:58:45.402 1031 INFO rally.task.runner [-] Task 0590fa21-b0dd-4b3c-994d-5bd89bec2dbe | ITER: 13 START
2020-03-16 04:58:45.403 1039 RALLYDEBUG rally.task.runner [-] Starting a worker. concurrency: 1 args: {} times: 40 method_name: run timeout: 0 duration: None cls:
2020-03-16 04:58:45.406 1034 INFO rally.task.runner [-] Task 0590fa21-b0dd-4b3c-994d-5bd89bec2dbe | ITER: 14 START
2020-03-16 04:58:45.406 1041 RALLYDEBUG rally.task.runner [-] Starting a worker. concurrency: 1 args: {} times: 40 method_name: run timeout: 0 duration: None cls:
2020-03-16 04:58:45.408 1039 INFO rally.task.runner [-] Task 0590fa21-b0dd-4b3c-994d-5bd89bec2dbe | ITER: 15 START
2020-03-16 04:58:45.412 1041 INFO rally.task.runner [-] Task 0590fa21-b0dd-4b3c-994d-5bd89bec2dbe | ITER: 16 START
2020-03-16 04:58:45.412 1045 RALLYDEBUG rally.task.runner [-] Starting a worker. concurrency: 1 args: {} times: 40 method_name: run timeout: 0 duration: None cls:
2020-03-16 04:58:45.415 1050 RALLYDEBUG rally.task.runner [-] Starting a worker. concurrency: 1 args: {} times: 40 method_name: run timeout: 0 duration: None cls:
2020-03-16 04:58:45.417 1045 INFO rally.task.runner [-] Task 0590fa21-b0dd-4b3c-994d-5bd89bec2dbe | ITER: 17 START
2020-03-16 04:58:45.419 1053 RALLYDEBUG rally.task.runner [-] Starting a worker. concurrency: 1 args: {} times: 40 method_name: run timeout: 0 duration: None cls:
2020-03-16 04:58:45.421 1050 INFO rally.task.runner [-] Task 0590fa21-b0dd-4b3c-994d-5bd89bec2dbe | ITER: 18 START
2020-03-16 04:58:45.422 1054 RALLYDEBUG rally.task.runner [-] Starting a worker. concurrency: 1 args: {} times: 40 method_name: run timeout: 0 duration: None cls:
2020-03-16 04:58:45.425 1053 INFO rally.task.runner [-] Task 0590fa21-b0dd-4b3c-994d-5bd89bec2dbe | ITER: 19 START
2020-03-16 04:58:45.428 1054 INFO rally.task.runner [-] Task 0590fa21-b0dd-4b3c-994d-5bd89bec2dbe | ITER: 20 START
2020-03-16 04:58:48.901 1031 INFO rally.task.runner [-] Task 0590fa21-b0dd-4b3c-994d-5bd89bec2dbe | ITER: 13 END: OK
2020-03-16 04:58:48.906 1031 INFO rally.task.runner [-] Task 0590fa21-b0dd-4b3c-994d-5bd89bec2dbe | ITER: 21 START
2020-03-16 04:58:48.937 1005 INFO rally.task.runner [-] Task 0590fa21-b0dd-4b3c-994d-5bd89bec2dbe | ITER: 3 END: OK
2020-03-16 04:58:48.942 1005 INFO rally.task.runner [-] Task 0590fa21-b0dd-4b3c-994d-5bd89bec2dbe | ITER: 22 START
2020-03-16 04:58:48.987 1010 INFO rally.task.runner [-] Task 0590fa21-b0dd-4b3c-994d-5bd89bec2dbe | ITER: 6 END: OK
2020-03-16 04:58:48.991 1010 INFO rally.task.runner [-] Task 0590fa21-b0dd-4b3c-994d-5bd89bec2dbe | ITER: 23 START
2020-03-16 04:58:49.098 1041 INFO rally.task.runner [-] Task 0590fa21-b0dd-4b3c-994d-5bd89bec2dbe | ITER: 16 END: OK
2020-03-16 04:58:49.103 1041 INFO rally.task.runner [-] Task 0590fa21-b0dd-4b3c-994d-5bd89bec2dbe | ITER: 24 START
2020-03-16 04:58:49.137 1021 INFO rally.task.runner [-] Task 0590fa21-b0dd-4b3c-994d-5bd89bec2dbe | ITER: 8 END: OK
2020-03-16 04:58:49.142 1021 INFO rally.task.runner [-] Task 0590fa21-b0dd-4b3c-994d-5bd89bec2dbe | ITER: 25 START
2020-03-16 04:58:49.346 1004 INFO rally.task.runner [-] Task 0590fa21-b0dd-4b3c-994d-5bd89bec2dbe | ITER: 2 END: OK
2020-03-16 04:58:49.351 1004 INFO rally.task.runner [-] Task 0590fa21-b0dd-4b3c-994d-5bd89bec2dbe | ITER: 26 START
2020-03-16 04:58:49.757 1039 INFO rally.task.runner [-] Task 0590fa21-b0dd-4b3c-994d-5bd89bec2dbe | ITER: 15 END: OK
2020-03-16 04:58:49.762 1039 INFO rally.task.runner [-] Task 0590fa21-b0dd-4b3c-994d-5bd89bec2dbe | ITER: 27 START
2020-03-16 04:58:49.776 1008 INFO rally.task.runner [-] Task 0590fa21-b0dd-4b3c-994d-5bd89bec2dbe | ITER: 5 END: OK
2020-03-16 04:58:49.781 1008 INFO rally.task.runner [-] Task 0590fa21-b0dd-4b3c-994d-5bd89bec2dbe | ITER: 28 START
2020-03-16 04:58:49.869 1054 INFO rally.task.runner [-] Task 0590fa21-b0dd-4b3c-994d-5bd89bec2dbe | ITER: 20 END: OK
2020-03-16 04:58:49.874 1054 INFO rally.task.runner [-] Task 0590fa21-b0dd-4b3c-994d-5bd89bec2dbe | ITER: 29 START
2020-03-16 04:58:49.881 1028 INFO rally.task.runner [-] Task 0590fa21-b0dd-4b3c-994d-5bd89bec2dbe | ITER: 12 END: OK
2020-03-16 04:58:49.886 1028 INFO rally.task.runner [-] Task 0590fa21-b0dd-4b3c-994d-5bd89bec2dbe | ITER: 30 START
2020-03-16 04:58:49.954 1018 INFO rally.task.runner [-] Task 0590fa21-b0dd-4b3c-994d-5bd89bec2dbe | ITER: 10 END: OK
2020-03-16 04:58:49.959 1018 INFO rally.task.runner [-] Task 0590fa21-b0dd-4b3c-994d-5bd89bec2dbe | ITER: 31 START
2020-03-16 04:58:50.190 1003 INFO rally.task.runner [-] Task 0590fa21-b0dd-4b3c-994d-5bd89bec2dbe | ITER: 1 END: OK
2020-03-16 04:58:50.195 1003 INFO rally.task.runner [-] Task 0590fa21-b0dd-4b3c-994d-5bd89bec2dbe | ITER: 32 START
2020-03-16 04:58:50.218 1050 INFO rally.task.runner [-] Task 0590fa21-b0dd-4b3c-994d-5bd89bec2dbe | ITER: 18 END: OK
2020-03-16 04:58:50.223 1050 INFO rally.task.runner [-] Task 0590fa21-b0dd-4b3c-994d-5bd89bec2dbe | ITER: 33 START
2020-03-16 04:58:50.275 1034 INFO rally.task.runner [-] Task 0590fa21-b0dd-4b3c-994d-5bd89bec2dbe | ITER: 14 END: OK
2020-03-16 04:58:50.280 1034 INFO rally.task.runner [-] Task 0590fa21-b0dd-4b3c-994d-5bd89bec2dbe | ITER: 34 START
