2020-03-16 04:58:50.310 1006 INFO rally.task.runner [-] Task 0590fa21-b0dd-4b3c-994d-5bd89bec2dbe | ITER: 4 END: OK
2020-03-16 04:58:50.316 1006 INFO rally.task.runner [-] Task 0590fa21-b0dd-4b3c-994d-5bd89bec2dbe | ITER: 35 START
2020-03-16 04:58:50.721 1026 INFO rally.task.runner [-] Task 0590fa21-b0dd-4b3c-994d-5bd89bec2dbe | ITER: 11 END: OK
2020-03-16 04:58:50.726 1026 INFO rally.task.runner [-] Task 0590fa21-b0dd-4b3c-994d-5bd89bec2dbe | ITER: 36 START
2020-03-16 04:58:50.732 1005 INFO rally.task.runner [-] Task 0590fa21-b0dd-4b3c-994d-5bd89bec2dbe | ITER: 22 END: OK
2020-03-16 04:58:50.735 1005 INFO rally.task.runner [-] Task 0590fa21-b0dd-4b3c-994d-5bd89bec2dbe | ITER: 37 START
2020-03-16 04:58:50.776 1022 INFO rally.task.runner [-] Task 0590fa21-b0dd-4b3c-994d-5bd89bec2dbe | ITER: 9 END: OK
2020-03-16 04:58:50.780 1022 INFO rally.task.runner [-] Task 0590fa21-b0dd-4b3c-994d-5bd89bec2dbe | ITER: 38 START
2020-03-16 04:58:50.791 1014 INFO rally.task.runner [-] Task 0590fa21-b0dd-4b3c-994d-5bd89bec2dbe | ITER: 7 END: OK
2020-03-16 04:58:50.796 1014 INFO rally.task.runner [-] Task 0590fa21-b0dd-4b3c-994d-5bd89bec2dbe | ITER: 39 START
2020-03-16 04:58:50.932 1053 INFO rally.task.runner [-] Task 0590fa21-b0dd-4b3c-994d-5bd89bec2dbe | ITER: 19 END: OK
2020-03-16 04:58:50.937 1053 INFO rally.task.runner [-] Task 0590fa21-b0dd-4b3c-994d-5bd89bec2dbe | ITER: 40 START
2020-03-16 04:58:51.624 1045 INFO rally.task.runner [-] Task 0590fa21-b0dd-4b3c-994d-5bd89bec2dbe | ITER: 17 END: OK
2020-03-16 04:58:52.582 1018 INFO rally.task.runner [-] Task 0590fa21-b0dd-4b3c-994d-5bd89bec2dbe | ITER: 31 END: OK
2020-03-16 04:58:52.751 1021 INFO rally.task.runner [-] Task 0590fa21-b0dd-4b3c-994d-5bd89bec2dbe | ITER: 25 END: OK
2020-03-16 04:58:52.828 1031 INFO rally.task.runner [-] Task 0590fa21-b0dd-4b3c-994d-5bd89bec2dbe | ITER: 21 END: OK
2020-03-16 04:58:52.906 1041 INFO rally.task.runner [-] Task 0590fa21-b0dd-4b3c-994d-5bd89bec2dbe | ITER: 24 END: OK
2020-03-16 04:58:52.914 1004 INFO rally.task.runner [-] Task 0590fa21-b0dd-4b3c-994d-5bd89bec2dbe | ITER: 26 END: OK
2020-03-16 04:58:52.979 1010 INFO rally.task.runner [-] Task 0590fa21-b0dd-4b3c-994d-5bd89bec2dbe | ITER: 23 END: OK
2020-03-16 04:58:53.048 1008 INFO rally.task.runner [-] Task 0590fa21-b0dd-4b3c-994d-5bd89bec2dbe | ITER: 28 END: OK
2020-03-16 04:58:53.062 1006 INFO rally.task.runner [-] Task 0590fa21-b0dd-4b3c-994d-5bd89bec2dbe | ITER: 35 END: OK
2020-03-16 04:58:53.076 1028 INFO rally.task.runner [-] Task 0590fa21-b0dd-4b3c-994d-5bd89bec2dbe | ITER: 30 END: OK
2020-03-16 04:58:53.264 1005 INFO rally.task.runner [-] Task 0590fa21-b0dd-4b3c-994d-5bd89bec2dbe | ITER: 37 END: OK
2020-03-16 04:58:53.423 1054 INFO rally.task.runner [-] Task 0590fa21-b0dd-4b3c-994d-5bd89bec2dbe | ITER: 29 END: OK
2020-03-16 04:58:53.455 1026 INFO rally.task.runner [-] Task 0590fa21-b0dd-4b3c-994d-5bd89bec2dbe | ITER: 36 END: OK
2020-03-16 04:58:53.651 1022 INFO rally.task.runner [-] Task 0590fa21-b0dd-4b3c-994d-5bd89bec2dbe | ITER: 38 END: OK
2020-03-16 04:58:53.805 1003 INFO rally.task.runner [-] Task 0590fa21-b0dd-4b3c-994d-5bd89bec2dbe | ITER: 32 END: OK
2020-03-16 04:58:53.989 1050 INFO rally.task.runner [-] Task 0590fa21-b0dd-4b3c-994d-5bd89bec2dbe | ITER: 33 END: OK
2020-03-16 04:58:54.084 1039 INFO rally.task.runner [-] Task 0590fa21-b0dd-4b3c-994d-5bd89bec2dbe | ITER: 27 END: OK
2020-03-16 04:58:54.161 1034 INFO rally.task.runner [-] Task 0590fa21-b0dd-4b3c-994d-5bd89bec2dbe | ITER: 34 END: OK
2020-03-16 04:58:54.277 1053 INFO rally.task.runner [-] Task 0590fa21-b0dd-4b3c-994d-5bd89bec2dbe | ITER: 40 END: OK
2020-03-16 04:58:54.408 1014 INFO rally.task.runner [-] Task 0590fa21-b0dd-4b3c-994d-5bd89bec2dbe | ITER: 39 END: OK
2020-03-16 04:58:54.431 15 INFO rally.task.context [-] Task 0590fa21-b0dd-4b3c-994d-5bd89bec2dbe | Context cleanup@openstack cleanup() started
2020-03-16 04:58:54.434 15 RALLYDEBUG rally_openstack.cleanup.manager [-] Cleaning up neutron vip objects
2020-03-16 04:58:54.646 15 RALLYDEBUG rally_openstack.cleanup.manager [-] Cleaning up neutron health_monitor objects
2020-03-16 04:58:54.825 15 RALLYDEBUG rally_openstack.cleanup.manager [-] Cleaning up neutron pool objects
2020-03-16 04:58:55.031 15 RALLYDEBUG rally_openstack.cleanup.manager [-] Cleaning up neutron loadbalancer objects
2020-03-16 04:58:55.258 15 RALLYDEBUG rally_openstack.cleanup.manager [-] Cleaning up neutron floatingip objects
2020-03-16 04:58:55.477 15 RALLYDEBUG rally_openstack.cleanup.manager [-] Cleaning up neutron trunk objects
2020-03-16 04:58:55.673 15 DEBUG neutronclient.v2_0.client [-] Error message: {"NeutronError": {"message": "Invalid input for operation: 'tenant_id' is not supported for filtering.", "type": "InvalidInput", "detail": ""}} _handle_fault_response /usr/lib/python2.7/site-packages/neutronclient/v2_0/client.py:259
2020-03-16 04:58:55.701 15 DEBUG neutronclient.v2_0.client [-] Error message: {"NeutronError": {"message": "Invalid input for operation: 'tenant_id' is not supported for filtering.", "type": "InvalidInput", "detail": ""}} _handle_fault_response /usr/lib/python2.7/site-packages/neutronclient/v2_0/client.py:259
2020-03-16 04:58:55.722 15 DEBUG neutronclient.v2_0.client [-] Error message: {"NeutronError": {"message": "Invalid input for operation: 'tenant_id' is not supported for filtering.", "type": "InvalidInput", "detail": ""}} _handle_fault_response /usr/lib/python2.7/site-packages/neutronclient/v2_0/client.py:259
2020-03-16 04:58:55.723 15 ERROR rally_openstack.cleanup.manager [-] Seems like rally_openstack.cleanup.resources.NeutronTrunk.list(self) method is broken. It shouldn't raise any exceptions.: BadRequest: Invalid input for operation: 'tenant_id' is not supported for filtering. Neutron server returns request_ids: ['req-48386e37-5172-43cc-8d34-e3ad87011eb4']
2020-03-16 04:58:55.723 15 ERROR rally_openstack.cleanup.manager
Traceback (most recent call last):
2020-03-16 04:58:55.723 15 ERROR rally_openstack.cleanup.manager
File "/usr/lib/python2.7/site-packages/rally_openstack/cleanup/manager.py", line 133, in _publish
2020-03-16 04:58:55.723 15 ERROR rally_openstack.cleanup.manager for raw_resource in rutils.retry(3, manager.list):
2020-03-16 04:58:55.723 15 ERROR rally_openstack.cleanup.manager
File "/usr/lib/python2.7/site-packages/rally/common/utils.py", line 230, in retry
2020-03-16 04:58:55.723 15 ERROR rally_openstack.cleanup.manager return func(*args, **kwargs)
2020-03-16 04:58:55.723 15 ERROR rally_openstack.cleanup.manager
File "/usr/lib/python2.7/site-packages/rally_openstack/cleanup/resources.py", line 396, in list
2020-03-16 04:58:55.723 15 ERROR rally_openstack.cleanup.manager return super(NeutronTrunk, self).list()
2020-03-16 04:58:55.723 15 ERROR rally_openstack.cleanup.manager
File "/usr/lib/python2.7/site-packages/rally_openstack/cleanup/resources.py", line 273, in list
2020-03-16 04:58:55.723 15 ERROR rally_openstack.cleanup.manager result = list_method(tenant_id=self.tenant_uuid)[resources]
2020-03-16 04:58:55.723 15 ERROR rally_openstack.cleanup.manager
File "/usr/lib/python2.7/site-packages/neutronclient/v2_0/client.py", line 2105, in list_trunks
2020-03-16 04:58:55.723 15 ERROR rally_openstack.cleanup.manager **_params)
2020-03-16 04:58:55.723 15 ERROR rally_openstack.cleanup.manager
File "/usr/lib/python2.7/site-packages/neutronclient/v2_0/client.py", line 369, in list
2020-03-16 04:58:55.723 15 ERROR rally_openstack.cleanup.manager for r in self._pagination(collection, path, **params):
2020-03-16 04:58:55.723 15 ERROR rally_openstack.cleanup.manager
File "/usr/lib/python2.7/site-packages/neutronclient/v2_0/client.py", line 384, in _pagination
2020-03-16 04:58:55.723 15 ERROR rally_openstack.cleanup.manager res = self.get(path, params=params)
2020-03-16 04:58:55.723 15 ERROR rally_openstack.cleanup.manager
File "/usr/lib/python2.7/site-packages/neutronclient/v2_0/client.py", line 354, in get
2020-03-16 04:58:55.723 15 ERROR rally_openstack.cleanup.manager headers=headers, params=params)
2020-03-16 04:58:55.723 15 ERROR rally_openstack.cleanup.manager
File "/usr/lib/python2.7/site-packages/neutronclient/v2_0/client.py", line 331, in retry_request
2020-03-16 04:58:55.723 15 ERROR rally_openstack.cleanup.manager headers=headers, params=params)
2020-03-16 04:58:55.723 15 ERROR rally_openstack.cleanup.manager
File "/usr/lib/python2.7/site-packages/neutronclient/v2_0/client.py", line 294, in do_request
2020-03-16 04:58:55.723 15 ERROR rally_openstack.cleanup.manager self._handle_fault_response(status_code, replybody, resp)
2020-03-16 04:58:55.723 15 ERROR rally_openstack.cleanup.manager
File "/usr/lib/python2.7/site-packages/neutronclient/v2_0/client.py", line 269, in _handle_fault_response
2020-03-16 04:58:55.723 15 ERROR rally_openstack.cleanup.manager exception_handler_v20(status_code, error_body)
2020-03-16 04:58:55.723 15 ERROR rally_openstack.cleanup.manager
File "/usr/lib/python2.7/site-packages/neutronclient/v2_0/client.py", line 93, in exception_handler_v20
2020-03-16 04:58:55.723 15 ERROR rally_openstack.cleanup.manager request_ids=request_ids)
2020-03-16 04:58:55.723 15 ERROR rally_openstack.cleanup.manager BadRequest: Invalid input for operation: 'tenant_id' is not supported for filtering.
2020-03-16 04:58:55.723 15 ERROR rally_openstack.cleanup.manager Neutron server returns request_ids: ['req-48386e37-5172-43cc-8d34-e3ad87011eb4']
2020-03-16 04:58:55.723 15 ERROR rally_openstack.cleanup.manager
2020-03-16 04:58:55.733 15 RALLYDEBUG rally_openstack.cleanup.manager [-] Cleaning up neutron port objects
2020-03-16 04:58:55.963 15 RALLYDEBUG rally_openstack.cleanup.manager [-] Cleaning up neutron subnet objects
2020-03-16 04:58:56.185 15 RALLYDEBUG rally_openstack.cleanup.manager [-] Cleaning up neutron network objects
2020-03-16 04:58:56.470 15 RALLYDEBUG rally_openstack.cleanup.manager [-] Cleaning up neutron router objects
2020-03-16 04:58:56.714 15 RALLYDEBUG rally_openstack.cleanup.manager [-] Cleaning up neutron security_group objects
2020-03-16 04:58:56.993 15 INFO rally.task.context [-] Task 0590fa21-b0dd-4b3c-994d-5bd89bec2dbe | Context cleanup@openstack cleanup() finished in 2.56 sec
2020-03-16 04:58:56.993 15 INFO rally.task.context [-] Task 0590fa21-b0dd-4b3c-994d-5bd89bec2dbe | Context quotas@openstack cleanup() started
2020-03-16 04:58:57.042 15 INFO rally.task.context [-] Task 0590fa21-b0dd-4b3c-994d-5bd89bec2dbe | Context quotas@openstack cleanup() finished in 48.34 msec
2020-03-16 04:58:57.042 15 INFO rally.task.context [-] Task 0590fa21-b0dd-4b3c-994d-5bd89bec2dbe | Context users@openstack cleanup() started
2020-03-16 04:58:59.087 15 INFO rally.task.context [-] Task 0590fa21-b0dd-4b3c-994d-5bd89bec2dbe | Context users@openstack cleanup() finished in 2.04 sec
2020-03-16 04:59:00.076 15 INFO rally.task.engine [-] Load duration is: 9.03919
2020-03-16 04:59:00.077 15 INFO rally.task.engine [-] Full runner duration is: 9.085132
2020-03-16 04:59:00.077 15 INFO rally.task.engine [-] Full duration is: 15.087755
2020-03-16 04:59:00.151 15 INFO rally.task.engine [-] Running workload: position = 0 config = { "version": 2, "title": "A cropped version of a bigger task.", "description": "Auto-generated task from a single workload (uuid=70242a79-aae3-48f5-8a8b-ff785806f8c1)", "subtasks": [ { "title": "NeutronNetworks.create_and_list_subnets", "description": "Create and a given number of subnets and list all subnets.", "scenario": { "NeutronNetworks.create_and_list_subnets": { "subnets_per_network": 2 } }, "contexts": { "users": { "tenants": 1, "users_per_tenant": 1 }, "quotas": { "neutron": { "subnet": -1, "network": -1 } } }, "runner": { "constant": { "times": 40, "concurrency": 20 } }, "hooks": [], "sla": { "failure_rate": { "max": 0 } } } ] }
2020-03-16 04:59:00.175 15 RALLYDEBUG rally_openstack.contexts.keystone.users [-] Creating 1 tenants using 20 threads
2020-03-16 04:59:00.524 15 RALLYDEBUG rally_openstack.contexts.keystone.users [-] Creating 1 users using 20 threads
2020-03-16 04:59:00.998 15 INFO rally.task.context [-] Task 0590fa21-b0dd-4b3c-994d-5bd89bec2dbe | Context users@openstack setup() finished in 0.82 sec
2020-03-16 04:59:01.399 15 INFO rally.task.context [-] Task 0590fa21-b0dd-4b3c-994d-5bd89bec2dbe | Context quotas@openstack setup() finished in 0.40 sec
2020-03-16 04:59:01.399 15 INFO rally.task.context [-] Task 0590fa21-b0dd-4b3c-994d-5bd89bec2dbe | Context cleanup@openstack setup() finished in 0.01 msec
2020-03-16 04:59:01.408 15 RALLYDEBUG rally.task.runner [-] Starting the constant runner (task UUID: 0590fa21-b0dd-4b3c-994d-5bd89bec2dbe). timeout: 0 concurrency: 20 concurrency_per_worker: 1 times: 40 concurrency_overhead: 0 processes_to_start: 20 max_cpu_used: 88
2020-03-16 04:59:01.420 1405 RALLYDEBUG rally.task.runner [-] Starting a worker. concurrency: 1 args: {"subnets_per_network": 2} times: 40 method_name: run timeout: 0 duration: None cls:
2020-03-16 04:59:01.423 1406 RALLYDEBUG rally.task.runner [-] Starting a worker. concurrency: 1 args: {"subnets_per_network": 2} times: 40 method_name: run timeout: 0 duration: None cls:
2020-03-16 04:59:01.426 1405 INFO rally.task.runner [-] Task 0590fa21-b0dd-4b3c-994d-5bd89bec2dbe | ITER: 1 START
2020-03-16 04:59:01.425 1407 RALLYDEBUG rally.task.runner [-] Starting a worker. concurrency: 1 args: {"subnets_per_network": 2} times: 40 method_name: run timeout: 0 duration: None cls:
2020-03-16 04:59:01.431 1406 INFO rally.task.runner [-] Task 0590fa21-b0dd-4b3c-994d-5bd89bec2dbe | ITER: 2 START
2020-03-16 04:59:01.431 1407 INFO rally.task.runner [-] Task 0590fa21-b0dd-4b3c-994d-5bd89bec2dbe | ITER: 3 START
2020-03-16 04:59:01.432 1410 RALLYDEBUG rally.task.runner [-] Starting a worker. concurrency: 1 args: {"subnets_per_network": 2} times: 40 method_name: run timeout: 0 duration: None cls:
2020-03-16 04:59:01.434 1408 RALLYDEBUG rally.task.runner [-] Starting a worker. concurrency: 1 args: {"subnets_per_network": 2} times: 40 method_name: run timeout: 0 duration: None cls:
2020-03-16 04:59:01.435 1413 RALLYDEBUG rally.task.runner [-] Starting a worker. concurrency: 1 args: {"subnets_per_network": 2} times: 40 method_name: run timeout: 0 duration: None cls:
2020-03-16 04:59:01.439 1410 INFO rally.task.runner [-] Task 0590fa21-b0dd-4b3c-994d-5bd89bec2dbe | ITER: 4 START
2020-03-16 04:59:01.439 1417 RALLYDEBUG rally.task.runner [-] Starting a worker. concurrency: 1 args: {"subnets_per_network": 2} times: 40 method_name: run timeout: 0 duration: None cls:
2020-03-16 04:59:01.440 1408 INFO rally.task.runner [-] Task 0590fa21-b0dd-4b3c-994d-5bd89bec2dbe | ITER: 5 START
2020-03-16 04:59:01.441 1413 INFO rally.task.runner [-] Task 0590fa21-b0dd-4b3c-994d-5bd89bec2dbe | ITER: 6 START
2020-03-16 04:59:01.442 1418 RALLYDEBUG rally.task.runner [-] Starting a worker. concurrency: 1 args: {"subnets_per_network": 2} times: 40 method_name: run timeout: 0 duration: None cls:
2020-03-16 04:59:01.445 1417 INFO rally.task.runner [-] Task 0590fa21-b0dd-4b3c-994d-5bd89bec2dbe | ITER: 7 START
2020-03-16 04:59:01.444 1420 RALLYDEBUG rally.task.runner [-] Starting a worker. concurrency: 1 args: {"subnets_per_network": 2} times: 40 method_name: run timeout: 0 duration: None cls:
2020-03-16 04:59:01.447 1418 INFO rally.task.runner [-] Task 0590fa21-b0dd-4b3c-994d-5bd89bec2dbe | ITER: 8 START
2020-03-16 04:59:01.450 1420 INFO rally.task.runner [-] Task 0590fa21-b0dd-4b3c-994d-5bd89bec2dbe | ITER: 9 START
2020-03-16 04:59:01.450 1426 RALLYDEBUG rally.task.runner [-] Starting a worker. concurrency: 1 args: {"subnets_per_network": 2} times: 40 method_name: run timeout: 0 duration: None cls:
2020-03-16 04:59:01.451 1428 RALLYDEBUG rally.task.runner [-] Starting a worker. concurrency: 1 args: {"subnets_per_network": 2} times: 40 method_name: run timeout: 0 duration: None cls:
2020-03-16 04:59:01.454 1432 RALLYDEBUG rally.task.runner [-] Starting a worker. concurrency: 1 args: {"subnets_per_network": 2} times: 40 method_name: run timeout: 0 duration: None cls:
2020-03-16 04:59:01.457 1428 INFO rally.task.runner [-] Task 0590fa21-b0dd-4b3c-994d-5bd89bec2dbe | ITER: 11 START
2020-03-16 04:59:01.457 1426 INFO rally.task.runner [-] Task 0590fa21-b0dd-4b3c-994d-5bd89bec2dbe | ITER: 10 START
2020-03-16 04:59:01.457 1435 RALLYDEBUG rally.task.runner [-] Starting a worker. concurrency: 1 args: {"subnets_per_network": 2} times: 40 method_name: run timeout: 0 duration: None cls:
2020-03-16 04:59:01.460 1432 INFO rally.task.runner [-] Task 0590fa21-b0dd-4b3c-994d-5bd89bec2dbe | ITER: 12 START
2020-03-16 04:59:01.463 1435 INFO rally.task.runner [-] Task 0590fa21-b0dd-4b3c-994d-5bd89bec2dbe | ITER: 13 START
2020-03-16 04:59:01.463 1436 RALLYDEBUG rally.task.runner [-] Starting a worker. concurrency: 1 args: {"subnets_per_network": 2} times: 40 method_name: run timeout: 0 duration: None cls:
2020-03-16 04:59:01.464 1440 RALLYDEBUG rally.task.runner [-] Starting a worker. concurrency: 1 args: {"subnets_per_network": 2} times: 40 method_name: run timeout: 0 duration: None cls:
2020-03-16 04:59:01.466 1444 RALLYDEBUG rally.task.runner [-] Starting a worker. concurrency: 1 args: {"subnets_per_network": 2} times: 40 method_name: run timeout: 0 duration: None cls:
2020-03-16 04:59:01.468 1436 INFO rally.task.runner [-] Task 0590fa21-b0dd-4b3c-994d-5bd89bec2dbe | ITER: 14 START
2020-03-16 04:59:01.469 1440 INFO rally.task.runner [-] Task 0590fa21-b0dd-4b3c-994d-5bd89bec2dbe | ITER: 15 START
2020-03-16 04:59:01.470 1447 RALLYDEBUG rally.task.runner [-] Starting a worker. concurrency: 1 args: {"subnets_per_network": 2} times: 40 method_name: run timeout: 0 duration: None cls:
2020-03-16 04:59:01.472 1444 INFO rally.task.runner [-] Task 0590fa21-b0dd-4b3c-994d-5bd89bec2dbe | ITER: 16 START
2020-03-16 04:59:01.475 1447 INFO rally.task.runner [-] Task 0590fa21-b0dd-4b3c-994d-5bd89bec2dbe | ITER: 17 START
2020-03-16 04:59:01.475 1452 RALLYDEBUG rally.task.runner [-] Starting a worker. concurrency: 1 args: {"subnets_per_network": 2} times: 40 method_name: run timeout: 0 duration: None cls:
2020-03-16 04:59:01.476 1448 RALLYDEBUG rally.task.runner [-] Starting a worker. concurrency: 1 args: {"subnets_per_network": 2} times: 40 method_name: run timeout: 0 duration: None cls:
2020-03-16 04:59:01.479 1456 RALLYDEBUG rally.task.runner [-] Starting a worker. concurrency: 1 args: {"subnets_per_network": 2} times: 40 method_name: run timeout: 0 duration: None cls:
2020-03-16 04:59:01.481 1452 INFO rally.task.runner [-] Task 0590fa21-b0dd-4b3c-994d-5bd89bec2dbe | ITER: 18 START
2020-03-16 04:59:01.481 1448 INFO rally.task.runner [-] Task 0590fa21-b0dd-4b3c-994d-5bd89bec2dbe | ITER: 19 START
2020-03-16 04:59:01.485 1456 INFO rally.task.runner [-] Task 0590fa21-b0dd-4b3c-994d-5bd89bec2dbe | ITER: 20 START
2020-03-16 04:59:04.550 1435 RALLYDEBUG rally_openstack.wrappers.network [-] CIDR generated: 10.2.0.0/24
2020-03-16 04:59:04.670 1413 RALLYDEBUG rally_openstack.wrappers.network [-] CIDR generated: 10.2.1.0/24
2020-03-16 04:59:04.807 1426 RALLYDEBUG rally_openstack.wrappers.network [-] CIDR generated: 10.2.2.0/24
2020-03-16 04:59:04.824 1420 RALLYDEBUG rally_openstack.wrappers.network [-] CIDR generated: 10.2.3.0/24
2020-03-16 04:59:04.879 1410 RALLYDEBUG rally_openstack.wrappers.network [-] CIDR generated: 10.2.4.0/24
2020-03-16 04:59:04.955 1405 RALLYDEBUG rally_openstack.wrappers.network [-] CIDR generated: 10.2.5.0/24
2020-03-16 04:59:04.956 1407 RALLYDEBUG rally_openstack.wrappers.network [-] CIDR generated: 10.2.6.0/24
2020-03-16 04:59:04.999 1408 RALLYDEBUG rally_openstack.wrappers.network [-] CIDR generated: 10.2.7.0/24
2020-03-16 04:59:05.003 1432 RALLYDEBUG rally_openstack.wrappers.network [-] CIDR generated: 10.2.8.0/24
2020-03-16 04:59:05.034 1428 RALLYDEBUG rally_openstack.wrappers.network [-] CIDR generated: 10.2.9.0/24
2020-03-16 04:59:05.086 1456 RALLYDEBUG rally_openstack.wrappers.network [-] CIDR generated: 10.2.10.0/24
2020-03-16 04:59:05.106 1452 RALLYDEBUG rally_openstack.wrappers.network [-] CIDR generated: 10.2.11.0/24
2020-03-16 04:59:05.119 1436 RALLYDEBUG rally_openstack.wrappers.network [-] CIDR generated: 10.2.12.0/24
2020-03-16 04:59:05.126 1406 RALLYDEBUG rally_openstack.wrappers.network [-] CIDR generated: 10.2.13.0/24
2020-03-16 04:59:05.134 1417 RALLYDEBUG rally_openstack.wrappers.network [-] CIDR generated: 10.2.14.0/24
2020-03-16 04:59:05.190 1448 RALLYDEBUG rally_openstack.wrappers.network [-] CIDR generated: 10.2.15.0/24
2020-03-16 04:59:05.267 1444 RALLYDEBUG rally_openstack.wrappers.network [-] CIDR generated: 10.2.16.0/24
2020-03-16 04:59:05.286 1440 RALLYDEBUG rally_openstack.wrappers.network [-] CIDR generated: 10.2.17.0/24
2020-03-16 04:59:05.312 1447 RALLYDEBUG rally_openstack.wrappers.network [-] CIDR generated: 10.2.18.0/24
2020-03-16 04:59:05.525 1418 RALLYDEBUG rally_openstack.wrappers.network [-] CIDR generated: 10.2.19.0/24
2020-03-16 04:59:08.209 1435 RALLYDEBUG rally_openstack.wrappers.network [-] CIDR generated: 10.2.20.0/24
2020-03-16 04:59:08.435 1420 RALLYDEBUG rally_openstack.wrappers.network [-] CIDR generated: 10.2.21.0/24
2020-03-16 04:59:08.645 1410 RALLYDEBUG rally_openstack.wrappers.network [-] CIDR generated: 10.2.22.0/24
2020-03-16 04:59:08.685 1407 RALLYDEBUG rally_openstack.wrappers.network [-] CIDR generated: 10.2.23.0/24
2020-03-16 04:59:08.694 1413 RALLYDEBUG rally_openstack.wrappers.network [-] CIDR generated: 10.2.24.0/24
2020-03-16 04:59:08.893 1432 RALLYDEBUG rally_openstack.wrappers.network [-] CIDR generated: 10.2.25.0/24
2020-03-16 04:59:08.979 1406 RALLYDEBUG rally_openstack.wrappers.network [-] CIDR generated: 10.2.26.0/24
2020-03-16 04:59:09.016 1456 RALLYDEBUG rally_openstack.wrappers.network [-] CIDR generated: 10.2.27.0/24
2020-03-16 04:59:09.115 1408 RALLYDEBUG rally_openstack.wrappers.network [-] CIDR generated: 10.2.28.0/24
2020-03-16 04:59:10.209 1426 RALLYDEBUG rally_openstack.wrappers.network [-] CIDR generated: 10.2.29.0/24
2020-03-16 04:59:10.371 1435 INFO rally.task.runner [-] Task 0590fa21-b0dd-4b3c-994d-5bd89bec2dbe | ITER: 13 END: OK
2020-03-16 04:59:10.376 1435 INFO rally.task.runner [-] Task 0590fa21-b0dd-4b3c-994d-5bd89bec2dbe | ITER: 21 START
2020-03-16 04:59:10.590 1405 RALLYDEBUG rally_openstack.wrappers.network [-] CIDR generated: 10.2.30.0/24
2020-03-16 04:59:10.593 1452 RALLYDEBUG rally_openstack.wrappers.network [-] CIDR generated: 10.2.31.0/24
2020-03-16 04:59:10.627 1418 RALLYDEBUG rally_openstack.wrappers.network [-] CIDR generated: 10.2.32.0/24
2020-03-16 04:59:10.747 1444 RALLYDEBUG rally_openstack.wrappers.network [-] CIDR generated: 10.2.33.0/24
2020-03-16 04:59:10.766 1428 RALLYDEBUG rally_openstack.wrappers.network [-] CIDR generated: 10.2.34.0/24
2020-03-16 04:59:10.816 1436 RALLYDEBUG rally_openstack.wrappers.network [-] CIDR generated: 10.2.35.0/24
2020-03-16 04:59:10.916 1417 RALLYDEBUG rally_openstack.wrappers.network [-] CIDR generated: 10.2.36.0/24
2020-03-16 04:59:11.202 1420 INFO rally.task.runner [-] Task 0590fa21-b0dd-4b3c-994d-5bd89bec2dbe | ITER: 9 END: OK
2020-03-16 04:59:11.207 1420 INFO rally.task.runner [-] Task 0590fa21-b0dd-4b3c-994d-5bd89bec2dbe | ITER: 22 START
2020-03-16 04:59:11.890 1440 RALLYDEBUG rally_openstack.wrappers.network [-] CIDR generated: 10.2.37.0/24
2020-03-16 04:59:11.892 1448 RALLYDEBUG rally_openstack.wrappers.network [-] CIDR generated: 10.2.38.0/24
2020-03-16 04:59:11.896 1447 RALLYDEBUG rally_openstack.wrappers.network [-] CIDR generated: 10.2.39.0/24
2020-03-16 04:59:13.575 1432 INFO rally.task.runner [-] Task 0590fa21-b0dd-4b3c-994d-5bd89bec2dbe | ITER: 12 END: OK
2020-03-16 04:59:13.580 1432 INFO rally.task.runner [-] Task 0590fa21-b0dd-4b3c-994d-5bd89bec2dbe | ITER: 23 START
2020-03-16 04:59:13.723 1435 RALLYDEBUG rally_openstack.wrappers.network [-] CIDR generated: 10.2.40.0/24
2020-03-16 04:59:16.037 1407 INFO rally.task.runner [-] Task 0590fa21-b0dd-4b3c-994d-5bd89bec2dbe | ITER: 3 END: OK
2020-03-16 04:59:16.037 1413 INFO rally.task.runner [-] Task 0590fa21-b0dd-4b3c-994d-5bd89bec2dbe | ITER: 6 END: OK
2020-03-16 04:59:16.037 1410 INFO rally.task.runner [-] Task 0590fa21-b0dd-4b3c-994d-5bd89bec2dbe | ITER: 4 END: OK
2020-03-16 04:59:16.041 1410 INFO rally.task.runner [-] Task 0590fa21-b0dd-4b3c-994d-5bd89bec2dbe | ITER: 25 START
2020-03-16 04:59:16.042 1407 INFO rally.task.runner [-] Task 0590fa21-b0dd-4b3c-994d-5bd89bec2dbe | ITER: 24 START
2020-03-16 04:59:16.042 1413 INFO rally.task.runner [-] Task 0590fa21-b0dd-4b3c-994d-5bd89bec2dbe | ITER: 26 START
2020-03-16 04:59:16.803 1420 RALLYDEBUG rally_openstack.wrappers.network [-] CIDR generated: 10.2.41.0/24
2020-03-16 04:59:18.462 1456 INFO rally.task.runner [-] Task 0590fa21-b0dd-4b3c-994d-5bd89bec2dbe | ITER: 20 END: OK
2020-03-16 04:59:18.467 1456 INFO rally.task.runner [-] Task 0590fa21-b0dd-4b3c-994d-5bd89bec2dbe | ITER: 27 START
2020-03-16 04:59:18.959 1448 INFO rally.task.runner [-] Task 0590fa21-b0dd-4b3c-994d-5bd89bec2dbe | ITER: 19 END: OK
2020-03-16 04:59:18.964 1448 INFO rally.task.runner [-] Task 0590fa21-b0dd-4b3c-994d-5bd89bec2dbe | ITER: 28 START
2020-03-16 04:59:20.459 1408 INFO rally.task.runner [-] Task 0590fa21-b0dd-4b3c-994d-5bd89bec2dbe | ITER: 5 END: OK
2020-03-16 04:59:20.460 1406 INFO rally.task.runner [-] Task 0590fa21-b0dd-4b3c-994d-5bd89bec2dbe | ITER: 2 END: OK
2020-03-16 04:59:20.464 1408 INFO rally.task.runner [-] Task 0590fa21-b0dd-4b3c-994d-5bd89bec2dbe | ITER: 29 START
2020-03-16 04:59:20.465 1406 INFO rally.task.runner [-] Task 0590fa21-b0dd-4b3c-994d-5bd89bec2dbe | ITER: 30 START
2020-03-16 04:59:21.191 1440 INFO rally.task.runner [-] Task 0590fa21-b0dd-4b3c-994d-5bd89bec2dbe | ITER: 15 END: OK
2020-03-16 04:59:21.195 1440 INFO rally.task.runner [-] Task 0590fa21-b0dd-4b3c-994d-5bd89bec2dbe | ITER: 31 START
2020-03-16 04:59:21.559 1432 RALLYDEBUG rally_openstack.wrappers.network [-] CIDR generated: 10.2.42.0/24
2020-03-16 04:59:21.602 1410 RALLYDEBUG rally_openstack.wrappers.network [-] CIDR generated: 10.2.43.0/24
2020-03-16 04:59:21.712 1407 RALLYDEBUG rally_openstack.wrappers.network [-] CIDR generated: 10.2.44.0/24
2020-03-16 04:59:21.816 1413 RALLYDEBUG rally_openstack.wrappers.network [-] CIDR generated: 10.2.45.0/24
2020-03-16 04:59:22.257 1456 RALLYDEBUG rally_openstack.wrappers.network [-] CIDR generated: 10.2.46.0/24
2020-03-16 04:59:22.333 1448 RALLYDEBUG rally_openstack.wrappers.network [-] CIDR generated: 10.2.47.0/24
2020-03-16 04:59:22.552 1447 INFO rally.task.runner [-] Task 0590fa21-b0dd-4b3c-994d-5bd89bec2dbe | ITER: 17 END: OK
2020-03-16 04:59:22.555 1426 INFO rally.task.runner [-] Task 0590fa21-b0dd-4b3c-994d-5bd89bec2dbe | ITER: 10 END: OK
2020-03-16 04:59:22.556 1418 INFO rally.task.runner [-] Task 0590fa21-b0dd-4b3c-994d-5bd89bec2dbe | ITER: 8 END: OK
2020-03-16 04:59:22.557 1447 INFO rally.task.runner [-] Task 0590fa21-b0dd-4b3c-994d-5bd89bec2dbe | ITER: 32 START
2020-03-16 04:59:22.560 1426 INFO rally.task.runner [-] Task 0590fa21-b0dd-4b3c-994d-5bd89bec2dbe | ITER: 33 START
2020-03-16 04:59:22.560 1452 INFO rally.task.runner [-] Task 0590fa21-b0dd-4b3c-994d-5bd89bec2dbe | ITER: 18 END: OK
2020-03-16 04:59:22.561 1418 INFO rally.task.runner [-] Task 0590fa21-b0dd-4b3c-994d-5bd89bec2dbe | ITER: 34 START
2020-03-16 04:59:22.562 1444 INFO rally.task.runner [-] Task 0590fa21-b0dd-4b3c-994d-5bd89bec2dbe | ITER: 16 END: OK
2020-03-16 04:59:22.566 1452 INFO rally.task.runner [-] Task 0590fa21-b0dd-4b3c-994d-5bd89bec2dbe | ITER: 35 START
2020-03-16 04:59:22.567 1444 INFO rally.task.runner [-] Task 0590fa21-b0dd-4b3c-994d-5bd89bec2dbe | ITER: 36 START
2020-03-16 04:59:22.568 1436 INFO rally.task.runner [-] Task 0590fa21-b0dd-4b3c-994d-5bd89bec2dbe | ITER: 14 END: OK
2020-03-16 04:59:22.570 1405 INFO rally.task.runner [-] Task 0590fa21-b0dd-4b3c-994d-5bd89bec2dbe | ITER: 1 END: OK
2020-03-16 04:59:22.572 1436 INFO rally.task.runner [-] Task 0590fa21-b0dd-4b3c-994d-5bd89bec2dbe | ITER: 37 START
2020-03-16 04:59:22.574 1405 INFO rally.task.runner [-] Task 0590fa21-b0dd-4b3c-994d-5bd89bec2dbe | ITER: 38 START
2020-03-16 04:59:22.575 1428 INFO rally.task.runner [-] Task 0590fa21-b0dd-4b3c-994d-5bd89bec2dbe | ITER: 11 END: OK
2020-03-16 04:59:22.577 1417 INFO rally.task.runner [-] Task 0590fa21-b0dd-4b3c-994d-5bd89bec2dbe | ITER: 7 END: OK
2020-03-16 04:59:22.580 1428 INFO rally.task.runner [-] Task 0590fa21-b0dd-4b3c-994d-5bd89bec2dbe | ITER: 39 START
2020-03-16 04:59:22.581 1417 INFO rally.task.runner [-] Task 0590fa21-b0dd-4b3c-994d-5bd89bec2dbe | ITER: 40 START
2020-03-16 04:59:25.403 1435 RALLYDEBUG rally_openstack.wrappers.network [-] CIDR generated: 10.2.48.0/24
2020-03-16 04:59:25.459 1408 RALLYDEBUG rally_openstack.wrappers.network [-] CIDR generated: 10.2.49.0/24
2020-03-16 04:59:25.509 1440 RALLYDEBUG rally_openstack.wrappers.network [-] CIDR generated: 10.2.50.0/24
2020-03-16 04:59:25.580 1406 RALLYDEBUG rally_openstack.wrappers.network [-] CIDR generated: 10.2.51.0/24
2020-03-16 04:59:28.866 1418 RALLYDEBUG rally_openstack.wrappers.network [-] CIDR generated: 10.2.52.0/24
2020-03-16 04:59:28.957 1452 RALLYDEBUG rally_openstack.wrappers.network [-] CIDR generated: 10.2.53.0/24
2020-03-16 04:59:30.036 1420 RALLYDEBUG rally_openstack.wrappers.network [-] CIDR generated: 10.2.54.0/24
2020-03-16 04:59:30.086 1428 RALLYDEBUG rally_openstack.wrappers.network [-] CIDR generated: 10.2.55.0/24
2020-03-16 04:59:30.249 1447 RALLYDEBUG rally_openstack.wrappers.network [-] CIDR generated: 10.2.56.0/24
2020-03-16 04:59:30.617 1436 RALLYDEBUG rally_openstack.wrappers.network [-] CIDR generated: 10.2.57.0/24
2020-03-16 04:59:30.929 1444 RALLYDEBUG rally_openstack.wrappers.network [-] CIDR generated: 10.2.58.0/24
2020-03-16 04:59:31.554 1417 RALLYDEBUG rally_openstack.wrappers.network [-] CIDR generated: 10.2.59.0/24
2020-03-16 04:59:31.777 1426 RALLYDEBUG rally_openstack.wrappers.network [-] CIDR generated: 10.2.60.0/24
2020-03-16 04:59:31.879 1405 RALLYDEBUG rally_openstack.wrappers.network [-] CIDR generated: 10.2.61.0/24
2020-03-16 04:59:36.678 1435 INFO rally.task.runner [-] Task 0590fa21-b0dd-4b3c-994d-5bd89bec2dbe | ITER: 21 END: OK
2020-03-16 04:59:39.031 1432 RALLYDEBUG rally_openstack.wrappers.network [-] CIDR generated: 10.2.62.0/24
2020-03-16 04:59:39.205 1410 RALLYDEBUG rally_openstack.wrappers.network [-] CIDR generated: 10.2.63.0/24
2020-03-16 04:59:39.206 1456 RALLYDEBUG rally_openstack.wrappers.network [-] CIDR generated: 10.2.64.0/24
2020-03-16 04:59:39.209 1413 RALLYDEBUG rally_openstack.wrappers.network [-] CIDR generated: 10.2.65.0/24
2020-03-16 04:59:39.211 1407 RALLYDEBUG rally_openstack.wrappers.network [-] CIDR generated: 10.2.66.0/24
2020-03-16 04:59:40.133 1448 RALLYDEBUG rally_openstack.wrappers.network [-] CIDR generated: 10.2.67.0/24
2020-03-16 04:59:40.814 1420 INFO rally.task.runner [-] Task 0590fa21-b0dd-4b3c-994d-5bd89bec2dbe | ITER: 22 END: OK
2020-03-16 04:59:43.232 1418 RALLYDEBUG rally_openstack.wrappers.network [-] CIDR generated: 10.2.68.0/24
2020-03-16 04:59:43.315 1428 RALLYDEBUG rally_openstack.wrappers.network [-] CIDR generated: 10.2.69.0/24
2020-03-16 04:59:43.317 1406 RALLYDEBUG rally_openstack.wrappers.network [-] CIDR generated: 10.2.70.0/24
2020-03-16 04:59:43.498 1447 RALLYDEBUG rally_openstack.wrappers.network [-] CIDR generated: 10.2.71.0/24
2020-03-16 04:59:43.854 1452 RALLYDEBUG rally_openstack.wrappers.network [-] CIDR generated: 10.2.72.0/24
2020-03-16 04:59:43.855 1436 RALLYDEBUG rally_openstack.wrappers.network [-] CIDR generated: 10.2.74.0/24
2020-03-16 04:59:43.855 1417 RALLYDEBUG rally_openstack.wrappers.network [-] CIDR generated: 10.2.73.0/24
2020-03-16 04:59:43.855 1405 RALLYDEBUG rally_openstack.wrappers.network [-] CIDR generated: 10.2.75.0/24
2020-03-16 04:59:43.860 1444 RALLYDEBUG rally_openstack.wrappers.network [-] CIDR generated: 10.2.76.0/24
2020-03-16 04:59:43.861 1440 RALLYDEBUG rally_openstack.wrappers.network [-] CIDR generated: 10.2.77.0/24
2020-03-16 04:59:43.871 1408 RALLYDEBUG rally_openstack.wrappers.network [-] CIDR generated: 10.2.78.0/24
2020-03-16 04:59:44.001 1426 RALLYDEBUG rally_openstack.wrappers.network [-] CIDR generated: 10.2.79.0/24
2020-03-16 04:59:44.385 1432 INFO rally.task.runner [-] Task 0590fa21-b0dd-4b3c-994d-5bd89bec2dbe | ITER: 23 END: OK
2020-03-16 04:59:44.426 1410 INFO rally.task.runner [-] Task 0590fa21-b0dd-4b3c-994d-5bd89bec2dbe | ITER: 25 END: OK
2020-03-16 04:59:44.456 1413 INFO rally.task.runner [-] Task 0590fa21-b0dd-4b3c-994d-5bd89bec2dbe | ITER: 26 END: OK
2020-03-16 04:59:44.911 1456 INFO rally.task.runner [-] Task 0590fa21-b0dd-4b3c-994d-5bd89bec2dbe | ITER: 27 END: OK
2020-03-16 04:59:45.029 1407 INFO rally.task.runner [-] Task 0590fa21-b0dd-4b3c-994d-5bd89bec2dbe | ITER: 24 END: OK
2020-03-16 04:59:45.029 1448 INFO rally.task.runner [-] Task 0590fa21-b0dd-4b3c-994d-5bd89bec2dbe | ITER: 28 END: OK
2020-03-16 04:59:45.484 1428 INFO rally.task.runner [-] Task 0590fa21-b0dd-4b3c-994d-5bd89bec2dbe | ITER: 39 END: OK
2020-03-16 04:59:46.305 1436 INFO rally.task.runner [-] Task 0590fa21-b0dd-4b3c-994d-5bd89bec2dbe | ITER: 37 END: OK
2020-03-16 04:59:46.323 1418 INFO rally.task.runner [-] Task 0590fa21-b0dd-4b3c-994d-5bd89bec2dbe | ITER: 34 END: OK
2020-03-16 04:59:46.535 1440 INFO rally.task.runner [-] Task 0590fa21-b0dd-4b3c-994d-5bd89bec2dbe | ITER: 31 END: OK
2020-03-16 04:59:46.844 1406 INFO rally.task.runner [-] Task 0590fa21-b0dd-4b3c-994d-5bd89bec2dbe | ITER: 30 END: OK
2020-03-16 04:59:46.848 1447 INFO rally.task.runner [-] Task 0590fa21-b0dd-4b3c-994d-5bd89bec2dbe | ITER: 32 END: OK
2020-03-16 04:59:47.167 1452 INFO rally.task.runner [-] Task 0590fa21-b0dd-4b3c-994d-5bd89bec2dbe | ITER: 35 END: OK
2020-03-16 04:59:47.259 1417 INFO rally.task.runner [-] Task 0590fa21-b0dd-4b3c-994d-5bd89bec2dbe | ITER: 40 END: OK
2020-03-16 04:59:47.416 1408 INFO rally.task.runner [-] Task 0590fa21-b0dd-4b3c-994d-5bd89bec2dbe | ITER: 29 END: OK
2020-03-16 04:59:47.416 1405 INFO rally.task.runner [-] Task 0590fa21-b0dd-4b3c-994d-5bd89bec2dbe | ITER: 38 END: OK
2020-03-16 04:59:47.626 1444 INFO rally.task.runner [-] Task 0590fa21-b0dd-4b3c-994d-5bd89bec2dbe | ITER: 36 END: OK
2020-03-16 04:59:47.631 1426 INFO rally.task.runner [-] Task 0590fa21-b0dd-4b3c-994d-5bd89bec2dbe | ITER: 33 END: OK
2020-03-16 04:59:47.657 15 INFO rally.task.context [-] Task 0590fa21-b0dd-4b3c-994d-5bd89bec2dbe | Context cleanup@openstack cleanup() started
2020-03-16 04:59:47.660 15 RALLYDEBUG rally_openstack.cleanup.manager [-] Cleaning up neutron vip objects
2020-03-16 04:59:47.854 15 RALLYDEBUG rally_openstack.cleanup.manager [-] Cleaning up neutron health_monitor objects
2020-03-16 04:59:48.090 15 RALLYDEBUG rally_openstack.cleanup.manager [-] Cleaning up neutron pool objects
2020-03-16 04:59:48.294 15 RALLYDEBUG rally_openstack.cleanup.manager [-] Cleaning up neutron loadbalancer objects
2020-03-16 04:59:48.498 15 RALLYDEBUG rally_openstack.cleanup.manager [-] Cleaning up neutron floatingip objects
2020-03-16 04:59:48.831 15 RALLYDEBUG rally_openstack.cleanup.manager [-] Cleaning up neutron trunk objects
2020-03-16 04:59:49.003 15 DEBUG neutronclient.v2_0.client [-] Error message: {"NeutronError": {"message": "Invalid input for operation: 'tenant_id' is not supported for filtering.", "type": "InvalidInput", "detail": ""}} _handle_fault_response /usr/lib/python2.7/site-packages/neutronclient/v2_0/client.py:259
2020-03-16 04:59:49.032 15 DEBUG neutronclient.v2_0.client [-] Error message: {"NeutronError": {"message": "Invalid input for operation: 'tenant_id' is not supported for filtering.", "type": "InvalidInput", "detail": ""}} _handle_fault_response /usr/lib/python2.7/site-packages/neutronclient/v2_0/client.py:259
2020-03-16 04:59:49.053 15 DEBUG neutronclient.v2_0.client [-] Error message: {"NeutronError": {"message": "Invalid input for operation: 'tenant_id' is not supported for filtering.", "type": "InvalidInput", "detail": ""}} _handle_fault_response /usr/lib/python2.7/site-packages/neutronclient/v2_0/client.py:259
2020-03-16 04:59:49.054 15 ERROR rally_openstack.cleanup.manager [-] Seems like rally_openstack.cleanup.resources.NeutronTrunk.list(self) method is broken. It shouldn't raise any exceptions.: BadRequest: Invalid input for operation: 'tenant_id' is not supported for filtering. Neutron server returns request_ids: ['req-772537e4-aa2b-42fb-80f0-9cab861a109c']
2020-03-16 04:59:49.054 15 ERROR rally_openstack.cleanup.manager
Traceback (most recent call last):
2020-03-16 04:59:49.054 15 ERROR rally_openstack.cleanup.manager
File "/usr/lib/python2.7/site-packages/rally_openstack/cleanup/manager.py", line 133, in _publish
2020-03-16 04:59:49.054 15 ERROR rally_openstack.cleanup.manager for raw_resource in rutils.retry(3, manager.list):
2020-03-16 04:59:49.054 15 ERROR rally_openstack.cleanup.manager
File "/usr/lib/python2.7/site-packages/rally/common/utils.py", line 230, in retry
2020-03-16 04:59:49.054 15 ERROR rally_openstack.cleanup.manager return func(*args, **kwargs)
2020-03-16 04:59:49.054 15 ERROR rally_openstack.cleanup.manager
File "/usr/lib/python2.7/site-packages/rally_openstack/cleanup/resources.py", line 396, in list
2020-03-16 04:59:49.054 15 ERROR rally_openstack.cleanup.manager return super(NeutronTrunk, self).list()
2020-03-16 04:59:49.054 15 ERROR rally_openstack.cleanup.manager
File "/usr/lib/python2.7/site-packages/rally_openstack/cleanup/resources.py", line 273, in list
2020-03-16 04:59:49.054 15 ERROR rally_openstack.cleanup.manager result = list_method(tenant_id=self.tenant_uuid)[resources]
2020-03-16 04:59:49.054 15 ERROR rally_openstack.cleanup.manager
File "/usr/lib/python2.7/site-packages/neutronclient/v2_0/client.py", line 2105, in list_trunks
2020-03-16 04:59:49.054 15 ERROR rally_openstack.cleanup.manager **_params)
2020-03-16 04:59:49.054 15 ERROR rally_openstack.cleanup.manager
File "/usr/lib/python2.7/site-packages/neutronclient/v2_0/client.py", line 369, in list
2020-03-16 04:59:49.054 15 ERROR rally_openstack.cleanup.manager for r in self._pagination(collection, path, **params):
2020-03-16 04:59:49.054 15 ERROR rally_openstack.cleanup.manager
File "/usr/lib/python2.7/site-packages/neutronclient/v2_0/client.py", line 384, in _pagination
2020-03-16 04:59:49.054 15 ERROR rally_openstack.cleanup.manager res = self.get(path, params=params)
2020-03-16 04:59:49.054 15 ERROR rally_openstack.cleanup.manager
File "/usr/lib/python2.7/site-packages/neutronclient/v2_0/client.py", line 354, in get
2020-03-16 04:59:49.054 15 ERROR rally_openstack.cleanup.manager headers=headers, params=params)
2020-03-16 04:59:49.054 15 ERROR rally_openstack.cleanup.manager
File "/usr/lib/python2.7/site-packages/neutronclient/v2_0/client.py", line 331, in retry_request
2020-03-16 04:59:49.054 15 ERROR rally_openstack.cleanup.manager headers=headers, params=params)
2020-03-16 04:59:49.054 15 ERROR rally_openstack.cleanup.manager
File "/usr/lib/python2.7/site-packages/neutronclient/v2_0/client.py", line 294, in do_request
2020-03-16 04:59:49.054 15 ERROR rally_openstack.cleanup.manager self._handle_fault_response(status_code, replybody, resp)
2020-03-16 04:59:49.054 15 ERROR rally_openstack.cleanup.manager
File "/usr/lib/python2.7/site-packages/neutronclient/v2_0/client.py", line 269, in _handle_fault_response
2020-03-16 04:59:49.054 15 ERROR rally_openstack.cleanup.manager exception_handler_v20(status_code, error_body)
2020-03-16 04:59:49.054 15 ERROR rally_openstack.cleanup.manager
File "/usr/lib/python2.7/site-packages/neutronclient/v2_0/client.py", line 93, in exception_handler_v20
2020-03-16 04:59:49.054 15 ERROR rally_openstack.cleanup.manager request_ids=request_ids)
2020-03-16 04:59:49.054 15 ERROR rally_openstack.cleanup.manager BadRequest: Invalid input for operation: 'tenant_id' is not supported for filtering.
2020-03-16 04:59:49.054 15 ERROR rally_openstack.cleanup.manager Neutron server returns request_ids: ['req-772537e4-aa2b-42fb-80f0-9cab861a109c']
2020-03-16 04:59:49.054 15 ERROR rally_openstack.cleanup.manager
2020-03-16 04:59:49.065 15 RALLYDEBUG rally_openstack.cleanup.manager [-] Cleaning up neutron port objects
2020-03-16 04:59:49.679 15 RALLYDEBUG rally_openstack.cleanup.manager [-] Cleaning up neutron subnet objects
2020-03-16 04:59:50.162 15 RALLYDEBUG rally_openstack.cleanup.manager [-] Deleting neutron.subnet object s_rally_70242a79_DSqgFgBH (0175776d-43ed-4bb2-9c9a-8a56f0338ff3)
2020-03-16 04:59:50.171 15 RALLYDEBUG rally_openstack.cleanup.manager [-] Deleting neutron.subnet object s_rally_70242a79_NRkRJf1v (0302996d-7c01-4078-be40-f32bee455a52)
2020-03-16 04:59:50.180 15 RALLYDEBUG rally_openstack.cleanup.manager [-] Deleting neutron.subnet object s_rally_70242a79_lwChedM7 (05c8b533-1c4d-4822-a3eb-662f5c847c3f)
2020-03-16 04:59:50.189 15 RALLYDEBUG rally_openstack.cleanup.manager [-] Deleting neutron.subnet object s_rally_70242a79_QvdsneVn (06a91939-62b4-45ce-bc7b-2bc86c3279ba)
2020-03-16 04:59:50.196 15 RALLYDEBUG rally_openstack.cleanup.manager [-] Deleting neutron.subnet object s_rally_70242a79_2KbdEVED (06d41c4f-305c-4329-aa41-acc1d285a3ac)
2020-03-16 04:59:50.217 15 RALLYDEBUG rally_openstack.cleanup.manager [-] Deleting neutron.subnet object s_rally_70242a79_OAHu7T1Y (0ad9d7ec-ba73-443d-8062-406022c4b303)
2020-03-16 04:59:50.247 15 RALLYDEBUG rally_openstack.cleanup.manager [-] Deleting neutron.subnet object s_rally_70242a79_1TUXyHKK (13bbd971-c0a1-4d43-aab8-505c405058c9)
2020-03-16 04:59:50.280 15 RALLYDEBUG rally_openstack.cleanup.manager [-] Deleting neutron.subnet object s_rally_70242a79_467eqFC7 (11fb9311-0898-4510-a271-d2769b63a2a8)
2020-03-16 04:59:50.285 15 RALLYDEBUG rally_openstack.cleanup.manager [-] Deleting neutron.subnet object s_rally_70242a79_UtagSylm (13ccdd74-f2e1-4c12-9098-553c57514317)
2020-03-16 04:59:50.289 15 RALLYDEBUG rally_openstack.cleanup.manager [-] Deleting neutron.subnet object s_rally_70242a79_5bczorCG (1020a4f9-f115-4e2a-b983-7c58c7dbb56f)
2020-03-16 04:59:50.313 15 RALLYDEBUG rally_openstack.cleanup.manager [-] Deleting neutron.subnet object s_rally_70242a79_VnzssUZu (09dd2968-d825-48d6-93fc-21730d359f39)
2020-03-16 04:59:50.330 15 RALLYDEBUG rally_openstack.cleanup.manager [-] Deleting neutron.subnet object s_rally_70242a79_VnuktkLe (25d50c11-e82a-4c4a-bd28-3d2c6a1d646f)
2020-03-16 04:59:50.339 15 RALLYDEBUG rally_openstack.cleanup.manager [-] Deleting neutron.subnet object s_rally_70242a79_piIMsAAq (2800cbe9-5c8a-4fa4-9196-9ae431b335f0)
2020-03-16 04:59:50.344 15 RALLYDEBUG rally_openstack.cleanup.manager [-] Deleting neutron.subnet object s_rally_70242a79_86YMWnMD (165a08fa-db5f-405f-9534-0efd363b9077)
2020-03-16 04:59:50.353 15 RALLYDEBUG rally_openstack.cleanup.manager [-] Deleting neutron.subnet object s_rally_70242a79_WmeNF5WU (1bf44afb-9192-48ab-8c86-ca6cc8b69be4)
2020-03-16 04:59:50.354 15 RALLYDEBUG rally_openstack.cleanup.manager [-] Deleting neutron.subnet object s_rally_70242a79_L5RlNc2T (15cada4d-70a7-4cd8-bfca-32afd9d71803)
2020-03-16 04:59:50.389 15 RALLYDEBUG rally_openstack.cleanup.manager [-] Deleting neutron.subnet object s_rally_70242a79_EaTkJFdg (304472aa-ab9a-4cd0-b54a-5f411ef5205d)
2020-03-16 04:59:50.414 15 RALLYDEBUG rally_openstack.cleanup.manager [-] Deleting neutron.subnet object s_rally_70242a79_Uy6Rfx03 (31892afc-c173-4544-9216-ce4ea58faff9)
2020-03-16 04:59:50.430 15 RALLYDEBUG rally_openstack.cleanup.manager [-] Deleting neutron.subnet object s_rally_70242a79_NkdGJkEx (304f0c36-abf3-4403-b6dd-f6c8912beaa1)
2020-03-16 04:59:50.469 15 RALLYDEBUG rally_openstack.cleanup.manager [-] Deleting neutron.subnet object s_rally_70242a79_6DGt2ln2 (357ab1a9-45e7-40c6-90a2-703becc13fb6)
2020-03-16 04:59:53.053 15 RALLYDEBUG rally_openstack.cleanup.manager [-] Deleting neutron.subnet object s_rally_70242a79_JYPgc7YF (35b9fd5e-4154-449b-b1cb-b7c1b54b0cc8)
2020-03-16 04:59:53.101 15 RALLYDEBUG rally_openstack.cleanup.manager [-] Deleting neutron.subnet object s_rally_70242a79_xvgKeMAi (36418b79-fd1a-41e8-b473-ac4ed1278ebd)
2020-03-16 04:59:53.174 15 RALLYDEBUG rally_openstack.cleanup.manager [-] Deleting neutron.subnet object s_rally_70242a79_Q98uPvwd (43ee6aa5-9251-4b2e-a9dc-1c406a63cafd)
2020-03-16 04:59:53.220 15 RALLYDEBUG rally_openstack.cleanup.manager [-] Deleting neutron.subnet object s_rally_70242a79_sy3M1XQp (450e87e0-e035-476b-93cd-dd093cbfab48)
2020-03-16 04:59:53.287 15 RALLYDEBUG rally_openstack.cleanup.manager [-] Deleting neutron.subnet object s_rally_70242a79_QIY7acSJ (4c5c48cd-8e50-46ee-b61a-b259cd405ee7)
2020-03-16 04:59:53.542 15 RALLYDEBUG rally_openstack.cleanup.manager [-] Deleting neutron.subnet object s_rally_70242a79_nU4iAUi0 (57f188ac-65ac-417d-99b8-4e615864ca1d)
2020-03-16 04:59:53.586 15 RALLYDEBUG rally_openstack.cleanup.manager [-] Deleting neutron.subnet object s_rally_70242a79_sYcJnDH6 (60b917bd-61d4-476c-b7b4-617cb00e96f0)
2020-03-16 04:59:53.591 15 RALLYDEBUG rally_openstack.cleanup.manager [-] Deleting neutron.subnet object s_rally_70242a79_YYuDFDQj (65494cf0-cf61-4ad2-9733-0fcdf656fda9)
2020-03-16 04:59:53.611 15 RALLYDEBUG rally_openstack.cleanup.manager [-] Deleting neutron.subnet object s_rally_70242a79_7dis8jlJ (693f0634-bf8a-47fb-bc7a-bbf9135433b0)
2020-03-16 04:59:53.615 15 RALLYDEBUG rally_openstack.cleanup.manager [-] Deleting neutron.subnet object s_rally_70242a79_WP5e7059 (6a612d10-d4d4-4fd6-861c-6bf1daf32d3f)
2020-03-16 04:59:53.617 15 RALLYDEBUG rally_openstack.cleanup.manager [-] Deleting neutron.subnet object s_rally_70242a79_YmSiWlTL (657b8754-f009-4529-937c-f75d2cb07c48)
2020-03-16 04:59:53.903 15 RALLYDEBUG rally_openstack.cleanup.manager [-] Deleting neutron.subnet object s_rally_70242a79_iQqPUhS3 (6ba5f8b9-c01d-4e3b-b592-3c9e7401d3c8)
2020-03-16 04:59:55.365 15 RALLYDEBUG rally_openstack.cleanup.manager [-] Deleting neutron.subnet object s_rally_70242a79_omWHDSXN (6ee18768-f88d-49d7-89d1-c2801e460e0d)
2020-03-16 04:59:55.384 15 RALLYDEBUG rally_openstack.cleanup.manager [-] Deleting neutron.subnet object s_rally_70242a79_kEwfecid (74993f7b-f713-4ba8-9a92-54ea357df5c3)
2020-03-16 04:59:55.597 15 RALLYDEBUG rally_openstack.cleanup.manager [-] Deleting neutron.subnet object s_rally_70242a79_OW3KQEuY (7a50e003-6976-4399-af7b-36c02ddd6452)
2020-03-16 04:59:55.738 15 RALLYDEBUG rally_openstack.cleanup.manager [-] Deleting neutron.subnet object s_rally_70242a79_0FuVWLI8 (7e8dbcbc-7cf0-495d-8847-fc09323504cd)
2020-03-16 04:59:55.875 15 RALLYDEBUG rally_openstack.cleanup.manager [-] Deleting neutron.subnet object s_rally_70242a79_VvRibRYG (80c17dbd-f41d-4983-b6e4-6c2cb441b16c)
2020-03-16 04:59:55.994 15 RALLYDEBUG rally_openstack.cleanup.manager [-] Deleting neutron.subnet object s_rally_70242a79_fvf9dylb (81a0a80f-5344-4abc-be22-88f4461a8f26)
2020-03-16 04:59:56.005 15 RALLYDEBUG rally_openstack.cleanup.manager [-] Deleting neutron.subnet object s_rally_70242a79_ibz8O0Wj (83eab964-dfbb-45e9-9e2a-80b150dec1f9)
2020-03-16 04:59:56.024 15 RALLYDEBUG rally_openstack.cleanup.manager [-] Deleting neutron.subnet object s_rally_70242a79_GRUwzI3E (86ebd7a1-7a26-4788-a1bc-2047435bb82f)
2020-03-16 04:59:56.042 15 RALLYDEBUG rally_openstack.cleanup.manager [-] Deleting neutron.subnet object s_rally_70242a79_PdkEEkZp (901b8d12-333b-4f99-8e35-2c161ad48b79)
2020-03-16 04:59:56.232 15 RALLYDEBUG rally_openstack.cleanup.manager [-] Deleting neutron.subnet object s_rally_70242a79_NBHitsI4 (90b202fc-8d58-4de6-b191-a50888987714)
2020-03-16 04:59:57.057 15 RALLYDEBUG rally_openstack.cleanup.manager [-] Deleting neutron.subnet object s_rally_70242a79_qnaCWz0p (98042169-2ecc-4ba9-8558-3d63b520880c)
2020-03-16 04:59:57.361 15 RALLYDEBUG rally_openstack.cleanup.manager [-] Deleting neutron.subnet object s_rally_70242a79_I4o3A7YG (981a8438-3855-493b-ab5a-fa529836129f)
2020-03-16 04:59:57.374 15 RALLYDEBUG rally_openstack.cleanup.manager [-] Deleting neutron.subnet object s_rally_70242a79_jR10SaUV (9967b4d8-6aa4-4dbd-ab5a-3e2cf460bb96)
2020-03-16 04:59:57.501 15 RALLYDEBUG rally_openstack.cleanup.manager [-] Deleting neutron.subnet object s_rally_70242a79_hiLESBKQ (99edbdf8-4f2c-4c95-b590-3a9297927c37)
2020-03-16 04:59:57.725 15 RALLYDEBUG rally_openstack.cleanup.manager [-] Deleting neutron.subnet object s_rally_70242a79_uEFVFF7L (9a166df5-e296-4a99-a05a-305ab2a8a1bf)
2020-03-16 04:59:57.971 15 RALLYDEBUG rally_openstack.cleanup.manager [-] Deleting neutron.subnet object s_rally_70242a79_zVkWATdz (9a42c4c3-f4ea-43e8-abd4-7100e7a44248)
2020-03-16 04:59:58.015 15 RALLYDEBUG rally_openstack.cleanup.manager [-] Deleting neutron.subnet object s_rally_70242a79_g21Y4hsb (a399dbf1-4a02-4181-bbdf-a44cd12cfbfa)
2020-03-16 04:59:58.148 15 RALLYDEBUG rally_openstack.cleanup.manager [-] Deleting neutron.subnet object s_rally_70242a79_hvHBqUlk (a573bbf0-ac26-4167-bed2-fd24c5575b41)
2020-03-16 04:59:58.267 15 RALLYDEBUG rally_openstack.cleanup.manager [-] Deleting neutron.subnet object s_rally_70242a79_q2y565IP (a910e736-6ea9-4c68-ad28-8298c9ee9c30)
2020-03-16 04:59:58.456 15 RALLYDEBUG rally_openstack.cleanup.manager [-] Deleting neutron.subnet object s_rally_70242a79_mTXFBTQP (aba9b30b-1cea-4238-80ef-cebb82f8f674)
2020-03-16 04:59:58.554 15 RALLYDEBUG rally_openstack.cleanup.manager [-] Deleting neutron.subnet object s_rally_70242a79_9IgxFnKH (ad78b121-eac9-480b-94c5-5e58c9a84c50)
2020-03-16 04:59:58.647 15 RALLYDEBUG rally_openstack.cleanup.manager [-] Deleting neutron.subnet object s_rally_70242a79_6S6D1Q8e (af9a2307-95e4-42e1-856c-b57bd60d3d59)
2020-03-16 04:59:59.097 15 RALLYDEBUG rally_openstack.cleanup.manager [-] Deleting neutron.subnet object s_rally_70242a79_5CcrSsE1 (b2d170d9-2835-4087-a582-24c1fc69995f)
2020-03-16 04:59:59.111 15 RALLYDEBUG rally_openstack.cleanup.manager [-] Deleting neutron.subnet object s_rally_70242a79_N5jzH3S1 (b395f73b-85a4-420a-86d5-d52d900e2fbd)
2020-03-16 04:59:59.116 15 RALLYDEBUG rally_openstack.cleanup.manager [-] Deleting neutron.subnet object s_rally_70242a79_7mfSMA62 (b42b66f3-9cc6-4373-a5ff-cf73db9ae887)
