2020-03-16 05:08:11.520 15 INFO rally.task.context [-] Task 0590fa21-b0dd-4b3c-994d-5bd89bec2dbe | Context quotas@openstack cleanup() started
2020-03-16 05:08:11.587 15 INFO rally.task.context [-] Task 0590fa21-b0dd-4b3c-994d-5bd89bec2dbe | Context quotas@openstack cleanup() finished in 67.58 msec
2020-03-16 05:08:11.588 15 INFO rally.task.context [-] Task 0590fa21-b0dd-4b3c-994d-5bd89bec2dbe | Context users@openstack cleanup() started
2020-03-16 05:08:13.274 15 INFO rally.task.context [-] Task 0590fa21-b0dd-4b3c-994d-5bd89bec2dbe | Context users@openstack cleanup() finished in 1.69 sec
2020-03-16 05:08:14.935 15 INFO rally.task.engine [-] Load duration is: 168.336238
2020-03-16 05:08:14.935 15 INFO rally.task.engine [-] Full runner duration is: 168.39184
2020-03-16 05:08:14.936 15 INFO rally.task.engine [-] Full duration is: 263.442039
2020-03-16 05:08:15.014 15 INFO rally.task.engine [-] Running workload: position = 1 config = { "version": 2, "title": "A cropped version of a bigger task.", "description": "Auto-generated task from a single workload (uuid=0d6e76a7-8f54-418b-a4fa-3d5e8e92b2f3)", "subtasks": [ { "title": "NeutronNetworks.create_and_update_routers", "description": "Create and update a given number of routers.", "scenario": { "NeutronNetworks.create_and_update_routers": { "network_create_args": {}, "subnet_create_args": {}, "subnet_cidr_start": "1.1.0.0/30", "subnets_per_network": 2, "router_create_args": {}, "router_update_args": { "admin_state_up": false, "name": "_router_updated" } } }, "contexts": { "users": { "tenants": 1, "users_per_tenant": 1 }, "quotas": { "neutron": { "network": -1, "subnet": -1, "router": -1 } } }, "runner": { "constant": { "times": 40, "concurrency": 20 } }, "hooks": [], "sla": { "failure_rate": { "max": 0 } } } ] }
2020-03-16 05:08:15.035 15 RALLYDEBUG rally_openstack.contexts.keystone.users [-] Creating 1 tenants using 20 threads
2020-03-16 05:08:15.457 15 RALLYDEBUG rally_openstack.contexts.keystone.users [-] Creating 1 users using 20 threads
2020-03-16 05:08:16.005 15 INFO rally.task.context [-] Task 0590fa21-b0dd-4b3c-994d-5bd89bec2dbe | Context users@openstack setup() finished in 0.97 sec
2020-03-16 05:08:16.494 15 INFO rally.task.context [-] Task 0590fa21-b0dd-4b3c-994d-5bd89bec2dbe | Context quotas@openstack setup() finished in 0.49 sec
2020-03-16 05:08:16.494 15 INFO rally.task.context [-] Task 0590fa21-b0dd-4b3c-994d-5bd89bec2dbe | Context cleanup@openstack setup() finished in 0.01 msec
2020-03-16 05:08:16.504 15 RALLYDEBUG rally.task.runner [-] Starting the constant runner (task UUID: 0590fa21-b0dd-4b3c-994d-5bd89bec2dbe). timeout: 0 concurrency: 20 concurrency_per_worker: 1 times: 40 concurrency_overhead: 0 processes_to_start: 20 max_cpu_used: 88
2020-03-16 05:08:16.518 3073 RALLYDEBUG rally.task.runner [-] Starting a worker. concurrency: 1 args: {"network_create_args": {}, "subnet_create_args": {}, "subnet_cidr_start": "1.1.0.0/30", "subnets_per_network": 2, "router_create_args": {}, "router_update_args": {"admin_state_up": false, "name": "_router_updated"}} times: 40 method_name: run timeout: 0 duration: None cls:
2020-03-16 05:08:16.523 3074 RALLYDEBUG rally.task.runner [-] Starting a worker. concurrency: 1 args: {"network_create_args": {}, "subnet_create_args": {}, "subnet_cidr_start": "1.1.0.0/30", "subnets_per_network": 2, "router_create_args": {}, "router_update_args": {"admin_state_up": false, "name": "_router_updated"}} times: 40 method_name: run timeout: 0 duration: None cls:
2020-03-16 05:08:16.524 3075 RALLYDEBUG rally.task.runner [-] Starting a worker. concurrency: 1 args: {"network_create_args": {}, "subnet_create_args": {}, "subnet_cidr_start": "1.1.0.0/30", "subnets_per_network": 2, "router_create_args": {}, "router_update_args": {"admin_state_up": false, "name": "_router_updated"}} times: 40 method_name: run timeout: 0 duration: None cls:
2020-03-16 05:08:16.528 3076 RALLYDEBUG rally.task.runner [-] Starting a worker. concurrency: 1 args: {"network_create_args": {}, "subnet_create_args": {}, "subnet_cidr_start": "1.1.0.0/30", "subnets_per_network": 2, "router_create_args": {}, "router_update_args": {"admin_state_up": false, "name": "_router_updated"}} times: 40 method_name: run timeout: 0 duration: None cls:
2020-03-16 05:08:16.530 3074 INFO rally.task.runner [-] Task 0590fa21-b0dd-4b3c-994d-5bd89bec2dbe | ITER: 2 START
2020-03-16 05:08:16.531 3073 INFO rally.task.runner [-] Task 0590fa21-b0dd-4b3c-994d-5bd89bec2dbe | ITER: 1 START
2020-03-16 05:08:16.531 3075 INFO rally.task.runner [-] Task 0590fa21-b0dd-4b3c-994d-5bd89bec2dbe | ITER: 3 START
2020-03-16 05:08:16.531 3078 RALLYDEBUG rally.task.runner [-] Starting a worker. concurrency: 1 args: {"network_create_args": {}, "subnet_create_args": {}, "subnet_cidr_start": "1.1.0.0/30", "subnets_per_network": 2, "router_create_args": {}, "router_update_args": {"admin_state_up": false, "name": "_router_updated"}} times: 40 method_name: run timeout: 0 duration: None cls:
2020-03-16 05:08:16.534 3076 INFO rally.task.runner [-] Task 0590fa21-b0dd-4b3c-994d-5bd89bec2dbe | ITER: 4 START
2020-03-16 05:08:16.535 3079 RALLYDEBUG rally.task.runner [-] Starting a worker. concurrency: 1 args: {"network_create_args": {}, "subnet_create_args": {}, "subnet_cidr_start": "1.1.0.0/30", "subnets_per_network": 2, "router_create_args": {}, "router_update_args": {"admin_state_up": false, "name": "_router_updated"}} times: 40 method_name: run timeout: 0 duration: None cls:
2020-03-16 05:08:16.538 3085 RALLYDEBUG rally.task.runner [-] Starting a worker. concurrency: 1 args: {"network_create_args": {}, "subnet_create_args": {}, "subnet_cidr_start": "1.1.0.0/30", "subnets_per_network": 2, "router_create_args": {}, "router_update_args": {"admin_state_up": false, "name": "_router_updated"}} times: 40 method_name: run timeout: 0 duration: None cls:
2020-03-16 05:08:16.540 3078 INFO rally.task.runner [-] Task 0590fa21-b0dd-4b3c-994d-5bd89bec2dbe | ITER: 5 START
2020-03-16 05:08:16.541 3088 RALLYDEBUG rally.task.runner [-] Starting a worker. concurrency: 1 args: {"network_create_args": {}, "subnet_create_args": {}, "subnet_cidr_start": "1.1.0.0/30", "subnets_per_network": 2, "router_create_args": {}, "router_update_args": {"admin_state_up": false, "name": "_router_updated"}} times: 40 method_name: run timeout: 0 duration: None cls:
2020-03-16 05:08:16.542 3079 INFO rally.task.runner [-] Task 0590fa21-b0dd-4b3c-994d-5bd89bec2dbe | ITER: 6 START
2020-03-16 05:08:16.544 3090 RALLYDEBUG rally.task.runner [-] Starting a worker. concurrency: 1 args: {"network_create_args": {}, "subnet_create_args": {}, "subnet_cidr_start": "1.1.0.0/30", "subnets_per_network": 2, "router_create_args": {}, "router_update_args": {"admin_state_up": false, "name": "_router_updated"}} times: 40 method_name: run timeout: 0 duration: None cls:
2020-03-16 05:08:16.548 3088 INFO rally.task.runner [-] Task 0590fa21-b0dd-4b3c-994d-5bd89bec2dbe | ITER: 8 START
2020-03-16 05:08:16.548 3085 INFO rally.task.runner [-] Task 0590fa21-b0dd-4b3c-994d-5bd89bec2dbe | ITER: 7 START
2020-03-16 05:08:16.551 3094 RALLYDEBUG rally.task.runner [-] Starting a worker. concurrency: 1 args: {"network_create_args": {}, "subnet_create_args": {}, "subnet_cidr_start": "1.1.0.0/30", "subnets_per_network": 2, "router_create_args": {}, "router_update_args": {"admin_state_up": false, "name": "_router_updated"}} times: 40 method_name: run timeout: 0 duration: None cls:
2020-03-16 05:08:16.552 3090 INFO rally.task.runner [-] Task 0590fa21-b0dd-4b3c-994d-5bd89bec2dbe | ITER: 9 START
2020-03-16 05:08:16.554 3098 RALLYDEBUG rally.task.runner [-] Starting a worker. concurrency: 1 args: {"network_create_args": {}, "subnet_create_args": {}, "subnet_cidr_start": "1.1.0.0/30", "subnets_per_network": 2, "router_create_args": {}, "router_update_args": {"admin_state_up": false, "name": "_router_updated"}} times: 40 method_name: run timeout: 0 duration: None cls:
2020-03-16 05:08:16.558 3094 INFO rally.task.runner [-] Task 0590fa21-b0dd-4b3c-994d-5bd89bec2dbe | ITER: 10 START
2020-03-16 05:08:16.557 3101 RALLYDEBUG rally.task.runner [-] Starting a worker. concurrency: 1 args: {"network_create_args": {}, "subnet_create_args": {}, "subnet_cidr_start": "1.1.0.0/30", "subnets_per_network": 2, "router_create_args": {}, "router_update_args": {"admin_state_up": false, "name": "_router_updated"}} times: 40 method_name: run timeout: 0 duration: None cls:
2020-03-16 05:08:16.560 3098 INFO rally.task.runner [-] Task 0590fa21-b0dd-4b3c-994d-5bd89bec2dbe | ITER: 11 START
2020-03-16 05:08:16.560 3103 RALLYDEBUG rally.task.runner [-] Starting a worker. concurrency: 1 args: {"network_create_args": {}, "subnet_create_args": {}, "subnet_cidr_start": "1.1.0.0/30", "subnets_per_network": 2, "router_create_args": {}, "router_update_args": {"admin_state_up": false, "name": "_router_updated"}} times: 40 method_name: run timeout: 0 duration: None cls:
2020-03-16 05:08:16.563 3101 INFO rally.task.runner [-] Task 0590fa21-b0dd-4b3c-994d-5bd89bec2dbe | ITER: 12 START
2020-03-16 05:08:16.563 3106 RALLYDEBUG rally.task.runner [-] Starting a worker. concurrency: 1 args: {"network_create_args": {}, "subnet_create_args": {}, "subnet_cidr_start": "1.1.0.0/30", "subnets_per_network": 2, "router_create_args": {}, "router_update_args": {"admin_state_up": false, "name": "_router_updated"}} times: 40 method_name: run timeout: 0 duration: None cls:
2020-03-16 05:08:16.566 3103 INFO rally.task.runner [-] Task 0590fa21-b0dd-4b3c-994d-5bd89bec2dbe | ITER: 13 START
2020-03-16 05:08:16.567 3109 RALLYDEBUG rally.task.runner [-] Starting a worker. concurrency: 1 args: {"network_create_args": {}, "subnet_create_args": {}, "subnet_cidr_start": "1.1.0.0/30", "subnets_per_network": 2, "router_create_args": {}, "router_update_args": {"admin_state_up": false, "name": "_router_updated"}} times: 40 method_name: run timeout: 0 duration: None cls:
2020-03-16 05:08:16.569 3106 INFO rally.task.runner [-] Task 0590fa21-b0dd-4b3c-994d-5bd89bec2dbe | ITER: 14 START
2020-03-16 05:08:16.570 3112 RALLYDEBUG rally.task.runner [-] Starting a worker. concurrency: 1 args: {"network_create_args": {}, "subnet_create_args": {}, "subnet_cidr_start": "1.1.0.0/30", "subnets_per_network": 2, "router_create_args": {}, "router_update_args": {"admin_state_up": false, "name": "_router_updated"}} times: 40 method_name: run timeout: 0 duration: None cls:
2020-03-16 05:08:16.573 3109 INFO rally.task.runner [-] Task 0590fa21-b0dd-4b3c-994d-5bd89bec2dbe | ITER: 15 START
2020-03-16 05:08:16.574 3115 RALLYDEBUG rally.task.runner [-] Starting a worker. concurrency: 1 args: {"network_create_args": {}, "subnet_create_args": {}, "subnet_cidr_start": "1.1.0.0/30", "subnets_per_network": 2, "router_create_args": {}, "router_update_args": {"admin_state_up": false, "name": "_router_updated"}} times: 40 method_name: run timeout: 0 duration: None cls:
2020-03-16 05:08:16.576 3112 INFO rally.task.runner [-] Task 0590fa21-b0dd-4b3c-994d-5bd89bec2dbe | ITER: 16 START
2020-03-16 05:08:16.579 3118 RALLYDEBUG rally.task.runner [-] Starting a worker. concurrency: 1 args: {"network_create_args": {}, "subnet_create_args": {}, "subnet_cidr_start": "1.1.0.0/30", "subnets_per_network": 2, "router_create_args": {}, "router_update_args": {"admin_state_up": false, "name": "_router_updated"}} times: 40 method_name: run timeout: 0 duration: None cls:
2020-03-16 05:08:16.581 3115 INFO rally.task.runner [-] Task 0590fa21-b0dd-4b3c-994d-5bd89bec2dbe | ITER: 17 START
2020-03-16 05:08:16.581 3121 RALLYDEBUG rally.task.runner [-] Starting a worker. concurrency: 1 args: {"network_create_args": {}, "subnet_create_args": {}, "subnet_cidr_start": "1.1.0.0/30", "subnets_per_network": 2, "router_create_args": {}, "router_update_args": {"admin_state_up": false, "name": "_router_updated"}} times: 40 method_name: run timeout: 0 duration: None cls:
2020-03-16 05:08:16.584 3124 RALLYDEBUG rally.task.runner [-] Starting a worker. concurrency: 1 args: {"network_create_args": {}, "subnet_create_args": {}, "subnet_cidr_start": "1.1.0.0/30", "subnets_per_network": 2, "router_create_args": {}, "router_update_args": {"admin_state_up": false, "name": "_router_updated"}} times: 40 method_name: run timeout: 0 duration: None cls:
2020-03-16 05:08:16.585 3118 INFO rally.task.runner [-] Task 0590fa21-b0dd-4b3c-994d-5bd89bec2dbe | ITER: 18 START
2020-03-16 05:08:16.588 3121 INFO rally.task.runner [-] Task 0590fa21-b0dd-4b3c-994d-5bd89bec2dbe | ITER: 19 START
2020-03-16 05:08:16.590 3124 INFO rally.task.runner [-] Task 0590fa21-b0dd-4b3c-994d-5bd89bec2dbe | ITER: 20 START
2020-03-16 05:08:19.267 3073 RALLYDEBUG rally_openstack.wrappers.network [-] CIDR generated: 1.1.6.224/30
2020-03-16 05:08:20.314 3088 RALLYDEBUG rally_openstack.wrappers.network [-] CIDR generated: 1.1.6.228/30
2020-03-16 05:08:20.617 3076 RALLYDEBUG rally_openstack.wrappers.network [-] CIDR generated: 1.1.6.232/30
2020-03-16 05:08:20.675 3112 RALLYDEBUG rally_openstack.wrappers.network [-] CIDR generated: 1.1.6.236/30
2020-03-16 05:08:20.795 3078 RALLYDEBUG rally_openstack.wrappers.network [-] CIDR generated: 1.1.6.240/30
2020-03-16 05:08:20.875 3075 RALLYDEBUG rally_openstack.wrappers.network [-] CIDR generated: 1.1.6.244/30
2020-03-16 05:08:20.905 3090 RALLYDEBUG rally_openstack.wrappers.network [-] CIDR generated: 1.1.6.248/30
2020-03-16 05:08:20.948 3074 RALLYDEBUG rally_openstack.wrappers.network [-] CIDR generated: 1.1.6.252/30
2020-03-16 05:08:21.048 3118 RALLYDEBUG rally_openstack.wrappers.network [-] CIDR generated: 1.1.7.0/30
2020-03-16 05:08:21.066 3106 RALLYDEBUG rally_openstack.wrappers.network [-] CIDR generated: 1.1.7.4/30
2020-03-16 05:08:21.092 3115 RALLYDEBUG rally_openstack.wrappers.network [-] CIDR generated: 1.1.7.8/30
2020-03-16 05:08:21.153 3079 RALLYDEBUG rally_openstack.wrappers.network [-] CIDR generated: 1.1.7.12/30
2020-03-16 05:08:21.186 3094 RALLYDEBUG rally_openstack.wrappers.network [-] CIDR generated: 1.1.7.16/30
2020-03-16 05:08:21.224 3085 RALLYDEBUG rally_openstack.wrappers.network [-] CIDR generated: 1.1.7.20/30
2020-03-16 05:08:21.296 3121 RALLYDEBUG rally_openstack.wrappers.network [-] CIDR generated: 1.1.7.24/30
2020-03-16 05:08:21.352 3101 RALLYDEBUG rally_openstack.wrappers.network [-] CIDR generated: 1.1.7.28/30
2020-03-16 05:08:21.476 3124 RALLYDEBUG rally_openstack.wrappers.network [-] CIDR generated: 1.1.7.32/30
2020-03-16 05:08:21.673 3103 RALLYDEBUG rally_openstack.wrappers.network [-] CIDR generated: 1.1.7.36/30
2020-03-16 05:08:21.903 3109 RALLYDEBUG rally_openstack.wrappers.network [-] CIDR generated: 1.1.7.40/30
2020-03-16 05:08:22.894 3098 RALLYDEBUG rally_openstack.wrappers.network [-] CIDR generated: 1.1.7.44/30
2020-03-16 05:08:27.697 3073 RALLYDEBUG rally_openstack.wrappers.network [-] CIDR generated: 1.1.7.48/30
2020-03-16 05:08:27.869 3088 RALLYDEBUG rally_openstack.wrappers.network [-] CIDR generated: 1.1.7.52/30
2020-03-16 05:08:28.001 3106 RALLYDEBUG rally_openstack.wrappers.network [-] CIDR generated: 1.1.7.56/30
2020-03-16 05:08:28.100 3074 RALLYDEBUG rally_openstack.wrappers.network [-] CIDR generated: 1.1.7.60/30
2020-03-16 05:08:28.133 3078 RALLYDEBUG rally_openstack.wrappers.network [-] CIDR generated: 1.1.7.64/30
2020-03-16 05:08:28.151 3090 RALLYDEBUG rally_openstack.wrappers.network [-] CIDR generated: 1.1.7.68/30
2020-03-16 05:08:28.250 3076 RALLYDEBUG rally_openstack.wrappers.network [-] CIDR generated: 1.1.7.72/30
2020-03-16 05:08:28.325 3118 RALLYDEBUG rally_openstack.wrappers.network [-] CIDR generated: 1.1.7.76/30
2020-03-16 05:08:28.367 3075 RALLYDEBUG rally_openstack.wrappers.network [-] CIDR generated: 1.1.7.80/30
2020-03-16 05:08:28.798 3094 RALLYDEBUG rally_openstack.wrappers.network [-] CIDR generated: 1.1.7.84/30
2020-03-16 05:08:29.257 3115 RALLYDEBUG rally_openstack.wrappers.network [-] CIDR generated: 1.1.7.88/30
2020-03-16 05:08:29.726 3124 RALLYDEBUG rally_openstack.wrappers.network [-] CIDR generated: 1.1.7.92/30
2020-03-16 05:08:29.900 3112 RALLYDEBUG rally_openstack.wrappers.network [-] CIDR generated: 1.1.7.96/30
2020-03-16 05:08:30.178 3085 RALLYDEBUG rally_openstack.wrappers.network [-] CIDR generated: 1.1.7.100/30
2020-03-16 05:08:30.289 3098 RALLYDEBUG rally_openstack.wrappers.network [-] CIDR generated: 1.1.7.104/30
2020-03-16 05:08:30.353 3121 RALLYDEBUG rally_openstack.wrappers.network [-] CIDR generated: 1.1.7.108/30
2020-03-16 05:08:30.636 3079 RALLYDEBUG rally_openstack.wrappers.network [-] CIDR generated: 1.1.7.112/30
2020-03-16 05:08:30.656 3109 RALLYDEBUG rally_openstack.wrappers.network [-] CIDR generated: 1.1.7.116/30
2020-03-16 05:08:30.684 3103 RALLYDEBUG rally_openstack.wrappers.network [-] CIDR generated: 1.1.7.120/30
2020-03-16 05:08:31.622 3101 RALLYDEBUG rally_openstack.wrappers.network [-] CIDR generated: 1.1.7.124/30
2020-03-16 05:09:08.117 3098 INFO rally.task.runner [-] Task 0590fa21-b0dd-4b3c-994d-5bd89bec2dbe | ITER: 11 END: OK
2020-03-16 05:09:08.125 3098 INFO rally.task.runner [-] Task 0590fa21-b0dd-4b3c-994d-5bd89bec2dbe | ITER: 21 START
2020-03-16 05:09:10.937 3098 RALLYDEBUG rally_openstack.wrappers.network [-] CIDR generated: 1.1.7.128/30
2020-03-16 05:09:12.583 3078 INFO rally.task.runner [-] Task 0590fa21-b0dd-4b3c-994d-5bd89bec2dbe | ITER: 5 END: OK
2020-03-16 05:09:12.591 3078 INFO rally.task.runner [-] Task 0590fa21-b0dd-4b3c-994d-5bd89bec2dbe | ITER: 22 START
2020-03-16 05:09:12.696 3112 INFO rally.task.runner [-] Task 0590fa21-b0dd-4b3c-994d-5bd89bec2dbe | ITER: 16 END: OK
2020-03-16 05:09:12.703 3112 INFO rally.task.runner [-] Task 0590fa21-b0dd-4b3c-994d-5bd89bec2dbe | ITER: 23 START
2020-03-16 05:09:15.396 3078 RALLYDEBUG rally_openstack.wrappers.network [-] CIDR generated: 1.1.7.132/30
2020-03-16 05:09:15.560 3112 RALLYDEBUG rally_openstack.wrappers.network [-] CIDR generated: 1.1.7.136/30
2020-03-16 05:09:16.093 3098 RALLYDEBUG rally_openstack.wrappers.network [-] CIDR generated: 1.1.7.140/30
2020-03-16 05:09:16.464 3106 INFO rally.task.runner [-] Task 0590fa21-b0dd-4b3c-994d-5bd89bec2dbe | ITER: 14 END: OK
2020-03-16 05:09:16.472 3106 INFO rally.task.runner [-] Task 0590fa21-b0dd-4b3c-994d-5bd89bec2dbe | ITER: 24 START
2020-03-16 05:09:18.351 3076 INFO rally.task.runner [-] Task 0590fa21-b0dd-4b3c-994d-5bd89bec2dbe | ITER: 4 END: OK
2020-03-16 05:09:18.359 3076 INFO rally.task.runner [-] Task 0590fa21-b0dd-4b3c-994d-5bd89bec2dbe | ITER: 25 START
2020-03-16 05:09:18.551 3085 INFO rally.task.runner [-] Task 0590fa21-b0dd-4b3c-994d-5bd89bec2dbe | ITER: 7 END: OK
2020-03-16 05:09:18.559 3085 INFO rally.task.runner [-] Task 0590fa21-b0dd-4b3c-994d-5bd89bec2dbe | ITER: 26 START
2020-03-16 05:09:18.566 3090 INFO rally.task.runner [-] Task 0590fa21-b0dd-4b3c-994d-5bd89bec2dbe | ITER: 9 END: OK
2020-03-16 05:09:18.574 3090 INFO rally.task.runner [-] Task 0590fa21-b0dd-4b3c-994d-5bd89bec2dbe | ITER: 27 START
2020-03-16 05:09:18.580 3115 INFO rally.task.runner [-] Task 0590fa21-b0dd-4b3c-994d-5bd89bec2dbe | ITER: 17 END: OK
2020-03-16 05:09:18.588 3115 INFO rally.task.runner [-] Task 0590fa21-b0dd-4b3c-994d-5bd89bec2dbe | ITER: 28 START
2020-03-16 05:09:19.001 3121 INFO rally.task.runner [-] Task 0590fa21-b0dd-4b3c-994d-5bd89bec2dbe | ITER: 19 END: OK
2020-03-16 05:09:19.008 3121 INFO rally.task.runner [-] Task 0590fa21-b0dd-4b3c-994d-5bd89bec2dbe | ITER: 29 START
2020-03-16 05:09:19.933 3109 INFO rally.task.runner [-] Task 0590fa21-b0dd-4b3c-994d-5bd89bec2dbe | ITER: 15 END: OK
2020-03-16 05:09:19.940 3109 INFO rally.task.runner [-] Task 0590fa21-b0dd-4b3c-994d-5bd89bec2dbe | ITER: 30 START
2020-03-16 05:09:20.756 3106 RALLYDEBUG rally_openstack.wrappers.network [-] CIDR generated: 1.1.7.144/30
2020-03-16 05:09:22.006 3085 RALLYDEBUG rally_openstack.wrappers.network [-] CIDR generated: 1.1.7.148/30
2020-03-16 05:09:22.058 3076 RALLYDEBUG rally_openstack.wrappers.network [-] CIDR generated: 1.1.7.152/30
2020-03-16 05:09:22.093 3115 RALLYDEBUG rally_openstack.wrappers.network [-] CIDR generated: 1.1.7.156/30
2020-03-16 05:09:22.116 3090 RALLYDEBUG rally_openstack.wrappers.network [-] CIDR generated: 1.1.7.160/30
2020-03-16 05:09:22.243 3078 RALLYDEBUG rally_openstack.wrappers.network [-] CIDR generated: 1.1.7.164/30
2020-03-16 05:09:22.254 3112 RALLYDEBUG rally_openstack.wrappers.network [-] CIDR generated: 1.1.7.168/30
2020-03-16 05:09:22.344 3121 RALLYDEBUG rally_openstack.wrappers.network [-] CIDR generated: 1.1.7.172/30
2020-03-16 05:09:22.461 3109 RALLYDEBUG rally_openstack.wrappers.network [-] CIDR generated: 1.1.7.176/30
2020-03-16 05:09:25.244 3085 RALLYDEBUG rally_openstack.wrappers.network [-] CIDR generated: 1.1.7.180/30
2020-03-16 05:09:25.263 3076 RALLYDEBUG rally_openstack.wrappers.network [-] CIDR generated: 1.1.7.184/30
2020-03-16 05:09:25.274 3115 RALLYDEBUG rally_openstack.wrappers.network [-] CIDR generated: 1.1.7.188/30
2020-03-16 05:09:25.545 3074 INFO rally.task.runner [-] Task 0590fa21-b0dd-4b3c-994d-5bd89bec2dbe | ITER: 2 END: OK
2020-03-16 05:09:25.553 3074 INFO rally.task.runner [-] Task 0590fa21-b0dd-4b3c-994d-5bd89bec2dbe | ITER: 31 START
2020-03-16 05:09:27.105 3106 RALLYDEBUG rally_openstack.wrappers.network [-] CIDR generated: 1.1.7.192/30
2020-03-16 05:09:27.161 3124 INFO rally.task.runner [-] Task 0590fa21-b0dd-4b3c-994d-5bd89bec2dbe | ITER: 20 END: OK
2020-03-16 05:09:27.169 3124 INFO rally.task.runner [-] Task 0590fa21-b0dd-4b3c-994d-5bd89bec2dbe | ITER: 32 START
2020-03-16 05:09:27.194 3103 INFO rally.task.runner [-] Task 0590fa21-b0dd-4b3c-994d-5bd89bec2dbe | ITER: 13 END: OK
2020-03-16 05:09:27.202 3103 INFO rally.task.runner [-] Task 0590fa21-b0dd-4b3c-994d-5bd89bec2dbe | ITER: 33 START
2020-03-16 05:09:29.222 3109 RALLYDEBUG rally_openstack.wrappers.network [-] CIDR generated: 1.1.7.196/30
2020-03-16 05:09:29.331 3121 RALLYDEBUG rally_openstack.wrappers.network [-] CIDR generated: 1.1.7.200/30
2020-03-16 05:09:31.146 3074 RALLYDEBUG rally_openstack.wrappers.network [-] CIDR generated: 1.1.7.204/30
2020-03-16 05:09:31.176 3090 RALLYDEBUG rally_openstack.wrappers.network [-] CIDR generated: 1.1.7.208/30
2020-03-16 05:09:31.750 3079 INFO rally.task.runner [-] Task 0590fa21-b0dd-4b3c-994d-5bd89bec2dbe | ITER: 6 END: OK
2020-03-16 05:09:31.757 3079 INFO rally.task.runner [-] Task 0590fa21-b0dd-4b3c-994d-5bd89bec2dbe | ITER: 34 START
2020-03-16 05:09:32.565 3103 RALLYDEBUG rally_openstack.wrappers.network [-] CIDR generated: 1.1.7.212/30
2020-03-16 05:09:33.061 3124 RALLYDEBUG rally_openstack.wrappers.network [-] CIDR generated: 1.1.7.216/30
2020-03-16 05:09:36.777 3073 INFO rally.task.runner [-] Task 0590fa21-b0dd-4b3c-994d-5bd89bec2dbe | ITER: 1 END: OK
2020-03-16 05:09:36.785 3073 INFO rally.task.runner [-] Task 0590fa21-b0dd-4b3c-994d-5bd89bec2dbe | ITER: 35 START
2020-03-16 05:09:36.905 3118 INFO rally.task.runner [-] Task 0590fa21-b0dd-4b3c-994d-5bd89bec2dbe | ITER: 18 END: OK
2020-03-16 05:09:36.914 3118 INFO rally.task.runner [-] Task 0590fa21-b0dd-4b3c-994d-5bd89bec2dbe | ITER: 36 START
2020-03-16 05:09:37.035 3079 RALLYDEBUG rally_openstack.wrappers.network [-] CIDR generated: 1.1.7.220/30
2020-03-16 05:09:39.421 3074 RALLYDEBUG rally_openstack.wrappers.network [-] CIDR generated: 1.1.7.224/30
2020-03-16 05:09:42.237 3073 RALLYDEBUG rally_openstack.wrappers.network [-] CIDR generated: 1.1.7.228/30
2020-03-16 05:09:42.622 3118 RALLYDEBUG rally_openstack.wrappers.network [-] CIDR generated: 1.1.7.232/30
2020-03-16 05:09:45.773 3124 RALLYDEBUG rally_openstack.wrappers.network [-] CIDR generated: 1.1.7.236/30
2020-03-16 05:09:45.817 3103 RALLYDEBUG rally_openstack.wrappers.network [-] CIDR generated: 1.1.7.240/30
2020-03-16 05:09:47.165 3079 RALLYDEBUG rally_openstack.wrappers.network [-] CIDR generated: 1.1.7.244/30
2020-03-16 05:09:48.756 3073 RALLYDEBUG rally_openstack.wrappers.network [-] CIDR generated: 1.1.7.248/30
2020-03-16 05:09:48.875 3118 RALLYDEBUG rally_openstack.wrappers.network [-] CIDR generated: 1.1.7.252/30
2020-03-16 05:09:56.047 3094 INFO rally.task.runner [-] Task 0590fa21-b0dd-4b3c-994d-5bd89bec2dbe | ITER: 10 END: OK
2020-03-16 05:09:56.053 3094 INFO rally.task.runner [-] Task 0590fa21-b0dd-4b3c-994d-5bd89bec2dbe | ITER: 37 START
2020-03-16 05:09:56.562 3101 INFO rally.task.runner [-] Task 0590fa21-b0dd-4b3c-994d-5bd89bec2dbe | ITER: 12 END: OK
2020-03-16 05:09:56.570 3101 INFO rally.task.runner [-] Task 0590fa21-b0dd-4b3c-994d-5bd89bec2dbe | ITER: 38 START
2020-03-16 05:09:56.594 3088 INFO rally.task.runner [-] Task 0590fa21-b0dd-4b3c-994d-5bd89bec2dbe | ITER: 8 END: OK
2020-03-16 05:09:56.602 3088 INFO rally.task.runner [-] Task 0590fa21-b0dd-4b3c-994d-5bd89bec2dbe | ITER: 39 START
2020-03-16 05:09:56.667 3075 INFO rally.task.runner [-] Task 0590fa21-b0dd-4b3c-994d-5bd89bec2dbe | ITER: 3 END: OK
2020-03-16 05:09:56.674 3075 INFO rally.task.runner [-] Task 0590fa21-b0dd-4b3c-994d-5bd89bec2dbe | ITER: 40 START
2020-03-16 05:09:58.719 3094 RALLYDEBUG rally_openstack.wrappers.network [-] CIDR generated: 1.1.8.0/30
2020-03-16 05:09:58.753 3101 RALLYDEBUG rally_openstack.wrappers.network [-] CIDR generated: 1.1.8.4/30
2020-03-16 05:09:58.977 3075 RALLYDEBUG rally_openstack.wrappers.network [-] CIDR generated: 1.1.8.8/30
2020-03-16 05:09:59.191 3088 RALLYDEBUG rally_openstack.wrappers.network [-] CIDR generated: 1.1.8.12/30
2020-03-16 05:10:04.331 3094 RALLYDEBUG rally_openstack.wrappers.network [-] CIDR generated: 1.1.8.16/30
2020-03-16 05:10:04.590 3088 RALLYDEBUG rally_openstack.wrappers.network [-] CIDR generated: 1.1.8.20/30
2020-03-16 05:10:04.939 3075 RALLYDEBUG rally_openstack.wrappers.network [-] CIDR generated: 1.1.8.24/30
2020-03-16 05:10:04.954 3101 RALLYDEBUG rally_openstack.wrappers.network [-] CIDR generated: 1.1.8.28/30
2020-03-16 05:10:19.039 3098 INFO rally.task.runner [-] Task 0590fa21-b0dd-4b3c-994d-5bd89bec2dbe | ITER: 21 END: OK
2020-03-16 05:10:23.021 3112 INFO rally.task.runner [-] Task 0590fa21-b0dd-4b3c-994d-5bd89bec2dbe | ITER: 23 END: OK
2020-03-16 05:10:26.921 3085 INFO rally.task.runner [-] Task 0590fa21-b0dd-4b3c-994d-5bd89bec2dbe | ITER: 26 END: OK
2020-03-16 05:10:27.280 3109 INFO rally.task.runner [-] Task 0590fa21-b0dd-4b3c-994d-5bd89bec2dbe | ITER: 30 END: OK
2020-03-16 05:10:28.053 3121 INFO rally.task.runner [-] Task 0590fa21-b0dd-4b3c-994d-5bd89bec2dbe | ITER: 29 END: OK
2020-03-16 05:10:29.075 3078 INFO rally.task.runner [-] Task 0590fa21-b0dd-4b3c-994d-5bd89bec2dbe | ITER: 22 END: OK
2020-03-16 05:10:29.996 3076 INFO rally.task.runner [-] Task 0590fa21-b0dd-4b3c-994d-5bd89bec2dbe | ITER: 25 END: OK
2020-03-16 05:10:30.015 3115 INFO rally.task.runner [-] Task 0590fa21-b0dd-4b3c-994d-5bd89bec2dbe | ITER: 28 END: OK
2020-03-16 05:10:30.473 3106 INFO rally.task.runner [-] Task 0590fa21-b0dd-4b3c-994d-5bd89bec2dbe | ITER: 24 END: OK
2020-03-16 05:10:31.054 3074 INFO rally.task.runner [-] Task 0590fa21-b0dd-4b3c-994d-5bd89bec2dbe | ITER: 31 END: OK
2020-03-16 05:10:33.052 3090 INFO rally.task.runner [-] Task 0590fa21-b0dd-4b3c-994d-5bd89bec2dbe | ITER: 27 END: OK
2020-03-16 05:10:33.574 3103 INFO rally.task.runner [-] Task 0590fa21-b0dd-4b3c-994d-5bd89bec2dbe | ITER: 33 END: OK
2020-03-16 05:10:34.237 3124 INFO rally.task.runner [-] Task 0590fa21-b0dd-4b3c-994d-5bd89bec2dbe | ITER: 32 END: OK
2020-03-16 05:10:35.980 3073 INFO rally.task.runner [-] Task 0590fa21-b0dd-4b3c-994d-5bd89bec2dbe | ITER: 35 END: OK
2020-03-16 05:10:35.982 3118 INFO rally.task.runner [-] Task 0590fa21-b0dd-4b3c-994d-5bd89bec2dbe | ITER: 36 END: OK
2020-03-16 05:10:39.149 3079 INFO rally.task.runner [-] Task 0590fa21-b0dd-4b3c-994d-5bd89bec2dbe | ITER: 34 END: OK
2020-03-16 05:10:44.450 3094 INFO rally.task.runner [-] Task 0590fa21-b0dd-4b3c-994d-5bd89bec2dbe | ITER: 37 END: OK
2020-03-16 05:10:47.814 3088 INFO rally.task.runner [-] Task 0590fa21-b0dd-4b3c-994d-5bd89bec2dbe | ITER: 39 END: OK
2020-03-16 05:10:51.851 3075 INFO rally.task.runner [-] Task 0590fa21-b0dd-4b3c-994d-5bd89bec2dbe | ITER: 40 END: OK
2020-03-16 05:10:52.042 3101 INFO rally.task.runner [-] Task 0590fa21-b0dd-4b3c-994d-5bd89bec2dbe | ITER: 38 END: OK
2020-03-16 05:10:52.073 15 INFO rally.task.context [-] Task 0590fa21-b0dd-4b3c-994d-5bd89bec2dbe | Context cleanup@openstack cleanup() started
2020-03-16 05:10:52.076 15 RALLYDEBUG rally_openstack.cleanup.manager [-] Cleaning up neutron vip objects
2020-03-16 05:10:52.267 15 RALLYDEBUG rally_openstack.cleanup.manager [-] Cleaning up neutron health_monitor objects
2020-03-16 05:10:52.473 15 RALLYDEBUG rally_openstack.cleanup.manager [-] Cleaning up neutron pool objects
2020-03-16 05:10:52.653 15 RALLYDEBUG rally_openstack.cleanup.manager [-] Cleaning up neutron loadbalancer objects
2020-03-16 05:10:52.835 15 RALLYDEBUG rally_openstack.cleanup.manager [-] Cleaning up neutron floatingip objects
2020-03-16 05:10:53.052 15 RALLYDEBUG rally_openstack.cleanup.manager [-] Cleaning up neutron trunk objects
2020-03-16 05:10:53.222 15 DEBUG neutronclient.v2_0.client [-] Error message: {"NeutronError": {"message": "Invalid input for operation: 'tenant_id' is not supported for filtering.", "type": "InvalidInput", "detail": ""}} _handle_fault_response /usr/lib/python2.7/site-packages/neutronclient/v2_0/client.py:259
2020-03-16 05:10:53.252 15 DEBUG neutronclient.v2_0.client [-] Error message: {"NeutronError": {"message": "Invalid input for operation: 'tenant_id' is not supported for filtering.", "type": "InvalidInput", "detail": ""}} _handle_fault_response /usr/lib/python2.7/site-packages/neutronclient/v2_0/client.py:259
2020-03-16 05:10:53.280 15 DEBUG neutronclient.v2_0.client [-] Error message: {"NeutronError": {"message": "Invalid input for operation: 'tenant_id' is not supported for filtering.", "type": "InvalidInput", "detail": ""}} _handle_fault_response /usr/lib/python2.7/site-packages/neutronclient/v2_0/client.py:259
2020-03-16 05:10:53.281 15 ERROR rally_openstack.cleanup.manager [-] Seems like rally_openstack.cleanup.resources.NeutronTrunk.list(self) method is broken. It shouldn't raise any exceptions.: BadRequest: Invalid input for operation: 'tenant_id' is not supported for filtering. Neutron server returns request_ids: ['req-4d4ad48f-f98d-46b0-82be-b6a86fa7a0fe']
2020-03-16 05:10:53.281 15 ERROR rally_openstack.cleanup.manager
Traceback (most recent call last):
2020-03-16 05:10:53.281 15 ERROR rally_openstack.cleanup.manager
File "/usr/lib/python2.7/site-packages/rally_openstack/cleanup/manager.py", line 133, in _publish
2020-03-16 05:10:53.281 15 ERROR rally_openstack.cleanup.manager for raw_resource in rutils.retry(3, manager.list):
2020-03-16 05:10:53.281 15 ERROR rally_openstack.cleanup.manager
File "/usr/lib/python2.7/site-packages/rally/common/utils.py", line 230, in retry
2020-03-16 05:10:53.281 15 ERROR rally_openstack.cleanup.manager return func(*args, **kwargs)
2020-03-16 05:10:53.281 15 ERROR rally_openstack.cleanup.manager
File "/usr/lib/python2.7/site-packages/rally_openstack/cleanup/resources.py", line 396, in list
2020-03-16 05:10:53.281 15 ERROR rally_openstack.cleanup.manager return super(NeutronTrunk, self).list()
2020-03-16 05:10:53.281 15 ERROR rally_openstack.cleanup.manager
File "/usr/lib/python2.7/site-packages/rally_openstack/cleanup/resources.py", line 273, in list
2020-03-16 05:10:53.281 15 ERROR rally_openstack.cleanup.manager result = list_method(tenant_id=self.tenant_uuid)[resources]
2020-03-16 05:10:53.281 15 ERROR rally_openstack.cleanup.manager
File "/usr/lib/python2.7/site-packages/neutronclient/v2_0/client.py", line 2105, in list_trunks
2020-03-16 05:10:53.281 15 ERROR rally_openstack.cleanup.manager **_params)
2020-03-16 05:10:53.281 15 ERROR rally_openstack.cleanup.manager
File "/usr/lib/python2.7/site-packages/neutronclient/v2_0/client.py", line 369, in list
2020-03-16 05:10:53.281 15 ERROR rally_openstack.cleanup.manager for r in self._pagination(collection, path, **params):
2020-03-16 05:10:53.281 15 ERROR rally_openstack.cleanup.manager
File "/usr/lib/python2.7/site-packages/neutronclient/v2_0/client.py", line 384, in _pagination
2020-03-16 05:10:53.281 15 ERROR rally_openstack.cleanup.manager res = self.get(path, params=params)
2020-03-16 05:10:53.281 15 ERROR rally_openstack.cleanup.manager
File "/usr/lib/python2.7/site-packages/neutronclient/v2_0/client.py", line 354, in get
2020-03-16 05:10:53.281 15 ERROR rally_openstack.cleanup.manager headers=headers, params=params)
2020-03-16 05:10:53.281 15 ERROR rally_openstack.cleanup.manager
File "/usr/lib/python2.7/site-packages/neutronclient/v2_0/client.py", line 331, in retry_request
2020-03-16 05:10:53.281 15 ERROR rally_openstack.cleanup.manager headers=headers, params=params)
2020-03-16 05:10:53.281 15 ERROR rally_openstack.cleanup.manager
File "/usr/lib/python2.7/site-packages/neutronclient/v2_0/client.py", line 294, in do_request
2020-03-16 05:10:53.281 15 ERROR rally_openstack.cleanup.manager self._handle_fault_response(status_code, replybody, resp)
2020-03-16 05:10:53.281 15 ERROR rally_openstack.cleanup.manager
File "/usr/lib/python2.7/site-packages/neutronclient/v2_0/client.py", line 269, in _handle_fault_response
2020-03-16 05:10:53.281 15 ERROR rally_openstack.cleanup.manager exception_handler_v20(status_code, error_body)
2020-03-16 05:10:53.281 15 ERROR rally_openstack.cleanup.manager
File "/usr/lib/python2.7/site-packages/neutronclient/v2_0/client.py", line 93, in exception_handler_v20
2020-03-16 05:10:53.281 15 ERROR rally_openstack.cleanup.manager request_ids=request_ids)
2020-03-16 05:10:53.281 15 ERROR rally_openstack.cleanup.manager BadRequest: Invalid input for operation: 'tenant_id' is not supported for filtering.
2020-03-16 05:10:53.281 15 ERROR rally_openstack.cleanup.manager Neutron server returns request_ids: ['req-4d4ad48f-f98d-46b0-82be-b6a86fa7a0fe']
2020-03-16 05:10:53.281 15 ERROR rally_openstack.cleanup.manager
2020-03-16 05:10:53.291 15 RALLYDEBUG rally_openstack.cleanup.manager [-] Cleaning up neutron port objects
2020-03-16 05:10:54.574 15 RALLYDEBUG rally_openstack.cleanup.manager [-] Deleting neutron.port object s_rally_0d6e76a7_pFSIIGKu (05ce72ee-8d09-462a-b5c4-0276a2653893)
2020-03-16 05:10:54.577 15 RALLYDEBUG rally_openstack.cleanup.manager [-] Deleting neutron.port object s_rally_0d6e76a7_rjBUiyvR (0135ea46-b71b-4fb9-bb7a-fac8c69f2093)
2020-03-16 05:10:54.575 15 RALLYDEBUG rally_openstack.cleanup.manager [-] Deleting neutron.port object s_rally_0d6e76a7_I5MnAvmU (00e1f4ba-3419-4f47-a878-d54684d3520e)
2020-03-16 05:10:54.580 15 RALLYDEBUG rally_openstack.cleanup.manager [-] Deleting neutron.port object s_rally_0d6e76a7_oGTakoAT (0a48c283-3381-4777-9302-9ce299095947)
2020-03-16 05:10:54.601 15 RALLYDEBUG rally_openstack.cleanup.manager [-] Deleting neutron.port object s_rally_0d6e76a7_K0Kgafef (0ce45b50-d663-47aa-b402-24494284808c)
2020-03-16 05:10:54.611 15 RALLYDEBUG rally_openstack.cleanup.manager [-] Deleting neutron.port object s_rally_0d6e76a7_BPArxymF (152f0e00-98ca-43a1-8e03-6d5e69f39c97)
2020-03-16 05:10:54.637 15 RALLYDEBUG rally_openstack.cleanup.manager [-] Deleting neutron.port object s_rally_0d6e76a7_1SpqwhCI (120b2af8-ac00-4039-8129-36d8d179f3f2)
2020-03-16 05:10:54.652 15 RALLYDEBUG rally_openstack.cleanup.manager [-] Deleting neutron.port object s_rally_0d6e76a7_0cmH8AQ0 (22dd841c-0852-46ab-a2af-386779eafa60)
2020-03-16 05:10:54.660 15 RALLYDEBUG rally_openstack.cleanup.manager [-] Deleting neutron.port object s_rally_0d6e76a7_Vbioas2M (1e34f79c-2553-4c30-97e4-5a4077e54127)
2020-03-16 05:10:54.712 15 RALLYDEBUG rally_openstack.cleanup.manager [-] Deleting neutron.port object s_rally_0d6e76a7_XtFKFWxJ (2b4d4814-ffdf-4548-9874-1f15b76afc1b)
2020-03-16 05:10:54.714 15 RALLYDEBUG rally_openstack.cleanup.manager [-] Deleting neutron.port object s_rally_0d6e76a7_71mk9EVL (189290ae-86f6-4378-8836-1b4f9c29b3cb)
2020-03-16 05:10:54.736 15 RALLYDEBUG rally_openstack.cleanup.manager [-] Deleting neutron.port object s_rally_0d6e76a7_iui78Vm8 (228932f7-7290-41fb-bbe5-34dd104219ff)
2020-03-16 05:10:54.752 15 RALLYDEBUG rally_openstack.cleanup.manager [-] Deleting neutron.port object s_rally_0d6e76a7_ujonylbL (2df953ee-8d8b-4e0c-ba52-f31df0a67995)
2020-03-16 05:10:54.776 15 RALLYDEBUG rally_openstack.cleanup.manager [-] Deleting neutron.port object s_rally_0d6e76a7_WF68XVDT (3987b86f-03d1-4e89-87a0-b1c17ebdd8d9)
2020-03-16 05:10:54.789 15 RALLYDEBUG rally_openstack.cleanup.manager [-] Deleting neutron.port object s_rally_0d6e76a7_B1XSeKvz (2804c833-faa0-4483-9acd-31e6f3444c1a)
2020-03-16 05:10:54.798 15 RALLYDEBUG rally_openstack.cleanup.manager [-] Deleting neutron.port object s_rally_0d6e76a7_pMlbjMeW (2ef89080-16f2-4fdb-b624-371d6137497c)
2020-03-16 05:10:54.824 15 RALLYDEBUG rally_openstack.cleanup.manager [-] Deleting neutron.port object s_rally_0d6e76a7_aObxiIGu (3b2ac129-4c08-40ec-8f1e-83c90ab678e4)
2020-03-16 05:10:54.846 15 RALLYDEBUG rally_openstack.cleanup.manager [-] Deleting neutron.port object s_rally_0d6e76a7_PQMkgdrm (3a844ab4-4eeb-4f28-b39d-448828978296)
2020-03-16 05:10:54.870 15 RALLYDEBUG rally_openstack.cleanup.manager [-] Deleting neutron.port object s_rally_0d6e76a7_bO196KWP (392aa560-b251-47ee-a258-ef82cc75117a)
2020-03-16 05:10:55.024 15 RALLYDEBUG rally_openstack.cleanup.manager [-] Deleting neutron.port object s_rally_0d6e76a7_QzYhzPgX (3ea3a271-e7b7-47ab-87c4-baa2b261b935)
2020-03-16 05:10:59.684 15 RALLYDEBUG rally_openstack.cleanup.manager [-] Deleting neutron.port object s_rally_0d6e76a7_vNIqhMRa (43b5ddd4-75a9-44fc-bb0e-48b2f407df49)
2020-03-16 05:10:59.689 15 RALLYDEBUG rally_openstack.cleanup.manager [-] Deleting neutron.port object s_rally_0d6e76a7_ErhmHTNe (45a294b3-017d-43ba-8f8c-c25dbea23a94)
2020-03-16 05:10:59.693 15 RALLYDEBUG rally_openstack.cleanup.manager [-] Deleting neutron.port object s_rally_0d6e76a7_nT58sOwx (468a88b0-7b5c-4127-afa3-79ac4235521e)
2020-03-16 05:10:59.698 15 RALLYDEBUG rally_openstack.cleanup.manager [-] Deleting neutron.port object s_rally_0d6e76a7_Bsr8pl8k (469ed1a5-2de9-4373-a559-eb5f85247d1c)
2020-03-16 05:10:59.701 15 RALLYDEBUG rally_openstack.cleanup.manager [-] Deleting neutron.port object s_rally_0d6e76a7_ZMzMqNrz (41a8c4ca-ddbd-4082-8085-04d63929abc4)
2020-03-16 05:11:00.214 15 RALLYDEBUG rally_openstack.cleanup.manager [-] Deleting neutron.port object s_rally_0d6e76a7_PnCGi5jF (48417217-b9bc-44ce-ae27-e89b4df5412f)
2020-03-16 05:11:00.317 15 RALLYDEBUG rally_openstack.cleanup.manager [-] Deleting neutron.port object s_rally_0d6e76a7_s6kubDQE (48c8933b-f886-4981-b474-3c2741ebba79)
2020-03-16 05:11:01.502 15 RALLYDEBUG rally_openstack.cleanup.manager [-] Deleting neutron.port object s_rally_0d6e76a7_iEAnmy4A (4a9a3720-30c0-4e85-b1fe-a309caefd26d)
2020-03-16 05:11:02.044 15 RALLYDEBUG rally_openstack.cleanup.manager [-] Deleting neutron.port object s_rally_0d6e76a7_Oy4fQoUk (4e12b7cf-3a2b-4aac-b3c4-17f5b23b5ab1)
2020-03-16 05:11:02.049 15 RALLYDEBUG rally_openstack.cleanup.manager [-] Deleting neutron.port object s_rally_0d6e76a7_fsDfbNyu (506bd111-4213-436a-a35b-792bb1f1d0cb)
2020-03-16 05:11:02.171 15 RALLYDEBUG rally_openstack.cleanup.manager [-] Deleting neutron.port object s_rally_0d6e76a7_eCJ167TJ (511b0b8e-5fbd-489e-8bc1-0ae7fadb6c87)
2020-03-16 05:11:02.530 15 RALLYDEBUG rally_openstack.cleanup.manager [-] Deleting neutron.port object s_rally_0d6e76a7_PemnahCy (545f6868-34f1-496e-a506-a87a55a83120)
2020-03-16 05:11:02.809 15 RALLYDEBUG rally_openstack.cleanup.manager [-] Deleting neutron.port object s_rally_0d6e76a7_jlhceLyr (5977dd6e-b468-4bd5-8166-c050502cd471)
2020-03-16 05:11:02.816 15 RALLYDEBUG rally_openstack.cleanup.manager [-] Deleting neutron.port object s_rally_0d6e76a7_fX6YGFE6 (5e7c22f5-5e32-4ac5-a3bf-d00434fba4b0)
2020-03-16 05:11:03.107 15 RALLYDEBUG rally_openstack.cleanup.manager [-] Deleting neutron.port object s_rally_0d6e76a7_heD2tvfA (5f1e4e19-abd4-4ea5-93d9-860838b8cc7d)
2020-03-16 05:11:03.549 15 RALLYDEBUG rally_openstack.cleanup.manager [-] Deleting neutron.port object s_rally_0d6e76a7_ipQyNXvp (6380e579-4532-4de9-80d9-5d66deead4a3)
2020-03-16 05:11:04.002 15 RALLYDEBUG rally_openstack.cleanup.manager [-] Deleting neutron.port object s_rally_0d6e76a7_YgMCc4Mz (641e8e70-9c2b-407a-894c-9ad3bb62cc13)
2020-03-16 05:11:04.154 15 RALLYDEBUG rally_openstack.cleanup.manager [-] Deleting neutron.port object s_rally_0d6e76a7_WeGiKqgw (657aacd2-f460-489e-bd4a-52b4f4861c07)
2020-03-16 05:11:04.458 15 RALLYDEBUG rally_openstack.cleanup.manager [-] Deleting neutron.port object s_rally_0d6e76a7_tvuLA6xT (6d7f9c7b-f12b-478a-abd5-46b0ffbd0789)
2020-03-16 05:11:04.479 15 RALLYDEBUG rally_openstack.cleanup.manager [-] Deleting neutron.port object s_rally_0d6e76a7_M0rmgIh1 (6f92dcc5-370b-4732-b450-4d1422373fae)
2020-03-16 05:11:04.662 15 RALLYDEBUG rally_openstack.cleanup.manager [-] Deleting neutron.port object s_rally_0d6e76a7_MApnT2KP (75d4ea3d-56af-4a03-b068-76b9b0f330fb)
2020-03-16 05:11:04.680 15 RALLYDEBUG rally_openstack.cleanup.manager [-] Deleting neutron.port object s_rally_0d6e76a7_5hohhU1L (78385210-0115-4e05-b662-a03eeb575beb)
2020-03-16 05:11:04.687 15 RALLYDEBUG rally_openstack.cleanup.manager [-] Deleting neutron.port object s_rally_0d6e76a7_LTzEk8HG (7c7db38e-10b8-4930-a54b-3e1856972442)
2020-03-16 05:11:04.791 15 RALLYDEBUG rally_openstack.cleanup.manager [-] Deleting neutron.port object s_rally_0d6e76a7_1n2XggGR (7d6b83c9-79a4-4eb7-8e9e-bf3cf5ef7b91)
2020-03-16 05:11:04.966 15 RALLYDEBUG rally_openstack.cleanup.manager [-] Deleting neutron.port object s_rally_0d6e76a7_B8koThRM (7dcc1054-dff1-42e1-8b23-624eaa7fc086)
2020-03-16 05:11:05.099 15 RALLYDEBUG rally_openstack.cleanup.manager [-] Deleting neutron.port object s_rally_0d6e76a7_JRsFxafu (80c7af98-4915-481b-8e70-537f5800abcc)
2020-03-16 05:11:05.183 15 RALLYDEBUG rally_openstack.cleanup.manager [-] Deleting neutron.port object s_rally_0d6e76a7_I1za0ifS (83f950e7-abfb-41e5-8c94-40426c2a9262)
2020-03-16 05:11:05.274 15 RALLYDEBUG rally_openstack.cleanup.manager [-] Deleting neutron.port object s_rally_0d6e76a7_4OPTkQCO (8bd4ffcc-2144-47d8-8461-f783c34f4ea9)
2020-03-16 05:11:05.542 15 RALLYDEBUG rally_openstack.cleanup.manager [-] Deleting neutron.port object s_rally_0d6e76a7_5A18JxfC (8c3d0c09-478d-4a31-aebe-d9d60a804886)
2020-03-16 05:11:05.791 15 RALLYDEBUG rally_openstack.cleanup.manager [-] Deleting neutron.port object s_rally_0d6e76a7_2Ugfj1SQ (91876ad6-8118-4520-b066-65e8b24fb199)
2020-03-16 05:11:06.185 15 RALLYDEBUG rally_openstack.cleanup.manager [-] Deleting neutron.port object s_rally_0d6e76a7_563qeTCo (99483c6d-ba95-4704-9d60-3de7c1bf2ff6)
2020-03-16 05:11:06.555 15 RALLYDEBUG rally_openstack.cleanup.manager [-] Deleting neutron.port object s_rally_0d6e76a7_WaTELNZg (9bbd100d-6063-444d-9178-62a2c6d07794)
2020-03-16 05:11:06.833 15 RALLYDEBUG rally_openstack.cleanup.manager [-] Deleting neutron.port object s_rally_0d6e76a7_3aB94E7B (a11adf7f-1bdf-4c02-8662-770433d82065)
2020-03-16 05:11:07.166 15 RALLYDEBUG rally_openstack.cleanup.manager [-] Deleting neutron.port object s_rally_0d6e76a7_XJslOJ4F (a57cd7b4-4889-4983-8b32-fffab2cc5285)
2020-03-16 05:11:07.498 15 RALLYDEBUG rally_openstack.cleanup.manager [-] Deleting neutron.port object s_rally_0d6e76a7_aJtidbeO (b2d6ecec-4ef8-409e-883b-32c4967bfb6f)
2020-03-16 05:11:07.599 15 RALLYDEBUG rally_openstack.cleanup.manager [-] Deleting neutron.port object s_rally_0d6e76a7_Cfgyfgrk (b4fad053-544a-46d9-a2ea-d7044a31c792)
2020-03-16 05:11:07.820 15 RALLYDEBUG rally_openstack.cleanup.manager [-] Deleting neutron.port object s_rally_0d6e76a7_r037QAVZ (b61ad9f1-fcf0-4ecd-a7b6-8b7fb7cfd3ac)
2020-03-16 05:11:08.200 15 RALLYDEBUG rally_openstack.cleanup.manager [-] Deleting neutron.port object s_rally_0d6e76a7_Usmp2fWc (bbe6afbe-276a-48e3-8756-c63638ea680c)
2020-03-16 05:11:08.227 15 RALLYDEBUG rally_openstack.cleanup.manager [-] Deleting neutron.port object s_rally_0d6e76a7_JbQKqKmm (bc6dd5ae-2ce8-44e6-8600-719533bba9bb)
2020-03-16 05:11:08.297 15 RALLYDEBUG rally_openstack.cleanup.manager [-] Deleting neutron.port object s_rally_0d6e76a7_eukmc9Hm (bf10ffb9-142b-47e0-8053-9dc1b74f52b8)
2020-03-16 05:11:08.409 15 RALLYDEBUG rally_openstack.cleanup.manager [-] Deleting neutron.port object s_rally_0d6e76a7_1hRoxnGF (c185bb20-38f0-4d50-bbfe-4279f388d6af)
2020-03-16 05:11:08.706 15 RALLYDEBUG rally_openstack.cleanup.manager [-] Deleting neutron.port object s_rally_0d6e76a7_tRvboM49 (c23d7eb8-135e-46c4-bfda-7acb5e5cc66c)
2020-03-16 05:11:08.997 15 RALLYDEBUG rally_openstack.cleanup.manager [-] Deleting neutron.port object s_rally_0d6e76a7_zalVdSyi (c6f24dfd-8e3c-4ab9-abdc-94aadbc96b62)
2020-03-16 05:11:09.186 15 RALLYDEBUG rally_openstack.cleanup.manager [-] Deleting neutron.port object s_rally_0d6e76a7_Y9BrU5rP (c7533a51-4e61-4e99-bb83-53689b58f9a3)
2020-03-16 05:11:09.218 15 RALLYDEBUG rally_openstack.cleanup.manager [-] Deleting neutron.port object s_rally_0d6e76a7_hmjH2LzB (c831b8f9-08ac-4a71-8680-74658bb5f515)
2020-03-16 05:11:09.568 15 RALLYDEBUG rally_openstack.cleanup.manager [-] Deleting neutron.port object s_rally_0d6e76a7_QBxHoxYE (c84980ea-c8e1-49b7-b256-50b77e25bb6d)
2020-03-16 05:11:09.683 15 RALLYDEBUG rally_openstack.cleanup.manager [-] Deleting neutron.port object s_rally_0d6e76a7_yfjXgtit (d8776767-dc6d-4820-946c-026ff6a2de50)
2020-03-16 05:11:09.684 15 RALLYDEBUG rally_openstack.cleanup.manager [-] Deleting neutron.port object s_rally_0d6e76a7_rzhRPgto (cd4b0918-b271-4269-a7c2-0df3da3e6944)
2020-03-16 05:11:09.859 15 RALLYDEBUG rally_openstack.cleanup.manager [-] Deleting neutron.port object s_rally_0d6e76a7_C7ryCP4Y (d982f283-63ca-44d7-b620-1edbcaba23e4)
2020-03-16 05:11:10.108 15 RALLYDEBUG rally_openstack.cleanup.manager [-] Deleting neutron.port object s_rally_0d6e76a7_kjpn8Qnx (dcb65d54-4502-430e-9411-49ff257a22e6)
2020-03-16 05:11:10.289 15 RALLYDEBUG rally_openstack.cleanup.manager [-] Deleting neutron.port object s_rally_0d6e76a7_iAWvgqNa (e3899915-1803-48e2-9f33-9126474157a8)
2020-03-16 05:11:10.670 15 RALLYDEBUG rally_openstack.cleanup.manager [-] Deleting neutron.port object s_rally_0d6e76a7_4VW9M9y3 (e42cd436-093a-4020-a8b3-b16588978dfb)
2020-03-16 05:11:11.061 15 RALLYDEBUG rally_openstack.cleanup.manager [-] Deleting neutron.port object s_rally_0d6e76a7_JiEoSWlu (e53d6f18-c9de-47ce-ad9c-156042fe0e20)
2020-03-16 05:11:11.185 15 RALLYDEBUG rally_openstack.cleanup.manager [-] Deleting neutron.port object s_rally_0d6e76a7_HOmihYTn (e9b5ef4e-8c2f-4003-acbd-5df1c558cd98)
2020-03-16 05:11:11.345 15 RALLYDEBUG rally_openstack.cleanup.manager [-] Deleting neutron.port object s_rally_0d6e76a7_rQEtds01 (eb5aec66-a076-43e2-8f62-b7edc0d68b46)
2020-03-16 05:11:11.549 15 RALLYDEBUG rally_openstack.cleanup.manager [-] Deleting neutron.port object s_rally_0d6e76a7_LHWR97t7 (eb902bb5-3d07-4019-855c-e75c9504222b)
2020-03-16 05:11:11.817 15 RALLYDEBUG rally_openstack.cleanup.manager [-] Deleting neutron.port object s_rally_0d6e76a7_OoqkFMtE (ec77bcff-2bdd-40b7-931e-0ff7f2ab0875)
2020-03-16 05:11:12.124 15 RALLYDEBUG rally_openstack.cleanup.manager [-] Deleting neutron.port object s_rally_0d6e76a7_0H5LJ0LZ (ef3b7986-26e4-43c8-bb4a-6e74f3c32d9e)
2020-03-16 05:11:12.200 15 RALLYDEBUG rally_openstack.cleanup.manager [-] Deleting neutron.port object s_rally_0d6e76a7_YqsT9B4r (f0cc6c92-bfcc-46c3-b9db-ac4cb2d56876)
2020-03-16 05:11:12.568 15 RALLYDEBUG rally_openstack.cleanup.manager [-] Deleting neutron.port object s_rally_0d6e76a7_u1sua56k (f79c8c61-c2d4-4892-9cf0-c743d7ec2d47)
2020-03-16 05:11:17.620 15 RALLYDEBUG rally_openstack.cleanup.manager [-] Cleaning up neutron subnet objects
2020-03-16 05:11:18.131 15 RALLYDEBUG rally_openstack.cleanup.manager [-] Deleting neutron.subnet object s_rally_0d6e76a7_srwfWFMq (0067d753-d616-4f75-a8ae-f81be6df05b9)
2020-03-16 05:11:18.139 15 RALLYDEBUG rally_openstack.cleanup.manager [-] Deleting neutron.subnet object s_rally_0d6e76a7_BYJdoiEQ (06a91a8e-bc4b-4644-84ab-ff12c93abf80)
2020-03-16 05:11:18.146 15 RALLYDEBUG rally_openstack.cleanup.manager [-] Deleting neutron.subnet object s_rally_0d6e76a7_64PF0Kbg (0ac32661-a5ab-42f8-b5e8-22321444e43d)
2020-03-16 05:11:18.155 15 RALLYDEBUG rally_openstack.cleanup.manager [-] Deleting neutron.subnet object s_rally_0d6e76a7_Tm3UfGMH (0c22b1c0-47c3-41df-a8b2-9ff919c28c6d)
2020-03-16 05:11:18.160 15 RALLYDEBUG rally_openstack.cleanup.manager [-] Deleting neutron.subnet object s_rally_0d6e76a7_S2DnyWUw (0c62d9ba-76f5-4993-8ad5-feae17242860)
2020-03-16 05:11:18.165 15 RALLYDEBUG rally_openstack.cleanup.manager [-] Deleting neutron.subnet object s_rally_0d6e76a7_zzKwbbeg (0e3eb6f6-f247-42ea-ad08-2d7b81b6a719)
2020-03-16 05:11:18.179 15 RALLYDEBUG rally_openstack.cleanup.manager [-] Deleting neutron.subnet object s_rally_0d6e76a7_H3xaQXHL (0ea88fc2-72f3-47f7-a816-ac427f2baa62)
2020-03-16 05:11:18.187 15 RALLYDEBUG rally_openstack.cleanup.manager [-] Deleting neutron.subnet object s_rally_0d6e76a7_orCp1tQH (18881f9f-5a86-44b0-93f6-87e319e96bd6)
2020-03-16 05:11:18.200 15 RALLYDEBUG rally_openstack.cleanup.manager [-] Deleting neutron.subnet object s_rally_0d6e76a7_vUgEe8Y7 (1e7c770e-e374-4a74-9bc7-ccb7c934e360)
2020-03-16 05:11:18.265 15 RALLYDEBUG rally_openstack.cleanup.manager [-] Deleting neutron.subnet object s_rally_0d6e76a7_kDR43XVt (3cdf745e-9289-49b1-9bf9-ff41e250463e)
2020-03-16 05:11:18.277 15 RALLYDEBUG rally_openstack.cleanup.manager [-] Deleting neutron.subnet object s_rally_0d6e76a7_VkBX4gZ4 (2f667c11-e457-428d-bb3b-692a5cf42d57)
2020-03-16 05:11:18.292 15 RALLYDEBUG rally_openstack.cleanup.manager [-] Deleting neutron.subnet object s_rally_0d6e76a7_HCgjYv90 (3f02dc85-eddd-492e-bea5-8a4be20c05e4)
2020-03-16 05:11:18.299 15 RALLYDEBUG rally_openstack.cleanup.manager [-] Deleting neutron.subnet object s_rally_0d6e76a7_uJSIJ3wD (50ff9fd2-5475-45f7-9a9c-66f231e6e73a)
2020-03-16 05:11:18.302 15 RALLYDEBUG rally_openstack.cleanup.manager [-] Deleting neutron.subnet object s_rally_0d6e76a7_JCtTtTrn (47b94ec0-178b-4ad5-a4aa-3f893e5d366a)
2020-03-16 05:11:18.305 15 RALLYDEBUG rally_openstack.cleanup.manager [-] Deleting neutron.subnet object s_rally_0d6e76a7_CXQwaCr3 (24e7cd2d-ae40-4098-9105-9b66e375df9d)
