2020-03-16 04:57:15.624 6 RALLYDEBUG rally.api [-] INFO logs from urllib3 and requests module are hide.
2020-03-16 04:57:15.624 6 RALLYDEBUG rally.api [-] urllib3 insecure warnings are hidden.
2020-03-16 04:57:15.624 6 RALLYDEBUG rally.api [-] ERROR log from boto module is hide.
2020-03-16 04:57:17.262 6 ERROR rally.cli.cliutils [-] Unexpected exception in CLI: DBRecordNotFound: Record for uuid or name is opnfv-rally not found in table envs
2020-03-16 04:57:17.262 6 ERROR rally.cli.cliutils
Traceback (most recent call last):
2020-03-16 04:57:17.262 6 ERROR rally.cli.cliutils
File "/usr/lib/python2.7/site-packages/rally/cli/cliutils.py", line 674, in run
2020-03-16 04:57:17.262 6 ERROR rally.cli.cliutils ret = fn(*fn_args, **fn_kwargs)
2020-03-16 04:57:17.262 6 ERROR rally.cli.cliutils File "", line 2, in destroy
2020-03-16 04:57:17.262 6 ERROR rally.cli.cliutils
File "/usr/lib/python2.7/site-packages/rally/cli/envutils.py", line 68, in default_from_global
2020-03-16 04:57:17.262 6 ERROR rally.cli.cliutils return f(*args, **kwargs)
2020-03-16 04:57:17.262 6 ERROR rally.cli.cliutils File "", line 2, in destroy
2020-03-16 04:57:17.262 6 ERROR rally.cli.cliutils
File "/usr/lib/python2.7/site-packages/rally/plugins/__init__.py", line 51, in ensure_plugins_are_loaded
2020-03-16 04:57:17.262 6 ERROR rally.cli.cliutils return f(*args, **kwargs)
2020-03-16 04:57:17.262 6 ERROR rally.cli.cliutils
File "/usr/lib/python2.7/site-packages/rally/cli/commands/deployment.py", line 157, in destroy
2020-03-16 04:57:17.262 6 ERROR rally.cli.cliutils api.deployment.destroy(deployment=deployment)
2020-03-16 04:57:17.262 6 ERROR rally.cli.cliutils
File "/usr/lib/python2.7/site-packages/rally/api.py", line 115, in destroy
2020-03-16 04:57:17.262 6 ERROR rally.cli.cliutils deploy = objects.Deployment.get(deployment)
2020-03-16 04:57:17.262 6 ERROR rally.cli.cliutils
File "/usr/lib/python2.7/site-packages/rally/common/objects/deploy.py", line 124, in get
2020-03-16 04:57:17.262 6 ERROR rally.cli.cliutils return Deployment(env_mgr.EnvManager.get(deploy))
2020-03-16 04:57:17.262 6 ERROR rally.cli.cliutils
File "/usr/lib/python2.7/site-packages/rally/env/env_mgr.py", line 212, in get
2020-03-16 04:57:17.262 6 ERROR rally.cli.cliutils return cls(db.env_get(uuid_or_name))
2020-03-16 04:57:17.262 6 ERROR rally.cli.cliutils
File "/usr/lib/python2.7/site-packages/rally/common/db/api.py", line 135, in wrapper
2020-03-16 04:57:17.262 6 ERROR rally.cli.cliutils result = f(session, *args, **kwargs)
2020-03-16 04:57:17.262 6 ERROR rally.cli.cliutils
File "/usr/lib/python2.7/site-packages/rally/common/db/api.py", line 521, in env_get
2020-03-16 04:57:17.262 6 ERROR rally.cli.cliutils criteria="uuid or name is %s" % uuid_or_name, table="envs")
2020-03-16 04:57:17.262 6 ERROR rally.cli.cliutils DBRecordNotFound: Record for uuid or name is opnfv-rally not found in table envs
2020-03-16 04:57:17.262 6 ERROR rally.cli.cliutils
2020-03-16 04:57:18.150 8 RALLYDEBUG rally.api [-] INFO logs from urllib3 and requests module are hide.
2020-03-16 04:57:18.150 8 RALLYDEBUG rally.api [-] urllib3 insecure warnings are hidden.
2020-03-16 04:57:18.150 8 RALLYDEBUG rally.api [-] ERROR log from boto module is hide.
2020-03-16 04:57:20.495 10 RALLYDEBUG rally.api [-] INFO logs from urllib3 and requests module are hide.
2020-03-16 04:57:20.495 10 RALLYDEBUG rally.api [-] urllib3 insecure warnings are hidden.
2020-03-16 04:57:20.495 10 RALLYDEBUG rally.api [-] ERROR log from boto module is hide.
2020-03-16 04:57:23.349 13 RALLYDEBUG rally.api [-] INFO logs from urllib3 and requests module are hide.
2020-03-16 04:57:23.350 13 RALLYDEBUG rally.api [-] urllib3 insecure warnings are hidden.
2020-03-16 04:57:23.350 13 RALLYDEBUG rally.api [-] ERROR log from boto module is hide.
2020-03-16 04:57:25.117 15 RALLYDEBUG rally.api [-] INFO logs from urllib3 and requests module are hide.
2020-03-16 04:57:25.118 15 RALLYDEBUG rally.api [-] urllib3 insecure warnings are hidden.
2020-03-16 04:57:25.118 15 RALLYDEBUG rally.api [-] ERROR log from boto module is hide.
2020-03-16 04:57:26.479 15 INFO rally.common.plugin.discover [-] Loading plugins from directories /root/.rally/plugins/*
2020-03-16 04:57:26.480 15 INFO rally.common.plugin.discover [-] Loaded module with plugins: /root/.rally/plugins/__init__.py
2020-03-16 04:57:26.482 15 INFO rally.common.plugin.discover [-] Loaded module with plugins: /root/.rally/plugins/trunk_scenario.py
2020-03-16 04:57:26.625 15 INFO rally.task.engine [-] Task 0590fa21-b0dd-4b3c-994d-5bd89bec2dbe | Starting: Task validation.
2020-03-16 04:57:26.629 15 INFO rally.task.engine [-] Task 0590fa21-b0dd-4b3c-994d-5bd89bec2dbe | Starting: Task validation of syntax.
2020-03-16 04:57:26.793 15 INFO rally.task.engine [-] Task 0590fa21-b0dd-4b3c-994d-5bd89bec2dbe | Completed: Task validation of syntax.
2020-03-16 04:57:26.793 15 INFO rally.task.engine [-] Task 0590fa21-b0dd-4b3c-994d-5bd89bec2dbe | Starting: Task validation of required platforms.
2020-03-16 04:57:26.866 15 INFO rally.task.engine [-] Task 0590fa21-b0dd-4b3c-994d-5bd89bec2dbe | Completed: Task validation of required platforms.
2020-03-16 04:57:26.866 15 INFO rally.task.engine [-] Task 0590fa21-b0dd-4b3c-994d-5bd89bec2dbe | Starting: Task validation of semantic.
2020-03-16 04:57:26.866 15 INFO rally.task.engine [-] Check health of the environment 'a2d0593c-f1e1-48f4-acad-2c0d794265dc'.
2020-03-16 04:57:27.378 15 INFO rally.task.engine [-] Platform existing@openstack (available: True): OK!
2020-03-16 04:57:27.400 15 RALLYDEBUG rally_openstack.contexts.keystone.users [-] Creating 1 tenants using 20 threads
2020-03-16 04:57:27.707 15 RALLYDEBUG rally_openstack.contexts.keystone.users [-] Creating 1 users using 20 threads
2020-03-16 04:57:28.094 15 INFO rally.task.context [-] Task 0590fa21-b0dd-4b3c-994d-5bd89bec2dbe | Context users@openstack setup() finished in 0.69 sec
2020-03-16 04:57:29.576 15 INFO rally.task.context [-] Task 0590fa21-b0dd-4b3c-994d-5bd89bec2dbe | Context users@openstack cleanup() started
2020-03-16 04:57:31.281 15 INFO rally.task.context [-] Task 0590fa21-b0dd-4b3c-994d-5bd89bec2dbe | Context users@openstack cleanup() finished in 1.70 sec
2020-03-16 04:57:31.281 15 INFO rally.task.engine [-] Task 0590fa21-b0dd-4b3c-994d-5bd89bec2dbe | Completed: Task validation of semantic.
2020-03-16 04:57:31.281 15 INFO rally.task.engine [-] Task 0590fa21-b0dd-4b3c-994d-5bd89bec2dbe | Completed: Task validation.
2020-03-16 04:57:31.282 15 INFO rally.api [-] Task 0590fa21-b0dd-4b3c-994d-5bd89bec2dbe input file is valid.
2020-03-16 04:57:31.282 15 INFO rally.api [-] Run Task 0590fa21-b0dd-4b3c-994d-5bd89bec2dbe against Deployment a2d0593c-f1e1-48f4-acad-2c0d794265dc
2020-03-16 04:57:31.282 15 INFO rally.task.engine [-] Task 0590fa21-b0dd-4b3c-994d-5bd89bec2dbe | Starting: Running task.
2020-03-16 04:57:31.320 15 INFO rally.task.engine [-] Running workload: position = 0 config = { "version": 2, "title": "A cropped version of a bigger task.", "description": "Auto-generated task from a single workload (uuid=8d6e3e85-ec9c-40cb-8b18-329574a34343)", "subtasks": [ { "title": "NeutronNetworks.create_and_list_networks", "description": "Check performance of list_networks action and ensure > network quotas are not exceeded", "scenario": { "NeutronNetworks.create_and_list_networks": {} }, "contexts": { "users": { "tenants": 1, "users_per_tenant": 1 }, "quotas": { "neutron": { "network": 119 } } }, "runner": { "constant": { "times": 100, "concurrency": 20 } }, "hooks": [], "sla": { "max_avg_duration_per_atomic": { "neutron.list_networks": 15 }, "failure_rate": { "max": 0 } } } ] }
2020-03-16 04:57:31.342 15 RALLYDEBUG rally_openstack.contexts.keystone.users [-] Creating 1 tenants using 20 threads
2020-03-16 04:57:31.645 15 RALLYDEBUG rally_openstack.contexts.keystone.users [-] Creating 1 users using 20 threads
2020-03-16 04:57:32.825 15 INFO rally.task.context [-] Task 0590fa21-b0dd-4b3c-994d-5bd89bec2dbe | Context users@openstack setup() finished in 1.48 sec
2020-03-16 04:57:33.115 15 INFO rally.task.context [-] Task 0590fa21-b0dd-4b3c-994d-5bd89bec2dbe | Context quotas@openstack setup() finished in 0.29 sec
2020-03-16 04:57:33.116 15 INFO rally.task.context [-] Task 0590fa21-b0dd-4b3c-994d-5bd89bec2dbe | Context cleanup@openstack setup() finished in 0.02 msec
2020-03-16 04:57:33.125 15 RALLYDEBUG rally.task.runner [-] Starting the constant runner (task UUID: 0590fa21-b0dd-4b3c-994d-5bd89bec2dbe). timeout: 0 concurrency: 20 concurrency_per_worker: 1 times: 100 concurrency_overhead: 0 processes_to_start: 20 max_cpu_used: 88
2020-03-16 04:57:33.137 139 RALLYDEBUG rally.task.runner [-] Starting a worker. concurrency: 1 args: {} times: 100 method_name: run timeout: 0 duration: None cls:
2020-03-16 04:57:33.140 140 RALLYDEBUG rally.task.runner [-] Starting a worker. concurrency: 1 args: {} times: 100 method_name: run timeout: 0 duration: None cls:
2020-03-16 04:57:33.143 139 INFO rally.task.runner [-] Task 0590fa21-b0dd-4b3c-994d-5bd89bec2dbe | ITER: 1 START
2020-03-16 04:57:33.143 141 RALLYDEBUG rally.task.runner [-] Starting a worker. concurrency: 1 args: {} times: 100 method_name: run timeout: 0 duration: None cls:
2020-03-16 04:57:33.146 140 INFO rally.task.runner [-] Task 0590fa21-b0dd-4b3c-994d-5bd89bec2dbe | ITER: 2 START
2020-03-16 04:57:33.146 142 RALLYDEBUG rally.task.runner [-] Starting a worker. concurrency: 1 args: {} times: 100 method_name: run timeout: 0 duration: None cls:
2020-03-16 04:57:33.148 141 INFO rally.task.runner [-] Task 0590fa21-b0dd-4b3c-994d-5bd89bec2dbe | ITER: 3 START
2020-03-16 04:57:33.149 145 RALLYDEBUG rally.task.runner [-] Starting a worker. concurrency: 1 args: {} times: 100 method_name: run timeout: 0 duration: None cls:
2020-03-16 04:57:33.154 145 INFO rally.task.runner [-] Task 0590fa21-b0dd-4b3c-994d-5bd89bec2dbe | ITER: 5 START
2020-03-16 04:57:33.154 150 RALLYDEBUG rally.task.runner [-] Starting a worker. concurrency: 1 args: {} times: 100 method_name: run timeout: 0 duration: None cls:
2020-03-16 04:57:33.159 142 INFO rally.task.runner [-] Task 0590fa21-b0dd-4b3c-994d-5bd89bec2dbe | ITER: 4 START
2020-03-16 04:57:33.161 155 RALLYDEBUG rally.task.runner [-] Starting a worker. concurrency: 1 args: {} times: 100 method_name: run timeout: 0 duration: None cls:
2020-03-16 04:57:33.164 150 INFO rally.task.runner [-] Task 0590fa21-b0dd-4b3c-994d-5bd89bec2dbe | ITER: 6 START
2020-03-16 04:57:33.164 152 RALLYDEBUG rally.task.runner [-] Starting a worker. concurrency: 1 args: {} times: 100 method_name: run timeout: 0 duration: None cls:
2020-03-16 04:57:33.167 155 INFO rally.task.runner [-] Task 0590fa21-b0dd-4b3c-994d-5bd89bec2dbe | ITER: 7 START
2020-03-16 04:57:33.167 159 RALLYDEBUG rally.task.runner [-] Starting a worker. concurrency: 1 args: {} times: 100 method_name: run timeout: 0 duration: None cls:
2020-03-16 04:57:33.168 156 RALLYDEBUG rally.task.runner [-] Starting a worker. concurrency: 1 args: {} times: 100 method_name: run timeout: 0 duration: None cls:
2020-03-16 04:57:33.171 152 INFO rally.task.runner [-] Task 0590fa21-b0dd-4b3c-994d-5bd89bec2dbe | ITER: 8 START
2020-03-16 04:57:33.171 161 RALLYDEBUG rally.task.runner [-] Starting a worker. concurrency: 1 args: {} times: 100 method_name: run timeout: 0 duration: None cls:
2020-03-16 04:57:33.175 156 INFO rally.task.runner [-] Task 0590fa21-b0dd-4b3c-994d-5bd89bec2dbe | ITER: 10 START
2020-03-16 04:57:33.177 161 INFO rally.task.runner [-] Task 0590fa21-b0dd-4b3c-994d-5bd89bec2dbe | ITER: 11 START
2020-03-16 04:57:33.177 167 RALLYDEBUG rally.task.runner [-] Starting a worker. concurrency: 1 args: {} times: 100 method_name: run timeout: 0 duration: None cls:
2020-03-16 04:57:33.180 171 RALLYDEBUG rally.task.runner [-] Starting a worker. concurrency: 1 args: {} times: 100 method_name: run timeout: 0 duration: None cls:
2020-03-16 04:57:33.181 164 RALLYDEBUG rally.task.runner [-] Starting a worker. concurrency: 1 args: {} times: 100 method_name: run timeout: 0 duration: None cls:
2020-03-16 04:57:33.182 159 INFO rally.task.runner [-] Task 0590fa21-b0dd-4b3c-994d-5bd89bec2dbe | ITER: 9 START
2020-03-16 04:57:33.183 167 INFO rally.task.runner [-] Task 0590fa21-b0dd-4b3c-994d-5bd89bec2dbe | ITER: 12 START
2020-03-16 04:57:33.184 174 RALLYDEBUG rally.task.runner [-] Starting a worker. concurrency: 1 args: {} times: 100 method_name: run timeout: 0 duration: None cls:
2020-03-16 04:57:33.187 164 INFO rally.task.runner [-] Task 0590fa21-b0dd-4b3c-994d-5bd89bec2dbe | ITER: 14 START
2020-03-16 04:57:33.188 180 RALLYDEBUG rally.task.runner [-] Starting a worker. concurrency: 1 args: {} times: 100 method_name: run timeout: 0 duration: None cls:
2020-03-16 04:57:33.190 175 RALLYDEBUG rally.task.runner [-] Starting a worker. concurrency: 1 args: {} times: 100 method_name: run timeout: 0 duration: None cls:
2020-03-16 04:57:33.192 183 RALLYDEBUG rally.task.runner [-] Starting a worker. concurrency: 1 args: {} times: 100 method_name: run timeout: 0 duration: None cls:
2020-03-16 04:57:33.190 174 INFO rally.task.runner [-] Task 0590fa21-b0dd-4b3c-994d-5bd89bec2dbe | ITER: 15 START
2020-03-16 04:57:33.194 180 INFO rally.task.runner [-] Task 0590fa21-b0dd-4b3c-994d-5bd89bec2dbe | ITER: 16 START
2020-03-16 04:57:33.196 186 RALLYDEBUG rally.task.runner [-] Starting a worker. concurrency: 1 args: {} times: 100 method_name: run timeout: 0 duration: None cls:
2020-03-16 04:57:33.195 171 INFO rally.task.runner [-] Task 0590fa21-b0dd-4b3c-994d-5bd89bec2dbe | ITER: 13 START
2020-03-16 04:57:33.198 175 INFO rally.task.runner [-] Task 0590fa21-b0dd-4b3c-994d-5bd89bec2dbe | ITER: 17 START
2020-03-16 04:57:33.199 183 INFO rally.task.runner [-] Task 0590fa21-b0dd-4b3c-994d-5bd89bec2dbe | ITER: 18 START
2020-03-16 04:57:33.200 189 RALLYDEBUG rally.task.runner [-] Starting a worker. concurrency: 1 args: {} times: 100 method_name: run timeout: 0 duration: None cls:
2020-03-16 04:57:33.204 186 INFO rally.task.runner [-] Task 0590fa21-b0dd-4b3c-994d-5bd89bec2dbe | ITER: 19 START
2020-03-16 04:57:33.206 189 INFO rally.task.runner [-] Task 0590fa21-b0dd-4b3c-994d-5bd89bec2dbe | ITER: 20 START
2020-03-16 04:57:34.548 140 INFO rally.task.runner [-] Task 0590fa21-b0dd-4b3c-994d-5bd89bec2dbe | ITER: 2 END: OK
2020-03-16 04:57:34.552 140 INFO rally.task.runner [-] Task 0590fa21-b0dd-4b3c-994d-5bd89bec2dbe | ITER: 21 START
2020-03-16 04:57:34.683 186 INFO rally.task.runner [-] Task 0590fa21-b0dd-4b3c-994d-5bd89bec2dbe | ITER: 19 END: OK
2020-03-16 04:57:34.688 186 INFO rally.task.runner [-] Task 0590fa21-b0dd-4b3c-994d-5bd89bec2dbe | ITER: 22 START
2020-03-16 04:57:34.763 141 INFO rally.task.runner [-] Task 0590fa21-b0dd-4b3c-994d-5bd89bec2dbe | ITER: 3 END: OK
2020-03-16 04:57:34.768 141 INFO rally.task.runner [-] Task 0590fa21-b0dd-4b3c-994d-5bd89bec2dbe | ITER: 23 START
2020-03-16 04:57:34.779 164 INFO rally.task.runner [-] Task 0590fa21-b0dd-4b3c-994d-5bd89bec2dbe | ITER: 14 END: OK
2020-03-16 04:57:34.783 164 INFO rally.task.runner [-] Task 0590fa21-b0dd-4b3c-994d-5bd89bec2dbe | ITER: 24 START
2020-03-16 04:57:34.878 167 INFO rally.task.runner [-] Task 0590fa21-b0dd-4b3c-994d-5bd89bec2dbe | ITER: 12 END: OK
2020-03-16 04:57:34.882 167 INFO rally.task.runner [-] Task 0590fa21-b0dd-4b3c-994d-5bd89bec2dbe | ITER: 25 START
2020-03-16 04:57:34.945 161 INFO rally.task.runner [-] Task 0590fa21-b0dd-4b3c-994d-5bd89bec2dbe | ITER: 11 END: OK
2020-03-16 04:57:34.950 161 INFO rally.task.runner [-] Task 0590fa21-b0dd-4b3c-994d-5bd89bec2dbe | ITER: 26 START
2020-03-16 04:57:35.176 156 INFO rally.task.runner [-] Task 0590fa21-b0dd-4b3c-994d-5bd89bec2dbe | ITER: 10 END: OK
2020-03-16 04:57:35.181 156 INFO rally.task.runner [-] Task 0590fa21-b0dd-4b3c-994d-5bd89bec2dbe | ITER: 27 START
2020-03-16 04:57:35.487 150 INFO rally.task.runner [-] Task 0590fa21-b0dd-4b3c-994d-5bd89bec2dbe | ITER: 6 END: OK
2020-03-16 04:57:35.491 150 INFO rally.task.runner [-] Task 0590fa21-b0dd-4b3c-994d-5bd89bec2dbe | ITER: 28 START
2020-03-16 04:57:35.610 183 INFO rally.task.runner [-] Task 0590fa21-b0dd-4b3c-994d-5bd89bec2dbe | ITER: 18 END: OK
2020-03-16 04:57:35.615 183 INFO rally.task.runner [-] Task 0590fa21-b0dd-4b3c-994d-5bd89bec2dbe | ITER: 29 START
2020-03-16 04:57:35.639 171 INFO rally.task.runner [-] Task 0590fa21-b0dd-4b3c-994d-5bd89bec2dbe | ITER: 13 END: OK
2020-03-16 04:57:35.643 171 INFO rally.task.runner [-] Task 0590fa21-b0dd-4b3c-994d-5bd89bec2dbe | ITER: 30 START
2020-03-16 04:57:35.645 145 INFO rally.task.runner [-] Task 0590fa21-b0dd-4b3c-994d-5bd89bec2dbe | ITER: 5 END: OK
2020-03-16 04:57:35.650 145 INFO rally.task.runner [-] Task 0590fa21-b0dd-4b3c-994d-5bd89bec2dbe | ITER: 31 START
2020-03-16 04:57:35.727 174 INFO rally.task.runner [-] Task 0590fa21-b0dd-4b3c-994d-5bd89bec2dbe | ITER: 15 END: OK
2020-03-16 04:57:35.729 175 INFO rally.task.runner [-] Task 0590fa21-b0dd-4b3c-994d-5bd89bec2dbe | ITER: 17 END: OK
2020-03-16 04:57:35.732 174 INFO rally.task.runner [-] Task 0590fa21-b0dd-4b3c-994d-5bd89bec2dbe | ITER: 32 START
2020-03-16 04:57:35.734 175 INFO rally.task.runner [-] Task 0590fa21-b0dd-4b3c-994d-5bd89bec2dbe | ITER: 33 START
2020-03-16 04:57:36.638 180 INFO rally.task.runner [-] Task 0590fa21-b0dd-4b3c-994d-5bd89bec2dbe | ITER: 16 END: OK
2020-03-16 04:57:36.643 180 INFO rally.task.runner [-] Task 0590fa21-b0dd-4b3c-994d-5bd89bec2dbe | ITER: 34 START
2020-03-16 04:57:36.744 152 INFO rally.task.runner [-] Task 0590fa21-b0dd-4b3c-994d-5bd89bec2dbe | ITER: 8 END: OK
2020-03-16 04:57:36.745 159 INFO rally.task.runner [-] Task 0590fa21-b0dd-4b3c-994d-5bd89bec2dbe | ITER: 9 END: OK
2020-03-16 04:57:36.748 152 INFO rally.task.runner [-] Task 0590fa21-b0dd-4b3c-994d-5bd89bec2dbe | ITER: 35 START
2020-03-16 04:57:36.750 159 INFO rally.task.runner [-] Task 0590fa21-b0dd-4b3c-994d-5bd89bec2dbe | ITER: 36 START
2020-03-16 04:57:36.892 140 INFO rally.task.runner [-] Task 0590fa21-b0dd-4b3c-994d-5bd89bec2dbe | ITER: 21 END: OK
2020-03-16 04:57:36.896 140 INFO rally.task.runner [-] Task 0590fa21-b0dd-4b3c-994d-5bd89bec2dbe | ITER: 37 START
2020-03-16 04:57:36.905 155 INFO rally.task.runner [-] Task 0590fa21-b0dd-4b3c-994d-5bd89bec2dbe | ITER: 7 END: OK
2020-03-16 04:57:36.908 139 INFO rally.task.runner [-] Task 0590fa21-b0dd-4b3c-994d-5bd89bec2dbe | ITER: 1 END: OK
2020-03-16 04:57:36.909 155 INFO rally.task.runner [-] Task 0590fa21-b0dd-4b3c-994d-5bd89bec2dbe | ITER: 38 START
2020-03-16 04:57:36.912 139 INFO rally.task.runner [-] Task 0590fa21-b0dd-4b3c-994d-5bd89bec2dbe | ITER: 39 START
2020-03-16 04:57:36.959 189 INFO rally.task.runner [-] Task 0590fa21-b0dd-4b3c-994d-5bd89bec2dbe | ITER: 20 END: OK
2020-03-16 04:57:36.961 142 INFO rally.task.runner [-] Task 0590fa21-b0dd-4b3c-994d-5bd89bec2dbe | ITER: 4 END: OK
2020-03-16 04:57:36.963 189 INFO rally.task.runner [-] Task 0590fa21-b0dd-4b3c-994d-5bd89bec2dbe | ITER: 40 START
2020-03-16 04:57:36.966 142 INFO rally.task.runner [-] Task 0590fa21-b0dd-4b3c-994d-5bd89bec2dbe | ITER: 41 START
2020-03-16 04:57:38.015 161 INFO rally.task.runner [-] Task 0590fa21-b0dd-4b3c-994d-5bd89bec2dbe | ITER: 26 END: OK
2020-03-16 04:57:38.019 161 INFO rally.task.runner [-] Task 0590fa21-b0dd-4b3c-994d-5bd89bec2dbe | ITER: 42 START
2020-03-16 04:57:39.223 183 INFO rally.task.runner [-] Task 0590fa21-b0dd-4b3c-994d-5bd89bec2dbe | ITER: 29 END: OK
2020-03-16 04:57:39.226 183 INFO rally.task.runner [-] Task 0590fa21-b0dd-4b3c-994d-5bd89bec2dbe | ITER: 43 START
2020-03-16 04:57:39.514 145 INFO rally.task.runner [-] Task 0590fa21-b0dd-4b3c-994d-5bd89bec2dbe | ITER: 31 END: OK
2020-03-16 04:57:39.518 145 INFO rally.task.runner [-] Task 0590fa21-b0dd-4b3c-994d-5bd89bec2dbe | ITER: 44 START
2020-03-16 04:57:39.870 141 INFO rally.task.runner [-] Task 0590fa21-b0dd-4b3c-994d-5bd89bec2dbe | ITER: 23 END: OK
2020-03-16 04:57:39.874 141 INFO rally.task.runner [-] Task 0590fa21-b0dd-4b3c-994d-5bd89bec2dbe | ITER: 45 START
2020-03-16 04:57:39.954 155 INFO rally.task.runner [-] Task 0590fa21-b0dd-4b3c-994d-5bd89bec2dbe | ITER: 38 END: OK
2020-03-16 04:57:39.957 155 INFO rally.task.runner [-] Task 0590fa21-b0dd-4b3c-994d-5bd89bec2dbe | ITER: 46 START
2020-03-16 04:57:39.963 167 INFO rally.task.runner [-] Task 0590fa21-b0dd-4b3c-994d-5bd89bec2dbe | ITER: 25 END: OK
2020-03-16 04:57:39.967 167 INFO rally.task.runner [-] Task 0590fa21-b0dd-4b3c-994d-5bd89bec2dbe | ITER: 47 START
2020-03-16 04:57:40.137 164 INFO rally.task.runner [-] Task 0590fa21-b0dd-4b3c-994d-5bd89bec2dbe | ITER: 24 END: OK
2020-03-16 04:57:40.141 164 INFO rally.task.runner [-] Task 0590fa21-b0dd-4b3c-994d-5bd89bec2dbe | ITER: 48 START
2020-03-16 04:57:40.242 174 INFO rally.task.runner [-] Task 0590fa21-b0dd-4b3c-994d-5bd89bec2dbe | ITER: 32 END: OK
2020-03-16 04:57:40.246 174 INFO rally.task.runner [-] Task 0590fa21-b0dd-4b3c-994d-5bd89bec2dbe | ITER: 49 START
2020-03-16 04:57:40.275 180 INFO rally.task.runner [-] Task 0590fa21-b0dd-4b3c-994d-5bd89bec2dbe | ITER: 34 END: OK
2020-03-16 04:57:40.278 180 INFO rally.task.runner [-] Task 0590fa21-b0dd-4b3c-994d-5bd89bec2dbe | ITER: 50 START
2020-03-16 04:57:40.862 186 INFO rally.task.runner [-] Task 0590fa21-b0dd-4b3c-994d-5bd89bec2dbe | ITER: 22 END: OK
2020-03-16 04:57:40.866 186 INFO rally.task.runner [-] Task 0590fa21-b0dd-4b3c-994d-5bd89bec2dbe | ITER: 51 START
2020-03-16 04:57:40.993 171 INFO rally.task.runner [-] Task 0590fa21-b0dd-4b3c-994d-5bd89bec2dbe | ITER: 30 END: OK
2020-03-16 04:57:40.997 171 INFO rally.task.runner [-] Task 0590fa21-b0dd-4b3c-994d-5bd89bec2dbe | ITER: 52 START
2020-03-16 04:57:41.012 175 INFO rally.task.runner [-] Task 0590fa21-b0dd-4b3c-994d-5bd89bec2dbe | ITER: 33 END: OK
2020-03-16 04:57:41.015 175 INFO rally.task.runner [-] Task 0590fa21-b0dd-4b3c-994d-5bd89bec2dbe | ITER: 53 START
2020-03-16 04:57:41.140 159 INFO rally.task.runner [-] Task 0590fa21-b0dd-4b3c-994d-5bd89bec2dbe | ITER: 36 END: OK
2020-03-16 04:57:41.144 159 INFO rally.task.runner [-] Task 0590fa21-b0dd-4b3c-994d-5bd89bec2dbe | ITER: 54 START
2020-03-16 04:57:41.318 152 INFO rally.task.runner [-] Task 0590fa21-b0dd-4b3c-994d-5bd89bec2dbe | ITER: 35 END: OK
2020-03-16 04:57:41.321 152 INFO rally.task.runner [-] Task 0590fa21-b0dd-4b3c-994d-5bd89bec2dbe | ITER: 55 START
2020-03-16 04:57:41.351 161 INFO rally.task.runner [-] Task 0590fa21-b0dd-4b3c-994d-5bd89bec2dbe | ITER: 42 END: OK
2020-03-16 04:57:41.354 161 INFO rally.task.runner [-] Task 0590fa21-b0dd-4b3c-994d-5bd89bec2dbe | ITER: 56 START
2020-03-16 04:57:41.371 156 INFO rally.task.runner [-] Task 0590fa21-b0dd-4b3c-994d-5bd89bec2dbe | ITER: 27 END: OK
2020-03-16 04:57:41.373 150 INFO rally.task.runner [-] Task 0590fa21-b0dd-4b3c-994d-5bd89bec2dbe | ITER: 28 END: OK
2020-03-16 04:57:41.375 156 INFO rally.task.runner [-] Task 0590fa21-b0dd-4b3c-994d-5bd89bec2dbe | ITER: 57 START
2020-03-16 04:57:41.377 150 INFO rally.task.runner [-] Task 0590fa21-b0dd-4b3c-994d-5bd89bec2dbe | ITER: 58 START
2020-03-16 04:57:41.399 139 INFO rally.task.runner [-] Task 0590fa21-b0dd-4b3c-994d-5bd89bec2dbe | ITER: 39 END: OK
2020-03-16 04:57:41.402 139 INFO rally.task.runner [-] Task 0590fa21-b0dd-4b3c-994d-5bd89bec2dbe | ITER: 59 START
2020-03-16 04:57:41.870 142 INFO rally.task.runner [-] Task 0590fa21-b0dd-4b3c-994d-5bd89bec2dbe | ITER: 41 END: OK
2020-03-16 04:57:41.873 142 INFO rally.task.runner [-] Task 0590fa21-b0dd-4b3c-994d-5bd89bec2dbe | ITER: 60 START
2020-03-16 04:57:42.638 189 INFO rally.task.runner [-] Task 0590fa21-b0dd-4b3c-994d-5bd89bec2dbe | ITER: 40 END: OK
2020-03-16 04:57:42.642 189 INFO rally.task.runner [-] Task 0590fa21-b0dd-4b3c-994d-5bd89bec2dbe | ITER: 61 START
2020-03-16 04:57:44.233 140 INFO rally.task.runner [-] Task 0590fa21-b0dd-4b3c-994d-5bd89bec2dbe | ITER: 37 END: OK
2020-03-16 04:57:44.237 140 INFO rally.task.runner [-] Task 0590fa21-b0dd-4b3c-994d-5bd89bec2dbe | ITER: 62 START
2020-03-16 04:57:44.529 141 INFO rally.task.runner [-] Task 0590fa21-b0dd-4b3c-994d-5bd89bec2dbe | ITER: 45 END: OK
2020-03-16 04:57:44.532 141 INFO rally.task.runner [-] Task 0590fa21-b0dd-4b3c-994d-5bd89bec2dbe | ITER: 63 START
2020-03-16 04:57:44.652 155 INFO rally.task.runner [-] Task 0590fa21-b0dd-4b3c-994d-5bd89bec2dbe | ITER: 46 END: OK
2020-03-16 04:57:44.655 155 INFO rally.task.runner [-] Task 0590fa21-b0dd-4b3c-994d-5bd89bec2dbe | ITER: 64 START
2020-03-16 04:57:45.148 145 INFO rally.task.runner [-] Task 0590fa21-b0dd-4b3c-994d-5bd89bec2dbe | ITER: 44 END: OK
2020-03-16 04:57:45.151 145 INFO rally.task.runner [-] Task 0590fa21-b0dd-4b3c-994d-5bd89bec2dbe | ITER: 65 START
2020-03-16 04:57:45.193 167 INFO rally.task.runner [-] Task 0590fa21-b0dd-4b3c-994d-5bd89bec2dbe | ITER: 47 END: OK
2020-03-16 04:57:45.197 167 INFO rally.task.runner [-] Task 0590fa21-b0dd-4b3c-994d-5bd89bec2dbe | ITER: 66 START
2020-03-16 04:57:45.273 164 INFO rally.task.runner [-] Task 0590fa21-b0dd-4b3c-994d-5bd89bec2dbe | ITER: 48 END: OK
2020-03-16 04:57:45.277 164 INFO rally.task.runner [-] Task 0590fa21-b0dd-4b3c-994d-5bd89bec2dbe | ITER: 67 START
2020-03-16 04:57:45.654 174 INFO rally.task.runner [-] Task 0590fa21-b0dd-4b3c-994d-5bd89bec2dbe | ITER: 49 END: OK
2020-03-16 04:57:45.655 142 INFO rally.task.runner [-] Task 0590fa21-b0dd-4b3c-994d-5bd89bec2dbe | ITER: 60 END: OK
2020-03-16 04:57:45.658 174 INFO rally.task.runner [-] Task 0590fa21-b0dd-4b3c-994d-5bd89bec2dbe | ITER: 68 START
2020-03-16 04:57:45.659 142 INFO rally.task.runner [-] Task 0590fa21-b0dd-4b3c-994d-5bd89bec2dbe | ITER: 69 START
2020-03-16 04:57:45.667 180 INFO rally.task.runner [-] Task 0590fa21-b0dd-4b3c-994d-5bd89bec2dbe | ITER: 50 END: OK
2020-03-16 04:57:45.670 180 INFO rally.task.runner [-] Task 0590fa21-b0dd-4b3c-994d-5bd89bec2dbe | ITER: 70 START
2020-03-16 04:57:45.702 183 INFO rally.task.runner [-] Task 0590fa21-b0dd-4b3c-994d-5bd89bec2dbe | ITER: 43 END: OK
2020-03-16 04:57:45.706 183 INFO rally.task.runner [-] Task 0590fa21-b0dd-4b3c-994d-5bd89bec2dbe | ITER: 71 START
2020-03-16 04:57:45.792 161 INFO rally.task.runner [-] Task 0590fa21-b0dd-4b3c-994d-5bd89bec2dbe | ITER: 56 END: OK
2020-03-16 04:57:45.796 161 INFO rally.task.runner [-] Task 0590fa21-b0dd-4b3c-994d-5bd89bec2dbe | ITER: 72 START
2020-03-16 04:57:45.870 159 INFO rally.task.runner [-] Task 0590fa21-b0dd-4b3c-994d-5bd89bec2dbe | ITER: 54 END: OK
2020-03-16 04:57:45.874 159 INFO rally.task.runner [-] Task 0590fa21-b0dd-4b3c-994d-5bd89bec2dbe | ITER: 73 START
2020-03-16 04:57:45.969 156 INFO rally.task.runner [-] Task 0590fa21-b0dd-4b3c-994d-5bd89bec2dbe | ITER: 57 END: OK
2020-03-16 04:57:45.972 156 INFO rally.task.runner [-] Task 0590fa21-b0dd-4b3c-994d-5bd89bec2dbe | ITER: 74 START
2020-03-16 04:57:46.023 150 INFO rally.task.runner [-] Task 0590fa21-b0dd-4b3c-994d-5bd89bec2dbe | ITER: 58 END: OK
2020-03-16 04:57:46.026 150 INFO rally.task.runner [-] Task 0590fa21-b0dd-4b3c-994d-5bd89bec2dbe | ITER: 75 START
2020-03-16 04:57:46.145 152 INFO rally.task.runner [-] Task 0590fa21-b0dd-4b3c-994d-5bd89bec2dbe | ITER: 55 END: OK
2020-03-16 04:57:46.149 152 INFO rally.task.runner [-] Task 0590fa21-b0dd-4b3c-994d-5bd89bec2dbe | ITER: 76 START
2020-03-16 04:57:46.519 175 INFO rally.task.runner [-] Task 0590fa21-b0dd-4b3c-994d-5bd89bec2dbe | ITER: 53 END: OK
2020-03-16 04:57:46.523 175 INFO rally.task.runner [-] Task 0590fa21-b0dd-4b3c-994d-5bd89bec2dbe | ITER: 77 START
2020-03-16 04:57:46.770 189 INFO rally.task.runner [-] Task 0590fa21-b0dd-4b3c-994d-5bd89bec2dbe | ITER: 61 END: OK
2020-03-16 04:57:46.773 189 INFO rally.task.runner [-] Task 0590fa21-b0dd-4b3c-994d-5bd89bec2dbe | ITER: 78 START
2020-03-16 04:57:46.954 140 INFO rally.task.runner [-] Task 0590fa21-b0dd-4b3c-994d-5bd89bec2dbe | ITER: 62 END: OK
2020-03-16 04:57:46.958 140 INFO rally.task.runner [-] Task 0590fa21-b0dd-4b3c-994d-5bd89bec2dbe | ITER: 79 START
2020-03-16 04:57:47.023 145 INFO rally.task.runner [-] Task 0590fa21-b0dd-4b3c-994d-5bd89bec2dbe | ITER: 65 END: OK
2020-03-16 04:57:47.027 145 INFO rally.task.runner [-] Task 0590fa21-b0dd-4b3c-994d-5bd89bec2dbe | ITER: 80 START
2020-03-16 04:57:47.170 186 INFO rally.task.runner [-] Task 0590fa21-b0dd-4b3c-994d-5bd89bec2dbe | ITER: 51 END: OK
2020-03-16 04:57:47.174 186 INFO rally.task.runner [-] Task 0590fa21-b0dd-4b3c-994d-5bd89bec2dbe | ITER: 81 START
2020-03-16 04:57:47.200 139 INFO rally.task.runner [-] Task 0590fa21-b0dd-4b3c-994d-5bd89bec2dbe | ITER: 59 END: OK
2020-03-16 04:57:47.201 171 INFO rally.task.runner [-] Task 0590fa21-b0dd-4b3c-994d-5bd89bec2dbe | ITER: 52 END: OK
2020-03-16 04:57:47.204 139 INFO rally.task.runner [-] Task 0590fa21-b0dd-4b3c-994d-5bd89bec2dbe | ITER: 82 START
2020-03-16 04:57:47.204 171 INFO rally.task.runner [-] Task 0590fa21-b0dd-4b3c-994d-5bd89bec2dbe | ITER: 83 START
2020-03-16 04:57:47.250 164 INFO rally.task.runner [-] Task 0590fa21-b0dd-4b3c-994d-5bd89bec2dbe | ITER: 67 END: OK
2020-03-16 04:57:47.253 164 INFO rally.task.runner [-] Task 0590fa21-b0dd-4b3c-994d-5bd89bec2dbe | ITER: 84 START
2020-03-16 04:57:47.868 155 INFO rally.task.runner [-] Task 0590fa21-b0dd-4b3c-994d-5bd89bec2dbe | ITER: 64 END: OK
2020-03-16 04:57:47.872 155 INFO rally.task.runner [-] Task 0590fa21-b0dd-4b3c-994d-5bd89bec2dbe | ITER: 85 START
2020-03-16 04:57:49.501 141 INFO rally.task.runner [-] Task 0590fa21-b0dd-4b3c-994d-5bd89bec2dbe | ITER: 63 END: OK
2020-03-16 04:57:49.505 141 INFO rally.task.runner [-] Task 0590fa21-b0dd-4b3c-994d-5bd89bec2dbe | ITER: 86 START
2020-03-16 04:57:49.717 167 INFO rally.task.runner [-] Task 0590fa21-b0dd-4b3c-994d-5bd89bec2dbe | ITER: 66 END: OK
2020-03-16 04:57:49.721 167 INFO rally.task.runner [-] Task 0590fa21-b0dd-4b3c-994d-5bd89bec2dbe | ITER: 87 START
2020-03-16 04:57:49.954 180 INFO rally.task.runner [-] Task 0590fa21-b0dd-4b3c-994d-5bd89bec2dbe | ITER: 70 END: OK
2020-03-16 04:57:49.958 180 INFO rally.task.runner [-] Task 0590fa21-b0dd-4b3c-994d-5bd89bec2dbe | ITER: 88 START
2020-03-16 04:57:50.016 156 INFO rally.task.runner [-] Task 0590fa21-b0dd-4b3c-994d-5bd89bec2dbe | ITER: 74 END: OK
2020-03-16 04:57:50.020 156 INFO rally.task.runner [-] Task 0590fa21-b0dd-4b3c-994d-5bd89bec2dbe | ITER: 89 START
2020-03-16 04:57:50.324 139 INFO rally.task.runner [-] Task 0590fa21-b0dd-4b3c-994d-5bd89bec2dbe | ITER: 82 END: OK
2020-03-16 04:57:50.327 139 INFO rally.task.runner [-] Task 0590fa21-b0dd-4b3c-994d-5bd89bec2dbe | ITER: 90 START
2020-03-16 04:57:50.373 142 INFO rally.task.runner [-] Task 0590fa21-b0dd-4b3c-994d-5bd89bec2dbe | ITER: 69 END: OK
2020-03-16 04:57:50.376 189 INFO rally.task.runner [-] Task 0590fa21-b0dd-4b3c-994d-5bd89bec2dbe | ITER: 78 END: OK
2020-03-16 04:57:50.377 142 INFO rally.task.runner [-] Task 0590fa21-b0dd-4b3c-994d-5bd89bec2dbe | ITER: 91 START
2020-03-16 04:57:50.379 189 INFO rally.task.runner [-] Task 0590fa21-b0dd-4b3c-994d-5bd89bec2dbe | ITER: 92 START
2020-03-16 04:57:50.562 174 INFO rally.task.runner [-] Task 0590fa21-b0dd-4b3c-994d-5bd89bec2dbe | ITER: 68 END: OK
2020-03-16 04:57:50.563 175 INFO rally.task.runner [-] Task 0590fa21-b0dd-4b3c-994d-5bd89bec2dbe | ITER: 77 END: OK
2020-03-16 04:57:50.566 174 INFO rally.task.runner [-] Task 0590fa21-b0dd-4b3c-994d-5bd89bec2dbe | ITER: 93 START
2020-03-16 04:57:50.567 175 INFO rally.task.runner [-] Task 0590fa21-b0dd-4b3c-994d-5bd89bec2dbe | ITER: 94 START
2020-03-16 04:57:50.574 152 INFO rally.task.runner [-] Task 0590fa21-b0dd-4b3c-994d-5bd89bec2dbe | ITER: 76 END: OK
2020-03-16 04:57:50.578 152 INFO rally.task.runner [-] Task 0590fa21-b0dd-4b3c-994d-5bd89bec2dbe | ITER: 95 START
2020-03-16 04:57:50.603 159 INFO rally.task.runner [-] Task 0590fa21-b0dd-4b3c-994d-5bd89bec2dbe | ITER: 73 END: OK
2020-03-16 04:57:50.604 183 INFO rally.task.runner [-] Task 0590fa21-b0dd-4b3c-994d-5bd89bec2dbe | ITER: 71 END: OK
2020-03-16 04:57:50.607 159 INFO rally.task.runner [-] Task 0590fa21-b0dd-4b3c-994d-5bd89bec2dbe | ITER: 96 START
2020-03-16 04:57:50.607 183 INFO rally.task.runner [-] Task 0590fa21-b0dd-4b3c-994d-5bd89bec2dbe | ITER: 97 START
2020-03-16 04:57:50.782 145 INFO rally.task.runner [-] Task 0590fa21-b0dd-4b3c-994d-5bd89bec2dbe | ITER: 80 END: OK
2020-03-16 04:57:50.785 145 INFO rally.task.runner [-] Task 0590fa21-b0dd-4b3c-994d-5bd89bec2dbe | ITER: 98 START
2020-03-16 04:57:50.889 150 INFO rally.task.runner [-] Task 0590fa21-b0dd-4b3c-994d-5bd89bec2dbe | ITER: 75 END: OK
2020-03-16 04:57:50.893 150 INFO rally.task.runner [-] Task 0590fa21-b0dd-4b3c-994d-5bd89bec2dbe | ITER: 99 START
2020-03-16 04:57:51.005 161 INFO rally.task.runner [-] Task 0590fa21-b0dd-4b3c-994d-5bd89bec2dbe | ITER: 72 END: OK
2020-03-16 04:57:51.008 171 INFO rally.task.runner [-] Task 0590fa21-b0dd-4b3c-994d-5bd89bec2dbe | ITER: 83 END: OK
2020-03-16 04:57:51.008 161 INFO rally.task.runner [-] Task 0590fa21-b0dd-4b3c-994d-5bd89bec2dbe | ITER: 100 START
2020-03-16 04:57:51.052 140 INFO rally.task.runner [-] Task 0590fa21-b0dd-4b3c-994d-5bd89bec2dbe | ITER: 79 END: OK
2020-03-16 04:57:51.132 164 INFO rally.task.runner [-] Task 0590fa21-b0dd-4b3c-994d-5bd89bec2dbe | ITER: 84 END: OK
2020-03-16 04:57:51.205 186 INFO rally.task.runner [-] Task 0590fa21-b0dd-4b3c-994d-5bd89bec2dbe | ITER: 81 END: OK
2020-03-16 04:57:51.478 155 INFO rally.task.runner [-] Task 0590fa21-b0dd-4b3c-994d-5bd89bec2dbe | ITER: 85 END: OK
2020-03-16 04:57:52.320 180 INFO rally.task.runner [-] Task 0590fa21-b0dd-4b3c-994d-5bd89bec2dbe | ITER: 88 END: OK
2020-03-16 04:57:52.594 167 INFO rally.task.runner [-] Task 0590fa21-b0dd-4b3c-994d-5bd89bec2dbe | ITER: 87 END: OK
2020-03-16 04:57:52.786 152 INFO rally.task.runner [-] Task 0590fa21-b0dd-4b3c-994d-5bd89bec2dbe | ITER: 95 END: OK
2020-03-16 04:57:53.096 159 INFO rally.task.runner [-] Task 0590fa21-b0dd-4b3c-994d-5bd89bec2dbe | ITER: 96 END: OK
2020-03-16 04:57:53.163 142 INFO rally.task.runner [-] Task 0590fa21-b0dd-4b3c-994d-5bd89bec2dbe | ITER: 91 END: OK
2020-03-16 04:57:53.167 189 INFO rally.task.runner [-] Task 0590fa21-b0dd-4b3c-994d-5bd89bec2dbe | ITER: 92 END: OK
2020-03-16 04:57:53.246 141 INFO rally.task.runner [-] Task 0590fa21-b0dd-4b3c-994d-5bd89bec2dbe | ITER: 86 END: OK
2020-03-16 04:57:53.418 175 INFO rally.task.runner [-] Task 0590fa21-b0dd-4b3c-994d-5bd89bec2dbe | ITER: 94 END: OK
2020-03-16 04:57:53.421 183 INFO rally.task.runner [-] Task 0590fa21-b0dd-4b3c-994d-5bd89bec2dbe | ITER: 97 END: OK
2020-03-16 04:57:53.462 145 INFO rally.task.runner [-] Task 0590fa21-b0dd-4b3c-994d-5bd89bec2dbe | ITER: 98 END: OK
2020-03-16 04:57:53.578 161 INFO rally.task.runner [-] Task 0590fa21-b0dd-4b3c-994d-5bd89bec2dbe | ITER: 100 END: OK
2020-03-16 04:57:53.884 139 INFO rally.task.runner [-] Task 0590fa21-b0dd-4b3c-994d-5bd89bec2dbe | ITER: 90 END: OK
2020-03-16 04:57:53.886 156 INFO rally.task.runner [-] Task 0590fa21-b0dd-4b3c-994d-5bd89bec2dbe | ITER: 89 END: OK
2020-03-16 04:57:53.891 174 INFO rally.task.runner [-] Task 0590fa21-b0dd-4b3c-994d-5bd89bec2dbe | ITER: 93 END: OK
2020-03-16 04:57:53.998 150 INFO rally.task.runner [-] Task 0590fa21-b0dd-4b3c-994d-5bd89bec2dbe | ITER: 99 END: OK
2020-03-16 04:57:54.022 15 INFO rally.task.context [-] Task 0590fa21-b0dd-4b3c-994d-5bd89bec2dbe | Context cleanup@openstack cleanup() started
2020-03-16 04:57:54.025 15 RALLYDEBUG rally_openstack.cleanup.manager [-] Cleaning up neutron vip objects
2020-03-16 04:57:54.210 15 RALLYDEBUG rally_openstack.cleanup.manager [-] Cleaning up neutron health_monitor objects
2020-03-16 04:57:54.420 15 RALLYDEBUG rally_openstack.cleanup.manager [-] Cleaning up neutron pool objects
2020-03-16 04:57:54.595 15 RALLYDEBUG rally_openstack.cleanup.manager [-] Cleaning up neutron loadbalancer objects
2020-03-16 04:57:54.791 15 RALLYDEBUG rally_openstack.cleanup.manager [-] Cleaning up neutron floatingip objects
2020-03-16 04:57:54.990 15 RALLYDEBUG rally_openstack.cleanup.manager [-] Cleaning up neutron trunk objects
2020-03-16 04:57:55.171 15 DEBUG neutronclient.v2_0.client [-] Error message: {"NeutronError": {"message": "Invalid input for operation: 'tenant_id' is not supported for filtering.", "type": "InvalidInput", "detail": ""}} _handle_fault_response /usr/lib/python2.7/site-packages/neutronclient/v2_0/client.py:259
2020-03-16 04:57:55.204 15 DEBUG neutronclient.v2_0.client [-] Error message: {"NeutronError": {"message": "Invalid input for operation: 'tenant_id' is not supported for filtering.", "type": "InvalidInput", "detail": ""}} _handle_fault_response /usr/lib/python2.7/site-packages/neutronclient/v2_0/client.py:259
2020-03-16 04:57:55.235 15 DEBUG neutronclient.v2_0.client [-] Error message: {"NeutronError": {"message": "Invalid input for operation: 'tenant_id' is not supported for filtering.", "type": "InvalidInput", "detail": ""}} _handle_fault_response /usr/lib/python2.7/site-packages/neutronclient/v2_0/client.py:259
2020-03-16 04:57:55.236 15 ERROR rally_openstack.cleanup.manager [-] Seems like rally_openstack.cleanup.resources.NeutronTrunk.list(self) method is broken. It shouldn't raise any exceptions.: BadRequest: Invalid input for operation: 'tenant_id' is not supported for filtering. Neutron server returns request_ids: ['req-00ddd0e6-4bbe-40d0-a6e2-bb9f79f9a7c9']
2020-03-16 04:57:55.236 15 ERROR rally_openstack.cleanup.manager
Traceback (most recent call last):
2020-03-16 04:57:55.236 15 ERROR rally_openstack.cleanup.manager
File "/usr/lib/python2.7/site-packages/rally_openstack/cleanup/manager.py", line 133, in _publish
2020-03-16 04:57:55.236 15 ERROR rally_openstack.cleanup.manager for raw_resource in rutils.retry(3, manager.list):
2020-03-16 04:57:55.236 15 ERROR rally_openstack.cleanup.manager
File "/usr/lib/python2.7/site-packages/rally/common/utils.py", line 230, in retry
2020-03-16 04:57:55.236 15 ERROR rally_openstack.cleanup.manager return func(*args, **kwargs)
2020-03-16 04:57:55.236 15 ERROR rally_openstack.cleanup.manager
File "/usr/lib/python2.7/site-packages/rally_openstack/cleanup/resources.py", line 396, in list
2020-03-16 04:57:55.236 15 ERROR rally_openstack.cleanup.manager return super(NeutronTrunk, self).list()
2020-03-16 04:57:55.236 15 ERROR rally_openstack.cleanup.manager
File "/usr/lib/python2.7/site-packages/rally_openstack/cleanup/resources.py", line 273, in list
2020-03-16 04:57:55.236 15 ERROR rally_openstack.cleanup.manager result = list_method(tenant_id=self.tenant_uuid)[resources]
2020-03-16 04:57:55.236 15 ERROR rally_openstack.cleanup.manager
File "/usr/lib/python2.7/site-packages/neutronclient/v2_0/client.py", line 2105, in list_trunks
2020-03-16 04:57:55.236 15 ERROR rally_openstack.cleanup.manager **_params)
2020-03-16 04:57:55.236 15 ERROR rally_openstack.cleanup.manager
File "/usr/lib/python2.7/site-packages/neutronclient/v2_0/client.py", line 369, in list
2020-03-16 04:57:55.236 15 ERROR rally_openstack.cleanup.manager for r in self._pagination(collection, path, **params):
2020-03-16 04:57:55.236 15 ERROR rally_openstack.cleanup.manager
File "/usr/lib/python2.7/site-packages/neutronclient/v2_0/client.py", line 384, in _pagination
2020-03-16 04:57:55.236 15 ERROR rally_openstack.cleanup.manager res = self.get(path, params=params)
2020-03-16 04:57:55.236 15 ERROR rally_openstack.cleanup.manager
File "/usr/lib/python2.7/site-packages/neutronclient/v2_0/client.py", line 354, in get
2020-03-16 04:57:55.236 15 ERROR rally_openstack.cleanup.manager headers=headers, params=params)
2020-03-16 04:57:55.236 15 ERROR rally_openstack.cleanup.manager
File "/usr/lib/python2.7/site-packages/neutronclient/v2_0/client.py", line 331, in retry_request
2020-03-16 04:57:55.236 15 ERROR rally_openstack.cleanup.manager headers=headers, params=params)
2020-03-16 04:57:55.236 15 ERROR rally_openstack.cleanup.manager
File "/usr/lib/python2.7/site-packages/neutronclient/v2_0/client.py", line 294, in do_request
2020-03-16 04:57:55.236 15 ERROR rally_openstack.cleanup.manager self._handle_fault_response(status_code, replybody, resp)
2020-03-16 04:57:55.236 15 ERROR rally_openstack.cleanup.manager
File "/usr/lib/python2.7/site-packages/neutronclient/v2_0/client.py", line 269, in _handle_fault_response
2020-03-16 04:57:55.236 15 ERROR rally_openstack.cleanup.manager exception_handler_v20(status_code, error_body)
2020-03-16 04:57:55.236 15 ERROR rally_openstack.cleanup.manager
File "/usr/lib/python2.7/site-packages/neutronclient/v2_0/client.py", line 93, in exception_handler_v20
2020-03-16 04:57:55.236 15 ERROR rally_openstack.cleanup.manager request_ids=request_ids)
2020-03-16 04:57:55.236 15 ERROR rally_openstack.cleanup.manager BadRequest: Invalid input for operation: 'tenant_id' is not supported for filtering.
2020-03-16 04:57:55.236 15 ERROR rally_openstack.cleanup.manager Neutron server returns request_ids: ['req-00ddd0e6-4bbe-40d0-a6e2-bb9f79f9a7c9']
2020-03-16 04:57:55.236 15 ERROR rally_openstack.cleanup.manager
2020-03-16 04:57:55.249 15 RALLYDEBUG rally_openstack.cleanup.manager [-] Cleaning up neutron port objects
2020-03-16 04:57:55.484 15 RALLYDEBUG rally_openstack.cleanup.manager [-] Cleaning up neutron subnet objects
2020-03-16 04:57:55.702 15 RALLYDEBUG rally_openstack.cleanup.manager [-] Cleaning up neutron network objects
2020-03-16 04:57:56.254 15 RALLYDEBUG rally_openstack.cleanup.manager [-] Deleting neutron.network object s_rally_8d6e3e85_w7lIYhhk (0366e7c5-f0c5-4d8f-b780-13ff55a0b3a1)
2020-03-16 04:57:56.258 15 RALLYDEBUG rally_openstack.cleanup.manager [-] Deleting neutron.network object s_rally_8d6e3e85_XH5yDbQM (0e31fa74-804d-41a8-bb3c-61dc315dbac6)
2020-03-16 04:57:56.261 15 RALLYDEBUG rally_openstack.cleanup.manager [-] Deleting neutron.network object s_rally_8d6e3e85_V6kMYWxI (0dae9de4-fd37-43d0-b077-34c307268125)
2020-03-16 04:57:56.266 15 RALLYDEBUG rally_openstack.cleanup.manager [-] Deleting neutron.network object s_rally_8d6e3e85_s8dUIw7K (04e5f144-af07-463b-b9a5-1bdac0db8bca)
2020-03-16 04:57:56.267 15 RALLYDEBUG rally_openstack.cleanup.manager [-] Deleting neutron.network object s_rally_8d6e3e85_DbKcqT05 (007aef90-8ee2-4c29-b260-52e6c10e686c)
2020-03-16 04:57:56.273 15 RALLYDEBUG rally_openstack.cleanup.manager [-] Deleting neutron.network object s_rally_8d6e3e85_nUGLDs8I (00993215-adc7-45b7-9e5c-940faf152519)
2020-03-16 04:57:56.278 15 RALLYDEBUG rally_openstack.cleanup.manager [-] Deleting neutron.network object s_rally_8d6e3e85_KmjZNBqW (172510fa-5f51-4786-9adc-12f35bf41f0f)
2020-03-16 04:57:56.271 15 RALLYDEBUG rally_openstack.cleanup.manager [-] Deleting neutron.network object s_rally_8d6e3e85_gOXk4Uao (109bdaf6-90b4-44ee-b07b-a29146d483f2)
2020-03-16 04:57:56.283 15 RALLYDEBUG rally_openstack.cleanup.manager [-] Deleting neutron.network object s_rally_8d6e3e85_2UW4jhec (11859539-692f-46d1-bd23-87511150260a)
2020-03-16 04:57:56.293 15 RALLYDEBUG rally_openstack.cleanup.manager [-] Deleting neutron.network object s_rally_8d6e3e85_2uJYY58r (0df8471a-9a51-4373-99a8-85e21b8cd7e9)
2020-03-16 04:57:56.299 15 RALLYDEBUG rally_openstack.cleanup.manager [-] Deleting neutron.network object s_rally_8d6e3e85_eXJaNME0 (0f98db0b-975c-46f0-939d-fbe22ab5fed0)
2020-03-16 04:57:56.341 15 RALLYDEBUG rally_openstack.cleanup.manager [-] Deleting neutron.network object s_rally_8d6e3e85_fdjjQzqA (26d81cc6-e083-4bf4-86ff-e3619859b91c)
2020-03-16 04:57:56.349 15 RALLYDEBUG rally_openstack.cleanup.manager [-] Deleting neutron.network object s_rally_8d6e3e85_R0PBP5jh (224cb943-e7db-4ec1-98c0-5bf6bb937746)
2020-03-16 04:57:56.345 15 RALLYDEBUG rally_openstack.cleanup.manager [-] Deleting neutron.network object s_rally_8d6e3e85_2Vh7Q9RJ (1f200f8e-8fc6-4c0e-9ba9-3e46654d2a42)
2020-03-16 04:57:56.361 15 RALLYDEBUG rally_openstack.cleanup.manager [-] Deleting neutron.network object s_rally_8d6e3e85_TrnoxN0f (1e159ae1-54dd-4e2a-b0f9-31190d78e9ef)
2020-03-16 04:57:56.369 15 RALLYDEBUG rally_openstack.cleanup.manager [-] Deleting neutron.network object s_rally_8d6e3e85_Q3etQgcG (1dbb4589-0155-4106-bdc4-385c135c8ed6)
2020-03-16 04:57:56.390 15 RALLYDEBUG rally_openstack.cleanup.manager [-] Deleting neutron.network object s_rally_8d6e3e85_3RZx3eUE (26d6f4dc-007b-4d63-80d3-36b9d7bf114f)
2020-03-16 04:57:56.406 15 RALLYDEBUG rally_openstack.cleanup.manager [-] Deleting neutron.network object s_rally_8d6e3e85_woz7S4RB (180743e3-05ba-462b-996d-714b06184ccb)
2020-03-16 04:57:56.455 15 RALLYDEBUG rally_openstack.cleanup.manager [-] Deleting neutron.network object s_rally_8d6e3e85_yD5PJ6zy (241fe2a5-6ebd-4004-be3c-98ad38a5b7fc)
2020-03-16 04:57:56.479 15 RALLYDEBUG rally_openstack.cleanup.manager [-] Deleting neutron.network object s_rally_8d6e3e85_E27ODu4t (290e7eed-dde7-4d6e-8e00-4d26d445dd1d)
2020-03-16 04:57:58.497 15 RALLYDEBUG rally_openstack.cleanup.manager [-] Deleting neutron.network object s_rally_8d6e3e85_hFCgnz1q (2a219cee-1538-49c8-896a-cd5ded81b765)
2020-03-16 04:57:58.602 15 RALLYDEBUG rally_openstack.cleanup.manager [-] Deleting neutron.network object s_rally_8d6e3e85_6zgIXVJz (2cc99624-58ef-4da3-b41a-7797301f253d)
2020-03-16 04:57:58.806 15 RALLYDEBUG rally_openstack.cleanup.manager [-] Deleting neutron.network object s_rally_8d6e3e85_2aJgm3hG (2ce22fd6-b065-4d5a-8549-cf9114e17bc2)
2020-03-16 04:57:58.826 15 RALLYDEBUG rally_openstack.cleanup.manager [-] Deleting neutron.network object s_rally_8d6e3e85_gygbOntX (2fdacecf-8460-4341-8291-4dc294b8ca36)
2020-03-16 04:57:58.912 15 RALLYDEBUG rally_openstack.cleanup.manager [-] Deleting neutron.network object s_rally_8d6e3e85_7GvmrcT2 (30ac6478-17b6-4ad4-8fec-dcbffd469f7b)
2020-03-16 04:57:58.936 15 RALLYDEBUG rally_openstack.cleanup.manager [-] Deleting neutron.network object s_rally_8d6e3e85_Efs9yUo5 (34f67724-b349-4334-863a-457aceda5754)
2020-03-16 04:57:59.010 15 RALLYDEBUG rally_openstack.cleanup.manager [-] Deleting neutron.network object s_rally_8d6e3e85_EGAQGGtt (3bb37e7a-8122-4034-b954-87042a229080)
2020-03-16 04:57:59.034 15 RALLYDEBUG rally_openstack.cleanup.manager [-] Deleting neutron.network object s_rally_8d6e3e85_iA4U56bs (3d6dd9ff-b16c-4f0f-898f-0e51596480bc)
2020-03-16 04:57:59.050 15 RALLYDEBUG rally_openstack.cleanup.manager [-] Deleting neutron.network object s_rally_8d6e3e85_jGmGLxqE (3e5ce704-8ff2-435e-bd30-f56bfded86fb)
2020-03-16 04:57:59.070 15 RALLYDEBUG rally_openstack.cleanup.manager [-] Deleting neutron.network object s_rally_8d6e3e85_Jrl8YWUP (40f4c5ad-1cf1-441e-9920-a3d265299496)
2020-03-16 04:57:59.114 15 RALLYDEBUG rally_openstack.cleanup.manager [-] Deleting neutron.network object s_rally_8d6e3e85_YGfBGZCT (42401e90-23a1-454c-9c4b-051a95aeb31c)
2020-03-16 04:57:59.122 15 RALLYDEBUG rally_openstack.cleanup.manager [-] Deleting neutron.network object s_rally_8d6e3e85_KJTGDnhJ (43adda4d-34b1-429e-9f90-7d37cde1ee06)
2020-03-16 04:57:59.126 15 RALLYDEBUG rally_openstack.cleanup.manager [-] Deleting neutron.network object s_rally_8d6e3e85_dhrSGvTE (492de927-8bc3-48dc-ac5a-9d09c1f9a352)
2020-03-16 04:57:59.884 15 RALLYDEBUG rally_openstack.cleanup.manager [-] Deleting neutron.network object s_rally_8d6e3e85_BzwFWySQ (4ae40ce0-5bc5-4662-ac50-132c323d6068)
2020-03-16 04:57:59.979 15 RALLYDEBUG rally_openstack.cleanup.manager [-] Deleting neutron.network object s_rally_8d6e3e85_kd8Orsxe (52d6cfbd-be34-4e26-95af-ba76cc354d8d)
2020-03-16 04:57:59.985 15 RALLYDEBUG rally_openstack.cleanup.manager [-] Deleting neutron.network object s_rally_8d6e3e85_5A9dL36C (55b9ff12-2565-45c8-a420-9e4a14b92d3d)
2020-03-16 04:58:00.015 15 RALLYDEBUG rally_openstack.cleanup.manager [-] Deleting neutron.network object s_rally_8d6e3e85_W9xAZ9CD (5743aa03-2a7a-4c82-a7eb-0d25c2868a62)
2020-03-16 04:58:00.084 15 RALLYDEBUG rally_openstack.cleanup.manager [-] Deleting neutron.network object s_rally_8d6e3e85_oG7tRakt (59b7b616-069c-4f47-a11b-83abdb328915)
2020-03-16 04:58:00.265 15 RALLYDEBUG rally_openstack.cleanup.manager [-] Deleting neutron.network object s_rally_8d6e3e85_GqUo9PNa (5a6f9973-96ae-4d82-9258-acbcc5296511)
2020-03-16 04:58:00.301 15 RALLYDEBUG rally_openstack.cleanup.manager [-] Deleting neutron.network object s_rally_8d6e3e85_mvgpiYnk (5b43b70c-8278-4d7f-9e2e-f58a22d44e96)
2020-03-16 04:58:00.523 15 RALLYDEBUG rally_openstack.cleanup.manager [-] Deleting neutron.network object s_rally_8d6e3e85_evFYeM2o (5b48b04b-edc3-405b-af22-e5f8a4b3e9cf)
2020-03-16 04:58:00.772 15 RALLYDEBUG rally_openstack.cleanup.manager [-] Deleting neutron.network object s_rally_8d6e3e85_mIwsS9Rf (5faae4e0-8ea2-4aea-83cd-0c7e17fb6288)
2020-03-16 04:58:00.919 15 RALLYDEBUG rally_openstack.cleanup.manager [-] Deleting neutron.network object s_rally_8d6e3e85_RzZ00IZt (5ff0e328-abc4-4b3e-83c9-fe3e90a977b6)
2020-03-16 04:58:00.925 15 RALLYDEBUG rally_openstack.cleanup.manager [-] Deleting neutron.network object s_rally_8d6e3e85_Em5ocSel (600caf7b-4b57-463a-91b2-b288ce152506)
2020-03-16 04:58:01.077 15 RALLYDEBUG rally_openstack.cleanup.manager [-] Deleting neutron.network object s_rally_8d6e3e85_UJ0IPnMJ (654f7f24-e409-49b1-a352-517a0886ea3c)
2020-03-16 04:58:01.094 15 RALLYDEBUG rally_openstack.cleanup.manager [-] Deleting neutron.network object s_rally_8d6e3e85_fiBtI2gn (66374ee3-f7cb-45f8-8d6b-4463c70da975)
2020-03-16 04:58:01.156 15 RALLYDEBUG rally_openstack.cleanup.manager [-] Deleting neutron.network object s_rally_8d6e3e85_qZSwb4ta (66fde224-3659-4eea-ba70-74f8403bfb98)
2020-03-16 04:58:01.426 15 RALLYDEBUG rally_openstack.cleanup.manager [-] Deleting neutron.network object s_rally_8d6e3e85_nW2qsyoD (68cfadf2-5b4e-4a72-a619-d992fd95469f)
2020-03-16 04:58:01.499 15 RALLYDEBUG rally_openstack.cleanup.manager [-] Deleting neutron.network object s_rally_8d6e3e85_vVSxQIaS (68ea39f7-7a84-4d9f-8061-44c3ec33374c)
2020-03-16 04:58:01.534 15 RALLYDEBUG rally_openstack.cleanup.manager [-] Deleting neutron.network object s_rally_8d6e3e85_BvRMQjkm (6c62baa6-898b-4fdd-9f31-6373bd68ccaa)
2020-03-16 04:58:01.970 15 RALLYDEBUG rally_openstack.cleanup.manager [-] Deleting neutron.network object s_rally_8d6e3e85_2SFaqiKc (70e387de-cb9b-47c9-9075-b92f1ea30af0)
2020-03-16 04:58:01.990 15 RALLYDEBUG rally_openstack.cleanup.manager [-] Deleting neutron.network object s_rally_8d6e3e85_5B5B4R7n (74cab009-6aa7-44b9-b644-fc56e01595f7)
2020-03-16 04:58:02.143 15 RALLYDEBUG rally_openstack.cleanup.manager [-] Deleting neutron.network object s_rally_8d6e3e85_hDjwRvYX (83ac19af-b6e0-4c99-bec5-2c3479634f49)
