2020-03-16 05:03:24.609 2320 RALLYDEBUG rally_openstack.wrappers.network [-] CIDR generated: 1.1.5.76/30
2020-03-16 05:03:24.880 2276 INFO rally.task.runner [-] Task 0590fa21-b0dd-4b3c-994d-5bd89bec2dbe | ITER: 6 END: OK
2020-03-16 05:03:24.886 2276 INFO rally.task.runner [-] Task 0590fa21-b0dd-4b3c-994d-5bd89bec2dbe | ITER: 38 START
2020-03-16 05:03:24.887 2276 WARNING rally_openstack.scenarios.neutron.utils [-] Running this scenario without either the 'network' or 'existing_network' context is deprecated
2020-03-16 05:03:24.920 2273 INFO rally.task.runner [-] Task 0590fa21-b0dd-4b3c-994d-5bd89bec2dbe | ITER: 5 END: OK
2020-03-16 05:03:24.926 2273 INFO rally.task.runner [-] Task 0590fa21-b0dd-4b3c-994d-5bd89bec2dbe | ITER: 39 START
2020-03-16 05:03:24.926 2273 WARNING rally_openstack.scenarios.neutron.utils [-] Running this scenario without either the 'network' or 'existing_network' context is deprecated
2020-03-16 05:03:25.133 2315 INFO rally.task.runner [-] Task 0590fa21-b0dd-4b3c-994d-5bd89bec2dbe | ITER: 19 END: OK
2020-03-16 05:03:25.138 2315 INFO rally.task.runner [-] Task 0590fa21-b0dd-4b3c-994d-5bd89bec2dbe | ITER: 40 START
2020-03-16 05:03:25.139 2315 WARNING rally_openstack.scenarios.neutron.utils [-] Running this scenario without either the 'network' or 'existing_network' context is deprecated
2020-03-16 05:03:25.238 2269 RALLYDEBUG rally_openstack.wrappers.network [-] CIDR generated: 1.1.5.80/30
2020-03-16 05:03:25.460 2283 RALLYDEBUG rally_openstack.wrappers.network [-] CIDR generated: 1.1.5.84/30
2020-03-16 05:03:25.487 2294 RALLYDEBUG rally_openstack.wrappers.network [-] CIDR generated: 1.1.5.88/30
2020-03-16 05:03:25.525 2303 RALLYDEBUG rally_openstack.wrappers.network [-] CIDR generated: 1.1.5.92/30
2020-03-16 05:03:25.585 2276 RALLYDEBUG rally_openstack.wrappers.network [-] CIDR generated: 1.1.5.96/30
2020-03-16 05:03:25.727 2273 RALLYDEBUG rally_openstack.wrappers.network [-] CIDR generated: 1.1.5.100/30
2020-03-16 05:03:25.814 2280 RALLYDEBUG rally_openstack.wrappers.network [-] CIDR generated: 1.1.5.104/30
2020-03-16 05:03:25.893 2290 RALLYDEBUG rally_openstack.wrappers.network [-] CIDR generated: 1.1.5.108/30
2020-03-16 05:03:25.934 2315 RALLYDEBUG rally_openstack.wrappers.network [-] CIDR generated: 1.1.5.112/30
2020-03-16 05:03:26.299 2272 RALLYDEBUG rally_openstack.wrappers.network [-] CIDR generated: 1.1.5.116/30
2020-03-16 05:03:26.896 2271 RALLYDEBUG rally_openstack.wrappers.network [-] CIDR generated: 1.1.5.120/30
2020-03-16 05:03:27.127 2297 RALLYDEBUG rally_openstack.wrappers.network [-] CIDR generated: 1.1.5.124/30
2020-03-16 05:03:28.074 2309 INFO rally.task.runner [-] Task 0590fa21-b0dd-4b3c-994d-5bd89bec2dbe | ITER: 26 END: OK
2020-03-16 05:03:28.112 2292 INFO rally.task.runner [-] Task 0590fa21-b0dd-4b3c-994d-5bd89bec2dbe | ITER: 23 END: OK
2020-03-16 05:03:28.714 2306 RALLYDEBUG rally_openstack.wrappers.network [-] CIDR generated: 1.1.5.128/30
2020-03-16 05:03:28.896 2286 INFO rally.task.runner [-] Task 0590fa21-b0dd-4b3c-994d-5bd89bec2dbe | ITER: 27 END: OK
2020-03-16 05:03:29.569 2270 RALLYDEBUG rally_openstack.wrappers.network [-] CIDR generated: 1.1.5.132/30
2020-03-16 05:03:29.901 2314 INFO rally.task.runner [-] Task 0590fa21-b0dd-4b3c-994d-5bd89bec2dbe | ITER: 25 END: OK
2020-03-16 05:03:30.155 2303 INFO rally.task.runner [-] Task 0590fa21-b0dd-4b3c-994d-5bd89bec2dbe | ITER: 30 END: OK
2020-03-16 05:03:30.613 2320 RALLYDEBUG rally_openstack.wrappers.network [-] CIDR generated: 1.1.5.136/30
2020-03-16 05:03:30.619 2283 INFO rally.task.runner [-] Task 0590fa21-b0dd-4b3c-994d-5bd89bec2dbe | ITER: 29 END: OK
2020-03-16 05:03:30.640 2300 RALLYDEBUG rally_openstack.wrappers.network [-] CIDR generated: 1.1.5.140/30
2020-03-16 05:03:31.536 2290 INFO rally.task.runner [-] Task 0590fa21-b0dd-4b3c-994d-5bd89bec2dbe | ITER: 31 END: OK
2020-03-16 05:03:32.077 2276 RALLYDEBUG rally_openstack.wrappers.network [-] CIDR generated: 1.1.5.144/30
2020-03-16 05:03:32.079 2269 INFO rally.task.runner [-] Task 0590fa21-b0dd-4b3c-994d-5bd89bec2dbe | ITER: 21 END: OK
2020-03-16 05:03:32.179 2273 RALLYDEBUG rally_openstack.wrappers.network [-] CIDR generated: 1.1.5.148/30
2020-03-16 05:03:32.205 2315 RALLYDEBUG rally_openstack.wrappers.network [-] CIDR generated: 1.1.5.152/30
2020-03-16 05:03:32.239 2294 RALLYDEBUG rally_openstack.wrappers.network [-] CIDR generated: 1.1.5.156/30
2020-03-16 05:03:32.825 2280 INFO rally.task.runner [-] Task 0590fa21-b0dd-4b3c-994d-5bd89bec2dbe | ITER: 22 END: OK
2020-03-16 05:03:32.836 2271 INFO rally.task.runner [-] Task 0590fa21-b0dd-4b3c-994d-5bd89bec2dbe | ITER: 34 END: OK
2020-03-16 05:03:33.203 2272 INFO rally.task.runner [-] Task 0590fa21-b0dd-4b3c-994d-5bd89bec2dbe | ITER: 33 END: OK
2020-03-16 05:03:33.617 2306 INFO rally.task.runner [-] Task 0590fa21-b0dd-4b3c-994d-5bd89bec2dbe | ITER: 32 END: OK
2020-03-16 05:03:33.674 2297 INFO rally.task.runner [-] Task 0590fa21-b0dd-4b3c-994d-5bd89bec2dbe | ITER: 24 END: OK
2020-03-16 05:03:34.119 2270 INFO rally.task.runner [-] Task 0590fa21-b0dd-4b3c-994d-5bd89bec2dbe | ITER: 28 END: OK
2020-03-16 05:03:35.152 2276 INFO rally.task.runner [-] Task 0590fa21-b0dd-4b3c-994d-5bd89bec2dbe | ITER: 38 END: OK
2020-03-16 05:03:35.596 2315 INFO rally.task.runner [-] Task 0590fa21-b0dd-4b3c-994d-5bd89bec2dbe | ITER: 40 END: OK
2020-03-16 05:03:36.044 2273 INFO rally.task.runner [-] Task 0590fa21-b0dd-4b3c-994d-5bd89bec2dbe | ITER: 39 END: OK
2020-03-16 05:03:36.070 2300 INFO rally.task.runner [-] Task 0590fa21-b0dd-4b3c-994d-5bd89bec2dbe | ITER: 35 END: OK
2020-03-16 05:03:36.493 2320 INFO rally.task.runner [-] Task 0590fa21-b0dd-4b3c-994d-5bd89bec2dbe | ITER: 36 END: OK
2020-03-16 05:03:36.686 2294 INFO rally.task.runner [-] Task 0590fa21-b0dd-4b3c-994d-5bd89bec2dbe | ITER: 37 END: OK
2020-03-16 05:03:36.710 15 INFO rally.task.context [-] Task 0590fa21-b0dd-4b3c-994d-5bd89bec2dbe | Context cleanup@openstack cleanup() started
2020-03-16 05:03:36.713 15 RALLYDEBUG rally_openstack.cleanup.manager [-] Cleaning up neutron vip objects
2020-03-16 05:03:36.982 15 RALLYDEBUG rally_openstack.cleanup.manager [-] Cleaning up neutron health_monitor objects
2020-03-16 05:03:37.180 15 RALLYDEBUG rally_openstack.cleanup.manager [-] Cleaning up neutron pool objects
2020-03-16 05:03:37.399 15 RALLYDEBUG rally_openstack.cleanup.manager [-] Cleaning up neutron loadbalancer objects
2020-03-16 05:03:37.562 15 RALLYDEBUG rally_openstack.cleanup.manager [-] Cleaning up neutron floatingip objects
2020-03-16 05:03:37.793 15 RALLYDEBUG rally_openstack.cleanup.manager [-] Cleaning up neutron trunk objects
2020-03-16 05:03:38.011 15 DEBUG neutronclient.v2_0.client [-] Error message: {"NeutronError": {"message": "Invalid input for operation: 'tenant_id' is not supported for filtering.", "type": "InvalidInput", "detail": ""}} _handle_fault_response /usr/lib/python2.7/site-packages/neutronclient/v2_0/client.py:259
2020-03-16 05:03:38.033 15 DEBUG neutronclient.v2_0.client [-] Error message: {"NeutronError": {"message": "Invalid input for operation: 'tenant_id' is not supported for filtering.", "type": "InvalidInput", "detail": ""}} _handle_fault_response /usr/lib/python2.7/site-packages/neutronclient/v2_0/client.py:259
2020-03-16 05:03:38.060 15 DEBUG neutronclient.v2_0.client [-] Error message: {"NeutronError": {"message": "Invalid input for operation: 'tenant_id' is not supported for filtering.", "type": "InvalidInput", "detail": ""}} _handle_fault_response /usr/lib/python2.7/site-packages/neutronclient/v2_0/client.py:259
2020-03-16 05:03:38.060 15 ERROR rally_openstack.cleanup.manager [-] Seems like rally_openstack.cleanup.resources.NeutronTrunk.list(self) method is broken. It shouldn't raise any exceptions.: BadRequest: Invalid input for operation: 'tenant_id' is not supported for filtering. Neutron server returns request_ids: ['req-1bd3405e-eefd-4166-b0ce-ef64c0558556']
2020-03-16 05:03:38.060 15 ERROR rally_openstack.cleanup.manager
Traceback (most recent call last):
2020-03-16 05:03:38.060 15 ERROR rally_openstack.cleanup.manager
File "/usr/lib/python2.7/site-packages/rally_openstack/cleanup/manager.py", line 133, in _publish
2020-03-16 05:03:38.060 15 ERROR rally_openstack.cleanup.manager for raw_resource in rutils.retry(3, manager.list):
2020-03-16 05:03:38.060 15 ERROR rally_openstack.cleanup.manager
File "/usr/lib/python2.7/site-packages/rally/common/utils.py", line 230, in retry
2020-03-16 05:03:38.060 15 ERROR rally_openstack.cleanup.manager return func(*args, **kwargs)
2020-03-16 05:03:38.060 15 ERROR rally_openstack.cleanup.manager
File "/usr/lib/python2.7/site-packages/rally_openstack/cleanup/resources.py", line 396, in list
2020-03-16 05:03:38.060 15 ERROR rally_openstack.cleanup.manager return super(NeutronTrunk, self).list()
2020-03-16 05:03:38.060 15 ERROR rally_openstack.cleanup.manager
File "/usr/lib/python2.7/site-packages/rally_openstack/cleanup/resources.py", line 273, in list
2020-03-16 05:03:38.060 15 ERROR rally_openstack.cleanup.manager result = list_method(tenant_id=self.tenant_uuid)[resources]
2020-03-16 05:03:38.060 15 ERROR rally_openstack.cleanup.manager
File "/usr/lib/python2.7/site-packages/neutronclient/v2_0/client.py", line 2105, in list_trunks
2020-03-16 05:03:38.060 15 ERROR rally_openstack.cleanup.manager **_params)
2020-03-16 05:03:38.060 15 ERROR rally_openstack.cleanup.manager
File "/usr/lib/python2.7/site-packages/neutronclient/v2_0/client.py", line 369, in list
2020-03-16 05:03:38.060 15 ERROR rally_openstack.cleanup.manager for r in self._pagination(collection, path, **params):
2020-03-16 05:03:38.060 15 ERROR rally_openstack.cleanup.manager
File "/usr/lib/python2.7/site-packages/neutronclient/v2_0/client.py", line 384, in _pagination
2020-03-16 05:03:38.060 15 ERROR rally_openstack.cleanup.manager res = self.get(path, params=params)
2020-03-16 05:03:38.060 15 ERROR rally_openstack.cleanup.manager
File "/usr/lib/python2.7/site-packages/neutronclient/v2_0/client.py", line 354, in get
2020-03-16 05:03:38.060 15 ERROR rally_openstack.cleanup.manager headers=headers, params=params)
2020-03-16 05:03:38.060 15 ERROR rally_openstack.cleanup.manager
File "/usr/lib/python2.7/site-packages/neutronclient/v2_0/client.py", line 331, in retry_request
2020-03-16 05:03:38.060 15 ERROR rally_openstack.cleanup.manager headers=headers, params=params)
2020-03-16 05:03:38.060 15 ERROR rally_openstack.cleanup.manager
File "/usr/lib/python2.7/site-packages/neutronclient/v2_0/client.py", line 294, in do_request
2020-03-16 05:03:38.060 15 ERROR rally_openstack.cleanup.manager self._handle_fault_response(status_code, replybody, resp)
2020-03-16 05:03:38.060 15 ERROR rally_openstack.cleanup.manager
File "/usr/lib/python2.7/site-packages/neutronclient/v2_0/client.py", line 269, in _handle_fault_response
2020-03-16 05:03:38.060 15 ERROR rally_openstack.cleanup.manager exception_handler_v20(status_code, error_body)
2020-03-16 05:03:38.060 15 ERROR rally_openstack.cleanup.manager
File "/usr/lib/python2.7/site-packages/neutronclient/v2_0/client.py", line 93, in exception_handler_v20
2020-03-16 05:03:38.060 15 ERROR rally_openstack.cleanup.manager request_ids=request_ids)
2020-03-16 05:03:38.060 15 ERROR rally_openstack.cleanup.manager BadRequest: Invalid input for operation: 'tenant_id' is not supported for filtering.
2020-03-16 05:03:38.060 15 ERROR rally_openstack.cleanup.manager Neutron server returns request_ids: ['req-1bd3405e-eefd-4166-b0ce-ef64c0558556']
2020-03-16 05:03:38.060 15 ERROR rally_openstack.cleanup.manager
2020-03-16 05:03:38.071 15 RALLYDEBUG rally_openstack.cleanup.manager [-] Cleaning up neutron port objects
2020-03-16 05:03:38.304 15 RALLYDEBUG rally_openstack.cleanup.manager [-] Cleaning up neutron subnet objects
2020-03-16 05:03:38.744 15 RALLYDEBUG rally_openstack.cleanup.manager [-] Cleaning up neutron network objects
2020-03-16 05:03:39.269 15 RALLYDEBUG rally_openstack.cleanup.manager [-] Deleting neutron.network object s_rally_ab7bfc52_XPEQUH95 (0019825e-8780-4d07-bbe9-4c55e4087737)
2020-03-16 05:03:39.274 15 RALLYDEBUG rally_openstack.cleanup.manager [-] Deleting neutron.network object s_rally_ab7bfc52_N4NTB5ES (110b93b0-ac50-4958-916a-3af5bd220638)
2020-03-16 05:03:39.285 15 RALLYDEBUG rally_openstack.cleanup.manager [-] Deleting neutron.network object s_rally_ab7bfc52_IigrMFz1 (137716f3-0516-4296-9ed4-c54ec3516f7c)
2020-03-16 05:03:39.289 15 RALLYDEBUG rally_openstack.cleanup.manager [-] Deleting neutron.network object s_rally_ab7bfc52_aqNmmYSd (0c4af039-9759-4054-bb71-87116d91be63)
2020-03-16 05:03:39.293 15 RALLYDEBUG rally_openstack.cleanup.manager [-] Deleting neutron.network object s_rally_ab7bfc52_t5wQ5IeF (1c73323f-5888-44ca-89fd-68f49e3ed5fb)
2020-03-16 05:03:39.296 15 RALLYDEBUG rally_openstack.cleanup.manager [-] Deleting neutron.network object s_rally_ab7bfc52_4w5ojRwe (09db6f22-f393-4630-977c-0069c0cf7b4a)
2020-03-16 05:03:39.301 15 RALLYDEBUG rally_openstack.cleanup.manager [-] Deleting neutron.network object s_rally_ab7bfc52_4CIGC9yu (1cc7d8d0-2db8-4ab4-843b-affe27d8b2da)
2020-03-16 05:03:39.319 15 RALLYDEBUG rally_openstack.cleanup.manager [-] Deleting neutron.network object s_rally_ab7bfc52_yOXdYqRh (1d9c1fef-60f7-45cc-92cd-1144b9d7a08c)
2020-03-16 05:03:39.355 15 RALLYDEBUG rally_openstack.cleanup.manager [-] Deleting neutron.network object s_rally_ab7bfc52_RWdoPuFh (3d17ce3d-3cab-4c18-8091-60ad75a2a9a5)
2020-03-16 05:03:39.383 15 RALLYDEBUG rally_openstack.cleanup.manager [-] Deleting neutron.network object s_rally_ab7bfc52_Ky1BIwBN (2677c4b1-76a7-4e5b-87c6-a77f1b245547)
2020-03-16 05:03:39.392 15 RALLYDEBUG rally_openstack.cleanup.manager [-] Deleting neutron.network object s_rally_ab7bfc52_asrw8pti (254bbb1e-7b0c-46bd-9a8a-f1d1d744b067)
2020-03-16 05:03:39.412 15 RALLYDEBUG rally_openstack.cleanup.manager [-] Deleting neutron.network object s_rally_ab7bfc52_UAUoco3L (2b7976e5-fcf5-43b2-9351-d1789cf4a5f2)
2020-03-16 05:03:39.413 15 RALLYDEBUG rally_openstack.cleanup.manager [-] Deleting neutron.network object s_rally_ab7bfc52_agmBpkaH (42395f99-9db0-4dac-af62-a4847b7b82eb)
2020-03-16 05:03:39.428 15 RALLYDEBUG rally_openstack.cleanup.manager [-] Deleting neutron.network object s_rally_ab7bfc52_V6mwkx07 (392b7fa1-9275-4865-bcd3-143d6f0c607e)
2020-03-16 05:03:39.446 15 RALLYDEBUG rally_openstack.cleanup.manager [-] Deleting neutron.network object s_rally_ab7bfc52_pwIIo2I5 (472bc75b-993a-4bf5-b8e9-c914570a1164)
2020-03-16 05:03:39.497 15 RALLYDEBUG rally_openstack.cleanup.manager [-] Deleting neutron.network object s_rally_ab7bfc52_Ge84wOlu (4ea2a0df-d2ae-4c91-afb1-9ea0bf4bb1d5)
2020-03-16 05:03:39.501 15 RALLYDEBUG rally_openstack.cleanup.manager [-] Deleting neutron.network object s_rally_ab7bfc52_f3YgZpmF (52a115e3-031f-4045-8b73-21b0fd18fe4b)
2020-03-16 05:03:39.518 15 RALLYDEBUG rally_openstack.cleanup.manager [-] Deleting neutron.network object s_rally_ab7bfc52_kOLuWhZt (5aea5219-b90b-4415-8714-6d60c7eb907b)
2020-03-16 05:03:39.554 15 RALLYDEBUG rally_openstack.cleanup.manager [-] Deleting neutron.network object s_rally_ab7bfc52_7jx8H1qY (5e23be4b-d648-4628-b546-09cef888a1c1)
2020-03-16 05:03:39.574 15 RALLYDEBUG rally_openstack.cleanup.manager [-] Deleting neutron.network object s_rally_ab7bfc52_o9bD65W5 (651f9f37-d167-4ad8-a4e8-c7e19cb7f010)
2020-03-16 05:03:41.609 15 RALLYDEBUG rally_openstack.cleanup.manager [-] Deleting neutron.network object s_rally_ab7bfc52_7EDjmgib (6893d097-8af6-4cbe-878a-53576accf34a)
2020-03-16 05:03:41.735 15 RALLYDEBUG rally_openstack.cleanup.manager [-] Deleting neutron.network object s_rally_ab7bfc52_D35XExSb (6c8bfe2c-8b38-478d-9e2d-8f146067101c)
2020-03-16 05:03:41.799 15 RALLYDEBUG rally_openstack.cleanup.manager [-] Deleting neutron.network object s_rally_ab7bfc52_bQp6slxJ (7c2c5d28-9fd7-483d-bd06-9c39f5345bde)
2020-03-16 05:03:42.030 15 RALLYDEBUG rally_openstack.cleanup.manager [-] Deleting neutron.network object s_rally_ab7bfc52_cfVc0SPH (8fcb6439-41cc-4770-ae2b-47b6ba7ce68d)
2020-03-16 05:03:42.042 15 RALLYDEBUG rally_openstack.cleanup.manager [-] Deleting neutron.network object s_rally_ab7bfc52_tBK8pdQB (90df2e7c-a7f6-4956-b4a4-bdf87b1ce692)
2020-03-16 05:03:42.080 15 RALLYDEBUG rally_openstack.cleanup.manager [-] Deleting neutron.network object s_rally_ab7bfc52_t7v5aBRw (92630617-13cb-413c-842b-493e1cb753cc)
2020-03-16 05:03:42.129 15 RALLYDEBUG rally_openstack.cleanup.manager [-] Deleting neutron.network object s_rally_ab7bfc52_LCqzxT9S (9ad62ab2-01e8-4356-b6fc-1b86b9f649c1)
2020-03-16 05:03:42.665 15 RALLYDEBUG rally_openstack.cleanup.manager [-] Deleting neutron.network object s_rally_ab7bfc52_vmzp8umd (9e5e0c66-4b84-4638-8a9f-9350bb9ae30c)
2020-03-16 05:03:42.830 15 RALLYDEBUG rally_openstack.cleanup.manager [-] Deleting neutron.network object s_rally_ab7bfc52_d8sBnRXq (a60f140b-58db-433e-b156-7c265adcacbe)
2020-03-16 05:03:42.979 15 RALLYDEBUG rally_openstack.cleanup.manager [-] Deleting neutron.network object s_rally_ab7bfc52_XSYRfcc3 (af0cc441-e4db-485b-808f-2faab0695623)
2020-03-16 05:03:43.098 15 RALLYDEBUG rally_openstack.cleanup.manager [-] Deleting neutron.network object s_rally_ab7bfc52_wrZzKrz9 (baa25f80-29ff-43b4-81a6-abcf5d9dc0af)
2020-03-16 05:03:43.106 15 RALLYDEBUG rally_openstack.cleanup.manager [-] Deleting neutron.network object s_rally_ab7bfc52_40hrubeN (c0686a37-24e0-4323-b8ce-f9dc9acf1504)
2020-03-16 05:03:43.176 15 RALLYDEBUG rally_openstack.cleanup.manager [-] Deleting neutron.network object s_rally_ab7bfc52_n3yyuxN3 (c892f9fb-cb4c-47ca-a8cf-707330c16d8d)
2020-03-16 05:03:43.192 15 RALLYDEBUG rally_openstack.cleanup.manager [-] Deleting neutron.network object s_rally_ab7bfc52_RYFjxZZz (c99617dc-6c86-4413-ae10-04a1897ff007)
2020-03-16 05:03:43.225 15 RALLYDEBUG rally_openstack.cleanup.manager [-] Deleting neutron.network object s_rally_ab7bfc52_TWPidZeL (d0686196-f4f6-48f4-919f-a30f3a11969b)
2020-03-16 05:03:43.251 15 RALLYDEBUG rally_openstack.cleanup.manager [-] Deleting neutron.network object s_rally_ab7bfc52_yVk8LBOr (d5ee9be8-fdfa-4682-b042-07504952cee0)
2020-03-16 05:03:43.258 15 RALLYDEBUG rally_openstack.cleanup.manager [-] Deleting neutron.network object s_rally_ab7bfc52_SngAOOSM (e3a68162-b4ce-40b3-8034-d95887c13add)
2020-03-16 05:03:43.297 15 RALLYDEBUG rally_openstack.cleanup.manager [-] Deleting neutron.network object s_rally_ab7bfc52_74f1wUVF (e9c1b63a-9ec1-4089-a989-ef10deb20f3b)
2020-03-16 05:03:43.329 15 RALLYDEBUG rally_openstack.cleanup.manager [-] Deleting neutron.network object s_rally_ab7bfc52_yYgJG6k2 (f4d18275-f8d2-43fa-b7f7-07bdecfbe27f)
2020-03-16 05:03:43.337 15 RALLYDEBUG rally_openstack.cleanup.manager [-] Deleting neutron.network object s_rally_ab7bfc52_Dov3Sopv (f54c124b-4fb8-4c02-922f-e3e5c590c58e)
2020-03-16 05:03:46.839 15 RALLYDEBUG rally_openstack.cleanup.manager [-] Cleaning up neutron router objects
2020-03-16 05:03:47.242 15 RALLYDEBUG rally_openstack.cleanup.manager [-] Cleaning up neutron security_group objects
2020-03-16 05:03:47.517 15 INFO rally.task.context [-] Task 0590fa21-b0dd-4b3c-994d-5bd89bec2dbe | Context cleanup@openstack cleanup() finished in 10.81 sec
2020-03-16 05:03:47.517 15 INFO rally.task.context [-] Task 0590fa21-b0dd-4b3c-994d-5bd89bec2dbe | Context quotas@openstack cleanup() started
2020-03-16 05:03:47.577 15 INFO rally.task.context [-] Task 0590fa21-b0dd-4b3c-994d-5bd89bec2dbe | Context quotas@openstack cleanup() finished in 59.97 msec
2020-03-16 05:03:47.578 15 INFO rally.task.context [-] Task 0590fa21-b0dd-4b3c-994d-5bd89bec2dbe | Context users@openstack cleanup() started
2020-03-16 05:03:48.975 15 INFO rally.task.context [-] Task 0590fa21-b0dd-4b3c-994d-5bd89bec2dbe | Context users@openstack cleanup() finished in 1.40 sec
2020-03-16 05:03:49.726 15 INFO rally.task.engine [-] Load duration is: 33.584449
2020-03-16 05:03:49.727 15 INFO rally.task.engine [-] Full runner duration is: 33.63
2020-03-16 05:03:49.727 15 INFO rally.task.engine [-] Full duration is: 47.534568
2020-03-16 05:03:49.810 15 INFO rally.task.engine [-] Running workload: position = 0 config = { "version": 2, "title": "A cropped version of a bigger task.", "description": "Auto-generated task from a single workload (uuid=0a420694-e326-4d6c-9fe8-e030650d644b)", "subtasks": [ { "title": "NeutronNetworks.create_and_list_routers", "description": "Create and a given number of routers and list all routers.", "scenario": { "NeutronNetworks.create_and_list_routers": { "network_create_args": null, "subnet_create_args": null, "subnet_cidr_start": "1.1.0.0/30", "subnets_per_network": 2, "router_create_args": null } }, "contexts": { "users": { "tenants": 1, "users_per_tenant": 1 }, "quotas": { "neutron": { "network": -1, "subnet": -1, "router": -1 } } }, "runner": { "constant": { "times": 40, "concurrency": 20 } }, "hooks": [], "sla": { "failure_rate": { "max": 0 } } } ] }
2020-03-16 05:03:49.835 15 RALLYDEBUG rally_openstack.contexts.keystone.users [-] Creating 1 tenants using 20 threads
2020-03-16 05:03:50.168 15 RALLYDEBUG rally_openstack.contexts.keystone.users [-] Creating 1 users using 20 threads
2020-03-16 05:03:50.707 15 INFO rally.task.context [-] Task 0590fa21-b0dd-4b3c-994d-5bd89bec2dbe | Context users@openstack setup() finished in 0.87 sec
2020-03-16 05:03:51.117 15 INFO rally.task.context [-] Task 0590fa21-b0dd-4b3c-994d-5bd89bec2dbe | Context quotas@openstack setup() finished in 0.41 sec
2020-03-16 05:03:51.118 15 INFO rally.task.context [-] Task 0590fa21-b0dd-4b3c-994d-5bd89bec2dbe | Context cleanup@openstack setup() finished in 0.01 msec
2020-03-16 05:03:51.126 15 RALLYDEBUG rally.task.runner [-] Starting the constant runner (task UUID: 0590fa21-b0dd-4b3c-994d-5bd89bec2dbe). timeout: 0 concurrency: 20 concurrency_per_worker: 1 times: 40 concurrency_overhead: 0 processes_to_start: 20 max_cpu_used: 88
2020-03-16 05:03:51.139 2671 RALLYDEBUG rally.task.runner [-] Starting a worker. concurrency: 1 args: {"network_create_args": null, "subnet_create_args": null, "subnet_cidr_start": "1.1.0.0/30", "subnets_per_network": 2, "router_create_args": null} times: 40 method_name: run timeout: 0 duration: None cls:
2020-03-16 05:03:51.142 2672 RALLYDEBUG rally.task.runner [-] Starting a worker. concurrency: 1 args: {"network_create_args": null, "subnet_create_args": null, "subnet_cidr_start": "1.1.0.0/30", "subnets_per_network": 2, "router_create_args": null} times: 40 method_name: run timeout: 0 duration: None cls:
2020-03-16 05:03:51.145 2673 RALLYDEBUG rally.task.runner [-] Starting a worker. concurrency: 1 args: {"network_create_args": null, "subnet_create_args": null, "subnet_cidr_start": "1.1.0.0/30", "subnets_per_network": 2, "router_create_args": null} times: 40 method_name: run timeout: 0 duration: None cls:
2020-03-16 05:03:51.148 2672 INFO rally.task.runner [-] Task 0590fa21-b0dd-4b3c-994d-5bd89bec2dbe | ITER: 2 START
2020-03-16 05:03:51.148 2674 RALLYDEBUG rally.task.runner [-] Starting a worker. concurrency: 1 args: {"network_create_args": null, "subnet_create_args": null, "subnet_cidr_start": "1.1.0.0/30", "subnets_per_network": 2, "router_create_args": null} times: 40 method_name: run timeout: 0 duration: None cls:
2020-03-16 05:03:51.151 2673 INFO rally.task.runner [-] Task 0590fa21-b0dd-4b3c-994d-5bd89bec2dbe | ITER: 3 START
2020-03-16 05:03:51.151 2671 INFO rally.task.runner [-] Task 0590fa21-b0dd-4b3c-994d-5bd89bec2dbe | ITER: 1 START
2020-03-16 05:03:51.151 2675 RALLYDEBUG rally.task.runner [-] Starting a worker. concurrency: 1 args: {"network_create_args": null, "subnet_create_args": null, "subnet_cidr_start": "1.1.0.0/30", "subnets_per_network": 2, "router_create_args": null} times: 40 method_name: run timeout: 0 duration: None cls:
2020-03-16 05:03:51.154 2677 RALLYDEBUG rally.task.runner [-] Starting a worker. concurrency: 1 args: {"network_create_args": null, "subnet_create_args": null, "subnet_cidr_start": "1.1.0.0/30", "subnets_per_network": 2, "router_create_args": null} times: 40 method_name: run timeout: 0 duration: None cls:
2020-03-16 05:03:51.157 2675 INFO rally.task.runner [-] Task 0590fa21-b0dd-4b3c-994d-5bd89bec2dbe | ITER: 5 START
2020-03-16 05:03:51.160 2677 INFO rally.task.runner [-] Task 0590fa21-b0dd-4b3c-994d-5bd89bec2dbe | ITER: 6 START
2020-03-16 05:03:51.160 2674 INFO rally.task.runner [-] Task 0590fa21-b0dd-4b3c-994d-5bd89bec2dbe | ITER: 4 START
2020-03-16 05:03:51.159 2680 RALLYDEBUG rally.task.runner [-] Starting a worker. concurrency: 1 args: {"network_create_args": null, "subnet_create_args": null, "subnet_cidr_start": "1.1.0.0/30", "subnets_per_network": 2, "router_create_args": null} times: 40 method_name: run timeout: 0 duration: None cls:
2020-03-16 05:03:51.163 2684 RALLYDEBUG rally.task.runner [-] Starting a worker. concurrency: 1 args: {"network_create_args": null, "subnet_create_args": null, "subnet_cidr_start": "1.1.0.0/30", "subnets_per_network": 2, "router_create_args": null} times: 40 method_name: run timeout: 0 duration: None cls:
2020-03-16 05:03:51.163 2686 RALLYDEBUG rally.task.runner [-] Starting a worker. concurrency: 1 args: {"network_create_args": null, "subnet_create_args": null, "subnet_cidr_start": "1.1.0.0/30", "subnets_per_network": 2, "router_create_args": null} times: 40 method_name: run timeout: 0 duration: None cls:
2020-03-16 05:03:51.166 2689 RALLYDEBUG rally.task.runner [-] Starting a worker. concurrency: 1 args: {"network_create_args": null, "subnet_create_args": null, "subnet_cidr_start": "1.1.0.0/30", "subnets_per_network": 2, "router_create_args": null} times: 40 method_name: run timeout: 0 duration: None cls:
2020-03-16 05:03:51.167 2680 INFO rally.task.runner [-] Task 0590fa21-b0dd-4b3c-994d-5bd89bec2dbe | ITER: 7 START
2020-03-16 05:03:51.168 2693 RALLYDEBUG rally.task.runner [-] Starting a worker. concurrency: 1 args: {"network_create_args": null, "subnet_create_args": null, "subnet_cidr_start": "1.1.0.0/30", "subnets_per_network": 2, "router_create_args": null} times: 40 method_name: run timeout: 0 duration: None cls:
2020-03-16 05:03:51.170 2684 INFO rally.task.runner [-] Task 0590fa21-b0dd-4b3c-994d-5bd89bec2dbe | ITER: 9 START
2020-03-16 05:03:51.170 2686 INFO rally.task.runner [-] Task 0590fa21-b0dd-4b3c-994d-5bd89bec2dbe | ITER: 8 START
2020-03-16 05:03:51.172 2694 RALLYDEBUG rally.task.runner [-] Starting a worker. concurrency: 1 args: {"network_create_args": null, "subnet_create_args": null, "subnet_cidr_start": "1.1.0.0/30", "subnets_per_network": 2, "router_create_args": null} times: 40 method_name: run timeout: 0 duration: None cls:
2020-03-16 05:03:51.174 2693 INFO rally.task.runner [-] Task 0590fa21-b0dd-4b3c-994d-5bd89bec2dbe | ITER: 11 START
2020-03-16 05:03:51.175 2697 RALLYDEBUG rally.task.runner [-] Starting a worker. concurrency: 1 args: {"network_create_args": null, "subnet_create_args": null, "subnet_cidr_start": "1.1.0.0/30", "subnets_per_network": 2, "router_create_args": null} times: 40 method_name: run timeout: 0 duration: None cls:
2020-03-16 05:03:51.178 2689 INFO rally.task.runner [-] Task 0590fa21-b0dd-4b3c-994d-5bd89bec2dbe | ITER: 10 START
2020-03-16 05:03:51.178 2702 RALLYDEBUG rally.task.runner [-] Starting a worker. concurrency: 1 args: {"network_create_args": null, "subnet_create_args": null, "subnet_cidr_start": "1.1.0.0/30", "subnets_per_network": 2, "router_create_args": null} times: 40 method_name: run timeout: 0 duration: None cls:
2020-03-16 05:03:51.179 2694 INFO rally.task.runner [-] Task 0590fa21-b0dd-4b3c-994d-5bd89bec2dbe | ITER: 12 START
2020-03-16 05:03:51.180 2706 RALLYDEBUG rally.task.runner [-] Starting a worker. concurrency: 1 args: {"network_create_args": null, "subnet_create_args": null, "subnet_cidr_start": "1.1.0.0/30", "subnets_per_network": 2, "router_create_args": null} times: 40 method_name: run timeout: 0 duration: None cls:
2020-03-16 05:03:51.184 2697 INFO rally.task.runner [-] Task 0590fa21-b0dd-4b3c-994d-5bd89bec2dbe | ITER: 13 START
2020-03-16 05:03:51.184 2702 INFO rally.task.runner [-] Task 0590fa21-b0dd-4b3c-994d-5bd89bec2dbe | ITER: 14 START
2020-03-16 05:03:51.184 2708 RALLYDEBUG rally.task.runner [-] Starting a worker. concurrency: 1 args: {"network_create_args": null, "subnet_create_args": null, "subnet_cidr_start": "1.1.0.0/30", "subnets_per_network": 2, "router_create_args": null} times: 40 method_name: run timeout: 0 duration: None cls:
2020-03-16 05:03:51.185 2706 INFO rally.task.runner [-] Task 0590fa21-b0dd-4b3c-994d-5bd89bec2dbe | ITER: 15 START
2020-03-16 05:03:51.186 2711 RALLYDEBUG rally.task.runner [-] Starting a worker. concurrency: 1 args: {"network_create_args": null, "subnet_create_args": null, "subnet_cidr_start": "1.1.0.0/30", "subnets_per_network": 2, "router_create_args": null} times: 40 method_name: run timeout: 0 duration: None cls:
2020-03-16 05:03:51.188 2714 RALLYDEBUG rally.task.runner [-] Starting a worker. concurrency: 1 args: {"network_create_args": null, "subnet_create_args": null, "subnet_cidr_start": "1.1.0.0/30", "subnets_per_network": 2, "router_create_args": null} times: 40 method_name: run timeout: 0 duration: None cls:
2020-03-16 05:03:51.190 2708 INFO rally.task.runner [-] Task 0590fa21-b0dd-4b3c-994d-5bd89bec2dbe | ITER: 16 START
2020-03-16 05:03:51.192 2711 INFO rally.task.runner [-] Task 0590fa21-b0dd-4b3c-994d-5bd89bec2dbe | ITER: 17 START
2020-03-16 05:03:51.192 2719 RALLYDEBUG rally.task.runner [-] Starting a worker. concurrency: 1 args: {"network_create_args": null, "subnet_create_args": null, "subnet_cidr_start": "1.1.0.0/30", "subnets_per_network": 2, "router_create_args": null} times: 40 method_name: run timeout: 0 duration: None cls:
2020-03-16 05:03:51.194 2714 INFO rally.task.runner [-] Task 0590fa21-b0dd-4b3c-994d-5bd89bec2dbe | ITER: 18 START
2020-03-16 05:03:51.195 2720 RALLYDEBUG rally.task.runner [-] Starting a worker. concurrency: 1 args: {"network_create_args": null, "subnet_create_args": null, "subnet_cidr_start": "1.1.0.0/30", "subnets_per_network": 2, "router_create_args": null} times: 40 method_name: run timeout: 0 duration: None cls:
2020-03-16 05:03:51.197 2719 INFO rally.task.runner [-] Task 0590fa21-b0dd-4b3c-994d-5bd89bec2dbe | ITER: 19 START
2020-03-16 05:03:51.200 2720 INFO rally.task.runner [-] Task 0590fa21-b0dd-4b3c-994d-5bd89bec2dbe | ITER: 20 START
2020-03-16 05:03:53.941 2671 RALLYDEBUG rally_openstack.wrappers.network [-] CIDR generated: 1.1.5.160/30
2020-03-16 05:03:53.948 2673 RALLYDEBUG rally_openstack.wrappers.network [-] CIDR generated: 1.1.5.164/30
2020-03-16 05:03:53.987 2720 RALLYDEBUG rally_openstack.wrappers.network [-] CIDR generated: 1.1.5.168/30
2020-03-16 05:03:54.028 2680 RALLYDEBUG rally_openstack.wrappers.network [-] CIDR generated: 1.1.5.172/30
2020-03-16 05:03:54.040 2677 RALLYDEBUG rally_openstack.wrappers.network [-] CIDR generated: 1.1.5.176/30
2020-03-16 05:03:54.077 2684 RALLYDEBUG rally_openstack.wrappers.network [-] CIDR generated: 1.1.5.180/30
2020-03-16 05:03:54.085 2675 RALLYDEBUG rally_openstack.wrappers.network [-] CIDR generated: 1.1.5.184/30
2020-03-16 05:03:54.109 2719 RALLYDEBUG rally_openstack.wrappers.network [-] CIDR generated: 1.1.5.188/30
2020-03-16 05:03:54.133 2697 RALLYDEBUG rally_openstack.wrappers.network [-] CIDR generated: 1.1.5.192/30
2020-03-16 05:03:54.193 2706 RALLYDEBUG rally_openstack.wrappers.network [-] CIDR generated: 1.1.5.196/30
2020-03-16 05:03:54.194 2686 RALLYDEBUG rally_openstack.wrappers.network [-] CIDR generated: 1.1.5.200/30
2020-03-16 05:03:54.221 2693 RALLYDEBUG rally_openstack.wrappers.network [-] CIDR generated: 1.1.5.204/30
2020-03-16 05:03:54.223 2674 RALLYDEBUG rally_openstack.wrappers.network [-] CIDR generated: 1.1.5.208/30
2020-03-16 05:03:54.342 2689 RALLYDEBUG rally_openstack.wrappers.network [-] CIDR generated: 1.1.5.212/30
2020-03-16 05:03:54.376 2711 RALLYDEBUG rally_openstack.wrappers.network [-] CIDR generated: 1.1.5.216/30
2020-03-16 05:03:54.459 2694 RALLYDEBUG rally_openstack.wrappers.network [-] CIDR generated: 1.1.5.220/30
2020-03-16 05:03:54.505 2708 RALLYDEBUG rally_openstack.wrappers.network [-] CIDR generated: 1.1.5.224/30
2020-03-16 05:03:54.521 2714 RALLYDEBUG rally_openstack.wrappers.network [-] CIDR generated: 1.1.5.228/30
2020-03-16 05:03:54.745 2672 RALLYDEBUG rally_openstack.wrappers.network [-] CIDR generated: 1.1.5.232/30
2020-03-16 05:03:54.865 2702 RALLYDEBUG rally_openstack.wrappers.network [-] CIDR generated: 1.1.5.236/30
2020-03-16 05:03:58.616 2674 RALLYDEBUG rally_openstack.wrappers.network [-] CIDR generated: 1.1.5.240/30
2020-03-16 05:03:58.686 2706 RALLYDEBUG rally_openstack.wrappers.network [-] CIDR generated: 1.1.5.244/30
2020-03-16 05:03:58.700 2673 RALLYDEBUG rally_openstack.wrappers.network [-] CIDR generated: 1.1.5.248/30
2020-03-16 05:03:58.772 2719 RALLYDEBUG rally_openstack.wrappers.network [-] CIDR generated: 1.1.5.252/30
2020-03-16 05:03:58.846 2684 RALLYDEBUG rally_openstack.wrappers.network [-] CIDR generated: 1.1.6.0/30
2020-03-16 05:03:58.890 2671 RALLYDEBUG rally_openstack.wrappers.network [-] CIDR generated: 1.1.6.4/30
2020-03-16 05:03:58.940 2693 RALLYDEBUG rally_openstack.wrappers.network [-] CIDR generated: 1.1.6.8/30
2020-03-16 05:03:58.949 2720 RALLYDEBUG rally_openstack.wrappers.network [-] CIDR generated: 1.1.6.12/30
2020-03-16 05:03:58.976 2702 RALLYDEBUG rally_openstack.wrappers.network [-] CIDR generated: 1.1.6.16/30
2020-03-16 05:03:59.210 2697 RALLYDEBUG rally_openstack.wrappers.network [-] CIDR generated: 1.1.6.20/30
2020-03-16 05:03:59.273 2689 RALLYDEBUG rally_openstack.wrappers.network [-] CIDR generated: 1.1.6.24/30
2020-03-16 05:03:59.360 2680 RALLYDEBUG rally_openstack.wrappers.network [-] CIDR generated: 1.1.6.28/30
2020-03-16 05:03:59.462 2675 RALLYDEBUG rally_openstack.wrappers.network [-] CIDR generated: 1.1.6.32/30
2020-03-16 05:04:00.102 2714 RALLYDEBUG rally_openstack.wrappers.network [-] CIDR generated: 1.1.6.36/30
2020-03-16 05:04:00.111 2694 RALLYDEBUG rally_openstack.wrappers.network [-] CIDR generated: 1.1.6.40/30
2020-03-16 05:04:00.120 2711 RALLYDEBUG rally_openstack.wrappers.network [-] CIDR generated: 1.1.6.44/30
2020-03-16 05:04:00.128 2672 RALLYDEBUG rally_openstack.wrappers.network [-] CIDR generated: 1.1.6.48/30
2020-03-16 05:04:00.293 2708 RALLYDEBUG rally_openstack.wrappers.network [-] CIDR generated: 1.1.6.52/30
2020-03-16 05:04:00.469 2677 RALLYDEBUG rally_openstack.wrappers.network [-] CIDR generated: 1.1.6.56/30
2020-03-16 05:04:00.483 2686 RALLYDEBUG rally_openstack.wrappers.network [-] CIDR generated: 1.1.6.60/30
2020-03-16 05:04:48.171 2672 INFO rally.task.runner [-] Task 0590fa21-b0dd-4b3c-994d-5bd89bec2dbe | ITER: 2 END: OK
2020-03-16 05:04:48.183 2672 INFO rally.task.runner [-] Task 0590fa21-b0dd-4b3c-994d-5bd89bec2dbe | ITER: 21 START
2020-03-16 05:04:48.279 2674 INFO rally.task.runner [-] Task 0590fa21-b0dd-4b3c-994d-5bd89bec2dbe | ITER: 4 END: OK
2020-03-16 05:04:48.287 2674 INFO rally.task.runner [-] Task 0590fa21-b0dd-4b3c-994d-5bd89bec2dbe | ITER: 22 START
2020-03-16 05:04:48.363 2708 INFO rally.task.runner [-] Task 0590fa21-b0dd-4b3c-994d-5bd89bec2dbe | ITER: 16 END: OK
2020-03-16 05:04:48.375 2708 INFO rally.task.runner [-] Task 0590fa21-b0dd-4b3c-994d-5bd89bec2dbe | ITER: 23 START
2020-03-16 05:04:49.634 2697 INFO rally.task.runner [-] Task 0590fa21-b0dd-4b3c-994d-5bd89bec2dbe | ITER: 13 END: OK
2020-03-16 05:04:49.642 2697 INFO rally.task.runner [-] Task 0590fa21-b0dd-4b3c-994d-5bd89bec2dbe | ITER: 24 START
2020-03-16 05:04:54.700 2672 RALLYDEBUG rally_openstack.wrappers.network [-] CIDR generated: 1.1.6.64/30
2020-03-16 05:04:54.713 2708 RALLYDEBUG rally_openstack.wrappers.network [-] CIDR generated: 1.1.6.68/30
2020-03-16 05:04:54.890 2674 RALLYDEBUG rally_openstack.wrappers.network [-] CIDR generated: 1.1.6.72/30
2020-03-16 05:04:55.394 2719 INFO rally.task.runner [-] Task 0590fa21-b0dd-4b3c-994d-5bd89bec2dbe | ITER: 19 END: OK
2020-03-16 05:04:55.395 2720 INFO rally.task.runner [-] Task 0590fa21-b0dd-4b3c-994d-5bd89bec2dbe | ITER: 20 END: OK
2020-03-16 05:04:55.402 2719 INFO rally.task.runner [-] Task 0590fa21-b0dd-4b3c-994d-5bd89bec2dbe | ITER: 25 START
2020-03-16 05:04:55.403 2720 INFO rally.task.runner [-] Task 0590fa21-b0dd-4b3c-994d-5bd89bec2dbe | ITER: 26 START
2020-03-16 05:04:56.361 2697 RALLYDEBUG rally_openstack.wrappers.network [-] CIDR generated: 1.1.6.76/30
2020-03-16 05:04:57.101 2706 INFO rally.task.runner [-] Task 0590fa21-b0dd-4b3c-994d-5bd89bec2dbe | ITER: 15 END: OK
2020-03-16 05:04:57.108 2706 INFO rally.task.runner [-] Task 0590fa21-b0dd-4b3c-994d-5bd89bec2dbe | ITER: 27 START
2020-03-16 05:04:58.509 2686 INFO rally.task.runner [-] Task 0590fa21-b0dd-4b3c-994d-5bd89bec2dbe | ITER: 8 END: OK
2020-03-16 05:04:58.516 2686 INFO rally.task.runner [-] Task 0590fa21-b0dd-4b3c-994d-5bd89bec2dbe | ITER: 28 START
2020-03-16 05:05:00.254 2719 RALLYDEBUG rally_openstack.wrappers.network [-] CIDR generated: 1.1.6.80/30
2020-03-16 05:05:00.657 2720 RALLYDEBUG rally_openstack.wrappers.network [-] CIDR generated: 1.1.6.84/30
2020-03-16 05:05:02.092 2706 RALLYDEBUG rally_openstack.wrappers.network [-] CIDR generated: 1.1.6.88/30
2020-03-16 05:05:02.892 2686 RALLYDEBUG rally_openstack.wrappers.network [-] CIDR generated: 1.1.6.92/30
2020-03-16 05:05:03.214 2677 INFO rally.task.runner [-] Task 0590fa21-b0dd-4b3c-994d-5bd89bec2dbe | ITER: 6 END: OK
2020-03-16 05:05:03.222 2677 INFO rally.task.runner [-] Task 0590fa21-b0dd-4b3c-994d-5bd89bec2dbe | ITER: 29 START
2020-03-16 05:05:04.251 2680 INFO rally.task.runner [-] Task 0590fa21-b0dd-4b3c-994d-5bd89bec2dbe | ITER: 7 END: OK
2020-03-16 05:05:04.258 2680 INFO rally.task.runner [-] Task 0590fa21-b0dd-4b3c-994d-5bd89bec2dbe | ITER: 30 START
2020-03-16 05:05:07.769 2711 INFO rally.task.runner [-] Task 0590fa21-b0dd-4b3c-994d-5bd89bec2dbe | ITER: 17 END: OK
2020-03-16 05:05:07.771 2689 INFO rally.task.runner [-] Task 0590fa21-b0dd-4b3c-994d-5bd89bec2dbe | ITER: 10 END: OK
2020-03-16 05:05:07.776 2711 INFO rally.task.runner [-] Task 0590fa21-b0dd-4b3c-994d-5bd89bec2dbe | ITER: 31 START
2020-03-16 05:05:07.780 2689 INFO rally.task.runner [-] Task 0590fa21-b0dd-4b3c-994d-5bd89bec2dbe | ITER: 32 START
2020-03-16 05:05:09.652 2671 INFO rally.task.runner [-] Task 0590fa21-b0dd-4b3c-994d-5bd89bec2dbe | ITER: 1 END: OK
2020-03-16 05:05:09.660 2671 INFO rally.task.runner [-] Task 0590fa21-b0dd-4b3c-994d-5bd89bec2dbe | ITER: 33 START
2020-03-16 05:05:11.332 2677 RALLYDEBUG rally_openstack.wrappers.network [-] CIDR generated: 1.1.6.96/30
2020-03-16 05:05:11.343 2672 RALLYDEBUG rally_openstack.wrappers.network [-] CIDR generated: 1.1.6.100/30
2020-03-16 05:05:11.397 2684 INFO rally.task.runner [-] Task 0590fa21-b0dd-4b3c-994d-5bd89bec2dbe | ITER: 9 END: OK
2020-03-16 05:05:11.404 2684 INFO rally.task.runner [-] Task 0590fa21-b0dd-4b3c-994d-5bd89bec2dbe | ITER: 34 START
2020-03-16 05:05:11.556 2680 RALLYDEBUG rally_openstack.wrappers.network [-] CIDR generated: 1.1.6.104/30
2020-03-16 05:05:12.069 2711 RALLYDEBUG rally_openstack.wrappers.network [-] CIDR generated: 1.1.6.108/30
2020-03-16 05:05:12.166 2674 RALLYDEBUG rally_openstack.wrappers.network [-] CIDR generated: 1.1.6.112/30
2020-03-16 05:05:12.209 2689 RALLYDEBUG rally_openstack.wrappers.network [-] CIDR generated: 1.1.6.116/30
2020-03-16 05:05:12.821 2673 INFO rally.task.runner [-] Task 0590fa21-b0dd-4b3c-994d-5bd89bec2dbe | ITER: 3 END: OK
2020-03-16 05:05:12.822 2702 INFO rally.task.runner [-] Task 0590fa21-b0dd-4b3c-994d-5bd89bec2dbe | ITER: 14 END: OK
2020-03-16 05:05:12.828 2673 INFO rally.task.runner [-] Task 0590fa21-b0dd-4b3c-994d-5bd89bec2dbe | ITER: 35 START
2020-03-16 05:05:12.831 2702 INFO rally.task.runner [-] Task 0590fa21-b0dd-4b3c-994d-5bd89bec2dbe | ITER: 36 START
2020-03-16 05:05:13.241 2671 RALLYDEBUG rally_openstack.wrappers.network [-] CIDR generated: 1.1.6.120/30
2020-03-16 05:05:13.505 2708 RALLYDEBUG rally_openstack.wrappers.network [-] CIDR generated: 1.1.6.124/30
2020-03-16 05:05:13.607 2684 RALLYDEBUG rally_openstack.wrappers.network [-] CIDR generated: 1.1.6.128/30
2020-03-16 05:05:14.446 2686 RALLYDEBUG rally_openstack.wrappers.network [-] CIDR generated: 1.1.6.132/30
2020-03-16 05:05:17.436 2697 RALLYDEBUG rally_openstack.wrappers.network [-] CIDR generated: 1.1.6.136/30
2020-03-16 05:05:18.427 2673 RALLYDEBUG rally_openstack.wrappers.network [-] CIDR generated: 1.1.6.140/30
2020-03-16 05:05:18.624 2702 RALLYDEBUG rally_openstack.wrappers.network [-] CIDR generated: 1.1.6.144/30
2020-03-16 05:05:20.186 2693 INFO rally.task.runner [-] Task 0590fa21-b0dd-4b3c-994d-5bd89bec2dbe | ITER: 11 END: OK
2020-03-16 05:05:20.195 2693 INFO rally.task.runner [-] Task 0590fa21-b0dd-4b3c-994d-5bd89bec2dbe | ITER: 37 START
2020-03-16 05:05:22.747 2694 INFO rally.task.runner [-] Task 0590fa21-b0dd-4b3c-994d-5bd89bec2dbe | ITER: 12 END: OK
2020-03-16 05:05:22.753 2694 INFO rally.task.runner [-] Task 0590fa21-b0dd-4b3c-994d-5bd89bec2dbe | ITER: 38 START
2020-03-16 05:05:22.888 2714 INFO rally.task.runner [-] Task 0590fa21-b0dd-4b3c-994d-5bd89bec2dbe | ITER: 18 END: OK
2020-03-16 05:05:22.896 2714 INFO rally.task.runner [-] Task 0590fa21-b0dd-4b3c-994d-5bd89bec2dbe | ITER: 39 START
2020-03-16 05:05:23.612 2720 RALLYDEBUG rally_openstack.wrappers.network [-] CIDR generated: 1.1.6.148/30
2020-03-16 05:05:25.341 2675 INFO rally.task.runner [-] Task 0590fa21-b0dd-4b3c-994d-5bd89bec2dbe | ITER: 5 END: OK
2020-03-16 05:05:25.349 2675 INFO rally.task.runner [-] Task 0590fa21-b0dd-4b3c-994d-5bd89bec2dbe | ITER: 40 START
2020-03-16 05:05:29.431 2677 RALLYDEBUG rally_openstack.wrappers.network [-] CIDR generated: 1.1.6.152/30
2020-03-16 05:05:29.708 2693 RALLYDEBUG rally_openstack.wrappers.network [-] CIDR generated: 1.1.6.156/30
2020-03-16 05:05:30.693 2714 RALLYDEBUG rally_openstack.wrappers.network [-] CIDR generated: 1.1.6.160/30
2020-03-16 05:05:33.026 2694 RALLYDEBUG rally_openstack.wrappers.network [-] CIDR generated: 1.1.6.164/30
2020-03-16 05:05:33.466 2719 RALLYDEBUG rally_openstack.wrappers.network [-] CIDR generated: 1.1.6.168/30
2020-03-16 05:05:33.603 2706 RALLYDEBUG rally_openstack.wrappers.network [-] CIDR generated: 1.1.6.172/30
2020-03-16 05:05:34.152 2675 RALLYDEBUG rally_openstack.wrappers.network [-] CIDR generated: 1.1.6.176/30
2020-03-16 05:05:36.610 2680 RALLYDEBUG rally_openstack.wrappers.network [-] CIDR generated: 1.1.6.180/30
2020-03-16 05:05:41.346 2711 RALLYDEBUG rally_openstack.wrappers.network [-] CIDR generated: 1.1.6.184/30
2020-03-16 05:05:42.929 2673 RALLYDEBUG rally_openstack.wrappers.network [-] CIDR generated: 1.1.6.188/30
2020-03-16 05:05:43.456 2689 RALLYDEBUG rally_openstack.wrappers.network [-] CIDR generated: 1.1.6.192/30
2020-03-16 05:05:43.471 2702 RALLYDEBUG rally_openstack.wrappers.network [-] CIDR generated: 1.1.6.196/30
2020-03-16 05:05:43.515 2671 RALLYDEBUG rally_openstack.wrappers.network [-] CIDR generated: 1.1.6.200/30
2020-03-16 05:05:43.595 2684 RALLYDEBUG rally_openstack.wrappers.network [-] CIDR generated: 1.1.6.204/30
2020-03-16 05:05:45.075 2693 RALLYDEBUG rally_openstack.wrappers.network [-] CIDR generated: 1.1.6.208/30
2020-03-16 05:05:46.084 2714 RALLYDEBUG rally_openstack.wrappers.network [-] CIDR generated: 1.1.6.212/30
2020-03-16 05:05:47.722 2694 RALLYDEBUG rally_openstack.wrappers.network [-] CIDR generated: 1.1.6.216/30
2020-03-16 05:05:49.076 2675 RALLYDEBUG rally_openstack.wrappers.network [-] CIDR generated: 1.1.6.220/30
2020-03-16 05:06:25.194 2672 INFO rally.task.runner [-] Task 0590fa21-b0dd-4b3c-994d-5bd89bec2dbe | ITER: 21 END: OK
2020-03-16 05:06:26.746 2674 INFO rally.task.runner [-] Task 0590fa21-b0dd-4b3c-994d-5bd89bec2dbe | ITER: 22 END: OK
2020-03-16 05:06:29.110 2686 INFO rally.task.runner [-] Task 0590fa21-b0dd-4b3c-994d-5bd89bec2dbe | ITER: 28 END: OK
2020-03-16 05:06:29.219 2697 INFO rally.task.runner [-] Task 0590fa21-b0dd-4b3c-994d-5bd89bec2dbe | ITER: 24 END: OK
2020-03-16 05:06:29.550 2720 INFO rally.task.runner [-] Task 0590fa21-b0dd-4b3c-994d-5bd89bec2dbe | ITER: 26 END: OK
2020-03-16 05:06:31.960 2708 INFO rally.task.runner [-] Task 0590fa21-b0dd-4b3c-994d-5bd89bec2dbe | ITER: 23 END: OK
2020-03-16 05:06:31.991 2719 INFO rally.task.runner [-] Task 0590fa21-b0dd-4b3c-994d-5bd89bec2dbe | ITER: 25 END: OK
2020-03-16 05:06:32.543 2677 INFO rally.task.runner [-] Task 0590fa21-b0dd-4b3c-994d-5bd89bec2dbe | ITER: 29 END: OK
2020-03-16 05:06:32.682 2680 INFO rally.task.runner [-] Task 0590fa21-b0dd-4b3c-994d-5bd89bec2dbe | ITER: 30 END: OK
2020-03-16 05:06:33.244 2711 INFO rally.task.runner [-] Task 0590fa21-b0dd-4b3c-994d-5bd89bec2dbe | ITER: 31 END: OK
2020-03-16 05:06:35.840 2671 INFO rally.task.runner [-] Task 0590fa21-b0dd-4b3c-994d-5bd89bec2dbe | ITER: 33 END: OK
2020-03-16 05:06:36.029 2706 INFO rally.task.runner [-] Task 0590fa21-b0dd-4b3c-994d-5bd89bec2dbe | ITER: 27 END: OK
2020-03-16 05:06:36.031 2689 INFO rally.task.runner [-] Task 0590fa21-b0dd-4b3c-994d-5bd89bec2dbe | ITER: 32 END: OK
2020-03-16 05:06:36.672 2702 INFO rally.task.runner [-] Task 0590fa21-b0dd-4b3c-994d-5bd89bec2dbe | ITER: 36 END: OK
2020-03-16 05:06:38.065 2675 INFO rally.task.runner [-] Task 0590fa21-b0dd-4b3c-994d-5bd89bec2dbe | ITER: 40 END: OK
2020-03-16 05:06:38.301 2673 INFO rally.task.runner [-] Task 0590fa21-b0dd-4b3c-994d-5bd89bec2dbe | ITER: 35 END: OK
2020-03-16 05:06:38.583 2684 INFO rally.task.runner [-] Task 0590fa21-b0dd-4b3c-994d-5bd89bec2dbe | ITER: 34 END: OK
2020-03-16 05:06:38.958 2693 INFO rally.task.runner [-] Task 0590fa21-b0dd-4b3c-994d-5bd89bec2dbe | ITER: 37 END: OK
2020-03-16 05:06:39.286 2714 INFO rally.task.runner [-] Task 0590fa21-b0dd-4b3c-994d-5bd89bec2dbe | ITER: 39 END: OK
2020-03-16 05:06:39.485 2694 INFO rally.task.runner [-] Task 0590fa21-b0dd-4b3c-994d-5bd89bec2dbe | ITER: 38 END: OK
2020-03-16 05:06:39.518 15 INFO rally.task.context [-] Task 0590fa21-b0dd-4b3c-994d-5bd89bec2dbe | Context cleanup@openstack cleanup() started
2020-03-16 05:06:39.520 15 RALLYDEBUG rally_openstack.cleanup.manager [-] Cleaning up neutron vip objects
2020-03-16 05:06:39.711 15 RALLYDEBUG rally_openstack.cleanup.manager [-] Cleaning up neutron health_monitor objects
2020-03-16 05:06:39.918 15 RALLYDEBUG rally_openstack.cleanup.manager [-] Cleaning up neutron pool objects
2020-03-16 05:06:40.102 15 RALLYDEBUG rally_openstack.cleanup.manager [-] Cleaning up neutron loadbalancer objects
2020-03-16 05:06:40.275 15 RALLYDEBUG rally_openstack.cleanup.manager [-] Cleaning up neutron floatingip objects
2020-03-16 05:06:40.466 15 RALLYDEBUG rally_openstack.cleanup.manager [-] Cleaning up neutron trunk objects
2020-03-16 05:06:40.682 15 DEBUG neutronclient.v2_0.client [-] Error message: {"NeutronError": {"message": "Invalid input for operation: 'tenant_id' is not supported for filtering.", "type": "InvalidInput", "detail": ""}} _handle_fault_response /usr/lib/python2.7/site-packages/neutronclient/v2_0/client.py:259
2020-03-16 05:06:40.706 15 DEBUG neutronclient.v2_0.client [-] Error message: {"NeutronError": {"message": "Invalid input for operation: 'tenant_id' is not supported for filtering.", "type": "InvalidInput", "detail": ""}} _handle_fault_response /usr/lib/python2.7/site-packages/neutronclient/v2_0/client.py:259
2020-03-16 05:06:40.731 15 DEBUG neutronclient.v2_0.client [-] Error message: {"NeutronError": {"message": "Invalid input for operation: 'tenant_id' is not supported for filtering.", "type": "InvalidInput", "detail": ""}} _handle_fault_response /usr/lib/python2.7/site-packages/neutronclient/v2_0/client.py:259
2020-03-16 05:06:40.732 15 ERROR rally_openstack.cleanup.manager [-] Seems like rally_openstack.cleanup.resources.NeutronTrunk.list(self) method is broken. It shouldn't raise any exceptions.: BadRequest: Invalid input for operation: 'tenant_id' is not supported for filtering. Neutron server returns request_ids: ['req-f65e8048-823b-446f-bece-2df1ffd437d0']
2020-03-16 05:06:40.732 15 ERROR rally_openstack.cleanup.manager
Traceback (most recent call last):
2020-03-16 05:06:40.732 15 ERROR rally_openstack.cleanup.manager
File "/usr/lib/python2.7/site-packages/rally_openstack/cleanup/manager.py", line 133, in _publish
2020-03-16 05:06:40.732 15 ERROR rally_openstack.cleanup.manager for raw_resource in rutils.retry(3, manager.list):
2020-03-16 05:06:40.732 15 ERROR rally_openstack.cleanup.manager
File "/usr/lib/python2.7/site-packages/rally/common/utils.py", line 230, in retry
2020-03-16 05:06:40.732 15 ERROR rally_openstack.cleanup.manager return func(*args, **kwargs)
2020-03-16 05:06:40.732 15 ERROR rally_openstack.cleanup.manager
File "/usr/lib/python2.7/site-packages/rally_openstack/cleanup/resources.py", line 396, in list
2020-03-16 05:06:40.732 15 ERROR rally_openstack.cleanup.manager return super(NeutronTrunk, self).list()
2020-03-16 05:06:40.732 15 ERROR rally_openstack.cleanup.manager
File "/usr/lib/python2.7/site-packages/rally_openstack/cleanup/resources.py", line 273, in list
2020-03-16 05:06:40.732 15 ERROR rally_openstack.cleanup.manager result = list_method(tenant_id=self.tenant_uuid)[resources]
2020-03-16 05:06:40.732 15 ERROR rally_openstack.cleanup.manager
File "/usr/lib/python2.7/site-packages/neutronclient/v2_0/client.py", line 2105, in list_trunks
2020-03-16 05:06:40.732 15 ERROR rally_openstack.cleanup.manager **_params)
2020-03-16 05:06:40.732 15 ERROR rally_openstack.cleanup.manager
File "/usr/lib/python2.7/site-packages/neutronclient/v2_0/client.py", line 369, in list
2020-03-16 05:06:40.732 15 ERROR rally_openstack.cleanup.manager for r in self._pagination(collection, path, **params):
2020-03-16 05:06:40.732 15 ERROR rally_openstack.cleanup.manager
File "/usr/lib/python2.7/site-packages/neutronclient/v2_0/client.py", line 384, in _pagination
2020-03-16 05:06:40.732 15 ERROR rally_openstack.cleanup.manager res = self.get(path, params=params)
2020-03-16 05:06:40.732 15 ERROR rally_openstack.cleanup.manager
File "/usr/lib/python2.7/site-packages/neutronclient/v2_0/client.py", line 354, in get
2020-03-16 05:06:40.732 15 ERROR rally_openstack.cleanup.manager headers=headers, params=params)
2020-03-16 05:06:40.732 15 ERROR rally_openstack.cleanup.manager
