2020-03-16 05:18:36.996 15 RALLYDEBUG rally_openstack.cleanup.manager [-] Deleting neutron.port object s_rally_ce503875_PayInDZK (c8887112-9314-4e6c-ad80-51bc5566f154)
2020-03-16 05:18:37.058 15 RALLYDEBUG rally_openstack.cleanup.manager [-] Deleting neutron.port object s_rally_ce503875_irstbIYf (c91ce614-42b7-4297-b371-b174a330b5b8)
2020-03-16 05:18:37.336 15 RALLYDEBUG rally_openstack.cleanup.manager [-] Deleting neutron.port object s_rally_ce503875_WQz5hN45 (c972c590-ea18-4b70-ba09-5af10fdf6664)
2020-03-16 05:18:37.359 15 RALLYDEBUG rally_openstack.cleanup.manager [-] Deleting neutron.port object s_rally_ce503875_cOgWTnzS (c9d942e7-8ed9-4f5b-8d41-60bceae54553)
2020-03-16 05:18:37.422 15 RALLYDEBUG rally_openstack.cleanup.manager [-] Deleting neutron.port object s_rally_ce503875_NW6VDWP2 (ca566fab-89de-4551-bc4e-b5b704cf4d70)
2020-03-16 05:18:37.575 15 RALLYDEBUG rally_openstack.cleanup.manager [-] Deleting neutron.port object s_rally_ce503875_um9SYfAX (caccb34b-eb95-45bc-986f-565e4bd38e0a)
2020-03-16 05:18:37.580 15 RALLYDEBUG rally_openstack.cleanup.manager [-] Deleting neutron.port object s_rally_ce503875_R3GgDjua (cc592ec3-b030-4dc2-aa22-a7fd4bff56c9)
2020-03-16 05:18:37.644 15 RALLYDEBUG rally_openstack.cleanup.manager [-] Deleting neutron.port object s_rally_ce503875_627udvmF (ccb4a97b-44e2-408b-abb6-9cd696817d37)
2020-03-16 05:18:37.648 15 RALLYDEBUG rally_openstack.cleanup.manager [-] Deleting neutron.port object s_rally_ce503875_iVCyx6TG (ccce7e19-0f5c-4e0e-9e2b-b81253fc9f80)
2020-03-16 05:18:37.829 15 RALLYDEBUG rally_openstack.cleanup.manager [-] Deleting neutron.port object s_rally_ce503875_sKLYQuqN (cdebde03-8f4c-48ee-b776-8b9e8acbda6c)
2020-03-16 05:18:37.867 15 RALLYDEBUG rally_openstack.cleanup.manager [-] Deleting neutron.port object s_rally_ce503875_gZG4NfSI (ce4826af-887f-4fe7-afbb-1205c28fbdf2)
2020-03-16 05:18:37.872 15 RALLYDEBUG rally_openstack.cleanup.manager [-] Deleting neutron.port object s_rally_ce503875_RyftUdig (ce5c2242-0381-4f25-b8aa-c56c1168f64a)
2020-03-16 05:18:38.011 15 RALLYDEBUG rally_openstack.cleanup.manager [-] Deleting neutron.port object s_rally_ce503875_GZdc1EI4 (cf297431-53da-46bd-8164-3232d013f0f7)
2020-03-16 05:18:38.356 15 RALLYDEBUG rally_openstack.cleanup.manager [-] Deleting neutron.port object s_rally_ce503875_J18GrrVj (d04ad0db-b610-4145-825b-6756e74dc12e)
2020-03-16 05:18:38.634 15 RALLYDEBUG rally_openstack.cleanup.manager [-] Deleting neutron.port object s_rally_ce503875_CgN2lNkA (d0686a8e-6b8c-4170-a57c-ca19731aea71)
2020-03-16 05:18:38.678 15 RALLYDEBUG rally_openstack.cleanup.manager [-] Deleting neutron.port object s_rally_ce503875_S5XuGmVY (d08e1f06-ea29-42ea-a482-ff88b93f685c)
2020-03-16 05:18:38.982 15 RALLYDEBUG rally_openstack.cleanup.manager [-] Deleting neutron.port object s_rally_ce503875_zmRBVhPb (d0986723-2ff4-437c-8524-57b19f68eefc)
2020-03-16 05:18:39.034 15 RALLYDEBUG rally_openstack.cleanup.manager [-] Deleting neutron.port object s_rally_ce503875_MmRFGUgp (d0b40592-419f-47ca-8814-2301ef7a4ac0)
2020-03-16 05:18:39.061 15 RALLYDEBUG rally_openstack.cleanup.manager [-] Deleting neutron.port object s_rally_ce503875_sA769p63 (d1a9b859-bc6a-4091-8840-465cd5841503)
2020-03-16 05:18:39.208 15 RALLYDEBUG rally_openstack.cleanup.manager [-] Deleting neutron.port object s_rally_ce503875_zGyDFRfu (d1c62f68-4b20-4ccc-9ede-253f1dd98373)
2020-03-16 05:18:39.340 15 RALLYDEBUG rally_openstack.cleanup.manager [-] Deleting neutron.port object s_rally_ce503875_mygjySaZ (d24da49a-995d-4005-aec9-826c1dc6732e)
2020-03-16 05:18:39.405 15 RALLYDEBUG rally_openstack.cleanup.manager [-] Deleting neutron.port object s_rally_ce503875_ytnUQjCK (d273b240-c921-4529-ba16-0d38ccfc9439)
2020-03-16 05:18:39.419 15 RALLYDEBUG rally_openstack.cleanup.manager [-] Deleting neutron.port object s_rally_ce503875_jn8J6jlV (d2782b15-e79c-42e5-a998-edc00a438383)
2020-03-16 05:18:39.456 15 RALLYDEBUG rally_openstack.cleanup.manager [-] Deleting neutron.port object s_rally_ce503875_2oNc9QMj (d36fd8d7-3c86-4e26-bb8e-d759daa52835)
2020-03-16 05:18:40.323 15 RALLYDEBUG rally_openstack.cleanup.manager [-] Deleting neutron.port object s_rally_ce503875_AQqDBjqT (d3b19b0b-17e1-41fb-9700-8ed64d4a9320)
2020-03-16 05:18:40.369 15 RALLYDEBUG rally_openstack.cleanup.manager [-] Deleting neutron.port object s_rally_ce503875_LswlRKaB (d43d9c0f-d86e-4da9-a356-873bf7423b0f)
2020-03-16 05:18:40.427 15 RALLYDEBUG rally_openstack.cleanup.manager [-] Deleting neutron.port object s_rally_ce503875_S1YpUnRN (d56a12f5-778e-4fb2-84f0-f44977ff766f)
2020-03-16 05:18:40.488 15 RALLYDEBUG rally_openstack.cleanup.manager [-] Deleting neutron.port object s_rally_ce503875_yUvGC9LO (d5e194d5-5db2-4d48-a015-8472b1efdbcf)
2020-03-16 05:18:40.505 15 RALLYDEBUG rally_openstack.cleanup.manager [-] Deleting neutron.port object s_rally_ce503875_JfiIt6OI (d615804c-47e1-4633-b185-11dcef258fef)
2020-03-16 05:18:40.512 15 RALLYDEBUG rally_openstack.cleanup.manager [-] Deleting neutron.port object s_rally_ce503875_xDyzqvmR (d6227a76-848e-47bb-b8b6-db16e75df4ed)
2020-03-16 05:18:40.522 15 RALLYDEBUG rally_openstack.cleanup.manager [-] Deleting neutron.port object s_rally_ce503875_7auBQkFM (d718d72d-3602-4b75-bbf8-8883d8359ea4)
2020-03-16 05:18:40.577 15 RALLYDEBUG rally_openstack.cleanup.manager [-] Deleting neutron.port object s_rally_ce503875_IUvrTS3h (d7f68bcd-b41c-4dc3-b64e-17261a7b100f)
2020-03-16 05:18:40.586 15 RALLYDEBUG rally_openstack.cleanup.manager [-] Deleting neutron.port object s_rally_ce503875_Hz4AP1Uj (d7fa4ebc-720e-47e7-8614-61f86388e3a3)
2020-03-16 05:18:40.737 15 RALLYDEBUG rally_openstack.cleanup.manager [-] Deleting neutron.port object s_rally_ce503875_RGUXDKe1 (d8943d07-767d-4056-85b1-dc940bbce26c)
2020-03-16 05:18:40.754 15 RALLYDEBUG rally_openstack.cleanup.manager [-] Deleting neutron.port object s_rally_ce503875_0z9VKI3W (dac65626-c551-4bde-a8ac-3e584c6ec652)
2020-03-16 05:18:40.769 15 RALLYDEBUG rally_openstack.cleanup.manager [-] Deleting neutron.port object s_rally_ce503875_aeeYzUUP (db0a16ce-9e62-4d00-982a-995ce19a1fa5)
2020-03-16 05:18:40.861 15 RALLYDEBUG rally_openstack.cleanup.manager [-] Deleting neutron.port object s_rally_ce503875_JKrYky3A (dbeb81b8-0a2c-4971-9f53-9d0ec1549bf2)
2020-03-16 05:18:40.993 15 RALLYDEBUG rally_openstack.cleanup.manager [-] Deleting neutron.port object s_rally_ce503875_cOnbYzyy (de08782a-b939-4d8d-b3a5-859843782c5f)
2020-03-16 05:18:41.088 15 RALLYDEBUG rally_openstack.cleanup.manager [-] Deleting neutron.port object s_rally_ce503875_gFq5bWex (de4273e7-2cbe-40f4-a29b-20bcf8370b53)
2020-03-16 05:18:41.097 15 RALLYDEBUG rally_openstack.cleanup.manager [-] Deleting neutron.port object s_rally_ce503875_CwvzmmaI (deef2a38-c418-492e-8399-965b4090adcf)
2020-03-16 05:18:41.153 15 RALLYDEBUG rally_openstack.cleanup.manager [-] Deleting neutron.port object s_rally_ce503875_WwDI9mjo (e02bfc7c-e3e8-42ef-abaf-c0d057bd6dc7)
2020-03-16 05:18:41.265 15 RALLYDEBUG rally_openstack.cleanup.manager [-] Deleting neutron.port object s_rally_ce503875_l4WJcAsa (e1ef4f7f-344c-47af-9e51-2f4563f346cd)
2020-03-16 05:18:41.366 15 RALLYDEBUG rally_openstack.cleanup.manager [-] Deleting neutron.port object s_rally_ce503875_aQAep29S (e1f82cb1-1feb-4197-bda2-33b2a731e11a)
2020-03-16 05:18:41.382 15 RALLYDEBUG rally_openstack.cleanup.manager [-] Deleting neutron.port object s_rally_ce503875_GVEMyi3P (e22ffd83-95ad-4ae7-bd48-fd7cc0c57cea)
2020-03-16 05:18:42.246 15 RALLYDEBUG rally_openstack.cleanup.manager [-] Deleting neutron.port object s_rally_ce503875_TBnqbrLH (e232f31d-ef15-4691-9e1f-bb0db64413db)
2020-03-16 05:18:42.328 15 RALLYDEBUG rally_openstack.cleanup.manager [-] Deleting neutron.port object s_rally_ce503875_3Gi6rl3q (e2f4f07b-b306-4883-b27a-8aea4d89fdcb)
2020-03-16 05:18:42.351 15 RALLYDEBUG rally_openstack.cleanup.manager [-] Deleting neutron.port object s_rally_ce503875_YhpvHPEX (e328db67-0073-4030-aa36-b7670b2ff515)
2020-03-16 05:18:42.476 15 RALLYDEBUG rally_openstack.cleanup.manager [-] Deleting neutron.port object s_rally_ce503875_A5Ssrv2v (e3ad55b3-4cdb-4236-824a-c68781410300)
2020-03-16 05:18:42.685 15 RALLYDEBUG rally_openstack.cleanup.manager [-] Deleting neutron.port object s_rally_ce503875_FXCk1cNZ (e3f0f118-692b-480f-a927-fed109cea4fe)
2020-03-16 05:18:42.712 15 RALLYDEBUG rally_openstack.cleanup.manager [-] Deleting neutron.port object s_rally_ce503875_VYKBVTUB (e4054300-3368-44f3-b3fc-e005befb0e34)
2020-03-16 05:18:42.750 15 RALLYDEBUG rally_openstack.cleanup.manager [-] Deleting neutron.port object s_rally_ce503875_HDDBoLsB (e40ec2c3-cffd-41d2-9d1a-6df06f2d7259)
2020-03-16 05:18:42.759 15 RALLYDEBUG rally_openstack.cleanup.manager [-] Deleting neutron.port object s_rally_ce503875_gq1K3XI8 (e4bb9b50-9d34-498f-ae72-b4f11b3d45f0)
2020-03-16 05:18:42.793 15 RALLYDEBUG rally_openstack.cleanup.manager [-] Deleting neutron.port object s_rally_ce503875_IplgcBoo (e5826b92-926a-4383-8732-34d1587602a1)
2020-03-16 05:18:42.924 15 RALLYDEBUG rally_openstack.cleanup.manager [-] Deleting neutron.port object s_rally_ce503875_Ykf46U2y (e5e6e99d-eb63-4f4b-b3f4-c29665b1a5e2)
2020-03-16 05:18:42.954 15 RALLYDEBUG rally_openstack.cleanup.manager [-] Deleting neutron.port object s_rally_ce503875_pzzFb2oi (e63f234a-02e3-4881-86f1-b0698a251736)
2020-03-16 05:18:42.985 15 RALLYDEBUG rally_openstack.cleanup.manager [-] Deleting neutron.port object s_rally_ce503875_ArJZz1mA (e7310653-1caa-4356-be36-f37bc63c46bb)
2020-03-16 05:18:43.144 15 RALLYDEBUG rally_openstack.cleanup.manager [-] Deleting neutron.port object s_rally_ce503875_HPCYYlN5 (e736e786-d024-4581-8469-61dfd4a7edf9)
2020-03-16 05:18:43.165 15 RALLYDEBUG rally_openstack.cleanup.manager [-] Deleting neutron.port object s_rally_ce503875_U8JEfBjg (e75109c6-04fe-4bec-a36c-ab9a12046e38)
2020-03-16 05:18:43.172 15 RALLYDEBUG rally_openstack.cleanup.manager [-] Deleting neutron.port object s_rally_ce503875_3ttkmfTB (e86226da-590c-46a9-a817-cd28d29e66aa)
2020-03-16 05:18:43.260 15 RALLYDEBUG rally_openstack.cleanup.manager [-] Deleting neutron.port object s_rally_ce503875_lf4K3n3S (e89ac062-b2c3-41c0-9afa-7ade831087bc)
2020-03-16 05:18:43.328 15 RALLYDEBUG rally_openstack.cleanup.manager [-] Deleting neutron.port object s_rally_ce503875_ODF3ahwf (e8f13c0d-5fa4-4497-842f-6845bae484e7)
2020-03-16 05:18:43.358 15 RALLYDEBUG rally_openstack.cleanup.manager [-] Deleting neutron.port object s_rally_ce503875_qVScsNAN (e90f156f-d782-4f9c-8b84-504175e1c433)
2020-03-16 05:18:43.621 15 RALLYDEBUG rally_openstack.cleanup.manager [-] Deleting neutron.port object s_rally_ce503875_uJGzp40n (e9142043-220f-4c75-8957-49a8cd8d4f23)
2020-03-16 05:18:43.626 15 RALLYDEBUG rally_openstack.cleanup.manager [-] Deleting neutron.port object s_rally_ce503875_9TMwUlFi (e968f7ff-6b89-41b8-a0c1-a44338fa87fb)
2020-03-16 05:18:44.199 15 RALLYDEBUG rally_openstack.cleanup.manager [-] Deleting neutron.port object s_rally_ce503875_mXP9i5pp (e9ab73b3-160a-4d91-836b-4682f8ec856c)
2020-03-16 05:18:44.356 15 RALLYDEBUG rally_openstack.cleanup.manager [-] Deleting neutron.port object s_rally_ce503875_IVXASxSG (ead31958-d03d-4f31-bdde-144a3e7e4d73)
2020-03-16 05:18:44.399 15 RALLYDEBUG rally_openstack.cleanup.manager [-] Deleting neutron.port object s_rally_ce503875_igELOrsf (eb9b170a-0562-4e40-b53e-a69b7fcaff22)
2020-03-16 05:18:44.464 15 RALLYDEBUG rally_openstack.cleanup.manager [-] Deleting neutron.port object s_rally_ce503875_TYgmWZZB (ec6a1ba7-f1c7-46f6-87c9-999262c2727a)
2020-03-16 05:18:44.725 15 RALLYDEBUG rally_openstack.cleanup.manager [-] Deleting neutron.port object s_rally_ce503875_3LjCguM7 (ec85c764-8e5e-49dc-8495-15a88a01cd74)
2020-03-16 05:18:44.734 15 RALLYDEBUG rally_openstack.cleanup.manager [-] Deleting neutron.port object s_rally_ce503875_w6CRW0ne (edecd6dc-ce8a-4502-9bbe-f86ca2ba0887)
2020-03-16 05:18:44.793 15 RALLYDEBUG rally_openstack.cleanup.manager [-] Deleting neutron.port object s_rally_ce503875_Luc68MRJ (ef4dcd40-d8d3-4b50-b798-147c7f769913)
2020-03-16 05:18:44.803 15 RALLYDEBUG rally_openstack.cleanup.manager [-] Deleting neutron.port object s_rally_ce503875_lMuFnCXT (ef9df87b-8795-49d9-946a-470e6baf4d7c)
2020-03-16 05:18:44.843 15 RALLYDEBUG rally_openstack.cleanup.manager [-] Deleting neutron.port object s_rally_ce503875_zVj5VqX7 (f1109a9f-8059-41a7-92a9-2664dfc3e68a)
2020-03-16 05:18:45.110 15 RALLYDEBUG rally_openstack.cleanup.manager [-] Deleting neutron.port object s_rally_ce503875_f7L60K2L (f19f2ae2-cbdd-401e-86a4-4b3345776fbd)
2020-03-16 05:18:45.111 15 RALLYDEBUG rally_openstack.cleanup.manager [-] Deleting neutron.port object s_rally_ce503875_pPc26yYp (f11f1f8e-0978-4ceb-b5fb-5a60c3d653e8)
2020-03-16 05:18:45.118 15 RALLYDEBUG rally_openstack.cleanup.manager [-] Deleting neutron.port object s_rally_ce503875_qJdA2ADE (f247a433-0cdc-4698-a47c-3b336df0997a)
2020-03-16 05:18:45.142 15 RALLYDEBUG rally_openstack.cleanup.manager [-] Deleting neutron.port object s_rally_ce503875_UW0lTgoV (f318ab73-906b-4f37-b6e1-96d4e989676b)
2020-03-16 05:18:45.517 15 RALLYDEBUG rally_openstack.cleanup.manager [-] Deleting neutron.port object s_rally_ce503875_k3bz06Rd (f376d289-1a06-401b-bfb0-722311cc9304)
2020-03-16 05:18:45.675 15 RALLYDEBUG rally_openstack.cleanup.manager [-] Deleting neutron.port object s_rally_ce503875_lKmaqeTa (f5ac72ba-2264-4646-89c0-304428cfe3df)
2020-03-16 05:18:45.682 15 RALLYDEBUG rally_openstack.cleanup.manager [-] Deleting neutron.port object s_rally_ce503875_E9tB9lrO (f69fa315-3c4d-47a9-bdf3-4354126c2894)
2020-03-16 05:18:45.684 15 RALLYDEBUG rally_openstack.cleanup.manager [-] Deleting neutron.port object s_rally_ce503875_5q3xiv32 (f5d6a2a5-4159-4b43-ae0f-c1182e73e177)
2020-03-16 05:18:45.791 15 RALLYDEBUG rally_openstack.cleanup.manager [-] Deleting neutron.port object s_rally_ce503875_jVFfZUrE (f6b3e80a-fe14-40b7-b433-3d807218b22d)
2020-03-16 05:18:45.794 15 RALLYDEBUG rally_openstack.cleanup.manager [-] Deleting neutron.port object s_rally_ce503875_UaO3lpGp (f6c5bf7f-1ee6-4e09-8000-90df39248687)
2020-03-16 05:18:45.801 15 RALLYDEBUG rally_openstack.cleanup.manager [-] Deleting neutron.port object s_rally_ce503875_92MpLvZ4 (f745647a-68c5-4270-abde-91751c44bfe7)
2020-03-16 05:18:46.034 15 RALLYDEBUG rally_openstack.cleanup.manager [-] Deleting neutron.port object s_rally_ce503875_fdSWE5if (f9620f94-7ce5-4ca6-bc03-18f88704839f)
2020-03-16 05:18:46.476 15 RALLYDEBUG rally_openstack.cleanup.manager [-] Deleting neutron.port object s_rally_ce503875_BdiLzlWF (f96f85d2-87cc-4277-a2fe-ac37579a5f26)
2020-03-16 05:18:46.518 15 RALLYDEBUG rally_openstack.cleanup.manager [-] Deleting neutron.port object s_rally_ce503875_ZnXbVB1j (f9d4be48-7ea1-4c92-b9f9-0b48aa72dc27)
2020-03-16 05:18:46.565 15 RALLYDEBUG rally_openstack.cleanup.manager [-] Deleting neutron.port object s_rally_ce503875_EykFvpvr (f9fd9ba7-6a7b-40db-ba19-5a5935bd0e81)
2020-03-16 05:18:46.599 15 RALLYDEBUG rally_openstack.cleanup.manager [-] Deleting neutron.port object s_rally_ce503875_uZ5OBUrg (f9fdb537-bc92-4698-8f1c-5f2973b93e0a)
2020-03-16 05:18:46.811 15 RALLYDEBUG rally_openstack.cleanup.manager [-] Deleting neutron.port object s_rally_ce503875_8AvS1HKU (fba12767-8863-4d48-ac80-cfb23abcadae)
2020-03-16 05:18:46.818 15 RALLYDEBUG rally_openstack.cleanup.manager [-] Deleting neutron.port object s_rally_ce503875_ZnvdU95d (fd1d5a12-c0d1-40e0-bd0a-47317063108c)
2020-03-16 05:18:46.824 15 RALLYDEBUG rally_openstack.cleanup.manager [-] Deleting neutron.port object s_rally_ce503875_2cVfvwVy (fdcfd1a6-5d99-443e-8166-83e0249cb5c0)
2020-03-16 05:18:46.830 15 RALLYDEBUG rally_openstack.cleanup.manager [-] Deleting neutron.port object s_rally_ce503875_qXozJr5K (fe0d15b3-35ba-45ac-920a-a27178ad7b30)
2020-03-16 05:18:46.881 15 RALLYDEBUG rally_openstack.cleanup.manager [-] Deleting neutron.port object s_rally_ce503875_LuhlO8NQ (fe76745c-46f1-4af5-878e-f16b730aa2d9)
2020-03-16 05:18:46.988 15 RALLYDEBUG rally_openstack.cleanup.manager [-] Deleting neutron.port object s_rally_ce503875_BYSdAGnE (feb5a732-9d70-4c2c-b608-1afbee92fa53)
2020-03-16 05:18:46.998 15 RALLYDEBUG rally_openstack.cleanup.manager [-] Deleting neutron.port object s_rally_ce503875_SxAK6Bmn (ffb60187-9528-4e45-9d87-644959349cf8)
2020-03-16 05:18:49.088 15 RALLYDEBUG rally_openstack.cleanup.manager [-] Cleaning up neutron subnet objects
2020-03-16 05:18:49.341 15 RALLYDEBUG rally_openstack.cleanup.manager [-] Cleaning up neutron network objects
2020-03-16 05:18:50.287 15 RALLYDEBUG rally_openstack.cleanup.manager [-] Deleting neutron.network object s_rally_ce503875_yfDjbNy6 (53678e9b-afff-4db8-8aec-68d77733ff30)
2020-03-16 05:18:50.295 15 RALLYDEBUG rally_openstack.cleanup.manager [-] Deleting neutron.network object s_rally_ce503875_MoHJ7hgR (72e68b5c-c9f9-4c0f-9e16-b31144f880d0)
2020-03-16 05:18:50.301 15 RALLYDEBUG rally_openstack.cleanup.manager [-] Deleting neutron.network object s_rally_ce503875_TaGg3KLq (8b53ef91-9ae8-4dfe-a5e5-a1fcf66f9eb6)
2020-03-16 05:18:50.306 15 RALLYDEBUG rally_openstack.cleanup.manager [-] Deleting neutron.network object s_rally_ce503875_ZsjnU3Wf (a86665b3-105e-4b7a-ad66-22a96dc10f3f)
2020-03-16 05:18:50.320 15 RALLYDEBUG rally_openstack.cleanup.manager [-] Deleting neutron.network object s_rally_ce503875_iQh4c4qK (ca829bef-f76b-4522-a664-1b9ebbc6ed02)
2020-03-16 05:18:50.326 15 RALLYDEBUG rally_openstack.cleanup.manager [-] Deleting neutron.network object s_rally_ce503875_OQdG10Kf (d41341b9-8f65-41a3-838c-d0260cda5f7e)
2020-03-16 05:18:50.352 15 RALLYDEBUG rally_openstack.cleanup.manager [-] Deleting neutron.network object s_rally_ce503875_aWEBsO1z (f2d6c67b-057a-46f5-b5c3-e92b6ad81143)
2020-03-16 05:18:50.361 15 RALLYDEBUG rally_openstack.cleanup.manager [-] Deleting neutron.network object s_rally_ce503875_wNIsNghj (df837d18-0636-417a-8b59-f737e157c20b)
2020-03-16 05:18:53.644 15 RALLYDEBUG rally_openstack.cleanup.manager [-] Cleaning up neutron router objects
2020-03-16 05:18:53.975 15 RALLYDEBUG rally_openstack.cleanup.manager [-] Cleaning up neutron security_group objects
2020-03-16 05:18:54.246 15 INFO rally.task.context [-] Task 0590fa21-b0dd-4b3c-994d-5bd89bec2dbe | Context cleanup@openstack cleanup() finished in 54.99 sec
2020-03-16 05:18:54.246 15 INFO rally.task.context [-] Task 0590fa21-b0dd-4b3c-994d-5bd89bec2dbe | Context quotas@openstack cleanup() started
2020-03-16 05:18:54.313 15 INFO rally.task.context [-] Task 0590fa21-b0dd-4b3c-994d-5bd89bec2dbe | Context quotas@openstack cleanup() finished in 66.59 msec
2020-03-16 05:18:54.314 15 INFO rally.task.context [-] Task 0590fa21-b0dd-4b3c-994d-5bd89bec2dbe | Context users@openstack cleanup() started
2020-03-16 05:18:55.880 15 INFO rally.task.context [-] Task 0590fa21-b0dd-4b3c-994d-5bd89bec2dbe | Context users@openstack cleanup() finished in 1.57 sec
2020-03-16 05:18:57.882 15 INFO rally.task.engine [-] Load duration is: 154.676911
2020-03-16 05:18:57.882 15 INFO rally.task.engine [-] Full runner duration is: 154.720164
2020-03-16 05:18:57.883 15 INFO rally.task.engine [-] Full duration is: 212.968852
2020-03-16 05:18:57.952 15 INFO rally.task.engine [-] Running workload: position = 1 config = { "version": 2, "title": "A cropped version of a bigger task.", "description": "Auto-generated task from a single workload (uuid=f4cd9d89-63f3-4077-93c2-51fbdda1aac3)", "subtasks": [ { "title": "NeutronNetworks.create_and_update_ports", "description": "Create and update a given number of ports.", "scenario": { "NeutronNetworks.create_and_update_ports": { "network_create_args": {}, "port_create_args": {}, "ports_per_network": 5, "port_update_args": { "admin_state_up": false, "device_id": "dummy_id", "device_owner": "dummy_owner", "name": "_port_updated" } } }, "contexts": { "users": { "tenants": 1, "users_per_tenant": 1 }, "quotas": { "neutron": { "network": -1, "port": -1 } } }, "runner": { "constant": { "times": 40, "concurrency": 20 } }, "hooks": [], "sla": { "failure_rate": { "max": 0 } } } ] }
2020-03-16 05:18:57.970 15 RALLYDEBUG rally_openstack.contexts.keystone.users [-] Creating 1 tenants using 20 threads
2020-03-16 05:18:58.445 15 RALLYDEBUG rally_openstack.contexts.keystone.users [-] Creating 1 users using 20 threads
2020-03-16 05:18:58.967 15 INFO rally.task.context [-] Task 0590fa21-b0dd-4b3c-994d-5bd89bec2dbe | Context users@openstack setup() finished in 1.00 sec
2020-03-16 05:18:59.386 15 INFO rally.task.context [-] Task 0590fa21-b0dd-4b3c-994d-5bd89bec2dbe | Context quotas@openstack setup() finished in 0.42 sec
2020-03-16 05:18:59.387 15 INFO rally.task.context [-] Task 0590fa21-b0dd-4b3c-994d-5bd89bec2dbe | Context cleanup@openstack setup() finished in 0.01 msec
2020-03-16 05:18:59.396 15 RALLYDEBUG rally.task.runner [-] Starting the constant runner (task UUID: 0590fa21-b0dd-4b3c-994d-5bd89bec2dbe). timeout: 0 concurrency: 20 concurrency_per_worker: 1 times: 40 concurrency_overhead: 0 processes_to_start: 20 max_cpu_used: 88
2020-03-16 05:18:59.409 4199 RALLYDEBUG rally.task.runner [-] Starting a worker. concurrency: 1 args: {"network_create_args": {}, "port_create_args": {}, "ports_per_network": 5, "port_update_args": {"admin_state_up": false, "device_id": "dummy_id", "device_owner": "dummy_owner", "name": "_port_updated"}} times: 40 method_name: run timeout: 0 duration: None cls:
2020-03-16 05:18:59.412 4200 RALLYDEBUG rally.task.runner [-] Starting a worker. concurrency: 1 args: {"network_create_args": {}, "port_create_args": {}, "ports_per_network": 5, "port_update_args": {"admin_state_up": false, "device_id": "dummy_id", "device_owner": "dummy_owner", "name": "_port_updated"}} times: 40 method_name: run timeout: 0 duration: None cls:
2020-03-16 05:18:59.415 4201 RALLYDEBUG rally.task.runner [-] Starting a worker. concurrency: 1 args: {"network_create_args": {}, "port_create_args": {}, "ports_per_network": 5, "port_update_args": {"admin_state_up": false, "device_id": "dummy_id", "device_owner": "dummy_owner", "name": "_port_updated"}} times: 40 method_name: run timeout: 0 duration: None cls:
2020-03-16 05:18:59.416 4199 INFO rally.task.runner [-] Task 0590fa21-b0dd-4b3c-994d-5bd89bec2dbe | ITER: 1 START
2020-03-16 05:18:59.417 4199 WARNING rally_openstack.scenarios.neutron.utils [-] Running this scenario without either the 'network' or 'existing_network' context is deprecated
2020-03-16 05:18:59.419 4200 INFO rally.task.runner [-] Task 0590fa21-b0dd-4b3c-994d-5bd89bec2dbe | ITER: 2 START
2020-03-16 05:18:59.418 4202 RALLYDEBUG rally.task.runner [-] Starting a worker. concurrency: 1 args: {"network_create_args": {}, "port_create_args": {}, "ports_per_network": 5, "port_update_args": {"admin_state_up": false, "device_id": "dummy_id", "device_owner": "dummy_owner", "name": "_port_updated"}} times: 40 method_name: run timeout: 0 duration: None cls:
2020-03-16 05:18:59.420 4200 WARNING rally_openstack.scenarios.neutron.utils [-] Running this scenario without either the 'network' or 'existing_network' context is deprecated
2020-03-16 05:18:59.421 4201 INFO rally.task.runner [-] Task 0590fa21-b0dd-4b3c-994d-5bd89bec2dbe | ITER: 3 START
2020-03-16 05:18:59.422 4203 RALLYDEBUG rally.task.runner [-] Starting a worker. concurrency: 1 args: {"network_create_args": {}, "port_create_args": {}, "ports_per_network": 5, "port_update_args": {"admin_state_up": false, "device_id": "dummy_id", "device_owner": "dummy_owner", "name": "_port_updated"}} times: 40 method_name: run timeout: 0 duration: None cls:
2020-03-16 05:18:59.423 4201 WARNING rally_openstack.scenarios.neutron.utils [-] Running this scenario without either the 'network' or 'existing_network' context is deprecated
2020-03-16 05:18:59.425 4206 RALLYDEBUG rally.task.runner [-] Starting a worker. concurrency: 1 args: {"network_create_args": {}, "port_create_args": {}, "ports_per_network": 5, "port_update_args": {"admin_state_up": false, "device_id": "dummy_id", "device_owner": "dummy_owner", "name": "_port_updated"}} times: 40 method_name: run timeout: 0 duration: None cls:
2020-03-16 05:18:59.428 4203 INFO rally.task.runner [-] Task 0590fa21-b0dd-4b3c-994d-5bd89bec2dbe | ITER: 5 START
2020-03-16 05:18:59.428 4202 INFO rally.task.runner [-] Task 0590fa21-b0dd-4b3c-994d-5bd89bec2dbe | ITER: 4 START
2020-03-16 05:18:59.428 4210 RALLYDEBUG rally.task.runner [-] Starting a worker. concurrency: 1 args: {"network_create_args": {}, "port_create_args": {}, "ports_per_network": 5, "port_update_args": {"admin_state_up": false, "device_id": "dummy_id", "device_owner": "dummy_owner", "name": "_port_updated"}} times: 40 method_name: run timeout: 0 duration: None cls:
2020-03-16 05:18:59.429 4203 WARNING rally_openstack.scenarios.neutron.utils [-] Running this scenario without either the 'network' or 'existing_network' context is deprecated
2020-03-16 05:18:59.429 4202 WARNING rally_openstack.scenarios.neutron.utils [-] Running this scenario without either the 'network' or 'existing_network' context is deprecated
2020-03-16 05:18:59.431 4212 RALLYDEBUG rally.task.runner [-] Starting a worker. concurrency: 1 args: {"network_create_args": {}, "port_create_args": {}, "ports_per_network": 5, "port_update_args": {"admin_state_up": false, "device_id": "dummy_id", "device_owner": "dummy_owner", "name": "_port_updated"}} times: 40 method_name: run timeout: 0 duration: None cls:
2020-03-16 05:18:59.432 4206 INFO rally.task.runner [-] Task 0590fa21-b0dd-4b3c-994d-5bd89bec2dbe | ITER: 6 START
2020-03-16 05:18:59.433 4206 WARNING rally_openstack.scenarios.neutron.utils [-] Running this scenario without either the 'network' or 'existing_network' context is deprecated
2020-03-16 05:18:59.434 4215 RALLYDEBUG rally.task.runner [-] Starting a worker. concurrency: 1 args: {"network_create_args": {}, "port_create_args": {}, "ports_per_network": 5, "port_update_args": {"admin_state_up": false, "device_id": "dummy_id", "device_owner": "dummy_owner", "name": "_port_updated"}} times: 40 method_name: run timeout: 0 duration: None cls:
2020-03-16 05:18:59.437 4210 INFO rally.task.runner [-] Task 0590fa21-b0dd-4b3c-994d-5bd89bec2dbe | ITER: 7 START
2020-03-16 05:18:59.437 4218 RALLYDEBUG rally.task.runner [-] Starting a worker. concurrency: 1 args: {"network_create_args": {}, "port_create_args": {}, "ports_per_network": 5, "port_update_args": {"admin_state_up": false, "device_id": "dummy_id", "device_owner": "dummy_owner", "name": "_port_updated"}} times: 40 method_name: run timeout: 0 duration: None cls:
2020-03-16 05:18:59.438 4212 INFO rally.task.runner [-] Task 0590fa21-b0dd-4b3c-994d-5bd89bec2dbe | ITER: 8 START
2020-03-16 05:18:59.438 4210 WARNING rally_openstack.scenarios.neutron.utils [-] Running this scenario without either the 'network' or 'existing_network' context is deprecated
2020-03-16 05:18:59.439 4212 WARNING rally_openstack.scenarios.neutron.utils [-] Running this scenario without either the 'network' or 'existing_network' context is deprecated
2020-03-16 05:18:59.441 4215 INFO rally.task.runner [-] Task 0590fa21-b0dd-4b3c-994d-5bd89bec2dbe | ITER: 9 START
2020-03-16 05:18:59.440 4221 RALLYDEBUG rally.task.runner [-] Starting a worker. concurrency: 1 args: {"network_create_args": {}, "port_create_args": {}, "ports_per_network": 5, "port_update_args": {"admin_state_up": false, "device_id": "dummy_id", "device_owner": "dummy_owner", "name": "_port_updated"}} times: 40 method_name: run timeout: 0 duration: None cls:
2020-03-16 05:18:59.442 4215 WARNING rally_openstack.scenarios.neutron.utils [-] Running this scenario without either the 'network' or 'existing_network' context is deprecated
2020-03-16 05:18:59.442 4218 INFO rally.task.runner [-] Task 0590fa21-b0dd-4b3c-994d-5bd89bec2dbe | ITER: 10 START
2020-03-16 05:18:59.443 4218 WARNING rally_openstack.scenarios.neutron.utils [-] Running this scenario without either the 'network' or 'existing_network' context is deprecated
2020-03-16 05:18:59.443 4225 RALLYDEBUG rally.task.runner [-] Starting a worker. concurrency: 1 args: {"network_create_args": {}, "port_create_args": {}, "ports_per_network": 5, "port_update_args": {"admin_state_up": false, "device_id": "dummy_id", "device_owner": "dummy_owner", "name": "_port_updated"}} times: 40 method_name: run timeout: 0 duration: None cls:
2020-03-16 05:18:59.447 4221 INFO rally.task.runner [-] Task 0590fa21-b0dd-4b3c-994d-5bd89bec2dbe | ITER: 11 START
2020-03-16 05:18:59.447 4228 RALLYDEBUG rally.task.runner [-] Starting a worker. concurrency: 1 args: {"network_create_args": {}, "port_create_args": {}, "ports_per_network": 5, "port_update_args": {"admin_state_up": false, "device_id": "dummy_id", "device_owner": "dummy_owner", "name": "_port_updated"}} times: 40 method_name: run timeout: 0 duration: None cls:
2020-03-16 05:18:59.448 4221 WARNING rally_openstack.scenarios.neutron.utils [-] Running this scenario without either the 'network' or 'existing_network' context is deprecated
2020-03-16 05:18:59.450 4232 RALLYDEBUG rally.task.runner [-] Starting a worker. concurrency: 1 args: {"network_create_args": {}, "port_create_args": {}, "ports_per_network": 5, "port_update_args": {"admin_state_up": false, "device_id": "dummy_id", "device_owner": "dummy_owner", "name": "_port_updated"}} times: 40 method_name: run timeout: 0 duration: None cls:
2020-03-16 05:18:59.453 4228 INFO rally.task.runner [-] Task 0590fa21-b0dd-4b3c-994d-5bd89bec2dbe | ITER: 13 START
2020-03-16 05:18:59.452 4234 RALLYDEBUG rally.task.runner [-] Starting a worker. concurrency: 1 args: {"network_create_args": {}, "port_create_args": {}, "ports_per_network": 5, "port_update_args": {"admin_state_up": false, "device_id": "dummy_id", "device_owner": "dummy_owner", "name": "_port_updated"}} times: 40 method_name: run timeout: 0 duration: None cls:
2020-03-16 05:18:59.454 4228 WARNING rally_openstack.scenarios.neutron.utils [-] Running this scenario without either the 'network' or 'existing_network' context is deprecated
2020-03-16 05:18:59.454 4225 INFO rally.task.runner [-] Task 0590fa21-b0dd-4b3c-994d-5bd89bec2dbe | ITER: 12 START
2020-03-16 05:18:59.455 4225 WARNING rally_openstack.scenarios.neutron.utils [-] Running this scenario without either the 'network' or 'existing_network' context is deprecated
2020-03-16 05:18:59.456 4237 RALLYDEBUG rally.task.runner [-] Starting a worker. concurrency: 1 args: {"network_create_args": {}, "port_create_args": {}, "ports_per_network": 5, "port_update_args": {"admin_state_up": false, "device_id": "dummy_id", "device_owner": "dummy_owner", "name": "_port_updated"}} times: 40 method_name: run timeout: 0 duration: None cls:
2020-03-16 05:18:59.457 4232 INFO rally.task.runner [-] Task 0590fa21-b0dd-4b3c-994d-5bd89bec2dbe | ITER: 14 START
2020-03-16 05:18:59.458 4234 INFO rally.task.runner [-] Task 0590fa21-b0dd-4b3c-994d-5bd89bec2dbe | ITER: 15 START
2020-03-16 05:18:59.458 4232 WARNING rally_openstack.scenarios.neutron.utils [-] Running this scenario without either the 'network' or 'existing_network' context is deprecated
2020-03-16 05:18:59.459 4234 WARNING rally_openstack.scenarios.neutron.utils [-] Running this scenario without either the 'network' or 'existing_network' context is deprecated
2020-03-16 05:18:59.459 4240 RALLYDEBUG rally.task.runner [-] Starting a worker. concurrency: 1 args: {"network_create_args": {}, "port_create_args": {}, "ports_per_network": 5, "port_update_args": {"admin_state_up": false, "device_id": "dummy_id", "device_owner": "dummy_owner", "name": "_port_updated"}} times: 40 method_name: run timeout: 0 duration: None cls:
2020-03-16 05:18:59.462 4237 INFO rally.task.runner [-] Task 0590fa21-b0dd-4b3c-994d-5bd89bec2dbe | ITER: 16 START
2020-03-16 05:18:59.463 4237 WARNING rally_openstack.scenarios.neutron.utils [-] Running this scenario without either the 'network' or 'existing_network' context is deprecated
2020-03-16 05:18:59.463 4242 RALLYDEBUG rally.task.runner [-] Starting a worker. concurrency: 1 args: {"network_create_args": {}, "port_create_args": {}, "ports_per_network": 5, "port_update_args": {"admin_state_up": false, "device_id": "dummy_id", "device_owner": "dummy_owner", "name": "_port_updated"}} times: 40 method_name: run timeout: 0 duration: None cls:
2020-03-16 05:18:59.465 4240 INFO rally.task.runner [-] Task 0590fa21-b0dd-4b3c-994d-5bd89bec2dbe | ITER: 17 START
2020-03-16 05:18:59.465 4247 RALLYDEBUG rally.task.runner [-] Starting a worker. concurrency: 1 args: {"network_create_args": {}, "port_create_args": {}, "ports_per_network": 5, "port_update_args": {"admin_state_up": false, "device_id": "dummy_id", "device_owner": "dummy_owner", "name": "_port_updated"}} times: 40 method_name: run timeout: 0 duration: None cls:
2020-03-16 05:18:59.467 4240 WARNING rally_openstack.scenarios.neutron.utils [-] Running this scenario without either the 'network' or 'existing_network' context is deprecated
2020-03-16 05:18:59.469 4242 INFO rally.task.runner [-] Task 0590fa21-b0dd-4b3c-994d-5bd89bec2dbe | ITER: 18 START
2020-03-16 05:18:59.469 4250 RALLYDEBUG rally.task.runner [-] Starting a worker. concurrency: 1 args: {"network_create_args": {}, "port_create_args": {}, "ports_per_network": 5, "port_update_args": {"admin_state_up": false, "device_id": "dummy_id", "device_owner": "dummy_owner", "name": "_port_updated"}} times: 40 method_name: run timeout: 0 duration: None cls:
2020-03-16 05:18:59.470 4242 WARNING rally_openstack.scenarios.neutron.utils [-] Running this scenario without either the 'network' or 'existing_network' context is deprecated
2020-03-16 05:18:59.470 4247 INFO rally.task.runner [-] Task 0590fa21-b0dd-4b3c-994d-5bd89bec2dbe | ITER: 19 START
2020-03-16 05:18:59.472 4247 WARNING rally_openstack.scenarios.neutron.utils [-] Running this scenario without either the 'network' or 'existing_network' context is deprecated
2020-03-16 05:18:59.474 4250 INFO rally.task.runner [-] Task 0590fa21-b0dd-4b3c-994d-5bd89bec2dbe | ITER: 20 START
2020-03-16 05:18:59.476 4250 WARNING rally_openstack.scenarios.neutron.utils [-] Running this scenario without either the 'network' or 'existing_network' context is deprecated
2020-03-16 05:19:29.520 4202 INFO rally.task.runner [-] Task 0590fa21-b0dd-4b3c-994d-5bd89bec2dbe | ITER: 4 END: OK
2020-03-16 05:19:29.529 4202 INFO rally.task.runner [-] Task 0590fa21-b0dd-4b3c-994d-5bd89bec2dbe | ITER: 21 START
2020-03-16 05:19:29.530 4202 WARNING rally_openstack.scenarios.neutron.utils [-] Running this scenario without either the 'network' or 'existing_network' context is deprecated
2020-03-16 05:19:30.859 4232 INFO rally.task.runner [-] Task 0590fa21-b0dd-4b3c-994d-5bd89bec2dbe | ITER: 14 END: OK
2020-03-16 05:19:30.868 4232 INFO rally.task.runner [-] Task 0590fa21-b0dd-4b3c-994d-5bd89bec2dbe | ITER: 22 START
2020-03-16 05:19:30.868 4232 WARNING rally_openstack.scenarios.neutron.utils [-] Running this scenario without either the 'network' or 'existing_network' context is deprecated
2020-03-16 05:19:30.981 4206 INFO rally.task.runner [-] Task 0590fa21-b0dd-4b3c-994d-5bd89bec2dbe | ITER: 6 END: OK
2020-03-16 05:19:30.989 4206 INFO rally.task.runner [-] Task 0590fa21-b0dd-4b3c-994d-5bd89bec2dbe | ITER: 23 START
2020-03-16 05:19:30.990 4206 WARNING rally_openstack.scenarios.neutron.utils [-] Running this scenario without either the 'network' or 'existing_network' context is deprecated
2020-03-16 05:19:35.308 4199 INFO rally.task.runner [-] Task 0590fa21-b0dd-4b3c-994d-5bd89bec2dbe | ITER: 1 END: OK
2020-03-16 05:19:35.316 4199 INFO rally.task.runner [-] Task 0590fa21-b0dd-4b3c-994d-5bd89bec2dbe | ITER: 24 START
2020-03-16 05:19:35.317 4199 WARNING rally_openstack.scenarios.neutron.utils [-] Running this scenario without either the 'network' or 'existing_network' context is deprecated
2020-03-16 05:19:35.430 4212 INFO rally.task.runner [-] Task 0590fa21-b0dd-4b3c-994d-5bd89bec2dbe | ITER: 8 END: OK
2020-03-16 05:19:35.436 4212 INFO rally.task.runner [-] Task 0590fa21-b0dd-4b3c-994d-5bd89bec2dbe | ITER: 25 START
2020-03-16 05:19:35.438 4212 WARNING rally_openstack.scenarios.neutron.utils [-] Running this scenario without either the 'network' or 'existing_network' context is deprecated
2020-03-16 05:19:36.978 4201 INFO rally.task.runner [-] Task 0590fa21-b0dd-4b3c-994d-5bd89bec2dbe | ITER: 3 END: OK
2020-03-16 05:19:36.987 4201 INFO rally.task.runner [-] Task 0590fa21-b0dd-4b3c-994d-5bd89bec2dbe | ITER: 26 START
2020-03-16 05:19:36.988 4201 WARNING rally_openstack.scenarios.neutron.utils [-] Running this scenario without either the 'network' or 'existing_network' context is deprecated
2020-03-16 05:19:37.948 4250 INFO rally.task.runner [-] Task 0590fa21-b0dd-4b3c-994d-5bd89bec2dbe | ITER: 20 END: OK
2020-03-16 05:19:37.956 4250 INFO rally.task.runner [-] Task 0590fa21-b0dd-4b3c-994d-5bd89bec2dbe | ITER: 27 START
2020-03-16 05:19:37.957 4250 WARNING rally_openstack.scenarios.neutron.utils [-] Running this scenario without either the 'network' or 'existing_network' context is deprecated
2020-03-16 05:19:38.654 4203 INFO rally.task.runner [-] Task 0590fa21-b0dd-4b3c-994d-5bd89bec2dbe | ITER: 5 END: OK
2020-03-16 05:19:38.662 4203 INFO rally.task.runner [-] Task 0590fa21-b0dd-4b3c-994d-5bd89bec2dbe | ITER: 28 START
2020-03-16 05:19:38.663 4203 WARNING rally_openstack.scenarios.neutron.utils [-] Running this scenario without either the 'network' or 'existing_network' context is deprecated
2020-03-16 05:19:38.895 4237 INFO rally.task.runner [-] Task 0590fa21-b0dd-4b3c-994d-5bd89bec2dbe | ITER: 16 END: OK
2020-03-16 05:19:38.903 4237 INFO rally.task.runner [-] Task 0590fa21-b0dd-4b3c-994d-5bd89bec2dbe | ITER: 29 START
2020-03-16 05:19:38.903 4237 WARNING rally_openstack.scenarios.neutron.utils [-] Running this scenario without either the 'network' or 'existing_network' context is deprecated
2020-03-16 05:19:39.182 4234 INFO rally.task.runner [-] Task 0590fa21-b0dd-4b3c-994d-5bd89bec2dbe | ITER: 15 END: OK
2020-03-16 05:19:39.190 4234 INFO rally.task.runner [-] Task 0590fa21-b0dd-4b3c-994d-5bd89bec2dbe | ITER: 30 START
2020-03-16 05:19:39.191 4234 WARNING rally_openstack.scenarios.neutron.utils [-] Running this scenario without either the 'network' or 'existing_network' context is deprecated
2020-03-16 05:19:40.436 4200 INFO rally.task.runner [-] Task 0590fa21-b0dd-4b3c-994d-5bd89bec2dbe | ITER: 2 END: OK
2020-03-16 05:19:40.445 4200 INFO rally.task.runner [-] Task 0590fa21-b0dd-4b3c-994d-5bd89bec2dbe | ITER: 31 START
2020-03-16 05:19:40.446 4200 WARNING rally_openstack.scenarios.neutron.utils [-] Running this scenario without either the 'network' or 'existing_network' context is deprecated
2020-03-16 05:19:40.721 4218 INFO rally.task.runner [-] Task 0590fa21-b0dd-4b3c-994d-5bd89bec2dbe | ITER: 10 END: OK
2020-03-16 05:19:40.729 4218 INFO rally.task.runner [-] Task 0590fa21-b0dd-4b3c-994d-5bd89bec2dbe | ITER: 32 START
2020-03-16 05:19:40.730 4218 WARNING rally_openstack.scenarios.neutron.utils [-] Running this scenario without either the 'network' or 'existing_network' context is deprecated
2020-03-16 05:19:41.338 4242 INFO rally.task.runner [-] Task 0590fa21-b0dd-4b3c-994d-5bd89bec2dbe | ITER: 18 END: OK
2020-03-16 05:19:41.346 4242 INFO rally.task.runner [-] Task 0590fa21-b0dd-4b3c-994d-5bd89bec2dbe | ITER: 33 START
2020-03-16 05:19:41.348 4242 WARNING rally_openstack.scenarios.neutron.utils [-] Running this scenario without either the 'network' or 'existing_network' context is deprecated
2020-03-16 05:19:41.463 4221 INFO rally.task.runner [-] Task 0590fa21-b0dd-4b3c-994d-5bd89bec2dbe | ITER: 11 END: OK
2020-03-16 05:19:41.472 4221 INFO rally.task.runner [-] Task 0590fa21-b0dd-4b3c-994d-5bd89bec2dbe | ITER: 34 START
2020-03-16 05:19:41.472 4221 WARNING rally_openstack.scenarios.neutron.utils [-] Running this scenario without either the 'network' or 'existing_network' context is deprecated
2020-03-16 05:19:41.788 4247 INFO rally.task.runner [-] Task 0590fa21-b0dd-4b3c-994d-5bd89bec2dbe | ITER: 19 END: OK
2020-03-16 05:19:41.796 4247 INFO rally.task.runner [-] Task 0590fa21-b0dd-4b3c-994d-5bd89bec2dbe | ITER: 35 START
2020-03-16 05:19:41.797 4247 WARNING rally_openstack.scenarios.neutron.utils [-] Running this scenario without either the 'network' or 'existing_network' context is deprecated
2020-03-16 05:19:41.887 4225 INFO rally.task.runner [-] Task 0590fa21-b0dd-4b3c-994d-5bd89bec2dbe | ITER: 12 END: OK
2020-03-16 05:19:41.897 4225 INFO rally.task.runner [-] Task 0590fa21-b0dd-4b3c-994d-5bd89bec2dbe | ITER: 36 START
2020-03-16 05:19:41.898 4225 WARNING rally_openstack.scenarios.neutron.utils [-] Running this scenario without either the 'network' or 'existing_network' context is deprecated
2020-03-16 05:19:43.485 4210 INFO rally.task.runner [-] Task 0590fa21-b0dd-4b3c-994d-5bd89bec2dbe | ITER: 7 END: OK
2020-03-16 05:19:43.492 4210 INFO rally.task.runner [-] Task 0590fa21-b0dd-4b3c-994d-5bd89bec2dbe | ITER: 37 START
2020-03-16 05:19:43.493 4210 WARNING rally_openstack.scenarios.neutron.utils [-] Running this scenario without either the 'network' or 'existing_network' context is deprecated
2020-03-16 05:19:44.158 4215 INFO rally.task.runner [-] Task 0590fa21-b0dd-4b3c-994d-5bd89bec2dbe | ITER: 9 END: OK
2020-03-16 05:19:44.166 4215 INFO rally.task.runner [-] Task 0590fa21-b0dd-4b3c-994d-5bd89bec2dbe | ITER: 38 START
2020-03-16 05:19:44.167 4215 WARNING rally_openstack.scenarios.neutron.utils [-] Running this scenario without either the 'network' or 'existing_network' context is deprecated
2020-03-16 05:19:45.947 4240 INFO rally.task.runner [-] Task 0590fa21-b0dd-4b3c-994d-5bd89bec2dbe | ITER: 17 END: OK
2020-03-16 05:19:45.951 4228 INFO rally.task.runner [-] Task 0590fa21-b0dd-4b3c-994d-5bd89bec2dbe | ITER: 13 END: OK
2020-03-16 05:19:45.956 4240 INFO rally.task.runner [-] Task 0590fa21-b0dd-4b3c-994d-5bd89bec2dbe | ITER: 39 START
2020-03-16 05:19:45.957 4240 WARNING rally_openstack.scenarios.neutron.utils [-] Running this scenario without either the 'network' or 'existing_network' context is deprecated
2020-03-16 05:19:45.959 4228 INFO rally.task.runner [-] Task 0590fa21-b0dd-4b3c-994d-5bd89bec2dbe | ITER: 40 START
2020-03-16 05:19:45.960 4228 WARNING rally_openstack.scenarios.neutron.utils [-] Running this scenario without either the 'network' or 'existing_network' context is deprecated
2020-03-16 05:19:59.310 4202 INFO rally.task.runner [-] Task 0590fa21-b0dd-4b3c-994d-5bd89bec2dbe | ITER: 21 END: OK
2020-03-16 05:20:02.141 4206 INFO rally.task.runner [-] Task 0590fa21-b0dd-4b3c-994d-5bd89bec2dbe | ITER: 23 END: OK
2020-03-16 05:20:02.190 4232 INFO rally.task.runner [-] Task 0590fa21-b0dd-4b3c-994d-5bd89bec2dbe | ITER: 22 END: OK
2020-03-16 05:20:04.745 4212 INFO rally.task.runner [-] Task 0590fa21-b0dd-4b3c-994d-5bd89bec2dbe | ITER: 25 END: OK
2020-03-16 05:20:05.334 4199 INFO rally.task.runner [-] Task 0590fa21-b0dd-4b3c-994d-5bd89bec2dbe | ITER: 24 END: OK
2020-03-16 05:20:06.958 4250 INFO rally.task.runner [-] Task 0590fa21-b0dd-4b3c-994d-5bd89bec2dbe | ITER: 27 END: OK
2020-03-16 05:20:06.970 4200 INFO rally.task.runner [-] Task 0590fa21-b0dd-4b3c-994d-5bd89bec2dbe | ITER: 31 END: OK
2020-03-16 05:20:08.870 4234 INFO rally.task.runner [-] Task 0590fa21-b0dd-4b3c-994d-5bd89bec2dbe | ITER: 30 END: OK
2020-03-16 05:20:09.309 4247 INFO rally.task.runner [-] Task 0590fa21-b0dd-4b3c-994d-5bd89bec2dbe | ITER: 35 END: OK
2020-03-16 05:20:10.203 4225 INFO rally.task.runner [-] Task 0590fa21-b0dd-4b3c-994d-5bd89bec2dbe | ITER: 36 END: OK
2020-03-16 05:20:10.224 4218 INFO rally.task.runner [-] Task 0590fa21-b0dd-4b3c-994d-5bd89bec2dbe | ITER: 32 END: OK
2020-03-16 05:20:10.283 4215 INFO rally.task.runner [-] Task 0590fa21-b0dd-4b3c-994d-5bd89bec2dbe | ITER: 38 END: OK
2020-03-16 05:20:10.309 4228 INFO rally.task.runner [-] Task 0590fa21-b0dd-4b3c-994d-5bd89bec2dbe | ITER: 40 END: OK
2020-03-16 05:20:11.813 4237 INFO rally.task.runner [-] Task 0590fa21-b0dd-4b3c-994d-5bd89bec2dbe | ITER: 29 END: OK
2020-03-16 05:20:11.928 4240 INFO rally.task.runner [-] Task 0590fa21-b0dd-4b3c-994d-5bd89bec2dbe | ITER: 39 END: OK
2020-03-16 05:20:12.236 4201 INFO rally.task.runner [-] Task 0590fa21-b0dd-4b3c-994d-5bd89bec2dbe | ITER: 26 END: OK
2020-03-16 05:20:14.103 4221 INFO rally.task.runner [-] Task 0590fa21-b0dd-4b3c-994d-5bd89bec2dbe | ITER: 34 END: OK
2020-03-16 05:20:14.541 4210 INFO rally.task.runner [-] Task 0590fa21-b0dd-4b3c-994d-5bd89bec2dbe | ITER: 37 END: OK
2020-03-16 05:20:15.850 4203 INFO rally.task.runner [-] Task 0590fa21-b0dd-4b3c-994d-5bd89bec2dbe | ITER: 28 END: OK
2020-03-16 05:20:16.018 4242 INFO rally.task.runner [-] Task 0590fa21-b0dd-4b3c-994d-5bd89bec2dbe | ITER: 33 END: OK
2020-03-16 05:20:16.040 15 INFO rally.task.context [-] Task 0590fa21-b0dd-4b3c-994d-5bd89bec2dbe | Context cleanup@openstack cleanup() started
2020-03-16 05:20:16.044 15 RALLYDEBUG rally_openstack.cleanup.manager [-] Cleaning up neutron vip objects
2020-03-16 05:20:16.243 15 RALLYDEBUG rally_openstack.cleanup.manager [-] Cleaning up neutron health_monitor objects
2020-03-16 05:20:16.447 15 RALLYDEBUG rally_openstack.cleanup.manager [-] Cleaning up neutron pool objects
2020-03-16 05:20:16.668 15 RALLYDEBUG rally_openstack.cleanup.manager [-] Cleaning up neutron loadbalancer objects
2020-03-16 05:20:16.877 15 RALLYDEBUG rally_openstack.cleanup.manager [-] Cleaning up neutron floatingip objects
2020-03-16 05:20:17.071 15 RALLYDEBUG rally_openstack.cleanup.manager [-] Cleaning up neutron trunk objects
2020-03-16 05:20:17.255 15 DEBUG neutronclient.v2_0.client [-] Error message: {"NeutronError": {"message": "Invalid input for operation: 'tenant_id' is not supported for filtering.", "type": "InvalidInput", "detail": ""}} _handle_fault_response /usr/lib/python2.7/site-packages/neutronclient/v2_0/client.py:259
2020-03-16 05:20:17.282 15 DEBUG neutronclient.v2_0.client [-] Error message: {"NeutronError": {"message": "Invalid input for operation: 'tenant_id' is not supported for filtering.", "type": "InvalidInput", "detail": ""}} _handle_fault_response /usr/lib/python2.7/site-packages/neutronclient/v2_0/client.py:259
2020-03-16 05:20:17.313 15 DEBUG neutronclient.v2_0.client [-] Error message: {"NeutronError": {"message": "Invalid input for operation: 'tenant_id' is not supported for filtering.", "type": "InvalidInput", "detail": ""}} _handle_fault_response /usr/lib/python2.7/site-packages/neutronclient/v2_0/client.py:259
2020-03-16 05:20:17.314 15 ERROR rally_openstack.cleanup.manager [-] Seems like rally_openstack.cleanup.resources.NeutronTrunk.list(self) method is broken. It shouldn't raise any exceptions.: BadRequest: Invalid input for operation: 'tenant_id' is not supported for filtering. Neutron server returns request_ids: ['req-a78f1060-183b-43f1-a3d3-972c3d8e2866']
2020-03-16 05:20:17.314 15 ERROR rally_openstack.cleanup.manager
Traceback (most recent call last):
2020-03-16 05:20:17.314 15 ERROR rally_openstack.cleanup.manager
File "/usr/lib/python2.7/site-packages/rally_openstack/cleanup/manager.py", line 133, in _publish
2020-03-16 05:20:17.314 15 ERROR rally_openstack.cleanup.manager for raw_resource in rutils.retry(3, manager.list):
2020-03-16 05:20:17.314 15 ERROR rally_openstack.cleanup.manager
File "/usr/lib/python2.7/site-packages/rally/common/utils.py", line 230, in retry
2020-03-16 05:20:17.314 15 ERROR rally_openstack.cleanup.manager return func(*args, **kwargs)
2020-03-16 05:20:17.314 15 ERROR rally_openstack.cleanup.manager
File "/usr/lib/python2.7/site-packages/rally_openstack/cleanup/resources.py", line 396, in list
2020-03-16 05:20:17.314 15 ERROR rally_openstack.cleanup.manager return super(NeutronTrunk, self).list()
2020-03-16 05:20:17.314 15 ERROR rally_openstack.cleanup.manager
File "/usr/lib/python2.7/site-packages/rally_openstack/cleanup/resources.py", line 273, in list
2020-03-16 05:20:17.314 15 ERROR rally_openstack.cleanup.manager result = list_method(tenant_id=self.tenant_uuid)[resources]
2020-03-16 05:20:17.314 15 ERROR rally_openstack.cleanup.manager
File "/usr/lib/python2.7/site-packages/neutronclient/v2_0/client.py", line 2105, in list_trunks
2020-03-16 05:20:17.314 15 ERROR rally_openstack.cleanup.manager **_params)
2020-03-16 05:20:17.314 15 ERROR rally_openstack.cleanup.manager
File "/usr/lib/python2.7/site-packages/neutronclient/v2_0/client.py", line 369, in list
2020-03-16 05:20:17.314 15 ERROR rally_openstack.cleanup.manager for r in self._pagination(collection, path, **params):
2020-03-16 05:20:17.314 15 ERROR rally_openstack.cleanup.manager
File "/usr/lib/python2.7/site-packages/neutronclient/v2_0/client.py", line 384, in _pagination
2020-03-16 05:20:17.314 15 ERROR rally_openstack.cleanup.manager res = self.get(path, params=params)
2020-03-16 05:20:17.314 15 ERROR rally_openstack.cleanup.manager
File "/usr/lib/python2.7/site-packages/neutronclient/v2_0/client.py", line 354, in get
2020-03-16 05:20:17.314 15 ERROR rally_openstack.cleanup.manager headers=headers, params=params)
2020-03-16 05:20:17.314 15 ERROR rally_openstack.cleanup.manager
File "/usr/lib/python2.7/site-packages/neutronclient/v2_0/client.py", line 331, in retry_request
2020-03-16 05:20:17.314 15 ERROR rally_openstack.cleanup.manager headers=headers, params=params)
2020-03-16 05:20:17.314 15 ERROR rally_openstack.cleanup.manager
File "/usr/lib/python2.7/site-packages/neutronclient/v2_0/client.py", line 294, in do_request
2020-03-16 05:20:17.314 15 ERROR rally_openstack.cleanup.manager self._handle_fault_response(status_code, replybody, resp)
2020-03-16 05:20:17.314 15 ERROR rally_openstack.cleanup.manager
File "/usr/lib/python2.7/site-packages/neutronclient/v2_0/client.py", line 269, in _handle_fault_response
2020-03-16 05:20:17.314 15 ERROR rally_openstack.cleanup.manager exception_handler_v20(status_code, error_body)
2020-03-16 05:20:17.314 15 ERROR rally_openstack.cleanup.manager
File "/usr/lib/python2.7/site-packages/neutronclient/v2_0/client.py", line 93, in exception_handler_v20
2020-03-16 05:20:17.314 15 ERROR rally_openstack.cleanup.manager request_ids=request_ids)
2020-03-16 05:20:17.314 15 ERROR rally_openstack.cleanup.manager BadRequest: Invalid input for operation: 'tenant_id' is not supported for filtering.
