2020-03-16 05:02:32.114 15 RALLYDEBUG rally_openstack.cleanup.manager [-] Deleting neutron.subnet object s_rally_db70d93a_CzVNijfF (d511a394-65a7-4095-8b2e-5d668faf03be)
2020-03-16 05:02:32.233 15 RALLYDEBUG rally_openstack.cleanup.manager [-] Deleting neutron.subnet object s_rally_db70d93a_rUyyHzdX (d6ad0d87-471e-4495-aa08-6fc43eed3d5a)
2020-03-16 05:02:32.485 15 RALLYDEBUG rally_openstack.cleanup.manager [-] Deleting neutron.subnet object s_rally_db70d93a_M3zW82MK (d7940d7c-5e09-4e76-818b-9acb01a007db)
2020-03-16 05:02:32.571 15 RALLYDEBUG rally_openstack.cleanup.manager [-] Deleting neutron.subnet object s_rally_db70d93a_C5LpvWTF (da60d9d4-6e50-4057-9bf2-acc1fffa02c6)
2020-03-16 05:02:32.782 15 RALLYDEBUG rally_openstack.cleanup.manager [-] Deleting neutron.subnet object s_rally_db70d93a_IsHJVuh7 (db4ac335-8454-4c74-89a2-e0e85c233ce3)
2020-03-16 05:02:32.790 15 RALLYDEBUG rally_openstack.cleanup.manager [-] Deleting neutron.subnet object s_rally_db70d93a_X1jvg440 (dc283b23-b000-4efd-82bf-c43cce93745d)
2020-03-16 05:02:32.795 15 RALLYDEBUG rally_openstack.cleanup.manager [-] Deleting neutron.subnet object s_rally_db70d93a_ghSgHsLL (dd21f7e6-0642-4552-ae66-f7bff104c23f)
2020-03-16 05:02:32.795 15 RALLYDEBUG rally_openstack.cleanup.manager [-] Deleting neutron.subnet object s_rally_db70d93a_pZHs5O4A (db5ed9a6-882a-4969-85f7-e5648f60efa5)
2020-03-16 05:02:33.041 15 RALLYDEBUG rally_openstack.cleanup.manager [-] Deleting neutron.subnet object s_rally_db70d93a_N7lyqg08 (dd9660ca-87f0-4546-be96-52150c50401a)
2020-03-16 05:02:33.046 15 RALLYDEBUG rally_openstack.cleanup.manager [-] Deleting neutron.subnet object s_rally_db70d93a_j4fOPFLs (deac1aa9-b05d-4bb1-a25b-ec1fca7be7ea)
2020-03-16 05:02:33.357 15 RALLYDEBUG rally_openstack.cleanup.manager [-] Deleting neutron.subnet object s_rally_db70d93a_55GwJqlN (df7910f8-3ea7-4938-8e79-80bb7937c187)
2020-03-16 05:02:33.517 15 RALLYDEBUG rally_openstack.cleanup.manager [-] Deleting neutron.subnet object s_rally_db70d93a_sHuPyRuM (df988c36-1419-4b42-bce3-5aeed2938494)
2020-03-16 05:02:33.818 15 RALLYDEBUG rally_openstack.cleanup.manager [-] Deleting neutron.subnet object s_rally_db70d93a_l2jn4NZA (e1293b09-487a-4d91-8232-f22d0597e6d5)
2020-03-16 05:02:34.022 15 RALLYDEBUG rally_openstack.cleanup.manager [-] Deleting neutron.subnet object s_rally_db70d93a_kqnVS05y (e1343756-1138-4f9c-9d64-4ff61c5bf31e)
2020-03-16 05:02:34.492 15 RALLYDEBUG rally_openstack.cleanup.manager [-] Deleting neutron.subnet object s_rally_db70d93a_CgmQ1lFh (e2d64dc8-394a-46dd-b68f-50f55af58e02)
2020-03-16 05:02:34.606 15 RALLYDEBUG rally_openstack.cleanup.manager [-] Deleting neutron.subnet object s_rally_db70d93a_MUdoHYxM (e2f0d2e3-0ec9-40db-aeb5-9ee3b44e7a59)
2020-03-16 05:02:34.712 15 RALLYDEBUG rally_openstack.cleanup.manager [-] Deleting neutron.subnet object s_rally_db70d93a_MkUULPb2 (e6081c3b-5d06-4a5d-992a-a2d391626f47)
2020-03-16 05:02:35.004 15 RALLYDEBUG rally_openstack.cleanup.manager [-] Deleting neutron.subnet object s_rally_db70d93a_0l6xKXbf (e9f428bc-8025-4f51-87ef-f735afe4af8c)
2020-03-16 05:02:35.921 15 RALLYDEBUG rally_openstack.cleanup.manager [-] Deleting neutron.subnet object s_rally_db70d93a_drZhjGEV (ea57943b-6bca-4870-80a0-df9290eb108e)
2020-03-16 05:02:35.957 15 RALLYDEBUG rally_openstack.cleanup.manager [-] Deleting neutron.subnet object s_rally_db70d93a_tJiJ2OlE (ead4a315-a4de-4215-8b14-6d4c8437abfa)
2020-03-16 05:02:35.961 15 RALLYDEBUG rally_openstack.cleanup.manager [-] Deleting neutron.subnet object s_rally_db70d93a_NEFAZ7xA (eb046d4f-4ac6-4083-8871-ab6022f64723)
2020-03-16 05:02:36.310 15 RALLYDEBUG rally_openstack.cleanup.manager [-] Deleting neutron.subnet object s_rally_db70d93a_4Ug4b6ko (ed913aa2-20e7-47d3-b95d-63ccaf1d5b25)
2020-03-16 05:02:36.314 15 RALLYDEBUG rally_openstack.cleanup.manager [-] Deleting neutron.subnet object s_rally_db70d93a_UForoBMG (eebcb4d2-cc11-4103-a2ec-d2139364df38)
2020-03-16 05:02:36.348 15 RALLYDEBUG rally_openstack.cleanup.manager [-] Deleting neutron.subnet object s_rally_db70d93a_h0BbST6Z (f12be505-76db-4a1c-90e8-d3bc8fe994f5)
2020-03-16 05:02:36.352 15 RALLYDEBUG rally_openstack.cleanup.manager [-] Deleting neutron.subnet object s_rally_db70d93a_zpQ3fFV5 (f147c7da-a579-4925-bc50-c3a6a897d71d)
2020-03-16 05:02:36.379 15 RALLYDEBUG rally_openstack.cleanup.manager [-] Deleting neutron.subnet object s_rally_db70d93a_730XlXe8 (f258bcd2-611e-4002-9daa-f9a737d6fb5b)
2020-03-16 05:02:36.474 15 RALLYDEBUG rally_openstack.cleanup.manager [-] Deleting neutron.subnet object s_rally_db70d93a_Y7BzE0Ey (f2c22e78-25fd-4864-89e3-acc6304d9c21)
2020-03-16 05:02:36.528 15 RALLYDEBUG rally_openstack.cleanup.manager [-] Deleting neutron.subnet object s_rally_db70d93a_P8ogKS8c (f309c243-f3d6-4df0-9676-ca554abaa3d9)
2020-03-16 05:02:36.578 15 RALLYDEBUG rally_openstack.cleanup.manager [-] Deleting neutron.subnet object s_rally_db70d93a_StJ2tCjK (f82d428b-556a-4d9a-9b17-22fa874c2024)
2020-03-16 05:02:36.662 15 RALLYDEBUG rally_openstack.cleanup.manager [-] Deleting neutron.subnet object s_rally_db70d93a_sMRlvgXU (f9f2ffd4-88b7-4b6a-a2ce-312aa43b5735)
2020-03-16 05:02:36.685 15 RALLYDEBUG rally_openstack.cleanup.manager [-] Deleting neutron.subnet object s_rally_db70d93a_oPuwH74i (ffaa0c63-361b-4166-bada-fd2dc0925d91)
2020-03-16 05:02:40.583 15 RALLYDEBUG rally_openstack.cleanup.manager [-] Cleaning up neutron network objects
2020-03-16 05:02:41.329 15 RALLYDEBUG rally_openstack.cleanup.manager [-] Deleting neutron.network object s_rally_db70d93a_Jehku6TX (028923ea-4580-4eb7-a8c9-e971fe6d4eec)
2020-03-16 05:02:41.339 15 RALLYDEBUG rally_openstack.cleanup.manager [-] Deleting neutron.network object s_rally_db70d93a_ZZFQhcW1 (02d8b0d5-1783-4d3a-870b-0218b10bcb56)
2020-03-16 05:02:41.348 15 RALLYDEBUG rally_openstack.cleanup.manager [-] Deleting neutron.network object s_rally_db70d93a_utz7Q6YV (06b50184-77db-43bf-95ab-70ac354544e4)
2020-03-16 05:02:41.356 15 RALLYDEBUG rally_openstack.cleanup.manager [-] Deleting neutron.network object s_rally_db70d93a_5jSHgrOp (076fa771-94d2-4013-9ed9-1a49a111b4af)
2020-03-16 05:02:41.365 15 RALLYDEBUG rally_openstack.cleanup.manager [-] Deleting neutron.network object s_rally_db70d93a_U6AHqxSW (08966cc8-e9a2-4b2a-aa9c-1ecace3b1dd2)
2020-03-16 05:02:41.382 15 RALLYDEBUG rally_openstack.cleanup.manager [-] Deleting neutron.network object s_rally_db70d93a_Qj3lkZ7S (0bfc9ef0-8556-4c06-9174-4f99f2285180)
2020-03-16 05:02:41.374 15 RALLYDEBUG rally_openstack.cleanup.manager [-] Deleting neutron.network object s_rally_db70d93a_KmidjyRS (0b79eb73-8934-47c2-b464-f4c3f9d01662)
2020-03-16 05:02:41.439 15 RALLYDEBUG rally_openstack.cleanup.manager [-] Deleting neutron.network object s_rally_db70d93a_RxVmgFdT (127321f9-68e5-4414-bb4f-a21d3ddb1c91)
2020-03-16 05:02:41.439 15 RALLYDEBUG rally_openstack.cleanup.manager [-] Deleting neutron.network object s_rally_db70d93a_PzzXlGpm (123479c2-592e-4206-b563-ddd669334e56)
2020-03-16 05:02:41.440 15 RALLYDEBUG rally_openstack.cleanup.manager [-] Deleting neutron.network object s_rally_db70d93a_nKVQHJBW (0fd523cd-ebd6-418e-9d89-1d92e872aee6)
2020-03-16 05:02:41.445 15 RALLYDEBUG rally_openstack.cleanup.manager [-] Deleting neutron.network object s_rally_db70d93a_YnSyAgkl (0fa55a37-95c7-4a40-9fbe-91cc53ae4139)
2020-03-16 05:02:41.468 15 RALLYDEBUG rally_openstack.cleanup.manager [-] Deleting neutron.network object s_rally_db70d93a_ZNGZrAlr (21f654ca-e6dd-4415-ac3d-385ba372a335)
2020-03-16 05:02:41.471 15 RALLYDEBUG rally_openstack.cleanup.manager [-] Deleting neutron.network object s_rally_db70d93a_6RCfvNlA (21154d95-1cce-42ed-b191-0bfc5eb6d9d9)
2020-03-16 05:02:41.512 15 RALLYDEBUG rally_openstack.cleanup.manager [-] Deleting neutron.network object s_rally_db70d93a_iH9JonUz (1959e7aa-544f-4fb2-808b-95d91e8eefc5)
2020-03-16 05:02:41.539 15 RALLYDEBUG rally_openstack.cleanup.manager [-] Deleting neutron.network object s_rally_db70d93a_WwTbD2pF (28b954db-7762-4297-a206-551daa570622)
2020-03-16 05:02:41.535 15 RALLYDEBUG rally_openstack.cleanup.manager [-] Deleting neutron.network object s_rally_db70d93a_1FsYnift (23c78f3e-cd0b-4580-b4de-1d791fe3b56f)
2020-03-16 05:02:41.573 15 RALLYDEBUG rally_openstack.cleanup.manager [-] Deleting neutron.network object s_rally_db70d93a_I7DrkGq6 (2e3a55c1-a3a5-4687-9772-368e5b032468)
2020-03-16 05:02:41.576 15 RALLYDEBUG rally_openstack.cleanup.manager [-] Deleting neutron.network object s_rally_db70d93a_7pChX5xK (279fcf48-81dd-4984-ab8b-acb92d850881)
2020-03-16 05:02:41.577 15 RALLYDEBUG rally_openstack.cleanup.manager [-] Deleting neutron.network object s_rally_db70d93a_nlNHLPm4 (32b774e0-6663-4bfc-bd57-46d4415204f8)
2020-03-16 05:02:41.622 15 RALLYDEBUG rally_openstack.cleanup.manager [-] Deleting neutron.network object s_rally_db70d93a_7ppZ9stu (290b0851-aed7-4028-ae30-49748f0b4990)
2020-03-16 05:02:43.810 15 RALLYDEBUG rally_openstack.cleanup.manager [-] Deleting neutron.network object s_rally_db70d93a_u3FavHli (34d168f6-bb4d-461c-b5a7-ab54216bbc9e)
2020-03-16 05:02:43.877 15 RALLYDEBUG rally_openstack.cleanup.manager [-] Deleting neutron.network object s_rally_db70d93a_M7HFLyOb (356d7cbf-3bfb-4203-bbf4-8935121ca729)
2020-03-16 05:02:43.970 15 RALLYDEBUG rally_openstack.cleanup.manager [-] Deleting neutron.network object s_rally_db70d93a_OCCrkwGy (390d3774-10b4-4da5-9d4a-a181366a2e6c)
2020-03-16 05:02:44.036 15 RALLYDEBUG rally_openstack.cleanup.manager [-] Deleting neutron.network object s_rally_db70d93a_ZbLXH1J7 (3925614f-0a4c-47aa-80a7-bf66c66b0c8a)
2020-03-16 05:02:44.044 15 RALLYDEBUG rally_openstack.cleanup.manager [-] Deleting neutron.network object s_rally_db70d93a_2zW12vJq (3c467aa7-d3cf-44da-a90f-4ad3ccf4f9f9)
2020-03-16 05:02:44.060 15 RALLYDEBUG rally_openstack.cleanup.manager [-] Deleting neutron.network object s_rally_db70d93a_BLuq14pF (3c472b1a-423a-41e0-86f2-1e3811a46fb3)
2020-03-16 05:02:44.080 15 RALLYDEBUG rally_openstack.cleanup.manager [-] Deleting neutron.network object s_rally_db70d93a_2srudAlw (3da4427c-f2bb-4d78-a425-80d4f79f5ded)
2020-03-16 05:02:44.076 15 RALLYDEBUG rally_openstack.cleanup.manager [-] Deleting neutron.network object s_rally_db70d93a_2YmO8GXs (3d59cb56-6a1b-4388-8b05-2f98c81f7c1c)
2020-03-16 05:02:44.145 15 RALLYDEBUG rally_openstack.cleanup.manager [-] Deleting neutron.network object s_rally_db70d93a_avqNGYRm (41019998-a6be-4e5c-abda-f016e4a011f5)
2020-03-16 05:02:44.565 15 RALLYDEBUG rally_openstack.cleanup.manager [-] Deleting neutron.network object s_rally_db70d93a_W2if7xj5 (4122fcd4-2352-463c-aeac-f52d9a7d57e5)
2020-03-16 05:02:44.618 15 RALLYDEBUG rally_openstack.cleanup.manager [-] Deleting neutron.network object s_rally_db70d93a_Ib1MdJJ8 (45505d4e-2031-49b1-ae3d-2c72a476285d)
2020-03-16 05:02:44.619 15 RALLYDEBUG rally_openstack.cleanup.manager [-] Deleting neutron.network object s_rally_db70d93a_qXBeIFal (433903b0-9336-4996-8560-a40f1cf5ffc6)
2020-03-16 05:02:44.623 15 RALLYDEBUG rally_openstack.cleanup.manager [-] Deleting neutron.network object s_rally_db70d93a_Ej1tU6yj (49de056f-7e8a-4b21-8798-76fb738990d5)
2020-03-16 05:02:44.793 15 RALLYDEBUG rally_openstack.cleanup.manager [-] Deleting neutron.network object s_rally_db70d93a_EZNwa5BL (4ded0cd4-fb6c-4e57-aedb-aa1d8e1f9915)
2020-03-16 05:02:45.202 15 RALLYDEBUG rally_openstack.cleanup.manager [-] Deleting neutron.network object s_rally_db70d93a_y7WjZBv2 (4fa50767-6215-4034-8b3c-fd0350ea6c8f)
2020-03-16 05:02:45.206 15 RALLYDEBUG rally_openstack.cleanup.manager [-] Deleting neutron.network object s_rally_db70d93a_UEPZ1oXR (50632bab-6ad0-4feb-b5df-9605f7e36578)
2020-03-16 05:02:45.218 15 RALLYDEBUG rally_openstack.cleanup.manager [-] Deleting neutron.network object s_rally_db70d93a_vCw5BpRt (545cfcaf-ac00-4e5c-adbf-e786c092dabf)
2020-03-16 05:02:45.330 15 RALLYDEBUG rally_openstack.cleanup.manager [-] Deleting neutron.network object s_rally_db70d93a_KnGiewxp (54872497-74c5-43f8-a62d-375d6739d050)
2020-03-16 05:02:45.338 15 RALLYDEBUG rally_openstack.cleanup.manager [-] Deleting neutron.network object s_rally_db70d93a_iNZVEgni (5531f6c2-a1e0-42c4-83ad-f58094d7f98c)
2020-03-16 05:02:45.949 15 RALLYDEBUG rally_openstack.cleanup.manager [-] Deleting neutron.network object s_rally_db70d93a_u0wpjbP5 (555907bf-b7cb-45e8-94b2-42babb3d2193)
2020-03-16 05:02:45.972 15 RALLYDEBUG rally_openstack.cleanup.manager [-] Deleting neutron.network object s_rally_db70d93a_xzom0Ilc (55a7e61a-58f9-481e-af08-c80f2cd160eb)
2020-03-16 05:02:46.128 15 RALLYDEBUG rally_openstack.cleanup.manager [-] Deleting neutron.network object s_rally_db70d93a_dYvQlkPG (5608489a-d563-4531-bf6e-76dfc152120a)
2020-03-16 05:02:46.160 15 RALLYDEBUG rally_openstack.cleanup.manager [-] Deleting neutron.network object s_rally_db70d93a_Wyk4uBOX (59055625-3e98-498c-a51a-0a6c5c681eb2)
2020-03-16 05:02:46.585 15 RALLYDEBUG rally_openstack.cleanup.manager [-] Deleting neutron.network object s_rally_db70d93a_Tyv9rx8A (5a2fd0ee-0752-4cde-8181-f104bcec7af3)
2020-03-16 05:02:47.043 15 RALLYDEBUG rally_openstack.cleanup.manager [-] Deleting neutron.network object s_rally_db70d93a_MrO82gfi (5ddadad0-8603-4167-bfc4-d469d5d06ff3)
2020-03-16 05:02:47.292 15 RALLYDEBUG rally_openstack.cleanup.manager [-] Deleting neutron.network object s_rally_db70d93a_Q2xSk0Qf (5f8f2bcb-e133-40f7-8908-65744f876492)
2020-03-16 05:02:47.458 15 RALLYDEBUG rally_openstack.cleanup.manager [-] Deleting neutron.network object s_rally_db70d93a_dGvHI1U7 (60b4d6e9-b3e2-4b8e-b139-44d8f29bbd69)
2020-03-16 05:02:47.571 15 RALLYDEBUG rally_openstack.cleanup.manager [-] Deleting neutron.network object s_rally_db70d93a_Tnmtkuxb (62c35bb4-60d0-4146-82e3-6e66d22b5401)
2020-03-16 05:02:47.588 15 RALLYDEBUG rally_openstack.cleanup.manager [-] Deleting neutron.network object s_rally_db70d93a_qTaZzxL8 (63ce204d-7d8b-4c66-a29f-19a7d3b84563)
2020-03-16 05:02:47.808 15 RALLYDEBUG rally_openstack.cleanup.manager [-] Deleting neutron.network object s_rally_db70d93a_PjySM3Uk (6b48d08f-0454-4c5a-b0b3-f3566b5fc7b6)
2020-03-16 05:02:47.815 15 RALLYDEBUG rally_openstack.cleanup.manager [-] Deleting neutron.network object s_rally_db70d93a_IDeG0SiD (6c71de03-bfc9-4e06-a94c-4d35df09c072)
2020-03-16 05:02:47.844 15 RALLYDEBUG rally_openstack.cleanup.manager [-] Deleting neutron.network object s_rally_db70d93a_wy3Pce7S (6d929cf0-d874-420b-94e0-7f0215dcca6d)
2020-03-16 05:02:47.857 15 RALLYDEBUG rally_openstack.cleanup.manager [-] Deleting neutron.network object s_rally_db70d93a_8MltK1wg (6eb1bb70-4918-42aa-8da1-8a218bfe73d7)
2020-03-16 05:02:47.922 15 RALLYDEBUG rally_openstack.cleanup.manager [-] Deleting neutron.network object s_rally_db70d93a_GM8TdhHD (70cbc8a9-4e88-464c-a332-bd1f9e96eb3e)
2020-03-16 05:02:47.989 15 RALLYDEBUG rally_openstack.cleanup.manager [-] Deleting neutron.network object s_rally_db70d93a_ZT1G0hZ4 (721e66f9-314e-4904-8cb3-0d5a0d3f8f2a)
2020-03-16 05:02:48.006 15 RALLYDEBUG rally_openstack.cleanup.manager [-] Deleting neutron.network object s_rally_db70d93a_mkB5mg3d (770be918-0979-41ec-bb17-b43e69ca49d8)
2020-03-16 05:02:48.149 15 RALLYDEBUG rally_openstack.cleanup.manager [-] Deleting neutron.network object s_rally_db70d93a_CKQMAGgQ (7794208e-8a1c-4df5-b5cd-e3bd5cc0d18a)
2020-03-16 05:02:48.179 15 RALLYDEBUG rally_openstack.cleanup.manager [-] Deleting neutron.network object s_rally_db70d93a_glYJaIqq (78a280be-6dcd-4ead-a7f7-1a907c882c1b)
2020-03-16 05:02:48.268 15 RALLYDEBUG rally_openstack.cleanup.manager [-] Deleting neutron.network object s_rally_db70d93a_UJqKp1hq (78f106f2-04d5-4b2e-990f-0a6282eae802)
2020-03-16 05:02:48.450 15 RALLYDEBUG rally_openstack.cleanup.manager [-] Deleting neutron.network object s_rally_db70d93a_K76VIIs2 (7954d78e-aad5-46d4-b041-132d957ff7a8)
2020-03-16 05:02:48.620 15 RALLYDEBUG rally_openstack.cleanup.manager [-] Deleting neutron.network object s_rally_db70d93a_vw0R0ujY (79efc20b-415c-46ab-8dd5-af88f1b2b5db)
2020-03-16 05:02:48.700 15 RALLYDEBUG rally_openstack.cleanup.manager [-] Deleting neutron.network object s_rally_db70d93a_MWSZa5QP (7f154670-3bf1-4c6e-80dd-6e31ff83d431)
2020-03-16 05:02:48.742 15 RALLYDEBUG rally_openstack.cleanup.manager [-] Deleting neutron.network object s_rally_db70d93a_DJAYqMD8 (80bd6a09-791a-44c4-9547-e50848204049)
2020-03-16 05:02:48.974 15 RALLYDEBUG rally_openstack.cleanup.manager [-] Deleting neutron.network object s_rally_db70d93a_eUAzTLsO (812f1d46-df31-466f-b96e-a0a503a41a3f)
2020-03-16 05:02:49.575 15 RALLYDEBUG rally_openstack.cleanup.manager [-] Deleting neutron.network object s_rally_db70d93a_NMuiT0dW (81f3d50f-5fa1-4ac0-9716-415b083d268c)
2020-03-16 05:02:49.726 15 RALLYDEBUG rally_openstack.cleanup.manager [-] Deleting neutron.network object s_rally_db70d93a_Jvr2Fy6P (85311afd-a7d3-4216-9d07-6df561e4cfea)
2020-03-16 05:02:49.764 15 RALLYDEBUG rally_openstack.cleanup.manager [-] Deleting neutron.network object s_rally_db70d93a_mXuKwmn1 (89403f9d-3280-4844-9cab-b3d09fc4e27e)
2020-03-16 05:02:49.848 15 RALLYDEBUG rally_openstack.cleanup.manager [-] Deleting neutron.network object s_rally_db70d93a_SFomO8hG (89597eb1-1d9d-43b2-aa14-594430f892da)
2020-03-16 05:02:49.914 15 RALLYDEBUG rally_openstack.cleanup.manager [-] Deleting neutron.network object s_rally_db70d93a_SDntyFlz (89a3f819-d1df-4c01-80d4-77edaf0d01eb)
2020-03-16 05:02:50.072 15 RALLYDEBUG rally_openstack.cleanup.manager [-] Deleting neutron.network object s_rally_db70d93a_6NYrgCQO (8dd34b27-2deb-4c2d-b2e9-8ce0e40a8fb7)
2020-03-16 05:02:50.121 15 RALLYDEBUG rally_openstack.cleanup.manager [-] Deleting neutron.network object s_rally_db70d93a_xExwcg63 (9176211f-8d0f-48fa-8def-d6eb9024e744)
2020-03-16 05:02:50.328 15 RALLYDEBUG rally_openstack.cleanup.manager [-] Deleting neutron.network object s_rally_db70d93a_ws2yxWJp (94272a34-05d1-4705-b3df-c5c658b35c6c)
2020-03-16 05:02:50.755 15 RALLYDEBUG rally_openstack.cleanup.manager [-] Deleting neutron.network object s_rally_db70d93a_Qubtief7 (a372e66c-ec5a-4aa7-a68b-a7fa853fd398)
2020-03-16 05:02:50.764 15 RALLYDEBUG rally_openstack.cleanup.manager [-] Deleting neutron.network object s_rally_db70d93a_6DGl9mMI (a40f19a7-8cf3-4dc3-9123-aa0075f2e203)
2020-03-16 05:02:50.850 15 RALLYDEBUG rally_openstack.cleanup.manager [-] Deleting neutron.network object s_rally_db70d93a_GVQLhUwW (a4e946af-a336-4ff0-b346-b58d00bafd36)
2020-03-16 05:02:50.964 15 RALLYDEBUG rally_openstack.cleanup.manager [-] Deleting neutron.network object s_rally_db70d93a_NFldWzGw (a93183ab-910d-4684-a6cc-069082058eb6)
2020-03-16 05:02:51.289 15 RALLYDEBUG rally_openstack.cleanup.manager [-] Deleting neutron.network object s_rally_db70d93a_MS5Lzjqc (ab596ba8-4c8b-4fd3-ad52-e4ade38c395d)
2020-03-16 05:02:51.295 15 RALLYDEBUG rally_openstack.cleanup.manager [-] Deleting neutron.network object s_rally_db70d93a_FLR97H4T (ac9ff0bf-5529-4f28-8680-3057566268ef)
2020-03-16 05:02:51.443 15 RALLYDEBUG rally_openstack.cleanup.manager [-] Deleting neutron.network object s_rally_db70d93a_rSLa0B10 (af0156fb-e11d-407a-9204-2f402da148fd)
2020-03-16 05:02:51.709 15 RALLYDEBUG rally_openstack.cleanup.manager [-] Deleting neutron.network object s_rally_db70d93a_wlBH7Inw (b0a19d04-1bb8-4c05-b928-8fb10059d353)
2020-03-16 05:02:51.776 15 RALLYDEBUG rally_openstack.cleanup.manager [-] Deleting neutron.network object s_rally_db70d93a_cg6vFQkE (b10d9f20-c909-4090-b464-13675bffd106)
2020-03-16 05:02:51.851 15 RALLYDEBUG rally_openstack.cleanup.manager [-] Deleting neutron.network object s_rally_db70d93a_MSpakdxD (b38e5f90-1a29-4a23-a99f-b069fe58983e)
2020-03-16 05:02:51.992 15 RALLYDEBUG rally_openstack.cleanup.manager [-] Deleting neutron.network object s_rally_db70d93a_BPfEovr0 (b43f98d5-726f-46a3-8e93-83525eb3c954)
2020-03-16 05:02:52.034 15 RALLYDEBUG rally_openstack.cleanup.manager [-] Deleting neutron.network object s_rally_db70d93a_6E7QAjFK (b86c027b-6d08-4fa5-8cb7-666562fee85c)
2020-03-16 05:02:52.048 15 RALLYDEBUG rally_openstack.cleanup.manager [-] Deleting neutron.network object s_rally_db70d93a_f3aRhQOt (bca04aee-024e-465c-869c-18aeb186cc52)
2020-03-16 05:02:52.140 15 RALLYDEBUG rally_openstack.cleanup.manager [-] Deleting neutron.network object s_rally_db70d93a_g4Jrq4WK (bda333ae-ef21-4dec-ad66-41788b89e984)
2020-03-16 05:02:52.183 15 RALLYDEBUG rally_openstack.cleanup.manager [-] Deleting neutron.network object s_rally_db70d93a_7f21KUt6 (c1f222d7-5380-4c5a-a303-f026d9dc0a03)
2020-03-16 05:02:52.402 15 RALLYDEBUG rally_openstack.cleanup.manager [-] Deleting neutron.network object s_rally_db70d93a_e9QS7ouz (c21102ac-d86e-4168-aae4-065f376cbfde)
2020-03-16 05:02:52.418 15 RALLYDEBUG rally_openstack.cleanup.manager [-] Deleting neutron.network object s_rally_db70d93a_Veaji9Hq (c21b6dc4-6d75-4923-a2e8-4be3e1461c21)
2020-03-16 05:02:52.617 15 RALLYDEBUG rally_openstack.cleanup.manager [-] Deleting neutron.network object s_rally_db70d93a_v4HNUUQm (c2a1da9f-6c97-4c24-ba29-a9f7e32d5d4a)
2020-03-16 05:02:52.623 15 RALLYDEBUG rally_openstack.cleanup.manager [-] Deleting neutron.network object s_rally_db70d93a_8ZuDd5Lq (c37b583b-0f6f-4847-929d-025cbefc5b96)
2020-03-16 05:02:52.911 15 RALLYDEBUG rally_openstack.cleanup.manager [-] Deleting neutron.network object s_rally_db70d93a_9r7wLIOP (c4d49bf4-3748-45d4-ad8c-1aa9596e8ca7)
2020-03-16 05:02:53.248 15 RALLYDEBUG rally_openstack.cleanup.manager [-] Deleting neutron.network object s_rally_db70d93a_shlrISMY (d0714fbc-939a-43bb-b8a3-76339b4b35d4)
2020-03-16 05:02:53.256 15 RALLYDEBUG rally_openstack.cleanup.manager [-] Deleting neutron.network object s_rally_db70d93a_fVXY2U4E (d5da397d-b32a-44ab-83ea-c63951843470)
2020-03-16 05:02:53.257 15 RALLYDEBUG rally_openstack.cleanup.manager [-] Deleting neutron.network object s_rally_db70d93a_IEf7lPTJ (d14c148e-ae7c-4128-b65c-09399862358c)
2020-03-16 05:02:53.272 15 RALLYDEBUG rally_openstack.cleanup.manager [-] Deleting neutron.network object s_rally_db70d93a_KB4jIIm5 (e1991e1a-d434-41b4-a380-2b2663196a7e)
2020-03-16 05:02:53.410 15 RALLYDEBUG rally_openstack.cleanup.manager [-] Deleting neutron.network object s_rally_db70d93a_o6jTQFVv (e36d16d0-bd4e-4d6b-be4e-f7858abc10b4)
2020-03-16 05:02:53.684 15 RALLYDEBUG rally_openstack.cleanup.manager [-] Deleting neutron.network object s_rally_db70d93a_zGKJ1TEm (e3d6b28b-4106-4018-8b1e-080d709a76e4)
2020-03-16 05:02:53.816 15 RALLYDEBUG rally_openstack.cleanup.manager [-] Deleting neutron.network object s_rally_db70d93a_Av5jxycD (e7df5a47-23ec-4ba1-acf2-ab417b27a5e9)
2020-03-16 05:02:53.836 15 RALLYDEBUG rally_openstack.cleanup.manager [-] Deleting neutron.network object s_rally_db70d93a_a0KxxjV4 (f2968cf6-0734-4807-b124-88197bdccf06)
2020-03-16 05:02:56.702 15 RALLYDEBUG rally_openstack.cleanup.manager [-] Cleaning up neutron router objects
2020-03-16 05:02:56.980 15 RALLYDEBUG rally_openstack.cleanup.manager [-] Cleaning up neutron security_group objects
2020-03-16 05:02:57.732 15 INFO rally.task.context [-] Task 0590fa21-b0dd-4b3c-994d-5bd89bec2dbe | Context cleanup@openstack cleanup() finished in 52.51 sec
2020-03-16 05:02:57.733 15 INFO rally.task.context [-] Task 0590fa21-b0dd-4b3c-994d-5bd89bec2dbe | Context quotas@openstack cleanup() started
2020-03-16 05:02:57.779 15 INFO rally.task.context [-] Task 0590fa21-b0dd-4b3c-994d-5bd89bec2dbe | Context quotas@openstack cleanup() finished in 46.59 msec
2020-03-16 05:02:57.780 15 INFO rally.task.context [-] Task 0590fa21-b0dd-4b3c-994d-5bd89bec2dbe | Context users@openstack cleanup() started
2020-03-16 05:03:00.781 15 INFO rally.task.context [-] Task 0590fa21-b0dd-4b3c-994d-5bd89bec2dbe | Context users@openstack cleanup() finished in 3.00 sec
2020-03-16 05:03:01.315 15 INFO rally.task.engine [-] Load duration is: 88.714373
2020-03-16 05:03:01.315 15 INFO rally.task.engine [-] Full runner duration is: 88.761571
2020-03-16 05:03:01.315 15 INFO rally.task.engine [-] Full duration is: 146.074383
2020-03-16 05:03:01.420 15 INFO rally.task.engine [-] Running workload: position = 2 config = { "version": 2, "title": "A cropped version of a bigger task.", "description": "Auto-generated task from a single workload (uuid=ab7bfc52-3e72-47fd-8a93-5dd721ab6d84)", "subtasks": [ { "title": "NeutronNetworks.create_and_delete_subnets", "description": "Create and delete a given number of subnets.", "scenario": { "NeutronNetworks.create_and_delete_subnets": { "network_create_args": {}, "subnet_create_args": {}, "subnet_cidr_start": "1.1.0.0/30", "subnets_per_network": 2 } }, "contexts": { "users": { "tenants": 1, "users_per_tenant": 1 }, "quotas": { "neutron": { "network": -1, "subnet": -1 } } }, "runner": { "constant": { "times": 40, "concurrency": 20 } }, "hooks": [], "sla": { "failure_rate": { "max": 0 } } } ] }
2020-03-16 05:03:01.444 15 RALLYDEBUG rally_openstack.contexts.keystone.users [-] Creating 1 tenants using 20 threads
2020-03-16 05:03:01.879 15 RALLYDEBUG rally_openstack.contexts.keystone.users [-] Creating 1 users using 20 threads
2020-03-16 05:03:02.502 15 INFO rally.task.context [-] Task 0590fa21-b0dd-4b3c-994d-5bd89bec2dbe | Context users@openstack setup() finished in 1.06 sec
2020-03-16 05:03:03.071 15 INFO rally.task.context [-] Task 0590fa21-b0dd-4b3c-994d-5bd89bec2dbe | Context quotas@openstack setup() finished in 0.57 sec
2020-03-16 05:03:03.071 15 INFO rally.task.context [-] Task 0590fa21-b0dd-4b3c-994d-5bd89bec2dbe | Context cleanup@openstack setup() finished in 0.01 msec
2020-03-16 05:03:03.080 15 RALLYDEBUG rally.task.runner [-] Starting the constant runner (task UUID: 0590fa21-b0dd-4b3c-994d-5bd89bec2dbe). timeout: 0 concurrency: 20 concurrency_per_worker: 1 times: 40 concurrency_overhead: 0 processes_to_start: 20 max_cpu_used: 88
2020-03-16 05:03:03.094 2269 RALLYDEBUG rally.task.runner [-] Starting a worker. concurrency: 1 args: {"network_create_args": {}, "subnet_create_args": {}, "subnet_cidr_start": "1.1.0.0/30", "subnets_per_network": 2} times: 40 method_name: run timeout: 0 duration: None cls:
2020-03-16 05:03:03.098 2270 RALLYDEBUG rally.task.runner [-] Starting a worker. concurrency: 1 args: {"network_create_args": {}, "subnet_create_args": {}, "subnet_cidr_start": "1.1.0.0/30", "subnets_per_network": 2} times: 40 method_name: run timeout: 0 duration: None cls:
2020-03-16 05:03:03.100 2271 RALLYDEBUG rally.task.runner [-] Starting a worker. concurrency: 1 args: {"network_create_args": {}, "subnet_create_args": {}, "subnet_cidr_start": "1.1.0.0/30", "subnets_per_network": 2} times: 40 method_name: run timeout: 0 duration: None cls:
2020-03-16 05:03:03.101 2269 INFO rally.task.runner [-] Task 0590fa21-b0dd-4b3c-994d-5bd89bec2dbe | ITER: 1 START
2020-03-16 05:03:03.102 2269 WARNING rally_openstack.scenarios.neutron.utils [-] Running this scenario without either the 'network' or 'existing_network' context is deprecated
2020-03-16 05:03:03.103 2272 RALLYDEBUG rally.task.runner [-] Starting a worker. concurrency: 1 args: {"network_create_args": {}, "subnet_create_args": {}, "subnet_cidr_start": "1.1.0.0/30", "subnets_per_network": 2} times: 40 method_name: run timeout: 0 duration: None cls:
2020-03-16 05:03:03.105 2270 INFO rally.task.runner [-] Task 0590fa21-b0dd-4b3c-994d-5bd89bec2dbe | ITER: 2 START
2020-03-16 05:03:03.106 2270 WARNING rally_openstack.scenarios.neutron.utils [-] Running this scenario without either the 'network' or 'existing_network' context is deprecated
2020-03-16 05:03:03.106 2271 INFO rally.task.runner [-] Task 0590fa21-b0dd-4b3c-994d-5bd89bec2dbe | ITER: 3 START
2020-03-16 05:03:03.106 2273 RALLYDEBUG rally.task.runner [-] Starting a worker. concurrency: 1 args: {"network_create_args": {}, "subnet_create_args": {}, "subnet_cidr_start": "1.1.0.0/30", "subnets_per_network": 2} times: 40 method_name: run timeout: 0 duration: None cls:
2020-03-16 05:03:03.108 2271 WARNING rally_openstack.scenarios.neutron.utils [-] Running this scenario without either the 'network' or 'existing_network' context is deprecated
2020-03-16 05:03:03.110 2272 INFO rally.task.runner [-] Task 0590fa21-b0dd-4b3c-994d-5bd89bec2dbe | ITER: 4 START
2020-03-16 05:03:03.109 2276 RALLYDEBUG rally.task.runner [-] Starting a worker. concurrency: 1 args: {"network_create_args": {}, "subnet_create_args": {}, "subnet_cidr_start": "1.1.0.0/30", "subnets_per_network": 2} times: 40 method_name: run timeout: 0 duration: None cls:
2020-03-16 05:03:03.111 2272 WARNING rally_openstack.scenarios.neutron.utils [-] Running this scenario without either the 'network' or 'existing_network' context is deprecated
2020-03-16 05:03:03.113 2280 RALLYDEBUG rally.task.runner [-] Starting a worker. concurrency: 1 args: {"network_create_args": {}, "subnet_create_args": {}, "subnet_cidr_start": "1.1.0.0/30", "subnets_per_network": 2} times: 40 method_name: run timeout: 0 duration: None cls:
2020-03-16 05:03:03.116 2276 INFO rally.task.runner [-] Task 0590fa21-b0dd-4b3c-994d-5bd89bec2dbe | ITER: 6 START
2020-03-16 05:03:03.117 2276 WARNING rally_openstack.scenarios.neutron.utils [-] Running this scenario without either the 'network' or 'existing_network' context is deprecated
2020-03-16 05:03:03.119 2280 INFO rally.task.runner [-] Task 0590fa21-b0dd-4b3c-994d-5bd89bec2dbe | ITER: 7 START
2020-03-16 05:03:03.119 2283 RALLYDEBUG rally.task.runner [-] Starting a worker. concurrency: 1 args: {"network_create_args": {}, "subnet_create_args": {}, "subnet_cidr_start": "1.1.0.0/30", "subnets_per_network": 2} times: 40 method_name: run timeout: 0 duration: None cls:
2020-03-16 05:03:03.120 2280 WARNING rally_openstack.scenarios.neutron.utils [-] Running this scenario without either the 'network' or 'existing_network' context is deprecated
2020-03-16 05:03:03.122 2290 RALLYDEBUG rally.task.runner [-] Starting a worker. concurrency: 1 args: {"network_create_args": {}, "subnet_create_args": {}, "subnet_cidr_start": "1.1.0.0/30", "subnets_per_network": 2} times: 40 method_name: run timeout: 0 duration: None cls:
2020-03-16 05:03:03.124 2286 RALLYDEBUG rally.task.runner [-] Starting a worker. concurrency: 1 args: {"network_create_args": {}, "subnet_create_args": {}, "subnet_cidr_start": "1.1.0.0/30", "subnets_per_network": 2} times: 40 method_name: run timeout: 0 duration: None cls:
2020-03-16 05:03:03.125 2283 INFO rally.task.runner [-] Task 0590fa21-b0dd-4b3c-994d-5bd89bec2dbe | ITER: 8 START
2020-03-16 05:03:03.126 2283 WARNING rally_openstack.scenarios.neutron.utils [-] Running this scenario without either the 'network' or 'existing_network' context is deprecated
2020-03-16 05:03:03.128 2273 INFO rally.task.runner [-] Task 0590fa21-b0dd-4b3c-994d-5bd89bec2dbe | ITER: 5 START
2020-03-16 05:03:03.128 2290 INFO rally.task.runner [-] Task 0590fa21-b0dd-4b3c-994d-5bd89bec2dbe | ITER: 9 START
2020-03-16 05:03:03.128 2294 RALLYDEBUG rally.task.runner [-] Starting a worker. concurrency: 1 args: {"network_create_args": {}, "subnet_create_args": {}, "subnet_cidr_start": "1.1.0.0/30", "subnets_per_network": 2} times: 40 method_name: run timeout: 0 duration: None cls:
2020-03-16 05:03:03.129 2273 WARNING rally_openstack.scenarios.neutron.utils [-] Running this scenario without either the 'network' or 'existing_network' context is deprecated
2020-03-16 05:03:03.130 2290 WARNING rally_openstack.scenarios.neutron.utils [-] Running this scenario without either the 'network' or 'existing_network' context is deprecated
2020-03-16 05:03:03.130 2286 INFO rally.task.runner [-] Task 0590fa21-b0dd-4b3c-994d-5bd89bec2dbe | ITER: 10 START
2020-03-16 05:03:03.131 2286 WARNING rally_openstack.scenarios.neutron.utils [-] Running this scenario without either the 'network' or 'existing_network' context is deprecated
2020-03-16 05:03:03.131 2297 RALLYDEBUG rally.task.runner [-] Starting a worker. concurrency: 1 args: {"network_create_args": {}, "subnet_create_args": {}, "subnet_cidr_start": "1.1.0.0/30", "subnets_per_network": 2} times: 40 method_name: run timeout: 0 duration: None cls:
2020-03-16 05:03:03.134 2294 INFO rally.task.runner [-] Task 0590fa21-b0dd-4b3c-994d-5bd89bec2dbe | ITER: 11 START
2020-03-16 05:03:03.134 2292 RALLYDEBUG rally.task.runner [-] Starting a worker. concurrency: 1 args: {"network_create_args": {}, "subnet_create_args": {}, "subnet_cidr_start": "1.1.0.0/30", "subnets_per_network": 2} times: 40 method_name: run timeout: 0 duration: None cls:
2020-03-16 05:03:03.135 2294 WARNING rally_openstack.scenarios.neutron.utils [-] Running this scenario without either the 'network' or 'existing_network' context is deprecated
2020-03-16 05:03:03.134 2300 RALLYDEBUG rally.task.runner [-] Starting a worker. concurrency: 1 args: {"network_create_args": {}, "subnet_create_args": {}, "subnet_cidr_start": "1.1.0.0/30", "subnets_per_network": 2} times: 40 method_name: run timeout: 0 duration: None cls:
2020-03-16 05:03:03.137 2297 INFO rally.task.runner [-] Task 0590fa21-b0dd-4b3c-994d-5bd89bec2dbe | ITER: 12 START
2020-03-16 05:03:03.138 2297 WARNING rally_openstack.scenarios.neutron.utils [-] Running this scenario without either the 'network' or 'existing_network' context is deprecated
2020-03-16 05:03:03.138 2303 RALLYDEBUG rally.task.runner [-] Starting a worker. concurrency: 1 args: {"network_create_args": {}, "subnet_create_args": {}, "subnet_cidr_start": "1.1.0.0/30", "subnets_per_network": 2} times: 40 method_name: run timeout: 0 duration: None cls:
2020-03-16 05:03:03.139 2292 INFO rally.task.runner [-] Task 0590fa21-b0dd-4b3c-994d-5bd89bec2dbe | ITER: 13 START
2020-03-16 05:03:03.140 2300 INFO rally.task.runner [-] Task 0590fa21-b0dd-4b3c-994d-5bd89bec2dbe | ITER: 14 START
2020-03-16 05:03:03.140 2292 WARNING rally_openstack.scenarios.neutron.utils [-] Running this scenario without either the 'network' or 'existing_network' context is deprecated
2020-03-16 05:03:03.140 2306 RALLYDEBUG rally.task.runner [-] Starting a worker. concurrency: 1 args: {"network_create_args": {}, "subnet_create_args": {}, "subnet_cidr_start": "1.1.0.0/30", "subnets_per_network": 2} times: 40 method_name: run timeout: 0 duration: None cls:
2020-03-16 05:03:03.141 2300 WARNING rally_openstack.scenarios.neutron.utils [-] Running this scenario without either the 'network' or 'existing_network' context is deprecated
2020-03-16 05:03:03.144 2303 INFO rally.task.runner [-] Task 0590fa21-b0dd-4b3c-994d-5bd89bec2dbe | ITER: 15 START
2020-03-16 05:03:03.144 2309 RALLYDEBUG rally.task.runner [-] Starting a worker. concurrency: 1 args: {"network_create_args": {}, "subnet_create_args": {}, "subnet_cidr_start": "1.1.0.0/30", "subnets_per_network": 2} times: 40 method_name: run timeout: 0 duration: None cls:
2020-03-16 05:03:03.145 2303 WARNING rally_openstack.scenarios.neutron.utils [-] Running this scenario without either the 'network' or 'existing_network' context is deprecated
2020-03-16 05:03:03.145 2306 INFO rally.task.runner [-] Task 0590fa21-b0dd-4b3c-994d-5bd89bec2dbe | ITER: 16 START
2020-03-16 05:03:03.146 2306 WARNING rally_openstack.scenarios.neutron.utils [-] Running this scenario without either the 'network' or 'existing_network' context is deprecated
2020-03-16 05:03:03.147 2314 RALLYDEBUG rally.task.runner [-] Starting a worker. concurrency: 1 args: {"network_create_args": {}, "subnet_create_args": {}, "subnet_cidr_start": "1.1.0.0/30", "subnets_per_network": 2} times: 40 method_name: run timeout: 0 duration: None cls:
2020-03-16 05:03:03.150 2315 RALLYDEBUG rally.task.runner [-] Starting a worker. concurrency: 1 args: {"network_create_args": {}, "subnet_create_args": {}, "subnet_cidr_start": "1.1.0.0/30", "subnets_per_network": 2} times: 40 method_name: run timeout: 0 duration: None cls:
2020-03-16 05:03:03.150 2309 INFO rally.task.runner [-] Task 0590fa21-b0dd-4b3c-994d-5bd89bec2dbe | ITER: 17 START
2020-03-16 05:03:03.152 2309 WARNING rally_openstack.scenarios.neutron.utils [-] Running this scenario without either the 'network' or 'existing_network' context is deprecated
2020-03-16 05:03:03.152 2320 RALLYDEBUG rally.task.runner [-] Starting a worker. concurrency: 1 args: {"network_create_args": {}, "subnet_create_args": {}, "subnet_cidr_start": "1.1.0.0/30", "subnets_per_network": 2} times: 40 method_name: run timeout: 0 duration: None cls:
2020-03-16 05:03:03.154 2314 INFO rally.task.runner [-] Task 0590fa21-b0dd-4b3c-994d-5bd89bec2dbe | ITER: 18 START
2020-03-16 05:03:03.155 2314 WARNING rally_openstack.scenarios.neutron.utils [-] Running this scenario without either the 'network' or 'existing_network' context is deprecated
2020-03-16 05:03:03.156 2315 INFO rally.task.runner [-] Task 0590fa21-b0dd-4b3c-994d-5bd89bec2dbe | ITER: 19 START
2020-03-16 05:03:03.157 2315 WARNING rally_openstack.scenarios.neutron.utils [-] Running this scenario without either the 'network' or 'existing_network' context is deprecated
2020-03-16 05:03:03.157 2320 INFO rally.task.runner [-] Task 0590fa21-b0dd-4b3c-994d-5bd89bec2dbe | ITER: 20 START
2020-03-16 05:03:03.158 2320 WARNING rally_openstack.scenarios.neutron.utils [-] Running this scenario without either the 'network' or 'existing_network' context is deprecated
2020-03-16 05:03:06.397 2292 RALLYDEBUG rally_openstack.wrappers.network [-] CIDR generated: 1.1.4.96/30
2020-03-16 05:03:06.406 2283 RALLYDEBUG rally_openstack.wrappers.network [-] CIDR generated: 1.1.4.100/30
2020-03-16 05:03:06.490 2269 RALLYDEBUG rally_openstack.wrappers.network [-] CIDR generated: 1.1.4.104/30
2020-03-16 05:03:06.496 2315 RALLYDEBUG rally_openstack.wrappers.network [-] CIDR generated: 1.1.4.108/30
2020-03-16 05:03:06.540 2314 RALLYDEBUG rally_openstack.wrappers.network [-] CIDR generated: 1.1.4.112/30
2020-03-16 05:03:06.577 2297 RALLYDEBUG rally_openstack.wrappers.network [-] CIDR generated: 1.1.4.116/30
2020-03-16 05:03:06.670 2294 RALLYDEBUG rally_openstack.wrappers.network [-] CIDR generated: 1.1.4.120/30
2020-03-16 05:03:06.685 2276 RALLYDEBUG rally_openstack.wrappers.network [-] CIDR generated: 1.1.4.124/30
2020-03-16 05:03:06.760 2320 RALLYDEBUG rally_openstack.wrappers.network [-] CIDR generated: 1.1.4.128/30
2020-03-16 05:03:06.763 2270 RALLYDEBUG rally_openstack.wrappers.network [-] CIDR generated: 1.1.4.132/30
2020-03-16 05:03:06.785 2306 RALLYDEBUG rally_openstack.wrappers.network [-] CIDR generated: 1.1.4.136/30
2020-03-16 05:03:06.811 2271 RALLYDEBUG rally_openstack.wrappers.network [-] CIDR generated: 1.1.4.140/30
2020-03-16 05:03:06.830 2300 RALLYDEBUG rally_openstack.wrappers.network [-] CIDR generated: 1.1.4.144/30
2020-03-16 05:03:06.835 2309 RALLYDEBUG rally_openstack.wrappers.network [-] CIDR generated: 1.1.4.148/30
2020-03-16 05:03:06.915 2272 RALLYDEBUG rally_openstack.wrappers.network [-] CIDR generated: 1.1.4.152/30
2020-03-16 05:03:06.922 2303 RALLYDEBUG rally_openstack.wrappers.network [-] CIDR generated: 1.1.4.156/30
2020-03-16 05:03:06.971 2286 RALLYDEBUG rally_openstack.wrappers.network [-] CIDR generated: 1.1.4.160/30
2020-03-16 05:03:07.134 2280 RALLYDEBUG rally_openstack.wrappers.network [-] CIDR generated: 1.1.4.164/30
2020-03-16 05:03:07.199 2290 RALLYDEBUG rally_openstack.wrappers.network [-] CIDR generated: 1.1.4.168/30
2020-03-16 05:03:10.296 2273 RALLYDEBUG rally_openstack.wrappers.network [-] CIDR generated: 1.1.4.172/30
2020-03-16 05:03:11.169 2292 RALLYDEBUG rally_openstack.wrappers.network [-] CIDR generated: 1.1.4.176/30
2020-03-16 05:03:11.268 2269 RALLYDEBUG rally_openstack.wrappers.network [-] CIDR generated: 1.1.4.180/30
2020-03-16 05:03:11.470 2314 RALLYDEBUG rally_openstack.wrappers.network [-] CIDR generated: 1.1.4.184/30
2020-03-16 05:03:11.729 2309 RALLYDEBUG rally_openstack.wrappers.network [-] CIDR generated: 1.1.4.188/30
2020-03-16 05:03:12.308 2297 RALLYDEBUG rally_openstack.wrappers.network [-] CIDR generated: 1.1.4.192/30
2020-03-16 05:03:12.615 2280 RALLYDEBUG rally_openstack.wrappers.network [-] CIDR generated: 1.1.4.196/30
2020-03-16 05:03:13.530 2286 RALLYDEBUG rally_openstack.wrappers.network [-] CIDR generated: 1.1.4.200/30
2020-03-16 05:03:14.560 2283 RALLYDEBUG rally_openstack.wrappers.network [-] CIDR generated: 1.1.4.204/30
2020-03-16 05:03:14.728 2300 RALLYDEBUG rally_openstack.wrappers.network [-] CIDR generated: 1.1.4.208/30
2020-03-16 05:03:14.749 2303 RALLYDEBUG rally_openstack.wrappers.network [-] CIDR generated: 1.1.4.212/30
2020-03-16 05:03:14.885 2276 RALLYDEBUG rally_openstack.wrappers.network [-] CIDR generated: 1.1.4.216/30
2020-03-16 05:03:15.229 2306 RALLYDEBUG rally_openstack.wrappers.network [-] CIDR generated: 1.1.4.220/30
2020-03-16 05:03:15.341 2273 RALLYDEBUG rally_openstack.wrappers.network [-] CIDR generated: 1.1.4.224/30
2020-03-16 05:03:15.490 2270 RALLYDEBUG rally_openstack.wrappers.network [-] CIDR generated: 1.1.4.228/30
2020-03-16 05:03:15.557 2271 RALLYDEBUG rally_openstack.wrappers.network [-] CIDR generated: 1.1.4.232/30
2020-03-16 05:03:16.263 2294 RALLYDEBUG rally_openstack.wrappers.network [-] CIDR generated: 1.1.4.236/30
2020-03-16 05:03:16.311 2290 RALLYDEBUG rally_openstack.wrappers.network [-] CIDR generated: 1.1.4.240/30
2020-03-16 05:03:16.587 2272 RALLYDEBUG rally_openstack.wrappers.network [-] CIDR generated: 1.1.4.244/30
2020-03-16 05:03:16.895 2269 INFO rally.task.runner [-] Task 0590fa21-b0dd-4b3c-994d-5bd89bec2dbe | ITER: 1 END: OK
2020-03-16 05:03:16.900 2269 INFO rally.task.runner [-] Task 0590fa21-b0dd-4b3c-994d-5bd89bec2dbe | ITER: 21 START
2020-03-16 05:03:16.901 2269 WARNING rally_openstack.scenarios.neutron.utils [-] Running this scenario without either the 'network' or 'existing_network' context is deprecated
2020-03-16 05:03:16.952 2320 RALLYDEBUG rally_openstack.wrappers.network [-] CIDR generated: 1.1.4.248/30
2020-03-16 05:03:17.123 2315 RALLYDEBUG rally_openstack.wrappers.network [-] CIDR generated: 1.1.4.252/30
2020-03-16 05:03:17.977 2280 INFO rally.task.runner [-] Task 0590fa21-b0dd-4b3c-994d-5bd89bec2dbe | ITER: 7 END: OK
2020-03-16 05:03:17.982 2280 INFO rally.task.runner [-] Task 0590fa21-b0dd-4b3c-994d-5bd89bec2dbe | ITER: 22 START
2020-03-16 05:03:17.983 2280 WARNING rally_openstack.scenarios.neutron.utils [-] Running this scenario without either the 'network' or 'existing_network' context is deprecated
2020-03-16 05:03:18.247 2292 INFO rally.task.runner [-] Task 0590fa21-b0dd-4b3c-994d-5bd89bec2dbe | ITER: 13 END: OK
2020-03-16 05:03:18.252 2292 INFO rally.task.runner [-] Task 0590fa21-b0dd-4b3c-994d-5bd89bec2dbe | ITER: 23 START
2020-03-16 05:03:18.252 2292 WARNING rally_openstack.scenarios.neutron.utils [-] Running this scenario without either the 'network' or 'existing_network' context is deprecated
2020-03-16 05:03:18.292 2297 INFO rally.task.runner [-] Task 0590fa21-b0dd-4b3c-994d-5bd89bec2dbe | ITER: 12 END: OK
2020-03-16 05:03:18.297 2297 INFO rally.task.runner [-] Task 0590fa21-b0dd-4b3c-994d-5bd89bec2dbe | ITER: 24 START
2020-03-16 05:03:18.298 2297 WARNING rally_openstack.scenarios.neutron.utils [-] Running this scenario without either the 'network' or 'existing_network' context is deprecated
2020-03-16 05:03:18.439 2314 INFO rally.task.runner [-] Task 0590fa21-b0dd-4b3c-994d-5bd89bec2dbe | ITER: 18 END: OK
2020-03-16 05:03:18.444 2314 INFO rally.task.runner [-] Task 0590fa21-b0dd-4b3c-994d-5bd89bec2dbe | ITER: 25 START
2020-03-16 05:03:18.445 2314 WARNING rally_openstack.scenarios.neutron.utils [-] Running this scenario without either the 'network' or 'existing_network' context is deprecated
2020-03-16 05:03:18.624 2309 INFO rally.task.runner [-] Task 0590fa21-b0dd-4b3c-994d-5bd89bec2dbe | ITER: 17 END: OK
2020-03-16 05:03:18.629 2309 INFO rally.task.runner [-] Task 0590fa21-b0dd-4b3c-994d-5bd89bec2dbe | ITER: 26 START
2020-03-16 05:03:18.630 2309 WARNING rally_openstack.scenarios.neutron.utils [-] Running this scenario without either the 'network' or 'existing_network' context is deprecated
2020-03-16 05:03:18.693 2269 RALLYDEBUG rally_openstack.wrappers.network [-] CIDR generated: 1.1.5.0/30
2020-03-16 05:03:18.763 2286 INFO rally.task.runner [-] Task 0590fa21-b0dd-4b3c-994d-5bd89bec2dbe | ITER: 10 END: OK
2020-03-16 05:03:18.768 2286 INFO rally.task.runner [-] Task 0590fa21-b0dd-4b3c-994d-5bd89bec2dbe | ITER: 27 START
2020-03-16 05:03:18.769 2286 WARNING rally_openstack.scenarios.neutron.utils [-] Running this scenario without either the 'network' or 'existing_network' context is deprecated
2020-03-16 05:03:18.845 2280 RALLYDEBUG rally_openstack.wrappers.network [-] CIDR generated: 1.1.5.4/30
2020-03-16 05:03:19.017 2292 RALLYDEBUG rally_openstack.wrappers.network [-] CIDR generated: 1.1.5.8/30
2020-03-16 05:03:19.175 2270 INFO rally.task.runner [-] Task 0590fa21-b0dd-4b3c-994d-5bd89bec2dbe | ITER: 2 END: OK
2020-03-16 05:03:19.180 2270 INFO rally.task.runner [-] Task 0590fa21-b0dd-4b3c-994d-5bd89bec2dbe | ITER: 28 START
2020-03-16 05:03:19.181 2270 WARNING rally_openstack.scenarios.neutron.utils [-] Running this scenario without either the 'network' or 'existing_network' context is deprecated
2020-03-16 05:03:19.602 2283 INFO rally.task.runner [-] Task 0590fa21-b0dd-4b3c-994d-5bd89bec2dbe | ITER: 8 END: OK
2020-03-16 05:03:19.608 2283 INFO rally.task.runner [-] Task 0590fa21-b0dd-4b3c-994d-5bd89bec2dbe | ITER: 29 START
2020-03-16 05:03:19.608 2283 WARNING rally_openstack.scenarios.neutron.utils [-] Running this scenario without either the 'network' or 'existing_network' context is deprecated
2020-03-16 05:03:21.141 2286 RALLYDEBUG rally_openstack.wrappers.network [-] CIDR generated: 1.1.5.12/30
2020-03-16 05:03:21.349 2303 INFO rally.task.runner [-] Task 0590fa21-b0dd-4b3c-994d-5bd89bec2dbe | ITER: 15 END: OK
2020-03-16 05:03:21.355 2303 INFO rally.task.runner [-] Task 0590fa21-b0dd-4b3c-994d-5bd89bec2dbe | ITER: 30 START
2020-03-16 05:03:21.355 2303 WARNING rally_openstack.scenarios.neutron.utils [-] Running this scenario without either the 'network' or 'existing_network' context is deprecated
2020-03-16 05:03:21.420 2290 INFO rally.task.runner [-] Task 0590fa21-b0dd-4b3c-994d-5bd89bec2dbe | ITER: 9 END: OK
2020-03-16 05:03:21.426 2290 INFO rally.task.runner [-] Task 0590fa21-b0dd-4b3c-994d-5bd89bec2dbe | ITER: 31 START
2020-03-16 05:03:21.426 2290 WARNING rally_openstack.scenarios.neutron.utils [-] Running this scenario without either the 'network' or 'existing_network' context is deprecated
2020-03-16 05:03:21.428 2314 RALLYDEBUG rally_openstack.wrappers.network [-] CIDR generated: 1.1.5.16/30
2020-03-16 05:03:21.537 2309 RALLYDEBUG rally_openstack.wrappers.network [-] CIDR generated: 1.1.5.20/30
2020-03-16 05:03:21.727 2306 INFO rally.task.runner [-] Task 0590fa21-b0dd-4b3c-994d-5bd89bec2dbe | ITER: 16 END: OK
2020-03-16 05:03:21.733 2306 INFO rally.task.runner [-] Task 0590fa21-b0dd-4b3c-994d-5bd89bec2dbe | ITER: 32 START
2020-03-16 05:03:21.734 2306 WARNING rally_openstack.scenarios.neutron.utils [-] Running this scenario without either the 'network' or 'existing_network' context is deprecated
2020-03-16 05:03:21.910 2283 RALLYDEBUG rally_openstack.wrappers.network [-] CIDR generated: 1.1.5.24/30
2020-03-16 05:03:22.164 2270 RALLYDEBUG rally_openstack.wrappers.network [-] CIDR generated: 1.1.5.28/30
2020-03-16 05:03:22.189 2290 RALLYDEBUG rally_openstack.wrappers.network [-] CIDR generated: 1.1.5.32/30
2020-03-16 05:03:22.233 2272 INFO rally.task.runner [-] Task 0590fa21-b0dd-4b3c-994d-5bd89bec2dbe | ITER: 4 END: OK
2020-03-16 05:03:22.238 2272 INFO rally.task.runner [-] Task 0590fa21-b0dd-4b3c-994d-5bd89bec2dbe | ITER: 33 START
2020-03-16 05:03:22.239 2272 WARNING rally_openstack.scenarios.neutron.utils [-] Running this scenario without either the 'network' or 'existing_network' context is deprecated
2020-03-16 05:03:22.264 2271 INFO rally.task.runner [-] Task 0590fa21-b0dd-4b3c-994d-5bd89bec2dbe | ITER: 3 END: OK
2020-03-16 05:03:22.269 2271 INFO rally.task.runner [-] Task 0590fa21-b0dd-4b3c-994d-5bd89bec2dbe | ITER: 34 START
2020-03-16 05:03:22.270 2271 WARNING rally_openstack.scenarios.neutron.utils [-] Running this scenario without either the 'network' or 'existing_network' context is deprecated
2020-03-16 05:03:22.280 2300 INFO rally.task.runner [-] Task 0590fa21-b0dd-4b3c-994d-5bd89bec2dbe | ITER: 14 END: OK
2020-03-16 05:03:22.286 2300 INFO rally.task.runner [-] Task 0590fa21-b0dd-4b3c-994d-5bd89bec2dbe | ITER: 35 START
2020-03-16 05:03:22.286 2300 WARNING rally_openstack.scenarios.neutron.utils [-] Running this scenario without either the 'network' or 'existing_network' context is deprecated
2020-03-16 05:03:22.334 2297 RALLYDEBUG rally_openstack.wrappers.network [-] CIDR generated: 1.1.5.36/30
2020-03-16 05:03:22.342 2292 RALLYDEBUG rally_openstack.wrappers.network [-] CIDR generated: 1.1.5.40/30
2020-03-16 05:03:22.369 2303 RALLYDEBUG rally_openstack.wrappers.network [-] CIDR generated: 1.1.5.44/30
2020-03-16 05:03:22.393 2320 INFO rally.task.runner [-] Task 0590fa21-b0dd-4b3c-994d-5bd89bec2dbe | ITER: 20 END: OK
2020-03-16 05:03:22.399 2320 INFO rally.task.runner [-] Task 0590fa21-b0dd-4b3c-994d-5bd89bec2dbe | ITER: 36 START
2020-03-16 05:03:22.400 2320 WARNING rally_openstack.scenarios.neutron.utils [-] Running this scenario without either the 'network' or 'existing_network' context is deprecated
2020-03-16 05:03:22.952 2314 RALLYDEBUG rally_openstack.wrappers.network [-] CIDR generated: 1.1.5.48/30
2020-03-16 05:03:22.970 2271 RALLYDEBUG rally_openstack.wrappers.network [-] CIDR generated: 1.1.5.52/30
2020-03-16 05:03:23.103 2286 RALLYDEBUG rally_openstack.wrappers.network [-] CIDR generated: 1.1.5.56/30
2020-03-16 05:03:23.380 2272 RALLYDEBUG rally_openstack.wrappers.network [-] CIDR generated: 1.1.5.60/30
2020-03-16 05:03:23.881 2300 RALLYDEBUG rally_openstack.wrappers.network [-] CIDR generated: 1.1.5.64/30
2020-03-16 05:03:24.161 2306 RALLYDEBUG rally_openstack.wrappers.network [-] CIDR generated: 1.1.5.68/30
2020-03-16 05:03:24.217 2294 INFO rally.task.runner [-] Task 0590fa21-b0dd-4b3c-994d-5bd89bec2dbe | ITER: 11 END: OK
2020-03-16 05:03:24.222 2294 INFO rally.task.runner [-] Task 0590fa21-b0dd-4b3c-994d-5bd89bec2dbe | ITER: 37 START
2020-03-16 05:03:24.223 2294 WARNING rally_openstack.scenarios.neutron.utils [-] Running this scenario without either the 'network' or 'existing_network' context is deprecated
2020-03-16 05:03:24.518 2309 RALLYDEBUG rally_openstack.wrappers.network [-] CIDR generated: 1.1.5.72/30
