2020-03-16 05:13:19.835 3520 INFO rally.task.runner [-] Task 0590fa21-b0dd-4b3c-994d-5bd89bec2dbe | ITER: 28 START
2020-03-16 05:13:20.353 3486 RALLYDEBUG rally_openstack.wrappers.network [-] CIDR generated: 1.1.8.232/30
2020-03-16 05:13:20.387 3520 RALLYDEBUG rally_openstack.wrappers.network [-] CIDR generated: 1.1.8.236/30
2020-03-16 05:13:20.490 3491 RALLYDEBUG rally_openstack.wrappers.network [-] CIDR generated: 1.1.8.240/30
2020-03-16 05:13:21.139 3491 RALLYDEBUG rally_openstack.wrappers.network [-] CIDR generated: 1.1.8.244/30
2020-03-16 05:13:21.648 3486 RALLYDEBUG rally_openstack.wrappers.network [-] CIDR generated: 1.1.8.248/30
2020-03-16 05:13:23.620 3520 RALLYDEBUG rally_openstack.wrappers.network [-] CIDR generated: 1.1.8.252/30
2020-03-16 05:13:26.364 3514 INFO rally.task.runner [-] Task 0590fa21-b0dd-4b3c-994d-5bd89bec2dbe | ITER: 17 END: OK
2020-03-16 05:13:26.372 3514 INFO rally.task.runner [-] Task 0590fa21-b0dd-4b3c-994d-5bd89bec2dbe | ITER: 29 START
2020-03-16 05:13:26.862 3476 INFO rally.task.runner [-] Task 0590fa21-b0dd-4b3c-994d-5bd89bec2dbe | ITER: 2 END: OK
2020-03-16 05:13:26.870 3476 INFO rally.task.runner [-] Task 0590fa21-b0dd-4b3c-994d-5bd89bec2dbe | ITER: 30 START
2020-03-16 05:13:27.217 3511 INFO rally.task.runner [-] Task 0590fa21-b0dd-4b3c-994d-5bd89bec2dbe | ITER: 16 END: OK
2020-03-16 05:13:27.221 3521 INFO rally.task.runner [-] Task 0590fa21-b0dd-4b3c-994d-5bd89bec2dbe | ITER: 19 END: OK
2020-03-16 05:13:27.225 3511 INFO rally.task.runner [-] Task 0590fa21-b0dd-4b3c-994d-5bd89bec2dbe | ITER: 31 START
2020-03-16 05:13:27.229 3521 INFO rally.task.runner [-] Task 0590fa21-b0dd-4b3c-994d-5bd89bec2dbe | ITER: 32 START
2020-03-16 05:13:27.504 3476 RALLYDEBUG rally_openstack.wrappers.network [-] CIDR generated: 1.1.9.0/30
2020-03-16 05:13:27.526 3508 INFO rally.task.runner [-] Task 0590fa21-b0dd-4b3c-994d-5bd89bec2dbe | ITER: 15 END: OK
2020-03-16 05:13:27.534 3508 INFO rally.task.runner [-] Task 0590fa21-b0dd-4b3c-994d-5bd89bec2dbe | ITER: 33 START
2020-03-16 05:13:27.738 3514 RALLYDEBUG rally_openstack.wrappers.network [-] CIDR generated: 1.1.9.4/30
2020-03-16 05:13:29.152 3483 INFO rally.task.runner [-] Task 0590fa21-b0dd-4b3c-994d-5bd89bec2dbe | ITER: 6 END: OK
2020-03-16 05:13:29.160 3483 INFO rally.task.runner [-] Task 0590fa21-b0dd-4b3c-994d-5bd89bec2dbe | ITER: 34 START
2020-03-16 05:13:29.305 3508 RALLYDEBUG rally_openstack.wrappers.network [-] CIDR generated: 1.1.9.8/30
2020-03-16 05:13:29.512 3478 INFO rally.task.runner [-] Task 0590fa21-b0dd-4b3c-994d-5bd89bec2dbe | ITER: 4 END: OK
2020-03-16 05:13:29.520 3478 INFO rally.task.runner [-] Task 0590fa21-b0dd-4b3c-994d-5bd89bec2dbe | ITER: 35 START
2020-03-16 05:13:29.573 3476 RALLYDEBUG rally_openstack.wrappers.network [-] CIDR generated: 1.1.9.12/30
2020-03-16 05:13:30.046 3478 RALLYDEBUG rally_openstack.wrappers.network [-] CIDR generated: 1.1.9.16/30
2020-03-16 05:13:30.343 3483 RALLYDEBUG rally_openstack.wrappers.network [-] CIDR generated: 1.1.9.20/30
2020-03-16 05:13:30.708 3508 RALLYDEBUG rally_openstack.wrappers.network [-] CIDR generated: 1.1.9.24/30
2020-03-16 05:13:30.954 3478 RALLYDEBUG rally_openstack.wrappers.network [-] CIDR generated: 1.1.9.28/30
2020-03-16 05:13:31.295 3521 RALLYDEBUG rally_openstack.wrappers.network [-] CIDR generated: 1.1.9.32/30
2020-03-16 05:13:31.650 3511 RALLYDEBUG rally_openstack.wrappers.network [-] CIDR generated: 1.1.9.36/30
2020-03-16 05:13:31.890 3483 RALLYDEBUG rally_openstack.wrappers.network [-] CIDR generated: 1.1.9.40/30
2020-03-16 05:13:34.301 3521 RALLYDEBUG rally_openstack.wrappers.network [-] CIDR generated: 1.1.9.44/30
2020-03-16 05:13:34.845 3511 RALLYDEBUG rally_openstack.wrappers.network [-] CIDR generated: 1.1.9.48/30
2020-03-16 05:13:34.941 3514 RALLYDEBUG rally_openstack.wrappers.network [-] CIDR generated: 1.1.9.52/30
2020-03-16 05:13:38.632 3497 INFO rally.task.runner [-] Task 0590fa21-b0dd-4b3c-994d-5bd89bec2dbe | ITER: 11 END: OK
2020-03-16 05:13:38.641 3497 INFO rally.task.runner [-] Task 0590fa21-b0dd-4b3c-994d-5bd89bec2dbe | ITER: 36 START
2020-03-16 05:13:40.515 3479 INFO rally.task.runner [-] Task 0590fa21-b0dd-4b3c-994d-5bd89bec2dbe | ITER: 5 END: OK
2020-03-16 05:13:40.524 3479 INFO rally.task.runner [-] Task 0590fa21-b0dd-4b3c-994d-5bd89bec2dbe | ITER: 37 START
2020-03-16 05:13:40.715 3497 RALLYDEBUG rally_openstack.wrappers.network [-] CIDR generated: 1.1.9.56/30
2020-03-16 05:13:41.281 3479 RALLYDEBUG rally_openstack.wrappers.network [-] CIDR generated: 1.1.9.60/30
2020-03-16 05:13:41.312 3524 INFO rally.task.runner [-] Task 0590fa21-b0dd-4b3c-994d-5bd89bec2dbe | ITER: 20 END: OK
2020-03-16 05:13:41.320 3524 INFO rally.task.runner [-] Task 0590fa21-b0dd-4b3c-994d-5bd89bec2dbe | ITER: 38 START
2020-03-16 05:13:41.639 3497 RALLYDEBUG rally_openstack.wrappers.network [-] CIDR generated: 1.1.9.64/30
2020-03-16 05:13:41.943 3524 RALLYDEBUG rally_openstack.wrappers.network [-] CIDR generated: 1.1.9.68/30
2020-03-16 05:13:42.150 3479 RALLYDEBUG rally_openstack.wrappers.network [-] CIDR generated: 1.1.9.72/30
2020-03-16 05:13:42.274 3506 INFO rally.task.runner [-] Task 0590fa21-b0dd-4b3c-994d-5bd89bec2dbe | ITER: 14 END: OK
2020-03-16 05:13:42.283 3506 INFO rally.task.runner [-] Task 0590fa21-b0dd-4b3c-994d-5bd89bec2dbe | ITER: 39 START
2020-03-16 05:13:42.760 3524 RALLYDEBUG rally_openstack.wrappers.network [-] CIDR generated: 1.1.9.76/30
2020-03-16 05:13:42.815 3502 INFO rally.task.runner [-] Task 0590fa21-b0dd-4b3c-994d-5bd89bec2dbe | ITER: 12 END: OK
2020-03-16 05:13:42.825 3502 INFO rally.task.runner [-] Task 0590fa21-b0dd-4b3c-994d-5bd89bec2dbe | ITER: 40 START
2020-03-16 05:13:43.623 3502 RALLYDEBUG rally_openstack.wrappers.network [-] CIDR generated: 1.1.9.80/30
2020-03-16 05:13:45.319 3502 RALLYDEBUG rally_openstack.wrappers.network [-] CIDR generated: 1.1.9.84/30
2020-03-16 05:13:45.789 3506 RALLYDEBUG rally_openstack.wrappers.network [-] CIDR generated: 1.1.9.88/30
2020-03-16 05:13:48.594 3506 RALLYDEBUG rally_openstack.wrappers.network [-] CIDR generated: 1.1.9.92/30
2020-03-16 05:13:57.046 3489 INFO rally.task.runner [-] Task 0590fa21-b0dd-4b3c-994d-5bd89bec2dbe | ITER: 23 END: OK
2020-03-16 05:14:13.000 3486 INFO rally.task.runner [-] Task 0590fa21-b0dd-4b3c-994d-5bd89bec2dbe | ITER: 27 END: OK
2020-03-16 05:14:15.397 3491 INFO rally.task.runner [-] Task 0590fa21-b0dd-4b3c-994d-5bd89bec2dbe | ITER: 26 END: OK
2020-03-16 05:14:17.278 3514 INFO rally.task.runner [-] Task 0590fa21-b0dd-4b3c-994d-5bd89bec2dbe | ITER: 29 END: OK
2020-03-16 05:14:18.510 3521 INFO rally.task.runner [-] Task 0590fa21-b0dd-4b3c-994d-5bd89bec2dbe | ITER: 32 END: OK
2020-03-16 05:14:18.806 3511 INFO rally.task.runner [-] Task 0590fa21-b0dd-4b3c-994d-5bd89bec2dbe | ITER: 31 END: OK
2020-03-16 05:14:19.397 3506 INFO rally.task.runner [-] Task 0590fa21-b0dd-4b3c-994d-5bd89bec2dbe | ITER: 39 END: OK
2020-03-16 05:14:19.998 3477 INFO rally.task.runner [-] Task 0590fa21-b0dd-4b3c-994d-5bd89bec2dbe | ITER: 22 END: OK
2020-03-16 05:14:21.330 3493 INFO rally.task.runner [-] Task 0590fa21-b0dd-4b3c-994d-5bd89bec2dbe | ITER: 24 END: OK
2020-03-16 05:14:22.264 3505 INFO rally.task.runner [-] Task 0590fa21-b0dd-4b3c-994d-5bd89bec2dbe | ITER: 25 END: OK
2020-03-16 05:14:30.987 3479 INFO rally.task.runner [-] Task 0590fa21-b0dd-4b3c-994d-5bd89bec2dbe | ITER: 37 END: OK
2020-03-16 05:14:34.319 3483 INFO rally.task.runner [-] Task 0590fa21-b0dd-4b3c-994d-5bd89bec2dbe | ITER: 34 END: OK
2020-03-16 05:14:34.477 3478 INFO rally.task.runner [-] Task 0590fa21-b0dd-4b3c-994d-5bd89bec2dbe | ITER: 35 END: OK
2020-03-16 05:14:34.750 3476 INFO rally.task.runner [-] Task 0590fa21-b0dd-4b3c-994d-5bd89bec2dbe | ITER: 30 END: OK
2020-03-16 05:14:34.756 3508 INFO rally.task.runner [-] Task 0590fa21-b0dd-4b3c-994d-5bd89bec2dbe | ITER: 33 END: OK
2020-03-16 05:14:35.418 3524 INFO rally.task.runner [-] Task 0590fa21-b0dd-4b3c-994d-5bd89bec2dbe | ITER: 38 END: OK
2020-03-16 05:14:36.433 3475 INFO rally.task.runner [-] Task 0590fa21-b0dd-4b3c-994d-5bd89bec2dbe | ITER: 21 END: OK
2020-03-16 05:14:40.322 3520 INFO rally.task.runner [-] Task 0590fa21-b0dd-4b3c-994d-5bd89bec2dbe | ITER: 28 END: OK
2020-03-16 05:14:41.531 3502 INFO rally.task.runner [-] Task 0590fa21-b0dd-4b3c-994d-5bd89bec2dbe | ITER: 40 END: OK
2020-03-16 05:14:46.509 3497 INFO rally.task.runner [-] Task 0590fa21-b0dd-4b3c-994d-5bd89bec2dbe | ITER: 36 END: OK
2020-03-16 05:14:46.533 15 INFO rally.task.context [-] Task 0590fa21-b0dd-4b3c-994d-5bd89bec2dbe | Context cleanup@openstack cleanup() started
2020-03-16 05:14:46.537 15 RALLYDEBUG rally_openstack.cleanup.manager [-] Cleaning up neutron vip objects
2020-03-16 05:14:46.783 15 RALLYDEBUG rally_openstack.cleanup.manager [-] Cleaning up neutron health_monitor objects
2020-03-16 05:14:46.969 15 RALLYDEBUG rally_openstack.cleanup.manager [-] Cleaning up neutron pool objects
2020-03-16 05:14:47.144 15 RALLYDEBUG rally_openstack.cleanup.manager [-] Cleaning up neutron loadbalancer objects
2020-03-16 05:14:47.345 15 RALLYDEBUG rally_openstack.cleanup.manager [-] Cleaning up neutron floatingip objects
2020-03-16 05:14:47.536 15 RALLYDEBUG rally_openstack.cleanup.manager [-] Cleaning up neutron trunk objects
2020-03-16 05:14:47.706 15 DEBUG neutronclient.v2_0.client [-] Error message: {"NeutronError": {"message": "Invalid input for operation: 'tenant_id' is not supported for filtering.", "type": "InvalidInput", "detail": ""}} _handle_fault_response /usr/lib/python2.7/site-packages/neutronclient/v2_0/client.py:259
2020-03-16 05:14:47.732 15 DEBUG neutronclient.v2_0.client [-] Error message: {"NeutronError": {"message": "Invalid input for operation: 'tenant_id' is not supported for filtering.", "type": "InvalidInput", "detail": ""}} _handle_fault_response /usr/lib/python2.7/site-packages/neutronclient/v2_0/client.py:259
2020-03-16 05:14:47.752 15 DEBUG neutronclient.v2_0.client [-] Error message: {"NeutronError": {"message": "Invalid input for operation: 'tenant_id' is not supported for filtering.", "type": "InvalidInput", "detail": ""}} _handle_fault_response /usr/lib/python2.7/site-packages/neutronclient/v2_0/client.py:259
2020-03-16 05:14:47.753 15 ERROR rally_openstack.cleanup.manager [-] Seems like rally_openstack.cleanup.resources.NeutronTrunk.list(self) method is broken. It shouldn't raise any exceptions.: BadRequest: Invalid input for operation: 'tenant_id' is not supported for filtering. Neutron server returns request_ids: ['req-11cebc91-72e9-4788-a28d-f52d41ff8330']
2020-03-16 05:14:47.753 15 ERROR rally_openstack.cleanup.manager
Traceback (most recent call last):
2020-03-16 05:14:47.753 15 ERROR rally_openstack.cleanup.manager
File "/usr/lib/python2.7/site-packages/rally_openstack/cleanup/manager.py", line 133, in _publish
2020-03-16 05:14:47.753 15 ERROR rally_openstack.cleanup.manager for raw_resource in rutils.retry(3, manager.list):
2020-03-16 05:14:47.753 15 ERROR rally_openstack.cleanup.manager
File "/usr/lib/python2.7/site-packages/rally/common/utils.py", line 230, in retry
2020-03-16 05:14:47.753 15 ERROR rally_openstack.cleanup.manager return func(*args, **kwargs)
2020-03-16 05:14:47.753 15 ERROR rally_openstack.cleanup.manager
File "/usr/lib/python2.7/site-packages/rally_openstack/cleanup/resources.py", line 396, in list
2020-03-16 05:14:47.753 15 ERROR rally_openstack.cleanup.manager return super(NeutronTrunk, self).list()
2020-03-16 05:14:47.753 15 ERROR rally_openstack.cleanup.manager
File "/usr/lib/python2.7/site-packages/rally_openstack/cleanup/resources.py", line 273, in list
2020-03-16 05:14:47.753 15 ERROR rally_openstack.cleanup.manager result = list_method(tenant_id=self.tenant_uuid)[resources]
2020-03-16 05:14:47.753 15 ERROR rally_openstack.cleanup.manager
File "/usr/lib/python2.7/site-packages/neutronclient/v2_0/client.py", line 2105, in list_trunks
2020-03-16 05:14:47.753 15 ERROR rally_openstack.cleanup.manager **_params)
2020-03-16 05:14:47.753 15 ERROR rally_openstack.cleanup.manager
File "/usr/lib/python2.7/site-packages/neutronclient/v2_0/client.py", line 369, in list
2020-03-16 05:14:47.753 15 ERROR rally_openstack.cleanup.manager for r in self._pagination(collection, path, **params):
2020-03-16 05:14:47.753 15 ERROR rally_openstack.cleanup.manager
File "/usr/lib/python2.7/site-packages/neutronclient/v2_0/client.py", line 384, in _pagination
2020-03-16 05:14:47.753 15 ERROR rally_openstack.cleanup.manager res = self.get(path, params=params)
2020-03-16 05:14:47.753 15 ERROR rally_openstack.cleanup.manager
File "/usr/lib/python2.7/site-packages/neutronclient/v2_0/client.py", line 354, in get
2020-03-16 05:14:47.753 15 ERROR rally_openstack.cleanup.manager headers=headers, params=params)
2020-03-16 05:14:47.753 15 ERROR rally_openstack.cleanup.manager
File "/usr/lib/python2.7/site-packages/neutronclient/v2_0/client.py", line 331, in retry_request
2020-03-16 05:14:47.753 15 ERROR rally_openstack.cleanup.manager headers=headers, params=params)
2020-03-16 05:14:47.753 15 ERROR rally_openstack.cleanup.manager
File "/usr/lib/python2.7/site-packages/neutronclient/v2_0/client.py", line 294, in do_request
2020-03-16 05:14:47.753 15 ERROR rally_openstack.cleanup.manager self._handle_fault_response(status_code, replybody, resp)
2020-03-16 05:14:47.753 15 ERROR rally_openstack.cleanup.manager
File "/usr/lib/python2.7/site-packages/neutronclient/v2_0/client.py", line 269, in _handle_fault_response
2020-03-16 05:14:47.753 15 ERROR rally_openstack.cleanup.manager exception_handler_v20(status_code, error_body)
2020-03-16 05:14:47.753 15 ERROR rally_openstack.cleanup.manager
File "/usr/lib/python2.7/site-packages/neutronclient/v2_0/client.py", line 93, in exception_handler_v20
2020-03-16 05:14:47.753 15 ERROR rally_openstack.cleanup.manager request_ids=request_ids)
2020-03-16 05:14:47.753 15 ERROR rally_openstack.cleanup.manager BadRequest: Invalid input for operation: 'tenant_id' is not supported for filtering.
2020-03-16 05:14:47.753 15 ERROR rally_openstack.cleanup.manager Neutron server returns request_ids: ['req-11cebc91-72e9-4788-a28d-f52d41ff8330']
2020-03-16 05:14:47.753 15 ERROR rally_openstack.cleanup.manager
2020-03-16 05:14:47.763 15 RALLYDEBUG rally_openstack.cleanup.manager [-] Cleaning up neutron port objects
2020-03-16 05:14:48.375 15 RALLYDEBUG rally_openstack.cleanup.manager [-] Cleaning up neutron subnet objects
2020-03-16 05:14:48.932 15 RALLYDEBUG rally_openstack.cleanup.manager [-] Deleting neutron.subnet object s_rally_a3fc3840_yjrI8806 (0305ffa8-3e70-4a5e-8bab-8f0fd8deba70)
2020-03-16 05:14:48.939 15 RALLYDEBUG rally_openstack.cleanup.manager [-] Deleting neutron.subnet object s_rally_a3fc3840_RJYTkZ4b (095e9457-dee8-4f09-bbea-47494dd9b525)
2020-03-16 05:14:48.947 15 RALLYDEBUG rally_openstack.cleanup.manager [-] Deleting neutron.subnet object s_rally_a3fc3840_QYxrpRWM (0b3a0054-6eeb-450f-b896-9d1934c35bc1)
2020-03-16 05:14:48.957 15 RALLYDEBUG rally_openstack.cleanup.manager [-] Deleting neutron.subnet object s_rally_a3fc3840_kbrIWGOz (0c267822-81db-482c-97d5-841e82582d1e)
2020-03-16 05:14:48.969 15 RALLYDEBUG rally_openstack.cleanup.manager [-] Deleting neutron.subnet object s_rally_a3fc3840_tksuBd2J (0ddf6511-53a4-4bfd-a1c5-9ebf066a4416)
2020-03-16 05:14:48.978 15 RALLYDEBUG rally_openstack.cleanup.manager [-] Deleting neutron.subnet object s_rally_a3fc3840_fOa6IPp9 (0e916525-5420-4c68-85eb-e356aae6e100)
2020-03-16 05:14:48.993 15 RALLYDEBUG rally_openstack.cleanup.manager [-] Deleting neutron.subnet object s_rally_a3fc3840_AMW9jiNs (0e92bd06-fb0a-44fd-a21c-5fc940eedf1f)
2020-03-16 05:14:49.002 15 RALLYDEBUG rally_openstack.cleanup.manager [-] Deleting neutron.subnet object s_rally_a3fc3840_WXbm3f28 (16c46ca9-78cb-4c76-92e4-a49f94f8f7f4)
2020-03-16 05:14:49.037 15 RALLYDEBUG rally_openstack.cleanup.manager [-] Deleting neutron.subnet object s_rally_a3fc3840_lGDZJE1U (1b8b8ae8-a69a-411d-a56a-7c73f3c00bd9)
2020-03-16 05:14:49.053 15 RALLYDEBUG rally_openstack.cleanup.manager [-] Deleting neutron.subnet object s_rally_a3fc3840_f3HXHduY (21bd60ce-425c-43d7-b3b4-a90601d53aee)
2020-03-16 05:14:49.066 15 RALLYDEBUG rally_openstack.cleanup.manager [-] Deleting neutron.subnet object s_rally_a3fc3840_y6YCLAZV (19def935-298c-4d1d-8090-e6cb7a8097a3)
2020-03-16 05:14:49.075 15 RALLYDEBUG rally_openstack.cleanup.manager [-] Deleting neutron.subnet object s_rally_a3fc3840_P91WXk6o (1db49c92-1ac9-4395-ba1d-7067d1aaf3a1)
2020-03-16 05:14:49.112 15 RALLYDEBUG rally_openstack.cleanup.manager [-] Deleting neutron.subnet object s_rally_a3fc3840_3g0Z75sb (2884f1ff-398c-4587-89f3-41db54cbebd0)
2020-03-16 05:14:49.126 15 RALLYDEBUG rally_openstack.cleanup.manager [-] Deleting neutron.subnet object s_rally_a3fc3840_ORO2YYd0 (2bd5007c-c9ff-4067-aabb-a16589065f05)
2020-03-16 05:14:49.124 15 RALLYDEBUG rally_openstack.cleanup.manager [-] Deleting neutron.subnet object s_rally_a3fc3840_DShsK4v0 (28fbb276-fc8d-4cec-a197-057d1e8560b1)
2020-03-16 05:14:49.145 15 RALLYDEBUG rally_openstack.cleanup.manager [-] Deleting neutron.subnet object s_rally_a3fc3840_hMD48UcK (2f105ee6-72ef-4b5c-81fc-740cb78f8bd4)
2020-03-16 05:14:49.147 15 RALLYDEBUG rally_openstack.cleanup.manager [-] Deleting neutron.subnet object s_rally_a3fc3840_eMF1prlU (2e61abdb-875f-4b1d-b37d-e66e59025780)
2020-03-16 05:14:49.279 15 RALLYDEBUG rally_openstack.cleanup.manager [-] Deleting neutron.subnet object s_rally_a3fc3840_6MiGugJv (2e46be86-f77c-426a-8aff-61c5d69a0d27)
2020-03-16 05:14:49.281 15 RALLYDEBUG rally_openstack.cleanup.manager [-] Deleting neutron.subnet object s_rally_a3fc3840_vG0FGZdR (29f6db70-176d-4046-9492-e0fce502633d)
2020-03-16 05:14:49.314 15 RALLYDEBUG rally_openstack.cleanup.manager [-] Deleting neutron.subnet object s_rally_a3fc3840_5NTAug2w (31530817-c0f5-4253-8723-990e4fbd5993)
2020-03-16 05:14:52.311 15 RALLYDEBUG rally_openstack.cleanup.manager [-] Deleting neutron.subnet object s_rally_a3fc3840_xeo5zReU (3169feca-ccbb-45ae-8e1a-44b1f13e6f67)
2020-03-16 05:14:52.318 15 RALLYDEBUG rally_openstack.cleanup.manager [-] Deleting neutron.subnet object s_rally_a3fc3840_GssRiycu (339fe0a3-5031-4612-a4bf-fd4b990dbea7)
2020-03-16 05:14:52.338 15 RALLYDEBUG rally_openstack.cleanup.manager [-] Deleting neutron.subnet object s_rally_a3fc3840_LKyu5LJz (36a0217a-bd66-4916-a2a3-d915ae8d8f16)
2020-03-16 05:14:52.788 15 RALLYDEBUG rally_openstack.cleanup.manager [-] Deleting neutron.subnet object s_rally_a3fc3840_6zF2R9VT (36a517bc-1ae3-475e-a1e6-78cd400adfde)
2020-03-16 05:14:52.851 15 RALLYDEBUG rally_openstack.cleanup.manager [-] Deleting neutron.subnet object s_rally_a3fc3840_QgYD4c1M (37a4bec8-2dbf-46fe-8ff8-f737dca3b0f7)
2020-03-16 05:14:52.881 15 RALLYDEBUG rally_openstack.cleanup.manager [-] Deleting neutron.subnet object s_rally_a3fc3840_eoNVVSt4 (39f3c4d9-f7e0-4859-a251-b5dff11e1cfd)
2020-03-16 05:14:52.892 15 RALLYDEBUG rally_openstack.cleanup.manager [-] Deleting neutron.subnet object s_rally_a3fc3840_eaNRTN2L (430d74fe-8ebe-4d06-892c-e17f473b752e)
2020-03-16 05:14:52.915 15 RALLYDEBUG rally_openstack.cleanup.manager [-] Deleting neutron.subnet object s_rally_a3fc3840_BdIFeyRN (44f2ed1e-9502-4fe2-a70d-cf903a9dbdc2)
2020-03-16 05:14:52.936 15 RALLYDEBUG rally_openstack.cleanup.manager [-] Deleting neutron.subnet object s_rally_a3fc3840_eZwHcirL (466afd22-a6ec-46f3-8d7d-e697298c28e3)
2020-03-16 05:14:53.197 15 RALLYDEBUG rally_openstack.cleanup.manager [-] Deleting neutron.subnet object s_rally_a3fc3840_mMaNC1Io (4b40669b-8807-44fc-bb14-25fdfe10d705)
2020-03-16 05:14:53.264 15 RALLYDEBUG rally_openstack.cleanup.manager [-] Deleting neutron.subnet object s_rally_a3fc3840_wfF3OTR5 (4cb8d52a-34f5-40d8-80eb-53028a2624c6)
2020-03-16 05:14:53.686 15 RALLYDEBUG rally_openstack.cleanup.manager [-] Deleting neutron.subnet object s_rally_a3fc3840_fzjJ9jeP (4d727277-aa7c-4801-a42f-70ccca0d8b41)
2020-03-16 05:14:53.847 15 RALLYDEBUG rally_openstack.cleanup.manager [-] Deleting neutron.subnet object s_rally_a3fc3840_PLsPUjW6 (50228d53-697a-4ac4-9382-0f186981e701)
2020-03-16 05:14:54.156 15 RALLYDEBUG rally_openstack.cleanup.manager [-] Deleting neutron.subnet object s_rally_a3fc3840_7120hQOF (58a29a79-8925-4054-9154-9dbf48edeff2)
2020-03-16 05:14:54.511 15 RALLYDEBUG rally_openstack.cleanup.manager [-] Deleting neutron.subnet object s_rally_a3fc3840_EbICN5kc (5ad3dce5-7cda-47f4-906f-8a7689b4f0d6)
2020-03-16 05:14:54.560 15 RALLYDEBUG rally_openstack.cleanup.manager [-] Deleting neutron.subnet object s_rally_a3fc3840_z7FjiPyw (5f9d9a7d-f39e-4a64-9cc1-2bfb4bf7bf98)
2020-03-16 05:14:55.610 15 RALLYDEBUG rally_openstack.cleanup.manager [-] Deleting neutron.subnet object s_rally_a3fc3840_Is5sOjMf (67fb49e8-9392-4b4b-9423-04f9971e23e2)
2020-03-16 05:14:55.784 15 RALLYDEBUG rally_openstack.cleanup.manager [-] Deleting neutron.subnet object s_rally_a3fc3840_OTGO6zwu (68dbe165-a99d-4748-89c9-46d00542e983)
2020-03-16 05:14:56.294 15 RALLYDEBUG rally_openstack.cleanup.manager [-] Deleting neutron.subnet object s_rally_a3fc3840_HESfi3Cs (6a3a8ae0-85ae-4941-8b70-e89d2059844f)
2020-03-16 05:14:56.418 15 RALLYDEBUG rally_openstack.cleanup.manager [-] Deleting neutron.subnet object s_rally_a3fc3840_6PD0zueS (6d953c51-7a2a-4482-a4de-6cd98c6f744a)
2020-03-16 05:14:56.473 15 RALLYDEBUG rally_openstack.cleanup.manager [-] Deleting neutron.subnet object s_rally_a3fc3840_Wai3gRz0 (6ed0ad6d-700f-4399-bd00-8547f142cf6b)
2020-03-16 05:14:56.749 15 RALLYDEBUG rally_openstack.cleanup.manager [-] Deleting neutron.subnet object s_rally_a3fc3840_Cl42NNHO (70d56fda-4bfa-4e76-bf70-03e43852ac67)
2020-03-16 05:14:56.787 15 RALLYDEBUG rally_openstack.cleanup.manager [-] Deleting neutron.subnet object s_rally_a3fc3840_bXSxMIso (7118ea18-485c-404a-9bd4-9e40bc55cb88)
2020-03-16 05:14:56.791 15 RALLYDEBUG rally_openstack.cleanup.manager [-] Deleting neutron.subnet object s_rally_a3fc3840_Lz5TIng6 (769e165f-ec02-4fa6-8ddf-65ee6fe80591)
2020-03-16 05:14:57.124 15 RALLYDEBUG rally_openstack.cleanup.manager [-] Deleting neutron.subnet object s_rally_a3fc3840_sNyxtCEB (792d5f53-e472-46a4-8e7b-cac97ae71df2)
2020-03-16 05:14:57.132 15 RALLYDEBUG rally_openstack.cleanup.manager [-] Deleting neutron.subnet object s_rally_a3fc3840_jCyJNpGx (7cae39b6-f98c-40aa-8db7-01b8263448f1)
2020-03-16 05:14:57.488 15 RALLYDEBUG rally_openstack.cleanup.manager [-] Deleting neutron.subnet object s_rally_a3fc3840_5T6rDNNQ (7ffb38da-42e7-4240-ad3f-9e0e33a5e4b5)
2020-03-16 05:14:57.523 15 RALLYDEBUG rally_openstack.cleanup.manager [-] Deleting neutron.subnet object s_rally_a3fc3840_jGGfAB7H (819d3be1-9014-4885-a214-ae0ee46a9ec0)
2020-03-16 05:14:57.619 15 RALLYDEBUG rally_openstack.cleanup.manager [-] Deleting neutron.subnet object s_rally_a3fc3840_9KhctZJa (8e2c0012-4e09-4bc9-b10c-2a16c4bc0310)
2020-03-16 05:14:57.675 15 RALLYDEBUG rally_openstack.cleanup.manager [-] Deleting neutron.subnet object s_rally_a3fc3840_RW9rxHbn (8f757e7d-6337-4327-9a60-cfb591271d51)
2020-03-16 05:14:57.815 15 RALLYDEBUG rally_openstack.cleanup.manager [-] Deleting neutron.subnet object s_rally_a3fc3840_whwzT856 (9037acbc-2794-46cf-a822-3c17a5022b66)
2020-03-16 05:14:58.641 15 RALLYDEBUG rally_openstack.cleanup.manager [-] Deleting neutron.subnet object s_rally_a3fc3840_FcgcyF5G (95eedbf6-1aa5-4296-8fa1-50a539984b74)
2020-03-16 05:14:58.676 15 RALLYDEBUG rally_openstack.cleanup.manager [-] Deleting neutron.subnet object s_rally_a3fc3840_M0GPTJc0 (96bf88cc-a7d6-4b85-9977-de154a9d459c)
2020-03-16 05:14:58.723 15 RALLYDEBUG rally_openstack.cleanup.manager [-] Deleting neutron.subnet object s_rally_a3fc3840_LGvYLgvm (9d66cb9b-d92a-451f-8a46-c4b8ef1eb2b3)
2020-03-16 05:14:58.904 15 RALLYDEBUG rally_openstack.cleanup.manager [-] Deleting neutron.subnet object s_rally_a3fc3840_aendE6Ar (a2fdcc23-91a9-4fed-8ebf-844f7d5f8eb5)
2020-03-16 05:14:58.949 15 RALLYDEBUG rally_openstack.cleanup.manager [-] Deleting neutron.subnet object s_rally_a3fc3840_nEsxwi0f (a90646aa-91fb-46b2-a124-cf22d37fea42)
2020-03-16 05:14:59.319 15 RALLYDEBUG rally_openstack.cleanup.manager [-] Deleting neutron.subnet object s_rally_a3fc3840_RmwhphcM (ae4b98fc-2fee-424c-9f3f-ccffd588fe50)
2020-03-16 05:14:59.369 15 RALLYDEBUG rally_openstack.cleanup.manager [-] Deleting neutron.subnet object s_rally_a3fc3840_35MTKiZh (ba54fdef-c02e-4833-94fe-fe6c36033e3f)
2020-03-16 05:14:59.850 15 RALLYDEBUG rally_openstack.cleanup.manager [-] Deleting neutron.subnet object s_rally_a3fc3840_mA05Xd1X (bb18d99e-b44b-4f29-a33a-94602324c79a)
2020-03-16 05:14:59.866 15 RALLYDEBUG rally_openstack.cleanup.manager [-] Deleting neutron.subnet object s_rally_a3fc3840_SEItcwKi (bb77de8f-bff5-4dd8-a180-cd180192db72)
2020-03-16 05:14:59.976 15 RALLYDEBUG rally_openstack.cleanup.manager [-] Deleting neutron.subnet object s_rally_a3fc3840_uNsnft7z (bb8ef3be-1d87-46f8-83ec-0dbcdc5ee48c)
2020-03-16 05:15:00.232 15 RALLYDEBUG rally_openstack.cleanup.manager [-] Deleting neutron.subnet object s_rally_a3fc3840_uuycCMLa (bca41488-8978-4d38-8821-89da93c42168)
2020-03-16 05:15:00.329 15 RALLYDEBUG rally_openstack.cleanup.manager [-] Deleting neutron.subnet object s_rally_a3fc3840_Q9tfqwWH (bfb8f326-9fad-431a-b844-1d0753b462f3)
2020-03-16 05:15:00.351 15 RALLYDEBUG rally_openstack.cleanup.manager [-] Deleting neutron.subnet object s_rally_a3fc3840_8U5D1w6k (c27a8914-5e3c-48b2-ab9f-703450de3119)
2020-03-16 05:15:00.848 15 RALLYDEBUG rally_openstack.cleanup.manager [-] Deleting neutron.subnet object s_rally_a3fc3840_9mLr4iub (c53a324e-aa00-4a2d-8263-7b314fea2936)
2020-03-16 05:15:01.089 15 RALLYDEBUG rally_openstack.cleanup.manager [-] Deleting neutron.subnet object s_rally_a3fc3840_zhcPurDO (c7a2c121-fe7b-43bc-b60c-0203c6b4016f)
2020-03-16 05:15:01.195 15 RALLYDEBUG rally_openstack.cleanup.manager [-] Deleting neutron.subnet object s_rally_a3fc3840_OqKX2dO7 (c84eeafe-a209-4e38-a1e3-3105eeec4b86)
2020-03-16 05:15:01.210 15 RALLYDEBUG rally_openstack.cleanup.manager [-] Deleting neutron.subnet object s_rally_a3fc3840_4E8jmE5A (ca72ea0a-0a49-41c3-9601-e019abcec46d)
2020-03-16 05:15:01.449 15 RALLYDEBUG rally_openstack.cleanup.manager [-] Deleting neutron.subnet object s_rally_a3fc3840_Phl5JdKp (cb51f407-10e3-45e5-b3ff-003a1ab83ef7)
2020-03-16 05:15:01.539 15 RALLYDEBUG rally_openstack.cleanup.manager [-] Deleting neutron.subnet object s_rally_a3fc3840_1LgTAD3p (cb85860a-74b5-4be8-999f-500c897ba409)
2020-03-16 05:15:02.028 15 RALLYDEBUG rally_openstack.cleanup.manager [-] Deleting neutron.subnet object s_rally_a3fc3840_14SB43O5 (cc342b87-e4bd-47a9-9cf8-b9d1d38e712e)
2020-03-16 05:15:02.188 15 RALLYDEBUG rally_openstack.cleanup.manager [-] Deleting neutron.subnet object s_rally_a3fc3840_E68aBR2F (d1f1ff02-ee51-4d3b-ba2c-28d00125efe7)
2020-03-16 05:15:02.196 15 RALLYDEBUG rally_openstack.cleanup.manager [-] Deleting neutron.subnet object s_rally_a3fc3840_IzttC90Y (d56531c3-42b1-4a4e-812f-a34ab0279faa)
2020-03-16 05:15:02.275 15 RALLYDEBUG rally_openstack.cleanup.manager [-] Deleting neutron.subnet object s_rally_a3fc3840_lYaLbGSX (d6d9117b-a5e7-464f-bb47-71b93b4b407a)
2020-03-16 05:15:02.540 15 RALLYDEBUG rally_openstack.cleanup.manager [-] Deleting neutron.subnet object s_rally_a3fc3840_oQMgCXGu (d7c79950-0457-4157-b695-00eceff055d2)
2020-03-16 05:15:02.798 15 RALLYDEBUG rally_openstack.cleanup.manager [-] Deleting neutron.subnet object s_rally_a3fc3840_mWfOlqCe (d834e1f2-d204-4c8d-88c3-7fee7d059c95)
2020-03-16 05:15:02.995 15 RALLYDEBUG rally_openstack.cleanup.manager [-] Deleting neutron.subnet object s_rally_a3fc3840_jVR2JI8f (da9fd433-2277-4f43-baca-3b826a29f422)
2020-03-16 05:15:03.049 15 DEBUG neutronclient.v2_0.client [-] Error message: {"NeutronError": {"message": "Request Failed: internal server error while processing your request.", "type": "HTTPInternalServerError", "detail": ""}} _handle_fault_response /usr/lib/python2.7/site-packages/neutronclient/v2_0/client.py:259
2020-03-16 05:15:03.072 15 RALLYDEBUG rally_openstack.cleanup.manager [-] Deleting neutron.subnet object s_rally_a3fc3840_a0eNGij0 (e5e9988f-5fb5-4897-a3c3-15bc55f70f2b)
2020-03-16 05:15:03.357 15 DEBUG neutronclient.v2_0.client [-] Error message: {"NeutronError": {"message": "Request Failed: internal server error while processing your request.", "type": "HTTPInternalServerError", "detail": ""}} _handle_fault_response /usr/lib/python2.7/site-packages/neutronclient/v2_0/client.py:259
2020-03-16 05:15:03.891 15 RALLYDEBUG rally_openstack.cleanup.manager [-] Deleting neutron.subnet object s_rally_a3fc3840_MdfkYuRE (e72f6b73-aadb-409a-b504-c60a5814af71)
2020-03-16 05:15:03.946 15 RALLYDEBUG rally_openstack.cleanup.manager [-] Deleting neutron.subnet object s_rally_a3fc3840_KyrRAdIB (f2ba977a-2cf6-4c3d-be3b-81a3f91c665e)
2020-03-16 05:15:08.839 15 RALLYDEBUG rally_openstack.cleanup.manager [-] Cleaning up neutron network objects
2020-03-16 05:15:09.287 15 RALLYDEBUG rally_openstack.cleanup.manager [-] Deleting neutron.network object s_rally_a3fc3840_hF3UQWFB (00bc1082-1813-4b4a-bd04-5d782a057635)
2020-03-16 05:15:09.295 15 RALLYDEBUG rally_openstack.cleanup.manager [-] Deleting neutron.network object s_rally_a3fc3840_SBKnbLUS (05945527-94c0-4480-b45d-3f84dfb148fd)
2020-03-16 05:15:09.304 15 RALLYDEBUG rally_openstack.cleanup.manager [-] Deleting neutron.network object s_rally_a3fc3840_XNPXlwYy (0943d29f-bbfc-4a5b-9476-26c3aa10c4ee)
2020-03-16 05:15:09.316 15 RALLYDEBUG rally_openstack.cleanup.manager [-] Deleting neutron.network object s_rally_a3fc3840_eeAj3cA1 (0a0255a2-0368-49b5-81c6-f6411d2d93e0)
2020-03-16 05:15:09.326 15 RALLYDEBUG rally_openstack.cleanup.manager [-] Deleting neutron.network object s_rally_a3fc3840_NaDDEIij (10a59578-56c8-482b-8dc7-c5a198db636d)
2020-03-16 05:15:09.338 15 RALLYDEBUG rally_openstack.cleanup.manager [-] Deleting neutron.network object s_rally_a3fc3840_PRYEIUb4 (177c3bdd-ae4b-4407-a928-fe5d872e18da)
2020-03-16 05:15:09.357 15 RALLYDEBUG rally_openstack.cleanup.manager [-] Deleting neutron.network object s_rally_a3fc3840_VO3KBM6T (18067f53-ab3a-4132-ad70-8a5b68983051)
2020-03-16 05:15:09.371 15 RALLYDEBUG rally_openstack.cleanup.manager [-] Deleting neutron.network object s_rally_a3fc3840_26uladqS (1b03a2f0-7e5f-4737-a64a-8a10cd8fea17)
2020-03-16 05:15:09.388 15 RALLYDEBUG rally_openstack.cleanup.manager [-] Deleting neutron.network object s_rally_a3fc3840_C9lAM19G (1d018ef4-f1bd-474b-ad79-b6671f7c1797)
2020-03-16 05:15:09.396 15 RALLYDEBUG rally_openstack.cleanup.manager [-] Deleting neutron.network object s_rally_a3fc3840_mDJ7rXmA (21f5b2a0-5aca-44cf-9598-c83ffcfece1f)
2020-03-16 05:15:09.402 15 RALLYDEBUG rally_openstack.cleanup.manager [-] Deleting neutron.network object s_rally_a3fc3840_c5WzvJkk (281bccd0-6ee1-45fd-aba0-8e931a75a4d9)
2020-03-16 05:15:09.478 15 RALLYDEBUG rally_openstack.cleanup.manager [-] Deleting neutron.network object s_rally_a3fc3840_ZrJF2ucJ (32ede9e1-6ef2-4e80-bf2e-7da8d47627f0)
2020-03-16 05:15:09.503 15 RALLYDEBUG rally_openstack.cleanup.manager [-] Deleting neutron.network object s_rally_a3fc3840_sSBMllZy (335ccd50-4744-435d-84ff-2d9646a0dafa)
2020-03-16 05:15:09.516 15 RALLYDEBUG rally_openstack.cleanup.manager [-] Deleting neutron.network object s_rally_a3fc3840_ptTCAVsV (5a85ce86-049f-401f-b73c-49f73ac7b670)
2020-03-16 05:15:09.525 15 RALLYDEBUG rally_openstack.cleanup.manager [-] Deleting neutron.network object s_rally_a3fc3840_gTJZpB5s (484e942f-83cf-4279-ae5e-014f6e45ce69)
2020-03-16 05:15:09.529 15 RALLYDEBUG rally_openstack.cleanup.manager [-] Deleting neutron.network object s_rally_a3fc3840_wb5fu2OF (63b8cb1d-3b22-4b4f-8539-780d6bd271b9)
2020-03-16 05:15:09.529 15 RALLYDEBUG rally_openstack.cleanup.manager [-] Deleting neutron.network object s_rally_a3fc3840_SvCkQZBM (4d001064-082a-44f3-b304-75bbf8fe8d8f)
2020-03-16 05:15:09.554 15 RALLYDEBUG rally_openstack.cleanup.manager [-] Deleting neutron.network object s_rally_a3fc3840_DA1ZERGB (7205663e-1adc-47d4-bb34-f8b9b59fc4c5)
2020-03-16 05:15:09.561 15 RALLYDEBUG rally_openstack.cleanup.manager [-] Deleting neutron.network object s_rally_a3fc3840_kULZyMhu (4f3bc4d8-ff97-4955-8cb3-0c30a3b64b04)
2020-03-16 05:15:09.567 15 RALLYDEBUG rally_openstack.cleanup.manager [-] Deleting neutron.network object s_rally_a3fc3840_FDb1cMmp (66ef567d-5d13-4e9c-871f-06ff282839c0)
2020-03-16 05:15:12.496 15 RALLYDEBUG rally_openstack.cleanup.manager [-] Deleting neutron.network object s_rally_a3fc3840_wChB8yaa (83e40731-4b2b-4ba0-a6e9-3a0fb3543bac)
2020-03-16 05:15:12.506 15 RALLYDEBUG rally_openstack.cleanup.manager [-] Deleting neutron.network object s_rally_a3fc3840_IW6c8XE0 (8f964aab-9a3a-4912-9466-9e8adb3eddee)
2020-03-16 05:15:12.527 15 RALLYDEBUG rally_openstack.cleanup.manager [-] Deleting neutron.network object s_rally_a3fc3840_KAh4Gdd6 (92790192-c1a2-4303-866d-315b1229854d)
2020-03-16 05:15:13.277 15 RALLYDEBUG rally_openstack.cleanup.manager [-] Deleting neutron.network object s_rally_a3fc3840_JLfoMMBp (93085b80-91be-4683-b7e2-a86f87eb38b4)
2020-03-16 05:15:13.464 15 RALLYDEBUG rally_openstack.cleanup.manager [-] Deleting neutron.network object s_rally_a3fc3840_yjfA7SMB (990e7a66-8370-402a-8bfb-019d6023f3ef)
2020-03-16 05:15:13.571 15 RALLYDEBUG rally_openstack.cleanup.manager [-] Deleting neutron.network object s_rally_a3fc3840_IpUQFZKA (a65246d6-47f5-4c28-aa3e-b480ef753c53)
2020-03-16 05:15:13.599 15 RALLYDEBUG rally_openstack.cleanup.manager [-] Deleting neutron.network object s_rally_a3fc3840_YV3newU3 (ab37e399-54ed-4001-a121-e7a444a3b411)
2020-03-16 05:15:13.673 15 RALLYDEBUG rally_openstack.cleanup.manager [-] Deleting neutron.network object s_rally_a3fc3840_TdfCeKPc (b09b6bec-fc06-43a9-b4cf-a50e7fc538a0)
2020-03-16 05:15:13.730 15 RALLYDEBUG rally_openstack.cleanup.manager [-] Deleting neutron.network object s_rally_a3fc3840_EYJ0jVHt (babaa481-0eee-4a0d-98de-0d82717727b5)
2020-03-16 05:15:13.901 15 RALLYDEBUG rally_openstack.cleanup.manager [-] Deleting neutron.network object s_rally_a3fc3840_nynqfegQ (bc4d1990-9f12-4031-a4c5-0481cc0a7b05)
2020-03-16 05:15:13.908 15 RALLYDEBUG rally_openstack.cleanup.manager [-] Deleting neutron.network object s_rally_a3fc3840_77GzuvBx (cbac814b-ef95-46c1-8734-d07f3c66cb47)
2020-03-16 05:15:14.007 15 RALLYDEBUG rally_openstack.cleanup.manager [-] Deleting neutron.network object s_rally_a3fc3840_B7O98mBH (ce63c6dc-c5cc-4bd3-aa34-79366ecf2ade)
2020-03-16 05:15:14.173 15 RALLYDEBUG rally_openstack.cleanup.manager [-] Deleting neutron.network object s_rally_a3fc3840_gB8uBI0N (d893d9bb-2af9-4a8a-9f9d-13dc6f277ca5)
2020-03-16 05:15:14.227 15 RALLYDEBUG rally_openstack.cleanup.manager [-] Deleting neutron.network object s_rally_a3fc3840_fHMicv6u (e00368b5-5370-447d-9c2b-3b127946720c)
2020-03-16 05:15:14.270 15 RALLYDEBUG rally_openstack.cleanup.manager [-] Deleting neutron.network object s_rally_a3fc3840_GZVyqMJh (e09ae94c-67d2-4256-ab69-ea1972455e5f)
2020-03-16 05:15:14.407 15 RALLYDEBUG rally_openstack.cleanup.manager [-] Deleting neutron.network object s_rally_a3fc3840_GMlzIYhX (e79bdcb3-0fd1-483e-94e7-b88676f56d9a)
2020-03-16 05:15:14.834 15 RALLYDEBUG rally_openstack.cleanup.manager [-] Deleting neutron.network object s_rally_a3fc3840_jS5k9VP7 (f275c040-9d40-4501-8009-5a2aaf49b78c)
2020-03-16 05:15:15.283 15 RALLYDEBUG rally_openstack.cleanup.manager [-] Deleting neutron.network object s_rally_a3fc3840_LDKPVCvR (f711dabe-06f1-4f5b-a56c-d8adaf870598)
2020-03-16 05:15:15.290 15 RALLYDEBUG rally_openstack.cleanup.manager [-] Deleting neutron.network object s_rally_a3fc3840_SBHKvU9K (f7455a85-618a-4c59-bcb2-a7ecbf6af750)
2020-03-16 05:15:15.338 15 RALLYDEBUG rally_openstack.cleanup.manager [-] Deleting neutron.network object s_rally_a3fc3840_w0gHuO6E (ffef7a1c-f306-4116-aa18-6b8a9260dd64)
2020-03-16 05:15:18.983 15 RALLYDEBUG rally_openstack.cleanup.manager [-] Cleaning up neutron router objects
2020-03-16 05:15:19.482 15 RALLYDEBUG rally_openstack.cleanup.manager [-] Cleaning up neutron security_group objects
2020-03-16 05:15:19.740 15 INFO rally.task.context [-] Task 0590fa21-b0dd-4b3c-994d-5bd89bec2dbe | Context cleanup@openstack cleanup() finished in 33.21 sec
2020-03-16 05:15:19.741 15 INFO rally.task.context [-] Task 0590fa21-b0dd-4b3c-994d-5bd89bec2dbe | Context quotas@openstack cleanup() started
2020-03-16 05:15:19.794 15 INFO rally.task.context [-] Task 0590fa21-b0dd-4b3c-994d-5bd89bec2dbe | Context quotas@openstack cleanup() finished in 52.98 msec
2020-03-16 05:15:19.795 15 INFO rally.task.context [-] Task 0590fa21-b0dd-4b3c-994d-5bd89bec2dbe | Context users@openstack cleanup() started
2020-03-16 05:15:21.369 15 INFO rally.task.context [-] Task 0590fa21-b0dd-4b3c-994d-5bd89bec2dbe | Context users@openstack cleanup() finished in 1.57 sec
2020-03-16 05:15:22.785 15 INFO rally.task.engine [-] Load duration is: 149.161092
2020-03-16 05:15:22.786 15 INFO rally.task.engine [-] Full runner duration is: 149.211095
2020-03-16 05:15:22.786 15 INFO rally.task.engine [-] Full duration is: 185.212667
2020-03-16 05:15:22.890 15 INFO rally.task.engine [-] Running workload: position = 0 config = { "version": 2, "title": "A cropped version of a bigger task.", "description": "Auto-generated task from a single workload (uuid=ce503875-875b-415c-8c49-6dd2759c5ce4)", "subtasks": [ { "title": "NeutronNetworks.create_and_list_ports", "description": "Check performance of list ports action and ensure > network quotas are not exceeded", "scenario": { "NeutronNetworks.create_and_list_ports": { "network_create_args": null, "port_create_args": null, "ports_per_network": 50 } }, "contexts": { "users": { "tenants": 1, "users_per_tenant": 1 }, "quotas": { "neutron": { "network": -1, "subnet": -1, "router": -1, "port": 811 } } }, "runner": { "constant": { "times": 8, "concurrency": 4 } }, "hooks": [], "sla": { "max_avg_duration_per_atomic": { "neutron.list_ports": 15 }, "failure_rate": { "max": 0 } } } ] }
2020-03-16 05:15:22.914 15 RALLYDEBUG rally_openstack.contexts.keystone.users [-] Creating 1 tenants using 20 threads
2020-03-16 05:15:23.309 15 RALLYDEBUG rally_openstack.contexts.keystone.users [-] Creating 1 users using 20 threads
2020-03-16 05:15:23.783 15 INFO rally.task.context [-] Task 0590fa21-b0dd-4b3c-994d-5bd89bec2dbe | Context users@openstack setup() finished in 0.87 sec
2020-03-16 05:15:24.528 15 INFO rally.task.context [-] Task 0590fa21-b0dd-4b3c-994d-5bd89bec2dbe | Context quotas@openstack setup() finished in 0.74 sec
2020-03-16 05:15:24.528 15 INFO rally.task.context [-] Task 0590fa21-b0dd-4b3c-994d-5bd89bec2dbe | Context cleanup@openstack setup() finished in 0.01 msec
2020-03-16 05:15:24.537 15 RALLYDEBUG rally.task.runner [-] Starting the constant runner (task UUID: 0590fa21-b0dd-4b3c-994d-5bd89bec2dbe). timeout: 0 concurrency: 4 concurrency_per_worker: 1 times: 8 concurrency_overhead: 0 processes_to_start: 4 max_cpu_used: 88
2020-03-16 05:15:24.552 3877 RALLYDEBUG rally.task.runner [-] Starting a worker. concurrency: 1 args: {"network_create_args": null, "port_create_args": null, "ports_per_network": 50} times: 8 method_name: run timeout: 0 duration: None cls:
2020-03-16 05:15:24.555 3878 RALLYDEBUG rally.task.runner [-] Starting a worker. concurrency: 1 args: {"network_create_args": null, "port_create_args": null, "ports_per_network": 50} times: 8 method_name: run timeout: 0 duration: None cls:
2020-03-16 05:15:24.558 3877 INFO rally.task.runner [-] Task 0590fa21-b0dd-4b3c-994d-5bd89bec2dbe | ITER: 1 START
2020-03-16 05:15:24.558 3879 RALLYDEBUG rally.task.runner [-] Starting a worker. concurrency: 1 args: {"network_create_args": null, "port_create_args": null, "ports_per_network": 50} times: 8 method_name: run timeout: 0 duration: None cls:
2020-03-16 05:15:24.559 3877 WARNING rally_openstack.scenarios.neutron.utils [-] Running this scenario without either the 'network' or 'existing_network' context is deprecated
2020-03-16 05:15:24.561 3878 INFO rally.task.runner [-] Task 0590fa21-b0dd-4b3c-994d-5bd89bec2dbe | ITER: 2 START
2020-03-16 05:15:24.561 3880 RALLYDEBUG rally.task.runner [-] Starting a worker. concurrency: 1 args: {"network_create_args": null, "port_create_args": null, "ports_per_network": 50} times: 8 method_name: run timeout: 0 duration: None cls:
2020-03-16 05:15:24.562 3878 WARNING rally_openstack.scenarios.neutron.utils [-] Running this scenario without either the 'network' or 'existing_network' context is deprecated
2020-03-16 05:15:24.565 3879 INFO rally.task.runner [-] Task 0590fa21-b0dd-4b3c-994d-5bd89bec2dbe | ITER: 3 START
2020-03-16 05:15:24.566 3879 WARNING rally_openstack.scenarios.neutron.utils [-] Running this scenario without either the 'network' or 'existing_network' context is deprecated
2020-03-16 05:15:24.568 3880 INFO rally.task.runner [-] Task 0590fa21-b0dd-4b3c-994d-5bd89bec2dbe | ITER: 4 START
2020-03-16 05:15:24.569 3880 WARNING rally_openstack.scenarios.neutron.utils [-] Running this scenario without either the 'network' or 'existing_network' context is deprecated
2020-03-16 05:16:33.513 3880 INFO rally.task.runner [-] Task 0590fa21-b0dd-4b3c-994d-5bd89bec2dbe | ITER: 4 END: OK
2020-03-16 05:16:33.521 3880 INFO rally.task.runner [-] Task 0590fa21-b0dd-4b3c-994d-5bd89bec2dbe | ITER: 5 START
2020-03-16 05:16:33.522 3880 WARNING rally_openstack.scenarios.neutron.utils [-] Running this scenario without either the 'network' or 'existing_network' context is deprecated
2020-03-16 05:16:37.972 3879 INFO rally.task.runner [-] Task 0590fa21-b0dd-4b3c-994d-5bd89bec2dbe | ITER: 3 END: OK
2020-03-16 05:16:37.979 3879 INFO rally.task.runner [-] Task 0590fa21-b0dd-4b3c-994d-5bd89bec2dbe | ITER: 6 START
2020-03-16 05:16:37.980 3879 WARNING rally_openstack.scenarios.neutron.utils [-] Running this scenario without either the 'network' or 'existing_network' context is deprecated
2020-03-16 05:16:39.444 3878 INFO rally.task.runner [-] Task 0590fa21-b0dd-4b3c-994d-5bd89bec2dbe | ITER: 2 END: OK
2020-03-16 05:16:39.451 3878 INFO rally.task.runner [-] Task 0590fa21-b0dd-4b3c-994d-5bd89bec2dbe | ITER: 7 START
2020-03-16 05:16:39.452 3878 WARNING rally_openstack.scenarios.neutron.utils [-] Running this scenario without either the 'network' or 'existing_network' context is deprecated
2020-03-16 05:16:43.088 3877 INFO rally.task.runner [-] Task 0590fa21-b0dd-4b3c-994d-5bd89bec2dbe | ITER: 1 END: OK
2020-03-16 05:16:43.095 3877 INFO rally.task.runner [-] Task 0590fa21-b0dd-4b3c-994d-5bd89bec2dbe | ITER: 8 START
2020-03-16 05:16:43.096 3877 WARNING rally_openstack.scenarios.neutron.utils [-] Running this scenario without either the 'network' or 'existing_network' context is deprecated
2020-03-16 05:17:38.153 3880 INFO rally.task.runner [-] Task 0590fa21-b0dd-4b3c-994d-5bd89bec2dbe | ITER: 5 END: OK
2020-03-16 05:17:52.325 3878 INFO rally.task.runner [-] Task 0590fa21-b0dd-4b3c-994d-5bd89bec2dbe | ITER: 7 END: OK
2020-03-16 05:17:55.586 3877 INFO rally.task.runner [-] Task 0590fa21-b0dd-4b3c-994d-5bd89bec2dbe | ITER: 8 END: OK
2020-03-16 05:17:59.236 3879 INFO rally.task.runner [-] Task 0590fa21-b0dd-4b3c-994d-5bd89bec2dbe | ITER: 6 END: OK
2020-03-16 05:17:59.257 15 INFO rally.task.context [-] Task 0590fa21-b0dd-4b3c-994d-5bd89bec2dbe | Context cleanup@openstack cleanup() started
2020-03-16 05:17:59.260 15 RALLYDEBUG rally_openstack.cleanup.manager [-] Cleaning up neutron vip objects
2020-03-16 05:17:59.465 15 RALLYDEBUG rally_openstack.cleanup.manager [-] Cleaning up neutron health_monitor objects
2020-03-16 05:17:59.685 15 RALLYDEBUG rally_openstack.cleanup.manager [-] Cleaning up neutron pool objects
2020-03-16 05:17:59.865 15 RALLYDEBUG rally_openstack.cleanup.manager [-] Cleaning up neutron loadbalancer objects
2020-03-16 05:18:00.059 15 RALLYDEBUG rally_openstack.cleanup.manager [-] Cleaning up neutron floatingip objects
2020-03-16 05:18:00.270 15 RALLYDEBUG rally_openstack.cleanup.manager [-] Cleaning up neutron trunk objects
2020-03-16 05:18:00.435 15 DEBUG neutronclient.v2_0.client [-] Error message: {"NeutronError": {"message": "Invalid input for operation: 'tenant_id' is not supported for filtering.", "type": "InvalidInput", "detail": ""}} _handle_fault_response /usr/lib/python2.7/site-packages/neutronclient/v2_0/client.py:259
2020-03-16 05:18:00.468 15 DEBUG neutronclient.v2_0.client [-] Error message: {"NeutronError": {"message": "Invalid input for operation: 'tenant_id' is not supported for filtering.", "type": "InvalidInput", "detail": ""}} _handle_fault_response /usr/lib/python2.7/site-packages/neutronclient/v2_0/client.py:259
2020-03-16 05:18:00.497 15 DEBUG neutronclient.v2_0.client [-] Error message: {"NeutronError": {"message": "Invalid input for operation: 'tenant_id' is not supported for filtering.", "type": "InvalidInput", "detail": ""}} _handle_fault_response /usr/lib/python2.7/site-packages/neutronclient/v2_0/client.py:259
2020-03-16 05:18:00.497 15 ERROR rally_openstack.cleanup.manager [-] Seems like rally_openstack.cleanup.resources.NeutronTrunk.list(self) method is broken. It shouldn't raise any exceptions.: BadRequest: Invalid input for operation: 'tenant_id' is not supported for filtering. Neutron server returns request_ids: ['req-c20fca47-24d6-485c-9079-9f01f0994e96']
2020-03-16 05:18:00.497 15 ERROR rally_openstack.cleanup.manager
Traceback (most recent call last):
2020-03-16 05:18:00.497 15 ERROR rally_openstack.cleanup.manager
File "/usr/lib/python2.7/site-packages/rally_openstack/cleanup/manager.py", line 133, in _publish
2020-03-16 05:18:00.497 15 ERROR rally_openstack.cleanup.manager for raw_resource in rutils.retry(3, manager.list):
2020-03-16 05:18:00.497 15 ERROR rally_openstack.cleanup.manager
File "/usr/lib/python2.7/site-packages/rally/common/utils.py", line 230, in retry
2020-03-16 05:18:00.497 15 ERROR rally_openstack.cleanup.manager return func(*args, **kwargs)
2020-03-16 05:18:00.497 15 ERROR rally_openstack.cleanup.manager
File "/usr/lib/python2.7/site-packages/rally_openstack/cleanup/resources.py", line 396, in list
2020-03-16 05:18:00.497 15 ERROR rally_openstack.cleanup.manager return super(NeutronTrunk, self).list()
2020-03-16 05:18:00.497 15 ERROR rally_openstack.cleanup.manager
File "/usr/lib/python2.7/site-packages/rally_openstack/cleanup/resources.py", line 273, in list
2020-03-16 05:18:00.497 15 ERROR rally_openstack.cleanup.manager result = list_method(tenant_id=self.tenant_uuid)[resources]
2020-03-16 05:18:00.497 15 ERROR rally_openstack.cleanup.manager
File "/usr/lib/python2.7/site-packages/neutronclient/v2_0/client.py", line 2105, in list_trunks
2020-03-16 05:18:00.497 15 ERROR rally_openstack.cleanup.manager **_params)
2020-03-16 05:18:00.497 15 ERROR rally_openstack.cleanup.manager
File "/usr/lib/python2.7/site-packages/neutronclient/v2_0/client.py", line 369, in list
2020-03-16 05:18:00.497 15 ERROR rally_openstack.cleanup.manager for r in self._pagination(collection, path, **params):
2020-03-16 05:18:00.497 15 ERROR rally_openstack.cleanup.manager
File "/usr/lib/python2.7/site-packages/neutronclient/v2_0/client.py", line 384, in _pagination
2020-03-16 05:18:00.497 15 ERROR rally_openstack.cleanup.manager res = self.get(path, params=params)
2020-03-16 05:18:00.497 15 ERROR rally_openstack.cleanup.manager
File "/usr/lib/python2.7/site-packages/neutronclient/v2_0/client.py", line 354, in get
2020-03-16 05:18:00.497 15 ERROR rally_openstack.cleanup.manager headers=headers, params=params)
2020-03-16 05:18:00.497 15 ERROR rally_openstack.cleanup.manager
File "/usr/lib/python2.7/site-packages/neutronclient/v2_0/client.py", line 331, in retry_request
2020-03-16 05:18:00.497 15 ERROR rally_openstack.cleanup.manager headers=headers, params=params)
2020-03-16 05:18:00.497 15 ERROR rally_openstack.cleanup.manager
File "/usr/lib/python2.7/site-packages/neutronclient/v2_0/client.py", line 294, in do_request
2020-03-16 05:18:00.497 15 ERROR rally_openstack.cleanup.manager self._handle_fault_response(status_code, replybody, resp)
2020-03-16 05:18:00.497 15 ERROR rally_openstack.cleanup.manager
File "/usr/lib/python2.7/site-packages/neutronclient/v2_0/client.py", line 269, in _handle_fault_response
2020-03-16 05:18:00.497 15 ERROR rally_openstack.cleanup.manager exception_handler_v20(status_code, error_body)
2020-03-16 05:18:00.497 15 ERROR rally_openstack.cleanup.manager
File "/usr/lib/python2.7/site-packages/neutronclient/v2_0/client.py", line 93, in exception_handler_v20
2020-03-16 05:18:00.497 15 ERROR rally_openstack.cleanup.manager request_ids=request_ids)
2020-03-16 05:18:00.497 15 ERROR rally_openstack.cleanup.manager BadRequest: Invalid input for operation: 'tenant_id' is not supported for filtering.
2020-03-16 05:18:00.497 15 ERROR rally_openstack.cleanup.manager Neutron server returns request_ids: ['req-c20fca47-24d6-485c-9079-9f01f0994e96']
2020-03-16 05:18:00.497 15 ERROR rally_openstack.cleanup.manager
2020-03-16 05:18:00.508 15 RALLYDEBUG rally_openstack.cleanup.manager [-] Cleaning up neutron port objects
2020-03-16 05:18:01.825 15 RALLYDEBUG rally_openstack.cleanup.manager [-] Deleting neutron.port object s_rally_ce503875_kLZ69Ec6 (020a19e5-5bee-4366-80f9-104a69bf9842)
2020-03-16 05:18:01.826 15 RALLYDEBUG rally_openstack.cleanup.manager [-] Deleting neutron.port object s_rally_ce503875_sBECQK59 (0269df3d-11e2-4744-ae7d-8fecdeb8886f)
2020-03-16 05:18:01.827 15 RALLYDEBUG rally_openstack.cleanup.manager [-] Deleting neutron.port object s_rally_ce503875_f532hJTj (010f4bcf-60d6-4e76-ba5a-b565d5953d68)
2020-03-16 05:18:01.835 15 RALLYDEBUG rally_openstack.cleanup.manager [-] Deleting neutron.port object s_rally_ce503875_5FTAMMyB (0367ac9d-2cbf-4e0d-9b93-29cde5e8f55e)
2020-03-16 05:18:01.836 15 RALLYDEBUG rally_openstack.cleanup.manager [-] Deleting neutron.port object s_rally_ce503875_F45sUCVl (0253d156-996b-44c3-aae3-2b2fc61b5607)
2020-03-16 05:18:01.843 15 RALLYDEBUG rally_openstack.cleanup.manager [-] Deleting neutron.port object s_rally_ce503875_6T60XWU4 (03a9c1f4-0f2d-445b-92ca-3996998a6a05)
2020-03-16 05:18:01.852 15 RALLYDEBUG rally_openstack.cleanup.manager [-] Deleting neutron.port object s_rally_ce503875_1WVjZmL8 (02ac5ce5-2b93-4a05-9fd0-1a4e46f4f4a7)
