2020-03-16 03:08:28.165 1510 INFO rally.task.runner [-] Task af8cfcd4-b962-43b5-a0d7-097a2f82cbbc | ITER: 2 END: OK
2020-03-16 03:08:28.169 1510 INFO rally.task.runner [-] Task af8cfcd4-b962-43b5-a0d7-097a2f82cbbc | ITER: 7 START
2020-03-16 03:08:28.178 1512 INFO rally.task.runner [-] Task af8cfcd4-b962-43b5-a0d7-097a2f82cbbc | ITER: 4 END: OK
2020-03-16 03:08:28.183 1512 INFO rally.task.runner [-] Task af8cfcd4-b962-43b5-a0d7-097a2f82cbbc | ITER: 8 START
2020-03-16 03:08:30.157 1511 RALLYDEBUG rally.task.utils [-] Waiting for resource u'111fad2f-067b-485f-9de1-d3763d0bf1bc'. Status changed: NONE => QUEUED in 0.0540971755981
2020-03-16 03:08:31.428 1509 RALLYDEBUG rally.task.utils [-] Waiting for resource u'49268ef9-c474-40de-9044-2e3992917034'. Status changed: NONE => QUEUED in 0.0721020698547
2020-03-16 03:08:31.465 1510 RALLYDEBUG rally.task.utils [-] Waiting for resource u'85a4dc3f-cb4b-4b99-9919-f78dbc105eb2'. Status changed: NONE => QUEUED in 0.0990581512451
2020-03-16 03:08:31.466 1512 RALLYDEBUG rally.task.utils [-] Waiting for resource u'48d4e4f2-ecf0-4769-a992-5cae1a525b24'. Status changed: NONE => QUEUED in 0.0877811908722
2020-03-16 03:08:31.846 1511 RALLYDEBUG rally.task.utils [-] Waiting for resource s_rally_3a694e14_ds7Vh1r2. Status changed: QUEUED => ACTIVE in 0.0578939914703
2020-03-16 03:08:32.165 1511 INFO rally.task.runner [-] Task af8cfcd4-b962-43b5-a0d7-097a2f82cbbc | ITER: 5 END: OK
2020-03-16 03:08:32.170 1511 INFO rally.task.runner [-] Task af8cfcd4-b962-43b5-a0d7-097a2f82cbbc | ITER: 9 START
2020-03-16 03:08:32.911 1509 RALLYDEBUG rally.task.utils [-] Waiting for resource s_rally_3a694e14_Aoni8R5r. Status changed: QUEUED => ACTIVE in 0.0429699420929
2020-03-16 03:08:32.999 1510 RALLYDEBUG rally.task.utils [-] Waiting for resource s_rally_3a694e14_XkFJVIJL. Status changed: QUEUED => ACTIVE in 0.0579080581665
2020-03-16 03:08:33.000 1512 RALLYDEBUG rally.task.utils [-] Waiting for resource s_rally_3a694e14_FSJ1bC5H. Status changed: QUEUED => ACTIVE in 0.0427358150482
2020-03-16 03:08:33.305 1509 INFO rally.task.runner [-] Task af8cfcd4-b962-43b5-a0d7-097a2f82cbbc | ITER: 6 END: OK
2020-03-16 03:08:33.310 1509 INFO rally.task.runner [-] Task af8cfcd4-b962-43b5-a0d7-097a2f82cbbc | ITER: 10 START
2020-03-16 03:08:33.398 1510 INFO rally.task.runner [-] Task af8cfcd4-b962-43b5-a0d7-097a2f82cbbc | ITER: 7 END: OK
2020-03-16 03:08:33.526 1512 INFO rally.task.runner [-] Task af8cfcd4-b962-43b5-a0d7-097a2f82cbbc | ITER: 8 END: OK
2020-03-16 03:08:34.746 1511 RALLYDEBUG rally.task.utils [-] Waiting for resource u'be9c134a-1897-4951-9a4a-6b4825fc6867'. Status changed: NONE => QUEUED in 0.0671138763428
2020-03-16 03:08:35.745 1511 RALLYDEBUG rally.task.utils [-] Waiting for resource s_rally_3a694e14_iV78pcyr. Status changed: QUEUED => ACTIVE in 0.0364799499512
2020-03-16 03:08:36.021 1511 INFO rally.task.runner [-] Task af8cfcd4-b962-43b5-a0d7-097a2f82cbbc | ITER: 9 END: OK
2020-03-16 03:08:36.077 1509 RALLYDEBUG rally.task.utils [-] Waiting for resource u'07c13dd0-6e96-487a-a23c-b0783d77d96b'. Status changed: NONE => QUEUED in 0.0669188499451
2020-03-16 03:08:37.035 1509 RALLYDEBUG rally.task.utils [-] Waiting for resource s_rally_3a694e14_yP1OBHRR. Status changed: QUEUED => ACTIVE in 0.0392680168152
2020-03-16 03:08:37.315 1509 INFO rally.task.runner [-] Task af8cfcd4-b962-43b5-a0d7-097a2f82cbbc | ITER: 10 END: OK
2020-03-16 03:08:37.334 725 INFO rally.task.context [-] Task af8cfcd4-b962-43b5-a0d7-097a2f82cbbc | Context cleanup@openstack cleanup() started
2020-03-16 03:08:37.338 725 RALLYDEBUG rally_openstack.cleanup.manager [-] Cleaning up glance images objects
2020-03-16 03:08:38.279 725 RALLYDEBUG rally_openstack.cleanup.manager [-] Deleting glance.images object s_rally_3a694e14_Aoni8R5r (49268ef9-c474-40de-9044-2e3992917034)
2020-03-16 03:08:38.280 725 RALLYDEBUG rally_openstack.cleanup.manager [-] Deleting glance.images object s_rally_3a694e14_iV78pcyr (be9c134a-1897-4951-9a4a-6b4825fc6867)
2020-03-16 03:08:38.284 725 RALLYDEBUG rally_openstack.cleanup.manager [-] Deleting glance.images object s_rally_3a694e14_ds7Vh1r2 (111fad2f-067b-485f-9de1-d3763d0bf1bc)
2020-03-16 03:08:38.296 725 RALLYDEBUG rally_openstack.cleanup.manager [-] Deleting glance.images object s_rally_3a694e14_fiVxjJyD (e9641bec-d97b-46c2-851a-d689c465fd9c)
2020-03-16 03:08:38.303 725 RALLYDEBUG rally_openstack.cleanup.manager [-] Deleting glance.images object s_rally_3a694e14_cm7LyFqb (d332b397-688c-4995-b005-a044d4b0bcda)
2020-03-16 03:08:38.297 725 RALLYDEBUG rally_openstack.cleanup.manager [-] Deleting glance.images object s_rally_3a694e14_XkFJVIJL (85a4dc3f-cb4b-4b99-9919-f78dbc105eb2)
2020-03-16 03:08:38.319 725 RALLYDEBUG rally_openstack.cleanup.manager [-] Deleting glance.images object s_rally_3a694e14_yP1OBHRR (07c13dd0-6e96-487a-a23c-b0783d77d96b)
2020-03-16 03:08:38.356 725 RALLYDEBUG rally_openstack.cleanup.manager [-] Deleting glance.images object s_rally_3a694e14_SbzUBPPi (4080494d-9487-478b-a72d-cce0cfcace2b)
2020-03-16 03:08:38.366 725 RALLYDEBUG rally_openstack.cleanup.manager [-] Deleting glance.images object s_rally_3a694e14_R8vCH8VB (42fad498-ef5a-4f8e-bc6e-950b5cd7c7e7)
2020-03-16 03:08:38.367 725 RALLYDEBUG rally_openstack.cleanup.manager [-] Deleting glance.images object s_rally_3a694e14_FSJ1bC5H (48d4e4f2-ecf0-4769-a992-5cae1a525b24)
2020-03-16 03:08:40.501 725 DEBUG glanceclient.common.http [-] Request returned failure status 404. _handle_response /usr/lib/python2.7/site-packages/glanceclient/common/http.py:125
2020-03-16 03:08:40.528 725 DEBUG glanceclient.common.http [-] Request returned failure status 404. _handle_response /usr/lib/python2.7/site-packages/glanceclient/common/http.py:125
2020-03-16 03:08:40.557 725 DEBUG glanceclient.common.http [-] Request returned failure status 404. _handle_response /usr/lib/python2.7/site-packages/glanceclient/common/http.py:125
2020-03-16 03:08:40.588 725 DEBUG glanceclient.common.http [-] Request returned failure status 404. _handle_response /usr/lib/python2.7/site-packages/glanceclient/common/http.py:125
2020-03-16 03:08:41.298 725 DEBUG glanceclient.common.http [-] Request returned failure status 404. _handle_response /usr/lib/python2.7/site-packages/glanceclient/common/http.py:125
2020-03-16 03:08:41.335 725 DEBUG glanceclient.common.http [-] Request returned failure status 404. _handle_response /usr/lib/python2.7/site-packages/glanceclient/common/http.py:125
2020-03-16 03:08:41.347 725 DEBUG glanceclient.common.http [-] Request returned failure status 404. _handle_response /usr/lib/python2.7/site-packages/glanceclient/common/http.py:125
2020-03-16 03:08:41.378 725 DEBUG glanceclient.common.http [-] Request returned failure status 404. _handle_response /usr/lib/python2.7/site-packages/glanceclient/common/http.py:125
2020-03-16 03:08:41.382 725 DEBUG glanceclient.common.http [-] Request returned failure status 404. _handle_response /usr/lib/python2.7/site-packages/glanceclient/common/http.py:125
2020-03-16 03:08:41.411 725 DEBUG glanceclient.common.http [-] Request returned failure status 404. _handle_response /usr/lib/python2.7/site-packages/glanceclient/common/http.py:125
2020-03-16 03:08:41.568 725 DEBUG glanceclient.common.http [-] Request returned failure status 404. _handle_response /usr/lib/python2.7/site-packages/glanceclient/common/http.py:125
2020-03-16 03:08:41.597 725 DEBUG glanceclient.common.http [-] Request returned failure status 404. _handle_response /usr/lib/python2.7/site-packages/glanceclient/common/http.py:125
2020-03-16 03:08:41.601 725 DEBUG glanceclient.common.http [-] Request returned failure status 404. _handle_response /usr/lib/python2.7/site-packages/glanceclient/common/http.py:125
2020-03-16 03:08:41.635 725 DEBUG glanceclient.common.http [-] Request returned failure status 404. _handle_response /usr/lib/python2.7/site-packages/glanceclient/common/http.py:125
2020-03-16 03:08:41.654 725 DEBUG glanceclient.common.http [-] Request returned failure status 404. _handle_response /usr/lib/python2.7/site-packages/glanceclient/common/http.py:125
2020-03-16 03:08:41.725 725 DEBUG glanceclient.common.http [-] Request returned failure status 404. _handle_response /usr/lib/python2.7/site-packages/glanceclient/common/http.py:125
2020-03-16 03:08:41.730 725 DEBUG glanceclient.common.http [-] Request returned failure status 404. _handle_response /usr/lib/python2.7/site-packages/glanceclient/common/http.py:125
2020-03-16 03:08:41.738 725 DEBUG glanceclient.common.http [-] Request returned failure status 404. _handle_response /usr/lib/python2.7/site-packages/glanceclient/common/http.py:125
2020-03-16 03:08:41.862 725 DEBUG glanceclient.common.http [-] Request returned failure status 404. _handle_response /usr/lib/python2.7/site-packages/glanceclient/common/http.py:125
2020-03-16 03:08:41.867 725 DEBUG glanceclient.common.http [-] Request returned failure status 404. _handle_response /usr/lib/python2.7/site-packages/glanceclient/common/http.py:125
2020-03-16 03:08:42.870 725 INFO rally.task.context [-] Task af8cfcd4-b962-43b5-a0d7-097a2f82cbbc | Context cleanup@openstack cleanup() finished in 5.54 sec
2020-03-16 03:08:42.871 725 INFO rally.task.context [-] Task af8cfcd4-b962-43b5-a0d7-097a2f82cbbc | Context users@openstack cleanup() started
2020-03-16 03:08:47.729 725 INFO rally.task.context [-] Task af8cfcd4-b962-43b5-a0d7-097a2f82cbbc | Context users@openstack cleanup() finished in 4.86 sec
2020-03-16 03:08:48.043 725 INFO rally.task.engine [-] Load duration is: 13.521457
2020-03-16 03:08:48.043 725 INFO rally.task.engine [-] Full runner duration is: 13.876897
2020-03-16 03:08:48.044 725 INFO rally.task.engine [-] Full duration is: 27.82132
2020-03-16 03:08:48.104 725 INFO rally.task.engine [-] Running workload: position = 0 config = { "version": 2, "title": "A cropped version of a bigger task.", "description": "Auto-generated task from a single workload (uuid=0f80f47e-cbd5-4f66-bb80-021b9b03f47d)", "subtasks": [ { "title": "GlanceImages.create_and_get_image", "description": "Create and get detailed information of an image.", "scenario": { "GlanceImages.create_and_get_image": { "container_format": "bare", "disk_format": "qcow2", "image_location": "/home/opnfv/functest/images/cirros-0.4.0-x86_64-disk.img" } }, "contexts": { "users": { "tenants": 3, "users_per_tenant": 2 } }, "runner": { "constant": { "concurrency": 4, "times": 10 } }, "hooks": [], "sla": { "failure_rate": { "max": 0 } } } ] }
2020-03-16 03:08:48.127 725 RALLYDEBUG rally_openstack.contexts.keystone.users [-] Creating 3 tenants using 20 threads
2020-03-16 03:08:48.999 725 RALLYDEBUG rally_openstack.contexts.keystone.users [-] Creating 6 users using 20 threads
2020-03-16 03:08:50.456 725 INFO rally.task.context [-] Task af8cfcd4-b962-43b5-a0d7-097a2f82cbbc | Context users@openstack setup() finished in 2.33 sec
2020-03-16 03:08:50.457 725 INFO rally.task.context [-] Task af8cfcd4-b962-43b5-a0d7-097a2f82cbbc | Context cleanup@openstack setup() finished in 0.01 msec
2020-03-16 03:08:50.466 725 RALLYDEBUG rally.task.runner [-] Starting the constant runner (task UUID: af8cfcd4-b962-43b5-a0d7-097a2f82cbbc). timeout: 0 concurrency: 4 concurrency_per_worker: 1 times: 10 concurrency_overhead: 0 processes_to_start: 4 max_cpu_used: 88
2020-03-16 03:08:50.479 1633 RALLYDEBUG rally.task.runner [-] Starting a worker. concurrency: 1 args: {"container_format": "bare", "disk_format": "qcow2", "image_location": "/home/opnfv/functest/images/cirros-0.4.0-x86_64-disk.img"} times: 10 method_name: run timeout: 0 duration: None cls:
2020-03-16 03:08:50.482 1634 RALLYDEBUG rally.task.runner [-] Starting a worker. concurrency: 1 args: {"container_format": "bare", "disk_format": "qcow2", "image_location": "/home/opnfv/functest/images/cirros-0.4.0-x86_64-disk.img"} times: 10 method_name: run timeout: 0 duration: None cls:
2020-03-16 03:08:50.486 1635 RALLYDEBUG rally.task.runner [-] Starting a worker. concurrency: 1 args: {"container_format": "bare", "disk_format": "qcow2", "image_location": "/home/opnfv/functest/images/cirros-0.4.0-x86_64-disk.img"} times: 10 method_name: run timeout: 0 duration: None cls:
2020-03-16 03:08:50.487 1633 INFO rally.task.runner [-] Task af8cfcd4-b962-43b5-a0d7-097a2f82cbbc | ITER: 1 START
2020-03-16 03:08:50.489 1636 RALLYDEBUG rally.task.runner [-] Starting a worker. concurrency: 1 args: {"container_format": "bare", "disk_format": "qcow2", "image_location": "/home/opnfv/functest/images/cirros-0.4.0-x86_64-disk.img"} times: 10 method_name: run timeout: 0 duration: None cls:
2020-03-16 03:08:50.490 1634 INFO rally.task.runner [-] Task af8cfcd4-b962-43b5-a0d7-097a2f82cbbc | ITER: 2 START
2020-03-16 03:08:50.496 1636 INFO rally.task.runner [-] Task af8cfcd4-b962-43b5-a0d7-097a2f82cbbc | ITER: 4 START
2020-03-16 03:08:50.498 1635 INFO rally.task.runner [-] Task af8cfcd4-b962-43b5-a0d7-097a2f82cbbc | ITER: 3 START
2020-03-16 03:08:54.154 1634 RALLYDEBUG rally.task.utils [-] Waiting for resource u'92fd24e2-2cd1-46d1-8054-7898f4f1f20a'. Status changed: NONE => QUEUED in 0.0669710636139
2020-03-16 03:08:54.162 1633 RALLYDEBUG rally.task.utils [-] Waiting for resource u'e8cdff5e-a24d-40e9-9db6-418fa5d4e2c8'. Status changed: NONE => QUEUED in 0.0893471240997
2020-03-16 03:08:54.207 1635 RALLYDEBUG rally.task.utils [-] Waiting for resource u'089e2f16-3fd7-445f-bbc0-0d44c8d2c08c'. Status changed: NONE => QUEUED in 0.0857560634613
2020-03-16 03:08:54.450 1636 RALLYDEBUG rally.task.utils [-] Waiting for resource u'2bd789ff-946c-4279-b81b-8e7b3da4cea7'. Status changed: NONE => QUEUED in 0.079756975174
2020-03-16 03:08:55.356 1634 RALLYDEBUG rally.task.utils [-] Waiting for resource s_rally_0f80f47e_fz47DXKJ. Status changed: QUEUED => ACTIVE in 0.0391318798065
2020-03-16 03:08:55.430 1633 RALLYDEBUG rally.task.utils [-] Waiting for resource s_rally_0f80f47e_QUZLMmNQ. Status changed: QUEUED => ACTIVE in 0.0852079391479
2020-03-16 03:08:55.441 1634 INFO rally.task.runner [-] Task af8cfcd4-b962-43b5-a0d7-097a2f82cbbc | ITER: 2 END: OK
2020-03-16 03:08:55.446 1634 INFO rally.task.runner [-] Task af8cfcd4-b962-43b5-a0d7-097a2f82cbbc | ITER: 5 START
2020-03-16 03:08:55.464 1633 INFO rally.task.runner [-] Task af8cfcd4-b962-43b5-a0d7-097a2f82cbbc | ITER: 1 END: OK
2020-03-16 03:08:55.468 1633 INFO rally.task.runner [-] Task af8cfcd4-b962-43b5-a0d7-097a2f82cbbc | ITER: 6 START
2020-03-16 03:08:55.530 1635 RALLYDEBUG rally.task.utils [-] Waiting for resource s_rally_0f80f47e_l11eAQt8. Status changed: QUEUED => ACTIVE in 0.0542891025543
2020-03-16 03:08:55.536 1636 RALLYDEBUG rally.task.utils [-] Waiting for resource s_rally_0f80f47e_f1CK5xyU. Status changed: QUEUED => ACTIVE in 0.0444328784943
2020-03-16 03:08:55.581 1635 INFO rally.task.runner [-] Task af8cfcd4-b962-43b5-a0d7-097a2f82cbbc | ITER: 3 END: OK
2020-03-16 03:08:55.583 1636 INFO rally.task.runner [-] Task af8cfcd4-b962-43b5-a0d7-097a2f82cbbc | ITER: 4 END: OK
2020-03-16 03:08:55.586 1635 INFO rally.task.runner [-] Task af8cfcd4-b962-43b5-a0d7-097a2f82cbbc | ITER: 7 START
2020-03-16 03:08:55.588 1636 INFO rally.task.runner [-] Task af8cfcd4-b962-43b5-a0d7-097a2f82cbbc | ITER: 8 START
2020-03-16 03:08:58.079 1634 RALLYDEBUG rally.task.utils [-] Waiting for resource u'04c8776e-35ec-4eb9-8fd0-1e922c632a57'. Status changed: NONE => QUEUED in 0.0671279430389
2020-03-16 03:08:58.293 1635 RALLYDEBUG rally.task.utils [-] Waiting for resource u'f325fc38-d659-44c2-9809-2d9be7f9b99b'. Status changed: NONE => QUEUED in 0.071249961853
2020-03-16 03:08:58.328 1636 RALLYDEBUG rally.task.utils [-] Waiting for resource u'76c38480-85a2-4998-93d8-66d9eaab54fd'. Status changed: NONE => QUEUED in 0.0526831150055
2020-03-16 03:08:58.494 1633 RALLYDEBUG rally.task.utils [-] Waiting for resource u'598ed38e-6c9c-43ba-ae15-61e4de0f235e'. Status changed: NONE => QUEUED in 0.070023059845
2020-03-16 03:08:59.778 1634 RALLYDEBUG rally.task.utils [-] Waiting for resource s_rally_0f80f47e_MCWuZ55f. Status changed: QUEUED => ACTIVE in 0.0459070205688
2020-03-16 03:08:59.793 1635 RALLYDEBUG rally.task.utils [-] Waiting for resource s_rally_0f80f47e_zn7PQsKP. Status changed: QUEUED => ACTIVE in 0.0371170043945
2020-03-16 03:08:59.833 1636 RALLYDEBUG rally.task.utils [-] Waiting for resource s_rally_0f80f47e_DGrSkNvZ. Status changed: QUEUED => ACTIVE in 0.0430638790131
2020-03-16 03:08:59.837 1634 INFO rally.task.runner [-] Task af8cfcd4-b962-43b5-a0d7-097a2f82cbbc | ITER: 5 END: OK
2020-03-16 03:08:59.841 1634 INFO rally.task.runner [-] Task af8cfcd4-b962-43b5-a0d7-097a2f82cbbc | ITER: 9 START
2020-03-16 03:08:59.844 1635 INFO rally.task.runner [-] Task af8cfcd4-b962-43b5-a0d7-097a2f82cbbc | ITER: 7 END: OK
2020-03-16 03:08:59.848 1635 INFO rally.task.runner [-] Task af8cfcd4-b962-43b5-a0d7-097a2f82cbbc | ITER: 10 START
2020-03-16 03:08:59.886 1636 INFO rally.task.runner [-] Task af8cfcd4-b962-43b5-a0d7-097a2f82cbbc | ITER: 8 END: OK
2020-03-16 03:08:59.888 1633 RALLYDEBUG rally.task.utils [-] Waiting for resource s_rally_0f80f47e_RxeX4K1M. Status changed: QUEUED => ACTIVE in 0.0501489639282
2020-03-16 03:08:59.937 1633 INFO rally.task.runner [-] Task af8cfcd4-b962-43b5-a0d7-097a2f82cbbc | ITER: 6 END: OK
2020-03-16 03:09:02.352 1634 RALLYDEBUG rally.task.utils [-] Waiting for resource u'6f93d6d1-e0ab-4547-8a41-50aae8517693'. Status changed: NONE => QUEUED in 0.0608878135681
2020-03-16 03:09:02.401 1635 RALLYDEBUG rally.task.utils [-] Waiting for resource u'322533b1-a3ea-4ee3-80fc-e12ad1d66f3a'. Status changed: NONE => QUEUED in 0.0558609962463
2020-03-16 03:09:04.601 1634 RALLYDEBUG rally.task.utils [-] Waiting for resource s_rally_0f80f47e_t6TKHdke. Status changed: QUEUED => ACTIVE in 0.0440311431885
2020-03-16 03:09:04.646 1634 INFO rally.task.runner [-] Task af8cfcd4-b962-43b5-a0d7-097a2f82cbbc | ITER: 9 END: OK
2020-03-16 03:09:04.840 1635 RALLYDEBUG rally.task.utils [-] Waiting for resource s_rally_0f80f47e_sGjBVth8. Status changed: QUEUED => ACTIVE in 0.042900800705
2020-03-16 03:09:04.883 1635 INFO rally.task.runner [-] Task af8cfcd4-b962-43b5-a0d7-097a2f82cbbc | ITER: 10 END: OK
2020-03-16 03:09:04.908 725 INFO rally.task.context [-] Task af8cfcd4-b962-43b5-a0d7-097a2f82cbbc | Context cleanup@openstack cleanup() started
2020-03-16 03:09:04.911 725 RALLYDEBUG rally_openstack.cleanup.manager [-] Cleaning up glance images objects
2020-03-16 03:09:05.772 725 RALLYDEBUG rally_openstack.cleanup.manager [-] Deleting glance.images object s_rally_0f80f47e_t6TKHdke (6f93d6d1-e0ab-4547-8a41-50aae8517693)
2020-03-16 03:09:05.772 725 RALLYDEBUG rally_openstack.cleanup.manager [-] Deleting glance.images object s_rally_0f80f47e_RxeX4K1M (598ed38e-6c9c-43ba-ae15-61e4de0f235e)
2020-03-16 03:09:05.778 725 RALLYDEBUG rally_openstack.cleanup.manager [-] Deleting glance.images object s_rally_0f80f47e_fz47DXKJ (92fd24e2-2cd1-46d1-8054-7898f4f1f20a)
2020-03-16 03:09:05.781 725 RALLYDEBUG rally_openstack.cleanup.manager [-] Deleting glance.images object s_rally_0f80f47e_QUZLMmNQ (e8cdff5e-a24d-40e9-9db6-418fa5d4e2c8)
2020-03-16 03:09:05.793 725 RALLYDEBUG rally_openstack.cleanup.manager [-] Deleting glance.images object s_rally_0f80f47e_DGrSkNvZ (76c38480-85a2-4998-93d8-66d9eaab54fd)
2020-03-16 03:09:05.796 725 RALLYDEBUG rally_openstack.cleanup.manager [-] Deleting glance.images object s_rally_0f80f47e_sGjBVth8 (322533b1-a3ea-4ee3-80fc-e12ad1d66f3a)
2020-03-16 03:09:05.805 725 RALLYDEBUG rally_openstack.cleanup.manager [-] Deleting glance.images object s_rally_0f80f47e_zn7PQsKP (f325fc38-d659-44c2-9809-2d9be7f9b99b)
2020-03-16 03:09:05.812 725 RALLYDEBUG rally_openstack.cleanup.manager [-] Deleting glance.images object s_rally_0f80f47e_MCWuZ55f (04c8776e-35ec-4eb9-8fd0-1e922c632a57)
2020-03-16 03:09:05.814 725 RALLYDEBUG rally_openstack.cleanup.manager [-] Deleting glance.images object s_rally_0f80f47e_f1CK5xyU (2bd789ff-946c-4279-b81b-8e7b3da4cea7)
2020-03-16 03:09:05.842 725 RALLYDEBUG rally_openstack.cleanup.manager [-] Deleting glance.images object s_rally_0f80f47e_l11eAQt8 (089e2f16-3fd7-445f-bbc0-0d44c8d2c08c)
2020-03-16 03:09:06.674 725 DEBUG glanceclient.common.http [-] Request returned failure status 404. _handle_response /usr/lib/python2.7/site-packages/glanceclient/common/http.py:125
2020-03-16 03:09:06.712 725 DEBUG glanceclient.common.http [-] Request returned failure status 404. _handle_response /usr/lib/python2.7/site-packages/glanceclient/common/http.py:125
2020-03-16 03:09:06.990 725 DEBUG glanceclient.common.http [-] Request returned failure status 404. _handle_response /usr/lib/python2.7/site-packages/glanceclient/common/http.py:125
2020-03-16 03:09:07.073 725 DEBUG glanceclient.common.http [-] Request returned failure status 404. _handle_response /usr/lib/python2.7/site-packages/glanceclient/common/http.py:125
2020-03-16 03:09:07.270 725 DEBUG glanceclient.common.http [-] Request returned failure status 404. _handle_response /usr/lib/python2.7/site-packages/glanceclient/common/http.py:125
2020-03-16 03:09:07.327 725 DEBUG glanceclient.common.http [-] Request returned failure status 404. _handle_response /usr/lib/python2.7/site-packages/glanceclient/common/http.py:125
2020-03-16 03:09:07.607 725 DEBUG glanceclient.common.http [-] Request returned failure status 404. _handle_response /usr/lib/python2.7/site-packages/glanceclient/common/http.py:125
2020-03-16 03:09:07.640 725 DEBUG glanceclient.common.http [-] Request returned failure status 404. _handle_response /usr/lib/python2.7/site-packages/glanceclient/common/http.py:125
2020-03-16 03:09:07.853 725 DEBUG glanceclient.common.http [-] Request returned failure status 404. _handle_response /usr/lib/python2.7/site-packages/glanceclient/common/http.py:125
2020-03-16 03:09:07.883 725 DEBUG glanceclient.common.http [-] Request returned failure status 404. _handle_response /usr/lib/python2.7/site-packages/glanceclient/common/http.py:125
2020-03-16 03:09:08.079 725 DEBUG glanceclient.common.http [-] Request returned failure status 404. _handle_response /usr/lib/python2.7/site-packages/glanceclient/common/http.py:125
2020-03-16 03:09:08.108 725 DEBUG glanceclient.common.http [-] Request returned failure status 404. _handle_response /usr/lib/python2.7/site-packages/glanceclient/common/http.py:125
2020-03-16 03:09:08.417 725 DEBUG glanceclient.common.http [-] Request returned failure status 404. _handle_response /usr/lib/python2.7/site-packages/glanceclient/common/http.py:125
2020-03-16 03:09:08.456 725 DEBUG glanceclient.common.http [-] Request returned failure status 404. _handle_response /usr/lib/python2.7/site-packages/glanceclient/common/http.py:125
2020-03-16 03:09:08.752 725 DEBUG glanceclient.common.http [-] Request returned failure status 404. _handle_response /usr/lib/python2.7/site-packages/glanceclient/common/http.py:125
2020-03-16 03:09:08.786 725 DEBUG glanceclient.common.http [-] Request returned failure status 404. _handle_response /usr/lib/python2.7/site-packages/glanceclient/common/http.py:125
2020-03-16 03:09:08.815 725 DEBUG glanceclient.common.http [-] Request returned failure status 404. _handle_response /usr/lib/python2.7/site-packages/glanceclient/common/http.py:125
2020-03-16 03:09:08.825 725 DEBUG glanceclient.common.http [-] Request returned failure status 404. _handle_response /usr/lib/python2.7/site-packages/glanceclient/common/http.py:125
2020-03-16 03:09:08.867 725 DEBUG glanceclient.common.http [-] Request returned failure status 404. _handle_response /usr/lib/python2.7/site-packages/glanceclient/common/http.py:125
2020-03-16 03:09:08.873 725 DEBUG glanceclient.common.http [-] Request returned failure status 404. _handle_response /usr/lib/python2.7/site-packages/glanceclient/common/http.py:125
2020-03-16 03:09:09.876 725 INFO rally.task.context [-] Task af8cfcd4-b962-43b5-a0d7-097a2f82cbbc | Context cleanup@openstack cleanup() finished in 4.97 sec
2020-03-16 03:09:09.876 725 INFO rally.task.context [-] Task af8cfcd4-b962-43b5-a0d7-097a2f82cbbc | Context users@openstack cleanup() started
2020-03-16 03:09:15.491 725 INFO rally.task.context [-] Task af8cfcd4-b962-43b5-a0d7-097a2f82cbbc | Context users@openstack cleanup() finished in 5.61 sec
2020-03-16 03:09:16.395 725 INFO rally.task.engine [-] Load duration is: 13.911158
2020-03-16 03:09:16.396 725 INFO rally.task.engine [-] Full runner duration is: 14.441901
2020-03-16 03:09:16.396 725 INFO rally.task.engine [-] Full duration is: 27.366081
2020-03-16 03:09:16.458 725 INFO rally.task.engine [-] Running workload: position = 0 config = { "version": 2, "title": "A cropped version of a bigger task.", "description": "Auto-generated task from a single workload (uuid=449811d7-2074-4340-8b22-8e2c264def2e)", "subtasks": [ { "title": "GlanceImages.create_and_update_image", "description": "Create an image then update it.", "scenario": { "GlanceImages.create_and_update_image": { "container_format": "bare", "disk_format": "qcow2", "image_location": "/home/opnfv/functest/images/cirros-0.4.0-x86_64-disk.img" } }, "contexts": { "users": { "tenants": 3, "users_per_tenant": 2 } }, "runner": { "constant": { "concurrency": 4, "times": 10 } }, "hooks": [], "sla": { "failure_rate": { "max": 0 } } } ] }
2020-03-16 03:09:16.481 725 RALLYDEBUG rally_openstack.contexts.keystone.users [-] Creating 3 tenants using 20 threads
2020-03-16 03:09:17.067 725 RALLYDEBUG rally_openstack.contexts.keystone.users [-] Creating 6 users using 20 threads
2020-03-16 03:09:18.042 725 INFO rally.task.context [-] Task af8cfcd4-b962-43b5-a0d7-097a2f82cbbc | Context users@openstack setup() finished in 1.56 sec
2020-03-16 03:09:18.043 725 INFO rally.task.context [-] Task af8cfcd4-b962-43b5-a0d7-097a2f82cbbc | Context cleanup@openstack setup() finished in 0.01 msec
2020-03-16 03:09:18.052 725 RALLYDEBUG rally.task.runner [-] Starting the constant runner (task UUID: af8cfcd4-b962-43b5-a0d7-097a2f82cbbc). timeout: 0 concurrency: 4 concurrency_per_worker: 1 times: 10 concurrency_overhead: 0 processes_to_start: 4 max_cpu_used: 88
2020-03-16 03:09:18.066 1757 RALLYDEBUG rally.task.runner [-] Starting a worker. concurrency: 1 args: {"container_format": "bare", "disk_format": "qcow2", "image_location": "/home/opnfv/functest/images/cirros-0.4.0-x86_64-disk.img"} times: 10 method_name: run timeout: 0 duration: None cls:
2020-03-16 03:09:18.068 1758 RALLYDEBUG rally.task.runner [-] Starting a worker. concurrency: 1 args: {"container_format": "bare", "disk_format": "qcow2", "image_location": "/home/opnfv/functest/images/cirros-0.4.0-x86_64-disk.img"} times: 10 method_name: run timeout: 0 duration: None cls:
2020-03-16 03:09:18.071 1759 RALLYDEBUG rally.task.runner [-] Starting a worker. concurrency: 1 args: {"container_format": "bare", "disk_format": "qcow2", "image_location": "/home/opnfv/functest/images/cirros-0.4.0-x86_64-disk.img"} times: 10 method_name: run timeout: 0 duration: None cls:
2020-03-16 03:09:18.073 1757 INFO rally.task.runner [-] Task af8cfcd4-b962-43b5-a0d7-097a2f82cbbc | ITER: 1 START
2020-03-16 03:09:18.075 1760 RALLYDEBUG rally.task.runner [-] Starting a worker. concurrency: 1 args: {"container_format": "bare", "disk_format": "qcow2", "image_location": "/home/opnfv/functest/images/cirros-0.4.0-x86_64-disk.img"} times: 10 method_name: run timeout: 0 duration: None cls:
2020-03-16 03:09:18.076 1758 INFO rally.task.runner [-] Task af8cfcd4-b962-43b5-a0d7-097a2f82cbbc | ITER: 2 START
2020-03-16 03:09:18.078 1759 INFO rally.task.runner [-] Task af8cfcd4-b962-43b5-a0d7-097a2f82cbbc | ITER: 3 START
2020-03-16 03:09:18.081 1760 INFO rally.task.runner [-] Task af8cfcd4-b962-43b5-a0d7-097a2f82cbbc | ITER: 4 START
2020-03-16 03:09:20.855 1757 RALLYDEBUG rally.task.utils [-] Waiting for resource u'f735a323-319e-4f44-b393-a3b323678ca0'. Status changed: NONE => QUEUED in 0.0644800662994
2020-03-16 03:09:20.880 1760 RALLYDEBUG rally.task.utils [-] Waiting for resource u'b14c116b-411b-471f-8eff-62d6f3b41cc7'. Status changed: NONE => QUEUED in 0.0645201206207
2020-03-16 03:09:21.003 1759 RALLYDEBUG rally.task.utils [-] Waiting for resource u'84bc7e67-3edd-4762-9c62-2a0d1f2f7e5e'. Status changed: NONE => QUEUED in 0.0652148723602
2020-03-16 03:09:21.023 1758 RALLYDEBUG rally.task.utils [-] Waiting for resource u'598f2a59-f683-454b-9664-2f7816d7fe44'. Status changed: NONE => QUEUED in 0.0710389614105
2020-03-16 03:09:22.036 1760 RALLYDEBUG rally.task.utils [-] Waiting for resource s_rally_449811d7_QDjSVWKn. Status changed: QUEUED => ACTIVE in 0.0479049682617
2020-03-16 03:09:22.073 1759 RALLYDEBUG rally.task.utils [-] Waiting for resource s_rally_449811d7_o4krWDrj. Status changed: QUEUED => ACTIVE in 0.0321280956268
2020-03-16 03:09:22.078 1757 RALLYDEBUG rally.task.utils [-] Waiting for resource s_rally_449811d7_EzPovLM3. Status changed: QUEUED => ACTIVE in 0.0464189052582
2020-03-16 03:09:22.326 1760 INFO rally.task.runner [-] Task af8cfcd4-b962-43b5-a0d7-097a2f82cbbc | ITER: 4 END: OK
2020-03-16 03:09:22.331 1760 INFO rally.task.runner [-] Task af8cfcd4-b962-43b5-a0d7-097a2f82cbbc | ITER: 5 START
2020-03-16 03:09:22.357 1757 INFO rally.task.runner [-] Task af8cfcd4-b962-43b5-a0d7-097a2f82cbbc | ITER: 1 END: OK
2020-03-16 03:09:22.362 1757 INFO rally.task.runner [-] Task af8cfcd4-b962-43b5-a0d7-097a2f82cbbc | ITER: 6 START
2020-03-16 03:09:22.449 1758 RALLYDEBUG rally.task.utils [-] Waiting for resource s_rally_449811d7_9ykWHCgA. Status changed: QUEUED => ACTIVE in 0.0497670173645
2020-03-16 03:09:22.514 1759 INFO rally.task.runner [-] Task af8cfcd4-b962-43b5-a0d7-097a2f82cbbc | ITER: 3 END: OK
2020-03-16 03:09:22.519 1759 INFO rally.task.runner [-] Task af8cfcd4-b962-43b5-a0d7-097a2f82cbbc | ITER: 7 START
2020-03-16 03:09:22.669 1758 INFO rally.task.runner [-] Task af8cfcd4-b962-43b5-a0d7-097a2f82cbbc | ITER: 2 END: OK
2020-03-16 03:09:22.674 1758 INFO rally.task.runner [-] Task af8cfcd4-b962-43b5-a0d7-097a2f82cbbc | ITER: 8 START
2020-03-16 03:09:24.866 1757 RALLYDEBUG rally.task.utils [-] Waiting for resource u'7d777bae-4bb3-48ff-bd7e-e1da7a097256'. Status changed: NONE => QUEUED in 0.0729110240936
2020-03-16 03:09:24.878 1760 RALLYDEBUG rally.task.utils [-] Waiting for resource u'c9da79b6-a62d-448a-9fc2-36214273646c'. Status changed: NONE => QUEUED in 0.0729570388794
2020-03-16 03:09:25.154 1759 RALLYDEBUG rally.task.utils [-] Waiting for resource u'880b2c02-5acd-4f6c-b224-919c70b917fb'. Status changed: NONE => QUEUED in 0.152327060699
2020-03-16 03:09:25.222 1758 RALLYDEBUG rally.task.utils [-] Waiting for resource u'72e3545b-222d-4f12-9b8d-2130ebb2a9c2'. Status changed: NONE => QUEUED in 0.0688488483429
2020-03-16 03:09:26.821 1760 RALLYDEBUG rally.task.utils [-] Waiting for resource s_rally_449811d7_JRRTzlyw. Status changed: QUEUED => ACTIVE in 0.0436100959778
2020-03-16 03:09:27.206 1760 INFO rally.task.runner [-] Task af8cfcd4-b962-43b5-a0d7-097a2f82cbbc | ITER: 5 END: OK
2020-03-16 03:09:27.211 1760 INFO rally.task.runner [-] Task af8cfcd4-b962-43b5-a0d7-097a2f82cbbc | ITER: 9 START
2020-03-16 03:09:27.413 1757 RALLYDEBUG rally.task.utils [-] Waiting for resource s_rally_449811d7_2J7px6l1. Status changed: QUEUED => ACTIVE in 0.0339028835297
2020-03-16 03:09:27.467 1759 RALLYDEBUG rally.task.utils [-] Waiting for resource s_rally_449811d7_uX4sfxxe. Status changed: QUEUED => ACTIVE in 0.0514130592346
2020-03-16 03:09:27.586 1758 RALLYDEBUG rally.task.utils [-] Waiting for resource s_rally_449811d7_3MXMRrWY. Status changed: QUEUED => ACTIVE in 0.0654399394989
2020-03-16 03:09:27.639 1757 INFO rally.task.runner [-] Task af8cfcd4-b962-43b5-a0d7-097a2f82cbbc | ITER: 6 END: OK
2020-03-16 03:09:27.643 1757 INFO rally.task.runner [-] Task af8cfcd4-b962-43b5-a0d7-097a2f82cbbc | ITER: 10 START
2020-03-16 03:09:27.709 1759 INFO rally.task.runner [-] Task af8cfcd4-b962-43b5-a0d7-097a2f82cbbc | ITER: 7 END: OK
2020-03-16 03:09:27.854 1758 INFO rally.task.runner [-] Task af8cfcd4-b962-43b5-a0d7-097a2f82cbbc | ITER: 8 END: OK
2020-03-16 03:09:29.694 1760 RALLYDEBUG rally.task.utils [-] Waiting for resource u'04e6f148-146b-4ec7-82be-e86585d99233'. Status changed: NONE => QUEUED in 0.0608370304108
2020-03-16 03:09:30.216 1757 RALLYDEBUG rally.task.utils [-] Waiting for resource u'1887769c-7a1a-49ab-88fd-ca934de3eff7'. Status changed: NONE => QUEUED in 0.0731949806213
2020-03-16 03:09:30.475 1760 RALLYDEBUG rally.task.utils [-] Waiting for resource s_rally_449811d7_wIum8OVs. Status changed: QUEUED => ACTIVE in 0.0356431007385
2020-03-16 03:09:30.688 1760 INFO rally.task.runner [-] Task af8cfcd4-b962-43b5-a0d7-097a2f82cbbc | ITER: 9 END: OK
2020-03-16 03:09:31.045 1757 RALLYDEBUG rally.task.utils [-] Waiting for resource s_rally_449811d7_P4sGpTpO. Status changed: QUEUED => ACTIVE in 0.0479168891907
2020-03-16 03:09:31.325 1757 INFO rally.task.runner [-] Task af8cfcd4-b962-43b5-a0d7-097a2f82cbbc | ITER: 10 END: OK
2020-03-16 03:09:31.355 725 INFO rally.task.context [-] Task af8cfcd4-b962-43b5-a0d7-097a2f82cbbc | Context cleanup@openstack cleanup() started
2020-03-16 03:09:31.362 725 RALLYDEBUG rally_openstack.cleanup.manager [-] Cleaning up glance images objects
2020-03-16 03:09:32.387 725 RALLYDEBUG rally_openstack.cleanup.manager [-] Deleting glance.images object s_rally_449811d7_y0jN4EsI (880b2c02-5acd-4f6c-b224-919c70b917fb)
2020-03-16 03:09:32.388 725 RALLYDEBUG rally_openstack.cleanup.manager [-] Deleting glance.images object s_rally_449811d7_yJm2Xrgc (b14c116b-411b-471f-8eff-62d6f3b41cc7)
2020-03-16 03:09:32.390 725 RALLYDEBUG rally_openstack.cleanup.manager [-] Deleting glance.images object s_rally_449811d7_Y1frL2e0 (72e3545b-222d-4f12-9b8d-2130ebb2a9c2)
2020-03-16 03:09:32.392 725 RALLYDEBUG rally_openstack.cleanup.manager [-] Deleting glance.images object s_rally_449811d7_fxeQT3DW (7d777bae-4bb3-48ff-bd7e-e1da7a097256)
2020-03-16 03:09:32.391 725 RALLYDEBUG rally_openstack.cleanup.manager [-] Deleting glance.images object s_rally_449811d7_5Q0re1Uk (1887769c-7a1a-49ab-88fd-ca934de3eff7)
2020-03-16 03:09:32.396 725 RALLYDEBUG rally_openstack.cleanup.manager [-] Deleting glance.images object s_rally_449811d7_YpliRW31 (84bc7e67-3edd-4762-9c62-2a0d1f2f7e5e)
2020-03-16 03:09:32.397 725 RALLYDEBUG rally_openstack.cleanup.manager [-] Deleting glance.images object s_rally_449811d7_G0lT5rFq (04e6f148-146b-4ec7-82be-e86585d99233)
2020-03-16 03:09:32.415 725 RALLYDEBUG rally_openstack.cleanup.manager [-] Deleting glance.images object s_rally_449811d7_UwC5o10h (c9da79b6-a62d-448a-9fc2-36214273646c)
2020-03-16 03:09:32.454 725 RALLYDEBUG rally_openstack.cleanup.manager [-] Deleting glance.images object s_rally_449811d7_ochfggdw (598f2a59-f683-454b-9664-2f7816d7fe44)
2020-03-16 03:09:32.462 725 RALLYDEBUG rally_openstack.cleanup.manager [-] Deleting glance.images object s_rally_449811d7_08C3irCI (f735a323-319e-4f44-b393-a3b323678ca0)
2020-03-16 03:09:34.594 725 DEBUG glanceclient.common.http [-] Request returned failure status 404. _handle_response /usr/lib/python2.7/site-packages/glanceclient/common/http.py:125
2020-03-16 03:09:34.644 725 DEBUG glanceclient.common.http [-] Request returned failure status 404. _handle_response /usr/lib/python2.7/site-packages/glanceclient/common/http.py:125
2020-03-16 03:09:34.716 725 DEBUG glanceclient.common.http [-] Request returned failure status 404. _handle_response /usr/lib/python2.7/site-packages/glanceclient/common/http.py:125
2020-03-16 03:09:34.739 725 DEBUG glanceclient.common.http [-] Request returned failure status 404. _handle_response /usr/lib/python2.7/site-packages/glanceclient/common/http.py:125
2020-03-16 03:09:34.755 725 DEBUG glanceclient.common.http [-] Request returned failure status 404. _handle_response /usr/lib/python2.7/site-packages/glanceclient/common/http.py:125
2020-03-16 03:09:34.759 725 DEBUG glanceclient.common.http [-] Request returned failure status 404. _handle_response /usr/lib/python2.7/site-packages/glanceclient/common/http.py:125
2020-03-16 03:09:34.794 725 DEBUG glanceclient.common.http [-] Request returned failure status 404. _handle_response /usr/lib/python2.7/site-packages/glanceclient/common/http.py:125
2020-03-16 03:09:34.807 725 DEBUG glanceclient.common.http [-] Request returned failure status 404. _handle_response /usr/lib/python2.7/site-packages/glanceclient/common/http.py:125
2020-03-16 03:09:34.875 725 DEBUG glanceclient.common.http [-] Request returned failure status 404. _handle_response /usr/lib/python2.7/site-packages/glanceclient/common/http.py:125
2020-03-16 03:09:34.891 725 DEBUG glanceclient.common.http [-] Request returned failure status 404. _handle_response /usr/lib/python2.7/site-packages/glanceclient/common/http.py:125
2020-03-16 03:09:34.913 725 DEBUG glanceclient.common.http [-] Request returned failure status 404. _handle_response /usr/lib/python2.7/site-packages/glanceclient/common/http.py:125
2020-03-16 03:09:34.932 725 DEBUG glanceclient.common.http [-] Request returned failure status 404. _handle_response /usr/lib/python2.7/site-packages/glanceclient/common/http.py:125
2020-03-16 03:09:34.946 725 DEBUG glanceclient.common.http [-] Request returned failure status 404. _handle_response /usr/lib/python2.7/site-packages/glanceclient/common/http.py:125
2020-03-16 03:09:34.951 725 DEBUG glanceclient.common.http [-] Request returned failure status 404. _handle_response /usr/lib/python2.7/site-packages/glanceclient/common/http.py:125
2020-03-16 03:09:34.977 725 DEBUG glanceclient.common.http [-] Request returned failure status 404. _handle_response /usr/lib/python2.7/site-packages/glanceclient/common/http.py:125
2020-03-16 03:09:34.980 725 DEBUG glanceclient.common.http [-] Request returned failure status 404. _handle_response /usr/lib/python2.7/site-packages/glanceclient/common/http.py:125
2020-03-16 03:09:34.990 725 DEBUG glanceclient.common.http [-] Request returned failure status 404. _handle_response /usr/lib/python2.7/site-packages/glanceclient/common/http.py:125
2020-03-16 03:09:35.034 725 DEBUG glanceclient.common.http [-] Request returned failure status 404. _handle_response /usr/lib/python2.7/site-packages/glanceclient/common/http.py:125
2020-03-16 03:09:35.039 725 DEBUG glanceclient.common.http [-] Request returned failure status 404. _handle_response /usr/lib/python2.7/site-packages/glanceclient/common/http.py:125
2020-03-16 03:09:35.061 725 DEBUG glanceclient.common.http [-] Request returned failure status 404. _handle_response /usr/lib/python2.7/site-packages/glanceclient/common/http.py:125
2020-03-16 03:09:36.064 725 INFO rally.task.context [-] Task af8cfcd4-b962-43b5-a0d7-097a2f82cbbc | Context cleanup@openstack cleanup() finished in 4.71 sec
2020-03-16 03:09:36.065 725 INFO rally.task.context [-] Task af8cfcd4-b962-43b5-a0d7-097a2f82cbbc | Context users@openstack cleanup() started
2020-03-16 03:09:42.374 725 INFO rally.task.context [-] Task af8cfcd4-b962-43b5-a0d7-097a2f82cbbc | Context users@openstack cleanup() finished in 6.31 sec
2020-03-16 03:09:42.707 725 INFO rally.task.engine [-] Load duration is: 12.920904
2020-03-16 03:09:42.707 725 INFO rally.task.engine [-] Full runner duration is: 13.301895
2020-03-16 03:09:42.708 725 INFO rally.task.engine [-] Full duration is: 25.894529
2020-03-16 03:09:42.765 725 INFO rally.task.engine [-] Task af8cfcd4-b962-43b5-a0d7-097a2f82cbbc | Completed: Running task.
2020-03-16 03:09:43.935 1839 RALLYDEBUG rally.api [-] INFO logs from urllib3 and requests module are hide.
2020-03-16 03:09:43.935 1839 RALLYDEBUG rally.api [-] urllib3 insecure warnings are hidden.
2020-03-16 03:09:43.935 1839 RALLYDEBUG rally.api [-] ERROR log from boto module is hide.
2020-03-16 03:09:44.675 1840 RALLYDEBUG rally.api [-] INFO logs from urllib3 and requests module are hide.
2020-03-16 03:09:44.675 1840 RALLYDEBUG rally.api [-] urllib3 insecure warnings are hidden.
2020-03-16 03:09:44.675 1840 RALLYDEBUG rally.api [-] ERROR log from boto module is hide.
2020-03-16 03:09:45.723 1841 RALLYDEBUG rally.api [-] INFO logs from urllib3 and requests module are hide.
2020-03-16 03:09:45.723 1841 RALLYDEBUG rally.api [-] urllib3 insecure warnings are hidden.
2020-03-16 03:09:45.724 1841 RALLYDEBUG rally.api [-] ERROR log from boto module is hide.
2020-03-16 03:09:47.273 1841 INFO rally.api [-] Building 'json' report for the following task(s): 'af8cfcd4-b962-43b5-a0d7-097a2f82cbbc'.
2020-03-16 03:09:47.296 1841 INFO rally.api [-] The report has been successfully built.
2020-03-16 03:09:48.129 1843 RALLYDEBUG rally.api [-] INFO logs from urllib3 and requests module are hide.
2020-03-16 03:09:48.129 1843 RALLYDEBUG rally.api [-] urllib3 insecure warnings are hidden.
2020-03-16 03:09:48.129 1843 RALLYDEBUG rally.api [-] ERROR log from boto module is hide.
2020-03-16 03:09:49.770 1843 INFO rally.task.engine [-] Task 09b6dc6b-56d2-4d9c-9127-0ee14d612c9c | Starting: Task validation.
2020-03-16 03:09:49.774 1843 INFO rally.task.engine [-] Task 09b6dc6b-56d2-4d9c-9127-0ee14d612c9c | Starting: Task validation of syntax.
2020-03-16 03:09:50.096 1843 INFO rally.task.engine [-] Task 09b6dc6b-56d2-4d9c-9127-0ee14d612c9c | Completed: Task validation of syntax.
2020-03-16 03:09:50.096 1843 INFO rally.task.engine [-] Task 09b6dc6b-56d2-4d9c-9127-0ee14d612c9c | Starting: Task validation of required platforms.
2020-03-16 03:09:50.228 1843 INFO rally.task.engine [-] Task 09b6dc6b-56d2-4d9c-9127-0ee14d612c9c | Completed: Task validation of required platforms.
2020-03-16 03:09:50.228 1843 INFO rally.task.engine [-] Task 09b6dc6b-56d2-4d9c-9127-0ee14d612c9c | Starting: Task validation of semantic.
2020-03-16 03:09:50.228 1843 INFO rally.task.engine [-] Check health of the environment '8e88a5f4-9696-41b1-8a4e-473cc1b802bd'.
2020-03-16 03:09:50.849 1843 INFO rally.task.engine [-] Platform existing@openstack (available: True): OK!
2020-03-16 03:09:50.871 1843 RALLYDEBUG rally_openstack.contexts.keystone.users [-] Creating 1 tenants using 20 threads
2020-03-16 03:09:51.144 1843 RALLYDEBUG rally_openstack.contexts.keystone.users [-] Creating 1 users using 20 threads
2020-03-16 03:09:51.556 1843 INFO rally.task.context [-] Task 09b6dc6b-56d2-4d9c-9127-0ee14d612c9c | Context users@openstack setup() finished in 0.69 sec
2020-03-16 03:09:52.025 1843 DEBUG novaclient.v2.client [-] REQ: curl -g -i -X GET http://compute-airship.intel-pod15.opnfv.org/v2.1/flavors/detail -H "Accept: application/json" -H "User-Agent: python-novaclient" -H "X-Auth-Token: {SHA1}b5ec62869df6050f7c4780b0f000de7cb7eced10" _http_log_request /usr/lib/python2.7/site-packages/keystoneauth1/session.py:448
2020-03-16 03:09:52.243 1843 DEBUG novaclient.v2.client [-] RESP: [200] Connection: keep-alive Content-Encoding: gzip Content-Type: application/json Date: Mon, 16 Mar 2020 03:09:52 GMT Openstack-Api-Version: compute 2.1 Transfer-Encoding: chunked Vary: Accept-Encoding, OpenStack-API-Version, X-OpenStack-Nova-API-Version X-Compute-Request-Id: req-f9ae2cd6-6d9e-436d-a65c-6c966f149c51 X-Openstack-Nova-Api-Version: 2.1 _http_log_response /usr/lib/python2.7/site-packages/keystoneauth1/session.py:479
2020-03-16 03:09:52.244 1843 DEBUG novaclient.v2.client [-] RESP BODY: {"flavors": [{"links": [{"href": "http://compute-airship.intel-pod15.opnfv.org/v2.1/flavors/182c0f3e-2aa5-46a7-92a3-52081441beb3", "rel": "self"}, {"href": "http://compute-airship.intel-pod15.opnfv.org/flavors/182c0f3e-2aa5-46a7-92a3-52081441beb3", "rel": "bookmark"}], "ram": 8192, "OS-FLV-DISABLED:disabled": false, "os-flavor-access:is_public": true, "rxtx_factor": 1.0, "disk": 80, "id": "182c0f3e-2aa5-46a7-92a3-52081441beb3", "name": "m1.large", "vcpus": 4, "swap": "", "OS-FLV-EXT-DATA:ephemeral": 0}, {"links": [{"href": "http://compute-airship.intel-pod15.opnfv.org/v2.1/flavors/6b8bb776-6bb6-45b7-90ff-d24b0ec40ae1", "rel": "self"}, {"href": "http://compute-airship.intel-pod15.opnfv.org/flavors/6b8bb776-6bb6-45b7-90ff-d24b0ec40ae1", "rel": "bookmark"}], "ram": 512, "OS-FLV-DISABLED:disabled": false, "os-flavor-access:is_public": true, "rxtx_factor": 1.0, "disk": 1, "id": "6b8bb776-6bb6-45b7-90ff-d24b0ec40ae1", "name": "m1.tiny", "vcpus": 1, "swap": "", "OS-FLV-EXT-DATA:ephemeral": 0}, {"links": [{"href": "http://compute-airship.intel-pod15.opnfv.org/v2.1/flavors/6fd6f318-2c53-4873-972c-c4013be15e32", "rel": "self"}, {"href": "http://compute-airship.intel-pod15.opnfv.org/flavors/6fd6f318-2c53-4873-972c-c4013be15e32", "rel": "bookmark"}], "ram": 512, "OS-FLV-DISABLED:disabled": false, "os-flavor-access:is_public": true, "rxtx_factor": 1.0, "disk": 1, "id": "6fd6f318-2c53-4873-972c-c4013be15e32", "name": "rally_full-flavor_d356b3c2-2422-4ba8-9769-4066a16a9610", "vcpus": 1, "swap": "", "OS-FLV-EXT-DATA:ephemeral": 0}, {"links": [{"href": "http://compute-airship.intel-pod15.opnfv.org/v2.1/flavors/86b7c3bd-6ab3-4a6f-8674-f0c989e73e58", "rel": "self"}, {"href": "http://compute-airship.intel-pod15.opnfv.org/flavors/86b7c3bd-6ab3-4a6f-8674-f0c989e73e58", "rel": "bookmark"}], "ram": 16384, "OS-FLV-DISABLED:disabled": false, "os-flavor-access:is_public": true, "rxtx_factor": 1.0, "disk": 160, "id": "86b7c3bd-6ab3-4a6f-8674-f0c989e73e58", "name": "m1.xlarge", "vcpus": 8, "swap": "", "OS-FLV-EXT-DATA:ephemeral": 0}, {"links": [{"href": "http://compute-airship.intel-pod15.opnfv.org/v2.1/flavors/d6039539-d8a3-4f6b-b24d-01d0d679781b", "rel": "self"}, {"href": "http://compute-airship.intel-pod15.opnfv.org/flavors/d6039539-d8a3-4f6b-b24d-01d0d679781b", "rel": "bookmark"}], "ram": 2048, "OS-FLV-DISABLED:disabled": false, "os-flavor-access:is_public": true, "rxtx_factor": 1.0, "disk": 20, "id": "d6039539-d8a3-4f6b-b24d-01d0d679781b", "name": "m1.small", "vcpus": 1, "swap": "", "OS-FLV-EXT-DATA:ephemeral": 0}, {"links": [{"href": "http://compute-airship.intel-pod15.opnfv.org/v2.1/flavors/e0f22bc3-9756-467c-95c3-81ad30981fc1", "rel": "self"}, {"href": "http://compute-airship.intel-pod15.opnfv.org/flavors/e0f22bc3-9756-467c-95c3-81ad30981fc1", "rel": "bookmark"}], "ram": 1024, "OS-FLV-DISABLED:disabled": false, "os-flavor-access:is_public": true, "rxtx_factor": 1.0, "disk": 1, "id": "e0f22bc3-9756-467c-95c3-81ad30981fc1", "name": "rally_full-flavor_alt_d356b3c2-2422-4ba8-9769-4066a16a9610", "vcpus": 1, "swap": "", "OS-FLV-EXT-DATA:ephemeral": 0}, {"links": [{"href": "http://compute-airship.intel-pod15.opnfv.org/v2.1/flavors/ec5fc914-8fdb-4114-9598-ea1e329f8b24", "rel": "self"}, {"href": "http://compute-airship.intel-pod15.opnfv.org/flavors/ec5fc914-8fdb-4114-9598-ea1e329f8b24", "rel": "bookmark"}], "ram": 4096, "OS-FLV-DISABLED:disabled": false, "os-flavor-access:is_public": true, "rxtx_factor": 1.0, "disk": 40, "id": "ec5fc914-8fdb-4114-9598-ea1e329f8b24", "name": "m1.medium", "vcpus": 2, "swap": "", "OS-FLV-EXT-DATA:ephemeral": 0}]} _http_log_response /usr/lib/python2.7/site-packages/keystoneauth1/session.py:511
2020-03-16 03:09:52.245 1843 DEBUG novaclient.v2.client [-] GET call to compute for http://compute-airship.intel-pod15.opnfv.org/v2.1/flavors/detail used request id req-f9ae2cd6-6d9e-436d-a65c-6c966f149c51 request /usr/lib/python2.7/site-packages/keystoneauth1/session.py:844
2020-03-16 03:09:52.327 1843 DEBUG novaclient.v2.client [-] REQ: curl -g -i -X GET http://compute-airship.intel-pod15.opnfv.org/v2.1/flavors/6fd6f318-2c53-4873-972c-c4013be15e32 -H "Accept: application/json" -H "User-Agent: python-novaclient" -H "X-Auth-Token: {SHA1}7763ec52630708d796934524b40ebc3e0e36255b" _http_log_request /usr/lib/python2.7/site-packages/keystoneauth1/session.py:448
2020-03-16 03:09:52.471 1843 DEBUG novaclient.v2.client [-] RESP: [200] Connection: keep-alive Content-Encoding: gzip Content-Type: application/json Date: Mon, 16 Mar 2020 03:09:52 GMT Openstack-Api-Version: compute 2.1 Transfer-Encoding: chunked Vary: Accept-Encoding, OpenStack-API-Version, X-OpenStack-Nova-API-Version X-Compute-Request-Id: req-e20cf9a6-f373-43ad-951e-984b4d87fec7 X-Openstack-Nova-Api-Version: 2.1 _http_log_response /usr/lib/python2.7/site-packages/keystoneauth1/session.py:479
2020-03-16 03:09:52.472 1843 DEBUG novaclient.v2.client [-] RESP BODY: {"flavor": {"links": [{"href": "http://compute-airship.intel-pod15.opnfv.org/v2.1/flavors/6fd6f318-2c53-4873-972c-c4013be15e32", "rel": "self"}, {"href": "http://compute-airship.intel-pod15.opnfv.org/flavors/6fd6f318-2c53-4873-972c-c4013be15e32", "rel": "bookmark"}], "ram": 512, "OS-FLV-DISABLED:disabled": false, "os-flavor-access:is_public": true, "rxtx_factor": 1.0, "disk": 1, "id": "6fd6f318-2c53-4873-972c-c4013be15e32", "name": "rally_full-flavor_d356b3c2-2422-4ba8-9769-4066a16a9610", "vcpus": 1, "swap": "", "OS-FLV-EXT-DATA:ephemeral": 0}} _http_log_response /usr/lib/python2.7/site-packages/keystoneauth1/session.py:511
2020-03-16 03:09:52.472 1843 DEBUG novaclient.v2.client [-] GET call to compute for http://compute-airship.intel-pod15.opnfv.org/v2.1/flavors/6fd6f318-2c53-4873-972c-c4013be15e32 used request id req-e20cf9a6-f373-43ad-951e-984b4d87fec7 request /usr/lib/python2.7/site-packages/keystoneauth1/session.py:844
2020-03-16 03:09:54.096 1843 DEBUG novaclient.v2.client [-] REQ: curl -g -i -X GET http://compute-airship.intel-pod15.opnfv.org/v2.1/flavors/detail -H "Accept: application/json" -H "User-Agent: python-novaclient" -H "X-Auth-Token: {SHA1}52d6fc2316a302b4bd6060c1267097bc9d3665e4" _http_log_request /usr/lib/python2.7/site-packages/keystoneauth1/session.py:448
2020-03-16 03:09:54.235 1843 DEBUG novaclient.v2.client [-] RESP: [200] Connection: keep-alive Content-Encoding: gzip Content-Type: application/json Date: Mon, 16 Mar 2020 03:09:54 GMT Openstack-Api-Version: compute 2.1 Transfer-Encoding: chunked Vary: Accept-Encoding, OpenStack-API-Version, X-OpenStack-Nova-API-Version X-Compute-Request-Id: req-a4b1b1ca-1408-4fa5-bf2f-681266c5dedf X-Openstack-Nova-Api-Version: 2.1 _http_log_response /usr/lib/python2.7/site-packages/keystoneauth1/session.py:479
