2020-03-10 01:49:56.773 6 RALLYDEBUG rally.api [-] INFO logs from urllib3 and requests module are hide.
2020-03-10 01:49:56.774 6 RALLYDEBUG rally.api [-] urllib3 insecure warnings are hidden.
2020-03-10 01:49:56.774 6 RALLYDEBUG rally.api [-] ERROR log from boto module is hide.
2020-03-10 01:49:58.291 6 ERROR rally.cli.cliutils [-] Unexpected exception in CLI: DBRecordNotFound: Record for uuid or name is opnfv-rally not found in table envs
2020-03-10 01:49:58.291 6 ERROR rally.cli.cliutils
Traceback (most recent call last):
2020-03-10 01:49:58.291 6 ERROR rally.cli.cliutils
File "/usr/lib/python2.7/site-packages/rally/cli/cliutils.py", line 674, in run
2020-03-10 01:49:58.291 6 ERROR rally.cli.cliutils ret = fn(*fn_args, **fn_kwargs)
2020-03-10 01:49:58.291 6 ERROR rally.cli.cliutils File "", line 2, in destroy
2020-03-10 01:49:58.291 6 ERROR rally.cli.cliutils
File "/usr/lib/python2.7/site-packages/rally/cli/envutils.py", line 68, in default_from_global
2020-03-10 01:49:58.291 6 ERROR rally.cli.cliutils return f(*args, **kwargs)
2020-03-10 01:49:58.291 6 ERROR rally.cli.cliutils File "", line 2, in destroy
2020-03-10 01:49:58.291 6 ERROR rally.cli.cliutils
File "/usr/lib/python2.7/site-packages/rally/plugins/__init__.py", line 51, in ensure_plugins_are_loaded
2020-03-10 01:49:58.291 6 ERROR rally.cli.cliutils return f(*args, **kwargs)
2020-03-10 01:49:58.291 6 ERROR rally.cli.cliutils
File "/usr/lib/python2.7/site-packages/rally/cli/commands/deployment.py", line 157, in destroy
2020-03-10 01:49:58.291 6 ERROR rally.cli.cliutils api.deployment.destroy(deployment=deployment)
2020-03-10 01:49:58.291 6 ERROR rally.cli.cliutils
File "/usr/lib/python2.7/site-packages/rally/api.py", line 115, in destroy
2020-03-10 01:49:58.291 6 ERROR rally.cli.cliutils deploy = objects.Deployment.get(deployment)
2020-03-10 01:49:58.291 6 ERROR rally.cli.cliutils
File "/usr/lib/python2.7/site-packages/rally/common/objects/deploy.py", line 124, in get
2020-03-10 01:49:58.291 6 ERROR rally.cli.cliutils return Deployment(env_mgr.EnvManager.get(deploy))
2020-03-10 01:49:58.291 6 ERROR rally.cli.cliutils
File "/usr/lib/python2.7/site-packages/rally/env/env_mgr.py", line 212, in get
2020-03-10 01:49:58.291 6 ERROR rally.cli.cliutils return cls(db.env_get(uuid_or_name))
2020-03-10 01:49:58.291 6 ERROR rally.cli.cliutils
File "/usr/lib/python2.7/site-packages/rally/common/db/api.py", line 135, in wrapper
2020-03-10 01:49:58.291 6 ERROR rally.cli.cliutils result = f(session, *args, **kwargs)
2020-03-10 01:49:58.291 6 ERROR rally.cli.cliutils
File "/usr/lib/python2.7/site-packages/rally/common/db/api.py", line 521, in env_get
2020-03-10 01:49:58.291 6 ERROR rally.cli.cliutils criteria="uuid or name is %s" % uuid_or_name, table="envs")
2020-03-10 01:49:58.291 6 ERROR rally.cli.cliutils DBRecordNotFound: Record for uuid or name is opnfv-rally not found in table envs
2020-03-10 01:49:58.291 6 ERROR rally.cli.cliutils
2020-03-10 01:49:59.006 8 RALLYDEBUG rally.api [-] INFO logs from urllib3 and requests module are hide.
2020-03-10 01:49:59.006 8 RALLYDEBUG rally.api [-] urllib3 insecure warnings are hidden.
2020-03-10 01:49:59.006 8 RALLYDEBUG rally.api [-] ERROR log from boto module is hide.
2020-03-10 01:50:01.378 10 RALLYDEBUG rally.api [-] INFO logs from urllib3 and requests module are hide.
2020-03-10 01:50:01.379 10 RALLYDEBUG rally.api [-] urllib3 insecure warnings are hidden.
2020-03-10 01:50:01.379 10 RALLYDEBUG rally.api [-] ERROR log from boto module is hide.
2020-03-10 01:50:04.218 13 RALLYDEBUG rally.api [-] INFO logs from urllib3 and requests module are hide.
2020-03-10 01:50:04.219 13 RALLYDEBUG rally.api [-] urllib3 insecure warnings are hidden.
2020-03-10 01:50:04.219 13 RALLYDEBUG rally.api [-] ERROR log from boto module is hide.
2020-03-10 01:50:05.908 15 RALLYDEBUG rally.api [-] INFO logs from urllib3 and requests module are hide.
2020-03-10 01:50:05.908 15 RALLYDEBUG rally.api [-] urllib3 insecure warnings are hidden.
2020-03-10 01:50:05.908 15 RALLYDEBUG rally.api [-] ERROR log from boto module is hide.
2020-03-10 01:50:07.440 15 INFO rally.common.plugin.discover [-] Loading plugins from directories /root/.rally/plugins/*
2020-03-10 01:50:07.441 15 INFO rally.common.plugin.discover [-] Loaded module with plugins: /root/.rally/plugins/__init__.py
2020-03-10 01:50:07.443 15 INFO rally.common.plugin.discover [-] Loaded module with plugins: /root/.rally/plugins/trunk_scenario.py
2020-03-10 01:50:07.642 15 INFO rally.task.engine [-] Task 83549a3d-67a1-44e0-a200-0ed618f07123 | Starting: Task validation.
2020-03-10 01:50:07.648 15 INFO rally.task.engine [-] Task 83549a3d-67a1-44e0-a200-0ed618f07123 | Starting: Task validation of syntax.
2020-03-10 01:50:07.898 15 INFO rally.task.engine [-] Task 83549a3d-67a1-44e0-a200-0ed618f07123 | Completed: Task validation of syntax.
2020-03-10 01:50:07.898 15 INFO rally.task.engine [-] Task 83549a3d-67a1-44e0-a200-0ed618f07123 | Starting: Task validation of required platforms.
2020-03-10 01:50:08.018 15 INFO rally.task.engine [-] Task 83549a3d-67a1-44e0-a200-0ed618f07123 | Completed: Task validation of required platforms.
2020-03-10 01:50:08.019 15 INFO rally.task.engine [-] Task 83549a3d-67a1-44e0-a200-0ed618f07123 | Starting: Task validation of semantic.
2020-03-10 01:50:08.019 15 INFO rally.task.engine [-] Check health of the environment '08f1fff9-38ea-4304-b6f5-3beff5f86d8a'.
2020-03-10 01:50:08.537 15 INFO rally.task.engine [-] Platform existing@openstack (available: True): OK!
2020-03-10 01:50:08.557 15 RALLYDEBUG rally_openstack.contexts.keystone.users [-] Creating 1 tenants using 20 threads
2020-03-10 01:50:08.838 15 RALLYDEBUG rally_openstack.contexts.keystone.users [-] Creating 1 users using 20 threads
2020-03-10 01:50:09.330 15 INFO rally.task.context [-] Task 83549a3d-67a1-44e0-a200-0ed618f07123 | Context users@openstack setup() finished in 0.77 sec
2020-03-10 01:50:10.665 15 INFO rally.task.context [-] Task 83549a3d-67a1-44e0-a200-0ed618f07123 | Context users@openstack cleanup() started
2020-03-10 01:50:12.180 15 INFO rally.task.context [-] Task 83549a3d-67a1-44e0-a200-0ed618f07123 | Context users@openstack cleanup() finished in 1.51 sec
2020-03-10 01:50:12.180 15 INFO rally.task.engine [-] Task 83549a3d-67a1-44e0-a200-0ed618f07123 | Completed: Task validation of semantic.
2020-03-10 01:50:12.181 15 INFO rally.task.engine [-] Task 83549a3d-67a1-44e0-a200-0ed618f07123 | Completed: Task validation.
2020-03-10 01:50:12.181 15 INFO rally.api [-] Task 83549a3d-67a1-44e0-a200-0ed618f07123 input file is valid.
2020-03-10 01:50:12.181 15 INFO rally.api [-] Run Task 83549a3d-67a1-44e0-a200-0ed618f07123 against Deployment 08f1fff9-38ea-4304-b6f5-3beff5f86d8a
2020-03-10 01:50:12.182 15 INFO rally.task.engine [-] Task 83549a3d-67a1-44e0-a200-0ed618f07123 | Starting: Running task.
2020-03-10 01:50:12.219 15 INFO rally.task.engine [-] Running workload: position = 0 config = { "version": 2, "title": "A cropped version of a bigger task.", "description": "Auto-generated task from a single workload (uuid=597c832e-6245-4cd4-98c8-256aef0c388a)", "subtasks": [ { "title": "NeutronNetworks.create_and_list_networks", "description": "Check performance of list_networks action and ensure > network quotas are not exceeded", "scenario": { "NeutronNetworks.create_and_list_networks": {} }, "contexts": { "users": { "tenants": 1, "users_per_tenant": 1 }, "quotas": { "neutron": { "network": 119 } } }, "runner": { "constant": { "times": 100, "concurrency": 20 } }, "hooks": [], "sla": { "max_avg_duration_per_atomic": { "neutron.list_networks": 15 }, "failure_rate": { "max": 0 } } } ] }
2020-03-10 01:50:12.241 15 RALLYDEBUG rally_openstack.contexts.keystone.users [-] Creating 1 tenants using 20 threads
2020-03-10 01:50:12.558 15 RALLYDEBUG rally_openstack.contexts.keystone.users [-] Creating 1 users using 20 threads
2020-03-10 01:50:12.971 15 INFO rally.task.context [-] Task 83549a3d-67a1-44e0-a200-0ed618f07123 | Context users@openstack setup() finished in 0.73 sec
2020-03-10 01:50:13.364 15 INFO rally.task.context [-] Task 83549a3d-67a1-44e0-a200-0ed618f07123 | Context quotas@openstack setup() finished in 0.39 sec
2020-03-10 01:50:13.364 15 INFO rally.task.context [-] Task 83549a3d-67a1-44e0-a200-0ed618f07123 | Context cleanup@openstack setup() finished in 0.04 msec
2020-03-10 01:50:13.373 15 RALLYDEBUG rally.task.runner [-] Starting the constant runner (task UUID: 83549a3d-67a1-44e0-a200-0ed618f07123). timeout: 0 concurrency: 20 concurrency_per_worker: 1 times: 100 concurrency_overhead: 0 processes_to_start: 20 max_cpu_used: 88
2020-03-10 01:50:13.385 139 RALLYDEBUG rally.task.runner [-] Starting a worker. concurrency: 1 args: {} times: 100 method_name: run timeout: 0 duration: None cls:
2020-03-10 01:50:13.388 140 RALLYDEBUG rally.task.runner [-] Starting a worker. concurrency: 1 args: {} times: 100 method_name: run timeout: 0 duration: None cls:
2020-03-10 01:50:13.391 139 INFO rally.task.runner [-] Task 83549a3d-67a1-44e0-a200-0ed618f07123 | ITER: 1 START
2020-03-10 01:50:13.390 141 RALLYDEBUG rally.task.runner [-] Starting a worker. concurrency: 1 args: {} times: 100 method_name: run timeout: 0 duration: None cls:
2020-03-10 01:50:13.393 142 RALLYDEBUG rally.task.runner [-] Starting a worker. concurrency: 1 args: {} times: 100 method_name: run timeout: 0 duration: None cls:
2020-03-10 01:50:13.394 140 INFO rally.task.runner [-] Task 83549a3d-67a1-44e0-a200-0ed618f07123 | ITER: 2 START
2020-03-10 01:50:13.396 144 RALLYDEBUG rally.task.runner [-] Starting a worker. concurrency: 1 args: {} times: 100 method_name: run timeout: 0 duration: None cls:
2020-03-10 01:50:13.399 147 RALLYDEBUG rally.task.runner [-] Starting a worker. concurrency: 1 args: {} times: 100 method_name: run timeout: 0 duration: None cls:
2020-03-10 01:50:13.402 141 INFO rally.task.runner [-] Task 83549a3d-67a1-44e0-a200-0ed618f07123 | ITER: 3 START
2020-03-10 01:50:13.403 144 INFO rally.task.runner [-] Task 83549a3d-67a1-44e0-a200-0ed618f07123 | ITER: 5 START
2020-03-10 01:50:13.404 151 RALLYDEBUG rally.task.runner [-] Starting a worker. concurrency: 1 args: {} times: 100 method_name: run timeout: 0 duration: None cls:
2020-03-10 01:50:13.405 147 INFO rally.task.runner [-] Task 83549a3d-67a1-44e0-a200-0ed618f07123 | ITER: 6 START
2020-03-10 01:50:13.407 142 INFO rally.task.runner [-] Task 83549a3d-67a1-44e0-a200-0ed618f07123 | ITER: 4 START
2020-03-10 01:50:13.407 156 RALLYDEBUG rally.task.runner [-] Starting a worker. concurrency: 1 args: {} times: 100 method_name: run timeout: 0 duration: None cls:
2020-03-10 01:50:13.411 151 INFO rally.task.runner [-] Task 83549a3d-67a1-44e0-a200-0ed618f07123 | ITER: 7 START
2020-03-10 01:50:13.411 160 RALLYDEBUG rally.task.runner [-] Starting a worker. concurrency: 1 args: {} times: 100 method_name: run timeout: 0 duration: None cls:
2020-03-10 01:50:13.413 154 RALLYDEBUG rally.task.runner [-] Starting a worker. concurrency: 1 args: {} times: 100 method_name: run timeout: 0 duration: None cls:
2020-03-10 01:50:13.416 163 RALLYDEBUG rally.task.runner [-] Starting a worker. concurrency: 1 args: {} times: 100 method_name: run timeout: 0 duration: None cls:
2020-03-10 01:50:13.417 160 INFO rally.task.runner [-] Task 83549a3d-67a1-44e0-a200-0ed618f07123 | ITER: 9 START
2020-03-10 01:50:13.417 161 RALLYDEBUG rally.task.runner [-] Starting a worker. concurrency: 1 args: {} times: 100 method_name: run timeout: 0 duration: None cls:
2020-03-10 01:50:13.418 154 INFO rally.task.runner [-] Task 83549a3d-67a1-44e0-a200-0ed618f07123 | ITER: 10 START
2020-03-10 01:50:13.419 167 RALLYDEBUG rally.task.runner [-] Starting a worker. concurrency: 1 args: {} times: 100 method_name: run timeout: 0 duration: None cls:
2020-03-10 01:50:13.421 156 INFO rally.task.runner [-] Task 83549a3d-67a1-44e0-a200-0ed618f07123 | ITER: 8 START
2020-03-10 01:50:13.421 169 RALLYDEBUG rally.task.runner [-] Starting a worker. concurrency: 1 args: {} times: 100 method_name: run timeout: 0 duration: None cls:
2020-03-10 01:50:13.421 163 INFO rally.task.runner [-] Task 83549a3d-67a1-44e0-a200-0ed618f07123 | ITER: 11 START
2020-03-10 01:50:13.422 161 INFO rally.task.runner [-] Task 83549a3d-67a1-44e0-a200-0ed618f07123 | ITER: 12 START
2020-03-10 01:50:13.429 173 RALLYDEBUG rally.task.runner [-] Starting a worker. concurrency: 1 args: {} times: 100 method_name: run timeout: 0 duration: None cls:
2020-03-10 01:50:13.430 169 INFO rally.task.runner [-] Task 83549a3d-67a1-44e0-a200-0ed618f07123 | ITER: 14 START
2020-03-10 01:50:13.432 180 RALLYDEBUG rally.task.runner [-] Starting a worker. concurrency: 1 args: {} times: 100 method_name: run timeout: 0 duration: None cls:
2020-03-10 01:50:13.432 178 RALLYDEBUG rally.task.runner [-] Starting a worker. concurrency: 1 args: {} times: 100 method_name: run timeout: 0 duration: None cls:
2020-03-10 01:50:13.433 167 INFO rally.task.runner [-] Task 83549a3d-67a1-44e0-a200-0ed618f07123 | ITER: 13 START
2020-03-10 01:50:13.433 183 RALLYDEBUG rally.task.runner [-] Starting a worker. concurrency: 1 args: {} times: 100 method_name: run timeout: 0 duration: None cls:
2020-03-10 01:50:13.436 173 INFO rally.task.runner [-] Task 83549a3d-67a1-44e0-a200-0ed618f07123 | ITER: 15 START
2020-03-10 01:50:13.435 184 RALLYDEBUG rally.task.runner [-] Starting a worker. concurrency: 1 args: {} times: 100 method_name: run timeout: 0 duration: None cls:
2020-03-10 01:50:13.439 186 RALLYDEBUG rally.task.runner [-] Starting a worker. concurrency: 1 args: {} times: 100 method_name: run timeout: 0 duration: None cls:
2020-03-10 01:50:13.440 180 INFO rally.task.runner [-] Task 83549a3d-67a1-44e0-a200-0ed618f07123 | ITER: 16 START
2020-03-10 01:50:13.441 178 INFO rally.task.runner [-] Task 83549a3d-67a1-44e0-a200-0ed618f07123 | ITER: 17 START
2020-03-10 01:50:13.441 183 INFO rally.task.runner [-] Task 83549a3d-67a1-44e0-a200-0ed618f07123 | ITER: 18 START
2020-03-10 01:50:13.443 184 INFO rally.task.runner [-] Task 83549a3d-67a1-44e0-a200-0ed618f07123 | ITER: 19 START
2020-03-10 01:50:13.448 186 INFO rally.task.runner [-] Task 83549a3d-67a1-44e0-a200-0ed618f07123 | ITER: 20 START
2020-03-10 01:50:15.588 156 INFO rally.task.runner [-] Task 83549a3d-67a1-44e0-a200-0ed618f07123 | ITER: 8 END: OK
2020-03-10 01:50:15.593 156 INFO rally.task.runner [-] Task 83549a3d-67a1-44e0-a200-0ed618f07123 | ITER: 21 START
2020-03-10 01:50:16.129 183 INFO rally.task.runner [-] Task 83549a3d-67a1-44e0-a200-0ed618f07123 | ITER: 18 END: OK
2020-03-10 01:50:16.134 183 INFO rally.task.runner [-] Task 83549a3d-67a1-44e0-a200-0ed618f07123 | ITER: 22 START
2020-03-10 01:50:16.906 169 INFO rally.task.runner [-] Task 83549a3d-67a1-44e0-a200-0ed618f07123 | ITER: 14 END: OK
2020-03-10 01:50:16.911 169 INFO rally.task.runner [-] Task 83549a3d-67a1-44e0-a200-0ed618f07123 | ITER: 23 START
2020-03-10 01:50:16.917 160 INFO rally.task.runner [-] Task 83549a3d-67a1-44e0-a200-0ed618f07123 | ITER: 9 END: OK
2020-03-10 01:50:16.921 186 INFO rally.task.runner [-] Task 83549a3d-67a1-44e0-a200-0ed618f07123 | ITER: 20 END: OK
2020-03-10 01:50:16.922 160 INFO rally.task.runner [-] Task 83549a3d-67a1-44e0-a200-0ed618f07123 | ITER: 24 START
2020-03-10 01:50:16.926 180 INFO rally.task.runner [-] Task 83549a3d-67a1-44e0-a200-0ed618f07123 | ITER: 16 END: OK
2020-03-10 01:50:16.926 186 INFO rally.task.runner [-] Task 83549a3d-67a1-44e0-a200-0ed618f07123 | ITER: 25 START
2020-03-10 01:50:16.930 180 INFO rally.task.runner [-] Task 83549a3d-67a1-44e0-a200-0ed618f07123 | ITER: 26 START
2020-03-10 01:50:17.006 141 INFO rally.task.runner [-] Task 83549a3d-67a1-44e0-a200-0ed618f07123 | ITER: 3 END: OK
2020-03-10 01:50:17.011 141 INFO rally.task.runner [-] Task 83549a3d-67a1-44e0-a200-0ed618f07123 | ITER: 27 START
2020-03-10 01:50:17.012 167 INFO rally.task.runner [-] Task 83549a3d-67a1-44e0-a200-0ed618f07123 | ITER: 13 END: OK
2020-03-10 01:50:17.016 167 INFO rally.task.runner [-] Task 83549a3d-67a1-44e0-a200-0ed618f07123 | ITER: 28 START
2020-03-10 01:50:17.083 163 INFO rally.task.runner [-] Task 83549a3d-67a1-44e0-a200-0ed618f07123 | ITER: 11 END: OK
2020-03-10 01:50:17.084 154 INFO rally.task.runner [-] Task 83549a3d-67a1-44e0-a200-0ed618f07123 | ITER: 10 END: OK
2020-03-10 01:50:17.087 163 INFO rally.task.runner [-] Task 83549a3d-67a1-44e0-a200-0ed618f07123 | ITER: 29 START
2020-03-10 01:50:17.089 154 INFO rally.task.runner [-] Task 83549a3d-67a1-44e0-a200-0ed618f07123 | ITER: 30 START
2020-03-10 01:50:17.140 140 INFO rally.task.runner [-] Task 83549a3d-67a1-44e0-a200-0ed618f07123 | ITER: 2 END: OK
2020-03-10 01:50:17.145 140 INFO rally.task.runner [-] Task 83549a3d-67a1-44e0-a200-0ed618f07123 | ITER: 31 START
2020-03-10 01:50:17.203 184 INFO rally.task.runner [-] Task 83549a3d-67a1-44e0-a200-0ed618f07123 | ITER: 19 END: OK
2020-03-10 01:50:17.207 184 INFO rally.task.runner [-] Task 83549a3d-67a1-44e0-a200-0ed618f07123 | ITER: 32 START
2020-03-10 01:50:17.411 183 INFO rally.task.runner [-] Task 83549a3d-67a1-44e0-a200-0ed618f07123 | ITER: 22 END: OK
2020-03-10 01:50:17.415 183 INFO rally.task.runner [-] Task 83549a3d-67a1-44e0-a200-0ed618f07123 | ITER: 33 START
2020-03-10 01:50:17.567 156 INFO rally.task.runner [-] Task 83549a3d-67a1-44e0-a200-0ed618f07123 | ITER: 21 END: OK
2020-03-10 01:50:17.571 156 INFO rally.task.runner [-] Task 83549a3d-67a1-44e0-a200-0ed618f07123 | ITER: 34 START
2020-03-10 01:50:17.719 151 INFO rally.task.runner [-] Task 83549a3d-67a1-44e0-a200-0ed618f07123 | ITER: 7 END: OK
2020-03-10 01:50:17.721 161 INFO rally.task.runner [-] Task 83549a3d-67a1-44e0-a200-0ed618f07123 | ITER: 12 END: OK
2020-03-10 01:50:17.725 151 INFO rally.task.runner [-] Task 83549a3d-67a1-44e0-a200-0ed618f07123 | ITER: 35 START
2020-03-10 01:50:17.725 173 INFO rally.task.runner [-] Task 83549a3d-67a1-44e0-a200-0ed618f07123 | ITER: 15 END: OK
2020-03-10 01:50:17.726 161 INFO rally.task.runner [-] Task 83549a3d-67a1-44e0-a200-0ed618f07123 | ITER: 36 START
2020-03-10 01:50:17.730 173 INFO rally.task.runner [-] Task 83549a3d-67a1-44e0-a200-0ed618f07123 | ITER: 37 START
2020-03-10 01:50:17.782 178 INFO rally.task.runner [-] Task 83549a3d-67a1-44e0-a200-0ed618f07123 | ITER: 17 END: OK
2020-03-10 01:50:17.786 178 INFO rally.task.runner [-] Task 83549a3d-67a1-44e0-a200-0ed618f07123 | ITER: 38 START
2020-03-10 01:50:17.817 147 INFO rally.task.runner [-] Task 83549a3d-67a1-44e0-a200-0ed618f07123 | ITER: 6 END: OK
2020-03-10 01:50:17.822 147 INFO rally.task.runner [-] Task 83549a3d-67a1-44e0-a200-0ed618f07123 | ITER: 39 START
2020-03-10 01:50:18.410 139 INFO rally.task.runner [-] Task 83549a3d-67a1-44e0-a200-0ed618f07123 | ITER: 1 END: OK
2020-03-10 01:50:18.415 139 INFO rally.task.runner [-] Task 83549a3d-67a1-44e0-a200-0ed618f07123 | ITER: 40 START
2020-03-10 01:50:18.481 144 INFO rally.task.runner [-] Task 83549a3d-67a1-44e0-a200-0ed618f07123 | ITER: 5 END: OK
2020-03-10 01:50:18.485 144 INFO rally.task.runner [-] Task 83549a3d-67a1-44e0-a200-0ed618f07123 | ITER: 41 START
2020-03-10 01:50:18.631 142 INFO rally.task.runner [-] Task 83549a3d-67a1-44e0-a200-0ed618f07123 | ITER: 4 END: OK
2020-03-10 01:50:18.636 142 INFO rally.task.runner [-] Task 83549a3d-67a1-44e0-a200-0ed618f07123 | ITER: 42 START
2020-03-10 01:50:18.740 167 INFO rally.task.runner [-] Task 83549a3d-67a1-44e0-a200-0ed618f07123 | ITER: 28 END: OK
2020-03-10 01:50:18.743 167 INFO rally.task.runner [-] Task 83549a3d-67a1-44e0-a200-0ed618f07123 | ITER: 43 START
2020-03-10 01:50:19.167 141 INFO rally.task.runner [-] Task 83549a3d-67a1-44e0-a200-0ed618f07123 | ITER: 27 END: OK
2020-03-10 01:50:19.171 141 INFO rally.task.runner [-] Task 83549a3d-67a1-44e0-a200-0ed618f07123 | ITER: 44 START
2020-03-10 01:50:19.554 186 INFO rally.task.runner [-] Task 83549a3d-67a1-44e0-a200-0ed618f07123 | ITER: 25 END: OK
2020-03-10 01:50:19.557 186 INFO rally.task.runner [-] Task 83549a3d-67a1-44e0-a200-0ed618f07123 | ITER: 45 START
2020-03-10 01:50:19.742 180 INFO rally.task.runner [-] Task 83549a3d-67a1-44e0-a200-0ed618f07123 | ITER: 26 END: OK
2020-03-10 01:50:19.746 180 INFO rally.task.runner [-] Task 83549a3d-67a1-44e0-a200-0ed618f07123 | ITER: 46 START
2020-03-10 01:50:20.621 140 INFO rally.task.runner [-] Task 83549a3d-67a1-44e0-a200-0ed618f07123 | ITER: 31 END: OK
2020-03-10 01:50:20.624 140 INFO rally.task.runner [-] Task 83549a3d-67a1-44e0-a200-0ed618f07123 | ITER: 47 START
2020-03-10 01:50:22.004 173 INFO rally.task.runner [-] Task 83549a3d-67a1-44e0-a200-0ed618f07123 | ITER: 37 END: OK
2020-03-10 01:50:22.008 173 INFO rally.task.runner [-] Task 83549a3d-67a1-44e0-a200-0ed618f07123 | ITER: 48 START
2020-03-10 01:50:22.516 169 INFO rally.task.runner [-] Task 83549a3d-67a1-44e0-a200-0ed618f07123 | ITER: 23 END: OK
2020-03-10 01:50:22.520 169 INFO rally.task.runner [-] Task 83549a3d-67a1-44e0-a200-0ed618f07123 | ITER: 49 START
2020-03-10 01:50:22.595 154 INFO rally.task.runner [-] Task 83549a3d-67a1-44e0-a200-0ed618f07123 | ITER: 30 END: OK
2020-03-10 01:50:22.598 154 INFO rally.task.runner [-] Task 83549a3d-67a1-44e0-a200-0ed618f07123 | ITER: 50 START
2020-03-10 01:50:22.777 156 INFO rally.task.runner [-] Task 83549a3d-67a1-44e0-a200-0ed618f07123 | ITER: 34 END: OK
2020-03-10 01:50:22.781 156 INFO rally.task.runner [-] Task 83549a3d-67a1-44e0-a200-0ed618f07123 | ITER: 51 START
2020-03-10 01:50:22.851 151 INFO rally.task.runner [-] Task 83549a3d-67a1-44e0-a200-0ed618f07123 | ITER: 35 END: OK
2020-03-10 01:50:22.855 151 INFO rally.task.runner [-] Task 83549a3d-67a1-44e0-a200-0ed618f07123 | ITER: 52 START
2020-03-10 01:50:22.889 160 INFO rally.task.runner [-] Task 83549a3d-67a1-44e0-a200-0ed618f07123 | ITER: 24 END: OK
2020-03-10 01:50:22.893 160 INFO rally.task.runner [-] Task 83549a3d-67a1-44e0-a200-0ed618f07123 | ITER: 53 START
2020-03-10 01:50:23.149 139 INFO rally.task.runner [-] Task 83549a3d-67a1-44e0-a200-0ed618f07123 | ITER: 40 END: OK
2020-03-10 01:50:23.153 139 INFO rally.task.runner [-] Task 83549a3d-67a1-44e0-a200-0ed618f07123 | ITER: 54 START
2020-03-10 01:50:23.616 183 INFO rally.task.runner [-] Task 83549a3d-67a1-44e0-a200-0ed618f07123 | ITER: 33 END: OK
2020-03-10 01:50:23.620 183 INFO rally.task.runner [-] Task 83549a3d-67a1-44e0-a200-0ed618f07123 | ITER: 55 START
2020-03-10 01:50:23.675 142 INFO rally.task.runner [-] Task 83549a3d-67a1-44e0-a200-0ed618f07123 | ITER: 42 END: OK
2020-03-10 01:50:23.679 142 INFO rally.task.runner [-] Task 83549a3d-67a1-44e0-a200-0ed618f07123 | ITER: 56 START
2020-03-10 01:50:23.864 144 INFO rally.task.runner [-] Task 83549a3d-67a1-44e0-a200-0ed618f07123 | ITER: 41 END: OK
2020-03-10 01:50:23.868 144 INFO rally.task.runner [-] Task 83549a3d-67a1-44e0-a200-0ed618f07123 | ITER: 57 START
2020-03-10 01:50:23.868 184 INFO rally.task.runner [-] Task 83549a3d-67a1-44e0-a200-0ed618f07123 | ITER: 32 END: OK
2020-03-10 01:50:23.869 163 INFO rally.task.runner [-] Task 83549a3d-67a1-44e0-a200-0ed618f07123 | ITER: 29 END: OK
2020-03-10 01:50:23.872 184 INFO rally.task.runner [-] Task 83549a3d-67a1-44e0-a200-0ed618f07123 | ITER: 58 START
2020-03-10 01:50:23.873 163 INFO rally.task.runner [-] Task 83549a3d-67a1-44e0-a200-0ed618f07123 | ITER: 59 START
2020-03-10 01:50:23.928 147 INFO rally.task.runner [-] Task 83549a3d-67a1-44e0-a200-0ed618f07123 | ITER: 39 END: OK
2020-03-10 01:50:23.932 147 INFO rally.task.runner [-] Task 83549a3d-67a1-44e0-a200-0ed618f07123 | ITER: 60 START
2020-03-10 01:50:23.954 161 INFO rally.task.runner [-] Task 83549a3d-67a1-44e0-a200-0ed618f07123 | ITER: 36 END: OK
2020-03-10 01:50:23.958 161 INFO rally.task.runner [-] Task 83549a3d-67a1-44e0-a200-0ed618f07123 | ITER: 61 START
2020-03-10 01:50:24.576 167 INFO rally.task.runner [-] Task 83549a3d-67a1-44e0-a200-0ed618f07123 | ITER: 43 END: OK
2020-03-10 01:50:24.580 167 INFO rally.task.runner [-] Task 83549a3d-67a1-44e0-a200-0ed618f07123 | ITER: 62 START
2020-03-10 01:50:25.856 178 INFO rally.task.runner [-] Task 83549a3d-67a1-44e0-a200-0ed618f07123 | ITER: 38 END: OK
2020-03-10 01:50:25.860 178 INFO rally.task.runner [-] Task 83549a3d-67a1-44e0-a200-0ed618f07123 | ITER: 63 START
2020-03-10 01:50:26.251 141 INFO rally.task.runner [-] Task 83549a3d-67a1-44e0-a200-0ed618f07123 | ITER: 44 END: OK
2020-03-10 01:50:26.252 180 INFO rally.task.runner [-] Task 83549a3d-67a1-44e0-a200-0ed618f07123 | ITER: 46 END: OK
2020-03-10 01:50:26.255 141 INFO rally.task.runner [-] Task 83549a3d-67a1-44e0-a200-0ed618f07123 | ITER: 64 START
2020-03-10 01:50:26.256 180 INFO rally.task.runner [-] Task 83549a3d-67a1-44e0-a200-0ed618f07123 | ITER: 65 START
2020-03-10 01:50:26.555 140 INFO rally.task.runner [-] Task 83549a3d-67a1-44e0-a200-0ed618f07123 | ITER: 47 END: OK
2020-03-10 01:50:26.559 140 INFO rally.task.runner [-] Task 83549a3d-67a1-44e0-a200-0ed618f07123 | ITER: 66 START
2020-03-10 01:50:26.897 186 INFO rally.task.runner [-] Task 83549a3d-67a1-44e0-a200-0ed618f07123 | ITER: 45 END: OK
2020-03-10 01:50:26.900 186 INFO rally.task.runner [-] Task 83549a3d-67a1-44e0-a200-0ed618f07123 | ITER: 67 START
2020-03-10 01:50:27.772 160 INFO rally.task.runner [-] Task 83549a3d-67a1-44e0-a200-0ed618f07123 | ITER: 53 END: OK
2020-03-10 01:50:27.775 160 INFO rally.task.runner [-] Task 83549a3d-67a1-44e0-a200-0ed618f07123 | ITER: 68 START
2020-03-10 01:50:28.038 151 INFO rally.task.runner [-] Task 83549a3d-67a1-44e0-a200-0ed618f07123 | ITER: 52 END: OK
2020-03-10 01:50:28.041 151 INFO rally.task.runner [-] Task 83549a3d-67a1-44e0-a200-0ed618f07123 | ITER: 69 START
2020-03-10 01:50:28.154 156 INFO rally.task.runner [-] Task 83549a3d-67a1-44e0-a200-0ed618f07123 | ITER: 51 END: OK
2020-03-10 01:50:28.157 156 INFO rally.task.runner [-] Task 83549a3d-67a1-44e0-a200-0ed618f07123 | ITER: 70 START
2020-03-10 01:50:28.178 161 INFO rally.task.runner [-] Task 83549a3d-67a1-44e0-a200-0ed618f07123 | ITER: 61 END: OK
2020-03-10 01:50:28.182 161 INFO rally.task.runner [-] Task 83549a3d-67a1-44e0-a200-0ed618f07123 | ITER: 71 START
2020-03-10 01:50:29.701 173 INFO rally.task.runner [-] Task 83549a3d-67a1-44e0-a200-0ed618f07123 | ITER: 48 END: OK
2020-03-10 01:50:29.704 173 INFO rally.task.runner [-] Task 83549a3d-67a1-44e0-a200-0ed618f07123 | ITER: 72 START
2020-03-10 01:50:29.918 139 INFO rally.task.runner [-] Task 83549a3d-67a1-44e0-a200-0ed618f07123 | ITER: 54 END: OK
2020-03-10 01:50:29.922 139 INFO rally.task.runner [-] Task 83549a3d-67a1-44e0-a200-0ed618f07123 | ITER: 73 START
2020-03-10 01:50:30.095 142 INFO rally.task.runner [-] Task 83549a3d-67a1-44e0-a200-0ed618f07123 | ITER: 56 END: OK
2020-03-10 01:50:30.099 142 INFO rally.task.runner [-] Task 83549a3d-67a1-44e0-a200-0ed618f07123 | ITER: 74 START
2020-03-10 01:50:30.380 169 INFO rally.task.runner [-] Task 83549a3d-67a1-44e0-a200-0ed618f07123 | ITER: 49 END: OK
2020-03-10 01:50:30.384 169 INFO rally.task.runner [-] Task 83549a3d-67a1-44e0-a200-0ed618f07123 | ITER: 75 START
2020-03-10 01:50:30.414 154 INFO rally.task.runner [-] Task 83549a3d-67a1-44e0-a200-0ed618f07123 | ITER: 50 END: OK
2020-03-10 01:50:30.418 154 INFO rally.task.runner [-] Task 83549a3d-67a1-44e0-a200-0ed618f07123 | ITER: 76 START
2020-03-10 01:50:30.570 163 INFO rally.task.runner [-] Task 83549a3d-67a1-44e0-a200-0ed618f07123 | ITER: 59 END: OK
2020-03-10 01:50:30.573 163 INFO rally.task.runner [-] Task 83549a3d-67a1-44e0-a200-0ed618f07123 | ITER: 77 START
2020-03-10 01:50:31.070 183 INFO rally.task.runner [-] Task 83549a3d-67a1-44e0-a200-0ed618f07123 | ITER: 55 END: OK
2020-03-10 01:50:31.074 183 INFO rally.task.runner [-] Task 83549a3d-67a1-44e0-a200-0ed618f07123 | ITER: 78 START
2020-03-10 01:50:31.135 178 INFO rally.task.runner [-] Task 83549a3d-67a1-44e0-a200-0ed618f07123 | ITER: 63 END: OK
2020-03-10 01:50:31.138 178 INFO rally.task.runner [-] Task 83549a3d-67a1-44e0-a200-0ed618f07123 | ITER: 79 START
2020-03-10 01:50:31.246 167 INFO rally.task.runner [-] Task 83549a3d-67a1-44e0-a200-0ed618f07123 | ITER: 62 END: OK
2020-03-10 01:50:31.249 167 INFO rally.task.runner [-] Task 83549a3d-67a1-44e0-a200-0ed618f07123 | ITER: 80 START
2020-03-10 01:50:31.660 141 INFO rally.task.runner [-] Task 83549a3d-67a1-44e0-a200-0ed618f07123 | ITER: 64 END: OK
2020-03-10 01:50:31.663 141 INFO rally.task.runner [-] Task 83549a3d-67a1-44e0-a200-0ed618f07123 | ITER: 81 START
2020-03-10 01:50:31.688 186 INFO rally.task.runner [-] Task 83549a3d-67a1-44e0-a200-0ed618f07123 | ITER: 67 END: OK
2020-03-10 01:50:31.692 186 INFO rally.task.runner [-] Task 83549a3d-67a1-44e0-a200-0ed618f07123 | ITER: 82 START
2020-03-10 01:50:33.341 144 INFO rally.task.runner [-] Task 83549a3d-67a1-44e0-a200-0ed618f07123 | ITER: 57 END: OK
2020-03-10 01:50:33.344 144 INFO rally.task.runner [-] Task 83549a3d-67a1-44e0-a200-0ed618f07123 | ITER: 83 START
2020-03-10 01:50:33.489 184 INFO rally.task.runner [-] Task 83549a3d-67a1-44e0-a200-0ed618f07123 | ITER: 58 END: OK
2020-03-10 01:50:33.493 184 INFO rally.task.runner [-] Task 83549a3d-67a1-44e0-a200-0ed618f07123 | ITER: 84 START
2020-03-10 01:50:33.657 147 INFO rally.task.runner [-] Task 83549a3d-67a1-44e0-a200-0ed618f07123 | ITER: 60 END: OK
2020-03-10 01:50:33.661 147 INFO rally.task.runner [-] Task 83549a3d-67a1-44e0-a200-0ed618f07123 | ITER: 85 START
2020-03-10 01:50:33.932 142 INFO rally.task.runner [-] Task 83549a3d-67a1-44e0-a200-0ed618f07123 | ITER: 74 END: OK
2020-03-10 01:50:33.936 142 INFO rally.task.runner [-] Task 83549a3d-67a1-44e0-a200-0ed618f07123 | ITER: 86 START
2020-03-10 01:50:34.413 151 INFO rally.task.runner [-] Task 83549a3d-67a1-44e0-a200-0ed618f07123 | ITER: 69 END: OK
2020-03-10 01:50:34.417 151 INFO rally.task.runner [-] Task 83549a3d-67a1-44e0-a200-0ed618f07123 | ITER: 87 START
2020-03-10 01:50:34.558 154 INFO rally.task.runner [-] Task 83549a3d-67a1-44e0-a200-0ed618f07123 | ITER: 76 END: OK
2020-03-10 01:50:34.561 154 INFO rally.task.runner [-] Task 83549a3d-67a1-44e0-a200-0ed618f07123 | ITER: 88 START
2020-03-10 01:50:35.039 180 INFO rally.task.runner [-] Task 83549a3d-67a1-44e0-a200-0ed618f07123 | ITER: 65 END: OK
2020-03-10 01:50:35.040 140 INFO rally.task.runner [-] Task 83549a3d-67a1-44e0-a200-0ed618f07123 | ITER: 66 END: OK
2020-03-10 01:50:35.043 180 INFO rally.task.runner [-] Task 83549a3d-67a1-44e0-a200-0ed618f07123 | ITER: 89 START
2020-03-10 01:50:35.044 140 INFO rally.task.runner [-] Task 83549a3d-67a1-44e0-a200-0ed618f07123 | ITER: 90 START
2020-03-10 01:50:35.810 139 INFO rally.task.runner [-] Task 83549a3d-67a1-44e0-a200-0ed618f07123 | ITER: 73 END: OK
2020-03-10 01:50:35.814 139 INFO rally.task.runner [-] Task 83549a3d-67a1-44e0-a200-0ed618f07123 | ITER: 91 START
2020-03-10 01:50:36.574 160 INFO rally.task.runner [-] Task 83549a3d-67a1-44e0-a200-0ed618f07123 | ITER: 68 END: OK
2020-03-10 01:50:36.577 160 INFO rally.task.runner [-] Task 83549a3d-67a1-44e0-a200-0ed618f07123 | ITER: 92 START
2020-03-10 01:50:36.587 156 INFO rally.task.runner [-] Task 83549a3d-67a1-44e0-a200-0ed618f07123 | ITER: 70 END: OK
2020-03-10 01:50:36.591 156 INFO rally.task.runner [-] Task 83549a3d-67a1-44e0-a200-0ed618f07123 | ITER: 93 START
2020-03-10 01:50:38.203 183 INFO rally.task.runner [-] Task 83549a3d-67a1-44e0-a200-0ed618f07123 | ITER: 78 END: OK
2020-03-10 01:50:38.207 183 INFO rally.task.runner [-] Task 83549a3d-67a1-44e0-a200-0ed618f07123 | ITER: 94 START
2020-03-10 01:50:38.313 169 INFO rally.task.runner [-] Task 83549a3d-67a1-44e0-a200-0ed618f07123 | ITER: 75 END: OK
2020-03-10 01:50:38.317 169 INFO rally.task.runner [-] Task 83549a3d-67a1-44e0-a200-0ed618f07123 | ITER: 95 START
2020-03-10 01:50:38.428 161 INFO rally.task.runner [-] Task 83549a3d-67a1-44e0-a200-0ed618f07123 | ITER: 71 END: OK
2020-03-10 01:50:38.429 163 INFO rally.task.runner [-] Task 83549a3d-67a1-44e0-a200-0ed618f07123 | ITER: 77 END: OK
2020-03-10 01:50:38.431 161 INFO rally.task.runner [-] Task 83549a3d-67a1-44e0-a200-0ed618f07123 | ITER: 96 START
2020-03-10 01:50:38.433 163 INFO rally.task.runner [-] Task 83549a3d-67a1-44e0-a200-0ed618f07123 | ITER: 97 START
2020-03-10 01:50:38.827 178 INFO rally.task.runner [-] Task 83549a3d-67a1-44e0-a200-0ed618f07123 | ITER: 79 END: OK
2020-03-10 01:50:38.831 178 INFO rally.task.runner [-] Task 83549a3d-67a1-44e0-a200-0ed618f07123 | ITER: 98 START
2020-03-10 01:50:39.096 173 INFO rally.task.runner [-] Task 83549a3d-67a1-44e0-a200-0ed618f07123 | ITER: 72 END: OK
2020-03-10 01:50:39.099 173 INFO rally.task.runner [-] Task 83549a3d-67a1-44e0-a200-0ed618f07123 | ITER: 99 START
2020-03-10 01:50:39.182 151 INFO rally.task.runner [-] Task 83549a3d-67a1-44e0-a200-0ed618f07123 | ITER: 87 END: OK
2020-03-10 01:50:39.186 151 INFO rally.task.runner [-] Task 83549a3d-67a1-44e0-a200-0ed618f07123 | ITER: 100 START
2020-03-10 01:50:39.677 147 INFO rally.task.runner [-] Task 83549a3d-67a1-44e0-a200-0ed618f07123 | ITER: 85 END: OK
2020-03-10 01:50:39.692 144 INFO rally.task.runner [-] Task 83549a3d-67a1-44e0-a200-0ed618f07123 | ITER: 83 END: OK
2020-03-10 01:50:39.932 167 INFO rally.task.runner [-] Task 83549a3d-67a1-44e0-a200-0ed618f07123 | ITER: 80 END: OK
2020-03-10 01:50:40.141 186 INFO rally.task.runner [-] Task 83549a3d-67a1-44e0-a200-0ed618f07123 | ITER: 82 END: OK
2020-03-10 01:50:40.156 141 INFO rally.task.runner [-] Task 83549a3d-67a1-44e0-a200-0ed618f07123 | ITER: 81 END: OK
2020-03-10 01:50:40.239 184 INFO rally.task.runner [-] Task 83549a3d-67a1-44e0-a200-0ed618f07123 | ITER: 84 END: OK
2020-03-10 01:50:40.281 142 INFO rally.task.runner [-] Task 83549a3d-67a1-44e0-a200-0ed618f07123 | ITER: 86 END: OK
2020-03-10 01:50:40.395 154 INFO rally.task.runner [-] Task 83549a3d-67a1-44e0-a200-0ed618f07123 | ITER: 88 END: OK
2020-03-10 01:50:40.430 180 INFO rally.task.runner [-] Task 83549a3d-67a1-44e0-a200-0ed618f07123 | ITER: 89 END: OK
2020-03-10 01:50:40.436 156 INFO rally.task.runner [-] Task 83549a3d-67a1-44e0-a200-0ed618f07123 | ITER: 93 END: OK
2020-03-10 01:50:40.710 169 INFO rally.task.runner [-] Task 83549a3d-67a1-44e0-a200-0ed618f07123 | ITER: 95 END: OK
2020-03-10 01:50:40.720 160 INFO rally.task.runner [-] Task 83549a3d-67a1-44e0-a200-0ed618f07123 | ITER: 92 END: OK
2020-03-10 01:50:40.766 183 INFO rally.task.runner [-] Task 83549a3d-67a1-44e0-a200-0ed618f07123 | ITER: 94 END: OK
2020-03-10 01:50:40.780 140 INFO rally.task.runner [-] Task 83549a3d-67a1-44e0-a200-0ed618f07123 | ITER: 90 END: OK
2020-03-10 01:50:40.806 139 INFO rally.task.runner [-] Task 83549a3d-67a1-44e0-a200-0ed618f07123 | ITER: 91 END: OK
2020-03-10 01:50:40.894 161 INFO rally.task.runner [-] Task 83549a3d-67a1-44e0-a200-0ed618f07123 | ITER: 96 END: OK
2020-03-10 01:50:40.980 151 INFO rally.task.runner [-] Task 83549a3d-67a1-44e0-a200-0ed618f07123 | ITER: 100 END: OK
2020-03-10 01:50:41.014 163 INFO rally.task.runner [-] Task 83549a3d-67a1-44e0-a200-0ed618f07123 | ITER: 97 END: OK
2020-03-10 01:50:41.058 173 INFO rally.task.runner [-] Task 83549a3d-67a1-44e0-a200-0ed618f07123 | ITER: 99 END: OK
2020-03-10 01:50:41.391 178 INFO rally.task.runner [-] Task 83549a3d-67a1-44e0-a200-0ed618f07123 | ITER: 98 END: OK
2020-03-10 01:50:41.418 15 INFO rally.task.context [-] Task 83549a3d-67a1-44e0-a200-0ed618f07123 | Context cleanup@openstack cleanup() started
2020-03-10 01:50:41.422 15 RALLYDEBUG rally_openstack.cleanup.manager [-] Cleaning up neutron vip objects
2020-03-10 01:50:41.658 15 RALLYDEBUG rally_openstack.cleanup.manager [-] Cleaning up neutron health_monitor objects
2020-03-10 01:50:41.807 15 RALLYDEBUG rally_openstack.cleanup.manager [-] Cleaning up neutron pool objects
2020-03-10 01:50:41.966 15 RALLYDEBUG rally_openstack.cleanup.manager [-] Cleaning up neutron loadbalancer objects
2020-03-10 01:50:42.126 15 RALLYDEBUG rally_openstack.cleanup.manager [-] Cleaning up neutron floatingip objects
2020-03-10 01:50:42.316 15 RALLYDEBUG rally_openstack.cleanup.manager [-] Cleaning up neutron trunk objects
2020-03-10 01:50:42.468 15 DEBUG neutronclient.v2_0.client [-] Error message: {"message": "The resource could not be found.

\n\n\n", "code": "404 Not Found", "title": "Not Found"} _handle_fault_response /usr/lib/python2.7/site-packages/neutronclient/v2_0/client.py:259
2020-03-10 01:50:42.479 15 RALLYDEBUG rally_openstack.cleanup.manager [-] Cleaning up neutron port objects
2020-03-10 01:50:42.683 15 RALLYDEBUG rally_openstack.cleanup.manager [-] Cleaning up neutron subnet objects
2020-03-10 01:50:42.880 15 RALLYDEBUG rally_openstack.cleanup.manager [-] Cleaning up neutron network objects
2020-03-10 01:50:43.564 15 RALLYDEBUG rally_openstack.cleanup.manager [-] Deleting neutron.network object s_rally_597c832e_t8nrr4Fx (1a2e0c96-9157-40a0-be5a-0057ea21fc46)
2020-03-10 01:50:43.566 15 RALLYDEBUG rally_openstack.cleanup.manager [-] Deleting neutron.network object s_rally_597c832e_pwxwvLwu (0ca4a3fa-10aa-475a-9854-47499639e5eb)
2020-03-10 01:50:43.566 15 RALLYDEBUG rally_openstack.cleanup.manager [-] Deleting neutron.network object s_rally_597c832e_xxjlsnsr (0b9e0fa4-2b43-4e45-b67e-ba5e7eb61456)
2020-03-10 01:50:43.567 15 RALLYDEBUG rally_openstack.cleanup.manager [-] Deleting neutron.network object s_rally_597c832e_vb2VpuZz (0af07414-141a-4e62-8824-2e52ccaa74f5)
2020-03-10 01:50:43.573 15 RALLYDEBUG rally_openstack.cleanup.manager [-] Deleting neutron.network object s_rally_597c832e_N4RLW71w (1a3dbd92-6365-4687-b99e-d95c1e16672a)
2020-03-10 01:50:43.567 15 RALLYDEBUG rally_openstack.cleanup.manager [-] Deleting neutron.network object s_rally_597c832e_CqQZnLUK (0e4bebee-e503-48d9-ad52-8798ba955be6)
2020-03-10 01:50:43.574 15 RALLYDEBUG rally_openstack.cleanup.manager [-] Deleting neutron.network object s_rally_597c832e_K03TbQAA (036777b3-8f97-422e-8bb0-c36712d52ee4)
2020-03-10 01:50:43.583 15 RALLYDEBUG rally_openstack.cleanup.manager [-] Deleting neutron.network object s_rally_597c832e_jsJRB4ew (16513d36-e467-498c-9ff6-f06dfd9edecc)
2020-03-10 01:50:43.589 15 RALLYDEBUG rally_openstack.cleanup.manager [-] Deleting neutron.network object s_rally_597c832e_rmupxbWX (1c39cbfd-4707-433a-803d-181a7bffc3ab)
2020-03-10 01:50:43.589 15 RALLYDEBUG rally_openstack.cleanup.manager [-] Deleting neutron.network object s_rally_597c832e_scr1Nmnr (1c85ce76-2854-4662-9f3b-1673f9f116f2)
2020-03-10 01:50:43.597 15 RALLYDEBUG rally_openstack.cleanup.manager [-] Deleting neutron.network object s_rally_597c832e_7wKag3hu (1eab443c-dd8d-482f-bca7-c716dd0c36e9)
2020-03-10 01:50:43.670 15 RALLYDEBUG rally_openstack.cleanup.manager [-] Deleting neutron.network object s_rally_597c832e_BF7ZSfoJ (2df245b6-69ab-46aa-8c4a-9b2c217456c0)
2020-03-10 01:50:43.678 15 RALLYDEBUG rally_openstack.cleanup.manager [-] Deleting neutron.network object s_rally_597c832e_zzEznDQn (24f33876-4927-4d7d-b800-7b84d58a3037)
2020-03-10 01:50:43.679 15 RALLYDEBUG rally_openstack.cleanup.manager [-] Deleting neutron.network object s_rally_597c832e_6VtjitFY (2099e8d0-af8a-4c67-bad3-caa271d670fd)
2020-03-10 01:50:43.703 15 RALLYDEBUG rally_openstack.cleanup.manager [-] Deleting neutron.network object s_rally_597c832e_Ur4Os2IG (242546b5-1cf9-4bac-8c48-653d9fece19b)
2020-03-10 01:50:43.735 15 RALLYDEBUG rally_openstack.cleanup.manager [-] Deleting neutron.network object s_rally_597c832e_SXblFgC9 (35dba2c3-2dff-4713-a8fa-4e03c9ded257)
2020-03-10 01:50:43.732 15 RALLYDEBUG rally_openstack.cleanup.manager [-] Deleting neutron.network object s_rally_597c832e_dUyby2YQ (2c28fde2-27de-4963-9a5b-46eed74af422)
2020-03-10 01:50:43.740 15 RALLYDEBUG rally_openstack.cleanup.manager [-] Deleting neutron.network object s_rally_597c832e_XN1IZZs7 (25df307b-986d-4261-a190-5f4e86b022a3)
2020-03-10 01:50:43.744 15 RALLYDEBUG rally_openstack.cleanup.manager [-] Deleting neutron.network object s_rally_597c832e_k1s4qJLS (32987a02-0e06-446e-9519-ab662919dda1)
2020-03-10 01:50:43.808 15 RALLYDEBUG rally_openstack.cleanup.manager [-] Deleting neutron.network object s_rally_597c832e_IjwzQqVT (2d8390cb-cf58-4ef2-abed-e9f95a2804e6)
2020-03-10 01:50:45.691 15 RALLYDEBUG rally_openstack.cleanup.manager [-] Deleting neutron.network object s_rally_597c832e_eREKnSP8 (3a9a6dce-738f-4f2d-9ba1-e4304e9abb06)
2020-03-10 01:50:45.805 15 RALLYDEBUG rally_openstack.cleanup.manager [-] Deleting neutron.network object s_rally_597c832e_uZ7rsNVI (3b856af7-7849-4085-8009-d91429477272)
2020-03-10 01:50:45.870 15 RALLYDEBUG rally_openstack.cleanup.manager [-] Deleting neutron.network object s_rally_597c832e_yIO2V1Im (3d8ed539-7483-4b72-84a1-eed775ff874d)
2020-03-10 01:50:46.114 15 RALLYDEBUG rally_openstack.cleanup.manager [-] Deleting neutron.network object s_rally_597c832e_XKXhv5pb (3f27e80b-3937-4ae4-a818-dc79d11f16c2)
2020-03-10 01:50:46.158 15 RALLYDEBUG rally_openstack.cleanup.manager [-] Deleting neutron.network object s_rally_597c832e_ds0ERWYd (4000d4df-6dee-421a-96c2-7b1b6fa8c7f9)
2020-03-10 01:50:46.199 15 RALLYDEBUG rally_openstack.cleanup.manager [-] Deleting neutron.network object s_rally_597c832e_PwxtVLqj (4257a29a-c377-4e05-b535-b9f16d938453)
2020-03-10 01:50:46.210 15 RALLYDEBUG rally_openstack.cleanup.manager [-] Deleting neutron.network object s_rally_597c832e_fqPLeX9N (4415a94d-0874-40e5-bd47-a895f1be269f)
2020-03-10 01:50:46.355 15 RALLYDEBUG rally_openstack.cleanup.manager [-] Deleting neutron.network object s_rally_597c832e_fT15JUJk (48a6b26f-dc5b-4c23-9cc2-49762c1d837e)
2020-03-10 01:50:46.586 15 RALLYDEBUG rally_openstack.cleanup.manager [-] Deleting neutron.network object s_rally_597c832e_FGGyBia9 (4fdaf1d5-7a44-4e43-bd05-cbaf45938275)
2020-03-10 01:50:46.819 15 RALLYDEBUG rally_openstack.cleanup.manager [-] Deleting neutron.network object s_rally_597c832e_b8KHAsnn (50c4a1b5-8730-4a4b-bce5-69608f02022b)
2020-03-10 01:50:46.839 15 RALLYDEBUG rally_openstack.cleanup.manager [-] Deleting neutron.network object s_rally_597c832e_1uxmcK4m (56761ded-14e4-42b9-9bfc-8bad16f01f64)
2020-03-10 01:50:46.875 15 RALLYDEBUG rally_openstack.cleanup.manager [-] Deleting neutron.network object s_rally_597c832e_a3TtRb5o (57e45f39-1dbb-4e3d-a8e7-09e100c98a2e)
2020-03-10 01:50:46.893 15 RALLYDEBUG rally_openstack.cleanup.manager [-] Deleting neutron.network object s_rally_597c832e_Y7Zmkuev (5963d2fb-bec6-4bf7-a462-fb9b4c1867b5)
2020-03-10 01:50:46.917 15 RALLYDEBUG rally_openstack.cleanup.manager [-] Deleting neutron.network object s_rally_597c832e_B4nTWAJJ (5e63da02-7c0e-444c-9b4e-e0607115db32)
2020-03-10 01:50:46.948 15 RALLYDEBUG rally_openstack.cleanup.manager [-] Deleting neutron.network object s_rally_597c832e_lJWCN37p (6078ef87-717e-4745-aeb4-e30a666eefb7)
2020-03-10 01:50:46.948 15 RALLYDEBUG rally_openstack.cleanup.manager [-] Deleting neutron.network object s_rally_597c832e_JCB62GCb (5fcec659-23fa-4cca-b282-efd2dbf4bb35)
2020-03-10 01:50:47.105 15 RALLYDEBUG rally_openstack.cleanup.manager [-] Deleting neutron.network object s_rally_597c832e_88F5Qrf4 (6c7bd9e7-782d-4bcf-aac0-103b67a207b1)
2020-03-10 01:50:47.221 15 RALLYDEBUG rally_openstack.cleanup.manager [-] Deleting neutron.network object s_rally_597c832e_BrLAiyeL (6e29951e-9ee4-4404-8bdf-a7c5a6631248)
2020-03-10 01:50:47.228 15 RALLYDEBUG rally_openstack.cleanup.manager [-] Deleting neutron.network object s_rally_597c832e_lnZd6xdc (6fe8a5e9-5022-4de1-b104-d8bf3a3d432c)
2020-03-10 01:50:47.355 15 RALLYDEBUG rally_openstack.cleanup.manager [-] Deleting neutron.network object s_rally_597c832e_Hs4kpHYM (722cf761-d1b5-42a8-9f99-99f5b2d5e92b)
2020-03-10 01:50:47.778 15 RALLYDEBUG rally_openstack.cleanup.manager [-] Deleting neutron.network object s_rally_597c832e_z8nI1aCt (72bccff7-bb98-49c3-a49f-2e6aa73c672a)
2020-03-10 01:50:47.990 15 RALLYDEBUG rally_openstack.cleanup.manager [-] Deleting neutron.network object s_rally_597c832e_qO3qDeDC (74272854-441a-4444-914d-e179758cf51e)
2020-03-10 01:50:48.136 15 RALLYDEBUG rally_openstack.cleanup.manager [-] Deleting neutron.network object s_rally_597c832e_HRcK6HDo (7472331e-8892-4594-8276-409fd360f35a)
2020-03-10 01:50:48.143 15 RALLYDEBUG rally_openstack.cleanup.manager [-] Deleting neutron.network object s_rally_597c832e_gMb2H9NY (7d156c24-8f9d-4df4-943c-05c774324c91)
2020-03-10 01:50:48.275 15 RALLYDEBUG rally_openstack.cleanup.manager [-] Deleting neutron.network object s_rally_597c832e_64pidnEF (7e31b42b-f7b3-428d-9f47-e9718c9d7708)
2020-03-10 01:50:48.367 15 RALLYDEBUG rally_openstack.cleanup.manager [-] Deleting neutron.network object s_rally_597c832e_wgb9qFxp (804f4061-e6f3-4c80-8830-7a66a04f4b01)
2020-03-10 01:50:48.673 15 RALLYDEBUG rally_openstack.cleanup.manager [-] Deleting neutron.network object s_rally_597c832e_H7AgEHzG (818db8a9-1ce8-49ed-a03c-524af0ff8c4f)
2020-03-10 01:50:48.688 15 RALLYDEBUG rally_openstack.cleanup.manager [-] Deleting neutron.network object s_rally_597c832e_Low2hdYL (81c2aca9-af31-4d54-9acb-5eccdafc15c9)
2020-03-10 01:50:48.831 15 RALLYDEBUG rally_openstack.cleanup.manager [-] Deleting neutron.network object s_rally_597c832e_B8sndGeA (82384d12-3bf6-4a97-aaf8-cf99441fe10b)
2020-03-10 01:50:48.877 15 RALLYDEBUG rally_openstack.cleanup.manager [-] Deleting neutron.network object s_rally_597c832e_AGuAkGVa (8466b07d-afc5-4668-bd7d-7cf34eed5e2f)
2020-03-10 01:50:48.979 15 RALLYDEBUG rally_openstack.cleanup.manager [-] Deleting neutron.network object s_rally_597c832e_w8JyaAV2 (86acdc06-ce09-4ee4-a123-6a739f819e9f)
2020-03-10 01:50:48.989 15 RALLYDEBUG rally_openstack.cleanup.manager [-] Deleting neutron.network object s_rally_597c832e_KEkXcLzg (86471c6e-e4bf-4912-8b80-cf15f3c890f9)
2020-03-10 01:50:49.237 15 RALLYDEBUG rally_openstack.cleanup.manager [-] Deleting neutron.network object s_rally_597c832e_B2aWgqmy (89facabd-9c3e-4778-99f0-224199f81b9f)
2020-03-10 01:50:49.266 15 RALLYDEBUG rally_openstack.cleanup.manager [-] Deleting neutron.network object s_rally_597c832e_ZDszZrli (8d61ae00-89aa-4ede-8c60-2f3c9dcbec51)
2020-03-10 01:50:49.314 15 RALLYDEBUG rally_openstack.cleanup.manager [-] Deleting neutron.network object s_rally_597c832e_d2Z8KN3J (8f4cc239-1a29-4513-963d-a90a24ca9095)
2020-03-10 01:50:49.390 15 RALLYDEBUG rally_openstack.cleanup.manager [-] Deleting neutron.network object s_rally_597c832e_gCdd9I2A (9165967b-4c51-40a8-82f2-10930de914b1)
2020-03-10 01:50:49.395 15 RALLYDEBUG rally_openstack.cleanup.manager [-] Deleting neutron.network object s_rally_597c832e_eL6mbZY8 (92b67f21-baa8-43df-b8d1-f40394fea630)
2020-03-10 01:50:49.421 15 RALLYDEBUG rally_openstack.cleanup.manager [-] Deleting neutron.network object s_rally_597c832e_pfTBS4Q8 (92e7eb7d-2649-4997-9b63-9868bc46db87)
2020-03-10 01:50:49.612 15 RALLYDEBUG rally_openstack.cleanup.manager [-] Deleting neutron.network object s_rally_597c832e_AKKCC5rF (990106f2-9ad5-4aec-8dc4-56bff45e062f)
2020-03-10 01:50:49.852 15 RALLYDEBUG rally_openstack.cleanup.manager [-] Deleting neutron.network object s_rally_597c832e_BHBzWSbP (9b3e768f-ae86-41b0-902a-011c95d5ae30)
2020-03-10 01:50:50.002 15 RALLYDEBUG rally_openstack.cleanup.manager [-] Deleting neutron.network object s_rally_597c832e_XJsRWW96 (9c0fc66c-ae14-4c05-a6a1-35f80b2cd76f)
2020-03-10 01:50:50.032 15 RALLYDEBUG rally_openstack.cleanup.manager [-] Deleting neutron.network object s_rally_597c832e_ZcLaklQU (9c3cf77d-163c-484c-a2c0-db1d7489d4c6)
2020-03-10 01:50:50.132 15 RALLYDEBUG rally_openstack.cleanup.manager [-] Deleting neutron.network object s_rally_597c832e_VHcVbOdJ (9e8b8178-2574-4113-9f5e-806d2bab9ff7)
2020-03-10 01:50:50.695 15 RALLYDEBUG rally_openstack.cleanup.manager [-] Deleting neutron.network object s_rally_597c832e_e1tkDxUi (9f7eddd2-6e3d-4ead-8b14-0d9f13ea043e)
2020-03-10 01:50:50.744 15 RALLYDEBUG rally_openstack.cleanup.manager [-] Deleting neutron.network object s_rally_597c832e_7JYOOgSm (a546a2f4-a50c-4d41-8c7b-ab74c4f3e882)
2020-03-10 01:50:50.901 15 RALLYDEBUG rally_openstack.cleanup.manager [-] Deleting neutron.network object s_rally_597c832e_U3VLeG9G (a7a42d00-fc07-4f66-a05e-ac8ccb73ceb3)
2020-03-10 01:50:50.972 15 RALLYDEBUG rally_openstack.cleanup.manager [-] Deleting neutron.network object s_rally_597c832e_3olVSzMp (a7f1a57e-c8fb-4861-ba69-31c8760bba4d)
2020-03-10 01:50:51.022 15 RALLYDEBUG rally_openstack.cleanup.manager [-] Deleting neutron.network object s_rally_597c832e_HE44jhOz (a99b8b95-8638-442a-90b9-644f90cc18be)
2020-03-10 01:50:51.099 15 RALLYDEBUG rally_openstack.cleanup.manager [-] Deleting neutron.network object s_rally_597c832e_FHVn3H6a (aaa9f58e-cf4b-499d-8172-5601959c5258)
2020-03-10 01:50:51.239 15 RALLYDEBUG rally_openstack.cleanup.manager [-] Deleting neutron.network object s_rally_597c832e_eoNw0yZi (aedb3adb-61ae-4292-bc15-8f22302f4d1b)
2020-03-10 01:50:51.334 15 RALLYDEBUG rally_openstack.cleanup.manager [-] Deleting neutron.network object s_rally_597c832e_Cxtp1HSL (afd5a54f-aff6-42ba-9c3f-165e406801fb)
2020-03-10 01:50:51.368 15 RALLYDEBUG rally_openstack.cleanup.manager [-] Deleting neutron.network object s_rally_597c832e_AHddzMxI (b16cbee0-5963-4e9d-879d-0d7f0ccffeee)
2020-03-10 01:50:51.444 15 RALLYDEBUG rally_openstack.cleanup.manager [-] Deleting neutron.network object s_rally_597c832e_WQoRIpXZ (b4421e0d-8104-4f89-a2eb-5227c9126b72)
2020-03-10 01:50:51.489 15 RALLYDEBUG rally_openstack.cleanup.manager [-] Deleting neutron.network object s_rally_597c832e_D7guswGR (b7cd209d-2677-4726-bfb2-27bfe6cad6ad)
2020-03-10 01:50:51.560 15 RALLYDEBUG rally_openstack.cleanup.manager [-] Deleting neutron.network object s_rally_597c832e_xDLtPYhp (b85306af-38c5-4080-8c87-31b4fae9b61b)
2020-03-10 01:50:51.899 15 RALLYDEBUG rally_openstack.cleanup.manager [-] Deleting neutron.network object s_rally_597c832e_1j9PIlq5 (b9defdd8-29c8-4d62-90fd-55d0c51ebbe9)
2020-03-10 01:50:51.950 15 RALLYDEBUG rally_openstack.cleanup.manager [-] Deleting neutron.network object s_rally_597c832e_zbO1YfpD (ce6b9bd9-7c2e-4661-a917-01ea87e6dbbe)
2020-03-10 01:50:51.993 15 RALLYDEBUG rally_openstack.cleanup.manager [-] Deleting neutron.network object s_rally_597c832e_xIWyLbF2 (ce83da23-8062-4ca0-afd2-66727426b01e)
2020-03-10 01:50:52.032 15 RALLYDEBUG rally_openstack.cleanup.manager [-] Deleting neutron.network object s_rally_597c832e_y2WA6JHj (d07c2026-0b4a-4f68-9ad5-676a20cb73b0)
2020-03-10 01:50:52.567 15 RALLYDEBUG rally_openstack.cleanup.manager [-] Deleting neutron.network object s_rally_597c832e_6McRD4F4 (d2c09b6b-4369-481c-82c6-1c1eefa10c85)
