2020-03-10 02:11:01.598 15 RALLYDEBUG rally_openstack.cleanup.manager [-] Deleting neutron.port object s_rally_249a1cf8_nAhgiR7n (b2f1239a-6956-46a9-8aa9-057d36dcaafe)
2020-03-10 02:11:01.624 15 RALLYDEBUG rally_openstack.cleanup.manager [-] Deleting neutron.port object s_rally_249a1cf8_lkRotG3a (b371c80e-0279-4369-9482-707255602be4)
2020-03-10 02:11:01.891 15 RALLYDEBUG rally_openstack.cleanup.manager [-] Deleting neutron.port object s_rally_249a1cf8_jwZmokY2 (b54a105b-0560-471c-9f5b-38d1d2a1c926)
2020-03-10 02:11:02.008 15 RALLYDEBUG rally_openstack.cleanup.manager [-] Deleting neutron.port object s_rally_249a1cf8_UDXbbYdz (b5f5f437-7c26-41fc-bfcc-dad0802cc787)
2020-03-10 02:11:02.218 15 RALLYDEBUG rally_openstack.cleanup.manager [-] Deleting neutron.port object s_rally_249a1cf8_yjXqgmfZ (b5fbdc77-a7c8-4462-9c4d-823b5c5ba944)
2020-03-10 02:11:02.251 15 RALLYDEBUG rally_openstack.cleanup.manager [-] Deleting neutron.port object s_rally_249a1cf8_d1ClPnZX (b635cf99-e38d-4ad0-8584-1a2ea98e7acc)
2020-03-10 02:11:02.536 15 RALLYDEBUG rally_openstack.cleanup.manager [-] Deleting neutron.port object s_rally_249a1cf8_Y251G0iI (b698ca16-2bc9-4b53-a06f-1c606254a435)
2020-03-10 02:11:02.573 15 RALLYDEBUG rally_openstack.cleanup.manager [-] Deleting neutron.port object s_rally_249a1cf8_dsdZMfYY (b703f8d2-cdb5-4fd8-a44a-2f2b63d7cf84)
2020-03-10 02:11:03.799 15 RALLYDEBUG rally_openstack.cleanup.manager [-] Deleting neutron.port object s_rally_249a1cf8_Knxdzw8w (b7512cdb-427f-4b9f-b85e-a732ebfabdd6)
2020-03-10 02:11:03.874 15 RALLYDEBUG rally_openstack.cleanup.manager [-] Deleting neutron.port object s_rally_249a1cf8_sDSirtsw (b7c90141-2e42-4ce6-bc50-f615f34a1918)
2020-03-10 02:11:03.876 15 RALLYDEBUG rally_openstack.cleanup.manager [-] Deleting neutron.port object s_rally_249a1cf8_pekd3mOl (b78ccd77-59dc-47d3-b879-2626ba827323)
2020-03-10 02:11:03.941 15 RALLYDEBUG rally_openstack.cleanup.manager [-] Deleting neutron.port object s_rally_249a1cf8_gKYg74c7 (b7f9d0e6-333f-461f-b787-4aa5e4ebe1b0)
2020-03-10 02:11:03.983 15 RALLYDEBUG rally_openstack.cleanup.manager [-] Deleting neutron.port object s_rally_249a1cf8_3b7r9qoc (ba1bb056-345a-42e9-9b0a-05ce4c204586)
2020-03-10 02:11:04.021 15 RALLYDEBUG rally_openstack.cleanup.manager [-] Deleting neutron.port object s_rally_249a1cf8_hQkSjLtL (bae5a8a8-ff14-4fd4-8223-71ad907e9062)
2020-03-10 02:11:04.062 15 RALLYDEBUG rally_openstack.cleanup.manager [-] Deleting neutron.port object s_rally_249a1cf8_E8QaKWU6 (bae8dcce-80bd-426b-b35d-09663218b110)
2020-03-10 02:11:04.115 15 RALLYDEBUG rally_openstack.cleanup.manager [-] Deleting neutron.port object s_rally_249a1cf8_SgLj6sCJ (bb9a8bc6-d8eb-4cf4-9df5-9e2af1cc9458)
2020-03-10 02:11:04.138 15 RALLYDEBUG rally_openstack.cleanup.manager [-] Deleting neutron.port object s_rally_249a1cf8_TKSTNimw (bc0aa93c-756f-4e97-8d32-b0766a879c96)
2020-03-10 02:11:04.193 15 RALLYDEBUG rally_openstack.cleanup.manager [-] Deleting neutron.port object s_rally_249a1cf8_lkp22bD6 (bd990963-e212-47ad-aa09-e36c3845a1c8)
2020-03-10 02:11:04.209 15 RALLYDEBUG rally_openstack.cleanup.manager [-] Deleting neutron.port object s_rally_249a1cf8_ty83XBKM (be14761a-782d-4059-a3a3-485d4c0635ca)
2020-03-10 02:11:04.291 15 RALLYDEBUG rally_openstack.cleanup.manager [-] Deleting neutron.port object s_rally_249a1cf8_cwH0EkW4 (be3b316d-827c-488f-80a5-87cf47d1bcee)
2020-03-10 02:11:04.388 15 RALLYDEBUG rally_openstack.cleanup.manager [-] Deleting neutron.port object s_rally_249a1cf8_da2ZfyGI (bea629b5-f8fd-4c14-b01f-b6162660e214)
2020-03-10 02:11:04.412 15 RALLYDEBUG rally_openstack.cleanup.manager [-] Deleting neutron.port object s_rally_249a1cf8_J4KW6Bea (bf185568-06c0-44ab-a406-14f4f294416c)
2020-03-10 02:11:04.504 15 RALLYDEBUG rally_openstack.cleanup.manager [-] Deleting neutron.port object s_rally_249a1cf8_pcTKe0su (bf6d2aa8-f5f9-4650-a1da-30b05adb9f74)
2020-03-10 02:11:04.613 15 RALLYDEBUG rally_openstack.cleanup.manager [-] Deleting neutron.port object s_rally_249a1cf8_p98tcXD7 (bf7677a9-fd7e-4a02-b623-89a5122948f7)
2020-03-10 02:11:04.646 15 RALLYDEBUG rally_openstack.cleanup.manager [-] Deleting neutron.port object s_rally_249a1cf8_xhBUZ3dL (bfa33298-e199-455b-af44-613c62d402ed)
2020-03-10 02:11:04.659 15 RALLYDEBUG rally_openstack.cleanup.manager [-] Deleting neutron.port object s_rally_249a1cf8_6yTDpfRR (c01e0ac9-3fae-4058-ae14-85277f51f12e)
2020-03-10 02:11:04.663 15 RALLYDEBUG rally_openstack.cleanup.manager [-] Deleting neutron.port object s_rally_249a1cf8_qzNkGPiu (c04ec73a-b17f-4f5f-9a93-cb7330afb554)
2020-03-10 02:11:04.731 15 RALLYDEBUG rally_openstack.cleanup.manager [-] Deleting neutron.port object s_rally_249a1cf8_NGvsiQoS (c0b6c9b9-292c-4903-a751-d2b235b5ff36)
2020-03-10 02:11:05.622 15 RALLYDEBUG rally_openstack.cleanup.manager [-] Deleting neutron.port object s_rally_249a1cf8_ubZdOw0a (c137b986-d9e6-4b63-ae8f-6271f4281449)
2020-03-10 02:11:05.714 15 RALLYDEBUG rally_openstack.cleanup.manager [-] Deleting neutron.port object s_rally_249a1cf8_enrnjj4e (c33e82a1-84db-4364-ab44-69874bce2782)
2020-03-10 02:11:06.032 15 RALLYDEBUG rally_openstack.cleanup.manager [-] Deleting neutron.port object s_rally_249a1cf8_iepW2ra9 (c372576e-2458-4d27-b5d1-177232647655)
2020-03-10 02:11:06.042 15 RALLYDEBUG rally_openstack.cleanup.manager [-] Deleting neutron.port object s_rally_249a1cf8_67upDpOB (c38a28c4-f450-4310-b690-36b4855b116f)
2020-03-10 02:11:06.206 15 RALLYDEBUG rally_openstack.cleanup.manager [-] Deleting neutron.port object s_rally_249a1cf8_JIKQHcgP (c477466d-81cb-407d-a1f3-770d14c358fc)
2020-03-10 02:11:06.251 15 RALLYDEBUG rally_openstack.cleanup.manager [-] Deleting neutron.port object s_rally_249a1cf8_nnwRtRRz (c603d964-42a6-4b43-9ebe-c261db7e8b63)
2020-03-10 02:11:06.349 15 RALLYDEBUG rally_openstack.cleanup.manager [-] Deleting neutron.port object s_rally_249a1cf8_He5Bjpgz (c71fa1fc-8e10-4a94-aad3-61e94236d964)
2020-03-10 02:11:06.359 15 RALLYDEBUG rally_openstack.cleanup.manager [-] Deleting neutron.port object s_rally_249a1cf8_0dHAZplD (c859b46b-4c3a-4650-80d5-9e56f8106867)
2020-03-10 02:11:06.379 15 RALLYDEBUG rally_openstack.cleanup.manager [-] Deleting neutron.port object s_rally_249a1cf8_jG73ArDT (c8c733f5-fbf6-4c26-aa7e-602ea4e23e80)
2020-03-10 02:11:06.431 15 RALLYDEBUG rally_openstack.cleanup.manager [-] Deleting neutron.port object s_rally_249a1cf8_aA6En3MF (c9124f3c-2965-40b1-84c8-3f4737898149)
2020-03-10 02:11:06.599 15 RALLYDEBUG rally_openstack.cleanup.manager [-] Deleting neutron.port object s_rally_249a1cf8_7jNEeuOi (cab59b31-577c-4199-b94f-f7479c1ccc4f)
2020-03-10 02:11:06.613 15 RALLYDEBUG rally_openstack.cleanup.manager [-] Deleting neutron.port object s_rally_249a1cf8_7ES009Qz (cb26fdef-53bd-4ab3-9788-dfc6ce1a67b9)
2020-03-10 02:11:06.790 15 RALLYDEBUG rally_openstack.cleanup.manager [-] Deleting neutron.port object s_rally_249a1cf8_HoJRfRkD (cb7eb1d1-1773-4566-93f8-9aeeab3a0a54)
2020-03-10 02:11:07.131 15 RALLYDEBUG rally_openstack.cleanup.manager [-] Deleting neutron.port object s_rally_249a1cf8_YH4vMgDJ (cd4bbee4-a4de-4cd2-8c01-8b35909c5473)
2020-03-10 02:11:07.141 15 RALLYDEBUG rally_openstack.cleanup.manager [-] Deleting neutron.port object s_rally_249a1cf8_bd3wAjk7 (cdf4bd4f-e3e7-4d1e-8598-73768a448d25)
2020-03-10 02:11:07.241 15 RALLYDEBUG rally_openstack.cleanup.manager [-] Deleting neutron.port object s_rally_249a1cf8_KqJ6UsCx (d06b165c-9e78-4fe3-bd7e-7cac3ff9e9d0)
2020-03-10 02:11:07.247 15 RALLYDEBUG rally_openstack.cleanup.manager [-] Deleting neutron.port object s_rally_249a1cf8_9NhNeIua (d106b360-308e-47ae-8efc-047ec44b6eb0)
2020-03-10 02:11:07.331 15 RALLYDEBUG rally_openstack.cleanup.manager [-] Deleting neutron.port object s_rally_249a1cf8_kQQ69E2Z (d20b8e3e-19a0-4030-8174-e3a5dba6f430)
2020-03-10 02:11:07.391 15 RALLYDEBUG rally_openstack.cleanup.manager [-] Deleting neutron.port object s_rally_249a1cf8_dfLU4Zxb (d330d1b4-92ab-497d-97f6-f748734a723a)
2020-03-10 02:11:07.429 15 RALLYDEBUG rally_openstack.cleanup.manager [-] Deleting neutron.port object s_rally_249a1cf8_dQFqQ4r2 (d416dd5b-1da8-4b85-8f62-056f8a5a361f)
2020-03-10 02:11:07.676 15 RALLYDEBUG rally_openstack.cleanup.manager [-] Deleting neutron.port object s_rally_249a1cf8_QXyRo44s (d594fbfd-74ff-43f8-8399-5e54616a5099)
2020-03-10 02:11:07.886 15 RALLYDEBUG rally_openstack.cleanup.manager [-] Deleting neutron.port object s_rally_249a1cf8_BkvKgu42 (d5ce1db8-39e2-4d7b-9316-629607b54c30)
2020-03-10 02:11:08.118 15 RALLYDEBUG rally_openstack.cleanup.manager [-] Deleting neutron.port object s_rally_249a1cf8_gPijlEj6 (d68af405-0026-4225-9bc8-9af70abdbca4)
2020-03-10 02:11:08.275 15 RALLYDEBUG rally_openstack.cleanup.manager [-] Deleting neutron.port object s_rally_249a1cf8_pt6aqaJa (d6a95950-f5f3-420c-a9a4-0a4696b06aae)
2020-03-10 02:11:08.285 15 RALLYDEBUG rally_openstack.cleanup.manager [-] Deleting neutron.port object s_rally_249a1cf8_7wIuhyft (d7fbb5c8-3150-4f17-bafa-4f7561aec505)
2020-03-10 02:11:08.384 15 RALLYDEBUG rally_openstack.cleanup.manager [-] Deleting neutron.port object s_rally_249a1cf8_kWgqXyB7 (d8770e31-096a-4f7f-b47f-e47384d39a95)
2020-03-10 02:11:08.391 15 RALLYDEBUG rally_openstack.cleanup.manager [-] Deleting neutron.port object s_rally_249a1cf8_gjlJwROr (d9940fe4-0363-4085-b975-003afb5df34c)
2020-03-10 02:11:08.543 15 RALLYDEBUG rally_openstack.cleanup.manager [-] Deleting neutron.port object s_rally_249a1cf8_rUmC92Bb (dab486bf-77f4-4823-bfff-788cd263f410)
2020-03-10 02:11:08.560 15 RALLYDEBUG rally_openstack.cleanup.manager [-] Deleting neutron.port object s_rally_249a1cf8_HJoiG7sU (dabe3a7d-7b59-4b75-903b-b6c161cbf2ed)
2020-03-10 02:11:08.571 15 RALLYDEBUG rally_openstack.cleanup.manager [-] Deleting neutron.port object s_rally_249a1cf8_rOnfRsQW (dac35c40-2f69-4bd5-9fd0-d4a48b6cf588)
2020-03-10 02:11:08.670 15 RALLYDEBUG rally_openstack.cleanup.manager [-] Deleting neutron.port object s_rally_249a1cf8_lIJ4tChm (db15fb2d-4e22-4256-b0c9-72de6e37cdb9)
2020-03-10 02:11:08.678 15 RALLYDEBUG rally_openstack.cleanup.manager [-] Deleting neutron.port object s_rally_249a1cf8_NKNIDc98 (db867a2b-5d02-4a59-a088-40711e100ea3)
2020-03-10 02:11:08.695 15 RALLYDEBUG rally_openstack.cleanup.manager [-] Deleting neutron.port object s_rally_249a1cf8_NwueYXAb (dba71a5e-bcce-476d-bb53-5aaf07b1565a)
2020-03-10 02:11:08.835 15 RALLYDEBUG rally_openstack.cleanup.manager [-] Deleting neutron.port object s_rally_249a1cf8_OUxFwKLR (dcd6f6ad-a5cd-44f0-9d1f-96cdfe7bb333)
2020-03-10 02:11:09.291 15 RALLYDEBUG rally_openstack.cleanup.manager [-] Deleting neutron.port object s_rally_249a1cf8_s75gFnJj (dd08caf6-ac45-4c08-ace3-762a954116c3)
2020-03-10 02:11:10.030 15 RALLYDEBUG rally_openstack.cleanup.manager [-] Deleting neutron.port object s_rally_249a1cf8_uLYh448G (dd24045b-0910-4461-9441-0e5ae6f2f62f)
2020-03-10 02:11:10.159 15 RALLYDEBUG rally_openstack.cleanup.manager [-] Deleting neutron.port object s_rally_249a1cf8_SKxBqTp7 (dd65bc7b-dc58-47fe-80f1-e2b405880b9c)
2020-03-10 02:11:10.247 15 RALLYDEBUG rally_openstack.cleanup.manager [-] Deleting neutron.port object s_rally_249a1cf8_m9tEsJHu (ddbcf8e2-4324-4c99-afcf-8c3dd6dba42c)
2020-03-10 02:11:10.388 15 RALLYDEBUG rally_openstack.cleanup.manager [-] Deleting neutron.port object s_rally_249a1cf8_J7nAU6Wr (de932251-6b9d-4eb8-9933-5aba16d24ba0)
2020-03-10 02:11:10.416 15 RALLYDEBUG rally_openstack.cleanup.manager [-] Deleting neutron.port object s_rally_249a1cf8_yYwXfZ1l (df5701c0-0cd0-4a9b-a874-93caf6c2cb60)
2020-03-10 02:11:10.422 15 RALLYDEBUG rally_openstack.cleanup.manager [-] Deleting neutron.port object s_rally_249a1cf8_QxBgUQNr (dfd4cc31-4245-456e-a987-4100c8535d20)
2020-03-10 02:11:10.439 15 RALLYDEBUG rally_openstack.cleanup.manager [-] Deleting neutron.port object s_rally_249a1cf8_otldN0N4 (dfef64d6-a996-4132-9af5-9d7813afe998)
2020-03-10 02:11:10.572 15 RALLYDEBUG rally_openstack.cleanup.manager [-] Deleting neutron.port object s_rally_249a1cf8_PzSwUQrx (e155e17d-2e1f-4a54-841a-7eb1384fb0bf)
2020-03-10 02:11:10.629 15 RALLYDEBUG rally_openstack.cleanup.manager [-] Deleting neutron.port object s_rally_249a1cf8_oFXyDImd (e2354204-97e9-40d9-9a32-cb58d0f0c094)
2020-03-10 02:11:10.663 15 RALLYDEBUG rally_openstack.cleanup.manager [-] Deleting neutron.port object s_rally_249a1cf8_5Dqvu7OM (e2acec5b-2ca9-46c7-941b-3a197007fd0e)
2020-03-10 02:11:10.788 15 RALLYDEBUG rally_openstack.cleanup.manager [-] Deleting neutron.port object s_rally_249a1cf8_EF4OODlB (e5cab7c2-84d0-41ec-88eb-9ab7cfd56e13)
2020-03-10 02:11:10.789 15 RALLYDEBUG rally_openstack.cleanup.manager [-] Deleting neutron.port object s_rally_249a1cf8_IwKIgpnu (e33fdb5b-080b-4b32-aeac-b80600e6bda9)
2020-03-10 02:11:10.907 15 RALLYDEBUG rally_openstack.cleanup.manager [-] Deleting neutron.port object s_rally_249a1cf8_yJB2V1nG (e5d75e2f-592b-45b6-b75a-624a71a0d81f)
2020-03-10 02:11:10.954 15 RALLYDEBUG rally_openstack.cleanup.manager [-] Deleting neutron.port object s_rally_249a1cf8_2UTTlgib (e6157b3f-088d-4611-844f-6a3c4501a024)
2020-03-10 02:11:10.994 15 RALLYDEBUG rally_openstack.cleanup.manager [-] Deleting neutron.port object s_rally_249a1cf8_PcbJXHQP (e64bc32d-3233-4f02-9458-d99f863f3247)
2020-03-10 02:11:11.002 15 RALLYDEBUG rally_openstack.cleanup.manager [-] Deleting neutron.port object s_rally_249a1cf8_ymzHj1Hv (e6a1ef55-ac3a-4806-a30b-b6c582d6eb0f)
2020-03-10 02:11:11.006 15 RALLYDEBUG rally_openstack.cleanup.manager [-] Deleting neutron.port object s_rally_249a1cf8_Awt10coW (e85b007f-1fb2-4750-b2c4-880e352b82de)
2020-03-10 02:11:11.039 15 RALLYDEBUG rally_openstack.cleanup.manager [-] Deleting neutron.port object s_rally_249a1cf8_H9g9A2Az (e8ff287c-db95-4685-8b43-e5f713a930c6)
2020-03-10 02:11:11.200 15 RALLYDEBUG rally_openstack.cleanup.manager [-] Deleting neutron.port object s_rally_249a1cf8_7mR2AxQE (e93fe126-d4c8-4a67-baf8-7e0df1b6f8c6)
2020-03-10 02:11:11.207 15 RALLYDEBUG rally_openstack.cleanup.manager [-] Deleting neutron.port object s_rally_249a1cf8_mYHQcxU4 (e985301f-0a3a-40f1-9721-d5b6fd60c214)
2020-03-10 02:11:11.741 15 RALLYDEBUG rally_openstack.cleanup.manager [-] Deleting neutron.port object s_rally_249a1cf8_7DYdvepZ (ea5c2b95-03dd-4500-ba5b-94e618bd28f7)
2020-03-10 02:11:11.945 15 RALLYDEBUG rally_openstack.cleanup.manager [-] Deleting neutron.port object s_rally_249a1cf8_oYp723wH (ea8a86f0-bc55-4ddf-90d1-1b352ed4f71a)
2020-03-10 02:11:12.103 15 RALLYDEBUG rally_openstack.cleanup.manager [-] Deleting neutron.port object s_rally_249a1cf8_LHA2HNE4 (eb3ab905-c389-425d-a8e4-6fa77db129a8)
2020-03-10 02:11:12.136 15 RALLYDEBUG rally_openstack.cleanup.manager [-] Deleting neutron.port object s_rally_249a1cf8_EveShHFd (ecf69a22-4898-40a6-87ea-e2593b2d59c9)
2020-03-10 02:11:12.361 15 RALLYDEBUG rally_openstack.cleanup.manager [-] Deleting neutron.port object s_rally_249a1cf8_lk9uaQyn (eda29939-d3c2-4ce9-b285-18e337d361fd)
2020-03-10 02:11:12.473 15 RALLYDEBUG rally_openstack.cleanup.manager [-] Deleting neutron.port object s_rally_249a1cf8_BEYEe4Kf (ee019b75-54b4-41e9-8780-b3a5f8fa90a1)
2020-03-10 02:11:12.575 15 RALLYDEBUG rally_openstack.cleanup.manager [-] Deleting neutron.port object s_rally_249a1cf8_hqrndAcu (eedc7a57-fb1a-45df-8d55-b7407354f162)
2020-03-10 02:11:12.627 15 RALLYDEBUG rally_openstack.cleanup.manager [-] Deleting neutron.port object s_rally_249a1cf8_0MKEgbbW (eedf6498-1478-432c-9985-d64e448e1349)
2020-03-10 02:11:12.682 15 RALLYDEBUG rally_openstack.cleanup.manager [-] Deleting neutron.port object s_rally_249a1cf8_4UtGZHL3 (f09dedc3-3217-46d0-8750-e5d818975f10)
2020-03-10 02:11:12.816 15 RALLYDEBUG rally_openstack.cleanup.manager [-] Deleting neutron.port object s_rally_249a1cf8_49nNe50a (f0d84d81-7b9f-48a1-a8a3-299dd8b19cb6)
2020-03-10 02:11:12.872 15 RALLYDEBUG rally_openstack.cleanup.manager [-] Deleting neutron.port object s_rally_249a1cf8_HxZPaJJr (f1b805eb-f559-406b-ac3f-8db747b9cc7e)
2020-03-10 02:11:12.960 15 RALLYDEBUG rally_openstack.cleanup.manager [-] Deleting neutron.port object s_rally_249a1cf8_rKbzmFvv (f36c5b29-6f43-4880-8446-50372c5509b3)
2020-03-10 02:11:12.995 15 RALLYDEBUG rally_openstack.cleanup.manager [-] Deleting neutron.port object s_rally_249a1cf8_XiZYcVoW (f36cdeba-0e78-4a31-80a0-89076393edbd)
2020-03-10 02:11:13.302 15 RALLYDEBUG rally_openstack.cleanup.manager [-] Deleting neutron.port object s_rally_249a1cf8_kM3VQ46g (f4703fde-7c16-4c1c-95c7-7f501f3ee2b8)
2020-03-10 02:11:13.408 15 RALLYDEBUG rally_openstack.cleanup.manager [-] Deleting neutron.port object s_rally_249a1cf8_C3ibG3YS (f4e9b321-3587-4f24-91df-25c98d73aa30)
2020-03-10 02:11:13.558 15 RALLYDEBUG rally_openstack.cleanup.manager [-] Deleting neutron.port object s_rally_249a1cf8_ACnayCse (f556c4ac-b1e3-4d86-86f6-cf468b422fb0)
2020-03-10 02:11:13.588 15 RALLYDEBUG rally_openstack.cleanup.manager [-] Deleting neutron.port object s_rally_249a1cf8_Yr7vXYRG (f6020354-b012-4812-a90d-abd96d84efd4)
2020-03-10 02:11:13.705 15 RALLYDEBUG rally_openstack.cleanup.manager [-] Deleting neutron.port object s_rally_249a1cf8_QFIkmw93 (f61ce670-5e14-4742-a6d4-430455c673ff)
2020-03-10 02:11:13.897 15 RALLYDEBUG rally_openstack.cleanup.manager [-] Deleting neutron.port object s_rally_249a1cf8_5dSpJj04 (f6927bc1-e32c-4b0e-8b81-2c7ebb124dd1)
2020-03-10 02:11:13.909 15 RALLYDEBUG rally_openstack.cleanup.manager [-] Deleting neutron.port object s_rally_249a1cf8_KG1SCGVZ (f6a34a76-8d6e-47b5-b2d2-78a4ef8b2b48)
2020-03-10 02:11:14.033 15 RALLYDEBUG rally_openstack.cleanup.manager [-] Deleting neutron.port object s_rally_249a1cf8_x9HxuGeF (f73f54f8-a246-4875-83ab-377f9f93f7c5)
2020-03-10 02:11:14.624 15 RALLYDEBUG rally_openstack.cleanup.manager [-] Deleting neutron.port object s_rally_249a1cf8_2CKaOkLD (f81b34c2-ed1f-4dba-9725-4c340824c89a)
2020-03-10 02:11:14.680 15 RALLYDEBUG rally_openstack.cleanup.manager [-] Deleting neutron.port object s_rally_249a1cf8_AWfNHFio (fb690f05-44d0-4600-bcd6-92c1c7c0d149)
2020-03-10 02:11:14.765 15 RALLYDEBUG rally_openstack.cleanup.manager [-] Deleting neutron.port object s_rally_249a1cf8_IKz5Z3u9 (fbfac5e0-df64-4c7f-8fd2-d47d2b191487)
2020-03-10 02:11:15.089 15 RALLYDEBUG rally_openstack.cleanup.manager [-] Deleting neutron.port object s_rally_249a1cf8_y5SE2sbN (fd145d17-b83e-4390-973e-b8693a5cea73)
2020-03-10 02:11:15.321 15 RALLYDEBUG rally_openstack.cleanup.manager [-] Deleting neutron.port object s_rally_249a1cf8_tBy6H9Ii (fd3e2e56-e1b8-480c-ac41-4ac4d25a8180)
2020-03-10 02:11:15.502 15 RALLYDEBUG rally_openstack.cleanup.manager [-] Deleting neutron.port object s_rally_249a1cf8_QnXE3RzN (fe1636c0-b8dd-4b13-a3e5-b49e7c06fe06)
2020-03-10 02:11:15.520 15 RALLYDEBUG rally_openstack.cleanup.manager [-] Deleting neutron.port object s_rally_249a1cf8_qZ9rSz6J (fe366a0e-054c-4f3f-9060-2166e933bc2f)
2020-03-10 02:11:15.608 15 RALLYDEBUG rally_openstack.cleanup.manager [-] Deleting neutron.port object s_rally_249a1cf8_dvrXvY1H (fe6a53e5-e8d5-45d4-b513-9ee4f356a119)
2020-03-10 02:11:15.744 15 RALLYDEBUG rally_openstack.cleanup.manager [-] Deleting neutron.port object s_rally_249a1cf8_Pt1Sl3cG (fe8b9091-204b-4f23-bbd5-0aaa7a547e8a)
2020-03-10 02:11:15.772 15 RALLYDEBUG rally_openstack.cleanup.manager [-] Deleting neutron.port object s_rally_249a1cf8_LCIzNwOd (fece649d-ba64-4dd3-a59e-13ea41feb2af)
2020-03-10 02:11:15.951 15 RALLYDEBUG rally_openstack.cleanup.manager [-] Deleting neutron.port object s_rally_249a1cf8_QAJcjJGx (ff5ccbb0-f519-4a3b-ae79-83df8ed7dff7)
2020-03-10 02:11:15.955 15 RALLYDEBUG rally_openstack.cleanup.manager [-] Deleting neutron.port object s_rally_249a1cf8_7SOyIRl0 (ffe479ea-3d96-42d6-990b-38810a2d86c6)
2020-03-10 02:11:18.019 15 RALLYDEBUG rally_openstack.cleanup.manager [-] Cleaning up neutron subnet objects
2020-03-10 02:11:18.194 15 RALLYDEBUG rally_openstack.cleanup.manager [-] Cleaning up neutron network objects
2020-03-10 02:11:18.935 15 RALLYDEBUG rally_openstack.cleanup.manager [-] Deleting neutron.network object s_rally_249a1cf8_Md8PJqzI (09c4d4d0-2894-463a-9750-4e14b6c40c40)
2020-03-10 02:11:18.944 15 RALLYDEBUG rally_openstack.cleanup.manager [-] Deleting neutron.network object s_rally_249a1cf8_WETJdplE (3753163e-ef6e-4b6a-925e-600b6ac69f40)
2020-03-10 02:11:18.953 15 RALLYDEBUG rally_openstack.cleanup.manager [-] Deleting neutron.network object s_rally_249a1cf8_Tn0qbhrt (70726ac9-c8ab-4c93-9bcb-e86b7a1e735f)
2020-03-10 02:11:18.960 15 RALLYDEBUG rally_openstack.cleanup.manager [-] Deleting neutron.network object s_rally_249a1cf8_6kuBlBsH (aaca8450-a260-42c0-be29-50a7ef6a9086)
2020-03-10 02:11:18.965 15 RALLYDEBUG rally_openstack.cleanup.manager [-] Deleting neutron.network object s_rally_249a1cf8_OKJ6oOoA (c464dd9b-6661-4686-ada7-26e59b9153fe)
2020-03-10 02:11:18.977 15 RALLYDEBUG rally_openstack.cleanup.manager [-] Deleting neutron.network object s_rally_249a1cf8_BxMSHCSh (d9b44339-22c5-4b31-a130-073d0237eec0)
2020-03-10 02:11:19.005 15 RALLYDEBUG rally_openstack.cleanup.manager [-] Deleting neutron.network object s_rally_249a1cf8_bND45nur (ec62fd7a-26f0-4062-a9c1-059b782b4b56)
2020-03-10 02:11:19.013 15 RALLYDEBUG rally_openstack.cleanup.manager [-] Deleting neutron.network object s_rally_249a1cf8_69S6Pw1U (dbf11d09-1324-4741-9fa3-6df90ac0f6c5)
2020-03-10 02:11:21.960 15 RALLYDEBUG rally_openstack.cleanup.manager [-] Cleaning up neutron router objects
2020-03-10 02:11:22.176 15 RALLYDEBUG rally_openstack.cleanup.manager [-] Cleaning up neutron security_group objects
2020-03-10 02:11:22.440 15 INFO rally.task.context [-] Task 83549a3d-67a1-44e0-a200-0ed618f07123 | Context cleanup@openstack cleanup() finished in 54.18 sec
2020-03-10 02:11:22.440 15 INFO rally.task.context [-] Task 83549a3d-67a1-44e0-a200-0ed618f07123 | Context quotas@openstack cleanup() started
2020-03-10 02:11:22.496 15 INFO rally.task.context [-] Task 83549a3d-67a1-44e0-a200-0ed618f07123 | Context quotas@openstack cleanup() finished in 55.76 msec
2020-03-10 02:11:22.496 15 INFO rally.task.context [-] Task 83549a3d-67a1-44e0-a200-0ed618f07123 | Context users@openstack cleanup() started
2020-03-10 02:11:24.102 15 INFO rally.task.context [-] Task 83549a3d-67a1-44e0-a200-0ed618f07123 | Context users@openstack cleanup() finished in 1.61 sec
2020-03-10 02:11:24.332 15 INFO rally.task.engine [-] Load duration is: 157.696337
2020-03-10 02:11:24.333 15 INFO rally.task.engine [-] Full runner duration is: 157.739571
2020-03-10 02:11:24.333 15 INFO rally.task.engine [-] Full duration is: 214.640208
2020-03-10 02:11:24.416 15 INFO rally.task.engine [-] Running workload: position = 1 config = { "version": 2, "title": "A cropped version of a bigger task.", "description": "Auto-generated task from a single workload (uuid=417b7497-c21b-471f-b3ef-aa8f51e4ebe6)", "subtasks": [ { "title": "NeutronNetworks.create_and_update_ports", "description": "Create and update a given number of ports.", "scenario": { "NeutronNetworks.create_and_update_ports": { "network_create_args": {}, "port_create_args": {}, "ports_per_network": 5, "port_update_args": { "admin_state_up": false, "device_id": "dummy_id", "device_owner": "dummy_owner", "name": "_port_updated" } } }, "contexts": { "users": { "tenants": 1, "users_per_tenant": 1 }, "quotas": { "neutron": { "network": -1, "port": -1 } } }, "runner": { "constant": { "times": 40, "concurrency": 20 } }, "hooks": [], "sla": { "failure_rate": { "max": 0 } } } ] }
2020-03-10 02:11:24.439 15 RALLYDEBUG rally_openstack.contexts.keystone.users [-] Creating 1 tenants using 20 threads
2020-03-10 02:11:24.829 15 RALLYDEBUG rally_openstack.contexts.keystone.users [-] Creating 1 users using 20 threads
2020-03-10 02:11:26.240 15 INFO rally.task.context [-] Task 83549a3d-67a1-44e0-a200-0ed618f07123 | Context users@openstack setup() finished in 1.80 sec
2020-03-10 02:11:26.608 15 INFO rally.task.context [-] Task 83549a3d-67a1-44e0-a200-0ed618f07123 | Context quotas@openstack setup() finished in 0.37 sec
2020-03-10 02:11:26.608 15 INFO rally.task.context [-] Task 83549a3d-67a1-44e0-a200-0ed618f07123 | Context cleanup@openstack setup() finished in 0.03 msec
2020-03-10 02:11:26.617 15 RALLYDEBUG rally.task.runner [-] Starting the constant runner (task UUID: 83549a3d-67a1-44e0-a200-0ed618f07123). timeout: 0 concurrency: 20 concurrency_per_worker: 1 times: 40 concurrency_overhead: 0 processes_to_start: 20 max_cpu_used: 88
2020-03-10 02:11:26.631 4199 RALLYDEBUG rally.task.runner [-] Starting a worker. concurrency: 1 args: {"network_create_args": {}, "port_create_args": {}, "ports_per_network": 5, "port_update_args": {"admin_state_up": false, "device_id": "dummy_id", "device_owner": "dummy_owner", "name": "_port_updated"}} times: 40 method_name: run timeout: 0 duration: None cls:
2020-03-10 02:11:26.635 4200 RALLYDEBUG rally.task.runner [-] Starting a worker. concurrency: 1 args: {"network_create_args": {}, "port_create_args": {}, "ports_per_network": 5, "port_update_args": {"admin_state_up": false, "device_id": "dummy_id", "device_owner": "dummy_owner", "name": "_port_updated"}} times: 40 method_name: run timeout: 0 duration: None cls:
2020-03-10 02:11:26.636 4201 RALLYDEBUG rally.task.runner [-] Starting a worker. concurrency: 1 args: {"network_create_args": {}, "port_create_args": {}, "ports_per_network": 5, "port_update_args": {"admin_state_up": false, "device_id": "dummy_id", "device_owner": "dummy_owner", "name": "_port_updated"}} times: 40 method_name: run timeout: 0 duration: None cls:
2020-03-10 02:11:26.638 4199 INFO rally.task.runner [-] Task 83549a3d-67a1-44e0-a200-0ed618f07123 | ITER: 1 START
2020-03-10 02:11:26.639 4199 WARNING rally_openstack.scenarios.neutron.utils [-] Running this scenario without either the 'network' or 'existing_network' context is deprecated
2020-03-10 02:11:26.640 4202 RALLYDEBUG rally.task.runner [-] Starting a worker. concurrency: 1 args: {"network_create_args": {}, "port_create_args": {}, "ports_per_network": 5, "port_update_args": {"admin_state_up": false, "device_id": "dummy_id", "device_owner": "dummy_owner", "name": "_port_updated"}} times: 40 method_name: run timeout: 0 duration: None cls:
2020-03-10 02:11:26.642 4200 INFO rally.task.runner [-] Task 83549a3d-67a1-44e0-a200-0ed618f07123 | ITER: 2 START
2020-03-10 02:11:26.643 4200 WARNING rally_openstack.scenarios.neutron.utils [-] Running this scenario without either the 'network' or 'existing_network' context is deprecated
2020-03-10 02:11:26.643 4201 INFO rally.task.runner [-] Task 83549a3d-67a1-44e0-a200-0ed618f07123 | ITER: 3 START
2020-03-10 02:11:26.643 4203 RALLYDEBUG rally.task.runner [-] Starting a worker. concurrency: 1 args: {"network_create_args": {}, "port_create_args": {}, "ports_per_network": 5, "port_update_args": {"admin_state_up": false, "device_id": "dummy_id", "device_owner": "dummy_owner", "name": "_port_updated"}} times: 40 method_name: run timeout: 0 duration: None cls:
2020-03-10 02:11:26.644 4201 WARNING rally_openstack.scenarios.neutron.utils [-] Running this scenario without either the 'network' or 'existing_network' context is deprecated
2020-03-10 02:11:26.646 4202 INFO rally.task.runner [-] Task 83549a3d-67a1-44e0-a200-0ed618f07123 | ITER: 4 START
2020-03-10 02:11:26.646 4206 RALLYDEBUG rally.task.runner [-] Starting a worker. concurrency: 1 args: {"network_create_args": {}, "port_create_args": {}, "ports_per_network": 5, "port_update_args": {"admin_state_up": false, "device_id": "dummy_id", "device_owner": "dummy_owner", "name": "_port_updated"}} times: 40 method_name: run timeout: 0 duration: None cls:
2020-03-10 02:11:26.647 4202 WARNING rally_openstack.scenarios.neutron.utils [-] Running this scenario without either the 'network' or 'existing_network' context is deprecated
2020-03-10 02:11:26.650 4203 INFO rally.task.runner [-] Task 83549a3d-67a1-44e0-a200-0ed618f07123 | ITER: 5 START
2020-03-10 02:11:26.650 4211 RALLYDEBUG rally.task.runner [-] Starting a worker. concurrency: 1 args: {"network_create_args": {}, "port_create_args": {}, "ports_per_network": 5, "port_update_args": {"admin_state_up": false, "device_id": "dummy_id", "device_owner": "dummy_owner", "name": "_port_updated"}} times: 40 method_name: run timeout: 0 duration: None cls:
2020-03-10 02:11:26.652 4203 WARNING rally_openstack.scenarios.neutron.utils [-] Running this scenario without either the 'network' or 'existing_network' context is deprecated
2020-03-10 02:11:26.653 4206 INFO rally.task.runner [-] Task 83549a3d-67a1-44e0-a200-0ed618f07123 | ITER: 6 START
2020-03-10 02:11:26.653 4214 RALLYDEBUG rally.task.runner [-] Starting a worker. concurrency: 1 args: {"network_create_args": {}, "port_create_args": {}, "ports_per_network": 5, "port_update_args": {"admin_state_up": false, "device_id": "dummy_id", "device_owner": "dummy_owner", "name": "_port_updated"}} times: 40 method_name: run timeout: 0 duration: None cls:
2020-03-10 02:11:26.654 4206 WARNING rally_openstack.scenarios.neutron.utils [-] Running this scenario without either the 'network' or 'existing_network' context is deprecated
2020-03-10 02:11:26.656 4216 RALLYDEBUG rally.task.runner [-] Starting a worker. concurrency: 1 args: {"network_create_args": {}, "port_create_args": {}, "ports_per_network": 5, "port_update_args": {"admin_state_up": false, "device_id": "dummy_id", "device_owner": "dummy_owner", "name": "_port_updated"}} times: 40 method_name: run timeout: 0 duration: None cls:
2020-03-10 02:11:26.660 4214 INFO rally.task.runner [-] Task 83549a3d-67a1-44e0-a200-0ed618f07123 | ITER: 8 START
2020-03-10 02:11:26.659 4219 RALLYDEBUG rally.task.runner [-] Starting a worker. concurrency: 1 args: {"network_create_args": {}, "port_create_args": {}, "ports_per_network": 5, "port_update_args": {"admin_state_up": false, "device_id": "dummy_id", "device_owner": "dummy_owner", "name": "_port_updated"}} times: 40 method_name: run timeout: 0 duration: None cls:
2020-03-10 02:11:26.661 4214 WARNING rally_openstack.scenarios.neutron.utils [-] Running this scenario without either the 'network' or 'existing_network' context is deprecated
2020-03-10 02:11:26.662 4216 INFO rally.task.runner [-] Task 83549a3d-67a1-44e0-a200-0ed618f07123 | ITER: 9 START
2020-03-10 02:11:26.662 4221 RALLYDEBUG rally.task.runner [-] Starting a worker. concurrency: 1 args: {"network_create_args": {}, "port_create_args": {}, "ports_per_network": 5, "port_update_args": {"admin_state_up": false, "device_id": "dummy_id", "device_owner": "dummy_owner", "name": "_port_updated"}} times: 40 method_name: run timeout: 0 duration: None cls:
2020-03-10 02:11:26.663 4216 WARNING rally_openstack.scenarios.neutron.utils [-] Running this scenario without either the 'network' or 'existing_network' context is deprecated
2020-03-10 02:11:26.666 4219 INFO rally.task.runner [-] Task 83549a3d-67a1-44e0-a200-0ed618f07123 | ITER: 10 START
2020-03-10 02:11:26.666 4224 RALLYDEBUG rally.task.runner [-] Starting a worker. concurrency: 1 args: {"network_create_args": {}, "port_create_args": {}, "ports_per_network": 5, "port_update_args": {"admin_state_up": false, "device_id": "dummy_id", "device_owner": "dummy_owner", "name": "_port_updated"}} times: 40 method_name: run timeout: 0 duration: None cls:
2020-03-10 02:11:26.667 4211 INFO rally.task.runner [-] Task 83549a3d-67a1-44e0-a200-0ed618f07123 | ITER: 7 START
2020-03-10 02:11:26.667 4219 WARNING rally_openstack.scenarios.neutron.utils [-] Running this scenario without either the 'network' or 'existing_network' context is deprecated
2020-03-10 02:11:26.668 4211 WARNING rally_openstack.scenarios.neutron.utils [-] Running this scenario without either the 'network' or 'existing_network' context is deprecated
2020-03-10 02:11:26.669 4228 RALLYDEBUG rally.task.runner [-] Starting a worker. concurrency: 1 args: {"network_create_args": {}, "port_create_args": {}, "ports_per_network": 5, "port_update_args": {"admin_state_up": false, "device_id": "dummy_id", "device_owner": "dummy_owner", "name": "_port_updated"}} times: 40 method_name: run timeout: 0 duration: None cls:
2020-03-10 02:11:26.669 4221 INFO rally.task.runner [-] Task 83549a3d-67a1-44e0-a200-0ed618f07123 | ITER: 11 START
2020-03-10 02:11:26.671 4221 WARNING rally_openstack.scenarios.neutron.utils [-] Running this scenario without either the 'network' or 'existing_network' context is deprecated
2020-03-10 02:11:26.672 4224 INFO rally.task.runner [-] Task 83549a3d-67a1-44e0-a200-0ed618f07123 | ITER: 12 START
2020-03-10 02:11:26.672 4230 RALLYDEBUG rally.task.runner [-] Starting a worker. concurrency: 1 args: {"network_create_args": {}, "port_create_args": {}, "ports_per_network": 5, "port_update_args": {"admin_state_up": false, "device_id": "dummy_id", "device_owner": "dummy_owner", "name": "_port_updated"}} times: 40 method_name: run timeout: 0 duration: None cls:
2020-03-10 02:11:26.673 4224 WARNING rally_openstack.scenarios.neutron.utils [-] Running this scenario without either the 'network' or 'existing_network' context is deprecated
2020-03-10 02:11:26.675 4228 INFO rally.task.runner [-] Task 83549a3d-67a1-44e0-a200-0ed618f07123 | ITER: 13 START
2020-03-10 02:11:26.675 4235 RALLYDEBUG rally.task.runner [-] Starting a worker. concurrency: 1 args: {"network_create_args": {}, "port_create_args": {}, "ports_per_network": 5, "port_update_args": {"admin_state_up": false, "device_id": "dummy_id", "device_owner": "dummy_owner", "name": "_port_updated"}} times: 40 method_name: run timeout: 0 duration: None cls:
2020-03-10 02:11:26.676 4228 WARNING rally_openstack.scenarios.neutron.utils [-] Running this scenario without either the 'network' or 'existing_network' context is deprecated
2020-03-10 02:11:26.678 4237 RALLYDEBUG rally.task.runner [-] Starting a worker. concurrency: 1 args: {"network_create_args": {}, "port_create_args": {}, "ports_per_network": 5, "port_update_args": {"admin_state_up": false, "device_id": "dummy_id", "device_owner": "dummy_owner", "name": "_port_updated"}} times: 40 method_name: run timeout: 0 duration: None cls:
2020-03-10 02:11:26.681 4235 INFO rally.task.runner [-] Task 83549a3d-67a1-44e0-a200-0ed618f07123 | ITER: 15 START
2020-03-10 02:11:26.682 4235 WARNING rally_openstack.scenarios.neutron.utils [-] Running this scenario without either the 'network' or 'existing_network' context is deprecated
2020-03-10 02:11:26.682 4241 RALLYDEBUG rally.task.runner [-] Starting a worker. concurrency: 1 args: {"network_create_args": {}, "port_create_args": {}, "ports_per_network": 5, "port_update_args": {"admin_state_up": false, "device_id": "dummy_id", "device_owner": "dummy_owner", "name": "_port_updated"}} times: 40 method_name: run timeout: 0 duration: None cls:
2020-03-10 02:11:26.684 4237 INFO rally.task.runner [-] Task 83549a3d-67a1-44e0-a200-0ed618f07123 | ITER: 16 START
2020-03-10 02:11:26.685 4237 WARNING rally_openstack.scenarios.neutron.utils [-] Running this scenario without either the 'network' or 'existing_network' context is deprecated
2020-03-10 02:11:26.685 4243 RALLYDEBUG rally.task.runner [-] Starting a worker. concurrency: 1 args: {"network_create_args": {}, "port_create_args": {}, "ports_per_network": 5, "port_update_args": {"admin_state_up": false, "device_id": "dummy_id", "device_owner": "dummy_owner", "name": "_port_updated"}} times: 40 method_name: run timeout: 0 duration: None cls:
2020-03-10 02:11:26.687 4230 INFO rally.task.runner [-] Task 83549a3d-67a1-44e0-a200-0ed618f07123 | ITER: 14 START
2020-03-10 02:11:26.687 4246 RALLYDEBUG rally.task.runner [-] Starting a worker. concurrency: 1 args: {"network_create_args": {}, "port_create_args": {}, "ports_per_network": 5, "port_update_args": {"admin_state_up": false, "device_id": "dummy_id", "device_owner": "dummy_owner", "name": "_port_updated"}} times: 40 method_name: run timeout: 0 duration: None cls:
2020-03-10 02:11:26.688 4230 WARNING rally_openstack.scenarios.neutron.utils [-] Running this scenario without either the 'network' or 'existing_network' context is deprecated
2020-03-10 02:11:26.688 4241 INFO rally.task.runner [-] Task 83549a3d-67a1-44e0-a200-0ed618f07123 | ITER: 17 START
2020-03-10 02:11:26.689 4241 WARNING rally_openstack.scenarios.neutron.utils [-] Running this scenario without either the 'network' or 'existing_network' context is deprecated
2020-03-10 02:11:26.691 4243 INFO rally.task.runner [-] Task 83549a3d-67a1-44e0-a200-0ed618f07123 | ITER: 18 START
2020-03-10 02:11:26.691 4249 RALLYDEBUG rally.task.runner [-] Starting a worker. concurrency: 1 args: {"network_create_args": {}, "port_create_args": {}, "ports_per_network": 5, "port_update_args": {"admin_state_up": false, "device_id": "dummy_id", "device_owner": "dummy_owner", "name": "_port_updated"}} times: 40 method_name: run timeout: 0 duration: None cls:
2020-03-10 02:11:26.693 4246 INFO rally.task.runner [-] Task 83549a3d-67a1-44e0-a200-0ed618f07123 | ITER: 19 START
2020-03-10 02:11:26.693 4243 WARNING rally_openstack.scenarios.neutron.utils [-] Running this scenario without either the 'network' or 'existing_network' context is deprecated
2020-03-10 02:11:26.694 4246 WARNING rally_openstack.scenarios.neutron.utils [-] Running this scenario without either the 'network' or 'existing_network' context is deprecated
2020-03-10 02:11:26.697 4249 INFO rally.task.runner [-] Task 83549a3d-67a1-44e0-a200-0ed618f07123 | ITER: 20 START
2020-03-10 02:11:26.698 4249 WARNING rally_openstack.scenarios.neutron.utils [-] Running this scenario without either the 'network' or 'existing_network' context is deprecated
2020-03-10 02:11:46.882 4202 INFO rally.task.runner [-] Task 83549a3d-67a1-44e0-a200-0ed618f07123 | ITER: 4 END: OK
2020-03-10 02:11:46.887 4202 INFO rally.task.runner [-] Task 83549a3d-67a1-44e0-a200-0ed618f07123 | ITER: 21 START
2020-03-10 02:11:46.888 4202 WARNING rally_openstack.scenarios.neutron.utils [-] Running this scenario without either the 'network' or 'existing_network' context is deprecated
2020-03-10 02:11:47.469 4230 INFO rally.task.runner [-] Task 83549a3d-67a1-44e0-a200-0ed618f07123 | ITER: 14 END: OK
2020-03-10 02:11:47.474 4230 INFO rally.task.runner [-] Task 83549a3d-67a1-44e0-a200-0ed618f07123 | ITER: 22 START
2020-03-10 02:11:47.474 4230 WARNING rally_openstack.scenarios.neutron.utils [-] Running this scenario without either the 'network' or 'existing_network' context is deprecated
2020-03-10 02:11:49.656 4200 INFO rally.task.runner [-] Task 83549a3d-67a1-44e0-a200-0ed618f07123 | ITER: 2 END: OK
2020-03-10 02:11:49.660 4200 INFO rally.task.runner [-] Task 83549a3d-67a1-44e0-a200-0ed618f07123 | ITER: 23 START
2020-03-10 02:11:49.661 4200 WARNING rally_openstack.scenarios.neutron.utils [-] Running this scenario without either the 'network' or 'existing_network' context is deprecated
2020-03-10 02:11:50.477 4214 INFO rally.task.runner [-] Task 83549a3d-67a1-44e0-a200-0ed618f07123 | ITER: 8 END: OK
2020-03-10 02:11:50.482 4214 INFO rally.task.runner [-] Task 83549a3d-67a1-44e0-a200-0ed618f07123 | ITER: 24 START
2020-03-10 02:11:50.483 4214 WARNING rally_openstack.scenarios.neutron.utils [-] Running this scenario without either the 'network' or 'existing_network' context is deprecated
2020-03-10 02:11:52.991 4199 INFO rally.task.runner [-] Task 83549a3d-67a1-44e0-a200-0ed618f07123 | ITER: 1 END: OK
2020-03-10 02:11:52.997 4199 INFO rally.task.runner [-] Task 83549a3d-67a1-44e0-a200-0ed618f07123 | ITER: 25 START
2020-03-10 02:11:52.997 4199 WARNING rally_openstack.scenarios.neutron.utils [-] Running this scenario without either the 'network' or 'existing_network' context is deprecated
2020-03-10 02:11:53.386 4249 INFO rally.task.runner [-] Task 83549a3d-67a1-44e0-a200-0ed618f07123 | ITER: 20 END: OK
2020-03-10 02:11:53.392 4249 INFO rally.task.runner [-] Task 83549a3d-67a1-44e0-a200-0ed618f07123 | ITER: 26 START
2020-03-10 02:11:53.392 4249 WARNING rally_openstack.scenarios.neutron.utils [-] Running this scenario without either the 'network' or 'existing_network' context is deprecated
2020-03-10 02:11:53.435 4235 INFO rally.task.runner [-] Task 83549a3d-67a1-44e0-a200-0ed618f07123 | ITER: 15 END: OK
2020-03-10 02:11:53.440 4235 INFO rally.task.runner [-] Task 83549a3d-67a1-44e0-a200-0ed618f07123 | ITER: 27 START
2020-03-10 02:11:53.441 4235 WARNING rally_openstack.scenarios.neutron.utils [-] Running this scenario without either the 'network' or 'existing_network' context is deprecated
2020-03-10 02:11:55.287 4201 INFO rally.task.runner [-] Task 83549a3d-67a1-44e0-a200-0ed618f07123 | ITER: 3 END: OK
2020-03-10 02:11:55.296 4201 INFO rally.task.runner [-] Task 83549a3d-67a1-44e0-a200-0ed618f07123 | ITER: 28 START
2020-03-10 02:11:55.297 4201 WARNING rally_openstack.scenarios.neutron.utils [-] Running this scenario without either the 'network' or 'existing_network' context is deprecated
2020-03-10 02:11:55.553 4228 INFO rally.task.runner [-] Task 83549a3d-67a1-44e0-a200-0ed618f07123 | ITER: 13 END: OK
2020-03-10 02:11:55.560 4228 INFO rally.task.runner [-] Task 83549a3d-67a1-44e0-a200-0ed618f07123 | ITER: 29 START
2020-03-10 02:11:55.560 4228 WARNING rally_openstack.scenarios.neutron.utils [-] Running this scenario without either the 'network' or 'existing_network' context is deprecated
2020-03-10 02:11:56.600 4221 INFO rally.task.runner [-] Task 83549a3d-67a1-44e0-a200-0ed618f07123 | ITER: 11 END: OK
2020-03-10 02:11:56.606 4221 INFO rally.task.runner [-] Task 83549a3d-67a1-44e0-a200-0ed618f07123 | ITER: 30 START
2020-03-10 02:11:56.607 4221 WARNING rally_openstack.scenarios.neutron.utils [-] Running this scenario without either the 'network' or 'existing_network' context is deprecated
2020-03-10 02:11:56.857 4219 INFO rally.task.runner [-] Task 83549a3d-67a1-44e0-a200-0ed618f07123 | ITER: 10 END: OK
2020-03-10 02:11:56.864 4219 INFO rally.task.runner [-] Task 83549a3d-67a1-44e0-a200-0ed618f07123 | ITER: 31 START
2020-03-10 02:11:56.865 4219 WARNING rally_openstack.scenarios.neutron.utils [-] Running this scenario without either the 'network' or 'existing_network' context is deprecated
2020-03-10 02:11:57.111 4224 INFO rally.task.runner [-] Task 83549a3d-67a1-44e0-a200-0ed618f07123 | ITER: 12 END: OK
2020-03-10 02:11:57.118 4224 INFO rally.task.runner [-] Task 83549a3d-67a1-44e0-a200-0ed618f07123 | ITER: 32 START
2020-03-10 02:11:57.119 4224 WARNING rally_openstack.scenarios.neutron.utils [-] Running this scenario without either the 'network' or 'existing_network' context is deprecated
2020-03-10 02:11:57.221 4243 INFO rally.task.runner [-] Task 83549a3d-67a1-44e0-a200-0ed618f07123 | ITER: 18 END: OK
2020-03-10 02:11:57.228 4243 INFO rally.task.runner [-] Task 83549a3d-67a1-44e0-a200-0ed618f07123 | ITER: 33 START
2020-03-10 02:11:57.228 4243 WARNING rally_openstack.scenarios.neutron.utils [-] Running this scenario without either the 'network' or 'existing_network' context is deprecated
2020-03-10 02:11:57.990 4216 INFO rally.task.runner [-] Task 83549a3d-67a1-44e0-a200-0ed618f07123 | ITER: 9 END: OK
2020-03-10 02:11:57.997 4216 INFO rally.task.runner [-] Task 83549a3d-67a1-44e0-a200-0ed618f07123 | ITER: 34 START
2020-03-10 02:11:57.998 4216 WARNING rally_openstack.scenarios.neutron.utils [-] Running this scenario without either the 'network' or 'existing_network' context is deprecated
2020-03-10 02:12:01.280 4203 INFO rally.task.runner [-] Task 83549a3d-67a1-44e0-a200-0ed618f07123 | ITER: 5 END: OK
2020-03-10 02:12:01.287 4203 INFO rally.task.runner [-] Task 83549a3d-67a1-44e0-a200-0ed618f07123 | ITER: 35 START
2020-03-10 02:12:01.288 4203 WARNING rally_openstack.scenarios.neutron.utils [-] Running this scenario without either the 'network' or 'existing_network' context is deprecated
2020-03-10 02:12:02.296 4211 INFO rally.task.runner [-] Task 83549a3d-67a1-44e0-a200-0ed618f07123 | ITER: 7 END: OK
2020-03-10 02:12:02.303 4211 INFO rally.task.runner [-] Task 83549a3d-67a1-44e0-a200-0ed618f07123 | ITER: 36 START
2020-03-10 02:12:02.304 4211 WARNING rally_openstack.scenarios.neutron.utils [-] Running this scenario without either the 'network' or 'existing_network' context is deprecated
2020-03-10 02:12:02.385 4246 INFO rally.task.runner [-] Task 83549a3d-67a1-44e0-a200-0ed618f07123 | ITER: 19 END: OK
2020-03-10 02:12:02.392 4246 INFO rally.task.runner [-] Task 83549a3d-67a1-44e0-a200-0ed618f07123 | ITER: 37 START
2020-03-10 02:12:02.392 4246 WARNING rally_openstack.scenarios.neutron.utils [-] Running this scenario without either the 'network' or 'existing_network' context is deprecated
2020-03-10 02:12:02.615 4206 INFO rally.task.runner [-] Task 83549a3d-67a1-44e0-a200-0ed618f07123 | ITER: 6 END: OK
2020-03-10 02:12:02.621 4206 INFO rally.task.runner [-] Task 83549a3d-67a1-44e0-a200-0ed618f07123 | ITER: 38 START
2020-03-10 02:12:02.623 4206 WARNING rally_openstack.scenarios.neutron.utils [-] Running this scenario without either the 'network' or 'existing_network' context is deprecated
2020-03-10 02:12:03.236 4241 INFO rally.task.runner [-] Task 83549a3d-67a1-44e0-a200-0ed618f07123 | ITER: 17 END: OK
2020-03-10 02:12:03.243 4241 INFO rally.task.runner [-] Task 83549a3d-67a1-44e0-a200-0ed618f07123 | ITER: 39 START
2020-03-10 02:12:03.244 4241 WARNING rally_openstack.scenarios.neutron.utils [-] Running this scenario without either the 'network' or 'existing_network' context is deprecated
2020-03-10 02:12:03.249 4237 INFO rally.task.runner [-] Task 83549a3d-67a1-44e0-a200-0ed618f07123 | ITER: 16 END: OK
2020-03-10 02:12:03.255 4237 INFO rally.task.runner [-] Task 83549a3d-67a1-44e0-a200-0ed618f07123 | ITER: 40 START
2020-03-10 02:12:03.255 4237 WARNING rally_openstack.scenarios.neutron.utils [-] Running this scenario without either the 'network' or 'existing_network' context is deprecated
2020-03-10 02:12:06.052 4202 INFO rally.task.runner [-] Task 83549a3d-67a1-44e0-a200-0ed618f07123 | ITER: 21 END: OK
2020-03-10 02:12:08.871 4200 INFO rally.task.runner [-] Task 83549a3d-67a1-44e0-a200-0ed618f07123 | ITER: 23 END: OK
2020-03-10 02:12:09.542 4230 INFO rally.task.runner [-] Task 83549a3d-67a1-44e0-a200-0ed618f07123 | ITER: 22 END: OK
2020-03-10 02:12:09.756 4214 INFO rally.task.runner [-] Task 83549a3d-67a1-44e0-a200-0ed618f07123 | ITER: 24 END: OK
2020-03-10 02:12:13.276 4235 INFO rally.task.runner [-] Task 83549a3d-67a1-44e0-a200-0ed618f07123 | ITER: 27 END: OK
2020-03-10 02:12:14.375 4249 INFO rally.task.runner [-] Task 83549a3d-67a1-44e0-a200-0ed618f07123 | ITER: 26 END: OK
2020-03-10 02:12:17.153 4224 INFO rally.task.runner [-] Task 83549a3d-67a1-44e0-a200-0ed618f07123 | ITER: 32 END: OK
2020-03-10 02:12:18.251 4237 INFO rally.task.runner [-] Task 83549a3d-67a1-44e0-a200-0ed618f07123 | ITER: 40 END: OK
2020-03-10 02:12:18.341 4203 INFO rally.task.runner [-] Task 83549a3d-67a1-44e0-a200-0ed618f07123 | ITER: 35 END: OK
2020-03-10 02:12:18.820 4219 INFO rally.task.runner [-] Task 83549a3d-67a1-44e0-a200-0ed618f07123 | ITER: 31 END: OK
2020-03-10 02:12:21.982 4216 INFO rally.task.runner [-] Task 83549a3d-67a1-44e0-a200-0ed618f07123 | ITER: 34 END: OK
2020-03-10 02:12:22.501 4228 INFO rally.task.runner [-] Task 83549a3d-67a1-44e0-a200-0ed618f07123 | ITER: 29 END: OK
2020-03-10 02:12:22.695 4199 INFO rally.task.runner [-] Task 83549a3d-67a1-44e0-a200-0ed618f07123 | ITER: 25 END: OK
2020-03-10 02:12:22.751 4243 INFO rally.task.runner [-] Task 83549a3d-67a1-44e0-a200-0ed618f07123 | ITER: 33 END: OK
2020-03-10 02:12:24.232 4241 INFO rally.task.runner [-] Task 83549a3d-67a1-44e0-a200-0ed618f07123 | ITER: 39 END: OK
2020-03-10 02:12:24.240 4246 INFO rally.task.runner [-] Task 83549a3d-67a1-44e0-a200-0ed618f07123 | ITER: 37 END: OK
2020-03-10 02:12:25.781 4211 INFO rally.task.runner [-] Task 83549a3d-67a1-44e0-a200-0ed618f07123 | ITER: 36 END: OK
2020-03-10 02:12:25.797 4206 INFO rally.task.runner [-] Task 83549a3d-67a1-44e0-a200-0ed618f07123 | ITER: 38 END: OK
2020-03-10 02:12:25.966 4201 INFO rally.task.runner [-] Task 83549a3d-67a1-44e0-a200-0ed618f07123 | ITER: 28 END: OK
2020-03-10 02:12:26.062 4221 INFO rally.task.runner [-] Task 83549a3d-67a1-44e0-a200-0ed618f07123 | ITER: 30 END: OK
2020-03-10 02:12:26.087 15 INFO rally.task.context [-] Task 83549a3d-67a1-44e0-a200-0ed618f07123 | Context cleanup@openstack cleanup() started
2020-03-10 02:12:26.090 15 RALLYDEBUG rally_openstack.cleanup.manager [-] Cleaning up neutron vip objects
2020-03-10 02:12:26.277 15 RALLYDEBUG rally_openstack.cleanup.manager [-] Cleaning up neutron health_monitor objects
2020-03-10 02:12:26.455 15 RALLYDEBUG rally_openstack.cleanup.manager [-] Cleaning up neutron pool objects
2020-03-10 02:12:26.626 15 RALLYDEBUG rally_openstack.cleanup.manager [-] Cleaning up neutron loadbalancer objects
2020-03-10 02:12:26.794 15 RALLYDEBUG rally_openstack.cleanup.manager [-] Cleaning up neutron floatingip objects
2020-03-10 02:12:26.994 15 RALLYDEBUG rally_openstack.cleanup.manager [-] Cleaning up neutron trunk objects
2020-03-10 02:12:27.181 15 DEBUG neutronclient.v2_0.client [-] Error message: {"message": "The resource could not be found.

\n\n\n", "code": "404 Not Found", "title": "Not Found"} _handle_fault_response /usr/lib/python2.7/site-packages/neutronclient/v2_0/client.py:259
2020-03-10 02:12:27.191 15 RALLYDEBUG rally_openstack.cleanup.manager [-] Cleaning up neutron port objects
2020-03-10 02:12:28.106 15 RALLYDEBUG rally_openstack.cleanup.manager [-] Deleting neutron.port object s_rally_417b7497_HhDCurRl (00a9036a-1866-471b-9941-f39cc801ea17)
2020-03-10 02:12:28.107 15 RALLYDEBUG rally_openstack.cleanup.manager [-] Deleting neutron.port object s_rally_417b7497_7n3Fbfop (027d99eb-cf36-48bd-8f86-178c1c0d7e5b)
2020-03-10 02:12:28.106 15 RALLYDEBUG rally_openstack.cleanup.manager [-] Deleting neutron.port object s_rally_417b7497_zb73c3Iw (035686f8-6704-4903-95a1-d98c1c5f48a5)
2020-03-10 02:12:28.115 15 RALLYDEBUG rally_openstack.cleanup.manager [-] Deleting neutron.port object s_rally_417b7497_ZJ5sJrUH (07759c3d-4608-4870-922a-a35501205262)
2020-03-10 02:12:28.124 15 RALLYDEBUG rally_openstack.cleanup.manager [-] Deleting neutron.port object s_rally_417b7497_cGTCa3No (081e58f8-2091-448d-8b46-a8a081d678c3)
2020-03-10 02:12:28.136 15 RALLYDEBUG rally_openstack.cleanup.manager [-] Deleting neutron.port object s_rally_417b7497_jCCRNtAk (06c31933-8e0d-4b47-a21d-443f177a7615)
