2020-03-10 01:55:21.955 15 INFO rally.task.engine [-] Load duration is: 81.004385
2020-03-10 01:55:21.956 15 INFO rally.task.engine [-] Full runner duration is: 81.054987
2020-03-10 01:55:21.956 15 INFO rally.task.engine [-] Full duration is: 134.686352
2020-03-10 01:55:22.064 15 INFO rally.task.engine [-] Running workload: position = 2 config = { "version": 2, "title": "A cropped version of a bigger task.", "description": "Auto-generated task from a single workload (uuid=45e96193-bed4-46bb-bd78-09b921f5f8ba)", "subtasks": [ { "title": "NeutronNetworks.create_and_delete_subnets", "description": "Create and delete a given number of subnets.", "scenario": { "NeutronNetworks.create_and_delete_subnets": { "network_create_args": {}, "subnet_create_args": {}, "subnet_cidr_start": "1.1.0.0/30", "subnets_per_network": 2 } }, "contexts": { "users": { "tenants": 1, "users_per_tenant": 1 }, "quotas": { "neutron": { "network": -1, "subnet": -1 } } }, "runner": { "constant": { "times": 40, "concurrency": 20 } }, "hooks": [], "sla": { "failure_rate": { "max": 0 } } } ] }
2020-03-10 01:55:22.088 15 RALLYDEBUG rally_openstack.contexts.keystone.users [-] Creating 1 tenants using 20 threads
2020-03-10 01:55:22.556 15 RALLYDEBUG rally_openstack.contexts.keystone.users [-] Creating 1 users using 20 threads
2020-03-10 01:55:23.113 15 INFO rally.task.context [-] Task 83549a3d-67a1-44e0-a200-0ed618f07123 | Context users@openstack setup() finished in 1.03 sec
2020-03-10 01:55:23.552 15 INFO rally.task.context [-] Task 83549a3d-67a1-44e0-a200-0ed618f07123 | Context quotas@openstack setup() finished in 0.44 sec
2020-03-10 01:55:23.552 15 INFO rally.task.context [-] Task 83549a3d-67a1-44e0-a200-0ed618f07123 | Context cleanup@openstack setup() finished in 0.01 msec
2020-03-10 01:55:23.561 15 RALLYDEBUG rally.task.runner [-] Starting the constant runner (task UUID: 83549a3d-67a1-44e0-a200-0ed618f07123). timeout: 0 concurrency: 20 concurrency_per_worker: 1 times: 40 concurrency_overhead: 0 processes_to_start: 20 max_cpu_used: 88
2020-03-10 01:55:23.576 2269 RALLYDEBUG rally.task.runner [-] Starting a worker. concurrency: 1 args: {"network_create_args": {}, "subnet_create_args": {}, "subnet_cidr_start": "1.1.0.0/30", "subnets_per_network": 2} times: 40 method_name: run timeout: 0 duration: None cls:
2020-03-10 01:55:23.579 2270 RALLYDEBUG rally.task.runner [-] Starting a worker. concurrency: 1 args: {"network_create_args": {}, "subnet_create_args": {}, "subnet_cidr_start": "1.1.0.0/30", "subnets_per_network": 2} times: 40 method_name: run timeout: 0 duration: None cls:
2020-03-10 01:55:23.582 2271 RALLYDEBUG rally.task.runner [-] Starting a worker. concurrency: 1 args: {"network_create_args": {}, "subnet_create_args": {}, "subnet_cidr_start": "1.1.0.0/30", "subnets_per_network": 2} times: 40 method_name: run timeout: 0 duration: None cls:
2020-03-10 01:55:23.585 2270 INFO rally.task.runner [-] Task 83549a3d-67a1-44e0-a200-0ed618f07123 | ITER: 2 START
2020-03-10 01:55:23.585 2272 RALLYDEBUG rally.task.runner [-] Starting a worker. concurrency: 1 args: {"network_create_args": {}, "subnet_create_args": {}, "subnet_cidr_start": "1.1.0.0/30", "subnets_per_network": 2} times: 40 method_name: run timeout: 0 duration: None cls:
2020-03-10 01:55:23.586 2270 WARNING rally_openstack.scenarios.neutron.utils [-] Running this scenario without either the 'network' or 'existing_network' context is deprecated
2020-03-10 01:55:23.588 2269 INFO rally.task.runner [-] Task 83549a3d-67a1-44e0-a200-0ed618f07123 | ITER: 1 START
2020-03-10 01:55:23.589 2271 INFO rally.task.runner [-] Task 83549a3d-67a1-44e0-a200-0ed618f07123 | ITER: 3 START
2020-03-10 01:55:23.588 2273 RALLYDEBUG rally.task.runner [-] Starting a worker. concurrency: 1 args: {"network_create_args": {}, "subnet_create_args": {}, "subnet_cidr_start": "1.1.0.0/30", "subnets_per_network": 2} times: 40 method_name: run timeout: 0 duration: None cls:
2020-03-10 01:55:23.589 2269 WARNING rally_openstack.scenarios.neutron.utils [-] Running this scenario without either the 'network' or 'existing_network' context is deprecated
2020-03-10 01:55:23.590 2271 WARNING rally_openstack.scenarios.neutron.utils [-] Running this scenario without either the 'network' or 'existing_network' context is deprecated
2020-03-10 01:55:23.591 2272 INFO rally.task.runner [-] Task 83549a3d-67a1-44e0-a200-0ed618f07123 | ITER: 4 START
2020-03-10 01:55:23.591 2276 RALLYDEBUG rally.task.runner [-] Starting a worker. concurrency: 1 args: {"network_create_args": {}, "subnet_create_args": {}, "subnet_cidr_start": "1.1.0.0/30", "subnets_per_network": 2} times: 40 method_name: run timeout: 0 duration: None cls:
2020-03-10 01:55:23.593 2272 WARNING rally_openstack.scenarios.neutron.utils [-] Running this scenario without either the 'network' or 'existing_network' context is deprecated
2020-03-10 01:55:23.594 2273 INFO rally.task.runner [-] Task 83549a3d-67a1-44e0-a200-0ed618f07123 | ITER: 5 START
2020-03-10 01:55:23.595 2280 RALLYDEBUG rally.task.runner [-] Starting a worker. concurrency: 1 args: {"network_create_args": {}, "subnet_create_args": {}, "subnet_cidr_start": "1.1.0.0/30", "subnets_per_network": 2} times: 40 method_name: run timeout: 0 duration: None cls:
2020-03-10 01:55:23.596 2273 WARNING rally_openstack.scenarios.neutron.utils [-] Running this scenario without either the 'network' or 'existing_network' context is deprecated
2020-03-10 01:55:23.598 2276 INFO rally.task.runner [-] Task 83549a3d-67a1-44e0-a200-0ed618f07123 | ITER: 6 START
2020-03-10 01:55:23.599 2276 WARNING rally_openstack.scenarios.neutron.utils [-] Running this scenario without either the 'network' or 'existing_network' context is deprecated
2020-03-10 01:55:23.601 2280 INFO rally.task.runner [-] Task 83549a3d-67a1-44e0-a200-0ed618f07123 | ITER: 7 START
2020-03-10 01:55:23.601 2285 RALLYDEBUG rally.task.runner [-] Starting a worker. concurrency: 1 args: {"network_create_args": {}, "subnet_create_args": {}, "subnet_cidr_start": "1.1.0.0/30", "subnets_per_network": 2} times: 40 method_name: run timeout: 0 duration: None cls:
2020-03-10 01:55:23.602 2280 WARNING rally_openstack.scenarios.neutron.utils [-] Running this scenario without either the 'network' or 'existing_network' context is deprecated
2020-03-10 01:55:23.605 2288 RALLYDEBUG rally.task.runner [-] Starting a worker. concurrency: 1 args: {"network_create_args": {}, "subnet_create_args": {}, "subnet_cidr_start": "1.1.0.0/30", "subnets_per_network": 2} times: 40 method_name: run timeout: 0 duration: None cls:
2020-03-10 01:55:23.608 2285 INFO rally.task.runner [-] Task 83549a3d-67a1-44e0-a200-0ed618f07123 | ITER: 8 START
2020-03-10 01:55:23.608 2292 RALLYDEBUG rally.task.runner [-] Starting a worker. concurrency: 1 args: {"network_create_args": {}, "subnet_create_args": {}, "subnet_cidr_start": "1.1.0.0/30", "subnets_per_network": 2} times: 40 method_name: run timeout: 0 duration: None cls:
2020-03-10 01:55:23.609 2285 WARNING rally_openstack.scenarios.neutron.utils [-] Running this scenario without either the 'network' or 'existing_network' context is deprecated
2020-03-10 01:55:23.612 2288 INFO rally.task.runner [-] Task 83549a3d-67a1-44e0-a200-0ed618f07123 | ITER: 9 START
2020-03-10 01:55:23.611 2293 RALLYDEBUG rally.task.runner [-] Starting a worker. concurrency: 1 args: {"network_create_args": {}, "subnet_create_args": {}, "subnet_cidr_start": "1.1.0.0/30", "subnets_per_network": 2} times: 40 method_name: run timeout: 0 duration: None cls:
2020-03-10 01:55:23.613 2288 WARNING rally_openstack.scenarios.neutron.utils [-] Running this scenario without either the 'network' or 'existing_network' context is deprecated
2020-03-10 01:55:23.615 2292 INFO rally.task.runner [-] Task 83549a3d-67a1-44e0-a200-0ed618f07123 | ITER: 10 START
2020-03-10 01:55:23.615 2296 RALLYDEBUG rally.task.runner [-] Starting a worker. concurrency: 1 args: {"network_create_args": {}, "subnet_create_args": {}, "subnet_cidr_start": "1.1.0.0/30", "subnets_per_network": 2} times: 40 method_name: run timeout: 0 duration: None cls:
2020-03-10 01:55:23.616 2292 WARNING rally_openstack.scenarios.neutron.utils [-] Running this scenario without either the 'network' or 'existing_network' context is deprecated
2020-03-10 01:55:23.618 2293 INFO rally.task.runner [-] Task 83549a3d-67a1-44e0-a200-0ed618f07123 | ITER: 11 START
2020-03-10 01:55:23.618 2299 RALLYDEBUG rally.task.runner [-] Starting a worker. concurrency: 1 args: {"network_create_args": {}, "subnet_create_args": {}, "subnet_cidr_start": "1.1.0.0/30", "subnets_per_network": 2} times: 40 method_name: run timeout: 0 duration: None cls:
2020-03-10 01:55:23.619 2293 WARNING rally_openstack.scenarios.neutron.utils [-] Running this scenario without either the 'network' or 'existing_network' context is deprecated
2020-03-10 01:55:23.621 2296 INFO rally.task.runner [-] Task 83549a3d-67a1-44e0-a200-0ed618f07123 | ITER: 12 START
2020-03-10 01:55:23.622 2296 WARNING rally_openstack.scenarios.neutron.utils [-] Running this scenario without either the 'network' or 'existing_network' context is deprecated
2020-03-10 01:55:23.622 2302 RALLYDEBUG rally.task.runner [-] Starting a worker. concurrency: 1 args: {"network_create_args": {}, "subnet_create_args": {}, "subnet_cidr_start": "1.1.0.0/30", "subnets_per_network": 2} times: 40 method_name: run timeout: 0 duration: None cls:
2020-03-10 01:55:23.624 2299 INFO rally.task.runner [-] Task 83549a3d-67a1-44e0-a200-0ed618f07123 | ITER: 13 START
2020-03-10 01:55:23.625 2299 WARNING rally_openstack.scenarios.neutron.utils [-] Running this scenario without either the 'network' or 'existing_network' context is deprecated
2020-03-10 01:55:23.625 2305 RALLYDEBUG rally.task.runner [-] Starting a worker. concurrency: 1 args: {"network_create_args": {}, "subnet_create_args": {}, "subnet_cidr_start": "1.1.0.0/30", "subnets_per_network": 2} times: 40 method_name: run timeout: 0 duration: None cls:
2020-03-10 01:55:23.628 2302 INFO rally.task.runner [-] Task 83549a3d-67a1-44e0-a200-0ed618f07123 | ITER: 14 START
2020-03-10 01:55:23.629 2302 WARNING rally_openstack.scenarios.neutron.utils [-] Running this scenario without either the 'network' or 'existing_network' context is deprecated
2020-03-10 01:55:23.629 2308 RALLYDEBUG rally.task.runner [-] Starting a worker. concurrency: 1 args: {"network_create_args": {}, "subnet_create_args": {}, "subnet_cidr_start": "1.1.0.0/30", "subnets_per_network": 2} times: 40 method_name: run timeout: 0 duration: None cls:
2020-03-10 01:55:23.632 2305 INFO rally.task.runner [-] Task 83549a3d-67a1-44e0-a200-0ed618f07123 | ITER: 15 START
2020-03-10 01:55:23.633 2305 WARNING rally_openstack.scenarios.neutron.utils [-] Running this scenario without either the 'network' or 'existing_network' context is deprecated
2020-03-10 01:55:23.633 2311 RALLYDEBUG rally.task.runner [-] Starting a worker. concurrency: 1 args: {"network_create_args": {}, "subnet_create_args": {}, "subnet_cidr_start": "1.1.0.0/30", "subnets_per_network": 2} times: 40 method_name: run timeout: 0 duration: None cls:
2020-03-10 01:55:23.635 2314 RALLYDEBUG rally.task.runner [-] Starting a worker. concurrency: 1 args: {"network_create_args": {}, "subnet_create_args": {}, "subnet_cidr_start": "1.1.0.0/30", "subnets_per_network": 2} times: 40 method_name: run timeout: 0 duration: None cls:
2020-03-10 01:55:23.639 2311 INFO rally.task.runner [-] Task 83549a3d-67a1-44e0-a200-0ed618f07123 | ITER: 17 START
2020-03-10 01:55:23.639 2317 RALLYDEBUG rally.task.runner [-] Starting a worker. concurrency: 1 args: {"network_create_args": {}, "subnet_create_args": {}, "subnet_cidr_start": "1.1.0.0/30", "subnets_per_network": 2} times: 40 method_name: run timeout: 0 duration: None cls:
2020-03-10 01:55:23.640 2311 WARNING rally_openstack.scenarios.neutron.utils [-] Running this scenario without either the 'network' or 'existing_network' context is deprecated
2020-03-10 01:55:23.641 2314 INFO rally.task.runner [-] Task 83549a3d-67a1-44e0-a200-0ed618f07123 | ITER: 18 START
2020-03-10 01:55:23.641 2308 INFO rally.task.runner [-] Task 83549a3d-67a1-44e0-a200-0ed618f07123 | ITER: 16 START
2020-03-10 01:55:23.642 2314 WARNING rally_openstack.scenarios.neutron.utils [-] Running this scenario without either the 'network' or 'existing_network' context is deprecated
2020-03-10 01:55:23.642 2308 WARNING rally_openstack.scenarios.neutron.utils [-] Running this scenario without either the 'network' or 'existing_network' context is deprecated
2020-03-10 01:55:23.642 2319 RALLYDEBUG rally.task.runner [-] Starting a worker. concurrency: 1 args: {"network_create_args": {}, "subnet_create_args": {}, "subnet_cidr_start": "1.1.0.0/30", "subnets_per_network": 2} times: 40 method_name: run timeout: 0 duration: None cls:
2020-03-10 01:55:23.645 2317 INFO rally.task.runner [-] Task 83549a3d-67a1-44e0-a200-0ed618f07123 | ITER: 19 START
2020-03-10 01:55:23.647 2317 WARNING rally_openstack.scenarios.neutron.utils [-] Running this scenario without either the 'network' or 'existing_network' context is deprecated
2020-03-10 01:55:23.648 2319 INFO rally.task.runner [-] Task 83549a3d-67a1-44e0-a200-0ed618f07123 | ITER: 20 START
2020-03-10 01:55:23.649 2319 WARNING rally_openstack.scenarios.neutron.utils [-] Running this scenario without either the 'network' or 'existing_network' context is deprecated
2020-03-10 01:55:25.298 2276 RALLYDEBUG rally_openstack.wrappers.network [-] CIDR generated: 1.1.4.96/30
2020-03-10 01:55:25.377 2288 RALLYDEBUG rally_openstack.wrappers.network [-] CIDR generated: 1.1.4.100/30
2020-03-10 01:55:25.399 2270 RALLYDEBUG rally_openstack.wrappers.network [-] CIDR generated: 1.1.4.104/30
2020-03-10 01:55:25.433 2273 RALLYDEBUG rally_openstack.wrappers.network [-] CIDR generated: 1.1.4.108/30
2020-03-10 01:55:25.494 2271 RALLYDEBUG rally_openstack.wrappers.network [-] CIDR generated: 1.1.4.112/30
2020-03-10 01:55:25.547 2302 RALLYDEBUG rally_openstack.wrappers.network [-] CIDR generated: 1.1.4.116/30
2020-03-10 01:55:25.570 2299 RALLYDEBUG rally_openstack.wrappers.network [-] CIDR generated: 1.1.4.120/30
2020-03-10 01:55:25.706 2272 RALLYDEBUG rally_openstack.wrappers.network [-] CIDR generated: 1.1.4.124/30
2020-03-10 01:55:25.823 2280 RALLYDEBUG rally_openstack.wrappers.network [-] CIDR generated: 1.1.4.128/30
2020-03-10 01:55:25.854 2296 RALLYDEBUG rally_openstack.wrappers.network [-] CIDR generated: 1.1.4.132/30
2020-03-10 01:55:25.897 2285 RALLYDEBUG rally_openstack.wrappers.network [-] CIDR generated: 1.1.4.136/30
2020-03-10 01:55:25.954 2292 RALLYDEBUG rally_openstack.wrappers.network [-] CIDR generated: 1.1.4.140/30
2020-03-10 01:55:26.008 2269 RALLYDEBUG rally_openstack.wrappers.network [-] CIDR generated: 1.1.4.144/30
2020-03-10 01:55:26.073 2293 RALLYDEBUG rally_openstack.wrappers.network [-] CIDR generated: 1.1.4.148/30
2020-03-10 01:55:26.104 2314 RALLYDEBUG rally_openstack.wrappers.network [-] CIDR generated: 1.1.4.152/30
2020-03-10 01:55:26.259 2311 RALLYDEBUG rally_openstack.wrappers.network [-] CIDR generated: 1.1.4.156/30
2020-03-10 01:55:26.599 2317 RALLYDEBUG rally_openstack.wrappers.network [-] CIDR generated: 1.1.4.160/30
2020-03-10 01:55:26.600 2319 RALLYDEBUG rally_openstack.wrappers.network [-] CIDR generated: 1.1.4.164/30
2020-03-10 01:55:26.669 2308 RALLYDEBUG rally_openstack.wrappers.network [-] CIDR generated: 1.1.4.168/30
2020-03-10 01:55:26.800 2305 RALLYDEBUG rally_openstack.wrappers.network [-] CIDR generated: 1.1.4.172/30
2020-03-10 01:55:29.746 2276 RALLYDEBUG rally_openstack.wrappers.network [-] CIDR generated: 1.1.4.176/30
2020-03-10 01:55:29.791 2270 RALLYDEBUG rally_openstack.wrappers.network [-] CIDR generated: 1.1.4.180/30
2020-03-10 01:55:29.999 2288 RALLYDEBUG rally_openstack.wrappers.network [-] CIDR generated: 1.1.4.184/30
2020-03-10 01:55:30.509 2296 RALLYDEBUG rally_openstack.wrappers.network [-] CIDR generated: 1.1.4.188/30
2020-03-10 01:55:30.528 2273 RALLYDEBUG rally_openstack.wrappers.network [-] CIDR generated: 1.1.4.192/30
2020-03-10 01:55:30.706 2299 RALLYDEBUG rally_openstack.wrappers.network [-] CIDR generated: 1.1.4.196/30
2020-03-10 01:55:30.725 2311 RALLYDEBUG rally_openstack.wrappers.network [-] CIDR generated: 1.1.4.200/30
2020-03-10 01:55:30.772 2271 RALLYDEBUG rally_openstack.wrappers.network [-] CIDR generated: 1.1.4.204/30
2020-03-10 01:55:30.790 2272 RALLYDEBUG rally_openstack.wrappers.network [-] CIDR generated: 1.1.4.208/30
2020-03-10 01:55:30.821 2292 RALLYDEBUG rally_openstack.wrappers.network [-] CIDR generated: 1.1.4.212/30
2020-03-10 01:55:30.825 2314 RALLYDEBUG rally_openstack.wrappers.network [-] CIDR generated: 1.1.4.216/30
2020-03-10 01:55:30.914 2308 RALLYDEBUG rally_openstack.wrappers.network [-] CIDR generated: 1.1.4.220/30
2020-03-10 01:55:30.957 2302 RALLYDEBUG rally_openstack.wrappers.network [-] CIDR generated: 1.1.4.224/30
2020-03-10 01:55:30.999 2285 RALLYDEBUG rally_openstack.wrappers.network [-] CIDR generated: 1.1.4.228/30
2020-03-10 01:55:31.004 2305 RALLYDEBUG rally_openstack.wrappers.network [-] CIDR generated: 1.1.4.232/30
2020-03-10 01:55:31.079 2319 RALLYDEBUG rally_openstack.wrappers.network [-] CIDR generated: 1.1.4.236/30
2020-03-10 01:55:31.108 2317 RALLYDEBUG rally_openstack.wrappers.network [-] CIDR generated: 1.1.4.240/30
2020-03-10 01:55:31.115 2269 RALLYDEBUG rally_openstack.wrappers.network [-] CIDR generated: 1.1.4.244/30
2020-03-10 01:55:31.123 2280 RALLYDEBUG rally_openstack.wrappers.network [-] CIDR generated: 1.1.4.248/30
2020-03-10 01:55:31.125 2293 RALLYDEBUG rally_openstack.wrappers.network [-] CIDR generated: 1.1.4.252/30
2020-03-10 01:55:34.333 2296 INFO rally.task.runner [-] Task 83549a3d-67a1-44e0-a200-0ed618f07123 | ITER: 12 END: OK
2020-03-10 01:55:34.338 2296 INFO rally.task.runner [-] Task 83549a3d-67a1-44e0-a200-0ed618f07123 | ITER: 21 START
2020-03-10 01:55:34.339 2296 WARNING rally_openstack.scenarios.neutron.utils [-] Running this scenario without either the 'network' or 'existing_network' context is deprecated
2020-03-10 01:55:34.727 2288 INFO rally.task.runner [-] Task 83549a3d-67a1-44e0-a200-0ed618f07123 | ITER: 9 END: OK
2020-03-10 01:55:34.732 2288 INFO rally.task.runner [-] Task 83549a3d-67a1-44e0-a200-0ed618f07123 | ITER: 22 START
2020-03-10 01:55:34.732 2288 WARNING rally_openstack.scenarios.neutron.utils [-] Running this scenario without either the 'network' or 'existing_network' context is deprecated
2020-03-10 01:55:35.298 2276 INFO rally.task.runner [-] Task 83549a3d-67a1-44e0-a200-0ed618f07123 | ITER: 6 END: OK
2020-03-10 01:55:35.303 2276 INFO rally.task.runner [-] Task 83549a3d-67a1-44e0-a200-0ed618f07123 | ITER: 23 START
2020-03-10 01:55:35.304 2276 WARNING rally_openstack.scenarios.neutron.utils [-] Running this scenario without either the 'network' or 'existing_network' context is deprecated
2020-03-10 01:55:35.365 2270 INFO rally.task.runner [-] Task 83549a3d-67a1-44e0-a200-0ed618f07123 | ITER: 2 END: OK
2020-03-10 01:55:35.370 2270 INFO rally.task.runner [-] Task 83549a3d-67a1-44e0-a200-0ed618f07123 | ITER: 24 START
2020-03-10 01:55:35.371 2270 WARNING rally_openstack.scenarios.neutron.utils [-] Running this scenario without either the 'network' or 'existing_network' context is deprecated
2020-03-10 01:55:35.389 2296 RALLYDEBUG rally_openstack.wrappers.network [-] CIDR generated: 1.1.5.0/30
2020-03-10 01:55:35.427 2288 RALLYDEBUG rally_openstack.wrappers.network [-] CIDR generated: 1.1.5.4/30
2020-03-10 01:55:35.740 2311 INFO rally.task.runner [-] Task 83549a3d-67a1-44e0-a200-0ed618f07123 | ITER: 17 END: OK
2020-03-10 01:55:35.745 2311 INFO rally.task.runner [-] Task 83549a3d-67a1-44e0-a200-0ed618f07123 | ITER: 25 START
2020-03-10 01:55:35.745 2311 WARNING rally_openstack.scenarios.neutron.utils [-] Running this scenario without either the 'network' or 'existing_network' context is deprecated
2020-03-10 01:55:35.797 2308 INFO rally.task.runner [-] Task 83549a3d-67a1-44e0-a200-0ed618f07123 | ITER: 16 END: OK
2020-03-10 01:55:35.803 2308 INFO rally.task.runner [-] Task 83549a3d-67a1-44e0-a200-0ed618f07123 | ITER: 26 START
2020-03-10 01:55:35.803 2308 WARNING rally_openstack.scenarios.neutron.utils [-] Running this scenario without either the 'network' or 'existing_network' context is deprecated
2020-03-10 01:55:35.887 2292 INFO rally.task.runner [-] Task 83549a3d-67a1-44e0-a200-0ed618f07123 | ITER: 10 END: OK
2020-03-10 01:55:35.892 2292 INFO rally.task.runner [-] Task 83549a3d-67a1-44e0-a200-0ed618f07123 | ITER: 27 START
2020-03-10 01:55:35.893 2292 WARNING rally_openstack.scenarios.neutron.utils [-] Running this scenario without either the 'network' or 'existing_network' context is deprecated
2020-03-10 01:55:35.923 2299 INFO rally.task.runner [-] Task 83549a3d-67a1-44e0-a200-0ed618f07123 | ITER: 13 END: OK
2020-03-10 01:55:35.928 2299 INFO rally.task.runner [-] Task 83549a3d-67a1-44e0-a200-0ed618f07123 | ITER: 28 START
2020-03-10 01:55:35.929 2299 WARNING rally_openstack.scenarios.neutron.utils [-] Running this scenario without either the 'network' or 'existing_network' context is deprecated
2020-03-10 01:55:36.287 2276 RALLYDEBUG rally_openstack.wrappers.network [-] CIDR generated: 1.1.5.8/30
2020-03-10 01:55:36.674 2311 RALLYDEBUG rally_openstack.wrappers.network [-] CIDR generated: 1.1.5.12/30
2020-03-10 01:55:36.677 2299 RALLYDEBUG rally_openstack.wrappers.network [-] CIDR generated: 1.1.5.16/30
2020-03-10 01:55:36.791 2302 INFO rally.task.runner [-] Task 83549a3d-67a1-44e0-a200-0ed618f07123 | ITER: 14 END: OK
2020-03-10 01:55:36.796 2302 INFO rally.task.runner [-] Task 83549a3d-67a1-44e0-a200-0ed618f07123 | ITER: 29 START
2020-03-10 01:55:36.797 2302 WARNING rally_openstack.scenarios.neutron.utils [-] Running this scenario without either the 'network' or 'existing_network' context is deprecated
2020-03-10 01:55:36.797 2305 INFO rally.task.runner [-] Task 83549a3d-67a1-44e0-a200-0ed618f07123 | ITER: 15 END: OK
2020-03-10 01:55:36.803 2305 INFO rally.task.runner [-] Task 83549a3d-67a1-44e0-a200-0ed618f07123 | ITER: 30 START
2020-03-10 01:55:36.804 2305 WARNING rally_openstack.scenarios.neutron.utils [-] Running this scenario without either the 'network' or 'existing_network' context is deprecated
2020-03-10 01:55:37.075 2272 INFO rally.task.runner [-] Task 83549a3d-67a1-44e0-a200-0ed618f07123 | ITER: 4 END: OK
2020-03-10 01:55:37.078 2271 INFO rally.task.runner [-] Task 83549a3d-67a1-44e0-a200-0ed618f07123 | ITER: 3 END: OK
2020-03-10 01:55:37.080 2272 INFO rally.task.runner [-] Task 83549a3d-67a1-44e0-a200-0ed618f07123 | ITER: 31 START
2020-03-10 01:55:37.081 2272 WARNING rally_openstack.scenarios.neutron.utils [-] Running this scenario without either the 'network' or 'existing_network' context is deprecated
2020-03-10 01:55:37.084 2271 INFO rally.task.runner [-] Task 83549a3d-67a1-44e0-a200-0ed618f07123 | ITER: 32 START
2020-03-10 01:55:37.084 2271 WARNING rally_openstack.scenarios.neutron.utils [-] Running this scenario without either the 'network' or 'existing_network' context is deprecated
2020-03-10 01:55:37.156 2288 RALLYDEBUG rally_openstack.wrappers.network [-] CIDR generated: 1.1.5.20/30
2020-03-10 01:55:37.251 2270 RALLYDEBUG rally_openstack.wrappers.network [-] CIDR generated: 1.1.5.24/30
2020-03-10 01:55:37.476 2308 RALLYDEBUG rally_openstack.wrappers.network [-] CIDR generated: 1.1.5.28/30
2020-03-10 01:55:37.549 2292 RALLYDEBUG rally_openstack.wrappers.network [-] CIDR generated: 1.1.5.32/30
2020-03-10 01:55:37.597 2273 INFO rally.task.runner [-] Task 83549a3d-67a1-44e0-a200-0ed618f07123 | ITER: 5 END: OK
2020-03-10 01:55:37.602 2273 INFO rally.task.runner [-] Task 83549a3d-67a1-44e0-a200-0ed618f07123 | ITER: 33 START
2020-03-10 01:55:37.603 2273 WARNING rally_openstack.scenarios.neutron.utils [-] Running this scenario without either the 'network' or 'existing_network' context is deprecated
2020-03-10 01:55:37.845 2314 INFO rally.task.runner [-] Task 83549a3d-67a1-44e0-a200-0ed618f07123 | ITER: 18 END: OK
2020-03-10 01:55:37.850 2314 INFO rally.task.runner [-] Task 83549a3d-67a1-44e0-a200-0ed618f07123 | ITER: 34 START
2020-03-10 01:55:37.851 2314 WARNING rally_openstack.scenarios.neutron.utils [-] Running this scenario without either the 'network' or 'existing_network' context is deprecated
2020-03-10 01:55:38.079 2305 RALLYDEBUG rally_openstack.wrappers.network [-] CIDR generated: 1.1.5.36/30
2020-03-10 01:55:38.086 2302 RALLYDEBUG rally_openstack.wrappers.network [-] CIDR generated: 1.1.5.40/30
2020-03-10 01:55:38.129 2271 RALLYDEBUG rally_openstack.wrappers.network [-] CIDR generated: 1.1.5.44/30
2020-03-10 01:55:38.143 2319 INFO rally.task.runner [-] Task 83549a3d-67a1-44e0-a200-0ed618f07123 | ITER: 20 END: OK
2020-03-10 01:55:38.144 2296 RALLYDEBUG rally_openstack.wrappers.network [-] CIDR generated: 1.1.5.48/30
2020-03-10 01:55:38.148 2319 INFO rally.task.runner [-] Task 83549a3d-67a1-44e0-a200-0ed618f07123 | ITER: 35 START
2020-03-10 01:55:38.149 2319 WARNING rally_openstack.scenarios.neutron.utils [-] Running this scenario without either the 'network' or 'existing_network' context is deprecated
2020-03-10 01:55:38.163 2285 INFO rally.task.runner [-] Task 83549a3d-67a1-44e0-a200-0ed618f07123 | ITER: 8 END: OK
2020-03-10 01:55:38.167 2285 INFO rally.task.runner [-] Task 83549a3d-67a1-44e0-a200-0ed618f07123 | ITER: 36 START
2020-03-10 01:55:38.168 2285 WARNING rally_openstack.scenarios.neutron.utils [-] Running this scenario without either the 'network' or 'existing_network' context is deprecated
2020-03-10 01:55:38.232 2317 INFO rally.task.runner [-] Task 83549a3d-67a1-44e0-a200-0ed618f07123 | ITER: 19 END: OK
2020-03-10 01:55:38.237 2317 INFO rally.task.runner [-] Task 83549a3d-67a1-44e0-a200-0ed618f07123 | ITER: 37 START
2020-03-10 01:55:38.237 2317 WARNING rally_openstack.scenarios.neutron.utils [-] Running this scenario without either the 'network' or 'existing_network' context is deprecated
2020-03-10 01:55:38.337 2272 RALLYDEBUG rally_openstack.wrappers.network [-] CIDR generated: 1.1.5.52/30
2020-03-10 01:55:38.682 2276 RALLYDEBUG rally_openstack.wrappers.network [-] CIDR generated: 1.1.5.56/30
2020-03-10 01:55:38.691 2273 RALLYDEBUG rally_openstack.wrappers.network [-] CIDR generated: 1.1.5.60/30
2020-03-10 01:55:40.098 2319 RALLYDEBUG rally_openstack.wrappers.network [-] CIDR generated: 1.1.5.64/30
2020-03-10 01:55:40.168 2285 RALLYDEBUG rally_openstack.wrappers.network [-] CIDR generated: 1.1.5.68/30
2020-03-10 01:55:40.304 2317 RALLYDEBUG rally_openstack.wrappers.network [-] CIDR generated: 1.1.5.72/30
2020-03-10 01:55:40.335 2299 RALLYDEBUG rally_openstack.wrappers.network [-] CIDR generated: 1.1.5.76/30
2020-03-10 01:55:40.367 2314 RALLYDEBUG rally_openstack.wrappers.network [-] CIDR generated: 1.1.5.80/30
2020-03-10 01:55:40.371 2269 INFO rally.task.runner [-] Task 83549a3d-67a1-44e0-a200-0ed618f07123 | ITER: 1 END: OK
2020-03-10 01:55:40.377 2269 INFO rally.task.runner [-] Task 83549a3d-67a1-44e0-a200-0ed618f07123 | ITER: 38 START
2020-03-10 01:55:40.378 2269 WARNING rally_openstack.scenarios.neutron.utils [-] Running this scenario without either the 'network' or 'existing_network' context is deprecated
2020-03-10 01:55:40.380 2280 INFO rally.task.runner [-] Task 83549a3d-67a1-44e0-a200-0ed618f07123 | ITER: 7 END: OK
2020-03-10 01:55:40.381 2293 INFO rally.task.runner [-] Task 83549a3d-67a1-44e0-a200-0ed618f07123 | ITER: 11 END: OK
2020-03-10 01:55:40.386 2280 INFO rally.task.runner [-] Task 83549a3d-67a1-44e0-a200-0ed618f07123 | ITER: 39 START
2020-03-10 01:55:40.386 2293 INFO rally.task.runner [-] Task 83549a3d-67a1-44e0-a200-0ed618f07123 | ITER: 40 START
2020-03-10 01:55:40.387 2280 WARNING rally_openstack.scenarios.neutron.utils [-] Running this scenario without either the 'network' or 'existing_network' context is deprecated
2020-03-10 01:55:40.387 2293 WARNING rally_openstack.scenarios.neutron.utils [-] Running this scenario without either the 'network' or 'existing_network' context is deprecated
2020-03-10 01:55:40.489 2311 RALLYDEBUG rally_openstack.wrappers.network [-] CIDR generated: 1.1.5.84/30
2020-03-10 01:55:40.583 2270 RALLYDEBUG rally_openstack.wrappers.network [-] CIDR generated: 1.1.5.88/30
2020-03-10 01:55:40.587 2305 RALLYDEBUG rally_openstack.wrappers.network [-] CIDR generated: 1.1.5.92/30
2020-03-10 01:55:40.602 2271 RALLYDEBUG rally_openstack.wrappers.network [-] CIDR generated: 1.1.5.96/30
2020-03-10 01:55:40.616 2292 RALLYDEBUG rally_openstack.wrappers.network [-] CIDR generated: 1.1.5.100/30
2020-03-10 01:55:40.632 2308 RALLYDEBUG rally_openstack.wrappers.network [-] CIDR generated: 1.1.5.104/30
2020-03-10 01:55:40.980 2302 RALLYDEBUG rally_openstack.wrappers.network [-] CIDR generated: 1.1.5.108/30
2020-03-10 01:55:43.343 2288 INFO rally.task.runner [-] Task 83549a3d-67a1-44e0-a200-0ed618f07123 | ITER: 22 END: OK
2020-03-10 01:55:43.368 2293 RALLYDEBUG rally_openstack.wrappers.network [-] CIDR generated: 1.1.5.112/30
2020-03-10 01:55:43.406 2269 RALLYDEBUG rally_openstack.wrappers.network [-] CIDR generated: 1.1.5.116/30
2020-03-10 01:55:44.483 2280 RALLYDEBUG rally_openstack.wrappers.network [-] CIDR generated: 1.1.5.120/30
2020-03-10 01:55:44.632 2272 RALLYDEBUG rally_openstack.wrappers.network [-] CIDR generated: 1.1.5.124/30
2020-03-10 01:55:44.801 2276 INFO rally.task.runner [-] Task 83549a3d-67a1-44e0-a200-0ed618f07123 | ITER: 23 END: OK
2020-03-10 01:55:45.852 2296 INFO rally.task.runner [-] Task 83549a3d-67a1-44e0-a200-0ed618f07123 | ITER: 21 END: OK
2020-03-10 01:55:46.563 2273 RALLYDEBUG rally_openstack.wrappers.network [-] CIDR generated: 1.1.5.128/30
2020-03-10 01:55:47.384 2319 RALLYDEBUG rally_openstack.wrappers.network [-] CIDR generated: 1.1.5.132/30
2020-03-10 01:55:47.546 2317 RALLYDEBUG rally_openstack.wrappers.network [-] CIDR generated: 1.1.5.136/30
2020-03-10 01:55:47.567 2302 INFO rally.task.runner [-] Task 83549a3d-67a1-44e0-a200-0ed618f07123 | ITER: 29 END: OK
2020-03-10 01:55:47.764 2299 INFO rally.task.runner [-] Task 83549a3d-67a1-44e0-a200-0ed618f07123 | ITER: 28 END: OK
2020-03-10 01:55:47.873 2269 RALLYDEBUG rally_openstack.wrappers.network [-] CIDR generated: 1.1.5.140/30
2020-03-10 01:55:47.888 2285 RALLYDEBUG rally_openstack.wrappers.network [-] CIDR generated: 1.1.5.144/30
2020-03-10 01:55:47.944 2311 INFO rally.task.runner [-] Task 83549a3d-67a1-44e0-a200-0ed618f07123 | ITER: 25 END: OK
2020-03-10 01:55:47.948 2271 INFO rally.task.runner [-] Task 83549a3d-67a1-44e0-a200-0ed618f07123 | ITER: 32 END: OK
2020-03-10 01:55:47.982 2305 INFO rally.task.runner [-] Task 83549a3d-67a1-44e0-a200-0ed618f07123 | ITER: 30 END: OK
2020-03-10 01:55:47.985 2314 RALLYDEBUG rally_openstack.wrappers.network [-] CIDR generated: 1.1.5.148/30
2020-03-10 01:55:48.020 2308 INFO rally.task.runner [-] Task 83549a3d-67a1-44e0-a200-0ed618f07123 | ITER: 26 END: OK
2020-03-10 01:55:48.317 2270 INFO rally.task.runner [-] Task 83549a3d-67a1-44e0-a200-0ed618f07123 | ITER: 24 END: OK
2020-03-10 01:55:48.611 2293 RALLYDEBUG rally_openstack.wrappers.network [-] CIDR generated: 1.1.5.152/30
2020-03-10 01:55:48.627 2280 RALLYDEBUG rally_openstack.wrappers.network [-] CIDR generated: 1.1.5.156/30
2020-03-10 01:55:49.123 2292 INFO rally.task.runner [-] Task 83549a3d-67a1-44e0-a200-0ed618f07123 | ITER: 27 END: OK
2020-03-10 01:55:49.685 2272 INFO rally.task.runner [-] Task 83549a3d-67a1-44e0-a200-0ed618f07123 | ITER: 31 END: OK
2020-03-10 01:55:50.289 2273 INFO rally.task.runner [-] Task 83549a3d-67a1-44e0-a200-0ed618f07123 | ITER: 33 END: OK
2020-03-10 01:55:52.190 2269 INFO rally.task.runner [-] Task 83549a3d-67a1-44e0-a200-0ed618f07123 | ITER: 38 END: OK
2020-03-10 01:55:52.233 2319 INFO rally.task.runner [-] Task 83549a3d-67a1-44e0-a200-0ed618f07123 | ITER: 35 END: OK
2020-03-10 01:55:52.500 2285 INFO rally.task.runner [-] Task 83549a3d-67a1-44e0-a200-0ed618f07123 | ITER: 36 END: OK
2020-03-10 01:55:52.691 2314 INFO rally.task.runner [-] Task 83549a3d-67a1-44e0-a200-0ed618f07123 | ITER: 34 END: OK
2020-03-10 01:55:53.069 2317 INFO rally.task.runner [-] Task 83549a3d-67a1-44e0-a200-0ed618f07123 | ITER: 37 END: OK
2020-03-10 01:55:53.182 2293 INFO rally.task.runner [-] Task 83549a3d-67a1-44e0-a200-0ed618f07123 | ITER: 40 END: OK
2020-03-10 01:55:53.195 2280 INFO rally.task.runner [-] Task 83549a3d-67a1-44e0-a200-0ed618f07123 | ITER: 39 END: OK
2020-03-10 01:55:53.223 15 INFO rally.task.context [-] Task 83549a3d-67a1-44e0-a200-0ed618f07123 | Context cleanup@openstack cleanup() started
2020-03-10 01:55:53.226 15 RALLYDEBUG rally_openstack.cleanup.manager [-] Cleaning up neutron vip objects
2020-03-10 01:55:53.381 15 RALLYDEBUG rally_openstack.cleanup.manager [-] Cleaning up neutron health_monitor objects
2020-03-10 01:55:53.548 15 RALLYDEBUG rally_openstack.cleanup.manager [-] Cleaning up neutron pool objects
2020-03-10 01:55:53.710 15 RALLYDEBUG rally_openstack.cleanup.manager [-] Cleaning up neutron loadbalancer objects
2020-03-10 01:55:53.876 15 RALLYDEBUG rally_openstack.cleanup.manager [-] Cleaning up neutron floatingip objects
2020-03-10 01:55:54.046 15 RALLYDEBUG rally_openstack.cleanup.manager [-] Cleaning up neutron trunk objects
2020-03-10 01:55:54.175 15 DEBUG neutronclient.v2_0.client [-] Error message: {"message": "The resource could not be found.

\n\n\n", "code": "404 Not Found", "title": "Not Found"} _handle_fault_response /usr/lib/python2.7/site-packages/neutronclient/v2_0/client.py:259
2020-03-10 01:55:54.185 15 RALLYDEBUG rally_openstack.cleanup.manager [-] Cleaning up neutron port objects
2020-03-10 01:55:54.378 15 RALLYDEBUG rally_openstack.cleanup.manager [-] Cleaning up neutron subnet objects
2020-03-10 01:55:54.594 15 RALLYDEBUG rally_openstack.cleanup.manager [-] Cleaning up neutron network objects
2020-03-10 01:55:55.057 15 RALLYDEBUG rally_openstack.cleanup.manager [-] Deleting neutron.network object s_rally_45e96193_YYzz3DBp (0b24d291-7367-46e6-8ecf-21bff76c18ed)
2020-03-10 01:55:55.058 15 RALLYDEBUG rally_openstack.cleanup.manager [-] Deleting neutron.network object s_rally_45e96193_4eY8zEde (02ef64bc-fc83-4c28-838a-0eac3faa8dbb)
2020-03-10 01:55:55.068 15 RALLYDEBUG rally_openstack.cleanup.manager [-] Deleting neutron.network object s_rally_45e96193_c9vgh69i (182044ef-8ab6-431a-b55f-47f6452cf3ca)
2020-03-10 01:55:55.080 15 RALLYDEBUG rally_openstack.cleanup.manager [-] Deleting neutron.network object s_rally_45e96193_YLmXAC2K (2861d60b-524d-4b6f-95b6-d4146bf80917)
2020-03-10 01:55:55.074 15 RALLYDEBUG rally_openstack.cleanup.manager [-] Deleting neutron.network object s_rally_45e96193_hFZDsD9N (116ab257-9283-4ed0-bab6-7aafd2262193)
2020-03-10 01:55:55.082 15 RALLYDEBUG rally_openstack.cleanup.manager [-] Deleting neutron.network object s_rally_45e96193_PZ63glKX (16fdbc4b-fb71-45d7-b27d-ab5399313b16)
2020-03-10 01:55:55.099 15 RALLYDEBUG rally_openstack.cleanup.manager [-] Deleting neutron.network object s_rally_45e96193_ET0IWYNb (1c28e0c1-96aa-403d-9508-0d64ecc65f55)
2020-03-10 01:55:55.139 15 RALLYDEBUG rally_openstack.cleanup.manager [-] Deleting neutron.network object s_rally_45e96193_jD1v10fU (2d7dc9f4-d424-4783-afbf-7df9ab62ba60)
2020-03-10 01:55:55.149 15 RALLYDEBUG rally_openstack.cleanup.manager [-] Deleting neutron.network object s_rally_45e96193_pmFhYx5q (2eaf5ca4-bde8-4f2a-abd3-7aae83dbc253)
2020-03-10 01:55:55.147 15 RALLYDEBUG rally_openstack.cleanup.manager [-] Deleting neutron.network object s_rally_45e96193_yxSZcTiO (2dff6f88-d88d-4e76-bbf4-6dd6ced82548)
2020-03-10 01:55:55.176 15 RALLYDEBUG rally_openstack.cleanup.manager [-] Deleting neutron.network object s_rally_45e96193_FBIFi75h (3567e23a-0144-49d1-a3b3-3d6e5f6330a6)
2020-03-10 01:55:55.182 15 RALLYDEBUG rally_openstack.cleanup.manager [-] Deleting neutron.network object s_rally_45e96193_oqwkA8Tt (3b811bf5-ebf3-4825-b8b1-e49b75e32b6d)
2020-03-10 01:55:55.188 15 RALLYDEBUG rally_openstack.cleanup.manager [-] Deleting neutron.network object s_rally_45e96193_p9bsPNi8 (385e5c16-03ba-477c-a268-4003dbad14ae)
2020-03-10 01:55:55.188 15 RALLYDEBUG rally_openstack.cleanup.manager [-] Deleting neutron.network object s_rally_45e96193_jG1puz4L (53bb4500-2f33-4e70-9141-7439b286d1cf)
2020-03-10 01:55:55.209 15 RALLYDEBUG rally_openstack.cleanup.manager [-] Deleting neutron.network object s_rally_45e96193_HTr5kbGx (34d9b436-8789-4c6c-a1c1-627a20e9734e)
2020-03-10 01:55:55.223 15 RALLYDEBUG rally_openstack.cleanup.manager [-] Deleting neutron.network object s_rally_45e96193_DsRJ8Ruo (739d71aa-5f95-4d19-b603-6a8b6eb95d7c)
2020-03-10 01:55:55.234 15 RALLYDEBUG rally_openstack.cleanup.manager [-] Deleting neutron.network object s_rally_45e96193_AOehckeZ (5d585f39-598e-4aa1-bcca-d3aa11f395ea)
2020-03-10 01:55:55.234 15 RALLYDEBUG rally_openstack.cleanup.manager [-] Deleting neutron.network object s_rally_45e96193_tfbzcA3S (4536a10a-9d92-4c72-8e06-712c031519d3)
2020-03-10 01:55:55.269 15 RALLYDEBUG rally_openstack.cleanup.manager [-] Deleting neutron.network object s_rally_45e96193_QheDSpYp (6261e1da-9d57-4fec-9418-7a311f378332)
2020-03-10 01:55:55.277 15 RALLYDEBUG rally_openstack.cleanup.manager [-] Deleting neutron.network object s_rally_45e96193_94enhRcG (5722b093-8461-421d-833e-3131a4d4fb17)
2020-03-10 01:55:57.147 15 RALLYDEBUG rally_openstack.cleanup.manager [-] Deleting neutron.network object s_rally_45e96193_BWSAUKPa (8116ebfa-902f-46da-8f57-e4ceeaa606ad)
2020-03-10 01:55:57.187 15 RALLYDEBUG rally_openstack.cleanup.manager [-] Deleting neutron.network object s_rally_45e96193_657vEBPa (8554bcd8-332e-4136-9b09-ce65c02487f6)
2020-03-10 01:55:57.341 15 RALLYDEBUG rally_openstack.cleanup.manager [-] Deleting neutron.network object s_rally_45e96193_Pxc2gfdK (86078475-bc10-4069-956e-81d0d9979855)
2020-03-10 01:55:57.922 15 RALLYDEBUG rally_openstack.cleanup.manager [-] Deleting neutron.network object s_rally_45e96193_H1K0LetE (87904b9f-2ff3-4736-bf42-0c7a77139160)
2020-03-10 01:55:57.954 15 RALLYDEBUG rally_openstack.cleanup.manager [-] Deleting neutron.network object s_rally_45e96193_vQlJ3EQk (97bbe377-e553-451a-8031-8258f5b3c61b)
2020-03-10 01:55:58.101 15 RALLYDEBUG rally_openstack.cleanup.manager [-] Deleting neutron.network object s_rally_45e96193_KLdLrRZZ (98f85d2a-5f0d-4e9b-a130-4a92708be8a9)
2020-03-10 01:55:58.272 15 RALLYDEBUG rally_openstack.cleanup.manager [-] Deleting neutron.network object s_rally_45e96193_NUD6Iolw (9b07a85f-9389-4a8a-8edf-eb2bd8dc6f08)
2020-03-10 01:55:58.277 15 RALLYDEBUG rally_openstack.cleanup.manager [-] Deleting neutron.network object s_rally_45e96193_4SeWGmLu (9bebd03a-e405-431a-b2a0-5d752a79fbe3)
2020-03-10 01:55:58.350 15 RALLYDEBUG rally_openstack.cleanup.manager [-] Deleting neutron.network object s_rally_45e96193_B2EqBdDb (a3e50f91-fa4c-431b-86d6-17491fdc1d20)
2020-03-10 01:55:58.902 15 RALLYDEBUG rally_openstack.cleanup.manager [-] Deleting neutron.network object s_rally_45e96193_KQ6GBz8d (af718223-a6cc-453c-9faf-4f0097ea5a76)
2020-03-10 01:55:58.909 15 RALLYDEBUG rally_openstack.cleanup.manager [-] Deleting neutron.network object s_rally_45e96193_YRM81rl9 (b060fc98-f749-405f-a4ea-06cea795c1a5)
2020-03-10 01:55:58.913 15 RALLYDEBUG rally_openstack.cleanup.manager [-] Deleting neutron.network object s_rally_45e96193_zNKeVsEO (b0bfca69-44ba-44e8-82e5-de9228069fbb)
2020-03-10 01:55:58.924 15 RALLYDEBUG rally_openstack.cleanup.manager [-] Deleting neutron.network object s_rally_45e96193_zafUDwZE (c1cdd5e6-d439-4677-9cc8-42debd44de40)
2020-03-10 01:55:58.932 15 RALLYDEBUG rally_openstack.cleanup.manager [-] Deleting neutron.network object s_rally_45e96193_kMEXjmCa (c11f00c1-3d03-4e09-9ea1-d7bdc948bb01)
2020-03-10 01:55:58.949 15 RALLYDEBUG rally_openstack.cleanup.manager [-] Deleting neutron.network object s_rally_45e96193_sdIrDaWW (c29a76c2-0d57-40f9-97f0-0a014eafb3dc)
2020-03-10 01:55:58.961 15 RALLYDEBUG rally_openstack.cleanup.manager [-] Deleting neutron.network object s_rally_45e96193_MUX7X41T (cc03930f-183d-44a6-afbc-c7545b6cf00e)
2020-03-10 01:55:58.969 15 RALLYDEBUG rally_openstack.cleanup.manager [-] Deleting neutron.network object s_rally_45e96193_8riCtKB8 (e223cc1e-2d49-4f83-9a99-9e6bfb2e6245)
2020-03-10 01:55:59.006 15 RALLYDEBUG rally_openstack.cleanup.manager [-] Deleting neutron.network object s_rally_45e96193_NfmDpvlZ (e3c2132b-95a2-4af3-9136-95b6a4bbb4d8)
2020-03-10 01:55:59.031 15 RALLYDEBUG rally_openstack.cleanup.manager [-] Deleting neutron.network object s_rally_45e96193_08271itU (ebbb23c1-c975-419b-aa19-e9739b8e8ab6)
2020-03-10 01:55:59.035 15 RALLYDEBUG rally_openstack.cleanup.manager [-] Deleting neutron.network object s_rally_45e96193_NwtdIVLB (f4cc3f09-9f95-42f9-998e-312dd4dd3e37)
2020-03-10 01:56:01.665 15 RALLYDEBUG rally_openstack.cleanup.manager [-] Cleaning up neutron router objects
2020-03-10 01:56:01.888 15 RALLYDEBUG rally_openstack.cleanup.manager [-] Cleaning up neutron security_group objects
2020-03-10 01:56:02.121 15 INFO rally.task.context [-] Task 83549a3d-67a1-44e0-a200-0ed618f07123 | Context cleanup@openstack cleanup() finished in 8.90 sec
2020-03-10 01:56:02.121 15 INFO rally.task.context [-] Task 83549a3d-67a1-44e0-a200-0ed618f07123 | Context quotas@openstack cleanup() started
2020-03-10 01:56:02.571 15 INFO rally.task.context [-] Task 83549a3d-67a1-44e0-a200-0ed618f07123 | Context quotas@openstack cleanup() finished in 0.45 sec
2020-03-10 01:56:02.572 15 INFO rally.task.context [-] Task 83549a3d-67a1-44e0-a200-0ed618f07123 | Context users@openstack cleanup() started
2020-03-10 01:56:04.363 15 INFO rally.task.context [-] Task 83549a3d-67a1-44e0-a200-0ed618f07123 | Context users@openstack cleanup() finished in 1.79 sec
2020-03-10 01:56:06.270 15 INFO rally.task.engine [-] Load duration is: 29.608732
2020-03-10 01:56:06.270 15 INFO rally.task.engine [-] Full runner duration is: 29.662024
2020-03-10 01:56:06.271 15 INFO rally.task.engine [-] Full duration is: 42.278475
2020-03-10 01:56:06.356 15 INFO rally.task.engine [-] Running workload: position = 0 config = { "version": 2, "title": "A cropped version of a bigger task.", "description": "Auto-generated task from a single workload (uuid=7e8ec86f-e88c-4cab-aa6a-0a4e87fe02a9)", "subtasks": [ { "title": "NeutronNetworks.create_and_list_routers", "description": "Create and a given number of routers and list all routers.", "scenario": { "NeutronNetworks.create_and_list_routers": { "network_create_args": null, "subnet_create_args": null, "subnet_cidr_start": "1.1.0.0/30", "subnets_per_network": 2, "router_create_args": null } }, "contexts": { "users": { "tenants": 1, "users_per_tenant": 1 }, "quotas": { "neutron": { "network": -1, "subnet": -1, "router": -1 } } }, "runner": { "constant": { "times": 40, "concurrency": 20 } }, "hooks": [], "sla": { "failure_rate": { "max": 0 } } } ] }
2020-03-10 01:56:06.380 15 RALLYDEBUG rally_openstack.contexts.keystone.users [-] Creating 1 tenants using 20 threads
2020-03-10 01:56:06.824 15 RALLYDEBUG rally_openstack.contexts.keystone.users [-] Creating 1 users using 20 threads
2020-03-10 01:56:07.439 15 INFO rally.task.context [-] Task 83549a3d-67a1-44e0-a200-0ed618f07123 | Context users@openstack setup() finished in 1.06 sec
2020-03-10 01:56:07.794 15 INFO rally.task.context [-] Task 83549a3d-67a1-44e0-a200-0ed618f07123 | Context quotas@openstack setup() finished in 0.35 sec
2020-03-10 01:56:07.795 15 INFO rally.task.context [-] Task 83549a3d-67a1-44e0-a200-0ed618f07123 | Context cleanup@openstack setup() finished in 0.00 msec
2020-03-10 01:56:07.805 15 RALLYDEBUG rally.task.runner [-] Starting the constant runner (task UUID: 83549a3d-67a1-44e0-a200-0ed618f07123). timeout: 0 concurrency: 20 concurrency_per_worker: 1 times: 40 concurrency_overhead: 0 processes_to_start: 20 max_cpu_used: 88
2020-03-10 01:56:07.820 2671 RALLYDEBUG rally.task.runner [-] Starting a worker. concurrency: 1 args: {"network_create_args": null, "subnet_create_args": null, "subnet_cidr_start": "1.1.0.0/30", "subnets_per_network": 2, "router_create_args": null} times: 40 method_name: run timeout: 0 duration: None cls:
2020-03-10 01:56:07.822 2672 RALLYDEBUG rally.task.runner [-] Starting a worker. concurrency: 1 args: {"network_create_args": null, "subnet_create_args": null, "subnet_cidr_start": "1.1.0.0/30", "subnets_per_network": 2, "router_create_args": null} times: 40 method_name: run timeout: 0 duration: None cls:
2020-03-10 01:56:07.826 2671 INFO rally.task.runner [-] Task 83549a3d-67a1-44e0-a200-0ed618f07123 | ITER: 1 START
2020-03-10 01:56:07.827 2673 RALLYDEBUG rally.task.runner [-] Starting a worker. concurrency: 1 args: {"network_create_args": null, "subnet_create_args": null, "subnet_cidr_start": "1.1.0.0/30", "subnets_per_network": 2, "router_create_args": null} times: 40 method_name: run timeout: 0 duration: None cls:
2020-03-10 01:56:07.828 2672 INFO rally.task.runner [-] Task 83549a3d-67a1-44e0-a200-0ed618f07123 | ITER: 2 START
2020-03-10 01:56:07.829 2674 RALLYDEBUG rally.task.runner [-] Starting a worker. concurrency: 1 args: {"network_create_args": null, "subnet_create_args": null, "subnet_cidr_start": "1.1.0.0/30", "subnets_per_network": 2, "router_create_args": null} times: 40 method_name: run timeout: 0 duration: None cls:
2020-03-10 01:56:07.832 2673 INFO rally.task.runner [-] Task 83549a3d-67a1-44e0-a200-0ed618f07123 | ITER: 3 START
2020-03-10 01:56:07.832 2676 RALLYDEBUG rally.task.runner [-] Starting a worker. concurrency: 1 args: {"network_create_args": null, "subnet_create_args": null, "subnet_cidr_start": "1.1.0.0/30", "subnets_per_network": 2, "router_create_args": null} times: 40 method_name: run timeout: 0 duration: None cls:
2020-03-10 01:56:07.835 2674 INFO rally.task.runner [-] Task 83549a3d-67a1-44e0-a200-0ed618f07123 | ITER: 4 START
2020-03-10 01:56:07.835 2680 RALLYDEBUG rally.task.runner [-] Starting a worker. concurrency: 1 args: {"network_create_args": null, "subnet_create_args": null, "subnet_cidr_start": "1.1.0.0/30", "subnets_per_network": 2, "router_create_args": null} times: 40 method_name: run timeout: 0 duration: None cls:
2020-03-10 01:56:07.838 2676 INFO rally.task.runner [-] Task 83549a3d-67a1-44e0-a200-0ed618f07123 | ITER: 5 START
2020-03-10 01:56:07.839 2681 RALLYDEBUG rally.task.runner [-] Starting a worker. concurrency: 1 args: {"network_create_args": null, "subnet_create_args": null, "subnet_cidr_start": "1.1.0.0/30", "subnets_per_network": 2, "router_create_args": null} times: 40 method_name: run timeout: 0 duration: None cls:
2020-03-10 01:56:07.841 2680 INFO rally.task.runner [-] Task 83549a3d-67a1-44e0-a200-0ed618f07123 | ITER: 6 START
2020-03-10 01:56:07.842 2686 RALLYDEBUG rally.task.runner [-] Starting a worker. concurrency: 1 args: {"network_create_args": null, "subnet_create_args": null, "subnet_cidr_start": "1.1.0.0/30", "subnets_per_network": 2, "router_create_args": null} times: 40 method_name: run timeout: 0 duration: None cls:
2020-03-10 01:56:07.845 2681 INFO rally.task.runner [-] Task 83549a3d-67a1-44e0-a200-0ed618f07123 | ITER: 7 START
2020-03-10 01:56:07.845 2689 RALLYDEBUG rally.task.runner [-] Starting a worker. concurrency: 1 args: {"network_create_args": null, "subnet_create_args": null, "subnet_cidr_start": "1.1.0.0/30", "subnets_per_network": 2, "router_create_args": null} times: 40 method_name: run timeout: 0 duration: None cls:
2020-03-10 01:56:07.847 2686 INFO rally.task.runner [-] Task 83549a3d-67a1-44e0-a200-0ed618f07123 | ITER: 8 START
2020-03-10 01:56:07.848 2692 RALLYDEBUG rally.task.runner [-] Starting a worker. concurrency: 1 args: {"network_create_args": null, "subnet_create_args": null, "subnet_cidr_start": "1.1.0.0/30", "subnets_per_network": 2, "router_create_args": null} times: 40 method_name: run timeout: 0 duration: None cls:
2020-03-10 01:56:07.850 2689 INFO rally.task.runner [-] Task 83549a3d-67a1-44e0-a200-0ed618f07123 | ITER: 9 START
2020-03-10 01:56:07.852 2695 RALLYDEBUG rally.task.runner [-] Starting a worker. concurrency: 1 args: {"network_create_args": null, "subnet_create_args": null, "subnet_cidr_start": "1.1.0.0/30", "subnets_per_network": 2, "router_create_args": null} times: 40 method_name: run timeout: 0 duration: None cls:
2020-03-10 01:56:07.854 2692 INFO rally.task.runner [-] Task 83549a3d-67a1-44e0-a200-0ed618f07123 | ITER: 10 START
2020-03-10 01:56:07.858 2695 INFO rally.task.runner [-] Task 83549a3d-67a1-44e0-a200-0ed618f07123 | ITER: 11 START
2020-03-10 01:56:07.858 2698 RALLYDEBUG rally.task.runner [-] Starting a worker. concurrency: 1 args: {"network_create_args": null, "subnet_create_args": null, "subnet_cidr_start": "1.1.0.0/30", "subnets_per_network": 2, "router_create_args": null} times: 40 method_name: run timeout: 0 duration: None cls:
2020-03-10 01:56:07.859 2701 RALLYDEBUG rally.task.runner [-] Starting a worker. concurrency: 1 args: {"network_create_args": null, "subnet_create_args": null, "subnet_cidr_start": "1.1.0.0/30", "subnets_per_network": 2, "router_create_args": null} times: 40 method_name: run timeout: 0 duration: None cls:
2020-03-10 01:56:07.861 2704 RALLYDEBUG rally.task.runner [-] Starting a worker. concurrency: 1 args: {"network_create_args": null, "subnet_create_args": null, "subnet_cidr_start": "1.1.0.0/30", "subnets_per_network": 2, "router_create_args": null} times: 40 method_name: run timeout: 0 duration: None cls:
2020-03-10 01:56:07.864 2698 INFO rally.task.runner [-] Task 83549a3d-67a1-44e0-a200-0ed618f07123 | ITER: 12 START
2020-03-10 01:56:07.864 2707 RALLYDEBUG rally.task.runner [-] Starting a worker. concurrency: 1 args: {"network_create_args": null, "subnet_create_args": null, "subnet_cidr_start": "1.1.0.0/30", "subnets_per_network": 2, "router_create_args": null} times: 40 method_name: run timeout: 0 duration: None cls:
2020-03-10 01:56:07.865 2701 INFO rally.task.runner [-] Task 83549a3d-67a1-44e0-a200-0ed618f07123 | ITER: 13 START
2020-03-10 01:56:07.866 2704 INFO rally.task.runner [-] Task 83549a3d-67a1-44e0-a200-0ed618f07123 | ITER: 14 START
