2020-03-10 02:04:46.267 3479 INFO rally.task.runner [-] Task 83549a3d-67a1-44e0-a200-0ed618f07123 | ITER: 4 START
2020-03-10 02:04:46.267 3485 RALLYDEBUG rally.task.runner [-] Starting a worker. concurrency: 1 args: {"network_create_args": {}, "subnet_create_args": {}, "subnet_cidr_start": "1.1.0.0/30", "subnets_per_network": 2, "router_create_args": {}} times: 40 method_name: run timeout: 0 duration: None cls:
2020-03-10 02:04:46.270 3482 INFO rally.task.runner [-] Task 83549a3d-67a1-44e0-a200-0ed618f07123 | ITER: 6 START
2020-03-10 02:04:46.270 3487 RALLYDEBUG rally.task.runner [-] Starting a worker. concurrency: 1 args: {"network_create_args": {}, "subnet_create_args": {}, "subnet_cidr_start": "1.1.0.0/30", "subnets_per_network": 2, "router_create_args": {}} times: 40 method_name: run timeout: 0 duration: None cls:
2020-03-10 02:04:46.273 3491 RALLYDEBUG rally.task.runner [-] Starting a worker. concurrency: 1 args: {"network_create_args": {}, "subnet_create_args": {}, "subnet_cidr_start": "1.1.0.0/30", "subnets_per_network": 2, "router_create_args": {}} times: 40 method_name: run timeout: 0 duration: None cls:
2020-03-10 02:04:46.276 3487 INFO rally.task.runner [-] Task 83549a3d-67a1-44e0-a200-0ed618f07123 | ITER: 8 START
2020-03-10 02:04:46.276 3495 RALLYDEBUG rally.task.runner [-] Starting a worker. concurrency: 1 args: {"network_create_args": {}, "subnet_create_args": {}, "subnet_cidr_start": "1.1.0.0/30", "subnets_per_network": 2, "router_create_args": {}} times: 40 method_name: run timeout: 0 duration: None cls:
2020-03-10 02:04:46.278 3485 INFO rally.task.runner [-] Task 83549a3d-67a1-44e0-a200-0ed618f07123 | ITER: 7 START
2020-03-10 02:04:46.280 3491 INFO rally.task.runner [-] Task 83549a3d-67a1-44e0-a200-0ed618f07123 | ITER: 9 START
2020-03-10 02:04:46.280 3498 RALLYDEBUG rally.task.runner [-] Starting a worker. concurrency: 1 args: {"network_create_args": {}, "subnet_create_args": {}, "subnet_cidr_start": "1.1.0.0/30", "subnets_per_network": 2, "router_create_args": {}} times: 40 method_name: run timeout: 0 duration: None cls:
2020-03-10 02:04:46.282 3495 INFO rally.task.runner [-] Task 83549a3d-67a1-44e0-a200-0ed618f07123 | ITER: 10 START
2020-03-10 02:04:46.282 3502 RALLYDEBUG rally.task.runner [-] Starting a worker. concurrency: 1 args: {"network_create_args": {}, "subnet_create_args": {}, "subnet_cidr_start": "1.1.0.0/30", "subnets_per_network": 2, "router_create_args": {}} times: 40 method_name: run timeout: 0 duration: None cls:
2020-03-10 02:04:46.286 3498 INFO rally.task.runner [-] Task 83549a3d-67a1-44e0-a200-0ed618f07123 | ITER: 11 START
2020-03-10 02:04:46.286 3505 RALLYDEBUG rally.task.runner [-] Starting a worker. concurrency: 1 args: {"network_create_args": {}, "subnet_create_args": {}, "subnet_cidr_start": "1.1.0.0/30", "subnets_per_network": 2, "router_create_args": {}} times: 40 method_name: run timeout: 0 duration: None cls:
2020-03-10 02:04:46.288 3502 INFO rally.task.runner [-] Task 83549a3d-67a1-44e0-a200-0ed618f07123 | ITER: 12 START
2020-03-10 02:04:46.288 3508 RALLYDEBUG rally.task.runner [-] Starting a worker. concurrency: 1 args: {"network_create_args": {}, "subnet_create_args": {}, "subnet_cidr_start": "1.1.0.0/30", "subnets_per_network": 2, "router_create_args": {}} times: 40 method_name: run timeout: 0 duration: None cls:
2020-03-10 02:04:46.291 3505 INFO rally.task.runner [-] Task 83549a3d-67a1-44e0-a200-0ed618f07123 | ITER: 13 START
2020-03-10 02:04:46.292 3510 RALLYDEBUG rally.task.runner [-] Starting a worker. concurrency: 1 args: {"network_create_args": {}, "subnet_create_args": {}, "subnet_cidr_start": "1.1.0.0/30", "subnets_per_network": 2, "router_create_args": {}} times: 40 method_name: run timeout: 0 duration: None cls:
2020-03-10 02:04:46.295 3508 INFO rally.task.runner [-] Task 83549a3d-67a1-44e0-a200-0ed618f07123 | ITER: 14 START
2020-03-10 02:04:46.295 3514 RALLYDEBUG rally.task.runner [-] Starting a worker. concurrency: 1 args: {"network_create_args": {}, "subnet_create_args": {}, "subnet_cidr_start": "1.1.0.0/30", "subnets_per_network": 2, "router_create_args": {}} times: 40 method_name: run timeout: 0 duration: None cls:
2020-03-10 02:04:46.297 3516 RALLYDEBUG rally.task.runner [-] Starting a worker. concurrency: 1 args: {"network_create_args": {}, "subnet_create_args": {}, "subnet_cidr_start": "1.1.0.0/30", "subnets_per_network": 2, "router_create_args": {}} times: 40 method_name: run timeout: 0 duration: None cls:
2020-03-10 02:04:46.298 3510 INFO rally.task.runner [-] Task 83549a3d-67a1-44e0-a200-0ed618f07123 | ITER: 15 START
2020-03-10 02:04:46.301 3519 RALLYDEBUG rally.task.runner [-] Starting a worker. concurrency: 1 args: {"network_create_args": {}, "subnet_create_args": {}, "subnet_cidr_start": "1.1.0.0/30", "subnets_per_network": 2, "router_create_args": {}} times: 40 method_name: run timeout: 0 duration: None cls:
2020-03-10 02:04:46.302 3514 INFO rally.task.runner [-] Task 83549a3d-67a1-44e0-a200-0ed618f07123 | ITER: 16 START
2020-03-10 02:04:46.302 3516 INFO rally.task.runner [-] Task 83549a3d-67a1-44e0-a200-0ed618f07123 | ITER: 17 START
2020-03-10 02:04:46.304 3522 RALLYDEBUG rally.task.runner [-] Starting a worker. concurrency: 1 args: {"network_create_args": {}, "subnet_create_args": {}, "subnet_cidr_start": "1.1.0.0/30", "subnets_per_network": 2, "router_create_args": {}} times: 40 method_name: run timeout: 0 duration: None cls:
2020-03-10 02:04:46.306 3524 RALLYDEBUG rally.task.runner [-] Starting a worker. concurrency: 1 args: {"network_create_args": {}, "subnet_create_args": {}, "subnet_cidr_start": "1.1.0.0/30", "subnets_per_network": 2, "router_create_args": {}} times: 40 method_name: run timeout: 0 duration: None cls:
2020-03-10 02:04:46.308 3519 INFO rally.task.runner [-] Task 83549a3d-67a1-44e0-a200-0ed618f07123 | ITER: 18 START
2020-03-10 02:04:46.311 3522 INFO rally.task.runner [-] Task 83549a3d-67a1-44e0-a200-0ed618f07123 | ITER: 19 START
2020-03-10 02:04:46.312 3524 INFO rally.task.runner [-] Task 83549a3d-67a1-44e0-a200-0ed618f07123 | ITER: 20 START
2020-03-10 02:04:49.511 3505 RALLYDEBUG rally_openstack.wrappers.network [-] CIDR generated: 1.1.8.32/30
2020-03-10 02:04:49.629 3478 RALLYDEBUG rally_openstack.wrappers.network [-] CIDR generated: 1.1.8.36/30
2020-03-10 02:04:49.680 3475 RALLYDEBUG rally_openstack.wrappers.network [-] CIDR generated: 1.1.8.40/30
2020-03-10 02:04:49.697 3491 RALLYDEBUG rally_openstack.wrappers.network [-] CIDR generated: 1.1.8.44/30
2020-03-10 02:04:49.722 3479 RALLYDEBUG rally_openstack.wrappers.network [-] CIDR generated: 1.1.8.48/30
2020-03-10 02:04:49.985 3514 RALLYDEBUG rally_openstack.wrappers.network [-] CIDR generated: 1.1.8.52/30
2020-03-10 02:04:50.066 3482 RALLYDEBUG rally_openstack.wrappers.network [-] CIDR generated: 1.1.8.56/30
2020-03-10 02:04:50.231 3516 RALLYDEBUG rally_openstack.wrappers.network [-] CIDR generated: 1.1.8.60/30
2020-03-10 02:04:50.292 3502 RALLYDEBUG rally_openstack.wrappers.network [-] CIDR generated: 1.1.8.64/30
2020-03-10 02:04:50.323 3476 RALLYDEBUG rally_openstack.wrappers.network [-] CIDR generated: 1.1.8.68/30
2020-03-10 02:04:50.349 3519 RALLYDEBUG rally_openstack.wrappers.network [-] CIDR generated: 1.1.8.72/30
2020-03-10 02:04:50.479 3487 RALLYDEBUG rally_openstack.wrappers.network [-] CIDR generated: 1.1.8.76/30
2020-03-10 02:04:50.490 3477 RALLYDEBUG rally_openstack.wrappers.network [-] CIDR generated: 1.1.8.80/30
2020-03-10 02:04:50.533 3510 RALLYDEBUG rally_openstack.wrappers.network [-] CIDR generated: 1.1.8.84/30
2020-03-10 02:04:50.553 3485 RALLYDEBUG rally_openstack.wrappers.network [-] CIDR generated: 1.1.8.88/30
2020-03-10 02:04:50.678 3522 RALLYDEBUG rally_openstack.wrappers.network [-] CIDR generated: 1.1.8.92/30
2020-03-10 02:04:50.708 3495 RALLYDEBUG rally_openstack.wrappers.network [-] CIDR generated: 1.1.8.96/30
2020-03-10 02:04:50.721 3508 RALLYDEBUG rally_openstack.wrappers.network [-] CIDR generated: 1.1.8.100/30
2020-03-10 02:04:50.744 3498 RALLYDEBUG rally_openstack.wrappers.network [-] CIDR generated: 1.1.8.104/30
2020-03-10 02:04:51.228 3524 RALLYDEBUG rally_openstack.wrappers.network [-] CIDR generated: 1.1.8.108/30
2020-03-10 02:04:54.381 3479 RALLYDEBUG rally_openstack.wrappers.network [-] CIDR generated: 1.1.8.112/30
2020-03-10 02:04:55.071 3516 RALLYDEBUG rally_openstack.wrappers.network [-] CIDR generated: 1.1.8.116/30
2020-03-10 02:04:55.262 3482 RALLYDEBUG rally_openstack.wrappers.network [-] CIDR generated: 1.1.8.120/30
2020-03-10 02:04:55.575 3475 RALLYDEBUG rally_openstack.wrappers.network [-] CIDR generated: 1.1.8.124/30
2020-03-10 02:04:55.908 3491 RALLYDEBUG rally_openstack.wrappers.network [-] CIDR generated: 1.1.8.128/30
2020-03-10 02:04:56.083 3476 RALLYDEBUG rally_openstack.wrappers.network [-] CIDR generated: 1.1.8.132/30
2020-03-10 02:04:56.295 3502 RALLYDEBUG rally_openstack.wrappers.network [-] CIDR generated: 1.1.8.136/30
2020-03-10 02:04:56.313 3505 RALLYDEBUG rally_openstack.wrappers.network [-] CIDR generated: 1.1.8.140/30
2020-03-10 02:04:56.348 3478 RALLYDEBUG rally_openstack.wrappers.network [-] CIDR generated: 1.1.8.144/30
2020-03-10 02:04:56.379 3514 RALLYDEBUG rally_openstack.wrappers.network [-] CIDR generated: 1.1.8.148/30
2020-03-10 02:04:56.423 3477 RALLYDEBUG rally_openstack.wrappers.network [-] CIDR generated: 1.1.8.152/30
2020-03-10 02:04:56.429 3495 RALLYDEBUG rally_openstack.wrappers.network [-] CIDR generated: 1.1.8.156/30
2020-03-10 02:04:56.496 3498 RALLYDEBUG rally_openstack.wrappers.network [-] CIDR generated: 1.1.8.160/30
2020-03-10 02:04:56.556 3487 RALLYDEBUG rally_openstack.wrappers.network [-] CIDR generated: 1.1.8.164/30
2020-03-10 02:04:56.631 3519 RALLYDEBUG rally_openstack.wrappers.network [-] CIDR generated: 1.1.8.168/30
2020-03-10 02:04:56.730 3524 RALLYDEBUG rally_openstack.wrappers.network [-] CIDR generated: 1.1.8.172/30
2020-03-10 02:04:56.736 3485 RALLYDEBUG rally_openstack.wrappers.network [-] CIDR generated: 1.1.8.176/30
2020-03-10 02:04:56.797 3508 RALLYDEBUG rally_openstack.wrappers.network [-] CIDR generated: 1.1.8.180/30
2020-03-10 02:04:56.804 3522 RALLYDEBUG rally_openstack.wrappers.network [-] CIDR generated: 1.1.8.184/30
2020-03-10 02:04:56.805 3510 RALLYDEBUG rally_openstack.wrappers.network [-] CIDR generated: 1.1.8.188/30
2020-03-10 02:05:50.943 3505 INFO rally.task.runner [-] Task 83549a3d-67a1-44e0-a200-0ed618f07123 | ITER: 13 END: OK
2020-03-10 02:05:50.952 3505 INFO rally.task.runner [-] Task 83549a3d-67a1-44e0-a200-0ed618f07123 | ITER: 21 START
2020-03-10 02:05:53.310 3505 RALLYDEBUG rally_openstack.wrappers.network [-] CIDR generated: 1.1.8.192/30
2020-03-10 02:05:54.247 3485 INFO rally.task.runner [-] Task 83549a3d-67a1-44e0-a200-0ed618f07123 | ITER: 7 END: OK
2020-03-10 02:05:54.255 3485 INFO rally.task.runner [-] Task 83549a3d-67a1-44e0-a200-0ed618f07123 | ITER: 22 START
2020-03-10 02:05:55.466 3485 RALLYDEBUG rally_openstack.wrappers.network [-] CIDR generated: 1.1.8.196/30
2020-03-10 02:05:55.596 3505 RALLYDEBUG rally_openstack.wrappers.network [-] CIDR generated: 1.1.8.200/30
2020-03-10 02:05:56.389 3524 INFO rally.task.runner [-] Task 83549a3d-67a1-44e0-a200-0ed618f07123 | ITER: 20 END: OK
2020-03-10 02:05:56.398 3524 INFO rally.task.runner [-] Task 83549a3d-67a1-44e0-a200-0ed618f07123 | ITER: 23 START
2020-03-10 02:05:56.645 3479 INFO rally.task.runner [-] Task 83549a3d-67a1-44e0-a200-0ed618f07123 | ITER: 4 END: OK
2020-03-10 02:05:56.653 3479 INFO rally.task.runner [-] Task 83549a3d-67a1-44e0-a200-0ed618f07123 | ITER: 24 START
2020-03-10 02:05:56.741 3485 RALLYDEBUG rally_openstack.wrappers.network [-] CIDR generated: 1.1.8.204/30
2020-03-10 02:05:57.434 3524 RALLYDEBUG rally_openstack.wrappers.network [-] CIDR generated: 1.1.8.208/30
2020-03-10 02:05:57.756 3479 RALLYDEBUG rally_openstack.wrappers.network [-] CIDR generated: 1.1.8.212/30
2020-03-10 02:05:57.816 3495 INFO rally.task.runner [-] Task 83549a3d-67a1-44e0-a200-0ed618f07123 | ITER: 10 END: OK
2020-03-10 02:05:57.824 3495 INFO rally.task.runner [-] Task 83549a3d-67a1-44e0-a200-0ed618f07123 | ITER: 25 START
2020-03-10 02:05:58.895 3519 INFO rally.task.runner [-] Task 83549a3d-67a1-44e0-a200-0ed618f07123 | ITER: 18 END: OK
2020-03-10 02:05:58.902 3519 INFO rally.task.runner [-] Task 83549a3d-67a1-44e0-a200-0ed618f07123 | ITER: 26 START
2020-03-10 02:05:59.244 3495 RALLYDEBUG rally_openstack.wrappers.network [-] CIDR generated: 1.1.8.216/30
2020-03-10 02:05:59.530 3502 INFO rally.task.runner [-] Task 83549a3d-67a1-44e0-a200-0ed618f07123 | ITER: 12 END: OK
2020-03-10 02:05:59.538 3502 INFO rally.task.runner [-] Task 83549a3d-67a1-44e0-a200-0ed618f07123 | ITER: 27 START
2020-03-10 02:05:59.574 3475 INFO rally.task.runner [-] Task 83549a3d-67a1-44e0-a200-0ed618f07123 | ITER: 1 END: OK
2020-03-10 02:05:59.582 3475 INFO rally.task.runner [-] Task 83549a3d-67a1-44e0-a200-0ed618f07123 | ITER: 28 START
2020-03-10 02:05:59.821 3479 RALLYDEBUG rally_openstack.wrappers.network [-] CIDR generated: 1.1.8.220/30
2020-03-10 02:05:59.830 3524 RALLYDEBUG rally_openstack.wrappers.network [-] CIDR generated: 1.1.8.224/30
2020-03-10 02:06:00.201 3519 RALLYDEBUG rally_openstack.wrappers.network [-] CIDR generated: 1.1.8.228/30
2020-03-10 02:06:01.028 3502 RALLYDEBUG rally_openstack.wrappers.network [-] CIDR generated: 1.1.8.232/30
2020-03-10 02:06:01.043 3475 RALLYDEBUG rally_openstack.wrappers.network [-] CIDR generated: 1.1.8.236/30
2020-03-10 02:06:01.100 3477 INFO rally.task.runner [-] Task 83549a3d-67a1-44e0-a200-0ed618f07123 | ITER: 5 END: OK
2020-03-10 02:06:01.108 3477 INFO rally.task.runner [-] Task 83549a3d-67a1-44e0-a200-0ed618f07123 | ITER: 29 START
2020-03-10 02:06:01.306 3487 INFO rally.task.runner [-] Task 83549a3d-67a1-44e0-a200-0ed618f07123 | ITER: 8 END: OK
2020-03-10 02:06:01.314 3487 INFO rally.task.runner [-] Task 83549a3d-67a1-44e0-a200-0ed618f07123 | ITER: 30 START
2020-03-10 02:06:01.635 3514 INFO rally.task.runner [-] Task 83549a3d-67a1-44e0-a200-0ed618f07123 | ITER: 16 END: OK
2020-03-10 02:06:01.642 3514 INFO rally.task.runner [-] Task 83549a3d-67a1-44e0-a200-0ed618f07123 | ITER: 31 START
2020-03-10 02:06:01.728 3495 RALLYDEBUG rally_openstack.wrappers.network [-] CIDR generated: 1.1.8.240/30
2020-03-10 02:06:02.143 3478 INFO rally.task.runner [-] Task 83549a3d-67a1-44e0-a200-0ed618f07123 | ITER: 3 END: OK
2020-03-10 02:06:02.150 3478 INFO rally.task.runner [-] Task 83549a3d-67a1-44e0-a200-0ed618f07123 | ITER: 32 START
2020-03-10 02:06:02.269 3477 RALLYDEBUG rally_openstack.wrappers.network [-] CIDR generated: 1.1.8.244/30
2020-03-10 02:06:02.354 3487 RALLYDEBUG rally_openstack.wrappers.network [-] CIDR generated: 1.1.8.248/30
2020-03-10 02:06:03.441 3519 RALLYDEBUG rally_openstack.wrappers.network [-] CIDR generated: 1.1.8.252/30
2020-03-10 02:06:04.226 3514 RALLYDEBUG rally_openstack.wrappers.network [-] CIDR generated: 1.1.9.0/30
2020-03-10 02:06:04.589 3491 INFO rally.task.runner [-] Task 83549a3d-67a1-44e0-a200-0ed618f07123 | ITER: 9 END: OK
2020-03-10 02:06:04.597 3491 INFO rally.task.runner [-] Task 83549a3d-67a1-44e0-a200-0ed618f07123 | ITER: 33 START
2020-03-10 02:06:05.265 3502 RALLYDEBUG rally_openstack.wrappers.network [-] CIDR generated: 1.1.9.4/30
2020-03-10 02:06:05.557 3498 INFO rally.task.runner [-] Task 83549a3d-67a1-44e0-a200-0ed618f07123 | ITER: 11 END: OK
2020-03-10 02:06:05.565 3498 INFO rally.task.runner [-] Task 83549a3d-67a1-44e0-a200-0ed618f07123 | ITER: 34 START
2020-03-10 02:06:05.755 3478 RALLYDEBUG rally_openstack.wrappers.network [-] CIDR generated: 1.1.9.8/30
2020-03-10 02:06:06.353 3491 RALLYDEBUG rally_openstack.wrappers.network [-] CIDR generated: 1.1.9.12/30
2020-03-10 02:06:06.447 3477 RALLYDEBUG rally_openstack.wrappers.network [-] CIDR generated: 1.1.9.16/30
2020-03-10 02:06:06.448 3475 RALLYDEBUG rally_openstack.wrappers.network [-] CIDR generated: 1.1.9.20/30
2020-03-10 02:06:06.602 3498 RALLYDEBUG rally_openstack.wrappers.network [-] CIDR generated: 1.1.9.24/30
2020-03-10 02:06:06.619 3487 RALLYDEBUG rally_openstack.wrappers.network [-] CIDR generated: 1.1.9.28/30
2020-03-10 02:06:06.864 3514 RALLYDEBUG rally_openstack.wrappers.network [-] CIDR generated: 1.1.9.32/30
2020-03-10 02:06:07.118 3478 RALLYDEBUG rally_openstack.wrappers.network [-] CIDR generated: 1.1.9.36/30
2020-03-10 02:06:08.301 3476 INFO rally.task.runner [-] Task 83549a3d-67a1-44e0-a200-0ed618f07123 | ITER: 2 END: OK
2020-03-10 02:06:08.309 3476 INFO rally.task.runner [-] Task 83549a3d-67a1-44e0-a200-0ed618f07123 | ITER: 35 START
2020-03-10 02:06:08.983 3498 RALLYDEBUG rally_openstack.wrappers.network [-] CIDR generated: 1.1.9.40/30
2020-03-10 02:06:09.818 3516 INFO rally.task.runner [-] Task 83549a3d-67a1-44e0-a200-0ed618f07123 | ITER: 17 END: OK
2020-03-10 02:06:09.825 3476 RALLYDEBUG rally_openstack.wrappers.network [-] CIDR generated: 1.1.9.44/30
2020-03-10 02:06:09.827 3516 INFO rally.task.runner [-] Task 83549a3d-67a1-44e0-a200-0ed618f07123 | ITER: 36 START
2020-03-10 02:06:10.241 3491 RALLYDEBUG rally_openstack.wrappers.network [-] CIDR generated: 1.1.9.48/30
2020-03-10 02:06:10.871 3508 INFO rally.task.runner [-] Task 83549a3d-67a1-44e0-a200-0ed618f07123 | ITER: 14 END: OK
2020-03-10 02:06:10.873 3516 RALLYDEBUG rally_openstack.wrappers.network [-] CIDR generated: 1.1.9.52/30
2020-03-10 02:06:10.879 3508 INFO rally.task.runner [-] Task 83549a3d-67a1-44e0-a200-0ed618f07123 | ITER: 37 START
2020-03-10 02:06:12.797 3510 INFO rally.task.runner [-] Task 83549a3d-67a1-44e0-a200-0ed618f07123 | ITER: 15 END: OK
2020-03-10 02:06:12.805 3510 INFO rally.task.runner [-] Task 83549a3d-67a1-44e0-a200-0ed618f07123 | ITER: 38 START
2020-03-10 02:06:13.357 3476 RALLYDEBUG rally_openstack.wrappers.network [-] CIDR generated: 1.1.9.56/30
2020-03-10 02:06:14.084 3482 INFO rally.task.runner [-] Task 83549a3d-67a1-44e0-a200-0ed618f07123 | ITER: 6 END: OK
2020-03-10 02:06:14.092 3482 INFO rally.task.runner [-] Task 83549a3d-67a1-44e0-a200-0ed618f07123 | ITER: 39 START
2020-03-10 02:06:14.439 3508 RALLYDEBUG rally_openstack.wrappers.network [-] CIDR generated: 1.1.9.60/30
2020-03-10 02:06:16.686 3510 RALLYDEBUG rally_openstack.wrappers.network [-] CIDR generated: 1.1.9.64/30
2020-03-10 02:06:17.563 3516 RALLYDEBUG rally_openstack.wrappers.network [-] CIDR generated: 1.1.9.68/30
2020-03-10 02:06:17.592 3482 RALLYDEBUG rally_openstack.wrappers.network [-] CIDR generated: 1.1.9.72/30
2020-03-10 02:06:20.322 3522 INFO rally.task.runner [-] Task 83549a3d-67a1-44e0-a200-0ed618f07123 | ITER: 19 END: OK
2020-03-10 02:06:20.330 3522 INFO rally.task.runner [-] Task 83549a3d-67a1-44e0-a200-0ed618f07123 | ITER: 40 START
2020-03-10 02:06:22.640 3508 RALLYDEBUG rally_openstack.wrappers.network [-] CIDR generated: 1.1.9.76/30
2020-03-10 02:06:22.968 3522 RALLYDEBUG rally_openstack.wrappers.network [-] CIDR generated: 1.1.9.80/30
2020-03-10 02:06:23.012 3510 RALLYDEBUG rally_openstack.wrappers.network [-] CIDR generated: 1.1.9.84/30
2020-03-10 02:06:24.440 3482 RALLYDEBUG rally_openstack.wrappers.network [-] CIDR generated: 1.1.9.88/30
2020-03-10 02:06:27.605 3522 RALLYDEBUG rally_openstack.wrappers.network [-] CIDR generated: 1.1.9.92/30
2020-03-10 02:06:39.858 3505 INFO rally.task.runner [-] Task 83549a3d-67a1-44e0-a200-0ed618f07123 | ITER: 21 END: OK
2020-03-10 02:06:47.515 3485 INFO rally.task.runner [-] Task 83549a3d-67a1-44e0-a200-0ed618f07123 | ITER: 22 END: OK
2020-03-10 02:06:49.739 3524 INFO rally.task.runner [-] Task 83549a3d-67a1-44e0-a200-0ed618f07123 | ITER: 23 END: OK
2020-03-10 02:06:50.053 3479 INFO rally.task.runner [-] Task 83549a3d-67a1-44e0-a200-0ed618f07123 | ITER: 24 END: OK
2020-03-10 02:06:51.311 3519 INFO rally.task.runner [-] Task 83549a3d-67a1-44e0-a200-0ed618f07123 | ITER: 26 END: OK
2020-03-10 02:06:52.260 3475 INFO rally.task.runner [-] Task 83549a3d-67a1-44e0-a200-0ed618f07123 | ITER: 28 END: OK
2020-03-10 02:06:52.828 3487 INFO rally.task.runner [-] Task 83549a3d-67a1-44e0-a200-0ed618f07123 | ITER: 30 END: OK
2020-03-10 02:06:55.182 3491 INFO rally.task.runner [-] Task 83549a3d-67a1-44e0-a200-0ed618f07123 | ITER: 33 END: OK
2020-03-10 02:06:56.947 3498 INFO rally.task.runner [-] Task 83549a3d-67a1-44e0-a200-0ed618f07123 | ITER: 34 END: OK
2020-03-10 02:06:59.229 3482 INFO rally.task.runner [-] Task 83549a3d-67a1-44e0-a200-0ed618f07123 | ITER: 39 END: OK
2020-03-10 02:07:00.075 3476 INFO rally.task.runner [-] Task 83549a3d-67a1-44e0-a200-0ed618f07123 | ITER: 35 END: OK
2020-03-10 02:07:00.864 3516 INFO rally.task.runner [-] Task 83549a3d-67a1-44e0-a200-0ed618f07123 | ITER: 36 END: OK
2020-03-10 02:07:00.899 3478 INFO rally.task.runner [-] Task 83549a3d-67a1-44e0-a200-0ed618f07123 | ITER: 32 END: OK
2020-03-10 02:07:01.884 3514 INFO rally.task.runner [-] Task 83549a3d-67a1-44e0-a200-0ed618f07123 | ITER: 31 END: OK
2020-03-10 02:07:01.913 3477 INFO rally.task.runner [-] Task 83549a3d-67a1-44e0-a200-0ed618f07123 | ITER: 29 END: OK
2020-03-10 02:07:02.062 3508 INFO rally.task.runner [-] Task 83549a3d-67a1-44e0-a200-0ed618f07123 | ITER: 37 END: OK
2020-03-10 02:07:04.582 3495 INFO rally.task.runner [-] Task 83549a3d-67a1-44e0-a200-0ed618f07123 | ITER: 25 END: OK
2020-03-10 02:07:05.394 3510 INFO rally.task.runner [-] Task 83549a3d-67a1-44e0-a200-0ed618f07123 | ITER: 38 END: OK
2020-03-10 02:07:05.902 3502 INFO rally.task.runner [-] Task 83549a3d-67a1-44e0-a200-0ed618f07123 | ITER: 27 END: OK
2020-03-10 02:07:09.464 3522 INFO rally.task.runner [-] Task 83549a3d-67a1-44e0-a200-0ed618f07123 | ITER: 40 END: OK
2020-03-10 02:07:09.497 15 INFO rally.task.context [-] Task 83549a3d-67a1-44e0-a200-0ed618f07123 | Context cleanup@openstack cleanup() started
2020-03-10 02:07:09.500 15 RALLYDEBUG rally_openstack.cleanup.manager [-] Cleaning up neutron vip objects
2020-03-10 02:07:09.666 15 RALLYDEBUG rally_openstack.cleanup.manager [-] Cleaning up neutron health_monitor objects
2020-03-10 02:07:09.847 15 RALLYDEBUG rally_openstack.cleanup.manager [-] Cleaning up neutron pool objects
2020-03-10 02:07:09.993 15 RALLYDEBUG rally_openstack.cleanup.manager [-] Cleaning up neutron loadbalancer objects
2020-03-10 02:07:10.146 15 RALLYDEBUG rally_openstack.cleanup.manager [-] Cleaning up neutron floatingip objects
2020-03-10 02:07:10.294 15 RALLYDEBUG rally_openstack.cleanup.manager [-] Cleaning up neutron trunk objects
2020-03-10 02:07:10.425 15 DEBUG neutronclient.v2_0.client [-] Error message: {"message": "The resource could not be found.

\n\n\n", "code": "404 Not Found", "title": "Not Found"} _handle_fault_response /usr/lib/python2.7/site-packages/neutronclient/v2_0/client.py:259
2020-03-10 02:07:10.434 15 RALLYDEBUG rally_openstack.cleanup.manager [-] Cleaning up neutron port objects
2020-03-10 02:07:11.197 15 RALLYDEBUG rally_openstack.cleanup.manager [-] Cleaning up neutron subnet objects
2020-03-10 02:07:12.376 15 RALLYDEBUG rally_openstack.cleanup.manager [-] Deleting neutron.subnet object s_rally_c0da2d80_onjw1yTX (01b656c0-2a8e-4d52-bb62-6b7f296e50dd)
2020-03-10 02:07:12.385 15 RALLYDEBUG rally_openstack.cleanup.manager [-] Deleting neutron.subnet object s_rally_c0da2d80_UwbwHuFG (029a6679-9c94-420d-8846-9f2e2d7a3e8b)
2020-03-10 02:07:12.391 15 RALLYDEBUG rally_openstack.cleanup.manager [-] Deleting neutron.subnet object s_rally_c0da2d80_oxdAN8LN (0453bade-5413-488e-83b9-f22902d8f12a)
2020-03-10 02:07:12.402 15 RALLYDEBUG rally_openstack.cleanup.manager [-] Deleting neutron.subnet object s_rally_c0da2d80_VndMGcXC (090163d6-3862-4e9a-bc61-8e42fba9a309)
2020-03-10 02:07:12.413 15 RALLYDEBUG rally_openstack.cleanup.manager [-] Deleting neutron.subnet object s_rally_c0da2d80_fIUp8PLB (0f90cd2a-5566-43f5-b881-48fb08ba2ebb)
2020-03-10 02:07:12.425 15 RALLYDEBUG rally_openstack.cleanup.manager [-] Deleting neutron.subnet object s_rally_c0da2d80_hdEtijHV (14e10669-b391-4e61-b5ef-5f6f8dc247a0)
2020-03-10 02:07:12.427 15 RALLYDEBUG rally_openstack.cleanup.manager [-] Deleting neutron.subnet object s_rally_c0da2d80_ABOfKABb (105342b1-3b68-47fe-90c7-97fd61f2b6d5)
2020-03-10 02:07:12.447 15 RALLYDEBUG rally_openstack.cleanup.manager [-] Deleting neutron.subnet object s_rally_c0da2d80_8cSuFvIC (15e600aa-3f50-44ff-ba63-1c9c1d4b874f)
2020-03-10 02:07:12.499 15 RALLYDEBUG rally_openstack.cleanup.manager [-] Deleting neutron.subnet object s_rally_c0da2d80_R3I1B2bc (1739608a-bb87-43c5-9b7e-3f9390ebb541)
2020-03-10 02:07:12.506 15 RALLYDEBUG rally_openstack.cleanup.manager [-] Deleting neutron.subnet object s_rally_c0da2d80_R68MaC5H (1ba3057f-7fb0-4cca-b953-b41f39ae64e2)
2020-03-10 02:07:12.521 15 RALLYDEBUG rally_openstack.cleanup.manager [-] Deleting neutron.subnet object s_rally_c0da2d80_K32G1Qpa (1c49e018-ab27-42a8-b632-67f4668d4db0)
2020-03-10 02:07:12.521 15 RALLYDEBUG rally_openstack.cleanup.manager [-] Deleting neutron.subnet object s_rally_c0da2d80_pP1jyfFw (1e8bd6b4-cb4c-4b2e-9cf8-f5dbac20d67c)
2020-03-10 02:07:12.525 15 RALLYDEBUG rally_openstack.cleanup.manager [-] Deleting neutron.subnet object s_rally_c0da2d80_WJ8BeT9V (239ea38e-18af-4f05-bbe8-64a66c1231bd)
2020-03-10 02:07:12.529 15 RALLYDEBUG rally_openstack.cleanup.manager [-] Deleting neutron.subnet object s_rally_c0da2d80_xkuDVAUO (2229a75f-9fcc-4323-96bf-47a3fa1094c0)
2020-03-10 02:07:12.550 15 RALLYDEBUG rally_openstack.cleanup.manager [-] Deleting neutron.subnet object s_rally_c0da2d80_zAIokU8a (25541642-1ce4-49b8-9049-760104031116)
2020-03-10 02:07:12.569 15 RALLYDEBUG rally_openstack.cleanup.manager [-] Deleting neutron.subnet object s_rally_c0da2d80_tyFHv9qr (3c930127-c38a-4c3d-b9fa-4bfe0c9a0c13)
2020-03-10 02:07:12.571 15 RALLYDEBUG rally_openstack.cleanup.manager [-] Deleting neutron.subnet object s_rally_c0da2d80_QKUOwdjf (26655e20-9e07-4aa8-b967-3ac5610837d9)
2020-03-10 02:07:12.624 15 RALLYDEBUG rally_openstack.cleanup.manager [-] Deleting neutron.subnet object s_rally_c0da2d80_cMjZfswU (382454b1-9ba9-4f42-830f-61e5a4e7bc35)
2020-03-10 02:07:12.637 15 RALLYDEBUG rally_openstack.cleanup.manager [-] Deleting neutron.subnet object s_rally_c0da2d80_6q992Wma (2b7183c2-8e0e-4769-905a-484f49fb9d6b)
2020-03-10 02:07:12.656 15 RALLYDEBUG rally_openstack.cleanup.manager [-] Deleting neutron.subnet object s_rally_c0da2d80_IRFwyUfx (3a454997-a415-4b62-b0bf-fc345ed91570)
2020-03-10 02:07:16.287 15 RALLYDEBUG rally_openstack.cleanup.manager [-] Deleting neutron.subnet object s_rally_c0da2d80_EnhPjlSN (3dde6501-6206-43f1-9b81-a6e82c375bcd)
2020-03-10 02:07:16.299 15 RALLYDEBUG rally_openstack.cleanup.manager [-] Deleting neutron.subnet object s_rally_c0da2d80_DaBYly57 (3f087ee7-6407-4d00-be5f-aaf28d0c36b9)
2020-03-10 02:07:16.845 15 RALLYDEBUG rally_openstack.cleanup.manager [-] Deleting neutron.subnet object s_rally_c0da2d80_3dSHis8M (3fcb3c70-3323-4e2c-b166-adfec0569c63)
2020-03-10 02:07:17.020 15 RALLYDEBUG rally_openstack.cleanup.manager [-] Deleting neutron.subnet object s_rally_c0da2d80_jknSWN7A (42151197-649e-4065-91da-8fdaba19128e)
2020-03-10 02:07:17.598 15 RALLYDEBUG rally_openstack.cleanup.manager [-] Deleting neutron.subnet object s_rally_c0da2d80_k9McmHAP (42cc4c51-4ce6-404d-90f5-00e2ccae031f)
2020-03-10 02:07:17.602 15 RALLYDEBUG rally_openstack.cleanup.manager [-] Deleting neutron.subnet object s_rally_c0da2d80_jkthHrEQ (443c2ff8-182a-4878-aee3-62bcda65af32)
2020-03-10 02:07:17.828 15 RALLYDEBUG rally_openstack.cleanup.manager [-] Deleting neutron.subnet object s_rally_c0da2d80_aA3FlZx9 (457ec171-669e-4920-b956-9154bbba7484)
2020-03-10 02:07:17.874 15 RALLYDEBUG rally_openstack.cleanup.manager [-] Deleting neutron.subnet object s_rally_c0da2d80_7aLQar2c (47f1ad40-e1e1-49bc-91f8-d395bf03e1b3)
2020-03-10 02:07:18.432 15 RALLYDEBUG rally_openstack.cleanup.manager [-] Deleting neutron.subnet object s_rally_c0da2d80_piLw9nsO (53316515-671d-4655-9ebd-22416914735a)
2020-03-10 02:07:18.482 15 RALLYDEBUG rally_openstack.cleanup.manager [-] Deleting neutron.subnet object s_rally_c0da2d80_c63ZUFlg (53700d85-c480-4c35-a2bf-574a7ee08e5f)
2020-03-10 02:07:18.790 15 RALLYDEBUG rally_openstack.cleanup.manager [-] Deleting neutron.subnet object s_rally_c0da2d80_OWUbWlwe (556c66af-0fd9-4071-9b0b-c6791c17bb6e)
2020-03-10 02:07:18.898 15 RALLYDEBUG rally_openstack.cleanup.manager [-] Deleting neutron.subnet object s_rally_c0da2d80_UeEJk3e6 (5879bcd2-da9d-465d-a515-6e42f8ed9cda)
2020-03-10 02:07:19.126 15 RALLYDEBUG rally_openstack.cleanup.manager [-] Deleting neutron.subnet object s_rally_c0da2d80_cHunlYvl (5d347cdb-ba50-4d4c-bbdb-31050afd621c)
2020-03-10 02:07:19.163 15 RALLYDEBUG rally_openstack.cleanup.manager [-] Deleting neutron.subnet object s_rally_c0da2d80_X5mrOkNa (5d7ef498-2f74-45f3-bcc2-7800bd8856c9)
2020-03-10 02:07:19.170 15 RALLYDEBUG rally_openstack.cleanup.manager [-] Deleting neutron.subnet object s_rally_c0da2d80_Nqd1cDhf (5f1c55e5-fa96-4c30-9d57-904b56bc01f7)
2020-03-10 02:07:19.518 15 RALLYDEBUG rally_openstack.cleanup.manager [-] Deleting neutron.subnet object s_rally_c0da2d80_K4gxBYIa (5fbdb98e-94dc-445b-be7f-21c82a097141)
2020-03-10 02:07:19.779 15 RALLYDEBUG rally_openstack.cleanup.manager [-] Deleting neutron.subnet object s_rally_c0da2d80_ltRG1nJu (5fbdd7c4-6300-49ad-8519-0443aa7f3964)
2020-03-10 02:07:19.940 15 RALLYDEBUG rally_openstack.cleanup.manager [-] Deleting neutron.subnet object s_rally_c0da2d80_4WX3yrIB (617d4026-392f-4a55-bf5e-f6fa815e2711)
2020-03-10 02:07:19.976 15 RALLYDEBUG rally_openstack.cleanup.manager [-] Deleting neutron.subnet object s_rally_c0da2d80_mhCcE73w (627a1ca3-19eb-43c9-9ffc-ead0259919f4)
2020-03-10 02:07:20.519 15 RALLYDEBUG rally_openstack.cleanup.manager [-] Deleting neutron.subnet object s_rally_c0da2d80_JNZjvTPG (6564e4db-2ae1-4983-b51c-5b46bb4da0e0)
2020-03-10 02:07:20.533 15 RALLYDEBUG rally_openstack.cleanup.manager [-] Deleting neutron.subnet object s_rally_c0da2d80_8YqIdhtK (6db95bec-424d-4401-9ad9-5b10f16f543c)
2020-03-10 02:07:20.594 15 RALLYDEBUG rally_openstack.cleanup.manager [-] Deleting neutron.subnet object s_rally_c0da2d80_OG8yLnZY (6f7ec4e2-2ecf-4570-b37f-ebd093f53697)
2020-03-10 02:07:20.863 15 RALLYDEBUG rally_openstack.cleanup.manager [-] Deleting neutron.subnet object s_rally_c0da2d80_Yx3ZOBpe (6f97d31a-3cb5-47fc-b2da-3dfd25d727d4)
2020-03-10 02:07:20.883 15 RALLYDEBUG rally_openstack.cleanup.manager [-] Deleting neutron.subnet object s_rally_c0da2d80_H9Pd6rko (720daf52-da9e-408f-81cd-8aa46feb130e)
2020-03-10 02:07:22.462 15 RALLYDEBUG rally_openstack.cleanup.manager [-] Deleting neutron.subnet object s_rally_c0da2d80_qE74buAD (7241d356-2f7c-42e8-b8f4-33ff63ae8172)
2020-03-10 02:07:22.711 15 RALLYDEBUG rally_openstack.cleanup.manager [-] Deleting neutron.subnet object s_rally_c0da2d80_CftWJQox (76ad2a38-a1f0-4834-b880-6a81bbce90d9)
2020-03-10 02:07:22.754 15 RALLYDEBUG rally_openstack.cleanup.manager [-] Deleting neutron.subnet object s_rally_c0da2d80_AyS4jQG7 (784bd5eb-a4c7-496f-b23d-4bb21f8fb5b7)
2020-03-10 02:07:22.761 15 RALLYDEBUG rally_openstack.cleanup.manager [-] Deleting neutron.subnet object s_rally_c0da2d80_u0lJQ4WY (788068a3-d1ea-42e9-a560-d67794b40f19)
2020-03-10 02:07:22.790 15 RALLYDEBUG rally_openstack.cleanup.manager [-] Deleting neutron.subnet object s_rally_c0da2d80_Rt3GcZl9 (8160f090-1815-44fb-8191-ada7e51e11e5)
2020-03-10 02:07:23.059 15 RALLYDEBUG rally_openstack.cleanup.manager [-] Deleting neutron.subnet object s_rally_c0da2d80_HIyOLJ6R (875a899d-9a5f-4063-84b9-d74f3497f257)
2020-03-10 02:07:23.671 15 RALLYDEBUG rally_openstack.cleanup.manager [-] Deleting neutron.subnet object s_rally_c0da2d80_LvDH97KL (8e4266c5-006c-45b7-aa44-126d9296a095)
2020-03-10 02:07:23.950 15 RALLYDEBUG rally_openstack.cleanup.manager [-] Deleting neutron.subnet object s_rally_c0da2d80_dGrBAKrM (8fa1da60-dfe8-44f2-852b-1e44a02eb755)
2020-03-10 02:07:23.982 15 RALLYDEBUG rally_openstack.cleanup.manager [-] Deleting neutron.subnet object s_rally_c0da2d80_yd70XsIQ (95a03609-ff8d-4ca4-8373-f3aef6b356ce)
2020-03-10 02:07:23.991 15 RALLYDEBUG rally_openstack.cleanup.manager [-] Deleting neutron.subnet object s_rally_c0da2d80_QuTeZ4Vo (97638f87-0bf1-4a39-91ba-b07e7bae418c)
2020-03-10 02:07:23.995 15 RALLYDEBUG rally_openstack.cleanup.manager [-] Deleting neutron.subnet object s_rally_c0da2d80_zN2wiomi (9d472b3b-2c46-4e86-864b-20e6aee782b7)
2020-03-10 02:07:25.124 15 RALLYDEBUG rally_openstack.cleanup.manager [-] Deleting neutron.subnet object s_rally_c0da2d80_7a3F52fv (a52c6c95-8f74-4c99-81bf-b9769e2f3c78)
2020-03-10 02:07:25.431 15 RALLYDEBUG rally_openstack.cleanup.manager [-] Deleting neutron.subnet object s_rally_c0da2d80_O1x5d3Sk (a80a2719-d989-4776-abce-9fb2a1157443)
2020-03-10 02:07:25.661 15 RALLYDEBUG rally_openstack.cleanup.manager [-] Deleting neutron.subnet object s_rally_c0da2d80_FokpwurX (aa2f8962-f870-452e-b8e2-418a9a0d0038)
2020-03-10 02:07:26.106 15 RALLYDEBUG rally_openstack.cleanup.manager [-] Deleting neutron.subnet object s_rally_c0da2d80_wiE4khLA (ad34ca26-3a25-4675-9f8a-848df83a0021)
2020-03-10 02:07:26.119 15 RALLYDEBUG rally_openstack.cleanup.manager [-] Deleting neutron.subnet object s_rally_c0da2d80_N63gX7By (afab7df5-85d4-4f88-b26f-b48ebb5113b7)
2020-03-10 02:07:26.734 15 RALLYDEBUG rally_openstack.cleanup.manager [-] Deleting neutron.subnet object s_rally_c0da2d80_H0Oo5Zu8 (b11be3bd-c4b7-4544-8fee-abbb8ab47f45)
2020-03-10 02:07:27.734 15 RALLYDEBUG rally_openstack.cleanup.manager [-] Deleting neutron.subnet object s_rally_c0da2d80_MRnC3es7 (b7231741-ad7a-4999-8cd5-4934f97e0c4c)
2020-03-10 02:07:27.746 15 RALLYDEBUG rally_openstack.cleanup.manager [-] Deleting neutron.subnet object s_rally_c0da2d80_wJRo3FYH (b9258964-e0cd-4cb1-bb88-a79f08ecc10c)
2020-03-10 02:07:27.778 15 RALLYDEBUG rally_openstack.cleanup.manager [-] Deleting neutron.subnet object s_rally_c0da2d80_v9qWUXzr (be0e1397-dfdb-4adc-bd76-d924caec5477)
2020-03-10 02:07:27.786 15 RALLYDEBUG rally_openstack.cleanup.manager [-] Deleting neutron.subnet object s_rally_c0da2d80_rOwcKqUD (c2e4eb5f-fa2f-4282-86a9-4ef90d93232f)
2020-03-10 02:07:28.084 15 RALLYDEBUG rally_openstack.cleanup.manager [-] Deleting neutron.subnet object s_rally_c0da2d80_2EpugMcK (c450d6cd-87be-41a6-b97b-22c7f2d4e833)
2020-03-10 02:07:28.107 15 RALLYDEBUG rally_openstack.cleanup.manager [-] Deleting neutron.subnet object s_rally_c0da2d80_00mFZvCr (c71ae9d6-4546-44d5-9d7e-3627394abc28)
2020-03-10 02:07:28.146 15 RALLYDEBUG rally_openstack.cleanup.manager [-] Deleting neutron.subnet object s_rally_c0da2d80_ptmAf4gu (cb7693b6-841d-49d2-8e4c-120cf5255ebe)
2020-03-10 02:07:28.195 15 RALLYDEBUG rally_openstack.cleanup.manager [-] Deleting neutron.subnet object s_rally_c0da2d80_osiCogUh (dc1a36d0-a1d3-4357-ac63-c22e518ae18e)
2020-03-10 02:07:28.301 15 RALLYDEBUG rally_openstack.cleanup.manager [-] Deleting neutron.subnet object s_rally_c0da2d80_IZflTFXo (dcf89624-e412-415a-a5ba-31e652fe5329)
2020-03-10 02:07:28.305 15 RALLYDEBUG rally_openstack.cleanup.manager [-] Deleting neutron.subnet object s_rally_c0da2d80_cygJp3x3 (e3c5670f-0bf3-40be-9fd1-50f2ba4bf83d)
2020-03-10 02:07:28.424 15 RALLYDEBUG rally_openstack.cleanup.manager [-] Deleting neutron.subnet object s_rally_c0da2d80_knwqamxS (e3ed8b0b-1e51-4645-9e3a-a7f2d592230d)
2020-03-10 02:07:28.431 15 RALLYDEBUG rally_openstack.cleanup.manager [-] Deleting neutron.subnet object s_rally_c0da2d80_QdRzqFvn (e67945fe-43e6-4ea1-9527-3890f093a398)
2020-03-10 02:07:28.573 15 RALLYDEBUG rally_openstack.cleanup.manager [-] Deleting neutron.subnet object s_rally_c0da2d80_vl79LwFG (eab8ff8f-2faa-4196-a9c4-c63ccb97ddf4)
2020-03-10 02:07:28.799 15 RALLYDEBUG rally_openstack.cleanup.manager [-] Deleting neutron.subnet object s_rally_c0da2d80_6NsoG7hM (f38df099-6e94-4a22-b93d-b8e4b0fa67c9)
2020-03-10 02:07:28.867 15 RALLYDEBUG rally_openstack.cleanup.manager [-] Deleting neutron.subnet object s_rally_c0da2d80_Ulhslu7q (f43b2882-0050-4640-984a-568d1dbc9fd4)
2020-03-10 02:07:28.872 15 RALLYDEBUG rally_openstack.cleanup.manager [-] Deleting neutron.subnet object s_rally_c0da2d80_Qj2NX8o1 (f6c385c1-7009-4ceb-b7fc-9fe866c336a4)
2020-03-10 02:07:28.891 15 RALLYDEBUG rally_openstack.cleanup.manager [-] Deleting neutron.subnet object s_rally_c0da2d80_mJ2UKv9L (fe8fcb80-fe2c-4260-a0e4-c758d7735cf3)
2020-03-10 02:07:29.065 15 RALLYDEBUG rally_openstack.cleanup.manager [-] Deleting neutron.subnet object s_rally_c0da2d80_weERQ1pS (ff2b3436-7b9d-4760-9b10-157f93940d64)
2020-03-10 02:07:29.451 15 RALLYDEBUG rally_openstack.cleanup.manager [-] Deleting neutron.subnet object s_rally_c0da2d80_tCbdumH7 (ff6d1572-6efe-4f4b-9ac9-ed2dda637b2c)
2020-03-10 02:07:30.248 15 DEBUG neutronclient.v2_0.client [-] Error message: {"NeutronError": {"message": "Request Failed: internal server error while processing your request.", "type": "HTTPInternalServerError", "detail": ""}} _handle_fault_response /usr/lib/python2.7/site-packages/neutronclient/v2_0/client.py:259
2020-03-10 02:07:34.094 15 RALLYDEBUG rally_openstack.cleanup.manager [-] Cleaning up neutron network objects
2020-03-10 02:07:34.684 15 RALLYDEBUG rally_openstack.cleanup.manager [-] Deleting neutron.network object s_rally_c0da2d80_HGVPNEQf (0ec8b473-395d-4d02-ba9d-6edca542c0a0)
2020-03-10 02:07:34.688 15 RALLYDEBUG rally_openstack.cleanup.manager [-] Deleting neutron.network object s_rally_c0da2d80_xT59h6Hz (14ab88e4-a134-471c-a0e1-475c77c37eef)
2020-03-10 02:07:34.696 15 RALLYDEBUG rally_openstack.cleanup.manager [-] Deleting neutron.network object s_rally_c0da2d80_iQxY9rlb (18c33e07-3607-48b5-8c4c-857d2d07e2bc)
2020-03-10 02:07:34.705 15 RALLYDEBUG rally_openstack.cleanup.manager [-] Deleting neutron.network object s_rally_c0da2d80_adVtpDiM (2139b0c0-76fa-4944-82e3-3fb064e02e95)
2020-03-10 02:07:34.720 15 RALLYDEBUG rally_openstack.cleanup.manager [-] Deleting neutron.network object s_rally_c0da2d80_3XCoGkG2 (225259bc-64cf-4fac-9d11-822254369059)
2020-03-10 02:07:34.734 15 RALLYDEBUG rally_openstack.cleanup.manager [-] Deleting neutron.network object s_rally_c0da2d80_Om9J2t0Y (29ad7bbe-35aa-4350-93fe-5366cf234fb0)
2020-03-10 02:07:34.742 15 RALLYDEBUG rally_openstack.cleanup.manager [-] Deleting neutron.network object s_rally_c0da2d80_lxmgaZqh (2cd7863a-8cba-438f-a665-8543b16fa880)
2020-03-10 02:07:34.753 15 RALLYDEBUG rally_openstack.cleanup.manager [-] Deleting neutron.network object s_rally_c0da2d80_sM5w1ZxO (2cdec721-db06-4ce3-b32d-70b45473a0d4)
2020-03-10 02:07:34.775 15 RALLYDEBUG rally_openstack.cleanup.manager [-] Deleting neutron.network object s_rally_c0da2d80_b2wfjeqR (2fa6b54b-501b-4ddc-a113-96cb1dfd65cc)
2020-03-10 02:07:34.794 15 RALLYDEBUG rally_openstack.cleanup.manager [-] Deleting neutron.network object s_rally_c0da2d80_TRKHRO0H (509f6b1e-4f2d-47c0-97f6-31596c12917e)
2020-03-10 02:07:34.798 15 RALLYDEBUG rally_openstack.cleanup.manager [-] Deleting neutron.network object s_rally_c0da2d80_28xNsHzQ (4204a0f3-8186-45c3-9c90-83468e4e5d2b)
2020-03-10 02:07:34.805 15 RALLYDEBUG rally_openstack.cleanup.manager [-] Deleting neutron.network object s_rally_c0da2d80_Ruhn2iWz (4cf9c2fd-b28c-4ad5-bcbd-6f8265e9f3c9)
2020-03-10 02:07:34.894 15 RALLYDEBUG rally_openstack.cleanup.manager [-] Deleting neutron.network object s_rally_c0da2d80_N5Hj0oSv (644d3e38-cf68-4c81-b503-f186dd5fb0be)
2020-03-10 02:07:34.898 15 RALLYDEBUG rally_openstack.cleanup.manager [-] Deleting neutron.network object s_rally_c0da2d80_dLYMRlet (57fd245e-639f-4009-a525-be7b1a713718)
2020-03-10 02:07:34.912 15 RALLYDEBUG rally_openstack.cleanup.manager [-] Deleting neutron.network object s_rally_c0da2d80_eG5K8bsb (77e9dcde-2d71-4e05-aa6c-3fc124f516c4)
2020-03-10 02:07:34.915 15 RALLYDEBUG rally_openstack.cleanup.manager [-] Deleting neutron.network object s_rally_c0da2d80_3dEMwUzs (579a90ef-af53-43e5-83dd-79f342a82cda)
2020-03-10 02:07:34.974 15 RALLYDEBUG rally_openstack.cleanup.manager [-] Deleting neutron.network object s_rally_c0da2d80_DaseipPv (78365573-e833-48b8-87a3-c260aad719bf)
2020-03-10 02:07:34.976 15 RALLYDEBUG rally_openstack.cleanup.manager [-] Deleting neutron.network object s_rally_c0da2d80_ZJeTZVho (6313664a-83c0-4cb7-973d-5b652eb2054d)
2020-03-10 02:07:34.988 15 RALLYDEBUG rally_openstack.cleanup.manager [-] Deleting neutron.network object s_rally_c0da2d80_SN4EwVmj (7e09949c-91ad-4e85-804a-2413c1fd0d97)
2020-03-10 02:07:35.001 15 RALLYDEBUG rally_openstack.cleanup.manager [-] Deleting neutron.network object s_rally_c0da2d80_aAAZlqIx (863126cd-96b8-4c6c-9111-fdd36a8a1615)
2020-03-10 02:07:36.909 15 RALLYDEBUG rally_openstack.cleanup.manager [-] Deleting neutron.network object s_rally_c0da2d80_9akVNEfh (974d0cb5-0099-4d76-bfa0-5f7e1dee35d6)
2020-03-10 02:07:37.984 15 RALLYDEBUG rally_openstack.cleanup.manager [-] Deleting neutron.network object s_rally_c0da2d80_2M1cYQAh (999f2905-095e-4d2d-826f-347deac2344c)
2020-03-10 02:07:38.062 15 RALLYDEBUG rally_openstack.cleanup.manager [-] Deleting neutron.network object s_rally_c0da2d80_LXC2z7rQ (9bf6e337-c865-4371-a30e-df7a51bf318f)
2020-03-10 02:07:38.399 15 RALLYDEBUG rally_openstack.cleanup.manager [-] Deleting neutron.network object s_rally_c0da2d80_DdfmtMFF (9cba091a-65ad-4e98-8686-3f43fd285dfd)
2020-03-10 02:07:38.579 15 RALLYDEBUG rally_openstack.cleanup.manager [-] Deleting neutron.network object s_rally_c0da2d80_u76vxUpD (a99d1244-7e1b-4803-8090-4a1b2fbf4c4d)
2020-03-10 02:07:38.708 15 RALLYDEBUG rally_openstack.cleanup.manager [-] Deleting neutron.network object s_rally_c0da2d80_5bEsuWUI (aba5eaaf-c41f-4bf0-8386-060577babdb0)
2020-03-10 02:07:39.050 15 RALLYDEBUG rally_openstack.cleanup.manager [-] Deleting neutron.network object s_rally_c0da2d80_330xp8lE (affbd349-feef-4fd7-b4a7-8476dcaf260a)
2020-03-10 02:07:39.258 15 RALLYDEBUG rally_openstack.cleanup.manager [-] Deleting neutron.network object s_rally_c0da2d80_2ea13pgj (b5f69717-579b-4a8b-8fe0-b28edee8d7e8)
2020-03-10 02:07:39.466 15 RALLYDEBUG rally_openstack.cleanup.manager [-] Deleting neutron.network object s_rally_c0da2d80_O7f1UFHd (b80f0c59-250d-4945-8c95-881e79d53eb2)
2020-03-10 02:07:39.782 15 RALLYDEBUG rally_openstack.cleanup.manager [-] Deleting neutron.network object s_rally_c0da2d80_8C4iFv1s (c4ae77b1-7ae1-4a0f-b27e-a323db2e6bf4)
2020-03-10 02:07:39.947 15 RALLYDEBUG rally_openstack.cleanup.manager [-] Deleting neutron.network object s_rally_c0da2d80_COmXwVOT (d23daf5d-64d0-4f00-8be5-08cb5ef33a8c)
2020-03-10 02:07:40.008 15 RALLYDEBUG rally_openstack.cleanup.manager [-] Deleting neutron.network object s_rally_c0da2d80_sCJoYDBm (d9ee0c65-b6f1-47df-977c-97cd98701f4c)
2020-03-10 02:07:40.046 15 RALLYDEBUG rally_openstack.cleanup.manager [-] Deleting neutron.network object s_rally_c0da2d80_ma96RgYo (dcb5ab2d-b908-4c11-965d-5e25bb615c5f)
2020-03-10 02:07:40.690 15 RALLYDEBUG rally_openstack.cleanup.manager [-] Deleting neutron.network object s_rally_c0da2d80_RRw13TnT (dfed7f25-807f-468c-bbd2-b6c1f688b59b)
2020-03-10 02:07:40.898 15 RALLYDEBUG rally_openstack.cleanup.manager [-] Deleting neutron.network object s_rally_c0da2d80_hHSnzPPM (e1e3f598-c75e-4706-97f4-4a69e9543910)
2020-03-10 02:07:41.230 15 RALLYDEBUG rally_openstack.cleanup.manager [-] Deleting neutron.network object s_rally_c0da2d80_LeMtfYIp (e245d24c-c6be-4058-8dae-a1b6850f8ead)
2020-03-10 02:07:41.279 15 RALLYDEBUG rally_openstack.cleanup.manager [-] Deleting neutron.network object s_rally_c0da2d80_BiNilYRt (e36aeba2-7731-4e63-b6cf-83bdd3376ddb)
2020-03-10 02:07:41.621 15 RALLYDEBUG rally_openstack.cleanup.manager [-] Deleting neutron.network object s_rally_c0da2d80_rymysOF4 (e6240cff-0b01-40d4-8302-027c58ee18ba)
2020-03-10 02:07:41.708 15 RALLYDEBUG rally_openstack.cleanup.manager [-] Deleting neutron.network object s_rally_c0da2d80_HDT8o13C (e93fde5c-c018-40f1-b130-85b6fd4c13ce)
2020-03-10 02:07:41.959 15 RALLYDEBUG rally_openstack.cleanup.manager [-] Deleting neutron.network object s_rally_c0da2d80_XI8ExC7R (e94d0810-f2e9-4462-9ce0-dc65f4a2d7a2)
2020-03-10 02:07:46.490 15 RALLYDEBUG rally_openstack.cleanup.manager [-] Cleaning up neutron router objects
2020-03-10 02:07:46.780 15 RALLYDEBUG rally_openstack.cleanup.manager [-] Cleaning up neutron security_group objects
2020-03-10 02:07:46.987 15 INFO rally.task.context [-] Task 83549a3d-67a1-44e0-a200-0ed618f07123 | Context cleanup@openstack cleanup() finished in 37.49 sec
2020-03-10 02:07:46.987 15 INFO rally.task.context [-] Task 83549a3d-67a1-44e0-a200-0ed618f07123 | Context quotas@openstack cleanup() started
2020-03-10 02:07:47.044 15 INFO rally.task.context [-] Task 83549a3d-67a1-44e0-a200-0ed618f07123 | Context quotas@openstack cleanup() finished in 56.83 msec
2020-03-10 02:07:47.044 15 INFO rally.task.context [-] Task 83549a3d-67a1-44e0-a200-0ed618f07123 | Context users@openstack cleanup() started
2020-03-10 02:07:49.050 15 INFO rally.task.context [-] Task 83549a3d-67a1-44e0-a200-0ed618f07123 | Context users@openstack cleanup() finished in 2.01 sec
2020-03-10 02:07:49.344 15 INFO rally.task.engine [-] Load duration is: 143.206074
2020-03-10 02:07:49.345 15 INFO rally.task.engine [-] Full runner duration is: 143.263993
2020-03-10 02:07:49.345 15 INFO rally.task.engine [-] Full duration is: 184.532688
2020-03-10 02:07:49.446 15 INFO rally.task.engine [-] Running workload: position = 0 config = { "version": 2, "title": "A cropped version of a bigger task.", "description": "Auto-generated task from a single workload (uuid=249a1cf8-a5d0-475b-b42b-2e4b277ce4b5)", "subtasks": [ { "title": "NeutronNetworks.create_and_list_ports", "description": "Check performance of list ports action and ensure > network quotas are not exceeded", "scenario": { "NeutronNetworks.create_and_list_ports": { "network_create_args": null, "port_create_args": null, "ports_per_network": 50 } }, "contexts": { "users": { "tenants": 1, "users_per_tenant": 1 }, "quotas": { "neutron": { "network": -1, "subnet": -1, "router": -1, "port": 811 } } }, "runner": { "constant": { "times": 8, "concurrency": 4 } }, "hooks": [], "sla": { "max_avg_duration_per_atomic": { "neutron.list_ports": 15 }, "failure_rate": { "max": 0 } } } ] }
2020-03-10 02:07:49.465 15 RALLYDEBUG rally_openstack.contexts.keystone.users [-] Creating 1 tenants using 20 threads
2020-03-10 02:07:49.777 15 RALLYDEBUG rally_openstack.contexts.keystone.users [-] Creating 1 users using 20 threads
2020-03-10 02:07:50.159 15 INFO rally.task.context [-] Task 83549a3d-67a1-44e0-a200-0ed618f07123 | Context users@openstack setup() finished in 0.69 sec
2020-03-10 02:07:50.514 15 INFO rally.task.context [-] Task 83549a3d-67a1-44e0-a200-0ed618f07123 | Context quotas@openstack setup() finished in 0.35 sec
2020-03-10 02:07:50.514 15 INFO rally.task.context [-] Task 83549a3d-67a1-44e0-a200-0ed618f07123 | Context cleanup@openstack setup() finished in 0.01 msec
2020-03-10 02:07:50.523 15 RALLYDEBUG rally.task.runner [-] Starting the constant runner (task UUID: 83549a3d-67a1-44e0-a200-0ed618f07123). timeout: 0 concurrency: 4 concurrency_per_worker: 1 times: 8 concurrency_overhead: 0 processes_to_start: 4 max_cpu_used: 88
2020-03-10 02:07:50.537 3877 RALLYDEBUG rally.task.runner [-] Starting a worker. concurrency: 1 args: {"network_create_args": null, "port_create_args": null, "ports_per_network": 50} times: 8 method_name: run timeout: 0 duration: None cls:
2020-03-10 02:07:50.540 3878 RALLYDEBUG rally.task.runner [-] Starting a worker. concurrency: 1 args: {"network_create_args": null, "port_create_args": null, "ports_per_network": 50} times: 8 method_name: run timeout: 0 duration: None cls:
2020-03-10 02:07:50.544 3877 INFO rally.task.runner [-] Task 83549a3d-67a1-44e0-a200-0ed618f07123 | ITER: 1 START
2020-03-10 02:07:50.543 3879 RALLYDEBUG rally.task.runner [-] Starting a worker. concurrency: 1 args: {"network_create_args": null, "port_create_args": null, "ports_per_network": 50} times: 8 method_name: run timeout: 0 duration: None cls:
2020-03-10 02:07:50.545 3877 WARNING rally_openstack.scenarios.neutron.utils [-] Running this scenario without either the 'network' or 'existing_network' context is deprecated
2020-03-10 02:07:50.546 3878 INFO rally.task.runner [-] Task 83549a3d-67a1-44e0-a200-0ed618f07123 | ITER: 2 START
2020-03-10 02:07:50.546 3880 RALLYDEBUG rally.task.runner [-] Starting a worker. concurrency: 1 args: {"network_create_args": null, "port_create_args": null, "ports_per_network": 50} times: 8 method_name: run timeout: 0 duration: None cls:
2020-03-10 02:07:50.548 3878 WARNING rally_openstack.scenarios.neutron.utils [-] Running this scenario without either the 'network' or 'existing_network' context is deprecated
2020-03-10 02:07:50.549 3879 INFO rally.task.runner [-] Task 83549a3d-67a1-44e0-a200-0ed618f07123 | ITER: 3 START
2020-03-10 02:07:50.551 3879 WARNING rally_openstack.scenarios.neutron.utils [-] Running this scenario without either the 'network' or 'existing_network' context is deprecated
2020-03-10 02:07:50.552 3880 INFO rally.task.runner [-] Task 83549a3d-67a1-44e0-a200-0ed618f07123 | ITER: 4 START
2020-03-10 02:07:50.554 3880 WARNING rally_openstack.scenarios.neutron.utils [-] Running this scenario without either the 'network' or 'existing_network' context is deprecated
2020-03-10 02:09:05.689 3879 INFO rally.task.runner [-] Task 83549a3d-67a1-44e0-a200-0ed618f07123 | ITER: 3 END: OK
2020-03-10 02:09:05.690 3880 INFO rally.task.runner [-] Task 83549a3d-67a1-44e0-a200-0ed618f07123 | ITER: 4 END: OK
2020-03-10 02:09:05.695 3879 INFO rally.task.runner [-] Task 83549a3d-67a1-44e0-a200-0ed618f07123 | ITER: 5 START
2020-03-10 02:09:05.696 3880 INFO rally.task.runner [-] Task 83549a3d-67a1-44e0-a200-0ed618f07123 | ITER: 6 START
2020-03-10 02:09:05.697 3879 WARNING rally_openstack.scenarios.neutron.utils [-] Running this scenario without either the 'network' or 'existing_network' context is deprecated
2020-03-10 02:09:05.697 3880 WARNING rally_openstack.scenarios.neutron.utils [-] Running this scenario without either the 'network' or 'existing_network' context is deprecated
2020-03-10 02:09:12.503 3878 INFO rally.task.runner [-] Task 83549a3d-67a1-44e0-a200-0ed618f07123 | ITER: 2 END: OK
2020-03-10 02:09:12.510 3878 INFO rally.task.runner [-] Task 83549a3d-67a1-44e0-a200-0ed618f07123 | ITER: 7 START
