2020-03-05 00:50:15.663 15 INFO rally.task.engine [-] Load duration is: 71.442341
2020-03-05 00:50:15.664 15 INFO rally.task.engine [-] Full runner duration is: 71.492698
2020-03-05 00:50:15.664 15 INFO rally.task.engine [-] Full duration is: 129.383864
2020-03-05 00:50:15.776 15 INFO rally.task.engine [-] Running workload: position = 2 config = { "version": 2, "title": "A cropped version of a bigger task.", "description": "Auto-generated task from a single workload (uuid=17cc5296-e669-4fbb-b27a-4e657ec663bf)", "subtasks": [ { "title": "NeutronNetworks.create_and_delete_subnets", "description": "Create and delete a given number of subnets.", "scenario": { "NeutronNetworks.create_and_delete_subnets": { "network_create_args": {}, "subnet_create_args": {}, "subnet_cidr_start": "1.1.0.0/30", "subnets_per_network": 2 } }, "contexts": { "users": { "tenants": 1, "users_per_tenant": 1 }, "quotas": { "neutron": { "network": -1, "subnet": -1 } } }, "runner": { "constant": { "times": 40, "concurrency": 20 } }, "hooks": [], "sla": { "failure_rate": { "max": 0 } } } ] }
2020-03-05 00:50:15.800 15 RALLYDEBUG rally_openstack.contexts.keystone.users [-] Creating 1 tenants using 20 threads
2020-03-05 00:50:16.234 15 RALLYDEBUG rally_openstack.contexts.keystone.users [-] Creating 1 users using 20 threads
2020-03-05 00:50:16.740 15 INFO rally.task.context [-] Task f544de06-cff4-4707-aa39-2696ee609cd5 | Context users@openstack setup() finished in 0.94 sec
2020-03-05 00:50:17.127 15 INFO rally.task.context [-] Task f544de06-cff4-4707-aa39-2696ee609cd5 | Context quotas@openstack setup() finished in 0.39 sec
2020-03-05 00:50:17.128 15 INFO rally.task.context [-] Task f544de06-cff4-4707-aa39-2696ee609cd5 | Context cleanup@openstack setup() finished in 0.00 msec
2020-03-05 00:50:17.137 15 RALLYDEBUG rally.task.runner [-] Starting the constant runner (task UUID: f544de06-cff4-4707-aa39-2696ee609cd5). timeout: 0 concurrency: 20 concurrency_per_worker: 1 times: 40 concurrency_overhead: 0 processes_to_start: 20 max_cpu_used: 88
2020-03-05 00:50:17.151 2269 RALLYDEBUG rally.task.runner [-] Starting a worker. concurrency: 1 args: {"network_create_args": {}, "subnet_create_args": {}, "subnet_cidr_start": "1.1.0.0/30", "subnets_per_network": 2} times: 40 method_name: run timeout: 0 duration: None cls:
2020-03-05 00:50:17.154 2270 RALLYDEBUG rally.task.runner [-] Starting a worker. concurrency: 1 args: {"network_create_args": {}, "subnet_create_args": {}, "subnet_cidr_start": "1.1.0.0/30", "subnets_per_network": 2} times: 40 method_name: run timeout: 0 duration: None cls:
2020-03-05 00:50:17.157 2271 RALLYDEBUG rally.task.runner [-] Starting a worker. concurrency: 1 args: {"network_create_args": {}, "subnet_create_args": {}, "subnet_cidr_start": "1.1.0.0/30", "subnets_per_network": 2} times: 40 method_name: run timeout: 0 duration: None cls:
2020-03-05 00:50:17.160 2272 RALLYDEBUG rally.task.runner [-] Starting a worker. concurrency: 1 args: {"network_create_args": {}, "subnet_create_args": {}, "subnet_cidr_start": "1.1.0.0/30", "subnets_per_network": 2} times: 40 method_name: run timeout: 0 duration: None cls:
2020-03-05 00:50:17.161 2270 INFO rally.task.runner [-] Task f544de06-cff4-4707-aa39-2696ee609cd5 | ITER: 2 START
2020-03-05 00:50:17.162 2270 WARNING rally_openstack.scenarios.neutron.utils [-] Running this scenario without either the 'network' or 'existing_network' context is deprecated
2020-03-05 00:50:17.163 2271 INFO rally.task.runner [-] Task f544de06-cff4-4707-aa39-2696ee609cd5 | ITER: 3 START
2020-03-05 00:50:17.163 2273 RALLYDEBUG rally.task.runner [-] Starting a worker. concurrency: 1 args: {"network_create_args": {}, "subnet_create_args": {}, "subnet_cidr_start": "1.1.0.0/30", "subnets_per_network": 2} times: 40 method_name: run timeout: 0 duration: None cls:
2020-03-05 00:50:17.164 2269 INFO rally.task.runner [-] Task f544de06-cff4-4707-aa39-2696ee609cd5 | ITER: 1 START
2020-03-05 00:50:17.164 2271 WARNING rally_openstack.scenarios.neutron.utils [-] Running this scenario without either the 'network' or 'existing_network' context is deprecated
2020-03-05 00:50:17.165 2269 WARNING rally_openstack.scenarios.neutron.utils [-] Running this scenario without either the 'network' or 'existing_network' context is deprecated
2020-03-05 00:50:17.166 2272 INFO rally.task.runner [-] Task f544de06-cff4-4707-aa39-2696ee609cd5 | ITER: 4 START
2020-03-05 00:50:17.166 2275 RALLYDEBUG rally.task.runner [-] Starting a worker. concurrency: 1 args: {"network_create_args": {}, "subnet_create_args": {}, "subnet_cidr_start": "1.1.0.0/30", "subnets_per_network": 2} times: 40 method_name: run timeout: 0 duration: None cls:
2020-03-05 00:50:17.167 2272 WARNING rally_openstack.scenarios.neutron.utils [-] Running this scenario without either the 'network' or 'existing_network' context is deprecated
2020-03-05 00:50:17.170 2279 RALLYDEBUG rally.task.runner [-] Starting a worker. concurrency: 1 args: {"network_create_args": {}, "subnet_create_args": {}, "subnet_cidr_start": "1.1.0.0/30", "subnets_per_network": 2} times: 40 method_name: run timeout: 0 duration: None cls:
2020-03-05 00:50:17.173 2273 INFO rally.task.runner [-] Task f544de06-cff4-4707-aa39-2696ee609cd5 | ITER: 5 START
2020-03-05 00:50:17.174 2273 WARNING rally_openstack.scenarios.neutron.utils [-] Running this scenario without either the 'network' or 'existing_network' context is deprecated
2020-03-05 00:50:17.174 2284 RALLYDEBUG rally.task.runner [-] Starting a worker. concurrency: 1 args: {"network_create_args": {}, "subnet_create_args": {}, "subnet_cidr_start": "1.1.0.0/30", "subnets_per_network": 2} times: 40 method_name: run timeout: 0 duration: None cls:
2020-03-05 00:50:17.176 2279 INFO rally.task.runner [-] Task f544de06-cff4-4707-aa39-2696ee609cd5 | ITER: 7 START
2020-03-05 00:50:17.176 2285 RALLYDEBUG rally.task.runner [-] Starting a worker. concurrency: 1 args: {"network_create_args": {}, "subnet_create_args": {}, "subnet_cidr_start": "1.1.0.0/30", "subnets_per_network": 2} times: 40 method_name: run timeout: 0 duration: None cls:
2020-03-05 00:50:17.177 2279 WARNING rally_openstack.scenarios.neutron.utils [-] Running this scenario without either the 'network' or 'existing_network' context is deprecated
2020-03-05 00:50:17.178 2275 INFO rally.task.runner [-] Task f544de06-cff4-4707-aa39-2696ee609cd5 | ITER: 6 START
2020-03-05 00:50:17.179 2275 WARNING rally_openstack.scenarios.neutron.utils [-] Running this scenario without either the 'network' or 'existing_network' context is deprecated
2020-03-05 00:50:17.179 2288 RALLYDEBUG rally.task.runner [-] Starting a worker. concurrency: 1 args: {"network_create_args": {}, "subnet_create_args": {}, "subnet_cidr_start": "1.1.0.0/30", "subnets_per_network": 2} times: 40 method_name: run timeout: 0 duration: None cls:
2020-03-05 00:50:17.181 2284 INFO rally.task.runner [-] Task f544de06-cff4-4707-aa39-2696ee609cd5 | ITER: 8 START
2020-03-05 00:50:17.182 2284 WARNING rally_openstack.scenarios.neutron.utils [-] Running this scenario without either the 'network' or 'existing_network' context is deprecated
2020-03-05 00:50:17.182 2285 INFO rally.task.runner [-] Task f544de06-cff4-4707-aa39-2696ee609cd5 | ITER: 9 START
2020-03-05 00:50:17.182 2292 RALLYDEBUG rally.task.runner [-] Starting a worker. concurrency: 1 args: {"network_create_args": {}, "subnet_create_args": {}, "subnet_cidr_start": "1.1.0.0/30", "subnets_per_network": 2} times: 40 method_name: run timeout: 0 duration: None cls:
2020-03-05 00:50:17.183 2285 WARNING rally_openstack.scenarios.neutron.utils [-] Running this scenario without either the 'network' or 'existing_network' context is deprecated
2020-03-05 00:50:17.184 2294 RALLYDEBUG rally.task.runner [-] Starting a worker. concurrency: 1 args: {"network_create_args": {}, "subnet_create_args": {}, "subnet_cidr_start": "1.1.0.0/30", "subnets_per_network": 2} times: 40 method_name: run timeout: 0 duration: None cls:
2020-03-05 00:50:17.186 2288 INFO rally.task.runner [-] Task f544de06-cff4-4707-aa39-2696ee609cd5 | ITER: 10 START
2020-03-05 00:50:17.187 2288 WARNING rally_openstack.scenarios.neutron.utils [-] Running this scenario without either the 'network' or 'existing_network' context is deprecated
2020-03-05 00:50:17.188 2292 INFO rally.task.runner [-] Task f544de06-cff4-4707-aa39-2696ee609cd5 | ITER: 11 START
2020-03-05 00:50:17.190 2292 WARNING rally_openstack.scenarios.neutron.utils [-] Running this scenario without either the 'network' or 'existing_network' context is deprecated
2020-03-05 00:50:17.190 2294 INFO rally.task.runner [-] Task f544de06-cff4-4707-aa39-2696ee609cd5 | ITER: 12 START
2020-03-05 00:50:17.191 2294 WARNING rally_openstack.scenarios.neutron.utils [-] Running this scenario without either the 'network' or 'existing_network' context is deprecated
2020-03-05 00:50:17.192 2299 RALLYDEBUG rally.task.runner [-] Starting a worker. concurrency: 1 args: {"network_create_args": {}, "subnet_create_args": {}, "subnet_cidr_start": "1.1.0.0/30", "subnets_per_network": 2} times: 40 method_name: run timeout: 0 duration: None cls:
2020-03-05 00:50:17.194 2305 RALLYDEBUG rally.task.runner [-] Starting a worker. concurrency: 1 args: {"network_create_args": {}, "subnet_create_args": {}, "subnet_cidr_start": "1.1.0.0/30", "subnets_per_network": 2} times: 40 method_name: run timeout: 0 duration: None cls:
2020-03-05 00:50:17.194 2302 RALLYDEBUG rally.task.runner [-] Starting a worker. concurrency: 1 args: {"network_create_args": {}, "subnet_create_args": {}, "subnet_cidr_start": "1.1.0.0/30", "subnets_per_network": 2} times: 40 method_name: run timeout: 0 duration: None cls:
2020-03-05 00:50:17.198 2308 RALLYDEBUG rally.task.runner [-] Starting a worker. concurrency: 1 args: {"network_create_args": {}, "subnet_create_args": {}, "subnet_cidr_start": "1.1.0.0/30", "subnets_per_network": 2} times: 40 method_name: run timeout: 0 duration: None cls:
2020-03-05 00:50:17.200 2305 INFO rally.task.runner [-] Task f544de06-cff4-4707-aa39-2696ee609cd5 | ITER: 14 START
2020-03-05 00:50:17.200 2299 INFO rally.task.runner [-] Task f544de06-cff4-4707-aa39-2696ee609cd5 | ITER: 13 START
2020-03-05 00:50:17.200 2305 WARNING rally_openstack.scenarios.neutron.utils [-] Running this scenario without either the 'network' or 'existing_network' context is deprecated
2020-03-05 00:50:17.201 2299 WARNING rally_openstack.scenarios.neutron.utils [-] Running this scenario without either the 'network' or 'existing_network' context is deprecated
2020-03-05 00:50:17.201 2302 INFO rally.task.runner [-] Task f544de06-cff4-4707-aa39-2696ee609cd5 | ITER: 15 START
2020-03-05 00:50:17.201 2309 RALLYDEBUG rally.task.runner [-] Starting a worker. concurrency: 1 args: {"network_create_args": {}, "subnet_create_args": {}, "subnet_cidr_start": "1.1.0.0/30", "subnets_per_network": 2} times: 40 method_name: run timeout: 0 duration: None cls:
2020-03-05 00:50:17.202 2302 WARNING rally_openstack.scenarios.neutron.utils [-] Running this scenario without either the 'network' or 'existing_network' context is deprecated
2020-03-05 00:50:17.204 2308 INFO rally.task.runner [-] Task f544de06-cff4-4707-aa39-2696ee609cd5 | ITER: 16 START
2020-03-05 00:50:17.204 2311 RALLYDEBUG rally.task.runner [-] Starting a worker. concurrency: 1 args: {"network_create_args": {}, "subnet_create_args": {}, "subnet_cidr_start": "1.1.0.0/30", "subnets_per_network": 2} times: 40 method_name: run timeout: 0 duration: None cls:
2020-03-05 00:50:17.205 2308 WARNING rally_openstack.scenarios.neutron.utils [-] Running this scenario without either the 'network' or 'existing_network' context is deprecated
2020-03-05 00:50:17.207 2316 RALLYDEBUG rally.task.runner [-] Starting a worker. concurrency: 1 args: {"network_create_args": {}, "subnet_create_args": {}, "subnet_cidr_start": "1.1.0.0/30", "subnets_per_network": 2} times: 40 method_name: run timeout: 0 duration: None cls:
2020-03-05 00:50:17.213 2316 INFO rally.task.runner [-] Task f544de06-cff4-4707-aa39-2696ee609cd5 | ITER: 19 START
2020-03-05 00:50:17.214 2316 WARNING rally_openstack.scenarios.neutron.utils [-] Running this scenario without either the 'network' or 'existing_network' context is deprecated
2020-03-05 00:50:17.213 2320 RALLYDEBUG rally.task.runner [-] Starting a worker. concurrency: 1 args: {"network_create_args": {}, "subnet_create_args": {}, "subnet_cidr_start": "1.1.0.0/30", "subnets_per_network": 2} times: 40 method_name: run timeout: 0 duration: None cls:
2020-03-05 00:50:17.216 2309 INFO rally.task.runner [-] Task f544de06-cff4-4707-aa39-2696ee609cd5 | ITER: 17 START
2020-03-05 00:50:17.216 2311 INFO rally.task.runner [-] Task f544de06-cff4-4707-aa39-2696ee609cd5 | ITER: 18 START
2020-03-05 00:50:17.217 2309 WARNING rally_openstack.scenarios.neutron.utils [-] Running this scenario without either the 'network' or 'existing_network' context is deprecated
2020-03-05 00:50:17.217 2311 WARNING rally_openstack.scenarios.neutron.utils [-] Running this scenario without either the 'network' or 'existing_network' context is deprecated
2020-03-05 00:50:17.220 2320 INFO rally.task.runner [-] Task f544de06-cff4-4707-aa39-2696ee609cd5 | ITER: 20 START
2020-03-05 00:50:17.222 2320 WARNING rally_openstack.scenarios.neutron.utils [-] Running this scenario without either the 'network' or 'existing_network' context is deprecated
2020-03-05 00:50:18.716 2272 RALLYDEBUG rally_openstack.wrappers.network [-] CIDR generated: 1.1.4.96/30
2020-03-05 00:50:18.785 2294 RALLYDEBUG rally_openstack.wrappers.network [-] CIDR generated: 1.1.4.100/30
2020-03-05 00:50:18.827 2275 RALLYDEBUG rally_openstack.wrappers.network [-] CIDR generated: 1.1.4.104/30
2020-03-05 00:50:18.829 2311 RALLYDEBUG rally_openstack.wrappers.network [-] CIDR generated: 1.1.4.108/30
2020-03-05 00:50:18.836 2279 RALLYDEBUG rally_openstack.wrappers.network [-] CIDR generated: 1.1.4.112/30
2020-03-05 00:50:18.853 2316 RALLYDEBUG rally_openstack.wrappers.network [-] CIDR generated: 1.1.4.116/30
2020-03-05 00:50:19.008 2292 RALLYDEBUG rally_openstack.wrappers.network [-] CIDR generated: 1.1.4.120/30
2020-03-05 00:50:19.019 2308 RALLYDEBUG rally_openstack.wrappers.network [-] CIDR generated: 1.1.4.124/30
2020-03-05 00:50:19.175 2273 RALLYDEBUG rally_openstack.wrappers.network [-] CIDR generated: 1.1.4.128/30
2020-03-05 00:50:19.197 2299 RALLYDEBUG rally_openstack.wrappers.network [-] CIDR generated: 1.1.4.132/30
2020-03-05 00:50:19.205 2284 RALLYDEBUG rally_openstack.wrappers.network [-] CIDR generated: 1.1.4.136/30
2020-03-05 00:50:19.216 2270 RALLYDEBUG rally_openstack.wrappers.network [-] CIDR generated: 1.1.4.140/30
2020-03-05 00:50:19.243 2302 RALLYDEBUG rally_openstack.wrappers.network [-] CIDR generated: 1.1.4.144/30
2020-03-05 00:50:19.332 2269 RALLYDEBUG rally_openstack.wrappers.network [-] CIDR generated: 1.1.4.148/30
2020-03-05 00:50:19.335 2288 RALLYDEBUG rally_openstack.wrappers.network [-] CIDR generated: 1.1.4.152/30
2020-03-05 00:50:19.336 2309 RALLYDEBUG rally_openstack.wrappers.network [-] CIDR generated: 1.1.4.156/30
2020-03-05 00:50:19.389 2271 RALLYDEBUG rally_openstack.wrappers.network [-] CIDR generated: 1.1.4.160/30
2020-03-05 00:50:19.449 2305 RALLYDEBUG rally_openstack.wrappers.network [-] CIDR generated: 1.1.4.164/30
2020-03-05 00:50:19.469 2285 RALLYDEBUG rally_openstack.wrappers.network [-] CIDR generated: 1.1.4.168/30
2020-03-05 00:50:20.797 2320 RALLYDEBUG rally_openstack.wrappers.network [-] CIDR generated: 1.1.4.172/30
2020-03-05 00:50:22.731 2311 RALLYDEBUG rally_openstack.wrappers.network [-] CIDR generated: 1.1.4.176/30
2020-03-05 00:50:22.965 2294 RALLYDEBUG rally_openstack.wrappers.network [-] CIDR generated: 1.1.4.180/30
2020-03-05 00:50:23.126 2273 RALLYDEBUG rally_openstack.wrappers.network [-] CIDR generated: 1.1.4.184/30
2020-03-05 00:50:23.181 2308 RALLYDEBUG rally_openstack.wrappers.network [-] CIDR generated: 1.1.4.188/30
2020-03-05 00:50:23.884 2305 RALLYDEBUG rally_openstack.wrappers.network [-] CIDR generated: 1.1.4.192/30
2020-03-05 00:50:23.911 2269 RALLYDEBUG rally_openstack.wrappers.network [-] CIDR generated: 1.1.4.196/30
2020-03-05 00:50:23.950 2275 RALLYDEBUG rally_openstack.wrappers.network [-] CIDR generated: 1.1.4.200/30
2020-03-05 00:50:23.952 2299 RALLYDEBUG rally_openstack.wrappers.network [-] CIDR generated: 1.1.4.204/30
2020-03-05 00:50:23.970 2284 RALLYDEBUG rally_openstack.wrappers.network [-] CIDR generated: 1.1.4.208/30
2020-03-05 00:50:24.091 2271 RALLYDEBUG rally_openstack.wrappers.network [-] CIDR generated: 1.1.4.212/30
2020-03-05 00:50:24.116 2270 RALLYDEBUG rally_openstack.wrappers.network [-] CIDR generated: 1.1.4.216/30
2020-03-05 00:50:24.161 2272 RALLYDEBUG rally_openstack.wrappers.network [-] CIDR generated: 1.1.4.220/30
2020-03-05 00:50:24.184 2302 RALLYDEBUG rally_openstack.wrappers.network [-] CIDR generated: 1.1.4.224/30
2020-03-05 00:50:24.413 2292 RALLYDEBUG rally_openstack.wrappers.network [-] CIDR generated: 1.1.4.228/30
2020-03-05 00:50:24.565 2288 RALLYDEBUG rally_openstack.wrappers.network [-] CIDR generated: 1.1.4.232/30
2020-03-05 00:50:25.154 2285 RALLYDEBUG rally_openstack.wrappers.network [-] CIDR generated: 1.1.4.236/30
2020-03-05 00:50:25.188 2316 RALLYDEBUG rally_openstack.wrappers.network [-] CIDR generated: 1.1.4.240/30
2020-03-05 00:50:25.198 2279 RALLYDEBUG rally_openstack.wrappers.network [-] CIDR generated: 1.1.4.244/30
2020-03-05 00:50:25.251 2320 RALLYDEBUG rally_openstack.wrappers.network [-] CIDR generated: 1.1.4.248/30
2020-03-05 00:50:25.286 2309 RALLYDEBUG rally_openstack.wrappers.network [-] CIDR generated: 1.1.4.252/30
2020-03-05 00:50:28.002 2311 INFO rally.task.runner [-] Task f544de06-cff4-4707-aa39-2696ee609cd5 | ITER: 18 END: OK
2020-03-05 00:50:28.007 2311 INFO rally.task.runner [-] Task f544de06-cff4-4707-aa39-2696ee609cd5 | ITER: 21 START
2020-03-05 00:50:28.008 2311 WARNING rally_openstack.scenarios.neutron.utils [-] Running this scenario without either the 'network' or 'existing_network' context is deprecated
2020-03-05 00:50:28.193 2308 INFO rally.task.runner [-] Task f544de06-cff4-4707-aa39-2696ee609cd5 | ITER: 16 END: OK
2020-03-05 00:50:28.199 2308 INFO rally.task.runner [-] Task f544de06-cff4-4707-aa39-2696ee609cd5 | ITER: 22 START
2020-03-05 00:50:28.199 2308 WARNING rally_openstack.scenarios.neutron.utils [-] Running this scenario without either the 'network' or 'existing_network' context is deprecated
2020-03-05 00:50:28.269 2294 INFO rally.task.runner [-] Task f544de06-cff4-4707-aa39-2696ee609cd5 | ITER: 12 END: OK
2020-03-05 00:50:28.274 2294 INFO rally.task.runner [-] Task f544de06-cff4-4707-aa39-2696ee609cd5 | ITER: 23 START
2020-03-05 00:50:28.275 2294 WARNING rally_openstack.scenarios.neutron.utils [-] Running this scenario without either the 'network' or 'existing_network' context is deprecated
2020-03-05 00:50:28.523 2273 INFO rally.task.runner [-] Task f544de06-cff4-4707-aa39-2696ee609cd5 | ITER: 5 END: OK
2020-03-05 00:50:28.528 2273 INFO rally.task.runner [-] Task f544de06-cff4-4707-aa39-2696ee609cd5 | ITER: 24 START
2020-03-05 00:50:28.529 2273 WARNING rally_openstack.scenarios.neutron.utils [-] Running this scenario without either the 'network' or 'existing_network' context is deprecated
2020-03-05 00:50:28.769 2302 INFO rally.task.runner [-] Task f544de06-cff4-4707-aa39-2696ee609cd5 | ITER: 15 END: OK
2020-03-05 00:50:28.774 2302 INFO rally.task.runner [-] Task f544de06-cff4-4707-aa39-2696ee609cd5 | ITER: 25 START
2020-03-05 00:50:28.775 2302 WARNING rally_openstack.scenarios.neutron.utils [-] Running this scenario without either the 'network' or 'existing_network' context is deprecated
2020-03-05 00:50:28.907 2305 INFO rally.task.runner [-] Task f544de06-cff4-4707-aa39-2696ee609cd5 | ITER: 14 END: OK
2020-03-05 00:50:28.912 2305 INFO rally.task.runner [-] Task f544de06-cff4-4707-aa39-2696ee609cd5 | ITER: 26 START
2020-03-05 00:50:28.913 2305 WARNING rally_openstack.scenarios.neutron.utils [-] Running this scenario without either the 'network' or 'existing_network' context is deprecated
2020-03-05 00:50:28.939 2269 INFO rally.task.runner [-] Task f544de06-cff4-4707-aa39-2696ee609cd5 | ITER: 1 END: OK
2020-03-05 00:50:28.944 2269 INFO rally.task.runner [-] Task f544de06-cff4-4707-aa39-2696ee609cd5 | ITER: 27 START
2020-03-05 00:50:28.945 2269 WARNING rally_openstack.scenarios.neutron.utils [-] Running this scenario without either the 'network' or 'existing_network' context is deprecated
2020-03-05 00:50:29.185 2311 RALLYDEBUG rally_openstack.wrappers.network [-] CIDR generated: 1.1.5.0/30
2020-03-05 00:50:29.208 2270 INFO rally.task.runner [-] Task f544de06-cff4-4707-aa39-2696ee609cd5 | ITER: 2 END: OK
2020-03-05 00:50:29.213 2270 INFO rally.task.runner [-] Task f544de06-cff4-4707-aa39-2696ee609cd5 | ITER: 28 START
2020-03-05 00:50:29.214 2270 WARNING rally_openstack.scenarios.neutron.utils [-] Running this scenario without either the 'network' or 'existing_network' context is deprecated
2020-03-05 00:50:29.296 2273 RALLYDEBUG rally_openstack.wrappers.network [-] CIDR generated: 1.1.5.4/30
2020-03-05 00:50:29.836 2302 RALLYDEBUG rally_openstack.wrappers.network [-] CIDR generated: 1.1.5.8/30
2020-03-05 00:50:29.866 2294 RALLYDEBUG rally_openstack.wrappers.network [-] CIDR generated: 1.1.5.12/30
2020-03-05 00:50:29.938 2308 RALLYDEBUG rally_openstack.wrappers.network [-] CIDR generated: 1.1.5.16/30
2020-03-05 00:50:30.236 2299 INFO rally.task.runner [-] Task f544de06-cff4-4707-aa39-2696ee609cd5 | ITER: 13 END: OK
2020-03-05 00:50:30.242 2299 INFO rally.task.runner [-] Task f544de06-cff4-4707-aa39-2696ee609cd5 | ITER: 29 START
2020-03-05 00:50:30.242 2299 WARNING rally_openstack.scenarios.neutron.utils [-] Running this scenario without either the 'network' or 'existing_network' context is deprecated
2020-03-05 00:50:30.626 2285 INFO rally.task.runner [-] Task f544de06-cff4-4707-aa39-2696ee609cd5 | ITER: 9 END: OK
2020-03-05 00:50:30.628 2292 INFO rally.task.runner [-] Task f544de06-cff4-4707-aa39-2696ee609cd5 | ITER: 11 END: OK
2020-03-05 00:50:30.631 2285 INFO rally.task.runner [-] Task f544de06-cff4-4707-aa39-2696ee609cd5 | ITER: 30 START
2020-03-05 00:50:30.632 2285 WARNING rally_openstack.scenarios.neutron.utils [-] Running this scenario without either the 'network' or 'existing_network' context is deprecated
2020-03-05 00:50:30.633 2292 INFO rally.task.runner [-] Task f544de06-cff4-4707-aa39-2696ee609cd5 | ITER: 31 START
2020-03-05 00:50:30.634 2292 WARNING rally_openstack.scenarios.neutron.utils [-] Running this scenario without either the 'network' or 'existing_network' context is deprecated
2020-03-05 00:50:31.065 2272 INFO rally.task.runner [-] Task f544de06-cff4-4707-aa39-2696ee609cd5 | ITER: 4 END: OK
2020-03-05 00:50:31.070 2272 INFO rally.task.runner [-] Task f544de06-cff4-4707-aa39-2696ee609cd5 | ITER: 32 START
2020-03-05 00:50:31.071 2272 WARNING rally_openstack.scenarios.neutron.utils [-] Running this scenario without either the 'network' or 'existing_network' context is deprecated
2020-03-05 00:50:31.104 2269 RALLYDEBUG rally_openstack.wrappers.network [-] CIDR generated: 1.1.5.20/30
2020-03-05 00:50:31.126 2288 INFO rally.task.runner [-] Task f544de06-cff4-4707-aa39-2696ee609cd5 | ITER: 10 END: OK
2020-03-05 00:50:31.131 2288 INFO rally.task.runner [-] Task f544de06-cff4-4707-aa39-2696ee609cd5 | ITER: 33 START
2020-03-05 00:50:31.132 2288 WARNING rally_openstack.scenarios.neutron.utils [-] Running this scenario without either the 'network' or 'existing_network' context is deprecated
2020-03-05 00:50:31.134 2275 INFO rally.task.runner [-] Task f544de06-cff4-4707-aa39-2696ee609cd5 | ITER: 6 END: OK
2020-03-05 00:50:31.139 2275 INFO rally.task.runner [-] Task f544de06-cff4-4707-aa39-2696ee609cd5 | ITER: 34 START
2020-03-05 00:50:31.140 2275 WARNING rally_openstack.scenarios.neutron.utils [-] Running this scenario without either the 'network' or 'existing_network' context is deprecated
2020-03-05 00:50:32.162 2305 RALLYDEBUG rally_openstack.wrappers.network [-] CIDR generated: 1.1.5.24/30
2020-03-05 00:50:32.192 2284 INFO rally.task.runner [-] Task f544de06-cff4-4707-aa39-2696ee609cd5 | ITER: 8 END: OK
2020-03-05 00:50:32.197 2284 INFO rally.task.runner [-] Task f544de06-cff4-4707-aa39-2696ee609cd5 | ITER: 35 START
2020-03-05 00:50:32.198 2284 WARNING rally_openstack.scenarios.neutron.utils [-] Running this scenario without either the 'network' or 'existing_network' context is deprecated
2020-03-05 00:50:32.456 2270 RALLYDEBUG rally_openstack.wrappers.network [-] CIDR generated: 1.1.5.28/30
2020-03-05 00:50:32.831 2271 INFO rally.task.runner [-] Task f544de06-cff4-4707-aa39-2696ee609cd5 | ITER: 3 END: OK
2020-03-05 00:50:32.836 2271 INFO rally.task.runner [-] Task f544de06-cff4-4707-aa39-2696ee609cd5 | ITER: 36 START
2020-03-05 00:50:32.837 2271 WARNING rally_openstack.scenarios.neutron.utils [-] Running this scenario without either the 'network' or 'existing_network' context is deprecated
2020-03-05 00:50:32.879 2320 INFO rally.task.runner [-] Task f544de06-cff4-4707-aa39-2696ee609cd5 | ITER: 20 END: OK
2020-03-05 00:50:32.884 2320 INFO rally.task.runner [-] Task f544de06-cff4-4707-aa39-2696ee609cd5 | ITER: 37 START
2020-03-05 00:50:32.884 2320 WARNING rally_openstack.scenarios.neutron.utils [-] Running this scenario without either the 'network' or 'existing_network' context is deprecated
2020-03-05 00:50:33.142 2309 INFO rally.task.runner [-] Task f544de06-cff4-4707-aa39-2696ee609cd5 | ITER: 17 END: OK
2020-03-05 00:50:33.147 2309 INFO rally.task.runner [-] Task f544de06-cff4-4707-aa39-2696ee609cd5 | ITER: 38 START
2020-03-05 00:50:33.148 2309 WARNING rally_openstack.scenarios.neutron.utils [-] Running this scenario without either the 'network' or 'existing_network' context is deprecated
2020-03-05 00:50:33.394 2279 INFO rally.task.runner [-] Task f544de06-cff4-4707-aa39-2696ee609cd5 | ITER: 7 END: OK
2020-03-05 00:50:33.395 2316 INFO rally.task.runner [-] Task f544de06-cff4-4707-aa39-2696ee609cd5 | ITER: 19 END: OK
2020-03-05 00:50:33.399 2279 INFO rally.task.runner [-] Task f544de06-cff4-4707-aa39-2696ee609cd5 | ITER: 39 START
2020-03-05 00:50:33.399 2279 WARNING rally_openstack.scenarios.neutron.utils [-] Running this scenario without either the 'network' or 'existing_network' context is deprecated
2020-03-05 00:50:33.401 2316 INFO rally.task.runner [-] Task f544de06-cff4-4707-aa39-2696ee609cd5 | ITER: 40 START
2020-03-05 00:50:33.401 2316 WARNING rally_openstack.scenarios.neutron.utils [-] Running this scenario without either the 'network' or 'existing_network' context is deprecated
2020-03-05 00:50:33.876 2299 RALLYDEBUG rally_openstack.wrappers.network [-] CIDR generated: 1.1.5.32/30
2020-03-05 00:50:34.554 2311 RALLYDEBUG rally_openstack.wrappers.network [-] CIDR generated: 1.1.5.36/30
2020-03-05 00:50:34.589 2285 RALLYDEBUG rally_openstack.wrappers.network [-] CIDR generated: 1.1.5.40/30
2020-03-05 00:50:34.747 2292 RALLYDEBUG rally_openstack.wrappers.network [-] CIDR generated: 1.1.5.44/30
2020-03-05 00:50:34.992 2272 RALLYDEBUG rally_openstack.wrappers.network [-] CIDR generated: 1.1.5.48/30
2020-03-05 00:50:35.079 2288 RALLYDEBUG rally_openstack.wrappers.network [-] CIDR generated: 1.1.5.52/30
2020-03-05 00:50:35.536 2275 RALLYDEBUG rally_openstack.wrappers.network [-] CIDR generated: 1.1.5.56/30
2020-03-05 00:50:35.559 2284 RALLYDEBUG rally_openstack.wrappers.network [-] CIDR generated: 1.1.5.60/30
2020-03-05 00:50:36.077 2271 RALLYDEBUG rally_openstack.wrappers.network [-] CIDR generated: 1.1.5.64/30
2020-03-05 00:50:36.202 2309 RALLYDEBUG rally_openstack.wrappers.network [-] CIDR generated: 1.1.5.68/30
2020-03-05 00:50:36.276 2320 RALLYDEBUG rally_openstack.wrappers.network [-] CIDR generated: 1.1.5.72/30
2020-03-05 00:50:36.360 2316 RALLYDEBUG rally_openstack.wrappers.network [-] CIDR generated: 1.1.5.76/30
2020-03-05 00:50:36.578 2294 RALLYDEBUG rally_openstack.wrappers.network [-] CIDR generated: 1.1.5.80/30
2020-03-05 00:50:36.607 2302 RALLYDEBUG rally_openstack.wrappers.network [-] CIDR generated: 1.1.5.84/30
2020-03-05 00:50:36.656 2273 RALLYDEBUG rally_openstack.wrappers.network [-] CIDR generated: 1.1.5.88/30
2020-03-05 00:50:36.839 2279 RALLYDEBUG rally_openstack.wrappers.network [-] CIDR generated: 1.1.5.92/30
2020-03-05 00:50:37.292 2308 RALLYDEBUG rally_openstack.wrappers.network [-] CIDR generated: 1.1.5.96/30
2020-03-05 00:50:37.936 2305 RALLYDEBUG rally_openstack.wrappers.network [-] CIDR generated: 1.1.5.100/30
2020-03-05 00:50:38.554 2269 RALLYDEBUG rally_openstack.wrappers.network [-] CIDR generated: 1.1.5.104/30
2020-03-05 00:50:38.783 2299 RALLYDEBUG rally_openstack.wrappers.network [-] CIDR generated: 1.1.5.108/30
2020-03-05 00:50:38.789 2270 RALLYDEBUG rally_openstack.wrappers.network [-] CIDR generated: 1.1.5.112/30
2020-03-05 00:50:39.077 2275 RALLYDEBUG rally_openstack.wrappers.network [-] CIDR generated: 1.1.5.116/30
2020-03-05 00:50:39.328 2284 RALLYDEBUG rally_openstack.wrappers.network [-] CIDR generated: 1.1.5.120/30
2020-03-05 00:50:39.466 2311 INFO rally.task.runner [-] Task f544de06-cff4-4707-aa39-2696ee609cd5 | ITER: 21 END: OK
2020-03-05 00:50:39.739 2272 RALLYDEBUG rally_openstack.wrappers.network [-] CIDR generated: 1.1.5.124/30
2020-03-05 00:50:39.980 2292 RALLYDEBUG rally_openstack.wrappers.network [-] CIDR generated: 1.1.5.128/30
2020-03-05 00:50:39.985 2288 RALLYDEBUG rally_openstack.wrappers.network [-] CIDR generated: 1.1.5.132/30
2020-03-05 00:50:40.012 2285 RALLYDEBUG rally_openstack.wrappers.network [-] CIDR generated: 1.1.5.136/30
2020-03-05 00:50:40.092 2316 RALLYDEBUG rally_openstack.wrappers.network [-] CIDR generated: 1.1.5.140/30
2020-03-05 00:50:40.264 2271 RALLYDEBUG rally_openstack.wrappers.network [-] CIDR generated: 1.1.5.144/30
2020-03-05 00:50:40.272 2320 RALLYDEBUG rally_openstack.wrappers.network [-] CIDR generated: 1.1.5.148/30
2020-03-05 00:50:40.455 2309 RALLYDEBUG rally_openstack.wrappers.network [-] CIDR generated: 1.1.5.152/30
2020-03-05 00:50:40.463 2279 RALLYDEBUG rally_openstack.wrappers.network [-] CIDR generated: 1.1.5.156/30
2020-03-05 00:50:41.579 2302 INFO rally.task.runner [-] Task f544de06-cff4-4707-aa39-2696ee609cd5 | ITER: 25 END: OK
2020-03-05 00:50:43.084 2308 INFO rally.task.runner [-] Task f544de06-cff4-4707-aa39-2696ee609cd5 | ITER: 22 END: OK
2020-03-05 00:50:43.435 2273 INFO rally.task.runner [-] Task f544de06-cff4-4707-aa39-2696ee609cd5 | ITER: 24 END: OK
2020-03-05 00:50:43.502 2294 INFO rally.task.runner [-] Task f544de06-cff4-4707-aa39-2696ee609cd5 | ITER: 23 END: OK
2020-03-05 00:50:43.521 2288 INFO rally.task.runner [-] Task f544de06-cff4-4707-aa39-2696ee609cd5 | ITER: 33 END: OK
2020-03-05 00:50:43.577 2284 INFO rally.task.runner [-] Task f544de06-cff4-4707-aa39-2696ee609cd5 | ITER: 35 END: OK
2020-03-05 00:50:43.581 2285 INFO rally.task.runner [-] Task f544de06-cff4-4707-aa39-2696ee609cd5 | ITER: 30 END: OK
2020-03-05 00:50:43.623 2316 INFO rally.task.runner [-] Task f544de06-cff4-4707-aa39-2696ee609cd5 | ITER: 40 END: OK
2020-03-05 00:50:43.867 2320 INFO rally.task.runner [-] Task f544de06-cff4-4707-aa39-2696ee609cd5 | ITER: 37 END: OK
2020-03-05 00:50:44.016 2270 INFO rally.task.runner [-] Task f544de06-cff4-4707-aa39-2696ee609cd5 | ITER: 28 END: OK
2020-03-05 00:50:44.118 2279 INFO rally.task.runner [-] Task f544de06-cff4-4707-aa39-2696ee609cd5 | ITER: 39 END: OK
2020-03-05 00:50:44.265 2269 INFO rally.task.runner [-] Task f544de06-cff4-4707-aa39-2696ee609cd5 | ITER: 27 END: OK
2020-03-05 00:50:44.374 2275 INFO rally.task.runner [-] Task f544de06-cff4-4707-aa39-2696ee609cd5 | ITER: 34 END: OK
2020-03-05 00:50:44.562 2305 INFO rally.task.runner [-] Task f544de06-cff4-4707-aa39-2696ee609cd5 | ITER: 26 END: OK
2020-03-05 00:50:44.567 2299 INFO rally.task.runner [-] Task f544de06-cff4-4707-aa39-2696ee609cd5 | ITER: 29 END: OK
2020-03-05 00:50:44.848 2272 INFO rally.task.runner [-] Task f544de06-cff4-4707-aa39-2696ee609cd5 | ITER: 32 END: OK
2020-03-05 00:50:44.947 2292 INFO rally.task.runner [-] Task f544de06-cff4-4707-aa39-2696ee609cd5 | ITER: 31 END: OK
2020-03-05 00:50:46.361 2271 INFO rally.task.runner [-] Task f544de06-cff4-4707-aa39-2696ee609cd5 | ITER: 36 END: OK
2020-03-05 00:50:46.406 2309 INFO rally.task.runner [-] Task f544de06-cff4-4707-aa39-2696ee609cd5 | ITER: 38 END: OK
2020-03-05 00:50:46.431 15 INFO rally.task.context [-] Task f544de06-cff4-4707-aa39-2696ee609cd5 | Context cleanup@openstack cleanup() started
2020-03-05 00:50:46.434 15 RALLYDEBUG rally_openstack.cleanup.manager [-] Cleaning up neutron vip objects
2020-03-05 00:50:46.617 15 RALLYDEBUG rally_openstack.cleanup.manager [-] Cleaning up neutron health_monitor objects
2020-03-05 00:50:46.770 15 RALLYDEBUG rally_openstack.cleanup.manager [-] Cleaning up neutron pool objects
2020-03-05 00:50:46.921 15 RALLYDEBUG rally_openstack.cleanup.manager [-] Cleaning up neutron loadbalancer objects
2020-03-05 00:50:47.073 15 RALLYDEBUG rally_openstack.cleanup.manager [-] Cleaning up neutron floatingip objects
2020-03-05 00:50:47.245 15 RALLYDEBUG rally_openstack.cleanup.manager [-] Cleaning up neutron trunk objects
2020-03-05 00:50:47.399 15 DEBUG neutronclient.v2_0.client [-] Error message: {"message": "The resource could not be found.

\n\n\n", "code": "404 Not Found", "title": "Not Found"} _handle_fault_response /usr/lib/python2.7/site-packages/neutronclient/v2_0/client.py:259
2020-03-05 00:50:47.408 15 RALLYDEBUG rally_openstack.cleanup.manager [-] Cleaning up neutron port objects
2020-03-05 00:50:47.717 15 RALLYDEBUG rally_openstack.cleanup.manager [-] Cleaning up neutron subnet objects
2020-03-05 00:50:47.917 15 RALLYDEBUG rally_openstack.cleanup.manager [-] Cleaning up neutron network objects
2020-03-05 00:50:48.384 15 RALLYDEBUG rally_openstack.cleanup.manager [-] Deleting neutron.network object s_rally_17cc5296_Xw7CAak9 (119be35e-929f-4934-a32a-a1b2de579073)
2020-03-05 00:50:48.387 15 RALLYDEBUG rally_openstack.cleanup.manager [-] Deleting neutron.network object s_rally_17cc5296_BWotK2hI (2bb40dd4-fb44-4e7d-8c83-7b1a387a153c)
2020-03-05 00:50:48.387 15 RALLYDEBUG rally_openstack.cleanup.manager [-] Deleting neutron.network object s_rally_17cc5296_1LqchLFA (078906d1-b643-4ca0-8ac2-dd0f88dea5b3)
2020-03-05 00:50:48.391 15 RALLYDEBUG rally_openstack.cleanup.manager [-] Deleting neutron.network object s_rally_17cc5296_v1cwKn3r (1c9057e4-38f7-44e0-ac1d-45f2a4a047ca)
2020-03-05 00:50:48.394 15 RALLYDEBUG rally_openstack.cleanup.manager [-] Deleting neutron.network object s_rally_17cc5296_5bcM5PLq (1da8271f-6a75-4236-b131-d135d9d080d2)
2020-03-05 00:50:48.398 15 RALLYDEBUG rally_openstack.cleanup.manager [-] Deleting neutron.network object s_rally_17cc5296_Pesdcah4 (1fc56352-cf5c-4ad2-b258-d6c26616d744)
2020-03-05 00:50:48.399 15 RALLYDEBUG rally_openstack.cleanup.manager [-] Deleting neutron.network object s_rally_17cc5296_ycfPpw2N (14a575a1-f1fb-46a5-9c21-1abd15b63e0a)
2020-03-05 00:50:48.411 15 RALLYDEBUG rally_openstack.cleanup.manager [-] Deleting neutron.network object s_rally_17cc5296_TugRWpcx (149ccefc-e95f-461a-9c8e-e4f3efd74f58)
2020-03-05 00:50:48.463 15 RALLYDEBUG rally_openstack.cleanup.manager [-] Deleting neutron.network object s_rally_17cc5296_MxAQaCZ2 (6676dca5-3122-4c87-9285-a1a0f63e527c)
2020-03-05 00:50:48.484 15 RALLYDEBUG rally_openstack.cleanup.manager [-] Deleting neutron.network object s_rally_17cc5296_AxCq0BrS (3892cd75-77bd-4a88-9a8c-c6146ca38d4a)
2020-03-05 00:50:48.490 15 RALLYDEBUG rally_openstack.cleanup.manager [-] Deleting neutron.network object s_rally_17cc5296_N7prPmWW (5f38bf8e-bfbb-49f6-b65d-eb02fadb1dcb)
2020-03-05 00:50:48.491 15 RALLYDEBUG rally_openstack.cleanup.manager [-] Deleting neutron.network object s_rally_17cc5296_ZaD3BdvU (6fad7afa-1dd7-461d-b3bf-d118301baaab)
2020-03-05 00:50:48.505 15 RALLYDEBUG rally_openstack.cleanup.manager [-] Deleting neutron.network object s_rally_17cc5296_aoLDxkzk (b77836ed-8c09-4e6b-a6f0-c290524ec19b)
2020-03-05 00:50:48.514 15 RALLYDEBUG rally_openstack.cleanup.manager [-] Deleting neutron.network object s_rally_17cc5296_2wFH8HZ9 (382fb4aa-9dae-49b5-8b8c-d2582f746319)
2020-03-05 00:50:48.517 15 RALLYDEBUG rally_openstack.cleanup.manager [-] Deleting neutron.network object s_rally_17cc5296_MVzo2tX5 (b457c161-6ae5-4892-afed-09241a150c9e)
2020-03-05 00:50:48.526 15 RALLYDEBUG rally_openstack.cleanup.manager [-] Deleting neutron.network object s_rally_17cc5296_3d8jUWvL (97d2363a-7855-49a7-8c8d-6868fcefcd57)
2020-03-05 00:50:48.530 15 RALLYDEBUG rally_openstack.cleanup.manager [-] Deleting neutron.network object s_rally_17cc5296_7izzmewo (b236e1ab-34fc-40e8-a8fe-7700022b4518)
2020-03-05 00:50:48.544 15 RALLYDEBUG rally_openstack.cleanup.manager [-] Deleting neutron.network object s_rally_17cc5296_sTnf4Jxa (755524d7-0275-44f6-9075-6619acbc8b73)
2020-03-05 00:50:48.550 15 RALLYDEBUG rally_openstack.cleanup.manager [-] Deleting neutron.network object s_rally_17cc5296_pse7skCI (71b2976e-7a9a-477d-a705-63ef12bc585b)
2020-03-05 00:50:48.621 15 RALLYDEBUG rally_openstack.cleanup.manager [-] Deleting neutron.network object s_rally_17cc5296_1rgIHJ1x (b7c9552c-78cb-47af-8237-8ac68977f612)
2020-03-05 00:50:50.591 15 RALLYDEBUG rally_openstack.cleanup.manager [-] Deleting neutron.network object s_rally_17cc5296_gSTih90k (c05c67b4-1f13-469e-8730-f5c60de02444)
2020-03-05 00:50:50.593 15 RALLYDEBUG rally_openstack.cleanup.manager [-] Deleting neutron.network object s_rally_17cc5296_c9x3I5Uo (c0fe30cc-2a36-4225-9589-c08bf85d8b9a)
2020-03-05 00:50:50.630 15 RALLYDEBUG rally_openstack.cleanup.manager [-] Deleting neutron.network object s_rally_17cc5296_oDWWkg2u (c17d6563-3e4d-405c-bcc7-d11e768f28b3)
2020-03-05 00:50:50.730 15 RALLYDEBUG rally_openstack.cleanup.manager [-] Deleting neutron.network object s_rally_17cc5296_J8PEMZ2H (c2f91924-1b1a-41eb-908d-ca792a600c8a)
2020-03-05 00:50:50.735 15 RALLYDEBUG rally_openstack.cleanup.manager [-] Deleting neutron.network object s_rally_17cc5296_YMYUKwEO (c6ca21a0-1838-4bde-b767-a45666f50c4e)
2020-03-05 00:50:51.420 15 RALLYDEBUG rally_openstack.cleanup.manager [-] Deleting neutron.network object s_rally_17cc5296_blhDFR4M (d111b4b8-0456-465c-99a0-604521ba504c)
2020-03-05 00:50:51.450 15 RALLYDEBUG rally_openstack.cleanup.manager [-] Deleting neutron.network object s_rally_17cc5296_rY4XUwmB (dac184f9-fdc0-475b-8ca8-323c90832bb5)
2020-03-05 00:50:51.514 15 RALLYDEBUG rally_openstack.cleanup.manager [-] Deleting neutron.network object s_rally_17cc5296_uTsySPnc (dac31f8b-df52-459a-931f-72b05b41e2d5)
2020-03-05 00:50:51.604 15 RALLYDEBUG rally_openstack.cleanup.manager [-] Deleting neutron.network object s_rally_17cc5296_r9OeUWmr (db10f3ad-5a77-4fc6-9807-439fff313f1b)
2020-03-05 00:50:51.836 15 RALLYDEBUG rally_openstack.cleanup.manager [-] Deleting neutron.network object s_rally_17cc5296_cZ3ndBYj (dbc86e13-7ec1-45ed-99a3-441c2242edaf)
2020-03-05 00:50:51.863 15 RALLYDEBUG rally_openstack.cleanup.manager [-] Deleting neutron.network object s_rally_17cc5296_t1s1K6fO (dff298ce-2de0-442d-a857-718011ad76be)
2020-03-05 00:50:52.315 15 RALLYDEBUG rally_openstack.cleanup.manager [-] Deleting neutron.network object s_rally_17cc5296_2yQZe3Zc (e417e765-f169-45c5-bf76-5ed7dd69890b)
2020-03-05 00:50:52.323 15 RALLYDEBUG rally_openstack.cleanup.manager [-] Deleting neutron.network object s_rally_17cc5296_rYssTyus (e4d87f17-3047-4408-bcd1-b9affa9f3d5d)
2020-03-05 00:50:52.374 15 RALLYDEBUG rally_openstack.cleanup.manager [-] Deleting neutron.network object s_rally_17cc5296_XdQlIqGe (e6116eda-d35a-4888-b755-643e1951dce2)
2020-03-05 00:50:52.422 15 RALLYDEBUG rally_openstack.cleanup.manager [-] Deleting neutron.network object s_rally_17cc5296_usfp4WXl (ea1af6aa-1c3b-42ba-9368-24811dd29a6e)
2020-03-05 00:50:52.429 15 RALLYDEBUG rally_openstack.cleanup.manager [-] Deleting neutron.network object s_rally_17cc5296_vt3aeup4 (ea72c6b5-038c-47d5-aeb7-3e344979f372)
2020-03-05 00:50:52.438 15 RALLYDEBUG rally_openstack.cleanup.manager [-] Deleting neutron.network object s_rally_17cc5296_OupKzf1r (ef98e2a7-d643-4649-8f06-62ce933b45ff)
2020-03-05 00:50:52.450 15 RALLYDEBUG rally_openstack.cleanup.manager [-] Deleting neutron.network object s_rally_17cc5296_osnWpfRq (fa7563a6-356d-4caf-a79d-30c843845649)
2020-03-05 00:50:52.469 15 RALLYDEBUG rally_openstack.cleanup.manager [-] Deleting neutron.network object s_rally_17cc5296_hXNu1i1N (fbfd6df8-08b7-4a22-90a7-26651cbfb39a)
2020-03-05 00:50:52.551 15 RALLYDEBUG rally_openstack.cleanup.manager [-] Deleting neutron.network object s_rally_17cc5296_ExfVNCSW (fdccf421-8fa3-491b-920b-546a773039d3)
2020-03-05 00:50:55.444 15 RALLYDEBUG rally_openstack.cleanup.manager [-] Cleaning up neutron router objects
2020-03-05 00:50:55.649 15 RALLYDEBUG rally_openstack.cleanup.manager [-] Cleaning up neutron security_group objects
2020-03-05 00:50:55.901 15 INFO rally.task.context [-] Task f544de06-cff4-4707-aa39-2696ee609cd5 | Context cleanup@openstack cleanup() finished in 9.47 sec
2020-03-05 00:50:55.901 15 INFO rally.task.context [-] Task f544de06-cff4-4707-aa39-2696ee609cd5 | Context quotas@openstack cleanup() started
2020-03-05 00:50:55.954 15 INFO rally.task.context [-] Task f544de06-cff4-4707-aa39-2696ee609cd5 | Context quotas@openstack cleanup() finished in 52.61 msec
2020-03-05 00:50:55.954 15 INFO rally.task.context [-] Task f544de06-cff4-4707-aa39-2696ee609cd5 | Context users@openstack cleanup() started
2020-03-05 00:50:57.466 15 INFO rally.task.context [-] Task f544de06-cff4-4707-aa39-2696ee609cd5 | Context users@openstack cleanup() finished in 1.51 sec
2020-03-05 00:50:57.985 15 INFO rally.task.engine [-] Load duration is: 29.243531
2020-03-05 00:50:57.985 15 INFO rally.task.engine [-] Full runner duration is: 29.294899
2020-03-05 00:50:57.986 15 INFO rally.task.engine [-] Full duration is: 41.668913
2020-03-05 00:50:58.072 15 INFO rally.task.engine [-] Running workload: position = 0 config = { "version": 2, "title": "A cropped version of a bigger task.", "description": "Auto-generated task from a single workload (uuid=da99570e-bf74-40ba-b99c-79f6ed6d2822)", "subtasks": [ { "title": "NeutronNetworks.create_and_list_routers", "description": "Create and a given number of routers and list all routers.", "scenario": { "NeutronNetworks.create_and_list_routers": { "network_create_args": null, "subnet_create_args": null, "subnet_cidr_start": "1.1.0.0/30", "subnets_per_network": 2, "router_create_args": null } }, "contexts": { "users": { "tenants": 1, "users_per_tenant": 1 }, "quotas": { "neutron": { "network": -1, "subnet": -1, "router": -1 } } }, "runner": { "constant": { "times": 40, "concurrency": 20 } }, "hooks": [], "sla": { "failure_rate": { "max": 0 } } } ] }
2020-03-05 00:50:58.098 15 RALLYDEBUG rally_openstack.contexts.keystone.users [-] Creating 1 tenants using 20 threads
2020-03-05 00:50:58.553 15 RALLYDEBUG rally_openstack.contexts.keystone.users [-] Creating 1 users using 20 threads
2020-03-05 00:50:58.982 15 INFO rally.task.context [-] Task f544de06-cff4-4707-aa39-2696ee609cd5 | Context users@openstack setup() finished in 0.88 sec
2020-03-05 00:50:59.332 15 INFO rally.task.context [-] Task f544de06-cff4-4707-aa39-2696ee609cd5 | Context quotas@openstack setup() finished in 0.35 sec
2020-03-05 00:50:59.332 15 INFO rally.task.context [-] Task f544de06-cff4-4707-aa39-2696ee609cd5 | Context cleanup@openstack setup() finished in 0.01 msec
2020-03-05 00:50:59.341 15 RALLYDEBUG rally.task.runner [-] Starting the constant runner (task UUID: f544de06-cff4-4707-aa39-2696ee609cd5). timeout: 0 concurrency: 20 concurrency_per_worker: 1 times: 40 concurrency_overhead: 0 processes_to_start: 20 max_cpu_used: 88
2020-03-05 00:50:59.355 2671 RALLYDEBUG rally.task.runner [-] Starting a worker. concurrency: 1 args: {"network_create_args": null, "subnet_create_args": null, "subnet_cidr_start": "1.1.0.0/30", "subnets_per_network": 2, "router_create_args": null} times: 40 method_name: run timeout: 0 duration: None cls:
2020-03-05 00:50:59.358 2672 RALLYDEBUG rally.task.runner [-] Starting a worker. concurrency: 1 args: {"network_create_args": null, "subnet_create_args": null, "subnet_cidr_start": "1.1.0.0/30", "subnets_per_network": 2, "router_create_args": null} times: 40 method_name: run timeout: 0 duration: None cls:
2020-03-05 00:50:59.360 2673 RALLYDEBUG rally.task.runner [-] Starting a worker. concurrency: 1 args: {"network_create_args": null, "subnet_create_args": null, "subnet_cidr_start": "1.1.0.0/30", "subnets_per_network": 2, "router_create_args": null} times: 40 method_name: run timeout: 0 duration: None cls:
2020-03-05 00:50:59.361 2671 INFO rally.task.runner [-] Task f544de06-cff4-4707-aa39-2696ee609cd5 | ITER: 1 START
2020-03-05 00:50:59.363 2674 RALLYDEBUG rally.task.runner [-] Starting a worker. concurrency: 1 args: {"network_create_args": null, "subnet_create_args": null, "subnet_cidr_start": "1.1.0.0/30", "subnets_per_network": 2, "router_create_args": null} times: 40 method_name: run timeout: 0 duration: None cls:
2020-03-05 00:50:59.365 2672 INFO rally.task.runner [-] Task f544de06-cff4-4707-aa39-2696ee609cd5 | ITER: 2 START
2020-03-05 00:50:59.366 2673 INFO rally.task.runner [-] Task f544de06-cff4-4707-aa39-2696ee609cd5 | ITER: 3 START
2020-03-05 00:50:59.366 2675 RALLYDEBUG rally.task.runner [-] Starting a worker. concurrency: 1 args: {"network_create_args": null, "subnet_create_args": null, "subnet_cidr_start": "1.1.0.0/30", "subnets_per_network": 2, "router_create_args": null} times: 40 method_name: run timeout: 0 duration: None cls:
2020-03-05 00:50:59.369 2678 RALLYDEBUG rally.task.runner [-] Starting a worker. concurrency: 1 args: {"network_create_args": null, "subnet_create_args": null, "subnet_cidr_start": "1.1.0.0/30", "subnets_per_network": 2, "router_create_args": null} times: 40 method_name: run timeout: 0 duration: None cls:
2020-03-05 00:50:59.372 2675 INFO rally.task.runner [-] Task f544de06-cff4-4707-aa39-2696ee609cd5 | ITER: 5 START
2020-03-05 00:50:59.372 2681 RALLYDEBUG rally.task.runner [-] Starting a worker. concurrency: 1 args: {"network_create_args": null, "subnet_create_args": null, "subnet_cidr_start": "1.1.0.0/30", "subnets_per_network": 2, "router_create_args": null} times: 40 method_name: run timeout: 0 duration: None cls:
2020-03-05 00:50:59.375 2678 INFO rally.task.runner [-] Task f544de06-cff4-4707-aa39-2696ee609cd5 | ITER: 6 START
2020-03-05 00:50:59.375 2684 RALLYDEBUG rally.task.runner [-] Starting a worker. concurrency: 1 args: {"network_create_args": null, "subnet_create_args": null, "subnet_cidr_start": "1.1.0.0/30", "subnets_per_network": 2, "router_create_args": null} times: 40 method_name: run timeout: 0 duration: None cls:
2020-03-05 00:50:59.378 2674 INFO rally.task.runner [-] Task f544de06-cff4-4707-aa39-2696ee609cd5 | ITER: 4 START
2020-03-05 00:50:59.378 2686 RALLYDEBUG rally.task.runner [-] Starting a worker. concurrency: 1 args: {"network_create_args": null, "subnet_create_args": null, "subnet_cidr_start": "1.1.0.0/30", "subnets_per_network": 2, "router_create_args": null} times: 40 method_name: run timeout: 0 duration: None cls:
2020-03-05 00:50:59.379 2681 INFO rally.task.runner [-] Task f544de06-cff4-4707-aa39-2696ee609cd5 | ITER: 7 START
2020-03-05 00:50:59.381 2684 INFO rally.task.runner [-] Task f544de06-cff4-4707-aa39-2696ee609cd5 | ITER: 8 START
2020-03-05 00:50:59.381 2689 RALLYDEBUG rally.task.runner [-] Starting a worker. concurrency: 1 args: {"network_create_args": null, "subnet_create_args": null, "subnet_cidr_start": "1.1.0.0/30", "subnets_per_network": 2, "router_create_args": null} times: 40 method_name: run timeout: 0 duration: None cls:
2020-03-05 00:50:59.384 2686 INFO rally.task.runner [-] Task f544de06-cff4-4707-aa39-2696ee609cd5 | ITER: 9 START
2020-03-05 00:50:59.383 2692 RALLYDEBUG rally.task.runner [-] Starting a worker. concurrency: 1 args: {"network_create_args": null, "subnet_create_args": null, "subnet_cidr_start": "1.1.0.0/30", "subnets_per_network": 2, "router_create_args": null} times: 40 method_name: run timeout: 0 duration: None cls:
2020-03-05 00:50:59.387 2689 INFO rally.task.runner [-] Task f544de06-cff4-4707-aa39-2696ee609cd5 | ITER: 10 START
2020-03-05 00:50:59.387 2696 RALLYDEBUG rally.task.runner [-] Starting a worker. concurrency: 1 args: {"network_create_args": null, "subnet_create_args": null, "subnet_cidr_start": "1.1.0.0/30", "subnets_per_network": 2, "router_create_args": null} times: 40 method_name: run timeout: 0 duration: None cls:
2020-03-05 00:50:59.389 2692 INFO rally.task.runner [-] Task f544de06-cff4-4707-aa39-2696ee609cd5 | ITER: 11 START
2020-03-05 00:50:59.392 2701 RALLYDEBUG rally.task.runner [-] Starting a worker. concurrency: 1 args: {"network_create_args": null, "subnet_create_args": null, "subnet_cidr_start": "1.1.0.0/30", "subnets_per_network": 2, "router_create_args": null} times: 40 method_name: run timeout: 0 duration: None cls:
2020-03-05 00:50:59.394 2696 INFO rally.task.runner [-] Task f544de06-cff4-4707-aa39-2696ee609cd5 | ITER: 12 START
2020-03-05 00:50:59.396 2704 RALLYDEBUG rally.task.runner [-] Starting a worker. concurrency: 1 args: {"network_create_args": null, "subnet_create_args": null, "subnet_cidr_start": "1.1.0.0/30", "subnets_per_network": 2, "router_create_args": null} times: 40 method_name: run timeout: 0 duration: None cls:
2020-03-05 00:50:59.398 2701 INFO rally.task.runner [-] Task f544de06-cff4-4707-aa39-2696ee609cd5 | ITER: 13 START
2020-03-05 00:50:59.399 2707 RALLYDEBUG rally.task.runner [-] Starting a worker. concurrency: 1 args: {"network_create_args": null, "subnet_create_args": null, "subnet_cidr_start": "1.1.0.0/30", "subnets_per_network": 2, "router_create_args": null} times: 40 method_name: run timeout: 0 duration: None cls:
2020-03-05 00:50:59.401 2704 INFO rally.task.runner [-] Task f544de06-cff4-4707-aa39-2696ee609cd5 | ITER: 14 START
