2020-03-05 00:45:05.862 6 RALLYDEBUG rally.api [-] INFO logs from urllib3 and requests module are hide.
2020-03-05 00:45:05.863 6 RALLYDEBUG rally.api [-] urllib3 insecure warnings are hidden.
2020-03-05 00:45:05.863 6 RALLYDEBUG rally.api [-] ERROR log from boto module is hide.
2020-03-05 00:45:07.375 6 ERROR rally.cli.cliutils [-] Unexpected exception in CLI: DBRecordNotFound: Record for uuid or name is opnfv-rally not found in table envs
2020-03-05 00:45:07.375 6 ERROR rally.cli.cliutils
Traceback (most recent call last):
2020-03-05 00:45:07.375 6 ERROR rally.cli.cliutils
File "/usr/lib/python2.7/site-packages/rally/cli/cliutils.py", line 674, in run
2020-03-05 00:45:07.375 6 ERROR rally.cli.cliutils ret = fn(*fn_args, **fn_kwargs)
2020-03-05 00:45:07.375 6 ERROR rally.cli.cliutils File "", line 2, in destroy
2020-03-05 00:45:07.375 6 ERROR rally.cli.cliutils
File "/usr/lib/python2.7/site-packages/rally/cli/envutils.py", line 68, in default_from_global
2020-03-05 00:45:07.375 6 ERROR rally.cli.cliutils return f(*args, **kwargs)
2020-03-05 00:45:07.375 6 ERROR rally.cli.cliutils File "", line 2, in destroy
2020-03-05 00:45:07.375 6 ERROR rally.cli.cliutils
File "/usr/lib/python2.7/site-packages/rally/plugins/__init__.py", line 51, in ensure_plugins_are_loaded
2020-03-05 00:45:07.375 6 ERROR rally.cli.cliutils return f(*args, **kwargs)
2020-03-05 00:45:07.375 6 ERROR rally.cli.cliutils
File "/usr/lib/python2.7/site-packages/rally/cli/commands/deployment.py", line 157, in destroy
2020-03-05 00:45:07.375 6 ERROR rally.cli.cliutils api.deployment.destroy(deployment=deployment)
2020-03-05 00:45:07.375 6 ERROR rally.cli.cliutils
File "/usr/lib/python2.7/site-packages/rally/api.py", line 115, in destroy
2020-03-05 00:45:07.375 6 ERROR rally.cli.cliutils deploy = objects.Deployment.get(deployment)
2020-03-05 00:45:07.375 6 ERROR rally.cli.cliutils
File "/usr/lib/python2.7/site-packages/rally/common/objects/deploy.py", line 124, in get
2020-03-05 00:45:07.375 6 ERROR rally.cli.cliutils return Deployment(env_mgr.EnvManager.get(deploy))
2020-03-05 00:45:07.375 6 ERROR rally.cli.cliutils
File "/usr/lib/python2.7/site-packages/rally/env/env_mgr.py", line 212, in get
2020-03-05 00:45:07.375 6 ERROR rally.cli.cliutils return cls(db.env_get(uuid_or_name))
2020-03-05 00:45:07.375 6 ERROR rally.cli.cliutils
File "/usr/lib/python2.7/site-packages/rally/common/db/api.py", line 135, in wrapper
2020-03-05 00:45:07.375 6 ERROR rally.cli.cliutils result = f(session, *args, **kwargs)
2020-03-05 00:45:07.375 6 ERROR rally.cli.cliutils
File "/usr/lib/python2.7/site-packages/rally/common/db/api.py", line 521, in env_get
2020-03-05 00:45:07.375 6 ERROR rally.cli.cliutils criteria="uuid or name is %s" % uuid_or_name, table="envs")
2020-03-05 00:45:07.375 6 ERROR rally.cli.cliutils DBRecordNotFound: Record for uuid or name is opnfv-rally not found in table envs
2020-03-05 00:45:07.375 6 ERROR rally.cli.cliutils
2020-03-05 00:45:08.332 8 RALLYDEBUG rally.api [-] INFO logs from urllib3 and requests module are hide.
2020-03-05 00:45:08.332 8 RALLYDEBUG rally.api [-] urllib3 insecure warnings are hidden.
2020-03-05 00:45:08.333 8 RALLYDEBUG rally.api [-] ERROR log from boto module is hide.
2020-03-05 00:45:10.446 10 RALLYDEBUG rally.api [-] INFO logs from urllib3 and requests module are hide.
2020-03-05 00:45:10.446 10 RALLYDEBUG rally.api [-] urllib3 insecure warnings are hidden.
2020-03-05 00:45:10.446 10 RALLYDEBUG rally.api [-] ERROR log from boto module is hide.
2020-03-05 00:45:13.554 13 RALLYDEBUG rally.api [-] INFO logs from urllib3 and requests module are hide.
2020-03-05 00:45:13.554 13 RALLYDEBUG rally.api [-] urllib3 insecure warnings are hidden.
2020-03-05 00:45:13.554 13 RALLYDEBUG rally.api [-] ERROR log from boto module is hide.
2020-03-05 00:45:15.349 15 RALLYDEBUG rally.api [-] INFO logs from urllib3 and requests module are hide.
2020-03-05 00:45:15.350 15 RALLYDEBUG rally.api [-] urllib3 insecure warnings are hidden.
2020-03-05 00:45:15.350 15 RALLYDEBUG rally.api [-] ERROR log from boto module is hide.
2020-03-05 00:45:16.708 15 INFO rally.common.plugin.discover [-] Loading plugins from directories /root/.rally/plugins/*
2020-03-05 00:45:16.708 15 INFO rally.common.plugin.discover [-] Loaded module with plugins: /root/.rally/plugins/__init__.py
2020-03-05 00:45:16.711 15 INFO rally.common.plugin.discover [-] Loaded module with plugins: /root/.rally/plugins/trunk_scenario.py
2020-03-05 00:45:16.850 15 INFO rally.task.engine [-] Task f544de06-cff4-4707-aa39-2696ee609cd5 | Starting: Task validation.
2020-03-05 00:45:16.854 15 INFO rally.task.engine [-] Task f544de06-cff4-4707-aa39-2696ee609cd5 | Starting: Task validation of syntax.
2020-03-05 00:45:17.002 15 INFO rally.task.engine [-] Task f544de06-cff4-4707-aa39-2696ee609cd5 | Completed: Task validation of syntax.
2020-03-05 00:45:17.002 15 INFO rally.task.engine [-] Task f544de06-cff4-4707-aa39-2696ee609cd5 | Starting: Task validation of required platforms.
2020-03-05 00:45:17.069 15 INFO rally.task.engine [-] Task f544de06-cff4-4707-aa39-2696ee609cd5 | Completed: Task validation of required platforms.
2020-03-05 00:45:17.069 15 INFO rally.task.engine [-] Task f544de06-cff4-4707-aa39-2696ee609cd5 | Starting: Task validation of semantic.
2020-03-05 00:45:17.070 15 INFO rally.task.engine [-] Check health of the environment 'ce964a8b-27a7-44f5-8250-4989cf655dd5'.
2020-03-05 00:45:17.554 15 INFO rally.task.engine [-] Platform existing@openstack (available: True): OK!
2020-03-05 00:45:17.576 15 RALLYDEBUG rally_openstack.contexts.keystone.users [-] Creating 1 tenants using 20 threads
2020-03-05 00:45:18.023 15 RALLYDEBUG rally_openstack.contexts.keystone.users [-] Creating 1 users using 20 threads
2020-03-05 00:45:18.519 15 INFO rally.task.context [-] Task f544de06-cff4-4707-aa39-2696ee609cd5 | Context users@openstack setup() finished in 0.94 sec
2020-03-05 00:45:19.855 15 INFO rally.task.context [-] Task f544de06-cff4-4707-aa39-2696ee609cd5 | Context users@openstack cleanup() started
2020-03-05 00:45:21.690 15 INFO rally.task.context [-] Task f544de06-cff4-4707-aa39-2696ee609cd5 | Context users@openstack cleanup() finished in 1.84 sec
2020-03-05 00:45:21.691 15 INFO rally.task.engine [-] Task f544de06-cff4-4707-aa39-2696ee609cd5 | Completed: Task validation of semantic.
2020-03-05 00:45:21.691 15 INFO rally.task.engine [-] Task f544de06-cff4-4707-aa39-2696ee609cd5 | Completed: Task validation.
2020-03-05 00:45:21.691 15 INFO rally.api [-] Task f544de06-cff4-4707-aa39-2696ee609cd5 input file is valid.
2020-03-05 00:45:21.692 15 INFO rally.api [-] Run Task f544de06-cff4-4707-aa39-2696ee609cd5 against Deployment ce964a8b-27a7-44f5-8250-4989cf655dd5
2020-03-05 00:45:21.692 15 INFO rally.task.engine [-] Task f544de06-cff4-4707-aa39-2696ee609cd5 | Starting: Running task.
2020-03-05 00:45:21.729 15 INFO rally.task.engine [-] Running workload: position = 0 config = { "version": 2, "title": "A cropped version of a bigger task.", "description": "Auto-generated task from a single workload (uuid=51164c67-0ef5-490e-8e3c-58a62b8be3c2)", "subtasks": [ { "title": "NeutronNetworks.create_and_list_networks", "description": "Check performance of list_networks action and ensure > network quotas are not exceeded", "scenario": { "NeutronNetworks.create_and_list_networks": {} }, "contexts": { "users": { "tenants": 1, "users_per_tenant": 1 }, "quotas": { "neutron": { "network": 119 } } }, "runner": { "constant": { "times": 100, "concurrency": 20 } }, "hooks": [], "sla": { "max_avg_duration_per_atomic": { "neutron.list_networks": 15 }, "failure_rate": { "max": 0 } } } ] }
2020-03-05 00:45:21.752 15 RALLYDEBUG rally_openstack.contexts.keystone.users [-] Creating 1 tenants using 20 threads
2020-03-05 00:45:22.070 15 RALLYDEBUG rally_openstack.contexts.keystone.users [-] Creating 1 users using 20 threads
2020-03-05 00:45:22.531 15 INFO rally.task.context [-] Task f544de06-cff4-4707-aa39-2696ee609cd5 | Context users@openstack setup() finished in 0.78 sec
2020-03-05 00:45:23.138 15 INFO rally.task.context [-] Task f544de06-cff4-4707-aa39-2696ee609cd5 | Context quotas@openstack setup() finished in 0.61 sec
2020-03-05 00:45:23.139 15 INFO rally.task.context [-] Task f544de06-cff4-4707-aa39-2696ee609cd5 | Context cleanup@openstack setup() finished in 0.02 msec
2020-03-05 00:45:23.148 15 RALLYDEBUG rally.task.runner [-] Starting the constant runner (task UUID: f544de06-cff4-4707-aa39-2696ee609cd5). timeout: 0 concurrency: 20 concurrency_per_worker: 1 times: 100 concurrency_overhead: 0 processes_to_start: 20 max_cpu_used: 88
2020-03-05 00:45:23.160 139 RALLYDEBUG rally.task.runner [-] Starting a worker. concurrency: 1 args: {} times: 100 method_name: run timeout: 0 duration: None cls:
2020-03-05 00:45:23.165 140 RALLYDEBUG rally.task.runner [-] Starting a worker. concurrency: 1 args: {} times: 100 method_name: run timeout: 0 duration: None cls:
2020-03-05 00:45:23.168 141 RALLYDEBUG rally.task.runner [-] Starting a worker. concurrency: 1 args: {} times: 100 method_name: run timeout: 0 duration: None cls:
2020-03-05 00:45:23.171 140 INFO rally.task.runner [-] Task f544de06-cff4-4707-aa39-2696ee609cd5 | ITER: 2 START
2020-03-05 00:45:23.172 143 RALLYDEBUG rally.task.runner [-] Starting a worker. concurrency: 1 args: {} times: 100 method_name: run timeout: 0 duration: None cls:
2020-03-05 00:45:23.173 139 INFO rally.task.runner [-] Task f544de06-cff4-4707-aa39-2696ee609cd5 | ITER: 1 START
2020-03-05 00:45:23.174 144 RALLYDEBUG rally.task.runner [-] Starting a worker. concurrency: 1 args: {} times: 100 method_name: run timeout: 0 duration: None cls:
2020-03-05 00:45:23.178 147 RALLYDEBUG rally.task.runner [-] Starting a worker. concurrency: 1 args: {} times: 100 method_name: run timeout: 0 duration: None cls:
2020-03-05 00:45:23.179 143 INFO rally.task.runner [-] Task f544de06-cff4-4707-aa39-2696ee609cd5 | ITER: 4 START
2020-03-05 00:45:23.179 141 INFO rally.task.runner [-] Task f544de06-cff4-4707-aa39-2696ee609cd5 | ITER: 3 START
2020-03-05 00:45:23.181 150 RALLYDEBUG rally.task.runner [-] Starting a worker. concurrency: 1 args: {} times: 100 method_name: run timeout: 0 duration: None cls:
2020-03-05 00:45:23.183 147 INFO rally.task.runner [-] Task f544de06-cff4-4707-aa39-2696ee609cd5 | ITER: 6 START
2020-03-05 00:45:23.184 154 RALLYDEBUG rally.task.runner [-] Starting a worker. concurrency: 1 args: {} times: 100 method_name: run timeout: 0 duration: None cls:
2020-03-05 00:45:23.186 150 INFO rally.task.runner [-] Task f544de06-cff4-4707-aa39-2696ee609cd5 | ITER: 7 START
2020-03-05 00:45:23.187 156 RALLYDEBUG rally.task.runner [-] Starting a worker. concurrency: 1 args: {} times: 100 method_name: run timeout: 0 duration: None cls:
2020-03-05 00:45:23.190 144 INFO rally.task.runner [-] Task f544de06-cff4-4707-aa39-2696ee609cd5 | ITER: 5 START
2020-03-05 00:45:23.190 159 RALLYDEBUG rally.task.runner [-] Starting a worker. concurrency: 1 args: {} times: 100 method_name: run timeout: 0 duration: None cls:
2020-03-05 00:45:23.191 154 INFO rally.task.runner [-] Task f544de06-cff4-4707-aa39-2696ee609cd5 | ITER: 8 START
2020-03-05 00:45:23.193 156 INFO rally.task.runner [-] Task f544de06-cff4-4707-aa39-2696ee609cd5 | ITER: 9 START
2020-03-05 00:45:23.193 162 RALLYDEBUG rally.task.runner [-] Starting a worker. concurrency: 1 args: {} times: 100 method_name: run timeout: 0 duration: None cls:
2020-03-05 00:45:23.195 159 INFO rally.task.runner [-] Task f544de06-cff4-4707-aa39-2696ee609cd5 | ITER: 10 START
2020-03-05 00:45:23.198 162 INFO rally.task.runner [-] Task f544de06-cff4-4707-aa39-2696ee609cd5 | ITER: 11 START
2020-03-05 00:45:23.199 169 RALLYDEBUG rally.task.runner [-] Starting a worker. concurrency: 1 args: {} times: 100 method_name: run timeout: 0 duration: None cls:
2020-03-05 00:45:23.202 172 RALLYDEBUG rally.task.runner [-] Starting a worker. concurrency: 1 args: {} times: 100 method_name: run timeout: 0 duration: None cls:
2020-03-05 00:45:23.202 166 RALLYDEBUG rally.task.runner [-] Starting a worker. concurrency: 1 args: {} times: 100 method_name: run timeout: 0 duration: None cls:
2020-03-05 00:45:23.204 169 INFO rally.task.runner [-] Task f544de06-cff4-4707-aa39-2696ee609cd5 | ITER: 12 START
2020-03-05 00:45:23.207 166 INFO rally.task.runner [-] Task f544de06-cff4-4707-aa39-2696ee609cd5 | ITER: 14 START
2020-03-05 00:45:23.207 172 INFO rally.task.runner [-] Task f544de06-cff4-4707-aa39-2696ee609cd5 | ITER: 13 START
2020-03-05 00:45:23.208 175 RALLYDEBUG rally.task.runner [-] Starting a worker. concurrency: 1 args: {} times: 100 method_name: run timeout: 0 duration: None cls:
2020-03-05 00:45:23.213 184 RALLYDEBUG rally.task.runner [-] Starting a worker. concurrency: 1 args: {} times: 100 method_name: run timeout: 0 duration: None cls:
2020-03-05 00:45:23.214 176 RALLYDEBUG rally.task.runner [-] Starting a worker. concurrency: 1 args: {} times: 100 method_name: run timeout: 0 duration: None cls:
2020-03-05 00:45:23.215 185 RALLYDEBUG rally.task.runner [-] Starting a worker. concurrency: 1 args: {} times: 100 method_name: run timeout: 0 duration: None cls:
2020-03-05 00:45:23.217 175 INFO rally.task.runner [-] Task f544de06-cff4-4707-aa39-2696ee609cd5 | ITER: 15 START
2020-03-05 00:45:23.216 179 RALLYDEBUG rally.task.runner [-] Starting a worker. concurrency: 1 args: {} times: 100 method_name: run timeout: 0 duration: None cls:
2020-03-05 00:45:23.218 188 RALLYDEBUG rally.task.runner [-] Starting a worker. concurrency: 1 args: {} times: 100 method_name: run timeout: 0 duration: None cls:
2020-03-05 00:45:23.220 184 INFO rally.task.runner [-] Task f544de06-cff4-4707-aa39-2696ee609cd5 | ITER: 16 START
2020-03-05 00:45:23.221 176 INFO rally.task.runner [-] Task f544de06-cff4-4707-aa39-2696ee609cd5 | ITER: 17 START
2020-03-05 00:45:23.222 185 INFO rally.task.runner [-] Task f544de06-cff4-4707-aa39-2696ee609cd5 | ITER: 18 START
2020-03-05 00:45:23.224 179 INFO rally.task.runner [-] Task f544de06-cff4-4707-aa39-2696ee609cd5 | ITER: 19 START
2020-03-05 00:45:23.227 188 INFO rally.task.runner [-] Task f544de06-cff4-4707-aa39-2696ee609cd5 | ITER: 20 START
2020-03-05 00:45:25.012 143 INFO rally.task.runner [-] Task f544de06-cff4-4707-aa39-2696ee609cd5 | ITER: 4 END: OK
2020-03-05 00:45:25.017 143 INFO rally.task.runner [-] Task f544de06-cff4-4707-aa39-2696ee609cd5 | ITER: 21 START
2020-03-05 00:45:25.544 166 INFO rally.task.runner [-] Task f544de06-cff4-4707-aa39-2696ee609cd5 | ITER: 14 END: OK
2020-03-05 00:45:25.549 166 INFO rally.task.runner [-] Task f544de06-cff4-4707-aa39-2696ee609cd5 | ITER: 22 START
2020-03-05 00:45:25.721 159 INFO rally.task.runner [-] Task f544de06-cff4-4707-aa39-2696ee609cd5 | ITER: 10 END: OK
2020-03-05 00:45:25.726 159 INFO rally.task.runner [-] Task f544de06-cff4-4707-aa39-2696ee609cd5 | ITER: 23 START
2020-03-05 00:45:25.764 184 INFO rally.task.runner [-] Task f544de06-cff4-4707-aa39-2696ee609cd5 | ITER: 16 END: OK
2020-03-05 00:45:25.768 184 INFO rally.task.runner [-] Task f544de06-cff4-4707-aa39-2696ee609cd5 | ITER: 24 START
2020-03-05 00:45:27.338 140 INFO rally.task.runner [-] Task f544de06-cff4-4707-aa39-2696ee609cd5 | ITER: 2 END: OK
2020-03-05 00:45:27.343 162 INFO rally.task.runner [-] Task f544de06-cff4-4707-aa39-2696ee609cd5 | ITER: 11 END: OK
2020-03-05 00:45:27.343 140 INFO rally.task.runner [-] Task f544de06-cff4-4707-aa39-2696ee609cd5 | ITER: 25 START
2020-03-05 00:45:27.347 176 INFO rally.task.runner [-] Task f544de06-cff4-4707-aa39-2696ee609cd5 | ITER: 17 END: OK
2020-03-05 00:45:27.347 162 INFO rally.task.runner [-] Task f544de06-cff4-4707-aa39-2696ee609cd5 | ITER: 26 START
2020-03-05 00:45:27.350 176 INFO rally.task.runner [-] Task f544de06-cff4-4707-aa39-2696ee609cd5 | ITER: 27 START
2020-03-05 00:45:27.366 154 INFO rally.task.runner [-] Task f544de06-cff4-4707-aa39-2696ee609cd5 | ITER: 8 END: OK
2020-03-05 00:45:27.368 156 INFO rally.task.runner [-] Task f544de06-cff4-4707-aa39-2696ee609cd5 | ITER: 9 END: OK
2020-03-05 00:45:27.370 188 INFO rally.task.runner [-] Task f544de06-cff4-4707-aa39-2696ee609cd5 | ITER: 20 END: OK
2020-03-05 00:45:27.370 154 INFO rally.task.runner [-] Task f544de06-cff4-4707-aa39-2696ee609cd5 | ITER: 28 START
2020-03-05 00:45:27.373 156 INFO rally.task.runner [-] Task f544de06-cff4-4707-aa39-2696ee609cd5 | ITER: 29 START
2020-03-05 00:45:27.377 188 INFO rally.task.runner [-] Task f544de06-cff4-4707-aa39-2696ee609cd5 | ITER: 30 START
2020-03-05 00:45:27.387 144 INFO rally.task.runner [-] Task f544de06-cff4-4707-aa39-2696ee609cd5 | ITER: 5 END: OK
2020-03-05 00:45:27.392 144 INFO rally.task.runner [-] Task f544de06-cff4-4707-aa39-2696ee609cd5 | ITER: 31 START
2020-03-05 00:45:27.489 139 INFO rally.task.runner [-] Task f544de06-cff4-4707-aa39-2696ee609cd5 | ITER: 1 END: OK
2020-03-05 00:45:27.493 139 INFO rally.task.runner [-] Task f544de06-cff4-4707-aa39-2696ee609cd5 | ITER: 32 START
2020-03-05 00:45:27.561 150 INFO rally.task.runner [-] Task f544de06-cff4-4707-aa39-2696ee609cd5 | ITER: 7 END: OK
2020-03-05 00:45:27.565 150 INFO rally.task.runner [-] Task f544de06-cff4-4707-aa39-2696ee609cd5 | ITER: 33 START
2020-03-05 00:45:27.636 141 INFO rally.task.runner [-] Task f544de06-cff4-4707-aa39-2696ee609cd5 | ITER: 3 END: OK
2020-03-05 00:45:27.640 141 INFO rally.task.runner [-] Task f544de06-cff4-4707-aa39-2696ee609cd5 | ITER: 34 START
2020-03-05 00:45:27.687 185 INFO rally.task.runner [-] Task f544de06-cff4-4707-aa39-2696ee609cd5 | ITER: 18 END: OK
2020-03-05 00:45:27.692 185 INFO rally.task.runner [-] Task f544de06-cff4-4707-aa39-2696ee609cd5 | ITER: 35 START
2020-03-05 00:45:27.730 169 INFO rally.task.runner [-] Task f544de06-cff4-4707-aa39-2696ee609cd5 | ITER: 12 END: OK
2020-03-05 00:45:27.735 169 INFO rally.task.runner [-] Task f544de06-cff4-4707-aa39-2696ee609cd5 | ITER: 36 START
2020-03-05 00:45:27.741 175 INFO rally.task.runner [-] Task f544de06-cff4-4707-aa39-2696ee609cd5 | ITER: 15 END: OK
2020-03-05 00:45:27.746 175 INFO rally.task.runner [-] Task f544de06-cff4-4707-aa39-2696ee609cd5 | ITER: 37 START
2020-03-05 00:45:27.754 184 INFO rally.task.runner [-] Task f544de06-cff4-4707-aa39-2696ee609cd5 | ITER: 24 END: OK
2020-03-05 00:45:27.757 184 INFO rally.task.runner [-] Task f544de06-cff4-4707-aa39-2696ee609cd5 | ITER: 38 START
2020-03-05 00:45:27.834 166 INFO rally.task.runner [-] Task f544de06-cff4-4707-aa39-2696ee609cd5 | ITER: 22 END: OK
2020-03-05 00:45:27.838 166 INFO rally.task.runner [-] Task f544de06-cff4-4707-aa39-2696ee609cd5 | ITER: 39 START
2020-03-05 00:45:27.967 143 INFO rally.task.runner [-] Task f544de06-cff4-4707-aa39-2696ee609cd5 | ITER: 21 END: OK
2020-03-05 00:45:27.971 143 INFO rally.task.runner [-] Task f544de06-cff4-4707-aa39-2696ee609cd5 | ITER: 40 START
2020-03-05 00:45:28.048 147 INFO rally.task.runner [-] Task f544de06-cff4-4707-aa39-2696ee609cd5 | ITER: 6 END: OK
2020-03-05 00:45:28.052 147 INFO rally.task.runner [-] Task f544de06-cff4-4707-aa39-2696ee609cd5 | ITER: 41 START
2020-03-05 00:45:28.115 179 INFO rally.task.runner [-] Task f544de06-cff4-4707-aa39-2696ee609cd5 | ITER: 19 END: OK
2020-03-05 00:45:28.119 179 INFO rally.task.runner [-] Task f544de06-cff4-4707-aa39-2696ee609cd5 | ITER: 42 START
2020-03-05 00:45:28.188 172 INFO rally.task.runner [-] Task f544de06-cff4-4707-aa39-2696ee609cd5 | ITER: 13 END: OK
2020-03-05 00:45:28.193 172 INFO rally.task.runner [-] Task f544de06-cff4-4707-aa39-2696ee609cd5 | ITER: 43 START
2020-03-05 00:45:31.560 188 INFO rally.task.runner [-] Task f544de06-cff4-4707-aa39-2696ee609cd5 | ITER: 30 END: OK
2020-03-05 00:45:31.564 188 INFO rally.task.runner [-] Task f544de06-cff4-4707-aa39-2696ee609cd5 | ITER: 44 START
2020-03-05 00:45:31.679 144 INFO rally.task.runner [-] Task f544de06-cff4-4707-aa39-2696ee609cd5 | ITER: 31 END: OK
2020-03-05 00:45:31.683 144 INFO rally.task.runner [-] Task f544de06-cff4-4707-aa39-2696ee609cd5 | ITER: 45 START
2020-03-05 00:45:32.028 184 INFO rally.task.runner [-] Task f544de06-cff4-4707-aa39-2696ee609cd5 | ITER: 38 END: OK
2020-03-05 00:45:32.032 184 INFO rally.task.runner [-] Task f544de06-cff4-4707-aa39-2696ee609cd5 | ITER: 46 START
2020-03-05 00:45:32.435 166 INFO rally.task.runner [-] Task f544de06-cff4-4707-aa39-2696ee609cd5 | ITER: 39 END: OK
2020-03-05 00:45:32.438 166 INFO rally.task.runner [-] Task f544de06-cff4-4707-aa39-2696ee609cd5 | ITER: 47 START
2020-03-05 00:45:32.591 162 INFO rally.task.runner [-] Task f544de06-cff4-4707-aa39-2696ee609cd5 | ITER: 26 END: OK
2020-03-05 00:45:32.595 162 INFO rally.task.runner [-] Task f544de06-cff4-4707-aa39-2696ee609cd5 | ITER: 48 START
2020-03-05 00:45:33.067 154 INFO rally.task.runner [-] Task f544de06-cff4-4707-aa39-2696ee609cd5 | ITER: 28 END: OK
2020-03-05 00:45:33.071 154 INFO rally.task.runner [-] Task f544de06-cff4-4707-aa39-2696ee609cd5 | ITER: 49 START
2020-03-05 00:45:33.140 176 INFO rally.task.runner [-] Task f544de06-cff4-4707-aa39-2696ee609cd5 | ITER: 27 END: OK
2020-03-05 00:45:33.144 176 INFO rally.task.runner [-] Task f544de06-cff4-4707-aa39-2696ee609cd5 | ITER: 50 START
2020-03-05 00:45:33.276 185 INFO rally.task.runner [-] Task f544de06-cff4-4707-aa39-2696ee609cd5 | ITER: 35 END: OK
2020-03-05 00:45:33.280 185 INFO rally.task.runner [-] Task f544de06-cff4-4707-aa39-2696ee609cd5 | ITER: 51 START
2020-03-05 00:45:33.945 140 INFO rally.task.runner [-] Task f544de06-cff4-4707-aa39-2696ee609cd5 | ITER: 25 END: OK
2020-03-05 00:45:33.948 140 INFO rally.task.runner [-] Task f544de06-cff4-4707-aa39-2696ee609cd5 | ITER: 52 START
2020-03-05 00:45:34.784 172 INFO rally.task.runner [-] Task f544de06-cff4-4707-aa39-2696ee609cd5 | ITER: 43 END: OK
2020-03-05 00:45:34.787 172 INFO rally.task.runner [-] Task f544de06-cff4-4707-aa39-2696ee609cd5 | ITER: 53 START
2020-03-05 00:45:35.086 150 INFO rally.task.runner [-] Task f544de06-cff4-4707-aa39-2696ee609cd5 | ITER: 33 END: OK
2020-03-05 00:45:35.086 141 INFO rally.task.runner [-] Task f544de06-cff4-4707-aa39-2696ee609cd5 | ITER: 34 END: OK
2020-03-05 00:45:35.090 150 INFO rally.task.runner [-] Task f544de06-cff4-4707-aa39-2696ee609cd5 | ITER: 54 START
2020-03-05 00:45:35.090 141 INFO rally.task.runner [-] Task f544de06-cff4-4707-aa39-2696ee609cd5 | ITER: 55 START
2020-03-05 00:45:35.293 175 INFO rally.task.runner [-] Task f544de06-cff4-4707-aa39-2696ee609cd5 | ITER: 37 END: OK
2020-03-05 00:45:35.297 175 INFO rally.task.runner [-] Task f544de06-cff4-4707-aa39-2696ee609cd5 | ITER: 56 START
2020-03-05 00:45:35.587 144 INFO rally.task.runner [-] Task f544de06-cff4-4707-aa39-2696ee609cd5 | ITER: 45 END: OK
2020-03-05 00:45:35.590 143 INFO rally.task.runner [-] Task f544de06-cff4-4707-aa39-2696ee609cd5 | ITER: 40 END: OK
2020-03-05 00:45:35.590 144 INFO rally.task.runner [-] Task f544de06-cff4-4707-aa39-2696ee609cd5 | ITER: 57 START
2020-03-05 00:45:35.594 143 INFO rally.task.runner [-] Task f544de06-cff4-4707-aa39-2696ee609cd5 | ITER: 58 START
2020-03-05 00:45:36.299 162 INFO rally.task.runner [-] Task f544de06-cff4-4707-aa39-2696ee609cd5 | ITER: 48 END: OK
2020-03-05 00:45:36.302 162 INFO rally.task.runner [-] Task f544de06-cff4-4707-aa39-2696ee609cd5 | ITER: 59 START
2020-03-05 00:45:36.416 159 INFO rally.task.runner [-] Task f544de06-cff4-4707-aa39-2696ee609cd5 | ITER: 23 END: OK
2020-03-05 00:45:36.417 156 INFO rally.task.runner [-] Task f544de06-cff4-4707-aa39-2696ee609cd5 | ITER: 29 END: OK
2020-03-05 00:45:36.420 159 INFO rally.task.runner [-] Task f544de06-cff4-4707-aa39-2696ee609cd5 | ITER: 60 START
2020-03-05 00:45:36.421 156 INFO rally.task.runner [-] Task f544de06-cff4-4707-aa39-2696ee609cd5 | ITER: 61 START
2020-03-05 00:45:36.809 139 INFO rally.task.runner [-] Task f544de06-cff4-4707-aa39-2696ee609cd5 | ITER: 32 END: OK
2020-03-05 00:45:36.812 139 INFO rally.task.runner [-] Task f544de06-cff4-4707-aa39-2696ee609cd5 | ITER: 62 START
2020-03-05 00:45:37.531 169 INFO rally.task.runner [-] Task f544de06-cff4-4707-aa39-2696ee609cd5 | ITER: 36 END: OK
2020-03-05 00:45:37.535 169 INFO rally.task.runner [-] Task f544de06-cff4-4707-aa39-2696ee609cd5 | ITER: 63 START
2020-03-05 00:45:37.608 185 INFO rally.task.runner [-] Task f544de06-cff4-4707-aa39-2696ee609cd5 | ITER: 51 END: OK
2020-03-05 00:45:37.612 185 INFO rally.task.runner [-] Task f544de06-cff4-4707-aa39-2696ee609cd5 | ITER: 64 START
2020-03-05 00:45:38.391 147 INFO rally.task.runner [-] Task f544de06-cff4-4707-aa39-2696ee609cd5 | ITER: 41 END: OK
2020-03-05 00:45:38.395 147 INFO rally.task.runner [-] Task f544de06-cff4-4707-aa39-2696ee609cd5 | ITER: 65 START
2020-03-05 00:45:39.260 143 INFO rally.task.runner [-] Task f544de06-cff4-4707-aa39-2696ee609cd5 | ITER: 58 END: OK
2020-03-05 00:45:39.264 143 INFO rally.task.runner [-] Task f544de06-cff4-4707-aa39-2696ee609cd5 | ITER: 66 START
2020-03-05 00:45:39.354 179 INFO rally.task.runner [-] Task f544de06-cff4-4707-aa39-2696ee609cd5 | ITER: 42 END: OK
2020-03-05 00:45:39.358 179 INFO rally.task.runner [-] Task f544de06-cff4-4707-aa39-2696ee609cd5 | ITER: 67 START
2020-03-05 00:45:40.959 188 INFO rally.task.runner [-] Task f544de06-cff4-4707-aa39-2696ee609cd5 | ITER: 44 END: OK
2020-03-05 00:45:40.963 188 INFO rally.task.runner [-] Task f544de06-cff4-4707-aa39-2696ee609cd5 | ITER: 68 START
2020-03-05 00:45:41.419 172 INFO rally.task.runner [-] Task f544de06-cff4-4707-aa39-2696ee609cd5 | ITER: 53 END: OK
2020-03-05 00:45:41.423 172 INFO rally.task.runner [-] Task f544de06-cff4-4707-aa39-2696ee609cd5 | ITER: 69 START
2020-03-05 00:45:41.636 184 INFO rally.task.runner [-] Task f544de06-cff4-4707-aa39-2696ee609cd5 | ITER: 46 END: OK
2020-03-05 00:45:41.639 184 INFO rally.task.runner [-] Task f544de06-cff4-4707-aa39-2696ee609cd5 | ITER: 70 START
2020-03-05 00:45:41.657 166 INFO rally.task.runner [-] Task f544de06-cff4-4707-aa39-2696ee609cd5 | ITER: 47 END: OK
2020-03-05 00:45:41.657 154 INFO rally.task.runner [-] Task f544de06-cff4-4707-aa39-2696ee609cd5 | ITER: 49 END: OK
2020-03-05 00:45:41.661 166 INFO rally.task.runner [-] Task f544de06-cff4-4707-aa39-2696ee609cd5 | ITER: 71 START
2020-03-05 00:45:41.661 154 INFO rally.task.runner [-] Task f544de06-cff4-4707-aa39-2696ee609cd5 | ITER: 72 START
2020-03-05 00:45:41.726 176 INFO rally.task.runner [-] Task f544de06-cff4-4707-aa39-2696ee609cd5 | ITER: 50 END: OK
2020-03-05 00:45:41.729 176 INFO rally.task.runner [-] Task f544de06-cff4-4707-aa39-2696ee609cd5 | ITER: 73 START
2020-03-05 00:45:42.003 140 INFO rally.task.runner [-] Task f544de06-cff4-4707-aa39-2696ee609cd5 | ITER: 52 END: OK
2020-03-05 00:45:42.006 140 INFO rally.task.runner [-] Task f544de06-cff4-4707-aa39-2696ee609cd5 | ITER: 74 START
2020-03-05 00:45:42.052 150 INFO rally.task.runner [-] Task f544de06-cff4-4707-aa39-2696ee609cd5 | ITER: 54 END: OK
2020-03-05 00:45:42.056 150 INFO rally.task.runner [-] Task f544de06-cff4-4707-aa39-2696ee609cd5 | ITER: 75 START
2020-03-05 00:45:42.317 144 INFO rally.task.runner [-] Task f544de06-cff4-4707-aa39-2696ee609cd5 | ITER: 57 END: OK
2020-03-05 00:45:42.320 144 INFO rally.task.runner [-] Task f544de06-cff4-4707-aa39-2696ee609cd5 | ITER: 76 START
2020-03-05 00:45:42.366 141 INFO rally.task.runner [-] Task f544de06-cff4-4707-aa39-2696ee609cd5 | ITER: 55 END: OK
2020-03-05 00:45:42.370 141 INFO rally.task.runner [-] Task f544de06-cff4-4707-aa39-2696ee609cd5 | ITER: 77 START
2020-03-05 00:45:42.431 139 INFO rally.task.runner [-] Task f544de06-cff4-4707-aa39-2696ee609cd5 | ITER: 62 END: OK
2020-03-05 00:45:42.435 139 INFO rally.task.runner [-] Task f544de06-cff4-4707-aa39-2696ee609cd5 | ITER: 78 START
2020-03-05 00:45:42.492 175 INFO rally.task.runner [-] Task f544de06-cff4-4707-aa39-2696ee609cd5 | ITER: 56 END: OK
2020-03-05 00:45:42.496 175 INFO rally.task.runner [-] Task f544de06-cff4-4707-aa39-2696ee609cd5 | ITER: 79 START
2020-03-05 00:45:42.505 162 INFO rally.task.runner [-] Task f544de06-cff4-4707-aa39-2696ee609cd5 | ITER: 59 END: OK
2020-03-05 00:45:42.508 162 INFO rally.task.runner [-] Task f544de06-cff4-4707-aa39-2696ee609cd5 | ITER: 80 START
2020-03-05 00:45:42.719 156 INFO rally.task.runner [-] Task f544de06-cff4-4707-aa39-2696ee609cd5 | ITER: 61 END: OK
2020-03-05 00:45:42.722 156 INFO rally.task.runner [-] Task f544de06-cff4-4707-aa39-2696ee609cd5 | ITER: 81 START
2020-03-05 00:45:43.536 169 INFO rally.task.runner [-] Task f544de06-cff4-4707-aa39-2696ee609cd5 | ITER: 63 END: OK
2020-03-05 00:45:43.539 159 INFO rally.task.runner [-] Task f544de06-cff4-4707-aa39-2696ee609cd5 | ITER: 60 END: OK
2020-03-05 00:45:43.539 169 INFO rally.task.runner [-] Task f544de06-cff4-4707-aa39-2696ee609cd5 | ITER: 82 START
2020-03-05 00:45:43.542 159 INFO rally.task.runner [-] Task f544de06-cff4-4707-aa39-2696ee609cd5 | ITER: 83 START
2020-03-05 00:45:43.841 147 INFO rally.task.runner [-] Task f544de06-cff4-4707-aa39-2696ee609cd5 | ITER: 65 END: OK
2020-03-05 00:45:43.845 147 INFO rally.task.runner [-] Task f544de06-cff4-4707-aa39-2696ee609cd5 | ITER: 84 START
2020-03-05 00:45:44.088 185 INFO rally.task.runner [-] Task f544de06-cff4-4707-aa39-2696ee609cd5 | ITER: 64 END: OK
2020-03-05 00:45:44.092 185 INFO rally.task.runner [-] Task f544de06-cff4-4707-aa39-2696ee609cd5 | ITER: 85 START
2020-03-05 00:45:45.057 184 INFO rally.task.runner [-] Task f544de06-cff4-4707-aa39-2696ee609cd5 | ITER: 70 END: OK
2020-03-05 00:45:45.061 184 INFO rally.task.runner [-] Task f544de06-cff4-4707-aa39-2696ee609cd5 | ITER: 86 START
2020-03-05 00:45:45.072 179 INFO rally.task.runner [-] Task f544de06-cff4-4707-aa39-2696ee609cd5 | ITER: 67 END: OK
2020-03-05 00:45:45.075 179 INFO rally.task.runner [-] Task f544de06-cff4-4707-aa39-2696ee609cd5 | ITER: 87 START
2020-03-05 00:45:45.490 188 INFO rally.task.runner [-] Task f544de06-cff4-4707-aa39-2696ee609cd5 | ITER: 68 END: OK
2020-03-05 00:45:45.494 188 INFO rally.task.runner [-] Task f544de06-cff4-4707-aa39-2696ee609cd5 | ITER: 88 START
2020-03-05 00:45:45.752 143 INFO rally.task.runner [-] Task f544de06-cff4-4707-aa39-2696ee609cd5 | ITER: 66 END: OK
2020-03-05 00:45:45.756 143 INFO rally.task.runner [-] Task f544de06-cff4-4707-aa39-2696ee609cd5 | ITER: 89 START
2020-03-05 00:45:45.766 166 INFO rally.task.runner [-] Task f544de06-cff4-4707-aa39-2696ee609cd5 | ITER: 71 END: OK
2020-03-05 00:45:45.770 166 INFO rally.task.runner [-] Task f544de06-cff4-4707-aa39-2696ee609cd5 | ITER: 90 START
2020-03-05 00:45:46.175 175 INFO rally.task.runner [-] Task f544de06-cff4-4707-aa39-2696ee609cd5 | ITER: 79 END: OK
2020-03-05 00:45:46.178 175 INFO rally.task.runner [-] Task f544de06-cff4-4707-aa39-2696ee609cd5 | ITER: 91 START
2020-03-05 00:45:46.657 172 INFO rally.task.runner [-] Task f544de06-cff4-4707-aa39-2696ee609cd5 | ITER: 69 END: OK
2020-03-05 00:45:46.660 172 INFO rally.task.runner [-] Task f544de06-cff4-4707-aa39-2696ee609cd5 | ITER: 92 START
2020-03-05 00:45:47.026 139 INFO rally.task.runner [-] Task f544de06-cff4-4707-aa39-2696ee609cd5 | ITER: 78 END: OK
2020-03-05 00:45:47.030 139 INFO rally.task.runner [-] Task f544de06-cff4-4707-aa39-2696ee609cd5 | ITER: 93 START
2020-03-05 00:45:47.054 144 INFO rally.task.runner [-] Task f544de06-cff4-4707-aa39-2696ee609cd5 | ITER: 76 END: OK
2020-03-05 00:45:47.058 144 INFO rally.task.runner [-] Task f544de06-cff4-4707-aa39-2696ee609cd5 | ITER: 94 START
2020-03-05 00:45:47.327 154 INFO rally.task.runner [-] Task f544de06-cff4-4707-aa39-2696ee609cd5 | ITER: 72 END: OK
2020-03-05 00:45:47.327 176 INFO rally.task.runner [-] Task f544de06-cff4-4707-aa39-2696ee609cd5 | ITER: 73 END: OK
2020-03-05 00:45:47.330 154 INFO rally.task.runner [-] Task f544de06-cff4-4707-aa39-2696ee609cd5 | ITER: 95 START
2020-03-05 00:45:47.331 176 INFO rally.task.runner [-] Task f544de06-cff4-4707-aa39-2696ee609cd5 | ITER: 96 START
2020-03-05 00:45:47.386 140 INFO rally.task.runner [-] Task f544de06-cff4-4707-aa39-2696ee609cd5 | ITER: 74 END: OK
2020-03-05 00:45:47.389 140 INFO rally.task.runner [-] Task f544de06-cff4-4707-aa39-2696ee609cd5 | ITER: 97 START
2020-03-05 00:45:47.559 169 INFO rally.task.runner [-] Task f544de06-cff4-4707-aa39-2696ee609cd5 | ITER: 82 END: OK
2020-03-05 00:45:47.563 169 INFO rally.task.runner [-] Task f544de06-cff4-4707-aa39-2696ee609cd5 | ITER: 98 START
2020-03-05 00:45:47.593 156 INFO rally.task.runner [-] Task f544de06-cff4-4707-aa39-2696ee609cd5 | ITER: 81 END: OK
2020-03-05 00:45:47.596 156 INFO rally.task.runner [-] Task f544de06-cff4-4707-aa39-2696ee609cd5 | ITER: 99 START
2020-03-05 00:45:48.196 147 INFO rally.task.runner [-] Task f544de06-cff4-4707-aa39-2696ee609cd5 | ITER: 84 END: OK
2020-03-05 00:45:48.199 147 INFO rally.task.runner [-] Task f544de06-cff4-4707-aa39-2696ee609cd5 | ITER: 100 START
2020-03-05 00:45:48.362 150 INFO rally.task.runner [-] Task f544de06-cff4-4707-aa39-2696ee609cd5 | ITER: 75 END: OK
2020-03-05 00:45:48.523 166 INFO rally.task.runner [-] Task f544de06-cff4-4707-aa39-2696ee609cd5 | ITER: 90 END: OK
2020-03-05 00:45:48.599 141 INFO rally.task.runner [-] Task f544de06-cff4-4707-aa39-2696ee609cd5 | ITER: 77 END: OK
2020-03-05 00:45:49.239 184 INFO rally.task.runner [-] Task f544de06-cff4-4707-aa39-2696ee609cd5 | ITER: 86 END: OK
2020-03-05 00:45:49.596 159 INFO rally.task.runner [-] Task f544de06-cff4-4707-aa39-2696ee609cd5 | ITER: 83 END: OK
2020-03-05 00:45:51.021 185 INFO rally.task.runner [-] Task f544de06-cff4-4707-aa39-2696ee609cd5 | ITER: 85 END: OK
2020-03-05 00:45:51.023 162 INFO rally.task.runner [-] Task f544de06-cff4-4707-aa39-2696ee609cd5 | ITER: 80 END: OK
2020-03-05 00:45:51.338 179 INFO rally.task.runner [-] Task f544de06-cff4-4707-aa39-2696ee609cd5 | ITER: 87 END: OK
2020-03-05 00:45:51.765 169 INFO rally.task.runner [-] Task f544de06-cff4-4707-aa39-2696ee609cd5 | ITER: 98 END: OK
2020-03-05 00:45:51.797 143 INFO rally.task.runner [-] Task f544de06-cff4-4707-aa39-2696ee609cd5 | ITER: 89 END: OK
2020-03-05 00:45:51.797 172 INFO rally.task.runner [-] Task f544de06-cff4-4707-aa39-2696ee609cd5 | ITER: 92 END: OK
2020-03-05 00:45:51.799 144 INFO rally.task.runner [-] Task f544de06-cff4-4707-aa39-2696ee609cd5 | ITER: 94 END: OK
2020-03-05 00:45:51.853 156 INFO rally.task.runner [-] Task f544de06-cff4-4707-aa39-2696ee609cd5 | ITER: 99 END: OK
2020-03-05 00:45:51.978 175 INFO rally.task.runner [-] Task f544de06-cff4-4707-aa39-2696ee609cd5 | ITER: 91 END: OK
2020-03-05 00:45:51.978 139 INFO rally.task.runner [-] Task f544de06-cff4-4707-aa39-2696ee609cd5 | ITER: 93 END: OK
2020-03-05 00:45:51.981 154 INFO rally.task.runner [-] Task f544de06-cff4-4707-aa39-2696ee609cd5 | ITER: 95 END: OK
2020-03-05 00:45:52.107 188 INFO rally.task.runner [-] Task f544de06-cff4-4707-aa39-2696ee609cd5 | ITER: 88 END: OK
2020-03-05 00:45:52.364 147 INFO rally.task.runner [-] Task f544de06-cff4-4707-aa39-2696ee609cd5 | ITER: 100 END: OK
2020-03-05 00:45:52.541 140 INFO rally.task.runner [-] Task f544de06-cff4-4707-aa39-2696ee609cd5 | ITER: 97 END: OK
2020-03-05 00:45:52.544 176 INFO rally.task.runner [-] Task f544de06-cff4-4707-aa39-2696ee609cd5 | ITER: 96 END: OK
2020-03-05 00:45:52.564 15 INFO rally.task.context [-] Task f544de06-cff4-4707-aa39-2696ee609cd5 | Context cleanup@openstack cleanup() started
2020-03-05 00:45:52.567 15 RALLYDEBUG rally_openstack.cleanup.manager [-] Cleaning up neutron vip objects
2020-03-05 00:45:52.756 15 RALLYDEBUG rally_openstack.cleanup.manager [-] Cleaning up neutron health_monitor objects
2020-03-05 00:45:52.927 15 RALLYDEBUG rally_openstack.cleanup.manager [-] Cleaning up neutron pool objects
2020-03-05 00:45:53.146 15 RALLYDEBUG rally_openstack.cleanup.manager [-] Cleaning up neutron loadbalancer objects
2020-03-05 00:45:53.375 15 RALLYDEBUG rally_openstack.cleanup.manager [-] Cleaning up neutron floatingip objects
2020-03-05 00:45:53.618 15 RALLYDEBUG rally_openstack.cleanup.manager [-] Cleaning up neutron trunk objects
2020-03-05 00:45:53.810 15 DEBUG neutronclient.v2_0.client [-] Error message: {"message": "The resource could not be found.

\n\n\n", "code": "404 Not Found", "title": "Not Found"} _handle_fault_response /usr/lib/python2.7/site-packages/neutronclient/v2_0/client.py:259
2020-03-05 00:45:53.821 15 RALLYDEBUG rally_openstack.cleanup.manager [-] Cleaning up neutron port objects
2020-03-05 00:45:54.051 15 RALLYDEBUG rally_openstack.cleanup.manager [-] Cleaning up neutron subnet objects
2020-03-05 00:45:54.281 15 RALLYDEBUG rally_openstack.cleanup.manager [-] Cleaning up neutron network objects
2020-03-05 00:45:54.953 15 RALLYDEBUG rally_openstack.cleanup.manager [-] Deleting neutron.network object s_rally_51164c67_1wem3y8M (046dfa23-0c08-480c-ae2c-9aff6765da4d)
2020-03-05 00:45:54.958 15 RALLYDEBUG rally_openstack.cleanup.manager [-] Deleting neutron.network object s_rally_51164c67_qdFDxpEk (1bb7cfb9-561a-437c-a520-442c0e315a91)
2020-03-05 00:45:54.960 15 RALLYDEBUG rally_openstack.cleanup.manager [-] Deleting neutron.network object s_rally_51164c67_xADzLfm3 (0efc9606-4463-493c-9572-dccf6b274f75)
2020-03-05 00:45:54.962 15 RALLYDEBUG rally_openstack.cleanup.manager [-] Deleting neutron.network object s_rally_51164c67_UGCZlB63 (09ab7cfd-2608-4c64-9f98-cedd9fad88ed)
2020-03-05 00:45:54.966 15 RALLYDEBUG rally_openstack.cleanup.manager [-] Deleting neutron.network object s_rally_51164c67_TXcOiwQp (149a0b5f-0457-4d2b-87ac-9c8007d66c91)
2020-03-05 00:45:54.974 15 RALLYDEBUG rally_openstack.cleanup.manager [-] Deleting neutron.network object s_rally_51164c67_zFJAoF1H (1c1f49c2-4b61-485f-9326-35088ecbefd8)
2020-03-05 00:45:54.982 15 RALLYDEBUG rally_openstack.cleanup.manager [-] Deleting neutron.network object s_rally_51164c67_uJuMi55e (1d325384-005d-4602-94c8-4ccf57dbafbd)
2020-03-05 00:45:54.990 15 RALLYDEBUG rally_openstack.cleanup.manager [-] Deleting neutron.network object s_rally_51164c67_kntZvI2a (1e4c898c-520d-4f55-ad3e-8db9ed0b35b6)
2020-03-05 00:45:54.997 15 RALLYDEBUG rally_openstack.cleanup.manager [-] Deleting neutron.network object s_rally_51164c67_4dq9gPpo (1ae4268c-6f73-41a8-9ea2-df964967f4c4)
2020-03-05 00:45:55.044 15 RALLYDEBUG rally_openstack.cleanup.manager [-] Deleting neutron.network object s_rally_51164c67_qXY41Dkm (1ed6c81c-a4e7-4971-bf9d-e3d30b23eca5)
2020-03-05 00:45:55.064 15 RALLYDEBUG rally_openstack.cleanup.manager [-] Deleting neutron.network object s_rally_51164c67_coxILg0u (24004512-9e12-4db5-b24e-dd9ba9008a49)
2020-03-05 00:45:55.099 15 RALLYDEBUG rally_openstack.cleanup.manager [-] Deleting neutron.network object s_rally_51164c67_A28QStef (2bd0213e-ef7b-483e-a0a9-0ece23f3e75e)
2020-03-05 00:45:55.094 15 RALLYDEBUG rally_openstack.cleanup.manager [-] Deleting neutron.network object s_rally_51164c67_cX8i2iRY (2623d296-318c-42ee-81fc-d184ec0c9891)
2020-03-05 00:45:55.112 15 RALLYDEBUG rally_openstack.cleanup.manager [-] Deleting neutron.network object s_rally_51164c67_8aHrEvox (2a763131-970a-4606-b73f-ff9b29c5edf8)
2020-03-05 00:45:55.118 15 RALLYDEBUG rally_openstack.cleanup.manager [-] Deleting neutron.network object s_rally_51164c67_O4QpjsyV (30775e11-c7cb-4bf7-9baa-cbfa315bccce)
2020-03-05 00:45:55.127 15 RALLYDEBUG rally_openstack.cleanup.manager [-] Deleting neutron.network object s_rally_51164c67_9UhtSFig (2e343fed-305c-4746-9f63-cb5b027b2b8f)
2020-03-05 00:45:55.144 15 RALLYDEBUG rally_openstack.cleanup.manager [-] Deleting neutron.network object s_rally_51164c67_wwPe1uUU (37421ff7-6a61-4bb9-ab07-126d4422c72c)
2020-03-05 00:45:55.151 15 RALLYDEBUG rally_openstack.cleanup.manager [-] Deleting neutron.network object s_rally_51164c67_0j6vldgr (34dd5b4d-af6a-4c48-98bd-875bdda05c5b)
2020-03-05 00:45:55.153 15 RALLYDEBUG rally_openstack.cleanup.manager [-] Deleting neutron.network object s_rally_51164c67_aM4OQqQ1 (23d90bd5-7869-4644-8835-fcae72d02b29)
2020-03-05 00:45:55.202 15 RALLYDEBUG rally_openstack.cleanup.manager [-] Deleting neutron.network object s_rally_51164c67_LJQn8GJD (314c0e0f-75f5-4a48-8da6-f3d90750aeb0)
2020-03-05 00:45:57.441 15 RALLYDEBUG rally_openstack.cleanup.manager [-] Deleting neutron.network object s_rally_51164c67_FW5Rfff1 (39580aad-59d2-42ec-bf67-1694f475c2f3)
2020-03-05 00:45:57.449 15 RALLYDEBUG rally_openstack.cleanup.manager [-] Deleting neutron.network object s_rally_51164c67_5omf55M6 (39c4c0bb-da27-4c45-b4b7-ddae24053e11)
2020-03-05 00:45:57.453 15 RALLYDEBUG rally_openstack.cleanup.manager [-] Deleting neutron.network object s_rally_51164c67_KX4JimTb (3ae7c029-6003-48e2-b245-aec444826d24)
2020-03-05 00:45:57.571 15 RALLYDEBUG rally_openstack.cleanup.manager [-] Deleting neutron.network object s_rally_51164c67_DGgttldz (3fda68fe-8e7c-44c5-91cf-cedc0f2bc93c)
2020-03-05 00:45:57.681 15 RALLYDEBUG rally_openstack.cleanup.manager [-] Deleting neutron.network object s_rally_51164c67_ShJXfJCv (410c4e76-a576-4396-96bc-9f796250665f)
2020-03-05 00:45:57.738 15 RALLYDEBUG rally_openstack.cleanup.manager [-] Deleting neutron.network object s_rally_51164c67_d2on0lcZ (42f09032-5d8b-4aa4-be6a-772d2e380559)
2020-03-05 00:45:57.743 15 RALLYDEBUG rally_openstack.cleanup.manager [-] Deleting neutron.network object s_rally_51164c67_mh5Olv6Q (470da3ec-584c-4921-9537-10ac43995b84)
2020-03-05 00:45:57.868 15 RALLYDEBUG rally_openstack.cleanup.manager [-] Deleting neutron.network object s_rally_51164c67_4Yu6M919 (47a1eaef-30f0-44e2-baba-54384ba53d75)
2020-03-05 00:45:57.910 15 RALLYDEBUG rally_openstack.cleanup.manager [-] Deleting neutron.network object s_rally_51164c67_71JXV0xa (47e5676d-e746-4393-af5b-f82d99f20719)
2020-03-05 00:45:57.954 15 RALLYDEBUG rally_openstack.cleanup.manager [-] Deleting neutron.network object s_rally_51164c67_Vk5NdJVF (483373f0-7c50-4ec1-9d68-676c49bffb83)
2020-03-05 00:45:57.987 15 RALLYDEBUG rally_openstack.cleanup.manager [-] Deleting neutron.network object s_rally_51164c67_W1dsGbnp (48439f9b-95a6-46cd-b0fb-7098660f3cb4)
2020-03-05 00:45:58.093 15 RALLYDEBUG rally_openstack.cleanup.manager [-] Deleting neutron.network object s_rally_51164c67_fKvEFab1 (4912d0d6-1416-420a-b0cd-a777a572588e)
2020-03-05 00:45:58.097 15 RALLYDEBUG rally_openstack.cleanup.manager [-] Deleting neutron.network object s_rally_51164c67_rtjf1dFc (491eb279-e3e5-4c2a-8323-12ef4fe40fc7)
2020-03-05 00:45:58.268 15 RALLYDEBUG rally_openstack.cleanup.manager [-] Deleting neutron.network object s_rally_51164c67_Mq5YK9wN (49370235-2a58-47b3-905e-7b6d623b431c)
2020-03-05 00:45:58.313 15 RALLYDEBUG rally_openstack.cleanup.manager [-] Deleting neutron.network object s_rally_51164c67_QYktyaCj (4e133e2e-9649-48f4-acc6-90250c9591fc)
2020-03-05 00:45:59.367 15 RALLYDEBUG rally_openstack.cleanup.manager [-] Deleting neutron.network object s_rally_51164c67_8INwye7E (50007af2-68ff-4ea7-9957-27b349610fd3)
2020-03-05 00:45:59.465 15 RALLYDEBUG rally_openstack.cleanup.manager [-] Deleting neutron.network object s_rally_51164c67_dMTRB2WW (5614bead-c3a2-4322-8b80-d977a5f013ea)
2020-03-05 00:45:59.551 15 RALLYDEBUG rally_openstack.cleanup.manager [-] Deleting neutron.network object s_rally_51164c67_L4k4CTBW (5984148d-7496-4558-8f54-f30b1d67f71e)
2020-03-05 00:45:59.592 15 RALLYDEBUG rally_openstack.cleanup.manager [-] Deleting neutron.network object s_rally_51164c67_Zix1Np1k (5cef5e94-6f36-4076-b6ba-857b72ca20f3)
2020-03-05 00:45:59.602 15 RALLYDEBUG rally_openstack.cleanup.manager [-] Deleting neutron.network object s_rally_51164c67_GlbbeaH9 (5e46f88e-4aa2-4a92-bc2f-37aa2bcccbca)
2020-03-05 00:45:59.617 15 RALLYDEBUG rally_openstack.cleanup.manager [-] Deleting neutron.network object s_rally_51164c67_CtE2YzmK (632734eb-b643-4879-af6b-ecab3e544b59)
2020-03-05 00:45:59.624 15 RALLYDEBUG rally_openstack.cleanup.manager [-] Deleting neutron.network object s_rally_51164c67_T0VjMiHH (6acb2b6e-fe25-4c77-8f87-8b1971756c2e)
2020-03-05 00:45:59.686 15 RALLYDEBUG rally_openstack.cleanup.manager [-] Deleting neutron.network object s_rally_51164c67_ToMPu3TE (717d3dbe-d943-4ecb-bed6-63e24fe7931d)
2020-03-05 00:45:59.692 15 RALLYDEBUG rally_openstack.cleanup.manager [-] Deleting neutron.network object s_rally_51164c67_7as5Rggx (72589e76-dde7-4252-81a4-13b532ae86a3)
2020-03-05 00:45:59.796 15 RALLYDEBUG rally_openstack.cleanup.manager [-] Deleting neutron.network object s_rally_51164c67_dQo2NVLf (725d8db0-7249-47c3-9272-3d69f80dbf80)
2020-03-05 00:46:00.132 15 RALLYDEBUG rally_openstack.cleanup.manager [-] Deleting neutron.network object s_rally_51164c67_y7uOv6L9 (72aafbf7-9a42-4ef8-9362-f8a9c5ce9b99)
2020-03-05 00:46:00.207 15 RALLYDEBUG rally_openstack.cleanup.manager [-] Deleting neutron.network object s_rally_51164c67_ofPgjnak (730e07b4-0477-4e26-a4ca-7c43a1e950aa)
2020-03-05 00:46:00.255 15 RALLYDEBUG rally_openstack.cleanup.manager [-] Deleting neutron.network object s_rally_51164c67_DHCfX5gH (7b09e1c2-3883-4d49-bf41-50a4f54e66d1)
2020-03-05 00:46:00.332 15 RALLYDEBUG rally_openstack.cleanup.manager [-] Deleting neutron.network object s_rally_51164c67_szXbdMk2 (7db63da4-4991-4092-b3a2-db527cc3a8a9)
2020-03-05 00:46:00.384 15 RALLYDEBUG rally_openstack.cleanup.manager [-] Deleting neutron.network object s_rally_51164c67_LxqOGni7 (7e7e993e-d569-4d32-a56f-24710957258a)
2020-03-05 00:46:00.431 15 RALLYDEBUG rally_openstack.cleanup.manager [-] Deleting neutron.network object s_rally_51164c67_JrIDQIcQ (81ceed6c-0f9b-40f6-97d9-4a639ebb9904)
2020-03-05 00:46:00.549 15 RALLYDEBUG rally_openstack.cleanup.manager [-] Deleting neutron.network object s_rally_51164c67_dhlTimwi (866a2f3a-4e52-4f9f-ad82-9eddbfb40ac1)
2020-03-05 00:46:00.556 15 RALLYDEBUG rally_openstack.cleanup.manager [-] Deleting neutron.network object s_rally_51164c67_zrHNKutN (875a5936-d88a-44e4-a47b-700de9275cd3)
2020-03-05 00:46:00.582 15 RALLYDEBUG rally_openstack.cleanup.manager [-] Deleting neutron.network object s_rally_51164c67_acAWqAa2 (889eee91-da4b-45f4-869c-519effee69c1)
2020-03-05 00:46:00.688 15 RALLYDEBUG rally_openstack.cleanup.manager [-] Deleting neutron.network object s_rally_51164c67_1KGcazWV (8cd25933-aa41-4ca6-9154-7b141bee6888)
2020-03-05 00:46:01.163 15 RALLYDEBUG rally_openstack.cleanup.manager [-] Deleting neutron.network object s_rally_51164c67_vDZgQGOc (8d29b959-147e-4c15-8714-4acc7fed7173)
2020-03-05 00:46:01.450 15 RALLYDEBUG rally_openstack.cleanup.manager [-] Deleting neutron.network object s_rally_51164c67_ZsabAyir (8e65257b-1f7d-492d-9628-300dcc9a4f9c)
2020-03-05 00:46:01.705 15 RALLYDEBUG rally_openstack.cleanup.manager [-] Deleting neutron.network object s_rally_51164c67_TsuuBbOi (921c6b9d-ef47-4575-bee2-7bc857e00ddf)
2020-03-05 00:46:01.754 15 RALLYDEBUG rally_openstack.cleanup.manager [-] Deleting neutron.network object s_rally_51164c67_1AWYTJMD (95bb4a99-9767-44fb-a595-069335aa60ff)
2020-03-05 00:46:01.834 15 RALLYDEBUG rally_openstack.cleanup.manager [-] Deleting neutron.network object s_rally_51164c67_lOoL47lM (a201f0f6-4b54-4876-a0fd-050b400586fa)
2020-03-05 00:46:01.885 15 RALLYDEBUG rally_openstack.cleanup.manager [-] Deleting neutron.network object s_rally_51164c67_faIpEVbx (a3c57422-da70-45be-a422-26f47e88de68)
2020-03-05 00:46:01.970 15 RALLYDEBUG rally_openstack.cleanup.manager [-] Deleting neutron.network object s_rally_51164c67_nwyBaEpT (a4d085f5-79fc-4a1f-a7cb-855e07923b21)
2020-03-05 00:46:01.992 15 RALLYDEBUG rally_openstack.cleanup.manager [-] Deleting neutron.network object s_rally_51164c67_GXsCTe1c (a5bffb49-148f-4534-9c22-35b174c26577)
2020-03-05 00:46:02.225 15 RALLYDEBUG rally_openstack.cleanup.manager [-] Deleting neutron.network object s_rally_51164c67_pXRBngVe (a9571075-bdde-4045-a8ac-4bc710ce0211)
2020-03-05 00:46:02.311 15 RALLYDEBUG rally_openstack.cleanup.manager [-] Deleting neutron.network object s_rally_51164c67_x2MufPhh (ac8474fa-7cb3-47c1-9bb8-0a0ea58f8537)
2020-03-05 00:46:02.402 15 RALLYDEBUG rally_openstack.cleanup.manager [-] Deleting neutron.network object s_rally_51164c67_Z8Aq3ziP (adaf7599-f615-43cf-a45d-033bac37a4d1)
2020-03-05 00:46:02.500 15 RALLYDEBUG rally_openstack.cleanup.manager [-] Deleting neutron.network object s_rally_51164c67_EJQgAAJt (aeb24123-5fde-4762-82c1-03f4977ae640)
2020-03-05 00:46:02.679 15 RALLYDEBUG rally_openstack.cleanup.manager [-] Deleting neutron.network object s_rally_51164c67_zOHdHDMp (b1867b6b-755f-4729-8f03-b06ffd7f2ea0)
2020-03-05 00:46:02.898 15 RALLYDEBUG rally_openstack.cleanup.manager [-] Deleting neutron.network object s_rally_51164c67_O4f2c6QP (b4de9d91-786a-4bce-bc32-d9f2400d9872)
2020-03-05 00:46:02.903 15 RALLYDEBUG rally_openstack.cleanup.manager [-] Deleting neutron.network object s_rally_51164c67_uTyKFUcp (b4e03ed1-c4eb-4bcc-a31c-27c3f4119549)
2020-03-05 00:46:02.923 15 RALLYDEBUG rally_openstack.cleanup.manager [-] Deleting neutron.network object s_rally_51164c67_2OeTqtPT (b68eb67b-0ca6-4175-ad30-af080b72d557)
2020-03-05 00:46:02.987 15 RALLYDEBUG rally_openstack.cleanup.manager [-] Deleting neutron.network object s_rally_51164c67_8TUXgooK (b7e198b2-1141-44e9-8787-680628f618a7)
2020-03-05 00:46:03.290 15 RALLYDEBUG rally_openstack.cleanup.manager [-] Deleting neutron.network object s_rally_51164c67_eH3fkfbZ (ba8cd441-9d33-4567-84df-80bad8df571e)
2020-03-05 00:46:03.967 15 RALLYDEBUG rally_openstack.cleanup.manager [-] Deleting neutron.network object s_rally_51164c67_u1I4VbTP (bac95fcb-be78-401a-90b5-0244e002f91f)
2020-03-05 00:46:03.975 15 RALLYDEBUG rally_openstack.cleanup.manager [-] Deleting neutron.network object s_rally_51164c67_NfalWtW9 (bd1b15b4-bd1b-430c-8a9b-c74ff24290b6)
2020-03-05 00:46:03.983 15 RALLYDEBUG rally_openstack.cleanup.manager [-] Deleting neutron.network object s_rally_51164c67_Tjxp30kZ (bd82f501-12a9-4d7b-b39d-7d6d7b0b3542)
2020-03-05 00:46:04.179 15 RALLYDEBUG rally_openstack.cleanup.manager [-] Deleting neutron.network object s_rally_51164c67_grt5Nwrg (c236d166-3d9d-466a-a798-366b829d7d1d)
2020-03-05 00:46:04.230 15 RALLYDEBUG rally_openstack.cleanup.manager [-] Deleting neutron.network object s_rally_51164c67_ltML4lKw (cb3f1c7d-4903-46fc-ba5a-9e618d0dc90e)
2020-03-05 00:46:04.300 15 RALLYDEBUG rally_openstack.cleanup.manager [-] Deleting neutron.network object s_rally_51164c67_T7HCL9sX (cbeb7d2d-4c8d-418b-8fe0-0817f8ee44f8)
2020-03-05 00:46:04.397 15 RALLYDEBUG rally_openstack.cleanup.manager [-] Deleting neutron.network object s_rally_51164c67_n2O1eCBu (d441925f-25b7-4f21-9d9e-4cc04773fc5b)
