2020-03-05 00:59:24.252 3487 RALLYDEBUG rally.task.runner [-] Starting a worker. concurrency: 1 args: {"network_create_args": {}, "subnet_create_args": {}, "subnet_cidr_start": "1.1.0.0/30", "subnets_per_network": 2, "router_create_args": {}} times: 40 method_name: run timeout: 0 duration: None cls:
2020-03-05 00:59:24.255 3478 INFO rally.task.runner [-] Task f544de06-cff4-4707-aa39-2696ee609cd5 | ITER: 4 START
2020-03-05 00:59:24.255 3489 RALLYDEBUG rally.task.runner [-] Starting a worker. concurrency: 1 args: {"network_create_args": {}, "subnet_create_args": {}, "subnet_cidr_start": "1.1.0.0/30", "subnets_per_network": 2, "router_create_args": {}} times: 40 method_name: run timeout: 0 duration: None cls:
2020-03-05 00:59:24.258 3487 INFO rally.task.runner [-] Task f544de06-cff4-4707-aa39-2696ee609cd5 | ITER: 7 START
2020-03-05 00:59:24.261 3489 INFO rally.task.runner [-] Task f544de06-cff4-4707-aa39-2696ee609cd5 | ITER: 8 START
2020-03-05 00:59:24.261 3492 RALLYDEBUG rally.task.runner [-] Starting a worker. concurrency: 1 args: {"network_create_args": {}, "subnet_create_args": {}, "subnet_cidr_start": "1.1.0.0/30", "subnets_per_network": 2, "router_create_args": {}} times: 40 method_name: run timeout: 0 duration: None cls:
2020-03-05 00:59:24.262 3495 RALLYDEBUG rally.task.runner [-] Starting a worker. concurrency: 1 args: {"network_create_args": {}, "subnet_create_args": {}, "subnet_cidr_start": "1.1.0.0/30", "subnets_per_network": 2, "router_create_args": {}} times: 40 method_name: run timeout: 0 duration: None cls:
2020-03-05 00:59:24.267 3499 RALLYDEBUG rally.task.runner [-] Starting a worker. concurrency: 1 args: {"network_create_args": {}, "subnet_create_args": {}, "subnet_cidr_start": "1.1.0.0/30", "subnets_per_network": 2, "router_create_args": {}} times: 40 method_name: run timeout: 0 duration: None cls:
2020-03-05 00:59:24.268 3483 INFO rally.task.runner [-] Task f544de06-cff4-4707-aa39-2696ee609cd5 | ITER: 6 START
2020-03-05 00:59:24.269 3492 INFO rally.task.runner [-] Task f544de06-cff4-4707-aa39-2696ee609cd5 | ITER: 9 START
2020-03-05 00:59:24.271 3502 RALLYDEBUG rally.task.runner [-] Starting a worker. concurrency: 1 args: {"network_create_args": {}, "subnet_create_args": {}, "subnet_cidr_start": "1.1.0.0/30", "subnets_per_network": 2, "router_create_args": {}} times: 40 method_name: run timeout: 0 duration: None cls:
2020-03-05 00:59:24.272 3503 RALLYDEBUG rally.task.runner [-] Starting a worker. concurrency: 1 args: {"network_create_args": {}, "subnet_create_args": {}, "subnet_cidr_start": "1.1.0.0/30", "subnets_per_network": 2, "router_create_args": {}} times: 40 method_name: run timeout: 0 duration: None cls:
2020-03-05 00:59:24.275 3499 INFO rally.task.runner [-] Task f544de06-cff4-4707-aa39-2696ee609cd5 | ITER: 11 START
2020-03-05 00:59:24.275 3495 INFO rally.task.runner [-] Task f544de06-cff4-4707-aa39-2696ee609cd5 | ITER: 10 START
2020-03-05 00:59:24.275 3506 RALLYDEBUG rally.task.runner [-] Starting a worker. concurrency: 1 args: {"network_create_args": {}, "subnet_create_args": {}, "subnet_cidr_start": "1.1.0.0/30", "subnets_per_network": 2, "router_create_args": {}} times: 40 method_name: run timeout: 0 duration: None cls:
2020-03-05 00:59:24.277 3509 RALLYDEBUG rally.task.runner [-] Starting a worker. concurrency: 1 args: {"network_create_args": {}, "subnet_create_args": {}, "subnet_cidr_start": "1.1.0.0/30", "subnets_per_network": 2, "router_create_args": {}} times: 40 method_name: run timeout: 0 duration: None cls:
2020-03-05 00:59:24.282 3506 INFO rally.task.runner [-] Task f544de06-cff4-4707-aa39-2696ee609cd5 | ITER: 14 START
2020-03-05 00:59:24.281 3511 RALLYDEBUG rally.task.runner [-] Starting a worker. concurrency: 1 args: {"network_create_args": {}, "subnet_create_args": {}, "subnet_cidr_start": "1.1.0.0/30", "subnets_per_network": 2, "router_create_args": {}} times: 40 method_name: run timeout: 0 duration: None cls:
2020-03-05 00:59:24.283 3503 INFO rally.task.runner [-] Task f544de06-cff4-4707-aa39-2696ee609cd5 | ITER: 13 START
2020-03-05 00:59:24.283 3509 INFO rally.task.runner [-] Task f544de06-cff4-4707-aa39-2696ee609cd5 | ITER: 15 START
2020-03-05 00:59:24.285 3502 INFO rally.task.runner [-] Task f544de06-cff4-4707-aa39-2696ee609cd5 | ITER: 12 START
2020-03-05 00:59:24.287 3511 INFO rally.task.runner [-] Task f544de06-cff4-4707-aa39-2696ee609cd5 | ITER: 16 START
2020-03-05 00:59:24.286 3519 RALLYDEBUG rally.task.runner [-] Starting a worker. concurrency: 1 args: {"network_create_args": {}, "subnet_create_args": {}, "subnet_cidr_start": "1.1.0.0/30", "subnets_per_network": 2, "router_create_args": {}} times: 40 method_name: run timeout: 0 duration: None cls:
2020-03-05 00:59:24.290 3516 RALLYDEBUG rally.task.runner [-] Starting a worker. concurrency: 1 args: {"network_create_args": {}, "subnet_create_args": {}, "subnet_cidr_start": "1.1.0.0/30", "subnets_per_network": 2, "router_create_args": {}} times: 40 method_name: run timeout: 0 duration: None cls:
2020-03-05 00:59:24.290 3523 RALLYDEBUG rally.task.runner [-] Starting a worker. concurrency: 1 args: {"network_create_args": {}, "subnet_create_args": {}, "subnet_cidr_start": "1.1.0.0/30", "subnets_per_network": 2, "router_create_args": {}} times: 40 method_name: run timeout: 0 duration: None cls:
2020-03-05 00:59:24.292 3519 INFO rally.task.runner [-] Task f544de06-cff4-4707-aa39-2696ee609cd5 | ITER: 17 START
2020-03-05 00:59:24.293 3526 RALLYDEBUG rally.task.runner [-] Starting a worker. concurrency: 1 args: {"network_create_args": {}, "subnet_create_args": {}, "subnet_cidr_start": "1.1.0.0/30", "subnets_per_network": 2, "router_create_args": {}} times: 40 method_name: run timeout: 0 duration: None cls:
2020-03-05 00:59:24.296 3523 INFO rally.task.runner [-] Task f544de06-cff4-4707-aa39-2696ee609cd5 | ITER: 19 START
2020-03-05 00:59:24.297 3516 INFO rally.task.runner [-] Task f544de06-cff4-4707-aa39-2696ee609cd5 | ITER: 18 START
2020-03-05 00:59:24.300 3526 INFO rally.task.runner [-] Task f544de06-cff4-4707-aa39-2696ee609cd5 | ITER: 20 START
2020-03-05 00:59:25.805 3478 RALLYDEBUG rally_openstack.wrappers.network [-] CIDR generated: 1.1.8.32/30
2020-03-05 00:59:25.838 3506 RALLYDEBUG rally_openstack.wrappers.network [-] CIDR generated: 1.1.8.36/30
2020-03-05 00:59:25.954 3483 RALLYDEBUG rally_openstack.wrappers.network [-] CIDR generated: 1.1.8.40/30
2020-03-05 00:59:25.962 3477 RALLYDEBUG rally_openstack.wrappers.network [-] CIDR generated: 1.1.8.44/30
2020-03-05 00:59:26.036 3499 RALLYDEBUG rally_openstack.wrappers.network [-] CIDR generated: 1.1.8.48/30
2020-03-05 00:59:26.164 3489 RALLYDEBUG rally_openstack.wrappers.network [-] CIDR generated: 1.1.8.52/30
2020-03-05 00:59:26.200 3492 RALLYDEBUG rally_openstack.wrappers.network [-] CIDR generated: 1.1.8.56/30
2020-03-05 00:59:26.345 3479 RALLYDEBUG rally_openstack.wrappers.network [-] CIDR generated: 1.1.8.60/30
2020-03-05 00:59:26.390 3509 RALLYDEBUG rally_openstack.wrappers.network [-] CIDR generated: 1.1.8.64/30
2020-03-05 00:59:26.425 3476 RALLYDEBUG rally_openstack.wrappers.network [-] CIDR generated: 1.1.8.68/30
2020-03-05 00:59:26.499 3475 RALLYDEBUG rally_openstack.wrappers.network [-] CIDR generated: 1.1.8.72/30
2020-03-05 00:59:26.650 3523 RALLYDEBUG rally_openstack.wrappers.network [-] CIDR generated: 1.1.8.76/30
2020-03-05 00:59:26.691 3487 RALLYDEBUG rally_openstack.wrappers.network [-] CIDR generated: 1.1.8.80/30
2020-03-05 00:59:26.837 3503 RALLYDEBUG rally_openstack.wrappers.network [-] CIDR generated: 1.1.8.84/30
2020-03-05 00:59:26.851 3511 RALLYDEBUG rally_openstack.wrappers.network [-] CIDR generated: 1.1.8.88/30
2020-03-05 00:59:26.871 3526 RALLYDEBUG rally_openstack.wrappers.network [-] CIDR generated: 1.1.8.92/30
2020-03-05 00:59:27.044 3519 RALLYDEBUG rally_openstack.wrappers.network [-] CIDR generated: 1.1.8.96/30
2020-03-05 00:59:27.131 3502 RALLYDEBUG rally_openstack.wrappers.network [-] CIDR generated: 1.1.8.100/30
2020-03-05 00:59:27.309 3495 RALLYDEBUG rally_openstack.wrappers.network [-] CIDR generated: 1.1.8.104/30
2020-03-05 00:59:27.496 3516 RALLYDEBUG rally_openstack.wrappers.network [-] CIDR generated: 1.1.8.108/30
2020-03-05 00:59:32.080 3483 RALLYDEBUG rally_openstack.wrappers.network [-] CIDR generated: 1.1.8.112/30
2020-03-05 00:59:32.097 3499 RALLYDEBUG rally_openstack.wrappers.network [-] CIDR generated: 1.1.8.116/30
2020-03-05 00:59:32.107 3519 RALLYDEBUG rally_openstack.wrappers.network [-] CIDR generated: 1.1.8.120/30
2020-03-05 00:59:32.150 3511 RALLYDEBUG rally_openstack.wrappers.network [-] CIDR generated: 1.1.8.124/30
2020-03-05 00:59:32.156 3526 RALLYDEBUG rally_openstack.wrappers.network [-] CIDR generated: 1.1.8.128/30
2020-03-05 00:59:32.280 3506 RALLYDEBUG rally_openstack.wrappers.network [-] CIDR generated: 1.1.8.132/30
2020-03-05 00:59:32.291 3495 RALLYDEBUG rally_openstack.wrappers.network [-] CIDR generated: 1.1.8.136/30
2020-03-05 00:59:32.314 3516 RALLYDEBUG rally_openstack.wrappers.network [-] CIDR generated: 1.1.8.140/30
2020-03-05 00:59:32.417 3509 RALLYDEBUG rally_openstack.wrappers.network [-] CIDR generated: 1.1.8.144/30
2020-03-05 00:59:32.438 3523 RALLYDEBUG rally_openstack.wrappers.network [-] CIDR generated: 1.1.8.148/30
2020-03-05 00:59:32.451 3489 RALLYDEBUG rally_openstack.wrappers.network [-] CIDR generated: 1.1.8.152/30
2020-03-05 00:59:32.467 3476 RALLYDEBUG rally_openstack.wrappers.network [-] CIDR generated: 1.1.8.156/30
2020-03-05 00:59:32.491 3492 RALLYDEBUG rally_openstack.wrappers.network [-] CIDR generated: 1.1.8.160/30
2020-03-05 00:59:32.535 3478 RALLYDEBUG rally_openstack.wrappers.network [-] CIDR generated: 1.1.8.164/30
2020-03-05 00:59:32.551 3502 RALLYDEBUG rally_openstack.wrappers.network [-] CIDR generated: 1.1.8.168/30
2020-03-05 00:59:32.554 3503 RALLYDEBUG rally_openstack.wrappers.network [-] CIDR generated: 1.1.8.172/30
2020-03-05 00:59:32.557 3479 RALLYDEBUG rally_openstack.wrappers.network [-] CIDR generated: 1.1.8.176/30
2020-03-05 00:59:32.651 3475 RALLYDEBUG rally_openstack.wrappers.network [-] CIDR generated: 1.1.8.180/30
2020-03-05 00:59:32.703 3477 RALLYDEBUG rally_openstack.wrappers.network [-] CIDR generated: 1.1.8.184/30
2020-03-05 00:59:32.804 3487 RALLYDEBUG rally_openstack.wrappers.network [-] CIDR generated: 1.1.8.188/30
2020-03-05 01:00:32.395 3492 INFO rally.task.runner [-] Task f544de06-cff4-4707-aa39-2696ee609cd5 | ITER: 9 END: OK
2020-03-05 01:00:32.403 3492 INFO rally.task.runner [-] Task f544de06-cff4-4707-aa39-2696ee609cd5 | ITER: 21 START
2020-03-05 01:00:34.688 3492 RALLYDEBUG rally_openstack.wrappers.network [-] CIDR generated: 1.1.8.192/30
2020-03-05 01:00:38.303 3519 INFO rally.task.runner [-] Task f544de06-cff4-4707-aa39-2696ee609cd5 | ITER: 17 END: OK
2020-03-05 01:00:38.311 3519 INFO rally.task.runner [-] Task f544de06-cff4-4707-aa39-2696ee609cd5 | ITER: 22 START
2020-03-05 01:00:38.717 3483 INFO rally.task.runner [-] Task f544de06-cff4-4707-aa39-2696ee609cd5 | ITER: 6 END: OK
2020-03-05 01:00:38.726 3483 INFO rally.task.runner [-] Task f544de06-cff4-4707-aa39-2696ee609cd5 | ITER: 23 START
2020-03-05 01:00:39.582 3492 RALLYDEBUG rally_openstack.wrappers.network [-] CIDR generated: 1.1.8.196/30
2020-03-05 01:00:40.148 3519 RALLYDEBUG rally_openstack.wrappers.network [-] CIDR generated: 1.1.8.200/30
2020-03-05 01:00:40.359 3523 INFO rally.task.runner [-] Task f544de06-cff4-4707-aa39-2696ee609cd5 | ITER: 19 END: OK
2020-03-05 01:00:40.367 3523 INFO rally.task.runner [-] Task f544de06-cff4-4707-aa39-2696ee609cd5 | ITER: 24 START
2020-03-05 01:00:40.591 3483 RALLYDEBUG rally_openstack.wrappers.network [-] CIDR generated: 1.1.8.204/30
2020-03-05 01:00:40.835 3499 INFO rally.task.runner [-] Task f544de06-cff4-4707-aa39-2696ee609cd5 | ITER: 11 END: OK
2020-03-05 01:00:40.843 3499 INFO rally.task.runner [-] Task f544de06-cff4-4707-aa39-2696ee609cd5 | ITER: 25 START
2020-03-05 01:00:41.333 3523 RALLYDEBUG rally_openstack.wrappers.network [-] CIDR generated: 1.1.8.208/30
2020-03-05 01:00:42.208 3499 RALLYDEBUG rally_openstack.wrappers.network [-] CIDR generated: 1.1.8.212/30
2020-03-05 01:00:42.494 3519 RALLYDEBUG rally_openstack.wrappers.network [-] CIDR generated: 1.1.8.216/30
2020-03-05 01:00:43.807 3509 INFO rally.task.runner [-] Task f544de06-cff4-4707-aa39-2696ee609cd5 | ITER: 15 END: OK
2020-03-05 01:00:43.815 3509 INFO rally.task.runner [-] Task f544de06-cff4-4707-aa39-2696ee609cd5 | ITER: 26 START
2020-03-05 01:00:44.003 3506 INFO rally.task.runner [-] Task f544de06-cff4-4707-aa39-2696ee609cd5 | ITER: 14 END: OK
2020-03-05 01:00:44.012 3506 INFO rally.task.runner [-] Task f544de06-cff4-4707-aa39-2696ee609cd5 | ITER: 27 START
2020-03-05 01:00:44.359 3523 RALLYDEBUG rally_openstack.wrappers.network [-] CIDR generated: 1.1.8.220/30
2020-03-05 01:00:44.469 3483 RALLYDEBUG rally_openstack.wrappers.network [-] CIDR generated: 1.1.8.224/30
2020-03-05 01:00:44.639 3499 RALLYDEBUG rally_openstack.wrappers.network [-] CIDR generated: 1.1.8.228/30
2020-03-05 01:00:44.913 3475 INFO rally.task.runner [-] Task f544de06-cff4-4707-aa39-2696ee609cd5 | ITER: 1 END: OK
2020-03-05 01:00:44.921 3475 INFO rally.task.runner [-] Task f544de06-cff4-4707-aa39-2696ee609cd5 | ITER: 28 START
2020-03-05 01:00:45.532 3509 RALLYDEBUG rally_openstack.wrappers.network [-] CIDR generated: 1.1.8.232/30
2020-03-05 01:00:46.740 3475 RALLYDEBUG rally_openstack.wrappers.network [-] CIDR generated: 1.1.8.236/30
2020-03-05 01:00:46.740 3506 RALLYDEBUG rally_openstack.wrappers.network [-] CIDR generated: 1.1.8.240/30
2020-03-05 01:00:47.216 3478 INFO rally.task.runner [-] Task f544de06-cff4-4707-aa39-2696ee609cd5 | ITER: 4 END: OK
2020-03-05 01:00:47.224 3478 INFO rally.task.runner [-] Task f544de06-cff4-4707-aa39-2696ee609cd5 | ITER: 29 START
2020-03-05 01:00:47.390 3477 INFO rally.task.runner [-] Task f544de06-cff4-4707-aa39-2696ee609cd5 | ITER: 3 END: OK
2020-03-05 01:00:47.399 3477 INFO rally.task.runner [-] Task f544de06-cff4-4707-aa39-2696ee609cd5 | ITER: 30 START
2020-03-05 01:00:48.545 3476 INFO rally.task.runner [-] Task f544de06-cff4-4707-aa39-2696ee609cd5 | ITER: 2 END: OK
2020-03-05 01:00:48.554 3476 INFO rally.task.runner [-] Task f544de06-cff4-4707-aa39-2696ee609cd5 | ITER: 31 START
2020-03-05 01:00:49.511 3509 RALLYDEBUG rally_openstack.wrappers.network [-] CIDR generated: 1.1.8.244/30
2020-03-05 01:00:49.698 3478 RALLYDEBUG rally_openstack.wrappers.network [-] CIDR generated: 1.1.8.248/30
2020-03-05 01:00:50.917 3489 INFO rally.task.runner [-] Task f544de06-cff4-4707-aa39-2696ee609cd5 | ITER: 8 END: OK
2020-03-05 01:00:50.926 3489 INFO rally.task.runner [-] Task f544de06-cff4-4707-aa39-2696ee609cd5 | ITER: 32 START
2020-03-05 01:00:51.006 3477 RALLYDEBUG rally_openstack.wrappers.network [-] CIDR generated: 1.1.8.252/30
2020-03-05 01:00:51.918 3476 RALLYDEBUG rally_openstack.wrappers.network [-] CIDR generated: 1.1.9.0/30
2020-03-05 01:00:52.011 3475 RALLYDEBUG rally_openstack.wrappers.network [-] CIDR generated: 1.1.9.4/30
2020-03-05 01:00:52.020 3526 INFO rally.task.runner [-] Task f544de06-cff4-4707-aa39-2696ee609cd5 | ITER: 20 END: OK
2020-03-05 01:00:52.028 3526 INFO rally.task.runner [-] Task f544de06-cff4-4707-aa39-2696ee609cd5 | ITER: 33 START
2020-03-05 01:00:52.229 3506 RALLYDEBUG rally_openstack.wrappers.network [-] CIDR generated: 1.1.9.8/30
2020-03-05 01:00:52.449 3489 RALLYDEBUG rally_openstack.wrappers.network [-] CIDR generated: 1.1.9.12/30
2020-03-05 01:00:52.564 3516 INFO rally.task.runner [-] Task f544de06-cff4-4707-aa39-2696ee609cd5 | ITER: 18 END: OK
2020-03-05 01:00:52.572 3516 INFO rally.task.runner [-] Task f544de06-cff4-4707-aa39-2696ee609cd5 | ITER: 34 START
2020-03-05 01:00:53.724 3495 INFO rally.task.runner [-] Task f544de06-cff4-4707-aa39-2696ee609cd5 | ITER: 10 END: OK
2020-03-05 01:00:53.732 3495 INFO rally.task.runner [-] Task f544de06-cff4-4707-aa39-2696ee609cd5 | ITER: 35 START
2020-03-05 01:00:53.745 3526 RALLYDEBUG rally_openstack.wrappers.network [-] CIDR generated: 1.1.9.16/30
2020-03-05 01:00:54.881 3487 INFO rally.task.runner [-] Task f544de06-cff4-4707-aa39-2696ee609cd5 | ITER: 7 END: OK
2020-03-05 01:00:54.889 3487 INFO rally.task.runner [-] Task f544de06-cff4-4707-aa39-2696ee609cd5 | ITER: 36 START
2020-03-05 01:00:54.934 3516 RALLYDEBUG rally_openstack.wrappers.network [-] CIDR generated: 1.1.9.20/30
2020-03-05 01:00:55.171 3477 RALLYDEBUG rally_openstack.wrappers.network [-] CIDR generated: 1.1.9.24/30
2020-03-05 01:00:55.900 3478 RALLYDEBUG rally_openstack.wrappers.network [-] CIDR generated: 1.1.9.28/30
2020-03-05 01:00:56.154 3503 INFO rally.task.runner [-] Task f544de06-cff4-4707-aa39-2696ee609cd5 | ITER: 13 END: OK
2020-03-05 01:00:56.163 3503 INFO rally.task.runner [-] Task f544de06-cff4-4707-aa39-2696ee609cd5 | ITER: 37 START
2020-03-05 01:00:56.215 3495 RALLYDEBUG rally_openstack.wrappers.network [-] CIDR generated: 1.1.9.32/30
2020-03-05 01:00:56.388 3489 RALLYDEBUG rally_openstack.wrappers.network [-] CIDR generated: 1.1.9.36/30
2020-03-05 01:00:56.446 3476 RALLYDEBUG rally_openstack.wrappers.network [-] CIDR generated: 1.1.9.40/30
2020-03-05 01:00:57.700 3502 INFO rally.task.runner [-] Task f544de06-cff4-4707-aa39-2696ee609cd5 | ITER: 12 END: OK
2020-03-05 01:00:57.708 3502 INFO rally.task.runner [-] Task f544de06-cff4-4707-aa39-2696ee609cd5 | ITER: 38 START
2020-03-05 01:00:58.057 3487 RALLYDEBUG rally_openstack.wrappers.network [-] CIDR generated: 1.1.9.44/30
2020-03-05 01:00:58.487 3479 INFO rally.task.runner [-] Task f544de06-cff4-4707-aa39-2696ee609cd5 | ITER: 5 END: OK
2020-03-05 01:00:58.495 3479 INFO rally.task.runner [-] Task f544de06-cff4-4707-aa39-2696ee609cd5 | ITER: 39 START
2020-03-05 01:00:59.027 3503 RALLYDEBUG rally_openstack.wrappers.network [-] CIDR generated: 1.1.9.48/30
2020-03-05 01:00:59.868 3526 RALLYDEBUG rally_openstack.wrappers.network [-] CIDR generated: 1.1.9.52/30
2020-03-05 01:01:00.151 3502 RALLYDEBUG rally_openstack.wrappers.network [-] CIDR generated: 1.1.9.56/30
2020-03-05 01:01:00.616 3479 RALLYDEBUG rally_openstack.wrappers.network [-] CIDR generated: 1.1.9.60/30
2020-03-05 01:01:02.165 3516 RALLYDEBUG rally_openstack.wrappers.network [-] CIDR generated: 1.1.9.64/30
2020-03-05 01:01:03.092 3495 RALLYDEBUG rally_openstack.wrappers.network [-] CIDR generated: 1.1.9.68/30
2020-03-05 01:01:04.047 3487 RALLYDEBUG rally_openstack.wrappers.network [-] CIDR generated: 1.1.9.72/30
2020-03-05 01:01:04.177 3479 RALLYDEBUG rally_openstack.wrappers.network [-] CIDR generated: 1.1.9.76/30
2020-03-05 01:01:04.300 3503 RALLYDEBUG rally_openstack.wrappers.network [-] CIDR generated: 1.1.9.80/30
2020-03-05 01:01:04.320 3502 RALLYDEBUG rally_openstack.wrappers.network [-] CIDR generated: 1.1.9.84/30
2020-03-05 01:01:05.430 3511 INFO rally.task.runner [-] Task f544de06-cff4-4707-aa39-2696ee609cd5 | ITER: 16 END: OK
2020-03-05 01:01:05.438 3511 INFO rally.task.runner [-] Task f544de06-cff4-4707-aa39-2696ee609cd5 | ITER: 40 START
2020-03-05 01:01:08.492 3511 RALLYDEBUG rally_openstack.wrappers.network [-] CIDR generated: 1.1.9.88/30
2020-03-05 01:01:10.328 3511 RALLYDEBUG rally_openstack.wrappers.network [-] CIDR generated: 1.1.9.92/30
2020-03-05 01:01:43.965 3523 INFO rally.task.runner [-] Task f544de06-cff4-4707-aa39-2696ee609cd5 | ITER: 24 END: OK
2020-03-05 01:01:48.264 3519 INFO rally.task.runner [-] Task f544de06-cff4-4707-aa39-2696ee609cd5 | ITER: 22 END: OK
2020-03-05 01:01:49.019 3492 INFO rally.task.runner [-] Task f544de06-cff4-4707-aa39-2696ee609cd5 | ITER: 21 END: OK
2020-03-05 01:01:55.007 3499 INFO rally.task.runner [-] Task f544de06-cff4-4707-aa39-2696ee609cd5 | ITER: 25 END: OK
2020-03-05 01:01:55.417 3483 INFO rally.task.runner [-] Task f544de06-cff4-4707-aa39-2696ee609cd5 | ITER: 23 END: OK
2020-03-05 01:01:59.636 3509 INFO rally.task.runner [-] Task f544de06-cff4-4707-aa39-2696ee609cd5 | ITER: 26 END: OK
2020-03-05 01:02:00.905 3476 INFO rally.task.runner [-] Task f544de06-cff4-4707-aa39-2696ee609cd5 | ITER: 31 END: OK
2020-03-05 01:02:01.386 3506 INFO rally.task.runner [-] Task f544de06-cff4-4707-aa39-2696ee609cd5 | ITER: 27 END: OK
2020-03-05 01:02:02.522 3478 INFO rally.task.runner [-] Task f544de06-cff4-4707-aa39-2696ee609cd5 | ITER: 29 END: OK
2020-03-05 01:02:04.725 3516 INFO rally.task.runner [-] Task f544de06-cff4-4707-aa39-2696ee609cd5 | ITER: 34 END: OK
2020-03-05 01:02:05.258 3495 INFO rally.task.runner [-] Task f544de06-cff4-4707-aa39-2696ee609cd5 | ITER: 35 END: OK
2020-03-05 01:02:06.718 3489 INFO rally.task.runner [-] Task f544de06-cff4-4707-aa39-2696ee609cd5 | ITER: 32 END: OK
2020-03-05 01:02:06.983 3526 INFO rally.task.runner [-] Task f544de06-cff4-4707-aa39-2696ee609cd5 | ITER: 33 END: OK
2020-03-05 01:02:07.841 3502 INFO rally.task.runner [-] Task f544de06-cff4-4707-aa39-2696ee609cd5 | ITER: 38 END: OK
2020-03-05 01:02:08.659 3503 INFO rally.task.runner [-] Task f544de06-cff4-4707-aa39-2696ee609cd5 | ITER: 37 END: OK
2020-03-05 01:02:08.916 3475 INFO rally.task.runner [-] Task f544de06-cff4-4707-aa39-2696ee609cd5 | ITER: 28 END: OK
2020-03-05 01:02:08.957 3477 INFO rally.task.runner [-] Task f544de06-cff4-4707-aa39-2696ee609cd5 | ITER: 30 END: OK
2020-03-05 01:02:09.671 3487 INFO rally.task.runner [-] Task f544de06-cff4-4707-aa39-2696ee609cd5 | ITER: 36 END: OK
2020-03-05 01:02:14.297 3479 INFO rally.task.runner [-] Task f544de06-cff4-4707-aa39-2696ee609cd5 | ITER: 39 END: OK
2020-03-05 01:02:18.305 3511 INFO rally.task.runner [-] Task f544de06-cff4-4707-aa39-2696ee609cd5 | ITER: 40 END: OK
2020-03-05 01:02:18.331 15 INFO rally.task.context [-] Task f544de06-cff4-4707-aa39-2696ee609cd5 | Context cleanup@openstack cleanup() started
2020-03-05 01:02:18.334 15 RALLYDEBUG rally_openstack.cleanup.manager [-] Cleaning up neutron vip objects
2020-03-05 01:02:18.501 15 RALLYDEBUG rally_openstack.cleanup.manager [-] Cleaning up neutron health_monitor objects
2020-03-05 01:02:18.701 15 RALLYDEBUG rally_openstack.cleanup.manager [-] Cleaning up neutron pool objects
2020-03-05 01:02:18.870 15 RALLYDEBUG rally_openstack.cleanup.manager [-] Cleaning up neutron loadbalancer objects
2020-03-05 01:02:19.012 15 RALLYDEBUG rally_openstack.cleanup.manager [-] Cleaning up neutron floatingip objects
2020-03-05 01:02:19.220 15 RALLYDEBUG rally_openstack.cleanup.manager [-] Cleaning up neutron trunk objects
2020-03-05 01:02:19.339 15 DEBUG neutronclient.v2_0.client [-] Error message: {"message": "The resource could not be found.

\n\n\n", "code": "404 Not Found", "title": "Not Found"} _handle_fault_response /usr/lib/python2.7/site-packages/neutronclient/v2_0/client.py:259
2020-03-05 01:02:19.349 15 RALLYDEBUG rally_openstack.cleanup.manager [-] Cleaning up neutron port objects
2020-03-05 01:02:19.959 15 RALLYDEBUG rally_openstack.cleanup.manager [-] Cleaning up neutron subnet objects
2020-03-05 01:02:20.486 15 RALLYDEBUG rally_openstack.cleanup.manager [-] Deleting neutron.subnet object s_rally_dc947d84_PW76gjHC (0a0e6f41-7de5-412c-a6a8-41ea24449f79)
2020-03-05 01:02:20.492 15 RALLYDEBUG rally_openstack.cleanup.manager [-] Deleting neutron.subnet object s_rally_dc947d84_5pZOMdVj (10816f49-8596-42d2-b318-0d996d902057)
2020-03-05 01:02:20.498 15 RALLYDEBUG rally_openstack.cleanup.manager [-] Deleting neutron.subnet object s_rally_dc947d84_FRA2ZqM9 (109f7fe8-d262-4b0f-8eb5-14bc1a90a585)
2020-03-05 01:02:20.511 15 RALLYDEBUG rally_openstack.cleanup.manager [-] Deleting neutron.subnet object s_rally_dc947d84_pb8HPThr (1b91abd0-b0e1-4708-b205-89d4adfb73e0)
2020-03-05 01:02:20.611 15 RALLYDEBUG rally_openstack.cleanup.manager [-] Deleting neutron.subnet object s_rally_dc947d84_0JyQSvlB (1bc8062f-da1c-497b-8953-3c50a0b9b4b3)
2020-03-05 01:02:20.622 15 RALLYDEBUG rally_openstack.cleanup.manager [-] Deleting neutron.subnet object s_rally_dc947d84_aJPsR4HG (2119bbf7-d3e1-47d3-8b30-b7925601a666)
2020-03-05 01:02:20.633 15 RALLYDEBUG rally_openstack.cleanup.manager [-] Deleting neutron.subnet object s_rally_dc947d84_clZ44SWx (23cf1501-95ee-476a-a6b4-c5ce09e3b79a)
2020-03-05 01:02:20.661 15 RALLYDEBUG rally_openstack.cleanup.manager [-] Deleting neutron.subnet object s_rally_dc947d84_lp9OgUyz (269e5d6d-2484-447a-a788-52e500d80d9d)
2020-03-05 01:02:20.674 15 RALLYDEBUG rally_openstack.cleanup.manager [-] Deleting neutron.subnet object s_rally_dc947d84_gPkbqQvC (2a3e76a4-e94e-4669-b6d9-d4daaf029828)
2020-03-05 01:02:20.683 15 RALLYDEBUG rally_openstack.cleanup.manager [-] Deleting neutron.subnet object s_rally_dc947d84_1qPJwV54 (36b375c7-cd2e-4796-ae90-dbc9ad109f08)
2020-03-05 01:02:20.685 15 RALLYDEBUG rally_openstack.cleanup.manager [-] Deleting neutron.subnet object s_rally_dc947d84_11PvcbaH (2bfa5e4d-4bd2-4f7b-8bd8-61a9cc6ea56b)
2020-03-05 01:02:20.736 15 RALLYDEBUG rally_openstack.cleanup.manager [-] Deleting neutron.subnet object s_rally_dc947d84_mKmgblaX (3a8e619c-49d8-41ae-8b29-6c987191957f)
2020-03-05 01:02:20.779 15 RALLYDEBUG rally_openstack.cleanup.manager [-] Deleting neutron.subnet object s_rally_dc947d84_e3jlboub (37519622-9f86-4d83-8096-023c6380e05b)
2020-03-05 01:02:20.777 15 RALLYDEBUG rally_openstack.cleanup.manager [-] Deleting neutron.subnet object s_rally_dc947d84_8lqWcSsI (3e1b8796-0984-4be2-9d62-0d13bc1f19f6)
2020-03-05 01:02:20.798 15 RALLYDEBUG rally_openstack.cleanup.manager [-] Deleting neutron.subnet object s_rally_dc947d84_FZua7BfZ (4d550ab2-2efa-4f2d-9149-511e7763b0d6)
2020-03-05 01:02:20.806 15 RALLYDEBUG rally_openstack.cleanup.manager [-] Deleting neutron.subnet object s_rally_dc947d84_uJ07Wn9Q (42b50a1c-7c5b-4491-8104-a77a9901b596)
2020-03-05 01:02:20.802 15 RALLYDEBUG rally_openstack.cleanup.manager [-] Deleting neutron.subnet object s_rally_dc947d84_XkH5IA5i (4165675a-ebbc-4539-ac17-59da3fa8efc2)
2020-03-05 01:02:20.837 15 RALLYDEBUG rally_openstack.cleanup.manager [-] Deleting neutron.subnet object s_rally_dc947d84_BEJmp0qs (3cac5638-19ec-47c3-95ab-278fff9ad229)
2020-03-05 01:02:20.853 15 RALLYDEBUG rally_openstack.cleanup.manager [-] Deleting neutron.subnet object s_rally_dc947d84_xbcdSxOC (4ba65e6c-7974-4bc0-a67d-c41863bcc076)
2020-03-05 01:02:20.863 15 RALLYDEBUG rally_openstack.cleanup.manager [-] Deleting neutron.subnet object s_rally_dc947d84_3utDDNs9 (3edd87da-25b4-4010-92cf-c6adef34a573)
2020-03-05 01:02:23.366 15 RALLYDEBUG rally_openstack.cleanup.manager [-] Deleting neutron.subnet object s_rally_dc947d84_U2kNQAUb (4ded3aa2-d105-47e1-b837-6517ddcf1fcc)
2020-03-05 01:02:23.569 15 RALLYDEBUG rally_openstack.cleanup.manager [-] Deleting neutron.subnet object s_rally_dc947d84_G4fPIaX8 (54672ecd-385e-4e62-b033-306826e4566d)
2020-03-05 01:02:23.573 15 RALLYDEBUG rally_openstack.cleanup.manager [-] Deleting neutron.subnet object s_rally_dc947d84_RoKnpZHv (54e5b578-d55e-4764-a48f-ce7ac70ddd09)
2020-03-05 01:02:23.654 15 RALLYDEBUG rally_openstack.cleanup.manager [-] Deleting neutron.subnet object s_rally_dc947d84_to54z0FN (55b4337a-0cdc-414f-9f5b-6c11c5041428)
2020-03-05 01:02:23.672 15 RALLYDEBUG rally_openstack.cleanup.manager [-] Deleting neutron.subnet object s_rally_dc947d84_WrpoPGL5 (56b7419f-d5c6-43a5-ad2a-21795272e2b0)
2020-03-05 01:02:23.919 15 RALLYDEBUG rally_openstack.cleanup.manager [-] Deleting neutron.subnet object s_rally_dc947d84_20ZpULmA (589ff180-1ebc-4854-bce4-1687c02c532a)
2020-03-05 01:02:24.463 15 RALLYDEBUG rally_openstack.cleanup.manager [-] Deleting neutron.subnet object s_rally_dc947d84_yf8cxwie (5abab671-aeb5-48d4-972d-5321ab7b2636)
2020-03-05 01:02:24.958 15 RALLYDEBUG rally_openstack.cleanup.manager [-] Deleting neutron.subnet object s_rally_dc947d84_D71IbF7o (5c10976b-f6f1-4a69-b38d-d39c07a47cc4)
2020-03-05 01:02:24.965 15 RALLYDEBUG rally_openstack.cleanup.manager [-] Deleting neutron.subnet object s_rally_dc947d84_PZ71IyX8 (5df92a0f-86c1-46c2-84d3-f9a67a16ab41)
2020-03-05 01:02:25.134 15 RALLYDEBUG rally_openstack.cleanup.manager [-] Deleting neutron.subnet object s_rally_dc947d84_O11RDJil (637e0ee1-117c-4b8c-b42f-5861144a8c75)
2020-03-05 01:02:25.337 15 RALLYDEBUG rally_openstack.cleanup.manager [-] Deleting neutron.subnet object s_rally_dc947d84_OYc7hLpH (6981098a-3ffd-45d0-a8a0-cee8d7ab1540)
2020-03-05 01:02:25.432 15 RALLYDEBUG rally_openstack.cleanup.manager [-] Deleting neutron.subnet object s_rally_dc947d84_gvKb8wRg (69a6dc55-8375-4995-a5e4-1f89c4664956)
2020-03-05 01:02:25.527 15 RALLYDEBUG rally_openstack.cleanup.manager [-] Deleting neutron.subnet object s_rally_dc947d84_oG1vmmgo (76e89a06-c872-4fe0-9a75-3c36054f863b)
2020-03-05 01:02:25.668 15 RALLYDEBUG rally_openstack.cleanup.manager [-] Deleting neutron.subnet object s_rally_dc947d84_EpznxVH7 (7ac3df70-9acb-4b2c-b62e-28ddffa41e80)
2020-03-05 01:02:25.768 15 RALLYDEBUG rally_openstack.cleanup.manager [-] Deleting neutron.subnet object s_rally_dc947d84_OOJoBfFw (7ad958a4-74ec-4843-bae0-6277ccfd95a9)
2020-03-05 01:02:25.896 15 RALLYDEBUG rally_openstack.cleanup.manager [-] Deleting neutron.subnet object s_rally_dc947d84_PyWSkxHO (81bc7043-64d5-4f5b-8843-265003041f53)
2020-03-05 01:02:26.115 15 RALLYDEBUG rally_openstack.cleanup.manager [-] Deleting neutron.subnet object s_rally_dc947d84_6kxZon6e (82efc078-9e2c-4b12-b9e8-d4601f975d03)
2020-03-05 01:02:26.303 15 RALLYDEBUG rally_openstack.cleanup.manager [-] Deleting neutron.subnet object s_rally_dc947d84_LKwLUco6 (88111ab2-3684-4c9e-9bbf-be4fd7e08c6a)
2020-03-05 01:02:26.341 15 RALLYDEBUG rally_openstack.cleanup.manager [-] Deleting neutron.subnet object s_rally_dc947d84_whiBX21t (8aa9c79d-3d21-4eab-8a30-6b72fed174c5)
2020-03-05 01:02:26.513 15 RALLYDEBUG rally_openstack.cleanup.manager [-] Deleting neutron.subnet object s_rally_dc947d84_dbBYTFku (8b91cb45-db37-4848-93e2-d856b23d6b03)
2020-03-05 01:02:26.536 15 RALLYDEBUG rally_openstack.cleanup.manager [-] Deleting neutron.subnet object s_rally_dc947d84_bOewVJT8 (906edc6e-e1b6-4905-bfb4-709bf6ae08f5)
2020-03-05 01:02:27.082 15 RALLYDEBUG rally_openstack.cleanup.manager [-] Deleting neutron.subnet object s_rally_dc947d84_rGgJkvnx (90719c2e-0a1b-42e1-945b-fb477a457fe6)
2020-03-05 01:02:27.146 15 RALLYDEBUG rally_openstack.cleanup.manager [-] Deleting neutron.subnet object s_rally_dc947d84_hR4QBYFG (97640c8b-17ed-47f4-af6e-d410cbf3d994)
2020-03-05 01:02:27.165 15 RALLYDEBUG rally_openstack.cleanup.manager [-] Deleting neutron.subnet object s_rally_dc947d84_76kFZQkJ (9be7857f-a8c8-4f90-9e04-f563d72adb06)
2020-03-05 01:02:27.244 15 RALLYDEBUG rally_openstack.cleanup.manager [-] Deleting neutron.subnet object s_rally_dc947d84_kuCPLdFv (9c5d6b26-149f-481b-95f2-6bf0f1b6e618)
2020-03-05 01:02:27.725 15 RALLYDEBUG rally_openstack.cleanup.manager [-] Deleting neutron.subnet object s_rally_dc947d84_Ua0M7rhp (9e4172a3-c7ca-4a3a-b9eb-9f6c514f23e6)
2020-03-05 01:02:28.033 15 RALLYDEBUG rally_openstack.cleanup.manager [-] Deleting neutron.subnet object s_rally_dc947d84_1iHG5mCS (a1a73da0-82e8-4280-9673-0c2ee414434a)
2020-03-05 01:02:28.110 15 RALLYDEBUG rally_openstack.cleanup.manager [-] Deleting neutron.subnet object s_rally_dc947d84_pbmyiPOi (a3d56297-b2cb-424b-b71d-d899938daefe)
2020-03-05 01:02:28.680 15 RALLYDEBUG rally_openstack.cleanup.manager [-] Deleting neutron.subnet object s_rally_dc947d84_zeZn5YgJ (a53ad990-d7a4-45ba-b696-5cb32d42e436)
2020-03-05 01:02:28.695 15 RALLYDEBUG rally_openstack.cleanup.manager [-] Deleting neutron.subnet object s_rally_dc947d84_tq22FGx9 (a7a91fca-cf9b-4ebd-9d32-44e73eb85fb4)
2020-03-05 01:02:29.157 15 RALLYDEBUG rally_openstack.cleanup.manager [-] Deleting neutron.subnet object s_rally_dc947d84_0siO01Fo (aa136696-01ba-4ced-aaa1-1f08d41bab47)
2020-03-05 01:02:29.232 15 RALLYDEBUG rally_openstack.cleanup.manager [-] Deleting neutron.subnet object s_rally_dc947d84_rKbCqETy (ab3b2618-92ad-40f7-b35f-63f4e2ef74d7)
2020-03-05 01:02:29.623 15 RALLYDEBUG rally_openstack.cleanup.manager [-] Deleting neutron.subnet object s_rally_dc947d84_4icQnVgY (abfad1e5-f0a5-40a8-8654-61ee367c4b6b)
2020-03-05 01:02:29.744 15 RALLYDEBUG rally_openstack.cleanup.manager [-] Deleting neutron.subnet object s_rally_dc947d84_KFbbMIlS (af98f9db-fdfe-4b4c-9b42-da099245814f)
2020-03-05 01:02:29.989 15 RALLYDEBUG rally_openstack.cleanup.manager [-] Deleting neutron.subnet object s_rally_dc947d84_iGhDgDN8 (b0027b06-1cc5-4f50-86e2-d9bf526f4518)
2020-03-05 01:02:30.021 15 RALLYDEBUG rally_openstack.cleanup.manager [-] Deleting neutron.subnet object s_rally_dc947d84_rhGnQy97 (b2b67530-2fd1-4bff-839a-d30db9793a24)
2020-03-05 01:02:30.065 15 RALLYDEBUG rally_openstack.cleanup.manager [-] Deleting neutron.subnet object s_rally_dc947d84_QK8CpHDN (bd0c234c-8b9c-4281-8d09-cac8ded3c78e)
2020-03-05 01:02:30.099 15 RALLYDEBUG rally_openstack.cleanup.manager [-] Deleting neutron.subnet object s_rally_dc947d84_TKH46QVk (bde92b9c-c082-4ba7-abf5-f0adc9829f4c)
2020-03-05 01:02:30.527 15 RALLYDEBUG rally_openstack.cleanup.manager [-] Deleting neutron.subnet object s_rally_dc947d84_LIjyxP28 (bfbecee4-462f-487f-a562-f49c911f98ec)
2020-03-05 01:02:30.552 15 RALLYDEBUG rally_openstack.cleanup.manager [-] Deleting neutron.subnet object s_rally_dc947d84_ORVBR1Bj (c76de9c8-4c63-4f11-8e93-ba09cbfd3db2)
2020-03-05 01:02:30.585 15 RALLYDEBUG rally_openstack.cleanup.manager [-] Deleting neutron.subnet object s_rally_dc947d84_Cm6EQzDm (c7991c9e-2d46-4fe2-9e37-380dfd68b635)
2020-03-05 01:02:30.603 15 RALLYDEBUG rally_openstack.cleanup.manager [-] Deleting neutron.subnet object s_rally_dc947d84_TS294Osg (c935e5db-f40b-4ca4-860c-ec8b718e82d2)
2020-03-05 01:02:30.864 15 RALLYDEBUG rally_openstack.cleanup.manager [-] Deleting neutron.subnet object s_rally_dc947d84_iZdAGFHd (c9384756-c8f1-4795-96aa-c36ccc214d70)
2020-03-05 01:02:30.906 15 RALLYDEBUG rally_openstack.cleanup.manager [-] Deleting neutron.subnet object s_rally_dc947d84_ETXU9Vu9 (d064adf5-2306-47c4-9752-50ae31d5509d)
2020-03-05 01:02:31.252 15 RALLYDEBUG rally_openstack.cleanup.manager [-] Deleting neutron.subnet object s_rally_dc947d84_k3lwMlrV (d0d4e608-9bb5-4472-95ae-a5b00711a186)
2020-03-05 01:02:31.521 15 RALLYDEBUG rally_openstack.cleanup.manager [-] Deleting neutron.subnet object s_rally_dc947d84_kj1PLeqg (d1b05652-7fe4-4493-b2d8-736911fed2d8)
2020-03-05 01:02:31.669 15 RALLYDEBUG rally_openstack.cleanup.manager [-] Deleting neutron.subnet object s_rally_dc947d84_zoe2maVS (d272b17a-ce9e-4a21-9584-9fb0f31977d2)
2020-03-05 01:02:31.948 15 RALLYDEBUG rally_openstack.cleanup.manager [-] Deleting neutron.subnet object s_rally_dc947d84_s0LuQv9z (d6885162-77a6-480f-98d8-b898a099a5ee)
2020-03-05 01:02:32.095 15 RALLYDEBUG rally_openstack.cleanup.manager [-] Deleting neutron.subnet object s_rally_dc947d84_qWqrTKo5 (d7e34774-45d1-4af1-9036-d43938a0b0b2)
2020-03-05 01:02:32.116 15 RALLYDEBUG rally_openstack.cleanup.manager [-] Deleting neutron.subnet object s_rally_dc947d84_SHgZqjCi (d886f4c9-bee9-4c17-8cdc-64b1ea53bbd9)
2020-03-05 01:02:32.407 15 RALLYDEBUG rally_openstack.cleanup.manager [-] Deleting neutron.subnet object s_rally_dc947d84_qBtdDHws (db2cc26a-0e61-4be7-b333-ae6220dde821)
2020-03-05 01:02:32.641 15 RALLYDEBUG rally_openstack.cleanup.manager [-] Deleting neutron.subnet object s_rally_dc947d84_TsirmFrm (e2329ce5-58b9-45e7-9f8f-1badd223952a)
2020-03-05 01:02:32.660 15 RALLYDEBUG rally_openstack.cleanup.manager [-] Deleting neutron.subnet object s_rally_dc947d84_l1BoJQW3 (e652c2fa-af1e-4525-b5b6-a0b5bf2290f5)
2020-03-05 01:02:32.898 15 RALLYDEBUG rally_openstack.cleanup.manager [-] Deleting neutron.subnet object s_rally_dc947d84_sEmYdScY (ebb6248b-680e-45b8-a2f2-91e0120089fd)
2020-03-05 01:02:32.951 15 RALLYDEBUG rally_openstack.cleanup.manager [-] Deleting neutron.subnet object s_rally_dc947d84_HZNP5byi (f07bbbe3-6ba4-4a2b-9804-973819a763c6)
2020-03-05 01:02:33.457 15 RALLYDEBUG rally_openstack.cleanup.manager [-] Deleting neutron.subnet object s_rally_dc947d84_uNEANGgU (f1f5d289-66a9-4d39-9c60-e93bb3044fa8)
2020-03-05 01:02:34.220 15 RALLYDEBUG rally_openstack.cleanup.manager [-] Deleting neutron.subnet object s_rally_dc947d84_RW1bjjIP (f2a8d841-8fbc-49a9-a086-72cca8d1d6dd)
2020-03-05 01:02:34.266 15 RALLYDEBUG rally_openstack.cleanup.manager [-] Deleting neutron.subnet object s_rally_dc947d84_KyafvdiG (f43adc68-12f3-45f9-bf2f-65ee16655486)
2020-03-05 01:02:34.431 15 RALLYDEBUG rally_openstack.cleanup.manager [-] Deleting neutron.subnet object s_rally_dc947d84_OxVSHawX (f722eec9-592f-4baa-8cda-4135fef6d921)
2020-03-05 01:02:34.468 15 RALLYDEBUG rally_openstack.cleanup.manager [-] Deleting neutron.subnet object s_rally_dc947d84_lTYl1jJn (fe082413-d39d-40c2-95b2-ffdaa1e9ab28)
2020-03-05 01:02:39.265 15 RALLYDEBUG rally_openstack.cleanup.manager [-] Cleaning up neutron network objects
2020-03-05 01:02:39.728 15 RALLYDEBUG rally_openstack.cleanup.manager [-] Deleting neutron.network object s_rally_dc947d84_oMAqWbtT (0c7c125a-0ac9-41b3-87a8-f7de7cb9d05d)
2020-03-05 01:02:39.738 15 RALLYDEBUG rally_openstack.cleanup.manager [-] Deleting neutron.network object s_rally_dc947d84_f9HmrQ0t (11f04ccb-a497-4664-9014-1b3029141283)
2020-03-05 01:02:39.747 15 RALLYDEBUG rally_openstack.cleanup.manager [-] Deleting neutron.network object s_rally_dc947d84_buWsZ1FX (1a435e57-e022-4a76-a4ba-f37a4a0c7330)
2020-03-05 01:02:39.751 15 RALLYDEBUG rally_openstack.cleanup.manager [-] Deleting neutron.network object s_rally_dc947d84_5FK5ooeW (2c96ecdf-6489-465d-883a-f58f311d6d0b)
2020-03-05 01:02:39.766 15 RALLYDEBUG rally_openstack.cleanup.manager [-] Deleting neutron.network object s_rally_dc947d84_1n8B7oMP (32b2c115-9095-4540-9481-762b8a2e0a89)
2020-03-05 01:02:39.772 15 RALLYDEBUG rally_openstack.cleanup.manager [-] Deleting neutron.network object s_rally_dc947d84_aXFEeoL6 (353a614b-1deb-48cd-8082-13fb5c7f58ac)
2020-03-05 01:02:39.787 15 RALLYDEBUG rally_openstack.cleanup.manager [-] Deleting neutron.network object s_rally_dc947d84_TPOq9zF2 (3eecbb45-dfc8-4966-a503-4d9208091c41)
2020-03-05 01:02:39.803 15 RALLYDEBUG rally_openstack.cleanup.manager [-] Deleting neutron.network object s_rally_dc947d84_0MLrxjrg (4b049f2c-590b-4d12-b87c-0d6dcfaaa587)
2020-03-05 01:02:39.812 15 RALLYDEBUG rally_openstack.cleanup.manager [-] Deleting neutron.network object s_rally_dc947d84_5WE0m7Q4 (53967773-b3ac-4ed2-a217-8b98fa85e65f)
2020-03-05 01:02:39.818 15 RALLYDEBUG rally_openstack.cleanup.manager [-] Deleting neutron.network object s_rally_dc947d84_r15rFjby (4d6ff94e-5ca4-4a9d-9230-2cb574b90d8a)
2020-03-05 01:02:39.819 15 RALLYDEBUG rally_openstack.cleanup.manager [-] Deleting neutron.network object s_rally_dc947d84_E0RhCDaU (505e6dee-052c-4283-8540-aac51fed7345)
2020-03-05 01:02:39.863 15 RALLYDEBUG rally_openstack.cleanup.manager [-] Deleting neutron.network object s_rally_dc947d84_QPcp6cmV (5bb49390-65e3-4b10-9cf6-c61262858030)
2020-03-05 01:02:39.892 15 RALLYDEBUG rally_openstack.cleanup.manager [-] Deleting neutron.network object s_rally_dc947d84_NjU2FTPJ (5b46d516-5d37-4393-b068-1f6bf57d38ab)
2020-03-05 01:02:39.925 15 RALLYDEBUG rally_openstack.cleanup.manager [-] Deleting neutron.network object s_rally_dc947d84_DpJ9pdrs (68fd0de0-f7be-43f2-be1c-e29c246081e4)
2020-03-05 01:02:39.943 15 RALLYDEBUG rally_openstack.cleanup.manager [-] Deleting neutron.network object s_rally_dc947d84_MGtSMkN1 (66db5236-f8a5-4f88-94b0-1989c87273a9)
2020-03-05 01:02:39.958 15 RALLYDEBUG rally_openstack.cleanup.manager [-] Deleting neutron.network object s_rally_dc947d84_7pzoGupU (5dc3c4c3-c24b-4a52-b683-71817198e1e7)
2020-03-05 01:02:39.970 15 RALLYDEBUG rally_openstack.cleanup.manager [-] Deleting neutron.network object s_rally_dc947d84_EandWQX7 (6e67bca7-add0-45ed-8d81-3b1162aa1374)
2020-03-05 01:02:39.984 15 RALLYDEBUG rally_openstack.cleanup.manager [-] Deleting neutron.network object s_rally_dc947d84_n9LeUVra (6ed72867-abaf-4acb-b52c-9968620b11de)
2020-03-05 01:02:40.008 15 RALLYDEBUG rally_openstack.cleanup.manager [-] Deleting neutron.network object s_rally_dc947d84_JpEJwgmw (6b0e618b-025d-48d4-8e5e-46e322c480f6)
2020-03-05 01:02:40.014 15 RALLYDEBUG rally_openstack.cleanup.manager [-] Deleting neutron.network object s_rally_dc947d84_2XbLuX6C (7192f921-9ce8-4a1f-a701-7f6d470f4a03)
2020-03-05 01:02:42.660 15 RALLYDEBUG rally_openstack.cleanup.manager [-] Deleting neutron.network object s_rally_dc947d84_NIh9lZfk (7226dbbd-92d7-466b-a189-b606ad0eff8b)
2020-03-05 01:02:42.675 15 RALLYDEBUG rally_openstack.cleanup.manager [-] Deleting neutron.network object s_rally_dc947d84_nMcl7Xj6 (76dd8f31-db75-451d-92f1-339be8d301c3)
2020-03-05 01:02:42.677 15 RALLYDEBUG rally_openstack.cleanup.manager [-] Deleting neutron.network object s_rally_dc947d84_4u6mwGHH (72bc6610-f32f-4590-a04a-1a004a01780f)
2020-03-05 01:02:42.701 15 RALLYDEBUG rally_openstack.cleanup.manager [-] Deleting neutron.network object s_rally_dc947d84_lzqt2EJS (7d4b7ad8-1156-4481-a195-adec8d882b86)
2020-03-05 01:02:42.713 15 RALLYDEBUG rally_openstack.cleanup.manager [-] Deleting neutron.network object s_rally_dc947d84_aya8gG3c (82ce7b40-27a7-4f83-9aec-a795dd2cb4fa)
2020-03-05 01:02:43.061 15 RALLYDEBUG rally_openstack.cleanup.manager [-] Deleting neutron.network object s_rally_dc947d84_kiDybmd0 (8573d6f0-9111-481c-bb4b-2fc959734752)
2020-03-05 01:02:43.095 15 RALLYDEBUG rally_openstack.cleanup.manager [-] Deleting neutron.network object s_rally_dc947d84_ypfsZNdU (88d745c7-cfdb-4e89-97e4-65198d80cb99)
2020-03-05 01:02:43.194 15 RALLYDEBUG rally_openstack.cleanup.manager [-] Deleting neutron.network object s_rally_dc947d84_g7cFCzIi (8dce5eea-b48b-4918-8433-754e18a3449c)
2020-03-05 01:02:43.270 15 RALLYDEBUG rally_openstack.cleanup.manager [-] Deleting neutron.network object s_rally_dc947d84_PAKFk3Ny (8f391b6a-f1e5-4a84-a816-cfe558936d4b)
2020-03-05 01:02:43.402 15 RALLYDEBUG rally_openstack.cleanup.manager [-] Deleting neutron.network object s_rally_dc947d84_cToO5CET (8fc3d82b-1e3b-4efd-82c5-7d099425692d)
2020-03-05 01:02:43.513 15 RALLYDEBUG rally_openstack.cleanup.manager [-] Deleting neutron.network object s_rally_dc947d84_B64iYG4t (9582709e-1a7b-45e0-b37c-5bb65c0d55a1)
2020-03-05 01:02:43.983 15 RALLYDEBUG rally_openstack.cleanup.manager [-] Deleting neutron.network object s_rally_dc947d84_3FZuKXQv (996d1c8c-f250-4c9d-886b-0eb21e856066)
2020-03-05 01:02:44.008 15 RALLYDEBUG rally_openstack.cleanup.manager [-] Deleting neutron.network object s_rally_dc947d84_FDkmokDy (b479c1fe-cadf-46cc-892f-7a7ca3f1d787)
2020-03-05 01:02:44.409 15 RALLYDEBUG rally_openstack.cleanup.manager [-] Deleting neutron.network object s_rally_dc947d84_ZJXWWTYH (bdfb8a2d-f9b0-4e17-88a2-3da45dc823f0)
2020-03-05 01:02:44.418 15 RALLYDEBUG rally_openstack.cleanup.manager [-] Deleting neutron.network object s_rally_dc947d84_tG55m3yQ (c1336d1b-5ac1-4f54-987d-d4cd94ccaf04)
2020-03-05 01:02:44.709 15 RALLYDEBUG rally_openstack.cleanup.manager [-] Deleting neutron.network object s_rally_dc947d84_SVVhvmD7 (d521e1ee-777e-462d-a2ad-cfdaee7df9c0)
2020-03-05 01:02:45.690 15 RALLYDEBUG rally_openstack.cleanup.manager [-] Deleting neutron.network object s_rally_dc947d84_amHYH3UP (dc2d74c8-270b-453b-b0f1-f66411d24d2f)
2020-03-05 01:02:45.958 15 RALLYDEBUG rally_openstack.cleanup.manager [-] Deleting neutron.network object s_rally_dc947d84_effAHhdc (dff00f5a-424f-48de-a97b-15e23da0fed3)
2020-03-05 01:02:46.062 15 RALLYDEBUG rally_openstack.cleanup.manager [-] Deleting neutron.network object s_rally_dc947d84_E68SaChl (ef2e1e59-de52-4edc-ba98-93ccb0e76dc3)
2020-03-05 01:02:46.096 15 RALLYDEBUG rally_openstack.cleanup.manager [-] Deleting neutron.network object s_rally_dc947d84_u3FAlpNT (f2c27c49-bd6d-49c6-afea-0d639e965542)
2020-03-05 01:02:50.195 15 RALLYDEBUG rally_openstack.cleanup.manager [-] Cleaning up neutron router objects
2020-03-05 01:02:50.465 15 RALLYDEBUG rally_openstack.cleanup.manager [-] Cleaning up neutron security_group objects
2020-03-05 01:02:50.686 15 INFO rally.task.context [-] Task f544de06-cff4-4707-aa39-2696ee609cd5 | Context cleanup@openstack cleanup() finished in 32.35 sec
2020-03-05 01:02:50.687 15 INFO rally.task.context [-] Task f544de06-cff4-4707-aa39-2696ee609cd5 | Context quotas@openstack cleanup() started
2020-03-05 01:02:50.842 15 INFO rally.task.context [-] Task f544de06-cff4-4707-aa39-2696ee609cd5 | Context quotas@openstack cleanup() finished in 0.15 sec
2020-03-05 01:02:50.842 15 INFO rally.task.context [-] Task f544de06-cff4-4707-aa39-2696ee609cd5 | Context users@openstack cleanup() started
2020-03-05 01:02:52.076 15 INFO rally.task.context [-] Task f544de06-cff4-4707-aa39-2696ee609cd5 | Context users@openstack cleanup() finished in 1.23 sec
2020-03-05 01:02:53.273 15 INFO rally.task.engine [-] Load duration is: 174.06423
2020-03-05 01:02:53.273 15 INFO rally.task.engine [-] Full runner duration is: 174.112873
2020-03-05 01:02:53.274 15 INFO rally.task.engine [-] Full duration is: 209.49814
2020-03-05 01:02:53.377 15 INFO rally.task.engine [-] Running workload: position = 0 config = { "version": 2, "title": "A cropped version of a bigger task.", "description": "Auto-generated task from a single workload (uuid=b0f63830-8bb1-49b4-9d8f-5fef0a95eccc)", "subtasks": [ { "title": "NeutronNetworks.create_and_list_ports", "description": "Check performance of list ports action and ensure > network quotas are not exceeded", "scenario": { "NeutronNetworks.create_and_list_ports": { "network_create_args": null, "port_create_args": null, "ports_per_network": 50 } }, "contexts": { "users": { "tenants": 1, "users_per_tenant": 1 }, "quotas": { "neutron": { "network": -1, "subnet": -1, "router": -1, "port": 811 } } }, "runner": { "constant": { "times": 8, "concurrency": 4 } }, "hooks": [], "sla": { "max_avg_duration_per_atomic": { "neutron.list_ports": 15 }, "failure_rate": { "max": 0 } } } ] }
2020-03-05 01:02:53.401 15 RALLYDEBUG rally_openstack.contexts.keystone.users [-] Creating 1 tenants using 20 threads
2020-03-05 01:02:53.745 15 RALLYDEBUG rally_openstack.contexts.keystone.users [-] Creating 1 users using 20 threads
2020-03-05 01:02:54.242 15 INFO rally.task.context [-] Task f544de06-cff4-4707-aa39-2696ee609cd5 | Context users@openstack setup() finished in 0.84 sec
2020-03-05 01:02:55.202 15 INFO rally.task.context [-] Task f544de06-cff4-4707-aa39-2696ee609cd5 | Context quotas@openstack setup() finished in 0.96 sec
2020-03-05 01:02:55.202 15 INFO rally.task.context [-] Task f544de06-cff4-4707-aa39-2696ee609cd5 | Context cleanup@openstack setup() finished in 0.00 msec
2020-03-05 01:02:55.211 15 RALLYDEBUG rally.task.runner [-] Starting the constant runner (task UUID: f544de06-cff4-4707-aa39-2696ee609cd5). timeout: 0 concurrency: 4 concurrency_per_worker: 1 times: 8 concurrency_overhead: 0 processes_to_start: 4 max_cpu_used: 88
2020-03-05 01:02:55.225 3877 RALLYDEBUG rally.task.runner [-] Starting a worker. concurrency: 1 args: {"network_create_args": null, "port_create_args": null, "ports_per_network": 50} times: 8 method_name: run timeout: 0 duration: None cls:
2020-03-05 01:02:55.228 3878 RALLYDEBUG rally.task.runner [-] Starting a worker. concurrency: 1 args: {"network_create_args": null, "port_create_args": null, "ports_per_network": 50} times: 8 method_name: run timeout: 0 duration: None cls:
2020-03-05 01:02:55.231 3879 RALLYDEBUG rally.task.runner [-] Starting a worker. concurrency: 1 args: {"network_create_args": null, "port_create_args": null, "ports_per_network": 50} times: 8 method_name: run timeout: 0 duration: None cls:
2020-03-05 01:02:55.232 3877 INFO rally.task.runner [-] Task f544de06-cff4-4707-aa39-2696ee609cd5 | ITER: 1 START
2020-03-05 01:02:55.233 3877 WARNING rally_openstack.scenarios.neutron.utils [-] Running this scenario without either the 'network' or 'existing_network' context is deprecated
2020-03-05 01:02:55.235 3878 INFO rally.task.runner [-] Task f544de06-cff4-4707-aa39-2696ee609cd5 | ITER: 2 START
2020-03-05 01:02:55.235 3880 RALLYDEBUG rally.task.runner [-] Starting a worker. concurrency: 1 args: {"network_create_args": null, "port_create_args": null, "ports_per_network": 50} times: 8 method_name: run timeout: 0 duration: None cls:
2020-03-05 01:02:55.236 3878 WARNING rally_openstack.scenarios.neutron.utils [-] Running this scenario without either the 'network' or 'existing_network' context is deprecated
2020-03-05 01:02:55.237 3879 INFO rally.task.runner [-] Task f544de06-cff4-4707-aa39-2696ee609cd5 | ITER: 3 START
2020-03-05 01:02:55.239 3879 WARNING rally_openstack.scenarios.neutron.utils [-] Running this scenario without either the 'network' or 'existing_network' context is deprecated
2020-03-05 01:02:55.241 3880 INFO rally.task.runner [-] Task f544de06-cff4-4707-aa39-2696ee609cd5 | ITER: 4 START
2020-03-05 01:02:55.242 3880 WARNING rally_openstack.scenarios.neutron.utils [-] Running this scenario without either the 'network' or 'existing_network' context is deprecated
2020-03-05 01:04:03.784 3877 INFO rally.task.runner [-] Task f544de06-cff4-4707-aa39-2696ee609cd5 | ITER: 1 END: OK
2020-03-05 01:04:03.791 3877 INFO rally.task.runner [-] Task f544de06-cff4-4707-aa39-2696ee609cd5 | ITER: 5 START
2020-03-05 01:04:03.792 3877 WARNING rally_openstack.scenarios.neutron.utils [-] Running this scenario without either the 'network' or 'existing_network' context is deprecated
2020-03-05 01:04:05.060 3880 INFO rally.task.runner [-] Task f544de06-cff4-4707-aa39-2696ee609cd5 | ITER: 4 END: OK
2020-03-05 01:04:05.067 3880 INFO rally.task.runner [-] Task f544de06-cff4-4707-aa39-2696ee609cd5 | ITER: 6 START
2020-03-05 01:04:05.068 3880 WARNING rally_openstack.scenarios.neutron.utils [-] Running this scenario without either the 'network' or 'existing_network' context is deprecated
2020-03-05 01:04:07.431 3878 INFO rally.task.runner [-] Task f544de06-cff4-4707-aa39-2696ee609cd5 | ITER: 2 END: OK
2020-03-05 01:04:07.438 3878 INFO rally.task.runner [-] Task f544de06-cff4-4707-aa39-2696ee609cd5 | ITER: 7 START
2020-03-05 01:04:07.439 3878 WARNING rally_openstack.scenarios.neutron.utils [-] Running this scenario without either the 'network' or 'existing_network' context is deprecated
2020-03-05 01:04:07.526 3879 INFO rally.task.runner [-] Task f544de06-cff4-4707-aa39-2696ee609cd5 | ITER: 3 END: OK
2020-03-05 01:04:07.532 3879 INFO rally.task.runner [-] Task f544de06-cff4-4707-aa39-2696ee609cd5 | ITER: 8 START
