2020-03-05 01:06:09.427 15 RALLYDEBUG rally_openstack.cleanup.manager [-] Deleting neutron.port object s_rally_b0f63830_ZdyQfFVZ (b2352cdf-de06-4ac6-b496-c8bccaec7925)
2020-03-05 01:06:10.691 15 RALLYDEBUG rally_openstack.cleanup.manager [-] Deleting neutron.port object s_rally_b0f63830_STmM0XbN (b2cbcd50-ef63-4b90-963f-792d601201ac)
2020-03-05 01:06:10.709 15 RALLYDEBUG rally_openstack.cleanup.manager [-] Deleting neutron.port object s_rally_b0f63830_sRlcSNCJ (b3d56e84-59f6-46bd-b219-4893bf69ea3f)
2020-03-05 01:06:10.889 15 RALLYDEBUG rally_openstack.cleanup.manager [-] Deleting neutron.port object s_rally_b0f63830_ep8tj5OD (b4a1af94-173e-4648-9877-5e08422ebf38)
2020-03-05 01:06:11.098 15 RALLYDEBUG rally_openstack.cleanup.manager [-] Deleting neutron.port object s_rally_b0f63830_m370XWR4 (b50f19b9-a945-4bca-b8b8-6970ae70390d)
2020-03-05 01:06:11.102 15 RALLYDEBUG rally_openstack.cleanup.manager [-] Deleting neutron.port object s_rally_b0f63830_C5Au48xJ (b9a1546a-51cb-46ce-b2af-28681fee6b58)
2020-03-05 01:06:11.377 15 RALLYDEBUG rally_openstack.cleanup.manager [-] Deleting neutron.port object s_rally_b0f63830_9bDqyJeU (ba100ad2-66cb-43a5-9bef-d74279af2f97)
2020-03-05 01:06:11.434 15 RALLYDEBUG rally_openstack.cleanup.manager [-] Deleting neutron.port object s_rally_b0f63830_ifz71C5f (ba245a67-a401-4bc6-9dd6-1cb1f0cecc00)
2020-03-05 01:06:11.449 15 RALLYDEBUG rally_openstack.cleanup.manager [-] Deleting neutron.port object s_rally_b0f63830_TMtqby4x (ba2dc567-c29c-4f33-b210-a5884db364dc)
2020-03-05 01:06:11.524 15 RALLYDEBUG rally_openstack.cleanup.manager [-] Deleting neutron.port object s_rally_b0f63830_UtRcrbc2 (ba522239-d67b-4b1b-9e6b-5051e84f44db)
2020-03-05 01:06:11.548 15 RALLYDEBUG rally_openstack.cleanup.manager [-] Deleting neutron.port object s_rally_b0f63830_kNG9cb4o (bae1f294-0de2-4be9-b2c6-bd6db32d4c07)
2020-03-05 01:06:11.577 15 RALLYDEBUG rally_openstack.cleanup.manager [-] Deleting neutron.port object s_rally_b0f63830_X3CG8NC7 (bb4e6c32-a94e-4b35-b405-378c6facdab4)
2020-03-05 01:06:11.612 15 RALLYDEBUG rally_openstack.cleanup.manager [-] Deleting neutron.port object s_rally_b0f63830_coIhHXJS (bc81738c-3af1-4cc4-89b2-4cb12368655c)
2020-03-05 01:06:11.616 15 RALLYDEBUG rally_openstack.cleanup.manager [-] Deleting neutron.port object s_rally_b0f63830_0ilsE5sw (bcda2b93-bb4f-4e5a-b7cd-b29188fb1c28)
2020-03-05 01:06:11.628 15 RALLYDEBUG rally_openstack.cleanup.manager [-] Deleting neutron.port object s_rally_b0f63830_rIvbdjO6 (bece6058-802b-4231-8945-c6ae827c5dd5)
2020-03-05 01:06:11.649 15 RALLYDEBUG rally_openstack.cleanup.manager [-] Deleting neutron.port object s_rally_b0f63830_TG3onee5 (bf49935f-0192-406b-a229-88ecfe2b62de)
2020-03-05 01:06:11.734 15 RALLYDEBUG rally_openstack.cleanup.manager [-] Deleting neutron.port object s_rally_b0f63830_ouopL0BG (bfa4ed3d-a7c2-452a-9eb1-9363a5a30583)
2020-03-05 01:06:11.911 15 RALLYDEBUG rally_openstack.cleanup.manager [-] Deleting neutron.port object s_rally_b0f63830_siJFTcuM (c0408d6c-47b9-47ad-a9b4-0568842c94b0)
2020-03-05 01:06:11.953 15 RALLYDEBUG rally_openstack.cleanup.manager [-] Deleting neutron.port object s_rally_b0f63830_RGzQzL8b (c148f95d-db5d-4924-a9ce-ced842b9684e)
2020-03-05 01:06:11.984 15 RALLYDEBUG rally_openstack.cleanup.manager [-] Deleting neutron.port object s_rally_b0f63830_IM9lDcTP (c2594c80-71c8-443f-8aa7-5cef3c3c9f18)
2020-03-05 01:06:12.115 15 RALLYDEBUG rally_openstack.cleanup.manager [-] Deleting neutron.port object s_rally_b0f63830_Un6J5boZ (c26b0aae-f921-4f56-85a3-9c8ba1d01868)
2020-03-05 01:06:12.472 15 RALLYDEBUG rally_openstack.cleanup.manager [-] Deleting neutron.port object s_rally_b0f63830_5qfV4Ztm (c37afc16-9fb2-4a0b-94b4-8d912675ea42)
2020-03-05 01:06:12.609 15 RALLYDEBUG rally_openstack.cleanup.manager [-] Deleting neutron.port object s_rally_b0f63830_VSDfSFE9 (c38a4daf-3645-47ae-b07f-0be3d512fdfd)
2020-03-05 01:06:12.750 15 RALLYDEBUG rally_openstack.cleanup.manager [-] Deleting neutron.port object s_rally_b0f63830_8rlbFIuf (c3ec9bc8-0a5b-4f00-9788-01042cf5dae8)
2020-03-05 01:06:12.854 15 RALLYDEBUG rally_openstack.cleanup.manager [-] Deleting neutron.port object s_rally_b0f63830_pheRLbVC (c40dab29-7b43-4dbe-bb4d-21b4100e1a0b)
2020-03-05 01:06:13.007 15 RALLYDEBUG rally_openstack.cleanup.manager [-] Deleting neutron.port object s_rally_b0f63830_mL7QEvjY (c41ed889-6ec8-4c47-ae9b-c855bffa4e52)
2020-03-05 01:06:13.125 15 RALLYDEBUG rally_openstack.cleanup.manager [-] Deleting neutron.port object s_rally_b0f63830_MJuXs4xR (c4d5fc6d-925b-4fbd-abfa-32588a90b250)
2020-03-05 01:06:13.422 15 RALLYDEBUG rally_openstack.cleanup.manager [-] Deleting neutron.port object s_rally_b0f63830_7DRlGzs1 (c5ac971f-7d95-4a1a-ac31-370e4324bb8e)
2020-03-05 01:06:13.452 15 RALLYDEBUG rally_openstack.cleanup.manager [-] Deleting neutron.port object s_rally_b0f63830_iNpyYA8L (c5f233dc-ef32-4502-bff2-4096b5ec91dd)
2020-03-05 01:06:13.469 15 RALLYDEBUG rally_openstack.cleanup.manager [-] Deleting neutron.port object s_rally_b0f63830_qNt7qXqg (c6bc0b2a-873c-4a49-8f9c-24b0f2f1ce44)
2020-03-05 01:06:13.556 15 RALLYDEBUG rally_openstack.cleanup.manager [-] Deleting neutron.port object s_rally_b0f63830_UtQCdMlQ (c755f473-e93f-4559-b3c4-47d211b164c4)
2020-03-05 01:06:13.653 15 RALLYDEBUG rally_openstack.cleanup.manager [-] Deleting neutron.port object s_rally_b0f63830_P8eEiRWk (c77fe207-34de-42e4-beca-1daaba2a4f9c)
2020-03-05 01:06:13.692 15 RALLYDEBUG rally_openstack.cleanup.manager [-] Deleting neutron.port object s_rally_b0f63830_kF7jioNc (cb5bfc38-c3af-4ba7-b23e-675743839994)
2020-03-05 01:06:13.850 15 RALLYDEBUG rally_openstack.cleanup.manager [-] Deleting neutron.port object s_rally_b0f63830_7svcnfBz (cbf137f0-d835-4d85-98b3-fac6f5901b6e)
2020-03-05 01:06:14.034 15 RALLYDEBUG rally_openstack.cleanup.manager [-] Deleting neutron.port object s_rally_b0f63830_ZTeZHBGK (ccc80d42-2376-4ee6-958d-38bf35c3a105)
2020-03-05 01:06:14.087 15 RALLYDEBUG rally_openstack.cleanup.manager [-] Deleting neutron.port object s_rally_b0f63830_Na65YpSc (ccea65be-8562-4258-8dc3-c996ea48c7a7)
2020-03-05 01:06:14.166 15 RALLYDEBUG rally_openstack.cleanup.manager [-] Deleting neutron.port object s_rally_b0f63830_BykxixIm (cd01467d-b769-4399-953d-d45dafeba4f5)
2020-03-05 01:06:14.338 15 RALLYDEBUG rally_openstack.cleanup.manager [-] Deleting neutron.port object s_rally_b0f63830_hb6gBL9x (cd43a671-bf94-4344-b31b-25c7a10c075d)
2020-03-05 01:06:14.514 15 RALLYDEBUG rally_openstack.cleanup.manager [-] Deleting neutron.port object s_rally_b0f63830_t55fmuxe (cd8ec78f-7137-4f7e-a3b8-e15586583311)
2020-03-05 01:06:14.561 15 RALLYDEBUG rally_openstack.cleanup.manager [-] Deleting neutron.port object s_rally_b0f63830_JZAyxN1Z (ce448afd-c2a9-40ad-aef5-e327cfa1d133)
2020-03-05 01:06:14.580 15 RALLYDEBUG rally_openstack.cleanup.manager [-] Deleting neutron.port object s_rally_b0f63830_uEDfiHee (ceed88d4-26d0-427c-ab69-24954322710a)
2020-03-05 01:06:14.620 15 RALLYDEBUG rally_openstack.cleanup.manager [-] Deleting neutron.port object s_rally_b0f63830_vwNsAfJd (cf47cc01-2f64-4f00-9d79-700649507fbc)
2020-03-05 01:06:14.712 15 RALLYDEBUG rally_openstack.cleanup.manager [-] Deleting neutron.port object s_rally_b0f63830_W14XTIml (cf7a211b-52ae-4d02-a500-9753f08083f2)
2020-03-05 01:06:14.818 15 RALLYDEBUG rally_openstack.cleanup.manager [-] Deleting neutron.port object s_rally_b0f63830_h2Hbl6HN (cfd013fa-7b59-4fce-a3b4-83158d5ff62e)
2020-03-05 01:06:14.942 15 RALLYDEBUG rally_openstack.cleanup.manager [-] Deleting neutron.port object s_rally_b0f63830_pUaeCymw (cfef3bcf-2c86-4ff9-8332-f8e4baf444f9)
2020-03-05 01:06:15.123 15 RALLYDEBUG rally_openstack.cleanup.manager [-] Deleting neutron.port object s_rally_b0f63830_j4pF5V4F (d0a5e48d-abae-44b0-9140-40fea2b9a05d)
2020-03-05 01:06:15.254 15 RALLYDEBUG rally_openstack.cleanup.manager [-] Deleting neutron.port object s_rally_b0f63830_nct1phqY (d0aea2f7-28a4-4c1e-9b27-70fede2a77e3)
2020-03-05 01:06:15.343 15 RALLYDEBUG rally_openstack.cleanup.manager [-] Deleting neutron.port object s_rally_b0f63830_JS8Px72A (d1389083-cade-4b43-ab11-63193ec539fc)
2020-03-05 01:06:15.533 15 RALLYDEBUG rally_openstack.cleanup.manager [-] Deleting neutron.port object s_rally_b0f63830_4fvcbaHc (d1475d33-385c-4bc9-8a5c-e82cb98a6f15)
2020-03-05 01:06:15.590 15 RALLYDEBUG rally_openstack.cleanup.manager [-] Deleting neutron.port object s_rally_b0f63830_rFLGrfZZ (d15c2b41-a7f3-45e4-9382-2f7ae05b24ee)
2020-03-05 01:06:15.999 15 RALLYDEBUG rally_openstack.cleanup.manager [-] Deleting neutron.port object s_rally_b0f63830_oIx2BP8G (d335eb01-e99e-4893-9984-3c6019d7cfd9)
2020-03-05 01:06:16.011 15 RALLYDEBUG rally_openstack.cleanup.manager [-] Deleting neutron.port object s_rally_b0f63830_uTXq3CUm (d3e0acf9-6854-4c3e-8f90-f12e0df0dcc0)
2020-03-05 01:06:16.103 15 RALLYDEBUG rally_openstack.cleanup.manager [-] Deleting neutron.port object s_rally_b0f63830_5hPkhU4N (d40fbd59-0760-4a29-9abe-47c706fa534b)
2020-03-05 01:06:16.115 15 RALLYDEBUG rally_openstack.cleanup.manager [-] Deleting neutron.port object s_rally_b0f63830_ehFrL5Z6 (d41c897b-0805-4e84-8e0a-402951c3d0a1)
2020-03-05 01:06:16.122 15 RALLYDEBUG rally_openstack.cleanup.manager [-] Deleting neutron.port object s_rally_b0f63830_4xk5vW20 (d4ae753a-f691-4106-bf3b-fe049a2e9baf)
2020-03-05 01:06:16.344 15 RALLYDEBUG rally_openstack.cleanup.manager [-] Deleting neutron.port object s_rally_b0f63830_gyTqd9eN (d4c8a99b-b655-4e99-a12a-ca7c5bae5854)
2020-03-05 01:06:16.353 15 RALLYDEBUG rally_openstack.cleanup.manager [-] Deleting neutron.port object s_rally_b0f63830_mLTomIMf (d507dc3f-b437-4353-b0ee-e958ced10673)
2020-03-05 01:06:16.407 15 RALLYDEBUG rally_openstack.cleanup.manager [-] Deleting neutron.port object s_rally_b0f63830_wUFSoZbq (d63d162d-f335-4357-9343-e3db776f7231)
2020-03-05 01:06:16.664 15 RALLYDEBUG rally_openstack.cleanup.manager [-] Deleting neutron.port object s_rally_b0f63830_F6L2QCpD (d7307ee9-57b6-4c71-b4c8-ad31c35fab65)
2020-03-05 01:06:16.926 15 RALLYDEBUG rally_openstack.cleanup.manager [-] Deleting neutron.port object s_rally_b0f63830_qSaM3duc (d7b73afa-6943-42e7-8015-6f447f99aeeb)
2020-03-05 01:06:17.076 15 RALLYDEBUG rally_openstack.cleanup.manager [-] Deleting neutron.port object s_rally_b0f63830_SARTkwQ9 (d8701522-9b3b-4932-92be-1ce78440bc4b)
2020-03-05 01:06:17.230 15 RALLYDEBUG rally_openstack.cleanup.manager [-] Deleting neutron.port object s_rally_b0f63830_lHqeyRew (da0489c1-7670-4df9-80af-82d0d29fac14)
2020-03-05 01:06:17.298 15 RALLYDEBUG rally_openstack.cleanup.manager [-] Deleting neutron.port object s_rally_b0f63830_WSGzbSOz (da2c3b18-1253-4237-9a9b-87b13ca3bbb7)
2020-03-05 01:06:17.364 15 RALLYDEBUG rally_openstack.cleanup.manager [-] Deleting neutron.port object s_rally_b0f63830_PZkETc7g (da43e38d-91b7-482f-927d-e2c7a5bc43b0)
2020-03-05 01:06:17.436 15 RALLYDEBUG rally_openstack.cleanup.manager [-] Deleting neutron.port object s_rally_b0f63830_Cs9PIUyW (da9442f5-0c1e-4fab-9eef-31aa2a7fe0a5)
2020-03-05 01:06:17.517 15 RALLYDEBUG rally_openstack.cleanup.manager [-] Deleting neutron.port object s_rally_b0f63830_n6p6puwg (db565396-376f-4cec-a3ec-6d2a24ff16a8)
2020-03-05 01:06:17.532 15 RALLYDEBUG rally_openstack.cleanup.manager [-] Deleting neutron.port object s_rally_b0f63830_THeYgFnJ (db691ecf-9df2-4a98-a14d-4fe7d8498af7)
2020-03-05 01:06:17.707 15 RALLYDEBUG rally_openstack.cleanup.manager [-] Deleting neutron.port object s_rally_b0f63830_3deHURaK (dc423964-cbe1-4f07-ae2e-41a2b381b7e1)
2020-03-05 01:06:17.744 15 RALLYDEBUG rally_openstack.cleanup.manager [-] Deleting neutron.port object s_rally_b0f63830_6AGAfG6m (dcc853f5-7f34-41cd-a303-3c2a114d36df)
2020-03-05 01:06:18.049 15 RALLYDEBUG rally_openstack.cleanup.manager [-] Deleting neutron.port object s_rally_b0f63830_iA36pIKl (dd36a216-51ac-46fa-8231-0cfe464077fe)
2020-03-05 01:06:18.283 15 RALLYDEBUG rally_openstack.cleanup.manager [-] Deleting neutron.port object s_rally_b0f63830_WrITdIKW (de0f726d-38ce-4f39-a431-e40ee3b63848)
2020-03-05 01:06:18.380 15 RALLYDEBUG rally_openstack.cleanup.manager [-] Deleting neutron.port object s_rally_b0f63830_XMfjSsyJ (df05a594-ad25-4bc6-a47a-0311a6d65f1c)
2020-03-05 01:06:18.415 15 RALLYDEBUG rally_openstack.cleanup.manager [-] Deleting neutron.port object s_rally_b0f63830_X3Z12Zrm (df80a859-c4d3-4f9e-b760-680a1591a002)
2020-03-05 01:06:18.630 15 RALLYDEBUG rally_openstack.cleanup.manager [-] Deleting neutron.port object s_rally_b0f63830_O3eTEMMa (e054e22b-f3f3-4638-8868-0950088d9491)
2020-03-05 01:06:19.004 15 RALLYDEBUG rally_openstack.cleanup.manager [-] Deleting neutron.port object s_rally_b0f63830_KkPwAkt2 (e0a701b9-03ee-41c0-a2e8-797f54b227fa)
2020-03-05 01:06:19.245 15 RALLYDEBUG rally_openstack.cleanup.manager [-] Deleting neutron.port object s_rally_b0f63830_McCeqtkt (e10419d5-5e30-4359-8241-5732d5556af9)
2020-03-05 01:06:19.595 15 RALLYDEBUG rally_openstack.cleanup.manager [-] Deleting neutron.port object s_rally_b0f63830_IatEJ7CK (e24172ee-3dee-4e17-8e3f-cbcfcc57ae75)
2020-03-05 01:06:19.918 15 RALLYDEBUG rally_openstack.cleanup.manager [-] Deleting neutron.port object s_rally_b0f63830_XFpBDbpE (e34b8cb1-c921-4348-a527-d6d49e3d46d4)
2020-03-05 01:06:20.002 15 RALLYDEBUG rally_openstack.cleanup.manager [-] Deleting neutron.port object s_rally_b0f63830_KRbiRsOz (e3a3d64b-9948-478c-b22b-cddcafc61741)
2020-03-05 01:06:20.112 15 RALLYDEBUG rally_openstack.cleanup.manager [-] Deleting neutron.port object s_rally_b0f63830_lKKOkxIE (e3b7beb9-b38b-408e-9461-1db4c682e3ff)
2020-03-05 01:06:20.129 15 RALLYDEBUG rally_openstack.cleanup.manager [-] Deleting neutron.port object s_rally_b0f63830_hBFIckkD (e42e6b2d-b005-423b-bc0a-8a9055d0ec0a)
2020-03-05 01:06:20.157 15 RALLYDEBUG rally_openstack.cleanup.manager [-] Deleting neutron.port object s_rally_b0f63830_8mugbPrt (e5a02a57-baa5-41c1-8bca-9d7aa1deb49c)
2020-03-05 01:06:20.207 15 RALLYDEBUG rally_openstack.cleanup.manager [-] Deleting neutron.port object s_rally_b0f63830_OeIQTxy1 (e5e6929b-b3d2-4b87-ba26-e6728934eb40)
2020-03-05 01:06:20.230 15 RALLYDEBUG rally_openstack.cleanup.manager [-] Deleting neutron.port object s_rally_b0f63830_FwPnNFYP (e71d3c0d-915d-40a6-b66c-bb417c3fca4f)
2020-03-05 01:06:20.312 15 RALLYDEBUG rally_openstack.cleanup.manager [-] Deleting neutron.port object s_rally_b0f63830_Rw8Mw18M (e775357b-e3f1-44bd-8709-168526af41bd)
2020-03-05 01:06:20.370 15 RALLYDEBUG rally_openstack.cleanup.manager [-] Deleting neutron.port object s_rally_b0f63830_K9K34Bob (e792b760-c6af-4f2e-a13d-ebec4a190abe)
2020-03-05 01:06:20.435 15 RALLYDEBUG rally_openstack.cleanup.manager [-] Deleting neutron.port object s_rally_b0f63830_tHqrFM9D (e7f15098-325e-4a41-814b-2860e345f2da)
2020-03-05 01:06:20.527 15 RALLYDEBUG rally_openstack.cleanup.manager [-] Deleting neutron.port object s_rally_b0f63830_XmtLDaGq (e91b3681-9c99-40a3-973e-a36d07e814b1)
2020-03-05 01:06:20.561 15 RALLYDEBUG rally_openstack.cleanup.manager [-] Deleting neutron.port object s_rally_b0f63830_A8YJgRMP (eb194f2a-80db-4e19-82bd-eceef8b06ca9)
2020-03-05 01:06:20.567 15 RALLYDEBUG rally_openstack.cleanup.manager [-] Deleting neutron.port object s_rally_b0f63830_rykTqZks (eb6e4ab3-1acb-4ff2-ac1b-e6c1c8b2b7a2)
2020-03-05 01:06:20.592 15 RALLYDEBUG rally_openstack.cleanup.manager [-] Deleting neutron.port object s_rally_b0f63830_8pjGN1Q1 (ec9ba71e-9d7a-45ac-a46a-95ed8f8595eb)
2020-03-05 01:06:20.682 15 RALLYDEBUG rally_openstack.cleanup.manager [-] Deleting neutron.port object s_rally_b0f63830_aKQJjJop (ece1697d-9059-48b5-9c20-7a4f648fb838)
2020-03-05 01:06:20.711 15 RALLYDEBUG rally_openstack.cleanup.manager [-] Deleting neutron.port object s_rally_b0f63830_mAR25iku (ee01ff58-c7cb-4a36-ba7a-aa68a9f56c5d)
2020-03-05 01:06:20.748 15 RALLYDEBUG rally_openstack.cleanup.manager [-] Deleting neutron.port object s_rally_b0f63830_msJwRjdh (ee0dc47e-b4b9-4ecf-9f3b-23fa214deedb)
2020-03-05 01:06:20.848 15 RALLYDEBUG rally_openstack.cleanup.manager [-] Deleting neutron.port object s_rally_b0f63830_qCe5JcBM (ee268344-4c9f-4f87-8392-404513012674)
2020-03-05 01:06:22.147 15 RALLYDEBUG rally_openstack.cleanup.manager [-] Deleting neutron.port object s_rally_b0f63830_JFIfjP9L (ee40dff6-1d0b-438e-8425-175bbc4572f9)
2020-03-05 01:06:22.215 15 RALLYDEBUG rally_openstack.cleanup.manager [-] Deleting neutron.port object s_rally_b0f63830_BPqMloC1 (ee7fe6a2-a075-4c56-8837-43fc4329482b)
2020-03-05 01:06:22.405 15 RALLYDEBUG rally_openstack.cleanup.manager [-] Deleting neutron.port object s_rally_b0f63830_P1VdDu8K (ef4383c4-e050-4a0d-aab0-75f61087c22f)
2020-03-05 01:06:22.455 15 RALLYDEBUG rally_openstack.cleanup.manager [-] Deleting neutron.port object s_rally_b0f63830_Mgu0EN65 (ef83e462-cea2-456a-af5a-d015eb68c191)
2020-03-05 01:06:22.489 15 RALLYDEBUG rally_openstack.cleanup.manager [-] Deleting neutron.port object s_rally_b0f63830_WH5JLBzm (f01f1280-ed30-4061-8c79-01c38eaf0d73)
2020-03-05 01:06:22.583 15 RALLYDEBUG rally_openstack.cleanup.manager [-] Deleting neutron.port object s_rally_b0f63830_4VMpBbNC (f0f7237b-ef56-41ba-b68f-fd2f47e8ea51)
2020-03-05 01:06:22.647 15 RALLYDEBUG rally_openstack.cleanup.manager [-] Deleting neutron.port object s_rally_b0f63830_y2nFL9y1 (f15edec4-3071-4ca0-b383-17251ffecf0f)
2020-03-05 01:06:22.870 15 RALLYDEBUG rally_openstack.cleanup.manager [-] Deleting neutron.port object s_rally_b0f63830_5AqC22iL (f1b0ef11-c729-4705-9e78-b3edb2476c31)
2020-03-05 01:06:22.893 15 RALLYDEBUG rally_openstack.cleanup.manager [-] Deleting neutron.port object s_rally_b0f63830_AsFEKRDP (f3f56c83-999d-4f12-ab0c-c717eecb19b2)
2020-03-05 01:06:22.893 15 RALLYDEBUG rally_openstack.cleanup.manager [-] Deleting neutron.port object s_rally_b0f63830_wyDvvakR (f3e59311-a889-4e28-a5d0-bd58d1edabdf)
2020-03-05 01:06:22.909 15 RALLYDEBUG rally_openstack.cleanup.manager [-] Deleting neutron.port object s_rally_b0f63830_LIYLrJ9f (f4350023-2882-477c-a068-51dbebb639c3)
2020-03-05 01:06:22.977 15 RALLYDEBUG rally_openstack.cleanup.manager [-] Deleting neutron.port object s_rally_b0f63830_HBLSAYI9 (f44d3f99-a27b-471f-9938-88aae446f625)
2020-03-05 01:06:22.989 15 RALLYDEBUG rally_openstack.cleanup.manager [-] Deleting neutron.port object s_rally_b0f63830_tGVeNDbe (f6308ae4-ca55-42c7-9fa9-9a8387d79e9a)
2020-03-05 01:06:23.014 15 RALLYDEBUG rally_openstack.cleanup.manager [-] Deleting neutron.port object s_rally_b0f63830_k3mSm5oB (f7cf5fb4-ed06-471b-a480-7d246df44dfa)
2020-03-05 01:06:23.044 15 RALLYDEBUG rally_openstack.cleanup.manager [-] Deleting neutron.port object s_rally_b0f63830_tiimOAiL (f925ac4c-4d76-4c34-a491-3421e2ee33de)
2020-03-05 01:06:23.188 15 RALLYDEBUG rally_openstack.cleanup.manager [-] Deleting neutron.port object s_rally_b0f63830_UJojFP0W (f9666cd7-fffa-4089-a257-9ea6948f1bd2)
2020-03-05 01:06:23.213 15 RALLYDEBUG rally_openstack.cleanup.manager [-] Deleting neutron.port object s_rally_b0f63830_tv0KYIBS (fc065d72-4670-4cbd-9e9a-9b84ae502477)
2020-03-05 01:06:23.270 15 RALLYDEBUG rally_openstack.cleanup.manager [-] Deleting neutron.port object s_rally_b0f63830_XcGllHWU (fdcb76c5-ecc1-458a-9754-58c93123a508)
2020-03-05 01:06:23.311 15 RALLYDEBUG rally_openstack.cleanup.manager [-] Deleting neutron.port object s_rally_b0f63830_St6XWZ9z (fed28e89-604b-4306-ac96-1ee3468c9a14)
2020-03-05 01:06:25.634 15 RALLYDEBUG rally_openstack.cleanup.manager [-] Cleaning up neutron subnet objects
2020-03-05 01:06:25.824 15 RALLYDEBUG rally_openstack.cleanup.manager [-] Cleaning up neutron network objects
2020-03-05 01:06:26.187 15 RALLYDEBUG rally_openstack.cleanup.manager [-] Deleting neutron.network object s_rally_b0f63830_8yyt0e2f (00af9ee0-3ad3-4ccf-a54e-8a2da1d4559c)
2020-03-05 01:06:26.192 15 RALLYDEBUG rally_openstack.cleanup.manager [-] Deleting neutron.network object s_rally_b0f63830_wGfaStBa (061a3a94-b213-43b5-851c-5c002b74dbd3)
2020-03-05 01:06:26.203 15 RALLYDEBUG rally_openstack.cleanup.manager [-] Deleting neutron.network object s_rally_b0f63830_UYeb1pCP (2147c3d7-3a25-4698-8a78-4b5fb3020103)
2020-03-05 01:06:26.210 15 RALLYDEBUG rally_openstack.cleanup.manager [-] Deleting neutron.network object s_rally_b0f63830_rzRS2Kjp (2a7d645d-4519-4a75-aee9-69fd4d07aaed)
2020-03-05 01:06:26.221 15 RALLYDEBUG rally_openstack.cleanup.manager [-] Deleting neutron.network object s_rally_b0f63830_iY8JryGQ (2f5e7068-f7a8-4664-9bb0-a371c4f8d06f)
2020-03-05 01:06:26.232 15 RALLYDEBUG rally_openstack.cleanup.manager [-] Deleting neutron.network object s_rally_b0f63830_S5injgHI (8e3d5a7a-9565-4eb6-8e66-6c8f0c971a04)
2020-03-05 01:06:26.234 15 RALLYDEBUG rally_openstack.cleanup.manager [-] Deleting neutron.network object s_rally_b0f63830_LFkwh5n9 (76dc57e3-b15f-4fd2-9ea4-6b226c7ac8ca)
2020-03-05 01:06:26.259 15 RALLYDEBUG rally_openstack.cleanup.manager [-] Deleting neutron.network object s_rally_b0f63830_hG6OHW2L (e9acec2a-f2c9-4aae-ba06-ddf179014adf)
2020-03-05 01:06:28.610 15 RALLYDEBUG rally_openstack.cleanup.manager [-] Cleaning up neutron router objects
2020-03-05 01:06:28.844 15 RALLYDEBUG rally_openstack.cleanup.manager [-] Cleaning up neutron security_group objects
2020-03-05 01:06:29.073 15 INFO rally.task.context [-] Task f544de06-cff4-4707-aa39-2696ee609cd5 | Context cleanup@openstack cleanup() finished in 55.88 sec
2020-03-05 01:06:29.073 15 INFO rally.task.context [-] Task f544de06-cff4-4707-aa39-2696ee609cd5 | Context quotas@openstack cleanup() started
2020-03-05 01:06:29.247 15 INFO rally.task.context [-] Task f544de06-cff4-4707-aa39-2696ee609cd5 | Context quotas@openstack cleanup() finished in 0.17 sec
2020-03-05 01:06:29.248 15 INFO rally.task.context [-] Task f544de06-cff4-4707-aa39-2696ee609cd5 | Context users@openstack cleanup() started
2020-03-05 01:06:31.007 15 INFO rally.task.context [-] Task f544de06-cff4-4707-aa39-2696ee609cd5 | Context users@openstack cleanup() finished in 1.76 sec
2020-03-05 01:06:32.280 15 INFO rally.task.engine [-] Load duration is: 157.935124
2020-03-05 01:06:32.280 15 INFO rally.task.engine [-] Full runner duration is: 157.976992
2020-03-05 01:06:32.281 15 INFO rally.task.engine [-] Full duration is: 217.609247
2020-03-05 01:06:32.352 15 INFO rally.task.engine [-] Running workload: position = 1 config = { "version": 2, "title": "A cropped version of a bigger task.", "description": "Auto-generated task from a single workload (uuid=454738c4-548f-4d84-a82d-d22ddba4e87d)", "subtasks": [ { "title": "NeutronNetworks.create_and_update_ports", "description": "Create and update a given number of ports.", "scenario": { "NeutronNetworks.create_and_update_ports": { "network_create_args": {}, "port_create_args": {}, "ports_per_network": 5, "port_update_args": { "admin_state_up": false, "device_id": "dummy_id", "device_owner": "dummy_owner", "name": "_port_updated" } } }, "contexts": { "users": { "tenants": 1, "users_per_tenant": 1 }, "quotas": { "neutron": { "network": -1, "port": -1 } } }, "runner": { "constant": { "times": 40, "concurrency": 20 } }, "hooks": [], "sla": { "failure_rate": { "max": 0 } } } ] }
2020-03-05 01:06:32.375 15 RALLYDEBUG rally_openstack.contexts.keystone.users [-] Creating 1 tenants using 20 threads
2020-03-05 01:06:32.729 15 RALLYDEBUG rally_openstack.contexts.keystone.users [-] Creating 1 users using 20 threads
2020-03-05 01:06:33.334 15 INFO rally.task.context [-] Task f544de06-cff4-4707-aa39-2696ee609cd5 | Context users@openstack setup() finished in 0.96 sec
2020-03-05 01:06:33.949 15 INFO rally.task.context [-] Task f544de06-cff4-4707-aa39-2696ee609cd5 | Context quotas@openstack setup() finished in 0.61 sec
2020-03-05 01:06:33.949 15 INFO rally.task.context [-] Task f544de06-cff4-4707-aa39-2696ee609cd5 | Context cleanup@openstack setup() finished in 0.00 msec
2020-03-05 01:06:33.958 15 RALLYDEBUG rally.task.runner [-] Starting the constant runner (task UUID: f544de06-cff4-4707-aa39-2696ee609cd5). timeout: 0 concurrency: 20 concurrency_per_worker: 1 times: 40 concurrency_overhead: 0 processes_to_start: 20 max_cpu_used: 88
2020-03-05 01:06:33.973 4199 RALLYDEBUG rally.task.runner [-] Starting a worker. concurrency: 1 args: {"network_create_args": {}, "port_create_args": {}, "ports_per_network": 5, "port_update_args": {"admin_state_up": false, "device_id": "dummy_id", "device_owner": "dummy_owner", "name": "_port_updated"}} times: 40 method_name: run timeout: 0 duration: None cls:
2020-03-05 01:06:33.975 4200 RALLYDEBUG rally.task.runner [-] Starting a worker. concurrency: 1 args: {"network_create_args": {}, "port_create_args": {}, "ports_per_network": 5, "port_update_args": {"admin_state_up": false, "device_id": "dummy_id", "device_owner": "dummy_owner", "name": "_port_updated"}} times: 40 method_name: run timeout: 0 duration: None cls:
2020-03-05 01:06:33.980 4201 RALLYDEBUG rally.task.runner [-] Starting a worker. concurrency: 1 args: {"network_create_args": {}, "port_create_args": {}, "ports_per_network": 5, "port_update_args": {"admin_state_up": false, "device_id": "dummy_id", "device_owner": "dummy_owner", "name": "_port_updated"}} times: 40 method_name: run timeout: 0 duration: None cls:
2020-03-05 01:06:33.981 4202 RALLYDEBUG rally.task.runner [-] Starting a worker. concurrency: 1 args: {"network_create_args": {}, "port_create_args": {}, "ports_per_network": 5, "port_update_args": {"admin_state_up": false, "device_id": "dummy_id", "device_owner": "dummy_owner", "name": "_port_updated"}} times: 40 method_name: run timeout: 0 duration: None cls:
2020-03-05 01:06:33.988 4202 INFO rally.task.runner [-] Task f544de06-cff4-4707-aa39-2696ee609cd5 | ITER: 4 START
2020-03-05 01:06:33.987 4203 RALLYDEBUG rally.task.runner [-] Starting a worker. concurrency: 1 args: {"network_create_args": {}, "port_create_args": {}, "ports_per_network": 5, "port_update_args": {"admin_state_up": false, "device_id": "dummy_id", "device_owner": "dummy_owner", "name": "_port_updated"}} times: 40 method_name: run timeout: 0 duration: None cls:
2020-03-05 01:06:33.989 4202 WARNING rally_openstack.scenarios.neutron.utils [-] Running this scenario without either the 'network' or 'existing_network' context is deprecated
2020-03-05 01:06:33.991 4206 RALLYDEBUG rally.task.runner [-] Starting a worker. concurrency: 1 args: {"network_create_args": {}, "port_create_args": {}, "ports_per_network": 5, "port_update_args": {"admin_state_up": false, "device_id": "dummy_id", "device_owner": "dummy_owner", "name": "_port_updated"}} times: 40 method_name: run timeout: 0 duration: None cls:
2020-03-05 01:06:33.992 4199 INFO rally.task.runner [-] Task f544de06-cff4-4707-aa39-2696ee609cd5 | ITER: 1 START
2020-03-05 01:06:33.992 4200 INFO rally.task.runner [-] Task f544de06-cff4-4707-aa39-2696ee609cd5 | ITER: 2 START
2020-03-05 01:06:33.993 4201 INFO rally.task.runner [-] Task f544de06-cff4-4707-aa39-2696ee609cd5 | ITER: 3 START
2020-03-05 01:06:33.993 4199 WARNING rally_openstack.scenarios.neutron.utils [-] Running this scenario without either the 'network' or 'existing_network' context is deprecated
2020-03-05 01:06:33.993 4200 WARNING rally_openstack.scenarios.neutron.utils [-] Running this scenario without either the 'network' or 'existing_network' context is deprecated
2020-03-05 01:06:33.994 4201 WARNING rally_openstack.scenarios.neutron.utils [-] Running this scenario without either the 'network' or 'existing_network' context is deprecated
2020-03-05 01:06:33.994 4209 RALLYDEBUG rally.task.runner [-] Starting a worker. concurrency: 1 args: {"network_create_args": {}, "port_create_args": {}, "ports_per_network": 5, "port_update_args": {"admin_state_up": false, "device_id": "dummy_id", "device_owner": "dummy_owner", "name": "_port_updated"}} times: 40 method_name: run timeout: 0 duration: None cls:
2020-03-05 01:06:33.995 4203 INFO rally.task.runner [-] Task f544de06-cff4-4707-aa39-2696ee609cd5 | ITER: 5 START
2020-03-05 01:06:33.996 4203 WARNING rally_openstack.scenarios.neutron.utils [-] Running this scenario without either the 'network' or 'existing_network' context is deprecated
2020-03-05 01:06:33.998 4211 RALLYDEBUG rally.task.runner [-] Starting a worker. concurrency: 1 args: {"network_create_args": {}, "port_create_args": {}, "ports_per_network": 5, "port_update_args": {"admin_state_up": false, "device_id": "dummy_id", "device_owner": "dummy_owner", "name": "_port_updated"}} times: 40 method_name: run timeout: 0 duration: None cls:
2020-03-05 01:06:34.000 4206 INFO rally.task.runner [-] Task f544de06-cff4-4707-aa39-2696ee609cd5 | ITER: 6 START
2020-03-05 01:06:34.001 4206 WARNING rally_openstack.scenarios.neutron.utils [-] Running this scenario without either the 'network' or 'existing_network' context is deprecated
2020-03-05 01:06:34.001 4209 INFO rally.task.runner [-] Task f544de06-cff4-4707-aa39-2696ee609cd5 | ITER: 7 START
2020-03-05 01:06:34.001 4215 RALLYDEBUG rally.task.runner [-] Starting a worker. concurrency: 1 args: {"network_create_args": {}, "port_create_args": {}, "ports_per_network": 5, "port_update_args": {"admin_state_up": false, "device_id": "dummy_id", "device_owner": "dummy_owner", "name": "_port_updated"}} times: 40 method_name: run timeout: 0 duration: None cls:
2020-03-05 01:06:34.002 4209 WARNING rally_openstack.scenarios.neutron.utils [-] Running this scenario without either the 'network' or 'existing_network' context is deprecated
2020-03-05 01:06:34.004 4211 INFO rally.task.runner [-] Task f544de06-cff4-4707-aa39-2696ee609cd5 | ITER: 8 START
2020-03-05 01:06:34.005 4211 WARNING rally_openstack.scenarios.neutron.utils [-] Running this scenario without either the 'network' or 'existing_network' context is deprecated
2020-03-05 01:06:34.005 4220 RALLYDEBUG rally.task.runner [-] Starting a worker. concurrency: 1 args: {"network_create_args": {}, "port_create_args": {}, "ports_per_network": 5, "port_update_args": {"admin_state_up": false, "device_id": "dummy_id", "device_owner": "dummy_owner", "name": "_port_updated"}} times: 40 method_name: run timeout: 0 duration: None cls:
2020-03-05 01:06:34.008 4215 INFO rally.task.runner [-] Task f544de06-cff4-4707-aa39-2696ee609cd5 | ITER: 9 START
2020-03-05 01:06:34.008 4223 RALLYDEBUG rally.task.runner [-] Starting a worker. concurrency: 1 args: {"network_create_args": {}, "port_create_args": {}, "ports_per_network": 5, "port_update_args": {"admin_state_up": false, "device_id": "dummy_id", "device_owner": "dummy_owner", "name": "_port_updated"}} times: 40 method_name: run timeout: 0 duration: None cls:
2020-03-05 01:06:34.009 4215 WARNING rally_openstack.scenarios.neutron.utils [-] Running this scenario without either the 'network' or 'existing_network' context is deprecated
2020-03-05 01:06:34.011 4220 INFO rally.task.runner [-] Task f544de06-cff4-4707-aa39-2696ee609cd5 | ITER: 10 START
2020-03-05 01:06:34.011 4226 RALLYDEBUG rally.task.runner [-] Starting a worker. concurrency: 1 args: {"network_create_args": {}, "port_create_args": {}, "ports_per_network": 5, "port_update_args": {"admin_state_up": false, "device_id": "dummy_id", "device_owner": "dummy_owner", "name": "_port_updated"}} times: 40 method_name: run timeout: 0 duration: None cls:
2020-03-05 01:06:34.012 4220 WARNING rally_openstack.scenarios.neutron.utils [-] Running this scenario without either the 'network' or 'existing_network' context is deprecated
2020-03-05 01:06:34.015 4223 INFO rally.task.runner [-] Task f544de06-cff4-4707-aa39-2696ee609cd5 | ITER: 11 START
2020-03-05 01:06:34.016 4223 WARNING rally_openstack.scenarios.neutron.utils [-] Running this scenario without either the 'network' or 'existing_network' context is deprecated
2020-03-05 01:06:34.015 4229 RALLYDEBUG rally.task.runner [-] Starting a worker. concurrency: 1 args: {"network_create_args": {}, "port_create_args": {}, "ports_per_network": 5, "port_update_args": {"admin_state_up": false, "device_id": "dummy_id", "device_owner": "dummy_owner", "name": "_port_updated"}} times: 40 method_name: run timeout: 0 duration: None cls:
2020-03-05 01:06:34.017 4226 INFO rally.task.runner [-] Task f544de06-cff4-4707-aa39-2696ee609cd5 | ITER: 12 START
2020-03-05 01:06:34.018 4226 WARNING rally_openstack.scenarios.neutron.utils [-] Running this scenario without either the 'network' or 'existing_network' context is deprecated
2020-03-05 01:06:34.018 4232 RALLYDEBUG rally.task.runner [-] Starting a worker. concurrency: 1 args: {"network_create_args": {}, "port_create_args": {}, "ports_per_network": 5, "port_update_args": {"admin_state_up": false, "device_id": "dummy_id", "device_owner": "dummy_owner", "name": "_port_updated"}} times: 40 method_name: run timeout: 0 duration: None cls:
2020-03-05 01:06:34.022 4229 INFO rally.task.runner [-] Task f544de06-cff4-4707-aa39-2696ee609cd5 | ITER: 13 START
2020-03-05 01:06:34.021 4235 RALLYDEBUG rally.task.runner [-] Starting a worker. concurrency: 1 args: {"network_create_args": {}, "port_create_args": {}, "ports_per_network": 5, "port_update_args": {"admin_state_up": false, "device_id": "dummy_id", "device_owner": "dummy_owner", "name": "_port_updated"}} times: 40 method_name: run timeout: 0 duration: None cls:
2020-03-05 01:06:34.023 4229 WARNING rally_openstack.scenarios.neutron.utils [-] Running this scenario without either the 'network' or 'existing_network' context is deprecated
2020-03-05 01:06:34.024 4232 INFO rally.task.runner [-] Task f544de06-cff4-4707-aa39-2696ee609cd5 | ITER: 14 START
2020-03-05 01:06:34.024 4238 RALLYDEBUG rally.task.runner [-] Starting a worker. concurrency: 1 args: {"network_create_args": {}, "port_create_args": {}, "ports_per_network": 5, "port_update_args": {"admin_state_up": false, "device_id": "dummy_id", "device_owner": "dummy_owner", "name": "_port_updated"}} times: 40 method_name: run timeout: 0 duration: None cls:
2020-03-05 01:06:34.025 4232 WARNING rally_openstack.scenarios.neutron.utils [-] Running this scenario without either the 'network' or 'existing_network' context is deprecated
2020-03-05 01:06:34.028 4235 INFO rally.task.runner [-] Task f544de06-cff4-4707-aa39-2696ee609cd5 | ITER: 15 START
2020-03-05 01:06:34.028 4240 RALLYDEBUG rally.task.runner [-] Starting a worker. concurrency: 1 args: {"network_create_args": {}, "port_create_args": {}, "ports_per_network": 5, "port_update_args": {"admin_state_up": false, "device_id": "dummy_id", "device_owner": "dummy_owner", "name": "_port_updated"}} times: 40 method_name: run timeout: 0 duration: None cls:
2020-03-05 01:06:34.029 4235 WARNING rally_openstack.scenarios.neutron.utils [-] Running this scenario without either the 'network' or 'existing_network' context is deprecated
2020-03-05 01:06:34.030 4238 INFO rally.task.runner [-] Task f544de06-cff4-4707-aa39-2696ee609cd5 | ITER: 16 START
2020-03-05 01:06:34.031 4238 WARNING rally_openstack.scenarios.neutron.utils [-] Running this scenario without either the 'network' or 'existing_network' context is deprecated
2020-03-05 01:06:34.031 4244 RALLYDEBUG rally.task.runner [-] Starting a worker. concurrency: 1 args: {"network_create_args": {}, "port_create_args": {}, "ports_per_network": 5, "port_update_args": {"admin_state_up": false, "device_id": "dummy_id", "device_owner": "dummy_owner", "name": "_port_updated"}} times: 40 method_name: run timeout: 0 duration: None cls:
2020-03-05 01:06:34.034 4240 INFO rally.task.runner [-] Task f544de06-cff4-4707-aa39-2696ee609cd5 | ITER: 17 START
2020-03-05 01:06:34.034 4246 RALLYDEBUG rally.task.runner [-] Starting a worker. concurrency: 1 args: {"network_create_args": {}, "port_create_args": {}, "ports_per_network": 5, "port_update_args": {"admin_state_up": false, "device_id": "dummy_id", "device_owner": "dummy_owner", "name": "_port_updated"}} times: 40 method_name: run timeout: 0 duration: None cls:
2020-03-05 01:06:34.035 4240 WARNING rally_openstack.scenarios.neutron.utils [-] Running this scenario without either the 'network' or 'existing_network' context is deprecated
2020-03-05 01:06:34.037 4244 INFO rally.task.runner [-] Task f544de06-cff4-4707-aa39-2696ee609cd5 | ITER: 18 START
2020-03-05 01:06:34.038 4244 WARNING rally_openstack.scenarios.neutron.utils [-] Running this scenario without either the 'network' or 'existing_network' context is deprecated
2020-03-05 01:06:34.037 4250 RALLYDEBUG rally.task.runner [-] Starting a worker. concurrency: 1 args: {"network_create_args": {}, "port_create_args": {}, "ports_per_network": 5, "port_update_args": {"admin_state_up": false, "device_id": "dummy_id", "device_owner": "dummy_owner", "name": "_port_updated"}} times: 40 method_name: run timeout: 0 duration: None cls:
2020-03-05 01:06:34.041 4246 INFO rally.task.runner [-] Task f544de06-cff4-4707-aa39-2696ee609cd5 | ITER: 19 START
2020-03-05 01:06:34.042 4246 WARNING rally_openstack.scenarios.neutron.utils [-] Running this scenario without either the 'network' or 'existing_network' context is deprecated
2020-03-05 01:06:34.044 4250 INFO rally.task.runner [-] Task f544de06-cff4-4707-aa39-2696ee609cd5 | ITER: 20 START
2020-03-05 01:06:34.046 4250 WARNING rally_openstack.scenarios.neutron.utils [-] Running this scenario without either the 'network' or 'existing_network' context is deprecated
2020-03-05 01:06:59.617 4209 INFO rally.task.runner [-] Task f544de06-cff4-4707-aa39-2696ee609cd5 | ITER: 7 END: OK
2020-03-05 01:06:59.622 4209 INFO rally.task.runner [-] Task f544de06-cff4-4707-aa39-2696ee609cd5 | ITER: 21 START
2020-03-05 01:06:59.623 4209 WARNING rally_openstack.scenarios.neutron.utils [-] Running this scenario without either the 'network' or 'existing_network' context is deprecated
2020-03-05 01:07:00.147 4200 INFO rally.task.runner [-] Task f544de06-cff4-4707-aa39-2696ee609cd5 | ITER: 2 END: OK
2020-03-05 01:07:00.152 4200 INFO rally.task.runner [-] Task f544de06-cff4-4707-aa39-2696ee609cd5 | ITER: 22 START
2020-03-05 01:07:00.153 4200 WARNING rally_openstack.scenarios.neutron.utils [-] Running this scenario without either the 'network' or 'existing_network' context is deprecated
2020-03-05 01:07:00.379 4206 INFO rally.task.runner [-] Task f544de06-cff4-4707-aa39-2696ee609cd5 | ITER: 6 END: OK
2020-03-05 01:07:00.386 4206 INFO rally.task.runner [-] Task f544de06-cff4-4707-aa39-2696ee609cd5 | ITER: 23 START
2020-03-05 01:07:00.387 4206 WARNING rally_openstack.scenarios.neutron.utils [-] Running this scenario without either the 'network' or 'existing_network' context is deprecated
2020-03-05 01:07:00.524 4199 INFO rally.task.runner [-] Task f544de06-cff4-4707-aa39-2696ee609cd5 | ITER: 1 END: OK
2020-03-05 01:07:00.530 4199 INFO rally.task.runner [-] Task f544de06-cff4-4707-aa39-2696ee609cd5 | ITER: 24 START
2020-03-05 01:07:00.530 4199 WARNING rally_openstack.scenarios.neutron.utils [-] Running this scenario without either the 'network' or 'existing_network' context is deprecated
2020-03-05 01:07:00.563 4229 INFO rally.task.runner [-] Task f544de06-cff4-4707-aa39-2696ee609cd5 | ITER: 13 END: OK
2020-03-05 01:07:00.568 4229 INFO rally.task.runner [-] Task f544de06-cff4-4707-aa39-2696ee609cd5 | ITER: 25 START
2020-03-05 01:07:00.569 4229 WARNING rally_openstack.scenarios.neutron.utils [-] Running this scenario without either the 'network' or 'existing_network' context is deprecated
2020-03-05 01:07:01.046 4235 INFO rally.task.runner [-] Task f544de06-cff4-4707-aa39-2696ee609cd5 | ITER: 15 END: OK
2020-03-05 01:07:01.051 4235 INFO rally.task.runner [-] Task f544de06-cff4-4707-aa39-2696ee609cd5 | ITER: 26 START
2020-03-05 01:07:01.051 4235 WARNING rally_openstack.scenarios.neutron.utils [-] Running this scenario without either the 'network' or 'existing_network' context is deprecated
2020-03-05 01:07:01.970 4202 INFO rally.task.runner [-] Task f544de06-cff4-4707-aa39-2696ee609cd5 | ITER: 4 END: OK
2020-03-05 01:07:01.980 4202 INFO rally.task.runner [-] Task f544de06-cff4-4707-aa39-2696ee609cd5 | ITER: 27 START
2020-03-05 01:07:01.981 4202 WARNING rally_openstack.scenarios.neutron.utils [-] Running this scenario without either the 'network' or 'existing_network' context is deprecated
2020-03-05 01:07:02.350 4238 INFO rally.task.runner [-] Task f544de06-cff4-4707-aa39-2696ee609cd5 | ITER: 16 END: OK
2020-03-05 01:07:02.360 4238 INFO rally.task.runner [-] Task f544de06-cff4-4707-aa39-2696ee609cd5 | ITER: 28 START
2020-03-05 01:07:02.362 4238 WARNING rally_openstack.scenarios.neutron.utils [-] Running this scenario without either the 'network' or 'existing_network' context is deprecated
2020-03-05 01:07:02.758 4203 INFO rally.task.runner [-] Task f544de06-cff4-4707-aa39-2696ee609cd5 | ITER: 5 END: OK
2020-03-05 01:07:02.765 4203 INFO rally.task.runner [-] Task f544de06-cff4-4707-aa39-2696ee609cd5 | ITER: 29 START
2020-03-05 01:07:02.766 4203 WARNING rally_openstack.scenarios.neutron.utils [-] Running this scenario without either the 'network' or 'existing_network' context is deprecated
2020-03-05 01:07:02.829 4201 INFO rally.task.runner [-] Task f544de06-cff4-4707-aa39-2696ee609cd5 | ITER: 3 END: OK
2020-03-05 01:07:02.838 4201 INFO rally.task.runner [-] Task f544de06-cff4-4707-aa39-2696ee609cd5 | ITER: 30 START
2020-03-05 01:07:02.840 4201 WARNING rally_openstack.scenarios.neutron.utils [-] Running this scenario without either the 'network' or 'existing_network' context is deprecated
2020-03-05 01:07:03.168 4232 INFO rally.task.runner [-] Task f544de06-cff4-4707-aa39-2696ee609cd5 | ITER: 14 END: OK
2020-03-05 01:07:03.177 4232 INFO rally.task.runner [-] Task f544de06-cff4-4707-aa39-2696ee609cd5 | ITER: 31 START
2020-03-05 01:07:03.179 4232 WARNING rally_openstack.scenarios.neutron.utils [-] Running this scenario without either the 'network' or 'existing_network' context is deprecated
2020-03-05 01:07:03.186 4211 INFO rally.task.runner [-] Task f544de06-cff4-4707-aa39-2696ee609cd5 | ITER: 8 END: OK
2020-03-05 01:07:03.195 4211 INFO rally.task.runner [-] Task f544de06-cff4-4707-aa39-2696ee609cd5 | ITER: 32 START
2020-03-05 01:07:03.196 4211 WARNING rally_openstack.scenarios.neutron.utils [-] Running this scenario without either the 'network' or 'existing_network' context is deprecated
2020-03-05 01:07:03.501 4220 INFO rally.task.runner [-] Task f544de06-cff4-4707-aa39-2696ee609cd5 | ITER: 10 END: OK
2020-03-05 01:07:03.508 4220 INFO rally.task.runner [-] Task f544de06-cff4-4707-aa39-2696ee609cd5 | ITER: 33 START
2020-03-05 01:07:03.509 4220 WARNING rally_openstack.scenarios.neutron.utils [-] Running this scenario without either the 'network' or 'existing_network' context is deprecated
2020-03-05 01:07:03.576 4226 INFO rally.task.runner [-] Task f544de06-cff4-4707-aa39-2696ee609cd5 | ITER: 12 END: OK
2020-03-05 01:07:03.584 4226 INFO rally.task.runner [-] Task f544de06-cff4-4707-aa39-2696ee609cd5 | ITER: 34 START
2020-03-05 01:07:03.585 4226 WARNING rally_openstack.scenarios.neutron.utils [-] Running this scenario without either the 'network' or 'existing_network' context is deprecated
2020-03-05 01:07:03.881 4223 INFO rally.task.runner [-] Task f544de06-cff4-4707-aa39-2696ee609cd5 | ITER: 11 END: OK
2020-03-05 01:07:03.889 4223 INFO rally.task.runner [-] Task f544de06-cff4-4707-aa39-2696ee609cd5 | ITER: 35 START
2020-03-05 01:07:03.890 4223 WARNING rally_openstack.scenarios.neutron.utils [-] Running this scenario without either the 'network' or 'existing_network' context is deprecated
2020-03-05 01:07:04.489 4240 INFO rally.task.runner [-] Task f544de06-cff4-4707-aa39-2696ee609cd5 | ITER: 17 END: OK
2020-03-05 01:07:04.496 4240 INFO rally.task.runner [-] Task f544de06-cff4-4707-aa39-2696ee609cd5 | ITER: 36 START
2020-03-05 01:07:04.497 4240 WARNING rally_openstack.scenarios.neutron.utils [-] Running this scenario without either the 'network' or 'existing_network' context is deprecated
2020-03-05 01:07:04.652 4215 INFO rally.task.runner [-] Task f544de06-cff4-4707-aa39-2696ee609cd5 | ITER: 9 END: OK
2020-03-05 01:07:04.659 4215 INFO rally.task.runner [-] Task f544de06-cff4-4707-aa39-2696ee609cd5 | ITER: 37 START
2020-03-05 01:07:04.661 4215 WARNING rally_openstack.scenarios.neutron.utils [-] Running this scenario without either the 'network' or 'existing_network' context is deprecated
2020-03-05 01:07:05.368 4244 INFO rally.task.runner [-] Task f544de06-cff4-4707-aa39-2696ee609cd5 | ITER: 18 END: OK
2020-03-05 01:07:05.375 4244 INFO rally.task.runner [-] Task f544de06-cff4-4707-aa39-2696ee609cd5 | ITER: 38 START
2020-03-05 01:07:05.376 4244 WARNING rally_openstack.scenarios.neutron.utils [-] Running this scenario without either the 'network' or 'existing_network' context is deprecated
2020-03-05 01:07:08.171 4250 INFO rally.task.runner [-] Task f544de06-cff4-4707-aa39-2696ee609cd5 | ITER: 20 END: OK
2020-03-05 01:07:08.178 4250 INFO rally.task.runner [-] Task f544de06-cff4-4707-aa39-2696ee609cd5 | ITER: 39 START
2020-03-05 01:07:08.179 4250 WARNING rally_openstack.scenarios.neutron.utils [-] Running this scenario without either the 'network' or 'existing_network' context is deprecated
2020-03-05 01:07:08.335 4246 INFO rally.task.runner [-] Task f544de06-cff4-4707-aa39-2696ee609cd5 | ITER: 19 END: OK
2020-03-05 01:07:08.343 4246 INFO rally.task.runner [-] Task f544de06-cff4-4707-aa39-2696ee609cd5 | ITER: 40 START
2020-03-05 01:07:08.344 4246 WARNING rally_openstack.scenarios.neutron.utils [-] Running this scenario without either the 'network' or 'existing_network' context is deprecated
2020-03-05 01:07:25.140 4200 INFO rally.task.runner [-] Task f544de06-cff4-4707-aa39-2696ee609cd5 | ITER: 22 END: OK
2020-03-05 01:07:26.414 4220 INFO rally.task.runner [-] Task f544de06-cff4-4707-aa39-2696ee609cd5 | ITER: 33 END: OK
2020-03-05 01:07:28.693 4229 INFO rally.task.runner [-] Task f544de06-cff4-4707-aa39-2696ee609cd5 | ITER: 25 END: OK
2020-03-05 01:07:29.601 4246 INFO rally.task.runner [-] Task f544de06-cff4-4707-aa39-2696ee609cd5 | ITER: 40 END: OK
2020-03-05 01:07:31.068 4235 INFO rally.task.runner [-] Task f544de06-cff4-4707-aa39-2696ee609cd5 | ITER: 26 END: OK
2020-03-05 01:07:31.433 4209 INFO rally.task.runner [-] Task f544de06-cff4-4707-aa39-2696ee609cd5 | ITER: 21 END: OK
2020-03-05 01:07:32.280 4223 INFO rally.task.runner [-] Task f544de06-cff4-4707-aa39-2696ee609cd5 | ITER: 35 END: OK
2020-03-05 01:07:32.678 4201 INFO rally.task.runner [-] Task f544de06-cff4-4707-aa39-2696ee609cd5 | ITER: 30 END: OK
2020-03-05 01:07:33.121 4199 INFO rally.task.runner [-] Task f544de06-cff4-4707-aa39-2696ee609cd5 | ITER: 24 END: OK
2020-03-05 01:07:33.470 4226 INFO rally.task.runner [-] Task f544de06-cff4-4707-aa39-2696ee609cd5 | ITER: 34 END: OK
2020-03-05 01:07:33.736 4238 INFO rally.task.runner [-] Task f544de06-cff4-4707-aa39-2696ee609cd5 | ITER: 28 END: OK
2020-03-05 01:07:33.982 4215 INFO rally.task.runner [-] Task f544de06-cff4-4707-aa39-2696ee609cd5 | ITER: 37 END: OK
2020-03-05 01:07:34.718 4240 INFO rally.task.runner [-] Task f544de06-cff4-4707-aa39-2696ee609cd5 | ITER: 36 END: OK
2020-03-05 01:07:34.757 4203 INFO rally.task.runner [-] Task f544de06-cff4-4707-aa39-2696ee609cd5 | ITER: 29 END: OK
2020-03-05 01:07:34.759 4206 INFO rally.task.runner [-] Task f544de06-cff4-4707-aa39-2696ee609cd5 | ITER: 23 END: OK
2020-03-05 01:07:35.532 4202 INFO rally.task.runner [-] Task f544de06-cff4-4707-aa39-2696ee609cd5 | ITER: 27 END: OK
2020-03-05 01:07:36.016 4232 INFO rally.task.runner [-] Task f544de06-cff4-4707-aa39-2696ee609cd5 | ITER: 31 END: OK
2020-03-05 01:07:36.247 4211 INFO rally.task.runner [-] Task f544de06-cff4-4707-aa39-2696ee609cd5 | ITER: 32 END: OK
2020-03-05 01:07:36.857 4250 INFO rally.task.runner [-] Task f544de06-cff4-4707-aa39-2696ee609cd5 | ITER: 39 END: OK
2020-03-05 01:07:36.920 4244 INFO rally.task.runner [-] Task f544de06-cff4-4707-aa39-2696ee609cd5 | ITER: 38 END: OK
2020-03-05 01:07:36.945 15 INFO rally.task.context [-] Task f544de06-cff4-4707-aa39-2696ee609cd5 | Context cleanup@openstack cleanup() started
2020-03-05 01:07:36.949 15 RALLYDEBUG rally_openstack.cleanup.manager [-] Cleaning up neutron vip objects
2020-03-05 01:07:37.130 15 RALLYDEBUG rally_openstack.cleanup.manager [-] Cleaning up neutron health_monitor objects
2020-03-05 01:07:37.292 15 RALLYDEBUG rally_openstack.cleanup.manager [-] Cleaning up neutron pool objects
2020-03-05 01:07:37.470 15 RALLYDEBUG rally_openstack.cleanup.manager [-] Cleaning up neutron loadbalancer objects
2020-03-05 01:07:37.612 15 RALLYDEBUG rally_openstack.cleanup.manager [-] Cleaning up neutron floatingip objects
2020-03-05 01:07:37.783 15 RALLYDEBUG rally_openstack.cleanup.manager [-] Cleaning up neutron trunk objects
2020-03-05 01:07:37.916 15 DEBUG neutronclient.v2_0.client [-] Error message: {"message": "The resource could not be found.

\n\n\n", "code": "404 Not Found", "title": "Not Found"} _handle_fault_response /usr/lib/python2.7/site-packages/neutronclient/v2_0/client.py:259
2020-03-05 01:07:37.925 15 RALLYDEBUG rally_openstack.cleanup.manager [-] Cleaning up neutron port objects
2020-03-05 01:07:38.689 15 RALLYDEBUG rally_openstack.cleanup.manager [-] Deleting neutron.port object s_rally_454738c4_hT8PQQbz (012c95a3-4eac-49d7-8951-0a3302fa2f5e)
2020-03-05 01:07:38.692 15 RALLYDEBUG rally_openstack.cleanup.manager [-] Deleting neutron.port object s_rally_454738c4_uZkJuFso (041f24c5-9c86-4227-a69c-633845bf9279)
2020-03-05 01:07:38.695 15 RALLYDEBUG rally_openstack.cleanup.manager [-] Deleting neutron.port object s_rally_454738c4_jqjHogow (0a125cb5-6697-4344-b948-c33cfe71cb91)
2020-03-05 01:07:38.695 15 RALLYDEBUG rally_openstack.cleanup.manager [-] Deleting neutron.port object s_rally_454738c4_ZBbSuFU8 (007e61d2-a874-4312-914f-d735e40cb87a)
2020-03-05 01:07:38.700 15 RALLYDEBUG rally_openstack.cleanup.manager [-] Deleting neutron.port object s_rally_454738c4_Dnmw0KzS (0a1ce274-8198-498b-9152-890e47798fe3)
2020-03-05 01:07:38.716 15 RALLYDEBUG rally_openstack.cleanup.manager [-] Deleting neutron.port object s_rally_454738c4_D47vZ7At (04fa1aa9-88ba-44f9-a3c7-bcc8b6725a89)
2020-03-05 01:07:38.733 15 RALLYDEBUG rally_openstack.cleanup.manager [-] Deleting neutron.port object s_rally_454738c4_tz8CFR2l (0e4e0063-9267-4374-be33-e0594c5c2b6c)
2020-03-05 01:07:38.734 15 RALLYDEBUG rally_openstack.cleanup.manager [-] Deleting neutron.port object s_rally_454738c4_H2aNeqeR (0c7d5aca-4a3a-4e57-8f2c-c5338c36bf5e)
