2020-03-04 22:55:14.867 1510 INFO rally.task.runner [-] Task 434dcef4-a66f-4b64-b7a4-b8800c2a4583 | ITER: 2 END: OK
2020-03-04 22:55:14.872 1510 INFO rally.task.runner [-] Task 434dcef4-a66f-4b64-b7a4-b8800c2a4583 | ITER: 6 START
2020-03-04 22:55:14.906 1511 INFO rally.task.runner [-] Task 434dcef4-a66f-4b64-b7a4-b8800c2a4583 | ITER: 3 END: OK
2020-03-04 22:55:14.911 1511 INFO rally.task.runner [-] Task 434dcef4-a66f-4b64-b7a4-b8800c2a4583 | ITER: 7 START
2020-03-04 22:55:14.950 1512 INFO rally.task.runner [-] Task 434dcef4-a66f-4b64-b7a4-b8800c2a4583 | ITER: 4 END: OK
2020-03-04 22:55:14.956 1512 INFO rally.task.runner [-] Task 434dcef4-a66f-4b64-b7a4-b8800c2a4583 | ITER: 8 START
2020-03-04 22:55:17.088 1509 RALLYDEBUG rally.task.utils [-] Waiting for resource u'459792e3-b0d4-433d-ac7b-022de58c4c4b'. Status changed: NONE => QUEUED in 0.275007963181
2020-03-04 22:55:17.362 1510 RALLYDEBUG rally.task.utils [-] Waiting for resource u'4558bb8c-0c17-4ae4-831d-8cfb54393b1f'. Status changed: NONE => QUEUED in 0.0785310268402
2020-03-04 22:55:17.407 1511 RALLYDEBUG rally.task.utils [-] Waiting for resource u'31304745-79d9-4624-9419-0fc122fb5f94'. Status changed: NONE => QUEUED in 0.0542340278625
2020-03-04 22:55:17.463 1512 RALLYDEBUG rally.task.utils [-] Waiting for resource u'18a8d293-cbdc-4710-86d8-91db16ab0494'. Status changed: NONE => QUEUED in 0.0584809780121
2020-03-04 22:55:18.056 1509 RALLYDEBUG rally.task.utils [-] Waiting for resource s_rally_bdd402c6_1ZVfv7Re. Status changed: QUEUED => ACTIVE in 0.0359890460968
2020-03-04 22:55:18.368 1509 INFO rally.task.runner [-] Task 434dcef4-a66f-4b64-b7a4-b8800c2a4583 | ITER: 5 END: OK
2020-03-04 22:55:18.372 1509 INFO rally.task.runner [-] Task 434dcef4-a66f-4b64-b7a4-b8800c2a4583 | ITER: 9 START
2020-03-04 22:55:18.427 1510 RALLYDEBUG rally.task.utils [-] Waiting for resource s_rally_bdd402c6_BCNvwL1h. Status changed: QUEUED => ACTIVE in 0.0343120098114
2020-03-04 22:55:18.648 1511 RALLYDEBUG rally.task.utils [-] Waiting for resource s_rally_bdd402c6_DQqOj9cC. Status changed: QUEUED => ACTIVE in 0.031357049942
2020-03-04 22:55:18.685 1512 RALLYDEBUG rally.task.utils [-] Waiting for resource s_rally_bdd402c6_aXSCbjWJ. Status changed: QUEUED => ACTIVE in 0.0343520641327
2020-03-04 22:55:18.738 1510 INFO rally.task.runner [-] Task 434dcef4-a66f-4b64-b7a4-b8800c2a4583 | ITER: 6 END: OK
2020-03-04 22:55:18.743 1510 INFO rally.task.runner [-] Task 434dcef4-a66f-4b64-b7a4-b8800c2a4583 | ITER: 10 START
2020-03-04 22:55:18.965 1511 INFO rally.task.runner [-] Task 434dcef4-a66f-4b64-b7a4-b8800c2a4583 | ITER: 7 END: OK
2020-03-04 22:55:18.974 1512 INFO rally.task.runner [-] Task 434dcef4-a66f-4b64-b7a4-b8800c2a4583 | ITER: 8 END: OK
2020-03-04 22:55:20.818 1509 RALLYDEBUG rally.task.utils [-] Waiting for resource u'6478d5d5-9e61-4763-87de-2ac9b6fd3728'. Status changed: NONE => QUEUED in 0.0710740089417
2020-03-04 22:55:21.317 1510 RALLYDEBUG rally.task.utils [-] Waiting for resource u'f18edc7a-ba4c-407c-9095-4745e7dea2fa'. Status changed: NONE => QUEUED in 0.0671389102936
2020-03-04 22:55:21.818 1509 RALLYDEBUG rally.task.utils [-] Waiting for resource s_rally_bdd402c6_fDpckCLf. Status changed: QUEUED => ACTIVE in 0.049957036972
2020-03-04 22:55:22.135 1509 INFO rally.task.runner [-] Task 434dcef4-a66f-4b64-b7a4-b8800c2a4583 | ITER: 9 END: OK
2020-03-04 22:55:22.513 1510 RALLYDEBUG rally.task.utils [-] Waiting for resource s_rally_bdd402c6_hsNkI3VL. Status changed: QUEUED => ACTIVE in 0.0450949668884
2020-03-04 22:55:22.789 1510 INFO rally.task.runner [-] Task 434dcef4-a66f-4b64-b7a4-b8800c2a4583 | ITER: 10 END: OK
2020-03-04 22:55:22.818 725 INFO rally.task.context [-] Task 434dcef4-a66f-4b64-b7a4-b8800c2a4583 | Context cleanup@openstack cleanup() started
2020-03-04 22:55:22.825 725 RALLYDEBUG rally_openstack.cleanup.manager [-] Cleaning up glance images objects
2020-03-04 22:55:23.960 725 RALLYDEBUG rally_openstack.cleanup.manager [-] Deleting glance.images object s_rally_bdd402c6_fDpckCLf (6478d5d5-9e61-4763-87de-2ac9b6fd3728)
2020-03-04 22:55:23.960 725 RALLYDEBUG rally_openstack.cleanup.manager [-] Deleting glance.images object s_rally_bdd402c6_BCNvwL1h (4558bb8c-0c17-4ae4-831d-8cfb54393b1f)
2020-03-04 22:55:23.967 725 RALLYDEBUG rally_openstack.cleanup.manager [-] Deleting glance.images object s_rally_bdd402c6_iy841JBr (34bd4296-4a19-4b23-9654-ff7b3f25bd70)
2020-03-04 22:55:23.964 725 RALLYDEBUG rally_openstack.cleanup.manager [-] Deleting glance.images object s_rally_bdd402c6_hsNkI3VL (f18edc7a-ba4c-407c-9095-4745e7dea2fa)
2020-03-04 22:55:23.983 725 RALLYDEBUG rally_openstack.cleanup.manager [-] Deleting glance.images object s_rally_bdd402c6_DQqOj9cC (31304745-79d9-4624-9419-0fc122fb5f94)
2020-03-04 22:55:23.990 725 RALLYDEBUG rally_openstack.cleanup.manager [-] Deleting glance.images object s_rally_bdd402c6_MZRVeSJs (fdf878d4-51dc-47f8-ac7c-25b6e6dfe569)
2020-03-04 22:55:23.989 725 RALLYDEBUG rally_openstack.cleanup.manager [-] Deleting glance.images object s_rally_bdd402c6_1ZVfv7Re (459792e3-b0d4-433d-ac7b-022de58c4c4b)
2020-03-04 22:55:24.018 725 RALLYDEBUG rally_openstack.cleanup.manager [-] Deleting glance.images object s_rally_bdd402c6_aXSCbjWJ (18a8d293-cbdc-4710-86d8-91db16ab0494)
2020-03-04 22:55:24.034 725 RALLYDEBUG rally_openstack.cleanup.manager [-] Deleting glance.images object s_rally_bdd402c6_w8yZaarj (5d094efc-65ff-44b7-b145-8466286df75d)
2020-03-04 22:55:24.046 725 RALLYDEBUG rally_openstack.cleanup.manager [-] Deleting glance.images object s_rally_bdd402c6_qPitGWbp (b958f533-fa69-44be-b06f-1679235cc671)
2020-03-04 22:55:25.622 725 DEBUG glanceclient.common.http [-] Request returned failure status 404. _handle_response /usr/lib/python2.7/site-packages/glanceclient/common/http.py:125
2020-03-04 22:55:25.655 725 DEBUG glanceclient.common.http [-] Request returned failure status 404. _handle_response /usr/lib/python2.7/site-packages/glanceclient/common/http.py:125
2020-03-04 22:55:25.659 725 DEBUG glanceclient.common.http [-] Request returned failure status 404. _handle_response /usr/lib/python2.7/site-packages/glanceclient/common/http.py:125
2020-03-04 22:55:25.692 725 DEBUG glanceclient.common.http [-] Request returned failure status 404. _handle_response /usr/lib/python2.7/site-packages/glanceclient/common/http.py:125
2020-03-04 22:55:25.693 725 DEBUG glanceclient.common.http [-] Request returned failure status 404. _handle_response /usr/lib/python2.7/site-packages/glanceclient/common/http.py:125
2020-03-04 22:55:25.699 725 DEBUG glanceclient.common.http [-] Request returned failure status 404. _handle_response /usr/lib/python2.7/site-packages/glanceclient/common/http.py:125
2020-03-04 22:55:25.727 725 DEBUG glanceclient.common.http [-] Request returned failure status 404. _handle_response /usr/lib/python2.7/site-packages/glanceclient/common/http.py:125
2020-03-04 22:55:25.728 725 DEBUG glanceclient.common.http [-] Request returned failure status 404. _handle_response /usr/lib/python2.7/site-packages/glanceclient/common/http.py:125
2020-03-04 22:55:25.738 725 DEBUG glanceclient.common.http [-] Request returned failure status 404. _handle_response /usr/lib/python2.7/site-packages/glanceclient/common/http.py:125
2020-03-04 22:55:25.758 725 DEBUG glanceclient.common.http [-] Request returned failure status 404. _handle_response /usr/lib/python2.7/site-packages/glanceclient/common/http.py:125
2020-03-04 22:55:25.771 725 DEBUG glanceclient.common.http [-] Request returned failure status 404. _handle_response /usr/lib/python2.7/site-packages/glanceclient/common/http.py:125
2020-03-04 22:55:25.795 725 DEBUG glanceclient.common.http [-] Request returned failure status 404. _handle_response /usr/lib/python2.7/site-packages/glanceclient/common/http.py:125
2020-03-04 22:55:25.796 725 DEBUG glanceclient.common.http [-] Request returned failure status 404. _handle_response /usr/lib/python2.7/site-packages/glanceclient/common/http.py:125
2020-03-04 22:55:25.820 725 DEBUG glanceclient.common.http [-] Request returned failure status 404. _handle_response /usr/lib/python2.7/site-packages/glanceclient/common/http.py:125
2020-03-04 22:55:25.848 725 DEBUG glanceclient.common.http [-] Request returned failure status 404. _handle_response /usr/lib/python2.7/site-packages/glanceclient/common/http.py:125
2020-03-04 22:55:25.891 725 DEBUG glanceclient.common.http [-] Request returned failure status 404. _handle_response /usr/lib/python2.7/site-packages/glanceclient/common/http.py:125
2020-03-04 22:55:25.906 725 DEBUG glanceclient.common.http [-] Request returned failure status 404. _handle_response /usr/lib/python2.7/site-packages/glanceclient/common/http.py:125
2020-03-04 22:55:25.966 725 DEBUG glanceclient.common.http [-] Request returned failure status 404. _handle_response /usr/lib/python2.7/site-packages/glanceclient/common/http.py:125
2020-03-04 22:55:25.971 725 DEBUG glanceclient.common.http [-] Request returned failure status 404. _handle_response /usr/lib/python2.7/site-packages/glanceclient/common/http.py:125
2020-03-04 22:55:25.999 725 DEBUG glanceclient.common.http [-] Request returned failure status 404. _handle_response /usr/lib/python2.7/site-packages/glanceclient/common/http.py:125
2020-03-04 22:55:27.002 725 INFO rally.task.context [-] Task 434dcef4-a66f-4b64-b7a4-b8800c2a4583 | Context cleanup@openstack cleanup() finished in 4.18 sec
2020-03-04 22:55:27.003 725 INFO rally.task.context [-] Task 434dcef4-a66f-4b64-b7a4-b8800c2a4583 | Context users@openstack cleanup() started
2020-03-04 22:55:31.159 725 INFO rally.task.context [-] Task 434dcef4-a66f-4b64-b7a4-b8800c2a4583 | Context users@openstack cleanup() finished in 4.16 sec
2020-03-04 22:55:33.121 725 INFO rally.task.engine [-] Load duration is: 11.869247
2020-03-04 22:55:33.121 725 INFO rally.task.engine [-] Full runner duration is: 12.24531
2020-03-04 22:55:33.122 725 INFO rally.task.engine [-] Full duration is: 22.199722
2020-03-04 22:55:33.185 725 INFO rally.task.engine [-] Running workload: position = 0 config = { "version": 2, "title": "A cropped version of a bigger task.", "description": "Auto-generated task from a single workload (uuid=0897741c-1ab5-4eee-8c09-29ba7c167df0)", "subtasks": [ { "title": "GlanceImages.create_and_get_image", "description": "Create and get detailed information of an image.", "scenario": { "GlanceImages.create_and_get_image": { "container_format": "bare", "disk_format": "qcow2", "image_location": "/home/opnfv/functest/images/cirros-0.4.0-x86_64-disk.img" } }, "contexts": { "users": { "tenants": 3, "users_per_tenant": 2 } }, "runner": { "constant": { "concurrency": 4, "times": 10 } }, "hooks": [], "sla": { "failure_rate": { "max": 0 } } } ] }
2020-03-04 22:55:33.210 725 RALLYDEBUG rally_openstack.contexts.keystone.users [-] Creating 3 tenants using 20 threads
2020-03-04 22:55:33.744 725 RALLYDEBUG rally_openstack.contexts.keystone.users [-] Creating 6 users using 20 threads
2020-03-04 22:55:34.727 725 INFO rally.task.context [-] Task 434dcef4-a66f-4b64-b7a4-b8800c2a4583 | Context users@openstack setup() finished in 1.52 sec
2020-03-04 22:55:34.727 725 INFO rally.task.context [-] Task 434dcef4-a66f-4b64-b7a4-b8800c2a4583 | Context cleanup@openstack setup() finished in 0.01 msec
2020-03-04 22:55:34.736 725 RALLYDEBUG rally.task.runner [-] Starting the constant runner (task UUID: 434dcef4-a66f-4b64-b7a4-b8800c2a4583). timeout: 0 concurrency: 4 concurrency_per_worker: 1 times: 10 concurrency_overhead: 0 processes_to_start: 4 max_cpu_used: 88
2020-03-04 22:55:34.749 1633 RALLYDEBUG rally.task.runner [-] Starting a worker. concurrency: 1 args: {"container_format": "bare", "disk_format": "qcow2", "image_location": "/home/opnfv/functest/images/cirros-0.4.0-x86_64-disk.img"} times: 10 method_name: run timeout: 0 duration: None cls:
2020-03-04 22:55:34.755 1635 RALLYDEBUG rally.task.runner [-] Starting a worker. concurrency: 1 args: {"container_format": "bare", "disk_format": "qcow2", "image_location": "/home/opnfv/functest/images/cirros-0.4.0-x86_64-disk.img"} times: 10 method_name: run timeout: 0 duration: None cls:
2020-03-04 22:55:34.759 1636 RALLYDEBUG rally.task.runner [-] Starting a worker. concurrency: 1 args: {"container_format": "bare", "disk_format": "qcow2", "image_location": "/home/opnfv/functest/images/cirros-0.4.0-x86_64-disk.img"} times: 10 method_name: run timeout: 0 duration: None cls:
2020-03-04 22:55:34.761 1633 INFO rally.task.runner [-] Task 434dcef4-a66f-4b64-b7a4-b8800c2a4583 | ITER: 1 START
2020-03-04 22:55:34.761 1634 RALLYDEBUG rally.task.runner [-] Starting a worker. concurrency: 1 args: {"container_format": "bare", "disk_format": "qcow2", "image_location": "/home/opnfv/functest/images/cirros-0.4.0-x86_64-disk.img"} times: 10 method_name: run timeout: 0 duration: None cls:
2020-03-04 22:55:34.763 1635 INFO rally.task.runner [-] Task 434dcef4-a66f-4b64-b7a4-b8800c2a4583 | ITER: 2 START
2020-03-04 22:55:34.766 1636 INFO rally.task.runner [-] Task 434dcef4-a66f-4b64-b7a4-b8800c2a4583 | ITER: 3 START
2020-03-04 22:55:34.772 1634 INFO rally.task.runner [-] Task 434dcef4-a66f-4b64-b7a4-b8800c2a4583 | ITER: 4 START
2020-03-04 22:55:38.155 1633 RALLYDEBUG rally.task.utils [-] Waiting for resource u'b1c54221-0074-4961-820c-8236e627d55c'. Status changed: NONE => QUEUED in 0.0632650852203
2020-03-04 22:55:38.372 1635 RALLYDEBUG rally.task.utils [-] Waiting for resource u'ab0e67ac-8c96-4cf5-a4c7-a6a94ef51fbe'. Status changed: NONE => QUEUED in 0.0906870365143
2020-03-04 22:55:38.420 1634 RALLYDEBUG rally.task.utils [-] Waiting for resource u'c9589435-fd23-4477-a1e0-e6c42fa766ac'. Status changed: NONE => QUEUED in 0.108893871307
2020-03-04 22:55:38.426 1636 RALLYDEBUG rally.task.utils [-] Waiting for resource u'17f8032b-5225-47f1-a96e-52229b77d8f6'. Status changed: NONE => QUEUED in 0.0927519798279
2020-03-04 22:55:39.151 1633 RALLYDEBUG rally.task.utils [-] Waiting for resource s_rally_0897741c_tjymJD5x. Status changed: QUEUED => ACTIVE in 0.0359890460968
2020-03-04 22:55:39.187 1633 INFO rally.task.runner [-] Task 434dcef4-a66f-4b64-b7a4-b8800c2a4583 | ITER: 1 END: OK
2020-03-04 22:55:39.192 1633 INFO rally.task.runner [-] Task 434dcef4-a66f-4b64-b7a4-b8800c2a4583 | ITER: 5 START
2020-03-04 22:55:39.438 1635 RALLYDEBUG rally.task.utils [-] Waiting for resource s_rally_0897741c_nRnqsCU5. Status changed: QUEUED => ACTIVE in 0.0343699455261
2020-03-04 22:55:39.483 1635 INFO rally.task.runner [-] Task 434dcef4-a66f-4b64-b7a4-b8800c2a4583 | ITER: 2 END: OK
2020-03-04 22:55:39.488 1635 INFO rally.task.runner [-] Task 434dcef4-a66f-4b64-b7a4-b8800c2a4583 | ITER: 6 START
2020-03-04 22:55:39.782 1634 RALLYDEBUG rally.task.utils [-] Waiting for resource s_rally_0897741c_wyMNpudf. Status changed: QUEUED => ACTIVE in 0.0365509986877
2020-03-04 22:55:39.793 1636 RALLYDEBUG rally.task.utils [-] Waiting for resource s_rally_0897741c_Sx84mtvp. Status changed: QUEUED => ACTIVE in 0.0376439094543
2020-03-04 22:55:39.818 1634 INFO rally.task.runner [-] Task 434dcef4-a66f-4b64-b7a4-b8800c2a4583 | ITER: 4 END: OK
2020-03-04 22:55:39.823 1634 INFO rally.task.runner [-] Task 434dcef4-a66f-4b64-b7a4-b8800c2a4583 | ITER: 7 START
2020-03-04 22:55:39.827 1636 INFO rally.task.runner [-] Task 434dcef4-a66f-4b64-b7a4-b8800c2a4583 | ITER: 3 END: OK
2020-03-04 22:55:39.832 1636 INFO rally.task.runner [-] Task 434dcef4-a66f-4b64-b7a4-b8800c2a4583 | ITER: 8 START
2020-03-04 22:55:41.661 1633 RALLYDEBUG rally.task.utils [-] Waiting for resource u'28c875b8-cc1a-43ca-aa67-e89a26629a08'. Status changed: NONE => QUEUED in 0.0655860900879
2020-03-04 22:55:42.030 1635 RALLYDEBUG rally.task.utils [-] Waiting for resource u'b419bd96-6d83-4f85-a095-f5bf2163d94e'. Status changed: NONE => QUEUED in 0.0560331344604
2020-03-04 22:55:42.390 1636 RALLYDEBUG rally.task.utils [-] Waiting for resource u'71985271-483d-44df-bf35-64b08a8b7057'. Status changed: NONE => QUEUED in 0.0679278373718
2020-03-04 22:55:42.418 1634 RALLYDEBUG rally.task.utils [-] Waiting for resource u'78d2ae12-a568-4661-b0ce-bbdda06deed5'. Status changed: NONE => QUEUED in 0.0782558917999
2020-03-04 22:55:42.601 1633 RALLYDEBUG rally.task.utils [-] Waiting for resource s_rally_0897741c_kjf3dz72. Status changed: QUEUED => ACTIVE in 0.0390291213989
2020-03-04 22:55:42.652 1633 INFO rally.task.runner [-] Task 434dcef4-a66f-4b64-b7a4-b8800c2a4583 | ITER: 5 END: OK
2020-03-04 22:55:42.656 1633 INFO rally.task.runner [-] Task 434dcef4-a66f-4b64-b7a4-b8800c2a4583 | ITER: 9 START
2020-03-04 22:55:43.048 1635 RALLYDEBUG rally.task.utils [-] Waiting for resource s_rally_0897741c_rVSPFXjR. Status changed: QUEUED => ACTIVE in 0.0444672107697
2020-03-04 22:55:43.079 1635 INFO rally.task.runner [-] Task 434dcef4-a66f-4b64-b7a4-b8800c2a4583 | ITER: 6 END: OK
2020-03-04 22:55:43.084 1635 INFO rally.task.runner [-] Task 434dcef4-a66f-4b64-b7a4-b8800c2a4583 | ITER: 10 START
2020-03-04 22:55:43.512 1634 RALLYDEBUG rally.task.utils [-] Waiting for resource s_rally_0897741c_XGIjQRUZ. Status changed: QUEUED => ACTIVE in 0.0339629650116
2020-03-04 22:55:43.549 1634 INFO rally.task.runner [-] Task 434dcef4-a66f-4b64-b7a4-b8800c2a4583 | ITER: 7 END: OK
2020-03-04 22:55:43.642 1636 RALLYDEBUG rally.task.utils [-] Waiting for resource s_rally_0897741c_820lghuR. Status changed: QUEUED => ACTIVE in 0.12789106369
2020-03-04 22:55:43.671 1636 INFO rally.task.runner [-] Task 434dcef4-a66f-4b64-b7a4-b8800c2a4583 | ITER: 8 END: OK
2020-03-04 22:55:45.146 1633 RALLYDEBUG rally.task.utils [-] Waiting for resource u'af40d21b-fc2d-445f-a3b0-93da7f2a3cfd'. Status changed: NONE => QUEUED in 0.0705070495605
2020-03-04 22:55:45.625 1635 RALLYDEBUG rally.task.utils [-] Waiting for resource u'35b565d1-1592-4953-ad6a-3872a51d2439'. Status changed: NONE => QUEUED in 0.0686101913452
2020-03-04 22:55:46.372 1633 RALLYDEBUG rally.task.utils [-] Waiting for resource s_rally_0897741c_t7WDqcgh. Status changed: QUEUED => ACTIVE in 0.0406320095062
2020-03-04 22:55:46.414 1633 INFO rally.task.runner [-] Task 434dcef4-a66f-4b64-b7a4-b8800c2a4583 | ITER: 9 END: OK
2020-03-04 22:55:46.842 1635 RALLYDEBUG rally.task.utils [-] Waiting for resource s_rally_0897741c_UIDm5Dmj. Status changed: QUEUED => ACTIVE in 0.0430691242218
2020-03-04 22:55:46.886 1635 INFO rally.task.runner [-] Task 434dcef4-a66f-4b64-b7a4-b8800c2a4583 | ITER: 10 END: OK
2020-03-04 22:55:46.909 725 INFO rally.task.context [-] Task 434dcef4-a66f-4b64-b7a4-b8800c2a4583 | Context cleanup@openstack cleanup() started
2020-03-04 22:55:46.913 725 RALLYDEBUG rally_openstack.cleanup.manager [-] Cleaning up glance images objects
2020-03-04 22:55:47.947 725 RALLYDEBUG rally_openstack.cleanup.manager [-] Deleting glance.images object s_rally_0897741c_nRnqsCU5 (ab0e67ac-8c96-4cf5-a4c7-a6a94ef51fbe)
2020-03-04 22:55:47.948 725 RALLYDEBUG rally_openstack.cleanup.manager [-] Deleting glance.images object s_rally_0897741c_t7WDqcgh (af40d21b-fc2d-445f-a3b0-93da7f2a3cfd)
2020-03-04 22:55:47.955 725 RALLYDEBUG rally_openstack.cleanup.manager [-] Deleting glance.images object s_rally_0897741c_XGIjQRUZ (78d2ae12-a568-4661-b0ce-bbdda06deed5)
2020-03-04 22:55:47.961 725 RALLYDEBUG rally_openstack.cleanup.manager [-] Deleting glance.images object s_rally_0897741c_rVSPFXjR (b419bd96-6d83-4f85-a095-f5bf2163d94e)
2020-03-04 22:55:47.972 725 RALLYDEBUG rally_openstack.cleanup.manager [-] Deleting glance.images object s_rally_0897741c_820lghuR (71985271-483d-44df-bf35-64b08a8b7057)
2020-03-04 22:55:47.967 725 RALLYDEBUG rally_openstack.cleanup.manager [-] Deleting glance.images object s_rally_0897741c_UIDm5Dmj (35b565d1-1592-4953-ad6a-3872a51d2439)
2020-03-04 22:55:47.981 725 RALLYDEBUG rally_openstack.cleanup.manager [-] Deleting glance.images object s_rally_0897741c_kjf3dz72 (28c875b8-cc1a-43ca-aa67-e89a26629a08)
2020-03-04 22:55:48.011 725 RALLYDEBUG rally_openstack.cleanup.manager [-] Deleting glance.images object s_rally_0897741c_wyMNpudf (c9589435-fd23-4477-a1e0-e6c42fa766ac)
2020-03-04 22:55:48.018 725 RALLYDEBUG rally_openstack.cleanup.manager [-] Deleting glance.images object s_rally_0897741c_tjymJD5x (b1c54221-0074-4961-820c-8236e627d55c)
2020-03-04 22:55:48.045 725 RALLYDEBUG rally_openstack.cleanup.manager [-] Deleting glance.images object s_rally_0897741c_Sx84mtvp (17f8032b-5225-47f1-a96e-52229b77d8f6)
2020-03-04 22:55:49.396 725 DEBUG glanceclient.common.http [-] Request returned failure status 404. _handle_response /usr/lib/python2.7/site-packages/glanceclient/common/http.py:125
2020-03-04 22:55:49.449 725 DEBUG glanceclient.common.http [-] Request returned failure status 404. _handle_response /usr/lib/python2.7/site-packages/glanceclient/common/http.py:125
2020-03-04 22:55:49.455 725 DEBUG glanceclient.common.http [-] Request returned failure status 404. _handle_response /usr/lib/python2.7/site-packages/glanceclient/common/http.py:125
2020-03-04 22:55:49.473 725 DEBUG glanceclient.common.http [-] Request returned failure status 404. _handle_response /usr/lib/python2.7/site-packages/glanceclient/common/http.py:125
2020-03-04 22:55:49.493 725 DEBUG glanceclient.common.http [-] Request returned failure status 404. _handle_response /usr/lib/python2.7/site-packages/glanceclient/common/http.py:125
2020-03-04 22:55:49.504 725 DEBUG glanceclient.common.http [-] Request returned failure status 404. _handle_response /usr/lib/python2.7/site-packages/glanceclient/common/http.py:125
2020-03-04 22:55:49.547 725 DEBUG glanceclient.common.http [-] Request returned failure status 404. _handle_response /usr/lib/python2.7/site-packages/glanceclient/common/http.py:125
2020-03-04 22:55:49.586 725 DEBUG glanceclient.common.http [-] Request returned failure status 404. _handle_response /usr/lib/python2.7/site-packages/glanceclient/common/http.py:125
2020-03-04 22:55:49.608 725 DEBUG glanceclient.common.http [-] Request returned failure status 404. _handle_response /usr/lib/python2.7/site-packages/glanceclient/common/http.py:125
2020-03-04 22:55:49.610 725 DEBUG glanceclient.common.http [-] Request returned failure status 404. _handle_response /usr/lib/python2.7/site-packages/glanceclient/common/http.py:125
2020-03-04 22:55:49.618 725 DEBUG glanceclient.common.http [-] Request returned failure status 404. _handle_response /usr/lib/python2.7/site-packages/glanceclient/common/http.py:125
2020-03-04 22:55:49.635 725 DEBUG glanceclient.common.http [-] Request returned failure status 404. _handle_response /usr/lib/python2.7/site-packages/glanceclient/common/http.py:125
2020-03-04 22:55:49.650 725 DEBUG glanceclient.common.http [-] Request returned failure status 404. _handle_response /usr/lib/python2.7/site-packages/glanceclient/common/http.py:125
2020-03-04 22:55:49.654 725 DEBUG glanceclient.common.http [-] Request returned failure status 404. _handle_response /usr/lib/python2.7/site-packages/glanceclient/common/http.py:125
2020-03-04 22:55:49.664 725 DEBUG glanceclient.common.http [-] Request returned failure status 404. _handle_response /usr/lib/python2.7/site-packages/glanceclient/common/http.py:125
2020-03-04 22:55:49.691 725 DEBUG glanceclient.common.http [-] Request returned failure status 404. _handle_response /usr/lib/python2.7/site-packages/glanceclient/common/http.py:125
2020-03-04 22:55:49.800 725 DEBUG glanceclient.common.http [-] Request returned failure status 404. _handle_response /usr/lib/python2.7/site-packages/glanceclient/common/http.py:125
2020-03-04 22:55:49.833 725 DEBUG glanceclient.common.http [-] Request returned failure status 404. _handle_response /usr/lib/python2.7/site-packages/glanceclient/common/http.py:125
2020-03-04 22:55:49.841 725 DEBUG glanceclient.common.http [-] Request returned failure status 404. _handle_response /usr/lib/python2.7/site-packages/glanceclient/common/http.py:125
2020-03-04 22:55:49.867 725 DEBUG glanceclient.common.http [-] Request returned failure status 404. _handle_response /usr/lib/python2.7/site-packages/glanceclient/common/http.py:125
2020-03-04 22:55:50.870 725 INFO rally.task.context [-] Task 434dcef4-a66f-4b64-b7a4-b8800c2a4583 | Context cleanup@openstack cleanup() finished in 3.96 sec
2020-03-04 22:55:50.870 725 INFO rally.task.context [-] Task 434dcef4-a66f-4b64-b7a4-b8800c2a4583 | Context users@openstack cleanup() started
2020-03-04 22:55:54.689 725 INFO rally.task.context [-] Task 434dcef4-a66f-4b64-b7a4-b8800c2a4583 | Context users@openstack cleanup() finished in 3.82 sec
2020-03-04 22:55:55.323 725 INFO rally.task.engine [-] Load duration is: 11.774375
2020-03-04 22:55:55.323 725 INFO rally.task.engine [-] Full runner duration is: 12.173181
2020-03-04 22:55:55.324 725 INFO rally.task.engine [-] Full duration is: 21.480598
2020-03-04 22:55:55.386 725 INFO rally.task.engine [-] Running workload: position = 0 config = { "version": 2, "title": "A cropped version of a bigger task.", "description": "Auto-generated task from a single workload (uuid=739fa82c-9360-41fa-b768-70a1a078d1e9)", "subtasks": [ { "title": "GlanceImages.create_and_update_image", "description": "Create an image then update it.", "scenario": { "GlanceImages.create_and_update_image": { "container_format": "bare", "disk_format": "qcow2", "image_location": "/home/opnfv/functest/images/cirros-0.4.0-x86_64-disk.img" } }, "contexts": { "users": { "tenants": 3, "users_per_tenant": 2 } }, "runner": { "constant": { "concurrency": 4, "times": 10 } }, "hooks": [], "sla": { "failure_rate": { "max": 0 } } } ] }
2020-03-04 22:55:55.409 725 RALLYDEBUG rally_openstack.contexts.keystone.users [-] Creating 3 tenants using 20 threads
2020-03-04 22:55:55.915 725 RALLYDEBUG rally_openstack.contexts.keystone.users [-] Creating 6 users using 20 threads
2020-03-04 22:55:57.264 725 INFO rally.task.context [-] Task 434dcef4-a66f-4b64-b7a4-b8800c2a4583 | Context users@openstack setup() finished in 1.85 sec
2020-03-04 22:55:57.265 725 INFO rally.task.context [-] Task 434dcef4-a66f-4b64-b7a4-b8800c2a4583 | Context cleanup@openstack setup() finished in 0.00 msec
2020-03-04 22:55:57.275 725 RALLYDEBUG rally.task.runner [-] Starting the constant runner (task UUID: 434dcef4-a66f-4b64-b7a4-b8800c2a4583). timeout: 0 concurrency: 4 concurrency_per_worker: 1 times: 10 concurrency_overhead: 0 processes_to_start: 4 max_cpu_used: 88
2020-03-04 22:55:57.289 1757 RALLYDEBUG rally.task.runner [-] Starting a worker. concurrency: 1 args: {"container_format": "bare", "disk_format": "qcow2", "image_location": "/home/opnfv/functest/images/cirros-0.4.0-x86_64-disk.img"} times: 10 method_name: run timeout: 0 duration: None cls:
2020-03-04 22:55:57.293 1758 RALLYDEBUG rally.task.runner [-] Starting a worker. concurrency: 1 args: {"container_format": "bare", "disk_format": "qcow2", "image_location": "/home/opnfv/functest/images/cirros-0.4.0-x86_64-disk.img"} times: 10 method_name: run timeout: 0 duration: None cls:
2020-03-04 22:55:57.295 1759 RALLYDEBUG rally.task.runner [-] Starting a worker. concurrency: 1 args: {"container_format": "bare", "disk_format": "qcow2", "image_location": "/home/opnfv/functest/images/cirros-0.4.0-x86_64-disk.img"} times: 10 method_name: run timeout: 0 duration: None cls:
2020-03-04 22:55:57.297 1757 INFO rally.task.runner [-] Task 434dcef4-a66f-4b64-b7a4-b8800c2a4583 | ITER: 1 START
2020-03-04 22:55:57.298 1760 RALLYDEBUG rally.task.runner [-] Starting a worker. concurrency: 1 args: {"container_format": "bare", "disk_format": "qcow2", "image_location": "/home/opnfv/functest/images/cirros-0.4.0-x86_64-disk.img"} times: 10 method_name: run timeout: 0 duration: None cls:
2020-03-04 22:55:57.302 1758 INFO rally.task.runner [-] Task 434dcef4-a66f-4b64-b7a4-b8800c2a4583 | ITER: 2 START
2020-03-04 22:55:57.302 1759 INFO rally.task.runner [-] Task 434dcef4-a66f-4b64-b7a4-b8800c2a4583 | ITER: 3 START
2020-03-04 22:55:57.306 1760 INFO rally.task.runner [-] Task 434dcef4-a66f-4b64-b7a4-b8800c2a4583 | ITER: 4 START
2020-03-04 22:56:00.183 1759 RALLYDEBUG rally.task.utils [-] Waiting for resource u'a29c24cb-5eb4-4571-a9eb-306602332365'. Status changed: NONE => QUEUED in 0.0579741001129
2020-03-04 22:56:00.348 1757 RALLYDEBUG rally.task.utils [-] Waiting for resource u'098553dd-2669-424f-b2b4-606775d0eea9'. Status changed: NONE => QUEUED in 0.0851519107819
2020-03-04 22:56:00.350 1758 RALLYDEBUG rally.task.utils [-] Waiting for resource u'f19897ab-1107-49bd-bec6-e932086b8df4'. Status changed: NONE => QUEUED in 0.0746579170227
2020-03-04 22:56:01.255 1760 RALLYDEBUG rally.task.utils [-] Waiting for resource u'b2ca6260-0dd2-463e-9005-263157bff1e8'. Status changed: NONE => QUEUED in 0.0694301128387
2020-03-04 22:56:01.341 1759 RALLYDEBUG rally.task.utils [-] Waiting for resource s_rally_739fa82c_U7NUMtz4. Status changed: QUEUED => ACTIVE in 0.0374929904938
2020-03-04 22:56:01.581 1759 INFO rally.task.runner [-] Task 434dcef4-a66f-4b64-b7a4-b8800c2a4583 | ITER: 3 END: OK
2020-03-04 22:56:01.586 1759 INFO rally.task.runner [-] Task 434dcef4-a66f-4b64-b7a4-b8800c2a4583 | ITER: 5 START
2020-03-04 22:56:01.728 1757 RALLYDEBUG rally.task.utils [-] Waiting for resource s_rally_739fa82c_cEDyDgv4. Status changed: QUEUED => ACTIVE in 0.12779712677
2020-03-04 22:56:01.733 1758 RALLYDEBUG rally.task.utils [-] Waiting for resource s_rally_739fa82c_LbvcWg1j. Status changed: QUEUED => ACTIVE in 0.108347892761
2020-03-04 22:56:02.028 1757 INFO rally.task.runner [-] Task 434dcef4-a66f-4b64-b7a4-b8800c2a4583 | ITER: 1 END: OK
2020-03-04 22:56:02.032 1757 INFO rally.task.runner [-] Task 434dcef4-a66f-4b64-b7a4-b8800c2a4583 | ITER: 6 START
2020-03-04 22:56:02.117 1758 INFO rally.task.runner [-] Task 434dcef4-a66f-4b64-b7a4-b8800c2a4583 | ITER: 2 END: OK
2020-03-04 22:56:02.122 1758 INFO rally.task.runner [-] Task 434dcef4-a66f-4b64-b7a4-b8800c2a4583 | ITER: 7 START
2020-03-04 22:56:02.255 1760 RALLYDEBUG rally.task.utils [-] Waiting for resource s_rally_739fa82c_vwSHRi3H. Status changed: QUEUED => ACTIVE in 0.0354580879211
2020-03-04 22:56:02.508 1760 INFO rally.task.runner [-] Task 434dcef4-a66f-4b64-b7a4-b8800c2a4583 | ITER: 4 END: OK
2020-03-04 22:56:02.513 1760 INFO rally.task.runner [-] Task 434dcef4-a66f-4b64-b7a4-b8800c2a4583 | ITER: 8 START
2020-03-04 22:56:04.242 1759 RALLYDEBUG rally.task.utils [-] Waiting for resource u'75b63f45-036f-48ab-b500-8c49eabe61fe'. Status changed: NONE => QUEUED in 0.0644450187683
2020-03-04 22:56:04.594 1757 RALLYDEBUG rally.task.utils [-] Waiting for resource u'edef8bb5-bc58-4248-9f0d-e4a4b71b2007'. Status changed: NONE => QUEUED in 0.0827188491821
2020-03-04 22:56:04.596 1758 RALLYDEBUG rally.task.utils [-] Waiting for resource u'3165f733-417a-4127-8a1c-4a8c0445e2e3'. Status changed: NONE => QUEUED in 0.0709760189056
2020-03-04 22:56:04.977 1760 RALLYDEBUG rally.task.utils [-] Waiting for resource u'62f7d205-8c17-4c08-871d-cd38fc6b2560'. Status changed: NONE => QUEUED in 0.0581600666046
2020-03-04 22:56:05.215 1759 RALLYDEBUG rally.task.utils [-] Waiting for resource s_rally_739fa82c_W2GgSJhM. Status changed: QUEUED => ACTIVE in 0.0516700744629
2020-03-04 22:56:05.505 1759 INFO rally.task.runner [-] Task 434dcef4-a66f-4b64-b7a4-b8800c2a4583 | ITER: 5 END: OK
2020-03-04 22:56:05.509 1759 INFO rally.task.runner [-] Task 434dcef4-a66f-4b64-b7a4-b8800c2a4583 | ITER: 9 START
2020-03-04 22:56:06.025 1757 RALLYDEBUG rally.task.utils [-] Waiting for resource s_rally_739fa82c_nTkkr0lk. Status changed: QUEUED => ACTIVE in 0.0350861549377
2020-03-04 22:56:06.136 1758 RALLYDEBUG rally.task.utils [-] Waiting for resource s_rally_739fa82c_ejJImzWz. Status changed: QUEUED => ACTIVE in 0.0397682189941
2020-03-04 22:56:06.187 1760 RALLYDEBUG rally.task.utils [-] Waiting for resource s_rally_739fa82c_fZs7PIGw. Status changed: QUEUED => ACTIVE in 0.0471978187561
2020-03-04 22:56:06.278 1757 INFO rally.task.runner [-] Task 434dcef4-a66f-4b64-b7a4-b8800c2a4583 | ITER: 6 END: OK
2020-03-04 22:56:06.282 1757 INFO rally.task.runner [-] Task 434dcef4-a66f-4b64-b7a4-b8800c2a4583 | ITER: 10 START
2020-03-04 22:56:06.318 1758 INFO rally.task.runner [-] Task 434dcef4-a66f-4b64-b7a4-b8800c2a4583 | ITER: 7 END: OK
2020-03-04 22:56:06.402 1760 INFO rally.task.runner [-] Task 434dcef4-a66f-4b64-b7a4-b8800c2a4583 | ITER: 8 END: OK
2020-03-04 22:56:08.190 1759 RALLYDEBUG rally.task.utils [-] Waiting for resource u'7b12a782-c004-4dfd-b4e9-ac56fbbb4809'. Status changed: NONE => QUEUED in 0.0593581199646
2020-03-04 22:56:08.718 1757 RALLYDEBUG rally.task.utils [-] Waiting for resource u'fe54e4fb-f220-4399-b653-59982a169e9a'. Status changed: NONE => QUEUED in 0.0637609958649
2020-03-04 22:56:09.557 1759 RALLYDEBUG rally.task.utils [-] Waiting for resource s_rally_739fa82c_2YAeSjP9. Status changed: QUEUED => ACTIVE in 0.0417439937592
2020-03-04 22:56:11.060 1757 RALLYDEBUG rally.task.utils [-] Waiting for resource s_rally_739fa82c_Qh3BpM3G. Status changed: QUEUED => ACTIVE in 0.0407409667969
2020-03-04 22:56:11.075 1759 INFO rally.task.runner [-] Task 434dcef4-a66f-4b64-b7a4-b8800c2a4583 | ITER: 9 END: OK
2020-03-04 22:56:11.390 1757 INFO rally.task.runner [-] Task 434dcef4-a66f-4b64-b7a4-b8800c2a4583 | ITER: 10 END: OK
2020-03-04 22:56:11.411 725 INFO rally.task.context [-] Task 434dcef4-a66f-4b64-b7a4-b8800c2a4583 | Context cleanup@openstack cleanup() started
2020-03-04 22:56:11.414 725 RALLYDEBUG rally_openstack.cleanup.manager [-] Cleaning up glance images objects
2020-03-04 22:56:12.368 725 RALLYDEBUG rally_openstack.cleanup.manager [-] Deleting glance.images object s_rally_739fa82c_4X9mbtd1 (edef8bb5-bc58-4248-9f0d-e4a4b71b2007)
2020-03-04 22:56:12.372 725 RALLYDEBUG rally_openstack.cleanup.manager [-] Deleting glance.images object s_rally_739fa82c_9AKrRDq6 (f19897ab-1107-49bd-bec6-e932086b8df4)
2020-03-04 22:56:12.374 725 RALLYDEBUG rally_openstack.cleanup.manager [-] Deleting glance.images object s_rally_739fa82c_kfXVPg46 (098553dd-2669-424f-b2b4-606775d0eea9)
2020-03-04 22:56:12.376 725 RALLYDEBUG rally_openstack.cleanup.manager [-] Deleting glance.images object s_rally_739fa82c_06HExZ7X (a29c24cb-5eb4-4571-a9eb-306602332365)
2020-03-04 22:56:12.377 725 RALLYDEBUG rally_openstack.cleanup.manager [-] Deleting glance.images object s_rally_739fa82c_CDZgcpvp (62f7d205-8c17-4c08-871d-cd38fc6b2560)
2020-03-04 22:56:12.377 725 RALLYDEBUG rally_openstack.cleanup.manager [-] Deleting glance.images object s_rally_739fa82c_NmEOSEe9 (fe54e4fb-f220-4399-b653-59982a169e9a)
2020-03-04 22:56:12.383 725 RALLYDEBUG rally_openstack.cleanup.manager [-] Deleting glance.images object s_rally_739fa82c_p5wGFGHA (75b63f45-036f-48ab-b500-8c49eabe61fe)
2020-03-04 22:56:12.384 725 RALLYDEBUG rally_openstack.cleanup.manager [-] Deleting glance.images object s_rally_739fa82c_yyCMcQVv (7b12a782-c004-4dfd-b4e9-ac56fbbb4809)
2020-03-04 22:56:12.385 725 RALLYDEBUG rally_openstack.cleanup.manager [-] Deleting glance.images object s_rally_739fa82c_NeXyCws9 (b2ca6260-0dd2-463e-9005-263157bff1e8)
2020-03-04 22:56:12.388 725 RALLYDEBUG rally_openstack.cleanup.manager [-] Deleting glance.images object s_rally_739fa82c_YepldDFt (3165f733-417a-4127-8a1c-4a8c0445e2e3)
2020-03-04 22:56:13.484 725 DEBUG glanceclient.common.http [-] Request returned failure status 404. _handle_response /usr/lib/python2.7/site-packages/glanceclient/common/http.py:125
2020-03-04 22:56:13.533 725 DEBUG glanceclient.common.http [-] Request returned failure status 404. _handle_response /usr/lib/python2.7/site-packages/glanceclient/common/http.py:125
2020-03-04 22:56:14.113 725 DEBUG glanceclient.common.http [-] Request returned failure status 404. _handle_response /usr/lib/python2.7/site-packages/glanceclient/common/http.py:125
2020-03-04 22:56:14.144 725 DEBUG glanceclient.common.http [-] Request returned failure status 404. _handle_response /usr/lib/python2.7/site-packages/glanceclient/common/http.py:125
2020-03-04 22:56:14.514 725 DEBUG glanceclient.common.http [-] Request returned failure status 404. _handle_response /usr/lib/python2.7/site-packages/glanceclient/common/http.py:125
2020-03-04 22:56:14.570 725 DEBUG glanceclient.common.http [-] Request returned failure status 404. _handle_response /usr/lib/python2.7/site-packages/glanceclient/common/http.py:125
2020-03-04 22:56:14.603 725 DEBUG glanceclient.common.http [-] Request returned failure status 404. _handle_response /usr/lib/python2.7/site-packages/glanceclient/common/http.py:125
2020-03-04 22:56:14.640 725 DEBUG glanceclient.common.http [-] Request returned failure status 404. _handle_response /usr/lib/python2.7/site-packages/glanceclient/common/http.py:125
2020-03-04 22:56:14.715 725 DEBUG glanceclient.common.http [-] Request returned failure status 404. _handle_response /usr/lib/python2.7/site-packages/glanceclient/common/http.py:125
2020-03-04 22:56:14.734 725 DEBUG glanceclient.common.http [-] Request returned failure status 404. _handle_response /usr/lib/python2.7/site-packages/glanceclient/common/http.py:125
2020-03-04 22:56:14.756 725 DEBUG glanceclient.common.http [-] Request returned failure status 404. _handle_response /usr/lib/python2.7/site-packages/glanceclient/common/http.py:125
2020-03-04 22:56:14.769 725 DEBUG glanceclient.common.http [-] Request returned failure status 404. _handle_response /usr/lib/python2.7/site-packages/glanceclient/common/http.py:125
2020-03-04 22:56:14.771 725 DEBUG glanceclient.common.http [-] Request returned failure status 404. _handle_response /usr/lib/python2.7/site-packages/glanceclient/common/http.py:125
2020-03-04 22:56:14.805 725 DEBUG glanceclient.common.http [-] Request returned failure status 404. _handle_response /usr/lib/python2.7/site-packages/glanceclient/common/http.py:125
2020-03-04 22:56:14.812 725 DEBUG glanceclient.common.http [-] Request returned failure status 404. _handle_response /usr/lib/python2.7/site-packages/glanceclient/common/http.py:125
2020-03-04 22:56:14.817 725 DEBUG glanceclient.common.http [-] Request returned failure status 404. _handle_response /usr/lib/python2.7/site-packages/glanceclient/common/http.py:125
2020-03-04 22:56:14.821 725 DEBUG glanceclient.common.http [-] Request returned failure status 404. _handle_response /usr/lib/python2.7/site-packages/glanceclient/common/http.py:125
2020-03-04 22:56:14.941 725 DEBUG glanceclient.common.http [-] Request returned failure status 404. _handle_response /usr/lib/python2.7/site-packages/glanceclient/common/http.py:125
2020-03-04 22:56:14.945 725 DEBUG glanceclient.common.http [-] Request returned failure status 404. _handle_response /usr/lib/python2.7/site-packages/glanceclient/common/http.py:125
2020-03-04 22:56:14.946 725 DEBUG glanceclient.common.http [-] Request returned failure status 404. _handle_response /usr/lib/python2.7/site-packages/glanceclient/common/http.py:125
2020-03-04 22:56:15.950 725 INFO rally.task.context [-] Task 434dcef4-a66f-4b64-b7a4-b8800c2a4583 | Context cleanup@openstack cleanup() finished in 4.54 sec
2020-03-04 22:56:15.950 725 INFO rally.task.context [-] Task 434dcef4-a66f-4b64-b7a4-b8800c2a4583 | Context users@openstack cleanup() started
2020-03-04 22:56:19.650 725 INFO rally.task.context [-] Task 434dcef4-a66f-4b64-b7a4-b8800c2a4583 | Context users@openstack cleanup() finished in 3.70 sec
2020-03-04 22:56:21.535 725 INFO rally.task.engine [-] Load duration is: 13.736396
2020-03-04 22:56:21.535 725 INFO rally.task.engine [-] Full runner duration is: 14.136719
2020-03-04 22:56:21.535 725 INFO rally.task.engine [-] Full duration is: 24.243088
2020-03-04 22:56:21.592 725 INFO rally.task.engine [-] Task 434dcef4-a66f-4b64-b7a4-b8800c2a4583 | Completed: Running task.
2020-03-04 22:56:22.724 1839 RALLYDEBUG rally.api [-] INFO logs from urllib3 and requests module are hide.
2020-03-04 22:56:22.724 1839 RALLYDEBUG rally.api [-] urllib3 insecure warnings are hidden.
2020-03-04 22:56:22.725 1839 RALLYDEBUG rally.api [-] ERROR log from boto module is hide.
2020-03-04 22:56:23.728 1840 RALLYDEBUG rally.api [-] INFO logs from urllib3 and requests module are hide.
2020-03-04 22:56:23.728 1840 RALLYDEBUG rally.api [-] urllib3 insecure warnings are hidden.
2020-03-04 22:56:23.729 1840 RALLYDEBUG rally.api [-] ERROR log from boto module is hide.
2020-03-04 22:56:24.790 1841 RALLYDEBUG rally.api [-] INFO logs from urllib3 and requests module are hide.
2020-03-04 22:56:24.790 1841 RALLYDEBUG rally.api [-] urllib3 insecure warnings are hidden.
2020-03-04 22:56:24.791 1841 RALLYDEBUG rally.api [-] ERROR log from boto module is hide.
2020-03-04 22:56:26.333 1841 INFO rally.api [-] Building 'json' report for the following task(s): '434dcef4-a66f-4b64-b7a4-b8800c2a4583'.
2020-03-04 22:56:26.356 1841 INFO rally.api [-] The report has been successfully built.
2020-03-04 22:56:27.351 1843 RALLYDEBUG rally.api [-] INFO logs from urllib3 and requests module are hide.
2020-03-04 22:56:27.351 1843 RALLYDEBUG rally.api [-] urllib3 insecure warnings are hidden.
2020-03-04 22:56:27.351 1843 RALLYDEBUG rally.api [-] ERROR log from boto module is hide.
2020-03-04 22:56:28.961 1843 INFO rally.task.engine [-] Task 560f40f4-9472-4cbd-9fa1-5a66145ea56c | Starting: Task validation.
2020-03-04 22:56:28.967 1843 INFO rally.task.engine [-] Task 560f40f4-9472-4cbd-9fa1-5a66145ea56c | Starting: Task validation of syntax.
2020-03-04 22:56:29.486 1843 INFO rally.task.engine [-] Task 560f40f4-9472-4cbd-9fa1-5a66145ea56c | Completed: Task validation of syntax.
2020-03-04 22:56:29.487 1843 INFO rally.task.engine [-] Task 560f40f4-9472-4cbd-9fa1-5a66145ea56c | Starting: Task validation of required platforms.
2020-03-04 22:56:29.619 1843 INFO rally.task.engine [-] Task 560f40f4-9472-4cbd-9fa1-5a66145ea56c | Completed: Task validation of required platforms.
2020-03-04 22:56:29.620 1843 INFO rally.task.engine [-] Task 560f40f4-9472-4cbd-9fa1-5a66145ea56c | Starting: Task validation of semantic.
2020-03-04 22:56:29.620 1843 INFO rally.task.engine [-] Check health of the environment '495d2d7f-be7f-46a5-8b94-cbf64bdedc95'.
2020-03-04 22:56:30.176 1843 INFO rally.task.engine [-] Platform existing@openstack (available: True): OK!
2020-03-04 22:56:30.195 1843 RALLYDEBUG rally_openstack.contexts.keystone.users [-] Creating 1 tenants using 20 threads
2020-03-04 22:56:30.479 1843 RALLYDEBUG rally_openstack.contexts.keystone.users [-] Creating 1 users using 20 threads
2020-03-04 22:56:31.096 1843 INFO rally.task.context [-] Task 560f40f4-9472-4cbd-9fa1-5a66145ea56c | Context users@openstack setup() finished in 0.90 sec
2020-03-04 22:56:31.506 1843 DEBUG novaclient.v2.client [-] REQ: curl -g -i -X GET http://compute-airship.intel-pod15.opnfv.org:80/v2.1/flavors/detail -H "Accept: application/json" -H "User-Agent: python-novaclient" -H "X-Auth-Token: {SHA1}7f11f2a628a81472ca9c8732429872eb8583a768" _http_log_request /usr/lib/python2.7/site-packages/keystoneauth1/session.py:448
2020-03-04 22:56:31.706 1843 DEBUG novaclient.v2.client [-] RESP: [200] Connection: keep-alive Content-Encoding: gzip Content-Type: application/json Date: Wed, 04 Mar 2020 22:56:31 GMT Openstack-Api-Version: compute 2.1 Transfer-Encoding: chunked Vary: Accept-Encoding, OpenStack-API-Version, X-OpenStack-Nova-API-Version X-Compute-Request-Id: req-7d817b65-e0be-43e1-bded-049bb5175b42 X-Openstack-Nova-Api-Version: 2.1 _http_log_response /usr/lib/python2.7/site-packages/keystoneauth1/session.py:479
2020-03-04 22:56:31.707 1843 DEBUG novaclient.v2.client [-] RESP BODY: {"flavors": [{"links": [{"href": "http://compute-airship.intel-pod15.opnfv.org/v2.1/flavors/27f6434f-7dcf-4538-b8d7-2737450d3c4a", "rel": "self"}, {"href": "http://compute-airship.intel-pod15.opnfv.org/flavors/27f6434f-7dcf-4538-b8d7-2737450d3c4a", "rel": "bookmark"}], "ram": 512, "OS-FLV-DISABLED:disabled": false, "os-flavor-access:is_public": true, "rxtx_factor": 1.0, "disk": 1, "id": "27f6434f-7dcf-4538-b8d7-2737450d3c4a", "name": "m1.tiny", "vcpus": 1, "swap": "", "OS-FLV-EXT-DATA:ephemeral": 0}, {"links": [{"href": "http://compute-airship.intel-pod15.opnfv.org/v2.1/flavors/6ccec4b4-811a-4f0e-8856-a8ece3467779", "rel": "self"}, {"href": "http://compute-airship.intel-pod15.opnfv.org/flavors/6ccec4b4-811a-4f0e-8856-a8ece3467779", "rel": "bookmark"}], "ram": 4096, "OS-FLV-DISABLED:disabled": false, "os-flavor-access:is_public": true, "rxtx_factor": 1.0, "disk": 40, "id": "6ccec4b4-811a-4f0e-8856-a8ece3467779", "name": "m1.medium", "vcpus": 2, "swap": "", "OS-FLV-EXT-DATA:ephemeral": 0}, {"links": [{"href": "http://compute-airship.intel-pod15.opnfv.org/v2.1/flavors/70a3126c-43dd-49da-9ab9-de61ee37a85c", "rel": "self"}, {"href": "http://compute-airship.intel-pod15.opnfv.org/flavors/70a3126c-43dd-49da-9ab9-de61ee37a85c", "rel": "bookmark"}], "ram": 2048, "OS-FLV-DISABLED:disabled": false, "os-flavor-access:is_public": true, "rxtx_factor": 1.0, "disk": 20, "id": "70a3126c-43dd-49da-9ab9-de61ee37a85c", "name": "m1.small", "vcpus": 1, "swap": "", "OS-FLV-EXT-DATA:ephemeral": 0}, {"links": [{"href": "http://compute-airship.intel-pod15.opnfv.org/v2.1/flavors/94bef1bd-7830-482e-a145-d24aa3cd3d5c", "rel": "self"}, {"href": "http://compute-airship.intel-pod15.opnfv.org/flavors/94bef1bd-7830-482e-a145-d24aa3cd3d5c", "rel": "bookmark"}], "ram": 16384, "OS-FLV-DISABLED:disabled": false, "os-flavor-access:is_public": true, "rxtx_factor": 1.0, "disk": 160, "id": "94bef1bd-7830-482e-a145-d24aa3cd3d5c", "name": "m1.xlarge", "vcpus": 8, "swap": "", "OS-FLV-EXT-DATA:ephemeral": 0}, {"links": [{"href": "http://compute-airship.intel-pod15.opnfv.org/v2.1/flavors/c69bc7eb-19b6-498f-929e-ed1b76467178", "rel": "self"}, {"href": "http://compute-airship.intel-pod15.opnfv.org/flavors/c69bc7eb-19b6-498f-929e-ed1b76467178", "rel": "bookmark"}], "ram": 1024, "OS-FLV-DISABLED:disabled": false, "os-flavor-access:is_public": true, "rxtx_factor": 1.0, "disk": 1, "id": "c69bc7eb-19b6-498f-929e-ed1b76467178", "name": "rally_full-flavor_alt_88745550-2bd3-4809-8c11-6282c226cada", "vcpus": 1, "swap": "", "OS-FLV-EXT-DATA:ephemeral": 0}, {"links": [{"href": "http://compute-airship.intel-pod15.opnfv.org/v2.1/flavors/c97a0bc6-3a02-4d33-b199-53e3045c8c42", "rel": "self"}, {"href": "http://compute-airship.intel-pod15.opnfv.org/flavors/c97a0bc6-3a02-4d33-b199-53e3045c8c42", "rel": "bookmark"}], "ram": 512, "OS-FLV-DISABLED:disabled": false, "os-flavor-access:is_public": true, "rxtx_factor": 1.0, "disk": 1, "id": "c97a0bc6-3a02-4d33-b199-53e3045c8c42", "name": "rally_full-flavor_88745550-2bd3-4809-8c11-6282c226cada", "vcpus": 1, "swap": "", "OS-FLV-EXT-DATA:ephemeral": 0}, {"links": [{"href": "http://compute-airship.intel-pod15.opnfv.org/v2.1/flavors/cd2bfb4d-eee3-4ab2-9f81-12feb6c5fa11", "rel": "self"}, {"href": "http://compute-airship.intel-pod15.opnfv.org/flavors/cd2bfb4d-eee3-4ab2-9f81-12feb6c5fa11", "rel": "bookmark"}], "ram": 8192, "OS-FLV-DISABLED:disabled": false, "os-flavor-access:is_public": true, "rxtx_factor": 1.0, "disk": 80, "id": "cd2bfb4d-eee3-4ab2-9f81-12feb6c5fa11", "name": "m1.large", "vcpus": 4, "swap": "", "OS-FLV-EXT-DATA:ephemeral": 0}]} _http_log_response /usr/lib/python2.7/site-packages/keystoneauth1/session.py:511
2020-03-04 22:56:31.708 1843 DEBUG novaclient.v2.client [-] GET call to compute for http://compute-airship.intel-pod15.opnfv.org:80/v2.1/flavors/detail used request id req-7d817b65-e0be-43e1-bded-049bb5175b42 request /usr/lib/python2.7/site-packages/keystoneauth1/session.py:844
2020-03-04 22:56:31.795 1843 DEBUG novaclient.v2.client [-] REQ: curl -g -i -X GET http://compute-airship.intel-pod15.opnfv.org:80/v2.1/flavors/c97a0bc6-3a02-4d33-b199-53e3045c8c42 -H "Accept: application/json" -H "User-Agent: python-novaclient" -H "X-Auth-Token: {SHA1}b3ffaf31a4a0f763d40ac99261caa3aadb0b1c9f" _http_log_request /usr/lib/python2.7/site-packages/keystoneauth1/session.py:448
2020-03-04 22:56:31.921 1843 DEBUG novaclient.v2.client [-] RESP: [200] Connection: keep-alive Content-Encoding: gzip Content-Type: application/json Date: Wed, 04 Mar 2020 22:56:31 GMT Openstack-Api-Version: compute 2.1 Transfer-Encoding: chunked Vary: Accept-Encoding, OpenStack-API-Version, X-OpenStack-Nova-API-Version X-Compute-Request-Id: req-60081453-0966-44c8-b71d-4704dd00969c X-Openstack-Nova-Api-Version: 2.1 _http_log_response /usr/lib/python2.7/site-packages/keystoneauth1/session.py:479
2020-03-04 22:56:31.921 1843 DEBUG novaclient.v2.client [-] RESP BODY: {"flavor": {"links": [{"href": "http://compute-airship.intel-pod15.opnfv.org/v2.1/flavors/c97a0bc6-3a02-4d33-b199-53e3045c8c42", "rel": "self"}, {"href": "http://compute-airship.intel-pod15.opnfv.org/flavors/c97a0bc6-3a02-4d33-b199-53e3045c8c42", "rel": "bookmark"}], "ram": 512, "OS-FLV-DISABLED:disabled": false, "os-flavor-access:is_public": true, "rxtx_factor": 1.0, "disk": 1, "id": "c97a0bc6-3a02-4d33-b199-53e3045c8c42", "name": "rally_full-flavor_88745550-2bd3-4809-8c11-6282c226cada", "vcpus": 1, "swap": "", "OS-FLV-EXT-DATA:ephemeral": 0}} _http_log_response /usr/lib/python2.7/site-packages/keystoneauth1/session.py:511
2020-03-04 22:56:31.921 1843 DEBUG novaclient.v2.client [-] GET call to compute for http://compute-airship.intel-pod15.opnfv.org:80/v2.1/flavors/c97a0bc6-3a02-4d33-b199-53e3045c8c42 used request id req-60081453-0966-44c8-b71d-4704dd00969c request /usr/lib/python2.7/site-packages/keystoneauth1/session.py:844
2020-03-04 22:56:33.406 1843 DEBUG novaclient.v2.client [-] REQ: curl -g -i -X GET http://compute-airship.intel-pod15.opnfv.org:80/v2.1/flavors/detail -H "Accept: application/json" -H "User-Agent: python-novaclient" -H "X-Auth-Token: {SHA1}5cf83342f029f86fd48c4fb84d3063aabae0a52c" _http_log_request /usr/lib/python2.7/site-packages/keystoneauth1/session.py:448
2020-03-04 22:56:33.531 1843 DEBUG novaclient.v2.client [-] RESP: [200] Connection: keep-alive Content-Encoding: gzip Content-Type: application/json Date: Wed, 04 Mar 2020 22:56:33 GMT Openstack-Api-Version: compute 2.1 Transfer-Encoding: chunked Vary: Accept-Encoding, OpenStack-API-Version, X-OpenStack-Nova-API-Version X-Compute-Request-Id: req-47280820-2c1a-4fec-ba00-d4aa108451fb X-Openstack-Nova-Api-Version: 2.1 _http_log_response /usr/lib/python2.7/site-packages/keystoneauth1/session.py:479
