2020-03-04 01:37:15.559 6 RALLYDEBUG rally.api [-] INFO logs from urllib3 and requests module are hide.
2020-03-04 01:37:15.559 6 RALLYDEBUG rally.api [-] urllib3 insecure warnings are hidden.
2020-03-04 01:37:15.559 6 RALLYDEBUG rally.api [-] ERROR log from boto module is hide.
2020-03-04 01:37:17.059 6 ERROR rally.cli.cliutils [-] Unexpected exception in CLI: DBRecordNotFound: Record for uuid or name is opnfv-rally not found in table envs
2020-03-04 01:37:17.059 6 ERROR rally.cli.cliutils
Traceback (most recent call last):
2020-03-04 01:37:17.059 6 ERROR rally.cli.cliutils
File "/usr/lib/python2.7/site-packages/rally/cli/cliutils.py", line 674, in run
2020-03-04 01:37:17.059 6 ERROR rally.cli.cliutils ret = fn(*fn_args, **fn_kwargs)
2020-03-04 01:37:17.059 6 ERROR rally.cli.cliutils File "", line 2, in destroy
2020-03-04 01:37:17.059 6 ERROR rally.cli.cliutils
File "/usr/lib/python2.7/site-packages/rally/cli/envutils.py", line 68, in default_from_global
2020-03-04 01:37:17.059 6 ERROR rally.cli.cliutils return f(*args, **kwargs)
2020-03-04 01:37:17.059 6 ERROR rally.cli.cliutils File "", line 2, in destroy
2020-03-04 01:37:17.059 6 ERROR rally.cli.cliutils
File "/usr/lib/python2.7/site-packages/rally/plugins/__init__.py", line 51, in ensure_plugins_are_loaded
2020-03-04 01:37:17.059 6 ERROR rally.cli.cliutils return f(*args, **kwargs)
2020-03-04 01:37:17.059 6 ERROR rally.cli.cliutils
File "/usr/lib/python2.7/site-packages/rally/cli/commands/deployment.py", line 157, in destroy
2020-03-04 01:37:17.059 6 ERROR rally.cli.cliutils api.deployment.destroy(deployment=deployment)
2020-03-04 01:37:17.059 6 ERROR rally.cli.cliutils
File "/usr/lib/python2.7/site-packages/rally/api.py", line 115, in destroy
2020-03-04 01:37:17.059 6 ERROR rally.cli.cliutils deploy = objects.Deployment.get(deployment)
2020-03-04 01:37:17.059 6 ERROR rally.cli.cliutils
File "/usr/lib/python2.7/site-packages/rally/common/objects/deploy.py", line 124, in get
2020-03-04 01:37:17.059 6 ERROR rally.cli.cliutils return Deployment(env_mgr.EnvManager.get(deploy))
2020-03-04 01:37:17.059 6 ERROR rally.cli.cliutils
File "/usr/lib/python2.7/site-packages/rally/env/env_mgr.py", line 212, in get
2020-03-04 01:37:17.059 6 ERROR rally.cli.cliutils return cls(db.env_get(uuid_or_name))
2020-03-04 01:37:17.059 6 ERROR rally.cli.cliutils
File "/usr/lib/python2.7/site-packages/rally/common/db/api.py", line 135, in wrapper
2020-03-04 01:37:17.059 6 ERROR rally.cli.cliutils result = f(session, *args, **kwargs)
2020-03-04 01:37:17.059 6 ERROR rally.cli.cliutils
File "/usr/lib/python2.7/site-packages/rally/common/db/api.py", line 521, in env_get
2020-03-04 01:37:17.059 6 ERROR rally.cli.cliutils criteria="uuid or name is %s" % uuid_or_name, table="envs")
2020-03-04 01:37:17.059 6 ERROR rally.cli.cliutils DBRecordNotFound: Record for uuid or name is opnfv-rally not found in table envs
2020-03-04 01:37:17.059 6 ERROR rally.cli.cliutils
2020-03-04 01:37:18.010 8 RALLYDEBUG rally.api [-] INFO logs from urllib3 and requests module are hide.
2020-03-04 01:37:18.010 8 RALLYDEBUG rally.api [-] urllib3 insecure warnings are hidden.
2020-03-04 01:37:18.010 8 RALLYDEBUG rally.api [-] ERROR log from boto module is hide.
2020-03-04 01:37:20.364 10 RALLYDEBUG rally.api [-] INFO logs from urllib3 and requests module are hide.
2020-03-04 01:37:20.364 10 RALLYDEBUG rally.api [-] urllib3 insecure warnings are hidden.
2020-03-04 01:37:20.365 10 RALLYDEBUG rally.api [-] ERROR log from boto module is hide.
2020-03-04 01:37:23.207 13 RALLYDEBUG rally.api [-] INFO logs from urllib3 and requests module are hide.
2020-03-04 01:37:23.208 13 RALLYDEBUG rally.api [-] urllib3 insecure warnings are hidden.
2020-03-04 01:37:23.208 13 RALLYDEBUG rally.api [-] ERROR log from boto module is hide.
2020-03-04 01:37:24.817 15 RALLYDEBUG rally.api [-] INFO logs from urllib3 and requests module are hide.
2020-03-04 01:37:24.817 15 RALLYDEBUG rally.api [-] urllib3 insecure warnings are hidden.
2020-03-04 01:37:24.817 15 RALLYDEBUG rally.api [-] ERROR log from boto module is hide.
2020-03-04 01:37:26.075 15 INFO rally.common.plugin.discover [-] Loading plugins from directories /root/.rally/plugins/*
2020-03-04 01:37:26.076 15 INFO rally.common.plugin.discover [-] Loaded module with plugins: /root/.rally/plugins/__init__.py
2020-03-04 01:37:26.078 15 INFO rally.common.plugin.discover [-] Loaded module with plugins: /root/.rally/plugins/trunk_scenario.py
2020-03-04 01:37:26.277 15 INFO rally.task.engine [-] Task eca17900-a486-44e2-bffc-7494f256c292 | Starting: Task validation.
2020-03-04 01:37:26.282 15 INFO rally.task.engine [-] Task eca17900-a486-44e2-bffc-7494f256c292 | Starting: Task validation of syntax.
2020-03-04 01:37:26.523 15 INFO rally.task.engine [-] Task eca17900-a486-44e2-bffc-7494f256c292 | Completed: Task validation of syntax.
2020-03-04 01:37:26.523 15 INFO rally.task.engine [-] Task eca17900-a486-44e2-bffc-7494f256c292 | Starting: Task validation of required platforms.
2020-03-04 01:37:26.632 15 INFO rally.task.engine [-] Task eca17900-a486-44e2-bffc-7494f256c292 | Completed: Task validation of required platforms.
2020-03-04 01:37:26.633 15 INFO rally.task.engine [-] Task eca17900-a486-44e2-bffc-7494f256c292 | Starting: Task validation of semantic.
2020-03-04 01:37:26.633 15 INFO rally.task.engine [-] Check health of the environment '713df5f3-3b9c-42d1-b2ff-411695c0c99a'.
2020-03-04 01:37:27.149 15 INFO rally.task.engine [-] Platform existing@openstack (available: True): OK!
2020-03-04 01:37:27.172 15 RALLYDEBUG rally_openstack.contexts.keystone.users [-] Creating 1 tenants using 20 threads
2020-03-04 01:37:27.471 15 RALLYDEBUG rally_openstack.contexts.keystone.users [-] Creating 1 users using 20 threads
2020-03-04 01:37:27.878 15 INFO rally.task.context [-] Task eca17900-a486-44e2-bffc-7494f256c292 | Context users@openstack setup() finished in 0.71 sec
2020-03-04 01:37:29.175 15 INFO rally.task.context [-] Task eca17900-a486-44e2-bffc-7494f256c292 | Context users@openstack cleanup() started
2020-03-04 01:37:31.273 15 INFO rally.task.context [-] Task eca17900-a486-44e2-bffc-7494f256c292 | Context users@openstack cleanup() finished in 2.10 sec
2020-03-04 01:37:31.273 15 INFO rally.task.engine [-] Task eca17900-a486-44e2-bffc-7494f256c292 | Completed: Task validation of semantic.
2020-03-04 01:37:31.273 15 INFO rally.task.engine [-] Task eca17900-a486-44e2-bffc-7494f256c292 | Completed: Task validation.
2020-03-04 01:37:31.274 15 INFO rally.api [-] Task eca17900-a486-44e2-bffc-7494f256c292 input file is valid.
2020-03-04 01:37:31.274 15 INFO rally.api [-] Run Task eca17900-a486-44e2-bffc-7494f256c292 against Deployment 713df5f3-3b9c-42d1-b2ff-411695c0c99a
2020-03-04 01:37:31.274 15 INFO rally.task.engine [-] Task eca17900-a486-44e2-bffc-7494f256c292 | Starting: Running task.
2020-03-04 01:37:31.311 15 INFO rally.task.engine [-] Running workload: position = 0 config = { "version": 2, "title": "A cropped version of a bigger task.", "description": "Auto-generated task from a single workload (uuid=42882080-ae17-4ca4-9a00-106197817258)", "subtasks": [ { "title": "NeutronNetworks.create_and_list_networks", "description": "Check performance of list_networks action and ensure > network quotas are not exceeded", "scenario": { "NeutronNetworks.create_and_list_networks": {} }, "contexts": { "users": { "tenants": 1, "users_per_tenant": 1 }, "quotas": { "neutron": { "network": 119 } } }, "runner": { "constant": { "times": 100, "concurrency": 20 } }, "hooks": [], "sla": { "max_avg_duration_per_atomic": { "neutron.list_networks": 15 }, "failure_rate": { "max": 0 } } } ] }
2020-03-04 01:37:31.334 15 RALLYDEBUG rally_openstack.contexts.keystone.users [-] Creating 1 tenants using 20 threads
2020-03-04 01:37:31.740 15 RALLYDEBUG rally_openstack.contexts.keystone.users [-] Creating 1 users using 20 threads
2020-03-04 01:37:32.199 15 INFO rally.task.context [-] Task eca17900-a486-44e2-bffc-7494f256c292 | Context users@openstack setup() finished in 0.86 sec
2020-03-04 01:37:32.502 15 INFO rally.task.context [-] Task eca17900-a486-44e2-bffc-7494f256c292 | Context quotas@openstack setup() finished in 0.30 sec
2020-03-04 01:37:32.502 15 INFO rally.task.context [-] Task eca17900-a486-44e2-bffc-7494f256c292 | Context cleanup@openstack setup() finished in 0.02 msec
2020-03-04 01:37:32.511 15 RALLYDEBUG rally.task.runner [-] Starting the constant runner (task UUID: eca17900-a486-44e2-bffc-7494f256c292). timeout: 0 concurrency: 20 concurrency_per_worker: 1 times: 100 concurrency_overhead: 0 processes_to_start: 20 max_cpu_used: 88
2020-03-04 01:37:32.523 139 RALLYDEBUG rally.task.runner [-] Starting a worker. concurrency: 1 args: {} times: 100 method_name: run timeout: 0 duration: None cls:
2020-03-04 01:37:32.525 140 RALLYDEBUG rally.task.runner [-] Starting a worker. concurrency: 1 args: {} times: 100 method_name: run timeout: 0 duration: None cls:
2020-03-04 01:37:32.529 139 INFO rally.task.runner [-] Task eca17900-a486-44e2-bffc-7494f256c292 | ITER: 1 START
2020-03-04 01:37:32.528 141 RALLYDEBUG rally.task.runner [-] Starting a worker. concurrency: 1 args: {} times: 100 method_name: run timeout: 0 duration: None cls:
2020-03-04 01:37:32.531 140 INFO rally.task.runner [-] Task eca17900-a486-44e2-bffc-7494f256c292 | ITER: 2 START
2020-03-04 01:37:32.534 141 INFO rally.task.runner [-] Task eca17900-a486-44e2-bffc-7494f256c292 | ITER: 3 START
2020-03-04 01:37:32.534 145 RALLYDEBUG rally.task.runner [-] Starting a worker. concurrency: 1 args: {} times: 100 method_name: run timeout: 0 duration: None cls:
2020-03-04 01:37:32.535 142 RALLYDEBUG rally.task.runner [-] Starting a worker. concurrency: 1 args: {} times: 100 method_name: run timeout: 0 duration: None cls:
2020-03-04 01:37:32.537 148 RALLYDEBUG rally.task.runner [-] Starting a worker. concurrency: 1 args: {} times: 100 method_name: run timeout: 0 duration: None cls:
2020-03-04 01:37:32.540 145 INFO rally.task.runner [-] Task eca17900-a486-44e2-bffc-7494f256c292 | ITER: 4 START
2020-03-04 01:37:32.541 142 INFO rally.task.runner [-] Task eca17900-a486-44e2-bffc-7494f256c292 | ITER: 5 START
2020-03-04 01:37:32.544 151 RALLYDEBUG rally.task.runner [-] Starting a worker. concurrency: 1 args: {} times: 100 method_name: run timeout: 0 duration: None cls:
2020-03-04 01:37:32.548 148 INFO rally.task.runner [-] Task eca17900-a486-44e2-bffc-7494f256c292 | ITER: 6 START
2020-03-04 01:37:32.547 156 RALLYDEBUG rally.task.runner [-] Starting a worker. concurrency: 1 args: {} times: 100 method_name: run timeout: 0 duration: None cls:
2020-03-04 01:37:32.549 158 RALLYDEBUG rally.task.runner [-] Starting a worker. concurrency: 1 args: {} times: 100 method_name: run timeout: 0 duration: None cls:
2020-03-04 01:37:32.551 151 INFO rally.task.runner [-] Task eca17900-a486-44e2-bffc-7494f256c292 | ITER: 7 START
2020-03-04 01:37:32.553 160 RALLYDEBUG rally.task.runner [-] Starting a worker. concurrency: 1 args: {} times: 100 method_name: run timeout: 0 duration: None cls:
2020-03-04 01:37:32.555 158 INFO rally.task.runner [-] Task eca17900-a486-44e2-bffc-7494f256c292 | ITER: 9 START
2020-03-04 01:37:32.556 163 RALLYDEBUG rally.task.runner [-] Starting a worker. concurrency: 1 args: {} times: 100 method_name: run timeout: 0 duration: None cls:
2020-03-04 01:37:32.559 156 INFO rally.task.runner [-] Task eca17900-a486-44e2-bffc-7494f256c292 | ITER: 8 START
2020-03-04 01:37:32.559 167 RALLYDEBUG rally.task.runner [-] Starting a worker. concurrency: 1 args: {} times: 100 method_name: run timeout: 0 duration: None cls:
2020-03-04 01:37:32.560 160 INFO rally.task.runner [-] Task eca17900-a486-44e2-bffc-7494f256c292 | ITER: 10 START
2020-03-04 01:37:32.562 163 INFO rally.task.runner [-] Task eca17900-a486-44e2-bffc-7494f256c292 | ITER: 11 START
2020-03-04 01:37:32.562 169 RALLYDEBUG rally.task.runner [-] Starting a worker. concurrency: 1 args: {} times: 100 method_name: run timeout: 0 duration: None cls:
2020-03-04 01:37:32.565 167 INFO rally.task.runner [-] Task eca17900-a486-44e2-bffc-7494f256c292 | ITER: 12 START
2020-03-04 01:37:32.565 172 RALLYDEBUG rally.task.runner [-] Starting a worker. concurrency: 1 args: {} times: 100 method_name: run timeout: 0 duration: None cls:
2020-03-04 01:37:32.568 169 INFO rally.task.runner [-] Task eca17900-a486-44e2-bffc-7494f256c292 | ITER: 13 START
2020-03-04 01:37:32.569 175 RALLYDEBUG rally.task.runner [-] Starting a worker. concurrency: 1 args: {} times: 100 method_name: run timeout: 0 duration: None cls:
2020-03-04 01:37:32.570 172 INFO rally.task.runner [-] Task eca17900-a486-44e2-bffc-7494f256c292 | ITER: 14 START
2020-03-04 01:37:32.572 178 RALLYDEBUG rally.task.runner [-] Starting a worker. concurrency: 1 args: {} times: 100 method_name: run timeout: 0 duration: None cls:
2020-03-04 01:37:32.575 175 INFO rally.task.runner [-] Task eca17900-a486-44e2-bffc-7494f256c292 | ITER: 15 START
2020-03-04 01:37:32.574 181 RALLYDEBUG rally.task.runner [-] Starting a worker. concurrency: 1 args: {} times: 100 method_name: run timeout: 0 duration: None cls:
2020-03-04 01:37:32.578 184 RALLYDEBUG rally.task.runner [-] Starting a worker. concurrency: 1 args: {} times: 100 method_name: run timeout: 0 duration: None cls:
2020-03-04 01:37:32.580 181 INFO rally.task.runner [-] Task eca17900-a486-44e2-bffc-7494f256c292 | ITER: 17 START
2020-03-04 01:37:32.583 178 INFO rally.task.runner [-] Task eca17900-a486-44e2-bffc-7494f256c292 | ITER: 16 START
2020-03-04 01:37:32.583 189 RALLYDEBUG rally.task.runner [-] Starting a worker. concurrency: 1 args: {} times: 100 method_name: run timeout: 0 duration: None cls:
2020-03-04 01:37:32.587 184 INFO rally.task.runner [-] Task eca17900-a486-44e2-bffc-7494f256c292 | ITER: 18 START
2020-03-04 01:37:32.587 187 RALLYDEBUG rally.task.runner [-] Starting a worker. concurrency: 1 args: {} times: 100 method_name: run timeout: 0 duration: None cls:
2020-03-04 01:37:32.588 189 INFO rally.task.runner [-] Task eca17900-a486-44e2-bffc-7494f256c292 | ITER: 19 START
2020-03-04 01:37:32.592 187 INFO rally.task.runner [-] Task eca17900-a486-44e2-bffc-7494f256c292 | ITER: 20 START
2020-03-04 01:37:33.969 181 INFO rally.task.runner [-] Task eca17900-a486-44e2-bffc-7494f256c292 | ITER: 17 END: OK
2020-03-04 01:37:33.974 181 INFO rally.task.runner [-] Task eca17900-a486-44e2-bffc-7494f256c292 | ITER: 21 START
2020-03-04 01:37:34.428 163 INFO rally.task.runner [-] Task eca17900-a486-44e2-bffc-7494f256c292 | ITER: 11 END: OK
2020-03-04 01:37:34.433 163 INFO rally.task.runner [-] Task eca17900-a486-44e2-bffc-7494f256c292 | ITER: 22 START
2020-03-04 01:37:34.616 156 INFO rally.task.runner [-] Task eca17900-a486-44e2-bffc-7494f256c292 | ITER: 8 END: OK
2020-03-04 01:37:34.621 156 INFO rally.task.runner [-] Task eca17900-a486-44e2-bffc-7494f256c292 | ITER: 23 START
2020-03-04 01:37:35.247 175 INFO rally.task.runner [-] Task eca17900-a486-44e2-bffc-7494f256c292 | ITER: 15 END: OK
2020-03-04 01:37:35.252 175 INFO rally.task.runner [-] Task eca17900-a486-44e2-bffc-7494f256c292 | ITER: 24 START
2020-03-04 01:37:35.914 140 INFO rally.task.runner [-] Task eca17900-a486-44e2-bffc-7494f256c292 | ITER: 2 END: OK
2020-03-04 01:37:35.919 140 INFO rally.task.runner [-] Task eca17900-a486-44e2-bffc-7494f256c292 | ITER: 25 START
2020-03-04 01:37:35.920 187 INFO rally.task.runner [-] Task eca17900-a486-44e2-bffc-7494f256c292 | ITER: 20 END: OK
2020-03-04 01:37:35.923 187 INFO rally.task.runner [-] Task eca17900-a486-44e2-bffc-7494f256c292 | ITER: 26 START
2020-03-04 01:37:35.933 189 INFO rally.task.runner [-] Task eca17900-a486-44e2-bffc-7494f256c292 | ITER: 19 END: OK
2020-03-04 01:37:35.937 189 INFO rally.task.runner [-] Task eca17900-a486-44e2-bffc-7494f256c292 | ITER: 27 START
2020-03-04 01:37:35.951 172 INFO rally.task.runner [-] Task eca17900-a486-44e2-bffc-7494f256c292 | ITER: 14 END: OK
2020-03-04 01:37:35.955 172 INFO rally.task.runner [-] Task eca17900-a486-44e2-bffc-7494f256c292 | ITER: 28 START
2020-03-04 01:37:36.144 167 INFO rally.task.runner [-] Task eca17900-a486-44e2-bffc-7494f256c292 | ITER: 12 END: OK
2020-03-04 01:37:36.148 167 INFO rally.task.runner [-] Task eca17900-a486-44e2-bffc-7494f256c292 | ITER: 29 START
2020-03-04 01:37:36.186 145 INFO rally.task.runner [-] Task eca17900-a486-44e2-bffc-7494f256c292 | ITER: 4 END: OK
2020-03-04 01:37:36.191 145 INFO rally.task.runner [-] Task eca17900-a486-44e2-bffc-7494f256c292 | ITER: 30 START
2020-03-04 01:37:36.204 184 INFO rally.task.runner [-] Task eca17900-a486-44e2-bffc-7494f256c292 | ITER: 18 END: OK
2020-03-04 01:37:36.208 184 INFO rally.task.runner [-] Task eca17900-a486-44e2-bffc-7494f256c292 | ITER: 31 START
2020-03-04 01:37:36.237 141 INFO rally.task.runner [-] Task eca17900-a486-44e2-bffc-7494f256c292 | ITER: 3 END: OK
2020-03-04 01:37:36.242 141 INFO rally.task.runner [-] Task eca17900-a486-44e2-bffc-7494f256c292 | ITER: 32 START
2020-03-04 01:37:36.385 142 INFO rally.task.runner [-] Task eca17900-a486-44e2-bffc-7494f256c292 | ITER: 5 END: OK
2020-03-04 01:37:36.390 142 INFO rally.task.runner [-] Task eca17900-a486-44e2-bffc-7494f256c292 | ITER: 33 START
2020-03-04 01:37:36.429 160 INFO rally.task.runner [-] Task eca17900-a486-44e2-bffc-7494f256c292 | ITER: 10 END: OK
2020-03-04 01:37:36.431 178 INFO rally.task.runner [-] Task eca17900-a486-44e2-bffc-7494f256c292 | ITER: 16 END: OK
2020-03-04 01:37:36.434 160 INFO rally.task.runner [-] Task eca17900-a486-44e2-bffc-7494f256c292 | ITER: 34 START
2020-03-04 01:37:36.437 178 INFO rally.task.runner [-] Task eca17900-a486-44e2-bffc-7494f256c292 | ITER: 35 START
2020-03-04 01:37:36.481 148 INFO rally.task.runner [-] Task eca17900-a486-44e2-bffc-7494f256c292 | ITER: 6 END: OK
2020-03-04 01:37:36.483 139 INFO rally.task.runner [-] Task eca17900-a486-44e2-bffc-7494f256c292 | ITER: 1 END: OK
2020-03-04 01:37:36.485 148 INFO rally.task.runner [-] Task eca17900-a486-44e2-bffc-7494f256c292 | ITER: 36 START
2020-03-04 01:37:36.488 139 INFO rally.task.runner [-] Task eca17900-a486-44e2-bffc-7494f256c292 | ITER: 37 START
2020-03-04 01:37:36.542 151 INFO rally.task.runner [-] Task eca17900-a486-44e2-bffc-7494f256c292 | ITER: 7 END: OK
2020-03-04 01:37:36.546 151 INFO rally.task.runner [-] Task eca17900-a486-44e2-bffc-7494f256c292 | ITER: 38 START
2020-03-04 01:37:37.137 156 INFO rally.task.runner [-] Task eca17900-a486-44e2-bffc-7494f256c292 | ITER: 23 END: OK
2020-03-04 01:37:37.141 156 INFO rally.task.runner [-] Task eca17900-a486-44e2-bffc-7494f256c292 | ITER: 39 START
2020-03-04 01:37:38.010 169 INFO rally.task.runner [-] Task eca17900-a486-44e2-bffc-7494f256c292 | ITER: 13 END: OK
2020-03-04 01:37:38.014 169 INFO rally.task.runner [-] Task eca17900-a486-44e2-bffc-7494f256c292 | ITER: 40 START
2020-03-04 01:37:38.538 158 INFO rally.task.runner [-] Task eca17900-a486-44e2-bffc-7494f256c292 | ITER: 9 END: OK
2020-03-04 01:37:38.543 158 INFO rally.task.runner [-] Task eca17900-a486-44e2-bffc-7494f256c292 | ITER: 41 START
2020-03-04 01:37:38.776 175 INFO rally.task.runner [-] Task eca17900-a486-44e2-bffc-7494f256c292 | ITER: 24 END: OK
2020-03-04 01:37:38.779 175 INFO rally.task.runner [-] Task eca17900-a486-44e2-bffc-7494f256c292 | ITER: 42 START
2020-03-04 01:37:38.788 181 INFO rally.task.runner [-] Task eca17900-a486-44e2-bffc-7494f256c292 | ITER: 21 END: OK
2020-03-04 01:37:38.791 181 INFO rally.task.runner [-] Task eca17900-a486-44e2-bffc-7494f256c292 | ITER: 43 START
2020-03-04 01:37:39.154 163 INFO rally.task.runner [-] Task eca17900-a486-44e2-bffc-7494f256c292 | ITER: 22 END: OK
2020-03-04 01:37:39.158 163 INFO rally.task.runner [-] Task eca17900-a486-44e2-bffc-7494f256c292 | ITER: 44 START
2020-03-04 01:37:39.209 140 INFO rally.task.runner [-] Task eca17900-a486-44e2-bffc-7494f256c292 | ITER: 25 END: OK
2020-03-04 01:37:39.213 140 INFO rally.task.runner [-] Task eca17900-a486-44e2-bffc-7494f256c292 | ITER: 45 START
2020-03-04 01:37:39.653 187 INFO rally.task.runner [-] Task eca17900-a486-44e2-bffc-7494f256c292 | ITER: 26 END: OK
2020-03-04 01:37:39.657 187 INFO rally.task.runner [-] Task eca17900-a486-44e2-bffc-7494f256c292 | ITER: 46 START
2020-03-04 01:37:39.994 148 INFO rally.task.runner [-] Task eca17900-a486-44e2-bffc-7494f256c292 | ITER: 36 END: OK
2020-03-04 01:37:39.998 148 INFO rally.task.runner [-] Task eca17900-a486-44e2-bffc-7494f256c292 | ITER: 47 START
2020-03-04 01:37:40.126 141 INFO rally.task.runner [-] Task eca17900-a486-44e2-bffc-7494f256c292 | ITER: 32 END: OK
2020-03-04 01:37:40.129 141 INFO rally.task.runner [-] Task eca17900-a486-44e2-bffc-7494f256c292 | ITER: 48 START
2020-03-04 01:37:40.476 172 INFO rally.task.runner [-] Task eca17900-a486-44e2-bffc-7494f256c292 | ITER: 28 END: OK
2020-03-04 01:37:40.476 142 INFO rally.task.runner [-] Task eca17900-a486-44e2-bffc-7494f256c292 | ITER: 33 END: OK
2020-03-04 01:37:40.479 172 INFO rally.task.runner [-] Task eca17900-a486-44e2-bffc-7494f256c292 | ITER: 49 START
2020-03-04 01:37:40.480 142 INFO rally.task.runner [-] Task eca17900-a486-44e2-bffc-7494f256c292 | ITER: 50 START
2020-03-04 01:37:40.719 140 INFO rally.task.runner [-] Task eca17900-a486-44e2-bffc-7494f256c292 | ITER: 45 END: OK
2020-03-04 01:37:40.723 140 INFO rally.task.runner [-] Task eca17900-a486-44e2-bffc-7494f256c292 | ITER: 51 START
2020-03-04 01:37:40.728 145 INFO rally.task.runner [-] Task eca17900-a486-44e2-bffc-7494f256c292 | ITER: 30 END: OK
2020-03-04 01:37:40.731 145 INFO rally.task.runner [-] Task eca17900-a486-44e2-bffc-7494f256c292 | ITER: 52 START
2020-03-04 01:37:40.887 189 INFO rally.task.runner [-] Task eca17900-a486-44e2-bffc-7494f256c292 | ITER: 27 END: OK
2020-03-04 01:37:40.890 189 INFO rally.task.runner [-] Task eca17900-a486-44e2-bffc-7494f256c292 | ITER: 53 START
2020-03-04 01:37:41.127 169 INFO rally.task.runner [-] Task eca17900-a486-44e2-bffc-7494f256c292 | ITER: 40 END: OK
2020-03-04 01:37:41.131 169 INFO rally.task.runner [-] Task eca17900-a486-44e2-bffc-7494f256c292 | ITER: 54 START
2020-03-04 01:37:41.283 184 INFO rally.task.runner [-] Task eca17900-a486-44e2-bffc-7494f256c292 | ITER: 31 END: OK
2020-03-04 01:37:41.284 178 INFO rally.task.runner [-] Task eca17900-a486-44e2-bffc-7494f256c292 | ITER: 35 END: OK
2020-03-04 01:37:41.286 184 INFO rally.task.runner [-] Task eca17900-a486-44e2-bffc-7494f256c292 | ITER: 55 START
2020-03-04 01:37:41.288 178 INFO rally.task.runner [-] Task eca17900-a486-44e2-bffc-7494f256c292 | ITER: 56 START
2020-03-04 01:37:41.550 167 INFO rally.task.runner [-] Task eca17900-a486-44e2-bffc-7494f256c292 | ITER: 29 END: OK
2020-03-04 01:37:41.551 160 INFO rally.task.runner [-] Task eca17900-a486-44e2-bffc-7494f256c292 | ITER: 34 END: OK
2020-03-04 01:37:41.551 139 INFO rally.task.runner [-] Task eca17900-a486-44e2-bffc-7494f256c292 | ITER: 37 END: OK
2020-03-04 01:37:41.554 167 INFO rally.task.runner [-] Task eca17900-a486-44e2-bffc-7494f256c292 | ITER: 57 START
2020-03-04 01:37:41.555 160 INFO rally.task.runner [-] Task eca17900-a486-44e2-bffc-7494f256c292 | ITER: 58 START
2020-03-04 01:37:41.558 139 INFO rally.task.runner [-] Task eca17900-a486-44e2-bffc-7494f256c292 | ITER: 59 START
2020-03-04 01:37:41.675 181 INFO rally.task.runner [-] Task eca17900-a486-44e2-bffc-7494f256c292 | ITER: 43 END: OK
2020-03-04 01:37:41.679 181 INFO rally.task.runner [-] Task eca17900-a486-44e2-bffc-7494f256c292 | ITER: 60 START
2020-03-04 01:37:41.715 151 INFO rally.task.runner [-] Task eca17900-a486-44e2-bffc-7494f256c292 | ITER: 38 END: OK
2020-03-04 01:37:41.719 151 INFO rally.task.runner [-] Task eca17900-a486-44e2-bffc-7494f256c292 | ITER: 61 START
2020-03-04 01:37:42.008 156 INFO rally.task.runner [-] Task eca17900-a486-44e2-bffc-7494f256c292 | ITER: 39 END: OK
2020-03-04 01:37:42.012 156 INFO rally.task.runner [-] Task eca17900-a486-44e2-bffc-7494f256c292 | ITER: 62 START
2020-03-04 01:37:42.207 163 INFO rally.task.runner [-] Task eca17900-a486-44e2-bffc-7494f256c292 | ITER: 44 END: OK
2020-03-04 01:37:42.211 163 INFO rally.task.runner [-] Task eca17900-a486-44e2-bffc-7494f256c292 | ITER: 63 START
2020-03-04 01:37:42.354 158 INFO rally.task.runner [-] Task eca17900-a486-44e2-bffc-7494f256c292 | ITER: 41 END: OK
2020-03-04 01:37:42.358 158 INFO rally.task.runner [-] Task eca17900-a486-44e2-bffc-7494f256c292 | ITER: 64 START
2020-03-04 01:37:42.485 175 INFO rally.task.runner [-] Task eca17900-a486-44e2-bffc-7494f256c292 | ITER: 42 END: OK
2020-03-04 01:37:42.489 175 INFO rally.task.runner [-] Task eca17900-a486-44e2-bffc-7494f256c292 | ITER: 65 START
2020-03-04 01:37:43.088 148 INFO rally.task.runner [-] Task eca17900-a486-44e2-bffc-7494f256c292 | ITER: 47 END: OK
2020-03-04 01:37:43.091 148 INFO rally.task.runner [-] Task eca17900-a486-44e2-bffc-7494f256c292 | ITER: 66 START
2020-03-04 01:37:43.692 187 INFO rally.task.runner [-] Task eca17900-a486-44e2-bffc-7494f256c292 | ITER: 46 END: OK
2020-03-04 01:37:43.695 187 INFO rally.task.runner [-] Task eca17900-a486-44e2-bffc-7494f256c292 | ITER: 67 START
2020-03-04 01:37:44.107 184 INFO rally.task.runner [-] Task eca17900-a486-44e2-bffc-7494f256c292 | ITER: 55 END: OK
2020-03-04 01:37:44.111 184 INFO rally.task.runner [-] Task eca17900-a486-44e2-bffc-7494f256c292 | ITER: 68 START
2020-03-04 01:37:45.185 142 INFO rally.task.runner [-] Task eca17900-a486-44e2-bffc-7494f256c292 | ITER: 50 END: OK
2020-03-04 01:37:45.189 142 INFO rally.task.runner [-] Task eca17900-a486-44e2-bffc-7494f256c292 | ITER: 69 START
2020-03-04 01:37:45.457 141 INFO rally.task.runner [-] Task eca17900-a486-44e2-bffc-7494f256c292 | ITER: 48 END: OK
2020-03-04 01:37:45.461 141 INFO rally.task.runner [-] Task eca17900-a486-44e2-bffc-7494f256c292 | ITER: 70 START
2020-03-04 01:37:45.832 189 INFO rally.task.runner [-] Task eca17900-a486-44e2-bffc-7494f256c292 | ITER: 53 END: OK
2020-03-04 01:37:45.836 189 INFO rally.task.runner [-] Task eca17900-a486-44e2-bffc-7494f256c292 | ITER: 71 START
2020-03-04 01:37:46.645 172 INFO rally.task.runner [-] Task eca17900-a486-44e2-bffc-7494f256c292 | ITER: 49 END: OK
2020-03-04 01:37:46.648 172 INFO rally.task.runner [-] Task eca17900-a486-44e2-bffc-7494f256c292 | ITER: 72 START
2020-03-04 01:37:46.818 181 INFO rally.task.runner [-] Task eca17900-a486-44e2-bffc-7494f256c292 | ITER: 60 END: OK
2020-03-04 01:37:46.822 181 INFO rally.task.runner [-] Task eca17900-a486-44e2-bffc-7494f256c292 | ITER: 73 START
2020-03-04 01:37:46.872 140 INFO rally.task.runner [-] Task eca17900-a486-44e2-bffc-7494f256c292 | ITER: 51 END: OK
2020-03-04 01:37:46.876 140 INFO rally.task.runner [-] Task eca17900-a486-44e2-bffc-7494f256c292 | ITER: 74 START
2020-03-04 01:37:46.878 145 INFO rally.task.runner [-] Task eca17900-a486-44e2-bffc-7494f256c292 | ITER: 52 END: OK
2020-03-04 01:37:46.881 145 INFO rally.task.runner [-] Task eca17900-a486-44e2-bffc-7494f256c292 | ITER: 75 START
2020-03-04 01:37:46.975 167 INFO rally.task.runner [-] Task eca17900-a486-44e2-bffc-7494f256c292 | ITER: 57 END: OK
2020-03-04 01:37:46.978 167 INFO rally.task.runner [-] Task eca17900-a486-44e2-bffc-7494f256c292 | ITER: 76 START
2020-03-04 01:37:47.130 178 INFO rally.task.runner [-] Task eca17900-a486-44e2-bffc-7494f256c292 | ITER: 56 END: OK
2020-03-04 01:37:47.134 178 INFO rally.task.runner [-] Task eca17900-a486-44e2-bffc-7494f256c292 | ITER: 77 START
2020-03-04 01:37:47.225 169 INFO rally.task.runner [-] Task eca17900-a486-44e2-bffc-7494f256c292 | ITER: 54 END: OK
2020-03-04 01:37:47.228 169 INFO rally.task.runner [-] Task eca17900-a486-44e2-bffc-7494f256c292 | ITER: 78 START
2020-03-04 01:37:47.234 175 INFO rally.task.runner [-] Task eca17900-a486-44e2-bffc-7494f256c292 | ITER: 65 END: OK
2020-03-04 01:37:47.238 175 INFO rally.task.runner [-] Task eca17900-a486-44e2-bffc-7494f256c292 | ITER: 79 START
2020-03-04 01:37:47.283 156 INFO rally.task.runner [-] Task eca17900-a486-44e2-bffc-7494f256c292 | ITER: 62 END: OK
2020-03-04 01:37:47.283 163 INFO rally.task.runner [-] Task eca17900-a486-44e2-bffc-7494f256c292 | ITER: 63 END: OK
2020-03-04 01:37:47.287 156 INFO rally.task.runner [-] Task eca17900-a486-44e2-bffc-7494f256c292 | ITER: 80 START
2020-03-04 01:37:47.287 163 INFO rally.task.runner [-] Task eca17900-a486-44e2-bffc-7494f256c292 | ITER: 81 START
2020-03-04 01:37:47.466 148 INFO rally.task.runner [-] Task eca17900-a486-44e2-bffc-7494f256c292 | ITER: 66 END: OK
2020-03-04 01:37:47.467 187 INFO rally.task.runner [-] Task eca17900-a486-44e2-bffc-7494f256c292 | ITER: 67 END: OK
2020-03-04 01:37:47.470 148 INFO rally.task.runner [-] Task eca17900-a486-44e2-bffc-7494f256c292 | ITER: 82 START
2020-03-04 01:37:47.471 187 INFO rally.task.runner [-] Task eca17900-a486-44e2-bffc-7494f256c292 | ITER: 83 START
2020-03-04 01:37:47.516 158 INFO rally.task.runner [-] Task eca17900-a486-44e2-bffc-7494f256c292 | ITER: 64 END: OK
2020-03-04 01:37:47.520 158 INFO rally.task.runner [-] Task eca17900-a486-44e2-bffc-7494f256c292 | ITER: 84 START
2020-03-04 01:37:47.609 160 INFO rally.task.runner [-] Task eca17900-a486-44e2-bffc-7494f256c292 | ITER: 58 END: OK
2020-03-04 01:37:47.613 160 INFO rally.task.runner [-] Task eca17900-a486-44e2-bffc-7494f256c292 | ITER: 85 START
2020-03-04 01:37:47.681 151 INFO rally.task.runner [-] Task eca17900-a486-44e2-bffc-7494f256c292 | ITER: 61 END: OK
2020-03-04 01:37:47.685 151 INFO rally.task.runner [-] Task eca17900-a486-44e2-bffc-7494f256c292 | ITER: 86 START
2020-03-04 01:37:47.701 139 INFO rally.task.runner [-] Task eca17900-a486-44e2-bffc-7494f256c292 | ITER: 59 END: OK
2020-03-04 01:37:47.705 139 INFO rally.task.runner [-] Task eca17900-a486-44e2-bffc-7494f256c292 | ITER: 87 START
2020-03-04 01:37:47.851 142 INFO rally.task.runner [-] Task eca17900-a486-44e2-bffc-7494f256c292 | ITER: 69 END: OK
2020-03-04 01:37:47.855 142 INFO rally.task.runner [-] Task eca17900-a486-44e2-bffc-7494f256c292 | ITER: 88 START
2020-03-04 01:37:48.899 189 INFO rally.task.runner [-] Task eca17900-a486-44e2-bffc-7494f256c292 | ITER: 71 END: OK
2020-03-04 01:37:48.902 189 INFO rally.task.runner [-] Task eca17900-a486-44e2-bffc-7494f256c292 | ITER: 89 START
2020-03-04 01:37:49.820 184 INFO rally.task.runner [-] Task eca17900-a486-44e2-bffc-7494f256c292 | ITER: 68 END: OK
2020-03-04 01:37:49.824 184 INFO rally.task.runner [-] Task eca17900-a486-44e2-bffc-7494f256c292 | ITER: 90 START
2020-03-04 01:37:50.213 172 INFO rally.task.runner [-] Task eca17900-a486-44e2-bffc-7494f256c292 | ITER: 72 END: OK
2020-03-04 01:37:50.217 172 INFO rally.task.runner [-] Task eca17900-a486-44e2-bffc-7494f256c292 | ITER: 91 START
2020-03-04 01:37:50.422 141 INFO rally.task.runner [-] Task eca17900-a486-44e2-bffc-7494f256c292 | ITER: 70 END: OK
2020-03-04 01:37:50.426 141 INFO rally.task.runner [-] Task eca17900-a486-44e2-bffc-7494f256c292 | ITER: 92 START
2020-03-04 01:37:51.112 181 INFO rally.task.runner [-] Task eca17900-a486-44e2-bffc-7494f256c292 | ITER: 73 END: OK
2020-03-04 01:37:51.116 181 INFO rally.task.runner [-] Task eca17900-a486-44e2-bffc-7494f256c292 | ITER: 93 START
2020-03-04 01:37:51.233 169 INFO rally.task.runner [-] Task eca17900-a486-44e2-bffc-7494f256c292 | ITER: 78 END: OK
2020-03-04 01:37:51.236 169 INFO rally.task.runner [-] Task eca17900-a486-44e2-bffc-7494f256c292 | ITER: 94 START
2020-03-04 01:37:51.238 148 INFO rally.task.runner [-] Task eca17900-a486-44e2-bffc-7494f256c292 | ITER: 82 END: OK
2020-03-04 01:37:51.241 148 INFO rally.task.runner [-] Task eca17900-a486-44e2-bffc-7494f256c292 | ITER: 95 START
2020-03-04 01:37:51.376 140 INFO rally.task.runner [-] Task eca17900-a486-44e2-bffc-7494f256c292 | ITER: 74 END: OK
2020-03-04 01:37:51.380 140 INFO rally.task.runner [-] Task eca17900-a486-44e2-bffc-7494f256c292 | ITER: 96 START
2020-03-04 01:37:51.389 158 INFO rally.task.runner [-] Task eca17900-a486-44e2-bffc-7494f256c292 | ITER: 84 END: OK
2020-03-04 01:37:51.393 158 INFO rally.task.runner [-] Task eca17900-a486-44e2-bffc-7494f256c292 | ITER: 97 START
2020-03-04 01:37:51.406 139 INFO rally.task.runner [-] Task eca17900-a486-44e2-bffc-7494f256c292 | ITER: 87 END: OK
2020-03-04 01:37:51.410 139 INFO rally.task.runner [-] Task eca17900-a486-44e2-bffc-7494f256c292 | ITER: 98 START
2020-03-04 01:37:51.596 184 INFO rally.task.runner [-] Task eca17900-a486-44e2-bffc-7494f256c292 | ITER: 90 END: OK
2020-03-04 01:37:51.599 145 INFO rally.task.runner [-] Task eca17900-a486-44e2-bffc-7494f256c292 | ITER: 75 END: OK
2020-03-04 01:37:51.600 184 INFO rally.task.runner [-] Task eca17900-a486-44e2-bffc-7494f256c292 | ITER: 99 START
2020-03-04 01:37:51.603 145 INFO rally.task.runner [-] Task eca17900-a486-44e2-bffc-7494f256c292 | ITER: 100 START
2020-03-04 01:37:51.882 142 INFO rally.task.runner [-] Task eca17900-a486-44e2-bffc-7494f256c292 | ITER: 88 END: OK
2020-03-04 01:37:52.007 172 INFO rally.task.runner [-] Task eca17900-a486-44e2-bffc-7494f256c292 | ITER: 91 END: OK
2020-03-04 01:37:52.041 156 INFO rally.task.runner [-] Task eca17900-a486-44e2-bffc-7494f256c292 | ITER: 80 END: OK
2020-03-04 01:37:52.327 178 INFO rally.task.runner [-] Task eca17900-a486-44e2-bffc-7494f256c292 | ITER: 77 END: OK
2020-03-04 01:37:52.344 160 INFO rally.task.runner [-] Task eca17900-a486-44e2-bffc-7494f256c292 | ITER: 85 END: OK
2020-03-04 01:37:52.526 189 INFO rally.task.runner [-] Task eca17900-a486-44e2-bffc-7494f256c292 | ITER: 89 END: OK
2020-03-04 01:37:52.555 187 INFO rally.task.runner [-] Task eca17900-a486-44e2-bffc-7494f256c292 | ITER: 83 END: OK
2020-03-04 01:37:52.828 175 INFO rally.task.runner [-] Task eca17900-a486-44e2-bffc-7494f256c292 | ITER: 79 END: OK
2020-03-04 01:37:52.838 181 INFO rally.task.runner [-] Task eca17900-a486-44e2-bffc-7494f256c292 | ITER: 93 END: OK
2020-03-04 01:37:53.071 151 INFO rally.task.runner [-] Task eca17900-a486-44e2-bffc-7494f256c292 | ITER: 86 END: OK
2020-03-04 01:37:53.227 163 INFO rally.task.runner [-] Task eca17900-a486-44e2-bffc-7494f256c292 | ITER: 81 END: OK
2020-03-04 01:37:53.231 167 INFO rally.task.runner [-] Task eca17900-a486-44e2-bffc-7494f256c292 | ITER: 76 END: OK
2020-03-04 01:37:53.357 139 INFO rally.task.runner [-] Task eca17900-a486-44e2-bffc-7494f256c292 | ITER: 98 END: OK
2020-03-04 01:37:53.369 140 INFO rally.task.runner [-] Task eca17900-a486-44e2-bffc-7494f256c292 | ITER: 96 END: OK
2020-03-04 01:37:53.488 169 INFO rally.task.runner [-] Task eca17900-a486-44e2-bffc-7494f256c292 | ITER: 94 END: OK
2020-03-04 01:37:53.536 141 INFO rally.task.runner [-] Task eca17900-a486-44e2-bffc-7494f256c292 | ITER: 92 END: OK
2020-03-04 01:37:53.658 148 INFO rally.task.runner [-] Task eca17900-a486-44e2-bffc-7494f256c292 | ITER: 95 END: OK
2020-03-04 01:37:53.792 145 INFO rally.task.runner [-] Task eca17900-a486-44e2-bffc-7494f256c292 | ITER: 100 END: OK
2020-03-04 01:37:54.186 158 INFO rally.task.runner [-] Task eca17900-a486-44e2-bffc-7494f256c292 | ITER: 97 END: OK
2020-03-04 01:37:54.487 184 INFO rally.task.runner [-] Task eca17900-a486-44e2-bffc-7494f256c292 | ITER: 99 END: OK
2020-03-04 01:37:54.514 15 INFO rally.task.context [-] Task eca17900-a486-44e2-bffc-7494f256c292 | Context cleanup@openstack cleanup() started
2020-03-04 01:37:54.518 15 RALLYDEBUG rally_openstack.cleanup.manager [-] Cleaning up neutron vip objects
2020-03-04 01:37:54.663 15 RALLYDEBUG rally_openstack.cleanup.manager [-] Cleaning up neutron health_monitor objects
2020-03-04 01:37:54.807 15 RALLYDEBUG rally_openstack.cleanup.manager [-] Cleaning up neutron pool objects
2020-03-04 01:37:54.954 15 RALLYDEBUG rally_openstack.cleanup.manager [-] Cleaning up neutron loadbalancer objects
2020-03-04 01:37:55.109 15 RALLYDEBUG rally_openstack.cleanup.manager [-] Cleaning up neutron floatingip objects
2020-03-04 01:37:55.286 15 RALLYDEBUG rally_openstack.cleanup.manager [-] Cleaning up neutron trunk objects
2020-03-04 01:37:55.433 15 DEBUG neutronclient.v2_0.client [-] Error message: {"message": "The resource could not be found.

\n\n\n", "code": "404 Not Found", "title": "Not Found"} _handle_fault_response /usr/lib/python2.7/site-packages/neutronclient/v2_0/client.py:259
2020-03-04 01:37:55.449 15 RALLYDEBUG rally_openstack.cleanup.manager [-] Cleaning up neutron port objects
2020-03-04 01:37:55.654 15 RALLYDEBUG rally_openstack.cleanup.manager [-] Cleaning up neutron subnet objects
2020-03-04 01:37:55.852 15 RALLYDEBUG rally_openstack.cleanup.manager [-] Cleaning up neutron network objects
2020-03-04 01:37:56.525 15 RALLYDEBUG rally_openstack.cleanup.manager [-] Deleting neutron.network object s_rally_42882080_46xzyXhv (00cd7140-ebfc-4c33-9e9c-5e166c03facb)
2020-03-04 01:37:56.529 15 RALLYDEBUG rally_openstack.cleanup.manager [-] Deleting neutron.network object s_rally_42882080_dBKys0Wx (0ac07a41-41bf-495b-8d30-4d7da22ed274)
2020-03-04 01:37:56.539 15 RALLYDEBUG rally_openstack.cleanup.manager [-] Deleting neutron.network object s_rally_42882080_gkuyNe8u (00d1cb1f-50b0-4d33-9d03-2daa8a51f7b8)
2020-03-04 01:37:56.543 15 RALLYDEBUG rally_openstack.cleanup.manager [-] Deleting neutron.network object s_rally_42882080_jREXz8l2 (0b40c82c-6f65-42a8-b2c3-49ab57bba8df)
2020-03-04 01:37:56.555 15 RALLYDEBUG rally_openstack.cleanup.manager [-] Deleting neutron.network object s_rally_42882080_MZZVj2Wd (0ece3277-a579-414b-adcb-68c6443340f0)
2020-03-04 01:37:56.560 15 RALLYDEBUG rally_openstack.cleanup.manager [-] Deleting neutron.network object s_rally_42882080_mukGYavI (07f2d89d-a12c-467f-a599-4bd9b7b0f8c2)
2020-03-04 01:37:56.564 15 RALLYDEBUG rally_openstack.cleanup.manager [-] Deleting neutron.network object s_rally_42882080_9ndQfM6E (03603d35-da20-4a58-bf9e-2ec6a0e44fbc)
2020-03-04 01:37:56.597 15 RALLYDEBUG rally_openstack.cleanup.manager [-] Deleting neutron.network object s_rally_42882080_iSJP8mZn (1065c17f-83e6-434d-8bd0-77c847b28a8f)
2020-03-04 01:37:56.599 15 RALLYDEBUG rally_openstack.cleanup.manager [-] Deleting neutron.network object s_rally_42882080_u9UM9RZl (12d4773d-3120-4a25-8bd6-3ca3fc60568b)
2020-03-04 01:37:56.618 15 RALLYDEBUG rally_openstack.cleanup.manager [-] Deleting neutron.network object s_rally_42882080_xMfa38Og (1189de2f-1868-43e7-9517-8234f8a3efbb)
2020-03-04 01:37:56.653 15 RALLYDEBUG rally_openstack.cleanup.manager [-] Deleting neutron.network object s_rally_42882080_NOlw1z1w (1433579b-bc12-422d-bd5a-3aea591ad4e2)
2020-03-04 01:37:56.679 15 RALLYDEBUG rally_openstack.cleanup.manager [-] Deleting neutron.network object s_rally_42882080_K4XeH6Zq (2117ec48-0a53-4700-aca3-ceb72bad290a)
2020-03-04 01:37:56.681 15 RALLYDEBUG rally_openstack.cleanup.manager [-] Deleting neutron.network object s_rally_42882080_rtH3RPTi (271c193c-0ec0-4211-9cbb-fd22e9f61b9d)
2020-03-04 01:37:56.673 15 RALLYDEBUG rally_openstack.cleanup.manager [-] Deleting neutron.network object s_rally_42882080_opX8D00o (1b1c9fef-76f3-46de-a14e-e891e488af55)
2020-03-04 01:37:56.682 15 RALLYDEBUG rally_openstack.cleanup.manager [-] Deleting neutron.network object s_rally_42882080_tspopxF4 (25387c83-c478-4b57-8607-34888b15a9e3)
2020-03-04 01:37:56.690 15 RALLYDEBUG rally_openstack.cleanup.manager [-] Deleting neutron.network object s_rally_42882080_5IKqEBYs (283bae17-6a9f-4f14-8efd-df62f8408ae3)
2020-03-04 01:37:56.706 15 RALLYDEBUG rally_openstack.cleanup.manager [-] Deleting neutron.network object s_rally_42882080_qg7mYvQj (2483ad89-c2e2-4454-b689-6627d4c1443e)
2020-03-04 01:37:56.710 15 RALLYDEBUG rally_openstack.cleanup.manager [-] Deleting neutron.network object s_rally_42882080_8jtz3R0Q (17452c8a-1e39-4564-9667-958ebb96758f)
2020-03-04 01:37:56.724 15 RALLYDEBUG rally_openstack.cleanup.manager [-] Deleting neutron.network object s_rally_42882080_b1akKT6f (23dfb0af-20ec-47ba-94f5-9cac96a37882)
2020-03-04 01:37:56.725 15 RALLYDEBUG rally_openstack.cleanup.manager [-] Deleting neutron.network object s_rally_42882080_0Rg0J9dc (29543512-124f-47b8-a2a3-41da41088612)
2020-03-04 01:37:58.643 15 RALLYDEBUG rally_openstack.cleanup.manager [-] Deleting neutron.network object s_rally_42882080_9u7UL2KB (2abd96ca-4a87-425a-9669-2bd2d2d41b16)
2020-03-04 01:37:58.683 15 RALLYDEBUG rally_openstack.cleanup.manager [-] Deleting neutron.network object s_rally_42882080_Vv12HXps (2cd780b0-acc1-4e44-b367-3481aca1932d)
2020-03-04 01:37:59.153 15 RALLYDEBUG rally_openstack.cleanup.manager [-] Deleting neutron.network object s_rally_42882080_K93OABa9 (2d2fa8e2-0b8e-479a-8b15-8c11b48e6730)
2020-03-04 01:37:59.304 15 RALLYDEBUG rally_openstack.cleanup.manager [-] Deleting neutron.network object s_rally_42882080_v42wUBar (328f4698-e838-4965-9385-d8eb0cd5a56c)
2020-03-04 01:37:59.417 15 RALLYDEBUG rally_openstack.cleanup.manager [-] Deleting neutron.network object s_rally_42882080_Kzofd1VI (329bcef8-369c-4494-a3ed-217446a71759)
2020-03-04 01:37:59.467 15 RALLYDEBUG rally_openstack.cleanup.manager [-] Deleting neutron.network object s_rally_42882080_zJb3wag5 (330f831b-d204-40a1-8b67-5597693cc1af)
2020-03-04 01:37:59.630 15 RALLYDEBUG rally_openstack.cleanup.manager [-] Deleting neutron.network object s_rally_42882080_EEZDRa9y (3941b88e-ffc6-43b2-bbb0-b51cb5ae7879)
2020-03-04 01:37:59.738 15 RALLYDEBUG rally_openstack.cleanup.manager [-] Deleting neutron.network object s_rally_42882080_96Ckyww0 (39f94d89-8a06-4532-821e-3ad20338279a)
2020-03-04 01:37:59.744 15 RALLYDEBUG rally_openstack.cleanup.manager [-] Deleting neutron.network object s_rally_42882080_ydk1FJRJ (3c417ef7-7d1e-4912-b296-534d01983194)
2020-03-04 01:37:59.752 15 RALLYDEBUG rally_openstack.cleanup.manager [-] Deleting neutron.network object s_rally_42882080_xnAoDs21 (3e04ba99-0fe3-4b79-b7e0-fb16b90c1791)
2020-03-04 01:37:59.779 15 RALLYDEBUG rally_openstack.cleanup.manager [-] Deleting neutron.network object s_rally_42882080_qLf67LnC (4072aeb5-971e-42cd-aa05-01d357bc7a0d)
2020-03-04 01:37:59.786 15 RALLYDEBUG rally_openstack.cleanup.manager [-] Deleting neutron.network object s_rally_42882080_h8AeyeEe (435c55a6-1193-4ad0-a271-3da44c23fa31)
2020-03-04 01:37:59.896 15 RALLYDEBUG rally_openstack.cleanup.manager [-] Deleting neutron.network object s_rally_42882080_iw7AeNu5 (44bdcc3a-27f4-41d2-957b-4a7941494414)
2020-03-04 01:38:00.128 15 RALLYDEBUG rally_openstack.cleanup.manager [-] Deleting neutron.network object s_rally_42882080_9yOTv4LQ (47f468b8-9391-4699-a1ab-9e3cfb7ba59b)
2020-03-04 01:38:00.390 15 RALLYDEBUG rally_openstack.cleanup.manager [-] Deleting neutron.network object s_rally_42882080_uFTNWeoV (481caf97-362c-4ab2-8171-d86109dd7479)
2020-03-04 01:38:00.832 15 RALLYDEBUG rally_openstack.cleanup.manager [-] Deleting neutron.network object s_rally_42882080_gJcu6IO7 (49b756b0-27b3-4326-8e44-b454bf5ba115)
2020-03-04 01:38:00.859 15 RALLYDEBUG rally_openstack.cleanup.manager [-] Deleting neutron.network object s_rally_42882080_NKkztXhB (4b069b81-c91b-435a-a769-5096ce1bdaad)
2020-03-04 01:38:00.919 15 RALLYDEBUG rally_openstack.cleanup.manager [-] Deleting neutron.network object s_rally_42882080_Iqy8cbCj (4b55b9e6-dec7-4b82-8b3a-f54f43bdc607)
2020-03-04 01:38:01.489 15 RALLYDEBUG rally_openstack.cleanup.manager [-] Deleting neutron.network object s_rally_42882080_zrRHfrVK (500c3d61-e176-4d35-a2f5-af2dbd61a3df)
2020-03-04 01:38:01.539 15 RALLYDEBUG rally_openstack.cleanup.manager [-] Deleting neutron.network object s_rally_42882080_OifDDhyd (543a1019-0c38-4e88-bd58-8f7003998d9e)
2020-03-04 01:38:01.597 15 RALLYDEBUG rally_openstack.cleanup.manager [-] Deleting neutron.network object s_rally_42882080_LB8qurXB (56275392-2b5b-4aef-af5f-1bf3bd8316fd)
2020-03-04 01:38:01.619 15 RALLYDEBUG rally_openstack.cleanup.manager [-] Deleting neutron.network object s_rally_42882080_3ietScVp (5d931190-4562-420d-9d9d-a7e084925da4)
2020-03-04 01:38:01.694 15 RALLYDEBUG rally_openstack.cleanup.manager [-] Deleting neutron.network object s_rally_42882080_eElLOWfh (5d9f6920-4604-44a2-9d98-ca86385cdcf7)
2020-03-04 01:38:01.702 15 RALLYDEBUG rally_openstack.cleanup.manager [-] Deleting neutron.network object s_rally_42882080_5uxqMshl (6370634c-a38a-4046-8577-cd133d567f92)
2020-03-04 01:38:01.705 15 RALLYDEBUG rally_openstack.cleanup.manager [-] Deleting neutron.network object s_rally_42882080_gs2qz90F (5f0aa5fd-fe65-4c90-b442-e5267db1437b)
2020-03-04 01:38:01.814 15 RALLYDEBUG rally_openstack.cleanup.manager [-] Deleting neutron.network object s_rally_42882080_isd1U4uB (656e284d-fe04-455c-856d-14265246bf20)
2020-03-04 01:38:01.820 15 RALLYDEBUG rally_openstack.cleanup.manager [-] Deleting neutron.network object s_rally_42882080_lLlMHRmS (69edad50-8921-4176-ab03-238f0f36060e)
2020-03-04 01:38:01.829 15 RALLYDEBUG rally_openstack.cleanup.manager [-] Deleting neutron.network object s_rally_42882080_ReNeB9mF (6aef97dd-e79e-4956-836f-630714fbc9ff)
2020-03-04 01:38:01.851 15 RALLYDEBUG rally_openstack.cleanup.manager [-] Deleting neutron.network object s_rally_42882080_0jp6eYLT (71d4ee9f-bb20-46b1-bfdf-20bcea9a6319)
2020-03-04 01:38:01.983 15 RALLYDEBUG rally_openstack.cleanup.manager [-] Deleting neutron.network object s_rally_42882080_vgOO2dkH (73bc818f-cdb1-4a32-86fa-fabf70d53296)
2020-03-04 01:38:02.051 15 RALLYDEBUG rally_openstack.cleanup.manager [-] Deleting neutron.network object s_rally_42882080_wLGH3w99 (7509e724-4a8c-4eb6-8593-11fac15979c3)
2020-03-04 01:38:02.167 15 RALLYDEBUG rally_openstack.cleanup.manager [-] Deleting neutron.network object s_rally_42882080_ugKgtG0v (76170795-151a-4d73-81b3-70a3b2a11513)
2020-03-04 01:38:02.306 15 RALLYDEBUG rally_openstack.cleanup.manager [-] Deleting neutron.network object s_rally_42882080_LqW1k1HM (79645eec-c5c8-4a3d-b6b6-e6e2f0323d55)
2020-03-04 01:38:02.347 15 RALLYDEBUG rally_openstack.cleanup.manager [-] Deleting neutron.network object s_rally_42882080_ueQHJewS (7a675c42-136d-454c-93c2-dcc6996ecb3b)
2020-03-04 01:38:02.524 15 RALLYDEBUG rally_openstack.cleanup.manager [-] Deleting neutron.network object s_rally_42882080_nep54LhW (7aacdca2-2fb8-43d1-aebf-dd0256cb8fd0)
2020-03-04 01:38:02.693 15 RALLYDEBUG rally_openstack.cleanup.manager [-] Deleting neutron.network object s_rally_42882080_8guLt0Vv (7c36c7c3-fd0c-45d5-81a5-5aa3e691839b)
2020-03-04 01:38:02.851 15 RALLYDEBUG rally_openstack.cleanup.manager [-] Deleting neutron.network object s_rally_42882080_OA1SxWFB (81984eee-6562-42da-8cf0-a456a49796ee)
2020-03-04 01:38:03.138 15 RALLYDEBUG rally_openstack.cleanup.manager [-] Deleting neutron.network object s_rally_42882080_kaWXDXvs (8c32bcb7-ae17-4c0c-bac4-7bb1b49d7886)
2020-03-04 01:38:03.298 15 RALLYDEBUG rally_openstack.cleanup.manager [-] Deleting neutron.network object s_rally_42882080_AmmqqVeC (8fa5b475-a7b2-4655-86b3-1120b60b8b38)
2020-03-04 01:38:03.463 15 RALLYDEBUG rally_openstack.cleanup.manager [-] Deleting neutron.network object s_rally_42882080_x2vFjPSe (90dfad68-2904-4686-af36-ef55a1ccbae2)
2020-03-04 01:38:03.598 15 RALLYDEBUG rally_openstack.cleanup.manager [-] Deleting neutron.network object s_rally_42882080_5ojQLaUE (9aed37ba-151d-4048-a793-f96e9e3ded05)
2020-03-04 01:38:03.652 15 RALLYDEBUG rally_openstack.cleanup.manager [-] Deleting neutron.network object s_rally_42882080_SDzm5W7p (9afdf08d-cd34-4ac8-9bda-7bc626d02c62)
2020-03-04 01:38:03.760 15 RALLYDEBUG rally_openstack.cleanup.manager [-] Deleting neutron.network object s_rally_42882080_0xW2qHKG (9dd9e5a6-2d6d-4bca-99f9-4c60a1a9b7e1)
2020-03-04 01:38:04.018 15 RALLYDEBUG rally_openstack.cleanup.manager [-] Deleting neutron.network object s_rally_42882080_WXTtczrX (a26591ef-2bce-446c-80b6-0148cbe941c5)
2020-03-04 01:38:04.059 15 RALLYDEBUG rally_openstack.cleanup.manager [-] Deleting neutron.network object s_rally_42882080_JDS1wcZr (a7d5811e-f439-4b8c-ac96-688e02461781)
2020-03-04 01:38:04.133 15 RALLYDEBUG rally_openstack.cleanup.manager [-] Deleting neutron.network object s_rally_42882080_HQxTt2wL (a8c866e3-dc43-4814-9745-732479448889)
2020-03-04 01:38:04.141 15 RALLYDEBUG rally_openstack.cleanup.manager [-] Deleting neutron.network object s_rally_42882080_vEsG77u5 (ab85bd3f-7e9b-4f49-8369-761dfc3fad39)
2020-03-04 01:38:04.158 15 RALLYDEBUG rally_openstack.cleanup.manager [-] Deleting neutron.network object s_rally_42882080_x0UdUJBo (b32ccd22-2cdc-4356-9ca5-10e7fd878204)
2020-03-04 01:38:04.369 15 RALLYDEBUG rally_openstack.cleanup.manager [-] Deleting neutron.network object s_rally_42882080_XTbEGO0w (b3f00489-a204-4188-a9bb-b198ff6ea078)
2020-03-04 01:38:04.400 15 RALLYDEBUG rally_openstack.cleanup.manager [-] Deleting neutron.network object s_rally_42882080_OTBXpTRY (b69b6401-f1d4-45fb-8e9e-1db646e0528a)
2020-03-04 01:38:04.424 15 RALLYDEBUG rally_openstack.cleanup.manager [-] Deleting neutron.network object s_rally_42882080_D2uX32Zi (b6a21084-b3c9-471a-a8d6-3e15890b4fd2)
2020-03-04 01:38:04.496 15 RALLYDEBUG rally_openstack.cleanup.manager [-] Deleting neutron.network object s_rally_42882080_8TwjsrXs (b86d0cd9-a4de-43b4-8b8a-feb0f1f245e6)
2020-03-04 01:38:04.628 15 RALLYDEBUG rally_openstack.cleanup.manager [-] Deleting neutron.network object s_rally_42882080_ZpDbP3H8 (b95d6dcd-a3a3-4ad0-b541-013f6ec6023b)
2020-03-04 01:38:04.665 15 RALLYDEBUG rally_openstack.cleanup.manager [-] Deleting neutron.network object s_rally_42882080_Rv1Nw43Z (ba7f75e6-420a-4070-a654-5fe4f6b3b314)
2020-03-04 01:38:04.719 15 RALLYDEBUG rally_openstack.cleanup.manager [-] Deleting neutron.network object s_rally_42882080_S4jJDXn5 (bdccb141-054f-4630-8808-24a530d909a6)
2020-03-04 01:38:04.779 15 RALLYDEBUG rally_openstack.cleanup.manager [-] Deleting neutron.network object s_rally_42882080_Azjl5NxC (c18c66d3-ad5d-477f-878a-3e22a5abbdca)
2020-03-04 01:38:05.143 15 RALLYDEBUG rally_openstack.cleanup.manager [-] Deleting neutron.network object s_rally_42882080_mob3924x (c4667cb3-236c-4770-b39b-4c2a021a7629)
2020-03-04 01:38:05.211 15 RALLYDEBUG rally_openstack.cleanup.manager [-] Deleting neutron.network object s_rally_42882080_tFuKvdV8 (c6ee5ad3-26db-47da-93e7-208db37b06bb)
2020-03-04 01:38:05.591 15 RALLYDEBUG rally_openstack.cleanup.manager [-] Deleting neutron.network object s_rally_42882080_3eZN4PrD (c9518da3-3e2b-4d79-b44a-3c9b1c3e80f2)
2020-03-04 01:38:05.848 15 RALLYDEBUG rally_openstack.cleanup.manager [-] Deleting neutron.network object s_rally_42882080_apbz7Llm (c98851a1-2458-4e7d-8109-af412f1e748d)
