2020-03-04 01:42:15.075 15 INFO rally.task.engine [-] Load duration is: 68.82325
2020-03-04 01:42:15.075 15 INFO rally.task.engine [-] Full runner duration is: 68.873567
2020-03-04 01:42:15.075 15 INFO rally.task.engine [-] Full duration is: 123.944243
2020-03-04 01:42:15.181 15 INFO rally.task.engine [-] Running workload: position = 2 config = { "version": 2, "title": "A cropped version of a bigger task.", "description": "Auto-generated task from a single workload (uuid=66023206-a99b-4630-9944-50d2d3c83bd1)", "subtasks": [ { "title": "NeutronNetworks.create_and_delete_subnets", "description": "Create and delete a given number of subnets.", "scenario": { "NeutronNetworks.create_and_delete_subnets": { "network_create_args": {}, "subnet_create_args": {}, "subnet_cidr_start": "1.1.0.0/30", "subnets_per_network": 2 } }, "contexts": { "users": { "tenants": 1, "users_per_tenant": 1 }, "quotas": { "neutron": { "network": -1, "subnet": -1 } } }, "runner": { "constant": { "times": 40, "concurrency": 20 } }, "hooks": [], "sla": { "failure_rate": { "max": 0 } } } ] }
2020-03-04 01:42:15.208 15 RALLYDEBUG rally_openstack.contexts.keystone.users [-] Creating 1 tenants using 20 threads
2020-03-04 01:42:15.549 15 RALLYDEBUG rally_openstack.contexts.keystone.users [-] Creating 1 users using 20 threads
2020-03-04 01:42:16.157 15 INFO rally.task.context [-] Task eca17900-a486-44e2-bffc-7494f256c292 | Context users@openstack setup() finished in 0.95 sec
2020-03-04 01:42:16.470 15 INFO rally.task.context [-] Task eca17900-a486-44e2-bffc-7494f256c292 | Context quotas@openstack setup() finished in 0.31 sec
2020-03-04 01:42:16.471 15 INFO rally.task.context [-] Task eca17900-a486-44e2-bffc-7494f256c292 | Context cleanup@openstack setup() finished in 0.00 msec
2020-03-04 01:42:16.480 15 RALLYDEBUG rally.task.runner [-] Starting the constant runner (task UUID: eca17900-a486-44e2-bffc-7494f256c292). timeout: 0 concurrency: 20 concurrency_per_worker: 1 times: 40 concurrency_overhead: 0 processes_to_start: 20 max_cpu_used: 88
2020-03-04 01:42:16.494 2269 RALLYDEBUG rally.task.runner [-] Starting a worker. concurrency: 1 args: {"network_create_args": {}, "subnet_create_args": {}, "subnet_cidr_start": "1.1.0.0/30", "subnets_per_network": 2} times: 40 method_name: run timeout: 0 duration: None cls:
2020-03-04 01:42:16.497 2270 RALLYDEBUG rally.task.runner [-] Starting a worker. concurrency: 1 args: {"network_create_args": {}, "subnet_create_args": {}, "subnet_cidr_start": "1.1.0.0/30", "subnets_per_network": 2} times: 40 method_name: run timeout: 0 duration: None cls:
2020-03-04 01:42:16.501 2269 INFO rally.task.runner [-] Task eca17900-a486-44e2-bffc-7494f256c292 | ITER: 1 START
2020-03-04 01:42:16.500 2271 RALLYDEBUG rally.task.runner [-] Starting a worker. concurrency: 1 args: {"network_create_args": {}, "subnet_create_args": {}, "subnet_cidr_start": "1.1.0.0/30", "subnets_per_network": 2} times: 40 method_name: run timeout: 0 duration: None cls:
2020-03-04 01:42:16.502 2269 WARNING rally_openstack.scenarios.neutron.utils [-] Running this scenario without either the 'network' or 'existing_network' context is deprecated
2020-03-04 01:42:16.504 2270 INFO rally.task.runner [-] Task eca17900-a486-44e2-bffc-7494f256c292 | ITER: 2 START
2020-03-04 01:42:16.504 2272 RALLYDEBUG rally.task.runner [-] Starting a worker. concurrency: 1 args: {"network_create_args": {}, "subnet_create_args": {}, "subnet_cidr_start": "1.1.0.0/30", "subnets_per_network": 2} times: 40 method_name: run timeout: 0 duration: None cls:
2020-03-04 01:42:16.505 2270 WARNING rally_openstack.scenarios.neutron.utils [-] Running this scenario without either the 'network' or 'existing_network' context is deprecated
2020-03-04 01:42:16.507 2271 INFO rally.task.runner [-] Task eca17900-a486-44e2-bffc-7494f256c292 | ITER: 3 START
2020-03-04 01:42:16.508 2271 WARNING rally_openstack.scenarios.neutron.utils [-] Running this scenario without either the 'network' or 'existing_network' context is deprecated
2020-03-04 01:42:16.514 2272 INFO rally.task.runner [-] Task eca17900-a486-44e2-bffc-7494f256c292 | ITER: 4 START
2020-03-04 01:42:16.515 2272 WARNING rally_openstack.scenarios.neutron.utils [-] Running this scenario without either the 'network' or 'existing_network' context is deprecated
2020-03-04 01:42:16.530 2282 RALLYDEBUG rally.task.runner [-] Starting a worker. concurrency: 1 args: {"network_create_args": {}, "subnet_create_args": {}, "subnet_cidr_start": "1.1.0.0/30", "subnets_per_network": 2} times: 40 method_name: run timeout: 0 duration: None cls:
2020-03-04 01:42:16.530 2275 RALLYDEBUG rally.task.runner [-] Starting a worker. concurrency: 1 args: {"network_create_args": {}, "subnet_create_args": {}, "subnet_cidr_start": "1.1.0.0/30", "subnets_per_network": 2} times: 40 method_name: run timeout: 0 duration: None cls:
2020-03-04 01:42:16.537 2282 INFO rally.task.runner [-] Task eca17900-a486-44e2-bffc-7494f256c292 | ITER: 5 START
2020-03-04 01:42:16.538 2288 RALLYDEBUG rally.task.runner [-] Starting a worker. concurrency: 1 args: {"network_create_args": {}, "subnet_create_args": {}, "subnet_cidr_start": "1.1.0.0/30", "subnets_per_network": 2} times: 40 method_name: run timeout: 0 duration: None cls:
2020-03-04 01:42:16.534 2278 RALLYDEBUG rally.task.runner [-] Starting a worker. concurrency: 1 args: {"network_create_args": {}, "subnet_create_args": {}, "subnet_cidr_start": "1.1.0.0/30", "subnets_per_network": 2} times: 40 method_name: run timeout: 0 duration: None cls:
2020-03-04 01:42:16.534 2284 RALLYDEBUG rally.task.runner [-] Starting a worker. concurrency: 1 args: {"network_create_args": {}, "subnet_create_args": {}, "subnet_cidr_start": "1.1.0.0/30", "subnets_per_network": 2} times: 40 method_name: run timeout: 0 duration: None cls:
2020-03-04 01:42:16.538 2285 RALLYDEBUG rally.task.runner [-] Starting a worker. concurrency: 1 args: {"network_create_args": {}, "subnet_create_args": {}, "subnet_cidr_start": "1.1.0.0/30", "subnets_per_network": 2} times: 40 method_name: run timeout: 0 duration: None cls:
2020-03-04 01:42:16.539 2282 WARNING rally_openstack.scenarios.neutron.utils [-] Running this scenario without either the 'network' or 'existing_network' context is deprecated
2020-03-04 01:42:16.540 2275 INFO rally.task.runner [-] Task eca17900-a486-44e2-bffc-7494f256c292 | ITER: 6 START
2020-03-04 01:42:16.543 2288 INFO rally.task.runner [-] Task eca17900-a486-44e2-bffc-7494f256c292 | ITER: 7 START
2020-03-04 01:42:16.544 2275 WARNING rally_openstack.scenarios.neutron.utils [-] Running this scenario without either the 'network' or 'existing_network' context is deprecated
2020-03-04 01:42:16.545 2288 WARNING rally_openstack.scenarios.neutron.utils [-] Running this scenario without either the 'network' or 'existing_network' context is deprecated
2020-03-04 01:42:16.545 2284 INFO rally.task.runner [-] Task eca17900-a486-44e2-bffc-7494f256c292 | ITER: 9 START
2020-03-04 01:42:16.545 2285 INFO rally.task.runner [-] Task eca17900-a486-44e2-bffc-7494f256c292 | ITER: 10 START
2020-03-04 01:42:16.545 2278 INFO rally.task.runner [-] Task eca17900-a486-44e2-bffc-7494f256c292 | ITER: 8 START
2020-03-04 01:42:16.545 2294 RALLYDEBUG rally.task.runner [-] Starting a worker. concurrency: 1 args: {"network_create_args": {}, "subnet_create_args": {}, "subnet_cidr_start": "1.1.0.0/30", "subnets_per_network": 2} times: 40 method_name: run timeout: 0 duration: None cls:
2020-03-04 01:42:16.540 2287 RALLYDEBUG rally.task.runner [-] Starting a worker. concurrency: 1 args: {"network_create_args": {}, "subnet_create_args": {}, "subnet_cidr_start": "1.1.0.0/30", "subnets_per_network": 2} times: 40 method_name: run timeout: 0 duration: None cls:
2020-03-04 01:42:16.548 2295 RALLYDEBUG rally.task.runner [-] Starting a worker. concurrency: 1 args: {"network_create_args": {}, "subnet_create_args": {}, "subnet_cidr_start": "1.1.0.0/30", "subnets_per_network": 2} times: 40 method_name: run timeout: 0 duration: None cls:
2020-03-04 01:42:16.549 2284 WARNING rally_openstack.scenarios.neutron.utils [-] Running this scenario without either the 'network' or 'existing_network' context is deprecated
2020-03-04 01:42:16.549 2285 WARNING rally_openstack.scenarios.neutron.utils [-] Running this scenario without either the 'network' or 'existing_network' context is deprecated
2020-03-04 01:42:16.549 2278 WARNING rally_openstack.scenarios.neutron.utils [-] Running this scenario without either the 'network' or 'existing_network' context is deprecated
2020-03-04 01:42:16.539 2286 RALLYDEBUG rally.task.runner [-] Starting a worker. concurrency: 1 args: {"network_create_args": {}, "subnet_create_args": {}, "subnet_cidr_start": "1.1.0.0/30", "subnets_per_network": 2} times: 40 method_name: run timeout: 0 duration: None cls:
2020-03-04 01:42:16.541 2289 RALLYDEBUG rally.task.runner [-] Starting a worker. concurrency: 1 args: {"network_create_args": {}, "subnet_create_args": {}, "subnet_cidr_start": "1.1.0.0/30", "subnets_per_network": 2} times: 40 method_name: run timeout: 0 duration: None cls:
2020-03-04 01:42:16.552 2303 RALLYDEBUG rally.task.runner [-] Starting a worker. concurrency: 1 args: {"network_create_args": {}, "subnet_create_args": {}, "subnet_cidr_start": "1.1.0.0/30", "subnets_per_network": 2} times: 40 method_name: run timeout: 0 duration: None cls:
2020-03-04 01:42:16.554 2294 INFO rally.task.runner [-] Task eca17900-a486-44e2-bffc-7494f256c292 | ITER: 11 START
2020-03-04 01:42:16.555 2294 WARNING rally_openstack.scenarios.neutron.utils [-] Running this scenario without either the 'network' or 'existing_network' context is deprecated
2020-03-04 01:42:16.555 2287 INFO rally.task.runner [-] Task eca17900-a486-44e2-bffc-7494f256c292 | ITER: 12 START
2020-03-04 01:42:16.555 2295 INFO rally.task.runner [-] Task eca17900-a486-44e2-bffc-7494f256c292 | ITER: 13 START
2020-03-04 01:42:16.555 2305 RALLYDEBUG rally.task.runner [-] Starting a worker. concurrency: 1 args: {"network_create_args": {}, "subnet_create_args": {}, "subnet_cidr_start": "1.1.0.0/30", "subnets_per_network": 2} times: 40 method_name: run timeout: 0 duration: None cls:
2020-03-04 01:42:16.556 2287 WARNING rally_openstack.scenarios.neutron.utils [-] Running this scenario without either the 'network' or 'existing_network' context is deprecated
2020-03-04 01:42:16.556 2295 WARNING rally_openstack.scenarios.neutron.utils [-] Running this scenario without either the 'network' or 'existing_network' context is deprecated
2020-03-04 01:42:16.557 2286 INFO rally.task.runner [-] Task eca17900-a486-44e2-bffc-7494f256c292 | ITER: 14 START
2020-03-04 01:42:16.558 2286 WARNING rally_openstack.scenarios.neutron.utils [-] Running this scenario without either the 'network' or 'existing_network' context is deprecated
2020-03-04 01:42:16.560 2306 RALLYDEBUG rally.task.runner [-] Starting a worker. concurrency: 1 args: {"network_create_args": {}, "subnet_create_args": {}, "subnet_cidr_start": "1.1.0.0/30", "subnets_per_network": 2} times: 40 method_name: run timeout: 0 duration: None cls:
2020-03-04 01:42:16.562 2305 INFO rally.task.runner [-] Task eca17900-a486-44e2-bffc-7494f256c292 | ITER: 17 START
2020-03-04 01:42:16.562 2313 RALLYDEBUG rally.task.runner [-] Starting a worker. concurrency: 1 args: {"network_create_args": {}, "subnet_create_args": {}, "subnet_cidr_start": "1.1.0.0/30", "subnets_per_network": 2} times: 40 method_name: run timeout: 0 duration: None cls:
2020-03-04 01:42:16.563 2303 INFO rally.task.runner [-] Task eca17900-a486-44e2-bffc-7494f256c292 | ITER: 16 START
2020-03-04 01:42:16.563 2305 WARNING rally_openstack.scenarios.neutron.utils [-] Running this scenario without either the 'network' or 'existing_network' context is deprecated
2020-03-04 01:42:16.564 2303 WARNING rally_openstack.scenarios.neutron.utils [-] Running this scenario without either the 'network' or 'existing_network' context is deprecated
2020-03-04 01:42:16.565 2316 RALLYDEBUG rally.task.runner [-] Starting a worker. concurrency: 1 args: {"network_create_args": {}, "subnet_create_args": {}, "subnet_cidr_start": "1.1.0.0/30", "subnets_per_network": 2} times: 40 method_name: run timeout: 0 duration: None cls:
2020-03-04 01:42:16.572 2316 INFO rally.task.runner [-] Task eca17900-a486-44e2-bffc-7494f256c292 | ITER: 20 START
2020-03-04 01:42:16.572 2306 INFO rally.task.runner [-] Task eca17900-a486-44e2-bffc-7494f256c292 | ITER: 18 START
2020-03-04 01:42:16.573 2316 WARNING rally_openstack.scenarios.neutron.utils [-] Running this scenario without either the 'network' or 'existing_network' context is deprecated
2020-03-04 01:42:16.573 2306 WARNING rally_openstack.scenarios.neutron.utils [-] Running this scenario without either the 'network' or 'existing_network' context is deprecated
2020-03-04 01:42:16.575 2289 INFO rally.task.runner [-] Task eca17900-a486-44e2-bffc-7494f256c292 | ITER: 15 START
2020-03-04 01:42:16.575 2313 INFO rally.task.runner [-] Task eca17900-a486-44e2-bffc-7494f256c292 | ITER: 19 START
2020-03-04 01:42:16.576 2289 WARNING rally_openstack.scenarios.neutron.utils [-] Running this scenario without either the 'network' or 'existing_network' context is deprecated
2020-03-04 01:42:16.576 2313 WARNING rally_openstack.scenarios.neutron.utils [-] Running this scenario without either the 'network' or 'existing_network' context is deprecated
2020-03-04 01:42:20.172 2285 RALLYDEBUG rally_openstack.wrappers.network [-] CIDR generated: 1.1.4.96/30
2020-03-04 01:42:20.198 2295 RALLYDEBUG rally_openstack.wrappers.network [-] CIDR generated: 1.1.4.100/30
2020-03-04 01:42:20.288 2271 RALLYDEBUG rally_openstack.wrappers.network [-] CIDR generated: 1.1.4.104/30
2020-03-04 01:42:20.295 2284 RALLYDEBUG rally_openstack.wrappers.network [-] CIDR generated: 1.1.4.108/30
2020-03-04 01:42:20.331 2313 RALLYDEBUG rally_openstack.wrappers.network [-] CIDR generated: 1.1.4.112/30
2020-03-04 01:42:20.500 2278 RALLYDEBUG rally_openstack.wrappers.network [-] CIDR generated: 1.1.4.116/30
2020-03-04 01:42:20.543 2303 RALLYDEBUG rally_openstack.wrappers.network [-] CIDR generated: 1.1.4.120/30
2020-03-04 01:42:20.620 2294 RALLYDEBUG rally_openstack.wrappers.network [-] CIDR generated: 1.1.4.124/30
2020-03-04 01:42:20.712 2270 RALLYDEBUG rally_openstack.wrappers.network [-] CIDR generated: 1.1.4.128/30
2020-03-04 01:42:20.715 2269 RALLYDEBUG rally_openstack.wrappers.network [-] CIDR generated: 1.1.4.132/30
2020-03-04 01:42:20.752 2286 RALLYDEBUG rally_openstack.wrappers.network [-] CIDR generated: 1.1.4.136/30
2020-03-04 01:42:20.772 2306 RALLYDEBUG rally_openstack.wrappers.network [-] CIDR generated: 1.1.4.140/30
2020-03-04 01:42:20.828 2305 RALLYDEBUG rally_openstack.wrappers.network [-] CIDR generated: 1.1.4.144/30
2020-03-04 01:42:20.893 2316 RALLYDEBUG rally_openstack.wrappers.network [-] CIDR generated: 1.1.4.148/30
2020-03-04 01:42:20.902 2287 RALLYDEBUG rally_openstack.wrappers.network [-] CIDR generated: 1.1.4.152/30
2020-03-04 01:42:20.902 2275 RALLYDEBUG rally_openstack.wrappers.network [-] CIDR generated: 1.1.4.156/30
2020-03-04 01:42:20.943 2282 RALLYDEBUG rally_openstack.wrappers.network [-] CIDR generated: 1.1.4.160/30
2020-03-04 01:42:21.993 2272 RALLYDEBUG rally_openstack.wrappers.network [-] CIDR generated: 1.1.4.164/30
2020-03-04 01:42:22.166 2289 RALLYDEBUG rally_openstack.wrappers.network [-] CIDR generated: 1.1.4.168/30
2020-03-04 01:42:23.559 2288 RALLYDEBUG rally_openstack.wrappers.network [-] CIDR generated: 1.1.4.172/30
2020-03-04 01:42:30.777 2313 RALLYDEBUG rally_openstack.wrappers.network [-] CIDR generated: 1.1.4.176/30
2020-03-04 01:42:30.978 2271 RALLYDEBUG rally_openstack.wrappers.network [-] CIDR generated: 1.1.4.180/30
2020-03-04 01:42:31.184 2284 RALLYDEBUG rally_openstack.wrappers.network [-] CIDR generated: 1.1.4.184/30
2020-03-04 01:42:31.212 2282 RALLYDEBUG rally_openstack.wrappers.network [-] CIDR generated: 1.1.4.188/30
2020-03-04 01:42:31.230 2285 RALLYDEBUG rally_openstack.wrappers.network [-] CIDR generated: 1.1.4.192/30
2020-03-04 01:42:31.430 2295 RALLYDEBUG rally_openstack.wrappers.network [-] CIDR generated: 1.1.4.196/30
2020-03-04 01:42:31.457 2278 RALLYDEBUG rally_openstack.wrappers.network [-] CIDR generated: 1.1.4.200/30
2020-03-04 01:42:31.459 2303 RALLYDEBUG rally_openstack.wrappers.network [-] CIDR generated: 1.1.4.204/30
2020-03-04 01:42:31.469 2270 RALLYDEBUG rally_openstack.wrappers.network [-] CIDR generated: 1.1.4.208/30
2020-03-04 01:42:31.511 2289 RALLYDEBUG rally_openstack.wrappers.network [-] CIDR generated: 1.1.4.212/30
2020-03-04 01:42:31.519 2294 RALLYDEBUG rally_openstack.wrappers.network [-] CIDR generated: 1.1.4.216/30
2020-03-04 01:42:31.560 2269 RALLYDEBUG rally_openstack.wrappers.network [-] CIDR generated: 1.1.4.220/30
2020-03-04 01:42:31.561 2305 RALLYDEBUG rally_openstack.wrappers.network [-] CIDR generated: 1.1.4.224/30
2020-03-04 01:42:31.580 2306 RALLYDEBUG rally_openstack.wrappers.network [-] CIDR generated: 1.1.4.228/30
2020-03-04 01:42:31.589 2287 RALLYDEBUG rally_openstack.wrappers.network [-] CIDR generated: 1.1.4.232/30
2020-03-04 01:42:31.601 2272 RALLYDEBUG rally_openstack.wrappers.network [-] CIDR generated: 1.1.4.236/30
2020-03-04 01:42:31.761 2275 RALLYDEBUG rally_openstack.wrappers.network [-] CIDR generated: 1.1.4.240/30
2020-03-04 01:42:31.761 2286 RALLYDEBUG rally_openstack.wrappers.network [-] CIDR generated: 1.1.4.244/30
2020-03-04 01:42:31.776 2316 RALLYDEBUG rally_openstack.wrappers.network [-] CIDR generated: 1.1.4.248/30
2020-03-04 01:42:31.795 2288 RALLYDEBUG rally_openstack.wrappers.network [-] CIDR generated: 1.1.4.252/30
2020-03-04 01:42:37.400 2285 INFO rally.task.runner [-] Task eca17900-a486-44e2-bffc-7494f256c292 | ITER: 10 END: OK
2020-03-04 01:42:37.405 2285 INFO rally.task.runner [-] Task eca17900-a486-44e2-bffc-7494f256c292 | ITER: 21 START
2020-03-04 01:42:37.406 2285 WARNING rally_openstack.scenarios.neutron.utils [-] Running this scenario without either the 'network' or 'existing_network' context is deprecated
2020-03-04 01:42:37.951 2282 INFO rally.task.runner [-] Task eca17900-a486-44e2-bffc-7494f256c292 | ITER: 5 END: OK
2020-03-04 01:42:37.956 2282 INFO rally.task.runner [-] Task eca17900-a486-44e2-bffc-7494f256c292 | ITER: 22 START
2020-03-04 01:42:37.957 2282 WARNING rally_openstack.scenarios.neutron.utils [-] Running this scenario without either the 'network' or 'existing_network' context is deprecated
2020-03-04 01:42:38.055 2285 RALLYDEBUG rally_openstack.wrappers.network [-] CIDR generated: 1.1.5.0/30
2020-03-04 01:42:38.329 2278 INFO rally.task.runner [-] Task eca17900-a486-44e2-bffc-7494f256c292 | ITER: 8 END: OK
2020-03-04 01:42:38.334 2278 INFO rally.task.runner [-] Task eca17900-a486-44e2-bffc-7494f256c292 | ITER: 23 START
2020-03-04 01:42:38.335 2278 WARNING rally_openstack.scenarios.neutron.utils [-] Running this scenario without either the 'network' or 'existing_network' context is deprecated
2020-03-04 01:42:38.442 2284 INFO rally.task.runner [-] Task eca17900-a486-44e2-bffc-7494f256c292 | ITER: 9 END: OK
2020-03-04 01:42:38.447 2284 INFO rally.task.runner [-] Task eca17900-a486-44e2-bffc-7494f256c292 | ITER: 24 START
2020-03-04 01:42:38.447 2284 WARNING rally_openstack.scenarios.neutron.utils [-] Running this scenario without either the 'network' or 'existing_network' context is deprecated
2020-03-04 01:42:38.499 2306 INFO rally.task.runner [-] Task eca17900-a486-44e2-bffc-7494f256c292 | ITER: 18 END: OK
2020-03-04 01:42:38.504 2306 INFO rally.task.runner [-] Task eca17900-a486-44e2-bffc-7494f256c292 | ITER: 25 START
2020-03-04 01:42:38.505 2306 WARNING rally_openstack.scenarios.neutron.utils [-] Running this scenario without either the 'network' or 'existing_network' context is deprecated
2020-03-04 01:42:38.803 2313 INFO rally.task.runner [-] Task eca17900-a486-44e2-bffc-7494f256c292 | ITER: 19 END: OK
2020-03-04 01:42:38.808 2313 INFO rally.task.runner [-] Task eca17900-a486-44e2-bffc-7494f256c292 | ITER: 26 START
2020-03-04 01:42:38.809 2313 WARNING rally_openstack.scenarios.neutron.utils [-] Running this scenario without either the 'network' or 'existing_network' context is deprecated
2020-03-04 01:42:38.968 2271 INFO rally.task.runner [-] Task eca17900-a486-44e2-bffc-7494f256c292 | ITER: 3 END: OK
2020-03-04 01:42:38.973 2271 INFO rally.task.runner [-] Task eca17900-a486-44e2-bffc-7494f256c292 | ITER: 27 START
2020-03-04 01:42:38.974 2271 WARNING rally_openstack.scenarios.neutron.utils [-] Running this scenario without either the 'network' or 'existing_network' context is deprecated
2020-03-04 01:42:39.033 2294 INFO rally.task.runner [-] Task eca17900-a486-44e2-bffc-7494f256c292 | ITER: 11 END: OK
2020-03-04 01:42:39.038 2294 INFO rally.task.runner [-] Task eca17900-a486-44e2-bffc-7494f256c292 | ITER: 28 START
2020-03-04 01:42:39.039 2294 WARNING rally_openstack.scenarios.neutron.utils [-] Running this scenario without either the 'network' or 'existing_network' context is deprecated
2020-03-04 01:42:39.076 2287 INFO rally.task.runner [-] Task eca17900-a486-44e2-bffc-7494f256c292 | ITER: 12 END: OK
2020-03-04 01:42:39.081 2287 INFO rally.task.runner [-] Task eca17900-a486-44e2-bffc-7494f256c292 | ITER: 29 START
2020-03-04 01:42:39.082 2287 WARNING rally_openstack.scenarios.neutron.utils [-] Running this scenario without either the 'network' or 'existing_network' context is deprecated
2020-03-04 01:42:39.318 2272 INFO rally.task.runner [-] Task eca17900-a486-44e2-bffc-7494f256c292 | ITER: 4 END: OK
2020-03-04 01:42:39.324 2272 INFO rally.task.runner [-] Task eca17900-a486-44e2-bffc-7494f256c292 | ITER: 30 START
2020-03-04 01:42:39.325 2272 WARNING rally_openstack.scenarios.neutron.utils [-] Running this scenario without either the 'network' or 'existing_network' context is deprecated
2020-03-04 01:42:39.457 2295 INFO rally.task.runner [-] Task eca17900-a486-44e2-bffc-7494f256c292 | ITER: 13 END: OK
2020-03-04 01:42:39.463 2295 INFO rally.task.runner [-] Task eca17900-a486-44e2-bffc-7494f256c292 | ITER: 31 START
2020-03-04 01:42:39.463 2295 WARNING rally_openstack.scenarios.neutron.utils [-] Running this scenario without either the 'network' or 'existing_network' context is deprecated
2020-03-04 01:42:39.468 2289 INFO rally.task.runner [-] Task eca17900-a486-44e2-bffc-7494f256c292 | ITER: 15 END: OK
2020-03-04 01:42:39.472 2289 INFO rally.task.runner [-] Task eca17900-a486-44e2-bffc-7494f256c292 | ITER: 32 START
2020-03-04 01:42:39.473 2289 WARNING rally_openstack.scenarios.neutron.utils [-] Running this scenario without either the 'network' or 'existing_network' context is deprecated
2020-03-04 01:42:39.665 2269 INFO rally.task.runner [-] Task eca17900-a486-44e2-bffc-7494f256c292 | ITER: 1 END: OK
2020-03-04 01:42:39.671 2269 INFO rally.task.runner [-] Task eca17900-a486-44e2-bffc-7494f256c292 | ITER: 33 START
2020-03-04 01:42:39.671 2269 WARNING rally_openstack.scenarios.neutron.utils [-] Running this scenario without either the 'network' or 'existing_network' context is deprecated
2020-03-04 01:42:39.859 2270 INFO rally.task.runner [-] Task eca17900-a486-44e2-bffc-7494f256c292 | ITER: 2 END: OK
2020-03-04 01:42:39.864 2270 INFO rally.task.runner [-] Task eca17900-a486-44e2-bffc-7494f256c292 | ITER: 34 START
2020-03-04 01:42:39.865 2270 WARNING rally_openstack.scenarios.neutron.utils [-] Running this scenario without either the 'network' or 'existing_network' context is deprecated
2020-03-04 01:42:39.918 2305 INFO rally.task.runner [-] Task eca17900-a486-44e2-bffc-7494f256c292 | ITER: 17 END: OK
2020-03-04 01:42:39.923 2305 INFO rally.task.runner [-] Task eca17900-a486-44e2-bffc-7494f256c292 | ITER: 35 START
2020-03-04 01:42:39.924 2305 WARNING rally_openstack.scenarios.neutron.utils [-] Running this scenario without either the 'network' or 'existing_network' context is deprecated
2020-03-04 01:42:39.992 2282 RALLYDEBUG rally_openstack.wrappers.network [-] CIDR generated: 1.1.5.4/30
2020-03-04 01:42:40.190 2303 INFO rally.task.runner [-] Task eca17900-a486-44e2-bffc-7494f256c292 | ITER: 16 END: OK
2020-03-04 01:42:40.196 2303 INFO rally.task.runner [-] Task eca17900-a486-44e2-bffc-7494f256c292 | ITER: 36 START
2020-03-04 01:42:40.196 2303 WARNING rally_openstack.scenarios.neutron.utils [-] Running this scenario without either the 'network' or 'existing_network' context is deprecated
2020-03-04 01:42:41.478 2286 INFO rally.task.runner [-] Task eca17900-a486-44e2-bffc-7494f256c292 | ITER: 14 END: OK
2020-03-04 01:42:41.483 2286 INFO rally.task.runner [-] Task eca17900-a486-44e2-bffc-7494f256c292 | ITER: 37 START
2020-03-04 01:42:41.484 2286 WARNING rally_openstack.scenarios.neutron.utils [-] Running this scenario without either the 'network' or 'existing_network' context is deprecated
2020-03-04 01:42:41.516 2275 INFO rally.task.runner [-] Task eca17900-a486-44e2-bffc-7494f256c292 | ITER: 6 END: OK
2020-03-04 01:42:41.520 2275 INFO rally.task.runner [-] Task eca17900-a486-44e2-bffc-7494f256c292 | ITER: 38 START
2020-03-04 01:42:41.521 2275 WARNING rally_openstack.scenarios.neutron.utils [-] Running this scenario without either the 'network' or 'existing_network' context is deprecated
2020-03-04 01:42:42.150 2288 INFO rally.task.runner [-] Task eca17900-a486-44e2-bffc-7494f256c292 | ITER: 7 END: OK
2020-03-04 01:42:42.155 2288 INFO rally.task.runner [-] Task eca17900-a486-44e2-bffc-7494f256c292 | ITER: 39 START
2020-03-04 01:42:42.156 2288 WARNING rally_openstack.scenarios.neutron.utils [-] Running this scenario without either the 'network' or 'existing_network' context is deprecated
2020-03-04 01:42:42.189 2278 RALLYDEBUG rally_openstack.wrappers.network [-] CIDR generated: 1.1.5.8/30
2020-03-04 01:42:42.220 2316 INFO rally.task.runner [-] Task eca17900-a486-44e2-bffc-7494f256c292 | ITER: 20 END: OK
2020-03-04 01:42:42.226 2316 INFO rally.task.runner [-] Task eca17900-a486-44e2-bffc-7494f256c292 | ITER: 40 START
2020-03-04 01:42:42.226 2316 WARNING rally_openstack.scenarios.neutron.utils [-] Running this scenario without either the 'network' or 'existing_network' context is deprecated
2020-03-04 01:42:42.274 2284 RALLYDEBUG rally_openstack.wrappers.network [-] CIDR generated: 1.1.5.12/30
2020-03-04 01:42:42.343 2306 RALLYDEBUG rally_openstack.wrappers.network [-] CIDR generated: 1.1.5.16/30
2020-03-04 01:42:42.418 2313 RALLYDEBUG rally_openstack.wrappers.network [-] CIDR generated: 1.1.5.20/30
2020-03-04 01:42:42.560 2271 RALLYDEBUG rally_openstack.wrappers.network [-] CIDR generated: 1.1.5.24/30
2020-03-04 01:42:42.810 2272 RALLYDEBUG rally_openstack.wrappers.network [-] CIDR generated: 1.1.5.28/30
2020-03-04 01:42:42.907 2289 RALLYDEBUG rally_openstack.wrappers.network [-] CIDR generated: 1.1.5.32/30
2020-03-04 01:42:43.035 2294 RALLYDEBUG rally_openstack.wrappers.network [-] CIDR generated: 1.1.5.36/30
2020-03-04 01:42:43.059 2287 RALLYDEBUG rally_openstack.wrappers.network [-] CIDR generated: 1.1.5.40/30
2020-03-04 01:42:43.101 2295 RALLYDEBUG rally_openstack.wrappers.network [-] CIDR generated: 1.1.5.44/30
2020-03-04 01:42:43.113 2305 RALLYDEBUG rally_openstack.wrappers.network [-] CIDR generated: 1.1.5.48/30
2020-03-04 01:42:43.444 2269 RALLYDEBUG rally_openstack.wrappers.network [-] CIDR generated: 1.1.5.52/30
2020-03-04 01:42:43.448 2303 RALLYDEBUG rally_openstack.wrappers.network [-] CIDR generated: 1.1.5.56/30
2020-03-04 01:42:43.512 2270 RALLYDEBUG rally_openstack.wrappers.network [-] CIDR generated: 1.1.5.60/30
2020-03-04 01:42:44.239 2286 RALLYDEBUG rally_openstack.wrappers.network [-] CIDR generated: 1.1.5.64/30
2020-03-04 01:42:44.633 2285 RALLYDEBUG rally_openstack.wrappers.network [-] CIDR generated: 1.1.5.68/30
2020-03-04 01:42:44.949 2275 RALLYDEBUG rally_openstack.wrappers.network [-] CIDR generated: 1.1.5.72/30
2020-03-04 01:42:45.058 2316 RALLYDEBUG rally_openstack.wrappers.network [-] CIDR generated: 1.1.5.76/30
2020-03-04 01:42:45.272 2288 RALLYDEBUG rally_openstack.wrappers.network [-] CIDR generated: 1.1.5.80/30
2020-03-04 01:42:48.415 2282 RALLYDEBUG rally_openstack.wrappers.network [-] CIDR generated: 1.1.5.84/30
2020-03-04 01:42:48.957 2278 RALLYDEBUG rally_openstack.wrappers.network [-] CIDR generated: 1.1.5.88/30
2020-03-04 01:42:49.239 2284 RALLYDEBUG rally_openstack.wrappers.network [-] CIDR generated: 1.1.5.92/30
2020-03-04 01:42:49.323 2306 RALLYDEBUG rally_openstack.wrappers.network [-] CIDR generated: 1.1.5.96/30
2020-03-04 01:42:49.637 2271 RALLYDEBUG rally_openstack.wrappers.network [-] CIDR generated: 1.1.5.100/30
2020-03-04 01:42:49.873 2313 RALLYDEBUG rally_openstack.wrappers.network [-] CIDR generated: 1.1.5.104/30
2020-03-04 01:42:50.111 2294 RALLYDEBUG rally_openstack.wrappers.network [-] CIDR generated: 1.1.5.108/30
2020-03-04 01:42:50.122 2289 RALLYDEBUG rally_openstack.wrappers.network [-] CIDR generated: 1.1.5.112/30
2020-03-04 01:42:50.144 2295 RALLYDEBUG rally_openstack.wrappers.network [-] CIDR generated: 1.1.5.116/30
2020-03-04 01:42:50.167 2287 RALLYDEBUG rally_openstack.wrappers.network [-] CIDR generated: 1.1.5.120/30
2020-03-04 01:42:50.173 2269 RALLYDEBUG rally_openstack.wrappers.network [-] CIDR generated: 1.1.5.124/30
2020-03-04 01:42:50.268 2303 RALLYDEBUG rally_openstack.wrappers.network [-] CIDR generated: 1.1.5.128/30
2020-03-04 01:42:50.309 2305 RALLYDEBUG rally_openstack.wrappers.network [-] CIDR generated: 1.1.5.132/30
2020-03-04 01:42:50.338 2286 RALLYDEBUG rally_openstack.wrappers.network [-] CIDR generated: 1.1.5.136/30
2020-03-04 01:42:50.372 2270 RALLYDEBUG rally_openstack.wrappers.network [-] CIDR generated: 1.1.5.140/30
2020-03-04 01:42:50.374 2272 RALLYDEBUG rally_openstack.wrappers.network [-] CIDR generated: 1.1.5.144/30
2020-03-04 01:42:50.447 2316 RALLYDEBUG rally_openstack.wrappers.network [-] CIDR generated: 1.1.5.148/30
2020-03-04 01:42:50.493 2275 RALLYDEBUG rally_openstack.wrappers.network [-] CIDR generated: 1.1.5.152/30
2020-03-04 01:42:50.518 2288 RALLYDEBUG rally_openstack.wrappers.network [-] CIDR generated: 1.1.5.156/30
2020-03-04 01:42:50.706 2285 INFO rally.task.runner [-] Task eca17900-a486-44e2-bffc-7494f256c292 | ITER: 21 END: OK
2020-03-04 01:42:52.844 2282 INFO rally.task.runner [-] Task eca17900-a486-44e2-bffc-7494f256c292 | ITER: 22 END: OK
2020-03-04 01:42:53.536 2278 INFO rally.task.runner [-] Task eca17900-a486-44e2-bffc-7494f256c292 | ITER: 23 END: OK
2020-03-04 01:42:53.576 2271 INFO rally.task.runner [-] Task eca17900-a486-44e2-bffc-7494f256c292 | ITER: 27 END: OK
2020-03-04 01:42:53.645 2306 INFO rally.task.runner [-] Task eca17900-a486-44e2-bffc-7494f256c292 | ITER: 25 END: OK
2020-03-04 01:42:54.184 2284 INFO rally.task.runner [-] Task eca17900-a486-44e2-bffc-7494f256c292 | ITER: 24 END: OK
2020-03-04 01:42:54.212 2294 INFO rally.task.runner [-] Task eca17900-a486-44e2-bffc-7494f256c292 | ITER: 28 END: OK
2020-03-04 01:42:54.736 2286 INFO rally.task.runner [-] Task eca17900-a486-44e2-bffc-7494f256c292 | ITER: 37 END: OK
2020-03-04 01:42:55.087 2275 INFO rally.task.runner [-] Task eca17900-a486-44e2-bffc-7494f256c292 | ITER: 38 END: OK
2020-03-04 01:42:55.272 2313 INFO rally.task.runner [-] Task eca17900-a486-44e2-bffc-7494f256c292 | ITER: 26 END: OK
2020-03-04 01:42:55.586 2305 INFO rally.task.runner [-] Task eca17900-a486-44e2-bffc-7494f256c292 | ITER: 35 END: OK
2020-03-04 01:42:56.192 2303 INFO rally.task.runner [-] Task eca17900-a486-44e2-bffc-7494f256c292 | ITER: 36 END: OK
2020-03-04 01:42:56.237 2289 INFO rally.task.runner [-] Task eca17900-a486-44e2-bffc-7494f256c292 | ITER: 32 END: OK
2020-03-04 01:42:56.356 2295 INFO rally.task.runner [-] Task eca17900-a486-44e2-bffc-7494f256c292 | ITER: 31 END: OK
2020-03-04 01:42:56.402 2316 INFO rally.task.runner [-] Task eca17900-a486-44e2-bffc-7494f256c292 | ITER: 40 END: OK
2020-03-04 01:42:58.448 2288 INFO rally.task.runner [-] Task eca17900-a486-44e2-bffc-7494f256c292 | ITER: 39 END: OK
2020-03-04 01:42:58.748 2269 INFO rally.task.runner [-] Task eca17900-a486-44e2-bffc-7494f256c292 | ITER: 33 END: OK
2020-03-04 01:42:58.757 2287 INFO rally.task.runner [-] Task eca17900-a486-44e2-bffc-7494f256c292 | ITER: 29 END: OK
2020-03-04 01:42:58.968 2272 INFO rally.task.runner [-] Task eca17900-a486-44e2-bffc-7494f256c292 | ITER: 30 END: OK
2020-03-04 01:42:58.969 2270 INFO rally.task.runner [-] Task eca17900-a486-44e2-bffc-7494f256c292 | ITER: 34 END: OK
2020-03-04 01:42:58.995 15 INFO rally.task.context [-] Task eca17900-a486-44e2-bffc-7494f256c292 | Context cleanup@openstack cleanup() started
2020-03-04 01:42:59.000 15 RALLYDEBUG rally_openstack.cleanup.manager [-] Cleaning up neutron vip objects
2020-03-04 01:42:59.162 15 RALLYDEBUG rally_openstack.cleanup.manager [-] Cleaning up neutron health_monitor objects
2020-03-04 01:42:59.312 15 RALLYDEBUG rally_openstack.cleanup.manager [-] Cleaning up neutron pool objects
2020-03-04 01:42:59.479 15 RALLYDEBUG rally_openstack.cleanup.manager [-] Cleaning up neutron loadbalancer objects
2020-03-04 01:42:59.644 15 RALLYDEBUG rally_openstack.cleanup.manager [-] Cleaning up neutron floatingip objects
2020-03-04 01:42:59.827 15 RALLYDEBUG rally_openstack.cleanup.manager [-] Cleaning up neutron trunk objects
2020-03-04 01:42:59.965 15 DEBUG neutronclient.v2_0.client [-] Error message: {"message": "The resource could not be found.

\n\n\n", "code": "404 Not Found", "title": "Not Found"} _handle_fault_response /usr/lib/python2.7/site-packages/neutronclient/v2_0/client.py:259
2020-03-04 01:42:59.975 15 RALLYDEBUG rally_openstack.cleanup.manager [-] Cleaning up neutron port objects
2020-03-04 01:43:00.152 15 RALLYDEBUG rally_openstack.cleanup.manager [-] Cleaning up neutron subnet objects
2020-03-04 01:43:00.543 15 RALLYDEBUG rally_openstack.cleanup.manager [-] Cleaning up neutron network objects
2020-03-04 01:43:00.987 15 RALLYDEBUG rally_openstack.cleanup.manager [-] Deleting neutron.network object s_rally_66023206_dKWhYqVM (01cf510e-8a7c-4106-bc7f-060c27263615)
2020-03-04 01:43:00.992 15 RALLYDEBUG rally_openstack.cleanup.manager [-] Deleting neutron.network object s_rally_66023206_AoOCrAbA (0a5314ea-909e-46bf-8367-069b77fc0e8f)
2020-03-04 01:43:00.995 15 RALLYDEBUG rally_openstack.cleanup.manager [-] Deleting neutron.network object s_rally_66023206_V2VuDG6t (09575670-2309-4617-a0fe-795a48808635)
2020-03-04 01:43:00.996 15 RALLYDEBUG rally_openstack.cleanup.manager [-] Deleting neutron.network object s_rally_66023206_7SIe7Heh (078088ec-a6e7-43c1-a820-7ab7081619d9)
2020-03-04 01:43:00.997 15 RALLYDEBUG rally_openstack.cleanup.manager [-] Deleting neutron.network object s_rally_66023206_0XSviI3O (04563a92-206a-4c4b-b5f9-83a2ed0d1759)
2020-03-04 01:43:01.023 15 RALLYDEBUG rally_openstack.cleanup.manager [-] Deleting neutron.network object s_rally_66023206_yAqglB5h (0e149220-fb4d-4a96-87e7-7e6c7324b6e0)
2020-03-04 01:43:01.028 15 RALLYDEBUG rally_openstack.cleanup.manager [-] Deleting neutron.network object s_rally_66023206_ikJk1tOi (11c27b50-4867-4ccc-b6c7-c0bea6e19883)
2020-03-04 01:43:01.073 15 RALLYDEBUG rally_openstack.cleanup.manager [-] Deleting neutron.network object s_rally_66023206_ab6Cww7X (2330cc92-a300-480c-9874-29aa3fb71842)
2020-03-04 01:43:01.097 15 RALLYDEBUG rally_openstack.cleanup.manager [-] Deleting neutron.network object s_rally_66023206_aJRg6wbc (181fffe5-dbad-495e-a5fe-97c3f640fbe5)
2020-03-04 01:43:01.105 15 RALLYDEBUG rally_openstack.cleanup.manager [-] Deleting neutron.network object s_rally_66023206_IY46hK1A (2c618e88-6e5b-4878-9949-7c098854df65)
2020-03-04 01:43:01.117 15 RALLYDEBUG rally_openstack.cleanup.manager [-] Deleting neutron.network object s_rally_66023206_YAQkVQK7 (4cde6b53-b699-4a53-a0cc-451788378691)
2020-03-04 01:43:01.122 15 RALLYDEBUG rally_openstack.cleanup.manager [-] Deleting neutron.network object s_rally_66023206_IGAjzrQx (44833192-28a8-4e32-8443-dd1d5981fa13)
2020-03-04 01:43:01.131 15 RALLYDEBUG rally_openstack.cleanup.manager [-] Deleting neutron.network object s_rally_66023206_CVtsqI2c (5374de6f-63d8-4e58-8926-559a8fdcc718)
2020-03-04 01:43:01.150 15 RALLYDEBUG rally_openstack.cleanup.manager [-] Deleting neutron.network object s_rally_66023206_s9eWSxv8 (3bf2e3a6-dbaf-4c9c-a2d1-ce945e131176)
2020-03-04 01:43:01.158 15 RALLYDEBUG rally_openstack.cleanup.manager [-] Deleting neutron.network object s_rally_66023206_BYZAnv0r (55fbff59-5cbd-46e2-9517-5e6a9e33ae2b)
2020-03-04 01:43:01.175 15 RALLYDEBUG rally_openstack.cleanup.manager [-] Deleting neutron.network object s_rally_66023206_4LN2yPJM (60476b25-c092-4b49-bd3f-8a89df6565dc)
2020-03-04 01:43:01.195 15 RALLYDEBUG rally_openstack.cleanup.manager [-] Deleting neutron.network object s_rally_66023206_l8vk21SN (5cb49da9-f508-4378-af5f-34b54fa3f931)
2020-03-04 01:43:01.200 15 RALLYDEBUG rally_openstack.cleanup.manager [-] Deleting neutron.network object s_rally_66023206_RXiVEJ20 (5abd3c27-aca2-4c04-ac30-5eb61adb7b3f)
2020-03-04 01:43:01.216 15 RALLYDEBUG rally_openstack.cleanup.manager [-] Deleting neutron.network object s_rally_66023206_GlwKiE7t (69f5cd62-3fe3-4f2d-866c-7dd0f2f83590)
2020-03-04 01:43:01.233 15 RALLYDEBUG rally_openstack.cleanup.manager [-] Deleting neutron.network object s_rally_66023206_P5DjwvXw (6bc1b7a7-c4ce-4add-ba0c-01de37bde08e)
2020-03-04 01:43:03.940 15 RALLYDEBUG rally_openstack.cleanup.manager [-] Deleting neutron.network object s_rally_66023206_tbguyF1W (70c4f1db-c27e-428c-a60f-2fe36fd02b95)
2020-03-04 01:43:03.968 15 RALLYDEBUG rally_openstack.cleanup.manager [-] Deleting neutron.network object s_rally_66023206_MXFGFJ1e (848752a9-e73f-4cc1-9ec2-2ebc66aa3601)
2020-03-04 01:43:04.014 15 RALLYDEBUG rally_openstack.cleanup.manager [-] Deleting neutron.network object s_rally_66023206_4Gd3iAhF (8546f01a-0ae6-4917-b2b1-ba283dabe9f8)
2020-03-04 01:43:04.041 15 RALLYDEBUG rally_openstack.cleanup.manager [-] Deleting neutron.network object s_rally_66023206_TYvS0MaH (86525091-c52e-4493-97a4-fb793e1af1ff)
2020-03-04 01:43:04.215 15 RALLYDEBUG rally_openstack.cleanup.manager [-] Deleting neutron.network object s_rally_66023206_35WVcQbw (8772f8c7-046d-492b-b2d6-449d9523fce2)
2020-03-04 01:43:04.221 15 RALLYDEBUG rally_openstack.cleanup.manager [-] Deleting neutron.network object s_rally_66023206_tn6kTVfQ (89ae40ad-6007-4215-9e57-d88c027b0437)
2020-03-04 01:43:04.250 15 RALLYDEBUG rally_openstack.cleanup.manager [-] Deleting neutron.network object s_rally_66023206_HnBjg0FB (8dd628e5-24b1-4da4-8fee-e9b2a82a939a)
2020-03-04 01:43:04.266 15 RALLYDEBUG rally_openstack.cleanup.manager [-] Deleting neutron.network object s_rally_66023206_ERJ0lskI (9b6de249-5e26-465b-861a-1ea49e3e086c)
2020-03-04 01:43:04.285 15 RALLYDEBUG rally_openstack.cleanup.manager [-] Deleting neutron.network object s_rally_66023206_4EJCm7CL (a154bbad-d082-4b30-ab39-100e3ff46874)
2020-03-04 01:43:04.351 15 RALLYDEBUG rally_openstack.cleanup.manager [-] Deleting neutron.network object s_rally_66023206_jfnJm8iB (a7d569ab-df34-4e27-8edb-4a316d6772d2)
2020-03-04 01:43:04.376 15 RALLYDEBUG rally_openstack.cleanup.manager [-] Deleting neutron.network object s_rally_66023206_VjlVxgUb (ba31a794-881a-4986-95ed-603c0aafa6da)
2020-03-04 01:43:04.387 15 RALLYDEBUG rally_openstack.cleanup.manager [-] Deleting neutron.network object s_rally_66023206_h4WXpHqn (bae897fa-1c11-4454-a461-10141e70a6f0)
2020-03-04 01:43:04.404 15 RALLYDEBUG rally_openstack.cleanup.manager [-] Deleting neutron.network object s_rally_66023206_oYN82brN (cb1bfab4-2a26-43e9-8219-3318eda64111)
2020-03-04 01:43:04.417 15 RALLYDEBUG rally_openstack.cleanup.manager [-] Deleting neutron.network object s_rally_66023206_LBbOREmY (d439c83c-c9d5-493f-a04e-e9c1b0f0ef9d)
2020-03-04 01:43:04.521 15 RALLYDEBUG rally_openstack.cleanup.manager [-] Deleting neutron.network object s_rally_66023206_OsZEvj2C (d7386375-0dd1-4d87-8d95-e450a76d4488)
2020-03-04 01:43:04.565 15 RALLYDEBUG rally_openstack.cleanup.manager [-] Deleting neutron.network object s_rally_66023206_eKRVHsTr (d7d41adf-5470-4c5a-bccb-dc52f1f71266)
2020-03-04 01:43:04.753 15 RALLYDEBUG rally_openstack.cleanup.manager [-] Deleting neutron.network object s_rally_66023206_73We2wpD (db07e99d-b617-4f63-ac42-86f12e7e7fa6)
2020-03-04 01:43:04.833 15 RALLYDEBUG rally_openstack.cleanup.manager [-] Deleting neutron.network object s_rally_66023206_Nh5Suli4 (f12679d5-ebdd-49fd-8ccd-19e6c83144e9)
2020-03-04 01:43:04.913 15 RALLYDEBUG rally_openstack.cleanup.manager [-] Deleting neutron.network object s_rally_66023206_1nPwrSfz (f5d61c3e-1d8d-4bc0-b351-092d4f9a59e1)
2020-03-04 01:43:05.141 15 RALLYDEBUG rally_openstack.cleanup.manager [-] Deleting neutron.network object s_rally_66023206_RqFyENxN (fd92fe8e-56ea-4912-9ca8-9590e8356da3)
2020-03-04 01:43:08.067 15 RALLYDEBUG rally_openstack.cleanup.manager [-] Cleaning up neutron router objects
2020-03-04 01:43:08.263 15 RALLYDEBUG rally_openstack.cleanup.manager [-] Cleaning up neutron security_group objects
2020-03-04 01:43:08.590 15 INFO rally.task.context [-] Task eca17900-a486-44e2-bffc-7494f256c292 | Context cleanup@openstack cleanup() finished in 9.60 sec
2020-03-04 01:43:08.591 15 INFO rally.task.context [-] Task eca17900-a486-44e2-bffc-7494f256c292 | Context quotas@openstack cleanup() started
2020-03-04 01:43:08.753 15 INFO rally.task.context [-] Task eca17900-a486-44e2-bffc-7494f256c292 | Context quotas@openstack cleanup() finished in 0.16 sec
2020-03-04 01:43:08.754 15 INFO rally.task.context [-] Task eca17900-a486-44e2-bffc-7494f256c292 | Context users@openstack cleanup() started
2020-03-04 01:43:10.861 15 INFO rally.task.context [-] Task eca17900-a486-44e2-bffc-7494f256c292 | Context users@openstack cleanup() finished in 2.11 sec
2020-03-04 01:43:11.472 15 INFO rally.task.engine [-] Load duration is: 42.467198
2020-03-04 01:43:11.472 15 INFO rally.task.engine [-] Full runner duration is: 42.515092
2020-03-04 01:43:11.473 15 INFO rally.task.engine [-] Full duration is: 55.658716
2020-03-04 01:43:11.556 15 INFO rally.task.engine [-] Running workload: position = 0 config = { "version": 2, "title": "A cropped version of a bigger task.", "description": "Auto-generated task from a single workload (uuid=33688f05-7707-4703-a063-7d3e33b5f198)", "subtasks": [ { "title": "NeutronNetworks.create_and_list_routers", "description": "Create and a given number of routers and list all routers.", "scenario": { "NeutronNetworks.create_and_list_routers": { "network_create_args": null, "subnet_create_args": null, "subnet_cidr_start": "1.1.0.0/30", "subnets_per_network": 2, "router_create_args": null } }, "contexts": { "users": { "tenants": 1, "users_per_tenant": 1 }, "quotas": { "neutron": { "network": -1, "subnet": -1, "router": -1 } } }, "runner": { "constant": { "times": 40, "concurrency": 20 } }, "hooks": [], "sla": { "failure_rate": { "max": 0 } } } ] }
2020-03-04 01:43:11.580 15 RALLYDEBUG rally_openstack.contexts.keystone.users [-] Creating 1 tenants using 20 threads
2020-03-04 01:43:11.968 15 RALLYDEBUG rally_openstack.contexts.keystone.users [-] Creating 1 users using 20 threads
2020-03-04 01:43:12.381 15 INFO rally.task.context [-] Task eca17900-a486-44e2-bffc-7494f256c292 | Context users@openstack setup() finished in 0.80 sec
2020-03-04 01:43:13.523 15 INFO rally.task.context [-] Task eca17900-a486-44e2-bffc-7494f256c292 | Context quotas@openstack setup() finished in 1.14 sec
2020-03-04 01:43:13.523 15 INFO rally.task.context [-] Task eca17900-a486-44e2-bffc-7494f256c292 | Context cleanup@openstack setup() finished in 0.02 msec
2020-03-04 01:43:13.532 15 RALLYDEBUG rally.task.runner [-] Starting the constant runner (task UUID: eca17900-a486-44e2-bffc-7494f256c292). timeout: 0 concurrency: 20 concurrency_per_worker: 1 times: 40 concurrency_overhead: 0 processes_to_start: 20 max_cpu_used: 88
2020-03-04 01:43:13.546 2671 RALLYDEBUG rally.task.runner [-] Starting a worker. concurrency: 1 args: {"network_create_args": null, "subnet_create_args": null, "subnet_cidr_start": "1.1.0.0/30", "subnets_per_network": 2, "router_create_args": null} times: 40 method_name: run timeout: 0 duration: None cls:
2020-03-04 01:43:13.548 2672 RALLYDEBUG rally.task.runner [-] Starting a worker. concurrency: 1 args: {"network_create_args": null, "subnet_create_args": null, "subnet_cidr_start": "1.1.0.0/30", "subnets_per_network": 2, "router_create_args": null} times: 40 method_name: run timeout: 0 duration: None cls:
2020-03-04 01:43:13.552 2671 INFO rally.task.runner [-] Task eca17900-a486-44e2-bffc-7494f256c292 | ITER: 1 START
2020-03-04 01:43:13.552 2673 RALLYDEBUG rally.task.runner [-] Starting a worker. concurrency: 1 args: {"network_create_args": null, "subnet_create_args": null, "subnet_cidr_start": "1.1.0.0/30", "subnets_per_network": 2, "router_create_args": null} times: 40 method_name: run timeout: 0 duration: None cls:
2020-03-04 01:43:13.555 2672 INFO rally.task.runner [-] Task eca17900-a486-44e2-bffc-7494f256c292 | ITER: 2 START
2020-03-04 01:43:13.555 2674 RALLYDEBUG rally.task.runner [-] Starting a worker. concurrency: 1 args: {"network_create_args": null, "subnet_create_args": null, "subnet_cidr_start": "1.1.0.0/30", "subnets_per_network": 2, "router_create_args": null} times: 40 method_name: run timeout: 0 duration: None cls:
2020-03-04 01:43:13.558 2673 INFO rally.task.runner [-] Task eca17900-a486-44e2-bffc-7494f256c292 | ITER: 3 START
2020-03-04 01:43:13.561 2674 INFO rally.task.runner [-] Task eca17900-a486-44e2-bffc-7494f256c292 | ITER: 4 START
2020-03-04 01:43:13.561 2675 RALLYDEBUG rally.task.runner [-] Starting a worker. concurrency: 1 args: {"network_create_args": null, "subnet_create_args": null, "subnet_cidr_start": "1.1.0.0/30", "subnets_per_network": 2, "router_create_args": null} times: 40 method_name: run timeout: 0 duration: None cls:
2020-03-04 01:43:13.562 2678 RALLYDEBUG rally.task.runner [-] Starting a worker. concurrency: 1 args: {"network_create_args": null, "subnet_create_args": null, "subnet_cidr_start": "1.1.0.0/30", "subnets_per_network": 2, "router_create_args": null} times: 40 method_name: run timeout: 0 duration: None cls:
2020-03-04 01:43:13.564 2682 RALLYDEBUG rally.task.runner [-] Starting a worker. concurrency: 1 args: {"network_create_args": null, "subnet_create_args": null, "subnet_cidr_start": "1.1.0.0/30", "subnets_per_network": 2, "router_create_args": null} times: 40 method_name: run timeout: 0 duration: None cls:
2020-03-04 01:43:13.567 2675 INFO rally.task.runner [-] Task eca17900-a486-44e2-bffc-7494f256c292 | ITER: 5 START
2020-03-04 01:43:13.568 2678 INFO rally.task.runner [-] Task eca17900-a486-44e2-bffc-7494f256c292 | ITER: 6 START
2020-03-04 01:43:13.568 2685 RALLYDEBUG rally.task.runner [-] Starting a worker. concurrency: 1 args: {"network_create_args": null, "subnet_create_args": null, "subnet_cidr_start": "1.1.0.0/30", "subnets_per_network": 2, "router_create_args": null} times: 40 method_name: run timeout: 0 duration: None cls:
2020-03-04 01:43:13.571 2682 INFO rally.task.runner [-] Task eca17900-a486-44e2-bffc-7494f256c292 | ITER: 7 START
2020-03-04 01:43:13.571 2687 RALLYDEBUG rally.task.runner [-] Starting a worker. concurrency: 1 args: {"network_create_args": null, "subnet_create_args": null, "subnet_cidr_start": "1.1.0.0/30", "subnets_per_network": 2, "router_create_args": null} times: 40 method_name: run timeout: 0 duration: None cls:
2020-03-04 01:43:13.574 2685 INFO rally.task.runner [-] Task eca17900-a486-44e2-bffc-7494f256c292 | ITER: 8 START
2020-03-04 01:43:13.574 2690 RALLYDEBUG rally.task.runner [-] Starting a worker. concurrency: 1 args: {"network_create_args": null, "subnet_create_args": null, "subnet_cidr_start": "1.1.0.0/30", "subnets_per_network": 2, "router_create_args": null} times: 40 method_name: run timeout: 0 duration: None cls:
2020-03-04 01:43:13.577 2687 INFO rally.task.runner [-] Task eca17900-a486-44e2-bffc-7494f256c292 | ITER: 9 START
2020-03-04 01:43:13.577 2694 RALLYDEBUG rally.task.runner [-] Starting a worker. concurrency: 1 args: {"network_create_args": null, "subnet_create_args": null, "subnet_cidr_start": "1.1.0.0/30", "subnets_per_network": 2, "router_create_args": null} times: 40 method_name: run timeout: 0 duration: None cls:
2020-03-04 01:43:13.580 2690 INFO rally.task.runner [-] Task eca17900-a486-44e2-bffc-7494f256c292 | ITER: 10 START
2020-03-04 01:43:13.580 2696 RALLYDEBUG rally.task.runner [-] Starting a worker. concurrency: 1 args: {"network_create_args": null, "subnet_create_args": null, "subnet_cidr_start": "1.1.0.0/30", "subnets_per_network": 2, "router_create_args": null} times: 40 method_name: run timeout: 0 duration: None cls:
2020-03-04 01:43:13.583 2694 INFO rally.task.runner [-] Task eca17900-a486-44e2-bffc-7494f256c292 | ITER: 11 START
2020-03-04 01:43:13.583 2700 RALLYDEBUG rally.task.runner [-] Starting a worker. concurrency: 1 args: {"network_create_args": null, "subnet_create_args": null, "subnet_cidr_start": "1.1.0.0/30", "subnets_per_network": 2, "router_create_args": null} times: 40 method_name: run timeout: 0 duration: None cls:
2020-03-04 01:43:13.587 2696 INFO rally.task.runner [-] Task eca17900-a486-44e2-bffc-7494f256c292 | ITER: 12 START
2020-03-04 01:43:13.589 2700 INFO rally.task.runner [-] Task eca17900-a486-44e2-bffc-7494f256c292 | ITER: 13 START
2020-03-04 01:43:13.590 2703 RALLYDEBUG rally.task.runner [-] Starting a worker. concurrency: 1 args: {"network_create_args": null, "subnet_create_args": null, "subnet_cidr_start": "1.1.0.0/30", "subnets_per_network": 2, "router_create_args": null} times: 40 method_name: run timeout: 0 duration: None cls:
2020-03-04 01:43:13.590 2707 RALLYDEBUG rally.task.runner [-] Starting a worker. concurrency: 1 args: {"network_create_args": null, "subnet_create_args": null, "subnet_cidr_start": "1.1.0.0/30", "subnets_per_network": 2, "router_create_args": null} times: 40 method_name: run timeout: 0 duration: None cls:
2020-03-04 01:43:13.593 2710 RALLYDEBUG rally.task.runner [-] Starting a worker. concurrency: 1 args: {"network_create_args": null, "subnet_create_args": null, "subnet_cidr_start": "1.1.0.0/30", "subnets_per_network": 2, "router_create_args": null} times: 40 method_name: run timeout: 0 duration: None cls:
