2020-03-04 01:57:35.643 15 RALLYDEBUG rally_openstack.cleanup.manager [-] Deleting neutron.port object s_rally_bc5e8158_9Kzp7tCY (b6cd94f2-d9bf-4476-80f3-7b28e46b273f)
2020-03-04 01:57:35.796 15 RALLYDEBUG rally_openstack.cleanup.manager [-] Deleting neutron.port object s_rally_bc5e8158_euGcrWJh (b748295c-79ff-4eb6-90c1-3b02e8691d04)
2020-03-04 01:57:35.848 15 RALLYDEBUG rally_openstack.cleanup.manager [-] Deleting neutron.port object s_rally_bc5e8158_xOOmOtf8 (b7cb14e4-d749-4c7c-a4cb-c0dd2dd96658)
2020-03-04 01:57:35.884 15 RALLYDEBUG rally_openstack.cleanup.manager [-] Deleting neutron.port object s_rally_bc5e8158_OfYrcyNe (b9a4099e-d156-48bd-bbdd-6b6ea7695806)
2020-03-04 01:57:36.001 15 RALLYDEBUG rally_openstack.cleanup.manager [-] Deleting neutron.port object s_rally_bc5e8158_CsGQp3hu (b9da9e53-4572-48dc-be2d-bc7d3dc5e686)
2020-03-04 01:57:36.076 15 RALLYDEBUG rally_openstack.cleanup.manager [-] Deleting neutron.port object s_rally_bc5e8158_dv3Fw9QT (bae7a749-15bb-4b45-ac09-cf0f308ae5dd)
2020-03-04 01:57:36.173 15 RALLYDEBUG rally_openstack.cleanup.manager [-] Deleting neutron.port object s_rally_bc5e8158_R8u39Y7d (bbe34fbe-7607-463f-bfca-3359afb9bd2f)
2020-03-04 01:57:36.228 15 RALLYDEBUG rally_openstack.cleanup.manager [-] Deleting neutron.port object s_rally_bc5e8158_Ju3ionyJ (bc451aef-4432-4227-a809-2415edabf51b)
2020-03-04 01:57:36.289 15 RALLYDEBUG rally_openstack.cleanup.manager [-] Deleting neutron.port object s_rally_bc5e8158_cjD8e32n (bc5f12ee-bdb1-49b8-aacf-68c0289d0fde)
2020-03-04 01:57:36.933 15 RALLYDEBUG rally_openstack.cleanup.manager [-] Deleting neutron.port object s_rally_bc5e8158_zj9wOenB (bd4d9088-9032-4b7f-8bdc-21699875afbc)
2020-03-04 01:57:37.014 15 RALLYDEBUG rally_openstack.cleanup.manager [-] Deleting neutron.port object s_rally_bc5e8158_TIUaN4Lc (bd4ecd4d-e99d-4ad9-870c-69467e78f51b)
2020-03-04 01:57:37.022 15 RALLYDEBUG rally_openstack.cleanup.manager [-] Deleting neutron.port object s_rally_bc5e8158_wgNLZHK3 (bd73725f-d620-47f9-8349-dbeed7669c73)
2020-03-04 01:57:37.322 15 RALLYDEBUG rally_openstack.cleanup.manager [-] Deleting neutron.port object s_rally_bc5e8158_rGjIx1ue (bdb871ac-ebfa-4500-85c1-81c5baa1b96a)
2020-03-04 01:57:37.409 15 RALLYDEBUG rally_openstack.cleanup.manager [-] Deleting neutron.port object s_rally_bc5e8158_XEuGT1XE (be1ecf75-f030-497b-a2d6-4de332a2b04d)
2020-03-04 01:57:37.526 15 RALLYDEBUG rally_openstack.cleanup.manager [-] Deleting neutron.port object s_rally_bc5e8158_NvAv5cJt (be8f2d0a-dbb6-482f-a74b-25ebf8c13948)
2020-03-04 01:57:37.689 15 RALLYDEBUG rally_openstack.cleanup.manager [-] Deleting neutron.port object s_rally_bc5e8158_bEazePl5 (beeadcfc-5d7e-4f6f-b9fa-314fd0a999ba)
2020-03-04 01:57:37.693 15 RALLYDEBUG rally_openstack.cleanup.manager [-] Deleting neutron.port object s_rally_bc5e8158_emylTfdT (bf2d382d-1f94-4a9b-92fd-1b6d5f7954b9)
2020-03-04 01:57:37.709 15 RALLYDEBUG rally_openstack.cleanup.manager [-] Deleting neutron.port object s_rally_bc5e8158_WzuESLDd (bf958a1d-67f3-492a-ba2a-5d2e7fbfce00)
2020-03-04 01:57:37.722 15 RALLYDEBUG rally_openstack.cleanup.manager [-] Deleting neutron.port object s_rally_bc5e8158_TG5IUCDx (bff61313-39c5-4360-9ab4-336648ff096e)
2020-03-04 01:57:37.731 15 RALLYDEBUG rally_openstack.cleanup.manager [-] Deleting neutron.port object s_rally_bc5e8158_QrxV18kL (bff9975d-6025-4975-bd1d-bfe030962d54)
2020-03-04 01:57:37.809 15 RALLYDEBUG rally_openstack.cleanup.manager [-] Deleting neutron.port object s_rally_bc5e8158_S2x327lQ (c05721e4-da4a-430d-b763-f5eccb9001be)
2020-03-04 01:57:38.031 15 RALLYDEBUG rally_openstack.cleanup.manager [-] Deleting neutron.port object s_rally_bc5e8158_wNWVCDJv (c0644569-054a-4748-85eb-5586fb902fe9)
2020-03-04 01:57:38.237 15 RALLYDEBUG rally_openstack.cleanup.manager [-] Deleting neutron.port object s_rally_bc5e8158_BakOyjlk (c098c43a-1fa8-4965-83ce-c3f0898e11ca)
2020-03-04 01:57:38.351 15 RALLYDEBUG rally_openstack.cleanup.manager [-] Deleting neutron.port object s_rally_bc5e8158_bnpqdsw1 (c17f0c7a-e797-40d1-83a6-ef54d56bf86c)
2020-03-04 01:57:38.479 15 RALLYDEBUG rally_openstack.cleanup.manager [-] Deleting neutron.port object s_rally_bc5e8158_epAtbsUT (c25273db-adb3-4057-ab24-25329ce2c0ac)
2020-03-04 01:57:38.538 15 RALLYDEBUG rally_openstack.cleanup.manager [-] Deleting neutron.port object s_rally_bc5e8158_ao3ovs6k (c2b38d82-450d-4614-9a96-9e23045e7314)
2020-03-04 01:57:38.655 15 RALLYDEBUG rally_openstack.cleanup.manager [-] Deleting neutron.port object s_rally_bc5e8158_MkT4wB7X (c3340e96-56fa-4b82-92bc-e7b8a83a9f94)
2020-03-04 01:57:38.821 15 RALLYDEBUG rally_openstack.cleanup.manager [-] Deleting neutron.port object s_rally_bc5e8158_zH1sdqF1 (c346fc9c-7f54-4754-a6f6-950794fe021e)
2020-03-04 01:57:38.832 15 RALLYDEBUG rally_openstack.cleanup.manager [-] Deleting neutron.port object s_rally_bc5e8158_PktBaPvk (c348aef2-e961-467f-9b2e-78c44c181e79)
2020-03-04 01:57:38.872 15 RALLYDEBUG rally_openstack.cleanup.manager [-] Deleting neutron.port object s_rally_bc5e8158_aM7ho5IB (c4d4933c-f1ea-4c71-a9e2-1b230cc846e4)
2020-03-04 01:57:38.890 15 RALLYDEBUG rally_openstack.cleanup.manager [-] Deleting neutron.port object s_rally_bc5e8158_lSls2niN (c4f9842a-f06a-48f9-8ae1-623de106a872)
2020-03-04 01:57:38.926 15 RALLYDEBUG rally_openstack.cleanup.manager [-] Deleting neutron.port object s_rally_bc5e8158_pgxMWMZz (c50d4b2e-e9cf-44c9-af10-d855f0e3aac8)
2020-03-04 01:57:39.193 15 RALLYDEBUG rally_openstack.cleanup.manager [-] Deleting neutron.port object s_rally_bc5e8158_oVQheSup (c5acc9ee-54c4-4f01-b0e3-3fcb7070ceb7)
2020-03-04 01:57:39.428 15 RALLYDEBUG rally_openstack.cleanup.manager [-] Deleting neutron.port object s_rally_bc5e8158_Zjt6ulMg (c5b20b98-feb0-47c3-b805-2998d6e7f4b1)
2020-03-04 01:57:39.688 15 RALLYDEBUG rally_openstack.cleanup.manager [-] Deleting neutron.port object s_rally_bc5e8158_OgGtbLQ2 (c7e270df-640a-4bcf-8da0-ceecc3202bbd)
2020-03-04 01:57:39.750 15 RALLYDEBUG rally_openstack.cleanup.manager [-] Deleting neutron.port object s_rally_bc5e8158_LK12JTsa (c8fb70a1-d245-4c19-84fa-8ae401f0c499)
2020-03-04 01:57:39.788 15 RALLYDEBUG rally_openstack.cleanup.manager [-] Deleting neutron.port object s_rally_bc5e8158_LIauScsU (c922dc82-8200-4ede-9ea5-1c8c9fea0821)
2020-03-04 01:57:39.815 15 RALLYDEBUG rally_openstack.cleanup.manager [-] Deleting neutron.port object s_rally_bc5e8158_8PuYFPph (c9341e54-e031-40ee-b68b-fe423076620e)
2020-03-04 01:57:40.031 15 RALLYDEBUG rally_openstack.cleanup.manager [-] Deleting neutron.port object s_rally_bc5e8158_2bILEF3f (c99e3a92-54e0-45db-92af-36e2eaede056)
2020-03-04 01:57:40.038 15 RALLYDEBUG rally_openstack.cleanup.manager [-] Deleting neutron.port object s_rally_bc5e8158_TVghVOjI (cb5c09dd-e4ea-4eea-a34c-7246dc101a02)
2020-03-04 01:57:40.043 15 RALLYDEBUG rally_openstack.cleanup.manager [-] Deleting neutron.port object s_rally_bc5e8158_Sfkt8vwD (cb17f0d6-1c58-44cb-91b7-97c942eb9273)
2020-03-04 01:57:40.098 15 RALLYDEBUG rally_openstack.cleanup.manager [-] Deleting neutron.port object s_rally_bc5e8158_kgkRVU1c (cb675ed7-5ba0-430b-8f23-dabb7a0df34b)
2020-03-04 01:57:40.195 15 RALLYDEBUG rally_openstack.cleanup.manager [-] Deleting neutron.port object s_rally_bc5e8158_Ldlw2ip7 (cc8307a3-1024-4bfd-b56f-12e6d7f43ce8)
2020-03-04 01:57:40.510 15 RALLYDEBUG rally_openstack.cleanup.manager [-] Deleting neutron.port object s_rally_bc5e8158_2Ltq25nX (ccaf31f8-a712-4da3-863c-a9bce67a8158)
2020-03-04 01:57:40.655 15 RALLYDEBUG rally_openstack.cleanup.manager [-] Deleting neutron.port object s_rally_bc5e8158_nx5U9oJK (ccc6611f-e7c6-4ff1-bf06-7dc5d5d17ff0)
2020-03-04 01:57:40.682 15 RALLYDEBUG rally_openstack.cleanup.manager [-] Deleting neutron.port object s_rally_bc5e8158_M8BJwhc1 (cdddf7c0-41c3-4d6e-8607-2fe94c8f420d)
2020-03-04 01:57:40.822 15 RALLYDEBUG rally_openstack.cleanup.manager [-] Deleting neutron.port object s_rally_bc5e8158_MsbYFhBl (cde2ed97-c688-4076-ba97-6135ed4c6d3f)
2020-03-04 01:57:40.944 15 RALLYDEBUG rally_openstack.cleanup.manager [-] Deleting neutron.port object s_rally_bc5e8158_mQdhp63l (ce68f760-ce99-4c68-b94c-0e0d0689cac2)
2020-03-04 01:57:41.154 15 RALLYDEBUG rally_openstack.cleanup.manager [-] Deleting neutron.port object s_rally_bc5e8158_6PG3YOFv (cedda224-6492-4374-91e2-3457c0a4bcf1)
2020-03-04 01:57:41.168 15 RALLYDEBUG rally_openstack.cleanup.manager [-] Deleting neutron.port object s_rally_bc5e8158_kRIEdMuP (cf49558a-5022-485e-9988-72c2e15d66b7)
2020-03-04 01:57:41.180 15 RALLYDEBUG rally_openstack.cleanup.manager [-] Deleting neutron.port object s_rally_bc5e8158_ZZ2XUcxJ (cff6021f-a6e9-48a7-86a4-15713cae4884)
2020-03-04 01:57:41.353 15 RALLYDEBUG rally_openstack.cleanup.manager [-] Deleting neutron.port object s_rally_bc5e8158_Tz728Gqj (d077da0b-5c60-48bc-a293-05ffc27f5671)
2020-03-04 01:57:41.404 15 RALLYDEBUG rally_openstack.cleanup.manager [-] Deleting neutron.port object s_rally_bc5e8158_OxYhlJJE (d13e115b-5510-4763-9f92-8ccb9d90762e)
2020-03-04 01:57:41.719 15 RALLYDEBUG rally_openstack.cleanup.manager [-] Deleting neutron.port object s_rally_bc5e8158_hnq3SvdT (d161fa59-a608-4628-9635-9df626d1c2cf)
2020-03-04 01:57:41.738 15 RALLYDEBUG rally_openstack.cleanup.manager [-] Deleting neutron.port object s_rally_bc5e8158_ZUyQaaR0 (d19dbc2b-06ea-4ecb-9fea-25a6e974b23e)
2020-03-04 01:57:41.819 15 RALLYDEBUG rally_openstack.cleanup.manager [-] Deleting neutron.port object s_rally_bc5e8158_4lPFuVXi (d292ad2e-6143-4682-8e54-96f53654f0f4)
2020-03-04 01:57:41.831 15 RALLYDEBUG rally_openstack.cleanup.manager [-] Deleting neutron.port object s_rally_bc5e8158_t1xuDHPV (d26ff27d-4b28-4c3e-9d6a-3574d76b3803)
2020-03-04 01:57:42.043 15 RALLYDEBUG rally_openstack.cleanup.manager [-] Deleting neutron.port object s_rally_bc5e8158_JpnfB3ph (d2fba447-8f9e-490d-8d8f-73bb932bd5ae)
2020-03-04 01:57:42.053 15 RALLYDEBUG rally_openstack.cleanup.manager [-] Deleting neutron.port object s_rally_bc5e8158_jRl06sY3 (d3075851-aa96-46c1-ab63-e7f689cc892b)
2020-03-04 01:57:42.094 15 RALLYDEBUG rally_openstack.cleanup.manager [-] Deleting neutron.port object s_rally_bc5e8158_1SssubrE (d3a27ae6-3100-412e-b293-0ea9e54a48b7)
2020-03-04 01:57:42.199 15 RALLYDEBUG rally_openstack.cleanup.manager [-] Deleting neutron.port object s_rally_bc5e8158_fKP6lVrD (d500b70c-10f7-4d8e-afe9-32f3b6e774a0)
2020-03-04 01:57:42.200 15 RALLYDEBUG rally_openstack.cleanup.manager [-] Deleting neutron.port object s_rally_bc5e8158_reUuCmSt (d4f5f7bb-5990-499d-9ab7-4115a343c4f8)
2020-03-04 01:57:42.528 15 RALLYDEBUG rally_openstack.cleanup.manager [-] Deleting neutron.port object s_rally_bc5e8158_D1VIzVSF (d86f3fd7-15c1-404b-82ae-dcf43c0d8912)
2020-03-04 01:57:42.795 15 RALLYDEBUG rally_openstack.cleanup.manager [-] Deleting neutron.port object s_rally_bc5e8158_jsoyfeem (d898ff76-6cad-4003-878b-c4835f9deb1a)
2020-03-04 01:57:43.108 15 RALLYDEBUG rally_openstack.cleanup.manager [-] Deleting neutron.port object s_rally_bc5e8158_KmFWMZ59 (d980b1b7-89a5-4438-af2c-98b42d57f86a)
2020-03-04 01:57:43.292 15 RALLYDEBUG rally_openstack.cleanup.manager [-] Deleting neutron.port object s_rally_bc5e8158_zhLCTHbe (da234876-a5ca-4ffd-b2bf-9e1cc0074d18)
2020-03-04 01:57:43.312 15 RALLYDEBUG rally_openstack.cleanup.manager [-] Deleting neutron.port object s_rally_bc5e8158_6ZDhJZC3 (dad4aacf-abd0-4e86-90ff-efcea97e5af6)
2020-03-04 01:57:43.371 15 RALLYDEBUG rally_openstack.cleanup.manager [-] Deleting neutron.port object s_rally_bc5e8158_AqPl5x4o (dba041f6-73c1-4bf7-a607-1369bd783cf2)
2020-03-04 01:57:43.375 15 RALLYDEBUG rally_openstack.cleanup.manager [-] Deleting neutron.port object s_rally_bc5e8158_iyT8CjPX (dd920af3-48d5-4915-bf9a-98a00ca3f59c)
2020-03-04 01:57:43.551 15 RALLYDEBUG rally_openstack.cleanup.manager [-] Deleting neutron.port object s_rally_bc5e8158_VT2LJMEX (dee08ae2-3c70-454f-b602-95a0aad3f4c4)
2020-03-04 01:57:43.651 15 RALLYDEBUG rally_openstack.cleanup.manager [-] Deleting neutron.port object s_rally_bc5e8158_7jZzKfPb (e06ef576-52d3-42df-910a-7d68c9cf6e2c)
2020-03-04 01:57:43.655 15 RALLYDEBUG rally_openstack.cleanup.manager [-] Deleting neutron.port object s_rally_bc5e8158_8BxfHDyZ (e1298e87-3c96-4ded-ace9-b842ce512555)
2020-03-04 01:57:43.766 15 RALLYDEBUG rally_openstack.cleanup.manager [-] Deleting neutron.port object s_rally_bc5e8158_WMfwcMTQ (e1eb8941-9a44-4d49-80f5-3a0a09bc04d0)
2020-03-04 01:57:43.952 15 RALLYDEBUG rally_openstack.cleanup.manager [-] Deleting neutron.port object s_rally_bc5e8158_qh7fxV9k (e569796b-ff9a-45c7-bdf1-50a30e41fac6)
2020-03-04 01:57:43.955 15 RALLYDEBUG rally_openstack.cleanup.manager [-] Deleting neutron.port object s_rally_bc5e8158_S1gzpUBx (e2559a4c-1be6-45b2-a0ee-947a4cd332ea)
2020-03-04 01:57:44.051 15 RALLYDEBUG rally_openstack.cleanup.manager [-] Deleting neutron.port object s_rally_bc5e8158_oq7uV3iY (e56b456e-d3a0-45a2-8296-d87a72eed15e)
2020-03-04 01:57:44.152 15 RALLYDEBUG rally_openstack.cleanup.manager [-] Deleting neutron.port object s_rally_bc5e8158_ZNOA965b (e56fa0eb-757e-4198-adeb-24f7246678d6)
2020-03-04 01:57:44.257 15 RALLYDEBUG rally_openstack.cleanup.manager [-] Deleting neutron.port object s_rally_bc5e8158_ngOk9jv9 (e6e484ee-d46d-4f23-8b1d-aefd93757c55)
2020-03-04 01:57:44.362 15 RALLYDEBUG rally_openstack.cleanup.manager [-] Deleting neutron.port object s_rally_bc5e8158_0LqZDwwx (e78b500b-e9b4-4988-a8d0-cc54b1064bf9)
2020-03-04 01:57:44.567 15 RALLYDEBUG rally_openstack.cleanup.manager [-] Deleting neutron.port object s_rally_bc5e8158_vJT3JgC3 (e7cec7d1-92da-4aa4-8d00-a53886e0e0b8)
2020-03-04 01:57:44.571 15 RALLYDEBUG rally_openstack.cleanup.manager [-] Deleting neutron.port object s_rally_bc5e8158_3Bl7581U (e7d292fe-18ab-4fa1-a9f8-39917c821832)
2020-03-04 01:57:44.585 15 RALLYDEBUG rally_openstack.cleanup.manager [-] Deleting neutron.port object s_rally_bc5e8158_qbIL618w (e81647df-fb15-421e-a87f-52461f4ed90e)
2020-03-04 01:57:44.649 15 RALLYDEBUG rally_openstack.cleanup.manager [-] Deleting neutron.port object s_rally_bc5e8158_Q7XtyzUf (e9522591-c3ec-4633-8868-79eba810f1e1)
2020-03-04 01:57:45.046 15 RALLYDEBUG rally_openstack.cleanup.manager [-] Deleting neutron.port object s_rally_bc5e8158_82z5LZUj (eb56d8cd-c8aa-4b3b-abde-cca98a537690)
2020-03-04 01:57:45.084 15 RALLYDEBUG rally_openstack.cleanup.manager [-] Deleting neutron.port object s_rally_bc5e8158_KMiGad0f (ebc56d83-3c19-4509-a245-64674e02ee99)
2020-03-04 01:57:45.181 15 RALLYDEBUG rally_openstack.cleanup.manager [-] Deleting neutron.port object s_rally_bc5e8158_H0k8ZZhP (ec7d9a61-4b11-4f75-bd1a-a2c388eeb2ca)
2020-03-04 01:57:45.183 15 RALLYDEBUG rally_openstack.cleanup.manager [-] Deleting neutron.port object s_rally_bc5e8158_TdtekhN2 (ebe7eff3-50c8-4b34-9037-5c1e81bd1a64)
2020-03-04 01:57:45.310 15 RALLYDEBUG rally_openstack.cleanup.manager [-] Deleting neutron.port object s_rally_bc5e8158_Cs61QAle (ecf95f51-5df3-486f-8fc7-9285d5ccbbc7)
2020-03-04 01:57:45.473 15 RALLYDEBUG rally_openstack.cleanup.manager [-] Deleting neutron.port object s_rally_bc5e8158_XTluXRoV (eed3a57a-d5e4-4dee-a312-d5de4fab791a)
2020-03-04 01:57:45.595 15 RALLYDEBUG rally_openstack.cleanup.manager [-] Deleting neutron.port object s_rally_bc5e8158_xwW8ikCr (ef3f6e1d-d95f-4613-9cac-736299d0e19d)
2020-03-04 01:57:45.619 15 RALLYDEBUG rally_openstack.cleanup.manager [-] Deleting neutron.port object s_rally_bc5e8158_iUzXxF8b (efdb24c0-2de7-475f-8612-a74568339fa0)
2020-03-04 01:57:45.626 15 RALLYDEBUG rally_openstack.cleanup.manager [-] Deleting neutron.port object s_rally_bc5e8158_wNwV3wFO (f0560d75-71b1-461e-ae51-6bbe8a94974d)
2020-03-04 01:57:45.673 15 RALLYDEBUG rally_openstack.cleanup.manager [-] Deleting neutron.port object s_rally_bc5e8158_Eew1zG6f (f0e8a94d-0ed2-4395-b33c-8a317a0f21a2)
2020-03-04 01:57:45.681 15 RALLYDEBUG rally_openstack.cleanup.manager [-] Deleting neutron.port object s_rally_bc5e8158_aHhrgGiv (f2db36fc-6698-4b55-82e4-0ad1fe261a19)
2020-03-04 01:57:45.691 15 RALLYDEBUG rally_openstack.cleanup.manager [-] Deleting neutron.port object s_rally_bc5e8158_2AjPTWfw (f36c40a7-c8d3-4ee5-8a99-938875dcc4f9)
2020-03-04 01:57:46.050 15 RALLYDEBUG rally_openstack.cleanup.manager [-] Deleting neutron.port object s_rally_bc5e8158_3j3fS7JO (f57600e8-90d7-4990-88e5-880c2357a465)
2020-03-04 01:57:46.058 15 RALLYDEBUG rally_openstack.cleanup.manager [-] Deleting neutron.port object s_rally_bc5e8158_pkKCotOE (f6df0cb0-ac91-4335-8f2f-a53275bfd659)
2020-03-04 01:57:46.330 15 RALLYDEBUG rally_openstack.cleanup.manager [-] Deleting neutron.port object s_rally_bc5e8158_76Y0TDvq (f7e889c5-9e0b-40da-971b-c6e617467277)
2020-03-04 01:57:46.465 15 RALLYDEBUG rally_openstack.cleanup.manager [-] Deleting neutron.port object s_rally_bc5e8158_ixf3ihrK (f8a82f73-9be6-4cac-805c-8c787d352391)
2020-03-04 01:57:46.491 15 RALLYDEBUG rally_openstack.cleanup.manager [-] Deleting neutron.port object s_rally_bc5e8158_l7bg78pg (f934b657-00c5-435c-a7a6-8b2b02d0a789)
2020-03-04 01:57:46.738 15 RALLYDEBUG rally_openstack.cleanup.manager [-] Deleting neutron.port object s_rally_bc5e8158_CAmnM704 (fa1a8078-4b98-48e4-b27c-78876efb7f24)
2020-03-04 01:57:46.991 15 RALLYDEBUG rally_openstack.cleanup.manager [-] Deleting neutron.port object s_rally_bc5e8158_u6EzPQhs (fc637e9c-5833-4503-a14b-07557fe4aebe)
2020-03-04 01:57:47.126 15 RALLYDEBUG rally_openstack.cleanup.manager [-] Deleting neutron.port object s_rally_bc5e8158_wVe4AcFG (fe7db038-7c7f-4432-94f2-f59dfc312a6e)
2020-03-04 01:57:47.202 15 RALLYDEBUG rally_openstack.cleanup.manager [-] Deleting neutron.port object s_rally_bc5e8158_HRmgraRM (feb9c059-29a8-4857-8332-a128936ca8b0)
2020-03-04 01:57:47.224 15 RALLYDEBUG rally_openstack.cleanup.manager [-] Deleting neutron.port object s_rally_bc5e8158_gSQOXpUC (fedec2e0-0a87-4e41-a359-da1a172b32d9)
2020-03-04 01:57:47.233 15 RALLYDEBUG rally_openstack.cleanup.manager [-] Deleting neutron.port object s_rally_bc5e8158_PIVaUHG9 (ff3c39d7-f6a3-4469-9478-038ba731c7f4)
2020-03-04 01:57:47.250 15 RALLYDEBUG rally_openstack.cleanup.manager [-] Deleting neutron.port object s_rally_bc5e8158_DigIsNlk (ff478bb4-f7b2-4447-a99f-80e9dd5f64cb)
2020-03-04 01:57:47.306 15 RALLYDEBUG rally_openstack.cleanup.manager [-] Deleting neutron.port object s_rally_bc5e8158_RQI0e2a2 (ff4ff000-7492-4c12-8506-4b611dcf8f4e)
2020-03-04 01:57:49.690 15 RALLYDEBUG rally_openstack.cleanup.manager [-] Cleaning up neutron subnet objects
2020-03-04 01:57:49.874 15 RALLYDEBUG rally_openstack.cleanup.manager [-] Cleaning up neutron network objects
2020-03-04 01:57:50.408 15 RALLYDEBUG rally_openstack.cleanup.manager [-] Deleting neutron.network object s_rally_bc5e8158_A0sBDv4B (0c4b720b-cf4f-4f78-8820-a7384ed88c6f)
2020-03-04 01:57:50.415 15 RALLYDEBUG rally_openstack.cleanup.manager [-] Deleting neutron.network object s_rally_bc5e8158_2DQYSBYN (284718d3-8c9e-478b-89ca-0a754aa1692c)
2020-03-04 01:57:50.425 15 RALLYDEBUG rally_openstack.cleanup.manager [-] Deleting neutron.network object s_rally_bc5e8158_TUDgyjFE (327970a7-a1e5-4528-a958-a1e5c6b0699d)
2020-03-04 01:57:50.429 15 RALLYDEBUG rally_openstack.cleanup.manager [-] Deleting neutron.network object s_rally_bc5e8158_E98kBAgi (5731921d-f8c8-4568-be75-3587411ae878)
2020-03-04 01:57:50.434 15 RALLYDEBUG rally_openstack.cleanup.manager [-] Deleting neutron.network object s_rally_bc5e8158_M2nA4ccJ (63563efc-5dc4-4aa7-b811-38baf59955d4)
2020-03-04 01:57:50.449 15 RALLYDEBUG rally_openstack.cleanup.manager [-] Deleting neutron.network object s_rally_bc5e8158_KpkZzQk2 (80365b27-b94d-4d13-847c-0a76087f4b9f)
2020-03-04 01:57:50.465 15 RALLYDEBUG rally_openstack.cleanup.manager [-] Deleting neutron.network object s_rally_bc5e8158_sCD70Qlo (88fa1de6-fb12-418f-b7ca-605723b6fa62)
2020-03-04 01:57:50.489 15 RALLYDEBUG rally_openstack.cleanup.manager [-] Deleting neutron.network object s_rally_bc5e8158_bzCJ3wXN (d9d343af-e0b2-4ed5-99e3-dc57c1f3bb4d)
2020-03-04 01:57:53.926 15 RALLYDEBUG rally_openstack.cleanup.manager [-] Cleaning up neutron router objects
2020-03-04 01:57:54.158 15 RALLYDEBUG rally_openstack.cleanup.manager [-] Cleaning up neutron security_group objects
2020-03-04 01:57:54.403 15 INFO rally.task.context [-] Task eca17900-a486-44e2-bffc-7494f256c292 | Context cleanup@openstack cleanup() finished in 1.02 min
2020-03-04 01:57:54.403 15 INFO rally.task.context [-] Task eca17900-a486-44e2-bffc-7494f256c292 | Context quotas@openstack cleanup() started
2020-03-04 01:57:54.454 15 INFO rally.task.context [-] Task eca17900-a486-44e2-bffc-7494f256c292 | Context quotas@openstack cleanup() finished in 50.69 msec
2020-03-04 01:57:54.454 15 INFO rally.task.context [-] Task eca17900-a486-44e2-bffc-7494f256c292 | Context users@openstack cleanup() started
2020-03-04 01:57:56.202 15 INFO rally.task.context [-] Task eca17900-a486-44e2-bffc-7494f256c292 | Context users@openstack cleanup() finished in 1.75 sec
2020-03-04 01:57:57.626 15 INFO rally.task.engine [-] Load duration is: 163.060539
2020-03-04 01:57:57.626 15 INFO rally.task.engine [-] Full runner duration is: 163.102664
2020-03-04 01:57:57.627 15 INFO rally.task.engine [-] Full duration is: 227.54531
2020-03-04 01:57:57.696 15 INFO rally.task.engine [-] Running workload: position = 1 config = { "version": 2, "title": "A cropped version of a bigger task.", "description": "Auto-generated task from a single workload (uuid=65f991f6-dc0c-413f-be83-ddd5da514152)", "subtasks": [ { "title": "NeutronNetworks.create_and_update_ports", "description": "Create and update a given number of ports.", "scenario": { "NeutronNetworks.create_and_update_ports": { "network_create_args": {}, "port_create_args": {}, "ports_per_network": 5, "port_update_args": { "admin_state_up": false, "device_id": "dummy_id", "device_owner": "dummy_owner", "name": "_port_updated" } } }, "contexts": { "users": { "tenants": 1, "users_per_tenant": 1 }, "quotas": { "neutron": { "network": -1, "port": -1 } } }, "runner": { "constant": { "times": 40, "concurrency": 20 } }, "hooks": [], "sla": { "failure_rate": { "max": 0 } } } ] }
2020-03-04 01:57:57.718 15 RALLYDEBUG rally_openstack.contexts.keystone.users [-] Creating 1 tenants using 20 threads
2020-03-04 01:57:58.204 15 RALLYDEBUG rally_openstack.contexts.keystone.users [-] Creating 1 users using 20 threads
2020-03-04 01:57:59.319 15 INFO rally.task.context [-] Task eca17900-a486-44e2-bffc-7494f256c292 | Context users@openstack setup() finished in 1.60 sec
2020-03-04 01:57:59.630 15 INFO rally.task.context [-] Task eca17900-a486-44e2-bffc-7494f256c292 | Context quotas@openstack setup() finished in 0.31 sec
2020-03-04 01:57:59.630 15 INFO rally.task.context [-] Task eca17900-a486-44e2-bffc-7494f256c292 | Context cleanup@openstack setup() finished in 0.01 msec
2020-03-04 01:57:59.640 15 RALLYDEBUG rally.task.runner [-] Starting the constant runner (task UUID: eca17900-a486-44e2-bffc-7494f256c292). timeout: 0 concurrency: 20 concurrency_per_worker: 1 times: 40 concurrency_overhead: 0 processes_to_start: 20 max_cpu_used: 88
2020-03-04 01:57:59.655 4197 RALLYDEBUG rally.task.runner [-] Starting a worker. concurrency: 1 args: {"network_create_args": {}, "port_create_args": {}, "ports_per_network": 5, "port_update_args": {"admin_state_up": false, "device_id": "dummy_id", "device_owner": "dummy_owner", "name": "_port_updated"}} times: 40 method_name: run timeout: 0 duration: None cls:
2020-03-04 01:57:59.659 4198 RALLYDEBUG rally.task.runner [-] Starting a worker. concurrency: 1 args: {"network_create_args": {}, "port_create_args": {}, "ports_per_network": 5, "port_update_args": {"admin_state_up": false, "device_id": "dummy_id", "device_owner": "dummy_owner", "name": "_port_updated"}} times: 40 method_name: run timeout: 0 duration: None cls:
2020-03-04 01:57:59.662 4197 INFO rally.task.runner [-] Task eca17900-a486-44e2-bffc-7494f256c292 | ITER: 1 START
2020-03-04 01:57:59.662 4199 RALLYDEBUG rally.task.runner [-] Starting a worker. concurrency: 1 args: {"network_create_args": {}, "port_create_args": {}, "ports_per_network": 5, "port_update_args": {"admin_state_up": false, "device_id": "dummy_id", "device_owner": "dummy_owner", "name": "_port_updated"}} times: 40 method_name: run timeout: 0 duration: None cls:
2020-03-04 01:57:59.663 4197 WARNING rally_openstack.scenarios.neutron.utils [-] Running this scenario without either the 'network' or 'existing_network' context is deprecated
2020-03-04 01:57:59.665 4200 RALLYDEBUG rally.task.runner [-] Starting a worker. concurrency: 1 args: {"network_create_args": {}, "port_create_args": {}, "ports_per_network": 5, "port_update_args": {"admin_state_up": false, "device_id": "dummy_id", "device_owner": "dummy_owner", "name": "_port_updated"}} times: 40 method_name: run timeout: 0 duration: None cls:
2020-03-04 01:57:59.666 4198 INFO rally.task.runner [-] Task eca17900-a486-44e2-bffc-7494f256c292 | ITER: 2 START
2020-03-04 01:57:59.667 4198 WARNING rally_openstack.scenarios.neutron.utils [-] Running this scenario without either the 'network' or 'existing_network' context is deprecated
2020-03-04 01:57:59.668 4199 INFO rally.task.runner [-] Task eca17900-a486-44e2-bffc-7494f256c292 | ITER: 3 START
2020-03-04 01:57:59.668 4201 RALLYDEBUG rally.task.runner [-] Starting a worker. concurrency: 1 args: {"network_create_args": {}, "port_create_args": {}, "ports_per_network": 5, "port_update_args": {"admin_state_up": false, "device_id": "dummy_id", "device_owner": "dummy_owner", "name": "_port_updated"}} times: 40 method_name: run timeout: 0 duration: None cls:
2020-03-04 01:57:59.669 4199 WARNING rally_openstack.scenarios.neutron.utils [-] Running this scenario without either the 'network' or 'existing_network' context is deprecated
2020-03-04 01:57:59.672 4200 INFO rally.task.runner [-] Task eca17900-a486-44e2-bffc-7494f256c292 | ITER: 4 START
2020-03-04 01:57:59.671 4204 RALLYDEBUG rally.task.runner [-] Starting a worker. concurrency: 1 args: {"network_create_args": {}, "port_create_args": {}, "ports_per_network": 5, "port_update_args": {"admin_state_up": false, "device_id": "dummy_id", "device_owner": "dummy_owner", "name": "_port_updated"}} times: 40 method_name: run timeout: 0 duration: None cls:
2020-03-04 01:57:59.673 4200 WARNING rally_openstack.scenarios.neutron.utils [-] Running this scenario without either the 'network' or 'existing_network' context is deprecated
2020-03-04 01:57:59.675 4201 INFO rally.task.runner [-] Task eca17900-a486-44e2-bffc-7494f256c292 | ITER: 5 START
2020-03-04 01:57:59.675 4208 RALLYDEBUG rally.task.runner [-] Starting a worker. concurrency: 1 args: {"network_create_args": {}, "port_create_args": {}, "ports_per_network": 5, "port_update_args": {"admin_state_up": false, "device_id": "dummy_id", "device_owner": "dummy_owner", "name": "_port_updated"}} times: 40 method_name: run timeout: 0 duration: None cls:
2020-03-04 01:57:59.676 4201 WARNING rally_openstack.scenarios.neutron.utils [-] Running this scenario without either the 'network' or 'existing_network' context is deprecated
2020-03-04 01:57:59.678 4204 INFO rally.task.runner [-] Task eca17900-a486-44e2-bffc-7494f256c292 | ITER: 6 START
2020-03-04 01:57:59.677 4210 RALLYDEBUG rally.task.runner [-] Starting a worker. concurrency: 1 args: {"network_create_args": {}, "port_create_args": {}, "ports_per_network": 5, "port_update_args": {"admin_state_up": false, "device_id": "dummy_id", "device_owner": "dummy_owner", "name": "_port_updated"}} times: 40 method_name: run timeout: 0 duration: None cls:
2020-03-04 01:57:59.679 4204 WARNING rally_openstack.scenarios.neutron.utils [-] Running this scenario without either the 'network' or 'existing_network' context is deprecated
2020-03-04 01:57:59.681 4213 RALLYDEBUG rally.task.runner [-] Starting a worker. concurrency: 1 args: {"network_create_args": {}, "port_create_args": {}, "ports_per_network": 5, "port_update_args": {"admin_state_up": false, "device_id": "dummy_id", "device_owner": "dummy_owner", "name": "_port_updated"}} times: 40 method_name: run timeout: 0 duration: None cls:
2020-03-04 01:57:59.684 4210 INFO rally.task.runner [-] Task eca17900-a486-44e2-bffc-7494f256c292 | ITER: 8 START
2020-03-04 01:57:59.684 4216 RALLYDEBUG rally.task.runner [-] Starting a worker. concurrency: 1 args: {"network_create_args": {}, "port_create_args": {}, "ports_per_network": 5, "port_update_args": {"admin_state_up": false, "device_id": "dummy_id", "device_owner": "dummy_owner", "name": "_port_updated"}} times: 40 method_name: run timeout: 0 duration: None cls:
2020-03-04 01:57:59.685 4210 WARNING rally_openstack.scenarios.neutron.utils [-] Running this scenario without either the 'network' or 'existing_network' context is deprecated
2020-03-04 01:57:59.687 4219 RALLYDEBUG rally.task.runner [-] Starting a worker. concurrency: 1 args: {"network_create_args": {}, "port_create_args": {}, "ports_per_network": 5, "port_update_args": {"admin_state_up": false, "device_id": "dummy_id", "device_owner": "dummy_owner", "name": "_port_updated"}} times: 40 method_name: run timeout: 0 duration: None cls:
2020-03-04 01:57:59.689 4208 INFO rally.task.runner [-] Task eca17900-a486-44e2-bffc-7494f256c292 | ITER: 7 START
2020-03-04 01:57:59.690 4216 INFO rally.task.runner [-] Task eca17900-a486-44e2-bffc-7494f256c292 | ITER: 10 START
2020-03-04 01:57:59.690 4208 WARNING rally_openstack.scenarios.neutron.utils [-] Running this scenario without either the 'network' or 'existing_network' context is deprecated
2020-03-04 01:57:59.691 4216 WARNING rally_openstack.scenarios.neutron.utils [-] Running this scenario without either the 'network' or 'existing_network' context is deprecated
2020-03-04 01:57:59.690 4222 RALLYDEBUG rally.task.runner [-] Starting a worker. concurrency: 1 args: {"network_create_args": {}, "port_create_args": {}, "ports_per_network": 5, "port_update_args": {"admin_state_up": false, "device_id": "dummy_id", "device_owner": "dummy_owner", "name": "_port_updated"}} times: 40 method_name: run timeout: 0 duration: None cls:
2020-03-04 01:57:59.693 4219 INFO rally.task.runner [-] Task eca17900-a486-44e2-bffc-7494f256c292 | ITER: 11 START
2020-03-04 01:57:59.694 4219 WARNING rally_openstack.scenarios.neutron.utils [-] Running this scenario without either the 'network' or 'existing_network' context is deprecated
2020-03-04 01:57:59.695 4225 RALLYDEBUG rally.task.runner [-] Starting a worker. concurrency: 1 args: {"network_create_args": {}, "port_create_args": {}, "ports_per_network": 5, "port_update_args": {"admin_state_up": false, "device_id": "dummy_id", "device_owner": "dummy_owner", "name": "_port_updated"}} times: 40 method_name: run timeout: 0 duration: None cls:
2020-03-04 01:57:59.696 4213 INFO rally.task.runner [-] Task eca17900-a486-44e2-bffc-7494f256c292 | ITER: 9 START
2020-03-04 01:57:59.697 4222 INFO rally.task.runner [-] Task eca17900-a486-44e2-bffc-7494f256c292 | ITER: 12 START
2020-03-04 01:57:59.697 4213 WARNING rally_openstack.scenarios.neutron.utils [-] Running this scenario without either the 'network' or 'existing_network' context is deprecated
2020-03-04 01:57:59.698 4222 WARNING rally_openstack.scenarios.neutron.utils [-] Running this scenario without either the 'network' or 'existing_network' context is deprecated
2020-03-04 01:57:59.699 4230 RALLYDEBUG rally.task.runner [-] Starting a worker. concurrency: 1 args: {"network_create_args": {}, "port_create_args": {}, "ports_per_network": 5, "port_update_args": {"admin_state_up": false, "device_id": "dummy_id", "device_owner": "dummy_owner", "name": "_port_updated"}} times: 40 method_name: run timeout: 0 duration: None cls:
2020-03-04 01:57:59.700 4233 RALLYDEBUG rally.task.runner [-] Starting a worker. concurrency: 1 args: {"network_create_args": {}, "port_create_args": {}, "ports_per_network": 5, "port_update_args": {"admin_state_up": false, "device_id": "dummy_id", "device_owner": "dummy_owner", "name": "_port_updated"}} times: 40 method_name: run timeout: 0 duration: None cls:
2020-03-04 01:57:59.702 4225 INFO rally.task.runner [-] Task eca17900-a486-44e2-bffc-7494f256c292 | ITER: 13 START
2020-03-04 01:57:59.703 4225 WARNING rally_openstack.scenarios.neutron.utils [-] Running this scenario without either the 'network' or 'existing_network' context is deprecated
2020-03-04 01:57:59.703 4235 RALLYDEBUG rally.task.runner [-] Starting a worker. concurrency: 1 args: {"network_create_args": {}, "port_create_args": {}, "ports_per_network": 5, "port_update_args": {"admin_state_up": false, "device_id": "dummy_id", "device_owner": "dummy_owner", "name": "_port_updated"}} times: 40 method_name: run timeout: 0 duration: None cls:
2020-03-04 01:57:59.705 4230 INFO rally.task.runner [-] Task eca17900-a486-44e2-bffc-7494f256c292 | ITER: 14 START
2020-03-04 01:57:59.706 4230 WARNING rally_openstack.scenarios.neutron.utils [-] Running this scenario without either the 'network' or 'existing_network' context is deprecated
2020-03-04 01:57:59.706 4237 RALLYDEBUG rally.task.runner [-] Starting a worker. concurrency: 1 args: {"network_create_args": {}, "port_create_args": {}, "ports_per_network": 5, "port_update_args": {"admin_state_up": false, "device_id": "dummy_id", "device_owner": "dummy_owner", "name": "_port_updated"}} times: 40 method_name: run timeout: 0 duration: None cls:
2020-03-04 01:57:59.707 4233 INFO rally.task.runner [-] Task eca17900-a486-44e2-bffc-7494f256c292 | ITER: 15 START
2020-03-04 01:57:59.708 4233 WARNING rally_openstack.scenarios.neutron.utils [-] Running this scenario without either the 'network' or 'existing_network' context is deprecated
2020-03-04 01:57:59.709 4235 INFO rally.task.runner [-] Task eca17900-a486-44e2-bffc-7494f256c292 | ITER: 16 START
2020-03-04 01:57:59.709 4240 RALLYDEBUG rally.task.runner [-] Starting a worker. concurrency: 1 args: {"network_create_args": {}, "port_create_args": {}, "ports_per_network": 5, "port_update_args": {"admin_state_up": false, "device_id": "dummy_id", "device_owner": "dummy_owner", "name": "_port_updated"}} times: 40 method_name: run timeout: 0 duration: None cls:
2020-03-04 01:57:59.710 4235 WARNING rally_openstack.scenarios.neutron.utils [-] Running this scenario without either the 'network' or 'existing_network' context is deprecated
2020-03-04 01:57:59.712 4237 INFO rally.task.runner [-] Task eca17900-a486-44e2-bffc-7494f256c292 | ITER: 17 START
2020-03-04 01:57:59.712 4243 RALLYDEBUG rally.task.runner [-] Starting a worker. concurrency: 1 args: {"network_create_args": {}, "port_create_args": {}, "ports_per_network": 5, "port_update_args": {"admin_state_up": false, "device_id": "dummy_id", "device_owner": "dummy_owner", "name": "_port_updated"}} times: 40 method_name: run timeout: 0 duration: None cls:
2020-03-04 01:57:59.713 4237 WARNING rally_openstack.scenarios.neutron.utils [-] Running this scenario without either the 'network' or 'existing_network' context is deprecated
2020-03-04 01:57:59.714 4247 RALLYDEBUG rally.task.runner [-] Starting a worker. concurrency: 1 args: {"network_create_args": {}, "port_create_args": {}, "ports_per_network": 5, "port_update_args": {"admin_state_up": false, "device_id": "dummy_id", "device_owner": "dummy_owner", "name": "_port_updated"}} times: 40 method_name: run timeout: 0 duration: None cls:
2020-03-04 01:57:59.717 4240 INFO rally.task.runner [-] Task eca17900-a486-44e2-bffc-7494f256c292 | ITER: 18 START
2020-03-04 01:57:59.718 4243 INFO rally.task.runner [-] Task eca17900-a486-44e2-bffc-7494f256c292 | ITER: 19 START
2020-03-04 01:57:59.718 4240 WARNING rally_openstack.scenarios.neutron.utils [-] Running this scenario without either the 'network' or 'existing_network' context is deprecated
2020-03-04 01:57:59.719 4243 WARNING rally_openstack.scenarios.neutron.utils [-] Running this scenario without either the 'network' or 'existing_network' context is deprecated
2020-03-04 01:57:59.720 4247 INFO rally.task.runner [-] Task eca17900-a486-44e2-bffc-7494f256c292 | ITER: 20 START
2020-03-04 01:57:59.721 4247 WARNING rally_openstack.scenarios.neutron.utils [-] Running this scenario without either the 'network' or 'existing_network' context is deprecated
2020-03-04 01:58:24.248 4201 INFO rally.task.runner [-] Task eca17900-a486-44e2-bffc-7494f256c292 | ITER: 5 END: OK
2020-03-04 01:58:24.253 4201 INFO rally.task.runner [-] Task eca17900-a486-44e2-bffc-7494f256c292 | ITER: 21 START
2020-03-04 01:58:24.254 4208 INFO rally.task.runner [-] Task eca17900-a486-44e2-bffc-7494f256c292 | ITER: 7 END: OK
2020-03-04 01:58:24.254 4201 WARNING rally_openstack.scenarios.neutron.utils [-] Running this scenario without either the 'network' or 'existing_network' context is deprecated
2020-03-04 01:58:24.258 4208 INFO rally.task.runner [-] Task eca17900-a486-44e2-bffc-7494f256c292 | ITER: 22 START
2020-03-04 01:58:24.259 4208 WARNING rally_openstack.scenarios.neutron.utils [-] Running this scenario without either the 'network' or 'existing_network' context is deprecated
2020-03-04 01:58:24.427 4200 INFO rally.task.runner [-] Task eca17900-a486-44e2-bffc-7494f256c292 | ITER: 4 END: OK
2020-03-04 01:58:24.432 4200 INFO rally.task.runner [-] Task eca17900-a486-44e2-bffc-7494f256c292 | ITER: 23 START
2020-03-04 01:58:24.433 4200 WARNING rally_openstack.scenarios.neutron.utils [-] Running this scenario without either the 'network' or 'existing_network' context is deprecated
2020-03-04 01:58:24.541 4225 INFO rally.task.runner [-] Task eca17900-a486-44e2-bffc-7494f256c292 | ITER: 13 END: OK
2020-03-04 01:58:24.547 4197 INFO rally.task.runner [-] Task eca17900-a486-44e2-bffc-7494f256c292 | ITER: 1 END: OK
2020-03-04 01:58:24.547 4225 INFO rally.task.runner [-] Task eca17900-a486-44e2-bffc-7494f256c292 | ITER: 24 START
2020-03-04 01:58:24.547 4225 WARNING rally_openstack.scenarios.neutron.utils [-] Running this scenario without either the 'network' or 'existing_network' context is deprecated
2020-03-04 01:58:24.552 4197 INFO rally.task.runner [-] Task eca17900-a486-44e2-bffc-7494f256c292 | ITER: 25 START
2020-03-04 01:58:24.552 4197 WARNING rally_openstack.scenarios.neutron.utils [-] Running this scenario without either the 'network' or 'existing_network' context is deprecated
2020-03-04 01:58:24.663 4198 INFO rally.task.runner [-] Task eca17900-a486-44e2-bffc-7494f256c292 | ITER: 2 END: OK
2020-03-04 01:58:24.668 4198 INFO rally.task.runner [-] Task eca17900-a486-44e2-bffc-7494f256c292 | ITER: 26 START
2020-03-04 01:58:24.669 4198 WARNING rally_openstack.scenarios.neutron.utils [-] Running this scenario without either the 'network' or 'existing_network' context is deprecated
2020-03-04 01:58:26.180 4210 INFO rally.task.runner [-] Task eca17900-a486-44e2-bffc-7494f256c292 | ITER: 8 END: OK
2020-03-04 01:58:26.185 4210 INFO rally.task.runner [-] Task eca17900-a486-44e2-bffc-7494f256c292 | ITER: 27 START
2020-03-04 01:58:26.186 4210 WARNING rally_openstack.scenarios.neutron.utils [-] Running this scenario without either the 'network' or 'existing_network' context is deprecated
2020-03-04 01:58:27.094 4237 INFO rally.task.runner [-] Task eca17900-a486-44e2-bffc-7494f256c292 | ITER: 17 END: OK
2020-03-04 01:58:27.104 4237 INFO rally.task.runner [-] Task eca17900-a486-44e2-bffc-7494f256c292 | ITER: 28 START
2020-03-04 01:58:27.105 4237 WARNING rally_openstack.scenarios.neutron.utils [-] Running this scenario without either the 'network' or 'existing_network' context is deprecated
2020-03-04 01:58:27.709 4230 INFO rally.task.runner [-] Task eca17900-a486-44e2-bffc-7494f256c292 | ITER: 14 END: OK
2020-03-04 01:58:27.717 4230 INFO rally.task.runner [-] Task eca17900-a486-44e2-bffc-7494f256c292 | ITER: 29 START
2020-03-04 01:58:27.719 4230 WARNING rally_openstack.scenarios.neutron.utils [-] Running this scenario without either the 'network' or 'existing_network' context is deprecated
2020-03-04 01:58:27.737 4233 INFO rally.task.runner [-] Task eca17900-a486-44e2-bffc-7494f256c292 | ITER: 15 END: OK
2020-03-04 01:58:27.744 4233 INFO rally.task.runner [-] Task eca17900-a486-44e2-bffc-7494f256c292 | ITER: 30 START
2020-03-04 01:58:27.746 4233 WARNING rally_openstack.scenarios.neutron.utils [-] Running this scenario without either the 'network' or 'existing_network' context is deprecated
2020-03-04 01:58:28.291 4199 INFO rally.task.runner [-] Task eca17900-a486-44e2-bffc-7494f256c292 | ITER: 3 END: OK
2020-03-04 01:58:28.299 4199 INFO rally.task.runner [-] Task eca17900-a486-44e2-bffc-7494f256c292 | ITER: 31 START
2020-03-04 01:58:28.300 4199 WARNING rally_openstack.scenarios.neutron.utils [-] Running this scenario without either the 'network' or 'existing_network' context is deprecated
2020-03-04 01:58:28.472 4222 INFO rally.task.runner [-] Task eca17900-a486-44e2-bffc-7494f256c292 | ITER: 12 END: OK
2020-03-04 01:58:28.481 4222 INFO rally.task.runner [-] Task eca17900-a486-44e2-bffc-7494f256c292 | ITER: 32 START
2020-03-04 01:58:28.482 4222 WARNING rally_openstack.scenarios.neutron.utils [-] Running this scenario without either the 'network' or 'existing_network' context is deprecated
2020-03-04 01:58:28.662 4247 INFO rally.task.runner [-] Task eca17900-a486-44e2-bffc-7494f256c292 | ITER: 20 END: OK
2020-03-04 01:58:28.670 4247 INFO rally.task.runner [-] Task eca17900-a486-44e2-bffc-7494f256c292 | ITER: 33 START
2020-03-04 01:58:28.671 4247 WARNING rally_openstack.scenarios.neutron.utils [-] Running this scenario without either the 'network' or 'existing_network' context is deprecated
2020-03-04 01:58:29.581 4204 INFO rally.task.runner [-] Task eca17900-a486-44e2-bffc-7494f256c292 | ITER: 6 END: OK
2020-03-04 01:58:29.588 4204 INFO rally.task.runner [-] Task eca17900-a486-44e2-bffc-7494f256c292 | ITER: 34 START
2020-03-04 01:58:29.589 4204 WARNING rally_openstack.scenarios.neutron.utils [-] Running this scenario without either the 'network' or 'existing_network' context is deprecated
2020-03-04 01:58:30.348 4235 INFO rally.task.runner [-] Task eca17900-a486-44e2-bffc-7494f256c292 | ITER: 16 END: OK
2020-03-04 01:58:30.356 4235 INFO rally.task.runner [-] Task eca17900-a486-44e2-bffc-7494f256c292 | ITER: 35 START
2020-03-04 01:58:30.357 4235 WARNING rally_openstack.scenarios.neutron.utils [-] Running this scenario without either the 'network' or 'existing_network' context is deprecated
2020-03-04 01:58:30.368 4240 INFO rally.task.runner [-] Task eca17900-a486-44e2-bffc-7494f256c292 | ITER: 18 END: OK
2020-03-04 01:58:30.375 4240 INFO rally.task.runner [-] Task eca17900-a486-44e2-bffc-7494f256c292 | ITER: 36 START
2020-03-04 01:58:30.376 4240 WARNING rally_openstack.scenarios.neutron.utils [-] Running this scenario without either the 'network' or 'existing_network' context is deprecated
2020-03-04 01:58:30.590 4243 INFO rally.task.runner [-] Task eca17900-a486-44e2-bffc-7494f256c292 | ITER: 19 END: OK
2020-03-04 01:58:30.598 4243 INFO rally.task.runner [-] Task eca17900-a486-44e2-bffc-7494f256c292 | ITER: 37 START
2020-03-04 01:58:30.599 4243 WARNING rally_openstack.scenarios.neutron.utils [-] Running this scenario without either the 'network' or 'existing_network' context is deprecated
2020-03-04 01:58:33.717 4213 INFO rally.task.runner [-] Task eca17900-a486-44e2-bffc-7494f256c292 | ITER: 9 END: OK
2020-03-04 01:58:33.724 4213 INFO rally.task.runner [-] Task eca17900-a486-44e2-bffc-7494f256c292 | ITER: 38 START
2020-03-04 01:58:33.725 4213 WARNING rally_openstack.scenarios.neutron.utils [-] Running this scenario without either the 'network' or 'existing_network' context is deprecated
2020-03-04 01:58:34.307 4216 INFO rally.task.runner [-] Task eca17900-a486-44e2-bffc-7494f256c292 | ITER: 10 END: OK
2020-03-04 01:58:34.315 4216 INFO rally.task.runner [-] Task eca17900-a486-44e2-bffc-7494f256c292 | ITER: 39 START
2020-03-04 01:58:34.316 4216 WARNING rally_openstack.scenarios.neutron.utils [-] Running this scenario without either the 'network' or 'existing_network' context is deprecated
2020-03-04 01:58:35.900 4219 INFO rally.task.runner [-] Task eca17900-a486-44e2-bffc-7494f256c292 | ITER: 11 END: OK
2020-03-04 01:58:35.908 4219 INFO rally.task.runner [-] Task eca17900-a486-44e2-bffc-7494f256c292 | ITER: 40 START
2020-03-04 01:58:35.909 4219 WARNING rally_openstack.scenarios.neutron.utils [-] Running this scenario without either the 'network' or 'existing_network' context is deprecated
2020-03-04 01:58:52.257 4208 INFO rally.task.runner [-] Task eca17900-a486-44e2-bffc-7494f256c292 | ITER: 22 END: OK
2020-03-04 01:58:53.559 4200 INFO rally.task.runner [-] Task eca17900-a486-44e2-bffc-7494f256c292 | ITER: 23 END: OK
2020-03-04 01:58:54.005 4197 INFO rally.task.runner [-] Task eca17900-a486-44e2-bffc-7494f256c292 | ITER: 25 END: OK
2020-03-04 01:58:54.089 4201 INFO rally.task.runner [-] Task eca17900-a486-44e2-bffc-7494f256c292 | ITER: 21 END: OK
2020-03-04 01:58:54.171 4237 INFO rally.task.runner [-] Task eca17900-a486-44e2-bffc-7494f256c292 | ITER: 28 END: OK
2020-03-04 01:58:54.889 4210 INFO rally.task.runner [-] Task eca17900-a486-44e2-bffc-7494f256c292 | ITER: 27 END: OK
2020-03-04 01:58:55.034 4225 INFO rally.task.runner [-] Task eca17900-a486-44e2-bffc-7494f256c292 | ITER: 24 END: OK
2020-03-04 01:58:55.506 4198 INFO rally.task.runner [-] Task eca17900-a486-44e2-bffc-7494f256c292 | ITER: 26 END: OK
2020-03-04 01:58:55.881 4199 INFO rally.task.runner [-] Task eca17900-a486-44e2-bffc-7494f256c292 | ITER: 31 END: OK
2020-03-04 01:58:56.281 4230 INFO rally.task.runner [-] Task eca17900-a486-44e2-bffc-7494f256c292 | ITER: 29 END: OK
2020-03-04 01:58:57.085 4243 INFO rally.task.runner [-] Task eca17900-a486-44e2-bffc-7494f256c292 | ITER: 37 END: OK
2020-03-04 01:58:58.066 4216 INFO rally.task.runner [-] Task eca17900-a486-44e2-bffc-7494f256c292 | ITER: 39 END: OK
2020-03-04 01:58:58.230 4222 INFO rally.task.runner [-] Task eca17900-a486-44e2-bffc-7494f256c292 | ITER: 32 END: OK
2020-03-04 01:58:58.645 4233 INFO rally.task.runner [-] Task eca17900-a486-44e2-bffc-7494f256c292 | ITER: 30 END: OK
2020-03-04 01:58:59.314 4240 INFO rally.task.runner [-] Task eca17900-a486-44e2-bffc-7494f256c292 | ITER: 36 END: OK
2020-03-04 01:58:59.331 4247 INFO rally.task.runner [-] Task eca17900-a486-44e2-bffc-7494f256c292 | ITER: 33 END: OK
2020-03-04 01:58:59.960 4213 INFO rally.task.runner [-] Task eca17900-a486-44e2-bffc-7494f256c292 | ITER: 38 END: OK
2020-03-04 01:59:00.149 4219 INFO rally.task.runner [-] Task eca17900-a486-44e2-bffc-7494f256c292 | ITER: 40 END: OK
2020-03-04 01:59:00.775 4204 INFO rally.task.runner [-] Task eca17900-a486-44e2-bffc-7494f256c292 | ITER: 34 END: OK
2020-03-04 01:59:00.792 4235 INFO rally.task.runner [-] Task eca17900-a486-44e2-bffc-7494f256c292 | ITER: 35 END: OK
2020-03-04 01:59:00.814 15 INFO rally.task.context [-] Task eca17900-a486-44e2-bffc-7494f256c292 | Context cleanup@openstack cleanup() started
2020-03-04 01:59:00.817 15 RALLYDEBUG rally_openstack.cleanup.manager [-] Cleaning up neutron vip objects
2020-03-04 01:59:00.992 15 RALLYDEBUG rally_openstack.cleanup.manager [-] Cleaning up neutron health_monitor objects
2020-03-04 01:59:01.149 15 RALLYDEBUG rally_openstack.cleanup.manager [-] Cleaning up neutron pool objects
2020-03-04 01:59:01.309 15 RALLYDEBUG rally_openstack.cleanup.manager [-] Cleaning up neutron loadbalancer objects
2020-03-04 01:59:01.469 15 RALLYDEBUG rally_openstack.cleanup.manager [-] Cleaning up neutron floatingip objects
2020-03-04 01:59:01.656 15 RALLYDEBUG rally_openstack.cleanup.manager [-] Cleaning up neutron trunk objects
2020-03-04 01:59:01.793 15 DEBUG neutronclient.v2_0.client [-] Error message: {"message": "The resource could not be found.

\n\n\n", "code": "404 Not Found", "title": "Not Found"} _handle_fault_response /usr/lib/python2.7/site-packages/neutronclient/v2_0/client.py:259
2020-03-04 01:59:01.803 15 RALLYDEBUG rally_openstack.cleanup.manager [-] Cleaning up neutron port objects
2020-03-04 01:59:02.669 15 RALLYDEBUG rally_openstack.cleanup.manager [-] Deleting neutron.port object s_rally_65f991f6_llAbCDyW (04450610-09bb-4aa7-9768-0a6441f0702e)
2020-03-04 01:59:02.670 15 RALLYDEBUG rally_openstack.cleanup.manager [-] Deleting neutron.port object s_rally_65f991f6_knTxvMRz (04c5b2bf-b833-499c-b4a2-98ffec0c3006)
2020-03-04 01:59:02.677 15 RALLYDEBUG rally_openstack.cleanup.manager [-] Deleting neutron.port object s_rally_65f991f6_JolRRKjW (0b609525-d8ea-4d39-94c1-6358152353fb)
2020-03-04 01:59:02.681 15 RALLYDEBUG rally_openstack.cleanup.manager [-] Deleting neutron.port object s_rally_65f991f6_GXS07cxY (034371c5-42d9-4b30-b959-f740d6e3320d)
2020-03-04 01:59:02.684 15 RALLYDEBUG rally_openstack.cleanup.manager [-] Deleting neutron.port object s_rally_65f991f6_qUwpdOh7 (078d9a48-dfed-40d2-a07c-28d121f2edba)
2020-03-04 01:59:02.691 15 RALLYDEBUG rally_openstack.cleanup.manager [-] Deleting neutron.port object s_rally_65f991f6_mCYbne1Q (0c50a7ba-fbc6-442b-a21b-8d0aca10d240)
2020-03-04 01:59:02.697 15 RALLYDEBUG rally_openstack.cleanup.manager [-] Deleting neutron.port object s_rally_65f991f6_ZxOEJgw2 (06726e06-0f7e-430d-8983-10c46055e863)
2020-03-04 01:59:02.709 15 RALLYDEBUG rally_openstack.cleanup.manager [-] Deleting neutron.port object s_rally_65f991f6_DKKi9CVP (0de4392a-83ba-4941-b7a6-df0104dcf6db)
2020-03-04 01:59:02.717 15 RALLYDEBUG rally_openstack.cleanup.manager [-] Deleting neutron.port object s_rally_65f991f6_I71fIQaV (0e439270-bf97-4f2b-8530-da6f9a084648)
2020-03-04 01:59:02.790 15 RALLYDEBUG rally_openstack.cleanup.manager [-] Deleting neutron.port object s_rally_65f991f6_zmxIJeQD (0ecd773c-fef4-4081-a897-9debeea9ab30)
2020-03-04 01:59:02.793 15 RALLYDEBUG rally_openstack.cleanup.manager [-] Deleting neutron.port object s_rally_65f991f6_86Ihx2cW (1081c2f2-197f-4f50-9f31-c04f91fad994)
2020-03-04 01:59:02.800 15 RALLYDEBUG rally_openstack.cleanup.manager [-] Deleting neutron.port object s_rally_65f991f6_4XX1enn7 (0f8df95d-4f68-4223-b72d-9a0e89c7e060)
2020-03-04 01:59:02.802 15 RALLYDEBUG rally_openstack.cleanup.manager [-] Deleting neutron.port object s_rally_65f991f6_v3jVK86C (0e626359-13a2-45fa-b566-4a29ce89ad0b)
2020-03-04 01:59:02.835 15 RALLYDEBUG rally_openstack.cleanup.manager [-] Deleting neutron.port object s_rally_65f991f6_OVEk4oEZ (10c14a58-1230-4b2c-a0af-e42016910001)
