2020-03-04 01:50:39.117 3491 RALLYDEBUG rally.task.runner [-] Starting a worker. concurrency: 1 args: {"network_create_args": {}, "subnet_create_args": {}, "subnet_cidr_start": "1.1.0.0/30", "subnets_per_network": 2, "router_create_args": {}} times: 40 method_name: run timeout: 0 duration: None cls:
2020-03-04 01:50:39.120 3487 INFO rally.task.runner [-] Task eca17900-a486-44e2-bffc-7494f256c292 | ITER: 8 START
2020-03-04 01:50:39.120 3493 RALLYDEBUG rally.task.runner [-] Starting a worker. concurrency: 1 args: {"network_create_args": {}, "subnet_create_args": {}, "subnet_cidr_start": "1.1.0.0/30", "subnets_per_network": 2, "router_create_args": {}} times: 40 method_name: run timeout: 0 duration: None cls:
2020-03-04 01:50:39.123 3491 INFO rally.task.runner [-] Task eca17900-a486-44e2-bffc-7494f256c292 | ITER: 9 START
2020-03-04 01:50:39.123 3497 RALLYDEBUG rally.task.runner [-] Starting a worker. concurrency: 1 args: {"network_create_args": {}, "subnet_create_args": {}, "subnet_cidr_start": "1.1.0.0/30", "subnets_per_network": 2, "router_create_args": {}} times: 40 method_name: run timeout: 0 duration: None cls:
2020-03-04 01:50:39.126 3493 INFO rally.task.runner [-] Task eca17900-a486-44e2-bffc-7494f256c292 | ITER: 10 START
2020-03-04 01:50:39.126 3499 RALLYDEBUG rally.task.runner [-] Starting a worker. concurrency: 1 args: {"network_create_args": {}, "subnet_create_args": {}, "subnet_cidr_start": "1.1.0.0/30", "subnets_per_network": 2, "router_create_args": {}} times: 40 method_name: run timeout: 0 duration: None cls:
2020-03-04 01:50:39.129 3497 INFO rally.task.runner [-] Task eca17900-a486-44e2-bffc-7494f256c292 | ITER: 11 START
2020-03-04 01:50:39.129 3502 RALLYDEBUG rally.task.runner [-] Starting a worker. concurrency: 1 args: {"network_create_args": {}, "subnet_create_args": {}, "subnet_cidr_start": "1.1.0.0/30", "subnets_per_network": 2, "router_create_args": {}} times: 40 method_name: run timeout: 0 duration: None cls:
2020-03-04 01:50:39.132 3506 RALLYDEBUG rally.task.runner [-] Starting a worker. concurrency: 1 args: {"network_create_args": {}, "subnet_create_args": {}, "subnet_cidr_start": "1.1.0.0/30", "subnets_per_network": 2, "router_create_args": {}} times: 40 method_name: run timeout: 0 duration: None cls:
2020-03-04 01:50:39.136 3502 INFO rally.task.runner [-] Task eca17900-a486-44e2-bffc-7494f256c292 | ITER: 13 START
2020-03-04 01:50:39.136 3509 RALLYDEBUG rally.task.runner [-] Starting a worker. concurrency: 1 args: {"network_create_args": {}, "subnet_create_args": {}, "subnet_cidr_start": "1.1.0.0/30", "subnets_per_network": 2, "router_create_args": {}} times: 40 method_name: run timeout: 0 duration: None cls:
2020-03-04 01:50:39.137 3499 INFO rally.task.runner [-] Task eca17900-a486-44e2-bffc-7494f256c292 | ITER: 12 START
2020-03-04 01:50:39.138 3506 INFO rally.task.runner [-] Task eca17900-a486-44e2-bffc-7494f256c292 | ITER: 14 START
2020-03-04 01:50:39.139 3511 RALLYDEBUG rally.task.runner [-] Starting a worker. concurrency: 1 args: {"network_create_args": {}, "subnet_create_args": {}, "subnet_cidr_start": "1.1.0.0/30", "subnets_per_network": 2, "router_create_args": {}} times: 40 method_name: run timeout: 0 duration: None cls:
2020-03-04 01:50:39.142 3509 INFO rally.task.runner [-] Task eca17900-a486-44e2-bffc-7494f256c292 | ITER: 15 START
2020-03-04 01:50:39.143 3513 RALLYDEBUG rally.task.runner [-] Starting a worker. concurrency: 1 args: {"network_create_args": {}, "subnet_create_args": {}, "subnet_cidr_start": "1.1.0.0/30", "subnets_per_network": 2, "router_create_args": {}} times: 40 method_name: run timeout: 0 duration: None cls:
2020-03-04 01:50:39.145 3511 INFO rally.task.runner [-] Task eca17900-a486-44e2-bffc-7494f256c292 | ITER: 16 START
2020-03-04 01:50:39.147 3518 RALLYDEBUG rally.task.runner [-] Starting a worker. concurrency: 1 args: {"network_create_args": {}, "subnet_create_args": {}, "subnet_cidr_start": "1.1.0.0/30", "subnets_per_network": 2, "router_create_args": {}} times: 40 method_name: run timeout: 0 duration: None cls:
2020-03-04 01:50:39.148 3520 RALLYDEBUG rally.task.runner [-] Starting a worker. concurrency: 1 args: {"network_create_args": {}, "subnet_create_args": {}, "subnet_cidr_start": "1.1.0.0/30", "subnets_per_network": 2, "router_create_args": {}} times: 40 method_name: run timeout: 0 duration: None cls:
2020-03-04 01:50:39.151 3513 INFO rally.task.runner [-] Task eca17900-a486-44e2-bffc-7494f256c292 | ITER: 17 START
2020-03-04 01:50:39.150 3523 RALLYDEBUG rally.task.runner [-] Starting a worker. concurrency: 1 args: {"network_create_args": {}, "subnet_create_args": {}, "subnet_cidr_start": "1.1.0.0/30", "subnets_per_network": 2, "router_create_args": {}} times: 40 method_name: run timeout: 0 duration: None cls:
2020-03-04 01:50:39.154 3518 INFO rally.task.runner [-] Task eca17900-a486-44e2-bffc-7494f256c292 | ITER: 18 START
2020-03-04 01:50:39.155 3520 INFO rally.task.runner [-] Task eca17900-a486-44e2-bffc-7494f256c292 | ITER: 19 START
2020-03-04 01:50:39.156 3523 INFO rally.task.runner [-] Task eca17900-a486-44e2-bffc-7494f256c292 | ITER: 20 START
2020-03-04 01:50:40.964 3493 RALLYDEBUG rally_openstack.wrappers.network [-] CIDR generated: 1.1.8.32/30
2020-03-04 01:50:40.998 3476 RALLYDEBUG rally_openstack.wrappers.network [-] CIDR generated: 1.1.8.36/30
2020-03-04 01:50:41.009 3474 RALLYDEBUG rally_openstack.wrappers.network [-] CIDR generated: 1.1.8.40/30
2020-03-04 01:50:41.123 3487 RALLYDEBUG rally_openstack.wrappers.network [-] CIDR generated: 1.1.8.44/30
2020-03-04 01:50:41.126 3473 RALLYDEBUG rally_openstack.wrappers.network [-] CIDR generated: 1.1.8.48/30
2020-03-04 01:50:41.143 3513 RALLYDEBUG rally_openstack.wrappers.network [-] CIDR generated: 1.1.8.52/30
2020-03-04 01:50:41.383 3506 RALLYDEBUG rally_openstack.wrappers.network [-] CIDR generated: 1.1.8.56/30
2020-03-04 01:50:41.660 3485 RALLYDEBUG rally_openstack.wrappers.network [-] CIDR generated: 1.1.8.60/30
2020-03-04 01:50:41.681 3491 RALLYDEBUG rally_openstack.wrappers.network [-] CIDR generated: 1.1.8.64/30
2020-03-04 01:50:41.958 3502 RALLYDEBUG rally_openstack.wrappers.network [-] CIDR generated: 1.1.8.68/30
2020-03-04 01:50:42.023 3480 RALLYDEBUG rally_openstack.wrappers.network [-] CIDR generated: 1.1.8.72/30
2020-03-04 01:50:42.060 3475 RALLYDEBUG rally_openstack.wrappers.network [-] CIDR generated: 1.1.8.76/30
2020-03-04 01:50:42.093 3499 RALLYDEBUG rally_openstack.wrappers.network [-] CIDR generated: 1.1.8.80/30
2020-03-04 01:50:42.297 3511 RALLYDEBUG rally_openstack.wrappers.network [-] CIDR generated: 1.1.8.84/30
2020-03-04 01:50:42.417 3497 RALLYDEBUG rally_openstack.wrappers.network [-] CIDR generated: 1.1.8.88/30
2020-03-04 01:50:42.484 3520 RALLYDEBUG rally_openstack.wrappers.network [-] CIDR generated: 1.1.8.92/30
2020-03-04 01:50:42.620 3509 RALLYDEBUG rally_openstack.wrappers.network [-] CIDR generated: 1.1.8.96/30
2020-03-04 01:50:42.653 3477 RALLYDEBUG rally_openstack.wrappers.network [-] CIDR generated: 1.1.8.100/30
2020-03-04 01:50:42.704 3523 RALLYDEBUG rally_openstack.wrappers.network [-] CIDR generated: 1.1.8.104/30
2020-03-04 01:50:42.719 3518 RALLYDEBUG rally_openstack.wrappers.network [-] CIDR generated: 1.1.8.108/30
2020-03-04 01:50:47.489 3473 RALLYDEBUG rally_openstack.wrappers.network [-] CIDR generated: 1.1.8.112/30
2020-03-04 01:50:47.549 3506 RALLYDEBUG rally_openstack.wrappers.network [-] CIDR generated: 1.1.8.116/30
2020-03-04 01:50:47.559 3513 RALLYDEBUG rally_openstack.wrappers.network [-] CIDR generated: 1.1.8.120/30
2020-03-04 01:50:47.574 3475 RALLYDEBUG rally_openstack.wrappers.network [-] CIDR generated: 1.1.8.124/30
2020-03-04 01:50:47.593 3476 RALLYDEBUG rally_openstack.wrappers.network [-] CIDR generated: 1.1.8.128/30
2020-03-04 01:50:47.649 3502 RALLYDEBUG rally_openstack.wrappers.network [-] CIDR generated: 1.1.8.132/30
2020-03-04 01:50:47.668 3474 RALLYDEBUG rally_openstack.wrappers.network [-] CIDR generated: 1.1.8.136/30
2020-03-04 01:50:47.682 3499 RALLYDEBUG rally_openstack.wrappers.network [-] CIDR generated: 1.1.8.140/30
2020-03-04 01:50:47.690 3493 RALLYDEBUG rally_openstack.wrappers.network [-] CIDR generated: 1.1.8.144/30
2020-03-04 01:50:47.701 3511 RALLYDEBUG rally_openstack.wrappers.network [-] CIDR generated: 1.1.8.148/30
2020-03-04 01:50:47.708 3487 RALLYDEBUG rally_openstack.wrappers.network [-] CIDR generated: 1.1.8.152/30
2020-03-04 01:50:47.723 3491 RALLYDEBUG rally_openstack.wrappers.network [-] CIDR generated: 1.1.8.156/30
2020-03-04 01:50:47.736 3509 RALLYDEBUG rally_openstack.wrappers.network [-] CIDR generated: 1.1.8.160/30
2020-03-04 01:50:47.738 3477 RALLYDEBUG rally_openstack.wrappers.network [-] CIDR generated: 1.1.8.164/30
2020-03-04 01:50:47.893 3520 RALLYDEBUG rally_openstack.wrappers.network [-] CIDR generated: 1.1.8.168/30
2020-03-04 01:50:47.946 3480 RALLYDEBUG rally_openstack.wrappers.network [-] CIDR generated: 1.1.8.172/30
2020-03-04 01:50:47.952 3523 RALLYDEBUG rally_openstack.wrappers.network [-] CIDR generated: 1.1.8.176/30
2020-03-04 01:50:47.971 3485 RALLYDEBUG rally_openstack.wrappers.network [-] CIDR generated: 1.1.8.180/30
2020-03-04 01:50:47.994 3518 RALLYDEBUG rally_openstack.wrappers.network [-] CIDR generated: 1.1.8.184/30
2020-03-04 01:50:48.004 3497 RALLYDEBUG rally_openstack.wrappers.network [-] CIDR generated: 1.1.8.188/30
2020-03-04 01:51:55.146 3475 INFO rally.task.runner [-] Task eca17900-a486-44e2-bffc-7494f256c292 | ITER: 3 END: OK
2020-03-04 01:51:55.151 3493 INFO rally.task.runner [-] Task eca17900-a486-44e2-bffc-7494f256c292 | ITER: 10 END: OK
2020-03-04 01:51:55.157 3475 INFO rally.task.runner [-] Task eca17900-a486-44e2-bffc-7494f256c292 | ITER: 21 START
2020-03-04 01:51:55.159 3493 INFO rally.task.runner [-] Task eca17900-a486-44e2-bffc-7494f256c292 | ITER: 22 START
2020-03-04 01:51:55.196 3473 INFO rally.task.runner [-] Task eca17900-a486-44e2-bffc-7494f256c292 | ITER: 1 END: OK
2020-03-04 01:51:55.204 3473 INFO rally.task.runner [-] Task eca17900-a486-44e2-bffc-7494f256c292 | ITER: 23 START
2020-03-04 01:51:56.417 3493 RALLYDEBUG rally_openstack.wrappers.network [-] CIDR generated: 1.1.8.192/30
2020-03-04 01:51:56.432 3473 RALLYDEBUG rally_openstack.wrappers.network [-] CIDR generated: 1.1.8.196/30
2020-03-04 01:51:56.486 3475 RALLYDEBUG rally_openstack.wrappers.network [-] CIDR generated: 1.1.8.200/30
2020-03-04 01:51:57.010 3502 INFO rally.task.runner [-] Task eca17900-a486-44e2-bffc-7494f256c292 | ITER: 13 END: OK
2020-03-04 01:51:57.018 3502 INFO rally.task.runner [-] Task eca17900-a486-44e2-bffc-7494f256c292 | ITER: 24 START
2020-03-04 01:51:58.320 3502 RALLYDEBUG rally_openstack.wrappers.network [-] CIDR generated: 1.1.8.204/30
2020-03-04 01:51:58.454 3493 RALLYDEBUG rally_openstack.wrappers.network [-] CIDR generated: 1.1.8.208/30
2020-03-04 01:51:58.846 3476 INFO rally.task.runner [-] Task eca17900-a486-44e2-bffc-7494f256c292 | ITER: 4 END: OK
2020-03-04 01:51:58.854 3476 INFO rally.task.runner [-] Task eca17900-a486-44e2-bffc-7494f256c292 | ITER: 25 START
2020-03-04 01:51:59.139 3475 RALLYDEBUG rally_openstack.wrappers.network [-] CIDR generated: 1.1.8.212/30
2020-03-04 01:51:59.198 3473 RALLYDEBUG rally_openstack.wrappers.network [-] CIDR generated: 1.1.8.216/30
2020-03-04 01:51:59.354 3499 INFO rally.task.runner [-] Task eca17900-a486-44e2-bffc-7494f256c292 | ITER: 12 END: OK
2020-03-04 01:51:59.361 3499 INFO rally.task.runner [-] Task eca17900-a486-44e2-bffc-7494f256c292 | ITER: 26 START
2020-03-04 01:51:59.641 3502 RALLYDEBUG rally_openstack.wrappers.network [-] CIDR generated: 1.1.8.220/30
2020-03-04 01:51:59.684 3513 INFO rally.task.runner [-] Task eca17900-a486-44e2-bffc-7494f256c292 | ITER: 17 END: OK
2020-03-04 01:51:59.691 3513 INFO rally.task.runner [-] Task eca17900-a486-44e2-bffc-7494f256c292 | ITER: 27 START
2020-03-04 01:51:59.698 3476 RALLYDEBUG rally_openstack.wrappers.network [-] CIDR generated: 1.1.8.224/30
2020-03-04 01:52:00.175 3499 RALLYDEBUG rally_openstack.wrappers.network [-] CIDR generated: 1.1.8.228/30
2020-03-04 01:52:00.187 3511 INFO rally.task.runner [-] Task eca17900-a486-44e2-bffc-7494f256c292 | ITER: 16 END: OK
2020-03-04 01:52:00.194 3511 INFO rally.task.runner [-] Task eca17900-a486-44e2-bffc-7494f256c292 | ITER: 28 START
2020-03-04 01:52:01.610 3513 RALLYDEBUG rally_openstack.wrappers.network [-] CIDR generated: 1.1.8.232/30
2020-03-04 01:52:01.853 3511 RALLYDEBUG rally_openstack.wrappers.network [-] CIDR generated: 1.1.8.236/30
2020-03-04 01:52:02.105 3499 RALLYDEBUG rally_openstack.wrappers.network [-] CIDR generated: 1.1.8.240/30
2020-03-04 01:52:02.140 3476 RALLYDEBUG rally_openstack.wrappers.network [-] CIDR generated: 1.1.8.244/30
2020-03-04 01:52:02.884 3511 RALLYDEBUG rally_openstack.wrappers.network [-] CIDR generated: 1.1.8.248/30
2020-03-04 01:52:04.129 3513 RALLYDEBUG rally_openstack.wrappers.network [-] CIDR generated: 1.1.8.252/30
2020-03-04 01:52:06.117 3477 INFO rally.task.runner [-] Task eca17900-a486-44e2-bffc-7494f256c292 | ITER: 5 END: OK
2020-03-04 01:52:06.125 3477 INFO rally.task.runner [-] Task eca17900-a486-44e2-bffc-7494f256c292 | ITER: 29 START
2020-03-04 01:52:06.190 3491 INFO rally.task.runner [-] Task eca17900-a486-44e2-bffc-7494f256c292 | ITER: 9 END: OK
2020-03-04 01:52:06.197 3491 INFO rally.task.runner [-] Task eca17900-a486-44e2-bffc-7494f256c292 | ITER: 30 START
2020-03-04 01:52:06.955 3477 RALLYDEBUG rally_openstack.wrappers.network [-] CIDR generated: 1.1.9.0/30
2020-03-04 01:52:07.128 3491 RALLYDEBUG rally_openstack.wrappers.network [-] CIDR generated: 1.1.9.4/30
2020-03-04 01:52:08.230 3491 RALLYDEBUG rally_openstack.wrappers.network [-] CIDR generated: 1.1.9.8/30
2020-03-04 01:52:09.595 3477 RALLYDEBUG rally_openstack.wrappers.network [-] CIDR generated: 1.1.9.12/30
2020-03-04 01:52:18.779 3487 INFO rally.task.runner [-] Task eca17900-a486-44e2-bffc-7494f256c292 | ITER: 8 END: OK
2020-03-04 01:52:18.787 3487 INFO rally.task.runner [-] Task eca17900-a486-44e2-bffc-7494f256c292 | ITER: 31 START
2020-03-04 01:52:20.688 3487 RALLYDEBUG rally_openstack.wrappers.network [-] CIDR generated: 1.1.9.16/30
2020-03-04 01:52:21.092 3506 INFO rally.task.runner [-] Task eca17900-a486-44e2-bffc-7494f256c292 | ITER: 14 END: OK
2020-03-04 01:52:21.101 3506 INFO rally.task.runner [-] Task eca17900-a486-44e2-bffc-7494f256c292 | ITER: 32 START
2020-03-04 01:52:23.642 3506 RALLYDEBUG rally_openstack.wrappers.network [-] CIDR generated: 1.1.9.20/30
2020-03-04 01:52:24.238 3487 RALLYDEBUG rally_openstack.wrappers.network [-] CIDR generated: 1.1.9.24/30
2020-03-04 01:52:24.383 3506 RALLYDEBUG rally_openstack.wrappers.network [-] CIDR generated: 1.1.9.28/30
2020-03-04 01:52:25.800 3520 INFO rally.task.runner [-] Task eca17900-a486-44e2-bffc-7494f256c292 | ITER: 19 END: OK
2020-03-04 01:52:25.808 3520 INFO rally.task.runner [-] Task eca17900-a486-44e2-bffc-7494f256c292 | ITER: 33 START
2020-03-04 01:52:26.395 3480 INFO rally.task.runner [-] Task eca17900-a486-44e2-bffc-7494f256c292 | ITER: 6 END: OK
2020-03-04 01:52:26.403 3480 INFO rally.task.runner [-] Task eca17900-a486-44e2-bffc-7494f256c292 | ITER: 34 START
2020-03-04 01:52:26.983 3518 INFO rally.task.runner [-] Task eca17900-a486-44e2-bffc-7494f256c292 | ITER: 18 END: OK
2020-03-04 01:52:26.992 3518 INFO rally.task.runner [-] Task eca17900-a486-44e2-bffc-7494f256c292 | ITER: 35 START
2020-03-04 01:52:27.277 3480 RALLYDEBUG rally_openstack.wrappers.network [-] CIDR generated: 1.1.9.32/30
2020-03-04 01:52:27.904 3520 RALLYDEBUG rally_openstack.wrappers.network [-] CIDR generated: 1.1.9.36/30
2020-03-04 01:52:29.519 3474 INFO rally.task.runner [-] Task eca17900-a486-44e2-bffc-7494f256c292 | ITER: 2 END: OK
2020-03-04 01:52:29.527 3474 INFO rally.task.runner [-] Task eca17900-a486-44e2-bffc-7494f256c292 | ITER: 36 START
2020-03-04 01:52:29.642 3518 RALLYDEBUG rally_openstack.wrappers.network [-] CIDR generated: 1.1.9.40/30
2020-03-04 01:52:31.325 3474 RALLYDEBUG rally_openstack.wrappers.network [-] CIDR generated: 1.1.9.44/30
2020-03-04 01:52:31.531 3480 RALLYDEBUG rally_openstack.wrappers.network [-] CIDR generated: 1.1.9.48/30
2020-03-04 01:52:31.973 3518 RALLYDEBUG rally_openstack.wrappers.network [-] CIDR generated: 1.1.9.52/30
2020-03-04 01:52:32.593 3509 INFO rally.task.runner [-] Task eca17900-a486-44e2-bffc-7494f256c292 | ITER: 15 END: OK
2020-03-04 01:52:32.601 3509 INFO rally.task.runner [-] Task eca17900-a486-44e2-bffc-7494f256c292 | ITER: 37 START
2020-03-04 01:52:32.728 3520 RALLYDEBUG rally_openstack.wrappers.network [-] CIDR generated: 1.1.9.56/30
2020-03-04 01:52:33.087 3509 RALLYDEBUG rally_openstack.wrappers.network [-] CIDR generated: 1.1.9.60/30
2020-03-04 01:52:34.392 3474 RALLYDEBUG rally_openstack.wrappers.network [-] CIDR generated: 1.1.9.64/30
2020-03-04 01:52:34.948 3509 RALLYDEBUG rally_openstack.wrappers.network [-] CIDR generated: 1.1.9.68/30
2020-03-04 01:52:35.736 3497 INFO rally.task.runner [-] Task eca17900-a486-44e2-bffc-7494f256c292 | ITER: 11 END: OK
2020-03-04 01:52:35.744 3497 INFO rally.task.runner [-] Task eca17900-a486-44e2-bffc-7494f256c292 | ITER: 38 START
2020-03-04 01:52:35.899 3485 INFO rally.task.runner [-] Task eca17900-a486-44e2-bffc-7494f256c292 | ITER: 7 END: OK
2020-03-04 01:52:35.908 3485 INFO rally.task.runner [-] Task eca17900-a486-44e2-bffc-7494f256c292 | ITER: 39 START
2020-03-04 01:52:36.927 3485 RALLYDEBUG rally_openstack.wrappers.network [-] CIDR generated: 1.1.9.72/30
2020-03-04 01:52:37.355 3497 RALLYDEBUG rally_openstack.wrappers.network [-] CIDR generated: 1.1.9.76/30
2020-03-04 01:52:38.547 3523 INFO rally.task.runner [-] Task eca17900-a486-44e2-bffc-7494f256c292 | ITER: 20 END: OK
2020-03-04 01:52:38.556 3523 INFO rally.task.runner [-] Task eca17900-a486-44e2-bffc-7494f256c292 | ITER: 40 START
2020-03-04 01:52:40.089 3523 RALLYDEBUG rally_openstack.wrappers.network [-] CIDR generated: 1.1.9.80/30
2020-03-04 01:52:40.501 3485 RALLYDEBUG rally_openstack.wrappers.network [-] CIDR generated: 1.1.9.84/30
2020-03-04 01:52:40.607 3497 RALLYDEBUG rally_openstack.wrappers.network [-] CIDR generated: 1.1.9.88/30
2020-03-04 01:52:46.350 3491 INFO rally.task.runner [-] Task eca17900-a486-44e2-bffc-7494f256c292 | ITER: 30 END: OK
2020-03-04 01:52:47.574 3523 RALLYDEBUG rally_openstack.wrappers.network [-] CIDR generated: 1.1.9.92/30
2020-03-04 01:52:47.741 3511 INFO rally.task.runner [-] Task eca17900-a486-44e2-bffc-7494f256c292 | ITER: 28 END: OK
2020-03-04 01:53:09.935 3513 INFO rally.task.runner [-] Task eca17900-a486-44e2-bffc-7494f256c292 | ITER: 27 END: OK
2020-03-04 01:53:13.900 3473 INFO rally.task.runner [-] Task eca17900-a486-44e2-bffc-7494f256c292 | ITER: 23 END: OK
2020-03-04 01:53:17.322 3499 INFO rally.task.runner [-] Task eca17900-a486-44e2-bffc-7494f256c292 | ITER: 26 END: OK
2020-03-04 01:53:18.887 3493 INFO rally.task.runner [-] Task eca17900-a486-44e2-bffc-7494f256c292 | ITER: 22 END: OK
2020-03-04 01:53:19.163 3487 INFO rally.task.runner [-] Task eca17900-a486-44e2-bffc-7494f256c292 | ITER: 31 END: OK
2020-03-04 01:53:19.800 3477 INFO rally.task.runner [-] Task eca17900-a486-44e2-bffc-7494f256c292 | ITER: 29 END: OK
2020-03-04 01:53:20.951 3480 INFO rally.task.runner [-] Task eca17900-a486-44e2-bffc-7494f256c292 | ITER: 34 END: OK
2020-03-04 01:53:21.401 3502 INFO rally.task.runner [-] Task eca17900-a486-44e2-bffc-7494f256c292 | ITER: 24 END: OK
2020-03-04 01:53:21.712 3475 INFO rally.task.runner [-] Task eca17900-a486-44e2-bffc-7494f256c292 | ITER: 21 END: OK
2020-03-04 01:53:22.864 3518 INFO rally.task.runner [-] Task eca17900-a486-44e2-bffc-7494f256c292 | ITER: 35 END: OK
2020-03-04 01:53:23.815 3506 INFO rally.task.runner [-] Task eca17900-a486-44e2-bffc-7494f256c292 | ITER: 32 END: OK
2020-03-04 01:53:23.991 3520 INFO rally.task.runner [-] Task eca17900-a486-44e2-bffc-7494f256c292 | ITER: 33 END: OK
2020-03-04 01:53:25.329 3497 INFO rally.task.runner [-] Task eca17900-a486-44e2-bffc-7494f256c292 | ITER: 38 END: OK
2020-03-04 01:53:28.067 3485 INFO rally.task.runner [-] Task eca17900-a486-44e2-bffc-7494f256c292 | ITER: 39 END: OK
2020-03-04 01:53:29.296 3523 INFO rally.task.runner [-] Task eca17900-a486-44e2-bffc-7494f256c292 | ITER: 40 END: OK
2020-03-04 01:53:31.597 3476 INFO rally.task.runner [-] Task eca17900-a486-44e2-bffc-7494f256c292 | ITER: 25 END: OK
2020-03-04 01:53:34.647 3509 INFO rally.task.runner [-] Task eca17900-a486-44e2-bffc-7494f256c292 | ITER: 37 END: OK
2020-03-04 01:53:37.282 3474 INFO rally.task.runner [-] Task eca17900-a486-44e2-bffc-7494f256c292 | ITER: 36 END: OK
2020-03-04 01:53:37.305 15 INFO rally.task.context [-] Task eca17900-a486-44e2-bffc-7494f256c292 | Context cleanup@openstack cleanup() started
2020-03-04 01:53:37.310 15 RALLYDEBUG rally_openstack.cleanup.manager [-] Cleaning up neutron vip objects
2020-03-04 01:53:37.457 15 RALLYDEBUG rally_openstack.cleanup.manager [-] Cleaning up neutron health_monitor objects
2020-03-04 01:53:37.598 15 RALLYDEBUG rally_openstack.cleanup.manager [-] Cleaning up neutron pool objects
2020-03-04 01:53:37.783 15 RALLYDEBUG rally_openstack.cleanup.manager [-] Cleaning up neutron loadbalancer objects
2020-03-04 01:53:37.920 15 RALLYDEBUG rally_openstack.cleanup.manager [-] Cleaning up neutron floatingip objects
2020-03-04 01:53:38.094 15 RALLYDEBUG rally_openstack.cleanup.manager [-] Cleaning up neutron trunk objects
2020-03-04 01:53:38.235 15 DEBUG neutronclient.v2_0.client [-] Error message: {"message": "The resource could not be found.

\n\n\n", "code": "404 Not Found", "title": "Not Found"} _handle_fault_response /usr/lib/python2.7/site-packages/neutronclient/v2_0/client.py:259
2020-03-04 01:53:38.245 15 RALLYDEBUG rally_openstack.cleanup.manager [-] Cleaning up neutron port objects
2020-03-04 01:53:38.706 15 RALLYDEBUG rally_openstack.cleanup.manager [-] Cleaning up neutron subnet objects
2020-03-04 01:53:39.954 15 RALLYDEBUG rally_openstack.cleanup.manager [-] Deleting neutron.subnet object s_rally_1e464ff8_e87DxFWl (0484ad9a-8eed-4f3a-a861-79a6a6a6f40c)
2020-03-04 01:53:39.962 15 RALLYDEBUG rally_openstack.cleanup.manager [-] Deleting neutron.subnet object s_rally_1e464ff8_xxB1BgDE (074ab230-42a6-44e3-b1f4-5dc305d808e4)
2020-03-04 01:53:39.967 15 RALLYDEBUG rally_openstack.cleanup.manager [-] Deleting neutron.subnet object s_rally_1e464ff8_kWhj3r6l (088dc313-b636-4ca8-9314-8494be13551a)
2020-03-04 01:53:39.978 15 RALLYDEBUG rally_openstack.cleanup.manager [-] Deleting neutron.subnet object s_rally_1e464ff8_avVOz0Bx (0abb0fae-d771-4b7a-8181-fb8885423794)
2020-03-04 01:53:39.991 15 RALLYDEBUG rally_openstack.cleanup.manager [-] Deleting neutron.subnet object s_rally_1e464ff8_vRAQ6Io0 (111156b0-da7d-40a9-8cd1-aaa0449d98f1)
2020-03-04 01:53:40.001 15 RALLYDEBUG rally_openstack.cleanup.manager [-] Deleting neutron.subnet object s_rally_1e464ff8_rc1dkhZ0 (1661c29d-3a49-433d-ab33-0af0b97378e2)
2020-03-04 01:53:40.020 15 RALLYDEBUG rally_openstack.cleanup.manager [-] Deleting neutron.subnet object s_rally_1e464ff8_bBwJu1Ym (171f0226-e0fa-48ce-85fb-eab20b4f9f9c)
2020-03-04 01:53:40.021 15 RALLYDEBUG rally_openstack.cleanup.manager [-] Deleting neutron.subnet object s_rally_1e464ff8_cpMER9nh (18c68997-7efb-4f3a-98a5-14864b9bfb81)
2020-03-04 01:53:40.049 15 RALLYDEBUG rally_openstack.cleanup.manager [-] Deleting neutron.subnet object s_rally_1e464ff8_PeLndcds (1e834bb5-dbf2-4a6f-9290-9c7e336d3166)
2020-03-04 01:53:40.057 15 RALLYDEBUG rally_openstack.cleanup.manager [-] Deleting neutron.subnet object s_rally_1e464ff8_GP2wiHv0 (1c06bf91-70fa-4faa-b775-0c4626d6dd56)
2020-03-04 01:53:40.084 15 RALLYDEBUG rally_openstack.cleanup.manager [-] Deleting neutron.subnet object s_rally_1e464ff8_P7fNH9DH (1bede9b0-7096-44fb-bc69-d7bfd849ad8c)
2020-03-04 01:53:40.098 15 RALLYDEBUG rally_openstack.cleanup.manager [-] Deleting neutron.subnet object s_rally_1e464ff8_qPmzZywS (1a37d796-18fb-4787-8626-de6048a1e89b)
2020-03-04 01:53:40.120 15 RALLYDEBUG rally_openstack.cleanup.manager [-] Deleting neutron.subnet object s_rally_1e464ff8_3ZonPR72 (2a901661-e159-4dd9-9210-470d1fb9afde)
2020-03-04 01:53:40.129 15 RALLYDEBUG rally_openstack.cleanup.manager [-] Deleting neutron.subnet object s_rally_1e464ff8_d1HWX7db (2167fc36-6088-470a-bec4-bcf9225811ff)
2020-03-04 01:53:40.143 15 RALLYDEBUG rally_openstack.cleanup.manager [-] Deleting neutron.subnet object s_rally_1e464ff8_9MvvMXY6 (278100b5-e0dc-4d19-8011-469785aae1db)
2020-03-04 01:53:40.152 15 RALLYDEBUG rally_openstack.cleanup.manager [-] Deleting neutron.subnet object s_rally_1e464ff8_CEEbDrWz (1e875d9a-bd81-4e7d-a0ea-48b1e785b074)
2020-03-04 01:53:40.177 15 RALLYDEBUG rally_openstack.cleanup.manager [-] Deleting neutron.subnet object s_rally_1e464ff8_Klgj087m (2c1d26b1-db2c-464b-814d-a360b48c1c5c)
2020-03-04 01:53:40.196 15 RALLYDEBUG rally_openstack.cleanup.manager [-] Deleting neutron.subnet object s_rally_1e464ff8_USNMWSoS (3127c523-a8ec-40c7-ba8e-3354cfda7461)
2020-03-04 01:53:40.199 15 RALLYDEBUG rally_openstack.cleanup.manager [-] Deleting neutron.subnet object s_rally_1e464ff8_tkg8mEj1 (2c6b09ee-5449-4152-bc71-c5cdf769c14c)
2020-03-04 01:53:40.204 15 RALLYDEBUG rally_openstack.cleanup.manager [-] Deleting neutron.subnet object s_rally_1e464ff8_0hsZVGKv (287da2b5-8c4c-4378-aa29-4e303061b4d7)
2020-03-04 01:53:42.345 15 RALLYDEBUG rally_openstack.cleanup.manager [-] Deleting neutron.subnet object s_rally_1e464ff8_bZaEc6R7 (365e1075-d237-46a2-b5e4-3567eafe329d)
2020-03-04 01:53:42.367 15 RALLYDEBUG rally_openstack.cleanup.manager [-] Deleting neutron.subnet object s_rally_1e464ff8_383pJl9u (3b483c6e-049a-46c9-8d07-01fbeb7680b3)
2020-03-04 01:53:42.732 15 RALLYDEBUG rally_openstack.cleanup.manager [-] Deleting neutron.subnet object s_rally_1e464ff8_Bhq9jtD2 (3fe4defd-3c8b-4655-9db5-ae97911ec089)
2020-03-04 01:53:42.886 15 RALLYDEBUG rally_openstack.cleanup.manager [-] Deleting neutron.subnet object s_rally_1e464ff8_QtQFa805 (4164a5de-6a8c-414c-aeb9-caf2f0ed1639)
2020-03-04 01:53:42.895 15 RALLYDEBUG rally_openstack.cleanup.manager [-] Deleting neutron.subnet object s_rally_1e464ff8_4fXZWhXV (431a7a71-01e0-454a-8f76-5b43736a05ab)
2020-03-04 01:53:43.123 15 RALLYDEBUG rally_openstack.cleanup.manager [-] Deleting neutron.subnet object s_rally_1e464ff8_brRvgc9b (43f8b15e-94b0-4d45-9127-6b37ae0e18cf)
2020-03-04 01:53:43.614 15 RALLYDEBUG rally_openstack.cleanup.manager [-] Deleting neutron.subnet object s_rally_1e464ff8_czL6vfxd (46a42dd2-35d4-4a5e-a025-d56a2c8b0ac1)
2020-03-04 01:53:43.700 15 RALLYDEBUG rally_openstack.cleanup.manager [-] Deleting neutron.subnet object s_rally_1e464ff8_tCaxvX4U (48bac730-c9ab-49b5-8bf3-978fe8a5119b)
2020-03-04 01:53:43.764 15 RALLYDEBUG rally_openstack.cleanup.manager [-] Deleting neutron.subnet object s_rally_1e464ff8_pH34ZO2G (4d0c371c-10a8-4447-b66f-8ec4cf8d3ac2)
2020-03-04 01:53:44.100 15 RALLYDEBUG rally_openstack.cleanup.manager [-] Deleting neutron.subnet object s_rally_1e464ff8_Te9MBuMl (5088f26d-f49b-4364-a4dd-de387aecb866)
2020-03-04 01:53:44.154 15 RALLYDEBUG rally_openstack.cleanup.manager [-] Deleting neutron.subnet object s_rally_1e464ff8_q5LDBDXt (508ffc1b-092e-41e7-aa60-1f36895c9464)
2020-03-04 01:53:44.429 15 RALLYDEBUG rally_openstack.cleanup.manager [-] Deleting neutron.subnet object s_rally_1e464ff8_J9Nd6xHs (529fdc42-d099-4e11-b692-257ed2114f62)
2020-03-04 01:53:44.455 15 RALLYDEBUG rally_openstack.cleanup.manager [-] Deleting neutron.subnet object s_rally_1e464ff8_H2ISvwRh (54a429e6-7b70-4991-8c98-f9836728d50a)
2020-03-04 01:53:44.698 15 RALLYDEBUG rally_openstack.cleanup.manager [-] Deleting neutron.subnet object s_rally_1e464ff8_d1f7r5J9 (54e61f58-e4f2-4677-8662-77155a05efc8)
2020-03-04 01:53:44.706 15 RALLYDEBUG rally_openstack.cleanup.manager [-] Deleting neutron.subnet object s_rally_1e464ff8_3kqpnBUi (5509d371-71e0-48cd-8c57-f02107328f1b)
2020-03-04 01:53:44.765 15 RALLYDEBUG rally_openstack.cleanup.manager [-] Deleting neutron.subnet object s_rally_1e464ff8_jfhzguQp (55aab5b1-ba4f-4fae-9e6c-da21c4f9d4f9)
2020-03-04 01:53:44.772 15 RALLYDEBUG rally_openstack.cleanup.manager [-] Deleting neutron.subnet object s_rally_1e464ff8_yyhu39hi (5a151688-90a5-4fb2-9e66-2723e2a5a514)
2020-03-04 01:53:44.953 15 RALLYDEBUG rally_openstack.cleanup.manager [-] Deleting neutron.subnet object s_rally_1e464ff8_Flq1fEKi (5e850a2a-614a-40db-a505-d094a1e78458)
2020-03-04 01:53:45.267 15 RALLYDEBUG rally_openstack.cleanup.manager [-] Deleting neutron.subnet object s_rally_1e464ff8_TYaL3pmq (61665909-31a5-49d5-85fc-f380358feb24)
2020-03-04 01:53:45.287 15 RALLYDEBUG rally_openstack.cleanup.manager [-] Deleting neutron.subnet object s_rally_1e464ff8_3LkKe4at (638b139f-3ffd-45da-b50e-a3c7ea8e5c9d)
2020-03-04 01:53:45.328 15 RALLYDEBUG rally_openstack.cleanup.manager [-] Deleting neutron.subnet object s_rally_1e464ff8_G9VtkBrK (6df92ae7-ff73-4999-8b3e-739c0512030e)
2020-03-04 01:53:45.333 15 RALLYDEBUG rally_openstack.cleanup.manager [-] Deleting neutron.subnet object s_rally_1e464ff8_kvgYNJ1z (6e087dbe-f393-449b-8d5e-a0d35361d47a)
2020-03-04 01:53:45.592 15 RALLYDEBUG rally_openstack.cleanup.manager [-] Deleting neutron.subnet object s_rally_1e464ff8_xvQAyq5U (73b58bbe-ace9-4979-9abf-330a9b15242a)
2020-03-04 01:53:45.645 15 RALLYDEBUG rally_openstack.cleanup.manager [-] Deleting neutron.subnet object s_rally_1e464ff8_jJyWq4y7 (790e3a55-8645-4165-9909-dae84a8f7eeb)
2020-03-04 01:53:45.872 15 RALLYDEBUG rally_openstack.cleanup.manager [-] Deleting neutron.subnet object s_rally_1e464ff8_VK07WjDm (79ae6519-3c7c-4310-900d-1fc16b1fe38c)
2020-03-04 01:53:45.918 15 RALLYDEBUG rally_openstack.cleanup.manager [-] Deleting neutron.subnet object s_rally_1e464ff8_j1QNvzoZ (7b2b5444-fddb-4bef-9863-46a36ba6f6d7)
2020-03-04 01:53:45.971 15 RALLYDEBUG rally_openstack.cleanup.manager [-] Deleting neutron.subnet object s_rally_1e464ff8_9p6HEaxX (7e0987de-1774-4ab3-aedb-8af2a75ac681)
2020-03-04 01:53:46.222 15 RALLYDEBUG rally_openstack.cleanup.manager [-] Deleting neutron.subnet object s_rally_1e464ff8_5jfSJ0mk (80bff9ad-40b5-4f9a-83fc-8abc6d799d41)
2020-03-04 01:53:46.431 15 RALLYDEBUG rally_openstack.cleanup.manager [-] Deleting neutron.subnet object s_rally_1e464ff8_dlUTr0IO (828b13e5-bd89-4ba5-9c31-cfad7b5360d3)
2020-03-04 01:53:46.745 15 RALLYDEBUG rally_openstack.cleanup.manager [-] Deleting neutron.subnet object s_rally_1e464ff8_YhSpioCF (8759ffde-c838-4225-a2a0-f390a587df5c)
2020-03-04 01:53:46.862 15 RALLYDEBUG rally_openstack.cleanup.manager [-] Deleting neutron.subnet object s_rally_1e464ff8_xbkbySEE (8a64bead-ff88-4739-94d9-1ced2e2f2637)
2020-03-04 01:53:47.038 15 RALLYDEBUG rally_openstack.cleanup.manager [-] Deleting neutron.subnet object s_rally_1e464ff8_i6iHYn3j (8fc248c1-7fbe-4e31-8033-5ea2725f7b7a)
2020-03-04 01:53:47.078 15 RALLYDEBUG rally_openstack.cleanup.manager [-] Deleting neutron.subnet object s_rally_1e464ff8_lXtcLHOX (90cf6484-34ac-4326-a844-04a0e0fc3981)
2020-03-04 01:53:47.447 15 RALLYDEBUG rally_openstack.cleanup.manager [-] Deleting neutron.subnet object s_rally_1e464ff8_dPglrW80 (914a8be5-2979-4a83-a598-82a1c0785717)
2020-03-04 01:53:47.455 15 RALLYDEBUG rally_openstack.cleanup.manager [-] Deleting neutron.subnet object s_rally_1e464ff8_QG35VSjC (99abd359-318b-41ce-aba8-8fe0d9b4c6bd)
2020-03-04 01:53:47.669 15 RALLYDEBUG rally_openstack.cleanup.manager [-] Deleting neutron.subnet object s_rally_1e464ff8_o60eHVPH (9d661244-8146-4987-8d4c-0a42e43874d1)
2020-03-04 01:53:47.846 15 RALLYDEBUG rally_openstack.cleanup.manager [-] Deleting neutron.subnet object s_rally_1e464ff8_leuzxdSa (a04a09e8-2d0f-4cb6-9f70-3664dfec1170)
2020-03-04 01:53:48.242 15 RALLYDEBUG rally_openstack.cleanup.manager [-] Deleting neutron.subnet object s_rally_1e464ff8_hSHEPphp (a3a8b1fd-9af1-4a99-b49c-0b9602528c33)
2020-03-04 01:53:48.315 15 RALLYDEBUG rally_openstack.cleanup.manager [-] Deleting neutron.subnet object s_rally_1e464ff8_uSQPTk8H (aae61caa-8e45-4856-ab27-1ab5b437037e)
2020-03-04 01:53:48.441 15 RALLYDEBUG rally_openstack.cleanup.manager [-] Deleting neutron.subnet object s_rally_1e464ff8_wQ56uNgH (b087c84b-fcde-455b-a05b-18409e03c268)
2020-03-04 01:53:48.536 15 RALLYDEBUG rally_openstack.cleanup.manager [-] Deleting neutron.subnet object s_rally_1e464ff8_I1Nq5Auw (b519529e-38b7-4e4e-a7ae-67bdfab9ccda)
2020-03-04 01:53:48.662 15 RALLYDEBUG rally_openstack.cleanup.manager [-] Deleting neutron.subnet object s_rally_1e464ff8_zmGNF7lD (b5ea9132-c858-44d3-86be-955f7de16894)
2020-03-04 01:53:48.670 15 RALLYDEBUG rally_openstack.cleanup.manager [-] Deleting neutron.subnet object s_rally_1e464ff8_aciqisCj (b607259a-f964-40a7-809b-ed971b4ea9bd)
2020-03-04 01:53:48.679 15 RALLYDEBUG rally_openstack.cleanup.manager [-] Deleting neutron.subnet object s_rally_1e464ff8_blkNYjOM (b8075a5a-7c4c-49de-b79f-f6a40ca61055)
2020-03-04 01:53:48.697 15 RALLYDEBUG rally_openstack.cleanup.manager [-] Deleting neutron.subnet object s_rally_1e464ff8_F2RntQ5K (ba7c4299-fab6-48a6-8ec5-af5eb6296418)
2020-03-04 01:53:48.727 15 RALLYDEBUG rally_openstack.cleanup.manager [-] Deleting neutron.subnet object s_rally_1e464ff8_Yv5bqknk (be995fae-0878-4be9-93d5-4fc8f6c0a712)
2020-03-04 01:53:48.923 15 RALLYDEBUG rally_openstack.cleanup.manager [-] Deleting neutron.subnet object s_rally_1e464ff8_QoHXTAGG (bfe65bb7-ba2b-4e7f-a270-6d02e386a509)
2020-03-04 01:53:48.996 15 RALLYDEBUG rally_openstack.cleanup.manager [-] Deleting neutron.subnet object s_rally_1e464ff8_URKNA8k4 (c59627da-a272-4fba-ae64-e15337b316be)
2020-03-04 01:53:49.041 15 RALLYDEBUG rally_openstack.cleanup.manager [-] Deleting neutron.subnet object s_rally_1e464ff8_LXQsk0sb (ca91537d-b5f2-47ff-abf9-f22144f6aea2)
2020-03-04 01:53:49.080 15 RALLYDEBUG rally_openstack.cleanup.manager [-] Deleting neutron.subnet object s_rally_1e464ff8_nCwK91Qp (cb29b100-2fae-40f7-9e8e-011d1e3f01ad)
2020-03-04 01:53:50.474 15 RALLYDEBUG rally_openstack.cleanup.manager [-] Deleting neutron.subnet object s_rally_1e464ff8_myzQpYRn (cc93ff10-8dce-4a6b-8a33-969edc270299)
2020-03-04 01:53:50.700 15 RALLYDEBUG rally_openstack.cleanup.manager [-] Deleting neutron.subnet object s_rally_1e464ff8_d4Obl4gO (ce92338f-2e87-439d-828f-0b293d7ef95a)
2020-03-04 01:53:50.705 15 RALLYDEBUG rally_openstack.cleanup.manager [-] Deleting neutron.subnet object s_rally_1e464ff8_OiLtjSVc (d7303e52-2816-4128-8559-cb72a8bf0edc)
2020-03-04 01:53:50.837 15 RALLYDEBUG rally_openstack.cleanup.manager [-] Deleting neutron.subnet object s_rally_1e464ff8_2z1Av5Jr (def8ca21-3204-4563-a04c-e433c1e99f7e)
2020-03-04 01:53:51.015 15 RALLYDEBUG rally_openstack.cleanup.manager [-] Deleting neutron.subnet object s_rally_1e464ff8_RtKs9YUW (e2e0e7dd-e220-4c5b-9f7a-9632087b2c73)
2020-03-04 01:53:51.022 15 RALLYDEBUG rally_openstack.cleanup.manager [-] Deleting neutron.subnet object s_rally_1e464ff8_R9RaVVJN (e4b7a27d-e2b5-41e0-bdfc-cb6437598286)
2020-03-04 01:53:51.055 15 RALLYDEBUG rally_openstack.cleanup.manager [-] Deleting neutron.subnet object s_rally_1e464ff8_ASDZkFYs (e5a70a59-beea-4328-9355-bcaa162fdfe9)
2020-03-04 01:53:51.242 15 RALLYDEBUG rally_openstack.cleanup.manager [-] Deleting neutron.subnet object s_rally_1e464ff8_d2H77pZy (e637f724-a085-4002-9b09-c7b0a4efc8ab)
2020-03-04 01:53:51.610 15 RALLYDEBUG rally_openstack.cleanup.manager [-] Deleting neutron.subnet object s_rally_1e464ff8_Fu3DSFeh (e78ebcd9-fd43-4e51-b044-5868134f6273)
2020-03-04 01:53:51.749 15 RALLYDEBUG rally_openstack.cleanup.manager [-] Deleting neutron.subnet object s_rally_1e464ff8_fAo8776V (ef9ee7c1-1092-4af3-8c36-2a7117d13781)
2020-03-04 01:53:55.132 15 RALLYDEBUG rally_openstack.cleanup.manager [-] Cleaning up neutron network objects
2020-03-04 01:53:55.554 15 RALLYDEBUG rally_openstack.cleanup.manager [-] Deleting neutron.network object s_rally_1e464ff8_4E1tagXA (0a2a8279-93e4-4f6f-a918-4c7fb98b3825)
2020-03-04 01:53:55.561 15 RALLYDEBUG rally_openstack.cleanup.manager [-] Deleting neutron.network object s_rally_1e464ff8_JQMLF7uk (0c80bd92-80d9-44a9-ab18-a2fd2f4f68e3)
2020-03-04 01:53:55.572 15 RALLYDEBUG rally_openstack.cleanup.manager [-] Deleting neutron.network object s_rally_1e464ff8_0cCDPJwK (16c02f38-e0a4-4acc-a3fc-8b293e462fbc)
2020-03-04 01:53:55.582 15 RALLYDEBUG rally_openstack.cleanup.manager [-] Deleting neutron.network object s_rally_1e464ff8_x04Hc2Zu (1b4b99bc-5e09-4a24-a84b-45731b64cdf9)
2020-03-04 01:53:55.595 15 RALLYDEBUG rally_openstack.cleanup.manager [-] Deleting neutron.network object s_rally_1e464ff8_LCgOe0ZC (1fcf93a9-53d2-4bf5-8154-e3a18beb9719)
2020-03-04 01:53:55.597 15 RALLYDEBUG rally_openstack.cleanup.manager [-] Deleting neutron.network object s_rally_1e464ff8_TIqT2bcR (1c3ba753-7fa4-453d-b244-53e4e4ffed80)
2020-03-04 01:53:55.617 15 RALLYDEBUG rally_openstack.cleanup.manager [-] Deleting neutron.network object s_rally_1e464ff8_4CIw2aVD (28318360-a35f-4325-81c1-13422c92def3)
2020-03-04 01:53:55.647 15 RALLYDEBUG rally_openstack.cleanup.manager [-] Deleting neutron.network object s_rally_1e464ff8_NHOHqMRO (3205af80-6a81-4193-8ff0-102d65a6f9b1)
2020-03-04 01:53:55.655 15 RALLYDEBUG rally_openstack.cleanup.manager [-] Deleting neutron.network object s_rally_1e464ff8_vjdKN7po (39be7306-0fca-478a-98a5-d39efeef9bc8)
2020-03-04 01:53:55.673 15 RALLYDEBUG rally_openstack.cleanup.manager [-] Deleting neutron.network object s_rally_1e464ff8_FkbAVi1P (2faa3894-c0a2-48ed-8e86-2840f03f4507)
2020-03-04 01:53:55.676 15 RALLYDEBUG rally_openstack.cleanup.manager [-] Deleting neutron.network object s_rally_1e464ff8_iYY6bKUH (3e761bc9-a2a1-4046-9c22-43b89b916dfb)
2020-03-04 01:53:55.687 15 RALLYDEBUG rally_openstack.cleanup.manager [-] Deleting neutron.network object s_rally_1e464ff8_JvyKK5Ds (45161f57-697a-4cf7-93f1-f234925f3271)
2020-03-04 01:53:55.696 15 RALLYDEBUG rally_openstack.cleanup.manager [-] Deleting neutron.network object s_rally_1e464ff8_kIGsZsQ3 (4fd679ab-99cf-41ea-a73b-ffedbf6aeb48)
2020-03-04 01:53:55.718 15 RALLYDEBUG rally_openstack.cleanup.manager [-] Deleting neutron.network object s_rally_1e464ff8_iHoXB4wz (47a5a5ad-04ae-4ef3-b30a-624663970f9c)
2020-03-04 01:53:55.875 15 RALLYDEBUG rally_openstack.cleanup.manager [-] Deleting neutron.network object s_rally_1e464ff8_vdmnBeC7 (59e19fe7-fe25-4948-8c76-dd57b6f0ccd1)
2020-03-04 01:53:55.883 15 RALLYDEBUG rally_openstack.cleanup.manager [-] Deleting neutron.network object s_rally_1e464ff8_LpKGoFIu (51efb832-6a6d-41a5-b743-f74b0b62e150)
2020-03-04 01:53:55.918 15 RALLYDEBUG rally_openstack.cleanup.manager [-] Deleting neutron.network object s_rally_1e464ff8_N7TNPBJu (53e5fa25-a32c-4045-a40f-e356e79b279a)
2020-03-04 01:53:55.953 15 RALLYDEBUG rally_openstack.cleanup.manager [-] Deleting neutron.network object s_rally_1e464ff8_cWtKH7zl (6c8d6835-530f-4fb6-95f7-0ed5cb513152)
2020-03-04 01:53:55.954 15 RALLYDEBUG rally_openstack.cleanup.manager [-] Deleting neutron.network object s_rally_1e464ff8_CIwcX9n6 (5c389939-cca8-4627-94cc-be348cffc912)
2020-03-04 01:53:55.966 15 RALLYDEBUG rally_openstack.cleanup.manager [-] Deleting neutron.network object s_rally_1e464ff8_4BIuzKAj (6dca267f-d840-42d0-acb3-d4fc5e309adc)
2020-03-04 01:53:58.240 15 RALLYDEBUG rally_openstack.cleanup.manager [-] Deleting neutron.network object s_rally_1e464ff8_ndlwGfYV (6e54d31e-e612-4cea-8f92-59620905f920)
2020-03-04 01:53:58.252 15 RALLYDEBUG rally_openstack.cleanup.manager [-] Deleting neutron.network object s_rally_1e464ff8_mZUReblb (7798cc1b-2c4e-42af-9c0b-7a281193272f)
2020-03-04 01:53:58.465 15 RALLYDEBUG rally_openstack.cleanup.manager [-] Deleting neutron.network object s_rally_1e464ff8_TFLSwSCL (8073cd87-38b8-4714-9aac-528fab324250)
2020-03-04 01:53:58.535 15 RALLYDEBUG rally_openstack.cleanup.manager [-] Deleting neutron.network object s_rally_1e464ff8_r8Uzd1mc (851474cf-4068-4763-809f-89a78d0c148b)
2020-03-04 01:53:58.624 15 RALLYDEBUG rally_openstack.cleanup.manager [-] Deleting neutron.network object s_rally_1e464ff8_toH9oWjU (88d8ba8c-e6bf-42b5-8b54-839dba925650)
2020-03-04 01:53:58.677 15 RALLYDEBUG rally_openstack.cleanup.manager [-] Deleting neutron.network object s_rally_1e464ff8_1KrR7SGG (8c5e0f92-d91b-4fb7-bf2d-1e48097fb9a7)
2020-03-04 01:53:58.716 15 RALLYDEBUG rally_openstack.cleanup.manager [-] Deleting neutron.network object s_rally_1e464ff8_XzHuNNbM (9260c742-666f-4018-8bff-1ee93b5e74e2)
2020-03-04 01:53:58.772 15 RALLYDEBUG rally_openstack.cleanup.manager [-] Deleting neutron.network object s_rally_1e464ff8_NSFDi2RE (9a2bd811-a5c3-4095-bdf5-648a8ab1f9ea)
2020-03-04 01:53:58.940 15 RALLYDEBUG rally_openstack.cleanup.manager [-] Deleting neutron.network object s_rally_1e464ff8_x7d1x69F (9d479182-511c-4339-8a5a-9bc8caaef350)
2020-03-04 01:53:59.162 15 RALLYDEBUG rally_openstack.cleanup.manager [-] Deleting neutron.network object s_rally_1e464ff8_RmchgLkO (a4fb1744-37b6-47a7-9257-00f3ec9f1cae)
2020-03-04 01:53:59.801 15 RALLYDEBUG rally_openstack.cleanup.manager [-] Deleting neutron.network object s_rally_1e464ff8_kqqLAQHw (a69dbb74-fd8f-4bac-b9f0-539523e06728)
2020-03-04 01:54:00.055 15 RALLYDEBUG rally_openstack.cleanup.manager [-] Deleting neutron.network object s_rally_1e464ff8_uu7RTIdt (a92798d1-22c1-4258-b6c3-efbd0e970940)
2020-03-04 01:54:00.168 15 RALLYDEBUG rally_openstack.cleanup.manager [-] Deleting neutron.network object s_rally_1e464ff8_J3tDJQnE (b5a02597-2c61-4126-ae85-59f2793cd2ce)
2020-03-04 01:54:00.546 15 RALLYDEBUG rally_openstack.cleanup.manager [-] Deleting neutron.network object s_rally_1e464ff8_UXNUQIOg (cecfb551-abd2-4785-9513-1a71624aa5e2)
2020-03-04 01:54:00.579 15 RALLYDEBUG rally_openstack.cleanup.manager [-] Deleting neutron.network object s_rally_1e464ff8_k5g2VIY8 (d854a531-e241-492f-813a-774e30f9f0e1)
2020-03-04 01:54:00.609 15 RALLYDEBUG rally_openstack.cleanup.manager [-] Deleting neutron.network object s_rally_1e464ff8_mBaL9q7L (dab9e7b0-6bb0-4675-a9d3-836ff67f4f40)
2020-03-04 01:54:01.031 15 RALLYDEBUG rally_openstack.cleanup.manager [-] Deleting neutron.network object s_rally_1e464ff8_xoMGDkVL (de6ad12f-a163-4897-be7e-91659ae3ec75)
2020-03-04 01:54:02.431 15 RALLYDEBUG rally_openstack.cleanup.manager [-] Deleting neutron.network object s_rally_1e464ff8_dSOdhqAC (ef54c22c-11b8-4a24-85dd-e494e8a1b7bb)
2020-03-04 01:54:02.592 15 RALLYDEBUG rally_openstack.cleanup.manager [-] Deleting neutron.network object s_rally_1e464ff8_ibJpa5G3 (f198ec7d-3ed7-4896-bbd4-485babb75ce1)
2020-03-04 01:54:02.674 15 RALLYDEBUG rally_openstack.cleanup.manager [-] Deleting neutron.network object s_rally_1e464ff8_PJhi1FaO (ff955a38-ab24-44fd-938a-6428f5ba9001)
2020-03-04 01:54:05.097 15 RALLYDEBUG rally_openstack.cleanup.manager [-] Cleaning up neutron router objects
2020-03-04 01:54:05.452 15 RALLYDEBUG rally_openstack.cleanup.manager [-] Cleaning up neutron security_group objects
2020-03-04 01:54:06.113 15 INFO rally.task.context [-] Task eca17900-a486-44e2-bffc-7494f256c292 | Context cleanup@openstack cleanup() finished in 28.81 sec
2020-03-04 01:54:06.114 15 INFO rally.task.context [-] Task eca17900-a486-44e2-bffc-7494f256c292 | Context quotas@openstack cleanup() started
2020-03-04 01:54:06.809 15 INFO rally.task.context [-] Task eca17900-a486-44e2-bffc-7494f256c292 | Context quotas@openstack cleanup() finished in 0.70 sec
2020-03-04 01:54:06.810 15 INFO rally.task.context [-] Task eca17900-a486-44e2-bffc-7494f256c292 | Context users@openstack cleanup() started
2020-03-04 01:54:08.346 15 INFO rally.task.context [-] Task eca17900-a486-44e2-bffc-7494f256c292 | Context users@openstack cleanup() finished in 1.54 sec
2020-03-04 01:54:08.534 15 INFO rally.task.engine [-] Load duration is: 178.182697
2020-03-04 01:54:08.535 15 INFO rally.task.engine [-] Full runner duration is: 178.228367
2020-03-04 01:54:08.535 15 INFO rally.task.engine [-] Full duration is: 210.650921
2020-03-04 01:54:08.638 15 INFO rally.task.engine [-] Running workload: position = 0 config = { "version": 2, "title": "A cropped version of a bigger task.", "description": "Auto-generated task from a single workload (uuid=bc5e8158-cf04-4bf6-b6ba-d52a29161401)", "subtasks": [ { "title": "NeutronNetworks.create_and_list_ports", "description": "Check performance of list ports action and ensure > network quotas are not exceeded", "scenario": { "NeutronNetworks.create_and_list_ports": { "network_create_args": null, "port_create_args": null, "ports_per_network": 50 } }, "contexts": { "users": { "tenants": 1, "users_per_tenant": 1 }, "quotas": { "neutron": { "network": -1, "subnet": -1, "router": -1, "port": 811 } } }, "runner": { "constant": { "times": 8, "concurrency": 4 } }, "hooks": [], "sla": { "max_avg_duration_per_atomic": { "neutron.list_ports": 15 }, "failure_rate": { "max": 0 } } } ] }
2020-03-04 01:54:08.660 15 RALLYDEBUG rally_openstack.contexts.keystone.users [-] Creating 1 tenants using 20 threads
2020-03-04 01:54:08.962 15 RALLYDEBUG rally_openstack.contexts.keystone.users [-] Creating 1 users using 20 threads
2020-03-04 01:54:09.650 15 INFO rally.task.context [-] Task eca17900-a486-44e2-bffc-7494f256c292 | Context users@openstack setup() finished in 0.99 sec
2020-03-04 01:54:10.156 15 INFO rally.task.context [-] Task eca17900-a486-44e2-bffc-7494f256c292 | Context quotas@openstack setup() finished in 0.51 sec
2020-03-04 01:54:10.157 15 INFO rally.task.context [-] Task eca17900-a486-44e2-bffc-7494f256c292 | Context cleanup@openstack setup() finished in 0.00 msec
2020-03-04 01:54:10.166 15 RALLYDEBUG rally.task.runner [-] Starting the constant runner (task UUID: eca17900-a486-44e2-bffc-7494f256c292). timeout: 0 concurrency: 4 concurrency_per_worker: 1 times: 8 concurrency_overhead: 0 processes_to_start: 4 max_cpu_used: 88
2020-03-04 01:54:10.181 3875 RALLYDEBUG rally.task.runner [-] Starting a worker. concurrency: 1 args: {"network_create_args": null, "port_create_args": null, "ports_per_network": 50} times: 8 method_name: run timeout: 0 duration: None cls:
2020-03-04 01:54:10.184 3876 RALLYDEBUG rally.task.runner [-] Starting a worker. concurrency: 1 args: {"network_create_args": null, "port_create_args": null, "ports_per_network": 50} times: 8 method_name: run timeout: 0 duration: None cls:
2020-03-04 01:54:10.188 3875 INFO rally.task.runner [-] Task eca17900-a486-44e2-bffc-7494f256c292 | ITER: 1 START
2020-03-04 01:54:10.187 3877 RALLYDEBUG rally.task.runner [-] Starting a worker. concurrency: 1 args: {"network_create_args": null, "port_create_args": null, "ports_per_network": 50} times: 8 method_name: run timeout: 0 duration: None cls:
2020-03-04 01:54:10.189 3875 WARNING rally_openstack.scenarios.neutron.utils [-] Running this scenario without either the 'network' or 'existing_network' context is deprecated
2020-03-04 01:54:10.190 3876 INFO rally.task.runner [-] Task eca17900-a486-44e2-bffc-7494f256c292 | ITER: 2 START
2020-03-04 01:54:10.191 3878 RALLYDEBUG rally.task.runner [-] Starting a worker. concurrency: 1 args: {"network_create_args": null, "port_create_args": null, "ports_per_network": 50} times: 8 method_name: run timeout: 0 duration: None cls:
2020-03-04 01:54:10.191 3876 WARNING rally_openstack.scenarios.neutron.utils [-] Running this scenario without either the 'network' or 'existing_network' context is deprecated
2020-03-04 01:54:10.193 3877 INFO rally.task.runner [-] Task eca17900-a486-44e2-bffc-7494f256c292 | ITER: 3 START
2020-03-04 01:54:10.195 3877 WARNING rally_openstack.scenarios.neutron.utils [-] Running this scenario without either the 'network' or 'existing_network' context is deprecated
2020-03-04 01:54:10.197 3878 INFO rally.task.runner [-] Task eca17900-a486-44e2-bffc-7494f256c292 | ITER: 4 START
2020-03-04 01:54:10.198 3878 WARNING rally_openstack.scenarios.neutron.utils [-] Running this scenario without either the 'network' or 'existing_network' context is deprecated
2020-03-04 01:55:18.644 3877 INFO rally.task.runner [-] Task eca17900-a486-44e2-bffc-7494f256c292 | ITER: 3 END: OK
2020-03-04 01:55:18.651 3877 INFO rally.task.runner [-] Task eca17900-a486-44e2-bffc-7494f256c292 | ITER: 5 START
2020-03-04 01:55:18.652 3877 WARNING rally_openstack.scenarios.neutron.utils [-] Running this scenario without either the 'network' or 'existing_network' context is deprecated
2020-03-04 01:55:20.539 3875 INFO rally.task.runner [-] Task eca17900-a486-44e2-bffc-7494f256c292 | ITER: 1 END: OK
2020-03-04 01:55:20.545 3875 INFO rally.task.runner [-] Task eca17900-a486-44e2-bffc-7494f256c292 | ITER: 6 START
2020-03-04 01:55:20.546 3875 WARNING rally_openstack.scenarios.neutron.utils [-] Running this scenario without either the 'network' or 'existing_network' context is deprecated
2020-03-04 01:55:24.343 3876 INFO rally.task.runner [-] Task eca17900-a486-44e2-bffc-7494f256c292 | ITER: 2 END: OK
2020-03-04 01:55:24.349 3876 INFO rally.task.runner [-] Task eca17900-a486-44e2-bffc-7494f256c292 | ITER: 7 START
2020-03-04 01:55:24.350 3876 WARNING rally_openstack.scenarios.neutron.utils [-] Running this scenario without either the 'network' or 'existing_network' context is deprecated
2020-03-04 01:55:24.794 3878 INFO rally.task.runner [-] Task eca17900-a486-44e2-bffc-7494f256c292 | ITER: 4 END: OK
2020-03-04 01:55:24.800 3878 INFO rally.task.runner [-] Task eca17900-a486-44e2-bffc-7494f256c292 | ITER: 8 START
2020-03-04 01:55:24.801 3878 WARNING rally_openstack.scenarios.neutron.utils [-] Running this scenario without either the 'network' or 'existing_network' context is deprecated
2020-03-04 01:56:26.960 3875 INFO rally.task.runner [-] Task eca17900-a486-44e2-bffc-7494f256c292 | ITER: 6 END: OK
2020-03-04 01:56:28.367 3877 INFO rally.task.runner [-] Task eca17900-a486-44e2-bffc-7494f256c292 | ITER: 5 END: OK
2020-03-04 01:56:52.192 3878 INFO rally.task.runner [-] Task eca17900-a486-44e2-bffc-7494f256c292 | ITER: 8 END: OK
2020-03-04 01:56:53.249 3876 INFO rally.task.runner [-] Task eca17900-a486-44e2-bffc-7494f256c292 | ITER: 7 END: OK
2020-03-04 01:56:53.269 15 INFO rally.task.context [-] Task eca17900-a486-44e2-bffc-7494f256c292 | Context cleanup@openstack cleanup() started
2020-03-04 01:56:53.273 15 RALLYDEBUG rally_openstack.cleanup.manager [-] Cleaning up neutron vip objects
