2020-03-03 23:26:01.076 725 INFO rally.task.engine [-] Running workload: position = 0 config = { "version": 2, "title": "A cropped version of a bigger task.", "description": "Auto-generated task from a single workload (uuid=22ffdb92-cfb5-4a82-a5fc-88419ea16a6d)", "subtasks": [ { "title": "GlanceImages.create_and_download_image", "description": "Create an image, then download data of the image.", "scenario": { "GlanceImages.create_and_download_image": { "container_format": "bare", "disk_format": "qcow2", "image_location": "/home/opnfv/functest/images/cirros-0.4.0-x86_64-disk.img" } }, "contexts": { "users": { "tenants": 3, "users_per_tenant": 2 } }, "runner": { "constant": { "concurrency": 4, "times": 10 } }, "hooks": [], "sla": { "failure_rate": { "max": 0 } } } ] }
2020-03-03 23:26:01.101 725 RALLYDEBUG rally_openstack.contexts.keystone.users [-] Creating 3 tenants using 20 threads
2020-03-03 23:26:01.973 725 RALLYDEBUG rally_openstack.contexts.keystone.users [-] Creating 6 users using 20 threads
2020-03-03 23:26:03.173 725 INFO rally.task.context [-] Task f2c8f781-4cd8-4299-bc10-fca705a929a5 | Context users@openstack setup() finished in 2.07 sec
2020-03-03 23:26:03.173 725 INFO rally.task.context [-] Task f2c8f781-4cd8-4299-bc10-fca705a929a5 | Context cleanup@openstack setup() finished in 0.02 msec
2020-03-03 23:26:03.184 725 RALLYDEBUG rally.task.runner [-] Starting the constant runner (task UUID: f2c8f781-4cd8-4299-bc10-fca705a929a5). timeout: 0 concurrency: 4 concurrency_per_worker: 1 times: 10 concurrency_overhead: 0 processes_to_start: 4 max_cpu_used: 88
2020-03-03 23:26:03.200 1509 RALLYDEBUG rally.task.runner [-] Starting a worker. concurrency: 1 args: {"container_format": "bare", "disk_format": "qcow2", "image_location": "/home/opnfv/functest/images/cirros-0.4.0-x86_64-disk.img"} times: 10 method_name: run timeout: 0 duration: None cls:
2020-03-03 23:26:03.202 1510 RALLYDEBUG rally.task.runner [-] Starting a worker. concurrency: 1 args: {"container_format": "bare", "disk_format": "qcow2", "image_location": "/home/opnfv/functest/images/cirros-0.4.0-x86_64-disk.img"} times: 10 method_name: run timeout: 0 duration: None cls:
2020-03-03 23:26:03.206 1511 RALLYDEBUG rally.task.runner [-] Starting a worker. concurrency: 1 args: {"container_format": "bare", "disk_format": "qcow2", "image_location": "/home/opnfv/functest/images/cirros-0.4.0-x86_64-disk.img"} times: 10 method_name: run timeout: 0 duration: None cls:
2020-03-03 23:26:03.208 1509 INFO rally.task.runner [-] Task f2c8f781-4cd8-4299-bc10-fca705a929a5 | ITER: 1 START
2020-03-03 23:26:03.209 1510 INFO rally.task.runner [-] Task f2c8f781-4cd8-4299-bc10-fca705a929a5 | ITER: 2 START
2020-03-03 23:26:03.209 1512 RALLYDEBUG rally.task.runner [-] Starting a worker. concurrency: 1 args: {"container_format": "bare", "disk_format": "qcow2", "image_location": "/home/opnfv/functest/images/cirros-0.4.0-x86_64-disk.img"} times: 10 method_name: run timeout: 0 duration: None cls:
2020-03-03 23:26:03.214 1511 INFO rally.task.runner [-] Task f2c8f781-4cd8-4299-bc10-fca705a929a5 | ITER: 3 START
2020-03-03 23:26:03.216 1512 INFO rally.task.runner [-] Task f2c8f781-4cd8-4299-bc10-fca705a929a5 | ITER: 4 START
2020-03-03 23:26:05.911 1511 RALLYDEBUG rally.task.utils [-] Waiting for resource u'c0fcd021-4ab9-4ddc-ba4b-03d350d49ef1'. Status changed: NONE => QUEUED in 0.0658330917358
2020-03-03 23:26:06.062 1509 RALLYDEBUG rally.task.utils [-] Waiting for resource u'b264b883-609a-490d-9dd7-9f856107bf2f'. Status changed: NONE => QUEUED in 0.0612058639526
2020-03-03 23:26:06.173 1510 RALLYDEBUG rally.task.utils [-] Waiting for resource u'3f32c752-b424-45dc-91aa-dc27b9f7cb2e'. Status changed: NONE => QUEUED in 0.0832171440125
2020-03-03 23:26:06.228 1512 RALLYDEBUG rally.task.utils [-] Waiting for resource u'78dd55cd-ce51-44c3-aae7-22c55593c979'. Status changed: NONE => QUEUED in 0.0642800331116
2020-03-03 23:26:06.953 1511 RALLYDEBUG rally.task.utils [-] Waiting for resource s_rally_22ffdb92_nUcwEPNI. Status changed: QUEUED => ACTIVE in 0.0363008975983
2020-03-03 23:26:07.181 1509 RALLYDEBUG rally.task.utils [-] Waiting for resource s_rally_22ffdb92_zhf7adfU. Status changed: QUEUED => ACTIVE in 0.0412721633911
2020-03-03 23:26:07.223 1511 INFO rally.task.runner [-] Task f2c8f781-4cd8-4299-bc10-fca705a929a5 | ITER: 3 END: OK
2020-03-03 23:26:07.228 1511 INFO rally.task.runner [-] Task f2c8f781-4cd8-4299-bc10-fca705a929a5 | ITER: 5 START
2020-03-03 23:26:07.496 1509 INFO rally.task.runner [-] Task f2c8f781-4cd8-4299-bc10-fca705a929a5 | ITER: 1 END: OK
2020-03-03 23:26:07.500 1509 INFO rally.task.runner [-] Task f2c8f781-4cd8-4299-bc10-fca705a929a5 | ITER: 6 START
2020-03-03 23:26:07.537 1512 RALLYDEBUG rally.task.utils [-] Waiting for resource s_rally_22ffdb92_a6lcAOBf. Status changed: QUEUED => ACTIVE in 0.0384109020233
2020-03-03 23:26:07.554 1510 RALLYDEBUG rally.task.utils [-] Waiting for resource s_rally_22ffdb92_QWAVXp8k. Status changed: QUEUED => ACTIVE in 0.0364699363708
2020-03-03 23:26:07.841 1510 INFO rally.task.runner [-] Task f2c8f781-4cd8-4299-bc10-fca705a929a5 | ITER: 2 END: OK
2020-03-03 23:26:07.843 1512 INFO rally.task.runner [-] Task f2c8f781-4cd8-4299-bc10-fca705a929a5 | ITER: 4 END: OK
2020-03-03 23:26:07.845 1510 INFO rally.task.runner [-] Task f2c8f781-4cd8-4299-bc10-fca705a929a5 | ITER: 7 START
2020-03-03 23:26:07.848 1512 INFO rally.task.runner [-] Task f2c8f781-4cd8-4299-bc10-fca705a929a5 | ITER: 8 START
2020-03-03 23:26:09.778 1511 RALLYDEBUG rally.task.utils [-] Waiting for resource u'ee2b064f-e7b5-4106-96c0-ec4463aacaf5'. Status changed: NONE => QUEUED in 0.0597259998322
2020-03-03 23:26:09.951 1509 RALLYDEBUG rally.task.utils [-] Waiting for resource u'2d53d05e-c1d1-49ca-bade-0437527e0253'. Status changed: NONE => QUEUED in 0.0771379470825
2020-03-03 23:26:10.355 1512 RALLYDEBUG rally.task.utils [-] Waiting for resource u'f807fd72-3f5f-4612-ae6d-e382cdc01ee8'. Status changed: NONE => QUEUED in 0.0607368946075
2020-03-03 23:26:10.470 1510 RALLYDEBUG rally.task.utils [-] Waiting for resource u'd7779d35-1d81-4f07-b97c-a43cd1d1d3a0'. Status changed: NONE => QUEUED in 0.0642008781433
2020-03-03 23:26:10.733 1511 RALLYDEBUG rally.task.utils [-] Waiting for resource s_rally_22ffdb92_1ijeWPzv. Status changed: QUEUED => ACTIVE in 0.0425758361816
2020-03-03 23:26:11.036 1511 INFO rally.task.runner [-] Task f2c8f781-4cd8-4299-bc10-fca705a929a5 | ITER: 5 END: OK
2020-03-03 23:26:11.040 1511 INFO rally.task.runner [-] Task f2c8f781-4cd8-4299-bc10-fca705a929a5 | ITER: 9 START
2020-03-03 23:26:11.087 1509 RALLYDEBUG rally.task.utils [-] Waiting for resource s_rally_22ffdb92_LrhkTZ7h. Status changed: QUEUED => ACTIVE in 0.0329689979553
2020-03-03 23:26:11.405 1509 INFO rally.task.runner [-] Task f2c8f781-4cd8-4299-bc10-fca705a929a5 | ITER: 6 END: OK
2020-03-03 23:26:11.409 1509 INFO rally.task.runner [-] Task f2c8f781-4cd8-4299-bc10-fca705a929a5 | ITER: 10 START
2020-03-03 23:26:11.490 1510 RALLYDEBUG rally.task.utils [-] Waiting for resource s_rally_22ffdb92_mMcyMFCb. Status changed: QUEUED => ACTIVE in 0.0361289978027
2020-03-03 23:26:11.616 1512 RALLYDEBUG rally.task.utils [-] Waiting for resource s_rally_22ffdb92_oFVyoFth. Status changed: QUEUED => ACTIVE in 0.0399010181427
2020-03-03 23:26:11.790 1510 INFO rally.task.runner [-] Task f2c8f781-4cd8-4299-bc10-fca705a929a5 | ITER: 7 END: OK
2020-03-03 23:26:11.869 1512 INFO rally.task.runner [-] Task f2c8f781-4cd8-4299-bc10-fca705a929a5 | ITER: 8 END: OK
2020-03-03 23:26:13.668 1511 RALLYDEBUG rally.task.utils [-] Waiting for resource u'244b4c7f-5ee1-4548-b840-5ecdb260247e'. Status changed: NONE => QUEUED in 0.0638589859009
2020-03-03 23:26:14.013 1509 RALLYDEBUG rally.task.utils [-] Waiting for resource u'3afb24db-c2e5-44c4-91ea-8dcff4980554'. Status changed: NONE => QUEUED in 0.0655920505524
2020-03-03 23:26:15.619 1511 RALLYDEBUG rally.task.utils [-] Waiting for resource s_rally_22ffdb92_e069gRR9. Status changed: QUEUED => ACTIVE in 0.0397160053253
2020-03-03 23:26:15.873 1511 INFO rally.task.runner [-] Task f2c8f781-4cd8-4299-bc10-fca705a929a5 | ITER: 9 END: OK
2020-03-03 23:26:16.161 1509 RALLYDEBUG rally.task.utils [-] Waiting for resource s_rally_22ffdb92_XPLhXDF4. Status changed: QUEUED => ACTIVE in 0.0412580966949
2020-03-03 23:26:16.430 1509 INFO rally.task.runner [-] Task f2c8f781-4cd8-4299-bc10-fca705a929a5 | ITER: 10 END: OK
2020-03-03 23:26:16.449 725 INFO rally.task.context [-] Task f2c8f781-4cd8-4299-bc10-fca705a929a5 | Context cleanup@openstack cleanup() started
2020-03-03 23:26:16.453 725 RALLYDEBUG rally_openstack.cleanup.manager [-] Cleaning up glance images objects
2020-03-03 23:26:17.335 725 RALLYDEBUG rally_openstack.cleanup.manager [-] Deleting glance.images object s_rally_22ffdb92_nUcwEPNI (c0fcd021-4ab9-4ddc-ba4b-03d350d49ef1)
2020-03-03 23:26:17.335 725 RALLYDEBUG rally_openstack.cleanup.manager [-] Deleting glance.images object s_rally_22ffdb92_LrhkTZ7h (2d53d05e-c1d1-49ca-bade-0437527e0253)
2020-03-03 23:26:17.336 725 RALLYDEBUG rally_openstack.cleanup.manager [-] Deleting glance.images object s_rally_22ffdb92_a6lcAOBf (78dd55cd-ce51-44c3-aae7-22c55593c979)
2020-03-03 23:26:17.340 725 RALLYDEBUG rally_openstack.cleanup.manager [-] Deleting glance.images object s_rally_22ffdb92_mMcyMFCb (d7779d35-1d81-4f07-b97c-a43cd1d1d3a0)
2020-03-03 23:26:17.340 725 RALLYDEBUG rally_openstack.cleanup.manager [-] Deleting glance.images object s_rally_22ffdb92_QWAVXp8k (3f32c752-b424-45dc-91aa-dc27b9f7cb2e)
2020-03-03 23:26:17.347 725 RALLYDEBUG rally_openstack.cleanup.manager [-] Deleting glance.images object s_rally_22ffdb92_1ijeWPzv (ee2b064f-e7b5-4106-96c0-ec4463aacaf5)
2020-03-03 23:26:17.359 725 RALLYDEBUG rally_openstack.cleanup.manager [-] Deleting glance.images object s_rally_22ffdb92_XPLhXDF4 (3afb24db-c2e5-44c4-91ea-8dcff4980554)
2020-03-03 23:26:17.372 725 RALLYDEBUG rally_openstack.cleanup.manager [-] Deleting glance.images object s_rally_22ffdb92_e069gRR9 (244b4c7f-5ee1-4548-b840-5ecdb260247e)
2020-03-03 23:26:17.404 725 RALLYDEBUG rally_openstack.cleanup.manager [-] Deleting glance.images object s_rally_22ffdb92_oFVyoFth (f807fd72-3f5f-4612-ae6d-e382cdc01ee8)
2020-03-03 23:26:17.419 725 RALLYDEBUG rally_openstack.cleanup.manager [-] Deleting glance.images object s_rally_22ffdb92_zhf7adfU (b264b883-609a-490d-9dd7-9f856107bf2f)
2020-03-03 23:26:18.424 725 DEBUG glanceclient.common.http [-] Request returned failure status 404. _handle_response /usr/lib/python2.7/site-packages/glanceclient/common/http.py:125
2020-03-03 23:26:18.469 725 DEBUG glanceclient.common.http [-] Request returned failure status 404. _handle_response /usr/lib/python2.7/site-packages/glanceclient/common/http.py:125
2020-03-03 23:26:19.371 725 DEBUG glanceclient.common.http [-] Request returned failure status 404. _handle_response /usr/lib/python2.7/site-packages/glanceclient/common/http.py:125
2020-03-03 23:26:19.424 725 DEBUG glanceclient.common.http [-] Request returned failure status 404. _handle_response /usr/lib/python2.7/site-packages/glanceclient/common/http.py:125
2020-03-03 23:26:19.426 725 DEBUG glanceclient.common.http [-] Request returned failure status 404. _handle_response /usr/lib/python2.7/site-packages/glanceclient/common/http.py:125
2020-03-03 23:26:19.471 725 DEBUG glanceclient.common.http [-] Request returned failure status 404. _handle_response /usr/lib/python2.7/site-packages/glanceclient/common/http.py:125
2020-03-03 23:26:19.477 725 DEBUG glanceclient.common.http [-] Request returned failure status 404. _handle_response /usr/lib/python2.7/site-packages/glanceclient/common/http.py:125
2020-03-03 23:26:19.529 725 DEBUG glanceclient.common.http [-] Request returned failure status 404. _handle_response /usr/lib/python2.7/site-packages/glanceclient/common/http.py:125
2020-03-03 23:26:19.536 725 DEBUG glanceclient.common.http [-] Request returned failure status 404. _handle_response /usr/lib/python2.7/site-packages/glanceclient/common/http.py:125
2020-03-03 23:26:19.546 725 DEBUG glanceclient.common.http [-] Request returned failure status 404. _handle_response /usr/lib/python2.7/site-packages/glanceclient/common/http.py:125
2020-03-03 23:26:19.580 725 DEBUG glanceclient.common.http [-] Request returned failure status 404. _handle_response /usr/lib/python2.7/site-packages/glanceclient/common/http.py:125
2020-03-03 23:26:19.604 725 DEBUG glanceclient.common.http [-] Request returned failure status 404. _handle_response /usr/lib/python2.7/site-packages/glanceclient/common/http.py:125
2020-03-03 23:26:19.609 725 DEBUG glanceclient.common.http [-] Request returned failure status 404. _handle_response /usr/lib/python2.7/site-packages/glanceclient/common/http.py:125
2020-03-03 23:26:19.626 725 DEBUG glanceclient.common.http [-] Request returned failure status 404. _handle_response /usr/lib/python2.7/site-packages/glanceclient/common/http.py:125
2020-03-03 23:26:19.631 725 DEBUG glanceclient.common.http [-] Request returned failure status 404. _handle_response /usr/lib/python2.7/site-packages/glanceclient/common/http.py:125
2020-03-03 23:26:19.639 725 DEBUG glanceclient.common.http [-] Request returned failure status 404. _handle_response /usr/lib/python2.7/site-packages/glanceclient/common/http.py:125
2020-03-03 23:26:19.642 725 DEBUG glanceclient.common.http [-] Request returned failure status 404. _handle_response /usr/lib/python2.7/site-packages/glanceclient/common/http.py:125
2020-03-03 23:26:19.653 725 DEBUG glanceclient.common.http [-] Request returned failure status 404. _handle_response /usr/lib/python2.7/site-packages/glanceclient/common/http.py:125
2020-03-03 23:26:19.670 725 DEBUG glanceclient.common.http [-] Request returned failure status 404. _handle_response /usr/lib/python2.7/site-packages/glanceclient/common/http.py:125
2020-03-03 23:26:19.679 725 DEBUG glanceclient.common.http [-] Request returned failure status 404. _handle_response /usr/lib/python2.7/site-packages/glanceclient/common/http.py:125
2020-03-03 23:26:20.682 725 INFO rally.task.context [-] Task f2c8f781-4cd8-4299-bc10-fca705a929a5 | Context cleanup@openstack cleanup() finished in 4.23 sec
2020-03-03 23:26:20.682 725 INFO rally.task.context [-] Task f2c8f781-4cd8-4299-bc10-fca705a929a5 | Context users@openstack cleanup() started
2020-03-03 23:26:25.422 725 INFO rally.task.context [-] Task f2c8f781-4cd8-4299-bc10-fca705a929a5 | Context users@openstack cleanup() finished in 4.74 sec
2020-03-03 23:26:27.234 725 INFO rally.task.engine [-] Load duration is: 12.885516
2020-03-03 23:26:27.235 725 INFO rally.task.engine [-] Full runner duration is: 13.266384
2020-03-03 23:26:27.235 725 INFO rally.task.engine [-] Full duration is: 24.322708
2020-03-03 23:26:27.296 725 INFO rally.task.engine [-] Running workload: position = 0 config = { "version": 2, "title": "A cropped version of a bigger task.", "description": "Auto-generated task from a single workload (uuid=e66eb6fa-2e06-4951-9913-d3bbb5ac8272)", "subtasks": [ { "title": "GlanceImages.create_and_get_image", "description": "Create and get detailed information of an image.", "scenario": { "GlanceImages.create_and_get_image": { "container_format": "bare", "disk_format": "qcow2", "image_location": "/home/opnfv/functest/images/cirros-0.4.0-x86_64-disk.img" } }, "contexts": { "users": { "tenants": 3, "users_per_tenant": 2 } }, "runner": { "constant": { "concurrency": 4, "times": 10 } }, "hooks": [], "sla": { "failure_rate": { "max": 0 } } } ] }
2020-03-03 23:26:27.319 725 RALLYDEBUG rally_openstack.contexts.keystone.users [-] Creating 3 tenants using 20 threads
2020-03-03 23:26:31.800 725 RALLYDEBUG rally_openstack.contexts.keystone.users [-] Creating 6 users using 20 threads
2020-03-03 23:26:36.043 725 INFO rally.task.context [-] Task f2c8f781-4cd8-4299-bc10-fca705a929a5 | Context users@openstack setup() finished in 8.72 sec
2020-03-03 23:26:36.044 725 INFO rally.task.context [-] Task f2c8f781-4cd8-4299-bc10-fca705a929a5 | Context cleanup@openstack setup() finished in 0.01 msec
2020-03-03 23:26:36.053 725 RALLYDEBUG rally.task.runner [-] Starting the constant runner (task UUID: f2c8f781-4cd8-4299-bc10-fca705a929a5). timeout: 0 concurrency: 4 concurrency_per_worker: 1 times: 10 concurrency_overhead: 0 processes_to_start: 4 max_cpu_used: 88
2020-03-03 23:26:36.066 1633 RALLYDEBUG rally.task.runner [-] Starting a worker. concurrency: 1 args: {"container_format": "bare", "disk_format": "qcow2", "image_location": "/home/opnfv/functest/images/cirros-0.4.0-x86_64-disk.img"} times: 10 method_name: run timeout: 0 duration: None cls:
2020-03-03 23:26:36.070 1634 RALLYDEBUG rally.task.runner [-] Starting a worker. concurrency: 1 args: {"container_format": "bare", "disk_format": "qcow2", "image_location": "/home/opnfv/functest/images/cirros-0.4.0-x86_64-disk.img"} times: 10 method_name: run timeout: 0 duration: None cls:
2020-03-03 23:26:36.073 1635 RALLYDEBUG rally.task.runner [-] Starting a worker. concurrency: 1 args: {"container_format": "bare", "disk_format": "qcow2", "image_location": "/home/opnfv/functest/images/cirros-0.4.0-x86_64-disk.img"} times: 10 method_name: run timeout: 0 duration: None cls:
2020-03-03 23:26:36.074 1633 INFO rally.task.runner [-] Task f2c8f781-4cd8-4299-bc10-fca705a929a5 | ITER: 1 START
2020-03-03 23:26:36.076 1636 RALLYDEBUG rally.task.runner [-] Starting a worker. concurrency: 1 args: {"container_format": "bare", "disk_format": "qcow2", "image_location": "/home/opnfv/functest/images/cirros-0.4.0-x86_64-disk.img"} times: 10 method_name: run timeout: 0 duration: None cls:
2020-03-03 23:26:36.080 1635 INFO rally.task.runner [-] Task f2c8f781-4cd8-4299-bc10-fca705a929a5 | ITER: 3 START
2020-03-03 23:26:36.080 1634 INFO rally.task.runner [-] Task f2c8f781-4cd8-4299-bc10-fca705a929a5 | ITER: 2 START
2020-03-03 23:26:36.083 1636 INFO rally.task.runner [-] Task f2c8f781-4cd8-4299-bc10-fca705a929a5 | ITER: 4 START
2020-03-03 23:26:38.920 1633 RALLYDEBUG rally.task.utils [-] Waiting for resource u'5b1a6fb4-d65f-4dfe-843c-23e2764bed8d'. Status changed: NONE => QUEUED in 0.0991730690002
2020-03-03 23:26:38.925 1635 RALLYDEBUG rally.task.utils [-] Waiting for resource u'fbdb24a8-87f6-4f99-b590-71c355a4391b'. Status changed: NONE => QUEUED in 0.0696759223938
2020-03-03 23:26:38.926 1634 RALLYDEBUG rally.task.utils [-] Waiting for resource u'debcd06d-2290-47ff-b25f-d5d3fe348db2'. Status changed: NONE => QUEUED in 0.0674340724945
2020-03-03 23:26:38.972 1636 RALLYDEBUG rally.task.utils [-] Waiting for resource u'973327cd-fdd0-4e40-9141-8cac89c6307e'. Status changed: NONE => QUEUED in 0.0693929195404
2020-03-03 23:26:40.623 1634 RALLYDEBUG rally.task.utils [-] Waiting for resource s_rally_e66eb6fa_0yEFaLnN. Status changed: QUEUED => ACTIVE in 0.0443108081818
2020-03-03 23:26:40.639 1635 RALLYDEBUG rally.task.utils [-] Waiting for resource s_rally_e66eb6fa_LUB8xpzr. Status changed: QUEUED => ACTIVE in 0.0431318283081
2020-03-03 23:26:40.653 1634 INFO rally.task.runner [-] Task f2c8f781-4cd8-4299-bc10-fca705a929a5 | ITER: 2 END: OK
2020-03-03 23:26:40.658 1634 INFO rally.task.runner [-] Task f2c8f781-4cd8-4299-bc10-fca705a929a5 | ITER: 5 START
2020-03-03 23:26:40.678 1635 INFO rally.task.runner [-] Task f2c8f781-4cd8-4299-bc10-fca705a929a5 | ITER: 3 END: OK
2020-03-03 23:26:40.683 1635 INFO rally.task.runner [-] Task f2c8f781-4cd8-4299-bc10-fca705a929a5 | ITER: 6 START
2020-03-03 23:26:41.050 1633 RALLYDEBUG rally.task.utils [-] Waiting for resource s_rally_e66eb6fa_tWHpQgbs. Status changed: QUEUED => ACTIVE in 0.040874004364
2020-03-03 23:26:41.099 1633 INFO rally.task.runner [-] Task f2c8f781-4cd8-4299-bc10-fca705a929a5 | ITER: 1 END: OK
2020-03-03 23:26:41.104 1633 INFO rally.task.runner [-] Task f2c8f781-4cd8-4299-bc10-fca705a929a5 | ITER: 7 START
2020-03-03 23:26:41.194 1636 RALLYDEBUG rally.task.utils [-] Waiting for resource s_rally_e66eb6fa_K6bduhZr. Status changed: QUEUED => ACTIVE in 0.0422968864441
2020-03-03 23:26:41.242 1636 INFO rally.task.runner [-] Task f2c8f781-4cd8-4299-bc10-fca705a929a5 | ITER: 4 END: OK
2020-03-03 23:26:41.247 1636 INFO rally.task.runner [-] Task f2c8f781-4cd8-4299-bc10-fca705a929a5 | ITER: 8 START
2020-03-03 23:26:43.324 1634 RALLYDEBUG rally.task.utils [-] Waiting for resource u'0615360e-25e1-4623-8cd3-d5907a623835'. Status changed: NONE => QUEUED in 0.0633809566498
2020-03-03 23:26:43.375 1635 RALLYDEBUG rally.task.utils [-] Waiting for resource u'52e70a99-9220-4ab2-afaa-a13eb1a57d12'. Status changed: NONE => QUEUED in 0.0729169845581
2020-03-03 23:26:43.622 1633 RALLYDEBUG rally.task.utils [-] Waiting for resource u'eaccc3ba-7a32-4c16-be5b-625efe2bff78'. Status changed: NONE => QUEUED in 0.065299987793
2020-03-03 23:26:43.973 1636 RALLYDEBUG rally.task.utils [-] Waiting for resource u'5fc14f09-befc-43f2-ac63-b4dd3c422ae6'. Status changed: NONE => QUEUED in 0.0671780109406
2020-03-03 23:26:44.442 1634 RALLYDEBUG rally.task.utils [-] Waiting for resource s_rally_e66eb6fa_XX0roI3C. Status changed: QUEUED => ACTIVE in 0.109611034393
2020-03-03 23:26:44.499 1634 INFO rally.task.runner [-] Task f2c8f781-4cd8-4299-bc10-fca705a929a5 | ITER: 5 END: OK
2020-03-03 23:26:44.504 1635 RALLYDEBUG rally.task.utils [-] Waiting for resource s_rally_e66eb6fa_hNNw0Wyd. Status changed: QUEUED => ACTIVE in 0.0499088764191
2020-03-03 23:26:44.504 1634 INFO rally.task.runner [-] Task f2c8f781-4cd8-4299-bc10-fca705a929a5 | ITER: 9 START
2020-03-03 23:26:44.560 1635 INFO rally.task.runner [-] Task f2c8f781-4cd8-4299-bc10-fca705a929a5 | ITER: 6 END: OK
2020-03-03 23:26:44.564 1635 INFO rally.task.runner [-] Task f2c8f781-4cd8-4299-bc10-fca705a929a5 | ITER: 10 START
2020-03-03 23:26:44.808 1633 RALLYDEBUG rally.task.utils [-] Waiting for resource s_rally_e66eb6fa_xvzFPnC0. Status changed: QUEUED => ACTIVE in 0.0487070083618
2020-03-03 23:26:44.847 1633 INFO rally.task.runner [-] Task f2c8f781-4cd8-4299-bc10-fca705a929a5 | ITER: 7 END: OK
2020-03-03 23:26:46.503 1636 RALLYDEBUG rally.task.utils [-] Waiting for resource s_rally_e66eb6fa_qRvvjSFx. Status changed: QUEUED => ACTIVE in 0.0448739528656
2020-03-03 23:26:46.547 1636 INFO rally.task.runner [-] Task f2c8f781-4cd8-4299-bc10-fca705a929a5 | ITER: 8 END: OK
2020-03-03 23:26:47.565 1635 RALLYDEBUG rally.task.utils [-] Waiting for resource u'8de62c8b-b72a-49db-9442-ac540af37235'. Status changed: NONE => QUEUED in 0.0751669406891
2020-03-03 23:26:48.272 1634 RALLYDEBUG rally.task.utils [-] Waiting for resource u'810c50c1-4440-49a2-b02a-d421a4aaf039'. Status changed: NONE => QUEUED in 0.0667760372162
2020-03-03 23:26:48.991 1635 RALLYDEBUG rally.task.utils [-] Waiting for resource s_rally_e66eb6fa_XRadh5b9. Status changed: QUEUED => ACTIVE in 0.0419020652771
2020-03-03 23:26:49.031 1635 INFO rally.task.runner [-] Task f2c8f781-4cd8-4299-bc10-fca705a929a5 | ITER: 10 END: OK
2020-03-03 23:26:49.539 1634 RALLYDEBUG rally.task.utils [-] Waiting for resource s_rally_e66eb6fa_WevkDiJC. Status changed: QUEUED => ACTIVE in 0.0446500778198
2020-03-03 23:26:49.583 1634 INFO rally.task.runner [-] Task f2c8f781-4cd8-4299-bc10-fca705a929a5 | ITER: 9 END: OK
2020-03-03 23:26:49.607 725 INFO rally.task.context [-] Task f2c8f781-4cd8-4299-bc10-fca705a929a5 | Context cleanup@openstack cleanup() started
2020-03-03 23:26:49.610 725 RALLYDEBUG rally_openstack.cleanup.manager [-] Cleaning up glance images objects
2020-03-03 23:26:50.714 725 RALLYDEBUG rally_openstack.cleanup.manager [-] Deleting glance.images object s_rally_e66eb6fa_xvzFPnC0 (eaccc3ba-7a32-4c16-be5b-625efe2bff78)
2020-03-03 23:26:50.720 725 RALLYDEBUG rally_openstack.cleanup.manager [-] Deleting glance.images object s_rally_e66eb6fa_LUB8xpzr (fbdb24a8-87f6-4f99-b590-71c355a4391b)
2020-03-03 23:26:50.723 725 RALLYDEBUG rally_openstack.cleanup.manager [-] Deleting glance.images object s_rally_e66eb6fa_WevkDiJC (810c50c1-4440-49a2-b02a-d421a4aaf039)
2020-03-03 23:26:50.727 725 RALLYDEBUG rally_openstack.cleanup.manager [-] Deleting glance.images object s_rally_e66eb6fa_XRadh5b9 (8de62c8b-b72a-49db-9442-ac540af37235)
2020-03-03 23:26:50.729 725 RALLYDEBUG rally_openstack.cleanup.manager [-] Deleting glance.images object s_rally_e66eb6fa_0yEFaLnN (debcd06d-2290-47ff-b25f-d5d3fe348db2)
2020-03-03 23:26:50.732 725 RALLYDEBUG rally_openstack.cleanup.manager [-] Deleting glance.images object s_rally_e66eb6fa_hNNw0Wyd (52e70a99-9220-4ab2-afaa-a13eb1a57d12)
2020-03-03 23:26:50.734 725 RALLYDEBUG rally_openstack.cleanup.manager [-] Deleting glance.images object s_rally_e66eb6fa_qRvvjSFx (5fc14f09-befc-43f2-ac63-b4dd3c422ae6)
2020-03-03 23:26:50.748 725 RALLYDEBUG rally_openstack.cleanup.manager [-] Deleting glance.images object s_rally_e66eb6fa_tWHpQgbs (5b1a6fb4-d65f-4dfe-843c-23e2764bed8d)
2020-03-03 23:26:50.752 725 RALLYDEBUG rally_openstack.cleanup.manager [-] Deleting glance.images object s_rally_e66eb6fa_K6bduhZr (973327cd-fdd0-4e40-9141-8cac89c6307e)
2020-03-03 23:26:50.769 725 RALLYDEBUG rally_openstack.cleanup.manager [-] Deleting glance.images object s_rally_e66eb6fa_XX0roI3C (0615360e-25e1-4623-8cd3-d5907a623835)
2020-03-03 23:26:53.840 725 DEBUG glanceclient.common.http [-] Request returned failure status 404. _handle_response /usr/lib/python2.7/site-packages/glanceclient/common/http.py:125
2020-03-03 23:26:53.911 725 DEBUG glanceclient.common.http [-] Request returned failure status 404. _handle_response /usr/lib/python2.7/site-packages/glanceclient/common/http.py:125
2020-03-03 23:26:53.913 725 DEBUG glanceclient.common.http [-] Request returned failure status 404. _handle_response /usr/lib/python2.7/site-packages/glanceclient/common/http.py:125
2020-03-03 23:26:53.963 725 DEBUG glanceclient.common.http [-] Request returned failure status 404. _handle_response /usr/lib/python2.7/site-packages/glanceclient/common/http.py:125
2020-03-03 23:26:53.971 725 DEBUG glanceclient.common.http [-] Request returned failure status 404. _handle_response /usr/lib/python2.7/site-packages/glanceclient/common/http.py:125
2020-03-03 23:26:53.995 725 DEBUG glanceclient.common.http [-] Request returned failure status 404. _handle_response /usr/lib/python2.7/site-packages/glanceclient/common/http.py:125
2020-03-03 23:26:53.998 725 DEBUG glanceclient.common.http [-] Request returned failure status 404. _handle_response /usr/lib/python2.7/site-packages/glanceclient/common/http.py:125
2020-03-03 23:26:54.032 725 DEBUG glanceclient.common.http [-] Request returned failure status 404. _handle_response /usr/lib/python2.7/site-packages/glanceclient/common/http.py:125
2020-03-03 23:26:54.100 725 DEBUG glanceclient.common.http [-] Request returned failure status 404. _handle_response /usr/lib/python2.7/site-packages/glanceclient/common/http.py:125
2020-03-03 23:26:54.132 725 DEBUG glanceclient.common.http [-] Request returned failure status 404. _handle_response /usr/lib/python2.7/site-packages/glanceclient/common/http.py:125
2020-03-03 23:26:54.133 725 DEBUG glanceclient.common.http [-] Request returned failure status 404. _handle_response /usr/lib/python2.7/site-packages/glanceclient/common/http.py:125
2020-03-03 23:26:54.162 725 DEBUG glanceclient.common.http [-] Request returned failure status 404. _handle_response /usr/lib/python2.7/site-packages/glanceclient/common/http.py:125
2020-03-03 23:26:54.203 725 DEBUG glanceclient.common.http [-] Request returned failure status 404. _handle_response /usr/lib/python2.7/site-packages/glanceclient/common/http.py:125
2020-03-03 23:26:54.243 725 DEBUG glanceclient.common.http [-] Request returned failure status 404. _handle_response /usr/lib/python2.7/site-packages/glanceclient/common/http.py:125
2020-03-03 23:26:54.346 725 DEBUG glanceclient.common.http [-] Request returned failure status 404. _handle_response /usr/lib/python2.7/site-packages/glanceclient/common/http.py:125
2020-03-03 23:26:54.386 725 DEBUG glanceclient.common.http [-] Request returned failure status 404. _handle_response /usr/lib/python2.7/site-packages/glanceclient/common/http.py:125
2020-03-03 23:26:54.401 725 DEBUG glanceclient.common.http [-] Request returned failure status 404. _handle_response /usr/lib/python2.7/site-packages/glanceclient/common/http.py:125
2020-03-03 23:26:54.442 725 DEBUG glanceclient.common.http [-] Request returned failure status 404. _handle_response /usr/lib/python2.7/site-packages/glanceclient/common/http.py:125
2020-03-03 23:26:54.523 725 DEBUG glanceclient.common.http [-] Request returned failure status 404. _handle_response /usr/lib/python2.7/site-packages/glanceclient/common/http.py:125
2020-03-03 23:26:54.572 725 DEBUG glanceclient.common.http [-] Request returned failure status 404. _handle_response /usr/lib/python2.7/site-packages/glanceclient/common/http.py:125
2020-03-03 23:26:55.576 725 INFO rally.task.context [-] Task f2c8f781-4cd8-4299-bc10-fca705a929a5 | Context cleanup@openstack cleanup() finished in 5.97 sec
2020-03-03 23:26:55.576 725 INFO rally.task.context [-] Task f2c8f781-4cd8-4299-bc10-fca705a929a5 | Context users@openstack cleanup() started
2020-03-03 23:27:00.672 725 INFO rally.task.context [-] Task f2c8f781-4cd8-4299-bc10-fca705a929a5 | Context users@openstack cleanup() finished in 5.10 sec
2020-03-03 23:27:01.542 725 INFO rally.task.engine [-] Load duration is: 13.178947
2020-03-03 23:27:01.542 725 INFO rally.task.engine [-] Full runner duration is: 13.554602
2020-03-03 23:27:01.543 725 INFO rally.task.engine [-] Full duration is: 33.355185
2020-03-03 23:27:01.603 725 INFO rally.task.engine [-] Running workload: position = 0 config = { "version": 2, "title": "A cropped version of a bigger task.", "description": "Auto-generated task from a single workload (uuid=4ae0db10-d69d-429e-bad3-dfbe75c72767)", "subtasks": [ { "title": "GlanceImages.create_and_update_image", "description": "Create an image then update it.", "scenario": { "GlanceImages.create_and_update_image": { "container_format": "bare", "disk_format": "qcow2", "image_location": "/home/opnfv/functest/images/cirros-0.4.0-x86_64-disk.img" } }, "contexts": { "users": { "tenants": 3, "users_per_tenant": 2 } }, "runner": { "constant": { "concurrency": 4, "times": 10 } }, "hooks": [], "sla": { "failure_rate": { "max": 0 } } } ] }
2020-03-03 23:27:01.625 725 RALLYDEBUG rally_openstack.contexts.keystone.users [-] Creating 3 tenants using 20 threads
2020-03-03 23:27:03.649 725 RALLYDEBUG rally_openstack.contexts.keystone.users [-] Creating 6 users using 20 threads
2020-03-03 23:27:05.291 725 INFO rally.task.context [-] Task f2c8f781-4cd8-4299-bc10-fca705a929a5 | Context users@openstack setup() finished in 3.67 sec
2020-03-03 23:27:05.292 725 INFO rally.task.context [-] Task f2c8f781-4cd8-4299-bc10-fca705a929a5 | Context cleanup@openstack setup() finished in 0.00 msec
2020-03-03 23:27:05.301 725 RALLYDEBUG rally.task.runner [-] Starting the constant runner (task UUID: f2c8f781-4cd8-4299-bc10-fca705a929a5). timeout: 0 concurrency: 4 concurrency_per_worker: 1 times: 10 concurrency_overhead: 0 processes_to_start: 4 max_cpu_used: 88
2020-03-03 23:27:05.315 1757 RALLYDEBUG rally.task.runner [-] Starting a worker. concurrency: 1 args: {"container_format": "bare", "disk_format": "qcow2", "image_location": "/home/opnfv/functest/images/cirros-0.4.0-x86_64-disk.img"} times: 10 method_name: run timeout: 0 duration: None cls:
2020-03-03 23:27:05.318 1758 RALLYDEBUG rally.task.runner [-] Starting a worker. concurrency: 1 args: {"container_format": "bare", "disk_format": "qcow2", "image_location": "/home/opnfv/functest/images/cirros-0.4.0-x86_64-disk.img"} times: 10 method_name: run timeout: 0 duration: None cls:
2020-03-03 23:27:05.322 1759 RALLYDEBUG rally.task.runner [-] Starting a worker. concurrency: 1 args: {"container_format": "bare", "disk_format": "qcow2", "image_location": "/home/opnfv/functest/images/cirros-0.4.0-x86_64-disk.img"} times: 10 method_name: run timeout: 0 duration: None cls:
2020-03-03 23:27:05.322 1757 INFO rally.task.runner [-] Task f2c8f781-4cd8-4299-bc10-fca705a929a5 | ITER: 1 START
2020-03-03 23:27:05.325 1758 INFO rally.task.runner [-] Task f2c8f781-4cd8-4299-bc10-fca705a929a5 | ITER: 2 START
2020-03-03 23:27:05.325 1760 RALLYDEBUG rally.task.runner [-] Starting a worker. concurrency: 1 args: {"container_format": "bare", "disk_format": "qcow2", "image_location": "/home/opnfv/functest/images/cirros-0.4.0-x86_64-disk.img"} times: 10 method_name: run timeout: 0 duration: None cls:
2020-03-03 23:27:05.329 1759 INFO rally.task.runner [-] Task f2c8f781-4cd8-4299-bc10-fca705a929a5 | ITER: 3 START
2020-03-03 23:27:05.331 1760 INFO rally.task.runner [-] Task f2c8f781-4cd8-4299-bc10-fca705a929a5 | ITER: 4 START
2020-03-03 23:27:08.036 1758 RALLYDEBUG rally.task.utils [-] Waiting for resource u'13010c0e-76b1-4ca7-81bb-68e78762aa9a'. Status changed: NONE => QUEUED in 0.0710768699646
2020-03-03 23:27:08.147 1760 RALLYDEBUG rally.task.utils [-] Waiting for resource u'5def247e-ae0c-455a-b4cf-6465f2e863da'. Status changed: NONE => QUEUED in 0.1039249897
2020-03-03 23:27:08.149 1759 RALLYDEBUG rally.task.utils [-] Waiting for resource u'c01b978e-d872-459c-abd3-34ec451c7557'. Status changed: NONE => QUEUED in 0.0887830257416
2020-03-03 23:27:08.164 1757 RALLYDEBUG rally.task.utils [-] Waiting for resource u'72bd22a1-abb6-46d5-a3cb-4514e3cc5a7f'. Status changed: NONE => QUEUED in 0.0799460411072
2020-03-03 23:27:09.881 1758 RALLYDEBUG rally.task.utils [-] Waiting for resource s_rally_4ae0db10_rzYkmU0p. Status changed: QUEUED => ACTIVE in 0.0473001003265
2020-03-03 23:27:10.160 1758 INFO rally.task.runner [-] Task f2c8f781-4cd8-4299-bc10-fca705a929a5 | ITER: 2 END: OK
2020-03-03 23:27:10.165 1758 INFO rally.task.runner [-] Task f2c8f781-4cd8-4299-bc10-fca705a929a5 | ITER: 5 START
2020-03-03 23:27:10.527 1759 RALLYDEBUG rally.task.utils [-] Waiting for resource s_rally_4ae0db10_qLZWA1vW. Status changed: QUEUED => ACTIVE in 0.0726020336151
2020-03-03 23:27:10.537 1760 RALLYDEBUG rally.task.utils [-] Waiting for resource s_rally_4ae0db10_QTyQCbFY. Status changed: QUEUED => ACTIVE in 0.061408996582
2020-03-03 23:27:10.543 1757 RALLYDEBUG rally.task.utils [-] Waiting for resource s_rally_4ae0db10_eLEiONsg. Status changed: QUEUED => ACTIVE in 0.0531210899353
2020-03-03 23:27:10.953 1759 INFO rally.task.runner [-] Task f2c8f781-4cd8-4299-bc10-fca705a929a5 | ITER: 3 END: OK
2020-03-03 23:27:10.958 1759 INFO rally.task.runner [-] Task f2c8f781-4cd8-4299-bc10-fca705a929a5 | ITER: 6 START
2020-03-03 23:27:10.958 1760 INFO rally.task.runner [-] Task f2c8f781-4cd8-4299-bc10-fca705a929a5 | ITER: 4 END: OK
2020-03-03 23:27:10.962 1757 INFO rally.task.runner [-] Task f2c8f781-4cd8-4299-bc10-fca705a929a5 | ITER: 1 END: OK
2020-03-03 23:27:10.963 1760 INFO rally.task.runner [-] Task f2c8f781-4cd8-4299-bc10-fca705a929a5 | ITER: 7 START
2020-03-03 23:27:10.967 1757 INFO rally.task.runner [-] Task f2c8f781-4cd8-4299-bc10-fca705a929a5 | ITER: 8 START
2020-03-03 23:27:12.763 1758 RALLYDEBUG rally.task.utils [-] Waiting for resource u'c5fbb81f-931f-4f72-892a-483457cb0604'. Status changed: NONE => QUEUED in 0.0633687973022
2020-03-03 23:27:13.540 1760 RALLYDEBUG rally.task.utils [-] Waiting for resource u'76784c6b-6a42-48ef-a8b9-67c99cc69b55'. Status changed: NONE => QUEUED in 0.0722191333771
2020-03-03 23:27:13.659 1759 RALLYDEBUG rally.task.utils [-] Waiting for resource u'a0288e18-b81b-4725-9041-99dc56d493eb'. Status changed: NONE => QUEUED in 0.0691261291504
2020-03-03 23:27:13.694 1757 RALLYDEBUG rally.task.utils [-] Waiting for resource u'28a518bf-9bc0-4c3a-8319-22810029acf1'. Status changed: NONE => QUEUED in 0.0777320861816
2020-03-03 23:27:13.733 1758 RALLYDEBUG rally.task.utils [-] Waiting for resource s_rally_4ae0db10_sXEuJpaS. Status changed: QUEUED => ACTIVE in 0.0655879974365
2020-03-03 23:27:14.031 1758 INFO rally.task.runner [-] Task f2c8f781-4cd8-4299-bc10-fca705a929a5 | ITER: 5 END: OK
2020-03-03 23:27:14.036 1758 INFO rally.task.runner [-] Task f2c8f781-4cd8-4299-bc10-fca705a929a5 | ITER: 9 START
2020-03-03 23:27:15.402 1760 RALLYDEBUG rally.task.utils [-] Waiting for resource s_rally_4ae0db10_WqYXDacM. Status changed: QUEUED => ACTIVE in 0.0432920455933
2020-03-03 23:27:15.511 1759 RALLYDEBUG rally.task.utils [-] Waiting for resource s_rally_4ae0db10_lyApGHud. Status changed: QUEUED => ACTIVE in 0.0321440696716
2020-03-03 23:27:15.784 1760 INFO rally.task.runner [-] Task f2c8f781-4cd8-4299-bc10-fca705a929a5 | ITER: 7 END: OK
2020-03-03 23:27:15.789 1760 INFO rally.task.runner [-] Task f2c8f781-4cd8-4299-bc10-fca705a929a5 | ITER: 10 START
2020-03-03 23:27:15.865 1759 INFO rally.task.runner [-] Task f2c8f781-4cd8-4299-bc10-fca705a929a5 | ITER: 6 END: OK
2020-03-03 23:27:15.998 1757 RALLYDEBUG rally.task.utils [-] Waiting for resource s_rally_4ae0db10_gXczErDA. Status changed: QUEUED => ACTIVE in 0.0420501232147
2020-03-03 23:27:16.326 1757 INFO rally.task.runner [-] Task f2c8f781-4cd8-4299-bc10-fca705a929a5 | ITER: 8 END: OK
2020-03-03 23:27:17.473 1758 RALLYDEBUG rally.task.utils [-] Waiting for resource u'8a8c102f-31ae-4a90-becb-85b4e64c1227'. Status changed: NONE => QUEUED in 0.0682580471039
2020-03-03 23:27:18.303 1760 RALLYDEBUG rally.task.utils [-] Waiting for resource u'4e104253-3bb2-4369-867e-55007f361be0'. Status changed: NONE => QUEUED in 0.0603270530701
2020-03-03 23:27:19.166 1758 RALLYDEBUG rally.task.utils [-] Waiting for resource s_rally_4ae0db10_SixP69kJ. Status changed: QUEUED => ACTIVE in 0.0428159236908
2020-03-03 23:27:19.424 1758 INFO rally.task.runner [-] Task f2c8f781-4cd8-4299-bc10-fca705a929a5 | ITER: 9 END: OK
2020-03-03 23:27:20.516 1760 RALLYDEBUG rally.task.utils [-] Waiting for resource s_rally_4ae0db10_kBWWFc00. Status changed: QUEUED => ACTIVE in 0.0364379882812
2020-03-03 23:27:20.762 1760 INFO rally.task.runner [-] Task f2c8f781-4cd8-4299-bc10-fca705a929a5 | ITER: 10 END: OK
2020-03-03 23:27:20.785 725 INFO rally.task.context [-] Task f2c8f781-4cd8-4299-bc10-fca705a929a5 | Context cleanup@openstack cleanup() started
2020-03-03 23:27:20.788 725 RALLYDEBUG rally_openstack.cleanup.manager [-] Cleaning up glance images objects
2020-03-03 23:27:21.738 725 RALLYDEBUG rally_openstack.cleanup.manager [-] Deleting glance.images object s_rally_4ae0db10_nGj9D48V (4e104253-3bb2-4369-867e-55007f361be0)
2020-03-03 23:27:21.744 725 RALLYDEBUG rally_openstack.cleanup.manager [-] Deleting glance.images object s_rally_4ae0db10_ZogwrujP (76784c6b-6a42-48ef-a8b9-67c99cc69b55)
2020-03-03 23:27:21.744 725 RALLYDEBUG rally_openstack.cleanup.manager [-] Deleting glance.images object s_rally_4ae0db10_Yq5BFMQd (72bd22a1-abb6-46d5-a3cb-4514e3cc5a7f)
2020-03-03 23:27:21.751 725 RALLYDEBUG rally_openstack.cleanup.manager [-] Deleting glance.images object s_rally_4ae0db10_eWTf9mKr (28a518bf-9bc0-4c3a-8319-22810029acf1)
2020-03-03 23:27:21.743 725 RALLYDEBUG rally_openstack.cleanup.manager [-] Deleting glance.images object s_rally_4ae0db10_uFaIjVdq (c5fbb81f-931f-4f72-892a-483457cb0604)
2020-03-03 23:27:21.760 725 RALLYDEBUG rally_openstack.cleanup.manager [-] Deleting glance.images object s_rally_4ae0db10_qLgj13QZ (a0288e18-b81b-4725-9041-99dc56d493eb)
2020-03-03 23:27:21.779 725 RALLYDEBUG rally_openstack.cleanup.manager [-] Deleting glance.images object s_rally_4ae0db10_NBR0JhCc (8a8c102f-31ae-4a90-becb-85b4e64c1227)
2020-03-03 23:27:21.786 725 RALLYDEBUG rally_openstack.cleanup.manager [-] Deleting glance.images object s_rally_4ae0db10_RX1wQqmE (c01b978e-d872-459c-abd3-34ec451c7557)
2020-03-03 23:27:21.825 725 RALLYDEBUG rally_openstack.cleanup.manager [-] Deleting glance.images object s_rally_4ae0db10_GN9BLk5s (13010c0e-76b1-4ca7-81bb-68e78762aa9a)
2020-03-03 23:27:21.833 725 RALLYDEBUG rally_openstack.cleanup.manager [-] Deleting glance.images object s_rally_4ae0db10_eX22OvHM (5def247e-ae0c-455a-b4cf-6465f2e863da)
2020-03-03 23:27:23.114 725 DEBUG glanceclient.common.http [-] Request returned failure status 404. _handle_response /usr/lib/python2.7/site-packages/glanceclient/common/http.py:125
2020-03-03 23:27:23.154 725 DEBUG glanceclient.common.http [-] Request returned failure status 404. _handle_response /usr/lib/python2.7/site-packages/glanceclient/common/http.py:125
2020-03-03 23:27:23.164 725 DEBUG glanceclient.common.http [-] Request returned failure status 404. _handle_response /usr/lib/python2.7/site-packages/glanceclient/common/http.py:125
2020-03-03 23:27:23.190 725 DEBUG glanceclient.common.http [-] Request returned failure status 404. _handle_response /usr/lib/python2.7/site-packages/glanceclient/common/http.py:125
2020-03-03 23:27:23.434 725 DEBUG glanceclient.common.http [-] Request returned failure status 404. _handle_response /usr/lib/python2.7/site-packages/glanceclient/common/http.py:125
2020-03-03 23:27:23.463 725 DEBUG glanceclient.common.http [-] Request returned failure status 404. _handle_response /usr/lib/python2.7/site-packages/glanceclient/common/http.py:125
2020-03-03 23:27:24.261 725 DEBUG glanceclient.common.http [-] Request returned failure status 404. _handle_response /usr/lib/python2.7/site-packages/glanceclient/common/http.py:125
2020-03-03 23:27:24.301 725 DEBUG glanceclient.common.http [-] Request returned failure status 404. _handle_response /usr/lib/python2.7/site-packages/glanceclient/common/http.py:125
2020-03-03 23:27:24.306 725 DEBUG glanceclient.common.http [-] Request returned failure status 404. _handle_response /usr/lib/python2.7/site-packages/glanceclient/common/http.py:125
2020-03-03 23:27:24.332 725 DEBUG glanceclient.common.http [-] Request returned failure status 404. _handle_response /usr/lib/python2.7/site-packages/glanceclient/common/http.py:125
2020-03-03 23:27:24.376 725 DEBUG glanceclient.common.http [-] Request returned failure status 404. _handle_response /usr/lib/python2.7/site-packages/glanceclient/common/http.py:125
2020-03-03 23:27:24.410 725 DEBUG glanceclient.common.http [-] Request returned failure status 404. _handle_response /usr/lib/python2.7/site-packages/glanceclient/common/http.py:125
2020-03-03 23:27:24.815 725 DEBUG glanceclient.common.http [-] Request returned failure status 404. _handle_response /usr/lib/python2.7/site-packages/glanceclient/common/http.py:125
2020-03-03 23:27:24.826 725 DEBUG glanceclient.common.http [-] Request returned failure status 404. _handle_response /usr/lib/python2.7/site-packages/glanceclient/common/http.py:125
2020-03-03 23:27:24.855 725 DEBUG glanceclient.common.http [-] Request returned failure status 404. _handle_response /usr/lib/python2.7/site-packages/glanceclient/common/http.py:125
2020-03-03 23:27:24.857 725 DEBUG glanceclient.common.http [-] Request returned failure status 404. _handle_response /usr/lib/python2.7/site-packages/glanceclient/common/http.py:125
2020-03-03 23:27:25.792 725 DEBUG glanceclient.common.http [-] Request returned failure status 404. _handle_response /usr/lib/python2.7/site-packages/glanceclient/common/http.py:125
2020-03-03 23:27:25.803 725 DEBUG glanceclient.common.http [-] Request returned failure status 404. _handle_response /usr/lib/python2.7/site-packages/glanceclient/common/http.py:125
2020-03-03 23:27:25.836 725 DEBUG glanceclient.common.http [-] Request returned failure status 404. _handle_response /usr/lib/python2.7/site-packages/glanceclient/common/http.py:125
2020-03-03 23:27:25.851 725 DEBUG glanceclient.common.http [-] Request returned failure status 404. _handle_response /usr/lib/python2.7/site-packages/glanceclient/common/http.py:125
2020-03-03 23:27:26.854 725 INFO rally.task.context [-] Task f2c8f781-4cd8-4299-bc10-fca705a929a5 | Context cleanup@openstack cleanup() finished in 6.07 sec
2020-03-03 23:27:26.854 725 INFO rally.task.context [-] Task f2c8f781-4cd8-4299-bc10-fca705a929a5 | Context users@openstack cleanup() started
2020-03-03 23:27:31.322 725 INFO rally.task.context [-] Task f2c8f781-4cd8-4299-bc10-fca705a929a5 | Context users@openstack cleanup() finished in 4.47 sec
2020-03-03 23:27:31.860 725 INFO rally.task.engine [-] Load duration is: 15.097971
2020-03-03 23:27:31.861 725 INFO rally.task.engine [-] Full runner duration is: 15.483863
2020-03-03 23:27:31.861 725 INFO rally.task.engine [-] Full duration is: 29.699579
2020-03-03 23:27:31.916 725 INFO rally.task.engine [-] Task f2c8f781-4cd8-4299-bc10-fca705a929a5 | Completed: Running task.
2020-03-03 23:27:33.102 1839 RALLYDEBUG rally.api [-] INFO logs from urllib3 and requests module are hide.
2020-03-03 23:27:33.102 1839 RALLYDEBUG rally.api [-] urllib3 insecure warnings are hidden.
2020-03-03 23:27:33.103 1839 RALLYDEBUG rally.api [-] ERROR log from boto module is hide.
2020-03-03 23:27:33.831 1840 RALLYDEBUG rally.api [-] INFO logs from urllib3 and requests module are hide.
2020-03-03 23:27:33.831 1840 RALLYDEBUG rally.api [-] urllib3 insecure warnings are hidden.
2020-03-03 23:27:33.831 1840 RALLYDEBUG rally.api [-] ERROR log from boto module is hide.
2020-03-03 23:27:34.880 1841 RALLYDEBUG rally.api [-] INFO logs from urllib3 and requests module are hide.
2020-03-03 23:27:34.880 1841 RALLYDEBUG rally.api [-] urllib3 insecure warnings are hidden.
2020-03-03 23:27:34.880 1841 RALLYDEBUG rally.api [-] ERROR log from boto module is hide.
2020-03-03 23:27:36.147 1841 INFO rally.api [-] Building 'json' report for the following task(s): 'f2c8f781-4cd8-4299-bc10-fca705a929a5'.
2020-03-03 23:27:36.171 1841 INFO rally.api [-] The report has been successfully built.
2020-03-03 23:27:36.979 1843 RALLYDEBUG rally.api [-] INFO logs from urllib3 and requests module are hide.
2020-03-03 23:27:36.979 1843 RALLYDEBUG rally.api [-] urllib3 insecure warnings are hidden.
2020-03-03 23:27:36.979 1843 RALLYDEBUG rally.api [-] ERROR log from boto module is hide.
2020-03-03 23:27:38.873 1843 INFO rally.task.engine [-] Task 5657de5a-7cae-4e1a-9316-f3ae2ac08ff9 | Starting: Task validation.
2020-03-03 23:27:38.879 1843 INFO rally.task.engine [-] Task 5657de5a-7cae-4e1a-9316-f3ae2ac08ff9 | Starting: Task validation of syntax.
2020-03-03 23:27:39.395 1843 INFO rally.task.engine [-] Task 5657de5a-7cae-4e1a-9316-f3ae2ac08ff9 | Completed: Task validation of syntax.
2020-03-03 23:27:39.395 1843 INFO rally.task.engine [-] Task 5657de5a-7cae-4e1a-9316-f3ae2ac08ff9 | Starting: Task validation of required platforms.
2020-03-03 23:27:39.525 1843 INFO rally.task.engine [-] Task 5657de5a-7cae-4e1a-9316-f3ae2ac08ff9 | Completed: Task validation of required platforms.
2020-03-03 23:27:39.526 1843 INFO rally.task.engine [-] Task 5657de5a-7cae-4e1a-9316-f3ae2ac08ff9 | Starting: Task validation of semantic.
2020-03-03 23:27:39.526 1843 INFO rally.task.engine [-] Check health of the environment '52d694b7-4c52-4c3d-9747-3bd5a7d9511e'.
2020-03-03 23:27:40.117 1843 INFO rally.task.engine [-] Platform existing@openstack (available: True): OK!
2020-03-03 23:27:40.136 1843 RALLYDEBUG rally_openstack.contexts.keystone.users [-] Creating 1 tenants using 20 threads
2020-03-03 23:27:40.428 1843 RALLYDEBUG rally_openstack.contexts.keystone.users [-] Creating 1 users using 20 threads
2020-03-03 23:27:41.798 1843 INFO rally.task.context [-] Task 5657de5a-7cae-4e1a-9316-f3ae2ac08ff9 | Context users@openstack setup() finished in 1.66 sec
2020-03-03 23:27:42.266 1843 DEBUG novaclient.v2.client [-] REQ: curl -g -i -X GET http://compute-airship.intel-pod15.opnfv.org:80/v2.1/flavors/detail -H "Accept: application/json" -H "User-Agent: python-novaclient" -H "X-Auth-Token: {SHA1}82e035ed5c24076c123b667de5bfa946aadabcea" _http_log_request /usr/lib/python2.7/site-packages/keystoneauth1/session.py:448
2020-03-03 23:27:42.471 1843 DEBUG novaclient.v2.client [-] RESP: [200] Connection: keep-alive Content-Encoding: gzip Content-Type: application/json Date: Tue, 03 Mar 2020 23:27:42 GMT Openstack-Api-Version: compute 2.1 Transfer-Encoding: chunked Vary: Accept-Encoding, OpenStack-API-Version, X-OpenStack-Nova-API-Version X-Compute-Request-Id: req-d71ddfe4-7df9-49d4-8071-e55c897649d0 X-Openstack-Nova-Api-Version: 2.1 _http_log_response /usr/lib/python2.7/site-packages/keystoneauth1/session.py:479
