2019-10-07 18:37:38.184 6 RALLYDEBUG rally.api [-] INFO logs from urllib3 and requests module are hide.
2019-10-07 18:37:38.184 6 RALLYDEBUG rally.api [-] urllib3 insecure warnings are hidden.
2019-10-07 18:37:38.184 6 RALLYDEBUG rally.api [-] ERROR log from boto module is hide.
2019-10-07 18:37:39.484 6 ERROR rally.cli.cliutils [-] Unexpected exception in CLI: DBRecordNotFound: Record for uuid or name is opnfv-rally not found in table envs
2019-10-07 18:37:39.484 6 ERROR rally.cli.cliutils
Traceback (most recent call last):
2019-10-07 18:37:39.484 6 ERROR rally.cli.cliutils
File "/usr/lib/python2.7/site-packages/rally/cli/cliutils.py", line 674, in run
2019-10-07 18:37:39.484 6 ERROR rally.cli.cliutils ret = fn(*fn_args, **fn_kwargs)
2019-10-07 18:37:39.484 6 ERROR rally.cli.cliutils File "", line 2, in destroy
2019-10-07 18:37:39.484 6 ERROR rally.cli.cliutils
File "/usr/lib/python2.7/site-packages/rally/cli/envutils.py", line 68, in default_from_global
2019-10-07 18:37:39.484 6 ERROR rally.cli.cliutils return f(*args, **kwargs)
2019-10-07 18:37:39.484 6 ERROR rally.cli.cliutils File "", line 2, in destroy
2019-10-07 18:37:39.484 6 ERROR rally.cli.cliutils
File "/usr/lib/python2.7/site-packages/rally/plugins/__init__.py", line 51, in ensure_plugins_are_loaded
2019-10-07 18:37:39.484 6 ERROR rally.cli.cliutils return f(*args, **kwargs)
2019-10-07 18:37:39.484 6 ERROR rally.cli.cliutils
File "/usr/lib/python2.7/site-packages/rally/cli/commands/deployment.py", line 157, in destroy
2019-10-07 18:37:39.484 6 ERROR rally.cli.cliutils api.deployment.destroy(deployment=deployment)
2019-10-07 18:37:39.484 6 ERROR rally.cli.cliutils
File "/usr/lib/python2.7/site-packages/rally/api.py", line 115, in destroy
2019-10-07 18:37:39.484 6 ERROR rally.cli.cliutils deploy = objects.Deployment.get(deployment)
2019-10-07 18:37:39.484 6 ERROR rally.cli.cliutils
File "/usr/lib/python2.7/site-packages/rally/common/objects/deploy.py", line 124, in get
2019-10-07 18:37:39.484 6 ERROR rally.cli.cliutils return Deployment(env_mgr.EnvManager.get(deploy))
2019-10-07 18:37:39.484 6 ERROR rally.cli.cliutils
File "/usr/lib/python2.7/site-packages/rally/env/env_mgr.py", line 212, in get
2019-10-07 18:37:39.484 6 ERROR rally.cli.cliutils return cls(db.env_get(uuid_or_name))
2019-10-07 18:37:39.484 6 ERROR rally.cli.cliutils
File "/usr/lib/python2.7/site-packages/rally/common/db/api.py", line 135, in wrapper
2019-10-07 18:37:39.484 6 ERROR rally.cli.cliutils result = f(session, *args, **kwargs)
2019-10-07 18:37:39.484 6 ERROR rally.cli.cliutils
File "/usr/lib/python2.7/site-packages/rally/common/db/api.py", line 521, in env_get
2019-10-07 18:37:39.484 6 ERROR rally.cli.cliutils criteria="uuid or name is %s" % uuid_or_name, table="envs")
2019-10-07 18:37:39.484 6 ERROR rally.cli.cliutils DBRecordNotFound: Record for uuid or name is opnfv-rally not found in table envs
2019-10-07 18:37:39.484 6 ERROR rally.cli.cliutils
2019-10-07 18:37:40.274 8 RALLYDEBUG rally.api [-] INFO logs from urllib3 and requests module are hide.
2019-10-07 18:37:40.274 8 RALLYDEBUG rally.api [-] urllib3 insecure warnings are hidden.
2019-10-07 18:37:40.274 8 RALLYDEBUG rally.api [-] ERROR log from boto module is hide.
2019-10-07 18:37:42.437 10 RALLYDEBUG rally.api [-] INFO logs from urllib3 and requests module are hide.
2019-10-07 18:37:42.437 10 RALLYDEBUG rally.api [-] urllib3 insecure warnings are hidden.
2019-10-07 18:37:42.437 10 RALLYDEBUG rally.api [-] ERROR log from boto module is hide.
2019-10-07 18:37:45.120 13 RALLYDEBUG rally.api [-] INFO logs from urllib3 and requests module are hide.
2019-10-07 18:37:45.120 13 RALLYDEBUG rally.api [-] urllib3 insecure warnings are hidden.
2019-10-07 18:37:45.120 13 RALLYDEBUG rally.api [-] ERROR log from boto module is hide.
2019-10-07 18:37:46.433 15 RALLYDEBUG rally.api [-] INFO logs from urllib3 and requests module are hide.
2019-10-07 18:37:46.433 15 RALLYDEBUG rally.api [-] urllib3 insecure warnings are hidden.
2019-10-07 18:37:46.434 15 RALLYDEBUG rally.api [-] ERROR log from boto module is hide.
2019-10-07 18:37:47.681 15 INFO rally.common.plugin.discover [-] Loading plugins from directories /root/.rally/plugins/*
2019-10-07 18:37:47.682 15 INFO rally.common.plugin.discover [-] Loaded module with plugins: /root/.rally/plugins/__init__.py
2019-10-07 18:37:47.684 15 INFO rally.common.plugin.discover [-] Loaded module with plugins: /root/.rally/plugins/trunk_scenario.py
2019-10-07 18:37:47.845 15 INFO rally.task.engine [-] Task de8ff544-1de8-4e0d-a70f-884ace9bdeca | Starting: Task validation.
2019-10-07 18:37:47.857 15 INFO rally.task.engine [-] Task de8ff544-1de8-4e0d-a70f-884ace9bdeca | Starting: Task validation of syntax.
2019-10-07 18:37:48.006 15 INFO rally.task.engine [-] Task de8ff544-1de8-4e0d-a70f-884ace9bdeca | Completed: Task validation of syntax.
2019-10-07 18:37:48.006 15 INFO rally.task.engine [-] Task de8ff544-1de8-4e0d-a70f-884ace9bdeca | Starting: Task validation of required platforms.
2019-10-07 18:37:48.073 15 INFO rally.task.engine [-] Task de8ff544-1de8-4e0d-a70f-884ace9bdeca | Completed: Task validation of required platforms.
2019-10-07 18:37:48.073 15 INFO rally.task.engine [-] Task de8ff544-1de8-4e0d-a70f-884ace9bdeca | Starting: Task validation of semantic.
2019-10-07 18:37:48.073 15 INFO rally.task.engine [-] Check health of the environment 'f0dbaad8-db2f-46b5-9910-bcff970edc19'.
2019-10-07 18:37:48.460 15 INFO rally.task.engine [-] Platform existing@openstack (available: True): OK!
2019-10-07 18:37:48.470 15 RALLYDEBUG rally_openstack.contexts.keystone.users [-] Creating 1 tenants using 20 threads
2019-10-07 18:37:48.769 15 RALLYDEBUG rally_openstack.contexts.keystone.users [-] Creating 1 users using 20 threads
2019-10-07 18:37:49.244 15 INFO rally.task.context [-] Task de8ff544-1de8-4e0d-a70f-884ace9bdeca | Context users@openstack setup() finished in 0.77 sec
2019-10-07 18:37:50.629 15 INFO rally.task.context [-] Task de8ff544-1de8-4e0d-a70f-884ace9bdeca | Context users@openstack cleanup() started
2019-10-07 18:37:52.140 15 INFO rally.task.context [-] Task de8ff544-1de8-4e0d-a70f-884ace9bdeca | Context users@openstack cleanup() finished in 1.51 sec
2019-10-07 18:37:52.140 15 INFO rally.task.engine [-] Task de8ff544-1de8-4e0d-a70f-884ace9bdeca | Completed: Task validation of semantic.
2019-10-07 18:37:52.141 15 INFO rally.task.engine [-] Task de8ff544-1de8-4e0d-a70f-884ace9bdeca | Completed: Task validation.
2019-10-07 18:37:52.141 15 INFO rally.api [-] Task de8ff544-1de8-4e0d-a70f-884ace9bdeca input file is valid.
2019-10-07 18:37:52.141 15 INFO rally.api [-] Run Task de8ff544-1de8-4e0d-a70f-884ace9bdeca against Deployment f0dbaad8-db2f-46b5-9910-bcff970edc19
2019-10-07 18:37:52.141 15 INFO rally.task.engine [-] Task de8ff544-1de8-4e0d-a70f-884ace9bdeca | Starting: Running task.
2019-10-07 18:37:52.190 15 INFO rally.task.engine [-] Running workload: position = 0 config = { "version": 2, "title": "A cropped version of a bigger task.", "description": "Auto-generated task from a single workload (uuid=9fba3a7b-1663-4fc1-b704-a9ec9daf84e5)", "subtasks": [ { "title": "NeutronNetworks.create_and_list_networks", "description": "Check performance of list_networks action and ensure > network quotas are not exceeded", "scenario": { "NeutronNetworks.create_and_list_networks": {} }, "contexts": { "users": { "tenants": 1, "users_per_tenant": 1 }, "quotas": { "neutron": { "network": 119 } } }, "runner": { "constant": { "times": 100, "concurrency": 20 } }, "hooks": [], "sla": { "max_avg_duration_per_atomic": { "neutron.list_networks": 15 }, "failure_rate": { "max": 0 } } } ] }
2019-10-07 18:37:52.202 15 RALLYDEBUG rally_openstack.contexts.keystone.users [-] Creating 1 tenants using 20 threads
2019-10-07 18:37:52.533 15 RALLYDEBUG rally_openstack.contexts.keystone.users [-] Creating 1 users using 20 threads
2019-10-07 18:37:52.945 15 INFO rally.task.context [-] Task de8ff544-1de8-4e0d-a70f-884ace9bdeca | Context users@openstack setup() finished in 0.74 sec
2019-10-07 18:37:53.231 15 INFO rally.task.context [-] Task de8ff544-1de8-4e0d-a70f-884ace9bdeca | Context quotas@openstack setup() finished in 0.29 sec
2019-10-07 18:37:53.231 15 INFO rally.task.context [-] Task de8ff544-1de8-4e0d-a70f-884ace9bdeca | Context cleanup@openstack setup() finished in 0.01 msec
2019-10-07 18:37:53.240 15 RALLYDEBUG rally.task.runner [-] Starting the constant runner (task UUID: de8ff544-1de8-4e0d-a70f-884ace9bdeca). timeout: 0 concurrency: 20 concurrency_per_worker: 1 times: 100 concurrency_overhead: 0 processes_to_start: 20 max_cpu_used: 88
2019-10-07 18:37:53.252 140 RALLYDEBUG rally.task.runner [-] Starting a worker. concurrency: 1 args: {} times: 100 method_name: run timeout: 0 duration: None cls:
2019-10-07 18:37:53.254 141 RALLYDEBUG rally.task.runner [-] Starting a worker. concurrency: 1 args: {} times: 100 method_name: run timeout: 0 duration: None cls:
2019-10-07 18:37:53.256 142 RALLYDEBUG rally.task.runner [-] Starting a worker. concurrency: 1 args: {} times: 100 method_name: run timeout: 0 duration: None cls:
2019-10-07 18:37:53.257 140 INFO rally.task.runner [-] Task de8ff544-1de8-4e0d-a70f-884ace9bdeca | ITER: 1 START
2019-10-07 18:37:53.258 143 RALLYDEBUG rally.task.runner [-] Starting a worker. concurrency: 1 args: {} times: 100 method_name: run timeout: 0 duration: None cls:
2019-10-07 18:37:53.260 141 INFO rally.task.runner [-] Task de8ff544-1de8-4e0d-a70f-884ace9bdeca | ITER: 2 START
2019-10-07 18:37:53.261 142 INFO rally.task.runner [-] Task de8ff544-1de8-4e0d-a70f-884ace9bdeca | ITER: 3 START
2019-10-07 18:37:53.264 143 INFO rally.task.runner [-] Task de8ff544-1de8-4e0d-a70f-884ace9bdeca | ITER: 4 START
2019-10-07 18:37:53.263 145 RALLYDEBUG rally.task.runner [-] Starting a worker. concurrency: 1 args: {} times: 100 method_name: run timeout: 0 duration: None cls:
2019-10-07 18:37:53.265 148 RALLYDEBUG rally.task.runner [-] Starting a worker. concurrency: 1 args: {} times: 100 method_name: run timeout: 0 duration: None cls:
2019-10-07 18:37:53.268 152 RALLYDEBUG rally.task.runner [-] Starting a worker. concurrency: 1 args: {} times: 100 method_name: run timeout: 0 duration: None cls:
2019-10-07 18:37:53.270 145 INFO rally.task.runner [-] Task de8ff544-1de8-4e0d-a70f-884ace9bdeca | ITER: 5 START
2019-10-07 18:37:53.270 155 RALLYDEBUG rally.task.runner [-] Starting a worker. concurrency: 1 args: {} times: 100 method_name: run timeout: 0 duration: None cls:
2019-10-07 18:37:53.272 148 INFO rally.task.runner [-] Task de8ff544-1de8-4e0d-a70f-884ace9bdeca | ITER: 6 START
2019-10-07 18:37:53.272 156 RALLYDEBUG rally.task.runner [-] Starting a worker. concurrency: 1 args: {} times: 100 method_name: run timeout: 0 duration: None cls:
2019-10-07 18:37:53.274 152 INFO rally.task.runner [-] Task de8ff544-1de8-4e0d-a70f-884ace9bdeca | ITER: 7 START
2019-10-07 18:37:53.275 158 RALLYDEBUG rally.task.runner [-] Starting a worker. concurrency: 1 args: {} times: 100 method_name: run timeout: 0 duration: None cls:
2019-10-07 18:37:53.278 162 RALLYDEBUG rally.task.runner [-] Starting a worker. concurrency: 1 args: {} times: 100 method_name: run timeout: 0 duration: None cls:
2019-10-07 18:37:53.279 156 INFO rally.task.runner [-] Task de8ff544-1de8-4e0d-a70f-884ace9bdeca | ITER: 9 START
2019-10-07 18:37:53.280 155 INFO rally.task.runner [-] Task de8ff544-1de8-4e0d-a70f-884ace9bdeca | ITER: 8 START
2019-10-07 18:37:53.281 165 RALLYDEBUG rally.task.runner [-] Starting a worker. concurrency: 1 args: {} times: 100 method_name: run timeout: 0 duration: None cls:
2019-10-07 18:37:53.284 158 INFO rally.task.runner [-] Task de8ff544-1de8-4e0d-a70f-884ace9bdeca | ITER: 10 START
2019-10-07 18:37:53.283 166 RALLYDEBUG rally.task.runner [-] Starting a worker. concurrency: 1 args: {} times: 100 method_name: run timeout: 0 duration: None cls:
2019-10-07 18:37:53.286 171 RALLYDEBUG rally.task.runner [-] Starting a worker. concurrency: 1 args: {} times: 100 method_name: run timeout: 0 duration: None cls:
2019-10-07 18:37:53.289 173 RALLYDEBUG rally.task.runner [-] Starting a worker. concurrency: 1 args: {} times: 100 method_name: run timeout: 0 duration: None cls:
2019-10-07 18:37:53.290 178 RALLYDEBUG rally.task.runner [-] Starting a worker. concurrency: 1 args: {} times: 100 method_name: run timeout: 0 duration: None cls:
2019-10-07 18:37:53.285 162 INFO rally.task.runner [-] Task de8ff544-1de8-4e0d-a70f-884ace9bdeca | ITER: 11 START
2019-10-07 18:37:53.295 180 RALLYDEBUG rally.task.runner [-] Starting a worker. concurrency: 1 args: {} times: 100 method_name: run timeout: 0 duration: None cls:
2019-10-07 18:37:53.303 189 RALLYDEBUG rally.task.runner [-] Starting a worker. concurrency: 1 args: {} times: 100 method_name: run timeout: 0 duration: None cls:
2019-10-07 18:37:53.287 165 INFO rally.task.runner [-] Task de8ff544-1de8-4e0d-a70f-884ace9bdeca | ITER: 12 START
2019-10-07 18:37:53.306 186 RALLYDEBUG rally.task.runner [-] Starting a worker. concurrency: 1 args: {} times: 100 method_name: run timeout: 0 duration: None cls:
2019-10-07 18:37:53.308 166 INFO rally.task.runner [-] Task de8ff544-1de8-4e0d-a70f-884ace9bdeca | ITER: 13 START
2019-10-07 18:37:53.308 171 INFO rally.task.runner [-] Task de8ff544-1de8-4e0d-a70f-884ace9bdeca | ITER: 14 START
2019-10-07 18:37:53.309 173 INFO rally.task.runner [-] Task de8ff544-1de8-4e0d-a70f-884ace9bdeca | ITER: 15 START
2019-10-07 18:37:53.309 178 INFO rally.task.runner [-] Task de8ff544-1de8-4e0d-a70f-884ace9bdeca | ITER: 16 START
2019-10-07 18:37:53.309 180 INFO rally.task.runner [-] Task de8ff544-1de8-4e0d-a70f-884ace9bdeca | ITER: 17 START
2019-10-07 18:37:53.313 189 INFO rally.task.runner [-] Task de8ff544-1de8-4e0d-a70f-884ace9bdeca | ITER: 18 START
2019-10-07 18:37:53.315 186 INFO rally.task.runner [-] Task de8ff544-1de8-4e0d-a70f-884ace9bdeca | ITER: 19 START
2019-10-07 18:37:53.316 183 RALLYDEBUG rally.task.runner [-] Starting a worker. concurrency: 1 args: {} times: 100 method_name: run timeout: 0 duration: None cls:
2019-10-07 18:37:53.332 183 INFO rally.task.runner [-] Task de8ff544-1de8-4e0d-a70f-884ace9bdeca | ITER: 20 START
2019-10-07 18:37:55.857 141 INFO rally.task.runner [-] Task de8ff544-1de8-4e0d-a70f-884ace9bdeca | ITER: 2 END: OK
2019-10-07 18:37:55.862 141 INFO rally.task.runner [-] Task de8ff544-1de8-4e0d-a70f-884ace9bdeca | ITER: 21 START
2019-10-07 18:37:56.665 180 INFO rally.task.runner [-] Task de8ff544-1de8-4e0d-a70f-884ace9bdeca | ITER: 17 END: OK
2019-10-07 18:37:56.669 180 INFO rally.task.runner [-] Task de8ff544-1de8-4e0d-a70f-884ace9bdeca | ITER: 22 START
2019-10-07 18:37:56.743 165 INFO rally.task.runner [-] Task de8ff544-1de8-4e0d-a70f-884ace9bdeca | ITER: 12 END: OK
2019-10-07 18:37:56.748 165 INFO rally.task.runner [-] Task de8ff544-1de8-4e0d-a70f-884ace9bdeca | ITER: 23 START
2019-10-07 18:37:57.304 142 INFO rally.task.runner [-] Task de8ff544-1de8-4e0d-a70f-884ace9bdeca | ITER: 3 END: OK
2019-10-07 18:37:57.308 142 INFO rally.task.runner [-] Task de8ff544-1de8-4e0d-a70f-884ace9bdeca | ITER: 24 START
2019-10-07 18:37:57.401 143 INFO rally.task.runner [-] Task de8ff544-1de8-4e0d-a70f-884ace9bdeca | ITER: 4 END: OK
2019-10-07 18:37:57.406 143 INFO rally.task.runner [-] Task de8ff544-1de8-4e0d-a70f-884ace9bdeca | ITER: 25 START
2019-10-07 18:37:57.812 140 INFO rally.task.runner [-] Task de8ff544-1de8-4e0d-a70f-884ace9bdeca | ITER: 1 END: OK
2019-10-07 18:37:57.817 140 INFO rally.task.runner [-] Task de8ff544-1de8-4e0d-a70f-884ace9bdeca | ITER: 26 START
2019-10-07 18:37:57.944 171 INFO rally.task.runner [-] Task de8ff544-1de8-4e0d-a70f-884ace9bdeca | ITER: 14 END: OK
2019-10-07 18:37:57.950 171 INFO rally.task.runner [-] Task de8ff544-1de8-4e0d-a70f-884ace9bdeca | ITER: 27 START
2019-10-07 18:37:58.157 173 INFO rally.task.runner [-] Task de8ff544-1de8-4e0d-a70f-884ace9bdeca | ITER: 15 END: OK
2019-10-07 18:37:58.162 173 INFO rally.task.runner [-] Task de8ff544-1de8-4e0d-a70f-884ace9bdeca | ITER: 28 START
2019-10-07 18:37:58.170 148 INFO rally.task.runner [-] Task de8ff544-1de8-4e0d-a70f-884ace9bdeca | ITER: 6 END: OK
2019-10-07 18:37:58.175 148 INFO rally.task.runner [-] Task de8ff544-1de8-4e0d-a70f-884ace9bdeca | ITER: 29 START
2019-10-07 18:37:58.213 145 INFO rally.task.runner [-] Task de8ff544-1de8-4e0d-a70f-884ace9bdeca | ITER: 5 END: OK
2019-10-07 18:37:58.219 145 INFO rally.task.runner [-] Task de8ff544-1de8-4e0d-a70f-884ace9bdeca | ITER: 30 START
2019-10-07 18:37:58.322 152 INFO rally.task.runner [-] Task de8ff544-1de8-4e0d-a70f-884ace9bdeca | ITER: 7 END: OK
2019-10-07 18:37:58.327 152 INFO rally.task.runner [-] Task de8ff544-1de8-4e0d-a70f-884ace9bdeca | ITER: 31 START
2019-10-07 18:37:58.444 158 INFO rally.task.runner [-] Task de8ff544-1de8-4e0d-a70f-884ace9bdeca | ITER: 10 END: OK
2019-10-07 18:37:58.446 162 INFO rally.task.runner [-] Task de8ff544-1de8-4e0d-a70f-884ace9bdeca | ITER: 11 END: OK
2019-10-07 18:37:58.449 158 INFO rally.task.runner [-] Task de8ff544-1de8-4e0d-a70f-884ace9bdeca | ITER: 32 START
2019-10-07 18:37:58.450 162 INFO rally.task.runner [-] Task de8ff544-1de8-4e0d-a70f-884ace9bdeca | ITER: 33 START
2019-10-07 18:37:58.470 186 INFO rally.task.runner [-] Task de8ff544-1de8-4e0d-a70f-884ace9bdeca | ITER: 19 END: OK
2019-10-07 18:37:58.474 186 INFO rally.task.runner [-] Task de8ff544-1de8-4e0d-a70f-884ace9bdeca | ITER: 34 START
2019-10-07 18:37:58.611 166 INFO rally.task.runner [-] Task de8ff544-1de8-4e0d-a70f-884ace9bdeca | ITER: 13 END: OK
2019-10-07 18:37:58.616 166 INFO rally.task.runner [-] Task de8ff544-1de8-4e0d-a70f-884ace9bdeca | ITER: 35 START
2019-10-07 18:37:59.292 156 INFO rally.task.runner [-] Task de8ff544-1de8-4e0d-a70f-884ace9bdeca | ITER: 9 END: OK
2019-10-07 18:37:59.296 156 INFO rally.task.runner [-] Task de8ff544-1de8-4e0d-a70f-884ace9bdeca | ITER: 36 START
2019-10-07 18:37:59.298 178 INFO rally.task.runner [-] Task de8ff544-1de8-4e0d-a70f-884ace9bdeca | ITER: 16 END: OK
2019-10-07 18:37:59.302 178 INFO rally.task.runner [-] Task de8ff544-1de8-4e0d-a70f-884ace9bdeca | ITER: 37 START
2019-10-07 18:37:59.404 141 INFO rally.task.runner [-] Task de8ff544-1de8-4e0d-a70f-884ace9bdeca | ITER: 21 END: OK
2019-10-07 18:37:59.407 141 INFO rally.task.runner [-] Task de8ff544-1de8-4e0d-a70f-884ace9bdeca | ITER: 38 START
2019-10-07 18:38:00.017 155 INFO rally.task.runner [-] Task de8ff544-1de8-4e0d-a70f-884ace9bdeca | ITER: 8 END: OK
2019-10-07 18:38:00.022 155 INFO rally.task.runner [-] Task de8ff544-1de8-4e0d-a70f-884ace9bdeca | ITER: 39 START
2019-10-07 18:38:00.126 189 INFO rally.task.runner [-] Task de8ff544-1de8-4e0d-a70f-884ace9bdeca | ITER: 18 END: OK
2019-10-07 18:38:00.131 189 INFO rally.task.runner [-] Task de8ff544-1de8-4e0d-a70f-884ace9bdeca | ITER: 40 START
2019-10-07 18:38:00.180 183 INFO rally.task.runner [-] Task de8ff544-1de8-4e0d-a70f-884ace9bdeca | ITER: 20 END: OK
2019-10-07 18:38:00.185 183 INFO rally.task.runner [-] Task de8ff544-1de8-4e0d-a70f-884ace9bdeca | ITER: 41 START
2019-10-07 18:38:00.214 165 INFO rally.task.runner [-] Task de8ff544-1de8-4e0d-a70f-884ace9bdeca | ITER: 23 END: OK
2019-10-07 18:38:00.217 165 INFO rally.task.runner [-] Task de8ff544-1de8-4e0d-a70f-884ace9bdeca | ITER: 42 START
2019-10-07 18:38:01.136 152 INFO rally.task.runner [-] Task de8ff544-1de8-4e0d-a70f-884ace9bdeca | ITER: 31 END: OK
2019-10-07 18:38:01.140 152 INFO rally.task.runner [-] Task de8ff544-1de8-4e0d-a70f-884ace9bdeca | ITER: 43 START
2019-10-07 18:38:02.572 180 INFO rally.task.runner [-] Task de8ff544-1de8-4e0d-a70f-884ace9bdeca | ITER: 22 END: OK
2019-10-07 18:38:02.576 180 INFO rally.task.runner [-] Task de8ff544-1de8-4e0d-a70f-884ace9bdeca | ITER: 44 START
2019-10-07 18:38:02.600 171 INFO rally.task.runner [-] Task de8ff544-1de8-4e0d-a70f-884ace9bdeca | ITER: 27 END: OK
2019-10-07 18:38:02.604 171 INFO rally.task.runner [-] Task de8ff544-1de8-4e0d-a70f-884ace9bdeca | ITER: 45 START
2019-10-07 18:38:02.646 142 INFO rally.task.runner [-] Task de8ff544-1de8-4e0d-a70f-884ace9bdeca | ITER: 24 END: OK
2019-10-07 18:38:02.649 142 INFO rally.task.runner [-] Task de8ff544-1de8-4e0d-a70f-884ace9bdeca | ITER: 46 START
2019-10-07 18:38:02.829 140 INFO rally.task.runner [-] Task de8ff544-1de8-4e0d-a70f-884ace9bdeca | ITER: 26 END: OK
2019-10-07 18:38:02.832 140 INFO rally.task.runner [-] Task de8ff544-1de8-4e0d-a70f-884ace9bdeca | ITER: 47 START
2019-10-07 18:38:02.942 143 INFO rally.task.runner [-] Task de8ff544-1de8-4e0d-a70f-884ace9bdeca | ITER: 25 END: OK
2019-10-07 18:38:02.946 143 INFO rally.task.runner [-] Task de8ff544-1de8-4e0d-a70f-884ace9bdeca | ITER: 48 START
2019-10-07 18:38:03.208 162 INFO rally.task.runner [-] Task de8ff544-1de8-4e0d-a70f-884ace9bdeca | ITER: 33 END: OK
2019-10-07 18:38:03.212 162 INFO rally.task.runner [-] Task de8ff544-1de8-4e0d-a70f-884ace9bdeca | ITER: 49 START
2019-10-07 18:38:03.481 145 INFO rally.task.runner [-] Task de8ff544-1de8-4e0d-a70f-884ace9bdeca | ITER: 30 END: OK
2019-10-07 18:38:03.485 145 INFO rally.task.runner [-] Task de8ff544-1de8-4e0d-a70f-884ace9bdeca | ITER: 50 START
2019-10-07 18:38:03.673 148 INFO rally.task.runner [-] Task de8ff544-1de8-4e0d-a70f-884ace9bdeca | ITER: 29 END: OK
2019-10-07 18:38:03.677 148 INFO rally.task.runner [-] Task de8ff544-1de8-4e0d-a70f-884ace9bdeca | ITER: 51 START
2019-10-07 18:38:03.764 158 INFO rally.task.runner [-] Task de8ff544-1de8-4e0d-a70f-884ace9bdeca | ITER: 32 END: OK
2019-10-07 18:38:03.767 173 INFO rally.task.runner [-] Task de8ff544-1de8-4e0d-a70f-884ace9bdeca | ITER: 28 END: OK
2019-10-07 18:38:03.768 158 INFO rally.task.runner [-] Task de8ff544-1de8-4e0d-a70f-884ace9bdeca | ITER: 52 START
2019-10-07 18:38:03.771 173 INFO rally.task.runner [-] Task de8ff544-1de8-4e0d-a70f-884ace9bdeca | ITER: 53 START
2019-10-07 18:38:03.871 141 INFO rally.task.runner [-] Task de8ff544-1de8-4e0d-a70f-884ace9bdeca | ITER: 38 END: OK
2019-10-07 18:38:03.875 141 INFO rally.task.runner [-] Task de8ff544-1de8-4e0d-a70f-884ace9bdeca | ITER: 54 START
2019-10-07 18:38:04.665 183 INFO rally.task.runner [-] Task de8ff544-1de8-4e0d-a70f-884ace9bdeca | ITER: 41 END: OK
2019-10-07 18:38:04.666 189 INFO rally.task.runner [-] Task de8ff544-1de8-4e0d-a70f-884ace9bdeca | ITER: 40 END: OK
2019-10-07 18:38:04.669 183 INFO rally.task.runner [-] Task de8ff544-1de8-4e0d-a70f-884ace9bdeca | ITER: 55 START
2019-10-07 18:38:04.670 189 INFO rally.task.runner [-] Task de8ff544-1de8-4e0d-a70f-884ace9bdeca | ITER: 56 START
2019-10-07 18:38:05.489 166 INFO rally.task.runner [-] Task de8ff544-1de8-4e0d-a70f-884ace9bdeca | ITER: 35 END: OK
2019-10-07 18:38:05.493 166 INFO rally.task.runner [-] Task de8ff544-1de8-4e0d-a70f-884ace9bdeca | ITER: 57 START
2019-10-07 18:38:05.551 186 INFO rally.task.runner [-] Task de8ff544-1de8-4e0d-a70f-884ace9bdeca | ITER: 34 END: OK
2019-10-07 18:38:05.555 186 INFO rally.task.runner [-] Task de8ff544-1de8-4e0d-a70f-884ace9bdeca | ITER: 58 START
2019-10-07 18:38:06.193 180 INFO rally.task.runner [-] Task de8ff544-1de8-4e0d-a70f-884ace9bdeca | ITER: 44 END: OK
2019-10-07 18:38:06.197 180 INFO rally.task.runner [-] Task de8ff544-1de8-4e0d-a70f-884ace9bdeca | ITER: 59 START
2019-10-07 18:38:06.267 171 INFO rally.task.runner [-] Task de8ff544-1de8-4e0d-a70f-884ace9bdeca | ITER: 45 END: OK
2019-10-07 18:38:06.270 171 INFO rally.task.runner [-] Task de8ff544-1de8-4e0d-a70f-884ace9bdeca | ITER: 60 START
2019-10-07 18:38:06.369 156 INFO rally.task.runner [-] Task de8ff544-1de8-4e0d-a70f-884ace9bdeca | ITER: 36 END: OK
2019-10-07 18:38:06.372 156 INFO rally.task.runner [-] Task de8ff544-1de8-4e0d-a70f-884ace9bdeca | ITER: 61 START
2019-10-07 18:38:06.391 155 INFO rally.task.runner [-] Task de8ff544-1de8-4e0d-a70f-884ace9bdeca | ITER: 39 END: OK
2019-10-07 18:38:06.395 155 INFO rally.task.runner [-] Task de8ff544-1de8-4e0d-a70f-884ace9bdeca | ITER: 62 START
2019-10-07 18:38:06.544 142 INFO rally.task.runner [-] Task de8ff544-1de8-4e0d-a70f-884ace9bdeca | ITER: 46 END: OK
2019-10-07 18:38:06.548 142 INFO rally.task.runner [-] Task de8ff544-1de8-4e0d-a70f-884ace9bdeca | ITER: 63 START
2019-10-07 18:38:06.677 140 INFO rally.task.runner [-] Task de8ff544-1de8-4e0d-a70f-884ace9bdeca | ITER: 47 END: OK
2019-10-07 18:38:06.681 140 INFO rally.task.runner [-] Task de8ff544-1de8-4e0d-a70f-884ace9bdeca | ITER: 64 START
2019-10-07 18:38:06.837 178 INFO rally.task.runner [-] Task de8ff544-1de8-4e0d-a70f-884ace9bdeca | ITER: 37 END: OK
2019-10-07 18:38:06.841 178 INFO rally.task.runner [-] Task de8ff544-1de8-4e0d-a70f-884ace9bdeca | ITER: 65 START
2019-10-07 18:38:07.041 162 INFO rally.task.runner [-] Task de8ff544-1de8-4e0d-a70f-884ace9bdeca | ITER: 49 END: OK
2019-10-07 18:38:07.045 162 INFO rally.task.runner [-] Task de8ff544-1de8-4e0d-a70f-884ace9bdeca | ITER: 66 START
2019-10-07 18:38:07.086 165 INFO rally.task.runner [-] Task de8ff544-1de8-4e0d-a70f-884ace9bdeca | ITER: 42 END: OK
2019-10-07 18:38:07.090 165 INFO rally.task.runner [-] Task de8ff544-1de8-4e0d-a70f-884ace9bdeca | ITER: 67 START
2019-10-07 18:38:07.097 152 INFO rally.task.runner [-] Task de8ff544-1de8-4e0d-a70f-884ace9bdeca | ITER: 43 END: OK
2019-10-07 18:38:07.100 152 INFO rally.task.runner [-] Task de8ff544-1de8-4e0d-a70f-884ace9bdeca | ITER: 68 START
2019-10-07 18:38:08.214 148 INFO rally.task.runner [-] Task de8ff544-1de8-4e0d-a70f-884ace9bdeca | ITER: 51 END: OK
2019-10-07 18:38:08.218 148 INFO rally.task.runner [-] Task de8ff544-1de8-4e0d-a70f-884ace9bdeca | ITER: 69 START
2019-10-07 18:38:08.236 173 INFO rally.task.runner [-] Task de8ff544-1de8-4e0d-a70f-884ace9bdeca | ITER: 53 END: OK
2019-10-07 18:38:08.240 173 INFO rally.task.runner [-] Task de8ff544-1de8-4e0d-a70f-884ace9bdeca | ITER: 70 START
2019-10-07 18:38:08.771 141 INFO rally.task.runner [-] Task de8ff544-1de8-4e0d-a70f-884ace9bdeca | ITER: 54 END: OK
2019-10-07 18:38:08.775 141 INFO rally.task.runner [-] Task de8ff544-1de8-4e0d-a70f-884ace9bdeca | ITER: 71 START
2019-10-07 18:38:10.188 186 INFO rally.task.runner [-] Task de8ff544-1de8-4e0d-a70f-884ace9bdeca | ITER: 58 END: OK
2019-10-07 18:38:10.192 186 INFO rally.task.runner [-] Task de8ff544-1de8-4e0d-a70f-884ace9bdeca | ITER: 72 START
2019-10-07 18:38:10.259 143 INFO rally.task.runner [-] Task de8ff544-1de8-4e0d-a70f-884ace9bdeca | ITER: 48 END: OK
2019-10-07 18:38:10.263 143 INFO rally.task.runner [-] Task de8ff544-1de8-4e0d-a70f-884ace9bdeca | ITER: 73 START
2019-10-07 18:38:10.749 162 INFO rally.task.runner [-] Task de8ff544-1de8-4e0d-a70f-884ace9bdeca | ITER: 66 END: OK
2019-10-07 18:38:10.753 162 INFO rally.task.runner [-] Task de8ff544-1de8-4e0d-a70f-884ace9bdeca | ITER: 74 START
2019-10-07 18:38:11.022 145 INFO rally.task.runner [-] Task de8ff544-1de8-4e0d-a70f-884ace9bdeca | ITER: 50 END: OK
2019-10-07 18:38:11.026 145 INFO rally.task.runner [-] Task de8ff544-1de8-4e0d-a70f-884ace9bdeca | ITER: 75 START
2019-10-07 18:38:11.256 183 INFO rally.task.runner [-] Task de8ff544-1de8-4e0d-a70f-884ace9bdeca | ITER: 55 END: OK
2019-10-07 18:38:11.260 183 INFO rally.task.runner [-] Task de8ff544-1de8-4e0d-a70f-884ace9bdeca | ITER: 76 START
2019-10-07 18:38:11.300 158 INFO rally.task.runner [-] Task de8ff544-1de8-4e0d-a70f-884ace9bdeca | ITER: 52 END: OK
2019-10-07 18:38:11.304 158 INFO rally.task.runner [-] Task de8ff544-1de8-4e0d-a70f-884ace9bdeca | ITER: 77 START
2019-10-07 18:38:11.489 166 INFO rally.task.runner [-] Task de8ff544-1de8-4e0d-a70f-884ace9bdeca | ITER: 57 END: OK
2019-10-07 18:38:11.493 166 INFO rally.task.runner [-] Task de8ff544-1de8-4e0d-a70f-884ace9bdeca | ITER: 78 START
2019-10-07 18:38:11.769 140 INFO rally.task.runner [-] Task de8ff544-1de8-4e0d-a70f-884ace9bdeca | ITER: 64 END: OK
2019-10-07 18:38:11.773 140 INFO rally.task.runner [-] Task de8ff544-1de8-4e0d-a70f-884ace9bdeca | ITER: 79 START
2019-10-07 18:38:12.101 165 INFO rally.task.runner [-] Task de8ff544-1de8-4e0d-a70f-884ace9bdeca | ITER: 67 END: OK
2019-10-07 18:38:12.104 165 INFO rally.task.runner [-] Task de8ff544-1de8-4e0d-a70f-884ace9bdeca | ITER: 80 START
2019-10-07 18:38:12.124 180 INFO rally.task.runner [-] Task de8ff544-1de8-4e0d-a70f-884ace9bdeca | ITER: 59 END: OK
2019-10-07 18:38:12.128 180 INFO rally.task.runner [-] Task de8ff544-1de8-4e0d-a70f-884ace9bdeca | ITER: 81 START
2019-10-07 18:38:12.165 189 INFO rally.task.runner [-] Task de8ff544-1de8-4e0d-a70f-884ace9bdeca | ITER: 56 END: OK
2019-10-07 18:38:12.169 189 INFO rally.task.runner [-] Task de8ff544-1de8-4e0d-a70f-884ace9bdeca | ITER: 82 START
2019-10-07 18:38:12.607 155 INFO rally.task.runner [-] Task de8ff544-1de8-4e0d-a70f-884ace9bdeca | ITER: 62 END: OK
2019-10-07 18:38:12.610 155 INFO rally.task.runner [-] Task de8ff544-1de8-4e0d-a70f-884ace9bdeca | ITER: 83 START
2019-10-07 18:38:13.468 152 INFO rally.task.runner [-] Task de8ff544-1de8-4e0d-a70f-884ace9bdeca | ITER: 68 END: OK
2019-10-07 18:38:13.472 152 INFO rally.task.runner [-] Task de8ff544-1de8-4e0d-a70f-884ace9bdeca | ITER: 84 START
2019-10-07 18:38:15.236 142 INFO rally.task.runner [-] Task de8ff544-1de8-4e0d-a70f-884ace9bdeca | ITER: 63 END: OK
2019-10-07 18:38:15.240 142 INFO rally.task.runner [-] Task de8ff544-1de8-4e0d-a70f-884ace9bdeca | ITER: 85 START
2019-10-07 18:38:15.258 156 INFO rally.task.runner [-] Task de8ff544-1de8-4e0d-a70f-884ace9bdeca | ITER: 61 END: OK
2019-10-07 18:38:15.262 156 INFO rally.task.runner [-] Task de8ff544-1de8-4e0d-a70f-884ace9bdeca | ITER: 86 START
2019-10-07 18:38:15.263 171 INFO rally.task.runner [-] Task de8ff544-1de8-4e0d-a70f-884ace9bdeca | ITER: 60 END: OK
2019-10-07 18:38:15.267 171 INFO rally.task.runner [-] Task de8ff544-1de8-4e0d-a70f-884ace9bdeca | ITER: 87 START
2019-10-07 18:38:15.268 148 INFO rally.task.runner [-] Task de8ff544-1de8-4e0d-a70f-884ace9bdeca | ITER: 69 END: OK
2019-10-07 18:38:15.271 148 INFO rally.task.runner [-] Task de8ff544-1de8-4e0d-a70f-884ace9bdeca | ITER: 88 START
2019-10-07 18:38:15.458 178 INFO rally.task.runner [-] Task de8ff544-1de8-4e0d-a70f-884ace9bdeca | ITER: 65 END: OK
2019-10-07 18:38:15.462 178 INFO rally.task.runner [-] Task de8ff544-1de8-4e0d-a70f-884ace9bdeca | ITER: 89 START
2019-10-07 18:38:15.567 141 INFO rally.task.runner [-] Task de8ff544-1de8-4e0d-a70f-884ace9bdeca | ITER: 71 END: OK
2019-10-07 18:38:15.570 141 INFO rally.task.runner [-] Task de8ff544-1de8-4e0d-a70f-884ace9bdeca | ITER: 90 START
2019-10-07 18:38:15.577 143 INFO rally.task.runner [-] Task de8ff544-1de8-4e0d-a70f-884ace9bdeca | ITER: 73 END: OK
2019-10-07 18:38:15.577 162 INFO rally.task.runner [-] Task de8ff544-1de8-4e0d-a70f-884ace9bdeca | ITER: 74 END: OK
2019-10-07 18:38:15.580 143 INFO rally.task.runner [-] Task de8ff544-1de8-4e0d-a70f-884ace9bdeca | ITER: 91 START
2019-10-07 18:38:15.581 162 INFO rally.task.runner [-] Task de8ff544-1de8-4e0d-a70f-884ace9bdeca | ITER: 92 START
2019-10-07 18:38:16.696 186 INFO rally.task.runner [-] Task de8ff544-1de8-4e0d-a70f-884ace9bdeca | ITER: 72 END: OK
2019-10-07 18:38:16.699 186 INFO rally.task.runner [-] Task de8ff544-1de8-4e0d-a70f-884ace9bdeca | ITER: 93 START
2019-10-07 18:38:16.700 158 INFO rally.task.runner [-] Task de8ff544-1de8-4e0d-a70f-884ace9bdeca | ITER: 77 END: OK
2019-10-07 18:38:16.703 158 INFO rally.task.runner [-] Task de8ff544-1de8-4e0d-a70f-884ace9bdeca | ITER: 94 START
2019-10-07 18:38:16.914 145 INFO rally.task.runner [-] Task de8ff544-1de8-4e0d-a70f-884ace9bdeca | ITER: 75 END: OK
2019-10-07 18:38:16.917 145 INFO rally.task.runner [-] Task de8ff544-1de8-4e0d-a70f-884ace9bdeca | ITER: 95 START
2019-10-07 18:38:17.706 155 INFO rally.task.runner [-] Task de8ff544-1de8-4e0d-a70f-884ace9bdeca | ITER: 83 END: OK
2019-10-07 18:38:17.710 155 INFO rally.task.runner [-] Task de8ff544-1de8-4e0d-a70f-884ace9bdeca | ITER: 96 START
2019-10-07 18:38:17.951 183 INFO rally.task.runner [-] Task de8ff544-1de8-4e0d-a70f-884ace9bdeca | ITER: 76 END: OK
2019-10-07 18:38:17.955 183 INFO rally.task.runner [-] Task de8ff544-1de8-4e0d-a70f-884ace9bdeca | ITER: 97 START
2019-10-07 18:38:17.956 173 INFO rally.task.runner [-] Task de8ff544-1de8-4e0d-a70f-884ace9bdeca | ITER: 70 END: OK
2019-10-07 18:38:17.960 173 INFO rally.task.runner [-] Task de8ff544-1de8-4e0d-a70f-884ace9bdeca | ITER: 98 START
2019-10-07 18:38:18.036 189 INFO rally.task.runner [-] Task de8ff544-1de8-4e0d-a70f-884ace9bdeca | ITER: 82 END: OK
2019-10-07 18:38:18.040 189 INFO rally.task.runner [-] Task de8ff544-1de8-4e0d-a70f-884ace9bdeca | ITER: 99 START
2019-10-07 18:38:20.520 166 INFO rally.task.runner [-] Task de8ff544-1de8-4e0d-a70f-884ace9bdeca | ITER: 78 END: OK
2019-10-07 18:38:20.523 171 INFO rally.task.runner [-] Task de8ff544-1de8-4e0d-a70f-884ace9bdeca | ITER: 87 END: OK
2019-10-07 18:38:20.524 166 INFO rally.task.runner [-] Task de8ff544-1de8-4e0d-a70f-884ace9bdeca | ITER: 100 START
2019-10-07 18:38:20.668 152 INFO rally.task.runner [-] Task de8ff544-1de8-4e0d-a70f-884ace9bdeca | ITER: 84 END: OK
2019-10-07 18:38:20.692 143 INFO rally.task.runner [-] Task de8ff544-1de8-4e0d-a70f-884ace9bdeca | ITER: 91 END: OK
2019-10-07 18:38:20.700 140 INFO rally.task.runner [-] Task de8ff544-1de8-4e0d-a70f-884ace9bdeca | ITER: 79 END: OK
2019-10-07 18:38:20.729 178 INFO rally.task.runner [-] Task de8ff544-1de8-4e0d-a70f-884ace9bdeca | ITER: 89 END: OK
2019-10-07 18:38:20.814 180 INFO rally.task.runner [-] Task de8ff544-1de8-4e0d-a70f-884ace9bdeca | ITER: 81 END: OK
2019-10-07 18:38:20.824 141 INFO rally.task.runner [-] Task de8ff544-1de8-4e0d-a70f-884ace9bdeca | ITER: 90 END: OK
2019-10-07 18:38:20.886 165 INFO rally.task.runner [-] Task de8ff544-1de8-4e0d-a70f-884ace9bdeca | ITER: 80 END: OK
2019-10-07 18:38:20.950 142 INFO rally.task.runner [-] Task de8ff544-1de8-4e0d-a70f-884ace9bdeca | ITER: 85 END: OK
2019-10-07 18:38:21.923 145 INFO rally.task.runner [-] Task de8ff544-1de8-4e0d-a70f-884ace9bdeca | ITER: 95 END: OK
2019-10-07 18:38:22.502 173 INFO rally.task.runner [-] Task de8ff544-1de8-4e0d-a70f-884ace9bdeca | ITER: 98 END: OK
2019-10-07 18:38:22.724 155 INFO rally.task.runner [-] Task de8ff544-1de8-4e0d-a70f-884ace9bdeca | ITER: 96 END: OK
2019-10-07 18:38:22.739 162 INFO rally.task.runner [-] Task de8ff544-1de8-4e0d-a70f-884ace9bdeca | ITER: 92 END: OK
2019-10-07 18:38:22.778 156 INFO rally.task.runner [-] Task de8ff544-1de8-4e0d-a70f-884ace9bdeca | ITER: 86 END: OK
2019-10-07 18:38:22.814 148 INFO rally.task.runner [-] Task de8ff544-1de8-4e0d-a70f-884ace9bdeca | ITER: 88 END: OK
2019-10-07 18:38:23.229 186 INFO rally.task.runner [-] Task de8ff544-1de8-4e0d-a70f-884ace9bdeca | ITER: 93 END: OK
2019-10-07 18:38:23.486 158 INFO rally.task.runner [-] Task de8ff544-1de8-4e0d-a70f-884ace9bdeca | ITER: 94 END: OK
2019-10-07 18:38:23.741 183 INFO rally.task.runner [-] Task de8ff544-1de8-4e0d-a70f-884ace9bdeca | ITER: 97 END: OK
2019-10-07 18:38:23.846 189 INFO rally.task.runner [-] Task de8ff544-1de8-4e0d-a70f-884ace9bdeca | ITER: 99 END: OK
2019-10-07 18:38:23.923 166 INFO rally.task.runner [-] Task de8ff544-1de8-4e0d-a70f-884ace9bdeca | ITER: 100 END: OK
2019-10-07 18:38:23.950 15 INFO rally.task.context [-] Task de8ff544-1de8-4e0d-a70f-884ace9bdeca | Context cleanup@openstack cleanup() started
2019-10-07 18:38:23.954 15 RALLYDEBUG rally_openstack.cleanup.manager [-] Cleaning up neutron vip objects
2019-10-07 18:38:24.153 15 RALLYDEBUG rally_openstack.cleanup.manager [-] Cleaning up neutron health_monitor objects
2019-10-07 18:38:24.363 15 RALLYDEBUG rally_openstack.cleanup.manager [-] Cleaning up neutron pool objects
2019-10-07 18:38:24.559 15 RALLYDEBUG rally_openstack.cleanup.manager [-] Cleaning up neutron loadbalancer objects
2019-10-07 18:38:24.808 15 RALLYDEBUG rally_openstack.cleanup.manager [-] Cleaning up neutron floatingip objects
2019-10-07 18:38:25.036 15 RALLYDEBUG rally_openstack.cleanup.manager [-] Cleaning up neutron trunk objects
2019-10-07 18:38:25.218 15 DEBUG neutronclient.v2_0.client [-] Error message: {"message": "The resource could not be found.

\n\n\n", "code": "404 Not Found", "title": "Not Found"} _handle_fault_response /usr/lib/python2.7/site-packages/neutronclient/v2_0/client.py:259
2019-10-07 18:38:25.229 15 RALLYDEBUG rally_openstack.cleanup.manager [-] Cleaning up neutron port objects
2019-10-07 18:38:25.483 15 RALLYDEBUG rally_openstack.cleanup.manager [-] Cleaning up neutron subnet objects
2019-10-07 18:38:25.705 15 RALLYDEBUG rally_openstack.cleanup.manager [-] Cleaning up neutron network objects
2019-10-07 18:38:26.273 15 RALLYDEBUG rally_openstack.cleanup.manager [-] Deleting neutron.network object s_rally_9fba3a7b_mYUZkDyB (0d8899e9-3e96-48b1-85b5-ba28e2c8065a)
2019-10-07 18:38:26.274 15 RALLYDEBUG rally_openstack.cleanup.manager [-] Deleting neutron.network object s_rally_9fba3a7b_yFDWNa9C (1d114f06-ff86-4c03-b7ab-016642c01bfd)
2019-10-07 18:38:26.279 15 RALLYDEBUG rally_openstack.cleanup.manager [-] Deleting neutron.network object s_rally_9fba3a7b_EkaaXwVW (19aea93d-52f8-4753-b8be-52faf1a0124a)
2019-10-07 18:38:26.279 15 RALLYDEBUG rally_openstack.cleanup.manager [-] Deleting neutron.network object s_rally_9fba3a7b_EWTF2P7B (1178d793-dcfd-4e65-9484-104cccfc176d)
2019-10-07 18:38:26.290 15 RALLYDEBUG rally_openstack.cleanup.manager [-] Deleting neutron.network object s_rally_9fba3a7b_stmTN6wx (206ba797-3335-4734-a5da-ecd6ae7adc6b)
2019-10-07 18:38:26.292 15 RALLYDEBUG rally_openstack.cleanup.manager [-] Deleting neutron.network object s_rally_9fba3a7b_YpbtRC3x (2150662f-b11b-46d0-a634-f302ac35831b)
2019-10-07 18:38:26.293 15 RALLYDEBUG rally_openstack.cleanup.manager [-] Deleting neutron.network object s_rally_9fba3a7b_niQSpcvW (0c590366-6073-497f-95d4-daa22c40c5a1)
2019-10-07 18:38:26.325 15 RALLYDEBUG rally_openstack.cleanup.manager [-] Deleting neutron.network object s_rally_9fba3a7b_fUOu6xan (1c806701-a7b3-4b57-89f9-f66d96a11ec2)
2019-10-07 18:38:26.352 15 RALLYDEBUG rally_openstack.cleanup.manager [-] Deleting neutron.network object s_rally_9fba3a7b_82SP8mon (23ba6cc1-aa4e-475f-a7f6-09559fe5733c)
2019-10-07 18:38:26.355 15 RALLYDEBUG rally_openstack.cleanup.manager [-] Deleting neutron.network object s_rally_9fba3a7b_M1sKQLsF (218da10c-6fd2-4708-b920-7e5cc0546940)
2019-10-07 18:38:26.371 15 RALLYDEBUG rally_openstack.cleanup.manager [-] Deleting neutron.network object s_rally_9fba3a7b_9ktKx8Cf (25f72ddd-f29f-4c41-93d0-9551c918ecfd)
2019-10-07 18:38:26.374 15 RALLYDEBUG rally_openstack.cleanup.manager [-] Deleting neutron.network object s_rally_9fba3a7b_7nOh9VFk (274be5d6-cdac-4b17-a367-9d00c587da66)
2019-10-07 18:38:26.378 15 RALLYDEBUG rally_openstack.cleanup.manager [-] Deleting neutron.network object s_rally_9fba3a7b_thE09MFB (2b006070-45c6-4eea-a094-efe8e18c668c)
2019-10-07 18:38:26.393 15 RALLYDEBUG rally_openstack.cleanup.manager [-] Deleting neutron.network object s_rally_9fba3a7b_dgpKfuaB (2b8ef7e3-ca11-46dd-b7e7-c937e5850f4c)
2019-10-07 18:38:26.403 15 RALLYDEBUG rally_openstack.cleanup.manager [-] Deleting neutron.network object s_rally_9fba3a7b_ZHuN3pyh (2afac380-1738-4511-bfae-2f0371939259)
2019-10-07 18:38:26.407 15 RALLYDEBUG rally_openstack.cleanup.manager [-] Deleting neutron.network object s_rally_9fba3a7b_tM8lZlS7 (2bc704f3-aa39-4505-8528-9898ebfd0a2b)
2019-10-07 18:38:26.446 15 RALLYDEBUG rally_openstack.cleanup.manager [-] Deleting neutron.network object s_rally_9fba3a7b_5vCnl2q3 (3185ac1e-0613-4246-9dda-6cf5bca04e48)
2019-10-07 18:38:26.493 15 RALLYDEBUG rally_openstack.cleanup.manager [-] Deleting neutron.network object s_rally_9fba3a7b_fKX4y3g2 (33f4cd09-e0ab-42ac-b670-1a2a470d5a30)
2019-10-07 18:38:26.506 15 RALLYDEBUG rally_openstack.cleanup.manager [-] Deleting neutron.network object s_rally_9fba3a7b_71nDvvKU (34997613-cd9a-453f-9e9e-6839b125a899)
2019-10-07 18:38:26.518 15 RALLYDEBUG rally_openstack.cleanup.manager [-] Deleting neutron.network object s_rally_9fba3a7b_bzGXaXEO (34c7399b-0ec1-4f9b-a76b-cfcd64272a44)
2019-10-07 18:38:29.260 15 RALLYDEBUG rally_openstack.cleanup.manager [-] Deleting neutron.network object s_rally_9fba3a7b_kupmj8PF (35632e86-032a-47df-921b-753b395d6e18)
2019-10-07 18:38:31.236 15 RALLYDEBUG rally_openstack.cleanup.manager [-] Deleting neutron.network object s_rally_9fba3a7b_VZxP9dPY (381be2e6-25ac-4f9e-b238-97ea7e697b91)
2019-10-07 18:38:31.945 15 RALLYDEBUG rally_openstack.cleanup.manager [-] Deleting neutron.network object s_rally_9fba3a7b_2KVcYEiP (3fbf4844-6246-4afe-af6c-863c9cd0ad79)
2019-10-07 18:38:31.961 15 RALLYDEBUG rally_openstack.cleanup.manager [-] Deleting neutron.network object s_rally_9fba3a7b_T0l2svgF (448489c3-2652-4f3f-88c6-c44e01c2d0ee)
2019-10-07 18:38:32.040 15 RALLYDEBUG rally_openstack.cleanup.manager [-] Deleting neutron.network object s_rally_9fba3a7b_L84jWdnz (46c9d32a-1698-4db8-b3bd-d5af4fffaf55)
2019-10-07 18:38:32.060 15 RALLYDEBUG rally_openstack.cleanup.manager [-] Deleting neutron.network object s_rally_9fba3a7b_PEsxyMV8 (48be7b4c-6de8-432e-ae5b-59125a68b5e6)
2019-10-07 18:38:32.068 15 RALLYDEBUG rally_openstack.cleanup.manager [-] Deleting neutron.network object s_rally_9fba3a7b_9at7axR7 (4e3a431c-9a87-43ac-b6ca-eed5c6c6f2a6)
2019-10-07 18:38:32.219 15 RALLYDEBUG rally_openstack.cleanup.manager [-] Deleting neutron.network object s_rally_9fba3a7b_gBJTGRPf (4fa863b6-2258-4494-81cb-79965eeb0aea)
2019-10-07 18:38:32.570 15 RALLYDEBUG rally_openstack.cleanup.manager [-] Deleting neutron.network object s_rally_9fba3a7b_VU1PWgBd (54ee46da-06c8-4f95-9f99-8cc2fcca68c0)
2019-10-07 18:38:34.271 15 RALLYDEBUG rally_openstack.cleanup.manager [-] Deleting neutron.network object s_rally_9fba3a7b_ck4yxYlq (56fd28df-e2a6-42f8-a946-9bb7dc915aa9)
2019-10-07 18:38:34.503 15 RALLYDEBUG rally_openstack.cleanup.manager [-] Deleting neutron.network object s_rally_9fba3a7b_Ax6uqHf7 (5c427a9b-5058-4ec9-9091-6be3da216661)
2019-10-07 18:38:35.024 15 RALLYDEBUG rally_openstack.cleanup.manager [-] Deleting neutron.network object s_rally_9fba3a7b_BkF2MzWh (5cb728de-dad0-4fe1-b847-03fc51f7315b)
2019-10-07 18:38:35.055 15 RALLYDEBUG rally_openstack.cleanup.manager [-] Deleting neutron.network object s_rally_9fba3a7b_39d2SuLm (5d54a467-b11e-405d-9c46-7d88fd4bca75)
2019-10-07 18:38:35.342 15 RALLYDEBUG rally_openstack.cleanup.manager [-] Deleting neutron.network object s_rally_9fba3a7b_oS06UkfY (5ee73c87-21c1-4c58-9219-1ac2f3d858a1)
2019-10-07 18:38:35.349 15 RALLYDEBUG rally_openstack.cleanup.manager [-] Deleting neutron.network object s_rally_9fba3a7b_0fg3qIan (65af75f7-e804-4b8d-ab3c-13c99f185dff)
2019-10-07 18:38:36.414 15 RALLYDEBUG rally_openstack.cleanup.manager [-] Deleting neutron.network object s_rally_9fba3a7b_Y5Eyqrfk (67ccfd03-b0c6-43c6-97ef-a2d52ef36c8c)
2019-10-07 18:38:37.034 15 RALLYDEBUG rally_openstack.cleanup.manager [-] Deleting neutron.network object s_rally_9fba3a7b_4UybPsXI (68daf6d8-4089-45df-a532-328aeb99ba52)
2019-10-07 18:38:37.079 15 RALLYDEBUG rally_openstack.cleanup.manager [-] Deleting neutron.network object s_rally_9fba3a7b_ooI5HEOA (6a60d324-caf5-437b-92a0-2f672d72e01c)
2019-10-07 18:38:37.214 15 RALLYDEBUG rally_openstack.cleanup.manager [-] Deleting neutron.network object s_rally_9fba3a7b_VnPyYDOJ (6d66fa6c-de93-4326-828c-94f1b6da1c66)
2019-10-07 18:38:37.243 15 RALLYDEBUG rally_openstack.cleanup.manager [-] Deleting neutron.network object s_rally_9fba3a7b_E5s31Duj (6e00457c-c2df-4932-b1a1-06c1a68f47c8)
2019-10-07 18:38:37.272 15 RALLYDEBUG rally_openstack.cleanup.manager [-] Deleting neutron.network object s_rally_9fba3a7b_mi6l5hoi (6ec18401-3d63-4955-bd23-9d160fd19ac6)
2019-10-07 18:38:37.314 15 RALLYDEBUG rally_openstack.cleanup.manager [-] Deleting neutron.network object s_rally_9fba3a7b_xtWnqRws (770131a7-ca4d-4aea-a149-87572abf2a60)
2019-10-07 18:38:37.328 15 RALLYDEBUG rally_openstack.cleanup.manager [-] Deleting neutron.network object s_rally_9fba3a7b_ijYRHCs8 (7c315ced-692b-46ca-aeeb-47cb293a1731)
2019-10-07 18:38:37.331 15 RALLYDEBUG rally_openstack.cleanup.manager [-] Deleting neutron.network object s_rally_9fba3a7b_f777Nxyo (78c8fa18-e467-41b8-973b-5f544398b557)
2019-10-07 18:38:37.342 15 RALLYDEBUG rally_openstack.cleanup.manager [-] Deleting neutron.network object s_rally_9fba3a7b_Bd0tex4L (7f49dee7-7a84-426c-b689-d89aa510d55f)
2019-10-07 18:38:37.371 15 RALLYDEBUG rally_openstack.cleanup.manager [-] Deleting neutron.network object s_rally_9fba3a7b_BXwAUItZ (80656849-b4e7-4135-96d2-ac7e0943f2b1)
2019-10-07 18:38:37.923 15 RALLYDEBUG rally_openstack.cleanup.manager [-] Deleting neutron.network object s_rally_9fba3a7b_XKILnHwF (809f000e-90dd-4140-89c8-bed9c73bad41)
2019-10-07 18:38:38.505 15 RALLYDEBUG rally_openstack.cleanup.manager [-] Deleting neutron.network object s_rally_9fba3a7b_2GJXij6O (84d6022f-b974-4325-a16c-2c7403888550)
2019-10-07 18:38:39.077 15 RALLYDEBUG rally_openstack.cleanup.manager [-] Deleting neutron.network object s_rally_9fba3a7b_RJwcsd4T (879bf4d4-cc09-4d94-aeaa-0a138a4daee3)
2019-10-07 18:38:39.104 15 RALLYDEBUG rally_openstack.cleanup.manager [-] Deleting neutron.network object s_rally_9fba3a7b_q7NjnU0L (8a9aeb5f-8e32-498d-9788-556d8fd1434e)
2019-10-07 18:38:40.102 15 RALLYDEBUG rally_openstack.cleanup.manager [-] Deleting neutron.network object s_rally_9fba3a7b_XHdoYeIE (8b1e1d5d-9251-41b3-b5cf-90605b0aa31e)
2019-10-07 18:38:40.453 15 RALLYDEBUG rally_openstack.cleanup.manager [-] Deleting neutron.network object s_rally_9fba3a7b_yRQaz3ua (8bee8013-a068-4c26-83d3-5d9eab66cc27)
2019-10-07 18:38:40.523 15 RALLYDEBUG rally_openstack.cleanup.manager [-] Deleting neutron.network object s_rally_9fba3a7b_FC4vkJ99 (8c49258a-3817-456b-bc82-49224f96733c)
2019-10-07 18:38:41.304 15 RALLYDEBUG rally_openstack.cleanup.manager [-] Deleting neutron.network object s_rally_9fba3a7b_ltMtredD (8e27c71c-1175-4296-a6f9-7853c0a51250)
2019-10-07 18:38:41.411 15 RALLYDEBUG rally_openstack.cleanup.manager [-] Deleting neutron.network object s_rally_9fba3a7b_qu7bcfDM (8ec18fbc-1e33-4c25-af65-149318e85156)
2019-10-07 18:38:42.809 15 RALLYDEBUG rally_openstack.cleanup.manager [-] Deleting neutron.network object s_rally_9fba3a7b_YtxFj68H (94054b67-6cd0-4405-bcf1-d104cb1e9f49)
2019-10-07 18:38:42.934 15 RALLYDEBUG rally_openstack.cleanup.manager [-] Deleting neutron.network object s_rally_9fba3a7b_R8mMCfeS (95f3c125-ad58-421e-bfb6-0f5702ff2723)
2019-10-07 18:38:42.938 15 RALLYDEBUG rally_openstack.cleanup.manager [-] Deleting neutron.network object s_rally_9fba3a7b_cOlvunL6 (975028f7-2aef-4dbe-ac4c-1f65ff02f179)
2019-10-07 18:38:43.174 15 RALLYDEBUG rally_openstack.cleanup.manager [-] Deleting neutron.network object s_rally_9fba3a7b_mw81sr51 (99a6eb7c-f965-4b7d-bf26-ee127f9f7b16)
2019-10-07 18:38:43.632 15 RALLYDEBUG rally_openstack.cleanup.manager [-] Deleting neutron.network object s_rally_9fba3a7b_N5VSalfP (9a2271a9-ea17-4060-8e44-3fd3f7298177)
2019-10-07 18:38:43.775 15 RALLYDEBUG rally_openstack.cleanup.manager [-] Deleting neutron.network object s_rally_9fba3a7b_JOL8w5dQ (9ac6f290-e5cf-49e1-a389-1602a7cdb52e)
2019-10-07 18:38:43.856 15 RALLYDEBUG rally_openstack.cleanup.manager [-] Deleting neutron.network object s_rally_9fba3a7b_tqdxJWY5 (9b273eb7-4969-41a7-9ab0-5e693ee8dc93)
2019-10-07 18:38:43.873 15 RALLYDEBUG rally_openstack.cleanup.manager [-] Deleting neutron.network object s_rally_9fba3a7b_CyCjzY6N (9b4cee2c-b9f3-4d25-973c-580cb8e2ccec)
2019-10-07 18:38:43.953 15 RALLYDEBUG rally_openstack.cleanup.manager [-] Deleting neutron.network object s_rally_9fba3a7b_BMFcOy9n (9c3d40f9-da60-4ba6-9422-843822ea81d5)
2019-10-07 18:38:43.960 15 RALLYDEBUG rally_openstack.cleanup.manager [-] Deleting neutron.network object s_rally_9fba3a7b_eQVee4Mo (9d34f71a-2dff-4dfe-855d-2bc0d67c12ad)
2019-10-07 18:38:43.990 15 RALLYDEBUG rally_openstack.cleanup.manager [-] Deleting neutron.network object s_rally_9fba3a7b_ogXK3QLI (9ebade05-66cf-4d16-a5c4-328cb21c6c18)
2019-10-07 18:38:44.017 15 RALLYDEBUG rally_openstack.cleanup.manager [-] Deleting neutron.network object s_rally_9fba3a7b_RbHFBVme (9ef8f125-b82d-4cab-bf07-6441fe10a300)
2019-10-07 18:38:44.466 15 RALLYDEBUG rally_openstack.cleanup.manager [-] Deleting neutron.network object s_rally_9fba3a7b_OoqaP8vC (a53c315f-177f-4cf6-a77c-4be044865c28)
2019-10-07 18:38:44.681 15 RALLYDEBUG rally_openstack.cleanup.manager [-] Deleting neutron.network object s_rally_9fba3a7b_IIAiy3Xy (a72d45ce-d8c0-4fbd-89fc-8f5b6ac2ff35)
2019-10-07 18:38:44.965 15 RALLYDEBUG rally_openstack.cleanup.manager [-] Deleting neutron.network object s_rally_9fba3a7b_uIsI3LiZ (a879b5cb-8d81-4c2f-971a-02769933687e)
2019-10-07 18:38:45.875 15 RALLYDEBUG rally_openstack.cleanup.manager [-] Deleting neutron.network object s_rally_9fba3a7b_LoabY2jD (a91aacfe-e404-43eb-9515-5bd1af51b336)
2019-10-07 18:38:46.157 15 RALLYDEBUG rally_openstack.cleanup.manager [-] Deleting neutron.network object s_rally_9fba3a7b_pNkGkTXK (a99997cc-2d97-4493-b4e6-fe9d65315538)
2019-10-07 18:38:46.292 15 RALLYDEBUG rally_openstack.cleanup.manager [-] Deleting neutron.network object s_rally_9fba3a7b_mOf0UDLz (aa2fec39-1fb0-436b-93f1-6067787d4c42)
2019-10-07 18:38:47.029 15 RALLYDEBUG rally_openstack.cleanup.manager [-] Deleting neutron.network object s_rally_9fba3a7b_EmOhI2nc (b0ea0244-8587-4322-aaaf-7f9a823a979d)
2019-10-07 18:38:47.634 15 RALLYDEBUG rally_openstack.cleanup.manager [-] Deleting neutron.network object s_rally_9fba3a7b_oPNX8ipQ (b18b8662-fd70-474f-9ac3-083802339095)
2019-10-07 18:38:47.745 15 RALLYDEBUG rally_openstack.cleanup.manager [-] Deleting neutron.network object s_rally_9fba3a7b_Smi4a5mJ (b3e45813-66fd-410e-b4d8-094fa87355e3)
2019-10-07 18:38:47.783 15 RALLYDEBUG rally_openstack.cleanup.manager [-] Deleting neutron.network object s_rally_9fba3a7b_4wPsor36 (c0fd893c-ec79-439c-8321-1dc3205ef226)
2019-10-07 18:38:47.921 15 RALLYDEBUG rally_openstack.cleanup.manager [-] Deleting neutron.network object s_rally_9fba3a7b_dnKGuQLV (c210e3fa-d97f-4e2c-91ca-67846a5b847a)
2019-10-07 18:38:48.127 15 RALLYDEBUG rally_openstack.cleanup.manager [-] Deleting neutron.network object s_rally_9fba3a7b_DKDIPFOE (c2fe4185-c82a-47ff-909d-18b400be1fcb)
2019-10-07 18:38:48.251 15 RALLYDEBUG rally_openstack.cleanup.manager [-] Deleting neutron.network object s_rally_9fba3a7b_3nCNGvMg (c449cbd2-3ddc-476b-8ca4-07ef4f786716)
