\n\n\n", "code": "404 Not Found", "title": "Not Found"} _handle_fault_response /usr/lib/python2.7/site-packages/neutronclient/v2_0/client.py:259
2019-10-07 19:24:20.074 15 RALLYDEBUG rally_openstack.cleanup.manager [-] Cleaning up neutron port objects
2019-10-07 19:24:20.336 15 RALLYDEBUG rally_openstack.cleanup.manager [-] Cleaning up neutron subnet objects
2019-10-07 19:24:20.574 15 RALLYDEBUG rally_openstack.cleanup.manager [-] Cleaning up neutron network objects
2019-10-07 19:24:21.065 15 RALLYDEBUG rally_openstack.cleanup.manager [-] Deleting neutron.network object s_rally_e2027bd3_UYl1E7Xr (213fd13a-5aa1-4e91-90db-bb5cd7d4b0ec)
2019-10-07 19:24:21.066 15 RALLYDEBUG rally_openstack.cleanup.manager [-] Deleting neutron.network object s_rally_e2027bd3_yqzFwHgY (0f338f1e-7fbb-4ad2-944d-b32b9ba0af3e)
2019-10-07 19:24:21.072 15 RALLYDEBUG rally_openstack.cleanup.manager [-] Deleting neutron.network object s_rally_e2027bd3_FoZsOflU (29b381f7-38a7-4311-af03-4b6e7c210c5a)
2019-10-07 19:24:21.072 15 RALLYDEBUG rally_openstack.cleanup.manager [-] Deleting neutron.network object s_rally_e2027bd3_XM05YqI2 (203cdb9b-8ff5-4c3c-b577-d3dc10f0814e)
2019-10-07 19:24:21.067 15 RALLYDEBUG rally_openstack.cleanup.manager [-] Deleting neutron.network object s_rally_e2027bd3_tTkp4kov (33c68e0c-2eba-4b20-afb5-3806f503076d)
2019-10-07 19:24:21.077 15 RALLYDEBUG rally_openstack.cleanup.manager [-] Deleting neutron.network object s_rally_e2027bd3_G6LgbNSD (352fdba6-2d0e-4d2f-9898-67443d1dad64)
2019-10-07 19:24:21.080 15 RALLYDEBUG rally_openstack.cleanup.manager [-] Deleting neutron.network object s_rally_e2027bd3_4vJEtR9I (45cb78da-b94e-4355-8bd6-077b2317fbf5)
2019-10-07 19:24:21.157 15 RALLYDEBUG rally_openstack.cleanup.manager [-] Deleting neutron.network object s_rally_e2027bd3_IRG8KMt6 (5227b90d-4538-4868-bf2b-0db5891eb861)
2019-10-07 19:24:21.163 15 RALLYDEBUG rally_openstack.cleanup.manager [-] Deleting neutron.network object s_rally_e2027bd3_mXmYIZb6 (5a2fa764-35a7-4385-8dbe-dec2a1985eae)
2019-10-07 19:24:21.166 15 RALLYDEBUG rally_openstack.cleanup.manager [-] Deleting neutron.network object s_rally_e2027bd3_b35JqJu2 (508fdfe5-3e5c-482a-9ec0-534af3f58bc6)
2019-10-07 19:24:21.173 15 RALLYDEBUG rally_openstack.cleanup.manager [-] Deleting neutron.network object s_rally_e2027bd3_G4dIF4hs (68ceb002-c610-4b80-a4e5-baaf3901be24)
2019-10-07 19:24:21.176 15 RALLYDEBUG rally_openstack.cleanup.manager [-] Deleting neutron.network object s_rally_e2027bd3_u5VIj8rI (63fdaaff-e7b7-4409-9163-d4a0c9c3970d)
2019-10-07 19:24:21.198 15 RALLYDEBUG rally_openstack.cleanup.manager [-] Deleting neutron.network object s_rally_e2027bd3_SI968mOa (5d719aca-5f38-4b8e-be3d-ef8b14a3ed6f)
2019-10-07 19:24:21.207 15 RALLYDEBUG rally_openstack.cleanup.manager [-] Deleting neutron.network object s_rally_e2027bd3_YBMBUNXR (684842d9-faf4-4974-ac15-ec9b427ad0a0)
2019-10-07 19:24:21.215 15 RALLYDEBUG rally_openstack.cleanup.manager [-] Deleting neutron.network object s_rally_e2027bd3_t0TeqGgy (6cb0ae11-5d40-4bb7-aabd-fcb53905fdbe)
2019-10-07 19:24:21.224 15 RALLYDEBUG rally_openstack.cleanup.manager [-] Deleting neutron.network object s_rally_e2027bd3_KR5YVojx (7ea0ce54-dd87-45bb-9ba3-c4f3052c1123)
2019-10-07 19:24:21.231 15 RALLYDEBUG rally_openstack.cleanup.manager [-] Deleting neutron.network object s_rally_e2027bd3_2j8LQdmx (74fd8bba-2ee9-4375-affb-1ecd92121bf3)
2019-10-07 19:24:21.238 15 RALLYDEBUG rally_openstack.cleanup.manager [-] Deleting neutron.network object s_rally_e2027bd3_JLoTGjru (83a28ea8-7ecd-46cb-bf78-59926fa68722)
2019-10-07 19:24:21.231 15 RALLYDEBUG rally_openstack.cleanup.manager [-] Deleting neutron.network object s_rally_e2027bd3_aeyhLBSu (4797a903-5c66-4e4b-8e97-4249a0743a89)
2019-10-07 19:24:21.255 15 RALLYDEBUG rally_openstack.cleanup.manager [-] Deleting neutron.network object s_rally_e2027bd3_nT8g5VQi (8c4a4c0d-f36e-4ac3-9c4d-df559c883471)
2019-10-07 19:24:24.423 15 RALLYDEBUG rally_openstack.cleanup.manager [-] Deleting neutron.network object s_rally_e2027bd3_mlr7vJxk (8d902886-49e3-4f30-a577-99b4e77eec0d)
2019-10-07 19:24:24.886 15 RALLYDEBUG rally_openstack.cleanup.manager [-] Deleting neutron.network object s_rally_e2027bd3_KSG0O5T2 (908f54ea-c01f-47b3-a643-0bf3642d026e)
2019-10-07 19:24:25.673 15 RALLYDEBUG rally_openstack.cleanup.manager [-] Deleting neutron.network object s_rally_e2027bd3_3cPSKYLC (976d0a5d-c9d3-4180-9497-7c24b8334374)
2019-10-07 19:24:27.539 15 RALLYDEBUG rally_openstack.cleanup.manager [-] Deleting neutron.network object s_rally_e2027bd3_5iBkFoTj (9c577215-a7a9-4787-bc9d-0f0e67c070ab)
2019-10-07 19:24:27.543 15 RALLYDEBUG rally_openstack.cleanup.manager [-] Deleting neutron.network object s_rally_e2027bd3_7jQjKFKD (a936a442-dbf2-4885-b50a-db503c0d3a4f)
2019-10-07 19:24:28.161 15 RALLYDEBUG rally_openstack.cleanup.manager [-] Deleting neutron.network object s_rally_e2027bd3_GSeH7BDj (aa497e5b-81b8-498d-9205-2107b159c2d0)
2019-10-07 19:24:28.256 15 RALLYDEBUG rally_openstack.cleanup.manager [-] Deleting neutron.network object s_rally_e2027bd3_kGwrhZRb (aaf211e6-0614-4e3b-b348-c217f3628b1f)
2019-10-07 19:24:28.303 15 RALLYDEBUG rally_openstack.cleanup.manager [-] Deleting neutron.network object s_rally_e2027bd3_zFhpksNK (ad8185c8-8f3f-4d27-a7c3-d0e7adc3f5a7)
2019-10-07 19:24:28.473 15 RALLYDEBUG rally_openstack.cleanup.manager [-] Deleting neutron.network object s_rally_e2027bd3_3YGdOVZE (b87055f3-1183-48ff-a05d-0cbe64243a87)
2019-10-07 19:24:28.500 15 RALLYDEBUG rally_openstack.cleanup.manager [-] Deleting neutron.network object s_rally_e2027bd3_1Ow7EHc9 (becaa9b6-cf7e-420a-a48c-e3435c99e471)
2019-10-07 19:24:28.504 15 RALLYDEBUG rally_openstack.cleanup.manager [-] Deleting neutron.network object s_rally_e2027bd3_StGyqxKh (bf00108c-6764-49a2-bb23-4cd6665352f3)
2019-10-07 19:24:29.345 15 RALLYDEBUG rally_openstack.cleanup.manager [-] Deleting neutron.network object s_rally_e2027bd3_LqdNGIJh (c5b9d616-10ab-4508-8dbf-10fc37c19f5a)
2019-10-07 19:24:29.589 15 RALLYDEBUG rally_openstack.cleanup.manager [-] Deleting neutron.network object s_rally_e2027bd3_drU5lmWs (d9a1a9da-03a7-4721-87bf-17067f52b249)
2019-10-07 19:24:30.630 15 RALLYDEBUG rally_openstack.cleanup.manager [-] Deleting neutron.network object s_rally_e2027bd3_qgFjN9ZS (db5711a7-034a-429e-813a-d08ee18f78b2)
2019-10-07 19:24:30.659 15 RALLYDEBUG rally_openstack.cleanup.manager [-] Deleting neutron.network object s_rally_e2027bd3_PwDn0bWm (e0929b27-c511-402a-b232-9ba90277b1d7)
2019-10-07 19:24:30.668 15 RALLYDEBUG rally_openstack.cleanup.manager [-] Deleting neutron.network object s_rally_e2027bd3_Gis0V6eS (e69ec837-45e6-4225-b81d-b6eb45ab875c)
2019-10-07 19:24:30.737 15 ERROR rally_openstack.osclients [-] Unable to authenticate for user c_rally_e2027bd3_GElvOsSf in project c_rally_e2027bd3_eSD9wwcd: BadGateway: Bad Gateway (HTTP 502)
2019-10-07 19:24:30.737 15 ERROR rally_openstack.osclients
Traceback (most recent call last):
2019-10-07 19:24:30.737 15 ERROR rally_openstack.osclients
File "/usr/lib/python2.7/site-packages/rally_openstack/osclients.py", line 273, in auth_ref
2019-10-07 19:24:30.737 15 ERROR rally_openstack.osclients self.cache["keystone_auth_ref"] = plugin.get_access(sess)
2019-10-07 19:24:30.737 15 ERROR rally_openstack.osclients
File "/usr/lib/python2.7/site-packages/keystoneauth1/identity/base.py", line 134, in get_access
2019-10-07 19:24:30.737 15 ERROR rally_openstack.osclients self.auth_ref = self.get_auth_ref(session)
2019-10-07 19:24:30.737 15 ERROR rally_openstack.osclients
File "/usr/lib/python2.7/site-packages/keystoneauth1/identity/generic/base.py", line 208, in get_auth_ref
2019-10-07 19:24:30.737 15 ERROR rally_openstack.osclients return self._plugin.get_auth_ref(session, **kwargs)
2019-10-07 19:24:30.737 15 ERROR rally_openstack.osclients
File "/usr/lib/python2.7/site-packages/keystoneauth1/identity/v3/base.py", line 178, in get_auth_ref
2019-10-07 19:24:30.737 15 ERROR rally_openstack.osclients authenticated=False, log=False, **rkwargs)
2019-10-07 19:24:30.737 15 ERROR rally_openstack.osclients
File "/usr/lib/python2.7/site-packages/keystoneauth1/session.py", line 1019, in post
2019-10-07 19:24:30.737 15 ERROR rally_openstack.osclients return self.request(url, 'POST', **kwargs)
2019-10-07 19:24:30.737 15 ERROR rally_openstack.osclients
File "/usr/lib/python2.7/site-packages/keystoneauth1/session.py", line 869, in request
2019-10-07 19:24:30.737 15 ERROR rally_openstack.osclients raise exceptions.from_response(resp, method, url)
2019-10-07 19:24:30.737 15 ERROR rally_openstack.osclients BadGateway: Bad Gateway (HTTP 502)
2019-10-07 19:24:30.737 15 ERROR rally_openstack.osclients
2019-10-07 19:24:30.766 15 RALLYDEBUG rally_openstack.cleanup.manager [-] Deleting neutron.network object s_rally_e2027bd3_qKblsZZe (eed26c5a-29fb-4604-93ca-d9a932809e2e)
2019-10-07 19:24:31.132 15 RALLYDEBUG rally_openstack.cleanup.manager [-] Deleting neutron.network object s_rally_e2027bd3_jMMt1npb (f244f6b0-459c-4bf4-acc5-245bd89a8dca)
2019-10-07 19:24:31.342 15 RALLYDEBUG rally_openstack.cleanup.manager [-] Deleting neutron.network object s_rally_e2027bd3_BbncUPlM (f4643bfb-f289-4c8a-aff1-ffe5468589c2)
2019-10-07 19:24:31.471 15 RALLYDEBUG rally_openstack.cleanup.manager [-] Deleting neutron.network object s_rally_e2027bd3_k4uj52OA (f9eb64d5-3c83-4c67-8fac-f3b3a06e4aa1)
2019-10-07 19:24:37.409 15 RALLYDEBUG rally_openstack.cleanup.manager [-] Cleaning up neutron router objects
2019-10-07 19:24:37.693 15 RALLYDEBUG rally_openstack.cleanup.manager [-] Cleaning up neutron security_group objects
2019-10-07 19:24:38.046 15 INFO rally.task.context [-] Task de8ff544-1de8-4e0d-a70f-884ace9bdeca | Context cleanup@openstack cleanup() finished in 19.37 sec
2019-10-07 19:24:38.046 15 INFO rally.task.context [-] Task de8ff544-1de8-4e0d-a70f-884ace9bdeca | Context quotas@openstack cleanup() started
2019-10-07 19:24:38.087 15 INFO rally.task.context [-] Task de8ff544-1de8-4e0d-a70f-884ace9bdeca | Context quotas@openstack cleanup() finished in 40.95 msec
2019-10-07 19:24:38.088 15 INFO rally.task.context [-] Task de8ff544-1de8-4e0d-a70f-884ace9bdeca | Context users@openstack cleanup() started
2019-10-07 19:24:39.509 15 INFO rally.task.context [-] Task de8ff544-1de8-4e0d-a70f-884ace9bdeca | Context users@openstack cleanup() finished in 1.42 sec
2019-10-07 19:24:40.473 15 INFO rally.task.engine [-] Load duration is: 123.511192
2019-10-07 19:24:40.473 15 INFO rally.task.engine [-] Full runner duration is: 123.558804
2019-10-07 19:24:40.474 15 INFO rally.task.engine [-] Full duration is: 145.576215
2019-10-07 19:24:40.597 15 INFO rally.task.engine [-] Running workload: position = 0 config = { "version": 2, "title": "A cropped version of a bigger task.", "description": "Auto-generated task from a single workload (uuid=e8245434-c404-4a9e-a1ff-f787d51da407)", "subtasks": [ { "title": "Quotas.neutron_update", "description": "Update quotas for neutron.", "scenario": { "Quotas.neutron_update": { "max_quota": 1024 } }, "contexts": { "users": { "tenants": 20, "users_per_tenant": 1 } }, "runner": { "constant": { "times": 40, "concurrency": 20 } }, "hooks": [], "sla": { "failure_rate": { "max": 0 } } } ] }
2019-10-07 19:24:40.610 15 RALLYDEBUG rally_openstack.contexts.keystone.users [-] Creating 20 tenants using 20 threads
2019-10-07 19:24:42.948 15 RALLYDEBUG rally_openstack.contexts.keystone.users [-] Creating 20 users using 20 threads
2019-10-07 19:24:46.650 15 INFO rally.task.context [-] Task de8ff544-1de8-4e0d-a70f-884ace9bdeca | Context users@openstack setup() finished in 6.04 sec
2019-10-07 19:24:46.651 15 INFO rally.task.context [-] Task de8ff544-1de8-4e0d-a70f-884ace9bdeca | Context admin_cleanup@openstack setup() finished in 0.01 msec
2019-10-07 19:24:46.658 15 RALLYDEBUG rally.task.runner [-] Starting the constant runner (task UUID: de8ff544-1de8-4e0d-a70f-884ace9bdeca). timeout: 0 concurrency: 20 concurrency_per_worker: 1 times: 40 concurrency_overhead: 0 processes_to_start: 20 max_cpu_used: 88
2019-10-07 19:24:46.673 5004 RALLYDEBUG rally.task.runner [-] Starting a worker. concurrency: 1 args: {"max_quota": 1024} times: 40 method_name: run timeout: 0 duration: None cls:
2019-10-07 19:24:46.675 5005 RALLYDEBUG rally.task.runner [-] Starting a worker. concurrency: 1 args: {"max_quota": 1024} times: 40 method_name: run timeout: 0 duration: None cls:
2019-10-07 19:24:46.677 5006 RALLYDEBUG rally.task.runner [-] Starting a worker. concurrency: 1 args: {"max_quota": 1024} times: 40 method_name: run timeout: 0 duration: None cls:
2019-10-07 19:24:46.680 5007 RALLYDEBUG rally.task.runner [-] Starting a worker. concurrency: 1 args: {"max_quota": 1024} times: 40 method_name: run timeout: 0 duration: None cls:
2019-10-07 19:24:46.682 5008 RALLYDEBUG rally.task.runner [-] Starting a worker. concurrency: 1 args: {"max_quota": 1024} times: 40 method_name: run timeout: 0 duration: None cls:
2019-10-07 19:24:46.683 5004 INFO rally.task.runner [-] Task de8ff544-1de8-4e0d-a70f-884ace9bdeca | ITER: 1 START
2019-10-07 19:24:46.686 5005 INFO rally.task.runner [-] Task de8ff544-1de8-4e0d-a70f-884ace9bdeca | ITER: 2 START
2019-10-07 19:24:46.686 5009 RALLYDEBUG rally.task.runner [-] Starting a worker. concurrency: 1 args: {"max_quota": 1024} times: 40 method_name: run timeout: 0 duration: None cls:
2019-10-07 19:24:46.687 5006 INFO rally.task.runner [-] Task de8ff544-1de8-4e0d-a70f-884ace9bdeca | ITER: 3 START
2019-10-07 19:24:46.690 5007 INFO rally.task.runner [-] Task de8ff544-1de8-4e0d-a70f-884ace9bdeca | ITER: 4 START
2019-10-07 19:24:46.692 5008 INFO rally.task.runner [-] Task de8ff544-1de8-4e0d-a70f-884ace9bdeca | ITER: 5 START
2019-10-07 19:24:46.695 5009 INFO rally.task.runner [-] Task de8ff544-1de8-4e0d-a70f-884ace9bdeca | ITER: 6 START
2019-10-07 19:24:46.703 5023 RALLYDEBUG rally.task.runner [-] Starting a worker. concurrency: 1 args: {"max_quota": 1024} times: 40 method_name: run timeout: 0 duration: None cls:
2019-10-07 19:24:46.706 5024 RALLYDEBUG rally.task.runner [-] Starting a worker. concurrency: 1 args: {"max_quota": 1024} times: 40 method_name: run timeout: 0 duration: None cls:
2019-10-07 19:24:46.710 5025 RALLYDEBUG rally.task.runner [-] Starting a worker. concurrency: 1 args: {"max_quota": 1024} times: 40 method_name: run timeout: 0 duration: None cls:
2019-10-07 19:24:46.714 5023 INFO rally.task.runner [-] Task de8ff544-1de8-4e0d-a70f-884ace9bdeca | ITER: 7 START
2019-10-07 19:24:46.715 5024 INFO rally.task.runner [-] Task de8ff544-1de8-4e0d-a70f-884ace9bdeca | ITER: 8 START
2019-10-07 19:24:46.717 5026 RALLYDEBUG rally.task.runner [-] Starting a worker. concurrency: 1 args: {"max_quota": 1024} times: 40 method_name: run timeout: 0 duration: None cls:
2019-10-07 19:24:46.720 5025 INFO rally.task.runner [-] Task de8ff544-1de8-4e0d-a70f-884ace9bdeca | ITER: 9 START
2019-10-07 19:24:46.722 5032 RALLYDEBUG rally.task.runner [-] Starting a worker. concurrency: 1 args: {"max_quota": 1024} times: 40 method_name: run timeout: 0 duration: None cls:
2019-10-07 19:24:46.725 5033 RALLYDEBUG rally.task.runner [-] Starting a worker. concurrency: 1 args: {"max_quota": 1024} times: 40 method_name: run timeout: 0 duration: None cls:
2019-10-07 19:24:46.727 5026 INFO rally.task.runner [-] Task de8ff544-1de8-4e0d-a70f-884ace9bdeca | ITER: 10 START
2019-10-07 19:24:46.729 5036 RALLYDEBUG rally.task.runner [-] Starting a worker. concurrency: 1 args: {"max_quota": 1024} times: 40 method_name: run timeout: 0 duration: None cls:
2019-10-07 19:24:46.732 5032 INFO rally.task.runner [-] Task de8ff544-1de8-4e0d-a70f-884ace9bdeca | ITER: 11 START
2019-10-07 19:24:46.733 5038 RALLYDEBUG rally.task.runner [-] Starting a worker. concurrency: 1 args: {"max_quota": 1024} times: 40 method_name: run timeout: 0 duration: None cls:
2019-10-07 19:24:46.734 5033 INFO rally.task.runner [-] Task de8ff544-1de8-4e0d-a70f-884ace9bdeca | ITER: 12 START
2019-10-07 19:24:46.739 5036 INFO rally.task.runner [-] Task de8ff544-1de8-4e0d-a70f-884ace9bdeca | ITER: 13 START
2019-10-07 19:24:46.738 5040 RALLYDEBUG rally.task.runner [-] Starting a worker. concurrency: 1 args: {"max_quota": 1024} times: 40 method_name: run timeout: 0 duration: None cls:
2019-10-07 19:24:46.742 5038 INFO rally.task.runner [-] Task de8ff544-1de8-4e0d-a70f-884ace9bdeca | ITER: 14 START
2019-10-07 19:24:46.742 5045 RALLYDEBUG rally.task.runner [-] Starting a worker. concurrency: 1 args: {"max_quota": 1024} times: 40 method_name: run timeout: 0 duration: None cls:
2019-10-07 19:24:46.745 5046 RALLYDEBUG rally.task.runner [-] Starting a worker. concurrency: 1 args: {"max_quota": 1024} times: 40 method_name: run timeout: 0 duration: None cls:
2019-10-07 19:24:46.748 5040 INFO rally.task.runner [-] Task de8ff544-1de8-4e0d-a70f-884ace9bdeca | ITER: 15 START
2019-10-07 19:24:46.748 5049 RALLYDEBUG rally.task.runner [-] Starting a worker. concurrency: 1 args: {"max_quota": 1024} times: 40 method_name: run timeout: 0 duration: None cls:
2019-10-07 19:24:46.751 5045 INFO rally.task.runner [-] Task de8ff544-1de8-4e0d-a70f-884ace9bdeca | ITER: 16 START
2019-10-07 19:24:46.754 5046 INFO rally.task.runner [-] Task de8ff544-1de8-4e0d-a70f-884ace9bdeca | ITER: 17 START
2019-10-07 19:24:46.757 5049 INFO rally.task.runner [-] Task de8ff544-1de8-4e0d-a70f-884ace9bdeca | ITER: 18 START
2019-10-07 19:24:47.294 5008 INFO rally.task.runner [-] Task de8ff544-1de8-4e0d-a70f-884ace9bdeca | ITER: 5 END: OK
2019-10-07 19:24:47.304 5008 INFO rally.task.runner [-] Task de8ff544-1de8-4e0d-a70f-884ace9bdeca | ITER: 19 START
2019-10-07 19:24:47.310 5005 INFO rally.task.runner [-] Task de8ff544-1de8-4e0d-a70f-884ace9bdeca | ITER: 2 END: OK
2019-10-07 19:24:47.317 5005 INFO rally.task.runner [-] Task de8ff544-1de8-4e0d-a70f-884ace9bdeca | ITER: 20 START
2019-10-07 19:24:47.380 5004 INFO rally.task.runner [-] Task de8ff544-1de8-4e0d-a70f-884ace9bdeca | ITER: 1 END: OK
2019-10-07 19:24:47.389 5004 INFO rally.task.runner [-] Task de8ff544-1de8-4e0d-a70f-884ace9bdeca | ITER: 21 START
2019-10-07 19:24:47.421 5006 INFO rally.task.runner [-] Task de8ff544-1de8-4e0d-a70f-884ace9bdeca | ITER: 3 END: OK
2019-10-07 19:24:47.429 5006 INFO rally.task.runner [-] Task de8ff544-1de8-4e0d-a70f-884ace9bdeca | ITER: 22 START
2019-10-07 19:24:47.716 5009 INFO rally.task.runner [-] Task de8ff544-1de8-4e0d-a70f-884ace9bdeca | ITER: 6 END: OK
2019-10-07 19:24:47.725 5009 INFO rally.task.runner [-] Task de8ff544-1de8-4e0d-a70f-884ace9bdeca | ITER: 23 START
2019-10-07 19:24:47.784 5007 INFO rally.task.runner [-] Task de8ff544-1de8-4e0d-a70f-884ace9bdeca | ITER: 4 END: OK
2019-10-07 19:24:47.793 5007 INFO rally.task.runner [-] Task de8ff544-1de8-4e0d-a70f-884ace9bdeca | ITER: 24 START
2019-10-07 19:24:47.890 5023 INFO rally.task.runner [-] Task de8ff544-1de8-4e0d-a70f-884ace9bdeca | ITER: 7 END: OK
2019-10-07 19:24:47.899 5023 INFO rally.task.runner [-] Task de8ff544-1de8-4e0d-a70f-884ace9bdeca | ITER: 25 START
2019-10-07 19:24:47.965 5045 INFO rally.task.runner [-] Task de8ff544-1de8-4e0d-a70f-884ace9bdeca | ITER: 16 END: OK
2019-10-07 19:24:47.975 5045 INFO rally.task.runner [-] Task de8ff544-1de8-4e0d-a70f-884ace9bdeca | ITER: 26 START
2019-10-07 19:24:47.982 5024 INFO rally.task.runner [-] Task de8ff544-1de8-4e0d-a70f-884ace9bdeca | ITER: 8 END: OK
2019-10-07 19:24:47.985 5025 INFO rally.task.runner [-] Task de8ff544-1de8-4e0d-a70f-884ace9bdeca | ITER: 9 END: OK
2019-10-07 19:24:47.991 5024 INFO rally.task.runner [-] Task de8ff544-1de8-4e0d-a70f-884ace9bdeca | ITER: 27 START
2019-10-07 19:24:47.994 5025 INFO rally.task.runner [-] Task de8ff544-1de8-4e0d-a70f-884ace9bdeca | ITER: 28 START
2019-10-07 19:24:47.995 5026 INFO rally.task.runner [-] Task de8ff544-1de8-4e0d-a70f-884ace9bdeca | ITER: 10 END: OK
2019-10-07 19:24:48.005 5026 INFO rally.task.runner [-] Task de8ff544-1de8-4e0d-a70f-884ace9bdeca | ITER: 29 START
2019-10-07 19:24:48.040 5049 INFO rally.task.runner [-] Task de8ff544-1de8-4e0d-a70f-884ace9bdeca | ITER: 18 END: OK
2019-10-07 19:24:48.049 5049 INFO rally.task.runner [-] Task de8ff544-1de8-4e0d-a70f-884ace9bdeca | ITER: 30 START
2019-10-07 19:24:48.084 5038 INFO rally.task.runner [-] Task de8ff544-1de8-4e0d-a70f-884ace9bdeca | ITER: 14 END: OK
2019-10-07 19:24:48.093 5038 INFO rally.task.runner [-] Task de8ff544-1de8-4e0d-a70f-884ace9bdeca | ITER: 31 START
2019-10-07 19:24:48.158 5033 INFO rally.task.runner [-] Task de8ff544-1de8-4e0d-a70f-884ace9bdeca | ITER: 12 END: OK
2019-10-07 19:24:48.167 5033 INFO rally.task.runner [-] Task de8ff544-1de8-4e0d-a70f-884ace9bdeca | ITER: 32 START
2019-10-07 19:24:48.246 5046 INFO rally.task.runner [-] Task de8ff544-1de8-4e0d-a70f-884ace9bdeca | ITER: 17 END: OK
2019-10-07 19:24:48.255 5046 INFO rally.task.runner [-] Task de8ff544-1de8-4e0d-a70f-884ace9bdeca | ITER: 33 START
2019-10-07 19:24:48.257 5032 INFO rally.task.runner [-] Task de8ff544-1de8-4e0d-a70f-884ace9bdeca | ITER: 11 END: OK
2019-10-07 19:24:48.266 5032 INFO rally.task.runner [-] Task de8ff544-1de8-4e0d-a70f-884ace9bdeca | ITER: 34 START
2019-10-07 19:24:48.293 5036 INFO rally.task.runner [-] Task de8ff544-1de8-4e0d-a70f-884ace9bdeca | ITER: 13 END: OK
2019-10-07 19:24:48.302 5036 INFO rally.task.runner [-] Task de8ff544-1de8-4e0d-a70f-884ace9bdeca | ITER: 35 START
2019-10-07 19:24:48.310 5008 INFO rally.task.runner [-] Task de8ff544-1de8-4e0d-a70f-884ace9bdeca | ITER: 19 END: OK
2019-10-07 19:24:48.318 5008 INFO rally.task.runner [-] Task de8ff544-1de8-4e0d-a70f-884ace9bdeca | ITER: 36 START
2019-10-07 19:24:48.348 5040 INFO rally.task.runner [-] Task de8ff544-1de8-4e0d-a70f-884ace9bdeca | ITER: 15 END: OK
2019-10-07 19:24:48.356 5040 INFO rally.task.runner [-] Task de8ff544-1de8-4e0d-a70f-884ace9bdeca | ITER: 37 START
2019-10-07 19:24:48.358 5006 INFO rally.task.runner [-] Task de8ff544-1de8-4e0d-a70f-884ace9bdeca | ITER: 22 END: OK
2019-10-07 19:24:48.367 5006 INFO rally.task.runner [-] Task de8ff544-1de8-4e0d-a70f-884ace9bdeca | ITER: 38 START
2019-10-07 19:24:48.493 5004 INFO rally.task.runner [-] Task de8ff544-1de8-4e0d-a70f-884ace9bdeca | ITER: 21 END: OK
2019-10-07 19:24:48.501 5004 INFO rally.task.runner [-] Task de8ff544-1de8-4e0d-a70f-884ace9bdeca | ITER: 39 START
2019-10-07 19:24:48.532 5009 INFO rally.task.runner [-] Task de8ff544-1de8-4e0d-a70f-884ace9bdeca | ITER: 23 END: OK
2019-10-07 19:24:48.541 5009 INFO rally.task.runner [-] Task de8ff544-1de8-4e0d-a70f-884ace9bdeca | ITER: 40 START
2019-10-07 19:24:48.657 5005 INFO rally.task.runner [-] Task de8ff544-1de8-4e0d-a70f-884ace9bdeca | ITER: 20 END: OK
2019-10-07 19:24:48.775 5025 INFO rally.task.runner [-] Task de8ff544-1de8-4e0d-a70f-884ace9bdeca | ITER: 28 END: OK
2019-10-07 19:24:48.954 5024 INFO rally.task.runner [-] Task de8ff544-1de8-4e0d-a70f-884ace9bdeca | ITER: 27 END: OK
2019-10-07 19:24:48.965 5023 INFO rally.task.runner [-] Task de8ff544-1de8-4e0d-a70f-884ace9bdeca | ITER: 25 END: OK
2019-10-07 19:24:49.042 5045 INFO rally.task.runner [-] Task de8ff544-1de8-4e0d-a70f-884ace9bdeca | ITER: 26 END: OK
2019-10-07 19:24:49.072 5007 INFO rally.task.runner [-] Task de8ff544-1de8-4e0d-a70f-884ace9bdeca | ITER: 24 END: OK
2019-10-07 19:24:49.277 5038 INFO rally.task.runner [-] Task de8ff544-1de8-4e0d-a70f-884ace9bdeca | ITER: 31 END: OK
2019-10-07 19:24:49.279 5026 INFO rally.task.runner [-] Task de8ff544-1de8-4e0d-a70f-884ace9bdeca | ITER: 29 END: OK
2019-10-07 19:24:49.368 5046 INFO rally.task.runner [-] Task de8ff544-1de8-4e0d-a70f-884ace9bdeca | ITER: 33 END: OK
2019-10-07 19:24:49.402 5040 INFO rally.task.runner [-] Task de8ff544-1de8-4e0d-a70f-884ace9bdeca | ITER: 37 END: OK
2019-10-07 19:24:49.464 5049 INFO rally.task.runner [-] Task de8ff544-1de8-4e0d-a70f-884ace9bdeca | ITER: 30 END: OK
2019-10-07 19:24:49.488 5033 INFO rally.task.runner [-] Task de8ff544-1de8-4e0d-a70f-884ace9bdeca | ITER: 32 END: OK
2019-10-07 19:24:49.522 5036 INFO rally.task.runner [-] Task de8ff544-1de8-4e0d-a70f-884ace9bdeca | ITER: 35 END: OK
2019-10-07 19:24:49.546 5032 INFO rally.task.runner [-] Task de8ff544-1de8-4e0d-a70f-884ace9bdeca | ITER: 34 END: OK
2019-10-07 19:24:49.568 5009 INFO rally.task.runner [-] Task de8ff544-1de8-4e0d-a70f-884ace9bdeca | ITER: 40 END: OK
2019-10-07 19:24:49.607 5008 INFO rally.task.runner [-] Task de8ff544-1de8-4e0d-a70f-884ace9bdeca | ITER: 36 END: OK
2019-10-07 19:24:49.636 5006 INFO rally.task.runner [-] Task de8ff544-1de8-4e0d-a70f-884ace9bdeca | ITER: 38 END: OK
2019-10-07 19:24:49.670 5004 INFO rally.task.runner [-] Task de8ff544-1de8-4e0d-a70f-884ace9bdeca | ITER: 39 END: OK
2019-10-07 19:24:49.689 15 INFO rally.task.context [-] Task de8ff544-1de8-4e0d-a70f-884ace9bdeca | Context admin_cleanup@openstack cleanup() started
2019-10-07 19:24:49.693 15 RALLYDEBUG rally_openstack.cleanup.manager [-] Cleaning up neutron quota objects
2019-10-07 19:24:50.572 15 INFO rally.task.context [-] Task de8ff544-1de8-4e0d-a70f-884ace9bdeca | Context admin_cleanup@openstack cleanup() finished in 0.88 sec
2019-10-07 19:24:50.573 15 INFO rally.task.context [-] Task de8ff544-1de8-4e0d-a70f-884ace9bdeca | Context users@openstack cleanup() started
2019-10-07 19:25:10.489 15 INFO rally.task.context [-] Task de8ff544-1de8-4e0d-a70f-884ace9bdeca | Context users@openstack cleanup() finished in 19.92 sec
2019-10-07 19:25:10.876 15 INFO rally.task.engine [-] Load duration is: 2.985674
2019-10-07 19:25:10.876 15 INFO rally.task.engine [-] Full runner duration is: 3.031363
2019-10-07 19:25:10.877 15 INFO rally.task.engine [-] Full duration is: 29.880823
2019-10-07 19:25:10.965 15 INFO rally.task.engine [-] Task de8ff544-1de8-4e0d-a70f-884ace9bdeca | Completed: Running task.
2019-10-07 19:25:12.123 5160 RALLYDEBUG rally.api [-] INFO logs from urllib3 and requests module are hide.
2019-10-07 19:25:12.123 5160 RALLYDEBUG rally.api [-] urllib3 insecure warnings are hidden.
2019-10-07 19:25:12.123 5160 RALLYDEBUG rally.api [-] ERROR log from boto module is hide.
2019-10-07 19:25:13.124 5161 RALLYDEBUG rally.api [-] INFO logs from urllib3 and requests module are hide.
2019-10-07 19:25:13.124 5161 RALLYDEBUG rally.api [-] urllib3 insecure warnings are hidden.
2019-10-07 19:25:13.124 5161 RALLYDEBUG rally.api [-] ERROR log from boto module is hide.
2019-10-07 19:25:14.362 5161 INFO rally.common.plugin.discover [-] Loading plugins from directories /root/.rally/plugins/*
2019-10-07 19:25:14.362 5161 INFO rally.common.plugin.discover [-] Loaded module with plugins: /root/.rally/plugins/__init__.py
2019-10-07 19:25:14.364 5161 INFO rally.common.plugin.discover [-] Loaded module with plugins: /root/.rally/plugins/trunk_scenario.py
2019-10-07 19:25:14.570 5161 INFO rally.api [-] Building 'json' report for the following task(s): 'de8ff544-1de8-4e0d-a70f-884ace9bdeca'.
2019-10-07 19:25:14.711 5161 INFO rally.api [-] The report has been successfully built.
2019-10-07 19:25:15.618 5163 RALLYDEBUG rally.api [-] INFO logs from urllib3 and requests module are hide.
2019-10-07 19:25:15.618 5163 RALLYDEBUG rally.api [-] urllib3 insecure warnings are hidden.
2019-10-07 19:25:15.619 5163 RALLYDEBUG rally.api [-] ERROR log from boto module is hide.
2019-10-07 19:25:16.864 5163 INFO rally.common.plugin.discover [-] Loading plugins from directories /root/.rally/plugins/*
2019-10-07 19:25:16.865 5163 INFO rally.common.plugin.discover [-] Loaded module with plugins: /root/.rally/plugins/__init__.py
2019-10-07 19:25:16.867 5163 INFO rally.common.plugin.discover [-] Loaded module with plugins: /root/.rally/plugins/trunk_scenario.py
2019-10-07 19:25:17.081 5163 INFO rally.api [-] Building 'html' report for the following task(s): 'de8ff544-1de8-4e0d-a70f-884ace9bdeca'.
2019-10-07 19:25:17.390 5163 INFO rally.api [-] The report has been successfully built.
2019-10-07 19:25:18.137 5165 RALLYDEBUG rally.api [-] INFO logs from urllib3 and requests module are hide.
2019-10-07 19:25:18.137 5165 RALLYDEBUG rally.api [-] urllib3 insecure warnings are hidden.
2019-10-07 19:25:18.138 5165 RALLYDEBUG rally.api [-] ERROR log from boto module is hide.
2019-10-07 19:25:19.385 5165 INFO rally.common.plugin.discover [-] Loading plugins from directories /root/.rally/plugins/*
2019-10-07 19:25:19.385 5165 INFO rally.common.plugin.discover [-] Loaded module with plugins: /root/.rally/plugins/__init__.py
2019-10-07 19:25:19.387 5165 INFO rally.common.plugin.discover [-] Loaded module with plugins: /root/.rally/plugins/trunk_scenario.py
2019-10-07 19:25:19.603 5165 INFO rally.api [-] Building 'junit-xml' report for the following task(s): 'de8ff544-1de8-4e0d-a70f-884ace9bdeca'.
2019-10-07 19:25:19.611 5165 INFO rally.api [-] The report has been successfully built.