2019-10-07 19:18:41.355 15 RALLYDEBUG rally_openstack.cleanup.manager [-] Deleting neutron.port object s_rally_1817d257_42jgYwWK (eec932f2-bacb-41f3-8c5f-22d92681a854)
2019-10-07 19:18:41.570 15 RALLYDEBUG rally_openstack.cleanup.manager [-] Deleting neutron.port object s_rally_1817d257_z06yTeXK (eef2c54f-8157-454d-9556-e61e3c23a793)
2019-10-07 19:18:41.623 15 RALLYDEBUG rally_openstack.cleanup.manager [-] Deleting neutron.port object s_rally_1817d257_3BgCeLCN (efab8a4b-c7c6-4639-8cc7-01e129a22a0a)
2019-10-07 19:18:41.675 15 RALLYDEBUG rally_openstack.cleanup.manager [-] Deleting neutron.port object s_rally_1817d257_oCeQ1ugR (efd4b229-e5ec-4a67-bb26-09d41266e267)
2019-10-07 19:18:41.854 15 RALLYDEBUG rally_openstack.cleanup.manager [-] Deleting neutron.port object s_rally_1817d257_42cFkpJd (f0316879-c3a2-4402-87ee-eacad7d3686e)
2019-10-07 19:18:42.363 15 RALLYDEBUG rally_openstack.cleanup.manager [-] Deleting neutron.port object s_rally_1817d257_C3dcB7Uq (f0d58968-57e6-43c1-a9ce-c048c590128c)
2019-10-07 19:18:42.371 15 RALLYDEBUG rally_openstack.cleanup.manager [-] Deleting neutron.port object s_rally_1817d257_B90q67fx (f1df9925-2fec-424b-b622-eff0f3d8d054)
2019-10-07 19:18:42.784 15 RALLYDEBUG rally_openstack.cleanup.manager [-] Deleting neutron.port object s_rally_1817d257_vtXA9anW (f20506f3-92da-42f9-a168-65d2f34fa990)
2019-10-07 19:18:42.944 15 RALLYDEBUG rally_openstack.cleanup.manager [-] Deleting neutron.port object s_rally_1817d257_tIU7w4Q6 (f26d6809-50db-4cac-a93b-1bf8acc3e571)
2019-10-07 19:18:43.326 15 RALLYDEBUG rally_openstack.cleanup.manager [-] Deleting neutron.port object s_rally_1817d257_dWypGSgb (f35f00f2-9443-4d01-91e5-2e6bd8bbfd2d)
2019-10-07 19:18:43.576 15 RALLYDEBUG rally_openstack.cleanup.manager [-] Deleting neutron.port object s_rally_1817d257_m5Hslm9k (f41f9433-8196-48c6-90e5-948f88366842)
2019-10-07 19:18:43.662 15 RALLYDEBUG rally_openstack.cleanup.manager [-] Deleting neutron.port object s_rally_1817d257_xSxWvqPK (f497d31e-e686-494f-9424-9210563c00a3)
2019-10-07 19:18:43.786 15 RALLYDEBUG rally_openstack.cleanup.manager [-] Deleting neutron.port object s_rally_1817d257_UEIUgamf (f596630a-ab59-4301-80de-3c7f375aaa92)
2019-10-07 19:18:43.902 15 RALLYDEBUG rally_openstack.cleanup.manager [-] Deleting neutron.port object s_rally_1817d257_PbpbVUyz (f5b87aa3-3685-4741-9b4c-7c258dcdb2c6)
2019-10-07 19:18:44.098 15 RALLYDEBUG rally_openstack.cleanup.manager [-] Deleting neutron.port object s_rally_1817d257_8WNgV4X5 (f5c8e532-0e9f-4222-be8f-db0c900e7783)
2019-10-07 19:18:44.575 15 RALLYDEBUG rally_openstack.cleanup.manager [-] Deleting neutron.port object s_rally_1817d257_qGmQaH74 (f6693a04-5a09-4aca-8748-600872018ebe)
2019-10-07 19:18:44.612 15 RALLYDEBUG rally_openstack.cleanup.manager [-] Deleting neutron.port object s_rally_1817d257_6tS1Xhze (f72f8949-86dd-4e9d-be4b-fa55a577bbe9)
2019-10-07 19:18:44.697 15 RALLYDEBUG rally_openstack.cleanup.manager [-] Deleting neutron.port object s_rally_1817d257_PrQ11Osj (f76ee708-0fbc-4597-ad6f-f15ae0c68b90)
2019-10-07 19:18:44.883 15 RALLYDEBUG rally_openstack.cleanup.manager [-] Deleting neutron.port object s_rally_1817d257_86QlUzPi (f81049d7-dc80-4a73-922d-7c6fe8a64610)
2019-10-07 19:18:44.972 15 RALLYDEBUG rally_openstack.cleanup.manager [-] Deleting neutron.port object s_rally_1817d257_41arbmr7 (f8241ee8-e315-401a-93c1-4959d9fc4e66)
2019-10-07 19:18:45.298 15 RALLYDEBUG rally_openstack.cleanup.manager [-] Deleting neutron.port object s_rally_1817d257_HyEmyunO (f8a032e4-25ca-4790-89c7-73a20286407e)
2019-10-07 19:18:45.302 15 RALLYDEBUG rally_openstack.cleanup.manager [-] Deleting neutron.port object s_rally_1817d257_7NOQp5c5 (f91d245e-1f86-4cfb-a645-e2f7c3f4d3a7)
2019-10-07 19:18:45.660 15 RALLYDEBUG rally_openstack.cleanup.manager [-] Deleting neutron.port object s_rally_1817d257_mK9unAjP (fae259c6-bd33-44e5-9d37-5e0372b92c42)
2019-10-07 19:18:46.235 15 RALLYDEBUG rally_openstack.cleanup.manager [-] Deleting neutron.port object s_rally_1817d257_URCbXAbv (fb92e8bd-0247-4590-8d72-06f009a100da)
2019-10-07 19:18:46.623 15 RALLYDEBUG rally_openstack.cleanup.manager [-] Deleting neutron.port object s_rally_1817d257_U7wy144P (fca45286-5d34-43aa-9402-9dbb5e5b5e25)
2019-10-07 19:18:47.398 15 RALLYDEBUG rally_openstack.cleanup.manager [-] Deleting neutron.port object s_rally_1817d257_XWbsOoN0 (fceaa8e3-555b-4e4e-84ed-260debe99c65)
2019-10-07 19:18:47.597 15 RALLYDEBUG rally_openstack.cleanup.manager [-] Deleting neutron.port object s_rally_1817d257_SM6SgJku (fdf39bbb-cf68-4421-95d2-8d8aad207336)
2019-10-07 19:18:47.889 15 RALLYDEBUG rally_openstack.cleanup.manager [-] Deleting neutron.port object s_rally_1817d257_vp3gYYcy (fdfb9151-302f-4645-8e08-9eb86fc23bd9)
2019-10-07 19:18:47.958 15 RALLYDEBUG rally_openstack.cleanup.manager [-] Deleting neutron.port object s_rally_1817d257_HCydXsLy (fe9bf759-6a70-4e7c-a0ea-55573ff37ddd)
2019-10-07 19:18:51.378 15 RALLYDEBUG rally_openstack.cleanup.manager [-] Cleaning up neutron subnet objects
2019-10-07 19:18:51.638 15 RALLYDEBUG rally_openstack.cleanup.manager [-] Cleaning up neutron network objects
2019-10-07 19:18:52.011 15 RALLYDEBUG rally_openstack.cleanup.manager [-] Deleting neutron.network object s_rally_1817d257_tJdtC5RE (2258d1a3-18b8-4e2e-86ec-d792178ab664)
2019-10-07 19:18:52.016 15 RALLYDEBUG rally_openstack.cleanup.manager [-] Deleting neutron.network object s_rally_1817d257_Th3ySYtL (33c00d40-8e6e-4515-a55e-d653a08f2790)
2019-10-07 19:18:52.026 15 RALLYDEBUG rally_openstack.cleanup.manager [-] Deleting neutron.network object s_rally_1817d257_5nf4CzF7 (438a9da4-114d-43d6-be02-b0eac6a1a7e7)
2019-10-07 19:18:52.030 15 RALLYDEBUG rally_openstack.cleanup.manager [-] Deleting neutron.network object s_rally_1817d257_9KYklG46 (4f02b9f8-04fd-4f58-b895-837034628b36)
2019-10-07 19:18:52.049 15 RALLYDEBUG rally_openstack.cleanup.manager [-] Deleting neutron.network object s_rally_1817d257_QqHneBrM (619578ab-e6a5-47a2-b39b-4df0bb546afe)
2019-10-07 19:18:52.057 15 RALLYDEBUG rally_openstack.cleanup.manager [-] Deleting neutron.network object s_rally_1817d257_rLOxZ4Na (61fe4e87-6c7e-4ca7-9538-883d667b8f8d)
2019-10-07 19:18:52.065 15 RALLYDEBUG rally_openstack.cleanup.manager [-] Deleting neutron.network object s_rally_1817d257_wKSgVGnx (6ef85890-2561-4471-98df-9cb4489ae82f)
2019-10-07 19:18:52.103 15 RALLYDEBUG rally_openstack.cleanup.manager [-] Deleting neutron.network object s_rally_1817d257_DXr1wOKM (738d7512-ab7a-4c24-b0b1-c3429fd056ca)
2019-10-07 19:18:56.825 15 RALLYDEBUG rally_openstack.cleanup.manager [-] Cleaning up neutron router objects
2019-10-07 19:18:57.081 15 RALLYDEBUG rally_openstack.cleanup.manager [-] Cleaning up neutron security_group objects
2019-10-07 19:18:57.622 15 INFO rally.task.context [-] Task de8ff544-1de8-4e0d-a70f-884ace9bdeca | Context cleanup@openstack cleanup() finished in 1.84 min
2019-10-07 19:18:57.623 15 INFO rally.task.context [-] Task de8ff544-1de8-4e0d-a70f-884ace9bdeca | Context quotas@openstack cleanup() started
2019-10-07 19:18:57.738 15 INFO rally.task.context [-] Task de8ff544-1de8-4e0d-a70f-884ace9bdeca | Context quotas@openstack cleanup() finished in 0.11 sec
2019-10-07 19:18:57.738 15 INFO rally.task.context [-] Task de8ff544-1de8-4e0d-a70f-884ace9bdeca | Context users@openstack cleanup() started
2019-10-07 19:18:59.448 15 INFO rally.task.context [-] Task de8ff544-1de8-4e0d-a70f-884ace9bdeca | Context users@openstack cleanup() finished in 1.71 sec
2019-10-07 19:19:00.997 15 INFO rally.task.engine [-] Load duration is: 216.429155
2019-10-07 19:19:00.998 15 INFO rally.task.engine [-] Full runner duration is: 216.479563
2019-10-07 19:19:00.998 15 INFO rally.task.engine [-] Full duration is: 329.776068
2019-10-07 19:19:01.094 15 INFO rally.task.engine [-] Running workload: position = 1 config = { "version": 2, "title": "A cropped version of a bigger task.", "description": "Auto-generated task from a single workload (uuid=75f8bc7e-414b-4658-bc76-7df08271d76b)", "subtasks": [ { "title": "NeutronNetworks.create_and_update_ports", "description": "Create and update a given number of ports.", "scenario": { "NeutronNetworks.create_and_update_ports": { "network_create_args": {}, "port_create_args": {}, "ports_per_network": 5, "port_update_args": { "admin_state_up": false, "device_id": "dummy_id", "device_owner": "dummy_owner", "name": "_port_updated" } } }, "contexts": { "users": { "tenants": 1, "users_per_tenant": 1 }, "quotas": { "neutron": { "network": -1, "port": -1 } } }, "runner": { "constant": { "times": 40, "concurrency": 20 } }, "hooks": [], "sla": { "failure_rate": { "max": 0 } } } ] }
2019-10-07 19:19:01.121 15 RALLYDEBUG rally_openstack.contexts.keystone.users [-] Creating 1 tenants using 20 threads
2019-10-07 19:19:01.448 15 RALLYDEBUG rally_openstack.contexts.keystone.users [-] Creating 1 users using 20 threads
2019-10-07 19:19:01.926 15 INFO rally.task.context [-] Task de8ff544-1de8-4e0d-a70f-884ace9bdeca | Context users@openstack setup() finished in 0.81 sec
2019-10-07 19:19:02.294 15 INFO rally.task.context [-] Task de8ff544-1de8-4e0d-a70f-884ace9bdeca | Context quotas@openstack setup() finished in 0.37 sec
2019-10-07 19:19:02.295 15 INFO rally.task.context [-] Task de8ff544-1de8-4e0d-a70f-884ace9bdeca | Context cleanup@openstack setup() finished in 0.12 msec
2019-10-07 19:19:02.305 15 RALLYDEBUG rally.task.runner [-] Starting the constant runner (task UUID: de8ff544-1de8-4e0d-a70f-884ace9bdeca). timeout: 0 concurrency: 20 concurrency_per_worker: 1 times: 40 concurrency_overhead: 0 processes_to_start: 20 max_cpu_used: 88
2019-10-07 19:19:02.318 4200 RALLYDEBUG rally.task.runner [-] Starting a worker. concurrency: 1 args: {"network_create_args": {}, "port_create_args": {}, "ports_per_network": 5, "port_update_args": {"admin_state_up": false, "device_id": "dummy_id", "device_owner": "dummy_owner", "name": "_port_updated"}} times: 40 method_name: run timeout: 0 duration: None cls:
2019-10-07 19:19:02.320 4201 RALLYDEBUG rally.task.runner [-] Starting a worker. concurrency: 1 args: {"network_create_args": {}, "port_create_args": {}, "ports_per_network": 5, "port_update_args": {"admin_state_up": false, "device_id": "dummy_id", "device_owner": "dummy_owner", "name": "_port_updated"}} times: 40 method_name: run timeout: 0 duration: None cls:
2019-10-07 19:19:02.323 4202 RALLYDEBUG rally.task.runner [-] Starting a worker. concurrency: 1 args: {"network_create_args": {}, "port_create_args": {}, "ports_per_network": 5, "port_update_args": {"admin_state_up": false, "device_id": "dummy_id", "device_owner": "dummy_owner", "name": "_port_updated"}} times: 40 method_name: run timeout: 0 duration: None cls:
2019-10-07 19:19:02.325 4200 INFO rally.task.runner [-] Task de8ff544-1de8-4e0d-a70f-884ace9bdeca | ITER: 1 START
2019-10-07 19:19:02.325 4203 RALLYDEBUG rally.task.runner [-] Starting a worker. concurrency: 1 args: {"network_create_args": {}, "port_create_args": {}, "ports_per_network": 5, "port_update_args": {"admin_state_up": false, "device_id": "dummy_id", "device_owner": "dummy_owner", "name": "_port_updated"}} times: 40 method_name: run timeout: 0 duration: None cls:
2019-10-07 19:19:02.326 4200 WARNING rally_openstack.scenarios.neutron.utils [-] Running this scenario without either the 'network' or 'existing_network' context is deprecated
2019-10-07 19:19:02.327 4201 INFO rally.task.runner [-] Task de8ff544-1de8-4e0d-a70f-884ace9bdeca | ITER: 2 START
2019-10-07 19:19:02.329 4201 WARNING rally_openstack.scenarios.neutron.utils [-] Running this scenario without either the 'network' or 'existing_network' context is deprecated
2019-10-07 19:19:02.328 4204 RALLYDEBUG rally.task.runner [-] Starting a worker. concurrency: 1 args: {"network_create_args": {}, "port_create_args": {}, "ports_per_network": 5, "port_update_args": {"admin_state_up": false, "device_id": "dummy_id", "device_owner": "dummy_owner", "name": "_port_updated"}} times: 40 method_name: run timeout: 0 duration: None cls:
2019-10-07 19:19:02.330 4202 INFO rally.task.runner [-] Task de8ff544-1de8-4e0d-a70f-884ace9bdeca | ITER: 3 START
2019-10-07 19:19:02.330 4203 INFO rally.task.runner [-] Task de8ff544-1de8-4e0d-a70f-884ace9bdeca | ITER: 4 START
2019-10-07 19:19:02.331 4202 WARNING rally_openstack.scenarios.neutron.utils [-] Running this scenario without either the 'network' or 'existing_network' context is deprecated
2019-10-07 19:19:02.331 4207 RALLYDEBUG rally.task.runner [-] Starting a worker. concurrency: 1 args: {"network_create_args": {}, "port_create_args": {}, "ports_per_network": 5, "port_update_args": {"admin_state_up": false, "device_id": "dummy_id", "device_owner": "dummy_owner", "name": "_port_updated"}} times: 40 method_name: run timeout: 0 duration: None cls:
2019-10-07 19:19:02.331 4203 WARNING rally_openstack.scenarios.neutron.utils [-] Running this scenario without either the 'network' or 'existing_network' context is deprecated
2019-10-07 19:19:02.334 4210 RALLYDEBUG rally.task.runner [-] Starting a worker. concurrency: 1 args: {"network_create_args": {}, "port_create_args": {}, "ports_per_network": 5, "port_update_args": {"admin_state_up": false, "device_id": "dummy_id", "device_owner": "dummy_owner", "name": "_port_updated"}} times: 40 method_name: run timeout: 0 duration: None cls:
2019-10-07 19:19:02.335 4204 INFO rally.task.runner [-] Task de8ff544-1de8-4e0d-a70f-884ace9bdeca | ITER: 5 START
2019-10-07 19:19:02.336 4204 WARNING rally_openstack.scenarios.neutron.utils [-] Running this scenario without either the 'network' or 'existing_network' context is deprecated
2019-10-07 19:19:02.337 4207 INFO rally.task.runner [-] Task de8ff544-1de8-4e0d-a70f-884ace9bdeca | ITER: 6 START
2019-10-07 19:19:02.337 4215 RALLYDEBUG rally.task.runner [-] Starting a worker. concurrency: 1 args: {"network_create_args": {}, "port_create_args": {}, "ports_per_network": 5, "port_update_args": {"admin_state_up": false, "device_id": "dummy_id", "device_owner": "dummy_owner", "name": "_port_updated"}} times: 40 method_name: run timeout: 0 duration: None cls:
2019-10-07 19:19:02.338 4207 WARNING rally_openstack.scenarios.neutron.utils [-] Running this scenario without either the 'network' or 'existing_network' context is deprecated
2019-10-07 19:19:02.340 4216 RALLYDEBUG rally.task.runner [-] Starting a worker. concurrency: 1 args: {"network_create_args": {}, "port_create_args": {}, "ports_per_network": 5, "port_update_args": {"admin_state_up": false, "device_id": "dummy_id", "device_owner": "dummy_owner", "name": "_port_updated"}} times: 40 method_name: run timeout: 0 duration: None cls:
2019-10-07 19:19:02.341 4210 INFO rally.task.runner [-] Task de8ff544-1de8-4e0d-a70f-884ace9bdeca | ITER: 7 START
2019-10-07 19:19:02.342 4210 WARNING rally_openstack.scenarios.neutron.utils [-] Running this scenario without either the 'network' or 'existing_network' context is deprecated
2019-10-07 19:19:02.343 4219 RALLYDEBUG rally.task.runner [-] Starting a worker. concurrency: 1 args: {"network_create_args": {}, "port_create_args": {}, "ports_per_network": 5, "port_update_args": {"admin_state_up": false, "device_id": "dummy_id", "device_owner": "dummy_owner", "name": "_port_updated"}} times: 40 method_name: run timeout: 0 duration: None cls:
2019-10-07 19:19:02.343 4215 INFO rally.task.runner [-] Task de8ff544-1de8-4e0d-a70f-884ace9bdeca | ITER: 8 START
2019-10-07 19:19:02.345 4215 WARNING rally_openstack.scenarios.neutron.utils [-] Running this scenario without either the 'network' or 'existing_network' context is deprecated
2019-10-07 19:19:02.345 4222 RALLYDEBUG rally.task.runner [-] Starting a worker. concurrency: 1 args: {"network_create_args": {}, "port_create_args": {}, "ports_per_network": 5, "port_update_args": {"admin_state_up": false, "device_id": "dummy_id", "device_owner": "dummy_owner", "name": "_port_updated"}} times: 40 method_name: run timeout: 0 duration: None cls:
2019-10-07 19:19:02.346 4216 INFO rally.task.runner [-] Task de8ff544-1de8-4e0d-a70f-884ace9bdeca | ITER: 9 START
2019-10-07 19:19:02.348 4216 WARNING rally_openstack.scenarios.neutron.utils [-] Running this scenario without either the 'network' or 'existing_network' context is deprecated
2019-10-07 19:19:02.348 4225 RALLYDEBUG rally.task.runner [-] Starting a worker. concurrency: 1 args: {"network_create_args": {}, "port_create_args": {}, "ports_per_network": 5, "port_update_args": {"admin_state_up": false, "device_id": "dummy_id", "device_owner": "dummy_owner", "name": "_port_updated"}} times: 40 method_name: run timeout: 0 duration: None cls:
2019-10-07 19:19:02.349 4219 INFO rally.task.runner [-] Task de8ff544-1de8-4e0d-a70f-884ace9bdeca | ITER: 10 START
2019-10-07 19:19:02.350 4219 WARNING rally_openstack.scenarios.neutron.utils [-] Running this scenario without either the 'network' or 'existing_network' context is deprecated
2019-10-07 19:19:02.352 4222 INFO rally.task.runner [-] Task de8ff544-1de8-4e0d-a70f-884ace9bdeca | ITER: 11 START
2019-10-07 19:19:02.351 4228 RALLYDEBUG rally.task.runner [-] Starting a worker. concurrency: 1 args: {"network_create_args": {}, "port_create_args": {}, "ports_per_network": 5, "port_update_args": {"admin_state_up": false, "device_id": "dummy_id", "device_owner": "dummy_owner", "name": "_port_updated"}} times: 40 method_name: run timeout: 0 duration: None cls:
2019-10-07 19:19:02.354 4222 WARNING rally_openstack.scenarios.neutron.utils [-] Running this scenario without either the 'network' or 'existing_network' context is deprecated
2019-10-07 19:19:02.355 4225 INFO rally.task.runner [-] Task de8ff544-1de8-4e0d-a70f-884ace9bdeca | ITER: 12 START
2019-10-07 19:19:02.355 4231 RALLYDEBUG rally.task.runner [-] Starting a worker. concurrency: 1 args: {"network_create_args": {}, "port_create_args": {}, "ports_per_network": 5, "port_update_args": {"admin_state_up": false, "device_id": "dummy_id", "device_owner": "dummy_owner", "name": "_port_updated"}} times: 40 method_name: run timeout: 0 duration: None cls:
2019-10-07 19:19:02.356 4225 WARNING rally_openstack.scenarios.neutron.utils [-] Running this scenario without either the 'network' or 'existing_network' context is deprecated
2019-10-07 19:19:02.357 4234 RALLYDEBUG rally.task.runner [-] Starting a worker. concurrency: 1 args: {"network_create_args": {}, "port_create_args": {}, "ports_per_network": 5, "port_update_args": {"admin_state_up": false, "device_id": "dummy_id", "device_owner": "dummy_owner", "name": "_port_updated"}} times: 40 method_name: run timeout: 0 duration: None cls:
2019-10-07 19:19:02.358 4228 INFO rally.task.runner [-] Task de8ff544-1de8-4e0d-a70f-884ace9bdeca | ITER: 13 START
2019-10-07 19:19:02.359 4228 WARNING rally_openstack.scenarios.neutron.utils [-] Running this scenario without either the 'network' or 'existing_network' context is deprecated
2019-10-07 19:19:02.360 4237 RALLYDEBUG rally.task.runner [-] Starting a worker. concurrency: 1 args: {"network_create_args": {}, "port_create_args": {}, "ports_per_network": 5, "port_update_args": {"admin_state_up": false, "device_id": "dummy_id", "device_owner": "dummy_owner", "name": "_port_updated"}} times: 40 method_name: run timeout: 0 duration: None cls:
2019-10-07 19:19:02.362 4231 INFO rally.task.runner [-] Task de8ff544-1de8-4e0d-a70f-884ace9bdeca | ITER: 14 START
2019-10-07 19:19:02.362 4240 RALLYDEBUG rally.task.runner [-] Starting a worker. concurrency: 1 args: {"network_create_args": {}, "port_create_args": {}, "ports_per_network": 5, "port_update_args": {"admin_state_up": false, "device_id": "dummy_id", "device_owner": "dummy_owner", "name": "_port_updated"}} times: 40 method_name: run timeout: 0 duration: None cls:
2019-10-07 19:19:02.363 4231 WARNING rally_openstack.scenarios.neutron.utils [-] Running this scenario without either the 'network' or 'existing_network' context is deprecated
2019-10-07 19:19:02.363 4234 INFO rally.task.runner [-] Task de8ff544-1de8-4e0d-a70f-884ace9bdeca | ITER: 15 START
2019-10-07 19:19:02.364 4234 WARNING rally_openstack.scenarios.neutron.utils [-] Running this scenario without either the 'network' or 'existing_network' context is deprecated
2019-10-07 19:19:02.364 4243 RALLYDEBUG rally.task.runner [-] Starting a worker. concurrency: 1 args: {"network_create_args": {}, "port_create_args": {}, "ports_per_network": 5, "port_update_args": {"admin_state_up": false, "device_id": "dummy_id", "device_owner": "dummy_owner", "name": "_port_updated"}} times: 40 method_name: run timeout: 0 duration: None cls:
2019-10-07 19:19:02.366 4237 INFO rally.task.runner [-] Task de8ff544-1de8-4e0d-a70f-884ace9bdeca | ITER: 16 START
2019-10-07 19:19:02.366 4246 RALLYDEBUG rally.task.runner [-] Starting a worker. concurrency: 1 args: {"network_create_args": {}, "port_create_args": {}, "ports_per_network": 5, "port_update_args": {"admin_state_up": false, "device_id": "dummy_id", "device_owner": "dummy_owner", "name": "_port_updated"}} times: 40 method_name: run timeout: 0 duration: None cls:
2019-10-07 19:19:02.368 4237 WARNING rally_openstack.scenarios.neutron.utils [-] Running this scenario without either the 'network' or 'existing_network' context is deprecated
2019-10-07 19:19:02.368 4240 INFO rally.task.runner [-] Task de8ff544-1de8-4e0d-a70f-884ace9bdeca | ITER: 17 START
2019-10-07 19:19:02.369 4240 WARNING rally_openstack.scenarios.neutron.utils [-] Running this scenario without either the 'network' or 'existing_network' context is deprecated
2019-10-07 19:19:02.370 4243 INFO rally.task.runner [-] Task de8ff544-1de8-4e0d-a70f-884ace9bdeca | ITER: 18 START
2019-10-07 19:19:02.371 4246 INFO rally.task.runner [-] Task de8ff544-1de8-4e0d-a70f-884ace9bdeca | ITER: 19 START
2019-10-07 19:19:02.371 4243 WARNING rally_openstack.scenarios.neutron.utils [-] Running this scenario without either the 'network' or 'existing_network' context is deprecated
2019-10-07 19:19:02.371 4249 RALLYDEBUG rally.task.runner [-] Starting a worker. concurrency: 1 args: {"network_create_args": {}, "port_create_args": {}, "ports_per_network": 5, "port_update_args": {"admin_state_up": false, "device_id": "dummy_id", "device_owner": "dummy_owner", "name": "_port_updated"}} times: 40 method_name: run timeout: 0 duration: None cls:
2019-10-07 19:19:02.372 4246 WARNING rally_openstack.scenarios.neutron.utils [-] Running this scenario without either the 'network' or 'existing_network' context is deprecated
2019-10-07 19:19:02.376 4249 INFO rally.task.runner [-] Task de8ff544-1de8-4e0d-a70f-884ace9bdeca | ITER: 20 START
2019-10-07 19:19:02.377 4249 WARNING rally_openstack.scenarios.neutron.utils [-] Running this scenario without either the 'network' or 'existing_network' context is deprecated
2019-10-07 19:19:47.098 4216 INFO rally.task.runner [-] Task de8ff544-1de8-4e0d-a70f-884ace9bdeca | ITER: 9 END: OK
2019-10-07 19:19:47.105 4216 INFO rally.task.runner [-] Task de8ff544-1de8-4e0d-a70f-884ace9bdeca | ITER: 21 START
2019-10-07 19:19:47.106 4216 WARNING rally_openstack.scenarios.neutron.utils [-] Running this scenario without either the 'network' or 'existing_network' context is deprecated
2019-10-07 19:19:56.299 4200 INFO rally.task.runner [-] Task de8ff544-1de8-4e0d-a70f-884ace9bdeca | ITER: 1 END: OK
2019-10-07 19:19:56.307 4200 INFO rally.task.runner [-] Task de8ff544-1de8-4e0d-a70f-884ace9bdeca | ITER: 22 START
2019-10-07 19:19:56.308 4200 WARNING rally_openstack.scenarios.neutron.utils [-] Running this scenario without either the 'network' or 'existing_network' context is deprecated
2019-10-07 19:20:02.303 4201 INFO rally.task.runner [-] Task de8ff544-1de8-4e0d-a70f-884ace9bdeca | ITER: 2 END: OK
2019-10-07 19:20:02.310 4201 INFO rally.task.runner [-] Task de8ff544-1de8-4e0d-a70f-884ace9bdeca | ITER: 23 START
2019-10-07 19:20:02.311 4201 WARNING rally_openstack.scenarios.neutron.utils [-] Running this scenario without either the 'network' or 'existing_network' context is deprecated
2019-10-07 19:20:02.468 4215 INFO rally.task.runner [-] Task de8ff544-1de8-4e0d-a70f-884ace9bdeca | ITER: 8 END: OK
2019-10-07 19:20:02.477 4215 INFO rally.task.runner [-] Task de8ff544-1de8-4e0d-a70f-884ace9bdeca | ITER: 24 START
2019-10-07 19:20:02.478 4215 WARNING rally_openstack.scenarios.neutron.utils [-] Running this scenario without either the 'network' or 'existing_network' context is deprecated
2019-10-07 19:20:02.532 4207 INFO rally.task.runner [-] Task de8ff544-1de8-4e0d-a70f-884ace9bdeca | ITER: 6 END: OK
2019-10-07 19:20:02.545 4207 INFO rally.task.runner [-] Task de8ff544-1de8-4e0d-a70f-884ace9bdeca | ITER: 25 START
2019-10-07 19:20:02.547 4207 WARNING rally_openstack.scenarios.neutron.utils [-] Running this scenario without either the 'network' or 'existing_network' context is deprecated
2019-10-07 19:20:02.664 4228 INFO rally.task.runner [-] Task de8ff544-1de8-4e0d-a70f-884ace9bdeca | ITER: 13 END: OK
2019-10-07 19:20:02.672 4228 INFO rally.task.runner [-] Task de8ff544-1de8-4e0d-a70f-884ace9bdeca | ITER: 26 START
2019-10-07 19:20:02.673 4228 WARNING rally_openstack.scenarios.neutron.utils [-] Running this scenario without either the 'network' or 'existing_network' context is deprecated
2019-10-07 19:20:03.406 4240 INFO rally.task.runner [-] Task de8ff544-1de8-4e0d-a70f-884ace9bdeca | ITER: 17 END: OK
2019-10-07 19:20:03.415 4240 INFO rally.task.runner [-] Task de8ff544-1de8-4e0d-a70f-884ace9bdeca | ITER: 27 START
2019-10-07 19:20:03.416 4240 WARNING rally_openstack.scenarios.neutron.utils [-] Running this scenario without either the 'network' or 'existing_network' context is deprecated
2019-10-07 19:20:03.610 4231 INFO rally.task.runner [-] Task de8ff544-1de8-4e0d-a70f-884ace9bdeca | ITER: 14 END: OK
2019-10-07 19:20:03.619 4231 INFO rally.task.runner [-] Task de8ff544-1de8-4e0d-a70f-884ace9bdeca | ITER: 28 START
2019-10-07 19:20:03.620 4231 WARNING rally_openstack.scenarios.neutron.utils [-] Running this scenario without either the 'network' or 'existing_network' context is deprecated
2019-10-07 19:20:03.626 4237 INFO rally.task.runner [-] Task de8ff544-1de8-4e0d-a70f-884ace9bdeca | ITER: 16 END: OK
2019-10-07 19:20:03.633 4237 INFO rally.task.runner [-] Task de8ff544-1de8-4e0d-a70f-884ace9bdeca | ITER: 29 START
2019-10-07 19:20:03.634 4237 WARNING rally_openstack.scenarios.neutron.utils [-] Running this scenario without either the 'network' or 'existing_network' context is deprecated
2019-10-07 19:20:03.652 4234 INFO rally.task.runner [-] Task de8ff544-1de8-4e0d-a70f-884ace9bdeca | ITER: 15 END: OK
2019-10-07 19:20:03.657 4234 INFO rally.task.runner [-] Task de8ff544-1de8-4e0d-a70f-884ace9bdeca | ITER: 30 START
2019-10-07 19:20:03.658 4234 WARNING rally_openstack.scenarios.neutron.utils [-] Running this scenario without either the 'network' or 'existing_network' context is deprecated
2019-10-07 19:20:03.666 4249 INFO rally.task.runner [-] Task de8ff544-1de8-4e0d-a70f-884ace9bdeca | ITER: 20 END: OK
2019-10-07 19:20:03.672 4249 INFO rally.task.runner [-] Task de8ff544-1de8-4e0d-a70f-884ace9bdeca | ITER: 31 START
2019-10-07 19:20:03.674 4249 WARNING rally_openstack.scenarios.neutron.utils [-] Running this scenario without either the 'network' or 'existing_network' context is deprecated
2019-10-07 19:20:03.680 4246 INFO rally.task.runner [-] Task de8ff544-1de8-4e0d-a70f-884ace9bdeca | ITER: 19 END: OK
2019-10-07 19:20:03.686 4246 INFO rally.task.runner [-] Task de8ff544-1de8-4e0d-a70f-884ace9bdeca | ITER: 32 START
2019-10-07 19:20:03.687 4246 WARNING rally_openstack.scenarios.neutron.utils [-] Running this scenario without either the 'network' or 'existing_network' context is deprecated
2019-10-07 19:20:04.158 4222 INFO rally.task.runner [-] Task de8ff544-1de8-4e0d-a70f-884ace9bdeca | ITER: 11 END: OK
2019-10-07 19:20:04.164 4222 INFO rally.task.runner [-] Task de8ff544-1de8-4e0d-a70f-884ace9bdeca | ITER: 33 START
2019-10-07 19:20:04.165 4222 WARNING rally_openstack.scenarios.neutron.utils [-] Running this scenario without either the 'network' or 'existing_network' context is deprecated
2019-10-07 19:20:05.786 4202 INFO rally.task.runner [-] Task de8ff544-1de8-4e0d-a70f-884ace9bdeca | ITER: 3 END: OK
2019-10-07 19:20:05.794 4202 INFO rally.task.runner [-] Task de8ff544-1de8-4e0d-a70f-884ace9bdeca | ITER: 34 START
2019-10-07 19:20:05.795 4202 WARNING rally_openstack.scenarios.neutron.utils [-] Running this scenario without either the 'network' or 'existing_network' context is deprecated
2019-10-07 19:20:06.185 4225 INFO rally.task.runner [-] Task de8ff544-1de8-4e0d-a70f-884ace9bdeca | ITER: 12 END: OK
2019-10-07 19:20:06.194 4225 INFO rally.task.runner [-] Task de8ff544-1de8-4e0d-a70f-884ace9bdeca | ITER: 35 START
2019-10-07 19:20:06.195 4225 WARNING rally_openstack.scenarios.neutron.utils [-] Running this scenario without either the 'network' or 'existing_network' context is deprecated
2019-10-07 19:20:06.269 4210 INFO rally.task.runner [-] Task de8ff544-1de8-4e0d-a70f-884ace9bdeca | ITER: 7 END: OK
2019-10-07 19:20:06.277 4210 INFO rally.task.runner [-] Task de8ff544-1de8-4e0d-a70f-884ace9bdeca | ITER: 36 START
2019-10-07 19:20:06.278 4210 WARNING rally_openstack.scenarios.neutron.utils [-] Running this scenario without either the 'network' or 'existing_network' context is deprecated
2019-10-07 19:20:06.296 4219 INFO rally.task.runner [-] Task de8ff544-1de8-4e0d-a70f-884ace9bdeca | ITER: 10 END: OK
2019-10-07 19:20:06.304 4219 INFO rally.task.runner [-] Task de8ff544-1de8-4e0d-a70f-884ace9bdeca | ITER: 37 START
2019-10-07 19:20:06.305 4219 WARNING rally_openstack.scenarios.neutron.utils [-] Running this scenario without either the 'network' or 'existing_network' context is deprecated
2019-10-07 19:20:06.311 4243 INFO rally.task.runner [-] Task de8ff544-1de8-4e0d-a70f-884ace9bdeca | ITER: 18 END: OK
2019-10-07 19:20:06.317 4243 INFO rally.task.runner [-] Task de8ff544-1de8-4e0d-a70f-884ace9bdeca | ITER: 38 START
2019-10-07 19:20:06.318 4243 WARNING rally_openstack.scenarios.neutron.utils [-] Running this scenario without either the 'network' or 'existing_network' context is deprecated
2019-10-07 19:20:07.151 4203 INFO rally.task.runner [-] Task de8ff544-1de8-4e0d-a70f-884ace9bdeca | ITER: 4 END: OK
2019-10-07 19:20:07.159 4203 INFO rally.task.runner [-] Task de8ff544-1de8-4e0d-a70f-884ace9bdeca | ITER: 39 START
2019-10-07 19:20:07.160 4203 WARNING rally_openstack.scenarios.neutron.utils [-] Running this scenario without either the 'network' or 'existing_network' context is deprecated
2019-10-07 19:20:09.327 4204 INFO rally.task.runner [-] Task de8ff544-1de8-4e0d-a70f-884ace9bdeca | ITER: 5 END: OK
2019-10-07 19:20:09.334 4204 INFO rally.task.runner [-] Task de8ff544-1de8-4e0d-a70f-884ace9bdeca | ITER: 40 START
2019-10-07 19:20:09.335 4204 WARNING rally_openstack.scenarios.neutron.utils [-] Running this scenario without either the 'network' or 'existing_network' context is deprecated
2019-10-07 19:20:44.695 4216 INFO rally.task.runner [-] Task de8ff544-1de8-4e0d-a70f-884ace9bdeca | ITER: 21 END: OK
2019-10-07 19:20:48.160 4200 INFO rally.task.runner [-] Task de8ff544-1de8-4e0d-a70f-884ace9bdeca | ITER: 22 END: OK
2019-10-07 19:20:54.459 4240 INFO rally.task.runner [-] Task de8ff544-1de8-4e0d-a70f-884ace9bdeca | ITER: 27 END: OK
2019-10-07 19:20:55.064 4234 INFO rally.task.runner [-] Task de8ff544-1de8-4e0d-a70f-884ace9bdeca | ITER: 30 END: OK
2019-10-07 19:20:56.236 4215 INFO rally.task.runner [-] Task de8ff544-1de8-4e0d-a70f-884ace9bdeca | ITER: 24 END: OK
2019-10-07 19:20:56.695 4249 INFO rally.task.runner [-] Task de8ff544-1de8-4e0d-a70f-884ace9bdeca | ITER: 31 END: OK
2019-10-07 19:20:56.702 4222 INFO rally.task.runner [-] Task de8ff544-1de8-4e0d-a70f-884ace9bdeca | ITER: 33 END: OK
2019-10-07 19:20:56.876 4246 INFO rally.task.runner [-] Task de8ff544-1de8-4e0d-a70f-884ace9bdeca | ITER: 32 END: OK
2019-10-07 19:20:57.120 4201 INFO rally.task.runner [-] Task de8ff544-1de8-4e0d-a70f-884ace9bdeca | ITER: 23 END: OK
2019-10-07 19:20:57.860 4225 INFO rally.task.runner [-] Task de8ff544-1de8-4e0d-a70f-884ace9bdeca | ITER: 35 END: OK
2019-10-07 19:20:58.502 4237 INFO rally.task.runner [-] Task de8ff544-1de8-4e0d-a70f-884ace9bdeca | ITER: 29 END: OK
2019-10-07 19:20:58.511 4207 INFO rally.task.runner [-] Task de8ff544-1de8-4e0d-a70f-884ace9bdeca | ITER: 25 END: OK
2019-10-07 19:20:58.793 4210 INFO rally.task.runner [-] Task de8ff544-1de8-4e0d-a70f-884ace9bdeca | ITER: 36 END: OK
2019-10-07 19:20:58.889 4202 INFO rally.task.runner [-] Task de8ff544-1de8-4e0d-a70f-884ace9bdeca | ITER: 34 END: OK
2019-10-07 19:20:58.919 4231 INFO rally.task.runner [-] Task de8ff544-1de8-4e0d-a70f-884ace9bdeca | ITER: 28 END: OK
2019-10-07 19:20:59.706 4204 INFO rally.task.runner [-] Task de8ff544-1de8-4e0d-a70f-884ace9bdeca | ITER: 40 END: OK
2019-10-07 19:21:00.338 4203 INFO rally.task.runner [-] Task de8ff544-1de8-4e0d-a70f-884ace9bdeca | ITER: 39 END: OK
2019-10-07 19:21:00.395 4228 INFO rally.task.runner [-] Task de8ff544-1de8-4e0d-a70f-884ace9bdeca | ITER: 26 END: OK
2019-10-07 19:21:00.603 4243 INFO rally.task.runner [-] Task de8ff544-1de8-4e0d-a70f-884ace9bdeca | ITER: 38 END: OK
2019-10-07 19:21:00.634 4219 INFO rally.task.runner [-] Task de8ff544-1de8-4e0d-a70f-884ace9bdeca | ITER: 37 END: OK
2019-10-07 19:21:00.661 15 INFO rally.task.context [-] Task de8ff544-1de8-4e0d-a70f-884ace9bdeca | Context cleanup@openstack cleanup() started
2019-10-07 19:21:00.664 15 RALLYDEBUG rally_openstack.cleanup.manager [-] Cleaning up neutron vip objects
2019-10-07 19:21:00.900 15 RALLYDEBUG rally_openstack.cleanup.manager [-] Cleaning up neutron health_monitor objects
2019-10-07 19:21:01.159 15 RALLYDEBUG rally_openstack.cleanup.manager [-] Cleaning up neutron pool objects
2019-10-07 19:21:01.378 15 RALLYDEBUG rally_openstack.cleanup.manager [-] Cleaning up neutron loadbalancer objects
2019-10-07 19:21:01.591 15 RALLYDEBUG rally_openstack.cleanup.manager [-] Cleaning up neutron floatingip objects
2019-10-07 19:21:01.853 15 RALLYDEBUG rally_openstack.cleanup.manager [-] Cleaning up neutron trunk objects
2019-10-07 19:21:02.057 15 DEBUG neutronclient.v2_0.client [-] Error message: {"message": "The resource could not be found.

\n\n\n", "code": "404 Not Found", "title": "Not Found"} _handle_fault_response /usr/lib/python2.7/site-packages/neutronclient/v2_0/client.py:259
2019-10-07 19:21:02.066 15 RALLYDEBUG rally_openstack.cleanup.manager [-] Cleaning up neutron port objects
2019-10-07 19:21:02.998 15 RALLYDEBUG rally_openstack.cleanup.manager [-] Deleting neutron.port object s_rally_75f8bc7e_i19ibinw (028b532e-fe87-451a-8b23-e27dece45545)
2019-10-07 19:21:03.003 15 RALLYDEBUG rally_openstack.cleanup.manager [-] Deleting neutron.port object s_rally_75f8bc7e_1HEMBkYR (008d8dac-d70b-4c4a-a9dc-edb63dd2343e)
2019-10-07 19:21:03.005 15 RALLYDEBUG rally_openstack.cleanup.manager [-] Deleting neutron.port object s_rally_75f8bc7e_D9P3SOec (021554b3-e52a-4c8a-ba63-0e2f0e171292)
2019-10-07 19:21:03.004 15 RALLYDEBUG rally_openstack.cleanup.manager [-] Deleting neutron.port object s_rally_75f8bc7e_QcggqcYp (01284a76-1079-42de-9b1d-4ffb63f81298)
2019-10-07 19:21:03.005 15 RALLYDEBUG rally_openstack.cleanup.manager [-] Deleting neutron.port object s_rally_75f8bc7e_LhLvnXIb (00b1f852-d1e0-44e1-a0b3-10d0c1fa639e)
2019-10-07 19:21:03.011 15 RALLYDEBUG rally_openstack.cleanup.manager [-] Deleting neutron.port object s_rally_75f8bc7e_htTSX88f (0a36772c-0826-471a-b12d-bdae13aa026f)
2019-10-07 19:21:03.021 15 RALLYDEBUG rally_openstack.cleanup.manager [-] Deleting neutron.port object s_rally_75f8bc7e_c19UV8sj (07a73a87-5c4b-4f86-af3d-39a52c12ada2)
2019-10-07 19:21:03.022 15 RALLYDEBUG rally_openstack.cleanup.manager [-] Deleting neutron.port object s_rally_75f8bc7e_u6ZaF5bz (0b61f786-557e-4bc6-b9dd-fa17d272fdbf)
2019-10-07 19:21:03.022 15 RALLYDEBUG rally_openstack.cleanup.manager [-] Deleting neutron.port object s_rally_75f8bc7e_LqGVV30P (0971e7a8-488e-4e02-964f-cb61c79b0256)
2019-10-07 19:21:03.028 15 RALLYDEBUG rally_openstack.cleanup.manager [-] Deleting neutron.port object s_rally_75f8bc7e_4MXH6Z9z (0b79a034-cf86-4c78-b247-e3836d7ff856)
2019-10-07 19:21:03.039 15 RALLYDEBUG rally_openstack.cleanup.manager [-] Deleting neutron.port object s_rally_75f8bc7e_xaE7ApXt (0d6bfa90-feaa-4e99-aa96-39f4401263c8)
2019-10-07 19:21:03.044 15 RALLYDEBUG rally_openstack.cleanup.manager [-] Deleting neutron.port object s_rally_75f8bc7e_wFJL40km (065e09d6-d0a7-4b8a-ab86-e62b2b58460b)
2019-10-07 19:21:03.091 15 RALLYDEBUG rally_openstack.cleanup.manager [-] Deleting neutron.port object s_rally_75f8bc7e_WZD8m0i0 (0e8a197f-dce0-4be2-884d-216b862d21aa)
2019-10-07 19:21:03.122 15 RALLYDEBUG rally_openstack.cleanup.manager [-] Deleting neutron.port object s_rally_75f8bc7e_QFpq6jJ3 (0de014f2-faa4-4265-b725-3ba4fa5679f0)
2019-10-07 19:21:03.133 15 RALLYDEBUG rally_openstack.cleanup.manager [-] Deleting neutron.port object s_rally_75f8bc7e_ZzA5XxUk (0f4c2330-60c4-43e3-af29-23f8fd095ea2)
2019-10-07 19:21:03.186 15 RALLYDEBUG rally_openstack.cleanup.manager [-] Deleting neutron.port object s_rally_75f8bc7e_4w8FkrPs (10f665e0-4318-46fa-9f1e-16574e91ce35)
2019-10-07 19:21:03.205 15 RALLYDEBUG rally_openstack.cleanup.manager [-] Deleting neutron.port object s_rally_75f8bc7e_R2Bxr6tC (10482145-8e5c-40e9-9bfd-a42dba527f30)
2019-10-07 19:21:03.201 15 RALLYDEBUG rally_openstack.cleanup.manager [-] Deleting neutron.port object s_rally_75f8bc7e_LatCSmT6 (10308016-f2e5-4583-9450-f33725873297)
2019-10-07 19:21:03.213 15 RALLYDEBUG rally_openstack.cleanup.manager [-] Deleting neutron.port object s_rally_75f8bc7e_OcvEihEq (12263cf4-2617-48f5-827b-5ff5c5d8f6f8)
2019-10-07 19:21:03.231 15 RALLYDEBUG rally_openstack.cleanup.manager [-] Deleting neutron.port object s_rally_75f8bc7e_MWWtynyG (12bba8a3-d36d-4795-b6fa-a881e1103ad2)
2019-10-07 19:21:06.325 15 RALLYDEBUG rally_openstack.cleanup.manager [-] Deleting neutron.port object s_rally_75f8bc7e_6RwlBSXi (13deecff-a975-4c87-9485-7facd663488a)
2019-10-07 19:21:06.725 15 RALLYDEBUG rally_openstack.cleanup.manager [-] Deleting neutron.port object s_rally_75f8bc7e_P6Ea1D7o (152962c4-6846-4e6b-9b5d-c6b508513767)
2019-10-07 19:21:06.816 15 RALLYDEBUG rally_openstack.cleanup.manager [-] Deleting neutron.port object s_rally_75f8bc7e_fy7FlJQI (1542916b-6a64-4f18-b56c-d942a7272d43)
2019-10-07 19:21:07.629 15 RALLYDEBUG rally_openstack.cleanup.manager [-] Deleting neutron.port object s_rally_75f8bc7e_AIdOic8S (16b287a0-7d26-4f16-9432-4b3ea1207dd9)
2019-10-07 19:21:07.916 15 RALLYDEBUG rally_openstack.cleanup.manager [-] Deleting neutron.port object s_rally_75f8bc7e_rDlX0r0y (182f8c20-7087-4a20-866a-615499d1a694)
2019-10-07 19:21:08.065 15 RALLYDEBUG rally_openstack.cleanup.manager [-] Deleting neutron.port object s_rally_75f8bc7e_TsYEPyiL (1b116fb3-dbf0-4c71-81bd-920566309614)
2019-10-07 19:21:08.069 15 RALLYDEBUG rally_openstack.cleanup.manager [-] Deleting neutron.port object s_rally_75f8bc7e_ap3BbcNL (1b183ab7-e473-4d15-94a1-9f7ff7e2311c)
2019-10-07 19:21:08.138 15 RALLYDEBUG rally_openstack.cleanup.manager [-] Deleting neutron.port object s_rally_75f8bc7e_U9EJ8rK4 (1b67c7a6-948b-406b-939d-104a94cc23cd)
2019-10-07 19:21:08.630 15 RALLYDEBUG rally_openstack.cleanup.manager [-] Deleting neutron.port object s_rally_75f8bc7e_VW1T7Ndp (1e02daea-7976-43ce-b338-aff56a2f9b22)
2019-10-07 19:21:09.835 15 RALLYDEBUG rally_openstack.cleanup.manager [-] Deleting neutron.port object s_rally_75f8bc7e_jqP8hc8T (22f5dd0c-bdaa-4aa1-b985-98eeca5a2b5d)
2019-10-07 19:21:09.941 15 RALLYDEBUG rally_openstack.cleanup.manager [-] Deleting neutron.port object s_rally_75f8bc7e_5GaAHoIV (25d3ed25-5613-4b1f-a616-dd50a9f28e77)
2019-10-07 19:21:10.541 15 RALLYDEBUG rally_openstack.cleanup.manager [-] Deleting neutron.port object s_rally_75f8bc7e_nYapNnuh (272ad2d6-1edd-47e8-b593-64cc6f72070a)
2019-10-07 19:21:10.777 15 RALLYDEBUG rally_openstack.cleanup.manager [-] Deleting neutron.port object s_rally_75f8bc7e_POE5Ct8w (27721b3f-f920-4c86-ba32-be84d73e03b0)
2019-10-07 19:21:10.888 15 RALLYDEBUG rally_openstack.cleanup.manager [-] Deleting neutron.port object s_rally_75f8bc7e_stm6gQ72 (2859805f-1dcc-4a08-8474-9e6750c1e1c9)
2019-10-07 19:21:11.004 15 RALLYDEBUG rally_openstack.cleanup.manager [-] Deleting neutron.port object s_rally_75f8bc7e_DrehQEqS (2973392e-312e-4e69-b01d-7dd89327a65d)
2019-10-07 19:21:11.048 15 RALLYDEBUG rally_openstack.cleanup.manager [-] Deleting neutron.port object s_rally_75f8bc7e_oBq0JqwJ (2a823e33-c079-4702-92c4-54e70d95c96b)
2019-10-07 19:21:11.057 15 RALLYDEBUG rally_openstack.cleanup.manager [-] Deleting neutron.port object s_rally_75f8bc7e_3Idq4xQj (2b9615cd-4ffe-4c40-bb1d-d4a1e5a7e6c0)
2019-10-07 19:21:11.104 15 RALLYDEBUG rally_openstack.cleanup.manager [-] Deleting neutron.port object s_rally_75f8bc7e_BMUTJDiE (2bd29966-23af-4e3b-9db1-e84f4f28a8e7)
2019-10-07 19:21:11.112 15 RALLYDEBUG rally_openstack.cleanup.manager [-] Deleting neutron.port object s_rally_75f8bc7e_rCqokv7R (2d04c27f-5325-4d18-82bc-62b9692e1bae)
2019-10-07 19:21:11.141 15 RALLYDEBUG rally_openstack.cleanup.manager [-] Deleting neutron.port object s_rally_75f8bc7e_4dTNi83P (2e101554-caaf-4f37-9d03-1032797802e0)
2019-10-07 19:21:11.161 15 RALLYDEBUG rally_openstack.cleanup.manager [-] Deleting neutron.port object s_rally_75f8bc7e_AmC8SPfG (2e7c49f9-243e-4f7a-8ffe-92fb9cc9469a)
2019-10-07 19:21:11.255 15 RALLYDEBUG rally_openstack.cleanup.manager [-] Deleting neutron.port object s_rally_75f8bc7e_UibBBykx (32859e9d-31f6-468f-b3cf-4341db903dbf)
2019-10-07 19:21:11.272 15 RALLYDEBUG rally_openstack.cleanup.manager [-] Deleting neutron.port object s_rally_75f8bc7e_TFgpURQ7 (33f7b247-560b-496b-adbd-866416fd8fe0)
2019-10-07 19:21:11.301 15 RALLYDEBUG rally_openstack.cleanup.manager [-] Deleting neutron.port object s_rally_75f8bc7e_D2J0YahW (35442d36-a600-44bf-8a7d-4ad07c772fd1)
2019-10-07 19:21:11.305 15 RALLYDEBUG rally_openstack.cleanup.manager [-] Deleting neutron.port object s_rally_75f8bc7e_nKz6k9Vx (3629dbf8-0dc0-4f6d-98c2-9d8303637356)
2019-10-07 19:21:12.513 15 RALLYDEBUG rally_openstack.cleanup.manager [-] Deleting neutron.port object s_rally_75f8bc7e_w6bKs0mX (37681a40-3b25-45b8-b10f-d893a05cdac9)
2019-10-07 19:21:12.518 15 RALLYDEBUG rally_openstack.cleanup.manager [-] Deleting neutron.port object s_rally_75f8bc7e_LzMTiy9J (37d05271-2cc8-4efd-a2fc-be7096fbca5e)
2019-10-07 19:21:13.533 15 RALLYDEBUG rally_openstack.cleanup.manager [-] Deleting neutron.port object s_rally_75f8bc7e_m6uPfP4y (386df988-7282-47b0-bf5b-0d50dce0c8a0)
2019-10-07 19:21:13.540 15 RALLYDEBUG rally_openstack.cleanup.manager [-] Deleting neutron.port object s_rally_75f8bc7e_pXTkQ2tK (39946d44-a371-4b8a-9967-6db1d8cbf524)
2019-10-07 19:21:13.555 15 RALLYDEBUG rally_openstack.cleanup.manager [-] Deleting neutron.port object s_rally_75f8bc7e_z8UKfOxe (3a935eeb-9d6b-4cd7-be09-c1c063724182)
2019-10-07 19:21:13.990 15 RALLYDEBUG rally_openstack.cleanup.manager [-] Deleting neutron.port object s_rally_75f8bc7e_PjYKtM7T (3b5797c7-8584-451b-86fd-79290f7344cf)
2019-10-07 19:21:14.060 15 RALLYDEBUG rally_openstack.cleanup.manager [-] Deleting neutron.port object s_rally_75f8bc7e_mjS9aHdc (3b7e9d59-0f2d-40dc-9d8f-7d0a925ddfd1)
2019-10-07 19:21:14.923 15 RALLYDEBUG rally_openstack.cleanup.manager [-] Deleting neutron.port object s_rally_75f8bc7e_IFpYL5RA (3bad3a2c-ab3e-49b8-9b85-28b5cef746cc)
2019-10-07 19:21:15.033 15 RALLYDEBUG rally_openstack.cleanup.manager [-] Deleting neutron.port object s_rally_75f8bc7e_LLBzM0PV (3dc18120-3b43-4244-92ae-f1790a818828)
2019-10-07 19:21:15.582 15 RALLYDEBUG rally_openstack.cleanup.manager [-] Deleting neutron.port object s_rally_75f8bc7e_pc4yF4eD (3ef1f9bd-6b35-4fcf-a641-68e260c02a60)
2019-10-07 19:21:15.690 15 RALLYDEBUG rally_openstack.cleanup.manager [-] Deleting neutron.port object s_rally_75f8bc7e_kr8WBfI5 (3f93816b-29a6-41ff-87b1-fb96ebdcea44)
2019-10-07 19:21:15.714 15 RALLYDEBUG rally_openstack.cleanup.manager [-] Deleting neutron.port object s_rally_75f8bc7e_k9UasQIa (4017e101-5352-4ed7-9167-15c38f3487bf)
2019-10-07 19:21:15.754 15 RALLYDEBUG rally_openstack.cleanup.manager [-] Deleting neutron.port object s_rally_75f8bc7e_tBPyjLT4 (41b9d17e-17ee-40c3-bdd7-72fa899c7cac)
2019-10-07 19:21:16.295 15 RALLYDEBUG rally_openstack.cleanup.manager [-] Deleting neutron.port object s_rally_75f8bc7e_MZMWPLUw (475e446a-71b1-4812-a40a-638f13a30f39)
2019-10-07 19:21:16.893 15 RALLYDEBUG rally_openstack.cleanup.manager [-] Deleting neutron.port object s_rally_75f8bc7e_WV1GhSSs (47a22e68-dae3-4fe6-be07-86ca93df8abd)
2019-10-07 19:21:16.911 15 RALLYDEBUG rally_openstack.cleanup.manager [-] Deleting neutron.port object s_rally_75f8bc7e_FDsE7BSm (483500bc-1236-4a72-9fdb-85441d0733f9)
2019-10-07 19:21:16.959 15 RALLYDEBUG rally_openstack.cleanup.manager [-] Deleting neutron.port object s_rally_75f8bc7e_LqiMF4MA (49322159-82a6-45ae-ade4-6e76fc31edd3)
2019-10-07 19:21:16.967 15 RALLYDEBUG rally_openstack.cleanup.manager [-] Deleting neutron.port object s_rally_75f8bc7e_YLG6b0L6 (4aebe615-0299-4df5-909c-030728b7b6a4)
2019-10-07 19:21:17.013 15 RALLYDEBUG rally_openstack.cleanup.manager [-] Deleting neutron.port object s_rally_75f8bc7e_Tfk2GNIp (4ec96593-f9d7-4c12-9b0b-070150934b11)
2019-10-07 19:21:17.021 15 RALLYDEBUG rally_openstack.cleanup.manager [-] Deleting neutron.port object s_rally_75f8bc7e_vOr9ioBo (4efa4351-d6ff-4f4c-9ba3-203f15f3f7b1)
2019-10-07 19:21:17.047 15 RALLYDEBUG rally_openstack.cleanup.manager [-] Deleting neutron.port object s_rally_75f8bc7e_GJfAJzKd (503badd3-d514-4ca2-ae3f-599c74d93022)
2019-10-07 19:21:17.126 15 RALLYDEBUG rally_openstack.cleanup.manager [-] Deleting neutron.port object s_rally_75f8bc7e_a5915MVO (52f3c6bc-2da3-4857-bb50-d4fa9e3dd75c)
2019-10-07 19:21:17.164 15 RALLYDEBUG rally_openstack.cleanup.manager [-] Deleting neutron.port object s_rally_75f8bc7e_TxGt1GTU (5367ea22-6b18-4eb2-afa8-362a3abb8e41)
2019-10-07 19:21:17.692 15 RALLYDEBUG rally_openstack.cleanup.manager [-] Deleting neutron.port object s_rally_75f8bc7e_u7a8TU7J (55085329-7526-4c4f-ad85-1ee573241949)
2019-10-07 19:21:18.097 15 RALLYDEBUG rally_openstack.cleanup.manager [-] Deleting neutron.port object s_rally_75f8bc7e_ODdFixUu (56a4216e-2792-478a-a419-bca870ee81b3)
2019-10-07 19:21:18.191 15 RALLYDEBUG rally_openstack.cleanup.manager [-] Deleting neutron.port object s_rally_75f8bc7e_4SGjzaFP (5866fe7d-37c5-4c5b-97e1-33ced704472f)
2019-10-07 19:21:18.502 15 RALLYDEBUG rally_openstack.cleanup.manager [-] Deleting neutron.port object s_rally_75f8bc7e_7NGZQHPp (58d75ee6-56d5-4bc0-8b0a-798680b31633)
2019-10-07 19:21:19.264 15 RALLYDEBUG rally_openstack.cleanup.manager [-] Deleting neutron.port object s_rally_75f8bc7e_JD8vRv8i (5a87b94a-e676-4f81-b080-7d3c9373ffd8)
2019-10-07 19:21:19.354 15 RALLYDEBUG rally_openstack.cleanup.manager [-] Deleting neutron.port object s_rally_75f8bc7e_CGV3ufwz (5adcfce8-e8a5-412c-af53-f7c22f723bca)
2019-10-07 19:21:19.560 15 RALLYDEBUG rally_openstack.cleanup.manager [-] Deleting neutron.port object s_rally_75f8bc7e_kfKyLeN8 (5c670093-14ce-4169-abcf-70a652f2383b)
2019-10-07 19:21:19.834 15 RALLYDEBUG rally_openstack.cleanup.manager [-] Deleting neutron.port object s_rally_75f8bc7e_XTRijyGQ (5da8a062-0d45-41e1-bf00-94d6f0616e90)
2019-10-07 19:21:20.658 15 RALLYDEBUG rally_openstack.cleanup.manager [-] Deleting neutron.port object s_rally_75f8bc7e_2SF57oyb (5f114330-3207-4ff2-adcf-b2b26d00e99a)
2019-10-07 19:21:20.672 15 RALLYDEBUG rally_openstack.cleanup.manager [-] Deleting neutron.port object s_rally_75f8bc7e_hsJYuWKX (5fdfa61e-45f2-4e57-b98b-fe61306010e9)
2019-10-07 19:21:20.915 15 RALLYDEBUG rally_openstack.cleanup.manager [-] Deleting neutron.port object s_rally_75f8bc7e_xDq95jt8 (60ff7d18-cb29-45a7-8a58-871de9bf0a16)
2019-10-07 19:21:21.739 15 RALLYDEBUG rally_openstack.cleanup.manager [-] Deleting neutron.port object s_rally_75f8bc7e_gsYMrr1Z (61bcecec-b06d-4a31-b06f-0549fed3d4f7)
2019-10-07 19:21:21.744 15 RALLYDEBUG rally_openstack.cleanup.manager [-] Deleting neutron.port object s_rally_75f8bc7e_noTBEgNy (64b68580-db84-47b0-97c0-d8ed38d62180)
2019-10-07 19:21:21.750 15 RALLYDEBUG rally_openstack.cleanup.manager [-] Deleting neutron.port object s_rally_75f8bc7e_Iiw4Is9p (669f5098-5b46-4441-8e45-062ad806adbb)
2019-10-07 19:21:21.837 15 RALLYDEBUG rally_openstack.cleanup.manager [-] Deleting neutron.port object s_rally_75f8bc7e_zaXJqeOO (67e85f06-a4f6-4187-8d85-2c6466fdffec)
2019-10-07 19:21:21.852 15 RALLYDEBUG rally_openstack.cleanup.manager [-] Deleting neutron.port object s_rally_75f8bc7e_IIpUzSWj (6a6c142f-52cd-4aac-83c0-6ad95767109a)
2019-10-07 19:21:22.185 15 RALLYDEBUG rally_openstack.cleanup.manager [-] Deleting neutron.port object s_rally_75f8bc7e_6WUI655S (6b347d12-4321-495d-ae3e-ca737de4dd50)
2019-10-07 19:21:22.308 15 RALLYDEBUG rally_openstack.cleanup.manager [-] Deleting neutron.port object s_rally_75f8bc7e_LCEQrRKJ (6c97e731-8a73-461d-b58f-5a9a4d76ab25)
2019-10-07 19:21:22.366 15 RALLYDEBUG rally_openstack.cleanup.manager [-] Deleting neutron.port object s_rally_75f8bc7e_3heHhKFd (6dffba5b-b5d6-4fab-97aa-16b8f9ddec7a)
2019-10-07 19:21:22.375 15 RALLYDEBUG rally_openstack.cleanup.manager [-] Deleting neutron.port object s_rally_75f8bc7e_LuedNm8w (6eec9eef-eda7-4ab7-8c01-bbd617bb72e3)
2019-10-07 19:21:22.615 15 RALLYDEBUG rally_openstack.cleanup.manager [-] Deleting neutron.port object s_rally_75f8bc7e_eZuWDn2d (71409d07-0f68-43d3-b8ce-56f57b402c70)
2019-10-07 19:21:23.746 15 RALLYDEBUG rally_openstack.cleanup.manager [-] Deleting neutron.port object s_rally_75f8bc7e_pVifETnI (71b0f95e-e9f0-4413-abb6-63533e57e4f6)
2019-10-07 19:21:23.778 15 RALLYDEBUG rally_openstack.cleanup.manager [-] Deleting neutron.port object s_rally_75f8bc7e_vap4NOxy (729d84bd-6815-4571-9bc4-95a4530383de)
2019-10-07 19:21:23.837 15 RALLYDEBUG rally_openstack.cleanup.manager [-] Deleting neutron.port object s_rally_75f8bc7e_o7HhKWSv (7454cfd9-a245-4e5d-9923-844fe06065b8)
2019-10-07 19:21:23.975 15 RALLYDEBUG rally_openstack.cleanup.manager [-] Deleting neutron.port object s_rally_75f8bc7e_StVbxm8Z (7776fbad-657a-43f5-b6f4-40774086cbae)
