2019-10-07 18:47:05.073 15 INFO rally.task.engine [-] Load duration is: 139.619663
2019-10-07 18:47:05.073 15 INFO rally.task.engine [-] Full runner duration is: 139.67011
2019-10-07 18:47:05.073 15 INFO rally.task.engine [-] Full duration is: 291.034488
2019-10-07 18:47:05.191 15 INFO rally.task.engine [-] Running workload: position = 2 config = { "version": 2, "title": "A cropped version of a bigger task.", "description": "Auto-generated task from a single workload (uuid=0e32e927-1f6c-48ed-b0bc-257c128cc170)", "subtasks": [ { "title": "NeutronNetworks.create_and_delete_subnets", "description": "Create and delete a given number of subnets.", "scenario": { "NeutronNetworks.create_and_delete_subnets": { "network_create_args": {}, "subnet_create_args": {}, "subnet_cidr_start": "1.1.0.0/30", "subnets_per_network": 2 } }, "contexts": { "users": { "tenants": 1, "users_per_tenant": 1 }, "quotas": { "neutron": { "network": -1, "subnet": -1 } } }, "runner": { "constant": { "times": 40, "concurrency": 20 } }, "hooks": [], "sla": { "failure_rate": { "max": 0 } } } ] }
2019-10-07 18:47:05.206 15 RALLYDEBUG rally_openstack.contexts.keystone.users [-] Creating 1 tenants using 20 threads
2019-10-07 18:47:05.520 15 RALLYDEBUG rally_openstack.contexts.keystone.users [-] Creating 1 users using 20 threads
2019-10-07 18:47:05.963 15 INFO rally.task.context [-] Task de8ff544-1de8-4e0d-a70f-884ace9bdeca | Context users@openstack setup() finished in 0.76 sec
2019-10-07 18:47:06.264 15 INFO rally.task.context [-] Task de8ff544-1de8-4e0d-a70f-884ace9bdeca | Context quotas@openstack setup() finished in 0.30 sec
2019-10-07 18:47:06.265 15 INFO rally.task.context [-] Task de8ff544-1de8-4e0d-a70f-884ace9bdeca | Context cleanup@openstack setup() finished in 0.01 msec
2019-10-07 18:47:06.274 15 RALLYDEBUG rally.task.runner [-] Starting the constant runner (task UUID: de8ff544-1de8-4e0d-a70f-884ace9bdeca). timeout: 0 concurrency: 20 concurrency_per_worker: 1 times: 40 concurrency_overhead: 0 processes_to_start: 20 max_cpu_used: 88
2019-10-07 18:47:06.289 2270 RALLYDEBUG rally.task.runner [-] Starting a worker. concurrency: 1 args: {"network_create_args": {}, "subnet_create_args": {}, "subnet_cidr_start": "1.1.0.0/30", "subnets_per_network": 2} times: 40 method_name: run timeout: 0 duration: None cls:
2019-10-07 18:47:06.293 2271 RALLYDEBUG rally.task.runner [-] Starting a worker. concurrency: 1 args: {"network_create_args": {}, "subnet_create_args": {}, "subnet_cidr_start": "1.1.0.0/30", "subnets_per_network": 2} times: 40 method_name: run timeout: 0 duration: None cls:
2019-10-07 18:47:06.296 2270 INFO rally.task.runner [-] Task de8ff544-1de8-4e0d-a70f-884ace9bdeca | ITER: 1 START
2019-10-07 18:47:06.297 2270 WARNING rally_openstack.scenarios.neutron.utils [-] Running this scenario without either the 'network' or 'existing_network' context is deprecated
2019-10-07 18:47:06.296 2272 RALLYDEBUG rally.task.runner [-] Starting a worker. concurrency: 1 args: {"network_create_args": {}, "subnet_create_args": {}, "subnet_cidr_start": "1.1.0.0/30", "subnets_per_network": 2} times: 40 method_name: run timeout: 0 duration: None cls:
2019-10-07 18:47:06.299 2273 RALLYDEBUG rally.task.runner [-] Starting a worker. concurrency: 1 args: {"network_create_args": {}, "subnet_create_args": {}, "subnet_cidr_start": "1.1.0.0/30", "subnets_per_network": 2} times: 40 method_name: run timeout: 0 duration: None cls:
2019-10-07 18:47:06.300 2271 INFO rally.task.runner [-] Task de8ff544-1de8-4e0d-a70f-884ace9bdeca | ITER: 2 START
2019-10-07 18:47:06.301 2271 WARNING rally_openstack.scenarios.neutron.utils [-] Running this scenario without either the 'network' or 'existing_network' context is deprecated
2019-10-07 18:47:06.302 2276 RALLYDEBUG rally.task.runner [-] Starting a worker. concurrency: 1 args: {"network_create_args": {}, "subnet_create_args": {}, "subnet_cidr_start": "1.1.0.0/30", "subnets_per_network": 2} times: 40 method_name: run timeout: 0 duration: None cls:
2019-10-07 18:47:06.303 2272 INFO rally.task.runner [-] Task de8ff544-1de8-4e0d-a70f-884ace9bdeca | ITER: 3 START
2019-10-07 18:47:06.304 2272 WARNING rally_openstack.scenarios.neutron.utils [-] Running this scenario without either the 'network' or 'existing_network' context is deprecated
2019-10-07 18:47:06.305 2277 RALLYDEBUG rally.task.runner [-] Starting a worker. concurrency: 1 args: {"network_create_args": {}, "subnet_create_args": {}, "subnet_cidr_start": "1.1.0.0/30", "subnets_per_network": 2} times: 40 method_name: run timeout: 0 duration: None cls:
2019-10-07 18:47:06.305 2273 INFO rally.task.runner [-] Task de8ff544-1de8-4e0d-a70f-884ace9bdeca | ITER: 4 START
2019-10-07 18:47:06.307 2273 WARNING rally_openstack.scenarios.neutron.utils [-] Running this scenario without either the 'network' or 'existing_network' context is deprecated
2019-10-07 18:47:06.308 2276 INFO rally.task.runner [-] Task de8ff544-1de8-4e0d-a70f-884ace9bdeca | ITER: 5 START
2019-10-07 18:47:06.308 2280 RALLYDEBUG rally.task.runner [-] Starting a worker. concurrency: 1 args: {"network_create_args": {}, "subnet_create_args": {}, "subnet_cidr_start": "1.1.0.0/30", "subnets_per_network": 2} times: 40 method_name: run timeout: 0 duration: None cls:
2019-10-07 18:47:06.309 2276 WARNING rally_openstack.scenarios.neutron.utils [-] Running this scenario without either the 'network' or 'existing_network' context is deprecated
2019-10-07 18:47:06.311 2277 INFO rally.task.runner [-] Task de8ff544-1de8-4e0d-a70f-884ace9bdeca | ITER: 6 START
2019-10-07 18:47:06.311 2283 RALLYDEBUG rally.task.runner [-] Starting a worker. concurrency: 1 args: {"network_create_args": {}, "subnet_create_args": {}, "subnet_cidr_start": "1.1.0.0/30", "subnets_per_network": 2} times: 40 method_name: run timeout: 0 duration: None cls:
2019-10-07 18:47:06.312 2277 WARNING rally_openstack.scenarios.neutron.utils [-] Running this scenario without either the 'network' or 'existing_network' context is deprecated
2019-10-07 18:47:06.314 2280 INFO rally.task.runner [-] Task de8ff544-1de8-4e0d-a70f-884ace9bdeca | ITER: 7 START
2019-10-07 18:47:06.314 2287 RALLYDEBUG rally.task.runner [-] Starting a worker. concurrency: 1 args: {"network_create_args": {}, "subnet_create_args": {}, "subnet_cidr_start": "1.1.0.0/30", "subnets_per_network": 2} times: 40 method_name: run timeout: 0 duration: None cls:
2019-10-07 18:47:06.315 2280 WARNING rally_openstack.scenarios.neutron.utils [-] Running this scenario without either the 'network' or 'existing_network' context is deprecated
2019-10-07 18:47:06.317 2283 INFO rally.task.runner [-] Task de8ff544-1de8-4e0d-a70f-884ace9bdeca | ITER: 8 START
2019-10-07 18:47:06.316 2290 RALLYDEBUG rally.task.runner [-] Starting a worker. concurrency: 1 args: {"network_create_args": {}, "subnet_create_args": {}, "subnet_cidr_start": "1.1.0.0/30", "subnets_per_network": 2} times: 40 method_name: run timeout: 0 duration: None cls:
2019-10-07 18:47:06.318 2283 WARNING rally_openstack.scenarios.neutron.utils [-] Running this scenario without either the 'network' or 'existing_network' context is deprecated
2019-10-07 18:47:06.320 2287 INFO rally.task.runner [-] Task de8ff544-1de8-4e0d-a70f-884ace9bdeca | ITER: 9 START
2019-10-07 18:47:06.319 2293 RALLYDEBUG rally.task.runner [-] Starting a worker. concurrency: 1 args: {"network_create_args": {}, "subnet_create_args": {}, "subnet_cidr_start": "1.1.0.0/30", "subnets_per_network": 2} times: 40 method_name: run timeout: 0 duration: None cls:
2019-10-07 18:47:06.321 2287 WARNING rally_openstack.scenarios.neutron.utils [-] Running this scenario without either the 'network' or 'existing_network' context is deprecated
2019-10-07 18:47:06.323 2290 INFO rally.task.runner [-] Task de8ff544-1de8-4e0d-a70f-884ace9bdeca | ITER: 10 START
2019-10-07 18:47:06.323 2296 RALLYDEBUG rally.task.runner [-] Starting a worker. concurrency: 1 args: {"network_create_args": {}, "subnet_create_args": {}, "subnet_cidr_start": "1.1.0.0/30", "subnets_per_network": 2} times: 40 method_name: run timeout: 0 duration: None cls:
2019-10-07 18:47:06.324 2290 WARNING rally_openstack.scenarios.neutron.utils [-] Running this scenario without either the 'network' or 'existing_network' context is deprecated
2019-10-07 18:47:06.326 2293 INFO rally.task.runner [-] Task de8ff544-1de8-4e0d-a70f-884ace9bdeca | ITER: 11 START
2019-10-07 18:47:06.326 2299 RALLYDEBUG rally.task.runner [-] Starting a worker. concurrency: 1 args: {"network_create_args": {}, "subnet_create_args": {}, "subnet_cidr_start": "1.1.0.0/30", "subnets_per_network": 2} times: 40 method_name: run timeout: 0 duration: None cls:
2019-10-07 18:47:06.327 2293 WARNING rally_openstack.scenarios.neutron.utils [-] Running this scenario without either the 'network' or 'existing_network' context is deprecated
2019-10-07 18:47:06.327 2302 RALLYDEBUG rally.task.runner [-] Starting a worker. concurrency: 1 args: {"network_create_args": {}, "subnet_create_args": {}, "subnet_cidr_start": "1.1.0.0/30", "subnets_per_network": 2} times: 40 method_name: run timeout: 0 duration: None cls:
2019-10-07 18:47:06.329 2296 INFO rally.task.runner [-] Task de8ff544-1de8-4e0d-a70f-884ace9bdeca | ITER: 12 START
2019-10-07 18:47:06.330 2296 WARNING rally_openstack.scenarios.neutron.utils [-] Running this scenario without either the 'network' or 'existing_network' context is deprecated
2019-10-07 18:47:06.331 2304 RALLYDEBUG rally.task.runner [-] Starting a worker. concurrency: 1 args: {"network_create_args": {}, "subnet_create_args": {}, "subnet_cidr_start": "1.1.0.0/30", "subnets_per_network": 2} times: 40 method_name: run timeout: 0 duration: None cls:
2019-10-07 18:47:06.332 2302 INFO rally.task.runner [-] Task de8ff544-1de8-4e0d-a70f-884ace9bdeca | ITER: 14 START
2019-10-07 18:47:06.333 2299 INFO rally.task.runner [-] Task de8ff544-1de8-4e0d-a70f-884ace9bdeca | ITER: 13 START
2019-10-07 18:47:06.333 2302 WARNING rally_openstack.scenarios.neutron.utils [-] Running this scenario without either the 'network' or 'existing_network' context is deprecated
2019-10-07 18:47:06.334 2299 WARNING rally_openstack.scenarios.neutron.utils [-] Running this scenario without either the 'network' or 'existing_network' context is deprecated
2019-10-07 18:47:06.334 2310 RALLYDEBUG rally.task.runner [-] Starting a worker. concurrency: 1 args: {"network_create_args": {}, "subnet_create_args": {}, "subnet_cidr_start": "1.1.0.0/30", "subnets_per_network": 2} times: 40 method_name: run timeout: 0 duration: None cls:
2019-10-07 18:47:06.334 2307 RALLYDEBUG rally.task.runner [-] Starting a worker. concurrency: 1 args: {"network_create_args": {}, "subnet_create_args": {}, "subnet_cidr_start": "1.1.0.0/30", "subnets_per_network": 2} times: 40 method_name: run timeout: 0 duration: None cls:
2019-10-07 18:47:06.336 2304 INFO rally.task.runner [-] Task de8ff544-1de8-4e0d-a70f-884ace9bdeca | ITER: 15 START
2019-10-07 18:47:06.337 2304 WARNING rally_openstack.scenarios.neutron.utils [-] Running this scenario without either the 'network' or 'existing_network' context is deprecated
2019-10-07 18:47:06.339 2310 INFO rally.task.runner [-] Task de8ff544-1de8-4e0d-a70f-884ace9bdeca | ITER: 16 START
2019-10-07 18:47:06.339 2310 WARNING rally_openstack.scenarios.neutron.utils [-] Running this scenario without either the 'network' or 'existing_network' context is deprecated
2019-10-07 18:47:06.339 2315 RALLYDEBUG rally.task.runner [-] Starting a worker. concurrency: 1 args: {"network_create_args": {}, "subnet_create_args": {}, "subnet_cidr_start": "1.1.0.0/30", "subnets_per_network": 2} times: 40 method_name: run timeout: 0 duration: None cls:
2019-10-07 18:47:06.340 2307 INFO rally.task.runner [-] Task de8ff544-1de8-4e0d-a70f-884ace9bdeca | ITER: 17 START
2019-10-07 18:47:06.342 2307 WARNING rally_openstack.scenarios.neutron.utils [-] Running this scenario without either the 'network' or 'existing_network' context is deprecated
2019-10-07 18:47:06.342 2318 RALLYDEBUG rally.task.runner [-] Starting a worker. concurrency: 1 args: {"network_create_args": {}, "subnet_create_args": {}, "subnet_cidr_start": "1.1.0.0/30", "subnets_per_network": 2} times: 40 method_name: run timeout: 0 duration: None cls:
2019-10-07 18:47:06.343 2315 INFO rally.task.runner [-] Task de8ff544-1de8-4e0d-a70f-884ace9bdeca | ITER: 18 START
2019-10-07 18:47:06.344 2315 WARNING rally_openstack.scenarios.neutron.utils [-] Running this scenario without either the 'network' or 'existing_network' context is deprecated
2019-10-07 18:47:06.345 2321 RALLYDEBUG rally.task.runner [-] Starting a worker. concurrency: 1 args: {"network_create_args": {}, "subnet_create_args": {}, "subnet_cidr_start": "1.1.0.0/30", "subnets_per_network": 2} times: 40 method_name: run timeout: 0 duration: None cls:
2019-10-07 18:47:06.348 2318 INFO rally.task.runner [-] Task de8ff544-1de8-4e0d-a70f-884ace9bdeca | ITER: 19 START
2019-10-07 18:47:06.349 2318 WARNING rally_openstack.scenarios.neutron.utils [-] Running this scenario without either the 'network' or 'existing_network' context is deprecated
2019-10-07 18:47:06.351 2321 INFO rally.task.runner [-] Task de8ff544-1de8-4e0d-a70f-884ace9bdeca | ITER: 20 START
2019-10-07 18:47:06.352 2321 WARNING rally_openstack.scenarios.neutron.utils [-] Running this scenario without either the 'network' or 'existing_network' context is deprecated
2019-10-07 18:47:07.401 2276 RALLYDEBUG rally_openstack.wrappers.network [-] CIDR generated: 1.1.4.96/30
2019-10-07 18:47:07.732 2277 RALLYDEBUG rally_openstack.wrappers.network [-] CIDR generated: 1.1.4.100/30
2019-10-07 18:47:08.007 2273 RALLYDEBUG rally_openstack.wrappers.network [-] CIDR generated: 1.1.4.104/30
2019-10-07 18:47:08.480 2302 RALLYDEBUG rally_openstack.wrappers.network [-] CIDR generated: 1.1.4.108/30
2019-10-07 18:47:08.519 2293 RALLYDEBUG rally_openstack.wrappers.network [-] CIDR generated: 1.1.4.112/30
2019-10-07 18:47:08.548 2299 RALLYDEBUG rally_openstack.wrappers.network [-] CIDR generated: 1.1.4.116/30
2019-10-07 18:47:08.558 2290 RALLYDEBUG rally_openstack.wrappers.network [-] CIDR generated: 1.1.4.120/30
2019-10-07 18:47:08.634 2318 RALLYDEBUG rally_openstack.wrappers.network [-] CIDR generated: 1.1.4.124/30
2019-10-07 18:47:08.650 2315 RALLYDEBUG rally_openstack.wrappers.network [-] CIDR generated: 1.1.4.128/30
2019-10-07 18:47:09.585 2290 RALLYDEBUG rally_openstack.wrappers.network [-] CIDR generated: 1.1.4.132/30
2019-10-07 18:47:10.191 2271 RALLYDEBUG rally_openstack.wrappers.network [-] CIDR generated: 1.1.4.136/30
2019-10-07 18:47:10.283 2272 RALLYDEBUG rally_openstack.wrappers.network [-] CIDR generated: 1.1.4.140/30
2019-10-07 18:47:10.319 2270 RALLYDEBUG rally_openstack.wrappers.network [-] CIDR generated: 1.1.4.144/30
2019-10-07 18:47:11.952 2271 RALLYDEBUG rally_openstack.wrappers.network [-] CIDR generated: 1.1.4.148/30
2019-10-07 18:47:11.958 2272 RALLYDEBUG rally_openstack.wrappers.network [-] CIDR generated: 1.1.4.152/30
2019-10-07 18:47:11.963 2270 RALLYDEBUG rally_openstack.wrappers.network [-] CIDR generated: 1.1.4.156/30
2019-10-07 18:47:12.108 2283 RALLYDEBUG rally_openstack.wrappers.network [-] CIDR generated: 1.1.4.160/30
2019-10-07 18:47:12.155 2287 RALLYDEBUG rally_openstack.wrappers.network [-] CIDR generated: 1.1.4.164/30
2019-10-07 18:47:12.189 2307 RALLYDEBUG rally_openstack.wrappers.network [-] CIDR generated: 1.1.4.168/30
2019-10-07 18:47:12.236 2321 RALLYDEBUG rally_openstack.wrappers.network [-] CIDR generated: 1.1.4.172/30
2019-10-07 18:47:12.526 2310 RALLYDEBUG rally_openstack.wrappers.network [-] CIDR generated: 1.1.4.176/30
2019-10-07 18:47:12.538 2304 RALLYDEBUG rally_openstack.wrappers.network [-] CIDR generated: 1.1.4.180/30
2019-10-07 18:47:12.830 2296 RALLYDEBUG rally_openstack.wrappers.network [-] CIDR generated: 1.1.4.184/30
2019-10-07 18:47:14.339 2280 RALLYDEBUG rally_openstack.wrappers.network [-] CIDR generated: 1.1.4.188/30
2019-10-07 18:47:15.594 2276 RALLYDEBUG rally_openstack.wrappers.network [-] CIDR generated: 1.1.4.192/30
2019-10-07 18:47:15.856 2277 RALLYDEBUG rally_openstack.wrappers.network [-] CIDR generated: 1.1.4.196/30
2019-10-07 18:47:15.907 2293 RALLYDEBUG rally_openstack.wrappers.network [-] CIDR generated: 1.1.4.200/30
2019-10-07 18:47:15.931 2273 RALLYDEBUG rally_openstack.wrappers.network [-] CIDR generated: 1.1.4.204/30
2019-10-07 18:47:15.951 2302 RALLYDEBUG rally_openstack.wrappers.network [-] CIDR generated: 1.1.4.208/30
2019-10-07 18:47:16.081 2299 RALLYDEBUG rally_openstack.wrappers.network [-] CIDR generated: 1.1.4.212/30
2019-10-07 18:47:16.121 2315 RALLYDEBUG rally_openstack.wrappers.network [-] CIDR generated: 1.1.4.216/30
2019-10-07 18:47:16.213 2318 RALLYDEBUG rally_openstack.wrappers.network [-] CIDR generated: 1.1.4.220/30
2019-10-07 18:47:17.379 2283 RALLYDEBUG rally_openstack.wrappers.network [-] CIDR generated: 1.1.4.224/30
2019-10-07 18:47:17.462 2287 RALLYDEBUG rally_openstack.wrappers.network [-] CIDR generated: 1.1.4.228/30
2019-10-07 18:47:17.568 2307 RALLYDEBUG rally_openstack.wrappers.network [-] CIDR generated: 1.1.4.232/30
2019-10-07 18:47:18.093 2321 RALLYDEBUG rally_openstack.wrappers.network [-] CIDR generated: 1.1.4.236/30
2019-10-07 18:47:18.167 2310 RALLYDEBUG rally_openstack.wrappers.network [-] CIDR generated: 1.1.4.240/30
2019-10-07 18:47:18.268 2304 RALLYDEBUG rally_openstack.wrappers.network [-] CIDR generated: 1.1.4.244/30
2019-10-07 18:47:18.306 2296 RALLYDEBUG rally_openstack.wrappers.network [-] CIDR generated: 1.1.4.248/30
2019-10-07 18:47:20.551 2280 RALLYDEBUG rally_openstack.wrappers.network [-] CIDR generated: 1.1.4.252/30
2019-10-07 18:47:36.667 2272 INFO rally.task.runner [-] Task de8ff544-1de8-4e0d-a70f-884ace9bdeca | ITER: 3 END: OK
2019-10-07 18:47:36.677 2272 INFO rally.task.runner [-] Task de8ff544-1de8-4e0d-a70f-884ace9bdeca | ITER: 21 START
2019-10-07 18:47:36.678 2272 WARNING rally_openstack.scenarios.neutron.utils [-] Running this scenario without either the 'network' or 'existing_network' context is deprecated
2019-10-07 18:47:36.704 2290 INFO rally.task.runner [-] Task de8ff544-1de8-4e0d-a70f-884ace9bdeca | ITER: 10 END: OK
2019-10-07 18:47:36.714 2290 INFO rally.task.runner [-] Task de8ff544-1de8-4e0d-a70f-884ace9bdeca | ITER: 22 START
2019-10-07 18:47:36.715 2290 WARNING rally_openstack.scenarios.neutron.utils [-] Running this scenario without either the 'network' or 'existing_network' context is deprecated
2019-10-07 18:47:36.722 2271 INFO rally.task.runner [-] Task de8ff544-1de8-4e0d-a70f-884ace9bdeca | ITER: 2 END: OK
2019-10-07 18:47:36.733 2271 INFO rally.task.runner [-] Task de8ff544-1de8-4e0d-a70f-884ace9bdeca | ITER: 23 START
2019-10-07 18:47:36.734 2271 WARNING rally_openstack.scenarios.neutron.utils [-] Running this scenario without either the 'network' or 'existing_network' context is deprecated
2019-10-07 18:47:37.362 2276 INFO rally.task.runner [-] Task de8ff544-1de8-4e0d-a70f-884ace9bdeca | ITER: 5 END: OK
2019-10-07 18:47:37.372 2276 INFO rally.task.runner [-] Task de8ff544-1de8-4e0d-a70f-884ace9bdeca | ITER: 24 START
2019-10-07 18:47:37.374 2276 WARNING rally_openstack.scenarios.neutron.utils [-] Running this scenario without either the 'network' or 'existing_network' context is deprecated
2019-10-07 18:47:39.880 2290 RALLYDEBUG rally_openstack.wrappers.network [-] CIDR generated: 1.1.5.0/30
2019-10-07 18:47:39.992 2276 RALLYDEBUG rally_openstack.wrappers.network [-] CIDR generated: 1.1.5.4/30
2019-10-07 18:47:40.004 2272 RALLYDEBUG rally_openstack.wrappers.network [-] CIDR generated: 1.1.5.8/30
2019-10-07 18:47:40.328 2271 RALLYDEBUG rally_openstack.wrappers.network [-] CIDR generated: 1.1.5.12/30
2019-10-07 18:47:41.463 2299 INFO rally.task.runner [-] Task de8ff544-1de8-4e0d-a70f-884ace9bdeca | ITER: 13 END: OK
2019-10-07 18:47:41.470 2299 INFO rally.task.runner [-] Task de8ff544-1de8-4e0d-a70f-884ace9bdeca | ITER: 25 START
2019-10-07 18:47:41.471 2299 WARNING rally_openstack.scenarios.neutron.utils [-] Running this scenario without either the 'network' or 'existing_network' context is deprecated
2019-10-07 18:47:41.482 2283 INFO rally.task.runner [-] Task de8ff544-1de8-4e0d-a70f-884ace9bdeca | ITER: 8 END: OK
2019-10-07 18:47:41.488 2283 INFO rally.task.runner [-] Task de8ff544-1de8-4e0d-a70f-884ace9bdeca | ITER: 26 START
2019-10-07 18:47:41.489 2283 WARNING rally_openstack.scenarios.neutron.utils [-] Running this scenario without either the 'network' or 'existing_network' context is deprecated
2019-10-07 18:47:41.595 2287 INFO rally.task.runner [-] Task de8ff544-1de8-4e0d-a70f-884ace9bdeca | ITER: 9 END: OK
2019-10-07 18:47:41.602 2287 INFO rally.task.runner [-] Task de8ff544-1de8-4e0d-a70f-884ace9bdeca | ITER: 27 START
2019-10-07 18:47:41.603 2287 WARNING rally_openstack.scenarios.neutron.utils [-] Running this scenario without either the 'network' or 'existing_network' context is deprecated
2019-10-07 18:47:41.662 2321 INFO rally.task.runner [-] Task de8ff544-1de8-4e0d-a70f-884ace9bdeca | ITER: 20 END: OK
2019-10-07 18:47:41.669 2321 INFO rally.task.runner [-] Task de8ff544-1de8-4e0d-a70f-884ace9bdeca | ITER: 28 START
2019-10-07 18:47:41.670 2321 WARNING rally_openstack.scenarios.neutron.utils [-] Running this scenario without either the 'network' or 'existing_network' context is deprecated
2019-10-07 18:47:42.418 2296 INFO rally.task.runner [-] Task de8ff544-1de8-4e0d-a70f-884ace9bdeca | ITER: 12 END: OK
2019-10-07 18:47:42.428 2296 INFO rally.task.runner [-] Task de8ff544-1de8-4e0d-a70f-884ace9bdeca | ITER: 29 START
2019-10-07 18:47:42.429 2296 WARNING rally_openstack.scenarios.neutron.utils [-] Running this scenario without either the 'network' or 'existing_network' context is deprecated
2019-10-07 18:47:42.514 2270 INFO rally.task.runner [-] Task de8ff544-1de8-4e0d-a70f-884ace9bdeca | ITER: 1 END: OK
2019-10-07 18:47:42.523 2270 INFO rally.task.runner [-] Task de8ff544-1de8-4e0d-a70f-884ace9bdeca | ITER: 30 START
2019-10-07 18:47:42.524 2270 WARNING rally_openstack.scenarios.neutron.utils [-] Running this scenario without either the 'network' or 'existing_network' context is deprecated
2019-10-07 18:47:43.373 2280 INFO rally.task.runner [-] Task de8ff544-1de8-4e0d-a70f-884ace9bdeca | ITER: 7 END: OK
2019-10-07 18:47:43.379 2280 INFO rally.task.runner [-] Task de8ff544-1de8-4e0d-a70f-884ace9bdeca | ITER: 31 START
2019-10-07 18:47:43.381 2280 WARNING rally_openstack.scenarios.neutron.utils [-] Running this scenario without either the 'network' or 'existing_network' context is deprecated
2019-10-07 18:47:43.600 2283 RALLYDEBUG rally_openstack.wrappers.network [-] CIDR generated: 1.1.5.16/30
2019-10-07 18:47:43.644 2321 RALLYDEBUG rally_openstack.wrappers.network [-] CIDR generated: 1.1.5.20/30
2019-10-07 18:47:43.983 2296 RALLYDEBUG rally_openstack.wrappers.network [-] CIDR generated: 1.1.5.24/30
2019-10-07 18:47:44.025 2276 RALLYDEBUG rally_openstack.wrappers.network [-] CIDR generated: 1.1.5.28/30
2019-10-07 18:47:44.538 2307 INFO rally.task.runner [-] Task de8ff544-1de8-4e0d-a70f-884ace9bdeca | ITER: 17 END: OK
2019-10-07 18:47:44.546 2307 INFO rally.task.runner [-] Task de8ff544-1de8-4e0d-a70f-884ace9bdeca | ITER: 32 START
2019-10-07 18:47:44.547 2307 WARNING rally_openstack.scenarios.neutron.utils [-] Running this scenario without either the 'network' or 'existing_network' context is deprecated
2019-10-07 18:47:44.632 2304 INFO rally.task.runner [-] Task de8ff544-1de8-4e0d-a70f-884ace9bdeca | ITER: 15 END: OK
2019-10-07 18:47:44.641 2304 INFO rally.task.runner [-] Task de8ff544-1de8-4e0d-a70f-884ace9bdeca | ITER: 33 START
2019-10-07 18:47:44.643 2304 WARNING rally_openstack.scenarios.neutron.utils [-] Running this scenario without either the 'network' or 'existing_network' context is deprecated
2019-10-07 18:47:45.088 2304 RALLYDEBUG rally_openstack.wrappers.network [-] CIDR generated: 1.1.5.32/30
2019-10-07 18:47:45.466 2277 INFO rally.task.runner [-] Task de8ff544-1de8-4e0d-a70f-884ace9bdeca | ITER: 6 END: OK
2019-10-07 18:47:45.475 2277 INFO rally.task.runner [-] Task de8ff544-1de8-4e0d-a70f-884ace9bdeca | ITER: 34 START
2019-10-07 18:47:45.476 2277 WARNING rally_openstack.scenarios.neutron.utils [-] Running this scenario without either the 'network' or 'existing_network' context is deprecated
2019-10-07 18:47:45.494 2318 INFO rally.task.runner [-] Task de8ff544-1de8-4e0d-a70f-884ace9bdeca | ITER: 19 END: OK
2019-10-07 18:47:45.504 2318 INFO rally.task.runner [-] Task de8ff544-1de8-4e0d-a70f-884ace9bdeca | ITER: 35 START
2019-10-07 18:47:45.506 2318 WARNING rally_openstack.scenarios.neutron.utils [-] Running this scenario without either the 'network' or 'existing_network' context is deprecated
2019-10-07 18:47:45.812 2302 INFO rally.task.runner [-] Task de8ff544-1de8-4e0d-a70f-884ace9bdeca | ITER: 14 END: OK
2019-10-07 18:47:45.818 2302 INFO rally.task.runner [-] Task de8ff544-1de8-4e0d-a70f-884ace9bdeca | ITER: 36 START
2019-10-07 18:47:45.819 2302 WARNING rally_openstack.scenarios.neutron.utils [-] Running this scenario without either the 'network' or 'existing_network' context is deprecated
2019-10-07 18:47:45.843 2293 INFO rally.task.runner [-] Task de8ff544-1de8-4e0d-a70f-884ace9bdeca | ITER: 11 END: OK
2019-10-07 18:47:45.847 2315 INFO rally.task.runner [-] Task de8ff544-1de8-4e0d-a70f-884ace9bdeca | ITER: 18 END: OK
2019-10-07 18:47:45.850 2293 INFO rally.task.runner [-] Task de8ff544-1de8-4e0d-a70f-884ace9bdeca | ITER: 37 START
2019-10-07 18:47:45.851 2293 WARNING rally_openstack.scenarios.neutron.utils [-] Running this scenario without either the 'network' or 'existing_network' context is deprecated
2019-10-07 18:47:45.856 2315 INFO rally.task.runner [-] Task de8ff544-1de8-4e0d-a70f-884ace9bdeca | ITER: 38 START
2019-10-07 18:47:45.857 2315 WARNING rally_openstack.scenarios.neutron.utils [-] Running this scenario without either the 'network' or 'existing_network' context is deprecated
2019-10-07 18:47:45.870 2273 INFO rally.task.runner [-] Task de8ff544-1de8-4e0d-a70f-884ace9bdeca | ITER: 4 END: OK
2019-10-07 18:47:45.877 2273 INFO rally.task.runner [-] Task de8ff544-1de8-4e0d-a70f-884ace9bdeca | ITER: 39 START
2019-10-07 18:47:45.878 2273 WARNING rally_openstack.scenarios.neutron.utils [-] Running this scenario without either the 'network' or 'existing_network' context is deprecated
2019-10-07 18:47:46.165 2277 RALLYDEBUG rally_openstack.wrappers.network [-] CIDR generated: 1.1.5.36/30
2019-10-07 18:47:46.365 2299 RALLYDEBUG rally_openstack.wrappers.network [-] CIDR generated: 1.1.5.40/30
2019-10-07 18:47:46.504 2287 RALLYDEBUG rally_openstack.wrappers.network [-] CIDR generated: 1.1.5.44/30
2019-10-07 18:47:46.728 2318 RALLYDEBUG rally_openstack.wrappers.network [-] CIDR generated: 1.1.5.48/30
2019-10-07 18:47:47.168 2270 RALLYDEBUG rally_openstack.wrappers.network [-] CIDR generated: 1.1.5.52/30
2019-10-07 18:47:47.265 2310 INFO rally.task.runner [-] Task de8ff544-1de8-4e0d-a70f-884ace9bdeca | ITER: 16 END: OK
2019-10-07 18:47:47.271 2310 INFO rally.task.runner [-] Task de8ff544-1de8-4e0d-a70f-884ace9bdeca | ITER: 40 START
2019-10-07 18:47:47.273 2310 WARNING rally_openstack.scenarios.neutron.utils [-] Running this scenario without either the 'network' or 'existing_network' context is deprecated
2019-10-07 18:47:47.780 2290 RALLYDEBUG rally_openstack.wrappers.network [-] CIDR generated: 1.1.5.56/30
2019-10-07 18:47:47.791 2293 RALLYDEBUG rally_openstack.wrappers.network [-] CIDR generated: 1.1.5.60/30
2019-10-07 18:47:47.803 2272 RALLYDEBUG rally_openstack.wrappers.network [-] CIDR generated: 1.1.5.64/30
2019-10-07 18:47:47.884 2280 RALLYDEBUG rally_openstack.wrappers.network [-] CIDR generated: 1.1.5.68/30
2019-10-07 18:47:47.884 2302 RALLYDEBUG rally_openstack.wrappers.network [-] CIDR generated: 1.1.5.72/30
2019-10-07 18:47:47.897 2271 RALLYDEBUG rally_openstack.wrappers.network [-] CIDR generated: 1.1.5.76/30
2019-10-07 18:47:48.508 2273 RALLYDEBUG rally_openstack.wrappers.network [-] CIDR generated: 1.1.5.80/30
2019-10-07 18:47:48.810 2307 RALLYDEBUG rally_openstack.wrappers.network [-] CIDR generated: 1.1.5.84/30
2019-10-07 18:47:49.347 2315 RALLYDEBUG rally_openstack.wrappers.network [-] CIDR generated: 1.1.5.88/30
2019-10-07 18:47:50.467 2321 RALLYDEBUG rally_openstack.wrappers.network [-] CIDR generated: 1.1.5.92/30
2019-10-07 18:47:50.492 2283 RALLYDEBUG rally_openstack.wrappers.network [-] CIDR generated: 1.1.5.96/30
2019-10-07 18:47:50.495 2296 RALLYDEBUG rally_openstack.wrappers.network [-] CIDR generated: 1.1.5.100/30
2019-10-07 18:47:50.859 2304 RALLYDEBUG rally_openstack.wrappers.network [-] CIDR generated: 1.1.5.104/30
2019-10-07 18:47:50.994 2310 RALLYDEBUG rally_openstack.wrappers.network [-] CIDR generated: 1.1.5.108/30
2019-10-07 18:47:51.216 2277 RALLYDEBUG rally_openstack.wrappers.network [-] CIDR generated: 1.1.5.112/30
2019-10-07 18:47:51.381 2318 RALLYDEBUG rally_openstack.wrappers.network [-] CIDR generated: 1.1.5.116/30
2019-10-07 18:47:51.942 2302 RALLYDEBUG rally_openstack.wrappers.network [-] CIDR generated: 1.1.5.120/30
2019-10-07 18:47:51.958 2293 RALLYDEBUG rally_openstack.wrappers.network [-] CIDR generated: 1.1.5.124/30
2019-10-07 18:47:52.109 2273 RALLYDEBUG rally_openstack.wrappers.network [-] CIDR generated: 1.1.5.128/30
2019-10-07 18:47:52.638 2287 RALLYDEBUG rally_openstack.wrappers.network [-] CIDR generated: 1.1.5.132/30
2019-10-07 18:47:52.987 2310 RALLYDEBUG rally_openstack.wrappers.network [-] CIDR generated: 1.1.5.136/30
2019-10-07 18:47:53.093 2299 RALLYDEBUG rally_openstack.wrappers.network [-] CIDR generated: 1.1.5.140/30
2019-10-07 18:47:54.711 2270 RALLYDEBUG rally_openstack.wrappers.network [-] CIDR generated: 1.1.5.144/30
2019-10-07 18:47:55.255 2280 RALLYDEBUG rally_openstack.wrappers.network [-] CIDR generated: 1.1.5.148/30
2019-10-07 18:47:56.250 2307 RALLYDEBUG rally_openstack.wrappers.network [-] CIDR generated: 1.1.5.152/30
2019-10-07 18:47:57.003 2315 RALLYDEBUG rally_openstack.wrappers.network [-] CIDR generated: 1.1.5.156/30
2019-10-07 18:48:03.316 2271 INFO rally.task.runner [-] Task de8ff544-1de8-4e0d-a70f-884ace9bdeca | ITER: 23 END: OK
2019-10-07 18:48:03.319 2272 INFO rally.task.runner [-] Task de8ff544-1de8-4e0d-a70f-884ace9bdeca | ITER: 21 END: OK
2019-10-07 18:48:03.398 2290 INFO rally.task.runner [-] Task de8ff544-1de8-4e0d-a70f-884ace9bdeca | ITER: 22 END: OK
2019-10-07 18:48:04.801 2304 INFO rally.task.runner [-] Task de8ff544-1de8-4e0d-a70f-884ace9bdeca | ITER: 33 END: OK
2019-10-07 18:48:05.644 2276 INFO rally.task.runner [-] Task de8ff544-1de8-4e0d-a70f-884ace9bdeca | ITER: 24 END: OK
2019-10-07 18:48:06.412 2283 INFO rally.task.runner [-] Task de8ff544-1de8-4e0d-a70f-884ace9bdeca | ITER: 26 END: OK
2019-10-07 18:48:06.675 2296 INFO rally.task.runner [-] Task de8ff544-1de8-4e0d-a70f-884ace9bdeca | ITER: 29 END: OK
2019-10-07 18:48:06.854 2293 INFO rally.task.runner [-] Task de8ff544-1de8-4e0d-a70f-884ace9bdeca | ITER: 37 END: OK
2019-10-07 18:48:07.015 2299 INFO rally.task.runner [-] Task de8ff544-1de8-4e0d-a70f-884ace9bdeca | ITER: 25 END: OK
2019-10-07 18:48:07.060 2287 INFO rally.task.runner [-] Task de8ff544-1de8-4e0d-a70f-884ace9bdeca | ITER: 27 END: OK
2019-10-07 18:48:07.082 2277 INFO rally.task.runner [-] Task de8ff544-1de8-4e0d-a70f-884ace9bdeca | ITER: 34 END: OK
2019-10-07 18:48:07.101 2318 INFO rally.task.runner [-] Task de8ff544-1de8-4e0d-a70f-884ace9bdeca | ITER: 35 END: OK
2019-10-07 18:48:07.940 2273 INFO rally.task.runner [-] Task de8ff544-1de8-4e0d-a70f-884ace9bdeca | ITER: 39 END: OK
2019-10-07 18:48:08.044 2302 INFO rally.task.runner [-] Task de8ff544-1de8-4e0d-a70f-884ace9bdeca | ITER: 36 END: OK
2019-10-07 18:48:08.089 2310 INFO rally.task.runner [-] Task de8ff544-1de8-4e0d-a70f-884ace9bdeca | ITER: 40 END: OK
2019-10-07 18:48:08.213 2321 INFO rally.task.runner [-] Task de8ff544-1de8-4e0d-a70f-884ace9bdeca | ITER: 28 END: OK
2019-10-07 18:48:08.236 2270 INFO rally.task.runner [-] Task de8ff544-1de8-4e0d-a70f-884ace9bdeca | ITER: 30 END: OK
2019-10-07 18:48:08.240 2280 INFO rally.task.runner [-] Task de8ff544-1de8-4e0d-a70f-884ace9bdeca | ITER: 31 END: OK
2019-10-07 18:48:08.516 2307 INFO rally.task.runner [-] Task de8ff544-1de8-4e0d-a70f-884ace9bdeca | ITER: 32 END: OK
2019-10-07 18:48:08.518 2315 INFO rally.task.runner [-] Task de8ff544-1de8-4e0d-a70f-884ace9bdeca | ITER: 38 END: OK
2019-10-07 18:48:08.544 15 INFO rally.task.context [-] Task de8ff544-1de8-4e0d-a70f-884ace9bdeca | Context cleanup@openstack cleanup() started
2019-10-07 18:48:08.548 15 RALLYDEBUG rally_openstack.cleanup.manager [-] Cleaning up neutron vip objects
2019-10-07 18:48:08.763 15 RALLYDEBUG rally_openstack.cleanup.manager [-] Cleaning up neutron health_monitor objects
2019-10-07 18:48:08.967 15 RALLYDEBUG rally_openstack.cleanup.manager [-] Cleaning up neutron pool objects
2019-10-07 18:48:09.193 15 RALLYDEBUG rally_openstack.cleanup.manager [-] Cleaning up neutron loadbalancer objects
2019-10-07 18:48:09.407 15 RALLYDEBUG rally_openstack.cleanup.manager [-] Cleaning up neutron floatingip objects
2019-10-07 18:48:09.626 15 RALLYDEBUG rally_openstack.cleanup.manager [-] Cleaning up neutron trunk objects
2019-10-07 18:48:09.820 15 DEBUG neutronclient.v2_0.client [-] Error message: {"message": "The resource could not be found.

\n\n\n", "code": "404 Not Found", "title": "Not Found"} _handle_fault_response /usr/lib/python2.7/site-packages/neutronclient/v2_0/client.py:259
2019-10-07 18:48:09.829 15 RALLYDEBUG rally_openstack.cleanup.manager [-] Cleaning up neutron port objects
2019-10-07 18:48:10.365 15 RALLYDEBUG rally_openstack.cleanup.manager [-] Cleaning up neutron subnet objects
2019-10-07 18:48:10.635 15 RALLYDEBUG rally_openstack.cleanup.manager [-] Cleaning up neutron network objects
2019-10-07 18:48:11.362 15 RALLYDEBUG rally_openstack.cleanup.manager [-] Deleting neutron.network object s_rally_0e32e927_beSbsSz6 (00146336-fe54-4016-ba05-bafe315ce97d)
2019-10-07 18:48:11.368 15 RALLYDEBUG rally_openstack.cleanup.manager [-] Deleting neutron.network object s_rally_0e32e927_lCypzLoi (0319d614-901d-4e68-ba7c-692d6d39cc0b)
2019-10-07 18:48:11.380 15 RALLYDEBUG rally_openstack.cleanup.manager [-] Deleting neutron.network object s_rally_0e32e927_BYryNhP4 (05419e41-4ec6-42e4-b1e3-2b0d0b254657)
2019-10-07 18:48:11.387 15 RALLYDEBUG rally_openstack.cleanup.manager [-] Deleting neutron.network object s_rally_0e32e927_kua3SOlP (15b8a402-657c-424f-a6f2-7ffc51698a53)
2019-10-07 18:48:11.397 15 RALLYDEBUG rally_openstack.cleanup.manager [-] Deleting neutron.network object s_rally_0e32e927_QAoOFkg8 (181f6c3f-dd76-479f-af82-01a2cd72e4e1)
2019-10-07 18:48:11.414 15 RALLYDEBUG rally_openstack.cleanup.manager [-] Deleting neutron.network object s_rally_0e32e927_lyEkJnih (224a13e4-7615-49bd-8c67-14bc6a4710e8)
2019-10-07 18:48:11.416 15 RALLYDEBUG rally_openstack.cleanup.manager [-] Deleting neutron.network object s_rally_0e32e927_0az2LR2R (1d581a93-e668-48b9-9bdc-e4f2fe44cb1c)
2019-10-07 18:48:11.476 15 RALLYDEBUG rally_openstack.cleanup.manager [-] Deleting neutron.network object s_rally_0e32e927_RKWIU18B (269ae4ab-b228-4e1d-9aab-854041a6ed46)
2019-10-07 18:48:11.504 15 RALLYDEBUG rally_openstack.cleanup.manager [-] Deleting neutron.network object s_rally_0e32e927_SuxPlfCh (33563cd2-e626-4ad6-9985-46be6f2797ed)
2019-10-07 18:48:11.507 15 RALLYDEBUG rally_openstack.cleanup.manager [-] Deleting neutron.network object s_rally_0e32e927_ADP4iZkN (38ab31df-7df2-4ce8-8c23-001dd5293867)
2019-10-07 18:48:11.523 15 RALLYDEBUG rally_openstack.cleanup.manager [-] Deleting neutron.network object s_rally_0e32e927_TnlXdQ4i (2a658adb-11f5-4bc9-beb9-b9c7f82e1ee5)
2019-10-07 18:48:11.517 15 RALLYDEBUG rally_openstack.cleanup.manager [-] Deleting neutron.network object s_rally_0e32e927_yMNQYsNl (59267d58-5d8c-4f33-8727-6304a983f312)
2019-10-07 18:48:11.536 15 RALLYDEBUG rally_openstack.cleanup.manager [-] Deleting neutron.network object s_rally_0e32e927_hgfhF69t (3dfdc172-3de5-413e-9a57-106978abc6a2)
2019-10-07 18:48:11.534 15 RALLYDEBUG rally_openstack.cleanup.manager [-] Deleting neutron.network object s_rally_0e32e927_EHphFUmc (3d088ca6-a69d-4c41-b426-c61b7c3a80fd)
2019-10-07 18:48:11.533 15 RALLYDEBUG rally_openstack.cleanup.manager [-] Deleting neutron.network object s_rally_0e32e927_QS8LDscx (3559196f-5615-45b5-bad6-5a8f76db1efb)
2019-10-07 18:48:11.551 15 RALLYDEBUG rally_openstack.cleanup.manager [-] Deleting neutron.network object s_rally_0e32e927_ty3GgX8e (5f95460c-5954-4ff6-afc4-68dfd937943b)
2019-10-07 18:48:11.555 15 RALLYDEBUG rally_openstack.cleanup.manager [-] Deleting neutron.network object s_rally_0e32e927_eC1I8YxP (48a52902-5e4f-4cf9-a5d6-6bee12f493f5)
2019-10-07 18:48:11.574 15 RALLYDEBUG rally_openstack.cleanup.manager [-] Deleting neutron.network object s_rally_0e32e927_V9gDn0Mu (4b3e3153-5997-4a2f-9ec3-90e62fa7c1f5)
2019-10-07 18:48:11.612 15 RALLYDEBUG rally_openstack.cleanup.manager [-] Deleting neutron.network object s_rally_0e32e927_6YWKrdqf (66741e74-86cf-434c-9230-5c14e047ba86)
2019-10-07 18:48:11.612 15 RALLYDEBUG rally_openstack.cleanup.manager [-] Deleting neutron.network object s_rally_0e32e927_AY9I6BF5 (6865fca6-1787-4343-9c07-ec9b8c13cef5)
2019-10-07 18:48:15.163 15 RALLYDEBUG rally_openstack.cleanup.manager [-] Deleting neutron.network object s_rally_0e32e927_93ttc7H7 (6e1655f4-ec2c-42b5-b1fd-233f3e980a41)
2019-10-07 18:48:17.152 15 RALLYDEBUG rally_openstack.cleanup.manager [-] Deleting neutron.network object s_rally_0e32e927_YqP2PQxK (7791b8fc-588f-4d1c-98c1-613f065ae5ab)
2019-10-07 18:48:17.639 15 RALLYDEBUG rally_openstack.cleanup.manager [-] Deleting neutron.network object s_rally_0e32e927_LtQ5qRVm (7a303902-57f7-4dfb-be9a-920950f9fa3c)
2019-10-07 18:48:17.692 15 RALLYDEBUG rally_openstack.cleanup.manager [-] Deleting neutron.network object s_rally_0e32e927_pyOOkl44 (88e69dd4-ef61-46cc-907d-295b377b776f)
2019-10-07 18:48:18.727 15 RALLYDEBUG rally_openstack.cleanup.manager [-] Deleting neutron.network object s_rally_0e32e927_5QT0qjXC (8b7fd198-781c-44fa-897f-3f79bb400d4b)
2019-10-07 18:48:18.752 15 RALLYDEBUG rally_openstack.cleanup.manager [-] Deleting neutron.network object s_rally_0e32e927_I7Sjs43P (9708ec86-5bc3-43f1-94a7-3ba8e44ac172)
2019-10-07 18:48:18.761 15 RALLYDEBUG rally_openstack.cleanup.manager [-] Deleting neutron.network object s_rally_0e32e927_LuFsIsJQ (9ce5721b-d9f7-4edf-9b35-4da200bcbea2)
2019-10-07 18:48:18.931 15 RALLYDEBUG rally_openstack.cleanup.manager [-] Deleting neutron.network object s_rally_0e32e927_27OQwUiV (9d00042b-01ed-4b18-9503-59f65da024cd)
2019-10-07 18:48:18.935 15 RALLYDEBUG rally_openstack.cleanup.manager [-] Deleting neutron.network object s_rally_0e32e927_em55ZfJG (a62989ae-c471-44c0-97d9-9b08ffee9d08)
2019-10-07 18:48:18.947 15 RALLYDEBUG rally_openstack.cleanup.manager [-] Deleting neutron.network object s_rally_0e32e927_dBA0VbdH (ae1ebfb1-839d-4dc7-b22b-d28265cbb2fa)
2019-10-07 18:48:19.151 15 RALLYDEBUG rally_openstack.cleanup.manager [-] Deleting neutron.network object s_rally_0e32e927_KUcYuv82 (aee2d9a0-af4e-41fc-8069-1a4baafeadcc)
2019-10-07 18:48:19.257 15 RALLYDEBUG rally_openstack.cleanup.manager [-] Deleting neutron.network object s_rally_0e32e927_GgSJhJJx (ba263786-36b8-44d9-a84c-7dd9e15144f7)
2019-10-07 18:48:21.267 15 RALLYDEBUG rally_openstack.cleanup.manager [-] Deleting neutron.network object s_rally_0e32e927_fSwWI9SS (c0b857a3-f940-4955-8ba2-3be706545c4d)
2019-10-07 18:48:21.337 15 RALLYDEBUG rally_openstack.cleanup.manager [-] Deleting neutron.network object s_rally_0e32e927_VjC7jWsz (c730f5ee-0aaa-4660-82c4-8cb29d1e3fb4)
2019-10-07 18:48:22.707 15 RALLYDEBUG rally_openstack.cleanup.manager [-] Deleting neutron.network object s_rally_0e32e927_YKWKeVgw (cc33e3de-d598-4b4a-87ff-4dcc259d863b)
2019-10-07 18:48:23.003 15 RALLYDEBUG rally_openstack.cleanup.manager [-] Deleting neutron.network object s_rally_0e32e927_Cyhf452x (cddc2efe-f498-456d-8b84-fd167de297ae)
2019-10-07 18:48:23.536 15 RALLYDEBUG rally_openstack.cleanup.manager [-] Deleting neutron.network object s_rally_0e32e927_1y977yTT (d42baab8-1493-4825-b045-0f12cca30115)
2019-10-07 18:48:23.559 15 RALLYDEBUG rally_openstack.cleanup.manager [-] Deleting neutron.network object s_rally_0e32e927_qNJf3IKU (e814c1dc-ffef-4170-9f74-2aa7aad0d239)
2019-10-07 18:48:24.577 15 RALLYDEBUG rally_openstack.cleanup.manager [-] Deleting neutron.network object s_rally_0e32e927_D6QKL6Kp (facc45aa-eb2b-4f12-b0f4-246970a917fa)
2019-10-07 18:48:24.673 15 RALLYDEBUG rally_openstack.cleanup.manager [-] Deleting neutron.network object s_rally_0e32e927_EcXbnRCW (fc443e92-540e-4b89-8138-ae524c4e7c2b)
2019-10-07 18:48:33.445 15 RALLYDEBUG rally_openstack.cleanup.manager [-] Cleaning up neutron router objects
2019-10-07 18:48:33.720 15 RALLYDEBUG rally_openstack.cleanup.manager [-] Cleaning up neutron security_group objects
2019-10-07 18:48:34.050 15 INFO rally.task.context [-] Task de8ff544-1de8-4e0d-a70f-884ace9bdeca | Context cleanup@openstack cleanup() finished in 25.51 sec
2019-10-07 18:48:34.050 15 INFO rally.task.context [-] Task de8ff544-1de8-4e0d-a70f-884ace9bdeca | Context quotas@openstack cleanup() started
2019-10-07 18:48:34.098 15 INFO rally.task.context [-] Task de8ff544-1de8-4e0d-a70f-884ace9bdeca | Context quotas@openstack cleanup() finished in 47.38 msec
2019-10-07 18:48:34.098 15 INFO rally.task.context [-] Task de8ff544-1de8-4e0d-a70f-884ace9bdeca | Context users@openstack cleanup() started
2019-10-07 18:48:35.777 15 INFO rally.task.context [-] Task de8ff544-1de8-4e0d-a70f-884ace9bdeca | Context users@openstack cleanup() finished in 1.68 sec
2019-10-07 18:48:37.653 15 INFO rally.task.engine [-] Load duration is: 62.220676
2019-10-07 18:48:37.654 15 INFO rally.task.engine [-] Full runner duration is: 62.27039
2019-10-07 18:48:37.654 15 INFO rally.task.engine [-] Full duration is: 90.574378
2019-10-07 18:48:37.758 15 INFO rally.task.engine [-] Running workload: position = 0 config = { "version": 2, "title": "A cropped version of a bigger task.", "description": "Auto-generated task from a single workload (uuid=b0942a64-f203-430a-bbe3-133636aab545)", "subtasks": [ { "title": "NeutronNetworks.create_and_list_routers", "description": "Create and a given number of routers and list all routers.", "scenario": { "NeutronNetworks.create_and_list_routers": { "network_create_args": null, "subnet_create_args": null, "subnet_cidr_start": "1.1.0.0/30", "subnets_per_network": 2, "router_create_args": null } }, "contexts": { "users": { "tenants": 1, "users_per_tenant": 1 }, "quotas": { "neutron": { "network": -1, "subnet": -1, "router": -1 } } }, "runner": { "constant": { "times": 40, "concurrency": 20 } }, "hooks": [], "sla": { "failure_rate": { "max": 0 } } } ] }
2019-10-07 18:48:37.771 15 RALLYDEBUG rally_openstack.contexts.keystone.users [-] Creating 1 tenants using 20 threads
2019-10-07 18:48:38.107 15 RALLYDEBUG rally_openstack.contexts.keystone.users [-] Creating 1 users using 20 threads
2019-10-07 18:48:38.532 15 INFO rally.task.context [-] Task de8ff544-1de8-4e0d-a70f-884ace9bdeca | Context users@openstack setup() finished in 0.76 sec
2019-10-07 18:48:38.903 15 INFO rally.task.context [-] Task de8ff544-1de8-4e0d-a70f-884ace9bdeca | Context quotas@openstack setup() finished in 0.37 sec
2019-10-07 18:48:38.903 15 INFO rally.task.context [-] Task de8ff544-1de8-4e0d-a70f-884ace9bdeca | Context cleanup@openstack setup() finished in 0.01 msec
2019-10-07 18:48:38.910 15 RALLYDEBUG rally.task.runner [-] Starting the constant runner (task UUID: de8ff544-1de8-4e0d-a70f-884ace9bdeca). timeout: 0 concurrency: 20 concurrency_per_worker: 1 times: 40 concurrency_overhead: 0 processes_to_start: 20 max_cpu_used: 88
2019-10-07 18:48:38.925 2672 RALLYDEBUG rally.task.runner [-] Starting a worker. concurrency: 1 args: {"network_create_args": null, "subnet_create_args": null, "subnet_cidr_start": "1.1.0.0/30", "subnets_per_network": 2, "router_create_args": null} times: 40 method_name: run timeout: 0 duration: None cls:
2019-10-07 18:48:38.927 2673 RALLYDEBUG rally.task.runner [-] Starting a worker. concurrency: 1 args: {"network_create_args": null, "subnet_create_args": null, "subnet_cidr_start": "1.1.0.0/30", "subnets_per_network": 2, "router_create_args": null} times: 40 method_name: run timeout: 0 duration: None cls:
2019-10-07 18:48:38.929 2674 RALLYDEBUG rally.task.runner [-] Starting a worker. concurrency: 1 args: {"network_create_args": null, "subnet_create_args": null, "subnet_cidr_start": "1.1.0.0/30", "subnets_per_network": 2, "router_create_args": null} times: 40 method_name: run timeout: 0 duration: None cls:
2019-10-07 18:48:38.931 2672 INFO rally.task.runner [-] Task de8ff544-1de8-4e0d-a70f-884ace9bdeca | ITER: 1 START
2019-10-07 18:48:38.932 2675 RALLYDEBUG rally.task.runner [-] Starting a worker. concurrency: 1 args: {"network_create_args": null, "subnet_create_args": null, "subnet_cidr_start": "1.1.0.0/30", "subnets_per_network": 2, "router_create_args": null} times: 40 method_name: run timeout: 0 duration: None cls:
2019-10-07 18:48:38.933 2673 INFO rally.task.runner [-] Task de8ff544-1de8-4e0d-a70f-884ace9bdeca | ITER: 2 START
2019-10-07 18:48:38.935 2676 RALLYDEBUG rally.task.runner [-] Starting a worker. concurrency: 1 args: {"network_create_args": null, "subnet_create_args": null, "subnet_cidr_start": "1.1.0.0/30", "subnets_per_network": 2, "router_create_args": null} times: 40 method_name: run timeout: 0 duration: None cls:
2019-10-07 18:48:38.936 2674 INFO rally.task.runner [-] Task de8ff544-1de8-4e0d-a70f-884ace9bdeca | ITER: 3 START
2019-10-07 18:48:38.937 2678 RALLYDEBUG rally.task.runner [-] Starting a worker. concurrency: 1 args: {"network_create_args": null, "subnet_create_args": null, "subnet_cidr_start": "1.1.0.0/30", "subnets_per_network": 2, "router_create_args": null} times: 40 method_name: run timeout: 0 duration: None cls:
2019-10-07 18:48:38.939 2675 INFO rally.task.runner [-] Task de8ff544-1de8-4e0d-a70f-884ace9bdeca | ITER: 4 START
2019-10-07 18:48:38.940 2682 RALLYDEBUG rally.task.runner [-] Starting a worker. concurrency: 1 args: {"network_create_args": null, "subnet_create_args": null, "subnet_cidr_start": "1.1.0.0/30", "subnets_per_network": 2, "router_create_args": null} times: 40 method_name: run timeout: 0 duration: None cls:
2019-10-07 18:48:38.941 2676 INFO rally.task.runner [-] Task de8ff544-1de8-4e0d-a70f-884ace9bdeca | ITER: 5 START
2019-10-07 18:48:38.944 2678 INFO rally.task.runner [-] Task de8ff544-1de8-4e0d-a70f-884ace9bdeca | ITER: 6 START
2019-10-07 18:48:38.943 2685 RALLYDEBUG rally.task.runner [-] Starting a worker. concurrency: 1 args: {"network_create_args": null, "subnet_create_args": null, "subnet_cidr_start": "1.1.0.0/30", "subnets_per_network": 2, "router_create_args": null} times: 40 method_name: run timeout: 0 duration: None cls:
2019-10-07 18:48:38.946 2682 INFO rally.task.runner [-] Task de8ff544-1de8-4e0d-a70f-884ace9bdeca | ITER: 7 START
2019-10-07 18:48:38.945 2688 RALLYDEBUG rally.task.runner [-] Starting a worker. concurrency: 1 args: {"network_create_args": null, "subnet_create_args": null, "subnet_cidr_start": "1.1.0.0/30", "subnets_per_network": 2, "router_create_args": null} times: 40 method_name: run timeout: 0 duration: None cls:
2019-10-07 18:48:38.948 2691 RALLYDEBUG rally.task.runner [-] Starting a worker. concurrency: 1 args: {"network_create_args": null, "subnet_create_args": null, "subnet_cidr_start": "1.1.0.0/30", "subnets_per_network": 2, "router_create_args": null} times: 40 method_name: run timeout: 0 duration: None cls:
2019-10-07 18:48:38.949 2685 INFO rally.task.runner [-] Task de8ff544-1de8-4e0d-a70f-884ace9bdeca | ITER: 8 START
2019-10-07 18:48:38.951 2694 RALLYDEBUG rally.task.runner [-] Starting a worker. concurrency: 1 args: {"network_create_args": null, "subnet_create_args": null, "subnet_cidr_start": "1.1.0.0/30", "subnets_per_network": 2, "router_create_args": null} times: 40 method_name: run timeout: 0 duration: None cls:
2019-10-07 18:48:38.952 2688 INFO rally.task.runner [-] Task de8ff544-1de8-4e0d-a70f-884ace9bdeca | ITER: 9 START
2019-10-07 18:48:38.954 2691 INFO rally.task.runner [-] Task de8ff544-1de8-4e0d-a70f-884ace9bdeca | ITER: 10 START
2019-10-07 18:48:38.954 2697 RALLYDEBUG rally.task.runner [-] Starting a worker. concurrency: 1 args: {"network_create_args": null, "subnet_create_args": null, "subnet_cidr_start": "1.1.0.0/30", "subnets_per_network": 2, "router_create_args": null} times: 40 method_name: run timeout: 0 duration: None cls:
2019-10-07 18:48:38.957 2694 INFO rally.task.runner [-] Task de8ff544-1de8-4e0d-a70f-884ace9bdeca | ITER: 11 START
2019-10-07 18:48:38.956 2700 RALLYDEBUG rally.task.runner [-] Starting a worker. concurrency: 1 args: {"network_create_args": null, "subnet_create_args": null, "subnet_cidr_start": "1.1.0.0/30", "subnets_per_network": 2, "router_create_args": null} times: 40 method_name: run timeout: 0 duration: None cls:
2019-10-07 18:48:38.958 2703 RALLYDEBUG rally.task.runner [-] Starting a worker. concurrency: 1 args: {"network_create_args": null, "subnet_create_args": null, "subnet_cidr_start": "1.1.0.0/30", "subnets_per_network": 2, "router_create_args": null} times: 40 method_name: run timeout: 0 duration: None cls:
2019-10-07 18:48:38.960 2697 INFO rally.task.runner [-] Task de8ff544-1de8-4e0d-a70f-884ace9bdeca | ITER: 12 START
2019-10-07 18:48:38.962 2700 INFO rally.task.runner [-] Task de8ff544-1de8-4e0d-a70f-884ace9bdeca | ITER: 13 START
2019-10-07 18:48:38.962 2706 RALLYDEBUG rally.task.runner [-] Starting a worker. concurrency: 1 args: {"network_create_args": null, "subnet_create_args": null, "subnet_cidr_start": "1.1.0.0/30", "subnets_per_network": 2, "router_create_args": null} times: 40 method_name: run timeout: 0 duration: None cls:
2019-10-07 18:48:38.964 2703 INFO rally.task.runner [-] Task de8ff544-1de8-4e0d-a70f-884ace9bdeca | ITER: 14 START
