2019-10-07 19:21:24.469 15 RALLYDEBUG rally_openstack.cleanup.manager [-] Deleting neutron.port object s_rally_75f8bc7e_cD1sFIuA (7a103972-385a-48a6-bae4-9879b9e56a24)
2019-10-07 19:21:24.542 15 RALLYDEBUG rally_openstack.cleanup.manager [-] Deleting neutron.port object s_rally_75f8bc7e_aaIYuXJI (7a158245-e361-4e7a-9ff4-bda10f53256a)
2019-10-07 19:21:24.573 15 RALLYDEBUG rally_openstack.cleanup.manager [-] Deleting neutron.port object s_rally_75f8bc7e_45TpwMal (7a874a2e-caa2-4bf4-93ad-9cdccb80bb0f)
2019-10-07 19:21:24.666 15 RALLYDEBUG rally_openstack.cleanup.manager [-] Deleting neutron.port object s_rally_75f8bc7e_upUzpUu7 (7bdec3f2-5c74-41da-985f-0908099632e1)
2019-10-07 19:21:24.792 15 RALLYDEBUG rally_openstack.cleanup.manager [-] Deleting neutron.port object s_rally_75f8bc7e_jW8BY76G (7c84e00d-ef00-42ab-a54a-70713c0580d0)
2019-10-07 19:21:25.722 15 RALLYDEBUG rally_openstack.cleanup.manager [-] Deleting neutron.port object s_rally_75f8bc7e_XkSqTUYi (7d90fd6d-8d12-4185-b858-9757632a0e0b)
2019-10-07 19:21:26.689 15 RALLYDEBUG rally_openstack.cleanup.manager [-] Deleting neutron.port object s_rally_75f8bc7e_LfuFnKNH (7de4ffd6-cc3e-4966-9a78-c70509535bed)
2019-10-07 19:21:26.733 15 RALLYDEBUG rally_openstack.cleanup.manager [-] Deleting neutron.port object s_rally_75f8bc7e_sVN9fluu (7ff43d3b-7e26-4b42-a374-6511228eaaeb)
2019-10-07 19:21:26.913 15 RALLYDEBUG rally_openstack.cleanup.manager [-] Deleting neutron.port object s_rally_75f8bc7e_WHFwalfY (84593632-7724-45a0-a73a-1f631809b9da)
2019-10-07 19:21:26.944 15 RALLYDEBUG rally_openstack.cleanup.manager [-] Deleting neutron.port object s_rally_75f8bc7e_aLtWkXHn (85423f80-7751-4e77-a37f-255292285bd7)
2019-10-07 19:21:26.949 15 RALLYDEBUG rally_openstack.cleanup.manager [-] Deleting neutron.port object s_rally_75f8bc7e_UF9hFn0z (85a4c0a9-6e6a-431c-8df2-f0c933aefbe1)
2019-10-07 19:21:27.056 15 RALLYDEBUG rally_openstack.cleanup.manager [-] Deleting neutron.port object s_rally_75f8bc7e_Z4Py03mr (8894fab5-a115-4f2f-af09-1b8ab1bcb922)
2019-10-07 19:21:27.067 15 RALLYDEBUG rally_openstack.cleanup.manager [-] Deleting neutron.port object s_rally_75f8bc7e_lAyevYeq (8a69ec10-caf9-4199-a343-277a3f35b974)
2019-10-07 19:21:27.177 15 RALLYDEBUG rally_openstack.cleanup.manager [-] Deleting neutron.port object s_rally_75f8bc7e_FsZBfcqa (8d2fe297-6d19-4b23-9907-ab037076cf11)
2019-10-07 19:21:27.217 15 RALLYDEBUG rally_openstack.cleanup.manager [-] Deleting neutron.port object s_rally_75f8bc7e_4ERpRKQ4 (8f3c7e00-fd23-499c-9d2d-8e52feb77f6e)
2019-10-07 19:21:27.303 15 RALLYDEBUG rally_openstack.cleanup.manager [-] Deleting neutron.port object s_rally_75f8bc7e_TsrqB8pN (90ac0721-b1f9-4a76-b9fb-1e0d02f1ca96)
2019-10-07 19:21:27.758 15 RALLYDEBUG rally_openstack.cleanup.manager [-] Deleting neutron.port object s_rally_75f8bc7e_FsXsNBzQ (917c7eaa-e365-4700-9ad7-299fae945d6c)
2019-10-07 19:21:28.110 15 RALLYDEBUG rally_openstack.cleanup.manager [-] Deleting neutron.port object s_rally_75f8bc7e_V1cSc1YD (9202933b-0c0e-4292-bef7-0de7c5902ccc)
2019-10-07 19:21:28.166 15 RALLYDEBUG rally_openstack.cleanup.manager [-] Deleting neutron.port object s_rally_75f8bc7e_YE0WFC24 (945977d2-b2f9-4aef-b6b4-bc56f2608571)
2019-10-07 19:21:28.229 15 RALLYDEBUG rally_openstack.cleanup.manager [-] Deleting neutron.port object s_rally_75f8bc7e_shjNZZYe (96efc3ae-7112-4a47-b1c6-a2a7c34217d0)
2019-10-07 19:21:30.085 15 RALLYDEBUG rally_openstack.cleanup.manager [-] Deleting neutron.port object s_rally_75f8bc7e_jUO64fsu (97550669-41f1-4fb4-973a-5b9df32d19ef)
2019-10-07 19:21:30.100 15 RALLYDEBUG rally_openstack.cleanup.manager [-] Deleting neutron.port object s_rally_75f8bc7e_7EwtdykN (985986a8-7b48-4069-a929-51a62fdc8744)
2019-10-07 19:21:30.161 15 RALLYDEBUG rally_openstack.cleanup.manager [-] Deleting neutron.port object s_rally_75f8bc7e_me7kqHjS (98c38ec3-02b2-4e85-89a5-456cd7d10232)
2019-10-07 19:21:30.290 15 RALLYDEBUG rally_openstack.cleanup.manager [-] Deleting neutron.port object s_rally_75f8bc7e_seJbqxp9 (99e5ada4-f56f-4ae1-8821-1841d1210be4)
2019-10-07 19:21:30.330 15 RALLYDEBUG rally_openstack.cleanup.manager [-] Deleting neutron.port object s_rally_75f8bc7e_lspJHxPA (9cc63fa7-1971-4c34-bbb9-be127beacdcb)
2019-10-07 19:21:30.394 15 RALLYDEBUG rally_openstack.cleanup.manager [-] Deleting neutron.port object s_rally_75f8bc7e_67QenMmS (9e06c388-93ab-474e-bb06-176d5a2ab2b0)
2019-10-07 19:21:30.520 15 RALLYDEBUG rally_openstack.cleanup.manager [-] Deleting neutron.port object s_rally_75f8bc7e_cXVbJ5yF (9e9d7f65-fe1a-451b-9109-137a8bcf62cd)
2019-10-07 19:21:30.528 15 RALLYDEBUG rally_openstack.cleanup.manager [-] Deleting neutron.port object s_rally_75f8bc7e_jWUplYCQ (a2a8ba87-bb1f-46d7-be16-75b8be454ca0)
2019-10-07 19:21:31.120 15 RALLYDEBUG rally_openstack.cleanup.manager [-] Deleting neutron.port object s_rally_75f8bc7e_3axMXhLh (a37ef34c-3113-4da7-8efd-085484dee2bd)
2019-10-07 19:21:31.137 15 RALLYDEBUG rally_openstack.cleanup.manager [-] Deleting neutron.port object s_rally_75f8bc7e_4eBy6RZ9 (a386bce1-a872-4aaf-a303-5dc52dee0075)
2019-10-07 19:21:31.142 15 RALLYDEBUG rally_openstack.cleanup.manager [-] Deleting neutron.port object s_rally_75f8bc7e_4ebBDvtQ (a5218b57-374e-4833-99fc-8b44e7a30170)
2019-10-07 19:21:31.996 15 RALLYDEBUG rally_openstack.cleanup.manager [-] Deleting neutron.port object s_rally_75f8bc7e_VFEqu6cd (a59f186c-fb4c-4b0c-b82a-70f6261f238f)
2019-10-07 19:21:33.080 15 RALLYDEBUG rally_openstack.cleanup.manager [-] Deleting neutron.port object s_rally_75f8bc7e_ZjnVbovS (a8a8c940-7e01-4f29-ba69-b2b7abcf5be2)
2019-10-07 19:21:33.358 15 RALLYDEBUG rally_openstack.cleanup.manager [-] Deleting neutron.port object s_rally_75f8bc7e_ygwUBqLf (ab320225-c421-4081-a063-14ef65291eac)
2019-10-07 19:21:33.560 15 RALLYDEBUG rally_openstack.cleanup.manager [-] Deleting neutron.port object s_rally_75f8bc7e_dq1rsIZs (acd67ae2-460e-4b6f-acbf-a084369b5366)
2019-10-07 19:21:33.719 15 RALLYDEBUG rally_openstack.cleanup.manager [-] Deleting neutron.port object s_rally_75f8bc7e_TJJ2g6iG (acea9995-d35a-44bb-853f-1b7ccc26ae2c)
2019-10-07 19:21:34.082 15 RALLYDEBUG rally_openstack.cleanup.manager [-] Deleting neutron.port object s_rally_75f8bc7e_FfhKaAmH (adf8aea4-a5d3-420d-a209-d91dc232e7fe)
2019-10-07 19:21:34.092 15 RALLYDEBUG rally_openstack.cleanup.manager [-] Deleting neutron.port object s_rally_75f8bc7e_PVOdJYt6 (afe819a1-384b-4d44-9418-be25cd0d2b82)
2019-10-07 19:21:34.136 15 RALLYDEBUG rally_openstack.cleanup.manager [-] Deleting neutron.port object s_rally_75f8bc7e_ohgrysk5 (b05ef0e6-3d40-4ab8-bb00-9caa119b6b5a)
2019-10-07 19:21:34.182 15 RALLYDEBUG rally_openstack.cleanup.manager [-] Deleting neutron.port object s_rally_75f8bc7e_wx6Hf8bS (b156dcbf-5d33-4fd4-82ee-9b518cd570f9)
2019-10-07 19:21:34.217 15 RALLYDEBUG rally_openstack.cleanup.manager [-] Deleting neutron.port object s_rally_75f8bc7e_L25DQ0LB (b23ab857-efcd-4765-88a2-6544bbbda377)
2019-10-07 19:21:34.397 15 RALLYDEBUG rally_openstack.cleanup.manager [-] Deleting neutron.port object s_rally_75f8bc7e_w7PdfEDN (b28c0a23-a873-4a73-96be-416a9b884fef)
2019-10-07 19:21:34.401 15 RALLYDEBUG rally_openstack.cleanup.manager [-] Deleting neutron.port object s_rally_75f8bc7e_MWlafTAJ (b33da267-2258-49aa-bef3-56a61eb891a8)
2019-10-07 19:21:34.869 15 RALLYDEBUG rally_openstack.cleanup.manager [-] Deleting neutron.port object s_rally_75f8bc7e_JwqbI5vI (b41a0d96-1467-4fee-b46e-90bfcc0d462d)
2019-10-07 19:21:34.969 15 RALLYDEBUG rally_openstack.cleanup.manager [-] Deleting neutron.port object s_rally_75f8bc7e_ECNWgkFj (b43e4640-5c88-4f34-9922-eeb5436644ce)
2019-10-07 19:21:35.092 15 RALLYDEBUG rally_openstack.cleanup.manager [-] Deleting neutron.port object s_rally_75f8bc7e_RtvNfQXM (b4ce4858-b2cc-47b8-a165-82320cf1adb9)
2019-10-07 19:21:35.548 15 RALLYDEBUG rally_openstack.cleanup.manager [-] Deleting neutron.port object s_rally_75f8bc7e_ZEJLxJLa (b51a88f8-7958-4ab2-bfcd-c249f6ae37e6)
2019-10-07 19:21:37.178 15 RALLYDEBUG rally_openstack.cleanup.manager [-] Deleting neutron.port object s_rally_75f8bc7e_0MyfaVB4 (b69493c2-5c8e-4016-9534-1b96f1f16ac6)
2019-10-07 19:21:37.408 15 RALLYDEBUG rally_openstack.cleanup.manager [-] Deleting neutron.port object s_rally_75f8bc7e_EbpbbF0f (b866fc92-134a-4533-9ba7-169ca8975bb7)
2019-10-07 19:21:37.702 15 RALLYDEBUG rally_openstack.cleanup.manager [-] Deleting neutron.port object s_rally_75f8bc7e_FCAYS1G3 (bc4b8176-f325-46bd-a4b7-8410bd70e8c9)
2019-10-07 19:21:37.713 15 RALLYDEBUG rally_openstack.cleanup.manager [-] Deleting neutron.port object s_rally_75f8bc7e_fzRx3EtK (bc6133d7-9fbe-4f5a-ba7d-280afae81414)
2019-10-07 19:21:37.731 15 RALLYDEBUG rally_openstack.cleanup.manager [-] Deleting neutron.port object s_rally_75f8bc7e_WRX7lRPZ (bfcb5087-07b2-4461-bcf7-ed809d6f4227)
2019-10-07 19:21:37.731 15 RALLYDEBUG rally_openstack.cleanup.manager [-] Deleting neutron.port object s_rally_75f8bc7e_EgUfUvBk (bdcc3429-b862-4f0e-8fda-7f29ae4d747d)
2019-10-07 19:21:37.756 15 RALLYDEBUG rally_openstack.cleanup.manager [-] Deleting neutron.port object s_rally_75f8bc7e_1IdTUt2E (c17c2eb1-c544-445a-9356-9e66ea4662b7)
2019-10-07 19:21:38.022 15 RALLYDEBUG rally_openstack.cleanup.manager [-] Deleting neutron.port object s_rally_75f8bc7e_sOwwdvS1 (c19fc312-033f-4f90-9296-1215124a02ed)
2019-10-07 19:21:38.266 15 RALLYDEBUG rally_openstack.cleanup.manager [-] Deleting neutron.port object s_rally_75f8bc7e_CGGdZmBG (c211707d-b503-41b6-a969-6e7551c39260)
2019-10-07 19:21:38.318 15 RALLYDEBUG rally_openstack.cleanup.manager [-] Deleting neutron.port object s_rally_75f8bc7e_MGMV9KKO (c30317ae-d309-43bf-8961-69ad15deffbe)
2019-10-07 19:21:38.332 15 RALLYDEBUG rally_openstack.cleanup.manager [-] Deleting neutron.port object s_rally_75f8bc7e_818CsX3a (c664e3a9-b5b5-4206-aded-a25208a0110b)
2019-10-07 19:21:38.823 15 RALLYDEBUG rally_openstack.cleanup.manager [-] Deleting neutron.port object s_rally_75f8bc7e_xd6A1xN4 (c6d46b7a-6f54-4971-8306-170a0ef03714)
2019-10-07 19:21:38.831 15 RALLYDEBUG rally_openstack.cleanup.manager [-] Deleting neutron.port object s_rally_75f8bc7e_Qj5RBvT5 (c8d7e88a-7120-4c84-b1fc-1095bde21aec)
2019-10-07 19:21:38.908 15 RALLYDEBUG rally_openstack.cleanup.manager [-] Deleting neutron.port object s_rally_75f8bc7e_GtKJfmFV (ca7bfc2b-5ca7-4d53-a0c1-348c0c401349)
2019-10-07 19:21:40.108 15 RALLYDEBUG rally_openstack.cleanup.manager [-] Deleting neutron.port object s_rally_75f8bc7e_rzQz0PGm (ca994737-d92d-4432-847b-d68b8ec29d53)
2019-10-07 19:21:40.303 15 RALLYDEBUG rally_openstack.cleanup.manager [-] Deleting neutron.port object s_rally_75f8bc7e_NGduePik (cb5ccc4e-5047-4efa-b185-802d205d1ef9)
2019-10-07 19:21:40.340 15 RALLYDEBUG rally_openstack.cleanup.manager [-] Deleting neutron.port object s_rally_75f8bc7e_1tF7XgSg (cc2041f1-18ed-4c25-903a-e1df3ee57bc8)
2019-10-07 19:21:40.449 15 RALLYDEBUG rally_openstack.cleanup.manager [-] Deleting neutron.port object s_rally_75f8bc7e_chsOW9wf (cc242e34-90cb-4114-81ef-5d50e94501dc)
2019-10-07 19:21:40.497 15 RALLYDEBUG rally_openstack.cleanup.manager [-] Deleting neutron.port object s_rally_75f8bc7e_KGIudfvF (ccefd238-fca3-47cc-a9c9-f9d8ff12af21)
2019-10-07 19:21:40.807 15 RALLYDEBUG rally_openstack.cleanup.manager [-] Deleting neutron.port object s_rally_75f8bc7e_0I9nO3Cl (d2b8bf11-6e91-412a-8aba-689136fa8d33)
2019-10-07 19:21:41.066 15 RALLYDEBUG rally_openstack.cleanup.manager [-] Deleting neutron.port object s_rally_75f8bc7e_AJ4leSZw (d3061fbd-37d1-4ea0-969e-df3685e72a3f)
2019-10-07 19:21:41.581 15 RALLYDEBUG rally_openstack.cleanup.manager [-] Deleting neutron.port object s_rally_75f8bc7e_qkJ0TAaJ (d3746a6c-51ee-4da3-aa58-a139de3e3ec1)
2019-10-07 19:21:41.732 15 RALLYDEBUG rally_openstack.cleanup.manager [-] Deleting neutron.port object s_rally_75f8bc7e_Lc1joBNc (d4cbe606-7857-40af-a684-adc900507c27)
2019-10-07 19:21:41.995 15 RALLYDEBUG rally_openstack.cleanup.manager [-] Deleting neutron.port object s_rally_75f8bc7e_ooND4ZH5 (d55d1d84-2dbc-4055-924c-745c8416021c)
2019-10-07 19:21:42.051 15 RALLYDEBUG rally_openstack.cleanup.manager [-] Deleting neutron.port object s_rally_75f8bc7e_NUlNHN27 (d6d52ded-ab69-41df-9a20-2a1d493ac3be)
2019-10-07 19:21:42.236 15 RALLYDEBUG rally_openstack.cleanup.manager [-] Deleting neutron.port object s_rally_75f8bc7e_mHrLj3ei (d8ac0a10-0609-42fa-b465-22d4beb3c110)
2019-10-07 19:21:42.337 15 RALLYDEBUG rally_openstack.cleanup.manager [-] Deleting neutron.port object s_rally_75f8bc7e_CU7Vg1ca (d8b3664a-b734-4f07-918e-c4ac053448f4)
2019-10-07 19:21:42.707 15 RALLYDEBUG rally_openstack.cleanup.manager [-] Deleting neutron.port object s_rally_75f8bc7e_V2VebbaH (dbe6c220-0d9a-45b0-b960-24b2c4424bde)
2019-10-07 19:21:42.773 15 RALLYDEBUG rally_openstack.cleanup.manager [-] Deleting neutron.port object s_rally_75f8bc7e_qltofLYC (dca1919c-0d9c-486c-8132-9dc4cc23b14e)
2019-10-07 19:21:42.841 15 RALLYDEBUG rally_openstack.cleanup.manager [-] Deleting neutron.port object s_rally_75f8bc7e_x6PyfBZd (ded7fca1-bdb1-4b22-b260-2247e4988e11)
2019-10-07 19:21:42.864 15 RALLYDEBUG rally_openstack.cleanup.manager [-] Deleting neutron.port object s_rally_75f8bc7e_KZBsIWkq (df0bf750-9911-4332-b5a0-d34c63a0a145)
2019-10-07 19:21:42.941 15 RALLYDEBUG rally_openstack.cleanup.manager [-] Deleting neutron.port object s_rally_75f8bc7e_fBHEv30I (dff7a5c8-1209-48a9-9748-91140ed2bbe2)
2019-10-07 19:21:43.353 15 RALLYDEBUG rally_openstack.cleanup.manager [-] Deleting neutron.port object s_rally_75f8bc7e_u37PTCIw (e153865b-bf2e-49f3-9d68-871132f69ed4)
2019-10-07 19:21:43.406 15 RALLYDEBUG rally_openstack.cleanup.manager [-] Deleting neutron.port object s_rally_75f8bc7e_PQAWdrl7 (e28e5286-da8a-42cc-a45c-f4beb7adce76)
2019-10-07 19:21:44.434 15 RALLYDEBUG rally_openstack.cleanup.manager [-] Deleting neutron.port object s_rally_75f8bc7e_vOyltCoi (e2b3726c-1d78-4bd0-8b7c-ac3e5329f55a)
2019-10-07 19:21:44.455 15 RALLYDEBUG rally_openstack.cleanup.manager [-] Deleting neutron.port object s_rally_75f8bc7e_ByCIGs23 (e32e57b9-52c8-4331-a7b0-ee8b004cd34f)
2019-10-07 19:21:44.572 15 RALLYDEBUG rally_openstack.cleanup.manager [-] Deleting neutron.port object s_rally_75f8bc7e_gtT0ozS9 (e3afefee-8d3b-4083-9eb3-08cb0d2935e9)
2019-10-07 19:21:44.790 15 RALLYDEBUG rally_openstack.cleanup.manager [-] Deleting neutron.port object s_rally_75f8bc7e_ToxR8owl (e4133ddd-b613-43a7-8d20-6bd3797057b7)
2019-10-07 19:21:44.892 15 RALLYDEBUG rally_openstack.cleanup.manager [-] Deleting neutron.port object s_rally_75f8bc7e_LQieQ444 (e5beb402-fb6c-4f6b-9397-5cde5a7ed0b9)
2019-10-07 19:21:45.246 15 RALLYDEBUG rally_openstack.cleanup.manager [-] Deleting neutron.port object s_rally_75f8bc7e_rHemwAOG (e65419a0-8173-4c44-ae72-f7721bba5f6a)
2019-10-07 19:21:45.269 15 RALLYDEBUG rally_openstack.cleanup.manager [-] Deleting neutron.port object s_rally_75f8bc7e_nuXcC0Gq (e7f2b6d6-7cb9-4845-b984-2f792e5c9f06)
2019-10-07 19:21:45.399 15 RALLYDEBUG rally_openstack.cleanup.manager [-] Deleting neutron.port object s_rally_75f8bc7e_K2Mshxi9 (e8c22d03-831f-4352-965d-099bc96473b4)
2019-10-07 19:21:45.778 15 RALLYDEBUG rally_openstack.cleanup.manager [-] Deleting neutron.port object s_rally_75f8bc7e_bxoCJlkT (eb9d7c49-9fef-4092-a3dd-6b90400a8a22)
2019-10-07 19:21:45.903 15 RALLYDEBUG rally_openstack.cleanup.manager [-] Deleting neutron.port object s_rally_75f8bc7e_oeGNj7ZG (ebd3fd46-7519-4cd2-b7e7-d8e681c604ab)
2019-10-07 19:21:45.934 15 RALLYDEBUG rally_openstack.cleanup.manager [-] Deleting neutron.port object s_rally_75f8bc7e_bEut0YhI (ecabd53b-c4b4-4730-9c8c-36aed029d0b1)
2019-10-07 19:21:47.092 15 RALLYDEBUG rally_openstack.cleanup.manager [-] Deleting neutron.port object s_rally_75f8bc7e_MVvQms74 (ed73d820-7c64-477c-9241-84697c15bef0)
2019-10-07 19:21:47.143 15 RALLYDEBUG rally_openstack.cleanup.manager [-] Deleting neutron.port object s_rally_75f8bc7e_2XR4Fj3f (eef2f43f-265f-48e1-b2b3-a9db5c547122)
2019-10-07 19:21:47.399 15 RALLYDEBUG rally_openstack.cleanup.manager [-] Deleting neutron.port object s_rally_75f8bc7e_HXFoeNof (f0e4ad60-a46c-43f5-8d2f-03ffd61ecbb5)
2019-10-07 19:21:47.595 15 RALLYDEBUG rally_openstack.cleanup.manager [-] Deleting neutron.port object s_rally_75f8bc7e_yxsdaURL (f242dcf9-98a8-4fd9-bdcb-2a20fac0f0f5)
2019-10-07 19:21:47.888 15 RALLYDEBUG rally_openstack.cleanup.manager [-] Deleting neutron.port object s_rally_75f8bc7e_noHO3KxM (f484c14d-4429-4f33-8930-f88fb36e4c60)
2019-10-07 19:21:48.488 15 RALLYDEBUG rally_openstack.cleanup.manager [-] Deleting neutron.port object s_rally_75f8bc7e_KjqwmBu3 (f74a134e-5d1a-454e-9a74-64b9515db120)
2019-10-07 19:21:48.620 15 RALLYDEBUG rally_openstack.cleanup.manager [-] Deleting neutron.port object s_rally_75f8bc7e_tOKn1f1o (f7b3c870-7074-4668-8380-1d0709be0141)
2019-10-07 19:21:48.651 15 RALLYDEBUG rally_openstack.cleanup.manager [-] Deleting neutron.port object s_rally_75f8bc7e_hrNUHlR3 (f83570e5-4f66-4f6c-98bf-89867029316d)
2019-10-07 19:21:49.216 15 RALLYDEBUG rally_openstack.cleanup.manager [-] Deleting neutron.port object s_rally_75f8bc7e_bVHqUShN (f91310d1-5895-4040-963e-2dc753a756f8)
2019-10-07 19:21:49.290 15 RALLYDEBUG rally_openstack.cleanup.manager [-] Deleting neutron.port object s_rally_75f8bc7e_fxXpNffu (f9a67b28-b3af-4e07-9b79-774873682f8b)
2019-10-07 19:21:49.526 15 RALLYDEBUG rally_openstack.cleanup.manager [-] Deleting neutron.port object s_rally_75f8bc7e_bmM7CxkW (fb1d5944-ed16-458c-a656-80ad08edd024)
2019-10-07 19:21:49.538 15 RALLYDEBUG rally_openstack.cleanup.manager [-] Deleting neutron.port object s_rally_75f8bc7e_We45aEgF (fbfdf230-f020-458d-8c16-18f443ca3385)
2019-10-07 19:21:49.763 15 RALLYDEBUG rally_openstack.cleanup.manager [-] Deleting neutron.port object s_rally_75f8bc7e_yK4UqjvC (fc610a94-4876-4bea-87c4-47867755396d)
2019-10-07 19:21:49.851 15 RALLYDEBUG rally_openstack.cleanup.manager [-] Deleting neutron.port object s_rally_75f8bc7e_wFtKfgRn (fe7e85a7-ae3c-4b6e-89ec-0fb835017560)
2019-10-07 19:21:49.901 15 RALLYDEBUG rally_openstack.cleanup.manager [-] Deleting neutron.port object s_rally_75f8bc7e_A5vUJyc8 (ff63200b-0c23-4998-bf90-d69df39358cd)
2019-10-07 19:21:54.352 15 RALLYDEBUG rally_openstack.cleanup.manager [-] Cleaning up neutron subnet objects
2019-10-07 19:21:54.613 15 RALLYDEBUG rally_openstack.cleanup.manager [-] Cleaning up neutron network objects
2019-10-07 19:21:55.228 15 RALLYDEBUG rally_openstack.cleanup.manager [-] Deleting neutron.network object s_rally_75f8bc7e_b0eSvU6C (1223e0dc-b119-41d2-9955-442f06a29524)
2019-10-07 19:21:55.235 15 RALLYDEBUG rally_openstack.cleanup.manager [-] Deleting neutron.network object s_rally_75f8bc7e_NNjdK4F9 (1561caa3-3b93-47e1-8f6e-932dcae12a93)
2019-10-07 19:21:55.251 15 RALLYDEBUG rally_openstack.cleanup.manager [-] Deleting neutron.network object s_rally_75f8bc7e_El3crR5m (1bd8aa38-4804-4f95-baf2-878213c1602a)
2019-10-07 19:21:55.252 15 RALLYDEBUG rally_openstack.cleanup.manager [-] Deleting neutron.network object s_rally_75f8bc7e_0SFzTBZB (1607f292-d74a-4702-aef1-b92442468192)
2019-10-07 19:21:55.261 15 RALLYDEBUG rally_openstack.cleanup.manager [-] Deleting neutron.network object s_rally_75f8bc7e_Tu7yjdot (1d4a3fcf-2ff3-4939-b332-b48ab55e0c87)
2019-10-07 19:21:55.286 15 RALLYDEBUG rally_openstack.cleanup.manager [-] Deleting neutron.network object s_rally_75f8bc7e_uwezOmNv (240e6955-7a69-4f24-8b40-ee4a112bf576)
2019-10-07 19:21:55.286 15 RALLYDEBUG rally_openstack.cleanup.manager [-] Deleting neutron.network object s_rally_75f8bc7e_0SwqKCAn (24a9c675-5c3c-4a4f-b621-eb8e75de3a1c)
2019-10-07 19:21:55.327 15 RALLYDEBUG rally_openstack.cleanup.manager [-] Deleting neutron.network object s_rally_75f8bc7e_OwgAxSrj (42a29b1c-488a-4544-b031-4096618f8d3c)
2019-10-07 19:21:55.348 15 RALLYDEBUG rally_openstack.cleanup.manager [-] Deleting neutron.network object s_rally_75f8bc7e_2lkVmkim (2a6ee651-bb78-4ee7-90e1-fe82b4a9bbac)
2019-10-07 19:21:55.382 15 RALLYDEBUG rally_openstack.cleanup.manager [-] Deleting neutron.network object s_rally_75f8bc7e_7iRt2RC3 (4ff2d94d-0517-4923-9dc4-2cf33266220d)
2019-10-07 19:21:55.400 15 RALLYDEBUG rally_openstack.cleanup.manager [-] Deleting neutron.network object s_rally_75f8bc7e_cD4vC9m9 (465a734b-c3ca-4c1b-abc4-894db4bccabf)
2019-10-07 19:21:55.415 15 RALLYDEBUG rally_openstack.cleanup.manager [-] Deleting neutron.network object s_rally_75f8bc7e_wykJ5Em6 (70758b82-ffd9-4f85-8244-65c6dcf2cf5e)
2019-10-07 19:21:55.419 15 RALLYDEBUG rally_openstack.cleanup.manager [-] Deleting neutron.network object s_rally_75f8bc7e_6HwcrIMB (4bd65fc5-c037-4726-b52f-5fbc6c096b45)
2019-10-07 19:21:55.422 15 RALLYDEBUG rally_openstack.cleanup.manager [-] Deleting neutron.network object s_rally_75f8bc7e_Iyrqc3p9 (773a6857-6a46-4dfb-865e-087d1d3372eb)
2019-10-07 19:21:55.423 15 RALLYDEBUG rally_openstack.cleanup.manager [-] Deleting neutron.network object s_rally_75f8bc7e_gJLyY6sz (7000e2c3-b96d-414e-846a-fb6af8f3702c)
2019-10-07 19:21:55.424 15 RALLYDEBUG rally_openstack.cleanup.manager [-] Deleting neutron.network object s_rally_75f8bc7e_r6QPABj1 (43d9ad42-65b9-4318-a7b7-ed0af1f2c880)
2019-10-07 19:21:55.425 15 RALLYDEBUG rally_openstack.cleanup.manager [-] Deleting neutron.network object s_rally_75f8bc7e_XRPos5nr (437dafbb-c05c-4c01-be8f-6a09b14a342b)
2019-10-07 19:21:55.429 15 RALLYDEBUG rally_openstack.cleanup.manager [-] Deleting neutron.network object s_rally_75f8bc7e_TvMFdeuD (73dab016-dd7a-4ad2-99f6-eb2f29b34b76)
2019-10-07 19:21:55.438 15 RALLYDEBUG rally_openstack.cleanup.manager [-] Deleting neutron.network object s_rally_75f8bc7e_fNBn9xVi (75a2976f-0e04-4214-bf35-2e84a3620986)
2019-10-07 19:21:55.440 15 RALLYDEBUG rally_openstack.cleanup.manager [-] Deleting neutron.network object s_rally_75f8bc7e_jytPEIWr (710971c2-f0f0-41e1-bb58-6932a78fdbb6)
2019-10-07 19:21:59.817 15 RALLYDEBUG rally_openstack.cleanup.manager [-] Deleting neutron.network object s_rally_75f8bc7e_nFZgCE1Y (7a8242fb-8854-4d07-a1ce-919d16b848e1)
2019-10-07 19:21:59.932 15 RALLYDEBUG rally_openstack.cleanup.manager [-] Deleting neutron.network object s_rally_75f8bc7e_ZM6NjwYQ (7d920bd0-c88c-4060-92ea-28b30628b0d8)
2019-10-07 19:22:00.524 15 RALLYDEBUG rally_openstack.cleanup.manager [-] Deleting neutron.network object s_rally_75f8bc7e_Crltkt0D (87753548-a967-4d18-83de-efa33e3c6555)
2019-10-07 19:22:00.694 15 RALLYDEBUG rally_openstack.cleanup.manager [-] Deleting neutron.network object s_rally_75f8bc7e_UhGje9zd (8b1a4244-bb5a-47ef-a553-4dd5f1457053)
2019-10-07 19:22:00.738 15 RALLYDEBUG rally_openstack.cleanup.manager [-] Deleting neutron.network object s_rally_75f8bc7e_4PikWway (8f73e608-a727-4783-b558-d43290dc9897)
2019-10-07 19:22:01.962 15 RALLYDEBUG rally_openstack.cleanup.manager [-] Deleting neutron.network object s_rally_75f8bc7e_1hiYBz8z (90c4a552-f165-4d88-9f4f-8a6c872c37aa)
2019-10-07 19:22:02.033 15 RALLYDEBUG rally_openstack.cleanup.manager [-] Deleting neutron.network object s_rally_75f8bc7e_7MevqNN8 (9420a660-4919-440f-9bbe-d288a356f7a2)
2019-10-07 19:22:02.735 15 RALLYDEBUG rally_openstack.cleanup.manager [-] Deleting neutron.network object s_rally_75f8bc7e_zoPNpPFl (96308ac5-43dd-4c00-8b26-3605b6918021)
2019-10-07 19:22:02.881 15 RALLYDEBUG rally_openstack.cleanup.manager [-] Deleting neutron.network object s_rally_75f8bc7e_Un3B9lIy (981f3274-3a3e-4048-b996-022c6f5687a0)
2019-10-07 19:22:02.890 15 RALLYDEBUG rally_openstack.cleanup.manager [-] Deleting neutron.network object s_rally_75f8bc7e_WCro3egd (9830098c-d99c-410a-b041-e8754c38d639)
2019-10-07 19:22:03.006 15 RALLYDEBUG rally_openstack.cleanup.manager [-] Deleting neutron.network object s_rally_75f8bc7e_BRxc3RhR (ad24f576-d372-49e5-a17c-edaea33e2967)
2019-10-07 19:22:03.206 15 RALLYDEBUG rally_openstack.cleanup.manager [-] Deleting neutron.network object s_rally_75f8bc7e_0GIwDoxh (b5ba089f-17bc-49e9-aada-80a2bce97e3e)
2019-10-07 19:22:03.258 15 RALLYDEBUG rally_openstack.cleanup.manager [-] Deleting neutron.network object s_rally_75f8bc7e_eAVEx0Cm (c9b46f9a-bd7b-4076-8f41-60668e2413b5)
2019-10-07 19:22:03.540 15 RALLYDEBUG rally_openstack.cleanup.manager [-] Deleting neutron.network object s_rally_75f8bc7e_PatIPmFZ (cedc8928-45dd-49a2-a3c1-01ac691dc7b7)
2019-10-07 19:22:03.563 15 RALLYDEBUG rally_openstack.cleanup.manager [-] Deleting neutron.network object s_rally_75f8bc7e_qm1trxZR (d716dd05-a49d-4b71-b831-a2815142f605)
2019-10-07 19:22:03.567 15 RALLYDEBUG rally_openstack.cleanup.manager [-] Deleting neutron.network object s_rally_75f8bc7e_6ywESWc4 (d8d7e871-84b9-47bc-a088-67d6c35f04ea)
2019-10-07 19:22:03.601 15 RALLYDEBUG rally_openstack.cleanup.manager [-] Deleting neutron.network object s_rally_75f8bc7e_vpwWDuwZ (d98194cb-6b4d-4076-9516-8e471d9ddc49)
2019-10-07 19:22:03.609 15 RALLYDEBUG rally_openstack.cleanup.manager [-] Deleting neutron.network object s_rally_75f8bc7e_n3dHJAi6 (dac4f463-1225-47d2-84dd-58e761cbf466)
2019-10-07 19:22:03.619 15 RALLYDEBUG rally_openstack.cleanup.manager [-] Deleting neutron.network object s_rally_75f8bc7e_2CUMK20c (f908e135-ea23-4adb-963b-a130c2f963b4)
2019-10-07 19:22:03.672 15 RALLYDEBUG rally_openstack.cleanup.manager [-] Deleting neutron.network object s_rally_75f8bc7e_nu4BCmkY (fb066604-ed89-4d17-b799-a7872967504d)
2019-10-07 19:22:10.041 15 RALLYDEBUG rally_openstack.cleanup.manager [-] Cleaning up neutron router objects
2019-10-07 19:22:10.311 15 RALLYDEBUG rally_openstack.cleanup.manager [-] Cleaning up neutron security_group objects
2019-10-07 19:22:10.610 15 INFO rally.task.context [-] Task de8ff544-1de8-4e0d-a70f-884ace9bdeca | Context cleanup@openstack cleanup() finished in 1.17 min
2019-10-07 19:22:10.610 15 INFO rally.task.context [-] Task de8ff544-1de8-4e0d-a70f-884ace9bdeca | Context quotas@openstack cleanup() started
2019-10-07 19:22:10.655 15 INFO rally.task.context [-] Task de8ff544-1de8-4e0d-a70f-884ace9bdeca | Context quotas@openstack cleanup() finished in 45.04 msec
2019-10-07 19:22:10.656 15 INFO rally.task.context [-] Task de8ff544-1de8-4e0d-a70f-884ace9bdeca | Context users@openstack cleanup() started
2019-10-07 19:22:12.044 15 INFO rally.task.context [-] Task de8ff544-1de8-4e0d-a70f-884ace9bdeca | Context users@openstack cleanup() finished in 1.39 sec
2019-10-07 19:22:13.832 15 INFO rally.task.engine [-] Load duration is: 118.307825
2019-10-07 19:22:13.832 15 INFO rally.task.engine [-] Full runner duration is: 118.356635
2019-10-07 19:22:13.833 15 INFO rally.task.engine [-] Full duration is: 190.930625
2019-10-07 19:22:13.922 15 INFO rally.task.engine [-] Running workload: position = 2 config = { "version": 2, "title": "A cropped version of a bigger task.", "description": "Auto-generated task from a single workload (uuid=e2027bd3-dbce-402f-b1b2-7a4b89b64cf7)", "subtasks": [ { "title": "NeutronNetworks.create_and_delete_ports", "description": "Create and delete a port.", "scenario": { "NeutronNetworks.create_and_delete_ports": { "network_create_args": {}, "port_create_args": {}, "ports_per_network": 5 } }, "contexts": { "users": { "tenants": 1, "users_per_tenant": 1 }, "quotas": { "neutron": { "network": -1, "port": -1 } } }, "runner": { "constant": { "times": 40, "concurrency": 20 } }, "hooks": [], "sla": { "failure_rate": { "max": 0 } } } ] }
2019-10-07 19:22:13.936 15 RALLYDEBUG rally_openstack.contexts.keystone.users [-] Creating 1 tenants using 20 threads
2019-10-07 19:22:14.265 15 RALLYDEBUG rally_openstack.contexts.keystone.users [-] Creating 1 users using 20 threads
2019-10-07 19:22:14.710 15 INFO rally.task.context [-] Task de8ff544-1de8-4e0d-a70f-884ace9bdeca | Context users@openstack setup() finished in 0.77 sec
2019-10-07 19:22:15.109 15 INFO rally.task.context [-] Task de8ff544-1de8-4e0d-a70f-884ace9bdeca | Context quotas@openstack setup() finished in 0.40 sec
2019-10-07 19:22:15.110 15 INFO rally.task.context [-] Task de8ff544-1de8-4e0d-a70f-884ace9bdeca | Context cleanup@openstack setup() finished in 0.01 msec
2019-10-07 19:22:15.119 15 RALLYDEBUG rally.task.runner [-] Starting the constant runner (task UUID: de8ff544-1de8-4e0d-a70f-884ace9bdeca). timeout: 0 concurrency: 20 concurrency_per_worker: 1 times: 40 concurrency_overhead: 0 processes_to_start: 20 max_cpu_used: 88
2019-10-07 19:22:15.134 4602 RALLYDEBUG rally.task.runner [-] Starting a worker. concurrency: 1 args: {"network_create_args": {}, "port_create_args": {}, "ports_per_network": 5} times: 40 method_name: run timeout: 0 duration: None cls:
2019-10-07 19:22:15.137 4603 RALLYDEBUG rally.task.runner [-] Starting a worker. concurrency: 1 args: {"network_create_args": {}, "port_create_args": {}, "ports_per_network": 5} times: 40 method_name: run timeout: 0 duration: None cls:
2019-10-07 19:22:15.139 4604 RALLYDEBUG rally.task.runner [-] Starting a worker. concurrency: 1 args: {"network_create_args": {}, "port_create_args": {}, "ports_per_network": 5} times: 40 method_name: run timeout: 0 duration: None cls:
2019-10-07 19:22:15.141 4602 INFO rally.task.runner [-] Task de8ff544-1de8-4e0d-a70f-884ace9bdeca | ITER: 1 START
2019-10-07 19:22:15.142 4602 WARNING rally_openstack.scenarios.neutron.utils [-] Running this scenario without either the 'network' or 'existing_network' context is deprecated
2019-10-07 19:22:15.142 4605 RALLYDEBUG rally.task.runner [-] Starting a worker. concurrency: 1 args: {"network_create_args": {}, "port_create_args": {}, "ports_per_network": 5} times: 40 method_name: run timeout: 0 duration: None cls:
2019-10-07 19:22:15.143 4603 INFO rally.task.runner [-] Task de8ff544-1de8-4e0d-a70f-884ace9bdeca | ITER: 2 START
2019-10-07 19:22:15.145 4603 WARNING rally_openstack.scenarios.neutron.utils [-] Running this scenario without either the 'network' or 'existing_network' context is deprecated
2019-10-07 19:22:15.146 4604 INFO rally.task.runner [-] Task de8ff544-1de8-4e0d-a70f-884ace9bdeca | ITER: 3 START
2019-10-07 19:22:15.145 4606 RALLYDEBUG rally.task.runner [-] Starting a worker. concurrency: 1 args: {"network_create_args": {}, "port_create_args": {}, "ports_per_network": 5} times: 40 method_name: run timeout: 0 duration: None cls:
2019-10-07 19:22:15.147 4604 WARNING rally_openstack.scenarios.neutron.utils [-] Running this scenario without either the 'network' or 'existing_network' context is deprecated
2019-10-07 19:22:15.147 4605 INFO rally.task.runner [-] Task de8ff544-1de8-4e0d-a70f-884ace9bdeca | ITER: 4 START
2019-10-07 19:22:15.149 4605 WARNING rally_openstack.scenarios.neutron.utils [-] Running this scenario without either the 'network' or 'existing_network' context is deprecated
2019-10-07 19:22:15.148 4609 RALLYDEBUG rally.task.runner [-] Starting a worker. concurrency: 1 args: {"network_create_args": {}, "port_create_args": {}, "ports_per_network": 5} times: 40 method_name: run timeout: 0 duration: None cls:
2019-10-07 19:22:15.151 4612 RALLYDEBUG rally.task.runner [-] Starting a worker. concurrency: 1 args: {"network_create_args": {}, "port_create_args": {}, "ports_per_network": 5} times: 40 method_name: run timeout: 0 duration: None cls:
2019-10-07 19:22:15.152 4606 INFO rally.task.runner [-] Task de8ff544-1de8-4e0d-a70f-884ace9bdeca | ITER: 5 START
2019-10-07 19:22:15.152 4617 RALLYDEBUG rally.task.runner [-] Starting a worker. concurrency: 1 args: {"network_create_args": {}, "port_create_args": {}, "ports_per_network": 5} times: 40 method_name: run timeout: 0 duration: None cls:
2019-10-07 19:22:15.153 4606 WARNING rally_openstack.scenarios.neutron.utils [-] Running this scenario without either the 'network' or 'existing_network' context is deprecated
2019-10-07 19:22:15.154 4609 INFO rally.task.runner [-] Task de8ff544-1de8-4e0d-a70f-884ace9bdeca | ITER: 6 START
2019-10-07 19:22:15.155 4609 WARNING rally_openstack.scenarios.neutron.utils [-] Running this scenario without either the 'network' or 'existing_network' context is deprecated
2019-10-07 19:22:15.157 4612 INFO rally.task.runner [-] Task de8ff544-1de8-4e0d-a70f-884ace9bdeca | ITER: 7 START
2019-10-07 19:22:15.157 4618 RALLYDEBUG rally.task.runner [-] Starting a worker. concurrency: 1 args: {"network_create_args": {}, "port_create_args": {}, "ports_per_network": 5} times: 40 method_name: run timeout: 0 duration: None cls:
2019-10-07 19:22:15.158 4617 INFO rally.task.runner [-] Task de8ff544-1de8-4e0d-a70f-884ace9bdeca | ITER: 8 START
2019-10-07 19:22:15.158 4612 WARNING rally_openstack.scenarios.neutron.utils [-] Running this scenario without either the 'network' or 'existing_network' context is deprecated
2019-10-07 19:22:15.159 4617 WARNING rally_openstack.scenarios.neutron.utils [-] Running this scenario without either the 'network' or 'existing_network' context is deprecated
2019-10-07 19:22:15.159 4621 RALLYDEBUG rally.task.runner [-] Starting a worker. concurrency: 1 args: {"network_create_args": {}, "port_create_args": {}, "ports_per_network": 5} times: 40 method_name: run timeout: 0 duration: None cls:
2019-10-07 19:22:15.163 4618 INFO rally.task.runner [-] Task de8ff544-1de8-4e0d-a70f-884ace9bdeca | ITER: 9 START
2019-10-07 19:22:15.164 4618 WARNING rally_openstack.scenarios.neutron.utils [-] Running this scenario without either the 'network' or 'existing_network' context is deprecated
2019-10-07 19:22:15.164 4624 RALLYDEBUG rally.task.runner [-] Starting a worker. concurrency: 1 args: {"network_create_args": {}, "port_create_args": {}, "ports_per_network": 5} times: 40 method_name: run timeout: 0 duration: None cls:
2019-10-07 19:22:15.165 4629 RALLYDEBUG rally.task.runner [-] Starting a worker. concurrency: 1 args: {"network_create_args": {}, "port_create_args": {}, "ports_per_network": 5} times: 40 method_name: run timeout: 0 duration: None cls:
2019-10-07 19:22:15.165 4621 INFO rally.task.runner [-] Task de8ff544-1de8-4e0d-a70f-884ace9bdeca | ITER: 10 START
2019-10-07 19:22:15.166 4621 WARNING rally_openstack.scenarios.neutron.utils [-] Running this scenario without either the 'network' or 'existing_network' context is deprecated
2019-10-07 19:22:15.167 4630 RALLYDEBUG rally.task.runner [-] Starting a worker. concurrency: 1 args: {"network_create_args": {}, "port_create_args": {}, "ports_per_network": 5} times: 40 method_name: run timeout: 0 duration: None cls:
2019-10-07 19:22:15.170 4629 INFO rally.task.runner [-] Task de8ff544-1de8-4e0d-a70f-884ace9bdeca | ITER: 12 START
2019-10-07 19:22:15.171 4629 WARNING rally_openstack.scenarios.neutron.utils [-] Running this scenario without either the 'network' or 'existing_network' context is deprecated
2019-10-07 19:22:15.171 4624 INFO rally.task.runner [-] Task de8ff544-1de8-4e0d-a70f-884ace9bdeca | ITER: 11 START
2019-10-07 19:22:15.171 4633 RALLYDEBUG rally.task.runner [-] Starting a worker. concurrency: 1 args: {"network_create_args": {}, "port_create_args": {}, "ports_per_network": 5} times: 40 method_name: run timeout: 0 duration: None cls:
2019-10-07 19:22:15.172 4624 WARNING rally_openstack.scenarios.neutron.utils [-] Running this scenario without either the 'network' or 'existing_network' context is deprecated
2019-10-07 19:22:15.172 4636 RALLYDEBUG rally.task.runner [-] Starting a worker. concurrency: 1 args: {"network_create_args": {}, "port_create_args": {}, "ports_per_network": 5} times: 40 method_name: run timeout: 0 duration: None cls:
2019-10-07 19:22:15.173 4630 INFO rally.task.runner [-] Task de8ff544-1de8-4e0d-a70f-884ace9bdeca | ITER: 13 START
2019-10-07 19:22:15.174 4630 WARNING rally_openstack.scenarios.neutron.utils [-] Running this scenario without either the 'network' or 'existing_network' context is deprecated
2019-10-07 19:22:15.177 4636 INFO rally.task.runner [-] Task de8ff544-1de8-4e0d-a70f-884ace9bdeca | ITER: 15 START
2019-10-07 19:22:15.176 4639 RALLYDEBUG rally.task.runner [-] Starting a worker. concurrency: 1 args: {"network_create_args": {}, "port_create_args": {}, "ports_per_network": 5} times: 40 method_name: run timeout: 0 duration: None cls:
2019-10-07 19:22:15.177 4633 INFO rally.task.runner [-] Task de8ff544-1de8-4e0d-a70f-884ace9bdeca | ITER: 14 START
2019-10-07 19:22:15.178 4636 WARNING rally_openstack.scenarios.neutron.utils [-] Running this scenario without either the 'network' or 'existing_network' context is deprecated
2019-10-07 19:22:15.179 4633 WARNING rally_openstack.scenarios.neutron.utils [-] Running this scenario without either the 'network' or 'existing_network' context is deprecated
2019-10-07 19:22:15.179 4644 RALLYDEBUG rally.task.runner [-] Starting a worker. concurrency: 1 args: {"network_create_args": {}, "port_create_args": {}, "ports_per_network": 5} times: 40 method_name: run timeout: 0 duration: None cls:
2019-10-07 19:22:15.181 4645 RALLYDEBUG rally.task.runner [-] Starting a worker. concurrency: 1 args: {"network_create_args": {}, "port_create_args": {}, "ports_per_network": 5} times: 40 method_name: run timeout: 0 duration: None cls:
2019-10-07 19:22:15.182 4639 INFO rally.task.runner [-] Task de8ff544-1de8-4e0d-a70f-884ace9bdeca | ITER: 16 START
2019-10-07 19:22:15.182 4650 RALLYDEBUG rally.task.runner [-] Starting a worker. concurrency: 1 args: {"network_create_args": {}, "port_create_args": {}, "ports_per_network": 5} times: 40 method_name: run timeout: 0 duration: None cls:
2019-10-07 19:22:15.183 4639 WARNING rally_openstack.scenarios.neutron.utils [-] Running this scenario without either the 'network' or 'existing_network' context is deprecated
2019-10-07 19:22:15.185 4644 INFO rally.task.runner [-] Task de8ff544-1de8-4e0d-a70f-884ace9bdeca | ITER: 17 START
2019-10-07 19:22:15.186 4650 INFO rally.task.runner [-] Task de8ff544-1de8-4e0d-a70f-884ace9bdeca | ITER: 19 START
2019-10-07 19:22:15.186 4644 WARNING rally_openstack.scenarios.neutron.utils [-] Running this scenario without either the 'network' or 'existing_network' context is deprecated
2019-10-07 19:22:15.187 4645 INFO rally.task.runner [-] Task de8ff544-1de8-4e0d-a70f-884ace9bdeca | ITER: 18 START
2019-10-07 19:22:15.187 4650 WARNING rally_openstack.scenarios.neutron.utils [-] Running this scenario without either the 'network' or 'existing_network' context is deprecated
2019-10-07 19:22:15.188 4645 WARNING rally_openstack.scenarios.neutron.utils [-] Running this scenario without either the 'network' or 'existing_network' context is deprecated
2019-10-07 19:22:15.188 4651 RALLYDEBUG rally.task.runner [-] Starting a worker. concurrency: 1 args: {"network_create_args": {}, "port_create_args": {}, "ports_per_network": 5} times: 40 method_name: run timeout: 0 duration: None cls:
2019-10-07 19:22:15.194 4651 INFO rally.task.runner [-] Task de8ff544-1de8-4e0d-a70f-884ace9bdeca | ITER: 20 START
2019-10-07 19:22:15.195 4651 WARNING rally_openstack.scenarios.neutron.utils [-] Running this scenario without either the 'network' or 'existing_network' context is deprecated
2019-10-07 19:23:07.849 4645 INFO rally.task.runner [-] Task de8ff544-1de8-4e0d-a70f-884ace9bdeca | ITER: 18 END: OK
2019-10-07 19:23:07.858 4645 INFO rally.task.runner [-] Task de8ff544-1de8-4e0d-a70f-884ace9bdeca | ITER: 21 START
2019-10-07 19:23:07.860 4645 WARNING rally_openstack.scenarios.neutron.utils [-] Running this scenario without either the 'network' or 'existing_network' context is deprecated
2019-10-07 19:23:09.840 4629 INFO rally.task.runner [-] Task de8ff544-1de8-4e0d-a70f-884ace9bdeca | ITER: 12 END: OK
2019-10-07 19:23:09.848 4629 INFO rally.task.runner [-] Task de8ff544-1de8-4e0d-a70f-884ace9bdeca | ITER: 22 START
2019-10-07 19:23:09.849 4629 WARNING rally_openstack.scenarios.neutron.utils [-] Running this scenario without either the 'network' or 'existing_network' context is deprecated
2019-10-07 19:23:10.575 4604 INFO rally.task.runner [-] Task de8ff544-1de8-4e0d-a70f-884ace9bdeca | ITER: 3 END: OK
2019-10-07 19:23:10.582 4604 INFO rally.task.runner [-] Task de8ff544-1de8-4e0d-a70f-884ace9bdeca | ITER: 23 START
2019-10-07 19:23:10.583 4604 WARNING rally_openstack.scenarios.neutron.utils [-] Running this scenario without either the 'network' or 'existing_network' context is deprecated
2019-10-07 19:23:11.081 4644 INFO rally.task.runner [-] Task de8ff544-1de8-4e0d-a70f-884ace9bdeca | ITER: 17 END: OK
2019-10-07 19:23:11.088 4644 INFO rally.task.runner [-] Task de8ff544-1de8-4e0d-a70f-884ace9bdeca | ITER: 24 START
2019-10-07 19:23:11.089 4644 WARNING rally_openstack.scenarios.neutron.utils [-] Running this scenario without either the 'network' or 'existing_network' context is deprecated
2019-10-07 19:23:11.442 4603 INFO rally.task.runner [-] Task de8ff544-1de8-4e0d-a70f-884ace9bdeca | ITER: 2 END: OK
2019-10-07 19:23:11.449 4603 INFO rally.task.runner [-] Task de8ff544-1de8-4e0d-a70f-884ace9bdeca | ITER: 25 START
2019-10-07 19:23:11.450 4603 WARNING rally_openstack.scenarios.neutron.utils [-] Running this scenario without either the 'network' or 'existing_network' context is deprecated
2019-10-07 19:23:11.812 4609 INFO rally.task.runner [-] Task de8ff544-1de8-4e0d-a70f-884ace9bdeca | ITER: 6 END: OK
2019-10-07 19:23:11.821 4609 INFO rally.task.runner [-] Task de8ff544-1de8-4e0d-a70f-884ace9bdeca | ITER: 26 START
2019-10-07 19:23:11.822 4609 WARNING rally_openstack.scenarios.neutron.utils [-] Running this scenario without either the 'network' or 'existing_network' context is deprecated
2019-10-07 19:23:12.423 4618 INFO rally.task.runner [-] Task de8ff544-1de8-4e0d-a70f-884ace9bdeca | ITER: 9 END: OK
2019-10-07 19:23:12.424 4630 INFO rally.task.runner [-] Task de8ff544-1de8-4e0d-a70f-884ace9bdeca | ITER: 13 END: OK
2019-10-07 19:23:12.430 4630 INFO rally.task.runner [-] Task de8ff544-1de8-4e0d-a70f-884ace9bdeca | ITER: 27 START
2019-10-07 19:23:12.431 4618 INFO rally.task.runner [-] Task de8ff544-1de8-4e0d-a70f-884ace9bdeca | ITER: 28 START
2019-10-07 19:23:12.431 4630 WARNING rally_openstack.scenarios.neutron.utils [-] Running this scenario without either the 'network' or 'existing_network' context is deprecated
2019-10-07 19:23:12.432 4618 WARNING rally_openstack.scenarios.neutron.utils [-] Running this scenario without either the 'network' or 'existing_network' context is deprecated
2019-10-07 19:23:14.416 4617 INFO rally.task.runner [-] Task de8ff544-1de8-4e0d-a70f-884ace9bdeca | ITER: 8 END: OK
2019-10-07 19:23:14.425 4617 INFO rally.task.runner [-] Task de8ff544-1de8-4e0d-a70f-884ace9bdeca | ITER: 29 START
2019-10-07 19:23:14.426 4617 WARNING rally_openstack.scenarios.neutron.utils [-] Running this scenario without either the 'network' or 'existing_network' context is deprecated
2019-10-07 19:23:14.497 4605 INFO rally.task.runner [-] Task de8ff544-1de8-4e0d-a70f-884ace9bdeca | ITER: 4 END: OK
2019-10-07 19:23:14.504 4605 INFO rally.task.runner [-] Task de8ff544-1de8-4e0d-a70f-884ace9bdeca | ITER: 30 START
2019-10-07 19:23:14.504 4605 WARNING rally_openstack.scenarios.neutron.utils [-] Running this scenario without either the 'network' or 'existing_network' context is deprecated
2019-10-07 19:23:14.506 4636 INFO rally.task.runner [-] Task de8ff544-1de8-4e0d-a70f-884ace9bdeca | ITER: 15 END: OK
2019-10-07 19:23:14.511 4636 INFO rally.task.runner [-] Task de8ff544-1de8-4e0d-a70f-884ace9bdeca | ITER: 31 START
2019-10-07 19:23:14.512 4636 WARNING rally_openstack.scenarios.neutron.utils [-] Running this scenario without either the 'network' or 'existing_network' context is deprecated
2019-10-07 19:23:14.554 4624 INFO rally.task.runner [-] Task de8ff544-1de8-4e0d-a70f-884ace9bdeca | ITER: 11 END: OK
2019-10-07 19:23:14.560 4624 INFO rally.task.runner [-] Task de8ff544-1de8-4e0d-a70f-884ace9bdeca | ITER: 32 START
2019-10-07 19:23:14.561 4624 WARNING rally_openstack.scenarios.neutron.utils [-] Running this scenario without either the 'network' or 'existing_network' context is deprecated
2019-10-07 19:23:14.928 4639 INFO rally.task.runner [-] Task de8ff544-1de8-4e0d-a70f-884ace9bdeca | ITER: 16 END: OK
2019-10-07 19:23:14.934 4639 INFO rally.task.runner [-] Task de8ff544-1de8-4e0d-a70f-884ace9bdeca | ITER: 33 START
2019-10-07 19:23:14.934 4639 WARNING rally_openstack.scenarios.neutron.utils [-] Running this scenario without either the 'network' or 'existing_network' context is deprecated
2019-10-07 19:23:14.993 4606 INFO rally.task.runner [-] Task de8ff544-1de8-4e0d-a70f-884ace9bdeca | ITER: 5 END: OK
2019-10-07 19:23:15.000 4606 INFO rally.task.runner [-] Task de8ff544-1de8-4e0d-a70f-884ace9bdeca | ITER: 34 START
2019-10-07 19:23:15.001 4606 WARNING rally_openstack.scenarios.neutron.utils [-] Running this scenario without either the 'network' or 'existing_network' context is deprecated
2019-10-07 19:23:15.221 4650 INFO rally.task.runner [-] Task de8ff544-1de8-4e0d-a70f-884ace9bdeca | ITER: 19 END: OK
2019-10-07 19:23:15.227 4650 INFO rally.task.runner [-] Task de8ff544-1de8-4e0d-a70f-884ace9bdeca | ITER: 35 START
2019-10-07 19:23:15.227 4650 WARNING rally_openstack.scenarios.neutron.utils [-] Running this scenario without either the 'network' or 'existing_network' context is deprecated
2019-10-07 19:23:16.520 4612 INFO rally.task.runner [-] Task de8ff544-1de8-4e0d-a70f-884ace9bdeca | ITER: 7 END: OK
2019-10-07 19:23:16.528 4612 INFO rally.task.runner [-] Task de8ff544-1de8-4e0d-a70f-884ace9bdeca | ITER: 36 START
2019-10-07 19:23:16.529 4612 WARNING rally_openstack.scenarios.neutron.utils [-] Running this scenario without either the 'network' or 'existing_network' context is deprecated
2019-10-07 19:23:16.600 4602 INFO rally.task.runner [-] Task de8ff544-1de8-4e0d-a70f-884ace9bdeca | ITER: 1 END: OK
2019-10-07 19:23:16.607 4602 INFO rally.task.runner [-] Task de8ff544-1de8-4e0d-a70f-884ace9bdeca | ITER: 37 START
2019-10-07 19:23:16.608 4602 WARNING rally_openstack.scenarios.neutron.utils [-] Running this scenario without either the 'network' or 'existing_network' context is deprecated
2019-10-07 19:23:17.174 4621 INFO rally.task.runner [-] Task de8ff544-1de8-4e0d-a70f-884ace9bdeca | ITER: 10 END: OK
2019-10-07 19:23:17.181 4621 INFO rally.task.runner [-] Task de8ff544-1de8-4e0d-a70f-884ace9bdeca | ITER: 38 START
2019-10-07 19:23:17.183 4621 WARNING rally_openstack.scenarios.neutron.utils [-] Running this scenario without either the 'network' or 'existing_network' context is deprecated
2019-10-07 19:23:23.643 4633 INFO rally.task.runner [-] Task de8ff544-1de8-4e0d-a70f-884ace9bdeca | ITER: 14 END: OK
2019-10-07 19:23:23.651 4633 INFO rally.task.runner [-] Task de8ff544-1de8-4e0d-a70f-884ace9bdeca | ITER: 39 START
2019-10-07 19:23:23.652 4633 WARNING rally_openstack.scenarios.neutron.utils [-] Running this scenario without either the 'network' or 'existing_network' context is deprecated
2019-10-07 19:23:25.781 4651 INFO rally.task.runner [-] Task de8ff544-1de8-4e0d-a70f-884ace9bdeca | ITER: 20 END: OK
2019-10-07 19:23:25.789 4651 INFO rally.task.runner [-] Task de8ff544-1de8-4e0d-a70f-884ace9bdeca | ITER: 40 START
2019-10-07 19:23:25.790 4651 WARNING rally_openstack.scenarios.neutron.utils [-] Running this scenario without either the 'network' or 'existing_network' context is deprecated
2019-10-07 19:24:08.702 4609 INFO rally.task.runner [-] Task de8ff544-1de8-4e0d-a70f-884ace9bdeca | ITER: 26 END: OK
2019-10-07 19:24:09.098 4605 INFO rally.task.runner [-] Task de8ff544-1de8-4e0d-a70f-884ace9bdeca | ITER: 30 END: OK
2019-10-07 19:24:09.365 4645 INFO rally.task.runner [-] Task de8ff544-1de8-4e0d-a70f-884ace9bdeca | ITER: 21 END: OK
2019-10-07 19:24:11.885 4650 INFO rally.task.runner [-] Task de8ff544-1de8-4e0d-a70f-884ace9bdeca | ITER: 35 END: OK
2019-10-07 19:24:12.719 4629 INFO rally.task.runner [-] Task de8ff544-1de8-4e0d-a70f-884ace9bdeca | ITER: 22 END: OK
2019-10-07 19:24:12.780 4604 INFO rally.task.runner [-] Task de8ff544-1de8-4e0d-a70f-884ace9bdeca | ITER: 23 END: OK
2019-10-07 19:24:13.201 4603 INFO rally.task.runner [-] Task de8ff544-1de8-4e0d-a70f-884ace9bdeca | ITER: 25 END: OK
2019-10-07 19:24:13.472 4639 INFO rally.task.runner [-] Task de8ff544-1de8-4e0d-a70f-884ace9bdeca | ITER: 33 END: OK
2019-10-07 19:24:13.518 4630 INFO rally.task.runner [-] Task de8ff544-1de8-4e0d-a70f-884ace9bdeca | ITER: 27 END: OK
2019-10-07 19:24:14.489 4636 INFO rally.task.runner [-] Task de8ff544-1de8-4e0d-a70f-884ace9bdeca | ITER: 31 END: OK
2019-10-07 19:24:15.347 4618 INFO rally.task.runner [-] Task de8ff544-1de8-4e0d-a70f-884ace9bdeca | ITER: 28 END: OK
2019-10-07 19:24:15.639 4606 INFO rally.task.runner [-] Task de8ff544-1de8-4e0d-a70f-884ace9bdeca | ITER: 34 END: OK
2019-10-07 19:24:16.291 4624 INFO rally.task.runner [-] Task de8ff544-1de8-4e0d-a70f-884ace9bdeca | ITER: 32 END: OK
2019-10-07 19:24:16.300 4617 INFO rally.task.runner [-] Task de8ff544-1de8-4e0d-a70f-884ace9bdeca | ITER: 29 END: OK
2019-10-07 19:24:16.707 4602 INFO rally.task.runner [-] Task de8ff544-1de8-4e0d-a70f-884ace9bdeca | ITER: 37 END: OK
2019-10-07 19:24:16.940 4644 INFO rally.task.runner [-] Task de8ff544-1de8-4e0d-a70f-884ace9bdeca | ITER: 24 END: OK
2019-10-07 19:24:17.384 4651 INFO rally.task.runner [-] Task de8ff544-1de8-4e0d-a70f-884ace9bdeca | ITER: 40 END: OK
2019-10-07 19:24:17.538 4612 INFO rally.task.runner [-] Task de8ff544-1de8-4e0d-a70f-884ace9bdeca | ITER: 36 END: OK
2019-10-07 19:24:17.966 4621 INFO rally.task.runner [-] Task de8ff544-1de8-4e0d-a70f-884ace9bdeca | ITER: 38 END: OK
2019-10-07 19:24:18.653 4633 INFO rally.task.runner [-] Task de8ff544-1de8-4e0d-a70f-884ace9bdeca | ITER: 39 END: OK
2019-10-07 19:24:18.678 15 INFO rally.task.context [-] Task de8ff544-1de8-4e0d-a70f-884ace9bdeca | Context cleanup@openstack cleanup() started
2019-10-07 19:24:18.681 15 RALLYDEBUG rally_openstack.cleanup.manager [-] Cleaning up neutron vip objects
2019-10-07 19:24:18.904 15 RALLYDEBUG rally_openstack.cleanup.manager [-] Cleaning up neutron health_monitor objects
2019-10-07 19:24:19.110 15 RALLYDEBUG rally_openstack.cleanup.manager [-] Cleaning up neutron pool objects
2019-10-07 19:24:19.310 15 RALLYDEBUG rally_openstack.cleanup.manager [-] Cleaning up neutron loadbalancer objects
2019-10-07 19:24:19.521 15 RALLYDEBUG rally_openstack.cleanup.manager [-] Cleaning up neutron floatingip objects
2019-10-07 19:24:19.885 15 RALLYDEBUG rally_openstack.cleanup.manager [-] Cleaning up neutron trunk objects
2019-10-07 19:24:20.065 15 DEBUG neutronclient.v2_0.client [-] Error message: {"message": "The resource could not be found.

