2019-12-13 17:27:40.620 6 RALLYDEBUG rally.api [-] INFO logs from urllib3 and requests module are hide.
2019-12-13 17:27:40.620 6 RALLYDEBUG rally.api [-] urllib3 insecure warnings are hidden.
2019-12-13 17:27:40.620 6 RALLYDEBUG rally.api [-] ERROR log from boto module is hide.
2019-12-13 17:27:41.907 6 ERROR rally.cli.cliutils [-] Unexpected exception in CLI: DBRecordNotFound: Record for uuid or name is opnfv-rally not found in table envs
2019-12-13 17:27:41.907 6 ERROR rally.cli.cliutils
Traceback (most recent call last):
2019-12-13 17:27:41.907 6 ERROR rally.cli.cliutils
File "/usr/lib/python2.7/site-packages/rally/cli/cliutils.py", line 674, in run
2019-12-13 17:27:41.907 6 ERROR rally.cli.cliutils ret = fn(*fn_args, **fn_kwargs)
2019-12-13 17:27:41.907 6 ERROR rally.cli.cliutils File "", line 2, in destroy
2019-12-13 17:27:41.907 6 ERROR rally.cli.cliutils
File "/usr/lib/python2.7/site-packages/rally/cli/envutils.py", line 68, in default_from_global
2019-12-13 17:27:41.907 6 ERROR rally.cli.cliutils return f(*args, **kwargs)
2019-12-13 17:27:41.907 6 ERROR rally.cli.cliutils File "", line 2, in destroy
2019-12-13 17:27:41.907 6 ERROR rally.cli.cliutils
File "/usr/lib/python2.7/site-packages/rally/plugins/__init__.py", line 51, in ensure_plugins_are_loaded
2019-12-13 17:27:41.907 6 ERROR rally.cli.cliutils return f(*args, **kwargs)
2019-12-13 17:27:41.907 6 ERROR rally.cli.cliutils
File "/usr/lib/python2.7/site-packages/rally/cli/commands/deployment.py", line 157, in destroy
2019-12-13 17:27:41.907 6 ERROR rally.cli.cliutils api.deployment.destroy(deployment=deployment)
2019-12-13 17:27:41.907 6 ERROR rally.cli.cliutils
File "/usr/lib/python2.7/site-packages/rally/api.py", line 115, in destroy
2019-12-13 17:27:41.907 6 ERROR rally.cli.cliutils deploy = objects.Deployment.get(deployment)
2019-12-13 17:27:41.907 6 ERROR rally.cli.cliutils
File "/usr/lib/python2.7/site-packages/rally/common/objects/deploy.py", line 124, in get
2019-12-13 17:27:41.907 6 ERROR rally.cli.cliutils return Deployment(env_mgr.EnvManager.get(deploy))
2019-12-13 17:27:41.907 6 ERROR rally.cli.cliutils
File "/usr/lib/python2.7/site-packages/rally/env/env_mgr.py", line 212, in get
2019-12-13 17:27:41.907 6 ERROR rally.cli.cliutils return cls(db.env_get(uuid_or_name))
2019-12-13 17:27:41.907 6 ERROR rally.cli.cliutils
File "/usr/lib/python2.7/site-packages/rally/common/db/api.py", line 135, in wrapper
2019-12-13 17:27:41.907 6 ERROR rally.cli.cliutils result = f(session, *args, **kwargs)
2019-12-13 17:27:41.907 6 ERROR rally.cli.cliutils
File "/usr/lib/python2.7/site-packages/rally/common/db/api.py", line 521, in env_get
2019-12-13 17:27:41.907 6 ERROR rally.cli.cliutils criteria="uuid or name is %s" % uuid_or_name, table="envs")
2019-12-13 17:27:41.907 6 ERROR rally.cli.cliutils DBRecordNotFound: Record for uuid or name is opnfv-rally not found in table envs
2019-12-13 17:27:41.907 6 ERROR rally.cli.cliutils
2019-12-13 17:27:42.709 8 RALLYDEBUG rally.api [-] INFO logs from urllib3 and requests module are hide.
2019-12-13 17:27:42.709 8 RALLYDEBUG rally.api [-] urllib3 insecure warnings are hidden.
2019-12-13 17:27:42.709 8 RALLYDEBUG rally.api [-] ERROR log from boto module is hide.
2019-12-13 17:27:44.880 10 RALLYDEBUG rally.api [-] INFO logs from urllib3 and requests module are hide.
2019-12-13 17:27:44.880 10 RALLYDEBUG rally.api [-] urllib3 insecure warnings are hidden.
2019-12-13 17:27:44.880 10 RALLYDEBUG rally.api [-] ERROR log from boto module is hide.
2019-12-13 17:27:47.523 13 RALLYDEBUG rally.api [-] INFO logs from urllib3 and requests module are hide.
2019-12-13 17:27:47.523 13 RALLYDEBUG rally.api [-] urllib3 insecure warnings are hidden.
2019-12-13 17:27:47.523 13 RALLYDEBUG rally.api [-] ERROR log from boto module is hide.
2019-12-13 17:27:48.835 15 RALLYDEBUG rally.api [-] INFO logs from urllib3 and requests module are hide.
2019-12-13 17:27:48.836 15 RALLYDEBUG rally.api [-] urllib3 insecure warnings are hidden.
2019-12-13 17:27:48.836 15 RALLYDEBUG rally.api [-] ERROR log from boto module is hide.
2019-12-13 17:27:50.080 15 INFO rally.common.plugin.discover [-] Loading plugins from directories /root/.rally/plugins/*
2019-12-13 17:27:50.080 15 INFO rally.common.plugin.discover [-] Loaded module with plugins: /root/.rally/plugins/__init__.py
2019-12-13 17:27:50.083 15 INFO rally.common.plugin.discover [-] Loaded module with plugins: /root/.rally/plugins/trunk_scenario.py
2019-12-13 17:27:50.252 15 INFO rally.task.engine [-] Task e0882c5d-fa0d-4220-b701-393905d42074 | Starting: Task validation.
2019-12-13 17:27:50.264 15 INFO rally.task.engine [-] Task e0882c5d-fa0d-4220-b701-393905d42074 | Starting: Task validation of syntax.
2019-12-13 17:27:50.413 15 INFO rally.task.engine [-] Task e0882c5d-fa0d-4220-b701-393905d42074 | Completed: Task validation of syntax.
2019-12-13 17:27:50.414 15 INFO rally.task.engine [-] Task e0882c5d-fa0d-4220-b701-393905d42074 | Starting: Task validation of required platforms.
2019-12-13 17:27:50.484 15 INFO rally.task.engine [-] Task e0882c5d-fa0d-4220-b701-393905d42074 | Completed: Task validation of required platforms.
2019-12-13 17:27:50.484 15 INFO rally.task.engine [-] Task e0882c5d-fa0d-4220-b701-393905d42074 | Starting: Task validation of semantic.
2019-12-13 17:27:50.484 15 INFO rally.task.engine [-] Check health of the environment '77662b58-7e04-4a46-8b8a-3a7ceec86d59'.
2019-12-13 17:27:50.892 15 INFO rally.task.engine [-] Platform existing@openstack (available: True): OK!
2019-12-13 17:27:50.904 15 RALLYDEBUG rally_openstack.contexts.keystone.users [-] Creating 1 tenants using 20 threads
2019-12-13 17:27:51.231 15 RALLYDEBUG rally_openstack.contexts.keystone.users [-] Creating 1 users using 20 threads
2019-12-13 17:27:51.707 15 INFO rally.task.context [-] Task e0882c5d-fa0d-4220-b701-393905d42074 | Context users@openstack setup() finished in 0.80 sec
2019-12-13 17:27:53.282 15 INFO rally.task.context [-] Task e0882c5d-fa0d-4220-b701-393905d42074 | Context users@openstack cleanup() started
2019-12-13 17:27:55.137 15 INFO rally.task.context [-] Task e0882c5d-fa0d-4220-b701-393905d42074 | Context users@openstack cleanup() finished in 1.86 sec
2019-12-13 17:27:55.137 15 INFO rally.task.engine [-] Task e0882c5d-fa0d-4220-b701-393905d42074 | Completed: Task validation of semantic.
2019-12-13 17:27:55.138 15 INFO rally.task.engine [-] Task e0882c5d-fa0d-4220-b701-393905d42074 | Completed: Task validation.
2019-12-13 17:27:55.138 15 INFO rally.api [-] Task e0882c5d-fa0d-4220-b701-393905d42074 input file is valid.
2019-12-13 17:27:55.138 15 INFO rally.api [-] Run Task e0882c5d-fa0d-4220-b701-393905d42074 against Deployment 77662b58-7e04-4a46-8b8a-3a7ceec86d59
2019-12-13 17:27:55.139 15 INFO rally.task.engine [-] Task e0882c5d-fa0d-4220-b701-393905d42074 | Starting: Running task.
2019-12-13 17:27:55.188 15 INFO rally.task.engine [-] Running workload: position = 0 config = { "version": 2, "title": "A cropped version of a bigger task.", "description": "Auto-generated task from a single workload (uuid=4445f9b7-4afe-4429-bbd3-3df0c8884103)", "subtasks": [ { "title": "NeutronNetworks.create_and_list_networks", "description": "Check performance of list_networks action and ensure > network quotas are not exceeded", "scenario": { "NeutronNetworks.create_and_list_networks": {} }, "contexts": { "users": { "tenants": 1, "users_per_tenant": 1 }, "quotas": { "neutron": { "network": 119 } } }, "runner": { "constant": { "times": 100, "concurrency": 20 } }, "hooks": [], "sla": { "max_avg_duration_per_atomic": { "neutron.list_networks": 15 }, "failure_rate": { "max": 0 } } } ] }
2019-12-13 17:27:55.201 15 RALLYDEBUG rally_openstack.contexts.keystone.users [-] Creating 1 tenants using 20 threads
2019-12-13 17:27:55.565 15 RALLYDEBUG rally_openstack.contexts.keystone.users [-] Creating 1 users using 20 threads
2019-12-13 17:27:56.014 15 INFO rally.task.context [-] Task e0882c5d-fa0d-4220-b701-393905d42074 | Context users@openstack setup() finished in 0.81 sec
2019-12-13 17:27:56.402 15 INFO rally.task.context [-] Task e0882c5d-fa0d-4220-b701-393905d42074 | Context quotas@openstack setup() finished in 0.39 sec
2019-12-13 17:27:56.402 15 INFO rally.task.context [-] Task e0882c5d-fa0d-4220-b701-393905d42074 | Context cleanup@openstack setup() finished in 0.01 msec
2019-12-13 17:27:56.415 15 RALLYDEBUG rally.task.runner [-] Starting the constant runner (task UUID: e0882c5d-fa0d-4220-b701-393905d42074). timeout: 0 concurrency: 20 concurrency_per_worker: 1 times: 100 concurrency_overhead: 0 processes_to_start: 20 max_cpu_used: 88
2019-12-13 17:27:56.429 139 RALLYDEBUG rally.task.runner [-] Starting a worker. concurrency: 1 args: {} times: 100 method_name: run timeout: 0 duration: None cls:
2019-12-13 17:27:56.431 140 RALLYDEBUG rally.task.runner [-] Starting a worker. concurrency: 1 args: {} times: 100 method_name: run timeout: 0 duration: None cls:
2019-12-13 17:27:56.433 141 RALLYDEBUG rally.task.runner [-] Starting a worker. concurrency: 1 args: {} times: 100 method_name: run timeout: 0 duration: None cls:
2019-12-13 17:27:56.436 142 RALLYDEBUG rally.task.runner [-] Starting a worker. concurrency: 1 args: {} times: 100 method_name: run timeout: 0 duration: None cls:
2019-12-13 17:27:56.436 139 INFO rally.task.runner [-] Task e0882c5d-fa0d-4220-b701-393905d42074 | ITER: 1 START
2019-12-13 17:27:56.437 140 INFO rally.task.runner [-] Task e0882c5d-fa0d-4220-b701-393905d42074 | ITER: 2 START
2019-12-13 17:27:56.438 143 RALLYDEBUG rally.task.runner [-] Starting a worker. concurrency: 1 args: {} times: 100 method_name: run timeout: 0 duration: None cls:
2019-12-13 17:27:56.439 141 INFO rally.task.runner [-] Task e0882c5d-fa0d-4220-b701-393905d42074 | ITER: 3 START
2019-12-13 17:27:56.441 145 RALLYDEBUG rally.task.runner [-] Starting a worker. concurrency: 1 args: {} times: 100 method_name: run timeout: 0 duration: None cls:
2019-12-13 17:27:56.442 142 INFO rally.task.runner [-] Task e0882c5d-fa0d-4220-b701-393905d42074 | ITER: 4 START
2019-12-13 17:27:56.444 143 INFO rally.task.runner [-] Task e0882c5d-fa0d-4220-b701-393905d42074 | ITER: 5 START
2019-12-13 17:27:56.443 150 RALLYDEBUG rally.task.runner [-] Starting a worker. concurrency: 1 args: {} times: 100 method_name: run timeout: 0 duration: None cls:
2019-12-13 17:27:56.447 145 INFO rally.task.runner [-] Task e0882c5d-fa0d-4220-b701-393905d42074 | ITER: 6 START
2019-12-13 17:27:56.446 153 RALLYDEBUG rally.task.runner [-] Starting a worker. concurrency: 1 args: {} times: 100 method_name: run timeout: 0 duration: None cls:
2019-12-13 17:27:56.449 150 INFO rally.task.runner [-] Task e0882c5d-fa0d-4220-b701-393905d42074 | ITER: 7 START
2019-12-13 17:27:56.453 153 INFO rally.task.runner [-] Task e0882c5d-fa0d-4220-b701-393905d42074 | ITER: 8 START
2019-12-13 17:27:56.452 157 RALLYDEBUG rally.task.runner [-] Starting a worker. concurrency: 1 args: {} times: 100 method_name: run timeout: 0 duration: None cls:
2019-12-13 17:27:56.452 160 RALLYDEBUG rally.task.runner [-] Starting a worker. concurrency: 1 args: {} times: 100 method_name: run timeout: 0 duration: None cls:
2019-12-13 17:27:56.455 163 RALLYDEBUG rally.task.runner [-] Starting a worker. concurrency: 1 args: {} times: 100 method_name: run timeout: 0 duration: None cls:
2019-12-13 17:27:56.458 166 RALLYDEBUG rally.task.runner [-] Starting a worker. concurrency: 1 args: {} times: 100 method_name: run timeout: 0 duration: None cls:
2019-12-13 17:27:56.461 160 INFO rally.task.runner [-] Task e0882c5d-fa0d-4220-b701-393905d42074 | ITER: 9 START
2019-12-13 17:27:56.461 163 INFO rally.task.runner [-] Task e0882c5d-fa0d-4220-b701-393905d42074 | ITER: 11 START
2019-12-13 17:27:56.461 167 RALLYDEBUG rally.task.runner [-] Starting a worker. concurrency: 1 args: {} times: 100 method_name: run timeout: 0 duration: None cls:
2019-12-13 17:27:56.463 157 INFO rally.task.runner [-] Task e0882c5d-fa0d-4220-b701-393905d42074 | ITER: 10 START
2019-12-13 17:27:56.464 166 INFO rally.task.runner [-] Task e0882c5d-fa0d-4220-b701-393905d42074 | ITER: 12 START
2019-12-13 17:27:56.464 168 RALLYDEBUG rally.task.runner [-] Starting a worker. concurrency: 1 args: {} times: 100 method_name: run timeout: 0 duration: None cls:
2019-12-13 17:27:56.467 167 INFO rally.task.runner [-] Task e0882c5d-fa0d-4220-b701-393905d42074 | ITER: 13 START
2019-12-13 17:27:56.467 173 RALLYDEBUG rally.task.runner [-] Starting a worker. concurrency: 1 args: {} times: 100 method_name: run timeout: 0 duration: None cls:
2019-12-13 17:27:56.469 178 RALLYDEBUG rally.task.runner [-] Starting a worker. concurrency: 1 args: {} times: 100 method_name: run timeout: 0 duration: None cls:
2019-12-13 17:27:56.470 168 INFO rally.task.runner [-] Task e0882c5d-fa0d-4220-b701-393905d42074 | ITER: 14 START
2019-12-13 17:27:56.472 181 RALLYDEBUG rally.task.runner [-] Starting a worker. concurrency: 1 args: {} times: 100 method_name: run timeout: 0 duration: None cls:
2019-12-13 17:27:56.473 173 INFO rally.task.runner [-] Task e0882c5d-fa0d-4220-b701-393905d42074 | ITER: 15 START
2019-12-13 17:27:56.474 184 RALLYDEBUG rally.task.runner [-] Starting a worker. concurrency: 1 args: {} times: 100 method_name: run timeout: 0 duration: None cls:
2019-12-13 17:27:56.474 178 INFO rally.task.runner [-] Task e0882c5d-fa0d-4220-b701-393905d42074 | ITER: 16 START
2019-12-13 17:27:56.478 187 RALLYDEBUG rally.task.runner [-] Starting a worker. concurrency: 1 args: {} times: 100 method_name: run timeout: 0 duration: None cls:
2019-12-13 17:27:56.481 184 INFO rally.task.runner [-] Task e0882c5d-fa0d-4220-b701-393905d42074 | ITER: 18 START
2019-12-13 17:27:56.481 181 INFO rally.task.runner [-] Task e0882c5d-fa0d-4220-b701-393905d42074 | ITER: 17 START
2019-12-13 17:27:56.481 190 RALLYDEBUG rally.task.runner [-] Starting a worker. concurrency: 1 args: {} times: 100 method_name: run timeout: 0 duration: None cls:
2019-12-13 17:27:56.486 187 INFO rally.task.runner [-] Task e0882c5d-fa0d-4220-b701-393905d42074 | ITER: 19 START
2019-12-13 17:27:56.489 190 INFO rally.task.runner [-] Task e0882c5d-fa0d-4220-b701-393905d42074 | ITER: 20 START
2019-12-13 17:27:57.611 181 INFO rally.task.runner [-] Task e0882c5d-fa0d-4220-b701-393905d42074 | ITER: 17 END: OK
2019-12-13 17:27:57.616 181 INFO rally.task.runner [-] Task e0882c5d-fa0d-4220-b701-393905d42074 | ITER: 21 START
2019-12-13 17:27:57.645 190 INFO rally.task.runner [-] Task e0882c5d-fa0d-4220-b701-393905d42074 | ITER: 20 END: OK
2019-12-13 17:27:57.650 190 INFO rally.task.runner [-] Task e0882c5d-fa0d-4220-b701-393905d42074 | ITER: 22 START
2019-12-13 17:27:57.654 163 INFO rally.task.runner [-] Task e0882c5d-fa0d-4220-b701-393905d42074 | ITER: 11 END: OK
2019-12-13 17:27:57.657 163 INFO rally.task.runner [-] Task e0882c5d-fa0d-4220-b701-393905d42074 | ITER: 23 START
2019-12-13 17:27:57.972 184 INFO rally.task.runner [-] Task e0882c5d-fa0d-4220-b701-393905d42074 | ITER: 18 END: OK
2019-12-13 17:27:57.973 140 INFO rally.task.runner [-] Task e0882c5d-fa0d-4220-b701-393905d42074 | ITER: 2 END: OK
2019-12-13 17:27:57.976 184 INFO rally.task.runner [-] Task e0882c5d-fa0d-4220-b701-393905d42074 | ITER: 24 START
2019-12-13 17:27:57.978 140 INFO rally.task.runner [-] Task e0882c5d-fa0d-4220-b701-393905d42074 | ITER: 25 START
2019-12-13 17:27:58.537 173 INFO rally.task.runner [-] Task e0882c5d-fa0d-4220-b701-393905d42074 | ITER: 15 END: OK
2019-12-13 17:27:58.538 153 INFO rally.task.runner [-] Task e0882c5d-fa0d-4220-b701-393905d42074 | ITER: 8 END: OK
2019-12-13 17:27:58.541 173 INFO rally.task.runner [-] Task e0882c5d-fa0d-4220-b701-393905d42074 | ITER: 26 START
2019-12-13 17:27:58.544 153 INFO rally.task.runner [-] Task e0882c5d-fa0d-4220-b701-393905d42074 | ITER: 27 START
2019-12-13 17:27:58.551 178 INFO rally.task.runner [-] Task e0882c5d-fa0d-4220-b701-393905d42074 | ITER: 16 END: OK
2019-12-13 17:27:58.555 178 INFO rally.task.runner [-] Task e0882c5d-fa0d-4220-b701-393905d42074 | ITER: 28 START
2019-12-13 17:27:58.559 142 INFO rally.task.runner [-] Task e0882c5d-fa0d-4220-b701-393905d42074 | ITER: 4 END: OK
2019-12-13 17:27:58.564 142 INFO rally.task.runner [-] Task e0882c5d-fa0d-4220-b701-393905d42074 | ITER: 29 START
2019-12-13 17:27:58.636 168 INFO rally.task.runner [-] Task e0882c5d-fa0d-4220-b701-393905d42074 | ITER: 14 END: OK
2019-12-13 17:27:58.641 168 INFO rally.task.runner [-] Task e0882c5d-fa0d-4220-b701-393905d42074 | ITER: 30 START
2019-12-13 17:27:58.645 141 INFO rally.task.runner [-] Task e0882c5d-fa0d-4220-b701-393905d42074 | ITER: 3 END: OK
2019-12-13 17:27:58.650 141 INFO rally.task.runner [-] Task e0882c5d-fa0d-4220-b701-393905d42074 | ITER: 31 START
2019-12-13 17:27:58.669 150 INFO rally.task.runner [-] Task e0882c5d-fa0d-4220-b701-393905d42074 | ITER: 7 END: OK
2019-12-13 17:27:58.673 150 INFO rally.task.runner [-] Task e0882c5d-fa0d-4220-b701-393905d42074 | ITER: 32 START
2019-12-13 17:27:58.675 145 INFO rally.task.runner [-] Task e0882c5d-fa0d-4220-b701-393905d42074 | ITER: 6 END: OK
2019-12-13 17:27:58.680 145 INFO rally.task.runner [-] Task e0882c5d-fa0d-4220-b701-393905d42074 | ITER: 33 START
2019-12-13 17:27:58.697 163 INFO rally.task.runner [-] Task e0882c5d-fa0d-4220-b701-393905d42074 | ITER: 23 END: OK
2019-12-13 17:27:58.701 163 INFO rally.task.runner [-] Task e0882c5d-fa0d-4220-b701-393905d42074 | ITER: 34 START
2019-12-13 17:27:58.761 143 INFO rally.task.runner [-] Task e0882c5d-fa0d-4220-b701-393905d42074 | ITER: 5 END: OK
2019-12-13 17:27:58.764 143 INFO rally.task.runner [-] Task e0882c5d-fa0d-4220-b701-393905d42074 | ITER: 35 START
2019-12-13 17:27:58.771 181 INFO rally.task.runner [-] Task e0882c5d-fa0d-4220-b701-393905d42074 | ITER: 21 END: OK
2019-12-13 17:27:58.775 181 INFO rally.task.runner [-] Task e0882c5d-fa0d-4220-b701-393905d42074 | ITER: 36 START
2019-12-13 17:27:58.856 160 INFO rally.task.runner [-] Task e0882c5d-fa0d-4220-b701-393905d42074 | ITER: 9 END: OK
2019-12-13 17:27:58.861 160 INFO rally.task.runner [-] Task e0882c5d-fa0d-4220-b701-393905d42074 | ITER: 37 START
2019-12-13 17:27:58.862 166 INFO rally.task.runner [-] Task e0882c5d-fa0d-4220-b701-393905d42074 | ITER: 12 END: OK
2019-12-13 17:27:58.866 166 INFO rally.task.runner [-] Task e0882c5d-fa0d-4220-b701-393905d42074 | ITER: 38 START
2019-12-13 17:27:58.959 190 INFO rally.task.runner [-] Task e0882c5d-fa0d-4220-b701-393905d42074 | ITER: 22 END: OK
2019-12-13 17:27:58.962 190 INFO rally.task.runner [-] Task e0882c5d-fa0d-4220-b701-393905d42074 | ITER: 39 START
2019-12-13 17:27:59.174 187 INFO rally.task.runner [-] Task e0882c5d-fa0d-4220-b701-393905d42074 | ITER: 19 END: OK
2019-12-13 17:27:59.179 187 INFO rally.task.runner [-] Task e0882c5d-fa0d-4220-b701-393905d42074 | ITER: 40 START
2019-12-13 17:27:59.290 167 INFO rally.task.runner [-] Task e0882c5d-fa0d-4220-b701-393905d42074 | ITER: 13 END: OK
2019-12-13 17:27:59.295 167 INFO rally.task.runner [-] Task e0882c5d-fa0d-4220-b701-393905d42074 | ITER: 41 START
2019-12-13 17:27:59.379 139 INFO rally.task.runner [-] Task e0882c5d-fa0d-4220-b701-393905d42074 | ITER: 1 END: OK
2019-12-13 17:27:59.384 139 INFO rally.task.runner [-] Task e0882c5d-fa0d-4220-b701-393905d42074 | ITER: 42 START
2019-12-13 17:27:59.498 157 INFO rally.task.runner [-] Task e0882c5d-fa0d-4220-b701-393905d42074 | ITER: 10 END: OK
2019-12-13 17:27:59.503 157 INFO rally.task.runner [-] Task e0882c5d-fa0d-4220-b701-393905d42074 | ITER: 43 START
2019-12-13 17:27:59.578 140 INFO rally.task.runner [-] Task e0882c5d-fa0d-4220-b701-393905d42074 | ITER: 25 END: OK
2019-12-13 17:27:59.582 140 INFO rally.task.runner [-] Task e0882c5d-fa0d-4220-b701-393905d42074 | ITER: 44 START
2019-12-13 17:27:59.607 153 INFO rally.task.runner [-] Task e0882c5d-fa0d-4220-b701-393905d42074 | ITER: 27 END: OK
2019-12-13 17:27:59.610 153 INFO rally.task.runner [-] Task e0882c5d-fa0d-4220-b701-393905d42074 | ITER: 45 START
2019-12-13 17:27:59.683 173 INFO rally.task.runner [-] Task e0882c5d-fa0d-4220-b701-393905d42074 | ITER: 26 END: OK
2019-12-13 17:27:59.686 173 INFO rally.task.runner [-] Task e0882c5d-fa0d-4220-b701-393905d42074 | ITER: 46 START
2019-12-13 17:27:59.702 178 INFO rally.task.runner [-] Task e0882c5d-fa0d-4220-b701-393905d42074 | ITER: 28 END: OK
2019-12-13 17:27:59.706 178 INFO rally.task.runner [-] Task e0882c5d-fa0d-4220-b701-393905d42074 | ITER: 47 START
2019-12-13 17:27:59.717 184 INFO rally.task.runner [-] Task e0882c5d-fa0d-4220-b701-393905d42074 | ITER: 24 END: OK
2019-12-13 17:27:59.721 184 INFO rally.task.runner [-] Task e0882c5d-fa0d-4220-b701-393905d42074 | ITER: 48 START
2019-12-13 17:28:00.220 181 INFO rally.task.runner [-] Task e0882c5d-fa0d-4220-b701-393905d42074 | ITER: 36 END: OK
2019-12-13 17:28:00.223 181 INFO rally.task.runner [-] Task e0882c5d-fa0d-4220-b701-393905d42074 | ITER: 49 START
2019-12-13 17:28:00.261 142 INFO rally.task.runner [-] Task e0882c5d-fa0d-4220-b701-393905d42074 | ITER: 29 END: OK
2019-12-13 17:28:00.265 142 INFO rally.task.runner [-] Task e0882c5d-fa0d-4220-b701-393905d42074 | ITER: 50 START
2019-12-13 17:28:00.295 190 INFO rally.task.runner [-] Task e0882c5d-fa0d-4220-b701-393905d42074 | ITER: 39 END: OK
2019-12-13 17:28:00.299 190 INFO rally.task.runner [-] Task e0882c5d-fa0d-4220-b701-393905d42074 | ITER: 51 START
2019-12-13 17:28:00.405 163 INFO rally.task.runner [-] Task e0882c5d-fa0d-4220-b701-393905d42074 | ITER: 34 END: OK
2019-12-13 17:28:00.409 163 INFO rally.task.runner [-] Task e0882c5d-fa0d-4220-b701-393905d42074 | ITER: 52 START
2019-12-13 17:28:00.422 166 INFO rally.task.runner [-] Task e0882c5d-fa0d-4220-b701-393905d42074 | ITER: 38 END: OK
2019-12-13 17:28:00.426 166 INFO rally.task.runner [-] Task e0882c5d-fa0d-4220-b701-393905d42074 | ITER: 53 START
2019-12-13 17:28:00.449 141 INFO rally.task.runner [-] Task e0882c5d-fa0d-4220-b701-393905d42074 | ITER: 31 END: OK
2019-12-13 17:28:00.453 141 INFO rally.task.runner [-] Task e0882c5d-fa0d-4220-b701-393905d42074 | ITER: 54 START
2019-12-13 17:28:00.472 145 INFO rally.task.runner [-] Task e0882c5d-fa0d-4220-b701-393905d42074 | ITER: 33 END: OK
2019-12-13 17:28:00.476 145 INFO rally.task.runner [-] Task e0882c5d-fa0d-4220-b701-393905d42074 | ITER: 55 START
2019-12-13 17:28:00.758 150 INFO rally.task.runner [-] Task e0882c5d-fa0d-4220-b701-393905d42074 | ITER: 32 END: OK
2019-12-13 17:28:00.761 150 INFO rally.task.runner [-] Task e0882c5d-fa0d-4220-b701-393905d42074 | ITER: 56 START
2019-12-13 17:28:00.933 168 INFO rally.task.runner [-] Task e0882c5d-fa0d-4220-b701-393905d42074 | ITER: 30 END: OK
2019-12-13 17:28:00.937 168 INFO rally.task.runner [-] Task e0882c5d-fa0d-4220-b701-393905d42074 | ITER: 57 START
2019-12-13 17:28:00.983 173 INFO rally.task.runner [-] Task e0882c5d-fa0d-4220-b701-393905d42074 | ITER: 46 END: OK
2019-12-13 17:28:00.987 173 INFO rally.task.runner [-] Task e0882c5d-fa0d-4220-b701-393905d42074 | ITER: 58 START
2019-12-13 17:28:01.008 157 INFO rally.task.runner [-] Task e0882c5d-fa0d-4220-b701-393905d42074 | ITER: 43 END: OK
2019-12-13 17:28:01.012 157 INFO rally.task.runner [-] Task e0882c5d-fa0d-4220-b701-393905d42074 | ITER: 59 START
2019-12-13 17:28:01.028 178 INFO rally.task.runner [-] Task e0882c5d-fa0d-4220-b701-393905d42074 | ITER: 47 END: OK
2019-12-13 17:28:01.032 178 INFO rally.task.runner [-] Task e0882c5d-fa0d-4220-b701-393905d42074 | ITER: 60 START
2019-12-13 17:28:01.103 139 INFO rally.task.runner [-] Task e0882c5d-fa0d-4220-b701-393905d42074 | ITER: 42 END: OK
2019-12-13 17:28:01.107 139 INFO rally.task.runner [-] Task e0882c5d-fa0d-4220-b701-393905d42074 | ITER: 61 START
2019-12-13 17:28:01.107 160 INFO rally.task.runner [-] Task e0882c5d-fa0d-4220-b701-393905d42074 | ITER: 37 END: OK
2019-12-13 17:28:01.111 160 INFO rally.task.runner [-] Task e0882c5d-fa0d-4220-b701-393905d42074 | ITER: 62 START
2019-12-13 17:28:01.137 187 INFO rally.task.runner [-] Task e0882c5d-fa0d-4220-b701-393905d42074 | ITER: 40 END: OK
2019-12-13 17:28:01.140 187 INFO rally.task.runner [-] Task e0882c5d-fa0d-4220-b701-393905d42074 | ITER: 63 START
2019-12-13 17:28:01.288 140 INFO rally.task.runner [-] Task e0882c5d-fa0d-4220-b701-393905d42074 | ITER: 44 END: OK
2019-12-13 17:28:01.292 140 INFO rally.task.runner [-] Task e0882c5d-fa0d-4220-b701-393905d42074 | ITER: 64 START
2019-12-13 17:28:01.335 143 INFO rally.task.runner [-] Task e0882c5d-fa0d-4220-b701-393905d42074 | ITER: 35 END: OK
2019-12-13 17:28:01.338 143 INFO rally.task.runner [-] Task e0882c5d-fa0d-4220-b701-393905d42074 | ITER: 65 START
2019-12-13 17:28:01.569 190 INFO rally.task.runner [-] Task e0882c5d-fa0d-4220-b701-393905d42074 | ITER: 51 END: OK
2019-12-13 17:28:01.573 190 INFO rally.task.runner [-] Task e0882c5d-fa0d-4220-b701-393905d42074 | ITER: 66 START
2019-12-13 17:28:01.674 141 INFO rally.task.runner [-] Task e0882c5d-fa0d-4220-b701-393905d42074 | ITER: 54 END: OK
2019-12-13 17:28:01.678 141 INFO rally.task.runner [-] Task e0882c5d-fa0d-4220-b701-393905d42074 | ITER: 67 START
2019-12-13 17:28:01.688 184 INFO rally.task.runner [-] Task e0882c5d-fa0d-4220-b701-393905d42074 | ITER: 48 END: OK
2019-12-13 17:28:01.691 184 INFO rally.task.runner [-] Task e0882c5d-fa0d-4220-b701-393905d42074 | ITER: 68 START
2019-12-13 17:28:01.757 167 INFO rally.task.runner [-] Task e0882c5d-fa0d-4220-b701-393905d42074 | ITER: 41 END: OK
2019-12-13 17:28:01.761 167 INFO rally.task.runner [-] Task e0882c5d-fa0d-4220-b701-393905d42074 | ITER: 69 START
2019-12-13 17:28:02.014 166 INFO rally.task.runner [-] Task e0882c5d-fa0d-4220-b701-393905d42074 | ITER: 53 END: OK
2019-12-13 17:28:02.018 166 INFO rally.task.runner [-] Task e0882c5d-fa0d-4220-b701-393905d42074 | ITER: 70 START
2019-12-13 17:28:02.505 150 INFO rally.task.runner [-] Task e0882c5d-fa0d-4220-b701-393905d42074 | ITER: 56 END: OK
2019-12-13 17:28:02.509 150 INFO rally.task.runner [-] Task e0882c5d-fa0d-4220-b701-393905d42074 | ITER: 71 START
2019-12-13 17:28:02.515 168 INFO rally.task.runner [-] Task e0882c5d-fa0d-4220-b701-393905d42074 | ITER: 57 END: OK
2019-12-13 17:28:02.519 168 INFO rally.task.runner [-] Task e0882c5d-fa0d-4220-b701-393905d42074 | ITER: 72 START
2019-12-13 17:28:02.561 153 INFO rally.task.runner [-] Task e0882c5d-fa0d-4220-b701-393905d42074 | ITER: 45 END: OK
2019-12-13 17:28:02.563 173 INFO rally.task.runner [-] Task e0882c5d-fa0d-4220-b701-393905d42074 | ITER: 58 END: OK
2019-12-13 17:28:02.564 153 INFO rally.task.runner [-] Task e0882c5d-fa0d-4220-b701-393905d42074 | ITER: 73 START
2019-12-13 17:28:02.567 173 INFO rally.task.runner [-] Task e0882c5d-fa0d-4220-b701-393905d42074 | ITER: 74 START
2019-12-13 17:28:02.657 187 INFO rally.task.runner [-] Task e0882c5d-fa0d-4220-b701-393905d42074 | ITER: 63 END: OK
2019-12-13 17:28:02.660 187 INFO rally.task.runner [-] Task e0882c5d-fa0d-4220-b701-393905d42074 | ITER: 75 START
2019-12-13 17:28:02.862 181 INFO rally.task.runner [-] Task e0882c5d-fa0d-4220-b701-393905d42074 | ITER: 49 END: OK
2019-12-13 17:28:02.865 181 INFO rally.task.runner [-] Task e0882c5d-fa0d-4220-b701-393905d42074 | ITER: 76 START
2019-12-13 17:28:02.888 157 INFO rally.task.runner [-] Task e0882c5d-fa0d-4220-b701-393905d42074 | ITER: 59 END: OK
2019-12-13 17:28:02.892 157 INFO rally.task.runner [-] Task e0882c5d-fa0d-4220-b701-393905d42074 | ITER: 77 START
2019-12-13 17:28:02.921 163 INFO rally.task.runner [-] Task e0882c5d-fa0d-4220-b701-393905d42074 | ITER: 52 END: OK
2019-12-13 17:28:02.925 163 INFO rally.task.runner [-] Task e0882c5d-fa0d-4220-b701-393905d42074 | ITER: 78 START
2019-12-13 17:28:03.018 178 INFO rally.task.runner [-] Task e0882c5d-fa0d-4220-b701-393905d42074 | ITER: 60 END: OK
2019-12-13 17:28:03.021 178 INFO rally.task.runner [-] Task e0882c5d-fa0d-4220-b701-393905d42074 | ITER: 79 START
2019-12-13 17:28:03.039 190 INFO rally.task.runner [-] Task e0882c5d-fa0d-4220-b701-393905d42074 | ITER: 66 END: OK
2019-12-13 17:28:03.043 190 INFO rally.task.runner [-] Task e0882c5d-fa0d-4220-b701-393905d42074 | ITER: 80 START
2019-12-13 17:28:03.134 142 INFO rally.task.runner [-] Task e0882c5d-fa0d-4220-b701-393905d42074 | ITER: 50 END: OK
2019-12-13 17:28:03.138 142 INFO rally.task.runner [-] Task e0882c5d-fa0d-4220-b701-393905d42074 | ITER: 81 START
2019-12-13 17:28:03.139 139 INFO rally.task.runner [-] Task e0882c5d-fa0d-4220-b701-393905d42074 | ITER: 61 END: OK
2019-12-13 17:28:03.142 139 INFO rally.task.runner [-] Task e0882c5d-fa0d-4220-b701-393905d42074 | ITER: 82 START
2019-12-13 17:28:03.278 141 INFO rally.task.runner [-] Task e0882c5d-fa0d-4220-b701-393905d42074 | ITER: 67 END: OK
2019-12-13 17:28:03.281 141 INFO rally.task.runner [-] Task e0882c5d-fa0d-4220-b701-393905d42074 | ITER: 83 START
2019-12-13 17:28:03.404 167 INFO rally.task.runner [-] Task e0882c5d-fa0d-4220-b701-393905d42074 | ITER: 69 END: OK
2019-12-13 17:28:03.408 167 INFO rally.task.runner [-] Task e0882c5d-fa0d-4220-b701-393905d42074 | ITER: 84 START
2019-12-13 17:28:03.705 173 INFO rally.task.runner [-] Task e0882c5d-fa0d-4220-b701-393905d42074 | ITER: 74 END: OK
2019-12-13 17:28:03.708 173 INFO rally.task.runner [-] Task e0882c5d-fa0d-4220-b701-393905d42074 | ITER: 85 START
2019-12-13 17:28:03.797 184 INFO rally.task.runner [-] Task e0882c5d-fa0d-4220-b701-393905d42074 | ITER: 68 END: OK
2019-12-13 17:28:03.801 184 INFO rally.task.runner [-] Task e0882c5d-fa0d-4220-b701-393905d42074 | ITER: 86 START
2019-12-13 17:28:04.046 150 INFO rally.task.runner [-] Task e0882c5d-fa0d-4220-b701-393905d42074 | ITER: 71 END: OK
2019-12-13 17:28:04.050 150 INFO rally.task.runner [-] Task e0882c5d-fa0d-4220-b701-393905d42074 | ITER: 87 START
2019-12-13 17:28:04.242 145 INFO rally.task.runner [-] Task e0882c5d-fa0d-4220-b701-393905d42074 | ITER: 55 END: OK
2019-12-13 17:28:04.246 145 INFO rally.task.runner [-] Task e0882c5d-fa0d-4220-b701-393905d42074 | ITER: 88 START
2019-12-13 17:28:04.773 160 INFO rally.task.runner [-] Task e0882c5d-fa0d-4220-b701-393905d42074 | ITER: 62 END: OK
2019-12-13 17:28:04.777 160 INFO rally.task.runner [-] Task e0882c5d-fa0d-4220-b701-393905d42074 | ITER: 89 START
2019-12-13 17:28:04.859 143 INFO rally.task.runner [-] Task e0882c5d-fa0d-4220-b701-393905d42074 | ITER: 65 END: OK
2019-12-13 17:28:04.862 143 INFO rally.task.runner [-] Task e0882c5d-fa0d-4220-b701-393905d42074 | ITER: 90 START
2019-12-13 17:28:04.932 178 INFO rally.task.runner [-] Task e0882c5d-fa0d-4220-b701-393905d42074 | ITER: 79 END: OK
2019-12-13 17:28:04.936 178 INFO rally.task.runner [-] Task e0882c5d-fa0d-4220-b701-393905d42074 | ITER: 91 START
2019-12-13 17:28:05.042 139 INFO rally.task.runner [-] Task e0882c5d-fa0d-4220-b701-393905d42074 | ITER: 82 END: OK
2019-12-13 17:28:05.044 187 INFO rally.task.runner [-] Task e0882c5d-fa0d-4220-b701-393905d42074 | ITER: 75 END: OK
2019-12-13 17:28:05.046 139 INFO rally.task.runner [-] Task e0882c5d-fa0d-4220-b701-393905d42074 | ITER: 92 START
2019-12-13 17:28:05.047 187 INFO rally.task.runner [-] Task e0882c5d-fa0d-4220-b701-393905d42074 | ITER: 93 START
2019-12-13 17:28:05.244 181 INFO rally.task.runner [-] Task e0882c5d-fa0d-4220-b701-393905d42074 | ITER: 76 END: OK
2019-12-13 17:28:05.248 181 INFO rally.task.runner [-] Task e0882c5d-fa0d-4220-b701-393905d42074 | ITER: 94 START
2019-12-13 17:28:05.273 168 INFO rally.task.runner [-] Task e0882c5d-fa0d-4220-b701-393905d42074 | ITER: 72 END: OK
2019-12-13 17:28:05.277 168 INFO rally.task.runner [-] Task e0882c5d-fa0d-4220-b701-393905d42074 | ITER: 95 START
2019-12-13 17:28:05.329 190 INFO rally.task.runner [-] Task e0882c5d-fa0d-4220-b701-393905d42074 | ITER: 80 END: OK
2019-12-13 17:28:05.332 190 INFO rally.task.runner [-] Task e0882c5d-fa0d-4220-b701-393905d42074 | ITER: 96 START
2019-12-13 17:28:05.365 140 INFO rally.task.runner [-] Task e0882c5d-fa0d-4220-b701-393905d42074 | ITER: 64 END: OK
2019-12-13 17:28:05.369 140 INFO rally.task.runner [-] Task e0882c5d-fa0d-4220-b701-393905d42074 | ITER: 97 START
2019-12-13 17:28:05.456 157 INFO rally.task.runner [-] Task e0882c5d-fa0d-4220-b701-393905d42074 | ITER: 77 END: OK
2019-12-13 17:28:05.459 157 INFO rally.task.runner [-] Task e0882c5d-fa0d-4220-b701-393905d42074 | ITER: 98 START
2019-12-13 17:28:05.462 163 INFO rally.task.runner [-] Task e0882c5d-fa0d-4220-b701-393905d42074 | ITER: 78 END: OK
2019-12-13 17:28:05.466 163 INFO rally.task.runner [-] Task e0882c5d-fa0d-4220-b701-393905d42074 | ITER: 99 START
2019-12-13 17:28:05.559 142 INFO rally.task.runner [-] Task e0882c5d-fa0d-4220-b701-393905d42074 | ITER: 81 END: OK
2019-12-13 17:28:05.563 142 INFO rally.task.runner [-] Task e0882c5d-fa0d-4220-b701-393905d42074 | ITER: 100 START
2019-12-13 17:28:05.657 173 INFO rally.task.runner [-] Task e0882c5d-fa0d-4220-b701-393905d42074 | ITER: 85 END: OK
2019-12-13 17:28:05.774 153 INFO rally.task.runner [-] Task e0882c5d-fa0d-4220-b701-393905d42074 | ITER: 73 END: OK
2019-12-13 17:28:05.822 166 INFO rally.task.runner [-] Task e0882c5d-fa0d-4220-b701-393905d42074 | ITER: 70 END: OK
2019-12-13 17:28:05.910 143 INFO rally.task.runner [-] Task e0882c5d-fa0d-4220-b701-393905d42074 | ITER: 90 END: OK
2019-12-13 17:28:05.953 160 INFO rally.task.runner [-] Task e0882c5d-fa0d-4220-b701-393905d42074 | ITER: 89 END: OK
2019-12-13 17:28:06.043 167 INFO rally.task.runner [-] Task e0882c5d-fa0d-4220-b701-393905d42074 | ITER: 84 END: OK
2019-12-13 17:28:06.219 184 INFO rally.task.runner [-] Task e0882c5d-fa0d-4220-b701-393905d42074 | ITER: 86 END: OK
2019-12-13 17:28:06.317 141 INFO rally.task.runner [-] Task e0882c5d-fa0d-4220-b701-393905d42074 | ITER: 83 END: OK
2019-12-13 17:28:06.455 145 INFO rally.task.runner [-] Task e0882c5d-fa0d-4220-b701-393905d42074 | ITER: 88 END: OK
2019-12-13 17:28:06.737 157 INFO rally.task.runner [-] Task e0882c5d-fa0d-4220-b701-393905d42074 | ITER: 98 END: OK
2019-12-13 17:28:06.938 163 INFO rally.task.runner [-] Task e0882c5d-fa0d-4220-b701-393905d42074 | ITER: 99 END: OK
2019-12-13 17:28:06.988 142 INFO rally.task.runner [-] Task e0882c5d-fa0d-4220-b701-393905d42074 | ITER: 100 END: OK
2019-12-13 17:28:07.100 150 INFO rally.task.runner [-] Task e0882c5d-fa0d-4220-b701-393905d42074 | ITER: 87 END: OK
2019-12-13 17:28:07.365 178 INFO rally.task.runner [-] Task e0882c5d-fa0d-4220-b701-393905d42074 | ITER: 91 END: OK
2019-12-13 17:28:07.491 181 INFO rally.task.runner [-] Task e0882c5d-fa0d-4220-b701-393905d42074 | ITER: 94 END: OK
2019-12-13 17:28:07.538 168 INFO rally.task.runner [-] Task e0882c5d-fa0d-4220-b701-393905d42074 | ITER: 95 END: OK
2019-12-13 17:28:07.602 187 INFO rally.task.runner [-] Task e0882c5d-fa0d-4220-b701-393905d42074 | ITER: 93 END: OK
2019-12-13 17:28:07.836 139 INFO rally.task.runner [-] Task e0882c5d-fa0d-4220-b701-393905d42074 | ITER: 92 END: OK
2019-12-13 17:28:08.853 140 INFO rally.task.runner [-] Task e0882c5d-fa0d-4220-b701-393905d42074 | ITER: 97 END: OK
2019-12-13 17:28:08.854 190 INFO rally.task.runner [-] Task e0882c5d-fa0d-4220-b701-393905d42074 | ITER: 96 END: OK
2019-12-13 17:28:08.877 15 INFO rally.task.context [-] Task e0882c5d-fa0d-4220-b701-393905d42074 | Context cleanup@openstack cleanup() started
2019-12-13 17:28:08.881 15 RALLYDEBUG rally_openstack.cleanup.manager [-] Cleaning up neutron vip objects
2019-12-13 17:28:09.088 15 RALLYDEBUG rally_openstack.cleanup.manager [-] Cleaning up neutron health_monitor objects
2019-12-13 17:28:09.301 15 RALLYDEBUG rally_openstack.cleanup.manager [-] Cleaning up neutron pool objects
2019-12-13 17:28:09.523 15 RALLYDEBUG rally_openstack.cleanup.manager [-] Cleaning up neutron loadbalancer objects
2019-12-13 17:28:09.733 15 RALLYDEBUG rally_openstack.cleanup.manager [-] Cleaning up neutron floatingip objects
2019-12-13 17:28:09.964 15 RALLYDEBUG rally_openstack.cleanup.manager [-] Cleaning up neutron trunk objects
2019-12-13 17:28:10.160 15 DEBUG neutronclient.v2_0.client [-] Error message: {"message": "The resource could not be found.

\n\n\n", "code": "404 Not Found", "title": "Not Found"} _handle_fault_response /usr/lib/python2.7/site-packages/neutronclient/v2_0/client.py:259
2019-12-13 17:28:10.171 15 RALLYDEBUG rally_openstack.cleanup.manager [-] Cleaning up neutron port objects
2019-12-13 17:28:10.414 15 RALLYDEBUG rally_openstack.cleanup.manager [-] Cleaning up neutron subnet objects
2019-12-13 17:28:10.685 15 RALLYDEBUG rally_openstack.cleanup.manager [-] Cleaning up neutron network objects
2019-12-13 17:28:11.277 15 RALLYDEBUG rally_openstack.cleanup.manager [-] Deleting neutron.network object s_rally_4445f9b7_3KHXld2o (0c75112b-0bc5-439a-aafe-7009a9532046)
2019-12-13 17:28:11.279 15 RALLYDEBUG rally_openstack.cleanup.manager [-] Deleting neutron.network object s_rally_4445f9b7_Pk5cJvVn (0d6afb86-2535-4624-866d-3106bd062634)
2019-12-13 17:28:11.285 15 RALLYDEBUG rally_openstack.cleanup.manager [-] Deleting neutron.network object s_rally_4445f9b7_ZQelH4fa (0081a46c-6b89-443e-8810-c8b7bc59eb7e)
2019-12-13 17:28:11.291 15 RALLYDEBUG rally_openstack.cleanup.manager [-] Deleting neutron.network object s_rally_4445f9b7_La1mv8Tl (10aee892-3162-4bd3-8792-6902207428e6)
2019-12-13 17:28:11.294 15 RALLYDEBUG rally_openstack.cleanup.manager [-] Deleting neutron.network object s_rally_4445f9b7_EXusZpjv (10df5c1d-0e6a-43d6-9ea2-eede296e5aee)
2019-12-13 17:28:11.309 15 RALLYDEBUG rally_openstack.cleanup.manager [-] Deleting neutron.network object s_rally_4445f9b7_eYKcFeNv (0f07d8d1-a38f-452f-a50a-5abe309b56e3)
2019-12-13 17:28:11.309 15 RALLYDEBUG rally_openstack.cleanup.manager [-] Deleting neutron.network object s_rally_4445f9b7_Yi7isan7 (092f0c8b-44c8-4b49-aeb5-149d170aa5c1)
2019-12-13 17:28:11.314 15 RALLYDEBUG rally_openstack.cleanup.manager [-] Deleting neutron.network object s_rally_4445f9b7_FYRYsM9E (12bcfeea-468c-4b0b-ad79-23dc432d7b54)
2019-12-13 17:28:11.338 15 RALLYDEBUG rally_openstack.cleanup.manager [-] Deleting neutron.network object s_rally_4445f9b7_gqtWiFVv (13b5f9a5-a8eb-40ca-a72a-db8787f45432)
2019-12-13 17:28:11.381 15 RALLYDEBUG rally_openstack.cleanup.manager [-] Deleting neutron.network object s_rally_4445f9b7_wypVd0j3 (18f20891-fff2-4739-97d4-bddae8da976c)
2019-12-13 17:28:11.417 15 RALLYDEBUG rally_openstack.cleanup.manager [-] Deleting neutron.network object s_rally_4445f9b7_ZIMQhOAP (189d9d54-35e8-4958-a5e9-54d6308ed9cf)
2019-12-13 17:28:11.433 15 RALLYDEBUG rally_openstack.cleanup.manager [-] Deleting neutron.network object s_rally_4445f9b7_ZWkTYzsX (22e94a57-3ece-4530-aebd-2ea6004a28dd)
2019-12-13 17:28:11.449 15 RALLYDEBUG rally_openstack.cleanup.manager [-] Deleting neutron.network object s_rally_4445f9b7_vsMQ3aVV (27f4ec8c-1748-47b0-a0d7-c8b5e1897454)
2019-12-13 17:28:11.452 15 RALLYDEBUG rally_openstack.cleanup.manager [-] Deleting neutron.network object s_rally_4445f9b7_inPRmU8w (21e03e72-6196-4a0e-93a7-c0adc93c9212)
2019-12-13 17:28:11.473 15 RALLYDEBUG rally_openstack.cleanup.manager [-] Deleting neutron.network object s_rally_4445f9b7_J0W0ZAhU (2edf49ea-a17e-448b-a0ea-b32690c82ec2)
2019-12-13 17:28:11.489 15 RALLYDEBUG rally_openstack.cleanup.manager [-] Deleting neutron.network object s_rally_4445f9b7_pMeuiRJv (2b87eddc-976c-4dac-9bbf-85a6056d3d13)
2019-12-13 17:28:11.519 15 RALLYDEBUG rally_openstack.cleanup.manager [-] Deleting neutron.network object s_rally_4445f9b7_HfjZqnv8 (2bfe8b03-9dad-4c31-9875-fb7cb31495d0)
2019-12-13 17:28:11.527 15 RALLYDEBUG rally_openstack.cleanup.manager [-] Deleting neutron.network object s_rally_4445f9b7_MhOH117d (336c51e8-4e2b-41d2-824a-1c6dbe7bdba8)
2019-12-13 17:28:11.523 15 RALLYDEBUG rally_openstack.cleanup.manager [-] Deleting neutron.network object s_rally_4445f9b7_apikbR0F (2aac7c14-28c9-4e63-9ca6-8e1c14483cac)
2019-12-13 17:28:11.545 15 RALLYDEBUG rally_openstack.cleanup.manager [-] Deleting neutron.network object s_rally_4445f9b7_dOapKgp7 (3151f674-c3a4-43bd-b7ca-049291526bb1)
2019-12-13 17:28:13.472 15 RALLYDEBUG rally_openstack.cleanup.manager [-] Deleting neutron.network object s_rally_4445f9b7_l0kCUAT3 (3bf6cf86-9a21-4618-b9ed-1f6377b93437)
2019-12-13 17:28:13.523 15 RALLYDEBUG rally_openstack.cleanup.manager [-] Deleting neutron.network object s_rally_4445f9b7_C1jZJdK9 (3c625c88-6576-49e8-bab3-ea94d7a3441a)
2019-12-13 17:28:13.729 15 RALLYDEBUG rally_openstack.cleanup.manager [-] Deleting neutron.network object s_rally_4445f9b7_ZDT4yJ2w (41331ea5-dd89-4132-83ff-fea9c5fa9aeb)
2019-12-13 17:28:14.286 15 RALLYDEBUG rally_openstack.cleanup.manager [-] Deleting neutron.network object s_rally_4445f9b7_bWtrfTJI (429cfae9-c96d-4765-8669-11176a422bf5)
2019-12-13 17:28:14.323 15 RALLYDEBUG rally_openstack.cleanup.manager [-] Deleting neutron.network object s_rally_4445f9b7_OGg00pqL (44c7fc19-2d53-46e7-9b1a-bbda56c20048)
2019-12-13 17:28:14.438 15 RALLYDEBUG rally_openstack.cleanup.manager [-] Deleting neutron.network object s_rally_4445f9b7_V0bHIaCo (45943e00-30dd-4c11-95ae-874f93cbba9e)
2019-12-13 17:28:14.470 15 RALLYDEBUG rally_openstack.cleanup.manager [-] Deleting neutron.network object s_rally_4445f9b7_2lLyI9c8 (47dae7c2-b010-4075-b07a-e84cb8684dd8)
2019-12-13 17:28:14.760 15 RALLYDEBUG rally_openstack.cleanup.manager [-] Deleting neutron.network object s_rally_4445f9b7_UYhBdlIJ (48e6ecf0-c353-4fa3-9ab9-a20cbc9506e3)
2019-12-13 17:28:14.771 15 RALLYDEBUG rally_openstack.cleanup.manager [-] Deleting neutron.network object s_rally_4445f9b7_nMa0lF5q (4b01e620-24e9-4b40-ad33-4ba71db7b24b)
2019-12-13 17:28:14.945 15 RALLYDEBUG rally_openstack.cleanup.manager [-] Deleting neutron.network object s_rally_4445f9b7_n0rsQ0dF (4e0aa883-043f-4272-8ecd-1df3a960e002)
2019-12-13 17:28:14.947 15 RALLYDEBUG rally_openstack.cleanup.manager [-] Deleting neutron.network object s_rally_4445f9b7_ueP7xJfE (533b1ce2-b6de-4273-9112-3b3eb6b12b0d)
2019-12-13 17:28:15.215 15 RALLYDEBUG rally_openstack.cleanup.manager [-] Deleting neutron.network object s_rally_4445f9b7_wyJEcScG (537e04ec-930d-4288-a515-d088e2e408dd)
2019-12-13 17:28:15.276 15 RALLYDEBUG rally_openstack.cleanup.manager [-] Deleting neutron.network object s_rally_4445f9b7_Uq1RW2QL (5432c901-0c6f-4c65-afeb-ac9b413c6c75)
2019-12-13 17:28:15.285 15 RALLYDEBUG rally_openstack.cleanup.manager [-] Deleting neutron.network object s_rally_4445f9b7_HkAZotZd (55f34329-6750-490f-9aa0-a28d285d653c)
2019-12-13 17:28:15.371 15 RALLYDEBUG rally_openstack.cleanup.manager [-] Deleting neutron.network object s_rally_4445f9b7_ZY4MO9h7 (58574213-5e41-495a-aca6-4142b296cd98)
2019-12-13 17:28:15.421 15 RALLYDEBUG rally_openstack.cleanup.manager [-] Deleting neutron.network object s_rally_4445f9b7_mDerPmVo (5a834063-27dc-4a87-a350-d315d79722dd)
2019-12-13 17:28:15.459 15 RALLYDEBUG rally_openstack.cleanup.manager [-] Deleting neutron.network object s_rally_4445f9b7_1DXsnF4S (5e90ea05-5d4a-4297-a44e-a1abf5b3816c)
2019-12-13 17:28:15.481 15 RALLYDEBUG rally_openstack.cleanup.manager [-] Deleting neutron.network object s_rally_4445f9b7_Yl9z6E2K (6173af24-f991-4b3e-a122-b580868182a4)
2019-12-13 17:28:15.485 15 RALLYDEBUG rally_openstack.cleanup.manager [-] Deleting neutron.network object s_rally_4445f9b7_crM4Hj9e (61f61720-f6fa-4b7e-8e75-ce1952c141ac)
2019-12-13 17:28:15.520 15 RALLYDEBUG rally_openstack.cleanup.manager [-] Deleting neutron.network object s_rally_4445f9b7_JMVMkt4h (6af92486-08f9-4a09-ae18-6ae57c2612a2)
2019-12-13 17:28:15.533 15 RALLYDEBUG rally_openstack.cleanup.manager [-] Deleting neutron.network object s_rally_4445f9b7_cz99gMX5 (717a99e6-3bb2-49c7-98f0-2b344149c524)
2019-12-13 17:28:15.711 15 RALLYDEBUG rally_openstack.cleanup.manager [-] Deleting neutron.network object s_rally_4445f9b7_Jnd4pCVH (73718b46-a3d9-4ce1-9124-8c80195b2d1b)
2019-12-13 17:28:16.243 15 RALLYDEBUG rally_openstack.cleanup.manager [-] Deleting neutron.network object s_rally_4445f9b7_buZe0nA6 (748fe5c4-a9da-432e-b092-9742815de6e4)
2019-12-13 17:28:16.386 15 RALLYDEBUG rally_openstack.cleanup.manager [-] Deleting neutron.network object s_rally_4445f9b7_qOJcVGsx (75897a23-4e93-4a2a-acb9-576c9463dc7b)
2019-12-13 17:28:16.508 15 RALLYDEBUG rally_openstack.cleanup.manager [-] Deleting neutron.network object s_rally_4445f9b7_BeMPzezL (76aeb3fc-2583-4b1a-8271-e9fdf475cac5)
2019-12-13 17:28:16.832 15 RALLYDEBUG rally_openstack.cleanup.manager [-] Deleting neutron.network object s_rally_4445f9b7_Jbyd5uz9 (792aba6f-40ae-4a02-8baf-cb24e46af38d)
2019-12-13 17:28:17.373 15 RALLYDEBUG rally_openstack.cleanup.manager [-] Deleting neutron.network object s_rally_4445f9b7_6kKZPmPg (79801d25-a58d-4bd0-a509-47fb111cde36)
2019-12-13 17:28:17.527 15 RALLYDEBUG rally_openstack.cleanup.manager [-] Deleting neutron.network object s_rally_4445f9b7_UWvBwCBG (7b67371c-4521-4f6c-81c9-fb31efaa968d)
2019-12-13 17:28:17.676 15 RALLYDEBUG rally_openstack.cleanup.manager [-] Deleting neutron.network object s_rally_4445f9b7_DSvt9Fg6 (7bed8246-877a-4009-a4b4-1c28ffee5b74)
2019-12-13 17:28:17.694 15 RALLYDEBUG rally_openstack.cleanup.manager [-] Deleting neutron.network object s_rally_4445f9b7_sLTPE8SY (7c67e117-2682-4a4d-a89a-66ecba89008a)
2019-12-13 17:28:17.940 15 RALLYDEBUG rally_openstack.cleanup.manager [-] Deleting neutron.network object s_rally_4445f9b7_APbWF0oW (7d10d31f-bfce-4794-b180-67f7b9f09144)
2019-12-13 17:28:18.051 15 RALLYDEBUG rally_openstack.cleanup.manager [-] Deleting neutron.network object s_rally_4445f9b7_173UrdMa (7d348c95-b0bc-4f1e-8ce2-3ab5644a95ad)
2019-12-13 17:28:18.055 15 RALLYDEBUG rally_openstack.cleanup.manager [-] Deleting neutron.network object s_rally_4445f9b7_05mbsLVI (7eb20dd0-e799-43ad-ad31-6e8eadad430a)
2019-12-13 17:28:18.139 15 RALLYDEBUG rally_openstack.cleanup.manager [-] Deleting neutron.network object s_rally_4445f9b7_pc73D5FB (8ac04c73-a257-49d3-958f-b5f77e477d58)
2019-12-13 17:28:18.149 15 RALLYDEBUG rally_openstack.cleanup.manager [-] Deleting neutron.network object s_rally_4445f9b7_5GYAS3RF (8e7166d1-72ce-4d0e-8b62-441e20c111e8)
2019-12-13 17:28:18.551 15 RALLYDEBUG rally_openstack.cleanup.manager [-] Deleting neutron.network object s_rally_4445f9b7_ionWYZU2 (8f87a14a-a849-4b56-9f5e-e04ddf6e0c6c)
2019-12-13 17:28:18.611 15 RALLYDEBUG rally_openstack.cleanup.manager [-] Deleting neutron.network object s_rally_4445f9b7_jXu1ByoC (8fab7112-5e26-4841-9559-222a79f4b04f)
2019-12-13 17:28:18.635 15 RALLYDEBUG rally_openstack.cleanup.manager [-] Deleting neutron.network object s_rally_4445f9b7_iFJRVy4P (8fc467bc-27ec-49c0-83dd-949c057902c5)
2019-12-13 17:28:18.658 15 RALLYDEBUG rally_openstack.cleanup.manager [-] Deleting neutron.network object s_rally_4445f9b7_ilhohZ1V (923e0a01-6c95-487d-bc24-09ed428740a6)
2019-12-13 17:28:18.666 15 RALLYDEBUG rally_openstack.cleanup.manager [-] Deleting neutron.network object s_rally_4445f9b7_2F0odErW (962e5b6c-a1e1-4791-bbac-a1f176d12373)
2019-12-13 17:28:18.880 15 RALLYDEBUG rally_openstack.cleanup.manager [-] Deleting neutron.network object s_rally_4445f9b7_PkXUMdhK (96c939e3-efdb-4037-a28a-871e710abc2b)
2019-12-13 17:28:19.156 15 RALLYDEBUG rally_openstack.cleanup.manager [-] Deleting neutron.network object s_rally_4445f9b7_WsnwyNcg (9a9467d9-369c-465a-bfc7-b3f8a30ddf50)
2019-12-13 17:28:19.435 15 RALLYDEBUG rally_openstack.cleanup.manager [-] Deleting neutron.network object s_rally_4445f9b7_hQ2KW1tu (9b37df72-f1ff-4dfd-84c5-4df84b012e3d)
2019-12-13 17:28:19.498 15 RALLYDEBUG rally_openstack.cleanup.manager [-] Deleting neutron.network object s_rally_4445f9b7_PJ5E9trk (9c3a7486-b67e-483a-8992-8145bd0942d8)
2019-12-13 17:28:19.635 15 RALLYDEBUG rally_openstack.cleanup.manager [-] Deleting neutron.network object s_rally_4445f9b7_Nf26zeCu (9d6f715c-e5c0-4e98-826b-c7cbf3d7ebb1)
2019-12-13 17:28:19.851 15 RALLYDEBUG rally_openstack.cleanup.manager [-] Deleting neutron.network object s_rally_4445f9b7_kOSpPzpk (a283cfbc-37e7-4409-b549-2704a33fa3c5)
2019-12-13 17:28:20.002 15 RALLYDEBUG rally_openstack.cleanup.manager [-] Deleting neutron.network object s_rally_4445f9b7_XnkbTzXz (a47a78e1-7598-468f-aeb4-105f581e9013)
2019-12-13 17:28:20.119 15 RALLYDEBUG rally_openstack.cleanup.manager [-] Deleting neutron.network object s_rally_4445f9b7_BLLRxq3q (aa1cf0fa-ad14-44ad-8768-b35857683008)
2019-12-13 17:28:20.304 15 RALLYDEBUG rally_openstack.cleanup.manager [-] Deleting neutron.network object s_rally_4445f9b7_nN0Efa8x (ab7d3178-0ee5-480d-96cd-6af1eff9ba6a)
2019-12-13 17:28:20.363 15 RALLYDEBUG rally_openstack.cleanup.manager [-] Deleting neutron.network object s_rally_4445f9b7_BRlCwqgg (b106578d-396d-46e0-9d30-8e1a709b1ee5)
2019-12-13 17:28:20.372 15 RALLYDEBUG rally_openstack.cleanup.manager [-] Deleting neutron.network object s_rally_4445f9b7_ylSUPCRA (b45a4e0f-9c53-493c-8793-333faecb4cb7)
2019-12-13 17:28:20.398 15 RALLYDEBUG rally_openstack.cleanup.manager [-] Deleting neutron.network object s_rally_4445f9b7_7HTrELeG (b6586314-7bd4-4cdc-b8a3-7753e9ec99fc)
2019-12-13 17:28:20.510 15 RALLYDEBUG rally_openstack.cleanup.manager [-] Deleting neutron.network object s_rally_4445f9b7_0fagGjHv (b67061d2-6916-4bbf-a054-803a434e8eaa)
2019-12-13 17:28:20.751 15 RALLYDEBUG rally_openstack.cleanup.manager [-] Deleting neutron.network object s_rally_4445f9b7_PKCEPG4w (c12e8c4a-83b3-4ace-aac0-77afb094186e)
2019-12-13 17:28:20.928 15 RALLYDEBUG rally_openstack.cleanup.manager [-] Deleting neutron.network object s_rally_4445f9b7_V4f5Urxz (c7c1afb7-8e0a-44fe-8663-beb029f6ddc5)
2019-12-13 17:28:20.943 15 RALLYDEBUG rally_openstack.cleanup.manager [-] Deleting neutron.network object s_rally_4445f9b7_54c40SYo (c9237190-7a4e-4fea-9494-1592a00a3483)
2019-12-13 17:28:20.974 15 RALLYDEBUG rally_openstack.cleanup.manager [-] Deleting neutron.network object s_rally_4445f9b7_yy31RFgE (c99c84ad-58bc-481d-8d86-f5acfe30b105)
2019-12-13 17:28:21.017 15 RALLYDEBUG rally_openstack.cleanup.manager [-] Deleting neutron.network object s_rally_4445f9b7_fr7hhNRB (c9dfb942-1abc-4ac2-bc7e-73380da6132b)
2019-12-13 17:28:21.492 15 RALLYDEBUG rally_openstack.cleanup.manager [-] Deleting neutron.network object s_rally_4445f9b7_xCygIn3v (cc70c566-c12c-4986-b7c5-f063702d8579)
2019-12-13 17:28:21.582 15 RALLYDEBUG rally_openstack.cleanup.manager [-] Deleting neutron.network object s_rally_4445f9b7_rIxgDbfr (cf30fca4-2da1-4aea-8995-01813afa6290)
