2019-12-13 17:44:38.175 15 RALLYDEBUG rally_openstack.cleanup.manager [-] Deleting neutron.port object s_rally_bf1a40cb_bJd7T5Zv (af2442b5-a289-4a6e-9b7d-e42d19d947fe)
2019-12-13 17:44:38.197 15 RALLYDEBUG rally_openstack.cleanup.manager [-] Deleting neutron.port object s_rally_bf1a40cb_OZQHvm9C (b025d052-426d-4cd4-a308-d6acc201f2cd)
2019-12-13 17:44:38.258 15 RALLYDEBUG rally_openstack.cleanup.manager [-] Deleting neutron.port object s_rally_bf1a40cb_699iBAqz (b0bed3ca-831c-4f6d-bb5c-e5f4d3a85fa8)
2019-12-13 17:44:38.993 15 RALLYDEBUG rally_openstack.cleanup.manager [-] Deleting neutron.port object s_rally_bf1a40cb_yknLWrOC (b1120f13-8339-483c-85d6-a64f0f1496d0)
2019-12-13 17:44:39.116 15 RALLYDEBUG rally_openstack.cleanup.manager [-] Deleting neutron.port object s_rally_bf1a40cb_zjtcTw9C (b1ba3105-3cc7-4294-a555-3546e8a27590)
2019-12-13 17:44:39.178 15 RALLYDEBUG rally_openstack.cleanup.manager [-] Deleting neutron.port object s_rally_bf1a40cb_qOqFCYKo (b1f35fc1-45de-4c65-bf84-47ccde162f04)
2019-12-13 17:44:39.449 15 RALLYDEBUG rally_openstack.cleanup.manager [-] Deleting neutron.port object s_rally_bf1a40cb_y1G2KFZm (b24fd7e5-537f-45ea-b31c-75c7c9dee8cd)
2019-12-13 17:44:39.462 15 RALLYDEBUG rally_openstack.cleanup.manager [-] Deleting neutron.port object s_rally_bf1a40cb_4tWNWSUa (b2a5bcc9-83c1-434c-82c0-0f6e83d6950e)
2019-12-13 17:44:39.516 15 RALLYDEBUG rally_openstack.cleanup.manager [-] Deleting neutron.port object s_rally_bf1a40cb_Bp70n98h (b30e9eb2-c243-48de-b5e5-dc56621c39ee)
2019-12-13 17:44:39.560 15 RALLYDEBUG rally_openstack.cleanup.manager [-] Deleting neutron.port object s_rally_bf1a40cb_dbtq2uGW (b348d1ab-7939-4105-8d2b-bb986449da1b)
2019-12-13 17:44:39.669 15 RALLYDEBUG rally_openstack.cleanup.manager [-] Deleting neutron.port object s_rally_bf1a40cb_OyGpUDN6 (b416e9a8-f089-4cff-bdda-d601298a491b)
2019-12-13 17:44:39.722 15 RALLYDEBUG rally_openstack.cleanup.manager [-] Deleting neutron.port object s_rally_bf1a40cb_HgAbV3cT (b43e7f51-91e7-456d-af66-0f153a936f47)
2019-12-13 17:44:39.820 15 RALLYDEBUG rally_openstack.cleanup.manager [-] Deleting neutron.port object s_rally_bf1a40cb_ccUZevLF (b459adfa-fe5b-4486-91df-9f33a2b08a39)
2019-12-13 17:44:39.868 15 RALLYDEBUG rally_openstack.cleanup.manager [-] Deleting neutron.port object s_rally_bf1a40cb_GZjuPRJm (b4dc63f8-0802-46a0-9c22-d5ba4e249564)
2019-12-13 17:44:39.951 15 RALLYDEBUG rally_openstack.cleanup.manager [-] Deleting neutron.port object s_rally_bf1a40cb_6GsfKzGu (b5173a51-8ce3-466b-8014-2903f6731b24)
2019-12-13 17:44:39.973 15 RALLYDEBUG rally_openstack.cleanup.manager [-] Deleting neutron.port object s_rally_bf1a40cb_YaEXj4ij (b5ddf86c-c37a-484b-ac24-c20c43a06b80)
2019-12-13 17:44:40.037 15 RALLYDEBUG rally_openstack.cleanup.manager [-] Deleting neutron.port object s_rally_bf1a40cb_r4R58qsa (b5dfabf9-863f-4a7b-8d55-c1730296c18d)
2019-12-13 17:44:40.159 15 RALLYDEBUG rally_openstack.cleanup.manager [-] Deleting neutron.port object s_rally_bf1a40cb_2D1K96l9 (b85bd737-fbde-4fad-ab7c-414c10d18ea6)
2019-12-13 17:44:40.160 15 RALLYDEBUG rally_openstack.cleanup.manager [-] Deleting neutron.port object s_rally_bf1a40cb_lcQV2Jo5 (b75210a8-4748-4651-b90d-3e9b9b7a0434)
2019-12-13 17:44:40.222 15 RALLYDEBUG rally_openstack.cleanup.manager [-] Deleting neutron.port object s_rally_bf1a40cb_5eZ01Hpf (b9240408-77ee-4945-a5ac-206519c449a7)
2019-12-13 17:44:40.363 15 RALLYDEBUG rally_openstack.cleanup.manager [-] Deleting neutron.port object s_rally_bf1a40cb_1Lxahgfa (b988f2be-d53c-4e5a-8668-a84bf94b37a4)
2019-12-13 17:44:40.403 15 RALLYDEBUG rally_openstack.cleanup.manager [-] Deleting neutron.port object s_rally_bf1a40cb_5ZUQbe46 (ba09a442-d719-41e5-a0fd-e3177758949f)
2019-12-13 17:44:40.431 15 RALLYDEBUG rally_openstack.cleanup.manager [-] Deleting neutron.port object s_rally_bf1a40cb_6LeL1CHe (ba703e34-a7e9-4520-a8f1-e3344a3b544e)
2019-12-13 17:44:40.783 15 RALLYDEBUG rally_openstack.cleanup.manager [-] Deleting neutron.port object s_rally_bf1a40cb_6sts4Bba (bac994f7-ffa2-4b9e-843d-0a9de972e430)
2019-12-13 17:44:41.329 15 RALLYDEBUG rally_openstack.cleanup.manager [-] Deleting neutron.port object s_rally_bf1a40cb_gIllr2tN (bb5157e8-0cf1-400a-abd9-d44e9a2562b6)
2019-12-13 17:44:41.344 15 RALLYDEBUG rally_openstack.cleanup.manager [-] Deleting neutron.port object s_rally_bf1a40cb_xblna2r7 (bb67825a-1fc7-4f66-b905-65d11fb767f0)
2019-12-13 17:44:41.411 15 RALLYDEBUG rally_openstack.cleanup.manager [-] Deleting neutron.port object s_rally_bf1a40cb_Vq6NT1NT (bcf1811e-87a1-46ad-99ab-7836a98ed4bf)
2019-12-13 17:44:41.685 15 RALLYDEBUG rally_openstack.cleanup.manager [-] Deleting neutron.port object s_rally_bf1a40cb_ddwZctIU (bd3fdd88-d1c0-499d-af1b-06b087e96f9d)
2019-12-13 17:44:41.809 15 RALLYDEBUG rally_openstack.cleanup.manager [-] Deleting neutron.port object s_rally_bf1a40cb_WDi10vO1 (bdcc41a1-737c-4805-aa66-5d226816d89e)
2019-12-13 17:44:41.840 15 RALLYDEBUG rally_openstack.cleanup.manager [-] Deleting neutron.port object s_rally_bf1a40cb_GBv4KP9X (bee6cf64-0de7-49da-8b55-9b375279397f)
2019-12-13 17:44:41.889 15 RALLYDEBUG rally_openstack.cleanup.manager [-] Deleting neutron.port object s_rally_bf1a40cb_HowYKXho (bef640a6-e296-40e2-8fb4-c55024ee4d11)
2019-12-13 17:44:41.894 15 RALLYDEBUG rally_openstack.cleanup.manager [-] Deleting neutron.port object s_rally_bf1a40cb_OFAJMJo9 (bf5c2681-2ee3-4f4d-b465-62a298a22281)
2019-12-13 17:44:41.899 15 RALLYDEBUG rally_openstack.cleanup.manager [-] Deleting neutron.port object s_rally_bf1a40cb_lGeblM8G (c1dae079-abfb-41df-a651-c25f6ea77e86)
2019-12-13 17:44:41.909 15 RALLYDEBUG rally_openstack.cleanup.manager [-] Deleting neutron.port object s_rally_bf1a40cb_yXslWs1W (c2697d97-716a-4ed5-a803-266f8092d6d7)
2019-12-13 17:44:41.924 15 RALLYDEBUG rally_openstack.cleanup.manager [-] Deleting neutron.port object s_rally_bf1a40cb_cBZGVswT (c270e49c-1e4a-4d65-b554-7044276aca2a)
2019-12-13 17:44:41.947 15 RALLYDEBUG rally_openstack.cleanup.manager [-] Deleting neutron.port object s_rally_bf1a40cb_aToxzfQB (c2d1214d-9135-40a3-a84b-e7eaa8602003)
2019-12-13 17:44:42.265 15 RALLYDEBUG rally_openstack.cleanup.manager [-] Deleting neutron.port object s_rally_bf1a40cb_5Ilg7QUU (c32de14c-21ba-4500-a60f-83aa496ad567)
2019-12-13 17:44:42.321 15 RALLYDEBUG rally_openstack.cleanup.manager [-] Deleting neutron.port object s_rally_bf1a40cb_j63QpyoN (c3c461ee-e987-4259-a2c8-3143384e29e5)
2019-12-13 17:44:42.325 15 RALLYDEBUG rally_openstack.cleanup.manager [-] Deleting neutron.port object s_rally_bf1a40cb_l7MxcAhe (c4582386-7dec-49a6-9fa5-10c618430054)
2019-12-13 17:44:42.474 15 RALLYDEBUG rally_openstack.cleanup.manager [-] Deleting neutron.port object s_rally_bf1a40cb_0WqEpiOW (c4bed57f-7a31-4b3d-9d7d-1d027e4b348a)
2019-12-13 17:44:42.683 15 RALLYDEBUG rally_openstack.cleanup.manager [-] Deleting neutron.port object s_rally_bf1a40cb_6Zwgpdpl (c4c68f1f-62da-4454-80d8-3a3c9c639235)
2019-12-13 17:44:42.834 15 RALLYDEBUG rally_openstack.cleanup.manager [-] Deleting neutron.port object s_rally_bf1a40cb_AUpeUF5a (c60b95f3-92a2-4b1f-bf06-5122a693454a)
2019-12-13 17:44:42.938 15 RALLYDEBUG rally_openstack.cleanup.manager [-] Deleting neutron.port object s_rally_bf1a40cb_7BZvw76S (c66c3e88-9d20-4535-89a4-1f9f2a0ccc73)
2019-12-13 17:44:42.978 15 RALLYDEBUG rally_openstack.cleanup.manager [-] Deleting neutron.port object s_rally_bf1a40cb_RpyLJ43R (c6ee1392-02f3-4b4a-a635-64e621b5034f)
2019-12-13 17:44:43.078 15 RALLYDEBUG rally_openstack.cleanup.manager [-] Deleting neutron.port object s_rally_bf1a40cb_3wzNhuCa (c77ef288-05af-4cc2-b7e3-697a8f3aa6ee)
2019-12-13 17:44:43.385 15 RALLYDEBUG rally_openstack.cleanup.manager [-] Deleting neutron.port object s_rally_bf1a40cb_gkVvYnvP (c81ad93f-9cc6-4aa0-a379-e51273686a38)
2019-12-13 17:44:43.407 15 RALLYDEBUG rally_openstack.cleanup.manager [-] Deleting neutron.port object s_rally_bf1a40cb_zpcPM7uP (c8758430-950a-4096-a5b0-e7a8a20426e1)
2019-12-13 17:44:43.758 15 RALLYDEBUG rally_openstack.cleanup.manager [-] Deleting neutron.port object s_rally_bf1a40cb_uiTHXrHr (c950fc59-c691-48e7-a520-bf574fef7ba9)
2019-12-13 17:44:43.812 15 RALLYDEBUG rally_openstack.cleanup.manager [-] Deleting neutron.port object s_rally_bf1a40cb_F87BLqRG (c9522a8e-b2ba-4839-b5f8-3b6f8c314ddf)
2019-12-13 17:44:43.851 15 RALLYDEBUG rally_openstack.cleanup.manager [-] Deleting neutron.port object s_rally_bf1a40cb_JdtNcHLr (ca612e18-58ba-4f12-92db-26f2b5789597)
2019-12-13 17:44:43.862 15 RALLYDEBUG rally_openstack.cleanup.manager [-] Deleting neutron.port object s_rally_bf1a40cb_Yo9qBS3B (c9560dd2-7271-4d9d-869f-f49ca18f40fb)
2019-12-13 17:44:43.992 15 RALLYDEBUG rally_openstack.cleanup.manager [-] Deleting neutron.port object s_rally_bf1a40cb_lj9R2ugk (cb2d7764-ae20-40fb-9565-1d12b77bdbff)
2019-12-13 17:44:44.029 15 RALLYDEBUG rally_openstack.cleanup.manager [-] Deleting neutron.port object s_rally_bf1a40cb_Yl9BPKuu (cc895979-c8ac-4a1d-acb0-1b417f9cdf3e)
2019-12-13 17:44:44.066 15 RALLYDEBUG rally_openstack.cleanup.manager [-] Deleting neutron.port object s_rally_bf1a40cb_F0IkDjIq (d0bdc946-4093-4e2f-a047-e6cfc7534d6b)
2019-12-13 17:44:44.176 15 RALLYDEBUG rally_openstack.cleanup.manager [-] Deleting neutron.port object s_rally_bf1a40cb_60wAXb9n (d0ca374f-0907-4a0d-a93a-0ba2106a0a42)
2019-12-13 17:44:44.225 15 RALLYDEBUG rally_openstack.cleanup.manager [-] Deleting neutron.port object s_rally_bf1a40cb_i8XIKnQi (d2044d18-03da-45eb-81d0-7ab304278cd7)
2019-12-13 17:44:44.460 15 RALLYDEBUG rally_openstack.cleanup.manager [-] Deleting neutron.port object s_rally_bf1a40cb_W6zxZqcF (d24127a0-4775-4d4b-aa0d-ac17c83c7e8e)
2019-12-13 17:44:44.579 15 RALLYDEBUG rally_openstack.cleanup.manager [-] Deleting neutron.port object s_rally_bf1a40cb_ttmUlM35 (d263eed2-f6e5-4130-89fe-08115324c997)
2019-12-13 17:44:44.676 15 RALLYDEBUG rally_openstack.cleanup.manager [-] Deleting neutron.port object s_rally_bf1a40cb_FtN6Zetx (d35f3291-480c-4419-b2c5-28099dea29d7)
2019-12-13 17:44:44.726 15 RALLYDEBUG rally_openstack.cleanup.manager [-] Deleting neutron.port object s_rally_bf1a40cb_0GrTiSAn (d4328221-17c0-4608-8060-043400b58ac4)
2019-12-13 17:44:44.734 15 RALLYDEBUG rally_openstack.cleanup.manager [-] Deleting neutron.port object s_rally_bf1a40cb_4X6WKASP (d4498983-c1c7-4f31-9224-709f5ec2103c)
2019-12-13 17:44:44.855 15 RALLYDEBUG rally_openstack.cleanup.manager [-] Deleting neutron.port object s_rally_bf1a40cb_8vZFYeVU (d468fdbf-2eaf-448c-afc3-4b65eecd9cef)
2019-12-13 17:44:44.942 15 RALLYDEBUG rally_openstack.cleanup.manager [-] Deleting neutron.port object s_rally_bf1a40cb_gKjIlowl (d4add1fa-25e6-487a-bbc2-ea6997a88a76)
2019-12-13 17:44:44.960 15 RALLYDEBUG rally_openstack.cleanup.manager [-] Deleting neutron.port object s_rally_bf1a40cb_nZIsKKSl (d5277644-f8e2-46d3-9dbb-081e94e6e2ee)
2019-12-13 17:44:45.213 15 RALLYDEBUG rally_openstack.cleanup.manager [-] Deleting neutron.port object s_rally_bf1a40cb_fRSojD5U (d55123e2-5f6c-4043-8942-17a93ca3346d)
2019-12-13 17:44:45.309 15 RALLYDEBUG rally_openstack.cleanup.manager [-] Deleting neutron.port object s_rally_bf1a40cb_mCxRHmO5 (d5b04342-5301-4413-91f4-2126f7840b23)
2019-12-13 17:44:45.492 15 RALLYDEBUG rally_openstack.cleanup.manager [-] Deleting neutron.port object s_rally_bf1a40cb_ajebjQ2Y (d5e1c874-1744-4339-bff6-1527fcd7b5c2)
2019-12-13 17:44:45.543 15 RALLYDEBUG rally_openstack.cleanup.manager [-] Deleting neutron.port object s_rally_bf1a40cb_s0zVlYhC (d661cfb0-04a3-46fe-9eab-515b87ac5bcd)
2019-12-13 17:44:45.733 15 RALLYDEBUG rally_openstack.cleanup.manager [-] Deleting neutron.port object s_rally_bf1a40cb_MPLGnXUu (d661f7c8-2956-4ff6-8d66-09808fd5b96d)
2019-12-13 17:44:45.784 15 RALLYDEBUG rally_openstack.cleanup.manager [-] Deleting neutron.port object s_rally_bf1a40cb_4q063yiG (d688388d-6440-451d-b70b-a2bc11bf3df4)
2019-12-13 17:44:45.924 15 RALLYDEBUG rally_openstack.cleanup.manager [-] Deleting neutron.port object s_rally_bf1a40cb_6Hjk8t12 (d7980139-a99f-499d-84a9-f4a8ae71a08c)
2019-12-13 17:44:45.992 15 RALLYDEBUG rally_openstack.cleanup.manager [-] Deleting neutron.port object s_rally_bf1a40cb_hte9sXc2 (d8e1f741-6261-45a7-8da4-60544c193df8)
2019-12-13 17:44:46.000 15 RALLYDEBUG rally_openstack.cleanup.manager [-] Deleting neutron.port object s_rally_bf1a40cb_LoAABl3q (d99a81e9-2094-4dc9-86c7-b76bb4677a6d)
2019-12-13 17:44:46.293 15 RALLYDEBUG rally_openstack.cleanup.manager [-] Deleting neutron.port object s_rally_bf1a40cb_xSMHeYkQ (dafb988f-38a2-4be8-a4e4-867a48667cbf)
2019-12-13 17:44:46.373 15 RALLYDEBUG rally_openstack.cleanup.manager [-] Deleting neutron.port object s_rally_bf1a40cb_73qr5JXM (dafd1e06-6f2f-46f1-aea2-22d17a36f74b)
2019-12-13 17:44:46.441 15 RALLYDEBUG rally_openstack.cleanup.manager [-] Deleting neutron.port object s_rally_bf1a40cb_NEMUtVwP (dbabd872-757c-40fe-85d7-c177cb373278)
2019-12-13 17:44:46.508 15 RALLYDEBUG rally_openstack.cleanup.manager [-] Deleting neutron.port object s_rally_bf1a40cb_ejiUHi9p (df99c154-0aa3-423e-b6ff-fe865802d142)
2019-12-13 17:44:46.539 15 RALLYDEBUG rally_openstack.cleanup.manager [-] Deleting neutron.port object s_rally_bf1a40cb_IgV0GbLT (e1c058fd-7d26-4aee-93c8-e063e5e37023)
2019-12-13 17:44:46.558 15 RALLYDEBUG rally_openstack.cleanup.manager [-] Deleting neutron.port object s_rally_bf1a40cb_TZKFtEuG (e2258d9d-84d7-43e4-8ad7-4534d61caa56)
2019-12-13 17:44:46.677 15 RALLYDEBUG rally_openstack.cleanup.manager [-] Deleting neutron.port object s_rally_bf1a40cb_dZBfTNv9 (e2982cbb-2b4d-4087-8fd4-95a466fcfd30)
2019-12-13 17:44:46.844 15 RALLYDEBUG rally_openstack.cleanup.manager [-] Deleting neutron.port object s_rally_bf1a40cb_iCRogEVw (e2b417d5-42ec-4f38-b1d1-2c1d82cec201)
2019-12-13 17:44:46.937 15 RALLYDEBUG rally_openstack.cleanup.manager [-] Deleting neutron.port object s_rally_bf1a40cb_aiqRgg71 (e2e6431d-118a-4f14-a8c5-e9248bd50860)
2019-12-13 17:44:47.299 15 RALLYDEBUG rally_openstack.cleanup.manager [-] Deleting neutron.port object s_rally_bf1a40cb_dFM1xqQ9 (e379f36b-d194-4192-9ba2-4492a05b1051)
2019-12-13 17:44:47.464 15 RALLYDEBUG rally_openstack.cleanup.manager [-] Deleting neutron.port object s_rally_bf1a40cb_HWseQ8tE (e49633f6-d6e5-413f-8f81-7e262579ae21)
2019-12-13 17:44:47.479 15 RALLYDEBUG rally_openstack.cleanup.manager [-] Deleting neutron.port object s_rally_bf1a40cb_I4UoPf6g (e5f77282-6904-4ba5-a7f4-33ccca6f188d)
2019-12-13 17:44:47.484 15 RALLYDEBUG rally_openstack.cleanup.manager [-] Deleting neutron.port object s_rally_bf1a40cb_LRmoRHt7 (e949ab69-c7c0-4d64-a895-a7e96b0d7bf1)
2019-12-13 17:44:47.569 15 RALLYDEBUG rally_openstack.cleanup.manager [-] Deleting neutron.port object s_rally_bf1a40cb_RTh87bKX (e98c8a43-23d1-41ac-af94-ca804a983607)
2019-12-13 17:44:47.679 15 RALLYDEBUG rally_openstack.cleanup.manager [-] Deleting neutron.port object s_rally_bf1a40cb_sn2SUYOT (ead8d6ec-8c13-4db9-97d4-328f388f4bd0)
2019-12-13 17:44:47.697 15 RALLYDEBUG rally_openstack.cleanup.manager [-] Deleting neutron.port object s_rally_bf1a40cb_pPuVO9gs (eb804539-1e90-436b-884a-2fd099fa4670)
2019-12-13 17:44:47.835 15 RALLYDEBUG rally_openstack.cleanup.manager [-] Deleting neutron.port object s_rally_bf1a40cb_uESwhZNy (ebbae94c-9007-4519-9e5e-83540c0de602)
2019-12-13 17:44:47.883 15 RALLYDEBUG rally_openstack.cleanup.manager [-] Deleting neutron.port object s_rally_bf1a40cb_JU0VNPhn (ec356642-a60e-4a39-a83a-7c7d97a6ed19)
2019-12-13 17:44:48.074 15 RALLYDEBUG rally_openstack.cleanup.manager [-] Deleting neutron.port object s_rally_bf1a40cb_X0yMbc0q (eecb2bb6-9602-470a-b405-5ea3ae10a92c)
2019-12-13 17:44:48.240 15 RALLYDEBUG rally_openstack.cleanup.manager [-] Deleting neutron.port object s_rally_bf1a40cb_di0JMrjq (eecb8d3d-ba32-400b-a624-09f43b564a15)
2019-12-13 17:44:48.326 15 RALLYDEBUG rally_openstack.cleanup.manager [-] Deleting neutron.port object s_rally_bf1a40cb_wi6rUdUp (efdbaeda-470b-43f5-b768-8cd53c6df284)
2019-12-13 17:44:48.328 15 RALLYDEBUG rally_openstack.cleanup.manager [-] Deleting neutron.port object s_rally_bf1a40cb_fvvt7qNv (ef2b0bfe-47a5-4919-af43-675a0f38d5f2)
2019-12-13 17:44:48.444 15 RALLYDEBUG rally_openstack.cleanup.manager [-] Deleting neutron.port object s_rally_bf1a40cb_ieB2Z5QV (f0f9e86a-936b-4904-825b-4191f453ef16)
2019-12-13 17:44:48.521 15 RALLYDEBUG rally_openstack.cleanup.manager [-] Deleting neutron.port object s_rally_bf1a40cb_ZZ7tIlfZ (f1629b48-ec16-437d-878d-a63c6e817797)
2019-12-13 17:44:48.725 15 RALLYDEBUG rally_openstack.cleanup.manager [-] Deleting neutron.port object s_rally_bf1a40cb_kSaEBbCA (f177d545-89fc-47fe-a760-325643c625c4)
2019-12-13 17:44:48.768 15 RALLYDEBUG rally_openstack.cleanup.manager [-] Deleting neutron.port object s_rally_bf1a40cb_R0z6JeLP (f18a811a-4d51-42aa-94c2-c984d40e4bb4)
2019-12-13 17:44:48.951 15 RALLYDEBUG rally_openstack.cleanup.manager [-] Deleting neutron.port object s_rally_bf1a40cb_zfqyZNQf (f20840f2-d292-4767-a4a0-de9951e4aa53)
2019-12-13 17:44:48.983 15 RALLYDEBUG rally_openstack.cleanup.manager [-] Deleting neutron.port object s_rally_bf1a40cb_cz2WyeSr (f36f8a32-1b9b-4611-84a5-66859a7bdd82)
2019-12-13 17:44:49.172 15 RALLYDEBUG rally_openstack.cleanup.manager [-] Deleting neutron.port object s_rally_bf1a40cb_R4dRFWuC (f3e83344-e5ae-440a-a640-83583533ab21)
2019-12-13 17:44:49.384 15 RALLYDEBUG rally_openstack.cleanup.manager [-] Deleting neutron.port object s_rally_bf1a40cb_40oawC8s (f5463006-8ceb-40af-b963-d467b9d17de9)
2019-12-13 17:44:49.697 15 RALLYDEBUG rally_openstack.cleanup.manager [-] Deleting neutron.port object s_rally_bf1a40cb_wqaYelXV (f75c3982-6f92-40ee-a06b-cddb25714392)
2019-12-13 17:44:50.064 15 RALLYDEBUG rally_openstack.cleanup.manager [-] Deleting neutron.port object s_rally_bf1a40cb_zYhHA4zV (f7a00f74-0588-4c42-a72b-3175bc81a943)
2019-12-13 17:44:50.198 15 RALLYDEBUG rally_openstack.cleanup.manager [-] Deleting neutron.port object s_rally_bf1a40cb_TtSeblHG (f7d9dfff-f57f-4062-9f51-171d2a8309b2)
2019-12-13 17:44:50.286 15 RALLYDEBUG rally_openstack.cleanup.manager [-] Deleting neutron.port object s_rally_bf1a40cb_3x7vRBvq (f81fcb8f-d61b-49f3-9889-14ecde58cd04)
2019-12-13 17:44:50.299 15 RALLYDEBUG rally_openstack.cleanup.manager [-] Deleting neutron.port object s_rally_bf1a40cb_nCjUeq8Y (f8f73d67-7aeb-4ded-84cf-e355a9c3ee2f)
2019-12-13 17:44:50.327 15 RALLYDEBUG rally_openstack.cleanup.manager [-] Deleting neutron.port object s_rally_bf1a40cb_X3TNHMrr (fada861b-7b20-41b7-8852-001f2fd69720)
2019-12-13 17:44:50.343 15 RALLYDEBUG rally_openstack.cleanup.manager [-] Deleting neutron.port object s_rally_bf1a40cb_fh2zyUoX (faeb4100-0bb0-4120-9ee3-d08bcdebd608)
2019-12-13 17:44:50.350 15 RALLYDEBUG rally_openstack.cleanup.manager [-] Deleting neutron.port object s_rally_bf1a40cb_0A2CPNuV (fdf8e9c1-ccd8-49e8-8027-b85e6dc5568a)
2019-12-13 17:44:52.751 15 RALLYDEBUG rally_openstack.cleanup.manager [-] Cleaning up neutron subnet objects
2019-12-13 17:44:52.992 15 RALLYDEBUG rally_openstack.cleanup.manager [-] Cleaning up neutron network objects
2019-12-13 17:44:53.409 15 RALLYDEBUG rally_openstack.cleanup.manager [-] Deleting neutron.network object s_rally_bf1a40cb_6L5HDalq (0244b069-0c2e-4b0d-8d6c-e767c31c4dfe)
2019-12-13 17:44:53.414 15 RALLYDEBUG rally_openstack.cleanup.manager [-] Deleting neutron.network object s_rally_bf1a40cb_eDABqUm8 (13050abd-46de-410b-9b40-64cddf95fd36)
2019-12-13 17:44:53.425 15 RALLYDEBUG rally_openstack.cleanup.manager [-] Deleting neutron.network object s_rally_bf1a40cb_ozU1oSxg (2ac96d9e-ac30-4e46-b392-e8135556ce1e)
2019-12-13 17:44:53.437 15 RALLYDEBUG rally_openstack.cleanup.manager [-] Deleting neutron.network object s_rally_bf1a40cb_2PgF1vVW (786bc0f8-cc84-40bc-8916-acd9715cbd9c)
2019-12-13 17:44:53.444 15 RALLYDEBUG rally_openstack.cleanup.manager [-] Deleting neutron.network object s_rally_bf1a40cb_qMEipa9y (80413be4-68ac-4972-b4aa-ac17af0778b7)
2019-12-13 17:44:53.462 15 RALLYDEBUG rally_openstack.cleanup.manager [-] Deleting neutron.network object s_rally_bf1a40cb_uQcRTZWy (e16f86d6-2c96-4c55-96c3-aa45c0c484f2)
2019-12-13 17:44:53.464 15 RALLYDEBUG rally_openstack.cleanup.manager [-] Deleting neutron.network object s_rally_bf1a40cb_dPww4kT4 (a919e47d-e16b-40d0-8051-d7a9e54d8bef)
2019-12-13 17:44:53.498 15 RALLYDEBUG rally_openstack.cleanup.manager [-] Deleting neutron.network object s_rally_bf1a40cb_hjle2xbf (fd9ab7ff-9d9c-48ff-bdc7-c855011db3b1)
2019-12-13 17:44:56.262 15 RALLYDEBUG rally_openstack.cleanup.manager [-] Cleaning up neutron router objects
2019-12-13 17:44:56.572 15 RALLYDEBUG rally_openstack.cleanup.manager [-] Cleaning up neutron security_group objects
2019-12-13 17:44:56.913 15 INFO rally.task.context [-] Task e0882c5d-fa0d-4220-b701-393905d42074 | Context cleanup@openstack cleanup() finished in 53.74 sec
2019-12-13 17:44:56.913 15 INFO rally.task.context [-] Task e0882c5d-fa0d-4220-b701-393905d42074 | Context quotas@openstack cleanup() started
2019-12-13 17:44:56.969 15 INFO rally.task.context [-] Task e0882c5d-fa0d-4220-b701-393905d42074 | Context quotas@openstack cleanup() finished in 55.78 msec
2019-12-13 17:44:56.969 15 INFO rally.task.context [-] Task e0882c5d-fa0d-4220-b701-393905d42074 | Context users@openstack cleanup() started
2019-12-13 17:44:58.385 15 INFO rally.task.context [-] Task e0882c5d-fa0d-4220-b701-393905d42074 | Context users@openstack cleanup() finished in 1.42 sec
2019-12-13 17:44:58.916 15 INFO rally.task.engine [-] Load duration is: 189.989682
2019-12-13 17:44:58.916 15 INFO rally.task.engine [-] Full runner duration is: 190.038859
2019-12-13 17:44:58.916 15 INFO rally.task.engine [-] Full duration is: 246.461448
2019-12-13 17:44:59.076 15 INFO rally.task.engine [-] Running workload: position = 1 config = { "version": 2, "title": "A cropped version of a bigger task.", "description": "Auto-generated task from a single workload (uuid=1c3bb390-c63b-41b6-b423-adcb58ccee80)", "subtasks": [ { "title": "NeutronNetworks.create_and_update_ports", "description": "Create and update a given number of ports.", "scenario": { "NeutronNetworks.create_and_update_ports": { "network_create_args": {}, "port_create_args": {}, "ports_per_network": 5, "port_update_args": { "admin_state_up": false, "device_id": "dummy_id", "device_owner": "dummy_owner", "name": "_port_updated" } } }, "contexts": { "users": { "tenants": 1, "users_per_tenant": 1 }, "quotas": { "neutron": { "network": -1, "port": -1 } } }, "runner": { "constant": { "times": 40, "concurrency": 20 } }, "hooks": [], "sla": { "failure_rate": { "max": 0 } } } ] }
2019-12-13 17:44:59.095 15 RALLYDEBUG rally_openstack.contexts.keystone.users [-] Creating 1 tenants using 20 threads
2019-12-13 17:44:59.438 15 RALLYDEBUG rally_openstack.contexts.keystone.users [-] Creating 1 users using 20 threads
2019-12-13 17:44:59.954 15 INFO rally.task.context [-] Task e0882c5d-fa0d-4220-b701-393905d42074 | Context users@openstack setup() finished in 0.86 sec
2019-12-13 17:45:00.308 15 INFO rally.task.context [-] Task e0882c5d-fa0d-4220-b701-393905d42074 | Context quotas@openstack setup() finished in 0.35 sec
2019-12-13 17:45:00.309 15 INFO rally.task.context [-] Task e0882c5d-fa0d-4220-b701-393905d42074 | Context cleanup@openstack setup() finished in 0.01 msec
2019-12-13 17:45:00.318 15 RALLYDEBUG rally.task.runner [-] Starting the constant runner (task UUID: e0882c5d-fa0d-4220-b701-393905d42074). timeout: 0 concurrency: 20 concurrency_per_worker: 1 times: 40 concurrency_overhead: 0 processes_to_start: 20 max_cpu_used: 88
2019-12-13 17:45:00.332 4199 RALLYDEBUG rally.task.runner [-] Starting a worker. concurrency: 1 args: {"network_create_args": {}, "port_create_args": {}, "ports_per_network": 5, "port_update_args": {"admin_state_up": false, "device_id": "dummy_id", "device_owner": "dummy_owner", "name": "_port_updated"}} times: 40 method_name: run timeout: 0 duration: None cls:
2019-12-13 17:45:00.334 4200 RALLYDEBUG rally.task.runner [-] Starting a worker. concurrency: 1 args: {"network_create_args": {}, "port_create_args": {}, "ports_per_network": 5, "port_update_args": {"admin_state_up": false, "device_id": "dummy_id", "device_owner": "dummy_owner", "name": "_port_updated"}} times: 40 method_name: run timeout: 0 duration: None cls:
2019-12-13 17:45:00.337 4201 RALLYDEBUG rally.task.runner [-] Starting a worker. concurrency: 1 args: {"network_create_args": {}, "port_create_args": {}, "ports_per_network": 5, "port_update_args": {"admin_state_up": false, "device_id": "dummy_id", "device_owner": "dummy_owner", "name": "_port_updated"}} times: 40 method_name: run timeout: 0 duration: None cls:
2019-12-13 17:45:00.338 4199 INFO rally.task.runner [-] Task e0882c5d-fa0d-4220-b701-393905d42074 | ITER: 1 START
2019-12-13 17:45:00.338 4202 RALLYDEBUG rally.task.runner [-] Starting a worker. concurrency: 1 args: {"network_create_args": {}, "port_create_args": {}, "ports_per_network": 5, "port_update_args": {"admin_state_up": false, "device_id": "dummy_id", "device_owner": "dummy_owner", "name": "_port_updated"}} times: 40 method_name: run timeout: 0 duration: None cls:
2019-12-13 17:45:00.339 4199 WARNING rally_openstack.scenarios.neutron.utils [-] Running this scenario without either the 'network' or 'existing_network' context is deprecated
2019-12-13 17:45:00.341 4200 INFO rally.task.runner [-] Task e0882c5d-fa0d-4220-b701-393905d42074 | ITER: 2 START
2019-12-13 17:45:00.342 4200 WARNING rally_openstack.scenarios.neutron.utils [-] Running this scenario without either the 'network' or 'existing_network' context is deprecated
2019-12-13 17:45:00.342 4203 RALLYDEBUG rally.task.runner [-] Starting a worker. concurrency: 1 args: {"network_create_args": {}, "port_create_args": {}, "ports_per_network": 5, "port_update_args": {"admin_state_up": false, "device_id": "dummy_id", "device_owner": "dummy_owner", "name": "_port_updated"}} times: 40 method_name: run timeout: 0 duration: None cls:
2019-12-13 17:45:00.343 4201 INFO rally.task.runner [-] Task e0882c5d-fa0d-4220-b701-393905d42074 | ITER: 3 START
2019-12-13 17:45:00.344 4202 INFO rally.task.runner [-] Task e0882c5d-fa0d-4220-b701-393905d42074 | ITER: 4 START
2019-12-13 17:45:00.344 4201 WARNING rally_openstack.scenarios.neutron.utils [-] Running this scenario without either the 'network' or 'existing_network' context is deprecated
2019-12-13 17:45:00.345 4202 WARNING rally_openstack.scenarios.neutron.utils [-] Running this scenario without either the 'network' or 'existing_network' context is deprecated
2019-12-13 17:45:00.345 4206 RALLYDEBUG rally.task.runner [-] Starting a worker. concurrency: 1 args: {"network_create_args": {}, "port_create_args": {}, "ports_per_network": 5, "port_update_args": {"admin_state_up": false, "device_id": "dummy_id", "device_owner": "dummy_owner", "name": "_port_updated"}} times: 40 method_name: run timeout: 0 duration: None cls:
2019-12-13 17:45:00.348 4209 RALLYDEBUG rally.task.runner [-] Starting a worker. concurrency: 1 args: {"network_create_args": {}, "port_create_args": {}, "ports_per_network": 5, "port_update_args": {"admin_state_up": false, "device_id": "dummy_id", "device_owner": "dummy_owner", "name": "_port_updated"}} times: 40 method_name: run timeout: 0 duration: None cls:
2019-12-13 17:45:00.348 4203 INFO rally.task.runner [-] Task e0882c5d-fa0d-4220-b701-393905d42074 | ITER: 5 START
2019-12-13 17:45:00.350 4203 WARNING rally_openstack.scenarios.neutron.utils [-] Running this scenario without either the 'network' or 'existing_network' context is deprecated
2019-12-13 17:45:00.350 4214 RALLYDEBUG rally.task.runner [-] Starting a worker. concurrency: 1 args: {"network_create_args": {}, "port_create_args": {}, "ports_per_network": 5, "port_update_args": {"admin_state_up": false, "device_id": "dummy_id", "device_owner": "dummy_owner", "name": "_port_updated"}} times: 40 method_name: run timeout: 0 duration: None cls:
2019-12-13 17:45:00.351 4206 INFO rally.task.runner [-] Task e0882c5d-fa0d-4220-b701-393905d42074 | ITER: 6 START
2019-12-13 17:45:00.352 4206 WARNING rally_openstack.scenarios.neutron.utils [-] Running this scenario without either the 'network' or 'existing_network' context is deprecated
2019-12-13 17:45:00.354 4209 INFO rally.task.runner [-] Task e0882c5d-fa0d-4220-b701-393905d42074 | ITER: 7 START
2019-12-13 17:45:00.353 4215 RALLYDEBUG rally.task.runner [-] Starting a worker. concurrency: 1 args: {"network_create_args": {}, "port_create_args": {}, "ports_per_network": 5, "port_update_args": {"admin_state_up": false, "device_id": "dummy_id", "device_owner": "dummy_owner", "name": "_port_updated"}} times: 40 method_name: run timeout: 0 duration: None cls:
2019-12-13 17:45:00.355 4209 WARNING rally_openstack.scenarios.neutron.utils [-] Running this scenario without either the 'network' or 'existing_network' context is deprecated
2019-12-13 17:45:00.356 4214 INFO rally.task.runner [-] Task e0882c5d-fa0d-4220-b701-393905d42074 | ITER: 8 START
2019-12-13 17:45:00.356 4218 RALLYDEBUG rally.task.runner [-] Starting a worker. concurrency: 1 args: {"network_create_args": {}, "port_create_args": {}, "ports_per_network": 5, "port_update_args": {"admin_state_up": false, "device_id": "dummy_id", "device_owner": "dummy_owner", "name": "_port_updated"}} times: 40 method_name: run timeout: 0 duration: None cls:
2019-12-13 17:45:00.357 4214 WARNING rally_openstack.scenarios.neutron.utils [-] Running this scenario without either the 'network' or 'existing_network' context is deprecated
2019-12-13 17:45:00.358 4221 RALLYDEBUG rally.task.runner [-] Starting a worker. concurrency: 1 args: {"network_create_args": {}, "port_create_args": {}, "ports_per_network": 5, "port_update_args": {"admin_state_up": false, "device_id": "dummy_id", "device_owner": "dummy_owner", "name": "_port_updated"}} times: 40 method_name: run timeout: 0 duration: None cls:
2019-12-13 17:45:00.360 4215 INFO rally.task.runner [-] Task e0882c5d-fa0d-4220-b701-393905d42074 | ITER: 9 START
2019-12-13 17:45:00.361 4215 WARNING rally_openstack.scenarios.neutron.utils [-] Running this scenario without either the 'network' or 'existing_network' context is deprecated
2019-12-13 17:45:00.361 4224 RALLYDEBUG rally.task.runner [-] Starting a worker. concurrency: 1 args: {"network_create_args": {}, "port_create_args": {}, "ports_per_network": 5, "port_update_args": {"admin_state_up": false, "device_id": "dummy_id", "device_owner": "dummy_owner", "name": "_port_updated"}} times: 40 method_name: run timeout: 0 duration: None cls:
2019-12-13 17:45:00.362 4218 INFO rally.task.runner [-] Task e0882c5d-fa0d-4220-b701-393905d42074 | ITER: 10 START
2019-12-13 17:45:00.363 4218 WARNING rally_openstack.scenarios.neutron.utils [-] Running this scenario without either the 'network' or 'existing_network' context is deprecated
2019-12-13 17:45:00.364 4221 INFO rally.task.runner [-] Task e0882c5d-fa0d-4220-b701-393905d42074 | ITER: 11 START
2019-12-13 17:45:00.364 4227 RALLYDEBUG rally.task.runner [-] Starting a worker. concurrency: 1 args: {"network_create_args": {}, "port_create_args": {}, "ports_per_network": 5, "port_update_args": {"admin_state_up": false, "device_id": "dummy_id", "device_owner": "dummy_owner", "name": "_port_updated"}} times: 40 method_name: run timeout: 0 duration: None cls:
2019-12-13 17:45:00.366 4221 WARNING rally_openstack.scenarios.neutron.utils [-] Running this scenario without either the 'network' or 'existing_network' context is deprecated
2019-12-13 17:45:00.366 4230 RALLYDEBUG rally.task.runner [-] Starting a worker. concurrency: 1 args: {"network_create_args": {}, "port_create_args": {}, "ports_per_network": 5, "port_update_args": {"admin_state_up": false, "device_id": "dummy_id", "device_owner": "dummy_owner", "name": "_port_updated"}} times: 40 method_name: run timeout: 0 duration: None cls:
2019-12-13 17:45:00.367 4224 INFO rally.task.runner [-] Task e0882c5d-fa0d-4220-b701-393905d42074 | ITER: 12 START
2019-12-13 17:45:00.368 4224 WARNING rally_openstack.scenarios.neutron.utils [-] Running this scenario without either the 'network' or 'existing_network' context is deprecated
2019-12-13 17:45:00.369 4233 RALLYDEBUG rally.task.runner [-] Starting a worker. concurrency: 1 args: {"network_create_args": {}, "port_create_args": {}, "ports_per_network": 5, "port_update_args": {"admin_state_up": false, "device_id": "dummy_id", "device_owner": "dummy_owner", "name": "_port_updated"}} times: 40 method_name: run timeout: 0 duration: None cls:
2019-12-13 17:45:00.370 4227 INFO rally.task.runner [-] Task e0882c5d-fa0d-4220-b701-393905d42074 | ITER: 13 START
2019-12-13 17:45:00.371 4227 WARNING rally_openstack.scenarios.neutron.utils [-] Running this scenario without either the 'network' or 'existing_network' context is deprecated
2019-12-13 17:45:00.373 4230 INFO rally.task.runner [-] Task e0882c5d-fa0d-4220-b701-393905d42074 | ITER: 14 START
2019-12-13 17:45:00.372 4237 RALLYDEBUG rally.task.runner [-] Starting a worker. concurrency: 1 args: {"network_create_args": {}, "port_create_args": {}, "ports_per_network": 5, "port_update_args": {"admin_state_up": false, "device_id": "dummy_id", "device_owner": "dummy_owner", "name": "_port_updated"}} times: 40 method_name: run timeout: 0 duration: None cls:
2019-12-13 17:45:00.374 4230 WARNING rally_openstack.scenarios.neutron.utils [-] Running this scenario without either the 'network' or 'existing_network' context is deprecated
2019-12-13 17:45:00.375 4233 INFO rally.task.runner [-] Task e0882c5d-fa0d-4220-b701-393905d42074 | ITER: 15 START
2019-12-13 17:45:00.376 4233 WARNING rally_openstack.scenarios.neutron.utils [-] Running this scenario without either the 'network' or 'existing_network' context is deprecated
2019-12-13 17:45:00.375 4239 RALLYDEBUG rally.task.runner [-] Starting a worker. concurrency: 1 args: {"network_create_args": {}, "port_create_args": {}, "ports_per_network": 5, "port_update_args": {"admin_state_up": false, "device_id": "dummy_id", "device_owner": "dummy_owner", "name": "_port_updated"}} times: 40 method_name: run timeout: 0 duration: None cls:
2019-12-13 17:45:00.376 4242 RALLYDEBUG rally.task.runner [-] Starting a worker. concurrency: 1 args: {"network_create_args": {}, "port_create_args": {}, "ports_per_network": 5, "port_update_args": {"admin_state_up": false, "device_id": "dummy_id", "device_owner": "dummy_owner", "name": "_port_updated"}} times: 40 method_name: run timeout: 0 duration: None cls:
2019-12-13 17:45:00.379 4237 INFO rally.task.runner [-] Task e0882c5d-fa0d-4220-b701-393905d42074 | ITER: 16 START
2019-12-13 17:45:00.380 4237 WARNING rally_openstack.scenarios.neutron.utils [-] Running this scenario without either the 'network' or 'existing_network' context is deprecated
2019-12-13 17:45:00.380 4246 RALLYDEBUG rally.task.runner [-] Starting a worker. concurrency: 1 args: {"network_create_args": {}, "port_create_args": {}, "ports_per_network": 5, "port_update_args": {"admin_state_up": false, "device_id": "dummy_id", "device_owner": "dummy_owner", "name": "_port_updated"}} times: 40 method_name: run timeout: 0 duration: None cls:
2019-12-13 17:45:00.381 4242 INFO rally.task.runner [-] Task e0882c5d-fa0d-4220-b701-393905d42074 | ITER: 18 START
2019-12-13 17:45:00.381 4239 INFO rally.task.runner [-] Task e0882c5d-fa0d-4220-b701-393905d42074 | ITER: 17 START
2019-12-13 17:45:00.382 4242 WARNING rally_openstack.scenarios.neutron.utils [-] Running this scenario without either the 'network' or 'existing_network' context is deprecated
2019-12-13 17:45:00.383 4239 WARNING rally_openstack.scenarios.neutron.utils [-] Running this scenario without either the 'network' or 'existing_network' context is deprecated
2019-12-13 17:45:00.383 4248 RALLYDEBUG rally.task.runner [-] Starting a worker. concurrency: 1 args: {"network_create_args": {}, "port_create_args": {}, "ports_per_network": 5, "port_update_args": {"admin_state_up": false, "device_id": "dummy_id", "device_owner": "dummy_owner", "name": "_port_updated"}} times: 40 method_name: run timeout: 0 duration: None cls:
2019-12-13 17:45:00.385 4246 INFO rally.task.runner [-] Task e0882c5d-fa0d-4220-b701-393905d42074 | ITER: 19 START
2019-12-13 17:45:00.386 4246 WARNING rally_openstack.scenarios.neutron.utils [-] Running this scenario without either the 'network' or 'existing_network' context is deprecated
2019-12-13 17:45:00.388 4248 INFO rally.task.runner [-] Task e0882c5d-fa0d-4220-b701-393905d42074 | ITER: 20 START
2019-12-13 17:45:00.389 4248 WARNING rally_openstack.scenarios.neutron.utils [-] Running this scenario without either the 'network' or 'existing_network' context is deprecated
2019-12-13 17:45:14.970 4203 INFO rally.task.runner [-] Task e0882c5d-fa0d-4220-b701-393905d42074 | ITER: 5 END: OK
2019-12-13 17:45:14.975 4203 INFO rally.task.runner [-] Task e0882c5d-fa0d-4220-b701-393905d42074 | ITER: 21 START
2019-12-13 17:45:14.976 4203 WARNING rally_openstack.scenarios.neutron.utils [-] Running this scenario without either the 'network' or 'existing_network' context is deprecated
2019-12-13 17:45:15.532 4199 INFO rally.task.runner [-] Task e0882c5d-fa0d-4220-b701-393905d42074 | ITER: 1 END: OK
2019-12-13 17:45:15.538 4199 INFO rally.task.runner [-] Task e0882c5d-fa0d-4220-b701-393905d42074 | ITER: 22 START
2019-12-13 17:45:15.539 4199 WARNING rally_openstack.scenarios.neutron.utils [-] Running this scenario without either the 'network' or 'existing_network' context is deprecated
2019-12-13 17:45:16.864 4242 INFO rally.task.runner [-] Task e0882c5d-fa0d-4220-b701-393905d42074 | ITER: 18 END: OK
2019-12-13 17:45:16.869 4242 INFO rally.task.runner [-] Task e0882c5d-fa0d-4220-b701-393905d42074 | ITER: 23 START
2019-12-13 17:45:16.870 4242 WARNING rally_openstack.scenarios.neutron.utils [-] Running this scenario without either the 'network' or 'existing_network' context is deprecated
2019-12-13 17:45:17.161 4233 INFO rally.task.runner [-] Task e0882c5d-fa0d-4220-b701-393905d42074 | ITER: 15 END: OK
2019-12-13 17:45:17.166 4233 INFO rally.task.runner [-] Task e0882c5d-fa0d-4220-b701-393905d42074 | ITER: 24 START
2019-12-13 17:45:17.166 4233 WARNING rally_openstack.scenarios.neutron.utils [-] Running this scenario without either the 'network' or 'existing_network' context is deprecated
2019-12-13 17:45:17.295 4206 INFO rally.task.runner [-] Task e0882c5d-fa0d-4220-b701-393905d42074 | ITER: 6 END: OK
2019-12-13 17:45:17.297 4224 INFO rally.task.runner [-] Task e0882c5d-fa0d-4220-b701-393905d42074 | ITER: 12 END: OK
2019-12-13 17:45:17.300 4206 INFO rally.task.runner [-] Task e0882c5d-fa0d-4220-b701-393905d42074 | ITER: 25 START
2019-12-13 17:45:17.300 4206 WARNING rally_openstack.scenarios.neutron.utils [-] Running this scenario without either the 'network' or 'existing_network' context is deprecated
2019-12-13 17:45:17.301 4224 INFO rally.task.runner [-] Task e0882c5d-fa0d-4220-b701-393905d42074 | ITER: 26 START
2019-12-13 17:45:17.302 4224 WARNING rally_openstack.scenarios.neutron.utils [-] Running this scenario without either the 'network' or 'existing_network' context is deprecated
2019-12-13 17:45:17.698 4202 INFO rally.task.runner [-] Task e0882c5d-fa0d-4220-b701-393905d42074 | ITER: 4 END: OK
2019-12-13 17:45:17.703 4202 INFO rally.task.runner [-] Task e0882c5d-fa0d-4220-b701-393905d42074 | ITER: 27 START
2019-12-13 17:45:17.704 4202 WARNING rally_openstack.scenarios.neutron.utils [-] Running this scenario without either the 'network' or 'existing_network' context is deprecated
2019-12-13 17:45:17.888 4200 INFO rally.task.runner [-] Task e0882c5d-fa0d-4220-b701-393905d42074 | ITER: 2 END: OK
2019-12-13 17:45:17.894 4200 INFO rally.task.runner [-] Task e0882c5d-fa0d-4220-b701-393905d42074 | ITER: 28 START
2019-12-13 17:45:17.895 4200 WARNING rally_openstack.scenarios.neutron.utils [-] Running this scenario without either the 'network' or 'existing_network' context is deprecated
2019-12-13 17:45:18.340 4230 INFO rally.task.runner [-] Task e0882c5d-fa0d-4220-b701-393905d42074 | ITER: 14 END: OK
2019-12-13 17:45:18.346 4230 INFO rally.task.runner [-] Task e0882c5d-fa0d-4220-b701-393905d42074 | ITER: 29 START
2019-12-13 17:45:18.347 4230 WARNING rally_openstack.scenarios.neutron.utils [-] Running this scenario without either the 'network' or 'existing_network' context is deprecated
2019-12-13 17:45:19.062 4201 INFO rally.task.runner [-] Task e0882c5d-fa0d-4220-b701-393905d42074 | ITER: 3 END: OK
2019-12-13 17:45:19.067 4201 INFO rally.task.runner [-] Task e0882c5d-fa0d-4220-b701-393905d42074 | ITER: 30 START
2019-12-13 17:45:19.068 4201 WARNING rally_openstack.scenarios.neutron.utils [-] Running this scenario without either the 'network' or 'existing_network' context is deprecated
2019-12-13 17:45:19.071 4221 INFO rally.task.runner [-] Task e0882c5d-fa0d-4220-b701-393905d42074 | ITER: 11 END: OK
2019-12-13 17:45:19.076 4221 INFO rally.task.runner [-] Task e0882c5d-fa0d-4220-b701-393905d42074 | ITER: 31 START
2019-12-13 17:45:19.077 4221 WARNING rally_openstack.scenarios.neutron.utils [-] Running this scenario without either the 'network' or 'existing_network' context is deprecated
2019-12-13 17:45:19.708 4237 INFO rally.task.runner [-] Task e0882c5d-fa0d-4220-b701-393905d42074 | ITER: 16 END: OK
2019-12-13 17:45:19.713 4237 INFO rally.task.runner [-] Task e0882c5d-fa0d-4220-b701-393905d42074 | ITER: 32 START
2019-12-13 17:45:19.714 4237 WARNING rally_openstack.scenarios.neutron.utils [-] Running this scenario without either the 'network' or 'existing_network' context is deprecated
2019-12-13 17:45:20.185 4246 INFO rally.task.runner [-] Task e0882c5d-fa0d-4220-b701-393905d42074 | ITER: 19 END: OK
2019-12-13 17:45:20.190 4246 INFO rally.task.runner [-] Task e0882c5d-fa0d-4220-b701-393905d42074 | ITER: 33 START
2019-12-13 17:45:20.191 4246 WARNING rally_openstack.scenarios.neutron.utils [-] Running this scenario without either the 'network' or 'existing_network' context is deprecated
2019-12-13 17:45:20.528 4239 INFO rally.task.runner [-] Task e0882c5d-fa0d-4220-b701-393905d42074 | ITER: 17 END: OK
2019-12-13 17:45:20.533 4239 INFO rally.task.runner [-] Task e0882c5d-fa0d-4220-b701-393905d42074 | ITER: 34 START
2019-12-13 17:45:20.533 4239 WARNING rally_openstack.scenarios.neutron.utils [-] Running this scenario without either the 'network' or 'existing_network' context is deprecated
2019-12-13 17:45:22.009 4215 INFO rally.task.runner [-] Task e0882c5d-fa0d-4220-b701-393905d42074 | ITER: 9 END: OK
2019-12-13 17:45:22.014 4215 INFO rally.task.runner [-] Task e0882c5d-fa0d-4220-b701-393905d42074 | ITER: 35 START
2019-12-13 17:45:22.014 4215 WARNING rally_openstack.scenarios.neutron.utils [-] Running this scenario without either the 'network' or 'existing_network' context is deprecated
2019-12-13 17:45:22.657 4248 INFO rally.task.runner [-] Task e0882c5d-fa0d-4220-b701-393905d42074 | ITER: 20 END: OK
2019-12-13 17:45:22.662 4248 INFO rally.task.runner [-] Task e0882c5d-fa0d-4220-b701-393905d42074 | ITER: 36 START
2019-12-13 17:45:22.662 4248 WARNING rally_openstack.scenarios.neutron.utils [-] Running this scenario without either the 'network' or 'existing_network' context is deprecated
2019-12-13 17:45:23.098 4218 INFO rally.task.runner [-] Task e0882c5d-fa0d-4220-b701-393905d42074 | ITER: 10 END: OK
2019-12-13 17:45:23.103 4218 INFO rally.task.runner [-] Task e0882c5d-fa0d-4220-b701-393905d42074 | ITER: 37 START
2019-12-13 17:45:23.104 4218 WARNING rally_openstack.scenarios.neutron.utils [-] Running this scenario without either the 'network' or 'existing_network' context is deprecated
2019-12-13 17:45:24.304 4227 INFO rally.task.runner [-] Task e0882c5d-fa0d-4220-b701-393905d42074 | ITER: 13 END: OK
2019-12-13 17:45:24.308 4227 INFO rally.task.runner [-] Task e0882c5d-fa0d-4220-b701-393905d42074 | ITER: 38 START
2019-12-13 17:45:24.309 4227 WARNING rally_openstack.scenarios.neutron.utils [-] Running this scenario without either the 'network' or 'existing_network' context is deprecated
2019-12-13 17:45:25.087 4209 INFO rally.task.runner [-] Task e0882c5d-fa0d-4220-b701-393905d42074 | ITER: 7 END: OK
2019-12-13 17:45:25.091 4209 INFO rally.task.runner [-] Task e0882c5d-fa0d-4220-b701-393905d42074 | ITER: 39 START
2019-12-13 17:45:25.092 4209 WARNING rally_openstack.scenarios.neutron.utils [-] Running this scenario without either the 'network' or 'existing_network' context is deprecated
2019-12-13 17:45:27.763 4214 INFO rally.task.runner [-] Task e0882c5d-fa0d-4220-b701-393905d42074 | ITER: 8 END: OK
2019-12-13 17:45:27.768 4214 INFO rally.task.runner [-] Task e0882c5d-fa0d-4220-b701-393905d42074 | ITER: 40 START
2019-12-13 17:45:27.769 4214 WARNING rally_openstack.scenarios.neutron.utils [-] Running this scenario without either the 'network' or 'existing_network' context is deprecated
2019-12-13 17:45:30.440 4242 INFO rally.task.runner [-] Task e0882c5d-fa0d-4220-b701-393905d42074 | ITER: 23 END: OK
2019-12-13 17:45:31.364 4233 INFO rally.task.runner [-] Task e0882c5d-fa0d-4220-b701-393905d42074 | ITER: 24 END: OK
2019-12-13 17:45:32.123 4199 INFO rally.task.runner [-] Task e0882c5d-fa0d-4220-b701-393905d42074 | ITER: 22 END: OK
2019-12-13 17:45:32.714 4203 INFO rally.task.runner [-] Task e0882c5d-fa0d-4220-b701-393905d42074 | ITER: 21 END: OK
2019-12-13 17:45:32.756 4206 INFO rally.task.runner [-] Task e0882c5d-fa0d-4220-b701-393905d42074 | ITER: 25 END: OK
2019-12-13 17:45:32.870 4200 INFO rally.task.runner [-] Task e0882c5d-fa0d-4220-b701-393905d42074 | ITER: 28 END: OK
2019-12-13 17:45:33.746 4221 INFO rally.task.runner [-] Task e0882c5d-fa0d-4220-b701-393905d42074 | ITER: 31 END: OK
2019-12-13 17:45:34.095 4230 INFO rally.task.runner [-] Task e0882c5d-fa0d-4220-b701-393905d42074 | ITER: 29 END: OK
2019-12-13 17:45:34.385 4224 INFO rally.task.runner [-] Task e0882c5d-fa0d-4220-b701-393905d42074 | ITER: 26 END: OK
2019-12-13 17:45:35.175 4237 INFO rally.task.runner [-] Task e0882c5d-fa0d-4220-b701-393905d42074 | ITER: 32 END: OK
2019-12-13 17:45:35.242 4246 INFO rally.task.runner [-] Task e0882c5d-fa0d-4220-b701-393905d42074 | ITER: 33 END: OK
2019-12-13 17:45:35.644 4202 INFO rally.task.runner [-] Task e0882c5d-fa0d-4220-b701-393905d42074 | ITER: 27 END: OK
2019-12-13 17:45:35.849 4239 INFO rally.task.runner [-] Task e0882c5d-fa0d-4220-b701-393905d42074 | ITER: 34 END: OK
2019-12-13 17:45:36.123 4215 INFO rally.task.runner [-] Task e0882c5d-fa0d-4220-b701-393905d42074 | ITER: 35 END: OK
2019-12-13 17:45:36.508 4201 INFO rally.task.runner [-] Task e0882c5d-fa0d-4220-b701-393905d42074 | ITER: 30 END: OK
2019-12-13 17:45:37.193 4209 INFO rally.task.runner [-] Task e0882c5d-fa0d-4220-b701-393905d42074 | ITER: 39 END: OK
2019-12-13 17:45:37.242 4248 INFO rally.task.runner [-] Task e0882c5d-fa0d-4220-b701-393905d42074 | ITER: 36 END: OK
2019-12-13 17:45:37.810 4227 INFO rally.task.runner [-] Task e0882c5d-fa0d-4220-b701-393905d42074 | ITER: 38 END: OK
2019-12-13 17:45:38.043 4218 INFO rally.task.runner [-] Task e0882c5d-fa0d-4220-b701-393905d42074 | ITER: 37 END: OK
2019-12-13 17:45:38.802 4214 INFO rally.task.runner [-] Task e0882c5d-fa0d-4220-b701-393905d42074 | ITER: 40 END: OK
2019-12-13 17:45:38.826 15 INFO rally.task.context [-] Task e0882c5d-fa0d-4220-b701-393905d42074 | Context cleanup@openstack cleanup() started
2019-12-13 17:45:38.829 15 RALLYDEBUG rally_openstack.cleanup.manager [-] Cleaning up neutron vip objects
2019-12-13 17:45:39.056 15 RALLYDEBUG rally_openstack.cleanup.manager [-] Cleaning up neutron health_monitor objects
2019-12-13 17:45:39.266 15 RALLYDEBUG rally_openstack.cleanup.manager [-] Cleaning up neutron pool objects
2019-12-13 17:45:39.464 15 RALLYDEBUG rally_openstack.cleanup.manager [-] Cleaning up neutron loadbalancer objects
2019-12-13 17:45:39.768 15 RALLYDEBUG rally_openstack.cleanup.manager [-] Cleaning up neutron floatingip objects
2019-12-13 17:45:39.998 15 RALLYDEBUG rally_openstack.cleanup.manager [-] Cleaning up neutron trunk objects
2019-12-13 17:45:40.216 15 DEBUG neutronclient.v2_0.client [-] Error message: {"message": "The resource could not be found.

\n\n\n", "code": "404 Not Found", "title": "Not Found"} _handle_fault_response /usr/lib/python2.7/site-packages/neutronclient/v2_0/client.py:259
2019-12-13 17:45:40.225 15 RALLYDEBUG rally_openstack.cleanup.manager [-] Cleaning up neutron port objects
2019-12-13 17:45:41.063 15 RALLYDEBUG rally_openstack.cleanup.manager [-] Deleting neutron.port object s_rally_1c3bb390_RrA9dCIa (01d16a7d-6e37-4550-9b55-b3e2d309c834)
2019-12-13 17:45:41.068 15 RALLYDEBUG rally_openstack.cleanup.manager [-] Deleting neutron.port object s_rally_1c3bb390_lJ7w7ful (05d11e4f-3508-4ab4-b29e-ed8c4f39b282)
2019-12-13 17:45:41.071 15 RALLYDEBUG rally_openstack.cleanup.manager [-] Deleting neutron.port object s_rally_1c3bb390_ygp1L1oY (065e6dd6-6773-4ec1-ac1a-2bde9f9c31dd)
2019-12-13 17:45:41.078 15 RALLYDEBUG rally_openstack.cleanup.manager [-] Deleting neutron.port object s_rally_1c3bb390_I7tWqRHa (096efe62-f36e-434a-8c4a-4b1eab8b8775)
2019-12-13 17:45:41.081 15 RALLYDEBUG rally_openstack.cleanup.manager [-] Deleting neutron.port object s_rally_1c3bb390_US2BQ8yZ (048affbf-6e3a-4895-93ec-abc4e59d3355)
2019-12-13 17:45:41.092 15 RALLYDEBUG rally_openstack.cleanup.manager [-] Deleting neutron.port object s_rally_1c3bb390_skbjPyar (04b1bab2-2572-4e37-a51a-31297053bdd9)
2019-12-13 17:45:41.098 15 RALLYDEBUG rally_openstack.cleanup.manager [-] Deleting neutron.port object s_rally_1c3bb390_iiXbfzxo (0fe06106-ff3e-42d6-a324-6d9e7f5f4d7e)
2019-12-13 17:45:41.087 15 RALLYDEBUG rally_openstack.cleanup.manager [-] Deleting neutron.port object s_rally_1c3bb390_A6knBpXc (02b00a95-f58f-42ab-b78a-396e9ea81491)
2019-12-13 17:45:41.097 15 RALLYDEBUG rally_openstack.cleanup.manager [-] Deleting neutron.port object s_rally_1c3bb390_mYvmycVE (09acae6f-e1e1-4759-89ba-9c54fbecce0e)
2019-12-13 17:45:41.110 15 RALLYDEBUG rally_openstack.cleanup.manager [-] Deleting neutron.port object s_rally_1c3bb390_y3BscXEu (10842af6-5609-43fd-b2e9-bb7a549b7824)
2019-12-13 17:45:41.114 15 RALLYDEBUG rally_openstack.cleanup.manager [-] Deleting neutron.port object s_rally_1c3bb390_5BWpUjXs (08b82e54-faa6-417d-b2f9-3338e1439a77)
