2019-12-13 17:31:30.812 15 INFO rally.task.engine [-] Load duration is: 47.907347
2019-12-13 17:31:30.812 15 INFO rally.task.engine [-] Full runner duration is: 47.958678
2019-12-13 17:31:30.813 15 INFO rally.task.engine [-] Full duration is: 97.927975
2019-12-13 17:31:30.922 15 INFO rally.task.engine [-] Running workload: position = 2 config = { "version": 2, "title": "A cropped version of a bigger task.", "description": "Auto-generated task from a single workload (uuid=335527f5-6136-4769-a913-a7cd3bc60605)", "subtasks": [ { "title": "NeutronNetworks.create_and_delete_subnets", "description": "Create and delete a given number of subnets.", "scenario": { "NeutronNetworks.create_and_delete_subnets": { "network_create_args": {}, "subnet_create_args": {}, "subnet_cidr_start": "1.1.0.0/30", "subnets_per_network": 2 } }, "contexts": { "users": { "tenants": 1, "users_per_tenant": 1 }, "quotas": { "neutron": { "network": -1, "subnet": -1 } } }, "runner": { "constant": { "times": 40, "concurrency": 20 } }, "hooks": [], "sla": { "failure_rate": { "max": 0 } } } ] }
2019-12-13 17:31:30.936 15 RALLYDEBUG rally_openstack.contexts.keystone.users [-] Creating 1 tenants using 20 threads
2019-12-13 17:31:31.336 15 RALLYDEBUG rally_openstack.contexts.keystone.users [-] Creating 1 users using 20 threads
2019-12-13 17:31:31.765 15 INFO rally.task.context [-] Task e0882c5d-fa0d-4220-b701-393905d42074 | Context users@openstack setup() finished in 0.83 sec
2019-12-13 17:31:32.140 15 INFO rally.task.context [-] Task e0882c5d-fa0d-4220-b701-393905d42074 | Context quotas@openstack setup() finished in 0.37 sec
2019-12-13 17:31:32.141 15 INFO rally.task.context [-] Task e0882c5d-fa0d-4220-b701-393905d42074 | Context cleanup@openstack setup() finished in 0.01 msec
2019-12-13 17:31:32.150 15 RALLYDEBUG rally.task.runner [-] Starting the constant runner (task UUID: e0882c5d-fa0d-4220-b701-393905d42074). timeout: 0 concurrency: 20 concurrency_per_worker: 1 times: 40 concurrency_overhead: 0 processes_to_start: 20 max_cpu_used: 88
2019-12-13 17:31:32.164 2269 RALLYDEBUG rally.task.runner [-] Starting a worker. concurrency: 1 args: {"network_create_args": {}, "subnet_create_args": {}, "subnet_cidr_start": "1.1.0.0/30", "subnets_per_network": 2} times: 40 method_name: run timeout: 0 duration: None cls:
2019-12-13 17:31:32.166 2270 RALLYDEBUG rally.task.runner [-] Starting a worker. concurrency: 1 args: {"network_create_args": {}, "subnet_create_args": {}, "subnet_cidr_start": "1.1.0.0/30", "subnets_per_network": 2} times: 40 method_name: run timeout: 0 duration: None cls:
2019-12-13 17:31:32.169 2271 RALLYDEBUG rally.task.runner [-] Starting a worker. concurrency: 1 args: {"network_create_args": {}, "subnet_create_args": {}, "subnet_cidr_start": "1.1.0.0/30", "subnets_per_network": 2} times: 40 method_name: run timeout: 0 duration: None cls:
2019-12-13 17:31:32.171 2269 INFO rally.task.runner [-] Task e0882c5d-fa0d-4220-b701-393905d42074 | ITER: 1 START
2019-12-13 17:31:32.172 2269 WARNING rally_openstack.scenarios.neutron.utils [-] Running this scenario without either the 'network' or 'existing_network' context is deprecated
2019-12-13 17:31:32.172 2272 RALLYDEBUG rally.task.runner [-] Starting a worker. concurrency: 1 args: {"network_create_args": {}, "subnet_create_args": {}, "subnet_cidr_start": "1.1.0.0/30", "subnets_per_network": 2} times: 40 method_name: run timeout: 0 duration: None cls:
2019-12-13 17:31:32.173 2270 INFO rally.task.runner [-] Task e0882c5d-fa0d-4220-b701-393905d42074 | ITER: 2 START
2019-12-13 17:31:32.174 2270 WARNING rally_openstack.scenarios.neutron.utils [-] Running this scenario without either the 'network' or 'existing_network' context is deprecated
2019-12-13 17:31:32.175 2271 INFO rally.task.runner [-] Task e0882c5d-fa0d-4220-b701-393905d42074 | ITER: 3 START
2019-12-13 17:31:32.174 2273 RALLYDEBUG rally.task.runner [-] Starting a worker. concurrency: 1 args: {"network_create_args": {}, "subnet_create_args": {}, "subnet_cidr_start": "1.1.0.0/30", "subnets_per_network": 2} times: 40 method_name: run timeout: 0 duration: None cls:
2019-12-13 17:31:32.176 2271 WARNING rally_openstack.scenarios.neutron.utils [-] Running this scenario without either the 'network' or 'existing_network' context is deprecated
2019-12-13 17:31:32.177 2276 RALLYDEBUG rally.task.runner [-] Starting a worker. concurrency: 1 args: {"network_create_args": {}, "subnet_create_args": {}, "subnet_cidr_start": "1.1.0.0/30", "subnets_per_network": 2} times: 40 method_name: run timeout: 0 duration: None cls:
2019-12-13 17:31:32.178 2272 INFO rally.task.runner [-] Task e0882c5d-fa0d-4220-b701-393905d42074 | ITER: 4 START
2019-12-13 17:31:32.180 2272 WARNING rally_openstack.scenarios.neutron.utils [-] Running this scenario without either the 'network' or 'existing_network' context is deprecated
2019-12-13 17:31:32.180 2279 RALLYDEBUG rally.task.runner [-] Starting a worker. concurrency: 1 args: {"network_create_args": {}, "subnet_create_args": {}, "subnet_cidr_start": "1.1.0.0/30", "subnets_per_network": 2} times: 40 method_name: run timeout: 0 duration: None cls:
2019-12-13 17:31:32.181 2273 INFO rally.task.runner [-] Task e0882c5d-fa0d-4220-b701-393905d42074 | ITER: 5 START
2019-12-13 17:31:32.182 2273 WARNING rally_openstack.scenarios.neutron.utils [-] Running this scenario without either the 'network' or 'existing_network' context is deprecated
2019-12-13 17:31:32.183 2276 INFO rally.task.runner [-] Task e0882c5d-fa0d-4220-b701-393905d42074 | ITER: 6 START
2019-12-13 17:31:32.183 2282 RALLYDEBUG rally.task.runner [-] Starting a worker. concurrency: 1 args: {"network_create_args": {}, "subnet_create_args": {}, "subnet_cidr_start": "1.1.0.0/30", "subnets_per_network": 2} times: 40 method_name: run timeout: 0 duration: None cls:
2019-12-13 17:31:32.184 2276 WARNING rally_openstack.scenarios.neutron.utils [-] Running this scenario without either the 'network' or 'existing_network' context is deprecated
2019-12-13 17:31:32.186 2279 INFO rally.task.runner [-] Task e0882c5d-fa0d-4220-b701-393905d42074 | ITER: 7 START
2019-12-13 17:31:32.185 2285 RALLYDEBUG rally.task.runner [-] Starting a worker. concurrency: 1 args: {"network_create_args": {}, "subnet_create_args": {}, "subnet_cidr_start": "1.1.0.0/30", "subnets_per_network": 2} times: 40 method_name: run timeout: 0 duration: None cls:
2019-12-13 17:31:32.187 2279 WARNING rally_openstack.scenarios.neutron.utils [-] Running this scenario without either the 'network' or 'existing_network' context is deprecated
2019-12-13 17:31:32.188 2288 RALLYDEBUG rally.task.runner [-] Starting a worker. concurrency: 1 args: {"network_create_args": {}, "subnet_create_args": {}, "subnet_cidr_start": "1.1.0.0/30", "subnets_per_network": 2} times: 40 method_name: run timeout: 0 duration: None cls:
2019-12-13 17:31:32.189 2282 INFO rally.task.runner [-] Task e0882c5d-fa0d-4220-b701-393905d42074 | ITER: 8 START
2019-12-13 17:31:32.190 2282 WARNING rally_openstack.scenarios.neutron.utils [-] Running this scenario without either the 'network' or 'existing_network' context is deprecated
2019-12-13 17:31:32.191 2285 INFO rally.task.runner [-] Task e0882c5d-fa0d-4220-b701-393905d42074 | ITER: 9 START
2019-12-13 17:31:32.192 2285 WARNING rally_openstack.scenarios.neutron.utils [-] Running this scenario without either the 'network' or 'existing_network' context is deprecated
2019-12-13 17:31:32.191 2291 RALLYDEBUG rally.task.runner [-] Starting a worker. concurrency: 1 args: {"network_create_args": {}, "subnet_create_args": {}, "subnet_cidr_start": "1.1.0.0/30", "subnets_per_network": 2} times: 40 method_name: run timeout: 0 duration: None cls:
2019-12-13 17:31:32.194 2288 INFO rally.task.runner [-] Task e0882c5d-fa0d-4220-b701-393905d42074 | ITER: 10 START
2019-12-13 17:31:32.194 2294 RALLYDEBUG rally.task.runner [-] Starting a worker. concurrency: 1 args: {"network_create_args": {}, "subnet_create_args": {}, "subnet_cidr_start": "1.1.0.0/30", "subnets_per_network": 2} times: 40 method_name: run timeout: 0 duration: None cls:
2019-12-13 17:31:32.195 2288 WARNING rally_openstack.scenarios.neutron.utils [-] Running this scenario without either the 'network' or 'existing_network' context is deprecated
2019-12-13 17:31:32.197 2297 RALLYDEBUG rally.task.runner [-] Starting a worker. concurrency: 1 args: {"network_create_args": {}, "subnet_create_args": {}, "subnet_cidr_start": "1.1.0.0/30", "subnets_per_network": 2} times: 40 method_name: run timeout: 0 duration: None cls:
2019-12-13 17:31:32.197 2300 RALLYDEBUG rally.task.runner [-] Starting a worker. concurrency: 1 args: {"network_create_args": {}, "subnet_create_args": {}, "subnet_cidr_start": "1.1.0.0/30", "subnets_per_network": 2} times: 40 method_name: run timeout: 0 duration: None cls:
2019-12-13 17:31:32.198 2291 INFO rally.task.runner [-] Task e0882c5d-fa0d-4220-b701-393905d42074 | ITER: 11 START
2019-12-13 17:31:32.199 2291 WARNING rally_openstack.scenarios.neutron.utils [-] Running this scenario without either the 'network' or 'existing_network' context is deprecated
2019-12-13 17:31:32.200 2294 INFO rally.task.runner [-] Task e0882c5d-fa0d-4220-b701-393905d42074 | ITER: 12 START
2019-12-13 17:31:32.202 2294 WARNING rally_openstack.scenarios.neutron.utils [-] Running this scenario without either the 'network' or 'existing_network' context is deprecated
2019-12-13 17:31:32.201 2303 RALLYDEBUG rally.task.runner [-] Starting a worker. concurrency: 1 args: {"network_create_args": {}, "subnet_create_args": {}, "subnet_cidr_start": "1.1.0.0/30", "subnets_per_network": 2} times: 40 method_name: run timeout: 0 duration: None cls:
2019-12-13 17:31:32.202 2300 INFO rally.task.runner [-] Task e0882c5d-fa0d-4220-b701-393905d42074 | ITER: 14 START
2019-12-13 17:31:32.203 2297 INFO rally.task.runner [-] Task e0882c5d-fa0d-4220-b701-393905d42074 | ITER: 13 START
2019-12-13 17:31:32.204 2300 WARNING rally_openstack.scenarios.neutron.utils [-] Running this scenario without either the 'network' or 'existing_network' context is deprecated
2019-12-13 17:31:32.204 2297 WARNING rally_openstack.scenarios.neutron.utils [-] Running this scenario without either the 'network' or 'existing_network' context is deprecated
2019-12-13 17:31:32.205 2306 RALLYDEBUG rally.task.runner [-] Starting a worker. concurrency: 1 args: {"network_create_args": {}, "subnet_create_args": {}, "subnet_cidr_start": "1.1.0.0/30", "subnets_per_network": 2} times: 40 method_name: run timeout: 0 duration: None cls:
2019-12-13 17:31:32.206 2303 INFO rally.task.runner [-] Task e0882c5d-fa0d-4220-b701-393905d42074 | ITER: 15 START
2019-12-13 17:31:32.207 2303 WARNING rally_openstack.scenarios.neutron.utils [-] Running this scenario without either the 'network' or 'existing_network' context is deprecated
2019-12-13 17:31:32.208 2310 RALLYDEBUG rally.task.runner [-] Starting a worker. concurrency: 1 args: {"network_create_args": {}, "subnet_create_args": {}, "subnet_cidr_start": "1.1.0.0/30", "subnets_per_network": 2} times: 40 method_name: run timeout: 0 duration: None cls:
2019-12-13 17:31:32.210 2314 RALLYDEBUG rally.task.runner [-] Starting a worker. concurrency: 1 args: {"network_create_args": {}, "subnet_create_args": {}, "subnet_cidr_start": "1.1.0.0/30", "subnets_per_network": 2} times: 40 method_name: run timeout: 0 duration: None cls:
2019-12-13 17:31:32.211 2306 INFO rally.task.runner [-] Task e0882c5d-fa0d-4220-b701-393905d42074 | ITER: 16 START
2019-12-13 17:31:32.212 2306 WARNING rally_openstack.scenarios.neutron.utils [-] Running this scenario without either the 'network' or 'existing_network' context is deprecated
2019-12-13 17:31:32.214 2317 RALLYDEBUG rally.task.runner [-] Starting a worker. concurrency: 1 args: {"network_create_args": {}, "subnet_create_args": {}, "subnet_cidr_start": "1.1.0.0/30", "subnets_per_network": 2} times: 40 method_name: run timeout: 0 duration: None cls:
2019-12-13 17:31:32.214 2318 RALLYDEBUG rally.task.runner [-] Starting a worker. concurrency: 1 args: {"network_create_args": {}, "subnet_create_args": {}, "subnet_cidr_start": "1.1.0.0/30", "subnets_per_network": 2} times: 40 method_name: run timeout: 0 duration: None cls:
2019-12-13 17:31:32.215 2310 INFO rally.task.runner [-] Task e0882c5d-fa0d-4220-b701-393905d42074 | ITER: 17 START
2019-12-13 17:31:32.216 2314 INFO rally.task.runner [-] Task e0882c5d-fa0d-4220-b701-393905d42074 | ITER: 18 START
2019-12-13 17:31:32.216 2310 WARNING rally_openstack.scenarios.neutron.utils [-] Running this scenario without either the 'network' or 'existing_network' context is deprecated
2019-12-13 17:31:32.217 2314 WARNING rally_openstack.scenarios.neutron.utils [-] Running this scenario without either the 'network' or 'existing_network' context is deprecated
2019-12-13 17:31:32.219 2318 INFO rally.task.runner [-] Task e0882c5d-fa0d-4220-b701-393905d42074 | ITER: 20 START
2019-12-13 17:31:32.219 2317 INFO rally.task.runner [-] Task e0882c5d-fa0d-4220-b701-393905d42074 | ITER: 19 START
2019-12-13 17:31:32.220 2318 WARNING rally_openstack.scenarios.neutron.utils [-] Running this scenario without either the 'network' or 'existing_network' context is deprecated
2019-12-13 17:31:32.221 2317 WARNING rally_openstack.scenarios.neutron.utils [-] Running this scenario without either the 'network' or 'existing_network' context is deprecated
2019-12-13 17:31:32.966 2291 RALLYDEBUG rally_openstack.wrappers.network [-] CIDR generated: 1.1.4.96/30
2019-12-13 17:31:33.030 2282 RALLYDEBUG rally_openstack.wrappers.network [-] CIDR generated: 1.1.4.100/30
2019-12-13 17:31:33.071 2276 RALLYDEBUG rally_openstack.wrappers.network [-] CIDR generated: 1.1.4.104/30
2019-12-13 17:31:33.093 2317 RALLYDEBUG rally_openstack.wrappers.network [-] CIDR generated: 1.1.4.108/30
2019-12-13 17:31:33.124 2269 RALLYDEBUG rally_openstack.wrappers.network [-] CIDR generated: 1.1.4.112/30
2019-12-13 17:31:33.205 2271 RALLYDEBUG rally_openstack.wrappers.network [-] CIDR generated: 1.1.4.116/30
2019-12-13 17:31:33.294 2294 RALLYDEBUG rally_openstack.wrappers.network [-] CIDR generated: 1.1.4.120/30
2019-12-13 17:31:33.344 2297 RALLYDEBUG rally_openstack.wrappers.network [-] CIDR generated: 1.1.4.124/30
2019-12-13 17:31:33.351 2279 RALLYDEBUG rally_openstack.wrappers.network [-] CIDR generated: 1.1.4.128/30
2019-12-13 17:31:33.370 2288 RALLYDEBUG rally_openstack.wrappers.network [-] CIDR generated: 1.1.4.132/30
2019-12-13 17:31:33.488 2270 RALLYDEBUG rally_openstack.wrappers.network [-] CIDR generated: 1.1.4.136/30
2019-12-13 17:31:33.527 2285 RALLYDEBUG rally_openstack.wrappers.network [-] CIDR generated: 1.1.4.140/30
2019-12-13 17:31:33.553 2306 RALLYDEBUG rally_openstack.wrappers.network [-] CIDR generated: 1.1.4.144/30
2019-12-13 17:31:33.638 2273 RALLYDEBUG rally_openstack.wrappers.network [-] CIDR generated: 1.1.4.148/30
2019-12-13 17:31:33.707 2291 RALLYDEBUG rally_openstack.wrappers.network [-] CIDR generated: 1.1.4.152/30
2019-12-13 17:31:33.728 2303 RALLYDEBUG rally_openstack.wrappers.network [-] CIDR generated: 1.1.4.156/30
2019-12-13 17:31:33.780 2272 RALLYDEBUG rally_openstack.wrappers.network [-] CIDR generated: 1.1.4.160/30
2019-12-13 17:31:33.849 2300 RALLYDEBUG rally_openstack.wrappers.network [-] CIDR generated: 1.1.4.164/30
2019-12-13 17:31:33.899 2314 RALLYDEBUG rally_openstack.wrappers.network [-] CIDR generated: 1.1.4.168/30
2019-12-13 17:31:34.092 2282 RALLYDEBUG rally_openstack.wrappers.network [-] CIDR generated: 1.1.4.172/30
2019-12-13 17:31:34.141 2310 RALLYDEBUG rally_openstack.wrappers.network [-] CIDR generated: 1.1.4.176/30
2019-12-13 17:31:34.295 2318 RALLYDEBUG rally_openstack.wrappers.network [-] CIDR generated: 1.1.4.180/30
2019-12-13 17:31:34.436 2317 RALLYDEBUG rally_openstack.wrappers.network [-] CIDR generated: 1.1.4.184/30
2019-12-13 17:31:34.768 2272 RALLYDEBUG rally_openstack.wrappers.network [-] CIDR generated: 1.1.4.188/30
2019-12-13 17:31:34.772 2285 RALLYDEBUG rally_openstack.wrappers.network [-] CIDR generated: 1.1.4.192/30
2019-12-13 17:31:34.879 2279 RALLYDEBUG rally_openstack.wrappers.network [-] CIDR generated: 1.1.4.196/30
2019-12-13 17:31:34.925 2306 RALLYDEBUG rally_openstack.wrappers.network [-] CIDR generated: 1.1.4.200/30
2019-12-13 17:31:34.973 2310 RALLYDEBUG rally_openstack.wrappers.network [-] CIDR generated: 1.1.4.204/30
2019-12-13 17:31:35.147 2318 RALLYDEBUG rally_openstack.wrappers.network [-] CIDR generated: 1.1.4.208/30
2019-12-13 17:31:35.335 2276 RALLYDEBUG rally_openstack.wrappers.network [-] CIDR generated: 1.1.4.212/30
2019-12-13 17:31:35.377 2297 RALLYDEBUG rally_openstack.wrappers.network [-] CIDR generated: 1.1.4.216/30
2019-12-13 17:31:35.492 2273 RALLYDEBUG rally_openstack.wrappers.network [-] CIDR generated: 1.1.4.220/30
2019-12-13 17:31:35.507 2303 RALLYDEBUG rally_openstack.wrappers.network [-] CIDR generated: 1.1.4.224/30
2019-12-13 17:31:35.568 2314 RALLYDEBUG rally_openstack.wrappers.network [-] CIDR generated: 1.1.4.228/30
2019-12-13 17:31:35.600 2294 RALLYDEBUG rally_openstack.wrappers.network [-] CIDR generated: 1.1.4.232/30
2019-12-13 17:31:35.681 2288 RALLYDEBUG rally_openstack.wrappers.network [-] CIDR generated: 1.1.4.236/30
2019-12-13 17:31:36.712 2269 RALLYDEBUG rally_openstack.wrappers.network [-] CIDR generated: 1.1.4.240/30
2019-12-13 17:31:36.877 2271 RALLYDEBUG rally_openstack.wrappers.network [-] CIDR generated: 1.1.4.244/30
2019-12-13 17:31:37.107 2270 RALLYDEBUG rally_openstack.wrappers.network [-] CIDR generated: 1.1.4.248/30
2019-12-13 17:31:37.316 2300 RALLYDEBUG rally_openstack.wrappers.network [-] CIDR generated: 1.1.4.252/30
2019-12-13 17:31:37.402 2318 INFO rally.task.runner [-] Task e0882c5d-fa0d-4220-b701-393905d42074 | ITER: 20 END: OK
2019-12-13 17:31:37.406 2318 INFO rally.task.runner [-] Task e0882c5d-fa0d-4220-b701-393905d42074 | ITER: 21 START
2019-12-13 17:31:37.407 2318 WARNING rally_openstack.scenarios.neutron.utils [-] Running this scenario without either the 'network' or 'existing_network' context is deprecated
2019-12-13 17:31:37.497 2291 INFO rally.task.runner [-] Task e0882c5d-fa0d-4220-b701-393905d42074 | ITER: 11 END: OK
2019-12-13 17:31:37.502 2291 INFO rally.task.runner [-] Task e0882c5d-fa0d-4220-b701-393905d42074 | ITER: 22 START
2019-12-13 17:31:37.502 2291 WARNING rally_openstack.scenarios.neutron.utils [-] Running this scenario without either the 'network' or 'existing_network' context is deprecated
2019-12-13 17:31:38.000 2317 INFO rally.task.runner [-] Task e0882c5d-fa0d-4220-b701-393905d42074 | ITER: 19 END: OK
2019-12-13 17:31:38.005 2317 INFO rally.task.runner [-] Task e0882c5d-fa0d-4220-b701-393905d42074 | ITER: 23 START
2019-12-13 17:31:38.006 2317 WARNING rally_openstack.scenarios.neutron.utils [-] Running this scenario without either the 'network' or 'existing_network' context is deprecated
2019-12-13 17:31:38.125 2282 INFO rally.task.runner [-] Task e0882c5d-fa0d-4220-b701-393905d42074 | ITER: 8 END: OK
2019-12-13 17:31:38.130 2282 INFO rally.task.runner [-] Task e0882c5d-fa0d-4220-b701-393905d42074 | ITER: 24 START
2019-12-13 17:31:38.131 2282 WARNING rally_openstack.scenarios.neutron.utils [-] Running this scenario without either the 'network' or 'existing_network' context is deprecated
2019-12-13 17:31:38.332 2291 RALLYDEBUG rally_openstack.wrappers.network [-] CIDR generated: 1.1.5.0/30
2019-12-13 17:31:38.870 2285 INFO rally.task.runner [-] Task e0882c5d-fa0d-4220-b701-393905d42074 | ITER: 9 END: OK
2019-12-13 17:31:38.875 2285 INFO rally.task.runner [-] Task e0882c5d-fa0d-4220-b701-393905d42074 | ITER: 25 START
2019-12-13 17:31:38.875 2285 WARNING rally_openstack.scenarios.neutron.utils [-] Running this scenario without either the 'network' or 'existing_network' context is deprecated
2019-12-13 17:31:38.953 2317 RALLYDEBUG rally_openstack.wrappers.network [-] CIDR generated: 1.1.5.4/30
2019-12-13 17:31:39.347 2285 RALLYDEBUG rally_openstack.wrappers.network [-] CIDR generated: 1.1.5.8/30
2019-12-13 17:31:39.351 2291 RALLYDEBUG rally_openstack.wrappers.network [-] CIDR generated: 1.1.5.12/30
2019-12-13 17:31:39.532 2282 RALLYDEBUG rally_openstack.wrappers.network [-] CIDR generated: 1.1.5.16/30
2019-12-13 17:31:39.667 2318 RALLYDEBUG rally_openstack.wrappers.network [-] CIDR generated: 1.1.5.20/30
2019-12-13 17:31:40.107 2285 RALLYDEBUG rally_openstack.wrappers.network [-] CIDR generated: 1.1.5.24/30
2019-12-13 17:31:40.328 2310 INFO rally.task.runner [-] Task e0882c5d-fa0d-4220-b701-393905d42074 | ITER: 17 END: OK
2019-12-13 17:31:40.333 2310 INFO rally.task.runner [-] Task e0882c5d-fa0d-4220-b701-393905d42074 | ITER: 26 START
2019-12-13 17:31:40.334 2310 WARNING rally_openstack.scenarios.neutron.utils [-] Running this scenario without either the 'network' or 'existing_network' context is deprecated
2019-12-13 17:31:40.374 2272 INFO rally.task.runner [-] Task e0882c5d-fa0d-4220-b701-393905d42074 | ITER: 4 END: OK
2019-12-13 17:31:40.379 2272 INFO rally.task.runner [-] Task e0882c5d-fa0d-4220-b701-393905d42074 | ITER: 27 START
2019-12-13 17:31:40.379 2272 WARNING rally_openstack.scenarios.neutron.utils [-] Running this scenario without either the 'network' or 'existing_network' context is deprecated
2019-12-13 17:31:40.464 2282 RALLYDEBUG rally_openstack.wrappers.network [-] CIDR generated: 1.1.5.28/30
2019-12-13 17:31:40.763 2288 INFO rally.task.runner [-] Task e0882c5d-fa0d-4220-b701-393905d42074 | ITER: 10 END: OK
2019-12-13 17:31:40.768 2288 INFO rally.task.runner [-] Task e0882c5d-fa0d-4220-b701-393905d42074 | ITER: 28 START
2019-12-13 17:31:40.768 2288 WARNING rally_openstack.scenarios.neutron.utils [-] Running this scenario without either the 'network' or 'existing_network' context is deprecated
2019-12-13 17:31:40.893 2317 RALLYDEBUG rally_openstack.wrappers.network [-] CIDR generated: 1.1.5.32/30
2019-12-13 17:31:41.004 2310 RALLYDEBUG rally_openstack.wrappers.network [-] CIDR generated: 1.1.5.36/30
2019-12-13 17:31:41.359 2297 INFO rally.task.runner [-] Task e0882c5d-fa0d-4220-b701-393905d42074 | ITER: 13 END: OK
2019-12-13 17:31:41.364 2297 INFO rally.task.runner [-] Task e0882c5d-fa0d-4220-b701-393905d42074 | ITER: 29 START
2019-12-13 17:31:41.365 2297 WARNING rally_openstack.scenarios.neutron.utils [-] Running this scenario without either the 'network' or 'existing_network' context is deprecated
2019-12-13 17:31:41.366 2294 INFO rally.task.runner [-] Task e0882c5d-fa0d-4220-b701-393905d42074 | ITER: 12 END: OK
2019-12-13 17:31:41.371 2294 INFO rally.task.runner [-] Task e0882c5d-fa0d-4220-b701-393905d42074 | ITER: 30 START
2019-12-13 17:31:41.372 2294 WARNING rally_openstack.scenarios.neutron.utils [-] Running this scenario without either the 'network' or 'existing_network' context is deprecated
2019-12-13 17:31:41.509 2318 RALLYDEBUG rally_openstack.wrappers.network [-] CIDR generated: 1.1.5.40/30
2019-12-13 17:31:41.642 2288 RALLYDEBUG rally_openstack.wrappers.network [-] CIDR generated: 1.1.5.44/30
2019-12-13 17:31:41.768 2310 RALLYDEBUG rally_openstack.wrappers.network [-] CIDR generated: 1.1.5.48/30
2019-12-13 17:31:41.904 2272 RALLYDEBUG rally_openstack.wrappers.network [-] CIDR generated: 1.1.5.52/30
2019-12-13 17:31:41.972 2294 RALLYDEBUG rally_openstack.wrappers.network [-] CIDR generated: 1.1.5.56/30
2019-12-13 17:31:42.304 2288 RALLYDEBUG rally_openstack.wrappers.network [-] CIDR generated: 1.1.5.60/30
2019-12-13 17:31:42.997 2297 RALLYDEBUG rally_openstack.wrappers.network [-] CIDR generated: 1.1.5.64/30
2019-12-13 17:31:43.493 2303 INFO rally.task.runner [-] Task e0882c5d-fa0d-4220-b701-393905d42074 | ITER: 15 END: OK
2019-12-13 17:31:43.497 2303 INFO rally.task.runner [-] Task e0882c5d-fa0d-4220-b701-393905d42074 | ITER: 31 START
2019-12-13 17:31:43.498 2303 WARNING rally_openstack.scenarios.neutron.utils [-] Running this scenario without either the 'network' or 'existing_network' context is deprecated
2019-12-13 17:31:43.531 2285 INFO rally.task.runner [-] Task e0882c5d-fa0d-4220-b701-393905d42074 | ITER: 25 END: OK
2019-12-13 17:31:43.535 2314 INFO rally.task.runner [-] Task e0882c5d-fa0d-4220-b701-393905d42074 | ITER: 18 END: OK
2019-12-13 17:31:43.535 2285 INFO rally.task.runner [-] Task e0882c5d-fa0d-4220-b701-393905d42074 | ITER: 32 START
2019-12-13 17:31:43.536 2285 WARNING rally_openstack.scenarios.neutron.utils [-] Running this scenario without either the 'network' or 'existing_network' context is deprecated
2019-12-13 17:31:43.539 2314 INFO rally.task.runner [-] Task e0882c5d-fa0d-4220-b701-393905d42074 | ITER: 33 START
2019-12-13 17:31:43.540 2314 WARNING rally_openstack.scenarios.neutron.utils [-] Running this scenario without either the 'network' or 'existing_network' context is deprecated
2019-12-13 17:31:43.574 2294 RALLYDEBUG rally_openstack.wrappers.network [-] CIDR generated: 1.1.5.68/30
2019-12-13 17:31:43.670 2272 RALLYDEBUG rally_openstack.wrappers.network [-] CIDR generated: 1.1.5.72/30
2019-12-13 17:31:44.004 2303 RALLYDEBUG rally_openstack.wrappers.network [-] CIDR generated: 1.1.5.76/30
2019-12-13 17:31:44.045 2276 INFO rally.task.runner [-] Task e0882c5d-fa0d-4220-b701-393905d42074 | ITER: 6 END: OK
2019-12-13 17:31:44.050 2276 INFO rally.task.runner [-] Task e0882c5d-fa0d-4220-b701-393905d42074 | ITER: 34 START
2019-12-13 17:31:44.051 2276 WARNING rally_openstack.scenarios.neutron.utils [-] Running this scenario without either the 'network' or 'existing_network' context is deprecated
2019-12-13 17:31:44.214 2310 INFO rally.task.runner [-] Task e0882c5d-fa0d-4220-b701-393905d42074 | ITER: 26 END: OK
2019-12-13 17:31:44.218 2310 INFO rally.task.runner [-] Task e0882c5d-fa0d-4220-b701-393905d42074 | ITER: 35 START
2019-12-13 17:31:44.219 2310 WARNING rally_openstack.scenarios.neutron.utils [-] Running this scenario without either the 'network' or 'existing_network' context is deprecated
2019-12-13 17:31:44.355 2306 INFO rally.task.runner [-] Task e0882c5d-fa0d-4220-b701-393905d42074 | ITER: 16 END: OK
2019-12-13 17:31:44.359 2306 INFO rally.task.runner [-] Task e0882c5d-fa0d-4220-b701-393905d42074 | ITER: 36 START
2019-12-13 17:31:44.360 2306 WARNING rally_openstack.scenarios.neutron.utils [-] Running this scenario without either the 'network' or 'existing_network' context is deprecated
2019-12-13 17:31:44.448 2314 RALLYDEBUG rally_openstack.wrappers.network [-] CIDR generated: 1.1.5.80/30
2019-12-13 17:31:44.448 2285 RALLYDEBUG rally_openstack.wrappers.network [-] CIDR generated: 1.1.5.84/30
2019-12-13 17:31:44.891 2273 INFO rally.task.runner [-] Task e0882c5d-fa0d-4220-b701-393905d42074 | ITER: 5 END: OK
2019-12-13 17:31:44.896 2273 INFO rally.task.runner [-] Task e0882c5d-fa0d-4220-b701-393905d42074 | ITER: 37 START
2019-12-13 17:31:44.897 2273 WARNING rally_openstack.scenarios.neutron.utils [-] Running this scenario without either the 'network' or 'existing_network' context is deprecated
2019-12-13 17:31:44.975 2291 INFO rally.task.runner [-] Task e0882c5d-fa0d-4220-b701-393905d42074 | ITER: 22 END: OK
2019-12-13 17:31:44.979 2291 INFO rally.task.runner [-] Task e0882c5d-fa0d-4220-b701-393905d42074 | ITER: 38 START
2019-12-13 17:31:44.980 2291 WARNING rally_openstack.scenarios.neutron.utils [-] Running this scenario without either the 'network' or 'existing_network' context is deprecated
2019-12-13 17:31:45.060 2269 INFO rally.task.runner [-] Task e0882c5d-fa0d-4220-b701-393905d42074 | ITER: 1 END: OK
2019-12-13 17:31:45.064 2269 INFO rally.task.runner [-] Task e0882c5d-fa0d-4220-b701-393905d42074 | ITER: 39 START
2019-12-13 17:31:45.065 2269 WARNING rally_openstack.scenarios.neutron.utils [-] Running this scenario without either the 'network' or 'existing_network' context is deprecated
2019-12-13 17:31:45.089 2314 RALLYDEBUG rally_openstack.wrappers.network [-] CIDR generated: 1.1.5.88/30
2019-12-13 17:31:45.149 2279 INFO rally.task.runner [-] Task e0882c5d-fa0d-4220-b701-393905d42074 | ITER: 7 END: OK
2019-12-13 17:31:45.153 2279 INFO rally.task.runner [-] Task e0882c5d-fa0d-4220-b701-393905d42074 | ITER: 40 START
2019-12-13 17:31:45.154 2279 WARNING rally_openstack.scenarios.neutron.utils [-] Running this scenario without either the 'network' or 'existing_network' context is deprecated
2019-12-13 17:31:45.184 2310 RALLYDEBUG rally_openstack.wrappers.network [-] CIDR generated: 1.1.5.92/30
2019-12-13 17:31:45.222 2288 INFO rally.task.runner [-] Task e0882c5d-fa0d-4220-b701-393905d42074 | ITER: 28 END: OK
2019-12-13 17:31:45.271 2306 RALLYDEBUG rally_openstack.wrappers.network [-] CIDR generated: 1.1.5.96/30
2019-12-13 17:31:45.276 2303 RALLYDEBUG rally_openstack.wrappers.network [-] CIDR generated: 1.1.5.100/30
2019-12-13 17:31:45.585 2285 RALLYDEBUG rally_openstack.wrappers.network [-] CIDR generated: 1.1.5.104/30
2019-12-13 17:31:45.753 2269 RALLYDEBUG rally_openstack.wrappers.network [-] CIDR generated: 1.1.5.108/30
2019-12-13 17:31:45.815 2276 RALLYDEBUG rally_openstack.wrappers.network [-] CIDR generated: 1.1.5.112/30
2019-12-13 17:31:45.847 2291 RALLYDEBUG rally_openstack.wrappers.network [-] CIDR generated: 1.1.5.116/30
2019-12-13 17:31:45.914 2273 RALLYDEBUG rally_openstack.wrappers.network [-] CIDR generated: 1.1.5.120/30
2019-12-13 17:31:46.191 2279 RALLYDEBUG rally_openstack.wrappers.network [-] CIDR generated: 1.1.5.124/30
2019-12-13 17:31:46.235 2297 RALLYDEBUG rally_openstack.wrappers.network [-] CIDR generated: 1.1.5.128/30
2019-12-13 17:31:46.445 2271 INFO rally.task.runner [-] Task e0882c5d-fa0d-4220-b701-393905d42074 | ITER: 3 END: OK
2019-12-13 17:31:46.655 2317 INFO rally.task.runner [-] Task e0882c5d-fa0d-4220-b701-393905d42074 | ITER: 23 END: OK
2019-12-13 17:31:46.768 2300 INFO rally.task.runner [-] Task e0882c5d-fa0d-4220-b701-393905d42074 | ITER: 14 END: OK
2019-12-13 17:31:46.816 2291 RALLYDEBUG rally_openstack.wrappers.network [-] CIDR generated: 1.1.5.132/30
2019-12-13 17:31:46.819 2276 RALLYDEBUG rally_openstack.wrappers.network [-] CIDR generated: 1.1.5.136/30
2019-12-13 17:31:46.826 2270 INFO rally.task.runner [-] Task e0882c5d-fa0d-4220-b701-393905d42074 | ITER: 2 END: OK
2019-12-13 17:31:47.265 2318 INFO rally.task.runner [-] Task e0882c5d-fa0d-4220-b701-393905d42074 | ITER: 21 END: OK
2019-12-13 17:31:47.447 2282 INFO rally.task.runner [-] Task e0882c5d-fa0d-4220-b701-393905d42074 | ITER: 24 END: OK
2019-12-13 17:31:47.454 2269 RALLYDEBUG rally_openstack.wrappers.network [-] CIDR generated: 1.1.5.140/30
2019-12-13 17:31:47.985 2310 RALLYDEBUG rally_openstack.wrappers.network [-] CIDR generated: 1.1.5.144/30
2019-12-13 17:31:48.012 2306 RALLYDEBUG rally_openstack.wrappers.network [-] CIDR generated: 1.1.5.148/30
2019-12-13 17:31:48.060 2285 INFO rally.task.runner [-] Task e0882c5d-fa0d-4220-b701-393905d42074 | ITER: 32 END: OK
2019-12-13 17:31:48.259 2294 INFO rally.task.runner [-] Task e0882c5d-fa0d-4220-b701-393905d42074 | ITER: 30 END: OK
2019-12-13 17:31:48.321 2303 INFO rally.task.runner [-] Task e0882c5d-fa0d-4220-b701-393905d42074 | ITER: 31 END: OK
2019-12-13 17:31:48.381 2273 RALLYDEBUG rally_openstack.wrappers.network [-] CIDR generated: 1.1.5.152/30
2019-12-13 17:31:48.564 2279 RALLYDEBUG rally_openstack.wrappers.network [-] CIDR generated: 1.1.5.156/30
2019-12-13 17:31:48.664 2314 INFO rally.task.runner [-] Task e0882c5d-fa0d-4220-b701-393905d42074 | ITER: 33 END: OK
2019-12-13 17:31:49.313 2291 INFO rally.task.runner [-] Task e0882c5d-fa0d-4220-b701-393905d42074 | ITER: 38 END: OK
2019-12-13 17:31:50.127 2297 INFO rally.task.runner [-] Task e0882c5d-fa0d-4220-b701-393905d42074 | ITER: 29 END: OK
2019-12-13 17:31:51.262 2272 INFO rally.task.runner [-] Task e0882c5d-fa0d-4220-b701-393905d42074 | ITER: 27 END: OK
2019-12-13 17:31:52.856 2276 INFO rally.task.runner [-] Task e0882c5d-fa0d-4220-b701-393905d42074 | ITER: 34 END: OK
2019-12-13 17:31:53.862 2269 INFO rally.task.runner [-] Task e0882c5d-fa0d-4220-b701-393905d42074 | ITER: 39 END: OK
2019-12-13 17:31:54.470 2310 INFO rally.task.runner [-] Task e0882c5d-fa0d-4220-b701-393905d42074 | ITER: 35 END: OK
2019-12-13 17:31:54.593 2306 INFO rally.task.runner [-] Task e0882c5d-fa0d-4220-b701-393905d42074 | ITER: 36 END: OK
2019-12-13 17:31:55.272 2279 INFO rally.task.runner [-] Task e0882c5d-fa0d-4220-b701-393905d42074 | ITER: 40 END: OK
2019-12-13 17:31:55.556 2273 INFO rally.task.runner [-] Task e0882c5d-fa0d-4220-b701-393905d42074 | ITER: 37 END: OK
2019-12-13 17:31:55.580 15 INFO rally.task.context [-] Task e0882c5d-fa0d-4220-b701-393905d42074 | Context cleanup@openstack cleanup() started
2019-12-13 17:31:55.584 15 RALLYDEBUG rally_openstack.cleanup.manager [-] Cleaning up neutron vip objects
2019-12-13 17:31:55.804 15 RALLYDEBUG rally_openstack.cleanup.manager [-] Cleaning up neutron health_monitor objects
2019-12-13 17:31:56.029 15 RALLYDEBUG rally_openstack.cleanup.manager [-] Cleaning up neutron pool objects
2019-12-13 17:31:56.241 15 RALLYDEBUG rally_openstack.cleanup.manager [-] Cleaning up neutron loadbalancer objects
2019-12-13 17:31:56.462 15 RALLYDEBUG rally_openstack.cleanup.manager [-] Cleaning up neutron floatingip objects
2019-12-13 17:31:56.691 15 RALLYDEBUG rally_openstack.cleanup.manager [-] Cleaning up neutron trunk objects
2019-12-13 17:31:56.888 15 DEBUG neutronclient.v2_0.client [-] Error message: {"message": "The resource could not be found.

\n\n\n", "code": "404 Not Found", "title": "Not Found"} _handle_fault_response /usr/lib/python2.7/site-packages/neutronclient/v2_0/client.py:259
2019-12-13 17:31:56.897 15 RALLYDEBUG rally_openstack.cleanup.manager [-] Cleaning up neutron port objects
2019-12-13 17:31:57.232 15 RALLYDEBUG rally_openstack.cleanup.manager [-] Cleaning up neutron subnet objects
2019-12-13 17:31:57.488 15 RALLYDEBUG rally_openstack.cleanup.manager [-] Cleaning up neutron network objects
2019-12-13 17:31:57.959 15 RALLYDEBUG rally_openstack.cleanup.manager [-] Deleting neutron.network object s_rally_335527f5_vaMST9bY (0984de88-25d0-4079-9767-7da8cfb3f48e)
2019-12-13 17:31:57.967 15 RALLYDEBUG rally_openstack.cleanup.manager [-] Deleting neutron.network object s_rally_335527f5_dbaHlvCI (0a97d9fa-a7b6-43a2-abaf-9bc2854515fb)
2019-12-13 17:31:57.977 15 RALLYDEBUG rally_openstack.cleanup.manager [-] Deleting neutron.network object s_rally_335527f5_rNgMJWgY (22632372-e837-469c-8ab1-0418484c24b8)
2019-12-13 17:31:57.987 15 RALLYDEBUG rally_openstack.cleanup.manager [-] Deleting neutron.network object s_rally_335527f5_n3rvZIEp (24d13cd3-7305-4b39-8f4f-c40f6bc28346)
2019-12-13 17:31:57.997 15 RALLYDEBUG rally_openstack.cleanup.manager [-] Deleting neutron.network object s_rally_335527f5_9efCtYDu (27fbf73c-022e-47a0-8570-e216f87fb533)
2019-12-13 17:31:58.010 15 RALLYDEBUG rally_openstack.cleanup.manager [-] Deleting neutron.network object s_rally_335527f5_KHIxvXBq (330bdec1-8cb6-439f-a296-a6599f23be45)
2019-12-13 17:31:58.016 15 RALLYDEBUG rally_openstack.cleanup.manager [-] Deleting neutron.network object s_rally_335527f5_dsb6j5la (40a513c3-f950-4c2b-a575-0d82d9787fcf)
2019-12-13 17:31:58.033 15 RALLYDEBUG rally_openstack.cleanup.manager [-] Deleting neutron.network object s_rally_335527f5_NwbyAAdU (460d39df-8bc6-4382-a0fc-08557f3c3db0)
2019-12-13 17:31:58.088 15 RALLYDEBUG rally_openstack.cleanup.manager [-] Deleting neutron.network object s_rally_335527f5_I3tEtpNX (47bbdced-819d-4317-aeab-18b7c08f6fb4)
2019-12-13 17:31:58.114 15 RALLYDEBUG rally_openstack.cleanup.manager [-] Deleting neutron.network object s_rally_335527f5_nTxKx86V (6c687dd6-619a-48b3-8095-26b6cad035ba)
2019-12-13 17:31:58.129 15 RALLYDEBUG rally_openstack.cleanup.manager [-] Deleting neutron.network object s_rally_335527f5_ezOIsQZG (4c3bba9d-cd5e-4ae7-be78-78e7c9a0c49e)
2019-12-13 17:31:58.133 15 RALLYDEBUG rally_openstack.cleanup.manager [-] Deleting neutron.network object s_rally_335527f5_b4kpavBp (6fa77b88-ac34-4fb4-a279-ab8e645f527c)
2019-12-13 17:31:58.139 15 RALLYDEBUG rally_openstack.cleanup.manager [-] Deleting neutron.network object s_rally_335527f5_X2yI9sM8 (6ff5b295-2e27-407d-b493-f0911f625ecc)
2019-12-13 17:31:58.151 15 RALLYDEBUG rally_openstack.cleanup.manager [-] Deleting neutron.network object s_rally_335527f5_4WpWuZh5 (71802a33-18e5-4e78-9834-349570daaa21)
2019-12-13 17:31:58.165 15 RALLYDEBUG rally_openstack.cleanup.manager [-] Deleting neutron.network object s_rally_335527f5_bYJvzC3k (7c64a905-6b63-45ad-929f-9a7248a71daf)
2019-12-13 17:31:58.167 15 RALLYDEBUG rally_openstack.cleanup.manager [-] Deleting neutron.network object s_rally_335527f5_DM32e65E (771fa1cd-95a6-469d-9397-b9c158ff09ea)
2019-12-13 17:31:58.162 15 RALLYDEBUG rally_openstack.cleanup.manager [-] Deleting neutron.network object s_rally_335527f5_M7kOqfhw (5e13c0c8-ad6c-40c8-ba71-5fa8a264749e)
2019-12-13 17:31:58.177 15 RALLYDEBUG rally_openstack.cleanup.manager [-] Deleting neutron.network object s_rally_335527f5_JUXjJdgm (7e3dcbd6-7460-4aa2-bf19-a74aeaf5aa1b)
2019-12-13 17:31:58.193 15 RALLYDEBUG rally_openstack.cleanup.manager [-] Deleting neutron.network object s_rally_335527f5_jjFJ5fHZ (89614405-620d-47cc-9dcd-0155c552d541)
2019-12-13 17:31:58.191 15 RALLYDEBUG rally_openstack.cleanup.manager [-] Deleting neutron.network object s_rally_335527f5_Ud3FWM7m (6c877296-4c37-48b1-a0d5-9186a39e2cd8)
2019-12-13 17:32:00.279 15 RALLYDEBUG rally_openstack.cleanup.manager [-] Deleting neutron.network object s_rally_335527f5_Vi8Hs2Kw (9389da08-0599-4d2e-becc-da09aa6a8ed3)
2019-12-13 17:32:00.657 15 RALLYDEBUG rally_openstack.cleanup.manager [-] Deleting neutron.network object s_rally_335527f5_HCATfN2q (9603a0a5-5fef-4116-a4a7-acd500c679c6)
2019-12-13 17:32:00.851 15 RALLYDEBUG rally_openstack.cleanup.manager [-] Deleting neutron.network object s_rally_335527f5_ETs2oGem (a0f63c62-60d8-491e-ae65-39e683d121c1)
2019-12-13 17:32:00.946 15 RALLYDEBUG rally_openstack.cleanup.manager [-] Deleting neutron.network object s_rally_335527f5_uvoVJBRZ (a3871240-7b20-4dea-8bc0-150ec271bfe2)
2019-12-13 17:32:01.006 15 RALLYDEBUG rally_openstack.cleanup.manager [-] Deleting neutron.network object s_rally_335527f5_77qGVanw (a50583d2-e142-47db-b7c9-16e7c4e3deba)
2019-12-13 17:32:01.184 15 RALLYDEBUG rally_openstack.cleanup.manager [-] Deleting neutron.network object s_rally_335527f5_N3747ToS (a653583c-405a-48ab-a557-6d47966a3ab8)
2019-12-13 17:32:01.250 15 RALLYDEBUG rally_openstack.cleanup.manager [-] Deleting neutron.network object s_rally_335527f5_YXPwFKKT (a8e53985-4999-484d-814d-740a8a3f8269)
2019-12-13 17:32:01.308 15 RALLYDEBUG rally_openstack.cleanup.manager [-] Deleting neutron.network object s_rally_335527f5_VtMvnr1T (a8eb3bf9-7228-4d62-88aa-f9d30f7d646f)
2019-12-13 17:32:01.331 15 RALLYDEBUG rally_openstack.cleanup.manager [-] Deleting neutron.network object s_rally_335527f5_CzfcmcqR (ae4f3727-2b65-4994-9fe1-b48629f0f708)
2019-12-13 17:32:01.385 15 RALLYDEBUG rally_openstack.cleanup.manager [-] Deleting neutron.network object s_rally_335527f5_ek8Su53H (bcef81df-8ef8-418f-bd65-4b4f1088154b)
2019-12-13 17:32:01.429 15 RALLYDEBUG rally_openstack.cleanup.manager [-] Deleting neutron.network object s_rally_335527f5_UNcFD2bw (c221156c-4d58-42df-8339-cd579e4a0d40)
2019-12-13 17:32:01.444 15 RALLYDEBUG rally_openstack.cleanup.manager [-] Deleting neutron.network object s_rally_335527f5_qmjpPAsf (c5780d1b-4147-4389-a88e-a3fc548dc596)
2019-12-13 17:32:01.452 15 RALLYDEBUG rally_openstack.cleanup.manager [-] Deleting neutron.network object s_rally_335527f5_LPq82FtH (d4a996c6-ac4a-4159-8e54-eb3cabaa5231)
2019-12-13 17:32:01.481 15 RALLYDEBUG rally_openstack.cleanup.manager [-] Deleting neutron.network object s_rally_335527f5_z3eoEbJS (db93c0c0-a2a5-4eec-b10e-3a78272894c3)
2019-12-13 17:32:01.529 15 RALLYDEBUG rally_openstack.cleanup.manager [-] Deleting neutron.network object s_rally_335527f5_Agm4t7sX (e15e4b42-99c2-41d3-90e4-29945c123e86)
2019-12-13 17:32:01.654 15 RALLYDEBUG rally_openstack.cleanup.manager [-] Deleting neutron.network object s_rally_335527f5_WDvgO6rz (e30c245d-a86a-4f7e-8ad9-e75786be7cf5)
2019-12-13 17:32:01.672 15 RALLYDEBUG rally_openstack.cleanup.manager [-] Deleting neutron.network object s_rally_335527f5_UVoDjURG (ecd5771a-4721-4f94-bc60-a0a7fb95def0)
2019-12-13 17:32:01.689 15 RALLYDEBUG rally_openstack.cleanup.manager [-] Deleting neutron.network object s_rally_335527f5_e83AWyLF (efd0c0eb-8130-46fa-8703-2653e62ecaec)
2019-12-13 17:32:02.055 15 RALLYDEBUG rally_openstack.cleanup.manager [-] Deleting neutron.network object s_rally_335527f5_FJjDFpli (f246dad2-cd97-422b-ad31-064a4125bb58)
2019-12-13 17:32:02.097 15 RALLYDEBUG rally_openstack.cleanup.manager [-] Deleting neutron.network object s_rally_335527f5_UQkAv08l (f7fa4617-45d8-4fcc-b3ac-342c2e8a22b5)
2019-12-13 17:32:06.154 15 RALLYDEBUG rally_openstack.cleanup.manager [-] Cleaning up neutron router objects
2019-12-13 17:32:06.441 15 RALLYDEBUG rally_openstack.cleanup.manager [-] Cleaning up neutron security_group objects
2019-12-13 17:32:06.760 15 INFO rally.task.context [-] Task e0882c5d-fa0d-4220-b701-393905d42074 | Context cleanup@openstack cleanup() finished in 11.18 sec
2019-12-13 17:32:06.760 15 INFO rally.task.context [-] Task e0882c5d-fa0d-4220-b701-393905d42074 | Context quotas@openstack cleanup() started
2019-12-13 17:32:06.796 15 INFO rally.task.context [-] Task e0882c5d-fa0d-4220-b701-393905d42074 | Context quotas@openstack cleanup() finished in 35.97 msec
2019-12-13 17:32:06.796 15 INFO rally.task.context [-] Task e0882c5d-fa0d-4220-b701-393905d42074 | Context users@openstack cleanup() started
2019-12-13 17:32:08.291 15 INFO rally.task.context [-] Task e0882c5d-fa0d-4220-b701-393905d42074 | Context users@openstack cleanup() finished in 1.49 sec
2019-12-13 17:32:09.086 15 INFO rally.task.engine [-] Load duration is: 23.383961
2019-12-13 17:32:09.086 15 INFO rally.task.engine [-] Full runner duration is: 23.430969
2019-12-13 17:32:09.086 15 INFO rally.task.engine [-] Full duration is: 37.361008
2019-12-13 17:32:09.204 15 INFO rally.task.engine [-] Running workload: position = 0 config = { "version": 2, "title": "A cropped version of a bigger task.", "description": "Auto-generated task from a single workload (uuid=8eb3616e-8d7c-49a3-ad7b-07eb60fae661)", "subtasks": [ { "title": "NeutronNetworks.create_and_list_routers", "description": "Create and a given number of routers and list all routers.", "scenario": { "NeutronNetworks.create_and_list_routers": { "network_create_args": null, "subnet_create_args": null, "subnet_cidr_start": "1.1.0.0/30", "subnets_per_network": 2, "router_create_args": null } }, "contexts": { "users": { "tenants": 1, "users_per_tenant": 1 }, "quotas": { "neutron": { "network": -1, "subnet": -1, "router": -1 } } }, "runner": { "constant": { "times": 40, "concurrency": 20 } }, "hooks": [], "sla": { "failure_rate": { "max": 0 } } } ] }
2019-12-13 17:32:09.221 15 RALLYDEBUG rally_openstack.contexts.keystone.users [-] Creating 1 tenants using 20 threads
2019-12-13 17:32:09.594 15 RALLYDEBUG rally_openstack.contexts.keystone.users [-] Creating 1 users using 20 threads
2019-12-13 17:32:10.122 15 INFO rally.task.context [-] Task e0882c5d-fa0d-4220-b701-393905d42074 | Context users@openstack setup() finished in 0.90 sec
2019-12-13 17:32:10.450 15 INFO rally.task.context [-] Task e0882c5d-fa0d-4220-b701-393905d42074 | Context quotas@openstack setup() finished in 0.33 sec
2019-12-13 17:32:10.450 15 INFO rally.task.context [-] Task e0882c5d-fa0d-4220-b701-393905d42074 | Context cleanup@openstack setup() finished in 0.03 msec
2019-12-13 17:32:10.460 15 RALLYDEBUG rally.task.runner [-] Starting the constant runner (task UUID: e0882c5d-fa0d-4220-b701-393905d42074). timeout: 0 concurrency: 20 concurrency_per_worker: 1 times: 40 concurrency_overhead: 0 processes_to_start: 20 max_cpu_used: 88
2019-12-13 17:32:10.471 2671 RALLYDEBUG rally.task.runner [-] Starting a worker. concurrency: 1 args: {"network_create_args": null, "subnet_create_args": null, "subnet_cidr_start": "1.1.0.0/30", "subnets_per_network": 2, "router_create_args": null} times: 40 method_name: run timeout: 0 duration: None cls:
2019-12-13 17:32:10.474 2672 RALLYDEBUG rally.task.runner [-] Starting a worker. concurrency: 1 args: {"network_create_args": null, "subnet_create_args": null, "subnet_cidr_start": "1.1.0.0/30", "subnets_per_network": 2, "router_create_args": null} times: 40 method_name: run timeout: 0 duration: None cls:
2019-12-13 17:32:10.476 2673 RALLYDEBUG rally.task.runner [-] Starting a worker. concurrency: 1 args: {"network_create_args": null, "subnet_create_args": null, "subnet_cidr_start": "1.1.0.0/30", "subnets_per_network": 2, "router_create_args": null} times: 40 method_name: run timeout: 0 duration: None cls:
2019-12-13 17:32:10.478 2671 INFO rally.task.runner [-] Task e0882c5d-fa0d-4220-b701-393905d42074 | ITER: 1 START
2019-12-13 17:32:10.479 2674 RALLYDEBUG rally.task.runner [-] Starting a worker. concurrency: 1 args: {"network_create_args": null, "subnet_create_args": null, "subnet_cidr_start": "1.1.0.0/30", "subnets_per_network": 2, "router_create_args": null} times: 40 method_name: run timeout: 0 duration: None cls:
2019-12-13 17:32:10.481 2672 INFO rally.task.runner [-] Task e0882c5d-fa0d-4220-b701-393905d42074 | ITER: 2 START
2019-12-13 17:32:10.483 2673 INFO rally.task.runner [-] Task e0882c5d-fa0d-4220-b701-393905d42074 | ITER: 3 START
2019-12-13 17:32:10.482 2675 RALLYDEBUG rally.task.runner [-] Starting a worker. concurrency: 1 args: {"network_create_args": null, "subnet_create_args": null, "subnet_cidr_start": "1.1.0.0/30", "subnets_per_network": 2, "router_create_args": null} times: 40 method_name: run timeout: 0 duration: None cls:
2019-12-13 17:32:10.485 2674 INFO rally.task.runner [-] Task e0882c5d-fa0d-4220-b701-393905d42074 | ITER: 4 START
2019-12-13 17:32:10.485 2678 RALLYDEBUG rally.task.runner [-] Starting a worker. concurrency: 1 args: {"network_create_args": null, "subnet_create_args": null, "subnet_cidr_start": "1.1.0.0/30", "subnets_per_network": 2, "router_create_args": null} times: 40 method_name: run timeout: 0 duration: None cls:
2019-12-13 17:32:10.488 2681 RALLYDEBUG rally.task.runner [-] Starting a worker. concurrency: 1 args: {"network_create_args": null, "subnet_create_args": null, "subnet_cidr_start": "1.1.0.0/30", "subnets_per_network": 2, "router_create_args": null} times: 40 method_name: run timeout: 0 duration: None cls:
2019-12-13 17:32:10.489 2675 INFO rally.task.runner [-] Task e0882c5d-fa0d-4220-b701-393905d42074 | ITER: 5 START
2019-12-13 17:32:10.490 2684 RALLYDEBUG rally.task.runner [-] Starting a worker. concurrency: 1 args: {"network_create_args": null, "subnet_create_args": null, "subnet_cidr_start": "1.1.0.0/30", "subnets_per_network": 2, "router_create_args": null} times: 40 method_name: run timeout: 0 duration: None cls:
2019-12-13 17:32:10.491 2678 INFO rally.task.runner [-] Task e0882c5d-fa0d-4220-b701-393905d42074 | ITER: 6 START
2019-12-13 17:32:10.494 2681 INFO rally.task.runner [-] Task e0882c5d-fa0d-4220-b701-393905d42074 | ITER: 7 START
2019-12-13 17:32:10.494 2687 RALLYDEBUG rally.task.runner [-] Starting a worker. concurrency: 1 args: {"network_create_args": null, "subnet_create_args": null, "subnet_cidr_start": "1.1.0.0/30", "subnets_per_network": 2, "router_create_args": null} times: 40 method_name: run timeout: 0 duration: None cls:
2019-12-13 17:32:10.495 2684 INFO rally.task.runner [-] Task e0882c5d-fa0d-4220-b701-393905d42074 | ITER: 8 START
2019-12-13 17:32:10.496 2690 RALLYDEBUG rally.task.runner [-] Starting a worker. concurrency: 1 args: {"network_create_args": null, "subnet_create_args": null, "subnet_cidr_start": "1.1.0.0/30", "subnets_per_network": 2, "router_create_args": null} times: 40 method_name: run timeout: 0 duration: None cls:
2019-12-13 17:32:10.499 2693 RALLYDEBUG rally.task.runner [-] Starting a worker. concurrency: 1 args: {"network_create_args": null, "subnet_create_args": null, "subnet_cidr_start": "1.1.0.0/30", "subnets_per_network": 2, "router_create_args": null} times: 40 method_name: run timeout: 0 duration: None cls:
2019-12-13 17:32:10.500 2687 INFO rally.task.runner [-] Task e0882c5d-fa0d-4220-b701-393905d42074 | ITER: 9 START
2019-12-13 17:32:10.502 2690 INFO rally.task.runner [-] Task e0882c5d-fa0d-4220-b701-393905d42074 | ITER: 10 START
2019-12-13 17:32:10.502 2698 RALLYDEBUG rally.task.runner [-] Starting a worker. concurrency: 1 args: {"network_create_args": null, "subnet_create_args": null, "subnet_cidr_start": "1.1.0.0/30", "subnets_per_network": 2, "router_create_args": null} times: 40 method_name: run timeout: 0 duration: None cls:
2019-12-13 17:32:10.505 2693 INFO rally.task.runner [-] Task e0882c5d-fa0d-4220-b701-393905d42074 | ITER: 11 START
2019-12-13 17:32:10.505 2699 RALLYDEBUG rally.task.runner [-] Starting a worker. concurrency: 1 args: {"network_create_args": null, "subnet_create_args": null, "subnet_cidr_start": "1.1.0.0/30", "subnets_per_network": 2, "router_create_args": null} times: 40 method_name: run timeout: 0 duration: None cls:
2019-12-13 17:32:10.507 2702 RALLYDEBUG rally.task.runner [-] Starting a worker. concurrency: 1 args: {"network_create_args": null, "subnet_create_args": null, "subnet_cidr_start": "1.1.0.0/30", "subnets_per_network": 2, "router_create_args": null} times: 40 method_name: run timeout: 0 duration: None cls:
2019-12-13 17:32:10.508 2698 INFO rally.task.runner [-] Task e0882c5d-fa0d-4220-b701-393905d42074 | ITER: 12 START
2019-12-13 17:32:10.510 2705 RALLYDEBUG rally.task.runner [-] Starting a worker. concurrency: 1 args: {"network_create_args": null, "subnet_create_args": null, "subnet_cidr_start": "1.1.0.0/30", "subnets_per_network": 2, "router_create_args": null} times: 40 method_name: run timeout: 0 duration: None cls:
2019-12-13 17:32:10.511 2699 INFO rally.task.runner [-] Task e0882c5d-fa0d-4220-b701-393905d42074 | ITER: 13 START
2019-12-13 17:32:10.513 2702 INFO rally.task.runner [-] Task e0882c5d-fa0d-4220-b701-393905d42074 | ITER: 14 START
