2019-12-13 17:38:14.414 3488 RALLYDEBUG rally.task.runner [-] Starting a worker. concurrency: 1 args: {"network_create_args": {}, "subnet_create_args": {}, "subnet_cidr_start": "1.1.0.0/30", "subnets_per_network": 2, "router_create_args": {}} times: 40 method_name: run timeout: 0 duration: None cls:
2019-12-13 17:38:14.415 3482 INFO rally.task.runner [-] Task e0882c5d-fa0d-4220-b701-393905d42074 | ITER: 6 START
2019-12-13 17:38:14.418 3485 INFO rally.task.runner [-] Task e0882c5d-fa0d-4220-b701-393905d42074 | ITER: 7 START
2019-12-13 17:38:14.417 3491 RALLYDEBUG rally.task.runner [-] Starting a worker. concurrency: 1 args: {"network_create_args": {}, "subnet_create_args": {}, "subnet_cidr_start": "1.1.0.0/30", "subnets_per_network": 2, "router_create_args": {}} times: 40 method_name: run timeout: 0 duration: None cls:
2019-12-13 17:38:14.420 3494 RALLYDEBUG rally.task.runner [-] Starting a worker. concurrency: 1 args: {"network_create_args": {}, "subnet_create_args": {}, "subnet_cidr_start": "1.1.0.0/30", "subnets_per_network": 2, "router_create_args": {}} times: 40 method_name: run timeout: 0 duration: None cls:
2019-12-13 17:38:14.420 3488 INFO rally.task.runner [-] Task e0882c5d-fa0d-4220-b701-393905d42074 | ITER: 8 START
2019-12-13 17:38:14.423 3491 INFO rally.task.runner [-] Task e0882c5d-fa0d-4220-b701-393905d42074 | ITER: 9 START
2019-12-13 17:38:14.423 3497 RALLYDEBUG rally.task.runner [-] Starting a worker. concurrency: 1 args: {"network_create_args": {}, "subnet_create_args": {}, "subnet_cidr_start": "1.1.0.0/30", "subnets_per_network": 2, "router_create_args": {}} times: 40 method_name: run timeout: 0 duration: None cls:
2019-12-13 17:38:14.426 3504 RALLYDEBUG rally.task.runner [-] Starting a worker. concurrency: 1 args: {"network_create_args": {}, "subnet_create_args": {}, "subnet_cidr_start": "1.1.0.0/30", "subnets_per_network": 2, "router_create_args": {}} times: 40 method_name: run timeout: 0 duration: None cls:
2019-12-13 17:38:14.426 3494 INFO rally.task.runner [-] Task e0882c5d-fa0d-4220-b701-393905d42074 | ITER: 10 START
2019-12-13 17:38:14.426 3500 RALLYDEBUG rally.task.runner [-] Starting a worker. concurrency: 1 args: {"network_create_args": {}, "subnet_create_args": {}, "subnet_cidr_start": "1.1.0.0/30", "subnets_per_network": 2, "router_create_args": {}} times: 40 method_name: run timeout: 0 duration: None cls:
2019-12-13 17:38:14.429 3497 INFO rally.task.runner [-] Task e0882c5d-fa0d-4220-b701-393905d42074 | ITER: 11 START
2019-12-13 17:38:14.430 3504 INFO rally.task.runner [-] Task e0882c5d-fa0d-4220-b701-393905d42074 | ITER: 12 START
2019-12-13 17:38:14.432 3500 INFO rally.task.runner [-] Task e0882c5d-fa0d-4220-b701-393905d42074 | ITER: 13 START
2019-12-13 17:38:14.432 3507 RALLYDEBUG rally.task.runner [-] Starting a worker. concurrency: 1 args: {"network_create_args": {}, "subnet_create_args": {}, "subnet_cidr_start": "1.1.0.0/30", "subnets_per_network": 2, "router_create_args": {}} times: 40 method_name: run timeout: 0 duration: None cls:
2019-12-13 17:38:14.434 3510 RALLYDEBUG rally.task.runner [-] Starting a worker. concurrency: 1 args: {"network_create_args": {}, "subnet_create_args": {}, "subnet_cidr_start": "1.1.0.0/30", "subnets_per_network": 2, "router_create_args": {}} times: 40 method_name: run timeout: 0 duration: None cls:
2019-12-13 17:38:14.437 3514 RALLYDEBUG rally.task.runner [-] Starting a worker. concurrency: 1 args: {"network_create_args": {}, "subnet_create_args": {}, "subnet_cidr_start": "1.1.0.0/30", "subnets_per_network": 2, "router_create_args": {}} times: 40 method_name: run timeout: 0 duration: None cls:
2019-12-13 17:38:14.438 3507 INFO rally.task.runner [-] Task e0882c5d-fa0d-4220-b701-393905d42074 | ITER: 14 START
2019-12-13 17:38:14.438 3517 RALLYDEBUG rally.task.runner [-] Starting a worker. concurrency: 1 args: {"network_create_args": {}, "subnet_create_args": {}, "subnet_cidr_start": "1.1.0.0/30", "subnets_per_network": 2, "router_create_args": {}} times: 40 method_name: run timeout: 0 duration: None cls:
2019-12-13 17:38:14.439 3510 INFO rally.task.runner [-] Task e0882c5d-fa0d-4220-b701-393905d42074 | ITER: 15 START
2019-12-13 17:38:14.442 3518 RALLYDEBUG rally.task.runner [-] Starting a worker. concurrency: 1 args: {"network_create_args": {}, "subnet_create_args": {}, "subnet_cidr_start": "1.1.0.0/30", "subnets_per_network": 2, "router_create_args": {}} times: 40 method_name: run timeout: 0 duration: None cls:
2019-12-13 17:38:14.443 3514 INFO rally.task.runner [-] Task e0882c5d-fa0d-4220-b701-393905d42074 | ITER: 16 START
2019-12-13 17:38:14.443 3517 INFO rally.task.runner [-] Task e0882c5d-fa0d-4220-b701-393905d42074 | ITER: 17 START
2019-12-13 17:38:14.445 3523 RALLYDEBUG rally.task.runner [-] Starting a worker. concurrency: 1 args: {"network_create_args": {}, "subnet_create_args": {}, "subnet_cidr_start": "1.1.0.0/30", "subnets_per_network": 2, "router_create_args": {}} times: 40 method_name: run timeout: 0 duration: None cls:
2019-12-13 17:38:14.448 3518 INFO rally.task.runner [-] Task e0882c5d-fa0d-4220-b701-393905d42074 | ITER: 18 START
2019-12-13 17:38:14.448 3526 RALLYDEBUG rally.task.runner [-] Starting a worker. concurrency: 1 args: {"network_create_args": {}, "subnet_create_args": {}, "subnet_cidr_start": "1.1.0.0/30", "subnets_per_network": 2, "router_create_args": {}} times: 40 method_name: run timeout: 0 duration: None cls:
2019-12-13 17:38:14.451 3523 INFO rally.task.runner [-] Task e0882c5d-fa0d-4220-b701-393905d42074 | ITER: 19 START
2019-12-13 17:38:14.453 3526 INFO rally.task.runner [-] Task e0882c5d-fa0d-4220-b701-393905d42074 | ITER: 20 START
2019-12-13 17:38:15.196 3476 RALLYDEBUG rally_openstack.wrappers.network [-] CIDR generated: 1.1.8.32/30
2019-12-13 17:38:15.242 3475 RALLYDEBUG rally_openstack.wrappers.network [-] CIDR generated: 1.1.8.36/30
2019-12-13 17:38:15.318 3488 RALLYDEBUG rally_openstack.wrappers.network [-] CIDR generated: 1.1.8.40/30
2019-12-13 17:38:15.320 3477 RALLYDEBUG rally_openstack.wrappers.network [-] CIDR generated: 1.1.8.44/30
2019-12-13 17:38:15.323 3482 RALLYDEBUG rally_openstack.wrappers.network [-] CIDR generated: 1.1.8.48/30
2019-12-13 17:38:15.402 3478 RALLYDEBUG rally_openstack.wrappers.network [-] CIDR generated: 1.1.8.52/30
2019-12-13 17:38:15.472 3526 RALLYDEBUG rally_openstack.wrappers.network [-] CIDR generated: 1.1.8.56/30
2019-12-13 17:38:15.510 3523 RALLYDEBUG rally_openstack.wrappers.network [-] CIDR generated: 1.1.8.60/30
2019-12-13 17:38:15.544 3504 RALLYDEBUG rally_openstack.wrappers.network [-] CIDR generated: 1.1.8.64/30
2019-12-13 17:38:15.653 3491 RALLYDEBUG rally_openstack.wrappers.network [-] CIDR generated: 1.1.8.68/30
2019-12-13 17:38:15.668 3479 RALLYDEBUG rally_openstack.wrappers.network [-] CIDR generated: 1.1.8.72/30
2019-12-13 17:38:15.692 3510 RALLYDEBUG rally_openstack.wrappers.network [-] CIDR generated: 1.1.8.76/30
2019-12-13 17:38:15.744 3497 RALLYDEBUG rally_openstack.wrappers.network [-] CIDR generated: 1.1.8.80/30
2019-12-13 17:38:15.760 3517 RALLYDEBUG rally_openstack.wrappers.network [-] CIDR generated: 1.1.8.84/30
2019-12-13 17:38:15.959 3494 RALLYDEBUG rally_openstack.wrappers.network [-] CIDR generated: 1.1.8.88/30
2019-12-13 17:38:16.053 3485 RALLYDEBUG rally_openstack.wrappers.network [-] CIDR generated: 1.1.8.92/30
2019-12-13 17:38:16.056 3500 RALLYDEBUG rally_openstack.wrappers.network [-] CIDR generated: 1.1.8.96/30
2019-12-13 17:38:16.092 3514 RALLYDEBUG rally_openstack.wrappers.network [-] CIDR generated: 1.1.8.100/30
2019-12-13 17:38:16.389 3518 RALLYDEBUG rally_openstack.wrappers.network [-] CIDR generated: 1.1.8.104/30
2019-12-13 17:38:16.477 3504 RALLYDEBUG rally_openstack.wrappers.network [-] CIDR generated: 1.1.8.108/30
2019-12-13 17:38:16.498 3526 RALLYDEBUG rally_openstack.wrappers.network [-] CIDR generated: 1.1.8.112/30
2019-12-13 17:38:16.610 3507 RALLYDEBUG rally_openstack.wrappers.network [-] CIDR generated: 1.1.8.116/30
2019-12-13 17:38:16.738 3478 RALLYDEBUG rally_openstack.wrappers.network [-] CIDR generated: 1.1.8.120/30
2019-12-13 17:38:16.909 3476 RALLYDEBUG rally_openstack.wrappers.network [-] CIDR generated: 1.1.8.124/30
2019-12-13 17:38:17.340 3485 RALLYDEBUG rally_openstack.wrappers.network [-] CIDR generated: 1.1.8.128/30
2019-12-13 17:38:17.344 3482 RALLYDEBUG rally_openstack.wrappers.network [-] CIDR generated: 1.1.8.132/30
2019-12-13 17:38:17.416 3517 RALLYDEBUG rally_openstack.wrappers.network [-] CIDR generated: 1.1.8.136/30
2019-12-13 17:38:17.505 3514 RALLYDEBUG rally_openstack.wrappers.network [-] CIDR generated: 1.1.8.140/30
2019-12-13 17:38:17.621 3500 RALLYDEBUG rally_openstack.wrappers.network [-] CIDR generated: 1.1.8.144/30
2019-12-13 17:38:17.661 3523 RALLYDEBUG rally_openstack.wrappers.network [-] CIDR generated: 1.1.8.148/30
2019-12-13 17:38:17.669 3479 RALLYDEBUG rally_openstack.wrappers.network [-] CIDR generated: 1.1.8.152/30
2019-12-13 17:38:17.710 3475 RALLYDEBUG rally_openstack.wrappers.network [-] CIDR generated: 1.1.8.156/30
2019-12-13 17:38:17.721 3477 RALLYDEBUG rally_openstack.wrappers.network [-] CIDR generated: 1.1.8.160/30
2019-12-13 17:38:17.756 3491 RALLYDEBUG rally_openstack.wrappers.network [-] CIDR generated: 1.1.8.164/30
2019-12-13 17:38:17.764 3488 RALLYDEBUG rally_openstack.wrappers.network [-] CIDR generated: 1.1.8.168/30
2019-12-13 17:38:17.784 3497 RALLYDEBUG rally_openstack.wrappers.network [-] CIDR generated: 1.1.8.172/30
2019-12-13 17:38:17.803 3494 RALLYDEBUG rally_openstack.wrappers.network [-] CIDR generated: 1.1.8.176/30
2019-12-13 17:38:17.812 3510 RALLYDEBUG rally_openstack.wrappers.network [-] CIDR generated: 1.1.8.180/30
2019-12-13 17:38:19.319 3518 RALLYDEBUG rally_openstack.wrappers.network [-] CIDR generated: 1.1.8.184/30
2019-12-13 17:38:19.508 3507 RALLYDEBUG rally_openstack.wrappers.network [-] CIDR generated: 1.1.8.188/30
2019-12-13 17:38:53.533 3500 INFO rally.task.runner [-] Task e0882c5d-fa0d-4220-b701-393905d42074 | ITER: 13 END: OK
2019-12-13 17:38:53.542 3500 INFO rally.task.runner [-] Task e0882c5d-fa0d-4220-b701-393905d42074 | ITER: 21 START
2019-12-13 17:38:54.318 3497 INFO rally.task.runner [-] Task e0882c5d-fa0d-4220-b701-393905d42074 | ITER: 11 END: OK
2019-12-13 17:38:54.325 3497 INFO rally.task.runner [-] Task e0882c5d-fa0d-4220-b701-393905d42074 | ITER: 22 START
2019-12-13 17:38:55.756 3488 INFO rally.task.runner [-] Task e0882c5d-fa0d-4220-b701-393905d42074 | ITER: 8 END: OK
2019-12-13 17:38:55.765 3488 INFO rally.task.runner [-] Task e0882c5d-fa0d-4220-b701-393905d42074 | ITER: 23 START
2019-12-13 17:38:55.941 3497 RALLYDEBUG rally_openstack.wrappers.network [-] CIDR generated: 1.1.8.192/30
2019-12-13 17:38:56.224 3488 RALLYDEBUG rally_openstack.wrappers.network [-] CIDR generated: 1.1.8.196/30
2019-12-13 17:38:56.246 3518 INFO rally.task.runner [-] Task e0882c5d-fa0d-4220-b701-393905d42074 | ITER: 18 END: OK
2019-12-13 17:38:56.253 3518 INFO rally.task.runner [-] Task e0882c5d-fa0d-4220-b701-393905d42074 | ITER: 24 START
2019-12-13 17:38:56.711 3500 RALLYDEBUG rally_openstack.wrappers.network [-] CIDR generated: 1.1.8.200/30
2019-12-13 17:38:56.814 3507 INFO rally.task.runner [-] Task e0882c5d-fa0d-4220-b701-393905d42074 | ITER: 14 END: OK
2019-12-13 17:38:56.822 3507 INFO rally.task.runner [-] Task e0882c5d-fa0d-4220-b701-393905d42074 | ITER: 25 START
2019-12-13 17:38:56.935 3488 RALLYDEBUG rally_openstack.wrappers.network [-] CIDR generated: 1.1.8.204/30
2019-12-13 17:38:57.600 3497 RALLYDEBUG rally_openstack.wrappers.network [-] CIDR generated: 1.1.8.208/30
2019-12-13 17:38:57.607 3507 RALLYDEBUG rally_openstack.wrappers.network [-] CIDR generated: 1.1.8.212/30
2019-12-13 17:38:57.919 3500 RALLYDEBUG rally_openstack.wrappers.network [-] CIDR generated: 1.1.8.216/30
2019-12-13 17:38:58.702 3518 RALLYDEBUG rally_openstack.wrappers.network [-] CIDR generated: 1.1.8.220/30
2019-12-13 17:38:59.400 3507 RALLYDEBUG rally_openstack.wrappers.network [-] CIDR generated: 1.1.8.224/30
2019-12-13 17:39:00.370 3518 RALLYDEBUG rally_openstack.wrappers.network [-] CIDR generated: 1.1.8.228/30
2019-12-13 17:39:03.226 3482 INFO rally.task.runner [-] Task e0882c5d-fa0d-4220-b701-393905d42074 | ITER: 6 END: OK
2019-12-13 17:39:03.233 3482 INFO rally.task.runner [-] Task e0882c5d-fa0d-4220-b701-393905d42074 | ITER: 26 START
2019-12-13 17:39:03.885 3482 RALLYDEBUG rally_openstack.wrappers.network [-] CIDR generated: 1.1.8.232/30
2019-12-13 17:39:04.749 3482 RALLYDEBUG rally_openstack.wrappers.network [-] CIDR generated: 1.1.8.236/30
2019-12-13 17:39:05.581 3526 INFO rally.task.runner [-] Task e0882c5d-fa0d-4220-b701-393905d42074 | ITER: 20 END: OK
2019-12-13 17:39:05.590 3526 INFO rally.task.runner [-] Task e0882c5d-fa0d-4220-b701-393905d42074 | ITER: 27 START
2019-12-13 17:39:06.078 3526 RALLYDEBUG rally_openstack.wrappers.network [-] CIDR generated: 1.1.8.240/30
2019-12-13 17:39:07.409 3476 INFO rally.task.runner [-] Task e0882c5d-fa0d-4220-b701-393905d42074 | ITER: 2 END: OK
2019-12-13 17:39:07.416 3476 INFO rally.task.runner [-] Task e0882c5d-fa0d-4220-b701-393905d42074 | ITER: 28 START
2019-12-13 17:39:07.575 3526 RALLYDEBUG rally_openstack.wrappers.network [-] CIDR generated: 1.1.8.244/30
2019-12-13 17:39:08.855 3476 RALLYDEBUG rally_openstack.wrappers.network [-] CIDR generated: 1.1.8.248/30
2019-12-13 17:39:09.521 3476 RALLYDEBUG rally_openstack.wrappers.network [-] CIDR generated: 1.1.8.252/30
2019-12-13 17:39:12.393 3523 INFO rally.task.runner [-] Task e0882c5d-fa0d-4220-b701-393905d42074 | ITER: 19 END: OK
2019-12-13 17:39:12.400 3523 INFO rally.task.runner [-] Task e0882c5d-fa0d-4220-b701-393905d42074 | ITER: 29 START
2019-12-13 17:39:15.291 3523 RALLYDEBUG rally_openstack.wrappers.network [-] CIDR generated: 1.1.9.0/30
2019-12-13 17:39:16.087 3523 RALLYDEBUG rally_openstack.wrappers.network [-] CIDR generated: 1.1.9.4/30
2019-12-13 17:39:18.477 3479 INFO rally.task.runner [-] Task e0882c5d-fa0d-4220-b701-393905d42074 | ITER: 5 END: OK
2019-12-13 17:39:18.484 3479 INFO rally.task.runner [-] Task e0882c5d-fa0d-4220-b701-393905d42074 | ITER: 30 START
2019-12-13 17:39:18.641 3504 INFO rally.task.runner [-] Task e0882c5d-fa0d-4220-b701-393905d42074 | ITER: 12 END: OK
2019-12-13 17:39:18.648 3504 INFO rally.task.runner [-] Task e0882c5d-fa0d-4220-b701-393905d42074 | ITER: 31 START
2019-12-13 17:39:19.197 3479 RALLYDEBUG rally_openstack.wrappers.network [-] CIDR generated: 1.1.9.8/30
2019-12-13 17:39:19.308 3504 RALLYDEBUG rally_openstack.wrappers.network [-] CIDR generated: 1.1.9.12/30
2019-12-13 17:39:20.349 3514 INFO rally.task.runner [-] Task e0882c5d-fa0d-4220-b701-393905d42074 | ITER: 16 END: OK
2019-12-13 17:39:20.356 3514 INFO rally.task.runner [-] Task e0882c5d-fa0d-4220-b701-393905d42074 | ITER: 32 START
2019-12-13 17:39:21.082 3514 RALLYDEBUG rally_openstack.wrappers.network [-] CIDR generated: 1.1.9.16/30
2019-12-13 17:39:21.132 3479 RALLYDEBUG rally_openstack.wrappers.network [-] CIDR generated: 1.1.9.20/30
2019-12-13 17:39:21.141 3504 RALLYDEBUG rally_openstack.wrappers.network [-] CIDR generated: 1.1.9.24/30
2019-12-13 17:39:22.569 3477 INFO rally.task.runner [-] Task e0882c5d-fa0d-4220-b701-393905d42074 | ITER: 3 END: OK
2019-12-13 17:39:22.577 3477 INFO rally.task.runner [-] Task e0882c5d-fa0d-4220-b701-393905d42074 | ITER: 33 START
2019-12-13 17:39:23.076 3477 RALLYDEBUG rally_openstack.wrappers.network [-] CIDR generated: 1.1.9.28/30
2019-12-13 17:39:23.213 3514 RALLYDEBUG rally_openstack.wrappers.network [-] CIDR generated: 1.1.9.32/30
2019-12-13 17:39:24.979 3475 INFO rally.task.runner [-] Task e0882c5d-fa0d-4220-b701-393905d42074 | ITER: 1 END: OK
2019-12-13 17:39:24.986 3475 INFO rally.task.runner [-] Task e0882c5d-fa0d-4220-b701-393905d42074 | ITER: 34 START
2019-12-13 17:39:25.434 3475 RALLYDEBUG rally_openstack.wrappers.network [-] CIDR generated: 1.1.9.36/30
2019-12-13 17:39:26.228 3477 RALLYDEBUG rally_openstack.wrappers.network [-] CIDR generated: 1.1.9.40/30
2019-12-13 17:39:26.550 3510 INFO rally.task.runner [-] Task e0882c5d-fa0d-4220-b701-393905d42074 | ITER: 15 END: OK
2019-12-13 17:39:26.556 3510 INFO rally.task.runner [-] Task e0882c5d-fa0d-4220-b701-393905d42074 | ITER: 35 START
2019-12-13 17:39:27.207 3510 RALLYDEBUG rally_openstack.wrappers.network [-] CIDR generated: 1.1.9.44/30
2019-12-13 17:39:27.865 3475 RALLYDEBUG rally_openstack.wrappers.network [-] CIDR generated: 1.1.9.48/30
2019-12-13 17:39:28.428 3478 INFO rally.task.runner [-] Task e0882c5d-fa0d-4220-b701-393905d42074 | ITER: 4 END: OK
2019-12-13 17:39:28.437 3478 INFO rally.task.runner [-] Task e0882c5d-fa0d-4220-b701-393905d42074 | ITER: 36 START
2019-12-13 17:39:29.232 3510 RALLYDEBUG rally_openstack.wrappers.network [-] CIDR generated: 1.1.9.52/30
2019-12-13 17:39:29.366 3478 RALLYDEBUG rally_openstack.wrappers.network [-] CIDR generated: 1.1.9.56/30
2019-12-13 17:39:30.038 3478 RALLYDEBUG rally_openstack.wrappers.network [-] CIDR generated: 1.1.9.60/30
2019-12-13 17:39:31.768 3517 INFO rally.task.runner [-] Task e0882c5d-fa0d-4220-b701-393905d42074 | ITER: 17 END: OK
2019-12-13 17:39:31.777 3517 INFO rally.task.runner [-] Task e0882c5d-fa0d-4220-b701-393905d42074 | ITER: 37 START
2019-12-13 17:39:32.541 3485 INFO rally.task.runner [-] Task e0882c5d-fa0d-4220-b701-393905d42074 | ITER: 7 END: OK
2019-12-13 17:39:32.548 3485 INFO rally.task.runner [-] Task e0882c5d-fa0d-4220-b701-393905d42074 | ITER: 38 START
2019-12-13 17:39:33.012 3485 RALLYDEBUG rally_openstack.wrappers.network [-] CIDR generated: 1.1.9.64/30
2019-12-13 17:39:33.665 3485 RALLYDEBUG rally_openstack.wrappers.network [-] CIDR generated: 1.1.9.68/30
2019-12-13 17:39:33.940 3517 RALLYDEBUG rally_openstack.wrappers.network [-] CIDR generated: 1.1.9.72/30
2019-12-13 17:39:34.127 3497 INFO rally.task.runner [-] Task e0882c5d-fa0d-4220-b701-393905d42074 | ITER: 22 END: OK
2019-12-13 17:39:34.138 3497 INFO rally.task.runner [-] Task e0882c5d-fa0d-4220-b701-393905d42074 | ITER: 39 START
2019-12-13 17:39:34.848 3497 RALLYDEBUG rally_openstack.wrappers.network [-] CIDR generated: 1.1.9.76/30
2019-12-13 17:39:35.052 3517 RALLYDEBUG rally_openstack.wrappers.network [-] CIDR generated: 1.1.9.80/30
2019-12-13 17:39:35.168 3491 INFO rally.task.runner [-] Task e0882c5d-fa0d-4220-b701-393905d42074 | ITER: 9 END: OK
2019-12-13 17:39:35.173 3491 INFO rally.task.runner [-] Task e0882c5d-fa0d-4220-b701-393905d42074 | ITER: 40 START
2019-12-13 17:39:36.222 3491 RALLYDEBUG rally_openstack.wrappers.network [-] CIDR generated: 1.1.9.84/30
2019-12-13 17:39:38.030 3497 RALLYDEBUG rally_openstack.wrappers.network [-] CIDR generated: 1.1.9.88/30
2019-12-13 17:39:38.891 3491 RALLYDEBUG rally_openstack.wrappers.network [-] CIDR generated: 1.1.9.92/30
2019-12-13 17:39:39.128 3494 INFO rally.task.runner [-] Task e0882c5d-fa0d-4220-b701-393905d42074 | ITER: 10 END: OK
2019-12-13 17:39:41.558 3488 INFO rally.task.runner [-] Task e0882c5d-fa0d-4220-b701-393905d42074 | ITER: 23 END: OK
2019-12-13 17:39:53.366 3507 INFO rally.task.runner [-] Task e0882c5d-fa0d-4220-b701-393905d42074 | ITER: 25 END: OK
2019-12-13 17:39:53.949 3476 INFO rally.task.runner [-] Task e0882c5d-fa0d-4220-b701-393905d42074 | ITER: 28 END: OK
2019-12-13 17:39:54.824 3500 INFO rally.task.runner [-] Task e0882c5d-fa0d-4220-b701-393905d42074 | ITER: 21 END: OK
2019-12-13 17:39:55.978 3514 INFO rally.task.runner [-] Task e0882c5d-fa0d-4220-b701-393905d42074 | ITER: 32 END: OK
2019-12-13 17:39:56.606 3518 INFO rally.task.runner [-] Task e0882c5d-fa0d-4220-b701-393905d42074 | ITER: 24 END: OK
2019-12-13 17:39:59.426 3482 INFO rally.task.runner [-] Task e0882c5d-fa0d-4220-b701-393905d42074 | ITER: 26 END: OK
2019-12-13 17:40:02.683 3523 INFO rally.task.runner [-] Task e0882c5d-fa0d-4220-b701-393905d42074 | ITER: 29 END: OK
2019-12-13 17:40:09.142 3517 INFO rally.task.runner [-] Task e0882c5d-fa0d-4220-b701-393905d42074 | ITER: 37 END: OK
2019-12-13 17:40:09.266 3478 INFO rally.task.runner [-] Task e0882c5d-fa0d-4220-b701-393905d42074 | ITER: 36 END: OK
2019-12-13 17:40:10.414 3477 INFO rally.task.runner [-] Task e0882c5d-fa0d-4220-b701-393905d42074 | ITER: 33 END: OK
2019-12-13 17:40:10.486 3504 INFO rally.task.runner [-] Task e0882c5d-fa0d-4220-b701-393905d42074 | ITER: 31 END: OK
2019-12-13 17:40:12.078 3510 INFO rally.task.runner [-] Task e0882c5d-fa0d-4220-b701-393905d42074 | ITER: 35 END: OK
2019-12-13 17:40:12.393 3479 INFO rally.task.runner [-] Task e0882c5d-fa0d-4220-b701-393905d42074 | ITER: 30 END: OK
2019-12-13 17:40:12.457 3485 INFO rally.task.runner [-] Task e0882c5d-fa0d-4220-b701-393905d42074 | ITER: 38 END: OK
2019-12-13 17:40:14.138 3526 INFO rally.task.runner [-] Task e0882c5d-fa0d-4220-b701-393905d42074 | ITER: 27 END: OK
2019-12-13 17:40:16.232 3491 INFO rally.task.runner [-] Task e0882c5d-fa0d-4220-b701-393905d42074 | ITER: 40 END: OK
2019-12-13 17:40:16.498 3497 INFO rally.task.runner [-] Task e0882c5d-fa0d-4220-b701-393905d42074 | ITER: 39 END: OK
2019-12-13 17:40:19.761 3475 INFO rally.task.runner [-] Task e0882c5d-fa0d-4220-b701-393905d42074 | ITER: 34 END: OK
2019-12-13 17:40:19.788 15 INFO rally.task.context [-] Task e0882c5d-fa0d-4220-b701-393905d42074 | Context cleanup@openstack cleanup() started
2019-12-13 17:40:19.791 15 RALLYDEBUG rally_openstack.cleanup.manager [-] Cleaning up neutron vip objects
2019-12-13 17:40:20.018 15 RALLYDEBUG rally_openstack.cleanup.manager [-] Cleaning up neutron health_monitor objects
2019-12-13 17:40:20.220 15 RALLYDEBUG rally_openstack.cleanup.manager [-] Cleaning up neutron pool objects
2019-12-13 17:40:20.433 15 RALLYDEBUG rally_openstack.cleanup.manager [-] Cleaning up neutron loadbalancer objects
2019-12-13 17:40:20.639 15 RALLYDEBUG rally_openstack.cleanup.manager [-] Cleaning up neutron floatingip objects
2019-12-13 17:40:20.839 15 RALLYDEBUG rally_openstack.cleanup.manager [-] Cleaning up neutron trunk objects
2019-12-13 17:40:21.048 15 DEBUG neutronclient.v2_0.client [-] Error message: {"message": "The resource could not be found.

\n\n\n", "code": "404 Not Found", "title": "Not Found"} _handle_fault_response /usr/lib/python2.7/site-packages/neutronclient/v2_0/client.py:259
2019-12-13 17:40:21.056 15 RALLYDEBUG rally_openstack.cleanup.manager [-] Cleaning up neutron port objects
2019-12-13 17:40:21.730 15 RALLYDEBUG rally_openstack.cleanup.manager [-] Cleaning up neutron subnet objects
2019-12-13 17:40:22.274 15 RALLYDEBUG rally_openstack.cleanup.manager [-] Deleting neutron.subnet object s_rally_3b7533f0_WuOf7eVK (01dbebe7-6f01-43d3-9bb4-2f151a12af22)
2019-12-13 17:40:22.278 15 RALLYDEBUG rally_openstack.cleanup.manager [-] Deleting neutron.subnet object s_rally_3b7533f0_N01DRnX7 (0d2b13d4-706b-4459-9bb9-fd61adc39ad0)
2019-12-13 17:40:22.287 15 RALLYDEBUG rally_openstack.cleanup.manager [-] Deleting neutron.subnet object s_rally_3b7533f0_T7tCuyVV (0e16e398-c95a-4dfd-964d-3f1bfe3b2477)
2019-12-13 17:40:22.302 15 RALLYDEBUG rally_openstack.cleanup.manager [-] Deleting neutron.subnet object s_rally_3b7533f0_kFyZHmPJ (15459a11-59ba-472c-86b0-d14b40375da3)
2019-12-13 17:40:22.303 15 RALLYDEBUG rally_openstack.cleanup.manager [-] Deleting neutron.subnet object s_rally_3b7533f0_KR9MibSV (0ea2b716-a036-4e75-abe9-8486d2b0c70a)
2019-12-13 17:40:22.328 15 RALLYDEBUG rally_openstack.cleanup.manager [-] Deleting neutron.subnet object s_rally_3b7533f0_CkJIo0TU (1c43fe9f-f873-41b5-93d9-235f0968f3dc)
2019-12-13 17:40:22.333 15 RALLYDEBUG rally_openstack.cleanup.manager [-] Deleting neutron.subnet object s_rally_3b7533f0_rf9SJX4v (162b5b59-248f-43c9-940f-c6c32ba24445)
2019-12-13 17:40:22.368 15 RALLYDEBUG rally_openstack.cleanup.manager [-] Deleting neutron.subnet object s_rally_3b7533f0_yZUhh6ua (2197cf02-1908-49a0-b3c5-a7d1d851f3e8)
2019-12-13 17:40:22.393 15 RALLYDEBUG rally_openstack.cleanup.manager [-] Deleting neutron.subnet object s_rally_3b7533f0_5gdxfjCW (2ca77707-13f0-468e-bbe4-6888904bc59f)
2019-12-13 17:40:22.395 15 RALLYDEBUG rally_openstack.cleanup.manager [-] Deleting neutron.subnet object s_rally_3b7533f0_U15N26Pf (2753f82a-83a0-4abd-b168-16107ecbcb5f)
2019-12-13 17:40:22.411 15 RALLYDEBUG rally_openstack.cleanup.manager [-] Deleting neutron.subnet object s_rally_3b7533f0_dgwQ5Y6G (25ad6da8-0ba8-4def-bdb0-ed2dfbeafb5a)
2019-12-13 17:40:22.411 15 RALLYDEBUG rally_openstack.cleanup.manager [-] Deleting neutron.subnet object s_rally_3b7533f0_qHzSWLYZ (2d001a0c-e266-4978-8aca-0b6d7de6ddfb)
2019-12-13 17:40:22.425 15 RALLYDEBUG rally_openstack.cleanup.manager [-] Deleting neutron.subnet object s_rally_3b7533f0_dxQ4lX0Y (30f612ea-0e69-49e2-bea4-80a01002e22c)
2019-12-13 17:40:22.434 15 RALLYDEBUG rally_openstack.cleanup.manager [-] Deleting neutron.subnet object s_rally_3b7533f0_uh8OV4MZ (2956724f-2c66-495f-8cf4-57f18fea76d7)
2019-12-13 17:40:22.444 15 RALLYDEBUG rally_openstack.cleanup.manager [-] Deleting neutron.subnet object s_rally_3b7533f0_8VFBXbiq (39121379-8f5f-42a8-a988-ad4faaee4b87)
2019-12-13 17:40:22.463 15 RALLYDEBUG rally_openstack.cleanup.manager [-] Deleting neutron.subnet object s_rally_3b7533f0_hozRhaHC (4098e1a7-6a26-477a-87f7-dc217dce8d34)
2019-12-13 17:40:22.493 15 RALLYDEBUG rally_openstack.cleanup.manager [-] Deleting neutron.subnet object s_rally_3b7533f0_LuMaivmd (43c03656-1b10-49ca-abe7-515f758ad25f)
2019-12-13 17:40:22.497 15 RALLYDEBUG rally_openstack.cleanup.manager [-] Deleting neutron.subnet object s_rally_3b7533f0_uGP8c6lk (31e4c8ed-ff75-41c8-bae8-90aee67e3572)
2019-12-13 17:40:22.496 15 RALLYDEBUG rally_openstack.cleanup.manager [-] Deleting neutron.subnet object s_rally_3b7533f0_AR7qdbm4 (3df7719c-8ac9-492b-959b-ea26b3c478da)
2019-12-13 17:40:22.527 15 RALLYDEBUG rally_openstack.cleanup.manager [-] Deleting neutron.subnet object s_rally_3b7533f0_pvmCJrDk (48add292-0c5d-46f1-b9f1-2ba78df27b45)
2019-12-13 17:40:24.696 15 RALLYDEBUG rally_openstack.cleanup.manager [-] Deleting neutron.subnet object s_rally_3b7533f0_IDxxjtI6 (4cb02867-1609-4214-81af-a8e63d557a6e)
2019-12-13 17:40:25.104 15 RALLYDEBUG rally_openstack.cleanup.manager [-] Deleting neutron.subnet object s_rally_3b7533f0_i8ZB5aNJ (50b05699-828f-4f48-a695-3c5a255820c6)
2019-12-13 17:40:25.193 15 RALLYDEBUG rally_openstack.cleanup.manager [-] Deleting neutron.subnet object s_rally_3b7533f0_Ww06Ixh3 (51e18999-5905-4d85-a940-31d6c13b57af)
2019-12-13 17:40:25.285 15 RALLYDEBUG rally_openstack.cleanup.manager [-] Deleting neutron.subnet object s_rally_3b7533f0_pz5pCFuW (5458dc43-cf63-42f7-ad65-e2e68d6691fe)
2019-12-13 17:40:25.289 15 RALLYDEBUG rally_openstack.cleanup.manager [-] Deleting neutron.subnet object s_rally_3b7533f0_lG3fSdjn (57e703fc-3116-48af-ac56-b9dc44984415)
2019-12-13 17:40:25.465 15 RALLYDEBUG rally_openstack.cleanup.manager [-] Deleting neutron.subnet object s_rally_3b7533f0_1ssNm0aD (59f343af-5a96-4b3b-b4a9-c67a82fe129d)
2019-12-13 17:40:25.665 15 RALLYDEBUG rally_openstack.cleanup.manager [-] Deleting neutron.subnet object s_rally_3b7533f0_BNqrpBsC (70d989d0-517f-4375-9024-abcdbcdbba77)
2019-12-13 17:40:25.912 15 RALLYDEBUG rally_openstack.cleanup.manager [-] Deleting neutron.subnet object s_rally_3b7533f0_6kwEWOk9 (78272c34-0e3f-4772-9a1f-53b77891c346)
2019-12-13 17:40:26.035 15 RALLYDEBUG rally_openstack.cleanup.manager [-] Deleting neutron.subnet object s_rally_3b7533f0_p7NfyIVP (82b82e19-3873-40c6-8c3a-69fcdcea573f)
2019-12-13 17:40:26.075 15 RALLYDEBUG rally_openstack.cleanup.manager [-] Deleting neutron.subnet object s_rally_3b7533f0_pKeBSFYU (86b27acb-0d6a-4ed7-b877-c614e4a1cd6b)
2019-12-13 17:40:27.017 15 RALLYDEBUG rally_openstack.cleanup.manager [-] Deleting neutron.subnet object s_rally_3b7533f0_ZTq9mJoS (8cfdd558-08ec-4efc-8708-34f8bea076c6)
2019-12-13 17:40:27.022 15 RALLYDEBUG rally_openstack.cleanup.manager [-] Deleting neutron.subnet object s_rally_3b7533f0_rMU7jwe8 (8e09a7c6-f44b-47c5-a11e-d4b7b179ee5c)
2019-12-13 17:40:27.036 15 RALLYDEBUG rally_openstack.cleanup.manager [-] Deleting neutron.subnet object s_rally_3b7533f0_HvUfMmLz (8f4e05da-7021-4979-bf7c-36f7c67a1e30)
2019-12-13 17:40:27.341 15 RALLYDEBUG rally_openstack.cleanup.manager [-] Deleting neutron.subnet object s_rally_3b7533f0_fcLBg67u (915f8d7e-cabb-4599-8bda-3670ce03fef6)
2019-12-13 17:40:27.474 15 RALLYDEBUG rally_openstack.cleanup.manager [-] Deleting neutron.subnet object s_rally_3b7533f0_lqlBDYr5 (92f0c048-a239-4602-94a4-24463cd47c4b)
2019-12-13 17:40:27.604 15 RALLYDEBUG rally_openstack.cleanup.manager [-] Deleting neutron.subnet object s_rally_3b7533f0_Y3hpq6i3 (93405453-cec0-4df2-ab01-4ad27b3324d3)
2019-12-13 17:40:27.664 15 RALLYDEBUG rally_openstack.cleanup.manager [-] Deleting neutron.subnet object s_rally_3b7533f0_iL6MMfeh (94788b53-610e-4d11-ae75-61233ecbf261)
2019-12-13 17:40:27.731 15 RALLYDEBUG rally_openstack.cleanup.manager [-] Deleting neutron.subnet object s_rally_3b7533f0_VIgDj7Pt (95dd21d9-ea95-44b9-ae1a-a1c0d376f8c5)
2019-12-13 17:40:27.868 15 RALLYDEBUG rally_openstack.cleanup.manager [-] Deleting neutron.subnet object s_rally_3b7533f0_v2yMDKIs (96395129-0163-4a7b-b857-b3bfa000c9c0)
2019-12-13 17:40:27.953 15 RALLYDEBUG rally_openstack.cleanup.manager [-] Deleting neutron.subnet object s_rally_3b7533f0_qOdQMowv (96b57140-ba01-4eca-851d-3cd9aeee4df3)
2019-12-13 17:40:27.963 15 RALLYDEBUG rally_openstack.cleanup.manager [-] Deleting neutron.subnet object s_rally_3b7533f0_HWLgOgCn (9996011c-d7d0-4d23-8ee0-bc2269c02b73)
2019-12-13 17:40:28.061 15 RALLYDEBUG rally_openstack.cleanup.manager [-] Deleting neutron.subnet object s_rally_3b7533f0_bgzHbDq6 (9eea0c69-187a-4950-a1cc-93e510cd50dd)
2019-12-13 17:40:28.385 15 RALLYDEBUG rally_openstack.cleanup.manager [-] Deleting neutron.subnet object s_rally_3b7533f0_KH5V0p6p (a0f5335e-bc13-40e3-9d48-b13120d85bba)
2019-12-13 17:40:28.458 15 RALLYDEBUG rally_openstack.cleanup.manager [-] Deleting neutron.subnet object s_rally_3b7533f0_lbpOWVTu (a4e5a9bf-72da-41a2-8a75-00b66f89155e)
2019-12-13 17:40:28.758 15 RALLYDEBUG rally_openstack.cleanup.manager [-] Deleting neutron.subnet object s_rally_3b7533f0_4fUeXTer (a76babaf-b95a-4723-89e9-3ebf1979b1fb)
2019-12-13 17:40:29.214 15 RALLYDEBUG rally_openstack.cleanup.manager [-] Deleting neutron.subnet object s_rally_3b7533f0_3xBlAzB4 (aff5f850-9317-4b3a-b986-bd95cdf6c9bb)
2019-12-13 17:40:29.272 15 RALLYDEBUG rally_openstack.cleanup.manager [-] Deleting neutron.subnet object s_rally_3b7533f0_nO8N9bNP (b06c4683-6ab1-4b28-9ec6-ad620dee542e)
2019-12-13 17:40:29.488 15 RALLYDEBUG rally_openstack.cleanup.manager [-] Deleting neutron.subnet object s_rally_3b7533f0_sHtTl2e0 (b3626800-baa3-45d0-8d51-036c75cfe600)
2019-12-13 17:40:30.002 15 RALLYDEBUG rally_openstack.cleanup.manager [-] Deleting neutron.subnet object s_rally_3b7533f0_ViEwhlP9 (b3d83d82-d4ee-4f19-831d-1a2beea8fbdb)
2019-12-13 17:40:30.320 15 RALLYDEBUG rally_openstack.cleanup.manager [-] Deleting neutron.subnet object s_rally_3b7533f0_IRjRtNCH (b5e44a4e-0966-4544-b873-08e23c8a00e7)
2019-12-13 17:40:30.433 15 RALLYDEBUG rally_openstack.cleanup.manager [-] Deleting neutron.subnet object s_rally_3b7533f0_U1m9OWSW (b6d184a9-20c8-42ab-8c12-50539e6edd6b)
2019-12-13 17:40:30.434 15 RALLYDEBUG rally_openstack.cleanup.manager [-] Deleting neutron.subnet object s_rally_3b7533f0_gsDa8CSD (b929ba7b-21c8-474d-90ca-783d46cd34df)
2019-12-13 17:40:30.626 15 RALLYDEBUG rally_openstack.cleanup.manager [-] Deleting neutron.subnet object s_rally_3b7533f0_yELtnA8Y (bc658d6e-6d3e-4f50-9327-8994aaefb939)
2019-12-13 17:40:30.856 15 RALLYDEBUG rally_openstack.cleanup.manager [-] Deleting neutron.subnet object s_rally_3b7533f0_AFD8lQ7C (bf01890b-70f8-4420-9c18-079fe0d6b196)
2019-12-13 17:40:30.933 15 RALLYDEBUG rally_openstack.cleanup.manager [-] Deleting neutron.subnet object s_rally_3b7533f0_iS2E7S0I (bf536405-363c-4272-8333-efdf857f08cb)
2019-12-13 17:40:31.220 15 RALLYDEBUG rally_openstack.cleanup.manager [-] Deleting neutron.subnet object s_rally_3b7533f0_zw8wlDph (bfbca31d-3b95-484c-b4d3-f01c9fb73a6e)
2019-12-13 17:40:31.297 15 RALLYDEBUG rally_openstack.cleanup.manager [-] Deleting neutron.subnet object s_rally_3b7533f0_UgoEg6pj (c22c8a49-df08-4a31-96f3-7e1cfeadeafc)
2019-12-13 17:40:31.309 15 RALLYDEBUG rally_openstack.cleanup.manager [-] Deleting neutron.subnet object s_rally_3b7533f0_53h1q7Pq (c4533b0b-6f31-4fdb-a52e-5bcdfb8a64fa)
2019-12-13 17:40:31.337 15 RALLYDEBUG rally_openstack.cleanup.manager [-] Deleting neutron.subnet object s_rally_3b7533f0_LbKS4GNf (c742a462-dfa6-4e7b-a48c-7a922a9b6171)
2019-12-13 17:40:31.366 15 RALLYDEBUG rally_openstack.cleanup.manager [-] Deleting neutron.subnet object s_rally_3b7533f0_q2aCCBMF (c7c7cc19-1d14-4200-bf5c-bf3bb777d93a)
2019-12-13 17:40:31.381 15 RALLYDEBUG rally_openstack.cleanup.manager [-] Deleting neutron.subnet object s_rally_3b7533f0_PI6QKF5J (c9e1a6b4-8145-444d-ba3d-9e2272b0bfea)
2019-12-13 17:40:31.601 15 RALLYDEBUG rally_openstack.cleanup.manager [-] Deleting neutron.subnet object s_rally_3b7533f0_ImefUI79 (cc64db94-7c00-4e62-ae5e-64af331cb1a3)
2019-12-13 17:40:31.944 15 RALLYDEBUG rally_openstack.cleanup.manager [-] Deleting neutron.subnet object s_rally_3b7533f0_9J3xvlcN (d04d93ba-35fe-44e4-b3dc-225a9bb0dea3)
2019-12-13 17:40:32.045 15 RALLYDEBUG rally_openstack.cleanup.manager [-] Deleting neutron.subnet object s_rally_3b7533f0_6VTpfl0b (d4ea62be-cb2b-4be0-9797-315056f616b8)
2019-12-13 17:40:32.380 15 RALLYDEBUG rally_openstack.cleanup.manager [-] Deleting neutron.subnet object s_rally_3b7533f0_2x8EXerh (d663c04b-6e5b-463f-9bac-698d359757b1)
2019-12-13 17:40:32.403 15 RALLYDEBUG rally_openstack.cleanup.manager [-] Deleting neutron.subnet object s_rally_3b7533f0_EouibX8s (dd76d0e0-2153-424a-9926-63dff054fa9a)
2019-12-13 17:40:32.573 15 RALLYDEBUG rally_openstack.cleanup.manager [-] Deleting neutron.subnet object s_rally_3b7533f0_lZTQSC1t (ddaba115-2a37-40a6-b357-8645d2993e90)
2019-12-13 17:40:32.791 15 RALLYDEBUG rally_openstack.cleanup.manager [-] Deleting neutron.subnet object s_rally_3b7533f0_cjDO2PGL (dfdf06a1-2207-492e-92da-6ea0b84e4574)
2019-12-13 17:40:32.970 15 RALLYDEBUG rally_openstack.cleanup.manager [-] Deleting neutron.subnet object s_rally_3b7533f0_8w0DSx0N (e34916d5-dc06-452c-8246-3a735dc7e01d)
2019-12-13 17:40:33.124 15 RALLYDEBUG rally_openstack.cleanup.manager [-] Deleting neutron.subnet object s_rally_3b7533f0_WWpE56Cr (e8de3953-b8f4-4d24-8dfe-2f0803ea46ea)
2019-12-13 17:40:33.214 15 RALLYDEBUG rally_openstack.cleanup.manager [-] Deleting neutron.subnet object s_rally_3b7533f0_LDFsoyGN (e9b9b0e3-68d5-48d1-810e-1d2e9964223e)
2019-12-13 17:40:33.390 15 RALLYDEBUG rally_openstack.cleanup.manager [-] Deleting neutron.subnet object s_rally_3b7533f0_1pz2UILI (ea87a107-b91a-448b-aba4-e15448867022)
2019-12-13 17:40:33.799 15 RALLYDEBUG rally_openstack.cleanup.manager [-] Deleting neutron.subnet object s_rally_3b7533f0_8fzHwQXS (eafd1c5c-c919-4390-94f3-9ce1fd68babc)
2019-12-13 17:40:33.841 15 RALLYDEBUG rally_openstack.cleanup.manager [-] Deleting neutron.subnet object s_rally_3b7533f0_dwYeljnL (ee6498a1-32b1-48a2-b516-b3b7d31597f6)
2019-12-13 17:40:33.933 15 RALLYDEBUG rally_openstack.cleanup.manager [-] Deleting neutron.subnet object s_rally_3b7533f0_GpNtBeXz (f1665da8-1f4d-43da-83ca-9af96b1282e0)
2019-12-13 17:40:34.233 15 RALLYDEBUG rally_openstack.cleanup.manager [-] Deleting neutron.subnet object s_rally_3b7533f0_E9fUZSJh (f87124f2-5a10-4961-9ae7-152d3080bb53)
2019-12-13 17:40:34.296 15 RALLYDEBUG rally_openstack.cleanup.manager [-] Deleting neutron.subnet object s_rally_3b7533f0_YZYHrDmt (f96e8fea-18c4-4ecd-9338-eec4061da0a9)
2019-12-13 17:40:34.400 15 RALLYDEBUG rally_openstack.cleanup.manager [-] Deleting neutron.subnet object s_rally_3b7533f0_Lh8UFJAb (fab7c750-618c-418a-a888-255f4b44a264)
2019-12-13 17:40:34.864 15 RALLYDEBUG rally_openstack.cleanup.manager [-] Deleting neutron.subnet object s_rally_3b7533f0_sJwu4eS4 (fe847e6d-f10a-433a-932c-357ac5f66acf)
2019-12-13 17:40:35.069 15 RALLYDEBUG rally_openstack.cleanup.manager [-] Deleting neutron.subnet object s_rally_3b7533f0_ILb0ZDyY (ffe8baa4-0468-4440-8545-5583dd7b6ddd)
2019-12-13 17:40:39.256 15 RALLYDEBUG rally_openstack.cleanup.manager [-] Cleaning up neutron network objects
2019-12-13 17:40:39.935 15 RALLYDEBUG rally_openstack.cleanup.manager [-] Deleting neutron.network object s_rally_3b7533f0_tzbMtO7p (06e96165-77a2-4770-bc0d-78303c6b4afc)
2019-12-13 17:40:39.940 15 RALLYDEBUG rally_openstack.cleanup.manager [-] Deleting neutron.network object s_rally_3b7533f0_4ImXUiVX (10665b9b-2c4f-4b6f-a73f-149aca6c8be8)
2019-12-13 17:40:39.949 15 RALLYDEBUG rally_openstack.cleanup.manager [-] Deleting neutron.network object s_rally_3b7533f0_i5aGwvxK (109c42d3-8453-4eef-81cb-9ec2cb3326ae)
2019-12-13 17:40:39.962 15 RALLYDEBUG rally_openstack.cleanup.manager [-] Deleting neutron.network object s_rally_3b7533f0_gZzoiocP (12699d2b-0b86-44d1-9165-cbac159448fa)
2019-12-13 17:40:39.971 15 RALLYDEBUG rally_openstack.cleanup.manager [-] Deleting neutron.network object s_rally_3b7533f0_I105TelY (1e8a254e-9564-426b-9acc-ad82cf35eaf4)
2019-12-13 17:40:39.999 15 RALLYDEBUG rally_openstack.cleanup.manager [-] Deleting neutron.network object s_rally_3b7533f0_3wbCSyjw (21128040-1530-4935-b293-2c0c5ab9a4ab)
2019-12-13 17:40:40.053 15 RALLYDEBUG rally_openstack.cleanup.manager [-] Deleting neutron.network object s_rally_3b7533f0_yfUTtzDG (29c9ac08-d008-4efe-afbe-2d3f6cacb49d)
2019-12-13 17:40:40.055 15 RALLYDEBUG rally_openstack.cleanup.manager [-] Deleting neutron.network object s_rally_3b7533f0_uqxv3rG6 (381fdc1d-f575-49f9-8691-0842a74e4960)
2019-12-13 17:40:40.062 15 RALLYDEBUG rally_openstack.cleanup.manager [-] Deleting neutron.network object s_rally_3b7533f0_LLisvKyg (456a6567-bda7-458d-a2d7-e294b6ffd7a9)
2019-12-13 17:40:40.066 15 RALLYDEBUG rally_openstack.cleanup.manager [-] Deleting neutron.network object s_rally_3b7533f0_C4pm49RC (32b891f6-67f6-4310-b2b9-5439ca25589c)
2019-12-13 17:40:40.072 15 RALLYDEBUG rally_openstack.cleanup.manager [-] Deleting neutron.network object s_rally_3b7533f0_L5B1xsHK (3c6e5cde-a676-47a5-b3db-d96b66ddd947)
2019-12-13 17:40:40.082 15 RALLYDEBUG rally_openstack.cleanup.manager [-] Deleting neutron.network object s_rally_3b7533f0_O7DEdhw5 (316aa043-67c0-49ac-b291-f05353ff3fea)
2019-12-13 17:40:40.082 15 RALLYDEBUG rally_openstack.cleanup.manager [-] Deleting neutron.network object s_rally_3b7533f0_ZS9Jrx1K (28dabb0e-008b-4606-9872-9b9f550df867)
2019-12-13 17:40:40.106 15 RALLYDEBUG rally_openstack.cleanup.manager [-] Deleting neutron.network object s_rally_3b7533f0_RDWqibLX (23386f7d-8f74-41f1-b989-31707408dc00)
2019-12-13 17:40:40.111 15 RALLYDEBUG rally_openstack.cleanup.manager [-] Deleting neutron.network object s_rally_3b7533f0_KHjig99Z (45c85056-37de-4aed-a785-9fb4da2df054)
2019-12-13 17:40:40.108 15 RALLYDEBUG rally_openstack.cleanup.manager [-] Deleting neutron.network object s_rally_3b7533f0_PCZJWCwS (3952eee3-115e-4bd8-859f-3715f51a4c3a)
2019-12-13 17:40:40.113 15 RALLYDEBUG rally_openstack.cleanup.manager [-] Deleting neutron.network object s_rally_3b7533f0_mh8Qu7ql (5a9d03ca-af0e-464e-b33f-acac953b9cf4)
2019-12-13 17:40:40.121 15 RALLYDEBUG rally_openstack.cleanup.manager [-] Deleting neutron.network object s_rally_3b7533f0_gA1Zwg4R (645b0c70-7fd3-4389-866b-71f94514f9f4)
2019-12-13 17:40:40.126 15 RALLYDEBUG rally_openstack.cleanup.manager [-] Deleting neutron.network object s_rally_3b7533f0_vqy8zLW8 (52acc1ab-5a71-40e3-8d54-3cc7d7272c67)
2019-12-13 17:40:40.126 15 RALLYDEBUG rally_openstack.cleanup.manager [-] Deleting neutron.network object s_rally_3b7533f0_3xqr6gpF (49bfa4fa-e6ff-492e-a449-c6d140f0ecf7)
2019-12-13 17:40:42.356 15 RALLYDEBUG rally_openstack.cleanup.manager [-] Deleting neutron.network object s_rally_3b7533f0_ziGHRbt0 (6592f842-614c-4f03-86c0-bdf341ecfe55)
2019-12-13 17:40:42.395 15 RALLYDEBUG rally_openstack.cleanup.manager [-] Deleting neutron.network object s_rally_3b7533f0_VDJEmvio (6e994384-0f30-4855-9ce1-c802857eb07d)
2019-12-13 17:40:42.896 15 RALLYDEBUG rally_openstack.cleanup.manager [-] Deleting neutron.network object s_rally_3b7533f0_JWHauvEX (6ff9b41e-9bdf-4eea-97be-03f4ee041181)
2019-12-13 17:40:42.920 15 RALLYDEBUG rally_openstack.cleanup.manager [-] Deleting neutron.network object s_rally_3b7533f0_Ca376aro (77d61e3a-e948-4bac-b110-960ed02e53f5)
2019-12-13 17:40:42.952 15 RALLYDEBUG rally_openstack.cleanup.manager [-] Deleting neutron.network object s_rally_3b7533f0_kFQv1esh (7a589620-1abb-42bc-8bdc-4bb102fc680b)
2019-12-13 17:40:42.996 15 RALLYDEBUG rally_openstack.cleanup.manager [-] Deleting neutron.network object s_rally_3b7533f0_AdW23wEi (7d445fa3-209a-4c7c-84cc-e2c259f78b81)
2019-12-13 17:40:43.283 15 RALLYDEBUG rally_openstack.cleanup.manager [-] Deleting neutron.network object s_rally_3b7533f0_QGxeoZhw (7df334de-965d-461c-89c4-f9eb36e54877)
2019-12-13 17:40:43.383 15 RALLYDEBUG rally_openstack.cleanup.manager [-] Deleting neutron.network object s_rally_3b7533f0_nyDCVT5h (8286c423-0059-461a-9f92-d1fe05c6e78d)
2019-12-13 17:40:43.389 15 RALLYDEBUG rally_openstack.cleanup.manager [-] Deleting neutron.network object s_rally_3b7533f0_w7mLW4WG (9d883bd2-758e-41da-aefc-e56878440a0b)
2019-12-13 17:40:43.400 15 RALLYDEBUG rally_openstack.cleanup.manager [-] Deleting neutron.network object s_rally_3b7533f0_n6GUtStB (a0ac7a3d-75d4-4b26-b8fa-662a38b9f6b6)
2019-12-13 17:40:43.583 15 RALLYDEBUG rally_openstack.cleanup.manager [-] Deleting neutron.network object s_rally_3b7533f0_Tu1QORfx (ad1c1dce-cd0a-452d-aab8-9e6f83000721)
2019-12-13 17:40:43.588 15 RALLYDEBUG rally_openstack.cleanup.manager [-] Deleting neutron.network object s_rally_3b7533f0_aTMoggdX (ae2d0348-e772-4b1b-9f97-7b89be1ac6ff)
2019-12-13 17:40:44.217 15 RALLYDEBUG rally_openstack.cleanup.manager [-] Deleting neutron.network object s_rally_3b7533f0_XdqfmEpg (ae9c1eee-4cfa-44b7-ab7d-ca88c70a3cfd)
2019-12-13 17:40:44.690 15 RALLYDEBUG rally_openstack.cleanup.manager [-] Deleting neutron.network object s_rally_3b7533f0_FUTm9Lw4 (bbe6c8fa-010c-4d0b-9d60-3c60001b67c3)
2019-12-13 17:40:44.732 15 RALLYDEBUG rally_openstack.cleanup.manager [-] Deleting neutron.network object s_rally_3b7533f0_2I5EyS1k (c9f8f51b-6792-48fc-8a26-6a29ad0cd1f1)
2019-12-13 17:40:44.810 15 RALLYDEBUG rally_openstack.cleanup.manager [-] Deleting neutron.network object s_rally_3b7533f0_VEskYZTY (cb34b864-9264-4818-9f2d-177d8f815977)
2019-12-13 17:40:44.816 15 RALLYDEBUG rally_openstack.cleanup.manager [-] Deleting neutron.network object s_rally_3b7533f0_NdQgmTD0 (cc13bf84-6b13-4f1b-8fc1-4b8e2d27cefb)
2019-12-13 17:40:44.879 15 RALLYDEBUG rally_openstack.cleanup.manager [-] Deleting neutron.network object s_rally_3b7533f0_U7Yzlg3G (cf7c9097-790a-4a5e-b5e2-cbdd1f9dd706)
2019-12-13 17:40:45.245 15 RALLYDEBUG rally_openstack.cleanup.manager [-] Deleting neutron.network object s_rally_3b7533f0_BLIiGL0p (e440f02d-b170-4e66-9f87-dad0836051ac)
2019-12-13 17:40:45.445 15 RALLYDEBUG rally_openstack.cleanup.manager [-] Deleting neutron.network object s_rally_3b7533f0_XLYsQnOB (fc8cf842-66bd-4ccb-b11e-99b405eeee7a)
2019-12-13 17:40:49.478 15 RALLYDEBUG rally_openstack.cleanup.manager [-] Cleaning up neutron router objects
2019-12-13 17:40:49.793 15 RALLYDEBUG rally_openstack.cleanup.manager [-] Cleaning up neutron security_group objects
2019-12-13 17:40:50.103 15 INFO rally.task.context [-] Task e0882c5d-fa0d-4220-b701-393905d42074 | Context cleanup@openstack cleanup() finished in 30.32 sec
2019-12-13 17:40:50.103 15 INFO rally.task.context [-] Task e0882c5d-fa0d-4220-b701-393905d42074 | Context quotas@openstack cleanup() started
2019-12-13 17:40:50.160 15 INFO rally.task.context [-] Task e0882c5d-fa0d-4220-b701-393905d42074 | Context quotas@openstack cleanup() finished in 56.45 msec
2019-12-13 17:40:50.160 15 INFO rally.task.context [-] Task e0882c5d-fa0d-4220-b701-393905d42074 | Context users@openstack cleanup() started
2019-12-13 17:40:51.595 15 INFO rally.task.context [-] Task e0882c5d-fa0d-4220-b701-393905d42074 | Context users@openstack cleanup() finished in 1.43 sec
2019-12-13 17:40:51.794 15 INFO rally.task.engine [-] Load duration is: 125.357289
2019-12-13 17:40:51.794 15 INFO rally.task.engine [-] Full runner duration is: 125.405899
2019-12-13 17:40:51.795 15 INFO rally.task.engine [-] Full duration is: 158.440308
2019-12-13 17:40:51.913 15 INFO rally.task.engine [-] Running workload: position = 0 config = { "version": 2, "title": "A cropped version of a bigger task.", "description": "Auto-generated task from a single workload (uuid=bf1a40cb-78bf-4f7c-99b9-2899a3009548)", "subtasks": [ { "title": "NeutronNetworks.create_and_list_ports", "description": "Check performance of list ports action and ensure > network quotas are not exceeded", "scenario": { "NeutronNetworks.create_and_list_ports": { "network_create_args": null, "port_create_args": null, "ports_per_network": 50 } }, "contexts": { "users": { "tenants": 1, "users_per_tenant": 1 }, "quotas": { "neutron": { "network": -1, "subnet": -1, "router": -1, "port": 811 } } }, "runner": { "constant": { "times": 8, "concurrency": 4 } }, "hooks": [], "sla": { "max_avg_duration_per_atomic": { "neutron.list_ports": 15 }, "failure_rate": { "max": 0 } } } ] }
2019-12-13 17:40:51.925 15 RALLYDEBUG rally_openstack.contexts.keystone.users [-] Creating 1 tenants using 20 threads
2019-12-13 17:40:52.267 15 RALLYDEBUG rally_openstack.contexts.keystone.users [-] Creating 1 users using 20 threads
2019-12-13 17:40:52.732 15 INFO rally.task.context [-] Task e0882c5d-fa0d-4220-b701-393905d42074 | Context users@openstack setup() finished in 0.81 sec
2019-12-13 17:40:53.121 15 INFO rally.task.context [-] Task e0882c5d-fa0d-4220-b701-393905d42074 | Context quotas@openstack setup() finished in 0.39 sec
2019-12-13 17:40:53.121 15 INFO rally.task.context [-] Task e0882c5d-fa0d-4220-b701-393905d42074 | Context cleanup@openstack setup() finished in 0.01 msec
2019-12-13 17:40:53.129 15 RALLYDEBUG rally.task.runner [-] Starting the constant runner (task UUID: e0882c5d-fa0d-4220-b701-393905d42074). timeout: 0 concurrency: 4 concurrency_per_worker: 1 times: 8 concurrency_overhead: 0 processes_to_start: 4 max_cpu_used: 88
2019-12-13 17:40:53.145 3877 RALLYDEBUG rally.task.runner [-] Starting a worker. concurrency: 1 args: {"network_create_args": null, "port_create_args": null, "ports_per_network": 50} times: 8 method_name: run timeout: 0 duration: None cls:
2019-12-13 17:40:53.147 3878 RALLYDEBUG rally.task.runner [-] Starting a worker. concurrency: 1 args: {"network_create_args": null, "port_create_args": null, "ports_per_network": 50} times: 8 method_name: run timeout: 0 duration: None cls:
2019-12-13 17:40:53.149 3879 RALLYDEBUG rally.task.runner [-] Starting a worker. concurrency: 1 args: {"network_create_args": null, "port_create_args": null, "ports_per_network": 50} times: 8 method_name: run timeout: 0 duration: None cls:
2019-12-13 17:40:53.151 3877 INFO rally.task.runner [-] Task e0882c5d-fa0d-4220-b701-393905d42074 | ITER: 1 START
2019-12-13 17:40:53.152 3877 WARNING rally_openstack.scenarios.neutron.utils [-] Running this scenario without either the 'network' or 'existing_network' context is deprecated
2019-12-13 17:40:53.152 3880 RALLYDEBUG rally.task.runner [-] Starting a worker. concurrency: 1 args: {"network_create_args": null, "port_create_args": null, "ports_per_network": 50} times: 8 method_name: run timeout: 0 duration: None cls:
2019-12-13 17:40:53.153 3878 INFO rally.task.runner [-] Task e0882c5d-fa0d-4220-b701-393905d42074 | ITER: 2 START
2019-12-13 17:40:53.155 3878 WARNING rally_openstack.scenarios.neutron.utils [-] Running this scenario without either the 'network' or 'existing_network' context is deprecated
2019-12-13 17:40:53.155 3879 INFO rally.task.runner [-] Task e0882c5d-fa0d-4220-b701-393905d42074 | ITER: 3 START
2019-12-13 17:40:53.156 3879 WARNING rally_openstack.scenarios.neutron.utils [-] Running this scenario without either the 'network' or 'existing_network' context is deprecated
2019-12-13 17:40:53.158 3880 INFO rally.task.runner [-] Task e0882c5d-fa0d-4220-b701-393905d42074 | ITER: 4 START
2019-12-13 17:40:53.160 3880 WARNING rally_openstack.scenarios.neutron.utils [-] Running this scenario without either the 'network' or 'existing_network' context is deprecated
2019-12-13 17:42:10.274 3878 INFO rally.task.runner [-] Task e0882c5d-fa0d-4220-b701-393905d42074 | ITER: 2 END: OK
2019-12-13 17:42:10.280 3878 INFO rally.task.runner [-] Task e0882c5d-fa0d-4220-b701-393905d42074 | ITER: 5 START
2019-12-13 17:42:10.281 3878 WARNING rally_openstack.scenarios.neutron.utils [-] Running this scenario without either the 'network' or 'existing_network' context is deprecated
2019-12-13 17:42:21.816 3880 INFO rally.task.runner [-] Task e0882c5d-fa0d-4220-b701-393905d42074 | ITER: 4 END: OK
2019-12-13 17:42:21.821 3880 INFO rally.task.runner [-] Task e0882c5d-fa0d-4220-b701-393905d42074 | ITER: 6 START
2019-12-13 17:42:21.822 3880 WARNING rally_openstack.scenarios.neutron.utils [-] Running this scenario without either the 'network' or 'existing_network' context is deprecated
2019-12-13 17:42:37.570 3877 INFO rally.task.runner [-] Task e0882c5d-fa0d-4220-b701-393905d42074 | ITER: 1 END: OK
2019-12-13 17:42:37.576 3877 INFO rally.task.runner [-] Task e0882c5d-fa0d-4220-b701-393905d42074 | ITER: 7 START
2019-12-13 17:42:37.577 3877 WARNING rally_openstack.scenarios.neutron.utils [-] Running this scenario without either the 'network' or 'existing_network' context is deprecated
2019-12-13 17:42:41.819 3879 INFO rally.task.runner [-] Task e0882c5d-fa0d-4220-b701-393905d42074 | ITER: 3 END: OK
2019-12-13 17:42:41.826 3879 INFO rally.task.runner [-] Task e0882c5d-fa0d-4220-b701-393905d42074 | ITER: 8 START
2019-12-13 17:42:41.827 3879 WARNING rally_openstack.scenarios.neutron.utils [-] Running this scenario without either the 'network' or 'existing_network' context is deprecated
2019-12-13 17:43:47.023 3878 INFO rally.task.runner [-] Task e0882c5d-fa0d-4220-b701-393905d42074 | ITER: 5 END: OK
2019-12-13 17:43:51.445 3879 INFO rally.task.runner [-] Task e0882c5d-fa0d-4220-b701-393905d42074 | ITER: 8 END: OK
