2019-12-12 00:22:00.778 6 RALLYDEBUG rally.api [-] INFO logs from urllib3 and requests module are hide.
2019-12-12 00:22:00.778 6 RALLYDEBUG rally.api [-] urllib3 insecure warnings are hidden.
2019-12-12 00:22:00.778 6 RALLYDEBUG rally.api [-] ERROR log from boto module is hide.
2019-12-12 00:22:02.149 6 ERROR rally.cli.cliutils [-] Unexpected exception in CLI: DBRecordNotFound: Record for uuid or name is opnfv-rally not found in table envs
2019-12-12 00:22:02.149 6 ERROR rally.cli.cliutils
Traceback (most recent call last):
2019-12-12 00:22:02.149 6 ERROR rally.cli.cliutils
File "/usr/lib/python2.7/site-packages/rally/cli/cliutils.py", line 674, in run
2019-12-12 00:22:02.149 6 ERROR rally.cli.cliutils ret = fn(*fn_args, **fn_kwargs)
2019-12-12 00:22:02.149 6 ERROR rally.cli.cliutils File "", line 2, in destroy
2019-12-12 00:22:02.149 6 ERROR rally.cli.cliutils
File "/usr/lib/python2.7/site-packages/rally/cli/envutils.py", line 68, in default_from_global
2019-12-12 00:22:02.149 6 ERROR rally.cli.cliutils return f(*args, **kwargs)
2019-12-12 00:22:02.149 6 ERROR rally.cli.cliutils File "", line 2, in destroy
2019-12-12 00:22:02.149 6 ERROR rally.cli.cliutils
File "/usr/lib/python2.7/site-packages/rally/plugins/__init__.py", line 51, in ensure_plugins_are_loaded
2019-12-12 00:22:02.149 6 ERROR rally.cli.cliutils return f(*args, **kwargs)
2019-12-12 00:22:02.149 6 ERROR rally.cli.cliutils
File "/usr/lib/python2.7/site-packages/rally/cli/commands/deployment.py", line 157, in destroy
2019-12-12 00:22:02.149 6 ERROR rally.cli.cliutils api.deployment.destroy(deployment=deployment)
2019-12-12 00:22:02.149 6 ERROR rally.cli.cliutils
File "/usr/lib/python2.7/site-packages/rally/api.py", line 115, in destroy
2019-12-12 00:22:02.149 6 ERROR rally.cli.cliutils deploy = objects.Deployment.get(deployment)
2019-12-12 00:22:02.149 6 ERROR rally.cli.cliutils
File "/usr/lib/python2.7/site-packages/rally/common/objects/deploy.py", line 124, in get
2019-12-12 00:22:02.149 6 ERROR rally.cli.cliutils return Deployment(env_mgr.EnvManager.get(deploy))
2019-12-12 00:22:02.149 6 ERROR rally.cli.cliutils
File "/usr/lib/python2.7/site-packages/rally/env/env_mgr.py", line 212, in get
2019-12-12 00:22:02.149 6 ERROR rally.cli.cliutils return cls(db.env_get(uuid_or_name))
2019-12-12 00:22:02.149 6 ERROR rally.cli.cliutils
File "/usr/lib/python2.7/site-packages/rally/common/db/api.py", line 135, in wrapper
2019-12-12 00:22:02.149 6 ERROR rally.cli.cliutils result = f(session, *args, **kwargs)
2019-12-12 00:22:02.149 6 ERROR rally.cli.cliutils
File "/usr/lib/python2.7/site-packages/rally/common/db/api.py", line 521, in env_get
2019-12-12 00:22:02.149 6 ERROR rally.cli.cliutils criteria="uuid or name is %s" % uuid_or_name, table="envs")
2019-12-12 00:22:02.149 6 ERROR rally.cli.cliutils DBRecordNotFound: Record for uuid or name is opnfv-rally not found in table envs
2019-12-12 00:22:02.149 6 ERROR rally.cli.cliutils
2019-12-12 00:22:02.899 8 RALLYDEBUG rally.api [-] INFO logs from urllib3 and requests module are hide.
2019-12-12 00:22:02.899 8 RALLYDEBUG rally.api [-] urllib3 insecure warnings are hidden.
2019-12-12 00:22:02.899 8 RALLYDEBUG rally.api [-] ERROR log from boto module is hide.
2019-12-12 00:22:05.097 10 RALLYDEBUG rally.api [-] INFO logs from urllib3 and requests module are hide.
2019-12-12 00:22:05.097 10 RALLYDEBUG rally.api [-] urllib3 insecure warnings are hidden.
2019-12-12 00:22:05.097 10 RALLYDEBUG rally.api [-] ERROR log from boto module is hide.
2019-12-12 00:22:07.622 13 RALLYDEBUG rally.api [-] INFO logs from urllib3 and requests module are hide.
2019-12-12 00:22:07.622 13 RALLYDEBUG rally.api [-] urllib3 insecure warnings are hidden.
2019-12-12 00:22:07.622 13 RALLYDEBUG rally.api [-] ERROR log from boto module is hide.
2019-12-12 00:22:08.969 15 RALLYDEBUG rally.api [-] INFO logs from urllib3 and requests module are hide.
2019-12-12 00:22:08.969 15 RALLYDEBUG rally.api [-] urllib3 insecure warnings are hidden.
2019-12-12 00:22:08.969 15 RALLYDEBUG rally.api [-] ERROR log from boto module is hide.
2019-12-12 00:22:10.217 15 INFO rally.common.plugin.discover [-] Loading plugins from directories /root/.rally/plugins/*
2019-12-12 00:22:10.218 15 INFO rally.common.plugin.discover [-] Loaded module with plugins: /root/.rally/plugins/__init__.py
2019-12-12 00:22:10.222 15 INFO rally.common.plugin.discover [-] Loaded module with plugins: /root/.rally/plugins/trunk_scenario.py
2019-12-12 00:22:10.393 15 INFO rally.task.engine [-] Task 1f17d7a0-af17-47b4-8697-ed594432680c | Starting: Task validation.
2019-12-12 00:22:10.405 15 INFO rally.task.engine [-] Task 1f17d7a0-af17-47b4-8697-ed594432680c | Starting: Task validation of syntax.
2019-12-12 00:22:10.560 15 INFO rally.task.engine [-] Task 1f17d7a0-af17-47b4-8697-ed594432680c | Completed: Task validation of syntax.
2019-12-12 00:22:10.560 15 INFO rally.task.engine [-] Task 1f17d7a0-af17-47b4-8697-ed594432680c | Starting: Task validation of required platforms.
2019-12-12 00:22:10.630 15 INFO rally.task.engine [-] Task 1f17d7a0-af17-47b4-8697-ed594432680c | Completed: Task validation of required platforms.
2019-12-12 00:22:10.631 15 INFO rally.task.engine [-] Task 1f17d7a0-af17-47b4-8697-ed594432680c | Starting: Task validation of semantic.
2019-12-12 00:22:10.631 15 INFO rally.task.engine [-] Check health of the environment '362b5b9d-b09c-4b44-8532-0d385879713d'.
2019-12-12 00:22:11.017 15 INFO rally.task.engine [-] Platform existing@openstack (available: True): OK!
2019-12-12 00:22:11.026 15 RALLYDEBUG rally_openstack.contexts.keystone.users [-] Creating 1 tenants using 20 threads
2019-12-12 00:22:11.300 15 RALLYDEBUG rally_openstack.contexts.keystone.users [-] Creating 1 users using 20 threads
2019-12-12 00:22:11.807 15 INFO rally.task.context [-] Task 1f17d7a0-af17-47b4-8697-ed594432680c | Context users@openstack setup() finished in 0.78 sec
2019-12-12 00:22:13.232 15 INFO rally.task.context [-] Task 1f17d7a0-af17-47b4-8697-ed594432680c | Context users@openstack cleanup() started
2019-12-12 00:22:14.982 15 INFO rally.task.context [-] Task 1f17d7a0-af17-47b4-8697-ed594432680c | Context users@openstack cleanup() finished in 1.75 sec
2019-12-12 00:22:14.982 15 INFO rally.task.engine [-] Task 1f17d7a0-af17-47b4-8697-ed594432680c | Completed: Task validation of semantic.
2019-12-12 00:22:14.983 15 INFO rally.task.engine [-] Task 1f17d7a0-af17-47b4-8697-ed594432680c | Completed: Task validation.
2019-12-12 00:22:14.983 15 INFO rally.api [-] Task 1f17d7a0-af17-47b4-8697-ed594432680c input file is valid.
2019-12-12 00:22:14.983 15 INFO rally.api [-] Run Task 1f17d7a0-af17-47b4-8697-ed594432680c against Deployment 362b5b9d-b09c-4b44-8532-0d385879713d
2019-12-12 00:22:14.984 15 INFO rally.task.engine [-] Task 1f17d7a0-af17-47b4-8697-ed594432680c | Starting: Running task.
2019-12-12 00:22:15.032 15 INFO rally.task.engine [-] Running workload: position = 0 config = { "version": 2, "title": "A cropped version of a bigger task.", "description": "Auto-generated task from a single workload (uuid=2cd240f9-423e-44fd-b27f-d40ed0522886)", "subtasks": [ { "title": "NeutronNetworks.create_and_list_networks", "description": "Check performance of list_networks action and ensure > network quotas are not exceeded", "scenario": { "NeutronNetworks.create_and_list_networks": {} }, "contexts": { "users": { "tenants": 1, "users_per_tenant": 1 }, "quotas": { "neutron": { "network": 119 } } }, "runner": { "constant": { "times": 100, "concurrency": 20 } }, "hooks": [], "sla": { "max_avg_duration_per_atomic": { "neutron.list_networks": 15 }, "failure_rate": { "max": 0 } } } ] }
2019-12-12 00:22:15.046 15 RALLYDEBUG rally_openstack.contexts.keystone.users [-] Creating 1 tenants using 20 threads
2019-12-12 00:22:15.403 15 RALLYDEBUG rally_openstack.contexts.keystone.users [-] Creating 1 users using 20 threads
2019-12-12 00:22:15.853 15 INFO rally.task.context [-] Task 1f17d7a0-af17-47b4-8697-ed594432680c | Context users@openstack setup() finished in 0.81 sec
2019-12-12 00:22:16.220 15 INFO rally.task.context [-] Task 1f17d7a0-af17-47b4-8697-ed594432680c | Context quotas@openstack setup() finished in 0.37 sec
2019-12-12 00:22:16.221 15 INFO rally.task.context [-] Task 1f17d7a0-af17-47b4-8697-ed594432680c | Context cleanup@openstack setup() finished in 0.00 msec
2019-12-12 00:22:16.230 15 RALLYDEBUG rally.task.runner [-] Starting the constant runner (task UUID: 1f17d7a0-af17-47b4-8697-ed594432680c). timeout: 0 concurrency: 20 concurrency_per_worker: 1 times: 100 concurrency_overhead: 0 processes_to_start: 20 max_cpu_used: 88
2019-12-12 00:22:16.242 139 RALLYDEBUG rally.task.runner [-] Starting a worker. concurrency: 1 args: {} times: 100 method_name: run timeout: 0 duration: None cls:
2019-12-12 00:22:16.244 140 RALLYDEBUG rally.task.runner [-] Starting a worker. concurrency: 1 args: {} times: 100 method_name: run timeout: 0 duration: None cls:
2019-12-12 00:22:16.248 139 INFO rally.task.runner [-] Task 1f17d7a0-af17-47b4-8697-ed594432680c | ITER: 1 START
2019-12-12 00:22:16.247 141 RALLYDEBUG rally.task.runner [-] Starting a worker. concurrency: 1 args: {} times: 100 method_name: run timeout: 0 duration: None cls:
2019-12-12 00:22:16.250 140 INFO rally.task.runner [-] Task 1f17d7a0-af17-47b4-8697-ed594432680c | ITER: 2 START
2019-12-12 00:22:16.249 142 RALLYDEBUG rally.task.runner [-] Starting a worker. concurrency: 1 args: {} times: 100 method_name: run timeout: 0 duration: None cls:
2019-12-12 00:22:16.252 144 RALLYDEBUG rally.task.runner [-] Starting a worker. concurrency: 1 args: {} times: 100 method_name: run timeout: 0 duration: None cls:
2019-12-12 00:22:16.253 141 INFO rally.task.runner [-] Task 1f17d7a0-af17-47b4-8697-ed594432680c | ITER: 3 START
2019-12-12 00:22:16.254 147 RALLYDEBUG rally.task.runner [-] Starting a worker. concurrency: 1 args: {} times: 100 method_name: run timeout: 0 duration: None cls:
2019-12-12 00:22:16.255 142 INFO rally.task.runner [-] Task 1f17d7a0-af17-47b4-8697-ed594432680c | ITER: 4 START
2019-12-12 00:22:16.257 144 INFO rally.task.runner [-] Task 1f17d7a0-af17-47b4-8697-ed594432680c | ITER: 5 START
2019-12-12 00:22:16.257 150 RALLYDEBUG rally.task.runner [-] Starting a worker. concurrency: 1 args: {} times: 100 method_name: run timeout: 0 duration: None cls:
2019-12-12 00:22:16.259 147 INFO rally.task.runner [-] Task 1f17d7a0-af17-47b4-8697-ed594432680c | ITER: 6 START
2019-12-12 00:22:16.260 154 RALLYDEBUG rally.task.runner [-] Starting a worker. concurrency: 1 args: {} times: 100 method_name: run timeout: 0 duration: None cls:
2019-12-12 00:22:16.262 150 INFO rally.task.runner [-] Task 1f17d7a0-af17-47b4-8697-ed594432680c | ITER: 7 START
2019-12-12 00:22:16.262 157 RALLYDEBUG rally.task.runner [-] Starting a worker. concurrency: 1 args: {} times: 100 method_name: run timeout: 0 duration: None cls:
2019-12-12 00:22:16.264 160 RALLYDEBUG rally.task.runner [-] Starting a worker. concurrency: 1 args: {} times: 100 method_name: run timeout: 0 duration: None cls:
2019-12-12 00:22:16.265 154 INFO rally.task.runner [-] Task 1f17d7a0-af17-47b4-8697-ed594432680c | ITER: 8 START
2019-12-12 00:22:16.267 157 INFO rally.task.runner [-] Task 1f17d7a0-af17-47b4-8697-ed594432680c | ITER: 9 START
2019-12-12 00:22:16.267 163 RALLYDEBUG rally.task.runner [-] Starting a worker. concurrency: 1 args: {} times: 100 method_name: run timeout: 0 duration: None cls:
2019-12-12 00:22:16.269 160 INFO rally.task.runner [-] Task 1f17d7a0-af17-47b4-8697-ed594432680c | ITER: 10 START
2019-12-12 00:22:16.269 165 RALLYDEBUG rally.task.runner [-] Starting a worker. concurrency: 1 args: {} times: 100 method_name: run timeout: 0 duration: None cls:
2019-12-12 00:22:16.272 169 RALLYDEBUG rally.task.runner [-] Starting a worker. concurrency: 1 args: {} times: 100 method_name: run timeout: 0 duration: None cls:
2019-12-12 00:22:16.273 163 INFO rally.task.runner [-] Task 1f17d7a0-af17-47b4-8697-ed594432680c | ITER: 11 START
2019-12-12 00:22:16.274 172 RALLYDEBUG rally.task.runner [-] Starting a worker. concurrency: 1 args: {} times: 100 method_name: run timeout: 0 duration: None cls:
2019-12-12 00:22:16.274 165 INFO rally.task.runner [-] Task 1f17d7a0-af17-47b4-8697-ed594432680c | ITER: 12 START
2019-12-12 00:22:16.277 169 INFO rally.task.runner [-] Task 1f17d7a0-af17-47b4-8697-ed594432680c | ITER: 13 START
2019-12-12 00:22:16.277 173 RALLYDEBUG rally.task.runner [-] Starting a worker. concurrency: 1 args: {} times: 100 method_name: run timeout: 0 duration: None cls:
2019-12-12 00:22:16.278 172 INFO rally.task.runner [-] Task 1f17d7a0-af17-47b4-8697-ed594432680c | ITER: 14 START
2019-12-12 00:22:16.279 178 RALLYDEBUG rally.task.runner [-] Starting a worker. concurrency: 1 args: {} times: 100 method_name: run timeout: 0 duration: None cls:
2019-12-12 00:22:16.281 181 RALLYDEBUG rally.task.runner [-] Starting a worker. concurrency: 1 args: {} times: 100 method_name: run timeout: 0 duration: None cls:
2019-12-12 00:22:16.282 173 INFO rally.task.runner [-] Task 1f17d7a0-af17-47b4-8697-ed594432680c | ITER: 15 START
2019-12-12 00:22:16.283 178 INFO rally.task.runner [-] Task 1f17d7a0-af17-47b4-8697-ed594432680c | ITER: 16 START
2019-12-12 00:22:16.284 184 RALLYDEBUG rally.task.runner [-] Starting a worker. concurrency: 1 args: {} times: 100 method_name: run timeout: 0 duration: None cls:
2019-12-12 00:22:16.286 186 RALLYDEBUG rally.task.runner [-] Starting a worker. concurrency: 1 args: {} times: 100 method_name: run timeout: 0 duration: None cls:
2019-12-12 00:22:16.286 181 INFO rally.task.runner [-] Task 1f17d7a0-af17-47b4-8697-ed594432680c | ITER: 17 START
2019-12-12 00:22:16.288 190 RALLYDEBUG rally.task.runner [-] Starting a worker. concurrency: 1 args: {} times: 100 method_name: run timeout: 0 duration: None cls:
2019-12-12 00:22:16.291 184 INFO rally.task.runner [-] Task 1f17d7a0-af17-47b4-8697-ed594432680c | ITER: 18 START
2019-12-12 00:22:16.293 186 INFO rally.task.runner [-] Task 1f17d7a0-af17-47b4-8697-ed594432680c | ITER: 19 START
2019-12-12 00:22:16.294 190 INFO rally.task.runner [-] Task 1f17d7a0-af17-47b4-8697-ed594432680c | ITER: 20 START
2019-12-12 00:22:17.216 173 INFO rally.task.runner [-] Task 1f17d7a0-af17-47b4-8697-ed594432680c | ITER: 15 END: OK
2019-12-12 00:22:17.220 173 INFO rally.task.runner [-] Task 1f17d7a0-af17-47b4-8697-ed594432680c | ITER: 21 START
2019-12-12 00:22:17.542 141 INFO rally.task.runner [-] Task 1f17d7a0-af17-47b4-8697-ed594432680c | ITER: 3 END: OK
2019-12-12 00:22:17.547 141 INFO rally.task.runner [-] Task 1f17d7a0-af17-47b4-8697-ed594432680c | ITER: 22 START
2019-12-12 00:22:17.593 144 INFO rally.task.runner [-] Task 1f17d7a0-af17-47b4-8697-ed594432680c | ITER: 5 END: OK
2019-12-12 00:22:17.598 144 INFO rally.task.runner [-] Task 1f17d7a0-af17-47b4-8697-ed594432680c | ITER: 23 START
2019-12-12 00:22:17.642 142 INFO rally.task.runner [-] Task 1f17d7a0-af17-47b4-8697-ed594432680c | ITER: 4 END: OK
2019-12-12 00:22:17.647 142 INFO rally.task.runner [-] Task 1f17d7a0-af17-47b4-8697-ed594432680c | ITER: 24 START
2019-12-12 00:22:17.659 139 INFO rally.task.runner [-] Task 1f17d7a0-af17-47b4-8697-ed594432680c | ITER: 1 END: OK
2019-12-12 00:22:17.663 139 INFO rally.task.runner [-] Task 1f17d7a0-af17-47b4-8697-ed594432680c | ITER: 25 START
2019-12-12 00:22:17.756 181 INFO rally.task.runner [-] Task 1f17d7a0-af17-47b4-8697-ed594432680c | ITER: 17 END: OK
2019-12-12 00:22:17.760 181 INFO rally.task.runner [-] Task 1f17d7a0-af17-47b4-8697-ed594432680c | ITER: 26 START
2019-12-12 00:22:17.767 160 INFO rally.task.runner [-] Task 1f17d7a0-af17-47b4-8697-ed594432680c | ITER: 10 END: OK
2019-12-12 00:22:17.772 160 INFO rally.task.runner [-] Task 1f17d7a0-af17-47b4-8697-ed594432680c | ITER: 27 START
2019-12-12 00:22:17.783 150 INFO rally.task.runner [-] Task 1f17d7a0-af17-47b4-8697-ed594432680c | ITER: 7 END: OK
2019-12-12 00:22:17.787 150 INFO rally.task.runner [-] Task 1f17d7a0-af17-47b4-8697-ed594432680c | ITER: 28 START
2019-12-12 00:22:17.906 165 INFO rally.task.runner [-] Task 1f17d7a0-af17-47b4-8697-ed594432680c | ITER: 12 END: OK
2019-12-12 00:22:17.911 165 INFO rally.task.runner [-] Task 1f17d7a0-af17-47b4-8697-ed594432680c | ITER: 29 START
2019-12-12 00:22:17.990 190 INFO rally.task.runner [-] Task 1f17d7a0-af17-47b4-8697-ed594432680c | ITER: 20 END: OK
2019-12-12 00:22:17.995 163 INFO rally.task.runner [-] Task 1f17d7a0-af17-47b4-8697-ed594432680c | ITER: 11 END: OK
2019-12-12 00:22:17.996 190 INFO rally.task.runner [-] Task 1f17d7a0-af17-47b4-8697-ed594432680c | ITER: 30 START
2019-12-12 00:22:18.000 163 INFO rally.task.runner [-] Task 1f17d7a0-af17-47b4-8697-ed594432680c | ITER: 31 START
2019-12-12 00:22:18.211 173 INFO rally.task.runner [-] Task 1f17d7a0-af17-47b4-8697-ed594432680c | ITER: 21 END: OK
2019-12-12 00:22:18.215 173 INFO rally.task.runner [-] Task 1f17d7a0-af17-47b4-8697-ed594432680c | ITER: 32 START
2019-12-12 00:22:18.273 184 INFO rally.task.runner [-] Task 1f17d7a0-af17-47b4-8697-ed594432680c | ITER: 18 END: OK
2019-12-12 00:22:18.278 184 INFO rally.task.runner [-] Task 1f17d7a0-af17-47b4-8697-ed594432680c | ITER: 33 START
2019-12-12 00:22:18.492 154 INFO rally.task.runner [-] Task 1f17d7a0-af17-47b4-8697-ed594432680c | ITER: 8 END: OK
2019-12-12 00:22:18.495 154 INFO rally.task.runner [-] Task 1f17d7a0-af17-47b4-8697-ed594432680c | ITER: 34 START
2019-12-12 00:22:18.573 140 INFO rally.task.runner [-] Task 1f17d7a0-af17-47b4-8697-ed594432680c | ITER: 2 END: OK
2019-12-12 00:22:18.578 140 INFO rally.task.runner [-] Task 1f17d7a0-af17-47b4-8697-ed594432680c | ITER: 35 START
2019-12-12 00:22:18.619 157 INFO rally.task.runner [-] Task 1f17d7a0-af17-47b4-8697-ed594432680c | ITER: 9 END: OK
2019-12-12 00:22:18.624 157 INFO rally.task.runner [-] Task 1f17d7a0-af17-47b4-8697-ed594432680c | ITER: 36 START
2019-12-12 00:22:18.630 186 INFO rally.task.runner [-] Task 1f17d7a0-af17-47b4-8697-ed594432680c | ITER: 19 END: OK
2019-12-12 00:22:18.635 186 INFO rally.task.runner [-] Task 1f17d7a0-af17-47b4-8697-ed594432680c | ITER: 37 START
2019-12-12 00:22:18.669 178 INFO rally.task.runner [-] Task 1f17d7a0-af17-47b4-8697-ed594432680c | ITER: 16 END: OK
2019-12-12 00:22:18.673 178 INFO rally.task.runner [-] Task 1f17d7a0-af17-47b4-8697-ed594432680c | ITER: 38 START
2019-12-12 00:22:18.678 169 INFO rally.task.runner [-] Task 1f17d7a0-af17-47b4-8697-ed594432680c | ITER: 13 END: OK
2019-12-12 00:22:18.681 169 INFO rally.task.runner [-] Task 1f17d7a0-af17-47b4-8697-ed594432680c | ITER: 39 START
2019-12-12 00:22:18.685 172 INFO rally.task.runner [-] Task 1f17d7a0-af17-47b4-8697-ed594432680c | ITER: 14 END: OK
2019-12-12 00:22:18.687 147 INFO rally.task.runner [-] Task 1f17d7a0-af17-47b4-8697-ed594432680c | ITER: 6 END: OK
2019-12-12 00:22:18.690 172 INFO rally.task.runner [-] Task 1f17d7a0-af17-47b4-8697-ed594432680c | ITER: 40 START
2019-12-12 00:22:18.691 147 INFO rally.task.runner [-] Task 1f17d7a0-af17-47b4-8697-ed594432680c | ITER: 41 START
2019-12-12 00:22:18.754 160 INFO rally.task.runner [-] Task 1f17d7a0-af17-47b4-8697-ed594432680c | ITER: 27 END: OK
2019-12-12 00:22:18.758 160 INFO rally.task.runner [-] Task 1f17d7a0-af17-47b4-8697-ed594432680c | ITER: 42 START
2019-12-12 00:22:18.995 163 INFO rally.task.runner [-] Task 1f17d7a0-af17-47b4-8697-ed594432680c | ITER: 31 END: OK
2019-12-12 00:22:18.998 163 INFO rally.task.runner [-] Task 1f17d7a0-af17-47b4-8697-ed594432680c | ITER: 43 START
2019-12-12 00:22:19.027 190 INFO rally.task.runner [-] Task 1f17d7a0-af17-47b4-8697-ed594432680c | ITER: 30 END: OK
2019-12-12 00:22:19.031 190 INFO rally.task.runner [-] Task 1f17d7a0-af17-47b4-8697-ed594432680c | ITER: 44 START
2019-12-12 00:22:19.095 144 INFO rally.task.runner [-] Task 1f17d7a0-af17-47b4-8697-ed594432680c | ITER: 23 END: OK
2019-12-12 00:22:19.098 144 INFO rally.task.runner [-] Task 1f17d7a0-af17-47b4-8697-ed594432680c | ITER: 45 START
2019-12-12 00:22:19.163 141 INFO rally.task.runner [-] Task 1f17d7a0-af17-47b4-8697-ed594432680c | ITER: 22 END: OK
2019-12-12 00:22:19.167 141 INFO rally.task.runner [-] Task 1f17d7a0-af17-47b4-8697-ed594432680c | ITER: 46 START
2019-12-12 00:22:19.169 181 INFO rally.task.runner [-] Task 1f17d7a0-af17-47b4-8697-ed594432680c | ITER: 26 END: OK
2019-12-12 00:22:19.172 181 INFO rally.task.runner [-] Task 1f17d7a0-af17-47b4-8697-ed594432680c | ITER: 47 START
2019-12-12 00:22:19.260 173 INFO rally.task.runner [-] Task 1f17d7a0-af17-47b4-8697-ed594432680c | ITER: 32 END: OK
2019-12-12 00:22:19.264 173 INFO rally.task.runner [-] Task 1f17d7a0-af17-47b4-8697-ed594432680c | ITER: 48 START
2019-12-12 00:22:19.322 142 INFO rally.task.runner [-] Task 1f17d7a0-af17-47b4-8697-ed594432680c | ITER: 24 END: OK
2019-12-12 00:22:19.326 142 INFO rally.task.runner [-] Task 1f17d7a0-af17-47b4-8697-ed594432680c | ITER: 49 START
2019-12-12 00:22:19.371 165 INFO rally.task.runner [-] Task 1f17d7a0-af17-47b4-8697-ed594432680c | ITER: 29 END: OK
2019-12-12 00:22:19.375 165 INFO rally.task.runner [-] Task 1f17d7a0-af17-47b4-8697-ed594432680c | ITER: 50 START
2019-12-12 00:22:19.472 139 INFO rally.task.runner [-] Task 1f17d7a0-af17-47b4-8697-ed594432680c | ITER: 25 END: OK
2019-12-12 00:22:19.475 139 INFO rally.task.runner [-] Task 1f17d7a0-af17-47b4-8697-ed594432680c | ITER: 51 START
2019-12-12 00:22:19.547 150 INFO rally.task.runner [-] Task 1f17d7a0-af17-47b4-8697-ed594432680c | ITER: 28 END: OK
2019-12-12 00:22:19.550 150 INFO rally.task.runner [-] Task 1f17d7a0-af17-47b4-8697-ed594432680c | ITER: 52 START
2019-12-12 00:22:19.882 172 INFO rally.task.runner [-] Task 1f17d7a0-af17-47b4-8697-ed594432680c | ITER: 40 END: OK
2019-12-12 00:22:19.885 172 INFO rally.task.runner [-] Task 1f17d7a0-af17-47b4-8697-ed594432680c | ITER: 53 START
2019-12-12 00:22:19.941 147 INFO rally.task.runner [-] Task 1f17d7a0-af17-47b4-8697-ed594432680c | ITER: 41 END: OK
2019-12-12 00:22:19.944 147 INFO rally.task.runner [-] Task 1f17d7a0-af17-47b4-8697-ed594432680c | ITER: 54 START
2019-12-12 00:22:20.189 154 INFO rally.task.runner [-] Task 1f17d7a0-af17-47b4-8697-ed594432680c | ITER: 34 END: OK
2019-12-12 00:22:20.193 154 INFO rally.task.runner [-] Task 1f17d7a0-af17-47b4-8697-ed594432680c | ITER: 55 START
2019-12-12 00:22:20.257 169 INFO rally.task.runner [-] Task 1f17d7a0-af17-47b4-8697-ed594432680c | ITER: 39 END: OK
2019-12-12 00:22:20.261 169 INFO rally.task.runner [-] Task 1f17d7a0-af17-47b4-8697-ed594432680c | ITER: 56 START
2019-12-12 00:22:20.306 140 INFO rally.task.runner [-] Task 1f17d7a0-af17-47b4-8697-ed594432680c | ITER: 35 END: OK
2019-12-12 00:22:20.310 140 INFO rally.task.runner [-] Task 1f17d7a0-af17-47b4-8697-ed594432680c | ITER: 57 START
2019-12-12 00:22:20.326 157 INFO rally.task.runner [-] Task 1f17d7a0-af17-47b4-8697-ed594432680c | ITER: 36 END: OK
2019-12-12 00:22:20.329 157 INFO rally.task.runner [-] Task 1f17d7a0-af17-47b4-8697-ed594432680c | ITER: 58 START
2019-12-12 00:22:20.528 160 INFO rally.task.runner [-] Task 1f17d7a0-af17-47b4-8697-ed594432680c | ITER: 42 END: OK
2019-12-12 00:22:20.532 160 INFO rally.task.runner [-] Task 1f17d7a0-af17-47b4-8697-ed594432680c | ITER: 59 START
2019-12-12 00:22:20.601 190 INFO rally.task.runner [-] Task 1f17d7a0-af17-47b4-8697-ed594432680c | ITER: 44 END: OK
2019-12-12 00:22:20.604 190 INFO rally.task.runner [-] Task 1f17d7a0-af17-47b4-8697-ed594432680c | ITER: 60 START
2019-12-12 00:22:20.678 186 INFO rally.task.runner [-] Task 1f17d7a0-af17-47b4-8697-ed594432680c | ITER: 37 END: OK
2019-12-12 00:22:20.682 186 INFO rally.task.runner [-] Task 1f17d7a0-af17-47b4-8697-ed594432680c | ITER: 61 START
2019-12-12 00:22:20.806 144 INFO rally.task.runner [-] Task 1f17d7a0-af17-47b4-8697-ed594432680c | ITER: 45 END: OK
2019-12-12 00:22:20.809 144 INFO rally.task.runner [-] Task 1f17d7a0-af17-47b4-8697-ed594432680c | ITER: 62 START
2019-12-12 00:22:20.894 178 INFO rally.task.runner [-] Task 1f17d7a0-af17-47b4-8697-ed594432680c | ITER: 38 END: OK
2019-12-12 00:22:20.898 178 INFO rally.task.runner [-] Task 1f17d7a0-af17-47b4-8697-ed594432680c | ITER: 63 START
2019-12-12 00:22:21.080 165 INFO rally.task.runner [-] Task 1f17d7a0-af17-47b4-8697-ed594432680c | ITER: 50 END: OK
2019-12-12 00:22:21.083 165 INFO rally.task.runner [-] Task 1f17d7a0-af17-47b4-8697-ed594432680c | ITER: 64 START
2019-12-12 00:22:21.109 181 INFO rally.task.runner [-] Task 1f17d7a0-af17-47b4-8697-ed594432680c | ITER: 47 END: OK
2019-12-12 00:22:21.113 181 INFO rally.task.runner [-] Task 1f17d7a0-af17-47b4-8697-ed594432680c | ITER: 65 START
2019-12-12 00:22:21.119 184 INFO rally.task.runner [-] Task 1f17d7a0-af17-47b4-8697-ed594432680c | ITER: 33 END: OK
2019-12-12 00:22:21.121 141 INFO rally.task.runner [-] Task 1f17d7a0-af17-47b4-8697-ed594432680c | ITER: 46 END: OK
2019-12-12 00:22:21.122 184 INFO rally.task.runner [-] Task 1f17d7a0-af17-47b4-8697-ed594432680c | ITER: 66 START
2019-12-12 00:22:21.125 141 INFO rally.task.runner [-] Task 1f17d7a0-af17-47b4-8697-ed594432680c | ITER: 67 START
2019-12-12 00:22:21.526 139 INFO rally.task.runner [-] Task 1f17d7a0-af17-47b4-8697-ed594432680c | ITER: 51 END: OK
2019-12-12 00:22:21.529 139 INFO rally.task.runner [-] Task 1f17d7a0-af17-47b4-8697-ed594432680c | ITER: 68 START
2019-12-12 00:22:21.604 142 INFO rally.task.runner [-] Task 1f17d7a0-af17-47b4-8697-ed594432680c | ITER: 49 END: OK
2019-12-12 00:22:21.608 142 INFO rally.task.runner [-] Task 1f17d7a0-af17-47b4-8697-ed594432680c | ITER: 69 START
2019-12-12 00:22:21.924 163 INFO rally.task.runner [-] Task 1f17d7a0-af17-47b4-8697-ed594432680c | ITER: 43 END: OK
2019-12-12 00:22:21.928 163 INFO rally.task.runner [-] Task 1f17d7a0-af17-47b4-8697-ed594432680c | ITER: 70 START
2019-12-12 00:22:21.956 173 INFO rally.task.runner [-] Task 1f17d7a0-af17-47b4-8697-ed594432680c | ITER: 48 END: OK
2019-12-12 00:22:21.959 173 INFO rally.task.runner [-] Task 1f17d7a0-af17-47b4-8697-ed594432680c | ITER: 71 START
2019-12-12 00:22:22.406 147 INFO rally.task.runner [-] Task 1f17d7a0-af17-47b4-8697-ed594432680c | ITER: 54 END: OK
2019-12-12 00:22:22.409 147 INFO rally.task.runner [-] Task 1f17d7a0-af17-47b4-8697-ed594432680c | ITER: 72 START
2019-12-12 00:22:22.513 150 INFO rally.task.runner [-] Task 1f17d7a0-af17-47b4-8697-ed594432680c | ITER: 52 END: OK
2019-12-12 00:22:22.517 150 INFO rally.task.runner [-] Task 1f17d7a0-af17-47b4-8697-ed594432680c | ITER: 73 START
2019-12-12 00:22:22.839 184 INFO rally.task.runner [-] Task 1f17d7a0-af17-47b4-8697-ed594432680c | ITER: 66 END: OK
2019-12-12 00:22:22.843 184 INFO rally.task.runner [-] Task 1f17d7a0-af17-47b4-8697-ed594432680c | ITER: 74 START
2019-12-12 00:22:22.864 186 INFO rally.task.runner [-] Task 1f17d7a0-af17-47b4-8697-ed594432680c | ITER: 61 END: OK
2019-12-12 00:22:22.868 186 INFO rally.task.runner [-] Task 1f17d7a0-af17-47b4-8697-ed594432680c | ITER: 75 START
2019-12-12 00:22:22.893 144 INFO rally.task.runner [-] Task 1f17d7a0-af17-47b4-8697-ed594432680c | ITER: 62 END: OK
2019-12-12 00:22:22.897 144 INFO rally.task.runner [-] Task 1f17d7a0-af17-47b4-8697-ed594432680c | ITER: 76 START
2019-12-12 00:22:23.112 172 INFO rally.task.runner [-] Task 1f17d7a0-af17-47b4-8697-ed594432680c | ITER: 53 END: OK
2019-12-12 00:22:23.116 172 INFO rally.task.runner [-] Task 1f17d7a0-af17-47b4-8697-ed594432680c | ITER: 77 START
2019-12-12 00:22:23.214 190 INFO rally.task.runner [-] Task 1f17d7a0-af17-47b4-8697-ed594432680c | ITER: 60 END: OK
2019-12-12 00:22:23.218 190 INFO rally.task.runner [-] Task 1f17d7a0-af17-47b4-8697-ed594432680c | ITER: 78 START
2019-12-12 00:22:23.240 154 INFO rally.task.runner [-] Task 1f17d7a0-af17-47b4-8697-ed594432680c | ITER: 55 END: OK
2019-12-12 00:22:23.242 160 INFO rally.task.runner [-] Task 1f17d7a0-af17-47b4-8697-ed594432680c | ITER: 59 END: OK
2019-12-12 00:22:23.244 154 INFO rally.task.runner [-] Task 1f17d7a0-af17-47b4-8697-ed594432680c | ITER: 79 START
2019-12-12 00:22:23.246 160 INFO rally.task.runner [-] Task 1f17d7a0-af17-47b4-8697-ed594432680c | ITER: 80 START
2019-12-12 00:22:23.452 141 INFO rally.task.runner [-] Task 1f17d7a0-af17-47b4-8697-ed594432680c | ITER: 67 END: OK
2019-12-12 00:22:23.455 181 INFO rally.task.runner [-] Task 1f17d7a0-af17-47b4-8697-ed594432680c | ITER: 65 END: OK
2019-12-12 00:22:23.455 141 INFO rally.task.runner [-] Task 1f17d7a0-af17-47b4-8697-ed594432680c | ITER: 81 START
2019-12-12 00:22:23.458 181 INFO rally.task.runner [-] Task 1f17d7a0-af17-47b4-8697-ed594432680c | ITER: 82 START
2019-12-12 00:22:23.477 178 INFO rally.task.runner [-] Task 1f17d7a0-af17-47b4-8697-ed594432680c | ITER: 63 END: OK
2019-12-12 00:22:23.481 178 INFO rally.task.runner [-] Task 1f17d7a0-af17-47b4-8697-ed594432680c | ITER: 83 START
2019-12-12 00:22:23.499 147 INFO rally.task.runner [-] Task 1f17d7a0-af17-47b4-8697-ed594432680c | ITER: 72 END: OK
2019-12-12 00:22:23.503 147 INFO rally.task.runner [-] Task 1f17d7a0-af17-47b4-8697-ed594432680c | ITER: 84 START
2019-12-12 00:22:23.514 142 INFO rally.task.runner [-] Task 1f17d7a0-af17-47b4-8697-ed594432680c | ITER: 69 END: OK
2019-12-12 00:22:23.518 142 INFO rally.task.runner [-] Task 1f17d7a0-af17-47b4-8697-ed594432680c | ITER: 85 START
2019-12-12 00:22:23.715 173 INFO rally.task.runner [-] Task 1f17d7a0-af17-47b4-8697-ed594432680c | ITER: 71 END: OK
2019-12-12 00:22:23.719 173 INFO rally.task.runner [-] Task 1f17d7a0-af17-47b4-8697-ed594432680c | ITER: 86 START
2019-12-12 00:22:23.809 169 INFO rally.task.runner [-] Task 1f17d7a0-af17-47b4-8697-ed594432680c | ITER: 56 END: OK
2019-12-12 00:22:23.813 169 INFO rally.task.runner [-] Task 1f17d7a0-af17-47b4-8697-ed594432680c | ITER: 87 START
2019-12-12 00:22:23.819 140 INFO rally.task.runner [-] Task 1f17d7a0-af17-47b4-8697-ed594432680c | ITER: 57 END: OK
2019-12-12 00:22:23.823 140 INFO rally.task.runner [-] Task 1f17d7a0-af17-47b4-8697-ed594432680c | ITER: 88 START
2019-12-12 00:22:24.115 184 INFO rally.task.runner [-] Task 1f17d7a0-af17-47b4-8697-ed594432680c | ITER: 74 END: OK
2019-12-12 00:22:24.119 184 INFO rally.task.runner [-] Task 1f17d7a0-af17-47b4-8697-ed594432680c | ITER: 89 START
2019-12-12 00:22:24.166 144 INFO rally.task.runner [-] Task 1f17d7a0-af17-47b4-8697-ed594432680c | ITER: 76 END: OK
2019-12-12 00:22:24.169 144 INFO rally.task.runner [-] Task 1f17d7a0-af17-47b4-8697-ed594432680c | ITER: 90 START
2019-12-12 00:22:24.359 172 INFO rally.task.runner [-] Task 1f17d7a0-af17-47b4-8697-ed594432680c | ITER: 77 END: OK
2019-12-12 00:22:24.362 172 INFO rally.task.runner [-] Task 1f17d7a0-af17-47b4-8697-ed594432680c | ITER: 91 START
2019-12-12 00:22:24.378 157 INFO rally.task.runner [-] Task 1f17d7a0-af17-47b4-8697-ed594432680c | ITER: 58 END: OK
2019-12-12 00:22:24.381 157 INFO rally.task.runner [-] Task 1f17d7a0-af17-47b4-8697-ed594432680c | ITER: 92 START
2019-12-12 00:22:24.556 186 INFO rally.task.runner [-] Task 1f17d7a0-af17-47b4-8697-ed594432680c | ITER: 75 END: OK
2019-12-12 00:22:24.560 186 INFO rally.task.runner [-] Task 1f17d7a0-af17-47b4-8697-ed594432680c | ITER: 93 START
2019-12-12 00:22:24.627 190 INFO rally.task.runner [-] Task 1f17d7a0-af17-47b4-8697-ed594432680c | ITER: 78 END: OK
2019-12-12 00:22:24.630 190 INFO rally.task.runner [-] Task 1f17d7a0-af17-47b4-8697-ed594432680c | ITER: 94 START
2019-12-12 00:22:24.726 165 INFO rally.task.runner [-] Task 1f17d7a0-af17-47b4-8697-ed594432680c | ITER: 64 END: OK
2019-12-12 00:22:24.730 165 INFO rally.task.runner [-] Task 1f17d7a0-af17-47b4-8697-ed594432680c | ITER: 95 START
2019-12-12 00:22:25.308 141 INFO rally.task.runner [-] Task 1f17d7a0-af17-47b4-8697-ed594432680c | ITER: 81 END: OK
2019-12-12 00:22:25.311 141 INFO rally.task.runner [-] Task 1f17d7a0-af17-47b4-8697-ed594432680c | ITER: 96 START
2019-12-12 00:22:25.325 184 INFO rally.task.runner [-] Task 1f17d7a0-af17-47b4-8697-ed594432680c | ITER: 89 END: OK
2019-12-12 00:22:25.328 184 INFO rally.task.runner [-] Task 1f17d7a0-af17-47b4-8697-ed594432680c | ITER: 97 START
2019-12-12 00:22:25.405 154 INFO rally.task.runner [-] Task 1f17d7a0-af17-47b4-8697-ed594432680c | ITER: 79 END: OK
2019-12-12 00:22:25.408 154 INFO rally.task.runner [-] Task 1f17d7a0-af17-47b4-8697-ed594432680c | ITER: 98 START
2019-12-12 00:22:25.491 140 INFO rally.task.runner [-] Task 1f17d7a0-af17-47b4-8697-ed594432680c | ITER: 88 END: OK
2019-12-12 00:22:25.495 140 INFO rally.task.runner [-] Task 1f17d7a0-af17-47b4-8697-ed594432680c | ITER: 99 START
2019-12-12 00:22:25.597 173 INFO rally.task.runner [-] Task 1f17d7a0-af17-47b4-8697-ed594432680c | ITER: 86 END: OK
2019-12-12 00:22:25.601 173 INFO rally.task.runner [-] Task 1f17d7a0-af17-47b4-8697-ed594432680c | ITER: 100 START
2019-12-12 00:22:25.653 186 INFO rally.task.runner [-] Task 1f17d7a0-af17-47b4-8697-ed594432680c | ITER: 93 END: OK
2019-12-12 00:22:25.961 139 INFO rally.task.runner [-] Task 1f17d7a0-af17-47b4-8697-ed594432680c | ITER: 68 END: OK
2019-12-12 00:22:26.035 190 INFO rally.task.runner [-] Task 1f17d7a0-af17-47b4-8697-ed594432680c | ITER: 94 END: OK
2019-12-12 00:22:26.099 163 INFO rally.task.runner [-] Task 1f17d7a0-af17-47b4-8697-ed594432680c | ITER: 70 END: OK
2019-12-12 00:22:26.186 144 INFO rally.task.runner [-] Task 1f17d7a0-af17-47b4-8697-ed594432680c | ITER: 90 END: OK
2019-12-12 00:22:26.630 184 INFO rally.task.runner [-] Task 1f17d7a0-af17-47b4-8697-ed594432680c | ITER: 97 END: OK
2019-12-12 00:22:26.656 173 INFO rally.task.runner [-] Task 1f17d7a0-af17-47b4-8697-ed594432680c | ITER: 100 END: OK
2019-12-12 00:22:26.682 165 INFO rally.task.runner [-] Task 1f17d7a0-af17-47b4-8697-ed594432680c | ITER: 95 END: OK
2019-12-12 00:22:26.809 160 INFO rally.task.runner [-] Task 1f17d7a0-af17-47b4-8697-ed594432680c | ITER: 80 END: OK
2019-12-12 00:22:26.841 150 INFO rally.task.runner [-] Task 1f17d7a0-af17-47b4-8697-ed594432680c | ITER: 73 END: OK
2019-12-12 00:22:26.973 154 INFO rally.task.runner [-] Task 1f17d7a0-af17-47b4-8697-ed594432680c | ITER: 98 END: OK
2019-12-12 00:22:27.523 172 INFO rally.task.runner [-] Task 1f17d7a0-af17-47b4-8697-ed594432680c | ITER: 91 END: OK
2019-12-12 00:22:27.762 141 INFO rally.task.runner [-] Task 1f17d7a0-af17-47b4-8697-ed594432680c | ITER: 96 END: OK
2019-12-12 00:22:27.830 140 INFO rally.task.runner [-] Task 1f17d7a0-af17-47b4-8697-ed594432680c | ITER: 99 END: OK
2019-12-12 00:22:27.870 142 INFO rally.task.runner [-] Task 1f17d7a0-af17-47b4-8697-ed594432680c | ITER: 85 END: OK
2019-12-12 00:22:27.953 181 INFO rally.task.runner [-] Task 1f17d7a0-af17-47b4-8697-ed594432680c | ITER: 82 END: OK
2019-12-12 00:22:28.157 157 INFO rally.task.runner [-] Task 1f17d7a0-af17-47b4-8697-ed594432680c | ITER: 92 END: OK
2019-12-12 00:22:28.927 147 INFO rally.task.runner [-] Task 1f17d7a0-af17-47b4-8697-ed594432680c | ITER: 84 END: OK
2019-12-12 00:22:28.930 178 INFO rally.task.runner [-] Task 1f17d7a0-af17-47b4-8697-ed594432680c | ITER: 83 END: OK
2019-12-12 00:22:29.240 169 INFO rally.task.runner [-] Task 1f17d7a0-af17-47b4-8697-ed594432680c | ITER: 87 END: OK
2019-12-12 00:22:29.266 15 INFO rally.task.context [-] Task 1f17d7a0-af17-47b4-8697-ed594432680c | Context cleanup@openstack cleanup() started
2019-12-12 00:22:29.273 15 RALLYDEBUG rally_openstack.cleanup.manager [-] Cleaning up neutron vip objects
2019-12-12 00:22:29.477 15 RALLYDEBUG rally_openstack.cleanup.manager [-] Cleaning up neutron health_monitor objects
2019-12-12 00:22:29.675 15 RALLYDEBUG rally_openstack.cleanup.manager [-] Cleaning up neutron pool objects
2019-12-12 00:22:29.867 15 RALLYDEBUG rally_openstack.cleanup.manager [-] Cleaning up neutron loadbalancer objects
2019-12-12 00:22:30.051 15 RALLYDEBUG rally_openstack.cleanup.manager [-] Cleaning up neutron floatingip objects
2019-12-12 00:22:30.262 15 RALLYDEBUG rally_openstack.cleanup.manager [-] Cleaning up neutron trunk objects
2019-12-12 00:22:30.460 15 DEBUG neutronclient.v2_0.client [-] Error message: {"message": "The resource could not be found.

\n\n\n", "code": "404 Not Found", "title": "Not Found"} _handle_fault_response /usr/lib/python2.7/site-packages/neutronclient/v2_0/client.py:259
2019-12-12 00:22:30.471 15 RALLYDEBUG rally_openstack.cleanup.manager [-] Cleaning up neutron port objects
2019-12-12 00:22:30.709 15 RALLYDEBUG rally_openstack.cleanup.manager [-] Cleaning up neutron subnet objects
2019-12-12 00:22:30.948 15 RALLYDEBUG rally_openstack.cleanup.manager [-] Cleaning up neutron network objects
2019-12-12 00:22:31.603 15 RALLYDEBUG rally_openstack.cleanup.manager [-] Deleting neutron.network object s_rally_2cd240f9_udezvkuh (07fce7c9-a2dc-4b51-bf95-b35ca2b2d677)
2019-12-12 00:22:31.604 15 RALLYDEBUG rally_openstack.cleanup.manager [-] Deleting neutron.network object s_rally_2cd240f9_NROzWcfl (01bc9920-6e0d-4354-ba88-e08b7772c9b7)
2019-12-12 00:22:31.607 15 RALLYDEBUG rally_openstack.cleanup.manager [-] Deleting neutron.network object s_rally_2cd240f9_xt7BVTvo (0916cb84-6e30-4f42-9658-23ac00f300dd)
2019-12-12 00:22:31.607 15 RALLYDEBUG rally_openstack.cleanup.manager [-] Deleting neutron.network object s_rally_2cd240f9_gwwSZeQ2 (02bfa021-47f0-4dbf-9b8e-076979ded5d3)
2019-12-12 00:22:31.620 15 RALLYDEBUG rally_openstack.cleanup.manager [-] Deleting neutron.network object s_rally_2cd240f9_cCsYNuGl (08222723-3f02-4eba-ac49-3d0f94ae755b)
2019-12-12 00:22:31.634 15 RALLYDEBUG rally_openstack.cleanup.manager [-] Deleting neutron.network object s_rally_2cd240f9_sd0a1WKU (05862f5d-66bf-41fc-9b8a-5bbb433336db)
2019-12-12 00:22:31.640 15 RALLYDEBUG rally_openstack.cleanup.manager [-] Deleting neutron.network object s_rally_2cd240f9_0aWtaGOF (05d41382-6f43-4fc0-a1f8-cc9921cca6ac)
2019-12-12 00:22:31.680 15 RALLYDEBUG rally_openstack.cleanup.manager [-] Deleting neutron.network object s_rally_2cd240f9_purYRY8I (0c1327cd-1ca2-49ec-8d74-375e2872d416)
2019-12-12 00:22:31.690 15 RALLYDEBUG rally_openstack.cleanup.manager [-] Deleting neutron.network object s_rally_2cd240f9_pOt7XJn2 (1c682f59-aabf-4f7d-ae2e-4adb9bdb0a36)
2019-12-12 00:22:31.702 15 RALLYDEBUG rally_openstack.cleanup.manager [-] Deleting neutron.network object s_rally_2cd240f9_HAYxMIVk (141fd7ff-0b92-4816-83fe-30bed9b8e9f3)
2019-12-12 00:22:31.697 15 RALLYDEBUG rally_openstack.cleanup.manager [-] Deleting neutron.network object s_rally_2cd240f9_N7LJi90d (0afb19f9-7c83-444c-acf8-746cf03ec973)
2019-12-12 00:22:31.704 15 RALLYDEBUG rally_openstack.cleanup.manager [-] Deleting neutron.network object s_rally_2cd240f9_VAllf2hI (19adef84-a531-4e08-9273-9957671918a3)
2019-12-12 00:22:31.711 15 RALLYDEBUG rally_openstack.cleanup.manager [-] Deleting neutron.network object s_rally_2cd240f9_N0cYF6KU (0c560541-be8a-4a92-84ff-e505ea5a1cb7)
2019-12-12 00:22:31.720 15 RALLYDEBUG rally_openstack.cleanup.manager [-] Deleting neutron.network object s_rally_2cd240f9_RMWa2g38 (2861e3b3-9c1a-4926-98f4-355ab011eab9)
2019-12-12 00:22:31.727 15 RALLYDEBUG rally_openstack.cleanup.manager [-] Deleting neutron.network object s_rally_2cd240f9_AGMMFaQ6 (206573e8-cc2d-4670-8714-200831f9c86f)
2019-12-12 00:22:31.728 15 RALLYDEBUG rally_openstack.cleanup.manager [-] Deleting neutron.network object s_rally_2cd240f9_eles9Dpy (241033f8-a046-4f73-ac3d-9677bec35e5f)
2019-12-12 00:22:31.763 15 RALLYDEBUG rally_openstack.cleanup.manager [-] Deleting neutron.network object s_rally_2cd240f9_TrmOyrLM (24f717d3-804e-4f91-be01-ad98ba9d038c)
2019-12-12 00:22:31.766 15 RALLYDEBUG rally_openstack.cleanup.manager [-] Deleting neutron.network object s_rally_2cd240f9_y9kBgGoC (28d6ab93-2d85-41fe-ad6e-3783d50e5dde)
2019-12-12 00:22:31.767 15 RALLYDEBUG rally_openstack.cleanup.manager [-] Deleting neutron.network object s_rally_2cd240f9_nsH6VYog (289bb1ef-ac23-4307-8ee2-d01627e57f1b)
2019-12-12 00:22:31.832 15 RALLYDEBUG rally_openstack.cleanup.manager [-] Deleting neutron.network object s_rally_2cd240f9_2D4iFXrT (29b2b1d3-fa87-4066-bf94-141ad9a892f5)
2019-12-12 00:22:34.056 15 RALLYDEBUG rally_openstack.cleanup.manager [-] Deleting neutron.network object s_rally_2cd240f9_bMV93jPN (2b3c3f12-da74-4a14-8ede-668924f92f7e)
2019-12-12 00:22:34.225 15 RALLYDEBUG rally_openstack.cleanup.manager [-] Deleting neutron.network object s_rally_2cd240f9_PRT6yM15 (2eaab963-458c-4ae2-9e63-fd281fbe91e1)
2019-12-12 00:22:34.296 15 RALLYDEBUG rally_openstack.cleanup.manager [-] Deleting neutron.network object s_rally_2cd240f9_XtzAznEF (33c1f20b-2335-4e1d-9ab7-50cb134211c5)
2019-12-12 00:22:34.480 15 RALLYDEBUG rally_openstack.cleanup.manager [-] Deleting neutron.network object s_rally_2cd240f9_bK2dLGFq (33da51a5-f82d-4098-a0a7-8dd734ba423f)
2019-12-12 00:22:34.553 15 RALLYDEBUG rally_openstack.cleanup.manager [-] Deleting neutron.network object s_rally_2cd240f9_iL3zcOlE (35101efa-2e9d-4627-a670-780c5ff6b08b)
2019-12-12 00:22:34.565 15 RALLYDEBUG rally_openstack.cleanup.manager [-] Deleting neutron.network object s_rally_2cd240f9_CUFSi0tE (35fc9f59-a524-4216-b56f-7dc3f2b9e35b)
2019-12-12 00:22:34.603 15 RALLYDEBUG rally_openstack.cleanup.manager [-] Deleting neutron.network object s_rally_2cd240f9_piZ9MQBz (367a4946-4a8d-45aa-a671-ac8135b5d124)
2019-12-12 00:22:35.064 15 RALLYDEBUG rally_openstack.cleanup.manager [-] Deleting neutron.network object s_rally_2cd240f9_eqoBU2wt (36e98bdf-b338-4ce1-a5a7-40779fc3c67c)
2019-12-12 00:22:35.089 15 RALLYDEBUG rally_openstack.cleanup.manager [-] Deleting neutron.network object s_rally_2cd240f9_YpfJ6aJ1 (376bd5d7-850d-465f-973e-8a0390bf7c7e)
2019-12-12 00:22:35.117 15 RALLYDEBUG rally_openstack.cleanup.manager [-] Deleting neutron.network object s_rally_2cd240f9_4s9ghX5u (376f7da7-8be8-477f-8e36-46c1de6ff234)
2019-12-12 00:22:35.781 15 RALLYDEBUG rally_openstack.cleanup.manager [-] Deleting neutron.network object s_rally_2cd240f9_T2BtF09f (3cf9f540-3898-41e6-98a9-556d5f2ed13c)
2019-12-12 00:22:35.803 15 RALLYDEBUG rally_openstack.cleanup.manager [-] Deleting neutron.network object s_rally_2cd240f9_LndmbCt4 (3e24d482-d164-4995-92cd-aa864d3a6030)
2019-12-12 00:22:35.902 15 RALLYDEBUG rally_openstack.cleanup.manager [-] Deleting neutron.network object s_rally_2cd240f9_2XN0np35 (42ac769a-7a50-41d2-b3f2-98ef80ef85c7)
2019-12-12 00:22:35.953 15 RALLYDEBUG rally_openstack.cleanup.manager [-] Deleting neutron.network object s_rally_2cd240f9_PzACacoz (45a9dbd4-3342-4c39-acc6-d14c4ecff617)
2019-12-12 00:22:36.149 15 RALLYDEBUG rally_openstack.cleanup.manager [-] Deleting neutron.network object s_rally_2cd240f9_opzt99ok (48af5529-967c-4f19-8f4b-08c4a2613301)
2019-12-12 00:22:36.587 15 RALLYDEBUG rally_openstack.cleanup.manager [-] Deleting neutron.network object s_rally_2cd240f9_BekFJIbq (4ad48934-ee5f-4f55-a624-44ec498bca5d)
2019-12-12 00:22:36.686 15 RALLYDEBUG rally_openstack.cleanup.manager [-] Deleting neutron.network object s_rally_2cd240f9_uNNLYd6Z (4c9d41fb-b008-41f4-a7fe-4470a00d84d1)
2019-12-12 00:22:36.690 15 RALLYDEBUG rally_openstack.cleanup.manager [-] Deleting neutron.network object s_rally_2cd240f9_VYchY2nf (4dbd36d6-e25c-45e4-87fe-a971c46f1db6)
2019-12-12 00:22:36.707 15 RALLYDEBUG rally_openstack.cleanup.manager [-] Deleting neutron.network object s_rally_2cd240f9_wQbm7yLt (52468538-a061-4634-86ba-3d5985567c32)
2019-12-12 00:22:36.754 15 RALLYDEBUG rally_openstack.cleanup.manager [-] Deleting neutron.network object s_rally_2cd240f9_eAJbtgZ4 (527484df-f7f8-477d-a3a9-d1abffe72395)
2019-12-12 00:22:37.107 15 RALLYDEBUG rally_openstack.cleanup.manager [-] Deleting neutron.network object s_rally_2cd240f9_ZhNIkVRn (546c199d-30c2-4ded-8372-2e6a98a58db7)
2019-12-12 00:22:37.130 15 RALLYDEBUG rally_openstack.cleanup.manager [-] Deleting neutron.network object s_rally_2cd240f9_IwzrZTth (56fbae38-da0a-4621-ad08-232055f707ba)
2019-12-12 00:22:37.139 15 RALLYDEBUG rally_openstack.cleanup.manager [-] Deleting neutron.network object s_rally_2cd240f9_8PpvQADe (57f59983-3898-4ac6-9876-86097c359cbe)
2019-12-12 00:22:37.253 15 RALLYDEBUG rally_openstack.cleanup.manager [-] Deleting neutron.network object s_rally_2cd240f9_5A1jXh4H (58b4ab61-e3a0-429c-885b-8b9260b5a6bf)
2019-12-12 00:22:37.313 15 RALLYDEBUG rally_openstack.cleanup.manager [-] Deleting neutron.network object s_rally_2cd240f9_owgXIvUs (5cd7885a-2f32-41b0-9d31-75da08eb82df)
2019-12-12 00:22:37.363 15 RALLYDEBUG rally_openstack.cleanup.manager [-] Deleting neutron.network object s_rally_2cd240f9_FAldIWPn (604f4a7f-d888-4083-8f8b-d8d1c2889419)
2019-12-12 00:22:37.499 15 RALLYDEBUG rally_openstack.cleanup.manager [-] Deleting neutron.network object s_rally_2cd240f9_fSDyU1Iq (607940d6-58c0-430f-875a-c93e79323cdb)
2019-12-12 00:22:37.519 15 RALLYDEBUG rally_openstack.cleanup.manager [-] Deleting neutron.network object s_rally_2cd240f9_iGuCV1BH (618bb303-5057-4ebb-9e81-ecd33ee7ff36)
2019-12-12 00:22:38.200 15 RALLYDEBUG rally_openstack.cleanup.manager [-] Deleting neutron.network object s_rally_2cd240f9_5PI15uFJ (61e19251-63ca-4299-b5dd-d645066c6e12)
2019-12-12 00:22:38.440 15 RALLYDEBUG rally_openstack.cleanup.manager [-] Deleting neutron.network object s_rally_2cd240f9_Mcp8mrXf (6473e712-2b7d-4c63-971b-218921824be4)
2019-12-12 00:22:38.467 15 RALLYDEBUG rally_openstack.cleanup.manager [-] Deleting neutron.network object s_rally_2cd240f9_tTnZaLHs (6711baed-7a21-4940-9de6-6e494b4fd9b9)
2019-12-12 00:22:38.499 15 RALLYDEBUG rally_openstack.cleanup.manager [-] Deleting neutron.network object s_rally_2cd240f9_IwGr6FHc (6a9e5ced-e952-47c1-a1ac-4693ef8a105e)
2019-12-12 00:22:38.521 15 RALLYDEBUG rally_openstack.cleanup.manager [-] Deleting neutron.network object s_rally_2cd240f9_AVmE8SRS (6b742a3e-b741-44cd-94a9-f07497d18e0f)
2019-12-12 00:22:38.562 15 RALLYDEBUG rally_openstack.cleanup.manager [-] Deleting neutron.network object s_rally_2cd240f9_G6Kr0Ykk (6c043b01-6ef3-4130-bed0-db48a1d08773)
2019-12-12 00:22:39.056 15 RALLYDEBUG rally_openstack.cleanup.manager [-] Deleting neutron.network object s_rally_2cd240f9_LLGLIGen (6dbfbdb8-2f30-4236-a1ab-48c9ea77a1a4)
2019-12-12 00:22:39.152 15 RALLYDEBUG rally_openstack.cleanup.manager [-] Deleting neutron.network object s_rally_2cd240f9_47a9Pfl9 (70c26029-7715-4eeb-a42b-f75db8524a25)
2019-12-12 00:22:39.232 15 RALLYDEBUG rally_openstack.cleanup.manager [-] Deleting neutron.network object s_rally_2cd240f9_0UtLsU8p (746220eb-79db-4f33-971c-1d34c436bdf5)
2019-12-12 00:22:39.307 15 RALLYDEBUG rally_openstack.cleanup.manager [-] Deleting neutron.network object s_rally_2cd240f9_6cAng72n (75f02042-e217-47d9-9fa7-0eac79dc1e13)
2019-12-12 00:22:39.364 15 RALLYDEBUG rally_openstack.cleanup.manager [-] Deleting neutron.network object s_rally_2cd240f9_SJH2ZOrY (768da51d-1479-4c58-8571-15efc7da0e43)
2019-12-12 00:22:39.493 15 RALLYDEBUG rally_openstack.cleanup.manager [-] Deleting neutron.network object s_rally_2cd240f9_sjD3UBzG (7809ae13-9d41-4800-9940-61e6aafaa7d4)
2019-12-12 00:22:39.764 15 RALLYDEBUG rally_openstack.cleanup.manager [-] Deleting neutron.network object s_rally_2cd240f9_RGJmulDE (7de85e48-672c-41ab-a18e-f3b80a9ad73b)
2019-12-12 00:22:39.969 15 RALLYDEBUG rally_openstack.cleanup.manager [-] Deleting neutron.network object s_rally_2cd240f9_hRKorWSt (7df97e36-0a48-4dd1-b4bf-3c64245d63c4)
2019-12-12 00:22:40.194 15 RALLYDEBUG rally_openstack.cleanup.manager [-] Deleting neutron.network object s_rally_2cd240f9_ikY4aMRp (7e82f26c-f922-40ba-829f-8552e370a034)
2019-12-12 00:22:40.505 15 RALLYDEBUG rally_openstack.cleanup.manager [-] Deleting neutron.network object s_rally_2cd240f9_UaMBBd4k (848e6a33-9124-4c61-92b3-41ef2df78182)
2019-12-12 00:22:40.593 15 RALLYDEBUG rally_openstack.cleanup.manager [-] Deleting neutron.network object s_rally_2cd240f9_Vlvimvux (8a31e7f8-2328-4439-bc04-b08389188cfc)
2019-12-12 00:22:40.608 15 RALLYDEBUG rally_openstack.cleanup.manager [-] Deleting neutron.network object s_rally_2cd240f9_d8CSSfMB (8d07fddd-b247-4e7b-b70b-f0ed88d12e8c)
2019-12-12 00:22:40.610 15 RALLYDEBUG rally_openstack.cleanup.manager [-] Deleting neutron.network object s_rally_2cd240f9_kJOzg9Oe (8ce80be8-a47f-43c9-9e1e-8d22c16aa7ee)
2019-12-12 00:22:40.697 15 RALLYDEBUG rally_openstack.cleanup.manager [-] Deleting neutron.network object s_rally_2cd240f9_GaWTKkdH (8ebc6c0d-87de-48e6-b891-1f296854550d)
2019-12-12 00:22:40.808 15 RALLYDEBUG rally_openstack.cleanup.manager [-] Deleting neutron.network object s_rally_2cd240f9_1JdbxZ3l (9105780a-40ba-4da3-b9e7-30c1a7ea23ec)
2019-12-12 00:22:41.048 15 RALLYDEBUG rally_openstack.cleanup.manager [-] Deleting neutron.network object s_rally_2cd240f9_ZsSUfYkp (938c1927-c5d1-4970-a292-954cf82b8b5d)
2019-12-12 00:22:41.142 15 RALLYDEBUG rally_openstack.cleanup.manager [-] Deleting neutron.network object s_rally_2cd240f9_dzauMk7b (939380d6-c096-434f-acde-919c80f23e7b)
2019-12-12 00:22:41.242 15 RALLYDEBUG rally_openstack.cleanup.manager [-] Deleting neutron.network object s_rally_2cd240f9_quQ4DXbR (958c4b9d-0114-4b10-95dd-d49a71f5b63f)
2019-12-12 00:22:41.250 15 RALLYDEBUG rally_openstack.cleanup.manager [-] Deleting neutron.network object s_rally_2cd240f9_MAjGuTZ3 (96a7778f-8e1d-4329-ab75-629d83aa9523)
2019-12-12 00:22:41.266 15 RALLYDEBUG rally_openstack.cleanup.manager [-] Deleting neutron.network object s_rally_2cd240f9_46Ee6Gf7 (96ef2d0b-677d-40f7-bd62-4d9a72bd88dd)
2019-12-12 00:22:41.287 15 RALLYDEBUG rally_openstack.cleanup.manager [-] Deleting neutron.network object s_rally_2cd240f9_LyzxXzV8 (97f185d3-3872-48cd-b70f-658cbbfa4fce)
2019-12-12 00:22:41.376 15 RALLYDEBUG rally_openstack.cleanup.manager [-] Deleting neutron.network object s_rally_2cd240f9_O8f38VlX (995ff069-a6c4-4d23-9d83-ce8b490ba014)
2019-12-12 00:22:41.591 15 RALLYDEBUG rally_openstack.cleanup.manager [-] Deleting neutron.network object s_rally_2cd240f9_1BLriYl2 (9cc81edd-bab9-44cc-94e4-f7b13117e08a)
2019-12-12 00:22:41.821 15 RALLYDEBUG rally_openstack.cleanup.manager [-] Deleting neutron.network object s_rally_2cd240f9_eCDr6Fb2 (9fbac42d-2bb4-49f4-b0c0-079ff3999cf6)
2019-12-12 00:22:41.911 15 RALLYDEBUG rally_openstack.cleanup.manager [-] Deleting neutron.network object s_rally_2cd240f9_Os81JzFV (a3506669-4143-4aa7-834b-7f7d286d55f4)
2019-12-12 00:22:42.249 15 RALLYDEBUG rally_openstack.cleanup.manager [-] Deleting neutron.network object s_rally_2cd240f9_zAfDxXFr (affee4fd-629f-46ac-89ed-ef18832697a9)
