2019-12-12 00:33:04.140 3488 RALLYDEBUG rally.task.runner [-] Starting a worker. concurrency: 1 args: {"network_create_args": {}, "subnet_create_args": {}, "subnet_cidr_start": "1.1.0.0/30", "subnets_per_network": 2, "router_create_args": {}} times: 40 method_name: run timeout: 0 duration: None cls:
2019-12-12 00:33:04.143 3491 RALLYDEBUG rally.task.runner [-] Starting a worker. concurrency: 1 args: {"network_create_args": {}, "subnet_create_args": {}, "subnet_cidr_start": "1.1.0.0/30", "subnets_per_network": 2, "router_create_args": {}} times: 40 method_name: run timeout: 0 duration: None cls:
2019-12-12 00:33:04.144 3485 INFO rally.task.runner [-] Task 1f17d7a0-af17-47b4-8697-ed594432680c | ITER: 7 START
2019-12-12 00:33:04.146 3488 INFO rally.task.runner [-] Task 1f17d7a0-af17-47b4-8697-ed594432680c | ITER: 8 START
2019-12-12 00:33:04.146 3494 RALLYDEBUG rally.task.runner [-] Starting a worker. concurrency: 1 args: {"network_create_args": {}, "subnet_create_args": {}, "subnet_cidr_start": "1.1.0.0/30", "subnets_per_network": 2, "router_create_args": {}} times: 40 method_name: run timeout: 0 duration: None cls:
2019-12-12 00:33:04.148 3497 RALLYDEBUG rally.task.runner [-] Starting a worker. concurrency: 1 args: {"network_create_args": {}, "subnet_create_args": {}, "subnet_cidr_start": "1.1.0.0/30", "subnets_per_network": 2, "router_create_args": {}} times: 40 method_name: run timeout: 0 duration: None cls:
2019-12-12 00:33:04.149 3491 INFO rally.task.runner [-] Task 1f17d7a0-af17-47b4-8697-ed594432680c | ITER: 9 START
2019-12-12 00:33:04.152 3494 INFO rally.task.runner [-] Task 1f17d7a0-af17-47b4-8697-ed594432680c | ITER: 10 START
2019-12-12 00:33:04.152 3500 RALLYDEBUG rally.task.runner [-] Starting a worker. concurrency: 1 args: {"network_create_args": {}, "subnet_create_args": {}, "subnet_cidr_start": "1.1.0.0/30", "subnets_per_network": 2, "router_create_args": {}} times: 40 method_name: run timeout: 0 duration: None cls:
2019-12-12 00:33:04.155 3497 INFO rally.task.runner [-] Task 1f17d7a0-af17-47b4-8697-ed594432680c | ITER: 11 START
2019-12-12 00:33:04.155 3503 RALLYDEBUG rally.task.runner [-] Starting a worker. concurrency: 1 args: {"network_create_args": {}, "subnet_create_args": {}, "subnet_cidr_start": "1.1.0.0/30", "subnets_per_network": 2, "router_create_args": {}} times: 40 method_name: run timeout: 0 duration: None cls:
2019-12-12 00:33:04.158 3500 INFO rally.task.runner [-] Task 1f17d7a0-af17-47b4-8697-ed594432680c | ITER: 12 START
2019-12-12 00:33:04.158 3506 RALLYDEBUG rally.task.runner [-] Starting a worker. concurrency: 1 args: {"network_create_args": {}, "subnet_create_args": {}, "subnet_cidr_start": "1.1.0.0/30", "subnets_per_network": 2, "router_create_args": {}} times: 40 method_name: run timeout: 0 duration: None cls:
2019-12-12 00:33:04.161 3503 INFO rally.task.runner [-] Task 1f17d7a0-af17-47b4-8697-ed594432680c | ITER: 13 START
2019-12-12 00:33:04.160 3510 RALLYDEBUG rally.task.runner [-] Starting a worker. concurrency: 1 args: {"network_create_args": {}, "subnet_create_args": {}, "subnet_cidr_start": "1.1.0.0/30", "subnets_per_network": 2, "router_create_args": {}} times: 40 method_name: run timeout: 0 duration: None cls:
2019-12-12 00:33:04.163 3512 RALLYDEBUG rally.task.runner [-] Starting a worker. concurrency: 1 args: {"network_create_args": {}, "subnet_create_args": {}, "subnet_cidr_start": "1.1.0.0/30", "subnets_per_network": 2, "router_create_args": {}} times: 40 method_name: run timeout: 0 duration: None cls:
2019-12-12 00:33:04.164 3506 INFO rally.task.runner [-] Task 1f17d7a0-af17-47b4-8697-ed594432680c | ITER: 14 START
2019-12-12 00:33:04.166 3515 RALLYDEBUG rally.task.runner [-] Starting a worker. concurrency: 1 args: {"network_create_args": {}, "subnet_create_args": {}, "subnet_cidr_start": "1.1.0.0/30", "subnets_per_network": 2, "router_create_args": {}} times: 40 method_name: run timeout: 0 duration: None cls:
2019-12-12 00:33:04.167 3510 INFO rally.task.runner [-] Task 1f17d7a0-af17-47b4-8697-ed594432680c | ITER: 15 START
2019-12-12 00:33:04.170 3512 INFO rally.task.runner [-] Task 1f17d7a0-af17-47b4-8697-ed594432680c | ITER: 16 START
2019-12-12 00:33:04.169 3518 RALLYDEBUG rally.task.runner [-] Starting a worker. concurrency: 1 args: {"network_create_args": {}, "subnet_create_args": {}, "subnet_cidr_start": "1.1.0.0/30", "subnets_per_network": 2, "router_create_args": {}} times: 40 method_name: run timeout: 0 duration: None cls:
2019-12-12 00:33:04.172 3515 INFO rally.task.runner [-] Task 1f17d7a0-af17-47b4-8697-ed594432680c | ITER: 17 START
2019-12-12 00:33:04.172 3521 RALLYDEBUG rally.task.runner [-] Starting a worker. concurrency: 1 args: {"network_create_args": {}, "subnet_create_args": {}, "subnet_cidr_start": "1.1.0.0/30", "subnets_per_network": 2, "router_create_args": {}} times: 40 method_name: run timeout: 0 duration: None cls:
2019-12-12 00:33:04.175 3525 RALLYDEBUG rally.task.runner [-] Starting a worker. concurrency: 1 args: {"network_create_args": {}, "subnet_create_args": {}, "subnet_cidr_start": "1.1.0.0/30", "subnets_per_network": 2, "router_create_args": {}} times: 40 method_name: run timeout: 0 duration: None cls:
2019-12-12 00:33:04.175 3518 INFO rally.task.runner [-] Task 1f17d7a0-af17-47b4-8697-ed594432680c | ITER: 18 START
2019-12-12 00:33:04.178 3521 INFO rally.task.runner [-] Task 1f17d7a0-af17-47b4-8697-ed594432680c | ITER: 19 START
2019-12-12 00:33:04.180 3525 INFO rally.task.runner [-] Task 1f17d7a0-af17-47b4-8697-ed594432680c | ITER: 20 START
2019-12-12 00:33:04.930 3515 RALLYDEBUG rally_openstack.wrappers.network [-] CIDR generated: 1.1.8.32/30
2019-12-12 00:33:04.957 3475 RALLYDEBUG rally_openstack.wrappers.network [-] CIDR generated: 1.1.8.36/30
2019-12-12 00:33:05.020 3506 RALLYDEBUG rally_openstack.wrappers.network [-] CIDR generated: 1.1.8.40/30
2019-12-12 00:33:05.062 3494 RALLYDEBUG rally_openstack.wrappers.network [-] CIDR generated: 1.1.8.44/30
2019-12-12 00:33:05.090 3485 RALLYDEBUG rally_openstack.wrappers.network [-] CIDR generated: 1.1.8.48/30
2019-12-12 00:33:05.151 3512 RALLYDEBUG rally_openstack.wrappers.network [-] CIDR generated: 1.1.8.52/30
2019-12-12 00:33:05.157 3479 RALLYDEBUG rally_openstack.wrappers.network [-] CIDR generated: 1.1.8.56/30
2019-12-12 00:33:05.173 3521 RALLYDEBUG rally_openstack.wrappers.network [-] CIDR generated: 1.1.8.60/30
2019-12-12 00:33:05.259 3525 RALLYDEBUG rally_openstack.wrappers.network [-] CIDR generated: 1.1.8.64/30
2019-12-12 00:33:05.263 3478 RALLYDEBUG rally_openstack.wrappers.network [-] CIDR generated: 1.1.8.68/30
2019-12-12 00:33:05.301 3497 RALLYDEBUG rally_openstack.wrappers.network [-] CIDR generated: 1.1.8.72/30
2019-12-12 00:33:05.403 3476 RALLYDEBUG rally_openstack.wrappers.network [-] CIDR generated: 1.1.8.76/30
2019-12-12 00:33:05.418 3500 RALLYDEBUG rally_openstack.wrappers.network [-] CIDR generated: 1.1.8.80/30
2019-12-12 00:33:05.482 3477 RALLYDEBUG rally_openstack.wrappers.network [-] CIDR generated: 1.1.8.84/30
2019-12-12 00:33:05.495 3491 RALLYDEBUG rally_openstack.wrappers.network [-] CIDR generated: 1.1.8.88/30
2019-12-12 00:33:05.652 3510 RALLYDEBUG rally_openstack.wrappers.network [-] CIDR generated: 1.1.8.92/30
2019-12-12 00:33:05.791 3488 RALLYDEBUG rally_openstack.wrappers.network [-] CIDR generated: 1.1.8.96/30
2019-12-12 00:33:05.835 3482 RALLYDEBUG rally_openstack.wrappers.network [-] CIDR generated: 1.1.8.100/30
2019-12-12 00:33:05.852 3518 RALLYDEBUG rally_openstack.wrappers.network [-] CIDR generated: 1.1.8.104/30
2019-12-12 00:33:06.000 3515 RALLYDEBUG rally_openstack.wrappers.network [-] CIDR generated: 1.1.8.108/30
2019-12-12 00:33:06.339 3506 RALLYDEBUG rally_openstack.wrappers.network [-] CIDR generated: 1.1.8.112/30
2019-12-12 00:33:06.342 3525 RALLYDEBUG rally_openstack.wrappers.network [-] CIDR generated: 1.1.8.116/30
2019-12-12 00:33:06.388 3503 RALLYDEBUG rally_openstack.wrappers.network [-] CIDR generated: 1.1.8.120/30
2019-12-12 00:33:06.415 3500 RALLYDEBUG rally_openstack.wrappers.network [-] CIDR generated: 1.1.8.124/30
2019-12-12 00:33:06.539 3497 RALLYDEBUG rally_openstack.wrappers.network [-] CIDR generated: 1.1.8.128/30
2019-12-12 00:33:06.847 3521 RALLYDEBUG rally_openstack.wrappers.network [-] CIDR generated: 1.1.8.132/30
2019-12-12 00:33:06.880 3478 RALLYDEBUG rally_openstack.wrappers.network [-] CIDR generated: 1.1.8.136/30
2019-12-12 00:33:07.046 3518 RALLYDEBUG rally_openstack.wrappers.network [-] CIDR generated: 1.1.8.140/30
2019-12-12 00:33:07.085 3476 RALLYDEBUG rally_openstack.wrappers.network [-] CIDR generated: 1.1.8.144/30
2019-12-12 00:33:07.088 3482 RALLYDEBUG rally_openstack.wrappers.network [-] CIDR generated: 1.1.8.148/30
2019-12-12 00:33:07.098 3479 RALLYDEBUG rally_openstack.wrappers.network [-] CIDR generated: 1.1.8.152/30
2019-12-12 00:33:07.109 3475 RALLYDEBUG rally_openstack.wrappers.network [-] CIDR generated: 1.1.8.156/30
2019-12-12 00:33:07.155 3477 RALLYDEBUG rally_openstack.wrappers.network [-] CIDR generated: 1.1.8.160/30
2019-12-12 00:33:07.219 3494 RALLYDEBUG rally_openstack.wrappers.network [-] CIDR generated: 1.1.8.164/30
2019-12-12 00:33:07.248 3485 RALLYDEBUG rally_openstack.wrappers.network [-] CIDR generated: 1.1.8.168/30
2019-12-12 00:33:07.298 3512 RALLYDEBUG rally_openstack.wrappers.network [-] CIDR generated: 1.1.8.172/30
2019-12-12 00:33:07.427 3491 RALLYDEBUG rally_openstack.wrappers.network [-] CIDR generated: 1.1.8.176/30
2019-12-12 00:33:07.453 3510 RALLYDEBUG rally_openstack.wrappers.network [-] CIDR generated: 1.1.8.180/30
2019-12-12 00:33:07.551 3503 RALLYDEBUG rally_openstack.wrappers.network [-] CIDR generated: 1.1.8.184/30
2019-12-12 00:33:07.662 3488 RALLYDEBUG rally_openstack.wrappers.network [-] CIDR generated: 1.1.8.188/30
2019-12-12 00:33:44.188 3478 INFO rally.task.runner [-] Task 1f17d7a0-af17-47b4-8697-ed594432680c | ITER: 4 END: OK
2019-12-12 00:33:44.197 3478 INFO rally.task.runner [-] Task 1f17d7a0-af17-47b4-8697-ed594432680c | ITER: 21 START
2019-12-12 00:33:46.044 3478 RALLYDEBUG rally_openstack.wrappers.network [-] CIDR generated: 1.1.8.192/30
2019-12-12 00:33:47.246 3478 RALLYDEBUG rally_openstack.wrappers.network [-] CIDR generated: 1.1.8.196/30
2019-12-12 00:33:48.829 3476 INFO rally.task.runner [-] Task 1f17d7a0-af17-47b4-8697-ed594432680c | ITER: 2 END: OK
2019-12-12 00:33:48.840 3476 INFO rally.task.runner [-] Task 1f17d7a0-af17-47b4-8697-ed594432680c | ITER: 22 START
2019-12-12 00:33:49.542 3476 RALLYDEBUG rally_openstack.wrappers.network [-] CIDR generated: 1.1.8.200/30
2019-12-12 00:33:50.995 3476 RALLYDEBUG rally_openstack.wrappers.network [-] CIDR generated: 1.1.8.204/30
2019-12-12 00:33:51.429 3482 INFO rally.task.runner [-] Task 1f17d7a0-af17-47b4-8697-ed594432680c | ITER: 6 END: OK
2019-12-12 00:33:51.435 3482 INFO rally.task.runner [-] Task 1f17d7a0-af17-47b4-8697-ed594432680c | ITER: 23 START
2019-12-12 00:33:51.727 3525 INFO rally.task.runner [-] Task 1f17d7a0-af17-47b4-8697-ed594432680c | ITER: 20 END: OK
2019-12-12 00:33:51.737 3525 INFO rally.task.runner [-] Task 1f17d7a0-af17-47b4-8697-ed594432680c | ITER: 24 START
2019-12-12 00:33:51.923 3482 RALLYDEBUG rally_openstack.wrappers.network [-] CIDR generated: 1.1.8.208/30
2019-12-12 00:33:52.744 3515 INFO rally.task.runner [-] Task 1f17d7a0-af17-47b4-8697-ed594432680c | ITER: 17 END: OK
2019-12-12 00:33:52.751 3515 INFO rally.task.runner [-] Task 1f17d7a0-af17-47b4-8697-ed594432680c | ITER: 25 START
2019-12-12 00:33:53.041 3482 RALLYDEBUG rally_openstack.wrappers.network [-] CIDR generated: 1.1.8.212/30
2019-12-12 00:33:53.452 3477 INFO rally.task.runner [-] Task 1f17d7a0-af17-47b4-8697-ed594432680c | ITER: 3 END: OK
2019-12-12 00:33:53.460 3477 INFO rally.task.runner [-] Task 1f17d7a0-af17-47b4-8697-ed594432680c | ITER: 26 START
2019-12-12 00:33:53.974 3525 RALLYDEBUG rally_openstack.wrappers.network [-] CIDR generated: 1.1.8.216/30
2019-12-12 00:33:54.040 3477 RALLYDEBUG rally_openstack.wrappers.network [-] CIDR generated: 1.1.8.220/30
2019-12-12 00:33:54.087 3515 RALLYDEBUG rally_openstack.wrappers.network [-] CIDR generated: 1.1.8.224/30
2019-12-12 00:33:54.193 3510 INFO rally.task.runner [-] Task 1f17d7a0-af17-47b4-8697-ed594432680c | ITER: 15 END: OK
2019-12-12 00:33:54.201 3510 INFO rally.task.runner [-] Task 1f17d7a0-af17-47b4-8697-ed594432680c | ITER: 27 START
2019-12-12 00:33:54.672 3494 INFO rally.task.runner [-] Task 1f17d7a0-af17-47b4-8697-ed594432680c | ITER: 10 END: OK
2019-12-12 00:33:54.679 3494 INFO rally.task.runner [-] Task 1f17d7a0-af17-47b4-8697-ed594432680c | ITER: 28 START
2019-12-12 00:33:54.832 3525 RALLYDEBUG rally_openstack.wrappers.network [-] CIDR generated: 1.1.8.228/30
2019-12-12 00:33:55.119 3494 RALLYDEBUG rally_openstack.wrappers.network [-] CIDR generated: 1.1.8.232/30
2019-12-12 00:33:55.133 3510 RALLYDEBUG rally_openstack.wrappers.network [-] CIDR generated: 1.1.8.236/30
2019-12-12 00:33:55.770 3477 RALLYDEBUG rally_openstack.wrappers.network [-] CIDR generated: 1.1.8.240/30
2019-12-12 00:33:56.417 3500 INFO rally.task.runner [-] Task 1f17d7a0-af17-47b4-8697-ed594432680c | ITER: 12 END: OK
2019-12-12 00:33:56.425 3500 INFO rally.task.runner [-] Task 1f17d7a0-af17-47b4-8697-ed594432680c | ITER: 29 START
2019-12-12 00:33:56.848 3494 RALLYDEBUG rally_openstack.wrappers.network [-] CIDR generated: 1.1.8.244/30
2019-12-12 00:33:57.143 3497 INFO rally.task.runner [-] Task 1f17d7a0-af17-47b4-8697-ed594432680c | ITER: 11 END: OK
2019-12-12 00:33:57.150 3497 INFO rally.task.runner [-] Task 1f17d7a0-af17-47b4-8697-ed594432680c | ITER: 30 START
2019-12-12 00:33:57.229 3500 RALLYDEBUG rally_openstack.wrappers.network [-] CIDR generated: 1.1.8.248/30
2019-12-12 00:33:57.287 3488 INFO rally.task.runner [-] Task 1f17d7a0-af17-47b4-8697-ed594432680c | ITER: 8 END: OK
2019-12-12 00:33:57.293 3488 INFO rally.task.runner [-] Task 1f17d7a0-af17-47b4-8697-ed594432680c | ITER: 31 START
2019-12-12 00:33:57.588 3515 RALLYDEBUG rally_openstack.wrappers.network [-] CIDR generated: 1.1.8.252/30
2019-12-12 00:33:57.800 3488 RALLYDEBUG rally_openstack.wrappers.network [-] CIDR generated: 1.1.9.0/30
2019-12-12 00:33:58.080 3510 RALLYDEBUG rally_openstack.wrappers.network [-] CIDR generated: 1.1.9.4/30
2019-12-12 00:33:58.154 3503 INFO rally.task.runner [-] Task 1f17d7a0-af17-47b4-8697-ed594432680c | ITER: 13 END: OK
2019-12-12 00:33:58.162 3503 INFO rally.task.runner [-] Task 1f17d7a0-af17-47b4-8697-ed594432680c | ITER: 32 START
2019-12-12 00:33:58.175 3479 INFO rally.task.runner [-] Task 1f17d7a0-af17-47b4-8697-ed594432680c | ITER: 5 END: OK
2019-12-12 00:33:58.181 3479 INFO rally.task.runner [-] Task 1f17d7a0-af17-47b4-8697-ed594432680c | ITER: 33 START
2019-12-12 00:33:58.190 3475 INFO rally.task.runner [-] Task 1f17d7a0-af17-47b4-8697-ed594432680c | ITER: 1 END: OK
2019-12-12 00:33:58.196 3475 INFO rally.task.runner [-] Task 1f17d7a0-af17-47b4-8697-ed594432680c | ITER: 34 START
2019-12-12 00:33:58.803 3497 RALLYDEBUG rally_openstack.wrappers.network [-] CIDR generated: 1.1.9.8/30
2019-12-12 00:33:59.029 3479 RALLYDEBUG rally_openstack.wrappers.network [-] CIDR generated: 1.1.9.12/30
2019-12-12 00:33:59.054 3503 RALLYDEBUG rally_openstack.wrappers.network [-] CIDR generated: 1.1.9.16/30
2019-12-12 00:33:59.074 3475 RALLYDEBUG rally_openstack.wrappers.network [-] CIDR generated: 1.1.9.20/30
2019-12-12 00:33:59.256 3518 INFO rally.task.runner [-] Task 1f17d7a0-af17-47b4-8697-ed594432680c | ITER: 18 END: OK
2019-12-12 00:33:59.263 3518 INFO rally.task.runner [-] Task 1f17d7a0-af17-47b4-8697-ed594432680c | ITER: 35 START
2019-12-12 00:34:00.120 3521 INFO rally.task.runner [-] Task 1f17d7a0-af17-47b4-8697-ed594432680c | ITER: 19 END: OK
2019-12-12 00:34:00.127 3521 INFO rally.task.runner [-] Task 1f17d7a0-af17-47b4-8697-ed594432680c | ITER: 36 START
2019-12-12 00:34:00.311 3518 RALLYDEBUG rally_openstack.wrappers.network [-] CIDR generated: 1.1.9.24/30
2019-12-12 00:34:00.567 3500 RALLYDEBUG rally_openstack.wrappers.network [-] CIDR generated: 1.1.9.28/30
2019-12-12 00:34:00.619 3488 RALLYDEBUG rally_openstack.wrappers.network [-] CIDR generated: 1.1.9.32/30
2019-12-12 00:34:00.877 3521 RALLYDEBUG rally_openstack.wrappers.network [-] CIDR generated: 1.1.9.36/30
2019-12-12 00:34:00.889 3479 RALLYDEBUG rally_openstack.wrappers.network [-] CIDR generated: 1.1.9.40/30
2019-12-12 00:34:01.722 3475 RALLYDEBUG rally_openstack.wrappers.network [-] CIDR generated: 1.1.9.44/30
2019-12-12 00:34:01.814 3497 RALLYDEBUG rally_openstack.wrappers.network [-] CIDR generated: 1.1.9.48/30
2019-12-12 00:34:01.863 3518 RALLYDEBUG rally_openstack.wrappers.network [-] CIDR generated: 1.1.9.52/30
2019-12-12 00:34:01.965 3503 RALLYDEBUG rally_openstack.wrappers.network [-] CIDR generated: 1.1.9.56/30
2019-12-12 00:34:02.723 3521 RALLYDEBUG rally_openstack.wrappers.network [-] CIDR generated: 1.1.9.60/30
2019-12-12 00:34:03.379 3491 INFO rally.task.runner [-] Task 1f17d7a0-af17-47b4-8697-ed594432680c | ITER: 9 END: OK
2019-12-12 00:34:03.385 3491 INFO rally.task.runner [-] Task 1f17d7a0-af17-47b4-8697-ed594432680c | ITER: 37 START
2019-12-12 00:34:03.487 3506 INFO rally.task.runner [-] Task 1f17d7a0-af17-47b4-8697-ed594432680c | ITER: 14 END: OK
2019-12-12 00:34:03.495 3506 INFO rally.task.runner [-] Task 1f17d7a0-af17-47b4-8697-ed594432680c | ITER: 38 START
2019-12-12 00:34:04.053 3506 RALLYDEBUG rally_openstack.wrappers.network [-] CIDR generated: 1.1.9.64/30
2019-12-12 00:34:04.091 3491 RALLYDEBUG rally_openstack.wrappers.network [-] CIDR generated: 1.1.9.68/30
2019-12-12 00:34:06.610 3491 RALLYDEBUG rally_openstack.wrappers.network [-] CIDR generated: 1.1.9.72/30
2019-12-12 00:34:07.497 3506 RALLYDEBUG rally_openstack.wrappers.network [-] CIDR generated: 1.1.9.76/30
2019-12-12 00:34:09.607 3485 INFO rally.task.runner [-] Task 1f17d7a0-af17-47b4-8697-ed594432680c | ITER: 7 END: OK
2019-12-12 00:34:09.616 3485 INFO rally.task.runner [-] Task 1f17d7a0-af17-47b4-8697-ed594432680c | ITER: 39 START
2019-12-12 00:34:09.802 3512 INFO rally.task.runner [-] Task 1f17d7a0-af17-47b4-8697-ed594432680c | ITER: 16 END: OK
2019-12-12 00:34:09.810 3512 INFO rally.task.runner [-] Task 1f17d7a0-af17-47b4-8697-ed594432680c | ITER: 40 START
2019-12-12 00:34:10.616 3485 RALLYDEBUG rally_openstack.wrappers.network [-] CIDR generated: 1.1.9.80/30
2019-12-12 00:34:11.083 3512 RALLYDEBUG rally_openstack.wrappers.network [-] CIDR generated: 1.1.9.84/30
2019-12-12 00:34:12.472 3485 RALLYDEBUG rally_openstack.wrappers.network [-] CIDR generated: 1.1.9.88/30
2019-12-12 00:34:13.680 3512 RALLYDEBUG rally_openstack.wrappers.network [-] CIDR generated: 1.1.9.92/30
2019-12-12 00:34:36.450 3515 INFO rally.task.runner [-] Task 1f17d7a0-af17-47b4-8697-ed594432680c | ITER: 25 END: OK
2019-12-12 00:34:37.438 3510 INFO rally.task.runner [-] Task 1f17d7a0-af17-47b4-8697-ed594432680c | ITER: 27 END: OK
2019-12-12 00:34:40.820 3525 INFO rally.task.runner [-] Task 1f17d7a0-af17-47b4-8697-ed594432680c | ITER: 24 END: OK
2019-12-12 00:34:42.656 3503 INFO rally.task.runner [-] Task 1f17d7a0-af17-47b4-8697-ed594432680c | ITER: 32 END: OK
2019-12-12 00:34:43.017 3476 INFO rally.task.runner [-] Task 1f17d7a0-af17-47b4-8697-ed594432680c | ITER: 22 END: OK
2019-12-12 00:34:44.582 3497 INFO rally.task.runner [-] Task 1f17d7a0-af17-47b4-8697-ed594432680c | ITER: 30 END: OK
2019-12-12 00:34:46.178 3506 INFO rally.task.runner [-] Task 1f17d7a0-af17-47b4-8697-ed594432680c | ITER: 38 END: OK
2019-12-12 00:34:47.752 3482 INFO rally.task.runner [-] Task 1f17d7a0-af17-47b4-8697-ed594432680c | ITER: 23 END: OK
2019-12-12 00:34:48.826 3491 INFO rally.task.runner [-] Task 1f17d7a0-af17-47b4-8697-ed594432680c | ITER: 37 END: OK
2019-12-12 00:34:48.857 3512 INFO rally.task.runner [-] Task 1f17d7a0-af17-47b4-8697-ed594432680c | ITER: 40 END: OK
2019-12-12 00:34:49.113 3478 INFO rally.task.runner [-] Task 1f17d7a0-af17-47b4-8697-ed594432680c | ITER: 21 END: OK
2019-12-12 00:34:49.499 3518 INFO rally.task.runner [-] Task 1f17d7a0-af17-47b4-8697-ed594432680c | ITER: 35 END: OK
2019-12-12 00:34:49.562 3500 INFO rally.task.runner [-] Task 1f17d7a0-af17-47b4-8697-ed594432680c | ITER: 29 END: OK
2019-12-12 00:34:49.904 3494 INFO rally.task.runner [-] Task 1f17d7a0-af17-47b4-8697-ed594432680c | ITER: 28 END: OK
2019-12-12 00:34:50.394 3488 INFO rally.task.runner [-] Task 1f17d7a0-af17-47b4-8697-ed594432680c | ITER: 31 END: OK
2019-12-12 00:34:53.187 3475 INFO rally.task.runner [-] Task 1f17d7a0-af17-47b4-8697-ed594432680c | ITER: 34 END: OK
2019-12-12 00:34:53.302 3485 INFO rally.task.runner [-] Task 1f17d7a0-af17-47b4-8697-ed594432680c | ITER: 39 END: OK
2019-12-12 00:34:54.810 3521 INFO rally.task.runner [-] Task 1f17d7a0-af17-47b4-8697-ed594432680c | ITER: 36 END: OK
2019-12-12 00:35:06.862 3479 INFO rally.task.runner [-] Task 1f17d7a0-af17-47b4-8697-ed594432680c | ITER: 33 END: OK
2019-12-12 00:35:06.864 3477 INFO rally.task.runner [-] Task 1f17d7a0-af17-47b4-8697-ed594432680c | ITER: 26 END: OK
2019-12-12 00:35:06.893 15 INFO rally.task.context [-] Task 1f17d7a0-af17-47b4-8697-ed594432680c | Context cleanup@openstack cleanup() started
2019-12-12 00:35:06.898 15 RALLYDEBUG rally_openstack.cleanup.manager [-] Cleaning up neutron vip objects
2019-12-12 00:35:07.121 15 RALLYDEBUG rally_openstack.cleanup.manager [-] Cleaning up neutron health_monitor objects
2019-12-12 00:35:07.349 15 RALLYDEBUG rally_openstack.cleanup.manager [-] Cleaning up neutron pool objects
2019-12-12 00:35:07.542 15 RALLYDEBUG rally_openstack.cleanup.manager [-] Cleaning up neutron loadbalancer objects
2019-12-12 00:35:07.741 15 RALLYDEBUG rally_openstack.cleanup.manager [-] Cleaning up neutron floatingip objects
2019-12-12 00:35:07.951 15 RALLYDEBUG rally_openstack.cleanup.manager [-] Cleaning up neutron trunk objects
2019-12-12 00:35:08.166 15 DEBUG neutronclient.v2_0.client [-] Error message: {"message": "The resource could not be found.

\n\n\n", "code": "404 Not Found", "title": "Not Found"} _handle_fault_response /usr/lib/python2.7/site-packages/neutronclient/v2_0/client.py:259
2019-12-12 00:35:08.175 15 RALLYDEBUG rally_openstack.cleanup.manager [-] Cleaning up neutron port objects
2019-12-12 00:35:08.793 15 RALLYDEBUG rally_openstack.cleanup.manager [-] Cleaning up neutron subnet objects
2019-12-12 00:35:09.312 15 RALLYDEBUG rally_openstack.cleanup.manager [-] Deleting neutron.subnet object s_rally_7fb9e909_dW5DliNp (032ed86a-1d40-4ebf-a411-da4dc1896178)
2019-12-12 00:35:09.317 15 RALLYDEBUG rally_openstack.cleanup.manager [-] Deleting neutron.subnet object s_rally_7fb9e909_dFcfCAJh (03efae15-ed06-4aec-b562-fc65bc31d41c)
2019-12-12 00:35:09.329 15 RALLYDEBUG rally_openstack.cleanup.manager [-] Deleting neutron.subnet object s_rally_7fb9e909_oTrKQQJM (07ec7595-cf29-4561-998d-36fffb864c1f)
2019-12-12 00:35:09.338 15 RALLYDEBUG rally_openstack.cleanup.manager [-] Deleting neutron.subnet object s_rally_7fb9e909_Eqsxo2fv (09b892e7-dc66-47f6-a0b4-dfff2dad9a73)
2019-12-12 00:35:09.350 15 RALLYDEBUG rally_openstack.cleanup.manager [-] Deleting neutron.subnet object s_rally_7fb9e909_7pDpLIGi (0afc0844-c85b-43c6-a289-f59b89d7096c)
2019-12-12 00:35:09.357 15 RALLYDEBUG rally_openstack.cleanup.manager [-] Deleting neutron.subnet object s_rally_7fb9e909_XoTWinR2 (0b5fe3a9-ac37-4cf9-b7d4-ce024d274f0d)
2019-12-12 00:35:09.392 15 RALLYDEBUG rally_openstack.cleanup.manager [-] Deleting neutron.subnet object s_rally_7fb9e909_cKoalPBY (0b92b956-c83c-4305-b000-f71dcb815aba)
2019-12-12 00:35:09.393 15 RALLYDEBUG rally_openstack.cleanup.manager [-] Deleting neutron.subnet object s_rally_7fb9e909_e16QvhQz (11e35ff9-7213-44eb-9f23-0a85429006c5)
2019-12-12 00:35:09.407 15 RALLYDEBUG rally_openstack.cleanup.manager [-] Deleting neutron.subnet object s_rally_7fb9e909_RxHFVSg6 (168dc3dd-6501-4c73-ae47-3516321651b4)
2019-12-12 00:35:09.452 15 RALLYDEBUG rally_openstack.cleanup.manager [-] Deleting neutron.subnet object s_rally_7fb9e909_wnqHSvft (1f0ac84c-f83e-41fc-971d-ca7c4861baa1)
2019-12-12 00:35:09.458 15 RALLYDEBUG rally_openstack.cleanup.manager [-] Deleting neutron.subnet object s_rally_7fb9e909_Lz9LxmMt (384207bd-c8e5-4fe5-a41f-556f6bb826a2)
2019-12-12 00:35:09.455 15 RALLYDEBUG rally_openstack.cleanup.manager [-] Deleting neutron.subnet object s_rally_7fb9e909_doWfHj04 (1f799c4c-09aa-4595-a13a-ba497c682a90)
2019-12-12 00:35:09.466 15 RALLYDEBUG rally_openstack.cleanup.manager [-] Deleting neutron.subnet object s_rally_7fb9e909_lpDoJA4Z (3a168491-2a6d-4e23-83b1-6de1ffb86fa9)
2019-12-12 00:35:09.481 15 RALLYDEBUG rally_openstack.cleanup.manager [-] Deleting neutron.subnet object s_rally_7fb9e909_sXZ0oNmX (244d04e4-871e-4c0a-ae16-ad4647a15651)
2019-12-12 00:35:09.483 15 RALLYDEBUG rally_openstack.cleanup.manager [-] Deleting neutron.subnet object s_rally_7fb9e909_4vKXDBs2 (0f17d384-1158-47c7-9746-b630bab9c08a)
2019-12-12 00:35:09.502 15 RALLYDEBUG rally_openstack.cleanup.manager [-] Deleting neutron.subnet object s_rally_7fb9e909_WhswhXAz (2e8b41ee-eca3-4649-aee7-2714da6b1180)
2019-12-12 00:35:09.521 15 RALLYDEBUG rally_openstack.cleanup.manager [-] Deleting neutron.subnet object s_rally_7fb9e909_bmyqLomA (2ed047e1-25c8-4b11-897a-2a65f4700750)
2019-12-12 00:35:09.521 15 RALLYDEBUG rally_openstack.cleanup.manager [-] Deleting neutron.subnet object s_rally_7fb9e909_BYIjfk7h (44124b59-0ccb-4b53-adbd-3f1a0c9ccccd)
2019-12-12 00:35:09.520 15 RALLYDEBUG rally_openstack.cleanup.manager [-] Deleting neutron.subnet object s_rally_7fb9e909_9FwCRUuc (44331961-53ac-44ec-a5a4-3dfbe68ce865)
2019-12-12 00:35:09.574 15 RALLYDEBUG rally_openstack.cleanup.manager [-] Deleting neutron.subnet object s_rally_7fb9e909_9VcKyPYV (4621c729-a448-4917-a9e0-61beef04f33d)
2019-12-12 00:35:11.959 15 RALLYDEBUG rally_openstack.cleanup.manager [-] Deleting neutron.subnet object s_rally_7fb9e909_yKXnehmk (4828d549-47d8-44a0-9a60-dab9285925d5)
2019-12-12 00:35:12.129 15 RALLYDEBUG rally_openstack.cleanup.manager [-] Deleting neutron.subnet object s_rally_7fb9e909_tqHqCVGH (4992ec7e-c750-4a28-bd4e-3186bf051095)
2019-12-12 00:35:12.523 15 RALLYDEBUG rally_openstack.cleanup.manager [-] Deleting neutron.subnet object s_rally_7fb9e909_VN5Sv7th (4cf28c77-075b-4685-9574-a5599f4fe90b)
2019-12-12 00:35:12.550 15 RALLYDEBUG rally_openstack.cleanup.manager [-] Deleting neutron.subnet object s_rally_7fb9e909_bzTx7Qpf (5283100d-fb1c-4f91-a7ad-598b6c0c3f44)
2019-12-12 00:35:12.554 15 RALLYDEBUG rally_openstack.cleanup.manager [-] Deleting neutron.subnet object s_rally_7fb9e909_q74Y364T (5d02d168-32cb-471e-a8a5-ef643e3c39c0)
2019-12-12 00:35:12.565 15 RALLYDEBUG rally_openstack.cleanup.manager [-] Deleting neutron.subnet object s_rally_7fb9e909_Gg3dYPYc (63d2796a-bfbe-4e07-b9ff-041d61a453b3)
2019-12-12 00:35:12.761 15 RALLYDEBUG rally_openstack.cleanup.manager [-] Deleting neutron.subnet object s_rally_7fb9e909_wTSUjIJd (643d1d08-357f-4661-89de-f8d345758f14)
2019-12-12 00:35:12.981 15 RALLYDEBUG rally_openstack.cleanup.manager [-] Deleting neutron.subnet object s_rally_7fb9e909_NEgQb2Qt (66c16502-2c59-4fad-964c-0c5a5a553ea0)
2019-12-12 00:35:13.549 15 RALLYDEBUG rally_openstack.cleanup.manager [-] Deleting neutron.subnet object s_rally_7fb9e909_whJrTmvs (6f91ea1e-e023-4943-a36d-f0d9b37668a8)
2019-12-12 00:35:13.880 15 RALLYDEBUG rally_openstack.cleanup.manager [-] Deleting neutron.subnet object s_rally_7fb9e909_iVNGLWJ6 (6fd4e3e3-cbff-49fd-b14c-b6c18d6bfb8a)
2019-12-12 00:35:13.902 15 RALLYDEBUG rally_openstack.cleanup.manager [-] Deleting neutron.subnet object s_rally_7fb9e909_zuR1PpBA (70cc3717-fb81-43e9-afcc-092620f338d5)
2019-12-12 00:35:14.200 15 RALLYDEBUG rally_openstack.cleanup.manager [-] Deleting neutron.subnet object s_rally_7fb9e909_j1n4PZWZ (751a9052-614f-4fa2-a453-8ee27b0702b2)
2019-12-12 00:35:14.304 15 RALLYDEBUG rally_openstack.cleanup.manager [-] Deleting neutron.subnet object s_rally_7fb9e909_1HX036d2 (75d29b62-9160-44fc-b898-b17aa6547269)
2019-12-12 00:35:14.343 15 RALLYDEBUG rally_openstack.cleanup.manager [-] Deleting neutron.subnet object s_rally_7fb9e909_oJUTkk4G (76580979-70e7-4dd3-a6b8-a13dcbdb444e)
2019-12-12 00:35:14.388 15 RALLYDEBUG rally_openstack.cleanup.manager [-] Deleting neutron.subnet object s_rally_7fb9e909_qenlAoJM (786d7263-769f-4ed7-872f-cf6dce53e1f7)
2019-12-12 00:35:14.473 15 RALLYDEBUG rally_openstack.cleanup.manager [-] Deleting neutron.subnet object s_rally_7fb9e909_4xTlURrp (7eb1eafc-0552-44fb-ad57-f49583f5edf6)
2019-12-12 00:35:14.617 15 RALLYDEBUG rally_openstack.cleanup.manager [-] Deleting neutron.subnet object s_rally_7fb9e909_QBJGUJm8 (806c7162-34f5-4fe6-beaf-4d2ee3235c07)
2019-12-12 00:35:14.932 15 RALLYDEBUG rally_openstack.cleanup.manager [-] Deleting neutron.subnet object s_rally_7fb9e909_XuhaPcVm (8645b778-4cb0-4139-86f3-9f795d268fc0)
2019-12-12 00:35:14.957 15 RALLYDEBUG rally_openstack.cleanup.manager [-] Deleting neutron.subnet object s_rally_7fb9e909_NLvSZnKn (88a4d6b7-54e6-42f9-a8ce-885d1b77e3dc)
2019-12-12 00:35:15.252 15 RALLYDEBUG rally_openstack.cleanup.manager [-] Deleting neutron.subnet object s_rally_7fb9e909_aabjs5IN (90a6a7f3-4aa0-4c18-b8dc-fea1b94dfa6b)
2019-12-12 00:35:15.466 15 RALLYDEBUG rally_openstack.cleanup.manager [-] Deleting neutron.subnet object s_rally_7fb9e909_wdgLkSDo (91802d26-e728-4125-b291-0d3593d63219)
2019-12-12 00:35:15.517 15 RALLYDEBUG rally_openstack.cleanup.manager [-] Deleting neutron.subnet object s_rally_7fb9e909_GDJQQSPx (9625b46b-f373-4b6f-a291-d5fde918079e)
2019-12-12 00:35:16.639 15 RALLYDEBUG rally_openstack.cleanup.manager [-] Deleting neutron.subnet object s_rally_7fb9e909_OsTxo6UZ (9754fed0-138b-48ce-a680-7e0da734338e)
2019-12-12 00:35:16.644 15 RALLYDEBUG rally_openstack.cleanup.manager [-] Deleting neutron.subnet object s_rally_7fb9e909_HMHtE2sA (9766e27c-21c4-497b-9b65-a5654776198c)
2019-12-12 00:35:16.803 15 RALLYDEBUG rally_openstack.cleanup.manager [-] Deleting neutron.subnet object s_rally_7fb9e909_YWahwBfP (98c5061b-50a6-4de3-94a3-fb4135b92f29)
2019-12-12 00:35:16.873 15 RALLYDEBUG rally_openstack.cleanup.manager [-] Deleting neutron.subnet object s_rally_7fb9e909_ERKaQipr (9b62afd4-4eec-4fa1-bb77-b512f40c04c3)
2019-12-12 00:35:16.937 15 RALLYDEBUG rally_openstack.cleanup.manager [-] Deleting neutron.subnet object s_rally_7fb9e909_eMbPyEkm (a2e2c1f1-6587-4aa4-af98-25e8e1a8f712)
2019-12-12 00:35:17.059 15 RALLYDEBUG rally_openstack.cleanup.manager [-] Deleting neutron.subnet object s_rally_7fb9e909_uq7l12i0 (a55bf419-4df1-4d2d-b083-f8bd289c2d9b)
2019-12-12 00:35:17.115 15 RALLYDEBUG rally_openstack.cleanup.manager [-] Deleting neutron.subnet object s_rally_7fb9e909_OmnAjEKC (a863bc2a-590d-439a-8f5c-7912ea7aa9d0)
2019-12-12 00:35:17.252 15 RALLYDEBUG rally_openstack.cleanup.manager [-] Deleting neutron.subnet object s_rally_7fb9e909_0BEEmDL3 (ab076b3a-e566-4ae7-832e-20bbc21d9efb)
2019-12-12 00:35:17.316 15 RALLYDEBUG rally_openstack.cleanup.manager [-] Deleting neutron.subnet object s_rally_7fb9e909_G0i5Bwow (b0df9f35-5fc9-43b5-94b7-e3f6ca459ba7)
2019-12-12 00:35:17.457 15 RALLYDEBUG rally_openstack.cleanup.manager [-] Deleting neutron.subnet object s_rally_7fb9e909_lsJ7P7TA (b1027454-0788-4e7b-b619-08952ac2367e)
2019-12-12 00:35:18.062 15 RALLYDEBUG rally_openstack.cleanup.manager [-] Deleting neutron.subnet object s_rally_7fb9e909_eMKMbgZb (b230c58a-06fa-40b4-abbc-22cd7d2cb269)
2019-12-12 00:35:18.238 15 RALLYDEBUG rally_openstack.cleanup.manager [-] Deleting neutron.subnet object s_rally_7fb9e909_2EQsAVwF (b5a40a4c-8fd1-46bf-aaec-409ba5ebab18)
2019-12-12 00:35:18.266 15 RALLYDEBUG rally_openstack.cleanup.manager [-] Deleting neutron.subnet object s_rally_7fb9e909_xDM1EU1r (b5d7dd2c-c61d-45c7-9b3a-d8dbf9d15daa)
2019-12-12 00:35:18.533 15 RALLYDEBUG rally_openstack.cleanup.manager [-] Deleting neutron.subnet object s_rally_7fb9e909_weQER0gx (b68e7b6b-101c-42b4-ad53-82ca617ff867)
2019-12-12 00:35:18.579 15 RALLYDEBUG rally_openstack.cleanup.manager [-] Deleting neutron.subnet object s_rally_7fb9e909_CZRkmSrf (bd0ff525-73da-467c-be1b-e9cce9dbcd61)
2019-12-12 00:35:18.616 15 RALLYDEBUG rally_openstack.cleanup.manager [-] Deleting neutron.subnet object s_rally_7fb9e909_234YuDFp (cc7d1ca3-672e-4d4b-ba90-00fe68bc36a7)
2019-12-12 00:35:18.625 15 RALLYDEBUG rally_openstack.cleanup.manager [-] Deleting neutron.subnet object s_rally_7fb9e909_QAaqzsIT (cce6377a-1c8f-443b-bc08-12119be9ad4b)
2019-12-12 00:35:18.780 15 RALLYDEBUG rally_openstack.cleanup.manager [-] Deleting neutron.subnet object s_rally_7fb9e909_ghQgHha0 (cd3c4e82-34a2-407f-bcd8-d375f39b41f3)
2019-12-12 00:35:18.958 15 RALLYDEBUG rally_openstack.cleanup.manager [-] Deleting neutron.subnet object s_rally_7fb9e909_faxPiNJQ (cfaf3fd6-59b2-4e1a-beb7-dac3da0a3e98)
2019-12-12 00:35:19.376 15 RALLYDEBUG rally_openstack.cleanup.manager [-] Deleting neutron.subnet object s_rally_7fb9e909_SNIonngu (cfdf2f63-5f40-4567-9a04-9991f8519434)
2019-12-12 00:35:19.793 15 RALLYDEBUG rally_openstack.cleanup.manager [-] Deleting neutron.subnet object s_rally_7fb9e909_6EY6mF33 (d443b2d4-be6a-4311-a62e-3b82c85e4493)
2019-12-12 00:35:20.366 15 RALLYDEBUG rally_openstack.cleanup.manager [-] Deleting neutron.subnet object s_rally_7fb9e909_1wvz9uQr (d558705c-0759-43fd-b6c8-ea4214bbcfe7)
2019-12-12 00:35:20.404 15 RALLYDEBUG rally_openstack.cleanup.manager [-] Deleting neutron.subnet object s_rally_7fb9e909_bo2b8QFX (d8185508-bdfa-4779-86ad-3371423e5f45)
2019-12-12 00:35:20.642 15 RALLYDEBUG rally_openstack.cleanup.manager [-] Deleting neutron.subnet object s_rally_7fb9e909_okZM6oyu (dd881ab4-4a97-40c2-a489-705464281e94)
2019-12-12 00:35:21.052 15 RALLYDEBUG rally_openstack.cleanup.manager [-] Deleting neutron.subnet object s_rally_7fb9e909_RnznmEEy (ddf76276-6b30-4823-bec6-f918fe5ce8af)
2019-12-12 00:35:21.066 15 RALLYDEBUG rally_openstack.cleanup.manager [-] Deleting neutron.subnet object s_rally_7fb9e909_wsUUXiOY (dfb062f5-14e7-4f5b-b465-da88b2deb863)
2019-12-12 00:35:21.140 15 RALLYDEBUG rally_openstack.cleanup.manager [-] Deleting neutron.subnet object s_rally_7fb9e909_zS6MIrxY (dffd24df-8f4e-41c4-bf2a-367bc01a6f44)
2019-12-12 00:35:21.245 15 RALLYDEBUG rally_openstack.cleanup.manager [-] Deleting neutron.subnet object s_rally_7fb9e909_Pm6Mhnuw (e057546b-1cc0-48d7-b06c-5a2c2ae14256)
2019-12-12 00:35:21.265 15 RALLYDEBUG rally_openstack.cleanup.manager [-] Deleting neutron.subnet object s_rally_7fb9e909_437AdrsA (e09e7f5f-c77b-44d0-bc2e-e2c1c83dca22)
2019-12-12 00:35:21.604 15 RALLYDEBUG rally_openstack.cleanup.manager [-] Deleting neutron.subnet object s_rally_7fb9e909_T9MobbJB (e5841b08-97c7-4259-ba36-66164aa51a19)
2019-12-12 00:35:21.658 15 RALLYDEBUG rally_openstack.cleanup.manager [-] Deleting neutron.subnet object s_rally_7fb9e909_KgIcJO06 (e63c71e6-8129-4818-86c5-283e59880f63)
2019-12-12 00:35:21.856 15 RALLYDEBUG rally_openstack.cleanup.manager [-] Deleting neutron.subnet object s_rally_7fb9e909_DB7nPneb (e748bd52-b4e3-4069-b090-d9081a185ed0)
2019-12-12 00:35:22.052 15 RALLYDEBUG rally_openstack.cleanup.manager [-] Deleting neutron.subnet object s_rally_7fb9e909_6N1YwqzD (ea7a8d72-f0b5-441e-b565-1e1d63833b6f)
2019-12-12 00:35:22.402 15 RALLYDEBUG rally_openstack.cleanup.manager [-] Deleting neutron.subnet object s_rally_7fb9e909_mwKgUq8u (eaaab2cd-4a1b-41aa-90cd-f96a8de1fb9e)
2019-12-12 00:35:22.833 15 RALLYDEBUG rally_openstack.cleanup.manager [-] Deleting neutron.subnet object s_rally_7fb9e909_9ZbnuJbQ (f0e5aac8-757d-434b-bd3f-4d91693b9433)
2019-12-12 00:35:23.056 15 RALLYDEBUG rally_openstack.cleanup.manager [-] Deleting neutron.subnet object s_rally_7fb9e909_JGKXAfDB (f2586a27-2fa5-4dd1-94e0-75157faa4418)
2019-12-12 00:35:23.254 15 RALLYDEBUG rally_openstack.cleanup.manager [-] Deleting neutron.subnet object s_rally_7fb9e909_XVBn4CsO (f4a6877b-ac18-410e-b3df-dcac54b09bfd)
2019-12-12 00:35:23.447 15 RALLYDEBUG rally_openstack.cleanup.manager [-] Deleting neutron.subnet object s_rally_7fb9e909_yeO0nvSu (f4d2e4ff-abcb-4375-b797-0aa40e4dd9e0)
2019-12-12 00:35:28.772 15 RALLYDEBUG rally_openstack.cleanup.manager [-] Cleaning up neutron network objects
2019-12-12 00:35:29.590 15 RALLYDEBUG rally_openstack.cleanup.manager [-] Deleting neutron.network object s_rally_7fb9e909_Vgv2XNdA (22e8a624-e851-4f5d-ac2b-a90148aaf567)
2019-12-12 00:35:29.591 15 RALLYDEBUG rally_openstack.cleanup.manager [-] Deleting neutron.network object s_rally_7fb9e909_zHm7Dw43 (01e1c505-0617-4cea-a497-4a56402f46f4)
2019-12-12 00:35:29.599 15 RALLYDEBUG rally_openstack.cleanup.manager [-] Deleting neutron.network object s_rally_7fb9e909_lBbJ0wAL (245a5133-568e-492c-952f-1cb75d34da30)
2019-12-12 00:35:29.613 15 RALLYDEBUG rally_openstack.cleanup.manager [-] Deleting neutron.network object s_rally_7fb9e909_LOmkXGXH (288816ac-ad8b-45b7-ae5d-cfd27e514094)
2019-12-12 00:35:29.627 15 RALLYDEBUG rally_openstack.cleanup.manager [-] Deleting neutron.network object s_rally_7fb9e909_OLj5cYC9 (27ac45d0-5676-47b0-b8c8-c94bdc450537)
2019-12-12 00:35:29.646 15 RALLYDEBUG rally_openstack.cleanup.manager [-] Deleting neutron.network object s_rally_7fb9e909_HO98uVEV (3076ce18-6436-41ee-bdf5-1df0be1f83e6)
2019-12-12 00:35:29.648 15 RALLYDEBUG rally_openstack.cleanup.manager [-] Deleting neutron.network object s_rally_7fb9e909_cnk0KpbG (2fec072a-68cd-49c1-8c3d-76ae8fa83dca)
2019-12-12 00:35:29.669 15 RALLYDEBUG rally_openstack.cleanup.manager [-] Deleting neutron.network object s_rally_7fb9e909_qfQj99tH (34775bf7-580f-4a73-8173-a3f330a43df0)
2019-12-12 00:35:29.696 15 RALLYDEBUG rally_openstack.cleanup.manager [-] Deleting neutron.network object s_rally_7fb9e909_Eb50P5tW (34be11fc-1ed4-4cc1-ae22-4ef035471bfc)
2019-12-12 00:35:29.707 15 RALLYDEBUG rally_openstack.cleanup.manager [-] Deleting neutron.network object s_rally_7fb9e909_T2yAYTRK (41510466-5235-422b-ae60-9fc2953cdaf6)
2019-12-12 00:35:29.717 15 RALLYDEBUG rally_openstack.cleanup.manager [-] Deleting neutron.network object s_rally_7fb9e909_N15dPsUh (47f8303d-002c-4dbc-9f74-88ef9b7bda07)
2019-12-12 00:35:29.718 15 RALLYDEBUG rally_openstack.cleanup.manager [-] Deleting neutron.network object s_rally_7fb9e909_22B1IcWX (45e4829e-6483-40a7-8650-a758c25e99e5)
2019-12-12 00:35:29.740 15 RALLYDEBUG rally_openstack.cleanup.manager [-] Deleting neutron.network object s_rally_7fb9e909_Of4D93Yo (4b0ecf1f-49b1-4447-aaa6-087ee18cf557)
2019-12-12 00:35:29.738 15 RALLYDEBUG rally_openstack.cleanup.manager [-] Deleting neutron.network object s_rally_7fb9e909_xoMcFCM5 (48eef103-e4bf-471f-afc8-8f7a21ee5590)
2019-12-12 00:35:29.764 15 RALLYDEBUG rally_openstack.cleanup.manager [-] Deleting neutron.network object s_rally_7fb9e909_Axuig35k (6d325e29-87a5-4e0d-b8ca-ca58ed3e2c1c)
2019-12-12 00:35:29.775 15 RALLYDEBUG rally_openstack.cleanup.manager [-] Deleting neutron.network object s_rally_7fb9e909_Ws20xGQ8 (510b7a6c-916a-48ae-a5e2-1b9570ce1754)
2019-12-12 00:35:29.783 15 RALLYDEBUG rally_openstack.cleanup.manager [-] Deleting neutron.network object s_rally_7fb9e909_fZ1xnQnd (749bace8-b72a-403a-b3f3-91240c661b89)
2019-12-12 00:35:29.786 15 RALLYDEBUG rally_openstack.cleanup.manager [-] Deleting neutron.network object s_rally_7fb9e909_x5TEcwyS (53061dd8-3cbe-4d55-bc48-b379d222e260)
2019-12-12 00:35:29.810 15 RALLYDEBUG rally_openstack.cleanup.manager [-] Deleting neutron.network object s_rally_7fb9e909_5knZPxAq (70b3fa19-8ae1-4244-ad0b-44f1f03ed9bc)
2019-12-12 00:35:29.828 15 RALLYDEBUG rally_openstack.cleanup.manager [-] Deleting neutron.network object s_rally_7fb9e909_yjD9uAen (7f48f8a8-c1b3-4b77-9028-e1e74fbbd3fd)
2019-12-12 00:35:32.353 15 RALLYDEBUG rally_openstack.cleanup.manager [-] Deleting neutron.network object s_rally_7fb9e909_DnQpiKE7 (8b26cb27-3e49-4213-b7ac-d515f81b842b)
2019-12-12 00:35:32.781 15 RALLYDEBUG rally_openstack.cleanup.manager [-] Deleting neutron.network object s_rally_7fb9e909_G19h176g (8c595a92-2207-4999-98d9-9972b3692d63)
2019-12-12 00:35:33.538 15 RALLYDEBUG rally_openstack.cleanup.manager [-] Deleting neutron.network object s_rally_7fb9e909_wXiHrudp (8ca916d7-6b94-44eb-80b1-40494891511d)
2019-12-12 00:35:33.816 15 RALLYDEBUG rally_openstack.cleanup.manager [-] Deleting neutron.network object s_rally_7fb9e909_3sUHL5Hk (8e29b352-64fc-41f7-ad79-7c2edfed86f0)
2019-12-12 00:35:33.820 15 RALLYDEBUG rally_openstack.cleanup.manager [-] Deleting neutron.network object s_rally_7fb9e909_SmDlHPPO (936321bf-fca7-4388-aec4-ed09883604a7)
2019-12-12 00:35:33.842 15 RALLYDEBUG rally_openstack.cleanup.manager [-] Deleting neutron.network object s_rally_7fb9e909_WpCOXed6 (9b4a4ebf-cb01-49b7-9907-567c1130ad36)
2019-12-12 00:35:33.941 15 RALLYDEBUG rally_openstack.cleanup.manager [-] Deleting neutron.network object s_rally_7fb9e909_r7zsD7aS (a1ac324c-817e-4e6d-91cc-a0d9c9397a55)
2019-12-12 00:35:34.082 15 RALLYDEBUG rally_openstack.cleanup.manager [-] Deleting neutron.network object s_rally_7fb9e909_B7WBL5Iv (a6af3b14-4dc8-4c2e-9038-b61d16e314ef)
2019-12-12 00:35:34.134 15 RALLYDEBUG rally_openstack.cleanup.manager [-] Deleting neutron.network object s_rally_7fb9e909_QF6zU6fZ (a7fe831a-b885-4005-bf66-e03c99d67faa)
2019-12-12 00:35:34.549 15 RALLYDEBUG rally_openstack.cleanup.manager [-] Deleting neutron.network object s_rally_7fb9e909_UtH0vorO (aa44eeab-78ae-40cb-95aa-e6ba67d9dd54)
2019-12-12 00:35:34.577 15 RALLYDEBUG rally_openstack.cleanup.manager [-] Deleting neutron.network object s_rally_7fb9e909_MHYIv6yF (acf6ce4e-ad96-4030-9c7b-cf0596f504b0)
2019-12-12 00:35:34.633 15 RALLYDEBUG rally_openstack.cleanup.manager [-] Deleting neutron.network object s_rally_7fb9e909_jHjPVqTS (b1b2d581-fc07-40ba-bc5f-f12a16467aa0)
2019-12-12 00:35:34.803 15 RALLYDEBUG rally_openstack.cleanup.manager [-] Deleting neutron.network object s_rally_7fb9e909_CZWRK2cT (c3cfbfbd-9d20-4091-a04e-650844c40849)
2019-12-12 00:35:34.875 15 RALLYDEBUG rally_openstack.cleanup.manager [-] Deleting neutron.network object s_rally_7fb9e909_pwlD3JvU (e366a10b-9963-4ad1-9bce-843ea7385849)
2019-12-12 00:35:35.001 15 RALLYDEBUG rally_openstack.cleanup.manager [-] Deleting neutron.network object s_rally_7fb9e909_KUEZB8Mt (ed3e9d85-29d0-41a7-b563-7a7b7e33ea0d)
2019-12-12 00:35:35.018 15 RALLYDEBUG rally_openstack.cleanup.manager [-] Deleting neutron.network object s_rally_7fb9e909_M91UYxts (f746d778-9e3e-4275-b819-e8f7c4762674)
2019-12-12 00:35:35.083 15 RALLYDEBUG rally_openstack.cleanup.manager [-] Deleting neutron.network object s_rally_7fb9e909_q9nIfI61 (fbdf5162-efcd-401c-b543-13214366b897)
2019-12-12 00:35:35.531 15 RALLYDEBUG rally_openstack.cleanup.manager [-] Deleting neutron.network object s_rally_7fb9e909_e0z0c4cR (fc6ad364-3d02-4a71-90c5-a4f58f86eb66)
2019-12-12 00:35:35.624 15 RALLYDEBUG rally_openstack.cleanup.manager [-] Deleting neutron.network object s_rally_7fb9e909_c9Rau626 (fd807f12-9428-462d-91b2-210c8cf1eea6)
2019-12-12 00:35:35.683 15 RALLYDEBUG rally_openstack.cleanup.manager [-] Deleting neutron.network object s_rally_7fb9e909_2OrXv4qV (fe1b44f1-c711-45a7-8b77-fc4c0f8e0f23)
2019-12-12 00:35:39.057 15 RALLYDEBUG rally_openstack.cleanup.manager [-] Cleaning up neutron router objects
2019-12-12 00:35:39.324 15 RALLYDEBUG rally_openstack.cleanup.manager [-] Cleaning up neutron security_group objects
2019-12-12 00:35:39.619 15 INFO rally.task.context [-] Task 1f17d7a0-af17-47b4-8697-ed594432680c | Context cleanup@openstack cleanup() finished in 32.73 sec
2019-12-12 00:35:39.620 15 INFO rally.task.context [-] Task 1f17d7a0-af17-47b4-8697-ed594432680c | Context quotas@openstack cleanup() started
2019-12-12 00:35:39.664 15 INFO rally.task.context [-] Task 1f17d7a0-af17-47b4-8697-ed594432680c | Context quotas@openstack cleanup() finished in 43.89 msec
2019-12-12 00:35:39.664 15 INFO rally.task.context [-] Task 1f17d7a0-af17-47b4-8697-ed594432680c | Context users@openstack cleanup() started
2019-12-12 00:35:46.165 15 INFO rally.task.context [-] Task 1f17d7a0-af17-47b4-8697-ed594432680c | Context users@openstack cleanup() finished in 6.50 sec
2019-12-12 00:35:47.458 15 INFO rally.task.engine [-] Load duration is: 122.735828
2019-12-12 00:35:47.458 15 INFO rally.task.engine [-] Full runner duration is: 122.78793
2019-12-12 00:35:47.458 15 INFO rally.task.engine [-] Full duration is: 163.366731
2019-12-12 00:35:47.584 15 INFO rally.task.engine [-] Running workload: position = 0 config = { "version": 2, "title": "A cropped version of a bigger task.", "description": "Auto-generated task from a single workload (uuid=3ee6687d-1592-4218-ab49-bd6675c829d5)", "subtasks": [ { "title": "NeutronNetworks.create_and_list_ports", "description": "Check performance of list ports action and ensure > network quotas are not exceeded", "scenario": { "NeutronNetworks.create_and_list_ports": { "network_create_args": null, "port_create_args": null, "ports_per_network": 50 } }, "contexts": { "users": { "tenants": 1, "users_per_tenant": 1 }, "quotas": { "neutron": { "network": -1, "subnet": -1, "router": -1, "port": 811 } } }, "runner": { "constant": { "times": 8, "concurrency": 4 } }, "hooks": [], "sla": { "max_avg_duration_per_atomic": { "neutron.list_ports": 15 }, "failure_rate": { "max": 0 } } } ] }
2019-12-12 00:35:47.598 15 RALLYDEBUG rally_openstack.contexts.keystone.users [-] Creating 1 tenants using 20 threads
2019-12-12 00:35:47.938 15 RALLYDEBUG rally_openstack.contexts.keystone.users [-] Creating 1 users using 20 threads
2019-12-12 00:35:48.361 15 INFO rally.task.context [-] Task 1f17d7a0-af17-47b4-8697-ed594432680c | Context users@openstack setup() finished in 0.76 sec
2019-12-12 00:35:48.780 15 INFO rally.task.context [-] Task 1f17d7a0-af17-47b4-8697-ed594432680c | Context quotas@openstack setup() finished in 0.42 sec
2019-12-12 00:35:48.780 15 INFO rally.task.context [-] Task 1f17d7a0-af17-47b4-8697-ed594432680c | Context cleanup@openstack setup() finished in 0.01 msec
2019-12-12 00:35:48.789 15 RALLYDEBUG rally.task.runner [-] Starting the constant runner (task UUID: 1f17d7a0-af17-47b4-8697-ed594432680c). timeout: 0 concurrency: 4 concurrency_per_worker: 1 times: 8 concurrency_overhead: 0 processes_to_start: 4 max_cpu_used: 88
2019-12-12 00:35:48.804 3877 RALLYDEBUG rally.task.runner [-] Starting a worker. concurrency: 1 args: {"network_create_args": null, "port_create_args": null, "ports_per_network": 50} times: 8 method_name: run timeout: 0 duration: None cls:
2019-12-12 00:35:48.806 3878 RALLYDEBUG rally.task.runner [-] Starting a worker. concurrency: 1 args: {"network_create_args": null, "port_create_args": null, "ports_per_network": 50} times: 8 method_name: run timeout: 0 duration: None cls:
2019-12-12 00:35:48.809 3879 RALLYDEBUG rally.task.runner [-] Starting a worker. concurrency: 1 args: {"network_create_args": null, "port_create_args": null, "ports_per_network": 50} times: 8 method_name: run timeout: 0 duration: None cls:
2019-12-12 00:35:48.810 3877 INFO rally.task.runner [-] Task 1f17d7a0-af17-47b4-8697-ed594432680c | ITER: 1 START
2019-12-12 00:35:48.811 3877 WARNING rally_openstack.scenarios.neutron.utils [-] Running this scenario without either the 'network' or 'existing_network' context is deprecated
2019-12-12 00:35:48.811 3880 RALLYDEBUG rally.task.runner [-] Starting a worker. concurrency: 1 args: {"network_create_args": null, "port_create_args": null, "ports_per_network": 50} times: 8 method_name: run timeout: 0 duration: None cls:
2019-12-12 00:35:48.812 3878 INFO rally.task.runner [-] Task 1f17d7a0-af17-47b4-8697-ed594432680c | ITER: 2 START
2019-12-12 00:35:48.814 3878 WARNING rally_openstack.scenarios.neutron.utils [-] Running this scenario without either the 'network' or 'existing_network' context is deprecated
2019-12-12 00:35:48.815 3879 INFO rally.task.runner [-] Task 1f17d7a0-af17-47b4-8697-ed594432680c | ITER: 3 START
2019-12-12 00:35:48.816 3879 WARNING rally_openstack.scenarios.neutron.utils [-] Running this scenario without either the 'network' or 'existing_network' context is deprecated
2019-12-12 00:35:48.817 3880 INFO rally.task.runner [-] Task 1f17d7a0-af17-47b4-8697-ed594432680c | ITER: 4 START
2019-12-12 00:35:48.819 3880 WARNING rally_openstack.scenarios.neutron.utils [-] Running this scenario without either the 'network' or 'existing_network' context is deprecated
2019-12-12 00:37:00.243 3880 INFO rally.task.runner [-] Task 1f17d7a0-af17-47b4-8697-ed594432680c | ITER: 4 END: OK
2019-12-12 00:37:00.249 3880 INFO rally.task.runner [-] Task 1f17d7a0-af17-47b4-8697-ed594432680c | ITER: 5 START
2019-12-12 00:37:00.250 3880 WARNING rally_openstack.scenarios.neutron.utils [-] Running this scenario without either the 'network' or 'existing_network' context is deprecated
2019-12-12 00:37:13.600 3879 INFO rally.task.runner [-] Task 1f17d7a0-af17-47b4-8697-ed594432680c | ITER: 3 END: OK
2019-12-12 00:37:13.606 3879 INFO rally.task.runner [-] Task 1f17d7a0-af17-47b4-8697-ed594432680c | ITER: 6 START
2019-12-12 00:37:13.607 3879 WARNING rally_openstack.scenarios.neutron.utils [-] Running this scenario without either the 'network' or 'existing_network' context is deprecated
2019-12-12 00:37:24.673 3878 INFO rally.task.runner [-] Task 1f17d7a0-af17-47b4-8697-ed594432680c | ITER: 2 END: OK
2019-12-12 00:37:24.679 3878 INFO rally.task.runner [-] Task 1f17d7a0-af17-47b4-8697-ed594432680c | ITER: 7 START
2019-12-12 00:37:24.680 3878 WARNING rally_openstack.scenarios.neutron.utils [-] Running this scenario without either the 'network' or 'existing_network' context is deprecated
2019-12-12 00:37:28.287 3877 INFO rally.task.runner [-] Task 1f17d7a0-af17-47b4-8697-ed594432680c | ITER: 1 END: OK
2019-12-12 00:37:28.293 3877 INFO rally.task.runner [-] Task 1f17d7a0-af17-47b4-8697-ed594432680c | ITER: 8 START
2019-12-12 00:37:28.294 3877 WARNING rally_openstack.scenarios.neutron.utils [-] Running this scenario without either the 'network' or 'existing_network' context is deprecated
2019-12-12 00:38:14.955 3880 INFO rally.task.runner [-] Task 1f17d7a0-af17-47b4-8697-ed594432680c | ITER: 5 END: OK
2019-12-12 00:38:21.576 3879 INFO rally.task.runner [-] Task 1f17d7a0-af17-47b4-8697-ed594432680c | ITER: 6 END: OK
2019-12-12 00:38:36.028 3878 INFO rally.task.runner [-] Task 1f17d7a0-af17-47b4-8697-ed594432680c | ITER: 7 END: OK
