2019-12-12 00:26:06.580 15 INFO rally.task.engine [-] Load duration is: 56.365714
2019-12-12 00:26:06.581 15 INFO rally.task.engine [-] Full runner duration is: 56.413561
2019-12-12 00:26:06.581 15 INFO rally.task.engine [-] Full duration is: 110.325773
2019-12-12 00:26:06.695 15 INFO rally.task.engine [-] Running workload: position = 2 config = { "version": 2, "title": "A cropped version of a bigger task.", "description": "Auto-generated task from a single workload (uuid=c9153ea0-e13e-4ea8-9b3e-95248891324f)", "subtasks": [ { "title": "NeutronNetworks.create_and_delete_subnets", "description": "Create and delete a given number of subnets.", "scenario": { "NeutronNetworks.create_and_delete_subnets": { "network_create_args": {}, "subnet_create_args": {}, "subnet_cidr_start": "1.1.0.0/30", "subnets_per_network": 2 } }, "contexts": { "users": { "tenants": 1, "users_per_tenant": 1 }, "quotas": { "neutron": { "network": -1, "subnet": -1 } } }, "runner": { "constant": { "times": 40, "concurrency": 20 } }, "hooks": [], "sla": { "failure_rate": { "max": 0 } } } ] }
2019-12-12 00:26:06.707 15 RALLYDEBUG rally_openstack.contexts.keystone.users [-] Creating 1 tenants using 20 threads
2019-12-12 00:26:07.044 15 RALLYDEBUG rally_openstack.contexts.keystone.users [-] Creating 1 users using 20 threads
2019-12-12 00:26:07.512 15 INFO rally.task.context [-] Task 1f17d7a0-af17-47b4-8697-ed594432680c | Context users@openstack setup() finished in 0.81 sec
2019-12-12 00:26:07.901 15 INFO rally.task.context [-] Task 1f17d7a0-af17-47b4-8697-ed594432680c | Context quotas@openstack setup() finished in 0.39 sec
2019-12-12 00:26:07.902 15 INFO rally.task.context [-] Task 1f17d7a0-af17-47b4-8697-ed594432680c | Context cleanup@openstack setup() finished in 0.01 msec
2019-12-12 00:26:07.911 15 RALLYDEBUG rally.task.runner [-] Starting the constant runner (task UUID: 1f17d7a0-af17-47b4-8697-ed594432680c). timeout: 0 concurrency: 20 concurrency_per_worker: 1 times: 40 concurrency_overhead: 0 processes_to_start: 20 max_cpu_used: 88
2019-12-12 00:26:07.926 2269 RALLYDEBUG rally.task.runner [-] Starting a worker. concurrency: 1 args: {"network_create_args": {}, "subnet_create_args": {}, "subnet_cidr_start": "1.1.0.0/30", "subnets_per_network": 2} times: 40 method_name: run timeout: 0 duration: None cls:
2019-12-12 00:26:07.930 2270 RALLYDEBUG rally.task.runner [-] Starting a worker. concurrency: 1 args: {"network_create_args": {}, "subnet_create_args": {}, "subnet_cidr_start": "1.1.0.0/30", "subnets_per_network": 2} times: 40 method_name: run timeout: 0 duration: None cls:
2019-12-12 00:26:07.932 2269 INFO rally.task.runner [-] Task 1f17d7a0-af17-47b4-8697-ed594432680c | ITER: 1 START
2019-12-12 00:26:07.934 2269 WARNING rally_openstack.scenarios.neutron.utils [-] Running this scenario without either the 'network' or 'existing_network' context is deprecated
2019-12-12 00:26:07.933 2271 RALLYDEBUG rally.task.runner [-] Starting a worker. concurrency: 1 args: {"network_create_args": {}, "subnet_create_args": {}, "subnet_cidr_start": "1.1.0.0/30", "subnets_per_network": 2} times: 40 method_name: run timeout: 0 duration: None cls:
2019-12-12 00:26:07.936 2272 RALLYDEBUG rally.task.runner [-] Starting a worker. concurrency: 1 args: {"network_create_args": {}, "subnet_create_args": {}, "subnet_cidr_start": "1.1.0.0/30", "subnets_per_network": 2} times: 40 method_name: run timeout: 0 duration: None cls:
2019-12-12 00:26:07.937 2270 INFO rally.task.runner [-] Task 1f17d7a0-af17-47b4-8697-ed594432680c | ITER: 2 START
2019-12-12 00:26:07.938 2270 WARNING rally_openstack.scenarios.neutron.utils [-] Running this scenario without either the 'network' or 'existing_network' context is deprecated
2019-12-12 00:26:07.939 2275 RALLYDEBUG rally.task.runner [-] Starting a worker. concurrency: 1 args: {"network_create_args": {}, "subnet_create_args": {}, "subnet_cidr_start": "1.1.0.0/30", "subnets_per_network": 2} times: 40 method_name: run timeout: 0 duration: None cls:
2019-12-12 00:26:07.940 2271 INFO rally.task.runner [-] Task 1f17d7a0-af17-47b4-8697-ed594432680c | ITER: 3 START
2019-12-12 00:26:07.941 2271 WARNING rally_openstack.scenarios.neutron.utils [-] Running this scenario without either the 'network' or 'existing_network' context is deprecated
2019-12-12 00:26:07.942 2272 INFO rally.task.runner [-] Task 1f17d7a0-af17-47b4-8697-ed594432680c | ITER: 4 START
2019-12-12 00:26:07.941 2276 RALLYDEBUG rally.task.runner [-] Starting a worker. concurrency: 1 args: {"network_create_args": {}, "subnet_create_args": {}, "subnet_cidr_start": "1.1.0.0/30", "subnets_per_network": 2} times: 40 method_name: run timeout: 0 duration: None cls:
2019-12-12 00:26:07.943 2272 WARNING rally_openstack.scenarios.neutron.utils [-] Running this scenario without either the 'network' or 'existing_network' context is deprecated
2019-12-12 00:26:07.944 2279 RALLYDEBUG rally.task.runner [-] Starting a worker. concurrency: 1 args: {"network_create_args": {}, "subnet_create_args": {}, "subnet_cidr_start": "1.1.0.0/30", "subnets_per_network": 2} times: 40 method_name: run timeout: 0 duration: None cls:
2019-12-12 00:26:07.945 2275 INFO rally.task.runner [-] Task 1f17d7a0-af17-47b4-8697-ed594432680c | ITER: 5 START
2019-12-12 00:26:07.946 2275 WARNING rally_openstack.scenarios.neutron.utils [-] Running this scenario without either the 'network' or 'existing_network' context is deprecated
2019-12-12 00:26:07.948 2276 INFO rally.task.runner [-] Task 1f17d7a0-af17-47b4-8697-ed594432680c | ITER: 6 START
2019-12-12 00:26:07.947 2282 RALLYDEBUG rally.task.runner [-] Starting a worker. concurrency: 1 args: {"network_create_args": {}, "subnet_create_args": {}, "subnet_cidr_start": "1.1.0.0/30", "subnets_per_network": 2} times: 40 method_name: run timeout: 0 duration: None cls:
2019-12-12 00:26:07.949 2276 WARNING rally_openstack.scenarios.neutron.utils [-] Running this scenario without either the 'network' or 'existing_network' context is deprecated
2019-12-12 00:26:07.951 2279 INFO rally.task.runner [-] Task 1f17d7a0-af17-47b4-8697-ed594432680c | ITER: 7 START
2019-12-12 00:26:07.951 2285 RALLYDEBUG rally.task.runner [-] Starting a worker. concurrency: 1 args: {"network_create_args": {}, "subnet_create_args": {}, "subnet_cidr_start": "1.1.0.0/30", "subnets_per_network": 2} times: 40 method_name: run timeout: 0 duration: None cls:
2019-12-12 00:26:07.952 2279 WARNING rally_openstack.scenarios.neutron.utils [-] Running this scenario without either the 'network' or 'existing_network' context is deprecated
2019-12-12 00:26:07.953 2282 INFO rally.task.runner [-] Task 1f17d7a0-af17-47b4-8697-ed594432680c | ITER: 8 START
2019-12-12 00:26:07.953 2288 RALLYDEBUG rally.task.runner [-] Starting a worker. concurrency: 1 args: {"network_create_args": {}, "subnet_create_args": {}, "subnet_cidr_start": "1.1.0.0/30", "subnets_per_network": 2} times: 40 method_name: run timeout: 0 duration: None cls:
2019-12-12 00:26:07.955 2282 WARNING rally_openstack.scenarios.neutron.utils [-] Running this scenario without either the 'network' or 'existing_network' context is deprecated
2019-12-12 00:26:07.956 2291 RALLYDEBUG rally.task.runner [-] Starting a worker. concurrency: 1 args: {"network_create_args": {}, "subnet_create_args": {}, "subnet_cidr_start": "1.1.0.0/30", "subnets_per_network": 2} times: 40 method_name: run timeout: 0 duration: None cls:
2019-12-12 00:26:07.957 2285 INFO rally.task.runner [-] Task 1f17d7a0-af17-47b4-8697-ed594432680c | ITER: 9 START
2019-12-12 00:26:07.958 2285 WARNING rally_openstack.scenarios.neutron.utils [-] Running this scenario without either the 'network' or 'existing_network' context is deprecated
2019-12-12 00:26:07.959 2288 INFO rally.task.runner [-] Task 1f17d7a0-af17-47b4-8697-ed594432680c | ITER: 10 START
2019-12-12 00:26:07.959 2294 RALLYDEBUG rally.task.runner [-] Starting a worker. concurrency: 1 args: {"network_create_args": {}, "subnet_create_args": {}, "subnet_cidr_start": "1.1.0.0/30", "subnets_per_network": 2} times: 40 method_name: run timeout: 0 duration: None cls:
2019-12-12 00:26:07.960 2288 WARNING rally_openstack.scenarios.neutron.utils [-] Running this scenario without either the 'network' or 'existing_network' context is deprecated
2019-12-12 00:26:07.961 2297 RALLYDEBUG rally.task.runner [-] Starting a worker. concurrency: 1 args: {"network_create_args": {}, "subnet_create_args": {}, "subnet_cidr_start": "1.1.0.0/30", "subnets_per_network": 2} times: 40 method_name: run timeout: 0 duration: None cls:
2019-12-12 00:26:07.962 2291 INFO rally.task.runner [-] Task 1f17d7a0-af17-47b4-8697-ed594432680c | ITER: 11 START
2019-12-12 00:26:07.963 2291 WARNING rally_openstack.scenarios.neutron.utils [-] Running this scenario without either the 'network' or 'existing_network' context is deprecated
2019-12-12 00:26:07.965 2294 INFO rally.task.runner [-] Task 1f17d7a0-af17-47b4-8697-ed594432680c | ITER: 12 START
2019-12-12 00:26:07.964 2300 RALLYDEBUG rally.task.runner [-] Starting a worker. concurrency: 1 args: {"network_create_args": {}, "subnet_create_args": {}, "subnet_cidr_start": "1.1.0.0/30", "subnets_per_network": 2} times: 40 method_name: run timeout: 0 duration: None cls:
2019-12-12 00:26:07.965 2303 RALLYDEBUG rally.task.runner [-] Starting a worker. concurrency: 1 args: {"network_create_args": {}, "subnet_create_args": {}, "subnet_cidr_start": "1.1.0.0/30", "subnets_per_network": 2} times: 40 method_name: run timeout: 0 duration: None cls:
2019-12-12 00:26:07.966 2294 WARNING rally_openstack.scenarios.neutron.utils [-] Running this scenario without either the 'network' or 'existing_network' context is deprecated
2019-12-12 00:26:07.966 2297 INFO rally.task.runner [-] Task 1f17d7a0-af17-47b4-8697-ed594432680c | ITER: 13 START
2019-12-12 00:26:07.967 2297 WARNING rally_openstack.scenarios.neutron.utils [-] Running this scenario without either the 'network' or 'existing_network' context is deprecated
2019-12-12 00:26:07.970 2300 INFO rally.task.runner [-] Task 1f17d7a0-af17-47b4-8697-ed594432680c | ITER: 14 START
2019-12-12 00:26:07.969 2306 RALLYDEBUG rally.task.runner [-] Starting a worker. concurrency: 1 args: {"network_create_args": {}, "subnet_create_args": {}, "subnet_cidr_start": "1.1.0.0/30", "subnets_per_network": 2} times: 40 method_name: run timeout: 0 duration: None cls:
2019-12-12 00:26:07.970 2303 INFO rally.task.runner [-] Task 1f17d7a0-af17-47b4-8697-ed594432680c | ITER: 15 START
2019-12-12 00:26:07.971 2300 WARNING rally_openstack.scenarios.neutron.utils [-] Running this scenario without either the 'network' or 'existing_network' context is deprecated
2019-12-12 00:26:07.971 2303 WARNING rally_openstack.scenarios.neutron.utils [-] Running this scenario without either the 'network' or 'existing_network' context is deprecated
2019-12-12 00:26:07.972 2311 RALLYDEBUG rally.task.runner [-] Starting a worker. concurrency: 1 args: {"network_create_args": {}, "subnet_create_args": {}, "subnet_cidr_start": "1.1.0.0/30", "subnets_per_network": 2} times: 40 method_name: run timeout: 0 duration: None cls:
2019-12-12 00:26:07.975 2306 INFO rally.task.runner [-] Task 1f17d7a0-af17-47b4-8697-ed594432680c | ITER: 16 START
2019-12-12 00:26:07.974 2314 RALLYDEBUG rally.task.runner [-] Starting a worker. concurrency: 1 args: {"network_create_args": {}, "subnet_create_args": {}, "subnet_cidr_start": "1.1.0.0/30", "subnets_per_network": 2} times: 40 method_name: run timeout: 0 duration: None cls:
2019-12-12 00:26:07.976 2306 WARNING rally_openstack.scenarios.neutron.utils [-] Running this scenario without either the 'network' or 'existing_network' context is deprecated
2019-12-12 00:26:07.977 2311 INFO rally.task.runner [-] Task 1f17d7a0-af17-47b4-8697-ed594432680c | ITER: 17 START
2019-12-12 00:26:07.977 2317 RALLYDEBUG rally.task.runner [-] Starting a worker. concurrency: 1 args: {"network_create_args": {}, "subnet_create_args": {}, "subnet_cidr_start": "1.1.0.0/30", "subnets_per_network": 2} times: 40 method_name: run timeout: 0 duration: None cls:
2019-12-12 00:26:07.978 2311 WARNING rally_openstack.scenarios.neutron.utils [-] Running this scenario without either the 'network' or 'existing_network' context is deprecated
2019-12-12 00:26:07.979 2320 RALLYDEBUG rally.task.runner [-] Starting a worker. concurrency: 1 args: {"network_create_args": {}, "subnet_create_args": {}, "subnet_cidr_start": "1.1.0.0/30", "subnets_per_network": 2} times: 40 method_name: run timeout: 0 duration: None cls:
2019-12-12 00:26:07.980 2314 INFO rally.task.runner [-] Task 1f17d7a0-af17-47b4-8697-ed594432680c | ITER: 18 START
2019-12-12 00:26:07.981 2314 WARNING rally_openstack.scenarios.neutron.utils [-] Running this scenario without either the 'network' or 'existing_network' context is deprecated
2019-12-12 00:26:07.982 2317 INFO rally.task.runner [-] Task 1f17d7a0-af17-47b4-8697-ed594432680c | ITER: 19 START
2019-12-12 00:26:07.982 2317 WARNING rally_openstack.scenarios.neutron.utils [-] Running this scenario without either the 'network' or 'existing_network' context is deprecated
2019-12-12 00:26:07.984 2320 INFO rally.task.runner [-] Task 1f17d7a0-af17-47b4-8697-ed594432680c | ITER: 20 START
2019-12-12 00:26:07.984 2320 WARNING rally_openstack.scenarios.neutron.utils [-] Running this scenario without either the 'network' or 'existing_network' context is deprecated
2019-12-12 00:26:08.786 2285 RALLYDEBUG rally_openstack.wrappers.network [-] CIDR generated: 1.1.4.96/30
2019-12-12 00:26:08.841 2269 RALLYDEBUG rally_openstack.wrappers.network [-] CIDR generated: 1.1.4.100/30
2019-12-12 00:26:08.859 2306 RALLYDEBUG rally_openstack.wrappers.network [-] CIDR generated: 1.1.4.104/30
2019-12-12 00:26:08.905 2279 RALLYDEBUG rally_openstack.wrappers.network [-] CIDR generated: 1.1.4.108/30
2019-12-12 00:26:08.921 2303 RALLYDEBUG rally_openstack.wrappers.network [-] CIDR generated: 1.1.4.112/30
2019-12-12 00:26:08.926 2270 RALLYDEBUG rally_openstack.wrappers.network [-] CIDR generated: 1.1.4.116/30
2019-12-12 00:26:09.006 2276 RALLYDEBUG rally_openstack.wrappers.network [-] CIDR generated: 1.1.4.120/30
2019-12-12 00:26:09.009 2272 RALLYDEBUG rally_openstack.wrappers.network [-] CIDR generated: 1.1.4.124/30
2019-12-12 00:26:09.102 2317 RALLYDEBUG rally_openstack.wrappers.network [-] CIDR generated: 1.1.4.128/30
2019-12-12 00:26:09.109 2271 RALLYDEBUG rally_openstack.wrappers.network [-] CIDR generated: 1.1.4.132/30
2019-12-12 00:26:09.151 2275 RALLYDEBUG rally_openstack.wrappers.network [-] CIDR generated: 1.1.4.136/30
2019-12-12 00:26:09.153 2291 RALLYDEBUG rally_openstack.wrappers.network [-] CIDR generated: 1.1.4.140/30
2019-12-12 00:26:09.176 2311 RALLYDEBUG rally_openstack.wrappers.network [-] CIDR generated: 1.1.4.144/30
2019-12-12 00:26:09.200 2320 RALLYDEBUG rally_openstack.wrappers.network [-] CIDR generated: 1.1.4.148/30
2019-12-12 00:26:09.243 2288 RALLYDEBUG rally_openstack.wrappers.network [-] CIDR generated: 1.1.4.152/30
2019-12-12 00:26:09.252 2294 RALLYDEBUG rally_openstack.wrappers.network [-] CIDR generated: 1.1.4.156/30
2019-12-12 00:26:09.269 2314 RALLYDEBUG rally_openstack.wrappers.network [-] CIDR generated: 1.1.4.160/30
2019-12-12 00:26:09.310 2297 RALLYDEBUG rally_openstack.wrappers.network [-] CIDR generated: 1.1.4.164/30
2019-12-12 00:26:09.405 2282 RALLYDEBUG rally_openstack.wrappers.network [-] CIDR generated: 1.1.4.168/30
2019-12-12 00:26:09.545 2300 RALLYDEBUG rally_openstack.wrappers.network [-] CIDR generated: 1.1.4.172/30
2019-12-12 00:26:09.623 2303 RALLYDEBUG rally_openstack.wrappers.network [-] CIDR generated: 1.1.4.176/30
2019-12-12 00:26:10.143 2276 RALLYDEBUG rally_openstack.wrappers.network [-] CIDR generated: 1.1.4.180/30
2019-12-12 00:26:10.145 2306 RALLYDEBUG rally_openstack.wrappers.network [-] CIDR generated: 1.1.4.184/30
2019-12-12 00:26:10.146 2285 RALLYDEBUG rally_openstack.wrappers.network [-] CIDR generated: 1.1.4.188/30
2019-12-12 00:26:10.283 2317 RALLYDEBUG rally_openstack.wrappers.network [-] CIDR generated: 1.1.4.192/30
2019-12-12 00:26:10.761 2311 RALLYDEBUG rally_openstack.wrappers.network [-] CIDR generated: 1.1.4.196/30
2019-12-12 00:26:10.770 2288 RALLYDEBUG rally_openstack.wrappers.network [-] CIDR generated: 1.1.4.200/30
2019-12-12 00:26:10.891 2291 RALLYDEBUG rally_openstack.wrappers.network [-] CIDR generated: 1.1.4.204/30
2019-12-12 00:26:11.070 2320 RALLYDEBUG rally_openstack.wrappers.network [-] CIDR generated: 1.1.4.208/30
2019-12-12 00:26:11.096 2300 RALLYDEBUG rally_openstack.wrappers.network [-] CIDR generated: 1.1.4.212/30
2019-12-12 00:26:11.267 2294 RALLYDEBUG rally_openstack.wrappers.network [-] CIDR generated: 1.1.4.216/30
2019-12-12 00:26:11.276 2282 RALLYDEBUG rally_openstack.wrappers.network [-] CIDR generated: 1.1.4.220/30
2019-12-12 00:26:11.348 2279 RALLYDEBUG rally_openstack.wrappers.network [-] CIDR generated: 1.1.4.224/30
2019-12-12 00:26:11.355 2314 RALLYDEBUG rally_openstack.wrappers.network [-] CIDR generated: 1.1.4.228/30
2019-12-12 00:26:11.360 2271 RALLYDEBUG rally_openstack.wrappers.network [-] CIDR generated: 1.1.4.232/30
2019-12-12 00:26:11.361 2275 RALLYDEBUG rally_openstack.wrappers.network [-] CIDR generated: 1.1.4.236/30
2019-12-12 00:26:11.508 2297 RALLYDEBUG rally_openstack.wrappers.network [-] CIDR generated: 1.1.4.240/30
2019-12-12 00:26:11.587 2269 RALLYDEBUG rally_openstack.wrappers.network [-] CIDR generated: 1.1.4.244/30
2019-12-12 00:26:11.590 2272 RALLYDEBUG rally_openstack.wrappers.network [-] CIDR generated: 1.1.4.248/30
2019-12-12 00:26:11.634 2270 RALLYDEBUG rally_openstack.wrappers.network [-] CIDR generated: 1.1.4.252/30
2019-12-12 00:26:13.677 2303 INFO rally.task.runner [-] Task 1f17d7a0-af17-47b4-8697-ed594432680c | ITER: 15 END: OK
2019-12-12 00:26:13.683 2303 INFO rally.task.runner [-] Task 1f17d7a0-af17-47b4-8697-ed594432680c | ITER: 21 START
2019-12-12 00:26:13.683 2303 WARNING rally_openstack.scenarios.neutron.utils [-] Running this scenario without either the 'network' or 'existing_network' context is deprecated
2019-12-12 00:26:24.466 2303 RALLYDEBUG rally_openstack.wrappers.network [-] CIDR generated: 1.1.5.0/30
2019-12-12 00:26:24.488 2311 INFO rally.task.runner [-] Task 1f17d7a0-af17-47b4-8697-ed594432680c | ITER: 17 END: OK
2019-12-12 00:26:24.491 2279 INFO rally.task.runner [-] Task 1f17d7a0-af17-47b4-8697-ed594432680c | ITER: 7 END: OK
2019-12-12 00:26:24.493 2311 INFO rally.task.runner [-] Task 1f17d7a0-af17-47b4-8697-ed594432680c | ITER: 22 START
2019-12-12 00:26:24.494 2311 WARNING rally_openstack.scenarios.neutron.utils [-] Running this scenario without either the 'network' or 'existing_network' context is deprecated
2019-12-12 00:26:24.495 2279 INFO rally.task.runner [-] Task 1f17d7a0-af17-47b4-8697-ed594432680c | ITER: 23 START
2019-12-12 00:26:24.496 2279 WARNING rally_openstack.scenarios.neutron.utils [-] Running this scenario without either the 'network' or 'existing_network' context is deprecated
2019-12-12 00:26:24.515 2306 INFO rally.task.runner [-] Task 1f17d7a0-af17-47b4-8697-ed594432680c | ITER: 16 END: OK
2019-12-12 00:26:24.515 2285 INFO rally.task.runner [-] Task 1f17d7a0-af17-47b4-8697-ed594432680c | ITER: 9 END: OK
2019-12-12 00:26:24.520 2306 INFO rally.task.runner [-] Task 1f17d7a0-af17-47b4-8697-ed594432680c | ITER: 24 START
2019-12-12 00:26:24.520 2285 INFO rally.task.runner [-] Task 1f17d7a0-af17-47b4-8697-ed594432680c | ITER: 25 START
2019-12-12 00:26:24.521 2306 WARNING rally_openstack.scenarios.neutron.utils [-] Running this scenario without either the 'network' or 'existing_network' context is deprecated
2019-12-12 00:26:24.521 2285 WARNING rally_openstack.scenarios.neutron.utils [-] Running this scenario without either the 'network' or 'existing_network' context is deprecated
2019-12-12 00:26:24.750 2320 INFO rally.task.runner [-] Task 1f17d7a0-af17-47b4-8697-ed594432680c | ITER: 20 END: OK
2019-12-12 00:26:24.755 2320 INFO rally.task.runner [-] Task 1f17d7a0-af17-47b4-8697-ed594432680c | ITER: 26 START
2019-12-12 00:26:24.756 2320 WARNING rally_openstack.scenarios.neutron.utils [-] Running this scenario without either the 'network' or 'existing_network' context is deprecated
2019-12-12 00:26:25.308 2320 RALLYDEBUG rally_openstack.wrappers.network [-] CIDR generated: 1.1.5.4/30
2019-12-12 00:26:25.394 2306 RALLYDEBUG rally_openstack.wrappers.network [-] CIDR generated: 1.1.5.8/30
2019-12-12 00:26:25.480 2285 RALLYDEBUG rally_openstack.wrappers.network [-] CIDR generated: 1.1.5.12/30
2019-12-12 00:26:25.483 2311 RALLYDEBUG rally_openstack.wrappers.network [-] CIDR generated: 1.1.5.16/30
2019-12-12 00:26:25.496 2279 RALLYDEBUG rally_openstack.wrappers.network [-] CIDR generated: 1.1.5.20/30
2019-12-12 00:26:25.564 2297 INFO rally.task.runner [-] Task 1f17d7a0-af17-47b4-8697-ed594432680c | ITER: 13 END: OK
2019-12-12 00:26:25.569 2297 INFO rally.task.runner [-] Task 1f17d7a0-af17-47b4-8697-ed594432680c | ITER: 27 START
2019-12-12 00:26:25.570 2297 WARNING rally_openstack.scenarios.neutron.utils [-] Running this scenario without either the 'network' or 'existing_network' context is deprecated
2019-12-12 00:26:25.638 2303 RALLYDEBUG rally_openstack.wrappers.network [-] CIDR generated: 1.1.5.24/30
2019-12-12 00:26:25.768 2276 INFO rally.task.runner [-] Task 1f17d7a0-af17-47b4-8697-ed594432680c | ITER: 6 END: OK
2019-12-12 00:26:25.773 2276 INFO rally.task.runner [-] Task 1f17d7a0-af17-47b4-8697-ed594432680c | ITER: 28 START
2019-12-12 00:26:25.774 2276 WARNING rally_openstack.scenarios.neutron.utils [-] Running this scenario without either the 'network' or 'existing_network' context is deprecated
2019-12-12 00:26:26.011 2297 RALLYDEBUG rally_openstack.wrappers.network [-] CIDR generated: 1.1.5.28/30
2019-12-12 00:26:26.201 2294 INFO rally.task.runner [-] Task 1f17d7a0-af17-47b4-8697-ed594432680c | ITER: 12 END: OK
2019-12-12 00:26:26.206 2294 INFO rally.task.runner [-] Task 1f17d7a0-af17-47b4-8697-ed594432680c | ITER: 29 START
2019-12-12 00:26:26.207 2294 WARNING rally_openstack.scenarios.neutron.utils [-] Running this scenario without either the 'network' or 'existing_network' context is deprecated
2019-12-12 00:26:26.294 2291 INFO rally.task.runner [-] Task 1f17d7a0-af17-47b4-8697-ed594432680c | ITER: 11 END: OK
2019-12-12 00:26:26.299 2291 INFO rally.task.runner [-] Task 1f17d7a0-af17-47b4-8697-ed594432680c | ITER: 30 START
2019-12-12 00:26:26.300 2291 WARNING rally_openstack.scenarios.neutron.utils [-] Running this scenario without either the 'network' or 'existing_network' context is deprecated
2019-12-12 00:26:26.305 2317 INFO rally.task.runner [-] Task 1f17d7a0-af17-47b4-8697-ed594432680c | ITER: 19 END: OK
2019-12-12 00:26:26.310 2317 INFO rally.task.runner [-] Task 1f17d7a0-af17-47b4-8697-ed594432680c | ITER: 31 START
2019-12-12 00:26:26.311 2317 WARNING rally_openstack.scenarios.neutron.utils [-] Running this scenario without either the 'network' or 'existing_network' context is deprecated
2019-12-12 00:26:26.465 2300 INFO rally.task.runner [-] Task 1f17d7a0-af17-47b4-8697-ed594432680c | ITER: 14 END: OK
2019-12-12 00:26:26.470 2300 INFO rally.task.runner [-] Task 1f17d7a0-af17-47b4-8697-ed594432680c | ITER: 32 START
2019-12-12 00:26:26.470 2300 WARNING rally_openstack.scenarios.neutron.utils [-] Running this scenario without either the 'network' or 'existing_network' context is deprecated
2019-12-12 00:26:26.531 2288 INFO rally.task.runner [-] Task 1f17d7a0-af17-47b4-8697-ed594432680c | ITER: 10 END: OK
2019-12-12 00:26:26.536 2288 INFO rally.task.runner [-] Task 1f17d7a0-af17-47b4-8697-ed594432680c | ITER: 33 START
2019-12-12 00:26:26.536 2288 WARNING rally_openstack.scenarios.neutron.utils [-] Running this scenario without either the 'network' or 'existing_network' context is deprecated
2019-12-12 00:26:26.569 2314 INFO rally.task.runner [-] Task 1f17d7a0-af17-47b4-8697-ed594432680c | ITER: 18 END: OK
2019-12-12 00:26:26.574 2314 INFO rally.task.runner [-] Task 1f17d7a0-af17-47b4-8697-ed594432680c | ITER: 34 START
2019-12-12 00:26:26.575 2314 WARNING rally_openstack.scenarios.neutron.utils [-] Running this scenario without either the 'network' or 'existing_network' context is deprecated
2019-12-12 00:26:26.594 2271 INFO rally.task.runner [-] Task 1f17d7a0-af17-47b4-8697-ed594432680c | ITER: 3 END: OK
2019-12-12 00:26:26.598 2271 INFO rally.task.runner [-] Task 1f17d7a0-af17-47b4-8697-ed594432680c | ITER: 35 START
2019-12-12 00:26:26.599 2271 WARNING rally_openstack.scenarios.neutron.utils [-] Running this scenario without either the 'network' or 'existing_network' context is deprecated
2019-12-12 00:26:26.691 2276 RALLYDEBUG rally_openstack.wrappers.network [-] CIDR generated: 1.1.5.32/30
2019-12-12 00:26:26.810 2285 RALLYDEBUG rally_openstack.wrappers.network [-] CIDR generated: 1.1.5.36/30
2019-12-12 00:26:26.880 2294 RALLYDEBUG rally_openstack.wrappers.network [-] CIDR generated: 1.1.5.40/30
2019-12-12 00:26:26.887 2291 RALLYDEBUG rally_openstack.wrappers.network [-] CIDR generated: 1.1.5.44/30
2019-12-12 00:26:26.943 2275 INFO rally.task.runner [-] Task 1f17d7a0-af17-47b4-8697-ed594432680c | ITER: 5 END: OK
2019-12-12 00:26:26.948 2275 INFO rally.task.runner [-] Task 1f17d7a0-af17-47b4-8697-ed594432680c | ITER: 36 START
2019-12-12 00:26:26.948 2275 WARNING rally_openstack.scenarios.neutron.utils [-] Running this scenario without either the 'network' or 'existing_network' context is deprecated
2019-12-12 00:26:27.030 2300 RALLYDEBUG rally_openstack.wrappers.network [-] CIDR generated: 1.1.5.48/30
2019-12-12 00:26:27.116 2288 RALLYDEBUG rally_openstack.wrappers.network [-] CIDR generated: 1.1.5.52/30
2019-12-12 00:26:27.134 2279 RALLYDEBUG rally_openstack.wrappers.network [-] CIDR generated: 1.1.5.56/30
2019-12-12 00:26:27.358 2306 RALLYDEBUG rally_openstack.wrappers.network [-] CIDR generated: 1.1.5.60/30
2019-12-12 00:26:27.382 2311 RALLYDEBUG rally_openstack.wrappers.network [-] CIDR generated: 1.1.5.64/30
2019-12-12 00:26:27.594 2282 INFO rally.task.runner [-] Task 1f17d7a0-af17-47b4-8697-ed594432680c | ITER: 8 END: OK
2019-12-12 00:26:27.600 2282 INFO rally.task.runner [-] Task 1f17d7a0-af17-47b4-8697-ed594432680c | ITER: 37 START
2019-12-12 00:26:27.600 2282 WARNING rally_openstack.scenarios.neutron.utils [-] Running this scenario without either the 'network' or 'existing_network' context is deprecated
2019-12-12 00:26:27.604 2275 RALLYDEBUG rally_openstack.wrappers.network [-] CIDR generated: 1.1.5.68/30
2019-12-12 00:26:27.647 2297 RALLYDEBUG rally_openstack.wrappers.network [-] CIDR generated: 1.1.5.72/30
2019-12-12 00:26:27.812 2271 RALLYDEBUG rally_openstack.wrappers.network [-] CIDR generated: 1.1.5.76/30
2019-12-12 00:26:27.891 2317 RALLYDEBUG rally_openstack.wrappers.network [-] CIDR generated: 1.1.5.80/30
2019-12-12 00:26:27.927 2314 RALLYDEBUG rally_openstack.wrappers.network [-] CIDR generated: 1.1.5.84/30
2019-12-12 00:26:27.962 2320 RALLYDEBUG rally_openstack.wrappers.network [-] CIDR generated: 1.1.5.88/30
2019-12-12 00:26:28.229 2303 INFO rally.task.runner [-] Task 1f17d7a0-af17-47b4-8697-ed594432680c | ITER: 21 END: OK
2019-12-12 00:26:28.233 2303 INFO rally.task.runner [-] Task 1f17d7a0-af17-47b4-8697-ed594432680c | ITER: 38 START
2019-12-12 00:26:28.234 2303 WARNING rally_openstack.scenarios.neutron.utils [-] Running this scenario without either the 'network' or 'existing_network' context is deprecated
2019-12-12 00:26:28.257 2275 RALLYDEBUG rally_openstack.wrappers.network [-] CIDR generated: 1.1.5.92/30
2019-12-12 00:26:28.704 2282 RALLYDEBUG rally_openstack.wrappers.network [-] CIDR generated: 1.1.5.96/30
2019-12-12 00:26:28.768 2288 RALLYDEBUG rally_openstack.wrappers.network [-] CIDR generated: 1.1.5.100/30
2019-12-12 00:26:28.776 2300 RALLYDEBUG rally_openstack.wrappers.network [-] CIDR generated: 1.1.5.104/30
2019-12-12 00:26:28.874 2294 RALLYDEBUG rally_openstack.wrappers.network [-] CIDR generated: 1.1.5.108/30
2019-12-12 00:26:28.884 2291 RALLYDEBUG rally_openstack.wrappers.network [-] CIDR generated: 1.1.5.112/30
2019-12-12 00:26:29.063 2276 RALLYDEBUG rally_openstack.wrappers.network [-] CIDR generated: 1.1.5.116/30
2019-12-12 00:26:29.428 2269 INFO rally.task.runner [-] Task 1f17d7a0-af17-47b4-8697-ed594432680c | ITER: 1 END: OK
2019-12-12 00:26:29.433 2269 INFO rally.task.runner [-] Task 1f17d7a0-af17-47b4-8697-ed594432680c | ITER: 39 START
2019-12-12 00:26:29.434 2269 WARNING rally_openstack.scenarios.neutron.utils [-] Running this scenario without either the 'network' or 'existing_network' context is deprecated
2019-12-12 00:26:29.667 2314 RALLYDEBUG rally_openstack.wrappers.network [-] CIDR generated: 1.1.5.120/30
2019-12-12 00:26:29.901 2270 INFO rally.task.runner [-] Task 1f17d7a0-af17-47b4-8697-ed594432680c | ITER: 2 END: OK
2019-12-12 00:26:29.906 2270 INFO rally.task.runner [-] Task 1f17d7a0-af17-47b4-8697-ed594432680c | ITER: 40 START
2019-12-12 00:26:29.907 2270 WARNING rally_openstack.scenarios.neutron.utils [-] Running this scenario without either the 'network' or 'existing_network' context is deprecated
2019-12-12 00:26:29.912 2317 RALLYDEBUG rally_openstack.wrappers.network [-] CIDR generated: 1.1.5.124/30
2019-12-12 00:26:29.957 2272 INFO rally.task.runner [-] Task 1f17d7a0-af17-47b4-8697-ed594432680c | ITER: 4 END: OK
2019-12-12 00:26:30.128 2303 RALLYDEBUG rally_openstack.wrappers.network [-] CIDR generated: 1.1.5.128/30
2019-12-12 00:26:30.493 2269 RALLYDEBUG rally_openstack.wrappers.network [-] CIDR generated: 1.1.5.132/30
2019-12-12 00:26:30.916 2306 INFO rally.task.runner [-] Task 1f17d7a0-af17-47b4-8697-ed594432680c | ITER: 24 END: OK
2019-12-12 00:26:31.203 2271 RALLYDEBUG rally_openstack.wrappers.network [-] CIDR generated: 1.1.5.136/30
2019-12-12 00:26:31.352 2270 RALLYDEBUG rally_openstack.wrappers.network [-] CIDR generated: 1.1.5.140/30
2019-12-12 00:26:31.571 2282 RALLYDEBUG rally_openstack.wrappers.network [-] CIDR generated: 1.1.5.144/30
2019-12-12 00:26:32.144 2311 INFO rally.task.runner [-] Task 1f17d7a0-af17-47b4-8697-ed594432680c | ITER: 22 END: OK
2019-12-12 00:26:32.371 2303 RALLYDEBUG rally_openstack.wrappers.network [-] CIDR generated: 1.1.5.148/30
2019-12-12 00:26:32.470 2279 INFO rally.task.runner [-] Task 1f17d7a0-af17-47b4-8697-ed594432680c | ITER: 23 END: OK
2019-12-12 00:26:32.512 2269 RALLYDEBUG rally_openstack.wrappers.network [-] CIDR generated: 1.1.5.152/30
2019-12-12 00:26:32.771 2300 INFO rally.task.runner [-] Task 1f17d7a0-af17-47b4-8697-ed594432680c | ITER: 32 END: OK
2019-12-12 00:26:32.972 2285 INFO rally.task.runner [-] Task 1f17d7a0-af17-47b4-8697-ed594432680c | ITER: 25 END: OK
2019-12-12 00:26:33.047 2297 INFO rally.task.runner [-] Task 1f17d7a0-af17-47b4-8697-ed594432680c | ITER: 27 END: OK
2019-12-12 00:26:33.389 2275 INFO rally.task.runner [-] Task 1f17d7a0-af17-47b4-8697-ed594432680c | ITER: 36 END: OK
2019-12-12 00:26:33.606 2288 INFO rally.task.runner [-] Task 1f17d7a0-af17-47b4-8697-ed594432680c | ITER: 33 END: OK
2019-12-12 00:26:33.730 2320 INFO rally.task.runner [-] Task 1f17d7a0-af17-47b4-8697-ed594432680c | ITER: 26 END: OK
2019-12-12 00:26:33.753 2270 RALLYDEBUG rally_openstack.wrappers.network [-] CIDR generated: 1.1.5.156/30
2019-12-12 00:26:33.817 2291 INFO rally.task.runner [-] Task 1f17d7a0-af17-47b4-8697-ed594432680c | ITER: 30 END: OK
2019-12-12 00:26:34.146 2314 INFO rally.task.runner [-] Task 1f17d7a0-af17-47b4-8697-ed594432680c | ITER: 34 END: OK
2019-12-12 00:26:34.243 2276 INFO rally.task.runner [-] Task 1f17d7a0-af17-47b4-8697-ed594432680c | ITER: 28 END: OK
2019-12-12 00:26:34.653 2317 INFO rally.task.runner [-] Task 1f17d7a0-af17-47b4-8697-ed594432680c | ITER: 31 END: OK
2019-12-12 00:26:35.020 2269 INFO rally.task.runner [-] Task 1f17d7a0-af17-47b4-8697-ed594432680c | ITER: 39 END: OK
2019-12-12 00:26:35.406 2303 INFO rally.task.runner [-] Task 1f17d7a0-af17-47b4-8697-ed594432680c | ITER: 38 END: OK
2019-12-12 00:26:36.161 2294 INFO rally.task.runner [-] Task 1f17d7a0-af17-47b4-8697-ed594432680c | ITER: 29 END: OK
2019-12-12 00:26:37.159 2271 INFO rally.task.runner [-] Task 1f17d7a0-af17-47b4-8697-ed594432680c | ITER: 35 END: OK
2019-12-12 00:26:37.587 2282 INFO rally.task.runner [-] Task 1f17d7a0-af17-47b4-8697-ed594432680c | ITER: 37 END: OK
2019-12-12 00:26:38.087 2270 INFO rally.task.runner [-] Task 1f17d7a0-af17-47b4-8697-ed594432680c | ITER: 40 END: OK
2019-12-12 00:26:38.112 15 INFO rally.task.context [-] Task 1f17d7a0-af17-47b4-8697-ed594432680c | Context cleanup@openstack cleanup() started
2019-12-12 00:26:38.115 15 RALLYDEBUG rally_openstack.cleanup.manager [-] Cleaning up neutron vip objects
2019-12-12 00:26:38.319 15 RALLYDEBUG rally_openstack.cleanup.manager [-] Cleaning up neutron health_monitor objects
2019-12-12 00:26:38.517 15 RALLYDEBUG rally_openstack.cleanup.manager [-] Cleaning up neutron pool objects
2019-12-12 00:26:38.707 15 RALLYDEBUG rally_openstack.cleanup.manager [-] Cleaning up neutron loadbalancer objects
2019-12-12 00:26:38.905 15 RALLYDEBUG rally_openstack.cleanup.manager [-] Cleaning up neutron floatingip objects
2019-12-12 00:26:39.224 15 RALLYDEBUG rally_openstack.cleanup.manager [-] Cleaning up neutron trunk objects
2019-12-12 00:26:39.427 15 DEBUG neutronclient.v2_0.client [-] Error message: {"message": "The resource could not be found.

\n\n\n", "code": "404 Not Found", "title": "Not Found"} _handle_fault_response /usr/lib/python2.7/site-packages/neutronclient/v2_0/client.py:259
2019-12-12 00:26:39.436 15 RALLYDEBUG rally_openstack.cleanup.manager [-] Cleaning up neutron port objects
2019-12-12 00:26:39.854 15 RALLYDEBUG rally_openstack.cleanup.manager [-] Cleaning up neutron subnet objects
2019-12-12 00:26:40.104 15 RALLYDEBUG rally_openstack.cleanup.manager [-] Cleaning up neutron network objects
2019-12-12 00:26:40.615 15 RALLYDEBUG rally_openstack.cleanup.manager [-] Deleting neutron.network object s_rally_c9153ea0_9mEfR1cI (050e93bb-0887-45eb-8d6e-4bc0e2a97b45)
2019-12-12 00:26:40.619 15 RALLYDEBUG rally_openstack.cleanup.manager [-] Deleting neutron.network object s_rally_c9153ea0_xAoY3syH (24d83e04-093b-4f08-afbc-5b2bb2cd4965)
2019-12-12 00:26:40.629 15 RALLYDEBUG rally_openstack.cleanup.manager [-] Deleting neutron.network object s_rally_c9153ea0_iVYIQyIW (2aa550fe-780a-4870-aec7-7b19edcd9832)
2019-12-12 00:26:40.627 15 RALLYDEBUG rally_openstack.cleanup.manager [-] Deleting neutron.network object s_rally_c9153ea0_MERs5Ff5 (2c86a5d1-1cdc-44d2-bba8-e25397a8a0f6)
2019-12-12 00:26:40.633 15 RALLYDEBUG rally_openstack.cleanup.manager [-] Deleting neutron.network object s_rally_c9153ea0_I5pyVamy (1b43397b-fc8e-463a-aa37-1b0d87d99142)
2019-12-12 00:26:40.646 15 RALLYDEBUG rally_openstack.cleanup.manager [-] Deleting neutron.network object s_rally_c9153ea0_V9G8d8C9 (0d6d18b5-994e-4dfc-ba46-8e2790cc0121)
2019-12-12 00:26:40.664 15 RALLYDEBUG rally_openstack.cleanup.manager [-] Deleting neutron.network object s_rally_c9153ea0_zNOr3GL3 (6c7dca35-8e67-4824-8f33-edfcd1731578)
2019-12-12 00:26:40.664 15 RALLYDEBUG rally_openstack.cleanup.manager [-] Deleting neutron.network object s_rally_c9153ea0_e95O9qPQ (01377d1d-9fa3-41ab-b43e-bd74bb49c8b9)
2019-12-12 00:26:40.678 15 RALLYDEBUG rally_openstack.cleanup.manager [-] Deleting neutron.network object s_rally_c9153ea0_7anESuEa (3fb2e2c0-6683-4b43-b4a8-f7f4b6ced0a8)
2019-12-12 00:26:40.680 15 RALLYDEBUG rally_openstack.cleanup.manager [-] Deleting neutron.network object s_rally_c9153ea0_Rpa26uQI (72bdd560-1910-4f2f-9645-c15571cc7e3c)
2019-12-12 00:26:40.679 15 RALLYDEBUG rally_openstack.cleanup.manager [-] Deleting neutron.network object s_rally_c9153ea0_mLeFf356 (5ae96ce8-b872-4ecf-ac17-6aa4d9709fbe)
2019-12-12 00:26:40.685 15 RALLYDEBUG rally_openstack.cleanup.manager [-] Deleting neutron.network object s_rally_c9153ea0_fwQyKPfI (649f9006-1109-4495-bad3-01a8b95c1f34)
2019-12-12 00:26:40.684 15 RALLYDEBUG rally_openstack.cleanup.manager [-] Deleting neutron.network object s_rally_c9153ea0_8wOgeT1Z (3827fd37-9dec-40e3-b681-f362e9905276)
2019-12-12 00:26:40.696 15 RALLYDEBUG rally_openstack.cleanup.manager [-] Deleting neutron.network object s_rally_c9153ea0_2QliW6zW (7b6bd8ca-7642-4cd3-a595-bd8ab9f6168d)
2019-12-12 00:26:40.691 15 RALLYDEBUG rally_openstack.cleanup.manager [-] Deleting neutron.network object s_rally_c9153ea0_EpbvmCLC (0c68bbcf-98a3-4e31-875e-ea40101a0680)
2019-12-12 00:26:40.710 15 RALLYDEBUG rally_openstack.cleanup.manager [-] Deleting neutron.network object s_rally_c9153ea0_IcmozHQs (6d864b3d-0d8b-49fa-b559-0a18c57253b4)
2019-12-12 00:26:40.720 15 RALLYDEBUG rally_openstack.cleanup.manager [-] Deleting neutron.network object s_rally_c9153ea0_9SjnCx9B (5b62145b-fd8b-4a9f-b986-84499dbf74a4)
2019-12-12 00:26:40.723 15 RALLYDEBUG rally_openstack.cleanup.manager [-] Deleting neutron.network object s_rally_c9153ea0_iOdJosIh (74ee535e-b9aa-4028-a41f-4cef9146e363)
2019-12-12 00:26:40.729 15 RALLYDEBUG rally_openstack.cleanup.manager [-] Deleting neutron.network object s_rally_c9153ea0_H2B3hrJJ (80b91761-9f27-422b-8882-fd3633767a32)
2019-12-12 00:26:40.747 15 RALLYDEBUG rally_openstack.cleanup.manager [-] Deleting neutron.network object s_rally_c9153ea0_fquW9QRa (84757361-c066-46c9-b81e-b569aab99d3e)
2019-12-12 00:26:42.905 15 RALLYDEBUG rally_openstack.cleanup.manager [-] Deleting neutron.network object s_rally_c9153ea0_HEEB6pFY (87699a28-657f-4181-89fc-7e167123b81f)
2019-12-12 00:26:43.168 15 RALLYDEBUG rally_openstack.cleanup.manager [-] Deleting neutron.network object s_rally_c9153ea0_RogWXXhH (87d9d201-f3d9-4c03-957e-8f5f725a8e64)
2019-12-12 00:26:43.416 15 RALLYDEBUG rally_openstack.cleanup.manager [-] Deleting neutron.network object s_rally_c9153ea0_oYXgbAVb (8dda82df-0474-4c7a-89e2-101877a71bc9)
2019-12-12 00:26:43.432 15 RALLYDEBUG rally_openstack.cleanup.manager [-] Deleting neutron.network object s_rally_c9153ea0_djye4jrN (955231e0-880f-4d20-911a-42b41d9b15b1)
2019-12-12 00:26:43.649 15 RALLYDEBUG rally_openstack.cleanup.manager [-] Deleting neutron.network object s_rally_c9153ea0_UAe44njn (9bc988ae-1c02-4146-9772-09a0e70f9861)
2019-12-12 00:26:43.885 15 RALLYDEBUG rally_openstack.cleanup.manager [-] Deleting neutron.network object s_rally_c9153ea0_JfDZ2Mh7 (ab0eb47d-088f-4798-8ca8-dadf752b1119)
2019-12-12 00:26:44.001 15 RALLYDEBUG rally_openstack.cleanup.manager [-] Deleting neutron.network object s_rally_c9153ea0_LAfXj8cp (ae405a51-c075-4053-9fc7-a78c407f05e2)
2019-12-12 00:26:44.138 15 RALLYDEBUG rally_openstack.cleanup.manager [-] Deleting neutron.network object s_rally_c9153ea0_KuJStetH (b2b51895-6a13-48b4-95ce-9dd863727239)
2019-12-12 00:26:44.142 15 RALLYDEBUG rally_openstack.cleanup.manager [-] Deleting neutron.network object s_rally_c9153ea0_8usXqnM5 (b4de2405-04c1-408f-9084-55d174c01943)
2019-12-12 00:26:44.168 15 RALLYDEBUG rally_openstack.cleanup.manager [-] Deleting neutron.network object s_rally_c9153ea0_oP8LQQOY (b6f1b4bb-bec0-4a08-95b5-3dc174dc636c)
2019-12-12 00:26:44.225 15 RALLYDEBUG rally_openstack.cleanup.manager [-] Deleting neutron.network object s_rally_c9153ea0_w8egLiXO (c3f7eb6f-e911-4b65-8208-09afb7146634)
2019-12-12 00:26:44.229 15 RALLYDEBUG rally_openstack.cleanup.manager [-] Deleting neutron.network object s_rally_c9153ea0_8Pku9Ijw (c8591f48-5a32-4e60-a1f7-768390457e5a)
2019-12-12 00:26:44.464 15 RALLYDEBUG rally_openstack.cleanup.manager [-] Deleting neutron.network object s_rally_c9153ea0_tUg1BCet (d3f4970e-3f29-4382-9c86-04be6de8a3f3)
2019-12-12 00:26:44.489 15 RALLYDEBUG rally_openstack.cleanup.manager [-] Deleting neutron.network object s_rally_c9153ea0_qmKn17ND (d410b3a1-396a-47eb-940b-a604b21cbb59)
2019-12-12 00:26:44.516 15 RALLYDEBUG rally_openstack.cleanup.manager [-] Deleting neutron.network object s_rally_c9153ea0_mjFkBoOS (e1eb1a7d-36c9-4533-9603-33a5c71ee98b)
2019-12-12 00:26:44.517 15 RALLYDEBUG rally_openstack.cleanup.manager [-] Deleting neutron.network object s_rally_c9153ea0_ymUBqzym (de18d13f-9f4b-4af5-b4ec-0262d564587d)
2019-12-12 00:26:44.547 15 RALLYDEBUG rally_openstack.cleanup.manager [-] Deleting neutron.network object s_rally_c9153ea0_Mp2TCDCu (e3e50ce3-7fe6-4f01-9eba-d278bd97fb89)
2019-12-12 00:26:44.578 15 RALLYDEBUG rally_openstack.cleanup.manager [-] Deleting neutron.network object s_rally_c9153ea0_Yj2tGJ2Q (eb114687-ce01-41e9-9522-e0dd18a504e4)
2019-12-12 00:26:44.599 15 RALLYDEBUG rally_openstack.cleanup.manager [-] Deleting neutron.network object s_rally_c9153ea0_cQSM98xs (f021d3e8-16c1-42b2-8881-7149d2a1f852)
2019-12-12 00:26:44.602 15 RALLYDEBUG rally_openstack.cleanup.manager [-] Deleting neutron.network object s_rally_c9153ea0_UyihCsSm (f092dd3d-99e6-4e0c-bcd7-6201ac06a9d7)
2019-12-12 00:26:47.149 15 RALLYDEBUG rally_openstack.cleanup.manager [-] Cleaning up neutron router objects
2019-12-12 00:26:49.071 15 RALLYDEBUG rally_openstack.cleanup.manager [-] Cleaning up neutron security_group objects
2019-12-12 00:26:50.236 15 INFO rally.task.context [-] Task 1f17d7a0-af17-47b4-8697-ed594432680c | Context cleanup@openstack cleanup() finished in 12.12 sec
2019-12-12 00:26:50.236 15 INFO rally.task.context [-] Task 1f17d7a0-af17-47b4-8697-ed594432680c | Context quotas@openstack cleanup() started
2019-12-12 00:26:50.411 15 INFO rally.task.context [-] Task 1f17d7a0-af17-47b4-8697-ed594432680c | Context quotas@openstack cleanup() finished in 0.17 sec
2019-12-12 00:26:50.412 15 INFO rally.task.context [-] Task 1f17d7a0-af17-47b4-8697-ed594432680c | Context users@openstack cleanup() started
2019-12-12 00:26:51.964 15 INFO rally.task.context [-] Task 1f17d7a0-af17-47b4-8697-ed594432680c | Context users@openstack cleanup() finished in 1.55 sec
2019-12-12 00:26:53.013 15 INFO rally.task.engine [-] Load duration is: 30.153061
2019-12-12 00:26:53.013 15 INFO rally.task.engine [-] Full runner duration is: 30.20132
2019-12-12 00:26:53.014 15 INFO rally.task.engine [-] Full duration is: 45.259287
2019-12-12 00:26:53.123 15 INFO rally.task.engine [-] Running workload: position = 0 config = { "version": 2, "title": "A cropped version of a bigger task.", "description": "Auto-generated task from a single workload (uuid=53a5117c-e50c-4481-9e7c-61a50d7bd6f4)", "subtasks": [ { "title": "NeutronNetworks.create_and_list_routers", "description": "Create and a given number of routers and list all routers.", "scenario": { "NeutronNetworks.create_and_list_routers": { "network_create_args": null, "subnet_create_args": null, "subnet_cidr_start": "1.1.0.0/30", "subnets_per_network": 2, "router_create_args": null } }, "contexts": { "users": { "tenants": 1, "users_per_tenant": 1 }, "quotas": { "neutron": { "network": -1, "subnet": -1, "router": -1 } } }, "runner": { "constant": { "times": 40, "concurrency": 20 } }, "hooks": [], "sla": { "failure_rate": { "max": 0 } } } ] }
2019-12-12 00:26:53.140 15 RALLYDEBUG rally_openstack.contexts.keystone.users [-] Creating 1 tenants using 20 threads
2019-12-12 00:26:53.481 15 RALLYDEBUG rally_openstack.contexts.keystone.users [-] Creating 1 users using 20 threads
2019-12-12 00:26:53.922 15 INFO rally.task.context [-] Task 1f17d7a0-af17-47b4-8697-ed594432680c | Context users@openstack setup() finished in 0.78 sec
2019-12-12 00:26:54.342 15 INFO rally.task.context [-] Task 1f17d7a0-af17-47b4-8697-ed594432680c | Context quotas@openstack setup() finished in 0.42 sec
2019-12-12 00:26:54.342 15 INFO rally.task.context [-] Task 1f17d7a0-af17-47b4-8697-ed594432680c | Context cleanup@openstack setup() finished in 0.03 msec
2019-12-12 00:26:54.352 15 RALLYDEBUG rally.task.runner [-] Starting the constant runner (task UUID: 1f17d7a0-af17-47b4-8697-ed594432680c). timeout: 0 concurrency: 20 concurrency_per_worker: 1 times: 40 concurrency_overhead: 0 processes_to_start: 20 max_cpu_used: 88
2019-12-12 00:26:54.366 2671 RALLYDEBUG rally.task.runner [-] Starting a worker. concurrency: 1 args: {"network_create_args": null, "subnet_create_args": null, "subnet_cidr_start": "1.1.0.0/30", "subnets_per_network": 2, "router_create_args": null} times: 40 method_name: run timeout: 0 duration: None cls:
2019-12-12 00:26:54.368 2672 RALLYDEBUG rally.task.runner [-] Starting a worker. concurrency: 1 args: {"network_create_args": null, "subnet_create_args": null, "subnet_cidr_start": "1.1.0.0/30", "subnets_per_network": 2, "router_create_args": null} times: 40 method_name: run timeout: 0 duration: None cls:
2019-12-12 00:26:54.369 2673 RALLYDEBUG rally.task.runner [-] Starting a worker. concurrency: 1 args: {"network_create_args": null, "subnet_create_args": null, "subnet_cidr_start": "1.1.0.0/30", "subnets_per_network": 2, "router_create_args": null} times: 40 method_name: run timeout: 0 duration: None cls:
2019-12-12 00:26:54.372 2671 INFO rally.task.runner [-] Task 1f17d7a0-af17-47b4-8697-ed594432680c | ITER: 1 START
2019-12-12 00:26:54.373 2674 RALLYDEBUG rally.task.runner [-] Starting a worker. concurrency: 1 args: {"network_create_args": null, "subnet_create_args": null, "subnet_cidr_start": "1.1.0.0/30", "subnets_per_network": 2, "router_create_args": null} times: 40 method_name: run timeout: 0 duration: None cls:
2019-12-12 00:26:54.374 2672 INFO rally.task.runner [-] Task 1f17d7a0-af17-47b4-8697-ed594432680c | ITER: 2 START
2019-12-12 00:26:54.375 2673 INFO rally.task.runner [-] Task 1f17d7a0-af17-47b4-8697-ed594432680c | ITER: 3 START
2019-12-12 00:26:54.376 2675 RALLYDEBUG rally.task.runner [-] Starting a worker. concurrency: 1 args: {"network_create_args": null, "subnet_create_args": null, "subnet_cidr_start": "1.1.0.0/30", "subnets_per_network": 2, "router_create_args": null} times: 40 method_name: run timeout: 0 duration: None cls:
2019-12-12 00:26:54.378 2678 RALLYDEBUG rally.task.runner [-] Starting a worker. concurrency: 1 args: {"network_create_args": null, "subnet_create_args": null, "subnet_cidr_start": "1.1.0.0/30", "subnets_per_network": 2, "router_create_args": null} times: 40 method_name: run timeout: 0 duration: None cls:
2019-12-12 00:26:54.379 2674 INFO rally.task.runner [-] Task 1f17d7a0-af17-47b4-8697-ed594432680c | ITER: 4 START
2019-12-12 00:26:54.382 2675 INFO rally.task.runner [-] Task 1f17d7a0-af17-47b4-8697-ed594432680c | ITER: 5 START
2019-12-12 00:26:54.381 2682 RALLYDEBUG rally.task.runner [-] Starting a worker. concurrency: 1 args: {"network_create_args": null, "subnet_create_args": null, "subnet_cidr_start": "1.1.0.0/30", "subnets_per_network": 2, "router_create_args": null} times: 40 method_name: run timeout: 0 duration: None cls:
2019-12-12 00:26:54.384 2684 RALLYDEBUG rally.task.runner [-] Starting a worker. concurrency: 1 args: {"network_create_args": null, "subnet_create_args": null, "subnet_cidr_start": "1.1.0.0/30", "subnets_per_network": 2, "router_create_args": null} times: 40 method_name: run timeout: 0 duration: None cls:
2019-12-12 00:26:54.385 2678 INFO rally.task.runner [-] Task 1f17d7a0-af17-47b4-8697-ed594432680c | ITER: 6 START
2019-12-12 00:26:54.386 2687 RALLYDEBUG rally.task.runner [-] Starting a worker. concurrency: 1 args: {"network_create_args": null, "subnet_create_args": null, "subnet_cidr_start": "1.1.0.0/30", "subnets_per_network": 2, "router_create_args": null} times: 40 method_name: run timeout: 0 duration: None cls:
2019-12-12 00:26:54.387 2682 INFO rally.task.runner [-] Task 1f17d7a0-af17-47b4-8697-ed594432680c | ITER: 7 START
2019-12-12 00:26:54.390 2684 INFO rally.task.runner [-] Task 1f17d7a0-af17-47b4-8697-ed594432680c | ITER: 8 START
2019-12-12 00:26:54.389 2690 RALLYDEBUG rally.task.runner [-] Starting a worker. concurrency: 1 args: {"network_create_args": null, "subnet_create_args": null, "subnet_cidr_start": "1.1.0.0/30", "subnets_per_network": 2, "router_create_args": null} times: 40 method_name: run timeout: 0 duration: None cls:
2019-12-12 00:26:54.392 2687 INFO rally.task.runner [-] Task 1f17d7a0-af17-47b4-8697-ed594432680c | ITER: 9 START
2019-12-12 00:26:54.392 2693 RALLYDEBUG rally.task.runner [-] Starting a worker. concurrency: 1 args: {"network_create_args": null, "subnet_create_args": null, "subnet_cidr_start": "1.1.0.0/30", "subnets_per_network": 2, "router_create_args": null} times: 40 method_name: run timeout: 0 duration: None cls:
2019-12-12 00:26:54.395 2690 INFO rally.task.runner [-] Task 1f17d7a0-af17-47b4-8697-ed594432680c | ITER: 10 START
2019-12-12 00:26:54.395 2696 RALLYDEBUG rally.task.runner [-] Starting a worker. concurrency: 1 args: {"network_create_args": null, "subnet_create_args": null, "subnet_cidr_start": "1.1.0.0/30", "subnets_per_network": 2, "router_create_args": null} times: 40 method_name: run timeout: 0 duration: None cls:
2019-12-12 00:26:54.398 2693 INFO rally.task.runner [-] Task 1f17d7a0-af17-47b4-8697-ed594432680c | ITER: 11 START
2019-12-12 00:26:54.398 2702 RALLYDEBUG rally.task.runner [-] Starting a worker. concurrency: 1 args: {"network_create_args": null, "subnet_create_args": null, "subnet_cidr_start": "1.1.0.0/30", "subnets_per_network": 2, "router_create_args": null} times: 40 method_name: run timeout: 0 duration: None cls:
2019-12-12 00:26:54.397 2699 RALLYDEBUG rally.task.runner [-] Starting a worker. concurrency: 1 args: {"network_create_args": null, "subnet_create_args": null, "subnet_cidr_start": "1.1.0.0/30", "subnets_per_network": 2, "router_create_args": null} times: 40 method_name: run timeout: 0 duration: None cls:
2019-12-12 00:26:54.400 2696 INFO rally.task.runner [-] Task 1f17d7a0-af17-47b4-8697-ed594432680c | ITER: 12 START
2019-12-12 00:26:54.402 2702 INFO rally.task.runner [-] Task 1f17d7a0-af17-47b4-8697-ed594432680c | ITER: 13 START
2019-12-12 00:26:54.403 2699 INFO rally.task.runner [-] Task 1f17d7a0-af17-47b4-8697-ed594432680c | ITER: 14 START
2019-12-12 00:26:54.403 2705 RALLYDEBUG rally.task.runner [-] Starting a worker. concurrency: 1 args: {"network_create_args": null, "subnet_create_args": null, "subnet_cidr_start": "1.1.0.0/30", "subnets_per_network": 2, "router_create_args": null} times: 40 method_name: run timeout: 0 duration: None cls:
