2019-12-12 00:39:18.617 15 RALLYDEBUG rally_openstack.cleanup.manager [-] Deleting neutron.port object s_rally_3ee6687d_qyTClNk3 (b9b05373-aa36-4149-8a0a-3dccd051791c)
2019-12-12 00:39:18.622 15 RALLYDEBUG rally_openstack.cleanup.manager [-] Deleting neutron.port object s_rally_3ee6687d_VZ4M6zRo (b9c2fcef-959d-4c93-b498-76d80dc0c7ea)
2019-12-12 00:39:18.686 15 RALLYDEBUG rally_openstack.cleanup.manager [-] Deleting neutron.port object s_rally_3ee6687d_93kmsffj (bb3ce08a-e7c0-49c2-9fe7-2d222722e553)
2019-12-12 00:39:18.771 15 RALLYDEBUG rally_openstack.cleanup.manager [-] Deleting neutron.port object s_rally_3ee6687d_SjIqBbiU (bba34b39-3263-4876-bb28-fcb4be86d97a)
2019-12-12 00:39:18.822 15 RALLYDEBUG rally_openstack.cleanup.manager [-] Deleting neutron.port object s_rally_3ee6687d_Vm8L95Yw (bc3d8910-6a8a-4b44-8a62-84bb3afc1e2c)
2019-12-12 00:39:18.995 15 RALLYDEBUG rally_openstack.cleanup.manager [-] Deleting neutron.port object s_rally_3ee6687d_jZmF5vJj (bc7c35da-31fe-437c-838d-e9f59fe97bb4)
2019-12-12 00:39:19.031 15 RALLYDEBUG rally_openstack.cleanup.manager [-] Deleting neutron.port object s_rally_3ee6687d_clhaMr5g (bd80791b-d0aa-4278-86fd-871b190a157a)
2019-12-12 00:39:19.061 15 RALLYDEBUG rally_openstack.cleanup.manager [-] Deleting neutron.port object s_rally_3ee6687d_UnVL1xZE (be0e5f34-634b-48dd-bd15-b6c64e341f54)
2019-12-12 00:39:19.130 15 RALLYDEBUG rally_openstack.cleanup.manager [-] Deleting neutron.port object s_rally_3ee6687d_Jnwphjjh (be2a59fd-a978-4fa5-85ee-f50753a6868d)
2019-12-12 00:39:19.172 15 RALLYDEBUG rally_openstack.cleanup.manager [-] Deleting neutron.port object s_rally_3ee6687d_VvWbv6Qy (be414e62-aacb-491b-80ef-3d7a4a08fab0)
2019-12-12 00:39:19.393 15 RALLYDEBUG rally_openstack.cleanup.manager [-] Deleting neutron.port object s_rally_3ee6687d_8t8mSpNx (bef50f18-91ab-46f7-8783-35b65ba50376)
2019-12-12 00:39:19.401 15 RALLYDEBUG rally_openstack.cleanup.manager [-] Deleting neutron.port object s_rally_3ee6687d_Bzc6fJEp (bf5c62a2-623a-4537-9a4d-fb27da20c86c)
2019-12-12 00:39:20.031 15 RALLYDEBUG rally_openstack.cleanup.manager [-] Deleting neutron.port object s_rally_3ee6687d_Cm1LFRGj (bfb2b5af-2d45-4bfd-93b8-908276aaade7)
2019-12-12 00:39:20.048 15 RALLYDEBUG rally_openstack.cleanup.manager [-] Deleting neutron.port object s_rally_3ee6687d_X56pR6cC (bfc85c32-4b16-4900-8cc9-31b2e1bcd9fd)
2019-12-12 00:39:20.157 15 RALLYDEBUG rally_openstack.cleanup.manager [-] Deleting neutron.port object s_rally_3ee6687d_AJ1Vnhia (c03bd32d-ee70-44d1-9568-7fcf7e95020e)
2019-12-12 00:39:20.547 15 RALLYDEBUG rally_openstack.cleanup.manager [-] Deleting neutron.port object s_rally_3ee6687d_rAlPhYhW (c0922797-7749-48d5-9aaf-90168d3d1ebb)
2019-12-12 00:39:20.646 15 RALLYDEBUG rally_openstack.cleanup.manager [-] Deleting neutron.port object s_rally_3ee6687d_oMB1jhlQ (c0bb7657-a7e0-4e17-839c-c76211df22f9)
2019-12-12 00:39:20.786 15 RALLYDEBUG rally_openstack.cleanup.manager [-] Deleting neutron.port object s_rally_3ee6687d_ezOOEygj (c19bec7b-ca05-4f7b-aa5a-df1ee7d34e26)
2019-12-12 00:39:21.011 15 RALLYDEBUG rally_openstack.cleanup.manager [-] Deleting neutron.port object s_rally_3ee6687d_dJhsOi3X (c1f51778-cb72-468c-a9d6-951b06304058)
2019-12-12 00:39:21.020 15 RALLYDEBUG rally_openstack.cleanup.manager [-] Deleting neutron.port object s_rally_3ee6687d_eBeoY2YD (c5fa91f0-0617-4042-b973-95483570ed2a)
2019-12-12 00:39:21.078 15 RALLYDEBUG rally_openstack.cleanup.manager [-] Deleting neutron.port object s_rally_3ee6687d_tm3sigQE (c5fdc5c7-93b9-4fbe-acbc-0a7387c5696d)
2019-12-12 00:39:21.090 15 RALLYDEBUG rally_openstack.cleanup.manager [-] Deleting neutron.port object s_rally_3ee6687d_2kibb9mu (c62286ad-476f-4a62-819b-40918853d151)
2019-12-12 00:39:21.166 15 RALLYDEBUG rally_openstack.cleanup.manager [-] Deleting neutron.port object s_rally_3ee6687d_iU5kme93 (c66ae2b8-b866-467d-88d0-09c9e121bade)
2019-12-12 00:39:21.269 15 RALLYDEBUG rally_openstack.cleanup.manager [-] Deleting neutron.port object s_rally_3ee6687d_caHDFmcl (c6ec73e9-c80e-4ce6-a06e-b1139b23e8f5)
2019-12-12 00:39:21.275 15 RALLYDEBUG rally_openstack.cleanup.manager [-] Deleting neutron.port object s_rally_3ee6687d_4Jn1BeE7 (c750797b-44bb-4922-ab0b-d398224f961f)
2019-12-12 00:39:21.905 15 RALLYDEBUG rally_openstack.cleanup.manager [-] Deleting neutron.port object s_rally_3ee6687d_tpS6kMXu (c7c95a9a-438f-4019-ac95-9de47b99ee8f)
2019-12-12 00:39:21.909 15 RALLYDEBUG rally_openstack.cleanup.manager [-] Deleting neutron.port object s_rally_3ee6687d_Yjp63HA7 (c8cc3a1a-0087-4dd9-8ed3-2eae3e522645)
2019-12-12 00:39:21.941 15 RALLYDEBUG rally_openstack.cleanup.manager [-] Deleting neutron.port object s_rally_3ee6687d_M5XolfF5 (c94b1dc5-1c27-4e7c-98cf-240177c97801)
2019-12-12 00:39:22.011 15 RALLYDEBUG rally_openstack.cleanup.manager [-] Deleting neutron.port object s_rally_3ee6687d_pSc2JRkC (c9a2bbe5-f90f-430f-8f89-e1ad82f3fc1d)
2019-12-12 00:39:22.147 15 RALLYDEBUG rally_openstack.cleanup.manager [-] Deleting neutron.port object s_rally_3ee6687d_SMkbG9cm (c9f089cf-36ff-4faa-82b8-1f77555a0dac)
2019-12-12 00:39:22.197 15 RALLYDEBUG rally_openstack.cleanup.manager [-] Deleting neutron.port object s_rally_3ee6687d_81KnKUpo (caf2d0bf-24f6-401d-bce4-41bc0242d551)
2019-12-12 00:39:22.301 15 RALLYDEBUG rally_openstack.cleanup.manager [-] Deleting neutron.port object s_rally_3ee6687d_cIO6pT4Z (cb51ec4c-1d62-48cb-ab6d-04605814ca11)
2019-12-12 00:39:22.460 15 RALLYDEBUG rally_openstack.cleanup.manager [-] Deleting neutron.port object s_rally_3ee6687d_Yy1UVxY1 (cb5a2cbe-bf50-4f20-b863-70db18224b5f)
2019-12-12 00:39:22.564 15 RALLYDEBUG rally_openstack.cleanup.manager [-] Deleting neutron.port object s_rally_3ee6687d_uU0p1320 (cb9eed1a-fd89-4d80-9e38-a8dfe7fae7f2)
2019-12-12 00:39:22.587 15 RALLYDEBUG rally_openstack.cleanup.manager [-] Deleting neutron.port object s_rally_3ee6687d_qpptUGWR (cbc9cdf7-ddd7-4b80-a4f5-95a9a7c108e4)
2019-12-12 00:39:22.594 15 RALLYDEBUG rally_openstack.cleanup.manager [-] Deleting neutron.port object s_rally_3ee6687d_VMxhOUXV (ccb712a6-129f-43d4-9dbc-6e632018ff3c)
2019-12-12 00:39:22.826 15 RALLYDEBUG rally_openstack.cleanup.manager [-] Deleting neutron.port object s_rally_3ee6687d_547sWVpz (ccd9871f-248a-4a14-9884-47921488c36f)
2019-12-12 00:39:22.934 15 RALLYDEBUG rally_openstack.cleanup.manager [-] Deleting neutron.port object s_rally_3ee6687d_YXbeGwBh (cd1d468d-199f-4b89-bebc-ea05b69d2383)
2019-12-12 00:39:23.101 15 RALLYDEBUG rally_openstack.cleanup.manager [-] Deleting neutron.port object s_rally_3ee6687d_GvGYGllN (cde85701-55e2-41e8-80b9-04636a75ab68)
2019-12-12 00:39:23.108 15 RALLYDEBUG rally_openstack.cleanup.manager [-] Deleting neutron.port object s_rally_3ee6687d_vtYaNsA5 (cdf3c6b5-f320-4ce0-82ce-cbd7c97c5feb)
2019-12-12 00:39:23.328 15 RALLYDEBUG rally_openstack.cleanup.manager [-] Deleting neutron.port object s_rally_3ee6687d_km0RWMXU (cdffaf01-70ce-4f55-8dc2-b64a078101a8)
2019-12-12 00:39:23.386 15 RALLYDEBUG rally_openstack.cleanup.manager [-] Deleting neutron.port object s_rally_3ee6687d_gzeXQLXy (ce47bba0-099f-47c1-bc6a-3d79fac78fe1)
2019-12-12 00:39:23.702 15 RALLYDEBUG rally_openstack.cleanup.manager [-] Deleting neutron.port object s_rally_3ee6687d_Ir9T9zLj (cf3e078d-c9df-43c1-b46f-8a0b49e1931f)
2019-12-12 00:39:23.748 15 RALLYDEBUG rally_openstack.cleanup.manager [-] Deleting neutron.port object s_rally_3ee6687d_ZiJVTwnJ (d0ff61d4-b145-4f98-b56b-92c0200ba18a)
2019-12-12 00:39:23.753 15 RALLYDEBUG rally_openstack.cleanup.manager [-] Deleting neutron.port object s_rally_3ee6687d_LfqtkQUW (d0bcab79-b98d-482a-a180-4d0f872e65b3)
2019-12-12 00:39:23.804 15 RALLYDEBUG rally_openstack.cleanup.manager [-] Deleting neutron.port object s_rally_3ee6687d_PTB7ZkEO (d1f64815-a2de-4f9d-88e5-894dca171f3e)
2019-12-12 00:39:24.043 15 RALLYDEBUG rally_openstack.cleanup.manager [-] Deleting neutron.port object s_rally_3ee6687d_aucUcvKy (d253a8c3-b3bb-4d46-afa3-12e7f1203d5f)
2019-12-12 00:39:24.295 15 RALLYDEBUG rally_openstack.cleanup.manager [-] Deleting neutron.port object s_rally_3ee6687d_0QgYlcIQ (d3e8c7c6-6eef-46a6-98d4-7bf5fcae6d81)
2019-12-12 00:39:24.320 15 RALLYDEBUG rally_openstack.cleanup.manager [-] Deleting neutron.port object s_rally_3ee6687d_1tq9UBi2 (d4a121cf-03f4-43e3-b153-17e88b3ff7a2)
2019-12-12 00:39:24.370 15 RALLYDEBUG rally_openstack.cleanup.manager [-] Deleting neutron.port object s_rally_3ee6687d_Nywiy4VP (d63f0050-eda8-4ca3-af52-5ea23cfce29b)
2019-12-12 00:39:24.383 15 RALLYDEBUG rally_openstack.cleanup.manager [-] Deleting neutron.port object s_rally_3ee6687d_LJuJ8gxn (d64186c3-98e5-4cba-b26d-2c7e00de1c3a)
2019-12-12 00:39:24.469 15 RALLYDEBUG rally_openstack.cleanup.manager [-] Deleting neutron.port object s_rally_3ee6687d_g64FhmZT (d6d253b1-0d05-47d3-ae97-b1c3580a7da8)
2019-12-12 00:39:24.487 15 RALLYDEBUG rally_openstack.cleanup.manager [-] Deleting neutron.port object s_rally_3ee6687d_cQnE3IuH (d770500d-0771-445b-a1d4-1427217246a9)
2019-12-12 00:39:24.524 15 RALLYDEBUG rally_openstack.cleanup.manager [-] Deleting neutron.port object s_rally_3ee6687d_TJCLDSMJ (d8d82f21-b752-4fbe-b613-1ba724481d2c)
2019-12-12 00:39:24.764 15 RALLYDEBUG rally_openstack.cleanup.manager [-] Deleting neutron.port object s_rally_3ee6687d_AxXmNQJZ (d8f74157-ff4f-4e8b-8887-c5ef6471f006)
2019-12-12 00:39:25.012 15 RALLYDEBUG rally_openstack.cleanup.manager [-] Deleting neutron.port object s_rally_3ee6687d_VArDJynb (d95b0600-cd76-4559-be4a-6dd7b211d1fc)
2019-12-12 00:39:25.016 15 RALLYDEBUG rally_openstack.cleanup.manager [-] Deleting neutron.port object s_rally_3ee6687d_Qc98RX4W (d973d977-b9f2-45a1-ae3a-0ada1738910e)
2019-12-12 00:39:25.499 15 RALLYDEBUG rally_openstack.cleanup.manager [-] Deleting neutron.port object s_rally_3ee6687d_426xculo (da1d8d8c-c96c-4053-942d-988f768d7b1c)
2019-12-12 00:39:25.536 15 RALLYDEBUG rally_openstack.cleanup.manager [-] Deleting neutron.port object s_rally_3ee6687d_Qi22GpMn (da8f5f85-ca08-43cc-80c6-03580dd088e9)
2019-12-12 00:39:25.846 15 RALLYDEBUG rally_openstack.cleanup.manager [-] Deleting neutron.port object s_rally_3ee6687d_y8EutxKB (dba2f45b-2812-460f-b01b-37b1cfa4cbc4)
2019-12-12 00:39:25.895 15 RALLYDEBUG rally_openstack.cleanup.manager [-] Deleting neutron.port object s_rally_3ee6687d_qMlenwzE (dc8df94e-5962-4dfa-8060-aa278b717563)
2019-12-12 00:39:25.953 15 RALLYDEBUG rally_openstack.cleanup.manager [-] Deleting neutron.port object s_rally_3ee6687d_BGMPDzZ3 (dcad5f79-4b85-45cf-b02a-b9e748b8a6e6)
2019-12-12 00:39:26.031 15 RALLYDEBUG rally_openstack.cleanup.manager [-] Deleting neutron.port object s_rally_3ee6687d_YWLFDZvR (dd37486b-726e-468c-869a-2639fdeb9f86)
2019-12-12 00:39:26.118 15 RALLYDEBUG rally_openstack.cleanup.manager [-] Deleting neutron.port object s_rally_3ee6687d_DXMtVV20 (dd48bbbf-62cf-4836-9fb4-afeadb219beb)
2019-12-12 00:39:26.264 15 RALLYDEBUG rally_openstack.cleanup.manager [-] Deleting neutron.port object s_rally_3ee6687d_tc1WtDG2 (ddf7ee0a-2af3-4687-a01c-7ce6c80c78c7)
2019-12-12 00:39:26.305 15 RALLYDEBUG rally_openstack.cleanup.manager [-] Deleting neutron.port object s_rally_3ee6687d_UAEqRerF (de096e00-a83b-4233-bfc7-ca1d7f75aea3)
2019-12-12 00:39:26.419 15 RALLYDEBUG rally_openstack.cleanup.manager [-] Deleting neutron.port object s_rally_3ee6687d_S2iDjggq (df721ab1-2831-462e-85a5-b24df88b1d89)
2019-12-12 00:39:26.502 15 RALLYDEBUG rally_openstack.cleanup.manager [-] Deleting neutron.port object s_rally_3ee6687d_b4r5dh7c (dfc0ef54-fae3-4273-bd4e-6f1866005cba)
2019-12-12 00:39:26.509 15 RALLYDEBUG rally_openstack.cleanup.manager [-] Deleting neutron.port object s_rally_3ee6687d_bKsg3YFk (e04a087e-f20f-443e-a108-022306b1402b)
2019-12-12 00:39:26.517 15 RALLYDEBUG rally_openstack.cleanup.manager [-] Deleting neutron.port object s_rally_3ee6687d_RsaSxBhd (e0a75322-0fb3-421f-9682-95f132bf60ef)
2019-12-12 00:39:26.559 15 RALLYDEBUG rally_openstack.cleanup.manager [-] Deleting neutron.port object s_rally_3ee6687d_FkYQ5tr9 (e0dec785-bf41-404d-afea-d7ebd30b35f2)
2019-12-12 00:39:26.714 15 RALLYDEBUG rally_openstack.cleanup.manager [-] Deleting neutron.port object s_rally_3ee6687d_LXCl46Xy (e1112248-4b55-4bce-ab88-ab1d6c801437)
2019-12-12 00:39:26.783 15 RALLYDEBUG rally_openstack.cleanup.manager [-] Deleting neutron.port object s_rally_3ee6687d_L6IKu039 (e122528e-e5af-47da-97de-57355424ded7)
2019-12-12 00:39:26.862 15 RALLYDEBUG rally_openstack.cleanup.manager [-] Deleting neutron.port object s_rally_3ee6687d_XxUgOBcY (e12b8a4f-9819-409c-ac52-194a4aec3210)
2019-12-12 00:39:26.867 15 RALLYDEBUG rally_openstack.cleanup.manager [-] Deleting neutron.port object s_rally_3ee6687d_N5mOxamT (e16aab52-8340-48d6-99d7-ab39375b21f4)
2019-12-12 00:39:26.946 15 RALLYDEBUG rally_openstack.cleanup.manager [-] Deleting neutron.port object s_rally_3ee6687d_w7mRqhgR (e18b03a9-9a25-4aac-837f-313bf3466be5)
2019-12-12 00:39:27.078 15 RALLYDEBUG rally_openstack.cleanup.manager [-] Deleting neutron.port object s_rally_3ee6687d_nfiiOAL2 (e2dea084-410c-4c79-b5df-f76b28ee64ac)
2019-12-12 00:39:27.273 15 RALLYDEBUG rally_openstack.cleanup.manager [-] Deleting neutron.port object s_rally_3ee6687d_vVtFi0rp (e589e8b2-b042-4368-8bdc-33a01fd0f9f5)
2019-12-12 00:39:27.715 15 RALLYDEBUG rally_openstack.cleanup.manager [-] Deleting neutron.port object s_rally_3ee6687d_hYRURFCI (e75f8e7f-574f-404a-ace6-11e1dcf6387b)
2019-12-12 00:39:27.780 15 RALLYDEBUG rally_openstack.cleanup.manager [-] Deleting neutron.port object s_rally_3ee6687d_dX8FvBWz (e8d90197-58d3-490b-9892-542d146be54c)
2019-12-12 00:39:27.882 15 RALLYDEBUG rally_openstack.cleanup.manager [-] Deleting neutron.port object s_rally_3ee6687d_XEeD8KPS (e9666402-c3d7-4f5b-b259-f06f701bb1e1)
2019-12-12 00:39:28.283 15 RALLYDEBUG rally_openstack.cleanup.manager [-] Deleting neutron.port object s_rally_3ee6687d_XHVT4ldM (ea98d325-7def-4952-a277-a74cf21213da)
2019-12-12 00:39:28.305 15 RALLYDEBUG rally_openstack.cleanup.manager [-] Deleting neutron.port object s_rally_3ee6687d_6PPTvb98 (eac6a172-dd06-45ab-b1da-8c3cf31aee4d)
2019-12-12 00:39:28.392 15 RALLYDEBUG rally_openstack.cleanup.manager [-] Deleting neutron.port object s_rally_3ee6687d_453SJi35 (eb08d192-cc8b-4ad7-8ef6-50d74ad4a041)
2019-12-12 00:39:28.427 15 RALLYDEBUG rally_openstack.cleanup.manager [-] Deleting neutron.port object s_rally_3ee6687d_JZSxnA3p (eb0f5ede-1540-4c20-9789-5157b2b20564)
2019-12-12 00:39:28.438 15 RALLYDEBUG rally_openstack.cleanup.manager [-] Deleting neutron.port object s_rally_3ee6687d_0r08LuAa (ebc73bc5-1fd5-4222-bf25-b03f467e4a6d)
2019-12-12 00:39:28.443 15 RALLYDEBUG rally_openstack.cleanup.manager [-] Deleting neutron.port object s_rally_3ee6687d_Qv2sb4IZ (ec109587-1f38-4d34-8d50-ed5b21bb78a7)
2019-12-12 00:39:28.511 15 RALLYDEBUG rally_openstack.cleanup.manager [-] Deleting neutron.port object s_rally_3ee6687d_b4kYxepJ (ee0efa52-8809-41c9-a77f-ec4160d12aee)
2019-12-12 00:39:28.658 15 RALLYDEBUG rally_openstack.cleanup.manager [-] Deleting neutron.port object s_rally_3ee6687d_NcHMEfDJ (eeb7a156-07aa-4c96-a294-da3c6a1621e2)
2019-12-12 00:39:28.679 15 RALLYDEBUG rally_openstack.cleanup.manager [-] Deleting neutron.port object s_rally_3ee6687d_ZqU8cXcy (eecc741a-18cc-453d-9bd7-784e3417c93b)
2019-12-12 00:39:28.755 15 RALLYDEBUG rally_openstack.cleanup.manager [-] Deleting neutron.port object s_rally_3ee6687d_Xx2AxIDJ (eef8f6f6-c50f-4f54-8b6c-c0f84975f19e)
2019-12-12 00:39:28.821 15 RALLYDEBUG rally_openstack.cleanup.manager [-] Deleting neutron.port object s_rally_3ee6687d_tzApkccb (f120591d-746d-4b62-843d-7e250efcf028)
2019-12-12 00:39:29.018 15 RALLYDEBUG rally_openstack.cleanup.manager [-] Deleting neutron.port object s_rally_3ee6687d_eySdNQDI (f1840300-1a0c-4812-85c3-a2107b040b9f)
2019-12-12 00:39:29.035 15 RALLYDEBUG rally_openstack.cleanup.manager [-] Deleting neutron.port object s_rally_3ee6687d_qofH8cRV (f18e5024-60b8-41fe-b56d-21b1b7d6ead8)
2019-12-12 00:39:29.138 15 RALLYDEBUG rally_openstack.cleanup.manager [-] Deleting neutron.port object s_rally_3ee6687d_536Kjomz (f2ccade5-c3c7-4c93-890c-403ac00f21cd)
2019-12-12 00:39:29.149 15 RALLYDEBUG rally_openstack.cleanup.manager [-] Deleting neutron.port object s_rally_3ee6687d_GR61FXce (f46a84ef-3718-4402-a857-1d6e2230b8eb)
2019-12-12 00:39:29.165 15 RALLYDEBUG rally_openstack.cleanup.manager [-] Deleting neutron.port object s_rally_3ee6687d_RMzycHAQ (f487a5a1-394c-4c31-b2cb-baa2fd82daa9)
2019-12-12 00:39:29.232 15 RALLYDEBUG rally_openstack.cleanup.manager [-] Deleting neutron.port object s_rally_3ee6687d_5TksVfmn (f749cb74-1096-41ef-bf42-ec4286b566ba)
2019-12-12 00:39:29.548 15 RALLYDEBUG rally_openstack.cleanup.manager [-] Deleting neutron.port object s_rally_3ee6687d_rwGErGMW (f79a6681-98b1-4f78-8f64-fce0ffdfe467)
2019-12-12 00:39:29.783 15 RALLYDEBUG rally_openstack.cleanup.manager [-] Deleting neutron.port object s_rally_3ee6687d_adeg57g6 (f870001e-2651-4bfe-b6d1-ef3857c34a35)
2019-12-12 00:39:29.842 15 RALLYDEBUG rally_openstack.cleanup.manager [-] Deleting neutron.port object s_rally_3ee6687d_hM6xZytf (f8c639f5-1e25-4679-ad94-b62cfd889f66)
2019-12-12 00:39:30.308 15 RALLYDEBUG rally_openstack.cleanup.manager [-] Deleting neutron.port object s_rally_3ee6687d_frLODS4m (f9494a3b-208f-4f01-89ec-0eca6ae0ef2c)
2019-12-12 00:39:30.326 15 RALLYDEBUG rally_openstack.cleanup.manager [-] Deleting neutron.port object s_rally_3ee6687d_IAbN2vrk (f9a38ea5-ddec-484a-8b05-1a37e8c636bb)
2019-12-12 00:39:30.436 15 RALLYDEBUG rally_openstack.cleanup.manager [-] Deleting neutron.port object s_rally_3ee6687d_JNyzlK9x (f9e3571f-daf9-4b84-ba57-f5424da7564f)
2019-12-12 00:39:30.453 15 RALLYDEBUG rally_openstack.cleanup.manager [-] Deleting neutron.port object s_rally_3ee6687d_8NvQGxnW (fc26e1e2-bbf8-44f5-8778-669800a14b9d)
2019-12-12 00:39:30.516 15 RALLYDEBUG rally_openstack.cleanup.manager [-] Deleting neutron.port object s_rally_3ee6687d_wvkjoMy5 (fc386f82-a41d-47aa-9479-3cea79d7b987)
2019-12-12 00:39:30.645 15 RALLYDEBUG rally_openstack.cleanup.manager [-] Deleting neutron.port object s_rally_3ee6687d_qs2bN3UE (fca54970-8748-46d3-9ca7-ea30587eee43)
2019-12-12 00:39:30.654 15 RALLYDEBUG rally_openstack.cleanup.manager [-] Deleting neutron.port object s_rally_3ee6687d_k5JqAJL5 (fcfd147e-fb36-4644-9c56-6e9c23338464)
2019-12-12 00:39:30.763 15 RALLYDEBUG rally_openstack.cleanup.manager [-] Deleting neutron.port object s_rally_3ee6687d_v212QDaW (fd24b384-ba6d-4ddf-b985-8666be3638b6)
2019-12-12 00:39:30.957 15 RALLYDEBUG rally_openstack.cleanup.manager [-] Deleting neutron.port object s_rally_3ee6687d_jxRJUo52 (fe2b53be-abbb-4d5c-ba26-f4cb82c1cf35)
2019-12-12 00:39:30.978 15 RALLYDEBUG rally_openstack.cleanup.manager [-] Deleting neutron.port object s_rally_3ee6687d_YtFM73Fq (feb865b7-ab14-448c-b3a7-e892a1ba85f5)
2019-12-12 00:39:33.463 15 RALLYDEBUG rally_openstack.cleanup.manager [-] Cleaning up neutron subnet objects
2019-12-12 00:39:33.686 15 RALLYDEBUG rally_openstack.cleanup.manager [-] Cleaning up neutron network objects
2019-12-12 00:39:34.034 15 RALLYDEBUG rally_openstack.cleanup.manager [-] Deleting neutron.network object s_rally_3ee6687d_22P9k0JC (02df15b3-0bea-41d6-85db-ecc2c2adb8da)
2019-12-12 00:39:34.044 15 RALLYDEBUG rally_openstack.cleanup.manager [-] Deleting neutron.network object s_rally_3ee6687d_Y4DkgJTG (1933b02d-296a-420a-9803-46b1763b23de)
2019-12-12 00:39:34.048 15 RALLYDEBUG rally_openstack.cleanup.manager [-] Deleting neutron.network object s_rally_3ee6687d_Ug1h0rSr (54b99d19-de63-48fc-ba66-247f55b1ddbf)
2019-12-12 00:39:34.057 15 RALLYDEBUG rally_openstack.cleanup.manager [-] Deleting neutron.network object s_rally_3ee6687d_vtCU0WJb (7418e4f8-6a8a-4f61-92c9-52c5d828457c)
2019-12-12 00:39:34.068 15 RALLYDEBUG rally_openstack.cleanup.manager [-] Deleting neutron.network object s_rally_3ee6687d_c2s64cqD (8cea49de-af89-4b04-9a2e-d6b1664b768b)
2019-12-12 00:39:34.077 15 RALLYDEBUG rally_openstack.cleanup.manager [-] Deleting neutron.network object s_rally_3ee6687d_cnKMcPw2 (c395884c-a488-48e4-96ed-0284dea31a8e)
2019-12-12 00:39:34.086 15 RALLYDEBUG rally_openstack.cleanup.manager [-] Deleting neutron.network object s_rally_3ee6687d_UzRPyYT7 (d5c46ca3-07e9-47a3-857d-aa61d4f862b5)
2019-12-12 00:39:34.101 15 RALLYDEBUG rally_openstack.cleanup.manager [-] Deleting neutron.network object s_rally_3ee6687d_gxkATQqV (e9bd6814-eabf-4734-a49a-731c529c3e9f)
2019-12-12 00:39:37.140 15 RALLYDEBUG rally_openstack.cleanup.manager [-] Cleaning up neutron router objects
2019-12-12 00:39:37.405 15 RALLYDEBUG rally_openstack.cleanup.manager [-] Cleaning up neutron security_group objects
2019-12-12 00:39:37.794 15 INFO rally.task.context [-] Task 1f17d7a0-af17-47b4-8697-ed594432680c | Context cleanup@openstack cleanup() finished in 53.94 sec
2019-12-12 00:39:37.795 15 INFO rally.task.context [-] Task 1f17d7a0-af17-47b4-8697-ed594432680c | Context quotas@openstack cleanup() started
2019-12-12 00:39:37.855 15 INFO rally.task.context [-] Task 1f17d7a0-af17-47b4-8697-ed594432680c | Context quotas@openstack cleanup() finished in 60.15 msec
2019-12-12 00:39:37.855 15 INFO rally.task.context [-] Task 1f17d7a0-af17-47b4-8697-ed594432680c | Context users@openstack cleanup() started
2019-12-12 00:39:39.199 15 INFO rally.task.context [-] Task 1f17d7a0-af17-47b4-8697-ed594432680c | Context users@openstack cleanup() finished in 1.34 sec
2019-12-12 00:39:40.507 15 INFO rally.task.engine [-] Load duration is: 175.019977
2019-12-12 00:39:40.508 15 INFO rally.task.engine [-] Full runner duration is: 175.065271
2019-12-12 00:39:40.508 15 INFO rally.task.engine [-] Full duration is: 231.603312
2019-12-12 00:39:40.589 15 INFO rally.task.engine [-] Running workload: position = 1 config = { "version": 2, "title": "A cropped version of a bigger task.", "description": "Auto-generated task from a single workload (uuid=4a651433-02b5-473a-9237-897752e0d6a1)", "subtasks": [ { "title": "NeutronNetworks.create_and_update_ports", "description": "Create and update a given number of ports.", "scenario": { "NeutronNetworks.create_and_update_ports": { "network_create_args": {}, "port_create_args": {}, "ports_per_network": 5, "port_update_args": { "admin_state_up": false, "device_id": "dummy_id", "device_owner": "dummy_owner", "name": "_port_updated" } } }, "contexts": { "users": { "tenants": 1, "users_per_tenant": 1 }, "quotas": { "neutron": { "network": -1, "port": -1 } } }, "runner": { "constant": { "times": 40, "concurrency": 20 } }, "hooks": [], "sla": { "failure_rate": { "max": 0 } } } ] }
2019-12-12 00:39:40.611 15 RALLYDEBUG rally_openstack.contexts.keystone.users [-] Creating 1 tenants using 20 threads
2019-12-12 00:39:40.980 15 RALLYDEBUG rally_openstack.contexts.keystone.users [-] Creating 1 users using 20 threads
2019-12-12 00:39:41.429 15 INFO rally.task.context [-] Task 1f17d7a0-af17-47b4-8697-ed594432680c | Context users@openstack setup() finished in 0.82 sec
2019-12-12 00:39:41.774 15 INFO rally.task.context [-] Task 1f17d7a0-af17-47b4-8697-ed594432680c | Context quotas@openstack setup() finished in 0.34 sec
2019-12-12 00:39:41.775 15 INFO rally.task.context [-] Task 1f17d7a0-af17-47b4-8697-ed594432680c | Context cleanup@openstack setup() finished in 0.01 msec
2019-12-12 00:39:41.784 15 RALLYDEBUG rally.task.runner [-] Starting the constant runner (task UUID: 1f17d7a0-af17-47b4-8697-ed594432680c). timeout: 0 concurrency: 20 concurrency_per_worker: 1 times: 40 concurrency_overhead: 0 processes_to_start: 20 max_cpu_used: 88
2019-12-12 00:39:41.799 4199 RALLYDEBUG rally.task.runner [-] Starting a worker. concurrency: 1 args: {"network_create_args": {}, "port_create_args": {}, "ports_per_network": 5, "port_update_args": {"admin_state_up": false, "device_id": "dummy_id", "device_owner": "dummy_owner", "name": "_port_updated"}} times: 40 method_name: run timeout: 0 duration: None cls:
2019-12-12 00:39:41.802 4200 RALLYDEBUG rally.task.runner [-] Starting a worker. concurrency: 1 args: {"network_create_args": {}, "port_create_args": {}, "ports_per_network": 5, "port_update_args": {"admin_state_up": false, "device_id": "dummy_id", "device_owner": "dummy_owner", "name": "_port_updated"}} times: 40 method_name: run timeout: 0 duration: None cls:
2019-12-12 00:39:41.804 4201 RALLYDEBUG rally.task.runner [-] Starting a worker. concurrency: 1 args: {"network_create_args": {}, "port_create_args": {}, "ports_per_network": 5, "port_update_args": {"admin_state_up": false, "device_id": "dummy_id", "device_owner": "dummy_owner", "name": "_port_updated"}} times: 40 method_name: run timeout: 0 duration: None cls:
2019-12-12 00:39:41.806 4199 INFO rally.task.runner [-] Task 1f17d7a0-af17-47b4-8697-ed594432680c | ITER: 1 START
2019-12-12 00:39:41.807 4199 WARNING rally_openstack.scenarios.neutron.utils [-] Running this scenario without either the 'network' or 'existing_network' context is deprecated
2019-12-12 00:39:41.807 4202 RALLYDEBUG rally.task.runner [-] Starting a worker. concurrency: 1 args: {"network_create_args": {}, "port_create_args": {}, "ports_per_network": 5, "port_update_args": {"admin_state_up": false, "device_id": "dummy_id", "device_owner": "dummy_owner", "name": "_port_updated"}} times: 40 method_name: run timeout: 0 duration: None cls:
2019-12-12 00:39:41.808 4200 INFO rally.task.runner [-] Task 1f17d7a0-af17-47b4-8697-ed594432680c | ITER: 2 START
2019-12-12 00:39:41.809 4200 WARNING rally_openstack.scenarios.neutron.utils [-] Running this scenario without either the 'network' or 'existing_network' context is deprecated
2019-12-12 00:39:41.809 4203 RALLYDEBUG rally.task.runner [-] Starting a worker. concurrency: 1 args: {"network_create_args": {}, "port_create_args": {}, "ports_per_network": 5, "port_update_args": {"admin_state_up": false, "device_id": "dummy_id", "device_owner": "dummy_owner", "name": "_port_updated"}} times: 40 method_name: run timeout: 0 duration: None cls:
2019-12-12 00:39:41.810 4201 INFO rally.task.runner [-] Task 1f17d7a0-af17-47b4-8697-ed594432680c | ITER: 3 START
2019-12-12 00:39:41.811 4201 WARNING rally_openstack.scenarios.neutron.utils [-] Running this scenario without either the 'network' or 'existing_network' context is deprecated
2019-12-12 00:39:41.812 4205 RALLYDEBUG rally.task.runner [-] Starting a worker. concurrency: 1 args: {"network_create_args": {}, "port_create_args": {}, "ports_per_network": 5, "port_update_args": {"admin_state_up": false, "device_id": "dummy_id", "device_owner": "dummy_owner", "name": "_port_updated"}} times: 40 method_name: run timeout: 0 duration: None cls:
2019-12-12 00:39:41.813 4202 INFO rally.task.runner [-] Task 1f17d7a0-af17-47b4-8697-ed594432680c | ITER: 4 START
2019-12-12 00:39:41.814 4202 WARNING rally_openstack.scenarios.neutron.utils [-] Running this scenario without either the 'network' or 'existing_network' context is deprecated
2019-12-12 00:39:41.814 4209 RALLYDEBUG rally.task.runner [-] Starting a worker. concurrency: 1 args: {"network_create_args": {}, "port_create_args": {}, "ports_per_network": 5, "port_update_args": {"admin_state_up": false, "device_id": "dummy_id", "device_owner": "dummy_owner", "name": "_port_updated"}} times: 40 method_name: run timeout: 0 duration: None cls:
2019-12-12 00:39:41.815 4203 INFO rally.task.runner [-] Task 1f17d7a0-af17-47b4-8697-ed594432680c | ITER: 5 START
2019-12-12 00:39:41.817 4203 WARNING rally_openstack.scenarios.neutron.utils [-] Running this scenario without either the 'network' or 'existing_network' context is deprecated
2019-12-12 00:39:41.817 4212 RALLYDEBUG rally.task.runner [-] Starting a worker. concurrency: 1 args: {"network_create_args": {}, "port_create_args": {}, "ports_per_network": 5, "port_update_args": {"admin_state_up": false, "device_id": "dummy_id", "device_owner": "dummy_owner", "name": "_port_updated"}} times: 40 method_name: run timeout: 0 duration: None cls:
2019-12-12 00:39:41.818 4205 INFO rally.task.runner [-] Task 1f17d7a0-af17-47b4-8697-ed594432680c | ITER: 6 START
2019-12-12 00:39:41.819 4205 WARNING rally_openstack.scenarios.neutron.utils [-] Running this scenario without either the 'network' or 'existing_network' context is deprecated
2019-12-12 00:39:41.820 4215 RALLYDEBUG rally.task.runner [-] Starting a worker. concurrency: 1 args: {"network_create_args": {}, "port_create_args": {}, "ports_per_network": 5, "port_update_args": {"admin_state_up": false, "device_id": "dummy_id", "device_owner": "dummy_owner", "name": "_port_updated"}} times: 40 method_name: run timeout: 0 duration: None cls:
2019-12-12 00:39:41.821 4209 INFO rally.task.runner [-] Task 1f17d7a0-af17-47b4-8697-ed594432680c | ITER: 7 START
2019-12-12 00:39:41.822 4209 WARNING rally_openstack.scenarios.neutron.utils [-] Running this scenario without either the 'network' or 'existing_network' context is deprecated
2019-12-12 00:39:41.822 4218 RALLYDEBUG rally.task.runner [-] Starting a worker. concurrency: 1 args: {"network_create_args": {}, "port_create_args": {}, "ports_per_network": 5, "port_update_args": {"admin_state_up": false, "device_id": "dummy_id", "device_owner": "dummy_owner", "name": "_port_updated"}} times: 40 method_name: run timeout: 0 duration: None cls:
2019-12-12 00:39:41.824 4212 INFO rally.task.runner [-] Task 1f17d7a0-af17-47b4-8697-ed594432680c | ITER: 8 START
2019-12-12 00:39:41.825 4212 WARNING rally_openstack.scenarios.neutron.utils [-] Running this scenario without either the 'network' or 'existing_network' context is deprecated
2019-12-12 00:39:41.825 4221 RALLYDEBUG rally.task.runner [-] Starting a worker. concurrency: 1 args: {"network_create_args": {}, "port_create_args": {}, "ports_per_network": 5, "port_update_args": {"admin_state_up": false, "device_id": "dummy_id", "device_owner": "dummy_owner", "name": "_port_updated"}} times: 40 method_name: run timeout: 0 duration: None cls:
2019-12-12 00:39:41.826 4215 INFO rally.task.runner [-] Task 1f17d7a0-af17-47b4-8697-ed594432680c | ITER: 9 START
2019-12-12 00:39:41.827 4215 WARNING rally_openstack.scenarios.neutron.utils [-] Running this scenario without either the 'network' or 'existing_network' context is deprecated
2019-12-12 00:39:41.827 4224 RALLYDEBUG rally.task.runner [-] Starting a worker. concurrency: 1 args: {"network_create_args": {}, "port_create_args": {}, "ports_per_network": 5, "port_update_args": {"admin_state_up": false, "device_id": "dummy_id", "device_owner": "dummy_owner", "name": "_port_updated"}} times: 40 method_name: run timeout: 0 duration: None cls:
2019-12-12 00:39:41.829 4218 INFO rally.task.runner [-] Task 1f17d7a0-af17-47b4-8697-ed594432680c | ITER: 10 START
2019-12-12 00:39:41.830 4218 WARNING rally_openstack.scenarios.neutron.utils [-] Running this scenario without either the 'network' or 'existing_network' context is deprecated
2019-12-12 00:39:41.830 4227 RALLYDEBUG rally.task.runner [-] Starting a worker. concurrency: 1 args: {"network_create_args": {}, "port_create_args": {}, "ports_per_network": 5, "port_update_args": {"admin_state_up": false, "device_id": "dummy_id", "device_owner": "dummy_owner", "name": "_port_updated"}} times: 40 method_name: run timeout: 0 duration: None cls:
2019-12-12 00:39:41.831 4221 INFO rally.task.runner [-] Task 1f17d7a0-af17-47b4-8697-ed594432680c | ITER: 11 START
2019-12-12 00:39:41.832 4221 WARNING rally_openstack.scenarios.neutron.utils [-] Running this scenario without either the 'network' or 'existing_network' context is deprecated
2019-12-12 00:39:41.833 4230 RALLYDEBUG rally.task.runner [-] Starting a worker. concurrency: 1 args: {"network_create_args": {}, "port_create_args": {}, "ports_per_network": 5, "port_update_args": {"admin_state_up": false, "device_id": "dummy_id", "device_owner": "dummy_owner", "name": "_port_updated"}} times: 40 method_name: run timeout: 0 duration: None cls:
2019-12-12 00:39:41.833 4224 INFO rally.task.runner [-] Task 1f17d7a0-af17-47b4-8697-ed594432680c | ITER: 12 START
2019-12-12 00:39:41.834 4224 WARNING rally_openstack.scenarios.neutron.utils [-] Running this scenario without either the 'network' or 'existing_network' context is deprecated
2019-12-12 00:39:41.835 4236 RALLYDEBUG rally.task.runner [-] Starting a worker. concurrency: 1 args: {"network_create_args": {}, "port_create_args": {}, "ports_per_network": 5, "port_update_args": {"admin_state_up": false, "device_id": "dummy_id", "device_owner": "dummy_owner", "name": "_port_updated"}} times: 40 method_name: run timeout: 0 duration: None cls:
2019-12-12 00:39:41.836 4233 RALLYDEBUG rally.task.runner [-] Starting a worker. concurrency: 1 args: {"network_create_args": {}, "port_create_args": {}, "ports_per_network": 5, "port_update_args": {"admin_state_up": false, "device_id": "dummy_id", "device_owner": "dummy_owner", "name": "_port_updated"}} times: 40 method_name: run timeout: 0 duration: None cls:
2019-12-12 00:39:41.836 4227 INFO rally.task.runner [-] Task 1f17d7a0-af17-47b4-8697-ed594432680c | ITER: 13 START
2019-12-12 00:39:41.838 4227 WARNING rally_openstack.scenarios.neutron.utils [-] Running this scenario without either the 'network' or 'existing_network' context is deprecated
2019-12-12 00:39:41.839 4230 INFO rally.task.runner [-] Task 1f17d7a0-af17-47b4-8697-ed594432680c | ITER: 14 START
2019-12-12 00:39:41.840 4236 INFO rally.task.runner [-] Task 1f17d7a0-af17-47b4-8697-ed594432680c | ITER: 15 START
2019-12-12 00:39:41.840 4230 WARNING rally_openstack.scenarios.neutron.utils [-] Running this scenario without either the 'network' or 'existing_network' context is deprecated
2019-12-12 00:39:41.841 4236 WARNING rally_openstack.scenarios.neutron.utils [-] Running this scenario without either the 'network' or 'existing_network' context is deprecated
2019-12-12 00:39:41.841 4239 RALLYDEBUG rally.task.runner [-] Starting a worker. concurrency: 1 args: {"network_create_args": {}, "port_create_args": {}, "ports_per_network": 5, "port_update_args": {"admin_state_up": false, "device_id": "dummy_id", "device_owner": "dummy_owner", "name": "_port_updated"}} times: 40 method_name: run timeout: 0 duration: None cls:
2019-12-12 00:39:41.841 4242 RALLYDEBUG rally.task.runner [-] Starting a worker. concurrency: 1 args: {"network_create_args": {}, "port_create_args": {}, "ports_per_network": 5, "port_update_args": {"admin_state_up": false, "device_id": "dummy_id", "device_owner": "dummy_owner", "name": "_port_updated"}} times: 40 method_name: run timeout: 0 duration: None cls:
2019-12-12 00:39:41.842 4233 INFO rally.task.runner [-] Task 1f17d7a0-af17-47b4-8697-ed594432680c | ITER: 16 START
2019-12-12 00:39:41.843 4233 WARNING rally_openstack.scenarios.neutron.utils [-] Running this scenario without either the 'network' or 'existing_network' context is deprecated
2019-12-12 00:39:41.846 4247 RALLYDEBUG rally.task.runner [-] Starting a worker. concurrency: 1 args: {"network_create_args": {}, "port_create_args": {}, "ports_per_network": 5, "port_update_args": {"admin_state_up": false, "device_id": "dummy_id", "device_owner": "dummy_owner", "name": "_port_updated"}} times: 40 method_name: run timeout: 0 duration: None cls:
2019-12-12 00:39:41.846 4242 INFO rally.task.runner [-] Task 1f17d7a0-af17-47b4-8697-ed594432680c | ITER: 17 START
2019-12-12 00:39:41.847 4242 WARNING rally_openstack.scenarios.neutron.utils [-] Running this scenario without either the 'network' or 'existing_network' context is deprecated
2019-12-12 00:39:41.848 4239 INFO rally.task.runner [-] Task 1f17d7a0-af17-47b4-8697-ed594432680c | ITER: 18 START
2019-12-12 00:39:41.848 4250 RALLYDEBUG rally.task.runner [-] Starting a worker. concurrency: 1 args: {"network_create_args": {}, "port_create_args": {}, "ports_per_network": 5, "port_update_args": {"admin_state_up": false, "device_id": "dummy_id", "device_owner": "dummy_owner", "name": "_port_updated"}} times: 40 method_name: run timeout: 0 duration: None cls:
2019-12-12 00:39:41.849 4239 WARNING rally_openstack.scenarios.neutron.utils [-] Running this scenario without either the 'network' or 'existing_network' context is deprecated
2019-12-12 00:39:41.851 4247 INFO rally.task.runner [-] Task 1f17d7a0-af17-47b4-8697-ed594432680c | ITER: 19 START
2019-12-12 00:39:41.853 4247 WARNING rally_openstack.scenarios.neutron.utils [-] Running this scenario without either the 'network' or 'existing_network' context is deprecated
2019-12-12 00:39:41.853 4250 INFO rally.task.runner [-] Task 1f17d7a0-af17-47b4-8697-ed594432680c | ITER: 20 START
2019-12-12 00:39:41.855 4250 WARNING rally_openstack.scenarios.neutron.utils [-] Running this scenario without either the 'network' or 'existing_network' context is deprecated
2019-12-12 00:39:52.205 4227 INFO rally.task.runner [-] Task 1f17d7a0-af17-47b4-8697-ed594432680c | ITER: 13 END: OK
2019-12-12 00:39:52.210 4227 INFO rally.task.runner [-] Task 1f17d7a0-af17-47b4-8697-ed594432680c | ITER: 21 START
2019-12-12 00:39:52.211 4227 WARNING rally_openstack.scenarios.neutron.utils [-] Running this scenario without either the 'network' or 'existing_network' context is deprecated
2019-12-12 00:39:54.397 4239 INFO rally.task.runner [-] Task 1f17d7a0-af17-47b4-8697-ed594432680c | ITER: 18 END: OK
2019-12-12 00:39:54.403 4239 INFO rally.task.runner [-] Task 1f17d7a0-af17-47b4-8697-ed594432680c | ITER: 22 START
2019-12-12 00:39:54.404 4239 WARNING rally_openstack.scenarios.neutron.utils [-] Running this scenario without either the 'network' or 'existing_network' context is deprecated
2019-12-12 00:39:55.960 4247 INFO rally.task.runner [-] Task 1f17d7a0-af17-47b4-8697-ed594432680c | ITER: 19 END: OK
2019-12-12 00:39:55.964 4247 INFO rally.task.runner [-] Task 1f17d7a0-af17-47b4-8697-ed594432680c | ITER: 23 START
2019-12-12 00:39:55.965 4247 WARNING rally_openstack.scenarios.neutron.utils [-] Running this scenario without either the 'network' or 'existing_network' context is deprecated
2019-12-12 00:39:58.295 4221 INFO rally.task.runner [-] Task 1f17d7a0-af17-47b4-8697-ed594432680c | ITER: 11 END: OK
2019-12-12 00:39:58.301 4221 INFO rally.task.runner [-] Task 1f17d7a0-af17-47b4-8697-ed594432680c | ITER: 24 START
2019-12-12 00:39:58.301 4221 WARNING rally_openstack.scenarios.neutron.utils [-] Running this scenario without either the 'network' or 'existing_network' context is deprecated
2019-12-12 00:39:58.428 4218 INFO rally.task.runner [-] Task 1f17d7a0-af17-47b4-8697-ed594432680c | ITER: 10 END: OK
2019-12-12 00:39:58.432 4218 INFO rally.task.runner [-] Task 1f17d7a0-af17-47b4-8697-ed594432680c | ITER: 25 START
2019-12-12 00:39:58.433 4218 WARNING rally_openstack.scenarios.neutron.utils [-] Running this scenario without either the 'network' or 'existing_network' context is deprecated
2019-12-12 00:39:58.813 4201 INFO rally.task.runner [-] Task 1f17d7a0-af17-47b4-8697-ed594432680c | ITER: 3 END: OK
2019-12-12 00:39:58.818 4201 INFO rally.task.runner [-] Task 1f17d7a0-af17-47b4-8697-ed594432680c | ITER: 26 START
2019-12-12 00:39:58.819 4201 WARNING rally_openstack.scenarios.neutron.utils [-] Running this scenario without either the 'network' or 'existing_network' context is deprecated
2019-12-12 00:40:01.597 4199 INFO rally.task.runner [-] Task 1f17d7a0-af17-47b4-8697-ed594432680c | ITER: 1 END: OK
2019-12-12 00:40:01.602 4199 INFO rally.task.runner [-] Task 1f17d7a0-af17-47b4-8697-ed594432680c | ITER: 27 START
2019-12-12 00:40:01.602 4199 WARNING rally_openstack.scenarios.neutron.utils [-] Running this scenario without either the 'network' or 'existing_network' context is deprecated
2019-12-12 00:40:01.716 4203 INFO rally.task.runner [-] Task 1f17d7a0-af17-47b4-8697-ed594432680c | ITER: 5 END: OK
2019-12-12 00:40:01.721 4203 INFO rally.task.runner [-] Task 1f17d7a0-af17-47b4-8697-ed594432680c | ITER: 28 START
2019-12-12 00:40:01.721 4203 WARNING rally_openstack.scenarios.neutron.utils [-] Running this scenario without either the 'network' or 'existing_network' context is deprecated
2019-12-12 00:40:02.007 4200 INFO rally.task.runner [-] Task 1f17d7a0-af17-47b4-8697-ed594432680c | ITER: 2 END: OK
2019-12-12 00:40:02.013 4200 INFO rally.task.runner [-] Task 1f17d7a0-af17-47b4-8697-ed594432680c | ITER: 29 START
2019-12-12 00:40:02.014 4200 WARNING rally_openstack.scenarios.neutron.utils [-] Running this scenario without either the 'network' or 'existing_network' context is deprecated
2019-12-12 00:40:02.016 4215 INFO rally.task.runner [-] Task 1f17d7a0-af17-47b4-8697-ed594432680c | ITER: 9 END: OK
2019-12-12 00:40:02.021 4215 INFO rally.task.runner [-] Task 1f17d7a0-af17-47b4-8697-ed594432680c | ITER: 30 START
2019-12-12 00:40:02.022 4215 WARNING rally_openstack.scenarios.neutron.utils [-] Running this scenario without either the 'network' or 'existing_network' context is deprecated
2019-12-12 00:40:02.075 4236 INFO rally.task.runner [-] Task 1f17d7a0-af17-47b4-8697-ed594432680c | ITER: 15 END: OK
2019-12-12 00:40:02.079 4236 INFO rally.task.runner [-] Task 1f17d7a0-af17-47b4-8697-ed594432680c | ITER: 31 START
2019-12-12 00:40:02.080 4236 WARNING rally_openstack.scenarios.neutron.utils [-] Running this scenario without either the 'network' or 'existing_network' context is deprecated
2019-12-12 00:40:02.224 4212 INFO rally.task.runner [-] Task 1f17d7a0-af17-47b4-8697-ed594432680c | ITER: 8 END: OK
2019-12-12 00:40:02.229 4212 INFO rally.task.runner [-] Task 1f17d7a0-af17-47b4-8697-ed594432680c | ITER: 32 START
2019-12-12 00:40:02.230 4212 WARNING rally_openstack.scenarios.neutron.utils [-] Running this scenario without either the 'network' or 'existing_network' context is deprecated
2019-12-12 00:40:02.445 4250 INFO rally.task.runner [-] Task 1f17d7a0-af17-47b4-8697-ed594432680c | ITER: 20 END: OK
2019-12-12 00:40:02.450 4250 INFO rally.task.runner [-] Task 1f17d7a0-af17-47b4-8697-ed594432680c | ITER: 33 START
2019-12-12 00:40:02.450 4250 WARNING rally_openstack.scenarios.neutron.utils [-] Running this scenario without either the 'network' or 'existing_network' context is deprecated
2019-12-12 00:40:02.856 4205 INFO rally.task.runner [-] Task 1f17d7a0-af17-47b4-8697-ed594432680c | ITER: 6 END: OK
2019-12-12 00:40:02.860 4205 INFO rally.task.runner [-] Task 1f17d7a0-af17-47b4-8697-ed594432680c | ITER: 34 START
2019-12-12 00:40:02.861 4205 WARNING rally_openstack.scenarios.neutron.utils [-] Running this scenario without either the 'network' or 'existing_network' context is deprecated
2019-12-12 00:40:03.223 4242 INFO rally.task.runner [-] Task 1f17d7a0-af17-47b4-8697-ed594432680c | ITER: 17 END: OK
2019-12-12 00:40:03.228 4242 INFO rally.task.runner [-] Task 1f17d7a0-af17-47b4-8697-ed594432680c | ITER: 35 START
2019-12-12 00:40:03.229 4242 WARNING rally_openstack.scenarios.neutron.utils [-] Running this scenario without either the 'network' or 'existing_network' context is deprecated
2019-12-12 00:40:04.637 4202 INFO rally.task.runner [-] Task 1f17d7a0-af17-47b4-8697-ed594432680c | ITER: 4 END: OK
2019-12-12 00:40:04.642 4202 INFO rally.task.runner [-] Task 1f17d7a0-af17-47b4-8697-ed594432680c | ITER: 36 START
2019-12-12 00:40:04.643 4202 WARNING rally_openstack.scenarios.neutron.utils [-] Running this scenario without either the 'network' or 'existing_network' context is deprecated
2019-12-12 00:40:04.685 4209 INFO rally.task.runner [-] Task 1f17d7a0-af17-47b4-8697-ed594432680c | ITER: 7 END: OK
2019-12-12 00:40:04.689 4209 INFO rally.task.runner [-] Task 1f17d7a0-af17-47b4-8697-ed594432680c | ITER: 37 START
2019-12-12 00:40:04.690 4209 WARNING rally_openstack.scenarios.neutron.utils [-] Running this scenario without either the 'network' or 'existing_network' context is deprecated
2019-12-12 00:40:05.735 4224 INFO rally.task.runner [-] Task 1f17d7a0-af17-47b4-8697-ed594432680c | ITER: 12 END: OK
2019-12-12 00:40:05.740 4224 INFO rally.task.runner [-] Task 1f17d7a0-af17-47b4-8697-ed594432680c | ITER: 38 START
2019-12-12 00:40:05.741 4224 WARNING rally_openstack.scenarios.neutron.utils [-] Running this scenario without either the 'network' or 'existing_network' context is deprecated
2019-12-12 00:40:06.837 4233 INFO rally.task.runner [-] Task 1f17d7a0-af17-47b4-8697-ed594432680c | ITER: 16 END: OK
2019-12-12 00:40:06.842 4233 INFO rally.task.runner [-] Task 1f17d7a0-af17-47b4-8697-ed594432680c | ITER: 39 START
2019-12-12 00:40:06.843 4233 WARNING rally_openstack.scenarios.neutron.utils [-] Running this scenario without either the 'network' or 'existing_network' context is deprecated
2019-12-12 00:40:07.073 4230 INFO rally.task.runner [-] Task 1f17d7a0-af17-47b4-8697-ed594432680c | ITER: 14 END: OK
2019-12-12 00:40:07.078 4230 INFO rally.task.runner [-] Task 1f17d7a0-af17-47b4-8697-ed594432680c | ITER: 40 START
2019-12-12 00:40:07.079 4230 WARNING rally_openstack.scenarios.neutron.utils [-] Running this scenario without either the 'network' or 'existing_network' context is deprecated
2019-12-12 00:40:12.321 4239 INFO rally.task.runner [-] Task 1f17d7a0-af17-47b4-8697-ed594432680c | ITER: 22 END: OK
2019-12-12 00:40:13.228 4227 INFO rally.task.runner [-] Task 1f17d7a0-af17-47b4-8697-ed594432680c | ITER: 21 END: OK
2019-12-12 00:40:13.623 4215 INFO rally.task.runner [-] Task 1f17d7a0-af17-47b4-8697-ed594432680c | ITER: 30 END: OK
2019-12-12 00:40:14.761 4247 INFO rally.task.runner [-] Task 1f17d7a0-af17-47b4-8697-ed594432680c | ITER: 23 END: OK
2019-12-12 00:40:15.305 4221 INFO rally.task.runner [-] Task 1f17d7a0-af17-47b4-8697-ed594432680c | ITER: 24 END: OK
2019-12-12 00:40:16.299 4201 INFO rally.task.runner [-] Task 1f17d7a0-af17-47b4-8697-ed594432680c | ITER: 26 END: OK
2019-12-12 00:40:16.402 4203 INFO rally.task.runner [-] Task 1f17d7a0-af17-47b4-8697-ed594432680c | ITER: 28 END: OK
2019-12-12 00:40:17.967 4218 INFO rally.task.runner [-] Task 1f17d7a0-af17-47b4-8697-ed594432680c | ITER: 25 END: OK
2019-12-12 00:40:18.064 4250 INFO rally.task.runner [-] Task 1f17d7a0-af17-47b4-8697-ed594432680c | ITER: 33 END: OK
2019-12-12 00:40:18.248 4212 INFO rally.task.runner [-] Task 1f17d7a0-af17-47b4-8697-ed594432680c | ITER: 32 END: OK
2019-12-12 00:40:18.817 4199 INFO rally.task.runner [-] Task 1f17d7a0-af17-47b4-8697-ed594432680c | ITER: 27 END: OK
2019-12-12 00:40:19.468 4200 INFO rally.task.runner [-] Task 1f17d7a0-af17-47b4-8697-ed594432680c | ITER: 29 END: OK
2019-12-12 00:40:19.528 4236 INFO rally.task.runner [-] Task 1f17d7a0-af17-47b4-8697-ed594432680c | ITER: 31 END: OK
2019-12-12 00:40:19.632 4242 INFO rally.task.runner [-] Task 1f17d7a0-af17-47b4-8697-ed594432680c | ITER: 35 END: OK
2019-12-12 00:40:20.128 4202 INFO rally.task.runner [-] Task 1f17d7a0-af17-47b4-8697-ed594432680c | ITER: 36 END: OK
2019-12-12 00:40:20.878 4209 INFO rally.task.runner [-] Task 1f17d7a0-af17-47b4-8697-ed594432680c | ITER: 37 END: OK
2019-12-12 00:40:21.064 4205 INFO rally.task.runner [-] Task 1f17d7a0-af17-47b4-8697-ed594432680c | ITER: 34 END: OK
2019-12-12 00:40:21.170 4230 INFO rally.task.runner [-] Task 1f17d7a0-af17-47b4-8697-ed594432680c | ITER: 40 END: OK
2019-12-12 00:40:22.783 4233 INFO rally.task.runner [-] Task 1f17d7a0-af17-47b4-8697-ed594432680c | ITER: 39 END: OK
2019-12-12 00:40:23.084 4224 INFO rally.task.runner [-] Task 1f17d7a0-af17-47b4-8697-ed594432680c | ITER: 38 END: OK
2019-12-12 00:40:23.115 15 INFO rally.task.context [-] Task 1f17d7a0-af17-47b4-8697-ed594432680c | Context cleanup@openstack cleanup() started
2019-12-12 00:40:23.118 15 RALLYDEBUG rally_openstack.cleanup.manager [-] Cleaning up neutron vip objects
2019-12-12 00:40:23.312 15 RALLYDEBUG rally_openstack.cleanup.manager [-] Cleaning up neutron health_monitor objects
2019-12-12 00:40:26.519 15 RALLYDEBUG rally_openstack.cleanup.manager [-] Cleaning up neutron pool objects
2019-12-12 00:40:26.712 15 RALLYDEBUG rally_openstack.cleanup.manager [-] Cleaning up neutron loadbalancer objects
2019-12-12 00:40:29.905 15 RALLYDEBUG rally_openstack.cleanup.manager [-] Cleaning up neutron floatingip objects
2019-12-12 00:40:33.134 15 RALLYDEBUG rally_openstack.cleanup.manager [-] Cleaning up neutron trunk objects
2019-12-12 00:40:33.346 15 DEBUG neutronclient.v2_0.client [-] Error message: {"message": "The resource could not be found.

\n\n\n", "code": "404 Not Found", "title": "Not Found"} _handle_fault_response /usr/lib/python2.7/site-packages/neutronclient/v2_0/client.py:259
2019-12-12 00:40:33.355 15 RALLYDEBUG rally_openstack.cleanup.manager [-] Cleaning up neutron port objects
2019-12-12 00:40:34.159 15 RALLYDEBUG rally_openstack.cleanup.manager [-] Deleting neutron.port object s_rally_4a651433_hmlxK0bq (07a1f3af-6131-4116-9c9d-780dd5121797)
2019-12-12 00:40:34.166 15 RALLYDEBUG rally_openstack.cleanup.manager [-] Deleting neutron.port object s_rally_4a651433_Gilax9ew (07bb316e-b86c-4db9-8b1d-5d262512e1ae)
2019-12-12 00:40:34.172 15 RALLYDEBUG rally_openstack.cleanup.manager [-] Deleting neutron.port object s_rally_4a651433_OXJPgLpU (08b39bd1-8b84-4259-ab75-88e04334250f)
2019-12-12 00:40:34.175 15 RALLYDEBUG rally_openstack.cleanup.manager [-] Deleting neutron.port object s_rally_4a651433_hXWK9Oub (02c8a45a-75b4-4b2a-800d-130f11c55fb4)
2019-12-12 00:40:34.190 15 RALLYDEBUG rally_openstack.cleanup.manager [-] Deleting neutron.port object s_rally_4a651433_akMA9PYI (00c9b295-01fd-4627-991c-74dda3c777e1)
2019-12-12 00:40:34.192 15 RALLYDEBUG rally_openstack.cleanup.manager [-] Deleting neutron.port object s_rally_4a651433_yc1ZiLM9 (0c429c96-72b3-4464-9386-08036389ab51)
2019-12-12 00:40:34.236 15 RALLYDEBUG rally_openstack.cleanup.manager [-] Deleting neutron.port object s_rally_4a651433_OJ4aDXCy (0cfa0ed7-7759-4aab-9ee9-129ff958c5d3)
2019-12-12 00:40:34.244 15 RALLYDEBUG rally_openstack.cleanup.manager [-] Deleting neutron.port object s_rally_4a651433_csIII0x6 (0ab5ec7d-25b1-4e98-be5a-f4475717559d)
2019-12-12 00:40:34.251 15 RALLYDEBUG rally_openstack.cleanup.manager [-] Deleting neutron.port object s_rally_4a651433_KRDfAUMm (107d8cf8-5d5b-4516-be12-af98d5aca4df)
2019-12-12 00:40:34.264 15 RALLYDEBUG rally_openstack.cleanup.manager [-] Deleting neutron.port object s_rally_4a651433_dggcw5AF (18c01d00-ac52-48a9-ae00-99624b9f4171)
2019-12-12 00:40:34.288 15 RALLYDEBUG rally_openstack.cleanup.manager [-] Deleting neutron.port object s_rally_4a651433_etcFTAb1 (1b84de9f-9e51-4fa5-b37e-920a08dfbdde)
