2019-12-06 16:54:13.013 15 INFO rally.task.engine [-] Load duration is: 144.144217
2019-12-06 16:54:13.014 15 INFO rally.task.engine [-] Full runner duration is: 144.192784
2019-12-06 16:54:13.014 15 INFO rally.task.engine [-] Full duration is: 307.114643
2019-12-06 16:54:13.134 15 INFO rally.task.engine [-] Running workload: position = 2 config = { "version": 2, "title": "A cropped version of a bigger task.", "description": "Auto-generated task from a single workload (uuid=1e8cc271-4804-458c-a5e5-e56452c6c435)", "subtasks": [ { "title": "NeutronNetworks.create_and_delete_subnets", "description": "Create and delete a given number of subnets.", "scenario": { "NeutronNetworks.create_and_delete_subnets": { "network_create_args": {}, "subnet_create_args": {}, "subnet_cidr_start": "1.1.0.0/30", "subnets_per_network": 2 } }, "contexts": { "users": { "tenants": 1, "users_per_tenant": 1 }, "quotas": { "neutron": { "network": -1, "subnet": -1 } } }, "runner": { "constant": { "times": 40, "concurrency": 20 } }, "hooks": [], "sla": { "failure_rate": { "max": 0 } } } ] }
2019-12-06 16:54:13.148 15 RALLYDEBUG rally_openstack.contexts.keystone.users [-] Creating 1 tenants using 20 threads
2019-12-06 16:54:13.482 15 RALLYDEBUG rally_openstack.contexts.keystone.users [-] Creating 1 users using 20 threads
2019-12-06 16:54:13.909 15 INFO rally.task.context [-] Task a38cb504-469b-4d43-9a71-262dfaf88b68 | Context users@openstack setup() finished in 0.76 sec
2019-12-06 16:54:14.283 15 INFO rally.task.context [-] Task a38cb504-469b-4d43-9a71-262dfaf88b68 | Context quotas@openstack setup() finished in 0.37 sec
2019-12-06 16:54:14.284 15 INFO rally.task.context [-] Task a38cb504-469b-4d43-9a71-262dfaf88b68 | Context cleanup@openstack setup() finished in 0.12 msec
2019-12-06 16:54:14.294 15 RALLYDEBUG rally.task.runner [-] Starting the constant runner (task UUID: a38cb504-469b-4d43-9a71-262dfaf88b68). timeout: 0 concurrency: 20 concurrency_per_worker: 1 times: 40 concurrency_overhead: 0 processes_to_start: 20 max_cpu_used: 88
2019-12-06 16:54:14.311 2269 RALLYDEBUG rally.task.runner [-] Starting a worker. concurrency: 1 args: {"network_create_args": {}, "subnet_create_args": {}, "subnet_cidr_start": "1.1.0.0/30", "subnets_per_network": 2} times: 40 method_name: run timeout: 0 duration: None cls:
2019-12-06 16:54:14.314 2270 RALLYDEBUG rally.task.runner [-] Starting a worker. concurrency: 1 args: {"network_create_args": {}, "subnet_create_args": {}, "subnet_cidr_start": "1.1.0.0/30", "subnets_per_network": 2} times: 40 method_name: run timeout: 0 duration: None cls:
2019-12-06 16:54:14.316 2271 RALLYDEBUG rally.task.runner [-] Starting a worker. concurrency: 1 args: {"network_create_args": {}, "subnet_create_args": {}, "subnet_cidr_start": "1.1.0.0/30", "subnets_per_network": 2} times: 40 method_name: run timeout: 0 duration: None cls:
2019-12-06 16:54:14.319 2269 INFO rally.task.runner [-] Task a38cb504-469b-4d43-9a71-262dfaf88b68 | ITER: 1 START
2019-12-06 16:54:14.320 2269 WARNING rally_openstack.scenarios.neutron.utils [-] Running this scenario without either the 'network' or 'existing_network' context is deprecated
2019-12-06 16:54:14.319 2272 RALLYDEBUG rally.task.runner [-] Starting a worker. concurrency: 1 args: {"network_create_args": {}, "subnet_create_args": {}, "subnet_cidr_start": "1.1.0.0/30", "subnets_per_network": 2} times: 40 method_name: run timeout: 0 duration: None cls:
2019-12-06 16:54:14.320 2270 INFO rally.task.runner [-] Task a38cb504-469b-4d43-9a71-262dfaf88b68 | ITER: 2 START
2019-12-06 16:54:14.322 2270 WARNING rally_openstack.scenarios.neutron.utils [-] Running this scenario without either the 'network' or 'existing_network' context is deprecated
2019-12-06 16:54:14.323 2271 INFO rally.task.runner [-] Task a38cb504-469b-4d43-9a71-262dfaf88b68 | ITER: 3 START
2019-12-06 16:54:14.322 2273 RALLYDEBUG rally.task.runner [-] Starting a worker. concurrency: 1 args: {"network_create_args": {}, "subnet_create_args": {}, "subnet_cidr_start": "1.1.0.0/30", "subnets_per_network": 2} times: 40 method_name: run timeout: 0 duration: None cls:
2019-12-06 16:54:14.324 2271 WARNING rally_openstack.scenarios.neutron.utils [-] Running this scenario without either the 'network' or 'existing_network' context is deprecated
2019-12-06 16:54:14.324 2275 RALLYDEBUG rally.task.runner [-] Starting a worker. concurrency: 1 args: {"network_create_args": {}, "subnet_create_args": {}, "subnet_cidr_start": "1.1.0.0/30", "subnets_per_network": 2} times: 40 method_name: run timeout: 0 duration: None cls:
2019-12-06 16:54:14.326 2272 INFO rally.task.runner [-] Task a38cb504-469b-4d43-9a71-262dfaf88b68 | ITER: 4 START
2019-12-06 16:54:14.327 2272 WARNING rally_openstack.scenarios.neutron.utils [-] Running this scenario without either the 'network' or 'existing_network' context is deprecated
2019-12-06 16:54:14.327 2279 RALLYDEBUG rally.task.runner [-] Starting a worker. concurrency: 1 args: {"network_create_args": {}, "subnet_create_args": {}, "subnet_cidr_start": "1.1.0.0/30", "subnets_per_network": 2} times: 40 method_name: run timeout: 0 duration: None cls:
2019-12-06 16:54:14.329 2273 INFO rally.task.runner [-] Task a38cb504-469b-4d43-9a71-262dfaf88b68 | ITER: 5 START
2019-12-06 16:54:14.330 2273 WARNING rally_openstack.scenarios.neutron.utils [-] Running this scenario without either the 'network' or 'existing_network' context is deprecated
2019-12-06 16:54:14.331 2275 INFO rally.task.runner [-] Task a38cb504-469b-4d43-9a71-262dfaf88b68 | ITER: 6 START
2019-12-06 16:54:14.330 2282 RALLYDEBUG rally.task.runner [-] Starting a worker. concurrency: 1 args: {"network_create_args": {}, "subnet_create_args": {}, "subnet_cidr_start": "1.1.0.0/30", "subnets_per_network": 2} times: 40 method_name: run timeout: 0 duration: None cls:
2019-12-06 16:54:14.332 2275 WARNING rally_openstack.scenarios.neutron.utils [-] Running this scenario without either the 'network' or 'existing_network' context is deprecated
2019-12-06 16:54:14.333 2285 RALLYDEBUG rally.task.runner [-] Starting a worker. concurrency: 1 args: {"network_create_args": {}, "subnet_create_args": {}, "subnet_cidr_start": "1.1.0.0/30", "subnets_per_network": 2} times: 40 method_name: run timeout: 0 duration: None cls:
2019-12-06 16:54:14.334 2279 INFO rally.task.runner [-] Task a38cb504-469b-4d43-9a71-262dfaf88b68 | ITER: 7 START
2019-12-06 16:54:14.335 2279 WARNING rally_openstack.scenarios.neutron.utils [-] Running this scenario without either the 'network' or 'existing_network' context is deprecated
2019-12-06 16:54:14.336 2282 INFO rally.task.runner [-] Task a38cb504-469b-4d43-9a71-262dfaf88b68 | ITER: 8 START
2019-12-06 16:54:14.336 2288 RALLYDEBUG rally.task.runner [-] Starting a worker. concurrency: 1 args: {"network_create_args": {}, "subnet_create_args": {}, "subnet_cidr_start": "1.1.0.0/30", "subnets_per_network": 2} times: 40 method_name: run timeout: 0 duration: None cls:
2019-12-06 16:54:14.337 2282 WARNING rally_openstack.scenarios.neutron.utils [-] Running this scenario without either the 'network' or 'existing_network' context is deprecated
2019-12-06 16:54:14.338 2291 RALLYDEBUG rally.task.runner [-] Starting a worker. concurrency: 1 args: {"network_create_args": {}, "subnet_create_args": {}, "subnet_cidr_start": "1.1.0.0/30", "subnets_per_network": 2} times: 40 method_name: run timeout: 0 duration: None cls:
2019-12-06 16:54:14.339 2285 INFO rally.task.runner [-] Task a38cb504-469b-4d43-9a71-262dfaf88b68 | ITER: 9 START
2019-12-06 16:54:14.340 2285 WARNING rally_openstack.scenarios.neutron.utils [-] Running this scenario without either the 'network' or 'existing_network' context is deprecated
2019-12-06 16:54:14.342 2288 INFO rally.task.runner [-] Task a38cb504-469b-4d43-9a71-262dfaf88b68 | ITER: 10 START
2019-12-06 16:54:14.341 2294 RALLYDEBUG rally.task.runner [-] Starting a worker. concurrency: 1 args: {"network_create_args": {}, "subnet_create_args": {}, "subnet_cidr_start": "1.1.0.0/30", "subnets_per_network": 2} times: 40 method_name: run timeout: 0 duration: None cls:
2019-12-06 16:54:14.343 2288 WARNING rally_openstack.scenarios.neutron.utils [-] Running this scenario without either the 'network' or 'existing_network' context is deprecated
2019-12-06 16:54:14.344 2291 INFO rally.task.runner [-] Task a38cb504-469b-4d43-9a71-262dfaf88b68 | ITER: 11 START
2019-12-06 16:54:14.344 2297 RALLYDEBUG rally.task.runner [-] Starting a worker. concurrency: 1 args: {"network_create_args": {}, "subnet_create_args": {}, "subnet_cidr_start": "1.1.0.0/30", "subnets_per_network": 2} times: 40 method_name: run timeout: 0 duration: None cls:
2019-12-06 16:54:14.345 2300 RALLYDEBUG rally.task.runner [-] Starting a worker. concurrency: 1 args: {"network_create_args": {}, "subnet_create_args": {}, "subnet_cidr_start": "1.1.0.0/30", "subnets_per_network": 2} times: 40 method_name: run timeout: 0 duration: None cls:
2019-12-06 16:54:14.346 2291 WARNING rally_openstack.scenarios.neutron.utils [-] Running this scenario without either the 'network' or 'existing_network' context is deprecated
2019-12-06 16:54:14.347 2294 INFO rally.task.runner [-] Task a38cb504-469b-4d43-9a71-262dfaf88b68 | ITER: 12 START
2019-12-06 16:54:14.349 2294 WARNING rally_openstack.scenarios.neutron.utils [-] Running this scenario without either the 'network' or 'existing_network' context is deprecated
2019-12-06 16:54:14.350 2297 INFO rally.task.runner [-] Task a38cb504-469b-4d43-9a71-262dfaf88b68 | ITER: 13 START
2019-12-06 16:54:14.350 2300 INFO rally.task.runner [-] Task a38cb504-469b-4d43-9a71-262dfaf88b68 | ITER: 14 START
2019-12-06 16:54:14.349 2303 RALLYDEBUG rally.task.runner [-] Starting a worker. concurrency: 1 args: {"network_create_args": {}, "subnet_create_args": {}, "subnet_cidr_start": "1.1.0.0/30", "subnets_per_network": 2} times: 40 method_name: run timeout: 0 duration: None cls:
2019-12-06 16:54:14.350 2297 WARNING rally_openstack.scenarios.neutron.utils [-] Running this scenario without either the 'network' or 'existing_network' context is deprecated
2019-12-06 16:54:14.351 2300 WARNING rally_openstack.scenarios.neutron.utils [-] Running this scenario without either the 'network' or 'existing_network' context is deprecated
2019-12-06 16:54:14.353 2306 RALLYDEBUG rally.task.runner [-] Starting a worker. concurrency: 1 args: {"network_create_args": {}, "subnet_create_args": {}, "subnet_cidr_start": "1.1.0.0/30", "subnets_per_network": 2} times: 40 method_name: run timeout: 0 duration: None cls:
2019-12-06 16:54:14.354 2309 RALLYDEBUG rally.task.runner [-] Starting a worker. concurrency: 1 args: {"network_create_args": {}, "subnet_create_args": {}, "subnet_cidr_start": "1.1.0.0/30", "subnets_per_network": 2} times: 40 method_name: run timeout: 0 duration: None cls:
2019-12-06 16:54:14.356 2303 INFO rally.task.runner [-] Task a38cb504-469b-4d43-9a71-262dfaf88b68 | ITER: 15 START
2019-12-06 16:54:14.357 2303 WARNING rally_openstack.scenarios.neutron.utils [-] Running this scenario without either the 'network' or 'existing_network' context is deprecated
2019-12-06 16:54:14.358 2314 RALLYDEBUG rally.task.runner [-] Starting a worker. concurrency: 1 args: {"network_create_args": {}, "subnet_create_args": {}, "subnet_cidr_start": "1.1.0.0/30", "subnets_per_network": 2} times: 40 method_name: run timeout: 0 duration: None cls:
2019-12-06 16:54:14.359 2306 INFO rally.task.runner [-] Task a38cb504-469b-4d43-9a71-262dfaf88b68 | ITER: 16 START
2019-12-06 16:54:14.360 2309 INFO rally.task.runner [-] Task a38cb504-469b-4d43-9a71-262dfaf88b68 | ITER: 17 START
2019-12-06 16:54:14.360 2306 WARNING rally_openstack.scenarios.neutron.utils [-] Running this scenario without either the 'network' or 'existing_network' context is deprecated
2019-12-06 16:54:14.361 2309 WARNING rally_openstack.scenarios.neutron.utils [-] Running this scenario without either the 'network' or 'existing_network' context is deprecated
2019-12-06 16:54:14.361 2316 RALLYDEBUG rally.task.runner [-] Starting a worker. concurrency: 1 args: {"network_create_args": {}, "subnet_create_args": {}, "subnet_cidr_start": "1.1.0.0/30", "subnets_per_network": 2} times: 40 method_name: run timeout: 0 duration: None cls:
2019-12-06 16:54:14.363 2314 INFO rally.task.runner [-] Task a38cb504-469b-4d43-9a71-262dfaf88b68 | ITER: 18 START
2019-12-06 16:54:14.364 2314 WARNING rally_openstack.scenarios.neutron.utils [-] Running this scenario without either the 'network' or 'existing_network' context is deprecated
2019-12-06 16:54:14.364 2318 RALLYDEBUG rally.task.runner [-] Starting a worker. concurrency: 1 args: {"network_create_args": {}, "subnet_create_args": {}, "subnet_cidr_start": "1.1.0.0/30", "subnets_per_network": 2} times: 40 method_name: run timeout: 0 duration: None cls:
2019-12-06 16:54:14.366 2316 INFO rally.task.runner [-] Task a38cb504-469b-4d43-9a71-262dfaf88b68 | ITER: 19 START
2019-12-06 16:54:14.367 2316 WARNING rally_openstack.scenarios.neutron.utils [-] Running this scenario without either the 'network' or 'existing_network' context is deprecated
2019-12-06 16:54:14.370 2318 INFO rally.task.runner [-] Task a38cb504-469b-4d43-9a71-262dfaf88b68 | ITER: 20 START
2019-12-06 16:54:14.371 2318 WARNING rally_openstack.scenarios.neutron.utils [-] Running this scenario without either the 'network' or 'existing_network' context is deprecated
2019-12-06 16:54:15.678 2285 RALLYDEBUG rally_openstack.wrappers.network [-] CIDR generated: 1.1.4.96/30
2019-12-06 16:54:16.117 2279 RALLYDEBUG rally_openstack.wrappers.network [-] CIDR generated: 1.1.4.100/30
2019-12-06 16:54:16.126 2288 RALLYDEBUG rally_openstack.wrappers.network [-] CIDR generated: 1.1.4.104/30
2019-12-06 16:54:16.141 2291 RALLYDEBUG rally_openstack.wrappers.network [-] CIDR generated: 1.1.4.108/30
2019-12-06 16:54:16.262 2316 RALLYDEBUG rally_openstack.wrappers.network [-] CIDR generated: 1.1.4.112/30
2019-12-06 16:54:16.827 2269 RALLYDEBUG rally_openstack.wrappers.network [-] CIDR generated: 1.1.4.116/30
2019-12-06 16:54:17.165 2272 RALLYDEBUG rally_openstack.wrappers.network [-] CIDR generated: 1.1.4.120/30
2019-12-06 16:54:17.506 2271 RALLYDEBUG rally_openstack.wrappers.network [-] CIDR generated: 1.1.4.124/30
2019-12-06 16:54:17.627 2291 RALLYDEBUG rally_openstack.wrappers.network [-] CIDR generated: 1.1.4.128/30
2019-12-06 16:54:18.248 2269 RALLYDEBUG rally_openstack.wrappers.network [-] CIDR generated: 1.1.4.132/30
2019-12-06 16:54:18.539 2273 RALLYDEBUG rally_openstack.wrappers.network [-] CIDR generated: 1.1.4.136/30
2019-12-06 16:54:18.793 2270 RALLYDEBUG rally_openstack.wrappers.network [-] CIDR generated: 1.1.4.140/30
2019-12-06 16:54:19.111 2275 RALLYDEBUG rally_openstack.wrappers.network [-] CIDR generated: 1.1.4.144/30
2019-12-06 16:54:19.136 2282 RALLYDEBUG rally_openstack.wrappers.network [-] CIDR generated: 1.1.4.148/30
2019-12-06 16:54:19.181 2303 RALLYDEBUG rally_openstack.wrappers.network [-] CIDR generated: 1.1.4.152/30
2019-12-06 16:54:19.333 2294 RALLYDEBUG rally_openstack.wrappers.network [-] CIDR generated: 1.1.4.156/30
2019-12-06 16:54:19.551 2271 RALLYDEBUG rally_openstack.wrappers.network [-] CIDR generated: 1.1.4.160/30
2019-12-06 16:54:19.843 2306 RALLYDEBUG rally_openstack.wrappers.network [-] CIDR generated: 1.1.4.164/30
2019-12-06 16:54:19.847 2297 RALLYDEBUG rally_openstack.wrappers.network [-] CIDR generated: 1.1.4.168/30
2019-12-06 16:54:19.857 2300 RALLYDEBUG rally_openstack.wrappers.network [-] CIDR generated: 1.1.4.172/30
2019-12-06 16:54:19.915 2314 RALLYDEBUG rally_openstack.wrappers.network [-] CIDR generated: 1.1.4.176/30
2019-12-06 16:54:19.964 2309 RALLYDEBUG rally_openstack.wrappers.network [-] CIDR generated: 1.1.4.180/30
2019-12-06 16:54:19.986 2318 RALLYDEBUG rally_openstack.wrappers.network [-] CIDR generated: 1.1.4.184/30
2019-12-06 16:54:22.075 2285 RALLYDEBUG rally_openstack.wrappers.network [-] CIDR generated: 1.1.4.188/30
2019-12-06 16:54:22.096 2279 RALLYDEBUG rally_openstack.wrappers.network [-] CIDR generated: 1.1.4.192/30
2019-12-06 16:54:22.251 2316 RALLYDEBUG rally_openstack.wrappers.network [-] CIDR generated: 1.1.4.196/30
2019-12-06 16:54:22.299 2288 RALLYDEBUG rally_openstack.wrappers.network [-] CIDR generated: 1.1.4.200/30
2019-12-06 16:54:22.701 2272 RALLYDEBUG rally_openstack.wrappers.network [-] CIDR generated: 1.1.4.204/30
2019-12-06 16:54:26.134 2273 RALLYDEBUG rally_openstack.wrappers.network [-] CIDR generated: 1.1.4.208/30
2019-12-06 16:54:26.452 2270 RALLYDEBUG rally_openstack.wrappers.network [-] CIDR generated: 1.1.4.212/30
2019-12-06 16:54:27.442 2303 RALLYDEBUG rally_openstack.wrappers.network [-] CIDR generated: 1.1.4.216/30
2019-12-06 16:54:27.504 2294 RALLYDEBUG rally_openstack.wrappers.network [-] CIDR generated: 1.1.4.220/30
2019-12-06 16:54:27.730 2275 RALLYDEBUG rally_openstack.wrappers.network [-] CIDR generated: 1.1.4.224/30
2019-12-06 16:54:27.748 2282 RALLYDEBUG rally_openstack.wrappers.network [-] CIDR generated: 1.1.4.228/30
2019-12-06 16:54:28.061 2309 RALLYDEBUG rally_openstack.wrappers.network [-] CIDR generated: 1.1.4.232/30
2019-12-06 16:54:28.105 2318 RALLYDEBUG rally_openstack.wrappers.network [-] CIDR generated: 1.1.4.236/30
2019-12-06 16:54:28.368 2300 RALLYDEBUG rally_openstack.wrappers.network [-] CIDR generated: 1.1.4.240/30
2019-12-06 16:54:28.404 2306 RALLYDEBUG rally_openstack.wrappers.network [-] CIDR generated: 1.1.4.244/30
2019-12-06 16:54:28.432 2297 RALLYDEBUG rally_openstack.wrappers.network [-] CIDR generated: 1.1.4.248/30
2019-12-06 16:54:28.454 2314 RALLYDEBUG rally_openstack.wrappers.network [-] CIDR generated: 1.1.4.252/30
2019-12-06 16:54:30.918 2291 INFO rally.task.runner [-] Task a38cb504-469b-4d43-9a71-262dfaf88b68 | ITER: 11 END: OK
2019-12-06 16:54:30.923 2291 INFO rally.task.runner [-] Task a38cb504-469b-4d43-9a71-262dfaf88b68 | ITER: 21 START
2019-12-06 16:54:30.924 2291 WARNING rally_openstack.scenarios.neutron.utils [-] Running this scenario without either the 'network' or 'existing_network' context is deprecated
2019-12-06 16:54:31.035 2271 INFO rally.task.runner [-] Task a38cb504-469b-4d43-9a71-262dfaf88b68 | ITER: 3 END: OK
2019-12-06 16:54:31.040 2271 INFO rally.task.runner [-] Task a38cb504-469b-4d43-9a71-262dfaf88b68 | ITER: 22 START
2019-12-06 16:54:31.040 2271 WARNING rally_openstack.scenarios.neutron.utils [-] Running this scenario without either the 'network' or 'existing_network' context is deprecated
2019-12-06 16:54:31.107 2272 INFO rally.task.runner [-] Task a38cb504-469b-4d43-9a71-262dfaf88b68 | ITER: 4 END: OK
2019-12-06 16:54:31.112 2272 INFO rally.task.runner [-] Task a38cb504-469b-4d43-9a71-262dfaf88b68 | ITER: 23 START
2019-12-06 16:54:31.112 2272 WARNING rally_openstack.scenarios.neutron.utils [-] Running this scenario without either the 'network' or 'existing_network' context is deprecated
2019-12-06 16:54:31.891 2291 RALLYDEBUG rally_openstack.wrappers.network [-] CIDR generated: 1.1.5.0/30
2019-12-06 16:54:32.780 2270 INFO rally.task.runner [-] Task a38cb504-469b-4d43-9a71-262dfaf88b68 | ITER: 2 END: OK
2019-12-06 16:54:32.785 2270 INFO rally.task.runner [-] Task a38cb504-469b-4d43-9a71-262dfaf88b68 | ITER: 24 START
2019-12-06 16:54:32.786 2270 WARNING rally_openstack.scenarios.neutron.utils [-] Running this scenario without either the 'network' or 'existing_network' context is deprecated
2019-12-06 16:54:35.970 2271 RALLYDEBUG rally_openstack.wrappers.network [-] CIDR generated: 1.1.5.4/30
2019-12-06 16:54:36.214 2272 RALLYDEBUG rally_openstack.wrappers.network [-] CIDR generated: 1.1.5.8/30
2019-12-06 16:54:36.661 2270 RALLYDEBUG rally_openstack.wrappers.network [-] CIDR generated: 1.1.5.12/30
2019-12-06 16:54:38.212 2291 RALLYDEBUG rally_openstack.wrappers.network [-] CIDR generated: 1.1.5.16/30
2019-12-06 16:54:38.234 2285 INFO rally.task.runner [-] Task a38cb504-469b-4d43-9a71-262dfaf88b68 | ITER: 9 END: OK
2019-12-06 16:54:38.239 2285 INFO rally.task.runner [-] Task a38cb504-469b-4d43-9a71-262dfaf88b68 | ITER: 25 START
2019-12-06 16:54:38.239 2285 WARNING rally_openstack.scenarios.neutron.utils [-] Running this scenario without either the 'network' or 'existing_network' context is deprecated
2019-12-06 16:54:38.243 2269 INFO rally.task.runner [-] Task a38cb504-469b-4d43-9a71-262dfaf88b68 | ITER: 1 END: OK
2019-12-06 16:54:38.248 2269 INFO rally.task.runner [-] Task a38cb504-469b-4d43-9a71-262dfaf88b68 | ITER: 26 START
2019-12-06 16:54:38.249 2269 WARNING rally_openstack.scenarios.neutron.utils [-] Running this scenario without either the 'network' or 'existing_network' context is deprecated
2019-12-06 16:54:38.683 2273 INFO rally.task.runner [-] Task a38cb504-469b-4d43-9a71-262dfaf88b68 | ITER: 5 END: OK
2019-12-06 16:54:38.688 2273 INFO rally.task.runner [-] Task a38cb504-469b-4d43-9a71-262dfaf88b68 | ITER: 27 START
2019-12-06 16:54:38.689 2273 WARNING rally_openstack.scenarios.neutron.utils [-] Running this scenario without either the 'network' or 'existing_network' context is deprecated
2019-12-06 16:54:39.742 2285 RALLYDEBUG rally_openstack.wrappers.network [-] CIDR generated: 1.1.5.20/30
2019-12-06 16:54:39.745 2269 RALLYDEBUG rally_openstack.wrappers.network [-] CIDR generated: 1.1.5.24/30
2019-12-06 16:54:39.875 2273 RALLYDEBUG rally_openstack.wrappers.network [-] CIDR generated: 1.1.5.28/30
2019-12-06 16:54:41.926 2275 INFO rally.task.runner [-] Task a38cb504-469b-4d43-9a71-262dfaf88b68 | ITER: 6 END: OK
2019-12-06 16:54:41.934 2275 INFO rally.task.runner [-] Task a38cb504-469b-4d43-9a71-262dfaf88b68 | ITER: 28 START
2019-12-06 16:54:41.935 2275 WARNING rally_openstack.scenarios.neutron.utils [-] Running this scenario without either the 'network' or 'existing_network' context is deprecated
2019-12-06 16:54:42.177 2303 INFO rally.task.runner [-] Task a38cb504-469b-4d43-9a71-262dfaf88b68 | ITER: 15 END: OK
2019-12-06 16:54:42.186 2303 INFO rally.task.runner [-] Task a38cb504-469b-4d43-9a71-262dfaf88b68 | ITER: 29 START
2019-12-06 16:54:42.188 2303 WARNING rally_openstack.scenarios.neutron.utils [-] Running this scenario without either the 'network' or 'existing_network' context is deprecated
2019-12-06 16:54:42.418 2294 INFO rally.task.runner [-] Task a38cb504-469b-4d43-9a71-262dfaf88b68 | ITER: 12 END: OK
2019-12-06 16:54:42.426 2294 INFO rally.task.runner [-] Task a38cb504-469b-4d43-9a71-262dfaf88b68 | ITER: 30 START
2019-12-06 16:54:42.427 2294 WARNING rally_openstack.scenarios.neutron.utils [-] Running this scenario without either the 'network' or 'existing_network' context is deprecated
2019-12-06 16:54:42.880 2303 RALLYDEBUG rally_openstack.wrappers.network [-] CIDR generated: 1.1.5.32/30
2019-12-06 16:54:43.064 2282 INFO rally.task.runner [-] Task a38cb504-469b-4d43-9a71-262dfaf88b68 | ITER: 8 END: OK
2019-12-06 16:54:43.070 2282 INFO rally.task.runner [-] Task a38cb504-469b-4d43-9a71-262dfaf88b68 | ITER: 31 START
2019-12-06 16:54:43.071 2282 WARNING rally_openstack.scenarios.neutron.utils [-] Running this scenario without either the 'network' or 'existing_network' context is deprecated
2019-12-06 16:54:45.000 2271 RALLYDEBUG rally_openstack.wrappers.network [-] CIDR generated: 1.1.5.36/30
2019-12-06 16:54:47.384 2282 RALLYDEBUG rally_openstack.wrappers.network [-] CIDR generated: 1.1.5.40/30
2019-12-06 16:54:47.392 2272 RALLYDEBUG rally_openstack.wrappers.network [-] CIDR generated: 1.1.5.44/30
2019-12-06 16:54:47.395 2294 RALLYDEBUG rally_openstack.wrappers.network [-] CIDR generated: 1.1.5.48/30
2019-12-06 16:54:47.400 2270 RALLYDEBUG rally_openstack.wrappers.network [-] CIDR generated: 1.1.5.52/30
2019-12-06 16:54:47.422 2275 RALLYDEBUG rally_openstack.wrappers.network [-] CIDR generated: 1.1.5.56/30
2019-12-06 16:54:47.434 2279 INFO rally.task.runner [-] Task a38cb504-469b-4d43-9a71-262dfaf88b68 | ITER: 7 END: OK
2019-12-06 16:54:47.444 2279 INFO rally.task.runner [-] Task a38cb504-469b-4d43-9a71-262dfaf88b68 | ITER: 32 START
2019-12-06 16:54:47.445 2279 WARNING rally_openstack.scenarios.neutron.utils [-] Running this scenario without either the 'network' or 'existing_network' context is deprecated
2019-12-06 16:54:49.134 2273 RALLYDEBUG rally_openstack.wrappers.network [-] CIDR generated: 1.1.5.60/30
2019-12-06 16:54:49.156 2269 RALLYDEBUG rally_openstack.wrappers.network [-] CIDR generated: 1.1.5.64/30
2019-12-06 16:54:49.158 2316 INFO rally.task.runner [-] Task a38cb504-469b-4d43-9a71-262dfaf88b68 | ITER: 19 END: OK
2019-12-06 16:54:49.161 2285 RALLYDEBUG rally_openstack.wrappers.network [-] CIDR generated: 1.1.5.68/30
2019-12-06 16:54:49.165 2288 INFO rally.task.runner [-] Task a38cb504-469b-4d43-9a71-262dfaf88b68 | ITER: 10 END: OK
2019-12-06 16:54:49.169 2316 INFO rally.task.runner [-] Task a38cb504-469b-4d43-9a71-262dfaf88b68 | ITER: 33 START
2019-12-06 16:54:49.171 2316 WARNING rally_openstack.scenarios.neutron.utils [-] Running this scenario without either the 'network' or 'existing_network' context is deprecated
2019-12-06 16:54:49.176 2288 INFO rally.task.runner [-] Task a38cb504-469b-4d43-9a71-262dfaf88b68 | ITER: 34 START
2019-12-06 16:54:49.178 2288 WARNING rally_openstack.scenarios.neutron.utils [-] Running this scenario without either the 'network' or 'existing_network' context is deprecated
2019-12-06 16:54:49.303 2303 RALLYDEBUG rally_openstack.wrappers.network [-] CIDR generated: 1.1.5.72/30
2019-12-06 16:54:53.626 2279 RALLYDEBUG rally_openstack.wrappers.network [-] CIDR generated: 1.1.5.76/30
2019-12-06 16:54:54.228 2316 RALLYDEBUG rally_openstack.wrappers.network [-] CIDR generated: 1.1.5.80/30
2019-12-06 16:54:54.336 2288 RALLYDEBUG rally_openstack.wrappers.network [-] CIDR generated: 1.1.5.84/30
2019-12-06 16:54:54.710 2279 RALLYDEBUG rally_openstack.wrappers.network [-] CIDR generated: 1.1.5.88/30
2019-12-06 16:54:55.547 2282 RALLYDEBUG rally_openstack.wrappers.network [-] CIDR generated: 1.1.5.92/30
2019-12-06 16:54:55.549 2294 RALLYDEBUG rally_openstack.wrappers.network [-] CIDR generated: 1.1.5.96/30
2019-12-06 16:54:56.774 2316 RALLYDEBUG rally_openstack.wrappers.network [-] CIDR generated: 1.1.5.100/30
2019-12-06 16:54:56.789 2288 RALLYDEBUG rally_openstack.wrappers.network [-] CIDR generated: 1.1.5.104/30
2019-12-06 16:54:57.211 2275 RALLYDEBUG rally_openstack.wrappers.network [-] CIDR generated: 1.1.5.108/30
2019-12-06 16:54:58.567 2314 INFO rally.task.runner [-] Task a38cb504-469b-4d43-9a71-262dfaf88b68 | ITER: 18 END: OK
2019-12-06 16:54:58.575 2314 INFO rally.task.runner [-] Task a38cb504-469b-4d43-9a71-262dfaf88b68 | ITER: 35 START
2019-12-06 16:54:58.577 2314 WARNING rally_openstack.scenarios.neutron.utils [-] Running this scenario without either the 'network' or 'existing_network' context is deprecated
2019-12-06 16:54:58.681 2297 INFO rally.task.runner [-] Task a38cb504-469b-4d43-9a71-262dfaf88b68 | ITER: 13 END: OK
2019-12-06 16:54:58.690 2297 INFO rally.task.runner [-] Task a38cb504-469b-4d43-9a71-262dfaf88b68 | ITER: 36 START
2019-12-06 16:54:58.691 2297 WARNING rally_openstack.scenarios.neutron.utils [-] Running this scenario without either the 'network' or 'existing_network' context is deprecated
2019-12-06 16:54:59.133 2291 INFO rally.task.runner [-] Task a38cb504-469b-4d43-9a71-262dfaf88b68 | ITER: 21 END: OK
2019-12-06 16:54:59.138 2291 INFO rally.task.runner [-] Task a38cb504-469b-4d43-9a71-262dfaf88b68 | ITER: 37 START
2019-12-06 16:54:59.139 2291 WARNING rally_openstack.scenarios.neutron.utils [-] Running this scenario without either the 'network' or 'existing_network' context is deprecated
2019-12-06 16:55:00.601 2285 INFO rally.task.runner [-] Task a38cb504-469b-4d43-9a71-262dfaf88b68 | ITER: 25 END: OK
2019-12-06 16:55:00.608 2285 INFO rally.task.runner [-] Task a38cb504-469b-4d43-9a71-262dfaf88b68 | ITER: 38 START
2019-12-06 16:55:00.609 2285 WARNING rally_openstack.scenarios.neutron.utils [-] Running this scenario without either the 'network' or 'existing_network' context is deprecated
2019-12-06 16:55:01.180 2285 RALLYDEBUG rally_openstack.wrappers.network [-] CIDR generated: 1.1.5.112/30
2019-12-06 16:55:01.683 2318 INFO rally.task.runner [-] Task a38cb504-469b-4d43-9a71-262dfaf88b68 | ITER: 20 END: OK
2019-12-06 16:55:01.691 2318 INFO rally.task.runner [-] Task a38cb504-469b-4d43-9a71-262dfaf88b68 | ITER: 39 START
2019-12-06 16:55:01.692 2318 WARNING rally_openstack.scenarios.neutron.utils [-] Running this scenario without either the 'network' or 'existing_network' context is deprecated
2019-12-06 16:55:01.773 2271 INFO rally.task.runner [-] Task a38cb504-469b-4d43-9a71-262dfaf88b68 | ITER: 22 END: OK
2019-12-06 16:55:01.775 2300 INFO rally.task.runner [-] Task a38cb504-469b-4d43-9a71-262dfaf88b68 | ITER: 14 END: OK
2019-12-06 16:55:01.780 2271 INFO rally.task.runner [-] Task a38cb504-469b-4d43-9a71-262dfaf88b68 | ITER: 40 START
2019-12-06 16:55:01.781 2271 WARNING rally_openstack.scenarios.neutron.utils [-] Running this scenario without either the 'network' or 'existing_network' context is deprecated
2019-12-06 16:55:02.478 2318 RALLYDEBUG rally_openstack.wrappers.network [-] CIDR generated: 1.1.5.116/30
2019-12-06 16:55:02.567 2271 RALLYDEBUG rally_openstack.wrappers.network [-] CIDR generated: 1.1.5.120/30
2019-12-06 16:55:03.209 2303 INFO rally.task.runner [-] Task a38cb504-469b-4d43-9a71-262dfaf88b68 | ITER: 29 END: OK
2019-12-06 16:55:03.320 2314 RALLYDEBUG rally_openstack.wrappers.network [-] CIDR generated: 1.1.5.124/30
2019-12-06 16:55:03.521 2297 RALLYDEBUG rally_openstack.wrappers.network [-] CIDR generated: 1.1.5.128/30
2019-12-06 16:55:04.161 2291 RALLYDEBUG rally_openstack.wrappers.network [-] CIDR generated: 1.1.5.132/30
2019-12-06 16:55:04.728 2314 RALLYDEBUG rally_openstack.wrappers.network [-] CIDR generated: 1.1.5.136/30
2019-12-06 16:55:05.780 2291 RALLYDEBUG rally_openstack.wrappers.network [-] CIDR generated: 1.1.5.140/30
2019-12-06 16:55:08.208 2272 INFO rally.task.runner [-] Task a38cb504-469b-4d43-9a71-262dfaf88b68 | ITER: 23 END: OK
2019-12-06 16:55:08.848 2306 INFO rally.task.runner [-] Task a38cb504-469b-4d43-9a71-262dfaf88b68 | ITER: 16 END: OK
2019-12-06 16:55:09.085 2270 INFO rally.task.runner [-] Task a38cb504-469b-4d43-9a71-262dfaf88b68 | ITER: 24 END: OK
2019-12-06 16:55:10.178 2269 INFO rally.task.runner [-] Task a38cb504-469b-4d43-9a71-262dfaf88b68 | ITER: 26 END: OK
2019-12-06 16:55:10.192 2285 RALLYDEBUG rally_openstack.wrappers.network [-] CIDR generated: 1.1.5.144/30
2019-12-06 16:55:10.319 2309 INFO rally.task.runner [-] Task a38cb504-469b-4d43-9a71-262dfaf88b68 | ITER: 17 END: OK
2019-12-06 16:55:11.025 2318 RALLYDEBUG rally_openstack.wrappers.network [-] CIDR generated: 1.1.5.148/30
2019-12-06 16:55:11.083 2271 RALLYDEBUG rally_openstack.wrappers.network [-] CIDR generated: 1.1.5.152/30
2019-12-06 16:55:11.471 2297 RALLYDEBUG rally_openstack.wrappers.network [-] CIDR generated: 1.1.5.156/30
2019-12-06 16:55:14.661 2279 INFO rally.task.runner [-] Task a38cb504-469b-4d43-9a71-262dfaf88b68 | ITER: 32 END: OK
2019-12-06 16:55:15.859 2316 INFO rally.task.runner [-] Task a38cb504-469b-4d43-9a71-262dfaf88b68 | ITER: 33 END: OK
2019-12-06 16:55:16.222 2288 INFO rally.task.runner [-] Task a38cb504-469b-4d43-9a71-262dfaf88b68 | ITER: 34 END: OK
2019-12-06 16:55:16.412 2273 INFO rally.task.runner [-] Task a38cb504-469b-4d43-9a71-262dfaf88b68 | ITER: 27 END: OK
2019-12-06 16:55:18.670 2314 INFO rally.task.runner [-] Task a38cb504-469b-4d43-9a71-262dfaf88b68 | ITER: 35 END: OK
2019-12-06 16:55:18.915 2291 INFO rally.task.runner [-] Task a38cb504-469b-4d43-9a71-262dfaf88b68 | ITER: 37 END: OK
2019-12-06 16:55:19.221 2294 INFO rally.task.runner [-] Task a38cb504-469b-4d43-9a71-262dfaf88b68 | ITER: 30 END: OK
2019-12-06 16:55:19.743 2282 INFO rally.task.runner [-] Task a38cb504-469b-4d43-9a71-262dfaf88b68 | ITER: 31 END: OK
2019-12-06 16:55:20.262 2285 INFO rally.task.runner [-] Task a38cb504-469b-4d43-9a71-262dfaf88b68 | ITER: 38 END: OK
2019-12-06 16:55:21.190 2275 INFO rally.task.runner [-] Task a38cb504-469b-4d43-9a71-262dfaf88b68 | ITER: 28 END: OK
2019-12-06 16:55:21.374 2297 INFO rally.task.runner [-] Task a38cb504-469b-4d43-9a71-262dfaf88b68 | ITER: 36 END: OK
2019-12-06 16:55:21.423 2318 INFO rally.task.runner [-] Task a38cb504-469b-4d43-9a71-262dfaf88b68 | ITER: 39 END: OK
2019-12-06 16:55:21.436 2271 INFO rally.task.runner [-] Task a38cb504-469b-4d43-9a71-262dfaf88b68 | ITER: 40 END: OK
2019-12-06 16:55:21.460 15 INFO rally.task.context [-] Task a38cb504-469b-4d43-9a71-262dfaf88b68 | Context cleanup@openstack cleanup() started
2019-12-06 16:55:21.465 15 RALLYDEBUG rally_openstack.cleanup.manager [-] Cleaning up neutron vip objects
2019-12-06 16:55:21.685 15 RALLYDEBUG rally_openstack.cleanup.manager [-] Cleaning up neutron health_monitor objects
2019-12-06 16:55:21.910 15 RALLYDEBUG rally_openstack.cleanup.manager [-] Cleaning up neutron pool objects
2019-12-06 16:55:22.136 15 RALLYDEBUG rally_openstack.cleanup.manager [-] Cleaning up neutron loadbalancer objects
2019-12-06 16:55:22.350 15 RALLYDEBUG rally_openstack.cleanup.manager [-] Cleaning up neutron floatingip objects
2019-12-06 16:55:22.588 15 RALLYDEBUG rally_openstack.cleanup.manager [-] Cleaning up neutron trunk objects
2019-12-06 16:55:22.794 15 DEBUG neutronclient.v2_0.client [-] Error message: {"message": "The resource could not be found.

\n\n\n", "code": "404 Not Found", "title": "Not Found"} _handle_fault_response /usr/lib/python2.7/site-packages/neutronclient/v2_0/client.py:259
2019-12-06 16:55:22.803 15 RALLYDEBUG rally_openstack.cleanup.manager [-] Cleaning up neutron port objects
2019-12-06 16:55:23.229 15 RALLYDEBUG rally_openstack.cleanup.manager [-] Cleaning up neutron subnet objects
2019-12-06 16:55:23.502 15 RALLYDEBUG rally_openstack.cleanup.manager [-] Cleaning up neutron network objects
2019-12-06 16:55:23.958 15 RALLYDEBUG rally_openstack.cleanup.manager [-] Deleting neutron.network object s_rally_1e8cc271_d6N8qXlX (041798c8-962a-4472-9249-61c030ebaecb)
2019-12-06 16:55:23.963 15 RALLYDEBUG rally_openstack.cleanup.manager [-] Deleting neutron.network object s_rally_1e8cc271_boSjgHWg (05ebf117-be14-4620-950e-8e7d42db863b)
2019-12-06 16:55:23.977 15 RALLYDEBUG rally_openstack.cleanup.manager [-] Deleting neutron.network object s_rally_1e8cc271_mAfyvqMH (075b6d10-7154-4239-b853-0e9a8f300926)
2019-12-06 16:55:23.990 15 RALLYDEBUG rally_openstack.cleanup.manager [-] Deleting neutron.network object s_rally_1e8cc271_hen0lSpU (1ad05e8e-ce8f-46b8-905d-c4299190b829)
2019-12-06 16:55:23.999 15 RALLYDEBUG rally_openstack.cleanup.manager [-] Deleting neutron.network object s_rally_1e8cc271_RRBx5Axk (07f55270-60a4-4dea-a2fd-d13cc1b0d993)
2019-12-06 16:55:24.001 15 RALLYDEBUG rally_openstack.cleanup.manager [-] Deleting neutron.network object s_rally_1e8cc271_O5wquQqr (29ee0612-9347-4db5-bd48-8180550d8493)
2019-12-06 16:55:24.001 15 RALLYDEBUG rally_openstack.cleanup.manager [-] Deleting neutron.network object s_rally_1e8cc271_tIdJOj1M (1bea7008-e828-431f-bd35-8cb290a807ac)
2019-12-06 16:55:24.005 15 RALLYDEBUG rally_openstack.cleanup.manager [-] Deleting neutron.network object s_rally_1e8cc271_FrwBZ5NJ (2a1bc39d-114f-4f2f-ab9b-9db6083c26ad)
2019-12-06 16:55:24.077 15 RALLYDEBUG rally_openstack.cleanup.manager [-] Deleting neutron.network object s_rally_1e8cc271_WKtBGWIU (35db405b-3848-4f60-9915-bff0acbe222b)
2019-12-06 16:55:24.078 15 RALLYDEBUG rally_openstack.cleanup.manager [-] Deleting neutron.network object s_rally_1e8cc271_1T9NIbEB (3b96edb9-33e7-47d4-95bc-e6cb94b67a82)
2019-12-06 16:55:24.112 15 RALLYDEBUG rally_openstack.cleanup.manager [-] Deleting neutron.network object s_rally_1e8cc271_pupD6Az6 (3dc59f67-0777-4279-abbb-6a2874118993)
2019-12-06 16:55:24.131 15 RALLYDEBUG rally_openstack.cleanup.manager [-] Deleting neutron.network object s_rally_1e8cc271_Q84dz4fr (46f9e398-530b-4346-856f-b82200ded8ca)
2019-12-06 16:55:24.137 15 RALLYDEBUG rally_openstack.cleanup.manager [-] Deleting neutron.network object s_rally_1e8cc271_FYbD35U0 (5b0c6086-d6cf-47bf-b70d-753e6d2ffcd0)
2019-12-06 16:55:24.143 15 RALLYDEBUG rally_openstack.cleanup.manager [-] Deleting neutron.network object s_rally_1e8cc271_D2QdZCud (49af26f1-128e-4a32-b27a-d669833789d4)
2019-12-06 16:55:24.148 15 RALLYDEBUG rally_openstack.cleanup.manager [-] Deleting neutron.network object s_rally_1e8cc271_Sf58vFDe (7e78766f-f878-4071-a99c-3236dee53e55)
2019-12-06 16:55:24.159 15 RALLYDEBUG rally_openstack.cleanup.manager [-] Deleting neutron.network object s_rally_1e8cc271_eqaLLPhP (3ed82f04-9b35-4c2e-b964-84b98586e66a)
2019-12-06 16:55:24.164 15 RALLYDEBUG rally_openstack.cleanup.manager [-] Deleting neutron.network object s_rally_1e8cc271_f7VB67TD (71844153-91a2-4405-bcab-9b225e846039)
2019-12-06 16:55:24.191 15 RALLYDEBUG rally_openstack.cleanup.manager [-] Deleting neutron.network object s_rally_1e8cc271_NAeJyqe8 (5fa646f8-e41d-44d8-828b-0444e52ee092)
2019-12-06 16:55:24.221 15 RALLYDEBUG rally_openstack.cleanup.manager [-] Deleting neutron.network object s_rally_1e8cc271_93kUBBAK (793049cc-6896-407d-8981-7dd73e439cc5)
2019-12-06 16:55:24.249 15 RALLYDEBUG rally_openstack.cleanup.manager [-] Deleting neutron.network object s_rally_1e8cc271_Zz231Ngp (8f7c0856-09d0-4e0e-ae50-d2e53c46192a)
2019-12-06 16:55:28.805 15 RALLYDEBUG rally_openstack.cleanup.manager [-] Deleting neutron.network object s_rally_1e8cc271_B1FFEE9f (9a87c10f-0063-41a4-891c-0641aaa3f5a0)
2019-12-06 16:55:29.527 15 RALLYDEBUG rally_openstack.cleanup.manager [-] Deleting neutron.network object s_rally_1e8cc271_sGdnyItI (a7cb331b-5f0e-428b-adbb-2468bd7e2e77)
2019-12-06 16:55:29.842 15 RALLYDEBUG rally_openstack.cleanup.manager [-] Deleting neutron.network object s_rally_1e8cc271_KuwJJSsL (ac867a9c-cc30-4fdb-87e8-64ecb025850a)
2019-12-06 16:55:30.073 15 RALLYDEBUG rally_openstack.cleanup.manager [-] Deleting neutron.network object s_rally_1e8cc271_h0husjZM (acfe25a8-996f-4871-af9e-c6847b15f10b)
2019-12-06 16:55:30.627 15 RALLYDEBUG rally_openstack.cleanup.manager [-] Deleting neutron.network object s_rally_1e8cc271_xNIjJB08 (b006947a-f4bd-4487-b514-a6de95c369e1)
2019-12-06 16:55:31.315 15 RALLYDEBUG rally_openstack.cleanup.manager [-] Deleting neutron.network object s_rally_1e8cc271_y6p0YTFR (bcd92649-2502-43d4-bae2-d80054f0fe0e)
2019-12-06 16:55:31.368 15 RALLYDEBUG rally_openstack.cleanup.manager [-] Deleting neutron.network object s_rally_1e8cc271_7Ezga650 (bfe9aaed-0df1-43f3-8b7e-1a19e3e4085f)
2019-12-06 16:55:31.375 15 RALLYDEBUG rally_openstack.cleanup.manager [-] Deleting neutron.network object s_rally_1e8cc271_LG6hYMct (c09728d9-2ee7-4275-833a-bdda81b97fe7)
2019-12-06 16:55:31.845 15 RALLYDEBUG rally_openstack.cleanup.manager [-] Deleting neutron.network object s_rally_1e8cc271_15K4g3Dy (cfdf038c-6572-437d-a5a8-730c2d458ce1)
2019-12-06 16:55:31.846 15 RALLYDEBUG rally_openstack.cleanup.manager [-] Deleting neutron.network object s_rally_1e8cc271_dkcHxMX9 (cf1cdb8c-0de6-46aa-ae25-bbadbb344496)
2019-12-06 16:55:31.916 15 RALLYDEBUG rally_openstack.cleanup.manager [-] Deleting neutron.network object s_rally_1e8cc271_TC2IJ0YY (d0d4363a-3f80-43e9-b40f-6aaea38b6b8c)
2019-12-06 16:55:31.949 15 RALLYDEBUG rally_openstack.cleanup.manager [-] Deleting neutron.network object s_rally_1e8cc271_lDjffIRe (d9fc488c-3e47-4691-ada3-ddd9cd628861)
2019-12-06 16:55:32.135 15 RALLYDEBUG rally_openstack.cleanup.manager [-] Deleting neutron.network object s_rally_1e8cc271_QJHdpe3U (e0358696-ae38-47c7-a02f-02dcc38acbc5)
2019-12-06 16:55:34.092 15 RALLYDEBUG rally_openstack.cleanup.manager [-] Deleting neutron.network object s_rally_1e8cc271_ZW2uBgbp (e3d2d616-725a-43e3-83fc-fb101ac63ed0)
2019-12-06 16:55:34.914 15 RALLYDEBUG rally_openstack.cleanup.manager [-] Deleting neutron.network object s_rally_1e8cc271_HSe5Q7Yz (e75bb42c-3d23-4f57-be87-d7c0439bbacd)
2019-12-06 16:55:35.001 15 RALLYDEBUG rally_openstack.cleanup.manager [-] Deleting neutron.network object s_rally_1e8cc271_BimIQ8Q9 (f7079988-00c0-4483-a022-c49998ba6711)
2019-12-06 16:55:36.110 15 RALLYDEBUG rally_openstack.cleanup.manager [-] Deleting neutron.network object s_rally_1e8cc271_Wit4A69Y (f719a1eb-6b29-40e6-bc05-84488c7b7260)
2019-12-06 16:55:36.114 15 RALLYDEBUG rally_openstack.cleanup.manager [-] Deleting neutron.network object s_rally_1e8cc271_CtYi8BDr (f79309a8-0801-4af1-9af1-c42df5d4e151)
2019-12-06 16:55:36.130 15 RALLYDEBUG rally_openstack.cleanup.manager [-] Deleting neutron.network object s_rally_1e8cc271_j8Xjf659 (fa39a185-9e73-4c15-9038-554ba1f9aef8)
2019-12-06 16:55:36.154 15 RALLYDEBUG rally_openstack.cleanup.manager [-] Deleting neutron.network object s_rally_1e8cc271_ComuImET (fcdb9b03-faa7-4d5e-8be0-c1c3ad22fa67)
2019-12-06 16:55:43.577 15 RALLYDEBUG rally_openstack.cleanup.manager [-] Cleaning up neutron router objects
2019-12-06 16:55:43.844 15 RALLYDEBUG rally_openstack.cleanup.manager [-] Cleaning up neutron security_group objects
2019-12-06 16:55:44.169 15 INFO rally.task.context [-] Task a38cb504-469b-4d43-9a71-262dfaf88b68 | Context cleanup@openstack cleanup() finished in 22.71 sec
2019-12-06 16:55:44.169 15 INFO rally.task.context [-] Task a38cb504-469b-4d43-9a71-262dfaf88b68 | Context quotas@openstack cleanup() started
2019-12-06 16:55:44.216 15 INFO rally.task.context [-] Task a38cb504-469b-4d43-9a71-262dfaf88b68 | Context quotas@openstack cleanup() finished in 46.85 msec
2019-12-06 16:55:44.216 15 INFO rally.task.context [-] Task a38cb504-469b-4d43-9a71-262dfaf88b68 | Context users@openstack cleanup() started
2019-12-06 16:55:45.727 15 INFO rally.task.context [-] Task a38cb504-469b-4d43-9a71-262dfaf88b68 | Context users@openstack cleanup() finished in 1.51 sec
2019-12-06 16:55:47.517 15 INFO rally.task.engine [-] Load duration is: 67.116038
2019-12-06 16:55:47.518 15 INFO rally.task.engine [-] Full runner duration is: 67.166041
2019-12-06 16:55:47.518 15 INFO rally.task.engine [-] Full duration is: 92.580751
2019-12-06 16:55:47.626 15 INFO rally.task.engine [-] Running workload: position = 0 config = { "version": 2, "title": "A cropped version of a bigger task.", "description": "Auto-generated task from a single workload (uuid=3646b3bc-2f8c-44f6-8949-d0c8e2703793)", "subtasks": [ { "title": "NeutronNetworks.create_and_list_routers", "description": "Create and a given number of routers and list all routers.", "scenario": { "NeutronNetworks.create_and_list_routers": { "network_create_args": null, "subnet_create_args": null, "subnet_cidr_start": "1.1.0.0/30", "subnets_per_network": 2, "router_create_args": null } }, "contexts": { "users": { "tenants": 1, "users_per_tenant": 1 }, "quotas": { "neutron": { "network": -1, "subnet": -1, "router": -1 } } }, "runner": { "constant": { "times": 40, "concurrency": 20 } }, "hooks": [], "sla": { "failure_rate": { "max": 0 } } } ] }
2019-12-06 16:55:47.640 15 RALLYDEBUG rally_openstack.contexts.keystone.users [-] Creating 1 tenants using 20 threads
2019-12-06 16:55:47.977 15 RALLYDEBUG rally_openstack.contexts.keystone.users [-] Creating 1 users using 20 threads
2019-12-06 16:55:48.429 15 INFO rally.task.context [-] Task a38cb504-469b-4d43-9a71-262dfaf88b68 | Context users@openstack setup() finished in 0.79 sec
2019-12-06 16:55:48.820 15 INFO rally.task.context [-] Task a38cb504-469b-4d43-9a71-262dfaf88b68 | Context quotas@openstack setup() finished in 0.39 sec
2019-12-06 16:55:48.820 15 INFO rally.task.context [-] Task a38cb504-469b-4d43-9a71-262dfaf88b68 | Context cleanup@openstack setup() finished in 0.02 msec
2019-12-06 16:55:48.829 15 RALLYDEBUG rally.task.runner [-] Starting the constant runner (task UUID: a38cb504-469b-4d43-9a71-262dfaf88b68). timeout: 0 concurrency: 20 concurrency_per_worker: 1 times: 40 concurrency_overhead: 0 processes_to_start: 20 max_cpu_used: 88
2019-12-06 16:55:48.843 2671 RALLYDEBUG rally.task.runner [-] Starting a worker. concurrency: 1 args: {"network_create_args": null, "subnet_create_args": null, "subnet_cidr_start": "1.1.0.0/30", "subnets_per_network": 2, "router_create_args": null} times: 40 method_name: run timeout: 0 duration: None cls:
2019-12-06 16:55:48.846 2672 RALLYDEBUG rally.task.runner [-] Starting a worker. concurrency: 1 args: {"network_create_args": null, "subnet_create_args": null, "subnet_cidr_start": "1.1.0.0/30", "subnets_per_network": 2, "router_create_args": null} times: 40 method_name: run timeout: 0 duration: None cls:
2019-12-06 16:55:48.850 2671 INFO rally.task.runner [-] Task a38cb504-469b-4d43-9a71-262dfaf88b68 | ITER: 1 START
2019-12-06 16:55:48.850 2673 RALLYDEBUG rally.task.runner [-] Starting a worker. concurrency: 1 args: {"network_create_args": null, "subnet_create_args": null, "subnet_cidr_start": "1.1.0.0/30", "subnets_per_network": 2, "router_create_args": null} times: 40 method_name: run timeout: 0 duration: None cls:
2019-12-06 16:55:48.851 2674 RALLYDEBUG rally.task.runner [-] Starting a worker. concurrency: 1 args: {"network_create_args": null, "subnet_create_args": null, "subnet_cidr_start": "1.1.0.0/30", "subnets_per_network": 2, "router_create_args": null} times: 40 method_name: run timeout: 0 duration: None cls:
2019-12-06 16:55:48.853 2672 INFO rally.task.runner [-] Task a38cb504-469b-4d43-9a71-262dfaf88b68 | ITER: 2 START
2019-12-06 16:55:48.854 2675 RALLYDEBUG rally.task.runner [-] Starting a worker. concurrency: 1 args: {"network_create_args": null, "subnet_create_args": null, "subnet_cidr_start": "1.1.0.0/30", "subnets_per_network": 2, "router_create_args": null} times: 40 method_name: run timeout: 0 duration: None cls:
2019-12-06 16:55:48.856 2673 INFO rally.task.runner [-] Task a38cb504-469b-4d43-9a71-262dfaf88b68 | ITER: 3 START
2019-12-06 16:55:48.858 2674 INFO rally.task.runner [-] Task a38cb504-469b-4d43-9a71-262dfaf88b68 | ITER: 4 START
2019-12-06 16:55:48.857 2678 RALLYDEBUG rally.task.runner [-] Starting a worker. concurrency: 1 args: {"network_create_args": null, "subnet_create_args": null, "subnet_cidr_start": "1.1.0.0/30", "subnets_per_network": 2, "router_create_args": null} times: 40 method_name: run timeout: 0 duration: None cls:
2019-12-06 16:55:48.860 2681 RALLYDEBUG rally.task.runner [-] Starting a worker. concurrency: 1 args: {"network_create_args": null, "subnet_create_args": null, "subnet_cidr_start": "1.1.0.0/30", "subnets_per_network": 2, "router_create_args": null} times: 40 method_name: run timeout: 0 duration: None cls:
2019-12-06 16:55:48.861 2675 INFO rally.task.runner [-] Task a38cb504-469b-4d43-9a71-262dfaf88b68 | ITER: 5 START
2019-12-06 16:55:48.862 2684 RALLYDEBUG rally.task.runner [-] Starting a worker. concurrency: 1 args: {"network_create_args": null, "subnet_create_args": null, "subnet_cidr_start": "1.1.0.0/30", "subnets_per_network": 2, "router_create_args": null} times: 40 method_name: run timeout: 0 duration: None cls:
2019-12-06 16:55:48.863 2678 INFO rally.task.runner [-] Task a38cb504-469b-4d43-9a71-262dfaf88b68 | ITER: 6 START
2019-12-06 16:55:48.865 2687 RALLYDEBUG rally.task.runner [-] Starting a worker. concurrency: 1 args: {"network_create_args": null, "subnet_create_args": null, "subnet_cidr_start": "1.1.0.0/30", "subnets_per_network": 2, "router_create_args": null} times: 40 method_name: run timeout: 0 duration: None cls:
2019-12-06 16:55:48.866 2681 INFO rally.task.runner [-] Task a38cb504-469b-4d43-9a71-262dfaf88b68 | ITER: 7 START
2019-12-06 16:55:48.868 2684 INFO rally.task.runner [-] Task a38cb504-469b-4d43-9a71-262dfaf88b68 | ITER: 8 START
2019-12-06 16:55:48.868 2690 RALLYDEBUG rally.task.runner [-] Starting a worker. concurrency: 1 args: {"network_create_args": null, "subnet_create_args": null, "subnet_cidr_start": "1.1.0.0/30", "subnets_per_network": 2, "router_create_args": null} times: 40 method_name: run timeout: 0 duration: None cls:
2019-12-06 16:55:48.871 2687 INFO rally.task.runner [-] Task a38cb504-469b-4d43-9a71-262dfaf88b68 | ITER: 9 START
2019-12-06 16:55:48.871 2693 RALLYDEBUG rally.task.runner [-] Starting a worker. concurrency: 1 args: {"network_create_args": null, "subnet_create_args": null, "subnet_cidr_start": "1.1.0.0/30", "subnets_per_network": 2, "router_create_args": null} times: 40 method_name: run timeout: 0 duration: None cls:
2019-12-06 16:55:48.873 2696 RALLYDEBUG rally.task.runner [-] Starting a worker. concurrency: 1 args: {"network_create_args": null, "subnet_create_args": null, "subnet_cidr_start": "1.1.0.0/30", "subnets_per_network": 2, "router_create_args": null} times: 40 method_name: run timeout: 0 duration: None cls:
2019-12-06 16:55:48.874 2690 INFO rally.task.runner [-] Task a38cb504-469b-4d43-9a71-262dfaf88b68 | ITER: 10 START
2019-12-06 16:55:48.876 2699 RALLYDEBUG rally.task.runner [-] Starting a worker. concurrency: 1 args: {"network_create_args": null, "subnet_create_args": null, "subnet_cidr_start": "1.1.0.0/30", "subnets_per_network": 2, "router_create_args": null} times: 40 method_name: run timeout: 0 duration: None cls:
2019-12-06 16:55:48.877 2693 INFO rally.task.runner [-] Task a38cb504-469b-4d43-9a71-262dfaf88b68 | ITER: 11 START
2019-12-06 16:55:48.879 2696 INFO rally.task.runner [-] Task a38cb504-469b-4d43-9a71-262dfaf88b68 | ITER: 12 START
2019-12-06 16:55:48.879 2702 RALLYDEBUG rally.task.runner [-] Starting a worker. concurrency: 1 args: {"network_create_args": null, "subnet_create_args": null, "subnet_cidr_start": "1.1.0.0/30", "subnets_per_network": 2, "router_create_args": null} times: 40 method_name: run timeout: 0 duration: None cls:
2019-12-06 16:55:48.882 2699 INFO rally.task.runner [-] Task a38cb504-469b-4d43-9a71-262dfaf88b68 | ITER: 13 START
2019-12-06 16:55:48.881 2705 RALLYDEBUG rally.task.runner [-] Starting a worker. concurrency: 1 args: {"network_create_args": null, "subnet_create_args": null, "subnet_cidr_start": "1.1.0.0/30", "subnets_per_network": 2, "router_create_args": null} times: 40 method_name: run timeout: 0 duration: None cls:
2019-12-06 16:55:48.885 2708 RALLYDEBUG rally.task.runner [-] Starting a worker. concurrency: 1 args: {"network_create_args": null, "subnet_create_args": null, "subnet_cidr_start": "1.1.0.0/30", "subnets_per_network": 2, "router_create_args": null} times: 40 method_name: run timeout: 0 duration: None cls:
