2019-12-06 16:55:48.886 2702 INFO rally.task.runner [-] Task a38cb504-469b-4d43-9a71-262dfaf88b68 | ITER: 14 START
2019-12-06 16:55:48.887 2705 INFO rally.task.runner [-] Task a38cb504-469b-4d43-9a71-262dfaf88b68 | ITER: 15 START
2019-12-06 16:55:48.888 2712 RALLYDEBUG rally.task.runner [-] Starting a worker. concurrency: 1 args: {"network_create_args": null, "subnet_create_args": null, "subnet_cidr_start": "1.1.0.0/30", "subnets_per_network": 2, "router_create_args": null} times: 40 method_name: run timeout: 0 duration: None cls:
2019-12-06 16:55:48.891 2708 INFO rally.task.runner [-] Task a38cb504-469b-4d43-9a71-262dfaf88b68 | ITER: 16 START
2019-12-06 16:55:48.891 2714 RALLYDEBUG rally.task.runner [-] Starting a worker. concurrency: 1 args: {"network_create_args": null, "subnet_create_args": null, "subnet_cidr_start": "1.1.0.0/30", "subnets_per_network": 2, "router_create_args": null} times: 40 method_name: run timeout: 0 duration: None cls:
2019-12-06 16:55:48.893 2719 RALLYDEBUG rally.task.runner [-] Starting a worker. concurrency: 1 args: {"network_create_args": null, "subnet_create_args": null, "subnet_cidr_start": "1.1.0.0/30", "subnets_per_network": 2, "router_create_args": null} times: 40 method_name: run timeout: 0 duration: None cls:
2019-12-06 16:55:48.893 2712 INFO rally.task.runner [-] Task a38cb504-469b-4d43-9a71-262dfaf88b68 | ITER: 17 START
2019-12-06 16:55:48.894 2720 RALLYDEBUG rally.task.runner [-] Starting a worker. concurrency: 1 args: {"network_create_args": null, "subnet_create_args": null, "subnet_cidr_start": "1.1.0.0/30", "subnets_per_network": 2, "router_create_args": null} times: 40 method_name: run timeout: 0 duration: None cls:
2019-12-06 16:55:48.896 2714 INFO rally.task.runner [-] Task a38cb504-469b-4d43-9a71-262dfaf88b68 | ITER: 18 START
2019-12-06 16:55:48.898 2719 INFO rally.task.runner [-] Task a38cb504-469b-4d43-9a71-262dfaf88b68 | ITER: 19 START
2019-12-06 16:55:48.898 2720 INFO rally.task.runner [-] Task a38cb504-469b-4d43-9a71-262dfaf88b68 | ITER: 20 START
2019-12-06 16:55:49.760 2673 RALLYDEBUG rally_openstack.wrappers.network [-] CIDR generated: 1.1.5.160/30
2019-12-06 16:55:49.862 2671 RALLYDEBUG rally_openstack.wrappers.network [-] CIDR generated: 1.1.5.164/30
2019-12-06 16:55:49.959 2672 RALLYDEBUG rally_openstack.wrappers.network [-] CIDR generated: 1.1.5.168/30
2019-12-06 16:55:50.546 2674 RALLYDEBUG rally_openstack.wrappers.network [-] CIDR generated: 1.1.5.172/30
2019-12-06 16:55:51.287 2708 RALLYDEBUG rally_openstack.wrappers.network [-] CIDR generated: 1.1.5.176/30
2019-12-06 16:55:51.333 2705 RALLYDEBUG rally_openstack.wrappers.network [-] CIDR generated: 1.1.5.180/30
2019-12-06 16:55:51.347 2690 RALLYDEBUG rally_openstack.wrappers.network [-] CIDR generated: 1.1.5.184/30
2019-12-06 16:55:51.426 2714 RALLYDEBUG rally_openstack.wrappers.network [-] CIDR generated: 1.1.5.188/30
2019-12-06 16:55:51.431 2719 RALLYDEBUG rally_openstack.wrappers.network [-] CIDR generated: 1.1.5.192/30
2019-12-06 16:55:51.449 2702 RALLYDEBUG rally_openstack.wrappers.network [-] CIDR generated: 1.1.5.196/30
2019-12-06 16:55:51.529 2712 RALLYDEBUG rally_openstack.wrappers.network [-] CIDR generated: 1.1.5.200/30
2019-12-06 16:55:51.570 2720 RALLYDEBUG rally_openstack.wrappers.network [-] CIDR generated: 1.1.5.204/30
2019-12-06 16:55:52.590 2702 RALLYDEBUG rally_openstack.wrappers.network [-] CIDR generated: 1.1.5.208/30
2019-12-06 16:55:54.325 2678 RALLYDEBUG rally_openstack.wrappers.network [-] CIDR generated: 1.1.5.212/30
2019-12-06 16:55:54.383 2681 RALLYDEBUG rally_openstack.wrappers.network [-] CIDR generated: 1.1.5.216/30
2019-12-06 16:55:54.385 2675 RALLYDEBUG rally_openstack.wrappers.network [-] CIDR generated: 1.1.5.220/30
2019-12-06 16:55:54.420 2684 RALLYDEBUG rally_openstack.wrappers.network [-] CIDR generated: 1.1.5.224/30
2019-12-06 16:55:54.423 2696 RALLYDEBUG rally_openstack.wrappers.network [-] CIDR generated: 1.1.5.228/30
2019-12-06 16:55:54.432 2693 RALLYDEBUG rally_openstack.wrappers.network [-] CIDR generated: 1.1.5.232/30
2019-12-06 16:55:54.689 2687 RALLYDEBUG rally_openstack.wrappers.network [-] CIDR generated: 1.1.5.236/30
2019-12-06 16:55:55.320 2699 RALLYDEBUG rally_openstack.wrappers.network [-] CIDR generated: 1.1.5.240/30
2019-12-06 16:55:57.222 2673 RALLYDEBUG rally_openstack.wrappers.network [-] CIDR generated: 1.1.5.244/30
2019-12-06 16:55:57.356 2671 RALLYDEBUG rally_openstack.wrappers.network [-] CIDR generated: 1.1.5.248/30
2019-12-06 16:55:57.607 2672 RALLYDEBUG rally_openstack.wrappers.network [-] CIDR generated: 1.1.5.252/30
2019-12-06 16:55:57.769 2674 RALLYDEBUG rally_openstack.wrappers.network [-] CIDR generated: 1.1.6.0/30
2019-12-06 16:55:57.860 2714 RALLYDEBUG rally_openstack.wrappers.network [-] CIDR generated: 1.1.6.4/30
2019-12-06 16:55:57.934 2719 RALLYDEBUG rally_openstack.wrappers.network [-] CIDR generated: 1.1.6.8/30
2019-12-06 16:55:57.937 2690 RALLYDEBUG rally_openstack.wrappers.network [-] CIDR generated: 1.1.6.12/30
2019-12-06 16:55:57.945 2708 RALLYDEBUG rally_openstack.wrappers.network [-] CIDR generated: 1.1.6.16/30
2019-12-06 16:55:57.951 2705 RALLYDEBUG rally_openstack.wrappers.network [-] CIDR generated: 1.1.6.20/30
2019-12-06 16:55:57.960 2712 RALLYDEBUG rally_openstack.wrappers.network [-] CIDR generated: 1.1.6.24/30
2019-12-06 16:55:58.020 2720 RALLYDEBUG rally_openstack.wrappers.network [-] CIDR generated: 1.1.6.28/30
2019-12-06 16:56:01.296 2678 RALLYDEBUG rally_openstack.wrappers.network [-] CIDR generated: 1.1.6.32/30
2019-12-06 16:56:01.384 2681 RALLYDEBUG rally_openstack.wrappers.network [-] CIDR generated: 1.1.6.36/30
2019-12-06 16:56:01.422 2675 RALLYDEBUG rally_openstack.wrappers.network [-] CIDR generated: 1.1.6.40/30
2019-12-06 16:56:01.876 2696 RALLYDEBUG rally_openstack.wrappers.network [-] CIDR generated: 1.1.6.44/30
2019-12-06 16:56:02.311 2687 RALLYDEBUG rally_openstack.wrappers.network [-] CIDR generated: 1.1.6.48/30
2019-12-06 16:56:02.607 2684 RALLYDEBUG rally_openstack.wrappers.network [-] CIDR generated: 1.1.6.52/30
2019-12-06 16:56:02.699 2693 RALLYDEBUG rally_openstack.wrappers.network [-] CIDR generated: 1.1.6.56/30
2019-12-06 16:56:02.884 2699 RALLYDEBUG rally_openstack.wrappers.network [-] CIDR generated: 1.1.6.60/30
2019-12-06 16:56:57.237 2673 INFO rally.task.runner [-] Task a38cb504-469b-4d43-9a71-262dfaf88b68 | ITER: 3 END: OK
2019-12-06 16:56:57.243 2673 INFO rally.task.runner [-] Task a38cb504-469b-4d43-9a71-262dfaf88b68 | ITER: 21 START
2019-12-06 16:56:59.782 2673 RALLYDEBUG rally_openstack.wrappers.network [-] CIDR generated: 1.1.6.64/30
2019-12-06 16:57:05.905 2673 RALLYDEBUG rally_openstack.wrappers.network [-] CIDR generated: 1.1.6.68/30
2019-12-06 16:57:31.489 2702 INFO rally.task.runner [-] Task a38cb504-469b-4d43-9a71-262dfaf88b68 | ITER: 14 END: OK
2019-12-06 16:57:31.499 2702 INFO rally.task.runner [-] Task a38cb504-469b-4d43-9a71-262dfaf88b68 | ITER: 22 START
2019-12-06 16:57:32.303 2671 INFO rally.task.runner [-] Task a38cb504-469b-4d43-9a71-262dfaf88b68 | ITER: 1 END: OK
2019-12-06 16:57:32.309 2671 INFO rally.task.runner [-] Task a38cb504-469b-4d43-9a71-262dfaf88b68 | ITER: 23 START
2019-12-06 16:57:32.507 2702 RALLYDEBUG rally_openstack.wrappers.network [-] CIDR generated: 1.1.6.72/30
2019-12-06 16:57:33.180 2671 RALLYDEBUG rally_openstack.wrappers.network [-] CIDR generated: 1.1.6.76/30
2019-12-06 16:57:34.715 2708 INFO rally.task.runner [-] Task a38cb504-469b-4d43-9a71-262dfaf88b68 | ITER: 16 END: OK
2019-12-06 16:57:34.724 2708 INFO rally.task.runner [-] Task a38cb504-469b-4d43-9a71-262dfaf88b68 | ITER: 24 START
2019-12-06 16:57:38.743 2708 RALLYDEBUG rally_openstack.wrappers.network [-] CIDR generated: 1.1.6.80/30
2019-12-06 16:57:39.391 2672 INFO rally.task.runner [-] Task a38cb504-469b-4d43-9a71-262dfaf88b68 | ITER: 2 END: OK
2019-12-06 16:57:39.399 2672 INFO rally.task.runner [-] Task a38cb504-469b-4d43-9a71-262dfaf88b68 | ITER: 25 START
2019-12-06 16:57:39.430 2678 INFO rally.task.runner [-] Task a38cb504-469b-4d43-9a71-262dfaf88b68 | ITER: 6 END: OK
2019-12-06 16:57:39.436 2678 INFO rally.task.runner [-] Task a38cb504-469b-4d43-9a71-262dfaf88b68 | ITER: 26 START
2019-12-06 16:57:40.511 2702 RALLYDEBUG rally_openstack.wrappers.network [-] CIDR generated: 1.1.6.84/30
2019-12-06 16:57:40.972 2671 RALLYDEBUG rally_openstack.wrappers.network [-] CIDR generated: 1.1.6.88/30
2019-12-06 16:57:42.161 2672 RALLYDEBUG rally_openstack.wrappers.network [-] CIDR generated: 1.1.6.92/30
2019-12-06 16:57:42.203 2678 RALLYDEBUG rally_openstack.wrappers.network [-] CIDR generated: 1.1.6.96/30
2019-12-06 16:57:42.720 2719 INFO rally.task.runner [-] Task a38cb504-469b-4d43-9a71-262dfaf88b68 | ITER: 19 END: OK
2019-12-06 16:57:42.728 2719 INFO rally.task.runner [-] Task a38cb504-469b-4d43-9a71-262dfaf88b68 | ITER: 27 START
2019-12-06 16:57:43.550 2687 INFO rally.task.runner [-] Task a38cb504-469b-4d43-9a71-262dfaf88b68 | ITER: 9 END: OK
2019-12-06 16:57:43.558 2687 INFO rally.task.runner [-] Task a38cb504-469b-4d43-9a71-262dfaf88b68 | ITER: 28 START
2019-12-06 16:57:44.129 2684 INFO rally.task.runner [-] Task a38cb504-469b-4d43-9a71-262dfaf88b68 | ITER: 8 END: OK
2019-12-06 16:57:44.137 2684 INFO rally.task.runner [-] Task a38cb504-469b-4d43-9a71-262dfaf88b68 | ITER: 29 START
2019-12-06 16:57:44.549 2699 INFO rally.task.runner [-] Task a38cb504-469b-4d43-9a71-262dfaf88b68 | ITER: 13 END: OK
2019-12-06 16:57:44.558 2699 INFO rally.task.runner [-] Task a38cb504-469b-4d43-9a71-262dfaf88b68 | ITER: 30 START
2019-12-06 16:57:44.691 2708 RALLYDEBUG rally_openstack.wrappers.network [-] CIDR generated: 1.1.6.100/30
2019-12-06 16:57:45.043 2687 RALLYDEBUG rally_openstack.wrappers.network [-] CIDR generated: 1.1.6.104/30
2019-12-06 16:57:45.310 2696 INFO rally.task.runner [-] Task a38cb504-469b-4d43-9a71-262dfaf88b68 | ITER: 12 END: OK
2019-12-06 16:57:45.317 2696 INFO rally.task.runner [-] Task a38cb504-469b-4d43-9a71-262dfaf88b68 | ITER: 31 START
2019-12-06 16:57:45.591 2693 INFO rally.task.runner [-] Task a38cb504-469b-4d43-9a71-262dfaf88b68 | ITER: 11 END: OK
2019-12-06 16:57:45.599 2693 INFO rally.task.runner [-] Task a38cb504-469b-4d43-9a71-262dfaf88b68 | ITER: 32 START
2019-12-06 16:57:45.770 2675 INFO rally.task.runner [-] Task a38cb504-469b-4d43-9a71-262dfaf88b68 | ITER: 5 END: OK
2019-12-06 16:57:45.776 2675 INFO rally.task.runner [-] Task a38cb504-469b-4d43-9a71-262dfaf88b68 | ITER: 33 START
2019-12-06 16:57:45.829 2678 RALLYDEBUG rally_openstack.wrappers.network [-] CIDR generated: 1.1.6.108/30
2019-12-06 16:57:45.832 2681 INFO rally.task.runner [-] Task a38cb504-469b-4d43-9a71-262dfaf88b68 | ITER: 7 END: OK
2019-12-06 16:57:45.838 2681 INFO rally.task.runner [-] Task a38cb504-469b-4d43-9a71-262dfaf88b68 | ITER: 34 START
2019-12-06 16:57:46.033 2699 RALLYDEBUG rally_openstack.wrappers.network [-] CIDR generated: 1.1.6.112/30
2019-12-06 16:57:47.205 2675 RALLYDEBUG rally_openstack.wrappers.network [-] CIDR generated: 1.1.6.116/30
2019-12-06 16:57:48.949 2719 RALLYDEBUG rally_openstack.wrappers.network [-] CIDR generated: 1.1.6.120/30
2019-12-06 16:57:50.035 2684 RALLYDEBUG rally_openstack.wrappers.network [-] CIDR generated: 1.1.6.124/30
2019-12-06 16:57:50.459 2705 INFO rally.task.runner [-] Task a38cb504-469b-4d43-9a71-262dfaf88b68 | ITER: 15 END: OK
2019-12-06 16:57:50.465 2705 INFO rally.task.runner [-] Task a38cb504-469b-4d43-9a71-262dfaf88b68 | ITER: 35 START
2019-12-06 16:57:50.724 2696 RALLYDEBUG rally_openstack.wrappers.network [-] CIDR generated: 1.1.6.128/30
2019-12-06 16:57:51.166 2693 RALLYDEBUG rally_openstack.wrappers.network [-] CIDR generated: 1.1.6.132/30
2019-12-06 16:57:51.167 2672 RALLYDEBUG rally_openstack.wrappers.network [-] CIDR generated: 1.1.6.136/30
2019-12-06 16:57:51.179 2681 RALLYDEBUG rally_openstack.wrappers.network [-] CIDR generated: 1.1.6.140/30
2019-12-06 16:57:51.229 2674 INFO rally.task.runner [-] Task a38cb504-469b-4d43-9a71-262dfaf88b68 | ITER: 4 END: OK
2019-12-06 16:57:51.240 2674 INFO rally.task.runner [-] Task a38cb504-469b-4d43-9a71-262dfaf88b68 | ITER: 36 START
2019-12-06 16:57:53.616 2705 RALLYDEBUG rally_openstack.wrappers.network [-] CIDR generated: 1.1.6.144/30
2019-12-06 16:57:53.912 2687 RALLYDEBUG rally_openstack.wrappers.network [-] CIDR generated: 1.1.6.148/30
2019-12-06 16:57:53.992 2699 RALLYDEBUG rally_openstack.wrappers.network [-] CIDR generated: 1.1.6.152/30
2019-12-06 16:57:54.418 2674 RALLYDEBUG rally_openstack.wrappers.network [-] CIDR generated: 1.1.6.156/30
2019-12-06 16:57:54.455 2684 RALLYDEBUG rally_openstack.wrappers.network [-] CIDR generated: 1.1.6.160/30
2019-12-06 16:57:54.845 2675 RALLYDEBUG rally_openstack.wrappers.network [-] CIDR generated: 1.1.6.164/30
2019-12-06 16:57:55.382 2719 RALLYDEBUG rally_openstack.wrappers.network [-] CIDR generated: 1.1.6.168/30
2019-12-06 16:57:56.396 2696 RALLYDEBUG rally_openstack.wrappers.network [-] CIDR generated: 1.1.6.172/30
2019-12-06 16:57:56.633 2693 RALLYDEBUG rally_openstack.wrappers.network [-] CIDR generated: 1.1.6.176/30
2019-12-06 16:57:56.644 2681 RALLYDEBUG rally_openstack.wrappers.network [-] CIDR generated: 1.1.6.180/30
2019-12-06 16:57:58.265 2674 RALLYDEBUG rally_openstack.wrappers.network [-] CIDR generated: 1.1.6.184/30
2019-12-06 16:58:01.428 2705 RALLYDEBUG rally_openstack.wrappers.network [-] CIDR generated: 1.1.6.188/30
2019-12-06 16:58:02.904 2690 INFO rally.task.runner [-] Task a38cb504-469b-4d43-9a71-262dfaf88b68 | ITER: 10 END: OK
2019-12-06 16:58:02.910 2690 INFO rally.task.runner [-] Task a38cb504-469b-4d43-9a71-262dfaf88b68 | ITER: 37 START
2019-12-06 16:58:03.624 2712 INFO rally.task.runner [-] Task a38cb504-469b-4d43-9a71-262dfaf88b68 | ITER: 17 END: OK
2019-12-06 16:58:03.631 2712 INFO rally.task.runner [-] Task a38cb504-469b-4d43-9a71-262dfaf88b68 | ITER: 38 START
2019-12-06 16:58:04.858 2690 RALLYDEBUG rally_openstack.wrappers.network [-] CIDR generated: 1.1.6.192/30
2019-12-06 16:58:04.935 2714 INFO rally.task.runner [-] Task a38cb504-469b-4d43-9a71-262dfaf88b68 | ITER: 18 END: OK
2019-12-06 16:58:04.941 2714 INFO rally.task.runner [-] Task a38cb504-469b-4d43-9a71-262dfaf88b68 | ITER: 39 START
2019-12-06 16:58:06.199 2712 RALLYDEBUG rally_openstack.wrappers.network [-] CIDR generated: 1.1.6.196/30
2019-12-06 16:58:07.990 2714 RALLYDEBUG rally_openstack.wrappers.network [-] CIDR generated: 1.1.6.200/30
2019-12-06 16:58:09.352 2720 INFO rally.task.runner [-] Task a38cb504-469b-4d43-9a71-262dfaf88b68 | ITER: 20 END: OK
2019-12-06 16:58:09.358 2720 INFO rally.task.runner [-] Task a38cb504-469b-4d43-9a71-262dfaf88b68 | ITER: 40 START
2019-12-06 16:58:10.392 2712 RALLYDEBUG rally_openstack.wrappers.network [-] CIDR generated: 1.1.6.204/30
2019-12-06 16:58:11.302 2720 RALLYDEBUG rally_openstack.wrappers.network [-] CIDR generated: 1.1.6.208/30
2019-12-06 16:58:11.635 2690 RALLYDEBUG rally_openstack.wrappers.network [-] CIDR generated: 1.1.6.212/30
2019-12-06 16:58:15.760 2714 RALLYDEBUG rally_openstack.wrappers.network [-] CIDR generated: 1.1.6.216/30
2019-12-06 16:58:17.522 2720 RALLYDEBUG rally_openstack.wrappers.network [-] CIDR generated: 1.1.6.220/30
2019-12-06 16:58:32.757 2673 INFO rally.task.runner [-] Task a38cb504-469b-4d43-9a71-262dfaf88b68 | ITER: 21 END: OK
2019-12-06 16:59:04.019 2681 DEBUG neutronclient.v2_0.client [-] Error message: 504 Gateway Time-out

504 Gateway Time-out


nginx
_handle_fault_response /usr/lib/python2.7/site-packages/neutronclient/v2_0/client.py:259
2019-12-06 16:59:04.025 2681 ERROR rally.task.runner [-] Iteration 34 raised Exception: NeutronClientException: 504 Gateway Time-out

504 Gateway Time-out


nginx
2019-12-06 16:59:04.025 2681 ERROR rally.task.runner
Traceback (most recent call last):
2019-12-06 16:59:04.025 2681 ERROR rally.task.runner
File "/usr/lib/python2.7/site-packages/rally/task/runner.py", line 71, in _run_scenario_once
2019-12-06 16:59:04.025 2681 ERROR rally.task.runner getattr(scenario_inst, method_name)(**scenario_kwargs)
2019-12-06 16:59:04.025 2681 ERROR rally.task.runner
File "/usr/lib/python2.7/site-packages/rally_openstack/scenarios/neutron/network.py", line 261, in run
2019-12-06 16:59:04.025 2681 ERROR rally.task.runner router_create_args)
2019-12-06 16:59:04.025 2681 ERROR rally.task.runner
File "/usr/lib/python2.7/site-packages/rally_openstack/scenarios/neutron/utils.py", line 385, in _create_network_structure
2019-12-06 16:59:04.025 2681 ERROR rally.task.runner router = self._create_router(router_create_args or {})
2019-12-06 16:59:04.025 2681 ERROR rally.task.runner
File "/usr/lib/python2.7/site-packages/rally/task/atomic.py", line 91, in func_atomic_actions
2019-12-06 16:59:04.025 2681 ERROR rally.task.runner f = func(self, *args, **kwargs)
2019-12-06 16:59:04.025 2681 ERROR rally.task.runner
File "/usr/lib/python2.7/site-packages/rally_openstack/scenarios/neutron/utils.py", line 215, in _create_router
2019-12-06 16:59:04.025 2681 ERROR rally.task.runner {"router": router_create_args})
2019-12-06 16:59:04.025 2681 ERROR rally.task.runner
File "/usr/lib/python2.7/site-packages/neutronclient/v2_0/client.py", line 885, in create_router
2019-12-06 16:59:04.025 2681 ERROR rally.task.runner return self.post(self.routers_path, body=body)
2019-12-06 16:59:04.025 2681 ERROR rally.task.runner
File "/usr/lib/python2.7/site-packages/neutronclient/v2_0/client.py", line 359, in post
2019-12-06 16:59:04.025 2681 ERROR rally.task.runner headers=headers, params=params)
2019-12-06 16:59:04.025 2681 ERROR rally.task.runner
File "/usr/lib/python2.7/site-packages/neutronclient/v2_0/client.py", line 294, in do_request
2019-12-06 16:59:04.025 2681 ERROR rally.task.runner self._handle_fault_response(status_code, replybody, resp)
2019-12-06 16:59:04.025 2681 ERROR rally.task.runner
File "/usr/lib/python2.7/site-packages/neutronclient/v2_0/client.py", line 269, in _handle_fault_response
2019-12-06 16:59:04.025 2681 ERROR rally.task.runner exception_handler_v20(status_code, error_body)
2019-12-06 16:59:04.025 2681 ERROR rally.task.runner
File "/usr/lib/python2.7/site-packages/neutronclient/v2_0/client.py", line 93, in exception_handler_v20
2019-12-06 16:59:04.025 2681 ERROR rally.task.runner request_ids=request_ids)
2019-12-06 16:59:04.025 2681 ERROR rally.task.runner NeutronClientException:
2019-12-06 16:59:04.025 2681 ERROR rally.task.runner 504 Gateway Time-out
2019-12-06 16:59:04.025 2681 ERROR rally.task.runner
2019-12-06 16:59:04.025 2681 ERROR rally.task.runner

504 Gateway Time-out

2019-12-06 16:59:04.025 2681 ERROR rally.task.runner
nginx
2019-12-06 16:59:04.025 2681 ERROR rally.task.runner
2019-12-06 16:59:04.025 2681 ERROR rally.task.runner
2019-12-06 16:59:04.025 2681 ERROR rally.task.runner
2019-12-06 16:59:04.025 2681 ERROR rally.task.runner
2019-12-06 16:59:04.027 2681 INFO rally.task.runner [-] Task a38cb504-469b-4d43-9a71-262dfaf88b68 | ITER: 34 END: Error NeutronClientException: 504 Gateway Time-out

504 Gateway Time-out


nginx
2019-12-06 16:59:21.865 2708 INFO rally.task.runner [-] Task a38cb504-469b-4d43-9a71-262dfaf88b68 | ITER: 24 END: OK
2019-12-06 16:59:22.032 2702 INFO rally.task.runner [-] Task a38cb504-469b-4d43-9a71-262dfaf88b68 | ITER: 22 END: OK
2019-12-06 16:59:22.571 2671 INFO rally.task.runner [-] Task a38cb504-469b-4d43-9a71-262dfaf88b68 | ITER: 23 END: OK
2019-12-06 16:59:23.047 2720 DEBUG neutronclient.v2_0.client [-] Error message: 504 Gateway Time-out

504 Gateway Time-out


nginx
_handle_fault_response /usr/lib/python2.7/site-packages/neutronclient/v2_0/client.py:259
2019-12-06 16:59:23.054 2720 ERROR rally.task.runner [-] Iteration 40 raised Exception: NeutronClientException: 504 Gateway Time-out

504 Gateway Time-out


nginx
2019-12-06 16:59:23.054 2720 ERROR rally.task.runner
Traceback (most recent call last):
2019-12-06 16:59:23.054 2720 ERROR rally.task.runner
File "/usr/lib/python2.7/site-packages/rally/task/runner.py", line 71, in _run_scenario_once
2019-12-06 16:59:23.054 2720 ERROR rally.task.runner getattr(scenario_inst, method_name)(**scenario_kwargs)
2019-12-06 16:59:23.054 2720 ERROR rally.task.runner
File "/usr/lib/python2.7/site-packages/rally_openstack/scenarios/neutron/network.py", line 261, in run
2019-12-06 16:59:23.054 2720 ERROR rally.task.runner router_create_args)
2019-12-06 16:59:23.054 2720 ERROR rally.task.runner
File "/usr/lib/python2.7/site-packages/rally_openstack/scenarios/neutron/utils.py", line 385, in _create_network_structure
2019-12-06 16:59:23.054 2720 ERROR rally.task.runner router = self._create_router(router_create_args or {})
2019-12-06 16:59:23.054 2720 ERROR rally.task.runner
File "/usr/lib/python2.7/site-packages/rally/task/atomic.py", line 91, in func_atomic_actions
2019-12-06 16:59:23.054 2720 ERROR rally.task.runner f = func(self, *args, **kwargs)
2019-12-06 16:59:23.054 2720 ERROR rally.task.runner
File "/usr/lib/python2.7/site-packages/rally_openstack/scenarios/neutron/utils.py", line 215, in _create_router
2019-12-06 16:59:23.054 2720 ERROR rally.task.runner {"router": router_create_args})
2019-12-06 16:59:23.054 2720 ERROR rally.task.runner
File "/usr/lib/python2.7/site-packages/neutronclient/v2_0/client.py", line 885, in create_router
2019-12-06 16:59:23.054 2720 ERROR rally.task.runner return self.post(self.routers_path, body=body)
2019-12-06 16:59:23.054 2720 ERROR rally.task.runner
File "/usr/lib/python2.7/site-packages/neutronclient/v2_0/client.py", line 359, in post
2019-12-06 16:59:23.054 2720 ERROR rally.task.runner headers=headers, params=params)
2019-12-06 16:59:23.054 2720 ERROR rally.task.runner
File "/usr/lib/python2.7/site-packages/neutronclient/v2_0/client.py", line 294, in do_request
2019-12-06 16:59:23.054 2720 ERROR rally.task.runner self._handle_fault_response(status_code, replybody, resp)
2019-12-06 16:59:23.054 2720 ERROR rally.task.runner
File "/usr/lib/python2.7/site-packages/neutronclient/v2_0/client.py", line 269, in _handle_fault_response
2019-12-06 16:59:23.054 2720 ERROR rally.task.runner exception_handler_v20(status_code, error_body)
2019-12-06 16:59:23.054 2720 ERROR rally.task.runner
File "/usr/lib/python2.7/site-packages/neutronclient/v2_0/client.py", line 93, in exception_handler_v20
2019-12-06 16:59:23.054 2720 ERROR rally.task.runner request_ids=request_ids)
2019-12-06 16:59:23.054 2720 ERROR rally.task.runner NeutronClientException:
2019-12-06 16:59:23.054 2720 ERROR rally.task.runner 504 Gateway Time-out
2019-12-06 16:59:23.054 2720 ERROR rally.task.runner
2019-12-06 16:59:23.054 2720 ERROR rally.task.runner

504 Gateway Time-out

2019-12-06 16:59:23.054 2720 ERROR rally.task.runner
nginx
2019-12-06 16:59:23.054 2720 ERROR rally.task.runner
2019-12-06 16:59:23.054 2720 ERROR rally.task.runner
2019-12-06 16:59:23.054 2720 ERROR rally.task.runner
2019-12-06 16:59:23.054 2720 ERROR rally.task.runner
2019-12-06 16:59:23.055 2720 INFO rally.task.runner [-] Task a38cb504-469b-4d43-9a71-262dfaf88b68 | ITER: 40 END: Error NeutronClientException: 504 Gateway Time-out

504 Gateway Time-out


nginx
2019-12-06 16:59:26.346 2678 INFO rally.task.runner [-] Task a38cb504-469b-4d43-9a71-262dfaf88b68 | ITER: 26 END: OK
2019-12-06 16:59:33.649 2687 INFO rally.task.runner [-] Task a38cb504-469b-4d43-9a71-262dfaf88b68 | ITER: 28 END: OK
2019-12-06 16:59:38.011 2672 INFO rally.task.runner [-] Task a38cb504-469b-4d43-9a71-262dfaf88b68 | ITER: 25 END: OK
2019-12-06 16:59:38.802 2699 INFO rally.task.runner [-] Task a38cb504-469b-4d43-9a71-262dfaf88b68 | ITER: 30 END: OK
2019-12-06 16:59:38.936 2693 INFO rally.task.runner [-] Task a38cb504-469b-4d43-9a71-262dfaf88b68 | ITER: 32 END: OK
2019-12-06 16:59:39.218 2675 INFO rally.task.runner [-] Task a38cb504-469b-4d43-9a71-262dfaf88b68 | ITER: 33 END: OK
2019-12-06 16:59:40.145 2712 INFO rally.task.runner [-] Task a38cb504-469b-4d43-9a71-262dfaf88b68 | ITER: 38 END: OK
2019-12-06 16:59:43.598 2684 INFO rally.task.runner [-] Task a38cb504-469b-4d43-9a71-262dfaf88b68 | ITER: 29 END: OK
2019-12-06 16:59:48.257 2719 INFO rally.task.runner [-] Task a38cb504-469b-4d43-9a71-262dfaf88b68 | ITER: 27 END: OK
2019-12-06 16:59:48.644 2674 INFO rally.task.runner [-] Task a38cb504-469b-4d43-9a71-262dfaf88b68 | ITER: 36 END: OK
2019-12-06 16:59:48.958 2705 INFO rally.task.runner [-] Task a38cb504-469b-4d43-9a71-262dfaf88b68 | ITER: 35 END: OK
2019-12-06 16:59:49.544 2696 INFO rally.task.runner [-] Task a38cb504-469b-4d43-9a71-262dfaf88b68 | ITER: 31 END: OK
2019-12-06 16:59:51.046 2690 INFO rally.task.runner [-] Task a38cb504-469b-4d43-9a71-262dfaf88b68 | ITER: 37 END: OK
2019-12-06 16:59:51.156 2714 INFO rally.task.runner [-] Task a38cb504-469b-4d43-9a71-262dfaf88b68 | ITER: 39 END: OK
2019-12-06 16:59:51.181 15 INFO rally.task.context [-] Task a38cb504-469b-4d43-9a71-262dfaf88b68 | Context cleanup@openstack cleanup() started
2019-12-06 16:59:51.189 15 RALLYDEBUG rally_openstack.cleanup.manager [-] Cleaning up neutron vip objects
2019-12-06 16:59:51.435 15 RALLYDEBUG rally_openstack.cleanup.manager [-] Cleaning up neutron health_monitor objects
2019-12-06 16:59:51.659 15 RALLYDEBUG rally_openstack.cleanup.manager [-] Cleaning up neutron pool objects
2019-12-06 16:59:51.877 15 RALLYDEBUG rally_openstack.cleanup.manager [-] Cleaning up neutron loadbalancer objects
2019-12-06 16:59:52.103 15 RALLYDEBUG rally_openstack.cleanup.manager [-] Cleaning up neutron floatingip objects
2019-12-06 16:59:52.338 15 RALLYDEBUG rally_openstack.cleanup.manager [-] Cleaning up neutron trunk objects
2019-12-06 16:59:52.526 15 DEBUG neutronclient.v2_0.client [-] Error message: {"message": "The resource could not be found.

\n\n\n", "code": "404 Not Found", "title": "Not Found"} _handle_fault_response /usr/lib/python2.7/site-packages/neutronclient/v2_0/client.py:259
2019-12-06 16:59:52.536 15 RALLYDEBUG rally_openstack.cleanup.manager [-] Cleaning up neutron port objects
2019-12-06 16:59:53.619 15 RALLYDEBUG rally_openstack.cleanup.manager [-] Deleting neutron.port object s_rally_3646b3bc_F0fvlHtn (0ef827b9-67a4-4780-8da8-de3506318993)
2019-12-06 16:59:53.627 15 RALLYDEBUG rally_openstack.cleanup.manager [-] Deleting neutron.port object s_rally_3646b3bc_oIc9c6ZY (0a8c7c91-0f0c-4a7d-a2c2-1583aa993a01)
2019-12-06 16:59:53.625 15 RALLYDEBUG rally_openstack.cleanup.manager [-] Deleting neutron.port object s_rally_3646b3bc_1I9gTxKC (088a0014-9070-4ca6-93bb-7e3af13808bc)
2019-12-06 16:59:53.628 15 RALLYDEBUG rally_openstack.cleanup.manager [-] Deleting neutron.port object s_rally_3646b3bc_VIN3sVuT (02414745-2768-43f5-b4e1-6694fe2a4a77)
2019-12-06 16:59:53.656 15 RALLYDEBUG rally_openstack.cleanup.manager [-] Deleting neutron.port object s_rally_3646b3bc_KcVmlp6r (16e3413b-4d09-49e5-8de0-538e53a6b2ec)
2019-12-06 16:59:53.676 15 RALLYDEBUG rally_openstack.cleanup.manager [-] Deleting neutron.port object s_rally_3646b3bc_AQeqo7Un (1a55a0cd-c52b-4f5c-9183-14220812e775)
2019-12-06 16:59:53.668 15 RALLYDEBUG rally_openstack.cleanup.manager [-] Deleting neutron.port object s_rally_3646b3bc_TEGWv4Gv (1389d3a3-69db-4337-ae5b-3286e537a80d)
2019-12-06 16:59:53.717 15 RALLYDEBUG rally_openstack.cleanup.manager [-] Deleting neutron.port object s_rally_3646b3bc_wxciGcFm (1487bb39-5bf3-495b-adda-7b4d7404fb33)
2019-12-06 16:59:53.726 15 RALLYDEBUG rally_openstack.cleanup.manager [-] Deleting neutron.port object s_rally_3646b3bc_exJJxosW (207e1275-3894-4bb8-a7a0-b19677422aa7)
2019-12-06 16:59:53.741 15 RALLYDEBUG rally_openstack.cleanup.manager [-] Deleting neutron.port object s_rally_3646b3bc_4evxxB4B (1c209fec-0c62-43f4-8970-0c93fffafe14)
2019-12-06 16:59:53.721 15 RALLYDEBUG rally_openstack.cleanup.manager [-] Deleting neutron.port object s_rally_3646b3bc_yqEkztM8 (2307ce1f-bbe4-45f0-86eb-59cfce06c726)
2019-12-06 16:59:53.788 15 RALLYDEBUG rally_openstack.cleanup.manager [-] Deleting neutron.port object s_rally_3646b3bc_NyApzoga (2624ea18-9986-4021-840f-fd082f0d0e3a)
2019-12-06 16:59:53.815 15 RALLYDEBUG rally_openstack.cleanup.manager [-] Deleting neutron.port object s_rally_3646b3bc_JhLLAGwy (272cd9c2-3e63-424d-960f-32055ab94da9)
2019-12-06 16:59:53.834 15 RALLYDEBUG rally_openstack.cleanup.manager [-] Deleting neutron.port object s_rally_3646b3bc_LSywaxlg (38e3f777-f8dd-43f6-bce8-117172b49387)
2019-12-06 16:59:53.831 15 RALLYDEBUG rally_openstack.cleanup.manager [-] Deleting neutron.port object s_rally_3646b3bc_uhAE4OI0 (31378efb-66d1-44c4-a367-cd6483e63944)
2019-12-06 16:59:53.864 15 RALLYDEBUG rally_openstack.cleanup.manager [-] Deleting neutron.port object s_rally_3646b3bc_N7Jnh5I3 (41c811fd-0c67-4148-8888-45470ee3d9e7)
2019-12-06 16:59:53.864 15 RALLYDEBUG rally_openstack.cleanup.manager [-] Deleting neutron.port object s_rally_3646b3bc_SD5DJvIH (3ebdde31-68fe-44aa-9423-46ee7453d233)
2019-12-06 16:59:53.883 15 RALLYDEBUG rally_openstack.cleanup.manager [-] Deleting neutron.port object s_rally_3646b3bc_D09RZ7Hp (2f960f08-7285-4f6d-805a-6f9b6eee4131)
2019-12-06 16:59:53.930 15 RALLYDEBUG rally_openstack.cleanup.manager [-] Deleting neutron.port object s_rally_3646b3bc_UKRqYyn7 (40311722-8b27-43bc-9311-53eebb3dac34)
2019-12-06 16:59:53.976 15 RALLYDEBUG rally_openstack.cleanup.manager [-] Deleting neutron.port object s_rally_3646b3bc_45F1ejag (4328afb6-e980-43ed-a572-7ad44fc50e00)
2019-12-06 17:00:07.386 15 RALLYDEBUG rally_openstack.cleanup.manager [-] Deleting neutron.port object s_rally_3646b3bc_5xy7tiUJ (4aed6435-f428-456a-864b-aac48a4acada)
2019-12-06 17:00:07.490 15 RALLYDEBUG rally_openstack.cleanup.manager [-] Deleting neutron.port object s_rally_3646b3bc_TedPZREg (4fe2e56d-ca94-4026-9d24-2ba6434656b3)
2019-12-06 17:00:08.558 15 RALLYDEBUG rally_openstack.cleanup.manager [-] Deleting neutron.port object s_rally_3646b3bc_OJ5B61Ck (52173410-e7f0-45c8-9847-52bbec001be3)
2019-12-06 17:00:08.568 15 RALLYDEBUG rally_openstack.cleanup.manager [-] Deleting neutron.port object s_rally_3646b3bc_gjnwMueU (535362d8-c286-4db8-86ee-24ad62f4e52e)
2019-12-06 17:00:08.579 15 RALLYDEBUG rally_openstack.cleanup.manager [-] Deleting neutron.port object s_rally_3646b3bc_qelBfC1K (56510bae-8fa8-4fbc-881d-a0a5ce603726)
2019-12-06 17:00:08.587 15 RALLYDEBUG rally_openstack.cleanup.manager [-] Deleting neutron.port object s_rally_3646b3bc_7URf4vxp (538487b0-f325-4474-adbf-c07718518a3c)
2019-12-06 17:00:08.605 15 RALLYDEBUG rally_openstack.cleanup.manager [-] Deleting neutron.port object s_rally_3646b3bc_qtIFFhIl (567d8421-a445-4079-a8c1-11be326461ae)
2019-12-06 17:00:08.618 15 RALLYDEBUG rally_openstack.cleanup.manager [-] Deleting neutron.port object s_rally_3646b3bc_Jcwnmv8s (6078f36a-6acc-4bfd-9644-cf4fefa49f28)
2019-12-06 17:00:08.629 15 RALLYDEBUG rally_openstack.cleanup.manager [-] Deleting neutron.port object s_rally_3646b3bc_stVXyLl8 (61b41323-bf98-4c88-9f8c-83778add0edf)
2019-12-06 17:00:08.902 15 RALLYDEBUG rally_openstack.cleanup.manager [-] Deleting neutron.port object s_rally_3646b3bc_WUL4XIyA (620fbcf8-21de-4cdb-9366-228863408185)
2019-12-06 17:00:10.766 15 RALLYDEBUG rally_openstack.cleanup.manager [-] Deleting neutron.port object s_rally_3646b3bc_d4gOurDq (62a70dcf-d8f4-4742-ac3c-9ffd4d1febc5)
2019-12-06 17:00:10.875 15 RALLYDEBUG rally_openstack.cleanup.manager [-] Deleting neutron.port object s_rally_3646b3bc_lujfNNtk (62e645a7-8050-4ce4-8280-9d356f0f36e0)
2019-12-06 17:00:10.931 15 RALLYDEBUG rally_openstack.cleanup.manager [-] Deleting neutron.port object s_rally_3646b3bc_PqdNBV0X (66768d69-7c1c-4d1d-a1b0-87c5149f363d)
2019-12-06 17:00:11.085 15 RALLYDEBUG rally_openstack.cleanup.manager [-] Deleting neutron.port object s_rally_3646b3bc_0rs37Fqt (6735bbb8-f270-4393-b1bd-3c795eea1243)
2019-12-06 17:00:11.930 15 RALLYDEBUG rally_openstack.cleanup.manager [-] Deleting neutron.port object s_rally_3646b3bc_5aRUkSTW (7428ce8b-6805-438e-a1e5-e5dca699c2d1)
2019-12-06 17:00:11.945 15 RALLYDEBUG rally_openstack.cleanup.manager [-] Deleting neutron.port object s_rally_3646b3bc_6HfXsAm6 (76f7a77f-5c9b-41b6-a3e5-be1e1a9150c4)
2019-12-06 17:00:11.963 15 RALLYDEBUG rally_openstack.cleanup.manager [-] Deleting neutron.port object s_rally_3646b3bc_roxmvqou (7cd4489a-ef01-4ca3-a16a-dec57cd5674e)
2019-12-06 17:00:11.974 15 RALLYDEBUG rally_openstack.cleanup.manager [-] Deleting neutron.port object s_rally_3646b3bc_cv95LzhP (7b37566a-3479-4eab-9622-66d3239b8a32)
2019-12-06 17:00:11.984 15 RALLYDEBUG rally_openstack.cleanup.manager [-] Deleting neutron.port object s_rally_3646b3bc_gWAqsUEN (81159f07-759d-4554-96cd-4eb2bf3e6fa2)
2019-12-06 17:00:12.839 15 RALLYDEBUG rally_openstack.cleanup.manager [-] Deleting neutron.port object s_rally_3646b3bc_bmi4vS5p (8307e28f-fd78-4dba-a25a-39de88327d99)
2019-12-06 17:00:13.138 15 RALLYDEBUG rally_openstack.cleanup.manager [-] Deleting neutron.port object s_rally_3646b3bc_KZ1EFemf (84312d8b-0c93-4d9e-bea5-4a4e4f0f14a4)
2019-12-06 17:00:18.881 15 RALLYDEBUG rally_openstack.cleanup.manager [-] Deleting neutron.port object s_rally_3646b3bc_TZEBZ2ZO (8a376a05-f4b0-4a65-8a92-251cf792fa7f)
2019-12-06 17:00:19.327 15 RALLYDEBUG rally_openstack.cleanup.manager [-] Deleting neutron.port object s_rally_3646b3bc_Kp6FZNoz (91516e5c-4769-4f20-aa3c-72f11714aba6)
2019-12-06 17:00:19.886 15 RALLYDEBUG rally_openstack.cleanup.manager [-] Deleting neutron.port object s_rally_3646b3bc_A0adgTSX (9175874b-71cd-49f9-9cd8-303ccde72f20)
2019-12-06 17:00:22.960 15 RALLYDEBUG rally_openstack.cleanup.manager [-] Deleting neutron.port object s_rally_3646b3bc_Txga6L26 (93a5a8a4-aa0e-4211-a96a-3f5630993212)
2019-12-06 17:00:23.165 15 RALLYDEBUG rally_openstack.cleanup.manager [-] Deleting neutron.port object s_rally_3646b3bc_Bu0DX3Qv (9417f175-1190-4892-b9b3-22e23f191921)
2019-12-06 17:00:23.688 15 RALLYDEBUG rally_openstack.cleanup.manager [-] Deleting neutron.port object s_rally_3646b3bc_zlEcwaaY (9431816b-8425-46c3-a5b5-a97f3361c308)
2019-12-06 17:00:23.743 15 RALLYDEBUG rally_openstack.cleanup.manager [-] Deleting neutron.port object s_rally_3646b3bc_PrvqX09g (98eef74e-94b0-4e0c-bdf0-64e343c13ae0)
2019-12-06 17:00:23.778 15 RALLYDEBUG rally_openstack.cleanup.manager [-] Deleting neutron.port object s_rally_3646b3bc_V9A2KQXu (990935ee-1c2e-4c11-91bb-c9793ef20192)
2019-12-06 17:00:23.875 15 RALLYDEBUG rally_openstack.cleanup.manager [-] Deleting neutron.port object s_rally_3646b3bc_layWpvPS (9964edb7-f92b-4cc8-b540-f3f31ed85321)
2019-12-06 17:00:23.897 15 RALLYDEBUG rally_openstack.cleanup.manager [-] Deleting neutron.port object s_rally_3646b3bc_cfTav5iC (9dfebc46-8c1b-4e34-9996-064b380cb5be)
2019-12-06 17:00:23.910 15 RALLYDEBUG rally_openstack.cleanup.manager [-] Deleting neutron.port object s_rally_3646b3bc_Ys5RNWP6 (9fd68ba4-6fda-4743-851c-ebfd0b1ca36f)
2019-12-06 17:00:23.918 15 RALLYDEBUG rally_openstack.cleanup.manager [-] Deleting neutron.port object s_rally_3646b3bc_J5xuO9wN (a26460c0-061b-4037-bfe5-10afe7c1f728)
2019-12-06 17:00:24.101 15 RALLYDEBUG rally_openstack.cleanup.manager [-] Deleting neutron.port object s_rally_3646b3bc_sB4HIyFA (a7000aee-24b7-4f1a-ad80-e60f336cdb30)
2019-12-06 17:00:24.951 15 RALLYDEBUG rally_openstack.cleanup.manager [-] Deleting neutron.port object s_rally_3646b3bc_tW716Aa6 (ad781687-1ad3-4d6d-ba6b-26713c718583)
2019-12-06 17:00:28.978 15 RALLYDEBUG rally_openstack.cleanup.manager [-] Deleting neutron.port object s_rally_3646b3bc_zCyCj9CF (b8b72a5d-b78d-46ab-a36b-82c48adb75fc)
2019-12-06 17:00:29.005 15 RALLYDEBUG rally_openstack.cleanup.manager [-] Deleting neutron.port object s_rally_3646b3bc_i4yWtztX (bb9a1460-84c3-42da-8fd2-e9ac169baf31)
2019-12-06 17:00:29.024 15 RALLYDEBUG rally_openstack.cleanup.manager [-] Deleting neutron.port object s_rally_3646b3bc_pIFB5nel (bbc81fde-1451-41cd-bbfb-b0f17a8c38df)
2019-12-06 17:00:30.035 15 RALLYDEBUG rally_openstack.cleanup.manager [-] Deleting neutron.port object s_rally_3646b3bc_Sp6ZaVM3 (be343a63-ed6b-4dcf-8177-71b9ffeea956)
2019-12-06 17:00:31.290 15 RALLYDEBUG rally_openstack.cleanup.manager [-] Deleting neutron.port object s_rally_3646b3bc_qOGfiynZ (c0fe75e3-780c-4deb-abc8-e5273a09480a)
2019-12-06 17:00:31.705 15 RALLYDEBUG rally_openstack.cleanup.manager [-] Deleting neutron.port object s_rally_3646b3bc_JOqJHnCu (c5d084bb-8dbe-4534-aa49-b8aa878cb003)
2019-12-06 17:00:32.012 15 RALLYDEBUG rally_openstack.cleanup.manager [-] Deleting neutron.port object s_rally_3646b3bc_v5MLEIgY (ca149b49-1910-4103-920e-ba35b36f9872)
2019-12-06 17:00:32.579 15 RALLYDEBUG rally_openstack.cleanup.manager [-] Deleting neutron.port object s_rally_3646b3bc_L01jhjOY (cb2c142e-e013-4fa8-bfac-cd833108473b)
2019-12-06 17:00:33.132 15 RALLYDEBUG rally_openstack.cleanup.manager [-] Deleting neutron.port object s_rally_3646b3bc_IKixYbzW (cb520fd4-bbf6-4a02-b7e3-da4460049cb5)
2019-12-06 17:00:33.240 15 RALLYDEBUG rally_openstack.cleanup.manager [-] Deleting neutron.port object s_rally_3646b3bc_b2K92dLw (cc6da6b2-1e3f-45f8-aa4d-942fbb302ede)
2019-12-06 17:00:33.555 15 RALLYDEBUG rally_openstack.cleanup.manager [-] Deleting neutron.port object s_rally_3646b3bc_IBnZ5S2r (ce3bc67a-a4a6-4c9a-bb3e-622c3db9aeac)
2019-12-06 17:00:33.802 15 RALLYDEBUG rally_openstack.cleanup.manager [-] Deleting neutron.port object s_rally_3646b3bc_Hc7RLR3g (d2823c39-ebd5-4aa1-b7e5-8123ba5af000)
2019-12-06 17:00:33.881 15 RALLYDEBUG rally_openstack.cleanup.manager [-] Deleting neutron.port object s_rally_3646b3bc_tmzqRt8u (d5a67cce-afb0-4a59-be94-cfc186e9ec69)
2019-12-06 17:00:38.338 15 RALLYDEBUG rally_openstack.cleanup.manager [-] Deleting neutron.port object s_rally_3646b3bc_PIWpaDIM (da07fb52-ab54-41bf-b436-603e3cea8a11)
2019-12-06 17:00:43.514 15 RALLYDEBUG rally_openstack.cleanup.manager [-] Deleting neutron.port object s_rally_3646b3bc_QLzaPLbW (dc45779a-ece0-45c5-a252-7bc3b16ee1a8)
2019-12-06 17:00:43.734 15 RALLYDEBUG rally_openstack.cleanup.manager [-] Deleting neutron.port object s_rally_3646b3bc_8YmyR2O6 (e62287de-6c73-4fec-9b44-680440baff86)
2019-12-06 17:00:44.219 15 RALLYDEBUG rally_openstack.cleanup.manager [-] Deleting neutron.port object s_rally_3646b3bc_mMMji2DG (f1eeccea-025b-4e70-9f1c-139bae824bd3)
2019-12-06 17:00:44.220 15 RALLYDEBUG rally_openstack.cleanup.manager [-] Deleting neutron.port object s_rally_3646b3bc_sA4qtc2U (ef7ddcee-bc52-4a6f-aefb-a48ed1ce6ae2)
2019-12-06 17:00:44.293 15 RALLYDEBUG rally_openstack.cleanup.manager [-] Deleting neutron.port object s_rally_3646b3bc_57N2iWWX (f6f77773-e3cc-4bac-b717-49903ff99961)
2019-12-06 17:00:44.438 15 RALLYDEBUG rally_openstack.cleanup.manager [-] Deleting neutron.port object s_rally_3646b3bc_JMUpKqtn (fc2b0da6-fb03-4d36-b06e-5c9985a2d63a)
2019-12-06 17:00:44.711 15 RALLYDEBUG rally_openstack.cleanup.manager [-] Deleting neutron.port object s_rally_3646b3bc_BunZxIC1 (ff4565cb-be04-43a4-8add-79b9ba82ba40)
2019-12-06 17:00:52.892 15 RALLYDEBUG rally_openstack.cleanup.manager [-] Cleaning up neutron subnet objects
2019-12-06 17:00:53.436 15 RALLYDEBUG rally_openstack.cleanup.manager [-] Deleting neutron.subnet object s_rally_3646b3bc_vTCuDkGv (014e5623-cc8e-4033-898c-46f8732dd74a)
2019-12-06 17:00:53.445 15 RALLYDEBUG rally_openstack.cleanup.manager [-] Deleting neutron.subnet object s_rally_3646b3bc_zmSbOXsK (02cba657-7205-47ab-811c-bad002953a30)
2019-12-06 17:00:53.452 15 RALLYDEBUG rally_openstack.cleanup.manager [-] Deleting neutron.subnet object s_rally_3646b3bc_pH7UdvEO (04ab1be3-4e95-4460-a88b-90abfe4df943)
2019-12-06 17:00:53.464 15 RALLYDEBUG rally_openstack.cleanup.manager [-] Deleting neutron.subnet object s_rally_3646b3bc_BFh6asDL (04ceae31-815d-4574-9a6f-7d86e5d42029)
2019-12-06 17:00:53.468 15 RALLYDEBUG rally_openstack.cleanup.manager [-] Deleting neutron.subnet object s_rally_3646b3bc_jyWH1avN (060c29c6-f1da-4e33-9898-840fd8cb2c3f)
2019-12-06 17:00:53.482 15 RALLYDEBUG rally_openstack.cleanup.manager [-] Deleting neutron.subnet object s_rally_3646b3bc_ZlH3AXv5 (07c7ec6e-9e6c-452e-a551-433354a2335a)
2019-12-06 17:00:53.499 15 RALLYDEBUG rally_openstack.cleanup.manager [-] Deleting neutron.subnet object s_rally_3646b3bc_MQ1KKz73 (0b1b4b9c-2df2-412c-b429-bee8d602ad8a)
2019-12-06 17:00:53.555 15 RALLYDEBUG rally_openstack.cleanup.manager [-] Deleting neutron.subnet object s_rally_3646b3bc_Yqq6z9IQ (0cdbb25a-21fe-4496-abd1-93aa23c15fea)
2019-12-06 17:00:53.567 15 RALLYDEBUG rally_openstack.cleanup.manager [-] Deleting neutron.subnet object s_rally_3646b3bc_9zIsdu9o (0b57cb22-6927-4b9b-89ff-e8303035150a)
2019-12-06 17:00:53.600 15 RALLYDEBUG rally_openstack.cleanup.manager [-] Deleting neutron.subnet object s_rally_3646b3bc_0N2w7yqY (111e06f0-062f-41a0-8379-06185733f5ce)
2019-12-06 17:00:53.604 15 RALLYDEBUG rally_openstack.cleanup.manager [-] Deleting neutron.subnet object s_rally_3646b3bc_q8DB4bP6 (10edcc86-5498-4e80-ac1c-581fcc35a99f)
2019-12-06 17:00:53.614 15 RALLYDEBUG rally_openstack.cleanup.manager [-] Deleting neutron.subnet object s_rally_3646b3bc_AxEoOrNw (16476589-96bb-4278-bf76-4bd3bb28cd37)
2019-12-06 17:00:53.610 15 RALLYDEBUG rally_openstack.cleanup.manager [-] Deleting neutron.subnet object s_rally_3646b3bc_wpub0bFy (1511e5e4-d7d1-4e49-b9b3-3ecec4865d41)
2019-12-06 17:00:53.630 15 RALLYDEBUG rally_openstack.cleanup.manager [-] Deleting neutron.subnet object s_rally_3646b3bc_yxz4JVkq (13285c9b-f187-47ce-8aa0-7d57d975b31b)
2019-12-06 17:00:53.631 15 RALLYDEBUG rally_openstack.cleanup.manager [-] Deleting neutron.subnet object s_rally_3646b3bc_BzP3ZPsZ (1733d9ee-5400-4675-848b-7d1ad8fe1fc6)
2019-12-06 17:00:53.636 15 RALLYDEBUG rally_openstack.cleanup.manager [-] Deleting neutron.subnet object s_rally_3646b3bc_hS5doUIi (219e530b-3042-4c43-a163-f6e8d7bce32c)
2019-12-06 17:00:53.658 15 RALLYDEBUG rally_openstack.cleanup.manager [-] Deleting neutron.subnet object s_rally_3646b3bc_XC80gjTV (1e469644-b741-458f-bc64-d2a25c5633e2)
2019-12-06 17:00:53.660 15 RALLYDEBUG rally_openstack.cleanup.manager [-] Deleting neutron.subnet object s_rally_3646b3bc_mrOUBLPh (25078480-aa9c-4dec-b9b6-b85b01127260)
2019-12-06 17:00:53.662 15 RALLYDEBUG rally_openstack.cleanup.manager [-] Deleting neutron.subnet object s_rally_3646b3bc_oJmHRBoG (25136870-a67e-491e-8488-a323d0e9b12b)
2019-12-06 17:00:53.667 15 RALLYDEBUG rally_openstack.cleanup.manager [-] Deleting neutron.subnet object s_rally_3646b3bc_0wLjg9fB (2570937b-2b33-48be-b420-1b2533a950c5)
2019-12-06 17:01:01.263 15 RALLYDEBUG rally_openstack.cleanup.manager [-] Deleting neutron.subnet object s_rally_3646b3bc_n3g1ISjj (29b76099-40d8-415b-93bb-25787c2ececf)
2019-12-06 17:01:02.164 15 RALLYDEBUG rally_openstack.cleanup.manager [-] Deleting neutron.subnet object s_rally_3646b3bc_Ebm7rgjL (2dc5e79b-d6cd-4cc0-9b0a-7d57ed045bc8)
2019-12-06 17:01:05.125 15 RALLYDEBUG rally_openstack.cleanup.manager [-] Deleting neutron.subnet object s_rally_3646b3bc_TMUI5O30 (34e80309-e611-4dc5-aa93-ff666965aa98)
2019-12-06 17:01:05.130 15 RALLYDEBUG rally_openstack.cleanup.manager [-] Deleting neutron.subnet object s_rally_3646b3bc_mXKNgDDC (367ff4ac-a1d0-472e-b637-fb697c148b9d)
2019-12-06 17:01:05.171 15 RALLYDEBUG rally_openstack.cleanup.manager [-] Deleting neutron.subnet object s_rally_3646b3bc_x0cdLtSg (38822d92-3bec-4405-ab5e-b0432e28a5e2)
2019-12-06 17:01:05.201 15 RALLYDEBUG rally_openstack.cleanup.manager [-] Deleting neutron.subnet object s_rally_3646b3bc_XhIjtKf1 (41416423-1759-4597-b6de-9530c5e5cd94)
2019-12-06 17:01:05.293 15 RALLYDEBUG rally_openstack.cleanup.manager [-] Deleting neutron.subnet object s_rally_3646b3bc_1RVyeCdr (42312798-f75b-4aa1-a58d-d18e59b20566)
2019-12-06 17:01:08.214 15 RALLYDEBUG rally_openstack.cleanup.manager [-] Deleting neutron.subnet object s_rally_3646b3bc_h2oDFV8m (4349b762-8836-4a9c-93ac-34c342e79a19)
2019-12-06 17:01:08.239 15 RALLYDEBUG rally_openstack.cleanup.manager [-] Deleting neutron.subnet object s_rally_3646b3bc_q3ZvCcit (47b6335b-2b55-4295-9310-99c90c4a7ba4)
2019-12-06 17:01:08.248 15 RALLYDEBUG rally_openstack.cleanup.manager [-] Deleting neutron.subnet object s_rally_3646b3bc_qv4rMEHO (48a7b479-e859-4b4d-94f3-3cb3a9e09f7c)
2019-12-06 17:01:08.255 15 RALLYDEBUG rally_openstack.cleanup.manager [-] Deleting neutron.subnet object s_rally_3646b3bc_Evoh04Wa (4aa051a0-4da3-4741-a89f-d0d1e31c7e72)
2019-12-06 17:01:08.453 15 RALLYDEBUG rally_openstack.cleanup.manager [-] Deleting neutron.subnet object s_rally_3646b3bc_H7Yo1EUl (4aa9494e-c9b7-4b48-b59d-038a7ef54724)
2019-12-06 17:01:08.470 15 RALLYDEBUG rally_openstack.cleanup.manager [-] Deleting neutron.subnet object s_rally_3646b3bc_EiFFscun (4f0988b8-ec60-4aaa-a5d6-a0bff2c7651b)
2019-12-06 17:01:08.479 15 RALLYDEBUG rally_openstack.cleanup.manager [-] Deleting neutron.subnet object s_rally_3646b3bc_N9S4OzTY (54773f40-5164-4576-99f1-d121e54b27b5)
2019-12-06 17:01:08.501 15 RALLYDEBUG rally_openstack.cleanup.manager [-] Deleting neutron.subnet object s_rally_3646b3bc_4mR0bfTV (54ec925f-f40f-4486-bec8-9e4af78ab449)
2019-12-06 17:01:08.508 15 RALLYDEBUG rally_openstack.cleanup.manager [-] Deleting neutron.subnet object s_rally_3646b3bc_XTaCXYhr (5801c272-a1e3-4631-a385-51373ba61002)
2019-12-06 17:01:08.511 15 RALLYDEBUG rally_openstack.cleanup.manager [-] Deleting neutron.subnet object s_rally_3646b3bc_qoVMLVDQ (5a476b31-05eb-4598-a3c2-4d5fc9eba813)
2019-12-06 17:01:08.765 15 RALLYDEBUG rally_openstack.cleanup.manager [-] Deleting neutron.subnet object s_rally_3646b3bc_xw8AXQUg (663e8346-c512-4726-809c-1e310b87dc49)
2019-12-06 17:01:09.500 15 RALLYDEBUG rally_openstack.cleanup.manager [-] Deleting neutron.subnet object s_rally_3646b3bc_jfGEeh4U (69b88f92-c8ec-4d02-ac8d-0a4e817ad26f)
2019-12-06 17:01:09.825 15 RALLYDEBUG rally_openstack.cleanup.manager [-] Deleting neutron.subnet object s_rally_3646b3bc_3HsoygQl (6a701f02-e859-4c33-afda-249dfd69a60b)
2019-12-06 17:01:10.608 15 RALLYDEBUG rally_openstack.cleanup.manager [-] Deleting neutron.subnet object s_rally_3646b3bc_b22HtEll (70ae0bc2-e8d5-41eb-a711-97af1d990121)
2019-12-06 17:01:18.187 15 RALLYDEBUG rally_openstack.cleanup.manager [-] Deleting neutron.subnet object s_rally_3646b3bc_9Vodp6UF (718eb798-29c3-433d-a2b3-ef72d6361498)
2019-12-06 17:01:18.198 15 RALLYDEBUG rally_openstack.cleanup.manager [-] Deleting neutron.subnet object s_rally_3646b3bc_6izNAFb8 (750c3278-3de2-49f5-9f4d-9acf82b4b78c)
2019-12-06 17:01:18.202 15 RALLYDEBUG rally_openstack.cleanup.manager [-] Deleting neutron.subnet object s_rally_3646b3bc_IOfg0aQX (746fba1b-d1d0-4814-bfa6-61d6bbf07e34)
2019-12-06 17:01:18.203 15 RALLYDEBUG rally_openstack.cleanup.manager [-] Deleting neutron.subnet object s_rally_3646b3bc_lbQlCq6u (74126a27-2778-499f-9264-eb0d755f706c)
2019-12-06 17:01:18.208 15 RALLYDEBUG rally_openstack.cleanup.manager [-] Deleting neutron.subnet object s_rally_3646b3bc_2QyT8VX7 (765281da-5b0e-4601-8670-3b7704b6ff3d)
2019-12-06 17:01:18.403 15 RALLYDEBUG rally_openstack.cleanup.manager [-] Deleting neutron.subnet object s_rally_3646b3bc_QFoS0JV5 (7bc08713-e097-4025-ba3d-1c9eb0f5c0b7)
2019-12-06 17:01:18.446 15 RALLYDEBUG rally_openstack.cleanup.manager [-] Deleting neutron.subnet object s_rally_3646b3bc_aYqs5fOO (8bf8dbe5-cf47-431c-affe-7b5b0475e603)
2019-12-06 17:01:21.149 15 RALLYDEBUG rally_openstack.cleanup.manager [-] Deleting neutron.subnet object s_rally_3646b3bc_EWNEF3v6 (8d6eedf1-e2ad-4dce-9526-e93e9f4b3959)
2019-12-06 17:01:21.165 15 RALLYDEBUG rally_openstack.cleanup.manager [-] Deleting neutron.subnet object s_rally_3646b3bc_MhsC6XdB (8d756be1-251e-4301-82b6-d2be97767bb0)
2019-12-06 17:01:21.538 15 RALLYDEBUG rally_openstack.cleanup.manager [-] Deleting neutron.subnet object s_rally_3646b3bc_pwIXKlsT (8f817525-f303-4ed0-a735-154dbec1ff35)
2019-12-06 17:01:21.546 15 RALLYDEBUG rally_openstack.cleanup.manager [-] Deleting neutron.subnet object s_rally_3646b3bc_Rq7im6M0 (90bcd383-5c3b-414d-8cfa-99c387540258)
2019-12-06 17:01:21.679 15 RALLYDEBUG rally_openstack.cleanup.manager [-] Deleting neutron.subnet object s_rally_3646b3bc_69PsVm5p (931bca46-6018-4a89-8b4d-4e6047209fd5)
2019-12-06 17:01:21.713 15 RALLYDEBUG rally_openstack.cleanup.manager [-] Deleting neutron.subnet object s_rally_3646b3bc_sOSoAfN4 (9b0ad907-c8eb-4eff-a84c-f702376412e6)
2019-12-06 17:01:21.756 15 RALLYDEBUG rally_openstack.cleanup.manager [-] Deleting neutron.subnet object s_rally_3646b3bc_GrNbeVmf (a04df56c-4ca1-4478-adc7-e17c9c979d9c)
2019-12-06 17:01:21.825 15 RALLYDEBUG rally_openstack.cleanup.manager [-] Deleting neutron.subnet object s_rally_3646b3bc_0MPPtzUh (afe4cb3b-feee-4f56-8f53-1f43c3d91578)
2019-12-06 17:01:21.827 15 RALLYDEBUG rally_openstack.cleanup.manager [-] Deleting neutron.subnet object s_rally_3646b3bc_Q9oniwZg (a8cfc2fa-0deb-457c-aa9d-bdbf4ed9f049)
2019-12-06 17:01:21.836 15 RALLYDEBUG rally_openstack.cleanup.manager [-] Deleting neutron.subnet object s_rally_3646b3bc_i4MKOmpw (b7692312-88bf-45e9-8b9c-3bf8e4d09520)
2019-12-06 17:01:22.336 15 RALLYDEBUG rally_openstack.cleanup.manager [-] Deleting neutron.subnet object s_rally_3646b3bc_ilWaTdoD (b9f0304d-03d8-4450-90b1-9d4114417142)
2019-12-06 17:01:22.389 15 RALLYDEBUG rally_openstack.cleanup.manager [-] Deleting neutron.subnet object s_rally_3646b3bc_ARCXnlyT (bb24cea1-f3c9-4bb2-9fa8-a68b1decf848)
2019-12-06 17:01:24.464 15 RALLYDEBUG rally_openstack.cleanup.manager [-] Deleting neutron.subnet object s_rally_3646b3bc_2NHf28EH (bb50d3d3-068b-47de-944a-6af1235f317c)
2019-12-06 17:01:27.007 15 RALLYDEBUG rally_openstack.cleanup.manager [-] Deleting neutron.subnet object s_rally_3646b3bc_ZR60jimI (bc726683-c0c7-476f-b61c-a8e2b4ba1fba)
2019-12-06 17:01:27.312 15 RALLYDEBUG rally_openstack.cleanup.manager [-] Deleting neutron.subnet object s_rally_3646b3bc_jdBvV2ob (bcbc33c0-2f66-4d72-a96d-6b2f9787606c)
2019-12-06 17:01:29.692 15 RALLYDEBUG rally_openstack.cleanup.manager [-] Deleting neutron.subnet object s_rally_3646b3bc_li2FbYls (bd2e772c-b25c-43bd-89e0-947c19726618)
2019-12-06 17:01:29.757 15 RALLYDEBUG rally_openstack.cleanup.manager [-] Deleting neutron.subnet object s_rally_3646b3bc_KjhQh7Fm (c1a65322-2064-4883-afe4-b51a0800ed1b)
2019-12-06 17:01:29.772 15 RALLYDEBUG rally_openstack.cleanup.manager [-] Deleting neutron.subnet object s_rally_3646b3bc_wSZIWbyT (c7030fb0-2f91-4d3c-a813-e58dd7b8d7e2)
