2019-12-06 17:24:14.478 15 RALLYDEBUG rally_openstack.cleanup.manager [-] Deleting neutron.port object s_rally_37ffb4da_T44ROy8W (a329b555-b9c2-431b-aaf3-7a5fe94075e7)
2019-12-06 17:24:14.685 15 RALLYDEBUG rally_openstack.cleanup.manager [-] Deleting neutron.port object s_rally_37ffb4da_MfwUoqnO (a438907a-8ee5-45d2-a6af-55e143a1abb3)
2019-12-06 17:24:14.784 15 RALLYDEBUG rally_openstack.cleanup.manager [-] Deleting neutron.port object s_rally_37ffb4da_Rtz6XeAK (a4fa99a5-dbe0-492a-a6f4-bda4d179875b)
2019-12-06 17:24:14.815 15 RALLYDEBUG rally_openstack.cleanup.manager [-] Deleting neutron.port object s_rally_37ffb4da_FTqOZsQc (a5bb4648-ca88-4c46-9ce2-ad8282c96925)
2019-12-06 17:24:14.877 15 RALLYDEBUG rally_openstack.cleanup.manager [-] Deleting neutron.port object s_rally_37ffb4da_5CsNOcHY (a67f5ddb-9287-491f-bd91-fe68bd584ab9)
2019-12-06 17:24:15.158 15 RALLYDEBUG rally_openstack.cleanup.manager [-] Deleting neutron.port object s_rally_37ffb4da_yWXXQ6kd (a6e57902-bb9d-41cf-881e-4d9435319303)
2019-12-06 17:24:15.192 15 RALLYDEBUG rally_openstack.cleanup.manager [-] Deleting neutron.port object s_rally_37ffb4da_DWsk3Szd (a72c57ed-4654-4f72-8931-2a1730895c80)
2019-12-06 17:24:15.269 15 RALLYDEBUG rally_openstack.cleanup.manager [-] Deleting neutron.port object s_rally_37ffb4da_MsPcbjdR (a7a7eeda-3f4d-4bce-bd70-13ef97576a8f)
2019-12-06 17:24:15.350 15 RALLYDEBUG rally_openstack.cleanup.manager [-] Deleting neutron.port object s_rally_37ffb4da_B09LuvYl (a7bb9867-70b8-4cfd-8bcb-4907c1365556)
2019-12-06 17:24:15.697 15 RALLYDEBUG rally_openstack.cleanup.manager [-] Deleting neutron.port object s_rally_37ffb4da_Qhc6pOon (a94352bb-fc13-4ca5-a1c1-51e436480a4d)
2019-12-06 17:24:15.946 15 RALLYDEBUG rally_openstack.cleanup.manager [-] Deleting neutron.port object s_rally_37ffb4da_Ndh8GkdW (a9a6f8fa-2e5b-477f-bcd2-8caea2858204)
2019-12-06 17:24:17.053 15 RALLYDEBUG rally_openstack.cleanup.manager [-] Deleting neutron.port object s_rally_37ffb4da_blWIKL4o (a9e8867e-5f68-4458-ac55-b808af6378f2)
2019-12-06 17:24:17.095 15 RALLYDEBUG rally_openstack.cleanup.manager [-] Deleting neutron.port object s_rally_37ffb4da_nH1de28g (aa4f318a-015d-4e8b-8a5e-7ba8297c9869)
2019-12-06 17:24:17.162 15 RALLYDEBUG rally_openstack.cleanup.manager [-] Deleting neutron.port object s_rally_37ffb4da_M9jMYp6Q (aa531c51-083a-4fdb-ab48-24ec9cbe7c08)
2019-12-06 17:24:17.305 15 RALLYDEBUG rally_openstack.cleanup.manager [-] Deleting neutron.port object s_rally_37ffb4da_kIKQ5Bm0 (aa6c9247-ce91-4e28-bec7-225ac01ef0df)
2019-12-06 17:24:17.832 15 RALLYDEBUG rally_openstack.cleanup.manager [-] Deleting neutron.port object s_rally_37ffb4da_9uuFVZx3 (abdfdd90-7e02-45dc-8813-148fb7d904bb)
2019-12-06 17:24:17.970 15 RALLYDEBUG rally_openstack.cleanup.manager [-] Deleting neutron.port object s_rally_37ffb4da_HlYutvOw (aca535dd-ad9c-4be9-8515-b180dede1889)
2019-12-06 17:24:18.025 15 RALLYDEBUG rally_openstack.cleanup.manager [-] Deleting neutron.port object s_rally_37ffb4da_wnq4u39B (ad5cd8f9-1474-49eb-83bc-0a64e79fed73)
2019-12-06 17:24:18.093 15 RALLYDEBUG rally_openstack.cleanup.manager [-] Deleting neutron.port object s_rally_37ffb4da_9hoTXU1G (ad6a5940-a534-4d65-b16b-066a1f44909c)
2019-12-06 17:24:18.576 15 RALLYDEBUG rally_openstack.cleanup.manager [-] Deleting neutron.port object s_rally_37ffb4da_V0Kh5nK7 (adc73391-9e23-46d8-8102-69b8f2d0b771)
2019-12-06 17:24:18.807 15 RALLYDEBUG rally_openstack.cleanup.manager [-] Deleting neutron.port object s_rally_37ffb4da_arKFOJv5 (ade9bc14-d624-47a4-b8f6-dd4ce22a292a)
2019-12-06 17:24:18.821 15 RALLYDEBUG rally_openstack.cleanup.manager [-] Deleting neutron.port object s_rally_37ffb4da_C5zHMDpB (ae2ff50a-3192-4a5b-8b95-3c39a32c4e2a)
2019-12-06 17:24:19.432 15 RALLYDEBUG rally_openstack.cleanup.manager [-] Deleting neutron.port object s_rally_37ffb4da_ncbpg14m (af809d50-eff0-4093-95ec-e0ed5d36f8b1)
2019-12-06 17:24:19.930 15 RALLYDEBUG rally_openstack.cleanup.manager [-] Deleting neutron.port object s_rally_37ffb4da_iGnvit9x (b06c8688-b2d5-4425-984f-6913aab710fb)
2019-12-06 17:24:20.026 15 RALLYDEBUG rally_openstack.cleanup.manager [-] Deleting neutron.port object s_rally_37ffb4da_4mZH3hBM (b0ebe169-cdfa-4ac8-bb62-a1a321a94809)
2019-12-06 17:24:20.864 15 RALLYDEBUG rally_openstack.cleanup.manager [-] Deleting neutron.port object s_rally_37ffb4da_0gRhGbnH (b10bb6d3-a4a6-440e-ab77-df7de3ba73df)
2019-12-06 17:24:21.065 15 RALLYDEBUG rally_openstack.cleanup.manager [-] Deleting neutron.port object s_rally_37ffb4da_TuOinq9l (b312227f-625c-4547-a94e-e8f3c34a0ee4)
2019-12-06 17:24:21.529 15 RALLYDEBUG rally_openstack.cleanup.manager [-] Deleting neutron.port object s_rally_37ffb4da_JQVnbVB7 (b5e858b2-0683-4d81-8958-50980425a3e6)
2019-12-06 17:24:21.531 15 RALLYDEBUG rally_openstack.cleanup.manager [-] Deleting neutron.port object s_rally_37ffb4da_irhHpkLF (b43e1cf0-fe07-4b31-95d0-3b08aa0dcedf)
2019-12-06 17:24:21.561 15 RALLYDEBUG rally_openstack.cleanup.manager [-] Deleting neutron.port object s_rally_37ffb4da_X70BIOei (b66cbbba-4f87-4c19-a3e4-b69e641510fe)
2019-12-06 17:24:21.593 15 RALLYDEBUG rally_openstack.cleanup.manager [-] Deleting neutron.port object s_rally_37ffb4da_L58k9qiT (b7137e76-24f4-4f30-b115-a787b4971ca1)
2019-12-06 17:24:21.661 15 RALLYDEBUG rally_openstack.cleanup.manager [-] Deleting neutron.port object s_rally_37ffb4da_rA1v9UU4 (b791176e-6ffa-4153-ad10-87daa4e1b026)
2019-12-06 17:24:21.734 15 RALLYDEBUG rally_openstack.cleanup.manager [-] Deleting neutron.port object s_rally_37ffb4da_fQ37B5s2 (b7c4cf5a-8570-4f5a-9072-1956c9417f39)
2019-12-06 17:24:22.091 15 RALLYDEBUG rally_openstack.cleanup.manager [-] Deleting neutron.port object s_rally_37ffb4da_MxUKmpgm (b83aae17-f10a-4e87-a6da-85405e3b032e)
2019-12-06 17:24:22.095 15 RALLYDEBUG rally_openstack.cleanup.manager [-] Deleting neutron.port object s_rally_37ffb4da_4egQcKt5 (b841c05b-e4ef-4f82-a72d-47c9f68041e3)
2019-12-06 17:24:22.218 15 RALLYDEBUG rally_openstack.cleanup.manager [-] Deleting neutron.port object s_rally_37ffb4da_M367wmeh (b85ad01e-3328-476b-aa27-9ea5ac5408fc)
2019-12-06 17:24:22.607 15 RALLYDEBUG rally_openstack.cleanup.manager [-] Deleting neutron.port object s_rally_37ffb4da_cSEmBanA (b87ed87a-fdab-44ff-976a-afc1d0498ad9)
2019-12-06 17:24:22.700 15 RALLYDEBUG rally_openstack.cleanup.manager [-] Deleting neutron.port object s_rally_37ffb4da_SKEPg7Jv (b8becc9d-3f57-443c-9d17-aee617ca1851)
2019-12-06 17:24:23.343 15 RALLYDEBUG rally_openstack.cleanup.manager [-] Deleting neutron.port object s_rally_37ffb4da_6s54KrJX (b993d731-7f62-4c07-9f80-a8db52298da9)
2019-12-06 17:24:23.553 15 RALLYDEBUG rally_openstack.cleanup.manager [-] Deleting neutron.port object s_rally_37ffb4da_1XhBUnRi (b9bf5344-7da8-4e73-a115-96f09dda7e4a)
2019-12-06 17:24:24.273 15 RALLYDEBUG rally_openstack.cleanup.manager [-] Deleting neutron.port object s_rally_37ffb4da_J1PlVj0n (b9c374fe-fb5b-4382-8d93-f98ac74d6c07)
2019-12-06 17:24:24.653 15 RALLYDEBUG rally_openstack.cleanup.manager [-] Deleting neutron.port object s_rally_37ffb4da_zvpyXhCf (bb55df11-2b11-47cb-a920-61ddc2047d99)
2019-12-06 17:24:25.071 15 RALLYDEBUG rally_openstack.cleanup.manager [-] Deleting neutron.port object s_rally_37ffb4da_XTQaUO5o (bcc8b69f-5f13-4c87-82b2-116a2b831cf3)
2019-12-06 17:24:25.139 15 RALLYDEBUG rally_openstack.cleanup.manager [-] Deleting neutron.port object s_rally_37ffb4da_lC01UDJy (bcf70c19-fde6-4be5-8022-432f654637dd)
2019-12-06 17:24:25.175 15 RALLYDEBUG rally_openstack.cleanup.manager [-] Deleting neutron.port object s_rally_37ffb4da_Ksv52sQz (bde41b8d-34e2-4883-ac88-cb68fce40f6a)
2019-12-06 17:24:25.327 15 RALLYDEBUG rally_openstack.cleanup.manager [-] Deleting neutron.port object s_rally_37ffb4da_adaPD5Jy (be0c9fc1-e398-4c95-b814-b8980c3b8f42)
2019-12-06 17:24:25.439 15 RALLYDEBUG rally_openstack.cleanup.manager [-] Deleting neutron.port object s_rally_37ffb4da_UYGy2JEu (bff5cffc-b82f-4ea8-a8cc-b71dd2e42d78)
2019-12-06 17:24:25.604 15 RALLYDEBUG rally_openstack.cleanup.manager [-] Deleting neutron.port object s_rally_37ffb4da_rOT3jdbc (c01cd21c-afa7-4c8a-8a0c-f7e3bc13c674)
2019-12-06 17:24:26.049 15 RALLYDEBUG rally_openstack.cleanup.manager [-] Deleting neutron.port object s_rally_37ffb4da_33ludyd2 (c03013cd-3174-45b6-8dd7-6029fc27e4a5)
2019-12-06 17:24:26.308 15 RALLYDEBUG rally_openstack.cleanup.manager [-] Deleting neutron.port object s_rally_37ffb4da_5mL7qUuP (c0a84cf3-59a3-4d80-a5db-b37c3efe7cdc)
2019-12-06 17:24:26.618 15 RALLYDEBUG rally_openstack.cleanup.manager [-] Deleting neutron.port object s_rally_37ffb4da_LjBmc2iO (c17827bd-d683-48dd-9e7f-2142cf349a87)
2019-12-06 17:24:26.622 15 RALLYDEBUG rally_openstack.cleanup.manager [-] Deleting neutron.port object s_rally_37ffb4da_BpBU3t1i (c1b47082-fb4f-436c-89f3-1e147e90fa22)
2019-12-06 17:24:27.000 15 RALLYDEBUG rally_openstack.cleanup.manager [-] Deleting neutron.port object s_rally_37ffb4da_gYrC0I50 (c27f8c5d-14bb-4e5b-8e23-462a88dd7cfc)
2019-12-06 17:24:27.035 15 RALLYDEBUG rally_openstack.cleanup.manager [-] Deleting neutron.port object s_rally_37ffb4da_U8t5TEyt (c3191e15-7310-47b2-be12-8d63b18afd03)
2019-12-06 17:24:27.473 15 RALLYDEBUG rally_openstack.cleanup.manager [-] Deleting neutron.port object s_rally_37ffb4da_WV6DmhJ4 (c3358240-e5c4-46d6-8f2f-5a37a0c2271f)
2019-12-06 17:24:28.302 15 RALLYDEBUG rally_openstack.cleanup.manager [-] Deleting neutron.port object s_rally_37ffb4da_qJED1H2u (c3d57f24-884c-4406-809e-2ee4eda1b472)
2019-12-06 17:24:28.331 15 RALLYDEBUG rally_openstack.cleanup.manager [-] Deleting neutron.port object s_rally_37ffb4da_XC46pcGs (c3e0b002-356d-4efd-85ff-2f5b60ad4f0a)
2019-12-06 17:24:28.354 15 RALLYDEBUG rally_openstack.cleanup.manager [-] Deleting neutron.port object s_rally_37ffb4da_RBI5L4rY (c43fc8ad-fbcc-4f58-9766-4310fb0dcc6e)
2019-12-06 17:24:28.410 15 RALLYDEBUG rally_openstack.cleanup.manager [-] Deleting neutron.port object s_rally_37ffb4da_7Hs8SHqM (c487c5fd-86e8-4edd-a595-1c2b824f2fc1)
2019-12-06 17:24:28.722 15 RALLYDEBUG rally_openstack.cleanup.manager [-] Deleting neutron.port object s_rally_37ffb4da_ewxSHngH (c50d64b9-51da-4bcd-84a3-a71c47e9f934)
2019-12-06 17:24:28.727 15 RALLYDEBUG rally_openstack.cleanup.manager [-] Deleting neutron.port object s_rally_37ffb4da_1YAl21AI (c5b90d6a-f4a3-4b72-9ab8-30aeaf4174d5)
2019-12-06 17:24:28.968 15 RALLYDEBUG rally_openstack.cleanup.manager [-] Deleting neutron.port object s_rally_37ffb4da_ETny24DW (c5c72529-75dd-4934-a399-3d47d5ba31b7)
2019-12-06 17:24:29.023 15 RALLYDEBUG rally_openstack.cleanup.manager [-] Deleting neutron.port object s_rally_37ffb4da_paCY45k8 (c5d0dddc-d737-42c9-a681-212cc5eed554)
2019-12-06 17:24:29.215 15 RALLYDEBUG rally_openstack.cleanup.manager [-] Deleting neutron.port object s_rally_37ffb4da_KilrIDY2 (c5fb94f9-9b17-4826-b441-4794f0dfd3dd)
2019-12-06 17:24:29.255 15 RALLYDEBUG rally_openstack.cleanup.manager [-] Deleting neutron.port object s_rally_37ffb4da_mHwzqnTo (c67d412f-03dd-4f81-a10f-71f6a6453a19)
2019-12-06 17:24:29.259 15 RALLYDEBUG rally_openstack.cleanup.manager [-] Deleting neutron.port object s_rally_37ffb4da_nyMHzwya (c6a59c0a-c547-4cd1-bfff-58e29c4883e8)
2019-12-06 17:24:31.856 15 RALLYDEBUG rally_openstack.cleanup.manager [-] Deleting neutron.port object s_rally_37ffb4da_OBtTeHl4 (c6ac9d02-a37a-4d0e-8817-74352e170698)
2019-12-06 17:24:31.883 15 RALLYDEBUG rally_openstack.cleanup.manager [-] Deleting neutron.port object s_rally_37ffb4da_z0s1chkC (c6af02f6-bbc5-4924-bbae-a659a9af47fd)
2019-12-06 17:24:31.981 15 RALLYDEBUG rally_openstack.cleanup.manager [-] Deleting neutron.port object s_rally_37ffb4da_wZ3qXbaZ (c70b0b33-1f35-4c12-9110-676e2681ad4f)
2019-12-06 17:24:32.008 15 RALLYDEBUG rally_openstack.cleanup.manager [-] Deleting neutron.port object s_rally_37ffb4da_reerY5kn (c8cf6442-8462-4e57-a8d1-80c8f17f4ec6)
2019-12-06 17:24:32.039 15 RALLYDEBUG rally_openstack.cleanup.manager [-] Deleting neutron.port object s_rally_37ffb4da_j3p1NnPu (c9d2f8f1-e769-4ab9-85a4-b90b4640aaf1)
2019-12-06 17:24:32.198 15 RALLYDEBUG rally_openstack.cleanup.manager [-] Deleting neutron.port object s_rally_37ffb4da_X5q3xWdp (ca107d38-31fc-4f9c-9eca-1a5570119030)
2019-12-06 17:24:32.354 15 RALLYDEBUG rally_openstack.cleanup.manager [-] Deleting neutron.port object s_rally_37ffb4da_x5MyKwbC (cb63f34c-bd36-4832-80cd-6ed9f843384c)
2019-12-06 17:24:32.607 15 RALLYDEBUG rally_openstack.cleanup.manager [-] Deleting neutron.port object s_rally_37ffb4da_pxc05yPf (cb97c7f4-72dd-45fd-927f-fab859764d16)
2019-12-06 17:24:32.729 15 RALLYDEBUG rally_openstack.cleanup.manager [-] Deleting neutron.port object s_rally_37ffb4da_mhbltLhC (ccc86a2b-077b-4899-9259-06aebc35e748)
2019-12-06 17:24:32.789 15 RALLYDEBUG rally_openstack.cleanup.manager [-] Deleting neutron.port object s_rally_37ffb4da_a2xSFpUG (ccca5a41-59f9-4b96-bbf0-3ce32dbee313)
2019-12-06 17:24:32.795 15 RALLYDEBUG rally_openstack.cleanup.manager [-] Deleting neutron.port object s_rally_37ffb4da_gk3V4Gug (cce9f47c-f006-483e-98b6-1c66683fef3e)
2019-12-06 17:24:33.085 15 RALLYDEBUG rally_openstack.cleanup.manager [-] Deleting neutron.port object s_rally_37ffb4da_pu6ApqJH (cd55ee32-3c53-4aa2-a82f-618cd720d98d)
2019-12-06 17:24:34.049 15 RALLYDEBUG rally_openstack.cleanup.manager [-] Deleting neutron.port object s_rally_37ffb4da_KlZiCgwd (cd570adc-185c-4ebd-bd2f-a6bb136bcf47)
2019-12-06 17:24:34.262 15 RALLYDEBUG rally_openstack.cleanup.manager [-] Deleting neutron.port object s_rally_37ffb4da_Fozx685x (cd66ed01-5226-4a22-8669-93e9173cbf11)
2019-12-06 17:24:34.277 15 RALLYDEBUG rally_openstack.cleanup.manager [-] Deleting neutron.port object s_rally_37ffb4da_8WQjCMTV (cdcb1eb7-4549-4585-b6b0-df9b92d1124f)
2019-12-06 17:24:34.666 15 RALLYDEBUG rally_openstack.cleanup.manager [-] Deleting neutron.port object s_rally_37ffb4da_fx9At3e6 (cf52d5a4-be89-47b0-898e-405c9d077644)
2019-12-06 17:24:35.188 15 RALLYDEBUG rally_openstack.cleanup.manager [-] Deleting neutron.port object s_rally_37ffb4da_fbVMnrGb (cff8914d-ba56-4144-bde0-bb6cae482c55)
2019-12-06 17:24:35.422 15 RALLYDEBUG rally_openstack.cleanup.manager [-] Deleting neutron.port object s_rally_37ffb4da_BV9EdgeJ (d0358f54-9aaf-425a-bc32-ca9ebc8ba665)
2019-12-06 17:24:35.561 15 RALLYDEBUG rally_openstack.cleanup.manager [-] Deleting neutron.port object s_rally_37ffb4da_dZUBjgMR (d10f1198-1685-47d9-88a8-96a3eac86bad)
2019-12-06 17:24:35.935 15 RALLYDEBUG rally_openstack.cleanup.manager [-] Deleting neutron.port object s_rally_37ffb4da_3hHdcR6N (d1f9ff5c-3a77-4493-8075-4d21bb7825c6)
2019-12-06 17:24:36.559 15 RALLYDEBUG rally_openstack.cleanup.manager [-] Deleting neutron.port object s_rally_37ffb4da_ZCtsNVcK (d2723b77-cd33-4b29-9795-8d31997bcddc)
2019-12-06 17:24:36.655 15 RALLYDEBUG rally_openstack.cleanup.manager [-] Deleting neutron.port object s_rally_37ffb4da_g4q68GAX (d29cfbc3-eff3-4010-aa4d-7668ca36508d)
2019-12-06 17:24:36.672 15 RALLYDEBUG rally_openstack.cleanup.manager [-] Deleting neutron.port object s_rally_37ffb4da_O8aAY7aw (d3ec38f2-0b82-446e-8a8b-1e166d7d6067)
2019-12-06 17:24:36.724 15 RALLYDEBUG rally_openstack.cleanup.manager [-] Deleting neutron.port object s_rally_37ffb4da_W6JwPyS2 (d4386748-5f9b-452f-bfe2-bb1e4b854249)
2019-12-06 17:24:36.796 15 RALLYDEBUG rally_openstack.cleanup.manager [-] Deleting neutron.port object s_rally_37ffb4da_rv9AtddF (d4789d47-3278-4664-b9b3-37ea9939b409)
2019-12-06 17:24:36.873 15 RALLYDEBUG rally_openstack.cleanup.manager [-] Deleting neutron.port object s_rally_37ffb4da_AGiADibt (d79cf767-0201-467d-8f7c-9c483880e54e)
2019-12-06 17:24:36.993 15 RALLYDEBUG rally_openstack.cleanup.manager [-] Deleting neutron.port object s_rally_37ffb4da_d5LCCfCt (d84709f8-3927-4179-a8a6-fbd40a68f70f)
2019-12-06 17:24:38.013 15 RALLYDEBUG rally_openstack.cleanup.manager [-] Deleting neutron.port object s_rally_37ffb4da_sWw26rM9 (d9b2067a-f823-45b4-b92c-d743b35e65b4)
2019-12-06 17:24:38.309 15 RALLYDEBUG rally_openstack.cleanup.manager [-] Deleting neutron.port object s_rally_37ffb4da_N6STaPsG (dac743ed-942d-4ed4-a63e-9c0e357d971d)
2019-12-06 17:24:39.486 15 RALLYDEBUG rally_openstack.cleanup.manager [-] Deleting neutron.port object s_rally_37ffb4da_ANNkl3rv (daf9b29e-9936-438e-acb2-991b77bc0df4)
2019-12-06 17:24:40.144 15 RALLYDEBUG rally_openstack.cleanup.manager [-] Deleting neutron.port object s_rally_37ffb4da_D7MTnZvu (db73557f-6043-4bed-b985-88d0116e7b93)
2019-12-06 17:24:40.265 15 RALLYDEBUG rally_openstack.cleanup.manager [-] Deleting neutron.port object s_rally_37ffb4da_yoiXgJsu (dcc9e829-a35c-4093-aecf-4ae011e1689a)
2019-12-06 17:24:40.294 15 RALLYDEBUG rally_openstack.cleanup.manager [-] Deleting neutron.port object s_rally_37ffb4da_5EHXitCj (dd4f600b-dc54-47be-b3be-78783695105c)
2019-12-06 17:24:40.305 15 RALLYDEBUG rally_openstack.cleanup.manager [-] Deleting neutron.port object s_rally_37ffb4da_XBfVGZne (ddaa49f3-8898-4320-9ffb-21ebb2f9c4a1)
2019-12-06 17:24:40.367 15 RALLYDEBUG rally_openstack.cleanup.manager [-] Deleting neutron.port object s_rally_37ffb4da_XUSk5UBi (dec66c80-21e9-4bec-a88f-6e9fb17f4bef)
2019-12-06 17:24:40.373 15 RALLYDEBUG rally_openstack.cleanup.manager [-] Deleting neutron.port object s_rally_37ffb4da_9i6IcARK (e019bbdd-ca9f-4e81-8156-3602997de246)
2019-12-06 17:24:40.471 15 RALLYDEBUG rally_openstack.cleanup.manager [-] Deleting neutron.port object s_rally_37ffb4da_TEr9wLzP (e01d1fd2-7a02-455f-ac52-34298425908d)
2019-12-06 17:24:40.511 15 RALLYDEBUG rally_openstack.cleanup.manager [-] Deleting neutron.port object s_rally_37ffb4da_e6qf7TT3 (e0bb421c-abca-436a-aa46-367c625180d8)
2019-12-06 17:24:40.626 15 RALLYDEBUG rally_openstack.cleanup.manager [-] Deleting neutron.port object s_rally_37ffb4da_hsa9c4QQ (e115d50b-5262-4b34-a4e8-52a8e400629c)
2019-12-06 17:24:40.880 15 RALLYDEBUG rally_openstack.cleanup.manager [-] Deleting neutron.port object s_rally_37ffb4da_krDky43k (e12a9c8f-2b1b-4f81-9eb7-0bf326a39fd4)
2019-12-06 17:24:40.986 15 RALLYDEBUG rally_openstack.cleanup.manager [-] Deleting neutron.port object s_rally_37ffb4da_hk0JqXlq (e1637c8f-9229-48b3-94f5-2daab66ee632)
2019-12-06 17:24:41.503 15 RALLYDEBUG rally_openstack.cleanup.manager [-] Deleting neutron.port object s_rally_37ffb4da_MtZqrO8l (e17a4d53-f2fe-433e-8620-975a96487c35)
2019-12-06 17:24:41.537 15 RALLYDEBUG rally_openstack.cleanup.manager [-] Deleting neutron.port object s_rally_37ffb4da_TMuXNXWA (e4521119-8f51-4105-953f-ddf6828a4c72)
2019-12-06 17:24:41.636 15 RALLYDEBUG rally_openstack.cleanup.manager [-] Deleting neutron.port object s_rally_37ffb4da_TRk2xrxV (e653ef11-a99b-4b63-9a5f-caa86924b5f3)
2019-12-06 17:24:41.674 15 RALLYDEBUG rally_openstack.cleanup.manager [-] Deleting neutron.port object s_rally_37ffb4da_AiVp3mz0 (e71a42f5-6adf-4add-b7ed-1ac0314052e1)
2019-12-06 17:24:42.177 15 RALLYDEBUG rally_openstack.cleanup.manager [-] Deleting neutron.port object s_rally_37ffb4da_eDH3auhY (e747fcbb-2d62-4b50-a4b9-295fbb0c6cf9)
2019-12-06 17:24:42.312 15 RALLYDEBUG rally_openstack.cleanup.manager [-] Deleting neutron.port object s_rally_37ffb4da_9etruqLf (e754bbed-c134-47ef-abfd-8d0201e4e302)
2019-12-06 17:24:42.822 15 RALLYDEBUG rally_openstack.cleanup.manager [-] Deleting neutron.port object s_rally_37ffb4da_FUxi3E1i (e91bd3fc-2afc-4308-aac4-4c4f07082cad)
2019-12-06 17:24:42.860 15 RALLYDEBUG rally_openstack.cleanup.manager [-] Deleting neutron.port object s_rally_37ffb4da_dY8ysgNe (e929d9d7-596e-4129-85a9-d3c57f385c3c)
2019-12-06 17:24:42.937 15 RALLYDEBUG rally_openstack.cleanup.manager [-] Deleting neutron.port object s_rally_37ffb4da_ksRuAyzR (ea0280ea-c122-4621-9ee3-7e4b84de894b)
2019-12-06 17:24:43.361 15 RALLYDEBUG rally_openstack.cleanup.manager [-] Deleting neutron.port object s_rally_37ffb4da_BXvYAR3Z (ea6cfbb9-39af-4f3a-8493-8e7cb7f9934d)
2019-12-06 17:24:44.182 15 RALLYDEBUG rally_openstack.cleanup.manager [-] Deleting neutron.port object s_rally_37ffb4da_VsmRaD5G (ea866155-fa89-4791-8386-27fc528c5741)
2019-12-06 17:24:44.353 15 RALLYDEBUG rally_openstack.cleanup.manager [-] Deleting neutron.port object s_rally_37ffb4da_fEr3MlXg (eaa30200-ddf4-47c3-8ba0-8e0097f2e6c7)
2019-12-06 17:24:44.740 15 RALLYDEBUG rally_openstack.cleanup.manager [-] Deleting neutron.port object s_rally_37ffb4da_F6CNNaTR (eccaf3ae-0bc3-4fb6-a0f0-6a2de38a0bae)
2019-12-06 17:24:45.436 15 RALLYDEBUG rally_openstack.cleanup.manager [-] Deleting neutron.port object s_rally_37ffb4da_1rMV2rGt (ed4741a3-f804-4db1-a492-891c54d1f1a1)
2019-12-06 17:24:45.627 15 RALLYDEBUG rally_openstack.cleanup.manager [-] Deleting neutron.port object s_rally_37ffb4da_PGz16Dsg (ef3c94da-61ae-4b9f-8085-d13d816f9762)
2019-12-06 17:24:45.736 15 RALLYDEBUG rally_openstack.cleanup.manager [-] Deleting neutron.port object s_rally_37ffb4da_DeVg0xWQ (f1e57d66-c7b3-4ede-9ca9-a13dff244ae6)
2019-12-06 17:24:46.008 15 RALLYDEBUG rally_openstack.cleanup.manager [-] Deleting neutron.port object s_rally_37ffb4da_eGSBNBs7 (f3acb690-6834-46f0-9d0b-7f04487907b7)
2019-12-06 17:24:46.063 15 RALLYDEBUG rally_openstack.cleanup.manager [-] Deleting neutron.port object s_rally_37ffb4da_BmAEjXnt (f3e738ac-a379-4c09-9f5e-eda85cb4b5c4)
2019-12-06 17:24:46.154 15 RALLYDEBUG rally_openstack.cleanup.manager [-] Deleting neutron.port object s_rally_37ffb4da_MeunDE06 (f57f2ffd-d97f-4e8b-a531-237e60c0200d)
2019-12-06 17:24:46.154 15 RALLYDEBUG rally_openstack.cleanup.manager [-] Deleting neutron.port object s_rally_37ffb4da_qSHLyeWS (f430965d-9de0-4541-9830-79451dacde03)
2019-12-06 17:24:46.422 15 RALLYDEBUG rally_openstack.cleanup.manager [-] Deleting neutron.port object s_rally_37ffb4da_XjxmOydq (f660fb5a-9a09-4632-aafd-774553830ea6)
2019-12-06 17:24:46.434 15 RALLYDEBUG rally_openstack.cleanup.manager [-] Deleting neutron.port object s_rally_37ffb4da_6cmZeUsq (f71ce061-12b0-4ca5-8895-87d86f875f71)
2019-12-06 17:24:46.447 15 RALLYDEBUG rally_openstack.cleanup.manager [-] Deleting neutron.port object s_rally_37ffb4da_0urAo5M6 (f7a2492c-17fd-4153-bdfb-319c371a08c2)
2019-12-06 17:24:46.567 15 RALLYDEBUG rally_openstack.cleanup.manager [-] Deleting neutron.port object s_rally_37ffb4da_cw3AIlGB (f7e45d61-90ad-4d62-962e-20f80ca16d47)
2019-12-06 17:24:46.737 15 RALLYDEBUG rally_openstack.cleanup.manager [-] Deleting neutron.port object s_rally_37ffb4da_Yho3HJeP (f83b41cb-8959-4686-929a-b8cb8e715d0d)
2019-12-06 17:24:47.173 15 RALLYDEBUG rally_openstack.cleanup.manager [-] Deleting neutron.port object s_rally_37ffb4da_bjWSZMur (f8852732-57f4-4b33-994b-8d684599a276)
2019-12-06 17:24:47.638 15 RALLYDEBUG rally_openstack.cleanup.manager [-] Deleting neutron.port object s_rally_37ffb4da_NtuyA98i (f8bd48f5-a583-4b78-ba5d-0cd44e9d5a1a)
2019-12-06 17:24:48.754 15 RALLYDEBUG rally_openstack.cleanup.manager [-] Deleting neutron.port object s_rally_37ffb4da_9uRHqqa5 (f9612ec1-9782-43a0-b13a-76d2d5ccc8d2)
2019-12-06 17:24:48.792 15 RALLYDEBUG rally_openstack.cleanup.manager [-] Deleting neutron.port object s_rally_37ffb4da_tmpjOLCC (f9d17854-7751-47aa-98ba-2b7ca61100df)
2019-12-06 17:24:49.272 15 RALLYDEBUG rally_openstack.cleanup.manager [-] Deleting neutron.port object s_rally_37ffb4da_oq4j35kG (fa037a5a-a08b-4562-9714-c044c4b51133)
2019-12-06 17:24:49.673 15 RALLYDEBUG rally_openstack.cleanup.manager [-] Deleting neutron.port object s_rally_37ffb4da_6G5Bnrlo (fa3dd833-e8d7-4b7c-b459-52dc2a290277)
2019-12-06 17:24:49.782 15 RALLYDEBUG rally_openstack.cleanup.manager [-] Deleting neutron.port object s_rally_37ffb4da_uwNPXJC5 (fb5a4fea-8a99-4664-8fdf-2a68f6fd4b86)
2019-12-06 17:24:49.827 15 RALLYDEBUG rally_openstack.cleanup.manager [-] Deleting neutron.port object s_rally_37ffb4da_XspXY0eQ (fb9382cc-355c-4875-8cfe-b2865465589a)
2019-12-06 17:24:50.059 15 RALLYDEBUG rally_openstack.cleanup.manager [-] Deleting neutron.port object s_rally_37ffb4da_XQvU7h1p (fbd7001d-b40f-4447-98e2-17c8c348f3a3)
2019-12-06 17:24:50.166 15 RALLYDEBUG rally_openstack.cleanup.manager [-] Deleting neutron.port object s_rally_37ffb4da_PCX7muJn (fccc8b02-a21f-4275-97c1-318030f34265)
2019-12-06 17:24:50.192 15 RALLYDEBUG rally_openstack.cleanup.manager [-] Deleting neutron.port object s_rally_37ffb4da_iIMQZ1Hm (fcd141c0-6c9d-40d6-9f28-d706459aca9d)
2019-12-06 17:24:50.290 15 RALLYDEBUG rally_openstack.cleanup.manager [-] Deleting neutron.port object s_rally_37ffb4da_SorNYctL (fe105139-0a1e-4573-8754-e7bbbc0776fe)
2019-12-06 17:24:50.426 15 RALLYDEBUG rally_openstack.cleanup.manager [-] Deleting neutron.port object s_rally_37ffb4da_EZQxPfXq (fe9b7933-4b4e-4518-abac-6b32f39d91e9)
2019-12-06 17:24:50.636 15 RALLYDEBUG rally_openstack.cleanup.manager [-] Deleting neutron.port object s_rally_37ffb4da_S3RL3CCL (ff7b0d81-a213-44dd-a54c-c4989d17e641)
2019-12-06 17:24:50.718 15 RALLYDEBUG rally_openstack.cleanup.manager [-] Deleting neutron.port object s_rally_37ffb4da_6S5VBoLu (ffa0caa4-b2da-4dc3-a7e4-a955a408100a)
2019-12-06 17:24:50.881 15 RALLYDEBUG rally_openstack.cleanup.manager [-] Deleting neutron.port object s_rally_37ffb4da_veHEmBNV (ffa8660d-5f0c-48fd-8c96-396f41aba3fb)
2019-12-06 17:24:56.313 15 RALLYDEBUG rally_openstack.cleanup.manager [-] Cleaning up neutron subnet objects
2019-12-06 17:24:56.554 15 RALLYDEBUG rally_openstack.cleanup.manager [-] Cleaning up neutron network objects
2019-12-06 17:24:56.937 15 RALLYDEBUG rally_openstack.cleanup.manager [-] Deleting neutron.network object s_rally_37ffb4da_Hhumht1v (31a4344e-3173-4cfb-a1bd-a9ad0f8db7a4)
2019-12-06 17:24:56.946 15 RALLYDEBUG rally_openstack.cleanup.manager [-] Deleting neutron.network object s_rally_37ffb4da_8xnL0eVA (3a4ccb49-e1db-49c1-a1cb-d602de4eeba5)
2019-12-06 17:24:56.955 15 RALLYDEBUG rally_openstack.cleanup.manager [-] Deleting neutron.network object s_rally_37ffb4da_vaPbK2sO (55930521-4cd5-4655-8d48-1c4b32549758)
2019-12-06 17:24:56.967 15 RALLYDEBUG rally_openstack.cleanup.manager [-] Deleting neutron.network object s_rally_37ffb4da_WnxVOiVX (5f3aa903-8c99-4497-ae15-cfa89847a5d4)
2019-12-06 17:24:56.983 15 RALLYDEBUG rally_openstack.cleanup.manager [-] Deleting neutron.network object s_rally_37ffb4da_ZZXHOkx9 (8122c1ec-e826-484d-b51d-022494e38336)
2019-12-06 17:24:56.993 15 RALLYDEBUG rally_openstack.cleanup.manager [-] Deleting neutron.network object s_rally_37ffb4da_CRAapYjh (8f37a2a2-c79e-485d-99eb-fc16bed1e447)
2019-12-06 17:24:56.999 15 RALLYDEBUG rally_openstack.cleanup.manager [-] Deleting neutron.network object s_rally_37ffb4da_GkawHbVA (b7a93386-cb3c-443d-a448-a8013ad0742c)
2019-12-06 17:24:56.999 15 RALLYDEBUG rally_openstack.cleanup.manager [-] Deleting neutron.network object s_rally_37ffb4da_Jy7k6CcR (99827f8c-dfcf-49dd-9fe6-7712c2be96ae)
2019-12-06 17:25:01.000 15 RALLYDEBUG rally_openstack.cleanup.manager [-] Cleaning up neutron router objects
2019-12-06 17:25:01.270 15 RALLYDEBUG rally_openstack.cleanup.manager [-] Cleaning up neutron security_group objects
2019-12-06 17:25:01.581 15 INFO rally.task.context [-] Task a38cb504-469b-4d43-9a71-262dfaf88b68 | Context cleanup@openstack cleanup() finished in 1.90 min
2019-12-06 17:25:01.582 15 INFO rally.task.context [-] Task a38cb504-469b-4d43-9a71-262dfaf88b68 | Context quotas@openstack cleanup() started
2019-12-06 17:25:01.697 15 INFO rally.task.context [-] Task a38cb504-469b-4d43-9a71-262dfaf88b68 | Context quotas@openstack cleanup() finished in 0.12 sec
2019-12-06 17:25:01.697 15 INFO rally.task.context [-] Task a38cb504-469b-4d43-9a71-262dfaf88b68 | Context users@openstack cleanup() started
2019-12-06 17:25:03.240 15 INFO rally.task.context [-] Task a38cb504-469b-4d43-9a71-262dfaf88b68 | Context users@openstack cleanup() finished in 1.54 sec
2019-12-06 17:25:05.118 15 INFO rally.task.engine [-] Load duration is: 224.656443
2019-12-06 17:25:05.119 15 INFO rally.task.engine [-] Full runner duration is: 224.707653
2019-12-06 17:25:05.119 15 INFO rally.task.engine [-] Full duration is: 341.577773
2019-12-06 17:25:05.201 15 INFO rally.task.engine [-] Running workload: position = 1 config = { "version": 2, "title": "A cropped version of a bigger task.", "description": "Auto-generated task from a single workload (uuid=8a703a2d-c358-41b4-86ea-8fb0ccbc645e)", "subtasks": [ { "title": "NeutronNetworks.create_and_update_ports", "description": "Create and update a given number of ports.", "scenario": { "NeutronNetworks.create_and_update_ports": { "network_create_args": {}, "port_create_args": {}, "ports_per_network": 5, "port_update_args": { "admin_state_up": false, "device_id": "dummy_id", "device_owner": "dummy_owner", "name": "_port_updated" } } }, "contexts": { "users": { "tenants": 1, "users_per_tenant": 1 }, "quotas": { "neutron": { "network": -1, "port": -1 } } }, "runner": { "constant": { "times": 40, "concurrency": 20 } }, "hooks": [], "sla": { "failure_rate": { "max": 0 } } } ] }
2019-12-06 17:25:05.221 15 RALLYDEBUG rally_openstack.contexts.keystone.users [-] Creating 1 tenants using 20 threads
2019-12-06 17:25:05.558 15 RALLYDEBUG rally_openstack.contexts.keystone.users [-] Creating 1 users using 20 threads
2019-12-06 17:25:05.983 15 INFO rally.task.context [-] Task a38cb504-469b-4d43-9a71-262dfaf88b68 | Context users@openstack setup() finished in 0.76 sec
2019-12-06 17:25:06.403 15 INFO rally.task.context [-] Task a38cb504-469b-4d43-9a71-262dfaf88b68 | Context quotas@openstack setup() finished in 0.42 sec
2019-12-06 17:25:06.404 15 INFO rally.task.context [-] Task a38cb504-469b-4d43-9a71-262dfaf88b68 | Context cleanup@openstack setup() finished in 0.01 msec
2019-12-06 17:25:06.414 15 RALLYDEBUG rally.task.runner [-] Starting the constant runner (task UUID: a38cb504-469b-4d43-9a71-262dfaf88b68). timeout: 0 concurrency: 20 concurrency_per_worker: 1 times: 40 concurrency_overhead: 0 processes_to_start: 20 max_cpu_used: 88
2019-12-06 17:25:06.429 4199 RALLYDEBUG rally.task.runner [-] Starting a worker. concurrency: 1 args: {"network_create_args": {}, "port_create_args": {}, "ports_per_network": 5, "port_update_args": {"admin_state_up": false, "device_id": "dummy_id", "device_owner": "dummy_owner", "name": "_port_updated"}} times: 40 method_name: run timeout: 0 duration: None cls:
2019-12-06 17:25:06.433 4200 RALLYDEBUG rally.task.runner [-] Starting a worker. concurrency: 1 args: {"network_create_args": {}, "port_create_args": {}, "ports_per_network": 5, "port_update_args": {"admin_state_up": false, "device_id": "dummy_id", "device_owner": "dummy_owner", "name": "_port_updated"}} times: 40 method_name: run timeout: 0 duration: None cls:
2019-12-06 17:25:06.436 4199 INFO rally.task.runner [-] Task a38cb504-469b-4d43-9a71-262dfaf88b68 | ITER: 1 START
2019-12-06 17:25:06.437 4199 WARNING rally_openstack.scenarios.neutron.utils [-] Running this scenario without either the 'network' or 'existing_network' context is deprecated
2019-12-06 17:25:06.436 4201 RALLYDEBUG rally.task.runner [-] Starting a worker. concurrency: 1 args: {"network_create_args": {}, "port_create_args": {}, "ports_per_network": 5, "port_update_args": {"admin_state_up": false, "device_id": "dummy_id", "device_owner": "dummy_owner", "name": "_port_updated"}} times: 40 method_name: run timeout: 0 duration: None cls:
2019-12-06 17:25:06.439 4200 INFO rally.task.runner [-] Task a38cb504-469b-4d43-9a71-262dfaf88b68 | ITER: 2 START
2019-12-06 17:25:06.439 4202 RALLYDEBUG rally.task.runner [-] Starting a worker. concurrency: 1 args: {"network_create_args": {}, "port_create_args": {}, "ports_per_network": 5, "port_update_args": {"admin_state_up": false, "device_id": "dummy_id", "device_owner": "dummy_owner", "name": "_port_updated"}} times: 40 method_name: run timeout: 0 duration: None cls:
2019-12-06 17:25:06.441 4200 WARNING rally_openstack.scenarios.neutron.utils [-] Running this scenario without either the 'network' or 'existing_network' context is deprecated
2019-12-06 17:25:06.443 4201 INFO rally.task.runner [-] Task a38cb504-469b-4d43-9a71-262dfaf88b68 | ITER: 3 START
2019-12-06 17:25:06.442 4205 RALLYDEBUG rally.task.runner [-] Starting a worker. concurrency: 1 args: {"network_create_args": {}, "port_create_args": {}, "ports_per_network": 5, "port_update_args": {"admin_state_up": false, "device_id": "dummy_id", "device_owner": "dummy_owner", "name": "_port_updated"}} times: 40 method_name: run timeout: 0 duration: None cls:
2019-12-06 17:25:06.444 4201 WARNING rally_openstack.scenarios.neutron.utils [-] Running this scenario without either the 'network' or 'existing_network' context is deprecated
2019-12-06 17:25:06.445 4202 INFO rally.task.runner [-] Task a38cb504-469b-4d43-9a71-262dfaf88b68 | ITER: 4 START
2019-12-06 17:25:06.445 4208 RALLYDEBUG rally.task.runner [-] Starting a worker. concurrency: 1 args: {"network_create_args": {}, "port_create_args": {}, "ports_per_network": 5, "port_update_args": {"admin_state_up": false, "device_id": "dummy_id", "device_owner": "dummy_owner", "name": "_port_updated"}} times: 40 method_name: run timeout: 0 duration: None cls:
2019-12-06 17:25:06.447 4202 WARNING rally_openstack.scenarios.neutron.utils [-] Running this scenario without either the 'network' or 'existing_network' context is deprecated
2019-12-06 17:25:06.449 4205 INFO rally.task.runner [-] Task a38cb504-469b-4d43-9a71-262dfaf88b68 | ITER: 5 START
2019-12-06 17:25:06.449 4210 RALLYDEBUG rally.task.runner [-] Starting a worker. concurrency: 1 args: {"network_create_args": {}, "port_create_args": {}, "ports_per_network": 5, "port_update_args": {"admin_state_up": false, "device_id": "dummy_id", "device_owner": "dummy_owner", "name": "_port_updated"}} times: 40 method_name: run timeout: 0 duration: None cls:
2019-12-06 17:25:06.450 4205 WARNING rally_openstack.scenarios.neutron.utils [-] Running this scenario without either the 'network' or 'existing_network' context is deprecated
2019-12-06 17:25:06.452 4208 INFO rally.task.runner [-] Task a38cb504-469b-4d43-9a71-262dfaf88b68 | ITER: 6 START
2019-12-06 17:25:06.451 4214 RALLYDEBUG rally.task.runner [-] Starting a worker. concurrency: 1 args: {"network_create_args": {}, "port_create_args": {}, "ports_per_network": 5, "port_update_args": {"admin_state_up": false, "device_id": "dummy_id", "device_owner": "dummy_owner", "name": "_port_updated"}} times: 40 method_name: run timeout: 0 duration: None cls:
2019-12-06 17:25:06.453 4208 WARNING rally_openstack.scenarios.neutron.utils [-] Running this scenario without either the 'network' or 'existing_network' context is deprecated
2019-12-06 17:25:06.454 4216 RALLYDEBUG rally.task.runner [-] Starting a worker. concurrency: 1 args: {"network_create_args": {}, "port_create_args": {}, "ports_per_network": 5, "port_update_args": {"admin_state_up": false, "device_id": "dummy_id", "device_owner": "dummy_owner", "name": "_port_updated"}} times: 40 method_name: run timeout: 0 duration: None cls:
2019-12-06 17:25:06.455 4210 INFO rally.task.runner [-] Task a38cb504-469b-4d43-9a71-262dfaf88b68 | ITER: 7 START
2019-12-06 17:25:06.456 4210 WARNING rally_openstack.scenarios.neutron.utils [-] Running this scenario without either the 'network' or 'existing_network' context is deprecated
2019-12-06 17:25:06.457 4219 RALLYDEBUG rally.task.runner [-] Starting a worker. concurrency: 1 args: {"network_create_args": {}, "port_create_args": {}, "ports_per_network": 5, "port_update_args": {"admin_state_up": false, "device_id": "dummy_id", "device_owner": "dummy_owner", "name": "_port_updated"}} times: 40 method_name: run timeout: 0 duration: None cls:
2019-12-06 17:25:06.458 4214 INFO rally.task.runner [-] Task a38cb504-469b-4d43-9a71-262dfaf88b68 | ITER: 8 START
2019-12-06 17:25:06.459 4214 WARNING rally_openstack.scenarios.neutron.utils [-] Running this scenario without either the 'network' or 'existing_network' context is deprecated
2019-12-06 17:25:06.461 4216 INFO rally.task.runner [-] Task a38cb504-469b-4d43-9a71-262dfaf88b68 | ITER: 9 START
2019-12-06 17:25:06.460 4221 RALLYDEBUG rally.task.runner [-] Starting a worker. concurrency: 1 args: {"network_create_args": {}, "port_create_args": {}, "ports_per_network": 5, "port_update_args": {"admin_state_up": false, "device_id": "dummy_id", "device_owner": "dummy_owner", "name": "_port_updated"}} times: 40 method_name: run timeout: 0 duration: None cls:
2019-12-06 17:25:06.462 4216 WARNING rally_openstack.scenarios.neutron.utils [-] Running this scenario without either the 'network' or 'existing_network' context is deprecated
2019-12-06 17:25:06.463 4219 INFO rally.task.runner [-] Task a38cb504-469b-4d43-9a71-262dfaf88b68 | ITER: 10 START
2019-12-06 17:25:06.463 4224 RALLYDEBUG rally.task.runner [-] Starting a worker. concurrency: 1 args: {"network_create_args": {}, "port_create_args": {}, "ports_per_network": 5, "port_update_args": {"admin_state_up": false, "device_id": "dummy_id", "device_owner": "dummy_owner", "name": "_port_updated"}} times: 40 method_name: run timeout: 0 duration: None cls:
2019-12-06 17:25:06.464 4227 RALLYDEBUG rally.task.runner [-] Starting a worker. concurrency: 1 args: {"network_create_args": {}, "port_create_args": {}, "ports_per_network": 5, "port_update_args": {"admin_state_up": false, "device_id": "dummy_id", "device_owner": "dummy_owner", "name": "_port_updated"}} times: 40 method_name: run timeout: 0 duration: None cls:
2019-12-06 17:25:06.465 4219 WARNING rally_openstack.scenarios.neutron.utils [-] Running this scenario without either the 'network' or 'existing_network' context is deprecated
2019-12-06 17:25:06.466 4230 RALLYDEBUG rally.task.runner [-] Starting a worker. concurrency: 1 args: {"network_create_args": {}, "port_create_args": {}, "ports_per_network": 5, "port_update_args": {"admin_state_up": false, "device_id": "dummy_id", "device_owner": "dummy_owner", "name": "_port_updated"}} times: 40 method_name: run timeout: 0 duration: None cls:
2019-12-06 17:25:06.467 4221 INFO rally.task.runner [-] Task a38cb504-469b-4d43-9a71-262dfaf88b68 | ITER: 11 START
2019-12-06 17:25:06.468 4221 WARNING rally_openstack.scenarios.neutron.utils [-] Running this scenario without either the 'network' or 'existing_network' context is deprecated
2019-12-06 17:25:06.469 4227 INFO rally.task.runner [-] Task a38cb504-469b-4d43-9a71-262dfaf88b68 | ITER: 13 START
2019-12-06 17:25:06.469 4227 WARNING rally_openstack.scenarios.neutron.utils [-] Running this scenario without either the 'network' or 'existing_network' context is deprecated
2019-12-06 17:25:06.469 4224 INFO rally.task.runner [-] Task a38cb504-469b-4d43-9a71-262dfaf88b68 | ITER: 12 START
2019-12-06 17:25:06.469 4233 RALLYDEBUG rally.task.runner [-] Starting a worker. concurrency: 1 args: {"network_create_args": {}, "port_create_args": {}, "ports_per_network": 5, "port_update_args": {"admin_state_up": false, "device_id": "dummy_id", "device_owner": "dummy_owner", "name": "_port_updated"}} times: 40 method_name: run timeout: 0 duration: None cls:
2019-12-06 17:25:06.471 4224 WARNING rally_openstack.scenarios.neutron.utils [-] Running this scenario without either the 'network' or 'existing_network' context is deprecated
2019-12-06 17:25:06.471 4230 INFO rally.task.runner [-] Task a38cb504-469b-4d43-9a71-262dfaf88b68 | ITER: 14 START
2019-12-06 17:25:06.472 4230 WARNING rally_openstack.scenarios.neutron.utils [-] Running this scenario without either the 'network' or 'existing_network' context is deprecated
2019-12-06 17:25:06.474 4236 RALLYDEBUG rally.task.runner [-] Starting a worker. concurrency: 1 args: {"network_create_args": {}, "port_create_args": {}, "ports_per_network": 5, "port_update_args": {"admin_state_up": false, "device_id": "dummy_id", "device_owner": "dummy_owner", "name": "_port_updated"}} times: 40 method_name: run timeout: 0 duration: None cls:
2019-12-06 17:25:06.475 4233 INFO rally.task.runner [-] Task a38cb504-469b-4d43-9a71-262dfaf88b68 | ITER: 15 START
2019-12-06 17:25:06.477 4233 WARNING rally_openstack.scenarios.neutron.utils [-] Running this scenario without either the 'network' or 'existing_network' context is deprecated
2019-12-06 17:25:06.478 4243 RALLYDEBUG rally.task.runner [-] Starting a worker. concurrency: 1 args: {"network_create_args": {}, "port_create_args": {}, "ports_per_network": 5, "port_update_args": {"admin_state_up": false, "device_id": "dummy_id", "device_owner": "dummy_owner", "name": "_port_updated"}} times: 40 method_name: run timeout: 0 duration: None cls:
2019-12-06 17:25:06.480 4236 INFO rally.task.runner [-] Task a38cb504-469b-4d43-9a71-262dfaf88b68 | ITER: 16 START
2019-12-06 17:25:06.481 4236 WARNING rally_openstack.scenarios.neutron.utils [-] Running this scenario without either the 'network' or 'existing_network' context is deprecated
2019-12-06 17:25:06.481 4244 RALLYDEBUG rally.task.runner [-] Starting a worker. concurrency: 1 args: {"network_create_args": {}, "port_create_args": {}, "ports_per_network": 5, "port_update_args": {"admin_state_up": false, "device_id": "dummy_id", "device_owner": "dummy_owner", "name": "_port_updated"}} times: 40 method_name: run timeout: 0 duration: None cls:
2019-12-06 17:25:06.483 4247 RALLYDEBUG rally.task.runner [-] Starting a worker. concurrency: 1 args: {"network_create_args": {}, "port_create_args": {}, "ports_per_network": 5, "port_update_args": {"admin_state_up": false, "device_id": "dummy_id", "device_owner": "dummy_owner", "name": "_port_updated"}} times: 40 method_name: run timeout: 0 duration: None cls:
2019-12-06 17:25:06.484 4243 INFO rally.task.runner [-] Task a38cb504-469b-4d43-9a71-262dfaf88b68 | ITER: 17 START
2019-12-06 17:25:06.486 4243 WARNING rally_openstack.scenarios.neutron.utils [-] Running this scenario without either the 'network' or 'existing_network' context is deprecated
2019-12-06 17:25:06.486 4250 RALLYDEBUG rally.task.runner [-] Starting a worker. concurrency: 1 args: {"network_create_args": {}, "port_create_args": {}, "ports_per_network": 5, "port_update_args": {"admin_state_up": false, "device_id": "dummy_id", "device_owner": "dummy_owner", "name": "_port_updated"}} times: 40 method_name: run timeout: 0 duration: None cls:
2019-12-06 17:25:06.487 4244 INFO rally.task.runner [-] Task a38cb504-469b-4d43-9a71-262dfaf88b68 | ITER: 18 START
2019-12-06 17:25:06.488 4244 WARNING rally_openstack.scenarios.neutron.utils [-] Running this scenario without either the 'network' or 'existing_network' context is deprecated
2019-12-06 17:25:06.489 4247 INFO rally.task.runner [-] Task a38cb504-469b-4d43-9a71-262dfaf88b68 | ITER: 19 START
2019-12-06 17:25:06.490 4247 WARNING rally_openstack.scenarios.neutron.utils [-] Running this scenario without either the 'network' or 'existing_network' context is deprecated
2019-12-06 17:25:06.491 4250 INFO rally.task.runner [-] Task a38cb504-469b-4d43-9a71-262dfaf88b68 | ITER: 20 START
2019-12-06 17:25:06.492 4250 WARNING rally_openstack.scenarios.neutron.utils [-] Running this scenario without either the 'network' or 'existing_network' context is deprecated
2019-12-06 17:25:53.364 4236 INFO rally.task.runner [-] Task a38cb504-469b-4d43-9a71-262dfaf88b68 | ITER: 16 END: OK
2019-12-06 17:25:53.374 4236 INFO rally.task.runner [-] Task a38cb504-469b-4d43-9a71-262dfaf88b68 | ITER: 21 START
2019-12-06 17:25:53.376 4236 WARNING rally_openstack.scenarios.neutron.utils [-] Running this scenario without either the 'network' or 'existing_network' context is deprecated
2019-12-06 17:25:53.390 4205 INFO rally.task.runner [-] Task a38cb504-469b-4d43-9a71-262dfaf88b68 | ITER: 5 END: OK
2019-12-06 17:25:53.397 4205 INFO rally.task.runner [-] Task a38cb504-469b-4d43-9a71-262dfaf88b68 | ITER: 22 START
2019-12-06 17:25:53.398 4205 WARNING rally_openstack.scenarios.neutron.utils [-] Running this scenario without either the 'network' or 'existing_network' context is deprecated
2019-12-06 17:25:58.118 4200 INFO rally.task.runner [-] Task a38cb504-469b-4d43-9a71-262dfaf88b68 | ITER: 2 END: OK
2019-12-06 17:25:58.126 4200 INFO rally.task.runner [-] Task a38cb504-469b-4d43-9a71-262dfaf88b68 | ITER: 23 START
2019-12-06 17:25:58.128 4200 WARNING rally_openstack.scenarios.neutron.utils [-] Running this scenario without either the 'network' or 'existing_network' context is deprecated
2019-12-06 17:25:58.997 4208 INFO rally.task.runner [-] Task a38cb504-469b-4d43-9a71-262dfaf88b68 | ITER: 6 END: OK
2019-12-06 17:25:59.003 4208 INFO rally.task.runner [-] Task a38cb504-469b-4d43-9a71-262dfaf88b68 | ITER: 24 START
2019-12-06 17:25:59.004 4208 WARNING rally_openstack.scenarios.neutron.utils [-] Running this scenario without either the 'network' or 'existing_network' context is deprecated
2019-12-06 17:26:03.033 4216 INFO rally.task.runner [-] Task a38cb504-469b-4d43-9a71-262dfaf88b68 | ITER: 9 END: OK
2019-12-06 17:26:03.041 4216 INFO rally.task.runner [-] Task a38cb504-469b-4d43-9a71-262dfaf88b68 | ITER: 25 START
2019-12-06 17:26:03.042 4216 WARNING rally_openstack.scenarios.neutron.utils [-] Running this scenario without either the 'network' or 'existing_network' context is deprecated
2019-12-06 17:26:03.156 4230 INFO rally.task.runner [-] Task a38cb504-469b-4d43-9a71-262dfaf88b68 | ITER: 14 END: OK
2019-12-06 17:26:03.162 4230 INFO rally.task.runner [-] Task a38cb504-469b-4d43-9a71-262dfaf88b68 | ITER: 26 START
2019-12-06 17:26:03.164 4230 WARNING rally_openstack.scenarios.neutron.utils [-] Running this scenario without either the 'network' or 'existing_network' context is deprecated
2019-12-06 17:26:03.163 4214 INFO rally.task.runner [-] Task a38cb504-469b-4d43-9a71-262dfaf88b68 | ITER: 8 END: OK
2019-12-06 17:26:03.173 4214 INFO rally.task.runner [-] Task a38cb504-469b-4d43-9a71-262dfaf88b68 | ITER: 27 START
2019-12-06 17:26:03.174 4214 WARNING rally_openstack.scenarios.neutron.utils [-] Running this scenario without either the 'network' or 'existing_network' context is deprecated
2019-12-06 17:26:03.335 4210 INFO rally.task.runner [-] Task a38cb504-469b-4d43-9a71-262dfaf88b68 | ITER: 7 END: OK
2019-12-06 17:26:03.343 4210 INFO rally.task.runner [-] Task a38cb504-469b-4d43-9a71-262dfaf88b68 | ITER: 28 START
2019-12-06 17:26:03.344 4210 WARNING rally_openstack.scenarios.neutron.utils [-] Running this scenario without either the 'network' or 'existing_network' context is deprecated
2019-12-06 17:26:03.392 4201 INFO rally.task.runner [-] Task a38cb504-469b-4d43-9a71-262dfaf88b68 | ITER: 3 END: OK
2019-12-06 17:26:03.400 4201 INFO rally.task.runner [-] Task a38cb504-469b-4d43-9a71-262dfaf88b68 | ITER: 29 START
2019-12-06 17:26:03.401 4201 WARNING rally_openstack.scenarios.neutron.utils [-] Running this scenario without either the 'network' or 'existing_network' context is deprecated
2019-12-06 17:26:03.420 4202 INFO rally.task.runner [-] Task a38cb504-469b-4d43-9a71-262dfaf88b68 | ITER: 4 END: OK
2019-12-06 17:26:03.429 4202 INFO rally.task.runner [-] Task a38cb504-469b-4d43-9a71-262dfaf88b68 | ITER: 30 START
2019-12-06 17:26:03.430 4202 WARNING rally_openstack.scenarios.neutron.utils [-] Running this scenario without either the 'network' or 'existing_network' context is deprecated
2019-12-06 17:26:03.504 4199 INFO rally.task.runner [-] Task a38cb504-469b-4d43-9a71-262dfaf88b68 | ITER: 1 END: OK
2019-12-06 17:26:03.512 4199 INFO rally.task.runner [-] Task a38cb504-469b-4d43-9a71-262dfaf88b68 | ITER: 31 START
2019-12-06 17:26:03.513 4199 WARNING rally_openstack.scenarios.neutron.utils [-] Running this scenario without either the 'network' or 'existing_network' context is deprecated
2019-12-06 17:26:05.376 4250 INFO rally.task.runner [-] Task a38cb504-469b-4d43-9a71-262dfaf88b68 | ITER: 20 END: OK
2019-12-06 17:26:05.385 4250 INFO rally.task.runner [-] Task a38cb504-469b-4d43-9a71-262dfaf88b68 | ITER: 32 START
2019-12-06 17:26:05.385 4250 WARNING rally_openstack.scenarios.neutron.utils [-] Running this scenario without either the 'network' or 'existing_network' context is deprecated
2019-12-06 17:26:05.411 4227 INFO rally.task.runner [-] Task a38cb504-469b-4d43-9a71-262dfaf88b68 | ITER: 13 END: OK
2019-12-06 17:26:05.419 4227 INFO rally.task.runner [-] Task a38cb504-469b-4d43-9a71-262dfaf88b68 | ITER: 33 START
2019-12-06 17:26:05.420 4227 WARNING rally_openstack.scenarios.neutron.utils [-] Running this scenario without either the 'network' or 'existing_network' context is deprecated
2019-12-06 17:26:06.568 4233 INFO rally.task.runner [-] Task a38cb504-469b-4d43-9a71-262dfaf88b68 | ITER: 15 END: OK
2019-12-06 17:26:06.575 4233 INFO rally.task.runner [-] Task a38cb504-469b-4d43-9a71-262dfaf88b68 | ITER: 34 START
2019-12-06 17:26:06.576 4233 WARNING rally_openstack.scenarios.neutron.utils [-] Running this scenario without either the 'network' or 'existing_network' context is deprecated
2019-12-06 17:26:08.210 4219 INFO rally.task.runner [-] Task a38cb504-469b-4d43-9a71-262dfaf88b68 | ITER: 10 END: OK
2019-12-06 17:26:08.218 4219 INFO rally.task.runner [-] Task a38cb504-469b-4d43-9a71-262dfaf88b68 | ITER: 35 START
2019-12-06 17:26:08.219 4219 WARNING rally_openstack.scenarios.neutron.utils [-] Running this scenario without either the 'network' or 'existing_network' context is deprecated
2019-12-06 17:26:08.279 4243 INFO rally.task.runner [-] Task a38cb504-469b-4d43-9a71-262dfaf88b68 | ITER: 17 END: OK
2019-12-06 17:26:08.287 4243 INFO rally.task.runner [-] Task a38cb504-469b-4d43-9a71-262dfaf88b68 | ITER: 36 START
2019-12-06 17:26:08.288 4243 WARNING rally_openstack.scenarios.neutron.utils [-] Running this scenario without either the 'network' or 'existing_network' context is deprecated
2019-12-06 17:26:09.402 4221 INFO rally.task.runner [-] Task a38cb504-469b-4d43-9a71-262dfaf88b68 | ITER: 11 END: OK
2019-12-06 17:26:09.409 4221 INFO rally.task.runner [-] Task a38cb504-469b-4d43-9a71-262dfaf88b68 | ITER: 37 START
2019-12-06 17:26:09.410 4221 WARNING rally_openstack.scenarios.neutron.utils [-] Running this scenario without either the 'network' or 'existing_network' context is deprecated
2019-12-06 17:26:09.531 4247 INFO rally.task.runner [-] Task a38cb504-469b-4d43-9a71-262dfaf88b68 | ITER: 19 END: OK
2019-12-06 17:26:09.537 4247 INFO rally.task.runner [-] Task a38cb504-469b-4d43-9a71-262dfaf88b68 | ITER: 38 START
2019-12-06 17:26:09.539 4247 WARNING rally_openstack.scenarios.neutron.utils [-] Running this scenario without either the 'network' or 'existing_network' context is deprecated
