2019-12-06 16:44:29.784 6 RALLYDEBUG rally.api [-] INFO logs from urllib3 and requests module are hide.
2019-12-06 16:44:29.785 6 RALLYDEBUG rally.api [-] urllib3 insecure warnings are hidden.
2019-12-06 16:44:29.785 6 RALLYDEBUG rally.api [-] ERROR log from boto module is hide.
2019-12-06 16:44:31.051 6 ERROR rally.cli.cliutils [-] Unexpected exception in CLI: DBRecordNotFound: Record for uuid or name is opnfv-rally not found in table envs
2019-12-06 16:44:31.051 6 ERROR rally.cli.cliutils
Traceback (most recent call last):
2019-12-06 16:44:31.051 6 ERROR rally.cli.cliutils
File "/usr/lib/python2.7/site-packages/rally/cli/cliutils.py", line 674, in run
2019-12-06 16:44:31.051 6 ERROR rally.cli.cliutils ret = fn(*fn_args, **fn_kwargs)
2019-12-06 16:44:31.051 6 ERROR rally.cli.cliutils File "", line 2, in destroy
2019-12-06 16:44:31.051 6 ERROR rally.cli.cliutils
File "/usr/lib/python2.7/site-packages/rally/cli/envutils.py", line 68, in default_from_global
2019-12-06 16:44:31.051 6 ERROR rally.cli.cliutils return f(*args, **kwargs)
2019-12-06 16:44:31.051 6 ERROR rally.cli.cliutils File "", line 2, in destroy
2019-12-06 16:44:31.051 6 ERROR rally.cli.cliutils
File "/usr/lib/python2.7/site-packages/rally/plugins/__init__.py", line 51, in ensure_plugins_are_loaded
2019-12-06 16:44:31.051 6 ERROR rally.cli.cliutils return f(*args, **kwargs)
2019-12-06 16:44:31.051 6 ERROR rally.cli.cliutils
File "/usr/lib/python2.7/site-packages/rally/cli/commands/deployment.py", line 157, in destroy
2019-12-06 16:44:31.051 6 ERROR rally.cli.cliutils api.deployment.destroy(deployment=deployment)
2019-12-06 16:44:31.051 6 ERROR rally.cli.cliutils
File "/usr/lib/python2.7/site-packages/rally/api.py", line 115, in destroy
2019-12-06 16:44:31.051 6 ERROR rally.cli.cliutils deploy = objects.Deployment.get(deployment)
2019-12-06 16:44:31.051 6 ERROR rally.cli.cliutils
File "/usr/lib/python2.7/site-packages/rally/common/objects/deploy.py", line 124, in get
2019-12-06 16:44:31.051 6 ERROR rally.cli.cliutils return Deployment(env_mgr.EnvManager.get(deploy))
2019-12-06 16:44:31.051 6 ERROR rally.cli.cliutils
File "/usr/lib/python2.7/site-packages/rally/env/env_mgr.py", line 212, in get
2019-12-06 16:44:31.051 6 ERROR rally.cli.cliutils return cls(db.env_get(uuid_or_name))
2019-12-06 16:44:31.051 6 ERROR rally.cli.cliutils
File "/usr/lib/python2.7/site-packages/rally/common/db/api.py", line 135, in wrapper
2019-12-06 16:44:31.051 6 ERROR rally.cli.cliutils result = f(session, *args, **kwargs)
2019-12-06 16:44:31.051 6 ERROR rally.cli.cliutils
File "/usr/lib/python2.7/site-packages/rally/common/db/api.py", line 521, in env_get
2019-12-06 16:44:31.051 6 ERROR rally.cli.cliutils criteria="uuid or name is %s" % uuid_or_name, table="envs")
2019-12-06 16:44:31.051 6 ERROR rally.cli.cliutils DBRecordNotFound: Record for uuid or name is opnfv-rally not found in table envs
2019-12-06 16:44:31.051 6 ERROR rally.cli.cliutils
2019-12-06 16:44:31.847 8 RALLYDEBUG rally.api [-] INFO logs from urllib3 and requests module are hide.
2019-12-06 16:44:31.848 8 RALLYDEBUG rally.api [-] urllib3 insecure warnings are hidden.
2019-12-06 16:44:31.848 8 RALLYDEBUG rally.api [-] ERROR log from boto module is hide.
2019-12-06 16:44:34.074 10 RALLYDEBUG rally.api [-] INFO logs from urllib3 and requests module are hide.
2019-12-06 16:44:34.074 10 RALLYDEBUG rally.api [-] urllib3 insecure warnings are hidden.
2019-12-06 16:44:34.074 10 RALLYDEBUG rally.api [-] ERROR log from boto module is hide.
2019-12-06 16:44:36.749 13 RALLYDEBUG rally.api [-] INFO logs from urllib3 and requests module are hide.
2019-12-06 16:44:36.749 13 RALLYDEBUG rally.api [-] urllib3 insecure warnings are hidden.
2019-12-06 16:44:36.749 13 RALLYDEBUG rally.api [-] ERROR log from boto module is hide.
2019-12-06 16:44:38.068 15 RALLYDEBUG rally.api [-] INFO logs from urllib3 and requests module are hide.
2019-12-06 16:44:38.068 15 RALLYDEBUG rally.api [-] urllib3 insecure warnings are hidden.
2019-12-06 16:44:38.068 15 RALLYDEBUG rally.api [-] ERROR log from boto module is hide.
2019-12-06 16:44:39.335 15 INFO rally.common.plugin.discover [-] Loading plugins from directories /root/.rally/plugins/*
2019-12-06 16:44:39.336 15 INFO rally.common.plugin.discover [-] Loaded module with plugins: /root/.rally/plugins/__init__.py
2019-12-06 16:44:39.338 15 INFO rally.common.plugin.discover [-] Loaded module with plugins: /root/.rally/plugins/trunk_scenario.py
2019-12-06 16:44:39.511 15 INFO rally.task.engine [-] Task a38cb504-469b-4d43-9a71-262dfaf88b68 | Starting: Task validation.
2019-12-06 16:44:39.523 15 INFO rally.task.engine [-] Task a38cb504-469b-4d43-9a71-262dfaf88b68 | Starting: Task validation of syntax.
2019-12-06 16:44:39.677 15 INFO rally.task.engine [-] Task a38cb504-469b-4d43-9a71-262dfaf88b68 | Completed: Task validation of syntax.
2019-12-06 16:44:39.677 15 INFO rally.task.engine [-] Task a38cb504-469b-4d43-9a71-262dfaf88b68 | Starting: Task validation of required platforms.
2019-12-06 16:44:39.745 15 INFO rally.task.engine [-] Task a38cb504-469b-4d43-9a71-262dfaf88b68 | Completed: Task validation of required platforms.
2019-12-06 16:44:39.746 15 INFO rally.task.engine [-] Task a38cb504-469b-4d43-9a71-262dfaf88b68 | Starting: Task validation of semantic.
2019-12-06 16:44:39.746 15 INFO rally.task.engine [-] Check health of the environment '7083e741-6ec0-4de1-ae8b-28b410bba931'.
2019-12-06 16:44:40.151 15 INFO rally.task.engine [-] Platform existing@openstack (available: True): OK!
2019-12-06 16:44:40.165 15 RALLYDEBUG rally_openstack.contexts.keystone.users [-] Creating 1 tenants using 20 threads
2019-12-06 16:44:40.439 15 RALLYDEBUG rally_openstack.contexts.keystone.users [-] Creating 1 users using 20 threads
2019-12-06 16:44:40.872 15 INFO rally.task.context [-] Task a38cb504-469b-4d43-9a71-262dfaf88b68 | Context users@openstack setup() finished in 0.71 sec
2019-12-06 16:44:42.355 15 INFO rally.task.context [-] Task a38cb504-469b-4d43-9a71-262dfaf88b68 | Context users@openstack cleanup() started
2019-12-06 16:44:43.927 15 INFO rally.task.context [-] Task a38cb504-469b-4d43-9a71-262dfaf88b68 | Context users@openstack cleanup() finished in 1.57 sec
2019-12-06 16:44:43.927 15 INFO rally.task.engine [-] Task a38cb504-469b-4d43-9a71-262dfaf88b68 | Completed: Task validation of semantic.
2019-12-06 16:44:43.928 15 INFO rally.task.engine [-] Task a38cb504-469b-4d43-9a71-262dfaf88b68 | Completed: Task validation.
2019-12-06 16:44:43.928 15 INFO rally.api [-] Task a38cb504-469b-4d43-9a71-262dfaf88b68 input file is valid.
2019-12-06 16:44:43.928 15 INFO rally.api [-] Run Task a38cb504-469b-4d43-9a71-262dfaf88b68 against Deployment 7083e741-6ec0-4de1-ae8b-28b410bba931
2019-12-06 16:44:43.929 15 INFO rally.task.engine [-] Task a38cb504-469b-4d43-9a71-262dfaf88b68 | Starting: Running task.
2019-12-06 16:44:43.978 15 INFO rally.task.engine [-] Running workload: position = 0 config = { "version": 2, "title": "A cropped version of a bigger task.", "description": "Auto-generated task from a single workload (uuid=72067a0c-7ba8-4680-8b28-c10f319f1bc0)", "subtasks": [ { "title": "NeutronNetworks.create_and_list_networks", "description": "Check performance of list_networks action and ensure > network quotas are not exceeded", "scenario": { "NeutronNetworks.create_and_list_networks": {} }, "contexts": { "users": { "tenants": 1, "users_per_tenant": 1 }, "quotas": { "neutron": { "network": 119 } } }, "runner": { "constant": { "times": 100, "concurrency": 20 } }, "hooks": [], "sla": { "max_avg_duration_per_atomic": { "neutron.list_networks": 15 }, "failure_rate": { "max": 0 } } } ] }
2019-12-06 16:44:43.991 15 RALLYDEBUG rally_openstack.contexts.keystone.users [-] Creating 1 tenants using 20 threads
2019-12-06 16:44:44.320 15 RALLYDEBUG rally_openstack.contexts.keystone.users [-] Creating 1 users using 20 threads
2019-12-06 16:44:44.760 15 INFO rally.task.context [-] Task a38cb504-469b-4d43-9a71-262dfaf88b68 | Context users@openstack setup() finished in 0.77 sec
2019-12-06 16:44:45.185 15 INFO rally.task.context [-] Task a38cb504-469b-4d43-9a71-262dfaf88b68 | Context quotas@openstack setup() finished in 0.42 sec
2019-12-06 16:44:45.186 15 INFO rally.task.context [-] Task a38cb504-469b-4d43-9a71-262dfaf88b68 | Context cleanup@openstack setup() finished in 0.01 msec
2019-12-06 16:44:45.202 15 RALLYDEBUG rally.task.runner [-] Starting the constant runner (task UUID: a38cb504-469b-4d43-9a71-262dfaf88b68). timeout: 0 concurrency: 20 concurrency_per_worker: 1 times: 100 concurrency_overhead: 0 processes_to_start: 20 max_cpu_used: 88
2019-12-06 16:44:45.216 139 RALLYDEBUG rally.task.runner [-] Starting a worker. concurrency: 1 args: {} times: 100 method_name: run timeout: 0 duration: None cls:
2019-12-06 16:44:45.219 140 RALLYDEBUG rally.task.runner [-] Starting a worker. concurrency: 1 args: {} times: 100 method_name: run timeout: 0 duration: None cls:
2019-12-06 16:44:45.221 141 RALLYDEBUG rally.task.runner [-] Starting a worker. concurrency: 1 args: {} times: 100 method_name: run timeout: 0 duration: None cls:
2019-12-06 16:44:45.222 139 INFO rally.task.runner [-] Task a38cb504-469b-4d43-9a71-262dfaf88b68 | ITER: 1 START
2019-12-06 16:44:45.223 142 RALLYDEBUG rally.task.runner [-] Starting a worker. concurrency: 1 args: {} times: 100 method_name: run timeout: 0 duration: None cls:
2019-12-06 16:44:45.226 143 RALLYDEBUG rally.task.runner [-] Starting a worker. concurrency: 1 args: {} times: 100 method_name: run timeout: 0 duration: None cls:
2019-12-06 16:44:45.226 140 INFO rally.task.runner [-] Task a38cb504-469b-4d43-9a71-262dfaf88b68 | ITER: 2 START
2019-12-06 16:44:45.226 141 INFO rally.task.runner [-] Task a38cb504-469b-4d43-9a71-262dfaf88b68 | ITER: 3 START
2019-12-06 16:44:45.228 146 RALLYDEBUG rally.task.runner [-] Starting a worker. concurrency: 1 args: {} times: 100 method_name: run timeout: 0 duration: None cls:
2019-12-06 16:44:45.229 142 INFO rally.task.runner [-] Task a38cb504-469b-4d43-9a71-262dfaf88b68 | ITER: 4 START
2019-12-06 16:44:45.231 143 INFO rally.task.runner [-] Task a38cb504-469b-4d43-9a71-262dfaf88b68 | ITER: 5 START
2019-12-06 16:44:45.231 151 RALLYDEBUG rally.task.runner [-] Starting a worker. concurrency: 1 args: {} times: 100 method_name: run timeout: 0 duration: None cls:
2019-12-06 16:44:45.234 146 INFO rally.task.runner [-] Task a38cb504-469b-4d43-9a71-262dfaf88b68 | ITER: 6 START
2019-12-06 16:44:45.234 154 RALLYDEBUG rally.task.runner [-] Starting a worker. concurrency: 1 args: {} times: 100 method_name: run timeout: 0 duration: None cls:
2019-12-06 16:44:45.237 151 INFO rally.task.runner [-] Task a38cb504-469b-4d43-9a71-262dfaf88b68 | ITER: 7 START
2019-12-06 16:44:45.236 157 RALLYDEBUG rally.task.runner [-] Starting a worker. concurrency: 1 args: {} times: 100 method_name: run timeout: 0 duration: None cls:
2019-12-06 16:44:45.239 154 INFO rally.task.runner [-] Task a38cb504-469b-4d43-9a71-262dfaf88b68 | ITER: 8 START
2019-12-06 16:44:45.239 160 RALLYDEBUG rally.task.runner [-] Starting a worker. concurrency: 1 args: {} times: 100 method_name: run timeout: 0 duration: None cls:
2019-12-06 16:44:45.242 157 INFO rally.task.runner [-] Task a38cb504-469b-4d43-9a71-262dfaf88b68 | ITER: 9 START
2019-12-06 16:44:45.242 163 RALLYDEBUG rally.task.runner [-] Starting a worker. concurrency: 1 args: {} times: 100 method_name: run timeout: 0 duration: None cls:
2019-12-06 16:44:45.245 160 INFO rally.task.runner [-] Task a38cb504-469b-4d43-9a71-262dfaf88b68 | ITER: 10 START
2019-12-06 16:44:45.245 166 RALLYDEBUG rally.task.runner [-] Starting a worker. concurrency: 1 args: {} times: 100 method_name: run timeout: 0 duration: None cls:
2019-12-06 16:44:45.248 163 INFO rally.task.runner [-] Task a38cb504-469b-4d43-9a71-262dfaf88b68 | ITER: 11 START
2019-12-06 16:44:45.247 169 RALLYDEBUG rally.task.runner [-] Starting a worker. concurrency: 1 args: {} times: 100 method_name: run timeout: 0 duration: None cls:
2019-12-06 16:44:45.250 172 RALLYDEBUG rally.task.runner [-] Starting a worker. concurrency: 1 args: {} times: 100 method_name: run timeout: 0 duration: None cls:
2019-12-06 16:44:45.251 166 INFO rally.task.runner [-] Task a38cb504-469b-4d43-9a71-262dfaf88b68 | ITER: 12 START
2019-12-06 16:44:45.253 169 INFO rally.task.runner [-] Task a38cb504-469b-4d43-9a71-262dfaf88b68 | ITER: 13 START
2019-12-06 16:44:45.253 175 RALLYDEBUG rally.task.runner [-] Starting a worker. concurrency: 1 args: {} times: 100 method_name: run timeout: 0 duration: None cls:
2019-12-06 16:44:45.255 172 INFO rally.task.runner [-] Task a38cb504-469b-4d43-9a71-262dfaf88b68 | ITER: 14 START
2019-12-06 16:44:45.256 178 RALLYDEBUG rally.task.runner [-] Starting a worker. concurrency: 1 args: {} times: 100 method_name: run timeout: 0 duration: None cls:
2019-12-06 16:44:45.259 175 INFO rally.task.runner [-] Task a38cb504-469b-4d43-9a71-262dfaf88b68 | ITER: 15 START
2019-12-06 16:44:45.258 181 RALLYDEBUG rally.task.runner [-] Starting a worker. concurrency: 1 args: {} times: 100 method_name: run timeout: 0 duration: None cls:
2019-12-06 16:44:45.261 184 RALLYDEBUG rally.task.runner [-] Starting a worker. concurrency: 1 args: {} times: 100 method_name: run timeout: 0 duration: None cls:
2019-12-06 16:44:45.261 178 INFO rally.task.runner [-] Task a38cb504-469b-4d43-9a71-262dfaf88b68 | ITER: 16 START
2019-12-06 16:44:45.264 187 RALLYDEBUG rally.task.runner [-] Starting a worker. concurrency: 1 args: {} times: 100 method_name: run timeout: 0 duration: None cls:
2019-12-06 16:44:45.265 190 RALLYDEBUG rally.task.runner [-] Starting a worker. concurrency: 1 args: {} times: 100 method_name: run timeout: 0 duration: None cls:
2019-12-06 16:44:45.267 181 INFO rally.task.runner [-] Task a38cb504-469b-4d43-9a71-262dfaf88b68 | ITER: 17 START
2019-12-06 16:44:45.269 184 INFO rally.task.runner [-] Task a38cb504-469b-4d43-9a71-262dfaf88b68 | ITER: 18 START
2019-12-06 16:44:45.272 190 INFO rally.task.runner [-] Task a38cb504-469b-4d43-9a71-262dfaf88b68 | ITER: 20 START
2019-12-06 16:44:45.272 187 INFO rally.task.runner [-] Task a38cb504-469b-4d43-9a71-262dfaf88b68 | ITER: 19 START
2019-12-06 16:44:47.539 139 INFO rally.task.runner [-] Task a38cb504-469b-4d43-9a71-262dfaf88b68 | ITER: 1 END: OK
2019-12-06 16:44:47.543 139 INFO rally.task.runner [-] Task a38cb504-469b-4d43-9a71-262dfaf88b68 | ITER: 21 START
2019-12-06 16:44:48.214 172 INFO rally.task.runner [-] Task a38cb504-469b-4d43-9a71-262dfaf88b68 | ITER: 14 END: OK
2019-12-06 16:44:48.219 172 INFO rally.task.runner [-] Task a38cb504-469b-4d43-9a71-262dfaf88b68 | ITER: 22 START
2019-12-06 16:44:48.663 141 INFO rally.task.runner [-] Task a38cb504-469b-4d43-9a71-262dfaf88b68 | ITER: 3 END: OK
2019-12-06 16:44:48.668 141 INFO rally.task.runner [-] Task a38cb504-469b-4d43-9a71-262dfaf88b68 | ITER: 23 START
2019-12-06 16:44:50.107 142 INFO rally.task.runner [-] Task a38cb504-469b-4d43-9a71-262dfaf88b68 | ITER: 4 END: OK
2019-12-06 16:44:50.111 142 INFO rally.task.runner [-] Task a38cb504-469b-4d43-9a71-262dfaf88b68 | ITER: 24 START
2019-12-06 16:44:50.170 160 INFO rally.task.runner [-] Task a38cb504-469b-4d43-9a71-262dfaf88b68 | ITER: 10 END: OK
2019-12-06 16:44:50.175 160 INFO rally.task.runner [-] Task a38cb504-469b-4d43-9a71-262dfaf88b68 | ITER: 25 START
2019-12-06 16:44:50.192 190 INFO rally.task.runner [-] Task a38cb504-469b-4d43-9a71-262dfaf88b68 | ITER: 20 END: OK
2019-12-06 16:44:50.197 190 INFO rally.task.runner [-] Task a38cb504-469b-4d43-9a71-262dfaf88b68 | ITER: 26 START
2019-12-06 16:44:50.245 178 INFO rally.task.runner [-] Task a38cb504-469b-4d43-9a71-262dfaf88b68 | ITER: 16 END: OK
2019-12-06 16:44:50.250 178 INFO rally.task.runner [-] Task a38cb504-469b-4d43-9a71-262dfaf88b68 | ITER: 27 START
2019-12-06 16:44:50.509 143 INFO rally.task.runner [-] Task a38cb504-469b-4d43-9a71-262dfaf88b68 | ITER: 5 END: OK
2019-12-06 16:44:50.513 143 INFO rally.task.runner [-] Task a38cb504-469b-4d43-9a71-262dfaf88b68 | ITER: 28 START
2019-12-06 16:44:50.590 157 INFO rally.task.runner [-] Task a38cb504-469b-4d43-9a71-262dfaf88b68 | ITER: 9 END: OK
2019-12-06 16:44:50.595 157 INFO rally.task.runner [-] Task a38cb504-469b-4d43-9a71-262dfaf88b68 | ITER: 29 START
2019-12-06 16:44:50.787 184 INFO rally.task.runner [-] Task a38cb504-469b-4d43-9a71-262dfaf88b68 | ITER: 18 END: OK
2019-12-06 16:44:50.792 184 INFO rally.task.runner [-] Task a38cb504-469b-4d43-9a71-262dfaf88b68 | ITER: 30 START
2019-12-06 16:44:50.923 154 INFO rally.task.runner [-] Task a38cb504-469b-4d43-9a71-262dfaf88b68 | ITER: 8 END: OK
2019-12-06 16:44:50.928 154 INFO rally.task.runner [-] Task a38cb504-469b-4d43-9a71-262dfaf88b68 | ITER: 31 START
2019-12-06 16:44:51.994 169 INFO rally.task.runner [-] Task a38cb504-469b-4d43-9a71-262dfaf88b68 | ITER: 13 END: OK
2019-12-06 16:44:51.998 169 INFO rally.task.runner [-] Task a38cb504-469b-4d43-9a71-262dfaf88b68 | ITER: 32 START
2019-12-06 16:44:52.000 175 INFO rally.task.runner [-] Task a38cb504-469b-4d43-9a71-262dfaf88b68 | ITER: 15 END: OK
2019-12-06 16:44:52.005 175 INFO rally.task.runner [-] Task a38cb504-469b-4d43-9a71-262dfaf88b68 | ITER: 33 START
2019-12-06 16:44:52.148 181 INFO rally.task.runner [-] Task a38cb504-469b-4d43-9a71-262dfaf88b68 | ITER: 17 END: OK
2019-12-06 16:44:52.153 181 INFO rally.task.runner [-] Task a38cb504-469b-4d43-9a71-262dfaf88b68 | ITER: 34 START
2019-12-06 16:44:52.841 151 INFO rally.task.runner [-] Task a38cb504-469b-4d43-9a71-262dfaf88b68 | ITER: 7 END: OK
2019-12-06 16:44:52.845 151 INFO rally.task.runner [-] Task a38cb504-469b-4d43-9a71-262dfaf88b68 | ITER: 35 START
2019-12-06 16:44:53.150 140 INFO rally.task.runner [-] Task a38cb504-469b-4d43-9a71-262dfaf88b68 | ITER: 2 END: OK
2019-12-06 16:44:53.155 140 INFO rally.task.runner [-] Task a38cb504-469b-4d43-9a71-262dfaf88b68 | ITER: 36 START
2019-12-06 16:44:53.378 163 INFO rally.task.runner [-] Task a38cb504-469b-4d43-9a71-262dfaf88b68 | ITER: 11 END: OK
2019-12-06 16:44:53.384 163 INFO rally.task.runner [-] Task a38cb504-469b-4d43-9a71-262dfaf88b68 | ITER: 37 START
2019-12-06 16:44:54.335 157 INFO rally.task.runner [-] Task a38cb504-469b-4d43-9a71-262dfaf88b68 | ITER: 29 END: OK
2019-12-06 16:44:54.339 157 INFO rally.task.runner [-] Task a38cb504-469b-4d43-9a71-262dfaf88b68 | ITER: 38 START
2019-12-06 16:44:54.410 143 INFO rally.task.runner [-] Task a38cb504-469b-4d43-9a71-262dfaf88b68 | ITER: 28 END: OK
2019-12-06 16:44:54.414 143 INFO rally.task.runner [-] Task a38cb504-469b-4d43-9a71-262dfaf88b68 | ITER: 39 START
2019-12-06 16:44:55.147 166 INFO rally.task.runner [-] Task a38cb504-469b-4d43-9a71-262dfaf88b68 | ITER: 12 END: OK
2019-12-06 16:44:55.152 166 INFO rally.task.runner [-] Task a38cb504-469b-4d43-9a71-262dfaf88b68 | ITER: 40 START
2019-12-06 16:44:55.251 139 INFO rally.task.runner [-] Task a38cb504-469b-4d43-9a71-262dfaf88b68 | ITER: 21 END: OK
2019-12-06 16:44:55.254 139 INFO rally.task.runner [-] Task a38cb504-469b-4d43-9a71-262dfaf88b68 | ITER: 41 START
2019-12-06 16:44:55.418 187 INFO rally.task.runner [-] Task a38cb504-469b-4d43-9a71-262dfaf88b68 | ITER: 19 END: OK
2019-12-06 16:44:55.422 187 INFO rally.task.runner [-] Task a38cb504-469b-4d43-9a71-262dfaf88b68 | ITER: 42 START
2019-12-06 16:44:55.422 146 INFO rally.task.runner [-] Task a38cb504-469b-4d43-9a71-262dfaf88b68 | ITER: 6 END: OK
2019-12-06 16:44:55.427 146 INFO rally.task.runner [-] Task a38cb504-469b-4d43-9a71-262dfaf88b68 | ITER: 43 START
2019-12-06 16:44:55.438 172 INFO rally.task.runner [-] Task a38cb504-469b-4d43-9a71-262dfaf88b68 | ITER: 22 END: OK
2019-12-06 16:44:55.441 172 INFO rally.task.runner [-] Task a38cb504-469b-4d43-9a71-262dfaf88b68 | ITER: 44 START
2019-12-06 16:44:55.500 141 INFO rally.task.runner [-] Task a38cb504-469b-4d43-9a71-262dfaf88b68 | ITER: 23 END: OK
2019-12-06 16:44:55.504 141 INFO rally.task.runner [-] Task a38cb504-469b-4d43-9a71-262dfaf88b68 | ITER: 45 START
2019-12-06 16:44:56.673 190 INFO rally.task.runner [-] Task a38cb504-469b-4d43-9a71-262dfaf88b68 | ITER: 26 END: OK
2019-12-06 16:44:56.676 190 INFO rally.task.runner [-] Task a38cb504-469b-4d43-9a71-262dfaf88b68 | ITER: 46 START
2019-12-06 16:44:56.695 142 INFO rally.task.runner [-] Task a38cb504-469b-4d43-9a71-262dfaf88b68 | ITER: 24 END: OK
2019-12-06 16:44:56.698 142 INFO rally.task.runner [-] Task a38cb504-469b-4d43-9a71-262dfaf88b68 | ITER: 47 START
2019-12-06 16:44:56.712 154 INFO rally.task.runner [-] Task a38cb504-469b-4d43-9a71-262dfaf88b68 | ITER: 31 END: OK
2019-12-06 16:44:56.716 154 INFO rally.task.runner [-] Task a38cb504-469b-4d43-9a71-262dfaf88b68 | ITER: 48 START
2019-12-06 16:44:57.120 184 INFO rally.task.runner [-] Task a38cb504-469b-4d43-9a71-262dfaf88b68 | ITER: 30 END: OK
2019-12-06 16:44:57.124 184 INFO rally.task.runner [-] Task a38cb504-469b-4d43-9a71-262dfaf88b68 | ITER: 49 START
2019-12-06 16:44:57.169 178 INFO rally.task.runner [-] Task a38cb504-469b-4d43-9a71-262dfaf88b68 | ITER: 27 END: OK
2019-12-06 16:44:57.173 178 INFO rally.task.runner [-] Task a38cb504-469b-4d43-9a71-262dfaf88b68 | ITER: 50 START
2019-12-06 16:44:58.555 169 INFO rally.task.runner [-] Task a38cb504-469b-4d43-9a71-262dfaf88b68 | ITER: 32 END: OK
2019-12-06 16:44:58.558 169 INFO rally.task.runner [-] Task a38cb504-469b-4d43-9a71-262dfaf88b68 | ITER: 51 START
2019-12-06 16:44:59.560 181 INFO rally.task.runner [-] Task a38cb504-469b-4d43-9a71-262dfaf88b68 | ITER: 34 END: OK
2019-12-06 16:44:59.564 181 INFO rally.task.runner [-] Task a38cb504-469b-4d43-9a71-262dfaf88b68 | ITER: 52 START
2019-12-06 16:44:59.839 160 INFO rally.task.runner [-] Task a38cb504-469b-4d43-9a71-262dfaf88b68 | ITER: 25 END: OK
2019-12-06 16:44:59.842 160 INFO rally.task.runner [-] Task a38cb504-469b-4d43-9a71-262dfaf88b68 | ITER: 53 START
2019-12-06 16:45:00.112 175 INFO rally.task.runner [-] Task a38cb504-469b-4d43-9a71-262dfaf88b68 | ITER: 33 END: OK
2019-12-06 16:45:00.115 175 INFO rally.task.runner [-] Task a38cb504-469b-4d43-9a71-262dfaf88b68 | ITER: 54 START
2019-12-06 16:45:00.211 163 INFO rally.task.runner [-] Task a38cb504-469b-4d43-9a71-262dfaf88b68 | ITER: 37 END: OK
2019-12-06 16:45:00.215 163 INFO rally.task.runner [-] Task a38cb504-469b-4d43-9a71-262dfaf88b68 | ITER: 55 START
2019-12-06 16:45:00.423 140 INFO rally.task.runner [-] Task a38cb504-469b-4d43-9a71-262dfaf88b68 | ITER: 36 END: OK
2019-12-06 16:45:00.427 140 INFO rally.task.runner [-] Task a38cb504-469b-4d43-9a71-262dfaf88b68 | ITER: 56 START
2019-12-06 16:45:00.430 157 INFO rally.task.runner [-] Task a38cb504-469b-4d43-9a71-262dfaf88b68 | ITER: 38 END: OK
2019-12-06 16:45:00.434 157 INFO rally.task.runner [-] Task a38cb504-469b-4d43-9a71-262dfaf88b68 | ITER: 57 START
2019-12-06 16:45:00.455 143 INFO rally.task.runner [-] Task a38cb504-469b-4d43-9a71-262dfaf88b68 | ITER: 39 END: OK
2019-12-06 16:45:00.459 143 INFO rally.task.runner [-] Task a38cb504-469b-4d43-9a71-262dfaf88b68 | ITER: 58 START
2019-12-06 16:45:00.475 166 INFO rally.task.runner [-] Task a38cb504-469b-4d43-9a71-262dfaf88b68 | ITER: 40 END: OK
2019-12-06 16:45:00.479 166 INFO rally.task.runner [-] Task a38cb504-469b-4d43-9a71-262dfaf88b68 | ITER: 59 START
2019-12-06 16:45:00.672 139 INFO rally.task.runner [-] Task a38cb504-469b-4d43-9a71-262dfaf88b68 | ITER: 41 END: OK
2019-12-06 16:45:00.675 146 INFO rally.task.runner [-] Task a38cb504-469b-4d43-9a71-262dfaf88b68 | ITER: 43 END: OK
2019-12-06 16:45:00.676 139 INFO rally.task.runner [-] Task a38cb504-469b-4d43-9a71-262dfaf88b68 | ITER: 60 START
2019-12-06 16:45:00.678 146 INFO rally.task.runner [-] Task a38cb504-469b-4d43-9a71-262dfaf88b68 | ITER: 61 START
2019-12-06 16:45:00.822 172 INFO rally.task.runner [-] Task a38cb504-469b-4d43-9a71-262dfaf88b68 | ITER: 44 END: OK
2019-12-06 16:45:00.825 172 INFO rally.task.runner [-] Task a38cb504-469b-4d43-9a71-262dfaf88b68 | ITER: 62 START
2019-12-06 16:45:02.353 178 INFO rally.task.runner [-] Task a38cb504-469b-4d43-9a71-262dfaf88b68 | ITER: 50 END: OK
2019-12-06 16:45:02.356 178 INFO rally.task.runner [-] Task a38cb504-469b-4d43-9a71-262dfaf88b68 | ITER: 63 START
2019-12-06 16:45:02.646 151 INFO rally.task.runner [-] Task a38cb504-469b-4d43-9a71-262dfaf88b68 | ITER: 35 END: OK
2019-12-06 16:45:02.650 151 INFO rally.task.runner [-] Task a38cb504-469b-4d43-9a71-262dfaf88b68 | ITER: 64 START
2019-12-06 16:45:02.708 160 INFO rally.task.runner [-] Task a38cb504-469b-4d43-9a71-262dfaf88b68 | ITER: 53 END: OK
2019-12-06 16:45:02.712 181 INFO rally.task.runner [-] Task a38cb504-469b-4d43-9a71-262dfaf88b68 | ITER: 52 END: OK
2019-12-06 16:45:02.712 160 INFO rally.task.runner [-] Task a38cb504-469b-4d43-9a71-262dfaf88b68 | ITER: 65 START
2019-12-06 16:45:02.715 181 INFO rally.task.runner [-] Task a38cb504-469b-4d43-9a71-262dfaf88b68 | ITER: 66 START
2019-12-06 16:45:03.046 187 INFO rally.task.runner [-] Task a38cb504-469b-4d43-9a71-262dfaf88b68 | ITER: 42 END: OK
2019-12-06 16:45:03.050 187 INFO rally.task.runner [-] Task a38cb504-469b-4d43-9a71-262dfaf88b68 | ITER: 67 START
2019-12-06 16:45:03.687 141 INFO rally.task.runner [-] Task a38cb504-469b-4d43-9a71-262dfaf88b68 | ITER: 45 END: OK
2019-12-06 16:45:03.691 141 INFO rally.task.runner [-] Task a38cb504-469b-4d43-9a71-262dfaf88b68 | ITER: 68 START
2019-12-06 16:45:03.946 142 INFO rally.task.runner [-] Task a38cb504-469b-4d43-9a71-262dfaf88b68 | ITER: 47 END: OK
2019-12-06 16:45:03.950 142 INFO rally.task.runner [-] Task a38cb504-469b-4d43-9a71-262dfaf88b68 | ITER: 69 START
2019-12-06 16:45:04.520 163 INFO rally.task.runner [-] Task a38cb504-469b-4d43-9a71-262dfaf88b68 | ITER: 55 END: OK
2019-12-06 16:45:04.524 163 INFO rally.task.runner [-] Task a38cb504-469b-4d43-9a71-262dfaf88b68 | ITER: 70 START
2019-12-06 16:45:04.587 184 INFO rally.task.runner [-] Task a38cb504-469b-4d43-9a71-262dfaf88b68 | ITER: 49 END: OK
2019-12-06 16:45:04.591 184 INFO rally.task.runner [-] Task a38cb504-469b-4d43-9a71-262dfaf88b68 | ITER: 71 START
2019-12-06 16:45:04.759 154 INFO rally.task.runner [-] Task a38cb504-469b-4d43-9a71-262dfaf88b68 | ITER: 48 END: OK
2019-12-06 16:45:04.763 154 INFO rally.task.runner [-] Task a38cb504-469b-4d43-9a71-262dfaf88b68 | ITER: 72 START
2019-12-06 16:45:04.786 140 INFO rally.task.runner [-] Task a38cb504-469b-4d43-9a71-262dfaf88b68 | ITER: 56 END: OK
2019-12-06 16:45:04.790 140 INFO rally.task.runner [-] Task a38cb504-469b-4d43-9a71-262dfaf88b68 | ITER: 73 START
2019-12-06 16:45:04.967 175 INFO rally.task.runner [-] Task a38cb504-469b-4d43-9a71-262dfaf88b68 | ITER: 54 END: OK
2019-12-06 16:45:04.970 175 INFO rally.task.runner [-] Task a38cb504-469b-4d43-9a71-262dfaf88b68 | ITER: 74 START
2019-12-06 16:45:05.612 169 INFO rally.task.runner [-] Task a38cb504-469b-4d43-9a71-262dfaf88b68 | ITER: 51 END: OK
2019-12-06 16:45:05.616 169 INFO rally.task.runner [-] Task a38cb504-469b-4d43-9a71-262dfaf88b68 | ITER: 75 START
2019-12-06 16:45:05.930 190 INFO rally.task.runner [-] Task a38cb504-469b-4d43-9a71-262dfaf88b68 | ITER: 46 END: OK
2019-12-06 16:45:05.932 143 INFO rally.task.runner [-] Task a38cb504-469b-4d43-9a71-262dfaf88b68 | ITER: 58 END: OK
2019-12-06 16:45:05.934 190 INFO rally.task.runner [-] Task a38cb504-469b-4d43-9a71-262dfaf88b68 | ITER: 76 START
2019-12-06 16:45:05.936 143 INFO rally.task.runner [-] Task a38cb504-469b-4d43-9a71-262dfaf88b68 | ITER: 77 START
2019-12-06 16:45:05.957 157 INFO rally.task.runner [-] Task a38cb504-469b-4d43-9a71-262dfaf88b68 | ITER: 57 END: OK
2019-12-06 16:45:05.960 157 INFO rally.task.runner [-] Task a38cb504-469b-4d43-9a71-262dfaf88b68 | ITER: 78 START
2019-12-06 16:45:07.560 166 INFO rally.task.runner [-] Task a38cb504-469b-4d43-9a71-262dfaf88b68 | ITER: 59 END: OK
2019-12-06 16:45:07.564 166 INFO rally.task.runner [-] Task a38cb504-469b-4d43-9a71-262dfaf88b68 | ITER: 79 START
2019-12-06 16:45:08.310 178 INFO rally.task.runner [-] Task a38cb504-469b-4d43-9a71-262dfaf88b68 | ITER: 63 END: OK
2019-12-06 16:45:08.314 178 INFO rally.task.runner [-] Task a38cb504-469b-4d43-9a71-262dfaf88b68 | ITER: 80 START
2019-12-06 16:45:08.376 139 INFO rally.task.runner [-] Task a38cb504-469b-4d43-9a71-262dfaf88b68 | ITER: 60 END: OK
2019-12-06 16:45:08.380 139 INFO rally.task.runner [-] Task a38cb504-469b-4d43-9a71-262dfaf88b68 | ITER: 81 START
2019-12-06 16:45:08.381 187 INFO rally.task.runner [-] Task a38cb504-469b-4d43-9a71-262dfaf88b68 | ITER: 67 END: OK
2019-12-06 16:45:08.385 187 INFO rally.task.runner [-] Task a38cb504-469b-4d43-9a71-262dfaf88b68 | ITER: 82 START
2019-12-06 16:45:08.645 172 INFO rally.task.runner [-] Task a38cb504-469b-4d43-9a71-262dfaf88b68 | ITER: 62 END: OK
2019-12-06 16:45:08.648 181 INFO rally.task.runner [-] Task a38cb504-469b-4d43-9a71-262dfaf88b68 | ITER: 66 END: OK
2019-12-06 16:45:08.649 172 INFO rally.task.runner [-] Task a38cb504-469b-4d43-9a71-262dfaf88b68 | ITER: 83 START
2019-12-06 16:45:08.651 181 INFO rally.task.runner [-] Task a38cb504-469b-4d43-9a71-262dfaf88b68 | ITER: 84 START
2019-12-06 16:45:09.025 141 INFO rally.task.runner [-] Task a38cb504-469b-4d43-9a71-262dfaf88b68 | ITER: 68 END: OK
2019-12-06 16:45:09.028 141 INFO rally.task.runner [-] Task a38cb504-469b-4d43-9a71-262dfaf88b68 | ITER: 85 START
2019-12-06 16:45:09.667 146 INFO rally.task.runner [-] Task a38cb504-469b-4d43-9a71-262dfaf88b68 | ITER: 61 END: OK
2019-12-06 16:45:09.671 146 INFO rally.task.runner [-] Task a38cb504-469b-4d43-9a71-262dfaf88b68 | ITER: 86 START
2019-12-06 16:45:10.242 160 INFO rally.task.runner [-] Task a38cb504-469b-4d43-9a71-262dfaf88b68 | ITER: 65 END: OK
2019-12-06 16:45:10.246 160 INFO rally.task.runner [-] Task a38cb504-469b-4d43-9a71-262dfaf88b68 | ITER: 87 START
2019-12-06 16:45:11.688 163 INFO rally.task.runner [-] Task a38cb504-469b-4d43-9a71-262dfaf88b68 | ITER: 70 END: OK
2019-12-06 16:45:11.692 163 INFO rally.task.runner [-] Task a38cb504-469b-4d43-9a71-262dfaf88b68 | ITER: 88 START
2019-12-06 16:45:11.754 157 INFO rally.task.runner [-] Task a38cb504-469b-4d43-9a71-262dfaf88b68 | ITER: 78 END: OK
2019-12-06 16:45:11.758 157 INFO rally.task.runner [-] Task a38cb504-469b-4d43-9a71-262dfaf88b68 | ITER: 89 START
2019-12-06 16:45:11.999 140 INFO rally.task.runner [-] Task a38cb504-469b-4d43-9a71-262dfaf88b68 | ITER: 73 END: OK
2019-12-06 16:45:12.003 140 INFO rally.task.runner [-] Task a38cb504-469b-4d43-9a71-262dfaf88b68 | ITER: 90 START
2019-12-06 16:45:12.045 154 INFO rally.task.runner [-] Task a38cb504-469b-4d43-9a71-262dfaf88b68 | ITER: 72 END: OK
2019-12-06 16:45:12.048 154 INFO rally.task.runner [-] Task a38cb504-469b-4d43-9a71-262dfaf88b68 | ITER: 91 START
2019-12-06 16:45:12.068 143 INFO rally.task.runner [-] Task a38cb504-469b-4d43-9a71-262dfaf88b68 | ITER: 77 END: OK
2019-12-06 16:45:12.072 143 INFO rally.task.runner [-] Task a38cb504-469b-4d43-9a71-262dfaf88b68 | ITER: 92 START
2019-12-06 16:45:12.146 190 INFO rally.task.runner [-] Task a38cb504-469b-4d43-9a71-262dfaf88b68 | ITER: 76 END: OK
2019-12-06 16:45:12.149 190 INFO rally.task.runner [-] Task a38cb504-469b-4d43-9a71-262dfaf88b68 | ITER: 93 START
2019-12-06 16:45:12.323 142 INFO rally.task.runner [-] Task a38cb504-469b-4d43-9a71-262dfaf88b68 | ITER: 69 END: OK
2019-12-06 16:45:12.328 142 INFO rally.task.runner [-] Task a38cb504-469b-4d43-9a71-262dfaf88b68 | ITER: 94 START
2019-12-06 16:45:12.334 141 INFO rally.task.runner [-] Task a38cb504-469b-4d43-9a71-262dfaf88b68 | ITER: 85 END: OK
2019-12-06 16:45:12.338 141 INFO rally.task.runner [-] Task a38cb504-469b-4d43-9a71-262dfaf88b68 | ITER: 95 START
2019-12-06 16:45:13.044 169 INFO rally.task.runner [-] Task a38cb504-469b-4d43-9a71-262dfaf88b68 | ITER: 75 END: OK
2019-12-06 16:45:13.050 169 INFO rally.task.runner [-] Task a38cb504-469b-4d43-9a71-262dfaf88b68 | ITER: 96 START
2019-12-06 16:45:13.396 184 INFO rally.task.runner [-] Task a38cb504-469b-4d43-9a71-262dfaf88b68 | ITER: 71 END: OK
2019-12-06 16:45:13.400 184 INFO rally.task.runner [-] Task a38cb504-469b-4d43-9a71-262dfaf88b68 | ITER: 97 START
2019-12-06 16:45:13.408 181 INFO rally.task.runner [-] Task a38cb504-469b-4d43-9a71-262dfaf88b68 | ITER: 84 END: OK
2019-12-06 16:45:13.411 181 INFO rally.task.runner [-] Task a38cb504-469b-4d43-9a71-262dfaf88b68 | ITER: 98 START
2019-12-06 16:45:13.432 151 INFO rally.task.runner [-] Task a38cb504-469b-4d43-9a71-262dfaf88b68 | ITER: 64 END: OK
2019-12-06 16:45:13.438 151 INFO rally.task.runner [-] Task a38cb504-469b-4d43-9a71-262dfaf88b68 | ITER: 99 START
2019-12-06 16:45:13.616 175 INFO rally.task.runner [-] Task a38cb504-469b-4d43-9a71-262dfaf88b68 | ITER: 74 END: OK
2019-12-06 16:45:13.620 175 INFO rally.task.runner [-] Task a38cb504-469b-4d43-9a71-262dfaf88b68 | ITER: 100 START
2019-12-06 16:45:13.974 146 INFO rally.task.runner [-] Task a38cb504-469b-4d43-9a71-262dfaf88b68 | ITER: 86 END: OK
2019-12-06 16:45:14.151 139 INFO rally.task.runner [-] Task a38cb504-469b-4d43-9a71-262dfaf88b68 | ITER: 81 END: OK
2019-12-06 16:45:15.086 187 INFO rally.task.runner [-] Task a38cb504-469b-4d43-9a71-262dfaf88b68 | ITER: 82 END: OK
2019-12-06 16:45:15.250 166 INFO rally.task.runner [-] Task a38cb504-469b-4d43-9a71-262dfaf88b68 | ITER: 79 END: OK
2019-12-06 16:45:16.443 140 INFO rally.task.runner [-] Task a38cb504-469b-4d43-9a71-262dfaf88b68 | ITER: 90 END: OK
2019-12-06 16:45:16.450 143 INFO rally.task.runner [-] Task a38cb504-469b-4d43-9a71-262dfaf88b68 | ITER: 92 END: OK
2019-12-06 16:45:18.439 141 INFO rally.task.runner [-] Task a38cb504-469b-4d43-9a71-262dfaf88b68 | ITER: 95 END: OK
2019-12-06 16:45:19.150 190 INFO rally.task.runner [-] Task a38cb504-469b-4d43-9a71-262dfaf88b68 | ITER: 93 END: OK
2019-12-06 16:45:19.152 172 INFO rally.task.runner [-] Task a38cb504-469b-4d43-9a71-262dfaf88b68 | ITER: 83 END: OK
2019-12-06 16:45:19.378 151 INFO rally.task.runner [-] Task a38cb504-469b-4d43-9a71-262dfaf88b68 | ITER: 99 END: OK
2019-12-06 16:45:19.389 178 INFO rally.task.runner [-] Task a38cb504-469b-4d43-9a71-262dfaf88b68 | ITER: 80 END: OK
2019-12-06 16:45:19.564 154 INFO rally.task.runner [-] Task a38cb504-469b-4d43-9a71-262dfaf88b68 | ITER: 91 END: OK
2019-12-06 16:45:19.567 160 INFO rally.task.runner [-] Task a38cb504-469b-4d43-9a71-262dfaf88b68 | ITER: 87 END: OK
2019-12-06 16:45:19.567 157 INFO rally.task.runner [-] Task a38cb504-469b-4d43-9a71-262dfaf88b68 | ITER: 89 END: OK
2019-12-06 16:45:19.573 142 INFO rally.task.runner [-] Task a38cb504-469b-4d43-9a71-262dfaf88b68 | ITER: 94 END: OK
2019-12-06 16:45:19.618 169 INFO rally.task.runner [-] Task a38cb504-469b-4d43-9a71-262dfaf88b68 | ITER: 96 END: OK
2019-12-06 16:45:19.646 163 INFO rally.task.runner [-] Task a38cb504-469b-4d43-9a71-262dfaf88b68 | ITER: 88 END: OK
2019-12-06 16:45:19.901 181 INFO rally.task.runner [-] Task a38cb504-469b-4d43-9a71-262dfaf88b68 | ITER: 98 END: OK
2019-12-06 16:45:20.382 184 INFO rally.task.runner [-] Task a38cb504-469b-4d43-9a71-262dfaf88b68 | ITER: 97 END: OK
2019-12-06 16:45:20.682 175 INFO rally.task.runner [-] Task a38cb504-469b-4d43-9a71-262dfaf88b68 | ITER: 100 END: OK
2019-12-06 16:45:20.708 15 INFO rally.task.context [-] Task a38cb504-469b-4d43-9a71-262dfaf88b68 | Context cleanup@openstack cleanup() started
2019-12-06 16:45:20.711 15 RALLYDEBUG rally_openstack.cleanup.manager [-] Cleaning up neutron vip objects
2019-12-06 16:45:20.931 15 RALLYDEBUG rally_openstack.cleanup.manager [-] Cleaning up neutron health_monitor objects
2019-12-06 16:45:21.147 15 RALLYDEBUG rally_openstack.cleanup.manager [-] Cleaning up neutron pool objects
2019-12-06 16:45:21.358 15 RALLYDEBUG rally_openstack.cleanup.manager [-] Cleaning up neutron loadbalancer objects
2019-12-06 16:45:21.556 15 RALLYDEBUG rally_openstack.cleanup.manager [-] Cleaning up neutron floatingip objects
2019-12-06 16:45:21.799 15 RALLYDEBUG rally_openstack.cleanup.manager [-] Cleaning up neutron trunk objects
2019-12-06 16:45:22.004 15 DEBUG neutronclient.v2_0.client [-] Error message: {"message": "The resource could not be found.

\n\n\n", "code": "404 Not Found", "title": "Not Found"} _handle_fault_response /usr/lib/python2.7/site-packages/neutronclient/v2_0/client.py:259
2019-12-06 16:45:22.014 15 RALLYDEBUG rally_openstack.cleanup.manager [-] Cleaning up neutron port objects
2019-12-06 16:45:22.273 15 RALLYDEBUG rally_openstack.cleanup.manager [-] Cleaning up neutron subnet objects
2019-12-06 16:45:22.557 15 RALLYDEBUG rally_openstack.cleanup.manager [-] Cleaning up neutron network objects
2019-12-06 16:45:23.237 15 RALLYDEBUG rally_openstack.cleanup.manager [-] Deleting neutron.network object s_rally_72067a0c_moSgyQKj (05edaa45-f536-4d23-a19d-da0bb893548f)
2019-12-06 16:45:23.245 15 RALLYDEBUG rally_openstack.cleanup.manager [-] Deleting neutron.network object s_rally_72067a0c_3H0O3SKw (09917d7e-e0e8-4acf-9df0-fd7cf7661ab6)
2019-12-06 16:45:23.246 15 RALLYDEBUG rally_openstack.cleanup.manager [-] Deleting neutron.network object s_rally_72067a0c_ea7FP4Jl (0b9e87c2-5427-4eaa-bbb5-d8329deb1a9c)
2019-12-06 16:45:23.248 15 RALLYDEBUG rally_openstack.cleanup.manager [-] Deleting neutron.network object s_rally_72067a0c_EG6SOWz7 (0c19addf-09bd-489b-acbf-4544afa4ac13)
2019-12-06 16:45:23.252 15 RALLYDEBUG rally_openstack.cleanup.manager [-] Deleting neutron.network object s_rally_72067a0c_1c9OWAny (05a101e3-0910-465c-96ad-cd81918a7ef3)
2019-12-06 16:45:23.255 15 RALLYDEBUG rally_openstack.cleanup.manager [-] Deleting neutron.network object s_rally_72067a0c_XKW2GjU6 (0051e83f-994e-4182-8764-916aba5dd0e5)
2019-12-06 16:45:23.297 15 RALLYDEBUG rally_openstack.cleanup.manager [-] Deleting neutron.network object s_rally_72067a0c_Qr0FDfvC (0f48cafc-977a-4c37-8e6a-2d8e2cda0dee)
2019-12-06 16:45:23.299 15 RALLYDEBUG rally_openstack.cleanup.manager [-] Deleting neutron.network object s_rally_72067a0c_v7475jWy (011f6c72-0e5d-4a90-87a7-017f768da588)
2019-12-06 16:45:23.321 15 RALLYDEBUG rally_openstack.cleanup.manager [-] Deleting neutron.network object s_rally_72067a0c_iUUTbrol (0cf6ebfa-1849-49cf-8584-efb6a3629ced)
2019-12-06 16:45:23.335 15 RALLYDEBUG rally_openstack.cleanup.manager [-] Deleting neutron.network object s_rally_72067a0c_lIpEovCt (18ecffa4-ea77-429e-ab6b-b8e8b167bb88)
2019-12-06 16:45:23.336 15 RALLYDEBUG rally_openstack.cleanup.manager [-] Deleting neutron.network object s_rally_72067a0c_mCop4PzQ (264c7584-db22-42fe-bae9-7ca9a4b87a66)
2019-12-06 16:45:23.341 15 RALLYDEBUG rally_openstack.cleanup.manager [-] Deleting neutron.network object s_rally_72067a0c_5NcOzdLD (12391135-e7e9-4056-9083-2d9d2fb124a0)
2019-12-06 16:45:23.363 15 RALLYDEBUG rally_openstack.cleanup.manager [-] Deleting neutron.network object s_rally_72067a0c_RMq8ZEyx (315267c5-3081-4e09-b828-79cc2c97eb44)
2019-12-06 16:45:23.364 15 RALLYDEBUG rally_openstack.cleanup.manager [-] Deleting neutron.network object s_rally_72067a0c_QOiIw8KJ (267375b2-5c56-45c0-8827-69601c149c06)
2019-12-06 16:45:23.372 15 RALLYDEBUG rally_openstack.cleanup.manager [-] Deleting neutron.network object s_rally_72067a0c_MQUqk7p8 (1e7a950e-8fab-40fc-9377-d44d4945f8bf)
2019-12-06 16:45:23.386 15 RALLYDEBUG rally_openstack.cleanup.manager [-] Deleting neutron.network object s_rally_72067a0c_B7pflX9r (26b58d67-f41c-4ffc-a647-f7d60d4264c7)
2019-12-06 16:45:23.384 15 RALLYDEBUG rally_openstack.cleanup.manager [-] Deleting neutron.network object s_rally_72067a0c_mis77ayy (3508428b-8d77-4126-b3d7-9c98343f29b2)
2019-12-06 16:45:23.413 15 RALLYDEBUG rally_openstack.cleanup.manager [-] Deleting neutron.network object s_rally_72067a0c_6FiLqhTb (42f06576-209a-4c58-bb56-510d92453f2b)
2019-12-06 16:45:23.407 15 RALLYDEBUG rally_openstack.cleanup.manager [-] Deleting neutron.network object s_rally_72067a0c_6AgxPuFi (370d8839-ec85-448a-af11-4de504510a32)
2019-12-06 16:45:23.420 15 RALLYDEBUG rally_openstack.cleanup.manager [-] Deleting neutron.network object s_rally_72067a0c_RgcgW24k (40caa326-0cb5-4d5b-a1b1-ddbf2b4c3d5f)
2019-12-06 16:45:28.458 15 RALLYDEBUG rally_openstack.cleanup.manager [-] Deleting neutron.network object s_rally_72067a0c_BeZmCXiO (4b4deb06-03ab-48e5-b5d4-0560f995b29f)
2019-12-06 16:45:28.531 15 RALLYDEBUG rally_openstack.cleanup.manager [-] Deleting neutron.network object s_rally_72067a0c_mrJRU4R7 (4c10575a-cfb9-4dfb-969a-5a3acde4d33f)
2019-12-06 16:45:28.540 15 RALLYDEBUG rally_openstack.cleanup.manager [-] Deleting neutron.network object s_rally_72067a0c_mu5tZRpt (4ce6599c-dbca-4623-89f7-f912682fb882)
2019-12-06 16:45:28.550 15 RALLYDEBUG rally_openstack.cleanup.manager [-] Deleting neutron.network object s_rally_72067a0c_DbZlTahg (4d5b52fc-b2f3-463c-9b13-a9b841068037)
2019-12-06 16:45:28.567 15 RALLYDEBUG rally_openstack.cleanup.manager [-] Deleting neutron.network object s_rally_72067a0c_9wdUyAKw (501871a3-60da-4cc0-a0ee-82a81ce649dc)
2019-12-06 16:45:28.758 15 RALLYDEBUG rally_openstack.cleanup.manager [-] Deleting neutron.network object s_rally_72067a0c_3usLMXPL (51fee452-a851-4dbb-afd3-4cdb82b4b578)
2019-12-06 16:45:31.007 15 RALLYDEBUG rally_openstack.cleanup.manager [-] Deleting neutron.network object s_rally_72067a0c_ew71jmMI (52bfc1c8-0d75-4cea-a414-85ba857c71c6)
2019-12-06 16:45:31.350 15 RALLYDEBUG rally_openstack.cleanup.manager [-] Deleting neutron.network object s_rally_72067a0c_f3kqVrWz (537d6830-9ae7-476e-bdc6-0f40f79c7070)
2019-12-06 16:45:31.370 15 RALLYDEBUG rally_openstack.cleanup.manager [-] Deleting neutron.network object s_rally_72067a0c_R0c4TOM4 (5bf4899f-440e-4c26-b891-f6716a51649f)
2019-12-06 16:45:31.417 15 RALLYDEBUG rally_openstack.cleanup.manager [-] Deleting neutron.network object s_rally_72067a0c_lSNMo3AK (5d0d07e8-a1fe-4405-b52a-0dddeab498e4)
2019-12-06 16:45:31.418 15 RALLYDEBUG rally_openstack.cleanup.manager [-] Deleting neutron.network object s_rally_72067a0c_2ulHP29m (5ced8eed-fbfb-4882-ac27-ca5b795b8b6a)
2019-12-06 16:45:31.477 15 RALLYDEBUG rally_openstack.cleanup.manager [-] Deleting neutron.network object s_rally_72067a0c_vPCiOs1Z (5e32b7d6-5ab2-448f-813b-80755582cd88)
2019-12-06 16:45:33.360 15 RALLYDEBUG rally_openstack.cleanup.manager [-] Deleting neutron.network object s_rally_72067a0c_qxyLOcp4 (5e4cb7b3-e9d9-4e78-b7e8-f1f0ec8f373f)
2019-12-06 16:45:33.584 15 RALLYDEBUG rally_openstack.cleanup.manager [-] Deleting neutron.network object s_rally_72067a0c_u2qbANUr (5e4da282-4b79-4a85-98b7-9dd4fa7e5956)
2019-12-06 16:45:34.002 15 RALLYDEBUG rally_openstack.cleanup.manager [-] Deleting neutron.network object s_rally_72067a0c_PYjPFVKj (5f0037ea-79d9-4b6f-8807-a0dc1405dbfa)
2019-12-06 16:45:34.182 15 RALLYDEBUG rally_openstack.cleanup.manager [-] Deleting neutron.network object s_rally_72067a0c_8YdJt5Vi (600bd9b1-13f7-4497-8197-2ebf1ac850b8)
2019-12-06 16:45:34.406 15 RALLYDEBUG rally_openstack.cleanup.manager [-] Deleting neutron.network object s_rally_72067a0c_DU0icFyQ (616f6edf-628c-4418-8385-98bdc60b095c)
2019-12-06 16:45:34.418 15 RALLYDEBUG rally_openstack.cleanup.manager [-] Deleting neutron.network object s_rally_72067a0c_UJXQtAqj (62b0733d-2cd4-4995-8d6f-8f49642d64eb)
2019-12-06 16:45:34.423 15 RALLYDEBUG rally_openstack.cleanup.manager [-] Deleting neutron.network object s_rally_72067a0c_tttiCLhr (63ba02f7-addb-4171-b832-b946557dbb3c)
2019-12-06 16:45:34.580 15 RALLYDEBUG rally_openstack.cleanup.manager [-] Deleting neutron.network object s_rally_72067a0c_8b3QItRa (640a3c52-654a-4cb7-8acd-ee5f501b5f9a)
2019-12-06 16:45:34.633 15 RALLYDEBUG rally_openstack.cleanup.manager [-] Deleting neutron.network object s_rally_72067a0c_nTvldbAA (66e9461e-31f2-4f1d-8d96-8366bc097596)
2019-12-06 16:45:35.119 15 RALLYDEBUG rally_openstack.cleanup.manager [-] Deleting neutron.network object s_rally_72067a0c_aj6qrA89 (6ab2ae50-e72f-48a6-9125-5175af79200c)
2019-12-06 16:45:35.126 15 RALLYDEBUG rally_openstack.cleanup.manager [-] Deleting neutron.network object s_rally_72067a0c_v1esuCFh (7537aa7b-20d6-4710-9b28-79e80aa17950)
2019-12-06 16:45:35.130 15 RALLYDEBUG rally_openstack.cleanup.manager [-] Deleting neutron.network object s_rally_72067a0c_ogumYcgl (711ad34f-ade1-4f52-9573-f59e4bdf228e)
2019-12-06 16:45:35.531 15 RALLYDEBUG rally_openstack.cleanup.manager [-] Deleting neutron.network object s_rally_72067a0c_TNrQ6LBV (7637c92b-3be6-40d8-a8de-e140879d01c8)
2019-12-06 16:45:35.879 15 RALLYDEBUG rally_openstack.cleanup.manager [-] Deleting neutron.network object s_rally_72067a0c_PGG97qCQ (7d5ad4ec-91c2-433b-82b6-d11220def35f)
2019-12-06 16:45:36.911 15 RALLYDEBUG rally_openstack.cleanup.manager [-] Deleting neutron.network object s_rally_72067a0c_bYvmaDEK (7eb01179-3da4-4d53-8c46-c3c2c01eee7f)
2019-12-06 16:45:38.843 15 RALLYDEBUG rally_openstack.cleanup.manager [-] Deleting neutron.network object s_rally_72067a0c_GLwpiSdn (7fc9780c-d6d9-4005-9a6b-bce388679f5c)
2019-12-06 16:45:38.951 15 RALLYDEBUG rally_openstack.cleanup.manager [-] Deleting neutron.network object s_rally_72067a0c_FOJwf9o7 (81454f48-dfb1-48ee-b28e-644e1ff794f8)
2019-12-06 16:45:39.055 15 RALLYDEBUG rally_openstack.cleanup.manager [-] Deleting neutron.network object s_rally_72067a0c_wkDI6VtL (84b03607-5d4e-4c98-96dc-1b961f5603f5)
2019-12-06 16:45:39.519 15 RALLYDEBUG rally_openstack.cleanup.manager [-] Deleting neutron.network object s_rally_72067a0c_fDAY77a3 (84d43c46-f6d0-47f6-a4ed-80cb6f883229)
2019-12-06 16:45:39.680 15 RALLYDEBUG rally_openstack.cleanup.manager [-] Deleting neutron.network object s_rally_72067a0c_KOrzXjJ4 (86606e38-8ca4-41c4-aa75-986c4ac5e792)
2019-12-06 16:45:39.684 15 RALLYDEBUG rally_openstack.cleanup.manager [-] Deleting neutron.network object s_rally_72067a0c_ImbGeqMV (86e5f040-18c2-4348-a6a5-9ed31d602f28)
2019-12-06 16:45:39.779 15 RALLYDEBUG rally_openstack.cleanup.manager [-] Deleting neutron.network object s_rally_72067a0c_1cSPl91L (89d6f709-0c54-4928-8e65-b83362a234f1)
2019-12-06 16:45:39.785 15 RALLYDEBUG rally_openstack.cleanup.manager [-] Deleting neutron.network object s_rally_72067a0c_tc1eDjln (8c479f2a-2c39-4661-b8ab-0bdadb6b0a11)
2019-12-06 16:45:39.864 15 RALLYDEBUG rally_openstack.cleanup.manager [-] Deleting neutron.network object s_rally_72067a0c_WXcn1Yrv (8e2ea371-6afb-4320-b40d-efa4548de3a6)
2019-12-06 16:45:39.890 15 RALLYDEBUG rally_openstack.cleanup.manager [-] Deleting neutron.network object s_rally_72067a0c_1SdZmS4Q (919a070c-7612-4534-8bd6-b7636d409de8)
2019-12-06 16:45:39.894 15 RALLYDEBUG rally_openstack.cleanup.manager [-] Deleting neutron.network object s_rally_72067a0c_MjDEMqJa (8f7e40d4-4c9d-4e3d-8290-3c0914243d9d)
2019-12-06 16:45:39.903 15 RALLYDEBUG rally_openstack.cleanup.manager [-] Deleting neutron.network object s_rally_72067a0c_NNVH3fL6 (9da94da3-394a-4acc-80cf-2c6068c4b136)
2019-12-06 16:45:39.928 15 RALLYDEBUG rally_openstack.cleanup.manager [-] Deleting neutron.network object s_rally_72067a0c_zHAWZ8T9 (9e2ea757-e9dd-40f4-b08a-d81653c17ae3)
2019-12-06 16:45:40.011 15 RALLYDEBUG rally_openstack.cleanup.manager [-] Deleting neutron.network object s_rally_72067a0c_YnAL4KQs (a3b406f6-ee06-4dbb-af56-fa1b55f83939)
2019-12-06 16:45:41.159 15 RALLYDEBUG rally_openstack.cleanup.manager [-] Deleting neutron.network object s_rally_72067a0c_1wk7EFT0 (a994b9b9-9673-4bd8-8611-48304935dd21)
2019-12-06 16:45:41.311 15 RALLYDEBUG rally_openstack.cleanup.manager [-] Deleting neutron.network object s_rally_72067a0c_tzKfSr3a (acf89ec0-806c-4806-98a1-bde2d3927319)
2019-12-06 16:45:44.086 15 RALLYDEBUG rally_openstack.cleanup.manager [-] Deleting neutron.network object s_rally_72067a0c_bwxTkS68 (ad3e5bf5-7df5-4036-9186-7692f9286ee7)
2019-12-06 16:45:44.147 15 RALLYDEBUG rally_openstack.cleanup.manager [-] Deleting neutron.network object s_rally_72067a0c_N0hdM5eR (b0f5b921-7d71-4717-b949-14cfb0a23ab0)
2019-12-06 16:45:44.155 15 RALLYDEBUG rally_openstack.cleanup.manager [-] Deleting neutron.network object s_rally_72067a0c_NJjmnE8e (b23b6175-a0a8-4ae6-a1bb-0a8ab01e446e)
2019-12-06 16:45:44.165 15 RALLYDEBUG rally_openstack.cleanup.manager [-] Deleting neutron.network object s_rally_72067a0c_JpFPmA2Z (b24b7e33-6ea7-4682-b00e-9875965850af)
2019-12-06 16:45:44.169 15 RALLYDEBUG rally_openstack.cleanup.manager [-] Deleting neutron.network object s_rally_72067a0c_AHzB8hrq (b24dfdcc-1860-4d50-9e19-aa31eb6082ab)
2019-12-06 16:45:44.176 15 RALLYDEBUG rally_openstack.cleanup.manager [-] Deleting neutron.network object s_rally_72067a0c_ZNz29UNV (b8831a96-995c-498f-a630-e32cef016078)
2019-12-06 16:45:44.179 15 RALLYDEBUG rally_openstack.cleanup.manager [-] Deleting neutron.network object s_rally_72067a0c_DVg98NDI (b7c1565f-87ff-4a31-8810-a94e88fbf380)
2019-12-06 16:45:44.223 15 RALLYDEBUG rally_openstack.cleanup.manager [-] Deleting neutron.network object s_rally_72067a0c_dUhJJdgt (bc929b9a-7990-4f62-8c37-83bc2dee5643)
2019-12-06 16:45:44.234 15 RALLYDEBUG rally_openstack.cleanup.manager [-] Deleting neutron.network object s_rally_72067a0c_MnT2YvXe (bcf79b61-a00e-40f9-bb00-b0d9a850773b)
2019-12-06 16:45:44.261 15 RALLYDEBUG rally_openstack.cleanup.manager [-] Deleting neutron.network object s_rally_72067a0c_X8ylUfrz (c1524d6c-d9cf-4d8a-81e4-2463ae407b6b)
2019-12-06 16:45:44.793 15 RALLYDEBUG rally_openstack.cleanup.manager [-] Deleting neutron.network object s_rally_72067a0c_fHCxlZny (c3bc3938-f6d7-4e5a-9e51-353c56320b6d)
2019-12-06 16:45:46.524 15 RALLYDEBUG rally_openstack.cleanup.manager [-] Deleting neutron.network object s_rally_72067a0c_NIoPyZiB (c953b824-66fd-46c1-a056-319b3db13f9f)
2019-12-06 16:45:47.346 15 RALLYDEBUG rally_openstack.cleanup.manager [-] Deleting neutron.network object s_rally_72067a0c_uBalD0Y9 (ce4cf37a-fe5e-4c94-9a6f-54b0bd56a999)
2019-12-06 16:45:47.391 15 RALLYDEBUG rally_openstack.cleanup.manager [-] Deleting neutron.network object s_rally_72067a0c_9Ej7DsEi (d0f34338-368a-4c81-938e-18bd13247e23)
2019-12-06 16:45:47.414 15 RALLYDEBUG rally_openstack.cleanup.manager [-] Deleting neutron.network object s_rally_72067a0c_2a1fMMQ3 (d267af43-1f82-4934-b769-30ec66de62ec)
2019-12-06 16:45:47.461 15 RALLYDEBUG rally_openstack.cleanup.manager [-] Deleting neutron.network object s_rally_72067a0c_FQBoPF2X (d3e51213-3303-40a7-be9f-2c32db01eee9)
2019-12-06 16:45:47.719 15 RALLYDEBUG rally_openstack.cleanup.manager [-] Deleting neutron.network object s_rally_72067a0c_wN5zlE1V (d7f2ea39-ec34-4173-9f82-6b79f0f03414)
