2019-12-02 18:19:54.431 6 RALLYDEBUG rally.api [-] INFO logs from urllib3 and requests module are hide.
2019-12-02 18:19:54.431 6 RALLYDEBUG rally.api [-] urllib3 insecure warnings are hidden.
2019-12-02 18:19:54.431 6 RALLYDEBUG rally.api [-] ERROR log from boto module is hide.
2019-12-02 18:19:55.705 6 ERROR rally.cli.cliutils [-] Unexpected exception in CLI: DBRecordNotFound: Record for uuid or name is opnfv-rally not found in table envs
2019-12-02 18:19:55.705 6 ERROR rally.cli.cliutils
Traceback (most recent call last):
2019-12-02 18:19:55.705 6 ERROR rally.cli.cliutils
File "/usr/lib/python2.7/site-packages/rally/cli/cliutils.py", line 674, in run
2019-12-02 18:19:55.705 6 ERROR rally.cli.cliutils ret = fn(*fn_args, **fn_kwargs)
2019-12-02 18:19:55.705 6 ERROR rally.cli.cliutils File "", line 2, in destroy
2019-12-02 18:19:55.705 6 ERROR rally.cli.cliutils
File "/usr/lib/python2.7/site-packages/rally/cli/envutils.py", line 68, in default_from_global
2019-12-02 18:19:55.705 6 ERROR rally.cli.cliutils return f(*args, **kwargs)
2019-12-02 18:19:55.705 6 ERROR rally.cli.cliutils File "", line 2, in destroy
2019-12-02 18:19:55.705 6 ERROR rally.cli.cliutils
File "/usr/lib/python2.7/site-packages/rally/plugins/__init__.py", line 51, in ensure_plugins_are_loaded
2019-12-02 18:19:55.705 6 ERROR rally.cli.cliutils return f(*args, **kwargs)
2019-12-02 18:19:55.705 6 ERROR rally.cli.cliutils
File "/usr/lib/python2.7/site-packages/rally/cli/commands/deployment.py", line 157, in destroy
2019-12-02 18:19:55.705 6 ERROR rally.cli.cliutils api.deployment.destroy(deployment=deployment)
2019-12-02 18:19:55.705 6 ERROR rally.cli.cliutils
File "/usr/lib/python2.7/site-packages/rally/api.py", line 115, in destroy
2019-12-02 18:19:55.705 6 ERROR rally.cli.cliutils deploy = objects.Deployment.get(deployment)
2019-12-02 18:19:55.705 6 ERROR rally.cli.cliutils
File "/usr/lib/python2.7/site-packages/rally/common/objects/deploy.py", line 124, in get
2019-12-02 18:19:55.705 6 ERROR rally.cli.cliutils return Deployment(env_mgr.EnvManager.get(deploy))
2019-12-02 18:19:55.705 6 ERROR rally.cli.cliutils
File "/usr/lib/python2.7/site-packages/rally/env/env_mgr.py", line 212, in get
2019-12-02 18:19:55.705 6 ERROR rally.cli.cliutils return cls(db.env_get(uuid_or_name))
2019-12-02 18:19:55.705 6 ERROR rally.cli.cliutils
File "/usr/lib/python2.7/site-packages/rally/common/db/api.py", line 135, in wrapper
2019-12-02 18:19:55.705 6 ERROR rally.cli.cliutils result = f(session, *args, **kwargs)
2019-12-02 18:19:55.705 6 ERROR rally.cli.cliutils
File "/usr/lib/python2.7/site-packages/rally/common/db/api.py", line 521, in env_get
2019-12-02 18:19:55.705 6 ERROR rally.cli.cliutils criteria="uuid or name is %s" % uuid_or_name, table="envs")
2019-12-02 18:19:55.705 6 ERROR rally.cli.cliutils DBRecordNotFound: Record for uuid or name is opnfv-rally not found in table envs
2019-12-02 18:19:55.705 6 ERROR rally.cli.cliutils
2019-12-02 18:19:56.481 8 RALLYDEBUG rally.api [-] INFO logs from urllib3 and requests module are hide.
2019-12-02 18:19:56.481 8 RALLYDEBUG rally.api [-] urllib3 insecure warnings are hidden.
2019-12-02 18:19:56.481 8 RALLYDEBUG rally.api [-] ERROR log from boto module is hide.
2019-12-02 18:19:58.607 10 RALLYDEBUG rally.api [-] INFO logs from urllib3 and requests module are hide.
2019-12-02 18:19:58.607 10 RALLYDEBUG rally.api [-] urllib3 insecure warnings are hidden.
2019-12-02 18:19:58.607 10 RALLYDEBUG rally.api [-] ERROR log from boto module is hide.
2019-12-02 18:20:01.230 13 RALLYDEBUG rally.api [-] INFO logs from urllib3 and requests module are hide.
2019-12-02 18:20:01.230 13 RALLYDEBUG rally.api [-] urllib3 insecure warnings are hidden.
2019-12-02 18:20:01.230 13 RALLYDEBUG rally.api [-] ERROR log from boto module is hide.
2019-12-02 18:20:02.548 15 RALLYDEBUG rally.api [-] INFO logs from urllib3 and requests module are hide.
2019-12-02 18:20:02.548 15 RALLYDEBUG rally.api [-] urllib3 insecure warnings are hidden.
2019-12-02 18:20:02.548 15 RALLYDEBUG rally.api [-] ERROR log from boto module is hide.
2019-12-02 18:20:03.816 15 INFO rally.common.plugin.discover [-] Loading plugins from directories /root/.rally/plugins/*
2019-12-02 18:20:03.817 15 INFO rally.common.plugin.discover [-] Loaded module with plugins: /root/.rally/plugins/__init__.py
2019-12-02 18:20:03.819 15 INFO rally.common.plugin.discover [-] Loaded module with plugins: /root/.rally/plugins/trunk_scenario.py
2019-12-02 18:20:03.993 15 INFO rally.task.engine [-] Task c5b873dc-2dd1-410b-8284-33819458bc88 | Starting: Task validation.
2019-12-02 18:20:04.005 15 INFO rally.task.engine [-] Task c5b873dc-2dd1-410b-8284-33819458bc88 | Starting: Task validation of syntax.
2019-12-02 18:20:04.156 15 INFO rally.task.engine [-] Task c5b873dc-2dd1-410b-8284-33819458bc88 | Completed: Task validation of syntax.
2019-12-02 18:20:04.157 15 INFO rally.task.engine [-] Task c5b873dc-2dd1-410b-8284-33819458bc88 | Starting: Task validation of required platforms.
2019-12-02 18:20:04.225 15 INFO rally.task.engine [-] Task c5b873dc-2dd1-410b-8284-33819458bc88 | Completed: Task validation of required platforms.
2019-12-02 18:20:04.225 15 INFO rally.task.engine [-] Task c5b873dc-2dd1-410b-8284-33819458bc88 | Starting: Task validation of semantic.
2019-12-02 18:20:04.225 15 INFO rally.task.engine [-] Check health of the environment 'd47883b0-b18b-4950-b390-1c6452f4f234'.
2019-12-02 18:20:04.620 15 INFO rally.task.engine [-] Platform existing@openstack (available: True): OK!
2019-12-02 18:20:04.636 15 RALLYDEBUG rally_openstack.contexts.keystone.users [-] Creating 1 tenants using 20 threads
2019-12-02 18:20:04.902 15 RALLYDEBUG rally_openstack.contexts.keystone.users [-] Creating 1 users using 20 threads
2019-12-02 18:20:05.340 15 INFO rally.task.context [-] Task c5b873dc-2dd1-410b-8284-33819458bc88 | Context users@openstack setup() finished in 0.70 sec
2019-12-02 18:20:06.925 15 INFO rally.task.context [-] Task c5b873dc-2dd1-410b-8284-33819458bc88 | Context users@openstack cleanup() started
2019-12-02 18:20:08.581 15 INFO rally.task.context [-] Task c5b873dc-2dd1-410b-8284-33819458bc88 | Context users@openstack cleanup() finished in 1.66 sec
2019-12-02 18:20:08.581 15 INFO rally.task.engine [-] Task c5b873dc-2dd1-410b-8284-33819458bc88 | Completed: Task validation of semantic.
2019-12-02 18:20:08.581 15 INFO rally.task.engine [-] Task c5b873dc-2dd1-410b-8284-33819458bc88 | Completed: Task validation.
2019-12-02 18:20:08.582 15 INFO rally.api [-] Task c5b873dc-2dd1-410b-8284-33819458bc88 input file is valid.
2019-12-02 18:20:08.582 15 INFO rally.api [-] Run Task c5b873dc-2dd1-410b-8284-33819458bc88 against Deployment d47883b0-b18b-4950-b390-1c6452f4f234
2019-12-02 18:20:08.582 15 INFO rally.task.engine [-] Task c5b873dc-2dd1-410b-8284-33819458bc88 | Starting: Running task.
2019-12-02 18:20:08.627 15 INFO rally.task.engine [-] Running workload: position = 0 config = { "version": 2, "title": "A cropped version of a bigger task.", "description": "Auto-generated task from a single workload (uuid=b3161336-3bf9-4ea2-bb7d-a07d5633c3e6)", "subtasks": [ { "title": "NeutronNetworks.create_and_list_networks", "description": "Check performance of list_networks action and ensure > network quotas are not exceeded", "scenario": { "NeutronNetworks.create_and_list_networks": {} }, "contexts": { "users": { "tenants": 1, "users_per_tenant": 1 }, "quotas": { "neutron": { "network": 119 } } }, "runner": { "constant": { "times": 100, "concurrency": 20 } }, "hooks": [], "sla": { "max_avg_duration_per_atomic": { "neutron.list_networks": 15 }, "failure_rate": { "max": 0 } } } ] }
2019-12-02 18:20:08.640 15 RALLYDEBUG rally_openstack.contexts.keystone.users [-] Creating 1 tenants using 20 threads
2019-12-02 18:20:08.984 15 RALLYDEBUG rally_openstack.contexts.keystone.users [-] Creating 1 users using 20 threads
2019-12-02 18:20:09.430 15 INFO rally.task.context [-] Task c5b873dc-2dd1-410b-8284-33819458bc88 | Context users@openstack setup() finished in 0.79 sec
2019-12-02 18:20:09.804 15 INFO rally.task.context [-] Task c5b873dc-2dd1-410b-8284-33819458bc88 | Context quotas@openstack setup() finished in 0.37 sec
2019-12-02 18:20:09.805 15 INFO rally.task.context [-] Task c5b873dc-2dd1-410b-8284-33819458bc88 | Context cleanup@openstack setup() finished in 0.00 msec
2019-12-02 18:20:09.814 15 RALLYDEBUG rally.task.runner [-] Starting the constant runner (task UUID: c5b873dc-2dd1-410b-8284-33819458bc88). timeout: 0 concurrency: 20 concurrency_per_worker: 1 times: 100 concurrency_overhead: 0 processes_to_start: 20 max_cpu_used: 88
2019-12-02 18:20:09.828 139 RALLYDEBUG rally.task.runner [-] Starting a worker. concurrency: 1 args: {} times: 100 method_name: run timeout: 0 duration: None cls:
2019-12-02 18:20:09.830 140 RALLYDEBUG rally.task.runner [-] Starting a worker. concurrency: 1 args: {} times: 100 method_name: run timeout: 0 duration: None cls:
2019-12-02 18:20:09.834 139 INFO rally.task.runner [-] Task c5b873dc-2dd1-410b-8284-33819458bc88 | ITER: 1 START
2019-12-02 18:20:09.833 141 RALLYDEBUG rally.task.runner [-] Starting a worker. concurrency: 1 args: {} times: 100 method_name: run timeout: 0 duration: None cls:
2019-12-02 18:20:09.836 140 INFO rally.task.runner [-] Task c5b873dc-2dd1-410b-8284-33819458bc88 | ITER: 2 START
2019-12-02 18:20:09.836 142 RALLYDEBUG rally.task.runner [-] Starting a worker. concurrency: 1 args: {} times: 100 method_name: run timeout: 0 duration: None cls:
2019-12-02 18:20:09.839 141 INFO rally.task.runner [-] Task c5b873dc-2dd1-410b-8284-33819458bc88 | ITER: 3 START
2019-12-02 18:20:09.838 144 RALLYDEBUG rally.task.runner [-] Starting a worker. concurrency: 1 args: {} times: 100 method_name: run timeout: 0 duration: None cls:
2019-12-02 18:20:09.841 148 RALLYDEBUG rally.task.runner [-] Starting a worker. concurrency: 1 args: {} times: 100 method_name: run timeout: 0 duration: None cls:
2019-12-02 18:20:09.842 142 INFO rally.task.runner [-] Task c5b873dc-2dd1-410b-8284-33819458bc88 | ITER: 4 START
2019-12-02 18:20:09.844 144 INFO rally.task.runner [-] Task c5b873dc-2dd1-410b-8284-33819458bc88 | ITER: 5 START
2019-12-02 18:20:09.844 151 RALLYDEBUG rally.task.runner [-] Starting a worker. concurrency: 1 args: {} times: 100 method_name: run timeout: 0 duration: None cls:
2019-12-02 18:20:09.846 148 INFO rally.task.runner [-] Task c5b873dc-2dd1-410b-8284-33819458bc88 | ITER: 6 START
2019-12-02 18:20:09.847 154 RALLYDEBUG rally.task.runner [-] Starting a worker. concurrency: 1 args: {} times: 100 method_name: run timeout: 0 duration: None cls:
2019-12-02 18:20:09.849 151 INFO rally.task.runner [-] Task c5b873dc-2dd1-410b-8284-33819458bc88 | ITER: 7 START
2019-12-02 18:20:09.850 157 RALLYDEBUG rally.task.runner [-] Starting a worker. concurrency: 1 args: {} times: 100 method_name: run timeout: 0 duration: None cls:
2019-12-02 18:20:09.852 154 INFO rally.task.runner [-] Task c5b873dc-2dd1-410b-8284-33819458bc88 | ITER: 8 START
2019-12-02 18:20:09.852 160 RALLYDEBUG rally.task.runner [-] Starting a worker. concurrency: 1 args: {} times: 100 method_name: run timeout: 0 duration: None cls:
2019-12-02 18:20:09.854 163 RALLYDEBUG rally.task.runner [-] Starting a worker. concurrency: 1 args: {} times: 100 method_name: run timeout: 0 duration: None cls:
2019-12-02 18:20:09.855 157 INFO rally.task.runner [-] Task c5b873dc-2dd1-410b-8284-33819458bc88 | ITER: 9 START
2019-12-02 18:20:09.858 160 INFO rally.task.runner [-] Task c5b873dc-2dd1-410b-8284-33819458bc88 | ITER: 10 START
2019-12-02 18:20:09.858 163 INFO rally.task.runner [-] Task c5b873dc-2dd1-410b-8284-33819458bc88 | ITER: 11 START
2019-12-02 18:20:09.858 166 RALLYDEBUG rally.task.runner [-] Starting a worker. concurrency: 1 args: {} times: 100 method_name: run timeout: 0 duration: None cls:
2019-12-02 18:20:09.860 169 RALLYDEBUG rally.task.runner [-] Starting a worker. concurrency: 1 args: {} times: 100 method_name: run timeout: 0 duration: None cls:
2019-12-02 18:20:09.861 174 RALLYDEBUG rally.task.runner [-] Starting a worker. concurrency: 1 args: {} times: 100 method_name: run timeout: 0 duration: None cls:
2019-12-02 18:20:09.863 166 INFO rally.task.runner [-] Task c5b873dc-2dd1-410b-8284-33819458bc88 | ITER: 12 START
2019-12-02 18:20:09.865 174 INFO rally.task.runner [-] Task c5b873dc-2dd1-410b-8284-33819458bc88 | ITER: 14 START
2019-12-02 18:20:09.866 169 INFO rally.task.runner [-] Task c5b873dc-2dd1-410b-8284-33819458bc88 | ITER: 13 START
2019-12-02 18:20:09.865 175 RALLYDEBUG rally.task.runner [-] Starting a worker. concurrency: 1 args: {} times: 100 method_name: run timeout: 0 duration: None cls:
2019-12-02 18:20:09.867 178 RALLYDEBUG rally.task.runner [-] Starting a worker. concurrency: 1 args: {} times: 100 method_name: run timeout: 0 duration: None cls:
2019-12-02 18:20:09.871 175 INFO rally.task.runner [-] Task c5b873dc-2dd1-410b-8284-33819458bc88 | ITER: 15 START
2019-12-02 18:20:09.871 183 RALLYDEBUG rally.task.runner [-] Starting a worker. concurrency: 1 args: {} times: 100 method_name: run timeout: 0 duration: None cls:
2019-12-02 18:20:09.872 178 INFO rally.task.runner [-] Task c5b873dc-2dd1-410b-8284-33819458bc88 | ITER: 16 START
2019-12-02 18:20:09.873 184 RALLYDEBUG rally.task.runner [-] Starting a worker. concurrency: 1 args: {} times: 100 method_name: run timeout: 0 duration: None cls:
2019-12-02 18:20:09.875 188 RALLYDEBUG rally.task.runner [-] Starting a worker. concurrency: 1 args: {} times: 100 method_name: run timeout: 0 duration: None cls:
2019-12-02 18:20:09.876 183 INFO rally.task.runner [-] Task c5b873dc-2dd1-410b-8284-33819458bc88 | ITER: 17 START
2019-12-02 18:20:09.878 184 INFO rally.task.runner [-] Task c5b873dc-2dd1-410b-8284-33819458bc88 | ITER: 18 START
2019-12-02 18:20:09.878 190 RALLYDEBUG rally.task.runner [-] Starting a worker. concurrency: 1 args: {} times: 100 method_name: run timeout: 0 duration: None cls:
2019-12-02 18:20:09.879 188 INFO rally.task.runner [-] Task c5b873dc-2dd1-410b-8284-33819458bc88 | ITER: 19 START
2019-12-02 18:20:09.883 190 INFO rally.task.runner [-] Task c5b873dc-2dd1-410b-8284-33819458bc88 | ITER: 20 START
2019-12-02 18:20:12.784 154 INFO rally.task.runner [-] Task c5b873dc-2dd1-410b-8284-33819458bc88 | ITER: 8 END: OK
2019-12-02 18:20:12.789 154 INFO rally.task.runner [-] Task c5b873dc-2dd1-410b-8284-33819458bc88 | ITER: 21 START
2019-12-02 18:20:13.105 141 INFO rally.task.runner [-] Task c5b873dc-2dd1-410b-8284-33819458bc88 | ITER: 3 END: OK
2019-12-02 18:20:13.110 141 INFO rally.task.runner [-] Task c5b873dc-2dd1-410b-8284-33819458bc88 | ITER: 22 START
2019-12-02 18:20:13.235 144 INFO rally.task.runner [-] Task c5b873dc-2dd1-410b-8284-33819458bc88 | ITER: 5 END: OK
2019-12-02 18:20:13.239 144 INFO rally.task.runner [-] Task c5b873dc-2dd1-410b-8284-33819458bc88 | ITER: 23 START
2019-12-02 18:20:13.484 140 INFO rally.task.runner [-] Task c5b873dc-2dd1-410b-8284-33819458bc88 | ITER: 2 END: OK
2019-12-02 18:20:13.488 140 INFO rally.task.runner [-] Task c5b873dc-2dd1-410b-8284-33819458bc88 | ITER: 24 START
2019-12-02 18:20:13.693 169 INFO rally.task.runner [-] Task c5b873dc-2dd1-410b-8284-33819458bc88 | ITER: 13 END: OK
2019-12-02 18:20:13.697 169 INFO rally.task.runner [-] Task c5b873dc-2dd1-410b-8284-33819458bc88 | ITER: 25 START
2019-12-02 18:20:13.770 174 INFO rally.task.runner [-] Task c5b873dc-2dd1-410b-8284-33819458bc88 | ITER: 14 END: OK
2019-12-02 18:20:13.774 174 INFO rally.task.runner [-] Task c5b873dc-2dd1-410b-8284-33819458bc88 | ITER: 26 START
2019-12-02 18:20:14.455 175 INFO rally.task.runner [-] Task c5b873dc-2dd1-410b-8284-33819458bc88 | ITER: 15 END: OK
2019-12-02 18:20:14.459 175 INFO rally.task.runner [-] Task c5b873dc-2dd1-410b-8284-33819458bc88 | ITER: 27 START
2019-12-02 18:20:14.738 139 INFO rally.task.runner [-] Task c5b873dc-2dd1-410b-8284-33819458bc88 | ITER: 1 END: OK
2019-12-02 18:20:14.743 139 INFO rally.task.runner [-] Task c5b873dc-2dd1-410b-8284-33819458bc88 | ITER: 28 START
2019-12-02 18:20:14.771 166 INFO rally.task.runner [-] Task c5b873dc-2dd1-410b-8284-33819458bc88 | ITER: 12 END: OK
2019-12-02 18:20:14.776 166 INFO rally.task.runner [-] Task c5b873dc-2dd1-410b-8284-33819458bc88 | ITER: 29 START
2019-12-02 18:20:14.846 151 INFO rally.task.runner [-] Task c5b873dc-2dd1-410b-8284-33819458bc88 | ITER: 7 END: OK
2019-12-02 18:20:14.850 151 INFO rally.task.runner [-] Task c5b873dc-2dd1-410b-8284-33819458bc88 | ITER: 30 START
2019-12-02 18:20:15.040 183 INFO rally.task.runner [-] Task c5b873dc-2dd1-410b-8284-33819458bc88 | ITER: 17 END: OK
2019-12-02 18:20:15.045 183 INFO rally.task.runner [-] Task c5b873dc-2dd1-410b-8284-33819458bc88 | ITER: 31 START
2019-12-02 18:20:15.056 184 INFO rally.task.runner [-] Task c5b873dc-2dd1-410b-8284-33819458bc88 | ITER: 18 END: OK
2019-12-02 18:20:15.061 184 INFO rally.task.runner [-] Task c5b873dc-2dd1-410b-8284-33819458bc88 | ITER: 32 START
2019-12-02 18:20:15.347 163 INFO rally.task.runner [-] Task c5b873dc-2dd1-410b-8284-33819458bc88 | ITER: 11 END: OK
2019-12-02 18:20:15.352 163 INFO rally.task.runner [-] Task c5b873dc-2dd1-410b-8284-33819458bc88 | ITER: 33 START
2019-12-02 18:20:16.660 148 INFO rally.task.runner [-] Task c5b873dc-2dd1-410b-8284-33819458bc88 | ITER: 6 END: OK
2019-12-02 18:20:16.665 148 INFO rally.task.runner [-] Task c5b873dc-2dd1-410b-8284-33819458bc88 | ITER: 34 START
2019-12-02 18:20:17.296 154 INFO rally.task.runner [-] Task c5b873dc-2dd1-410b-8284-33819458bc88 | ITER: 21 END: OK
2019-12-02 18:20:17.300 154 INFO rally.task.runner [-] Task c5b873dc-2dd1-410b-8284-33819458bc88 | ITER: 35 START
2019-12-02 18:20:17.350 157 INFO rally.task.runner [-] Task c5b873dc-2dd1-410b-8284-33819458bc88 | ITER: 9 END: OK
2019-12-02 18:20:17.353 157 INFO rally.task.runner [-] Task c5b873dc-2dd1-410b-8284-33819458bc88 | ITER: 36 START
2019-12-02 18:20:17.371 160 INFO rally.task.runner [-] Task c5b873dc-2dd1-410b-8284-33819458bc88 | ITER: 10 END: OK
2019-12-02 18:20:17.375 160 INFO rally.task.runner [-] Task c5b873dc-2dd1-410b-8284-33819458bc88 | ITER: 37 START
2019-12-02 18:20:17.402 142 INFO rally.task.runner [-] Task c5b873dc-2dd1-410b-8284-33819458bc88 | ITER: 4 END: OK
2019-12-02 18:20:17.406 188 INFO rally.task.runner [-] Task c5b873dc-2dd1-410b-8284-33819458bc88 | ITER: 19 END: OK
2019-12-02 18:20:17.407 142 INFO rally.task.runner [-] Task c5b873dc-2dd1-410b-8284-33819458bc88 | ITER: 38 START
2019-12-02 18:20:17.411 188 INFO rally.task.runner [-] Task c5b873dc-2dd1-410b-8284-33819458bc88 | ITER: 39 START
2019-12-02 18:20:17.422 141 INFO rally.task.runner [-] Task c5b873dc-2dd1-410b-8284-33819458bc88 | ITER: 22 END: OK
2019-12-02 18:20:17.425 141 INFO rally.task.runner [-] Task c5b873dc-2dd1-410b-8284-33819458bc88 | ITER: 40 START
2019-12-02 18:20:17.435 178 INFO rally.task.runner [-] Task c5b873dc-2dd1-410b-8284-33819458bc88 | ITER: 16 END: OK
2019-12-02 18:20:17.439 178 INFO rally.task.runner [-] Task c5b873dc-2dd1-410b-8284-33819458bc88 | ITER: 41 START
2019-12-02 18:20:17.845 190 INFO rally.task.runner [-] Task c5b873dc-2dd1-410b-8284-33819458bc88 | ITER: 20 END: OK
2019-12-02 18:20:17.850 190 INFO rally.task.runner [-] Task c5b873dc-2dd1-410b-8284-33819458bc88 | ITER: 42 START
2019-12-02 18:20:17.975 144 INFO rally.task.runner [-] Task c5b873dc-2dd1-410b-8284-33819458bc88 | ITER: 23 END: OK
2019-12-02 18:20:17.979 144 INFO rally.task.runner [-] Task c5b873dc-2dd1-410b-8284-33819458bc88 | ITER: 43 START
2019-12-02 18:20:18.193 169 INFO rally.task.runner [-] Task c5b873dc-2dd1-410b-8284-33819458bc88 | ITER: 25 END: OK
2019-12-02 18:20:18.197 169 INFO rally.task.runner [-] Task c5b873dc-2dd1-410b-8284-33819458bc88 | ITER: 44 START
2019-12-02 18:20:19.014 183 INFO rally.task.runner [-] Task c5b873dc-2dd1-410b-8284-33819458bc88 | ITER: 31 END: OK
2019-12-02 18:20:19.018 183 INFO rally.task.runner [-] Task c5b873dc-2dd1-410b-8284-33819458bc88 | ITER: 45 START
2019-12-02 18:20:19.092 184 INFO rally.task.runner [-] Task c5b873dc-2dd1-410b-8284-33819458bc88 | ITER: 32 END: OK
2019-12-02 18:20:19.094 166 INFO rally.task.runner [-] Task c5b873dc-2dd1-410b-8284-33819458bc88 | ITER: 29 END: OK
2019-12-02 18:20:19.096 184 INFO rally.task.runner [-] Task c5b873dc-2dd1-410b-8284-33819458bc88 | ITER: 46 START
2019-12-02 18:20:19.097 166 INFO rally.task.runner [-] Task c5b873dc-2dd1-410b-8284-33819458bc88 | ITER: 47 START
2019-12-02 18:20:20.154 140 INFO rally.task.runner [-] Task c5b873dc-2dd1-410b-8284-33819458bc88 | ITER: 24 END: OK
2019-12-02 18:20:20.158 140 INFO rally.task.runner [-] Task c5b873dc-2dd1-410b-8284-33819458bc88 | ITER: 48 START
2019-12-02 18:20:21.011 174 INFO rally.task.runner [-] Task c5b873dc-2dd1-410b-8284-33819458bc88 | ITER: 26 END: OK
2019-12-02 18:20:21.015 174 INFO rally.task.runner [-] Task c5b873dc-2dd1-410b-8284-33819458bc88 | ITER: 49 START
2019-12-02 18:20:21.015 175 INFO rally.task.runner [-] Task c5b873dc-2dd1-410b-8284-33819458bc88 | ITER: 27 END: OK
2019-12-02 18:20:21.019 175 INFO rally.task.runner [-] Task c5b873dc-2dd1-410b-8284-33819458bc88 | ITER: 50 START
2019-12-02 18:20:21.047 139 INFO rally.task.runner [-] Task c5b873dc-2dd1-410b-8284-33819458bc88 | ITER: 28 END: OK
2019-12-02 18:20:21.051 139 INFO rally.task.runner [-] Task c5b873dc-2dd1-410b-8284-33819458bc88 | ITER: 51 START
2019-12-02 18:20:21.096 163 INFO rally.task.runner [-] Task c5b873dc-2dd1-410b-8284-33819458bc88 | ITER: 33 END: OK
2019-12-02 18:20:21.100 163 INFO rally.task.runner [-] Task c5b873dc-2dd1-410b-8284-33819458bc88 | ITER: 52 START
2019-12-02 18:20:22.534 148 INFO rally.task.runner [-] Task c5b873dc-2dd1-410b-8284-33819458bc88 | ITER: 34 END: OK
2019-12-02 18:20:22.538 148 INFO rally.task.runner [-] Task c5b873dc-2dd1-410b-8284-33819458bc88 | ITER: 53 START
2019-12-02 18:20:22.743 157 INFO rally.task.runner [-] Task c5b873dc-2dd1-410b-8284-33819458bc88 | ITER: 36 END: OK
2019-12-02 18:20:22.747 157 INFO rally.task.runner [-] Task c5b873dc-2dd1-410b-8284-33819458bc88 | ITER: 54 START
2019-12-02 18:20:22.813 154 INFO rally.task.runner [-] Task c5b873dc-2dd1-410b-8284-33819458bc88 | ITER: 35 END: OK
2019-12-02 18:20:22.817 154 INFO rally.task.runner [-] Task c5b873dc-2dd1-410b-8284-33819458bc88 | ITER: 55 START
2019-12-02 18:20:22.831 141 INFO rally.task.runner [-] Task c5b873dc-2dd1-410b-8284-33819458bc88 | ITER: 40 END: OK
2019-12-02 18:20:22.835 141 INFO rally.task.runner [-] Task c5b873dc-2dd1-410b-8284-33819458bc88 | ITER: 56 START
2019-12-02 18:20:22.835 151 INFO rally.task.runner [-] Task c5b873dc-2dd1-410b-8284-33819458bc88 | ITER: 30 END: OK
2019-12-02 18:20:22.839 151 INFO rally.task.runner [-] Task c5b873dc-2dd1-410b-8284-33819458bc88 | ITER: 57 START
2019-12-02 18:20:23.120 142 INFO rally.task.runner [-] Task c5b873dc-2dd1-410b-8284-33819458bc88 | ITER: 38 END: OK
2019-12-02 18:20:23.123 142 INFO rally.task.runner [-] Task c5b873dc-2dd1-410b-8284-33819458bc88 | ITER: 58 START
2019-12-02 18:20:23.200 178 INFO rally.task.runner [-] Task c5b873dc-2dd1-410b-8284-33819458bc88 | ITER: 41 END: OK
2019-12-02 18:20:23.203 178 INFO rally.task.runner [-] Task c5b873dc-2dd1-410b-8284-33819458bc88 | ITER: 59 START
2019-12-02 18:20:23.408 169 INFO rally.task.runner [-] Task c5b873dc-2dd1-410b-8284-33819458bc88 | ITER: 44 END: OK
2019-12-02 18:20:23.412 169 INFO rally.task.runner [-] Task c5b873dc-2dd1-410b-8284-33819458bc88 | ITER: 60 START
2019-12-02 18:20:23.432 188 INFO rally.task.runner [-] Task c5b873dc-2dd1-410b-8284-33819458bc88 | ITER: 39 END: OK
2019-12-02 18:20:23.436 188 INFO rally.task.runner [-] Task c5b873dc-2dd1-410b-8284-33819458bc88 | ITER: 61 START
2019-12-02 18:20:24.007 140 INFO rally.task.runner [-] Task c5b873dc-2dd1-410b-8284-33819458bc88 | ITER: 48 END: OK
2019-12-02 18:20:24.011 140 INFO rally.task.runner [-] Task c5b873dc-2dd1-410b-8284-33819458bc88 | ITER: 62 START
2019-12-02 18:20:24.040 183 INFO rally.task.runner [-] Task c5b873dc-2dd1-410b-8284-33819458bc88 | ITER: 45 END: OK
2019-12-02 18:20:24.044 183 INFO rally.task.runner [-] Task c5b873dc-2dd1-410b-8284-33819458bc88 | ITER: 63 START
2019-12-02 18:20:24.247 160 INFO rally.task.runner [-] Task c5b873dc-2dd1-410b-8284-33819458bc88 | ITER: 37 END: OK
2019-12-02 18:20:24.250 160 INFO rally.task.runner [-] Task c5b873dc-2dd1-410b-8284-33819458bc88 | ITER: 64 START
2019-12-02 18:20:24.611 175 INFO rally.task.runner [-] Task c5b873dc-2dd1-410b-8284-33819458bc88 | ITER: 50 END: OK
2019-12-02 18:20:24.614 175 INFO rally.task.runner [-] Task c5b873dc-2dd1-410b-8284-33819458bc88 | ITER: 65 START
2019-12-02 18:20:24.750 190 INFO rally.task.runner [-] Task c5b873dc-2dd1-410b-8284-33819458bc88 | ITER: 42 END: OK
2019-12-02 18:20:24.753 190 INFO rally.task.runner [-] Task c5b873dc-2dd1-410b-8284-33819458bc88 | ITER: 66 START
2019-12-02 18:20:26.262 144 INFO rally.task.runner [-] Task c5b873dc-2dd1-410b-8284-33819458bc88 | ITER: 43 END: OK
2019-12-02 18:20:26.266 144 INFO rally.task.runner [-] Task c5b873dc-2dd1-410b-8284-33819458bc88 | ITER: 67 START
2019-12-02 18:20:26.274 184 INFO rally.task.runner [-] Task c5b873dc-2dd1-410b-8284-33819458bc88 | ITER: 46 END: OK
2019-12-02 18:20:26.278 184 INFO rally.task.runner [-] Task c5b873dc-2dd1-410b-8284-33819458bc88 | ITER: 68 START
2019-12-02 18:20:26.284 148 INFO rally.task.runner [-] Task c5b873dc-2dd1-410b-8284-33819458bc88 | ITER: 53 END: OK
2019-12-02 18:20:26.287 148 INFO rally.task.runner [-] Task c5b873dc-2dd1-410b-8284-33819458bc88 | ITER: 69 START
2019-12-02 18:20:26.307 139 INFO rally.task.runner [-] Task c5b873dc-2dd1-410b-8284-33819458bc88 | ITER: 51 END: OK
2019-12-02 18:20:26.311 139 INFO rally.task.runner [-] Task c5b873dc-2dd1-410b-8284-33819458bc88 | ITER: 70 START
2019-12-02 18:20:27.086 163 INFO rally.task.runner [-] Task c5b873dc-2dd1-410b-8284-33819458bc88 | ITER: 52 END: OK
2019-12-02 18:20:27.089 163 INFO rally.task.runner [-] Task c5b873dc-2dd1-410b-8284-33819458bc88 | ITER: 71 START
2019-12-02 18:20:27.620 154 INFO rally.task.runner [-] Task c5b873dc-2dd1-410b-8284-33819458bc88 | ITER: 55 END: OK
2019-12-02 18:20:27.624 154 INFO rally.task.runner [-] Task c5b873dc-2dd1-410b-8284-33819458bc88 | ITER: 72 START
2019-12-02 18:20:27.787 178 INFO rally.task.runner [-] Task c5b873dc-2dd1-410b-8284-33819458bc88 | ITER: 59 END: OK
2019-12-02 18:20:27.791 178 INFO rally.task.runner [-] Task c5b873dc-2dd1-410b-8284-33819458bc88 | ITER: 73 START
2019-12-02 18:20:28.076 141 INFO rally.task.runner [-] Task c5b873dc-2dd1-410b-8284-33819458bc88 | ITER: 56 END: OK
2019-12-02 18:20:28.080 141 INFO rally.task.runner [-] Task c5b873dc-2dd1-410b-8284-33819458bc88 | ITER: 74 START
2019-12-02 18:20:28.896 142 INFO rally.task.runner [-] Task c5b873dc-2dd1-410b-8284-33819458bc88 | ITER: 58 END: OK
2019-12-02 18:20:28.899 142 INFO rally.task.runner [-] Task c5b873dc-2dd1-410b-8284-33819458bc88 | ITER: 75 START
2019-12-02 18:20:28.994 166 INFO rally.task.runner [-] Task c5b873dc-2dd1-410b-8284-33819458bc88 | ITER: 47 END: OK
2019-12-02 18:20:28.998 166 INFO rally.task.runner [-] Task c5b873dc-2dd1-410b-8284-33819458bc88 | ITER: 76 START
2019-12-02 18:20:29.826 174 INFO rally.task.runner [-] Task c5b873dc-2dd1-410b-8284-33819458bc88 | ITER: 49 END: OK
2019-12-02 18:20:29.830 174 INFO rally.task.runner [-] Task c5b873dc-2dd1-410b-8284-33819458bc88 | ITER: 77 START
2019-12-02 18:20:30.057 169 INFO rally.task.runner [-] Task c5b873dc-2dd1-410b-8284-33819458bc88 | ITER: 60 END: OK
2019-12-02 18:20:30.061 169 INFO rally.task.runner [-] Task c5b873dc-2dd1-410b-8284-33819458bc88 | ITER: 78 START
2019-12-02 18:20:30.150 140 INFO rally.task.runner [-] Task c5b873dc-2dd1-410b-8284-33819458bc88 | ITER: 62 END: OK
2019-12-02 18:20:30.154 140 INFO rally.task.runner [-] Task c5b873dc-2dd1-410b-8284-33819458bc88 | ITER: 79 START
2019-12-02 18:20:30.366 183 INFO rally.task.runner [-] Task c5b873dc-2dd1-410b-8284-33819458bc88 | ITER: 63 END: OK
2019-12-02 18:20:30.370 183 INFO rally.task.runner [-] Task c5b873dc-2dd1-410b-8284-33819458bc88 | ITER: 80 START
2019-12-02 18:20:30.411 160 INFO rally.task.runner [-] Task c5b873dc-2dd1-410b-8284-33819458bc88 | ITER: 64 END: OK
2019-12-02 18:20:30.415 160 INFO rally.task.runner [-] Task c5b873dc-2dd1-410b-8284-33819458bc88 | ITER: 81 START
2019-12-02 18:20:30.418 151 INFO rally.task.runner [-] Task c5b873dc-2dd1-410b-8284-33819458bc88 | ITER: 57 END: OK
2019-12-02 18:20:30.421 151 INFO rally.task.runner [-] Task c5b873dc-2dd1-410b-8284-33819458bc88 | ITER: 82 START
2019-12-02 18:20:30.423 157 INFO rally.task.runner [-] Task c5b873dc-2dd1-410b-8284-33819458bc88 | ITER: 54 END: OK
2019-12-02 18:20:30.427 157 INFO rally.task.runner [-] Task c5b873dc-2dd1-410b-8284-33819458bc88 | ITER: 83 START
2019-12-02 18:20:30.643 190 INFO rally.task.runner [-] Task c5b873dc-2dd1-410b-8284-33819458bc88 | ITER: 66 END: OK
2019-12-02 18:20:30.647 190 INFO rally.task.runner [-] Task c5b873dc-2dd1-410b-8284-33819458bc88 | ITER: 84 START
2019-12-02 18:20:33.171 184 INFO rally.task.runner [-] Task c5b873dc-2dd1-410b-8284-33819458bc88 | ITER: 68 END: OK
2019-12-02 18:20:33.174 184 INFO rally.task.runner [-] Task c5b873dc-2dd1-410b-8284-33819458bc88 | ITER: 85 START
2019-12-02 18:20:33.262 175 INFO rally.task.runner [-] Task c5b873dc-2dd1-410b-8284-33819458bc88 | ITER: 65 END: OK
2019-12-02 18:20:33.266 175 INFO rally.task.runner [-] Task c5b873dc-2dd1-410b-8284-33819458bc88 | ITER: 86 START
2019-12-02 18:20:33.298 188 INFO rally.task.runner [-] Task c5b873dc-2dd1-410b-8284-33819458bc88 | ITER: 61 END: OK
2019-12-02 18:20:33.301 188 INFO rally.task.runner [-] Task c5b873dc-2dd1-410b-8284-33819458bc88 | ITER: 87 START
2019-12-02 18:20:33.352 148 INFO rally.task.runner [-] Task c5b873dc-2dd1-410b-8284-33819458bc88 | ITER: 69 END: OK
2019-12-02 18:20:33.356 148 INFO rally.task.runner [-] Task c5b873dc-2dd1-410b-8284-33819458bc88 | ITER: 88 START
2019-12-02 18:20:33.444 144 INFO rally.task.runner [-] Task c5b873dc-2dd1-410b-8284-33819458bc88 | ITER: 67 END: OK
2019-12-02 18:20:33.447 144 INFO rally.task.runner [-] Task c5b873dc-2dd1-410b-8284-33819458bc88 | ITER: 89 START
2019-12-02 18:20:33.472 139 INFO rally.task.runner [-] Task c5b873dc-2dd1-410b-8284-33819458bc88 | ITER: 70 END: OK
2019-12-02 18:20:33.476 139 INFO rally.task.runner [-] Task c5b873dc-2dd1-410b-8284-33819458bc88 | ITER: 90 START
2019-12-02 18:20:33.627 163 INFO rally.task.runner [-] Task c5b873dc-2dd1-410b-8284-33819458bc88 | ITER: 71 END: OK
2019-12-02 18:20:33.631 163 INFO rally.task.runner [-] Task c5b873dc-2dd1-410b-8284-33819458bc88 | ITER: 91 START
2019-12-02 18:20:33.698 141 INFO rally.task.runner [-] Task c5b873dc-2dd1-410b-8284-33819458bc88 | ITER: 74 END: OK
2019-12-02 18:20:33.702 141 INFO rally.task.runner [-] Task c5b873dc-2dd1-410b-8284-33819458bc88 | ITER: 92 START
2019-12-02 18:20:34.218 174 INFO rally.task.runner [-] Task c5b873dc-2dd1-410b-8284-33819458bc88 | ITER: 77 END: OK
2019-12-02 18:20:34.222 174 INFO rally.task.runner [-] Task c5b873dc-2dd1-410b-8284-33819458bc88 | ITER: 93 START
2019-12-02 18:20:36.388 140 INFO rally.task.runner [-] Task c5b873dc-2dd1-410b-8284-33819458bc88 | ITER: 79 END: OK
2019-12-02 18:20:36.391 140 INFO rally.task.runner [-] Task c5b873dc-2dd1-410b-8284-33819458bc88 | ITER: 94 START
2019-12-02 18:20:36.395 157 INFO rally.task.runner [-] Task c5b873dc-2dd1-410b-8284-33819458bc88 | ITER: 83 END: OK
2019-12-02 18:20:36.399 157 INFO rally.task.runner [-] Task c5b873dc-2dd1-410b-8284-33819458bc88 | ITER: 95 START
2019-12-02 18:20:36.444 151 INFO rally.task.runner [-] Task c5b873dc-2dd1-410b-8284-33819458bc88 | ITER: 82 END: OK
2019-12-02 18:20:36.450 151 INFO rally.task.runner [-] Task c5b873dc-2dd1-410b-8284-33819458bc88 | ITER: 96 START
2019-12-02 18:20:36.455 169 INFO rally.task.runner [-] Task c5b873dc-2dd1-410b-8284-33819458bc88 | ITER: 78 END: OK
2019-12-02 18:20:36.458 169 INFO rally.task.runner [-] Task c5b873dc-2dd1-410b-8284-33819458bc88 | ITER: 97 START
2019-12-02 18:20:36.496 178 INFO rally.task.runner [-] Task c5b873dc-2dd1-410b-8284-33819458bc88 | ITER: 73 END: OK
2019-12-02 18:20:36.500 178 INFO rally.task.runner [-] Task c5b873dc-2dd1-410b-8284-33819458bc88 | ITER: 98 START
2019-12-02 18:20:36.519 154 INFO rally.task.runner [-] Task c5b873dc-2dd1-410b-8284-33819458bc88 | ITER: 72 END: OK
2019-12-02 18:20:36.528 154 INFO rally.task.runner [-] Task c5b873dc-2dd1-410b-8284-33819458bc88 | ITER: 99 START
2019-12-02 18:20:36.536 183 INFO rally.task.runner [-] Task c5b873dc-2dd1-410b-8284-33819458bc88 | ITER: 80 END: OK
2019-12-02 18:20:36.539 142 INFO rally.task.runner [-] Task c5b873dc-2dd1-410b-8284-33819458bc88 | ITER: 75 END: OK
2019-12-02 18:20:36.540 183 INFO rally.task.runner [-] Task c5b873dc-2dd1-410b-8284-33819458bc88 | ITER: 100 START
2019-12-02 18:20:36.581 160 INFO rally.task.runner [-] Task c5b873dc-2dd1-410b-8284-33819458bc88 | ITER: 81 END: OK
2019-12-02 18:20:36.711 166 INFO rally.task.runner [-] Task c5b873dc-2dd1-410b-8284-33819458bc88 | ITER: 76 END: OK
2019-12-02 18:20:37.774 190 INFO rally.task.runner [-] Task c5b873dc-2dd1-410b-8284-33819458bc88 | ITER: 84 END: OK
2019-12-02 18:20:38.503 148 INFO rally.task.runner [-] Task c5b873dc-2dd1-410b-8284-33819458bc88 | ITER: 88 END: OK
2019-12-02 18:20:38.744 188 INFO rally.task.runner [-] Task c5b873dc-2dd1-410b-8284-33819458bc88 | ITER: 87 END: OK
2019-12-02 18:20:38.830 184 INFO rally.task.runner [-] Task c5b873dc-2dd1-410b-8284-33819458bc88 | ITER: 85 END: OK
2019-12-02 18:20:38.943 174 INFO rally.task.runner [-] Task c5b873dc-2dd1-410b-8284-33819458bc88 | ITER: 93 END: OK
2019-12-02 18:20:39.143 175 INFO rally.task.runner [-] Task c5b873dc-2dd1-410b-8284-33819458bc88 | ITER: 86 END: OK
2019-12-02 18:20:39.223 141 INFO rally.task.runner [-] Task c5b873dc-2dd1-410b-8284-33819458bc88 | ITER: 92 END: OK
2019-12-02 18:20:39.861 144 INFO rally.task.runner [-] Task c5b873dc-2dd1-410b-8284-33819458bc88 | ITER: 89 END: OK
2019-12-02 18:20:40.170 163 INFO rally.task.runner [-] Task c5b873dc-2dd1-410b-8284-33819458bc88 | ITER: 91 END: OK
2019-12-02 18:20:40.612 139 INFO rally.task.runner [-] Task c5b873dc-2dd1-410b-8284-33819458bc88 | ITER: 90 END: OK
2019-12-02 18:20:41.142 169 INFO rally.task.runner [-] Task c5b873dc-2dd1-410b-8284-33819458bc88 | ITER: 97 END: OK
2019-12-02 18:20:41.173 157 INFO rally.task.runner [-] Task c5b873dc-2dd1-410b-8284-33819458bc88 | ITER: 95 END: OK
2019-12-02 18:20:41.179 140 INFO rally.task.runner [-] Task c5b873dc-2dd1-410b-8284-33819458bc88 | ITER: 94 END: OK
2019-12-02 18:20:41.358 183 INFO rally.task.runner [-] Task c5b873dc-2dd1-410b-8284-33819458bc88 | ITER: 100 END: OK
2019-12-02 18:20:41.378 178 INFO rally.task.runner [-] Task c5b873dc-2dd1-410b-8284-33819458bc88 | ITER: 98 END: OK
2019-12-02 18:20:42.137 151 INFO rally.task.runner [-] Task c5b873dc-2dd1-410b-8284-33819458bc88 | ITER: 96 END: OK
2019-12-02 18:20:42.427 154 INFO rally.task.runner [-] Task c5b873dc-2dd1-410b-8284-33819458bc88 | ITER: 99 END: OK
2019-12-02 18:20:42.448 15 INFO rally.task.context [-] Task c5b873dc-2dd1-410b-8284-33819458bc88 | Context cleanup@openstack cleanup() started
2019-12-02 18:20:42.451 15 RALLYDEBUG rally_openstack.cleanup.manager [-] Cleaning up neutron vip objects
2019-12-02 18:20:42.671 15 RALLYDEBUG rally_openstack.cleanup.manager [-] Cleaning up neutron health_monitor objects
2019-12-02 18:20:42.879 15 RALLYDEBUG rally_openstack.cleanup.manager [-] Cleaning up neutron pool objects
2019-12-02 18:20:43.095 15 RALLYDEBUG rally_openstack.cleanup.manager [-] Cleaning up neutron loadbalancer objects
2019-12-02 18:20:43.301 15 RALLYDEBUG rally_openstack.cleanup.manager [-] Cleaning up neutron floatingip objects
2019-12-02 18:20:43.536 15 RALLYDEBUG rally_openstack.cleanup.manager [-] Cleaning up neutron trunk objects
2019-12-02 18:20:43.735 15 DEBUG neutronclient.v2_0.client [-] Error message: {"message": "The resource could not be found.

\n\n\n", "code": "404 Not Found", "title": "Not Found"} _handle_fault_response /usr/lib/python2.7/site-packages/neutronclient/v2_0/client.py:259
2019-12-02 18:20:43.745 15 RALLYDEBUG rally_openstack.cleanup.manager [-] Cleaning up neutron port objects
2019-12-02 18:20:43.987 15 RALLYDEBUG rally_openstack.cleanup.manager [-] Cleaning up neutron subnet objects
2019-12-02 18:20:44.227 15 RALLYDEBUG rally_openstack.cleanup.manager [-] Cleaning up neutron network objects
2019-12-02 18:20:44.920 15 RALLYDEBUG rally_openstack.cleanup.manager [-] Deleting neutron.network object s_rally_b3161336_OpuqK4VG (074cc926-4f42-4633-9f95-f3bbd9774be7)
2019-12-02 18:20:44.929 15 RALLYDEBUG rally_openstack.cleanup.manager [-] Deleting neutron.network object s_rally_b3161336_zrK56G7X (075bf251-48aa-4918-8a84-268a656a14b2)
2019-12-02 18:20:44.934 15 RALLYDEBUG rally_openstack.cleanup.manager [-] Deleting neutron.network object s_rally_b3161336_ZFOAML1p (07cd517f-401b-4033-91bf-fb3f3e5dd953)
2019-12-02 18:20:44.938 15 RALLYDEBUG rally_openstack.cleanup.manager [-] Deleting neutron.network object s_rally_b3161336_PCfYlx9o (06f5c60f-6c5e-47f5-a60d-0eb7eb451dac)
2019-12-02 18:20:44.945 15 RALLYDEBUG rally_openstack.cleanup.manager [-] Deleting neutron.network object s_rally_b3161336_yR2aX3YK (0090201e-ee04-4e09-9a12-ff10816196f1)
2019-12-02 18:20:44.963 15 RALLYDEBUG rally_openstack.cleanup.manager [-] Deleting neutron.network object s_rally_b3161336_JfMXj0Zs (062153b1-5c6c-45d6-8223-13320cbeebe5)
2019-12-02 18:20:44.984 15 RALLYDEBUG rally_openstack.cleanup.manager [-] Deleting neutron.network object s_rally_b3161336_m2Rb0UUe (0e883c47-ef28-477b-820c-26e20a55a94e)
2019-12-02 18:20:44.983 15 RALLYDEBUG rally_openstack.cleanup.manager [-] Deleting neutron.network object s_rally_b3161336_KobsjQ8t (15d17254-a2d0-4acc-87ee-57ca4a9cabbc)
2019-12-02 18:20:44.989 15 RALLYDEBUG rally_openstack.cleanup.manager [-] Deleting neutron.network object s_rally_b3161336_5ak5OxJy (0baea5a5-c632-4d08-8dee-e3607cea2fc7)
2019-12-02 18:20:45.027 15 RALLYDEBUG rally_openstack.cleanup.manager [-] Deleting neutron.network object s_rally_b3161336_o7OHSJR0 (154f2077-e549-4a93-9a7b-dbf1e1652ede)
2019-12-02 18:20:45.043 15 RALLYDEBUG rally_openstack.cleanup.manager [-] Deleting neutron.network object s_rally_b3161336_U30Lvj01 (1fd51a10-4805-4c42-a92f-380f409035e2)
2019-12-02 18:20:45.041 15 RALLYDEBUG rally_openstack.cleanup.manager [-] Deleting neutron.network object s_rally_b3161336_JnDpNhoE (276555a1-ce22-47cb-9f98-a0cb7b1c9a70)
2019-12-02 18:20:45.048 15 RALLYDEBUG rally_openstack.cleanup.manager [-] Deleting neutron.network object s_rally_b3161336_FZ1aFU78 (2a8c60b0-c482-45b2-9881-d408d5637c4a)
2019-12-02 18:20:45.058 15 RALLYDEBUG rally_openstack.cleanup.manager [-] Deleting neutron.network object s_rally_b3161336_YlPiINeF (1644e52e-6274-4d51-99a7-ac62ece1308d)
2019-12-02 18:20:45.092 15 RALLYDEBUG rally_openstack.cleanup.manager [-] Deleting neutron.network object s_rally_b3161336_PtMDAFW7 (3da9ba80-cf92-4ef1-928e-75455a4881ad)
2019-12-02 18:20:45.104 15 RALLYDEBUG rally_openstack.cleanup.manager [-] Deleting neutron.network object s_rally_b3161336_5YeGRPhq (3071f97a-8765-43c9-ba0a-2dbacae68683)
2019-12-02 18:20:45.116 15 RALLYDEBUG rally_openstack.cleanup.manager [-] Deleting neutron.network object s_rally_b3161336_QdlkkMDM (3fdc804c-fa15-4373-a0b1-5a8d29f8b62f)
2019-12-02 18:20:45.119 15 RALLYDEBUG rally_openstack.cleanup.manager [-] Deleting neutron.network object s_rally_b3161336_OnCPnwcO (3db6201e-351c-4c7a-9af1-51915947908e)
2019-12-02 18:20:45.130 15 RALLYDEBUG rally_openstack.cleanup.manager [-] Deleting neutron.network object s_rally_b3161336_xWPU4xZM (3471bd5c-a505-4a16-8c6c-e4299bdabf69)
2019-12-02 18:20:45.131 15 RALLYDEBUG rally_openstack.cleanup.manager [-] Deleting neutron.network object s_rally_b3161336_llxSz3FJ (2f680fc4-79a9-403e-bada-f1d45c1165ee)
2019-12-02 18:20:49.293 15 RALLYDEBUG rally_openstack.cleanup.manager [-] Deleting neutron.network object s_rally_b3161336_U4qxW7eq (413a64c4-791e-497e-8d98-59a751b38ffb)
2019-12-02 18:20:51.560 15 RALLYDEBUG rally_openstack.cleanup.manager [-] Deleting neutron.network object s_rally_b3161336_8YKmtMY6 (41911714-73ca-4458-9567-31f651a012e5)
2019-12-02 18:20:51.646 15 RALLYDEBUG rally_openstack.cleanup.manager [-] Deleting neutron.network object s_rally_b3161336_JsnkdHGg (441a57de-12fe-4f0d-94b6-79248810a865)
2019-12-02 18:20:51.655 15 RALLYDEBUG rally_openstack.cleanup.manager [-] Deleting neutron.network object s_rally_b3161336_Lw6iNQZA (44abeaa1-d53d-4df7-ac8f-e2042aa00cb7)
2019-12-02 18:20:51.673 15 RALLYDEBUG rally_openstack.cleanup.manager [-] Deleting neutron.network object s_rally_b3161336_mAzh7czy (451bde98-58e0-4f0a-92e2-28d22f7b2e96)
2019-12-02 18:20:51.781 15 RALLYDEBUG rally_openstack.cleanup.manager [-] Deleting neutron.network object s_rally_b3161336_bKMil5tU (469db6d9-154e-4601-bf32-7ccb3d45df12)
2019-12-02 18:20:51.790 15 RALLYDEBUG rally_openstack.cleanup.manager [-] Deleting neutron.network object s_rally_b3161336_aTVAX1Bw (494ebde0-51e7-421d-8ce7-ce799e188c67)
2019-12-02 18:20:51.794 15 RALLYDEBUG rally_openstack.cleanup.manager [-] Deleting neutron.network object s_rally_b3161336_zeCzdp7v (4c371c23-ac64-43e3-966d-2d97ec8d4722)
2019-12-02 18:20:51.835 15 RALLYDEBUG rally_openstack.cleanup.manager [-] Deleting neutron.network object s_rally_b3161336_cbDgpsn6 (4d463b2d-bdfd-41a7-bfa7-644f87ffb465)
2019-12-02 18:20:51.963 15 RALLYDEBUG rally_openstack.cleanup.manager [-] Deleting neutron.network object s_rally_b3161336_7tI38tcL (4fac7690-24a5-4864-ae07-dc9c216c3f6b)
2019-12-02 18:20:52.180 15 RALLYDEBUG rally_openstack.cleanup.manager [-] Deleting neutron.network object s_rally_b3161336_Y9M2Oc3X (50884b88-c103-49e5-b80e-826efca4314e)
2019-12-02 18:20:52.187 15 RALLYDEBUG rally_openstack.cleanup.manager [-] Deleting neutron.network object s_rally_b3161336_SjsQrw8D (51d3e272-ceca-4aa0-b87e-108c41e7fca1)
2019-12-02 18:20:52.643 15 RALLYDEBUG rally_openstack.cleanup.manager [-] Deleting neutron.network object s_rally_b3161336_9fYBg3ku (548a00e4-3012-43ea-b4ee-7ccc36aeeabd)
2019-12-02 18:20:53.140 15 RALLYDEBUG rally_openstack.cleanup.manager [-] Deleting neutron.network object s_rally_b3161336_84cPjKsw (5514fbd4-b92c-4ab2-bd88-37954c3b452c)
2019-12-02 18:20:53.863 15 RALLYDEBUG rally_openstack.cleanup.manager [-] Deleting neutron.network object s_rally_b3161336_KcKOf4Mf (5aae32b5-4827-4813-91f5-aabfd1f2a0c3)
2019-12-02 18:20:53.900 15 RALLYDEBUG rally_openstack.cleanup.manager [-] Deleting neutron.network object s_rally_b3161336_2uuM5a1N (5af255d2-1c3c-4f83-978e-ce8ba92d8646)
2019-12-02 18:20:53.949 15 RALLYDEBUG rally_openstack.cleanup.manager [-] Deleting neutron.network object s_rally_b3161336_4E6D5wQ4 (631a6cc6-6289-4c09-9e83-61ba4fd311dc)
2019-12-02 18:20:54.029 15 RALLYDEBUG rally_openstack.cleanup.manager [-] Deleting neutron.network object s_rally_b3161336_wfRCc9ID (636a6698-eaac-47a5-8114-d16da3ad3d1b)
2019-12-02 18:20:54.078 15 RALLYDEBUG rally_openstack.cleanup.manager [-] Deleting neutron.network object s_rally_b3161336_4wNPcrkK (671ceaeb-1c6f-4023-a7c8-84b225a79250)
2019-12-02 18:20:54.655 15 RALLYDEBUG rally_openstack.cleanup.manager [-] Deleting neutron.network object s_rally_b3161336_LUAmOrhE (68d31173-0c48-46f3-9d1a-be43668821cf)
2019-12-02 18:20:54.659 15 RALLYDEBUG rally_openstack.cleanup.manager [-] Deleting neutron.network object s_rally_b3161336_ILrkeMCF (69165345-a19f-4069-b245-d23a9ba20e03)
2019-12-02 18:20:54.839 15 RALLYDEBUG rally_openstack.cleanup.manager [-] Deleting neutron.network object s_rally_b3161336_esgbU0Af (6a1068b2-da35-4587-9cff-eead44bbf786)
2019-12-02 18:20:54.866 15 RALLYDEBUG rally_openstack.cleanup.manager [-] Deleting neutron.network object s_rally_b3161336_hph37KyW (6b34efb3-84ef-4680-a796-610816528c2b)
2019-12-02 18:20:54.876 15 RALLYDEBUG rally_openstack.cleanup.manager [-] Deleting neutron.network object s_rally_b3161336_K715gON0 (6cd10528-576e-4d35-b9a6-11ed90411228)
2019-12-02 18:20:56.982 15 RALLYDEBUG rally_openstack.cleanup.manager [-] Deleting neutron.network object s_rally_b3161336_smpEVgEe (6d7a4a04-3ee3-45cf-8e06-f8d7ac19c67b)
2019-12-02 18:20:59.676 15 RALLYDEBUG rally_openstack.cleanup.manager [-] Deleting neutron.network object s_rally_b3161336_Oo22cX3c (70c1377e-1987-4b39-917e-811021fc82ac)
2019-12-02 18:20:59.690 15 RALLYDEBUG rally_openstack.cleanup.manager [-] Deleting neutron.network object s_rally_b3161336_V80I4Lyu (70ebdbe1-4805-433d-b659-9323d65765db)
2019-12-02 18:20:59.699 15 RALLYDEBUG rally_openstack.cleanup.manager [-] Deleting neutron.network object s_rally_b3161336_WFBVtg9z (726b7766-8331-439c-b5bd-6fa7c42c70d4)
2019-12-02 18:20:59.716 15 RALLYDEBUG rally_openstack.cleanup.manager [-] Deleting neutron.network object s_rally_b3161336_mhWBTy59 (7834d148-af36-499c-a0fa-82b365fdbdec)
2019-12-02 18:20:59.718 15 RALLYDEBUG rally_openstack.cleanup.manager [-] Deleting neutron.network object s_rally_b3161336_Tc1LSKjB (73b703e0-7d1a-4db7-8535-c47bdd83cd00)
2019-12-02 18:20:59.756 15 RALLYDEBUG rally_openstack.cleanup.manager [-] Deleting neutron.network object s_rally_b3161336_iZxOByGa (7be9f1a2-78f5-4cc3-8478-15b6b239a301)
2019-12-02 18:20:59.769 15 RALLYDEBUG rally_openstack.cleanup.manager [-] Deleting neutron.network object s_rally_b3161336_ePdqCpne (80bb6790-5d41-466a-b341-68d803db3951)
2019-12-02 18:20:59.774 15 RALLYDEBUG rally_openstack.cleanup.manager [-] Deleting neutron.network object s_rally_b3161336_2BYbTzqz (8489702c-4c86-401c-a78f-fa0f173b6023)
2019-12-02 18:20:59.789 15 RALLYDEBUG rally_openstack.cleanup.manager [-] Deleting neutron.network object s_rally_b3161336_6w6U2uQ6 (876054be-bfdc-4630-aeae-29ae6ff009ff)
2019-12-02 18:20:59.880 15 RALLYDEBUG rally_openstack.cleanup.manager [-] Deleting neutron.network object s_rally_b3161336_zlR1vIYr (88f362d2-26fa-43bb-9065-458ee1149ee1)
2019-12-02 18:21:00.362 15 RALLYDEBUG rally_openstack.cleanup.manager [-] Deleting neutron.network object s_rally_b3161336_ZZIWWdtS (89e45e96-6142-4893-ad97-324536cbc49a)
2019-12-02 18:21:00.366 15 RALLYDEBUG rally_openstack.cleanup.manager [-] Deleting neutron.network object s_rally_b3161336_NOXx1X5c (8a4d81f4-b4aa-4016-8e47-f4f5f6cdf3aa)
2019-12-02 18:21:00.381 15 RALLYDEBUG rally_openstack.cleanup.manager [-] Deleting neutron.network object s_rally_b3161336_468jamEv (925954e3-d7f1-4385-a531-bfa741e3d6cb)
2019-12-02 18:21:00.381 15 RALLYDEBUG rally_openstack.cleanup.manager [-] Deleting neutron.network object s_rally_b3161336_JYcFjwra (905f4faa-b19e-445c-ae04-f66d9b319185)
2019-12-02 18:21:00.382 15 RALLYDEBUG rally_openstack.cleanup.manager [-] Deleting neutron.network object s_rally_b3161336_DOtZMx5B (94616303-78ca-453b-aac2-74793ee5abad)
2019-12-02 18:21:00.447 15 RALLYDEBUG rally_openstack.cleanup.manager [-] Deleting neutron.network object s_rally_b3161336_IDO6bhUp (9604553b-96f5-47d5-9d91-00bfdab860b6)
2019-12-02 18:21:00.455 15 RALLYDEBUG rally_openstack.cleanup.manager [-] Deleting neutron.network object s_rally_b3161336_4jDUpZ1V (9749d3b0-92be-4668-8d61-fd8c6cfaaf9e)
2019-12-02 18:21:00.992 15 RALLYDEBUG rally_openstack.cleanup.manager [-] Deleting neutron.network object s_rally_b3161336_Vvah5852 (97b27d21-2a4f-42ee-978c-6ce139550249)
2019-12-02 18:21:01.014 15 RALLYDEBUG rally_openstack.cleanup.manager [-] Deleting neutron.network object s_rally_b3161336_SUpId1Kh (99ae4536-0be9-4747-965f-bdc1c0a44e34)
2019-12-02 18:21:01.621 15 RALLYDEBUG rally_openstack.cleanup.manager [-] Deleting neutron.network object s_rally_b3161336_PS4fevKc (9b6ab035-8ed7-469f-aa82-5ce45b7c5c5a)
2019-12-02 18:21:05.601 15 RALLYDEBUG rally_openstack.cleanup.manager [-] Deleting neutron.network object s_rally_b3161336_sEBm9Nzc (9eeb8bf0-595d-475d-943c-07a8197fa593)
2019-12-02 18:21:05.910 15 RALLYDEBUG rally_openstack.cleanup.manager [-] Deleting neutron.network object s_rally_b3161336_VERiHwy1 (a1ac8bb4-5768-4bb3-a97a-8e12bdc11464)
2019-12-02 18:21:05.924 15 RALLYDEBUG rally_openstack.cleanup.manager [-] Deleting neutron.network object s_rally_b3161336_dF34hxFs (a603c114-2c0e-4fcd-babd-e6ebdd29c0c4)
2019-12-02 18:21:05.979 15 RALLYDEBUG rally_openstack.cleanup.manager [-] Deleting neutron.network object s_rally_b3161336_sSKG3tjM (a6da5fe4-1846-42b7-8eed-95b2bb947582)
2019-12-02 18:21:06.012 15 RALLYDEBUG rally_openstack.cleanup.manager [-] Deleting neutron.network object s_rally_b3161336_Xeidqwvx (a91c0b3a-5f53-4c36-92b4-2cf0816595b9)
2019-12-02 18:21:06.116 15 RALLYDEBUG rally_openstack.cleanup.manager [-] Deleting neutron.network object s_rally_b3161336_lvPxfwNL (a9d43546-9978-4cb7-a6bb-3eb1eccd3b9c)
2019-12-02 18:21:06.120 15 RALLYDEBUG rally_openstack.cleanup.manager [-] Deleting neutron.network object s_rally_b3161336_gHtmyleO (ae7ee904-0081-4a6f-9686-a8f20b391b9c)
2019-12-02 18:21:06.830 15 RALLYDEBUG rally_openstack.cleanup.manager [-] Deleting neutron.network object s_rally_b3161336_d9Awe1iJ (af126a93-f64f-4dde-aea7-f588eef4f94d)
2019-12-02 18:21:07.036 15 RALLYDEBUG rally_openstack.cleanup.manager [-] Deleting neutron.network object s_rally_b3161336_X2GCfBeZ (af75f6a9-bf61-4a42-a396-eee3a9f353aa)
2019-12-02 18:21:07.606 15 RALLYDEBUG rally_openstack.cleanup.manager [-] Deleting neutron.network object s_rally_b3161336_Z6kjMy9L (b2b375a3-02ef-4562-85a1-20da2b615ece)
2019-12-02 18:21:07.698 15 RALLYDEBUG rally_openstack.cleanup.manager [-] Deleting neutron.network object s_rally_b3161336_z4X48fPL (b6a40a64-9bf4-4cfd-8583-45702545a0fd)
2019-12-02 18:21:07.745 15 RALLYDEBUG rally_openstack.cleanup.manager [-] Deleting neutron.network object s_rally_b3161336_frUyTqjW (b8dcb874-747d-4ac1-bbda-bbaad32b9ce1)
2019-12-02 18:21:07.911 15 RALLYDEBUG rally_openstack.cleanup.manager [-] Deleting neutron.network object s_rally_b3161336_XXjtpfzh (b94726f3-9727-4fc2-ab32-366449aebd26)
2019-12-02 18:21:08.188 15 RALLYDEBUG rally_openstack.cleanup.manager [-] Deleting neutron.network object s_rally_b3161336_6UbeA26y (bda13c19-9292-41f5-81ee-171c11ebd1ad)
2019-12-02 18:21:08.802 15 RALLYDEBUG rally_openstack.cleanup.manager [-] Deleting neutron.network object s_rally_b3161336_ixjuvdF6 (c648b2a4-9e1f-4181-966d-d35a735c6e08)
