2019-12-02 18:29:51.716 15 INFO rally.task.engine [-] Load duration is: 151.89569
2019-12-02 18:29:51.716 15 INFO rally.task.engine [-] Full runner duration is: 151.945064
2019-12-02 18:29:51.717 15 INFO rally.task.engine [-] Full duration is: 326.218555
2019-12-02 18:29:51.829 15 INFO rally.task.engine [-] Running workload: position = 2 config = { "version": 2, "title": "A cropped version of a bigger task.", "description": "Auto-generated task from a single workload (uuid=6106d015-b3f9-40d7-b197-54bc9747a33f)", "subtasks": [ { "title": "NeutronNetworks.create_and_delete_subnets", "description": "Create and delete a given number of subnets.", "scenario": { "NeutronNetworks.create_and_delete_subnets": { "network_create_args": {}, "subnet_create_args": {}, "subnet_cidr_start": "1.1.0.0/30", "subnets_per_network": 2 } }, "contexts": { "users": { "tenants": 1, "users_per_tenant": 1 }, "quotas": { "neutron": { "network": -1, "subnet": -1 } } }, "runner": { "constant": { "times": 40, "concurrency": 20 } }, "hooks": [], "sla": { "failure_rate": { "max": 0 } } } ] }
2019-12-02 18:29:51.845 15 RALLYDEBUG rally_openstack.contexts.keystone.users [-] Creating 1 tenants using 20 threads
2019-12-02 18:29:52.198 15 RALLYDEBUG rally_openstack.contexts.keystone.users [-] Creating 1 users using 20 threads
2019-12-02 18:29:52.950 15 INFO rally.task.context [-] Task c5b873dc-2dd1-410b-8284-33819458bc88 | Context users@openstack setup() finished in 1.11 sec
2019-12-02 18:29:53.318 15 INFO rally.task.context [-] Task c5b873dc-2dd1-410b-8284-33819458bc88 | Context quotas@openstack setup() finished in 0.37 sec
2019-12-02 18:29:53.318 15 INFO rally.task.context [-] Task c5b873dc-2dd1-410b-8284-33819458bc88 | Context cleanup@openstack setup() finished in 0.01 msec
2019-12-02 18:29:53.328 15 RALLYDEBUG rally.task.runner [-] Starting the constant runner (task UUID: c5b873dc-2dd1-410b-8284-33819458bc88). timeout: 0 concurrency: 20 concurrency_per_worker: 1 times: 40 concurrency_overhead: 0 processes_to_start: 20 max_cpu_used: 88
2019-12-02 18:29:53.343 2269 RALLYDEBUG rally.task.runner [-] Starting a worker. concurrency: 1 args: {"network_create_args": {}, "subnet_create_args": {}, "subnet_cidr_start": "1.1.0.0/30", "subnets_per_network": 2} times: 40 method_name: run timeout: 0 duration: None cls:
2019-12-02 18:29:53.347 2270 RALLYDEBUG rally.task.runner [-] Starting a worker. concurrency: 1 args: {"network_create_args": {}, "subnet_create_args": {}, "subnet_cidr_start": "1.1.0.0/30", "subnets_per_network": 2} times: 40 method_name: run timeout: 0 duration: None cls:
2019-12-02 18:29:53.350 2269 INFO rally.task.runner [-] Task c5b873dc-2dd1-410b-8284-33819458bc88 | ITER: 1 START
2019-12-02 18:29:53.351 2269 WARNING rally_openstack.scenarios.neutron.utils [-] Running this scenario without either the 'network' or 'existing_network' context is deprecated
2019-12-02 18:29:53.350 2271 RALLYDEBUG rally.task.runner [-] Starting a worker. concurrency: 1 args: {"network_create_args": {}, "subnet_create_args": {}, "subnet_cidr_start": "1.1.0.0/30", "subnets_per_network": 2} times: 40 method_name: run timeout: 0 duration: None cls:
2019-12-02 18:29:53.354 2270 INFO rally.task.runner [-] Task c5b873dc-2dd1-410b-8284-33819458bc88 | ITER: 2 START
2019-12-02 18:29:53.353 2272 RALLYDEBUG rally.task.runner [-] Starting a worker. concurrency: 1 args: {"network_create_args": {}, "subnet_create_args": {}, "subnet_cidr_start": "1.1.0.0/30", "subnets_per_network": 2} times: 40 method_name: run timeout: 0 duration: None cls:
2019-12-02 18:29:53.355 2270 WARNING rally_openstack.scenarios.neutron.utils [-] Running this scenario without either the 'network' or 'existing_network' context is deprecated
2019-12-02 18:29:53.356 2275 RALLYDEBUG rally.task.runner [-] Starting a worker. concurrency: 1 args: {"network_create_args": {}, "subnet_create_args": {}, "subnet_cidr_start": "1.1.0.0/30", "subnets_per_network": 2} times: 40 method_name: run timeout: 0 duration: None cls:
2019-12-02 18:29:53.357 2271 INFO rally.task.runner [-] Task c5b873dc-2dd1-410b-8284-33819458bc88 | ITER: 3 START
2019-12-02 18:29:53.358 2271 WARNING rally_openstack.scenarios.neutron.utils [-] Running this scenario without either the 'network' or 'existing_network' context is deprecated
2019-12-02 18:29:53.359 2272 INFO rally.task.runner [-] Task c5b873dc-2dd1-410b-8284-33819458bc88 | ITER: 4 START
2019-12-02 18:29:53.359 2276 RALLYDEBUG rally.task.runner [-] Starting a worker. concurrency: 1 args: {"network_create_args": {}, "subnet_create_args": {}, "subnet_cidr_start": "1.1.0.0/30", "subnets_per_network": 2} times: 40 method_name: run timeout: 0 duration: None cls:
2019-12-02 18:29:53.360 2272 WARNING rally_openstack.scenarios.neutron.utils [-] Running this scenario without either the 'network' or 'existing_network' context is deprecated
2019-12-02 18:29:53.362 2275 INFO rally.task.runner [-] Task c5b873dc-2dd1-410b-8284-33819458bc88 | ITER: 5 START
2019-12-02 18:29:53.362 2279 RALLYDEBUG rally.task.runner [-] Starting a worker. concurrency: 1 args: {"network_create_args": {}, "subnet_create_args": {}, "subnet_cidr_start": "1.1.0.0/30", "subnets_per_network": 2} times: 40 method_name: run timeout: 0 duration: None cls:
2019-12-02 18:29:53.363 2275 WARNING rally_openstack.scenarios.neutron.utils [-] Running this scenario without either the 'network' or 'existing_network' context is deprecated
2019-12-02 18:29:53.365 2276 INFO rally.task.runner [-] Task c5b873dc-2dd1-410b-8284-33819458bc88 | ITER: 6 START
2019-12-02 18:29:53.365 2283 RALLYDEBUG rally.task.runner [-] Starting a worker. concurrency: 1 args: {"network_create_args": {}, "subnet_create_args": {}, "subnet_cidr_start": "1.1.0.0/30", "subnets_per_network": 2} times: 40 method_name: run timeout: 0 duration: None cls:
2019-12-02 18:29:53.366 2276 WARNING rally_openstack.scenarios.neutron.utils [-] Running this scenario without either the 'network' or 'existing_network' context is deprecated
2019-12-02 18:29:53.368 2279 INFO rally.task.runner [-] Task c5b873dc-2dd1-410b-8284-33819458bc88 | ITER: 7 START
2019-12-02 18:29:53.368 2286 RALLYDEBUG rally.task.runner [-] Starting a worker. concurrency: 1 args: {"network_create_args": {}, "subnet_create_args": {}, "subnet_cidr_start": "1.1.0.0/30", "subnets_per_network": 2} times: 40 method_name: run timeout: 0 duration: None cls:
2019-12-02 18:29:53.370 2279 WARNING rally_openstack.scenarios.neutron.utils [-] Running this scenario without either the 'network' or 'existing_network' context is deprecated
2019-12-02 18:29:53.371 2289 RALLYDEBUG rally.task.runner [-] Starting a worker. concurrency: 1 args: {"network_create_args": {}, "subnet_create_args": {}, "subnet_cidr_start": "1.1.0.0/30", "subnets_per_network": 2} times: 40 method_name: run timeout: 0 duration: None cls:
2019-12-02 18:29:53.372 2283 INFO rally.task.runner [-] Task c5b873dc-2dd1-410b-8284-33819458bc88 | ITER: 8 START
2019-12-02 18:29:53.373 2283 WARNING rally_openstack.scenarios.neutron.utils [-] Running this scenario without either the 'network' or 'existing_network' context is deprecated
2019-12-02 18:29:53.374 2291 RALLYDEBUG rally.task.runner [-] Starting a worker. concurrency: 1 args: {"network_create_args": {}, "subnet_create_args": {}, "subnet_cidr_start": "1.1.0.0/30", "subnets_per_network": 2} times: 40 method_name: run timeout: 0 duration: None cls:
2019-12-02 18:29:53.374 2286 INFO rally.task.runner [-] Task c5b873dc-2dd1-410b-8284-33819458bc88 | ITER: 9 START
2019-12-02 18:29:53.376 2286 WARNING rally_openstack.scenarios.neutron.utils [-] Running this scenario without either the 'network' or 'existing_network' context is deprecated
2019-12-02 18:29:53.377 2289 INFO rally.task.runner [-] Task c5b873dc-2dd1-410b-8284-33819458bc88 | ITER: 10 START
2019-12-02 18:29:53.377 2294 RALLYDEBUG rally.task.runner [-] Starting a worker. concurrency: 1 args: {"network_create_args": {}, "subnet_create_args": {}, "subnet_cidr_start": "1.1.0.0/30", "subnets_per_network": 2} times: 40 method_name: run timeout: 0 duration: None cls:
2019-12-02 18:29:53.378 2289 WARNING rally_openstack.scenarios.neutron.utils [-] Running this scenario without either the 'network' or 'existing_network' context is deprecated
2019-12-02 18:29:53.379 2297 RALLYDEBUG rally.task.runner [-] Starting a worker. concurrency: 1 args: {"network_create_args": {}, "subnet_create_args": {}, "subnet_cidr_start": "1.1.0.0/30", "subnets_per_network": 2} times: 40 method_name: run timeout: 0 duration: None cls:
2019-12-02 18:29:53.380 2291 INFO rally.task.runner [-] Task c5b873dc-2dd1-410b-8284-33819458bc88 | ITER: 11 START
2019-12-02 18:29:53.381 2291 WARNING rally_openstack.scenarios.neutron.utils [-] Running this scenario without either the 'network' or 'existing_network' context is deprecated
2019-12-02 18:29:53.382 2300 RALLYDEBUG rally.task.runner [-] Starting a worker. concurrency: 1 args: {"network_create_args": {}, "subnet_create_args": {}, "subnet_cidr_start": "1.1.0.0/30", "subnets_per_network": 2} times: 40 method_name: run timeout: 0 duration: None cls:
2019-12-02 18:29:53.383 2294 INFO rally.task.runner [-] Task c5b873dc-2dd1-410b-8284-33819458bc88 | ITER: 12 START
2019-12-02 18:29:53.384 2294 WARNING rally_openstack.scenarios.neutron.utils [-] Running this scenario without either the 'network' or 'existing_network' context is deprecated
2019-12-02 18:29:53.385 2297 INFO rally.task.runner [-] Task c5b873dc-2dd1-410b-8284-33819458bc88 | ITER: 13 START
2019-12-02 18:29:53.384 2303 RALLYDEBUG rally.task.runner [-] Starting a worker. concurrency: 1 args: {"network_create_args": {}, "subnet_create_args": {}, "subnet_cidr_start": "1.1.0.0/30", "subnets_per_network": 2} times: 40 method_name: run timeout: 0 duration: None cls:
2019-12-02 18:29:53.386 2297 WARNING rally_openstack.scenarios.neutron.utils [-] Running this scenario without either the 'network' or 'existing_network' context is deprecated
2019-12-02 18:29:53.387 2300 INFO rally.task.runner [-] Task c5b873dc-2dd1-410b-8284-33819458bc88 | ITER: 14 START
2019-12-02 18:29:53.388 2300 WARNING rally_openstack.scenarios.neutron.utils [-] Running this scenario without either the 'network' or 'existing_network' context is deprecated
2019-12-02 18:29:53.388 2306 RALLYDEBUG rally.task.runner [-] Starting a worker. concurrency: 1 args: {"network_create_args": {}, "subnet_create_args": {}, "subnet_cidr_start": "1.1.0.0/30", "subnets_per_network": 2} times: 40 method_name: run timeout: 0 duration: None cls:
2019-12-02 18:29:53.390 2303 INFO rally.task.runner [-] Task c5b873dc-2dd1-410b-8284-33819458bc88 | ITER: 15 START
2019-12-02 18:29:53.390 2311 RALLYDEBUG rally.task.runner [-] Starting a worker. concurrency: 1 args: {"network_create_args": {}, "subnet_create_args": {}, "subnet_cidr_start": "1.1.0.0/30", "subnets_per_network": 2} times: 40 method_name: run timeout: 0 duration: None cls:
2019-12-02 18:29:53.391 2303 WARNING rally_openstack.scenarios.neutron.utils [-] Running this scenario without either the 'network' or 'existing_network' context is deprecated
2019-12-02 18:29:53.395 2311 INFO rally.task.runner [-] Task c5b873dc-2dd1-410b-8284-33819458bc88 | ITER: 17 START
2019-12-02 18:29:53.394 2306 INFO rally.task.runner [-] Task c5b873dc-2dd1-410b-8284-33819458bc88 | ITER: 16 START
2019-12-02 18:29:53.394 2314 RALLYDEBUG rally.task.runner [-] Starting a worker. concurrency: 1 args: {"network_create_args": {}, "subnet_create_args": {}, "subnet_cidr_start": "1.1.0.0/30", "subnets_per_network": 2} times: 40 method_name: run timeout: 0 duration: None cls:
2019-12-02 18:29:53.395 2311 WARNING rally_openstack.scenarios.neutron.utils [-] Running this scenario without either the 'network' or 'existing_network' context is deprecated
2019-12-02 18:29:53.396 2306 WARNING rally_openstack.scenarios.neutron.utils [-] Running this scenario without either the 'network' or 'existing_network' context is deprecated
2019-12-02 18:29:53.397 2317 RALLYDEBUG rally.task.runner [-] Starting a worker. concurrency: 1 args: {"network_create_args": {}, "subnet_create_args": {}, "subnet_cidr_start": "1.1.0.0/30", "subnets_per_network": 2} times: 40 method_name: run timeout: 0 duration: None cls:
2019-12-02 18:29:53.400 2318 RALLYDEBUG rally.task.runner [-] Starting a worker. concurrency: 1 args: {"network_create_args": {}, "subnet_create_args": {}, "subnet_cidr_start": "1.1.0.0/30", "subnets_per_network": 2} times: 40 method_name: run timeout: 0 duration: None cls:
2019-12-02 18:29:53.400 2314 INFO rally.task.runner [-] Task c5b873dc-2dd1-410b-8284-33819458bc88 | ITER: 18 START
2019-12-02 18:29:53.402 2314 WARNING rally_openstack.scenarios.neutron.utils [-] Running this scenario without either the 'network' or 'existing_network' context is deprecated
2019-12-02 18:29:53.403 2317 INFO rally.task.runner [-] Task c5b873dc-2dd1-410b-8284-33819458bc88 | ITER: 19 START
2019-12-02 18:29:53.404 2317 WARNING rally_openstack.scenarios.neutron.utils [-] Running this scenario without either the 'network' or 'existing_network' context is deprecated
2019-12-02 18:29:53.406 2318 INFO rally.task.runner [-] Task c5b873dc-2dd1-410b-8284-33819458bc88 | ITER: 20 START
2019-12-02 18:29:53.407 2318 WARNING rally_openstack.scenarios.neutron.utils [-] Running this scenario without either the 'network' or 'existing_network' context is deprecated
2019-12-02 18:29:54.465 2270 RALLYDEBUG rally_openstack.wrappers.network [-] CIDR generated: 1.1.4.96/30
2019-12-02 18:29:55.594 2291 RALLYDEBUG rally_openstack.wrappers.network [-] CIDR generated: 1.1.4.100/30
2019-12-02 18:29:55.660 2279 RALLYDEBUG rally_openstack.wrappers.network [-] CIDR generated: 1.1.4.104/30
2019-12-02 18:29:55.697 2286 RALLYDEBUG rally_openstack.wrappers.network [-] CIDR generated: 1.1.4.108/30
2019-12-02 18:29:56.036 2269 RALLYDEBUG rally_openstack.wrappers.network [-] CIDR generated: 1.1.4.112/30
2019-12-02 18:29:56.069 2311 RALLYDEBUG rally_openstack.wrappers.network [-] CIDR generated: 1.1.4.116/30
2019-12-02 18:29:56.084 2272 RALLYDEBUG rally_openstack.wrappers.network [-] CIDR generated: 1.1.4.120/30
2019-12-02 18:29:56.165 2317 RALLYDEBUG rally_openstack.wrappers.network [-] CIDR generated: 1.1.4.124/30
2019-12-02 18:29:56.186 2271 RALLYDEBUG rally_openstack.wrappers.network [-] CIDR generated: 1.1.4.128/30
2019-12-02 18:29:56.373 2283 RALLYDEBUG rally_openstack.wrappers.network [-] CIDR generated: 1.1.4.132/30
2019-12-02 18:29:56.599 2314 RALLYDEBUG rally_openstack.wrappers.network [-] CIDR generated: 1.1.4.136/30
2019-12-02 18:29:56.634 2300 RALLYDEBUG rally_openstack.wrappers.network [-] CIDR generated: 1.1.4.140/30
2019-12-02 18:29:57.184 2318 RALLYDEBUG rally_openstack.wrappers.network [-] CIDR generated: 1.1.4.144/30
2019-12-02 18:29:57.914 2269 RALLYDEBUG rally_openstack.wrappers.network [-] CIDR generated: 1.1.4.148/30
2019-12-02 18:29:58.008 2275 RALLYDEBUG rally_openstack.wrappers.network [-] CIDR generated: 1.1.4.152/30
2019-12-02 18:29:58.038 2289 RALLYDEBUG rally_openstack.wrappers.network [-] CIDR generated: 1.1.4.156/30
2019-12-02 18:29:58.406 2276 RALLYDEBUG rally_openstack.wrappers.network [-] CIDR generated: 1.1.4.160/30
2019-12-02 18:29:58.630 2306 RALLYDEBUG rally_openstack.wrappers.network [-] CIDR generated: 1.1.4.164/30
2019-12-02 18:29:58.760 2297 RALLYDEBUG rally_openstack.wrappers.network [-] CIDR generated: 1.1.4.168/30
2019-12-02 18:29:58.863 2303 RALLYDEBUG rally_openstack.wrappers.network [-] CIDR generated: 1.1.4.172/30
2019-12-02 18:29:58.914 2294 RALLYDEBUG rally_openstack.wrappers.network [-] CIDR generated: 1.1.4.176/30
2019-12-02 18:29:59.899 2318 RALLYDEBUG rally_openstack.wrappers.network [-] CIDR generated: 1.1.4.180/30
2019-12-02 18:30:00.189 2270 RALLYDEBUG rally_openstack.wrappers.network [-] CIDR generated: 1.1.4.184/30
2019-12-02 18:30:02.045 2289 RALLYDEBUG rally_openstack.wrappers.network [-] CIDR generated: 1.1.4.188/30
2019-12-02 18:30:02.047 2275 RALLYDEBUG rally_openstack.wrappers.network [-] CIDR generated: 1.1.4.192/30
2019-12-02 18:30:02.519 2276 RALLYDEBUG rally_openstack.wrappers.network [-] CIDR generated: 1.1.4.196/30
2019-12-02 18:30:02.534 2306 RALLYDEBUG rally_openstack.wrappers.network [-] CIDR generated: 1.1.4.200/30
2019-12-02 18:30:02.602 2297 RALLYDEBUG rally_openstack.wrappers.network [-] CIDR generated: 1.1.4.204/30
2019-12-02 18:30:02.633 2303 RALLYDEBUG rally_openstack.wrappers.network [-] CIDR generated: 1.1.4.208/30
2019-12-02 18:30:02.639 2294 RALLYDEBUG rally_openstack.wrappers.network [-] CIDR generated: 1.1.4.212/30
2019-12-02 18:30:04.140 2291 RALLYDEBUG rally_openstack.wrappers.network [-] CIDR generated: 1.1.4.216/30
2019-12-02 18:30:04.283 2286 RALLYDEBUG rally_openstack.wrappers.network [-] CIDR generated: 1.1.4.220/30
2019-12-02 18:30:04.333 2279 RALLYDEBUG rally_openstack.wrappers.network [-] CIDR generated: 1.1.4.224/30
2019-12-02 18:30:04.555 2272 RALLYDEBUG rally_openstack.wrappers.network [-] CIDR generated: 1.1.4.228/30
2019-12-02 18:30:04.636 2283 RALLYDEBUG rally_openstack.wrappers.network [-] CIDR generated: 1.1.4.232/30
2019-12-02 18:30:05.092 2300 RALLYDEBUG rally_openstack.wrappers.network [-] CIDR generated: 1.1.4.236/30
2019-12-02 18:30:05.112 2311 RALLYDEBUG rally_openstack.wrappers.network [-] CIDR generated: 1.1.4.240/30
2019-12-02 18:30:05.220 2317 RALLYDEBUG rally_openstack.wrappers.network [-] CIDR generated: 1.1.4.244/30
2019-12-02 18:30:05.272 2271 RALLYDEBUG rally_openstack.wrappers.network [-] CIDR generated: 1.1.4.248/30
2019-12-02 18:30:05.318 2314 RALLYDEBUG rally_openstack.wrappers.network [-] CIDR generated: 1.1.4.252/30
2019-12-02 18:30:17.670 2297 INFO rally.task.runner [-] Task c5b873dc-2dd1-410b-8284-33819458bc88 | ITER: 13 END: OK
2019-12-02 18:30:17.674 2297 INFO rally.task.runner [-] Task c5b873dc-2dd1-410b-8284-33819458bc88 | ITER: 21 START
2019-12-02 18:30:17.675 2297 WARNING rally_openstack.scenarios.neutron.utils [-] Running this scenario without either the 'network' or 'existing_network' context is deprecated
2019-12-02 18:30:19.895 2297 RALLYDEBUG rally_openstack.wrappers.network [-] CIDR generated: 1.1.5.0/30
2019-12-02 18:30:21.054 2286 INFO rally.task.runner [-] Task c5b873dc-2dd1-410b-8284-33819458bc88 | ITER: 9 END: OK
2019-12-02 18:30:21.059 2286 INFO rally.task.runner [-] Task c5b873dc-2dd1-410b-8284-33819458bc88 | ITER: 22 START
2019-12-02 18:30:21.060 2286 WARNING rally_openstack.scenarios.neutron.utils [-] Running this scenario without either the 'network' or 'existing_network' context is deprecated
2019-12-02 18:30:21.630 2279 INFO rally.task.runner [-] Task c5b873dc-2dd1-410b-8284-33819458bc88 | ITER: 7 END: OK
2019-12-02 18:30:21.638 2279 INFO rally.task.runner [-] Task c5b873dc-2dd1-410b-8284-33819458bc88 | ITER: 23 START
2019-12-02 18:30:21.639 2279 WARNING rally_openstack.scenarios.neutron.utils [-] Running this scenario without either the 'network' or 'existing_network' context is deprecated
2019-12-02 18:30:21.716 2270 INFO rally.task.runner [-] Task c5b873dc-2dd1-410b-8284-33819458bc88 | ITER: 2 END: OK
2019-12-02 18:30:21.726 2270 INFO rally.task.runner [-] Task c5b873dc-2dd1-410b-8284-33819458bc88 | ITER: 24 START
2019-12-02 18:30:21.727 2270 WARNING rally_openstack.scenarios.neutron.utils [-] Running this scenario without either the 'network' or 'existing_network' context is deprecated
2019-12-02 18:30:23.016 2286 RALLYDEBUG rally_openstack.wrappers.network [-] CIDR generated: 1.1.5.4/30
2019-12-02 18:30:23.024 2291 INFO rally.task.runner [-] Task c5b873dc-2dd1-410b-8284-33819458bc88 | ITER: 11 END: OK
2019-12-02 18:30:23.035 2291 INFO rally.task.runner [-] Task c5b873dc-2dd1-410b-8284-33819458bc88 | ITER: 25 START
2019-12-02 18:30:23.037 2291 WARNING rally_openstack.scenarios.neutron.utils [-] Running this scenario without either the 'network' or 'existing_network' context is deprecated
2019-12-02 18:30:23.195 2270 RALLYDEBUG rally_openstack.wrappers.network [-] CIDR generated: 1.1.5.8/30
2019-12-02 18:30:24.100 2291 RALLYDEBUG rally_openstack.wrappers.network [-] CIDR generated: 1.1.5.12/30
2019-12-02 18:30:24.101 2272 INFO rally.task.runner [-] Task c5b873dc-2dd1-410b-8284-33819458bc88 | ITER: 4 END: OK
2019-12-02 18:30:24.109 2272 INFO rally.task.runner [-] Task c5b873dc-2dd1-410b-8284-33819458bc88 | ITER: 26 START
2019-12-02 18:30:24.110 2272 WARNING rally_openstack.scenarios.neutron.utils [-] Running this scenario without either the 'network' or 'existing_network' context is deprecated
2019-12-02 18:30:24.802 2272 RALLYDEBUG rally_openstack.wrappers.network [-] CIDR generated: 1.1.5.16/30
2019-12-02 18:30:25.494 2283 INFO rally.task.runner [-] Task c5b873dc-2dd1-410b-8284-33819458bc88 | ITER: 8 END: OK
2019-12-02 18:30:25.502 2283 INFO rally.task.runner [-] Task c5b873dc-2dd1-410b-8284-33819458bc88 | ITER: 27 START
2019-12-02 18:30:25.504 2283 WARNING rally_openstack.scenarios.neutron.utils [-] Running this scenario without either the 'network' or 'existing_network' context is deprecated
2019-12-02 18:30:27.348 2279 RALLYDEBUG rally_openstack.wrappers.network [-] CIDR generated: 1.1.5.20/30
2019-12-02 18:30:28.004 2279 RALLYDEBUG rally_openstack.wrappers.network [-] CIDR generated: 1.1.5.24/30
2019-12-02 18:30:28.401 2276 INFO rally.task.runner [-] Task c5b873dc-2dd1-410b-8284-33819458bc88 | ITER: 6 END: OK
2019-12-02 18:30:28.408 2276 INFO rally.task.runner [-] Task c5b873dc-2dd1-410b-8284-33819458bc88 | ITER: 28 START
2019-12-02 18:30:28.409 2276 WARNING rally_openstack.scenarios.neutron.utils [-] Running this scenario without either the 'network' or 'existing_network' context is deprecated
2019-12-02 18:30:29.150 2294 INFO rally.task.runner [-] Task c5b873dc-2dd1-410b-8284-33819458bc88 | ITER: 12 END: OK
2019-12-02 18:30:29.158 2294 INFO rally.task.runner [-] Task c5b873dc-2dd1-410b-8284-33819458bc88 | ITER: 29 START
2019-12-02 18:30:29.159 2294 WARNING rally_openstack.scenarios.neutron.utils [-] Running this scenario without either the 'network' or 'existing_network' context is deprecated
2019-12-02 18:30:29.305 2306 INFO rally.task.runner [-] Task c5b873dc-2dd1-410b-8284-33819458bc88 | ITER: 16 END: OK
2019-12-02 18:30:29.314 2306 INFO rally.task.runner [-] Task c5b873dc-2dd1-410b-8284-33819458bc88 | ITER: 30 START
2019-12-02 18:30:29.315 2306 WARNING rally_openstack.scenarios.neutron.utils [-] Running this scenario without either the 'network' or 'existing_network' context is deprecated
2019-12-02 18:30:29.332 2303 INFO rally.task.runner [-] Task c5b873dc-2dd1-410b-8284-33819458bc88 | ITER: 15 END: OK
2019-12-02 18:30:29.338 2303 INFO rally.task.runner [-] Task c5b873dc-2dd1-410b-8284-33819458bc88 | ITER: 31 START
2019-12-02 18:30:29.339 2303 WARNING rally_openstack.scenarios.neutron.utils [-] Running this scenario without either the 'network' or 'existing_network' context is deprecated
2019-12-02 18:30:30.566 2297 RALLYDEBUG rally_openstack.wrappers.network [-] CIDR generated: 1.1.5.28/30
2019-12-02 18:30:30.593 2294 RALLYDEBUG rally_openstack.wrappers.network [-] CIDR generated: 1.1.5.32/30
2019-12-02 18:30:30.871 2303 RALLYDEBUG rally_openstack.wrappers.network [-] CIDR generated: 1.1.5.36/30
2019-12-02 18:30:30.904 2306 RALLYDEBUG rally_openstack.wrappers.network [-] CIDR generated: 1.1.5.40/30
2019-12-02 18:30:31.170 2283 RALLYDEBUG rally_openstack.wrappers.network [-] CIDR generated: 1.1.5.44/30
2019-12-02 18:30:32.570 2276 RALLYDEBUG rally_openstack.wrappers.network [-] CIDR generated: 1.1.5.48/30
2019-12-02 18:30:32.701 2311 INFO rally.task.runner [-] Task c5b873dc-2dd1-410b-8284-33819458bc88 | ITER: 17 END: OK
2019-12-02 18:30:32.708 2311 INFO rally.task.runner [-] Task c5b873dc-2dd1-410b-8284-33819458bc88 | ITER: 32 START
2019-12-02 18:30:32.709 2311 WARNING rally_openstack.scenarios.neutron.utils [-] Running this scenario without either the 'network' or 'existing_network' context is deprecated
2019-12-02 18:30:33.359 2286 RALLYDEBUG rally_openstack.wrappers.network [-] CIDR generated: 1.1.5.52/30
2019-12-02 18:30:33.829 2270 RALLYDEBUG rally_openstack.wrappers.network [-] CIDR generated: 1.1.5.56/30
2019-12-02 18:30:33.834 2291 RALLYDEBUG rally_openstack.wrappers.network [-] CIDR generated: 1.1.5.60/30
2019-12-02 18:30:34.202 2272 RALLYDEBUG rally_openstack.wrappers.network [-] CIDR generated: 1.1.5.64/30
2019-12-02 18:30:34.854 2283 RALLYDEBUG rally_openstack.wrappers.network [-] CIDR generated: 1.1.5.68/30
2019-12-02 18:30:34.862 2306 RALLYDEBUG rally_openstack.wrappers.network [-] CIDR generated: 1.1.5.72/30
2019-12-02 18:30:35.614 2318 INFO rally.task.runner [-] Task c5b873dc-2dd1-410b-8284-33819458bc88 | ITER: 20 END: OK
2019-12-02 18:30:35.621 2318 INFO rally.task.runner [-] Task c5b873dc-2dd1-410b-8284-33819458bc88 | ITER: 33 START
2019-12-02 18:30:35.622 2318 WARNING rally_openstack.scenarios.neutron.utils [-] Running this scenario without either the 'network' or 'existing_network' context is deprecated
2019-12-02 18:30:35.801 2289 INFO rally.task.runner [-] Task c5b873dc-2dd1-410b-8284-33819458bc88 | ITER: 10 END: OK
2019-12-02 18:30:35.807 2289 INFO rally.task.runner [-] Task c5b873dc-2dd1-410b-8284-33819458bc88 | ITER: 34 START
2019-12-02 18:30:35.808 2289 WARNING rally_openstack.scenarios.neutron.utils [-] Running this scenario without either the 'network' or 'existing_network' context is deprecated
2019-12-02 18:30:36.170 2311 RALLYDEBUG rally_openstack.wrappers.network [-] CIDR generated: 1.1.5.76/30
2019-12-02 18:30:36.841 2276 RALLYDEBUG rally_openstack.wrappers.network [-] CIDR generated: 1.1.5.80/30
2019-12-02 18:30:36.981 2294 RALLYDEBUG rally_openstack.wrappers.network [-] CIDR generated: 1.1.5.84/30
2019-12-02 18:30:37.318 2300 INFO rally.task.runner [-] Task c5b873dc-2dd1-410b-8284-33819458bc88 | ITER: 14 END: OK
2019-12-02 18:30:37.327 2300 INFO rally.task.runner [-] Task c5b873dc-2dd1-410b-8284-33819458bc88 | ITER: 35 START
2019-12-02 18:30:37.328 2300 WARNING rally_openstack.scenarios.neutron.utils [-] Running this scenario without either the 'network' or 'existing_network' context is deprecated
2019-12-02 18:30:37.615 2303 RALLYDEBUG rally_openstack.wrappers.network [-] CIDR generated: 1.1.5.88/30
2019-12-02 18:30:38.070 2269 INFO rally.task.runner [-] Task c5b873dc-2dd1-410b-8284-33819458bc88 | ITER: 1 END: OK
2019-12-02 18:30:38.079 2269 INFO rally.task.runner [-] Task c5b873dc-2dd1-410b-8284-33819458bc88 | ITER: 36 START
2019-12-02 18:30:38.080 2269 WARNING rally_openstack.scenarios.neutron.utils [-] Running this scenario without either the 'network' or 'existing_network' context is deprecated
2019-12-02 18:30:38.081 2318 RALLYDEBUG rally_openstack.wrappers.network [-] CIDR generated: 1.1.5.92/30
2019-12-02 18:30:38.086 2289 RALLYDEBUG rally_openstack.wrappers.network [-] CIDR generated: 1.1.5.96/30
2019-12-02 18:30:38.626 2275 INFO rally.task.runner [-] Task c5b873dc-2dd1-410b-8284-33819458bc88 | ITER: 5 END: OK
2019-12-02 18:30:38.635 2275 INFO rally.task.runner [-] Task c5b873dc-2dd1-410b-8284-33819458bc88 | ITER: 37 START
2019-12-02 18:30:38.636 2275 WARNING rally_openstack.scenarios.neutron.utils [-] Running this scenario without either the 'network' or 'existing_network' context is deprecated
2019-12-02 18:30:39.669 2275 RALLYDEBUG rally_openstack.wrappers.network [-] CIDR generated: 1.1.5.100/30
2019-12-02 18:30:40.000 2289 RALLYDEBUG rally_openstack.wrappers.network [-] CIDR generated: 1.1.5.104/30
2019-12-02 18:30:40.060 2317 INFO rally.task.runner [-] Task c5b873dc-2dd1-410b-8284-33819458bc88 | ITER: 19 END: OK
2019-12-02 18:30:40.067 2317 INFO rally.task.runner [-] Task c5b873dc-2dd1-410b-8284-33819458bc88 | ITER: 38 START
2019-12-02 18:30:40.068 2317 WARNING rally_openstack.scenarios.neutron.utils [-] Running this scenario without either the 'network' or 'existing_network' context is deprecated
2019-12-02 18:30:40.135 2314 INFO rally.task.runner [-] Task c5b873dc-2dd1-410b-8284-33819458bc88 | ITER: 18 END: OK
2019-12-02 18:30:40.144 2314 INFO rally.task.runner [-] Task c5b873dc-2dd1-410b-8284-33819458bc88 | ITER: 39 START
2019-12-02 18:30:40.145 2314 WARNING rally_openstack.scenarios.neutron.utils [-] Running this scenario without either the 'network' or 'existing_network' context is deprecated
2019-12-02 18:30:41.370 2314 RALLYDEBUG rally_openstack.wrappers.network [-] CIDR generated: 1.1.5.108/30
2019-12-02 18:30:42.743 2300 RALLYDEBUG rally_openstack.wrappers.network [-] CIDR generated: 1.1.5.112/30
2019-12-02 18:30:43.198 2269 RALLYDEBUG rally_openstack.wrappers.network [-] CIDR generated: 1.1.5.116/30
2019-12-02 18:30:44.062 2271 INFO rally.task.runner [-] Task c5b873dc-2dd1-410b-8284-33819458bc88 | ITER: 3 END: OK
2019-12-02 18:30:44.070 2271 INFO rally.task.runner [-] Task c5b873dc-2dd1-410b-8284-33819458bc88 | ITER: 40 START
2019-12-02 18:30:44.072 2271 WARNING rally_openstack.scenarios.neutron.utils [-] Running this scenario without either the 'network' or 'existing_network' context is deprecated
2019-12-02 18:30:44.131 2311 RALLYDEBUG rally_openstack.wrappers.network [-] CIDR generated: 1.1.5.120/30
2019-12-02 18:30:44.686 2317 RALLYDEBUG rally_openstack.wrappers.network [-] CIDR generated: 1.1.5.124/30
2019-12-02 18:30:45.868 2300 RALLYDEBUG rally_openstack.wrappers.network [-] CIDR generated: 1.1.5.128/30
2019-12-02 18:30:45.959 2318 RALLYDEBUG rally_openstack.wrappers.network [-] CIDR generated: 1.1.5.132/30
2019-12-02 18:30:46.096 2271 RALLYDEBUG rally_openstack.wrappers.network [-] CIDR generated: 1.1.5.136/30
2019-12-02 18:30:46.850 2269 RALLYDEBUG rally_openstack.wrappers.network [-] CIDR generated: 1.1.5.140/30
2019-12-02 18:30:47.528 2275 RALLYDEBUG rally_openstack.wrappers.network [-] CIDR generated: 1.1.5.144/30
2019-12-02 18:30:47.973 2317 RALLYDEBUG rally_openstack.wrappers.network [-] CIDR generated: 1.1.5.148/30
2019-12-02 18:30:49.307 2314 RALLYDEBUG rally_openstack.wrappers.network [-] CIDR generated: 1.1.5.152/30
2019-12-02 18:30:49.999 2306 INFO rally.task.runner [-] Task c5b873dc-2dd1-410b-8284-33819458bc88 | ITER: 30 END: OK
2019-12-02 18:30:52.740 2279 INFO rally.task.runner [-] Task c5b873dc-2dd1-410b-8284-33819458bc88 | ITER: 23 END: OK
2019-12-02 18:30:53.996 2271 RALLYDEBUG rally_openstack.wrappers.network [-] CIDR generated: 1.1.5.156/30
2019-12-02 18:30:54.256 2276 INFO rally.task.runner [-] Task c5b873dc-2dd1-410b-8284-33819458bc88 | ITER: 28 END: OK
2019-12-02 18:30:58.878 2270 INFO rally.task.runner [-] Task c5b873dc-2dd1-410b-8284-33819458bc88 | ITER: 24 END: OK
2019-12-02 18:30:59.042 2286 INFO rally.task.runner [-] Task c5b873dc-2dd1-410b-8284-33819458bc88 | ITER: 22 END: OK
2019-12-02 18:31:00.212 2297 INFO rally.task.runner [-] Task c5b873dc-2dd1-410b-8284-33819458bc88 | ITER: 21 END: OK
2019-12-02 18:31:00.494 2294 INFO rally.task.runner [-] Task c5b873dc-2dd1-410b-8284-33819458bc88 | ITER: 29 END: OK
2019-12-02 18:31:00.536 2283 INFO rally.task.runner [-] Task c5b873dc-2dd1-410b-8284-33819458bc88 | ITER: 27 END: OK
2019-12-02 18:31:00.568 2318 INFO rally.task.runner [-] Task c5b873dc-2dd1-410b-8284-33819458bc88 | ITER: 33 END: OK
2019-12-02 18:31:00.630 2291 INFO rally.task.runner [-] Task c5b873dc-2dd1-410b-8284-33819458bc88 | ITER: 25 END: OK
2019-12-02 18:31:00.655 2303 INFO rally.task.runner [-] Task c5b873dc-2dd1-410b-8284-33819458bc88 | ITER: 31 END: OK
2019-12-02 18:31:01.434 2272 INFO rally.task.runner [-] Task c5b873dc-2dd1-410b-8284-33819458bc88 | ITER: 26 END: OK
2019-12-02 18:31:01.585 2314 INFO rally.task.runner [-] Task c5b873dc-2dd1-410b-8284-33819458bc88 | ITER: 39 END: OK
2019-12-02 18:31:02.054 2300 INFO rally.task.runner [-] Task c5b873dc-2dd1-410b-8284-33819458bc88 | ITER: 35 END: OK
2019-12-02 18:31:02.608 2311 INFO rally.task.runner [-] Task c5b873dc-2dd1-410b-8284-33819458bc88 | ITER: 32 END: OK
2019-12-02 18:31:03.082 2269 INFO rally.task.runner [-] Task c5b873dc-2dd1-410b-8284-33819458bc88 | ITER: 36 END: OK
2019-12-02 18:31:03.334 2275 INFO rally.task.runner [-] Task c5b873dc-2dd1-410b-8284-33819458bc88 | ITER: 37 END: OK
2019-12-02 18:31:03.535 2317 INFO rally.task.runner [-] Task c5b873dc-2dd1-410b-8284-33819458bc88 | ITER: 38 END: OK
2019-12-02 18:31:03.662 2271 INFO rally.task.runner [-] Task c5b873dc-2dd1-410b-8284-33819458bc88 | ITER: 40 END: OK
2019-12-02 18:31:03.999 2289 INFO rally.task.runner [-] Task c5b873dc-2dd1-410b-8284-33819458bc88 | ITER: 34 END: OK
2019-12-02 18:31:04.024 15 INFO rally.task.context [-] Task c5b873dc-2dd1-410b-8284-33819458bc88 | Context cleanup@openstack cleanup() started
2019-12-02 18:31:04.029 15 RALLYDEBUG rally_openstack.cleanup.manager [-] Cleaning up neutron vip objects
2019-12-02 18:31:04.338 15 RALLYDEBUG rally_openstack.cleanup.manager [-] Cleaning up neutron health_monitor objects
2019-12-02 18:31:04.549 15 RALLYDEBUG rally_openstack.cleanup.manager [-] Cleaning up neutron pool objects
2019-12-02 18:31:04.771 15 RALLYDEBUG rally_openstack.cleanup.manager [-] Cleaning up neutron loadbalancer objects
2019-12-02 18:31:04.987 15 RALLYDEBUG rally_openstack.cleanup.manager [-] Cleaning up neutron floatingip objects
2019-12-02 18:31:05.219 15 RALLYDEBUG rally_openstack.cleanup.manager [-] Cleaning up neutron trunk objects
2019-12-02 18:31:05.430 15 DEBUG neutronclient.v2_0.client [-] Error message: {"message": "The resource could not be found.

\n\n\n", "code": "404 Not Found", "title": "Not Found"} _handle_fault_response /usr/lib/python2.7/site-packages/neutronclient/v2_0/client.py:259
2019-12-02 18:31:05.439 15 RALLYDEBUG rally_openstack.cleanup.manager [-] Cleaning up neutron port objects
2019-12-02 18:31:05.935 15 RALLYDEBUG rally_openstack.cleanup.manager [-] Cleaning up neutron subnet objects
2019-12-02 18:31:06.202 15 RALLYDEBUG rally_openstack.cleanup.manager [-] Cleaning up neutron network objects
2019-12-02 18:31:06.953 15 RALLYDEBUG rally_openstack.cleanup.manager [-] Deleting neutron.network object s_rally_6106d015_mSm0JOhf (0e463057-f3e6-43ac-bfbd-8b48c391a48b)
2019-12-02 18:31:06.958 15 RALLYDEBUG rally_openstack.cleanup.manager [-] Deleting neutron.network object s_rally_6106d015_FcydB8BT (17baa54e-8c2f-4246-b978-46958bce88ca)
2019-12-02 18:31:06.969 15 RALLYDEBUG rally_openstack.cleanup.manager [-] Deleting neutron.network object s_rally_6106d015_jqoVx5Hj (1f69e54c-cda7-4a2d-b8c3-4c36bc0f06d0)
2019-12-02 18:31:06.980 15 RALLYDEBUG rally_openstack.cleanup.manager [-] Deleting neutron.network object s_rally_6106d015_mdaFQouj (21ebe90c-a4a4-437d-be12-2e239d0579cf)
2019-12-02 18:31:06.991 15 RALLYDEBUG rally_openstack.cleanup.manager [-] Deleting neutron.network object s_rally_6106d015_FXbIlkLc (2272dc63-bc27-45eb-b104-d15e2a1a1a14)
2019-12-02 18:31:06.998 15 RALLYDEBUG rally_openstack.cleanup.manager [-] Deleting neutron.network object s_rally_6106d015_MEJeuqhG (23480a21-19dc-43ce-a0e8-4f90158fd9cb)
2019-12-02 18:31:07.010 15 RALLYDEBUG rally_openstack.cleanup.manager [-] Deleting neutron.network object s_rally_6106d015_HCgk1MTH (238d7c0b-e34e-4476-84ac-af41dcd8df18)
2019-12-02 18:31:07.111 15 RALLYDEBUG rally_openstack.cleanup.manager [-] Deleting neutron.network object s_rally_6106d015_hr8lXhZK (2a1c4b75-2213-4d86-8582-469cc548a8dc)
2019-12-02 18:31:07.112 15 RALLYDEBUG rally_openstack.cleanup.manager [-] Deleting neutron.network object s_rally_6106d015_3c0DsFaM (3eadb481-3d31-499a-9d96-28d88552f824)
2019-12-02 18:31:07.116 15 RALLYDEBUG rally_openstack.cleanup.manager [-] Deleting neutron.network object s_rally_6106d015_dvtHQ1Lk (27f1f266-7e3f-4288-941e-c7ad0960eb27)
2019-12-02 18:31:07.115 15 RALLYDEBUG rally_openstack.cleanup.manager [-] Deleting neutron.network object s_rally_6106d015_QbaMWKIb (4c318a5d-355e-42a2-be8f-7a0c609ea768)
2019-12-02 18:31:07.117 15 RALLYDEBUG rally_openstack.cleanup.manager [-] Deleting neutron.network object s_rally_6106d015_NJpeIL19 (29cd74f8-4809-4596-b476-5dc98499f888)
2019-12-02 18:31:07.119 15 RALLYDEBUG rally_openstack.cleanup.manager [-] Deleting neutron.network object s_rally_6106d015_hpDIGBRY (48af9172-ec24-415f-9748-74b0b02dfbaf)
2019-12-02 18:31:07.136 15 RALLYDEBUG rally_openstack.cleanup.manager [-] Deleting neutron.network object s_rally_6106d015_Z4vWX5xT (35fa8af2-bc43-4c4f-a8d2-697a27c94691)
2019-12-02 18:31:07.145 15 RALLYDEBUG rally_openstack.cleanup.manager [-] Deleting neutron.network object s_rally_6106d015_foBkTGiS (32fd1b0c-b772-45ca-98e7-90c0836284d9)
2019-12-02 18:31:07.166 15 RALLYDEBUG rally_openstack.cleanup.manager [-] Deleting neutron.network object s_rally_6106d015_GQkcrdhI (50d48c33-d84d-423e-b132-12657925e9d6)
2019-12-02 18:31:07.172 15 RALLYDEBUG rally_openstack.cleanup.manager [-] Deleting neutron.network object s_rally_6106d015_AkclbK9o (6fc9ca51-e02e-4b51-b20f-017d272abca9)
2019-12-02 18:31:07.180 15 RALLYDEBUG rally_openstack.cleanup.manager [-] Deleting neutron.network object s_rally_6106d015_rncNz91p (4d66fb87-02f2-44fe-81d9-43fc9ed46fe6)
2019-12-02 18:31:07.204 15 RALLYDEBUG rally_openstack.cleanup.manager [-] Deleting neutron.network object s_rally_6106d015_7ci36NyI (5f7f9cbb-1235-40a6-9357-f0793fc8f190)
2019-12-02 18:31:07.216 15 RALLYDEBUG rally_openstack.cleanup.manager [-] Deleting neutron.network object s_rally_6106d015_ZJcDvzNC (7114475a-7177-4c50-b15c-8816a62ee147)
2019-12-02 18:31:09.753 15 RALLYDEBUG rally_openstack.cleanup.manager [-] Deleting neutron.network object s_rally_6106d015_aOdM869P (83fd7e95-4c00-4d03-9394-2448f843440b)
2019-12-02 18:31:11.565 15 RALLYDEBUG rally_openstack.cleanup.manager [-] Deleting neutron.network object s_rally_6106d015_PNRapQ9K (88cc74c8-907a-4603-84b7-b078c5316038)
2019-12-02 18:31:11.577 15 RALLYDEBUG rally_openstack.cleanup.manager [-] Deleting neutron.network object s_rally_6106d015_4gZQGRZS (8a18b0b3-22cc-46c4-a4d9-9b89965e2cb9)
2019-12-02 18:31:12.189 15 RALLYDEBUG rally_openstack.cleanup.manager [-] Deleting neutron.network object s_rally_6106d015_3iq2fuEy (984469d6-f2c1-457e-b7fb-dbe26817be00)
2019-12-02 18:31:12.402 15 RALLYDEBUG rally_openstack.cleanup.manager [-] Deleting neutron.network object s_rally_6106d015_rKMhu9ut (9879f0a1-8535-48f1-9938-885b264ef027)
2019-12-02 18:31:14.768 15 RALLYDEBUG rally_openstack.cleanup.manager [-] Deleting neutron.network object s_rally_6106d015_JNCl9ngH (9f1a11a2-534f-430a-88d4-f49bd18a5f1a)
2019-12-02 18:31:14.781 15 RALLYDEBUG rally_openstack.cleanup.manager [-] Deleting neutron.network object s_rally_6106d015_Xawb0Q2H (a10606a5-c951-4a5e-8178-56360f2cf3af)
2019-12-02 18:31:14.863 15 RALLYDEBUG rally_openstack.cleanup.manager [-] Deleting neutron.network object s_rally_6106d015_rOnvTO5b (c7286c53-8265-4fd7-a7b7-6842cd9e13fd)
2019-12-02 18:31:14.864 15 RALLYDEBUG rally_openstack.cleanup.manager [-] Deleting neutron.network object s_rally_6106d015_s2vGfzd6 (b245483d-1b79-4af4-bd93-5810bd06a744)
2019-12-02 18:31:15.264 15 RALLYDEBUG rally_openstack.cleanup.manager [-] Deleting neutron.network object s_rally_6106d015_ZfhvUBHM (cb928a87-c4d3-4ebe-a51e-7c4dc772494e)
2019-12-02 18:31:15.277 15 RALLYDEBUG rally_openstack.cleanup.manager [-] Deleting neutron.network object s_rally_6106d015_4ytljp3b (cd02a87f-2f1d-452c-b9bd-14a274ec377e)
2019-12-02 18:31:15.335 15 RALLYDEBUG rally_openstack.cleanup.manager [-] Deleting neutron.network object s_rally_6106d015_szZXINsB (cda0afdf-46e9-42e6-ad29-1423fd8e8699)
2019-12-02 18:31:15.611 15 RALLYDEBUG rally_openstack.cleanup.manager [-] Deleting neutron.network object s_rally_6106d015_0hZft6od (d2c8f332-e058-4863-b60b-7a0db406de9f)
2019-12-02 18:31:17.010 15 RALLYDEBUG rally_openstack.cleanup.manager [-] Deleting neutron.network object s_rally_6106d015_HfwGPMbk (defd8d72-5c58-4d59-9a46-b25e8eb4a757)
2019-12-02 18:31:17.045 15 RALLYDEBUG rally_openstack.cleanup.manager [-] Deleting neutron.network object s_rally_6106d015_oLk0scLp (e1afa4af-36dd-44e6-af43-115e4d5008d5)
2019-12-02 18:31:17.769 15 RALLYDEBUG rally_openstack.cleanup.manager [-] Deleting neutron.network object s_rally_6106d015_TEgbqC8K (e1dd54fc-254b-4bfb-a924-c7f31e5758df)
2019-12-02 18:31:18.991 15 RALLYDEBUG rally_openstack.cleanup.manager [-] Deleting neutron.network object s_rally_6106d015_WPY03Geg (e52567a9-602c-4825-bf38-0d97b066b0e4)
2019-12-02 18:31:20.345 15 RALLYDEBUG rally_openstack.cleanup.manager [-] Deleting neutron.network object s_rally_6106d015_b8xQIVT2 (e78f458f-c854-40d2-bb48-aa3d3458abd8)
2019-12-02 18:31:20.353 15 RALLYDEBUG rally_openstack.cleanup.manager [-] Deleting neutron.network object s_rally_6106d015_rWMc6kpF (f2965553-79be-4d5b-b249-1645ff8a3a9f)
2019-12-02 18:31:20.817 15 RALLYDEBUG rally_openstack.cleanup.manager [-] Deleting neutron.network object s_rally_6106d015_VEZpHIL1 (f83a4e55-540f-43f7-804f-11369a0321b2)
2019-12-02 18:31:30.056 15 RALLYDEBUG rally_openstack.cleanup.manager [-] Cleaning up neutron router objects
2019-12-02 18:31:30.569 15 RALLYDEBUG rally_openstack.cleanup.manager [-] Cleaning up neutron security_group objects
2019-12-02 18:31:30.852 15 INFO rally.task.context [-] Task c5b873dc-2dd1-410b-8284-33819458bc88 | Context cleanup@openstack cleanup() finished in 26.83 sec
2019-12-02 18:31:30.852 15 INFO rally.task.context [-] Task c5b873dc-2dd1-410b-8284-33819458bc88 | Context quotas@openstack cleanup() started
2019-12-02 18:31:30.906 15 INFO rally.task.context [-] Task c5b873dc-2dd1-410b-8284-33819458bc88 | Context quotas@openstack cleanup() finished in 53.76 msec
2019-12-02 18:31:30.907 15 INFO rally.task.context [-] Task c5b873dc-2dd1-410b-8284-33819458bc88 | Context users@openstack cleanup() started
2019-12-02 18:31:32.383 15 INFO rally.task.context [-] Task c5b873dc-2dd1-410b-8284-33819458bc88 | Context users@openstack cleanup() finished in 1.48 sec
2019-12-02 18:31:34.274 15 INFO rally.task.engine [-] Load duration is: 70.64798
2019-12-02 18:31:34.274 15 INFO rally.task.engine [-] Full runner duration is: 70.69628
2019-12-02 18:31:34.275 15 INFO rally.task.engine [-] Full duration is: 100.543909
2019-12-02 18:31:34.381 15 INFO rally.task.engine [-] Running workload: position = 0 config = { "version": 2, "title": "A cropped version of a bigger task.", "description": "Auto-generated task from a single workload (uuid=47fbfdfa-ee4b-4db6-8773-6ddde9473b46)", "subtasks": [ { "title": "NeutronNetworks.create_and_list_routers", "description": "Create and a given number of routers and list all routers.", "scenario": { "NeutronNetworks.create_and_list_routers": { "network_create_args": null, "subnet_create_args": null, "subnet_cidr_start": "1.1.0.0/30", "subnets_per_network": 2, "router_create_args": null } }, "contexts": { "users": { "tenants": 1, "users_per_tenant": 1 }, "quotas": { "neutron": { "network": -1, "subnet": -1, "router": -1 } } }, "runner": { "constant": { "times": 40, "concurrency": 20 } }, "hooks": [], "sla": { "failure_rate": { "max": 0 } } } ] }
2019-12-02 18:31:34.394 15 RALLYDEBUG rally_openstack.contexts.keystone.users [-] Creating 1 tenants using 20 threads
2019-12-02 18:31:34.739 15 RALLYDEBUG rally_openstack.contexts.keystone.users [-] Creating 1 users using 20 threads
2019-12-02 18:31:35.193 15 INFO rally.task.context [-] Task c5b873dc-2dd1-410b-8284-33819458bc88 | Context users@openstack setup() finished in 0.80 sec
2019-12-02 18:31:35.595 15 INFO rally.task.context [-] Task c5b873dc-2dd1-410b-8284-33819458bc88 | Context quotas@openstack setup() finished in 0.40 sec
2019-12-02 18:31:35.596 15 INFO rally.task.context [-] Task c5b873dc-2dd1-410b-8284-33819458bc88 | Context cleanup@openstack setup() finished in 0.04 msec
2019-12-02 18:31:35.606 15 RALLYDEBUG rally.task.runner [-] Starting the constant runner (task UUID: c5b873dc-2dd1-410b-8284-33819458bc88). timeout: 0 concurrency: 20 concurrency_per_worker: 1 times: 40 concurrency_overhead: 0 processes_to_start: 20 max_cpu_used: 88
2019-12-02 18:31:35.620 2671 RALLYDEBUG rally.task.runner [-] Starting a worker. concurrency: 1 args: {"network_create_args": null, "subnet_create_args": null, "subnet_cidr_start": "1.1.0.0/30", "subnets_per_network": 2, "router_create_args": null} times: 40 method_name: run timeout: 0 duration: None cls:
2019-12-02 18:31:35.623 2672 RALLYDEBUG rally.task.runner [-] Starting a worker. concurrency: 1 args: {"network_create_args": null, "subnet_create_args": null, "subnet_cidr_start": "1.1.0.0/30", "subnets_per_network": 2, "router_create_args": null} times: 40 method_name: run timeout: 0 duration: None cls:
2019-12-02 18:31:35.625 2673 RALLYDEBUG rally.task.runner [-] Starting a worker. concurrency: 1 args: {"network_create_args": null, "subnet_create_args": null, "subnet_cidr_start": "1.1.0.0/30", "subnets_per_network": 2, "router_create_args": null} times: 40 method_name: run timeout: 0 duration: None cls:
2019-12-02 18:31:35.627 2671 INFO rally.task.runner [-] Task c5b873dc-2dd1-410b-8284-33819458bc88 | ITER: 1 START
2019-12-02 18:31:35.628 2674 RALLYDEBUG rally.task.runner [-] Starting a worker. concurrency: 1 args: {"network_create_args": null, "subnet_create_args": null, "subnet_cidr_start": "1.1.0.0/30", "subnets_per_network": 2, "router_create_args": null} times: 40 method_name: run timeout: 0 duration: None cls:
2019-12-02 18:31:35.629 2672 INFO rally.task.runner [-] Task c5b873dc-2dd1-410b-8284-33819458bc88 | ITER: 2 START
2019-12-02 18:31:35.631 2675 RALLYDEBUG rally.task.runner [-] Starting a worker. concurrency: 1 args: {"network_create_args": null, "subnet_create_args": null, "subnet_cidr_start": "1.1.0.0/30", "subnets_per_network": 2, "router_create_args": null} times: 40 method_name: run timeout: 0 duration: None cls:
2019-12-02 18:31:35.632 2673 INFO rally.task.runner [-] Task c5b873dc-2dd1-410b-8284-33819458bc88 | ITER: 3 START
2019-12-02 18:31:35.634 2674 INFO rally.task.runner [-] Task c5b873dc-2dd1-410b-8284-33819458bc88 | ITER: 4 START
2019-12-02 18:31:35.634 2678 RALLYDEBUG rally.task.runner [-] Starting a worker. concurrency: 1 args: {"network_create_args": null, "subnet_create_args": null, "subnet_cidr_start": "1.1.0.0/30", "subnets_per_network": 2, "router_create_args": null} times: 40 method_name: run timeout: 0 duration: None cls:
2019-12-02 18:31:35.636 2681 RALLYDEBUG rally.task.runner [-] Starting a worker. concurrency: 1 args: {"network_create_args": null, "subnet_create_args": null, "subnet_cidr_start": "1.1.0.0/30", "subnets_per_network": 2, "router_create_args": null} times: 40 method_name: run timeout: 0 duration: None cls:
2019-12-02 18:31:35.637 2675 INFO rally.task.runner [-] Task c5b873dc-2dd1-410b-8284-33819458bc88 | ITER: 5 START
2019-12-02 18:31:35.640 2678 INFO rally.task.runner [-] Task c5b873dc-2dd1-410b-8284-33819458bc88 | ITER: 6 START
2019-12-02 18:31:35.640 2684 RALLYDEBUG rally.task.runner [-] Starting a worker. concurrency: 1 args: {"network_create_args": null, "subnet_create_args": null, "subnet_cidr_start": "1.1.0.0/30", "subnets_per_network": 2, "router_create_args": null} times: 40 method_name: run timeout: 0 duration: None cls:
2019-12-02 18:31:35.642 2681 INFO rally.task.runner [-] Task c5b873dc-2dd1-410b-8284-33819458bc88 | ITER: 7 START
2019-12-02 18:31:35.642 2687 RALLYDEBUG rally.task.runner [-] Starting a worker. concurrency: 1 args: {"network_create_args": null, "subnet_create_args": null, "subnet_cidr_start": "1.1.0.0/30", "subnets_per_network": 2, "router_create_args": null} times: 40 method_name: run timeout: 0 duration: None cls:
2019-12-02 18:31:35.644 2690 RALLYDEBUG rally.task.runner [-] Starting a worker. concurrency: 1 args: {"network_create_args": null, "subnet_create_args": null, "subnet_cidr_start": "1.1.0.0/30", "subnets_per_network": 2, "router_create_args": null} times: 40 method_name: run timeout: 0 duration: None cls:
2019-12-02 18:31:35.647 2684 INFO rally.task.runner [-] Task c5b873dc-2dd1-410b-8284-33819458bc88 | ITER: 8 START
2019-12-02 18:31:35.647 2693 RALLYDEBUG rally.task.runner [-] Starting a worker. concurrency: 1 args: {"network_create_args": null, "subnet_create_args": null, "subnet_cidr_start": "1.1.0.0/30", "subnets_per_network": 2, "router_create_args": null} times: 40 method_name: run timeout: 0 duration: None cls:
2019-12-02 18:31:35.648 2687 INFO rally.task.runner [-] Task c5b873dc-2dd1-410b-8284-33819458bc88 | ITER: 9 START
2019-12-02 18:31:35.650 2690 INFO rally.task.runner [-] Task c5b873dc-2dd1-410b-8284-33819458bc88 | ITER: 10 START
2019-12-02 18:31:35.650 2696 RALLYDEBUG rally.task.runner [-] Starting a worker. concurrency: 1 args: {"network_create_args": null, "subnet_create_args": null, "subnet_cidr_start": "1.1.0.0/30", "subnets_per_network": 2, "router_create_args": null} times: 40 method_name: run timeout: 0 duration: None cls:
2019-12-02 18:31:35.650 2697 RALLYDEBUG rally.task.runner [-] Starting a worker. concurrency: 1 args: {"network_create_args": null, "subnet_create_args": null, "subnet_cidr_start": "1.1.0.0/30", "subnets_per_network": 2, "router_create_args": null} times: 40 method_name: run timeout: 0 duration: None cls:
2019-12-02 18:31:35.653 2693 INFO rally.task.runner [-] Task c5b873dc-2dd1-410b-8284-33819458bc88 | ITER: 11 START
2019-12-02 18:31:35.655 2697 INFO rally.task.runner [-] Task c5b873dc-2dd1-410b-8284-33819458bc88 | ITER: 13 START
2019-12-02 18:31:35.655 2696 INFO rally.task.runner [-] Task c5b873dc-2dd1-410b-8284-33819458bc88 | ITER: 12 START
2019-12-02 18:31:35.655 2702 RALLYDEBUG rally.task.runner [-] Starting a worker. concurrency: 1 args: {"network_create_args": null, "subnet_create_args": null, "subnet_cidr_start": "1.1.0.0/30", "subnets_per_network": 2, "router_create_args": null} times: 40 method_name: run timeout: 0 duration: None cls:
2019-12-02 18:31:35.658 2708 RALLYDEBUG rally.task.runner [-] Starting a worker. concurrency: 1 args: {"network_create_args": null, "subnet_create_args": null, "subnet_cidr_start": "1.1.0.0/30", "subnets_per_network": 2, "router_create_args": null} times: 40 method_name: run timeout: 0 duration: None cls:
2019-12-02 18:31:35.657 2705 RALLYDEBUG rally.task.runner [-] Starting a worker. concurrency: 1 args: {"network_create_args": null, "subnet_create_args": null, "subnet_cidr_start": "1.1.0.0/30", "subnets_per_network": 2, "router_create_args": null} times: 40 method_name: run timeout: 0 duration: None cls:
